208.111.94.201 - - [24/Jun/2009:00:00:15 -0400] "GET /logs/access_log.Q109051900//includes/ktedit/toolbar.php?dirDepth=http://www.sameta.ru/docs/baner.txt?? HTTP/1.1" 404 253 "-" "Mozilla/5.0"
208.111.94.201 - - [24/Jun/2009:00:00:18 -0400] "GET /logs/access_log.Q109061200//includes/ktedit/toolbar.php?dirDepth=http://www.sameta.ru/docs/baner.txt?? HTTP/1.1" 404 253 "-" "Mozilla/5.0"
66.249.71.57 - - [24/Jun/2009:00:00:54 -0400] "GET /CGI-BIN/LANSAWEB?WEBEVENT+L019046430F4369008E80067+M37+ENG HTTP/1.1" 500 197 "-" "Mozilla/5.0 (compatible; Googlebot/2.1; +http://www.google.com/bot.html)"
209.59.12.99 - - [24/Jun/2009:00:02:07 -0400] "GET / HTTP/1.0" 200 409 "-" "check_http/1.81 (nagios-plugins 1.4)"
72.80.177.82 - - [24/Jun/2009:00:02:12 -0400] "GET /cgi-bin/lansaweb?procfun+wordpr01+webfunc+M37+funcparms+WEBKEY(A0100):PROMOS> HTTP/1.1" 200 76253 "-" "Mozilla/4.0 (compatible; MSIE 7.0; Windows NT 5.1; .NET CLR 1.1.4322)"
72.80.177.82 - - [24/Jun/2009:00:02:16 -0400] "GET /images/head_aceLogo.gif HTTP/1.1" 200 984 "http://www.aceonlinestore.com/cgi-bin/lansaweb?procfun+wordpr01+webfunc+M37+funcparms+WEBKEY(A0100):PROMOS>" "Mozilla/4.0 (compatible; MSIE 7.0; Windows NT 5.1; .NET CLR 1.1.4322)"
83.98.209.71 - - [24/Jun/2009:00:02:46 -0400] "GET /logs/access_log.Q109051200%20%20//skin/zero_vote/ask_password.php?dir=http://arsenal-music.ru/modules/mod_virtuemart_search/_a?? HTTP/1.1" 404 259 "-" "Mozilla/5.0"
83.98.209.71 - - [24/Jun/2009:00:02:46 -0400] "GET /logs/access_log.Q109060400%20%20//skin/zero_vote/ask_password.php?dir=http://arsenal-music.ru/modules/mod_virtuemart_search/_a?? HTTP/1.1" 404 259 "-" "Mozilla/5.0"
122.153.28.140 - - [24/Jun/2009:00:03:04 -0400] "GET /logs/access_log.Q109061200//ktmllite/includes/ktedit/toolbar.php?dirDepth=http://nashville.bbb.org///id1.txt? HTTP/1.1" 404 262 "-" "Mozilla/5.0"
122.153.28.140 - - [24/Jun/2009:00:03:06 -0400] "GET /logs/access_log.Q109061200//ktmllite/includes/ktedit/toolbar.php?dirDepth=http://nashville.bbb.org///id1.txt? HTTP/1.1" 404 262 "-" "Mozilla/5.0"
122.153.28.140 - - [24/Jun/2009:00:03:15 -0400] "GET /logs/access_log.Q109052900//ktmllite/includes/ktedit/toolbar.php?dirDepth=http://nashville.bbb.org///id1.txt? HTTP/1.1" 404 262 "-" "Mozilla/5.0"
122.153.28.140 - - [24/Jun/2009:00:03:17 -0400] "GET /logs/access_log.Q109052900//ktmllite/includes/ktedit/toolbar.php?dirDepth=http://nashville.bbb.org///id1.txt? HTTP/1.1" 404 262 "-" "Mozilla/5.0"
123.143.98.5 - - [24/Jun/2009:00:04:37 -0400] "GET /logs/access_log.Q109051500%20%20//skin/zero_vote/ask_password.php?dir=http://www.dwno.or.kr/bbs/outlogin_skin/default/id1.txt????? HTTP/1.1" 404 259 "-" "Mozilla/5.0"
123.143.98.5 - - [24/Jun/2009:00:04:42 -0400] "GET /logs/access_log.Q109060400%20%20//skin/zero_vote/ask_password.php?dir=http://www.dwno.or.kr/bbs/outlogin_skin/default/id1.txt????? HTTP/1.1" 404 259 "-" "Mozilla/5.0"
72.80.177.82 - - [24/Jun/2009:00:04:47 -0400] "GET /promo.htm HTTP/1.1" 301 314 "-" "Mozilla/4.0 (compatible; MSIE 7.0; Windows NT 5.1; .NET CLR 1.1.4322)"
72.80.177.82 - - [24/Jun/2009:00:04:47 -0400] "GET /cgi-bin/lansaweb?procfun+wordpr01+webfunc+M37+funcparms+WEBKEY(A0100):PROMOS HTTP/1.1" 200 45922 "-" "Mozilla/4.0 (compatible; MSIE 7.0; Windows NT 5.1; .NET CLR 1.1.4322)"
72.80.177.82 - - [24/Jun/2009:00:04:50 -0400] "GET /images/head_aceLogo.gif HTTP/1.1" 200 984 "http://www.aceonlinestore.com/cgi-bin/lansaweb?procfun+wordpr01+webfunc+M37+funcparms+WEBKEY(A0100):PROMOS" "Mozilla/4.0 (compatible; MSIE 7.0; Windows NT 5.1; .NET CLR 1.1.4322)"
72.80.177.82 - - [24/Jun/2009:00:04:50 -0400] "GET /images/head_btn-shop.gif HTTP/1.1" 200 1970 "http://www.aceonlinestore.com/cgi-bin/lansaweb?procfun+wordpr01+webfunc+M37+funcparms+WEBKEY(A0100):PROMOS" "Mozilla/4.0 (compatible; MSIE 7.0; Windows NT 5.1; .NET CLR 1.1.4322)"
72.80.177.82 - - [24/Jun/2009:00:04:50 -0400] "GET /images/head_btn-products.gif HTTP/1.1" 200 1531 "http://www.aceonlinestore.com/cgi-bin/lansaweb?procfun+wordpr01+webfunc+M37+funcparms+WEBKEY(A0100):PROMOS" "Mozilla/4.0 (compatible; MSIE 7.0; Windows NT 5.1; .NET CLR 1.1.4322)"
72.80.177.82 - - [24/Jun/2009:00:04:50 -0400] "GET /images/head_btn-catalogs.gif HTTP/1.1" 200 1729 "http://www.aceonlinestore.com/cgi-bin/lansaweb?procfun+wordpr01+webfunc+M37+funcparms+WEBKEY(A0100):PROMOS" "Mozilla/4.0 (compatible; MSIE 7.0; Windows NT 5.1; .NET CLR 1.1.4322)"
72.80.177.82 - - [24/Jun/2009:00:04:50 -0400] "GET /images/head_btn-brochures.gif HTTP/1.1" 200 1768 "http://www.aceonlinestore.com/cgi-bin/lansaweb?procfun+wordpr01+webfunc+M37+funcparms+WEBKEY(A0100):PROMOS" "Mozilla/4.0 (compatible; MSIE 7.0; Windows NT 5.1; .NET CLR 1.1.4322)"
72.80.177.82 - - [24/Jun/2009:00:04:50 -0400] "GET /images/head_btn-space1.gif HTTP/1.1" 200 5036 "http://www.aceonlinestore.com/cgi-bin/lansaweb?procfun+wordpr01+webfunc+M37+funcparms+WEBKEY(A0100):PROMOS" "Mozilla/4.0 (compatible; MSIE 7.0; Windows NT 5.1; .NET CLR 1.1.4322)"
72.80.177.82 - - [24/Jun/2009:00:04:50 -0400] "GET /images/head_surgical-supply.gif HTTP/1.1" 200 764 "http://www.aceonlinestore.com/cgi-bin/lansaweb?procfun+wordpr01+webfunc+M37+funcparms+WEBKEY(A0100):PROMOS" "Mozilla/4.0 (compatible; MSIE 7.0; Windows NT 5.1; .NET CLR 1.1.4322)"
72.80.177.82 - - [24/Jun/2009:00:04:51 -0400] "GET /images/head_btn-aboutUs.gif HTTP/1.1" 200 1459 "http://www.aceonlinestore.com/cgi-bin/lansaweb?procfun+wordpr01+webfunc+M37+funcparms+WEBKEY(A0100):PROMOS" "Mozilla/4.0 (compatible; MSIE 7.0; Windows NT 5.1; .NET CLR 1.1.4322)"
72.80.177.82 - - [24/Jun/2009:00:04:51 -0400] "GET /images/head_btn-tutorials.gif HTTP/1.1" 200 1160 "http://www.aceonlinestore.com/cgi-bin/lansaweb?procfun+wordpr01+webfunc+M37+funcparms+WEBKEY(A0100):PROMOS" "Mozilla/4.0 (compatible; MSIE 7.0; Windows NT 5.1; .NET CLR 1.1.4322)"
72.80.177.82 - - [24/Jun/2009:00:04:51 -0400] "GET /images/head_btn-seminars.gif HTTP/1.1" 200 1250 "http://www.aceonlinestore.com/cgi-bin/lansaweb?procfun+wordpr01+webfunc+M37+funcparms+WEBKEY(A0100):PROMOS" "Mozilla/4.0 (compatible; MSIE 7.0; Windows NT 5.1; .NET CLR 1.1.4322)"
72.80.177.82 - - [24/Jun/2009:00:04:51 -0400] "GET /images/head_btn-conventions.gif HTTP/1.1" 200 1367 "http://www.aceonlinestore.com/cgi-bin/lansaweb?procfun+wordpr01+webfunc+M37+funcparms+WEBKEY(A0100):PROMOS" "Mozilla/4.0 (compatible; MSIE 7.0; Windows NT 5.1; .NET CLR 1.1.4322)"
72.80.177.82 - - [24/Jun/2009:00:04:51 -0400] "GET /images/head_btn-contactUs.gif HTTP/1.1" 200 1235 "http://www.aceonlinestore.com/cgi-bin/lansaweb?procfun+wordpr01+webfunc+M37+funcparms+WEBKEY(A0100):PROMOS" "Mozilla/4.0 (compatible; MSIE 7.0; Windows NT 5.1; .NET CLR 1.1.4322)"
72.80.177.82 - - [24/Jun/2009:00:04:51 -0400] "GET /images/head_btn-spacer2.gif HTTP/1.1" 200 2237 "http://www.aceonlinestore.com/cgi-bin/lansaweb?procfun+wordpr01+webfunc+M37+funcparms+WEBKEY(A0100):PROMOS" "Mozilla/4.0 (compatible; MSIE 7.0; Windows NT 5.1; .NET CLR 1.1.4322)"
72.80.177.82 - - [24/Jun/2009:00:04:51 -0400] "GET /images/login_go.gif HTTP/1.1" 200 296 "http://www.aceonlinestore.com/cgi-bin/lansaweb?procfun+wordpr01+webfunc+M37+funcparms+WEBKEY(A0100):PROMOS" "Mozilla/4.0 (compatible; MSIE 7.0; Windows NT 5.1; .NET CLR 1.1.4322)"
72.80.177.82 - - [24/Jun/2009:00:04:51 -0400] "GET /images/psearch_go.gif HTTP/1.1" 200 296 "http://www.aceonlinestore.com/cgi-bin/lansaweb?procfun+wordpr01+webfunc+M37+funcparms+WEBKEY(A0100):PROMOS" "Mozilla/4.0 (compatible; MSIE 7.0; Windows NT 5.1; .NET CLR 1.1.4322)"
72.80.177.82 - - [24/Jun/2009:00:04:51 -0400] "GET /images/blend.jpg HTTP/1.1" 200 405 "http://www.aceonlinestore.com/cgi-bin/lansaweb?procfun+wordpr01+webfunc+M37+funcparms+WEBKEY(A0100):PROMOS" "Mozilla/4.0 (compatible; MSIE 7.0; Windows NT 5.1; .NET CLR 1.1.4322)"
72.80.177.82 - - [24/Jun/2009:00:04:51 -0400] "GET /images/items/5096000_THUMB.JPG HTTP/1.1" 200 2069 "http://www.aceonlinestore.com/cgi-bin/lansaweb?procfun+wordpr01+webfunc+M37+funcparms+WEBKEY(A0100):PROMOS" "Mozilla/4.0 (compatible; MSIE 7.0; Windows NT 5.1; .NET CLR 1.1.4322)"
72.80.177.82 - - [24/Jun/2009:00:04:51 -0400] "GET /favicon.ico HTTP/1.1" 404 209 "-" "Mozilla/4.0 (compatible; MSIE 7.0; Windows NT 5.1; .NET CLR 1.1.4322)"
72.80.177.82 - - [24/Jun/2009:00:04:51 -0400] "GET /images/head_aceLogo-over.gif HTTP/1.1" 200 1296 "http://www.aceonlinestore.com/cgi-bin/lansaweb?procfun+wordpr01+webfunc+M37+funcparms+WEBKEY(A0100):PROMOS" "Mozilla/4.0 (compatible; MSIE 7.0; Windows NT 5.1; .NET CLR 1.1.4322)"
72.80.177.82 - - [24/Jun/2009:00:04:51 -0400] "GET /images/head_btn-shop-over.gif HTTP/1.1" 200 1473 "http://www.aceonlinestore.com/cgi-bin/lansaweb?procfun+wordpr01+webfunc+M37+funcparms+WEBKEY(A0100):PROMOS" "Mozilla/4.0 (compatible; MSIE 7.0; Windows NT 5.1; .NET CLR 1.1.4322)"
72.80.177.82 - - [24/Jun/2009:00:04:51 -0400] "GET /images/head_btn-products-over.gif HTTP/1.1" 200 1396 "http://www.aceonlinestore.com/cgi-bin/lansaweb?procfun+wordpr01+webfunc+M37+funcparms+WEBKEY(A0100):PROMOS" "Mozilla/4.0 (compatible; MSIE 7.0; Windows NT 5.1; .NET CLR 1.1.4322)"
72.80.177.82 - - [24/Jun/2009:00:04:51 -0400] "GET /images/head_btn-catalog-over.gif HTTP/1.1" 200 1354 "http://www.aceonlinestore.com/cgi-bin/lansaweb?procfun+wordpr01+webfunc+M37+funcparms+WEBKEY(A0100):PROMOS" "Mozilla/4.0 (compatible; MSIE 7.0; Windows NT 5.1; .NET CLR 1.1.4322)"
72.80.177.82 - - [24/Jun/2009:00:04:51 -0400] "GET /images/head_btn-brochures-over.gif HTTP/1.1" 200 1392 "http://www.aceonlinestore.com/cgi-bin/lansaweb?procfun+wordpr01+webfunc+M37+funcparms+WEBKEY(A0100):PROMOS" "Mozilla/4.0 (compatible; MSIE 7.0; Windows NT 5.1; .NET CLR 1.1.4322)"
72.80.177.82 - - [24/Jun/2009:00:04:51 -0400] "GET /images/head_btn-aboutUs-over.gif HTTP/1.1" 200 1156 "http://www.aceonlinestore.com/cgi-bin/lansaweb?procfun+wordpr01+webfunc+M37+funcparms+WEBKEY(A0100):PROMOS" "Mozilla/4.0 (compatible; MSIE 7.0; Windows NT 5.1; .NET CLR 1.1.4322)"
72.80.177.82 - - [24/Jun/2009:00:04:51 -0400] "GET /images/head_btn-tutorials-over.gif HTTP/1.1" 200 1097 "http://www.aceonlinestore.com/cgi-bin/lansaweb?procfun+wordpr01+webfunc+M37+funcparms+WEBKEY(A0100):PROMOS" "Mozilla/4.0 (compatible; MSIE 7.0; Windows NT 5.1; .NET CLR 1.1.4322)"
72.80.177.82 - - [24/Jun/2009:00:04:51 -0400] "GET /images/head_btn-seminars-over.gif HTTP/1.1" 200 1089 "http://www.aceonlinestore.com/cgi-bin/lansaweb?procfun+wordpr01+webfunc+M37+funcparms+WEBKEY(A0100):PROMOS" "Mozilla/4.0 (compatible; MSIE 7.0; Windows NT 5.1; .NET CLR 1.1.4322)"
72.80.177.82 - - [24/Jun/2009:00:04:51 -0400] "GET /images/head_btn-conventions-over.gif HTTP/1.1" 200 1195 "http://www.aceonlinestore.com/cgi-bin/lansaweb?procfun+wordpr01+webfunc+M37+funcparms+WEBKEY(A0100):PROMOS" "Mozilla/4.0 (compatible; MSIE 7.0; Windows NT 5.1; .NET CLR 1.1.4322)"
72.80.177.82 - - [24/Jun/2009:00:04:51 -0400] "GET /images/head_btn-contactUs-over.gif HTTP/1.1" 200 1110 "http://www.aceonlinestore.com/cgi-bin/lansaweb?procfun+wordpr01+webfunc+M37+funcparms+WEBKEY(A0100):PROMOS" "Mozilla/4.0 (compatible; MSIE 7.0; Windows NT 5.1; .NET CLR 1.1.4322)"
216.139.67.116 - - [24/Jun/2009:00:05:37 -0400] "GET /logs/access_log.Q109051500%20%20//skin/zero_vote/ask_password.php?dir=http://www.lazar.ru/manager/actions/_a?? HTTP/1.1" 404 259 "-" "Mozilla/5.0"
216.139.67.116 - - [24/Jun/2009:00:05:42 -0400] "GET /logs/access_log.Q109060400%20%20//skin/zero_vote/ask_password.php?dir=http://www.lazar.ru/manager/actions/_a?? HTTP/1.1" 404 259 "-" "Mozilla/5.0"
124.0.139.129 - - [24/Jun/2009:00:06:37 -0400] "GET /logs/access_log.Q109061100///administrator/components/com_virtuemart/export.php?mosConfig_absolute_path=http://luchesk.com.ua///administrator/components/com_virtuemart/id1.txt? HTTP/1.1" 404 277 "-" "Mozilla/5.0"
124.0.139.129 - - [24/Jun/2009:00:06:37 -0400] "GET /logs///administrator/components/com_virtuemart/export.php?mosConfig_absolute_path=http://luchesk.com.ua///administrator/components/com_virtuemart/id1.txt? HTTP/1.1" 404 255 "-" "Mozilla/5.0"
72.80.177.82 - - [24/Jun/2009:00:06:38 -0400] "GET /cgi-bin/lansaweb?procfun+wordpr01+webfunc+M37+funcparms+WEBKEY(A0100):PROMOS> HTTP/1.1" 200 76253 "-" "Mozilla/4.0 (compatible; MSIE 7.0; Windows NT 5.1; .NET CLR 1.1.4322)"
124.0.139.129 - - [24/Jun/2009:00:06:41 -0400] "GET ///administrator/components/com_virtuemart/export.php?mosConfig_absolute_path=http://luchesk.com.ua///administrator/components/com_virtuemart/id1.txt? HTTP/1.1" 404 250 "-" "Mozilla/5.0"
124.0.139.129 - - [24/Jun/2009:00:07:00 -0400] "GET /logs/access_log.Q109060600///administrator/components/com_virtuemart/export.php?mosConfig_absolute_path=http://luchesk.com.ua///administrator/components/com_virtuemart/id1.txt? HTTP/1.1" 404 277 "-" "Mozilla/5.0"
209.59.12.99 - - [24/Jun/2009:00:07:17 -0400] "GET / HTTP/1.0" 200 409 "-" "check_http/1.81 (nagios-plugins 1.4)"
72.80.177.82 - - [24/Jun/2009:00:07:59 -0400] "GET /cgi-bin/lansaweb?procfun+wordpr01+stopprm+M37+funcparms+WEBCMP(S0020):&1+WKEMAIL(L HTTP/1.1" 200 35731 "-" "Mozilla/4.0 (compatible; MSIE 7.0; Windows NT 5.1; .NET CLR 1.1.4322)"
72.80.177.82 - - [24/Jun/2009:00:08:04 -0400] "GET /images/head_btn-shop.gif HTTP/1.1" 304 - "http://www.aceonlinestore.com/cgi-bin/lansaweb?procfun+wordpr01+stopprm+M37+funcparms+WEBCMP(S0020):&1+WKEMAIL(L" "Mozilla/4.0 (compatible; MSIE 7.0; Windows NT 5.1; .NET CLR 1.1.4322)"
72.80.177.82 - - [24/Jun/2009:00:08:04 -0400] "GET /images/head_aceLogo.gif HTTP/1.1" 304 - "http://www.aceonlinestore.com/cgi-bin/lansaweb?procfun+wordpr01+stopprm+M37+funcparms+WEBCMP(S0020):&1+WKEMAIL(L" "Mozilla/4.0 (compatible; MSIE 7.0; Windows NT 5.1; .NET CLR 1.1.4322)"
72.80.177.82 - - [24/Jun/2009:00:08:04 -0400] "GET /images/head_btn-products.gif HTTP/1.1" 304 - "http://www.aceonlinestore.com/cgi-bin/lansaweb?procfun+wordpr01+stopprm+M37+funcparms+WEBCMP(S0020):&1+WKEMAIL(L" "Mozilla/4.0 (compatible; MSIE 7.0; Windows NT 5.1; .NET CLR 1.1.4322)"
72.80.177.82 - - [24/Jun/2009:00:08:04 -0400] "GET /images/head_btn-catalogs.gif HTTP/1.1" 304 - "http://www.aceonlinestore.com/cgi-bin/lansaweb?procfun+wordpr01+stopprm+M37+funcparms+WEBCMP(S0020):&1+WKEMAIL(L" "Mozilla/4.0 (compatible; MSIE 7.0; Windows NT 5.1; .NET CLR 1.1.4322)"
72.80.177.82 - - [24/Jun/2009:00:08:04 -0400] "GET /images/head_btn-brochures.gif HTTP/1.1" 304 - "http://www.aceonlinestore.com/cgi-bin/lansaweb?procfun+wordpr01+stopprm+M37+funcparms+WEBCMP(S0020):&1+WKEMAIL(L" "Mozilla/4.0 (compatible; MSIE 7.0; Windows NT 5.1; .NET CLR 1.1.4322)"
72.80.177.82 - - [24/Jun/2009:00:08:04 -0400] "GET /images/head_btn-space1.gif HTTP/1.1" 304 - "http://www.aceonlinestore.com/cgi-bin/lansaweb?procfun+wordpr01+stopprm+M37+funcparms+WEBCMP(S0020):&1+WKEMAIL(L" "Mozilla/4.0 (compatible; MSIE 7.0; Windows NT 5.1; .NET CLR 1.1.4322)"
72.80.177.82 - - [24/Jun/2009:00:08:04 -0400] "GET /images/head_surgical-supply.gif HTTP/1.1" 304 - "http://www.aceonlinestore.com/cgi-bin/lansaweb?procfun+wordpr01+stopprm+M37+funcparms+WEBCMP(S0020):&1+WKEMAIL(L" "Mozilla/4.0 (compatible; MSIE 7.0; Windows NT 5.1; .NET CLR 1.1.4322)"
72.80.177.82 - - [24/Jun/2009:00:08:04 -0400] "GET /images/head_btn-aboutUs.gif HTTP/1.1" 304 - "http://www.aceonlinestore.com/cgi-bin/lansaweb?procfun+wordpr01+stopprm+M37+funcparms+WEBCMP(S0020):&1+WKEMAIL(L" "Mozilla/4.0 (compatible; MSIE 7.0; Windows NT 5.1; .NET CLR 1.1.4322)"
72.80.177.82 - - [24/Jun/2009:00:08:04 -0400] "GET /images/head_btn-tutorials.gif HTTP/1.1" 304 - "http://www.aceonlinestore.com/cgi-bin/lansaweb?procfun+wordpr01+stopprm+M37+funcparms+WEBCMP(S0020):&1+WKEMAIL(L" "Mozilla/4.0 (compatible; MSIE 7.0; Windows NT 5.1; .NET CLR 1.1.4322)"
72.80.177.82 - - [24/Jun/2009:00:08:04 -0400] "GET /images/head_btn-seminars.gif HTTP/1.1" 304 - "http://www.aceonlinestore.com/cgi-bin/lansaweb?procfun+wordpr01+stopprm+M37+funcparms+WEBCMP(S0020):&1+WKEMAIL(L" "Mozilla/4.0 (compatible; MSIE 7.0; Windows NT 5.1; .NET CLR 1.1.4322)"
72.80.177.82 - - [24/Jun/2009:00:08:04 -0400] "GET /images/head_btn-conventions.gif HTTP/1.1" 304 - "http://www.aceonlinestore.com/cgi-bin/lansaweb?procfun+wordpr01+stopprm+M37+funcparms+WEBCMP(S0020):&1+WKEMAIL(L" "Mozilla/4.0 (compatible; MSIE 7.0; Windows NT 5.1; .NET CLR 1.1.4322)"
72.80.177.82 - - [24/Jun/2009:00:08:04 -0400] "GET /images/head_btn-contactUs.gif HTTP/1.1" 304 - "http://www.aceonlinestore.com/cgi-bin/lansaweb?procfun+wordpr01+stopprm+M37+funcparms+WEBCMP(S0020):&1+WKEMAIL(L" "Mozilla/4.0 (compatible; MSIE 7.0; Windows NT 5.1; .NET CLR 1.1.4322)"
72.80.177.82 - - [24/Jun/2009:00:08:04 -0400] "GET /images/head_btn-spacer2.gif HTTP/1.1" 304 - "http://www.aceonlinestore.com/cgi-bin/lansaweb?procfun+wordpr01+stopprm+M37+funcparms+WEBCMP(S0020):&1+WKEMAIL(L" "Mozilla/4.0 (compatible; MSIE 7.0; Windows NT 5.1; .NET CLR 1.1.4322)"
72.80.177.82 - - [24/Jun/2009:00:08:04 -0400] "GET /images/login_go.gif HTTP/1.1" 304 - "http://www.aceonlinestore.com/cgi-bin/lansaweb?procfun+wordpr01+stopprm+M37+funcparms+WEBCMP(S0020):&1+WKEMAIL(L" "Mozilla/4.0 (compatible; MSIE 7.0; Windows NT 5.1; .NET CLR 1.1.4322)"
72.80.177.82 - - [24/Jun/2009:00:08:04 -0400] "GET /images/blend.jpg HTTP/1.1" 304 - "http://www.aceonlinestore.com/cgi-bin/lansaweb?procfun+wordpr01+stopprm+M37+funcparms+WEBCMP(S0020):&1+WKEMAIL(L" "Mozilla/4.0 (compatible; MSIE 7.0; Windows NT 5.1; .NET CLR 1.1.4322)"
72.80.177.82 - - [24/Jun/2009:00:08:04 -0400] "GET /images/head_btn-shop-over.gif HTTP/1.1" 304 - "http://www.aceonlinestore.com/cgi-bin/lansaweb?procfun+wordpr01+stopprm+M37+funcparms+WEBCMP(S0020):&1+WKEMAIL(L" "Mozilla/4.0 (compatible; MSIE 7.0; Windows NT 5.1; .NET CLR 1.1.4322)"
72.80.177.82 - - [24/Jun/2009:00:08:04 -0400] "GET /images/head_aceLogo-over.gif HTTP/1.1" 304 - "http://www.aceonlinestore.com/cgi-bin/lansaweb?procfun+wordpr01+stopprm+M37+funcparms+WEBCMP(S0020):&1+WKEMAIL(L" "Mozilla/4.0 (compatible; MSIE 7.0; Windows NT 5.1; .NET CLR 1.1.4322)"
72.80.177.82 - - [24/Jun/2009:00:08:04 -0400] "GET /images/head_btn-products-over.gif HTTP/1.1" 304 - "http://www.aceonlinestore.com/cgi-bin/lansaweb?procfun+wordpr01+stopprm+M37+funcparms+WEBCMP(S0020):&1+WKEMAIL(L" "Mozilla/4.0 (compatible; MSIE 7.0; Windows NT 5.1; .NET CLR 1.1.4322)"
72.80.177.82 - - [24/Jun/2009:00:08:04 -0400] "GET /images/head_btn-catalog-over.gif HTTP/1.1" 304 - "http://www.aceonlinestore.com/cgi-bin/lansaweb?procfun+wordpr01+stopprm+M37+funcparms+WEBCMP(S0020):&1+WKEMAIL(L" "Mozilla/4.0 (compatible; MSIE 7.0; Windows NT 5.1; .NET CLR 1.1.4322)"
72.80.177.82 - - [24/Jun/2009:00:08:04 -0400] "GET /images/head_btn-brochures-over.gif HTTP/1.1" 304 - "http://www.aceonlinestore.com/cgi-bin/lansaweb?procfun+wordpr01+stopprm+M37+funcparms+WEBCMP(S0020):&1+WKEMAIL(L" "Mozilla/4.0 (compatible; MSIE 7.0; Windows NT 5.1; .NET CLR 1.1.4322)"
72.80.177.82 - - [24/Jun/2009:00:08:04 -0400] "GET /images/head_btn-aboutUs-over.gif HTTP/1.1" 304 - "http://www.aceonlinestore.com/cgi-bin/lansaweb?procfun+wordpr01+stopprm+M37+funcparms+WEBCMP(S0020):&1+WKEMAIL(L" "Mozilla/4.0 (compatible; MSIE 7.0; Windows NT 5.1; .NET CLR 1.1.4322)"
72.80.177.82 - - [24/Jun/2009:00:08:04 -0400] "GET /images/head_btn-tutorials-over.gif HTTP/1.1" 304 - "http://www.aceonlinestore.com/cgi-bin/lansaweb?procfun+wordpr01+stopprm+M37+funcparms+WEBCMP(S0020):&1+WKEMAIL(L" "Mozilla/4.0 (compatible; MSIE 7.0; Windows NT 5.1; .NET CLR 1.1.4322)"
72.80.177.82 - - [24/Jun/2009:00:08:04 -0400] "GET /images/head_btn-seminars-over.gif HTTP/1.1" 304 - "http://www.aceonlinestore.com/cgi-bin/lansaweb?procfun+wordpr01+stopprm+M37+funcparms+WEBCMP(S0020):&1+WKEMAIL(L" "Mozilla/4.0 (compatible; MSIE 7.0; Windows NT 5.1; .NET CLR 1.1.4322)"
72.80.177.82 - - [24/Jun/2009:00:08:04 -0400] "GET /images/head_btn-conventions-over.gif HTTP/1.1" 304 - "http://www.aceonlinestore.com/cgi-bin/lansaweb?procfun+wordpr01+stopprm+M37+funcparms+WEBCMP(S0020):&1+WKEMAIL(L" "Mozilla/4.0 (compatible; MSIE 7.0; Windows NT 5.1; .NET CLR 1.1.4322)"
72.80.177.82 - - [24/Jun/2009:00:08:04 -0400] "GET /images/head_btn-contactUs-over.gif HTTP/1.1" 304 - "http://www.aceonlinestore.com/cgi-bin/lansaweb?procfun+wordpr01+stopprm+M37+funcparms+WEBCMP(S0020):&1+WKEMAIL(L" "Mozilla/4.0 (compatible; MSIE 7.0; Windows NT 5.1; .NET CLR 1.1.4322)"
125.18.8.178 - - [24/Jun/2009:00:09:27 -0400] "GET /cgi-bin/lansaweb?procfun+wordpr01+webfunc+M37+funcparms+WEBKEY(A0100):QSEARCH+IRADIO(A0010):S+QSRKEY(A0300):0916117 HTTP/1.1" 200 45272 "-" "Mozilla/4.0 (compatible; MSIE 6.0; Windows NT 5.1; SV1; .NET CLR 1.1.4322; .NET CLR 2.0.50727)"
125.18.8.178 - - [24/Jun/2009:00:09:29 -0400] "GET /images/head_aceLogo.gif HTTP/1.1" 200 984 "http://www.aceonlinestore.com/cgi-bin/lansaweb?procfun+wordpr01+webfunc+M37+funcparms+WEBKEY(A0100):QSEARCH+IRADIO(A0010):S+QSRKEY(A0300):0916117" "Mozilla/4.0 (compatible; MSIE 6.0; Windows NT 5.1; SV1; .NET CLR 1.1.4322; .NET CLR 2.0.50727)"
125.18.8.178 - - [24/Jun/2009:00:09:29 -0400] "GET /images/head_btn-shop.gif HTTP/1.1" 200 1970 "http://www.aceonlinestore.com/cgi-bin/lansaweb?procfun+wordpr01+webfunc+M37+funcparms+WEBKEY(A0100):QSEARCH+IRADIO(A0010):S+QSRKEY(A0300):0916117" "Mozilla/4.0 (compatible; MSIE 6.0; Windows NT 5.1; SV1; .NET CLR 1.1.4322; .NET CLR 2.0.50727)"
125.18.8.178 - - [24/Jun/2009:00:09:30 -0400] "GET /images/head_btn-products.gif HTTP/1.1" 200 1531 "http://www.aceonlinestore.com/cgi-bin/lansaweb?procfun+wordpr01+webfunc+M37+funcparms+WEBKEY(A0100):QSEARCH+IRADIO(A0010):S+QSRKEY(A0300):0916117" "Mozilla/4.0 (compatible; MSIE 6.0; Windows NT 5.1; SV1; .NET CLR 1.1.4322; .NET CLR 2.0.50727)"
125.18.8.178 - - [24/Jun/2009:00:09:30 -0400] "GET /images/head_btn-catalogs.gif HTTP/1.1" 200 1729 "http://www.aceonlinestore.com/cgi-bin/lansaweb?procfun+wordpr01+webfunc+M37+funcparms+WEBKEY(A0100):QSEARCH+IRADIO(A0010):S+QSRKEY(A0300):0916117" "Mozilla/4.0 (compatible; MSIE 6.0; Windows NT 5.1; SV1; .NET CLR 1.1.4322; .NET CLR 2.0.50727)"
125.18.8.178 - - [24/Jun/2009:00:09:30 -0400] "GET /images/head_btn-brochures.gif HTTP/1.1" 200 1768 "http://www.aceonlinestore.com/cgi-bin/lansaweb?procfun+wordpr01+webfunc+M37+funcparms+WEBKEY(A0100):QSEARCH+IRADIO(A0010):S+QSRKEY(A0300):0916117" "Mozilla/4.0 (compatible; MSIE 6.0; Windows NT 5.1; SV1; .NET CLR 1.1.4322; .NET CLR 2.0.50727)"
125.18.8.178 - - [24/Jun/2009:00:09:31 -0400] "GET /images/head_btn-space1.gif HTTP/1.1" 200 5036 "http://www.aceonlinestore.com/cgi-bin/lansaweb?procfun+wordpr01+webfunc+M37+funcparms+WEBKEY(A0100):QSEARCH+IRADIO(A0010):S+QSRKEY(A0300):0916117" "Mozilla/4.0 (compatible; MSIE 6.0; Windows NT 5.1; SV1; .NET CLR 1.1.4322; .NET CLR 2.0.50727)"
125.18.8.178 - - [24/Jun/2009:00:09:31 -0400] "GET /images/head_surgical-supply.gif HTTP/1.1" 200 764 "http://www.aceonlinestore.com/cgi-bin/lansaweb?procfun+wordpr01+webfunc+M37+funcparms+WEBKEY(A0100):QSEARCH+IRADIO(A0010):S+QSRKEY(A0300):0916117" "Mozilla/4.0 (compatible; MSIE 6.0; Windows NT 5.1; SV1; .NET CLR 1.1.4322; .NET CLR 2.0.50727)"
125.18.8.178 - - [24/Jun/2009:00:09:31 -0400] "GET /images/head_btn-aboutUs.gif HTTP/1.1" 200 1459 "http://www.aceonlinestore.com/cgi-bin/lansaweb?procfun+wordpr01+webfunc+M37+funcparms+WEBKEY(A0100):QSEARCH+IRADIO(A0010):S+QSRKEY(A0300):0916117" "Mozilla/4.0 (compatible; MSIE 6.0; Windows NT 5.1; SV1; .NET CLR 1.1.4322; .NET CLR 2.0.50727)"
125.18.8.178 - - [24/Jun/2009:00:09:32 -0400] "GET /images/head_btn-tutorials.gif HTTP/1.1" 200 1160 "http://www.aceonlinestore.com/cgi-bin/lansaweb?procfun+wordpr01+webfunc+M37+funcparms+WEBKEY(A0100):QSEARCH+IRADIO(A0010):S+QSRKEY(A0300):0916117" "Mozilla/4.0 (compatible; MSIE 6.0; Windows NT 5.1; SV1; .NET CLR 1.1.4322; .NET CLR 2.0.50727)"
125.18.8.178 - - [24/Jun/2009:00:09:32 -0400] "GET /images/head_btn-seminars.gif HTTP/1.1" 200 1250 "http://www.aceonlinestore.com/cgi-bin/lansaweb?procfun+wordpr01+webfunc+M37+funcparms+WEBKEY(A0100):QSEARCH+IRADIO(A0010):S+QSRKEY(A0300):0916117" "Mozilla/4.0 (compatible; MSIE 6.0; Windows NT 5.1; SV1; .NET CLR 1.1.4322; .NET CLR 2.0.50727)"
125.18.8.178 - - [24/Jun/2009:00:09:32 -0400] "GET /images/head_btn-conventions.gif HTTP/1.1" 200 1367 "http://www.aceonlinestore.com/cgi-bin/lansaweb?procfun+wordpr01+webfunc+M37+funcparms+WEBKEY(A0100):QSEARCH+IRADIO(A0010):S+QSRKEY(A0300):0916117" "Mozilla/4.0 (compatible; MSIE 6.0; Windows NT 5.1; SV1; .NET CLR 1.1.4322; .NET CLR 2.0.50727)"
125.18.8.178 - - [24/Jun/2009:00:09:33 -0400] "GET /images/head_btn-contactUs.gif HTTP/1.1" 200 1235 "http://www.aceonlinestore.com/cgi-bin/lansaweb?procfun+wordpr01+webfunc+M37+funcparms+WEBKEY(A0100):QSEARCH+IRADIO(A0010):S+QSRKEY(A0300):0916117" "Mozilla/4.0 (compatible; MSIE 6.0; Windows NT 5.1; SV1; .NET CLR 1.1.4322; .NET CLR 2.0.50727)"
125.18.8.178 - - [24/Jun/2009:00:09:33 -0400] "GET /images/head_btn-spacer2.gif HTTP/1.1" 200 2237 "http://www.aceonlinestore.com/cgi-bin/lansaweb?procfun+wordpr01+webfunc+M37+funcparms+WEBKEY(A0100):QSEARCH+IRADIO(A0010):S+QSRKEY(A0300):0916117" "Mozilla/4.0 (compatible; MSIE 6.0; Windows NT 5.1; SV1; .NET CLR 1.1.4322; .NET CLR 2.0.50727)"
125.18.8.178 - - [24/Jun/2009:00:09:33 -0400] "GET /images/login_go.gif HTTP/1.1" 200 296 "http://www.aceonlinestore.com/cgi-bin/lansaweb?procfun+wordpr01+webfunc+M37+funcparms+WEBKEY(A0100):QSEARCH+IRADIO(A0010):S+QSRKEY(A0300):0916117" "Mozilla/4.0 (compatible; MSIE 6.0; Windows NT 5.1; SV1; .NET CLR 1.1.4322; .NET CLR 2.0.50727)"
125.18.8.178 - - [24/Jun/2009:00:09:34 -0400] "GET /images/psearch_go.gif HTTP/1.1" 200 296 "http://www.aceonlinestore.com/cgi-bin/lansaweb?procfun+wordpr01+webfunc+M37+funcparms+WEBKEY(A0100):QSEARCH+IRADIO(A0010):S+QSRKEY(A0300):0916117" "Mozilla/4.0 (compatible; MSIE 6.0; Windows NT 5.1; SV1; .NET CLR 1.1.4322; .NET CLR 2.0.50727)"
125.18.8.178 - - [24/Jun/2009:00:09:34 -0400] "GET /images/blend.jpg HTTP/1.1" 200 405 "http://www.aceonlinestore.com/cgi-bin/lansaweb?procfun+wordpr01+webfunc+M37+funcparms+WEBKEY(A0100):QSEARCH+IRADIO(A0010):S+QSRKEY(A0300):0916117" "Mozilla/4.0 (compatible; MSIE 6.0; Windows NT 5.1; SV1; .NET CLR 1.1.4322; .NET CLR 2.0.50727)"
125.18.8.178 - - [24/Jun/2009:00:09:34 -0400] "GET /images/pf-a.gif HTTP/1.1" 200 798 "http://www.aceonlinestore.com/cgi-bin/lansaweb?procfun+wordpr01+webfunc+M37+funcparms+WEBKEY(A0100):QSEARCH+IRADIO(A0010):S+QSRKEY(A0300):0916117" "Mozilla/4.0 (compatible; MSIE 6.0; Windows NT 5.1; SV1; .NET CLR 1.1.4322; .NET CLR 2.0.50727)"
125.18.8.178 - - [24/Jun/2009:00:09:34 -0400] "GET /images/space.gif HTTP/1.1" 200 43 "http://www.aceonlinestore.com/cgi-bin/lansaweb?procfun+wordpr01+webfunc+M37+funcparms+WEBKEY(A0100):QSEARCH+IRADIO(A0010):S+QSRKEY(A0300):0916117" "Mozilla/4.0 (compatible; MSIE 6.0; Windows NT 5.1; SV1; .NET CLR 1.1.4322; .NET CLR 2.0.50727)"
125.18.8.178 - - [24/Jun/2009:00:09:35 -0400] "GET /images/head_aceLogo-over.gif HTTP/1.1" 200 1296 "http://www.aceonlinestore.com/cgi-bin/lansaweb?procfun+wordpr01+webfunc+M37+funcparms+WEBKEY(A0100):QSEARCH+IRADIO(A0010):S+QSRKEY(A0300):0916117" "Mozilla/4.0 (compatible; MSIE 6.0; Windows NT 5.1; SV1; .NET CLR 1.1.4322; .NET CLR 2.0.50727)"
125.18.8.178 - - [24/Jun/2009:00:09:35 -0400] "GET /images/head_btn-shop-over.gif HTTP/1.1" 200 1473 "http://www.aceonlinestore.com/cgi-bin/lansaweb?procfun+wordpr01+webfunc+M37+funcparms+WEBKEY(A0100):QSEARCH+IRADIO(A0010):S+QSRKEY(A0300):0916117" "Mozilla/4.0 (compatible; MSIE 6.0; Windows NT 5.1; SV1; .NET CLR 1.1.4322; .NET CLR 2.0.50727)"
125.18.8.178 - - [24/Jun/2009:00:09:36 -0400] "GET /images/head_btn-catalog-over.gif HTTP/1.1" 200 1354 "http://www.aceonlinestore.com/cgi-bin/lansaweb?procfun+wordpr01+webfunc+M37+funcparms+WEBKEY(A0100):QSEARCH+IRADIO(A0010):S+QSRKEY(A0300):0916117" "Mozilla/4.0 (compatible; MSIE 6.0; Windows NT 5.1; SV1; .NET CLR 1.1.4322; .NET CLR 2.0.50727)"
125.18.8.178 - - [24/Jun/2009:00:09:36 -0400] "GET /images/head_btn-products-over.gif HTTP/1.1" 200 1396 "http://www.aceonlinestore.com/cgi-bin/lansaweb?procfun+wordpr01+webfunc+M37+funcparms+WEBKEY(A0100):QSEARCH+IRADIO(A0010):S+QSRKEY(A0300):0916117" "Mozilla/4.0 (compatible; MSIE 6.0; Windows NT 5.1; SV1; .NET CLR 1.1.4322; .NET CLR 2.0.50727)"
125.18.8.178 - - [24/Jun/2009:00:09:36 -0400] "GET /images/head_btn-brochures-over.gif HTTP/1.1" 200 1392 "http://www.aceonlinestore.com/cgi-bin/lansaweb?procfun+wordpr01+webfunc+M37+funcparms+WEBKEY(A0100):QSEARCH+IRADIO(A0010):S+QSRKEY(A0300):0916117" "Mozilla/4.0 (compatible; MSIE 6.0; Windows NT 5.1; SV1; .NET CLR 1.1.4322; .NET CLR 2.0.50727)"
125.18.8.178 - - [24/Jun/2009:00:09:36 -0400] "GET /images/head_btn-aboutUs-over.gif HTTP/1.1" 200 1156 "http://www.aceonlinestore.com/cgi-bin/lansaweb?procfun+wordpr01+webfunc+M37+funcparms+WEBKEY(A0100):QSEARCH+IRADIO(A0010):S+QSRKEY(A0300):0916117" "Mozilla/4.0 (compatible; MSIE 6.0; Windows NT 5.1; SV1; .NET CLR 1.1.4322; .NET CLR 2.0.50727)"
125.18.8.178 - - [24/Jun/2009:00:09:37 -0400] "GET /images/head_btn-tutorials-over.gif HTTP/1.1" 200 1097 "http://www.aceonlinestore.com/cgi-bin/lansaweb?procfun+wordpr01+webfunc+M37+funcparms+WEBKEY(A0100):QSEARCH+IRADIO(A0010):S+QSRKEY(A0300):0916117" "Mozilla/4.0 (compatible; MSIE 6.0; Windows NT 5.1; SV1; .NET CLR 1.1.4322; .NET CLR 2.0.50727)"
125.18.8.178 - - [24/Jun/2009:00:09:37 -0400] "GET /images/head_btn-seminars-over.gif HTTP/1.1" 200 1089 "http://www.aceonlinestore.com/cgi-bin/lansaweb?procfun+wordpr01+webfunc+M37+funcparms+WEBKEY(A0100):QSEARCH+IRADIO(A0010):S+QSRKEY(A0300):0916117" "Mozilla/4.0 (compatible; MSIE 6.0; Windows NT 5.1; SV1; .NET CLR 1.1.4322; .NET CLR 2.0.50727)"
125.18.8.178 - - [24/Jun/2009:00:09:38 -0400] "GET /images/head_btn-conventions-over.gif HTTP/1.1" 200 1195 "http://www.aceonlinestore.com/cgi-bin/lansaweb?procfun+wordpr01+webfunc+M37+funcparms+WEBKEY(A0100):QSEARCH+IRADIO(A0010):S+QSRKEY(A0300):0916117" "Mozilla/4.0 (compatible; MSIE 6.0; Windows NT 5.1; SV1; .NET CLR 1.1.4322; .NET CLR 2.0.50727)"
125.18.8.178 - - [24/Jun/2009:00:09:38 -0400] "GET /images/head_btn-contactUs-over.gif HTTP/1.1" 200 1110 "http://www.aceonlinestore.com/cgi-bin/lansaweb?procfun+wordpr01+webfunc+M37+funcparms+WEBKEY(A0100):QSEARCH+IRADIO(A0010):S+QSRKEY(A0300):0916117" "Mozilla/4.0 (compatible; MSIE 6.0; Windows NT 5.1; SV1; .NET CLR 1.1.4322; .NET CLR 2.0.50727)"
124.0.139.129 - - [24/Jun/2009:00:09:53 -0400] "GET /logs/access_log.Q109061100%20%20///administrator/components/com_virtuemart/export.php?mosConfig_absolute_path=http://luchesk.com.ua///administrator/components/com_virtuemart/id1.txt? HTTP/1.1" 404 279 "-" "Mozilla/5.0"
124.0.139.129 - - [24/Jun/2009:00:10:14 -0400] "GET /logs/access_log.Q109060600%20%20///administrator/components/com_virtuemart/export.php?mosConfig_absolute_path=http://luchesk.com.ua///administrator/components/com_virtuemart/id1.txt? HTTP/1.1" 404 279 "-" "Mozilla/5.0"
72.80.177.82 - - [24/Jun/2009:00:10:18 -0400] "GET /images/head_btn-tutorials.gif HTTP/1.1" 304 - "http://www.aceonlinestore.com/cgi-bin/lansaweb?procfun+wordpr01+stopprm+M37+funcparms+WEBCMP(S0020):&1+WKEMAIL(L" "Mozilla/4.0 (compatible; MSIE 7.0; Windows NT 5.1; .NET CLR 1.1.4322)"
66.249.71.57 - - [24/Jun/2009:00:10:51 -0400] "GET /images/over-index7_spolsneedls.jpg HTTP/1.1" 200 2176 "-" "Googlebot-Image/1.0"
125.18.8.178 - - [24/Jun/2009:00:11:46 -0400] "GET /images/psearch_go-over.gif HTTP/1.1" 200 302 "http://www.aceonlinestore.com/cgi-bin/lansaweb?procfun+wordpr01+webfunc+M37+funcparms+WEBKEY(A0100):QSEARCH+IRADIO(A0010):S+QSRKEY(A0300):0916117" "Mozilla/4.0 (compatible; MSIE 6.0; Windows NT 5.1; SV1; .NET CLR 1.1.4322; .NET CLR 2.0.50727)"
125.18.8.178 - - [24/Jun/2009:00:11:46 -0400] "POST /CGI-BIN/LANSAWEB?WEBEVENT+L0120BB47178368000DD0072+M37+ENG HTTP/1.1" 200 45274 "http://www.aceonlinestore.com/cgi-bin/lansaweb?procfun+wordpr01+webfunc+M37+funcparms+WEBKEY(A0100):QSEARCH+IRADIO(A0010):S+QSRKEY(A0300):0916117" "Mozilla/4.0 (compatible; MSIE 6.0; Windows NT 5.1; SV1; .NET CLR 1.1.4322; .NET CLR 2.0.50727)"
125.18.8.178 - - [24/Jun/2009:00:11:49 -0400] "GET /images/psearch_go-over.gif HTTP/1.1" 200 302 "http://www.aceonlinestore.com/CGI-BIN/LANSAWEB?WEBEVENT+L0120BB47178368000DD0072+M37+ENG" "Mozilla/4.0 (compatible; MSIE 6.0; Windows NT 5.1; SV1; .NET CLR 1.1.4322; .NET CLR 2.0.50727)"
209.59.12.99 - - [24/Jun/2009:00:12:19 -0400] "GET / HTTP/1.0" 200 409 "-" "check_http/1.81 (nagios-plugins 1.4)"
125.18.8.178 - - [24/Jun/2009:00:12:26 -0400] "POST /CGI-BIN/LANSAWEB?WEBEVENT+L0120BB4C1EF328008C90072+M37+ENG HTTP/1.1" 200 45274 "http://www.aceonlinestore.com/CGI-BIN/LANSAWEB?WEBEVENT+L0120BB47178368000DD0072+M37+ENG" "Mozilla/4.0 (compatible; MSIE 6.0; Windows NT 5.1; SV1; .NET CLR 1.1.4322; .NET CLR 2.0.50727)"
125.18.8.178 - - [24/Jun/2009:00:12:42 -0400] "POST /CGI-BIN/LANSAWEB?WEBEVENT+L0120BB431C931800BE10072+M37+ENG HTTP/1.1" 200 45272 "http://www.aceonlinestore.com/CGI-BIN/LANSAWEB?WEBEVENT+L0120BB4C1EF328008C90072+M37+ENG" "Mozilla/4.0 (compatible; MSIE 6.0; Windows NT 5.1; SV1; .NET CLR 1.1.4322; .NET CLR 2.0.50727)"
123.242.165.138 - - [24/Jun/2009:00:15:15 -0400] "GET /logs/access_log.Q109052400/administrator/components/com_remository/admin.remository.php?mosConfig_absolute_path=http://sunset-travel.ro/ro/includes/ids.txt?? HTTP/1.1" 404 285 "-" "libwww-perl/5.79"
123.143.98.5 - - [24/Jun/2009:00:15:19 -0400] "GET /logs/access_log.Q109051500//skin/zero_vote/ask_password.php?dir=http://baumann-oliver.de/obitcon/cms/system/filepool/.../id.txt??? HTTP/1.1" 404 257 "-" "libwww-perl/5.805"
123.143.98.5 - - [24/Jun/2009:00:15:20 -0400] "GET /logs//skin/zero_vote/ask_password.php?dir=http://baumann-oliver.de/obitcon/cms/system/filepool/.../id.txt??? HTTP/1.1" 404 235 "-" "libwww-perl/5.805"
123.143.98.5 - - [24/Jun/2009:00:15:20 -0400] "GET /logs/access_log.Q109051500//skin/zero_vote/ask_password.php?dir=http://baumann-oliver.de/obitcon/cms/system/filepool/.../id.txt??? HTTP/1.1" 404 257 "-" "libwww-perl/5.805"
123.143.98.5 - - [24/Jun/2009:00:15:20 -0400] "GET //skin/zero_vote/ask_password.php?dir=http://baumann-oliver.de/obitcon/cms/system/filepool/.../id.txt??? HTTP/1.1" 404 230 "-" "libwww-perl/5.805"
123.143.98.5 - - [24/Jun/2009:00:15:20 -0400] "GET //skin/zero_vote/ask_password.php?dir=http://baumann-oliver.de/obitcon/cms/system/filepool/.../id.txt??? HTTP/1.1" 404 230 "-" "libwww-perl/5.805"
123.143.98.5 - - [24/Jun/2009:00:15:20 -0400] "GET /logs//skin/zero_vote/ask_password.php?dir=http://baumann-oliver.de/obitcon/cms/system/filepool/.../id.txt??? HTTP/1.1" 404 235 "-" "libwww-perl/5.805"
123.143.98.5 - - [24/Jun/2009:00:15:21 -0400] "GET /logs/access_log.Q109060400//skin/zero_vote/ask_password.php?dir=http://baumann-oliver.de/obitcon/cms/system/filepool/.../id.txt??? HTTP/1.1" 404 257 "-" "libwww-perl/5.805"
123.143.98.5 - - [24/Jun/2009:00:15:21 -0400] "GET /logs/access_log.Q109060400//skin/zero_vote/ask_password.php?dir=http://baumann-oliver.de/obitcon/cms/system/filepool/.../id.txt??? HTTP/1.1" 404 257 "-" "libwww-perl/5.805"
201.232.54.48 - - [24/Jun/2009:00:15:24 -0400] "GET //admin/business_inc/saveserver.php?thisdir=http://pemai.ucoz.com/id1.txt??? HTTP/1.1" 404 232 "-" "Mozilla/5.0"
201.232.54.48 - - [24/Jun/2009:00:15:24 -0400] "GET /logs//admin/business_inc/saveserver.php?thisdir=http://pemai.ucoz.com/id1.txt??? HTTP/1.1" 404 237 "-" "Mozilla/5.0"
201.232.54.48 - - [24/Jun/2009:00:15:24 -0400] "GET /logs/access_log.Q109050700%20%20//admin/business_inc/saveserver.php?thisdir=http://pemai.ucoz.com/id1.txt??? HTTP/1.1" 404 261 "-" "Mozilla/5.0"
38.99.44.103 - - [24/Jun/2009:00:16:13 -0400] "GET /images/_notes/nav_store_fav_over_r1_c5.jpg.mno HTTP/1.0" 200 211 "-" "Mozilla/5.0 (Twiceler-0.9 http://www.cuil.com/twiceler/robot.html)"
209.59.12.99 - - [24/Jun/2009:00:17:19 -0400] "GET / HTTP/1.0" 200 409 "-" "check_http/1.81 (nagios-plugins 1.4)"
123.143.98.5 - - [24/Jun/2009:00:17:48 -0400] "GET /logs//skin/zero_vote/ask_password.php?dir=http://www.dwno.or.kr/bbs/outlogin_skin/default/id1.txt????? HTTP/1.1" 404 235 "-" "Mozilla/5.0"
123.143.98.5 - - [24/Jun/2009:00:17:48 -0400] "GET //skin/zero_vote/ask_password.php?dir=http://www.dwno.or.kr/bbs/outlogin_skin/default/id1.txt????? HTTP/1.1" 404 230 "-" "Mozilla/5.0"
123.143.98.5 - - [24/Jun/2009:00:17:49 -0400] "GET /logs/access_log.Q109051500//skin/zero_vote/ask_password.php?dir=http://www.dwno.or.kr/bbs/outlogin_skin/default/id1.txt????? HTTP/1.1" 404 257 "-" "Mozilla/5.0"
123.143.98.5 - - [24/Jun/2009:00:17:49 -0400] "GET /logs/access_log.Q109060400//skin/zero_vote/ask_password.php?dir=http://www.dwno.or.kr/bbs/outlogin_skin/default/id1.txt????? HTTP/1.1" 404 257 "-" "Mozilla/5.0"
38.99.44.103 - - [24/Jun/2009:00:19:28 -0400] "GET /images/_notes/home_connect_off.gif.mno HTTP/1.0" 200 253 "-" "Mozilla/5.0 (Twiceler-0.9 http://www.cuil.com/twiceler/robot.html)"
123.143.98.5 - - [24/Jun/2009:00:19:38 -0400] "GET /logs/access_log.Q109060400%20//skin/zero_vote/ask_password.php?dir=http://baumann-oliver.de/obitcon/cms/system/filepool/.../id.txt??? HTTP/1.1" 404 258 "-" "libwww-perl/5.805"
123.143.98.5 - - [24/Jun/2009:00:19:44 -0400] "GET /logs/access_log.Q109060400%20//skin/zero_vote/ask_password.php?dir=http://baumann-oliver.de/obitcon/cms/system/filepool/.../id.txt??? HTTP/1.1" 404 258 "-" "libwww-perl/5.805"
209.59.12.99 - - [24/Jun/2009:00:22:18 -0400] "GET / HTTP/1.0" 200 409 "-" "check_http/1.81 (nagios-plugins 1.4)"
38.99.44.103 - - [24/Jun/2009:00:22:23 -0400] "GET /images/_notes/nav_store_fav_over_r1_c4.jpg.mno HTTP/1.0" 200 210 "-" "Mozilla/5.0 (Twiceler-0.9 http://www.cuil.com/twiceler/robot.html)"
72.249.86.219 - - [24/Jun/2009:00:23:35 -0400] "GET /logs/index.php?option=com_virtuemart&page=shop.browse&category_id=&keyword=&manufacturer_id=&Itemid=&mosConfig_absolute_path=http://webmail.visaotur.com.br/novo/bin/copyright.txt???? HTTP/1.1" 404 212 "-" "Mozilla/5.0"
72.249.86.219 - - [24/Jun/2009:00:23:35 -0400] "GET /index.php?option=com_virtuemart&page=shop.browse&category_id=&keyword=&manufacturer_id=&Itemid=&mosConfig_absolute_path=http://webmail.visaotur.com.br/novo/bin/copyright.txt???? HTTP/1.1" 404 207 "-" "Mozilla/5.0"
72.249.86.219 - - [24/Jun/2009:00:23:35 -0400] "GET /logs/access_log.Q109053100/index.php?option=com_virtuemart&page=shop.browse&category_id=&keyword=&manufacturer_id=&Itemid=&mosConfig_absolute_path=http://webmail.visaotur.com.br/novo/bin/copyright.txt???? HTTP/1.1" 404 234 "-" "Mozilla/5.0"
67.19.130.218 - - [24/Jun/2009:00:23:36 -0400] "GET //administrator/components/com_moofaq/css/file_includer.php?file=http://www.euroexpo.ro/atmail/remember.txt??? HTTP/1.1" 404 256 "-" "Mozilla/5.0"
67.19.130.218 - - [24/Jun/2009:00:23:35 -0400] "GET /logs//administrator/components/com_moofaq/css/file_includer.php?file=http://www.euroexpo.ro/atmail/remember.txt??? HTTP/1.1" 404 261 "-" "Mozilla/5.0"
67.19.130.218 - - [24/Jun/2009:00:23:36 -0400] "GET /logs/access_log.Q109061800%20%20//administrator/components/com_moofaq/css/file_includer.php?file=http://www.euroexpo.ro/atmail/remember.txt??? HTTP/1.1" 404 285 "-" "Mozilla/5.0"
72.249.86.219 - - [24/Jun/2009:00:23:58 -0400] "GET /logs/error_log.Q109053100/index.php?option=com_virtuemart&page=shop.browse&category_id=&keyword=&manufacturer_id=&Itemid=&mosConfig_absolute_path=http://webmail.visaotur.com.br/novo/bin/copyright.txt???? HTTP/1.1" 404 233 "-" "Mozilla/5.0"
123.143.98.5 - - [24/Jun/2009:00:24:05 -0400] "GET /logs//index.php?from_mod=true&tmpl=component&option=com_jcs&task=open_heatmap&page=http://www.usher.co.kr//flvPlay/fx29id.txt?? HTTP/1.1" 404 213 "-" "Mozilla/5.0"
123.143.98.5 - - [24/Jun/2009:00:24:05 -0400] "GET //index.php?from_mod=true&tmpl=component&option=com_jcs&task=open_heatmap&page=http://www.usher.co.kr//flvPlay/fx29id.txt?? HTTP/1.1" 404 208 "-" "Mozilla/5.0"
123.143.98.5 - - [24/Jun/2009:00:24:05 -0400] "GET /logs/access_log.Q109050900//index.php?from_mod=true&tmpl=component&option=com_jcs&task=open_heatmap&page=http://www.usher.co.kr//flvPlay/fx29id.txt?? HTTP/1.1" 404 235 "-" "Mozilla/5.0"
72.80.177.82 - - [24/Jun/2009:00:24:37 -0400] "GET /images/monthly_specials.jpg HTTP/1.1" 200 82593 "-" "Mozilla/4.0 (compatible; MSIE 7.0; Windows NT 5.1; .NET CLR 1.1.4322)"
123.143.98.5 - - [24/Jun/2009:00:25:02 -0400] "GET /logs/access_log.Q109051500%20%20//skin/zero_vote/ask_password.php?dir=http://www.dwno.or.kr/bbs/outlogin_skin/default/id1.txt????? HTTP/1.1" 404 259 "-" "Mozilla/5.0"
123.143.98.5 - - [24/Jun/2009:00:25:03 -0400] "GET /logs/access_log.Q109060400%20%20//skin/zero_vote/ask_password.php?dir=http://www.dwno.or.kr/bbs/outlogin_skin/default/id1.txt????? HTTP/1.1" 404 259 "-" "Mozilla/5.0"
72.80.177.82 - - [24/Jun/2009:00:25:07 -0400] "GET /cgi-bin/lansaweb?procfun+wordpr01+stopprm+M37+funcparms+WEBCMP(S0020):01+WKEMAIL(L HTTP/1.1" 200 35731 "-" "Mozilla/4.0 (compatible; MSIE 7.0; Windows NT 5.1; .NET CLR 1.1.4322)"
72.80.177.82 - - [24/Jun/2009:00:25:10 -0400] "GET /cgi-bin/lansaweb?procfun+wordpr01+stopprm+M37+funcparms+WEBCMP(S0020):01+WKEMAIL(L HTTP/1.1" 200 35731 "-" "Mozilla/4.0 (compatible; MSIE 7.0; Windows NT 5.1; .NET CLR 1.1.4322)"
67.19.130.218 - - [24/Jun/2009:00:25:40 -0400] "GET /logs/access_log.Q109061800//administrator/components/com_moofaq/css/file_includer.php?file=http://www.euroexpo.ro/atmail/remember.txt??? HTTP/1.1" 404 283 "-" "Mozilla/5.0"
87.119.196.21 - - [24/Jun/2009:00:25:44 -0400] "GET /logs/phprojekt/lib/gpcs_vars.inc.php?path_pre=http://snootyfoods.com/id.txt?? HTTP/1.1" 404 234 "-" "Mozilla/5.0"
87.119.196.21 - - [24/Jun/2009:00:25:44 -0400] "GET /logs/access_log.Q109061100/phprojekt/lib/gpcs_vars.inc.php?path_pre=http://snootyfoods.com/id.txt?? HTTP/1.1" 404 256 "-" "Mozilla/5.0"
87.119.196.21 - - [24/Jun/2009:00:25:44 -0400] "GET /phprojekt/lib/gpcs_vars.inc.php?path_pre=http://snootyfoods.com/id.txt?? HTTP/1.1" 404 229 "-" "Mozilla/5.0"
67.19.130.218 - - [24/Jun/2009:00:25:45 -0400] "GET /logs/access_log.Q109061500//administrator/components/com_moofaq/css/file_includer.php?file=http://www.euroexpo.ro/atmail/remember.txt??? HTTP/1.1" 404 283 "-" "Mozilla/5.0"
200.241.55.7 - - [24/Jun/2009:00:26:08 -0400] "GET /logs/access_log.Q109053100/index.php?option=com_virtuemart&page=shop.browse&category_id=&keyword=&manufacturer_id=&Itemid=&mosConfig_absolute_path=http://webmail.visaotur.com.br/novo/bin/copyright.txt???? HTTP/1.1" 404 234 "-" "Mozilla/5.0"
200.241.55.7 - - [24/Jun/2009:00:26:08 -0400] "GET /logs/index.php?option=com_virtuemart&page=shop.browse&category_id=&keyword=&manufacturer_id=&Itemid=&mosConfig_absolute_path=http://webmail.visaotur.com.br/novo/bin/copyright.txt???? HTTP/1.1" 404 212 "-" "Mozilla/5.0"
200.241.55.7 - - [24/Jun/2009:00:26:08 -0400] "GET /index.php?option=com_virtuemart&page=shop.browse&category_id=&keyword=&manufacturer_id=&Itemid=&mosConfig_absolute_path=http://webmail.visaotur.com.br/novo/bin/copyright.txt???? HTTP/1.1" 404 207 "-" "Mozilla/5.0"
200.241.55.7 - - [24/Jun/2009:00:26:46 -0400] "GET /logs/error_log.Q109053100/index.php?option=com_virtuemart&page=shop.browse&category_id=&keyword=&manufacturer_id=&Itemid=&mosConfig_absolute_path=http://webmail.visaotur.com.br/novo/bin/copyright.txt???? HTTP/1.1" 404 233 "-" "Mozilla/5.0"
123.143.98.5 - - [24/Jun/2009:00:26:57 -0400] "GET /logs/access_log.Q109050900%20%20//index.php?from_mod=true&tmpl=component&option=com_jcs&task=open_heatmap&page=http://www.usher.co.kr//flvPlay/fx29id.txt?? HTTP/1.1" 404 237 "-" "Mozilla/5.0"
123.143.98.5 - - [24/Jun/2009:00:27:39 -0400] "GET /logs/access_log.Q109061500%20%20//index.php?from_mod=true&tmpl=component&option=com_jcs&task=open_heatmap&page=http://www.usher.co.kr//flvPlay/fx29id.txt?? HTTP/1.1" 404 237 "-" "Mozilla/5.0"
87.119.196.21 - - [24/Jun/2009:00:28:05 -0400] "GET /logs/phprojekt/lib/gpcs_vars.inc.php?path_pre=http://snootyfoods.com/id.txt?? HTTP/1.1" 404 234 "-" "Mozilla/5.0"
87.119.196.21 - - [24/Jun/2009:00:28:05 -0400] "GET /phprojekt/lib/gpcs_vars.inc.php?path_pre=http://snootyfoods.com/id.txt?? HTTP/1.1" 404 229 "-" "Mozilla/5.0"
87.119.196.21 - - [24/Jun/2009:00:28:05 -0400] "GET /logs/access_log.Q109061100%20%20/phprojekt/lib/gpcs_vars.inc.php?path_pre=http://snootyfoods.com/id.txt?? HTTP/1.1" 404 258 "-" "Mozilla/5.0"
87.119.196.21 - - [24/Jun/2009:00:28:06 -0400] "GET /logs/access_log.Q109061100%20%20/phprojekt/lib/gpcs_vars.inc.php?path_pre=http://snootyfoods.com/id.txt?? HTTP/1.1" 404 258 "-" "Mozilla/5.0"
87.119.196.21 - - [24/Jun/2009:00:28:06 -0400] "GET /phprojekt/lib/gpcs_vars.inc.php?path_pre=http://snootyfoods.com/id.txt?? HTTP/1.1" 404 229 "-" "Mozilla/5.0"
87.119.196.21 - - [24/Jun/2009:00:28:06 -0400] "GET /logs/phprojekt/lib/gpcs_vars.inc.php?path_pre=http://snootyfoods.com/id.txt?? HTTP/1.1" 404 234 "-" "Mozilla/5.0"
200.241.55.7 - - [24/Jun/2009:00:28:15 -0400] "GET /logs/access_log.Q109053100/index.php?option=com_virtuemart&page=shop.browse&category_id=&keyword=&manufacturer_id=&Itemid=&mosConfig_absolute_path=http://webmail.visaotur.com.br/novo/bin/copyright.txt???? HTTP/1.1" 404 234 "-" "Mozilla/5.0"
200.241.55.7 - - [24/Jun/2009:00:28:15 -0400] "GET /index.php?option=com_virtuemart&page=shop.browse&category_id=&keyword=&manufacturer_id=&Itemid=&mosConfig_absolute_path=http://webmail.visaotur.com.br/novo/bin/copyright.txt???? HTTP/1.1" 404 207 "-" "Mozilla/5.0"
200.241.55.7 - - [24/Jun/2009:00:28:15 -0400] "GET /logs/index.php?option=com_virtuemart&page=shop.browse&category_id=&keyword=&manufacturer_id=&Itemid=&mosConfig_absolute_path=http://webmail.visaotur.com.br/novo/bin/copyright.txt???? HTTP/1.1" 404 212 "-" "Mozilla/5.0"
200.241.55.7 - - [24/Jun/2009:00:28:48 -0400] "GET /logs/error_log.Q109053100/index.php?option=com_virtuemart&page=shop.browse&category_id=&keyword=&manufacturer_id=&Itemid=&mosConfig_absolute_path=http://webmail.visaotur.com.br/novo/bin/copyright.txt???? HTTP/1.1" 404 233 "-" "Mozilla/5.0"
72.80.177.82 - - [24/Jun/2009:00:29:36 -0400] "GET /images/monthly_specials.jpg HTTP/1.1" 304 - "-" "Mozilla/4.0 (compatible; MSIE 7.0; Windows NT 5.1; .NET CLR 1.1.4322)"
123.143.98.5 - - [24/Jun/2009:00:29:48 -0400] "GET /logs/access_log.Q109060400//index.php?from_mod=true&tmpl=component&option=com_jcs&task=open_heatmap&page=http://www.usher.co.kr//flvPlay/fx29id.txt?? HTTP/1.1" 404 235 "-" "Mozilla/5.0"
200.241.55.7 - - [24/Jun/2009:00:30:09 -0400] "GET /logs/access_log.Q109053100%20%20/index.php?option=com_virtuemart&page=shop.browse&category_id=&keyword=&manufacturer_id=&Itemid=&mosConfig_absolute_path=http://webmail.visaotur.com.br/novo/bin/copyright.txt???? HTTP/1.1" 404 236 "-" "Mozilla/5.0"
200.241.55.7 - - [24/Jun/2009:00:30:09 -0400] "GET /index.php?option=com_virtuemart&page=shop.browse&category_id=&keyword=&manufacturer_id=&Itemid=&mosConfig_absolute_path=http://webmail.visaotur.com.br/novo/bin/copyright.txt???? HTTP/1.1" 404 207 "-" "Mozilla/5.0"
200.241.55.7 - - [24/Jun/2009:00:30:09 -0400] "GET /logs/index.php?option=com_virtuemart&page=shop.browse&category_id=&keyword=&manufacturer_id=&Itemid=&mosConfig_absolute_path=http://webmail.visaotur.com.br/novo/bin/copyright.txt???? HTTP/1.1" 404 212 "-" "Mozilla/5.0"
209.59.12.99 - - [24/Jun/2009:00:32:19 -0400] "GET / HTTP/1.0" 200 409 "-" "check_http/1.81 (nagios-plugins 1.4)"
72.80.177.82 - - [24/Jun/2009:00:36:08 -0400] "GET /images/monthly_specials.jpg HTTP/1.1" 304 - "-" "Mozilla/4.0 (compatible; MSIE 7.0; Windows NT 5.1; .NET CLR 1.1.4322)"
72.80.177.82 - - [24/Jun/2009:00:36:18 -0400] "GET /promo.htm HTTP/1.1" 301 314 "-" "Mozilla/4.0 (compatible; MSIE 7.0; Windows NT 5.1; .NET CLR 1.1.4322)"
72.80.177.82 - - [24/Jun/2009:00:36:18 -0400] "GET /cgi-bin/lansaweb?procfun+wordpr01+webfunc+M37+funcparms+WEBKEY(A0100):PROMOS HTTP/1.1" 200 45922 "-" "Mozilla/4.0 (compatible; MSIE 7.0; Windows NT 5.1; .NET CLR 1.1.4322)"
72.80.177.82 - - [24/Jun/2009:00:36:23 -0400] "GET /images/head_btn-shop.gif HTTP/1.1" 200 1970 "http://www.aceonlinestore.com/cgi-bin/lansaweb?procfun+wordpr01+webfunc+M37+funcparms+WEBKEY(A0100):PROMOS" "Mozilla/4.0 (compatible; MSIE 7.0; Windows NT 5.1; .NET CLR 1.1.4322)"
72.80.177.82 - - [24/Jun/2009:00:36:23 -0400] "GET /images/head_aceLogo.gif HTTP/1.1" 200 984 "http://www.aceonlinestore.com/cgi-bin/lansaweb?procfun+wordpr01+webfunc+M37+funcparms+WEBKEY(A0100):PROMOS" "Mozilla/4.0 (compatible; MSIE 7.0; Windows NT 5.1; .NET CLR 1.1.4322)"
72.80.177.82 - - [24/Jun/2009:00:36:23 -0400] "GET /images/head_btn-products.gif HTTP/1.1" 200 1531 "http://www.aceonlinestore.com/cgi-bin/lansaweb?procfun+wordpr01+webfunc+M37+funcparms+WEBKEY(A0100):PROMOS" "Mozilla/4.0 (compatible; MSIE 7.0; Windows NT 5.1; .NET CLR 1.1.4322)"
72.80.177.82 - - [24/Jun/2009:00:36:23 -0400] "GET /images/head_btn-catalogs.gif HTTP/1.1" 200 1729 "http://www.aceonlinestore.com/cgi-bin/lansaweb?procfun+wordpr01+webfunc+M37+funcparms+WEBKEY(A0100):PROMOS" "Mozilla/4.0 (compatible; MSIE 7.0; Windows NT 5.1; .NET CLR 1.1.4322)"
72.80.177.82 - - [24/Jun/2009:00:36:23 -0400] "GET /images/head_btn-brochures.gif HTTP/1.1" 200 1768 "http://www.aceonlinestore.com/cgi-bin/lansaweb?procfun+wordpr01+webfunc+M37+funcparms+WEBKEY(A0100):PROMOS" "Mozilla/4.0 (compatible; MSIE 7.0; Windows NT 5.1; .NET CLR 1.1.4322)"
72.80.177.82 - - [24/Jun/2009:00:36:23 -0400] "GET /images/head_btn-space1.gif HTTP/1.1" 200 5036 "http://www.aceonlinestore.com/cgi-bin/lansaweb?procfun+wordpr01+webfunc+M37+funcparms+WEBKEY(A0100):PROMOS" "Mozilla/4.0 (compatible; MSIE 7.0; Windows NT 5.1; .NET CLR 1.1.4322)"
72.80.177.82 - - [24/Jun/2009:00:36:24 -0400] "GET /images/head_surgical-supply.gif HTTP/1.1" 200 764 "http://www.aceonlinestore.com/cgi-bin/lansaweb?procfun+wordpr01+webfunc+M37+funcparms+WEBKEY(A0100):PROMOS" "Mozilla/4.0 (compatible; MSIE 7.0; Windows NT 5.1; .NET CLR 1.1.4322)"
72.80.177.82 - - [24/Jun/2009:00:36:24 -0400] "GET /images/head_btn-aboutUs.gif HTTP/1.1" 200 1459 "http://www.aceonlinestore.com/cgi-bin/lansaweb?procfun+wordpr01+webfunc+M37+funcparms+WEBKEY(A0100):PROMOS" "Mozilla/4.0 (compatible; MSIE 7.0; Windows NT 5.1; .NET CLR 1.1.4322)"
72.80.177.82 - - [24/Jun/2009:00:36:24 -0400] "GET /images/head_btn-tutorials.gif HTTP/1.1" 200 1160 "http://www.aceonlinestore.com/cgi-bin/lansaweb?procfun+wordpr01+webfunc+M37+funcparms+WEBKEY(A0100):PROMOS" "Mozilla/4.0 (compatible; MSIE 7.0; Windows NT 5.1; .NET CLR 1.1.4322)"
