83.98.209.71 - - [10/Jul/2009:00:39:09 -0400] "GET /logs/access_log.Q109052800//include/mail.inc.php?skin_board_path=http://www.avraorganicspa.com//assets/snippets/reflect/idade1.txt??? HTTP/1.1" 404 246 "-" "Mozilla/5.0"
83.98.209.71 - - [10/Jul/2009:00:39:18 -0400] "GET /logs/error_log.Q109052800//include/mail.inc.php?skin_board_path=http://www.avraorganicspa.com//assets/snippets/reflect/idade1.txt??? HTTP/1.1" 404 245 "-" "Mozilla/5.0"
83.98.209.71 - - [10/Jul/2009:00:39:19 -0400] "GET /logs/error_log.Q109052800//include/mail.inc.php?skin_board_path=http://www.avraorganicspa.com//assets/snippets/reflect/idade1.txt??? HTTP/1.1" 404 245 "-" "Mozilla/5.0"
217.147.29.190 - - [10/Jul/2009:00:39:27 -0400] "GET /logs/access_log.Q109051800%20%20//appserv/main.php?appserv_root=http://largeface.com/gnuboard4/style/sid.txt????? HTTP/1.1" 404 244 "-" "Mozilla/5.0"
85.17.10.239 - - [10/Jul/2009:00:39:59 -0400] "GET /logs/access_log.Q109062300%20%20/lostpasswd.php?env%5Binclude_prefix%5D=http://www.die-grenzreiter.com/content/download/fx29id.txt?? HTTP/1.1" 404 241 "-" "Mozilla/5.0"
216.117.172.131 - - [10/Jul/2009:00:41:05 -0400] "GET /logs/access_log.Q109052800%20%20//include/mail.inc.php?skin_board_path=http://www.avraorganicspa.com//assets/snippets/reflect/idade1.txt??? HTTP/1.1" 404 248 "-" "Mozilla/5.0"
216.117.172.131 - - [10/Jul/2009:00:41:09 -0400] "GET /logs/error_log.Q109052800%20%20//include/mail.inc.php?skin_board_path=http://www.avraorganicspa.com//assets/snippets/reflect/idade1.txt??? HTTP/1.1" 404 247 "-" "Mozilla/5.0"
216.117.172.131 - - [10/Jul/2009:00:41:12 -0400] "GET /logs/access_log.Q109052800%20%20//include/mail.inc.php?skin_board_path=http://www.avraorganicspa.com//assets/snippets/reflect/idade1.txt??? HTTP/1.1" 404 248 "-" "Mozilla/5.0"
216.117.172.131 - - [10/Jul/2009:00:41:14 -0400] "GET /logs/error_log.Q109052800%20%20//include/mail.inc.php?skin_board_path=http://www.avraorganicspa.com//assets/snippets/reflect/idade1.txt??? HTTP/1.1" 404 247 "-" "Mozilla/5.0"
76.12.17.218 - - [10/Jul/2009:00:42:07 -0400] "GET //doceboCms/class/class.dashboard_cms.php?where_framework=http://www.perfumechaletusa.com/images/baner.txt?? HTTP/1.1" 404 238 "-" "Mozilla/5.0"
76.12.17.218 - - [10/Jul/2009:00:42:07 -0400] "GET /logs//doceboCms/class/class.dashboard_cms.php?where_framework=http://www.perfumechaletusa.com/images/baner.txt?? HTTP/1.1" 404 243 "-" "Mozilla/5.0"
76.12.17.218 - - [10/Jul/2009:00:42:07 -0400] "GET /logs/access_log.Q109061800//doceboCms/class/class.dashboard_cms.php?where_framework=http://www.perfumechaletusa.com/images/baner.txt?? HTTP/1.1" 404 265 "-" "Mozilla/5.0"
217.147.29.190 - - [10/Jul/2009:00:42:08 -0400] "GET //index2.php?mosConfig_absolute_path=http://largeface.com/gnuboard4/style/sid.txt????? HTTP/1.1" 404 209 "-" "Mozilla/5.0"
217.147.29.190 - - [10/Jul/2009:00:42:08 -0400] "GET /logs/access_log.Q109062300%20%20//index2.php?mosConfig_absolute_path=http://largeface.com/gnuboard4/style/sid.txt????? HTTP/1.1" 404 238 "-" "Mozilla/5.0"
69.93.252.132 - - [10/Jul/2009:00:42:16 -0400] "GET //doceboCms/class/class.dashboard_cms.php?where_framework=http://www.perfumechaletusa.com/images/baner.txt?? HTTP/1.1" 404 238 "-" "Mozilla/5.0"
69.93.252.132 - - [10/Jul/2009:00:42:16 -0400] "GET /logs/access_log.Q109061800//doceboCms/class/class.dashboard_cms.php?where_framework=http://www.perfumechaletusa.com/images/baner.txt?? HTTP/1.1" 404 265 "-" "Mozilla/5.0"
69.93.252.132 - - [10/Jul/2009:00:42:16 -0400] "GET /logs//doceboCms/class/class.dashboard_cms.php?where_framework=http://www.perfumechaletusa.com/images/baner.txt?? HTTP/1.1" 404 243 "-" "Mozilla/5.0"
65.254.32.2 - - [10/Jul/2009:00:42:44 -0400] "GET /logs//oneadmin/config.php?path[docroot]=http://www.moist.se/remember.txt??????????? HTTP/1.1" 404 223 "-" "Mozilla/5.0"
65.254.32.2 - - [10/Jul/2009:00:42:45 -0400] "GET //oneadmin/config.php?path[docroot]=http://www.moist.se/remember.txt??????????? HTTP/1.1" 404 218 "-" "Mozilla/5.0"
85.17.10.239 - - [10/Jul/2009:00:43:48 -0400] "GET //index.php?page=http://www.die-grenzreiter.com/content/download/fx29id.txt?? HTTP/1.1" 404 208 "-" "Mozilla/5.0"
85.17.10.239 - - [10/Jul/2009:00:43:48 -0400] "GET /logs//index.php?page=http://www.die-grenzreiter.com/content/download/fx29id.txt?? HTTP/1.1" 404 213 "-" "Mozilla/5.0"
85.17.10.239 - - [10/Jul/2009:00:43:52 -0400] "GET /logs/access_log.Q109061100//index.php?page=http://www.die-grenzreiter.com/content/download/fx29id.txt?? HTTP/1.1" 404 235 "-" "Mozilla/5.0"
209.59.12.99 - - [10/Jul/2009:00:44:07 -0400] "GET / HTTP/1.0" 200 409 "-" "check_http/1.81 (nagios-plugins 1.4)"
66.250.143.212 - - [10/Jul/2009:00:44:10 -0400] "GET /images/login_go.gif HTTP/1.1" 200 296 "http://www.acesurgical.com/home.html" "Mozilla/5.0 (Macintosh; U; Intel Mac OS X 10_5_7; en-us) AppleWebKit/530.18 (KHTML, like Gecko) Version/4.0.1 Safari/530.18"
66.250.143.212 - - [10/Jul/2009:00:44:10 -0400] "GET /images/psearch_go.gif HTTP/1.1" 200 296 "http://www.acesurgical.com/home.html" "Mozilla/5.0 (Macintosh; U; Intel Mac OS X 10_5_7; en-us) AppleWebKit/530.18 (KHTML, like Gecko) Version/4.0.1 Safari/530.18"
76.12.17.218 - - [10/Jul/2009:00:44:15 -0400] "GET /logs/access_log.Q109061800%20%20//doceboCms/class/class.dashboard_cms.php?where_framework=http://www.perfumechaletusa.com/images/baner.txt?? HTTP/1.1" 404 267 "-" "Mozilla/5.0"
69.93.252.132 - - [10/Jul/2009:00:44:23 -0400] "GET /logs/access_log.Q109061800%20%20//doceboCms/class/class.dashboard_cms.php?where_framework=http://www.perfumechaletusa.com/images/baner.txt?? HTTP/1.1" 404 267 "-" "Mozilla/5.0"
114.32.40.221 - - [10/Jul/2009:00:44:26 -0400] "GET /logs//include/mail.inc.php?skin_board_path=http://www.avraorganicspa.com//assets/snippets/reflect/idade1.txt??? HTTP/1.1" 404 224 "-" "Mozilla/5.0"
114.32.40.221 - - [10/Jul/2009:00:44:26 -0400] "GET //include/mail.inc.php?skin_board_path=http://www.avraorganicspa.com//assets/snippets/reflect/idade1.txt??? HTTP/1.1" 404 219 "-" "Mozilla/5.0"
114.32.40.221 - - [10/Jul/2009:00:44:26 -0400] "GET /logs/access_log.Q109052800//include/mail.inc.php?skin_board_path=http://www.avraorganicspa.com//assets/snippets/reflect/idade1.txt??? HTTP/1.1" 404 246 "-" "Mozilla/5.0"
114.32.40.221 - - [10/Jul/2009:00:44:39 -0400] "GET //include/mail.inc.php?skin_board_path=http://www.avraorganicspa.com//assets/snippets/reflect/idade1.txt??? HTTP/1.1" 404 219 "-" "Mozilla/5.0"
114.32.40.221 - - [10/Jul/2009:00:44:39 -0400] "GET /logs//include/mail.inc.php?skin_board_path=http://www.avraorganicspa.com//assets/snippets/reflect/idade1.txt??? HTTP/1.1" 404 224 "-" "Mozilla/5.0"
114.32.40.221 - - [10/Jul/2009:00:44:39 -0400] "GET /logs/access_log.Q109052800//include/mail.inc.php?skin_board_path=http://www.avraorganicspa.com//assets/snippets/reflect/idade1.txt??? HTTP/1.1" 404 246 "-" "Mozilla/5.0"
211.236.242.164 - - [10/Jul/2009:00:44:40 -0400] "GET /logs/error_log.Q109061500//oneadmin/config.php?path[docroot]=http://jst.or.th/index1.txt? HTTP/1.1" 404 244 "-" "Mozilla/5.0"
211.236.242.164 - - [10/Jul/2009:00:44:40 -0400] "GET /logs//oneadmin/config.php?path[docroot]=http://jst.or.th/index1.txt? HTTP/1.1" 404 223 "-" "Mozilla/5.0"
211.236.242.164 - - [10/Jul/2009:00:44:40 -0400] "GET //oneadmin/config.php?path[docroot]=http://jst.or.th/index1.txt? HTTP/1.1" 404 218 "-" "Mozilla/5.0"
76.12.17.218 - - [10/Jul/2009:00:44:46 -0400] "GET /logs/access_log.Q109062100%20%20//doceboCms/class/class.dashboard_cms.php?where_framework=http://www.perfumechaletusa.com/images/baner.txt?? HTTP/1.1" 404 267 "-" "Mozilla/5.0"
69.93.252.132 - - [10/Jul/2009:00:44:51 -0400] "GET /logs/access_log.Q109062100%20%20//doceboCms/class/class.dashboard_cms.php?where_framework=http://www.perfumechaletusa.com/images/baner.txt?? HTTP/1.1" 404 267 "-" "Mozilla/5.0"
114.32.40.221 - - [10/Jul/2009:00:44:52 -0400] "GET /logs/error_log.Q109052800//include/mail.inc.php?skin_board_path=http://www.avraorganicspa.com//assets/snippets/reflect/idade1.txt??? HTTP/1.1" 404 245 "-" "Mozilla/5.0"
65.254.32.2 - - [10/Jul/2009:00:44:54 -0400] "GET /logs/access_log.Q109063000%20%20//oneadmin/config.php?path[docroot]=http://www.moist.se/remember.txt??????????? HTTP/1.1" 404 247 "-" "Mozilla/5.0"
114.32.40.221 - - [10/Jul/2009:00:44:56 -0400] "GET /logs/error_log.Q109052800//include/mail.inc.php?skin_board_path=http://www.avraorganicspa.com//assets/snippets/reflect/idade1.txt??? HTTP/1.1" 404 245 "-" "Mozilla/5.0"
211.236.242.164 - - [10/Jul/2009:00:46:44 -0400] "GET /logs/error_log.Q109063000%20%20//oneadmin/config.php?path[docroot]=http://jst.or.th/index1.txt? HTTP/1.1" 404 246 "-" "Mozilla/5.0"
211.236.242.164 - - [10/Jul/2009:00:47:22 -0400] "GET /logs/access_log.Q109063000%20%20//oneadmin/config.php?path[docroot]=http://jst.or.th/index1.txt? HTTP/1.1" 404 247 "-" "Mozilla/5.0"
66.249.68.247 - - [10/Jul/2009:00:47:38 -0400] "GET /images/tools/ HTTP/1.1" 200 3703 "-" "Mozilla/5.0 (compatible; Googlebot/2.1; +http://www.google.com/bot.html)"
66.249.68.70 - - [10/Jul/2009:00:48:01 -0400] "GET /images/items/3233000_thumb.jpg HTTP/1.1" 200 1941 "-" "Googlebot-Image/1.0"
114.32.40.221 - - [10/Jul/2009:00:48:34 -0400] "GET /logs/access_log.Q109052800%20%20//include/mail.inc.php?skin_board_path=http://www.avraorganicspa.com//assets/snippets/reflect/idade1.txt??? HTTP/1.1" 404 248 "-" "Mozilla/5.0"
114.32.40.221 - - [10/Jul/2009:00:48:35 -0400] "GET /logs/access_log.Q109052800%20%20//include/mail.inc.php?skin_board_path=http://www.avraorganicspa.com//assets/snippets/reflect/idade1.txt??? HTTP/1.1" 404 248 "-" "Mozilla/5.0"
74.6.22.189 - - [10/Jul/2009:00:47:37 -0400] "GET /logs/access_log.Q109070200 HTTP/1.0" 200 5653087 "-" "Mozilla/5.0 (compatible; Yahoo! Slurp/3.0; http://help.yahoo.com/help/us/ysearch/slurp)"
114.32.40.221 - - [10/Jul/2009:00:48:45 -0400] "GET /logs/error_log.Q109052800%20%20//include/mail.inc.php?skin_board_path=http://www.avraorganicspa.com//assets/snippets/reflect/idade1.txt??? HTTP/1.1" 404 247 "-" "Mozilla/5.0"
114.32.40.221 - - [10/Jul/2009:00:48:45 -0400] "GET /logs/error_log.Q109052800%20%20//include/mail.inc.php?skin_board_path=http://www.avraorganicspa.com//assets/snippets/reflect/idade1.txt??? HTTP/1.1" 404 247 "-" "Mozilla/5.0"
209.59.12.99 - - [10/Jul/2009:00:49:07 -0400] "GET / HTTP/1.0" 200 409 "-" "check_http/1.81 (nagios-plugins 1.4)"
211.236.242.164 - - [10/Jul/2009:00:49:10 -0400] "GET /logs/error_log.Q109061500%20%20//oneadmin/config.php?path[docroot]=http://jst.or.th/index1.txt? HTTP/1.1" 404 246 "-" "Mozilla/5.0"
211.236.242.164 - - [10/Jul/2009:00:50:54 -0400] "GET /logs/error_log.Q109063000//oneadmin/config.php?path[docroot]=http://jst.or.th/index1.txt? HTTP/1.1" 404 244 "-" "Mozilla/5.0"
211.236.242.164 - - [10/Jul/2009:00:51:00 -0400] "GET /logs/access_log.Q109063000//oneadmin/config.php?path[docroot]=http://jst.or.th/index1.txt? HTTP/1.1" 404 245 "-" "Mozilla/5.0"
65.254.32.2 - - [10/Jul/2009:00:52:10 -0400] "GET /logs/access_log.Q109063000//oneadmin/config.php?path[docroot]=http://www.moist.se/remember.txt??????????? HTTP/1.1" 404 245 "-" "Mozilla/5.0"
83.98.209.71 - - [10/Jul/2009:00:53:34 -0400] "GET /logs/access_log.Q109060300%20%20//include/mail.inc.php?skin_board_path=http://www.avraorganicspa.com//assets/snippets/reflect/idade1.txt??? HTTP/1.1" 404 248 "-" "Mozilla/5.0"
83.98.209.71 - - [10/Jul/2009:00:53:34 -0400] "GET /logs/error_log.Q109060300%20%20//include/mail.inc.php?skin_board_path=http://www.avraorganicspa.com//assets/snippets/reflect/idade1.txt??? HTTP/1.1" 404 247 "-" "Mozilla/5.0"
216.86.146.10 - - [10/Jul/2009:00:53:38 -0400] "GET /bookmark.php?env%5Binclude_prefix%5D=http://www.die-grenzreiter.com/content/download/fx29id.txt?? HTTP/1.1" 404 210 "-" "Mozilla/5.0"
216.86.146.10 - - [10/Jul/2009:00:53:38 -0400] "GET /logs/bookmark.php?env%5Binclude_prefix%5D=http://www.die-grenzreiter.com/content/download/fx29id.txt?? HTTP/1.1" 404 215 "-" "Mozilla/5.0"
216.86.146.10 - - [10/Jul/2009:00:53:39 -0400] "GET /logs/access_log.Q109062300/bookmark.php?env%5Binclude_prefix%5D=http://www.die-grenzreiter.com/content/download/fx29id.txt?? HTTP/1.1" 404 237 "-" "Mozilla/5.0"
83.98.209.71 - - [10/Jul/2009:00:53:55 -0400] "GET /logs/error_log.Q109060300%20%20//include/mail.inc.php?skin_board_path=http://www.avraorganicspa.com//assets/snippets/reflect/idade1.txt??? HTTP/1.1" 404 247 "-" "Mozilla/5.0"
83.98.209.71 - - [10/Jul/2009:00:53:55 -0400] "GET /logs/access_log.Q109060300%20%20//include/mail.inc.php?skin_board_path=http://www.avraorganicspa.com//assets/snippets/reflect/idade1.txt??? HTTP/1.1" 404 248 "-" "Mozilla/5.0"
209.59.12.99 - - [10/Jul/2009:00:54:08 -0400] "GET / HTTP/1.0" 200 409 "-" "check_http/1.81 (nagios-plugins 1.4)"
216.86.146.10 - - [10/Jul/2009:00:54:49 -0400] "GET /logs/access_log.Q109062300%20%20/bookmark.php?env%5Binclude_prefix%5D=http://www.die-grenzreiter.com/content/download/fx29id.txt?? HTTP/1.1" 404 239 "-" "Mozilla/5.0"
66.250.143.212 - - [10/Jul/2009:00:54:53 -0400] "GET /images/login_go.gif HTTP/1.1" 304 - "http://www.acesurgical.com/catalogs.html" "Mozilla/5.0 (Macintosh; U; Intel Mac OS X 10_5_7; en-us) AppleWebKit/530.18 (KHTML, like Gecko) Version/4.0.1 Safari/530.18"
66.250.143.212 - - [10/Jul/2009:00:54:53 -0400] "GET /images/psearch_go.gif HTTP/1.1" 304 - "http://www.acesurgical.com/catalogs.html" "Mozilla/5.0 (Macintosh; U; Intel Mac OS X 10_5_7; en-us) AppleWebKit/530.18 (KHTML, like Gecko) Version/4.0.1 Safari/530.18"
66.250.143.212 - - [10/Jul/2009:00:55:02 -0400] "GET /images/login_go.gif HTTP/1.1" 304 - "http://www.acesurgical.com/product_info.html" "Mozilla/5.0 (Macintosh; U; Intel Mac OS X 10_5_7; en-us) AppleWebKit/530.18 (KHTML, like Gecko) Version/4.0.1 Safari/530.18"
66.250.143.212 - - [10/Jul/2009:00:55:02 -0400] "GET /images/psearch_go.gif HTTP/1.1" 304 - "http://www.acesurgical.com/product_info.html" "Mozilla/5.0 (Macintosh; U; Intel Mac OS X 10_5_7; en-us) AppleWebKit/530.18 (KHTML, like Gecko) Version/4.0.1 Safari/530.18"
74.6.22.189 - - [10/Jul/2009:00:57:58 -0400] "GET /logs/access_log.Q108082500 HTTP/1.0" 404 224 "-" "Mozilla/5.0 (compatible; Yahoo! Slurp/3.0; http://help.yahoo.com/help/us/ysearch/slurp)"
211.236.242.164 - - [10/Jul/2009:00:58:34 -0400] "GET //uhp_config.php?mosConfig_absolute_path=http://knbang.co.kr/security/trans/images/id1.txt? HTTP/1.1" 404 213 "-" "Mozilla/5.0"
211.236.242.164 - - [10/Jul/2009:00:58:34 -0400] "GET /logs/access_log.Q109052900//uhp_config.php?mosConfig_absolute_path=http://knbang.co.kr/security/trans/images/id1.txt? HTTP/1.1" 404 240 "-" "Mozilla/5.0"
211.236.242.164 - - [10/Jul/2009:00:58:34 -0400] "GET /logs//uhp_config.php?mosConfig_absolute_path=http://knbang.co.kr/security/trans/images/id1.txt? HTTP/1.1" 404 218 "-" "Mozilla/5.0"
211.236.242.164 - - [10/Jul/2009:00:58:34 -0400] "GET /logs/access_log.Q109060100//uhp_config.php?mosConfig_absolute_path=http://knbang.co.kr/security/trans/images/id1.txt? HTTP/1.1" 404 240 "-" "Mozilla/5.0"
62.16.115.69 - - [10/Jul/2009:00:58:39 -0400] "GET //admin.ricettario.php?mosConfig_absolute_path=http://forum.myscript.ru/upgrade/log1.txt? HTTP/1.1" 404 219 "-" "Mozilla/5.0"
62.16.115.69 - - [10/Jul/2009:00:58:39 -0400] "GET /logs//admin.ricettario.php?mosConfig_absolute_path=http://forum.myscript.ru/upgrade/log1.txt? HTTP/1.1" 404 224 "-" "Mozilla/5.0"
62.16.115.69 - - [10/Jul/2009:00:58:39 -0400] "GET /logs/access_log.Q109051000//admin.ricettario.php?mosConfig_absolute_path=http://forum.myscript.ru/upgrade/log1.txt? HTTP/1.1" 404 246 "-" "Mozilla/5.0"
85.17.10.239 - - [10/Jul/2009:00:58:42 -0400] "GET /index.php?env%5Binclude_prefix%5D=http://www.die-grenzreiter.com/content/download/fx29id.txt?? HTTP/1.1" 404 207 "-" "Mozilla/5.0"
85.17.10.239 - - [10/Jul/2009:00:58:43 -0400] "GET /logs/index.php?env%5Binclude_prefix%5D=http://www.die-grenzreiter.com/content/download/fx29id.txt?? HTTP/1.1" 404 212 "-" "Mozilla/5.0"
85.17.10.239 - - [10/Jul/2009:00:58:45 -0400] "GET /logs/access_log.Q109062300/index.php?env%5Binclude_prefix%5D=http://www.die-grenzreiter.com/content/download/fx29id.txt?? HTTP/1.1" 404 234 "-" "Mozilla/5.0"
209.59.12.99 - - [10/Jul/2009:00:59:09 -0400] "GET / HTTP/1.0" 200 409 "-" "check_http/1.81 (nagios-plugins 1.4)"
85.17.10.239 - - [10/Jul/2009:01:01:43 -0400] "GET /logs/access_log.Q109062300%20%20/index.php?env%5Binclude_prefix%5D=http://www.die-grenzreiter.com/content/download/fx29id.txt?? HTTP/1.1" 404 236 "-" "Mozilla/5.0"
216.86.146.10 - - [10/Jul/2009:01:01:44 -0400] "GET //modules/TotalCalendar/validcode.php?inc_dir=http://www.die-grenzreiter.com/content/download/fx29id.txt?? HTTP/1.1" 404 234 "-" "Mozilla/5.0"
216.86.146.10 - - [10/Jul/2009:01:01:44 -0400] "GET /logs//modules/TotalCalendar/validcode.php?inc_dir=http://www.die-grenzreiter.com/content/download/fx29id.txt?? HTTP/1.1" 404 239 "-" "Mozilla/5.0"
216.86.146.10 - - [10/Jul/2009:01:01:44 -0400] "GET /logs/access_log.Q109052200//modules/TotalCalendar/validcode.php?inc_dir=http://www.die-grenzreiter.com/content/download/fx29id.txt?? HTTP/1.1" 404 261 "-" "Mozilla/5.0"
216.86.146.10 - - [10/Jul/2009:01:03:48 -0400] "GET /logs/access_log.Q109052200%20%20//modules/TotalCalendar/validcode.php?inc_dir=http://www.die-grenzreiter.com/content/download/fx29id.txt?? HTTP/1.1" 404 263 "-" "Mozilla/5.0"
211.236.242.164 - - [10/Jul/2009:01:04:05 -0400] "GET /logs/access_log.Q109060100%20%20//uhp_config.php?mosConfig_absolute_path=http://knbang.co.kr/security/trans/images/id1.txt? HTTP/1.1" 404 242 "-" "Mozilla/5.0"
209.59.12.99 - - [10/Jul/2009:01:04:10 -0400] "GET / HTTP/1.0" 200 409 "-" "check_http/1.81 (nagios-plugins 1.4)"
211.236.242.164 - - [10/Jul/2009:01:04:25 -0400] "GET /logs/access_log.Q109052900%20%20//uhp_config.php?mosConfig_absolute_path=http://knbang.co.kr/security/trans/images/id1.txt? HTTP/1.1" 404 242 "-" "Mozilla/5.0"
216.86.146.10 - - [10/Jul/2009:01:04:26 -0400] "GET /logs/access_log.Q109052400%20%20//modules/TotalCalendar/validcode.php?inc_dir=http://www.die-grenzreiter.com/content/download/fx29id.txt?? HTTP/1.1" 404 263 "-" "Mozilla/5.0"
209.59.12.99 - - [10/Jul/2009:01:09:09 -0400] "GET / HTTP/1.0" 200 409 "-" "check_http/1.81 (nagios-plugins 1.4)"
216.120.237.150 - - [10/Jul/2009:01:09:20 -0400] "GET /logs/access_log.Q109052900/index.php?option=com_registration&Itemid=&mosConfig_absolute_path=http://www.goldstrategie.ch/images/.cnn?? HTTP/1.1" 404 234 "-" "libwww-perl/5.811"
216.120.237.150 - - [10/Jul/2009:01:09:20 -0400] "GET /index.php?option=com_registration&Itemid=&mosConfig_absolute_path=http://www.goldstrategie.ch/images/.cnn?? HTTP/1.1" 404 207 "-" "libwww-perl/5.811"
216.120.237.150 - - [10/Jul/2009:01:09:20 -0400] "GET /logs/index.php?option=com_registration&Itemid=&mosConfig_absolute_path=http://www.goldstrategie.ch/images/.cnn?? HTTP/1.1" 404 212 "-" "libwww-perl/5.811"
216.120.237.150 - - [10/Jul/2009:01:09:28 -0400] "GET /logs/access_log.Q109062300/index.php?option=com_registration&Itemid=&mosConfig_absolute_path=http://www.goldstrategie.ch/images/.cnn?? HTTP/1.1" 404 234 "-" "libwww-perl/5.811"
216.120.237.150 - - [10/Jul/2009:01:09:28 -0400] "GET /index.php?option=com_registration&Itemid=&mosConfig_absolute_path=http://www.goldstrategie.ch/images/.cnn?? HTTP/1.1" 404 207 "-" "libwww-perl/5.811"
216.120.237.150 - - [10/Jul/2009:01:09:28 -0400] "GET /logs/index.php?option=com_registration&Itemid=&mosConfig_absolute_path=http://www.goldstrategie.ch/images/.cnn?? HTTP/1.1" 404 212 "-" "libwww-perl/5.811"
216.120.237.150 - - [10/Jul/2009:01:09:29 -0400] "GET /logs/error_log.Q109062300/index.php?option=com_registration&Itemid=&mosConfig_absolute_path=http://www.goldstrategie.ch/images/.cnn?? HTTP/1.1" 404 233 "-" "libwww-perl/5.811"
74.6.22.189 - - [10/Jul/2009:01:10:12 -0400] "GET /logs/access_log.Q109060300 HTTP/1.0" 304 - "-" "Mozilla/5.0 (compatible; Yahoo! Slurp/3.0; http://help.yahoo.com/help/us/ysearch/slurp)"
216.120.237.150 - - [10/Jul/2009:01:10:41 -0400] "GET /logs/access_log.Q109062300/index.php?option=com_registration&Itemid=&mosConfig_absolute_path=http://www.goldstrategie.ch/images/.cnn?? HTTP/1.1" 404 234 "-" "libwww-perl/5.811"
216.86.146.10 - - [10/Jul/2009:01:11:15 -0400] "GET /logs/access_log.Q109052400//modules/TotalCalendar/validcode.php?inc_dir=http://www.die-grenzreiter.com/content/download/fx29id.txt?? HTTP/1.1" 404 261 "-" "Mozilla/5.0"
209.59.12.99 - - [10/Jul/2009:01:14:11 -0400] "GET / HTTP/1.0" 200 409 "-" "check_http/1.81 (nagios-plugins 1.4)"
62.16.115.69 - - [10/Jul/2009:01:15:53 -0400] "GET /logs/index.php?option=com_xfaq&task=answer&Itemid=S@BUN&catid=97&aid=http://forum.myscript.ru/upgrade/log1.txt?? HTTP/1.1" 404 212 "-" "Mozilla/5.0"
62.16.115.69 - - [10/Jul/2009:01:15:53 -0400] "GET /index.php?option=com_xfaq&task=answer&Itemid=S@BUN&catid=97&aid=http://forum.myscript.ru/upgrade/log1.txt?? HTTP/1.1" 404 207 "-" "Mozilla/5.0"
62.16.115.69 - - [10/Jul/2009:01:15:53 -0400] "GET /logs/access_log.Q109062200/index.php?option=com_xfaq&task=answer&Itemid=S@BUN&catid=97&aid=http://forum.myscript.ru/upgrade/log1.txt?? HTTP/1.1" 404 234 "-" "Mozilla/5.0"
62.16.115.69 - - [10/Jul/2009:01:15:53 -0400] "GET /logs/access_log.Q109050800/index.php?option=com_xfaq&task=answer&Itemid=S@BUN&catid=97&aid=http://forum.myscript.ru/upgrade/log1.txt?? HTTP/1.1" 404 234 "-" "Mozilla/5.0"
66.249.68.70 - - [10/Jul/2009:01:16:49 -0400] "GET /images/items/0011316_thumb.jpg HTTP/1.1" 200 707 "-" "Googlebot-Image/1.0"
65.23.158.226 - - [10/Jul/2009:01:17:40 -0400] "GET /logs/access_log.Q109062900/administrator/components/com_jcs/jcs.function.php?mosConfig_absolute_path=http://internetpanel.dk/wp/tmp/thumb?? HTTP/1.1" 404 274 "-" "Mozilla/5.0 (compatible; Konqueror/3.1; Linux 2.4.22-10mdk; X11; i686; fr, fr_FR)"
65.23.158.226 - - [10/Jul/2009:01:17:40 -0400] "GET /administrator/components/com_jcs/jcs.function.php?mosConfig_absolute_path=http://internetpanel.dk/wp/tmp/thumb?? HTTP/1.1" 404 247 "-" "Mozilla/5.0 (compatible; Konqueror/3.1; Linux 2.4.22-10mdk; X11; i686; fr, fr_FR)"
65.23.158.226 - - [10/Jul/2009:01:17:40 -0400] "GET /logs/administrator/components/com_jcs/jcs.function.php?mosConfig_absolute_path=http://internetpanel.dk/wp/tmp/thumb?? HTTP/1.1" 404 252 "-" "Mozilla/5.0 (compatible; Konqueror/3.1; Linux 2.4.22-10mdk; X11; i686; fr, fr_FR)"
65.23.158.226 - - [10/Jul/2009:01:18:10 -0400] "GET /logs/access_log.Q109062900/administrator/components/com_jcs/jcs.function.php?mosConfig_absolute_path=http://internetpanel.dk/wp/tmp/thumb?? HTTP/1.1" 404 274 "-" "Mozilla/5.0 (Windows; U; Windows CE 4.21; rv:1.8b4) Gecko/20050720 Minimo/0.007"
65.23.158.226 - - [10/Jul/2009:01:18:10 -0400] "GET /administrator/components/com_jcs/jcs.function.php?mosConfig_absolute_path=http://internetpanel.dk/wp/tmp/thumb?? HTTP/1.1" 404 247 "-" "Mozilla/5.0 (Windows; U; Windows CE 4.21; rv:1.8b4) Gecko/20050720 Minimo/0.007"
65.23.158.226 - - [10/Jul/2009:01:18:14 -0400] "GET /logs/administrator/components/com_jcs/jcs.function.php?mosConfig_absolute_path=http://internetpanel.dk/wp/tmp/thumb?? HTTP/1.1" 404 252 "-" "Mozilla/5.0 (Windows; U; Windows CE 4.21; rv:1.8b4) Gecko/20050720 Minimo/0.007"
72.55.179.121 - - [10/Jul/2009:01:18:17 -0400] "GET /logs/access_log.Q109063000//skin/zero_vote/ask_password.php?dir=http://mmemba.org/mambots/idxx.txt?? HTTP/1.1" 404 257 "-" "Mozilla/5.0"
72.55.179.121 - - [10/Jul/2009:01:18:17 -0400] "GET //skin/zero_vote/ask_password.php?dir=http://mmemba.org/mambots/idxx.txt?? HTTP/1.1" 404 230 "-" "Mozilla/5.0"
72.55.179.121 - - [10/Jul/2009:01:18:17 -0400] "GET /logs//skin/zero_vote/ask_password.php?dir=http://mmemba.org/mambots/idxx.txt?? HTTP/1.1" 404 235 "-" "Mozilla/5.0"
65.23.158.226 - - [10/Jul/2009:01:18:54 -0400] "GET /logs/access_log.Q109050900/administrator/components/com_jcs/jcs.function.php?mosConfig_absolute_path=http://internetpanel.dk/wp/tmp/thumb?? HTTP/1.1" 404 274 "-" "Mozilla/5.0 (compatible; Konqueror/3.1; Linux 2.4.22-10mdk; X11; i686; fr, fr_FR)"
94.23.2.21 - - [10/Jul/2009:01:18:58 -0400] "GET //skin/zero_vote/ask_password.php?dir=http://mmemba.org/mambots/idxx.txt?? HTTP/1.1" 404 230 "-" "Mozilla/5.0"
94.23.2.21 - - [10/Jul/2009:01:18:58 -0400] "GET /logs//skin/zero_vote/ask_password.php?dir=http://mmemba.org/mambots/idxx.txt?? HTTP/1.1" 404 235 "-" "Mozilla/5.0"
94.23.2.21 - - [10/Jul/2009:01:18:58 -0400] "GET /logs/access_log.Q109063000//skin/zero_vote/ask_password.php?dir=http://mmemba.org/mambots/idxx.txt?? HTTP/1.1" 404 257 "-" "Mozilla/5.0"
65.23.158.226 - - [10/Jul/2009:01:19:04 -0400] "GET /logs/access_log.Q109050900/administrator/components/com_jcs/jcs.function.php?mosConfig_absolute_path=http://internetpanel.dk/wp/tmp/thumb?? HTTP/1.1" 404 274 "-" "Mozilla/5.0 (Windows; U; Windows CE 4.21; rv:1.8b4) Gecko/20050720 Minimo/0.007"
209.59.12.99 - - [10/Jul/2009:01:19:12 -0400] "GET / HTTP/1.0" 200 409 "-" "check_http/1.81 (nagios-plugins 1.4)"
74.6.22.189 - - [10/Jul/2009:01:20:39 -0400] "GET /logs/error_log.Q109060600 HTTP/1.0" 200 2504670 "-" "Mozilla/5.0 (compatible; Yahoo! Slurp/3.0; http://help.yahoo.com/help/us/ysearch/slurp)"
216.120.237.150 - - [10/Jul/2009:01:20:48 -0400] "GET /logs/access_log.Q109062300/index2.php?option=com_registration&Itemid=&mosConfig_absolute_path=http://www.goldstrategie.ch/images/.cnn?? HTTP/1.1" 404 235 "-" "libwww-perl/5.811"
216.120.237.150 - - [10/Jul/2009:01:20:48 -0400] "GET /logs/index2.php?option=com_registration&Itemid=&mosConfig_absolute_path=http://www.goldstrategie.ch/images/.cnn?? HTTP/1.1" 404 213 "-" "libwww-perl/5.811"
216.120.237.150 - - [10/Jul/2009:01:20:48 -0400] "GET /index2.php?option=com_registration&Itemid=&mosConfig_absolute_path=http://www.goldstrategie.ch/images/.cnn?? HTTP/1.1" 404 208 "-" "libwww-perl/5.811"
216.120.237.150 - - [10/Jul/2009:01:20:50 -0400] "GET /logs/error_log.Q109062300/index2.php?option=com_registration&Itemid=&mosConfig_absolute_path=http://www.goldstrategie.ch/images/.cnn?? HTTP/1.1" 404 234 "-" "libwww-perl/5.811"
74.6.22.189 - - [10/Jul/2009:01:20:46 -0400] "GET /logs/error_log.Q109060600 HTTP/1.0" 200 2504670 "-" "Mozilla/5.0 (compatible; Yahoo! Slurp/3.0; http://help.yahoo.com/help/us/ysearch/slurp)"
72.55.179.121 - - [10/Jul/2009:01:21:17 -0400] "GET /logs//skin/zero_vote/ask_password.php?dir=http://mmemba.org/mambots/idxx.txt?? HTTP/1.1" 404 235 "-" "Mozilla/5.0"
72.55.179.121 - - [10/Jul/2009:01:21:17 -0400] "GET //skin/zero_vote/ask_password.php?dir=http://mmemba.org/mambots/idxx.txt?? HTTP/1.1" 404 230 "-" "Mozilla/5.0"
72.55.179.121 - - [10/Jul/2009:01:21:17 -0400] "GET /logs/access_log.Q109063000//skin/zero_vote/ask_password.php?dir=http://mmemba.org/mambots/idxx.txt?? HTTP/1.1" 404 257 "-" "Mozilla/5.0"
217.65.100.23 - - [10/Jul/2009:01:22:13 -0400] "GET //include/mail.inc.php?skin_board_path=http://mmemba.org/mambots/perkosa.txt??? HTTP/1.1" 404 219 "-" "libwww-perl/5.805"
217.65.100.23 - - [10/Jul/2009:01:22:13 -0400] "GET /logs//include/mail.inc.php?skin_board_path=http://mmemba.org/mambots/perkosa.txt??? HTTP/1.1" 404 224 "-" "libwww-perl/5.805"
217.65.100.23 - - [10/Jul/2009:01:22:13 -0400] "GET /logs/access_log.Q109052800//include/mail.inc.php?skin_board_path=http://mmemba.org/mambots/perkosa.txt??? HTTP/1.1" 404 246 "-" "libwww-perl/5.805"
217.65.100.23 - - [10/Jul/2009:01:22:23 -0400] "GET /logs/error_log.Q109052800//include/mail.inc.php?skin_board_path=http://mmemba.org/mambots/perkosa.txt??? HTTP/1.1" 404 245 "-" "libwww-perl/5.805"
66.33.213.7 - - [10/Jul/2009:01:22:25 -0400] "GET //uhp_config.php?mosConfig_absolute_path=http://211.179.234.210:8000/design07/user/user/info//fx29id.txt?? HTTP/1.1" 404 213 "-" "Mozilla/5.0"
66.33.213.7 - - [10/Jul/2009:01:22:25 -0400] "GET /logs//uhp_config.php?mosConfig_absolute_path=http://211.179.234.210:8000/design07/user/user/info//fx29id.txt?? HTTP/1.1" 404 218 "-" "Mozilla/5.0"
66.33.213.7 - - [10/Jul/2009:01:22:25 -0400] "GET /logs/access_log.Q109052900//uhp_config.php?mosConfig_absolute_path=http://211.179.234.210:8000/design07/user/user/info//fx29id.txt?? HTTP/1.1" 404 240 "-" "Mozilla/5.0"
66.33.213.7 - - [10/Jul/2009:01:22:25 -0400] "GET /logs/access_log.Q109060100//uhp_config.php?mosConfig_absolute_path=http://211.179.234.210:8000/design07/user/user/info//fx29id.txt?? HTTP/1.1" 404 240 "-" "Mozilla/5.0"
205.234.187.238 - - [10/Jul/2009:01:23:13 -0400] "GET /administrator/components/com_comprofiler/plugin.class.php?mosConfig_absolute_path=http://www.cotrimex.com.br/imagens/fx29id1.txt?? HTTP/1.1" 404 255 "-" "Mozilla/5.0"
205.234.187.238 - - [10/Jul/2009:01:23:13 -0400] "GET /logs/administrator/components/com_comprofiler/plugin.class.php?mosConfig_absolute_path=http://www.cotrimex.com.br/imagens/fx29id1.txt?? HTTP/1.1" 404 260 "-" "Mozilla/5.0"
205.234.187.238 - - [10/Jul/2009:01:23:13 -0400] "GET /logs/access_log.Q109051700/administrator/components/com_comprofiler/plugin.class.php?mosConfig_absolute_path=http://www.cotrimex.com.br/imagens/fx29id1.txt?? HTTP/1.1" 404 282 "-" "Mozilla/5.0"
205.234.187.238 - - [10/Jul/2009:01:23:23 -0400] "GET /administrator/components/com_comprofiler/plugin.class.php?mosConfig_absolute_path=http://www.2u264.com/bbs//include/idi.txt??? HTTP/1.1" 404 255 "-" "libwww-perl/5.811"
205.234.187.238 - - [10/Jul/2009:01:23:23 -0400] "GET /logs/access_log.Q109051700/administrator/components/com_comprofiler/plugin.class.php?mosConfig_absolute_path=http://www.2u264.com/bbs//include/idi.txt??? HTTP/1.1" 404 282 "-" "libwww-perl/5.811"
205.234.187.238 - - [10/Jul/2009:01:23:24 -0400] "GET /logs/administrator/components/com_comprofiler/plugin.class.php?mosConfig_absolute_path=http://www.2u264.com/bbs//include/idi.txt??? HTTP/1.1" 404 260 "-" "libwww-perl/5.811"
209.59.12.99 - - [10/Jul/2009:01:24:11 -0400] "GET / HTTP/1.0" 200 409 "-" "check_http/1.81 (nagios-plugins 1.4)"
205.234.187.238 - - [10/Jul/2009:01:24:16 -0400] "GET /logs/access_log.Q109070100/administrator/components/com_comprofiler/plugin.class.php?mosConfig_absolute_path=http://www.cotrimex.com.br/imagens/fx29id1.txt?? HTTP/1.1" 404 282 "-" "Mozilla/5.0"
205.234.187.238 - - [10/Jul/2009:01:24:27 -0400] "GET /logs/access_log.Q109070100/administrator/components/com_comprofiler/plugin.class.php?mosConfig_absolute_path=http://www.2u264.com/bbs//include/idi.txt??? HTTP/1.1" 404 282 "-" "libwww-perl/5.811"
218.146.231.194 - - [10/Jul/2009:01:24:35 -0400] "GET /logs/access_log.Q109061400/administrator/components/com_comprofiler/plugin.class.php?mosConfig_absolute_path=http://www.yes-tech.co.kr/technote7/data/board/kkkorder/file/module/copyright.txt?? HTTP/1.1" 404 282 "-" "Mozilla/5.0"
218.146.231.194 - - [10/Jul/2009:01:24:35 -0400] "GET /administrator/components/com_comprofiler/plugin.class.php?mosConfig_absolute_path=http://www.yes-tech.co.kr/technote7/data/board/kkkorder/file/module/copyright.txt?? HTTP/1.1" 404 255 "-" "Mozilla/5.0"
218.146.231.194 - - [10/Jul/2009:01:24:35 -0400] "GET /logs/administrator/components/com_comprofiler/plugin.class.php?mosConfig_absolute_path=http://www.yes-tech.co.kr/technote7/data/board/kkkorder/file/module/copyright.txt?? HTTP/1.1" 404 260 "-" "Mozilla/5.0"
209.172.33.230 - - [10/Jul/2009:01:24:49 -0400] "GET /popup.php?path=http://www.raindrip.com/cms/media/id.txt???? HTTP/1.1" 404 207 "-" "libwww-perl/5.812"
209.172.33.230 - - [10/Jul/2009:01:24:49 -0400] "GET /logs/access_log.Q109060400/popup.php?path=http://www.raindrip.com/cms/media/id.txt???? HTTP/1.1" 404 234 "-" "libwww-perl/5.812"
209.172.33.230 - - [10/Jul/2009:01:24:49 -0400] "GET /logs/popup.php?path=http://www.raindrip.com/cms/media/id.txt???? HTTP/1.1" 404 212 "-" "libwww-perl/5.812"
218.146.231.194 - - [10/Jul/2009:01:24:58 -0400] "GET /logs/error_log.Q109061400/administrator/components/com_comprofiler/plugin.class.php?mosConfig_absolute_path=http://www.yes-tech.co.kr/technote7/data/board/kkkorder/file/module/copyright.txt?? HTTP/1.1" 404 281 "-" "Mozilla/5.0"
209.172.33.230 - - [10/Jul/2009:01:25:07 -0400] "GET /logs/access_log.Q109053000/popup.php?path=http://www.raindrip.com/cms/media/id.txt???? HTTP/1.1" 404 234 "-" "libwww-perl/5.812"
205.234.187.238 - - [10/Jul/2009:01:26:06 -0400] "GET /logs/access_log.Q109051700%20%20/administrator/components/com_comprofiler/plugin.class.php?mosConfig_absolute_path=http://www.cotrimex.com.br/imagens/fx29id1.txt?? HTTP/1.1" 404 284 "-" "Mozilla/5.0"
66.249.68.70 - - [10/Jul/2009:01:26:25 -0400] "GET /CGI-BIN/LANSAWEB?WEBEVENT+L0184CE46083492003A81031+M37+ENG HTTP/1.1" 500 197 "-" "Mozilla/5.0 (compatible; Googlebot/2.1; +http://www.google.com/bot.html)"
205.234.187.238 - - [10/Jul/2009:01:26:34 -0400] "GET /logs/access_log.Q109070100%20%20/administrator/components/com_comprofiler/plugin.class.php?mosConfig_absolute_path=http://www.cotrimex.com.br/imagens/fx29id1.txt?? HTTP/1.1" 404 284 "-" "Mozilla/5.0"
66.249.68.70 - - [10/Jul/2009:01:26:36 -0400] "GET /CGI-BIN/LANSAWEB?WEBEVENT+L0184CE4608D462003E81031+M37+ENG HTTP/1.1" 500 197 "-" "Mozilla/5.0 (compatible; Googlebot/2.1; +http://www.google.com/bot.html)"
66.249.68.247 - - [10/Jul/2009:01:26:46 -0400] "GET /CGI-BIN/LANSAWEB?WEBEVENT+L0184CE46086472003A81031+M37+ENG HTTP/1.1" 500 197 "-" "Mozilla/5.0 (compatible; Googlebot/2.1; +http://www.google.com/bot.html)"
66.249.68.247 - - [10/Jul/2009:01:26:56 -0400] "GET /CGI-BIN/LANSAWEB?WEBEVENT+L0184CE4608B4C2003A81031+M37+ENG HTTP/1.1" 500 197 "-" "Mozilla/5.0 (compatible; Googlebot/2.1; +http://www.google.com/bot.html)"
66.33.213.7 - - [10/Jul/2009:01:26:58 -0400] "GET /logs/access_log.Q109052900%20%20//uhp_config.php?mosConfig_absolute_path=http://211.179.234.210:8000/design07/user/user/info//fx29id.txt?? HTTP/1.1" 404 242 "-" "Mozilla/5.0"
66.33.213.7 - - [10/Jul/2009:01:26:58 -0400] "GET /logs/access_log.Q109060100%20%20//uhp_config.php?mosConfig_absolute_path=http://211.179.234.210:8000/design07/user/user/info//fx29id.txt?? HTTP/1.1" 404 242 "-" "Mozilla/5.0"
74.86.17.106 - - [10/Jul/2009:01:27:46 -0400] "GET /popup.php?path=http://unitarstudents.com/portal/cmss/yes.txt???? HTTP/1.1" 404 207 "-" "libwww-perl/5.79"
74.86.17.106 - - [10/Jul/2009:01:27:46 -0400] "GET /logs/access_log.Q109060400/popup.php?path=http://unitarstudents.com/portal/cmss/yes.txt???? HTTP/1.1" 404 234 "-" "libwww-perl/5.79"
74.86.17.106 - - [10/Jul/2009:01:27:47 -0400] "GET /logs/popup.php?path=http://unitarstudents.com/portal/cmss/yes.txt???? HTTP/1.1" 404 212 "-" "libwww-perl/5.79"
121.169.189.169 - - [10/Jul/2009:01:27:49 -0400] "GET /cgi-bin/lansaweb?procfun+wordpr01+webfunc+M37 HTTP/1.1" 200 76277 "-" "Mozilla/5.0 (Windows; U; Windows NT 5.1; en-US) AppleWebKit/530.5 (KHTML, like Gecko) Chrome/2.0.172.33 Safari/530.5"
121.169.189.169 - - [10/Jul/2009:01:27:51 -0400] "GET /images/head_aceLogo.gif HTTP/1.1" 200 984 "http://www.aceonlinestore.com/cgi-bin/lansaweb?procfun+wordpr01+webfunc+M37" "Mozilla/5.0 (Windows; U; Windows NT 5.1; en-US) AppleWebKit/530.5 (KHTML, like Gecko) Chrome/2.0.172.33 Safari/530.5"
121.169.189.169 - - [10/Jul/2009:01:27:51 -0400] "GET /images/head_btn-catalogs.gif HTTP/1.1" 200 1729 "http://www.aceonlinestore.com/cgi-bin/lansaweb?procfun+wordpr01+webfunc+M37" "Mozilla/5.0 (Windows; U; Windows NT 5.1; en-US) AppleWebKit/530.5 (KHTML, like Gecko) Chrome/2.0.172.33 Safari/530.5"
121.169.189.169 - - [10/Jul/2009:01:27:51 -0400] "GET /images/head_btn-shop.gif HTTP/1.1" 200 1970 "http://www.aceonlinestore.com/cgi-bin/lansaweb?procfun+wordpr01+webfunc+M37" "Mozilla/5.0 (Windows; U; Windows NT 5.1; en-US) AppleWebKit/530.5 (KHTML, like Gecko) Chrome/2.0.172.33 Safari/530.5"
121.169.189.169 - - [10/Jul/2009:01:27:51 -0400] "GET /images/head_btn-products.gif HTTP/1.1" 200 1531 "http://www.aceonlinestore.com/cgi-bin/lansaweb?procfun+wordpr01+webfunc+M37" "Mozilla/5.0 (Windows; U; Windows NT 5.1; en-US) AppleWebKit/530.5 (KHTML, like Gecko) Chrome/2.0.172.33 Safari/530.5"
121.169.189.169 - - [10/Jul/2009:01:27:51 -0400] "GET /images/head_btn-brochures.gif HTTP/1.1" 200 1768 "http://www.aceonlinestore.com/cgi-bin/lansaweb?procfun+wordpr01+webfunc+M37" "Mozilla/5.0 (Windows; U; Windows NT 5.1; en-US) AppleWebKit/530.5 (KHTML, like Gecko) Chrome/2.0.172.33 Safari/530.5"
121.169.189.169 - - [10/Jul/2009:01:27:51 -0400] "GET /images/head_btn-space1.gif HTTP/1.1" 200 5036 "http://www.aceonlinestore.com/cgi-bin/lansaweb?procfun+wordpr01+webfunc+M37" "Mozilla/5.0 (Windows; U; Windows NT 5.1; en-US) AppleWebKit/530.5 (KHTML, like Gecko) Chrome/2.0.172.33 Safari/530.5"
121.169.189.169 - - [10/Jul/2009:01:27:51 -0400] "GET /images/head_surgical-supply.gif HTTP/1.1" 200 764 "http://www.aceonlinestore.com/cgi-bin/lansaweb?procfun+wordpr01+webfunc+M37" "Mozilla/5.0 (Windows; U; Windows NT 5.1; en-US) AppleWebKit/530.5 (KHTML, like Gecko) Chrome/2.0.172.33 Safari/530.5"
121.169.189.169 - - [10/Jul/2009:01:27:51 -0400] "GET /images/head_btn-aboutUs.gif HTTP/1.1" 200 1459 "http://www.aceonlinestore.com/cgi-bin/lansaweb?procfun+wordpr01+webfunc+M37" "Mozilla/5.0 (Windows; U; Windows NT 5.1; en-US) AppleWebKit/530.5 (KHTML, like Gecko) Chrome/2.0.172.33 Safari/530.5"
121.169.189.169 - - [10/Jul/2009:01:27:51 -0400] "GET /images/head_btn-tutorials.gif HTTP/1.1" 200 1160 "http://www.aceonlinestore.com/cgi-bin/lansaweb?procfun+wordpr01+webfunc+M37" "Mozilla/5.0 (Windows; U; Windows NT 5.1; en-US) AppleWebKit/530.5 (KHTML, like Gecko) Chrome/2.0.172.33 Safari/530.5"
121.169.189.169 - - [10/Jul/2009:01:27:51 -0400] "GET /images/head_btn-seminars.gif HTTP/1.1" 200 1250 "http://www.aceonlinestore.com/cgi-bin/lansaweb?procfun+wordpr01+webfunc+M37" "Mozilla/5.0 (Windows; U; Windows NT 5.1; en-US) AppleWebKit/530.5 (KHTML, like Gecko) Chrome/2.0.172.33 Safari/530.5"
121.169.189.169 - - [10/Jul/2009:01:27:51 -0400] "GET /images/head_btn-conventions.gif HTTP/1.1" 200 1367 "http://www.aceonlinestore.com/cgi-bin/lansaweb?procfun+wordpr01+webfunc+M37" "Mozilla/5.0 (Windows; U; Windows NT 5.1; en-US) AppleWebKit/530.5 (KHTML, like Gecko) Chrome/2.0.172.33 Safari/530.5"
121.169.189.169 - - [10/Jul/2009:01:27:51 -0400] "GET /images/head_btn-contactUs.gif HTTP/1.1" 200 1235 "http://www.aceonlinestore.com/cgi-bin/lansaweb?procfun+wordpr01+webfunc+M37" "Mozilla/5.0 (Windows; U; Windows NT 5.1; en-US) AppleWebKit/530.5 (KHTML, like Gecko) Chrome/2.0.172.33 Safari/530.5"
121.169.189.169 - - [10/Jul/2009:01:27:52 -0400] "GET /images/head_btn-spacer2.gif HTTP/1.1" 200 2237 "http://www.aceonlinestore.com/cgi-bin/lansaweb?procfun+wordpr01+webfunc+M37" "Mozilla/5.0 (Windows; U; Windows NT 5.1; en-US) AppleWebKit/530.5 (KHTML, like Gecko) Chrome/2.0.172.33 Safari/530.5"
121.169.189.169 - - [10/Jul/2009:01:27:52 -0400] "GET /images/login_go.gif HTTP/1.1" 200 296 "http://www.aceonlinestore.com/cgi-bin/lansaweb?procfun+wordpr01+webfunc+M37" "Mozilla/5.0 (Windows; U; Windows NT 5.1; en-US) AppleWebKit/530.5 (KHTML, like Gecko) Chrome/2.0.172.33 Safari/530.5"
121.169.189.169 - - [10/Jul/2009:01:27:52 -0400] "GET /images/psearch_go.gif HTTP/1.1" 200 296 "http://www.aceonlinestore.com/cgi-bin/lansaweb?procfun+wordpr01+webfunc+M37" "Mozilla/5.0 (Windows; U; Windows NT 5.1; en-US) AppleWebKit/530.5 (KHTML, like Gecko) Chrome/2.0.172.33 Safari/530.5"
121.169.189.169 - - [10/Jul/2009:01:27:52 -0400] "GET /images/blend.jpg HTTP/1.1" 200 405 "http://www.aceonlinestore.com/cgi-bin/lansaweb?procfun+wordpr01+webfunc+M37" "Mozilla/5.0 (Windows; U; Windows NT 5.1; en-US) AppleWebKit/530.5 (KHTML, like Gecko) Chrome/2.0.172.33 Safari/530.5"
121.169.189.169 - - [10/Jul/2009:01:27:52 -0400] "GET /images/cat_dot.gif HTTP/1.1" 200 45 "http://www.aceonlinestore.com/cgi-bin/lansaweb?procfun+wordpr01+webfunc+M37" "Mozilla/5.0 (Windows; U; Windows NT 5.1; en-US) AppleWebKit/530.5 (KHTML, like Gecko) Chrome/2.0.172.33 Safari/530.5"
121.169.189.169 - - [10/Jul/2009:01:27:52 -0400] "GET /images/cat_expand.gif HTTP/1.1" 200 79 "http://www.aceonlinestore.com/cgi-bin/lansaweb?procfun+wordpr01+webfunc+M37" "Mozilla/5.0 (Windows; U; Windows NT 5.1; en-US) AppleWebKit/530.5 (KHTML, like Gecko) Chrome/2.0.172.33 Safari/530.5"
121.169.189.169 - - [10/Jul/2009:01:27:52 -0400] "GET /images/cat_link.gif HTTP/1.1" 200 46 "http://www.aceonlinestore.com/cgi-bin/lansaweb?procfun+wordpr01+webfunc+M37" "Mozilla/5.0 (Windows; U; Windows NT 5.1; en-US) AppleWebKit/530.5 (KHTML, like Gecko) Chrome/2.0.172.33 Safari/530.5"
121.169.189.169 - - [10/Jul/2009:01:27:53 -0400] "GET /images/head_aceLogo-over.gif HTTP/1.1" 200 1296 "http://www.aceonlinestore.com/cgi-bin/lansaweb?procfun+wordpr01+webfunc+M37" "Mozilla/5.0 (Windows; U; Windows NT 5.1; en-US) AppleWebKit/530.5 (KHTML, like Gecko) Chrome/2.0.172.33 Safari/530.5"
121.169.189.169 - - [10/Jul/2009:01:27:53 -0400] "GET /images/head_btn-shop-over.gif HTTP/1.1" 200 1473 "http://www.aceonlinestore.com/cgi-bin/lansaweb?procfun+wordpr01+webfunc+M37" "Mozilla/5.0 (Windows; U; Windows NT 5.1; en-US) AppleWebKit/530.5 (KHTML, like Gecko) Chrome/2.0.172.33 Safari/530.5"
121.169.189.169 - - [10/Jul/2009:01:27:53 -0400] "GET /images/head_btn-products-over.gif HTTP/1.1" 200 1396 "http://www.aceonlinestore.com/cgi-bin/lansaweb?procfun+wordpr01+webfunc+M37" "Mozilla/5.0 (Windows; U; Windows NT 5.1; en-US) AppleWebKit/530.5 (KHTML, like Gecko) Chrome/2.0.172.33 Safari/530.5"
121.169.189.169 - - [10/Jul/2009:01:27:53 -0400] "GET /images/head_btn-catalog-over.gif HTTP/1.1" 200 1354 "http://www.aceonlinestore.com/cgi-bin/lansaweb?procfun+wordpr01+webfunc+M37" "Mozilla/5.0 (Windows; U; Windows NT 5.1; en-US) AppleWebKit/530.5 (KHTML, like Gecko) Chrome/2.0.172.33 Safari/530.5"
121.169.189.169 - - [10/Jul/2009:01:27:53 -0400] "GET /images/head_btn-brochures-over.gif HTTP/1.1" 200 1392 "http://www.aceonlinestore.com/cgi-bin/lansaweb?procfun+wordpr01+webfunc+M37" "Mozilla/5.0 (Windows; U; Windows NT 5.1; en-US) AppleWebKit/530.5 (KHTML, like Gecko) Chrome/2.0.172.33 Safari/530.5"
121.169.189.169 - - [10/Jul/2009:01:27:53 -0400] "GET /images/head_btn-aboutUs-over.gif HTTP/1.1" 200 1156 "http://www.aceonlinestore.com/cgi-bin/lansaweb?procfun+wordpr01+webfunc+M37" "Mozilla/5.0 (Windows; U; Windows NT 5.1; en-US) AppleWebKit/530.5 (KHTML, like Gecko) Chrome/2.0.172.33 Safari/530.5"
121.169.189.169 - - [10/Jul/2009:01:27:53 -0400] "GET /images/head_btn-tutorials-over.gif HTTP/1.1" 200 1097 "http://www.aceonlinestore.com/cgi-bin/lansaweb?procfun+wordpr01+webfunc+M37" "Mozilla/5.0 (Windows; U; Windows NT 5.1; en-US) AppleWebKit/530.5 (KHTML, like Gecko) Chrome/2.0.172.33 Safari/530.5"
121.169.189.169 - - [10/Jul/2009:01:27:53 -0400] "GET /images/head_btn-seminars-over.gif HTTP/1.1" 200 1089 "http://www.aceonlinestore.com/cgi-bin/lansaweb?procfun+wordpr01+webfunc+M37" "Mozilla/5.0 (Windows; U; Windows NT 5.1; en-US) AppleWebKit/530.5 (KHTML, like Gecko) Chrome/2.0.172.33 Safari/530.5"
121.169.189.169 - - [10/Jul/2009:01:27:53 -0400] "GET /images/head_btn-conventions-over.gif HTTP/1.1" 200 1195 "http://www.aceonlinestore.com/cgi-bin/lansaweb?procfun+wordpr01+webfunc+M37" "Mozilla/5.0 (Windows; U; Windows NT 5.1; en-US) AppleWebKit/530.5 (KHTML, like Gecko) Chrome/2.0.172.33 Safari/530.5"
121.169.189.169 - - [10/Jul/2009:01:27:53 -0400] "GET /images/head_btn-contactUs-over.gif HTTP/1.1" 200 1110 "http://www.aceonlinestore.com/cgi-bin/lansaweb?procfun+wordpr01+webfunc+M37" "Mozilla/5.0 (Windows; U; Windows NT 5.1; en-US) AppleWebKit/530.5 (KHTML, like Gecko) Chrome/2.0.172.33 Safari/530.5"
121.169.189.169 - - [10/Jul/2009:01:27:53 -0400] "GET /favicon.ico HTTP/1.1" 404 209 "-" "Mozilla/5.0 (Windows; U; Windows NT 5.1; en-US) AppleWebKit/530.5 (KHTML, like Gecko) Chrome/2.0.172.33 Safari/530.5"
74.86.17.106 - - [10/Jul/2009:01:27:57 -0400] "GET /logs/access_log.Q109060400/popup.php?path=http://unitarstudents.com/portal/cmss/yes.txt???? HTTP/1.1" 404 234 "-" "libwww-perl/5.79"
74.86.17.106 - - [10/Jul/2009:01:27:57 -0400] "GET /logs/popup.php?path=http://unitarstudents.com/portal/cmss/yes.txt???? HTTP/1.1" 404 212 "-" "libwww-perl/5.79"
74.86.17.106 - - [10/Jul/2009:01:27:58 -0400] "GET /popup.php?path=http://unitarstudents.com/portal/cmss/yes.txt???? HTTP/1.1" 404 207 "-" "libwww-perl/5.79"
121.169.189.169 - - [10/Jul/2009:01:28:04 -0400] "POST /CGI-BIN/LANSAWEB?WEBEVENT+L1154EA420C74290066E1021+M37+ENG HTTP/1.1" 200 37540 "http://www.aceonlinestore.com/cgi-bin/lansaweb?procfun+wordpr01+webfunc+M37" "Mozilla/5.0 (Windows; U; Windows NT 5.1; en-US) AppleWebKit/530.5 (KHTML, like Gecko) Chrome/2.0.172.33 Safari/530.5"
121.169.189.169 - - [10/Jul/2009:01:28:06 -0400] "GET /images/head_aceLogo.gif HTTP/1.1" 200 984 "https://www.aceonlinestore.com/CGI-BIN/LANSAWEB?WEBEVENT+L1154EA420C74290066E1021+M37+ENG" "Mozilla/5.0 (Windows; U; Windows NT 5.1; en-US) AppleWebKit/530.5 (KHTML, like Gecko) Chrome/2.0.172.33 Safari/530.5"
121.169.189.169 - - [10/Jul/2009:01:28:06 -0400] "GET /images/head_btn-catalogs.gif HTTP/1.1" 200 1729 "https://www.aceonlinestore.com/CGI-BIN/LANSAWEB?WEBEVENT+L1154EA420C74290066E1021+M37+ENG" "Mozilla/5.0 (Windows; U; Windows NT 5.1; en-US) AppleWebKit/530.5 (KHTML, like Gecko) Chrome/2.0.172.33 Safari/530.5"
121.169.189.169 - - [10/Jul/2009:01:28:06 -0400] "GET /images/head_btn-products.gif HTTP/1.1" 200 1531 "https://www.aceonlinestore.com/CGI-BIN/LANSAWEB?WEBEVENT+L1154EA420C74290066E1021+M37+ENG" "Mozilla/5.0 (Windows; U; Windows NT 5.1; en-US) AppleWebKit/530.5 (KHTML, like Gecko) Chrome/2.0.172.33 Safari/530.5"
121.169.189.169 - - [10/Jul/2009:01:28:06 -0400] "GET /images/head_btn-shop.gif HTTP/1.1" 200 1970 "https://www.aceonlinestore.com/CGI-BIN/LANSAWEB?WEBEVENT+L1154EA420C74290066E1021+M37+ENG" "Mozilla/5.0 (Windows; U; Windows NT 5.1; en-US) AppleWebKit/530.5 (KHTML, like Gecko) Chrome/2.0.172.33 Safari/530.5"
121.169.189.169 - - [10/Jul/2009:01:28:07 -0400] "GET /images/head_btn-brochures.gif HTTP/1.1" 200 1768 "https://www.aceonlinestore.com/CGI-BIN/LANSAWEB?WEBEVENT+L1154EA420C74290066E1021+M37+ENG" "Mozilla/5.0 (Windows; U; Windows NT 5.1; en-US) AppleWebKit/530.5 (KHTML, like Gecko) Chrome/2.0.172.33 Safari/530.5"
121.169.189.169 - - [10/Jul/2009:01:28:07 -0400] "GET /images/head_btn-space1.gif HTTP/1.1" 200 5036 "https://www.aceonlinestore.com/CGI-BIN/LANSAWEB?WEBEVENT+L1154EA420C74290066E1021+M37+ENG" "Mozilla/5.0 (Windows; U; Windows NT 5.1; en-US) AppleWebKit/530.5 (KHTML, like Gecko) Chrome/2.0.172.33 Safari/530.5"
121.169.189.169 - - [10/Jul/2009:01:28:07 -0400] "GET /images/head_surgical-supply.gif HTTP/1.1" 200 764 "https://www.aceonlinestore.com/CGI-BIN/LANSAWEB?WEBEVENT+L1154EA420C74290066E1021+M37+ENG" "Mozilla/5.0 (Windows; U; Windows NT 5.1; en-US) AppleWebKit/530.5 (KHTML, like Gecko) Chrome/2.0.172.33 Safari/530.5"
121.169.189.169 - - [10/Jul/2009:01:28:07 -0400] "GET /images/head_btn-tutorials.gif HTTP/1.1" 200 1160 "https://www.aceonlinestore.com/CGI-BIN/LANSAWEB?WEBEVENT+L1154EA420C74290066E1021+M37+ENG" "Mozilla/5.0 (Windows; U; Windows NT 5.1; en-US) AppleWebKit/530.5 (KHTML, like Gecko) Chrome/2.0.172.33 Safari/530.5"
121.169.189.169 - - [10/Jul/2009:01:28:07 -0400] "GET /images/head_btn-aboutUs.gif HTTP/1.1" 200 1459 "https://www.aceonlinestore.com/CGI-BIN/LANSAWEB?WEBEVENT+L1154EA420C74290066E1021+M37+ENG" "Mozilla/5.0 (Windows; U; Windows NT 5.1; en-US) AppleWebKit/530.5 (KHTML, like Gecko) Chrome/2.0.172.33 Safari/530.5"
121.169.189.169 - - [10/Jul/2009:01:28:07 -0400] "GET /images/head_btn-conventions.gif HTTP/1.1" 200 1367 "https://www.aceonlinestore.com/CGI-BIN/LANSAWEB?WEBEVENT+L1154EA420C74290066E1021+M37+ENG" "Mozilla/5.0 (Windows; U; Windows NT 5.1; en-US) AppleWebKit/530.5 (KHTML, like Gecko) Chrome/2.0.172.33 Safari/530.5"
121.169.189.169 - - [10/Jul/2009:01:28:07 -0400] "GET /images/head_btn-contactUs.gif HTTP/1.1" 200 1235 "https://www.aceonlinestore.com/CGI-BIN/LANSAWEB?WEBEVENT+L1154EA420C74290066E1021+M37+ENG" "Mozilla/5.0 (Windows; U; Windows NT 5.1; en-US) AppleWebKit/530.5 (KHTML, like Gecko) Chrome/2.0.172.33 Safari/530.5"
121.169.189.169 - - [10/Jul/2009:01:28:07 -0400] "GET /images/head_btn-spacer2.gif HTTP/1.1" 200 2237 "https://www.aceonlinestore.com/CGI-BIN/LANSAWEB?WEBEVENT+L1154EA420C74290066E1021+M37+ENG" "Mozilla/5.0 (Windows; U; Windows NT 5.1; en-US) AppleWebKit/530.5 (KHTML, like Gecko) Chrome/2.0.172.33 Safari/530.5"
121.169.189.169 - - [10/Jul/2009:01:28:07 -0400] "GET /images/blend.jpg HTTP/1.1" 200 405 "https://www.aceonlinestore.com/CGI-BIN/LANSAWEB?WEBEVENT+L1154EA420C74290066E1021+M37+ENG" "Mozilla/5.0 (Windows; U; Windows NT 5.1; en-US) AppleWebKit/530.5 (KHTML, like Gecko) Chrome/2.0.172.33 Safari/530.5"
121.169.189.169 - - [10/Jul/2009:01:28:07 -0400] "GET /images/psearch_go.gif HTTP/1.1" 200 296 "https://www.aceonlinestore.com/CGI-BIN/LANSAWEB?WEBEVENT+L1154EA420C74290066E1021+M37+ENG" "Mozilla/5.0 (Windows; U; Windows NT 5.1; en-US) AppleWebKit/530.5 (KHTML, like Gecko) Chrome/2.0.172.33 Safari/530.5"
121.169.189.169 - - [10/Jul/2009:01:28:07 -0400] "GET /images/head_btn-seminars.gif HTTP/1.1" 200 1250 "https://www.aceonlinestore.com/CGI-BIN/LANSAWEB?WEBEVENT+L1154EA420C74290066E1021+M37+ENG" "Mozilla/5.0 (Windows; U; Windows NT 5.1; en-US) AppleWebKit/530.5 (KHTML, like Gecko) Chrome/2.0.172.33 Safari/530.5"
121.169.189.169 - - [10/Jul/2009:01:28:08 -0400] "GET /images/head_aceLogo-over.gif HTTP/1.1" 200 1296 "https://www.aceonlinestore.com/CGI-BIN/LANSAWEB?WEBEVENT+L1154EA420C74290066E1021+M37+ENG" "Mozilla/5.0 (Windows; U; Windows NT 5.1; en-US) AppleWebKit/530.5 (KHTML, like Gecko) Chrome/2.0.172.33 Safari/530.5"
121.169.189.169 - - [10/Jul/2009:01:28:08 -0400] "GET /images/head_btn-shop-over.gif HTTP/1.1" 200 1473 "https://www.aceonlinestore.com/CGI-BIN/LANSAWEB?WEBEVENT+L1154EA420C74290066E1021+M37+ENG" "Mozilla/5.0 (Windows; U; Windows NT 5.1; en-US) AppleWebKit/530.5 (KHTML, like Gecko) Chrome/2.0.172.33 Safari/530.5"
121.169.189.169 - - [10/Jul/2009:01:28:08 -0400] "GET /images/head_btn-products-over.gif HTTP/1.1" 200 1396 "https://www.aceonlinestore.com/CGI-BIN/LANSAWEB?WEBEVENT+L1154EA420C74290066E1021+M37+ENG" "Mozilla/5.0 (Windows; U; Windows NT 5.1; en-US) AppleWebKit/530.5 (KHTML, like Gecko) Chrome/2.0.172.33 Safari/530.5"
