121.169.189.169 - - [10/Jul/2009:01:28:08 -0400] "GET /images/head_btn-catalog-over.gif HTTP/1.1" 200 1354 "https://www.aceonlinestore.com/CGI-BIN/LANSAWEB?WEBEVENT+L1154EA420C74290066E1021+M37+ENG" "Mozilla/5.0 (Windows; U; Windows NT 5.1; en-US) AppleWebKit/530.5 (KHTML, like Gecko) Chrome/2.0.172.33 Safari/530.5"
121.169.189.169 - - [10/Jul/2009:01:28:08 -0400] "GET /images/head_btn-brochures-over.gif HTTP/1.1" 200 1392 "https://www.aceonlinestore.com/CGI-BIN/LANSAWEB?WEBEVENT+L1154EA420C74290066E1021+M37+ENG" "Mozilla/5.0 (Windows; U; Windows NT 5.1; en-US) AppleWebKit/530.5 (KHTML, like Gecko) Chrome/2.0.172.33 Safari/530.5"
121.169.189.169 - - [10/Jul/2009:01:28:08 -0400] "GET /images/head_btn-aboutUs-over.gif HTTP/1.1" 200 1156 "https://www.aceonlinestore.com/CGI-BIN/LANSAWEB?WEBEVENT+L1154EA420C74290066E1021+M37+ENG" "Mozilla/5.0 (Windows; U; Windows NT 5.1; en-US) AppleWebKit/530.5 (KHTML, like Gecko) Chrome/2.0.172.33 Safari/530.5"
121.169.189.169 - - [10/Jul/2009:01:28:08 -0400] "GET /images/head_btn-tutorials-over.gif HTTP/1.1" 200 1097 "https://www.aceonlinestore.com/CGI-BIN/LANSAWEB?WEBEVENT+L1154EA420C74290066E1021+M37+ENG" "Mozilla/5.0 (Windows; U; Windows NT 5.1; en-US) AppleWebKit/530.5 (KHTML, like Gecko) Chrome/2.0.172.33 Safari/530.5"
121.169.189.169 - - [10/Jul/2009:01:28:08 -0400] "GET /images/head_btn-seminars-over.gif HTTP/1.1" 200 1089 "https://www.aceonlinestore.com/CGI-BIN/LANSAWEB?WEBEVENT+L1154EA420C74290066E1021+M37+ENG" "Mozilla/5.0 (Windows; U; Windows NT 5.1; en-US) AppleWebKit/530.5 (KHTML, like Gecko) Chrome/2.0.172.33 Safari/530.5"
121.169.189.169 - - [10/Jul/2009:01:28:08 -0400] "GET /images/head_btn-conventions-over.gif HTTP/1.1" 200 1195 "https://www.aceonlinestore.com/CGI-BIN/LANSAWEB?WEBEVENT+L1154EA420C74290066E1021+M37+ENG" "Mozilla/5.0 (Windows; U; Windows NT 5.1; en-US) AppleWebKit/530.5 (KHTML, like Gecko) Chrome/2.0.172.33 Safari/530.5"
121.169.189.169 - - [10/Jul/2009:01:28:08 -0400] "GET /images/head_btn-contactUs-over.gif HTTP/1.1" 200 1110 "https://www.aceonlinestore.com/CGI-BIN/LANSAWEB?WEBEVENT+L1154EA420C74290066E1021+M37+ENG" "Mozilla/5.0 (Windows; U; Windows NT 5.1; en-US) AppleWebKit/530.5 (KHTML, like Gecko) Chrome/2.0.172.33 Safari/530.5"
121.169.189.169 - - [10/Jul/2009:01:28:10 -0400] "POST /CGI-BIN/LANSAWEB?WEBEVENT+L1154EA4206C4D9007221021+M37+ENG HTTP/1.1" 200 76692 "https://www.aceonlinestore.com/CGI-BIN/LANSAWEB?WEBEVENT+L1154EA420C74290066E1021+M37+ENG" "Mozilla/5.0 (Windows; U; Windows NT 5.1; en-US) AppleWebKit/530.5 (KHTML, like Gecko) Chrome/2.0.172.33 Safari/530.5"
121.169.189.169 - - [10/Jul/2009:01:28:14 -0400] "GET /images/cat_dot.gif HTTP/1.1" 200 45 "https://www.aceonlinestore.com/CGI-BIN/LANSAWEB?WEBEVENT+L1154EA4206C4D9007221021+M37+ENG" "Mozilla/5.0 (Windows; U; Windows NT 5.1; en-US) AppleWebKit/530.5 (KHTML, like Gecko) Chrome/2.0.172.33 Safari/530.5"
121.169.189.169 - - [10/Jul/2009:01:28:14 -0400] "GET /images/cat_link.gif HTTP/1.1" 200 46 "https://www.aceonlinestore.com/CGI-BIN/LANSAWEB?WEBEVENT+L1154EA4206C4D9007221021+M37+ENG" "Mozilla/5.0 (Windows; U; Windows NT 5.1; en-US) AppleWebKit/530.5 (KHTML, like Gecko) Chrome/2.0.172.33 Safari/530.5"
121.169.189.169 - - [10/Jul/2009:01:28:14 -0400] "GET /images/cat_expand.gif HTTP/1.1" 200 79 "https://www.aceonlinestore.com/CGI-BIN/LANSAWEB?WEBEVENT+L1154EA4206C4D9007221021+M37+ENG" "Mozilla/5.0 (Windows; U; Windows NT 5.1; en-US) AppleWebKit/530.5 (KHTML, like Gecko) Chrome/2.0.172.33 Safari/530.5"
121.169.189.169 - - [10/Jul/2009:01:28:30 -0400] "POST /CGI-BIN/LANSAWEB?WEBEVENT+L1154EA48005459007D11021+M37+ENG HTTP/1.1" 200 45575 "-" "Mozilla/5.0 (Windows; U; Windows NT 5.1; en-US) AppleWebKit/530.5 (KHTML, like Gecko) Chrome/2.0.172.33 Safari/530.5"
74.86.17.106 - - [10/Jul/2009:01:28:32 -0400] "GET /logs/access_log.Q109053000/popup.php?path=http://unitarstudents.com/portal/cmss/yes.txt???? HTTP/1.1" 404 234 "-" "libwww-perl/5.79"
121.169.189.169 - - [10/Jul/2009:01:28:33 -0400] "GET /images/pf-a.gif HTTP/1.1" 200 798 "http://www.aceonlinestore.com/CGI-BIN/LANSAWEB?WEBEVENT+L1154EA48005459007D11021+M37+ENG" "Mozilla/5.0 (Windows; U; Windows NT 5.1; en-US) AppleWebKit/530.5 (KHTML, like Gecko) Chrome/2.0.172.33 Safari/530.5"
121.169.189.169 - - [10/Jul/2009:01:28:33 -0400] "GET /images/space.gif HTTP/1.1" 200 43 "http://www.aceonlinestore.com/CGI-BIN/LANSAWEB?WEBEVENT+L1154EA48005459007D11021+M37+ENG" "Mozilla/5.0 (Windows; U; Windows NT 5.1; en-US) AppleWebKit/530.5 (KHTML, like Gecko) Chrome/2.0.172.33 Safari/530.5"
74.86.17.106 - - [10/Jul/2009:01:28:37 -0400] "GET /logs/access_log.Q109053000/popup.php?path=http://unitarstudents.com/portal/cmss/yes.txt???? HTTP/1.1" 404 234 "-" "libwww-perl/5.79"
209.59.12.99 - - [10/Jul/2009:01:29:12 -0400] "GET / HTTP/1.0" 200 409 "-" "check_http/1.81 (nagios-plugins 1.4)"
140.116.87.15 - - [10/Jul/2009:01:30:35 -0400] "GET /logs/access_log.Q109061300 HTTP/1.1" 200 2008810 "http://tw.search.yahoo.com/search?p=140.116.87.15&fr=yfp&ei=utf-8&v=0" "Mozilla/5.0 (Windows; U; Windows NT 5.1; zh-TW; rv:1.9.0.11) Gecko/2009060215 Firefox/3.0.11 (.NET CLR 3.5.30729)"
85.214.134.224 - - [10/Jul/2009:01:30:53 -0400] "GET /logs/access_log.Q109062100//modules/xgallery/upgrade_album.php?GALLERY_BASEDIR=http://www.durgana.de/calendar/images/wing.gif??? HTTP/1.1" 404 260 "-" "libwww-perl/5.803"
85.214.134.224 - - [10/Jul/2009:01:30:53 -0400] "GET //modules/xgallery/upgrade_album.php?GALLERY_BASEDIR=http://www.durgana.de/calendar/images/wing.gif??? HTTP/1.1" 404 233 "-" "libwww-perl/5.803"
85.214.134.224 - - [10/Jul/2009:01:30:53 -0400] "GET /logs//modules/xgallery/upgrade_album.php?GALLERY_BASEDIR=http://www.durgana.de/calendar/images/wing.gif??? HTTP/1.1" 404 238 "-" "libwww-perl/5.803"
85.214.134.224 - - [10/Jul/2009:01:30:54 -0400] "GET /logs/access_log.Q109061300//modules/xgallery/upgrade_album.php?GALLERY_BASEDIR=http://www.durgana.de/calendar/images/wing.gif??? HTTP/1.1" 404 260 "-" "libwww-perl/5.803"
173.22.193.148 - - [10/Jul/2009:01:31:21 -0400] "GET /images/login_go.gif HTTP/1.1" 200 296 "http://www.acesurgical.com/home.html" "Mozilla/5.0 (Macintosh; U; Intel Mac OS X 10_5_7; en-us) AppleWebKit/530.18 (KHTML, like Gecko) Version/4.0.1 Safari/530.18"
173.22.193.148 - - [10/Jul/2009:01:31:21 -0400] "GET /images/psearch_go.gif HTTP/1.1" 200 296 "http://www.acesurgical.com/home.html" "Mozilla/5.0 (Macintosh; U; Intel Mac OS X 10_5_7; en-us) AppleWebKit/530.18 (KHTML, like Gecko) Version/4.0.1 Safari/530.18"
173.22.193.148 - - [10/Jul/2009:01:31:24 -0400] "GET /cgi-bin/lansaweb?procfun+wordpr01+webfunc+M37 HTTP/1.1" 200 76277 "http://www.acesurgical.com/home.html" "Mozilla/5.0 (Macintosh; U; Intel Mac OS X 10_5_7; en-us) AppleWebKit/530.18 (KHTML, like Gecko) Version/4.0.1 Safari/530.18"
173.22.193.148 - - [10/Jul/2009:01:31:25 -0400] "GET /images/head_aceLogo.gif HTTP/1.1" 200 984 "http://www.aceonlinestore.com/cgi-bin/lansaweb?procfun+wordpr01+webfunc+M37" "Mozilla/5.0 (Macintosh; U; Intel Mac OS X 10_5_7; en-us) AppleWebKit/530.18 (KHTML, like Gecko) Version/4.0.1 Safari/530.18"
173.22.193.148 - - [10/Jul/2009:01:31:25 -0400] "GET /images/head_btn-shop.gif HTTP/1.1" 200 1970 "http://www.aceonlinestore.com/cgi-bin/lansaweb?procfun+wordpr01+webfunc+M37" "Mozilla/5.0 (Macintosh; U; Intel Mac OS X 10_5_7; en-us) AppleWebKit/530.18 (KHTML, like Gecko) Version/4.0.1 Safari/530.18"
173.22.193.148 - - [10/Jul/2009:01:31:25 -0400] "GET /images/head_btn-products.gif HTTP/1.1" 200 1531 "http://www.aceonlinestore.com/cgi-bin/lansaweb?procfun+wordpr01+webfunc+M37" "Mozilla/5.0 (Macintosh; U; Intel Mac OS X 10_5_7; en-us) AppleWebKit/530.18 (KHTML, like Gecko) Version/4.0.1 Safari/530.18"
173.22.193.148 - - [10/Jul/2009:01:31:25 -0400] "GET /images/head_btn-brochures.gif HTTP/1.1" 200 1768 "http://www.aceonlinestore.com/cgi-bin/lansaweb?procfun+wordpr01+webfunc+M37" "Mozilla/5.0 (Macintosh; U; Intel Mac OS X 10_5_7; en-us) AppleWebKit/530.18 (KHTML, like Gecko) Version/4.0.1 Safari/530.18"
173.22.193.148 - - [10/Jul/2009:01:31:25 -0400] "GET /images/head_btn-space1.gif HTTP/1.1" 200 5036 "http://www.aceonlinestore.com/cgi-bin/lansaweb?procfun+wordpr01+webfunc+M37" "Mozilla/5.0 (Macintosh; U; Intel Mac OS X 10_5_7; en-us) AppleWebKit/530.18 (KHTML, like Gecko) Version/4.0.1 Safari/530.18"
173.22.193.148 - - [10/Jul/2009:01:31:25 -0400] "GET /images/head_surgical-supply.gif HTTP/1.1" 200 764 "http://www.aceonlinestore.com/cgi-bin/lansaweb?procfun+wordpr01+webfunc+M37" "Mozilla/5.0 (Macintosh; U; Intel Mac OS X 10_5_7; en-us) AppleWebKit/530.18 (KHTML, like Gecko) Version/4.0.1 Safari/530.18"
173.22.193.148 - - [10/Jul/2009:01:31:25 -0400] "GET /images/head_btn-aboutUs.gif HTTP/1.1" 200 1459 "http://www.aceonlinestore.com/cgi-bin/lansaweb?procfun+wordpr01+webfunc+M37" "Mozilla/5.0 (Macintosh; U; Intel Mac OS X 10_5_7; en-us) AppleWebKit/530.18 (KHTML, like Gecko) Version/4.0.1 Safari/530.18"
173.22.193.148 - - [10/Jul/2009:01:31:25 -0400] "GET /images/head_btn-tutorials.gif HTTP/1.1" 200 1160 "http://www.aceonlinestore.com/cgi-bin/lansaweb?procfun+wordpr01+webfunc+M37" "Mozilla/5.0 (Macintosh; U; Intel Mac OS X 10_5_7; en-us) AppleWebKit/530.18 (KHTML, like Gecko) Version/4.0.1 Safari/530.18"
173.22.193.148 - - [10/Jul/2009:01:31:25 -0400] "GET /images/head_btn-seminars.gif HTTP/1.1" 200 1250 "http://www.aceonlinestore.com/cgi-bin/lansaweb?procfun+wordpr01+webfunc+M37" "Mozilla/5.0 (Macintosh; U; Intel Mac OS X 10_5_7; en-us) AppleWebKit/530.18 (KHTML, like Gecko) Version/4.0.1 Safari/530.18"
173.22.193.148 - - [10/Jul/2009:01:31:25 -0400] "GET /images/head_btn-conventions.gif HTTP/1.1" 200 1367 "http://www.aceonlinestore.com/cgi-bin/lansaweb?procfun+wordpr01+webfunc+M37" "Mozilla/5.0 (Macintosh; U; Intel Mac OS X 10_5_7; en-us) AppleWebKit/530.18 (KHTML, like Gecko) Version/4.0.1 Safari/530.18"
173.22.193.148 - - [10/Jul/2009:01:31:26 -0400] "GET /images/head_btn-contactUs.gif HTTP/1.1" 200 1235 "http://www.aceonlinestore.com/cgi-bin/lansaweb?procfun+wordpr01+webfunc+M37" "Mozilla/5.0 (Macintosh; U; Intel Mac OS X 10_5_7; en-us) AppleWebKit/530.18 (KHTML, like Gecko) Version/4.0.1 Safari/530.18"
173.22.193.148 - - [10/Jul/2009:01:31:26 -0400] "GET /images/head_btn-catalogs.gif HTTP/1.1" 200 1729 "http://www.aceonlinestore.com/cgi-bin/lansaweb?procfun+wordpr01+webfunc+M37" "Mozilla/5.0 (Macintosh; U; Intel Mac OS X 10_5_7; en-us) AppleWebKit/530.18 (KHTML, like Gecko) Version/4.0.1 Safari/530.18"
173.22.193.148 - - [10/Jul/2009:01:31:27 -0400] "GET /images/head_btn-spacer2.gif HTTP/1.1" 200 2237 "http://www.aceonlinestore.com/cgi-bin/lansaweb?procfun+wordpr01+webfunc+M37" "Mozilla/5.0 (Macintosh; U; Intel Mac OS X 10_5_7; en-us) AppleWebKit/530.18 (KHTML, like Gecko) Version/4.0.1 Safari/530.18"
173.22.193.148 - - [10/Jul/2009:01:31:27 -0400] "GET /images/blend.jpg HTTP/1.1" 200 405 "http://www.aceonlinestore.com/cgi-bin/lansaweb?procfun+wordpr01+webfunc+M37" "Mozilla/5.0 (Macintosh; U; Intel Mac OS X 10_5_7; en-us) AppleWebKit/530.18 (KHTML, like Gecko) Version/4.0.1 Safari/530.18"
173.22.193.148 - - [10/Jul/2009:01:31:27 -0400] "GET /images/cat_link.gif HTTP/1.1" 200 46 "http://www.aceonlinestore.com/cgi-bin/lansaweb?procfun+wordpr01+webfunc+M37" "Mozilla/5.0 (Macintosh; U; Intel Mac OS X 10_5_7; en-us) AppleWebKit/530.18 (KHTML, like Gecko) Version/4.0.1 Safari/530.18"
173.22.193.148 - - [10/Jul/2009:01:31:27 -0400] "GET /images/cat_dot.gif HTTP/1.1" 200 45 "http://www.aceonlinestore.com/cgi-bin/lansaweb?procfun+wordpr01+webfunc+M37" "Mozilla/5.0 (Macintosh; U; Intel Mac OS X 10_5_7; en-us) AppleWebKit/530.18 (KHTML, like Gecko) Version/4.0.1 Safari/530.18"
173.22.193.148 - - [10/Jul/2009:01:31:27 -0400] "GET /images/cat_expand.gif HTTP/1.1" 200 79 "http://www.aceonlinestore.com/cgi-bin/lansaweb?procfun+wordpr01+webfunc+M37" "Mozilla/5.0 (Macintosh; U; Intel Mac OS X 10_5_7; en-us) AppleWebKit/530.18 (KHTML, like Gecko) Version/4.0.1 Safari/530.18"
173.22.193.148 - - [10/Jul/2009:01:31:27 -0400] "GET /images/head_btn-shop-over.gif HTTP/1.1" 200 1473 "http://www.aceonlinestore.com/cgi-bin/lansaweb?procfun+wordpr01+webfunc+M37" "Mozilla/5.0 (Macintosh; U; Intel Mac OS X 10_5_7; en-us) AppleWebKit/530.18 (KHTML, like Gecko) Version/4.0.1 Safari/530.18"
173.22.193.148 - - [10/Jul/2009:01:31:27 -0400] "GET /favicon.ico HTTP/1.1" 404 209 "http://www.aceonlinestore.com/cgi-bin/lansaweb?procfun+wordpr01+webfunc+M37" "Mozilla/5.0 (Macintosh; U; Intel Mac OS X 10_5_7; en-us) AppleWebKit/530.18 (KHTML, like Gecko) Version/4.0.1 Safari/530.18"
173.22.193.148 - - [10/Jul/2009:01:31:27 -0400] "GET /images/head_btn-catalog-over.gif HTTP/1.1" 200 1354 "http://www.aceonlinestore.com/cgi-bin/lansaweb?procfun+wordpr01+webfunc+M37" "Mozilla/5.0 (Macintosh; U; Intel Mac OS X 10_5_7; en-us) AppleWebKit/530.18 (KHTML, like Gecko) Version/4.0.1 Safari/530.18"
173.22.193.148 - - [10/Jul/2009:01:31:27 -0400] "GET /images/head_btn-seminars-over.gif HTTP/1.1" 200 1089 "http://www.aceonlinestore.com/cgi-bin/lansaweb?procfun+wordpr01+webfunc+M37" "Mozilla/5.0 (Macintosh; U; Intel Mac OS X 10_5_7; en-us) AppleWebKit/530.18 (KHTML, like Gecko) Version/4.0.1 Safari/530.18"
173.22.193.148 - - [10/Jul/2009:01:31:27 -0400] "GET /images/head_aceLogo-over.gif HTTP/1.1" 200 1296 "http://www.aceonlinestore.com/cgi-bin/lansaweb?procfun+wordpr01+webfunc+M37" "Mozilla/5.0 (Macintosh; U; Intel Mac OS X 10_5_7; en-us) AppleWebKit/530.18 (KHTML, like Gecko) Version/4.0.1 Safari/530.18"
173.22.193.148 - - [10/Jul/2009:01:31:27 -0400] "GET /images/head_btn-brochures-over.gif HTTP/1.1" 200 1392 "http://www.aceonlinestore.com/cgi-bin/lansaweb?procfun+wordpr01+webfunc+M37" "Mozilla/5.0 (Macintosh; U; Intel Mac OS X 10_5_7; en-us) AppleWebKit/530.18 (KHTML, like Gecko) Version/4.0.1 Safari/530.18"
173.22.193.148 - - [10/Jul/2009:01:31:27 -0400] "GET /images/head_btn-contactUs-over.gif HTTP/1.1" 200 1110 "http://www.aceonlinestore.com/cgi-bin/lansaweb?procfun+wordpr01+webfunc+M37" "Mozilla/5.0 (Macintosh; U; Intel Mac OS X 10_5_7; en-us) AppleWebKit/530.18 (KHTML, like Gecko) Version/4.0.1 Safari/530.18"
173.22.193.148 - - [10/Jul/2009:01:31:27 -0400] "GET /images/head_btn-aboutUs-over.gif HTTP/1.1" 200 1156 "http://www.aceonlinestore.com/cgi-bin/lansaweb?procfun+wordpr01+webfunc+M37" "Mozilla/5.0 (Macintosh; U; Intel Mac OS X 10_5_7; en-us) AppleWebKit/530.18 (KHTML, like Gecko) Version/4.0.1 Safari/530.18"
173.22.193.148 - - [10/Jul/2009:01:31:27 -0400] "GET /images/head_btn-products-over.gif HTTP/1.1" 200 1396 "http://www.aceonlinestore.com/cgi-bin/lansaweb?procfun+wordpr01+webfunc+M37" "Mozilla/5.0 (Macintosh; U; Intel Mac OS X 10_5_7; en-us) AppleWebKit/530.18 (KHTML, like Gecko) Version/4.0.1 Safari/530.18"
173.22.193.148 - - [10/Jul/2009:01:31:27 -0400] "GET /images/head_btn-tutorials-over.gif HTTP/1.1" 200 1097 "http://www.aceonlinestore.com/cgi-bin/lansaweb?procfun+wordpr01+webfunc+M37" "Mozilla/5.0 (Macintosh; U; Intel Mac OS X 10_5_7; en-us) AppleWebKit/530.18 (KHTML, like Gecko) Version/4.0.1 Safari/530.18"
173.22.193.148 - - [10/Jul/2009:01:31:27 -0400] "GET /images/head_btn-conventions-over.gif HTTP/1.1" 200 1195 "http://www.aceonlinestore.com/cgi-bin/lansaweb?procfun+wordpr01+webfunc+M37" "Mozilla/5.0 (Macintosh; U; Intel Mac OS X 10_5_7; en-us) AppleWebKit/530.18 (KHTML, like Gecko) Version/4.0.1 Safari/530.18"
216.120.237.150 - - [10/Jul/2009:01:31:47 -0400] "GET /index2.php?option=com_registration&Itemid=&mosConfig_absolute_path=http://www.goldstrategie.ch/images/.cnn?? HTTP/1.1" 404 208 "-" "libwww-perl/5.811"
216.120.237.150 - - [10/Jul/2009:01:31:47 -0400] "GET /logs/access_log.Q109052900/index2.php?option=com_registration&Itemid=&mosConfig_absolute_path=http://www.goldstrategie.ch/images/.cnn?? HTTP/1.1" 404 235 "-" "libwww-perl/5.811"
216.120.237.150 - - [10/Jul/2009:01:31:47 -0400] "GET /logs/index2.php?option=com_registration&Itemid=&mosConfig_absolute_path=http://www.goldstrategie.ch/images/.cnn?? HTTP/1.1" 404 213 "-" "libwww-perl/5.811"
216.120.237.150 - - [10/Jul/2009:01:32:27 -0400] "GET /logs/access_log.Q109062300/index2.php?option=com_registration&Itemid=&mosConfig_absolute_path=http://www.goldstrategie.ch/images/.cnn?? HTTP/1.1" 404 235 "-" "libwww-perl/5.811"
121.169.189.169 - - [10/Jul/2009:01:34:01 -0400] "GET /images/pf-b.gif HTTP/1.1" 200 813 "http://www.aceonlinestore.com/CGI-BIN/LANSAWEB?WEBEVENT+L1154EA48005459007D11021+M37+ENG" "Mozilla/5.0 (Windows; U; Windows NT 5.1; en-US) AppleWebKit/530.5 (KHTML, like Gecko) Chrome/2.0.172.33 Safari/530.5"
190.248.10.179 - - [10/Jul/2009:01:34:01 -0400] "GET /logs/popup.php?path=http://unitarstudents.com/portal/cmss/yes.txt???? HTTP/1.1" 404 212 "-" "libwww-perl/5.808"
190.248.10.179 - - [10/Jul/2009:01:34:01 -0400] "GET /popup.php?path=http://unitarstudents.com/portal/cmss/yes.txt???? HTTP/1.1" 404 207 "-" "libwww-perl/5.808"
190.248.10.179 - - [10/Jul/2009:01:34:01 -0400] "GET /logs/access_log.Q109060400/popup.php?path=http://unitarstudents.com/portal/cmss/yes.txt???? HTTP/1.1" 404 234 "-" "libwww-perl/5.808"
209.59.12.99 - - [10/Jul/2009:01:34:13 -0400] "GET / HTTP/1.0" 200 409 "-" "check_http/1.81 (nagios-plugins 1.4)"
66.249.68.247 - - [10/Jul/2009:01:34:43 -0400] "GET /cgi-bin/LANSAWEB?PROCFUN+WORDPR01+FULLIMG+M37+FUNCPARMS+WEBCMP(S0020):1+WEBSSN(A0240):L208806444A618500374D080+WSEQ(S0060):1+OUITEM(A0200):5096000 HTTP/1.1" 200 27010 "-" "Mozilla/5.0 (compatible; Googlebot/2.1; +http://www.google.com/bot.html)"
190.248.10.179 - - [10/Jul/2009:01:35:02 -0400] "GET /logs/access_log.Q109053000/popup.php?path=http://unitarstudents.com/portal/cmss/yes.txt???? HTTP/1.1" 404 234 "-" "libwww-perl/5.808"
66.249.68.247 - - [10/Jul/2009:01:36:42 -0400] "GET /CGI-BIN/LANSAWEB?WEBEVENT+L0184CE46089432003081031+M37+ENG HTTP/1.1" 500 197 "-" "Mozilla/5.0 (compatible; Googlebot/2.1; +http://www.google.com/bot.html)"
74.6.22.189 - - [10/Jul/2009:01:37:43 -0400] "GET /images/_notes/store_anim_r2_c1.gif.mno HTTP/1.0" 200 250 "-" "Mozilla/5.0 (compatible; Yahoo! Slurp/3.0; http://help.yahoo.com/help/us/ysearch/slurp)"
209.59.12.99 - - [10/Jul/2009:01:39:13 -0400] "GET / HTTP/1.0" 200 409 "-" "check_http/1.81 (nagios-plugins 1.4)"
65.23.158.226 - - [10/Jul/2009:01:39:31 -0400] "GET /logs/access_log.Q109052100/components/com_colorlab/admin.color.php?mosConfig_live_site=http://internetpanel.dk/wp/tmp/thumb?? HTTP/1.1" 404 264 "-" "Mozilla/5.0 (compatible; Konqueror/3.1; Linux 2.4.22-10mdk; X11; i686; fr, fr_FR)"
65.23.158.226 - - [10/Jul/2009:01:39:31 -0400] "GET /logs/components/com_colorlab/admin.color.php?mosConfig_live_site=http://internetpanel.dk/wp/tmp/thumb?? HTTP/1.1" 404 242 "-" "Mozilla/5.0 (compatible; Konqueror/3.1; Linux 2.4.22-10mdk; X11; i686; fr, fr_FR)"
65.23.158.226 - - [10/Jul/2009:01:39:31 -0400] "GET /components/com_colorlab/admin.color.php?mosConfig_live_site=http://internetpanel.dk/wp/tmp/thumb?? HTTP/1.1" 404 237 "-" "Mozilla/5.0 (compatible; Konqueror/3.1; Linux 2.4.22-10mdk; X11; i686; fr, fr_FR)"
65.23.158.226 - - [10/Jul/2009:01:39:48 -0400] "GET /components/com_colorlab/admin.color.php?mosConfig_live_site=http://internetpanel.dk/wp/tmp/thumb?? HTTP/1.1" 404 237 "-" "Mozilla/5.0 (Windows; U; Windows CE 4.21; rv:1.8b4) Gecko/20050720 Minimo/0.007"
65.23.158.226 - - [10/Jul/2009:01:39:48 -0400] "GET /logs/access_log.Q109052100/components/com_colorlab/admin.color.php?mosConfig_live_site=http://internetpanel.dk/wp/tmp/thumb?? HTTP/1.1" 404 264 "-" "Mozilla/5.0 (Windows; U; Windows CE 4.21; rv:1.8b4) Gecko/20050720 Minimo/0.007"
65.23.158.226 - - [10/Jul/2009:01:39:48 -0400] "GET /logs/components/com_colorlab/admin.color.php?mosConfig_live_site=http://internetpanel.dk/wp/tmp/thumb?? HTTP/1.1" 404 242 "-" "Mozilla/5.0 (Windows; U; Windows CE 4.21; rv:1.8b4) Gecko/20050720 Minimo/0.007"
66.98.244.93 - - [10/Jul/2009:01:40:12 -0400] "GET /logs/access_log.Q109051100%20%20//program/modules/mods_full/shopping_cart/includes/login.php?_SESSION%5Bdocroot_path%5D=http://www.angelcitytrading.com/css/1.zot? HTTP/1.1" 404 286 "-" "Mozilla/5.0"
66.98.244.93 - - [10/Jul/2009:01:40:13 -0400] "GET //program/modules/mods_full/shopping_cart/includes/login.php?_SESSION%5Bdocroot_path%5D=http://www.angelcitytrading.com/css/1.zot? HTTP/1.1" 404 257 "-" "Mozilla/5.0"
83.16.182.130 - - [10/Jul/2009:01:40:13 -0400] "GET /components/com_colorlab/admin.color.php?mosConfig_live_site=http://www.itechwon.co.kr//bbs/include/id1.txt??? HTTP/1.1" 404 237 "-" "Mozilla/5.0"
83.16.182.130 - - [10/Jul/2009:01:40:13 -0400] "GET /logs/components/com_colorlab/admin.color.php?mosConfig_live_site=http://www.itechwon.co.kr//bbs/include/id1.txt??? HTTP/1.1" 404 242 "-" "Mozilla/5.0"
66.98.244.93 - - [10/Jul/2009:01:40:13 -0400] "GET /logs//program/modules/mods_full/shopping_cart/includes/login.php?_SESSION%5Bdocroot_path%5D=http://www.angelcitytrading.com/css/1.zot? HTTP/1.1" 404 262 "-" "Mozilla/5.0"
83.16.182.130 - - [10/Jul/2009:01:40:13 -0400] "GET /logs/access_log.Q109052100%20%20/components/com_colorlab/admin.color.php?mosConfig_live_site=http://www.itechwon.co.kr//bbs/include/id1.txt??? HTTP/1.1" 404 266 "-" "Mozilla/5.0"
65.23.158.226 - - [10/Jul/2009:01:40:16 -0400] "GET /logs/access_log.Q109061100/components/com_colorlab/admin.color.php?mosConfig_live_site=http://internetpanel.dk/wp/tmp/thumb?? HTTP/1.1" 404 264 "-" "Mozilla/5.0 (Windows; U; Windows CE 4.21; rv:1.8b4) Gecko/20050720 Minimo/0.007"
65.23.158.226 - - [10/Jul/2009:01:40:22 -0400] "GET /logs/access_log.Q109061100/components/com_colorlab/admin.color.php?mosConfig_live_site=http://internetpanel.dk/wp/tmp/thumb?? HTTP/1.1" 404 264 "-" "Mozilla/5.0 (compatible; Konqueror/3.1; Linux 2.4.22-10mdk; X11; i686; fr, fr_FR)"
83.16.182.130 - - [10/Jul/2009:01:40:32 -0400] "GET /components/com_colorlab/admin.color.php?mosConfig_live_site=http://www.itechwon.co.kr//bbs/include/id1.txt??? HTTP/1.1" 404 237 "-" "Mozilla/5.0"
83.16.182.130 - - [10/Jul/2009:01:40:32 -0400] "GET /logs/components/com_colorlab/admin.color.php?mosConfig_live_site=http://www.itechwon.co.kr//bbs/include/id1.txt??? HTTP/1.1" 404 242 "-" "Mozilla/5.0"
83.16.182.130 - - [10/Jul/2009:01:40:32 -0400] "GET /logs/access_log.Q109052100/components/com_colorlab/admin.color.php?mosConfig_live_site=http://www.itechwon.co.kr//bbs/include/id1.txt??? HTTP/1.1" 404 264 "-" "Mozilla/5.0"
66.98.244.93 - - [10/Jul/2009:01:40:52 -0400] "GET /logs/access_log.Q109052800%20%20//program/modules/mods_full/shopping_cart/includes/login.php?_SESSION%5Bdocroot_path%5D=http://www.angelcitytrading.com/css/1.zot? HTTP/1.1" 404 286 "-" "Mozilla/5.0"
74.6.22.189 - - [10/Jul/2009:01:41:17 -0400] "GET /logs/access_log.Q109061900 HTTP/1.0" 304 - "-" "Mozilla/5.0 (compatible; Yahoo! Slurp/3.0; http://help.yahoo.com/help/us/ysearch/slurp)"
83.16.182.130 - - [10/Jul/2009:01:41:36 -0400] "GET /logs/access_log.Q109061100/components/com_colorlab/admin.color.php?mosConfig_live_site=http://www.itechwon.co.kr//bbs/include/id1.txt??? HTTP/1.1" 404 264 "-" "Mozilla/5.0"
83.16.182.130 - - [10/Jul/2009:01:41:39 -0400] "GET /logs/access_log.Q109052100/components/com_colorlab/admin.color.php?mosConfig_live_site=http://www.itechwon.co.kr//bbs/include/id1.txt??? HTTP/1.1" 404 264 "-" "Mozilla/5.0"
216.120.237.150 - - [10/Jul/2009:01:43:27 -0400] "GET /logs/access_log.Q109061400/index.php?option=com_virtuemart&page=shop.browse&category_id=&keyword=&manufacturer_id=&Itemid=&mosConfig_absolute_path=http://www.goldstrategie.ch/images/.cnn?? HTTP/1.1" 404 234 "-" "libwww-perl/5.811"
216.120.237.150 - - [10/Jul/2009:01:43:27 -0400] "GET /index.php?option=com_virtuemart&page=shop.browse&category_id=&keyword=&manufacturer_id=&Itemid=&mosConfig_absolute_path=http://www.goldstrategie.ch/images/.cnn?? HTTP/1.1" 404 207 "-" "libwww-perl/5.811"
216.120.237.150 - - [10/Jul/2009:01:43:27 -0400] "GET /logs/index.php?option=com_virtuemart&page=shop.browse&category_id=&keyword=&manufacturer_id=&Itemid=&mosConfig_absolute_path=http://www.goldstrategie.ch/images/.cnn?? HTTP/1.1" 404 212 "-" "libwww-perl/5.811"
216.120.237.150 - - [10/Jul/2009:01:43:32 -0400] "GET /index2.php?option=com_virtuemart&page=shop.browse&category_id=&keyword=&manufacturer_id=&Itemid=&mosConfig_absolute_path=http://www.goldstrategie.ch/images/.cnn?? HTTP/1.1" 404 208 "-" "libwww-perl/5.811"
216.120.237.150 - - [10/Jul/2009:01:43:32 -0400] "GET /logs/access_log.Q109061400/index2.php?option=com_virtuemart&page=shop.browse&category_id=&keyword=&manufacturer_id=&Itemid=&mosConfig_absolute_path=http://www.goldstrategie.ch/images/.cnn?? HTTP/1.1" 404 235 "-" "libwww-perl/5.811"
216.120.237.150 - - [10/Jul/2009:01:43:32 -0400] "GET /logs/index2.php?option=com_virtuemart&page=shop.browse&category_id=&keyword=&manufacturer_id=&Itemid=&mosConfig_absolute_path=http://www.goldstrategie.ch/images/.cnn?? HTTP/1.1" 404 213 "-" "libwww-perl/5.811"
216.120.237.150 - - [10/Jul/2009:01:43:36 -0400] "GET /logs/error_log.Q109061400/index.php?option=com_virtuemart&page=shop.browse&category_id=&keyword=&manufacturer_id=&Itemid=&mosConfig_absolute_path=http://www.goldstrategie.ch/images/.cnn?? HTTP/1.1" 404 233 "-" "libwww-perl/5.811"
216.120.237.150 - - [10/Jul/2009:01:43:39 -0400] "GET /logs/error_log.Q109061400/index2.php?option=com_virtuemart&page=shop.browse&category_id=&keyword=&manufacturer_id=&Itemid=&mosConfig_absolute_path=http://www.goldstrategie.ch/images/.cnn?? HTTP/1.1" 404 234 "-" "libwww-perl/5.811"
209.59.12.99 - - [10/Jul/2009:01:44:14 -0400] "GET / HTTP/1.0" 200 409 "-" "check_http/1.81 (nagios-plugins 1.4)"
66.249.68.70 - - [10/Jul/2009:01:45:37 -0400] "GET /images/items/0034087_thumb.jpg HTTP/1.1" 200 1505 "-" "Googlebot-Image/1.0"
121.169.189.169 - - [10/Jul/2009:01:45:46 -0400] "POST /CGI-BIN/LANSAWEB?WEBEVENT+L1154EA4B00E4F9008911021+M37+ENG HTTP/1.1" 200 45575 "http://www.aceonlinestore.com/CGI-BIN/LANSAWEB?WEBEVENT+L1154EA48005459007D11021+M37+ENG" "Mozilla/5.0 (Windows; U; Windows NT 5.1; en-US) AppleWebKit/530.5 (KHTML, like Gecko) Chrome/2.0.172.33 Safari/530.5"
83.16.182.130 - - [10/Jul/2009:01:46:09 -0400] "GET /logs/access_log.Q109052100%20%20/components/com_colorlab/admin.color.php?mosConfig_live_site=http://www.itechwon.co.kr//bbs/include/id1.txt??? HTTP/1.1" 404 266 "-" "Mozilla/5.0"
83.16.182.130 - - [10/Jul/2009:01:46:25 -0400] "GET /logs/access_log.Q109061100%20%20/components/com_colorlab/admin.color.php?mosConfig_live_site=http://www.itechwon.co.kr//bbs/include/id1.txt??? HTTP/1.1" 404 266 "-" "Mozilla/5.0"
66.249.68.247 - - [10/Jul/2009:01:46:42 -0400] "GET /CGI-BIN/LANSAWEB?WEBEVENT+L0184CE46081442003A81031+M37+ENG HTTP/1.1" 500 197 "-" "Mozilla/5.0 (compatible; Googlebot/2.1; +http://www.google.com/bot.html)"
83.16.182.130 - - [10/Jul/2009:01:49:04 -0400] "GET /logs/access_log.Q109061100/components/com_colorlab/admin.color.php?mosConfig_live_site=http://www.itechwon.co.kr//bbs/include/id1.txt??? HTTP/1.1" 404 264 "-" "Mozilla/5.0"
209.59.12.99 - - [10/Jul/2009:01:49:13 -0400] "GET / HTTP/1.0" 200 409 "-" "check_http/1.81 (nagios-plugins 1.4)"
74.6.22.189 - - [10/Jul/2009:01:50:31 -0400] "GET /logs/error_log.Q109060800 HTTP/1.0" 304 - "-" "Mozilla/5.0 (compatible; Yahoo! Slurp/3.0; http://help.yahoo.com/help/us/ysearch/slurp)"
85.214.134.224 - - [10/Jul/2009:01:51:04 -0400] "GET /logs/access_log.Q109053000/administrator/components/com_joom12pic/admin.joom12pic.php?mosConfig_live_site=http://www.durgana.de/calendar/images/wing.gif??? HTTP/1.1" 404 283 "-" "libwww-perl/5.803"
85.214.134.224 - - [10/Jul/2009:01:51:05 -0400] "GET /administrator/components/com_joom12pic/admin.joom12pic.php?mosConfig_live_site=http://www.durgana.de/calendar/images/wing.gif??? HTTP/1.1" 404 256 "-" "libwww-perl/5.803"
85.214.134.224 - - [10/Jul/2009:01:51:05 -0400] "GET /logs/administrator/components/com_joom12pic/admin.joom12pic.php?mosConfig_live_site=http://www.durgana.de/calendar/images/wing.gif??? HTTP/1.1" 404 261 "-" "libwww-perl/5.803"
85.214.134.224 - - [10/Jul/2009:01:51:06 -0400] "GET /logs/access_log.Q109052500/administrator/components/com_joom12pic/admin.joom12pic.php?mosConfig_live_site=http://www.durgana.de/calendar/images/wing.gif??? HTTP/1.1" 404 283 "-" "libwww-perl/5.803"
85.214.134.224 - - [10/Jul/2009:01:51:41 -0400] "GET /logs/error_log.Q109061700/phpffl/phpffl_webfiles/program_files/livedraft/admin.php?PHPFFL_FILE_ROOT=http://www.durgana.de/calendar/images/wing.gif??? HTTP/1.1" 404 280 "-" "libwww-perl/5.803"
85.214.134.224 - - [10/Jul/2009:01:51:41 -0400] "GET /phpffl/phpffl_webfiles/program_files/livedraft/admin.php?PHPFFL_FILE_ROOT=http://www.durgana.de/calendar/images/wing.gif??? HTTP/1.1" 404 254 "-" "libwww-perl/5.803"
85.214.134.224 - - [10/Jul/2009:01:51:41 -0400] "GET /logs/phpffl/phpffl_webfiles/program_files/livedraft/admin.php?PHPFFL_FILE_ROOT=http://www.durgana.de/calendar/images/wing.gif??? HTTP/1.1" 404 259 "-" "libwww-perl/5.803"
85.214.134.224 - - [10/Jul/2009:01:51:42 -0400] "GET /logs/access_log.Q109053000/phpffl/phpffl_webfiles/program_files/livedraft/admin.php?PHPFFL_FILE_ROOT=http://www.durgana.de/calendar/images/wing.gif??? HTTP/1.1" 404 281 "-" "libwww-perl/5.803"
85.214.134.224 - - [10/Jul/2009:01:51:48 -0400] "GET /logs/access_log.Q109062100//administrator/components/com_joomlaradiov5/admin.joomlaradiov5.php?mosConfig_live_site=http://www.durgana.de/calendar/images/wing.gif??? HTTP/1.1" 404 292 "-" "libwww-perl/5.803"
85.214.134.224 - - [10/Jul/2009:01:51:48 -0400] "GET //administrator/components/com_joomlaradiov5/admin.joomlaradiov5.php?mosConfig_live_site=http://www.durgana.de/calendar/images/wing.gif??? HTTP/1.1" 404 265 "-" "libwww-perl/5.803"
85.214.134.224 - - [10/Jul/2009:01:51:48 -0400] "GET /logs//administrator/components/com_joomlaradiov5/admin.joomlaradiov5.php?mosConfig_live_site=http://www.durgana.de/calendar/images/wing.gif??? HTTP/1.1" 404 270 "-" "libwww-perl/5.803"
85.214.134.224 - - [10/Jul/2009:01:52:00 -0400] "GET /logs/error_log.Q109062100//administrator/components/com_joomlaradiov5/admin.joomlaradiov5.php?mosConfig_live_site=http://www.durgana.de/calendar/images/wing.gif??? HTTP/1.1" 404 291 "-" "libwww-perl/5.803"
85.214.134.224 - - [10/Jul/2009:01:53:29 -0400] "GET /logs/error_log.Q109061700%20/phpffl/phpffl_webfiles/program_files/livedraft/admin.php?PHPFFL_FILE_ROOT=http://www.durgana.de/calendar/images/wing.gif??? HTTP/1.1" 404 281 "-" "libwww-perl/5.803"
85.214.134.224 - - [10/Jul/2009:01:53:29 -0400] "GET /logs/error_log.Q109061600%20/phpffl/phpffl_webfiles/program_files/livedraft/admin.php?PHPFFL_FILE_ROOT=http://www.durgana.de/calendar/images/wing.gif??? HTTP/1.1" 404 281 "-" "libwww-perl/5.803"
85.214.134.224 - - [10/Jul/2009:01:53:39 -0400] "GET /logs/access_log.Q109061400%20//administrator/components/com_joomlaradiov5/admin.joomlaradiov5.php?mosConfig_live_site=http://www.durgana.de/calendar/images/wing.gif??? HTTP/1.1" 404 293 "-" "libwww-perl/5.803"
85.214.134.224 - - [10/Jul/2009:01:53:40 -0400] "GET /logs/error_log.Q109051300%20//administrator/components/com_joomlaradiov5/admin.joomlaradiov5.php?mosConfig_live_site=http://www.durgana.de/calendar/images/wing.gif??? HTTP/1.1" 404 292 "-" "libwww-perl/5.803"
209.59.12.99 - - [10/Jul/2009:01:54:39 -0400] "GET / HTTP/1.0" 200 409 "-" "check_http/1.81 (nagios-plugins 1.4)"
209.59.12.99 - - [10/Jul/2009:01:59:40 -0400] "GET / HTTP/1.0" 200 409 "-" "check_http/1.81 (nagios-plugins 1.4)"
115.118.2.162 - - [10/Jul/2009:02:00:08 -0400] "GET /images/login_go.gif HTTP/1.0" 200 296 "http://www.acesurgical.com/catalogs.html" "Mozilla/4.0 (compatible; MSIE 7.0; Windows NT 5.1; GTB6; .NET CLR 1.1.4322)"
115.118.2.162 - - [10/Jul/2009:02:00:08 -0400] "GET /images/psearch_go.gif HTTP/1.0" 200 296 "http://www.acesurgical.com/catalogs.html" "Mozilla/4.0 (compatible; MSIE 7.0; Windows NT 5.1; GTB6; .NET CLR 1.1.4322)"
115.118.2.162 - - [10/Jul/2009:02:00:12 -0400] "GET /images/login_go-over.gif HTTP/1.0" 200 302 "http://www.acesurgical.com/catalogs.html" "Mozilla/4.0 (compatible; MSIE 7.0; Windows NT 5.1; GTB6; .NET CLR 1.1.4322)"
115.118.2.162 - - [10/Jul/2009:02:00:12 -0400] "GET /images/psearch_go-over.gif HTTP/1.0" 200 302 "http://www.acesurgical.com/catalogs.html" "Mozilla/4.0 (compatible; MSIE 7.0; Windows NT 5.1; GTB6; .NET CLR 1.1.4322)"
60.210.198.255 - - [10/Jul/2009:02:01:03 -0400] "GET /images/login_go.gif HTTP/1.1" 200 296 "http://www.acesurgical.com/home.html" "Mozilla/4.0 (compatible; MSIE 6.0; Windows NT 5.1; SV1; GTB6; Mozilla/4.0 (compatible; MSIE 6.0; Windows NT 5.1; SV1) ; .NET CLR 1.1.4322)"
60.210.198.255 - - [10/Jul/2009:02:01:03 -0400] "GET /images/psearch_go.gif HTTP/1.1" 200 296 "http://www.acesurgical.com/home.html" "Mozilla/4.0 (compatible; MSIE 6.0; Windows NT 5.1; SV1; GTB6; Mozilla/4.0 (compatible; MSIE 6.0; Windows NT 5.1; SV1) ; .NET CLR 1.1.4322)"
60.210.198.255 - - [10/Jul/2009:02:01:09 -0400] "GET /images/login_go-over.gif HTTP/1.1" 200 302 "http://www.acesurgical.com/home.html" "Mozilla/4.0 (compatible; MSIE 6.0; Windows NT 5.1; SV1; GTB6; Mozilla/4.0 (compatible; MSIE 6.0; Windows NT 5.1; SV1) ; .NET CLR 1.1.4322)"
60.210.198.255 - - [10/Jul/2009:02:01:09 -0400] "GET /images/psearch_go-over.gif HTTP/1.1" 200 302 "http://www.acesurgical.com/home.html" "Mozilla/4.0 (compatible; MSIE 6.0; Windows NT 5.1; SV1; GTB6; Mozilla/4.0 (compatible; MSIE 6.0; Windows NT 5.1; SV1) ; .NET CLR 1.1.4322)"
195.207.160.102 - - [10/Jul/2009:02:01:43 -0400] "GET /logs//index.php?option=com_agora&task=http://netseoul.com/gboard/rs/copyright.txt???? HTTP/1.1" 404 213 "-" "Mozilla/5.0"
195.207.160.102 - - [10/Jul/2009:02:01:43 -0400] "GET //index.php?option=com_agora&task=http://netseoul.com/gboard/rs/copyright.txt???? HTTP/1.1" 404 208 "-" "Mozilla/5.0"
195.207.160.102 - - [10/Jul/2009:02:01:43 -0400] "GET /logs/access_log.Q109061200//index.php?option=com_agora&task=http://netseoul.com/gboard/rs/copyright.txt???? HTTP/1.1" 404 235 "-" "Mozilla/5.0"
195.207.160.102 - - [10/Jul/2009:02:01:49 -0400] "GET /logs//index.php?option=com_agora&task=http://netseoul.com/gboard/rs/copyright.txt???? HTTP/1.1" 404 213 "-" "Mozilla/5.0"
195.207.160.102 - - [10/Jul/2009:02:01:49 -0400] "GET //index.php?option=com_agora&task=http://netseoul.com/gboard/rs/copyright.txt???? HTTP/1.1" 404 208 "-" "Mozilla/5.0"
195.207.160.102 - - [10/Jul/2009:02:01:49 -0400] "GET /logs/access_log.Q109061200//index.php?option=com_agora&task=http://netseoul.com/gboard/rs/copyright.txt???? HTTP/1.1" 404 235 "-" "Mozilla/5.0"
195.207.160.102 - - [10/Jul/2009:02:02:16 -0400] "GET /logs/access_log.Q109060700//index.php?option=com_agora&task=http://netseoul.com/gboard/rs/copyright.txt???? HTTP/1.1" 404 235 "-" "Mozilla/5.0"
195.207.160.102 - - [10/Jul/2009:02:02:25 -0400] "GET /logs/access_log.Q109060700//index.php?option=com_agora&task=http://netseoul.com/gboard/rs/copyright.txt???? HTTP/1.1" 404 235 "-" "Mozilla/5.0"
58.227.193.198 - - [10/Jul/2009:02:02:57 -0400] "GET /logs//index.php?option=com_agora&task=http://netseoul.com/gboard/rs/copyright.txt???? HTTP/1.1" 404 213 "-" "Mozilla/5.0"
58.227.193.198 - - [10/Jul/2009:02:02:57 -0400] "GET //index.php?option=com_agora&task=http://netseoul.com/gboard/rs/copyright.txt???? HTTP/1.1" 404 208 "-" "Mozilla/5.0"
58.227.193.198 - - [10/Jul/2009:02:02:57 -0400] "GET /logs/access_log.Q109061200//index.php?option=com_agora&task=http://netseoul.com/gboard/rs/copyright.txt???? HTTP/1.1" 404 235 "-" "Mozilla/5.0"
60.210.198.255 - - [10/Jul/2009:02:03:00 -0400] "GET /cgi-bin/lansaweb?procfun+wordpr01+webfunc+M37 HTTP/1.1" 200 76277 "http://www.acesurgical.com/products.html" "Mozilla/4.0 (compatible; MSIE 6.0; Windows NT 5.1; SV1; GTB6; Mozilla/4.0 (compatible; MSIE 6.0; Windows NT 5.1; SV1) ; .NET CLR 1.1.4322)"
60.210.198.255 - - [10/Jul/2009:02:03:02 -0400] "GET /images/head_aceLogo.gif HTTP/1.1" 200 984 "http://www.aceonlinestore.com/cgi-bin/lansaweb?procfun+wordpr01+webfunc+M37" "Mozilla/4.0 (compatible; MSIE 6.0; Windows NT 5.1; SV1; GTB6; Mozilla/4.0 (compatible; MSIE 6.0; Windows NT 5.1; SV1) ; .NET CLR 1.1.4322)"
60.210.198.255 - - [10/Jul/2009:02:03:02 -0400] "GET /images/head_btn-shop.gif HTTP/1.1" 200 1970 "http://www.aceonlinestore.com/cgi-bin/lansaweb?procfun+wordpr01+webfunc+M37" "Mozilla/4.0 (compatible; MSIE 6.0; Windows NT 5.1; SV1; GTB6; Mozilla/4.0 (compatible; MSIE 6.0; Windows NT 5.1; SV1) ; .NET CLR 1.1.4322)"
60.210.198.255 - - [10/Jul/2009:02:03:02 -0400] "GET /images/head_btn-products.gif HTTP/1.1" 200 1531 "http://www.aceonlinestore.com/cgi-bin/lansaweb?procfun+wordpr01+webfunc+M37" "Mozilla/4.0 (compatible; MSIE 6.0; Windows NT 5.1; SV1; GTB6; Mozilla/4.0 (compatible; MSIE 6.0; Windows NT 5.1; SV1) ; .NET CLR 1.1.4322)"
60.210.198.255 - - [10/Jul/2009:02:03:03 -0400] "GET /images/head_btn-catalogs.gif HTTP/1.1" 200 1729 "http://www.aceonlinestore.com/cgi-bin/lansaweb?procfun+wordpr01+webfunc+M37" "Mozilla/4.0 (compatible; MSIE 6.0; Windows NT 5.1; SV1; GTB6; Mozilla/4.0 (compatible; MSIE 6.0; Windows NT 5.1; SV1) ; .NET CLR 1.1.4322)"
60.210.198.255 - - [10/Jul/2009:02:03:03 -0400] "GET /images/head_btn-brochures.gif HTTP/1.1" 200 1768 "http://www.aceonlinestore.com/cgi-bin/lansaweb?procfun+wordpr01+webfunc+M37" "Mozilla/4.0 (compatible; MSIE 6.0; Windows NT 5.1; SV1; GTB6; Mozilla/4.0 (compatible; MSIE 6.0; Windows NT 5.1; SV1) ; .NET CLR 1.1.4322)"
60.210.198.255 - - [10/Jul/2009:02:03:04 -0400] "GET /images/head_btn-space1.gif HTTP/1.1" 200 5036 "http://www.aceonlinestore.com/cgi-bin/lansaweb?procfun+wordpr01+webfunc+M37" "Mozilla/4.0 (compatible; MSIE 6.0; Windows NT 5.1; SV1; GTB6; Mozilla/4.0 (compatible; MSIE 6.0; Windows NT 5.1; SV1) ; .NET CLR 1.1.4322)"
60.210.198.255 - - [10/Jul/2009:02:03:04 -0400] "GET /images/head_surgical-supply.gif HTTP/1.1" 200 764 "http://www.aceonlinestore.com/cgi-bin/lansaweb?procfun+wordpr01+webfunc+M37" "Mozilla/4.0 (compatible; MSIE 6.0; Windows NT 5.1; SV1; GTB6; Mozilla/4.0 (compatible; MSIE 6.0; Windows NT 5.1; SV1) ; .NET CLR 1.1.4322)"
60.210.198.255 - - [10/Jul/2009:02:03:04 -0400] "GET /images/head_btn-aboutUs.gif HTTP/1.1" 200 1459 "http://www.aceonlinestore.com/cgi-bin/lansaweb?procfun+wordpr01+webfunc+M37" "Mozilla/4.0 (compatible; MSIE 6.0; Windows NT 5.1; SV1; GTB6; Mozilla/4.0 (compatible; MSIE 6.0; Windows NT 5.1; SV1) ; .NET CLR 1.1.4322)"
60.210.198.255 - - [10/Jul/2009:02:03:04 -0400] "GET /images/head_btn-tutorials.gif HTTP/1.1" 200 1160 "http://www.aceonlinestore.com/cgi-bin/lansaweb?procfun+wordpr01+webfunc+M37" "Mozilla/4.0 (compatible; MSIE 6.0; Windows NT 5.1; SV1; GTB6; Mozilla/4.0 (compatible; MSIE 6.0; Windows NT 5.1; SV1) ; .NET CLR 1.1.4322)"
60.210.198.255 - - [10/Jul/2009:02:03:05 -0400] "GET /images/head_btn-seminars.gif HTTP/1.1" 200 1250 "http://www.aceonlinestore.com/cgi-bin/lansaweb?procfun+wordpr01+webfunc+M37" "Mozilla/4.0 (compatible; MSIE 6.0; Windows NT 5.1; SV1; GTB6; Mozilla/4.0 (compatible; MSIE 6.0; Windows NT 5.1; SV1) ; .NET CLR 1.1.4322)"
60.210.198.255 - - [10/Jul/2009:02:03:05 -0400] "GET /images/head_btn-conventions.gif HTTP/1.1" 200 1367 "http://www.aceonlinestore.com/cgi-bin/lansaweb?procfun+wordpr01+webfunc+M37" "Mozilla/4.0 (compatible; MSIE 6.0; Windows NT 5.1; SV1; GTB6; Mozilla/4.0 (compatible; MSIE 6.0; Windows NT 5.1; SV1) ; .NET CLR 1.1.4322)"
218.145.31.242 - - [10/Jul/2009:02:03:06 -0400] "GET /logs/error_log.Q109063000//?_zb_path=http://mmemba.org/mambots/tukulid.txt?? HTTP/1.1" 404 225 "-" "Mozilla/5.0 (Macintosh; U; PPC Mac OS X Mach-O; en-US; rv:1.8b4) Gecko/20050908 Firefox/1.4"
60.210.198.255 - - [10/Jul/2009:02:03:06 -0400] "GET /images/head_btn-contactUs.gif HTTP/1.1" 200 1235 "http://www.aceonlinestore.com/cgi-bin/lansaweb?procfun+wordpr01+webfunc+M37" "Mozilla/4.0 (compatible; MSIE 6.0; Windows NT 5.1; SV1; GTB6; Mozilla/4.0 (compatible; MSIE 6.0; Windows NT 5.1; SV1) ; .NET CLR 1.1.4322)"
218.145.31.242 - - [10/Jul/2009:02:03:06 -0400] "GET //?_zb_path=http://mmemba.org/mambots/tukulid.txt?? HTTP/1.1" 200 452 "-" "Mozilla/5.0 (Macintosh; U; PPC Mac OS X Mach-O; en-US; rv:1.8b4) Gecko/20050908 Firefox/1.4"
60.210.198.255 - - [10/Jul/2009:02:03:06 -0400] "GET /images/head_btn-spacer2.gif HTTP/1.1" 200 2237 "http://www.aceonlinestore.com/cgi-bin/lansaweb?procfun+wordpr01+webfunc+M37" "Mozilla/4.0 (compatible; MSIE 6.0; Windows NT 5.1; SV1; GTB6; Mozilla/4.0 (compatible; MSIE 6.0; Windows NT 5.1; SV1) ; .NET CLR 1.1.4322)"
218.145.31.242 - - [10/Jul/2009:02:03:06 -0400] "GET /logs//?_zb_path=http://mmemba.org/mambots/tukulid.txt?? HTTP/1.1" 200 8927 "-" "Mozilla/5.0 (Macintosh; U; PPC Mac OS X Mach-O; en-US; rv:1.8b4) Gecko/20050908 Firefox/1.4"
218.145.31.242 - - [10/Jul/2009:02:03:06 -0400] "GET /logs/error_log.Q109070200//?_zb_path=http://mmemba.org/mambots/tukulid.txt?? HTTP/1.1" 404 225 "-" "Mozilla/5.0 (Macintosh; U; PPC Mac OS X Mach-O; en-US; rv:1.8b4) Gecko/20050908 Firefox/1.4"
60.210.198.255 - - [10/Jul/2009:02:03:06 -0400] "GET /images/blend.jpg HTTP/1.1" 200 405 "http://www.aceonlinestore.com/cgi-bin/lansaweb?procfun+wordpr01+webfunc+M37" "Mozilla/4.0 (compatible; MSIE 6.0; Windows NT 5.1; SV1; GTB6; Mozilla/4.0 (compatible; MSIE 6.0; Windows NT 5.1; SV1) ; .NET CLR 1.1.4322)"
60.210.198.255 - - [10/Jul/2009:02:03:06 -0400] "GET /images/cat_dot.gif HTTP/1.1" 200 45 "http://www.aceonlinestore.com/cgi-bin/lansaweb?procfun+wordpr01+webfunc+M37" "Mozilla/4.0 (compatible; MSIE 6.0; Windows NT 5.1; SV1; GTB6; Mozilla/4.0 (compatible; MSIE 6.0; Windows NT 5.1; SV1) ; .NET CLR 1.1.4322)"
60.210.198.255 - - [10/Jul/2009:02:03:07 -0400] "GET /images/cat_link.gif HTTP/1.1" 200 46 "http://www.aceonlinestore.com/cgi-bin/lansaweb?procfun+wordpr01+webfunc+M37" "Mozilla/4.0 (compatible; MSIE 6.0; Windows NT 5.1; SV1; GTB6; Mozilla/4.0 (compatible; MSIE 6.0; Windows NT 5.1; SV1) ; .NET CLR 1.1.4322)"
60.210.198.255 - - [10/Jul/2009:02:03:07 -0400] "GET /images/cat_expand.gif HTTP/1.1" 200 79 "http://www.aceonlinestore.com/cgi-bin/lansaweb?procfun+wordpr01+webfunc+M37" "Mozilla/4.0 (compatible; MSIE 6.0; Windows NT 5.1; SV1; GTB6; Mozilla/4.0 (compatible; MSIE 6.0; Windows NT 5.1; SV1) ; .NET CLR 1.1.4322)"
60.210.198.255 - - [10/Jul/2009:02:03:08 -0400] "GET /images/head_aceLogo-over.gif HTTP/1.1" 200 1296 "http://www.aceonlinestore.com/cgi-bin/lansaweb?procfun+wordpr01+webfunc+M37" "Mozilla/4.0 (compatible; MSIE 6.0; Windows NT 5.1; SV1; GTB6; Mozilla/4.0 (compatible; MSIE 6.0; Windows NT 5.1; SV1) ; .NET CLR 1.1.4322)"
60.210.198.255 - - [10/Jul/2009:02:03:08 -0400] "GET /images/head_btn-shop-over.gif HTTP/1.1" 200 1473 "http://www.aceonlinestore.com/cgi-bin/lansaweb?procfun+wordpr01+webfunc+M37" "Mozilla/4.0 (compatible; MSIE 6.0; Windows NT 5.1; SV1; GTB6; Mozilla/4.0 (compatible; MSIE 6.0; Windows NT 5.1; SV1) ; .NET CLR 1.1.4322)"
60.210.198.255 - - [10/Jul/2009:02:03:09 -0400] "GET /images/head_btn-products-over.gif HTTP/1.1" 200 1396 "http://www.aceonlinestore.com/cgi-bin/lansaweb?procfun+wordpr01+webfunc+M37" "Mozilla/4.0 (compatible; MSIE 6.0; Windows NT 5.1; SV1; GTB6; Mozilla/4.0 (compatible; MSIE 6.0; Windows NT 5.1; SV1) ; .NET CLR 1.1.4322)"
60.210.198.255 - - [10/Jul/2009:02:03:09 -0400] "GET /images/head_btn-catalog-over.gif HTTP/1.1" 200 1354 "http://www.aceonlinestore.com/cgi-bin/lansaweb?procfun+wordpr01+webfunc+M37" "Mozilla/4.0 (compatible; MSIE 6.0; Windows NT 5.1; SV1; GTB6; Mozilla/4.0 (compatible; MSIE 6.0; Windows NT 5.1; SV1) ; .NET CLR 1.1.4322)"
60.210.198.255 - - [10/Jul/2009:02:03:09 -0400] "GET /images/head_btn-brochures-over.gif HTTP/1.1" 200 1392 "http://www.aceonlinestore.com/cgi-bin/lansaweb?procfun+wordpr01+webfunc+M37" "Mozilla/4.0 (compatible; MSIE 6.0; Windows NT 5.1; SV1; GTB6; Mozilla/4.0 (compatible; MSIE 6.0; Windows NT 5.1; SV1) ; .NET CLR 1.1.4322)"
60.210.198.255 - - [10/Jul/2009:02:03:09 -0400] "GET /images/head_btn-aboutUs-over.gif HTTP/1.1" 200 1156 "http://www.aceonlinestore.com/cgi-bin/lansaweb?procfun+wordpr01+webfunc+M37" "Mozilla/4.0 (compatible; MSIE 6.0; Windows NT 5.1; SV1; GTB6; Mozilla/4.0 (compatible; MSIE 6.0; Windows NT 5.1; SV1) ; .NET CLR 1.1.4322)"
60.210.198.255 - - [10/Jul/2009:02:03:10 -0400] "GET /images/head_btn-tutorials-over.gif HTTP/1.1" 200 1097 "http://www.aceonlinestore.com/cgi-bin/lansaweb?procfun+wordpr01+webfunc+M37" "Mozilla/4.0 (compatible; MSIE 6.0; Windows NT 5.1; SV1; GTB6; Mozilla/4.0 (compatible; MSIE 6.0; Windows NT 5.1; SV1) ; .NET CLR 1.1.4322)"
60.210.198.255 - - [10/Jul/2009:02:03:10 -0400] "GET /images/head_btn-seminars-over.gif HTTP/1.1" 200 1089 "http://www.aceonlinestore.com/cgi-bin/lansaweb?procfun+wordpr01+webfunc+M37" "Mozilla/4.0 (compatible; MSIE 6.0; Windows NT 5.1; SV1; GTB6; Mozilla/4.0 (compatible; MSIE 6.0; Windows NT 5.1; SV1) ; .NET CLR 1.1.4322)"
60.210.198.255 - - [10/Jul/2009:02:03:11 -0400] "GET /images/head_btn-conventions-over.gif HTTP/1.1" 200 1195 "http://www.aceonlinestore.com/cgi-bin/lansaweb?procfun+wordpr01+webfunc+M37" "Mozilla/4.0 (compatible; MSIE 6.0; Windows NT 5.1; SV1; GTB6; Mozilla/4.0 (compatible; MSIE 6.0; Windows NT 5.1; SV1) ; .NET CLR 1.1.4322)"
60.210.198.255 - - [10/Jul/2009:02:03:11 -0400] "GET /images/head_btn-contactUs-over.gif HTTP/1.1" 200 1110 "http://www.aceonlinestore.com/cgi-bin/lansaweb?procfun+wordpr01+webfunc+M37" "Mozilla/4.0 (compatible; MSIE 6.0; Windows NT 5.1; SV1; GTB6; Mozilla/4.0 (compatible; MSIE 6.0; Windows NT 5.1; SV1) ; .NET CLR 1.1.4322)"
58.227.193.198 - - [10/Jul/2009:02:03:19 -0400] "GET /logs/access_log.Q109060700//index.php?option=com_agora&task=http://netseoul.com/gboard/rs/copyright.txt???? HTTP/1.1" 404 235 "-" "Mozilla/5.0"
218.145.31.242 - - [10/Jul/2009:02:03:22 -0400] "GET /logs/error_log.Q109063000//?_zb_path=http://mmemba.org/mambots/tukulid.txt?? HTTP/1.1" 404 225 "-" "Mozilla/5.0 (Windows; U; Windows NT 5.1; en-US; rv:1.7.10) Gecko/20050716 Firefox/1.0.6"
218.145.31.242 - - [10/Jul/2009:02:03:22 -0400] "GET /logs/error_log.Q109070200//?_zb_path=http://mmemba.org/mambots/tukulid.txt?? HTTP/1.1" 404 225 "-" "Mozilla/5.0 (Windows; U; Windows NT 5.1; en-US; rv:1.7.10) Gecko/20050716 Firefox/1.0.6"
218.145.31.242 - - [10/Jul/2009:02:03:22 -0400] "GET //?_zb_path=http://mmemba.org/mambots/tukulid.txt?? HTTP/1.1" 200 452 "-" "Mozilla/5.0 (Windows; U; Windows NT 5.1; en-US; rv:1.7.10) Gecko/20050716 Firefox/1.0.6"
218.145.31.242 - - [10/Jul/2009:02:03:23 -0400] "GET /logs//?_zb_path=http://mmemba.org/mambots/tukulid.txt?? HTTP/1.1" 200 8927 "-" "Mozilla/5.0 (Windows; U; Windows NT 5.1; en-US; rv:1.7.10) Gecko/20050716 Firefox/1.0.6"
94.23.2.21 - - [10/Jul/2009:02:03:24 -0400] "GET /logs/error_log.Q109063000//?_zb_path=http://mmemba.org/mambots/tukulid.txt?? HTTP/1.1" 404 225 "-" "Mozilla/5.0 (Macintosh; U; PPC Mac OS X Mach-O; en-GB; rv:1.7.10) Gecko/20050717 Firefox/1.0.6"
94.23.2.21 - - [10/Jul/2009:02:03:24 -0400] "GET //?_zb_path=http://mmemba.org/mambots/tukulid.txt?? HTTP/1.1" 200 452 "-" "Mozilla/5.0 (Macintosh; U; PPC Mac OS X Mach-O; en-GB; rv:1.7.10) Gecko/20050717 Firefox/1.0.6"
94.23.2.21 - - [10/Jul/2009:02:03:24 -0400] "GET /logs//?_zb_path=http://mmemba.org/mambots/tukulid.txt?? HTTP/1.1" 200 8927 "-" "Mozilla/5.0 (Macintosh; U; PPC Mac OS X Mach-O; en-GB; rv:1.7.10) Gecko/20050717 Firefox/1.0.6"
94.23.2.21 - - [10/Jul/2009:02:03:24 -0400] "GET /logs/error_log.Q109070200//?_zb_path=http://mmemba.org/mambots/tukulid.txt?? HTTP/1.1" 404 225 "-" "Mozilla/5.0 (Macintosh; U; PPC Mac OS X Mach-O; en-GB; rv:1.7.10) Gecko/20050717 Firefox/1.0.6"
209.59.12.99 - - [10/Jul/2009:02:04:41 -0400] "GET / HTTP/1.0" 200 409 "-" "check_http/1.81 (nagios-plugins 1.4)"
195.207.160.102 - - [10/Jul/2009:02:04:43 -0400] "GET /logs/access_log.Q109061200%20%20//index.php?option=com_agora&task=http://netseoul.com/gboard/rs/copyright.txt???? HTTP/1.1" 404 237 "-" "Mozilla/5.0"
195.207.160.102 - - [10/Jul/2009:02:04:51 -0400] "GET /logs/access_log.Q109061200%20%20//index.php?option=com_agora&task=http://netseoul.com/gboard/rs/copyright.txt???? HTTP/1.1" 404 237 "-" "Mozilla/5.0"
195.207.160.102 - - [10/Jul/2009:02:05:08 -0400] "GET /logs/error_log.Q109061200%20%20//index.php?option=com_agora&task=http://netseoul.com/gboard/rs/copyright.txt???? HTTP/1.1" 404 236 "-" "Mozilla/5.0"
195.207.160.102 - - [10/Jul/2009:02:05:25 -0400] "GET /logs/error_log.Q109061200%20%20//index.php?option=com_agora&task=http://netseoul.com/gboard/rs/copyright.txt???? HTTP/1.1" 404 236 "-" "Mozilla/5.0"
58.227.193.198 - - [10/Jul/2009:02:06:47 -0400] "GET /logs/access_log.Q109061200%20%20//index.php?option=com_agora&task=http://netseoul.com/gboard/rs/copyright.txt???? HTTP/1.1" 404 237 "-" "Mozilla/5.0"
58.227.193.198 - - [10/Jul/2009:02:06:47 -0400] "GET /logs/error_log.Q109060700%20%20//index.php?option=com_agora&task=http://netseoul.com/gboard/rs/copyright.txt???? HTTP/1.1" 404 236 "-" "Mozilla/5.0"
217.65.100.23 - - [10/Jul/2009:02:06:49 -0400] "GET /logs/access_log.Q109062500//snippetmaster/includes/vars.inc.php?_SESSION[SCRIPT_PATH]=http://mmemba.org/mambots/perkosa.txt??? HTTP/1.1" 404 261 "-" "libwww-perl/5.805"
217.65.100.23 - - [10/Jul/2009:02:06:52 -0400] "GET /logs//snippetmaster/includes/vars.inc.php?_SESSION[SCRIPT_PATH]=http://mmemba.org/mambots/perkosa.txt??? HTTP/1.1" 404 239 "-" "libwww-perl/5.805"
217.65.100.23 - - [10/Jul/2009:02:06:52 -0400] "GET //snippetmaster/includes/vars.inc.php?_SESSION[SCRIPT_PATH]=http://mmemba.org/mambots/perkosa.txt??? HTTP/1.1" 404 234 "-" "libwww-perl/5.805"
217.65.100.23 - - [10/Jul/2009:02:07:00 -0400] "GET /logs/access_log.Q109060800//snippetmaster/includes/vars.inc.php?_SESSION[SCRIPT_PATH]=http://mmemba.org/mambots/perkosa.txt??? HTTP/1.1" 404 261 "-" "libwww-perl/5.805"
89.188.129.126 - - [10/Jul/2009:02:08:37 -0400] "GET /logs//snippetmaster/includes/vars.inc.php?_SESSION[SCRIPT_PATH]=http://mmemba.org/mambots/perkosa.txt??? HTTP/1.1" 404 239 "-" "libwww-perl/5.805"
89.188.129.126 - - [10/Jul/2009:02:08:37 -0400] "GET //snippetmaster/includes/vars.inc.php?_SESSION[SCRIPT_PATH]=http://mmemba.org/mambots/perkosa.txt??? HTTP/1.1" 404 234 "-" "libwww-perl/5.805"
