66.71.241.146 - - [15/Jul/2009:06:57:50 -0400] "GET /logs/access_log.Q109063000//components/com_swmenupro/ImageManager/Classes/ImageManager.php?mosConfig_absolute_path=http://www.die-grenzreiter.com/content/download/fx29id.txt??? HTTP/1.1" 404 288 "-" "Mozilla/5.0"
76.163.252.93 - - [15/Jul/2009:06:57:52 -0400] "GET //errors.php?error=http://t0ys.altervista.org/id1.txt? HTTP/1.1" 404 209 "-" "Mozilla/5.0"
76.163.252.93 - - [15/Jul/2009:06:57:52 -0400] "GET /logs//errors.php?error=http://t0ys.altervista.org/id1.txt? HTTP/1.1" 404 214 "-" "Mozilla/5.0"
209.23.126.65 - - [15/Jul/2009:06:58:18 -0400] "GET /logs//errors.php?error=http://t0ys.altervista.org/id1.txt? HTTP/1.1" 404 214 "-" "Mozilla/5.0"
209.23.126.65 - - [15/Jul/2009:06:58:18 -0400] "GET //errors.php?error=http://t0ys.altervista.org/id1.txt? HTTP/1.1" 404 209 "-" "Mozilla/5.0"
76.163.252.93 - - [15/Jul/2009:06:58:22 -0400] "GET /logs/access_log.Q109061300%20%20//errors.php?error=http://t0ys.altervista.org/id1.txt? HTTP/1.1" 404 238 "-" "Mozilla/5.0"
69.59.21.101 - - [15/Jul/2009:06:58:22 -0400] "GET /logs/access_log.Q109070700//file_includer.php?gzip=0&file=http://aboutgolfclubs.com/images/img?? HTTP/1.1" 404 243 "-" "Mozilla/5.0 (X11; U; Linux i686; en-US; rv:1.7.9) Gecko/20050711 Firefox/1.0.5"
85.62.13.196 - - [15/Jul/2009:06:58:23 -0400] "GET /images/psearch_go.gif HTTP/1.1" 200 296 "http://acesurgical.com/home.html" "Mozilla/4.0 (compatible; MSIE 6.0; Windows NT 5.1; SV1; [eburo v2.0]; .NET CLR 1.1.4322)"
85.62.13.196 - - [15/Jul/2009:06:58:23 -0400] "GET /images/login_go.gif HTTP/1.1" 200 296 "http://acesurgical.com/home.html" "Mozilla/4.0 (compatible; MSIE 6.0; Windows NT 5.1; SV1; [eburo v2.0]; .NET CLR 1.1.4322)"
85.62.13.196 - - [15/Jul/2009:06:58:24 -0400] "GET /images/login_go-over.gif HTTP/1.1" 200 302 "http://acesurgical.com/home.html" "Mozilla/4.0 (compatible; MSIE 6.0; Windows NT 5.1; SV1; [eburo v2.0]; .NET CLR 1.1.4322)"
85.62.13.196 - - [15/Jul/2009:06:58:24 -0400] "GET /images/psearch_go-over.gif HTTP/1.1" 200 302 "http://acesurgical.com/home.html" "Mozilla/4.0 (compatible; MSIE 6.0; Windows NT 5.1; SV1; [eburo v2.0]; .NET CLR 1.1.4322)"
76.163.252.93 - - [15/Jul/2009:06:58:30 -0400] "GET /logs/access_log.Q109051700%20%20//errors.php?error=http://t0ys.altervista.org/id1.txt? HTTP/1.1" 404 238 "-" "Mozilla/5.0"
76.163.252.93 - - [15/Jul/2009:06:58:32 -0400] "GET /logs/access_log.Q109051700%20%20//errors.php?error=http://t0ys.altervista.org/id1.txt? HTTP/1.1" 404 238 "-" "Mozilla/5.0"
76.163.252.93 - - [15/Jul/2009:06:58:54 -0400] "GET /logs/access_log.Q109061300%20%20//errors.php?error=http://t0ys.altervista.org/id1.txt? HTTP/1.1" 404 238 "-" "Mozilla/5.0"
76.163.252.93 - - [15/Jul/2009:06:58:55 -0400] "GET /logs/access_log.Q109061300%20%20//errors.php?error=http://t0ys.altervista.org/id1.txt? HTTP/1.1" 404 238 "-" "Mozilla/5.0"
69.59.21.101 - - [15/Jul/2009:06:59:15 -0400] "GET /logs/access_log.Q109070700//file_includer.php?gzip=0&file=http://aboutgolfclubs.com/images/img?? HTTP/1.1" 404 243 "-" "Mozilla/5.0 (X11; U; Linux i686; en-US; rv:1.7.8) Gecko/20050511"
62.16.115.69 - - [15/Jul/2009:06:59:21 -0400] "GET //redaxo/include/addons/import_export/pages/index.inc.php?REX[INCLUDE_PATH]=http://www.eurostamp.com.ua/components/com_virtuemart/yuo.txt? HTTP/1.1" 404 254 "-" "Mozilla/5.0 (Windows; U; Windows NT 5.1; nl-NL; rv:1.7.5) Gecko/20041202 Firefox/1.0"
62.16.115.69 - - [15/Jul/2009:06:59:21 -0400] "GET /logs//redaxo/include/addons/import_export/pages/index.inc.php?REX[INCLUDE_PATH]=http://www.eurostamp.com.ua/components/com_virtuemart/yuo.txt? HTTP/1.1" 404 259 "-" "Mozilla/5.0 (Windows; U; Windows NT 5.1; nl-NL; rv:1.7.5) Gecko/20041202 Firefox/1.0"
64.221.88.162 - - [15/Jul/2009:06:59:22 -0400] "GET /images/psearch_go.gif HTTP/1.1" 200 296 "http://www.acesurgical.com/home.html" "Mozilla/4.0 (compatible; MSIE 7.0; Windows NT 5.1; GTB6; .NET CLR 1.1.4322)"
64.221.88.162 - - [15/Jul/2009:06:59:22 -0400] "GET /images/login_go.gif HTTP/1.1" 200 296 "http://www.acesurgical.com/home.html" "Mozilla/4.0 (compatible; MSIE 7.0; Windows NT 5.1; GTB6; .NET CLR 1.1.4322)"
64.221.88.162 - - [15/Jul/2009:06:59:23 -0400] "GET /images/login_go-over.gif HTTP/1.1" 200 302 "http://www.acesurgical.com/home.html" "Mozilla/4.0 (compatible; MSIE 7.0; Windows NT 5.1; GTB6; .NET CLR 1.1.4322)"
64.221.88.162 - - [15/Jul/2009:06:59:23 -0400] "GET /images/psearch_go-over.gif HTTP/1.1" 200 302 "http://www.acesurgical.com/home.html" "Mozilla/4.0 (compatible; MSIE 7.0; Windows NT 5.1; GTB6; .NET CLR 1.1.4322)"
212.159.7.155 - - [15/Jul/2009:06:59:30 -0400] "GET /logs/access_log.Q109060600/index.php?option=com_log&Itemid=&mosConfig_absolute_path=http://www.kure-lionsclub.com//templates_c/cmdstate.txt?? HTTP/1.1" 404 234 "-" "libwww-perl/5.803"
212.159.7.155 - - [15/Jul/2009:06:59:30 -0400] "GET /index.php?option=com_log&Itemid=&mosConfig_absolute_path=http://www.kure-lionsclub.com//templates_c/cmdstate.txt?? HTTP/1.1" 404 207 "-" "libwww-perl/5.803"
212.159.7.155 - - [15/Jul/2009:06:59:31 -0400] "GET /logs/index.php?option=com_log&Itemid=&mosConfig_absolute_path=http://www.kure-lionsclub.com//templates_c/cmdstate.txt?? HTTP/1.1" 404 212 "-" "libwww-perl/5.803"
212.159.7.155 - - [15/Jul/2009:06:59:31 -0400] "GET /logs/access_log.Q109050700/index.php?option=com_log&Itemid=&mosConfig_absolute_path=http://www.kure-lionsclub.com//templates_c/cmdstate.txt?? HTTP/1.1" 404 234 "-" "libwww-perl/5.803"
79.148.238.69 - - [15/Jul/2009:06:59:46 -0400] "GET /logs/access_log.Q109070600/index.php?pagina=http://www.groovetrackers.com/movies/id.txt?? HTTP/1.1" 404 234 "-" "libwww-perl/5.79"
79.148.238.69 - - [15/Jul/2009:06:59:50 -0400] "GET /index.php?pagina=http://www.groovetrackers.com/movies/id.txt?? HTTP/1.1" 404 207 "-" "libwww-perl/5.79"
79.148.238.69 - - [15/Jul/2009:06:59:51 -0400] "GET /logs/index.php?pagina=http://www.groovetrackers.com/movies/id.txt?? HTTP/1.1" 404 212 "-" "libwww-perl/5.79"
209.23.126.65 - - [15/Jul/2009:06:59:54 -0400] "GET /logs/access_log.Q109051700%20%20//errors.php?error=http://t0ys.altervista.org/id1.txt? HTTP/1.1" 404 238 "-" "Mozilla/5.0"
209.23.126.65 - - [15/Jul/2009:07:00:20 -0400] "GET /logs/access_log.Q109061300%20%20//errors.php?error=http://t0ys.altervista.org/id1.txt? HTTP/1.1" 404 238 "-" "Mozilla/5.0"
211.245.23.158 - - [15/Jul/2009:07:00:24 -0400] "GET /logs/access_log.Q109051700//errors.php?error=http://t0ys.altervista.org/id1.txt? HTTP/1.1" 404 236 "-" "Mozilla/5.0"
211.245.23.158 - - [15/Jul/2009:07:00:24 -0400] "GET //errors.php?error=http://t0ys.altervista.org/id1.txt? HTTP/1.1" 404 209 "-" "Mozilla/5.0"
211.245.23.158 - - [15/Jul/2009:07:00:24 -0400] "GET /logs//errors.php?error=http://t0ys.altervista.org/id1.txt? HTTP/1.1" 404 214 "-" "Mozilla/5.0"
202.125.45.45 - - [15/Jul/2009:07:00:28 -0400] "GET /logs/access_log.Q109070800/administrator/index3.php?mosConfig_absolute_path=http://www.mevabe.vn/cache/index.txt??? HTTP/1.1" 404 249 "-" "libwww-perl/5.805"
202.125.45.45 - - [15/Jul/2009:07:00:28 -0400] "GET /administrator/index3.php?mosConfig_absolute_path=http://www.mevabe.vn/cache/index.txt??? HTTP/1.1" 404 222 "-" "libwww-perl/5.805"
202.125.45.45 - - [15/Jul/2009:07:00:28 -0400] "GET /logs/administrator/index3.php?mosConfig_absolute_path=http://www.mevabe.vn/cache/index.txt??? HTTP/1.1" 404 227 "-" "libwww-perl/5.805"
202.125.45.45 - - [15/Jul/2009:07:00:28 -0400] "GET /logs/access_log.Q109062200/administrator/index3.php?mosConfig_absolute_path=http://www.mevabe.vn/cache/index.txt??? HTTP/1.1" 404 249 "-" "libwww-perl/5.805"
209.59.12.99 - - [15/Jul/2009:07:00:42 -0400] "GET / HTTP/1.0" 200 409 "-" "check_http/1.81 (nagios-plugins 1.4)"
79.148.238.69 - - [15/Jul/2009:07:00:47 -0400] "GET /logs/access_log.Q109052500/index.php?pagina=http://www.groovetrackers.com/movies/id.txt?? HTTP/1.1" 404 234 "-" "libwww-perl/5.79"
72.30.161.230 - - [15/Jul/2009:07:01:19 -0400] "GET /scripts/browser_opera7.js HTTP/1.0" 200 8675 "-" "Mozilla/5.0 (compatible; Yahoo! Slurp/3.0; http://help.yahoo.com/help/us/ysearch/slurp)"
211.245.23.158 - - [15/Jul/2009:07:01:35 -0400] "GET /logs/access_log.Q109061300//errors.php?error=http://t0ys.altervista.org/id1.txt? HTTP/1.1" 404 236 "-" "Mozilla/5.0"
217.30.180.2 - - [15/Jul/2009:07:01:47 -0400] "GET /errors.php?error=http://www.kure-lionsclub.com//templates_c/cmdstate.txt?? HTTP/1.1" 404 208 "-" "libwww-perl/5.805"
82.194.87.219 - - [15/Jul/2009:07:02:17 -0400] "GET /logs//forum.php?act=http://webmaster-100.com/images/id? HTTP/1.1" 404 213 "-" "libwww-perl/5.822"
202.125.45.45 - - [15/Jul/2009:07:03:19 -0400] "GET /logs/access_log.Q109070200%20/administrator/index3.php?mosConfig_absolute_path=http://www.mevabe.vn/cache/index.txt??? HTTP/1.1" 404 250 "-" "libwww-perl/5.805"
67.192.120.182 - - [15/Jul/2009:07:05:16 -0400] "GET /logs//faqsupport/samplefaqsupport.php?path[docroot]=http://www.ceptalavera.com/modules/Permissions/pnimages/fx29id1.txt? HTTP/1.1" 404 235 "-" "Mozilla/5.0"
67.192.120.182 - - [15/Jul/2009:07:05:16 -0400] "GET /logs/access_log.Q109063000%20%20//faqsupport/samplefaqsupport.php?path[docroot]=http://www.ceptalavera.com/modules/Permissions/pnimages/fx29id1.txt? HTTP/1.1" 404 259 "-" "Mozilla/5.0"
67.192.120.182 - - [15/Jul/2009:07:05:16 -0400] "GET //faqsupport/samplefaqsupport.php?path[docroot]=http://www.ceptalavera.com/modules/Permissions/pnimages/fx29id1.txt? HTTP/1.1" 404 230 "-" "Mozilla/5.0"
67.192.120.182 - - [15/Jul/2009:07:05:18 -0400] "GET /logs//faqsupport/samplefaqsupport.php?path[docroot]=http://www.ceptalavera.com/modules/Permissions/pnimages/fx29id1.txt? HTTP/1.1" 404 235 "-" "Mozilla/5.0"
67.192.120.182 - - [15/Jul/2009:07:05:18 -0400] "GET /logs/access_log.Q109063000%20%20//faqsupport/samplefaqsupport.php?path[docroot]=http://www.ceptalavera.com/modules/Permissions/pnimages/fx29id1.txt? HTTP/1.1" 404 259 "-" "Mozilla/5.0"
67.192.120.182 - - [15/Jul/2009:07:05:18 -0400] "GET //faqsupport/samplefaqsupport.php?path[docroot]=http://www.ceptalavera.com/modules/Permissions/pnimages/fx29id1.txt? HTTP/1.1" 404 230 "-" "Mozilla/5.0"
209.59.12.99 - - [15/Jul/2009:07:05:42 -0400] "GET / HTTP/1.0" 200 409 "-" "check_http/1.81 (nagios-plugins 1.4)"
76.163.252.93 - - [15/Jul/2009:07:08:01 -0400] "GET /logs/access_log.Q109051600//errors.php?error=http://t0ys.altervista.org/id1.txt? HTTP/1.1" 404 236 "-" "Mozilla/5.0"
76.163.252.93 - - [15/Jul/2009:07:08:04 -0400] "GET /logs/access_log.Q109051600//errors.php?error=http://t0ys.altervista.org/id1.txt? HTTP/1.1" 404 236 "-" "Mozilla/5.0"
66.249.68.70 - - [15/Jul/2009:07:08:09 -0400] "GET /images/items/index5_instrlub.jpg HTTP/1.1" 200 2931 "-" "Googlebot-Image/1.0"
64.221.88.162 - - [15/Jul/2009:07:08:12 -0400] "GET /images/login_go.gif HTTP/1.1" 304 - "http://www.acesurgical.com/home.html" "Mozilla/4.0 (compatible; MSIE 7.0; Windows NT 5.1; GTB6; .NET CLR 1.1.4322)"
64.221.88.162 - - [15/Jul/2009:07:08:12 -0400] "GET /images/psearch_go.gif HTTP/1.1" 304 - "http://www.acesurgical.com/home.html" "Mozilla/4.0 (compatible; MSIE 7.0; Windows NT 5.1; GTB6; .NET CLR 1.1.4322)"
64.221.88.162 - - [15/Jul/2009:07:08:13 -0400] "GET /images/login_go-over.gif HTTP/1.1" 304 - "http://www.acesurgical.com/home.html" "Mozilla/4.0 (compatible; MSIE 7.0; Windows NT 5.1; GTB6; .NET CLR 1.1.4322)"
64.221.88.162 - - [15/Jul/2009:07:08:13 -0400] "GET /images/psearch_go-over.gif HTTP/1.1" 304 - "http://www.acesurgical.com/home.html" "Mozilla/4.0 (compatible; MSIE 7.0; Windows NT 5.1; GTB6; .NET CLR 1.1.4322)"
65.254.32.2 - - [15/Jul/2009:07:08:21 -0400] "GET /logs//administrator/components/com_bayesiannaivefilter/lang.php?mosConfig_absolute_path=http://www.smilewig.com/bbs/chase/images/remember.txt????????? HTTP/1.1" 404 261 "-" "Mozilla/5.0"
65.254.32.2 - - [15/Jul/2009:07:08:25 -0400] "GET /logs/access_log.Q109062900//administrator/components/com_bayesiannaivefilter/lang.php?mosConfig_absolute_path=http://www.smilewig.com/bbs/chase/images/remember.txt????????? HTTP/1.1" 404 283 "-" "Mozilla/5.0"
211.245.23.158 - - [15/Jul/2009:07:08:27 -0400] "GET /logs//errors.php?error=http://t0ys.altervista.org/id1.txt? HTTP/1.1" 404 214 "-" "Mozilla/5.0"
211.245.23.158 - - [15/Jul/2009:07:08:27 -0400] "GET //errors.php?error=http://t0ys.altervista.org/id1.txt? HTTP/1.1" 404 209 "-" "Mozilla/5.0"
76.163.252.93 - - [15/Jul/2009:07:08:28 -0400] "GET /logs/access_log.Q109051600//errors.php?error=http://t0ys.altervista.org/id1.txt? HTTP/1.1" 404 236 "-" "Mozilla/5.0"
65.254.32.2 - - [15/Jul/2009:07:08:29 -0400] "GET //administrator/components/com_bayesiannaivefilter/lang.php?mosConfig_absolute_path=http://www.smilewig.com/bbs/chase/images/remember.txt????????? HTTP/1.1" 404 256 "-" "Mozilla/5.0"
65.254.32.2 - - [15/Jul/2009:07:08:33 -0400] "GET /logs/access_log.Q109061400//administrator/components/com_bayesiannaivefilter/lang.php?mosConfig_absolute_path=http://www.smilewig.com/bbs/chase/images/remember.txt????????? HTTP/1.1" 404 283 "-" "Mozilla/5.0"
202.125.45.45 - - [15/Jul/2009:07:10:30 -0400] "GET /logs/administrator/index3.php?mosConfig_absolute_path=http://www.mevabe.vn/cache/index.txt??? HTTP/1.1" 404 227 "-" "libwww-perl/5.805"
202.125.45.45 - - [15/Jul/2009:07:10:30 -0400] "GET /logs/error_log.Q109070500/administrator/index3.php?mosConfig_absolute_path=http://www.mevabe.vn/cache/index.txt??? HTTP/1.1" 404 248 "-" "libwww-perl/5.805"
202.125.45.45 - - [15/Jul/2009:07:10:31 -0400] "GET /logs/access_log.Q109051300/administrator/index3.php?mosConfig_absolute_path=http://www.mevabe.vn/cache/index.txt??? HTTP/1.1" 404 249 "-" "libwww-perl/5.805"
202.125.45.45 - - [15/Jul/2009:07:10:31 -0400] "GET /administrator/index3.php?mosConfig_absolute_path=http://www.mevabe.vn/cache/index.txt??? HTTP/1.1" 404 222 "-" "libwww-perl/5.805"
209.59.12.99 - - [15/Jul/2009:07:10:42 -0400] "GET / HTTP/1.0" 200 409 "-" "check_http/1.81 (nagios-plugins 1.4)"
65.254.32.2 - - [15/Jul/2009:07:11:16 -0400] "GET /logs/access_log.Q109062900%20%20//administrator/components/com_bayesiannaivefilter/lang.php?mosConfig_absolute_path=http://www.smilewig.com/bbs/chase/images/remember.txt????????? HTTP/1.1" 404 285 "-" "Mozilla/5.0"
65.254.32.2 - - [15/Jul/2009:07:11:21 -0400] "GET /logs/access_log.Q109061400%20%20//administrator/components/com_bayesiannaivefilter/lang.php?mosConfig_absolute_path=http://www.smilewig.com/bbs/chase/images/remember.txt????????? HTTP/1.1" 404 285 "-" "Mozilla/5.0"
67.192.120.182 - - [15/Jul/2009:07:11:35 -0400] "GET /logs/access_log.Q109063000//faqsupport/samplefaqsupport.php?path[docroot]=http://www.ceptalavera.com/modules/Permissions/pnimages/fx29id1.txt? HTTP/1.1" 404 257 "-" "Mozilla/5.0"
67.192.120.182 - - [15/Jul/2009:07:11:45 -0400] "GET /logs/access_log.Q109052600//faqsupport/samplefaqsupport.php?path[docroot]=http://www.ceptalavera.com/modules/Permissions/pnimages/fx29id1.txt? HTTP/1.1" 404 257 "-" "Mozilla/5.0"
194.72.238.62 - - [15/Jul/2009:07:12:10 -0400] "HEAD / HTTP/1.0" 200 - "-" "Mozilla/4.0 (compatible; MSIE 6.0; Windows NT 5.1; Netcraft SSL Server Survey - contact info@netcraft.com)"
217.30.180.2 - - [15/Jul/2009:07:12:29 -0400] "GET /logs/access_log.Q109062100/class.dashboard_cms.php?where_framework=http://www.kure-lionsclub.com//templates_c/cmdstate.txt?? HTTP/1.1" 404 248 "-" "libwww-perl/5.805"
217.30.180.2 - - [15/Jul/2009:07:12:30 -0400] "GET /class.dashboard_cms.php?where_framework=http://www.kure-lionsclub.com//templates_c/cmdstate.txt?? HTTP/1.1" 404 221 "-" "libwww-perl/5.805"
217.30.180.2 - - [15/Jul/2009:07:12:30 -0400] "GET /logs/class.dashboard_cms.php?where_framework=http://www.kure-lionsclub.com//templates_c/cmdstate.txt?? HTTP/1.1" 404 226 "-" "libwww-perl/5.805"
74.200.90.19 - - [15/Jul/2009:07:12:31 -0400] "GET //components/com_zoom/includes/database.php?mosConfig_absolute_path=http://www.a-s-f.at/dreck/test.txt?? HTTP/1.1" 404 240 "-" "Mozilla/5.0 (Windows; U; Windows NT 5.1; en-US; rv:1.7.10) Gecko/20050716 Firefox/1.0.6"
74.200.90.19 - - [15/Jul/2009:07:12:31 -0400] "GET /logs//components/com_zoom/includes/database.php?mosConfig_absolute_path=http://www.a-s-f.at/dreck/test.txt?? HTTP/1.1" 404 245 "-" "Mozilla/5.0 (Windows; U; Windows NT 5.1; en-US; rv:1.7.10) Gecko/20050716 Firefox/1.0.6"
202.125.45.45 - - [15/Jul/2009:07:13:18 -0400] "GET /logs/error_log.Q109060100%20/administrator/index3.php?mosConfig_absolute_path=http://www.mevabe.vn/cache/index.txt??? HTTP/1.1" 404 249 "-" "libwww-perl/5.805"
123.143.98.5 - - [15/Jul/2009:07:13:21 -0400] "GET //components/com_rss/rss.html.php?mosConfig_absolute_path=http://www.usher.co.kr//bbs/data/.rgboard/id1.txt? HTTP/1.1" 404 230 "-" "Mozilla/5.0"
123.143.98.5 - - [15/Jul/2009:07:13:21 -0400] "GET /logs/access_log.Q109070400%20%20//components/com_rss/rss.html.php?mosConfig_absolute_path=http://www.usher.co.kr//bbs/data/.rgboard/id1.txt? HTTP/1.1" 404 259 "-" "Mozilla/5.0"
123.143.98.5 - - [15/Jul/2009:07:13:21 -0400] "GET /logs//components/com_rss/rss.html.php?mosConfig_absolute_path=http://www.usher.co.kr//bbs/data/.rgboard/id1.txt? HTTP/1.1" 404 235 "-" "Mozilla/5.0"
123.143.98.5 - - [15/Jul/2009:07:13:31 -0400] "GET /logs/access_log.Q109052800%20%20//components/com_rss/rss.html.php?mosConfig_absolute_path=http://www.usher.co.kr//bbs/data/.rgboard/id1.txt? HTTP/1.1" 404 259 "-" "Mozilla/5.0"
66.249.68.247 - - [15/Jul/2009:07:14:40 -0400] "GET /images/index18_needles.jpg HTTP/1.1" 304 - "-" "Googlebot-Image/1.0"
124.0.139.129 - - [15/Jul/2009:07:15:28 -0400] "GET /logs/access_log.Q109051300///?_zb_path=http://dwno.or.kr/bbs/zipcode/tes?? HTTP/1.1" 404 227 "-" "Mozilla/5.0"
124.0.139.129 - - [15/Jul/2009:07:15:28 -0400] "GET /logs/access_log.Q109051400///?_zb_path=http://dwno.or.kr/bbs/zipcode/tes?? HTTP/1.1" 404 227 "-" "Mozilla/5.0"
124.0.139.129 - - [15/Jul/2009:07:15:28 -0400] "GET ///?_zb_path=http://dwno.or.kr/bbs/zipcode/tes?? HTTP/1.1" 200 453 "-" "Mozilla/5.0"
124.0.139.129 - - [15/Jul/2009:07:15:28 -0400] "GET /logs///?_zb_path=http://dwno.or.kr/bbs/zipcode/tes?? HTTP/1.1" 200 9598 "-" "Mozilla/5.0"
209.59.12.99 - - [15/Jul/2009:07:15:42 -0400] "GET / HTTP/1.0" 200 409 "-" "check_http/1.81 (nagios-plugins 1.4)"
124.0.139.129 - - [15/Jul/2009:07:17:01 -0400] "GET /logs/access_log.Q109051300%20%20///?_zb_path=http://dwno.or.kr/bbs/zipcode/tes?? HTTP/1.1" 404 229 "-" "Mozilla/5.0"
124.0.139.129 - - [15/Jul/2009:07:17:01 -0400] "GET /logs/access_log.Q109051400%20%20///?_zb_path=http://dwno.or.kr/bbs/zipcode/tes?? HTTP/1.1" 404 229 "-" "Mozilla/5.0"
209.61.244.6 - - [15/Jul/2009:07:17:12 -0400] "GET /components/com_joomlalib/standalone/stubjambo.php?baseDir=http://www.a-s-f.at/dreck/test.txt?? HTTP/1.1" 404 247 "-" "Mozilla/4.0 (compatible; MSIE 6.0; MSN 2.5; Windows 98)"
209.61.244.6 - - [15/Jul/2009:07:17:12 -0400] "GET /logs/components/com_joomlalib/standalone/stubjambo.php?baseDir=http://www.a-s-f.at/dreck/test.txt?? HTTP/1.1" 404 252 "-" "Mozilla/4.0 (compatible; MSIE 6.0; MSN 2.5; Windows 98)"
211.236.242.164 - - [15/Jul/2009:07:17:23 -0400] "GET //faqsupport/samplefaqsupport.php?path[docroot]=http://www.petechnologies.net///id1.txt? HTTP/1.1" 404 230 "-" "Mozilla/5.0"
211.236.242.164 - - [15/Jul/2009:07:17:23 -0400] "GET /logs//faqsupport/samplefaqsupport.php?path[docroot]=http://www.petechnologies.net///id1.txt? HTTP/1.1" 404 235 "-" "Mozilla/5.0"
211.236.242.164 - - [15/Jul/2009:07:17:23 -0400] "GET /logs/access_log.Q109063000//faqsupport/samplefaqsupport.php?path[docroot]=http://www.petechnologies.net///id1.txt? HTTP/1.1" 404 257 "-" "Mozilla/5.0"
123.143.98.5 - - [15/Jul/2009:07:17:37 -0400] "GET /logs/access_log.Q109070400//components/com_rss/conf.rss.php?mosConfig_absolute_path=http://www.usher.co.kr//bbs/data/.rgboard/id1.txt? HTTP/1.1" 404 257 "-" "Mozilla/5.0"
123.143.98.5 - - [15/Jul/2009:07:17:47 -0400] "GET /logs/access_log.Q109052800//components/com_rss/conf.rss.php?mosConfig_absolute_path=http://www.usher.co.kr//bbs/data/.rgboard/id1.txt? HTTP/1.1" 404 257 "-" "Mozilla/5.0"
211.236.242.164 - - [15/Jul/2009:07:17:51 -0400] "GET /logs/access_log.Q109052600//faqsupport/samplefaqsupport.php?path[docroot]=http://www.petechnologies.net///id1.txt? HTTP/1.1" 404 257 "-" "Mozilla/5.0"
66.249.68.70 - - [15/Jul/2009:07:19:11 -0400] "GET /images/ACE_EZ_PRP_sellsheet.pdf HTTP/1.1" 304 - "-" "Mozilla/5.0 (compatible; Googlebot/2.1; +http://www.google.com/bot.html)"
64.221.88.162 - - [15/Jul/2009:07:19:47 -0400] "GET /images/login_go.gif HTTP/1.1" 304 - "http://www.acesurgical.com/home.html" "Mozilla/4.0 (compatible; MSIE 7.0; Windows NT 5.1; GTB6; .NET CLR 1.1.4322)"
64.221.88.162 - - [15/Jul/2009:07:19:47 -0400] "GET /images/psearch_go.gif HTTP/1.1" 304 - "http://www.acesurgical.com/home.html" "Mozilla/4.0 (compatible; MSIE 7.0; Windows NT 5.1; GTB6; .NET CLR 1.1.4322)"
64.221.88.162 - - [15/Jul/2009:07:19:47 -0400] "GET /images/login_go-over.gif HTTP/1.1" 304 - "http://www.acesurgical.com/home.html" "Mozilla/4.0 (compatible; MSIE 7.0; Windows NT 5.1; GTB6; .NET CLR 1.1.4322)"
64.221.88.162 - - [15/Jul/2009:07:19:47 -0400] "GET /images/psearch_go-over.gif HTTP/1.1" 304 - "http://www.acesurgical.com/home.html" "Mozilla/4.0 (compatible; MSIE 7.0; Windows NT 5.1; GTB6; .NET CLR 1.1.4322)"
209.59.12.99 - - [15/Jul/2009:07:20:47 -0400] "GET / HTTP/1.0" 200 409 "-" "check_http/1.81 (nagios-plugins 1.4)"
133.5.67.143 - - [15/Jul/2009:07:21:51 -0400] "GET /logs/access_log.Q109053100//modules/errors.php?error=http://piffopuff.se/images/stories/id.jpg??? HTTP/1.1" 404 244 "-" "libwww-perl/5.805"
133.5.67.143 - - [15/Jul/2009:07:21:52 -0400] "GET //modules/errors.php?error=http://piffopuff.se/images/stories/id.jpg??? HTTP/1.1" 404 217 "-" "libwww-perl/5.805"
133.5.67.143 - - [15/Jul/2009:07:21:52 -0400] "GET /logs//modules/errors.php?error=http://piffopuff.se/images/stories/id.jpg??? HTTP/1.1" 404 222 "-" "libwww-perl/5.805"
123.143.98.5 - - [15/Jul/2009:07:23:09 -0400] "GET /logs/access_log.Q109052900//components/com_sef/sef.class.php?path=http://www.usher.co.kr//bbs/data/.rgboard/id1.txt? HTTP/1.1" 404 258 "-" "Mozilla/5.0"
123.143.98.5 - - [15/Jul/2009:07:23:09 -0400] "GET /logs//components/com_sef/sef.class.php?path=http://www.usher.co.kr//bbs/data/.rgboard/id1.txt? HTTP/1.1" 404 236 "-" "Mozilla/5.0"
123.143.98.5 - - [15/Jul/2009:07:23:09 -0400] "GET //components/com_sef/sef.class.php?path=http://www.usher.co.kr//bbs/data/.rgboard/id1.txt? HTTP/1.1" 404 231 "-" "Mozilla/5.0"
172.16.1.180 - - [15/Jul/2009:07:23:19 -0400] "OPTIONS / HTTP/1.1" 200 - "-" "Microsoft-WebDAV-MiniRedir/5.1.2600"
172.16.1.180 - - [15/Jul/2009:07:23:19 -0400] "PROPFIND /itemimages HTTP/1.1" 405 236 "-" "Microsoft-WebDAV-MiniRedir/5.1.2600"
172.16.1.180 - - [15/Jul/2009:07:23:19 -0400] "PROPFIND /itemimages HTTP/1.1" 405 236 "-" "Microsoft-WebDAV-MiniRedir/5.1.2600"
123.143.98.5 - - [15/Jul/2009:07:23:25 -0400] "GET //components/com_sef/sef.class.php?path=http://www.usher.co.kr//bbs/data/.rgboard/id1.txt? HTTP/1.1" 404 231 "-" "Mozilla/5.0"
123.143.98.5 - - [15/Jul/2009:07:23:25 -0400] "GET /logs//components/com_sef/sef.class.php?path=http://www.usher.co.kr//bbs/data/.rgboard/id1.txt? HTTP/1.1" 404 236 "-" "Mozilla/5.0"
123.143.98.5 - - [15/Jul/2009:07:23:25 -0400] "GET /logs/access_log.Q109052900//components/com_sef/sef.class.php?path=http://www.usher.co.kr//bbs/data/.rgboard/id1.txt? HTTP/1.1" 404 258 "-" "Mozilla/5.0"
211.236.242.164 - - [15/Jul/2009:07:23:36 -0400] "GET /logs/access_log.Q109063000//faqsupport/samplefaqsupport.php?path[docroot]=http://www.petechnologies.net///id1.txt? HTTP/1.1" 404 257 "-" "Mozilla/5.0"
211.236.242.164 - - [15/Jul/2009:07:23:36 -0400] "GET /logs//faqsupport/samplefaqsupport.php?path[docroot]=http://www.petechnologies.net///id1.txt? HTTP/1.1" 404 235 "-" "Mozilla/5.0"
211.236.242.164 - - [15/Jul/2009:07:23:36 -0400] "GET //faqsupport/samplefaqsupport.php?path[docroot]=http://www.petechnologies.net///id1.txt? HTTP/1.1" 404 230 "-" "Mozilla/5.0"
123.143.98.5 - - [15/Jul/2009:07:23:37 -0400] "GET /logs//components/com_sef/sef.class.php?path=http://www.usher.co.kr//bbs/data/.rgboard/id1.txt? HTTP/1.1" 404 236 "-" "Mozilla/5.0"
123.143.98.5 - - [15/Jul/2009:07:23:37 -0400] "GET //components/com_sef/sef.class.php?path=http://www.usher.co.kr//bbs/data/.rgboard/id1.txt? HTTP/1.1" 404 231 "-" "Mozilla/5.0"
123.143.98.5 - - [15/Jul/2009:07:23:37 -0400] "GET /logs/access_log.Q109052900%20%20//components/com_sef/sef.class.php?path=http://www.usher.co.kr//bbs/data/.rgboard/id1.txt? HTTP/1.1" 404 260 "-" "Mozilla/5.0"
211.236.242.164 - - [15/Jul/2009:07:24:20 -0400] "GET /logs/access_log.Q109052600//faqsupport/samplefaqsupport.php?path[docroot]=http://www.petechnologies.net///id1.txt? HTTP/1.1" 404 257 "-" "Mozilla/5.0"
172.16.1.180 - - [15/Jul/2009:07:25:16 -0400] "OPTIONS / HTTP/1.1" 200 - "-" "Microsoft-WebDAV-MiniRedir/5.1.2600"
172.16.1.180 - - [15/Jul/2009:07:25:16 -0400] "PROPFIND /itemimages HTTP/1.1" 405 236 "-" "Microsoft-WebDAV-MiniRedir/5.1.2600"
172.16.1.180 - - [15/Jul/2009:07:25:16 -0400] "PROPFIND /itemimages HTTP/1.1" 405 236 "-" "Microsoft-WebDAV-MiniRedir/5.1.2600"
75.145.152.113 - - [15/Jul/2009:07:25:21 -0400] "GET /convert/mvcw.php?step=1&vwar_root=http://www.newtech-bg.com/administrator/images/fx29id1.txt??? HTTP/1.1" 404 214 "-" "Mozilla/5.0"
75.145.152.113 - - [15/Jul/2009:07:25:21 -0400] "GET /logs/convert/mvcw.php?step=1&vwar_root=http://www.newtech-bg.com/administrator/images/fx29id1.txt??? HTTP/1.1" 404 219 "-" "Mozilla/5.0"
75.145.152.113 - - [15/Jul/2009:07:25:21 -0400] "GET /logs/access_log.Q109061100%20%20/convert/mvcw.php?step=1&vwar_root=http://www.newtech-bg.com/administrator/images/fx29id1.txt??? HTTP/1.1" 404 243 "-" "Mozilla/5.0"
209.59.12.99 - - [15/Jul/2009:07:25:43 -0400] "GET / HTTP/1.0" 200 409 "-" "check_http/1.81 (nagios-plugins 1.4)"
75.145.152.113 - - [15/Jul/2009:07:25:44 -0400] "GET /logs/access_log.Q109062100%20%20/convert/mvcw.php?step=1&vwar_root=http://www.newtech-bg.com/administrator/images/fx29id1.txt??? HTTP/1.1" 404 243 "-" "Mozilla/5.0"
123.143.98.5 - - [15/Jul/2009:07:25:53 -0400] "GET //components/com_sef/conf.sef.php?mosConfig_absolute_path=http://www.usher.co.kr//bbs/data/.rgboard/id1.txt? HTTP/1.1" 404 230 "-" "Mozilla/5.0"
123.143.98.5 - - [15/Jul/2009:07:25:53 -0400] "GET /logs//components/com_sef/conf.sef.php?mosConfig_absolute_path=http://www.usher.co.kr//bbs/data/.rgboard/id1.txt? HTTP/1.1" 404 235 "-" "Mozilla/5.0"
123.143.98.5 - - [15/Jul/2009:07:25:53 -0400] "GET /logs/access_log.Q109052900//components/com_sef/conf.sef.php?mosConfig_absolute_path=http://www.usher.co.kr//bbs/data/.rgboard/id1.txt? HTTP/1.1" 404 257 "-" "Mozilla/5.0"
123.143.98.5 - - [15/Jul/2009:07:26:37 -0400] "GET /logs/access_log.Q109060800%20%20//components/com_sef/sef.class.php?path=http://www.usher.co.kr//bbs/data/.rgboard/id1.txt? HTTP/1.1" 404 260 "-" "Mozilla/5.0"
172.16.1.180 - - [15/Jul/2009:07:27:09 -0400] "OPTIONS / HTTP/1.1" 200 - "-" "Microsoft-WebDAV-MiniRedir/5.1.2600"
172.16.1.180 - - [15/Jul/2009:07:27:09 -0400] "PROPFIND /itemimages HTTP/1.1" 405 236 "-" "Microsoft-WebDAV-MiniRedir/5.1.2600"
172.16.1.180 - - [15/Jul/2009:07:27:09 -0400] "PROPFIND /itemimages HTTP/1.1" 405 236 "-" "Microsoft-WebDAV-MiniRedir/5.1.2600"
202.125.45.45 - - [15/Jul/2009:07:27:12 -0400] "GET /logs/access_log.Q109051600/administrator/index3.php?mosConfig_absolute_path=http://www.mevabe.vn/cache/index.txt??? HTTP/1.1" 404 249 "-" "libwww-perl/5.805"
202.125.45.45 - - [15/Jul/2009:07:27:12 -0400] "GET /administrator/index3.php?mosConfig_absolute_path=http://www.mevabe.vn/cache/index.txt??? HTTP/1.1" 404 222 "-" "libwww-perl/5.805"
202.125.45.45 - - [15/Jul/2009:07:27:12 -0400] "GET /logs/administrator/index3.php?mosConfig_absolute_path=http://www.mevabe.vn/cache/index.txt??? HTTP/1.1" 404 227 "-" "libwww-perl/5.805"
202.125.45.45 - - [15/Jul/2009:07:27:13 -0400] "GET /logs/access_log.Q109061900/administrator/index3.php?mosConfig_absolute_path=http://www.mevabe.vn/cache/index.txt??? HTTP/1.1" 404 249 "-" "libwww-perl/5.805"
123.143.98.5 - - [15/Jul/2009:07:27:45 -0400] "GET /logs/access_log.Q109052900%20%20//components/com_sef/conf.sef.php?mosConfig_absolute_path=http://www.usher.co.kr//bbs/data/.rgboard/id1.txt? HTTP/1.1" 404 259 "-" "Mozilla/5.0"
133.5.67.143 - - [15/Jul/2009:07:28:02 -0400] "GET /logs/access_log.Q109070800//modules/errors.php?error=http://piffopuff.se/images/stories/id.jpg??? HTTP/1.1" 404 244 "-" "libwww-perl/5.805"
64.221.88.162 - - [15/Jul/2009:07:28:13 -0400] "GET /images/psearch_go.gif HTTP/1.1" 304 - "http://www.acesurgical.com/home.html" "Mozilla/4.0 (compatible; MSIE 6.0; Windows NT 5.1; SV1; GTB6; .NET CLR 2.0.50727)"
64.221.88.162 - - [15/Jul/2009:07:28:13 -0400] "GET /images/login_go.gif HTTP/1.1" 304 - "http://www.acesurgical.com/home.html" "Mozilla/4.0 (compatible; MSIE 6.0; Windows NT 5.1; SV1; GTB6; .NET CLR 2.0.50727)"
64.221.88.162 - - [15/Jul/2009:07:28:14 -0400] "GET /images/login_go-over.gif HTTP/1.1" 304 - "http://www.acesurgical.com/home.html" "Mozilla/4.0 (compatible; MSIE 6.0; Windows NT 5.1; SV1; GTB6; .NET CLR 2.0.50727)"
64.221.88.162 - - [15/Jul/2009:07:28:14 -0400] "GET /images/psearch_go-over.gif HTTP/1.1" 304 - "http://www.acesurgical.com/home.html" "Mozilla/4.0 (compatible; MSIE 6.0; Windows NT 5.1; SV1; GTB6; .NET CLR 2.0.50727)"
172.16.1.180 - - [15/Jul/2009:07:28:16 -0400] "OPTIONS / HTTP/1.1" 200 - "-" "Microsoft-WebDAV-MiniRedir/5.1.2600"
172.16.1.180 - - [15/Jul/2009:07:28:16 -0400] "PROPFIND /itemimages HTTP/1.1" 405 236 "-" "Microsoft-WebDAV-MiniRedir/5.1.2600"
172.16.1.180 - - [15/Jul/2009:07:28:16 -0400] "PROPFIND /itemimages HTTP/1.1" 405 236 "-" "Microsoft-WebDAV-MiniRedir/5.1.2600"
75.145.152.113 - - [15/Jul/2009:07:29:44 -0400] "GET /logs/access_log.Q109061100/convert/mvcw.php?step=1&vwar_root=http://www.newtech-bg.com/administrator/images/fx29id1.txt??? HTTP/1.1" 404 241 "-" "Mozilla/5.0"
75.145.152.113 - - [15/Jul/2009:07:29:53 -0400] "GET /logs/access_log.Q109062100/convert/mvcw.php?step=1&vwar_root=http://www.newtech-bg.com/administrator/images/fx29id1.txt??? HTTP/1.1" 404 241 "-" "Mozilla/5.0"
123.143.98.5 - - [15/Jul/2009:07:30:04 -0400] "GET /logs/access_log.Q109060800%20%20//components/com_sef/conf.sef.php?mosConfig_absolute_path=http://www.usher.co.kr//bbs/data/.rgboard/id1.txt? HTTP/1.1" 404 259 "-" "Mozilla/5.0"
59.22.140.17 - - [15/Jul/2009:07:30:23 -0400] "GET /logs/error_log.Q109060600%20//?_SERVER%5BDOCUMENT_ROOT%5D=http://for.caucasus.net/id.txt???? HTTP/1.1" 404 226 "-" "libwww-perl/5.79"
59.22.140.17 - - [15/Jul/2009:07:30:23 -0400] "GET //?_SERVER%5BDOCUMENT_ROOT%5D=http://for.caucasus.net/id.txt???? HTTP/1.1" 200 452 "-" "libwww-perl/5.79"
59.22.140.17 - - [15/Jul/2009:07:30:23 -0400] "GET /logs//?_SERVER%5BDOCUMENT_ROOT%5D=http://for.caucasus.net/id.txt???? HTTP/1.1" 200 9597 "-" "libwww-perl/5.79"
209.59.12.99 - - [15/Jul/2009:07:30:42 -0400] "GET / HTTP/1.0" 200 409 "-" "check_http/1.81 (nagios-plugins 1.4)"
84.158.189.108 - - [15/Jul/2009:07:31:36 -0400] "GET /images/psearch_go.gif HTTP/1.1" 304 - "http://www.acesurgical.com/products.html" "Mozilla/4.0 (compatible; MSIE 6.0; Windows NT 5.1; SV1; .NET CLR 1.1.4322; .NET CLR 2.0.50727)"
84.158.189.108 - - [15/Jul/2009:07:31:36 -0400] "GET /images/login_go.gif HTTP/1.1" 304 - "http://www.acesurgical.com/products.html" "Mozilla/4.0 (compatible; MSIE 6.0; Windows NT 5.1; SV1; .NET CLR 1.1.4322; .NET CLR 2.0.50727)"
84.158.189.108 - - [15/Jul/2009:07:31:38 -0400] "GET /images/psearch_go-over.gif HTTP/1.1" 304 - "http://www.acesurgical.com/products.html" "Mozilla/4.0 (compatible; MSIE 6.0; Windows NT 5.1; SV1; .NET CLR 1.1.4322; .NET CLR 2.0.50727)"
84.158.189.108 - - [15/Jul/2009:07:31:38 -0400] "GET /images/login_go-over.gif HTTP/1.1" 304 - "http://www.acesurgical.com/products.html" "Mozilla/4.0 (compatible; MSIE 6.0; Windows NT 5.1; SV1; .NET CLR 1.1.4322; .NET CLR 2.0.50727)"
84.158.189.108 - - [15/Jul/2009:07:32:08 -0400] "GET /cgi-bin/lansaweb?procfun+wordpr01+webfunc+M37 HTTP/1.1" 200 76277 "http://www.acesurgical.com/products.html" "Mozilla/4.0 (compatible; MSIE 6.0; Windows NT 5.1; SV1; .NET CLR 1.1.4322; .NET CLR 2.0.50727)"
84.158.189.108 - - [15/Jul/2009:07:32:10 -0400] "GET /images/head_aceLogo.gif HTTP/1.1" 200 984 "http://www.aceonlinestore.com/cgi-bin/lansaweb?procfun+wordpr01+webfunc+M37" "Mozilla/4.0 (compatible; MSIE 6.0; Windows NT 5.1; SV1; .NET CLR 1.1.4322; .NET CLR 2.0.50727)"
84.158.189.108 - - [15/Jul/2009:07:32:11 -0400] "GET /images/head_btn-shop.gif HTTP/1.1" 200 1970 "http://www.aceonlinestore.com/cgi-bin/lansaweb?procfun+wordpr01+webfunc+M37" "Mozilla/4.0 (compatible; MSIE 6.0; Windows NT 5.1; SV1; .NET CLR 1.1.4322; .NET CLR 2.0.50727)"
84.158.189.108 - - [15/Jul/2009:07:32:11 -0400] "GET /images/head_btn-products.gif HTTP/1.1" 200 1531 "http://www.aceonlinestore.com/cgi-bin/lansaweb?procfun+wordpr01+webfunc+M37" "Mozilla/4.0 (compatible; MSIE 6.0; Windows NT 5.1; SV1; .NET CLR 1.1.4322; .NET CLR 2.0.50727)"
84.158.189.108 - - [15/Jul/2009:07:32:11 -0400] "GET /images/head_btn-catalogs.gif HTTP/1.1" 200 1729 "http://www.aceonlinestore.com/cgi-bin/lansaweb?procfun+wordpr01+webfunc+M37" "Mozilla/4.0 (compatible; MSIE 6.0; Windows NT 5.1; SV1; .NET CLR 1.1.4322; .NET CLR 2.0.50727)"
84.158.189.108 - - [15/Jul/2009:07:32:12 -0400] "GET /images/head_btn-space1.gif HTTP/1.1" 200 5036 "http://www.aceonlinestore.com/cgi-bin/lansaweb?procfun+wordpr01+webfunc+M37" "Mozilla/4.0 (compatible; MSIE 6.0; Windows NT 5.1; SV1; .NET CLR 1.1.4322; .NET CLR 2.0.50727)"
84.158.189.108 - - [15/Jul/2009:07:32:12 -0400] "GET /images/head_btn-brochures.gif HTTP/1.1" 200 1768 "http://www.aceonlinestore.com/cgi-bin/lansaweb?procfun+wordpr01+webfunc+M37" "Mozilla/4.0 (compatible; MSIE 6.0; Windows NT 5.1; SV1; .NET CLR 1.1.4322; .NET CLR 2.0.50727)"
84.158.189.108 - - [15/Jul/2009:07:32:12 -0400] "GET /images/head_surgical-supply.gif HTTP/1.1" 200 764 "http://www.aceonlinestore.com/cgi-bin/lansaweb?procfun+wordpr01+webfunc+M37" "Mozilla/4.0 (compatible; MSIE 6.0; Windows NT 5.1; SV1; .NET CLR 1.1.4322; .NET CLR 2.0.50727)"
84.158.189.108 - - [15/Jul/2009:07:32:13 -0400] "GET /images/head_btn-aboutUs.gif HTTP/1.1" 200 1459 "http://www.aceonlinestore.com/cgi-bin/lansaweb?procfun+wordpr01+webfunc+M37" "Mozilla/4.0 (compatible; MSIE 6.0; Windows NT 5.1; SV1; .NET CLR 1.1.4322; .NET CLR 2.0.50727)"
84.158.189.108 - - [15/Jul/2009:07:32:13 -0400] "GET /images/head_btn-tutorials.gif HTTP/1.1" 200 1160 "http://www.aceonlinestore.com/cgi-bin/lansaweb?procfun+wordpr01+webfunc+M37" "Mozilla/4.0 (compatible; MSIE 6.0; Windows NT 5.1; SV1; .NET CLR 1.1.4322; .NET CLR 2.0.50727)"
84.158.189.108 - - [15/Jul/2009:07:32:13 -0400] "GET /images/head_btn-seminars.gif HTTP/1.1" 200 1250 "http://www.aceonlinestore.com/cgi-bin/lansaweb?procfun+wordpr01+webfunc+M37" "Mozilla/4.0 (compatible; MSIE 6.0; Windows NT 5.1; SV1; .NET CLR 1.1.4322; .NET CLR 2.0.50727)"
84.158.189.108 - - [15/Jul/2009:07:32:13 -0400] "GET /images/head_btn-conventions.gif HTTP/1.1" 200 1367 "http://www.aceonlinestore.com/cgi-bin/lansaweb?procfun+wordpr01+webfunc+M37" "Mozilla/4.0 (compatible; MSIE 6.0; Windows NT 5.1; SV1; .NET CLR 1.1.4322; .NET CLR 2.0.50727)"
84.158.189.108 - - [15/Jul/2009:07:32:14 -0400] "GET /images/head_btn-contactUs.gif HTTP/1.1" 200 1235 "http://www.aceonlinestore.com/cgi-bin/lansaweb?procfun+wordpr01+webfunc+M37" "Mozilla/4.0 (compatible; MSIE 6.0; Windows NT 5.1; SV1; .NET CLR 1.1.4322; .NET CLR 2.0.50727)"
84.158.189.108 - - [15/Jul/2009:07:32:14 -0400] "GET /images/head_btn-spacer2.gif HTTP/1.1" 200 2237 "http://www.aceonlinestore.com/cgi-bin/lansaweb?procfun+wordpr01+webfunc+M37" "Mozilla/4.0 (compatible; MSIE 6.0; Windows NT 5.1; SV1; .NET CLR 1.1.4322; .NET CLR 2.0.50727)"
84.158.189.108 - - [15/Jul/2009:07:32:14 -0400] "GET /images/blend.jpg HTTP/1.1" 200 405 "http://www.aceonlinestore.com/cgi-bin/lansaweb?procfun+wordpr01+webfunc+M37" "Mozilla/4.0 (compatible; MSIE 6.0; Windows NT 5.1; SV1; .NET CLR 1.1.4322; .NET CLR 2.0.50727)"
84.158.189.108 - - [15/Jul/2009:07:32:14 -0400] "GET /images/cat_dot.gif HTTP/1.1" 200 45 "http://www.aceonlinestore.com/cgi-bin/lansaweb?procfun+wordpr01+webfunc+M37" "Mozilla/4.0 (compatible; MSIE 6.0; Windows NT 5.1; SV1; .NET CLR 1.1.4322; .NET CLR 2.0.50727)"
84.158.189.108 - - [15/Jul/2009:07:32:14 -0400] "GET /images/cat_link.gif HTTP/1.1" 200 46 "http://www.aceonlinestore.com/cgi-bin/lansaweb?procfun+wordpr01+webfunc+M37" "Mozilla/4.0 (compatible; MSIE 6.0; Windows NT 5.1; SV1; .NET CLR 1.1.4322; .NET CLR 2.0.50727)"
84.158.189.108 - - [15/Jul/2009:07:32:15 -0400] "GET /images/cat_expand.gif HTTP/1.1" 200 79 "http://www.aceonlinestore.com/cgi-bin/lansaweb?procfun+wordpr01+webfunc+M37" "Mozilla/4.0 (compatible; MSIE 6.0; Windows NT 5.1; SV1; .NET CLR 1.1.4322; .NET CLR 2.0.50727)"
84.158.189.108 - - [15/Jul/2009:07:32:15 -0400] "GET /images/head_aceLogo-over.gif HTTP/1.1" 200 1296 "http://www.aceonlinestore.com/cgi-bin/lansaweb?procfun+wordpr01+webfunc+M37" "Mozilla/4.0 (compatible; MSIE 6.0; Windows NT 5.1; SV1; .NET CLR 1.1.4322; .NET CLR 2.0.50727)"
84.158.189.108 - - [15/Jul/2009:07:32:15 -0400] "GET /images/head_btn-shop-over.gif HTTP/1.1" 200 1473 "http://www.aceonlinestore.com/cgi-bin/lansaweb?procfun+wordpr01+webfunc+M37" "Mozilla/4.0 (compatible; MSIE 6.0; Windows NT 5.1; SV1; .NET CLR 1.1.4322; .NET CLR 2.0.50727)"
84.158.189.108 - - [15/Jul/2009:07:32:15 -0400] "GET /images/head_btn-products-over.gif HTTP/1.1" 200 1396 "http://www.aceonlinestore.com/cgi-bin/lansaweb?procfun+wordpr01+webfunc+M37" "Mozilla/4.0 (compatible; MSIE 6.0; Windows NT 5.1; SV1; .NET CLR 1.1.4322; .NET CLR 2.0.50727)"
84.158.189.108 - - [15/Jul/2009:07:32:15 -0400] "GET /images/head_btn-catalog-over.gif HTTP/1.1" 200 1354 "http://www.aceonlinestore.com/cgi-bin/lansaweb?procfun+wordpr01+webfunc+M37" "Mozilla/4.0 (compatible; MSIE 6.0; Windows NT 5.1; SV1; .NET CLR 1.1.4322; .NET CLR 2.0.50727)"
84.158.189.108 - - [15/Jul/2009:07:32:16 -0400] "GET /images/head_btn-brochures-over.gif HTTP/1.1" 200 1392 "http://www.aceonlinestore.com/cgi-bin/lansaweb?procfun+wordpr01+webfunc+M37" "Mozilla/4.0 (compatible; MSIE 6.0; Windows NT 5.1; SV1; .NET CLR 1.1.4322; .NET CLR 2.0.50727)"
84.158.189.108 - - [15/Jul/2009:07:32:16 -0400] "GET /images/head_btn-aboutUs-over.gif HTTP/1.1" 200 1156 "http://www.aceonlinestore.com/cgi-bin/lansaweb?procfun+wordpr01+webfunc+M37" "Mozilla/4.0 (compatible; MSIE 6.0; Windows NT 5.1; SV1; .NET CLR 1.1.4322; .NET CLR 2.0.50727)"
84.158.189.108 - - [15/Jul/2009:07:32:17 -0400] "GET /images/head_btn-tutorials-over.gif HTTP/1.1" 200 1097 "http://www.aceonlinestore.com/cgi-bin/lansaweb?procfun+wordpr01+webfunc+M37" "Mozilla/4.0 (compatible; MSIE 6.0; Windows NT 5.1; SV1; .NET CLR 1.1.4322; .NET CLR 2.0.50727)"
84.158.189.108 - - [15/Jul/2009:07:32:17 -0400] "GET /images/head_btn-seminars-over.gif HTTP/1.1" 200 1089 "http://www.aceonlinestore.com/cgi-bin/lansaweb?procfun+wordpr01+webfunc+M37" "Mozilla/4.0 (compatible; MSIE 6.0; Windows NT 5.1; SV1; .NET CLR 1.1.4322; .NET CLR 2.0.50727)"
84.158.189.108 - - [15/Jul/2009:07:32:17 -0400] "GET /images/head_btn-conventions-over.gif HTTP/1.1" 200 1195 "http://www.aceonlinestore.com/cgi-bin/lansaweb?procfun+wordpr01+webfunc+M37" "Mozilla/4.0 (compatible; MSIE 6.0; Windows NT 5.1; SV1; .NET CLR 1.1.4322; .NET CLR 2.0.50727)"
84.158.189.108 - - [15/Jul/2009:07:32:17 -0400] "GET /images/head_btn-contactUs-over.gif HTTP/1.1" 200 1110 "http://www.aceonlinestore.com/cgi-bin/lansaweb?procfun+wordpr01+webfunc+M37" "Mozilla/4.0 (compatible; MSIE 6.0; Windows NT 5.1; SV1; .NET CLR 1.1.4322; .NET CLR 2.0.50727)"
84.158.189.108 - - [15/Jul/2009:07:32:18 -0400] "GET /images/cat_collapse.gif HTTP/1.1" 200 76 "http://www.aceonlinestore.com/cgi-bin/lansaweb?procfun+wordpr01+webfunc+M37" "Mozilla/4.0 (compatible; MSIE 6.0; Windows NT 5.1; SV1; .NET CLR 1.1.4322; .NET CLR 2.0.50727)"
61.78.62.84 - - [15/Jul/2009:07:32:25 -0400] "GET /logs//?page=http://www.phosphor.se/components/idxx.txt??? HTTP/1.1" 200 9597 "-" "Mozilla/5.0"
61.78.62.84 - - [15/Jul/2009:07:32:25 -0400] "GET /logs/access_log.Q109051300//?page=http://www.phosphor.se/components/idxx.txt??? HTTP/1.1" 404 226 "-" "Mozilla/5.0"
61.78.62.84 - - [15/Jul/2009:07:32:25 -0400] "GET //?page=http://www.phosphor.se/components/idxx.txt??? HTTP/1.1" 200 452 "-" "Mozilla/5.0"
61.78.62.84 - - [15/Jul/2009:07:32:25 -0400] "GET /logs/access_log.Q109062400//?page=http://www.phosphor.se/components/idxx.txt??? HTTP/1.1" 404 226 "-" "Mozilla/5.0"
84.158.189.108 - - [15/Jul/2009:07:32:24 -0400] "POST /CGI-BIN/LANSAWEB?WEBEVENT+L014B85453A0428002751034+M37+ENG HTTP/1.1" 200 45265 "http://www.aceonlinestore.com/cgi-bin/lansaweb?procfun+wordpr01+webfunc+M37" "Mozilla/4.0 (compatible; MSIE 6.0; Windows NT 5.1; SV1; .NET CLR 1.1.4322; .NET CLR 2.0.50727)"
84.158.189.108 - - [15/Jul/2009:07:32:27 -0400] "GET /images/pf-a.gif HTTP/1.1" 200 798 "http://www.aceonlinestore.com/CGI-BIN/LANSAWEB?WEBEVENT+L014B85453A0428002751034+M37+ENG" "Mozilla/4.0 (compatible; MSIE 6.0; Windows NT 5.1; SV1; .NET CLR 1.1.4322; .NET CLR 2.0.50727)"
84.158.189.108 - - [15/Jul/2009:07:32:27 -0400] "GET /images/space.gif HTTP/1.1" 200 43 "http://www.aceonlinestore.com/CGI-BIN/LANSAWEB?WEBEVENT+L014B85453A0428002751034+M37+ENG" "Mozilla/4.0 (compatible; MSIE 6.0; Windows NT 5.1; SV1; .NET CLR 1.1.4322; .NET CLR 2.0.50727)"
61.78.62.84 - - [15/Jul/2009:07:32:35 -0400] "GET /logs/access_log.Q109062400//?page=http://www.phosphor.se/components/idxx.txt??? HTTP/1.1" 404 226 "-" "Mozilla/5.0"
61.78.62.84 - - [15/Jul/2009:07:32:35 -0400] "GET /logs//?page=http://www.phosphor.se/components/idxx.txt??? HTTP/1.1" 200 9597 "-" "Mozilla/5.0"
61.78.62.84 - - [15/Jul/2009:07:32:35 -0400] "GET //?page=http://www.phosphor.se/components/idxx.txt??? HTTP/1.1" 200 452 "-" "Mozilla/5.0"
61.78.62.84 - - [15/Jul/2009:07:32:35 -0400] "GET /logs/access_log.Q109051300//?page=http://www.phosphor.se/components/idxx.txt??? HTTP/1.1" 404 226 "-" "Mozilla/5.0"
84.158.189.108 - - [15/Jul/2009:07:32:45 -0400] "POST /CGI-BIN/LANSAWEB?WEBEVENT+L014B85453A0428002751034+M37+ENG HTTP/1.1" 200 55961 "http://www.aceonlinestore.com/cgi-bin/lansaweb?procfun+wordpr01+webfunc+M37" "Mozilla/4.0 (compatible; MSIE 6.0; Windows NT 5.1; SV1; .NET CLR 1.1.4322; .NET CLR 2.0.50727)"
84.158.189.108 - - [15/Jul/2009:07:32:47 -0400] "GET /images/items/3105205_THUMB.JPG HTTP/1.1" 200 2549 "http://www.aceonlinestore.com/CGI-BIN/LANSAWEB?WEBEVENT+L014B85453A0428002751034+M37+ENG" "Mozilla/4.0 (compatible; MSIE 6.0; Windows NT 5.1; SV1; .NET CLR 1.1.4322; .NET CLR 2.0.50727)"
84.158.189.108 - - [15/Jul/2009:07:32:47 -0400] "GET /images/items/3001012_THUMB.JPG HTTP/1.1" 200 2548 "http://www.aceonlinestore.com/CGI-BIN/LANSAWEB?WEBEVENT+L014B85453A0428002751034+M37+ENG" "Mozilla/4.0 (compatible; MSIE 6.0; Windows NT 5.1; SV1; .NET CLR 1.1.4322; .NET CLR 2.0.50727)"
84.158.189.108 - - [15/Jul/2009:07:32:47 -0400] "GET /images/items/3005117_THUMB.JPG HTTP/1.1" 200 2833 "http://www.aceonlinestore.com/CGI-BIN/LANSAWEB?WEBEVENT+L014B85453A0428002751034+M37+ENG" "Mozilla/4.0 (compatible; MSIE 6.0; Windows NT 5.1; SV1; .NET CLR 1.1.4322; .NET CLR 2.0.50727)"
84.158.189.108 - - [15/Jul/2009:07:32:48 -0400] "GET /images/items/3005109_THUMB.JPG HTTP/1.1" 200 2686 "http://www.aceonlinestore.com/CGI-BIN/LANSAWEB?WEBEVENT+L014B85453A0428002751034+M37+ENG" "Mozilla/4.0 (compatible; MSIE 6.0; Windows NT 5.1; SV1; .NET CLR 1.1.4322; .NET CLR 2.0.50727)"
61.78.62.84 - - [15/Jul/2009:07:33:00 -0400] "GET /logs//?page=http://www.phosphor.se/components/idxx.txt??? HTTP/1.1" 200 9597 "-" "Mozilla/5.0"
61.78.62.84 - - [15/Jul/2009:07:33:00 -0400] "GET //?page=http://www.phosphor.se/components/idxx.txt??? HTTP/1.1" 200 452 "-" "Mozilla/5.0"
61.78.62.84 - - [15/Jul/2009:07:33:00 -0400] "GET /logs/access_log.Q109062400%20%20//?page=http://www.phosphor.se/components/idxx.txt??? HTTP/1.1" 404 228 "-" "Mozilla/5.0"
61.78.62.84 - - [15/Jul/2009:07:33:07 -0400] "GET //?page=http://www.phosphor.se/components/idxx.txt??? HTTP/1.1" 200 452 "-" "Mozilla/5.0"
61.78.62.84 - - [15/Jul/2009:07:33:07 -0400] "GET /logs//?page=http://www.phosphor.se/components/idxx.txt??? HTTP/1.1" 200 9597 "-" "Mozilla/5.0"
61.78.62.84 - - [15/Jul/2009:07:33:09 -0400] "GET /logs/access_log.Q109062400%20%20//?page=http://www.phosphor.se/components/idxx.txt??? HTTP/1.1" 404 228 "-" "Mozilla/5.0"
61.78.62.84 - - [15/Jul/2009:07:33:10 -0400] "GET /logs/access_log.Q109051300%20%20//?page=http://www.phosphor.se/components/idxx.txt??? HTTP/1.1" 404 228 "-" "Mozilla/5.0"
61.78.62.84 - - [15/Jul/2009:07:33:18 -0400] "GET /logs/access_log.Q109051300%20%20//?page=http://www.phosphor.se/components/idxx.txt??? HTTP/1.1" 404 228 "-" "Mozilla/5.0"
84.158.189.108 - - [15/Jul/2009:07:33:31 -0400] "POST /CGI-BIN/LANSAWEB?WEBEVENT+L014B85453A0428002751034+M37+ENG HTTP/1.1" 200 49084 "http://www.aceonlinestore.com/cgi-bin/lansaweb?procfun+wordpr01+webfunc+M37" "Mozilla/4.0 (compatible; MSIE 6.0; Windows NT 5.1; SV1; .NET CLR 1.1.4322; .NET CLR 2.0.50727)"
84.158.189.108 - - [15/Jul/2009:07:33:34 -0400] "GET /images/items/0501220_THUMB.JPG HTTP/1.1" 200 1923 "http://www.aceonlinestore.com/CGI-BIN/LANSAWEB?WEBEVENT+L014B85453A0428002751034+M37+ENG" "Mozilla/4.0 (compatible; MSIE 6.0; Windows NT 5.1; SV1; .NET CLR 1.1.4322; .NET CLR 2.0.50727)"
84.158.189.108 - - [15/Jul/2009:07:33:34 -0400] "GET /images/items/0602046_THUMB.JPG HTTP/1.1" 200 2626 "http://www.aceonlinestore.com/CGI-BIN/LANSAWEB?WEBEVENT+L014B85453A0428002751034+M37+ENG" "Mozilla/4.0 (compatible; MSIE 6.0; Windows NT 5.1; SV1; .NET CLR 1.1.4322; .NET CLR 2.0.50727)"
58.103.114.5 - - [15/Jul/2009:07:33:35 -0400] "GET /logs/access_log.Q109051300//?_SERVER%5BDOCUMENT_ROOT%5D=http://for.caucasus.net/id.txt???? HTTP/1.1" 404 226 "-" "libwww-perl/5.65"
58.103.114.5 - - [15/Jul/2009:07:33:35 -0400] "GET /logs//?_SERVER%5BDOCUMENT_ROOT%5D=http://for.caucasus.net/id.txt???? HTTP/1.1" 200 9597 "-" "libwww-perl/5.65"
58.103.114.5 - - [15/Jul/2009:07:33:35 -0400] "GET //?_SERVER%5BDOCUMENT_ROOT%5D=http://for.caucasus.net/id.txt???? HTTP/1.1" 200 452 "-" "libwww-perl/5.65"
84.158.189.108 - - [15/Jul/2009:07:33:49 -0400] "POST /CGI-BIN/LANSAWEB?WEBEVENT+L014B85453A0428002751034+M37+ENG HTTP/1.1" 200 52859 "http://www.aceonlinestore.com/cgi-bin/lansaweb?procfun+wordpr01+webfunc+M37" "Mozilla/4.0 (compatible; MSIE 6.0; Windows NT 5.1; SV1; .NET CLR 1.1.4322; .NET CLR 2.0.50727)"
118.129.166.129 - - [15/Jul/2009:07:33:49 -0400] "GET //?_SERVER%5BDOCUMENT_ROOT%5D=http://for.caucasus.net/id.txt???? HTTP/1.1" 200 452 "-" "libwww-perl/5.79"
118.129.166.129 - - [15/Jul/2009:07:33:49 -0400] "GET /logs/access_log.Q109050800//?_SERVER%5BDOCUMENT_ROOT%5D=http://for.caucasus.net/id.txt???? HTTP/1.1" 404 226 "-" "libwww-perl/5.79"
118.129.166.129 - - [15/Jul/2009:07:33:50 -0400] "GET /logs//?_SERVER%5BDOCUMENT_ROOT%5D=http://for.caucasus.net/id.txt???? HTTP/1.1" 200 9597 "-" "libwww-perl/5.79"
59.22.140.17 - - [15/Jul/2009:07:33:51 -0400] "GET /logs/access_log.Q109061100//?_SERVER%5BDOCUMENT_ROOT%5D=http://for.caucasus.net/id.txt???? HTTP/1.1" 404 226 "-" "libwww-perl/5.79"
59.22.140.17 - - [15/Jul/2009:07:33:51 -0400] "GET //?_SERVER%5BDOCUMENT_ROOT%5D=http://for.caucasus.net/id.txt???? HTTP/1.1" 200 452 "-" "libwww-perl/5.79"
59.22.140.17 - - [15/Jul/2009:07:33:51 -0400] "GET /logs//?_SERVER%5BDOCUMENT_ROOT%5D=http://for.caucasus.net/id.txt???? HTTP/1.1" 200 9597 "-" "libwww-perl/5.79"
84.158.189.108 - - [15/Jul/2009:07:33:51 -0400] "GET /images/items/1000204_THUMB.JPG HTTP/1.1" 200 1901 "http://www.aceonlinestore.com/CGI-BIN/LANSAWEB?WEBEVENT+L014B85453A0428002751034+M37+ENG" "Mozilla/4.0 (compatible; MSIE 6.0; Windows NT 5.1; SV1; .NET CLR 1.1.4322; .NET CLR 2.0.50727)"
84.158.189.108 - - [15/Jul/2009:07:33:51 -0400] "GET /images/items/1000205_THUMB.JPG HTTP/1.1" 200 2008 "http://www.aceonlinestore.com/CGI-BIN/LANSAWEB?WEBEVENT+L014B85453A0428002751034+M37+ENG" "Mozilla/4.0 (compatible; MSIE 6.0; Windows NT 5.1; SV1; .NET CLR 1.1.4322; .NET CLR 2.0.50727)"
84.158.189.108 - - [15/Jul/2009:07:33:52 -0400] "GET /images/items/1000206_THUMB.JPG HTTP/1.1" 200 2023 "http://www.aceonlinestore.com/CGI-BIN/LANSAWEB?WEBEVENT+L014B85453A0428002751034+M37+ENG" "Mozilla/4.0 (compatible; MSIE 6.0; Windows NT 5.1; SV1; .NET CLR 1.1.4322; .NET CLR 2.0.50727)"
84.158.189.108 - - [15/Jul/2009:07:33:52 -0400] "GET /images/items/1000203_THUMB.JPG HTTP/1.1" 200 1869 "http://www.aceonlinestore.com/CGI-BIN/LANSAWEB?WEBEVENT+L014B85453A0428002751034+M37+ENG" "Mozilla/4.0 (compatible; MSIE 6.0; Windows NT 5.1; SV1; .NET CLR 1.1.4322; .NET CLR 2.0.50727)"
66.249.68.70 - - [15/Jul/2009:07:34:04 -0400] "GET /images/items/index4_bur_over.jpg HTTP/1.1" 200 1668 "-" "Googlebot-Image/1.0"
118.129.166.129 - - [15/Jul/2009:07:34:04 -0400] "GET /logs/access_log.Q109051300//?_SERVER%5BDOCUMENT_ROOT%5D=http://for.caucasus.net/id.txt???? HTTP/1.1" 404 226 "-" "libwww-perl/5.79"
84.158.189.108 - - [15/Jul/2009:07:34:04 -0400] "POST /CGI-BIN/LANSAWEB?WEBEVENT+L014B85453A0428002751034+M37+ENG HTTP/1.1" 200 50969 "http://www.aceonlinestore.com/cgi-bin/lansaweb?procfun+wordpr01+webfunc+M37" "Mozilla/4.0 (compatible; MSIE 6.0; Windows NT 5.1; SV1; .NET CLR 1.1.4322; .NET CLR 2.0.50727)"
84.158.189.108 - - [15/Jul/2009:07:34:06 -0400] "GET /images/items/2002145_THUMB.JPG HTTP/1.1" 200 1469 "http://www.aceonlinestore.com/CGI-BIN/LANSAWEB?WEBEVENT+L014B85453A0428002751034+M37+ENG" "Mozilla/4.0 (compatible; MSIE 6.0; Windows NT 5.1; SV1; .NET CLR 1.1.4322; .NET CLR 2.0.50727)"
84.158.189.108 - - [15/Jul/2009:07:34:06 -0400] "GET /images/items/2002146_THUMB.JPG HTTP/1.1" 200 1590 "http://www.aceonlinestore.com/CGI-BIN/LANSAWEB?WEBEVENT+L014B85453A0428002751034+M37+ENG" "Mozilla/4.0 (compatible; MSIE 6.0; Windows NT 5.1; SV1; .NET CLR 1.1.4322; .NET CLR 2.0.50727)"
